Jul 10 12:09:57 mas01 dhcpd[31227]: execute_statement argv[5] = 0:25:b5:a0:0:4a
Jul 10 12:09:57 mas01 dhcpd[31227]: execute_statement argv[6] = --ip-family
Jul 10 12:09:57 mas01 dhcpd[31227]: execute_statement argv[7] = ipv4
Jul 10 12:09:57 mas01 dhcpd[31227]: execute_statement argv[8] = --ip
Jul 10 12:09:57 mas01 dhcpd[31227]: execute_statement argv[9] = 192.168.11.48
Jul 10 12:09:57 mas01 dhcpd[31227]: execute_statement argv[10] = --lease-time
Jul 10 12:09:57 mas01 dhcpd[31227]: execute_statement argv[11] = 30
Jul 10 12:09:57 mas01 dhcpd[31227]: execute_statement argv[12] = --hostname
Jul 10 12:09:57 mas01 dhcpd[31227]: execute_statement argv[13] = (none)
Jul 10 12:09:57 mas01 dhcpd[31227]: execute_statement argv[14] = --socket
Jul 10 12:09:57 mas01 dhcpd[31227]: execute_statement argv[15] = /var/lib/maas/dhcpd.sock
Jul 10 12:09:57 mas01 dhcpd[31227]: DHCPREQUEST for 192.168.11.48 (192.168.11.3) from 00:25:b5:a0:00:4a via ens5
Jul 10 12:09:57 mas01 dhcpd[31227]: DHCPACK on 192.168.11.48 to 00:25:b5:a0:00:4a via ens5
Jul 10 12:09:57 mas01 sh[27349]: 2018-07-10 12:09:57 provisioningserver.rackdservices.tftp: [info] pxelinux.0 requested by 00:25:b5:a0:00:4a
Jul 10 12:09:57 mas01 sh[27888]: 2018-07-10 12:09:57 maasserver.rpc.leases: [info] Lease update: commit for 192.168.11.48 on 0:25:b5:a0:0:4a at 2018-07-10 12:09:57 (lease time: 30s)
Jul 10 12:09:57 mas01 sh[27349]: 2018-07-10 12:09:57 provisioningserver.rackdservices.tftp: [info] pxelinux.0 requested by 00:25:b5:a0:00:4a
Jul 10 12:09:57 mas01 sh[27349]: 2018-07-10 12:09:57 provisioningserver.rackdservices.tftp: [info] ldlinux.c32 requested by 00:25:b5:a0:00:4a
Jul 10 12:09:57 mas01 sh[27349]: 2018-07-10 12:09:57 provisioningserver.rackdservices.tftp: [info] pxelinux.cfg/f0c9cf06-d8ce-11e4-0000-10000000004f requested by 00:25:b5:a0:00:4a
Jul 10 12:09:57 mas01 sh[27349]: 2018-07-10 12:09:57 provisioningserver.rackdservices.tftp: [info] pxelinux.cfg/01-00-25-b5-a0-00-4a requested by 00:25:b5:a0:00:4a
Jul 10 12:09:57 mas01 sh[27349]: 2018-07-10 12:09:57 provisioningserver.rackdservices.tftp: [info] pxelinux.cfg/01-00-25-b5-a0-00-4a requested by 00:25:b5:a0:00:4a
Jul 10 12:09:57 mas01 sh[27349]: 2018-07-10 12:09:57 provisioningserver.rackdservices.tftp: [info] ubuntu/amd64/hwe-16.04/xenial/daily/boot-kernel requested by 00:25:b5:a0:00:4a
Jul 10 12:09:57 mas01 dhcpd[31227]: DHCPOFFER on 192.168.11.45 to 00:25:b5:a0:00:3a via ens5
Jul 10 12:09:59 mas01 sh[27349]: 2018-07-10 12:09:59 provisioningserver.rackdservices.tftp: [info] ubuntu/amd64/hwe-16.04/xenial/daily/boot-initrd requested by 00:25:b5:a0:00:4a
Jul 10 12:10:00 mas01 dhcpd[31227]: DHCPDISCOVER from 52:54:00:c0:74:f7 via ens5
Jul 10 12:10:00 mas01 dhcpd[31227]: DHCPOFFER on 192.168.11.3 to 52:54:00:c0:74:f7 via ens5
Jul 10 12:10:00 mas01 dhcpd[31227]: execute_statement argv[0] = /usr/sbin/maas-dhcp-helper
Jul 10 12:10:00 mas01 dhcpd[31227]: execute_statement argv[1] = notify
Jul 10 12:10:00 mas01 dhcpd[31227]: execute_statement argv[2] = --action
Jul 10 12:10:00 mas01 dhcpd[31227]: execute_statement argv[3] = commit
Jul 10 12:10:00 mas01 dhcpd[31227]: execute_statement argv[4] = --mac
Jul 10 12:10:00 mas01 dhcpd[31227]: execute_statement argv[5] = 0:25:b5:a0:0:3a
Jul 10 12:10:00 mas01 dhcpd[31227]: execute_statement argv[6] = --ip-family
Jul 10 12:10:00 mas01 dhcpd[31227]: execute_statement argv[7] = ipv4
Jul 10 12:10:00 mas01 dhcpd[31227]: execute_statement argv[8] = --ip
Jul 10 12:10:00 mas01 dhcpd[31227]: execute_statement argv[9] = 192.168.11.45
Jul 10 12:10:00 mas01 dhcpd[31227]: execute_statement argv[10] = --lease-time
Jul 10 12:10:00 mas01 dhcpd[31227]: execute_statement argv[11] = 30
Jul 10 12:10:00 mas01 dhcpd[31227]: execute_statement argv[12] = --hostname
Jul 10 12:10:00 mas01 dhcpd[31227]: execute_statement argv[13] = (none)
Jul 10 12:10:00 mas01 dhcpd[31227]: execute_statement argv[14] = --socket
Jul 10 12:10:00 mas01 dhcpd[31227]: execute_statement argv[15] = /var/lib/maas/dhcpd.sock
Jul 10 12:10:00 mas01 sh[27892]: 2018-07-10 12:10:00 maasserver.rpc.leases: [info] Lease update: commit for 192.168.11.45 on 0:25:b5:a0:0:3a at 2018-07-10 12:10:00 (lease time: 30s)
Jul 10 12:10:00 mas01 dhcpd[31227]: DHCPREQUEST for 192.168.11.45 (192.168.11.3) from 00:25:b5:a0:00:3a via ens5
Jul 10 12:10:00 mas01 dhcpd[31227]: DHCPACK on 192.168.11.45 to 00:25:b5:a0:00:3a via ens5
Jul 10 12:10:00 mas01 sh[27349]: 2018-07-10 12:10:00 provisioningserver.rackdservices.tftp: [info] pxelinux.0 requested by 00:25:b5:a0:00:3a
Jul 10 12:10:00 mas01 sh[27349]: 2018-07-10 12:10:00 provisioningserver.rackdservices.tftp: [info] pxelinux.0 requested by 00:25:b5:a0:00:3a
Jul 10 12:10:00 mas01 sh[27349]: 2018-07-10 12:10:00 provisioningserver.rackdservices.tftp: [info] ldlinux.c32 requested by 00:25:b5:a0:00:3a
Jul 10 12:10:00 mas01 sh[27349]: 2018-07-10 12:10:00 provisioningserver.rackdservices.tftp: [info] pxelinux.cfg/f0c9cf06-d8ce-11e4-0000-10000000007f requested by 00:25:b5:a0:00:3a
Jul 10 12:10:01 mas01 sh[27349]: 2018-07-10 12:10:01 provisioningserver.rackdservices.tftp: [info] pxelinux.cfg/01-00-25-b5-a0-00-3a requested by 00:25:b5:a0:00:3a
Jul 10 12:10:01 mas01 sh[27349]: 2018-07-10 12:10:01 provisioningserver.rackdservices.tftp: [info] ubuntu/amd64/hwe-16.04/xenial/daily/boot-kernel requested by 00:25:b5:a0:00:3a
Jul 10 12:10:01 mas01 ntpd[28482]: Soliciting pool server 91.189.94.4
Jul 10 12:10:03 mas01 sh[27349]: 2018-07-10 12:10:03 provisioningserver.rackdservices.tftp: [info] ubuntu/amd64/hwe-16.04/xenial/daily/boot-initrd requested by 00:25:b5:a0:00:3a
Jul 10 12:10:03 mas01 salt-minion[1367]: [INFO    ] User sudo_ubuntu Executing command state.apply with jid 20180710121003326120
Jul 10 12:10:03 mas01 salt-minion[1367]: [INFO    ] Starting a new job with PID 32012
Jul 10 12:10:05 mas01 salt-minion[1367]: [INFO    ] Loading fresh modules for state activity
Jul 10 12:10:05 mas01 salt-minion[1367]: [INFO    ] Running state [maas-region apikey --username opnfv > /var/lib/maas/.maas_credentials] at time 12:10:05.313601
Jul 10 12:10:05 mas01 salt-minion[1367]: [INFO    ] Executing state cmd.run for maas-region apikey --username opnfv > /var/lib/maas/.maas_credentials
Jul 10 12:10:05 mas01 salt-minion[1367]: [INFO    ] Executing command 'maas-region apikey --username opnfv > /var/lib/maas/.maas_credentials' in directory '/root'
Jul 10 12:10:06 mas01 salt-minion[1367]: [INFO    ] {'pid': 32020, 'retcode': 0, 'stderr': '', 'stdout': ''}
Jul 10 12:10:06 mas01 salt-minion[1367]: [INFO    ] Completed state [maas-region apikey --username opnfv > /var/lib/maas/.maas_credentials] at time 12:10:06.828581 duration_in_ms=1514.98
Jul 10 12:10:06 mas01 salt-minion[1367]: [INFO    ] Running state [maas.machines_status] at time 12:10:06.831492
Jul 10 12:10:06 mas01 salt-minion[1367]: [INFO    ] Executing state module.run for maas.machines_status
Jul 10 12:10:07 mas01 salt-minion[1367]: [INFO    ] {'ret': {'machines': [{'status': 'Deploying', 'hostname': u'cmp002', 'system_id': u'hf7xn6'}, {'status': 'Deploying', 'hostname': u'cmp001', 'system_id': u't7fdww'}, {'status': 'Deploying', 'hostname': u'kvm01', 'system_id': u'rpe37a'}, {'status': 'Deploying', 'hostname': u'kvm03', 'system_id': u'm4c3hx'}, {'status': 'Deploying', 'hostname': u'kvm02', 'system_id': u'6gqd3m'}], 'summary': Counter({'Deploying': 5})}}
Jul 10 12:10:07 mas01 salt-minion[1367]: [INFO    ] Completed state [maas.machines_status] at time 12:10:07.424259 duration_in_ms=592.766
Jul 10 12:10:07 mas01 salt-minion[1367]: [INFO    ] Returning information for job: 20180710121003326120
Jul 10 12:10:12 mas01 dhcpd[31227]: DHCPDISCOVER from 00:25:b5:a0:00:6a via ens5
Jul 10 12:10:12 mas01 dhcpd[31227]: DHCPOFFER on 192.168.11.44 to 00:25:b5:a0:00:6a (cmp002) via ens5
Jul 10 12:10:12 mas01 dhcpd[31227]: execute_statement argv[0] = /usr/sbin/maas-dhcp-helper
Jul 10 12:10:12 mas01 dhcpd[31227]: execute_statement argv[1] = notify
Jul 10 12:10:12 mas01 dhcpd[31227]: execute_statement argv[2] = --action
Jul 10 12:10:12 mas01 dhcpd[31227]: execute_statement argv[3] = commit
Jul 10 12:10:12 mas01 dhcpd[31227]: execute_statement argv[4] = --mac
Jul 10 12:10:12 mas01 dhcpd[31227]: execute_statement argv[5] = 0:25:b5:a0:0:6a
Jul 10 12:10:12 mas01 dhcpd[31227]: execute_statement argv[6] = --ip-family
Jul 10 12:10:12 mas01 dhcpd[31227]: execute_statement argv[7] = ipv4
Jul 10 12:10:12 mas01 dhcpd[31227]: execute_statement argv[8] = --ip
Jul 10 12:10:12 mas01 dhcpd[31227]: execute_statement argv[9] = 192.168.11.44
Jul 10 12:10:12 mas01 dhcpd[31227]: execute_statement argv[10] = --lease-time
Jul 10 12:10:12 mas01 dhcpd[31227]: execute_statement argv[11] = 600
Jul 10 12:10:12 mas01 dhcpd[31227]: execute_statement argv[12] = --hostname
Jul 10 12:10:12 mas01 dhcpd[31227]: execute_statement argv[13] = cmp002
Jul 10 12:10:12 mas01 dhcpd[31227]: execute_statement argv[14] = --socket
Jul 10 12:10:12 mas01 dhcpd[31227]: execute_statement argv[15] = /var/lib/maas/dhcpd.sock
Jul 10 12:10:12 mas01 sh[28371]: 2018-07-10 12:10:12 regiond: [info] 127.0.0.1 GET /MAAS/rpc/ HTTP/1.0 --> 200 OK (referrer: -; agent: provisioningserver.rpc.clusterservice.ClusterClientService)
Jul 10 12:10:12 mas01 dhcpd[31227]: DHCPREQUEST for 192.168.11.44 (192.168.11.3) from 00:25:b5:a0:00:6a (cmp002) via ens5
Jul 10 12:10:12 mas01 dhcpd[31227]: DHCPACK on 192.168.11.44 to 00:25:b5:a0:00:6a (cmp002) via ens5
Jul 10 12:10:12 mas01 dhcpd[31227]: DHCPDISCOVER from 00:25:b5:a0:00:5a via ens5
Jul 10 12:10:12 mas01 dhcpd[31227]: DHCPOFFER on 192.168.11.46 to 00:25:b5:a0:00:5a (cmp001) via ens5
Jul 10 12:10:12 mas01 dhcpd[31227]: execute_statement argv[0] = /usr/sbin/maas-dhcp-helper
Jul 10 12:10:12 mas01 dhcpd[31227]: execute_statement argv[1] = notify
Jul 10 12:10:12 mas01 dhcpd[31227]: execute_statement argv[2] = --action
Jul 10 12:10:12 mas01 dhcpd[31227]: execute_statement argv[3] = commit
Jul 10 12:10:12 mas01 dhcpd[31227]: execute_statement argv[4] = --mac
Jul 10 12:10:12 mas01 dhcpd[31227]: execute_statement argv[5] = 0:25:b5:a0:0:5a
Jul 10 12:10:12 mas01 dhcpd[31227]: execute_statement argv[6] = --ip-family
Jul 10 12:10:12 mas01 dhcpd[31227]: execute_statement argv[7] = ipv4
Jul 10 12:10:12 mas01 dhcpd[31227]: execute_statement argv[8] = --ip
Jul 10 12:10:12 mas01 dhcpd[31227]: execute_statement argv[9] = 192.168.11.46
Jul 10 12:10:12 mas01 dhcpd[31227]: execute_statement argv[10] = --lease-time
Jul 10 12:10:12 mas01 dhcpd[31227]: execute_statement argv[11] = 600
Jul 10 12:10:12 mas01 dhcpd[31227]: execute_statement argv[12] = --hostname
Jul 10 12:10:12 mas01 dhcpd[31227]: execute_statement argv[13] = cmp001
Jul 10 12:10:12 mas01 dhcpd[31227]: execute_statement argv[14] = --socket
Jul 10 12:10:12 mas01 dhcpd[31227]: execute_statement argv[15] = /var/lib/maas/dhcpd.sock
Jul 10 12:10:12 mas01 sh[27892]: 2018-07-10 12:10:12 maasserver.rpc.leases: [info] Lease update: commit for 192.168.11.44 on 0:25:b5:a0:0:6a at 2018-07-10 12:10:12 (lease time: 600s) (hostname: cmp002)
Jul 10 12:10:12 mas01 dhcpd[31227]: DHCPREQUEST for 192.168.11.46 (192.168.11.3) from 00:25:b5:a0:00:5a (cmp001) via ens5
Jul 10 12:10:12 mas01 dhcpd[31227]: DHCPACK on 192.168.11.46 to 00:25:b5:a0:00:5a (cmp001) via ens5
Jul 10 12:10:12 mas01 sh[27888]: 2018-07-10 12:10:12 maasserver.rpc.leases: [info] Lease update: commit for 192.168.11.46 on 0:25:b5:a0:0:5a at 2018-07-10 12:10:12 (lease time: 600s) (hostname: cmp001)
Jul 10 12:10:12 mas01 sh[27349]: 2018-07-10 12:10:12 provisioningserver.dhcp.detect: [info] External DHCP server(s) discovered on interface 'ens3': 10.20.0.1
Jul 10 12:10:12 mas01 sh[27349]: 2018-07-10 12:10:12 provisioningserver.rackdservices.dhcp_probe_service: [info] External DHCP probe complete.
Jul 10 12:10:13 mas01 sh[27349]: 2018-07-10 12:10:13 rackd: [info] 192.168.11.44 GET /images/ubuntu/amd64/hwe-16.04/xenial/daily/squashfs HTTP/1.1 --> 200 OK (referrer: -; agent: Wget)
Jul 10 12:10:13 mas01 sh[27349]: 2018-07-10 12:10:13 rackd: [info] 192.168.11.46 GET /images/ubuntu/amd64/hwe-16.04/xenial/daily/squashfs HTTP/1.1 --> 200 OK (referrer: -; agent: Wget)
Jul 10 12:10:16 mas01 sh[27900]: 2018-07-10 12:10:16 regiond: [info] 192.168.11.44 GET /MAAS/metadata/latest/by-id/hf7xn6/?op=get_preseed HTTP/1.1 --> 200 OK (referrer: -; agent: Cloud-Init/18.2)
Jul 10 12:10:16 mas01 sh[27888]: 2018-07-10 12:10:16 regiond: [info] 192.168.11.44 POST /MAAS/metadata/status/hf7xn6 HTTP/1.1 --> 204 NO_CONTENT (referrer: -; agent: python-requests/2.9.1)
Jul 10 12:10:16 mas01 sh[27892]: 2018-07-10 12:10:16 regiond: [info] 192.168.11.44 POST /MAAS/metadata/status/hf7xn6 HTTP/1.1 --> 204 NO_CONTENT (referrer: -; agent: python-requests/2.9.1)
Jul 10 12:10:16 mas01 sh[27888]: 2018-07-10 12:10:16 regiond: [info] 192.168.11.46 POST /MAAS/metadata/status/t7fdww HTTP/1.1 --> 204 NO_CONTENT (referrer: -; agent: python-requests/2.9.1)
Jul 10 12:10:16 mas01 sh[27900]: 2018-07-10 12:10:16 regiond: [info] 192.168.11.46 POST /MAAS/metadata/status/t7fdww HTTP/1.1 --> 204 NO_CONTENT (referrer: -; agent: python-requests/2.9.1)
Jul 10 12:10:16 mas01 sh[27900]: 2018-07-10 12:10:16 regiond: [info] 192.168.11.44 POST /MAAS/metadata/status/hf7xn6 HTTP/1.1 --> 204 NO_CONTENT (referrer: -; agent: python-requests/2.9.1)
Jul 10 12:10:16 mas01 sh[27888]: 2018-07-10 12:10:16 regiond: [info] 192.168.11.46 POST /MAAS/metadata/status/t7fdww HTTP/1.1 --> 204 NO_CONTENT (referrer: -; agent: python-requests/2.9.1)
Jul 10 12:10:16 mas01 sh[27888]: 2018-07-10 12:10:16 regiond: [info] 192.168.11.46 GET /MAAS/metadata/latest/by-id/t7fdww/?op=get_preseed HTTP/1.1 --> 200 OK (referrer: -; agent: Cloud-Init/18.2)
Jul 10 12:10:17 mas01 sh[27888]: 2018-07-10 12:10:17 regiond: [info] 192.168.11.44 POST /MAAS/metadata/status/hf7xn6 HTTP/1.1 --> 204 NO_CONTENT (referrer: -; agent: python-requests/2.9.1)
Jul 10 12:10:17 mas01 sh[27888]: 2018-07-10 12:10:17 regiond: [info] 192.168.11.44 POST /MAAS/metadata/status/hf7xn6 HTTP/1.1 --> 204 NO_CONTENT (referrer: -; agent: python-requests/2.9.1)
Jul 10 12:10:17 mas01 sh[27900]: 2018-07-10 12:10:17 regiond: [info] 192.168.11.44 POST /MAAS/metadata/status/hf7xn6 HTTP/1.1 --> 204 NO_CONTENT (referrer: -; agent: python-requests/2.9.1)
Jul 10 12:10:17 mas01 sh[27888]: 2018-07-10 12:10:17 regiond: [info] 192.168.11.46 POST /MAAS/metadata/status/t7fdww HTTP/1.1 --> 204 NO_CONTENT (referrer: -; agent: python-requests/2.9.1)
Jul 10 12:10:17 mas01 sh[27900]: 2018-07-10 12:10:17 regiond: [info] 192.168.11.46 POST /MAAS/metadata/status/t7fdww HTTP/1.1 --> 204 NO_CONTENT (referrer: -; agent: python-requests/2.9.1)
Jul 10 12:10:17 mas01 sh[27900]: 2018-07-10 12:10:17 regiond: [info] 192.168.11.46 POST /MAAS/metadata/status/t7fdww HTTP/1.1 --> 204 NO_CONTENT (referrer: -; agent: python-requests/2.9.1)
Jul 10 12:10:17 mas01 sh[27892]: 2018-07-10 12:10:17 regiond: [info] 192.168.11.44 GET /MAAS/metadata/curtin/2012-03-01/meta-data/instance-id HTTP/1.1 --> 200 OK (referrer: -; agent: Cloud-Init/18.2)
Jul 10 12:10:17 mas01 sh[28371]: 2018-07-10 12:10:17 regiond: [info] 192.168.11.46 GET /MAAS/metadata/curtin/2012-03-01/meta-data/instance-id HTTP/1.1 --> 200 OK (referrer: -; agent: Cloud-Init/18.2)
Jul 10 12:10:17 mas01 sh[27892]: 2018-07-10 12:10:17 regiond: [info] 192.168.11.44 GET /MAAS/metadata/curtin/2012-03-01/meta-data/instance-id HTTP/1.1 --> 200 OK (referrer: -; agent: python-requests/2.9.1)
Jul 10 12:10:17 mas01 sh[27892]: 2018-07-10 12:10:17 regiond: [info] 192.168.11.46 GET /MAAS/metadata/curtin/2012-03-01/meta-data/instance-id HTTP/1.1 --> 200 OK (referrer: -; agent: python-requests/2.9.1)
Jul 10 12:10:17 mas01 sh[27892]: 2018-07-10 12:10:17 regiond: [info] 192.168.11.44 GET /MAAS/metadata/curtin/2012-03-01/meta-data/local-hostname HTTP/1.1 --> 200 OK (referrer: -; agent: python-requests/2.9.1)
Jul 10 12:10:17 mas01 sh[27900]: 2018-07-10 12:10:17 regiond: [info] 192.168.11.46 GET /MAAS/metadata/curtin/2012-03-01/meta-data/local-hostname HTTP/1.1 --> 200 OK (referrer: -; agent: python-requests/2.9.1)
Jul 10 12:10:17 mas01 sh[28371]: 2018-07-10 12:10:17 regiond: [info] 192.168.11.44 GET /MAAS/metadata/curtin/2012-03-01/meta-data/vendor-data HTTP/1.1 --> 200 OK (referrer: -; agent: python-requests/2.9.1)
Jul 10 12:10:17 mas01 sh[28371]: 2018-07-10 12:10:17 regiond: [info] 192.168.11.46 GET /MAAS/metadata/curtin/2012-03-01/meta-data/vendor-data HTTP/1.1 --> 200 OK (referrer: -; agent: python-requests/2.9.1)
Jul 10 12:10:17 mas01 sh[28371]: 2018-07-10 12:10:17 maasserver.preseed: [warn] WARNING: '/etc/maas/preseeds/curtin_userdata_amd64_generic_xenial' contains deprecated preseed variables. Please remove: main_archive_directory, ports_archive_directory, http_proxy
Jul 10 12:10:17 mas01 sh[28371]: 2018-07-10 12:10:17 maasserver.preseed: [warn] WARNING: '/etc/maas/preseeds/curtin_userdata_amd64_generic_xenial' contains deprecated preseed variables. Please remove: main_archive_directory, ports_archive_directory, http_proxy
Jul 10 12:10:18 mas01 salt-minion[1367]: [INFO    ] User sudo_ubuntu Executing command state.apply with jid 20180710121018083961
Jul 10 12:10:18 mas01 salt-minion[1367]: [INFO    ] Starting a new job with PID 32074
Jul 10 12:10:18 mas01 sh[28371]: 2018-07-10 12:10:18 regiond: [info] 192.168.11.44 GET /MAAS/metadata/curtin/2012-03-01/user-data HTTP/1.1 --> 200 OK (referrer: -; agent: python-requests/2.9.1)
Jul 10 12:10:18 mas01 sh[27888]: 2018-07-10 12:10:18 regiond: [info] 192.168.11.44 POST /MAAS/metadata/status/hf7xn6 HTTP/1.1 --> 204 NO_CONTENT (referrer: -; agent: python-requests/2.9.1)
Jul 10 12:10:18 mas01 sh[28371]: 2018-07-10 12:10:18 regiond: [info] 192.168.11.46 GET /MAAS/metadata/curtin/2012-03-01/user-data HTTP/1.1 --> 200 OK (referrer: -; agent: python-requests/2.9.1)
Jul 10 12:10:18 mas01 sh[27888]: 2018-07-10 12:10:18 regiond: [info] 192.168.11.46 POST /MAAS/metadata/status/t7fdww HTTP/1.1 --> 204 NO_CONTENT (referrer: -; agent: python-requests/2.9.1)
Jul 10 12:10:18 mas01 sh[27888]: 2018-07-10 12:10:18 regiond: [info] 192.168.11.44 POST /MAAS/metadata/status/hf7xn6 HTTP/1.1 --> 204 NO_CONTENT (referrer: -; agent: python-requests/2.9.1)
Jul 10 12:10:18 mas01 sh[28371]: 2018-07-10 12:10:18 regiond: [info] 192.168.11.44 POST /MAAS/metadata/status/hf7xn6 HTTP/1.1 --> 204 NO_CONTENT (referrer: -; agent: python-requests/2.9.1)
Jul 10 12:10:18 mas01 sh[27900]: 2018-07-10 12:10:18 regiond: [info] 192.168.11.44 POST /MAAS/metadata/status/hf7xn6 HTTP/1.1 --> 204 NO_CONTENT (referrer: -; agent: python-requests/2.9.1)
Jul 10 12:10:18 mas01 sh[27900]: 2018-07-10 12:10:18 regiond: [info] 192.168.11.44 POST /MAAS/metadata/status/hf7xn6 HTTP/1.1 --> 204 NO_CONTENT (referrer: -; agent: python-requests/2.9.1)
Jul 10 12:10:18 mas01 sh[28371]: 2018-07-10 12:10:18 regiond: [info] 192.168.11.46 POST /MAAS/metadata/status/t7fdww HTTP/1.1 --> 204 NO_CONTENT (referrer: -; agent: python-requests/2.9.1)
Jul 10 12:10:18 mas01 sh[27900]: 2018-07-10 12:10:18 regiond: [info] 192.168.11.46 POST /MAAS/metadata/status/t7fdww HTTP/1.1 --> 204 NO_CONTENT (referrer: -; agent: python-requests/2.9.1)
Jul 10 12:10:18 mas01 sh[28371]: 2018-07-10 12:10:18 regiond: [info] 192.168.11.46 POST /MAAS/metadata/status/t7fdww HTTP/1.1 --> 204 NO_CONTENT (referrer: -; agent: python-requests/2.9.1)
Jul 10 12:10:18 mas01 sh[27900]: 2018-07-10 12:10:18 regiond: [info] 192.168.11.46 POST /MAAS/metadata/status/t7fdww HTTP/1.1 --> 204 NO_CONTENT (referrer: -; agent: python-requests/2.9.1)
Jul 10 12:10:18 mas01 salt-minion[1367]: [INFO    ] Loading fresh modules for state activity
Jul 10 12:10:18 mas01 sh[28371]: 2018-07-10 12:10:18 regiond: [info] 192.168.11.44 POST /MAAS/metadata/status/hf7xn6 HTTP/1.1 --> 204 NO_CONTENT (referrer: -; agent: python-requests/2.9.1)
Jul 10 12:10:18 mas01 sh[27892]: 2018-07-10 12:10:18 regiond: [info] 192.168.11.44 POST /MAAS/metadata/status/hf7xn6 HTTP/1.1 --> 204 NO_CONTENT (referrer: -; agent: python-requests/2.9.1)
Jul 10 12:10:18 mas01 sh[27892]: 2018-07-10 12:10:18 regiond: [info] 192.168.11.44 POST /MAAS/metadata/status/hf7xn6 HTTP/1.1 --> 204 NO_CONTENT (referrer: -; agent: python-requests/2.9.1)
Jul 10 12:10:18 mas01 sh[27888]: 2018-07-10 12:10:18 regiond: [info] 192.168.11.44 POST /MAAS/metadata/status/hf7xn6 HTTP/1.1 --> 204 NO_CONTENT (referrer: -; agent: python-requests/2.9.1)
Jul 10 12:10:18 mas01 sh[27892]: 2018-07-10 12:10:18 regiond: [info] 192.168.11.46 POST /MAAS/metadata/status/t7fdww HTTP/1.1 --> 204 NO_CONTENT (referrer: -; agent: python-requests/2.9.1)
Jul 10 12:10:18 mas01 sh[28371]: 2018-07-10 12:10:18 regiond: [info] 192.168.11.44 POST /MAAS/metadata/status/hf7xn6 HTTP/1.1 --> 204 NO_CONTENT (referrer: -; agent: python-requests/2.9.1)
Jul 10 12:10:18 mas01 sh[28371]: 2018-07-10 12:10:18 regiond: [info] 192.168.11.46 POST /MAAS/metadata/status/t7fdww HTTP/1.1 --> 204 NO_CONTENT (referrer: -; agent: python-requests/2.9.1)
Jul 10 12:10:18 mas01 sh[27892]: 2018-07-10 12:10:18 regiond: [info] 192.168.11.44 POST /MAAS/metadata/status/hf7xn6 HTTP/1.1 --> 204 NO_CONTENT (referrer: -; agent: python-requests/2.9.1)
Jul 10 12:10:18 mas01 sh[27888]: 2018-07-10 12:10:18 regiond: [info] 192.168.11.46 POST /MAAS/metadata/status/t7fdww HTTP/1.1 --> 204 NO_CONTENT (referrer: -; agent: python-requests/2.9.1)
Jul 10 12:10:18 mas01 sh[27892]: 2018-07-10 12:10:18 regiond: [info] 192.168.11.44 POST /MAAS/metadata/status/hf7xn6 HTTP/1.1 --> 204 NO_CONTENT (referrer: -; agent: python-requests/2.9.1)
Jul 10 12:10:18 mas01 sh[27888]: 2018-07-10 12:10:18 regiond: [info] 192.168.11.46 POST /MAAS/metadata/status/t7fdww HTTP/1.1 --> 204 NO_CONTENT (referrer: -; agent: python-requests/2.9.1)
Jul 10 12:10:18 mas01 sh[27900]: 2018-07-10 12:10:18 regiond: [info] 192.168.11.44 POST /MAAS/metadata/status/hf7xn6 HTTP/1.1 --> 204 NO_CONTENT (referrer: -; agent: python-requests/2.9.1)
Jul 10 12:10:18 mas01 sh[27892]: 2018-07-10 12:10:18 regiond: [info] 192.168.11.46 POST /MAAS/metadata/status/t7fdww HTTP/1.1 --> 204 NO_CONTENT (referrer: -; agent: python-requests/2.9.1)
Jul 10 12:10:18 mas01 sh[27888]: 2018-07-10 12:10:18 regiond: [info] 192.168.11.44 POST /MAAS/metadata/status/hf7xn6 HTTP/1.1 --> 204 NO_CONTENT (referrer: -; agent: python-requests/2.9.1)
Jul 10 12:10:18 mas01 sh[27892]: 2018-07-10 12:10:18 regiond: [info] 192.168.11.46 POST /MAAS/metadata/status/t7fdww HTTP/1.1 --> 204 NO_CONTENT (referrer: -; agent: python-requests/2.9.1)
Jul 10 12:10:18 mas01 sh[28371]: 2018-07-10 12:10:18 regiond: [info] 192.168.11.46 POST /MAAS/metadata/status/t7fdww HTTP/1.1 --> 204 NO_CONTENT (referrer: -; agent: python-requests/2.9.1)
Jul 10 12:10:18 mas01 sh[27900]: 2018-07-10 12:10:18 regiond: [info] 192.168.11.46 POST /MAAS/metadata/status/t7fdww HTTP/1.1 --> 204 NO_CONTENT (referrer: -; agent: python-requests/2.9.1)
Jul 10 12:10:18 mas01 sh[27892]: 2018-07-10 12:10:18 regiond: [info] 192.168.11.46 POST /MAAS/metadata/status/t7fdww HTTP/1.1 --> 204 NO_CONTENT (referrer: -; agent: python-requests/2.9.1)
Jul 10 12:10:18 mas01 sh[27892]: 2018-07-10 12:10:18 regiond: [info] 192.168.11.44 POST /MAAS/metadata/status/hf7xn6 HTTP/1.1 --> 204 NO_CONTENT (referrer: -; agent: python-requests/2.9.1)
Jul 10 12:10:18 mas01 sh[27892]: 2018-07-10 12:10:18 regiond: [info] 192.168.11.44 POST /MAAS/metadata/status/hf7xn6 HTTP/1.1 --> 204 NO_CONTENT (referrer: -; agent: python-requests/2.9.1)
Jul 10 12:10:18 mas01 sh[27900]: 2018-07-10 12:10:18 regiond: [info] 192.168.11.46 POST /MAAS/metadata/status/t7fdww HTTP/1.1 --> 204 NO_CONTENT (referrer: -; agent: python-requests/2.9.1)
Jul 10 12:10:18 mas01 sh[27888]: 2018-07-10 12:10:18 regiond: [info] 192.168.11.44 POST /MAAS/metadata/status/hf7xn6 HTTP/1.1 --> 204 NO_CONTENT (referrer: -; agent: python-requests/2.9.1)
Jul 10 12:10:18 mas01 sh[27900]: 2018-07-10 12:10:18 regiond: [info] 192.168.11.46 POST /MAAS/metadata/status/t7fdww HTTP/1.1 --> 204 NO_CONTENT (referrer: -; agent: python-requests/2.9.1)
Jul 10 12:10:18 mas01 sh[27888]: 2018-07-10 12:10:18 regiond: [info] 192.168.11.44 POST /MAAS/metadata/status/hf7xn6 HTTP/1.1 --> 204 NO_CONTENT (referrer: -; agent: python-requests/2.9.1)
Jul 10 12:10:18 mas01 sh[27892]: 2018-07-10 12:10:18 regiond: [info] 192.168.11.44 POST /MAAS/metadata/status/hf7xn6 HTTP/1.1 --> 204 NO_CONTENT (referrer: -; agent: python-requests/2.9.1)
Jul 10 12:10:18 mas01 sh[28371]: 2018-07-10 12:10:18 regiond: [info] 192.168.11.44 POST /MAAS/metadata/status/hf7xn6 HTTP/1.1 --> 204 NO_CONTENT (referrer: -; agent: python-requests/2.9.1)
Jul 10 12:10:18 mas01 sh[27900]: 2018-07-10 12:10:18 regiond: [info] 192.168.11.46 POST /MAAS/metadata/status/t7fdww HTTP/1.1 --> 204 NO_CONTENT (referrer: -; agent: python-requests/2.9.1)
Jul 10 12:10:18 mas01 sh[28371]: 2018-07-10 12:10:18 regiond: [info] 192.168.11.46 POST /MAAS/metadata/status/t7fdww HTTP/1.1 --> 204 NO_CONTENT (referrer: -; agent: python-requests/2.9.1)
Jul 10 12:10:18 mas01 sh[28371]: 2018-07-10 12:10:18 regiond: [info] 192.168.11.44 POST /MAAS/metadata/status/hf7xn6 HTTP/1.1 --> 204 NO_CONTENT (referrer: -; agent: python-requests/2.9.1)
Jul 10 12:10:18 mas01 sh[28371]: 2018-07-10 12:10:18 regiond: [info] 192.168.11.46 POST /MAAS/metadata/status/t7fdww HTTP/1.1 --> 204 NO_CONTENT (referrer: -; agent: python-requests/2.9.1)
Jul 10 12:10:18 mas01 sh[27892]: 2018-07-10 12:10:18 regiond: [info] 192.168.11.44 POST /MAAS/metadata/status/hf7xn6 HTTP/1.1 --> 204 NO_CONTENT (referrer: -; agent: python-requests/2.9.1)
Jul 10 12:10:18 mas01 salt-minion[1367]: [INFO    ] Running state [maas-region apikey --username opnfv > /var/lib/maas/.maas_credentials] at time 12:10:18.716676
Jul 10 12:10:18 mas01 sh[27900]: 2018-07-10 12:10:18 regiond: [info] 192.168.11.46 POST /MAAS/metadata/status/t7fdww HTTP/1.1 --> 204 NO_CONTENT (referrer: -; agent: python-requests/2.9.1)
Jul 10 12:10:18 mas01 salt-minion[1367]: [INFO    ] Executing state cmd.run for maas-region apikey --username opnfv > /var/lib/maas/.maas_credentials
Jul 10 12:10:18 mas01 sh[27900]: 2018-07-10 12:10:18 regiond: [info] 192.168.11.44 POST /MAAS/metadata/status/hf7xn6 HTTP/1.1 --> 204 NO_CONTENT (referrer: -; agent: python-requests/2.9.1)
Jul 10 12:10:18 mas01 salt-minion[1367]: [INFO    ] Executing command 'maas-region apikey --username opnfv > /var/lib/maas/.maas_credentials' in directory '/root'
Jul 10 12:10:18 mas01 sh[27888]: 2018-07-10 12:10:18 regiond: [info] 192.168.11.46 POST /MAAS/metadata/status/t7fdww HTTP/1.1 --> 204 NO_CONTENT (referrer: -; agent: python-requests/2.9.1)
Jul 10 12:10:18 mas01 sh[27900]: 2018-07-10 12:10:18 regiond: [info] 192.168.11.44 POST /MAAS/metadata/status/hf7xn6 HTTP/1.1 --> 204 NO_CONTENT (referrer: -; agent: python-requests/2.9.1)
Jul 10 12:10:18 mas01 sh[27888]: 2018-07-10 12:10:18 regiond: [info] 192.168.11.46 POST /MAAS/metadata/status/t7fdww HTTP/1.1 --> 204 NO_CONTENT (referrer: -; agent: python-requests/2.9.1)
Jul 10 12:10:18 mas01 sh[27900]: 2018-07-10 12:10:18 regiond: [info] 192.168.11.44 POST /MAAS/metadata/status/hf7xn6 HTTP/1.1 --> 204 NO_CONTENT (referrer: -; agent: python-requests/2.9.1)
Jul 10 12:10:18 mas01 sh[27892]: 2018-07-10 12:10:18 regiond: [info] 192.168.11.46 POST /MAAS/metadata/status/t7fdww HTTP/1.1 --> 204 NO_CONTENT (referrer: -; agent: python-requests/2.9.1)
Jul 10 12:10:18 mas01 sh[27900]: 2018-07-10 12:10:18 regiond: [info] 192.168.11.44 POST /MAAS/metadata/status/hf7xn6 HTTP/1.1 --> 204 NO_CONTENT (referrer: -; agent: python-requests/2.9.1)
Jul 10 12:10:18 mas01 sh[27892]: 2018-07-10 12:10:18 regiond: [info] 192.168.11.46 POST /MAAS/metadata/status/t7fdww HTTP/1.1 --> 204 NO_CONTENT (referrer: -; agent: python-requests/2.9.1)
Jul 10 12:10:18 mas01 sh[27900]: 2018-07-10 12:10:18 regiond: [info] 192.168.11.46 POST /MAAS/metadata/status/t7fdww HTTP/1.1 --> 204 NO_CONTENT (referrer: -; agent: python-requests/2.9.1)
Jul 10 12:10:18 mas01 sh[27900]: 2018-07-10 12:10:18 regiond: [info] 192.168.11.46 POST /MAAS/metadata/status/t7fdww HTTP/1.1 --> 204 NO_CONTENT (referrer: -; agent: python-requests/2.9.1)
Jul 10 12:10:18 mas01 sh[27892]: 2018-07-10 12:10:18 regiond: [info] 192.168.11.44 POST /MAAS/metadata/status/hf7xn6 HTTP/1.1 --> 204 NO_CONTENT (referrer: -; agent: python-requests/2.9.1)
Jul 10 12:10:18 mas01 sh[27892]: 2018-07-10 12:10:18 regiond: [info] 192.168.11.44 POST /MAAS/metadata/status/hf7xn6 HTTP/1.1 --> 204 NO_CONTENT (referrer: -; agent: python-requests/2.9.1)
Jul 10 12:10:18 mas01 sh[28371]: 2018-07-10 12:10:18 regiond: [info] 192.168.11.46 POST /MAAS/metadata/status/t7fdww HTTP/1.1 --> 204 NO_CONTENT (referrer: -; agent: python-requests/2.9.1)
Jul 10 12:10:18 mas01 sh[27900]: 2018-07-10 12:10:18 regiond: [info] 192.168.11.44 POST /MAAS/metadata/status/hf7xn6 HTTP/1.1 --> 204 NO_CONTENT (referrer: -; agent: python-requests/2.9.1)
Jul 10 12:10:18 mas01 sh[27888]: 2018-07-10 12:10:18 regiond: [info] 192.168.11.46 POST /MAAS/metadata/status/t7fdww HTTP/1.1 --> 204 NO_CONTENT (referrer: -; agent: python-requests/2.9.1)
Jul 10 12:10:18 mas01 sh[28371]: 2018-07-10 12:10:18 regiond: [info] 192.168.11.44 POST /MAAS/metadata/status/hf7xn6 HTTP/1.1 --> 204 NO_CONTENT (referrer: -; agent: python-requests/2.9.1)
Jul 10 12:10:18 mas01 sh[27900]: 2018-07-10 12:10:18 regiond: [info] 192.168.11.46 POST /MAAS/metadata/status/t7fdww HTTP/1.1 --> 204 NO_CONTENT (referrer: -; agent: python-requests/2.9.1)
Jul 10 12:10:18 mas01 sh[28371]: 2018-07-10 12:10:18 regiond: [info] 192.168.11.46 POST /MAAS/metadata/status/t7fdww HTTP/1.1 --> 204 NO_CONTENT (referrer: -; agent: python-requests/2.9.1)
Jul 10 12:10:18 mas01 sh[27888]: 2018-07-10 12:10:18 regiond: [info] 192.168.11.44 POST /MAAS/metadata/status/hf7xn6 HTTP/1.1 --> 204 NO_CONTENT (referrer: -; agent: python-requests/2.9.1)
Jul 10 12:10:18 mas01 sh[27900]: 2018-07-10 12:10:18 regiond: [info] 192.168.11.44 POST /MAAS/metadata/status/hf7xn6 HTTP/1.1 --> 204 NO_CONTENT (referrer: -; agent: python-requests/2.9.1)
Jul 10 12:10:18 mas01 sh[27892]: 2018-07-10 12:10:18 regiond: [info] 192.168.11.46 POST /MAAS/metadata/status/t7fdww HTTP/1.1 --> 204 NO_CONTENT (referrer: -; agent: python-requests/2.9.1)
Jul 10 12:10:18 mas01 sh[28371]: 2018-07-10 12:10:18 regiond: [info] 192.168.11.46 POST /MAAS/metadata/status/t7fdww HTTP/1.1 --> 204 NO_CONTENT (referrer: -; agent: python-requests/2.9.1)
Jul 10 12:10:18 mas01 sh[27892]: 2018-07-10 12:10:18 regiond: [info] 192.168.11.46 POST /MAAS/metadata/status/t7fdww HTTP/1.1 --> 204 NO_CONTENT (referrer: -; agent: python-requests/2.9.1)
Jul 10 12:10:18 mas01 sh[28371]: 2018-07-10 12:10:18 regiond: [info] 192.168.11.46 POST /MAAS/metadata/status/t7fdww HTTP/1.1 --> 204 NO_CONTENT (referrer: -; agent: python-requests/2.9.1)
Jul 10 12:10:18 mas01 sh[27900]: 2018-07-10 12:10:18 regiond: [info] 192.168.11.44 POST /MAAS/metadata/status/hf7xn6 HTTP/1.1 --> 204 NO_CONTENT (referrer: -; agent: python-requests/2.9.1)
Jul 10 12:10:18 mas01 sh[27900]: 2018-07-10 12:10:18 regiond: [info] 192.168.11.44 POST /MAAS/metadata/status/hf7xn6 HTTP/1.1 --> 204 NO_CONTENT (referrer: -; agent: python-requests/2.9.1)
Jul 10 12:10:19 mas01 sh[27892]: 2018-07-10 12:10:19 regiond: [info] 192.168.11.46 POST /MAAS/metadata/status/t7fdww HTTP/1.1 --> 204 NO_CONTENT (referrer: -; agent: python-requests/2.9.1)
Jul 10 12:10:19 mas01 sh[27900]: 2018-07-10 12:10:19 regiond: [info] 192.168.11.46 POST /MAAS/metadata/status/t7fdww HTTP/1.1 --> 204 NO_CONTENT (referrer: -; agent: python-requests/2.9.1)
Jul 10 12:10:19 mas01 sh[27892]: 2018-07-10 12:10:19 regiond: [info] 192.168.11.44 POST /MAAS/metadata/status/hf7xn6 HTTP/1.1 --> 204 NO_CONTENT (referrer: -; agent: python-requests/2.9.1)
Jul 10 12:10:19 mas01 sh[27900]: 2018-07-10 12:10:19 regiond: [info] 192.168.11.44 POST /MAAS/metadata/status/hf7xn6 HTTP/1.1 --> 204 NO_CONTENT (referrer: -; agent: python-requests/2.9.1)
Jul 10 12:10:20 mas01 sh[28371]: 2018-07-10 12:10:20 regiond: [info] 192.168.11.46 POST /MAAS/metadata/status/t7fdww HTTP/1.1 --> 204 NO_CONTENT (referrer: -; agent: python-requests/2.9.1)
Jul 10 12:10:20 mas01 sh[27892]: 2018-07-10 12:10:20 regiond: [info] 192.168.11.46 POST /MAAS/metadata/status/t7fdww HTTP/1.1 --> 204 NO_CONTENT (referrer: -; agent: python-requests/2.9.1)
Jul 10 12:10:20 mas01 sh[27888]: 2018-07-10 12:10:20 regiond: [info] 192.168.11.46 POST /MAAS/metadata/status/t7fdww HTTP/1.1 --> 204 NO_CONTENT (referrer: -; agent: python-requests/2.9.1)
Jul 10 12:10:20 mas01 sh[27892]: 2018-07-10 12:10:20 regiond: [info] 192.168.11.46 POST /MAAS/metadata/status/t7fdww HTTP/1.1 --> 204 NO_CONTENT (referrer: -; agent: python-requests/2.9.1)
Jul 10 12:10:20 mas01 sh[27892]: 2018-07-10 12:10:20 regiond: [info] 192.168.11.46 POST /MAAS/metadata/status/t7fdww HTTP/1.1 --> 204 NO_CONTENT (referrer: -; agent: python-requests/2.9.1)
Jul 10 12:10:20 mas01 sh[27900]: 2018-07-10 12:10:20 regiond: [info] 192.168.11.46 POST /MAAS/metadata/status/t7fdww HTTP/1.1 --> 204 NO_CONTENT (referrer: -; agent: python-requests/2.9.1)
Jul 10 12:10:20 mas01 sh[27892]: 2018-07-10 12:10:20 regiond: [info] 192.168.11.46 POST /MAAS/metadata/status/t7fdww HTTP/1.1 --> 204 NO_CONTENT (referrer: -; agent: python-requests/2.9.1)
Jul 10 12:10:20 mas01 sh[28371]: 2018-07-10 12:10:20 regiond: [info] 192.168.11.46 POST /MAAS/metadata/status/t7fdww HTTP/1.1 --> 204 NO_CONTENT (referrer: -; agent: python-requests/2.9.1)
Jul 10 12:10:20 mas01 sh[28371]: 2018-07-10 12:10:20 regiond: [info] 192.168.11.46 POST /MAAS/metadata/status/t7fdww HTTP/1.1 --> 204 NO_CONTENT (referrer: -; agent: python-requests/2.9.1)
Jul 10 12:10:20 mas01 salt-minion[1367]: [INFO    ] {'pid': 32105, 'retcode': 0, 'stderr': '', 'stdout': ''}
Jul 10 12:10:20 mas01 salt-minion[1367]: [INFO    ] Completed state [maas-region apikey --username opnfv > /var/lib/maas/.maas_credentials] at time 12:10:20.568149 duration_in_ms=1851.473
Jul 10 12:10:20 mas01 salt-minion[1367]: [INFO    ] Running state [maas.machines_status] at time 12:10:20.569783
Jul 10 12:10:20 mas01 salt-minion[1367]: [INFO    ] Executing state module.run for maas.machines_status
Jul 10 12:10:20 mas01 sh[28371]: 2018-07-10 12:10:20 regiond: [info] 192.168.11.44 POST /MAAS/metadata/status/hf7xn6 HTTP/1.1 --> 204 NO_CONTENT (referrer: -; agent: python-requests/2.9.1)
Jul 10 12:10:20 mas01 sh[27888]: 2018-07-10 12:10:20 regiond: [info] 192.168.11.44 POST /MAAS/metadata/status/hf7xn6 HTTP/1.1 --> 204 NO_CONTENT (referrer: -; agent: python-requests/2.9.1)
Jul 10 12:10:20 mas01 sh[27900]: 2018-07-10 12:10:20 regiond: [info] 192.168.11.44 POST /MAAS/metadata/status/hf7xn6 HTTP/1.1 --> 204 NO_CONTENT (referrer: -; agent: python-requests/2.9.1)
Jul 10 12:10:20 mas01 sh[27900]: message repeated 2 times: [ 2018-07-10 12:10:20 regiond: [info] 192.168.11.44 POST /MAAS/metadata/status/hf7xn6 HTTP/1.1 --> 204 NO_CONTENT (referrer: -; agent: python-requests/2.9.1)]
Jul 10 12:10:20 mas01 sh[28371]: 2018-07-10 12:10:20 regiond: [info] 192.168.11.44 POST /MAAS/metadata/status/hf7xn6 HTTP/1.1 --> 204 NO_CONTENT (referrer: -; agent: python-requests/2.9.1)
Jul 10 12:10:20 mas01 sh[27888]: 2018-07-10 12:10:20 regiond: [info] 192.168.11.44 POST /MAAS/metadata/status/hf7xn6 HTTP/1.1 --> 204 NO_CONTENT (referrer: -; agent: python-requests/2.9.1)
Jul 10 12:10:20 mas01 sh[27892]: 2018-07-10 12:10:20 regiond: [info] 192.168.11.44 POST /MAAS/metadata/status/hf7xn6 HTTP/1.1 --> 204 NO_CONTENT (referrer: -; agent: python-requests/2.9.1)
Jul 10 12:10:20 mas01 sh[27888]: 2018-07-10 12:10:20 regiond: [info] 192.168.11.44 POST /MAAS/metadata/status/hf7xn6 HTTP/1.1 --> 204 NO_CONTENT (referrer: -; agent: python-requests/2.9.1)
Jul 10 12:10:21 mas01 sh[27892]: 2018-07-10 12:10:21 regiond: [info] 192.168.11.46 POST /MAAS/metadata/status/t7fdww HTTP/1.1 --> 204 NO_CONTENT (referrer: -; agent: python-requests/2.9.1)
Jul 10 12:10:21 mas01 sh[28371]: 2018-07-10 12:10:21 regiond: [info] 192.168.11.46 POST /MAAS/metadata/status/t7fdww HTTP/1.1 --> 204 NO_CONTENT (referrer: -; agent: python-requests/2.9.1)
Jul 10 12:10:21 mas01 sh[27900]: 2018-07-10 12:10:21 regiond: [info] 192.168.11.46 POST /MAAS/metadata/status/t7fdww HTTP/1.1 --> 204 NO_CONTENT (referrer: -; agent: python-requests/2.9.1)
Jul 10 12:10:21 mas01 sh[28371]: 2018-07-10 12:10:21 regiond: [info] 192.168.11.46 POST /MAAS/metadata/status/t7fdww HTTP/1.1 --> 204 NO_CONTENT (referrer: -; agent: python-requests/2.9.1)
Jul 10 12:10:21 mas01 sh[27892]: 2018-07-10 12:10:21 regiond: [info] 192.168.11.46 POST /MAAS/metadata/status/t7fdww HTTP/1.1 --> 204 NO_CONTENT (referrer: -; agent: python-requests/2.9.1)
Jul 10 12:10:21 mas01 sh[27888]: 2018-07-10 12:10:21 regiond: [info] 192.168.11.46 POST /MAAS/metadata/status/t7fdww HTTP/1.1 --> 204 NO_CONTENT (referrer: -; agent: python-requests/2.9.1)
Jul 10 12:10:21 mas01 sh[28371]: 2018-07-10 12:10:21 regiond: [info] 127.0.0.1 GET /MAAS/api/2.0/machines/ HTTP/1.1 --> 200 OK (referrer: -; agent: Python-urllib/2.7)
Jul 10 12:10:21 mas01 sh[28371]: 2018-07-10 12:10:21 regiond: [info] 192.168.11.46 POST /MAAS/metadata/status/t7fdww HTTP/1.1 --> 204 NO_CONTENT (referrer: -; agent: python-requests/2.9.1)
Jul 10 12:10:21 mas01 salt-minion[1367]: [INFO    ] {'ret': {'machines': [{'status': 'Deploying', 'hostname': u'cmp002', 'system_id': u'hf7xn6'}, {'status': 'Deploying', 'hostname': u'cmp001', 'system_id': u't7fdww'}, {'status': 'Deploying', 'hostname': u'kvm01', 'system_id': u'rpe37a'}, {'status': 'Deploying', 'hostname': u'kvm03', 'system_id': u'm4c3hx'}, {'status': 'Deploying', 'hostname': u'kvm02', 'system_id': u'6gqd3m'}], 'summary': Counter({'Deploying': 5})}}
Jul 10 12:10:21 mas01 salt-minion[1367]: [INFO    ] Completed state [maas.machines_status] at time 12:10:21.441566 duration_in_ms=871.782
Jul 10 12:10:21 mas01 sh[27888]: 2018-07-10 12:10:21 regiond: [info] 192.168.11.46 POST /MAAS/metadata/status/t7fdww HTTP/1.1 --> 204 NO_CONTENT (referrer: -; agent: python-requests/2.9.1)
Jul 10 12:10:21 mas01 salt-minion[1367]: [INFO    ] Returning information for job: 20180710121018083961
Jul 10 12:10:21 mas01 sh[27888]: 2018-07-10 12:10:21 regiond: [info] 192.168.11.44 POST /MAAS/metadata/status/hf7xn6 HTTP/1.1 --> 204 NO_CONTENT (referrer: -; agent: python-requests/2.9.1)
Jul 10 12:10:21 mas01 sh[27892]: 2018-07-10 12:10:21 regiond: [info] 192.168.11.44 POST /MAAS/metadata/status/hf7xn6 HTTP/1.1 --> 204 NO_CONTENT (referrer: -; agent: python-requests/2.9.1)
Jul 10 12:10:21 mas01 sh[28371]: 2018-07-10 12:10:21 regiond: [info] 192.168.11.44 POST /MAAS/metadata/status/hf7xn6 HTTP/1.1 --> 204 NO_CONTENT (referrer: -; agent: python-requests/2.9.1)
Jul 10 12:10:21 mas01 sh[28371]: 2018-07-10 12:10:21 regiond: [info] 192.168.11.44 POST /MAAS/metadata/status/hf7xn6 HTTP/1.1 --> 204 NO_CONTENT (referrer: -; agent: python-requests/2.9.1)
Jul 10 12:10:21 mas01 sh[27892]: 2018-07-10 12:10:21 regiond: [info] 192.168.11.46 POST /MAAS/metadata/status/t7fdww HTTP/1.1 --> 204 NO_CONTENT (referrer: -; agent: python-requests/2.9.1)
Jul 10 12:10:21 mas01 sh[27888]: 2018-07-10 12:10:21 regiond: [info] 192.168.11.46 POST /MAAS/metadata/status/t7fdww HTTP/1.1 --> 204 NO_CONTENT (referrer: -; agent: python-requests/2.9.1)
Jul 10 12:10:21 mas01 sh[27900]: 2018-07-10 12:10:21 regiond: [info] 192.168.11.46 POST /MAAS/metadata/status/t7fdww HTTP/1.1 --> 204 NO_CONTENT (referrer: -; agent: python-requests/2.9.1)
Jul 10 12:10:21 mas01 sh[28371]: 2018-07-10 12:10:21 regiond: [info] 192.168.11.46 POST /MAAS/metadata/status/t7fdww HTTP/1.1 --> 204 NO_CONTENT (referrer: -; agent: python-requests/2.9.1)
Jul 10 12:10:21 mas01 sh[28371]: 2018-07-10 12:10:21 regiond: [info] 192.168.11.44 POST /MAAS/metadata/status/hf7xn6 HTTP/1.1 --> 204 NO_CONTENT (referrer: -; agent: python-requests/2.9.1)
Jul 10 12:10:21 mas01 sh[27900]: 2018-07-10 12:10:21 regiond: [info] 192.168.11.44 POST /MAAS/metadata/status/hf7xn6 HTTP/1.1 --> 204 NO_CONTENT (referrer: -; agent: python-requests/2.9.1)
Jul 10 12:10:21 mas01 sh[28371]: 2018-07-10 12:10:21 regiond: [info] 192.168.11.44 POST /MAAS/metadata/status/hf7xn6 HTTP/1.1 --> 204 NO_CONTENT (referrer: -; agent: python-requests/2.9.1)
Jul 10 12:10:21 mas01 sh[27900]: 2018-07-10 12:10:21 regiond: [info] 192.168.11.44 POST /MAAS/metadata/status/hf7xn6 HTTP/1.1 --> 204 NO_CONTENT (referrer: -; agent: python-requests/2.9.1)
Jul 10 12:10:22 mas01 sh[27900]: 2018-07-10 12:10:22 regiond: [info] 192.168.11.44 POST /MAAS/metadata/status/hf7xn6 HTTP/1.1 --> 204 NO_CONTENT (referrer: -; agent: python-requests/2.9.1)
Jul 10 12:10:22 mas01 sh[28371]: 2018-07-10 12:10:22 regiond: [info] 192.168.11.44 POST /MAAS/metadata/status/hf7xn6 HTTP/1.1 --> 204 NO_CONTENT (referrer: -; agent: python-requests/2.9.1)
Jul 10 12:10:22 mas01 sh[27892]: 2018-07-10 12:10:22 regiond: [info] 192.168.11.44 POST /MAAS/metadata/status/hf7xn6 HTTP/1.1 --> 204 NO_CONTENT (referrer: -; agent: python-requests/2.9.1)
Jul 10 12:10:22 mas01 sh[27892]: 2018-07-10 12:10:22 regiond: [info] 192.168.11.44 POST /MAAS/metadata/status/hf7xn6 HTTP/1.1 --> 204 NO_CONTENT (referrer: -; agent: python-requests/2.9.1)
Jul 10 12:10:24 mas01 dhcpd[31227]: DHCPDISCOVER from 00:25:b5:a0:00:2a via ens5
Jul 10 12:10:24 mas01 dhcpd[31227]: DHCPOFFER on 192.168.11.47 to 00:25:b5:a0:00:2a (kvm01) via ens5
Jul 10 12:10:24 mas01 dhcpd[31227]: execute_statement argv[0] = /usr/sbin/maas-dhcp-helper
Jul 10 12:10:24 mas01 dhcpd[31227]: execute_statement argv[1] = notify
Jul 10 12:10:24 mas01 dhcpd[31227]: execute_statement argv[2] = --action
Jul 10 12:10:24 mas01 dhcpd[31227]: execute_statement argv[3] = commit
Jul 10 12:10:24 mas01 dhcpd[31227]: execute_statement argv[4] = --mac
Jul 10 12:10:24 mas01 dhcpd[31227]: execute_statement argv[5] = 0:25:b5:a0:0:2a
Jul 10 12:10:24 mas01 dhcpd[31227]: execute_statement argv[6] = --ip-family
Jul 10 12:10:24 mas01 dhcpd[31227]: execute_statement argv[7] = ipv4
Jul 10 12:10:24 mas01 dhcpd[31227]: execute_statement argv[8] = --ip
Jul 10 12:10:24 mas01 dhcpd[31227]: execute_statement argv[9] = 192.168.11.47
Jul 10 12:10:24 mas01 dhcpd[31227]: execute_statement argv[10] = --lease-time
Jul 10 12:10:24 mas01 dhcpd[31227]: execute_statement argv[11] = 600
Jul 10 12:10:24 mas01 dhcpd[31227]: execute_statement argv[12] = --hostname
Jul 10 12:10:24 mas01 dhcpd[31227]: execute_statement argv[13] = kvm01
Jul 10 12:10:24 mas01 dhcpd[31227]: execute_statement argv[14] = --socket
Jul 10 12:10:24 mas01 dhcpd[31227]: execute_statement argv[15] = /var/lib/maas/dhcpd.sock
Jul 10 12:10:24 mas01 dhcpd[31227]: DHCPREQUEST for 192.168.11.47 (192.168.11.3) from 00:25:b5:a0:00:2a (kvm01) via ens5
Jul 10 12:10:24 mas01 dhcpd[31227]: DHCPACK on 192.168.11.47 to 00:25:b5:a0:00:2a (kvm01) via ens5
Jul 10 12:10:24 mas01 dhcpd[31227]: DHCPDISCOVER from 00:25:b5:a0:00:4a via ens5
Jul 10 12:10:24 mas01 dhcpd[31227]: DHCPOFFER on 192.168.11.48 to 00:25:b5:a0:00:4a (kvm03) via ens5
Jul 10 12:10:24 mas01 dhcpd[31227]: DHCPDISCOVER from 00:25:b5:a0:00:3a via ens5
Jul 10 12:10:24 mas01 dhcpd[31227]: DHCPOFFER on 192.168.11.45 to 00:25:b5:a0:00:3a (kvm02) via ens5
Jul 10 12:10:24 mas01 dhcpd[31227]: execute_statement argv[0] = /usr/sbin/maas-dhcp-helper
Jul 10 12:10:24 mas01 dhcpd[31227]: execute_statement argv[1] = notify
Jul 10 12:10:24 mas01 dhcpd[31227]: execute_statement argv[2] = --action
Jul 10 12:10:24 mas01 dhcpd[31227]: execute_statement argv[3] = commit
Jul 10 12:10:24 mas01 dhcpd[31227]: execute_statement argv[4] = --mac
Jul 10 12:10:24 mas01 dhcpd[31227]: execute_statement argv[5] = 0:25:b5:a0:0:2a
Jul 10 12:10:24 mas01 dhcpd[31227]: execute_statement argv[6] = --ip-family
Jul 10 12:10:24 mas01 dhcpd[31227]: execute_statement argv[7] = ipv4
Jul 10 12:10:24 mas01 dhcpd[31227]: execute_statement argv[8] = --ip
Jul 10 12:10:24 mas01 dhcpd[31227]: execute_statement argv[9] = 192.168.11.47
Jul 10 12:10:24 mas01 dhcpd[31227]: execute_statement argv[10] = --lease-time
Jul 10 12:10:24 mas01 dhcpd[31227]: execute_statement argv[11] = 600
Jul 10 12:10:24 mas01 dhcpd[31227]: execute_statement argv[12] = --hostname
Jul 10 12:10:24 mas01 dhcpd[31227]: execute_statement argv[13] = kvm01
Jul 10 12:10:24 mas01 dhcpd[31227]: execute_statement argv[14] = --socket
Jul 10 12:10:24 mas01 dhcpd[31227]: execute_statement argv[15] = /var/lib/maas/dhcpd.sock
Jul 10 12:10:24 mas01 sh[27900]: 2018-07-10 12:10:24 maasserver.rpc.leases: [info] Lease update: commit for 192.168.11.47 on 0:25:b5:a0:0:2a at 2018-07-10 12:10:24 (lease time: 600s) (hostname: kvm01)
Jul 10 12:10:24 mas01 dhcpd[31227]: reuse_lease: lease age 0 (secs) under 25% threshold, reply with unaltered, existing lease
Jul 10 12:10:24 mas01 dhcpd[31227]: DHCPREQUEST for 192.168.11.47 (192.168.11.3) from 00:25:b5:a0:00:2a (kvm01) via ens5
Jul 10 12:10:24 mas01 dhcpd[31227]: DHCPACK on 192.168.11.47 to 00:25:b5:a0:00:2a via ens5
Jul 10 12:10:24 mas01 dhcpd[31227]: execute_statement argv[0] = /usr/sbin/maas-dhcp-helper
Jul 10 12:10:24 mas01 dhcpd[31227]: execute_statement argv[1] = notify
Jul 10 12:10:24 mas01 dhcpd[31227]: execute_statement argv[2] = --action
Jul 10 12:10:24 mas01 dhcpd[31227]: execute_statement argv[3] = commit
Jul 10 12:10:24 mas01 dhcpd[31227]: execute_statement argv[4] = --mac
Jul 10 12:10:24 mas01 dhcpd[31227]: execute_statement argv[5] = 0:25:b5:a0:0:4a
Jul 10 12:10:24 mas01 dhcpd[31227]: execute_statement argv[6] = --ip-family
Jul 10 12:10:24 mas01 dhcpd[31227]: execute_statement argv[7] = ipv4
Jul 10 12:10:24 mas01 dhcpd[31227]: execute_statement argv[8] = --ip
Jul 10 12:10:24 mas01 dhcpd[31227]: execute_statement argv[9] = 192.168.11.48
Jul 10 12:10:24 mas01 dhcpd[31227]: execute_statement argv[10] = --lease-time
Jul 10 12:10:24 mas01 dhcpd[31227]: execute_statement argv[11] = 600
Jul 10 12:10:24 mas01 dhcpd[31227]: execute_statement argv[12] = --hostname
Jul 10 12:10:24 mas01 dhcpd[31227]: execute_statement argv[13] = kvm03
Jul 10 12:10:24 mas01 dhcpd[31227]: execute_statement argv[14] = --socket
Jul 10 12:10:24 mas01 dhcpd[31227]: execute_statement argv[15] = /var/lib/maas/dhcpd.sock
Jul 10 12:10:24 mas01 sh[27892]: 2018-07-10 12:10:24 maasserver.rpc.leases: [info] Lease update: commit for 192.168.11.47 on 0:25:b5:a0:0:2a at 2018-07-10 12:10:24 (lease time: 600s) (hostname: kvm01)
Jul 10 12:10:24 mas01 dhcpd[31227]: DHCPREQUEST for 192.168.11.48 (192.168.11.3) from 00:25:b5:a0:00:4a (kvm03) via ens5
Jul 10 12:10:24 mas01 dhcpd[31227]: DHCPACK on 192.168.11.48 to 00:25:b5:a0:00:4a (kvm03) via ens5
Jul 10 12:10:24 mas01 dhcpd[31227]: execute_statement argv[0] = /usr/sbin/maas-dhcp-helper
Jul 10 12:10:24 mas01 dhcpd[31227]: execute_statement argv[1] = notify
Jul 10 12:10:24 mas01 dhcpd[31227]: execute_statement argv[2] = --action
Jul 10 12:10:24 mas01 dhcpd[31227]: execute_statement argv[3] = commit
Jul 10 12:10:24 mas01 dhcpd[31227]: execute_statement argv[4] = --mac
Jul 10 12:10:24 mas01 dhcpd[31227]: execute_statement argv[5] = 0:25:b5:a0:0:3a
Jul 10 12:10:24 mas01 dhcpd[31227]: execute_statement argv[6] = --ip-family
Jul 10 12:10:24 mas01 dhcpd[31227]: execute_statement argv[7] = ipv4
Jul 10 12:10:24 mas01 dhcpd[31227]: execute_statement argv[8] = --ip
Jul 10 12:10:24 mas01 dhcpd[31227]: execute_statement argv[9] = 192.168.11.45
Jul 10 12:10:24 mas01 dhcpd[31227]: execute_statement argv[10] = --lease-time
Jul 10 12:10:24 mas01 dhcpd[31227]: execute_statement argv[11] = 600
Jul 10 12:10:24 mas01 dhcpd[31227]: execute_statement argv[12] = --hostname
Jul 10 12:10:24 mas01 dhcpd[31227]: execute_statement argv[13] = kvm02
Jul 10 12:10:24 mas01 dhcpd[31227]: execute_statement argv[14] = --socket
Jul 10 12:10:24 mas01 dhcpd[31227]: execute_statement argv[15] = /var/lib/maas/dhcpd.sock
Jul 10 12:10:24 mas01 sh[27900]: 2018-07-10 12:10:24 maasserver.rpc.leases: [info] Lease update: commit for 192.168.11.48 on 0:25:b5:a0:0:4a at 2018-07-10 12:10:24 (lease time: 600s) (hostname: kvm03)
Jul 10 12:10:25 mas01 dhcpd[31227]: DHCPREQUEST for 192.168.11.45 (192.168.11.3) from 00:25:b5:a0:00:3a (kvm02) via ens5
Jul 10 12:10:25 mas01 dhcpd[31227]: DHCPACK on 192.168.11.45 to 00:25:b5:a0:00:3a (kvm02) via ens5
Jul 10 12:10:25 mas01 sh[27900]: 2018-07-10 12:10:25 maasserver.rpc.leases: [info] Lease update: commit for 192.168.11.45 on 0:25:b5:a0:0:3a at 2018-07-10 12:10:25 (lease time: 600s) (hostname: kvm02)
Jul 10 12:10:25 mas01 sh[27349]: 2018-07-10 12:10:25 rackd: [info] 192.168.11.47 GET /images/ubuntu/amd64/hwe-16.04/xenial/daily/squashfs HTTP/1.1 --> 200 OK (referrer: -; agent: Wget)
Jul 10 12:10:25 mas01 sh[27349]: 2018-07-10 12:10:25 rackd: [info] 192.168.11.48 GET /images/ubuntu/amd64/hwe-16.04/xenial/daily/squashfs HTTP/1.1 --> 200 OK (referrer: -; agent: Wget)
Jul 10 12:10:25 mas01 sh[27349]: 2018-07-10 12:10:25 rackd: [info] 192.168.11.45 GET /images/ubuntu/amd64/hwe-16.04/xenial/daily/squashfs HTTP/1.1 --> 200 OK (referrer: -; agent: Wget)
Jul 10 12:10:28 mas01 sh[27900]: 2018-07-10 12:10:28 regiond: [info] 192.168.11.47 GET /MAAS/metadata/latest/by-id/rpe37a/?op=get_preseed HTTP/1.1 --> 200 OK (referrer: -; agent: Cloud-Init/18.2)
Jul 10 12:10:28 mas01 sh[28371]: 2018-07-10 12:10:28 regiond: [info] 192.168.11.47 POST /MAAS/metadata/status/rpe37a HTTP/1.1 --> 204 NO_CONTENT (referrer: -; agent: python-requests/2.9.1)
Jul 10 12:10:28 mas01 sh[27888]: 2018-07-10 12:10:28 regiond: [info] 192.168.11.47 POST /MAAS/metadata/status/rpe37a HTTP/1.1 --> 204 NO_CONTENT (referrer: -; agent: python-requests/2.9.1)
Jul 10 12:10:28 mas01 sh[28371]: 2018-07-10 12:10:28 regiond: [info] 192.168.11.47 POST /MAAS/metadata/status/rpe37a HTTP/1.1 --> 204 NO_CONTENT (referrer: -; agent: python-requests/2.9.1)
Jul 10 12:10:28 mas01 sh[27892]: 2018-07-10 12:10:28 regiond: [info] 192.168.11.48 POST /MAAS/metadata/status/m4c3hx HTTP/1.1 --> 204 NO_CONTENT (referrer: -; agent: python-requests/2.9.1)
Jul 10 12:10:28 mas01 sh[28371]: 2018-07-10 12:10:28 regiond: [info] 192.168.11.48 POST /MAAS/metadata/status/m4c3hx HTTP/1.1 --> 204 NO_CONTENT (referrer: -; agent: python-requests/2.9.1)
Jul 10 12:10:28 mas01 sh[27892]: 2018-07-10 12:10:28 regiond: [info] 192.168.11.45 POST /MAAS/metadata/status/6gqd3m HTTP/1.1 --> 204 NO_CONTENT (referrer: -; agent: python-requests/2.9.1)
