Jul  9 23:09:11 mas01 sh[27446]: 2018-07-09 23:09:11 provisioningserver.rackdservices.tftp: [info] ubuntu/amd64/hwe-16.04/xenial/daily/boot-kernel requested by 00:25:b5:a0:00:5a
Jul  9 23:09:11 mas01 dhcpd[31876]: DHCPOFFER on 192.168.11.52 to 00:25:b5:a0:00:2a via ens5
Jul  9 23:09:12 mas01 dhcpd[31876]: DHCPDISCOVER from 52:54:00:ba:31:84 via ens5
Jul  9 23:09:12 mas01 dhcpd[31876]: DHCPOFFER on 192.168.11.3 to 52:54:00:ba:31:84 via ens5
Jul  9 23:09:12 mas01 dhcpd[31876]: DHCPDISCOVER from 00:25:b5:a0:00:4a (kvm03) via ens5
Jul  9 23:09:12 mas01 sh[27446]: 2018-07-09 23:09:12 provisioningserver.rackdservices.tftp: [info] ubuntu/amd64/hwe-16.04/xenial/daily/boot-initrd requested by 00:25:b5:a0:00:5a
Jul  9 23:09:13 mas01 dhcpd[31876]: DHCPOFFER on 192.168.11.53 to 00:25:b5:a0:00:4a via ens5
Jul  9 23:09:14 mas01 dhcpd[31876]: DHCPDISCOVER from 00:25:b5:a0:00:3a (kvm02) via ens5
Jul  9 23:09:14 mas01 dhcpd[31876]: execute_statement argv[0] = /usr/sbin/maas-dhcp-helper
Jul  9 23:09:14 mas01 dhcpd[31876]: execute_statement argv[1] = notify
Jul  9 23:09:14 mas01 dhcpd[31876]: execute_statement argv[2] = --action
Jul  9 23:09:14 mas01 dhcpd[31876]: execute_statement argv[3] = commit
Jul  9 23:09:14 mas01 dhcpd[31876]: execute_statement argv[4] = --mac
Jul  9 23:09:14 mas01 dhcpd[31876]: execute_statement argv[5] = 0:25:b5:a0:0:2a
Jul  9 23:09:14 mas01 dhcpd[31876]: execute_statement argv[6] = --ip-family
Jul  9 23:09:14 mas01 dhcpd[31876]: execute_statement argv[7] = ipv4
Jul  9 23:09:14 mas01 dhcpd[31876]: execute_statement argv[8] = --ip
Jul  9 23:09:14 mas01 dhcpd[31876]: execute_statement argv[9] = 192.168.11.52
Jul  9 23:09:14 mas01 dhcpd[31876]: execute_statement argv[10] = --lease-time
Jul  9 23:09:14 mas01 dhcpd[31876]: execute_statement argv[11] = 30
Jul  9 23:09:14 mas01 dhcpd[31876]: execute_statement argv[12] = --hostname
Jul  9 23:09:14 mas01 dhcpd[31876]: execute_statement argv[13] = (none)
Jul  9 23:09:14 mas01 dhcpd[31876]: execute_statement argv[14] = --socket
Jul  9 23:09:14 mas01 dhcpd[31876]: execute_statement argv[15] = /var/lib/maas/dhcpd.sock
Jul  9 23:09:14 mas01 dhcpd[31876]: DHCPREQUEST for 192.168.11.52 (192.168.11.3) from 00:25:b5:a0:00:2a via ens5
Jul  9 23:09:14 mas01 dhcpd[31876]: DHCPACK on 192.168.11.52 to 00:25:b5:a0:00:2a via ens5
Jul  9 23:09:14 mas01 sh[27446]: 2018-07-09 23:09:14 provisioningserver.rackdservices.tftp: [info] pxelinux.0 requested by 00:25:b5:a0:00:2a
Jul  9 23:09:14 mas01 sh[27446]: 2018-07-09 23:09:14 provisioningserver.rackdservices.tftp: [info] pxelinux.0 requested by 00:25:b5:a0:00:2a
Jul  9 23:09:14 mas01 sh[28446]: 2018-07-09 23:09:14 maasserver.rpc.leases: [info] Lease update: commit for 192.168.11.52 on 0:25:b5:a0:0:2a at 2018-07-09 23:09:14 (lease time: 30s)
Jul  9 23:09:14 mas01 sh[27446]: 2018-07-09 23:09:14 provisioningserver.rackdservices.tftp: [info] ldlinux.c32 requested by 00:25:b5:a0:00:2a
Jul  9 23:09:14 mas01 sh[27446]: 2018-07-09 23:09:14 provisioningserver.rackdservices.tftp: [info] pxelinux.cfg/f0c9cf06-d8ce-11e4-0000-10000000006f requested by 00:25:b5:a0:00:2a
Jul  9 23:09:14 mas01 sh[27446]: 2018-07-09 23:09:14 provisioningserver.rackdservices.tftp: [info] pxelinux.cfg/01-00-25-b5-a0-00-2a requested by 00:25:b5:a0:00:2a
Jul  9 23:09:15 mas01 sh[27446]: 2018-07-09 23:09:15 provisioningserver.rackdservices.tftp: [info] pxelinux.cfg/01-00-25-b5-a0-00-2a requested by 00:25:b5:a0:00:2a
Jul  9 23:09:15 mas01 sh[27446]: 2018-07-09 23:09:15 provisioningserver.rackdservices.tftp: [info] ubuntu/amd64/hwe-16.04/xenial/daily/boot-kernel requested by 00:25:b5:a0:00:2a
Jul  9 23:09:15 mas01 dhcpd[31876]: DHCPOFFER on 192.168.11.50 to 00:25:b5:a0:00:3a via ens5
Jul  9 23:09:16 mas01 dhcpd[31876]: execute_statement argv[0] = /usr/sbin/maas-dhcp-helper
Jul  9 23:09:16 mas01 dhcpd[31876]: execute_statement argv[1] = notify
Jul  9 23:09:16 mas01 dhcpd[31876]: execute_statement argv[2] = --action
Jul  9 23:09:16 mas01 dhcpd[31876]: execute_statement argv[3] = commit
Jul  9 23:09:16 mas01 dhcpd[31876]: execute_statement argv[4] = --mac
Jul  9 23:09:16 mas01 dhcpd[31876]: execute_statement argv[5] = 0:25:b5:a0:0:4a
Jul  9 23:09:16 mas01 dhcpd[31876]: execute_statement argv[6] = --ip-family
Jul  9 23:09:16 mas01 dhcpd[31876]: execute_statement argv[7] = ipv4
Jul  9 23:09:16 mas01 dhcpd[31876]: execute_statement argv[8] = --ip
Jul  9 23:09:16 mas01 dhcpd[31876]: execute_statement argv[9] = 192.168.11.53
Jul  9 23:09:16 mas01 dhcpd[31876]: execute_statement argv[10] = --lease-time
Jul  9 23:09:16 mas01 dhcpd[31876]: execute_statement argv[11] = 30
Jul  9 23:09:16 mas01 dhcpd[31876]: execute_statement argv[12] = --hostname
Jul  9 23:09:16 mas01 dhcpd[31876]: execute_statement argv[13] = (none)
Jul  9 23:09:16 mas01 dhcpd[31876]: execute_statement argv[14] = --socket
Jul  9 23:09:16 mas01 dhcpd[31876]: execute_statement argv[15] = /var/lib/maas/dhcpd.sock
Jul  9 23:09:16 mas01 dhcpd[31876]: DHCPREQUEST for 192.168.11.53 (192.168.11.3) from 00:25:b5:a0:00:4a via ens5
Jul  9 23:09:16 mas01 dhcpd[31876]: DHCPACK on 192.168.11.53 to 00:25:b5:a0:00:4a via ens5
Jul  9 23:09:16 mas01 sh[27446]: 2018-07-09 23:09:16 provisioningserver.rackdservices.tftp: [info] pxelinux.0 requested by 00:25:b5:a0:00:4a
Jul  9 23:09:16 mas01 sh[27446]: 2018-07-09 23:09:16 provisioningserver.rackdservices.tftp: [info] pxelinux.0 requested by 00:25:b5:a0:00:4a
Jul  9 23:09:16 mas01 sh[27959]: 2018-07-09 23:09:16 maasserver.rpc.leases: [info] Lease update: commit for 192.168.11.53 on 0:25:b5:a0:0:4a at 2018-07-09 23:09:16 (lease time: 30s)
Jul  9 23:09:16 mas01 sh[27446]: 2018-07-09 23:09:16 provisioningserver.rackdservices.tftp: [info] ldlinux.c32 requested by 00:25:b5:a0:00:4a
Jul  9 23:09:16 mas01 sh[27446]: 2018-07-09 23:09:16 provisioningserver.rackdservices.tftp: [info] pxelinux.cfg/f0c9cf06-d8ce-11e4-0000-10000000004f requested by 00:25:b5:a0:00:4a
Jul  9 23:09:16 mas01 sh[27446]: 2018-07-09 23:09:16 provisioningserver.rackdservices.tftp: [info] pxelinux.cfg/01-00-25-b5-a0-00-4a requested by 00:25:b5:a0:00:4a
Jul  9 23:09:16 mas01 sh[27446]: 2018-07-09 23:09:16 provisioningserver.rackdservices.tftp: [info] pxelinux.cfg/01-00-25-b5-a0-00-4a requested by 00:25:b5:a0:00:4a
Jul  9 23:09:16 mas01 sh[27446]: 2018-07-09 23:09:16 provisioningserver.rackdservices.tftp: [info] ubuntu/amd64/hwe-16.04/xenial/daily/boot-kernel requested by 00:25:b5:a0:00:4a
Jul  9 23:09:17 mas01 sh[27446]: 2018-07-09 23:09:17 provisioningserver.rackdservices.tftp: [info] ubuntu/amd64/hwe-16.04/xenial/daily/boot-initrd requested by 00:25:b5:a0:00:2a
Jul  9 23:09:18 mas01 dhcpd[31876]: execute_statement argv[0] = /usr/sbin/maas-dhcp-helper
Jul  9 23:09:18 mas01 dhcpd[31876]: execute_statement argv[1] = notify
Jul  9 23:09:18 mas01 dhcpd[31876]: execute_statement argv[2] = --action
Jul  9 23:09:18 mas01 dhcpd[31876]: execute_statement argv[3] = commit
Jul  9 23:09:18 mas01 dhcpd[31876]: execute_statement argv[4] = --mac
Jul  9 23:09:18 mas01 dhcpd[31876]: execute_statement argv[5] = 0:25:b5:a0:0:3a
Jul  9 23:09:18 mas01 dhcpd[31876]: execute_statement argv[6] = --ip-family
Jul  9 23:09:18 mas01 dhcpd[31876]: execute_statement argv[7] = ipv4
Jul  9 23:09:18 mas01 dhcpd[31876]: execute_statement argv[8] = --ip
Jul  9 23:09:18 mas01 dhcpd[31876]: execute_statement argv[9] = 192.168.11.50
Jul  9 23:09:18 mas01 dhcpd[31876]: execute_statement argv[10] = --lease-time
Jul  9 23:09:18 mas01 dhcpd[31876]: execute_statement argv[11] = 30
Jul  9 23:09:18 mas01 dhcpd[31876]: execute_statement argv[12] = --hostname
Jul  9 23:09:18 mas01 dhcpd[31876]: execute_statement argv[13] = (none)
Jul  9 23:09:18 mas01 dhcpd[31876]: execute_statement argv[14] = --socket
Jul  9 23:09:18 mas01 dhcpd[31876]: execute_statement argv[15] = /var/lib/maas/dhcpd.sock
Jul  9 23:09:18 mas01 dhcpd[31876]: DHCPREQUEST for 192.168.11.50 (192.168.11.3) from 00:25:b5:a0:00:3a via ens5
Jul  9 23:09:18 mas01 dhcpd[31876]: DHCPACK on 192.168.11.50 to 00:25:b5:a0:00:3a via ens5
Jul  9 23:09:18 mas01 sh[27446]: 2018-07-09 23:09:18 provisioningserver.rackdservices.tftp: [info] pxelinux.0 requested by 00:25:b5:a0:00:3a
Jul  9 23:09:18 mas01 sh[27446]: 2018-07-09 23:09:18 provisioningserver.rackdservices.tftp: [info] pxelinux.0 requested by 00:25:b5:a0:00:3a
Jul  9 23:09:18 mas01 sh[27967]: 2018-07-09 23:09:18 maasserver.rpc.leases: [info] Lease update: commit for 192.168.11.50 on 0:25:b5:a0:0:3a at 2018-07-09 23:09:18 (lease time: 30s)
Jul  9 23:09:18 mas01 sh[27446]: 2018-07-09 23:09:18 provisioningserver.rackdservices.tftp: [info] ldlinux.c32 requested by 00:25:b5:a0:00:3a
Jul  9 23:09:18 mas01 sh[27446]: 2018-07-09 23:09:18 provisioningserver.rackdservices.tftp: [info] pxelinux.cfg/f0c9cf06-d8ce-11e4-0000-10000000007f requested by 00:25:b5:a0:00:3a
Jul  9 23:09:18 mas01 sh[27446]: 2018-07-09 23:09:18 provisioningserver.rackdservices.tftp: [info] pxelinux.cfg/01-00-25-b5-a0-00-3a requested by 00:25:b5:a0:00:3a
Jul  9 23:09:18 mas01 sh[27446]: 2018-07-09 23:09:18 provisioningserver.rackdservices.tftp: [info] pxelinux.cfg/01-00-25-b5-a0-00-3a requested by 00:25:b5:a0:00:3a
Jul  9 23:09:18 mas01 sh[27446]: 2018-07-09 23:09:18 provisioningserver.rackdservices.tftp: [info] ubuntu/amd64/hwe-16.04/xenial/daily/boot-kernel requested by 00:25:b5:a0:00:3a
Jul  9 23:09:19 mas01 sh[27446]: 2018-07-09 23:09:19 provisioningserver.rackdservices.tftp: [info] ubuntu/amd64/hwe-16.04/xenial/daily/boot-initrd requested by 00:25:b5:a0:00:4a
Jul  9 23:09:21 mas01 sh[27446]: 2018-07-09 23:09:21 provisioningserver.rackdservices.tftp: [info] ubuntu/amd64/hwe-16.04/xenial/daily/boot-initrd requested by 00:25:b5:a0:00:3a
Jul  9 23:09:22 mas01 salt-minion[1387]: [INFO    ] User sudo_ubuntu Executing command state.apply with jid 20180709230922026775
Jul  9 23:09:22 mas01 salt-minion[1387]: [INFO    ] Starting a new job with PID 32659
Jul  9 23:09:23 mas01 salt-minion[1387]: [INFO    ] Loading fresh modules for state activity
Jul  9 23:09:23 mas01 salt-minion[1387]: [INFO    ] Running state [maas-region apikey --username opnfv > /var/lib/maas/.maas_credentials] at time 23:09:23.998019
Jul  9 23:09:23 mas01 salt-minion[1387]: [INFO    ] Executing state cmd.run for maas-region apikey --username opnfv > /var/lib/maas/.maas_credentials
Jul  9 23:09:24 mas01 salt-minion[1387]: [INFO    ] Executing command 'maas-region apikey --username opnfv > /var/lib/maas/.maas_credentials' in directory '/root'
Jul  9 23:09:24 mas01 sh[27963]: 2018-07-09 23:09:24 regiond: [info] 127.0.0.1 GET /MAAS/rpc/ HTTP/1.0 --> 200 OK (referrer: -; agent: provisioningserver.rpc.clusterservice.ClusterClientService)
Jul  9 23:09:24 mas01 sh[27446]: 2018-07-09 23:09:24 provisioningserver.dhcp.detect: [info] External DHCP server(s) discovered on interface 'ens3': 10.20.0.1
Jul  9 23:09:24 mas01 sh[27446]: 2018-07-09 23:09:24 provisioningserver.rackdservices.dhcp_probe_service: [info] External DHCP probe complete.
Jul  9 23:09:25 mas01 salt-minion[1387]: [INFO    ] {'pid': 32668, 'retcode': 0, 'stderr': '', 'stdout': ''}
Jul  9 23:09:25 mas01 salt-minion[1387]: [INFO    ] Completed state [maas-region apikey --username opnfv > /var/lib/maas/.maas_credentials] at time 23:09:25.752567 duration_in_ms=1754.549
Jul  9 23:09:25 mas01 salt-minion[1387]: [INFO    ] Running state [maas.machines_status] at time 23:09:25.754095
Jul  9 23:09:25 mas01 salt-minion[1387]: [INFO    ] Executing state module.run for maas.machines_status
Jul  9 23:09:26 mas01 sh[27963]: 2018-07-09 23:09:26 regiond: [info] 127.0.0.1 GET /MAAS/api/2.0/machines/ HTTP/1.1 --> 200 OK (referrer: -; agent: Python-urllib/2.7)
Jul  9 23:09:26 mas01 salt-minion[1387]: [INFO    ] {'ret': {'machines': [{'status': 'Deploying', 'hostname': u'cmp002', 'system_id': u'rx4g63'}, {'status': 'Deploying', 'hostname': u'cmp001', 'system_id': u'p3tr3w'}, {'status': 'Deploying', 'hostname': u'kvm01', 'system_id': u'mbmpne'}, {'status': 'Deploying', 'hostname': u'kvm03', 'system_id': u'bsrqge'}, {'status': 'Deploying', 'hostname': u'kvm02', 'system_id': u'q8cmyd'}], 'summary': Counter({'Deploying': 5})}}
Jul  9 23:09:26 mas01 salt-minion[1387]: [INFO    ] Completed state [maas.machines_status] at time 23:09:26.267254 duration_in_ms=513.157
Jul  9 23:09:26 mas01 salt-minion[1387]: [INFO    ] Returning information for job: 20180709230922026775
Jul  9 23:09:36 mas01 dhcpd[31876]: DHCPDISCOVER from 00:25:b5:a0:00:6a via ens5
Jul  9 23:09:36 mas01 dhcpd[31876]: DHCPOFFER on 192.168.11.51 to 00:25:b5:a0:00:6a (cmp002) via ens5
Jul  9 23:09:36 mas01 dhcpd[31876]: execute_statement argv[0] = /usr/sbin/maas-dhcp-helper
Jul  9 23:09:36 mas01 dhcpd[31876]: execute_statement argv[1] = notify
Jul  9 23:09:36 mas01 dhcpd[31876]: execute_statement argv[2] = --action
Jul  9 23:09:36 mas01 dhcpd[31876]: execute_statement argv[3] = commit
Jul  9 23:09:36 mas01 dhcpd[31876]: execute_statement argv[4] = --mac
Jul  9 23:09:36 mas01 dhcpd[31876]: execute_statement argv[5] = 0:25:b5:a0:0:6a
Jul  9 23:09:36 mas01 dhcpd[31876]: execute_statement argv[6] = --ip-family
Jul  9 23:09:36 mas01 dhcpd[31876]: execute_statement argv[7] = ipv4
Jul  9 23:09:36 mas01 dhcpd[31876]: execute_statement argv[8] = --ip
Jul  9 23:09:36 mas01 dhcpd[31876]: execute_statement argv[9] = 192.168.11.51
Jul  9 23:09:36 mas01 dhcpd[31876]: execute_statement argv[10] = --lease-time
Jul  9 23:09:36 mas01 dhcpd[31876]: execute_statement argv[11] = 600
Jul  9 23:09:36 mas01 dhcpd[31876]: execute_statement argv[12] = --hostname
Jul  9 23:09:36 mas01 dhcpd[31876]: execute_statement argv[13] = cmp002
Jul  9 23:09:36 mas01 dhcpd[31876]: execute_statement argv[14] = --socket
Jul  9 23:09:36 mas01 dhcpd[31876]: execute_statement argv[15] = /var/lib/maas/dhcpd.sock
Jul  9 23:09:36 mas01 dhcpd[31876]: DHCPREQUEST for 192.168.11.51 (192.168.11.3) from 00:25:b5:a0:00:6a (cmp002) via ens5
Jul  9 23:09:36 mas01 dhcpd[31876]: DHCPACK on 192.168.11.51 to 00:25:b5:a0:00:6a (cmp002) via ens5
Jul  9 23:09:36 mas01 dhcpd[31876]: DHCPDISCOVER from 00:25:b5:a0:00:2a via ens5
Jul  9 23:09:36 mas01 dhcpd[31876]: DHCPOFFER on 192.168.11.52 to 00:25:b5:a0:00:2a (kvm01) via ens5
Jul  9 23:09:36 mas01 dhcpd[31876]: DHCPDISCOVER from 00:25:b5:a0:00:5a via ens5
Jul  9 23:09:36 mas01 dhcpd[31876]: DHCPOFFER on 192.168.11.49 to 00:25:b5:a0:00:5a (cmp001) via ens5
Jul  9 23:09:36 mas01 dhcpd[31876]: DHCPDISCOVER from 00:25:b5:a0:00:5a (cmp001) via ens5
Jul  9 23:09:36 mas01 dhcpd[31876]: DHCPOFFER on 192.168.11.49 to 00:25:b5:a0:00:5a (cmp001) via ens5
Jul  9 23:09:36 mas01 dhcpd[31876]: execute_statement argv[0] = /usr/sbin/maas-dhcp-helper
Jul  9 23:09:36 mas01 dhcpd[31876]: execute_statement argv[1] = notify
Jul  9 23:09:36 mas01 dhcpd[31876]: execute_statement argv[2] = --action
Jul  9 23:09:36 mas01 dhcpd[31876]: execute_statement argv[3] = commit
Jul  9 23:09:36 mas01 dhcpd[31876]: execute_statement argv[4] = --mac
Jul  9 23:09:36 mas01 dhcpd[31876]: execute_statement argv[5] = 0:25:b5:a0:0:2a
Jul  9 23:09:36 mas01 dhcpd[31876]: execute_statement argv[6] = --ip-family
Jul  9 23:09:36 mas01 dhcpd[31876]: execute_statement argv[7] = ipv4
Jul  9 23:09:36 mas01 dhcpd[31876]: execute_statement argv[8] = --ip
Jul  9 23:09:36 mas01 dhcpd[31876]: execute_statement argv[9] = 192.168.11.52
Jul  9 23:09:36 mas01 dhcpd[31876]: execute_statement argv[10] = --lease-time
Jul  9 23:09:36 mas01 dhcpd[31876]: execute_statement argv[11] = 600
Jul  9 23:09:36 mas01 dhcpd[31876]: execute_statement argv[12] = --hostname
Jul  9 23:09:36 mas01 dhcpd[31876]: execute_statement argv[13] = kvm01
Jul  9 23:09:36 mas01 dhcpd[31876]: execute_statement argv[14] = --socket
Jul  9 23:09:36 mas01 dhcpd[31876]: execute_statement argv[15] = /var/lib/maas/dhcpd.sock
Jul  9 23:09:36 mas01 sh[27967]: 2018-07-09 23:09:36 maasserver.rpc.leases: [info] Lease update: commit for 192.168.11.51 on 0:25:b5:a0:0:6a at 2018-07-09 23:09:36 (lease time: 600s) (hostname: cmp002)
Jul  9 23:09:36 mas01 dhcpd[31876]: DHCPREQUEST for 192.168.11.52 (192.168.11.3) from 00:25:b5:a0:00:2a (kvm01) via ens5
Jul  9 23:09:36 mas01 dhcpd[31876]: DHCPACK on 192.168.11.52 to 00:25:b5:a0:00:2a (kvm01) via ens5
Jul  9 23:09:36 mas01 dhcpd[31876]: execute_statement argv[0] = /usr/sbin/maas-dhcp-helper
Jul  9 23:09:36 mas01 dhcpd[31876]: execute_statement argv[1] = notify
Jul  9 23:09:36 mas01 dhcpd[31876]: execute_statement argv[2] = --action
Jul  9 23:09:36 mas01 dhcpd[31876]: execute_statement argv[3] = commit
Jul  9 23:09:36 mas01 dhcpd[31876]: execute_statement argv[4] = --mac
Jul  9 23:09:36 mas01 dhcpd[31876]: execute_statement argv[5] = 0:25:b5:a0:0:5a
Jul  9 23:09:36 mas01 dhcpd[31876]: execute_statement argv[6] = --ip-family
Jul  9 23:09:36 mas01 dhcpd[31876]: execute_statement argv[7] = ipv4
Jul  9 23:09:36 mas01 dhcpd[31876]: execute_statement argv[8] = --ip
Jul  9 23:09:36 mas01 dhcpd[31876]: execute_statement argv[9] = 192.168.11.49
Jul  9 23:09:36 mas01 dhcpd[31876]: execute_statement argv[10] = --lease-time
Jul  9 23:09:36 mas01 dhcpd[31876]: execute_statement argv[11] = 600
Jul  9 23:09:36 mas01 dhcpd[31876]: execute_statement argv[12] = --hostname
Jul  9 23:09:36 mas01 dhcpd[31876]: execute_statement argv[13] = cmp001
Jul  9 23:09:36 mas01 dhcpd[31876]: execute_statement argv[14] = --socket
Jul  9 23:09:36 mas01 dhcpd[31876]: execute_statement argv[15] = /var/lib/maas/dhcpd.sock
Jul  9 23:09:36 mas01 sh[27959]: 2018-07-09 23:09:36 maasserver.rpc.leases: [info] Lease update: commit for 192.168.11.52 on 0:25:b5:a0:0:2a at 2018-07-09 23:09:36 (lease time: 600s) (hostname: kvm01)
Jul  9 23:09:36 mas01 dhcpd[31876]: DHCPREQUEST for 192.168.11.49 (192.168.11.3) from 00:25:b5:a0:00:5a (cmp001) via ens5
Jul  9 23:09:36 mas01 dhcpd[31876]: DHCPACK on 192.168.11.49 to 00:25:b5:a0:00:5a (cmp001) via ens5
Jul  9 23:09:36 mas01 sh[27963]: 2018-07-09 23:09:36 maasserver.rpc.leases: [info] Lease update: commit for 192.168.11.49 on 0:25:b5:a0:0:5a at 2018-07-09 23:09:36 (lease time: 600s) (hostname: cmp001)
Jul  9 23:09:36 mas01 salt-minion[1387]: [INFO    ] User sudo_ubuntu Executing command state.apply with jid 20180709230936936426
Jul  9 23:09:36 mas01 salt-minion[1387]: [INFO    ] Starting a new job with PID 32699
Jul  9 23:09:37 mas01 salt-minion[1387]: [INFO    ] Loading fresh modules for state activity
Jul  9 23:09:37 mas01 salt-minion[1387]: [INFO    ] Running state [maas-region apikey --username opnfv > /var/lib/maas/.maas_credentials] at time 23:09:37.409155
Jul  9 23:09:37 mas01 salt-minion[1387]: [INFO    ] Executing state cmd.run for maas-region apikey --username opnfv > /var/lib/maas/.maas_credentials
Jul  9 23:09:37 mas01 salt-minion[1387]: [INFO    ] Executing command 'maas-region apikey --username opnfv > /var/lib/maas/.maas_credentials' in directory '/root'
Jul  9 23:09:37 mas01 sh[27446]: 2018-07-09 23:09:37 rackd: [info] 192.168.11.51 GET /images/ubuntu/amd64/hwe-16.04/xenial/daily/squashfs HTTP/1.1 --> 200 OK (referrer: -; agent: Wget)
Jul  9 23:09:37 mas01 sh[27446]: 2018-07-09 23:09:37 rackd: [info] 192.168.11.52 GET /images/ubuntu/amd64/hwe-16.04/xenial/daily/squashfs HTTP/1.1 --> 200 OK (referrer: -; agent: Wget)
Jul  9 23:09:37 mas01 sh[27446]: 2018-07-09 23:09:37 rackd: [info] 192.168.11.49 GET /images/ubuntu/amd64/hwe-16.04/xenial/daily/squashfs HTTP/1.1 --> 200 OK (referrer: -; agent: Wget)
Jul  9 23:09:38 mas01 salt-minion[1387]: [INFO    ] {'pid': 32706, 'retcode': 0, 'stderr': '', 'stdout': ''}
Jul  9 23:09:38 mas01 salt-minion[1387]: [INFO    ] Completed state [maas-region apikey --username opnfv > /var/lib/maas/.maas_credentials] at time 23:09:38.972553 duration_in_ms=1563.398
Jul  9 23:09:38 mas01 salt-minion[1387]: [INFO    ] Running state [maas.machines_status] at time 23:09:38.975015
Jul  9 23:09:38 mas01 salt-minion[1387]: [INFO    ] Executing state module.run for maas.machines_status
Jul  9 23:09:39 mas01 sh[27959]: 2018-07-09 23:09:39 regiond: [info] 127.0.0.1 GET /MAAS/api/2.0/machines/ HTTP/1.1 --> 200 OK (referrer: -; agent: Python-urllib/2.7)
Jul  9 23:09:39 mas01 salt-minion[1387]: [INFO    ] {'ret': {'machines': [{'status': 'Deploying', 'hostname': u'cmp002', 'system_id': u'rx4g63'}, {'status': 'Deploying', 'hostname': u'cmp001', 'system_id': u'p3tr3w'}, {'status': 'Deploying', 'hostname': u'kvm01', 'system_id': u'mbmpne'}, {'status': 'Deploying', 'hostname': u'kvm03', 'system_id': u'bsrqge'}, {'status': 'Deploying', 'hostname': u'kvm02', 'system_id': u'q8cmyd'}], 'summary': Counter({'Deploying': 5})}}
Jul  9 23:09:39 mas01 salt-minion[1387]: [INFO    ] Completed state [maas.machines_status] at time 23:09:39.727340 duration_in_ms=752.324
Jul  9 23:09:39 mas01 salt-minion[1387]: [INFO    ] Returning information for job: 20180709230936936426
Jul  9 23:09:40 mas01 sh[27967]: 2018-07-09 23:09:40 regiond: [info] 192.168.11.51 POST /MAAS/metadata/status/rx4g63 HTTP/1.1 --> 204 NO_CONTENT (referrer: -; agent: python-requests/2.9.1)
Jul  9 23:09:40 mas01 sh[27963]: 2018-07-09 23:09:40 regiond: [info] 192.168.11.52 POST /MAAS/metadata/status/mbmpne HTTP/1.1 --> 204 NO_CONTENT (referrer: -; agent: python-requests/2.9.1)
Jul  9 23:09:40 mas01 sh[27963]: 2018-07-09 23:09:40 regiond: [info] 192.168.11.52 POST /MAAS/metadata/status/mbmpne HTTP/1.1 --> 204 NO_CONTENT (referrer: -; agent: python-requests/2.9.1)
Jul  9 23:09:40 mas01 sh[27963]: 2018-07-09 23:09:40 regiond: [info] 192.168.11.51 POST /MAAS/metadata/status/rx4g63 HTTP/1.1 --> 204 NO_CONTENT (referrer: -; agent: python-requests/2.9.1)
Jul  9 23:09:40 mas01 sh[27959]: 2018-07-09 23:09:40 regiond: [info] 192.168.11.49 POST /MAAS/metadata/status/p3tr3w HTTP/1.1 --> 204 NO_CONTENT (referrer: -; agent: python-requests/2.9.1)
Jul  9 23:09:40 mas01 sh[27959]: 2018-07-09 23:09:40 regiond: [info] 192.168.11.49 POST /MAAS/metadata/status/p3tr3w HTTP/1.1 --> 204 NO_CONTENT (referrer: -; agent: python-requests/2.9.1)
Jul  9 23:09:40 mas01 sh[27963]: 2018-07-09 23:09:40 regiond: [info] 192.168.11.51 POST /MAAS/metadata/status/rx4g63 HTTP/1.1 --> 204 NO_CONTENT (referrer: -; agent: python-requests/2.9.1)
Jul  9 23:09:40 mas01 sh[27963]: 2018-07-09 23:09:40 regiond: [info] 192.168.11.52 POST /MAAS/metadata/status/mbmpne HTTP/1.1 --> 204 NO_CONTENT (referrer: -; agent: python-requests/2.9.1)
Jul  9 23:09:40 mas01 sh[27967]: 2018-07-09 23:09:40 regiond: [info] 192.168.11.49 POST /MAAS/metadata/status/p3tr3w HTTP/1.1 --> 204 NO_CONTENT (referrer: -; agent: python-requests/2.9.1)
Jul  9 23:09:41 mas01 sh[27963]: 2018-07-09 23:09:41 regiond: [info] 192.168.11.49 GET /MAAS/metadata/latest/by-id/p3tr3w/?op=get_preseed HTTP/1.1 --> 200 OK (referrer: -; agent: Cloud-Init/18.2)
Jul  9 23:09:41 mas01 sh[27959]: 2018-07-09 23:09:41 regiond: [info] 192.168.11.51 POST /MAAS/metadata/status/rx4g63 HTTP/1.1 --> 204 NO_CONTENT (referrer: -; agent: python-requests/2.9.1)
Jul  9 23:09:41 mas01 sh[27959]: 2018-07-09 23:09:41 regiond: [info] 192.168.11.51 POST /MAAS/metadata/status/rx4g63 HTTP/1.1 --> 204 NO_CONTENT (referrer: -; agent: python-requests/2.9.1)
Jul  9 23:09:41 mas01 sh[27967]: 2018-07-09 23:09:41 regiond: [info] 192.168.11.51 POST /MAAS/metadata/status/rx4g63 HTTP/1.1 --> 204 NO_CONTENT (referrer: -; agent: python-requests/2.9.1)
Jul  9 23:09:41 mas01 sh[27959]: 2018-07-09 23:09:41 regiond: [info] 192.168.11.49 POST /MAAS/metadata/status/p3tr3w HTTP/1.1 --> 204 NO_CONTENT (referrer: -; agent: python-requests/2.9.1)
Jul  9 23:09:41 mas01 sh[27959]: 2018-07-09 23:09:41 regiond: [info] 192.168.11.49 POST /MAAS/metadata/status/p3tr3w HTTP/1.1 --> 204 NO_CONTENT (referrer: -; agent: python-requests/2.9.1)
Jul  9 23:09:41 mas01 sh[28446]: 2018-07-09 23:09:41 regiond: [info] 192.168.11.49 POST /MAAS/metadata/status/p3tr3w HTTP/1.1 --> 204 NO_CONTENT (referrer: -; agent: python-requests/2.9.1)
Jul  9 23:09:41 mas01 sh[27967]: 2018-07-09 23:09:41 regiond: [info] 192.168.11.51 GET /MAAS/metadata/curtin/2012-03-01/meta-data/instance-id HTTP/1.1 --> 200 OK (referrer: -; agent: Cloud-Init/18.2)
Jul  9 23:09:41 mas01 sh[27959]: 2018-07-09 23:09:41 regiond: [info] 192.168.11.52 POST /MAAS/metadata/status/mbmpne HTTP/1.1 --> 204 NO_CONTENT (referrer: -; agent: python-requests/2.9.1)
Jul  9 23:09:41 mas01 sh[27963]: 2018-07-09 23:09:41 regiond: [info] 192.168.11.52 POST /MAAS/metadata/status/mbmpne HTTP/1.1 --> 204 NO_CONTENT (referrer: -; agent: python-requests/2.9.1)
Jul  9 23:09:41 mas01 sh[27959]: 2018-07-09 23:09:41 regiond: [info] 192.168.11.52 POST /MAAS/metadata/status/mbmpne HTTP/1.1 --> 204 NO_CONTENT (referrer: -; agent: python-requests/2.9.1)
Jul  9 23:09:41 mas01 sh[28446]: 2018-07-09 23:09:41 regiond: [info] 192.168.11.49 GET /MAAS/metadata/curtin/2012-03-01/meta-data/instance-id HTTP/1.1 --> 200 OK (referrer: -; agent: Cloud-Init/18.2)
Jul  9 23:09:41 mas01 sh[28446]: 2018-07-09 23:09:41 regiond: [info] 192.168.11.51 GET /MAAS/metadata/curtin/2012-03-01/meta-data/instance-id HTTP/1.1 --> 200 OK (referrer: -; agent: python-requests/2.9.1)
Jul  9 23:09:41 mas01 sh[27967]: 2018-07-09 23:09:41 regiond: [info] 192.168.11.52 GET /MAAS/metadata/curtin/2012-03-01/meta-data/instance-id HTTP/1.1 --> 200 OK (referrer: -; agent: Cloud-Init/18.2)
Jul  9 23:09:41 mas01 sh[27967]: 2018-07-09 23:09:41 regiond: [info] 192.168.11.49 GET /MAAS/metadata/curtin/2012-03-01/meta-data/instance-id HTTP/1.1 --> 200 OK (referrer: -; agent: python-requests/2.9.1)
Jul  9 23:09:41 mas01 sh[27963]: 2018-07-09 23:09:41 regiond: [info] 192.168.11.51 GET /MAAS/metadata/curtin/2012-03-01/meta-data/local-hostname HTTP/1.1 --> 200 OK (referrer: -; agent: python-requests/2.9.1)
Jul  9 23:09:41 mas01 sh[27959]: 2018-07-09 23:09:41 regiond: [info] 192.168.11.52 GET /MAAS/metadata/curtin/2012-03-01/meta-data/instance-id HTTP/1.1 --> 200 OK (referrer: -; agent: python-requests/2.9.1)
Jul  9 23:09:41 mas01 sh[27967]: 2018-07-09 23:09:41 regiond: [info] 192.168.11.49 GET /MAAS/metadata/curtin/2012-03-01/meta-data/local-hostname HTTP/1.1 --> 200 OK (referrer: -; agent: python-requests/2.9.1)
Jul  9 23:09:41 mas01 sh[27967]: 2018-07-09 23:09:41 regiond: [info] 192.168.11.52 GET /MAAS/metadata/curtin/2012-03-01/meta-data/local-hostname HTTP/1.1 --> 200 OK (referrer: -; agent: python-requests/2.9.1)
Jul  9 23:09:41 mas01 sh[28446]: 2018-07-09 23:09:41 regiond: [info] 192.168.11.51 GET /MAAS/metadata/curtin/2012-03-01/meta-data/vendor-data HTTP/1.1 --> 200 OK (referrer: -; agent: python-requests/2.9.1)
Jul  9 23:09:41 mas01 sh[28446]: 2018-07-09 23:09:41 regiond: [info] 192.168.11.52 GET /MAAS/metadata/curtin/2012-03-01/meta-data/public-keys HTTP/1.1 --> 200 OK (referrer: -; agent: python-requests/2.9.1)
Jul  9 23:09:41 mas01 sh[27963]: 2018-07-09 23:09:41 regiond: [info] 192.168.11.49 GET /MAAS/metadata/curtin/2012-03-01/meta-data/vendor-data HTTP/1.1 --> 200 OK (referrer: -; agent: python-requests/2.9.1)
Jul  9 23:09:41 mas01 sh[27959]: 2018-07-09 23:09:41 regiond: [info] 192.168.11.52 GET /MAAS/metadata/curtin/2012-03-01/meta-data/vendor-data HTTP/1.1 --> 200 OK (referrer: -; agent: python-requests/2.9.1)
Jul  9 23:09:41 mas01 sh[27963]: 2018-07-09 23:09:41 maasserver.preseed: [warn] WARNING: '/etc/maas/preseeds/curtin_userdata_amd64_generic_xenial' contains deprecated preseed variables. Please remove: main_archive_directory, ports_archive_directory, http_proxy
Jul  9 23:09:41 mas01 sh[28446]: 2018-07-09 23:09:41 maasserver.preseed: [warn] WARNING: '/etc/maas/preseeds/curtin_userdata_amd64_generic_xenial' contains deprecated preseed variables. Please remove: main_archive_directory, ports_archive_directory, http_proxy
Jul  9 23:09:41 mas01 sh[27967]: 2018-07-09 23:09:41 maasserver.preseed: [warn] WARNING: '/etc/maas/preseeds/curtin_userdata_amd64_generic_xenial' contains deprecated preseed variables. Please remove: main_archive_directory, ports_archive_directory, http_proxy
Jul  9 23:09:42 mas01 sh[27967]: 2018-07-09 23:09:42 regiond: [info] 192.168.11.49 GET /MAAS/metadata/curtin/2012-03-01/user-data HTTP/1.1 --> 200 OK (referrer: -; agent: python-requests/2.9.1)
Jul  9 23:09:42 mas01 sh[27963]: 2018-07-09 23:09:42 regiond: [info] 192.168.11.49 POST /MAAS/metadata/status/p3tr3w HTTP/1.1 --> 204 NO_CONTENT (referrer: -; agent: python-requests/2.9.1)
Jul  9 23:09:42 mas01 sh[27963]: 2018-07-09 23:09:42 regiond: [info] 192.168.11.51 GET /MAAS/metadata/curtin/2012-03-01/user-data HTTP/1.1 --> 200 OK (referrer: -; agent: python-requests/2.9.1)
Jul  9 23:09:42 mas01 sh[27967]: 2018-07-09 23:09:42 regiond: [info] 192.168.11.51 POST /MAAS/metadata/status/rx4g63 HTTP/1.1 --> 204 NO_CONTENT (referrer: -; agent: python-requests/2.9.1)
Jul  9 23:09:42 mas01 sh[28446]: 2018-07-09 23:09:42 regiond: [info] 192.168.11.52 GET /MAAS/metadata/curtin/2012-03-01/user-data HTTP/1.1 --> 200 OK (referrer: -; agent: python-requests/2.9.1)
Jul  9 23:09:42 mas01 sh[27963]: 2018-07-09 23:09:42 regiond: [info] 192.168.11.52 POST /MAAS/metadata/status/mbmpne HTTP/1.1 --> 204 NO_CONTENT (referrer: -; agent: python-requests/2.9.1)
Jul  9 23:09:42 mas01 sh[27959]: 2018-07-09 23:09:42 regiond: [info] 192.168.11.49 POST /MAAS/metadata/status/p3tr3w HTTP/1.1 --> 204 NO_CONTENT (referrer: -; agent: python-requests/2.9.1)
Jul  9 23:09:42 mas01 sh[27959]: 2018-07-09 23:09:42 regiond: [info] 192.168.11.49 POST /MAAS/metadata/status/p3tr3w HTTP/1.1 --> 204 NO_CONTENT (referrer: -; agent: python-requests/2.9.1)
Jul  9 23:09:42 mas01 sh[27967]: 2018-07-09 23:09:42 regiond: [info] 192.168.11.51 POST /MAAS/metadata/status/rx4g63 HTTP/1.1 --> 204 NO_CONTENT (referrer: -; agent: python-requests/2.9.1)
Jul  9 23:09:42 mas01 sh[27959]: 2018-07-09 23:09:42 regiond: [info] 192.168.11.49 POST /MAAS/metadata/status/p3tr3w HTTP/1.1 --> 204 NO_CONTENT (referrer: -; agent: python-requests/2.9.1)
Jul  9 23:09:42 mas01 sh[27967]: 2018-07-09 23:09:42 regiond: [info] 192.168.11.51 POST /MAAS/metadata/status/rx4g63 HTTP/1.1 --> 204 NO_CONTENT (referrer: -; agent: python-requests/2.9.1)
Jul  9 23:09:42 mas01 sh[28446]: 2018-07-09 23:09:42 regiond: [info] 192.168.11.49 POST /MAAS/metadata/status/p3tr3w HTTP/1.1 --> 204 NO_CONTENT (referrer: -; agent: python-requests/2.9.1)
Jul  9 23:09:42 mas01 sh[28446]: 2018-07-09 23:09:42 regiond: [info] 192.168.11.51 POST /MAAS/metadata/status/rx4g63 HTTP/1.1 --> 204 NO_CONTENT (referrer: -; agent: python-requests/2.9.1)
Jul  9 23:09:42 mas01 sh[27963]: 2018-07-09 23:09:42 regiond: [info] 192.168.11.51 POST /MAAS/metadata/status/rx4g63 HTTP/1.1 --> 204 NO_CONTENT (referrer: -; agent: python-requests/2.9.1)
Jul  9 23:09:42 mas01 sh[27959]: 2018-07-09 23:09:42 regiond: [info] 192.168.11.52 POST /MAAS/metadata/status/mbmpne HTTP/1.1 --> 204 NO_CONTENT (referrer: -; agent: python-requests/2.9.1)
Jul  9 23:09:42 mas01 sh[27959]: message repeated 2 times: [ 2018-07-09 23:09:42 regiond: [info] 192.168.11.52 POST /MAAS/metadata/status/mbmpne HTTP/1.1 --> 204 NO_CONTENT (referrer: -; agent: python-requests/2.9.1)]
Jul  9 23:09:42 mas01 sh[27963]: 2018-07-09 23:09:42 regiond: [info] 192.168.11.52 POST /MAAS/metadata/status/mbmpne HTTP/1.1 --> 204 NO_CONTENT (referrer: -; agent: python-requests/2.9.1)
Jul  9 23:09:42 mas01 sh[27967]: 2018-07-09 23:09:42 regiond: [info] 192.168.11.49 POST /MAAS/metadata/status/p3tr3w HTTP/1.1 --> 204 NO_CONTENT (referrer: -; agent: python-requests/2.9.1)
Jul  9 23:09:42 mas01 sh[27963]: 2018-07-09 23:09:42 regiond: [info] 192.168.11.49 POST /MAAS/metadata/status/p3tr3w HTTP/1.1 --> 204 NO_CONTENT (referrer: -; agent: python-requests/2.9.1)
Jul  9 23:09:42 mas01 sh[27967]: 2018-07-09 23:09:42 regiond: [info] 192.168.11.51 POST /MAAS/metadata/status/rx4g63 HTTP/1.1 --> 204 NO_CONTENT (referrer: -; agent: python-requests/2.9.1)
Jul  9 23:09:42 mas01 sh[27959]: 2018-07-09 23:09:42 regiond: [info] 192.168.11.49 POST /MAAS/metadata/status/p3tr3w HTTP/1.1 --> 204 NO_CONTENT (referrer: -; agent: python-requests/2.9.1)
Jul  9 23:09:42 mas01 sh[27967]: 2018-07-09 23:09:42 regiond: [info] 192.168.11.51 POST /MAAS/metadata/status/rx4g63 HTTP/1.1 --> 204 NO_CONTENT (referrer: -; agent: python-requests/2.9.1)
Jul  9 23:09:42 mas01 sh[27959]: 2018-07-09 23:09:42 regiond: [info] 192.168.11.49 POST /MAAS/metadata/status/p3tr3w HTTP/1.1 --> 204 NO_CONTENT (referrer: -; agent: python-requests/2.9.1)
Jul  9 23:09:42 mas01 sh[27963]: 2018-07-09 23:09:42 regiond: [info] 192.168.11.51 POST /MAAS/metadata/status/rx4g63 HTTP/1.1 --> 204 NO_CONTENT (referrer: -; agent: python-requests/2.9.1)
Jul  9 23:09:42 mas01 sh[27959]: 2018-07-09 23:09:42 regiond: [info] 192.168.11.49 POST /MAAS/metadata/status/p3tr3w HTTP/1.1 --> 204 NO_CONTENT (referrer: -; agent: python-requests/2.9.1)
Jul  9 23:09:42 mas01 sh[27959]: 2018-07-09 23:09:42 regiond: [info] 192.168.11.51 POST /MAAS/metadata/status/rx4g63 HTTP/1.1 --> 204 NO_CONTENT (referrer: -; agent: python-requests/2.9.1)
Jul  9 23:09:42 mas01 sh[27967]: 2018-07-09 23:09:42 regiond: [info] 192.168.11.49 POST /MAAS/metadata/status/p3tr3w HTTP/1.1 --> 204 NO_CONTENT (referrer: -; agent: python-requests/2.9.1)
Jul  9 23:09:42 mas01 sh[27963]: 2018-07-09 23:09:42 regiond: [info] 192.168.11.51 POST /MAAS/metadata/status/rx4g63 HTTP/1.1 --> 204 NO_CONTENT (referrer: -; agent: python-requests/2.9.1)
Jul  9 23:09:42 mas01 sh[27967]: 2018-07-09 23:09:42 regiond: [info] 192.168.11.49 POST /MAAS/metadata/status/p3tr3w HTTP/1.1 --> 204 NO_CONTENT (referrer: -; agent: python-requests/2.9.1)
Jul  9 23:09:42 mas01 sh[27967]: 2018-07-09 23:09:42 regiond: [info] 192.168.11.51 POST /MAAS/metadata/status/rx4g63 HTTP/1.1 --> 204 NO_CONTENT (referrer: -; agent: python-requests/2.9.1)
Jul  9 23:09:42 mas01 sh[27959]: 2018-07-09 23:09:42 regiond: [info] 192.168.11.49 POST /MAAS/metadata/status/p3tr3w HTTP/1.1 --> 204 NO_CONTENT (referrer: -; agent: python-requests/2.9.1)
Jul  9 23:09:42 mas01 sh[27963]: 2018-07-09 23:09:42 regiond: [info] 192.168.11.51 POST /MAAS/metadata/status/rx4g63 HTTP/1.1 --> 204 NO_CONTENT (referrer: -; agent: python-requests/2.9.1)
Jul  9 23:09:42 mas01 sh[27959]: 2018-07-09 23:09:42 regiond: [info] 192.168.11.49 POST /MAAS/metadata/status/p3tr3w HTTP/1.1 --> 204 NO_CONTENT (referrer: -; agent: python-requests/2.9.1)
Jul  9 23:09:42 mas01 sh[27959]: 2018-07-09 23:09:42 regiond: [info] 192.168.11.51 POST /MAAS/metadata/status/rx4g63 HTTP/1.1 --> 204 NO_CONTENT (referrer: -; agent: python-requests/2.9.1)
Jul  9 23:09:42 mas01 sh[27959]: 2018-07-09 23:09:42 regiond: [info] 192.168.11.51 POST /MAAS/metadata/status/rx4g63 HTTP/1.1 --> 204 NO_CONTENT (referrer: -; agent: python-requests/2.9.1)
Jul  9 23:09:42 mas01 sh[27959]: 2018-07-09 23:09:42 regiond: [info] 192.168.11.49 POST /MAAS/metadata/status/p3tr3w HTTP/1.1 --> 204 NO_CONTENT (referrer: -; agent: python-requests/2.9.1)
Jul  9 23:09:42 mas01 sh[27959]: 2018-07-09 23:09:42 regiond: [info] 192.168.11.49 POST /MAAS/metadata/status/p3tr3w HTTP/1.1 --> 204 NO_CONTENT (referrer: -; agent: python-requests/2.9.1)
Jul  9 23:09:42 mas01 sh[27959]: 2018-07-09 23:09:42 regiond: [info] 192.168.11.51 POST /MAAS/metadata/status/rx4g63 HTTP/1.1 --> 204 NO_CONTENT (referrer: -; agent: python-requests/2.9.1)
Jul  9 23:09:42 mas01 sh[27959]: 2018-07-09 23:09:42 regiond: [info] 192.168.11.49 POST /MAAS/metadata/status/p3tr3w HTTP/1.1 --> 204 NO_CONTENT (referrer: -; agent: python-requests/2.9.1)
Jul  9 23:09:42 mas01 sh[28446]: 2018-07-09 23:09:42 regiond: [info] 192.168.11.51 POST /MAAS/metadata/status/rx4g63 HTTP/1.1 --> 204 NO_CONTENT (referrer: -; agent: python-requests/2.9.1)
Jul  9 23:09:42 mas01 sh[27963]: 2018-07-09 23:09:42 regiond: [info] 192.168.11.49 POST /MAAS/metadata/status/p3tr3w HTTP/1.1 --> 204 NO_CONTENT (referrer: -; agent: python-requests/2.9.1)
Jul  9 23:09:42 mas01 sh[27967]: 2018-07-09 23:09:42 regiond: [info] 192.168.11.49 POST /MAAS/metadata/status/p3tr3w HTTP/1.1 --> 204 NO_CONTENT (referrer: -; agent: python-requests/2.9.1)
Jul  9 23:09:42 mas01 sh[28446]: 2018-07-09 23:09:42 regiond: [info] 192.168.11.51 POST /MAAS/metadata/status/rx4g63 HTTP/1.1 --> 204 NO_CONTENT (referrer: -; agent: python-requests/2.9.1)
Jul  9 23:09:42 mas01 sh[27967]: 2018-07-09 23:09:42 regiond: [info] 192.168.11.49 POST /MAAS/metadata/status/p3tr3w HTTP/1.1 --> 204 NO_CONTENT (referrer: -; agent: python-requests/2.9.1)
Jul  9 23:09:42 mas01 sh[27963]: 2018-07-09 23:09:42 regiond: [info] 192.168.11.51 POST /MAAS/metadata/status/rx4g63 HTTP/1.1 --> 204 NO_CONTENT (referrer: -; agent: python-requests/2.9.1)
Jul  9 23:09:42 mas01 sh[28446]: 2018-07-09 23:09:42 regiond: [info] 192.168.11.49 POST /MAAS/metadata/status/p3tr3w HTTP/1.1 --> 204 NO_CONTENT (referrer: -; agent: python-requests/2.9.1)
Jul  9 23:09:42 mas01 sh[27963]: 2018-07-09 23:09:42 regiond: [info] 192.168.11.51 POST /MAAS/metadata/status/rx4g63 HTTP/1.1 --> 204 NO_CONTENT (referrer: -; agent: python-requests/2.9.1)
Jul  9 23:09:42 mas01 sh[27963]: 2018-07-09 23:09:42 regiond: [info] 192.168.11.49 POST /MAAS/metadata/status/p3tr3w HTTP/1.1 --> 204 NO_CONTENT (referrer: -; agent: python-requests/2.9.1)
Jul  9 23:09:42 mas01 sh[27967]: 2018-07-09 23:09:42 regiond: [info] 192.168.11.49 POST /MAAS/metadata/status/p3tr3w HTTP/1.1 --> 204 NO_CONTENT (referrer: -; agent: python-requests/2.9.1)
Jul  9 23:09:42 mas01 sh[28446]: 2018-07-09 23:09:42 regiond: [info] 192.168.11.51 POST /MAAS/metadata/status/rx4g63 HTTP/1.1 --> 204 NO_CONTENT (referrer: -; agent: python-requests/2.9.1)
Jul  9 23:09:42 mas01 sh[28446]: 2018-07-09 23:09:42 regiond: [info] 192.168.11.49 POST /MAAS/metadata/status/p3tr3w HTTP/1.1 --> 204 NO_CONTENT (referrer: -; agent: python-requests/2.9.1)
Jul  9 23:09:42 mas01 sh[28446]: 2018-07-09 23:09:42 regiond: [info] 192.168.11.51 POST /MAAS/metadata/status/rx4g63 HTTP/1.1 --> 204 NO_CONTENT (referrer: -; agent: python-requests/2.9.1)
Jul  9 23:09:42 mas01 sh[27967]: 2018-07-09 23:09:42 regiond: [info] 192.168.11.49 POST /MAAS/metadata/status/p3tr3w HTTP/1.1 --> 204 NO_CONTENT (referrer: -; agent: python-requests/2.9.1)
Jul  9 23:09:42 mas01 sh[27963]: 2018-07-09 23:09:42 regiond: [info] 192.168.11.51 POST /MAAS/metadata/status/rx4g63 HTTP/1.1 --> 204 NO_CONTENT (referrer: -; agent: python-requests/2.9.1)
Jul  9 23:09:42 mas01 sh[27967]: 2018-07-09 23:09:42 regiond: [info] 192.168.11.52 POST /MAAS/metadata/status/mbmpne HTTP/1.1 --> 204 NO_CONTENT (referrer: -; agent: python-requests/2.9.1)
Jul  9 23:09:42 mas01 sh[28446]: 2018-07-09 23:09:42 regiond: [info] 192.168.11.49 POST /MAAS/metadata/status/p3tr3w HTTP/1.1 --> 204 NO_CONTENT (referrer: -; agent: python-requests/2.9.1)
Jul  9 23:09:42 mas01 sh[28446]: 2018-07-09 23:09:42 regiond: [info] 192.168.11.51 POST /MAAS/metadata/status/rx4g63 HTTP/1.1 --> 204 NO_CONTENT (referrer: -; agent: python-requests/2.9.1)
Jul  9 23:09:42 mas01 sh[28446]: 2018-07-09 23:09:42 regiond: [info] 192.168.11.52 POST /MAAS/metadata/status/mbmpne HTTP/1.1 --> 204 NO_CONTENT (referrer: -; agent: python-requests/2.9.1)
Jul  9 23:09:42 mas01 sh[27959]: 2018-07-09 23:09:42 regiond: [info] 192.168.11.51 POST /MAAS/metadata/status/rx4g63 HTTP/1.1 --> 204 NO_CONTENT (referrer: -; agent: python-requests/2.9.1)
Jul  9 23:09:42 mas01 sh[27967]: 2018-07-09 23:09:42 regiond: [info] 192.168.11.49 POST /MAAS/metadata/status/p3tr3w HTTP/1.1 --> 204 NO_CONTENT (referrer: -; agent: python-requests/2.9.1)
Jul  9 23:09:42 mas01 sh[27963]: 2018-07-09 23:09:42 regiond: [info] 192.168.11.52 POST /MAAS/metadata/status/mbmpne HTTP/1.1 --> 204 NO_CONTENT (referrer: -; agent: python-requests/2.9.1)
Jul  9 23:09:42 mas01 sh[28446]: 2018-07-09 23:09:42 regiond: [info] 192.168.11.51 POST /MAAS/metadata/status/rx4g63 HTTP/1.1 --> 204 NO_CONTENT (referrer: -; agent: python-requests/2.9.1)
Jul  9 23:09:42 mas01 sh[27967]: 2018-07-09 23:09:42 regiond: [info] 192.168.11.49 POST /MAAS/metadata/status/p3tr3w HTTP/1.1 --> 204 NO_CONTENT (referrer: -; agent: python-requests/2.9.1)
Jul  9 23:09:42 mas01 sh[27967]: 2018-07-09 23:09:42 regiond: [info] 192.168.11.52 POST /MAAS/metadata/status/mbmpne HTTP/1.1 --> 204 NO_CONTENT (referrer: -; agent: python-requests/2.9.1)
Jul  9 23:09:42 mas01 sh[27959]: 2018-07-09 23:09:42 regiond: [info] 192.168.11.51 POST /MAAS/metadata/status/rx4g63 HTTP/1.1 --> 204 NO_CONTENT (referrer: -; agent: python-requests/2.9.1)
Jul  9 23:09:42 mas01 sh[27963]: 2018-07-09 23:09:42 regiond: [info] 192.168.11.49 POST /MAAS/metadata/status/p3tr3w HTTP/1.1 --> 204 NO_CONTENT (referrer: -; agent: python-requests/2.9.1)
Jul  9 23:09:42 mas01 sh[27959]: 2018-07-09 23:09:42 regiond: [info] 192.168.11.52 POST /MAAS/metadata/status/mbmpne HTTP/1.1 --> 204 NO_CONTENT (referrer: -; agent: python-requests/2.9.1)
Jul  9 23:09:42 mas01 sh[27959]: 2018-07-09 23:09:42 regiond: [info] 192.168.11.49 POST /MAAS/metadata/status/p3tr3w HTTP/1.1 --> 204 NO_CONTENT (referrer: -; agent: python-requests/2.9.1)
Jul  9 23:09:42 mas01 sh[27967]: 2018-07-09 23:09:42 regiond: [info] 192.168.11.52 POST /MAAS/metadata/status/mbmpne HTTP/1.1 --> 204 NO_CONTENT (referrer: -; agent: python-requests/2.9.1)
Jul  9 23:09:42 mas01 sh[27963]: 2018-07-09 23:09:42 regiond: [info] 192.168.11.51 POST /MAAS/metadata/status/rx4g63 HTTP/1.1 --> 204 NO_CONTENT (referrer: -; agent: python-requests/2.9.1)
Jul  9 23:09:42 mas01 sh[27967]: 2018-07-09 23:09:42 regiond: [info] 192.168.11.52 POST /MAAS/metadata/status/mbmpne HTTP/1.1 --> 204 NO_CONTENT (referrer: -; agent: python-requests/2.9.1)
Jul  9 23:09:42 mas01 sh[28446]: 2018-07-09 23:09:42 regiond: [info] 192.168.11.51 POST /MAAS/metadata/status/rx4g63 HTTP/1.1 --> 204 NO_CONTENT (referrer: -; agent: python-requests/2.9.1)
Jul  9 23:09:42 mas01 sh[27967]: 2018-07-09 23:09:42 regiond: [info] 192.168.11.49 POST /MAAS/metadata/status/p3tr3w HTTP/1.1 --> 204 NO_CONTENT (referrer: -; agent: python-requests/2.9.1)
Jul  9 23:09:42 mas01 sh[27967]: 2018-07-09 23:09:42 regiond: [info] 192.168.11.52 POST /MAAS/metadata/status/mbmpne HTTP/1.1 --> 204 NO_CONTENT (referrer: -; agent: python-requests/2.9.1)
Jul  9 23:09:42 mas01 sh[28446]: 2018-07-09 23:09:42 regiond: [info] 192.168.11.51 POST /MAAS/metadata/status/rx4g63 HTTP/1.1 --> 204 NO_CONTENT (referrer: -; agent: python-requests/2.9.1)
Jul  9 23:09:42 mas01 sh[28446]: 2018-07-09 23:09:42 regiond: [info] 192.168.11.49 POST /MAAS/metadata/status/p3tr3w HTTP/1.1 --> 204 NO_CONTENT (referrer: -; agent: python-requests/2.9.1)
Jul  9 23:09:42 mas01 sh[27959]: 2018-07-09 23:09:42 regiond: [info] 192.168.11.52 POST /MAAS/metadata/status/mbmpne HTTP/1.1 --> 204 NO_CONTENT (referrer: -; agent: python-requests/2.9.1)
Jul  9 23:09:42 mas01 sh[27959]: 2018-07-09 23:09:42 regiond: [info] 192.168.11.51 POST /MAAS/metadata/status/rx4g63 HTTP/1.1 --> 204 NO_CONTENT (referrer: -; agent: python-requests/2.9.1)
Jul  9 23:09:42 mas01 sh[28446]: 2018-07-09 23:09:42 regiond: [info] 192.168.11.51 POST /MAAS/metadata/status/rx4g63 HTTP/1.1 --> 204 NO_CONTENT (referrer: -; agent: python-requests/2.9.1)
Jul  9 23:09:42 mas01 sh[27963]: 2018-07-09 23:09:42 regiond: [info] 192.168.11.52 POST /MAAS/metadata/status/mbmpne HTTP/1.1 --> 204 NO_CONTENT (referrer: -; agent: python-requests/2.9.1)
Jul  9 23:09:42 mas01 sh[27959]: 2018-07-09 23:09:42 regiond: [info] 192.168.11.51 POST /MAAS/metadata/status/rx4g63 HTTP/1.1 --> 204 NO_CONTENT (referrer: -; agent: python-requests/2.9.1)
Jul  9 23:09:42 mas01 sh[27959]: 2018-07-09 23:09:42 regiond: [info] 192.168.11.52 POST /MAAS/metadata/status/mbmpne HTTP/1.1 --> 204 NO_CONTENT (referrer: -; agent: python-requests/2.9.1)
Jul  9 23:09:42 mas01 sh[28446]: 2018-07-09 23:09:42 regiond: [info] 192.168.11.52 POST /MAAS/metadata/status/mbmpne HTTP/1.1 --> 204 NO_CONTENT (referrer: -; agent: python-requests/2.9.1)
Jul  9 23:09:42 mas01 sh[28446]: 2018-07-09 23:09:42 regiond: [info] 192.168.11.52 POST /MAAS/metadata/status/mbmpne HTTP/1.1 --> 204 NO_CONTENT (referrer: -; agent: python-requests/2.9.1)
Jul  9 23:09:42 mas01 sh[27959]: 2018-07-09 23:09:42 regiond: [info] 192.168.11.52 POST /MAAS/metadata/status/mbmpne HTTP/1.1 --> 204 NO_CONTENT (referrer: -; agent: python-requests/2.9.1)
Jul  9 23:09:42 mas01 sh[27963]: 2018-07-09 23:09:42 regiond: [info] 192.168.11.52 POST /MAAS/metadata/status/mbmpne HTTP/1.1 --> 204 NO_CONTENT (referrer: -; agent: python-requests/2.9.1)
Jul  9 23:09:42 mas01 sh[27959]: 2018-07-09 23:09:42 regiond: [info] 192.168.11.52 POST /MAAS/metadata/status/mbmpne HTTP/1.1 --> 204 NO_CONTENT (referrer: -; agent: python-requests/2.9.1)
Jul  9 23:09:42 mas01 sh[28446]: 2018-07-09 23:09:42 regiond: [info] 192.168.11.49 POST /MAAS/metadata/status/p3tr3w HTTP/1.1 --> 204 NO_CONTENT (referrer: -; agent: python-requests/2.9.1)
Jul  9 23:09:42 mas01 sh[28446]: 2018-07-09 23:09:42 regiond: [info] 192.168.11.52 POST /MAAS/metadata/status/mbmpne HTTP/1.1 --> 204 NO_CONTENT (referrer: -; agent: python-requests/2.9.1)
Jul  9 23:09:42 mas01 sh[27963]: 2018-07-09 23:09:42 regiond: [info] 192.168.11.49 POST /MAAS/metadata/status/p3tr3w HTTP/1.1 --> 204 NO_CONTENT (referrer: -; agent: python-requests/2.9.1)
Jul  9 23:09:42 mas01 sh[27963]: 2018-07-09 23:09:42 regiond: [info] 192.168.11.52 POST /MAAS/metadata/status/mbmpne HTTP/1.1 --> 204 NO_CONTENT (referrer: -; agent: python-requests/2.9.1)
Jul  9 23:09:42 mas01 sh[28446]: 2018-07-09 23:09:42 regiond: [info] 192.168.11.52 POST /MAAS/metadata/status/mbmpne HTTP/1.1 --> 204 NO_CONTENT (referrer: -; agent: python-requests/2.9.1)
Jul  9 23:09:42 mas01 sh[28446]: 2018-07-09 23:09:42 regiond: [info] 192.168.11.52 POST /MAAS/metadata/status/mbmpne HTTP/1.1 --> 204 NO_CONTENT (referrer: -; agent: python-requests/2.9.1)
Jul  9 23:09:42 mas01 sh[27963]: 2018-07-09 23:09:42 regiond: [info] 192.168.11.51 POST /MAAS/metadata/status/rx4g63 HTTP/1.1 --> 204 NO_CONTENT (referrer: -; agent: python-requests/2.9.1)
Jul  9 23:09:42 mas01 sh[27967]: 2018-07-09 23:09:42 regiond: [info] 192.168.11.52 POST /MAAS/metadata/status/mbmpne HTTP/1.1 --> 204 NO_CONTENT (referrer: -; agent: python-requests/2.9.1)
Jul  9 23:09:42 mas01 sh[27959]: 2018-07-09 23:09:42 regiond: [info] 192.168.11.51 POST /MAAS/metadata/status/rx4g63 HTTP/1.1 --> 204 NO_CONTENT (referrer: -; agent: python-requests/2.9.1)
Jul  9 23:09:42 mas01 sh[27967]: 2018-07-09 23:09:42 regiond: [info] 192.168.11.52 POST /MAAS/metadata/status/mbmpne HTTP/1.1 --> 204 NO_CONTENT (referrer: -; agent: python-requests/2.9.1)
Jul  9 23:09:42 mas01 sh[28446]: 2018-07-09 23:09:42 regiond: [info] 192.168.11.52 POST /MAAS/metadata/status/mbmpne HTTP/1.1 --> 204 NO_CONTENT (referrer: -; agent: python-requests/2.9.1)
Jul  9 23:09:42 mas01 sh[28446]: message repeated 2 times: [ 2018-07-09 23:09:42 regiond: [info] 192.168.11.52 POST /MAAS/metadata/status/mbmpne HTTP/1.1 --> 204 NO_CONTENT (referrer: -; agent: python-requests/2.9.1)]
Jul  9 23:09:42 mas01 sh[27959]: 2018-07-09 23:09:42 regiond: [info] 192.168.11.52 POST /MAAS/metadata/status/mbmpne HTTP/1.1 --> 204 NO_CONTENT (referrer: -; agent: python-requests/2.9.1)
Jul  9 23:09:42 mas01 sh[27959]: 2018-07-09 23:09:42 regiond: [info] 192.168.11.52 POST /MAAS/metadata/status/mbmpne HTTP/1.1 --> 204 NO_CONTENT (referrer: -; agent: python-requests/2.9.1)
Jul  9 23:09:42 mas01 sh[28446]: 2018-07-09 23:09:42 regiond: [info] 192.168.11.52 POST /MAAS/metadata/status/mbmpne HTTP/1.1 --> 204 NO_CONTENT (referrer: -; agent: python-requests/2.9.1)
Jul  9 23:09:42 mas01 sh[27959]: 2018-07-09 23:09:42 regiond: [info] 192.168.11.52 POST /MAAS/metadata/status/mbmpne HTTP/1.1 --> 204 NO_CONTENT (referrer: -; agent: python-requests/2.9.1)
Jul  9 23:09:42 mas01 sh[27959]: 2018-07-09 23:09:42 regiond: [info] 192.168.11.49 POST /MAAS/metadata/status/p3tr3w HTTP/1.1 --> 204 NO_CONTENT (referrer: -; agent: python-requests/2.9.1)
Jul  9 23:09:42 mas01 sh[27967]: 2018-07-09 23:09:42 regiond: [info] 192.168.11.51 POST /MAAS/metadata/status/rx4g63 HTTP/1.1 --> 204 NO_CONTENT (referrer: -; agent: python-requests/2.9.1)
Jul  9 23:09:42 mas01 sh[27967]: 2018-07-09 23:09:42 regiond: [info] 192.168.11.49 POST /MAAS/metadata/status/p3tr3w HTTP/1.1 --> 204 NO_CONTENT (referrer: -; agent: python-requests/2.9.1)
Jul  9 23:09:42 mas01 sh[27959]: 2018-07-09 23:09:42 regiond: [info] 192.168.11.52 POST /MAAS/metadata/status/mbmpne HTTP/1.1 --> 204 NO_CONTENT (referrer: -; agent: python-requests/2.9.1)
Jul  9 23:09:42 mas01 sh[27959]: 2018-07-09 23:09:42 regiond: [info] 192.168.11.51 POST /MAAS/metadata/status/rx4g63 HTTP/1.1 --> 204 NO_CONTENT (referrer: -; agent: python-requests/2.9.1)
Jul  9 23:09:42 mas01 sh[27967]: 2018-07-09 23:09:42 regiond: [info] 192.168.11.52 POST /MAAS/metadata/status/mbmpne HTTP/1.1 --> 204 NO_CONTENT (referrer: -; agent: python-requests/2.9.1)
Jul  9 23:09:43 mas01 ntpd[28624]: Soliciting pool server 91.189.89.198
Jul  9 23:09:43 mas01 sh[28446]: 2018-07-09 23:09:43 regiond: [info] 192.168.11.49 POST /MAAS/metadata/status/p3tr3w HTTP/1.1 --> 204 NO_CONTENT (referrer: -; agent: python-requests/2.9.1)
Jul  9 23:09:43 mas01 sh[27967]: 2018-07-09 23:09:43 regiond: [info] 192.168.11.49 POST /MAAS/metadata/status/p3tr3w HTTP/1.1 --> 204 NO_CONTENT (referrer: -; agent: python-requests/2.9.1)
Jul  9 23:09:43 mas01 sh[27963]: 2018-07-09 23:09:43 regiond: [info] 192.168.11.49 POST /MAAS/metadata/status/p3tr3w HTTP/1.1 --> 204 NO_CONTENT (referrer: -; agent: python-requests/2.9.1)
Jul  9 23:09:43 mas01 sh[27963]: 2018-07-09 23:09:43 regiond: [info] 192.168.11.49 POST /MAAS/metadata/status/p3tr3w HTTP/1.1 --> 204 NO_CONTENT (referrer: -; agent: python-requests/2.9.1)
Jul  9 23:09:44 mas01 sh[27963]: 2018-07-09 23:09:44 regiond: [info] 192.168.11.49 POST /MAAS/metadata/status/p3tr3w HTTP/1.1 --> 204 NO_CONTENT (referrer: -; agent: python-requests/2.9.1)
Jul  9 23:09:44 mas01 sh[27963]: 2018-07-09 23:09:44 regiond: [info] 192.168.11.49 POST /MAAS/metadata/status/p3tr3w HTTP/1.1 --> 204 NO_CONTENT (referrer: -; agent: python-requests/2.9.1)
Jul  9 23:09:44 mas01 sh[27959]: 2018-07-09 23:09:44 regiond: [info] 192.168.11.49 POST /MAAS/metadata/status/p3tr3w HTTP/1.1 --> 204 NO_CONTENT (referrer: -; agent: python-requests/2.9.1)
Jul  9 23:09:44 mas01 sh[27959]: 2018-07-09 23:09:44 regiond: [info] 192.168.11.49 POST /MAAS/metadata/status/p3tr3w HTTP/1.1 --> 204 NO_CONTENT (referrer: -; agent: python-requests/2.9.1)
