Jun 22 09:52:36 mas01 salt-minion[5902]: [INFO    ] Starting a new job with PID 26773
Jun 22 09:52:37 mas01 sh[20253]: 2018-06-22 09:52:37 provisioningserver.rackdservices.tftp: [info] ubuntu/amd64/ga-16.04/xenial/daily/boot-initrd requested by 00:25:b5:a0:00:3a
Jun 22 09:52:38 mas01 salt-minion[5902]: [INFO    ] Loading fresh modules for state activity
Jun 22 09:52:38 mas01 salt-minion[5902]: [INFO    ] Running state [maas-region apikey --username opnfv > /var/lib/maas/.maas_credentials] at time 09:52:38.648198
Jun 22 09:52:38 mas01 salt-minion[5902]: [INFO    ] Executing state cmd.run for maas-region apikey --username opnfv > /var/lib/maas/.maas_credentials
Jun 22 09:52:38 mas01 salt-minion[5902]: [INFO    ] Executing command 'maas-region apikey --username opnfv > /var/lib/maas/.maas_credentials' in directory '/root'
Jun 22 09:52:39 mas01 ntpd[21368]: Soliciting pool server 91.189.89.198
Jun 22 09:52:40 mas01 salt-minion[5902]: [INFO    ] {'pid': 26782, 'retcode': 0, 'stderr': '', 'stdout': ''}
Jun 22 09:52:40 mas01 salt-minion[5902]: [INFO    ] Completed state [maas-region apikey --username opnfv > /var/lib/maas/.maas_credentials] at time 09:52:40.274923 duration_in_ms=1626.719
Jun 22 09:52:40 mas01 salt-minion[5902]: [INFO    ] Running state [maas.machines_status] at time 09:52:40.280297
Jun 22 09:52:40 mas01 salt-minion[5902]: [INFO    ] Executing state module.run for maas.machines_status
Jun 22 09:52:40 mas01 sh[20890]: 2018-06-22 09:52:40 regiond: [info] 127.0.0.1 GET /MAAS/api/2.0/machines/ HTTP/1.1 --> 200 OK (referrer: -; agent: Python-urllib/2.7)
Jun 22 09:52:40 mas01 salt-minion[5902]: [INFO    ] {'ret': {'machines': [{'status': 'Deploying', 'hostname': u'cmp001', 'system_id': u'7ensqx'}, {'status': 'Deploying', 'hostname': u'kvm01', 'system_id': u'sb7mn7'}, {'status': 'Deploying', 'hostname': u'kvm03', 'system_id': u'as4yxd'}, {'status': 'Deploying', 'hostname': u'kvm02', 'system_id': u'ar76nd'}, {'status': 'Deploying', 'hostname': u'cmp002', 'system_id': u'e6cqab'}], 'summary': Counter({'Deploying': 5})}}
Jun 22 09:52:40 mas01 salt-minion[5902]: [INFO    ] Completed state [maas.machines_status] at time 09:52:40.961031 duration_in_ms=680.733
Jun 22 09:52:40 mas01 salt-minion[5902]: [INFO    ] Returning information for job: 20180622095236848131
Jun 22 09:52:46 mas01 dhcpd[26028]: DHCPDISCOVER from 00:25:b5:a0:00:6a via ens5
Jun 22 09:52:46 mas01 dhcpd[26028]: DHCPOFFER on 192.168.11.47 to 00:25:b5:a0:00:6a (cmp002) via ens5
Jun 22 09:52:46 mas01 dhcpd[26028]: execute_statement argv[0] = /usr/sbin/maas-dhcp-helper
Jun 22 09:52:46 mas01 dhcpd[26028]: execute_statement argv[1] = notify
Jun 22 09:52:46 mas01 dhcpd[26028]: execute_statement argv[2] = --action
Jun 22 09:52:46 mas01 dhcpd[26028]: execute_statement argv[3] = commit
Jun 22 09:52:46 mas01 dhcpd[26028]: execute_statement argv[4] = --mac
Jun 22 09:52:46 mas01 dhcpd[26028]: execute_statement argv[5] = 0:25:b5:a0:0:6a
Jun 22 09:52:46 mas01 dhcpd[26028]: execute_statement argv[6] = --ip-family
Jun 22 09:52:46 mas01 dhcpd[26028]: execute_statement argv[7] = ipv4
Jun 22 09:52:46 mas01 dhcpd[26028]: execute_statement argv[8] = --ip
Jun 22 09:52:46 mas01 dhcpd[26028]: execute_statement argv[9] = 192.168.11.47
Jun 22 09:52:46 mas01 dhcpd[26028]: execute_statement argv[10] = --lease-time
Jun 22 09:52:46 mas01 dhcpd[26028]: execute_statement argv[11] = 600
Jun 22 09:52:46 mas01 dhcpd[26028]: execute_statement argv[12] = --hostname
Jun 22 09:52:46 mas01 dhcpd[26028]: execute_statement argv[13] = cmp002
Jun 22 09:52:46 mas01 dhcpd[26028]: execute_statement argv[14] = --socket
Jun 22 09:52:46 mas01 dhcpd[26028]: execute_statement argv[15] = /var/lib/maas/dhcpd.sock
Jun 22 09:52:46 mas01 dhcpd[26028]: DHCPREQUEST for 192.168.11.47 (192.168.11.3) from 00:25:b5:a0:00:6a (cmp002) via ens5
Jun 22 09:52:46 mas01 dhcpd[26028]: DHCPACK on 192.168.11.47 to 00:25:b5:a0:00:6a (cmp002) via ens5
Jun 22 09:52:46 mas01 dhcpd[26028]: DHCPDISCOVER from 00:25:b5:a0:00:5a via ens5
Jun 22 09:52:46 mas01 dhcpd[26028]: DHCPOFFER on 192.168.11.43 to 00:25:b5:a0:00:5a (cmp001) via ens5
Jun 22 09:52:46 mas01 dhcpd[26028]: DHCPDISCOVER from 00:25:b5:a0:00:2a via ens5
Jun 22 09:52:46 mas01 dhcpd[26028]: DHCPOFFER on 192.168.11.44 to 00:25:b5:a0:00:2a (kvm01) via ens5
Jun 22 09:52:46 mas01 dhcpd[26028]: execute_statement argv[0] = /usr/sbin/maas-dhcp-helper
Jun 22 09:52:46 mas01 dhcpd[26028]: execute_statement argv[1] = notify
Jun 22 09:52:46 mas01 dhcpd[26028]: execute_statement argv[2] = --action
Jun 22 09:52:46 mas01 dhcpd[26028]: execute_statement argv[3] = commit
Jun 22 09:52:46 mas01 dhcpd[26028]: execute_statement argv[4] = --mac
Jun 22 09:52:46 mas01 dhcpd[26028]: execute_statement argv[5] = 0:25:b5:a0:0:5a
Jun 22 09:52:46 mas01 dhcpd[26028]: execute_statement argv[6] = --ip-family
Jun 22 09:52:46 mas01 dhcpd[26028]: execute_statement argv[7] = ipv4
Jun 22 09:52:46 mas01 dhcpd[26028]: execute_statement argv[8] = --ip
Jun 22 09:52:46 mas01 dhcpd[26028]: execute_statement argv[9] = 192.168.11.43
Jun 22 09:52:46 mas01 dhcpd[26028]: execute_statement argv[10] = --lease-time
Jun 22 09:52:46 mas01 dhcpd[26028]: execute_statement argv[11] = 600
Jun 22 09:52:46 mas01 dhcpd[26028]: execute_statement argv[12] = --hostname
Jun 22 09:52:46 mas01 dhcpd[26028]: execute_statement argv[13] = cmp001
Jun 22 09:52:46 mas01 dhcpd[26028]: execute_statement argv[14] = --socket
Jun 22 09:52:46 mas01 dhcpd[26028]: execute_statement argv[15] = /var/lib/maas/dhcpd.sock
Jun 22 09:52:46 mas01 sh[20766]: 2018-06-22 09:52:46 maasserver.rpc.leases: [info] Lease update: commit for 192.168.11.47 on 0:25:b5:a0:0:6a at 2018-06-22 09:52:46 (lease time: 600s) (hostname: cmp002)
Jun 22 09:52:46 mas01 dhcpd[26028]: DHCPREQUEST for 192.168.11.43 (192.168.11.3) from 00:25:b5:a0:00:5a (cmp001) via ens5
Jun 22 09:52:46 mas01 dhcpd[26028]: DHCPACK on 192.168.11.43 to 00:25:b5:a0:00:5a (cmp001) via ens5
Jun 22 09:52:46 mas01 dhcpd[26028]: execute_statement argv[0] = /usr/sbin/maas-dhcp-helper
Jun 22 09:52:46 mas01 dhcpd[26028]: execute_statement argv[1] = notify
Jun 22 09:52:46 mas01 dhcpd[26028]: execute_statement argv[2] = --action
Jun 22 09:52:46 mas01 dhcpd[26028]: execute_statement argv[3] = commit
Jun 22 09:52:46 mas01 dhcpd[26028]: execute_statement argv[4] = --mac
Jun 22 09:52:46 mas01 dhcpd[26028]: execute_statement argv[5] = 0:25:b5:a0:0:2a
Jun 22 09:52:46 mas01 dhcpd[26028]: execute_statement argv[6] = --ip-family
Jun 22 09:52:46 mas01 dhcpd[26028]: execute_statement argv[7] = ipv4
Jun 22 09:52:46 mas01 dhcpd[26028]: execute_statement argv[8] = --ip
Jun 22 09:52:46 mas01 dhcpd[26028]: execute_statement argv[9] = 192.168.11.44
Jun 22 09:52:46 mas01 dhcpd[26028]: execute_statement argv[10] = --lease-time
Jun 22 09:52:46 mas01 dhcpd[26028]: execute_statement argv[11] = 600
Jun 22 09:52:46 mas01 dhcpd[26028]: execute_statement argv[12] = --hostname
Jun 22 09:52:46 mas01 dhcpd[26028]: execute_statement argv[13] = kvm01
Jun 22 09:52:46 mas01 dhcpd[26028]: execute_statement argv[14] = --socket
Jun 22 09:52:46 mas01 dhcpd[26028]: execute_statement argv[15] = /var/lib/maas/dhcpd.sock
Jun 22 09:52:46 mas01 dhcpd[26028]: DHCPREQUEST for 192.168.11.44 (192.168.11.3) from 00:25:b5:a0:00:2a (kvm01) via ens5
Jun 22 09:52:46 mas01 dhcpd[26028]: DHCPACK on 192.168.11.44 to 00:25:b5:a0:00:2a (kvm01) via ens5
Jun 22 09:52:46 mas01 sh[20770]: 2018-06-22 09:52:46 maasserver.rpc.leases: [info] Lease update: commit for 192.168.11.43 on 0:25:b5:a0:0:5a at 2018-06-22 09:52:46 (lease time: 600s) (hostname: cmp001)
Jun 22 09:52:46 mas01 sh[21220]: 2018-06-22 09:52:46 maasserver.rpc.leases: [info] Lease update: commit for 192.168.11.44 on 0:25:b5:a0:0:2a at 2018-06-22 09:52:46 (lease time: 600s) (hostname: kvm01)
Jun 22 09:52:47 mas01 sh[20253]: 2018-06-22 09:52:47 rackd: [info] 192.168.11.47 GET /images/ubuntu/amd64/ga-16.04/xenial/daily/squashfs HTTP/1.1 --> 200 OK (referrer: -; agent: Wget)
Jun 22 09:52:47 mas01 sh[20253]: 2018-06-22 09:52:47 rackd: [info] 192.168.11.43 GET /images/ubuntu/amd64/ga-16.04/xenial/daily/squashfs HTTP/1.1 --> 200 OK (referrer: -; agent: Wget)
Jun 22 09:52:47 mas01 sh[20253]: 2018-06-22 09:52:47 rackd: [info] 192.168.11.44 GET /images/ubuntu/amd64/ga-16.04/xenial/daily/squashfs HTTP/1.1 --> 200 OK (referrer: -; agent: Wget)
Jun 22 09:52:50 mas01 sh[20890]: 2018-06-22 09:52:50 regiond: [info] 192.168.11.47 POST /MAAS/metadata/status/e6cqab HTTP/1.1 --> 204 NO_CONTENT (referrer: -; agent: python-requests/2.9.1)
Jun 22 09:52:50 mas01 sh[20766]: 2018-06-22 09:52:50 regiond: [info] 192.168.11.47 POST /MAAS/metadata/status/e6cqab HTTP/1.1 --> 204 NO_CONTENT (referrer: -; agent: python-requests/2.9.1)
Jun 22 09:52:50 mas01 sh[20766]: 2018-06-22 09:52:50 regiond: [info] 192.168.11.43 POST /MAAS/metadata/status/7ensqx HTTP/1.1 --> 204 NO_CONTENT (referrer: -; agent: python-requests/2.9.1)
Jun 22 09:52:50 mas01 sh[20766]: 2018-06-22 09:52:50 regiond: [info] 192.168.11.43 POST /MAAS/metadata/status/7ensqx HTTP/1.1 --> 204 NO_CONTENT (referrer: -; agent: python-requests/2.9.1)
Jun 22 09:52:50 mas01 sh[20770]: 2018-06-22 09:52:50 regiond: [info] 192.168.11.44 POST /MAAS/metadata/status/sb7mn7 HTTP/1.1 --> 204 NO_CONTENT (referrer: -; agent: python-requests/2.9.1)
Jun 22 09:52:50 mas01 sh[21220]: 2018-06-22 09:52:50 regiond: [info] 192.168.11.44 POST /MAAS/metadata/status/sb7mn7 HTTP/1.1 --> 204 NO_CONTENT (referrer: -; agent: python-requests/2.9.1)
Jun 22 09:52:50 mas01 sh[20770]: 2018-06-22 09:52:50 regiond: [info] 192.168.11.47 POST /MAAS/metadata/status/e6cqab HTTP/1.1 --> 204 NO_CONTENT (referrer: -; agent: python-requests/2.9.1)
Jun 22 09:52:50 mas01 sh[20766]: 2018-06-22 09:52:50 regiond: [info] 192.168.11.43 POST /MAAS/metadata/status/7ensqx HTTP/1.1 --> 204 NO_CONTENT (referrer: -; agent: python-requests/2.9.1)
Jun 22 09:52:50 mas01 sh[21220]: 2018-06-22 09:52:50 regiond: [info] 192.168.11.44 POST /MAAS/metadata/status/sb7mn7 HTTP/1.1 --> 204 NO_CONTENT (referrer: -; agent: python-requests/2.9.1)
Jun 22 09:52:51 mas01 sh[20890]: 2018-06-22 09:52:51 regiond: [info] 192.168.11.43 GET /MAAS/metadata/latest/by-id/7ensqx/?op=get_preseed HTTP/1.1 --> 200 OK (referrer: -; agent: Cloud-Init/18.2)
Jun 22 09:52:51 mas01 sh[20890]: 2018-06-22 09:52:51 regiond: [info] 192.168.11.47 POST /MAAS/metadata/status/e6cqab HTTP/1.1 --> 204 NO_CONTENT (referrer: -; agent: python-requests/2.9.1)
Jun 22 09:52:51 mas01 sh[21220]: 2018-06-22 09:52:51 regiond: [info] 192.168.11.43 POST /MAAS/metadata/status/7ensqx HTTP/1.1 --> 204 NO_CONTENT (referrer: -; agent: python-requests/2.9.1)
Jun 22 09:52:51 mas01 sh[21220]: 2018-06-22 09:52:51 regiond: [info] 192.168.11.43 POST /MAAS/metadata/status/7ensqx HTTP/1.1 --> 204 NO_CONTENT (referrer: -; agent: python-requests/2.9.1)
Jun 22 09:52:51 mas01 sh[20890]: 2018-06-22 09:52:51 regiond: [info] 192.168.11.47 POST /MAAS/metadata/status/e6cqab HTTP/1.1 --> 204 NO_CONTENT (referrer: -; agent: python-requests/2.9.1)
Jun 22 09:52:51 mas01 sh[20890]: 2018-06-22 09:52:51 regiond: [info] 192.168.11.43 POST /MAAS/metadata/status/7ensqx HTTP/1.1 --> 204 NO_CONTENT (referrer: -; agent: python-requests/2.9.1)
Jun 22 09:52:51 mas01 sh[21220]: 2018-06-22 09:52:51 regiond: [info] 192.168.11.47 POST /MAAS/metadata/status/e6cqab HTTP/1.1 --> 204 NO_CONTENT (referrer: -; agent: python-requests/2.9.1)
Jun 22 09:52:51 mas01 sh[20770]: 2018-06-22 09:52:51 regiond: [info] 192.168.11.44 POST /MAAS/metadata/status/sb7mn7 HTTP/1.1 --> 204 NO_CONTENT (referrer: -; agent: python-requests/2.9.1)
Jun 22 09:52:51 mas01 sh[21220]: 2018-06-22 09:52:51 regiond: [info] 192.168.11.44 POST /MAAS/metadata/status/sb7mn7 HTTP/1.1 --> 204 NO_CONTENT (referrer: -; agent: python-requests/2.9.1)
Jun 22 09:52:51 mas01 sh[20890]: 2018-06-22 09:52:51 regiond: [info] 192.168.11.44 POST /MAAS/metadata/status/sb7mn7 HTTP/1.1 --> 204 NO_CONTENT (referrer: -; agent: python-requests/2.9.1)
Jun 22 09:52:51 mas01 sh[20890]: 2018-06-22 09:52:51 regiond: [info] 192.168.11.43 GET /MAAS/metadata/curtin/2012-03-01/meta-data/instance-id HTTP/1.1 --> 200 OK (referrer: -; agent: Cloud-Init/18.2)
Jun 22 09:52:51 mas01 sh[20890]: 2018-06-22 09:52:51 regiond: [info] 192.168.11.47 GET /MAAS/metadata/curtin/2012-03-01/meta-data/instance-id HTTP/1.1 --> 200 OK (referrer: -; agent: Cloud-Init/18.2)
Jun 22 09:52:51 mas01 sh[20890]: 2018-06-22 09:52:51 regiond: [info] 192.168.11.44 GET /MAAS/metadata/curtin/2012-03-01/meta-data/instance-id HTTP/1.1 --> 200 OK (referrer: -; agent: Cloud-Init/18.2)
Jun 22 09:52:51 mas01 sh[20766]: 2018-06-22 09:52:51 regiond: [info] 192.168.11.47 GET /MAAS/metadata/curtin/2012-03-01/meta-data/instance-id HTTP/1.1 --> 200 OK (referrer: -; agent: python-requests/2.9.1)
Jun 22 09:52:51 mas01 sh[20770]: 2018-06-22 09:52:51 regiond: [info] 192.168.11.43 GET /MAAS/metadata/curtin/2012-03-01/meta-data/instance-id HTTP/1.1 --> 200 OK (referrer: -; agent: python-requests/2.9.1)
Jun 22 09:52:51 mas01 sh[21220]: 2018-06-22 09:52:51 regiond: [info] 192.168.11.44 GET /MAAS/metadata/curtin/2012-03-01/meta-data/instance-id HTTP/1.1 --> 200 OK (referrer: -; agent: python-requests/2.9.1)
Jun 22 09:52:51 mas01 sh[20766]: 2018-06-22 09:52:51 regiond: [info] 192.168.11.43 GET /MAAS/metadata/curtin/2012-03-01/meta-data/local-hostname HTTP/1.1 --> 200 OK (referrer: -; agent: python-requests/2.9.1)
Jun 22 09:52:51 mas01 sh[20890]: 2018-06-22 09:52:51 regiond: [info] 192.168.11.47 GET /MAAS/metadata/curtin/2012-03-01/meta-data/local-hostname HTTP/1.1 --> 200 OK (referrer: -; agent: python-requests/2.9.1)
Jun 22 09:52:51 mas01 dhcpd[26028]: DHCPDISCOVER from 00:25:b5:a0:00:3a via ens5
Jun 22 09:52:51 mas01 dhcpd[26028]: DHCPOFFER on 192.168.11.46 to 00:25:b5:a0:00:3a (kvm02) via ens5
Jun 22 09:52:51 mas01 dhcpd[26028]: execute_statement argv[0] = /usr/sbin/maas-dhcp-helper
Jun 22 09:52:51 mas01 dhcpd[26028]: execute_statement argv[1] = notify
Jun 22 09:52:51 mas01 dhcpd[26028]: execute_statement argv[2] = --action
Jun 22 09:52:51 mas01 dhcpd[26028]: execute_statement argv[3] = commit
Jun 22 09:52:51 mas01 dhcpd[26028]: execute_statement argv[4] = --mac
Jun 22 09:52:51 mas01 sh[20890]: 2018-06-22 09:52:51 regiond: [info] 127.0.0.1 GET /MAAS/rpc/ HTTP/1.0 --> 200 OK (referrer: -; agent: provisioningserver.rpc.clusterservice.ClusterClientService)
Jun 22 09:52:51 mas01 dhcpd[26028]: execute_statement argv[5] = 0:25:b5:a0:0:3a
Jun 22 09:52:51 mas01 dhcpd[26028]: execute_statement argv[6] = --ip-family
Jun 22 09:52:51 mas01 dhcpd[26028]: execute_statement argv[7] = ipv4
Jun 22 09:52:51 mas01 dhcpd[26028]: execute_statement argv[8] = --ip
Jun 22 09:52:51 mas01 dhcpd[26028]: execute_statement argv[9] = 192.168.11.46
Jun 22 09:52:51 mas01 dhcpd[26028]: execute_statement argv[10] = --lease-time
Jun 22 09:52:51 mas01 dhcpd[26028]: execute_statement argv[11] = 600
Jun 22 09:52:51 mas01 dhcpd[26028]: execute_statement argv[12] = --hostname
Jun 22 09:52:51 mas01 dhcpd[26028]: execute_statement argv[13] = kvm02
Jun 22 09:52:51 mas01 dhcpd[26028]: execute_statement argv[14] = --socket
Jun 22 09:52:51 mas01 dhcpd[26028]: execute_statement argv[15] = /var/lib/maas/dhcpd.sock
Jun 22 09:52:51 mas01 sh[21220]: 2018-06-22 09:52:51 regiond: [info] 192.168.11.47 GET /MAAS/metadata/curtin/2012-03-01/meta-data/public-keys HTTP/1.1 --> 200 OK (referrer: -; agent: python-requests/2.9.1)
Jun 22 09:52:51 mas01 sh[21220]: 2018-06-22 09:52:51 regiond: [info] 192.168.11.44 GET /MAAS/metadata/curtin/2012-03-01/meta-data/local-hostname HTTP/1.1 --> 200 OK (referrer: -; agent: python-requests/2.9.1)
Jun 22 09:52:51 mas01 sh[20890]: 2018-06-22 09:52:51 regiond: [info] 192.168.11.43 GET /MAAS/metadata/curtin/2012-03-01/meta-data/public-keys HTTP/1.1 --> 200 OK (referrer: -; agent: python-requests/2.9.1)
Jun 22 09:52:51 mas01 sh[20766]: 2018-06-22 09:52:51 regiond: [info] 192.168.11.47 GET /MAAS/metadata/curtin/2012-03-01/meta-data/vendor-data HTTP/1.1 --> 200 OK (referrer: -; agent: python-requests/2.9.1)
Jun 22 09:52:51 mas01 sh[21220]: 2018-06-22 09:52:51 regiond: [info] 192.168.11.43 GET /MAAS/metadata/curtin/2012-03-01/meta-data/vendor-data HTTP/1.1 --> 200 OK (referrer: -; agent: python-requests/2.9.1)
Jun 22 09:52:51 mas01 dhcpd[26028]: DHCPREQUEST for 192.168.11.46 (192.168.11.3) from 00:25:b5:a0:00:3a (kvm02) via ens5
Jun 22 09:52:51 mas01 dhcpd[26028]: DHCPACK on 192.168.11.46 to 00:25:b5:a0:00:3a (kvm02) via ens5
Jun 22 09:52:51 mas01 dhcpd[26028]: DHCPDISCOVER from 00:25:b5:a0:00:4a via ens5
Jun 22 09:52:51 mas01 dhcpd[26028]: DHCPOFFER on 192.168.11.45 to 00:25:b5:a0:00:4a (kvm03) via ens5
Jun 22 09:52:51 mas01 dhcpd[26028]: execute_statement argv[0] = /usr/sbin/maas-dhcp-helper
Jun 22 09:52:51 mas01 dhcpd[26028]: execute_statement argv[1] = notify
Jun 22 09:52:51 mas01 dhcpd[26028]: execute_statement argv[2] = --action
Jun 22 09:52:51 mas01 dhcpd[26028]: execute_statement argv[3] = commit
Jun 22 09:52:51 mas01 dhcpd[26028]: execute_statement argv[4] = --mac
Jun 22 09:52:51 mas01 dhcpd[26028]: execute_statement argv[5] = 0:25:b5:a0:0:4a
Jun 22 09:52:51 mas01 dhcpd[26028]: execute_statement argv[6] = --ip-family
Jun 22 09:52:51 mas01 dhcpd[26028]: execute_statement argv[7] = ipv4
Jun 22 09:52:51 mas01 dhcpd[26028]: execute_statement argv[8] = --ip
Jun 22 09:52:51 mas01 dhcpd[26028]: execute_statement argv[9] = 192.168.11.45
Jun 22 09:52:51 mas01 dhcpd[26028]: execute_statement argv[10] = --lease-time
Jun 22 09:52:51 mas01 dhcpd[26028]: execute_statement argv[11] = 600
Jun 22 09:52:51 mas01 dhcpd[26028]: execute_statement argv[12] = --hostname
Jun 22 09:52:51 mas01 dhcpd[26028]: execute_statement argv[13] = kvm03
Jun 22 09:52:51 mas01 dhcpd[26028]: execute_statement argv[14] = --socket
Jun 22 09:52:51 mas01 dhcpd[26028]: execute_statement argv[15] = /var/lib/maas/dhcpd.sock
Jun 22 09:52:51 mas01 sh[20770]: 2018-06-22 09:52:51 regiond: [info] 192.168.11.44 GET /MAAS/metadata/curtin/2012-03-01/meta-data/vendor-data HTTP/1.1 --> 200 OK (referrer: -; agent: python-requests/2.9.1)
Jun 22 09:52:51 mas01 sh[20770]: 2018-06-22 09:52:51 maasserver.rpc.leases: [info] Lease update: commit for 192.168.11.46 on 0:25:b5:a0:0:3a at 2018-06-22 09:52:51 (lease time: 600s) (hostname: kvm02)
Jun 22 09:52:51 mas01 dhcpd[26028]: DHCPREQUEST for 192.168.11.45 (192.168.11.3) from 00:25:b5:a0:00:4a (kvm03) via ens5
Jun 22 09:52:51 mas01 dhcpd[26028]: DHCPACK on 192.168.11.45 to 00:25:b5:a0:00:4a (kvm03) via ens5
Jun 22 09:52:51 mas01 salt-minion[5902]: [INFO    ] User sudo_ubuntu Executing command state.apply with jid 20180622095251556535
Jun 22 09:52:51 mas01 salt-minion[5902]: [INFO    ] Starting a new job with PID 26842
Jun 22 09:52:51 mas01 sh[20770]: 2018-06-22 09:52:51 maasserver.rpc.leases: [info] Lease update: commit for 192.168.11.45 on 0:25:b5:a0:0:4a at 2018-06-22 09:52:51 (lease time: 600s) (hostname: kvm03)
Jun 22 09:52:51 mas01 sh[20890]: 2018-06-22 09:52:51 maasserver.preseed: [warn] WARNING: '/etc/maas/preseeds/curtin_userdata_amd64_generic_xenial' contains deprecated preseed variables. Please remove: main_archive_directory, ports_archive_directory, http_proxy
Jun 22 09:52:51 mas01 sh[20770]: 2018-06-22 09:52:51 maasserver.preseed: [warn] WARNING: '/etc/maas/preseeds/curtin_userdata_amd64_generic_xenial' contains deprecated preseed variables. Please remove: main_archive_directory, ports_archive_directory, http_proxy
Jun 22 09:52:51 mas01 sh[20766]: 2018-06-22 09:52:51 maasserver.preseed: [warn] WARNING: '/etc/maas/preseeds/curtin_userdata_amd64_generic_xenial' contains deprecated preseed variables. Please remove: main_archive_directory, ports_archive_directory, http_proxy
Jun 22 09:52:51 mas01 salt-minion[5902]: [INFO    ] Loading fresh modules for state activity
Jun 22 09:52:51 mas01 sh[20890]: 2018-06-22 09:52:51 regiond: [info] 192.168.11.43 POST /MAAS/metadata/status/7ensqx HTTP/1.1 --> 204 NO_CONTENT (referrer: -; agent: python-requests/2.9.1)
Jun 22 09:52:51 mas01 salt-minion[5902]: [INFO    ] Running state [maas-region apikey --username opnfv > /var/lib/maas/.maas_credentials] at time 09:52:51.934778
Jun 22 09:52:51 mas01 salt-minion[5902]: [INFO    ] Executing state cmd.run for maas-region apikey --username opnfv > /var/lib/maas/.maas_credentials
Jun 22 09:52:51 mas01 salt-minion[5902]: [INFO    ] Executing command 'maas-region apikey --username opnfv > /var/lib/maas/.maas_credentials' in directory '/root'
Jun 22 09:52:51 mas01 sh[20770]: 2018-06-22 09:52:51 regiond: [info] 192.168.11.47 GET /MAAS/metadata/curtin/2012-03-01/user-data HTTP/1.1 --> 200 OK (referrer: -; agent: python-requests/2.9.1)
Jun 22 09:52:51 mas01 sh[20890]: 2018-06-22 09:52:51 regiond: [info] 192.168.11.47 POST /MAAS/metadata/status/e6cqab HTTP/1.1 --> 204 NO_CONTENT (referrer: -; agent: python-requests/2.9.1)
Jun 22 09:52:51 mas01 sh[21220]: 2018-06-22 09:52:51 regiond: [info] 192.168.11.44 POST /MAAS/metadata/status/sb7mn7 HTTP/1.1 --> 204 NO_CONTENT (referrer: -; agent: python-requests/2.9.1)
Jun 22 09:52:51 mas01 sh[20770]: 2018-06-22 09:52:51 regiond: [info] 192.168.11.43 POST /MAAS/metadata/status/7ensqx HTTP/1.1 --> 204 NO_CONTENT (referrer: -; agent: python-requests/2.9.1)
Jun 22 09:52:51 mas01 sh[20766]: 2018-06-22 09:52:51 regiond: [info] 192.168.11.43 POST /MAAS/metadata/status/7ensqx HTTP/1.1 --> 204 NO_CONTENT (referrer: -; agent: python-requests/2.9.1)
Jun 22 09:52:51 mas01 sh[20770]: 2018-06-22 09:52:51 regiond: [info] 192.168.11.43 POST /MAAS/metadata/status/7ensqx HTTP/1.1 --> 204 NO_CONTENT (referrer: -; agent: python-requests/2.9.1)
Jun 22 09:52:51 mas01 sh[20766]: 2018-06-22 09:52:51 regiond: [info] 192.168.11.43 POST /MAAS/metadata/status/7ensqx HTTP/1.1 --> 204 NO_CONTENT (referrer: -; agent: python-requests/2.9.1)
Jun 22 09:52:52 mas01 sh[20253]: 2018-06-22 09:52:52 rackd: [info] 192.168.11.46 GET /images/ubuntu/amd64/ga-16.04/xenial/daily/squashfs HTTP/1.1 --> 200 OK (referrer: -; agent: Wget)
Jun 22 09:52:52 mas01 sh[20766]: 2018-06-22 09:52:52 regiond: [info] 192.168.11.47 POST /MAAS/metadata/status/e6cqab HTTP/1.1 --> 204 NO_CONTENT (referrer: -; agent: python-requests/2.9.1)
Jun 22 09:52:52 mas01 sh[20770]: 2018-06-22 09:52:52 regiond: [info] 192.168.11.47 POST /MAAS/metadata/status/e6cqab HTTP/1.1 --> 204 NO_CONTENT (referrer: -; agent: python-requests/2.9.1)
Jun 22 09:52:52 mas01 sh[20770]: 2018-06-22 09:52:52 regiond: [info] 192.168.11.44 POST /MAAS/metadata/status/sb7mn7 HTTP/1.1 --> 204 NO_CONTENT (referrer: -; agent: python-requests/2.9.1)
Jun 22 09:52:52 mas01 sh[20766]: 2018-06-22 09:52:52 regiond: [info] 192.168.11.47 POST /MAAS/metadata/status/e6cqab HTTP/1.1 --> 204 NO_CONTENT (referrer: -; agent: python-requests/2.9.1)
Jun 22 09:52:52 mas01 sh[20770]: 2018-06-22 09:52:52 regiond: [info] 192.168.11.44 POST /MAAS/metadata/status/sb7mn7 HTTP/1.1 --> 204 NO_CONTENT (referrer: -; agent: python-requests/2.9.1)
Jun 22 09:52:52 mas01 sh[20890]: 2018-06-22 09:52:52 regiond: [info] 192.168.11.47 POST /MAAS/metadata/status/e6cqab HTTP/1.1 --> 204 NO_CONTENT (referrer: -; agent: python-requests/2.9.1)
Jun 22 09:52:52 mas01 sh[20770]: 2018-06-22 09:52:52 regiond: [info] 192.168.11.44 POST /MAAS/metadata/status/sb7mn7 HTTP/1.1 --> 204 NO_CONTENT (referrer: -; agent: python-requests/2.9.1)
Jun 22 09:52:52 mas01 sh[20770]: 2018-06-22 09:52:52 regiond: [info] 192.168.11.44 POST /MAAS/metadata/status/sb7mn7 HTTP/1.1 --> 204 NO_CONTENT (referrer: -; agent: python-requests/2.9.1)
Jun 22 09:52:52 mas01 sh[20253]: 2018-06-22 09:52:52 rackd: [info] 192.168.11.45 GET /images/ubuntu/amd64/ga-16.04/xenial/daily/squashfs HTTP/1.1 --> 200 OK (referrer: -; agent: Wget)
Jun 22 09:52:52 mas01 sh[20770]: 2018-06-22 09:52:52 regiond: [info] 192.168.11.43 POST /MAAS/metadata/status/7ensqx HTTP/1.1 --> 204 NO_CONTENT (referrer: -; agent: python-requests/2.9.1)
Jun 22 09:52:52 mas01 sh[20770]: 2018-06-22 09:52:52 regiond: [info] 192.168.11.43 POST /MAAS/metadata/status/7ensqx HTTP/1.1 --> 204 NO_CONTENT (referrer: -; agent: python-requests/2.9.1)
Jun 22 09:52:52 mas01 sh[21220]: 2018-06-22 09:52:52 regiond: [info] 192.168.11.43 POST /MAAS/metadata/status/7ensqx HTTP/1.1 --> 204 NO_CONTENT (referrer: -; agent: python-requests/2.9.1)
Jun 22 09:52:52 mas01 sh[20770]: 2018-06-22 09:52:52 regiond: [info] 192.168.11.43 POST /MAAS/metadata/status/7ensqx HTTP/1.1 --> 204 NO_CONTENT (referrer: -; agent: python-requests/2.9.1)
Jun 22 09:52:52 mas01 sh[20766]: 2018-06-22 09:52:52 regiond: [info] 192.168.11.43 POST /MAAS/metadata/status/7ensqx HTTP/1.1 --> 204 NO_CONTENT (referrer: -; agent: python-requests/2.9.1)
Jun 22 09:52:52 mas01 sh[21220]: 2018-06-22 09:52:52 regiond: [info] 192.168.11.43 POST /MAAS/metadata/status/7ensqx HTTP/1.1 --> 204 NO_CONTENT (referrer: -; agent: python-requests/2.9.1)
Jun 22 09:52:52 mas01 sh[21220]: 2018-06-22 09:52:52 regiond: [info] 192.168.11.43 POST /MAAS/metadata/status/7ensqx HTTP/1.1 --> 204 NO_CONTENT (referrer: -; agent: python-requests/2.9.1)
Jun 22 09:52:52 mas01 sh[20766]: 2018-06-22 09:52:52 regiond: [info] 192.168.11.43 POST /MAAS/metadata/status/7ensqx HTTP/1.1 --> 204 NO_CONTENT (referrer: -; agent: python-requests/2.9.1)
Jun 22 09:52:52 mas01 sh[20766]: 2018-06-22 09:52:52 regiond: [info] 192.168.11.43 POST /MAAS/metadata/status/7ensqx HTTP/1.1 --> 204 NO_CONTENT (referrer: -; agent: python-requests/2.9.1)
Jun 22 09:52:52 mas01 sh[20770]: 2018-06-22 09:52:52 regiond: [info] 192.168.11.43 POST /MAAS/metadata/status/7ensqx HTTP/1.1 --> 204 NO_CONTENT (referrer: -; agent: python-requests/2.9.1)
Jun 22 09:52:52 mas01 sh[20890]: 2018-06-22 09:52:52 regiond: [info] 192.168.11.43 POST /MAAS/metadata/status/7ensqx HTTP/1.1 --> 204 NO_CONTENT (referrer: -; agent: python-requests/2.9.1)
Jun 22 09:52:52 mas01 sh[20770]: 2018-06-22 09:52:52 regiond: [info] 192.168.11.43 POST /MAAS/metadata/status/7ensqx HTTP/1.1 --> 204 NO_CONTENT (referrer: -; agent: python-requests/2.9.1)
Jun 22 09:52:52 mas01 sh[20770]: 2018-06-22 09:52:52 regiond: [info] 192.168.11.47 POST /MAAS/metadata/status/e6cqab HTTP/1.1 --> 204 NO_CONTENT (referrer: -; agent: python-requests/2.9.1)
Jun 22 09:52:52 mas01 sh[21220]: 2018-06-22 09:52:52 regiond: [info] 192.168.11.43 POST /MAAS/metadata/status/7ensqx HTTP/1.1 --> 204 NO_CONTENT (referrer: -; agent: python-requests/2.9.1)
Jun 22 09:52:52 mas01 sh[20770]: 2018-06-22 09:52:52 regiond: [info] 192.168.11.47 POST /MAAS/metadata/status/e6cqab HTTP/1.1 --> 204 NO_CONTENT (referrer: -; agent: python-requests/2.9.1)
Jun 22 09:52:52 mas01 sh[20890]: 2018-06-22 09:52:52 regiond: [info] 192.168.11.43 POST /MAAS/metadata/status/7ensqx HTTP/1.1 --> 204 NO_CONTENT (referrer: -; agent: python-requests/2.9.1)
Jun 22 09:52:52 mas01 sh[20890]: 2018-06-22 09:52:52 regiond: [info] 192.168.11.47 POST /MAAS/metadata/status/e6cqab HTTP/1.1 --> 204 NO_CONTENT (referrer: -; agent: python-requests/2.9.1)
Jun 22 09:52:52 mas01 sh[20770]: 2018-06-22 09:52:52 regiond: [info] 192.168.11.43 POST /MAAS/metadata/status/7ensqx HTTP/1.1 --> 204 NO_CONTENT (referrer: -; agent: python-requests/2.9.1)
Jun 22 09:52:52 mas01 sh[20890]: 2018-06-22 09:52:52 regiond: [info] 192.168.11.47 POST /MAAS/metadata/status/e6cqab HTTP/1.1 --> 204 NO_CONTENT (referrer: -; agent: python-requests/2.9.1)
Jun 22 09:52:52 mas01 sh[21220]: 2018-06-22 09:52:52 regiond: [info] 192.168.11.44 POST /MAAS/metadata/status/sb7mn7 HTTP/1.1 --> 204 NO_CONTENT (referrer: -; agent: python-requests/2.9.1)
Jun 22 09:52:52 mas01 sh[21220]: 2018-06-22 09:52:52 regiond: [info] 192.168.11.43 POST /MAAS/metadata/status/7ensqx HTTP/1.1 --> 204 NO_CONTENT (referrer: -; agent: python-requests/2.9.1)
Jun 22 09:52:52 mas01 sh[20766]: 2018-06-22 09:52:52 regiond: [info] 192.168.11.47 POST /MAAS/metadata/status/e6cqab HTTP/1.1 --> 204 NO_CONTENT (referrer: -; agent: python-requests/2.9.1)
Jun 22 09:52:52 mas01 sh[20766]: 2018-06-22 09:52:52 regiond: [info] 192.168.11.44 POST /MAAS/metadata/status/sb7mn7 HTTP/1.1 --> 204 NO_CONTENT (referrer: -; agent: python-requests/2.9.1)
Jun 22 09:52:52 mas01 sh[21220]: 2018-06-22 09:52:52 regiond: [info] 192.168.11.43 POST /MAAS/metadata/status/7ensqx HTTP/1.1 --> 204 NO_CONTENT (referrer: -; agent: python-requests/2.9.1)
Jun 22 09:52:52 mas01 sh[20766]: 2018-06-22 09:52:52 regiond: [info] 192.168.11.47 POST /MAAS/metadata/status/e6cqab HTTP/1.1 --> 204 NO_CONTENT (referrer: -; agent: python-requests/2.9.1)
Jun 22 09:52:52 mas01 sh[20890]: 2018-06-22 09:52:52 regiond: [info] 192.168.11.44 POST /MAAS/metadata/status/sb7mn7 HTTP/1.1 --> 204 NO_CONTENT (referrer: -; agent: python-requests/2.9.1)
Jun 22 09:52:52 mas01 sh[21220]: 2018-06-22 09:52:52 regiond: [info] 192.168.11.47 POST /MAAS/metadata/status/e6cqab HTTP/1.1 --> 204 NO_CONTENT (referrer: -; agent: python-requests/2.9.1)
Jun 22 09:52:52 mas01 sh[20766]: 2018-06-22 09:52:52 regiond: [info] 192.168.11.44 POST /MAAS/metadata/status/sb7mn7 HTTP/1.1 --> 204 NO_CONTENT (referrer: -; agent: python-requests/2.9.1)
Jun 22 09:52:52 mas01 sh[20766]: 2018-06-22 09:52:52 regiond: [info] 192.168.11.43 POST /MAAS/metadata/status/7ensqx HTTP/1.1 --> 204 NO_CONTENT (referrer: -; agent: python-requests/2.9.1)
Jun 22 09:52:52 mas01 sh[20770]: 2018-06-22 09:52:52 regiond: [info] 192.168.11.44 POST /MAAS/metadata/status/sb7mn7 HTTP/1.1 --> 204 NO_CONTENT (referrer: -; agent: python-requests/2.9.1)
Jun 22 09:52:52 mas01 sh[20766]: 2018-06-22 09:52:52 regiond: [info] 192.168.11.43 POST /MAAS/metadata/status/7ensqx HTTP/1.1 --> 204 NO_CONTENT (referrer: -; agent: python-requests/2.9.1)
Jun 22 09:52:52 mas01 sh[20770]: 2018-06-22 09:52:52 regiond: [info] 192.168.11.47 POST /MAAS/metadata/status/e6cqab HTTP/1.1 --> 204 NO_CONTENT (referrer: -; agent: python-requests/2.9.1)
Jun 22 09:52:52 mas01 sh[20766]: 2018-06-22 09:52:52 regiond: [info] 192.168.11.44 POST /MAAS/metadata/status/sb7mn7 HTTP/1.1 --> 204 NO_CONTENT (referrer: -; agent: python-requests/2.9.1)
Jun 22 09:52:52 mas01 sh[20890]: 2018-06-22 09:52:52 regiond: [info] 192.168.11.47 POST /MAAS/metadata/status/e6cqab HTTP/1.1 --> 204 NO_CONTENT (referrer: -; agent: python-requests/2.9.1)
Jun 22 09:52:52 mas01 sh[20890]: 2018-06-22 09:52:52 regiond: [info] 192.168.11.43 POST /MAAS/metadata/status/7ensqx HTTP/1.1 --> 204 NO_CONTENT (referrer: -; agent: python-requests/2.9.1)
Jun 22 09:52:52 mas01 sh[20766]: 2018-06-22 09:52:52 regiond: [info] 192.168.11.44 POST /MAAS/metadata/status/sb7mn7 HTTP/1.1 --> 204 NO_CONTENT (referrer: -; agent: python-requests/2.9.1)
Jun 22 09:52:52 mas01 sh[21220]: 2018-06-22 09:52:52 regiond: [info] 192.168.11.43 POST /MAAS/metadata/status/7ensqx HTTP/1.1 --> 204 NO_CONTENT (referrer: -; agent: python-requests/2.9.1)
Jun 22 09:52:52 mas01 sh[20766]: 2018-06-22 09:52:52 regiond: [info] 192.168.11.44 POST /MAAS/metadata/status/sb7mn7 HTTP/1.1 --> 204 NO_CONTENT (referrer: -; agent: python-requests/2.9.1)
Jun 22 09:52:52 mas01 sh[20890]: 2018-06-22 09:52:52 regiond: [info] 192.168.11.44 POST /MAAS/metadata/status/sb7mn7 HTTP/1.1 --> 204 NO_CONTENT (referrer: -; agent: python-requests/2.9.1)
Jun 22 09:52:52 mas01 sh[20766]: 2018-06-22 09:52:52 regiond: [info] 192.168.11.43 POST /MAAS/metadata/status/7ensqx HTTP/1.1 --> 204 NO_CONTENT (referrer: -; agent: python-requests/2.9.1)
Jun 22 09:52:52 mas01 sh[20770]: 2018-06-22 09:52:52 regiond: [info] 192.168.11.43 POST /MAAS/metadata/status/7ensqx HTTP/1.1 --> 204 NO_CONTENT (referrer: -; agent: python-requests/2.9.1)
Jun 22 09:52:52 mas01 sh[20770]: 2018-06-22 09:52:52 regiond: [info] 192.168.11.47 POST /MAAS/metadata/status/e6cqab HTTP/1.1 --> 204 NO_CONTENT (referrer: -; agent: python-requests/2.9.1)
Jun 22 09:52:52 mas01 sh[20766]: 2018-06-22 09:52:52 regiond: [info] 192.168.11.43 POST /MAAS/metadata/status/7ensqx HTTP/1.1 --> 204 NO_CONTENT (referrer: -; agent: python-requests/2.9.1)
Jun 22 09:52:52 mas01 sh[20766]: 2018-06-22 09:52:52 regiond: [info] 192.168.11.47 POST /MAAS/metadata/status/e6cqab HTTP/1.1 --> 204 NO_CONTENT (referrer: -; agent: python-requests/2.9.1)
Jun 22 09:52:52 mas01 sh[20770]: 2018-06-22 09:52:52 regiond: [info] 192.168.11.43 POST /MAAS/metadata/status/7ensqx HTTP/1.1 --> 204 NO_CONTENT (referrer: -; agent: python-requests/2.9.1)
Jun 22 09:52:52 mas01 sh[20766]: 2018-06-22 09:52:52 regiond: [info] 192.168.11.44 POST /MAAS/metadata/status/sb7mn7 HTTP/1.1 --> 204 NO_CONTENT (referrer: -; agent: python-requests/2.9.1)
Jun 22 09:52:52 mas01 sh[20770]: 2018-06-22 09:52:52 regiond: [info] 192.168.11.44 POST /MAAS/metadata/status/sb7mn7 HTTP/1.1 --> 204 NO_CONTENT (referrer: -; agent: python-requests/2.9.1)
Jun 22 09:52:52 mas01 sh[20766]: 2018-06-22 09:52:52 regiond: [info] 192.168.11.47 POST /MAAS/metadata/status/e6cqab HTTP/1.1 --> 204 NO_CONTENT (referrer: -; agent: python-requests/2.9.1)
Jun 22 09:52:52 mas01 sh[20770]: 2018-06-22 09:52:52 regiond: [info] 192.168.11.47 POST /MAAS/metadata/status/e6cqab HTTP/1.1 --> 204 NO_CONTENT (referrer: -; agent: python-requests/2.9.1)
Jun 22 09:52:52 mas01 sh[20770]: 2018-06-22 09:52:52 regiond: [info] 192.168.11.43 POST /MAAS/metadata/status/7ensqx HTTP/1.1 --> 204 NO_CONTENT (referrer: -; agent: python-requests/2.9.1)
Jun 22 09:52:52 mas01 sh[20766]: 2018-06-22 09:52:52 regiond: [info] 192.168.11.47 POST /MAAS/metadata/status/e6cqab HTTP/1.1 --> 204 NO_CONTENT (referrer: -; agent: python-requests/2.9.1)
Jun 22 09:52:52 mas01 sh[20770]: 2018-06-22 09:52:52 regiond: [info] 192.168.11.43 POST /MAAS/metadata/status/7ensqx HTTP/1.1 --> 204 NO_CONTENT (referrer: -; agent: python-requests/2.9.1)
Jun 22 09:52:52 mas01 sh[20890]: 2018-06-22 09:52:52 regiond: [info] 192.168.11.44 POST /MAAS/metadata/status/sb7mn7 HTTP/1.1 --> 204 NO_CONTENT (referrer: -; agent: python-requests/2.9.1)
Jun 22 09:52:52 mas01 sh[20766]: 2018-06-22 09:52:52 regiond: [info] 192.168.11.47 POST /MAAS/metadata/status/e6cqab HTTP/1.1 --> 204 NO_CONTENT (referrer: -; agent: python-requests/2.9.1)
Jun 22 09:52:52 mas01 sh[21220]: 2018-06-22 09:52:52 regiond: [info] 192.168.11.44 POST /MAAS/metadata/status/sb7mn7 HTTP/1.1 --> 204 NO_CONTENT (referrer: -; agent: python-requests/2.9.1)
Jun 22 09:52:52 mas01 sh[21220]: 2018-06-22 09:52:52 regiond: [info] 192.168.11.47 POST /MAAS/metadata/status/e6cqab HTTP/1.1 --> 204 NO_CONTENT (referrer: -; agent: python-requests/2.9.1)
Jun 22 09:52:52 mas01 sh[20766]: 2018-06-22 09:52:52 regiond: [info] 192.168.11.47 POST /MAAS/metadata/status/e6cqab HTTP/1.1 --> 204 NO_CONTENT (referrer: -; agent: python-requests/2.9.1)
Jun 22 09:52:52 mas01 sh[20766]: 2018-06-22 09:52:52 regiond: [info] 192.168.11.44 POST /MAAS/metadata/status/sb7mn7 HTTP/1.1 --> 204 NO_CONTENT (referrer: -; agent: python-requests/2.9.1)
Jun 22 09:52:52 mas01 sh[20766]: 2018-06-22 09:52:52 regiond: [info] 192.168.11.47 POST /MAAS/metadata/status/e6cqab HTTP/1.1 --> 204 NO_CONTENT (referrer: -; agent: python-requests/2.9.1)
Jun 22 09:52:52 mas01 sh[21220]: 2018-06-22 09:52:52 regiond: [info] 192.168.11.44 POST /MAAS/metadata/status/sb7mn7 HTTP/1.1 --> 204 NO_CONTENT (referrer: -; agent: python-requests/2.9.1)
Jun 22 09:52:52 mas01 sh[20890]: 2018-06-22 09:52:52 regiond: [info] 192.168.11.47 POST /MAAS/metadata/status/e6cqab HTTP/1.1 --> 204 NO_CONTENT (referrer: -; agent: python-requests/2.9.1)
Jun 22 09:52:52 mas01 sh[21220]: 2018-06-22 09:52:52 regiond: [info] 192.168.11.44 POST /MAAS/metadata/status/sb7mn7 HTTP/1.1 --> 204 NO_CONTENT (referrer: -; agent: python-requests/2.9.1)
Jun 22 09:52:52 mas01 sh[20770]: 2018-06-22 09:52:52 regiond: [info] 192.168.11.47 POST /MAAS/metadata/status/e6cqab HTTP/1.1 --> 204 NO_CONTENT (referrer: -; agent: python-requests/2.9.1)
Jun 22 09:52:52 mas01 sh[20890]: 2018-06-22 09:52:52 regiond: [info] 192.168.11.44 POST /MAAS/metadata/status/sb7mn7 HTTP/1.1 --> 204 NO_CONTENT (referrer: -; agent: python-requests/2.9.1)
Jun 22 09:52:52 mas01 sh[20766]: 2018-06-22 09:52:52 regiond: [info] 192.168.11.47 POST /MAAS/metadata/status/e6cqab HTTP/1.1 --> 204 NO_CONTENT (referrer: -; agent: python-requests/2.9.1)
Jun 22 09:52:52 mas01 sh[21220]: 2018-06-22 09:52:52 regiond: [info] 192.168.11.44 POST /MAAS/metadata/status/sb7mn7 HTTP/1.1 --> 204 NO_CONTENT (referrer: -; agent: python-requests/2.9.1)
Jun 22 09:52:52 mas01 sh[20890]: 2018-06-22 09:52:52 regiond: [info] 192.168.11.44 POST /MAAS/metadata/status/sb7mn7 HTTP/1.1 --> 204 NO_CONTENT (referrer: -; agent: python-requests/2.9.1)
Jun 22 09:52:52 mas01 sh[21220]: 2018-06-22 09:52:52 regiond: [info] 192.168.11.47 POST /MAAS/metadata/status/e6cqab HTTP/1.1 --> 204 NO_CONTENT (referrer: -; agent: python-requests/2.9.1)
Jun 22 09:52:52 mas01 sh[21220]: 2018-06-22 09:52:52 regiond: [info] 192.168.11.44 POST /MAAS/metadata/status/sb7mn7 HTTP/1.1 --> 204 NO_CONTENT (referrer: -; agent: python-requests/2.9.1)
Jun 22 09:52:52 mas01 sh[20770]: 2018-06-22 09:52:52 regiond: [info] 192.168.11.47 POST /MAAS/metadata/status/e6cqab HTTP/1.1 --> 204 NO_CONTENT (referrer: -; agent: python-requests/2.9.1)
Jun 22 09:52:52 mas01 sh[20890]: 2018-06-22 09:52:52 regiond: [info] 192.168.11.44 POST /MAAS/metadata/status/sb7mn7 HTTP/1.1 --> 204 NO_CONTENT (referrer: -; agent: python-requests/2.9.1)
Jun 22 09:52:52 mas01 sh[21220]: 2018-06-22 09:52:52 regiond: [info] 192.168.11.47 POST /MAAS/metadata/status/e6cqab HTTP/1.1 --> 204 NO_CONTENT (referrer: -; agent: python-requests/2.9.1)
Jun 22 09:52:52 mas01 sh[20770]: 2018-06-22 09:52:52 regiond: [info] 192.168.11.47 POST /MAAS/metadata/status/e6cqab HTTP/1.1 --> 204 NO_CONTENT (referrer: -; agent: python-requests/2.9.1)
Jun 22 09:52:52 mas01 sh[20890]: 2018-06-22 09:52:52 regiond: [info] 192.168.11.44 POST /MAAS/metadata/status/sb7mn7 HTTP/1.1 --> 204 NO_CONTENT (referrer: -; agent: python-requests/2.9.1)
Jun 22 09:52:52 mas01 sh[20890]: 2018-06-22 09:52:52 regiond: [info] 192.168.11.44 POST /MAAS/metadata/status/sb7mn7 HTTP/1.1 --> 204 NO_CONTENT (referrer: -; agent: python-requests/2.9.1)
Jun 22 09:52:52 mas01 sh[20766]: 2018-06-22 09:52:52 regiond: [info] 192.168.11.47 POST /MAAS/metadata/status/e6cqab HTTP/1.1 --> 204 NO_CONTENT (referrer: -; agent: python-requests/2.9.1)
Jun 22 09:52:52 mas01 sh[21220]: 2018-06-22 09:52:52 regiond: [info] 192.168.11.44 POST /MAAS/metadata/status/sb7mn7 HTTP/1.1 --> 204 NO_CONTENT (referrer: -; agent: python-requests/2.9.1)
Jun 22 09:52:52 mas01 sh[20890]: 2018-06-22 09:52:52 regiond: [info] 192.168.11.47 POST /MAAS/metadata/status/e6cqab HTTP/1.1 --> 204 NO_CONTENT (referrer: -; agent: python-requests/2.9.1)
Jun 22 09:52:52 mas01 sh[20890]: 2018-06-22 09:52:52 regiond: [info] 192.168.11.44 POST /MAAS/metadata/status/sb7mn7 HTTP/1.1 --> 204 NO_CONTENT (referrer: -; agent: python-requests/2.9.1)
Jun 22 09:52:52 mas01 sh[20890]: 2018-06-22 09:52:52 regiond: [info] 192.168.11.43 POST /MAAS/metadata/status/7ensqx HTTP/1.1 --> 204 NO_CONTENT (referrer: -; agent: python-requests/2.9.1)
Jun 22 09:52:52 mas01 sh[20766]: 2018-06-22 09:52:52 regiond: [info] 192.168.11.43 POST /MAAS/metadata/status/7ensqx HTTP/1.1 --> 204 NO_CONTENT (referrer: -; agent: python-requests/2.9.1)
Jun 22 09:52:52 mas01 sh[20890]: 2018-06-22 09:52:52 regiond: [info] 192.168.11.44 POST /MAAS/metadata/status/sb7mn7 HTTP/1.1 --> 204 NO_CONTENT (referrer: -; agent: python-requests/2.9.1)
Jun 22 09:52:52 mas01 sh[21220]: 2018-06-22 09:52:52 regiond: [info] 192.168.11.44 POST /MAAS/metadata/status/sb7mn7 HTTP/1.1 --> 204 NO_CONTENT (referrer: -; agent: python-requests/2.9.1)
Jun 22 09:52:52 mas01 sh[20770]: 2018-06-22 09:52:52 regiond: [info] 192.168.11.47 POST /MAAS/metadata/status/e6cqab HTTP/1.1 --> 204 NO_CONTENT (referrer: -; agent: python-requests/2.9.1)
Jun 22 09:52:52 mas01 sh[20890]: 2018-06-22 09:52:52 regiond: [info] 192.168.11.47 POST /MAAS/metadata/status/e6cqab HTTP/1.1 --> 204 NO_CONTENT (referrer: -; agent: python-requests/2.9.1)
Jun 22 09:52:52 mas01 sh[21220]: 2018-06-22 09:52:52 regiond: [info] 192.168.11.44 POST /MAAS/metadata/status/sb7mn7 HTTP/1.1 --> 204 NO_CONTENT (referrer: -; agent: python-requests/2.9.1)
Jun 22 09:52:52 mas01 sh[20890]: 2018-06-22 09:52:52 regiond: [info] 192.168.11.44 POST /MAAS/metadata/status/sb7mn7 HTTP/1.1 --> 204 NO_CONTENT (referrer: -; agent: python-requests/2.9.1)
Jun 22 09:52:52 mas01 sh[20766]: 2018-06-22 09:52:52 regiond: [info] 192.168.11.43 POST /MAAS/metadata/status/7ensqx HTTP/1.1 --> 204 NO_CONTENT (referrer: -; agent: python-requests/2.9.1)
Jun 22 09:52:52 mas01 sh[21220]: 2018-06-22 09:52:52 regiond: [info] 192.168.11.44 POST /MAAS/metadata/status/sb7mn7 HTTP/1.1 --> 204 NO_CONTENT (referrer: -; agent: python-requests/2.9.1)
Jun 22 09:52:52 mas01 sh[20770]: 2018-06-22 09:52:52 regiond: [info] 192.168.11.43 POST /MAAS/metadata/status/7ensqx HTTP/1.1 --> 204 NO_CONTENT (referrer: -; agent: python-requests/2.9.1)
Jun 22 09:52:52 mas01 sh[20766]: 2018-06-22 09:52:52 regiond: [info] 192.168.11.44 POST /MAAS/metadata/status/sb7mn7 HTTP/1.1 --> 204 NO_CONTENT (referrer: -; agent: python-requests/2.9.1)
Jun 22 09:52:52 mas01 sh[20770]: 2018-06-22 09:52:52 regiond: [info] 192.168.11.47 POST /MAAS/metadata/status/e6cqab HTTP/1.1 --> 204 NO_CONTENT (referrer: -; agent: python-requests/2.9.1)
Jun 22 09:52:52 mas01 sh[20766]: 2018-06-22 09:52:52 regiond: [info] 192.168.11.47 POST /MAAS/metadata/status/e6cqab HTTP/1.1 --> 204 NO_CONTENT (referrer: -; agent: python-requests/2.9.1)
Jun 22 09:52:53 mas01 salt-minion[5902]: [INFO    ] {'pid': 26887, 'retcode': 0, 'stderr': '', 'stdout': ''}
Jun 22 09:52:53 mas01 salt-minion[5902]: [INFO    ] Completed state [maas-region apikey --username opnfv > /var/lib/maas/.maas_credentials] at time 09:52:53.609945 duration_in_ms=1675.165
Jun 22 09:52:53 mas01 salt-minion[5902]: [INFO    ] Running state [maas.machines_status] at time 09:52:53.612475
Jun 22 09:52:53 mas01 salt-minion[5902]: [INFO    ] Executing state module.run for maas.machines_status
Jun 22 09:52:53 mas01 sh[20890]: 2018-06-22 09:52:53 regiond: [info] 192.168.11.44 POST /MAAS/metadata/status/sb7mn7 HTTP/1.1 --> 204 NO_CONTENT (referrer: -; agent: python-requests/2.9.1)
Jun 22 09:52:53 mas01 sh[21220]: 2018-06-22 09:52:53 regiond: [info] 192.168.11.44 POST /MAAS/metadata/status/sb7mn7 HTTP/1.1 --> 204 NO_CONTENT (referrer: -; agent: python-requests/2.9.1)
Jun 22 09:52:53 mas01 sh[20770]: 2018-06-22 09:52:53 regiond: [info] 192.168.11.44 POST /MAAS/metadata/status/sb7mn7 HTTP/1.1 --> 204 NO_CONTENT (referrer: -; agent: python-requests/2.9.1)
Jun 22 09:52:53 mas01 sh[20770]: 2018-06-22 09:52:53 regiond: [info] 192.168.11.44 POST /MAAS/metadata/status/sb7mn7 HTTP/1.1 --> 204 NO_CONTENT (referrer: -; agent: python-requests/2.9.1)
Jun 22 09:52:53 mas01 sh[21220]: 2018-06-22 09:52:53 regiond: [info] 192.168.11.44 POST /MAAS/metadata/status/sb7mn7 HTTP/1.1 --> 204 NO_CONTENT (referrer: -; agent: python-requests/2.9.1)
Jun 22 09:52:53 mas01 sh[21220]: message repeated 3 times: [ 2018-06-22 09:52:53 regiond: [info] 192.168.11.44 POST /MAAS/metadata/status/sb7mn7 HTTP/1.1 --> 204 NO_CONTENT (referrer: -; agent: python-requests/2.9.1)]
Jun 22 09:52:53 mas01 sh[20766]: 2018-06-22 09:52:53 regiond: [info] 192.168.11.44 POST /MAAS/metadata/status/sb7mn7 HTTP/1.1 --> 204 NO_CONTENT (referrer: -; agent: python-requests/2.9.1)
Jun 22 09:52:53 mas01 sh[20766]: 2018-06-22 09:52:53 regiond: [info] 192.168.11.43 POST /MAAS/metadata/status/7ensqx HTTP/1.1 --> 204 NO_CONTENT (referrer: -; agent: python-requests/2.9.1)
Jun 22 09:52:53 mas01 sh[20890]: 2018-06-22 09:52:53 regiond: [info] 192.168.11.43 POST /MAAS/metadata/status/7ensqx HTTP/1.1 --> 204 NO_CONTENT (referrer: -; agent: python-requests/2.9.1)
Jun 22 09:52:53 mas01 sh[20766]: 2018-06-22 09:52:53 regiond: [info] 192.168.11.43 POST /MAAS/metadata/status/7ensqx HTTP/1.1 --> 204 NO_CONTENT (referrer: -; agent: python-requests/2.9.1)
Jun 22 09:52:53 mas01 sh[20770]: 2018-06-22 09:52:53 regiond: [info] 192.168.11.43 POST /MAAS/metadata/status/7ensqx HTTP/1.1 --> 204 NO_CONTENT (referrer: -; agent: python-requests/2.9.1)
Jun 22 09:52:53 mas01 sh[20770]: 2018-06-22 09:52:53 regiond: [info] 192.168.11.43 POST /MAAS/metadata/status/7ensqx HTTP/1.1 --> 204 NO_CONTENT (referrer: -; agent: python-requests/2.9.1)
Jun 22 09:52:53 mas01 sh[20890]: 2018-06-22 09:52:53 regiond: [info] 192.168.11.43 POST /MAAS/metadata/status/7ensqx HTTP/1.1 --> 204 NO_CONTENT (referrer: -; agent: python-requests/2.9.1)
Jun 22 09:52:53 mas01 sh[21220]: 2018-06-22 09:52:53 regiond: [info] 192.168.11.43 POST /MAAS/metadata/status/7ensqx HTTP/1.1 --> 204 NO_CONTENT (referrer: -; agent: python-requests/2.9.1)
Jun 22 09:52:53 mas01 sh[21220]: 2018-06-22 09:52:53 regiond: [info] 192.168.11.43 POST /MAAS/metadata/status/7ensqx HTTP/1.1 --> 204 NO_CONTENT (referrer: -; agent: python-requests/2.9.1)
Jun 22 09:52:53 mas01 sh[20890]: 2018-06-22 09:52:53 regiond: [info] 192.168.11.43 POST /MAAS/metadata/status/7ensqx HTTP/1.1 --> 204 NO_CONTENT (referrer: -; agent: python-requests/2.9.1)
Jun 22 09:52:54 mas01 sh[21220]: 2018-06-22 09:52:54 regiond: [info] 192.168.11.47 POST /MAAS/metadata/status/e6cqab HTTP/1.1 --> 204 NO_CONTENT (referrer: -; agent: python-requests/2.9.1)
Jun 22 09:52:54 mas01 sh[20770]: 2018-06-22 09:52:54 regiond: [info] 192.168.11.47 POST /MAAS/metadata/status/e6cqab HTTP/1.1 --> 204 NO_CONTENT (referrer: -; agent: python-requests/2.9.1)
Jun 22 09:52:54 mas01 sh[20890]: 2018-06-22 09:52:54 regiond: [info] 192.168.11.47 POST /MAAS/metadata/status/e6cqab HTTP/1.1 --> 204 NO_CONTENT (referrer: -; agent: python-requests/2.9.1)
Jun 22 09:52:54 mas01 sh[20890]: message repeated 2 times: [ 2018-06-22 09:52:54 regiond: [info] 192.168.11.47 POST /MAAS/metadata/status/e6cqab HTTP/1.1 --> 204 NO_CONTENT (referrer: -; agent: python-requests/2.9.1)]
Jun 22 09:52:54 mas01 sh[20770]: 2018-06-22 09:52:54 regiond: [info] 192.168.11.47 POST /MAAS/metadata/status/e6cqab HTTP/1.1 --> 204 NO_CONTENT (referrer: -; agent: python-requests/2.9.1)
Jun 22 09:52:54 mas01 sh[20766]: 2018-06-22 09:52:54 regiond: [info] 192.168.11.47 POST /MAAS/metadata/status/e6cqab HTTP/1.1 --> 204 NO_CONTENT (referrer: -; agent: python-requests/2.9.1)
Jun 22 09:52:54 mas01 sh[20890]: 2018-06-22 09:52:54 regiond: [info] 192.168.11.47 POST /MAAS/metadata/status/e6cqab HTTP/1.1 --> 204 NO_CONTENT (referrer: -; agent: python-requests/2.9.1)
Jun 22 09:52:54 mas01 sh[20770]: 2018-06-22 09:52:54 regiond: [info] 192.168.11.47 POST /MAAS/metadata/status/e6cqab HTTP/1.1 --> 204 NO_CONTENT (referrer: -; agent: python-requests/2.9.1)
Jun 22 09:52:54 mas01 sh[21220]: 2018-06-22 09:52:54 regiond: [info] 127.0.0.1 GET /MAAS/api/2.0/machines/ HTTP/1.1 --> 200 OK (referrer: -; agent: Python-urllib/2.7)
Jun 22 09:52:54 mas01 salt-minion[5902]: [INFO    ] {'ret': {'machines': [{'status': 'Deploying', 'hostname': u'cmp001', 'system_id': u'7ensqx'}, {'status': 'Deploying', 'hostname': u'kvm01', 'system_id': u'sb7mn7'}, {'status': 'Deploying', 'hostname': u'kvm03', 'system_id': u'as4yxd'}, {'status': 'Deploying', 'hostname': u'kvm02', 'system_id': u'ar76nd'}, {'status': 'Deploying', 'hostname': u'cmp002', 'system_id': u'e6cqab'}], 'summary': Counter({'Deploying': 5})}}
Jun 22 09:52:54 mas01 salt-minion[5902]: [INFO    ] Completed state [maas.machines_status] at time 09:52:54.324951 duration_in_ms=712.475
Jun 22 09:52:54 mas01 salt-minion[5902]: [INFO    ] Returning information for job: 20180622095251556535
Jun 22 09:52:54 mas01 sh[20770]: 2018-06-22 09:52:54 regiond: [info] 192.168.11.44 POST /MAAS/metadata/status/sb7mn7 HTTP/1.1 --> 204 NO_CONTENT (referrer: -; agent: python-requests/2.9.1)
Jun 22 09:52:54 mas01 sh[20770]: 2018-06-22 09:52:54 regiond: [info] 192.168.11.44 POST /MAAS/metadata/status/sb7mn7 HTTP/1.1 --> 204 NO_CONTENT (referrer: -; agent: python-requests/2.9.1)
Jun 22 09:52:54 mas01 sh[21220]: 2018-06-22 09:52:54 regiond: [info] 192.168.11.43 POST /MAAS/metadata/status/7ensqx HTTP/1.1 --> 204 NO_CONTENT (referrer: -; agent: python-requests/2.9.1)
Jun 22 09:52:54 mas01 sh[20766]: 2018-06-22 09:52:54 regiond: [info] 192.168.11.44 POST /MAAS/metadata/status/sb7mn7 HTTP/1.1 --> 204 NO_CONTENT (referrer: -; agent: python-requests/2.9.1)
Jun 22 09:52:54 mas01 sh[20766]: 2018-06-22 09:52:54 regiond: [info] 192.168.11.43 POST /MAAS/metadata/status/7ensqx HTTP/1.1 --> 204 NO_CONTENT (referrer: -; agent: python-requests/2.9.1)
Jun 22 09:52:54 mas01 sh[20890]: 2018-06-22 09:52:54 regiond: [info] 192.168.11.44 POST /MAAS/metadata/status/sb7mn7 HTTP/1.1 --> 204 NO_CONTENT (referrer: -; agent: python-requests/2.9.1)
Jun 22 09:52:54 mas01 sh[20770]: 2018-06-22 09:52:54 regiond: [info] 192.168.11.43 POST /MAAS/metadata/status/7ensqx HTTP/1.1 --> 204 NO_CONTENT (referrer: -; agent: python-requests/2.9.1)
Jun 22 09:52:54 mas01 sh[20766]: 2018-06-22 09:52:54 regiond: [info] 192.168.11.43 POST /MAAS/metadata/status/7ensqx HTTP/1.1 --> 204 NO_CONTENT (referrer: -; agent: python-requests/2.9.1)
Jun 22 09:52:54 mas01 sh[20766]: 2018-06-22 09:52:54 regiond: [info] 192.168.11.46 GET /MAAS/metadata/latest/by-id/ar76nd/?op=get_preseed HTTP/1.1 --> 200 OK (referrer: -; agent: Cloud-Init/18.2)
Jun 22 09:52:54 mas01 sh[20766]: 2018-06-22 09:52:54 regiond: [info] 192.168.11.47 POST /MAAS/metadata/status/e6cqab HTTP/1.1 --> 204 NO_CONTENT (referrer: -; agent: python-requests/2.9.1)
Jun 22 09:52:54 mas01 sh[20890]: 2018-06-22 09:52:54 regiond: [info] 192.168.11.47 POST /MAAS/metadata/status/e6cqab HTTP/1.1 --> 204 NO_CONTENT (referrer: -; agent: python-requests/2.9.1)
Jun 22 09:52:54 mas01 sh[20770]: 2018-06-22 09:52:54 regiond: [info] 192.168.11.47 POST /MAAS/metadata/status/e6cqab HTTP/1.1 --> 204 NO_CONTENT (referrer: -; agent: python-requests/2.9.1)
Jun 22 09:52:54 mas01 sh[20890]: 2018-06-22 09:52:54 regiond: [info] 192.168.11.47 POST /MAAS/metadata/status/e6cqab HTTP/1.1 --> 204 NO_CONTENT (referrer: -; agent: python-requests/2.9.1)
Jun 22 09:52:54 mas01 sh[20766]: 2018-06-22 09:52:54 regiond: [info] 192.168.11.46 POST /MAAS/metadata/status/ar76nd HTTP/1.1 --> 204 NO_CONTENT (referrer: -; agent: python-requests/2.9.1)
Jun 22 09:52:54 mas01 sh[20766]: 2018-06-22 09:52:54 regiond: [info] 192.168.11.46 POST /MAAS/metadata/status/ar76nd HTTP/1.1 --> 204 NO_CONTENT (referrer: -; agent: python-requests/2.9.1)
