Jun 20 12:55:05 mas01 sh[16792]: 2018-06-20 12:55:05 regiond: [info] 192.168.11.38 POST /MAAS/metadata/status/a8s3ap HTTP/1.1 --> 204 NO_CONTENT (referrer: -; agent: python-requests/2.9.1)
Jun 20 12:55:05 mas01 sh[16796]: 2018-06-20 12:55:05 regiond: [info] 192.168.11.36 GET /MAAS/metadata/latest/by-id/8px4an/?op=get_preseed HTTP/1.1 --> 200 OK (referrer: -; agent: Cloud-Init/18.2)
Jun 20 12:55:05 mas01 sh[16796]: 2018-06-20 12:55:05 regiond: [info] 192.168.11.36 POST /MAAS/metadata/status/8px4an HTTP/1.1 --> 204 NO_CONTENT (referrer: -; agent: python-requests/2.9.1)
Jun 20 12:55:05 mas01 sh[16792]: 2018-06-20 12:55:05 regiond: [info] 192.168.11.36 POST /MAAS/metadata/status/8px4an HTTP/1.1 --> 204 NO_CONTENT (referrer: -; agent: python-requests/2.9.1)
Jun 20 12:55:05 mas01 sh[17268]: 2018-06-20 12:55:05 regiond: [info] 192.168.11.38 POST /MAAS/metadata/status/a8s3ap HTTP/1.1 --> 204 NO_CONTENT (referrer: -; agent: python-requests/2.9.1)
Jun 20 12:55:05 mas01 sh[16792]: 2018-06-20 12:55:05 regiond: [info] 192.168.11.36 POST /MAAS/metadata/status/8px4an HTTP/1.1 --> 204 NO_CONTENT (referrer: -; agent: python-requests/2.9.1)
Jun 20 12:55:06 mas01 sh[17268]: 2018-06-20 12:55:06 regiond: [info] 192.168.11.38 GET /MAAS/metadata/latest/by-id/a8s3ap/?op=get_preseed HTTP/1.1 --> 200 OK (referrer: -; agent: Cloud-Init/18.2)
Jun 20 12:55:06 mas01 salt-minion[1477]: [INFO    ] {'pid': 19413, 'retcode': 0, 'stderr': '', 'stdout': ''}
Jun 20 12:55:06 mas01 salt-minion[1477]: [INFO    ] Completed state [maas-region apikey --username opnfv > /var/lib/maas/.maas_credentials] at time 12:55:06.102639 duration_in_ms=1781.874
Jun 20 12:55:06 mas01 salt-minion[1477]: [INFO    ] Running state [maas.machines_status] at time 12:55:06.105835
Jun 20 12:55:06 mas01 salt-minion[1477]: [INFO    ] Executing state module.run for maas.machines_status
Jun 20 12:55:06 mas01 sh[16924]: 2018-06-20 12:55:06 regiond: [info] 192.168.11.38 POST /MAAS/metadata/status/a8s3ap HTTP/1.1 --> 204 NO_CONTENT (referrer: -; agent: python-requests/2.9.1)
Jun 20 12:55:06 mas01 sh[16924]: 2018-06-20 12:55:06 regiond: [info] 192.168.11.38 POST /MAAS/metadata/status/a8s3ap HTTP/1.1 --> 204 NO_CONTENT (referrer: -; agent: python-requests/2.9.1)
Jun 20 12:55:06 mas01 sh[17268]: 2018-06-20 12:55:06 regiond: [info] 192.168.11.38 POST /MAAS/metadata/status/a8s3ap HTTP/1.1 --> 204 NO_CONTENT (referrer: -; agent: python-requests/2.9.1)
Jun 20 12:55:06 mas01 sh[16792]: 2018-06-20 12:55:06 regiond: [info] 192.168.11.36 POST /MAAS/metadata/status/8px4an HTTP/1.1 --> 204 NO_CONTENT (referrer: -; agent: python-requests/2.9.1)
Jun 20 12:55:06 mas01 sh[16792]: 2018-06-20 12:55:06 regiond: [info] 192.168.11.36 POST /MAAS/metadata/status/8px4an HTTP/1.1 --> 204 NO_CONTENT (referrer: -; agent: python-requests/2.9.1)
Jun 20 12:55:06 mas01 sh[17268]: 2018-06-20 12:55:06 regiond: [info] 192.168.11.38 GET /MAAS/metadata/2012-03-01/meta-data/instance-id HTTP/1.1 --> 200 OK (referrer: -; agent: Cloud-Init/18.2)
Jun 20 12:55:06 mas01 sh[16792]: 2018-06-20 12:55:06 regiond: [info] 192.168.11.36 POST /MAAS/metadata/status/8px4an HTTP/1.1 --> 204 NO_CONTENT (referrer: -; agent: python-requests/2.9.1)
Jun 20 12:55:06 mas01 sh[16796]: 2018-06-20 12:55:06 regiond: [info] 192.168.11.36 GET /MAAS/metadata/2012-03-01/meta-data/instance-id HTTP/1.1 --> 200 OK (referrer: -; agent: Cloud-Init/18.2)
Jun 20 12:55:06 mas01 sh[17268]: 2018-06-20 12:55:06 regiond: [info] 192.168.11.38 GET /MAAS/metadata/2012-03-01/meta-data/instance-id HTTP/1.1 --> 200 OK (referrer: -; agent: python-requests/2.9.1)
Jun 20 12:55:06 mas01 sh[16924]: 2018-06-20 12:55:06 regiond: [info] 192.168.11.36 GET /MAAS/metadata/2012-03-01/meta-data/instance-id HTTP/1.1 --> 200 OK (referrer: -; agent: python-requests/2.9.1)
Jun 20 12:55:06 mas01 sh[16796]: 2018-06-20 12:55:06 regiond: [info] 192.168.11.38 GET /MAAS/metadata/2012-03-01/meta-data/local-hostname HTTP/1.1 --> 200 OK (referrer: -; agent: python-requests/2.9.1)
Jun 20 12:55:06 mas01 sh[16792]: 2018-06-20 12:55:06 regiond: [info] 192.168.11.36 GET /MAAS/metadata/2012-03-01/meta-data/local-hostname HTTP/1.1 --> 200 OK (referrer: -; agent: python-requests/2.9.1)
Jun 20 12:55:06 mas01 sh[16796]: 2018-06-20 12:55:06 regiond: [info] 192.168.11.36 GET /MAAS/metadata/2012-03-01/meta-data/public-keys HTTP/1.1 --> 200 OK (referrer: -; agent: python-requests/2.9.1)
Jun 20 12:55:06 mas01 salt-minion[1477]: [INFO    ] {'ret': {'machines': [{'status': 'Commissioning', 'hostname': u'cmp002', 'system_id': u'7gnwk6'}, {'status': 'Commissioning', 'hostname': u'cmp001', 'system_id': u'wx3mb3'}, {'status': 'Commissioning', 'hostname': u'kvm01', 'system_id': u'8px4an'}, {'status': 'Commissioning', 'hostname': u'kvm02', 'system_id': u'a8s3ap'}, {'status': 'Failed commissioning', 'hostname': u'kvm03', 'system_id': u'pq8ngy'}], 'summary': Counter({'Commissioning': 4, 'Failed commissioning': 1})}}
Jun 20 12:55:06 mas01 salt-minion[1477]: [INFO    ] Completed state [maas.machines_status] at time 12:55:06.395774 duration_in_ms=289.938
Jun 20 12:55:06 mas01 salt-minion[1477]: [INFO    ] Returning information for job: 20180620125503668241
Jun 20 12:55:06 mas01 sh[17268]: 2018-06-20 12:55:06 regiond: [info] 192.168.11.36 GET /MAAS/metadata/2012-03-01/meta-data/vendor-data HTTP/1.1 --> 200 OK (referrer: -; agent: python-requests/2.9.1)
Jun 20 12:55:06 mas01 sh[17268]: 2018-06-20 12:55:06 regiond: [info] 192.168.11.38 GET /MAAS/metadata/2012-03-01/meta-data/vendor-data HTTP/1.1 --> 200 OK (referrer: -; agent: python-requests/2.9.1)
Jun 20 12:55:06 mas01 sh[16796]: 2018-06-20 12:55:06 regiond: [info] 192.168.11.36 GET /MAAS/metadata/2012-03-01/user-data HTTP/1.1 --> 200 OK (referrer: -; agent: python-requests/2.9.1)
Jun 20 12:55:06 mas01 sh[16796]: 2018-06-20 12:55:06 regiond: [info] 192.168.11.38 POST /MAAS/metadata/status/a8s3ap HTTP/1.1 --> 204 NO_CONTENT (referrer: -; agent: python-requests/2.9.1)
Jun 20 12:55:06 mas01 sh[16792]: 2018-06-20 12:55:06 regiond: [info] 192.168.11.36 POST /MAAS/metadata/status/8px4an HTTP/1.1 --> 204 NO_CONTENT (referrer: -; agent: python-requests/2.9.1)
Jun 20 12:55:06 mas01 sh[16924]: 2018-06-20 12:55:06 regiond: [info] 192.168.11.36 POST /MAAS/metadata/status/8px4an HTTP/1.1 --> 204 NO_CONTENT (referrer: -; agent: python-requests/2.9.1)
Jun 20 12:55:06 mas01 sh[16796]: 2018-06-20 12:55:06 regiond: [info] 192.168.11.38 POST /MAAS/metadata/status/a8s3ap HTTP/1.1 --> 204 NO_CONTENT (referrer: -; agent: python-requests/2.9.1)
Jun 20 12:55:06 mas01 sh[16792]: 2018-06-20 12:55:06 regiond: [info] 192.168.11.38 POST /MAAS/metadata/status/a8s3ap HTTP/1.1 --> 204 NO_CONTENT (referrer: -; agent: python-requests/2.9.1)
Jun 20 12:55:06 mas01 sh[16924]: 2018-06-20 12:55:06 regiond: [info] 192.168.11.36 POST /MAAS/metadata/status/8px4an HTTP/1.1 --> 204 NO_CONTENT (referrer: -; agent: python-requests/2.9.1)
Jun 20 12:55:06 mas01 sh[16792]: 2018-06-20 12:55:06 regiond: [info] 192.168.11.38 POST /MAAS/metadata/status/a8s3ap HTTP/1.1 --> 204 NO_CONTENT (referrer: -; agent: python-requests/2.9.1)
Jun 20 12:55:06 mas01 sh[16792]: 2018-06-20 12:55:06 regiond: [info] 192.168.11.36 POST /MAAS/metadata/status/8px4an HTTP/1.1 --> 204 NO_CONTENT (referrer: -; agent: python-requests/2.9.1)
Jun 20 12:55:06 mas01 sh[16792]: 2018-06-20 12:55:06 regiond: [info] 192.168.11.38 POST /MAAS/metadata/status/a8s3ap HTTP/1.1 --> 204 NO_CONTENT (referrer: -; agent: python-requests/2.9.1)
Jun 20 12:55:06 mas01 sh[16796]: 2018-06-20 12:55:06 regiond: [info] 192.168.11.36 POST /MAAS/metadata/status/8px4an HTTP/1.1 --> 204 NO_CONTENT (referrer: -; agent: python-requests/2.9.1)
Jun 20 12:55:06 mas01 sh[16924]: 2018-06-20 12:55:06 regiond: [info] 192.168.11.38 POST /MAAS/metadata/status/a8s3ap HTTP/1.1 --> 204 NO_CONTENT (referrer: -; agent: python-requests/2.9.1)
Jun 20 12:55:06 mas01 sh[16796]: 2018-06-20 12:55:06 regiond: [info] 192.168.11.36 POST /MAAS/metadata/status/8px4an HTTP/1.1 --> 204 NO_CONTENT (referrer: -; agent: python-requests/2.9.1)
Jun 20 12:55:06 mas01 sh[16792]: 2018-06-20 12:55:06 regiond: [info] 192.168.11.38 POST /MAAS/metadata/status/a8s3ap HTTP/1.1 --> 204 NO_CONTENT (referrer: -; agent: python-requests/2.9.1)
Jun 20 12:55:06 mas01 sh[16792]: 2018-06-20 12:55:06 regiond: [info] 192.168.11.36 POST /MAAS/metadata/status/8px4an HTTP/1.1 --> 204 NO_CONTENT (referrer: -; agent: python-requests/2.9.1)
Jun 20 12:55:06 mas01 sh[16924]: 2018-06-20 12:55:06 regiond: [info] 192.168.11.38 POST /MAAS/metadata/status/a8s3ap HTTP/1.1 --> 204 NO_CONTENT (referrer: -; agent: python-requests/2.9.1)
Jun 20 12:55:06 mas01 sh[16792]: 2018-06-20 12:55:06 regiond: [info] 192.168.11.36 POST /MAAS/metadata/status/8px4an HTTP/1.1 --> 204 NO_CONTENT (referrer: -; agent: python-requests/2.9.1)
Jun 20 12:55:06 mas01 sh[16924]: 2018-06-20 12:55:06 regiond: [info] 192.168.11.38 POST /MAAS/metadata/status/a8s3ap HTTP/1.1 --> 204 NO_CONTENT (referrer: -; agent: python-requests/2.9.1)
Jun 20 12:55:06 mas01 sh[16792]: 2018-06-20 12:55:06 regiond: [info] 192.168.11.38 POST /MAAS/metadata/status/a8s3ap HTTP/1.1 --> 204 NO_CONTENT (referrer: -; agent: python-requests/2.9.1)
Jun 20 12:55:06 mas01 sh[16924]: 2018-06-20 12:55:06 regiond: [info] 192.168.11.36 POST /MAAS/metadata/status/8px4an HTTP/1.1 --> 204 NO_CONTENT (referrer: -; agent: python-requests/2.9.1)
Jun 20 12:55:06 mas01 sh[17268]: 2018-06-20 12:55:06 regiond: [info] 192.168.11.38 POST /MAAS/metadata/status/a8s3ap HTTP/1.1 --> 204 NO_CONTENT (referrer: -; agent: python-requests/2.9.1)
Jun 20 12:55:06 mas01 sh[16924]: 2018-06-20 12:55:06 regiond: [info] 192.168.11.36 POST /MAAS/metadata/status/8px4an HTTP/1.1 --> 204 NO_CONTENT (referrer: -; agent: python-requests/2.9.1)
Jun 20 12:55:06 mas01 sh[16796]: 2018-06-20 12:55:06 regiond: [info] 192.168.11.38 POST /MAAS/metadata/status/a8s3ap HTTP/1.1 --> 204 NO_CONTENT (referrer: -; agent: python-requests/2.9.1)
Jun 20 12:55:06 mas01 sh[16792]: 2018-06-20 12:55:06 regiond: [info] 192.168.11.36 POST /MAAS/metadata/status/8px4an HTTP/1.1 --> 204 NO_CONTENT (referrer: -; agent: python-requests/2.9.1)
Jun 20 12:55:06 mas01 sh[17268]: 2018-06-20 12:55:06 regiond: [info] 192.168.11.38 POST /MAAS/metadata/status/a8s3ap HTTP/1.1 --> 204 NO_CONTENT (referrer: -; agent: python-requests/2.9.1)
Jun 20 12:55:06 mas01 sh[16924]: 2018-06-20 12:55:06 regiond: [info] 192.168.11.36 POST /MAAS/metadata/status/8px4an HTTP/1.1 --> 204 NO_CONTENT (referrer: -; agent: python-requests/2.9.1)
Jun 20 12:55:06 mas01 sh[16924]: 2018-06-20 12:55:06 regiond: [info] 192.168.11.38 POST /MAAS/metadata/status/a8s3ap HTTP/1.1 --> 204 NO_CONTENT (referrer: -; agent: python-requests/2.9.1)
Jun 20 12:55:06 mas01 sh[16792]: 2018-06-20 12:55:06 regiond: [info] 192.168.11.36 POST /MAAS/metadata/status/8px4an HTTP/1.1 --> 204 NO_CONTENT (referrer: -; agent: python-requests/2.9.1)
Jun 20 12:55:06 mas01 sh[16792]: 2018-06-20 12:55:06 regiond: [info] 192.168.11.36 POST /MAAS/metadata/status/8px4an HTTP/1.1 --> 204 NO_CONTENT (referrer: -; agent: python-requests/2.9.1)
Jun 20 12:55:06 mas01 sh[17268]: 2018-06-20 12:55:06 regiond: [info] 192.168.11.38 POST /MAAS/metadata/status/a8s3ap HTTP/1.1 --> 204 NO_CONTENT (referrer: -; agent: python-requests/2.9.1)
Jun 20 12:55:06 mas01 sh[17268]: 2018-06-20 12:55:06 regiond: [info] 192.168.11.38 POST /MAAS/metadata/status/a8s3ap HTTP/1.1 --> 204 NO_CONTENT (referrer: -; agent: python-requests/2.9.1)
Jun 20 12:55:06 mas01 sh[17268]: 2018-06-20 12:55:06 regiond: [info] 192.168.11.36 POST /MAAS/metadata/status/8px4an HTTP/1.1 --> 204 NO_CONTENT (referrer: -; agent: python-requests/2.9.1)
Jun 20 12:55:06 mas01 sh[16924]: 2018-06-20 12:55:06 regiond: [info] 192.168.11.36 POST /MAAS/metadata/status/8px4an HTTP/1.1 --> 204 NO_CONTENT (referrer: -; agent: python-requests/2.9.1)
Jun 20 12:55:06 mas01 sh[17268]: 2018-06-20 12:55:06 regiond: [info] 192.168.11.38 POST /MAAS/metadata/status/a8s3ap HTTP/1.1 --> 204 NO_CONTENT (referrer: -; agent: python-requests/2.9.1)
Jun 20 12:55:06 mas01 sh[16924]: 2018-06-20 12:55:06 regiond: [info] 192.168.11.38 POST /MAAS/metadata/status/a8s3ap HTTP/1.1 --> 204 NO_CONTENT (referrer: -; agent: python-requests/2.9.1)
Jun 20 12:55:06 mas01 sh[16792]: 2018-06-20 12:55:06 regiond: [info] 192.168.11.36 POST /MAAS/metadata/status/8px4an HTTP/1.1 --> 204 NO_CONTENT (referrer: -; agent: python-requests/2.9.1)
Jun 20 12:55:06 mas01 sh[16792]: 2018-06-20 12:55:06 regiond: [info] 192.168.11.38 POST /MAAS/metadata/status/a8s3ap HTTP/1.1 --> 204 NO_CONTENT (referrer: -; agent: python-requests/2.9.1)
Jun 20 12:55:06 mas01 sh[17268]: 2018-06-20 12:55:06 regiond: [info] 192.168.11.38 POST /MAAS/metadata/status/a8s3ap HTTP/1.1 --> 204 NO_CONTENT (referrer: -; agent: python-requests/2.9.1)
Jun 20 12:55:06 mas01 sh[16792]: 2018-06-20 12:55:06 regiond: [info] 192.168.11.36 POST /MAAS/metadata/status/8px4an HTTP/1.1 --> 204 NO_CONTENT (referrer: -; agent: python-requests/2.9.1)
Jun 20 12:55:06 mas01 sh[16796]: 2018-06-20 12:55:06 regiond: [info] 192.168.11.38 POST /MAAS/metadata/status/a8s3ap HTTP/1.1 --> 204 NO_CONTENT (referrer: -; agent: python-requests/2.9.1)
Jun 20 12:55:06 mas01 sh[17268]: 2018-06-20 12:55:06 regiond: [info] 192.168.11.38 POST /MAAS/metadata/status/a8s3ap HTTP/1.1 --> 204 NO_CONTENT (referrer: -; agent: python-requests/2.9.1)
Jun 20 12:55:06 mas01 sh[16924]: 2018-06-20 12:55:06 regiond: [info] 192.168.11.36 POST /MAAS/metadata/status/8px4an HTTP/1.1 --> 204 NO_CONTENT (referrer: -; agent: python-requests/2.9.1)
Jun 20 12:55:06 mas01 sh[16924]: 2018-06-20 12:55:06 regiond: [info] 192.168.11.38 POST /MAAS/metadata/status/a8s3ap HTTP/1.1 --> 204 NO_CONTENT (referrer: -; agent: python-requests/2.9.1)
Jun 20 12:55:06 mas01 sh[16924]: 2018-06-20 12:55:06 regiond: [info] 192.168.11.36 POST /MAAS/metadata/status/8px4an HTTP/1.1 --> 204 NO_CONTENT (referrer: -; agent: python-requests/2.9.1)
Jun 20 12:55:06 mas01 sh[16796]: 2018-06-20 12:55:06 regiond: [info] 192.168.11.38 POST /MAAS/metadata/status/a8s3ap HTTP/1.1 --> 204 NO_CONTENT (referrer: -; agent: python-requests/2.9.1)
Jun 20 12:55:06 mas01 sh[17268]: 2018-06-20 12:55:06 regiond: [info] 192.168.11.36 POST /MAAS/metadata/status/8px4an HTTP/1.1 --> 204 NO_CONTENT (referrer: -; agent: python-requests/2.9.1)
Jun 20 12:55:06 mas01 sh[17268]: 2018-06-20 12:55:06 regiond: [info] 192.168.11.38 POST /MAAS/metadata/status/a8s3ap HTTP/1.1 --> 204 NO_CONTENT (referrer: -; agent: python-requests/2.9.1)
Jun 20 12:55:06 mas01 sh[16796]: 2018-06-20 12:55:06 regiond: [info] 192.168.11.36 POST /MAAS/metadata/status/8px4an HTTP/1.1 --> 204 NO_CONTENT (referrer: -; agent: python-requests/2.9.1)
Jun 20 12:55:06 mas01 sh[16924]: 2018-06-20 12:55:06 regiond: [info] 192.168.11.38 POST /MAAS/metadata/status/a8s3ap HTTP/1.1 --> 204 NO_CONTENT (referrer: -; agent: python-requests/2.9.1)
Jun 20 12:55:06 mas01 sh[16792]: 2018-06-20 12:55:06 regiond: [info] 192.168.11.36 POST /MAAS/metadata/status/8px4an HTTP/1.1 --> 204 NO_CONTENT (referrer: -; agent: python-requests/2.9.1)
Jun 20 12:55:06 mas01 sh[17268]: 2018-06-20 12:55:06 regiond: [info] 192.168.11.38 POST /MAAS/metadata/status/a8s3ap HTTP/1.1 --> 204 NO_CONTENT (referrer: -; agent: python-requests/2.9.1)
Jun 20 12:55:06 mas01 sh[16924]: 2018-06-20 12:55:06 regiond: [info] 192.168.11.36 POST /MAAS/metadata/status/8px4an HTTP/1.1 --> 204 NO_CONTENT (referrer: -; agent: python-requests/2.9.1)
Jun 20 12:55:06 mas01 sh[16924]: 2018-06-20 12:55:06 regiond: [info] 192.168.11.36 POST /MAAS/metadata/status/8px4an HTTP/1.1 --> 204 NO_CONTENT (referrer: -; agent: python-requests/2.9.1)
Jun 20 12:55:06 mas01 sh[16792]: 2018-06-20 12:55:06 regiond: [info] 192.168.11.38 POST /MAAS/metadata/status/a8s3ap HTTP/1.1 --> 204 NO_CONTENT (referrer: -; agent: python-requests/2.9.1)
Jun 20 12:55:06 mas01 sh[16796]: 2018-06-20 12:55:06 regiond: [info] 192.168.11.36 POST /MAAS/metadata/status/8px4an HTTP/1.1 --> 204 NO_CONTENT (referrer: -; agent: python-requests/2.9.1)
Jun 20 12:55:06 mas01 sh[16796]: 2018-06-20 12:55:06 regiond: [info] 192.168.11.38 POST /MAAS/metadata/status/a8s3ap HTTP/1.1 --> 204 NO_CONTENT (referrer: -; agent: python-requests/2.9.1)
Jun 20 12:55:06 mas01 sh[16796]: 2018-06-20 12:55:06 regiond: [info] 192.168.11.38 POST /MAAS/metadata/status/a8s3ap HTTP/1.1 --> 204 NO_CONTENT (referrer: -; agent: python-requests/2.9.1)
Jun 20 12:55:06 mas01 sh[16796]: 2018-06-20 12:55:06 regiond: [info] 192.168.11.36 POST /MAAS/metadata/status/8px4an HTTP/1.1 --> 204 NO_CONTENT (referrer: -; agent: python-requests/2.9.1)
Jun 20 12:55:06 mas01 sh[17268]: 2018-06-20 12:55:06 regiond: [info] 192.168.11.36 POST /MAAS/metadata/status/8px4an HTTP/1.1 --> 204 NO_CONTENT (referrer: -; agent: python-requests/2.9.1)
Jun 20 12:55:06 mas01 sh[16796]: 2018-06-20 12:55:06 regiond: [info] 192.168.11.38 POST /MAAS/metadata/status/a8s3ap HTTP/1.1 --> 204 NO_CONTENT (referrer: -; agent: python-requests/2.9.1)
Jun 20 12:55:06 mas01 sh[16924]: 2018-06-20 12:55:06 regiond: [info] 192.168.11.38 POST /MAAS/metadata/status/a8s3ap HTTP/1.1 --> 204 NO_CONTENT (referrer: -; agent: python-requests/2.9.1)
Jun 20 12:55:06 mas01 sh[16792]: 2018-06-20 12:55:06 regiond: [info] 192.168.11.36 POST /MAAS/metadata/status/8px4an HTTP/1.1 --> 204 NO_CONTENT (referrer: -; agent: python-requests/2.9.1)
Jun 20 12:55:06 mas01 sh[16792]: 2018-06-20 12:55:06 regiond: [info] 192.168.11.39 GET /MAAS/metadata/2012-03-01/maas-scripts/ HTTP/1.1 --> 200 OK (referrer: -; agent: Python-urllib/3.5)
Jun 20 12:55:06 mas01 sh[16796]: 2018-06-20 12:55:06 regiond: [info] 192.168.11.36 POST /MAAS/metadata/status/8px4an HTTP/1.1 --> 204 NO_CONTENT (referrer: -; agent: python-requests/2.9.1)
Jun 20 12:55:06 mas01 sh[17268]: 2018-06-20 12:55:06 regiond: [info] 192.168.11.36 POST /MAAS/metadata/status/8px4an HTTP/1.1 --> 204 NO_CONTENT (referrer: -; agent: python-requests/2.9.1)
Jun 20 12:55:06 mas01 sh[17268]: 2018-06-20 12:55:06 regiond: [info] 192.168.11.36 POST /MAAS/metadata/status/8px4an HTTP/1.1 --> 204 NO_CONTENT (referrer: -; agent: python-requests/2.9.1)
Jun 20 12:55:06 mas01 sh[16792]: 2018-06-20 12:55:06 regiond: [info] 192.168.11.39 POST /MAAS/metadata/2012-03-01/ HTTP/1.1 --> 200 OK (referrer: -; agent: Python-urllib/3.5)
Jun 20 12:55:06 mas01 sh[17268]: 2018-06-20 12:55:06 regiond: [info] 192.168.11.38 POST /MAAS/metadata/status/a8s3ap HTTP/1.1 --> 204 NO_CONTENT (referrer: -; agent: python-requests/2.9.1)
Jun 20 12:55:06 mas01 sh[16796]: 2018-06-20 12:55:06 regiond: [info] 192.168.11.38 POST /MAAS/metadata/status/a8s3ap HTTP/1.1 --> 204 NO_CONTENT (referrer: -; agent: python-requests/2.9.1)
Jun 20 12:55:06 mas01 sh[17268]: 2018-06-20 12:55:06 regiond: [info] 192.168.11.39 POST /MAAS/metadata/2012-03-01/ HTTP/1.1 --> 200 OK (referrer: -; agent: Python-urllib/3.5)
Jun 20 12:55:06 mas01 sh[16792]: 2018-06-20 12:55:06 regiond: [info] 192.168.11.36 POST /MAAS/metadata/status/8px4an HTTP/1.1 --> 204 NO_CONTENT (referrer: -; agent: python-requests/2.9.1)
Jun 20 12:55:07 mas01 sh[16796]: 2018-06-20 12:55:07 regiond: [info] 192.168.11.36 POST /MAAS/metadata/status/8px4an HTTP/1.1 --> 204 NO_CONTENT (referrer: -; agent: python-requests/2.9.1)
Jun 20 12:55:07 mas01 salt-minion[1477]: [INFO    ] User sudo_ubuntu Executing command state.apply with jid 20180620125507035715
Jun 20 12:55:07 mas01 salt-minion[1477]: [INFO    ] Starting a new job with PID 19587
Jun 20 12:55:07 mas01 sh[16792]: 2018-06-20 12:55:07 regiond: [info] 192.168.11.39 GET /MAAS/metadata/latest/by-id/wx3mb3/?op=get_preseed HTTP/1.1 --> 200 OK (referrer: -; agent: curl/7.47.0)
Jun 20 12:55:07 mas01 sh[17268]: 2018-06-20 12:55:07 regiond: [info] 192.168.11.36 POST /MAAS/metadata/status/8px4an HTTP/1.1 --> 204 NO_CONTENT (referrer: -; agent: python-requests/2.9.1)
Jun 20 12:55:07 mas01 sh[16796]: 2018-06-20 12:55:07 regiond: [info] 192.168.11.38 POST /MAAS/metadata/status/a8s3ap HTTP/1.1 --> 204 NO_CONTENT (referrer: -; agent: python-requests/2.9.1)
Jun 20 12:55:07 mas01 sh[16792]: 2018-06-20 12:55:07 regiond: [info] 192.168.11.36 POST /MAAS/metadata/status/8px4an HTTP/1.1 --> 204 NO_CONTENT (referrer: -; agent: python-requests/2.9.1)
Jun 20 12:55:07 mas01 sh[17268]: 2018-06-20 12:55:07 regiond: [info] 192.168.11.38 POST /MAAS/metadata/status/a8s3ap HTTP/1.1 --> 204 NO_CONTENT (referrer: -; agent: python-requests/2.9.1)
Jun 20 12:55:07 mas01 sh[16924]: 2018-06-20 12:55:07 regiond: [info] 192.168.11.39 POST /MAAS/metadata/2012-03-01/ HTTP/1.1 --> 200 OK (referrer: -; agent: Python-urllib/3.5)
Jun 20 12:55:07 mas01 sh[17268]: 2018-06-20 12:55:07 regiond: [info] 192.168.11.39 POST /MAAS/metadata/2012-03-01/ HTTP/1.1 --> 200 OK (referrer: -; agent: Python-urllib/3.5)
Jun 20 12:55:07 mas01 sh[16924]: 2018-06-20 12:55:07 regiond: [info] 192.168.11.39 POST /MAAS/metadata/2012-03-01/ HTTP/1.1 --> 200 OK (referrer: -; agent: Python-urllib/3.5)
Jun 20 12:55:07 mas01 sh[16796]: 2018-06-20 12:55:07 regiond: [info] 192.168.11.39 POST /MAAS/metadata/2012-03-01/ HTTP/1.1 --> 200 OK (referrer: -; agent: Python-urllib/3.5)
Jun 20 12:55:08 mas01 sh[16796]: 2018-06-20 12:55:08 regiond: [info] 192.168.11.38 POST /MAAS/metadata/status/a8s3ap HTTP/1.1 --> 204 NO_CONTENT (referrer: -; agent: python-requests/2.9.1)
Jun 20 12:55:08 mas01 sh[16792]: 2018-06-20 12:55:08 regiond: [info] 192.168.11.38 POST /MAAS/metadata/status/a8s3ap HTTP/1.1 --> 204 NO_CONTENT (referrer: -; agent: python-requests/2.9.1)
Jun 20 12:55:08 mas01 sh[17268]: 2018-06-20 12:55:08 regiond: [info] 192.168.11.38 POST /MAAS/metadata/status/a8s3ap HTTP/1.1 --> 204 NO_CONTENT (referrer: -; agent: python-requests/2.9.1)
Jun 20 12:55:08 mas01 sh[17268]: message repeated 2 times: [ 2018-06-20 12:55:08 regiond: [info] 192.168.11.38 POST /MAAS/metadata/status/a8s3ap HTTP/1.1 --> 204 NO_CONTENT (referrer: -; agent: python-requests/2.9.1)]
Jun 20 12:55:08 mas01 sh[16796]: 2018-06-20 12:55:08 regiond: [info] 192.168.11.38 POST /MAAS/metadata/status/a8s3ap HTTP/1.1 --> 204 NO_CONTENT (referrer: -; agent: python-requests/2.9.1)
Jun 20 12:55:08 mas01 sh[16792]: 2018-06-20 12:55:08 regiond: [info] 192.168.11.38 POST /MAAS/metadata/status/a8s3ap HTTP/1.1 --> 204 NO_CONTENT (referrer: -; agent: python-requests/2.9.1)
Jun 20 12:55:08 mas01 sh[16924]: 2018-06-20 12:55:08 regiond: [info] 192.168.11.38 POST /MAAS/metadata/status/a8s3ap HTTP/1.1 --> 204 NO_CONTENT (referrer: -; agent: python-requests/2.9.1)
Jun 20 12:55:08 mas01 sh[16924]: 2018-06-20 12:55:08 regiond: [info] 192.168.11.36 POST /MAAS/metadata/status/8px4an HTTP/1.1 --> 204 NO_CONTENT (referrer: -; agent: python-requests/2.9.1)
Jun 20 12:55:08 mas01 sh[16796]: 2018-06-20 12:55:08 regiond: [info] 192.168.11.38 POST /MAAS/metadata/status/a8s3ap HTTP/1.1 --> 204 NO_CONTENT (referrer: -; agent: python-requests/2.9.1)
Jun 20 12:55:08 mas01 sh[17268]: 2018-06-20 12:55:08 regiond: [info] 192.168.11.36 POST /MAAS/metadata/status/8px4an HTTP/1.1 --> 204 NO_CONTENT (referrer: -; agent: python-requests/2.9.1)
Jun 20 12:55:08 mas01 sh[16924]: 2018-06-20 12:55:08 regiond: [info] 192.168.11.36 POST /MAAS/metadata/status/8px4an HTTP/1.1 --> 204 NO_CONTENT (referrer: -; agent: python-requests/2.9.1)
Jun 20 12:55:08 mas01 sh[16792]: 2018-06-20 12:55:08 regiond: [info] 192.168.11.36 POST /MAAS/metadata/status/8px4an HTTP/1.1 --> 204 NO_CONTENT (referrer: -; agent: python-requests/2.9.1)
Jun 20 12:55:08 mas01 sh[16792]: 2018-06-20 12:55:08 regiond: [info] 192.168.11.36 POST /MAAS/metadata/status/8px4an HTTP/1.1 --> 204 NO_CONTENT (referrer: -; agent: python-requests/2.9.1)
Jun 20 12:55:08 mas01 sh[16796]: 2018-06-20 12:55:08 regiond: [info] 192.168.11.36 POST /MAAS/metadata/status/8px4an HTTP/1.1 --> 204 NO_CONTENT (referrer: -; agent: python-requests/2.9.1)
Jun 20 12:55:08 mas01 sh[16792]: 2018-06-20 12:55:08 regiond: [info] 192.168.11.36 POST /MAAS/metadata/status/8px4an HTTP/1.1 --> 204 NO_CONTENT (referrer: -; agent: python-requests/2.9.1)
Jun 20 12:55:08 mas01 sh[16796]: 2018-06-20 12:55:08 regiond: [info] 192.168.11.36 POST /MAAS/metadata/status/8px4an HTTP/1.1 --> 204 NO_CONTENT (referrer: -; agent: python-requests/2.9.1)
Jun 20 12:55:08 mas01 sh[17268]: 2018-06-20 12:55:08 regiond: [info] 192.168.11.36 POST /MAAS/metadata/status/8px4an HTTP/1.1 --> 204 NO_CONTENT (referrer: -; agent: python-requests/2.9.1)
Jun 20 12:55:08 mas01 salt-minion[1477]: [INFO    ] Loading fresh modules for state activity
Jun 20 12:55:08 mas01 sh[16792]: 2018-06-20 12:55:08 regiond: [info] 192.168.11.39 POST /MAAS/metadata/2012-03-01/ HTTP/1.1 --> 200 OK (referrer: -; agent: Python-urllib/3.5)
Jun 20 12:55:08 mas01 salt-minion[1477]: [INFO    ] Running state [maas-region apikey --username opnfv > /var/lib/maas/.maas_credentials] at time 12:55:08.888419
Jun 20 12:55:08 mas01 salt-minion[1477]: [INFO    ] Executing state cmd.run for maas-region apikey --username opnfv > /var/lib/maas/.maas_credentials
Jun 20 12:55:08 mas01 salt-minion[1477]: [INFO    ] Executing command 'test -e /var/lib/maas/.maas_credentials' in directory '/root'
Jun 20 12:55:08 mas01 salt-minion[1477]: [INFO    ] unless execution succeeded
Jun 20 12:55:08 mas01 salt-minion[1477]: [INFO    ] Completed state [maas-region apikey --username opnfv > /var/lib/maas/.maas_credentials] at time 12:55:08.907459 duration_in_ms=19.04
Jun 20 12:55:08 mas01 salt-minion[1477]: [INFO    ] Running state [maas login opnfv http://192.168.11.3:5240/MAAS/api/2.0 - < /var/lib/maas/.maas_credentials && maas opnfv machine delete pq8ngy] at time 12:55:08.908620
Jun 20 12:55:08 mas01 salt-minion[1477]: [INFO    ] Executing state cmd.run for maas login opnfv http://192.168.11.3:5240/MAAS/api/2.0 - < /var/lib/maas/.maas_credentials && maas opnfv machine delete pq8ngy
Jun 20 12:55:08 mas01 salt-minion[1477]: [INFO    ] Executing command 'maas login opnfv http://192.168.11.3:5240/MAAS/api/2.0 - < /var/lib/maas/.maas_credentials && maas opnfv machine delete pq8ngy' in directory '/root'
Jun 20 12:55:08 mas01 sh[16792]: 2018-06-20 12:55:08 regiond: [info] 192.168.11.39 POST /MAAS/metadata/2012-03-01/ HTTP/1.1 --> 200 OK (referrer: -; agent: Python-urllib/3.5)
Jun 20 12:55:09 mas01 sh[16796]: 2018-06-20 12:55:09 regiond: [info] 192.168.11.39 POST /MAAS/metadata/2012-03-01/ HTTP/1.1 --> 200 OK (referrer: -; agent: Python-urllib/3.5)
Jun 20 12:55:09 mas01 sh[17268]: 2018-06-20 12:55:09 regiond: [info] 192.168.11.39 POST /MAAS/metadata/2012-03-01/ HTTP/1.1 --> 200 OK (referrer: -; agent: Python-urllib/3.5)
Jun 20 12:55:09 mas01 sh[17268]: 2018-06-20 12:55:09 regiond: [info] 192.168.11.36 POST /MAAS/metadata/status/8px4an HTTP/1.1 --> 204 NO_CONTENT (referrer: -; agent: python-requests/2.9.1)
Jun 20 12:55:09 mas01 sh[17268]: 2018-06-20 12:55:09 regiond: [info] 192.168.11.36 POST /MAAS/metadata/status/8px4an HTTP/1.1 --> 204 NO_CONTENT (referrer: -; agent: python-requests/2.9.1)
Jun 20 12:55:09 mas01 sh[16796]: 2018-06-20 12:55:09 regiond: [info] 192.168.11.36 POST /MAAS/metadata/status/8px4an HTTP/1.1 --> 204 NO_CONTENT (referrer: -; agent: python-requests/2.9.1)
Jun 20 12:55:09 mas01 sh[16796]: 2018-06-20 12:55:09 regiond: [info] 192.168.11.36 POST /MAAS/metadata/status/8px4an HTTP/1.1 --> 204 NO_CONTENT (referrer: -; agent: python-requests/2.9.1)
Jun 20 12:55:09 mas01 sh[16792]: 2018-06-20 12:55:09 regiond: [info] 192.168.11.38 POST /MAAS/metadata/status/a8s3ap HTTP/1.1 --> 204 NO_CONTENT (referrer: -; agent: python-requests/2.9.1)
Jun 20 12:55:09 mas01 sh[17268]: 2018-06-20 12:55:09 regiond: [info] 192.168.11.38 POST /MAAS/metadata/status/a8s3ap HTTP/1.1 --> 204 NO_CONTENT (referrer: -; agent: python-requests/2.9.1)
Jun 20 12:55:09 mas01 sh[16924]: 2018-06-20 12:55:09 regiond: [info] 192.168.11.38 POST /MAAS/metadata/status/a8s3ap HTTP/1.1 --> 204 NO_CONTENT (referrer: -; agent: python-requests/2.9.1)
Jun 20 12:55:09 mas01 sh[16796]: 2018-06-20 12:55:09 regiond: [info] 192.168.11.38 POST /MAAS/metadata/status/a8s3ap HTTP/1.1 --> 204 NO_CONTENT (referrer: -; agent: python-requests/2.9.1)
Jun 20 12:55:09 mas01 sh[16792]: 2018-06-20 12:55:09 regiond: [info] 192.168.11.36 POST /MAAS/metadata/status/8px4an HTTP/1.1 --> 204 NO_CONTENT (referrer: -; agent: python-requests/2.9.1)
Jun 20 12:55:09 mas01 sh[16792]: 2018-06-20 12:55:09 regiond: [info] 192.168.11.36 POST /MAAS/metadata/status/8px4an HTTP/1.1 --> 204 NO_CONTENT (referrer: -; agent: python-requests/2.9.1)
Jun 20 12:55:09 mas01 sh[17268]: 2018-06-20 12:55:09 regiond: [info] 192.168.11.36 POST /MAAS/metadata/status/8px4an HTTP/1.1 --> 204 NO_CONTENT (referrer: -; agent: python-requests/2.9.1)
Jun 20 12:55:09 mas01 sh[17268]: 2018-06-20 12:55:09 regiond: [info] 192.168.11.36 POST /MAAS/metadata/status/8px4an HTTP/1.1 --> 204 NO_CONTENT (referrer: -; agent: python-requests/2.9.1)
Jun 20 12:55:09 mas01 sh[17268]: 2018-06-20 12:55:09 regiond: [info] 192.168.11.38 POST /MAAS/metadata/status/a8s3ap HTTP/1.1 --> 204 NO_CONTENT (referrer: -; agent: python-requests/2.9.1)
Jun 20 12:55:09 mas01 sh[16796]: 2018-06-20 12:55:09 regiond: [info] 192.168.11.38 POST /MAAS/metadata/status/a8s3ap HTTP/1.1 --> 204 NO_CONTENT (referrer: -; agent: python-requests/2.9.1)
Jun 20 12:55:09 mas01 sh[16924]: 2018-06-20 12:55:09 regiond: [info] 192.168.11.38 POST /MAAS/metadata/status/a8s3ap HTTP/1.1 --> 204 NO_CONTENT (referrer: -; agent: python-requests/2.9.1)
Jun 20 12:55:09 mas01 sh[16792]: 2018-06-20 12:55:09 regiond: [info] 192.168.11.38 POST /MAAS/metadata/status/a8s3ap HTTP/1.1 --> 204 NO_CONTENT (referrer: -; agent: python-requests/2.9.1)
Jun 20 12:55:09 mas01 sh[16796]: 2018-06-20 12:55:09 regiond: [info] 192.168.11.36 POST /MAAS/metadata/status/8px4an HTTP/1.1 --> 204 NO_CONTENT (referrer: -; agent: python-requests/2.9.1)
Jun 20 12:55:09 mas01 sh[16792]: 2018-06-20 12:55:09 regiond: [info] 192.168.11.36 POST /MAAS/metadata/status/8px4an HTTP/1.1 --> 204 NO_CONTENT (referrer: -; agent: python-requests/2.9.1)
Jun 20 12:55:09 mas01 sh[16792]: 2018-06-20 12:55:09 regiond: [info] 192.168.11.36 POST /MAAS/metadata/status/8px4an HTTP/1.1 --> 204 NO_CONTENT (referrer: -; agent: python-requests/2.9.1)
Jun 20 12:55:09 mas01 sh[16924]: 2018-06-20 12:55:09 regiond: [info] 192.168.11.36 POST /MAAS/metadata/status/8px4an HTTP/1.1 --> 204 NO_CONTENT (referrer: -; agent: python-requests/2.9.1)
Jun 20 12:55:09 mas01 sh[16792]: 2018-06-20 12:55:09 regiond: [info] 192.168.11.38 POST /MAAS/metadata/status/a8s3ap HTTP/1.1 --> 204 NO_CONTENT (referrer: -; agent: python-requests/2.9.1)
Jun 20 12:55:09 mas01 sh[16796]: 2018-06-20 12:55:09 regiond: [info] 192.168.11.38 POST /MAAS/metadata/status/a8s3ap HTTP/1.1 --> 204 NO_CONTENT (referrer: -; agent: python-requests/2.9.1)
Jun 20 12:55:09 mas01 sh[17268]: 2018-06-20 12:55:09 regiond: [info] 192.168.11.38 POST /MAAS/metadata/status/a8s3ap HTTP/1.1 --> 204 NO_CONTENT (referrer: -; agent: python-requests/2.9.1)
Jun 20 12:55:09 mas01 sh[16796]: 2018-06-20 12:55:09 regiond: [info] 192.168.11.38 POST /MAAS/metadata/status/a8s3ap HTTP/1.1 --> 204 NO_CONTENT (referrer: -; agent: python-requests/2.9.1)
Jun 20 12:55:10 mas01 sh[16796]: 2018-06-20 12:55:10 regiond: [info] 10.20.0.3 GET /MAAS/api/2.0/users/?op=whoami HTTP/1.1 --> 200 OK (referrer: -; agent: Python-httplib2/0.9.1 (gzip))
Jun 20 12:55:10 mas01 sh[16924]: 2018-06-20 12:55:10 regiond: [info] 10.20.0.3 GET /MAAS/api/2.0/describe/ HTTP/1.1 --> 200 OK (referrer: -; agent: Python-httplib2/0.9.1 (gzip))
Jun 20 12:55:12 mas01 sh[16924]: 2018-06-20 12:55:12 regiond: [info] 192.168.11.39 POST /MAAS/metadata/2012-03-01/ HTTP/1.1 --> 200 OK (referrer: -; agent: Python-urllib/3.5)
Jun 20 12:55:12 mas01 sh[16796]: 2018-06-20 12:55:12 regiond: [info] 192.168.11.39 POST /MAAS/metadata/2012-03-01/ HTTP/1.1 --> 200 OK (referrer: -; agent: Python-urllib/3.5)
Jun 20 12:55:12 mas01 maas.node: [info] kvm03: Deleting node
Jun 20 12:55:12 mas01 maas.node: [info] kvm03: Deleting my BMC '6 (172.30.8.74:type=STICKY)'
Jun 20 12:55:12 mas01 maas.node: [info] 6 (172.30.8.74:type=STICKY): Deleting BMC
Jun 20 12:55:12 mas01 sh[16792]: 2018-06-20 12:55:12 regiond: [info] 192.168.11.39 POST /MAAS/metadata/2012-03-01/ HTTP/1.1 --> 200 OK (referrer: -; agent: Python-urllib/3.5)
Jun 20 12:55:12 mas01 sh[16792]: 2018-06-20 12:55:12 regiond: [info] 10.20.0.3 DELETE /MAAS/api/2.0/machines/pq8ngy/ HTTP/1.1 --> 204 NO_CONTENT (referrer: -; agent: Python-httplib2/0.9.1 (gzip))
Jun 20 12:55:12 mas01 sh[16924]: 2018-06-20 12:55:12 regiond: [info] 192.168.11.39 POST /MAAS/metadata/2012-03-01/ HTTP/1.1 --> 200 OK (referrer: -; agent: Python-urllib/3.5)
Jun 20 12:55:12 mas01 sh[16792]: 2018-06-20 12:55:12 regiond: [info] 192.168.11.39 POST /MAAS/metadata/2012-03-01/ HTTP/1.1 --> 200 OK (referrer: -; agent: Python-urllib/3.5)
Jun 20 12:55:12 mas01 salt-minion[1477]: [INFO    ] {'pid': 19607, 'retcode': 0, 'stderr': '', 'stdout': "\nYou are now logged in to the MAAS server at\nhttp://192.168.11.3:5240/MAAS/api/2.0/ with the profile name 'opnfv'.\n\nFor help with the available commands, try:\n\n  maas opnfv --help"}
Jun 20 12:55:12 mas01 salt-minion[1477]: [INFO    ] Completed state [maas login opnfv http://192.168.11.3:5240/MAAS/api/2.0 - < /var/lib/maas/.maas_credentials && maas opnfv machine delete pq8ngy] at time 12:55:12.720042 duration_in_ms=3811.42
Jun 20 12:55:12 mas01 salt-minion[1477]: [INFO    ] Returning information for job: 20180620125507035715
Jun 20 12:55:12 mas01 named[16710]: received control channel command 'reload'
Jun 20 12:55:12 mas01 named[16710]: loading configuration from '/etc/bind/named.conf'
Jun 20 12:55:12 mas01 named[16710]: reading built-in trusted keys from file '/etc/bind/bind.keys'
Jun 20 12:55:12 mas01 named[16710]: initializing GeoIP Country (IPv4) (type 1) DB
Jun 20 12:55:12 mas01 named[16710]: GEO-106FREE 20160408 Bu
Jun 20 12:55:12 mas01 named[16710]: initializing GeoIP Country (IPv6) (type 12) DB
Jun 20 12:55:12 mas01 named[16710]: GEO-106FREE 20160408 Bu
Jun 20 12:55:12 mas01 named[16710]: GeoIP City (IPv4) (type 2) DB not available
Jun 20 12:55:12 mas01 named[16710]: GeoIP City (IPv4) (type 6) DB not available
Jun 20 12:55:12 mas01 named[16710]: GeoIP City (IPv6) (type 30) DB not available
Jun 20 12:55:12 mas01 named[16710]: GeoIP City (IPv6) (type 31) DB not available
Jun 20 12:55:12 mas01 named[16710]: GeoIP Region (type 3) DB not available
Jun 20 12:55:12 mas01 named[16710]: GeoIP Region (type 7) DB not available
Jun 20 12:55:12 mas01 named[16710]: GeoIP ISP (type 4) DB not available
Jun 20 12:55:12 mas01 named[16710]: GeoIP Org (type 5) DB not available
Jun 20 12:55:12 mas01 named[16710]: GeoIP AS (type 9) DB not available
Jun 20 12:55:12 mas01 named[16710]: GeoIP Domain (type 11) DB not available
Jun 20 12:55:12 mas01 named[16710]: GeoIP NetSpeed (type 10) DB not available
Jun 20 12:55:12 mas01 named[16710]: using default UDP/IPv4 port range: [32768, 60999]
Jun 20 12:55:12 mas01 named[16710]: using default UDP/IPv6 port range: [32768, 60999]
Jun 20 12:55:12 mas01 named[16710]: sizing zone task pool based on 9 zones
Jun 20 12:55:12 mas01 named[16710]: automatic empty zone: 10.IN-ADDR.ARPA
Jun 20 12:55:12 mas01 named[16710]: automatic empty zone: 16.172.IN-ADDR.ARPA
Jun 20 12:55:12 mas01 named[16710]: automatic empty zone: 17.172.IN-ADDR.ARPA
Jun 20 12:55:12 mas01 named[16710]: automatic empty zone: 18.172.IN-ADDR.ARPA
Jun 20 12:55:12 mas01 named[16710]: automatic empty zone: 19.172.IN-ADDR.ARPA
Jun 20 12:55:12 mas01 named[16710]: automatic empty zone: 20.172.IN-ADDR.ARPA
Jun 20 12:55:12 mas01 named[16710]: automatic empty zone: 21.172.IN-ADDR.ARPA
Jun 20 12:55:12 mas01 named[16710]: automatic empty zone: 22.172.IN-ADDR.ARPA
Jun 20 12:55:12 mas01 named[16710]: automatic empty zone: 23.172.IN-ADDR.ARPA
Jun 20 12:55:12 mas01 named[16710]: automatic empty zone: 24.172.IN-ADDR.ARPA
Jun 20 12:55:12 mas01 named[16710]: automatic empty zone: 25.172.IN-ADDR.ARPA
Jun 20 12:55:12 mas01 named[16710]: automatic empty zone: 26.172.IN-ADDR.ARPA
Jun 20 12:55:12 mas01 named[16710]: automatic empty zone: 27.172.IN-ADDR.ARPA
Jun 20 12:55:12 mas01 named[16710]: automatic empty zone: 28.172.IN-ADDR.ARPA
Jun 20 12:55:12 mas01 named[16710]: automatic empty zone: 29.172.IN-ADDR.ARPA
Jun 20 12:55:12 mas01 named[16710]: automatic empty zone: 30.172.IN-ADDR.ARPA
Jun 20 12:55:12 mas01 named[16710]: automatic empty zone: 31.172.IN-ADDR.ARPA
Jun 20 12:55:12 mas01 named[16710]: automatic empty zone: 168.192.IN-ADDR.ARPA
Jun 20 12:55:12 mas01 named[16710]: automatic empty zone: 64.100.IN-ADDR.ARPA
Jun 20 12:55:12 mas01 named[16710]: automatic empty zone: 65.100.IN-ADDR.ARPA
Jun 20 12:55:12 mas01 named[16710]: automatic empty zone: 66.100.IN-ADDR.ARPA
Jun 20 12:55:12 mas01 named[16710]: automatic empty zone: 67.100.IN-ADDR.ARPA
Jun 20 12:55:12 mas01 named[16710]: automatic empty zone: 68.100.IN-ADDR.ARPA
Jun 20 12:55:12 mas01 named[16710]: automatic empty zone: 69.100.IN-ADDR.ARPA
Jun 20 12:55:12 mas01 named[16710]: automatic empty zone: 70.100.IN-ADDR.ARPA
Jun 20 12:55:12 mas01 named[16710]: automatic empty zone: 71.100.IN-ADDR.ARPA
Jun 20 12:55:12 mas01 named[16710]: automatic empty zone: 72.100.IN-ADDR.ARPA
Jun 20 12:55:12 mas01 named[16710]: automatic empty zone: 73.100.IN-ADDR.ARPA
Jun 20 12:55:12 mas01 named[16710]: automatic empty zone: 74.100.IN-ADDR.ARPA
Jun 20 12:55:12 mas01 named[16710]: automatic empty zone: 75.100.IN-ADDR.ARPA
Jun 20 12:55:12 mas01 named[16710]: automatic empty zone: 76.100.IN-ADDR.ARPA
Jun 20 12:55:12 mas01 named[16710]: automatic empty zone: 77.100.IN-ADDR.ARPA
Jun 20 12:55:12 mas01 named[16710]: automatic empty zone: 78.100.IN-ADDR.ARPA
Jun 20 12:55:12 mas01 named[16710]: automatic empty zone: 79.100.IN-ADDR.ARPA
Jun 20 12:55:12 mas01 named[16710]: automatic empty zone: 80.100.IN-ADDR.ARPA
Jun 20 12:55:12 mas01 named[16710]: automatic empty zone: 81.100.IN-ADDR.ARPA
Jun 20 12:55:12 mas01 named[16710]: automatic empty zone: 82.100.IN-ADDR.ARPA
Jun 20 12:55:12 mas01 named[16710]: automatic empty zone: 83.100.IN-ADDR.ARPA
Jun 20 12:55:12 mas01 named[16710]: automatic empty zone: 84.100.IN-ADDR.ARPA
Jun 20 12:55:12 mas01 named[16710]: automatic empty zone: 85.100.IN-ADDR.ARPA
Jun 20 12:55:12 mas01 named[16710]: automatic empty zone: 86.100.IN-ADDR.ARPA
Jun 20 12:55:12 mas01 named[16710]: automatic empty zone: 87.100.IN-ADDR.ARPA
Jun 20 12:55:12 mas01 named[16710]: automatic empty zone: 88.100.IN-ADDR.ARPA
Jun 20 12:55:12 mas01 named[16710]: automatic empty zone: 89.100.IN-ADDR.ARPA
Jun 20 12:55:12 mas01 named[16710]: automatic empty zone: 90.100.IN-ADDR.ARPA
Jun 20 12:55:12 mas01 named[16710]: automatic empty zone: 91.100.IN-ADDR.ARPA
Jun 20 12:55:12 mas01 named[16710]: automatic empty zone: 92.100.IN-ADDR.ARPA
Jun 20 12:55:12 mas01 named[16710]: automatic empty zone: 93.100.IN-ADDR.ARPA
Jun 20 12:55:12 mas01 named[16710]: automatic empty zone: 94.100.IN-ADDR.ARPA
Jun 20 12:55:12 mas01 named[16710]: automatic empty zone: 95.100.IN-ADDR.ARPA
Jun 20 12:55:12 mas01 named[16710]: automatic empty zone: 96.100.IN-ADDR.ARPA
Jun 20 12:55:12 mas01 named[16710]: automatic empty zone: 97.100.IN-ADDR.ARPA
Jun 20 12:55:12 mas01 named[16710]: automatic empty zone: 98.100.IN-ADDR.ARPA
Jun 20 12:55:12 mas01 named[16710]: automatic empty zone: 99.100.IN-ADDR.ARPA
Jun 20 12:55:12 mas01 named[16710]: automatic empty zone: 100.100.IN-ADDR.ARPA
Jun 20 12:55:12 mas01 named[16710]: automatic empty zone: 101.100.IN-ADDR.ARPA
Jun 20 12:55:12 mas01 named[16710]: automatic empty zone: 102.100.IN-ADDR.ARPA
Jun 20 12:55:12 mas01 named[16710]: automatic empty zone: 103.100.IN-ADDR.ARPA
Jun 20 12:55:12 mas01 named[16710]: automatic empty zone: 104.100.IN-ADDR.ARPA
Jun 20 12:55:12 mas01 named[16710]: automatic empty zone: 105.100.IN-ADDR.ARPA
Jun 20 12:55:12 mas01 named[16710]: automatic empty zone: 106.100.IN-ADDR.ARPA
Jun 20 12:55:12 mas01 named[16710]: automatic empty zone: 107.100.IN-ADDR.ARPA
Jun 20 12:55:12 mas01 named[16710]: automatic empty zone: 108.100.IN-ADDR.ARPA
Jun 20 12:55:12 mas01 named[16710]: automatic empty zone: 109.100.IN-ADDR.ARPA
Jun 20 12:55:12 mas01 named[16710]: automatic empty zone: 110.100.IN-ADDR.ARPA
Jun 20 12:55:12 mas01 named[16710]: automatic empty zone: 111.100.IN-ADDR.ARPA
Jun 20 12:55:12 mas01 named[16710]: automatic empty zone: 112.100.IN-ADDR.ARPA
Jun 20 12:55:12 mas01 named[16710]: automatic empty zone: 113.100.IN-ADDR.ARPA
Jun 20 12:55:12 mas01 named[16710]: automatic empty zone: 114.100.IN-ADDR.ARPA
Jun 20 12:55:12 mas01 named[16710]: automatic empty zone: 115.100.IN-ADDR.ARPA
Jun 20 12:55:12 mas01 named[16710]: automatic empty zone: 116.100.IN-ADDR.ARPA
Jun 20 12:55:12 mas01 named[16710]: automatic empty zone: 117.100.IN-ADDR.ARPA
Jun 20 12:55:12 mas01 named[16710]: automatic empty zone: 118.100.IN-ADDR.ARPA
Jun 20 12:55:12 mas01 named[16710]: automatic empty zone: 119.100.IN-ADDR.ARPA
Jun 20 12:55:12 mas01 named[16710]: automatic empty zone: 120.100.IN-ADDR.ARPA
Jun 20 12:55:12 mas01 named[16710]: automatic empty zone: 121.100.IN-ADDR.ARPA
Jun 20 12:55:12 mas01 named[16710]: automatic empty zone: 122.100.IN-ADDR.ARPA
Jun 20 12:55:12 mas01 named[16710]: automatic empty zone: 123.100.IN-ADDR.ARPA
Jun 20 12:55:12 mas01 named[16710]: automatic empty zone: 124.100.IN-ADDR.ARPA
Jun 20 12:55:12 mas01 named[16710]: automatic empty zone: 125.100.IN-ADDR.ARPA
Jun 20 12:55:12 mas01 named[16710]: automatic empty zone: 126.100.IN-ADDR.ARPA
Jun 20 12:55:12 mas01 named[16710]: automatic empty zone: 127.100.IN-ADDR.ARPA
Jun 20 12:55:12 mas01 named[16710]: automatic empty zone: 254.169.IN-ADDR.ARPA
Jun 20 12:55:12 mas01 named[16710]: automatic empty zone: 2.0.192.IN-ADDR.ARPA
Jun 20 12:55:12 mas01 named[16710]: automatic empty zone: 100.51.198.IN-ADDR.ARPA
Jun 20 12:55:12 mas01 named[16710]: automatic empty zone: 113.0.203.IN-ADDR.ARPA
Jun 20 12:55:12 mas01 named[16710]: automatic empty zone: 255.255.255.255.IN-ADDR.ARPA
Jun 20 12:55:12 mas01 named[16710]: automatic empty zone: 0.0.0.0.0.0.0.0.0.0.0.0.0.0.0.0.0.0.0.0.0.0.0.0.0.0.0.0.0.0.0.0.IP6.ARPA
Jun 20 12:55:12 mas01 named[16710]: automatic empty zone: 1.0.0.0.0.0.0.0.0.0.0.0.0.0.0.0.0.0.0.0.0.0.0.0.0.0.0.0.0.0.0.0.IP6.ARPA
Jun 20 12:55:12 mas01 named[16710]: automatic empty zone: D.F.IP6.ARPA
Jun 20 12:55:12 mas01 named[16710]: automatic empty zone: 8.E.F.IP6.ARPA
Jun 20 12:55:12 mas01 named[16710]: automatic empty zone: 9.E.F.IP6.ARPA
Jun 20 12:55:12 mas01 named[16710]: automatic empty zone: A.E.F.IP6.ARPA
Jun 20 12:55:12 mas01 named[16710]: automatic empty zone: B.E.F.IP6.ARPA
Jun 20 12:55:12 mas01 named[16710]: automatic empty zone: 8.B.D.0.1.0.0.2.IP6.ARPA
Jun 20 12:55:12 mas01 named[16710]: automatic empty zone: EMPTY.AS112.ARPA
Jun 20 12:55:12 mas01 named[16710]: configuring command channel from '/etc/bind/rndc.key'
Jun 20 12:55:12 mas01 named[16710]: reloading configuration succeeded
Jun 20 12:55:12 mas01 named[16710]: reloading zones succeeded
Jun 20 12:55:12 mas01 named[16710]: zone 4.167.10.in-addr.arpa/IN: loaded serial 30
Jun 20 12:55:12 mas01 named[16710]: all zones loaded
Jun 20 12:55:12 mas01 named[16710]: running
Jun 20 12:55:12 mas01 named[16710]: zone 0.20.10.in-addr.arpa/IN: loaded serial 30
Jun 20 12:55:12 mas01 named[16710]: zone mcp-ovs-ha.local/IN: loaded serial 30
Jun 20 12:55:12 mas01 named[16710]: zone 11.168.192.in-addr.arpa/IN: loaded serial 30
Jun 20 12:55:13 mas01 sh[16924]: 2018-06-20 12:55:13 regiond: [info] 192.168.11.39 POST /MAAS/metadata/2012-03-01/ HTTP/1.1 --> 200 OK (referrer: -; agent: Python-urllib/3.5)
Jun 20 12:55:13 mas01 sh[16796]: 2018-06-20 12:55:13 regiond: [info] 192.168.11.39 POST /MAAS/metadata/2012-03-01/ HTTP/1.1 --> 200 OK (referrer: -; agent: Python-urllib/3.5)
Jun 20 12:55:14 mas01 sh[17268]: 2018-06-20 12:55:14 maasserver.region_controller: [info] Reloaded DNS configuration; removed node kvm03
Jun 20 12:55:18 mas01 ntpd[17361]: Soliciting pool server 2001:67c:1560:8003::c8
Jun 20 12:55:20 mas01 sh[17268]: 2018-06-20 12:55:20 regiond: [info] 192.168.11.37 POST /MAAS/metadata/status/7gnwk6 HTTP/1.1 --> 204 NO_CONTENT (referrer: -; agent: python-requests/2.9.1)
Jun 20 12:55:20 mas01 sh[17268]: 2018-06-20 12:55:20 regiond: [info] 192.168.11.37 POST /MAAS/metadata/status/7gnwk6 HTTP/1.1 --> 204 NO_CONTENT (referrer: -; agent: python-requests/2.9.1)
Jun 20 12:55:20 mas01 sh[16924]: 2018-06-20 12:55:20 regiond: [info] 192.168.11.37 POST /MAAS/metadata/status/7gnwk6 HTTP/1.1 --> 204 NO_CONTENT (referrer: -; agent: python-requests/2.9.1)
Jun 20 12:55:20 mas01 sh[17268]: 2018-06-20 12:55:20 regiond: [info] 192.168.11.37 POST /MAAS/metadata/status/7gnwk6 HTTP/1.1 --> 204 NO_CONTENT (referrer: -; agent: python-requests/2.9.1)
Jun 20 12:55:20 mas01 sh[16796]: 2018-06-20 12:55:20 regiond: [info] 192.168.11.37 POST /MAAS/metadata/status/7gnwk6 HTTP/1.1 --> 204 NO_CONTENT (referrer: -; agent: python-requests/2.9.1)
Jun 20 12:55:20 mas01 sh[17268]: 2018-06-20 12:55:20 regiond: [info] 192.168.11.37 POST /MAAS/metadata/status/7gnwk6 HTTP/1.1 --> 204 NO_CONTENT (referrer: -; agent: python-requests/2.9.1)
Jun 20 12:55:20 mas01 sh[16792]: 2018-06-20 12:55:20 regiond: [info] 192.168.11.37 POST /MAAS/metadata/status/7gnwk6 HTTP/1.1 --> 204 NO_CONTENT (referrer: -; agent: python-requests/2.9.1)
Jun 20 12:55:20 mas01 sh[17268]: 2018-06-20 12:55:20 regiond: [info] 192.168.11.37 POST /MAAS/metadata/status/7gnwk6 HTTP/1.1 --> 204 NO_CONTENT (referrer: -; agent: python-requests/2.9.1)
Jun 20 12:55:20 mas01 sh[16796]: 2018-06-20 12:55:20 regiond: [info] 192.168.11.37 POST /MAAS/metadata/status/7gnwk6 HTTP/1.1 --> 204 NO_CONTENT (referrer: -; agent: python-requests/2.9.1)
Jun 20 12:55:20 mas01 sh[16796]: 2018-06-20 12:55:20 regiond: [info] 192.168.11.37 POST /MAAS/metadata/status/7gnwk6 HTTP/1.1 --> 204 NO_CONTENT (referrer: -; agent: python-requests/2.9.1)
Jun 20 12:55:20 mas01 sh[16924]: 2018-06-20 12:55:20 regiond: [info] 192.168.11.37 POST /MAAS/metadata/status/7gnwk6 HTTP/1.1 --> 204 NO_CONTENT (referrer: -; agent: python-requests/2.9.1)
Jun 20 12:55:20 mas01 sh[16924]: 2018-06-20 12:55:20 regiond: [info] 192.168.11.37 POST /MAAS/metadata/status/7gnwk6 HTTP/1.1 --> 204 NO_CONTENT (referrer: -; agent: python-requests/2.9.1)
Jun 20 12:55:20 mas01 sh[16796]: 2018-06-20 12:55:20 regiond: [info] 192.168.11.37 POST /MAAS/metadata/status/7gnwk6 HTTP/1.1 --> 204 NO_CONTENT (referrer: -; agent: python-requests/2.9.1)
Jun 20 12:55:20 mas01 sh[16796]: message repeated 3 times: [ 2018-06-20 12:55:20 regiond: [info] 192.168.11.37 POST /MAAS/metadata/status/7gnwk6 HTTP/1.1 --> 204 NO_CONTENT (referrer: -; agent: python-requests/2.9.1)]
Jun 20 12:55:20 mas01 sh[17268]: 2018-06-20 12:55:20 regiond: [info] 192.168.11.37 POST /MAAS/metadata/status/7gnwk6 HTTP/1.1 --> 204 NO_CONTENT (referrer: -; agent: python-requests/2.9.1)
Jun 20 12:55:20 mas01 sh[16924]: 2018-06-20 12:55:20 regiond: [info] 192.168.11.37 POST /MAAS/metadata/status/7gnwk6 HTTP/1.1 --> 204 NO_CONTENT (referrer: -; agent: python-requests/2.9.1)
Jun 20 12:55:20 mas01 sh[17268]: 2018-06-20 12:55:20 regiond: [info] 192.168.11.37 POST /MAAS/metadata/status/7gnwk6 HTTP/1.1 --> 204 NO_CONTENT (referrer: -; agent: python-requests/2.9.1)
Jun 20 12:55:20 mas01 sh[16792]: 2018-06-20 12:55:20 regiond: [info] 192.168.11.37 POST /MAAS/metadata/status/7gnwk6 HTTP/1.1 --> 204 NO_CONTENT (referrer: -; agent: python-requests/2.9.1)
Jun 20 12:55:20 mas01 sh[17268]: 2018-06-20 12:55:20 regiond: [info] 192.168.11.37 POST /MAAS/metadata/status/7gnwk6 HTTP/1.1 --> 204 NO_CONTENT (referrer: -; agent: python-requests/2.9.1)
Jun 20 12:55:20 mas01 sh[16792]: 2018-06-20 12:55:20 regiond: [info] 192.168.11.37 POST /MAAS/metadata/status/7gnwk6 HTTP/1.1 --> 204 NO_CONTENT (referrer: -; agent: python-requests/2.9.1)
Jun 20 12:55:21 mas01 sh[16796]: 2018-06-20 12:55:21 regiond: [info] 192.168.11.37 POST /MAAS/metadata/status/7gnwk6 HTTP/1.1 --> 204 NO_CONTENT (referrer: -; agent: python-requests/2.9.1)
Jun 20 12:55:21 mas01 sh[16796]: 2018-06-20 12:55:21 regiond: [info] 192.168.11.37 POST /MAAS/metadata/status/7gnwk6 HTTP/1.1 --> 204 NO_CONTENT (referrer: -; agent: python-requests/2.9.1)
Jun 20 12:55:21 mas01 sh[17268]: 2018-06-20 12:55:21 regiond: [info] 192.168.11.37 POST /MAAS/metadata/status/7gnwk6 HTTP/1.1 --> 204 NO_CONTENT (referrer: -; agent: python-requests/2.9.1)
Jun 20 12:55:21 mas01 sh[16792]: 2018-06-20 12:55:21 regiond: [info] 192.168.11.37 POST /MAAS/metadata/status/7gnwk6 HTTP/1.1 --> 204 NO_CONTENT (referrer: -; agent: python-requests/2.9.1)
Jun 20 12:55:21 mas01 sh[16796]: 2018-06-20 12:55:21 regiond: [info] 192.168.11.37 POST /MAAS/metadata/status/7gnwk6 HTTP/1.1 --> 204 NO_CONTENT (referrer: -; agent: python-requests/2.9.1)
Jun 20 12:55:21 mas01 sh[17268]: 2018-06-20 12:55:21 regiond: [info] 192.168.11.37 POST /MAAS/metadata/status/7gnwk6 HTTP/1.1 --> 204 NO_CONTENT (referrer: -; agent: python-requests/2.9.1)
Jun 20 12:55:21 mas01 sh[17268]: 2018-06-20 12:55:21 regiond: [info] 192.168.11.37 POST /MAAS/metadata/status/7gnwk6 HTTP/1.1 --> 204 NO_CONTENT (referrer: -; agent: python-requests/2.9.1)
Jun 20 12:55:21 mas01 sh[16796]: 2018-06-20 12:55:21 regiond: [info] 192.168.11.37 POST /MAAS/metadata/status/7gnwk6 HTTP/1.1 --> 204 NO_CONTENT (referrer: -; agent: python-requests/2.9.1)
Jun 20 12:55:21 mas01 sh[16924]: 2018-06-20 12:55:21 regiond: [info] 192.168.11.37 POST /MAAS/metadata/status/7gnwk6 HTTP/1.1 --> 204 NO_CONTENT (referrer: -; agent: python-requests/2.9.1)
Jun 20 12:55:21 mas01 sh[17268]: 2018-06-20 12:55:21 regiond: [info] 192.168.11.37 POST /MAAS/metadata/status/7gnwk6 HTTP/1.1 --> 204 NO_CONTENT (referrer: -; agent: python-requests/2.9.1)
Jun 20 12:55:21 mas01 sh[16924]: 2018-06-20 12:55:21 regiond: [info] 192.168.11.37 POST /MAAS/metadata/status/7gnwk6 HTTP/1.1 --> 204 NO_CONTENT (referrer: -; agent: python-requests/2.9.1)
Jun 20 12:55:21 mas01 sh[16796]: 2018-06-20 12:55:21 regiond: [info] 192.168.11.37 POST /MAAS/metadata/status/7gnwk6 HTTP/1.1 --> 204 NO_CONTENT (referrer: -; agent: python-requests/2.9.1)
Jun 20 12:55:21 mas01 sh[16924]: 2018-06-20 12:55:21 regiond: [info] 192.168.11.37 POST /MAAS/metadata/status/7gnwk6 HTTP/1.1 --> 204 NO_CONTENT (referrer: -; agent: python-requests/2.9.1)
