Jun 19 02:32:02 mas01 sh[16746]: 2018-06-19 02:32:02 regiond: [info] 192.168.11.12 POST /MAAS/metadata/status/xtx47q HTTP/1.1 --> 204 NO_CONTENT (referrer: -; agent: python-requests/2.9.1)
Jun 19 02:32:02 mas01 sh[16746]: 2018-06-19 02:32:02 regiond: [info] 192.168.11.12 POST /MAAS/metadata/status/xtx47q HTTP/1.1 --> 204 NO_CONTENT (referrer: -; agent: python-requests/2.9.1)
Jun 19 02:32:02 mas01 sh[16739]: 2018-06-19 02:32:02 regiond: [info] 192.168.11.12 POST /MAAS/metadata/status/xtx47q HTTP/1.1 --> 204 NO_CONTENT (referrer: -; agent: python-requests/2.9.1)
Jun 19 02:32:02 mas01 sh[16876]: 2018-06-19 02:32:02 regiond: [info] 192.168.11.12 GET /MAAS/metadata/curtin/2012-03-01/meta-data/instance-id HTTP/1.1 --> 200 OK (referrer: -; agent: Cloud-Init/18.2)
Jun 19 02:32:02 mas01 sh[17249]: 2018-06-19 02:32:02 regiond: [info] 192.168.11.12 GET /MAAS/metadata/curtin/2012-03-01/meta-data/instance-id HTTP/1.1 --> 200 OK (referrer: -; agent: python-requests/2.9.1)
Jun 19 02:32:02 mas01 sh[16876]: 2018-06-19 02:32:02 regiond: [info] 192.168.11.12 GET /MAAS/metadata/curtin/2012-03-01/meta-data/local-hostname HTTP/1.1 --> 200 OK (referrer: -; agent: python-requests/2.9.1)
Jun 19 02:32:02 mas01 sh[17249]: 2018-06-19 02:32:02 regiond: [info] 192.168.11.12 GET /MAAS/metadata/curtin/2012-03-01/meta-data/public-keys HTTP/1.1 --> 200 OK (referrer: -; agent: python-requests/2.9.1)
Jun 19 02:32:02 mas01 sh[16739]: 2018-06-19 02:32:02 regiond: [info] 192.168.11.12 GET /MAAS/metadata/curtin/2012-03-01/meta-data/vendor-data HTTP/1.1 --> 200 OK (referrer: -; agent: python-requests/2.9.1)
Jun 19 02:32:02 mas01 sh[16739]: 2018-06-19 02:32:02 maasserver.preseed: [warn] WARNING: '/etc/maas/preseeds/curtin_userdata_amd64_generic_xenial' contains deprecated preseed variables. Please remove: main_archive_directory, ports_archive_directory, http_proxy
Jun 19 02:32:03 mas01 sh[16739]: 2018-06-19 02:32:03 regiond: [info] 192.168.11.12 GET /MAAS/metadata/curtin/2012-03-01/user-data HTTP/1.1 --> 200 OK (referrer: -; agent: python-requests/2.9.1)
Jun 19 02:32:03 mas01 sh[16876]: 2018-06-19 02:32:03 regiond: [info] 192.168.11.12 POST /MAAS/metadata/status/xtx47q HTTP/1.1 --> 204 NO_CONTENT (referrer: -; agent: python-requests/2.9.1)
Jun 19 02:32:03 mas01 sh[17249]: 2018-06-19 02:32:03 regiond: [info] 192.168.11.12 POST /MAAS/metadata/status/xtx47q HTTP/1.1 --> 204 NO_CONTENT (referrer: -; agent: python-requests/2.9.1)
Jun 19 02:32:03 mas01 sh[17249]: 2018-06-19 02:32:03 regiond: [info] 192.168.11.12 POST /MAAS/metadata/status/xtx47q HTTP/1.1 --> 204 NO_CONTENT (referrer: -; agent: python-requests/2.9.1)
Jun 19 02:32:03 mas01 sh[16746]: 2018-06-19 02:32:03 regiond: [info] 192.168.11.12 POST /MAAS/metadata/status/xtx47q HTTP/1.1 --> 204 NO_CONTENT (referrer: -; agent: python-requests/2.9.1)
Jun 19 02:32:03 mas01 sh[16876]: 2018-06-19 02:32:03 regiond: [info] 192.168.11.12 POST /MAAS/metadata/status/xtx47q HTTP/1.1 --> 204 NO_CONTENT (referrer: -; agent: python-requests/2.9.1)
Jun 19 02:32:03 mas01 sh[16876]: 2018-06-19 02:32:03 regiond: [info] 192.168.11.12 POST /MAAS/metadata/status/xtx47q HTTP/1.1 --> 204 NO_CONTENT (referrer: -; agent: python-requests/2.9.1)
Jun 19 02:32:03 mas01 dhcpd[20399]: DHCPDISCOVER from 00:25:b5:a0:00:5a via ens5
Jun 19 02:32:03 mas01 dhcpd[20399]: DHCPOFFER on 192.168.11.4 to 00:25:b5:a0:00:5a (cmp001) via ens5
Jun 19 02:32:03 mas01 dhcpd[20399]: execute_statement argv[0] = /usr/sbin/maas-dhcp-helper
Jun 19 02:32:03 mas01 dhcpd[20399]: execute_statement argv[1] = notify
Jun 19 02:32:03 mas01 dhcpd[20399]: execute_statement argv[2] = --action
Jun 19 02:32:03 mas01 sh[16746]: 2018-06-19 02:32:03 regiond: [info] 192.168.11.12 POST /MAAS/metadata/status/xtx47q HTTP/1.1 --> 204 NO_CONTENT (referrer: -; agent: python-requests/2.9.1)
Jun 19 02:32:03 mas01 dhcpd[20399]: execute_statement argv[3] = commit
Jun 19 02:32:03 mas01 dhcpd[20399]: execute_statement argv[4] = --mac
Jun 19 02:32:03 mas01 dhcpd[20399]: execute_statement argv[5] = 0:25:b5:a0:0:5a
Jun 19 02:32:03 mas01 dhcpd[20399]: execute_statement argv[6] = --ip-family
Jun 19 02:32:03 mas01 dhcpd[20399]: execute_statement argv[7] = ipv4
Jun 19 02:32:03 mas01 dhcpd[20399]: execute_statement argv[8] = --ip
Jun 19 02:32:03 mas01 dhcpd[20399]: execute_statement argv[9] = 192.168.11.4
Jun 19 02:32:03 mas01 sh[16746]: 2018-06-19 02:32:03 regiond: [info] 192.168.11.12 POST /MAAS/metadata/status/xtx47q HTTP/1.1 --> 204 NO_CONTENT (referrer: -; agent: python-requests/2.9.1)
Jun 19 02:32:03 mas01 dhcpd[20399]: execute_statement argv[10] = --lease-time
Jun 19 02:32:03 mas01 dhcpd[20399]: execute_statement argv[11] = 600
Jun 19 02:32:03 mas01 dhcpd[20399]: execute_statement argv[12] = --hostname
Jun 19 02:32:03 mas01 dhcpd[20399]: execute_statement argv[13] = cmp001
Jun 19 02:32:03 mas01 dhcpd[20399]: execute_statement argv[14] = --socket
Jun 19 02:32:03 mas01 dhcpd[20399]: execute_statement argv[15] = /var/lib/maas/dhcpd.sock
Jun 19 02:32:03 mas01 sh[16876]: 2018-06-19 02:32:03 regiond: [info] 192.168.11.12 POST /MAAS/metadata/status/xtx47q HTTP/1.1 --> 204 NO_CONTENT (referrer: -; agent: python-requests/2.9.1)
Jun 19 02:32:03 mas01 sh[16876]: 2018-06-19 02:32:03 regiond: [info] 192.168.11.12 POST /MAAS/metadata/status/xtx47q HTTP/1.1 --> 204 NO_CONTENT (referrer: -; agent: python-requests/2.9.1)
Jun 19 02:32:03 mas01 sh[17249]: 2018-06-19 02:32:03 regiond: [info] 192.168.11.12 POST /MAAS/metadata/status/xtx47q HTTP/1.1 --> 204 NO_CONTENT (referrer: -; agent: python-requests/2.9.1)
Jun 19 02:32:03 mas01 sh[16739]: 2018-06-19 02:32:03 regiond: [info] 192.168.11.12 POST /MAAS/metadata/status/xtx47q HTTP/1.1 --> 204 NO_CONTENT (referrer: -; agent: python-requests/2.9.1)
Jun 19 02:32:03 mas01 sh[16876]: 2018-06-19 02:32:03 regiond: [info] 192.168.11.12 POST /MAAS/metadata/status/xtx47q HTTP/1.1 --> 204 NO_CONTENT (referrer: -; agent: python-requests/2.9.1)
Jun 19 02:32:03 mas01 sh[16739]: 2018-06-19 02:32:03 regiond: [info] 192.168.11.12 POST /MAAS/metadata/status/xtx47q HTTP/1.1 --> 204 NO_CONTENT (referrer: -; agent: python-requests/2.9.1)
Jun 19 02:32:03 mas01 sh[16746]: 2018-06-19 02:32:03 regiond: [info] 192.168.11.12 POST /MAAS/metadata/status/xtx47q HTTP/1.1 --> 204 NO_CONTENT (referrer: -; agent: python-requests/2.9.1)
Jun 19 02:32:03 mas01 sh[16739]: 2018-06-19 02:32:03 regiond: [info] 192.168.11.12 POST /MAAS/metadata/status/xtx47q HTTP/1.1 --> 204 NO_CONTENT (referrer: -; agent: python-requests/2.9.1)
Jun 19 02:32:03 mas01 sh[17249]: 2018-06-19 02:32:03 regiond: [info] 192.168.11.12 POST /MAAS/metadata/status/xtx47q HTTP/1.1 --> 204 NO_CONTENT (referrer: -; agent: python-requests/2.9.1)
Jun 19 02:32:03 mas01 sh[16746]: 2018-06-19 02:32:03 regiond: [info] 192.168.11.12 POST /MAAS/metadata/status/xtx47q HTTP/1.1 --> 204 NO_CONTENT (referrer: -; agent: python-requests/2.9.1)
Jun 19 02:32:03 mas01 sh[16876]: 2018-06-19 02:32:03 regiond: [info] 192.168.11.12 POST /MAAS/metadata/status/xtx47q HTTP/1.1 --> 204 NO_CONTENT (referrer: -; agent: python-requests/2.9.1)
Jun 19 02:32:03 mas01 sh[16876]: 2018-06-19 02:32:03 regiond: [info] 192.168.11.12 POST /MAAS/metadata/status/xtx47q HTTP/1.1 --> 204 NO_CONTENT (referrer: -; agent: python-requests/2.9.1)
Jun 19 02:32:03 mas01 sh[16746]: 2018-06-19 02:32:03 regiond: [info] 192.168.11.12 POST /MAAS/metadata/status/xtx47q HTTP/1.1 --> 204 NO_CONTENT (referrer: -; agent: python-requests/2.9.1)
Jun 19 02:32:03 mas01 sh[16746]: 2018-06-19 02:32:03 regiond: [info] 192.168.11.12 POST /MAAS/metadata/status/xtx47q HTTP/1.1 --> 204 NO_CONTENT (referrer: -; agent: python-requests/2.9.1)
Jun 19 02:32:03 mas01 sh[16739]: 2018-06-19 02:32:03 regiond: [info] 192.168.11.12 POST /MAAS/metadata/status/xtx47q HTTP/1.1 --> 204 NO_CONTENT (referrer: -; agent: python-requests/2.9.1)
Jun 19 02:32:03 mas01 sh[17249]: 2018-06-19 02:32:03 regiond: [info] 192.168.11.12 POST /MAAS/metadata/status/xtx47q HTTP/1.1 --> 204 NO_CONTENT (referrer: -; agent: python-requests/2.9.1)
Jun 19 02:32:03 mas01 sh[16739]: 2018-06-19 02:32:03 regiond: [info] 192.168.11.12 POST /MAAS/metadata/status/xtx47q HTTP/1.1 --> 204 NO_CONTENT (referrer: -; agent: python-requests/2.9.1)
Jun 19 02:32:03 mas01 dhcpd[20399]: DHCPREQUEST for 192.168.11.4 (192.168.11.3) from 00:25:b5:a0:00:5a (cmp001) via ens5
Jun 19 02:32:03 mas01 dhcpd[20399]: DHCPACK on 192.168.11.4 to 00:25:b5:a0:00:5a (cmp001) via ens5
Jun 19 02:32:03 mas01 sh[16746]: 2018-06-19 02:32:03 regiond: [info] 192.168.11.12 POST /MAAS/metadata/status/xtx47q HTTP/1.1 --> 204 NO_CONTENT (referrer: -; agent: python-requests/2.9.1)
Jun 19 02:32:03 mas01 sh[16746]: message repeated 2 times: [ 2018-06-19 02:32:03 regiond: [info] 192.168.11.12 POST /MAAS/metadata/status/xtx47q HTTP/1.1 --> 204 NO_CONTENT (referrer: -; agent: python-requests/2.9.1)]
Jun 19 02:32:03 mas01 sh[16739]: 2018-06-19 02:32:03 regiond: [info] 192.168.11.12 POST /MAAS/metadata/status/xtx47q HTTP/1.1 --> 204 NO_CONTENT (referrer: -; agent: python-requests/2.9.1)
Jun 19 02:32:03 mas01 sh[17249]: 2018-06-19 02:32:03 regiond: [info] 192.168.11.12 POST /MAAS/metadata/status/xtx47q HTTP/1.1 --> 204 NO_CONTENT (referrer: -; agent: python-requests/2.9.1)
Jun 19 02:32:03 mas01 sh[16739]: 2018-06-19 02:32:03 regiond: [info] 192.168.11.12 POST /MAAS/metadata/status/xtx47q HTTP/1.1 --> 204 NO_CONTENT (referrer: -; agent: python-requests/2.9.1)
Jun 19 02:32:03 mas01 sh[16876]: 2018-06-19 02:32:03 regiond: [info] 192.168.11.12 POST /MAAS/metadata/status/xtx47q HTTP/1.1 --> 204 NO_CONTENT (referrer: -; agent: python-requests/2.9.1)
Jun 19 02:32:03 mas01 sh[17249]: 2018-06-19 02:32:03 maasserver.rpc.leases: [info] Lease update: commit for 192.168.11.4 on 0:25:b5:a0:0:5a at 2018-06-19 02:32:03 (lease time: 600s) (hostname: cmp001)
Jun 19 02:32:03 mas01 sh[17249]: 2018-06-19 02:32:03 regiond: [info] 192.168.11.12 POST /MAAS/metadata/status/xtx47q HTTP/1.1 --> 204 NO_CONTENT (referrer: -; agent: python-requests/2.9.1)
Jun 19 02:32:03 mas01 sh[17249]: 2018-06-19 02:32:03 regiond: [info] 192.168.11.12 POST /MAAS/metadata/status/xtx47q HTTP/1.1 --> 204 NO_CONTENT (referrer: -; agent: python-requests/2.9.1)
Jun 19 02:32:03 mas01 sh[16289]: 2018-06-19 02:32:03 rackd: [info] 192.168.11.4 GET /images/ubuntu/amd64/ga-16.04/xenial/daily/squashfs HTTP/1.1 --> 200 OK (referrer: -; agent: Wget)
Jun 19 02:32:04 mas01 sh[16739]: 2018-06-19 02:32:04 regiond: [info] 192.168.11.12 POST /MAAS/metadata/status/xtx47q HTTP/1.1 --> 204 NO_CONTENT (referrer: -; agent: python-requests/2.9.1)
Jun 19 02:32:04 mas01 sh[17249]: 2018-06-19 02:32:04 regiond: [info] 192.168.11.12 POST /MAAS/metadata/status/xtx47q HTTP/1.1 --> 204 NO_CONTENT (referrer: -; agent: python-requests/2.9.1)
Jun 19 02:32:04 mas01 dhcpd[20399]: DHCPDISCOVER from 00:25:b5:a0:00:2a via ens5
Jun 19 02:32:04 mas01 dhcpd[20399]: DHCPOFFER on 192.168.11.10 to 00:25:b5:a0:00:2a (kvm01) via ens5
Jun 19 02:32:04 mas01 dhcpd[20399]: DHCPDISCOVER from 00:25:b5:a0:00:4a via ens5
Jun 19 02:32:04 mas01 dhcpd[20399]: DHCPOFFER on 192.168.11.5 to 00:25:b5:a0:00:4a (kvm03) via ens5
Jun 19 02:32:05 mas01 sh[16746]: 2018-06-19 02:32:05 regiond: [info] 192.168.11.12 POST /MAAS/metadata/status/xtx47q HTTP/1.1 --> 204 NO_CONTENT (referrer: -; agent: python-requests/2.9.1)
Jun 19 02:32:05 mas01 sh[16739]: 2018-06-19 02:32:05 regiond: [info] 192.168.11.12 POST /MAAS/metadata/status/xtx47q HTTP/1.1 --> 204 NO_CONTENT (referrer: -; agent: python-requests/2.9.1)
Jun 19 02:32:05 mas01 sh[16876]: 2018-06-19 02:32:05 regiond: [info] 192.168.11.12 POST /MAAS/metadata/status/xtx47q HTTP/1.1 --> 204 NO_CONTENT (referrer: -; agent: python-requests/2.9.1)
Jun 19 02:32:05 mas01 sh[16746]: 2018-06-19 02:32:05 regiond: [info] 192.168.11.12 POST /MAAS/metadata/status/xtx47q HTTP/1.1 --> 204 NO_CONTENT (referrer: -; agent: python-requests/2.9.1)
Jun 19 02:32:05 mas01 salt-minion[1362]: [INFO    ] User sudo_ubuntu Executing command state.apply with jid 20180619023205037884
Jun 19 02:32:05 mas01 sh[16876]: 2018-06-19 02:32:05 regiond: [info] 192.168.11.12 POST /MAAS/metadata/status/xtx47q HTTP/1.1 --> 204 NO_CONTENT (referrer: -; agent: python-requests/2.9.1)
Jun 19 02:32:05 mas01 sh[16746]: 2018-06-19 02:32:05 regiond: [info] 192.168.11.12 POST /MAAS/metadata/status/xtx47q HTTP/1.1 --> 204 NO_CONTENT (referrer: -; agent: python-requests/2.9.1)
Jun 19 02:32:05 mas01 sh[16876]: 2018-06-19 02:32:05 regiond: [info] 192.168.11.12 POST /MAAS/metadata/status/xtx47q HTTP/1.1 --> 204 NO_CONTENT (referrer: -; agent: python-requests/2.9.1)
Jun 19 02:32:05 mas01 sh[16746]: 2018-06-19 02:32:05 regiond: [info] 192.168.11.12 POST /MAAS/metadata/status/xtx47q HTTP/1.1 --> 204 NO_CONTENT (referrer: -; agent: python-requests/2.9.1)
Jun 19 02:32:05 mas01 sh[16739]: 2018-06-19 02:32:05 regiond: [info] 192.168.11.12 POST /MAAS/metadata/status/xtx47q HTTP/1.1 --> 204 NO_CONTENT (referrer: -; agent: python-requests/2.9.1)
Jun 19 02:32:05 mas01 salt-minion[1362]: [INFO    ] Starting a new job with PID 21253
Jun 19 02:32:05 mas01 salt-minion[1362]: [INFO    ] Loading fresh modules for state activity
Jun 19 02:32:05 mas01 salt-minion[1362]: [INFO    ] Running state [maas-region apikey --username opnfv > /var/lib/maas/.maas_credentials] at time 02:32:05.723021
Jun 19 02:32:05 mas01 salt-minion[1362]: [INFO    ] Executing state cmd.run for maas-region apikey --username opnfv > /var/lib/maas/.maas_credentials
Jun 19 02:32:05 mas01 salt-minion[1362]: [INFO    ] Executing command 'maas-region apikey --username opnfv > /var/lib/maas/.maas_credentials' in directory '/root'
Jun 19 02:32:06 mas01 dhcpd[20399]: DHCPDISCOVER from 00:25:b5:a0:00:4a (kvm03) via ens5
Jun 19 02:32:06 mas01 dhcpd[20399]: DHCPOFFER on 192.168.11.5 to 00:25:b5:a0:00:4a (kvm03) via ens5
Jun 19 02:32:06 mas01 dhcpd[20399]: DHCPDISCOVER from 00:25:b5:a0:00:2a (kvm01) via ens5
Jun 19 02:32:06 mas01 dhcpd[20399]: DHCPOFFER on 192.168.11.10 to 00:25:b5:a0:00:2a (kvm01) via ens5
Jun 19 02:32:06 mas01 dhcpd[20399]: execute_statement argv[0] = /usr/sbin/maas-dhcp-helper
Jun 19 02:32:06 mas01 dhcpd[20399]: execute_statement argv[1] = notify
Jun 19 02:32:06 mas01 dhcpd[20399]: execute_statement argv[2] = --action
Jun 19 02:32:06 mas01 dhcpd[20399]: execute_statement argv[3] = commit
Jun 19 02:32:06 mas01 dhcpd[20399]: execute_statement argv[4] = --mac
Jun 19 02:32:06 mas01 dhcpd[20399]: execute_statement argv[5] = 0:25:b5:a0:0:2a
Jun 19 02:32:06 mas01 dhcpd[20399]: execute_statement argv[6] = --ip-family
Jun 19 02:32:06 mas01 dhcpd[20399]: execute_statement argv[7] = ipv4
Jun 19 02:32:06 mas01 dhcpd[20399]: execute_statement argv[8] = --ip
Jun 19 02:32:06 mas01 dhcpd[20399]: execute_statement argv[9] = 192.168.11.10
Jun 19 02:32:06 mas01 dhcpd[20399]: execute_statement argv[10] = --lease-time
Jun 19 02:32:06 mas01 dhcpd[20399]: execute_statement argv[11] = 600
Jun 19 02:32:06 mas01 dhcpd[20399]: execute_statement argv[12] = --hostname
Jun 19 02:32:06 mas01 dhcpd[20399]: execute_statement argv[13] = kvm01
Jun 19 02:32:06 mas01 dhcpd[20399]: execute_statement argv[14] = --socket
Jun 19 02:32:06 mas01 dhcpd[20399]: execute_statement argv[15] = /var/lib/maas/dhcpd.sock
Jun 19 02:32:06 mas01 sh[16876]: 2018-06-19 02:32:06 regiond: [info] 192.168.11.12 POST /MAAS/metadata/status/xtx47q HTTP/1.1 --> 204 NO_CONTENT (referrer: -; agent: python-requests/2.9.1)
Jun 19 02:32:06 mas01 sh[16739]: 2018-06-19 02:32:06 regiond: [info] 192.168.11.12 POST /MAAS/metadata/status/xtx47q HTTP/1.1 --> 204 NO_CONTENT (referrer: -; agent: python-requests/2.9.1)
Jun 19 02:32:06 mas01 sh[16876]: 2018-06-19 02:32:06 regiond: [info] 192.168.11.12 POST /MAAS/metadata/status/xtx47q HTTP/1.1 --> 204 NO_CONTENT (referrer: -; agent: python-requests/2.9.1)
Jun 19 02:32:06 mas01 sh[17249]: 2018-06-19 02:32:06 regiond: [info] 192.168.11.12 POST /MAAS/metadata/status/xtx47q HTTP/1.1 --> 204 NO_CONTENT (referrer: -; agent: python-requests/2.9.1)
Jun 19 02:32:06 mas01 dhcpd[20399]: DHCPREQUEST for 192.168.11.10 (192.168.11.3) from 00:25:b5:a0:00:2a (kvm01) via ens5
Jun 19 02:32:06 mas01 dhcpd[20399]: DHCPACK on 192.168.11.10 to 00:25:b5:a0:00:2a (kvm01) via ens5
Jun 19 02:32:06 mas01 dhcpd[20399]: execute_statement argv[0] = /usr/sbin/maas-dhcp-helper
Jun 19 02:32:06 mas01 dhcpd[20399]: execute_statement argv[1] = notify
Jun 19 02:32:06 mas01 dhcpd[20399]: execute_statement argv[2] = --action
Jun 19 02:32:06 mas01 dhcpd[20399]: execute_statement argv[3] = commit
Jun 19 02:32:06 mas01 dhcpd[20399]: execute_statement argv[4] = --mac
Jun 19 02:32:06 mas01 dhcpd[20399]: execute_statement argv[5] = 0:25:b5:a0:0:4a
Jun 19 02:32:06 mas01 dhcpd[20399]: execute_statement argv[6] = --ip-family
Jun 19 02:32:06 mas01 dhcpd[20399]: execute_statement argv[7] = ipv4
Jun 19 02:32:06 mas01 dhcpd[20399]: execute_statement argv[8] = --ip
Jun 19 02:32:06 mas01 dhcpd[20399]: execute_statement argv[9] = 192.168.11.5
Jun 19 02:32:06 mas01 dhcpd[20399]: execute_statement argv[10] = --lease-time
Jun 19 02:32:06 mas01 dhcpd[20399]: execute_statement argv[11] = 600
Jun 19 02:32:06 mas01 dhcpd[20399]: execute_statement argv[12] = --hostname
Jun 19 02:32:06 mas01 dhcpd[20399]: execute_statement argv[13] = kvm03
Jun 19 02:32:06 mas01 dhcpd[20399]: execute_statement argv[14] = --socket
Jun 19 02:32:06 mas01 dhcpd[20399]: execute_statement argv[15] = /var/lib/maas/dhcpd.sock
Jun 19 02:32:06 mas01 dhcpd[20399]: DHCPREQUEST for 192.168.11.5 (192.168.11.3) from 00:25:b5:a0:00:4a (kvm03) via ens5
Jun 19 02:32:06 mas01 dhcpd[20399]: DHCPACK on 192.168.11.5 to 00:25:b5:a0:00:4a (kvm03) via ens5
Jun 19 02:32:06 mas01 sh[16746]: 2018-06-19 02:32:06 maasserver.rpc.leases: [info] Lease update: commit for 192.168.11.10 on 0:25:b5:a0:0:2a at 2018-06-19 02:32:06 (lease time: 600s) (hostname: kvm01)
Jun 19 02:32:06 mas01 sh[16746]: 2018-06-19 02:32:06 maasserver.rpc.leases: [info] Lease update: commit for 192.168.11.5 on 0:25:b5:a0:0:4a at 2018-06-19 02:32:06 (lease time: 600s) (hostname: kvm03)
Jun 19 02:32:06 mas01 sh[16876]: 2018-06-19 02:32:06 regiond: [info] 192.168.11.12 POST /MAAS/metadata/status/xtx47q HTTP/1.1 --> 204 NO_CONTENT (referrer: -; agent: python-requests/2.9.1)
Jun 19 02:32:06 mas01 sh[16876]: 2018-06-19 02:32:06 regiond: [info] 192.168.11.12 POST /MAAS/metadata/status/xtx47q HTTP/1.1 --> 204 NO_CONTENT (referrer: -; agent: python-requests/2.9.1)
Jun 19 02:32:06 mas01 sh[16746]: 2018-06-19 02:32:06 regiond: [info] 192.168.11.12 POST /MAAS/metadata/status/xtx47q HTTP/1.1 --> 204 NO_CONTENT (referrer: -; agent: python-requests/2.9.1)
Jun 19 02:32:06 mas01 sh[17249]: 2018-06-19 02:32:06 regiond: [info] 192.168.11.12 POST /MAAS/metadata/status/xtx47q HTTP/1.1 --> 204 NO_CONTENT (referrer: -; agent: python-requests/2.9.1)
Jun 19 02:32:06 mas01 sh[16746]: 2018-06-19 02:32:06 regiond: [info] 192.168.11.12 POST /MAAS/metadata/status/xtx47q HTTP/1.1 --> 204 NO_CONTENT (referrer: -; agent: python-requests/2.9.1)
Jun 19 02:32:06 mas01 sh[17249]: 2018-06-19 02:32:06 regiond: [info] 192.168.11.12 POST /MAAS/metadata/status/xtx47q HTTP/1.1 --> 204 NO_CONTENT (referrer: -; agent: python-requests/2.9.1)
Jun 19 02:32:06 mas01 sh[17249]: 2018-06-19 02:32:06 regiond: [info] 192.168.11.12 POST /MAAS/metadata/status/xtx47q HTTP/1.1 --> 204 NO_CONTENT (referrer: -; agent: python-requests/2.9.1)
Jun 19 02:32:06 mas01 sh[16876]: 2018-06-19 02:32:06 regiond: [info] 192.168.11.12 POST /MAAS/metadata/status/xtx47q HTTP/1.1 --> 204 NO_CONTENT (referrer: -; agent: python-requests/2.9.1)
Jun 19 02:32:06 mas01 sh[16739]: 2018-06-19 02:32:06 regiond: [info] 192.168.11.4 POST /MAAS/metadata/status/m64yqy HTTP/1.1 --> 204 NO_CONTENT (referrer: -; agent: python-requests/2.9.1)
Jun 19 02:32:06 mas01 sh[16876]: 2018-06-19 02:32:06 regiond: [info] 192.168.11.4 POST /MAAS/metadata/status/m64yqy HTTP/1.1 --> 204 NO_CONTENT (referrer: -; agent: python-requests/2.9.1)
Jun 19 02:32:06 mas01 sh[16746]: 2018-06-19 02:32:06 regiond: [info] 192.168.11.4 POST /MAAS/metadata/status/m64yqy HTTP/1.1 --> 204 NO_CONTENT (referrer: -; agent: python-requests/2.9.1)
Jun 19 02:32:06 mas01 sh[16289]: 2018-06-19 02:32:06 rackd: [info] 192.168.11.10 GET /images/ubuntu/amd64/ga-16.04/xenial/daily/squashfs HTTP/1.1 --> 200 OK (referrer: -; agent: Wget)
Jun 19 02:32:06 mas01 sh[16289]: 2018-06-19 02:32:06 rackd: [info] 192.168.11.5 GET /images/ubuntu/amd64/ga-16.04/xenial/daily/squashfs HTTP/1.1 --> 200 OK (referrer: -; agent: Wget)
Jun 19 02:32:07 mas01 sh[16746]: 2018-06-19 02:32:07 regiond: [info] 192.168.11.4 GET /MAAS/metadata/latest/by-id/m64yqy/?op=get_preseed HTTP/1.1 --> 200 OK (referrer: -; agent: Cloud-Init/18.2)
Jun 19 02:32:07 mas01 sh[17249]: 2018-06-19 02:32:07 regiond: [info] 192.168.11.4 POST /MAAS/metadata/status/m64yqy HTTP/1.1 --> 204 NO_CONTENT (referrer: -; agent: python-requests/2.9.1)
Jun 19 02:32:07 mas01 sh[17249]: 2018-06-19 02:32:07 regiond: [info] 192.168.11.4 POST /MAAS/metadata/status/m64yqy HTTP/1.1 --> 204 NO_CONTENT (referrer: -; agent: python-requests/2.9.1)
Jun 19 02:32:07 mas01 sh[16746]: 2018-06-19 02:32:07 regiond: [info] 192.168.11.4 POST /MAAS/metadata/status/m64yqy HTTP/1.1 --> 204 NO_CONTENT (referrer: -; agent: python-requests/2.9.1)
Jun 19 02:32:07 mas01 dhcpd[20399]: DHCPDISCOVER from 00:25:b5:a0:00:3a via ens5
Jun 19 02:32:07 mas01 dhcpd[20399]: DHCPOFFER on 192.168.11.8 to 00:25:b5:a0:00:3a (kvm02) via ens5
Jun 19 02:32:07 mas01 dhcpd[20399]: execute_statement argv[0] = /usr/sbin/maas-dhcp-helper
Jun 19 02:32:07 mas01 dhcpd[20399]: execute_statement argv[1] = notify
Jun 19 02:32:07 mas01 dhcpd[20399]: execute_statement argv[2] = --action
Jun 19 02:32:07 mas01 dhcpd[20399]: execute_statement argv[3] = commit
Jun 19 02:32:07 mas01 dhcpd[20399]: execute_statement argv[4] = --mac
Jun 19 02:32:07 mas01 dhcpd[20399]: execute_statement argv[5] = 0:25:b5:a0:0:3a
Jun 19 02:32:07 mas01 dhcpd[20399]: execute_statement argv[6] = --ip-family
Jun 19 02:32:07 mas01 dhcpd[20399]: execute_statement argv[7] = ipv4
Jun 19 02:32:07 mas01 dhcpd[20399]: execute_statement argv[8] = --ip
Jun 19 02:32:07 mas01 dhcpd[20399]: execute_statement argv[9] = 192.168.11.8
Jun 19 02:32:07 mas01 dhcpd[20399]: execute_statement argv[10] = --lease-time
Jun 19 02:32:07 mas01 dhcpd[20399]: execute_statement argv[11] = 600
Jun 19 02:32:07 mas01 dhcpd[20399]: execute_statement argv[12] = --hostname
Jun 19 02:32:07 mas01 dhcpd[20399]: execute_statement argv[13] = kvm02
Jun 19 02:32:07 mas01 dhcpd[20399]: execute_statement argv[14] = --socket
Jun 19 02:32:07 mas01 dhcpd[20399]: execute_statement argv[15] = /var/lib/maas/dhcpd.sock
Jun 19 02:32:07 mas01 sh[16876]: 2018-06-19 02:32:07 maasserver.rpc.leases: [info] Lease update: commit for 192.168.11.8 on 0:25:b5:a0:0:3a at 2018-06-19 02:32:07 (lease time: 600s) (hostname: kvm02)
Jun 19 02:32:07 mas01 salt-minion[1362]: [INFO    ] {'pid': 21261, 'retcode': 0, 'stderr': '', 'stdout': ''}
Jun 19 02:32:07 mas01 salt-minion[1362]: [INFO    ] Completed state [maas-region apikey --username opnfv > /var/lib/maas/.maas_credentials] at time 02:32:07.789880 duration_in_ms=2066.866
Jun 19 02:32:07 mas01 salt-minion[1362]: [INFO    ] Running state [maas.machines_status] at time 02:32:07.791258
Jun 19 02:32:07 mas01 salt-minion[1362]: [INFO    ] Executing state module.run for maas.machines_status
Jun 19 02:32:07 mas01 sh[17249]: 2018-06-19 02:32:07 regiond: [info] 192.168.11.4 GET /MAAS/metadata/curtin/2012-03-01/meta-data/instance-id HTTP/1.1 --> 200 OK (referrer: -; agent: Cloud-Init/18.2)
Jun 19 02:32:07 mas01 dhcpd[20399]: DHCPREQUEST for 192.168.11.8 (192.168.11.3) from 00:25:b5:a0:00:3a (kvm02) via ens5
Jun 19 02:32:07 mas01 dhcpd[20399]: DHCPACK on 192.168.11.8 to 00:25:b5:a0:00:3a (kvm02) via ens5
Jun 19 02:32:07 mas01 sh[16746]: 2018-06-19 02:32:07 regiond: [info] 192.168.11.4 GET /MAAS/metadata/curtin/2012-03-01/meta-data/instance-id HTTP/1.1 --> 200 OK (referrer: -; agent: python-requests/2.9.1)
Jun 19 02:32:08 mas01 sh[16289]: 2018-06-19 02:32:08 rackd: [info] 192.168.11.8 GET /images/ubuntu/amd64/ga-16.04/xenial/daily/squashfs HTTP/1.1 --> 200 OK (referrer: -; agent: Wget)
Jun 19 02:32:08 mas01 sh[16746]: 2018-06-19 02:32:08 regiond: [info] 192.168.11.4 GET /MAAS/metadata/curtin/2012-03-01/meta-data/local-hostname HTTP/1.1 --> 200 OK (referrer: -; agent: python-requests/2.9.1)
Jun 19 02:32:08 mas01 sh[17249]: 2018-06-19 02:32:08 regiond: [info] 192.168.11.4 GET /MAAS/metadata/curtin/2012-03-01/meta-data/public-keys HTTP/1.1 --> 200 OK (referrer: -; agent: python-requests/2.9.1)
Jun 19 02:32:08 mas01 sh[16746]: 2018-06-19 02:32:08 regiond: [info] 192.168.11.4 GET /MAAS/metadata/curtin/2012-03-01/meta-data/vendor-data HTTP/1.1 --> 200 OK (referrer: -; agent: python-requests/2.9.1)
Jun 19 02:32:08 mas01 sh[17249]: 2018-06-19 02:32:08 maasserver.preseed: [warn] WARNING: '/etc/maas/preseeds/curtin_userdata_amd64_generic_xenial' contains deprecated preseed variables. Please remove: main_archive_directory, ports_archive_directory, http_proxy
Jun 19 02:32:08 mas01 salt-minion[1362]: [INFO    ] {'ret': {'machines': [{'status': 'Deploying', 'hostname': u'cmp002', 'system_id': u'xtx47q'}, {'status': 'Deploying', 'hostname': u'cmp001', 'system_id': u'm64yqy'}, {'status': 'Deploying', 'hostname': u'kvm01', 'system_id': u'rnrw8g'}, {'status': 'Deploying', 'hostname': u'kvm03', 'system_id': u'rfmxww'}, {'status': 'Deploying', 'hostname': u'kvm02', 'system_id': u'wker7g'}], 'summary': Counter({'Deploying': 5})}}
Jun 19 02:32:08 mas01 salt-minion[1362]: [INFO    ] Completed state [maas.machines_status] at time 02:32:08.777415 duration_in_ms=986.157
Jun 19 02:32:08 mas01 salt-minion[1362]: [INFO    ] Returning information for job: 20180619023205037884
Jun 19 02:32:09 mas01 sh[17249]: 2018-06-19 02:32:09 regiond: [info] 192.168.11.4 GET /MAAS/metadata/curtin/2012-03-01/user-data HTTP/1.1 --> 200 OK (referrer: -; agent: python-requests/2.9.1)
Jun 19 02:32:09 mas01 sh[16739]: 2018-06-19 02:32:09 regiond: [info] 192.168.11.4 POST /MAAS/metadata/status/m64yqy HTTP/1.1 --> 204 NO_CONTENT (referrer: -; agent: python-requests/2.9.1)
Jun 19 02:32:09 mas01 sh[16739]: 2018-06-19 02:32:09 regiond: [info] 192.168.11.4 POST /MAAS/metadata/status/m64yqy HTTP/1.1 --> 204 NO_CONTENT (referrer: -; agent: python-requests/2.9.1)
Jun 19 02:32:09 mas01 sh[16746]: 2018-06-19 02:32:09 regiond: [info] 192.168.11.4 POST /MAAS/metadata/status/m64yqy HTTP/1.1 --> 204 NO_CONTENT (referrer: -; agent: python-requests/2.9.1)
Jun 19 02:32:09 mas01 sh[16876]: 2018-06-19 02:32:09 regiond: [info] 192.168.11.4 POST /MAAS/metadata/status/m64yqy HTTP/1.1 --> 204 NO_CONTENT (referrer: -; agent: python-requests/2.9.1)
Jun 19 02:32:09 mas01 sh[16876]: 2018-06-19 02:32:09 regiond: [info] 192.168.11.4 POST /MAAS/metadata/status/m64yqy HTTP/1.1 --> 204 NO_CONTENT (referrer: -; agent: python-requests/2.9.1)
Jun 19 02:32:09 mas01 sh[17249]: 2018-06-19 02:32:09 regiond: [info] 192.168.11.4 POST /MAAS/metadata/status/m64yqy HTTP/1.1 --> 204 NO_CONTENT (referrer: -; agent: python-requests/2.9.1)
Jun 19 02:32:09 mas01 sh[16746]: 2018-06-19 02:32:09 regiond: [info] 192.168.11.4 POST /MAAS/metadata/status/m64yqy HTTP/1.1 --> 204 NO_CONTENT (referrer: -; agent: python-requests/2.9.1)
Jun 19 02:32:09 mas01 sh[16876]: 2018-06-19 02:32:09 regiond: [info] 192.168.11.4 POST /MAAS/metadata/status/m64yqy HTTP/1.1 --> 204 NO_CONTENT (referrer: -; agent: python-requests/2.9.1)
Jun 19 02:32:09 mas01 sh[17249]: 2018-06-19 02:32:09 regiond: [info] 192.168.11.4 POST /MAAS/metadata/status/m64yqy HTTP/1.1 --> 204 NO_CONTENT (referrer: -; agent: python-requests/2.9.1)
Jun 19 02:32:09 mas01 sh[16739]: 2018-06-19 02:32:09 regiond: [info] 192.168.11.4 POST /MAAS/metadata/status/m64yqy HTTP/1.1 --> 204 NO_CONTENT (referrer: -; agent: python-requests/2.9.1)
Jun 19 02:32:09 mas01 sh[17249]: 2018-06-19 02:32:09 regiond: [info] 192.168.11.4 POST /MAAS/metadata/status/m64yqy HTTP/1.1 --> 204 NO_CONTENT (referrer: -; agent: python-requests/2.9.1)
Jun 19 02:32:09 mas01 sh[16739]: 2018-06-19 02:32:09 regiond: [info] 192.168.11.4 POST /MAAS/metadata/status/m64yqy HTTP/1.1 --> 204 NO_CONTENT (referrer: -; agent: python-requests/2.9.1)
Jun 19 02:32:09 mas01 sh[16746]: 2018-06-19 02:32:09 regiond: [info] 192.168.11.4 POST /MAAS/metadata/status/m64yqy HTTP/1.1 --> 204 NO_CONTENT (referrer: -; agent: python-requests/2.9.1)
Jun 19 02:32:09 mas01 sh[16739]: 2018-06-19 02:32:09 regiond: [info] 192.168.11.4 POST /MAAS/metadata/status/m64yqy HTTP/1.1 --> 204 NO_CONTENT (referrer: -; agent: python-requests/2.9.1)
Jun 19 02:32:09 mas01 sh[16876]: 2018-06-19 02:32:09 regiond: [info] 192.168.11.4 POST /MAAS/metadata/status/m64yqy HTTP/1.1 --> 204 NO_CONTENT (referrer: -; agent: python-requests/2.9.1)
Jun 19 02:32:09 mas01 sh[16876]: 2018-06-19 02:32:09 regiond: [info] 192.168.11.4 POST /MAAS/metadata/status/m64yqy HTTP/1.1 --> 204 NO_CONTENT (referrer: -; agent: python-requests/2.9.1)
Jun 19 02:32:09 mas01 sh[17249]: 2018-06-19 02:32:09 regiond: [info] 192.168.11.4 POST /MAAS/metadata/status/m64yqy HTTP/1.1 --> 204 NO_CONTENT (referrer: -; agent: python-requests/2.9.1)
Jun 19 02:32:09 mas01 sh[16746]: 2018-06-19 02:32:09 regiond: [info] 192.168.11.4 POST /MAAS/metadata/status/m64yqy HTTP/1.1 --> 204 NO_CONTENT (referrer: -; agent: python-requests/2.9.1)
Jun 19 02:32:09 mas01 sh[17249]: 2018-06-19 02:32:09 regiond: [info] 192.168.11.4 POST /MAAS/metadata/status/m64yqy HTTP/1.1 --> 204 NO_CONTENT (referrer: -; agent: python-requests/2.9.1)
Jun 19 02:32:09 mas01 sh[17249]: 2018-06-19 02:32:09 regiond: [info] 192.168.11.4 POST /MAAS/metadata/status/m64yqy HTTP/1.1 --> 204 NO_CONTENT (referrer: -; agent: python-requests/2.9.1)
Jun 19 02:32:09 mas01 sh[16876]: 2018-06-19 02:32:09 regiond: [info] 192.168.11.4 POST /MAAS/metadata/status/m64yqy HTTP/1.1 --> 204 NO_CONTENT (referrer: -; agent: python-requests/2.9.1)
Jun 19 02:32:09 mas01 sh[16876]: 2018-06-19 02:32:09 regiond: [info] 192.168.11.4 POST /MAAS/metadata/status/m64yqy HTTP/1.1 --> 204 NO_CONTENT (referrer: -; agent: python-requests/2.9.1)
Jun 19 02:32:09 mas01 sh[16746]: 2018-06-19 02:32:09 regiond: [info] 192.168.11.4 POST /MAAS/metadata/status/m64yqy HTTP/1.1 --> 204 NO_CONTENT (referrer: -; agent: python-requests/2.9.1)
Jun 19 02:32:09 mas01 sh[16746]: 2018-06-19 02:32:09 regiond: [info] 192.168.11.4 POST /MAAS/metadata/status/m64yqy HTTP/1.1 --> 204 NO_CONTENT (referrer: -; agent: python-requests/2.9.1)
Jun 19 02:32:09 mas01 sh[16876]: 2018-06-19 02:32:09 regiond: [info] 192.168.11.4 POST /MAAS/metadata/status/m64yqy HTTP/1.1 --> 204 NO_CONTENT (referrer: -; agent: python-requests/2.9.1)
Jun 19 02:32:09 mas01 sh[16739]: 2018-06-19 02:32:09 regiond: [info] 192.168.11.4 POST /MAAS/metadata/status/m64yqy HTTP/1.1 --> 204 NO_CONTENT (referrer: -; agent: python-requests/2.9.1)
Jun 19 02:32:09 mas01 sh[16739]: message repeated 2 times: [ 2018-06-19 02:32:09 regiond: [info] 192.168.11.4 POST /MAAS/metadata/status/m64yqy HTTP/1.1 --> 204 NO_CONTENT (referrer: -; agent: python-requests/2.9.1)]
Jun 19 02:32:09 mas01 sh[17249]: 2018-06-19 02:32:09 regiond: [info] 192.168.11.4 POST /MAAS/metadata/status/m64yqy HTTP/1.1 --> 204 NO_CONTENT (referrer: -; agent: python-requests/2.9.1)
Jun 19 02:32:09 mas01 sh[16739]: 2018-06-19 02:32:09 regiond: [info] 192.168.11.4 POST /MAAS/metadata/status/m64yqy HTTP/1.1 --> 204 NO_CONTENT (referrer: -; agent: python-requests/2.9.1)
Jun 19 02:32:09 mas01 sh[17249]: 2018-06-19 02:32:09 regiond: [info] 192.168.11.4 POST /MAAS/metadata/status/m64yqy HTTP/1.1 --> 204 NO_CONTENT (referrer: -; agent: python-requests/2.9.1)
Jun 19 02:32:09 mas01 sh[16746]: 2018-06-19 02:32:09 regiond: [info] 192.168.11.4 POST /MAAS/metadata/status/m64yqy HTTP/1.1 --> 204 NO_CONTENT (referrer: -; agent: python-requests/2.9.1)
Jun 19 02:32:09 mas01 sh[16876]: 2018-06-19 02:32:09 regiond: [info] 192.168.11.4 POST /MAAS/metadata/status/m64yqy HTTP/1.1 --> 204 NO_CONTENT (referrer: -; agent: python-requests/2.9.1)
Jun 19 02:32:09 mas01 sh[17249]: 2018-06-19 02:32:09 regiond: [info] 192.168.11.4 POST /MAAS/metadata/status/m64yqy HTTP/1.1 --> 204 NO_CONTENT (referrer: -; agent: python-requests/2.9.1)
Jun 19 02:32:09 mas01 sh[16739]: 2018-06-19 02:32:09 regiond: [info] 192.168.11.10 GET /MAAS/metadata/latest/by-id/rnrw8g/?op=get_preseed HTTP/1.1 --> 200 OK (referrer: -; agent: Cloud-Init/18.2)
Jun 19 02:32:09 mas01 sh[16876]: 2018-06-19 02:32:09 regiond: [info] 192.168.11.5 GET /MAAS/metadata/latest/by-id/rfmxww/?op=get_preseed HTTP/1.1 --> 200 OK (referrer: -; agent: Cloud-Init/18.2)
Jun 19 02:32:09 mas01 sh[16739]: 2018-06-19 02:32:09 regiond: [info] 192.168.11.10 POST /MAAS/metadata/status/rnrw8g HTTP/1.1 --> 204 NO_CONTENT (referrer: -; agent: python-requests/2.9.1)
Jun 19 02:32:09 mas01 sh[16876]: 2018-06-19 02:32:09 regiond: [info] 192.168.11.10 POST /MAAS/metadata/status/rnrw8g HTTP/1.1 --> 204 NO_CONTENT (referrer: -; agent: python-requests/2.9.1)
Jun 19 02:32:09 mas01 sh[16746]: 2018-06-19 02:32:09 regiond: [info] 192.168.11.5 POST /MAAS/metadata/status/rfmxww HTTP/1.1 --> 204 NO_CONTENT (referrer: -; agent: python-requests/2.9.1)
Jun 19 02:32:09 mas01 sh[16746]: 2018-06-19 02:32:09 regiond: [info] 192.168.11.5 POST /MAAS/metadata/status/rfmxww HTTP/1.1 --> 204 NO_CONTENT (referrer: -; agent: python-requests/2.9.1)
Jun 19 02:32:09 mas01 sh[17249]: 2018-06-19 02:32:09 regiond: [info] 192.168.11.4 POST /MAAS/metadata/status/m64yqy HTTP/1.1 --> 204 NO_CONTENT (referrer: -; agent: python-requests/2.9.1)
Jun 19 02:32:09 mas01 sh[16746]: 2018-06-19 02:32:09 regiond: [info] 192.168.11.10 POST /MAAS/metadata/status/rnrw8g HTTP/1.1 --> 204 NO_CONTENT (referrer: -; agent: python-requests/2.9.1)
Jun 19 02:32:09 mas01 sh[16739]: 2018-06-19 02:32:09 regiond: [info] 192.168.11.5 POST /MAAS/metadata/status/rfmxww HTTP/1.1 --> 204 NO_CONTENT (referrer: -; agent: python-requests/2.9.1)
Jun 19 02:32:09 mas01 sh[16739]: 2018-06-19 02:32:09 regiond: [info] 192.168.11.4 POST /MAAS/metadata/status/m64yqy HTTP/1.1 --> 204 NO_CONTENT (referrer: -; agent: python-requests/2.9.1)
Jun 19 02:32:10 mas01 sh[16876]: 2018-06-19 02:32:10 regiond: [info] 192.168.11.10 GET /MAAS/metadata/latest/by-id/rnrw8g/?op=get_preseed HTTP/1.1 --> 200 OK (referrer: -; agent: Cloud-Init/18.2)
Jun 19 02:32:10 mas01 sh[17249]: 2018-06-19 02:32:10 regiond: [info] 192.168.11.5 POST /MAAS/metadata/status/rfmxww HTTP/1.1 --> 204 NO_CONTENT (referrer: -; agent: python-requests/2.9.1)
Jun 19 02:32:10 mas01 sh[16876]: 2018-06-19 02:32:10 regiond: [info] 192.168.11.5 POST /MAAS/metadata/status/rfmxww HTTP/1.1 --> 204 NO_CONTENT (referrer: -; agent: python-requests/2.9.1)
Jun 19 02:32:10 mas01 sh[17249]: 2018-06-19 02:32:10 regiond: [info] 192.168.11.5 POST /MAAS/metadata/status/rfmxww HTTP/1.1 --> 204 NO_CONTENT (referrer: -; agent: python-requests/2.9.1)
Jun 19 02:32:10 mas01 sh[16746]: 2018-06-19 02:32:10 regiond: [info] 192.168.11.10 POST /MAAS/metadata/status/rnrw8g HTTP/1.1 --> 204 NO_CONTENT (referrer: -; agent: python-requests/2.9.1)
Jun 19 02:32:10 mas01 sh[16746]: 2018-06-19 02:32:10 regiond: [info] 192.168.11.10 POST /MAAS/metadata/status/rnrw8g HTTP/1.1 --> 204 NO_CONTENT (referrer: -; agent: python-requests/2.9.1)
Jun 19 02:32:10 mas01 sh[16739]: 2018-06-19 02:32:10 regiond: [info] 192.168.11.10 POST /MAAS/metadata/status/rnrw8g HTTP/1.1 --> 204 NO_CONTENT (referrer: -; agent: python-requests/2.9.1)
Jun 19 02:32:10 mas01 sh[17249]: 2018-06-19 02:32:10 regiond: [info] 192.168.11.5 GET /MAAS/metadata/curtin/2012-03-01/meta-data/instance-id HTTP/1.1 --> 200 OK (referrer: -; agent: Cloud-Init/18.2)
Jun 19 02:32:10 mas01 sh[17249]: 2018-06-19 02:32:10 regiond: [info] 192.168.11.10 GET /MAAS/metadata/curtin/2012-03-01/meta-data/instance-id HTTP/1.1 --> 200 OK (referrer: -; agent: Cloud-Init/18.2)
Jun 19 02:32:10 mas01 sh[16739]: 2018-06-19 02:32:10 regiond: [info] 192.168.11.5 GET /MAAS/metadata/curtin/2012-03-01/meta-data/instance-id HTTP/1.1 --> 200 OK (referrer: -; agent: python-requests/2.9.1)
Jun 19 02:32:10 mas01 sh[16739]: 2018-06-19 02:32:10 regiond: [info] 192.168.11.10 GET /MAAS/metadata/curtin/2012-03-01/meta-data/instance-id HTTP/1.1 --> 200 OK (referrer: -; agent: python-requests/2.9.1)
Jun 19 02:32:10 mas01 sh[16739]: 2018-06-19 02:32:10 regiond: [info] 192.168.11.5 GET /MAAS/metadata/curtin/2012-03-01/meta-data/local-hostname HTTP/1.1 --> 200 OK (referrer: -; agent: python-requests/2.9.1)
Jun 19 02:32:10 mas01 sh[16746]: 2018-06-19 02:32:10 regiond: [info] 192.168.11.10 GET /MAAS/metadata/curtin/2012-03-01/meta-data/local-hostname HTTP/1.1 --> 200 OK (referrer: -; agent: python-requests/2.9.1)
Jun 19 02:32:10 mas01 sh[16746]: 2018-06-19 02:32:10 regiond: [info] 192.168.11.10 GET /MAAS/metadata/curtin/2012-03-01/meta-data/public-keys HTTP/1.1 --> 200 OK (referrer: -; agent: python-requests/2.9.1)
Jun 19 02:32:10 mas01 sh[17249]: 2018-06-19 02:32:10 regiond: [info] 192.168.11.5 GET /MAAS/metadata/curtin/2012-03-01/meta-data/vendor-data HTTP/1.1 --> 200 OK (referrer: -; agent: python-requests/2.9.1)
Jun 19 02:32:10 mas01 sh[17249]: 2018-06-19 02:32:10 regiond: [info] 192.168.11.10 GET /MAAS/metadata/curtin/2012-03-01/meta-data/vendor-data HTTP/1.1 --> 200 OK (referrer: -; agent: python-requests/2.9.1)
Jun 19 02:32:10 mas01 sh[16746]: 2018-06-19 02:32:10 regiond: [info] 192.168.11.8 POST /MAAS/metadata/status/wker7g HTTP/1.1 --> 204 NO_CONTENT (referrer: -; agent: python-requests/2.9.1)
Jun 19 02:32:10 mas01 sh[16876]: 2018-06-19 02:32:10 maasserver.preseed: [warn] WARNING: '/etc/maas/preseeds/curtin_userdata_amd64_generic_xenial' contains deprecated preseed variables. Please remove: main_archive_directory, ports_archive_directory, http_proxy
Jun 19 02:32:10 mas01 sh[16876]: 2018-06-19 02:32:10 regiond: [info] 192.168.11.8 POST /MAAS/metadata/status/wker7g HTTP/1.1 --> 204 NO_CONTENT (referrer: -; agent: python-requests/2.9.1)
Jun 19 02:32:11 mas01 sh[17249]: 2018-06-19 02:32:11 maasserver.preseed: [warn] WARNING: '/etc/maas/preseeds/curtin_userdata_amd64_generic_xenial' contains deprecated preseed variables. Please remove: main_archive_directory, ports_archive_directory, http_proxy
Jun 19 02:32:11 mas01 sh[16739]: 2018-06-19 02:32:11 regiond: [info] 192.168.11.8 POST /MAAS/metadata/status/wker7g HTTP/1.1 --> 204 NO_CONTENT (referrer: -; agent: python-requests/2.9.1)
Jun 19 02:32:11 mas01 sh[16876]: 2018-06-19 02:32:11 regiond: [info] 192.168.11.4 POST /MAAS/metadata/status/m64yqy HTTP/1.1 --> 204 NO_CONTENT (referrer: -; agent: python-requests/2.9.1)
Jun 19 02:32:11 mas01 sh[17249]: 2018-06-19 02:32:11 regiond: [info] 192.168.11.4 POST /MAAS/metadata/status/m64yqy HTTP/1.1 --> 204 NO_CONTENT (referrer: -; agent: python-requests/2.9.1)
Jun 19 02:32:11 mas01 sh[16876]: 2018-06-19 02:32:11 regiond: [info] 192.168.11.4 POST /MAAS/metadata/status/m64yqy HTTP/1.1 --> 204 NO_CONTENT (referrer: -; agent: python-requests/2.9.1)
Jun 19 02:32:11 mas01 sh[17249]: 2018-06-19 02:32:11 regiond: [info] 192.168.11.4 POST /MAAS/metadata/status/m64yqy HTTP/1.1 --> 204 NO_CONTENT (referrer: -; agent: python-requests/2.9.1)
Jun 19 02:32:11 mas01 sh[16746]: 2018-06-19 02:32:11 regiond: [info] 192.168.11.4 POST /MAAS/metadata/status/m64yqy HTTP/1.1 --> 204 NO_CONTENT (referrer: -; agent: python-requests/2.9.1)
Jun 19 02:32:11 mas01 sh[17249]: 2018-06-19 02:32:11 regiond: [info] 192.168.11.4 POST /MAAS/metadata/status/m64yqy HTTP/1.1 --> 204 NO_CONTENT (referrer: -; agent: python-requests/2.9.1)
Jun 19 02:32:11 mas01 sh[16876]: 2018-06-19 02:32:11 regiond: [info] 192.168.11.4 POST /MAAS/metadata/status/m64yqy HTTP/1.1 --> 204 NO_CONTENT (referrer: -; agent: python-requests/2.9.1)
Jun 19 02:32:11 mas01 sh[17249]: 2018-06-19 02:32:11 regiond: [info] 192.168.11.4 POST /MAAS/metadata/status/m64yqy HTTP/1.1 --> 204 NO_CONTENT (referrer: -; agent: python-requests/2.9.1)
Jun 19 02:32:11 mas01 sh[16876]: 2018-06-19 02:32:11 regiond: [info] 192.168.11.4 POST /MAAS/metadata/status/m64yqy HTTP/1.1 --> 204 NO_CONTENT (referrer: -; agent: python-requests/2.9.1)
Jun 19 02:32:11 mas01 sh[16876]: 2018-06-19 02:32:11 regiond: [info] 192.168.11.5 GET /MAAS/metadata/curtin/2012-03-01/user-data HTTP/1.1 --> 200 OK (referrer: -; agent: python-requests/2.9.1)
Jun 19 02:32:11 mas01 sh[16876]: 2018-06-19 02:32:11 regiond: [info] 192.168.11.5 POST /MAAS/metadata/status/rfmxww HTTP/1.1 --> 204 NO_CONTENT (referrer: -; agent: python-requests/2.9.1)
Jun 19 02:32:11 mas01 sh[17249]: 2018-06-19 02:32:11 regiond: [info] 192.168.11.10 GET /MAAS/metadata/curtin/2012-03-01/user-data HTTP/1.1 --> 200 OK (referrer: -; agent: python-requests/2.9.1)
Jun 19 02:32:11 mas01 sh[16739]: 2018-06-19 02:32:11 regiond: [info] 192.168.11.10 POST /MAAS/metadata/status/rnrw8g HTTP/1.1 --> 204 NO_CONTENT (referrer: -; agent: python-requests/2.9.1)
Jun 19 02:32:11 mas01 sh[17249]: 2018-06-19 02:32:11 regiond: [info] 192.168.11.5 POST /MAAS/metadata/status/rfmxww HTTP/1.1 --> 204 NO_CONTENT (referrer: -; agent: python-requests/2.9.1)
Jun 19 02:32:11 mas01 sh[17249]: 2018-06-19 02:32:11 regiond: [info] 192.168.11.5 POST /MAAS/metadata/status/rfmxww HTTP/1.1 --> 204 NO_CONTENT (referrer: -; agent: python-requests/2.9.1)
Jun 19 02:32:11 mas01 sh[16876]: 2018-06-19 02:32:11 regiond: [info] 192.168.11.5 POST /MAAS/metadata/status/rfmxww HTTP/1.1 --> 204 NO_CONTENT (referrer: -; agent: python-requests/2.9.1)
Jun 19 02:32:11 mas01 sh[17249]: 2018-06-19 02:32:11 regiond: [info] 192.168.11.5 POST /MAAS/metadata/status/rfmxww HTTP/1.1 --> 204 NO_CONTENT (referrer: -; agent: python-requests/2.9.1)
Jun 19 02:32:11 mas01 sh[16746]: 2018-06-19 02:32:11 regiond: [info] 192.168.11.8 GET /MAAS/metadata/latest/by-id/wker7g/?op=get_preseed HTTP/1.1 --> 200 OK (referrer: -; agent: Cloud-Init/18.2)
Jun 19 02:32:11 mas01 sh[16746]: 2018-06-19 02:32:11 regiond: [info] 192.168.11.10 POST /MAAS/metadata/status/rnrw8g HTTP/1.1 --> 204 NO_CONTENT (referrer: -; agent: python-requests/2.9.1)
Jun 19 02:32:11 mas01 sh[16876]: 2018-06-19 02:32:11 regiond: [info] 192.168.11.10 POST /MAAS/metadata/status/rnrw8g HTTP/1.1 --> 204 NO_CONTENT (referrer: -; agent: python-requests/2.9.1)
Jun 19 02:32:11 mas01 sh[16876]: message repeated 2 times: [ 2018-06-19 02:32:11 regiond: [info] 192.168.11.10 POST /MAAS/metadata/status/rnrw8g HTTP/1.1 --> 204 NO_CONTENT (referrer: -; agent: python-requests/2.9.1)]
Jun 19 02:32:11 mas01 sh[17249]: 2018-06-19 02:32:11 regiond: [info] 192.168.11.8 POST /MAAS/metadata/status/wker7g HTTP/1.1 --> 204 NO_CONTENT (referrer: -; agent: python-requests/2.9.1)
Jun 19 02:32:11 mas01 sh[16876]: 2018-06-19 02:32:11 regiond: [info] 192.168.11.8 POST /MAAS/metadata/status/wker7g HTTP/1.1 --> 204 NO_CONTENT (referrer: -; agent: python-requests/2.9.1)
Jun 19 02:32:11 mas01 sh[16739]: 2018-06-19 02:32:11 regiond: [info] 192.168.11.8 POST /MAAS/metadata/status/wker7g HTTP/1.1 --> 204 NO_CONTENT (referrer: -; agent: python-requests/2.9.1)
Jun 19 02:32:11 mas01 sh[16746]: 2018-06-19 02:32:11 regiond: [info] 192.168.11.8 GET /MAAS/metadata/curtin/2012-03-01/meta-data/instance-id HTTP/1.1 --> 200 OK (referrer: -; agent: Cloud-Init/18.2)
Jun 19 02:32:11 mas01 sh[16746]: 2018-06-19 02:32:11 regiond: [info] 192.168.11.5 POST /MAAS/metadata/status/rfmxww HTTP/1.1 --> 204 NO_CONTENT (referrer: -; agent: python-requests/2.9.1)
Jun 19 02:32:11 mas01 sh[16746]: 2018-06-19 02:32:11 regiond: [info] 192.168.11.5 POST /MAAS/metadata/status/rfmxww HTTP/1.1 --> 204 NO_CONTENT (referrer: -; agent: python-requests/2.9.1)
Jun 19 02:32:11 mas01 sh[17249]: 2018-06-19 02:32:11 regiond: [info] 192.168.11.5 POST /MAAS/metadata/status/rfmxww HTTP/1.1 --> 204 NO_CONTENT (referrer: -; agent: python-requests/2.9.1)
Jun 19 02:32:11 mas01 sh[17249]: message repeated 3 times: [ 2018-06-19 02:32:11 regiond: [info] 192.168.11.5 POST /MAAS/metadata/status/rfmxww HTTP/1.1 --> 204 NO_CONTENT (referrer: -; agent: python-requests/2.9.1)]
Jun 19 02:32:11 mas01 sh[16739]: 2018-06-19 02:32:11 regiond: [info] 192.168.11.5 POST /MAAS/metadata/status/rfmxww HTTP/1.1 --> 204 NO_CONTENT (referrer: -; agent: python-requests/2.9.1)
Jun 19 02:32:11 mas01 sh[16876]: 2018-06-19 02:32:11 regiond: [info] 192.168.11.5 POST /MAAS/metadata/status/rfmxww HTTP/1.1 --> 204 NO_CONTENT (referrer: -; agent: python-requests/2.9.1)
Jun 19 02:32:11 mas01 sh[17249]: 2018-06-19 02:32:11 regiond: [info] 192.168.11.5 POST /MAAS/metadata/status/rfmxww HTTP/1.1 --> 204 NO_CONTENT (referrer: -; agent: python-requests/2.9.1)
Jun 19 02:32:11 mas01 sh[16746]: 2018-06-19 02:32:11 regiond: [info] 192.168.11.5 POST /MAAS/metadata/status/rfmxww HTTP/1.1 --> 204 NO_CONTENT (referrer: -; agent: python-requests/2.9.1)
Jun 19 02:32:11 mas01 sh[16739]: 2018-06-19 02:32:11 regiond: [info] 192.168.11.8 GET /MAAS/metadata/curtin/2012-03-01/meta-data/instance-id HTTP/1.1 --> 200 OK (referrer: -; agent: python-requests/2.9.1)
Jun 19 02:32:11 mas01 sh[16746]: 2018-06-19 02:32:11 regiond: [info] 192.168.11.5 POST /MAAS/metadata/status/rfmxww HTTP/1.1 --> 204 NO_CONTENT (referrer: -; agent: python-requests/2.9.1)
Jun 19 02:32:11 mas01 sh[16739]: 2018-06-19 02:32:11 regiond: [info] 192.168.11.10 POST /MAAS/metadata/status/rnrw8g HTTP/1.1 --> 204 NO_CONTENT (referrer: -; agent: python-requests/2.9.1)
Jun 19 02:32:11 mas01 sh[16739]: 2018-06-19 02:32:11 regiond: [info] 192.168.11.10 POST /MAAS/metadata/status/rnrw8g HTTP/1.1 --> 204 NO_CONTENT (referrer: -; agent: python-requests/2.9.1)
Jun 19 02:32:11 mas01 sh[17249]: 2018-06-19 02:32:11 regiond: [info] 192.168.11.5 POST /MAAS/metadata/status/rfmxww HTTP/1.1 --> 204 NO_CONTENT (referrer: -; agent: python-requests/2.9.1)
Jun 19 02:32:11 mas01 sh[16746]: 2018-06-19 02:32:11 regiond: [info] 192.168.11.10 POST /MAAS/metadata/status/rnrw8g HTTP/1.1 --> 204 NO_CONTENT (referrer: -; agent: python-requests/2.9.1)
Jun 19 02:32:11 mas01 sh[17249]: 2018-06-19 02:32:11 regiond: [info] 192.168.11.5 POST /MAAS/metadata/status/rfmxww HTTP/1.1 --> 204 NO_CONTENT (referrer: -; agent: python-requests/2.9.1)
Jun 19 02:32:11 mas01 sh[16739]: 2018-06-19 02:32:11 regiond: [info] 192.168.11.10 POST /MAAS/metadata/status/rnrw8g HTTP/1.1 --> 204 NO_CONTENT (referrer: -; agent: python-requests/2.9.1)
Jun 19 02:32:11 mas01 sh[16739]: 2018-06-19 02:32:11 regiond: [info] 192.168.11.5 POST /MAAS/metadata/status/rfmxww HTTP/1.1 --> 204 NO_CONTENT (referrer: -; agent: python-requests/2.9.1)
Jun 19 02:32:11 mas01 sh[16876]: 2018-06-19 02:32:11 regiond: [info] 192.168.11.10 POST /MAAS/metadata/status/rnrw8g HTTP/1.1 --> 204 NO_CONTENT (referrer: -; agent: python-requests/2.9.1)
Jun 19 02:32:11 mas01 sh[16739]: 2018-06-19 02:32:11 regiond: [info] 192.168.11.10 POST /MAAS/metadata/status/rnrw8g HTTP/1.1 --> 204 NO_CONTENT (referrer: -; agent: python-requests/2.9.1)
Jun 19 02:32:11 mas01 sh[16746]: 2018-06-19 02:32:11 regiond: [info] 192.168.11.10 POST /MAAS/metadata/status/rnrw8g HTTP/1.1 --> 204 NO_CONTENT (referrer: -; agent: python-requests/2.9.1)
Jun 19 02:32:11 mas01 sh[16739]: 2018-06-19 02:32:11 regiond: [info] 192.168.11.5 POST /MAAS/metadata/status/rfmxww HTTP/1.1 --> 204 NO_CONTENT (referrer: -; agent: python-requests/2.9.1)
Jun 19 02:32:11 mas01 sh[16876]: 2018-06-19 02:32:11 regiond: [info] 192.168.11.10 POST /MAAS/metadata/status/rnrw8g HTTP/1.1 --> 204 NO_CONTENT (referrer: -; agent: python-requests/2.9.1)
Jun 19 02:32:11 mas01 sh[16876]: 2018-06-19 02:32:11 regiond: [info] 192.168.11.10 POST /MAAS/metadata/status/rnrw8g HTTP/1.1 --> 204 NO_CONTENT (referrer: -; agent: python-requests/2.9.1)
Jun 19 02:32:11 mas01 sh[16876]: 2018-06-19 02:32:11 regiond: [info] 192.168.11.5 POST /MAAS/metadata/status/rfmxww HTTP/1.1 --> 204 NO_CONTENT (referrer: -; agent: python-requests/2.9.1)
Jun 19 02:32:11 mas01 sh[16876]: 2018-06-19 02:32:11 regiond: [info] 192.168.11.5 POST /MAAS/metadata/status/rfmxww HTTP/1.1 --> 204 NO_CONTENT (referrer: -; agent: python-requests/2.9.1)
Jun 19 02:32:11 mas01 sh[16746]: 2018-06-19 02:32:11 regiond: [info] 192.168.11.5 POST /MAAS/metadata/status/rfmxww HTTP/1.1 --> 204 NO_CONTENT (referrer: -; agent: python-requests/2.9.1)
Jun 19 02:32:11 mas01 sh[16876]: 2018-06-19 02:32:11 regiond: [info] 192.168.11.5 POST /MAAS/metadata/status/rfmxww HTTP/1.1 --> 204 NO_CONTENT (referrer: -; agent: python-requests/2.9.1)
Jun 19 02:32:11 mas01 sh[16746]: 2018-06-19 02:32:11 regiond: [info] 192.168.11.10 POST /MAAS/metadata/status/rnrw8g HTTP/1.1 --> 204 NO_CONTENT (referrer: -; agent: python-requests/2.9.1)
Jun 19 02:32:11 mas01 sh[16746]: 2018-06-19 02:32:11 regiond: [info] 192.168.11.5 POST /MAAS/metadata/status/rfmxww HTTP/1.1 --> 204 NO_CONTENT (referrer: -; agent: python-requests/2.9.1)
Jun 19 02:32:11 mas01 sh[16739]: 2018-06-19 02:32:11 regiond: [info] 192.168.11.8 GET /MAAS/metadata/curtin/2012-03-01/meta-data/local-hostname HTTP/1.1 --> 200 OK (referrer: -; agent: python-requests/2.9.1)
Jun 19 02:32:11 mas01 sh[16739]: 2018-06-19 02:32:11 regiond: [info] 192.168.11.10 POST /MAAS/metadata/status/rnrw8g HTTP/1.1 --> 204 NO_CONTENT (referrer: -; agent: python-requests/2.9.1)
Jun 19 02:32:11 mas01 sh[16739]: 2018-06-19 02:32:11 regiond: [info] 192.168.11.5 POST /MAAS/metadata/status/rfmxww HTTP/1.1 --> 204 NO_CONTENT (referrer: -; agent: python-requests/2.9.1)
Jun 19 02:32:11 mas01 sh[16876]: 2018-06-19 02:32:11 regiond: [info] 192.168.11.10 POST /MAAS/metadata/status/rnrw8g HTTP/1.1 --> 204 NO_CONTENT (referrer: -; agent: python-requests/2.9.1)
Jun 19 02:32:11 mas01 sh[16739]: 2018-06-19 02:32:11 regiond: [info] 192.168.11.10 POST /MAAS/metadata/status/rnrw8g HTTP/1.1 --> 204 NO_CONTENT (referrer: -; agent: python-requests/2.9.1)
Jun 19 02:32:11 mas01 sh[16876]: 2018-06-19 02:32:11 regiond: [info] 192.168.11.5 POST /MAAS/metadata/status/rfmxww HTTP/1.1 --> 204 NO_CONTENT (referrer: -; agent: python-requests/2.9.1)
Jun 19 02:32:11 mas01 sh[16746]: 2018-06-19 02:32:11 regiond: [info] 192.168.11.5 POST /MAAS/metadata/status/rfmxww HTTP/1.1 --> 204 NO_CONTENT (referrer: -; agent: python-requests/2.9.1)
Jun 19 02:32:11 mas01 sh[17249]: 2018-06-19 02:32:11 regiond: [info] 192.168.11.10 POST /MAAS/metadata/status/rnrw8g HTTP/1.1 --> 204 NO_CONTENT (referrer: -; agent: python-requests/2.9.1)
