Jun 13 09:00:13 mas01 named[19505]: automatic empty zone: 94.100.IN-ADDR.ARPA
Jun 13 09:00:13 mas01 named[19505]: automatic empty zone: 95.100.IN-ADDR.ARPA
Jun 13 09:00:13 mas01 named[19505]: automatic empty zone: 96.100.IN-ADDR.ARPA
Jun 13 09:00:13 mas01 named[19505]: automatic empty zone: 97.100.IN-ADDR.ARPA
Jun 13 09:00:13 mas01 named[19505]: automatic empty zone: 98.100.IN-ADDR.ARPA
Jun 13 09:00:13 mas01 named[19505]: automatic empty zone: 99.100.IN-ADDR.ARPA
Jun 13 09:00:13 mas01 named[19505]: automatic empty zone: 100.100.IN-ADDR.ARPA
Jun 13 09:00:13 mas01 named[19505]: automatic empty zone: 101.100.IN-ADDR.ARPA
Jun 13 09:00:13 mas01 named[19505]: automatic empty zone: 102.100.IN-ADDR.ARPA
Jun 13 09:00:13 mas01 named[19505]: automatic empty zone: 103.100.IN-ADDR.ARPA
Jun 13 09:00:13 mas01 named[19505]: automatic empty zone: 104.100.IN-ADDR.ARPA
Jun 13 09:00:13 mas01 named[19505]: automatic empty zone: 105.100.IN-ADDR.ARPA
Jun 13 09:00:13 mas01 named[19505]: automatic empty zone: 106.100.IN-ADDR.ARPA
Jun 13 09:00:13 mas01 named[19505]: automatic empty zone: 107.100.IN-ADDR.ARPA
Jun 13 09:00:13 mas01 named[19505]: automatic empty zone: 108.100.IN-ADDR.ARPA
Jun 13 09:00:13 mas01 named[19505]: automatic empty zone: 109.100.IN-ADDR.ARPA
Jun 13 09:00:13 mas01 named[19505]: automatic empty zone: 110.100.IN-ADDR.ARPA
Jun 13 09:00:13 mas01 named[19505]: automatic empty zone: 111.100.IN-ADDR.ARPA
Jun 13 09:00:13 mas01 named[19505]: automatic empty zone: 112.100.IN-ADDR.ARPA
Jun 13 09:00:13 mas01 named[19505]: automatic empty zone: 113.100.IN-ADDR.ARPA
Jun 13 09:00:13 mas01 named[19505]: automatic empty zone: 114.100.IN-ADDR.ARPA
Jun 13 09:00:13 mas01 named[19505]: automatic empty zone: 115.100.IN-ADDR.ARPA
Jun 13 09:00:13 mas01 named[19505]: automatic empty zone: 116.100.IN-ADDR.ARPA
Jun 13 09:00:13 mas01 named[19505]: automatic empty zone: 117.100.IN-ADDR.ARPA
Jun 13 09:00:13 mas01 named[19505]: automatic empty zone: 118.100.IN-ADDR.ARPA
Jun 13 09:00:13 mas01 named[19505]: automatic empty zone: 119.100.IN-ADDR.ARPA
Jun 13 09:00:13 mas01 named[19505]: automatic empty zone: 120.100.IN-ADDR.ARPA
Jun 13 09:00:13 mas01 named[19505]: automatic empty zone: 121.100.IN-ADDR.ARPA
Jun 13 09:00:13 mas01 named[19505]: automatic empty zone: 122.100.IN-ADDR.ARPA
Jun 13 09:00:13 mas01 named[19505]: automatic empty zone: 123.100.IN-ADDR.ARPA
Jun 13 09:00:13 mas01 named[19505]: automatic empty zone: 124.100.IN-ADDR.ARPA
Jun 13 09:00:13 mas01 named[19505]: automatic empty zone: 125.100.IN-ADDR.ARPA
Jun 13 09:00:13 mas01 named[19505]: automatic empty zone: 126.100.IN-ADDR.ARPA
Jun 13 09:00:13 mas01 named[19505]: automatic empty zone: 127.100.IN-ADDR.ARPA
Jun 13 09:00:13 mas01 named[19505]: automatic empty zone: 254.169.IN-ADDR.ARPA
Jun 13 09:00:13 mas01 named[19505]: automatic empty zone: 2.0.192.IN-ADDR.ARPA
Jun 13 09:00:13 mas01 named[19505]: automatic empty zone: 100.51.198.IN-ADDR.ARPA
Jun 13 09:00:13 mas01 named[19505]: automatic empty zone: 113.0.203.IN-ADDR.ARPA
Jun 13 09:00:13 mas01 named[19505]: automatic empty zone: 255.255.255.255.IN-ADDR.ARPA
Jun 13 09:00:13 mas01 named[19505]: automatic empty zone: 0.0.0.0.0.0.0.0.0.0.0.0.0.0.0.0.0.0.0.0.0.0.0.0.0.0.0.0.0.0.0.0.IP6.ARPA
Jun 13 09:00:13 mas01 named[19505]: automatic empty zone: 1.0.0.0.0.0.0.0.0.0.0.0.0.0.0.0.0.0.0.0.0.0.0.0.0.0.0.0.0.0.0.0.IP6.ARPA
Jun 13 09:00:13 mas01 named[19505]: automatic empty zone: D.F.IP6.ARPA
Jun 13 09:00:13 mas01 named[19505]: automatic empty zone: 8.E.F.IP6.ARPA
Jun 13 09:00:13 mas01 named[19505]: automatic empty zone: 9.E.F.IP6.ARPA
Jun 13 09:00:13 mas01 named[19505]: automatic empty zone: A.E.F.IP6.ARPA
Jun 13 09:00:13 mas01 named[19505]: automatic empty zone: B.E.F.IP6.ARPA
Jun 13 09:00:13 mas01 named[19505]: automatic empty zone: 8.B.D.0.1.0.0.2.IP6.ARPA
Jun 13 09:00:13 mas01 named[19505]: automatic empty zone: EMPTY.AS112.ARPA
Jun 13 09:00:13 mas01 named[19505]: configuring command channel from '/etc/bind/rndc.key'
Jun 13 09:00:13 mas01 named[19505]: reloading configuration succeeded
Jun 13 09:00:13 mas01 named[19505]: reloading zones succeeded
Jun 13 09:00:13 mas01 named[19505]: zone 4.167.10.in-addr.arpa/IN: loaded serial 26
Jun 13 09:00:13 mas01 named[19505]: zone 0.20.10.in-addr.arpa/IN: loaded serial 26
Jun 13 09:00:13 mas01 named[19505]: zone mcp-odl-ha.local/IN: loaded serial 26
Jun 13 09:00:13 mas01 named[19505]: zone 11.168.192.in-addr.arpa/IN: loaded serial 26
Jun 13 09:00:13 mas01 named[19505]: all zones loaded
Jun 13 09:00:13 mas01 named[19505]: running
Jun 13 09:00:14 mas01 sh[19703]: 2018-06-13 09:00:14 regiond: [info] 192.168.11.7 POST /MAAS/metadata/status/h4wqhm HTTP/1.1 --> 204 NO_CONTENT (referrer: -; agent: python-requests/2.9.1)
Jun 13 09:00:14 mas01 sh[19582]: 2018-06-13 09:00:14 regiond: [info] 192.168.11.7 POST /MAAS/metadata/status/h4wqhm HTTP/1.1 --> 204 NO_CONTENT (referrer: -; agent: python-requests/2.9.1)
Jun 13 09:00:14 mas01 sh[19578]: 2018-06-13 09:00:14 regiond: [info] 192.168.11.7 POST /MAAS/metadata/status/h4wqhm HTTP/1.1 --> 204 NO_CONTENT (referrer: -; agent: python-requests/2.9.1)
Jun 13 09:00:14 mas01 sh[19582]: 2018-06-13 09:00:14 regiond: [info] 192.168.11.7 POST /MAAS/metadata/status/h4wqhm HTTP/1.1 --> 204 NO_CONTENT (referrer: -; agent: python-requests/2.9.1)
Jun 13 09:00:14 mas01 sh[19582]: 2018-06-13 09:00:14 regiond: [info] 192.168.11.7 POST /MAAS/metadata/status/h4wqhm HTTP/1.1 --> 204 NO_CONTENT (referrer: -; agent: python-requests/2.9.1)
Jun 13 09:00:14 mas01 sh[20480]: 2018-06-13 09:00:14 regiond: [info] 192.168.11.7 POST /MAAS/metadata/status/h4wqhm HTTP/1.1 --> 204 NO_CONTENT (referrer: -; agent: python-requests/2.9.1)
Jun 13 09:00:14 mas01 sh[19703]: 2018-06-13 09:00:14 regiond: [info] 192.168.11.7 POST /MAAS/metadata/status/h4wqhm HTTP/1.1 --> 204 NO_CONTENT (referrer: -; agent: python-requests/2.9.1)
Jun 13 09:00:14 mas01 sh[20480]: 2018-06-13 09:00:14 regiond: [info] 192.168.11.7 POST /MAAS/metadata/status/h4wqhm HTTP/1.1 --> 204 NO_CONTENT (referrer: -; agent: python-requests/2.9.1)
Jun 13 09:00:14 mas01 sh[19703]: 2018-06-13 09:00:14 regiond: [info] 192.168.11.7 POST /MAAS/metadata/status/h4wqhm HTTP/1.1 --> 204 NO_CONTENT (referrer: -; agent: python-requests/2.9.1)
Jun 13 09:00:14 mas01 sh[20480]: 2018-06-13 09:00:14 regiond: [info] 192.168.11.7 POST /MAAS/metadata/status/h4wqhm HTTP/1.1 --> 204 NO_CONTENT (referrer: -; agent: python-requests/2.9.1)
Jun 13 09:00:14 mas01 sh[19578]: 2018-06-13 09:00:14 regiond: [info] 192.168.11.7 POST /MAAS/metadata/status/h4wqhm HTTP/1.1 --> 204 NO_CONTENT (referrer: -; agent: python-requests/2.9.1)
Jun 13 09:00:14 mas01 sh[20480]: 2018-06-13 09:00:14 regiond: [info] 192.168.11.7 POST /MAAS/metadata/status/h4wqhm HTTP/1.1 --> 204 NO_CONTENT (referrer: -; agent: python-requests/2.9.1)
Jun 13 09:00:16 mas01 sh[20480]: 2018-06-13 09:00:16 maasserver.region_controller: [info] Reloaded DNS configuration; ip 192.168.11.4 connected to kvm03 on eth0
Jun 13 09:00:20 mas01 sh[20480]: 2018-06-13 09:00:20 maasserver.regiondservices.active_discovery: [info] Active network discovery: Active scanning is not enabled on any subnet. Skipping periodic scan.
Jun 13 09:00:24 mas01 salt-minion[5788]: [INFO    ] User sudo_ubuntu Executing command state.apply with jid 20180613090024335158
Jun 13 09:00:24 mas01 salt-minion[5788]: [INFO    ] Starting a new job with PID 22351
Jun 13 09:00:24 mas01 salt-minion[5788]: [INFO    ] Loading fresh modules for state activity
Jun 13 09:00:24 mas01 salt-minion[5788]: [INFO    ] Running state [maas-region apikey --username opnfv > /var/lib/maas/.maas_credentials] at time 09:00:24.869395
Jun 13 09:00:24 mas01 salt-minion[5788]: [INFO    ] Executing state cmd.run for [maas-region apikey --username opnfv > /var/lib/maas/.maas_credentials]
Jun 13 09:00:24 mas01 salt-minion[5788]: [INFO    ] Executing command 'maas-region apikey --username opnfv > /var/lib/maas/.maas_credentials' in directory '/root'
Jun 13 09:00:26 mas01 salt-minion[5788]: [INFO    ] {'pid': 22359, 'retcode': 0, 'stderr': '', 'stdout': ''}
Jun 13 09:00:26 mas01 salt-minion[5788]: [INFO    ] Completed state [maas-region apikey --username opnfv > /var/lib/maas/.maas_credentials] at time 09:00:26.420368 duration_in_ms=1550.968
Jun 13 09:00:26 mas01 salt-minion[5788]: [INFO    ] Running state [maas.machines_status] at time 09:00:26.423426
Jun 13 09:00:26 mas01 salt-minion[5788]: [INFO    ] Executing state module.run for [maas.machines_status]
Jun 13 09:00:26 mas01 salt-minion[5788]: [WARNING ] The function "module.run" is using its deprecated version and will expire in version "Sodium".
Jun 13 09:00:26 mas01 sh[19582]: 2018-06-13 09:00:26 regiond: [info] 127.0.0.1 GET /MAAS/api/2.0/machines/ HTTP/1.1 --> 200 OK (referrer: -; agent: Python-urllib/2.7)
Jun 13 09:00:26 mas01 salt-minion[5788]: [INFO    ] {'ret': {'machines': [{'status': 'Commissioning', 'hostname': u'cmp002', 'system_id': u'rftbrk'}, {'status': 'Commissioning', 'hostname': u'cmp001', 'system_id': u'eekyc4'}, {'status': 'Commissioning', 'hostname': u'kvm01', 'system_id': u'xe6ns6'}, {'status': 'Commissioning', 'hostname': u'kvm03', 'system_id': u'tga7xn'}, {'status': 'Commissioning', 'hostname': u'kvm02', 'system_id': u'h4wqhm'}], 'summary': Counter({'Commissioning': 5})}}
Jun 13 09:00:26 mas01 salt-minion[5788]: [INFO    ] Completed state [maas.machines_status] at time 09:00:26.798395 duration_in_ms=374.969
Jun 13 09:00:26 mas01 salt-minion[5788]: [INFO    ] Returning information for job: 20180613090024335158
Jun 13 09:00:30 mas01 dhcpd[21658]: DHCPDISCOVER from 00:25:b5:a0:00:5a via ens5
Jun 13 09:00:30 mas01 dhcpd[21658]: DHCPOFFER on 192.168.11.8 to 00:25:b5:a0:00:5a (cmp001) via ens5
Jun 13 09:00:30 mas01 dhcpd[21658]: execute_statement argv[0] = /usr/sbin/maas-dhcp-helper
Jun 13 09:00:30 mas01 dhcpd[21658]: execute_statement argv[1] = notify
Jun 13 09:00:30 mas01 dhcpd[21658]: execute_statement argv[2] = --action
Jun 13 09:00:30 mas01 dhcpd[21658]: execute_statement argv[3] = commit
Jun 13 09:00:30 mas01 dhcpd[21658]: execute_statement argv[4] = --mac
Jun 13 09:00:30 mas01 dhcpd[21658]: execute_statement argv[5] = 0:25:b5:a0:0:5a
Jun 13 09:00:30 mas01 dhcpd[21658]: execute_statement argv[6] = --ip-family
Jun 13 09:00:30 mas01 dhcpd[21658]: execute_statement argv[7] = ipv4
Jun 13 09:00:30 mas01 dhcpd[21658]: execute_statement argv[8] = --ip
Jun 13 09:00:30 mas01 dhcpd[21658]: execute_statement argv[9] = 192.168.11.8
Jun 13 09:00:30 mas01 dhcpd[21658]: execute_statement argv[10] = --lease-time
Jun 13 09:00:30 mas01 dhcpd[21658]: execute_statement argv[11] = 600
Jun 13 09:00:30 mas01 dhcpd[21658]: execute_statement argv[12] = --hostname
Jun 13 09:00:30 mas01 dhcpd[21658]: execute_statement argv[13] = cmp001
Jun 13 09:00:30 mas01 dhcpd[21658]: execute_statement argv[14] = --socket
Jun 13 09:00:30 mas01 dhcpd[21658]: execute_statement argv[15] = /var/lib/maas/dhcpd.sock
Jun 13 09:00:30 mas01 dhcpd[21658]: DHCPREQUEST for 192.168.11.8 (192.168.11.3) from 00:25:b5:a0:00:5a (cmp001) via ens5
Jun 13 09:00:30 mas01 dhcpd[21658]: DHCPACK on 192.168.11.8 to 00:25:b5:a0:00:5a (cmp001) via ens5
Jun 13 09:00:30 mas01 dhcpd[21658]: DHCPDISCOVER from 00:25:b5:a0:00:4a via ens5
Jun 13 09:00:30 mas01 dhcpd[21658]: DHCPOFFER on 192.168.11.4 to 00:25:b5:a0:00:4a (kvm03) via ens5
Jun 13 09:00:30 mas01 dhcpd[21658]: DHCPDISCOVER from 00:25:b5:a0:00:2a via ens5
Jun 13 09:00:30 mas01 dhcpd[21658]: DHCPOFFER on 192.168.11.5 to 00:25:b5:a0:00:2a (kvm01) via ens5
Jun 13 09:00:30 mas01 dhcpd[21658]: execute_statement argv[0] = /usr/sbin/maas-dhcp-helper
Jun 13 09:00:30 mas01 dhcpd[21658]: execute_statement argv[1] = notify
Jun 13 09:00:30 mas01 dhcpd[21658]: execute_statement argv[2] = --action
Jun 13 09:00:30 mas01 dhcpd[21658]: execute_statement argv[3] = commit
Jun 13 09:00:30 mas01 dhcpd[21658]: execute_statement argv[4] = --mac
Jun 13 09:00:30 mas01 dhcpd[21658]: execute_statement argv[5] = 0:25:b5:a0:0:4a
Jun 13 09:00:30 mas01 dhcpd[21658]: execute_statement argv[6] = --ip-family
Jun 13 09:00:30 mas01 dhcpd[21658]: execute_statement argv[7] = ipv4
Jun 13 09:00:30 mas01 dhcpd[21658]: execute_statement argv[8] = --ip
Jun 13 09:00:30 mas01 dhcpd[21658]: execute_statement argv[9] = 192.168.11.4
Jun 13 09:00:30 mas01 dhcpd[21658]: execute_statement argv[10] = --lease-time
Jun 13 09:00:30 mas01 dhcpd[21658]: execute_statement argv[11] = 600
Jun 13 09:00:30 mas01 dhcpd[21658]: execute_statement argv[12] = --hostname
Jun 13 09:00:30 mas01 dhcpd[21658]: execute_statement argv[13] = kvm03
Jun 13 09:00:30 mas01 dhcpd[21658]: execute_statement argv[14] = --socket
Jun 13 09:00:30 mas01 dhcpd[21658]: execute_statement argv[15] = /var/lib/maas/dhcpd.sock
Jun 13 09:00:30 mas01 sh[19703]: 2018-06-13 09:00:30 maasserver.rpc.leases: [info] Lease update: commit for 192.168.11.8 on 0:25:b5:a0:0:5a at 2018-06-13 09:00:30 (lease time: 600s) (hostname: cmp001)
Jun 13 09:00:30 mas01 dhcpd[21658]: DHCPREQUEST for 192.168.11.4 (192.168.11.3) from 00:25:b5:a0:00:4a (kvm03) via ens5
Jun 13 09:00:30 mas01 dhcpd[21658]: DHCPACK on 192.168.11.4 to 00:25:b5:a0:00:4a (kvm03) via ens5
Jun 13 09:00:30 mas01 dhcpd[21658]: execute_statement argv[0] = /usr/sbin/maas-dhcp-helper
Jun 13 09:00:30 mas01 dhcpd[21658]: execute_statement argv[1] = notify
Jun 13 09:00:30 mas01 dhcpd[21658]: execute_statement argv[2] = --action
Jun 13 09:00:30 mas01 dhcpd[21658]: execute_statement argv[3] = commit
Jun 13 09:00:30 mas01 dhcpd[21658]: execute_statement argv[4] = --mac
Jun 13 09:00:30 mas01 dhcpd[21658]: execute_statement argv[5] = 0:25:b5:a0:0:2a
Jun 13 09:00:30 mas01 dhcpd[21658]: execute_statement argv[6] = --ip-family
Jun 13 09:00:30 mas01 dhcpd[21658]: execute_statement argv[7] = ipv4
Jun 13 09:00:30 mas01 dhcpd[21658]: execute_statement argv[8] = --ip
Jun 13 09:00:30 mas01 dhcpd[21658]: execute_statement argv[9] = 192.168.11.5
Jun 13 09:00:30 mas01 dhcpd[21658]: execute_statement argv[10] = --lease-time
Jun 13 09:00:30 mas01 dhcpd[21658]: execute_statement argv[11] = 600
Jun 13 09:00:30 mas01 dhcpd[21658]: execute_statement argv[12] = --hostname
Jun 13 09:00:30 mas01 dhcpd[21658]: execute_statement argv[13] = kvm01
Jun 13 09:00:30 mas01 dhcpd[21658]: execute_statement argv[14] = --socket
Jun 13 09:00:30 mas01 dhcpd[21658]: execute_statement argv[15] = /var/lib/maas/dhcpd.sock
Jun 13 09:00:30 mas01 dhcpd[21658]: DHCPREQUEST for 192.168.11.5 (192.168.11.3) from 00:25:b5:a0:00:2a (kvm01) via ens5
Jun 13 09:00:30 mas01 dhcpd[21658]: DHCPACK on 192.168.11.5 to 00:25:b5:a0:00:2a (kvm01) via ens5
Jun 13 09:00:30 mas01 sh[19578]: 2018-06-13 09:00:30 maasserver.rpc.leases: [info] Lease update: commit for 192.168.11.4 on 0:25:b5:a0:0:4a at 2018-06-13 09:00:30 (lease time: 600s) (hostname: kvm03)
Jun 13 09:00:31 mas01 sh[20480]: 2018-06-13 09:00:31 maasserver.rpc.leases: [info] Lease update: commit for 192.168.11.5 on 0:25:b5:a0:0:2a at 2018-06-13 09:00:30 (lease time: 600s) (hostname: kvm01)
Jun 13 09:00:31 mas01 sh[19043]: 2018-06-13 09:00:31 rackd: [info] 192.168.11.8 GET /images/ubuntu/amd64/ga-16.04/xenial/daily/squashfs HTTP/1.1 --> 200 OK (referrer: -; agent: Wget)
Jun 13 09:00:31 mas01 sh[19043]: 2018-06-13 09:00:31 rackd: [info] 192.168.11.4 GET /images/ubuntu/amd64/ga-16.04/xenial/daily/squashfs HTTP/1.1 --> 200 OK (referrer: -; agent: Wget)
Jun 13 09:00:31 mas01 sh[19043]: 2018-06-13 09:00:31 rackd: [info] 192.168.11.5 GET /images/ubuntu/amd64/ga-16.04/xenial/daily/squashfs HTTP/1.1 --> 200 OK (referrer: -; agent: Wget)
Jun 13 09:00:32 mas01 sh[19578]: 2018-06-13 09:00:32 regiond: [info] 192.168.11.7 POST /MAAS/metadata/status/h4wqhm HTTP/1.1 --> 204 NO_CONTENT (referrer: -; agent: python-requests/2.9.1)
Jun 13 09:00:33 mas01 sh[19578]: 2018-06-13 09:00:33 regiond: [info] 192.168.11.7 POST /MAAS/metadata/status/h4wqhm HTTP/1.1 --> 204 NO_CONTENT (referrer: -; agent: python-requests/2.9.1)
Jun 13 09:00:33 mas01 sh[20480]: 2018-06-13 09:00:33 regiond: [info] 192.168.11.7 POST /MAAS/metadata/status/h4wqhm HTTP/1.1 --> 204 NO_CONTENT (referrer: -; agent: python-requests/2.9.1)
Jun 13 09:00:33 mas01 sh[20480]: 2018-06-13 09:00:33 regiond: [info] 192.168.11.7 POST /MAAS/metadata/status/h4wqhm HTTP/1.1 --> 204 NO_CONTENT (referrer: -; agent: python-requests/2.9.1)
Jun 13 09:00:33 mas01 sh[19578]: 2018-06-13 09:00:33 regiond: [info] 192.168.11.7 POST /MAAS/metadata/status/h4wqhm HTTP/1.1 --> 204 NO_CONTENT (referrer: -; agent: python-requests/2.9.1)
Jun 13 09:00:33 mas01 sh[20480]: 2018-06-13 09:00:33 regiond: [info] 192.168.11.7 POST /MAAS/metadata/status/h4wqhm HTTP/1.1 --> 204 NO_CONTENT (referrer: -; agent: python-requests/2.9.1)
Jun 13 09:00:33 mas01 sh[19703]: 2018-06-13 09:00:33 regiond: [info] 192.168.11.7 POST /MAAS/metadata/status/h4wqhm HTTP/1.1 --> 204 NO_CONTENT (referrer: -; agent: python-requests/2.9.1)
Jun 13 09:00:33 mas01 sh[19703]: 2018-06-13 09:00:33 regiond: [info] 192.168.11.7 POST /MAAS/metadata/status/h4wqhm HTTP/1.1 --> 204 NO_CONTENT (referrer: -; agent: python-requests/2.9.1)
Jun 13 09:00:33 mas01 sh[19582]: 2018-06-13 09:00:33 regiond: [info] 192.168.11.7 POST /MAAS/metadata/status/h4wqhm HTTP/1.1 --> 204 NO_CONTENT (referrer: -; agent: python-requests/2.9.1)
Jun 13 09:00:33 mas01 sh[19703]: 2018-06-13 09:00:33 regiond: [info] 192.168.11.7 POST /MAAS/metadata/status/h4wqhm HTTP/1.1 --> 204 NO_CONTENT (referrer: -; agent: python-requests/2.9.1)
Jun 13 09:00:33 mas01 sh[19582]: 2018-06-13 09:00:33 regiond: [info] 192.168.11.7 POST /MAAS/metadata/status/h4wqhm HTTP/1.1 --> 204 NO_CONTENT (referrer: -; agent: python-requests/2.9.1)
Jun 13 09:00:33 mas01 sh[19578]: 2018-06-13 09:00:33 regiond: [info] 192.168.11.7 POST /MAAS/metadata/status/h4wqhm HTTP/1.1 --> 204 NO_CONTENT (referrer: -; agent: python-requests/2.9.1)
Jun 13 09:00:33 mas01 sh[19703]: 2018-06-13 09:00:33 regiond: [info] 192.168.11.7 POST /MAAS/metadata/status/h4wqhm HTTP/1.1 --> 204 NO_CONTENT (referrer: -; agent: python-requests/2.9.1)
Jun 13 09:00:33 mas01 sh[19578]: 2018-06-13 09:00:33 regiond: [info] 192.168.11.7 POST /MAAS/metadata/status/h4wqhm HTTP/1.1 --> 204 NO_CONTENT (referrer: -; agent: python-requests/2.9.1)
Jun 13 09:00:33 mas01 sh[19582]: 2018-06-13 09:00:33 regiond: [info] 192.168.11.7 POST /MAAS/metadata/status/h4wqhm HTTP/1.1 --> 204 NO_CONTENT (referrer: -; agent: python-requests/2.9.1)
Jun 13 09:00:33 mas01 sh[19582]: 2018-06-13 09:00:33 regiond: [info] 192.168.11.7 POST /MAAS/metadata/status/h4wqhm HTTP/1.1 --> 204 NO_CONTENT (referrer: -; agent: python-requests/2.9.1)
Jun 13 09:00:33 mas01 sh[20480]: 2018-06-13 09:00:33 regiond: [info] 192.168.11.7 POST /MAAS/metadata/status/h4wqhm HTTP/1.1 --> 204 NO_CONTENT (referrer: -; agent: python-requests/2.9.1)
Jun 13 09:00:33 mas01 sh[19582]: 2018-06-13 09:00:33 regiond: [info] 192.168.11.7 POST /MAAS/metadata/status/h4wqhm HTTP/1.1 --> 204 NO_CONTENT (referrer: -; agent: python-requests/2.9.1)
Jun 13 09:00:33 mas01 sh[19703]: 2018-06-13 09:00:33 regiond: [info] 192.168.11.7 POST /MAAS/metadata/status/h4wqhm HTTP/1.1 --> 204 NO_CONTENT (referrer: -; agent: python-requests/2.9.1)
Jun 13 09:00:33 mas01 sh[19703]: 2018-06-13 09:00:33 regiond: [info] 192.168.11.7 POST /MAAS/metadata/status/h4wqhm HTTP/1.1 --> 204 NO_CONTENT (referrer: -; agent: python-requests/2.9.1)
Jun 13 09:00:33 mas01 sh[19578]: 2018-06-13 09:00:33 regiond: [info] 192.168.11.7 POST /MAAS/metadata/status/h4wqhm HTTP/1.1 --> 204 NO_CONTENT (referrer: -; agent: python-requests/2.9.1)
Jun 13 09:00:33 mas01 sh[20480]: 2018-06-13 09:00:33 regiond: [info] 192.168.11.7 POST /MAAS/metadata/status/h4wqhm HTTP/1.1 --> 204 NO_CONTENT (referrer: -; agent: python-requests/2.9.1)
Jun 13 09:00:33 mas01 sh[19703]: 2018-06-13 09:00:33 regiond: [info] 192.168.11.7 POST /MAAS/metadata/status/h4wqhm HTTP/1.1 --> 204 NO_CONTENT (referrer: -; agent: python-requests/2.9.1)
Jun 13 09:00:33 mas01 sh[19703]: 2018-06-13 09:00:33 regiond: [info] 192.168.11.7 POST /MAAS/metadata/status/h4wqhm HTTP/1.1 --> 204 NO_CONTENT (referrer: -; agent: python-requests/2.9.1)
Jun 13 09:00:33 mas01 sh[19578]: 2018-06-13 09:00:33 regiond: [info] 192.168.11.7 POST /MAAS/metadata/status/h4wqhm HTTP/1.1 --> 204 NO_CONTENT (referrer: -; agent: python-requests/2.9.1)
Jun 13 09:00:33 mas01 sh[19578]: 2018-06-13 09:00:33 regiond: [info] 192.168.11.7 POST /MAAS/metadata/status/h4wqhm HTTP/1.1 --> 204 NO_CONTENT (referrer: -; agent: python-requests/2.9.1)
Jun 13 09:00:33 mas01 sh[19582]: 2018-06-13 09:00:33 regiond: [info] 192.168.11.7 POST /MAAS/metadata/status/h4wqhm HTTP/1.1 --> 204 NO_CONTENT (referrer: -; agent: python-requests/2.9.1)
Jun 13 09:00:33 mas01 sh[19582]: 2018-06-13 09:00:33 regiond: [info] 192.168.11.7 POST /MAAS/metadata/status/h4wqhm HTTP/1.1 --> 204 NO_CONTENT (referrer: -; agent: python-requests/2.9.1)
Jun 13 09:00:33 mas01 sh[19703]: 2018-06-13 09:00:33 regiond: [info] 192.168.11.7 POST /MAAS/metadata/status/h4wqhm HTTP/1.1 --> 204 NO_CONTENT (referrer: -; agent: python-requests/2.9.1)
Jun 13 09:00:33 mas01 sh[19582]: 2018-06-13 09:00:33 regiond: [info] 192.168.11.7 POST /MAAS/metadata/status/h4wqhm HTTP/1.1 --> 204 NO_CONTENT (referrer: -; agent: python-requests/2.9.1)
Jun 13 09:00:33 mas01 sh[19703]: 2018-06-13 09:00:33 regiond: [info] 192.168.11.7 POST /MAAS/metadata/status/h4wqhm HTTP/1.1 --> 204 NO_CONTENT (referrer: -; agent: python-requests/2.9.1)
Jun 13 09:00:33 mas01 sh[19703]: message repeated 3 times: [ 2018-06-13 09:00:33 regiond: [info] 192.168.11.7 POST /MAAS/metadata/status/h4wqhm HTTP/1.1 --> 204 NO_CONTENT (referrer: -; agent: python-requests/2.9.1)]
Jun 13 09:00:33 mas01 sh[19582]: 2018-06-13 09:00:33 regiond: [info] 192.168.11.7 POST /MAAS/metadata/status/h4wqhm HTTP/1.1 --> 204 NO_CONTENT (referrer: -; agent: python-requests/2.9.1)
Jun 13 09:00:33 mas01 sh[19703]: 2018-06-13 09:00:33 regiond: [info] 192.168.11.7 POST /MAAS/metadata/status/h4wqhm HTTP/1.1 --> 204 NO_CONTENT (referrer: -; agent: python-requests/2.9.1)
Jun 13 09:00:33 mas01 sh[19582]: 2018-06-13 09:00:33 regiond: [info] 192.168.11.7 POST /MAAS/metadata/status/h4wqhm HTTP/1.1 --> 204 NO_CONTENT (referrer: -; agent: python-requests/2.9.1)
Jun 13 09:00:33 mas01 sh[20480]: 2018-06-13 09:00:33 regiond: [info] 192.168.11.7 POST /MAAS/metadata/status/h4wqhm HTTP/1.1 --> 204 NO_CONTENT (referrer: -; agent: python-requests/2.9.1)
Jun 13 09:00:33 mas01 sh[19703]: 2018-06-13 09:00:33 regiond: [info] 192.168.11.7 POST /MAAS/metadata/status/h4wqhm HTTP/1.1 --> 204 NO_CONTENT (referrer: -; agent: python-requests/2.9.1)
Jun 13 09:00:34 mas01 sh[19582]: 2018-06-13 09:00:34 regiond: [info] 192.168.11.5 GET /MAAS/metadata/latest/by-id/xe6ns6/?op=get_preseed HTTP/1.1 --> 200 OK (referrer: -; agent: Cloud-Init/18.2)
Jun 13 09:00:34 mas01 sh[20480]: 2018-06-13 09:00:34 regiond: [info] 192.168.11.8 POST /MAAS/metadata/status/eekyc4 HTTP/1.1 --> 204 NO_CONTENT (referrer: -; agent: python-requests/2.9.1)
Jun 13 09:00:34 mas01 sh[19578]: 2018-06-13 09:00:34 regiond: [info] 192.168.11.8 POST /MAAS/metadata/status/eekyc4 HTTP/1.1 --> 204 NO_CONTENT (referrer: -; agent: python-requests/2.9.1)
Jun 13 09:00:34 mas01 sh[19578]: 2018-06-13 09:00:34 regiond: [info] 192.168.11.5 POST /MAAS/metadata/status/xe6ns6 HTTP/1.1 --> 204 NO_CONTENT (referrer: -; agent: python-requests/2.9.1)
Jun 13 09:00:34 mas01 sh[19703]: 2018-06-13 09:00:34 regiond: [info] 192.168.11.5 POST /MAAS/metadata/status/xe6ns6 HTTP/1.1 --> 204 NO_CONTENT (referrer: -; agent: python-requests/2.9.1)
Jun 13 09:00:34 mas01 sh[20480]: 2018-06-13 09:00:34 regiond: [info] 192.168.11.4 GET /MAAS/metadata/latest/by-id/tga7xn/?op=get_preseed HTTP/1.1 --> 200 OK (referrer: -; agent: Cloud-Init/18.2)
Jun 13 09:00:34 mas01 sh[19703]: 2018-06-13 09:00:34 regiond: [info] 192.168.11.4 POST /MAAS/metadata/status/tga7xn HTTP/1.1 --> 204 NO_CONTENT (referrer: -; agent: python-requests/2.9.1)
Jun 13 09:00:34 mas01 sh[20480]: 2018-06-13 09:00:34 regiond: [info] 192.168.11.4 POST /MAAS/metadata/status/tga7xn HTTP/1.1 --> 204 NO_CONTENT (referrer: -; agent: python-requests/2.9.1)
Jun 13 09:00:34 mas01 sh[20480]: 2018-06-13 09:00:34 regiond: [info] 192.168.11.8 POST /MAAS/metadata/status/eekyc4 HTTP/1.1 --> 204 NO_CONTENT (referrer: -; agent: python-requests/2.9.1)
Jun 13 09:00:34 mas01 sh[19582]: 2018-06-13 09:00:34 regiond: [info] 192.168.11.5 POST /MAAS/metadata/status/xe6ns6 HTTP/1.1 --> 204 NO_CONTENT (referrer: -; agent: python-requests/2.9.1)
Jun 13 09:00:34 mas01 sh[20480]: 2018-06-13 09:00:34 regiond: [info] 192.168.11.4 POST /MAAS/metadata/status/tga7xn HTTP/1.1 --> 204 NO_CONTENT (referrer: -; agent: python-requests/2.9.1)
Jun 13 09:00:35 mas01 sh[20480]: 2018-06-13 09:00:35 regiond: [info] 192.168.11.5 GET /MAAS/metadata/latest/by-id/xe6ns6/?op=get_preseed HTTP/1.1 --> 200 OK (referrer: -; agent: Cloud-Init/18.2)
Jun 13 09:00:35 mas01 sh[19582]: 2018-06-13 09:00:35 regiond: [info] 192.168.11.8 POST /MAAS/metadata/status/eekyc4 HTTP/1.1 --> 204 NO_CONTENT (referrer: -; agent: python-requests/2.9.1)
Jun 13 09:00:35 mas01 sh[19578]: 2018-06-13 09:00:35 regiond: [info] 192.168.11.8 POST /MAAS/metadata/status/eekyc4 HTTP/1.1 --> 204 NO_CONTENT (referrer: -; agent: python-requests/2.9.1)
Jun 13 09:00:35 mas01 sh[20480]: 2018-06-13 09:00:35 regiond: [info] 192.168.11.5 POST /MAAS/metadata/status/xe6ns6 HTTP/1.1 --> 204 NO_CONTENT (referrer: -; agent: python-requests/2.9.1)
Jun 13 09:00:35 mas01 sh[20480]: 2018-06-13 09:00:35 regiond: [info] 192.168.11.5 POST /MAAS/metadata/status/xe6ns6 HTTP/1.1 --> 204 NO_CONTENT (referrer: -; agent: python-requests/2.9.1)
Jun 13 09:00:35 mas01 sh[19578]: 2018-06-13 09:00:35 regiond: [info] 192.168.11.8 POST /MAAS/metadata/status/eekyc4 HTTP/1.1 --> 204 NO_CONTENT (referrer: -; agent: python-requests/2.9.1)
Jun 13 09:00:35 mas01 sh[19578]: 2018-06-13 09:00:35 regiond: [info] 192.168.11.4 GET /MAAS/metadata/latest/by-id/tga7xn/?op=get_preseed HTTP/1.1 --> 200 OK (referrer: -; agent: Cloud-Init/18.2)
Jun 13 09:00:35 mas01 sh[19703]: 2018-06-13 09:00:35 regiond: [info] 192.168.11.5 POST /MAAS/metadata/status/xe6ns6 HTTP/1.1 --> 204 NO_CONTENT (referrer: -; agent: python-requests/2.9.1)
Jun 13 09:00:35 mas01 sh[19582]: 2018-06-13 09:00:35 regiond: [info] 192.168.11.4 POST /MAAS/metadata/status/tga7xn HTTP/1.1 --> 204 NO_CONTENT (referrer: -; agent: python-requests/2.9.1)
Jun 13 09:00:35 mas01 sh[19582]: 2018-06-13 09:00:35 regiond: [info] 192.168.11.4 POST /MAAS/metadata/status/tga7xn HTTP/1.1 --> 204 NO_CONTENT (referrer: -; agent: python-requests/2.9.1)
Jun 13 09:00:35 mas01 sh[19578]: 2018-06-13 09:00:35 regiond: [info] 192.168.11.4 POST /MAAS/metadata/status/tga7xn HTTP/1.1 --> 204 NO_CONTENT (referrer: -; agent: python-requests/2.9.1)
Jun 13 09:00:35 mas01 sh[19703]: 2018-06-13 09:00:35 regiond: [info] 192.168.11.8 GET /MAAS/metadata/2012-03-01/meta-data/instance-id HTTP/1.1 --> 200 OK (referrer: -; agent: Cloud-Init/18.2)
Jun 13 09:00:35 mas01 sh[19703]: 2018-06-13 09:00:35 regiond: [info] 127.0.0.1 GET /MAAS/rpc/ HTTP/1.0 --> 200 OK (referrer: -; agent: provisioningserver.rpc.clusterservice.ClusterClientService)
Jun 13 09:00:35 mas01 sh[19578]: 2018-06-13 09:00:35 regiond: [info] 192.168.11.5 GET /MAAS/metadata/2012-03-01/meta-data/instance-id HTTP/1.1 --> 200 OK (referrer: -; agent: Cloud-Init/18.2)
Jun 13 09:00:35 mas01 sh[19578]: 2018-06-13 09:00:35 regiond: [info] 192.168.11.4 GET /MAAS/metadata/2012-03-01/meta-data/instance-id HTTP/1.1 --> 200 OK (referrer: -; agent: Cloud-Init/18.2)
Jun 13 09:00:35 mas01 sh[19578]: 2018-06-13 09:00:35 regiond: [info] 192.168.11.5 GET /MAAS/metadata/2012-03-01/meta-data/instance-id HTTP/1.1 --> 200 OK (referrer: -; agent: python-requests/2.9.1)
Jun 13 09:00:35 mas01 sh[19578]: 2018-06-13 09:00:35 regiond: [info] 192.168.11.8 GET /MAAS/metadata/2012-03-01/meta-data/instance-id HTTP/1.1 --> 200 OK (referrer: -; agent: python-requests/2.9.1)
Jun 13 09:00:35 mas01 sh[19578]: 2018-06-13 09:00:35 regiond: [info] 192.168.11.4 GET /MAAS/metadata/2012-03-01/meta-data/instance-id HTTP/1.1 --> 200 OK (referrer: -; agent: python-requests/2.9.1)
Jun 13 09:00:35 mas01 sh[20480]: 2018-06-13 09:00:35 regiond: [info] 192.168.11.8 GET /MAAS/metadata/2012-03-01/meta-data/local-hostname HTTP/1.1 --> 200 OK (referrer: -; agent: python-requests/2.9.1)
Jun 13 09:00:35 mas01 sh[19582]: 2018-06-13 09:00:35 regiond: [info] 192.168.11.5 GET /MAAS/metadata/2012-03-01/meta-data/local-hostname HTTP/1.1 --> 200 OK (referrer: -; agent: python-requests/2.9.1)
Jun 13 09:00:35 mas01 sh[19703]: 2018-06-13 09:00:35 regiond: [info] 192.168.11.4 GET /MAAS/metadata/2012-03-01/meta-data/local-hostname HTTP/1.1 --> 200 OK (referrer: -; agent: python-requests/2.9.1)
Jun 13 09:00:35 mas01 sh[19703]: 2018-06-13 09:00:35 regiond: [info] 192.168.11.5 GET /MAAS/metadata/2012-03-01/meta-data/public-keys HTTP/1.1 --> 200 OK (referrer: -; agent: python-requests/2.9.1)
Jun 13 09:00:35 mas01 sh[19703]: 2018-06-13 09:00:35 regiond: [info] 192.168.11.8 GET /MAAS/metadata/2012-03-01/meta-data/vendor-data HTTP/1.1 --> 200 OK (referrer: -; agent: python-requests/2.9.1)
Jun 13 09:00:35 mas01 sh[19578]: 2018-06-13 09:00:35 regiond: [info] 192.168.11.5 GET /MAAS/metadata/2012-03-01/meta-data/vendor-data HTTP/1.1 --> 200 OK (referrer: -; agent: python-requests/2.9.1)
Jun 13 09:00:35 mas01 sh[20480]: 2018-06-13 09:00:35 regiond: [info] 192.168.11.4 GET /MAAS/metadata/2012-03-01/meta-data/vendor-data HTTP/1.1 --> 200 OK (referrer: -; agent: python-requests/2.9.1)
Jun 13 09:00:35 mas01 sh[19582]: 2018-06-13 09:00:35 regiond: [info] 192.168.11.8 POST /MAAS/metadata/status/eekyc4 HTTP/1.1 --> 204 NO_CONTENT (referrer: -; agent: python-requests/2.9.1)
Jun 13 09:00:35 mas01 sh[19703]: 2018-06-13 09:00:35 regiond: [info] 192.168.11.4 GET /MAAS/metadata/2012-03-01/user-data HTTP/1.1 --> 200 OK (referrer: -; agent: python-requests/2.9.1)
Jun 13 09:00:35 mas01 sh[19703]: 2018-06-13 09:00:35 regiond: [info] 192.168.11.4 POST /MAAS/metadata/status/tga7xn HTTP/1.1 --> 204 NO_CONTENT (referrer: -; agent: python-requests/2.9.1)
Jun 13 09:00:35 mas01 sh[20480]: 2018-06-13 09:00:35 regiond: [info] 192.168.11.5 GET /MAAS/metadata/2012-03-01/user-data HTTP/1.1 --> 200 OK (referrer: -; agent: python-requests/2.9.1)
Jun 13 09:00:35 mas01 sh[19703]: 2018-06-13 09:00:35 regiond: [info] 192.168.11.5 POST /MAAS/metadata/status/xe6ns6 HTTP/1.1 --> 204 NO_CONTENT (referrer: -; agent: python-requests/2.9.1)
Jun 13 09:00:35 mas01 sh[20480]: 2018-06-13 09:00:35 regiond: [info] 192.168.11.8 POST /MAAS/metadata/status/eekyc4 HTTP/1.1 --> 204 NO_CONTENT (referrer: -; agent: python-requests/2.9.1)
Jun 13 09:00:35 mas01 sh[19578]: 2018-06-13 09:00:35 regiond: [info] 192.168.11.8 POST /MAAS/metadata/status/eekyc4 HTTP/1.1 --> 204 NO_CONTENT (referrer: -; agent: python-requests/2.9.1)
Jun 13 09:00:35 mas01 sh[20480]: 2018-06-13 09:00:35 regiond: [info] 192.168.11.4 POST /MAAS/metadata/status/tga7xn HTTP/1.1 --> 204 NO_CONTENT (referrer: -; agent: python-requests/2.9.1)
Jun 13 09:00:35 mas01 sh[19578]: 2018-06-13 09:00:35 regiond: [info] 192.168.11.8 POST /MAAS/metadata/status/eekyc4 HTTP/1.1 --> 204 NO_CONTENT (referrer: -; agent: python-requests/2.9.1)
Jun 13 09:00:35 mas01 sh[19703]: 2018-06-13 09:00:35 regiond: [info] 192.168.11.5 POST /MAAS/metadata/status/xe6ns6 HTTP/1.1 --> 204 NO_CONTENT (referrer: -; agent: python-requests/2.9.1)
Jun 13 09:00:35 mas01 sh[20480]: 2018-06-13 09:00:35 regiond: [info] 192.168.11.8 POST /MAAS/metadata/status/eekyc4 HTTP/1.1 --> 204 NO_CONTENT (referrer: -; agent: python-requests/2.9.1)
Jun 13 09:00:35 mas01 sh[19582]: 2018-06-13 09:00:35 regiond: [info] 192.168.11.5 POST /MAAS/metadata/status/xe6ns6 HTTP/1.1 --> 204 NO_CONTENT (referrer: -; agent: python-requests/2.9.1)
Jun 13 09:00:35 mas01 sh[19578]: 2018-06-13 09:00:35 regiond: [info] 192.168.11.4 POST /MAAS/metadata/status/tga7xn HTTP/1.1 --> 204 NO_CONTENT (referrer: -; agent: python-requests/2.9.1)
Jun 13 09:00:35 mas01 sh[19703]: 2018-06-13 09:00:35 regiond: [info] 192.168.11.5 POST /MAAS/metadata/status/xe6ns6 HTTP/1.1 --> 204 NO_CONTENT (referrer: -; agent: python-requests/2.9.1)
Jun 13 09:00:35 mas01 sh[19582]: 2018-06-13 09:00:35 regiond: [info] 192.168.11.4 POST /MAAS/metadata/status/tga7xn HTTP/1.1 --> 204 NO_CONTENT (referrer: -; agent: python-requests/2.9.1)
Jun 13 09:00:35 mas01 sh[19582]: 2018-06-13 09:00:35 regiond: [info] 192.168.11.5 POST /MAAS/metadata/status/xe6ns6 HTTP/1.1 --> 204 NO_CONTENT (referrer: -; agent: python-requests/2.9.1)
Jun 13 09:00:35 mas01 sh[19703]: 2018-06-13 09:00:35 regiond: [info] 192.168.11.4 POST /MAAS/metadata/status/tga7xn HTTP/1.1 --> 204 NO_CONTENT (referrer: -; agent: python-requests/2.9.1)
Jun 13 09:00:35 mas01 sh[20480]: 2018-06-13 09:00:35 regiond: [info] 192.168.11.8 POST /MAAS/metadata/status/eekyc4 HTTP/1.1 --> 204 NO_CONTENT (referrer: -; agent: python-requests/2.9.1)
Jun 13 09:00:35 mas01 sh[19578]: 2018-06-13 09:00:35 regiond: [info] 192.168.11.8 POST /MAAS/metadata/status/eekyc4 HTTP/1.1 --> 204 NO_CONTENT (referrer: -; agent: python-requests/2.9.1)
Jun 13 09:00:35 mas01 sh[19578]: 2018-06-13 09:00:35 regiond: [info] 192.168.11.8 POST /MAAS/metadata/status/eekyc4 HTTP/1.1 --> 204 NO_CONTENT (referrer: -; agent: python-requests/2.9.1)
Jun 13 09:00:35 mas01 sh[20480]: 2018-06-13 09:00:35 regiond: [info] 192.168.11.5 POST /MAAS/metadata/status/xe6ns6 HTTP/1.1 --> 204 NO_CONTENT (referrer: -; agent: python-requests/2.9.1)
Jun 13 09:00:35 mas01 sh[20480]: 2018-06-13 09:00:35 regiond: [info] 192.168.11.4 POST /MAAS/metadata/status/tga7xn HTTP/1.1 --> 204 NO_CONTENT (referrer: -; agent: python-requests/2.9.1)
Jun 13 09:00:35 mas01 sh[20480]: 2018-06-13 09:00:35 regiond: [info] 192.168.11.5 POST /MAAS/metadata/status/xe6ns6 HTTP/1.1 --> 204 NO_CONTENT (referrer: -; agent: python-requests/2.9.1)
Jun 13 09:00:35 mas01 sh[19578]: 2018-06-13 09:00:35 regiond: [info] 192.168.11.8 POST /MAAS/metadata/status/eekyc4 HTTP/1.1 --> 204 NO_CONTENT (referrer: -; agent: python-requests/2.9.1)
Jun 13 09:00:35 mas01 sh[19582]: 2018-06-13 09:00:35 regiond: [info] 192.168.11.4 POST /MAAS/metadata/status/tga7xn HTTP/1.1 --> 204 NO_CONTENT (referrer: -; agent: python-requests/2.9.1)
Jun 13 09:00:35 mas01 sh[19703]: 2018-06-13 09:00:35 regiond: [info] 192.168.11.5 POST /MAAS/metadata/status/xe6ns6 HTTP/1.1 --> 204 NO_CONTENT (referrer: -; agent: python-requests/2.9.1)
Jun 13 09:00:35 mas01 sh[19578]: 2018-06-13 09:00:35 regiond: [info] 192.168.11.4 POST /MAAS/metadata/status/tga7xn HTTP/1.1 --> 204 NO_CONTENT (referrer: -; agent: python-requests/2.9.1)
Jun 13 09:00:35 mas01 sh[20480]: 2018-06-13 09:00:35 regiond: [info] 192.168.11.5 POST /MAAS/metadata/status/xe6ns6 HTTP/1.1 --> 204 NO_CONTENT (referrer: -; agent: python-requests/2.9.1)
Jun 13 09:00:35 mas01 sh[19582]: 2018-06-13 09:00:35 regiond: [info] 192.168.11.8 POST /MAAS/metadata/status/eekyc4 HTTP/1.1 --> 204 NO_CONTENT (referrer: -; agent: python-requests/2.9.1)
Jun 13 09:00:35 mas01 sh[20480]: 2018-06-13 09:00:35 regiond: [info] 192.168.11.5 POST /MAAS/metadata/status/xe6ns6 HTTP/1.1 --> 204 NO_CONTENT (referrer: -; agent: python-requests/2.9.1)
Jun 13 09:00:35 mas01 sh[19703]: 2018-06-13 09:00:35 regiond: [info] 192.168.11.4 POST /MAAS/metadata/status/tga7xn HTTP/1.1 --> 204 NO_CONTENT (referrer: -; agent: python-requests/2.9.1)
Jun 13 09:00:35 mas01 sh[19582]: 2018-06-13 09:00:35 regiond: [info] 192.168.11.8 POST /MAAS/metadata/status/eekyc4 HTTP/1.1 --> 204 NO_CONTENT (referrer: -; agent: python-requests/2.9.1)
Jun 13 09:00:35 mas01 sh[19703]: 2018-06-13 09:00:35 regiond: [info] 192.168.11.5 POST /MAAS/metadata/status/xe6ns6 HTTP/1.1 --> 204 NO_CONTENT (referrer: -; agent: python-requests/2.9.1)
Jun 13 09:00:35 mas01 sh[19703]: 2018-06-13 09:00:35 regiond: [info] 192.168.11.4 POST /MAAS/metadata/status/tga7xn HTTP/1.1 --> 204 NO_CONTENT (referrer: -; agent: python-requests/2.9.1)
Jun 13 09:00:35 mas01 sh[19578]: 2018-06-13 09:00:35 regiond: [info] 192.168.11.8 POST /MAAS/metadata/status/eekyc4 HTTP/1.1 --> 204 NO_CONTENT (referrer: -; agent: python-requests/2.9.1)
Jun 13 09:00:35 mas01 sh[19703]: 2018-06-13 09:00:35 regiond: [info] 192.168.11.5 POST /MAAS/metadata/status/xe6ns6 HTTP/1.1 --> 204 NO_CONTENT (referrer: -; agent: python-requests/2.9.1)
Jun 13 09:00:35 mas01 sh[19578]: 2018-06-13 09:00:35 regiond: [info] 192.168.11.4 POST /MAAS/metadata/status/tga7xn HTTP/1.1 --> 204 NO_CONTENT (referrer: -; agent: python-requests/2.9.1)
Jun 13 09:00:35 mas01 sh[19703]: 2018-06-13 09:00:35 regiond: [info] 192.168.11.8 POST /MAAS/metadata/status/eekyc4 HTTP/1.1 --> 204 NO_CONTENT (referrer: -; agent: python-requests/2.9.1)
Jun 13 09:00:35 mas01 sh[19578]: 2018-06-13 09:00:35 regiond: [info] 192.168.11.4 POST /MAAS/metadata/status/tga7xn HTTP/1.1 --> 204 NO_CONTENT (referrer: -; agent: python-requests/2.9.1)
Jun 13 09:00:35 mas01 sh[19703]: 2018-06-13 09:00:35 regiond: [info] 192.168.11.5 POST /MAAS/metadata/status/xe6ns6 HTTP/1.1 --> 204 NO_CONTENT (referrer: -; agent: python-requests/2.9.1)
Jun 13 09:00:35 mas01 sh[20480]: 2018-06-13 09:00:35 regiond: [info] 192.168.11.8 POST /MAAS/metadata/status/eekyc4 HTTP/1.1 --> 204 NO_CONTENT (referrer: -; agent: python-requests/2.9.1)
Jun 13 09:00:35 mas01 sh[19582]: 2018-06-13 09:00:35 regiond: [info] 192.168.11.4 POST /MAAS/metadata/status/tga7xn HTTP/1.1 --> 204 NO_CONTENT (referrer: -; agent: python-requests/2.9.1)
Jun 13 09:00:35 mas01 sh[19703]: 2018-06-13 09:00:35 regiond: [info] 192.168.11.5 POST /MAAS/metadata/status/xe6ns6 HTTP/1.1 --> 204 NO_CONTENT (referrer: -; agent: python-requests/2.9.1)
Jun 13 09:00:35 mas01 sh[19578]: 2018-06-13 09:00:35 regiond: [info] 192.168.11.4 POST /MAAS/metadata/status/tga7xn HTTP/1.1 --> 204 NO_CONTENT (referrer: -; agent: python-requests/2.9.1)
Jun 13 09:00:35 mas01 sh[19578]: 2018-06-13 09:00:35 regiond: [info] 192.168.11.4 POST /MAAS/metadata/status/tga7xn HTTP/1.1 --> 204 NO_CONTENT (referrer: -; agent: python-requests/2.9.1)
Jun 13 09:00:35 mas01 sh[19578]: 2018-06-13 09:00:35 regiond: [info] 192.168.11.8 POST /MAAS/metadata/status/eekyc4 HTTP/1.1 --> 204 NO_CONTENT (referrer: -; agent: python-requests/2.9.1)
Jun 13 09:00:35 mas01 sh[19578]: 2018-06-13 09:00:35 regiond: [info] 192.168.11.5 POST /MAAS/metadata/status/xe6ns6 HTTP/1.1 --> 204 NO_CONTENT (referrer: -; agent: python-requests/2.9.1)
Jun 13 09:00:35 mas01 sh[20480]: 2018-06-13 09:00:35 regiond: [info] 192.168.11.5 POST /MAAS/metadata/status/xe6ns6 HTTP/1.1 --> 204 NO_CONTENT (referrer: -; agent: python-requests/2.9.1)
Jun 13 09:00:35 mas01 sh[19578]: 2018-06-13 09:00:35 regiond: [info] 192.168.11.4 POST /MAAS/metadata/status/tga7xn HTTP/1.1 --> 204 NO_CONTENT (referrer: -; agent: python-requests/2.9.1)
Jun 13 09:00:35 mas01 sh[19578]: 2018-06-13 09:00:35 regiond: [info] 192.168.11.8 POST /MAAS/metadata/status/eekyc4 HTTP/1.1 --> 204 NO_CONTENT (referrer: -; agent: python-requests/2.9.1)
Jun 13 09:00:35 mas01 sh[20480]: 2018-06-13 09:00:35 regiond: [info] 192.168.11.5 POST /MAAS/metadata/status/xe6ns6 HTTP/1.1 --> 204 NO_CONTENT (referrer: -; agent: python-requests/2.9.1)
Jun 13 09:00:35 mas01 sh[19578]: 2018-06-13 09:00:35 regiond: [info] 192.168.11.5 POST /MAAS/metadata/status/xe6ns6 HTTP/1.1 --> 204 NO_CONTENT (referrer: -; agent: python-requests/2.9.1)
Jun 13 09:00:35 mas01 sh[19703]: 2018-06-13 09:00:35 regiond: [info] 192.168.11.8 POST /MAAS/metadata/status/eekyc4 HTTP/1.1 --> 204 NO_CONTENT (referrer: -; agent: python-requests/2.9.1)
Jun 13 09:00:35 mas01 sh[19582]: 2018-06-13 09:00:35 regiond: [info] 192.168.11.4 POST /MAAS/metadata/status/tga7xn HTTP/1.1 --> 204 NO_CONTENT (referrer: -; agent: python-requests/2.9.1)
Jun 13 09:00:35 mas01 sh[19578]: 2018-06-13 09:00:35 regiond: [info] 192.168.11.5 POST /MAAS/metadata/status/xe6ns6 HTTP/1.1 --> 204 NO_CONTENT (referrer: -; agent: python-requests/2.9.1)
Jun 13 09:00:35 mas01 sh[19703]: 2018-06-13 09:00:35 regiond: [info] 192.168.11.8 POST /MAAS/metadata/status/eekyc4 HTTP/1.1 --> 204 NO_CONTENT (referrer: -; agent: python-requests/2.9.1)
Jun 13 09:00:35 mas01 sh[19578]: 2018-06-13 09:00:35 regiond: [info] 192.168.11.4 POST /MAAS/metadata/status/tga7xn HTTP/1.1 --> 204 NO_CONTENT (referrer: -; agent: python-requests/2.9.1)
Jun 13 09:00:35 mas01 sh[20480]: 2018-06-13 09:00:35 regiond: [info] 192.168.11.5 POST /MAAS/metadata/status/xe6ns6 HTTP/1.1 --> 204 NO_CONTENT (referrer: -; agent: python-requests/2.9.1)
Jun 13 09:00:35 mas01 sh[19582]: 2018-06-13 09:00:35 regiond: [info] 192.168.11.8 POST /MAAS/metadata/status/eekyc4 HTTP/1.1 --> 204 NO_CONTENT (referrer: -; agent: python-requests/2.9.1)
Jun 13 09:00:35 mas01 sh[19582]: 2018-06-13 09:00:35 regiond: [info] 192.168.11.4 POST /MAAS/metadata/status/tga7xn HTTP/1.1 --> 204 NO_CONTENT (referrer: -; agent: python-requests/2.9.1)
Jun 13 09:00:35 mas01 sh[19578]: 2018-06-13 09:00:35 regiond: [info] 192.168.11.8 POST /MAAS/metadata/status/eekyc4 HTTP/1.1 --> 204 NO_CONTENT (referrer: -; agent: python-requests/2.9.1)
Jun 13 09:00:35 mas01 sh[19703]: 2018-06-13 09:00:35 regiond: [info] 192.168.11.5 POST /MAAS/metadata/status/xe6ns6 HTTP/1.1 --> 204 NO_CONTENT (referrer: -; agent: python-requests/2.9.1)
Jun 13 09:00:35 mas01 sh[19578]: 2018-06-13 09:00:35 regiond: [info] 192.168.11.4 POST /MAAS/metadata/status/tga7xn HTTP/1.1 --> 204 NO_CONTENT (referrer: -; agent: python-requests/2.9.1)
Jun 13 09:00:35 mas01 sh[19703]: 2018-06-13 09:00:35 regiond: [info] 192.168.11.5 POST /MAAS/metadata/status/xe6ns6 HTTP/1.1 --> 204 NO_CONTENT (referrer: -; agent: python-requests/2.9.1)
Jun 13 09:00:35 mas01 sh[19578]: 2018-06-13 09:00:35 regiond: [info] 192.168.11.8 POST /MAAS/metadata/status/eekyc4 HTTP/1.1 --> 204 NO_CONTENT (referrer: -; agent: python-requests/2.9.1)
Jun 13 09:00:35 mas01 sh[19578]: 2018-06-13 09:00:35 regiond: [info] 192.168.11.4 POST /MAAS/metadata/status/tga7xn HTTP/1.1 --> 204 NO_CONTENT (referrer: -; agent: python-requests/2.9.1)
Jun 13 09:00:35 mas01 sh[19703]: 2018-06-13 09:00:35 regiond: [info] 192.168.11.5 POST /MAAS/metadata/status/xe6ns6 HTTP/1.1 --> 204 NO_CONTENT (referrer: -; agent: python-requests/2.9.1)
Jun 13 09:00:35 mas01 sh[19703]: 2018-06-13 09:00:35 regiond: [info] 192.168.11.8 POST /MAAS/metadata/status/eekyc4 HTTP/1.1 --> 204 NO_CONTENT (referrer: -; agent: python-requests/2.9.1)
Jun 13 09:00:35 mas01 sh[19582]: 2018-06-13 09:00:35 regiond: [info] 192.168.11.4 POST /MAAS/metadata/status/tga7xn HTTP/1.1 --> 204 NO_CONTENT (referrer: -; agent: python-requests/2.9.1)
Jun 13 09:00:35 mas01 sh[19582]: 2018-06-13 09:00:35 regiond: [info] 192.168.11.5 POST /MAAS/metadata/status/xe6ns6 HTTP/1.1 --> 204 NO_CONTENT (referrer: -; agent: python-requests/2.9.1)
Jun 13 09:00:35 mas01 sh[20480]: 2018-06-13 09:00:35 regiond: [info] 192.168.11.4 POST /MAAS/metadata/status/tga7xn HTTP/1.1 --> 204 NO_CONTENT (referrer: -; agent: python-requests/2.9.1)
Jun 13 09:00:35 mas01 sh[19578]: 2018-06-13 09:00:35 regiond: [info] 192.168.11.8 POST /MAAS/metadata/status/eekyc4 HTTP/1.1 --> 204 NO_CONTENT (referrer: -; agent: python-requests/2.9.1)
Jun 13 09:00:35 mas01 sh[19582]: 2018-06-13 09:00:35 regiond: [info] 192.168.11.4 POST /MAAS/metadata/status/tga7xn HTTP/1.1 --> 204 NO_CONTENT (referrer: -; agent: python-requests/2.9.1)
Jun 13 09:00:35 mas01 sh[19578]: 2018-06-13 09:00:35 regiond: [info] 192.168.11.5 POST /MAAS/metadata/status/xe6ns6 HTTP/1.1 --> 204 NO_CONTENT (referrer: -; agent: python-requests/2.9.1)
Jun 13 09:00:35 mas01 sh[19578]: 2018-06-13 09:00:35 regiond: [info] 192.168.11.8 POST /MAAS/metadata/status/eekyc4 HTTP/1.1 --> 204 NO_CONTENT (referrer: -; agent: python-requests/2.9.1)
Jun 13 09:00:35 mas01 sh[20480]: 2018-06-13 09:00:35 regiond: [info] 192.168.11.4 POST /MAAS/metadata/status/tga7xn HTTP/1.1 --> 204 NO_CONTENT (referrer: -; agent: python-requests/2.9.1)
Jun 13 09:00:35 mas01 sh[19578]: 2018-06-13 09:00:35 regiond: [info] 192.168.11.5 POST /MAAS/metadata/status/xe6ns6 HTTP/1.1 --> 204 NO_CONTENT (referrer: -; agent: python-requests/2.9.1)
Jun 13 09:00:35 mas01 sh[19703]: 2018-06-13 09:00:35 regiond: [info] 192.168.11.4 POST /MAAS/metadata/status/tga7xn HTTP/1.1 --> 204 NO_CONTENT (referrer: -; agent: python-requests/2.9.1)
Jun 13 09:00:35 mas01 sh[19703]: 2018-06-13 09:00:35 regiond: [info] 192.168.11.8 POST /MAAS/metadata/status/eekyc4 HTTP/1.1 --> 204 NO_CONTENT (referrer: -; agent: python-requests/2.9.1)
Jun 13 09:00:35 mas01 sh[19582]: 2018-06-13 09:00:35 regiond: [info] 192.168.11.8 POST /MAAS/metadata/status/eekyc4 HTTP/1.1 --> 204 NO_CONTENT (referrer: -; agent: python-requests/2.9.1)
Jun 13 09:00:35 mas01 sh[20480]: 2018-06-13 09:00:35 regiond: [info] 192.168.11.5 POST /MAAS/metadata/status/xe6ns6 HTTP/1.1 --> 204 NO_CONTENT (referrer: -; agent: python-requests/2.9.1)
Jun 13 09:00:35 mas01 sh[20480]: 2018-06-13 09:00:35 regiond: [info] 192.168.11.4 POST /MAAS/metadata/status/tga7xn HTTP/1.1 --> 204 NO_CONTENT (referrer: -; agent: python-requests/2.9.1)
Jun 13 09:00:35 mas01 sh[20480]: 2018-06-13 09:00:35 regiond: [info] 192.168.11.5 POST /MAAS/metadata/status/xe6ns6 HTTP/1.1 --> 204 NO_CONTENT (referrer: -; agent: python-requests/2.9.1)
Jun 13 09:00:35 mas01 sh[19578]: 2018-06-13 09:00:35 regiond: [info] 192.168.11.4 POST /MAAS/metadata/status/tga7xn HTTP/1.1 --> 204 NO_CONTENT (referrer: -; agent: python-requests/2.9.1)
Jun 13 09:00:35 mas01 sh[20480]: 2018-06-13 09:00:35 regiond: [info] 192.168.11.8 POST /MAAS/metadata/status/eekyc4 HTTP/1.1 --> 204 NO_CONTENT (referrer: -; agent: python-requests/2.9.1)
Jun 13 09:00:35 mas01 sh[19703]: 2018-06-13 09:00:35 regiond: [info] 192.168.11.5 POST /MAAS/metadata/status/xe6ns6 HTTP/1.1 --> 204 NO_CONTENT (referrer: -; agent: python-requests/2.9.1)
Jun 13 09:00:35 mas01 sh[19578]: 2018-06-13 09:00:35 regiond: [info] 192.168.11.4 POST /MAAS/metadata/status/tga7xn HTTP/1.1 --> 204 NO_CONTENT (referrer: -; agent: python-requests/2.9.1)
Jun 13 09:00:35 mas01 sh[20480]: 2018-06-13 09:00:35 regiond: [info] 192.168.11.8 POST /MAAS/metadata/status/eekyc4 HTTP/1.1 --> 204 NO_CONTENT (referrer: -; agent: python-requests/2.9.1)
Jun 13 09:00:35 mas01 sh[20480]: 2018-06-13 09:00:35 regiond: [info] 192.168.11.5 POST /MAAS/metadata/status/xe6ns6 HTTP/1.1 --> 204 NO_CONTENT (referrer: -; agent: python-requests/2.9.1)
Jun 13 09:00:35 mas01 sh[19703]: 2018-06-13 09:00:35 regiond: [info] 192.168.11.4 POST /MAAS/metadata/status/tga7xn HTTP/1.1 --> 204 NO_CONTENT (referrer: -; agent: python-requests/2.9.1)
Jun 13 09:00:35 mas01 sh[19578]: 2018-06-13 09:00:35 regiond: [info] 192.168.11.8 POST /MAAS/metadata/status/eekyc4 HTTP/1.1 --> 204 NO_CONTENT (referrer: -; agent: python-requests/2.9.1)
Jun 13 09:00:35 mas01 sh[19582]: 2018-06-13 09:00:35 regiond: [info] 192.168.11.8 POST /MAAS/metadata/status/eekyc4 HTTP/1.1 --> 204 NO_CONTENT (referrer: -; agent: python-requests/2.9.1)
Jun 13 09:00:35 mas01 sh[20480]: 2018-06-13 09:00:35 regiond: [info] 192.168.11.5 POST /MAAS/metadata/status/xe6ns6 HTTP/1.1 --> 204 NO_CONTENT (referrer: -; agent: python-requests/2.9.1)
Jun 13 09:00:35 mas01 sh[19582]: 2018-06-13 09:00:35 regiond: [info] 192.168.11.4 POST /MAAS/metadata/status/tga7xn HTTP/1.1 --> 204 NO_CONTENT (referrer: -; agent: python-requests/2.9.1)
Jun 13 09:00:35 mas01 sh[19578]: 2018-06-13 09:00:35 regiond: [info] 192.168.11.5 POST /MAAS/metadata/status/xe6ns6 HTTP/1.1 --> 204 NO_CONTENT (referrer: -; agent: python-requests/2.9.1)
Jun 13 09:00:35 mas01 sh[20480]: 2018-06-13 09:00:35 regiond: [info] 192.168.11.8 POST /MAAS/metadata/status/eekyc4 HTTP/1.1 --> 204 NO_CONTENT (referrer: -; agent: python-requests/2.9.1)
Jun 13 09:00:35 mas01 sh[19578]: 2018-06-13 09:00:35 regiond: [info] 192.168.11.4 POST /MAAS/metadata/status/tga7xn HTTP/1.1 --> 204 NO_CONTENT (referrer: -; agent: python-requests/2.9.1)
Jun 13 09:00:35 mas01 sh[19703]: 2018-06-13 09:00:35 regiond: [info] 192.168.11.8 POST /MAAS/metadata/status/eekyc4 HTTP/1.1 --> 204 NO_CONTENT (referrer: -; agent: python-requests/2.9.1)
Jun 13 09:00:35 mas01 sh[19582]: 2018-06-13 09:00:35 regiond: [info] 192.168.11.5 POST /MAAS/metadata/status/xe6ns6 HTTP/1.1 --> 204 NO_CONTENT (referrer: -; agent: python-requests/2.9.1)
Jun 13 09:00:35 mas01 sh[19578]: 2018-06-13 09:00:35 regiond: [info] 192.168.11.4 POST /MAAS/metadata/status/tga7xn HTTP/1.1 --> 204 NO_CONTENT (referrer: -; agent: python-requests/2.9.1)
Jun 13 09:00:35 mas01 sh[19703]: 2018-06-13 09:00:35 regiond: [info] 192.168.11.5 POST /MAAS/metadata/status/xe6ns6 HTTP/1.1 --> 204 NO_CONTENT (referrer: -; agent: python-requests/2.9.1)
Jun 13 09:00:35 mas01 sh[19582]: 2018-06-13 09:00:35 regiond: [info] 192.168.11.8 POST /MAAS/metadata/status/eekyc4 HTTP/1.1 --> 204 NO_CONTENT (referrer: -; agent: python-requests/2.9.1)
Jun 13 09:00:35 mas01 sh[19703]: 2018-06-13 09:00:35 regiond: [info] 192.168.11.4 POST /MAAS/metadata/status/tga7xn HTTP/1.1 --> 204 NO_CONTENT (referrer: -; agent: python-requests/2.9.1)
Jun 13 09:00:35 mas01 sh[20480]: 2018-06-13 09:00:35 regiond: [info] 192.168.11.8 POST /MAAS/metadata/status/eekyc4 HTTP/1.1 --> 204 NO_CONTENT (referrer: -; agent: python-requests/2.9.1)
Jun 13 09:00:36 mas01 sh[19703]: 2018-06-13 09:00:36 regiond: [info] 192.168.11.4 POST /MAAS/metadata/status/tga7xn HTTP/1.1 --> 204 NO_CONTENT (referrer: -; agent: python-requests/2.9.1)
Jun 13 09:00:36 mas01 sh[19703]: 2018-06-13 09:00:36 regiond: [info] 192.168.11.5 POST /MAAS/metadata/status/xe6ns6 HTTP/1.1 --> 204 NO_CONTENT (referrer: -; agent: python-requests/2.9.1)
Jun 13 09:00:36 mas01 sh[19582]: 2018-06-13 09:00:36 regiond: [info] 192.168.11.4 POST /MAAS/metadata/status/tga7xn HTTP/1.1 --> 204 NO_CONTENT (referrer: -; agent: python-requests/2.9.1)
Jun 13 09:00:36 mas01 sh[19582]: 2018-06-13 09:00:36 regiond: [info] 192.168.11.5 POST /MAAS/metadata/status/xe6ns6 HTTP/1.1 --> 204 NO_CONTENT (referrer: -; agent: python-requests/2.9.1)
Jun 13 09:00:36 mas01 sh[19703]: 2018-06-13 09:00:36 regiond: [info] 192.168.11.8 POST /MAAS/metadata/status/eekyc4 HTTP/1.1 --> 204 NO_CONTENT (referrer: -; agent: python-requests/2.9.1)
