Jun 12 15:37:18 mas01 salt-minion[1416]: [INFO    ] {'ret': {'machines': [{'status': 'Commissioning', 'hostname': u'cmp002', 'system_id': u'drd6fe'}, {'status': 'Commissioning', 'hostname': u'kvm01', 'system_id': u'at7shx'}, {'status': 'Commissioning', 'hostname': u'kvm03', 'system_id': u'7fkhnr'}, {'status': 'Commissioning', 'hostname': u'kvm02', 'system_id': u'ep4naa'}, {'status': 'Failed commissioning', 'hostname': u'cmp001', 'system_id': u'rdrcrx'}], 'summary': Counter({'Commissioning': 4, 'Failed commissioning': 1})}}
Jun 12 15:37:18 mas01 salt-minion[1416]: [INFO    ] Completed state [maas.machines_status] at time 15:37:18.307456 duration_in_ms=343.84
Jun 12 15:37:18 mas01 salt-minion[1416]: [INFO    ] Returning information for job: 20180612153715711072
Jun 12 15:37:18 mas01 salt-minion[1416]: [INFO    ] User sudo_ubuntu Executing command state.apply with jid 20180612153719009801
Jun 12 15:37:19 mas01 salt-minion[1416]: [INFO    ] Starting a new job with PID 25184
Jun 12 15:37:21 mas01 sh[22547]: 2018-06-12 15:37:21 regiond: [info] 192.168.11.8 POST /MAAS/metadata/status/at7shx HTTP/1.1 --> 204 NO_CONTENT (referrer: -; agent: python-requests/2.9.1)
Jun 12 15:37:21 mas01 sh[21607]: 2018-06-12 15:37:21 regiond: [info] 192.168.11.8 POST /MAAS/metadata/status/at7shx HTTP/1.1 --> 204 NO_CONTENT (referrer: -; agent: python-requests/2.9.1)
Jun 12 15:37:21 mas01 salt-minion[1416]: [INFO    ] Loading fresh modules for state activity
Jun 12 15:37:21 mas01 sh[21733]: 2018-06-12 15:37:21 regiond: [info] 192.168.11.8 POST /MAAS/metadata/status/at7shx HTTP/1.1 --> 204 NO_CONTENT (referrer: -; agent: python-requests/2.9.1)
Jun 12 15:37:21 mas01 sh[21607]: 2018-06-12 15:37:21 regiond: [info] 192.168.11.8 POST /MAAS/metadata/status/at7shx HTTP/1.1 --> 204 NO_CONTENT (referrer: -; agent: python-requests/2.9.1)
Jun 12 15:37:21 mas01 sh[21607]: 2018-06-12 15:37:21 regiond: [info] 192.168.11.8 POST /MAAS/metadata/status/at7shx HTTP/1.1 --> 204 NO_CONTENT (referrer: -; agent: python-requests/2.9.1)
Jun 12 15:37:21 mas01 sh[22547]: 2018-06-12 15:37:21 regiond: [info] 192.168.11.8 POST /MAAS/metadata/status/at7shx HTTP/1.1 --> 204 NO_CONTENT (referrer: -; agent: python-requests/2.9.1)
Jun 12 15:37:21 mas01 sh[21607]: 2018-06-12 15:37:21 regiond: [info] 192.168.11.8 POST /MAAS/metadata/status/at7shx HTTP/1.1 --> 204 NO_CONTENT (referrer: -; agent: python-requests/2.9.1)
Jun 12 15:37:21 mas01 sh[21611]: 2018-06-12 15:37:21 regiond: [info] 192.168.11.8 POST /MAAS/metadata/status/at7shx HTTP/1.1 --> 204 NO_CONTENT (referrer: -; agent: python-requests/2.9.1)
Jun 12 15:37:21 mas01 sh[21733]: 2018-06-12 15:37:21 regiond: [info] 192.168.11.8 POST /MAAS/metadata/status/at7shx HTTP/1.1 --> 204 NO_CONTENT (referrer: -; agent: python-requests/2.9.1)
Jun 12 15:37:21 mas01 sh[22547]: 2018-06-12 15:37:21 regiond: [info] 192.168.11.8 POST /MAAS/metadata/status/at7shx HTTP/1.1 --> 204 NO_CONTENT (referrer: -; agent: python-requests/2.9.1)
Jun 12 15:37:21 mas01 salt-minion[1416]: [INFO    ] Running state [maas-region apikey --username opnfv > /var/lib/maas/.maas_credentials] at time 15:37:21.247221
Jun 12 15:37:21 mas01 salt-minion[1416]: [INFO    ] Executing state cmd.run for [maas-region apikey --username opnfv > /var/lib/maas/.maas_credentials]
Jun 12 15:37:21 mas01 salt-minion[1416]: [INFO    ] Executing command 'test -e /var/lib/maas/.maas_credentials' in directory '/root'
Jun 12 15:37:21 mas01 salt-minion[1416]: [INFO    ] unless execution succeeded
Jun 12 15:37:21 mas01 salt-minion[1416]: [INFO    ] Completed state [maas-region apikey --username opnfv > /var/lib/maas/.maas_credentials] at time 15:37:21.269613 duration_in_ms=22.391
Jun 12 15:37:21 mas01 salt-minion[1416]: [INFO    ] Running state [maas login opnfv http://192.168.11.3:5240/MAAS/api/2.0 - < /var/lib/maas/.maas_credentials && maas opnfv machine delete rdrcrx] at time 15:37:21.270934
Jun 12 15:37:21 mas01 salt-minion[1416]: [INFO    ] Executing state cmd.run for [maas login opnfv http://192.168.11.3:5240/MAAS/api/2.0 - < /var/lib/maas/.maas_credentials && maas opnfv machine delete rdrcrx]
Jun 12 15:37:21 mas01 salt-minion[1416]: [INFO    ] Executing command 'maas login opnfv http://192.168.11.3:5240/MAAS/api/2.0 - < /var/lib/maas/.maas_credentials && maas opnfv machine delete rdrcrx' in directory '/root'
Jun 12 15:37:21 mas01 sh[21607]: 2018-06-12 15:37:21 regiond: [info] 192.168.11.8 POST /MAAS/metadata/status/at7shx HTTP/1.1 --> 204 NO_CONTENT (referrer: -; agent: python-requests/2.9.1)
Jun 12 15:37:21 mas01 sh[22547]: 2018-06-12 15:37:21 regiond: [info] 192.168.11.8 POST /MAAS/metadata/status/at7shx HTTP/1.1 --> 204 NO_CONTENT (referrer: -; agent: python-requests/2.9.1)
Jun 12 15:37:21 mas01 sh[22547]: message repeated 2 times: [ 2018-06-12 15:37:21 regiond: [info] 192.168.11.8 POST /MAAS/metadata/status/at7shx HTTP/1.1 --> 204 NO_CONTENT (referrer: -; agent: python-requests/2.9.1)]
Jun 12 15:37:21 mas01 sh[21733]: 2018-06-12 15:37:21 regiond: [info] 192.168.11.8 POST /MAAS/metadata/status/at7shx HTTP/1.1 --> 204 NO_CONTENT (referrer: -; agent: python-requests/2.9.1)
Jun 12 15:37:21 mas01 sh[21611]: 2018-06-12 15:37:21 regiond: [info] 192.168.11.8 POST /MAAS/metadata/status/at7shx HTTP/1.1 --> 204 NO_CONTENT (referrer: -; agent: python-requests/2.9.1)
Jun 12 15:37:21 mas01 sh[21607]: 2018-06-12 15:37:21 regiond: [info] 192.168.11.8 POST /MAAS/metadata/status/at7shx HTTP/1.1 --> 204 NO_CONTENT (referrer: -; agent: python-requests/2.9.1)
Jun 12 15:37:21 mas01 sh[22547]: 2018-06-12 15:37:21 regiond: [info] 192.168.11.8 POST /MAAS/metadata/status/at7shx HTTP/1.1 --> 204 NO_CONTENT (referrer: -; agent: python-requests/2.9.1)
Jun 12 15:37:21 mas01 sh[21733]: 2018-06-12 15:37:21 regiond: [info] 192.168.11.8 POST /MAAS/metadata/status/at7shx HTTP/1.1 --> 204 NO_CONTENT (referrer: -; agent: python-requests/2.9.1)
Jun 12 15:37:21 mas01 sh[21611]: 2018-06-12 15:37:21 regiond: [info] 192.168.11.8 POST /MAAS/metadata/status/at7shx HTTP/1.1 --> 204 NO_CONTENT (referrer: -; agent: python-requests/2.9.1)
Jun 12 15:37:21 mas01 sh[21611]: 2018-06-12 15:37:21 regiond: [info] 192.168.11.8 POST /MAAS/metadata/status/at7shx HTTP/1.1 --> 204 NO_CONTENT (referrer: -; agent: python-requests/2.9.1)
Jun 12 15:37:21 mas01 sh[21607]: 2018-06-12 15:37:21 regiond: [info] 192.168.11.8 POST /MAAS/metadata/status/at7shx HTTP/1.1 --> 204 NO_CONTENT (referrer: -; agent: python-requests/2.9.1)
Jun 12 15:37:21 mas01 sh[22547]: 2018-06-12 15:37:21 regiond: [info] 192.168.11.8 POST /MAAS/metadata/status/at7shx HTTP/1.1 --> 204 NO_CONTENT (referrer: -; agent: python-requests/2.9.1)
Jun 12 15:37:21 mas01 sh[21733]: 2018-06-12 15:37:21 regiond: [info] 192.168.11.8 POST /MAAS/metadata/status/at7shx HTTP/1.1 --> 204 NO_CONTENT (referrer: -; agent: python-requests/2.9.1)
Jun 12 15:37:21 mas01 sh[21733]: 2018-06-12 15:37:21 regiond: [info] 192.168.11.8 POST /MAAS/metadata/status/at7shx HTTP/1.1 --> 204 NO_CONTENT (referrer: -; agent: python-requests/2.9.1)
Jun 12 15:37:21 mas01 sh[22547]: 2018-06-12 15:37:21 regiond: [info] 192.168.11.8 POST /MAAS/metadata/status/at7shx HTTP/1.1 --> 204 NO_CONTENT (referrer: -; agent: python-requests/2.9.1)
Jun 12 15:37:21 mas01 sh[21733]: 2018-06-12 15:37:21 regiond: [info] 192.168.11.8 POST /MAAS/metadata/status/at7shx HTTP/1.1 --> 204 NO_CONTENT (referrer: -; agent: python-requests/2.9.1)
Jun 12 15:37:21 mas01 sh[21611]: 2018-06-12 15:37:21 regiond: [info] 192.168.11.8 POST /MAAS/metadata/status/at7shx HTTP/1.1 --> 204 NO_CONTENT (referrer: -; agent: python-requests/2.9.1)
Jun 12 15:37:21 mas01 sh[21607]: 2018-06-12 15:37:21 regiond: [info] 192.168.11.8 POST /MAAS/metadata/status/at7shx HTTP/1.1 --> 204 NO_CONTENT (referrer: -; agent: python-requests/2.9.1)
Jun 12 15:37:21 mas01 sh[21607]: 2018-06-12 15:37:21 regiond: [info] 192.168.11.8 POST /MAAS/metadata/status/at7shx HTTP/1.1 --> 204 NO_CONTENT (referrer: -; agent: python-requests/2.9.1)
Jun 12 15:37:21 mas01 sh[21733]: 2018-06-12 15:37:21 regiond: [info] 192.168.11.8 POST /MAAS/metadata/status/at7shx HTTP/1.1 --> 204 NO_CONTENT (referrer: -; agent: python-requests/2.9.1)
Jun 12 15:37:21 mas01 sh[21607]: 2018-06-12 15:37:21 regiond: [info] 192.168.11.8 POST /MAAS/metadata/status/at7shx HTTP/1.1 --> 204 NO_CONTENT (referrer: -; agent: python-requests/2.9.1)
Jun 12 15:37:21 mas01 sh[21607]: message repeated 2 times: [ 2018-06-12 15:37:21 regiond: [info] 192.168.11.8 POST /MAAS/metadata/status/at7shx HTTP/1.1 --> 204 NO_CONTENT (referrer: -; agent: python-requests/2.9.1)]
Jun 12 15:37:21 mas01 sh[21733]: 2018-06-12 15:37:21 regiond: [info] 192.168.11.8 POST /MAAS/metadata/status/at7shx HTTP/1.1 --> 204 NO_CONTENT (referrer: -; agent: python-requests/2.9.1)
Jun 12 15:37:21 mas01 sh[21611]: 2018-06-12 15:37:21 regiond: [info] 192.168.11.8 POST /MAAS/metadata/status/at7shx HTTP/1.1 --> 204 NO_CONTENT (referrer: -; agent: python-requests/2.9.1)
Jun 12 15:37:21 mas01 sh[21733]: 2018-06-12 15:37:21 regiond: [info] 192.168.11.8 POST /MAAS/metadata/status/at7shx HTTP/1.1 --> 204 NO_CONTENT (referrer: -; agent: python-requests/2.9.1)
Jun 12 15:37:21 mas01 sh[21611]: 2018-06-12 15:37:21 regiond: [info] 192.168.11.8 POST /MAAS/metadata/status/at7shx HTTP/1.1 --> 204 NO_CONTENT (referrer: -; agent: python-requests/2.9.1)
Jun 12 15:37:21 mas01 sh[22547]: 2018-06-12 15:37:21 regiond: [info] 192.168.11.8 POST /MAAS/metadata/status/at7shx HTTP/1.1 --> 204 NO_CONTENT (referrer: -; agent: python-requests/2.9.1)
Jun 12 15:37:22 mas01 sh[21733]: 2018-06-12 15:37:22 regiond: [info] 192.168.11.11 POST /MAAS/metadata/status/drd6fe HTTP/1.1 --> 204 NO_CONTENT (referrer: -; agent: python-requests/2.9.1)
Jun 12 15:37:22 mas01 sh[21607]: 2018-06-12 15:37:22 regiond: [info] 192.168.11.11 POST /MAAS/metadata/status/drd6fe HTTP/1.1 --> 204 NO_CONTENT (referrer: -; agent: python-requests/2.9.1)
Jun 12 15:37:22 mas01 sh[22547]: 2018-06-12 15:37:22 regiond: [info] 192.168.11.11 POST /MAAS/metadata/status/drd6fe HTTP/1.1 --> 204 NO_CONTENT (referrer: -; agent: python-requests/2.9.1)
Jun 12 15:37:22 mas01 sh[21611]: 2018-06-12 15:37:22 regiond: [info] 192.168.11.11 POST /MAAS/metadata/status/drd6fe HTTP/1.1 --> 204 NO_CONTENT (referrer: -; agent: python-requests/2.9.1)
Jun 12 15:37:22 mas01 sh[22547]: 2018-06-12 15:37:22 regiond: [info] 192.168.11.11 POST /MAAS/metadata/status/drd6fe HTTP/1.1 --> 204 NO_CONTENT (referrer: -; agent: python-requests/2.9.1)
Jun 12 15:37:22 mas01 sh[21611]: 2018-06-12 15:37:22 regiond: [info] 192.168.11.11 POST /MAAS/metadata/status/drd6fe HTTP/1.1 --> 204 NO_CONTENT (referrer: -; agent: python-requests/2.9.1)
Jun 12 15:37:22 mas01 sh[21733]: 2018-06-12 15:37:22 regiond: [info] 192.168.11.11 POST /MAAS/metadata/status/drd6fe HTTP/1.1 --> 204 NO_CONTENT (referrer: -; agent: python-requests/2.9.1)
Jun 12 15:37:22 mas01 sh[21607]: 2018-06-12 15:37:22 regiond: [info] 192.168.11.11 POST /MAAS/metadata/status/drd6fe HTTP/1.1 --> 204 NO_CONTENT (referrer: -; agent: python-requests/2.9.1)
Jun 12 15:37:22 mas01 sh[21611]: 2018-06-12 15:37:22 regiond: [info] 192.168.11.11 POST /MAAS/metadata/status/drd6fe HTTP/1.1 --> 204 NO_CONTENT (referrer: -; agent: python-requests/2.9.1)
Jun 12 15:37:22 mas01 sh[21611]: 2018-06-12 15:37:22 regiond: [info] 192.168.11.11 POST /MAAS/metadata/status/drd6fe HTTP/1.1 --> 204 NO_CONTENT (referrer: -; agent: python-requests/2.9.1)
Jun 12 15:37:22 mas01 sh[21607]: 2018-06-12 15:37:22 regiond: [info] 10.20.0.3 GET /MAAS/api/2.0/users/?op=whoami HTTP/1.1 --> 200 OK (referrer: -; agent: Python-httplib2/0.9.1 (gzip))
Jun 12 15:37:22 mas01 sh[21607]: 2018-06-12 15:37:22 regiond: [info] 10.20.0.3 GET /MAAS/api/2.0/describe/ HTTP/1.1 --> 200 OK (referrer: -; agent: Python-httplib2/0.9.1 (gzip))
Jun 12 15:37:22 mas01 sh[21607]: 2018-06-12 15:37:22 regiond: [info] 192.168.11.11 POST /MAAS/metadata/status/drd6fe HTTP/1.1 --> 204 NO_CONTENT (referrer: -; agent: python-requests/2.9.1)
Jun 12 15:37:22 mas01 sh[22547]: 2018-06-12 15:37:22 regiond: [info] 192.168.11.11 POST /MAAS/metadata/status/drd6fe HTTP/1.1 --> 204 NO_CONTENT (referrer: -; agent: python-requests/2.9.1)
Jun 12 15:37:22 mas01 sh[21607]: 2018-06-12 15:37:22 regiond: [info] 192.168.11.11 POST /MAAS/metadata/status/drd6fe HTTP/1.1 --> 204 NO_CONTENT (referrer: -; agent: python-requests/2.9.1)
Jun 12 15:37:22 mas01 sh[22547]: 2018-06-12 15:37:22 regiond: [info] 192.168.11.11 POST /MAAS/metadata/status/drd6fe HTTP/1.1 --> 204 NO_CONTENT (referrer: -; agent: python-requests/2.9.1)
Jun 12 15:37:22 mas01 sh[22547]: 2018-06-12 15:37:22 regiond: [info] 192.168.11.11 POST /MAAS/metadata/status/drd6fe HTTP/1.1 --> 204 NO_CONTENT (referrer: -; agent: python-requests/2.9.1)
Jun 12 15:37:22 mas01 sh[21611]: 2018-06-12 15:37:22 regiond: [info] 192.168.11.11 POST /MAAS/metadata/status/drd6fe HTTP/1.1 --> 204 NO_CONTENT (referrer: -; agent: python-requests/2.9.1)
Jun 12 15:37:22 mas01 sh[21607]: 2018-06-12 15:37:22 regiond: [info] 192.168.11.11 POST /MAAS/metadata/status/drd6fe HTTP/1.1 --> 204 NO_CONTENT (referrer: -; agent: python-requests/2.9.1)
Jun 12 15:37:22 mas01 sh[22547]: 2018-06-12 15:37:22 regiond: [info] 192.168.11.11 POST /MAAS/metadata/status/drd6fe HTTP/1.1 --> 204 NO_CONTENT (referrer: -; agent: python-requests/2.9.1)
Jun 12 15:37:22 mas01 sh[22547]: message repeated 3 times: [ 2018-06-12 15:37:22 regiond: [info] 192.168.11.11 POST /MAAS/metadata/status/drd6fe HTTP/1.1 --> 204 NO_CONTENT (referrer: -; agent: python-requests/2.9.1)]
Jun 12 15:37:22 mas01 sh[21733]: 2018-06-12 15:37:22 regiond: [info] 192.168.11.11 POST /MAAS/metadata/status/drd6fe HTTP/1.1 --> 204 NO_CONTENT (referrer: -; agent: python-requests/2.9.1)
Jun 12 15:37:22 mas01 sh[22547]: 2018-06-12 15:37:22 regiond: [info] 192.168.11.11 POST /MAAS/metadata/status/drd6fe HTTP/1.1 --> 204 NO_CONTENT (referrer: -; agent: python-requests/2.9.1)
Jun 12 15:37:22 mas01 sh[21611]: 2018-06-12 15:37:22 regiond: [info] 192.168.11.11 POST /MAAS/metadata/status/drd6fe HTTP/1.1 --> 204 NO_CONTENT (referrer: -; agent: python-requests/2.9.1)
Jun 12 15:37:22 mas01 sh[22547]: 2018-06-12 15:37:22 regiond: [info] 192.168.11.11 POST /MAAS/metadata/status/drd6fe HTTP/1.1 --> 204 NO_CONTENT (referrer: -; agent: python-requests/2.9.1)
Jun 12 15:37:22 mas01 sh[21733]: 2018-06-12 15:37:22 regiond: [info] 192.168.11.11 POST /MAAS/metadata/status/drd6fe HTTP/1.1 --> 204 NO_CONTENT (referrer: -; agent: python-requests/2.9.1)
Jun 12 15:37:22 mas01 sh[21733]: 2018-06-12 15:37:22 regiond: [info] 192.168.11.11 POST /MAAS/metadata/status/drd6fe HTTP/1.1 --> 204 NO_CONTENT (referrer: -; agent: python-requests/2.9.1)
Jun 12 15:37:22 mas01 sh[22547]: 2018-06-12 15:37:22 regiond: [info] 192.168.11.11 POST /MAAS/metadata/status/drd6fe HTTP/1.1 --> 204 NO_CONTENT (referrer: -; agent: python-requests/2.9.1)
Jun 12 15:37:22 mas01 sh[21611]: 2018-06-12 15:37:22 regiond: [info] 192.168.11.11 POST /MAAS/metadata/status/drd6fe HTTP/1.1 --> 204 NO_CONTENT (referrer: -; agent: python-requests/2.9.1)
Jun 12 15:37:22 mas01 sh[21611]: 2018-06-12 15:37:22 regiond: [info] 192.168.11.11 POST /MAAS/metadata/status/drd6fe HTTP/1.1 --> 204 NO_CONTENT (referrer: -; agent: python-requests/2.9.1)
Jun 12 15:37:22 mas01 sh[21733]: 2018-06-12 15:37:22 regiond: [info] 192.168.11.11 POST /MAAS/metadata/status/drd6fe HTTP/1.1 --> 204 NO_CONTENT (referrer: -; agent: python-requests/2.9.1)
Jun 12 15:37:22 mas01 sh[21607]: 2018-06-12 15:37:22 regiond: [info] 192.168.11.11 POST /MAAS/metadata/status/drd6fe HTTP/1.1 --> 204 NO_CONTENT (referrer: -; agent: python-requests/2.9.1)
Jun 12 15:37:23 mas01 sh[21733]: 2018-06-12 15:37:23 regiond: [info] 192.168.11.11 POST /MAAS/metadata/status/drd6fe HTTP/1.1 --> 204 NO_CONTENT (referrer: -; agent: python-requests/2.9.1)
Jun 12 15:37:23 mas01 sh[21611]: 2018-06-12 15:37:23 regiond: [info] 192.168.11.11 POST /MAAS/metadata/status/drd6fe HTTP/1.1 --> 204 NO_CONTENT (referrer: -; agent: python-requests/2.9.1)
Jun 12 15:37:23 mas01 sh[21611]: 2018-06-12 15:37:23 regiond: [info] 192.168.11.11 POST /MAAS/metadata/status/drd6fe HTTP/1.1 --> 204 NO_CONTENT (referrer: -; agent: python-requests/2.9.1)
Jun 12 15:37:23 mas01 sh[21733]: 2018-06-12 15:37:23 regiond: [info] 192.168.11.11 POST /MAAS/metadata/status/drd6fe HTTP/1.1 --> 204 NO_CONTENT (referrer: -; agent: python-requests/2.9.1)
Jun 12 15:37:23 mas01 sh[21607]: 2018-06-12 15:37:23 regiond: [info] 192.168.11.11 POST /MAAS/metadata/status/drd6fe HTTP/1.1 --> 204 NO_CONTENT (referrer: -; agent: python-requests/2.9.1)
Jun 12 15:37:23 mas01 sh[21733]: 2018-06-12 15:37:23 regiond: [info] 192.168.11.11 POST /MAAS/metadata/status/drd6fe HTTP/1.1 --> 204 NO_CONTENT (referrer: -; agent: python-requests/2.9.1)
Jun 12 15:37:23 mas01 sh[21733]: 2018-06-12 15:37:23 regiond: [info] 192.168.11.11 POST /MAAS/metadata/status/drd6fe HTTP/1.1 --> 204 NO_CONTENT (referrer: -; agent: python-requests/2.9.1)
Jun 12 15:37:24 mas01 maas.node: [info] cmp001: Deleting node
Jun 12 15:37:24 mas01 maas.node: [info] cmp001: Deleting my BMC '6 (172.30.8.73:type=STICKY)'
Jun 12 15:37:24 mas01 maas.node: [info] 6 (172.30.8.73:type=STICKY): Deleting BMC
Jun 12 15:37:24 mas01 sh[21611]: 2018-06-12 15:37:24 regiond: [info] 10.20.0.3 DELETE /MAAS/api/2.0/machines/rdrcrx/ HTTP/1.1 --> 204 NO_CONTENT (referrer: -; agent: Python-httplib2/0.9.1 (gzip))
Jun 12 15:37:25 mas01 dhcpd[23908]: DHCPDISCOVER from 00:25:b5:a0:00:4a via ens5
Jun 12 15:37:25 mas01 dhcpd[23908]: DHCPOFFER on 192.168.11.12 to 00:25:b5:a0:00:4a (kvm03) via ens5
Jun 12 15:37:25 mas01 dhcpd[23908]: execute_statement argv[0] = /usr/sbin/maas-dhcp-helper
Jun 12 15:37:25 mas01 dhcpd[23908]: execute_statement argv[1] = notify
Jun 12 15:37:25 mas01 dhcpd[23908]: execute_statement argv[2] = --action
Jun 12 15:37:25 mas01 dhcpd[23908]: execute_statement argv[3] = commit
Jun 12 15:37:25 mas01 dhcpd[23908]: execute_statement argv[4] = --mac
Jun 12 15:37:25 mas01 dhcpd[23908]: execute_statement argv[5] = 0:25:b5:a0:0:4a
Jun 12 15:37:25 mas01 dhcpd[23908]: execute_statement argv[6] = --ip-family
Jun 12 15:37:25 mas01 dhcpd[23908]: execute_statement argv[7] = ipv4
Jun 12 15:37:25 mas01 dhcpd[23908]: execute_statement argv[8] = --ip
Jun 12 15:37:25 mas01 dhcpd[23908]: execute_statement argv[9] = 192.168.11.12
Jun 12 15:37:25 mas01 dhcpd[23908]: execute_statement argv[10] = --lease-time
Jun 12 15:37:25 mas01 dhcpd[23908]: execute_statement argv[11] = 600
Jun 12 15:37:25 mas01 dhcpd[23908]: execute_statement argv[12] = --hostname
Jun 12 15:37:25 mas01 dhcpd[23908]: execute_statement argv[13] = kvm03
Jun 12 15:37:25 mas01 dhcpd[23908]: execute_statement argv[14] = --socket
Jun 12 15:37:25 mas01 dhcpd[23908]: execute_statement argv[15] = /var/lib/maas/dhcpd.sock
Jun 12 15:37:25 mas01 salt-minion[1416]: [INFO    ] {'pid': 25192, 'retcode': 0, 'stderr': '', 'stdout': "\nYou are now logged in to the MAAS server at\nhttp://192.168.11.3:5240/MAAS/api/2.0/ with the profile name 'opnfv'.\n\nFor help with the available commands, try:\n\n  maas opnfv --help"}
Jun 12 15:37:25 mas01 salt-minion[1416]: [INFO    ] Completed state [maas login opnfv http://192.168.11.3:5240/MAAS/api/2.0 - < /var/lib/maas/.maas_credentials && maas opnfv machine delete rdrcrx] at time 15:37:25.228994 duration_in_ms=3958.055
Jun 12 15:37:25 mas01 salt-minion[1416]: [INFO    ] Returning information for job: 20180612153719009801
Jun 12 15:37:25 mas01 named[21535]: received control channel command 'reload'
Jun 12 15:37:25 mas01 named[21535]: loading configuration from '/etc/bind/named.conf'
Jun 12 15:37:25 mas01 named[21535]: reading built-in trusted keys from file '/etc/bind/bind.keys'
Jun 12 15:37:25 mas01 named[21535]: initializing GeoIP Country (IPv4) (type 1) DB
Jun 12 15:37:25 mas01 named[21535]: GEO-106FREE 20160408 Bu
Jun 12 15:37:25 mas01 named[21535]: initializing GeoIP Country (IPv6) (type 12) DB
Jun 12 15:37:25 mas01 named[21535]: GEO-106FREE 20160408 Bu
Jun 12 15:37:25 mas01 named[21535]: GeoIP City (IPv4) (type 2) DB not available
Jun 12 15:37:25 mas01 named[21535]: GeoIP City (IPv4) (type 6) DB not available
Jun 12 15:37:25 mas01 named[21535]: GeoIP City (IPv6) (type 30) DB not available
Jun 12 15:37:25 mas01 named[21535]: GeoIP City (IPv6) (type 31) DB not available
Jun 12 15:37:25 mas01 named[21535]: GeoIP Region (type 3) DB not available
Jun 12 15:37:25 mas01 named[21535]: GeoIP Region (type 7) DB not available
Jun 12 15:37:25 mas01 named[21535]: GeoIP ISP (type 4) DB not available
Jun 12 15:37:25 mas01 named[21535]: GeoIP Org (type 5) DB not available
Jun 12 15:37:25 mas01 named[21535]: GeoIP AS (type 9) DB not available
Jun 12 15:37:25 mas01 named[21535]: GeoIP Domain (type 11) DB not available
Jun 12 15:37:25 mas01 named[21535]: GeoIP NetSpeed (type 10) DB not available
Jun 12 15:37:25 mas01 named[21535]: using default UDP/IPv4 port range: [32768, 60999]
Jun 12 15:37:25 mas01 named[21535]: using default UDP/IPv6 port range: [32768, 60999]
Jun 12 15:37:25 mas01 named[21535]: sizing zone task pool based on 9 zones
Jun 12 15:37:25 mas01 named[21535]: automatic empty zone: 10.IN-ADDR.ARPA
Jun 12 15:37:25 mas01 named[21535]: automatic empty zone: 16.172.IN-ADDR.ARPA
Jun 12 15:37:25 mas01 named[21535]: automatic empty zone: 17.172.IN-ADDR.ARPA
Jun 12 15:37:25 mas01 named[21535]: automatic empty zone: 18.172.IN-ADDR.ARPA
Jun 12 15:37:25 mas01 named[21535]: automatic empty zone: 19.172.IN-ADDR.ARPA
Jun 12 15:37:25 mas01 named[21535]: automatic empty zone: 20.172.IN-ADDR.ARPA
Jun 12 15:37:25 mas01 named[21535]: automatic empty zone: 21.172.IN-ADDR.ARPA
Jun 12 15:37:25 mas01 named[21535]: automatic empty zone: 22.172.IN-ADDR.ARPA
Jun 12 15:37:25 mas01 named[21535]: automatic empty zone: 23.172.IN-ADDR.ARPA
Jun 12 15:37:25 mas01 named[21535]: automatic empty zone: 24.172.IN-ADDR.ARPA
Jun 12 15:37:25 mas01 named[21535]: automatic empty zone: 25.172.IN-ADDR.ARPA
Jun 12 15:37:25 mas01 named[21535]: automatic empty zone: 26.172.IN-ADDR.ARPA
Jun 12 15:37:25 mas01 named[21535]: automatic empty zone: 27.172.IN-ADDR.ARPA
Jun 12 15:37:25 mas01 named[21535]: automatic empty zone: 28.172.IN-ADDR.ARPA
Jun 12 15:37:25 mas01 named[21535]: automatic empty zone: 29.172.IN-ADDR.ARPA
Jun 12 15:37:25 mas01 named[21535]: automatic empty zone: 30.172.IN-ADDR.ARPA
Jun 12 15:37:25 mas01 named[21535]: automatic empty zone: 31.172.IN-ADDR.ARPA
Jun 12 15:37:25 mas01 named[21535]: automatic empty zone: 168.192.IN-ADDR.ARPA
Jun 12 15:37:25 mas01 named[21535]: automatic empty zone: 64.100.IN-ADDR.ARPA
Jun 12 15:37:25 mas01 named[21535]: automatic empty zone: 65.100.IN-ADDR.ARPA
Jun 12 15:37:25 mas01 named[21535]: automatic empty zone: 66.100.IN-ADDR.ARPA
Jun 12 15:37:25 mas01 named[21535]: automatic empty zone: 67.100.IN-ADDR.ARPA
Jun 12 15:37:25 mas01 named[21535]: automatic empty zone: 68.100.IN-ADDR.ARPA
Jun 12 15:37:25 mas01 named[21535]: automatic empty zone: 69.100.IN-ADDR.ARPA
Jun 12 15:37:25 mas01 named[21535]: automatic empty zone: 70.100.IN-ADDR.ARPA
Jun 12 15:37:25 mas01 named[21535]: automatic empty zone: 71.100.IN-ADDR.ARPA
Jun 12 15:37:25 mas01 named[21535]: automatic empty zone: 72.100.IN-ADDR.ARPA
Jun 12 15:37:25 mas01 named[21535]: automatic empty zone: 73.100.IN-ADDR.ARPA
Jun 12 15:37:25 mas01 named[21535]: automatic empty zone: 74.100.IN-ADDR.ARPA
Jun 12 15:37:25 mas01 named[21535]: automatic empty zone: 75.100.IN-ADDR.ARPA
Jun 12 15:37:25 mas01 named[21535]: automatic empty zone: 76.100.IN-ADDR.ARPA
Jun 12 15:37:25 mas01 named[21535]: automatic empty zone: 77.100.IN-ADDR.ARPA
Jun 12 15:37:25 mas01 named[21535]: automatic empty zone: 78.100.IN-ADDR.ARPA
Jun 12 15:37:25 mas01 named[21535]: automatic empty zone: 79.100.IN-ADDR.ARPA
Jun 12 15:37:25 mas01 named[21535]: automatic empty zone: 80.100.IN-ADDR.ARPA
Jun 12 15:37:25 mas01 named[21535]: automatic empty zone: 81.100.IN-ADDR.ARPA
Jun 12 15:37:25 mas01 named[21535]: automatic empty zone: 82.100.IN-ADDR.ARPA
Jun 12 15:37:25 mas01 named[21535]: automatic empty zone: 83.100.IN-ADDR.ARPA
Jun 12 15:37:25 mas01 named[21535]: automatic empty zone: 84.100.IN-ADDR.ARPA
Jun 12 15:37:25 mas01 named[21535]: automatic empty zone: 85.100.IN-ADDR.ARPA
Jun 12 15:37:25 mas01 named[21535]: automatic empty zone: 86.100.IN-ADDR.ARPA
Jun 12 15:37:25 mas01 named[21535]: automatic empty zone: 87.100.IN-ADDR.ARPA
Jun 12 15:37:25 mas01 named[21535]: automatic empty zone: 88.100.IN-ADDR.ARPA
Jun 12 15:37:25 mas01 named[21535]: automatic empty zone: 89.100.IN-ADDR.ARPA
Jun 12 15:37:25 mas01 named[21535]: automatic empty zone: 90.100.IN-ADDR.ARPA
Jun 12 15:37:25 mas01 named[21535]: automatic empty zone: 91.100.IN-ADDR.ARPA
Jun 12 15:37:25 mas01 named[21535]: automatic empty zone: 92.100.IN-ADDR.ARPA
Jun 12 15:37:25 mas01 named[21535]: automatic empty zone: 93.100.IN-ADDR.ARPA
Jun 12 15:37:25 mas01 named[21535]: automatic empty zone: 94.100.IN-ADDR.ARPA
Jun 12 15:37:25 mas01 named[21535]: automatic empty zone: 95.100.IN-ADDR.ARPA
Jun 12 15:37:25 mas01 named[21535]: automatic empty zone: 96.100.IN-ADDR.ARPA
Jun 12 15:37:25 mas01 named[21535]: automatic empty zone: 97.100.IN-ADDR.ARPA
Jun 12 15:37:25 mas01 named[21535]: automatic empty zone: 98.100.IN-ADDR.ARPA
Jun 12 15:37:25 mas01 named[21535]: automatic empty zone: 99.100.IN-ADDR.ARPA
Jun 12 15:37:25 mas01 named[21535]: automatic empty zone: 100.100.IN-ADDR.ARPA
Jun 12 15:37:25 mas01 named[21535]: automatic empty zone: 101.100.IN-ADDR.ARPA
Jun 12 15:37:25 mas01 named[21535]: automatic empty zone: 102.100.IN-ADDR.ARPA
Jun 12 15:37:25 mas01 named[21535]: automatic empty zone: 103.100.IN-ADDR.ARPA
Jun 12 15:37:25 mas01 named[21535]: automatic empty zone: 104.100.IN-ADDR.ARPA
Jun 12 15:37:25 mas01 named[21535]: automatic empty zone: 105.100.IN-ADDR.ARPA
Jun 12 15:37:25 mas01 named[21535]: automatic empty zone: 106.100.IN-ADDR.ARPA
Jun 12 15:37:25 mas01 named[21535]: automatic empty zone: 107.100.IN-ADDR.ARPA
Jun 12 15:37:25 mas01 named[21535]: automatic empty zone: 108.100.IN-ADDR.ARPA
Jun 12 15:37:25 mas01 named[21535]: automatic empty zone: 109.100.IN-ADDR.ARPA
Jun 12 15:37:25 mas01 named[21535]: automatic empty zone: 110.100.IN-ADDR.ARPA
Jun 12 15:37:25 mas01 named[21535]: automatic empty zone: 111.100.IN-ADDR.ARPA
Jun 12 15:37:25 mas01 named[21535]: automatic empty zone: 112.100.IN-ADDR.ARPA
Jun 12 15:37:25 mas01 named[21535]: automatic empty zone: 113.100.IN-ADDR.ARPA
Jun 12 15:37:25 mas01 named[21535]: automatic empty zone: 114.100.IN-ADDR.ARPA
Jun 12 15:37:25 mas01 named[21535]: automatic empty zone: 115.100.IN-ADDR.ARPA
Jun 12 15:37:25 mas01 named[21535]: automatic empty zone: 116.100.IN-ADDR.ARPA
Jun 12 15:37:25 mas01 named[21535]: automatic empty zone: 117.100.IN-ADDR.ARPA
Jun 12 15:37:25 mas01 named[21535]: automatic empty zone: 118.100.IN-ADDR.ARPA
Jun 12 15:37:25 mas01 named[21535]: automatic empty zone: 119.100.IN-ADDR.ARPA
Jun 12 15:37:25 mas01 named[21535]: automatic empty zone: 120.100.IN-ADDR.ARPA
Jun 12 15:37:25 mas01 named[21535]: automatic empty zone: 121.100.IN-ADDR.ARPA
Jun 12 15:37:25 mas01 named[21535]: automatic empty zone: 122.100.IN-ADDR.ARPA
Jun 12 15:37:25 mas01 named[21535]: automatic empty zone: 123.100.IN-ADDR.ARPA
Jun 12 15:37:25 mas01 named[21535]: automatic empty zone: 124.100.IN-ADDR.ARPA
Jun 12 15:37:25 mas01 named[21535]: automatic empty zone: 125.100.IN-ADDR.ARPA
Jun 12 15:37:25 mas01 named[21535]: automatic empty zone: 126.100.IN-ADDR.ARPA
Jun 12 15:37:25 mas01 named[21535]: automatic empty zone: 127.100.IN-ADDR.ARPA
Jun 12 15:37:25 mas01 named[21535]: automatic empty zone: 254.169.IN-ADDR.ARPA
Jun 12 15:37:25 mas01 named[21535]: automatic empty zone: 2.0.192.IN-ADDR.ARPA
Jun 12 15:37:25 mas01 named[21535]: automatic empty zone: 100.51.198.IN-ADDR.ARPA
Jun 12 15:37:25 mas01 named[21535]: automatic empty zone: 113.0.203.IN-ADDR.ARPA
Jun 12 15:37:25 mas01 named[21535]: automatic empty zone: 255.255.255.255.IN-ADDR.ARPA
Jun 12 15:37:25 mas01 named[21535]: automatic empty zone: 0.0.0.0.0.0.0.0.0.0.0.0.0.0.0.0.0.0.0.0.0.0.0.0.0.0.0.0.0.0.0.0.IP6.ARPA
Jun 12 15:37:25 mas01 named[21535]: automatic empty zone: 1.0.0.0.0.0.0.0.0.0.0.0.0.0.0.0.0.0.0.0.0.0.0.0.0.0.0.0.0.0.0.0.IP6.ARPA
Jun 12 15:37:25 mas01 named[21535]: automatic empty zone: D.F.IP6.ARPA
Jun 12 15:37:25 mas01 named[21535]: automatic empty zone: 8.E.F.IP6.ARPA
Jun 12 15:37:25 mas01 named[21535]: automatic empty zone: 9.E.F.IP6.ARPA
Jun 12 15:37:25 mas01 named[21535]: automatic empty zone: A.E.F.IP6.ARPA
Jun 12 15:37:25 mas01 named[21535]: automatic empty zone: B.E.F.IP6.ARPA
Jun 12 15:37:25 mas01 named[21535]: automatic empty zone: 8.B.D.0.1.0.0.2.IP6.ARPA
Jun 12 15:37:25 mas01 named[21535]: automatic empty zone: EMPTY.AS112.ARPA
Jun 12 15:37:25 mas01 named[21535]: configuring command channel from '/etc/bind/rndc.key'
Jun 12 15:37:25 mas01 named[21535]: reloading configuration succeeded
Jun 12 15:37:25 mas01 named[21535]: reloading zones succeeded
Jun 12 15:37:25 mas01 named[21535]: zone 4.167.10.in-addr.arpa/IN: loaded serial 31
Jun 12 15:37:25 mas01 named[21535]: zone 0.20.10.in-addr.arpa/IN: loaded serial 31
Jun 12 15:37:25 mas01 named[21535]: all zones loaded
Jun 12 15:37:25 mas01 named[21535]: running
Jun 12 15:37:25 mas01 named[21535]: zone mcp-ovs-ha.local/IN: loaded serial 31
Jun 12 15:37:25 mas01 named[21535]: zone 11.168.192.in-addr.arpa/IN: loaded serial 31
Jun 12 15:37:25 mas01 dhcpd[23908]: DHCPREQUEST for 192.168.11.12 (192.168.11.3) from 00:25:b5:a0:00:4a (kvm03) via ens5
Jun 12 15:37:25 mas01 dhcpd[23908]: DHCPACK on 192.168.11.12 to 00:25:b5:a0:00:4a (kvm03) via ens5
Jun 12 15:37:25 mas01 dhcpd[23908]: DHCPDISCOVER from 00:25:b5:a0:00:3a via ens5
Jun 12 15:37:25 mas01 dhcpd[23908]: DHCPOFFER on 192.168.11.13 to 00:25:b5:a0:00:3a (kvm02) via ens5
Jun 12 15:37:25 mas01 dhcpd[23908]: execute_statement argv[0] = /usr/sbin/maas-dhcp-helper
Jun 12 15:37:25 mas01 dhcpd[23908]: execute_statement argv[1] = notify
Jun 12 15:37:25 mas01 dhcpd[23908]: execute_statement argv[2] = --action
Jun 12 15:37:25 mas01 dhcpd[23908]: execute_statement argv[3] = commit
Jun 12 15:37:25 mas01 dhcpd[23908]: execute_statement argv[4] = --mac
Jun 12 15:37:25 mas01 dhcpd[23908]: execute_statement argv[5] = 0:25:b5:a0:0:3a
Jun 12 15:37:25 mas01 dhcpd[23908]: execute_statement argv[6] = --ip-family
Jun 12 15:37:25 mas01 dhcpd[23908]: execute_statement argv[7] = ipv4
Jun 12 15:37:25 mas01 dhcpd[23908]: execute_statement argv[8] = --ip
Jun 12 15:37:25 mas01 dhcpd[23908]: execute_statement argv[9] = 192.168.11.13
Jun 12 15:37:25 mas01 dhcpd[23908]: execute_statement argv[10] = --lease-time
Jun 12 15:37:25 mas01 dhcpd[23908]: execute_statement argv[11] = 600
Jun 12 15:37:25 mas01 dhcpd[23908]: execute_statement argv[12] = --hostname
Jun 12 15:37:25 mas01 dhcpd[23908]: execute_statement argv[13] = kvm02
Jun 12 15:37:25 mas01 dhcpd[23908]: execute_statement argv[14] = --socket
Jun 12 15:37:25 mas01 dhcpd[23908]: execute_statement argv[15] = /var/lib/maas/dhcpd.sock
Jun 12 15:37:25 mas01 sh[21607]: 2018-06-12 15:37:25 maasserver.rpc.leases: [info] Lease update: commit for 192.168.11.12 on 0:25:b5:a0:0:4a at 2018-06-12 15:37:25 (lease time: 600s) (hostname: kvm03)
Jun 12 15:37:25 mas01 sh[22547]: 2018-06-12 15:37:25 maasserver.rpc.leases: [info] Lease update: commit for 192.168.11.13 on 0:25:b5:a0:0:3a at 2018-06-12 15:37:25 (lease time: 600s) (hostname: kvm02)
Jun 12 15:37:25 mas01 dhcpd[23908]: DHCPREQUEST for 192.168.11.13 (192.168.11.3) from 00:25:b5:a0:00:3a (kvm02) via ens5
Jun 12 15:37:25 mas01 dhcpd[23908]: DHCPACK on 192.168.11.13 to 00:25:b5:a0:00:3a (kvm02) via ens5
Jun 12 15:37:26 mas01 sh[21033]: 2018-06-12 15:37:26 rackd: [info] 192.168.11.12 GET /images/ubuntu/amd64/hwe-16.04/xenial/daily/squashfs HTTP/1.1 --> 200 OK (referrer: -; agent: Wget)
Jun 12 15:37:26 mas01 sh[21033]: 2018-06-12 15:37:26 rackd: [info] 192.168.11.13 GET /images/ubuntu/amd64/hwe-16.04/xenial/daily/squashfs HTTP/1.1 --> 200 OK (referrer: -; agent: Wget)
Jun 12 15:37:28 mas01 sh[22547]: 2018-06-12 15:37:28 regiond: [info] 127.0.0.1 GET /MAAS/rpc/ HTTP/1.0 --> 200 OK (referrer: -; agent: provisioningserver.rpc.clusterservice.ClusterClientService)
Jun 12 15:37:29 mas01 sh[21607]: 2018-06-12 15:37:29 regiond: [info] 192.168.11.13 GET /MAAS/metadata/latest/by-id/ep4naa/?op=get_preseed HTTP/1.1 --> 200 OK (referrer: -; agent: Cloud-Init/18.2)
Jun 12 15:37:29 mas01 sh[22547]: 2018-06-12 15:37:29 regiond: [info] 192.168.11.11 GET /MAAS/metadata/2012-03-01/maas-scripts/ HTTP/1.1 --> 200 OK (referrer: -; agent: Python-urllib/3.5)
Jun 12 15:37:29 mas01 sh[21611]: 2018-06-12 15:37:29 regiond: [info] 192.168.11.11 POST /MAAS/metadata/2012-03-01/ HTTP/1.1 --> 200 OK (referrer: -; agent: Python-urllib/3.5)
Jun 12 15:37:29 mas01 sh[22547]: 2018-06-12 15:37:29 maasserver.region_controller: [info] Reloaded DNS configuration; removed node cmp001
Jun 12 15:37:29 mas01 sh[21607]: 2018-06-12 15:37:29 regiond: [info] 192.168.11.13 POST /MAAS/metadata/status/ep4naa HTTP/1.1 --> 204 NO_CONTENT (referrer: -; agent: python-requests/2.9.1)
Jun 12 15:37:29 mas01 sh[21733]: 2018-06-12 15:37:29 regiond: [info] 192.168.11.13 POST /MAAS/metadata/status/ep4naa HTTP/1.1 --> 204 NO_CONTENT (referrer: -; agent: python-requests/2.9.1)
Jun 12 15:37:29 mas01 sh[21611]: 2018-06-12 15:37:29 regiond: [info] 192.168.11.8 GET /MAAS/metadata/2012-03-01/maas-scripts/ HTTP/1.1 --> 200 OK (referrer: -; agent: Python-urllib/3.5)
Jun 12 15:37:29 mas01 sh[22547]: 2018-06-12 15:37:29 regiond: [info] 192.168.11.8 POST /MAAS/metadata/2012-03-01/ HTTP/1.1 --> 200 OK (referrer: -; agent: Python-urllib/3.5)
Jun 12 15:37:29 mas01 sh[21733]: 2018-06-12 15:37:29 regiond: [info] 192.168.11.11 POST /MAAS/metadata/2012-03-01/ HTTP/1.1 --> 200 OK (referrer: -; agent: Python-urllib/3.5)
Jun 12 15:37:29 mas01 sh[22547]: 2018-06-12 15:37:29 regiond: [info] 192.168.11.12 POST /MAAS/metadata/status/7fkhnr HTTP/1.1 --> 204 NO_CONTENT (referrer: -; agent: python-requests/2.9.1)
Jun 12 15:37:29 mas01 sh[21611]: 2018-06-12 15:37:29 regiond: [info] 192.168.11.12 POST /MAAS/metadata/status/7fkhnr HTTP/1.1 --> 204 NO_CONTENT (referrer: -; agent: python-requests/2.9.1)
Jun 12 15:37:29 mas01 sh[21611]: 2018-06-12 15:37:29 regiond: [info] 192.168.11.8 POST /MAAS/metadata/2012-03-01/ HTTP/1.1 --> 200 OK (referrer: -; agent: Python-urllib/3.5)
Jun 12 15:37:29 mas01 ntpd[22708]: Soliciting pool server 91.189.94.4
Jun 12 15:37:29 mas01 sh[21611]: 2018-06-12 15:37:29 regiond: [info] 192.168.11.13 POST /MAAS/metadata/status/ep4naa HTTP/1.1 --> 204 NO_CONTENT (referrer: -; agent: python-requests/2.9.1)
Jun 12 15:37:29 mas01 sh[22547]: 2018-06-12 15:37:29 regiond: [info] 192.168.11.12 POST /MAAS/metadata/status/7fkhnr HTTP/1.1 --> 204 NO_CONTENT (referrer: -; agent: python-requests/2.9.1)
Jun 12 15:37:29 mas01 sh[21607]: 2018-06-12 15:37:29 regiond: [info] 192.168.11.11 GET /MAAS/metadata/latest/by-id/drd6fe/?op=get_preseed HTTP/1.1 --> 200 OK (referrer: -; agent: curl/7.47.0)
Jun 12 15:37:29 mas01 sh[22547]: 2018-06-12 15:37:29 regiond: [info] 192.168.11.8 GET /MAAS/metadata/latest/by-id/at7shx/?op=get_preseed HTTP/1.1 --> 200 OK (referrer: -; agent: curl/7.47.0)
Jun 12 15:37:29 mas01 sh[21607]: 2018-06-12 15:37:29 regiond: [info] 192.168.11.13 GET /MAAS/metadata/latest/by-id/ep4naa/?op=get_preseed HTTP/1.1 --> 200 OK (referrer: -; agent: Cloud-Init/18.2)
Jun 12 15:37:30 mas01 sh[21607]: 2018-06-12 15:37:30 regiond: [info] 192.168.11.11 POST /MAAS/metadata/2012-03-01/ HTTP/1.1 --> 200 OK (referrer: -; agent: Python-urllib/3.5)
Jun 12 15:37:30 mas01 sh[21733]: 2018-06-12 15:37:30 regiond: [info] 192.168.11.12 POST /MAAS/metadata/status/7fkhnr HTTP/1.1 --> 204 NO_CONTENT (referrer: -; agent: python-requests/2.9.1)
Jun 12 15:37:30 mas01 sh[21607]: 2018-06-12 15:37:30 regiond: [info] 192.168.11.12 POST /MAAS/metadata/status/7fkhnr HTTP/1.1 --> 204 NO_CONTENT (referrer: -; agent: python-requests/2.9.1)
Jun 12 15:37:30 mas01 sh[21607]: 2018-06-12 15:37:30 regiond: [info] 192.168.11.12 POST /MAAS/metadata/status/7fkhnr HTTP/1.1 --> 204 NO_CONTENT (referrer: -; agent: python-requests/2.9.1)
Jun 12 15:37:30 mas01 sh[22547]: 2018-06-12 15:37:30 regiond: [info] 192.168.11.13 POST /MAAS/metadata/status/ep4naa HTTP/1.1 --> 204 NO_CONTENT (referrer: -; agent: python-requests/2.9.1)
Jun 12 15:37:30 mas01 sh[21607]: 2018-06-12 15:37:30 regiond: [info] 192.168.11.13 POST /MAAS/metadata/status/ep4naa HTTP/1.1 --> 204 NO_CONTENT (referrer: -; agent: python-requests/2.9.1)
Jun 12 15:37:30 mas01 sh[21607]: 2018-06-12 15:37:30 regiond: [info] 192.168.11.13 POST /MAAS/metadata/status/ep4naa HTTP/1.1 --> 204 NO_CONTENT (referrer: -; agent: python-requests/2.9.1)
Jun 12 15:37:30 mas01 sh[21733]: 2018-06-12 15:37:30 regiond: [info] 192.168.11.8 POST /MAAS/metadata/2012-03-01/ HTTP/1.1 --> 200 OK (referrer: -; agent: Python-urllib/3.5)
Jun 12 15:37:30 mas01 sh[21607]: 2018-06-12 15:37:30 regiond: [info] 192.168.11.12 GET /MAAS/metadata/2012-03-01/meta-data/instance-id HTTP/1.1 --> 200 OK (referrer: -; agent: Cloud-Init/18.2)
Jun 12 15:37:30 mas01 sh[21611]: 2018-06-12 15:37:30 regiond: [info] 192.168.11.13 GET /MAAS/metadata/2012-03-01/meta-data/instance-id HTTP/1.1 --> 200 OK (referrer: -; agent: Cloud-Init/18.2)
Jun 12 15:37:30 mas01 sh[21611]: 2018-06-12 15:37:30 regiond: [info] 192.168.11.11 POST /MAAS/metadata/2012-03-01/ HTTP/1.1 --> 200 OK (referrer: -; agent: Python-urllib/3.5)
Jun 12 15:37:30 mas01 sh[21607]: 2018-06-12 15:37:30 regiond: [info] 192.168.11.12 GET /MAAS/metadata/2012-03-01/meta-data/instance-id HTTP/1.1 --> 200 OK (referrer: -; agent: python-requests/2.9.1)
Jun 12 15:37:30 mas01 sh[21607]: 2018-06-12 15:37:30 regiond: [info] 192.168.11.8 POST /MAAS/metadata/2012-03-01/ HTTP/1.1 --> 200 OK (referrer: -; agent: Python-urllib/3.5)
Jun 12 15:37:30 mas01 sh[21607]: 2018-06-12 15:37:30 regiond: [info] 192.168.11.13 GET /MAAS/metadata/2012-03-01/meta-data/instance-id HTTP/1.1 --> 200 OK (referrer: -; agent: python-requests/2.9.1)
Jun 12 15:37:30 mas01 sh[21611]: 2018-06-12 15:37:30 regiond: [info] 192.168.11.12 GET /MAAS/metadata/2012-03-01/meta-data/local-hostname HTTP/1.1 --> 200 OK (referrer: -; agent: python-requests/2.9.1)
Jun 12 15:37:30 mas01 sh[21607]: 2018-06-12 15:37:30 regiond: [info] 192.168.11.13 GET /MAAS/metadata/2012-03-01/meta-data/local-hostname HTTP/1.1 --> 200 OK (referrer: -; agent: python-requests/2.9.1)
Jun 12 15:37:30 mas01 sh[21611]: 2018-06-12 15:37:30 regiond: [info] 192.168.11.11 POST /MAAS/metadata/2012-03-01/ HTTP/1.1 --> 200 OK (referrer: -; agent: Python-urllib/3.5)
Jun 12 15:37:30 mas01 sh[21733]: 2018-06-12 15:37:30 regiond: [info] 192.168.11.8 POST /MAAS/metadata/2012-03-01/ HTTP/1.1 --> 200 OK (referrer: -; agent: Python-urllib/3.5)
Jun 12 15:37:30 mas01 sh[21611]: 2018-06-12 15:37:30 regiond: [info] 192.168.11.12 GET /MAAS/metadata/2012-03-01/meta-data/vendor-data HTTP/1.1 --> 200 OK (referrer: -; agent: python-requests/2.9.1)
Jun 12 15:37:30 mas01 sh[21733]: 2018-06-12 15:37:30 regiond: [info] 192.168.11.11 POST /MAAS/metadata/2012-03-01/ HTTP/1.1 --> 200 OK (referrer: -; agent: Python-urllib/3.5)
Jun 12 15:37:30 mas01 sh[21733]: 2018-06-12 15:37:30 regiond: [info] 192.168.11.8 POST /MAAS/metadata/2012-03-01/ HTTP/1.1 --> 200 OK (referrer: -; agent: Python-urllib/3.5)
Jun 12 15:37:30 mas01 sh[22547]: 2018-06-12 15:37:30 regiond: [info] 192.168.11.13 GET /MAAS/metadata/2012-03-01/meta-data/vendor-data HTTP/1.1 --> 200 OK (referrer: -; agent: python-requests/2.9.1)
Jun 12 15:37:30 mas01 sh[21611]: 2018-06-12 15:37:30 regiond: [info] 192.168.11.12 POST /MAAS/metadata/status/7fkhnr HTTP/1.1 --> 204 NO_CONTENT (referrer: -; agent: python-requests/2.9.1)
Jun 12 15:37:30 mas01 sh[21611]: 2018-06-12 15:37:30 regiond: [info] 192.168.11.13 GET /MAAS/metadata/2012-03-01/user-data HTTP/1.1 --> 200 OK (referrer: -; agent: python-requests/2.9.1)
Jun 12 15:37:30 mas01 sh[21611]: 2018-06-12 15:37:30 regiond: [info] 192.168.11.13 POST /MAAS/metadata/status/ep4naa HTTP/1.1 --> 204 NO_CONTENT (referrer: -; agent: python-requests/2.9.1)
Jun 12 15:37:30 mas01 sh[22547]: 2018-06-12 15:37:30 regiond: [info] 192.168.11.12 POST /MAAS/metadata/status/7fkhnr HTTP/1.1 --> 204 NO_CONTENT (referrer: -; agent: python-requests/2.9.1)
Jun 12 15:37:30 mas01 sh[21611]: 2018-06-12 15:37:30 regiond: [info] 192.168.11.12 POST /MAAS/metadata/status/7fkhnr HTTP/1.1 --> 204 NO_CONTENT (referrer: -; agent: python-requests/2.9.1)
Jun 12 15:37:30 mas01 sh[22547]: 2018-06-12 15:37:30 regiond: [info] 192.168.11.12 POST /MAAS/metadata/status/7fkhnr HTTP/1.1 --> 204 NO_CONTENT (referrer: -; agent: python-requests/2.9.1)
Jun 12 15:37:30 mas01 sh[21607]: 2018-06-12 15:37:30 regiond: [info] 192.168.11.12 POST /MAAS/metadata/status/7fkhnr HTTP/1.1 --> 204 NO_CONTENT (referrer: -; agent: python-requests/2.9.1)
Jun 12 15:37:30 mas01 sh[21733]: 2018-06-12 15:37:30 regiond: [info] 192.168.11.13 POST /MAAS/metadata/status/ep4naa HTTP/1.1 --> 204 NO_CONTENT (referrer: -; agent: python-requests/2.9.1)
Jun 12 15:37:30 mas01 sh[21733]: 2018-06-12 15:37:30 regiond: [info] 192.168.11.13 POST /MAAS/metadata/status/ep4naa HTTP/1.1 --> 204 NO_CONTENT (referrer: -; agent: python-requests/2.9.1)
Jun 12 15:37:30 mas01 sh[21611]: 2018-06-12 15:37:30 regiond: [info] 192.168.11.13 POST /MAAS/metadata/status/ep4naa HTTP/1.1 --> 204 NO_CONTENT (referrer: -; agent: python-requests/2.9.1)
Jun 12 15:37:30 mas01 sh[21611]: 2018-06-12 15:37:30 regiond: [info] 192.168.11.13 POST /MAAS/metadata/status/ep4naa HTTP/1.1 --> 204 NO_CONTENT (referrer: -; agent: python-requests/2.9.1)
Jun 12 15:37:30 mas01 sh[21733]: 2018-06-12 15:37:30 regiond: [info] 192.168.11.12 POST /MAAS/metadata/status/7fkhnr HTTP/1.1 --> 204 NO_CONTENT (referrer: -; agent: python-requests/2.9.1)
Jun 12 15:37:30 mas01 sh[21733]: 2018-06-12 15:37:30 regiond: [info] 192.168.11.12 POST /MAAS/metadata/status/7fkhnr HTTP/1.1 --> 204 NO_CONTENT (referrer: -; agent: python-requests/2.9.1)
Jun 12 15:37:30 mas01 sh[21607]: 2018-06-12 15:37:30 regiond: [info] 192.168.11.12 POST /MAAS/metadata/status/7fkhnr HTTP/1.1 --> 204 NO_CONTENT (referrer: -; agent: python-requests/2.9.1)
Jun 12 15:37:30 mas01 sh[22547]: 2018-06-12 15:37:30 regiond: [info] 192.168.11.12 POST /MAAS/metadata/status/7fkhnr HTTP/1.1 --> 204 NO_CONTENT (referrer: -; agent: python-requests/2.9.1)
Jun 12 15:37:30 mas01 sh[22547]: 2018-06-12 15:37:30 regiond: [info] 192.168.11.12 POST /MAAS/metadata/status/7fkhnr HTTP/1.1 --> 204 NO_CONTENT (referrer: -; agent: python-requests/2.9.1)
Jun 12 15:37:30 mas01 sh[21607]: 2018-06-12 15:37:30 regiond: [info] 192.168.11.12 POST /MAAS/metadata/status/7fkhnr HTTP/1.1 --> 204 NO_CONTENT (referrer: -; agent: python-requests/2.9.1)
Jun 12 15:37:30 mas01 sh[21607]: 2018-06-12 15:37:30 regiond: [info] 192.168.11.13 POST /MAAS/metadata/status/ep4naa HTTP/1.1 --> 204 NO_CONTENT (referrer: -; agent: python-requests/2.9.1)
Jun 12 15:37:30 mas01 sh[21607]: 2018-06-12 15:37:30 regiond: [info] 192.168.11.12 POST /MAAS/metadata/status/7fkhnr HTTP/1.1 --> 204 NO_CONTENT (referrer: -; agent: python-requests/2.9.1)
Jun 12 15:37:30 mas01 sh[22547]: 2018-06-12 15:37:30 regiond: [info] 192.168.11.13 POST /MAAS/metadata/status/ep4naa HTTP/1.1 --> 204 NO_CONTENT (referrer: -; agent: python-requests/2.9.1)
Jun 12 15:37:30 mas01 sh[22547]: 2018-06-12 15:37:30 regiond: [info] 192.168.11.12 POST /MAAS/metadata/status/7fkhnr HTTP/1.1 --> 204 NO_CONTENT (referrer: -; agent: python-requests/2.9.1)
Jun 12 15:37:30 mas01 sh[22547]: 2018-06-12 15:37:30 regiond: [info] 192.168.11.13 POST /MAAS/metadata/status/ep4naa HTTP/1.1 --> 204 NO_CONTENT (referrer: -; agent: python-requests/2.9.1)
Jun 12 15:37:30 mas01 sh[21733]: 2018-06-12 15:37:30 regiond: [info] 192.168.11.12 POST /MAAS/metadata/status/7fkhnr HTTP/1.1 --> 204 NO_CONTENT (referrer: -; agent: python-requests/2.9.1)
Jun 12 15:37:30 mas01 sh[21611]: 2018-06-12 15:37:30 regiond: [info] 192.168.11.13 POST /MAAS/metadata/status/ep4naa HTTP/1.1 --> 204 NO_CONTENT (referrer: -; agent: python-requests/2.9.1)
Jun 12 15:37:30 mas01 sh[21733]: 2018-06-12 15:37:30 regiond: [info] 192.168.11.13 POST /MAAS/metadata/status/ep4naa HTTP/1.1 --> 204 NO_CONTENT (referrer: -; agent: python-requests/2.9.1)
Jun 12 15:37:30 mas01 sh[21607]: 2018-06-12 15:37:30 regiond: [info] 192.168.11.13 POST /MAAS/metadata/status/ep4naa HTTP/1.1 --> 204 NO_CONTENT (referrer: -; agent: python-requests/2.9.1)
Jun 12 15:37:30 mas01 sh[21733]: 2018-06-12 15:37:30 regiond: [info] 192.168.11.13 POST /MAAS/metadata/status/ep4naa HTTP/1.1 --> 204 NO_CONTENT (referrer: -; agent: python-requests/2.9.1)
Jun 12 15:37:30 mas01 sh[21611]: 2018-06-12 15:37:30 regiond: [info] 192.168.11.12 POST /MAAS/metadata/status/7fkhnr HTTP/1.1 --> 204 NO_CONTENT (referrer: -; agent: python-requests/2.9.1)
Jun 12 15:37:30 mas01 sh[21607]: 2018-06-12 15:37:30 regiond: [info] 192.168.11.13 POST /MAAS/metadata/status/ep4naa HTTP/1.1 --> 204 NO_CONTENT (referrer: -; agent: python-requests/2.9.1)
Jun 12 15:37:30 mas01 sh[21607]: 2018-06-12 15:37:30 regiond: [info] 192.168.11.12 POST /MAAS/metadata/status/7fkhnr HTTP/1.1 --> 204 NO_CONTENT (referrer: -; agent: python-requests/2.9.1)
Jun 12 15:37:30 mas01 sh[21733]: 2018-06-12 15:37:30 regiond: [info] 192.168.11.13 POST /MAAS/metadata/status/ep4naa HTTP/1.1 --> 204 NO_CONTENT (referrer: -; agent: python-requests/2.9.1)
Jun 12 15:37:30 mas01 sh[21607]: 2018-06-12 15:37:30 regiond: [info] 192.168.11.12 POST /MAAS/metadata/status/7fkhnr HTTP/1.1 --> 204 NO_CONTENT (referrer: -; agent: python-requests/2.9.1)
Jun 12 15:37:30 mas01 sh[21611]: 2018-06-12 15:37:30 regiond: [info] 192.168.11.12 POST /MAAS/metadata/status/7fkhnr HTTP/1.1 --> 204 NO_CONTENT (referrer: -; agent: python-requests/2.9.1)
Jun 12 15:37:30 mas01 sh[21611]: 2018-06-12 15:37:30 regiond: [info] 192.168.11.12 POST /MAAS/metadata/status/7fkhnr HTTP/1.1 --> 204 NO_CONTENT (referrer: -; agent: python-requests/2.9.1)
Jun 12 15:37:30 mas01 sh[21733]: 2018-06-12 15:37:30 regiond: [info] 192.168.11.13 POST /MAAS/metadata/status/ep4naa HTTP/1.1 --> 204 NO_CONTENT (referrer: -; agent: python-requests/2.9.1)
Jun 12 15:37:30 mas01 sh[22547]: 2018-06-12 15:37:30 regiond: [info] 192.168.11.12 POST /MAAS/metadata/status/7fkhnr HTTP/1.1 --> 204 NO_CONTENT (referrer: -; agent: python-requests/2.9.1)
Jun 12 15:37:30 mas01 sh[22547]: 2018-06-12 15:37:30 regiond: [info] 192.168.11.13 POST /MAAS/metadata/status/ep4naa HTTP/1.1 --> 204 NO_CONTENT (referrer: -; agent: python-requests/2.9.1)
Jun 12 15:37:30 mas01 sh[21607]: 2018-06-12 15:37:30 regiond: [info] 192.168.11.12 POST /MAAS/metadata/status/7fkhnr HTTP/1.1 --> 204 NO_CONTENT (referrer: -; agent: python-requests/2.9.1)
Jun 12 15:37:30 mas01 sh[22547]: 2018-06-12 15:37:30 regiond: [info] 192.168.11.12 POST /MAAS/metadata/status/7fkhnr HTTP/1.1 --> 204 NO_CONTENT (referrer: -; agent: python-requests/2.9.1)
Jun 12 15:37:30 mas01 sh[22547]: 2018-06-12 15:37:30 regiond: [info] 192.168.11.12 POST /MAAS/metadata/status/7fkhnr HTTP/1.1 --> 204 NO_CONTENT (referrer: -; agent: python-requests/2.9.1)
Jun 12 15:37:30 mas01 sh[21607]: 2018-06-12 15:37:30 regiond: [info] 192.168.11.13 POST /MAAS/metadata/status/ep4naa HTTP/1.1 --> 204 NO_CONTENT (referrer: -; agent: python-requests/2.9.1)
Jun 12 15:37:30 mas01 sh[21733]: 2018-06-12 15:37:30 regiond: [info] 192.168.11.12 POST /MAAS/metadata/status/7fkhnr HTTP/1.1 --> 204 NO_CONTENT (referrer: -; agent: python-requests/2.9.1)
Jun 12 15:37:30 mas01 sh[21733]: 2018-06-12 15:37:30 regiond: [info] 192.168.11.13 POST /MAAS/metadata/status/ep4naa HTTP/1.1 --> 204 NO_CONTENT (referrer: -; agent: python-requests/2.9.1)
Jun 12 15:37:30 mas01 sh[21611]: 2018-06-12 15:37:30 regiond: [info] 192.168.11.12 POST /MAAS/metadata/status/7fkhnr HTTP/1.1 --> 204 NO_CONTENT (referrer: -; agent: python-requests/2.9.1)
Jun 12 15:37:30 mas01 sh[21611]: 2018-06-12 15:37:30 regiond: [info] 192.168.11.13 POST /MAAS/metadata/status/ep4naa HTTP/1.1 --> 204 NO_CONTENT (referrer: -; agent: python-requests/2.9.1)
Jun 12 15:37:30 mas01 sh[22547]: 2018-06-12 15:37:30 regiond: [info] 192.168.11.12 POST /MAAS/metadata/status/7fkhnr HTTP/1.1 --> 204 NO_CONTENT (referrer: -; agent: python-requests/2.9.1)
Jun 12 15:37:30 mas01 sh[21607]: 2018-06-12 15:37:30 regiond: [info] 192.168.11.13 POST /MAAS/metadata/status/ep4naa HTTP/1.1 --> 204 NO_CONTENT (referrer: -; agent: python-requests/2.9.1)
Jun 12 15:37:30 mas01 sh[21607]: 2018-06-12 15:37:30 regiond: [info] 192.168.11.13 POST /MAAS/metadata/status/ep4naa HTTP/1.1 --> 204 NO_CONTENT (referrer: -; agent: python-requests/2.9.1)
Jun 12 15:37:30 mas01 sh[22547]: 2018-06-12 15:37:30 regiond: [info] 192.168.11.12 POST /MAAS/metadata/status/7fkhnr HTTP/1.1 --> 204 NO_CONTENT (referrer: -; agent: python-requests/2.9.1)
Jun 12 15:37:30 mas01 sh[21611]: 2018-06-12 15:37:30 regiond: [info] 192.168.11.13 POST /MAAS/metadata/status/ep4naa HTTP/1.1 --> 204 NO_CONTENT (referrer: -; agent: python-requests/2.9.1)
Jun 12 15:37:30 mas01 sh[21611]: 2018-06-12 15:37:30 regiond: [info] 192.168.11.12 POST /MAAS/metadata/status/7fkhnr HTTP/1.1 --> 204 NO_CONTENT (referrer: -; agent: python-requests/2.9.1)
Jun 12 15:37:30 mas01 sh[21607]: 2018-06-12 15:37:30 regiond: [info] 192.168.11.13 POST /MAAS/metadata/status/ep4naa HTTP/1.1 --> 204 NO_CONTENT (referrer: -; agent: python-requests/2.9.1)
Jun 12 15:37:30 mas01 sh[21607]: 2018-06-12 15:37:30 regiond: [info] 192.168.11.12 POST /MAAS/metadata/status/7fkhnr HTTP/1.1 --> 204 NO_CONTENT (referrer: -; agent: python-requests/2.9.1)
Jun 12 15:37:30 mas01 sh[21733]: 2018-06-12 15:37:30 regiond: [info] 192.168.11.13 POST /MAAS/metadata/status/ep4naa HTTP/1.1 --> 204 NO_CONTENT (referrer: -; agent: python-requests/2.9.1)
Jun 12 15:37:30 mas01 sh[21611]: 2018-06-12 15:37:30 regiond: [info] 192.168.11.12 POST /MAAS/metadata/status/7fkhnr HTTP/1.1 --> 204 NO_CONTENT (referrer: -; agent: python-requests/2.9.1)
Jun 12 15:37:30 mas01 sh[21733]: 2018-06-12 15:37:30 regiond: [info] 192.168.11.13 POST /MAAS/metadata/status/ep4naa HTTP/1.1 --> 204 NO_CONTENT (referrer: -; agent: python-requests/2.9.1)
