Jun  2 20:31:07 mas01 sh[16797]: 2018-06-02 20:31:07 regiond: [info] 127.0.0.1 GET /MAAS/api/2.0/machines/ HTTP/1.1 --> 200 OK (referrer: -; agent: Python-urllib/2.7)
Jun  2 20:31:07 mas01 salt-minion[1515]: [INFO    ] {'ret': {'machines': [{'status': 'Deploying', 'hostname': u'cmp002', 'system_id': u'fbb8ck'}, {'status': 'Deploying', 'hostname': u'cmp001', 'system_id': u'b4hed3'}, {'status': 'Deploying', 'hostname': u'kvm01', 'system_id': u'yqgkac'}, {'status': 'Deploying', 'hostname': u'kvm03', 'system_id': u'kww46m'}, {'status': 'Deploying', 'hostname': u'kvm02', 'system_id': u'aqxqqk'}], 'summary': Counter({'Deploying': 5})}}
Jun  2 20:31:07 mas01 salt-minion[1515]: [INFO    ] Completed state [maas.machines_status] at time 20:31:07.254135 duration_in_ms=883.176
Jun  2 20:31:07 mas01 salt-minion[1515]: [INFO    ] Returning information for job: 20180602203103024054
Jun  2 20:31:10 mas01 sh[16068]: 2018-06-02 20:31:10 regiond: [info] 127.0.0.1 GET /MAAS/rpc/ HTTP/1.0 --> 200 OK (referrer: -; agent: provisioningserver.rpc.clusterservice.ClusterClientService)
Jun  2 20:31:13 mas01 dhcpd[20121]: DHCPDISCOVER from 00:25:b5:a0:00:6a (cmp002) via ens5
Jun  2 20:31:14 mas01 dhcpd[20121]: DHCPOFFER on 192.168.11.6 to 00:25:b5:a0:00:6a via ens5
Jun  2 20:31:16 mas01 dhcpd[20121]: DHCPDISCOVER from 00:25:b5:a0:00:5a (cmp001) via ens5
Jun  2 20:31:17 mas01 dhcpd[20121]: execute_statement argv[0] = /usr/sbin/maas-dhcp-helper
Jun  2 20:31:17 mas01 dhcpd[20121]: execute_statement argv[1] = notify
Jun  2 20:31:17 mas01 dhcpd[20121]: execute_statement argv[2] = --action
Jun  2 20:31:17 mas01 dhcpd[20121]: execute_statement argv[3] = commit
Jun  2 20:31:17 mas01 dhcpd[20121]: execute_statement argv[4] = --mac
Jun  2 20:31:17 mas01 dhcpd[20121]: execute_statement argv[5] = 0:25:b5:a0:0:6a
Jun  2 20:31:17 mas01 dhcpd[20121]: execute_statement argv[6] = --ip-family
Jun  2 20:31:17 mas01 dhcpd[20121]: execute_statement argv[7] = ipv4
Jun  2 20:31:17 mas01 dhcpd[20121]: execute_statement argv[8] = --ip
Jun  2 20:31:17 mas01 dhcpd[20121]: execute_statement argv[9] = 192.168.11.6
Jun  2 20:31:17 mas01 dhcpd[20121]: execute_statement argv[10] = --lease-time
Jun  2 20:31:17 mas01 dhcpd[20121]: execute_statement argv[11] = 30
Jun  2 20:31:17 mas01 dhcpd[20121]: execute_statement argv[12] = --hostname
Jun  2 20:31:17 mas01 dhcpd[20121]: execute_statement argv[13] = (none)
Jun  2 20:31:17 mas01 dhcpd[20121]: execute_statement argv[14] = --socket
Jun  2 20:31:17 mas01 dhcpd[20121]: execute_statement argv[15] = /var/lib/maas/dhcpd.sock
Jun  2 20:31:17 mas01 dhcpd[20121]: DHCPREQUEST for 192.168.11.6 (192.168.11.3) from 00:25:b5:a0:00:6a via ens5
Jun  2 20:31:17 mas01 dhcpd[20121]: DHCPACK on 192.168.11.6 to 00:25:b5:a0:00:6a via ens5
Jun  2 20:31:17 mas01 sh[15507]: 2018-06-02 20:31:17 provisioningserver.rackdservices.tftp: [info] pxelinux.0 requested by 00:25:b5:a0:00:6a
Jun  2 20:31:17 mas01 dhcpd[20121]: DHCPOFFER on 192.168.11.16 to 00:25:b5:a0:00:5a via ens5
Jun  2 20:31:17 mas01 sh[15507]: 2018-06-02 20:31:17 provisioningserver.rackdservices.tftp: [info] pxelinux.0 requested by 00:25:b5:a0:00:6a
Jun  2 20:31:17 mas01 sh[16068]: 2018-06-02 20:31:17 maasserver.rpc.leases: [info] Lease update: commit for 192.168.11.6 on 0:25:b5:a0:0:6a at 2018-06-02 20:31:17 (lease time: 30s)
Jun  2 20:31:17 mas01 sh[15507]: 2018-06-02 20:31:17 provisioningserver.rackdservices.tftp: [info] ldlinux.c32 requested by 00:25:b5:a0:00:6a
Jun  2 20:31:17 mas01 sh[15507]: 2018-06-02 20:31:17 provisioningserver.rackdservices.tftp: [info] pxelinux.cfg/f0c9cf06-d8ce-11e4-0000-10000000002f requested by 00:25:b5:a0:00:6a
Jun  2 20:31:17 mas01 sh[15507]: 2018-06-02 20:31:17 provisioningserver.rackdservices.tftp: [info] pxelinux.cfg/01-00-25-b5-a0-00-6a requested by 00:25:b5:a0:00:6a
Jun  2 20:31:17 mas01 sh[15507]: 2018-06-02 20:31:17 provisioningserver.rackdservices.tftp: [info] pxelinux.cfg/01-00-25-b5-a0-00-6a requested by 00:25:b5:a0:00:6a
Jun  2 20:31:17 mas01 sh[15507]: 2018-06-02 20:31:17 provisioningserver.rackdservices.tftp: [info] ubuntu/amd64/hwe-16.04/xenial/daily/boot-kernel requested by 00:25:b5:a0:00:6a
Jun  2 20:31:17 mas01 salt-minion[1515]: [INFO    ] User sudo_ubuntu Executing command state.apply with jid 20180602203117982829
Jun  2 20:31:17 mas01 salt-minion[1515]: [INFO    ] Starting a new job with PID 20831
Jun  2 20:31:18 mas01 salt-minion[1515]: [INFO    ] Loading fresh modules for state activity
Jun  2 20:31:18 mas01 salt-minion[1515]: [INFO    ] Running state [maas-region apikey --username opnfv > /var/lib/maas/.maas_credentials] at time 20:31:18.589596
Jun  2 20:31:18 mas01 salt-minion[1515]: [INFO    ] Executing state cmd.run for maas-region apikey --username opnfv > /var/lib/maas/.maas_credentials
Jun  2 20:31:18 mas01 salt-minion[1515]: [INFO    ] Executing command 'maas-region apikey --username opnfv > /var/lib/maas/.maas_credentials' in directory '/root'
Jun  2 20:31:19 mas01 sh[15507]: 2018-06-02 20:31:19 provisioningserver.rackdservices.tftp: [info] ubuntu/amd64/hwe-16.04/xenial/daily/boot-initrd requested by 00:25:b5:a0:00:6a
Jun  2 20:31:19 mas01 dhcpd[20121]: DHCPDISCOVER from 00:25:b5:a0:00:2a (kvm01) via ens5
Jun  2 20:31:20 mas01 salt-minion[1515]: [INFO    ] {'pid': 20838, 'retcode': 0, 'stderr': '', 'stdout': ''}
Jun  2 20:31:20 mas01 salt-minion[1515]: [INFO    ] Completed state [maas-region apikey --username opnfv > /var/lib/maas/.maas_credentials] at time 20:31:20.233286 duration_in_ms=1643.691
Jun  2 20:31:20 mas01 salt-minion[1515]: [INFO    ] Running state [maas.machines_status] at time 20:31:20.235065
Jun  2 20:31:20 mas01 salt-minion[1515]: [INFO    ] Executing state module.run for maas.machines_status
Jun  2 20:31:20 mas01 dhcpd[20121]: execute_statement argv[0] = /usr/sbin/maas-dhcp-helper
Jun  2 20:31:20 mas01 dhcpd[20121]: execute_statement argv[1] = notify
Jun  2 20:31:20 mas01 dhcpd[20121]: execute_statement argv[2] = --action
Jun  2 20:31:20 mas01 dhcpd[20121]: execute_statement argv[3] = commit
Jun  2 20:31:20 mas01 dhcpd[20121]: execute_statement argv[4] = --mac
Jun  2 20:31:20 mas01 dhcpd[20121]: execute_statement argv[5] = 0:25:b5:a0:0:5a
Jun  2 20:31:20 mas01 dhcpd[20121]: execute_statement argv[6] = --ip-family
Jun  2 20:31:20 mas01 dhcpd[20121]: execute_statement argv[7] = ipv4
Jun  2 20:31:20 mas01 dhcpd[20121]: execute_statement argv[8] = --ip
Jun  2 20:31:20 mas01 dhcpd[20121]: execute_statement argv[9] = 192.168.11.16
Jun  2 20:31:20 mas01 dhcpd[20121]: execute_statement argv[10] = --lease-time
Jun  2 20:31:20 mas01 dhcpd[20121]: execute_statement argv[11] = 30
Jun  2 20:31:20 mas01 dhcpd[20121]: execute_statement argv[12] = --hostname
Jun  2 20:31:20 mas01 dhcpd[20121]: execute_statement argv[13] = (none)
Jun  2 20:31:20 mas01 dhcpd[20121]: execute_statement argv[14] = --socket
Jun  2 20:31:20 mas01 dhcpd[20121]: execute_statement argv[15] = /var/lib/maas/dhcpd.sock
Jun  2 20:31:20 mas01 dhcpd[20121]: DHCPREQUEST for 192.168.11.16 (192.168.11.3) from 00:25:b5:a0:00:5a via ens5
Jun  2 20:31:20 mas01 dhcpd[20121]: DHCPACK on 192.168.11.16 to 00:25:b5:a0:00:5a via ens5
Jun  2 20:31:20 mas01 sh[15507]: 2018-06-02 20:31:20 provisioningserver.rackdservices.tftp: [info] pxelinux.0 requested by 00:25:b5:a0:00:5a
Jun  2 20:31:20 mas01 sh[15507]: 2018-06-02 20:31:20 provisioningserver.rackdservices.tftp: [info] pxelinux.0 requested by 00:25:b5:a0:00:5a
Jun  2 20:31:20 mas01 sh[16068]: 2018-06-02 20:31:20 maasserver.rpc.leases: [info] Lease update: commit for 192.168.11.16 on 0:25:b5:a0:0:5a at 2018-06-02 20:31:20 (lease time: 30s)
Jun  2 20:31:20 mas01 sh[15507]: 2018-06-02 20:31:20 provisioningserver.rackdservices.tftp: [info] ldlinux.c32 requested by 00:25:b5:a0:00:5a
Jun  2 20:31:20 mas01 sh[15507]: 2018-06-02 20:31:20 provisioningserver.rackdservices.tftp: [info] pxelinux.cfg/f0c9cf06-d8ce-11e4-0000-10000000005f requested by 00:25:b5:a0:00:5a
Jun  2 20:31:20 mas01 sh[15507]: 2018-06-02 20:31:20 provisioningserver.rackdservices.tftp: [info] pxelinux.cfg/01-00-25-b5-a0-00-5a requested by 00:25:b5:a0:00:5a
Jun  2 20:31:20 mas01 dhcpd[20121]: DHCPOFFER on 192.168.11.14 to 00:25:b5:a0:00:2a via ens5
Jun  2 20:31:20 mas01 sh[15507]: 2018-06-02 20:31:20 provisioningserver.rackdservices.tftp: [info] pxelinux.cfg/01-00-25-b5-a0-00-5a requested by 00:25:b5:a0:00:5a
Jun  2 20:31:20 mas01 sh[15507]: 2018-06-02 20:31:20 provisioningserver.rackdservices.tftp: [info] ubuntu/amd64/hwe-16.04/xenial/daily/boot-kernel requested by 00:25:b5:a0:00:5a
Jun  2 20:31:20 mas01 salt-minion[1515]: [INFO    ] {'ret': {'machines': [{'status': 'Deploying', 'hostname': u'cmp002', 'system_id': u'fbb8ck'}, {'status': 'Deploying', 'hostname': u'cmp001', 'system_id': u'b4hed3'}, {'status': 'Deploying', 'hostname': u'kvm01', 'system_id': u'yqgkac'}, {'status': 'Deploying', 'hostname': u'kvm03', 'system_id': u'kww46m'}, {'status': 'Deploying', 'hostname': u'kvm02', 'system_id': u'aqxqqk'}], 'summary': Counter({'Deploying': 5})}}
Jun  2 20:31:20 mas01 salt-minion[1515]: [INFO    ] Completed state [maas.machines_status] at time 20:31:20.962660 duration_in_ms=727.595
Jun  2 20:31:20 mas01 salt-minion[1515]: [INFO    ] Returning information for job: 20180602203117982829
Jun  2 20:31:22 mas01 sh[15507]: 2018-06-02 20:31:22 provisioningserver.rackdservices.tftp: [info] ubuntu/amd64/hwe-16.04/xenial/daily/boot-initrd requested by 00:25:b5:a0:00:5a
Jun  2 20:31:22 mas01 dhcpd[20121]: DHCPDISCOVER from 00:25:b5:a0:00:4a (kvm03) via ens5
Jun  2 20:31:23 mas01 dhcpd[20121]: DHCPOFFER on 192.168.11.19 to 00:25:b5:a0:00:4a via ens5
Jun  2 20:31:23 mas01 dhcpd[20121]: execute_statement argv[0] = /usr/sbin/maas-dhcp-helper
Jun  2 20:31:23 mas01 dhcpd[20121]: execute_statement argv[1] = notify
Jun  2 20:31:23 mas01 dhcpd[20121]: execute_statement argv[2] = --action
Jun  2 20:31:23 mas01 dhcpd[20121]: execute_statement argv[3] = commit
Jun  2 20:31:23 mas01 dhcpd[20121]: execute_statement argv[4] = --mac
Jun  2 20:31:23 mas01 dhcpd[20121]: execute_statement argv[5] = 0:25:b5:a0:0:2a
Jun  2 20:31:23 mas01 dhcpd[20121]: execute_statement argv[6] = --ip-family
Jun  2 20:31:23 mas01 dhcpd[20121]: execute_statement argv[7] = ipv4
Jun  2 20:31:23 mas01 dhcpd[20121]: execute_statement argv[8] = --ip
Jun  2 20:31:23 mas01 dhcpd[20121]: execute_statement argv[9] = 192.168.11.14
Jun  2 20:31:23 mas01 dhcpd[20121]: execute_statement argv[10] = --lease-time
Jun  2 20:31:23 mas01 dhcpd[20121]: execute_statement argv[11] = 30
Jun  2 20:31:23 mas01 dhcpd[20121]: execute_statement argv[12] = --hostname
Jun  2 20:31:23 mas01 dhcpd[20121]: execute_statement argv[13] = (none)
Jun  2 20:31:23 mas01 dhcpd[20121]: execute_statement argv[14] = --socket
Jun  2 20:31:23 mas01 dhcpd[20121]: execute_statement argv[15] = /var/lib/maas/dhcpd.sock
Jun  2 20:31:24 mas01 dhcpd[20121]: DHCPREQUEST for 192.168.11.14 (192.168.11.3) from 00:25:b5:a0:00:2a via ens5
Jun  2 20:31:24 mas01 dhcpd[20121]: DHCPACK on 192.168.11.14 to 00:25:b5:a0:00:2a via ens5
Jun  2 20:31:24 mas01 sh[16068]: 2018-06-02 20:31:24 maasserver.rpc.leases: [info] Lease update: commit for 192.168.11.14 on 0:25:b5:a0:0:2a at 2018-06-02 20:31:23 (lease time: 30s)
Jun  2 20:31:24 mas01 sh[15507]: 2018-06-02 20:31:24 provisioningserver.rackdservices.tftp: [info] pxelinux.0 requested by 00:25:b5:a0:00:2a
Jun  2 20:31:24 mas01 sh[15507]: 2018-06-02 20:31:24 provisioningserver.rackdservices.tftp: [info] pxelinux.0 requested by 00:25:b5:a0:00:2a
Jun  2 20:31:24 mas01 sh[15507]: 2018-06-02 20:31:24 provisioningserver.rackdservices.tftp: [info] ldlinux.c32 requested by 00:25:b5:a0:00:2a
Jun  2 20:31:24 mas01 sh[15507]: 2018-06-02 20:31:24 provisioningserver.rackdservices.tftp: [info] pxelinux.cfg/f0c9cf06-d8ce-11e4-0000-10000000006f requested by 00:25:b5:a0:00:2a
Jun  2 20:31:24 mas01 sh[15507]: 2018-06-02 20:31:24 provisioningserver.rackdservices.tftp: [info] pxelinux.cfg/01-00-25-b5-a0-00-2a requested by 00:25:b5:a0:00:2a
Jun  2 20:31:24 mas01 sh[15507]: 2018-06-02 20:31:24 provisioningserver.rackdservices.tftp: [info] pxelinux.cfg/01-00-25-b5-a0-00-2a requested by 00:25:b5:a0:00:2a
Jun  2 20:31:24 mas01 sh[15507]: 2018-06-02 20:31:24 provisioningserver.rackdservices.tftp: [info] ubuntu/amd64/hwe-16.04/xenial/daily/boot-kernel requested by 00:25:b5:a0:00:2a
Jun  2 20:31:26 mas01 dhcpd[20121]: DHCPDISCOVER from 00:25:b5:a0:00:3a (kvm02) via ens5
Jun  2 20:31:26 mas01 sh[15507]: 2018-06-02 20:31:26 provisioningserver.rackdservices.tftp: [info] ubuntu/amd64/hwe-16.04/xenial/daily/boot-initrd requested by 00:25:b5:a0:00:2a
Jun  2 20:31:26 mas01 dhcpd[20121]: execute_statement argv[0] = /usr/sbin/maas-dhcp-helper
Jun  2 20:31:26 mas01 dhcpd[20121]: execute_statement argv[1] = notify
Jun  2 20:31:26 mas01 dhcpd[20121]: execute_statement argv[2] = --action
Jun  2 20:31:26 mas01 dhcpd[20121]: execute_statement argv[3] = commit
Jun  2 20:31:26 mas01 dhcpd[20121]: execute_statement argv[4] = --mac
Jun  2 20:31:26 mas01 dhcpd[20121]: execute_statement argv[5] = 0:25:b5:a0:0:4a
Jun  2 20:31:26 mas01 dhcpd[20121]: execute_statement argv[6] = --ip-family
Jun  2 20:31:26 mas01 dhcpd[20121]: execute_statement argv[7] = ipv4
Jun  2 20:31:26 mas01 dhcpd[20121]: execute_statement argv[8] = --ip
Jun  2 20:31:26 mas01 dhcpd[20121]: execute_statement argv[9] = 192.168.11.19
Jun  2 20:31:26 mas01 dhcpd[20121]: execute_statement argv[10] = --lease-time
Jun  2 20:31:26 mas01 dhcpd[20121]: execute_statement argv[11] = 30
Jun  2 20:31:26 mas01 dhcpd[20121]: execute_statement argv[12] = --hostname
Jun  2 20:31:26 mas01 dhcpd[20121]: execute_statement argv[13] = (none)
Jun  2 20:31:26 mas01 dhcpd[20121]: execute_statement argv[14] = --socket
Jun  2 20:31:26 mas01 dhcpd[20121]: execute_statement argv[15] = /var/lib/maas/dhcpd.sock
Jun  2 20:31:26 mas01 dhcpd[20121]: DHCPREQUEST for 192.168.11.19 (192.168.11.3) from 00:25:b5:a0:00:4a via ens5
Jun  2 20:31:26 mas01 dhcpd[20121]: DHCPACK on 192.168.11.19 to 00:25:b5:a0:00:4a via ens5
Jun  2 20:31:26 mas01 sh[15507]: 2018-06-02 20:31:26 provisioningserver.rackdservices.tftp: [info] pxelinux.0 requested by 00:25:b5:a0:00:4a
Jun  2 20:31:26 mas01 sh[15507]: 2018-06-02 20:31:26 provisioningserver.rackdservices.tftp: [info] pxelinux.0 requested by 00:25:b5:a0:00:4a
Jun  2 20:31:26 mas01 sh[15507]: 2018-06-02 20:31:26 provisioningserver.rackdservices.tftp: [info] ldlinux.c32 requested by 00:25:b5:a0:00:4a
Jun  2 20:31:26 mas01 sh[16797]: 2018-06-02 20:31:26 maasserver.rpc.leases: [info] Lease update: commit for 192.168.11.19 on 0:25:b5:a0:0:4a at 2018-06-02 20:31:26 (lease time: 30s)
Jun  2 20:31:26 mas01 sh[15507]: 2018-06-02 20:31:26 provisioningserver.rackdservices.tftp: [info] pxelinux.cfg/f0c9cf06-d8ce-11e4-0000-10000000004f requested by 00:25:b5:a0:00:4a
Jun  2 20:31:26 mas01 sh[15507]: 2018-06-02 20:31:26 provisioningserver.rackdservices.tftp: [info] pxelinux.cfg/01-00-25-b5-a0-00-4a requested by 00:25:b5:a0:00:4a
Jun  2 20:31:26 mas01 sh[15507]: 2018-06-02 20:31:26 provisioningserver.rackdservices.tftp: [info] pxelinux.cfg/01-00-25-b5-a0-00-4a requested by 00:25:b5:a0:00:4a
Jun  2 20:31:26 mas01 sh[15507]: 2018-06-02 20:31:26 provisioningserver.rackdservices.tftp: [info] ubuntu/amd64/hwe-16.04/xenial/daily/boot-kernel requested by 00:25:b5:a0:00:4a
Jun  2 20:31:27 mas01 dhcpd[20121]: DHCPOFFER on 192.168.11.8 to 00:25:b5:a0:00:3a via ens5
Jun  2 20:31:28 mas01 sh[15507]: 2018-06-02 20:31:28 provisioningserver.rackdservices.tftp: [info] ubuntu/amd64/hwe-16.04/xenial/daily/boot-initrd requested by 00:25:b5:a0:00:4a
Jun  2 20:31:29 mas01 ntpd[16908]: Soliciting pool server 91.189.94.4
Jun  2 20:31:30 mas01 dhcpd[20121]: execute_statement argv[0] = /usr/sbin/maas-dhcp-helper
Jun  2 20:31:30 mas01 dhcpd[20121]: execute_statement argv[1] = notify
Jun  2 20:31:30 mas01 dhcpd[20121]: execute_statement argv[2] = --action
Jun  2 20:31:30 mas01 dhcpd[20121]: execute_statement argv[3] = commit
Jun  2 20:31:30 mas01 dhcpd[20121]: execute_statement argv[4] = --mac
Jun  2 20:31:30 mas01 dhcpd[20121]: execute_statement argv[5] = 0:25:b5:a0:0:3a
Jun  2 20:31:30 mas01 dhcpd[20121]: execute_statement argv[6] = --ip-family
Jun  2 20:31:30 mas01 dhcpd[20121]: execute_statement argv[7] = ipv4
Jun  2 20:31:30 mas01 dhcpd[20121]: execute_statement argv[8] = --ip
Jun  2 20:31:30 mas01 dhcpd[20121]: execute_statement argv[9] = 192.168.11.8
Jun  2 20:31:30 mas01 dhcpd[20121]: execute_statement argv[10] = --lease-time
Jun  2 20:31:30 mas01 dhcpd[20121]: execute_statement argv[11] = 30
Jun  2 20:31:30 mas01 dhcpd[20121]: execute_statement argv[12] = --hostname
Jun  2 20:31:30 mas01 dhcpd[20121]: execute_statement argv[13] = (none)
Jun  2 20:31:30 mas01 dhcpd[20121]: execute_statement argv[14] = --socket
Jun  2 20:31:30 mas01 dhcpd[20121]: execute_statement argv[15] = /var/lib/maas/dhcpd.sock
Jun  2 20:31:30 mas01 dhcpd[20121]: DHCPREQUEST for 192.168.11.8 (192.168.11.3) from 00:25:b5:a0:00:3a via ens5
Jun  2 20:31:30 mas01 dhcpd[20121]: DHCPACK on 192.168.11.8 to 00:25:b5:a0:00:3a via ens5
Jun  2 20:31:30 mas01 sh[16068]: 2018-06-02 20:31:30 maasserver.rpc.leases: [info] Lease update: commit for 192.168.11.8 on 0:25:b5:a0:0:3a at 2018-06-02 20:31:30 (lease time: 30s)
Jun  2 20:31:30 mas01 sh[15507]: 2018-06-02 20:31:30 provisioningserver.rackdservices.tftp: [info] pxelinux.0 requested by 00:25:b5:a0:00:3a
Jun  2 20:31:30 mas01 sh[15507]: 2018-06-02 20:31:30 provisioningserver.rackdservices.tftp: [info] pxelinux.0 requested by 00:25:b5:a0:00:3a
Jun  2 20:31:30 mas01 sh[15507]: 2018-06-02 20:31:30 provisioningserver.rackdservices.tftp: [info] ldlinux.c32 requested by 00:25:b5:a0:00:3a
Jun  2 20:31:30 mas01 sh[15507]: 2018-06-02 20:31:30 provisioningserver.rackdservices.tftp: [info] pxelinux.cfg/f0c9cf06-d8ce-11e4-0000-10000000007f requested by 00:25:b5:a0:00:3a
Jun  2 20:31:30 mas01 sh[15507]: 2018-06-02 20:31:30 provisioningserver.rackdservices.tftp: [info] pxelinux.cfg/01-00-25-b5-a0-00-3a requested by 00:25:b5:a0:00:3a
Jun  2 20:31:30 mas01 sh[15507]: 2018-06-02 20:31:30 provisioningserver.rackdservices.tftp: [info] pxelinux.cfg/01-00-25-b5-a0-00-3a requested by 00:25:b5:a0:00:3a
Jun  2 20:31:30 mas01 sh[15507]: 2018-06-02 20:31:30 provisioningserver.rackdservices.tftp: [info] ubuntu/amd64/hwe-16.04/xenial/daily/boot-kernel requested by 00:25:b5:a0:00:3a
Jun  2 20:31:31 mas01 salt-minion[1515]: [INFO    ] User sudo_ubuntu Executing command state.apply with jid 20180602203131617484
Jun  2 20:31:31 mas01 salt-minion[1515]: [INFO    ] Starting a new job with PID 20919
Jun  2 20:31:32 mas01 sh[15507]: 2018-06-02 20:31:32 provisioningserver.rackdservices.tftp: [info] ubuntu/amd64/hwe-16.04/xenial/daily/boot-initrd requested by 00:25:b5:a0:00:3a
Jun  2 20:31:33 mas01 salt-minion[1515]: [INFO    ] Loading fresh modules for state activity
Jun  2 20:31:33 mas01 salt-minion[1515]: [INFO    ] Running state [maas-region apikey --username opnfv > /var/lib/maas/.maas_credentials] at time 20:31:33.459682
Jun  2 20:31:33 mas01 salt-minion[1515]: [INFO    ] Executing state cmd.run for maas-region apikey --username opnfv > /var/lib/maas/.maas_credentials
Jun  2 20:31:33 mas01 salt-minion[1515]: [INFO    ] Executing command 'maas-region apikey --username opnfv > /var/lib/maas/.maas_credentials' in directory '/root'
Jun  2 20:31:35 mas01 salt-minion[1515]: [INFO    ] {'pid': 20928, 'retcode': 0, 'stderr': '', 'stdout': ''}
Jun  2 20:31:35 mas01 salt-minion[1515]: [INFO    ] Completed state [maas-region apikey --username opnfv > /var/lib/maas/.maas_credentials] at time 20:31:35.113003 duration_in_ms=1653.321
Jun  2 20:31:35 mas01 salt-minion[1515]: [INFO    ] Running state [maas.machines_status] at time 20:31:35.114269
Jun  2 20:31:35 mas01 salt-minion[1515]: [INFO    ] Executing state module.run for maas.machines_status
Jun  2 20:31:35 mas01 sh[16063]: 2018-06-02 20:31:35 regiond: [info] 127.0.0.1 GET /MAAS/api/2.0/machines/ HTTP/1.1 --> 200 OK (referrer: -; agent: Python-urllib/2.7)
Jun  2 20:31:35 mas01 salt-minion[1515]: [INFO    ] {'ret': {'machines': [{'status': 'Deploying', 'hostname': u'cmp002', 'system_id': u'fbb8ck'}, {'status': 'Deploying', 'hostname': u'cmp001', 'system_id': u'b4hed3'}, {'status': 'Deploying', 'hostname': u'kvm01', 'system_id': u'yqgkac'}, {'status': 'Deploying', 'hostname': u'kvm03', 'system_id': u'kww46m'}, {'status': 'Deploying', 'hostname': u'kvm02', 'system_id': u'aqxqqk'}], 'summary': Counter({'Deploying': 5})}}
Jun  2 20:31:35 mas01 salt-minion[1515]: [INFO    ] Completed state [maas.machines_status] at time 20:31:35.619331 duration_in_ms=505.061
Jun  2 20:31:35 mas01 salt-minion[1515]: [INFO    ] Returning information for job: 20180602203131617484
Jun  2 20:31:40 mas01 sh[15507]: 2018-06-02 20:31:40 provisioningserver.rackdservices.dhcp_probe_service: [info] Probe for external DHCP servers started on interfaces: ens3, ens4, ens5.
Jun  2 20:31:40 mas01 sh[16068]: 2018-06-02 20:31:40 regiond: [info] 127.0.0.1 GET /MAAS/rpc/ HTTP/1.0 --> 200 OK (referrer: -; agent: provisioningserver.rpc.clusterservice.ClusterClientService)
Jun  2 20:31:40 mas01 dhcpd[20121]: DHCPDISCOVER from 00:25:b5:a0:00:5a via ens5
Jun  2 20:31:40 mas01 dhcpd[20121]: DHCPOFFER on 192.168.11.16 to 00:25:b5:a0:00:5a (cmp001) via ens5
Jun  2 20:31:40 mas01 dhcpd[20121]: execute_statement argv[0] = /usr/sbin/maas-dhcp-helper
Jun  2 20:31:40 mas01 dhcpd[20121]: execute_statement argv[1] = notify
Jun  2 20:31:40 mas01 dhcpd[20121]: execute_statement argv[2] = --action
Jun  2 20:31:40 mas01 dhcpd[20121]: execute_statement argv[3] = commit
Jun  2 20:31:40 mas01 dhcpd[20121]: execute_statement argv[4] = --mac
Jun  2 20:31:40 mas01 dhcpd[20121]: execute_statement argv[5] = 0:25:b5:a0:0:5a
Jun  2 20:31:40 mas01 dhcpd[20121]: execute_statement argv[6] = --ip-family
Jun  2 20:31:40 mas01 dhcpd[20121]: execute_statement argv[7] = ipv4
Jun  2 20:31:40 mas01 dhcpd[20121]: execute_statement argv[8] = --ip
Jun  2 20:31:40 mas01 dhcpd[20121]: execute_statement argv[9] = 192.168.11.16
Jun  2 20:31:40 mas01 dhcpd[20121]: execute_statement argv[10] = --lease-time
Jun  2 20:31:40 mas01 dhcpd[20121]: execute_statement argv[11] = 600
Jun  2 20:31:40 mas01 dhcpd[20121]: execute_statement argv[12] = --hostname
Jun  2 20:31:40 mas01 dhcpd[20121]: execute_statement argv[13] = cmp001
Jun  2 20:31:40 mas01 dhcpd[20121]: execute_statement argv[14] = --socket
Jun  2 20:31:40 mas01 dhcpd[20121]: execute_statement argv[15] = /var/lib/maas/dhcpd.sock
Jun  2 20:31:40 mas01 sh[16068]: 2018-06-02 20:31:40 maasserver.rpc.leases: [info] Lease update: commit for 192.168.11.16 on 0:25:b5:a0:0:5a at 2018-06-02 20:31:40 (lease time: 600s) (hostname: cmp001)
Jun  2 20:31:40 mas01 dhcpd[20121]: DHCPREQUEST for 192.168.11.16 (192.168.11.3) from 00:25:b5:a0:00:5a (cmp001) via ens5
Jun  2 20:31:40 mas01 dhcpd[20121]: DHCPACK on 192.168.11.16 to 00:25:b5:a0:00:5a (cmp001) via ens5
Jun  2 20:31:40 mas01 dhcpd[20121]: DHCPDISCOVER from 00:25:b5:a0:00:6a via ens5
Jun  2 20:31:40 mas01 dhcpd[20121]: DHCPOFFER on 192.168.11.6 to 00:25:b5:a0:00:6a (cmp002) via ens5
Jun  2 20:31:40 mas01 dhcpd[20121]: execute_statement argv[0] = /usr/sbin/maas-dhcp-helper
Jun  2 20:31:40 mas01 dhcpd[20121]: execute_statement argv[1] = notify
Jun  2 20:31:40 mas01 dhcpd[20121]: execute_statement argv[2] = --action
Jun  2 20:31:40 mas01 dhcpd[20121]: execute_statement argv[3] = commit
Jun  2 20:31:40 mas01 dhcpd[20121]: execute_statement argv[4] = --mac
Jun  2 20:31:40 mas01 dhcpd[20121]: execute_statement argv[5] = 0:25:b5:a0:0:6a
Jun  2 20:31:40 mas01 dhcpd[20121]: execute_statement argv[6] = --ip-family
Jun  2 20:31:40 mas01 dhcpd[20121]: execute_statement argv[7] = ipv4
Jun  2 20:31:40 mas01 dhcpd[20121]: execute_statement argv[8] = --ip
Jun  2 20:31:40 mas01 dhcpd[20121]: execute_statement argv[9] = 192.168.11.6
Jun  2 20:31:40 mas01 dhcpd[20121]: execute_statement argv[10] = --lease-time
Jun  2 20:31:40 mas01 dhcpd[20121]: execute_statement argv[11] = 600
Jun  2 20:31:40 mas01 dhcpd[20121]: execute_statement argv[12] = --hostname
Jun  2 20:31:40 mas01 dhcpd[20121]: execute_statement argv[13] = cmp002
Jun  2 20:31:40 mas01 dhcpd[20121]: execute_statement argv[14] = --socket
Jun  2 20:31:40 mas01 dhcpd[20121]: execute_statement argv[15] = /var/lib/maas/dhcpd.sock
Jun  2 20:31:41 mas01 sh[16797]: 2018-06-02 20:31:41 maasserver.rpc.leases: [info] Lease update: commit for 192.168.11.6 on 0:25:b5:a0:0:6a at 2018-06-02 20:31:40 (lease time: 600s) (hostname: cmp002)
Jun  2 20:31:41 mas01 dhcpd[20121]: DHCPREQUEST for 192.168.11.6 (192.168.11.3) from 00:25:b5:a0:00:6a (cmp002) via ens5
Jun  2 20:31:41 mas01 dhcpd[20121]: DHCPACK on 192.168.11.6 to 00:25:b5:a0:00:6a (cmp002) via ens5
Jun  2 20:31:41 mas01 sh[15507]: 2018-06-02 20:31:41 rackd: [info] 192.168.11.16 GET /images/ubuntu/amd64/hwe-16.04/xenial/daily/squashfs HTTP/1.1 --> 200 OK (referrer: -; agent: Wget)
Jun  2 20:31:41 mas01 sh[15507]: 2018-06-02 20:31:41 rackd: [info] 192.168.11.6 GET /images/ubuntu/amd64/hwe-16.04/xenial/daily/squashfs HTTP/1.1 --> 200 OK (referrer: -; agent: Wget)
Jun  2 20:31:44 mas01 sh[16072]: 2018-06-02 20:31:44 regiond: [info] 192.168.11.6 GET /MAAS/metadata/latest/by-id/fbb8ck/?op=get_preseed HTTP/1.1 --> 200 OK (referrer: -; agent: Cloud-Init/18.2)
Jun  2 20:31:44 mas01 sh[16063]: 2018-06-02 20:31:44 regiond: [info] 192.168.11.16 POST /MAAS/metadata/status/b4hed3 HTTP/1.1 --> 204 NO_CONTENT (referrer: -; agent: python-requests/2.9.1)
Jun  2 20:31:44 mas01 sh[16797]: 2018-06-02 20:31:44 regiond: [info] 192.168.11.6 POST /MAAS/metadata/status/fbb8ck HTTP/1.1 --> 204 NO_CONTENT (referrer: -; agent: python-requests/2.9.1)
Jun  2 20:31:44 mas01 sh[16072]: 2018-06-02 20:31:44 regiond: [info] 192.168.11.16 POST /MAAS/metadata/status/b4hed3 HTTP/1.1 --> 204 NO_CONTENT (referrer: -; agent: python-requests/2.9.1)
Jun  2 20:31:44 mas01 sh[16072]: 2018-06-02 20:31:44 regiond: [info] 192.168.11.6 POST /MAAS/metadata/status/fbb8ck HTTP/1.1 --> 204 NO_CONTENT (referrer: -; agent: python-requests/2.9.1)
Jun  2 20:31:44 mas01 sh[16072]: 2018-06-02 20:31:44 regiond: [info] 192.168.11.16 POST /MAAS/metadata/status/b4hed3 HTTP/1.1 --> 204 NO_CONTENT (referrer: -; agent: python-requests/2.9.1)
Jun  2 20:31:45 mas01 sh[16068]: 2018-06-02 20:31:45 regiond: [info] 192.168.11.6 POST /MAAS/metadata/status/fbb8ck HTTP/1.1 --> 204 NO_CONTENT (referrer: -; agent: python-requests/2.9.1)
Jun  2 20:31:45 mas01 sh[16072]: 2018-06-02 20:31:45 regiond: [info] 192.168.11.16 GET /MAAS/metadata/latest/by-id/b4hed3/?op=get_preseed HTTP/1.1 --> 200 OK (referrer: -; agent: Cloud-Init/18.2)
Jun  2 20:31:45 mas01 sh[16068]: 2018-06-02 20:31:45 regiond: [info] 192.168.11.16 POST /MAAS/metadata/status/b4hed3 HTTP/1.1 --> 204 NO_CONTENT (referrer: -; agent: python-requests/2.9.1)
Jun  2 20:31:45 mas01 sh[16068]: 2018-06-02 20:31:45 regiond: [info] 192.168.11.16 POST /MAAS/metadata/status/b4hed3 HTTP/1.1 --> 204 NO_CONTENT (referrer: -; agent: python-requests/2.9.1)
Jun  2 20:31:45 mas01 sh[16063]: 2018-06-02 20:31:45 regiond: [info] 192.168.11.6 POST /MAAS/metadata/status/fbb8ck HTTP/1.1 --> 204 NO_CONTENT (referrer: -; agent: python-requests/2.9.1)
Jun  2 20:31:45 mas01 sh[16063]: 2018-06-02 20:31:45 regiond: [info] 192.168.11.16 POST /MAAS/metadata/status/b4hed3 HTTP/1.1 --> 204 NO_CONTENT (referrer: -; agent: python-requests/2.9.1)
Jun  2 20:31:45 mas01 sh[16063]: 2018-06-02 20:31:45 regiond: [info] 192.168.11.6 POST /MAAS/metadata/status/fbb8ck HTTP/1.1 --> 204 NO_CONTENT (referrer: -; agent: python-requests/2.9.1)
Jun  2 20:31:45 mas01 sh[16072]: 2018-06-02 20:31:45 regiond: [info] 192.168.11.6 POST /MAAS/metadata/status/fbb8ck HTTP/1.1 --> 204 NO_CONTENT (referrer: -; agent: python-requests/2.9.1)
Jun  2 20:31:45 mas01 sh[16068]: 2018-06-02 20:31:45 regiond: [info] 192.168.11.16 GET /MAAS/metadata/curtin/2012-03-01/meta-data/instance-id HTTP/1.1 --> 200 OK (referrer: -; agent: Cloud-Init/18.2)
Jun  2 20:31:45 mas01 sh[16797]: 2018-06-02 20:31:45 regiond: [info] 192.168.11.6 GET /MAAS/metadata/curtin/2012-03-01/meta-data/instance-id HTTP/1.1 --> 200 OK (referrer: -; agent: Cloud-Init/18.2)
Jun  2 20:31:45 mas01 sh[16063]: 2018-06-02 20:31:45 regiond: [info] 192.168.11.16 GET /MAAS/metadata/curtin/2012-03-01/meta-data/instance-id HTTP/1.1 --> 200 OK (referrer: -; agent: python-requests/2.9.1)
Jun  2 20:31:45 mas01 sh[16068]: 2018-06-02 20:31:45 regiond: [info] 192.168.11.6 GET /MAAS/metadata/curtin/2012-03-01/meta-data/instance-id HTTP/1.1 --> 200 OK (referrer: -; agent: python-requests/2.9.1)
Jun  2 20:31:45 mas01 sh[16072]: 2018-06-02 20:31:45 regiond: [info] 192.168.11.16 GET /MAAS/metadata/curtin/2012-03-01/meta-data/local-hostname HTTP/1.1 --> 200 OK (referrer: -; agent: python-requests/2.9.1)
Jun  2 20:31:45 mas01 sh[16072]: 2018-06-02 20:31:45 regiond: [info] 192.168.11.6 GET /MAAS/metadata/curtin/2012-03-01/meta-data/local-hostname HTTP/1.1 --> 200 OK (referrer: -; agent: python-requests/2.9.1)
Jun  2 20:31:45 mas01 sh[16797]: 2018-06-02 20:31:45 regiond: [info] 192.168.11.6 GET /MAAS/metadata/curtin/2012-03-01/meta-data/vendor-data HTTP/1.1 --> 200 OK (referrer: -; agent: python-requests/2.9.1)
Jun  2 20:31:45 mas01 sh[16068]: 2018-06-02 20:31:45 regiond: [info] 192.168.11.16 GET /MAAS/metadata/curtin/2012-03-01/meta-data/vendor-data HTTP/1.1 --> 200 OK (referrer: -; agent: python-requests/2.9.1)
Jun  2 20:31:46 mas01 sh[16063]: 2018-06-02 20:31:46 maasserver.preseed: [warn] WARNING: '/etc/maas/preseeds/curtin_userdata_amd64_generic_xenial' contains deprecated preseed variables. Please remove: main_archive_directory, ports_archive_directory, http_proxy
Jun  2 20:31:46 mas01 salt-minion[1515]: [INFO    ] User sudo_ubuntu Executing command state.apply with jid 20180602203146254675
Jun  2 20:31:46 mas01 sh[16063]: 2018-06-02 20:31:46 maasserver.preseed: [warn] WARNING: '/etc/maas/preseeds/curtin_userdata_amd64_generic_xenial' contains deprecated preseed variables. Please remove: main_archive_directory, ports_archive_directory, http_proxy
Jun  2 20:31:46 mas01 salt-minion[1515]: [INFO    ] Starting a new job with PID 21005
Jun  2 20:31:46 mas01 salt-minion[1515]: [INFO    ] Loading fresh modules for state activity
Jun  2 20:31:46 mas01 salt-minion[1515]: [INFO    ] Running state [maas-region apikey --username opnfv > /var/lib/maas/.maas_credentials] at time 20:31:46.740478
Jun  2 20:31:46 mas01 salt-minion[1515]: [INFO    ] Executing state cmd.run for maas-region apikey --username opnfv > /var/lib/maas/.maas_credentials
Jun  2 20:31:46 mas01 salt-minion[1515]: [INFO    ] Executing command 'maas-region apikey --username opnfv > /var/lib/maas/.maas_credentials' in directory '/root'
Jun  2 20:31:46 mas01 sh[16072]: 2018-06-02 20:31:46 regiond: [info] 192.168.11.6 POST /MAAS/metadata/status/fbb8ck HTTP/1.1 --> 204 NO_CONTENT (referrer: -; agent: python-requests/2.9.1)
Jun  2 20:31:46 mas01 sh[16068]: 2018-06-02 20:31:46 regiond: [info] 192.168.11.16 POST /MAAS/metadata/status/b4hed3 HTTP/1.1 --> 204 NO_CONTENT (referrer: -; agent: python-requests/2.9.1)
Jun  2 20:31:46 mas01 sh[16068]: 2018-06-02 20:31:46 regiond: [info] 192.168.11.6 POST /MAAS/metadata/status/fbb8ck HTTP/1.1 --> 204 NO_CONTENT (referrer: -; agent: python-requests/2.9.1)
Jun  2 20:31:46 mas01 sh[16072]: 2018-06-02 20:31:46 regiond: [info] 192.168.11.6 POST /MAAS/metadata/status/fbb8ck HTTP/1.1 --> 204 NO_CONTENT (referrer: -; agent: python-requests/2.9.1)
Jun  2 20:31:46 mas01 sh[16797]: 2018-06-02 20:31:46 regiond: [info] 192.168.11.16 POST /MAAS/metadata/status/b4hed3 HTTP/1.1 --> 204 NO_CONTENT (referrer: -; agent: python-requests/2.9.1)
Jun  2 20:31:46 mas01 sh[16068]: 2018-06-02 20:31:46 regiond: [info] 192.168.11.6 POST /MAAS/metadata/status/fbb8ck HTTP/1.1 --> 204 NO_CONTENT (referrer: -; agent: python-requests/2.9.1)
Jun  2 20:31:46 mas01 sh[16797]: 2018-06-02 20:31:46 regiond: [info] 192.168.11.16 POST /MAAS/metadata/status/b4hed3 HTTP/1.1 --> 204 NO_CONTENT (referrer: -; agent: python-requests/2.9.1)
Jun  2 20:31:46 mas01 sh[16068]: 2018-06-02 20:31:46 regiond: [info] 192.168.11.6 POST /MAAS/metadata/status/fbb8ck HTTP/1.1 --> 204 NO_CONTENT (referrer: -; agent: python-requests/2.9.1)
Jun  2 20:31:46 mas01 sh[16797]: 2018-06-02 20:31:46 regiond: [info] 192.168.11.16 POST /MAAS/metadata/status/b4hed3 HTTP/1.1 --> 204 NO_CONTENT (referrer: -; agent: python-requests/2.9.1)
Jun  2 20:31:46 mas01 sh[16797]: 2018-06-02 20:31:46 regiond: [info] 192.168.11.16 POST /MAAS/metadata/status/b4hed3 HTTP/1.1 --> 204 NO_CONTENT (referrer: -; agent: python-requests/2.9.1)
Jun  2 20:31:47 mas01 sh[16068]: 2018-06-02 20:31:47 regiond: [info] 192.168.11.6 POST /MAAS/metadata/status/fbb8ck HTTP/1.1 --> 204 NO_CONTENT (referrer: -; agent: python-requests/2.9.1)
Jun  2 20:31:47 mas01 sh[16063]: 2018-06-02 20:31:47 regiond: [info] 192.168.11.6 POST /MAAS/metadata/status/fbb8ck HTTP/1.1 --> 204 NO_CONTENT (referrer: -; agent: python-requests/2.9.1)
Jun  2 20:31:47 mas01 sh[16068]: 2018-06-02 20:31:47 regiond: [info] 192.168.11.16 POST /MAAS/metadata/status/b4hed3 HTTP/1.1 --> 204 NO_CONTENT (referrer: -; agent: python-requests/2.9.1)
Jun  2 20:31:47 mas01 sh[16072]: 2018-06-02 20:31:47 regiond: [info] 192.168.11.16 POST /MAAS/metadata/status/b4hed3 HTTP/1.1 --> 204 NO_CONTENT (referrer: -; agent: python-requests/2.9.1)
Jun  2 20:31:47 mas01 sh[16063]: 2018-06-02 20:31:47 regiond: [info] 192.168.11.6 POST /MAAS/metadata/status/fbb8ck HTTP/1.1 --> 204 NO_CONTENT (referrer: -; agent: python-requests/2.9.1)
Jun  2 20:31:47 mas01 sh[16072]: 2018-06-02 20:31:47 regiond: [info] 192.168.11.16 POST /MAAS/metadata/status/b4hed3 HTTP/1.1 --> 204 NO_CONTENT (referrer: -; agent: python-requests/2.9.1)
Jun  2 20:31:47 mas01 sh[16063]: 2018-06-02 20:31:47 regiond: [info] 192.168.11.6 POST /MAAS/metadata/status/fbb8ck HTTP/1.1 --> 204 NO_CONTENT (referrer: -; agent: python-requests/2.9.1)
Jun  2 20:31:47 mas01 sh[16063]: 2018-06-02 20:31:47 regiond: [info] 192.168.11.6 POST /MAAS/metadata/status/fbb8ck HTTP/1.1 --> 204 NO_CONTENT (referrer: -; agent: python-requests/2.9.1)
Jun  2 20:31:47 mas01 sh[16068]: 2018-06-02 20:31:47 regiond: [info] 192.168.11.16 POST /MAAS/metadata/status/b4hed3 HTTP/1.1 --> 204 NO_CONTENT (referrer: -; agent: python-requests/2.9.1)
Jun  2 20:31:47 mas01 sh[16072]: 2018-06-02 20:31:47 regiond: [info] 192.168.11.16 POST /MAAS/metadata/status/b4hed3 HTTP/1.1 --> 204 NO_CONTENT (referrer: -; agent: python-requests/2.9.1)
Jun  2 20:31:47 mas01 sh[16072]: 2018-06-02 20:31:47 regiond: [info] 192.168.11.6 POST /MAAS/metadata/status/fbb8ck HTTP/1.1 --> 204 NO_CONTENT (referrer: -; agent: python-requests/2.9.1)
Jun  2 20:31:47 mas01 sh[16072]: 2018-06-02 20:31:47 regiond: [info] 192.168.11.16 POST /MAAS/metadata/status/b4hed3 HTTP/1.1 --> 204 NO_CONTENT (referrer: -; agent: python-requests/2.9.1)
Jun  2 20:31:47 mas01 sh[16068]: 2018-06-02 20:31:47 regiond: [info] 192.168.11.6 POST /MAAS/metadata/status/fbb8ck HTTP/1.1 --> 204 NO_CONTENT (referrer: -; agent: python-requests/2.9.1)
Jun  2 20:31:47 mas01 sh[16072]: 2018-06-02 20:31:47 regiond: [info] 192.168.11.16 POST /MAAS/metadata/status/b4hed3 HTTP/1.1 --> 204 NO_CONTENT (referrer: -; agent: python-requests/2.9.1)
Jun  2 20:31:47 mas01 sh[16068]: 2018-06-02 20:31:47 regiond: [info] 192.168.11.6 POST /MAAS/metadata/status/fbb8ck HTTP/1.1 --> 204 NO_CONTENT (referrer: -; agent: python-requests/2.9.1)
Jun  2 20:31:47 mas01 sh[16797]: 2018-06-02 20:31:47 regiond: [info] 192.168.11.16 POST /MAAS/metadata/status/b4hed3 HTTP/1.1 --> 204 NO_CONTENT (referrer: -; agent: python-requests/2.9.1)
Jun  2 20:31:47 mas01 sh[16797]: 2018-06-02 20:31:47 regiond: [info] 192.168.11.6 POST /MAAS/metadata/status/fbb8ck HTTP/1.1 --> 204 NO_CONTENT (referrer: -; agent: python-requests/2.9.1)
Jun  2 20:31:47 mas01 sh[16068]: 2018-06-02 20:31:47 regiond: [info] 192.168.11.16 POST /MAAS/metadata/status/b4hed3 HTTP/1.1 --> 204 NO_CONTENT (referrer: -; agent: python-requests/2.9.1)
Jun  2 20:31:47 mas01 sh[16072]: 2018-06-02 20:31:47 regiond: [info] 192.168.11.6 POST /MAAS/metadata/status/fbb8ck HTTP/1.1 --> 204 NO_CONTENT (referrer: -; agent: python-requests/2.9.1)
Jun  2 20:31:47 mas01 sh[16797]: 2018-06-02 20:31:47 regiond: [info] 192.168.11.16 POST /MAAS/metadata/status/b4hed3 HTTP/1.1 --> 204 NO_CONTENT (referrer: -; agent: python-requests/2.9.1)
Jun  2 20:31:47 mas01 sh[16797]: 2018-06-02 20:31:47 regiond: [info] 192.168.11.6 POST /MAAS/metadata/status/fbb8ck HTTP/1.1 --> 204 NO_CONTENT (referrer: -; agent: python-requests/2.9.1)
Jun  2 20:31:47 mas01 sh[16072]: 2018-06-02 20:31:47 regiond: [info] 192.168.11.16 POST /MAAS/metadata/status/b4hed3 HTTP/1.1 --> 204 NO_CONTENT (referrer: -; agent: python-requests/2.9.1)
Jun  2 20:31:47 mas01 sh[16063]: 2018-06-02 20:31:47 regiond: [info] 192.168.11.16 POST /MAAS/metadata/status/b4hed3 HTTP/1.1 --> 204 NO_CONTENT (referrer: -; agent: python-requests/2.9.1)
Jun  2 20:31:47 mas01 sh[16797]: 2018-06-02 20:31:47 regiond: [info] 192.168.11.6 POST /MAAS/metadata/status/fbb8ck HTTP/1.1 --> 204 NO_CONTENT (referrer: -; agent: python-requests/2.9.1)
Jun  2 20:31:47 mas01 sh[16072]: 2018-06-02 20:31:47 regiond: [info] 192.168.11.16 POST /MAAS/metadata/status/b4hed3 HTTP/1.1 --> 204 NO_CONTENT (referrer: -; agent: python-requests/2.9.1)
Jun  2 20:31:47 mas01 sh[16072]: 2018-06-02 20:31:47 regiond: [info] 192.168.11.6 POST /MAAS/metadata/status/fbb8ck HTTP/1.1 --> 204 NO_CONTENT (referrer: -; agent: python-requests/2.9.1)
Jun  2 20:31:47 mas01 sh[16797]: 2018-06-02 20:31:47 regiond: [info] 192.168.11.16 POST /MAAS/metadata/status/b4hed3 HTTP/1.1 --> 204 NO_CONTENT (referrer: -; agent: python-requests/2.9.1)
Jun  2 20:31:47 mas01 sh[16797]: 2018-06-02 20:31:47 regiond: [info] 192.168.11.6 POST /MAAS/metadata/status/fbb8ck HTTP/1.1 --> 204 NO_CONTENT (referrer: -; agent: python-requests/2.9.1)
Jun  2 20:31:47 mas01 sh[16072]: 2018-06-02 20:31:47 regiond: [info] 192.168.11.16 POST /MAAS/metadata/status/b4hed3 HTTP/1.1 --> 204 NO_CONTENT (referrer: -; agent: python-requests/2.9.1)
Jun  2 20:31:47 mas01 sh[16072]: 2018-06-02 20:31:47 regiond: [info] 192.168.11.6 POST /MAAS/metadata/status/fbb8ck HTTP/1.1 --> 204 NO_CONTENT (referrer: -; agent: python-requests/2.9.1)
Jun  2 20:31:47 mas01 sh[16797]: 2018-06-02 20:31:47 regiond: [info] 192.168.11.16 POST /MAAS/metadata/status/b4hed3 HTTP/1.1 --> 204 NO_CONTENT (referrer: -; agent: python-requests/2.9.1)
Jun  2 20:31:47 mas01 sh[16797]: 2018-06-02 20:31:47 regiond: [info] 192.168.11.16 POST /MAAS/metadata/status/b4hed3 HTTP/1.1 --> 204 NO_CONTENT (referrer: -; agent: python-requests/2.9.1)
Jun  2 20:31:47 mas01 sh[16063]: 2018-06-02 20:31:47 regiond: [info] 192.168.11.6 POST /MAAS/metadata/status/fbb8ck HTTP/1.1 --> 204 NO_CONTENT (referrer: -; agent: python-requests/2.9.1)
Jun  2 20:31:47 mas01 sh[16072]: 2018-06-02 20:31:47 regiond: [info] 192.168.11.16 POST /MAAS/metadata/status/b4hed3 HTTP/1.1 --> 204 NO_CONTENT (referrer: -; agent: python-requests/2.9.1)
Jun  2 20:31:47 mas01 sh[16068]: 2018-06-02 20:31:47 regiond: [info] 192.168.11.6 POST /MAAS/metadata/status/fbb8ck HTTP/1.1 --> 204 NO_CONTENT (referrer: -; agent: python-requests/2.9.1)
Jun  2 20:31:47 mas01 sh[16068]: 2018-06-02 20:31:47 regiond: [info] 192.168.11.16 POST /MAAS/metadata/status/b4hed3 HTTP/1.1 --> 204 NO_CONTENT (referrer: -; agent: python-requests/2.9.1)
Jun  2 20:31:47 mas01 sh[16063]: 2018-06-02 20:31:47 regiond: [info] 192.168.11.6 POST /MAAS/metadata/status/fbb8ck HTTP/1.1 --> 204 NO_CONTENT (referrer: -; agent: python-requests/2.9.1)
Jun  2 20:31:47 mas01 sh[16072]: 2018-06-02 20:31:47 regiond: [info] 192.168.11.16 POST /MAAS/metadata/status/b4hed3 HTTP/1.1 --> 204 NO_CONTENT (referrer: -; agent: python-requests/2.9.1)
Jun  2 20:31:47 mas01 sh[16797]: 2018-06-02 20:31:47 regiond: [info] 192.168.11.6 POST /MAAS/metadata/status/fbb8ck HTTP/1.1 --> 204 NO_CONTENT (referrer: -; agent: python-requests/2.9.1)
Jun  2 20:31:47 mas01 sh[16068]: 2018-06-02 20:31:47 regiond: [info] 192.168.11.16 POST /MAAS/metadata/status/b4hed3 HTTP/1.1 --> 204 NO_CONTENT (referrer: -; agent: python-requests/2.9.1)
Jun  2 20:31:47 mas01 sh[16063]: 2018-06-02 20:31:47 regiond: [info] 192.168.11.6 POST /MAAS/metadata/status/fbb8ck HTTP/1.1 --> 204 NO_CONTENT (referrer: -; agent: python-requests/2.9.1)
Jun  2 20:31:47 mas01 sh[16072]: 2018-06-02 20:31:47 regiond: [info] 192.168.11.6 POST /MAAS/metadata/status/fbb8ck HTTP/1.1 --> 204 NO_CONTENT (referrer: -; agent: python-requests/2.9.1)
Jun  2 20:31:47 mas01 sh[16068]: 2018-06-02 20:31:47 regiond: [info] 192.168.11.16 POST /MAAS/metadata/status/b4hed3 HTTP/1.1 --> 204 NO_CONTENT (referrer: -; agent: python-requests/2.9.1)
Jun  2 20:31:47 mas01 sh[16063]: 2018-06-02 20:31:47 regiond: [info] 192.168.11.16 POST /MAAS/metadata/status/b4hed3 HTTP/1.1 --> 204 NO_CONTENT (referrer: -; agent: python-requests/2.9.1)
Jun  2 20:31:47 mas01 sh[16072]: 2018-06-02 20:31:47 regiond: [info] 192.168.11.16 POST /MAAS/metadata/status/b4hed3 HTTP/1.1 --> 204 NO_CONTENT (referrer: -; agent: python-requests/2.9.1)
Jun  2 20:31:47 mas01 sh[16068]: 2018-06-02 20:31:47 regiond: [info] 192.168.11.6 POST /MAAS/metadata/status/fbb8ck HTTP/1.1 --> 204 NO_CONTENT (referrer: -; agent: python-requests/2.9.1)
Jun  2 20:31:47 mas01 sh[16072]: 2018-06-02 20:31:47 regiond: [info] 192.168.11.16 POST /MAAS/metadata/status/b4hed3 HTTP/1.1 --> 204 NO_CONTENT (referrer: -; agent: python-requests/2.9.1)
Jun  2 20:31:47 mas01 sh[16068]: 2018-06-02 20:31:47 regiond: [info] 192.168.11.6 POST /MAAS/metadata/status/fbb8ck HTTP/1.1 --> 204 NO_CONTENT (referrer: -; agent: python-requests/2.9.1)
Jun  2 20:31:47 mas01 sh[16063]: 2018-06-02 20:31:47 regiond: [info] 192.168.11.6 POST /MAAS/metadata/status/fbb8ck HTTP/1.1 --> 204 NO_CONTENT (referrer: -; agent: python-requests/2.9.1)
Jun  2 20:31:47 mas01 sh[16068]: 2018-06-02 20:31:47 regiond: [info] 192.168.11.6 POST /MAAS/metadata/status/fbb8ck HTTP/1.1 --> 204 NO_CONTENT (referrer: -; agent: python-requests/2.9.1)
Jun  2 20:31:47 mas01 sh[16063]: 2018-06-02 20:31:47 regiond: [info] 192.168.11.16 POST /MAAS/metadata/status/b4hed3 HTTP/1.1 --> 204 NO_CONTENT (referrer: -; agent: python-requests/2.9.1)
Jun  2 20:31:47 mas01 sh[16063]: 2018-06-02 20:31:47 regiond: [info] 192.168.11.16 POST /MAAS/metadata/status/b4hed3 HTTP/1.1 --> 204 NO_CONTENT (referrer: -; agent: python-requests/2.9.1)
Jun  2 20:31:47 mas01 sh[16797]: 2018-06-02 20:31:47 regiond: [info] 192.168.11.6 POST /MAAS/metadata/status/fbb8ck HTTP/1.1 --> 204 NO_CONTENT (referrer: -; agent: python-requests/2.9.1)
Jun  2 20:31:47 mas01 sh[16072]: 2018-06-02 20:31:47 regiond: [info] 192.168.11.6 POST /MAAS/metadata/status/fbb8ck HTTP/1.1 --> 204 NO_CONTENT (referrer: -; agent: python-requests/2.9.1)
Jun  2 20:31:47 mas01 sh[16072]: 2018-06-02 20:31:47 regiond: [info] 192.168.11.16 POST /MAAS/metadata/status/b4hed3 HTTP/1.1 --> 204 NO_CONTENT (referrer: -; agent: python-requests/2.9.1)
Jun  2 20:31:47 mas01 sh[16072]: 2018-06-02 20:31:47 regiond: [info] 192.168.11.16 POST /MAAS/metadata/status/b4hed3 HTTP/1.1 --> 204 NO_CONTENT (referrer: -; agent: python-requests/2.9.1)
Jun  2 20:31:47 mas01 sh[16068]: 2018-06-02 20:31:47 regiond: [info] 192.168.11.6 POST /MAAS/metadata/status/fbb8ck HTTP/1.1 --> 204 NO_CONTENT (referrer: -; agent: python-requests/2.9.1)
Jun  2 20:31:47 mas01 sh[16068]: 2018-06-02 20:31:47 regiond: [info] 192.168.11.6 POST /MAAS/metadata/status/fbb8ck HTTP/1.1 --> 204 NO_CONTENT (referrer: -; agent: python-requests/2.9.1)
Jun  2 20:31:47 mas01 sh[16072]: 2018-06-02 20:31:47 regiond: [info] 192.168.11.6 POST /MAAS/metadata/status/fbb8ck HTTP/1.1 --> 204 NO_CONTENT (referrer: -; agent: python-requests/2.9.1)
Jun  2 20:31:47 mas01 sh[16068]: 2018-06-02 20:31:47 regiond: [info] 192.168.11.16 POST /MAAS/metadata/status/b4hed3 HTTP/1.1 --> 204 NO_CONTENT (referrer: -; agent: python-requests/2.9.1)
Jun  2 20:31:47 mas01 sh[16072]: 2018-06-02 20:31:47 regiond: [info] 192.168.11.6 POST /MAAS/metadata/status/fbb8ck HTTP/1.1 --> 204 NO_CONTENT (referrer: -; agent: python-requests/2.9.1)
Jun  2 20:31:47 mas01 sh[16063]: 2018-06-02 20:31:47 regiond: [info] 192.168.11.16 POST /MAAS/metadata/status/b4hed3 HTTP/1.1 --> 204 NO_CONTENT (referrer: -; agent: python-requests/2.9.1)
Jun  2 20:31:48 mas01 salt-minion[1515]: [INFO    ] {'pid': 21020, 'retcode': 0, 'stderr': '', 'stdout': ''}
Jun  2 20:31:48 mas01 salt-minion[1515]: [INFO    ] Completed state [maas-region apikey --username opnfv > /var/lib/maas/.maas_credentials] at time 20:31:48.413501 duration_in_ms=1673.03
Jun  2 20:31:48 mas01 salt-minion[1515]: [INFO    ] Running state [maas.machines_status] at time 20:31:48.418727
Jun  2 20:31:48 mas01 salt-minion[1515]: [INFO    ] Executing state module.run for maas.machines_status
Jun  2 20:31:48 mas01 sh[16068]: 2018-06-02 20:31:48 regiond: [info] 192.168.11.16 POST /MAAS/metadata/status/b4hed3 HTTP/1.1 --> 204 NO_CONTENT (referrer: -; agent: python-requests/2.9.1)
Jun  2 20:31:48 mas01 sh[16068]: 2018-06-02 20:31:48 regiond: [info] 192.168.11.16 POST /MAAS/metadata/status/b4hed3 HTTP/1.1 --> 204 NO_CONTENT (referrer: -; agent: python-requests/2.9.1)
Jun  2 20:31:48 mas01 sh[16797]: 2018-06-02 20:31:48 regiond: [info] 192.168.11.16 POST /MAAS/metadata/status/b4hed3 HTTP/1.1 --> 204 NO_CONTENT (referrer: -; agent: python-requests/2.9.1)
Jun  2 20:31:48 mas01 sh[16797]: message repeated 2 times: [ 2018-06-02 20:31:48 regiond: [info] 192.168.11.16 POST /MAAS/metadata/status/b4hed3 HTTP/1.1 --> 204 NO_CONTENT (referrer: -; agent: python-requests/2.9.1)]
Jun  2 20:31:48 mas01 sh[16068]: 2018-06-02 20:31:48 regiond: [info] 192.168.11.16 POST /MAAS/metadata/status/b4hed3 HTTP/1.1 --> 204 NO_CONTENT (referrer: -; agent: python-requests/2.9.1)
Jun  2 20:31:48 mas01 sh[16072]: 2018-06-02 20:31:48 regiond: [info] 192.168.11.16 POST /MAAS/metadata/status/b4hed3 HTTP/1.1 --> 204 NO_CONTENT (referrer: -; agent: python-requests/2.9.1)
Jun  2 20:31:48 mas01 sh[16797]: 2018-06-02 20:31:48 regiond: [info] 192.168.11.6 POST /MAAS/metadata/status/fbb8ck HTTP/1.1 --> 204 NO_CONTENT (referrer: -; agent: python-requests/2.9.1)
Jun  2 20:31:48 mas01 sh[16072]: 2018-06-02 20:31:48 regiond: [info] 192.168.11.16 POST /MAAS/metadata/status/b4hed3 HTTP/1.1 --> 204 NO_CONTENT (referrer: -; agent: python-requests/2.9.1)
Jun  2 20:31:48 mas01 sh[16072]: 2018-06-02 20:31:48 regiond: [info] 192.168.11.6 POST /MAAS/metadata/status/fbb8ck HTTP/1.1 --> 204 NO_CONTENT (referrer: -; agent: python-requests/2.9.1)
Jun  2 20:31:48 mas01 sh[16072]: 2018-06-02 20:31:48 regiond: [info] 192.168.11.16 POST /MAAS/metadata/status/b4hed3 HTTP/1.1 --> 204 NO_CONTENT (referrer: -; agent: python-requests/2.9.1)
Jun  2 20:31:48 mas01 sh[16072]: 2018-06-02 20:31:48 regiond: [info] 192.168.11.6 POST /MAAS/metadata/status/fbb8ck HTTP/1.1 --> 204 NO_CONTENT (referrer: -; agent: python-requests/2.9.1)
Jun  2 20:31:48 mas01 sh[16072]: 2018-06-02 20:31:48 regiond: [info] 192.168.11.6 POST /MAAS/metadata/status/fbb8ck HTTP/1.1 --> 204 NO_CONTENT (referrer: -; agent: python-requests/2.9.1)
Jun  2 20:31:48 mas01 sh[16797]: 2018-06-02 20:31:48 regiond: [info] 192.168.11.6 POST /MAAS/metadata/status/fbb8ck HTTP/1.1 --> 204 NO_CONTENT (referrer: -; agent: python-requests/2.9.1)
Jun  2 20:31:48 mas01 sh[16068]: 2018-06-02 20:31:48 regiond: [info] 192.168.11.6 POST /MAAS/metadata/status/fbb8ck HTTP/1.1 --> 204 NO_CONTENT (referrer: -; agent: python-requests/2.9.1)
Jun  2 20:31:48 mas01 sh[16797]: 2018-06-02 20:31:48 regiond: [info] 192.168.11.6 POST /MAAS/metadata/status/fbb8ck HTTP/1.1 --> 204 NO_CONTENT (referrer: -; agent: python-requests/2.9.1)
Jun  2 20:31:48 mas01 sh[16797]: 2018-06-02 20:31:48 regiond: [info] 192.168.11.6 POST /MAAS/metadata/status/fbb8ck HTTP/1.1 --> 204 NO_CONTENT (referrer: -; agent: python-requests/2.9.1)
Jun  2 20:31:48 mas01 sh[16068]: 2018-06-02 20:31:48 regiond: [info] 192.168.11.6 POST /MAAS/metadata/status/fbb8ck HTTP/1.1 --> 204 NO_CONTENT (referrer: -; agent: python-requests/2.9.1)
Jun  2 20:31:49 mas01 sh[16068]: 2018-06-02 20:31:49 regiond: [info] 127.0.0.1 GET /MAAS/api/2.0/machines/ HTTP/1.1 --> 200 OK (referrer: -; agent: Python-urllib/2.7)
Jun  2 20:31:49 mas01 salt-minion[1515]: [INFO    ] {'ret': {'machines': [{'status': 'Deploying', 'hostname': u'cmp002', 'system_id': u'fbb8ck'}, {'status': 'Deploying', 'hostname': u'cmp001', 'system_id': u'b4hed3'}, {'status': 'Deploying', 'hostname': u'kvm01', 'system_id': u'yqgkac'}, {'status': 'Deploying', 'hostname': u'kvm03', 'system_id': u'kww46m'}, {'status': 'Deploying', 'hostname': u'kvm02', 'system_id': u'aqxqqk'}], 'summary': Counter({'Deploying': 5})}}
Jun  2 20:31:49 mas01 salt-minion[1515]: [INFO    ] Completed state [maas.machines_status] at time 20:31:49.087823 duration_in_ms=669.095
Jun  2 20:31:49 mas01 salt-minion[1515]: [INFO    ] Returning information for job: 20180602203146254675
Jun  2 20:31:49 mas01 sh[16072]: 2018-06-02 20:31:49 regiond: [info] 192.168.11.6 POST /MAAS/metadata/status/fbb8ck HTTP/1.1 --> 204 NO_CONTENT (referrer: -; agent: python-requests/2.9.1)
Jun  2 20:31:49 mas01 sh[16072]: 2018-06-02 20:31:49 regiond: [info] 192.168.11.6 POST /MAAS/metadata/status/fbb8ck HTTP/1.1 --> 204 NO_CONTENT (referrer: -; agent: python-requests/2.9.1)
Jun  2 20:31:49 mas01 sh[16797]: 2018-06-02 20:31:49 regiond: [info] 192.168.11.6 POST /MAAS/metadata/status/fbb8ck HTTP/1.1 --> 204 NO_CONTENT (referrer: -; agent: python-requests/2.9.1)
Jun  2 20:31:49 mas01 sh[16068]: 2018-06-02 20:31:49 regiond: [info] 192.168.11.6 POST /MAAS/metadata/status/fbb8ck HTTP/1.1 --> 204 NO_CONTENT (referrer: -; agent: python-requests/2.9.1)
Jun  2 20:31:49 mas01 sh[16063]: 2018-06-02 20:31:49 regiond: [info] 192.168.11.16 POST /MAAS/metadata/status/b4hed3 HTTP/1.1 --> 204 NO_CONTENT (referrer: -; agent: python-requests/2.9.1)
Jun  2 20:31:49 mas01 sh[16063]: message repeated 2 times: [ 2018-06-02 20:31:49 regiond: [info] 192.168.11.16 POST /MAAS/metadata/status/b4hed3 HTTP/1.1 --> 204 NO_CONTENT (referrer: -; agent: python-requests/2.9.1)]
