May 25 02:32:10 mas01 named[16034]: automatic empty zone: 103.100.IN-ADDR.ARPA
May 25 02:32:10 mas01 named[16034]: automatic empty zone: 104.100.IN-ADDR.ARPA
May 25 02:32:10 mas01 named[16034]: automatic empty zone: 105.100.IN-ADDR.ARPA
May 25 02:32:10 mas01 named[16034]: automatic empty zone: 106.100.IN-ADDR.ARPA
May 25 02:32:10 mas01 named[16034]: automatic empty zone: 107.100.IN-ADDR.ARPA
May 25 02:32:10 mas01 named[16034]: automatic empty zone: 108.100.IN-ADDR.ARPA
May 25 02:32:10 mas01 named[16034]: automatic empty zone: 109.100.IN-ADDR.ARPA
May 25 02:32:10 mas01 named[16034]: automatic empty zone: 110.100.IN-ADDR.ARPA
May 25 02:32:10 mas01 named[16034]: automatic empty zone: 111.100.IN-ADDR.ARPA
May 25 02:32:10 mas01 named[16034]: automatic empty zone: 112.100.IN-ADDR.ARPA
May 25 02:32:10 mas01 named[16034]: automatic empty zone: 113.100.IN-ADDR.ARPA
May 25 02:32:10 mas01 named[16034]: automatic empty zone: 114.100.IN-ADDR.ARPA
May 25 02:32:10 mas01 named[16034]: automatic empty zone: 115.100.IN-ADDR.ARPA
May 25 02:32:10 mas01 named[16034]: automatic empty zone: 116.100.IN-ADDR.ARPA
May 25 02:32:10 mas01 named[16034]: automatic empty zone: 117.100.IN-ADDR.ARPA
May 25 02:32:10 mas01 named[16034]: automatic empty zone: 118.100.IN-ADDR.ARPA
May 25 02:32:10 mas01 named[16034]: automatic empty zone: 119.100.IN-ADDR.ARPA
May 25 02:32:10 mas01 named[16034]: automatic empty zone: 120.100.IN-ADDR.ARPA
May 25 02:32:10 mas01 named[16034]: automatic empty zone: 121.100.IN-ADDR.ARPA
May 25 02:32:10 mas01 named[16034]: automatic empty zone: 122.100.IN-ADDR.ARPA
May 25 02:32:10 mas01 named[16034]: automatic empty zone: 123.100.IN-ADDR.ARPA
May 25 02:32:10 mas01 named[16034]: automatic empty zone: 124.100.IN-ADDR.ARPA
May 25 02:32:10 mas01 named[16034]: automatic empty zone: 125.100.IN-ADDR.ARPA
May 25 02:32:10 mas01 named[16034]: automatic empty zone: 126.100.IN-ADDR.ARPA
May 25 02:32:10 mas01 named[16034]: automatic empty zone: 127.100.IN-ADDR.ARPA
May 25 02:32:10 mas01 named[16034]: automatic empty zone: 254.169.IN-ADDR.ARPA
May 25 02:32:10 mas01 named[16034]: automatic empty zone: 2.0.192.IN-ADDR.ARPA
May 25 02:32:10 mas01 named[16034]: automatic empty zone: 100.51.198.IN-ADDR.ARPA
May 25 02:32:10 mas01 named[16034]: automatic empty zone: 113.0.203.IN-ADDR.ARPA
May 25 02:32:10 mas01 named[16034]: automatic empty zone: 255.255.255.255.IN-ADDR.ARPA
May 25 02:32:10 mas01 named[16034]: automatic empty zone: 0.0.0.0.0.0.0.0.0.0.0.0.0.0.0.0.0.0.0.0.0.0.0.0.0.0.0.0.0.0.0.0.IP6.ARPA
May 25 02:32:10 mas01 named[16034]: automatic empty zone: 1.0.0.0.0.0.0.0.0.0.0.0.0.0.0.0.0.0.0.0.0.0.0.0.0.0.0.0.0.0.0.0.IP6.ARPA
May 25 02:32:10 mas01 named[16034]: automatic empty zone: D.F.IP6.ARPA
May 25 02:32:10 mas01 named[16034]: automatic empty zone: 8.E.F.IP6.ARPA
May 25 02:32:10 mas01 named[16034]: automatic empty zone: 9.E.F.IP6.ARPA
May 25 02:32:10 mas01 named[16034]: automatic empty zone: A.E.F.IP6.ARPA
May 25 02:32:10 mas01 named[16034]: automatic empty zone: B.E.F.IP6.ARPA
May 25 02:32:10 mas01 named[16034]: automatic empty zone: 8.B.D.0.1.0.0.2.IP6.ARPA
May 25 02:32:10 mas01 named[16034]: automatic empty zone: EMPTY.AS112.ARPA
May 25 02:32:10 mas01 named[16034]: configuring command channel from '/etc/bind/rndc.key'
May 25 02:32:10 mas01 named[16034]: reloading configuration succeeded
May 25 02:32:10 mas01 named[16034]: reloading zones succeeded
May 25 02:32:10 mas01 named[16034]: zone 4.167.10.in-addr.arpa/IN: loaded serial 32
May 25 02:32:10 mas01 named[16034]: zone 0.20.10.in-addr.arpa/IN: loaded serial 32
May 25 02:32:10 mas01 named[16034]: all zones loaded
May 25 02:32:10 mas01 named[16034]: zone mcp-pike-odl-ha.local/IN: loaded serial 32
May 25 02:32:10 mas01 named[16034]: running
May 25 02:32:10 mas01 named[16034]: zone 11.168.192.in-addr.arpa/IN: loaded serial 32
May 25 02:32:12 mas01 sh[15556]: 2018-05-25 02:32:12 provisioningserver.rackdservices.tftp: [info] ubuntu/amd64/ga-16.04/xenial/daily/boot-initrd requested by 00:25:b5:a0:00:4a
May 25 02:32:12 mas01 sh[16639]: 2018-05-25 02:32:12 maasserver.region_controller: [info] Reloaded DNS configuration; ip 192.168.11.10 connected to kvm03 on eth0
May 25 02:32:18 mas01 salt-minion[1377]: [INFO    ] User sudo_ubuntu Executing command state.apply with jid 20180525023218609457
May 25 02:32:18 mas01 salt-minion[1377]: [INFO    ] Starting a new job with PID 18806
May 25 02:32:19 mas01 salt-minion[1377]: [INFO    ] Loading fresh modules for state activity
May 25 02:32:19 mas01 salt-minion[1377]: [INFO    ] Running state [maas-region apikey --username opnfv > /var/lib/maas/.maas_credentials] at time 02:32:19.134887
May 25 02:32:19 mas01 salt-minion[1377]: [INFO    ] Executing state cmd.run for maas-region apikey --username opnfv > /var/lib/maas/.maas_credentials
May 25 02:32:19 mas01 salt-minion[1377]: [INFO    ] Executing command 'maas-region apikey --username opnfv > /var/lib/maas/.maas_credentials' in directory '/root'
May 25 02:32:20 mas01 salt-minion[1377]: [INFO    ] {'pid': 18814, 'retcode': 0, 'stderr': '', 'stdout': ''}
May 25 02:32:20 mas01 salt-minion[1377]: [INFO    ] Completed state [maas-region apikey --username opnfv > /var/lib/maas/.maas_credentials] at time 02:32:20.844849 duration_in_ms=1709.962
May 25 02:32:20 mas01 salt-minion[1377]: [INFO    ] Running state [maas.machines_status] at time 02:32:20.847448
May 25 02:32:20 mas01 salt-minion[1377]: [INFO    ] Executing state module.run for maas.machines_status
May 25 02:32:21 mas01 sh[16110]: 2018-05-25 02:32:21 regiond: [info] 127.0.0.1 GET /MAAS/api/2.0/machines/ HTTP/1.1 --> 200 OK (referrer: -; agent: Python-urllib/2.7)
May 25 02:32:21 mas01 salt-minion[1377]: [INFO    ] {'ret': {'machines': [{'status': 'Commissioning', 'hostname': u'cmp002', 'system_id': u'tbb6kd'}, {'status': 'Commissioning', 'hostname': u'cmp001', 'system_id': u'kdfbpt'}, {'status': 'Commissioning', 'hostname': u'kvm01', 'system_id': u's7aeen'}, {'status': 'Commissioning', 'hostname': u'kvm03', 'system_id': u'cwfcam'}, {'status': 'Commissioning', 'hostname': u'kvm02', 'system_id': u'dp8m6x'}], 'summary': Counter({'Commissioning': 5})}}
May 25 02:32:21 mas01 salt-minion[1377]: [INFO    ] Completed state [maas.machines_status] at time 02:32:21.222749 duration_in_ms=375.3
May 25 02:32:21 mas01 salt-minion[1377]: [INFO    ] Returning information for job: 20180525023218609457
May 25 02:32:23 mas01 dhcpd[18294]: DHCPDISCOVER from 00:25:b5:a0:00:6a via ens5
May 25 02:32:23 mas01 dhcpd[18294]: DHCPOFFER on 192.168.11.7 to 00:25:b5:a0:00:6a (cmp002) via ens5
May 25 02:32:23 mas01 dhcpd[18294]: execute_statement argv[0] = /usr/sbin/maas-dhcp-helper
May 25 02:32:23 mas01 dhcpd[18294]: execute_statement argv[1] = notify
May 25 02:32:23 mas01 dhcpd[18294]: execute_statement argv[2] = --action
May 25 02:32:23 mas01 dhcpd[18294]: execute_statement argv[3] = commit
May 25 02:32:23 mas01 dhcpd[18294]: execute_statement argv[4] = --mac
May 25 02:32:23 mas01 dhcpd[18294]: execute_statement argv[5] = 0:25:b5:a0:0:6a
May 25 02:32:23 mas01 dhcpd[18294]: execute_statement argv[6] = --ip-family
May 25 02:32:23 mas01 dhcpd[18294]: execute_statement argv[7] = ipv4
May 25 02:32:23 mas01 dhcpd[18294]: execute_statement argv[8] = --ip
May 25 02:32:23 mas01 dhcpd[18294]: execute_statement argv[9] = 192.168.11.7
May 25 02:32:23 mas01 dhcpd[18294]: execute_statement argv[10] = --lease-time
May 25 02:32:23 mas01 dhcpd[18294]: execute_statement argv[11] = 600
May 25 02:32:23 mas01 dhcpd[18294]: execute_statement argv[12] = --hostname
May 25 02:32:23 mas01 dhcpd[18294]: execute_statement argv[13] = cmp002
May 25 02:32:23 mas01 dhcpd[18294]: execute_statement argv[14] = --socket
May 25 02:32:23 mas01 dhcpd[18294]: execute_statement argv[15] = /var/lib/maas/dhcpd.sock
May 25 02:32:23 mas01 dhcpd[18294]: DHCPREQUEST for 192.168.11.7 (192.168.11.3) from 00:25:b5:a0:00:6a (cmp002) via ens5
May 25 02:32:23 mas01 dhcpd[18294]: DHCPACK on 192.168.11.7 to 00:25:b5:a0:00:6a (cmp002) via ens5
May 25 02:32:23 mas01 dhcpd[18294]: DHCPDISCOVER from 00:25:b5:a0:00:4a via ens5
May 25 02:32:23 mas01 dhcpd[18294]: DHCPOFFER on 192.168.11.10 to 00:25:b5:a0:00:4a (kvm03) via ens5
May 25 02:32:23 mas01 dhcpd[18294]: DHCPDISCOVER from 00:25:b5:a0:00:2a via ens5
May 25 02:32:23 mas01 dhcpd[18294]: DHCPOFFER on 192.168.11.9 to 00:25:b5:a0:00:2a (kvm01) via ens5
May 25 02:32:23 mas01 dhcpd[18294]: DHCPDISCOVER from 00:25:b5:a0:00:5a via ens5
May 25 02:32:23 mas01 dhcpd[18294]: DHCPOFFER on 192.168.11.8 to 00:25:b5:a0:00:5a (cmp001) via ens5
May 25 02:32:23 mas01 dhcpd[18294]: DHCPDISCOVER from 00:25:b5:a0:00:3a via ens5
May 25 02:32:23 mas01 dhcpd[18294]: DHCPOFFER on 192.168.11.5 to 00:25:b5:a0:00:3a (kvm02) via ens5
May 25 02:32:23 mas01 dhcpd[18294]: DHCPDISCOVER from 00:25:b5:a0:00:3a (kvm02) via ens5
May 25 02:32:23 mas01 dhcpd[18294]: DHCPOFFER on 192.168.11.5 to 00:25:b5:a0:00:3a (kvm02) via ens5
May 25 02:32:23 mas01 dhcpd[18294]: execute_statement argv[0] = /usr/sbin/maas-dhcp-helper
May 25 02:32:23 mas01 dhcpd[18294]: execute_statement argv[1] = notify
May 25 02:32:23 mas01 dhcpd[18294]: execute_statement argv[2] = --action
May 25 02:32:23 mas01 dhcpd[18294]: execute_statement argv[3] = commit
May 25 02:32:23 mas01 dhcpd[18294]: execute_statement argv[4] = --mac
May 25 02:32:23 mas01 dhcpd[18294]: execute_statement argv[5] = 0:25:b5:a0:0:4a
May 25 02:32:23 mas01 dhcpd[18294]: execute_statement argv[6] = --ip-family
May 25 02:32:23 mas01 dhcpd[18294]: execute_statement argv[7] = ipv4
May 25 02:32:23 mas01 dhcpd[18294]: execute_statement argv[8] = --ip
May 25 02:32:23 mas01 dhcpd[18294]: execute_statement argv[9] = 192.168.11.10
May 25 02:32:23 mas01 dhcpd[18294]: execute_statement argv[10] = --lease-time
May 25 02:32:23 mas01 dhcpd[18294]: execute_statement argv[11] = 600
May 25 02:32:23 mas01 dhcpd[18294]: execute_statement argv[12] = --hostname
May 25 02:32:23 mas01 dhcpd[18294]: execute_statement argv[13] = kvm03
May 25 02:32:23 mas01 dhcpd[18294]: execute_statement argv[14] = --socket
May 25 02:32:23 mas01 dhcpd[18294]: execute_statement argv[15] = /var/lib/maas/dhcpd.sock
May 25 02:32:23 mas01 sh[16114]: 2018-05-25 02:32:23 maasserver.rpc.leases: [info] Lease update: commit for 192.168.11.7 on 0:25:b5:a0:0:6a at 2018-05-25 02:32:23 (lease time: 600s) (hostname: cmp002)
May 25 02:32:23 mas01 dhcpd[18294]: DHCPREQUEST for 192.168.11.10 (192.168.11.3) from 00:25:b5:a0:00:4a (kvm03) via ens5
May 25 02:32:23 mas01 dhcpd[18294]: DHCPACK on 192.168.11.10 to 00:25:b5:a0:00:4a (kvm03) via ens5
May 25 02:32:23 mas01 dhcpd[18294]: execute_statement argv[0] = /usr/sbin/maas-dhcp-helper
May 25 02:32:23 mas01 dhcpd[18294]: execute_statement argv[1] = notify
May 25 02:32:23 mas01 dhcpd[18294]: execute_statement argv[2] = --action
May 25 02:32:23 mas01 dhcpd[18294]: execute_statement argv[3] = commit
May 25 02:32:23 mas01 dhcpd[18294]: execute_statement argv[4] = --mac
May 25 02:32:23 mas01 dhcpd[18294]: execute_statement argv[5] = 0:25:b5:a0:0:2a
May 25 02:32:23 mas01 dhcpd[18294]: execute_statement argv[6] = --ip-family
May 25 02:32:23 mas01 dhcpd[18294]: execute_statement argv[7] = ipv4
May 25 02:32:23 mas01 dhcpd[18294]: execute_statement argv[8] = --ip
May 25 02:32:23 mas01 dhcpd[18294]: execute_statement argv[9] = 192.168.11.9
May 25 02:32:23 mas01 dhcpd[18294]: execute_statement argv[10] = --lease-time
May 25 02:32:23 mas01 dhcpd[18294]: execute_statement argv[11] = 600
May 25 02:32:23 mas01 dhcpd[18294]: execute_statement argv[12] = --hostname
May 25 02:32:23 mas01 dhcpd[18294]: execute_statement argv[13] = kvm01
May 25 02:32:23 mas01 dhcpd[18294]: execute_statement argv[14] = --socket
May 25 02:32:23 mas01 dhcpd[18294]: execute_statement argv[15] = /var/lib/maas/dhcpd.sock
May 25 02:32:24 mas01 sh[16110]: 2018-05-25 02:32:24 maasserver.rpc.leases: [info] Lease update: commit for 192.168.11.10 on 0:25:b5:a0:0:4a at 2018-05-25 02:32:23 (lease time: 600s) (hostname: kvm03)
May 25 02:32:24 mas01 sh[16104]: 2018-05-25 02:32:24 maasserver.rpc.leases: [info] Lease update: commit for 192.168.11.9 on 0:25:b5:a0:0:2a at 2018-05-25 02:32:24 (lease time: 600s) (hostname: kvm01)
May 25 02:32:24 mas01 dhcpd[18294]: DHCPREQUEST for 192.168.11.9 (192.168.11.3) from 00:25:b5:a0:00:2a (kvm01) via ens5
May 25 02:32:24 mas01 dhcpd[18294]: DHCPACK on 192.168.11.9 to 00:25:b5:a0:00:2a (kvm01) via ens5
May 25 02:32:24 mas01 dhcpd[18294]: execute_statement argv[0] = /usr/sbin/maas-dhcp-helper
May 25 02:32:24 mas01 dhcpd[18294]: execute_statement argv[1] = notify
May 25 02:32:24 mas01 dhcpd[18294]: execute_statement argv[2] = --action
May 25 02:32:24 mas01 dhcpd[18294]: execute_statement argv[3] = commit
May 25 02:32:24 mas01 dhcpd[18294]: execute_statement argv[4] = --mac
May 25 02:32:24 mas01 dhcpd[18294]: execute_statement argv[5] = 0:25:b5:a0:0:5a
May 25 02:32:24 mas01 dhcpd[18294]: execute_statement argv[6] = --ip-family
May 25 02:32:24 mas01 dhcpd[18294]: execute_statement argv[7] = ipv4
May 25 02:32:24 mas01 dhcpd[18294]: execute_statement argv[8] = --ip
May 25 02:32:24 mas01 dhcpd[18294]: execute_statement argv[9] = 192.168.11.8
May 25 02:32:24 mas01 dhcpd[18294]: execute_statement argv[10] = --lease-time
May 25 02:32:24 mas01 dhcpd[18294]: execute_statement argv[11] = 600
May 25 02:32:24 mas01 dhcpd[18294]: execute_statement argv[12] = --hostname
May 25 02:32:24 mas01 dhcpd[18294]: execute_statement argv[13] = cmp001
May 25 02:32:24 mas01 dhcpd[18294]: execute_statement argv[14] = --socket
May 25 02:32:24 mas01 dhcpd[18294]: execute_statement argv[15] = /var/lib/maas/dhcpd.sock
May 25 02:32:24 mas01 dhcpd[18294]: DHCPREQUEST for 192.168.11.8 (192.168.11.3) from 00:25:b5:a0:00:5a (cmp001) via ens5
May 25 02:32:24 mas01 dhcpd[18294]: DHCPACK on 192.168.11.8 to 00:25:b5:a0:00:5a (cmp001) via ens5
May 25 02:32:24 mas01 dhcpd[18294]: execute_statement argv[0] = /usr/sbin/maas-dhcp-helper
May 25 02:32:24 mas01 dhcpd[18294]: execute_statement argv[1] = notify
May 25 02:32:24 mas01 dhcpd[18294]: execute_statement argv[2] = --action
May 25 02:32:24 mas01 dhcpd[18294]: execute_statement argv[3] = commit
May 25 02:32:24 mas01 dhcpd[18294]: execute_statement argv[4] = --mac
May 25 02:32:24 mas01 dhcpd[18294]: execute_statement argv[5] = 0:25:b5:a0:0:3a
May 25 02:32:24 mas01 dhcpd[18294]: execute_statement argv[6] = --ip-family
May 25 02:32:24 mas01 dhcpd[18294]: execute_statement argv[7] = ipv4
May 25 02:32:24 mas01 dhcpd[18294]: execute_statement argv[8] = --ip
May 25 02:32:24 mas01 dhcpd[18294]: execute_statement argv[9] = 192.168.11.5
May 25 02:32:24 mas01 dhcpd[18294]: execute_statement argv[10] = --lease-time
May 25 02:32:24 mas01 dhcpd[18294]: execute_statement argv[11] = 600
May 25 02:32:24 mas01 dhcpd[18294]: execute_statement argv[12] = --hostname
May 25 02:32:24 mas01 dhcpd[18294]: execute_statement argv[13] = kvm02
May 25 02:32:24 mas01 dhcpd[18294]: execute_statement argv[14] = --socket
May 25 02:32:24 mas01 dhcpd[18294]: execute_statement argv[15] = /var/lib/maas/dhcpd.sock
May 25 02:32:24 mas01 sh[16639]: 2018-05-25 02:32:24 maasserver.rpc.leases: [info] Lease update: commit for 192.168.11.8 on 0:25:b5:a0:0:5a at 2018-05-25 02:32:24 (lease time: 600s) (hostname: cmp001)
May 25 02:32:24 mas01 dhcpd[18294]: DHCPREQUEST for 192.168.11.5 (192.168.11.3) from 00:25:b5:a0:00:3a (kvm02) via ens5
May 25 02:32:24 mas01 dhcpd[18294]: DHCPACK on 192.168.11.5 to 00:25:b5:a0:00:3a (kvm02) via ens5
May 25 02:32:24 mas01 sh[16110]: 2018-05-25 02:32:24 maasserver.rpc.leases: [info] Lease update: commit for 192.168.11.5 on 0:25:b5:a0:0:3a at 2018-05-25 02:32:24 (lease time: 600s) (hostname: kvm02)
May 25 02:32:25 mas01 sh[16104]: 2018-05-25 02:32:25 regiond: [info] 127.0.0.1 GET /MAAS/rpc/ HTTP/1.0 --> 200 OK (referrer: -; agent: provisioningserver.rpc.clusterservice.ClusterClientService)
May 25 02:32:25 mas01 sh[15556]: 2018-05-25 02:32:25 rackd: [info] 192.168.11.7 GET /images/ubuntu/amd64/ga-16.04/xenial/daily/squashfs HTTP/1.1 --> 200 OK (referrer: -; agent: Wget)
May 25 02:32:25 mas01 sh[15556]: 2018-05-25 02:32:25 rackd: [info] 192.168.11.10 GET /images/ubuntu/amd64/ga-16.04/xenial/daily/squashfs HTTP/1.1 --> 200 OK (referrer: -; agent: Wget)
May 25 02:32:25 mas01 sh[15556]: 2018-05-25 02:32:25 rackd: [info] 192.168.11.9 GET /images/ubuntu/amd64/ga-16.04/xenial/daily/squashfs HTTP/1.1 --> 200 OK (referrer: -; agent: Wget)
May 25 02:32:25 mas01 sh[15556]: 2018-05-25 02:32:25 rackd: [info] 192.168.11.8 GET /images/ubuntu/amd64/ga-16.04/xenial/daily/squashfs HTTP/1.1 --> 200 OK (referrer: -; agent: Wget)
May 25 02:32:25 mas01 sh[15556]: 2018-05-25 02:32:25 rackd: [info] 192.168.11.5 GET /images/ubuntu/amd64/ga-16.04/xenial/daily/squashfs HTTP/1.1 --> 200 OK (referrer: -; agent: Wget)
May 25 02:32:27 mas01 ntpd[16743]: Soliciting pool server 91.189.89.198
May 25 02:32:28 mas01 sh[16639]: 2018-05-25 02:32:28 regiond: [info] 192.168.11.9 POST /MAAS/metadata/status/s7aeen HTTP/1.1 --> 204 NO_CONTENT (referrer: -; agent: python-requests/2.9.1)
May 25 02:32:28 mas01 sh[16110]: 2018-05-25 02:32:28 regiond: [info] 192.168.11.9 POST /MAAS/metadata/status/s7aeen HTTP/1.1 --> 204 NO_CONTENT (referrer: -; agent: python-requests/2.9.1)
May 25 02:32:28 mas01 sh[16114]: 2018-05-25 02:32:28 regiond: [info] 192.168.11.7 POST /MAAS/metadata/status/tbb6kd HTTP/1.1 --> 204 NO_CONTENT (referrer: -; agent: python-requests/2.9.1)
May 25 02:32:28 mas01 sh[16639]: 2018-05-25 02:32:28 regiond: [info] 192.168.11.7 POST /MAAS/metadata/status/tbb6kd HTTP/1.1 --> 204 NO_CONTENT (referrer: -; agent: python-requests/2.9.1)
May 25 02:32:28 mas01 sh[16110]: 2018-05-25 02:32:28 regiond: [info] 192.168.11.5 GET /MAAS/metadata/latest/by-id/dp8m6x/?op=get_preseed HTTP/1.1 --> 200 OK (referrer: -; agent: Cloud-Init/18.2)
May 25 02:32:28 mas01 sh[16114]: 2018-05-25 02:32:28 regiond: [info] 192.168.11.10 GET /MAAS/metadata/latest/by-id/cwfcam/?op=get_preseed HTTP/1.1 --> 200 OK (referrer: -; agent: Cloud-Init/18.2)
May 25 02:32:28 mas01 sh[16114]: 2018-05-25 02:32:28 regiond: [info] 192.168.11.8 GET /MAAS/metadata/latest/by-id/kdfbpt/?op=get_preseed HTTP/1.1 --> 200 OK (referrer: -; agent: Cloud-Init/18.2)
May 25 02:32:28 mas01 sh[16114]: 2018-05-25 02:32:28 regiond: [info] 192.168.11.5 POST /MAAS/metadata/status/dp8m6x HTTP/1.1 --> 204 NO_CONTENT (referrer: -; agent: python-requests/2.9.1)
May 25 02:32:28 mas01 sh[16639]: 2018-05-25 02:32:28 regiond: [info] 192.168.11.7 POST /MAAS/metadata/status/tbb6kd HTTP/1.1 --> 204 NO_CONTENT (referrer: -; agent: python-requests/2.9.1)
May 25 02:32:28 mas01 sh[16104]: 2018-05-25 02:32:28 regiond: [info] 192.168.11.5 POST /MAAS/metadata/status/dp8m6x HTTP/1.1 --> 204 NO_CONTENT (referrer: -; agent: python-requests/2.9.1)
May 25 02:32:28 mas01 sh[16104]: 2018-05-25 02:32:28 regiond: [info] 192.168.11.10 POST /MAAS/metadata/status/cwfcam HTTP/1.1 --> 204 NO_CONTENT (referrer: -; agent: python-requests/2.9.1)
May 25 02:32:28 mas01 sh[16104]: 2018-05-25 02:32:28 regiond: [info] 192.168.11.10 POST /MAAS/metadata/status/cwfcam HTTP/1.1 --> 204 NO_CONTENT (referrer: -; agent: python-requests/2.9.1)
May 25 02:32:28 mas01 sh[16639]: 2018-05-25 02:32:28 regiond: [info] 192.168.11.8 POST /MAAS/metadata/status/kdfbpt HTTP/1.1 --> 204 NO_CONTENT (referrer: -; agent: python-requests/2.9.1)
May 25 02:32:28 mas01 sh[16104]: 2018-05-25 02:32:28 regiond: [info] 192.168.11.8 POST /MAAS/metadata/status/kdfbpt HTTP/1.1 --> 204 NO_CONTENT (referrer: -; agent: python-requests/2.9.1)
May 25 02:32:28 mas01 sh[16114]: 2018-05-25 02:32:28 regiond: [info] 192.168.11.9 POST /MAAS/metadata/status/s7aeen HTTP/1.1 --> 204 NO_CONTENT (referrer: -; agent: python-requests/2.9.1)
May 25 02:32:28 mas01 sh[16639]: 2018-05-25 02:32:28 regiond: [info] 192.168.11.5 POST /MAAS/metadata/status/dp8m6x HTTP/1.1 --> 204 NO_CONTENT (referrer: -; agent: python-requests/2.9.1)
May 25 02:32:28 mas01 sh[16110]: 2018-05-25 02:32:28 regiond: [info] 192.168.11.10 POST /MAAS/metadata/status/cwfcam HTTP/1.1 --> 204 NO_CONTENT (referrer: -; agent: python-requests/2.9.1)
May 25 02:32:28 mas01 sh[16114]: 2018-05-25 02:32:28 regiond: [info] 192.168.11.8 POST /MAAS/metadata/status/kdfbpt HTTP/1.1 --> 204 NO_CONTENT (referrer: -; agent: python-requests/2.9.1)
May 25 02:32:28 mas01 sh[16639]: 2018-05-25 02:32:28 regiond: [info] 192.168.11.7 GET /MAAS/metadata/latest/by-id/tbb6kd/?op=get_preseed HTTP/1.1 --> 200 OK (referrer: -; agent: Cloud-Init/18.2)
May 25 02:32:28 mas01 sh[16639]: 2018-05-25 02:32:28 regiond: [info] 192.168.11.7 POST /MAAS/metadata/status/tbb6kd HTTP/1.1 --> 204 NO_CONTENT (referrer: -; agent: python-requests/2.9.1)
May 25 02:32:28 mas01 sh[16110]: 2018-05-25 02:32:28 regiond: [info] 192.168.11.7 POST /MAAS/metadata/status/tbb6kd HTTP/1.1 --> 204 NO_CONTENT (referrer: -; agent: python-requests/2.9.1)
May 25 02:32:28 mas01 sh[16104]: 2018-05-25 02:32:28 regiond: [info] 192.168.11.7 POST /MAAS/metadata/status/tbb6kd HTTP/1.1 --> 204 NO_CONTENT (referrer: -; agent: python-requests/2.9.1)
May 25 02:32:29 mas01 sh[16104]: 2018-05-25 02:32:29 regiond: [info] 192.168.11.9 GET /MAAS/metadata/latest/by-id/s7aeen/?op=get_preseed HTTP/1.1 --> 200 OK (referrer: -; agent: Cloud-Init/18.2)
May 25 02:32:29 mas01 sh[16110]: 2018-05-25 02:32:29 regiond: [info] 192.168.11.7 GET /MAAS/metadata/2012-03-01/meta-data/instance-id HTTP/1.1 --> 200 OK (referrer: -; agent: Cloud-Init/18.2)
May 25 02:32:29 mas01 sh[16114]: 2018-05-25 02:32:29 regiond: [info] 192.168.11.8 GET /MAAS/metadata/latest/by-id/kdfbpt/?op=get_preseed HTTP/1.1 --> 200 OK (referrer: -; agent: Cloud-Init/18.2)
May 25 02:32:29 mas01 sh[16110]: 2018-05-25 02:32:29 regiond: [info] 192.168.11.5 POST /MAAS/metadata/status/dp8m6x HTTP/1.1 --> 204 NO_CONTENT (referrer: -; agent: python-requests/2.9.1)
May 25 02:32:29 mas01 sh[16114]: 2018-05-25 02:32:29 regiond: [info] 192.168.11.5 POST /MAAS/metadata/status/dp8m6x HTTP/1.1 --> 204 NO_CONTENT (referrer: -; agent: python-requests/2.9.1)
May 25 02:32:29 mas01 sh[16104]: 2018-05-25 02:32:29 regiond: [info] 192.168.11.10 POST /MAAS/metadata/status/cwfcam HTTP/1.1 --> 204 NO_CONTENT (referrer: -; agent: python-requests/2.9.1)
May 25 02:32:29 mas01 sh[16114]: 2018-05-25 02:32:29 regiond: [info] 192.168.11.7 GET /MAAS/metadata/2012-03-01/meta-data/instance-id HTTP/1.1 --> 200 OK (referrer: -; agent: python-requests/2.9.1)
May 25 02:32:29 mas01 sh[16104]: 2018-05-25 02:32:29 regiond: [info] 192.168.11.10 POST /MAAS/metadata/status/cwfcam HTTP/1.1 --> 204 NO_CONTENT (referrer: -; agent: python-requests/2.9.1)
May 25 02:32:29 mas01 sh[16110]: 2018-05-25 02:32:29 regiond: [info] 192.168.11.5 POST /MAAS/metadata/status/dp8m6x HTTP/1.1 --> 204 NO_CONTENT (referrer: -; agent: python-requests/2.9.1)
May 25 02:32:29 mas01 sh[16104]: 2018-05-25 02:32:29 regiond: [info] 192.168.11.10 POST /MAAS/metadata/status/cwfcam HTTP/1.1 --> 204 NO_CONTENT (referrer: -; agent: python-requests/2.9.1)
May 25 02:32:29 mas01 sh[16639]: 2018-05-25 02:32:29 regiond: [info] 192.168.11.9 POST /MAAS/metadata/status/s7aeen HTTP/1.1 --> 204 NO_CONTENT (referrer: -; agent: python-requests/2.9.1)
May 25 02:32:29 mas01 sh[16110]: 2018-05-25 02:32:29 regiond: [info] 192.168.11.9 POST /MAAS/metadata/status/s7aeen HTTP/1.1 --> 204 NO_CONTENT (referrer: -; agent: python-requests/2.9.1)
May 25 02:32:29 mas01 sh[16110]: 2018-05-25 02:32:29 regiond: [info] 192.168.11.9 POST /MAAS/metadata/status/s7aeen HTTP/1.1 --> 204 NO_CONTENT (referrer: -; agent: python-requests/2.9.1)
May 25 02:32:29 mas01 sh[16110]: 2018-05-25 02:32:29 regiond: [info] 192.168.11.8 POST /MAAS/metadata/status/kdfbpt HTTP/1.1 --> 204 NO_CONTENT (referrer: -; agent: python-requests/2.9.1)
May 25 02:32:29 mas01 sh[16104]: 2018-05-25 02:32:29 regiond: [info] 192.168.11.7 GET /MAAS/metadata/2012-03-01/meta-data/local-hostname HTTP/1.1 --> 200 OK (referrer: -; agent: python-requests/2.9.1)
May 25 02:32:29 mas01 sh[16114]: 2018-05-25 02:32:29 regiond: [info] 192.168.11.8 POST /MAAS/metadata/status/kdfbpt HTTP/1.1 --> 204 NO_CONTENT (referrer: -; agent: python-requests/2.9.1)
May 25 02:32:29 mas01 sh[16104]: 2018-05-25 02:32:29 regiond: [info] 192.168.11.5 GET /MAAS/metadata/2012-03-01/meta-data/instance-id HTTP/1.1 --> 200 OK (referrer: -; agent: Cloud-Init/18.2)
May 25 02:32:29 mas01 sh[16114]: 2018-05-25 02:32:29 regiond: [info] 192.168.11.8 POST /MAAS/metadata/status/kdfbpt HTTP/1.1 --> 204 NO_CONTENT (referrer: -; agent: python-requests/2.9.1)
May 25 02:32:29 mas01 sh[16114]: 2018-05-25 02:32:29 regiond: [info] 192.168.11.10 GET /MAAS/metadata/2012-03-01/meta-data/instance-id HTTP/1.1 --> 200 OK (referrer: -; agent: Cloud-Init/18.2)
May 25 02:32:29 mas01 sh[16110]: 2018-05-25 02:32:29 regiond: [info] 192.168.11.9 GET /MAAS/metadata/2012-03-01/meta-data/instance-id HTTP/1.1 --> 200 OK (referrer: -; agent: Cloud-Init/18.2)
May 25 02:32:29 mas01 sh[16114]: 2018-05-25 02:32:29 regiond: [info] 192.168.11.7 GET /MAAS/metadata/2012-03-01/meta-data/public-keys HTTP/1.1 --> 200 OK (referrer: -; agent: python-requests/2.9.1)
May 25 02:32:29 mas01 sh[16639]: 2018-05-25 02:32:29 regiond: [info] 192.168.11.5 GET /MAAS/metadata/2012-03-01/meta-data/instance-id HTTP/1.1 --> 200 OK (referrer: -; agent: python-requests/2.9.1)
May 25 02:32:29 mas01 sh[16114]: 2018-05-25 02:32:29 regiond: [info] 192.168.11.8 GET /MAAS/metadata/2012-03-01/meta-data/instance-id HTTP/1.1 --> 200 OK (referrer: -; agent: Cloud-Init/18.2)
May 25 02:32:29 mas01 sh[16110]: 2018-05-25 02:32:29 regiond: [info] 192.168.11.9 GET /MAAS/metadata/2012-03-01/meta-data/instance-id HTTP/1.1 --> 200 OK (referrer: -; agent: python-requests/2.9.1)
May 25 02:32:29 mas01 sh[16104]: 2018-05-25 02:32:29 regiond: [info] 192.168.11.5 GET /MAAS/metadata/2012-03-01/meta-data/local-hostname HTTP/1.1 --> 200 OK (referrer: -; agent: python-requests/2.9.1)
May 25 02:32:29 mas01 sh[16110]: 2018-05-25 02:32:29 regiond: [info] 192.168.11.10 GET /MAAS/metadata/2012-03-01/meta-data/instance-id HTTP/1.1 --> 200 OK (referrer: -; agent: python-requests/2.9.1)
May 25 02:32:29 mas01 sh[16639]: 2018-05-25 02:32:29 regiond: [info] 192.168.11.7 GET /MAAS/metadata/2012-03-01/meta-data/vendor-data HTTP/1.1 --> 200 OK (referrer: -; agent: python-requests/2.9.1)
May 25 02:32:29 mas01 sh[16114]: 2018-05-25 02:32:29 regiond: [info] 192.168.11.8 GET /MAAS/metadata/2012-03-01/meta-data/instance-id HTTP/1.1 --> 200 OK (referrer: -; agent: python-requests/2.9.1)
May 25 02:32:29 mas01 sh[16110]: 2018-05-25 02:32:29 regiond: [info] 192.168.11.9 GET /MAAS/metadata/2012-03-01/meta-data/local-hostname HTTP/1.1 --> 200 OK (referrer: -; agent: python-requests/2.9.1)
May 25 02:32:29 mas01 sh[16639]: 2018-05-25 02:32:29 regiond: [info] 192.168.11.10 GET /MAAS/metadata/2012-03-01/meta-data/local-hostname HTTP/1.1 --> 200 OK (referrer: -; agent: python-requests/2.9.1)
May 25 02:32:29 mas01 sh[16104]: 2018-05-25 02:32:29 regiond: [info] 192.168.11.7 GET /MAAS/metadata/2012-03-01/user-data HTTP/1.1 --> 200 OK (referrer: -; agent: python-requests/2.9.1)
May 25 02:32:29 mas01 sh[16104]: 2018-05-25 02:32:29 regiond: [info] 192.168.11.7 POST /MAAS/metadata/status/tbb6kd HTTP/1.1 --> 204 NO_CONTENT (referrer: -; agent: python-requests/2.9.1)
May 25 02:32:29 mas01 sh[16114]: 2018-05-25 02:32:29 regiond: [info] 192.168.11.9 GET /MAAS/metadata/2012-03-01/meta-data/public-keys HTTP/1.1 --> 200 OK (referrer: -; agent: python-requests/2.9.1)
May 25 02:32:29 mas01 sh[16110]: 2018-05-25 02:32:29 regiond: [info] 192.168.11.8 GET /MAAS/metadata/2012-03-01/meta-data/local-hostname HTTP/1.1 --> 200 OK (referrer: -; agent: python-requests/2.9.1)
May 25 02:32:29 mas01 sh[16104]: 2018-05-25 02:32:29 regiond: [info] 192.168.11.10 GET /MAAS/metadata/2012-03-01/meta-data/public-keys HTTP/1.1 --> 200 OK (referrer: -; agent: python-requests/2.9.1)
May 25 02:32:29 mas01 sh[16110]: 2018-05-25 02:32:29 regiond: [info] 192.168.11.5 GET /MAAS/metadata/2012-03-01/meta-data/vendor-data HTTP/1.1 --> 200 OK (referrer: -; agent: python-requests/2.9.1)
May 25 02:32:29 mas01 sh[16110]: 2018-05-25 02:32:29 regiond: [info] 192.168.11.7 POST /MAAS/metadata/status/tbb6kd HTTP/1.1 --> 204 NO_CONTENT (referrer: -; agent: python-requests/2.9.1)
May 25 02:32:29 mas01 sh[16110]: 2018-05-25 02:32:29 regiond: [info] 192.168.11.7 POST /MAAS/metadata/status/tbb6kd HTTP/1.1 --> 204 NO_CONTENT (referrer: -; agent: python-requests/2.9.1)
May 25 02:32:29 mas01 sh[16110]: 2018-05-25 02:32:29 regiond: [info] 192.168.11.9 GET /MAAS/metadata/2012-03-01/meta-data/vendor-data HTTP/1.1 --> 200 OK (referrer: -; agent: python-requests/2.9.1)
May 25 02:32:29 mas01 sh[16110]: 2018-05-25 02:32:29 regiond: [info] 192.168.11.8 GET /MAAS/metadata/2012-03-01/meta-data/public-keys HTTP/1.1 --> 200 OK (referrer: -; agent: python-requests/2.9.1)
May 25 02:32:29 mas01 sh[16114]: 2018-05-25 02:32:29 regiond: [info] 192.168.11.10 GET /MAAS/metadata/2012-03-01/meta-data/vendor-data HTTP/1.1 --> 200 OK (referrer: -; agent: python-requests/2.9.1)
May 25 02:32:29 mas01 sh[16114]: 2018-05-25 02:32:29 regiond: [info] 192.168.11.7 POST /MAAS/metadata/status/tbb6kd HTTP/1.1 --> 204 NO_CONTENT (referrer: -; agent: python-requests/2.9.1)
May 25 02:32:29 mas01 sh[16639]: 2018-05-25 02:32:29 regiond: [info] 192.168.11.7 POST /MAAS/metadata/status/tbb6kd HTTP/1.1 --> 204 NO_CONTENT (referrer: -; agent: python-requests/2.9.1)
May 25 02:32:29 mas01 sh[16110]: 2018-05-25 02:32:29 regiond: [info] 192.168.11.5 GET /MAAS/metadata/2012-03-01/user-data HTTP/1.1 --> 200 OK (referrer: -; agent: python-requests/2.9.1)
May 25 02:32:29 mas01 sh[16110]: 2018-05-25 02:32:29 regiond: [info] 192.168.11.5 POST /MAAS/metadata/status/dp8m6x HTTP/1.1 --> 204 NO_CONTENT (referrer: -; agent: python-requests/2.9.1)
May 25 02:32:29 mas01 sh[16104]: 2018-05-25 02:32:29 regiond: [info] 192.168.11.9 GET /MAAS/metadata/2012-03-01/user-data HTTP/1.1 --> 200 OK (referrer: -; agent: python-requests/2.9.1)
May 25 02:32:29 mas01 sh[16114]: 2018-05-25 02:32:29 regiond: [info] 192.168.11.9 POST /MAAS/metadata/status/s7aeen HTTP/1.1 --> 204 NO_CONTENT (referrer: -; agent: python-requests/2.9.1)
May 25 02:32:29 mas01 sh[16110]: 2018-05-25 02:32:29 regiond: [info] 192.168.11.8 GET /MAAS/metadata/2012-03-01/meta-data/vendor-data HTTP/1.1 --> 200 OK (referrer: -; agent: python-requests/2.9.1)
May 25 02:32:29 mas01 sh[16110]: 2018-05-25 02:32:29 regiond: [info] 192.168.11.10 GET /MAAS/metadata/2012-03-01/user-data HTTP/1.1 --> 200 OK (referrer: -; agent: python-requests/2.9.1)
May 25 02:32:29 mas01 sh[16110]: 2018-05-25 02:32:29 regiond: [info] 192.168.11.10 POST /MAAS/metadata/status/cwfcam HTTP/1.1 --> 204 NO_CONTENT (referrer: -; agent: python-requests/2.9.1)
May 25 02:32:29 mas01 sh[16110]: 2018-05-25 02:32:29 regiond: [info] 192.168.11.5 POST /MAAS/metadata/status/dp8m6x HTTP/1.1 --> 204 NO_CONTENT (referrer: -; agent: python-requests/2.9.1)
May 25 02:32:29 mas01 sh[16104]: 2018-05-25 02:32:29 regiond: [info] 192.168.11.5 POST /MAAS/metadata/status/dp8m6x HTTP/1.1 --> 204 NO_CONTENT (referrer: -; agent: python-requests/2.9.1)
May 25 02:32:29 mas01 sh[16114]: 2018-05-25 02:32:29 regiond: [info] 192.168.11.5 POST /MAAS/metadata/status/dp8m6x HTTP/1.1 --> 204 NO_CONTENT (referrer: -; agent: python-requests/2.9.1)
May 25 02:32:29 mas01 sh[16639]: 2018-05-25 02:32:29 regiond: [info] 192.168.11.5 POST /MAAS/metadata/status/dp8m6x HTTP/1.1 --> 204 NO_CONTENT (referrer: -; agent: python-requests/2.9.1)
May 25 02:32:29 mas01 sh[16114]: 2018-05-25 02:32:29 regiond: [info] 192.168.11.8 POST /MAAS/metadata/status/kdfbpt HTTP/1.1 --> 204 NO_CONTENT (referrer: -; agent: python-requests/2.9.1)
May 25 02:32:29 mas01 sh[16110]: 2018-05-25 02:32:29 regiond: [info] 192.168.11.9 POST /MAAS/metadata/status/s7aeen HTTP/1.1 --> 204 NO_CONTENT (referrer: -; agent: python-requests/2.9.1)
May 25 02:32:29 mas01 sh[16639]: 2018-05-25 02:32:29 regiond: [info] 192.168.11.9 POST /MAAS/metadata/status/s7aeen HTTP/1.1 --> 204 NO_CONTENT (referrer: -; agent: python-requests/2.9.1)
May 25 02:32:29 mas01 sh[16114]: 2018-05-25 02:32:29 regiond: [info] 192.168.11.9 POST /MAAS/metadata/status/s7aeen HTTP/1.1 --> 204 NO_CONTENT (referrer: -; agent: python-requests/2.9.1)
May 25 02:32:29 mas01 sh[16639]: 2018-05-25 02:32:29 regiond: [info] 192.168.11.9 POST /MAAS/metadata/status/s7aeen HTTP/1.1 --> 204 NO_CONTENT (referrer: -; agent: python-requests/2.9.1)
May 25 02:32:29 mas01 sh[16110]: 2018-05-25 02:32:29 regiond: [info] 192.168.11.7 POST /MAAS/metadata/status/tbb6kd HTTP/1.1 --> 204 NO_CONTENT (referrer: -; agent: python-requests/2.9.1)
May 25 02:32:29 mas01 sh[16104]: 2018-05-25 02:32:29 regiond: [info] 192.168.11.7 POST /MAAS/metadata/status/tbb6kd HTTP/1.1 --> 204 NO_CONTENT (referrer: -; agent: python-requests/2.9.1)
May 25 02:32:29 mas01 sh[16104]: 2018-05-25 02:32:29 regiond: [info] 192.168.11.7 POST /MAAS/metadata/status/tbb6kd HTTP/1.1 --> 204 NO_CONTENT (referrer: -; agent: python-requests/2.9.1)
May 25 02:32:29 mas01 sh[16104]: 2018-05-25 02:32:29 regiond: [info] 192.168.11.10 POST /MAAS/metadata/status/cwfcam HTTP/1.1 --> 204 NO_CONTENT (referrer: -; agent: python-requests/2.9.1)
May 25 02:32:29 mas01 sh[16114]: 2018-05-25 02:32:29 regiond: [info] 192.168.11.7 POST /MAAS/metadata/status/tbb6kd HTTP/1.1 --> 204 NO_CONTENT (referrer: -; agent: python-requests/2.9.1)
May 25 02:32:29 mas01 sh[16110]: 2018-05-25 02:32:29 regiond: [info] 192.168.11.7 POST /MAAS/metadata/status/tbb6kd HTTP/1.1 --> 204 NO_CONTENT (referrer: -; agent: python-requests/2.9.1)
May 25 02:32:29 mas01 sh[16110]: 2018-05-25 02:32:29 regiond: [info] 192.168.11.10 POST /MAAS/metadata/status/cwfcam HTTP/1.1 --> 204 NO_CONTENT (referrer: -; agent: python-requests/2.9.1)
May 25 02:32:29 mas01 sh[16110]: 2018-05-25 02:32:29 regiond: [info] 192.168.11.7 POST /MAAS/metadata/status/tbb6kd HTTP/1.1 --> 204 NO_CONTENT (referrer: -; agent: python-requests/2.9.1)
May 25 02:32:29 mas01 sh[16114]: 2018-05-25 02:32:29 regiond: [info] 192.168.11.7 POST /MAAS/metadata/status/tbb6kd HTTP/1.1 --> 204 NO_CONTENT (referrer: -; agent: python-requests/2.9.1)
May 25 02:32:29 mas01 sh[16110]: 2018-05-25 02:32:29 regiond: [info] 192.168.11.10 POST /MAAS/metadata/status/cwfcam HTTP/1.1 --> 204 NO_CONTENT (referrer: -; agent: python-requests/2.9.1)
May 25 02:32:29 mas01 sh[16639]: 2018-05-25 02:32:29 regiond: [info] 192.168.11.7 POST /MAAS/metadata/status/tbb6kd HTTP/1.1 --> 204 NO_CONTENT (referrer: -; agent: python-requests/2.9.1)
May 25 02:32:29 mas01 sh[16114]: 2018-05-25 02:32:29 regiond: [info] 192.168.11.10 POST /MAAS/metadata/status/cwfcam HTTP/1.1 --> 204 NO_CONTENT (referrer: -; agent: python-requests/2.9.1)
May 25 02:32:29 mas01 sh[16114]: 2018-05-25 02:32:29 regiond: [info] 192.168.11.7 POST /MAAS/metadata/status/tbb6kd HTTP/1.1 --> 204 NO_CONTENT (referrer: -; agent: python-requests/2.9.1)
May 25 02:32:29 mas01 sh[16639]: 2018-05-25 02:32:29 regiond: [info] 192.168.11.7 POST /MAAS/metadata/status/tbb6kd HTTP/1.1 --> 204 NO_CONTENT (referrer: -; agent: python-requests/2.9.1)
May 25 02:32:29 mas01 sh[16110]: 2018-05-25 02:32:29 regiond: [info] 192.168.11.7 POST /MAAS/metadata/status/tbb6kd HTTP/1.1 --> 204 NO_CONTENT (referrer: -; agent: python-requests/2.9.1)
May 25 02:32:29 mas01 sh[16104]: 2018-05-25 02:32:29 regiond: [info] 192.168.11.8 POST /MAAS/metadata/status/kdfbpt HTTP/1.1 --> 204 NO_CONTENT (referrer: -; agent: python-requests/2.9.1)
May 25 02:32:29 mas01 sh[16114]: 2018-05-25 02:32:29 regiond: [info] 192.168.11.7 POST /MAAS/metadata/status/tbb6kd HTTP/1.1 --> 204 NO_CONTENT (referrer: -; agent: python-requests/2.9.1)
May 25 02:32:29 mas01 sh[16110]: 2018-05-25 02:32:29 regiond: [info] 192.168.11.8 POST /MAAS/metadata/status/kdfbpt HTTP/1.1 --> 204 NO_CONTENT (referrer: -; agent: python-requests/2.9.1)
May 25 02:32:29 mas01 sh[16104]: 2018-05-25 02:32:29 regiond: [info] 192.168.11.7 POST /MAAS/metadata/status/tbb6kd HTTP/1.1 --> 204 NO_CONTENT (referrer: -; agent: python-requests/2.9.1)
May 25 02:32:29 mas01 sh[16110]: 2018-05-25 02:32:29 regiond: [info] 192.168.11.8 POST /MAAS/metadata/status/kdfbpt HTTP/1.1 --> 204 NO_CONTENT (referrer: -; agent: python-requests/2.9.1)
May 25 02:32:29 mas01 sh[16639]: 2018-05-25 02:32:29 regiond: [info] 192.168.11.7 POST /MAAS/metadata/status/tbb6kd HTTP/1.1 --> 204 NO_CONTENT (referrer: -; agent: python-requests/2.9.1)
May 25 02:32:29 mas01 sh[16104]: 2018-05-25 02:32:29 regiond: [info] 192.168.11.7 POST /MAAS/metadata/status/tbb6kd HTTP/1.1 --> 204 NO_CONTENT (referrer: -; agent: python-requests/2.9.1)
May 25 02:32:29 mas01 sh[16114]: 2018-05-25 02:32:29 regiond: [info] 192.168.11.8 POST /MAAS/metadata/status/kdfbpt HTTP/1.1 --> 204 NO_CONTENT (referrer: -; agent: python-requests/2.9.1)
May 25 02:32:29 mas01 sh[16114]: 2018-05-25 02:32:29 regiond: [info] 192.168.11.7 POST /MAAS/metadata/status/tbb6kd HTTP/1.1 --> 204 NO_CONTENT (referrer: -; agent: python-requests/2.9.1)
May 25 02:32:29 mas01 sh[16114]: 2018-05-25 02:32:29 regiond: [info] 192.168.11.7 POST /MAAS/metadata/status/tbb6kd HTTP/1.1 --> 204 NO_CONTENT (referrer: -; agent: python-requests/2.9.1)
May 25 02:32:29 mas01 sh[16110]: 2018-05-25 02:32:29 regiond: [info] 192.168.11.7 POST /MAAS/metadata/status/tbb6kd HTTP/1.1 --> 204 NO_CONTENT (referrer: -; agent: python-requests/2.9.1)
May 25 02:32:29 mas01 sh[16110]: 2018-05-25 02:32:29 regiond: [info] 192.168.11.7 POST /MAAS/metadata/status/tbb6kd HTTP/1.1 --> 204 NO_CONTENT (referrer: -; agent: python-requests/2.9.1)
May 25 02:32:29 mas01 sh[16114]: 2018-05-25 02:32:29 regiond: [info] 192.168.11.7 POST /MAAS/metadata/status/tbb6kd HTTP/1.1 --> 204 NO_CONTENT (referrer: -; agent: python-requests/2.9.1)
May 25 02:32:29 mas01 sh[16110]: 2018-05-25 02:32:29 regiond: [info] 192.168.11.7 POST /MAAS/metadata/status/tbb6kd HTTP/1.1 --> 204 NO_CONTENT (referrer: -; agent: python-requests/2.9.1)
May 25 02:32:29 mas01 sh[16104]: 2018-05-25 02:32:29 regiond: [info] 192.168.11.5 POST /MAAS/metadata/status/dp8m6x HTTP/1.1 --> 204 NO_CONTENT (referrer: -; agent: python-requests/2.9.1)
May 25 02:32:29 mas01 sh[16639]: 2018-05-25 02:32:29 regiond: [info] 192.168.11.5 POST /MAAS/metadata/status/dp8m6x HTTP/1.1 --> 204 NO_CONTENT (referrer: -; agent: python-requests/2.9.1)
May 25 02:32:29 mas01 sh[16104]: 2018-05-25 02:32:29 regiond: [info] 192.168.11.7 POST /MAAS/metadata/status/tbb6kd HTTP/1.1 --> 204 NO_CONTENT (referrer: -; agent: python-requests/2.9.1)
May 25 02:32:29 mas01 sh[16114]: 2018-05-25 02:32:29 regiond: [info] 192.168.11.7 POST /MAAS/metadata/status/tbb6kd HTTP/1.1 --> 204 NO_CONTENT (referrer: -; agent: python-requests/2.9.1)
May 25 02:32:29 mas01 sh[16639]: 2018-05-25 02:32:29 regiond: [info] 192.168.11.5 POST /MAAS/metadata/status/dp8m6x HTTP/1.1 --> 204 NO_CONTENT (referrer: -; agent: python-requests/2.9.1)
May 25 02:32:29 mas01 sh[16104]: 2018-05-25 02:32:29 regiond: [info] 192.168.11.7 POST /MAAS/metadata/status/tbb6kd HTTP/1.1 --> 204 NO_CONTENT (referrer: -; agent: python-requests/2.9.1)
May 25 02:32:29 mas01 sh[16114]: 2018-05-25 02:32:29 regiond: [info] 192.168.11.5 POST /MAAS/metadata/status/dp8m6x HTTP/1.1 --> 204 NO_CONTENT (referrer: -; agent: python-requests/2.9.1)
May 25 02:32:29 mas01 sh[16114]: 2018-05-25 02:32:29 regiond: [info] 192.168.11.7 POST /MAAS/metadata/status/tbb6kd HTTP/1.1 --> 204 NO_CONTENT (referrer: -; agent: python-requests/2.9.1)
May 25 02:32:29 mas01 sh[16639]: 2018-05-25 02:32:29 regiond: [info] 192.168.11.5 POST /MAAS/metadata/status/dp8m6x HTTP/1.1 --> 204 NO_CONTENT (referrer: -; agent: python-requests/2.9.1)
May 25 02:32:29 mas01 sh[16110]: 2018-05-25 02:32:29 regiond: [info] 192.168.11.5 POST /MAAS/metadata/status/dp8m6x HTTP/1.1 --> 204 NO_CONTENT (referrer: -; agent: python-requests/2.9.1)
May 25 02:32:29 mas01 sh[16110]: 2018-05-25 02:32:29 regiond: [info] 192.168.11.5 POST /MAAS/metadata/status/dp8m6x HTTP/1.1 --> 204 NO_CONTENT (referrer: -; agent: python-requests/2.9.1)
May 25 02:32:29 mas01 sh[16104]: 2018-05-25 02:32:29 regiond: [info] 192.168.11.7 POST /MAAS/metadata/status/tbb6kd HTTP/1.1 --> 204 NO_CONTENT (referrer: -; agent: python-requests/2.9.1)
May 25 02:32:29 mas01 sh[16639]: 2018-05-25 02:32:29 regiond: [info] 192.168.11.5 POST /MAAS/metadata/status/dp8m6x HTTP/1.1 --> 204 NO_CONTENT (referrer: -; agent: python-requests/2.9.1)
May 25 02:32:29 mas01 sh[16639]: 2018-05-25 02:32:29 regiond: [info] 192.168.11.7 POST /MAAS/metadata/status/tbb6kd HTTP/1.1 --> 204 NO_CONTENT (referrer: -; agent: python-requests/2.9.1)
May 25 02:32:29 mas01 sh[16110]: 2018-05-25 02:32:29 regiond: [info] 192.168.11.5 POST /MAAS/metadata/status/dp8m6x HTTP/1.1 --> 204 NO_CONTENT (referrer: -; agent: python-requests/2.9.1)
May 25 02:32:29 mas01 sh[16114]: 2018-05-25 02:32:29 regiond: [info] 192.168.11.9 POST /MAAS/metadata/status/s7aeen HTTP/1.1 --> 204 NO_CONTENT (referrer: -; agent: python-requests/2.9.1)
May 25 02:32:29 mas01 sh[16639]: 2018-05-25 02:32:29 regiond: [info] 192.168.11.5 POST /MAAS/metadata/status/dp8m6x HTTP/1.1 --> 204 NO_CONTENT (referrer: -; agent: python-requests/2.9.1)
May 25 02:32:29 mas01 sh[16639]: 2018-05-25 02:32:29 regiond: [info] 192.168.11.9 POST /MAAS/metadata/status/s7aeen HTTP/1.1 --> 204 NO_CONTENT (referrer: -; agent: python-requests/2.9.1)
May 25 02:32:29 mas01 sh[16114]: 2018-05-25 02:32:29 regiond: [info] 192.168.11.5 POST /MAAS/metadata/status/dp8m6x HTTP/1.1 --> 204 NO_CONTENT (referrer: -; agent: python-requests/2.9.1)
May 25 02:32:29 mas01 sh[16110]: 2018-05-25 02:32:29 regiond: [info] 192.168.11.9 POST /MAAS/metadata/status/s7aeen HTTP/1.1 --> 204 NO_CONTENT (referrer: -; agent: python-requests/2.9.1)
May 25 02:32:29 mas01 sh[16104]: 2018-05-25 02:32:29 regiond: [info] 192.168.11.9 POST /MAAS/metadata/status/s7aeen HTTP/1.1 --> 204 NO_CONTENT (referrer: -; agent: python-requests/2.9.1)
May 25 02:32:29 mas01 sh[16104]: 2018-05-25 02:32:29 regiond: [info] 192.168.11.9 POST /MAAS/metadata/status/s7aeen HTTP/1.1 --> 204 NO_CONTENT (referrer: -; agent: python-requests/2.9.1)
May 25 02:32:29 mas01 sh[16114]: 2018-05-25 02:32:29 regiond: [info] 192.168.11.5 POST /MAAS/metadata/status/dp8m6x HTTP/1.1 --> 204 NO_CONTENT (referrer: -; agent: python-requests/2.9.1)
May 25 02:32:29 mas01 sh[16104]: 2018-05-25 02:32:29 regiond: [info] 192.168.11.9 POST /MAAS/metadata/status/s7aeen HTTP/1.1 --> 204 NO_CONTENT (referrer: -; agent: python-requests/2.9.1)
May 25 02:32:29 mas01 sh[16110]: 2018-05-25 02:32:29 regiond: [info] 192.168.11.5 POST /MAAS/metadata/status/dp8m6x HTTP/1.1 --> 204 NO_CONTENT (referrer: -; agent: python-requests/2.9.1)
May 25 02:32:29 mas01 sh[16114]: 2018-05-25 02:32:29 regiond: [info] 192.168.11.9 POST /MAAS/metadata/status/s7aeen HTTP/1.1 --> 204 NO_CONTENT (referrer: -; agent: python-requests/2.9.1)
May 25 02:32:29 mas01 sh[16104]: 2018-05-25 02:32:29 regiond: [info] 192.168.11.5 POST /MAAS/metadata/status/dp8m6x HTTP/1.1 --> 204 NO_CONTENT (referrer: -; agent: python-requests/2.9.1)
May 25 02:32:29 mas01 sh[16110]: 2018-05-25 02:32:29 regiond: [info] 192.168.11.10 POST /MAAS/metadata/status/cwfcam HTTP/1.1 --> 204 NO_CONTENT (referrer: -; agent: python-requests/2.9.1)
May 25 02:32:29 mas01 sh[16639]: 2018-05-25 02:32:29 regiond: [info] 192.168.11.9 POST /MAAS/metadata/status/s7aeen HTTP/1.1 --> 204 NO_CONTENT (referrer: -; agent: python-requests/2.9.1)
May 25 02:32:29 mas01 sh[16110]: 2018-05-25 02:32:29 regiond: [info] 192.168.11.5 POST /MAAS/metadata/status/dp8m6x HTTP/1.1 --> 204 NO_CONTENT (referrer: -; agent: python-requests/2.9.1)
May 25 02:32:29 mas01 sh[16114]: 2018-05-25 02:32:29 regiond: [info] 192.168.11.10 POST /MAAS/metadata/status/cwfcam HTTP/1.1 --> 204 NO_CONTENT (referrer: -; agent: python-requests/2.9.1)
May 25 02:32:29 mas01 sh[16110]: 2018-05-25 02:32:29 regiond: [info] 192.168.11.5 POST /MAAS/metadata/status/dp8m6x HTTP/1.1 --> 204 NO_CONTENT (referrer: -; agent: python-requests/2.9.1)
May 25 02:32:29 mas01 sh[16114]: 2018-05-25 02:32:29 regiond: [info] 192.168.11.9 POST /MAAS/metadata/status/s7aeen HTTP/1.1 --> 204 NO_CONTENT (referrer: -; agent: python-requests/2.9.1)
May 25 02:32:29 mas01 sh[16110]: 2018-05-25 02:32:29 regiond: [info] 192.168.11.7 POST /MAAS/metadata/status/tbb6kd HTTP/1.1 --> 204 NO_CONTENT (referrer: -; agent: python-requests/2.9.1)
May 25 02:32:29 mas01 sh[16114]: 2018-05-25 02:32:29 regiond: [info] 192.168.11.10 POST /MAAS/metadata/status/cwfcam HTTP/1.1 --> 204 NO_CONTENT (referrer: -; agent: python-requests/2.9.1)
May 25 02:32:29 mas01 sh[16639]: 2018-05-25 02:32:29 regiond: [info] 192.168.11.5 POST /MAAS/metadata/status/dp8m6x HTTP/1.1 --> 204 NO_CONTENT (referrer: -; agent: python-requests/2.9.1)
May 25 02:32:29 mas01 sh[16104]: 2018-05-25 02:32:29 regiond: [info] 192.168.11.7 POST /MAAS/metadata/status/tbb6kd HTTP/1.1 --> 204 NO_CONTENT (referrer: -; agent: python-requests/2.9.1)
May 25 02:32:29 mas01 sh[16110]: 2018-05-25 02:32:29 regiond: [info] 192.168.11.10 POST /MAAS/metadata/status/cwfcam HTTP/1.1 --> 204 NO_CONTENT (referrer: -; agent: python-requests/2.9.1)
May 25 02:32:29 mas01 sh[16114]: 2018-05-25 02:32:29 regiond: [info] 192.168.11.5 POST /MAAS/metadata/status/dp8m6x HTTP/1.1 --> 204 NO_CONTENT (referrer: -; agent: python-requests/2.9.1)
May 25 02:32:29 mas01 sh[16639]: 2018-05-25 02:32:29 regiond: [info] 192.168.11.10 POST /MAAS/metadata/status/cwfcam HTTP/1.1 --> 204 NO_CONTENT (referrer: -; agent: python-requests/2.9.1)
May 25 02:32:29 mas01 sh[16114]: 2018-05-25 02:32:29 regiond: [info] 192.168.11.5 POST /MAAS/metadata/status/dp8m6x HTTP/1.1 --> 204 NO_CONTENT (referrer: -; agent: python-requests/2.9.1)
May 25 02:32:29 mas01 sh[16114]: 2018-05-25 02:32:29 regiond: [info] 192.168.11.10 POST /MAAS/metadata/status/cwfcam HTTP/1.1 --> 204 NO_CONTENT (referrer: -; agent: python-requests/2.9.1)
May 25 02:32:29 mas01 sh[16114]: 2018-05-25 02:32:29 regiond: [info] 192.168.11.5 POST /MAAS/metadata/status/dp8m6x HTTP/1.1 --> 204 NO_CONTENT (referrer: -; agent: python-requests/2.9.1)
May 25 02:32:29 mas01 sh[16639]: 2018-05-25 02:32:29 regiond: [info] 192.168.11.9 POST /MAAS/metadata/status/s7aeen HTTP/1.1 --> 204 NO_CONTENT (referrer: -; agent: python-requests/2.9.1)
May 25 02:32:29 mas01 sh[16114]: 2018-05-25 02:32:29 regiond: [info] 192.168.11.10 POST /MAAS/metadata/status/cwfcam HTTP/1.1 --> 204 NO_CONTENT (referrer: -; agent: python-requests/2.9.1)
May 25 02:32:29 mas01 sh[16104]: 2018-05-25 02:32:29 regiond: [info] 192.168.11.5 POST /MAAS/metadata/status/dp8m6x HTTP/1.1 --> 204 NO_CONTENT (referrer: -; agent: python-requests/2.9.1)
May 25 02:32:29 mas01 sh[16110]: 2018-05-25 02:32:29 regiond: [info] 192.168.11.9 POST /MAAS/metadata/status/s7aeen HTTP/1.1 --> 204 NO_CONTENT (referrer: -; agent: python-requests/2.9.1)
May 25 02:32:29 mas01 sh[16110]: 2018-05-25 02:32:29 regiond: [info] 192.168.11.10 POST /MAAS/metadata/status/cwfcam HTTP/1.1 --> 204 NO_CONTENT (referrer: -; agent: python-requests/2.9.1)
May 25 02:32:29 mas01 sh[16104]: 2018-05-25 02:32:29 regiond: [info] 192.168.11.10 POST /MAAS/metadata/status/cwfcam HTTP/1.1 --> 204 NO_CONTENT (referrer: -; agent: python-requests/2.9.1)
May 25 02:32:29 mas01 sh[16639]: 2018-05-25 02:32:29 regiond: [info] 192.168.11.5 POST /MAAS/metadata/status/dp8m6x HTTP/1.1 --> 204 NO_CONTENT (referrer: -; agent: python-requests/2.9.1)
May 25 02:32:29 mas01 sh[16104]: 2018-05-25 02:32:29 regiond: [info] 192.168.11.9 POST /MAAS/metadata/status/s7aeen HTTP/1.1 --> 204 NO_CONTENT (referrer: -; agent: python-requests/2.9.1)
May 25 02:32:29 mas01 sh[16104]: 2018-05-25 02:32:29 regiond: [info] 192.168.11.5 POST /MAAS/metadata/status/dp8m6x HTTP/1.1 --> 204 NO_CONTENT (referrer: -; agent: python-requests/2.9.1)
May 25 02:32:29 mas01 sh[16104]: 2018-05-25 02:32:29 regiond: [info] 192.168.11.9 POST /MAAS/metadata/status/s7aeen HTTP/1.1 --> 204 NO_CONTENT (referrer: -; agent: python-requests/2.9.1)
May 25 02:32:29 mas01 sh[16110]: 2018-05-25 02:32:29 regiond: [info] 192.168.11.8 POST /MAAS/metadata/status/kdfbpt HTTP/1.1 --> 204 NO_CONTENT (referrer: -; agent: python-requests/2.9.1)
May 25 02:32:29 mas01 sh[16110]: 2018-05-25 02:32:29 regiond: [info] 192.168.11.5 POST /MAAS/metadata/status/dp8m6x HTTP/1.1 --> 204 NO_CONTENT (referrer: -; agent: python-requests/2.9.1)
May 25 02:32:29 mas01 sh[16639]: 2018-05-25 02:32:29 regiond: [info] 192.168.11.8 POST /MAAS/metadata/status/kdfbpt HTTP/1.1 --> 204 NO_CONTENT (referrer: -; agent: python-requests/2.9.1)
May 25 02:32:29 mas01 sh[16114]: 2018-05-25 02:32:29 regiond: [info] 192.168.11.9 POST /MAAS/metadata/status/s7aeen HTTP/1.1 --> 204 NO_CONTENT (referrer: -; agent: python-requests/2.9.1)
May 25 02:32:29 mas01 sh[16104]: 2018-05-25 02:32:29 regiond: [info] 192.168.11.5 POST /MAAS/metadata/status/dp8m6x HTTP/1.1 --> 204 NO_CONTENT (referrer: -; agent: python-requests/2.9.1)
May 25 02:32:29 mas01 sh[16114]: 2018-05-25 02:32:29 regiond: [info] 192.168.11.9 POST /MAAS/metadata/status/s7aeen HTTP/1.1 --> 204 NO_CONTENT (referrer: -; agent: python-requests/2.9.1)
May 25 02:32:29 mas01 sh[16104]: 2018-05-25 02:32:29 regiond: [info] 192.168.11.8 POST /MAAS/metadata/status/kdfbpt HTTP/1.1 --> 204 NO_CONTENT (referrer: -; agent: python-requests/2.9.1)
May 25 02:32:29 mas01 sh[16114]: 2018-05-25 02:32:29 regiond: [info] 192.168.11.10 POST /MAAS/metadata/status/cwfcam HTTP/1.1 --> 204 NO_CONTENT (referrer: -; agent: python-requests/2.9.1)
May 25 02:32:29 mas01 sh[16114]: 2018-05-25 02:32:29 regiond: [info] 192.168.11.9 POST /MAAS/metadata/status/s7aeen HTTP/1.1 --> 204 NO_CONTENT (referrer: -; agent: python-requests/2.9.1)
May 25 02:32:29 mas01 sh[16110]: 2018-05-25 02:32:29 regiond: [info] 192.168.11.8 POST /MAAS/metadata/status/kdfbpt HTTP/1.1 --> 204 NO_CONTENT (referrer: -; agent: python-requests/2.9.1)
May 25 02:32:29 mas01 sh[16104]: 2018-05-25 02:32:29 regiond: [info] 192.168.11.10 POST /MAAS/metadata/status/cwfcam HTTP/1.1 --> 204 NO_CONTENT (referrer: -; agent: python-requests/2.9.1)
May 25 02:32:29 mas01 sh[16639]: 2018-05-25 02:32:29 regiond: [info] 192.168.11.9 POST /MAAS/metadata/status/s7aeen HTTP/1.1 --> 204 NO_CONTENT (referrer: -; agent: python-requests/2.9.1)
