May 24 02:31:16 mas01 salt-minion[5164]:     "type": "physical",\n        "system_id": "w6ahwd",\n        "id_path": "/dev/disk/by-id/wwn-0x600508b1001cd7e61f5cd3479576479e",\n        "partitions": [\n            {\n                "bootable": false,\n                "id": 10,\n                "device_id": 2,\n                "path": "/dev/disk/by-dname/sda-part1",\n                "filesystem": {\n                    "uuid": "28f5ed7e-edcf-4931-a172-75cee7050511",\n                    "mount_options": null,\n                    "mount_point": null,\n                    "label": null,\n                    "fstype": "lvm-pv"\n                },\n                "resource_uri": "/MAAS/api/2.0/nodes/w6ahwd/blockdevices/2/partition/10",\n                "size": 800101236736,\n                "type": "partition",\n                "system_id": "w6ahwd",\n                "uuid": "7d9f62e7-a269-46ce-9763-bed9d54f42b1",\n                "used_for": "LVM volume for vgroot"\n            }\n        ]\n    },\n    "zone": {\n        "id": 1,\n        "description": "",\n        "name": "default",\n        "resource_uri": "/MAAS/api/2.0/zones/default/"\n    },\n    "boot_interface": {\n        "id": 7,\n        "discovered": [\n            {\n                "ip_address": "192.168.11.13",\n                "subnet": {\n                    "id": 3,\n                    "dns_servers": [],\n                    "vlan": {\n                        "id": 5003,\n                        "space": "undefined",\n                        "dhcp_on": true,\n                        "resource_uri": "/MAAS/api/2.0/vlans/5003/",\n                        "fabric": "fabric-2",\n                        "external_dhcp": null,\n                        "name": "untagged",\n                        "secondary_rack": null,\n                        "relay_vlan": null,\n                        "mtu": 1500,\n                        "vid": 0,\n                        "fabric_id": 2,\n                        "primary_rack": "kttd3n"\n                    },\n                    "active_discovery": fals
May 24 02:31:16 mas01 salt-minion[5164]: e,\n                    "resource_uri": "/MAAS/api/2.0/subnets/3/",\n                    "allow_proxy": true,\n                    "cidr": "192.168.11.0/24",\n                    "rdns_mode": 2,\n                    "managed": true,\n                    "name": "192.168.11.0/24",\n                    "space": "undefined",\n                    "gateway_ip": "192.168.11.3"\n                }\n            }\n        ],\n        "vlan": {\n            "id": 5003,\n            "space": "undefined",\n            "dhcp_on": true,\n            "resource_uri": "/MAAS/api/2.0/vlans/5003/",\n            "fabric": "fabric-2",\n            "external_dhcp": null,\n            "name": "untagged",\n            "secondary_rack": null,\n            "relay_vlan": null,\n            "mtu": 1500,\n            "vid": 0,\n            "fabric_id": 2,\n            "primary_rack": "kttd3n"\n        },\n        "parents": [],\n        "resource_uri": "/MAAS/api/2.0/nodes/w6ahwd/interfaces/7/",\n        "params": "",\n        "tags": [\n            "sriov"\n        ],\n        "name": "eno1",\n        "mac_address": "9c:b6:54:8a:95:a0",\n        "enabled": true,\n        "links": [\n            {\n                "id": 26,\n                "mode": "dhcp",\n                "subnet": {\n                    "id": 3,\n                    "dns_servers": [],\n                    "vlan": {\n                        "id": 5003,\n                        "space": "undefined",\n                        "dhcp_on": true,\n                        "resource_uri": "/MAAS/api/2.0/vlans/5003/",\n                        "fabric": "fabric-2",\n                        "external_dhcp": null,\n                        "name": "untagged",\n                        "secondary_rack": null,\n                        "relay_vlan": null,\n                        "mtu": 1500,\n                        "vid": 0,\n                        "fabric_id": 2,\n                        "primary_rack": "kttd3n"\n                    },\n                    "active_discovery": false,\n
May 24 02:31:16 mas01 salt-minion[5164]:                  "resource_uri": "/MAAS/api/2.0/subnets/3/",\n                    "allow_proxy": true,\n                    "cidr": "192.168.11.0/24",\n                    "rdns_mode": 2,\n                    "managed": true,\n                    "name": "192.168.11.0/24",\n                    "space": "undefined",\n                    "gateway_ip": "192.168.11.3"\n                },\n                "ip_address": "192.168.11.13"\n            }\n        ],\n        "type": "physical",\n        "effective_mtu": 1500,\n        "system_id": "w6ahwd",\n        "children": []\n    },\n    "memory": 65536,\n    "current_commissioning_result_id": 4,\n    "current_installation_result_id": null,\n    "special_filesystems": [],\n    "hostname": "cmp001",\n    "system_id": "w6ahwd",\n    "ip_addresses": [\n        "192.168.11.13",\n        "192.168.11.15"\n    ],\n    "commissioning_status": 2,\n    "domain": {\n        "ttl": null,\n        "id": 0,\n        "authoritative": true,\n        "resource_uri": "/MAAS/api/2.0/domains/0/",\n        "name": "mcp-pike-odl-ha.local",\n        "resource_record_count": 0\n    },\n    "address_ttl": null,\n    "node_type_name": "Machine",\n    "cpu_test_status_name": "Unknown",\n    "storage_test_status_name": "Pending",\n    "status_message": "(opnfv)",\n    "physicalblockdevice_set": [\n        {\n            "id": 2,\n            "block_size": 4096,\n            "model": "LOGICAL VOLUME",\n            "path": "/dev/disk/by-dname/sda",\n            "available_size": 0,\n            "resource_uri": "/MAAS/api/2.0/nodes/w6ahwd/blockdevices/2/",\n            "used_for": "MBR partitioned with 1 partition",\n            "uuid": null,\n            "used_size": 800106479616,\n            "tags": [\n                "ssd"\n            ],\n            "name": "sda",\n            "serial": "600508b1001cd7e61f5cd3479576479e",\n            "partition_table_type": "MBR",\n            "filesystem": null,\n            "size": 800109715456,\n            "type": "physical",\n            "system_id": "
May 24 02:31:16 mas01 salt-minion[5164]: w6ahwd",\n            "id_path": "/dev/disk/by-id/wwn-0x600508b1001cd7e61f5cd3479576479e",\n            "partitions": [\n                {\n                    "bootable": false,\n                    "id": 10,\n                    "device_id": 2,\n                    "path": "/dev/disk/by-dname/sda-part1",\n                    "filesystem": {\n                        "uuid": "28f5ed7e-edcf-4931-a172-75cee7050511",\n                        "mount_options": null,\n                        "mount_point": null,\n                        "label": null,\n                        "fstype": "lvm-pv"\n                    },\n                    "resource_uri": "/MAAS/api/2.0/nodes/w6ahwd/blockdevices/2/partition/10",\n                    "size": 800101236736,\n                    "type": "partition",\n                    "system_id": "w6ahwd",\n                    "uuid": "7d9f62e7-a269-46ce-9763-bed9d54f42b1",\n                    "used_for": "LVM volume for vgroot"\n                }\n            ]\n        }\n    ],\n    "node_type": 0,\n    "hwe_kernel": null,\n    "bcaches": [],\n    "raids": [],\n    "netboot": true,\n    "pod": null,\n    "swap_size": null\n}'}
May 24 02:31:16 mas01 salt-minion[5164]: [INFO    ] Completed state [maas login opnfv http://192.168.11.3:5240/MAAS/api/2.0 - < /var/lib/maas/.maas_credentials && maas opnfv machine mark-broken w6ahwd && sleep 10 && maas opnfv machine mark-fixed w6ahwd && maas opnfv machine test w6ahwd testing_scripts=fio] at time 02:31:16.240862 duration_in_ms=20529.115
May 24 02:31:16 mas01 salt-minion[5164]: [INFO    ] Returning information for job: 20180524023053077336
May 24 02:31:21 mas01 maas.power: [info] Changed power state (on) of node: cmp001 (w6ahwd)
May 24 02:31:23 mas01 dhcpd[23058]: DHCPDISCOVER from 14:58:d0:54:e7:88 via ens5
May 24 02:31:23 mas01 dhcpd[23058]: DHCPOFFER on 192.168.11.17 to 14:58:d0:54:e7:88 (kvm01) via ens5
May 24 02:31:23 mas01 dhcpd[23058]: execute_statement argv[0] = /usr/sbin/maas-dhcp-helper
May 24 02:31:23 mas01 dhcpd[23058]: execute_statement argv[1] = notify
May 24 02:31:23 mas01 dhcpd[23058]: execute_statement argv[2] = --action
May 24 02:31:23 mas01 dhcpd[23058]: execute_statement argv[3] = commit
May 24 02:31:23 mas01 dhcpd[23058]: execute_statement argv[4] = --mac
May 24 02:31:23 mas01 dhcpd[23058]: execute_statement argv[5] = 14:58:d0:54:e7:88
May 24 02:31:23 mas01 dhcpd[23058]: execute_statement argv[6] = --ip-family
May 24 02:31:23 mas01 dhcpd[23058]: execute_statement argv[7] = ipv4
May 24 02:31:23 mas01 dhcpd[23058]: execute_statement argv[8] = --ip
May 24 02:31:23 mas01 dhcpd[23058]: execute_statement argv[9] = 192.168.11.17
May 24 02:31:23 mas01 dhcpd[23058]: execute_statement argv[10] = --lease-time
May 24 02:31:23 mas01 dhcpd[23058]: execute_statement argv[11] = 600
May 24 02:31:23 mas01 dhcpd[23058]: execute_statement argv[12] = --hostname
May 24 02:31:23 mas01 dhcpd[23058]: execute_statement argv[13] = kvm01
May 24 02:31:23 mas01 dhcpd[23058]: execute_statement argv[14] = --socket
May 24 02:31:23 mas01 dhcpd[23058]: execute_statement argv[15] = /var/lib/maas/dhcpd.sock
May 24 02:31:23 mas01 dhcpd[23058]: DHCPREQUEST for 192.168.11.17 (192.168.11.3) from 14:58:d0:54:e7:88 (kvm01) via ens5
May 24 02:31:23 mas01 dhcpd[23058]: DHCPACK on 192.168.11.17 to 14:58:d0:54:e7:88 (kvm01) via ens5
May 24 02:31:23 mas01 sh[19441]: 2018-05-24 02:31:23 maasserver.rpc.leases: [info] Lease update: commit for 192.168.11.17 on 14:58:d0:54:e7:88 at 2018-05-24 02:31:23 (lease time: 600s) (hostname: kvm01)
May 24 02:31:24 mas01 sh[18996]: 2018-05-24 02:31:24 rackd: [info] 192.168.11.17 GET /images/ubuntu/amd64/ga-16.04/xenial/daily/squashfs HTTP/1.1 --> 200 OK (referrer: -; agent: Wget)
May 24 02:31:27 mas01 salt-minion[5164]: [INFO    ] User sudo_ubuntu Executing command state.apply with jid 20180524023126996897
May 24 02:31:27 mas01 salt-minion[5164]: [INFO    ] Starting a new job with PID 24686
May 24 02:31:27 mas01 sh[19449]: 2018-05-24 02:31:27 regiond: [info] 192.168.11.17 GET /MAAS/metadata/latest/by-id/p3epd8/?op=get_preseed HTTP/1.1 --> 200 OK (referrer: -; agent: Cloud-Init/18.2)
May 24 02:31:27 mas01 sh[19441]: 2018-05-24 02:31:27 regiond: [info] 192.168.11.17 POST /MAAS/metadata/status/p3epd8 HTTP/1.1 --> 204 NO_CONTENT (referrer: -; agent: python-requests/2.9.1)
May 24 02:31:27 mas01 sh[19445]: 2018-05-24 02:31:27 regiond: [info] 192.168.11.17 POST /MAAS/metadata/status/p3epd8 HTTP/1.1 --> 204 NO_CONTENT (referrer: -; agent: python-requests/2.9.1)
May 24 02:31:27 mas01 sh[19445]: 2018-05-24 02:31:27 regiond: [info] 192.168.11.17 POST /MAAS/metadata/status/p3epd8 HTTP/1.1 --> 204 NO_CONTENT (referrer: -; agent: python-requests/2.9.1)
May 24 02:31:28 mas01 sh[19441]: 2018-05-24 02:31:28 regiond: [info] 192.168.11.17 GET /MAAS/metadata/latest/by-id/p3epd8/?op=get_preseed HTTP/1.1 --> 200 OK (referrer: -; agent: Cloud-Init/18.2)
May 24 02:31:28 mas01 sh[19449]: 2018-05-24 02:31:28 regiond: [info] 192.168.11.17 POST /MAAS/metadata/status/p3epd8 HTTP/1.1 --> 204 NO_CONTENT (referrer: -; agent: python-requests/2.9.1)
May 24 02:31:28 mas01 sh[19441]: 2018-05-24 02:31:28 regiond: [info] 192.168.11.17 POST /MAAS/metadata/status/p3epd8 HTTP/1.1 --> 204 NO_CONTENT (referrer: -; agent: python-requests/2.9.1)
May 24 02:31:28 mas01 sh[19445]: 2018-05-24 02:31:28 regiond: [info] 192.168.11.17 POST /MAAS/metadata/status/p3epd8 HTTP/1.1 --> 204 NO_CONTENT (referrer: -; agent: python-requests/2.9.1)
May 24 02:31:28 mas01 sh[19830]: 2018-05-24 02:31:28 regiond: [info] 192.168.11.17 GET /MAAS/metadata/curtin/2012-03-01/meta-data/instance-id HTTP/1.1 --> 200 OK (referrer: -; agent: Cloud-Init/18.2)
May 24 02:31:28 mas01 sh[19830]: 2018-05-24 02:31:28 regiond: [info] 192.168.11.17 GET /MAAS/metadata/curtin/2012-03-01/meta-data/instance-id HTTP/1.1 --> 200 OK (referrer: -; agent: python-requests/2.9.1)
May 24 02:31:28 mas01 sh[19830]: 2018-05-24 02:31:28 regiond: [info] 192.168.11.17 GET /MAAS/metadata/curtin/2012-03-01/meta-data/local-hostname HTTP/1.1 --> 200 OK (referrer: -; agent: python-requests/2.9.1)
May 24 02:31:28 mas01 sh[19830]: 2018-05-24 02:31:28 regiond: [info] 192.168.11.17 GET /MAAS/metadata/curtin/2012-03-01/meta-data/public-keys HTTP/1.1 --> 200 OK (referrer: -; agent: python-requests/2.9.1)
May 24 02:31:28 mas01 sh[19445]: 2018-05-24 02:31:28 regiond: [info] 192.168.11.17 GET /MAAS/metadata/curtin/2012-03-01/meta-data/vendor-data HTTP/1.1 --> 200 OK (referrer: -; agent: python-requests/2.9.1)
May 24 02:31:28 mas01 sh[19445]: 2018-05-24 02:31:28 maasserver.preseed: [warn] WARNING: '/etc/maas/preseeds/curtin_userdata_amd64_generic_xenial' contains deprecated preseed variables. Please remove: main_archive_directory, ports_archive_directory, http_proxy
May 24 02:31:29 mas01 sh[19445]: 2018-05-24 02:31:29 regiond: [info] 192.168.11.17 GET /MAAS/metadata/curtin/2012-03-01/user-data HTTP/1.1 --> 200 OK (referrer: -; agent: python-requests/2.9.1)
May 24 02:31:29 mas01 sh[19441]: 2018-05-24 02:31:29 regiond: [info] 192.168.11.17 POST /MAAS/metadata/status/p3epd8 HTTP/1.1 --> 204 NO_CONTENT (referrer: -; agent: python-requests/2.9.1)
May 24 02:31:29 mas01 sh[19830]: 2018-05-24 02:31:29 regiond: [info] 192.168.11.17 POST /MAAS/metadata/status/p3epd8 HTTP/1.1 --> 204 NO_CONTENT (referrer: -; agent: python-requests/2.9.1)
May 24 02:31:29 mas01 sh[19441]: 2018-05-24 02:31:29 regiond: [info] 192.168.11.17 POST /MAAS/metadata/status/p3epd8 HTTP/1.1 --> 204 NO_CONTENT (referrer: -; agent: python-requests/2.9.1)
May 24 02:31:29 mas01 sh[19441]: 2018-05-24 02:31:29 regiond: [info] 192.168.11.17 POST /MAAS/metadata/status/p3epd8 HTTP/1.1 --> 204 NO_CONTENT (referrer: -; agent: python-requests/2.9.1)
May 24 02:31:29 mas01 sh[19449]: 2018-05-24 02:31:29 regiond: [info] 192.168.11.17 POST /MAAS/metadata/status/p3epd8 HTTP/1.1 --> 204 NO_CONTENT (referrer: -; agent: python-requests/2.9.1)
May 24 02:31:29 mas01 sh[19441]: 2018-05-24 02:31:29 regiond: [info] 192.168.11.17 POST /MAAS/metadata/status/p3epd8 HTTP/1.1 --> 204 NO_CONTENT (referrer: -; agent: python-requests/2.9.1)
May 24 02:31:29 mas01 sh[19449]: 2018-05-24 02:31:29 regiond: [info] 192.168.11.17 POST /MAAS/metadata/status/p3epd8 HTTP/1.1 --> 204 NO_CONTENT (referrer: -; agent: python-requests/2.9.1)
May 24 02:31:29 mas01 sh[19441]: 2018-05-24 02:31:29 regiond: [info] 192.168.11.17 POST /MAAS/metadata/status/p3epd8 HTTP/1.1 --> 204 NO_CONTENT (referrer: -; agent: python-requests/2.9.1)
May 24 02:31:29 mas01 sh[19830]: 2018-05-24 02:31:29 regiond: [info] 192.168.11.17 POST /MAAS/metadata/status/p3epd8 HTTP/1.1 --> 204 NO_CONTENT (referrer: -; agent: python-requests/2.9.1)
May 24 02:31:29 mas01 sh[19445]: 2018-05-24 02:31:29 regiond: [info] 192.168.11.17 POST /MAAS/metadata/status/p3epd8 HTTP/1.1 --> 204 NO_CONTENT (referrer: -; agent: python-requests/2.9.1)
May 24 02:31:29 mas01 sh[19441]: 2018-05-24 02:31:29 regiond: [info] 192.168.11.17 POST /MAAS/metadata/status/p3epd8 HTTP/1.1 --> 204 NO_CONTENT (referrer: -; agent: python-requests/2.9.1)
May 24 02:31:29 mas01 sh[19830]: 2018-05-24 02:31:29 regiond: [info] 192.168.11.17 POST /MAAS/metadata/status/p3epd8 HTTP/1.1 --> 204 NO_CONTENT (referrer: -; agent: python-requests/2.9.1)
May 24 02:31:29 mas01 sh[19445]: 2018-05-24 02:31:29 regiond: [info] 192.168.11.17 POST /MAAS/metadata/status/p3epd8 HTTP/1.1 --> 204 NO_CONTENT (referrer: -; agent: python-requests/2.9.1)
May 24 02:31:29 mas01 sh[19830]: 2018-05-24 02:31:29 regiond: [info] 192.168.11.17 POST /MAAS/metadata/status/p3epd8 HTTP/1.1 --> 204 NO_CONTENT (referrer: -; agent: python-requests/2.9.1)
May 24 02:31:29 mas01 sh[19445]: 2018-05-24 02:31:29 regiond: [info] 192.168.11.17 POST /MAAS/metadata/status/p3epd8 HTTP/1.1 --> 204 NO_CONTENT (referrer: -; agent: python-requests/2.9.1)
May 24 02:31:29 mas01 sh[19830]: 2018-05-24 02:31:29 regiond: [info] 192.168.11.17 POST /MAAS/metadata/status/p3epd8 HTTP/1.1 --> 204 NO_CONTENT (referrer: -; agent: python-requests/2.9.1)
May 24 02:31:29 mas01 sh[19445]: 2018-05-24 02:31:29 regiond: [info] 192.168.11.17 POST /MAAS/metadata/status/p3epd8 HTTP/1.1 --> 204 NO_CONTENT (referrer: -; agent: python-requests/2.9.1)
May 24 02:31:29 mas01 sh[19449]: 2018-05-24 02:31:29 regiond: [info] 192.168.11.17 POST /MAAS/metadata/status/p3epd8 HTTP/1.1 --> 204 NO_CONTENT (referrer: -; agent: python-requests/2.9.1)
May 24 02:31:29 mas01 sh[19830]: 2018-05-24 02:31:29 regiond: [info] 192.168.11.17 POST /MAAS/metadata/status/p3epd8 HTTP/1.1 --> 204 NO_CONTENT (referrer: -; agent: python-requests/2.9.1)
May 24 02:31:29 mas01 sh[19441]: 2018-05-24 02:31:29 regiond: [info] 192.168.11.17 POST /MAAS/metadata/status/p3epd8 HTTP/1.1 --> 204 NO_CONTENT (referrer: -; agent: python-requests/2.9.1)
May 24 02:31:29 mas01 sh[19441]: 2018-05-24 02:31:29 regiond: [info] 192.168.11.17 POST /MAAS/metadata/status/p3epd8 HTTP/1.1 --> 204 NO_CONTENT (referrer: -; agent: python-requests/2.9.1)
May 24 02:31:29 mas01 sh[19445]: 2018-05-24 02:31:29 regiond: [info] 192.168.11.17 POST /MAAS/metadata/status/p3epd8 HTTP/1.1 --> 204 NO_CONTENT (referrer: -; agent: python-requests/2.9.1)
May 24 02:31:29 mas01 sh[19830]: 2018-05-24 02:31:29 regiond: [info] 192.168.11.17 POST /MAAS/metadata/status/p3epd8 HTTP/1.1 --> 204 NO_CONTENT (referrer: -; agent: python-requests/2.9.1)
May 24 02:31:29 mas01 sh[19441]: 2018-05-24 02:31:29 regiond: [info] 192.168.11.17 POST /MAAS/metadata/status/p3epd8 HTTP/1.1 --> 204 NO_CONTENT (referrer: -; agent: python-requests/2.9.1)
May 24 02:31:29 mas01 sh[19441]: 2018-05-24 02:31:29 regiond: [info] 192.168.11.17 POST /MAAS/metadata/status/p3epd8 HTTP/1.1 --> 204 NO_CONTENT (referrer: -; agent: python-requests/2.9.1)
May 24 02:31:29 mas01 sh[19449]: 2018-05-24 02:31:29 regiond: [info] 192.168.11.17 POST /MAAS/metadata/status/p3epd8 HTTP/1.1 --> 204 NO_CONTENT (referrer: -; agent: python-requests/2.9.1)
May 24 02:31:29 mas01 sh[19445]: 2018-05-24 02:31:29 regiond: [info] 192.168.11.17 POST /MAAS/metadata/status/p3epd8 HTTP/1.1 --> 204 NO_CONTENT (referrer: -; agent: python-requests/2.9.1)
May 24 02:31:29 mas01 sh[19449]: 2018-05-24 02:31:29 regiond: [info] 192.168.11.17 POST /MAAS/metadata/status/p3epd8 HTTP/1.1 --> 204 NO_CONTENT (referrer: -; agent: python-requests/2.9.1)
May 24 02:31:29 mas01 sh[19449]: message repeated 4 times: [ 2018-05-24 02:31:29 regiond: [info] 192.168.11.17 POST /MAAS/metadata/status/p3epd8 HTTP/1.1 --> 204 NO_CONTENT (referrer: -; agent: python-requests/2.9.1)]
May 24 02:31:29 mas01 salt-minion[5164]: [INFO    ] Loading fresh modules for state activity
May 24 02:31:29 mas01 sh[19449]: 2018-05-24 02:31:29 regiond: [info] 192.168.11.17 POST /MAAS/metadata/status/p3epd8 HTTP/1.1 --> 204 NO_CONTENT (referrer: -; agent: python-requests/2.9.1)
May 24 02:31:29 mas01 sh[19445]: 2018-05-24 02:31:29 regiond: [info] 192.168.11.17 POST /MAAS/metadata/status/p3epd8 HTTP/1.1 --> 204 NO_CONTENT (referrer: -; agent: python-requests/2.9.1)
May 24 02:31:29 mas01 salt-minion[5164]: [INFO    ] Running state [maas-region apikey --username opnfv > /var/lib/maas/.maas_credentials] at time 02:31:29.689744
May 24 02:31:29 mas01 salt-minion[5164]: [INFO    ] Executing state cmd.run for maas-region apikey --username opnfv > /var/lib/maas/.maas_credentials
May 24 02:31:29 mas01 salt-minion[5164]: [INFO    ] Executing command 'test -e /var/lib/maas/.maas_credentials' in directory '/root'
May 24 02:31:29 mas01 salt-minion[5164]: [INFO    ] unless execution succeeded
May 24 02:31:29 mas01 salt-minion[5164]: [INFO    ] Completed state [maas-region apikey --username opnfv > /var/lib/maas/.maas_credentials] at time 02:31:29.709051 duration_in_ms=19.308
May 24 02:31:29 mas01 salt-minion[5164]: [INFO    ] Running state [maas login opnfv http://192.168.11.3:5240/MAAS/api/2.0 - < /var/lib/maas/.maas_credentials && maas opnfv machine set-storage-layout s68h6m storage_layout=lvm lv_size=32212254720] at time 02:31:29.709787
May 24 02:31:29 mas01 salt-minion[5164]: [INFO    ] Executing state cmd.run for maas login opnfv http://192.168.11.3:5240/MAAS/api/2.0 - < /var/lib/maas/.maas_credentials && maas opnfv machine set-storage-layout s68h6m storage_layout=lvm lv_size=32212254720
May 24 02:31:29 mas01 salt-minion[5164]: [INFO    ] Executing command 'maas login opnfv http://192.168.11.3:5240/MAAS/api/2.0 - < /var/lib/maas/.maas_credentials && maas opnfv machine set-storage-layout s68h6m storage_layout=lvm lv_size=32212254720' in directory '/root'
May 24 02:31:29 mas01 sh[19449]: 2018-05-24 02:31:29 regiond: [info] 192.168.11.17 POST /MAAS/metadata/status/p3epd8 HTTP/1.1 --> 204 NO_CONTENT (referrer: -; agent: python-requests/2.9.1)
May 24 02:31:29 mas01 sh[19445]: 2018-05-24 02:31:29 regiond: [info] 192.168.11.17 POST /MAAS/metadata/status/p3epd8 HTTP/1.1 --> 204 NO_CONTENT (referrer: -; agent: python-requests/2.9.1)
May 24 02:31:30 mas01 sh[19830]: 2018-05-24 02:31:30 regiond: [info] 192.168.11.17 POST /MAAS/metadata/status/p3epd8 HTTP/1.1 --> 204 NO_CONTENT (referrer: -; agent: python-requests/2.9.1)
May 24 02:31:30 mas01 sh[19449]: 2018-05-24 02:31:30 regiond: [info] 192.168.11.17 POST /MAAS/metadata/status/p3epd8 HTTP/1.1 --> 204 NO_CONTENT (referrer: -; agent: python-requests/2.9.1)
May 24 02:31:30 mas01 sh[19449]: message repeated 4 times: [ 2018-05-24 02:31:30 regiond: [info] 192.168.11.17 POST /MAAS/metadata/status/p3epd8 HTTP/1.1 --> 204 NO_CONTENT (referrer: -; agent: python-requests/2.9.1)]
May 24 02:31:30 mas01 sh[19441]: 2018-05-24 02:31:30 regiond: [info] 192.168.11.17 POST /MAAS/metadata/status/p3epd8 HTTP/1.1 --> 204 NO_CONTENT (referrer: -; agent: python-requests/2.9.1)
May 24 02:31:30 mas01 sh[19441]: 2018-05-24 02:31:30 regiond: [info] 192.168.11.17 POST /MAAS/metadata/status/p3epd8 HTTP/1.1 --> 204 NO_CONTENT (referrer: -; agent: python-requests/2.9.1)
May 24 02:31:30 mas01 sh[19449]: 2018-05-24 02:31:30 regiond: [info] 192.168.11.17 POST /MAAS/metadata/status/p3epd8 HTTP/1.1 --> 204 NO_CONTENT (referrer: -; agent: python-requests/2.9.1)
May 24 02:31:31 mas01 sh[19441]: 2018-05-24 02:31:31 regiond: [info] 10.20.0.3 GET /MAAS/api/2.0/users/?op=whoami HTTP/1.1 --> 200 OK (referrer: -; agent: Python-httplib2/0.9.1 (gzip))
May 24 02:31:31 mas01 sh[19441]: 2018-05-24 02:31:31 regiond: [info] 10.20.0.3 GET /MAAS/api/2.0/describe/ HTTP/1.1 --> 200 OK (referrer: -; agent: Python-httplib2/0.9.1 (gzip))
May 24 02:31:32 mas01 sh[19445]: 2018-05-24 02:31:32 regiond: [info] 192.168.11.17 POST /MAAS/metadata/status/p3epd8 HTTP/1.1 --> 204 NO_CONTENT (referrer: -; agent: python-requests/2.9.1)
May 24 02:31:32 mas01 sh[19445]: 2018-05-24 02:31:32 regiond: [info] 192.168.11.17 POST /MAAS/metadata/status/p3epd8 HTTP/1.1 --> 204 NO_CONTENT (referrer: -; agent: python-requests/2.9.1)
May 24 02:31:32 mas01 sh[19441]: 2018-05-24 02:31:32 regiond: [info] 192.168.11.17 POST /MAAS/metadata/status/p3epd8 HTTP/1.1 --> 204 NO_CONTENT (referrer: -; agent: python-requests/2.9.1)
May 24 02:31:32 mas01 sh[19830]: 2018-05-24 02:31:32 regiond: [info] 192.168.11.17 POST /MAAS/metadata/status/p3epd8 HTTP/1.1 --> 204 NO_CONTENT (referrer: -; agent: python-requests/2.9.1)
May 24 02:31:32 mas01 sh[19445]: 2018-05-24 02:31:32 regiond: [info] 192.168.11.17 POST /MAAS/metadata/status/p3epd8 HTTP/1.1 --> 204 NO_CONTENT (referrer: -; agent: python-requests/2.9.1)
May 24 02:31:32 mas01 sh[19445]: 2018-05-24 02:31:32 regiond: [info] 192.168.11.17 POST /MAAS/metadata/status/p3epd8 HTTP/1.1 --> 204 NO_CONTENT (referrer: -; agent: python-requests/2.9.1)
May 24 02:31:32 mas01 sh[19830]: 2018-05-24 02:31:32 regiond: [info] 192.168.11.17 POST /MAAS/metadata/status/p3epd8 HTTP/1.1 --> 204 NO_CONTENT (referrer: -; agent: python-requests/2.9.1)
May 24 02:31:32 mas01 sh[19449]: 2018-05-24 02:31:32 regiond: [info] 192.168.11.17 POST /MAAS/metadata/status/p3epd8 HTTP/1.1 --> 204 NO_CONTENT (referrer: -; agent: python-requests/2.9.1)
May 24 02:31:32 mas01 sh[19830]: 2018-05-24 02:31:32 regiond: [info] 192.168.11.17 POST /MAAS/metadata/status/p3epd8 HTTP/1.1 --> 204 NO_CONTENT (referrer: -; agent: python-requests/2.9.1)
May 24 02:31:32 mas01 sh[19441]: 2018-05-24 02:31:32 regiond: [info] 192.168.11.17 POST /MAAS/metadata/status/p3epd8 HTTP/1.1 --> 204 NO_CONTENT (referrer: -; agent: python-requests/2.9.1)
May 24 02:31:32 mas01 sh[19830]: 2018-05-24 02:31:32 regiond: [info] 192.168.11.17 POST /MAAS/metadata/status/p3epd8 HTTP/1.1 --> 204 NO_CONTENT (referrer: -; agent: python-requests/2.9.1)
May 24 02:31:32 mas01 sh[19449]: 2018-05-24 02:31:32 regiond: [info] 192.168.11.17 POST /MAAS/metadata/status/p3epd8 HTTP/1.1 --> 204 NO_CONTENT (referrer: -; agent: python-requests/2.9.1)
May 24 02:31:33 mas01 sh[19445]: 2018-05-24 02:31:33 regiond: [info] 10.20.0.3 POST /MAAS/api/2.0/machines/s68h6m/?op=set_storage_layout HTTP/1.1 --> 409 CONFLICT (referrer: -; agent: Python-httplib2/0.9.1 (gzip))
May 24 02:31:33 mas01 salt-minion[5164]: [ERROR   ] Command 'maas login opnfv http://192.168.11.3:5240/MAAS/api/2.0 - < /var/lib/maas/.maas_credentials && maas opnfv machine set-storage-layout s68h6m storage_layout=lvm lv_size=32212254720' failed with return code: 2
May 24 02:31:33 mas01 salt-minion[5164]: [ERROR   ] stdout:
May 24 02:31:33 mas01 salt-minion[5164]: You are now logged in to the MAAS server at
May 24 02:31:33 mas01 salt-minion[5164]: http://192.168.11.3:5240/MAAS/api/2.0/ with the profile name 'opnfv'.
May 24 02:31:33 mas01 salt-minion[5164]: For help with the available commands, try:
May 24 02:31:33 mas01 salt-minion[5164]:   maas opnfv --help
May 24 02:31:33 mas01 salt-minion[5164]: Cannot change the storage layout on a machine that is not Ready.
May 24 02:31:33 mas01 salt-minion[5164]: [ERROR   ] retcode: 2
May 24 02:31:33 mas01 salt-minion[5164]: [ERROR   ] {'pid': 24718, 'retcode': 2, 'stderr': '', 'stdout': "\nYou are now logged in to the MAAS server at\nhttp://192.168.11.3:5240/MAAS/api/2.0/ with the profile name 'opnfv'.\n\nFor help with the available commands, try:\n\n  maas opnfv --help\n\nCannot change the storage layout on a machine that is not Ready."}
May 24 02:31:33 mas01 salt-minion[5164]: [INFO    ] Completed state [maas login opnfv http://192.168.11.3:5240/MAAS/api/2.0 - < /var/lib/maas/.maas_credentials && maas opnfv machine set-storage-layout s68h6m storage_layout=lvm lv_size=32212254720] at time 02:31:33.926588 duration_in_ms=4216.8
May 24 02:31:33 mas01 salt-minion[5164]: [INFO    ] Returning information for job: 20180524023126996897
May 24 02:31:39 mas01 dhcpd[23058]: DHCPDISCOVER from 14:58:d0:54:7a:28 via ens5
May 24 02:31:39 mas01 dhcpd[23058]: DHCPOFFER on 192.168.11.12 to 14:58:d0:54:7a:28 (kvm03) via ens5
May 24 02:31:39 mas01 dhcpd[23058]: execute_statement argv[0] = /usr/sbin/maas-dhcp-helper
May 24 02:31:39 mas01 dhcpd[23058]: execute_statement argv[1] = notify
May 24 02:31:39 mas01 dhcpd[23058]: execute_statement argv[2] = --action
May 24 02:31:39 mas01 dhcpd[23058]: execute_statement argv[3] = commit
May 24 02:31:39 mas01 dhcpd[23058]: execute_statement argv[4] = --mac
May 24 02:31:39 mas01 dhcpd[23058]: execute_statement argv[5] = 14:58:d0:54:7a:28
May 24 02:31:39 mas01 dhcpd[23058]: execute_statement argv[6] = --ip-family
May 24 02:31:39 mas01 dhcpd[23058]: execute_statement argv[7] = ipv4
May 24 02:31:39 mas01 dhcpd[23058]: execute_statement argv[8] = --ip
May 24 02:31:39 mas01 dhcpd[23058]: execute_statement argv[9] = 192.168.11.12
May 24 02:31:39 mas01 dhcpd[23058]: execute_statement argv[10] = --lease-time
May 24 02:31:39 mas01 dhcpd[23058]: execute_statement argv[11] = 600
May 24 02:31:39 mas01 dhcpd[23058]: execute_statement argv[12] = --hostname
May 24 02:31:39 mas01 dhcpd[23058]: execute_statement argv[13] = kvm03
May 24 02:31:39 mas01 dhcpd[23058]: execute_statement argv[14] = --socket
May 24 02:31:39 mas01 dhcpd[23058]: execute_statement argv[15] = /var/lib/maas/dhcpd.sock
May 24 02:31:39 mas01 dhcpd[23058]: DHCPREQUEST for 192.168.11.12 (192.168.11.3) from 14:58:d0:54:7a:28 (kvm03) via ens5
May 24 02:31:39 mas01 dhcpd[23058]: DHCPACK on 192.168.11.12 to 14:58:d0:54:7a:28 (kvm03) via ens5
May 24 02:31:39 mas01 dhcpd[23058]: DHCPDISCOVER from 14:58:d0:54:6a:60 via ens5
May 24 02:31:39 mas01 dhcpd[23058]: DHCPOFFER on 192.168.11.18 to 14:58:d0:54:6a:60 (kvm02) via ens5
May 24 02:31:39 mas01 dhcpd[23058]: execute_statement argv[0] = /usr/sbin/maas-dhcp-helper
May 24 02:31:39 mas01 dhcpd[23058]: execute_statement argv[1] = notify
May 24 02:31:39 mas01 dhcpd[23058]: execute_statement argv[2] = --action
May 24 02:31:39 mas01 dhcpd[23058]: execute_statement argv[3] = commit
May 24 02:31:39 mas01 dhcpd[23058]: execute_statement argv[4] = --mac
May 24 02:31:39 mas01 dhcpd[23058]: execute_statement argv[5] = 14:58:d0:54:6a:60
May 24 02:31:39 mas01 dhcpd[23058]: execute_statement argv[6] = --ip-family
May 24 02:31:39 mas01 dhcpd[23058]: execute_statement argv[7] = ipv4
May 24 02:31:39 mas01 dhcpd[23058]: execute_statement argv[8] = --ip
May 24 02:31:39 mas01 dhcpd[23058]: execute_statement argv[9] = 192.168.11.18
May 24 02:31:39 mas01 dhcpd[23058]: execute_statement argv[10] = --lease-time
May 24 02:31:39 mas01 dhcpd[23058]: execute_statement argv[11] = 600
May 24 02:31:39 mas01 dhcpd[23058]: execute_statement argv[12] = --hostname
May 24 02:31:39 mas01 dhcpd[23058]: execute_statement argv[13] = kvm02
May 24 02:31:39 mas01 dhcpd[23058]: execute_statement argv[14] = --socket
May 24 02:31:39 mas01 dhcpd[23058]: execute_statement argv[15] = /var/lib/maas/dhcpd.sock
May 24 02:31:39 mas01 sh[19449]: 2018-05-24 02:31:39 maasserver.rpc.leases: [info] Lease update: commit for 192.168.11.12 on 14:58:d0:54:7a:28 at 2018-05-24 02:31:39 (lease time: 600s) (hostname: kvm03)
May 24 02:31:39 mas01 dhcpd[23058]: DHCPREQUEST for 192.168.11.18 (192.168.11.3) from 14:58:d0:54:6a:60 (kvm02) via ens5
May 24 02:31:39 mas01 dhcpd[23058]: DHCPACK on 192.168.11.18 to 14:58:d0:54:6a:60 (kvm02) via ens5
May 24 02:31:39 mas01 sh[19445]: 2018-05-24 02:31:39 maasserver.rpc.leases: [info] Lease update: commit for 192.168.11.18 on 14:58:d0:54:6a:60 at 2018-05-24 02:31:39 (lease time: 600s) (hostname: kvm02)
May 24 02:31:40 mas01 sh[18996]: 2018-05-24 02:31:40 rackd: [info] 192.168.11.12 GET /images/ubuntu/amd64/ga-16.04/xenial/daily/squashfs HTTP/1.1 --> 200 OK (referrer: -; agent: Wget)
May 24 02:31:40 mas01 sh[18996]: 2018-05-24 02:31:40 rackd: [info] 192.168.11.18 GET /images/ubuntu/amd64/ga-16.04/xenial/daily/squashfs HTTP/1.1 --> 200 OK (referrer: -; agent: Wget)
May 24 02:31:42 mas01 sh[19441]: 2018-05-24 02:31:42 regiond: [info] 127.0.0.1 GET /MAAS/rpc/ HTTP/1.0 --> 200 OK (referrer: -; agent: provisioningserver.rpc.clusterservice.ClusterClientService)
May 24 02:31:42 mas01 sh[19445]: 2018-05-24 02:31:42 regiond: [info] 192.168.11.17 POST /MAAS/metadata/status/p3epd8 HTTP/1.1 --> 204 NO_CONTENT (referrer: -; agent: python-requests/2.9.1)
May 24 02:31:42 mas01 sh[19449]: 2018-05-24 02:31:42 regiond: [info] 192.168.11.17 POST /MAAS/metadata/status/p3epd8 HTTP/1.1 --> 204 NO_CONTENT (referrer: -; agent: python-requests/2.9.1)
May 24 02:31:42 mas01 sh[19441]: 2018-05-24 02:31:42 regiond: [info] 192.168.11.17 POST /MAAS/metadata/status/p3epd8 HTTP/1.1 --> 204 NO_CONTENT (referrer: -; agent: python-requests/2.9.1)
May 24 02:31:42 mas01 sh[19441]: 2018-05-24 02:31:42 regiond: [info] 192.168.11.17 POST /MAAS/metadata/status/p3epd8 HTTP/1.1 --> 204 NO_CONTENT (referrer: -; agent: python-requests/2.9.1)
May 24 02:31:42 mas01 sh[19830]: 2018-05-24 02:31:42 regiond: [info] 192.168.11.17 POST /MAAS/metadata/status/p3epd8 HTTP/1.1 --> 204 NO_CONTENT (referrer: -; agent: python-requests/2.9.1)
May 24 02:31:42 mas01 sh[19830]: message repeated 2 times: [ 2018-05-24 02:31:42 regiond: [info] 192.168.11.17 POST /MAAS/metadata/status/p3epd8 HTTP/1.1 --> 204 NO_CONTENT (referrer: -; agent: python-requests/2.9.1)]
May 24 02:31:42 mas01 sh[19445]: 2018-05-24 02:31:42 regiond: [info] 192.168.11.17 POST /MAAS/metadata/status/p3epd8 HTTP/1.1 --> 204 NO_CONTENT (referrer: -; agent: python-requests/2.9.1)
May 24 02:31:42 mas01 sh[19445]: 2018-05-24 02:31:42 regiond: [info] 192.168.11.17 POST /MAAS/metadata/status/p3epd8 HTTP/1.1 --> 204 NO_CONTENT (referrer: -; agent: python-requests/2.9.1)
May 24 02:31:42 mas01 sh[19830]: 2018-05-24 02:31:42 regiond: [info] 192.168.11.17 POST /MAAS/metadata/status/p3epd8 HTTP/1.1 --> 204 NO_CONTENT (referrer: -; agent: python-requests/2.9.1)
May 24 02:31:43 mas01 sh[19445]: 2018-05-24 02:31:43 regiond: [info] 192.168.11.18 GET /MAAS/metadata/latest/by-id/dyxc6w/?op=get_preseed HTTP/1.1 --> 200 OK (referrer: -; agent: Cloud-Init/18.2)
May 24 02:31:43 mas01 sh[19449]: 2018-05-24 02:31:43 regiond: [info] 192.168.11.12 POST /MAAS/metadata/status/cdgr6w HTTP/1.1 --> 204 NO_CONTENT (referrer: -; agent: python-requests/2.9.1)
May 24 02:31:43 mas01 sh[19441]: 2018-05-24 02:31:43 regiond: [info] 192.168.11.12 POST /MAAS/metadata/status/cdgr6w HTTP/1.1 --> 204 NO_CONTENT (referrer: -; agent: python-requests/2.9.1)
May 24 02:31:43 mas01 sh[19441]: 2018-05-24 02:31:43 regiond: [info] 192.168.11.18 POST /MAAS/metadata/status/dyxc6w HTTP/1.1 --> 204 NO_CONTENT (referrer: -; agent: python-requests/2.9.1)
May 24 02:31:43 mas01 sh[19445]: 2018-05-24 02:31:43 regiond: [info] 192.168.11.18 POST /MAAS/metadata/status/dyxc6w HTTP/1.1 --> 204 NO_CONTENT (referrer: -; agent: python-requests/2.9.1)
May 24 02:31:43 mas01 sh[19449]: 2018-05-24 02:31:43 regiond: [info] 192.168.11.17 POST /MAAS/metadata/status/p3epd8 HTTP/1.1 --> 204 NO_CONTENT (referrer: -; agent: python-requests/2.9.1)
May 24 02:31:43 mas01 sh[19441]: 2018-05-24 02:31:43 regiond: [info] 192.168.11.17 POST /MAAS/metadata/status/p3epd8 HTTP/1.1 --> 204 NO_CONTENT (referrer: -; agent: python-requests/2.9.1)
May 24 02:31:43 mas01 sh[19830]: 2018-05-24 02:31:43 regiond: [info] 192.168.11.18 POST /MAAS/metadata/status/dyxc6w HTTP/1.1 --> 204 NO_CONTENT (referrer: -; agent: python-requests/2.9.1)
May 24 02:31:43 mas01 sh[19441]: 2018-05-24 02:31:43 regiond: [info] 192.168.11.17 POST /MAAS/metadata/status/p3epd8 HTTP/1.1 --> 204 NO_CONTENT (referrer: -; agent: python-requests/2.9.1)
May 24 02:31:43 mas01 sh[19445]: 2018-05-24 02:31:43 regiond: [info] 192.168.11.17 POST /MAAS/metadata/status/p3epd8 HTTP/1.1 --> 204 NO_CONTENT (referrer: -; agent: python-requests/2.9.1)
May 24 02:31:43 mas01 sh[19445]: 2018-05-24 02:31:43 regiond: [info] 192.168.11.12 POST /MAAS/metadata/status/cdgr6w HTTP/1.1 --> 204 NO_CONTENT (referrer: -; agent: python-requests/2.9.1)
May 24 02:31:43 mas01 sh[19441]: 2018-05-24 02:31:43 regiond: [info] 192.168.11.17 POST /MAAS/metadata/status/p3epd8 HTTP/1.1 --> 204 NO_CONTENT (referrer: -; agent: python-requests/2.9.1)
May 24 02:31:43 mas01 sh[19449]: 2018-05-24 02:31:43 regiond: [info] 192.168.11.17 POST /MAAS/metadata/status/p3epd8 HTTP/1.1 --> 204 NO_CONTENT (referrer: -; agent: python-requests/2.9.1)
May 24 02:31:43 mas01 sh[19449]: 2018-05-24 02:31:43 regiond: [info] 192.168.11.17 POST /MAAS/metadata/status/p3epd8 HTTP/1.1 --> 204 NO_CONTENT (referrer: -; agent: python-requests/2.9.1)
May 24 02:31:43 mas01 sh[19441]: 2018-05-24 02:31:43 regiond: [info] 192.168.11.17 POST /MAAS/metadata/status/p3epd8 HTTP/1.1 --> 204 NO_CONTENT (referrer: -; agent: python-requests/2.9.1)
May 24 02:31:43 mas01 sh[19441]: 2018-05-24 02:31:43 regiond: [info] 192.168.11.17 POST /MAAS/metadata/status/p3epd8 HTTP/1.1 --> 204 NO_CONTENT (referrer: -; agent: python-requests/2.9.1)
May 24 02:31:43 mas01 sh[19445]: 2018-05-24 02:31:43 regiond: [info] 192.168.11.17 POST /MAAS/metadata/status/p3epd8 HTTP/1.1 --> 204 NO_CONTENT (referrer: -; agent: python-requests/2.9.1)
May 24 02:31:43 mas01 sh[19441]: 2018-05-24 02:31:43 regiond: [info] 192.168.11.17 POST /MAAS/metadata/status/p3epd8 HTTP/1.1 --> 204 NO_CONTENT (referrer: -; agent: python-requests/2.9.1)
May 24 02:31:43 mas01 sh[19445]: 2018-05-24 02:31:43 regiond: [info] 192.168.11.17 POST /MAAS/metadata/status/p3epd8 HTTP/1.1 --> 204 NO_CONTENT (referrer: -; agent: python-requests/2.9.1)
May 24 02:31:43 mas01 sh[19441]: 2018-05-24 02:31:43 regiond: [info] 192.168.11.17 POST /MAAS/metadata/status/p3epd8 HTTP/1.1 --> 204 NO_CONTENT (referrer: -; agent: python-requests/2.9.1)
May 24 02:31:43 mas01 sh[19445]: 2018-05-24 02:31:43 regiond: [info] 192.168.11.17 POST /MAAS/metadata/status/p3epd8 HTTP/1.1 --> 204 NO_CONTENT (referrer: -; agent: python-requests/2.9.1)
May 24 02:31:43 mas01 sh[19445]: message repeated 3 times: [ 2018-05-24 02:31:43 regiond: [info] 192.168.11.17 POST /MAAS/metadata/status/p3epd8 HTTP/1.1 --> 204 NO_CONTENT (referrer: -; agent: python-requests/2.9.1)]
May 24 02:31:43 mas01 sh[19449]: 2018-05-24 02:31:43 regiond: [info] 192.168.11.17 POST /MAAS/metadata/status/p3epd8 HTTP/1.1 --> 204 NO_CONTENT (referrer: -; agent: python-requests/2.9.1)
May 24 02:31:43 mas01 sh[19449]: 2018-05-24 02:31:43 regiond: [info] 192.168.11.17 POST /MAAS/metadata/status/p3epd8 HTTP/1.1 --> 204 NO_CONTENT (referrer: -; agent: python-requests/2.9.1)
May 24 02:31:43 mas01 sh[19441]: 2018-05-24 02:31:43 regiond: [info] 192.168.11.17 POST /MAAS/metadata/status/p3epd8 HTTP/1.1 --> 204 NO_CONTENT (referrer: -; agent: python-requests/2.9.1)
May 24 02:31:43 mas01 sh[19830]: 2018-05-24 02:31:43 regiond: [info] 192.168.11.17 POST /MAAS/metadata/status/p3epd8 HTTP/1.1 --> 204 NO_CONTENT (referrer: -; agent: python-requests/2.9.1)
May 24 02:31:43 mas01 sh[19830]: 2018-05-24 02:31:43 regiond: [info] 192.168.11.17 POST /MAAS/metadata/status/p3epd8 HTTP/1.1 --> 204 NO_CONTENT (referrer: -; agent: python-requests/2.9.1)
May 24 02:31:43 mas01 sh[19445]: 2018-05-24 02:31:43 regiond: [info] 192.168.11.17 POST /MAAS/metadata/status/p3epd8 HTTP/1.1 --> 204 NO_CONTENT (referrer: -; agent: python-requests/2.9.1)
May 24 02:31:43 mas01 sh[19830]: 2018-05-24 02:31:43 regiond: [info] 192.168.11.17 POST /MAAS/metadata/status/p3epd8 HTTP/1.1 --> 204 NO_CONTENT (referrer: -; agent: python-requests/2.9.1)
May 24 02:31:43 mas01 sh[19449]: 2018-05-24 02:31:43 regiond: [info] 192.168.11.17 POST /MAAS/metadata/status/p3epd8 HTTP/1.1 --> 204 NO_CONTENT (referrer: -; agent: python-requests/2.9.1)
May 24 02:31:43 mas01 sh[19449]: 2018-05-24 02:31:43 regiond: [info] 192.168.11.17 POST /MAAS/metadata/status/p3epd8 HTTP/1.1 --> 204 NO_CONTENT (referrer: -; agent: python-requests/2.9.1)
May 24 02:31:43 mas01 sh[19441]: 2018-05-24 02:31:43 regiond: [info] 192.168.11.17 POST /MAAS/metadata/status/p3epd8 HTTP/1.1 --> 204 NO_CONTENT (referrer: -; agent: python-requests/2.9.1)
May 24 02:31:43 mas01 sh[19449]: 2018-05-24 02:31:43 regiond: [info] 192.168.11.17 POST /MAAS/metadata/status/p3epd8 HTTP/1.1 --> 204 NO_CONTENT (referrer: -; agent: python-requests/2.9.1)
May 24 02:31:43 mas01 sh[19449]: 2018-05-24 02:31:43 regiond: [info] 192.168.11.17 POST /MAAS/metadata/status/p3epd8 HTTP/1.1 --> 204 NO_CONTENT (referrer: -; agent: python-requests/2.9.1)
May 24 02:31:44 mas01 sh[19445]: 2018-05-24 02:31:44 regiond: [info] 192.168.11.12 POST /MAAS/metadata/status/cdgr6w HTTP/1.1 --> 204 NO_CONTENT (referrer: -; agent: python-requests/2.9.1)
May 24 02:31:44 mas01 sh[19830]: 2018-05-24 02:31:44 regiond: [info] 192.168.11.18 POST /MAAS/metadata/status/dyxc6w HTTP/1.1 --> 204 NO_CONTENT (referrer: -; agent: python-requests/2.9.1)
May 24 02:31:44 mas01 sh[19445]: 2018-05-24 02:31:44 regiond: [info] 192.168.11.12 POST /MAAS/metadata/status/cdgr6w HTTP/1.1 --> 204 NO_CONTENT (referrer: -; agent: python-requests/2.9.1)
May 24 02:31:44 mas01 sh[19449]: 2018-05-24 02:31:44 regiond: [info] 192.168.11.18 POST /MAAS/metadata/status/dyxc6w HTTP/1.1 --> 204 NO_CONTENT (referrer: -; agent: python-requests/2.9.1)
May 24 02:31:44 mas01 sh[19449]: 2018-05-24 02:31:44 regiond: [info] 192.168.11.12 POST /MAAS/metadata/status/cdgr6w HTTP/1.1 --> 204 NO_CONTENT (referrer: -; agent: python-requests/2.9.1)
May 24 02:31:44 mas01 sh[19441]: 2018-05-24 02:31:44 regiond: [info] 192.168.11.18 POST /MAAS/metadata/status/dyxc6w HTTP/1.1 --> 204 NO_CONTENT (referrer: -; agent: python-requests/2.9.1)
May 24 02:31:44 mas01 sh[19830]: 2018-05-24 02:31:44 regiond: [info] 192.168.11.18 GET /MAAS/metadata/curtin/2012-03-01/meta-data/instance-id HTTP/1.1 --> 200 OK (referrer: -; agent: Cloud-Init/18.2)
May 24 02:31:44 mas01 sh[19449]: 2018-05-24 02:31:44 regiond: [info] 192.168.11.12 GET /MAAS/metadata/curtin/2012-03-01/meta-data/instance-id HTTP/1.1 --> 200 OK (referrer: -; agent: Cloud-Init/18.2)
May 24 02:31:44 mas01 sh[19441]: 2018-05-24 02:31:44 regiond: [info] 192.168.11.12 GET /MAAS/metadata/curtin/2012-03-01/meta-data/instance-id HTTP/1.1 --> 200 OK (referrer: -; agent: python-requests/2.9.1)
May 24 02:31:44 mas01 sh[19449]: 2018-05-24 02:31:44 regiond: [info] 192.168.11.18 GET /MAAS/metadata/curtin/2012-03-01/meta-data/instance-id HTTP/1.1 --> 200 OK (referrer: -; agent: python-requests/2.9.1)
May 24 02:31:44 mas01 sh[19449]: 2018-05-24 02:31:44 regiond: [info] 192.168.11.12 GET /MAAS/metadata/curtin/2012-03-01/meta-data/local-hostname HTTP/1.1 --> 200 OK (referrer: -; agent: python-requests/2.9.1)
May 24 02:31:44 mas01 sh[19445]: 2018-05-24 02:31:44 regiond: [info] 192.168.11.18 GET /MAAS/metadata/curtin/2012-03-01/meta-data/local-hostname HTTP/1.1 --> 200 OK (referrer: -; agent: python-requests/2.9.1)
May 24 02:31:44 mas01 sh[19449]: 2018-05-24 02:31:44 regiond: [info] 192.168.11.18 GET /MAAS/metadata/curtin/2012-03-01/meta-data/public-keys HTTP/1.1 --> 200 OK (referrer: -; agent: python-requests/2.9.1)
May 24 02:31:44 mas01 sh[19441]: 2018-05-24 02:31:44 regiond: [info] 192.168.11.12 GET /MAAS/metadata/curtin/2012-03-01/meta-data/vendor-data HTTP/1.1 --> 200 OK (referrer: -; agent: python-requests/2.9.1)
May 24 02:31:44 mas01 sh[19441]: 2018-05-24 02:31:44 regiond: [info] 192.168.11.18 GET /MAAS/metadata/curtin/2012-03-01/meta-data/vendor-data HTTP/1.1 --> 200 OK (referrer: -; agent: python-requests/2.9.1)
May 24 02:31:44 mas01 sh[19830]: 2018-05-24 02:31:44 maasserver.preseed: [warn] WARNING: '/etc/maas/preseeds/curtin_userdata_amd64_generic_xenial' contains deprecated preseed variables. Please remove: main_archive_directory, ports_archive_directory, http_proxy
May 24 02:31:44 mas01 sh[19830]: 2018-05-24 02:31:44 maasserver.preseed: [warn] WARNING: '/etc/maas/preseeds/curtin_userdata_amd64_generic_xenial' contains deprecated preseed variables. Please remove: main_archive_directory, ports_archive_directory, http_proxy
May 24 02:31:44 mas01 salt-minion[5164]: [INFO    ] User sudo_ubuntu Executing command state.apply with jid 20180524023144693762
May 24 02:31:44 mas01 salt-minion[5164]: [INFO    ] Starting a new job with PID 24768
May 24 02:31:45 mas01 sh[19830]: 2018-05-24 02:31:45 regiond: [info] 192.168.11.18 GET /MAAS/metadata/curtin/2012-03-01/user-data HTTP/1.1 --> 200 OK (referrer: -; agent: python-requests/2.9.1)
May 24 02:31:45 mas01 sh[19445]: 2018-05-24 02:31:45 regiond: [info] 192.168.11.12 POST /MAAS/metadata/status/cdgr6w HTTP/1.1 --> 204 NO_CONTENT (referrer: -; agent: python-requests/2.9.1)
May 24 02:31:45 mas01 sh[19445]: 2018-05-24 02:31:45 regiond: [info] 192.168.11.18 POST /MAAS/metadata/status/dyxc6w HTTP/1.1 --> 204 NO_CONTENT (referrer: -; agent: python-requests/2.9.1)
May 24 02:31:45 mas01 sh[19449]: 2018-05-24 02:31:45 regiond: [info] 192.168.11.12 POST /MAAS/metadata/status/cdgr6w HTTP/1.1 --> 204 NO_CONTENT (referrer: -; agent: python-requests/2.9.1)
May 24 02:31:45 mas01 sh[19441]: 2018-05-24 02:31:45 regiond: [info] 192.168.11.18 POST /MAAS/metadata/status/dyxc6w HTTP/1.1 --> 204 NO_CONTENT (referrer: -; agent: python-requests/2.9.1)
May 24 02:31:45 mas01 sh[19445]: 2018-05-24 02:31:45 regiond: [info] 192.168.11.12 POST /MAAS/metadata/status/cdgr6w HTTP/1.1 --> 204 NO_CONTENT (referrer: -; agent: python-requests/2.9.1)
May 24 02:31:45 mas01 sh[19449]: 2018-05-24 02:31:45 regiond: [info] 192.168.11.18 POST /MAAS/metadata/status/dyxc6w HTTP/1.1 --> 204 NO_CONTENT (referrer: -; agent: python-requests/2.9.1)
May 24 02:31:45 mas01 sh[19441]: 2018-05-24 02:31:45 regiond: [info] 192.168.11.12 POST /MAAS/metadata/status/cdgr6w HTTP/1.1 --> 204 NO_CONTENT (referrer: -; agent: python-requests/2.9.1)
May 24 02:31:45 mas01 sh[19449]: 2018-05-24 02:31:45 regiond: [info] 192.168.11.18 POST /MAAS/metadata/status/dyxc6w HTTP/1.1 --> 204 NO_CONTENT (referrer: -; agent: python-requests/2.9.1)
May 24 02:31:45 mas01 sh[19449]: 2018-05-24 02:31:45 regiond: [info] 192.168.11.12 POST /MAAS/metadata/status/cdgr6w HTTP/1.1 --> 204 NO_CONTENT (referrer: -; agent: python-requests/2.9.1)
May 24 02:31:45 mas01 sh[19830]: 2018-05-24 02:31:45 regiond: [info] 192.168.11.18 POST /MAAS/metadata/status/dyxc6w HTTP/1.1 --> 204 NO_CONTENT (referrer: -; agent: python-requests/2.9.1)
May 24 02:31:45 mas01 salt-minion[5164]: [INFO    ] Loading fresh modules for state activity
May 24 02:31:45 mas01 salt-minion[5164]: [INFO    ] Running state [maas-region apikey --username opnfv > /var/lib/maas/.maas_credentials] at time 02:31:45.409649
May 24 02:31:45 mas01 salt-minion[5164]: [INFO    ] Executing state cmd.run for maas-region apikey --username opnfv > /var/lib/maas/.maas_credentials
May 24 02:31:45 mas01 salt-minion[5164]: [INFO    ] Executing command 'test -e /var/lib/maas/.maas_credentials' in directory '/root'
May 24 02:31:45 mas01 salt-minion[5164]: [INFO    ] unless execution succeeded
May 24 02:31:45 mas01 salt-minion[5164]: [INFO    ] Completed state [maas-region apikey --username opnfv > /var/lib/maas/.maas_credentials] at time 02:31:45.427096 duration_in_ms=17.448
May 24 02:31:45 mas01 salt-minion[5164]: [INFO    ] Running state [maas login opnfv http://192.168.11.3:5240/MAAS/api/2.0 - < /var/lib/maas/.maas_credentials && maas opnfv machine set-storage-layout w6ahwd storage_layout=lvm lv_size=32212254720] at time 02:31:45.428653
May 24 02:31:45 mas01 salt-minion[5164]: [INFO    ] Executing state cmd.run for maas login opnfv http://192.168.11.3:5240/MAAS/api/2.0 - < /var/lib/maas/.maas_credentials && maas opnfv machine set-storage-layout w6ahwd storage_layout=lvm lv_size=32212254720
May 24 02:31:45 mas01 salt-minion[5164]: [INFO    ] Executing command 'maas login opnfv http://192.168.11.3:5240/MAAS/api/2.0 - < /var/lib/maas/.maas_credentials && maas opnfv machine set-storage-layout w6ahwd storage_layout=lvm lv_size=32212254720' in directory '/root'
May 24 02:31:45 mas01 sh[19830]: 2018-05-24 02:31:45 regiond: [info] 192.168.11.12 POST /MAAS/metadata/status/cdgr6w HTTP/1.1 --> 204 NO_CONTENT (referrer: -; agent: python-requests/2.9.1)
May 24 02:31:45 mas01 sh[19441]: 2018-05-24 02:31:45 regiond: [info] 192.168.11.18 POST /MAAS/metadata/status/dyxc6w HTTP/1.1 --> 204 NO_CONTENT (referrer: -; agent: python-requests/2.9.1)
May 24 02:31:45 mas01 sh[19445]: 2018-05-24 02:31:45 regiond: [info] 192.168.11.12 POST /MAAS/metadata/status/cdgr6w HTTP/1.1 --> 204 NO_CONTENT (referrer: -; agent: python-requests/2.9.1)
May 24 02:31:45 mas01 sh[19445]: 2018-05-24 02:31:45 regiond: [info] 192.168.11.12 POST /MAAS/metadata/status/cdgr6w HTTP/1.1 --> 204 NO_CONTENT (referrer: -; agent: python-requests/2.9.1)
May 24 02:31:45 mas01 sh[19441]: 2018-05-24 02:31:45 regiond: [info] 192.168.11.18 POST /MAAS/metadata/status/dyxc6w HTTP/1.1 --> 204 NO_CONTENT (referrer: -; agent: python-requests/2.9.1)
May 24 02:31:45 mas01 sh[19830]: 2018-05-24 02:31:45 regiond: [info] 192.168.11.18 POST /MAAS/metadata/status/dyxc6w HTTP/1.1 --> 204 NO_CONTENT (referrer: -; agent: python-requests/2.9.1)
May 24 02:31:45 mas01 sh[19449]: 2018-05-24 02:31:45 regiond: [info] 192.168.11.12 POST /MAAS/metadata/status/cdgr6w HTTP/1.1 --> 204 NO_CONTENT (referrer: -; agent: python-requests/2.9.1)
May 24 02:31:45 mas01 sh[19445]: 2018-05-24 02:31:45 regiond: [info] 192.168.11.18 POST /MAAS/metadata/status/dyxc6w HTTP/1.1 --> 204 NO_CONTENT (referrer: -; agent: python-requests/2.9.1)
May 24 02:31:45 mas01 sh[19830]: 2018-05-24 02:31:45 regiond: [info] 192.168.11.12 POST /MAAS/metadata/status/cdgr6w HTTP/1.1 --> 204 NO_CONTENT (referrer: -; agent: python-requests/2.9.1)
May 24 02:31:45 mas01 sh[19830]: 2018-05-24 02:31:45 regiond: [info] 192.168.11.18 POST /MAAS/metadata/status/dyxc6w HTTP/1.1 --> 204 NO_CONTENT (referrer: -; agent: python-requests/2.9.1)
May 24 02:31:45 mas01 sh[19441]: 2018-05-24 02:31:45 regiond: [info] 192.168.11.12 POST /MAAS/metadata/status/cdgr6w HTTP/1.1 --> 204 NO_CONTENT (referrer: -; agent: python-requests/2.9.1)
May 24 02:31:45 mas01 sh[19830]: 2018-05-24 02:31:45 regiond: [info] 192.168.11.12 POST /MAAS/metadata/status/cdgr6w HTTP/1.1 --> 204 NO_CONTENT (referrer: -; agent: python-requests/2.9.1)
May 24 02:31:45 mas01 sh[19445]: 2018-05-24 02:31:45 regiond: [info] 192.168.11.18 POST /MAAS/metadata/status/dyxc6w HTTP/1.1 --> 204 NO_CONTENT (referrer: -; agent: python-requests/2.9.1)
May 24 02:31:45 mas01 sh[19830]: 2018-05-24 02:31:45 regiond: [info] 192.168.11.18 POST /MAAS/metadata/status/dyxc6w HTTP/1.1 --> 204 NO_CONTENT (referrer: -; agent: python-requests/2.9.1)
May 24 02:31:45 mas01 sh[19830]: 2018-05-24 02:31:45 regiond: [info] 192.168.11.12 POST /MAAS/metadata/status/cdgr6w HTTP/1.1 --> 204 NO_CONTENT (referrer: -; agent: python-requests/2.9.1)
May 24 02:31:45 mas01 sh[19441]: 2018-05-24 02:31:45 regiond: [info] 192.168.11.18 POST /MAAS/metadata/status/dyxc6w HTTP/1.1 --> 204 NO_CONTENT (referrer: -; agent: python-requests/2.9.1)
May 24 02:31:45 mas01 sh[19830]: 2018-05-24 02:31:45 regiond: [info] 192.168.11.12 POST /MAAS/metadata/status/cdgr6w HTTP/1.1 --> 204 NO_CONTENT (referrer: -; agent: python-requests/2.9.1)
May 24 02:31:45 mas01 sh[19445]: 2018-05-24 02:31:45 regiond: [info] 192.168.11.18 POST /MAAS/metadata/status/dyxc6w HTTP/1.1 --> 204 NO_CONTENT (referrer: -; agent: python-requests/2.9.1)
