May 21 02:24:52 mas01 sh[15724]: 2018-05-21 02:24:52 regiond: [info] 192.168.11.15 POST /MAAS/metadata/status/skx6t3 HTTP/1.1 --> 204 NO_CONTENT (referrer: -; agent: python-requests/2.9.1)
May 21 02:24:52 mas01 sh[16280]: 2018-05-21 02:24:52 regiond: [info] 192.168.11.15 POST /MAAS/metadata/status/skx6t3 HTTP/1.1 --> 204 NO_CONTENT (referrer: -; agent: python-requests/2.9.1)
May 21 02:24:52 mas01 sh[16280]: 2018-05-21 02:24:52 regiond: [info] 192.168.11.12 POST /MAAS/metadata/status/f4pnan HTTP/1.1 --> 204 NO_CONTENT (referrer: -; agent: python-requests/2.9.1)
May 21 02:24:52 mas01 sh[16280]: 2018-05-21 02:24:52 regiond: [info] 192.168.11.15 POST /MAAS/metadata/status/skx6t3 HTTP/1.1 --> 204 NO_CONTENT (referrer: -; agent: python-requests/2.9.1)
May 21 02:24:52 mas01 sh[15728]: 2018-05-21 02:24:52 regiond: [info] 192.168.11.12 POST /MAAS/metadata/status/f4pnan HTTP/1.1 --> 204 NO_CONTENT (referrer: -; agent: python-requests/2.9.1)
May 21 02:24:52 mas01 sh[15728]: 2018-05-21 02:24:52 regiond: [info] 192.168.11.15 POST /MAAS/metadata/status/skx6t3 HTTP/1.1 --> 204 NO_CONTENT (referrer: -; agent: python-requests/2.9.1)
May 21 02:24:52 mas01 sh[16280]: 2018-05-21 02:24:52 regiond: [info] 192.168.11.12 POST /MAAS/metadata/status/f4pnan HTTP/1.1 --> 204 NO_CONTENT (referrer: -; agent: python-requests/2.9.1)
May 21 02:24:52 mas01 sh[15728]: 2018-05-21 02:24:52 regiond: [info] 192.168.11.15 POST /MAAS/metadata/status/skx6t3 HTTP/1.1 --> 204 NO_CONTENT (referrer: -; agent: python-requests/2.9.1)
May 21 02:24:52 mas01 sh[15720]: 2018-05-21 02:24:52 regiond: [info] 192.168.11.12 POST /MAAS/metadata/status/f4pnan HTTP/1.1 --> 204 NO_CONTENT (referrer: -; agent: python-requests/2.9.1)
May 21 02:24:52 mas01 sh[15724]: 2018-05-21 02:24:52 regiond: [info] 192.168.11.12 POST /MAAS/metadata/status/f4pnan HTTP/1.1 --> 204 NO_CONTENT (referrer: -; agent: python-requests/2.9.1)
May 21 02:24:52 mas01 sh[16280]: 2018-05-21 02:24:52 regiond: [info] 192.168.11.15 POST /MAAS/metadata/status/skx6t3 HTTP/1.1 --> 204 NO_CONTENT (referrer: -; agent: python-requests/2.9.1)
May 21 02:24:52 mas01 sh[15724]: 2018-05-21 02:24:52 regiond: [info] 192.168.11.12 POST /MAAS/metadata/status/f4pnan HTTP/1.1 --> 204 NO_CONTENT (referrer: -; agent: python-requests/2.9.1)
May 21 02:24:52 mas01 sh[15728]: 2018-05-21 02:24:52 regiond: [info] 192.168.11.15 POST /MAAS/metadata/status/skx6t3 HTTP/1.1 --> 204 NO_CONTENT (referrer: -; agent: python-requests/2.9.1)
May 21 02:24:52 mas01 sh[15728]: 2018-05-21 02:24:52 regiond: [info] 192.168.11.12 POST /MAAS/metadata/status/f4pnan HTTP/1.1 --> 204 NO_CONTENT (referrer: -; agent: python-requests/2.9.1)
May 21 02:24:52 mas01 sh[15720]: 2018-05-21 02:24:52 regiond: [info] 192.168.11.12 POST /MAAS/metadata/status/f4pnan HTTP/1.1 --> 204 NO_CONTENT (referrer: -; agent: python-requests/2.9.1)
May 21 02:24:52 mas01 sh[16280]: 2018-05-21 02:24:52 regiond: [info] 192.168.11.12 POST /MAAS/metadata/status/f4pnan HTTP/1.1 --> 204 NO_CONTENT (referrer: -; agent: python-requests/2.9.1)
May 21 02:24:52 mas01 sh[15728]: 2018-05-21 02:24:52 regiond: [info] 192.168.11.15 POST /MAAS/metadata/status/skx6t3 HTTP/1.1 --> 204 NO_CONTENT (referrer: -; agent: python-requests/2.9.1)
May 21 02:24:52 mas01 sh[15724]: 2018-05-21 02:24:52 regiond: [info] 192.168.11.12 POST /MAAS/metadata/status/f4pnan HTTP/1.1 --> 204 NO_CONTENT (referrer: -; agent: python-requests/2.9.1)
May 21 02:24:52 mas01 sh[15720]: 2018-05-21 02:24:52 regiond: [info] 192.168.11.8 POST /MAAS/metadata/status/mrhbfp HTTP/1.1 --> 204 NO_CONTENT (referrer: -; agent: python-requests/2.9.1)
May 21 02:24:52 mas01 sh[15724]: 2018-05-21 02:24:52 regiond: [info] 192.168.11.8 POST /MAAS/metadata/status/mrhbfp HTTP/1.1 --> 204 NO_CONTENT (referrer: -; agent: python-requests/2.9.1)
May 21 02:24:52 mas01 sh[15724]: 2018-05-21 02:24:52 regiond: [info] 192.168.11.8 POST /MAAS/metadata/status/mrhbfp HTTP/1.1 --> 204 NO_CONTENT (referrer: -; agent: python-requests/2.9.1)
May 21 02:24:52 mas01 sh[15728]: 2018-05-21 02:24:52 regiond: [info] 192.168.11.8 POST /MAAS/metadata/status/mrhbfp HTTP/1.1 --> 204 NO_CONTENT (referrer: -; agent: python-requests/2.9.1)
May 21 02:24:52 mas01 sh[15720]: 2018-05-21 02:24:52 regiond: [info] 192.168.11.8 POST /MAAS/metadata/status/mrhbfp HTTP/1.1 --> 204 NO_CONTENT (referrer: -; agent: python-requests/2.9.1)
May 21 02:24:52 mas01 sh[16280]: 2018-05-21 02:24:52 regiond: [info] 192.168.11.8 POST /MAAS/metadata/status/mrhbfp HTTP/1.1 --> 204 NO_CONTENT (referrer: -; agent: python-requests/2.9.1)
May 21 02:24:52 mas01 sh[15728]: 2018-05-21 02:24:52 regiond: [info] 192.168.11.8 POST /MAAS/metadata/status/mrhbfp HTTP/1.1 --> 204 NO_CONTENT (referrer: -; agent: python-requests/2.9.1)
May 21 02:24:52 mas01 sh[16280]: 2018-05-21 02:24:52 regiond: [info] 192.168.11.8 POST /MAAS/metadata/status/mrhbfp HTTP/1.1 --> 204 NO_CONTENT (referrer: -; agent: python-requests/2.9.1)
May 21 02:24:52 mas01 sh[15724]: 2018-05-21 02:24:52 regiond: [info] 192.168.11.8 POST /MAAS/metadata/status/mrhbfp HTTP/1.1 --> 204 NO_CONTENT (referrer: -; agent: python-requests/2.9.1)
May 21 02:24:52 mas01 sh[15724]: 2018-05-21 02:24:52 regiond: [info] 192.168.11.8 POST /MAAS/metadata/status/mrhbfp HTTP/1.1 --> 204 NO_CONTENT (referrer: -; agent: python-requests/2.9.1)
May 21 02:24:52 mas01 sh[15724]: 2018-05-21 02:24:52 regiond: [info] 192.168.11.15 POST /MAAS/metadata/status/skx6t3 HTTP/1.1 --> 204 NO_CONTENT (referrer: -; agent: python-requests/2.9.1)
May 21 02:24:52 mas01 sh[16280]: 2018-05-21 02:24:52 regiond: [info] 192.168.11.15 POST /MAAS/metadata/status/skx6t3 HTTP/1.1 --> 204 NO_CONTENT (referrer: -; agent: python-requests/2.9.1)
May 21 02:24:52 mas01 sh[16280]: 2018-05-21 02:24:52 regiond: [info] 192.168.11.12 POST /MAAS/metadata/status/f4pnan HTTP/1.1 --> 204 NO_CONTENT (referrer: -; agent: python-requests/2.9.1)
May 21 02:24:52 mas01 sh[16280]: 2018-05-21 02:24:52 regiond: [info] 192.168.11.15 POST /MAAS/metadata/status/skx6t3 HTTP/1.1 --> 204 NO_CONTENT (referrer: -; agent: python-requests/2.9.1)
May 21 02:24:52 mas01 sh[15728]: 2018-05-21 02:24:52 regiond: [info] 192.168.11.12 POST /MAAS/metadata/status/f4pnan HTTP/1.1 --> 204 NO_CONTENT (referrer: -; agent: python-requests/2.9.1)
May 21 02:24:52 mas01 sh[15728]: 2018-05-21 02:24:52 regiond: [info] 192.168.11.15 POST /MAAS/metadata/status/skx6t3 HTTP/1.1 --> 204 NO_CONTENT (referrer: -; agent: python-requests/2.9.1)
May 21 02:24:52 mas01 sh[15724]: 2018-05-21 02:24:52 regiond: [info] 192.168.11.12 POST /MAAS/metadata/status/f4pnan HTTP/1.1 --> 204 NO_CONTENT (referrer: -; agent: python-requests/2.9.1)
May 21 02:24:52 mas01 sh[16280]: 2018-05-21 02:24:52 regiond: [info] 192.168.11.15 POST /MAAS/metadata/status/skx6t3 HTTP/1.1 --> 204 NO_CONTENT (referrer: -; agent: python-requests/2.9.1)
May 21 02:24:52 mas01 sh[15728]: 2018-05-21 02:24:52 regiond: [info] 192.168.11.12 POST /MAAS/metadata/status/f4pnan HTTP/1.1 --> 204 NO_CONTENT (referrer: -; agent: python-requests/2.9.1)
May 21 02:24:52 mas01 sh[15728]: 2018-05-21 02:24:52 regiond: [info] 192.168.11.15 POST /MAAS/metadata/status/skx6t3 HTTP/1.1 --> 204 NO_CONTENT (referrer: -; agent: python-requests/2.9.1)
May 21 02:24:52 mas01 sh[15720]: 2018-05-21 02:24:52 regiond: [info] 192.168.11.12 POST /MAAS/metadata/status/f4pnan HTTP/1.1 --> 204 NO_CONTENT (referrer: -; agent: python-requests/2.9.1)
May 21 02:24:52 mas01 sh[15720]: 2018-05-21 02:24:52 regiond: [info] 192.168.11.15 POST /MAAS/metadata/status/skx6t3 HTTP/1.1 --> 204 NO_CONTENT (referrer: -; agent: python-requests/2.9.1)
May 21 02:24:52 mas01 sh[15724]: 2018-05-21 02:24:52 regiond: [info] 192.168.11.12 POST /MAAS/metadata/status/f4pnan HTTP/1.1 --> 204 NO_CONTENT (referrer: -; agent: python-requests/2.9.1)
May 21 02:24:52 mas01 sh[15728]: 2018-05-21 02:24:52 regiond: [info] 192.168.11.15 POST /MAAS/metadata/status/skx6t3 HTTP/1.1 --> 204 NO_CONTENT (referrer: -; agent: python-requests/2.9.1)
May 21 02:24:52 mas01 sh[15724]: 2018-05-21 02:24:52 regiond: [info] 192.168.11.12 POST /MAAS/metadata/status/f4pnan HTTP/1.1 --> 204 NO_CONTENT (referrer: -; agent: python-requests/2.9.1)
May 21 02:24:52 mas01 sh[15720]: 2018-05-21 02:24:52 regiond: [info] 192.168.11.15 POST /MAAS/metadata/status/skx6t3 HTTP/1.1 --> 204 NO_CONTENT (referrer: -; agent: python-requests/2.9.1)
May 21 02:24:52 mas01 sh[16280]: 2018-05-21 02:24:52 regiond: [info] 192.168.11.12 POST /MAAS/metadata/status/f4pnan HTTP/1.1 --> 204 NO_CONTENT (referrer: -; agent: python-requests/2.9.1)
May 21 02:24:52 mas01 sh[15728]: 2018-05-21 02:24:52 regiond: [info] 192.168.11.15 POST /MAAS/metadata/status/skx6t3 HTTP/1.1 --> 204 NO_CONTENT (referrer: -; agent: python-requests/2.9.1)
May 21 02:24:52 mas01 sh[15724]: 2018-05-21 02:24:52 regiond: [info] 192.168.11.12 POST /MAAS/metadata/status/f4pnan HTTP/1.1 --> 204 NO_CONTENT (referrer: -; agent: python-requests/2.9.1)
May 21 02:24:52 mas01 sh[15728]: 2018-05-21 02:24:52 regiond: [info] 192.168.11.15 POST /MAAS/metadata/status/skx6t3 HTTP/1.1 --> 204 NO_CONTENT (referrer: -; agent: python-requests/2.9.1)
May 21 02:24:52 mas01 sh[15728]: 2018-05-21 02:24:52 regiond: [info] 192.168.11.12 POST /MAAS/metadata/status/f4pnan HTTP/1.1 --> 204 NO_CONTENT (referrer: -; agent: python-requests/2.9.1)
May 21 02:24:52 mas01 sh[15728]: 2018-05-21 02:24:52 regiond: [info] 192.168.11.15 POST /MAAS/metadata/status/skx6t3 HTTP/1.1 --> 204 NO_CONTENT (referrer: -; agent: python-requests/2.9.1)
May 21 02:24:52 mas01 sh[15728]: 2018-05-21 02:24:52 regiond: [info] 192.168.11.12 POST /MAAS/metadata/status/f4pnan HTTP/1.1 --> 204 NO_CONTENT (referrer: -; agent: python-requests/2.9.1)
May 21 02:24:52 mas01 sh[16280]: 2018-05-21 02:24:52 regiond: [info] 192.168.11.15 POST /MAAS/metadata/status/skx6t3 HTTP/1.1 --> 204 NO_CONTENT (referrer: -; agent: python-requests/2.9.1)
May 21 02:24:52 mas01 sh[16280]: 2018-05-21 02:24:52 regiond: [info] 192.168.11.12 POST /MAAS/metadata/status/f4pnan HTTP/1.1 --> 204 NO_CONTENT (referrer: -; agent: python-requests/2.9.1)
May 21 02:24:52 mas01 sh[16280]: 2018-05-21 02:24:52 regiond: [info] 192.168.11.15 POST /MAAS/metadata/status/skx6t3 HTTP/1.1 --> 204 NO_CONTENT (referrer: -; agent: python-requests/2.9.1)
May 21 02:24:52 mas01 sh[15720]: 2018-05-21 02:24:52 regiond: [info] 192.168.11.12 POST /MAAS/metadata/status/f4pnan HTTP/1.1 --> 204 NO_CONTENT (referrer: -; agent: python-requests/2.9.1)
May 21 02:24:52 mas01 sh[15728]: 2018-05-21 02:24:52 regiond: [info] 192.168.11.15 POST /MAAS/metadata/status/skx6t3 HTTP/1.1 --> 204 NO_CONTENT (referrer: -; agent: python-requests/2.9.1)
May 21 02:24:52 mas01 sh[15728]: 2018-05-21 02:24:52 regiond: [info] 192.168.11.12 POST /MAAS/metadata/status/f4pnan HTTP/1.1 --> 204 NO_CONTENT (referrer: -; agent: python-requests/2.9.1)
May 21 02:24:52 mas01 sh[15724]: 2018-05-21 02:24:52 regiond: [info] 192.168.11.15 POST /MAAS/metadata/status/skx6t3 HTTP/1.1 --> 204 NO_CONTENT (referrer: -; agent: python-requests/2.9.1)
May 21 02:24:52 mas01 sh[15728]: 2018-05-21 02:24:52 regiond: [info] 192.168.11.12 POST /MAAS/metadata/status/f4pnan HTTP/1.1 --> 204 NO_CONTENT (referrer: -; agent: python-requests/2.9.1)
May 21 02:24:52 mas01 sh[15724]: 2018-05-21 02:24:52 regiond: [info] 192.168.11.15 POST /MAAS/metadata/status/skx6t3 HTTP/1.1 --> 204 NO_CONTENT (referrer: -; agent: python-requests/2.9.1)
May 21 02:24:52 mas01 sh[15724]: 2018-05-21 02:24:52 regiond: [info] 192.168.11.12 POST /MAAS/metadata/status/f4pnan HTTP/1.1 --> 204 NO_CONTENT (referrer: -; agent: python-requests/2.9.1)
May 21 02:24:52 mas01 sh[16280]: 2018-05-21 02:24:52 regiond: [info] 192.168.11.15 POST /MAAS/metadata/status/skx6t3 HTTP/1.1 --> 204 NO_CONTENT (referrer: -; agent: python-requests/2.9.1)
May 21 02:24:52 mas01 sh[16280]: 2018-05-21 02:24:52 regiond: [info] 192.168.11.12 POST /MAAS/metadata/status/f4pnan HTTP/1.1 --> 204 NO_CONTENT (referrer: -; agent: python-requests/2.9.1)
May 21 02:24:52 mas01 sh[15724]: 2018-05-21 02:24:52 regiond: [info] 192.168.11.15 POST /MAAS/metadata/status/skx6t3 HTTP/1.1 --> 204 NO_CONTENT (referrer: -; agent: python-requests/2.9.1)
May 21 02:24:52 mas01 sh[15724]: 2018-05-21 02:24:52 regiond: [info] 192.168.11.12 POST /MAAS/metadata/status/f4pnan HTTP/1.1 --> 204 NO_CONTENT (referrer: -; agent: python-requests/2.9.1)
May 21 02:24:52 mas01 sh[16280]: 2018-05-21 02:24:52 regiond: [info] 192.168.11.15 POST /MAAS/metadata/status/skx6t3 HTTP/1.1 --> 204 NO_CONTENT (referrer: -; agent: python-requests/2.9.1)
May 21 02:24:52 mas01 sh[15720]: 2018-05-21 02:24:52 regiond: [info] 192.168.11.12 POST /MAAS/metadata/status/f4pnan HTTP/1.1 --> 204 NO_CONTENT (referrer: -; agent: python-requests/2.9.1)
May 21 02:24:52 mas01 sh[16280]: 2018-05-21 02:24:52 regiond: [info] 192.168.11.15 POST /MAAS/metadata/status/skx6t3 HTTP/1.1 --> 204 NO_CONTENT (referrer: -; agent: python-requests/2.9.1)
May 21 02:24:52 mas01 sh[16280]: 2018-05-21 02:24:52 regiond: [info] 192.168.11.12 POST /MAAS/metadata/status/f4pnan HTTP/1.1 --> 204 NO_CONTENT (referrer: -; agent: python-requests/2.9.1)
May 21 02:24:52 mas01 sh[15720]: 2018-05-21 02:24:52 regiond: [info] 192.168.11.15 POST /MAAS/metadata/status/skx6t3 HTTP/1.1 --> 204 NO_CONTENT (referrer: -; agent: python-requests/2.9.1)
May 21 02:24:52 mas01 sh[15728]: 2018-05-21 02:24:52 regiond: [info] 192.168.11.12 POST /MAAS/metadata/status/f4pnan HTTP/1.1 --> 204 NO_CONTENT (referrer: -; agent: python-requests/2.9.1)
May 21 02:24:52 mas01 sh[15724]: 2018-05-21 02:24:52 regiond: [info] 192.168.11.15 POST /MAAS/metadata/status/skx6t3 HTTP/1.1 --> 204 NO_CONTENT (referrer: -; agent: python-requests/2.9.1)
May 21 02:24:52 mas01 sh[15724]: 2018-05-21 02:24:52 regiond: [info] 192.168.11.12 POST /MAAS/metadata/status/f4pnan HTTP/1.1 --> 204 NO_CONTENT (referrer: -; agent: python-requests/2.9.1)
May 21 02:24:52 mas01 sh[16280]: 2018-05-21 02:24:52 regiond: [info] 192.168.11.15 POST /MAAS/metadata/status/skx6t3 HTTP/1.1 --> 204 NO_CONTENT (referrer: -; agent: python-requests/2.9.1)
May 21 02:24:52 mas01 sh[15728]: 2018-05-21 02:24:52 regiond: [info] 192.168.11.12 POST /MAAS/metadata/status/f4pnan HTTP/1.1 --> 204 NO_CONTENT (referrer: -; agent: python-requests/2.9.1)
May 21 02:24:52 mas01 sh[15724]: 2018-05-21 02:24:52 regiond: [info] 192.168.11.15 POST /MAAS/metadata/status/skx6t3 HTTP/1.1 --> 204 NO_CONTENT (referrer: -; agent: python-requests/2.9.1)
May 21 02:24:52 mas01 sh[15724]: 2018-05-21 02:24:52 regiond: [info] 192.168.11.12 POST /MAAS/metadata/status/f4pnan HTTP/1.1 --> 204 NO_CONTENT (referrer: -; agent: python-requests/2.9.1)
May 21 02:24:52 mas01 sh[15724]: 2018-05-21 02:24:52 regiond: [info] 192.168.11.15 POST /MAAS/metadata/status/skx6t3 HTTP/1.1 --> 204 NO_CONTENT (referrer: -; agent: python-requests/2.9.1)
May 21 02:24:52 mas01 sh[15728]: 2018-05-21 02:24:52 regiond: [info] 192.168.11.12 POST /MAAS/metadata/status/f4pnan HTTP/1.1 --> 204 NO_CONTENT (referrer: -; agent: python-requests/2.9.1)
May 21 02:24:52 mas01 sh[15724]: 2018-05-21 02:24:52 regiond: [info] 192.168.11.15 POST /MAAS/metadata/status/skx6t3 HTTP/1.1 --> 204 NO_CONTENT (referrer: -; agent: python-requests/2.9.1)
May 21 02:24:52 mas01 sh[16280]: 2018-05-21 02:24:52 regiond: [info] 192.168.11.12 POST /MAAS/metadata/status/f4pnan HTTP/1.1 --> 204 NO_CONTENT (referrer: -; agent: python-requests/2.9.1)
May 21 02:24:52 mas01 sh[15724]: 2018-05-21 02:24:52 regiond: [info] 192.168.11.15 POST /MAAS/metadata/status/skx6t3 HTTP/1.1 --> 204 NO_CONTENT (referrer: -; agent: python-requests/2.9.1)
May 21 02:24:52 mas01 sh[15728]: 2018-05-21 02:24:52 regiond: [info] 192.168.11.12 POST /MAAS/metadata/status/f4pnan HTTP/1.1 --> 204 NO_CONTENT (referrer: -; agent: python-requests/2.9.1)
May 21 02:24:52 mas01 sh[15724]: 2018-05-21 02:24:52 regiond: [info] 192.168.11.15 POST /MAAS/metadata/status/skx6t3 HTTP/1.1 --> 204 NO_CONTENT (referrer: -; agent: python-requests/2.9.1)
May 21 02:24:52 mas01 sh[15724]: 2018-05-21 02:24:52 regiond: [info] 192.168.11.12 POST /MAAS/metadata/status/f4pnan HTTP/1.1 --> 204 NO_CONTENT (referrer: -; agent: python-requests/2.9.1)
May 21 02:24:52 mas01 sh[15720]: 2018-05-21 02:24:52 regiond: [info] 192.168.11.12 POST /MAAS/metadata/status/f4pnan HTTP/1.1 --> 204 NO_CONTENT (referrer: -; agent: python-requests/2.9.1)
May 21 02:24:52 mas01 sh[15720]: 2018-05-21 02:24:52 regiond: [info] 192.168.11.8 POST /MAAS/metadata/status/mrhbfp HTTP/1.1 --> 204 NO_CONTENT (referrer: -; agent: python-requests/2.9.1)
May 21 02:24:52 mas01 sh[15728]: 2018-05-21 02:24:52 regiond: [info] 192.168.11.8 POST /MAAS/metadata/status/mrhbfp HTTP/1.1 --> 204 NO_CONTENT (referrer: -; agent: python-requests/2.9.1)
May 21 02:24:52 mas01 sh[16280]: 2018-05-21 02:24:52 regiond: [info] 192.168.11.8 POST /MAAS/metadata/status/mrhbfp HTTP/1.1 --> 204 NO_CONTENT (referrer: -; agent: python-requests/2.9.1)
May 21 02:24:52 mas01 sh[16280]: 2018-05-21 02:24:52 regiond: [info] 192.168.11.8 POST /MAAS/metadata/status/mrhbfp HTTP/1.1 --> 204 NO_CONTENT (referrer: -; agent: python-requests/2.9.1)
May 21 02:24:52 mas01 sh[15724]: 2018-05-21 02:24:52 regiond: [info] 192.168.11.8 POST /MAAS/metadata/status/mrhbfp HTTP/1.1 --> 204 NO_CONTENT (referrer: -; agent: python-requests/2.9.1)
May 21 02:24:52 mas01 sh[15724]: 2018-05-21 02:24:52 regiond: [info] 192.168.11.8 POST /MAAS/metadata/status/mrhbfp HTTP/1.1 --> 204 NO_CONTENT (referrer: -; agent: python-requests/2.9.1)
May 21 02:24:52 mas01 sh[15720]: 2018-05-21 02:24:52 regiond: [info] 192.168.11.8 POST /MAAS/metadata/status/mrhbfp HTTP/1.1 --> 204 NO_CONTENT (referrer: -; agent: python-requests/2.9.1)
May 21 02:24:52 mas01 sh[15728]: 2018-05-21 02:24:52 regiond: [info] 192.168.11.8 POST /MAAS/metadata/status/mrhbfp HTTP/1.1 --> 204 NO_CONTENT (referrer: -; agent: python-requests/2.9.1)
May 21 02:24:52 mas01 sh[15720]: 2018-05-21 02:24:52 regiond: [info] 192.168.11.8 POST /MAAS/metadata/status/mrhbfp HTTP/1.1 --> 204 NO_CONTENT (referrer: -; agent: python-requests/2.9.1)
May 21 02:24:52 mas01 sh[15720]: 2018-05-21 02:24:52 regiond: [info] 192.168.11.8 POST /MAAS/metadata/status/mrhbfp HTTP/1.1 --> 204 NO_CONTENT (referrer: -; agent: python-requests/2.9.1)
May 21 02:24:52 mas01 sh[15728]: 2018-05-21 02:24:52 regiond: [info] 192.168.11.8 POST /MAAS/metadata/status/mrhbfp HTTP/1.1 --> 204 NO_CONTENT (referrer: -; agent: python-requests/2.9.1)
May 21 02:24:52 mas01 sh[16280]: 2018-05-21 02:24:52 regiond: [info] 192.168.11.8 POST /MAAS/metadata/status/mrhbfp HTTP/1.1 --> 204 NO_CONTENT (referrer: -; agent: python-requests/2.9.1)
May 21 02:24:52 mas01 sh[15720]: 2018-05-21 02:24:52 regiond: [info] 192.168.11.8 POST /MAAS/metadata/status/mrhbfp HTTP/1.1 --> 204 NO_CONTENT (referrer: -; agent: python-requests/2.9.1)
May 21 02:24:52 mas01 sh[15720]: 2018-05-21 02:24:52 regiond: [info] 192.168.11.8 POST /MAAS/metadata/status/mrhbfp HTTP/1.1 --> 204 NO_CONTENT (referrer: -; agent: python-requests/2.9.1)
May 21 02:24:52 mas01 sh[15728]: 2018-05-21 02:24:52 regiond: [info] 192.168.11.8 POST /MAAS/metadata/status/mrhbfp HTTP/1.1 --> 204 NO_CONTENT (referrer: -; agent: python-requests/2.9.1)
May 21 02:24:52 mas01 sh[16280]: 2018-05-21 02:24:52 regiond: [info] 192.168.11.8 POST /MAAS/metadata/status/mrhbfp HTTP/1.1 --> 204 NO_CONTENT (referrer: -; agent: python-requests/2.9.1)
May 21 02:24:52 mas01 sh[15728]: 2018-05-21 02:24:52 regiond: [info] 192.168.11.8 POST /MAAS/metadata/status/mrhbfp HTTP/1.1 --> 204 NO_CONTENT (referrer: -; agent: python-requests/2.9.1)
May 21 02:24:52 mas01 sh[15724]: 2018-05-21 02:24:52 regiond: [info] 192.168.11.8 POST /MAAS/metadata/status/mrhbfp HTTP/1.1 --> 204 NO_CONTENT (referrer: -; agent: python-requests/2.9.1)
May 21 02:24:52 mas01 sh[16280]: 2018-05-21 02:24:52 regiond: [info] 192.168.11.8 POST /MAAS/metadata/status/mrhbfp HTTP/1.1 --> 204 NO_CONTENT (referrer: -; agent: python-requests/2.9.1)
May 21 02:24:52 mas01 sh[15724]: 2018-05-21 02:24:52 regiond: [info] 192.168.11.8 POST /MAAS/metadata/status/mrhbfp HTTP/1.1 --> 204 NO_CONTENT (referrer: -; agent: python-requests/2.9.1)
May 21 02:24:52 mas01 sh[15724]: message repeated 3 times: [ 2018-05-21 02:24:52 regiond: [info] 192.168.11.8 POST /MAAS/metadata/status/mrhbfp HTTP/1.1 --> 204 NO_CONTENT (referrer: -; agent: python-requests/2.9.1)]
May 21 02:24:53 mas01 sh[15724]: 2018-05-21 02:24:53 regiond: [info] 192.168.11.8 POST /MAAS/metadata/status/mrhbfp HTTP/1.1 --> 204 NO_CONTENT (referrer: -; agent: python-requests/2.9.1)
May 21 02:24:53 mas01 sh[16280]: 2018-05-21 02:24:53 regiond: [info] 192.168.11.8 POST /MAAS/metadata/status/mrhbfp HTTP/1.1 --> 204 NO_CONTENT (referrer: -; agent: python-requests/2.9.1)
May 21 02:24:53 mas01 sh[15728]: 2018-05-21 02:24:53 regiond: [info] 192.168.11.8 POST /MAAS/metadata/status/mrhbfp HTTP/1.1 --> 204 NO_CONTENT (referrer: -; agent: python-requests/2.9.1)
May 21 02:24:53 mas01 sh[15724]: 2018-05-21 02:24:53 regiond: [info] 192.168.11.8 POST /MAAS/metadata/status/mrhbfp HTTP/1.1 --> 204 NO_CONTENT (referrer: -; agent: python-requests/2.9.1)
May 21 02:24:53 mas01 sh[16280]: 2018-05-21 02:24:53 regiond: [info] 192.168.11.8 POST /MAAS/metadata/status/mrhbfp HTTP/1.1 --> 204 NO_CONTENT (referrer: -; agent: python-requests/2.9.1)
May 21 02:24:53 mas01 sh[16280]: 2018-05-21 02:24:53 regiond: [info] 192.168.11.8 POST /MAAS/metadata/status/mrhbfp HTTP/1.1 --> 204 NO_CONTENT (referrer: -; agent: python-requests/2.9.1)
May 21 02:24:55 mas01 salt-minion[1329]: [INFO    ] User sudo_ubuntu Executing command state.apply with jid 20180521022455940596
May 21 02:24:55 mas01 salt-minion[1329]: [INFO    ] Starting a new job with PID 18357
May 21 02:24:56 mas01 salt-minion[1329]: [INFO    ] Loading fresh modules for state activity
May 21 02:24:56 mas01 salt-minion[1329]: [INFO    ] Running state [maas-region apikey --username opnfv > /var/lib/maas/.maas_credentials] at time 02:24:56.546920
May 21 02:24:56 mas01 salt-minion[1329]: [INFO    ] Executing state cmd.run for maas-region apikey --username opnfv > /var/lib/maas/.maas_credentials
May 21 02:24:56 mas01 salt-minion[1329]: [INFO    ] Executing command 'maas-region apikey --username opnfv > /var/lib/maas/.maas_credentials' in directory '/root'
May 21 02:24:57 mas01 sh[16280]: 2018-05-21 02:24:57 regiond: [info] 192.168.11.12 POST /MAAS/metadata/2012-03-01/ HTTP/1.1 --> 200 OK (referrer: -; agent: Python-urllib/3.5)
May 21 02:24:57 mas01 sh[15728]: 2018-05-21 02:24:57 regiond: [info] 192.168.11.15 GET /MAAS/metadata/2012-03-01/maas-scripts/ HTTP/1.1 --> 200 OK (referrer: -; agent: Python-urllib/3.5)
May 21 02:24:57 mas01 sh[15728]: 2018-05-21 02:24:57 regiond: [info] 192.168.11.12 GET /MAAS/metadata/2012-03-01/maas-scripts/ HTTP/1.1 --> 200 OK (referrer: -; agent: Python-urllib/3.5)
May 21 02:24:57 mas01 sh[15728]: 2018-05-21 02:24:57 regiond: [info] 192.168.11.15 POST /MAAS/metadata/2012-03-01/ HTTP/1.1 --> 200 OK (referrer: -; agent: Python-urllib/3.5)
May 21 02:24:57 mas01 sh[15728]: 2018-05-21 02:24:57 regiond: [info] 192.168.11.8 GET /MAAS/metadata/2012-03-01/maas-scripts/ HTTP/1.1 --> 200 OK (referrer: -; agent: Python-urllib/3.5)
May 21 02:24:57 mas01 sh[15720]: 2018-05-21 02:24:57 regiond: [info] 192.168.11.8 POST /MAAS/metadata/2012-03-01/ HTTP/1.1 --> 200 OK (referrer: -; agent: Python-urllib/3.5)
May 21 02:24:57 mas01 sh[15724]: 2018-05-21 02:24:57 regiond: [info] 192.168.11.15 POST /MAAS/metadata/2012-03-01/ HTTP/1.1 --> 200 OK (referrer: -; agent: Python-urllib/3.5)
May 21 02:24:57 mas01 sh[15724]: 2018-05-21 02:24:57 regiond: [info] 192.168.11.12 POST /MAAS/metadata/2012-03-01/ HTTP/1.1 --> 200 OK (referrer: -; agent: Python-urllib/3.5)
May 21 02:24:57 mas01 sh[15728]: 2018-05-21 02:24:57 regiond: [info] 192.168.11.8 POST /MAAS/metadata/2012-03-01/ HTTP/1.1 --> 200 OK (referrer: -; agent: Python-urllib/3.5)
May 21 02:24:57 mas01 sh[15724]: 2018-05-21 02:24:57 regiond: [info] 192.168.11.15 GET /MAAS/metadata/latest/by-id/skx6t3/?op=get_preseed HTTP/1.1 --> 200 OK (referrer: -; agent: curl/7.47.0)
May 21 02:24:57 mas01 sh[16280]: 2018-05-21 02:24:57 regiond: [info] 192.168.11.8 GET /MAAS/metadata/latest/by-id/mrhbfp/?op=get_preseed HTTP/1.1 --> 200 OK (referrer: -; agent: curl/7.47.0)
May 21 02:24:57 mas01 sh[16280]: 2018-05-21 02:24:57 regiond: [info] 192.168.11.12 GET /MAAS/metadata/latest/by-id/f4pnan/?op=get_preseed HTTP/1.1 --> 200 OK (referrer: -; agent: curl/7.47.0)
May 21 02:24:58 mas01 sh[15724]: 2018-05-21 02:24:58 regiond: [info] 192.168.11.8 POST /MAAS/metadata/2012-03-01/ HTTP/1.1 --> 200 OK (referrer: -; agent: Python-urllib/3.5)
May 21 02:24:58 mas01 sh[15720]: 2018-05-21 02:24:58 regiond: [info] 192.168.11.12 POST /MAAS/metadata/2012-03-01/ HTTP/1.1 --> 200 OK (referrer: -; agent: Python-urllib/3.5)
May 21 02:24:58 mas01 salt-minion[1329]: [INFO    ] {'pid': 18364, 'retcode': 0, 'stderr': '', 'stdout': ''}
May 21 02:24:58 mas01 salt-minion[1329]: [INFO    ] Completed state [maas-region apikey --username opnfv > /var/lib/maas/.maas_credentials] at time 02:24:58.191209 duration_in_ms=1644.291
May 21 02:24:58 mas01 salt-minion[1329]: [INFO    ] Running state [maas.machines_status] at time 02:24:58.194527
May 21 02:24:58 mas01 salt-minion[1329]: [INFO    ] Executing state module.run for maas.machines_status
May 21 02:24:58 mas01 sh[15720]: 2018-05-21 02:24:58 regiond: [info] 192.168.11.15 POST /MAAS/metadata/2012-03-01/ HTTP/1.1 --> 200 OK (referrer: -; agent: Python-urllib/3.5)
May 21 02:24:58 mas01 sh[15720]: 2018-05-21 02:24:58 regiond: [info] 192.168.11.12 POST /MAAS/metadata/2012-03-01/ HTTP/1.1 --> 200 OK (referrer: -; agent: Python-urllib/3.5)
May 21 02:24:58 mas01 sh[16280]: 2018-05-21 02:24:58 regiond: [info] 192.168.11.8 POST /MAAS/metadata/2012-03-01/ HTTP/1.1 --> 200 OK (referrer: -; agent: Python-urllib/3.5)
May 21 02:24:58 mas01 sh[15724]: 2018-05-21 02:24:58 regiond: [info] 192.168.11.15 POST /MAAS/metadata/2012-03-01/ HTTP/1.1 --> 200 OK (referrer: -; agent: Python-urllib/3.5)
May 21 02:24:58 mas01 sh[16280]: 2018-05-21 02:24:58 regiond: [info] 192.168.11.8 POST /MAAS/metadata/2012-03-01/ HTTP/1.1 --> 200 OK (referrer: -; agent: Python-urllib/3.5)
May 21 02:24:58 mas01 sh[15720]: 2018-05-21 02:24:58 regiond: [info] 192.168.11.8 POST /MAAS/metadata/2012-03-01/ HTTP/1.1 --> 200 OK (referrer: -; agent: Python-urllib/3.5)
May 21 02:24:58 mas01 sh[15728]: 2018-05-21 02:24:58 regiond: [info] 192.168.11.12 POST /MAAS/metadata/2012-03-01/ HTTP/1.1 --> 200 OK (referrer: -; agent: Python-urllib/3.5)
May 21 02:24:58 mas01 sh[15724]: 2018-05-21 02:24:58 regiond: [info] 192.168.11.12 POST /MAAS/metadata/2012-03-01/ HTTP/1.1 --> 200 OK (referrer: -; agent: Python-urllib/3.5)
May 21 02:24:58 mas01 sh[15728]: 2018-05-21 02:24:58 regiond: [info] 192.168.11.15 POST /MAAS/metadata/2012-03-01/ HTTP/1.1 --> 200 OK (referrer: -; agent: Python-urllib/3.5)
May 21 02:24:58 mas01 sh[15728]: 2018-05-21 02:24:58 regiond: [info] 127.0.0.1 GET /MAAS/api/2.0/machines/ HTTP/1.1 --> 200 OK (referrer: -; agent: Python-urllib/2.7)
May 21 02:24:58 mas01 salt-minion[1329]: [INFO    ] {'ret': {'machines': [{'status': 'Commissioning', 'hostname': u'cmp002', 'system_id': u'skx6t3'}, {'status': 'Commissioning', 'hostname': u'cmp001', 'system_id': u'bsb4pf'}, {'status': 'Commissioning', 'hostname': u'kvm01', 'system_id': u'nt4ngq'}, {'status': 'Commissioning', 'hostname': u'kvm03', 'system_id': u'mrhbfp'}, {'status': 'Commissioning', 'hostname': u'kvm02', 'system_id': u'f4pnan'}], 'summary': Counter({'Commissioning': 5})}}
May 21 02:24:58 mas01 salt-minion[1329]: [INFO    ] Completed state [maas.machines_status] at time 02:24:58.528974 duration_in_ms=334.446
May 21 02:24:58 mas01 salt-minion[1329]: [INFO    ] Returning information for job: 20180521022455940596
May 21 02:24:58 mas01 sh[15720]: 2018-05-21 02:24:58 regiond: [info] 192.168.11.15 POST /MAAS/metadata/2012-03-01/ HTTP/1.1 --> 200 OK (referrer: -; agent: Python-urllib/3.5)
May 21 02:24:59 mas01 sh[15724]: 2018-05-21 02:24:59 regiond: [info] 192.168.11.8 POST /MAAS/metadata/2012-03-01/ HTTP/1.1 --> 200 OK (referrer: -; agent: Python-urllib/3.5)
May 21 02:24:59 mas01 sh[15720]: 2018-05-21 02:24:59 regiond: [info] 192.168.11.12 POST /MAAS/metadata/2012-03-01/ HTTP/1.1 --> 200 OK (referrer: -; agent: Python-urllib/3.5)
May 21 02:24:59 mas01 sh[15728]: 2018-05-21 02:24:59 regiond: [info] 192.168.11.12 POST /MAAS/metadata/2012-03-01/ HTTP/1.1 --> 200 OK (referrer: -; agent: Python-urllib/3.5)
May 21 02:24:59 mas01 sh[16280]: 2018-05-21 02:24:59 regiond: [info] 192.168.11.8 POST /MAAS/metadata/2012-03-01/ HTTP/1.1 --> 200 OK (referrer: -; agent: Python-urllib/3.5)
May 21 02:24:59 mas01 sh[15724]: 2018-05-21 02:24:59 regiond: [info] 192.168.11.15 POST /MAAS/metadata/2012-03-01/ HTTP/1.1 --> 200 OK (referrer: -; agent: Python-urllib/3.5)
May 21 02:24:59 mas01 sh[15720]: 2018-05-21 02:24:59 regiond: [info] 192.168.11.12 POST /MAAS/metadata/2012-03-01/ HTTP/1.1 --> 200 OK (referrer: -; agent: Python-urllib/3.5)
May 21 02:24:59 mas01 sh[15728]: 2018-05-21 02:24:59 regiond: [info] 192.168.11.8 POST /MAAS/metadata/2012-03-01/ HTTP/1.1 --> 200 OK (referrer: -; agent: Python-urllib/3.5)
May 21 02:24:59 mas01 sh[15728]: 2018-05-21 02:24:59 regiond: [info] 192.168.11.15 POST /MAAS/metadata/2012-03-01/ HTTP/1.1 --> 200 OK (referrer: -; agent: Python-urllib/3.5)
May 21 02:24:59 mas01 sh[15724]: 2018-05-21 02:24:59 regiond: [info] 192.168.11.12 POST /MAAS/metadata/2012-03-01/ HTTP/1.1 --> 200 OK (referrer: -; agent: Python-urllib/3.5)
May 21 02:24:59 mas01 sh[15728]: 2018-05-21 02:24:59 regiond: [info] 192.168.11.8 POST /MAAS/metadata/2012-03-01/ HTTP/1.1 --> 200 OK (referrer: -; agent: Python-urllib/3.5)
May 21 02:24:59 mas01 sh[15728]: 2018-05-21 02:24:59 regiond: [info] 192.168.11.15 POST /MAAS/metadata/2012-03-01/ HTTP/1.1 --> 200 OK (referrer: -; agent: Python-urllib/3.5)
May 21 02:24:59 mas01 sh[15728]: 2018-05-21 02:24:59 regiond: [info] 192.168.11.15 POST /MAAS/metadata/2012-03-01/ HTTP/1.1 --> 200 OK (referrer: -; agent: Python-urllib/3.5)
May 21 02:25:01 mas01 sh[15724]: 2018-05-21 02:25:01 regiond: [info] 192.168.11.12 POST /MAAS/metadata/2012-03-01/ HTTP/1.1 --> 200 OK (referrer: -; agent: Python-urllib/3.5)
May 21 02:25:01 mas01 sh[15724]: 2018-05-21 02:25:01 regiond: [info] 192.168.11.8 POST /MAAS/metadata/2012-03-01/ HTTP/1.1 --> 200 OK (referrer: -; agent: Python-urllib/3.5)
May 21 02:25:01 mas01 sh[15724]: 2018-05-21 02:25:01 regiond: [info] 192.168.11.15 POST /MAAS/metadata/2012-03-01/ HTTP/1.1 --> 200 OK (referrer: -; agent: Python-urllib/3.5)
May 21 02:25:01 mas01 sh[15720]: 2018-05-21 02:25:01 regiond: [info] 192.168.11.12 POST /MAAS/metadata/2012-03-01/ HTTP/1.1 --> 200 OK (referrer: -; agent: Python-urllib/3.5)
May 21 02:25:01 mas01 sh[16280]: 2018-05-21 02:25:01 regiond: [info] 192.168.11.8 POST /MAAS/metadata/2012-03-01/ HTTP/1.1 --> 200 OK (referrer: -; agent: Python-urllib/3.5)
May 21 02:25:01 mas01 sh[15724]: 2018-05-21 02:25:01 regiond: [info] 192.168.11.15 POST /MAAS/metadata/2012-03-01/ HTTP/1.1 --> 200 OK (referrer: -; agent: Python-urllib/3.5)
May 21 02:25:01 mas01 sh[15720]: 2018-05-21 02:25:01 regiond: [info] 192.168.11.12 POST /MAAS/metadata/2012-03-01/ HTTP/1.1 --> 200 OK (referrer: -; agent: Python-urllib/3.5)
May 21 02:25:01 mas01 sh[16280]: 2018-05-21 02:25:01 regiond: [info] 192.168.11.8 POST /MAAS/metadata/2012-03-01/ HTTP/1.1 --> 200 OK (referrer: -; agent: Python-urllib/3.5)
May 21 02:25:01 mas01 sh[16280]: 2018-05-21 02:25:01 regiond: [info] 192.168.11.15 POST /MAAS/metadata/2012-03-01/ HTTP/1.1 --> 200 OK (referrer: -; agent: Python-urllib/3.5)
May 21 02:25:01 mas01 CRON[18426]: (root) CMD (command -v debian-sa1 > /dev/null && debian-sa1 1 1)
May 21 02:25:02 mas01 sh[15724]: 2018-05-21 02:25:02 regiond: [info] 192.168.11.12 POST /MAAS/metadata/2012-03-01/ HTTP/1.1 --> 200 OK (referrer: -; agent: Python-urllib/3.5)
May 21 02:25:02 mas01 sh[16280]: 2018-05-21 02:25:02 regiond: [info] 192.168.11.8 POST /MAAS/metadata/2012-03-01/ HTTP/1.1 --> 200 OK (referrer: -; agent: Python-urllib/3.5)
May 21 02:25:02 mas01 sh[15728]: 2018-05-21 02:25:02 regiond: [info] 192.168.11.15 POST /MAAS/metadata/2012-03-01/ HTTP/1.1 --> 200 OK (referrer: -; agent: Python-urllib/3.5)
May 21 02:25:02 mas01 sh[15720]: 2018-05-21 02:25:02 regiond: [info] 192.168.11.12 POST /MAAS/metadata/2012-03-01/ HTTP/1.1 --> 200 OK (referrer: -; agent: Python-urllib/3.5)
May 21 02:25:02 mas01 sh[15724]: 2018-05-21 02:25:02 regiond: [info] 192.168.11.8 POST /MAAS/metadata/2012-03-01/ HTTP/1.1 --> 200 OK (referrer: -; agent: Python-urllib/3.5)
May 21 02:25:02 mas01 sh[15728]: 2018-05-21 02:25:02 regiond: [info] 192.168.11.15 POST /MAAS/metadata/2012-03-01/ HTTP/1.1 --> 200 OK (referrer: -; agent: Python-urllib/3.5)
May 21 02:25:02 mas01 sh[15728]: 2018-05-21 02:25:02 regiond: [info] 192.168.11.12 POST /MAAS/metadata/2012-03-01/ HTTP/1.1 --> 200 OK (referrer: -; agent: Python-urllib/3.5)
May 21 02:25:02 mas01 sh[15728]: 2018-05-21 02:25:02 regiond: [info] 192.168.11.8 POST /MAAS/metadata/2012-03-01/ HTTP/1.1 --> 200 OK (referrer: -; agent: Python-urllib/3.5)
May 21 02:25:02 mas01 sh[16280]: 2018-05-21 02:25:02 regiond: [info] 192.168.11.15 POST /MAAS/metadata/2012-03-01/ HTTP/1.1 --> 200 OK (referrer: -; agent: Python-urllib/3.5)
May 21 02:25:02 mas01 sh[16280]: 2018-05-21 02:25:02 regiond: [info] 192.168.11.12 POST /MAAS/metadata/2012-03-01/ HTTP/1.1 --> 200 OK (referrer: -; agent: Python-urllib/3.5)
May 21 02:25:02 mas01 sh[15720]: 2018-05-21 02:25:02 regiond: [info] 192.168.11.15 POST /MAAS/metadata/2012-03-01/ HTTP/1.1 --> 200 OK (referrer: -; agent: Python-urllib/3.5)
May 21 02:25:02 mas01 sh[15720]: 2018-05-21 02:25:02 regiond: [info] 192.168.11.8 POST /MAAS/metadata/2012-03-01/ HTTP/1.1 --> 200 OK (referrer: -; agent: Python-urllib/3.5)
May 21 02:25:08 mas01 sh[15724]: 2018-05-21 02:25:08 regiond: [info] 127.0.0.1 GET /MAAS/rpc/ HTTP/1.0 --> 200 OK (referrer: -; agent: provisioningserver.rpc.clusterservice.ClusterClientService)
May 21 02:25:09 mas01 salt-minion[1329]: [INFO    ] User sudo_ubuntu Executing command state.apply with jid 20180521022509147260
May 21 02:25:09 mas01 salt-minion[1329]: [INFO    ] Starting a new job with PID 18611
May 21 02:25:10 mas01 salt-minion[1329]: [INFO    ] Loading fresh modules for state activity
May 21 02:25:10 mas01 salt-minion[1329]: [INFO    ] Running state [maas-region apikey --username opnfv > /var/lib/maas/.maas_credentials] at time 02:25:10.851333
May 21 02:25:10 mas01 salt-minion[1329]: [INFO    ] Executing state cmd.run for maas-region apikey --username opnfv > /var/lib/maas/.maas_credentials
May 21 02:25:10 mas01 salt-minion[1329]: [INFO    ] Executing command 'maas-region apikey --username opnfv > /var/lib/maas/.maas_credentials' in directory '/root'
May 21 02:25:11 mas01 sh[15728]: 2018-05-21 02:25:11 regiond: [info] 192.168.11.12 POST /MAAS/metadata/2012-03-01/ HTTP/1.1 --> 200 OK (referrer: -; agent: Python-urllib/3.5)
May 21 02:25:11 mas01 sh[16280]: 2018-05-21 02:25:11 regiond: [info] 192.168.11.15 POST /MAAS/metadata/2012-03-01/ HTTP/1.1 --> 200 OK (referrer: -; agent: Python-urllib/3.5)
May 21 02:25:11 mas01 sh[16280]: 2018-05-21 02:25:11 regiond: [info] 192.168.11.8 POST /MAAS/metadata/2012-03-01/ HTTP/1.1 --> 200 OK (referrer: -; agent: Python-urllib/3.5)
May 21 02:25:11 mas01 sh[15728]: 2018-05-21 02:25:11 regiond: [info] 192.168.11.15 POST /MAAS/metadata/2012-03-01/ HTTP/1.1 --> 200 OK (referrer: -; agent: Python-urllib/3.5)
May 21 02:25:11 mas01 sh[16280]: 2018-05-21 02:25:11 regiond: [info] 192.168.11.12 POST /MAAS/metadata/2012-03-01/ HTTP/1.1 --> 200 OK (referrer: -; agent: Python-urllib/3.5)
May 21 02:25:12 mas01 sh[15724]: 2018-05-21 02:25:12 regiond: [info] 192.168.11.8 POST /MAAS/metadata/2012-03-01/ HTTP/1.1 --> 200 OK (referrer: -; agent: Python-urllib/3.5)
May 21 02:25:12 mas01 sh[15720]: 2018-05-21 02:25:12 regiond: [info] 192.168.11.8 POST /MAAS/metadata/2012-03-01/ HTTP/1.1 --> 200 OK (referrer: -; agent: Python-urllib/3.5)
May 21 02:25:12 mas01 sh[16280]: 2018-05-21 02:25:12 regiond: [info] 192.168.11.12 POST /MAAS/metadata/2012-03-01/ HTTP/1.1 --> 200 OK (referrer: -; agent: Python-urllib/3.5)
May 21 02:25:12 mas01 sh[15728]: 2018-05-21 02:25:12 regiond: [info] 192.168.11.15 POST /MAAS/metadata/2012-03-01/ HTTP/1.1 --> 200 OK (referrer: -; agent: Python-urllib/3.5)
May 21 02:25:12 mas01 sh[15720]: 2018-05-21 02:25:12 regiond: [info] 192.168.11.12 POST /MAAS/metadata/2012-03-01/ HTTP/1.1 --> 200 OK (referrer: -; agent: Python-urllib/3.5)
May 21 02:25:12 mas01 sh[15724]: 2018-05-21 02:25:12 regiond: [info] 192.168.11.8 POST /MAAS/metadata/2012-03-01/ HTTP/1.1 --> 200 OK (referrer: -; agent: Python-urllib/3.5)
May 21 02:25:12 mas01 sh[16280]: 2018-05-21 02:25:12 regiond: [info] 192.168.11.15 POST /MAAS/metadata/2012-03-01/ HTTP/1.1 --> 200 OK (referrer: -; agent: Python-urllib/3.5)
May 21 02:25:12 mas01 sh[15724]: 2018-05-21 02:25:12 regiond: [info] 192.168.11.8 POST /MAAS/metadata/2012-03-01/ HTTP/1.1 --> 200 OK (referrer: -; agent: Python-urllib/3.5)
May 21 02:25:12 mas01 sh[15724]: 2018-05-21 02:25:12 regiond: [info] 192.168.11.12 POST /MAAS/metadata/2012-03-01/ HTTP/1.1 --> 200 OK (referrer: -; agent: Python-urllib/3.5)
May 21 02:25:12 mas01 salt-minion[1329]: [INFO    ] {'pid': 18618, 'retcode': 0, 'stderr': '', 'stdout': ''}
May 21 02:25:12 mas01 sh[15724]: 2018-05-21 02:25:12 regiond: [info] 192.168.11.15 POST /MAAS/metadata/2012-03-01/ HTTP/1.1 --> 200 OK (referrer: -; agent: Python-urllib/3.5)
May 21 02:25:12 mas01 salt-minion[1329]: [INFO    ] Completed state [maas-region apikey --username opnfv > /var/lib/maas/.maas_credentials] at time 02:25:12.394769 duration_in_ms=1543.437
May 21 02:25:12 mas01 salt-minion[1329]: [INFO    ] Running state [maas.machines_status] at time 02:25:12.396687
May 21 02:25:12 mas01 salt-minion[1329]: [INFO    ] Executing state module.run for maas.machines_status
May 21 02:25:12 mas01 sh[15720]: 2018-05-21 02:25:12 regiond: [info] 192.168.11.8 POST /MAAS/metadata/2012-03-01/ HTTP/1.1 --> 200 OK (referrer: -; agent: Python-urllib/3.5)
May 21 02:25:12 mas01 sh[15724]: 2018-05-21 02:25:12 regiond: [info] 192.168.11.12 POST /MAAS/metadata/2012-03-01/ HTTP/1.1 --> 200 OK (referrer: -; agent: Python-urllib/3.5)
May 21 02:25:12 mas01 sh[15724]: 2018-05-21 02:25:12 regiond: [info] 192.168.11.15 POST /MAAS/metadata/2012-03-01/ HTTP/1.1 --> 200 OK (referrer: -; agent: Python-urllib/3.5)
May 21 02:25:12 mas01 salt-minion[1329]: [INFO    ] {'ret': {'machines': [{'status': 'Commissioning', 'hostname': u'cmp002', 'system_id': u'skx6t3'}, {'status': 'Commissioning', 'hostname': u'cmp001', 'system_id': u'bsb4pf'}, {'status': 'Commissioning', 'hostname': u'kvm01', 'system_id': u'nt4ngq'}, {'status': 'Commissioning', 'hostname': u'kvm03', 'system_id': u'mrhbfp'}, {'status': 'Commissioning', 'hostname': u'kvm02', 'system_id': u'f4pnan'}], 'summary': Counter({'Commissioning': 5})}}
May 21 02:25:12 mas01 salt-minion[1329]: [INFO    ] Completed state [maas.machines_status] at time 02:25:12.661567 duration_in_ms=264.88
May 21 02:25:12 mas01 salt-minion[1329]: [INFO    ] Returning information for job: 20180521022509147260
May 21 02:25:23 mas01 salt-minion[1329]: [INFO    ] User sudo_ubuntu Executing command state.apply with jid 20180521022523324374
May 21 02:25:23 mas01 salt-minion[1329]: [INFO    ] Starting a new job with PID 18952
May 21 02:25:23 mas01 salt-minion[1329]: [INFO    ] Loading fresh modules for state activity
May 21 02:25:23 mas01 salt-minion[1329]: [INFO    ] Running state [maas-region apikey --username opnfv > /var/lib/maas/.maas_credentials] at time 02:25:23.926894
May 21 02:25:23 mas01 salt-minion[1329]: [INFO    ] Executing state cmd.run for maas-region apikey --username opnfv > /var/lib/maas/.maas_credentials
May 21 02:25:23 mas01 salt-minion[1329]: [INFO    ] Executing command 'maas-region apikey --username opnfv > /var/lib/maas/.maas_credentials' in directory '/root'
May 21 02:25:25 mas01 salt-minion[1329]: [INFO    ] {'pid': 18960, 'retcode': 0, 'stderr': '', 'stdout': ''}
May 21 02:25:25 mas01 salt-minion[1329]: [INFO    ] Completed state [maas-region apikey --username opnfv > /var/lib/maas/.maas_credentials] at time 02:25:25.390466 duration_in_ms=1463.572
May 21 02:25:25 mas01 salt-minion[1329]: [INFO    ] Running state [maas.machines_status] at time 02:25:25.393243
May 21 02:25:25 mas01 salt-minion[1329]: [INFO    ] Executing state module.run for maas.machines_status
May 21 02:25:25 mas01 sh[15728]: 2018-05-21 02:25:25 regiond: [info] 127.0.0.1 GET /MAAS/api/2.0/machines/ HTTP/1.1 --> 200 OK (referrer: -; agent: Python-urllib/2.7)
May 21 02:25:25 mas01 salt-minion[1329]: [INFO    ] {'ret': {'machines': [{'status': 'Commissioning', 'hostname': u'cmp002', 'system_id': u'skx6t3'}, {'status': 'Commissioning', 'hostname': u'cmp001', 'system_id': u'bsb4pf'}, {'status': 'Commissioning', 'hostname': u'kvm01', 'system_id': u'nt4ngq'}, {'status': 'Commissioning', 'hostname': u'kvm03', 'system_id': u'mrhbfp'}, {'status': 'Commissioning', 'hostname': u'kvm02', 'system_id': u'f4pnan'}], 'summary': Counter({'Commissioning': 5})}}
May 21 02:25:25 mas01 salt-minion[1329]: [INFO    ] Completed state [maas.machines_status] at time 02:25:25.895178 duration_in_ms=501.934
May 21 02:25:25 mas01 salt-minion[1329]: [INFO    ] Returning information for job: 20180521022523324374
May 21 02:25:32 mas01 systemd[1]: Starting Cleanup of Temporary Directories...
May 21 02:25:32 mas01 systemd-tmpfiles[18971]: [/usr/lib/tmpfiles.d/var.conf:14] Duplicate line for path "/var/log", ignoring.
May 21 02:25:32 mas01 systemd[1]: Started Cleanup of Temporary Directories.
May 21 02:25:36 mas01 salt-minion[1329]: [INFO    ] User sudo_ubuntu Executing command state.apply with jid 20180521022536540674
May 21 02:25:36 mas01 salt-minion[1329]: [INFO    ] Starting a new job with PID 18988
May 21 02:25:38 mas01 salt-minion[1329]: [INFO    ] Loading fresh modules for state activity
May 21 02:25:38 mas01 salt-minion[1329]: [INFO    ] Running state [maas-region apikey --username opnfv > /var/lib/maas/.maas_credentials] at time 02:25:38.335049
May 21 02:25:38 mas01 salt-minion[1329]: [INFO    ] Executing state cmd.run for maas-region apikey --username opnfv > /var/lib/maas/.maas_credentials
May 21 02:25:38 mas01 salt-minion[1329]: [INFO    ] Executing command 'maas-region apikey --username opnfv > /var/lib/maas/.maas_credentials' in directory '/root'
May 21 02:25:38 mas01 sh[15728]: 2018-05-21 02:25:38 regiond: [info] 127.0.0.1 GET /MAAS/rpc/ HTTP/1.0 --> 200 OK (referrer: -; agent: provisioningserver.rpc.clusterservice.ClusterClientService)
May 21 02:25:39 mas01 sh[15728]: 2018-05-21 02:25:39 regiond: [info] 192.168.11.13 POST /MAAS/metadata/2012-03-01/ HTTP/1.1 --> 200 OK (referrer: -; agent: Python-urllib/3.5)
May 21 02:25:39 mas01 sh[15724]: 2018-05-21 02:25:39 regiond: [info] 192.168.11.13 POST /MAAS/metadata/2012-03-01/ HTTP/1.1 --> 200 OK (referrer: -; agent: Python-urllib/3.5)
May 21 02:25:39 mas01 sh[15724]: 2018-05-21 02:25:39 regiond: [info] 192.168.11.14 POST /MAAS/metadata/2012-03-01/ HTTP/1.1 --> 200 OK (referrer: -; agent: Python-urllib/3.5)
May 21 02:25:39 mas01 sh[15728]: 2018-05-21 02:25:39 regiond: [info] 192.168.11.14 POST /MAAS/metadata/2012-03-01/ HTTP/1.1 --> 200 OK (referrer: -; agent: Python-urllib/3.5)
May 21 02:25:39 mas01 salt-minion[1329]: [INFO    ] {'pid': 18995, 'retcode': 0, 'stderr': '', 'stdout': ''}
May 21 02:25:39 mas01 salt-minion[1329]: [INFO    ] Completed state [maas-region apikey --username opnfv > /var/lib/maas/.maas_credentials] at time 02:25:39.977898 duration_in_ms=1642.85
May 21 02:25:39 mas01 salt-minion[1329]: [INFO    ] Running state [maas.machines_status] at time 02:25:39.979081
May 21 02:25:39 mas01 salt-minion[1329]: [INFO    ] Executing state module.run for maas.machines_status
May 21 02:25:40 mas01 sh[16280]: 2018-05-21 02:25:40 regiond: [info] 192.168.11.13 POST /MAAS/metadata/2012-03-01/ HTTP/1.1 --> 200 OK (referrer: -; agent: Python-urllib/3.5)
May 21 02:25:40 mas01 sh[15728]: 2018-05-21 02:25:40 regiond: [info] 192.168.11.13 POST /MAAS/metadata/2012-03-01/ HTTP/1.1 --> 200 OK (referrer: -; agent: Python-urllib/3.5)
May 21 02:25:40 mas01 salt-minion[1329]: [INFO    ] {'ret': {'machines': [{'status': 'Commissioning', 'hostname': u'cmp002', 'system_id': u'skx6t3'}, {'status': 'Commissioning', 'hostname': u'cmp001', 'system_id': u'bsb4pf'}, {'status': 'Commissioning', 'hostname': u'kvm01', 'system_id': u'nt4ngq'}, {'status': 'Commissioning', 'hostname': u'kvm03', 'system_id': u'mrhbfp'}, {'status': 'Commissioning', 'hostname': u'kvm02', 'system_id': u'f4pnan'}], 'summary': Counter({'Commissioning': 5})}}
May 21 02:25:40 mas01 salt-minion[1329]: [INFO    ] Completed state [maas.machines_status] at time 02:25:40.304764 duration_in_ms=325.682
May 21 02:25:40 mas01 salt-minion[1329]: [INFO    ] Returning information for job: 20180521022536540674
May 21 02:25:40 mas01 sh[15724]: 2018-05-21 02:25:40 regiond: [info] 192.168.11.14 POST /MAAS/metadata/2012-03-01/ HTTP/1.1 --> 200 OK (referrer: -; agent: Python-urllib/3.5)
May 21 02:25:40 mas01 sh[16280]: 2018-05-21 02:25:40 regiond: [info] 192.168.11.13 POST /MAAS/metadata/2012-03-01/ HTTP/1.1 --> 200 OK (referrer: -; agent: Python-urllib/3.5)
May 21 02:25:40 mas01 sh[16280]: 2018-05-21 02:25:40 regiond: [info] 192.168.11.14 POST /MAAS/metadata/2012-03-01/ HTTP/1.1 --> 200 OK (referrer: -; agent: Python-urllib/3.5)
May 21 02:25:40 mas01 named[15642]: received control channel command 'reload'
May 21 02:25:40 mas01 named[15642]: loading configuration from '/etc/bind/named.conf'
May 21 02:25:40 mas01 named[15642]: reading built-in trusted keys from file '/etc/bind/bind.keys'
May 21 02:25:40 mas01 named[15642]: initializing GeoIP Country (IPv4) (type 1) DB
May 21 02:25:40 mas01 named[15642]: GEO-106FREE 20160408 Bu
May 21 02:25:40 mas01 named[15642]: initializing GeoIP Country (IPv6) (type 12) DB
May 21 02:25:40 mas01 named[15642]: GEO-106FREE 20160408 Bu
May 21 02:25:40 mas01 named[15642]: GeoIP City (IPv4) (type 2) DB not available
May 21 02:25:40 mas01 named[15642]: GeoIP City (IPv4) (type 6) DB not available
May 21 02:25:40 mas01 named[15642]: GeoIP City (IPv6) (type 30) DB not available
May 21 02:25:40 mas01 named[15642]: GeoIP City (IPv6) (type 31) DB not available
May 21 02:25:40 mas01 named[15642]: GeoIP Region (type 3) DB not available
May 21 02:25:40 mas01 named[15642]: GeoIP Region (type 7) DB not available
May 21 02:25:40 mas01 named[15642]: GeoIP ISP (type 4) DB not available
May 21 02:25:40 mas01 named[15642]: GeoIP Org (type 5) DB not available
May 21 02:25:40 mas01 named[15642]: GeoIP AS (type 9) DB not available
May 21 02:25:40 mas01 named[15642]: GeoIP Domain (type 11) DB not available
May 21 02:25:40 mas01 named[15642]: GeoIP NetSpeed (type 10) DB not available
May 21 02:25:40 mas01 named[15642]: using default UDP/IPv4 port range: [32768, 60999]
May 21 02:25:40 mas01 named[15642]: using default UDP/IPv6 port range: [32768, 60999]
May 21 02:25:40 mas01 named[15642]: sizing zone task pool based on 9 zones
May 21 02:25:40 mas01 named[15642]: automatic empty zone: 10.IN-ADDR.ARPA
May 21 02:25:40 mas01 named[15642]: automatic empty zone: 16.172.IN-ADDR.ARPA
May 21 02:25:40 mas01 named[15642]: automatic empty zone: 17.172.IN-ADDR.ARPA
May 21 02:25:40 mas01 named[15642]: automatic empty zone: 18.172.IN-ADDR.ARPA
May 21 02:25:40 mas01 named[15642]: automatic empty zone: 19.172.IN-ADDR.ARPA
May 21 02:25:40 mas01 named[15642]: automatic empty zone: 20.172.IN-ADDR.ARPA
May 21 02:25:40 mas01 named[15642]: automatic empty zone: 21.172.IN-ADDR.ARPA
May 21 02:25:40 mas01 named[15642]: automatic empty zone: 22.172.IN-ADDR.ARPA
May 21 02:25:40 mas01 named[15642]: automatic empty zone: 23.172.IN-ADDR.ARPA
May 21 02:25:40 mas01 named[15642]: automatic empty zone: 24.172.IN-ADDR.ARPA
May 21 02:25:40 mas01 named[15642]: automatic empty zone: 25.172.IN-ADDR.ARPA
May 21 02:25:40 mas01 named[15642]: automatic empty zone: 26.172.IN-ADDR.ARPA
May 21 02:25:40 mas01 named[15642]: automatic empty zone: 27.172.IN-ADDR.ARPA
May 21 02:25:40 mas01 named[15642]: automatic empty zone: 28.172.IN-ADDR.ARPA
May 21 02:25:40 mas01 named[15642]: automatic empty zone: 29.172.IN-ADDR.ARPA
May 21 02:25:40 mas01 named[15642]: automatic empty zone: 30.172.IN-ADDR.ARPA
May 21 02:25:40 mas01 named[15642]: automatic empty zone: 31.172.IN-ADDR.ARPA
May 21 02:25:40 mas01 named[15642]: automatic empty zone: 168.192.IN-ADDR.ARPA
May 21 02:25:40 mas01 named[15642]: automatic empty zone: 64.100.IN-ADDR.ARPA
May 21 02:25:40 mas01 named[15642]: automatic empty zone: 65.100.IN-ADDR.ARPA
May 21 02:25:40 mas01 named[15642]: automatic empty zone: 66.100.IN-ADDR.ARPA
May 21 02:25:40 mas01 named[15642]: automatic empty zone: 67.100.IN-ADDR.ARPA
May 21 02:25:40 mas01 named[15642]: automatic empty zone: 68.100.IN-ADDR.ARPA
May 21 02:25:40 mas01 named[15642]: automatic empty zone: 69.100.IN-ADDR.ARPA
May 21 02:25:40 mas01 named[15642]: automatic empty zone: 70.100.IN-ADDR.ARPA
May 21 02:25:40 mas01 named[15642]: automatic empty zone: 71.100.IN-ADDR.ARPA
May 21 02:25:40 mas01 named[15642]: automatic empty zone: 72.100.IN-ADDR.ARPA
May 21 02:25:40 mas01 named[15642]: automatic empty zone: 73.100.IN-ADDR.ARPA
May 21 02:25:40 mas01 named[15642]: automatic empty zone: 74.100.IN-ADDR.ARPA
May 21 02:25:40 mas01 named[15642]: automatic empty zone: 75.100.IN-ADDR.ARPA
May 21 02:25:40 mas01 named[15642]: automatic empty zone: 76.100.IN-ADDR.ARPA
May 21 02:25:40 mas01 named[15642]: automatic empty zone: 77.100.IN-ADDR.ARPA
May 21 02:25:40 mas01 named[15642]: automatic empty zone: 78.100.IN-ADDR.ARPA
May 21 02:25:40 mas01 named[15642]: automatic empty zone: 79.100.IN-ADDR.ARPA
May 21 02:25:40 mas01 named[15642]: automatic empty zone: 80.100.IN-ADDR.ARPA
May 21 02:25:40 mas01 named[15642]: automatic empty zone: 81.100.IN-ADDR.ARPA
May 21 02:25:40 mas01 named[15642]: automatic empty zone: 82.100.IN-ADDR.ARPA
May 21 02:25:40 mas01 named[15642]: automatic empty zone: 83.100.IN-ADDR.ARPA
