May 19 02:28:59 mas01 sh[27439]: 2018-05-19 02:28:59 regiond: [info] 192.168.11.13 POST /MAAS/metadata/status/73ka7n HTTP/1.1 --> 204 NO_CONTENT (referrer: -; agent: python-requests/2.9.1)
May 19 02:29:04 mas01 salt-minion[1328]: [INFO    ] User sudo_ubuntu Executing command state.apply with jid 20180519022904520580
May 19 02:29:04 mas01 salt-minion[1328]: [INFO    ] Starting a new job with PID 29887
May 19 02:29:04 mas01 salt-minion[1328]: [INFO    ] Loading fresh modules for state activity
May 19 02:29:05 mas01 salt-minion[1328]: [INFO    ] Running state [maas-region apikey --username opnfv > /var/lib/maas/.maas_credentials] at time 02:29:05.083850
May 19 02:29:05 mas01 salt-minion[1328]: [INFO    ] Executing state cmd.run for maas-region apikey --username opnfv > /var/lib/maas/.maas_credentials
May 19 02:29:05 mas01 salt-minion[1328]: [INFO    ] Executing command 'maas-region apikey --username opnfv > /var/lib/maas/.maas_credentials' in directory '/root'
May 19 02:29:05 mas01 dhcpd[29298]: DHCPDISCOVER from 00:25:b5:a0:00:6a via ens5
May 19 02:29:05 mas01 dhcpd[29298]: DHCPOFFER on 192.168.11.15 to 00:25:b5:a0:00:6a (cmp002) via ens5
May 19 02:29:05 mas01 dhcpd[29298]: execute_statement argv[0] = /usr/sbin/maas-dhcp-helper
May 19 02:29:05 mas01 dhcpd[29298]: execute_statement argv[1] = notify
May 19 02:29:05 mas01 dhcpd[29298]: execute_statement argv[2] = --action
May 19 02:29:05 mas01 dhcpd[29298]: execute_statement argv[3] = commit
May 19 02:29:05 mas01 dhcpd[29298]: execute_statement argv[4] = --mac
May 19 02:29:05 mas01 dhcpd[29298]: execute_statement argv[5] = 0:25:b5:a0:0:6a
May 19 02:29:05 mas01 dhcpd[29298]: execute_statement argv[6] = --ip-family
May 19 02:29:05 mas01 dhcpd[29298]: execute_statement argv[7] = ipv4
May 19 02:29:05 mas01 dhcpd[29298]: execute_statement argv[8] = --ip
May 19 02:29:05 mas01 dhcpd[29298]: execute_statement argv[9] = 192.168.11.15
May 19 02:29:05 mas01 dhcpd[29298]: execute_statement argv[10] = --lease-time
May 19 02:29:05 mas01 dhcpd[29298]: execute_statement argv[11] = 600
May 19 02:29:05 mas01 dhcpd[29298]: execute_statement argv[12] = --hostname
May 19 02:29:05 mas01 dhcpd[29298]: execute_statement argv[13] = cmp002
May 19 02:29:05 mas01 dhcpd[29298]: execute_statement argv[14] = --socket
May 19 02:29:05 mas01 dhcpd[29298]: execute_statement argv[15] = /var/lib/maas/dhcpd.sock
May 19 02:29:05 mas01 sh[27444]: 2018-05-19 02:29:05 maasserver.rpc.leases: [info] Lease update: commit for 192.168.11.15 on 0:25:b5:a0:0:6a at 2018-05-19 02:29:05 (lease time: 600s) (hostname: cmp002)
May 19 02:29:05 mas01 dhcpd[29298]: DHCPREQUEST for 192.168.11.15 (192.168.11.3) from 00:25:b5:a0:00:6a (cmp002) via ens5
May 19 02:29:05 mas01 dhcpd[29298]: DHCPACK on 192.168.11.15 to 00:25:b5:a0:00:6a (cmp002) via ens5
May 19 02:29:05 mas01 dhcpd[29298]: DHCPDISCOVER from 00:25:b5:a0:00:3a via ens5
May 19 02:29:05 mas01 dhcpd[29298]: DHCPOFFER on 192.168.11.10 to 00:25:b5:a0:00:3a (kvm02) via ens5
May 19 02:29:05 mas01 dhcpd[29298]: DHCPDISCOVER from 00:25:b5:a0:00:4a via ens5
May 19 02:29:05 mas01 dhcpd[29298]: DHCPOFFER on 192.168.11.7 to 00:25:b5:a0:00:4a (kvm03) via ens5
May 19 02:29:05 mas01 dhcpd[29298]: DHCPDISCOVER from 00:25:b5:a0:00:5a (cmp001) via ens5
May 19 02:29:05 mas01 dhcpd[29298]: DHCPOFFER on 192.168.11.6 to 00:25:b5:a0:00:5a (cmp001) via ens5
May 19 02:29:05 mas01 dhcpd[29298]: DHCPDISCOVER from 00:25:b5:a0:00:5a (cmp001) via ens5
May 19 02:29:05 mas01 dhcpd[29298]: DHCPOFFER on 192.168.11.6 to 00:25:b5:a0:00:5a (cmp001) via ens5
May 19 02:29:05 mas01 dhcpd[29298]: execute_statement argv[0] = /usr/sbin/maas-dhcp-helper
May 19 02:29:05 mas01 dhcpd[29298]: execute_statement argv[1] = notify
May 19 02:29:05 mas01 dhcpd[29298]: execute_statement argv[2] = --action
May 19 02:29:05 mas01 dhcpd[29298]: execute_statement argv[3] = commit
May 19 02:29:05 mas01 dhcpd[29298]: execute_statement argv[4] = --mac
May 19 02:29:05 mas01 dhcpd[29298]: execute_statement argv[5] = 0:25:b5:a0:0:3a
May 19 02:29:05 mas01 dhcpd[29298]: execute_statement argv[6] = --ip-family
May 19 02:29:05 mas01 dhcpd[29298]: execute_statement argv[7] = ipv4
May 19 02:29:05 mas01 dhcpd[29298]: execute_statement argv[8] = --ip
May 19 02:29:05 mas01 dhcpd[29298]: execute_statement argv[9] = 192.168.11.10
May 19 02:29:05 mas01 dhcpd[29298]: execute_statement argv[10] = --lease-time
May 19 02:29:05 mas01 dhcpd[29298]: execute_statement argv[11] = 600
May 19 02:29:05 mas01 dhcpd[29298]: execute_statement argv[12] = --hostname
May 19 02:29:05 mas01 dhcpd[29298]: execute_statement argv[13] = kvm02
May 19 02:29:05 mas01 dhcpd[29298]: execute_statement argv[14] = --socket
May 19 02:29:05 mas01 dhcpd[29298]: execute_statement argv[15] = /var/lib/maas/dhcpd.sock
May 19 02:29:05 mas01 dhcpd[29298]: DHCPREQUEST for 192.168.11.10 (192.168.11.3) from 00:25:b5:a0:00:3a (kvm02) via ens5
May 19 02:29:05 mas01 dhcpd[29298]: DHCPACK on 192.168.11.10 to 00:25:b5:a0:00:3a (kvm02) via ens5
May 19 02:29:05 mas01 dhcpd[29298]: execute_statement argv[0] = /usr/sbin/maas-dhcp-helper
May 19 02:29:05 mas01 dhcpd[29298]: execute_statement argv[1] = notify
May 19 02:29:05 mas01 dhcpd[29298]: execute_statement argv[2] = --action
May 19 02:29:05 mas01 dhcpd[29298]: execute_statement argv[3] = commit
May 19 02:29:05 mas01 dhcpd[29298]: execute_statement argv[4] = --mac
May 19 02:29:05 mas01 dhcpd[29298]: execute_statement argv[5] = 0:25:b5:a0:0:4a
May 19 02:29:05 mas01 dhcpd[29298]: execute_statement argv[6] = --ip-family
May 19 02:29:05 mas01 dhcpd[29298]: execute_statement argv[7] = ipv4
May 19 02:29:05 mas01 dhcpd[29298]: execute_statement argv[8] = --ip
May 19 02:29:05 mas01 dhcpd[29298]: execute_statement argv[9] = 192.168.11.7
May 19 02:29:05 mas01 dhcpd[29298]: execute_statement argv[10] = --lease-time
May 19 02:29:05 mas01 dhcpd[29298]: execute_statement argv[11] = 600
May 19 02:29:05 mas01 dhcpd[29298]: execute_statement argv[12] = --hostname
May 19 02:29:05 mas01 dhcpd[29298]: execute_statement argv[13] = kvm03
May 19 02:29:05 mas01 dhcpd[29298]: execute_statement argv[14] = --socket
May 19 02:29:05 mas01 dhcpd[29298]: execute_statement argv[15] = /var/lib/maas/dhcpd.sock
May 19 02:29:05 mas01 sh[27444]: 2018-05-19 02:29:05 maasserver.rpc.leases: [info] Lease update: commit for 192.168.11.10 on 0:25:b5:a0:0:3a at 2018-05-19 02:29:05 (lease time: 600s) (hostname: kvm02)
May 19 02:29:05 mas01 dhcpd[29298]: DHCPREQUEST for 192.168.11.7 (192.168.11.3) from 00:25:b5:a0:00:4a (kvm03) via ens5
May 19 02:29:05 mas01 dhcpd[29298]: DHCPACK on 192.168.11.7 to 00:25:b5:a0:00:4a (kvm03) via ens5
May 19 02:29:05 mas01 dhcpd[29298]: execute_statement argv[0] = /usr/sbin/maas-dhcp-helper
May 19 02:29:05 mas01 dhcpd[29298]: execute_statement argv[1] = notify
May 19 02:29:05 mas01 dhcpd[29298]: execute_statement argv[2] = --action
May 19 02:29:05 mas01 dhcpd[29298]: execute_statement argv[3] = commit
May 19 02:29:05 mas01 dhcpd[29298]: execute_statement argv[4] = --mac
May 19 02:29:05 mas01 dhcpd[29298]: execute_statement argv[5] = 0:25:b5:a0:0:5a
May 19 02:29:05 mas01 dhcpd[29298]: execute_statement argv[6] = --ip-family
May 19 02:29:05 mas01 dhcpd[29298]: execute_statement argv[7] = ipv4
May 19 02:29:05 mas01 dhcpd[29298]: execute_statement argv[8] = --ip
May 19 02:29:05 mas01 dhcpd[29298]: execute_statement argv[9] = 192.168.11.6
May 19 02:29:05 mas01 dhcpd[29298]: execute_statement argv[10] = --lease-time
May 19 02:29:05 mas01 dhcpd[29298]: execute_statement argv[11] = 600
May 19 02:29:05 mas01 dhcpd[29298]: execute_statement argv[12] = --hostname
May 19 02:29:05 mas01 dhcpd[29298]: execute_statement argv[13] = cmp001
May 19 02:29:05 mas01 dhcpd[29298]: execute_statement argv[14] = --socket
May 19 02:29:05 mas01 dhcpd[29298]: execute_statement argv[15] = /var/lib/maas/dhcpd.sock
May 19 02:29:05 mas01 sh[27961]: 2018-05-19 02:29:05 maasserver.rpc.leases: [info] Lease update: commit for 192.168.11.7 on 0:25:b5:a0:0:4a at 2018-05-19 02:29:05 (lease time: 600s) (hostname: kvm03)
May 19 02:29:05 mas01 dhcpd[29298]: DHCPREQUEST for 192.168.11.6 (192.168.11.3) from 00:25:b5:a0:00:5a (cmp001) via ens5
May 19 02:29:05 mas01 dhcpd[29298]: DHCPACK on 192.168.11.6 to 00:25:b5:a0:00:5a (cmp001) via ens5
May 19 02:29:05 mas01 dhcpd[29298]: execute_statement argv[0] = /usr/sbin/maas-dhcp-helper
May 19 02:29:05 mas01 dhcpd[29298]: execute_statement argv[1] = notify
May 19 02:29:05 mas01 dhcpd[29298]: execute_statement argv[2] = --action
May 19 02:29:05 mas01 dhcpd[29298]: execute_statement argv[3] = commit
May 19 02:29:05 mas01 dhcpd[29298]: execute_statement argv[4] = --mac
May 19 02:29:05 mas01 dhcpd[29298]: execute_statement argv[5] = 0:25:b5:a0:0:4a
May 19 02:29:05 mas01 dhcpd[29298]: execute_statement argv[6] = --ip-family
May 19 02:29:05 mas01 dhcpd[29298]: execute_statement argv[7] = ipv4
May 19 02:29:05 mas01 dhcpd[29298]: execute_statement argv[8] = --ip
May 19 02:29:05 mas01 dhcpd[29298]: execute_statement argv[9] = 192.168.11.7
May 19 02:29:05 mas01 dhcpd[29298]: execute_statement argv[10] = --lease-time
May 19 02:29:05 mas01 dhcpd[29298]: execute_statement argv[11] = 600
May 19 02:29:05 mas01 dhcpd[29298]: execute_statement argv[12] = --hostname
May 19 02:29:05 mas01 dhcpd[29298]: execute_statement argv[13] = kvm03
May 19 02:29:05 mas01 dhcpd[29298]: execute_statement argv[14] = --socket
May 19 02:29:05 mas01 dhcpd[29298]: execute_statement argv[15] = /var/lib/maas/dhcpd.sock
May 19 02:29:05 mas01 dhcpd[29298]: reuse_lease: lease age 0 (secs) under 25% threshold, reply with unaltered, existing lease
May 19 02:29:05 mas01 dhcpd[29298]: DHCPREQUEST for 192.168.11.7 (192.168.11.3) from 00:25:b5:a0:00:4a (kvm03) via ens5
May 19 02:29:05 mas01 dhcpd[29298]: DHCPACK on 192.168.11.7 to 00:25:b5:a0:00:4a via ens5
May 19 02:29:05 mas01 sh[27439]: 2018-05-19 02:29:05 regiond: [info] 192.168.11.13 POST /MAAS/metadata/2012-03-01/ HTTP/1.1 --> 200 OK (referrer: -; agent: Python-urllib/3.5)
May 19 02:29:06 mas01 sh[27961]: 2018-05-19 02:29:06 regiond: [info] 192.168.11.13 GET /MAAS/metadata/2012-03-01/maas-scripts/ HTTP/1.1 --> 200 OK (referrer: -; agent: Python-urllib/3.5)
May 19 02:29:06 mas01 sh[27961]: 2018-05-19 02:29:06 maasserver.rpc.leases: [info] Lease update: commit for 192.168.11.6 on 0:25:b5:a0:0:5a at 2018-05-19 02:29:05 (lease time: 600s) (hostname: cmp001)
May 19 02:29:06 mas01 sh[27444]: 2018-05-19 02:29:06 regiond: [info] 192.168.11.13 POST /MAAS/metadata/2012-03-01/ HTTP/1.1 --> 200 OK (referrer: -; agent: Python-urllib/3.5)
May 19 02:29:06 mas01 sh[27961]: 2018-05-19 02:29:06 maasserver.models.dnsresource: [info] Deleted dynamic hostname 'cmp001.mcp-pike-odl-ha.local' for IP address '192.168.11.6'.
May 19 02:29:06 mas01 sh[27961]: 2018-05-19 02:29:06 maasserver.rpc.leases: [info] Lease update: commit for 192.168.11.7 on 0:25:b5:a0:0:4a at 2018-05-19 02:29:05 (lease time: 600s) (hostname: kvm03)
May 19 02:29:06 mas01 sh[27439]: 2018-05-19 02:29:06 regiond: [info] 192.168.11.13 GET /MAAS/metadata/latest/by-id/73ka7n/?op=get_preseed HTTP/1.1 --> 200 OK (referrer: -; agent: curl/7.47.0)
May 19 02:29:06 mas01 named[27361]: received control channel command 'reload'
May 19 02:29:06 mas01 named[27361]: loading configuration from '/etc/bind/named.conf'
May 19 02:29:06 mas01 named[27361]: reading built-in trusted keys from file '/etc/bind/bind.keys'
May 19 02:29:06 mas01 named[27361]: initializing GeoIP Country (IPv4) (type 1) DB
May 19 02:29:06 mas01 named[27361]: GEO-106FREE 20160408 Bu
May 19 02:29:06 mas01 named[27361]: initializing GeoIP Country (IPv6) (type 12) DB
May 19 02:29:06 mas01 named[27361]: GEO-106FREE 20160408 Bu
May 19 02:29:06 mas01 named[27361]: GeoIP City (IPv4) (type 2) DB not available
May 19 02:29:06 mas01 named[27361]: GeoIP City (IPv4) (type 6) DB not available
May 19 02:29:06 mas01 named[27361]: GeoIP City (IPv6) (type 30) DB not available
May 19 02:29:06 mas01 named[27361]: GeoIP City (IPv6) (type 31) DB not available
May 19 02:29:06 mas01 named[27361]: GeoIP Region (type 3) DB not available
May 19 02:29:06 mas01 named[27361]: GeoIP Region (type 7) DB not available
May 19 02:29:06 mas01 named[27361]: GeoIP ISP (type 4) DB not available
May 19 02:29:06 mas01 named[27361]: GeoIP Org (type 5) DB not available
May 19 02:29:06 mas01 named[27361]: GeoIP AS (type 9) DB not available
May 19 02:29:06 mas01 named[27361]: GeoIP Domain (type 11) DB not available
May 19 02:29:06 mas01 named[27361]: GeoIP NetSpeed (type 10) DB not available
May 19 02:29:06 mas01 named[27361]: using default UDP/IPv4 port range: [32768, 60999]
May 19 02:29:06 mas01 named[27361]: using default UDP/IPv6 port range: [32768, 60999]
May 19 02:29:06 mas01 named[27361]: sizing zone task pool based on 9 zones
May 19 02:29:06 mas01 named[27361]: automatic empty zone: 10.IN-ADDR.ARPA
May 19 02:29:06 mas01 named[27361]: automatic empty zone: 16.172.IN-ADDR.ARPA
May 19 02:29:06 mas01 named[27361]: automatic empty zone: 17.172.IN-ADDR.ARPA
May 19 02:29:06 mas01 named[27361]: automatic empty zone: 18.172.IN-ADDR.ARPA
May 19 02:29:06 mas01 named[27361]: automatic empty zone: 19.172.IN-ADDR.ARPA
May 19 02:29:06 mas01 named[27361]: automatic empty zone: 20.172.IN-ADDR.ARPA
May 19 02:29:06 mas01 named[27361]: automatic empty zone: 21.172.IN-ADDR.ARPA
May 19 02:29:06 mas01 named[27361]: automatic empty zone: 22.172.IN-ADDR.ARPA
May 19 02:29:06 mas01 named[27361]: automatic empty zone: 23.172.IN-ADDR.ARPA
May 19 02:29:06 mas01 named[27361]: automatic empty zone: 24.172.IN-ADDR.ARPA
May 19 02:29:06 mas01 named[27361]: automatic empty zone: 25.172.IN-ADDR.ARPA
May 19 02:29:06 mas01 named[27361]: automatic empty zone: 26.172.IN-ADDR.ARPA
May 19 02:29:06 mas01 named[27361]: automatic empty zone: 27.172.IN-ADDR.ARPA
May 19 02:29:06 mas01 named[27361]: automatic empty zone: 28.172.IN-ADDR.ARPA
May 19 02:29:06 mas01 named[27361]: automatic empty zone: 29.172.IN-ADDR.ARPA
May 19 02:29:06 mas01 named[27361]: automatic empty zone: 30.172.IN-ADDR.ARPA
May 19 02:29:06 mas01 named[27361]: automatic empty zone: 31.172.IN-ADDR.ARPA
May 19 02:29:06 mas01 named[27361]: automatic empty zone: 168.192.IN-ADDR.ARPA
May 19 02:29:06 mas01 named[27361]: automatic empty zone: 64.100.IN-ADDR.ARPA
May 19 02:29:06 mas01 named[27361]: automatic empty zone: 65.100.IN-ADDR.ARPA
May 19 02:29:06 mas01 named[27361]: automatic empty zone: 66.100.IN-ADDR.ARPA
May 19 02:29:06 mas01 named[27361]: automatic empty zone: 67.100.IN-ADDR.ARPA
May 19 02:29:06 mas01 named[27361]: automatic empty zone: 68.100.IN-ADDR.ARPA
May 19 02:29:06 mas01 named[27361]: automatic empty zone: 69.100.IN-ADDR.ARPA
May 19 02:29:06 mas01 named[27361]: automatic empty zone: 70.100.IN-ADDR.ARPA
May 19 02:29:06 mas01 named[27361]: automatic empty zone: 71.100.IN-ADDR.ARPA
May 19 02:29:06 mas01 named[27361]: automatic empty zone: 72.100.IN-ADDR.ARPA
May 19 02:29:06 mas01 named[27361]: automatic empty zone: 73.100.IN-ADDR.ARPA
May 19 02:29:06 mas01 named[27361]: automatic empty zone: 74.100.IN-ADDR.ARPA
May 19 02:29:06 mas01 named[27361]: automatic empty zone: 75.100.IN-ADDR.ARPA
May 19 02:29:06 mas01 named[27361]: automatic empty zone: 76.100.IN-ADDR.ARPA
May 19 02:29:06 mas01 named[27361]: automatic empty zone: 77.100.IN-ADDR.ARPA
May 19 02:29:06 mas01 named[27361]: automatic empty zone: 78.100.IN-ADDR.ARPA
May 19 02:29:06 mas01 named[27361]: automatic empty zone: 79.100.IN-ADDR.ARPA
May 19 02:29:06 mas01 named[27361]: automatic empty zone: 80.100.IN-ADDR.ARPA
May 19 02:29:06 mas01 named[27361]: automatic empty zone: 81.100.IN-ADDR.ARPA
May 19 02:29:06 mas01 named[27361]: automatic empty zone: 82.100.IN-ADDR.ARPA
May 19 02:29:06 mas01 named[27361]: automatic empty zone: 83.100.IN-ADDR.ARPA
May 19 02:29:06 mas01 named[27361]: automatic empty zone: 84.100.IN-ADDR.ARPA
May 19 02:29:06 mas01 named[27361]: automatic empty zone: 85.100.IN-ADDR.ARPA
May 19 02:29:06 mas01 named[27361]: automatic empty zone: 86.100.IN-ADDR.ARPA
May 19 02:29:06 mas01 named[27361]: automatic empty zone: 87.100.IN-ADDR.ARPA
May 19 02:29:06 mas01 named[27361]: automatic empty zone: 88.100.IN-ADDR.ARPA
May 19 02:29:06 mas01 named[27361]: automatic empty zone: 89.100.IN-ADDR.ARPA
May 19 02:29:06 mas01 named[27361]: automatic empty zone: 90.100.IN-ADDR.ARPA
May 19 02:29:06 mas01 named[27361]: automatic empty zone: 91.100.IN-ADDR.ARPA
May 19 02:29:06 mas01 named[27361]: automatic empty zone: 92.100.IN-ADDR.ARPA
May 19 02:29:06 mas01 named[27361]: automatic empty zone: 93.100.IN-ADDR.ARPA
May 19 02:29:06 mas01 named[27361]: automatic empty zone: 94.100.IN-ADDR.ARPA
May 19 02:29:06 mas01 named[27361]: automatic empty zone: 95.100.IN-ADDR.ARPA
May 19 02:29:06 mas01 named[27361]: automatic empty zone: 96.100.IN-ADDR.ARPA
May 19 02:29:06 mas01 named[27361]: automatic empty zone: 97.100.IN-ADDR.ARPA
May 19 02:29:06 mas01 named[27361]: automatic empty zone: 98.100.IN-ADDR.ARPA
May 19 02:29:06 mas01 named[27361]: automatic empty zone: 99.100.IN-ADDR.ARPA
May 19 02:29:06 mas01 named[27361]: automatic empty zone: 100.100.IN-ADDR.ARPA
May 19 02:29:06 mas01 named[27361]: automatic empty zone: 101.100.IN-ADDR.ARPA
May 19 02:29:06 mas01 named[27361]: automatic empty zone: 102.100.IN-ADDR.ARPA
May 19 02:29:06 mas01 named[27361]: automatic empty zone: 103.100.IN-ADDR.ARPA
May 19 02:29:06 mas01 named[27361]: automatic empty zone: 104.100.IN-ADDR.ARPA
May 19 02:29:06 mas01 named[27361]: automatic empty zone: 105.100.IN-ADDR.ARPA
May 19 02:29:06 mas01 named[27361]: automatic empty zone: 106.100.IN-ADDR.ARPA
May 19 02:29:06 mas01 named[27361]: automatic empty zone: 107.100.IN-ADDR.ARPA
May 19 02:29:06 mas01 named[27361]: automatic empty zone: 108.100.IN-ADDR.ARPA
May 19 02:29:06 mas01 named[27361]: automatic empty zone: 109.100.IN-ADDR.ARPA
May 19 02:29:06 mas01 named[27361]: automatic empty zone: 110.100.IN-ADDR.ARPA
May 19 02:29:06 mas01 named[27361]: automatic empty zone: 111.100.IN-ADDR.ARPA
May 19 02:29:06 mas01 named[27361]: automatic empty zone: 112.100.IN-ADDR.ARPA
May 19 02:29:06 mas01 named[27361]: automatic empty zone: 113.100.IN-ADDR.ARPA
May 19 02:29:06 mas01 named[27361]: automatic empty zone: 114.100.IN-ADDR.ARPA
May 19 02:29:06 mas01 named[27361]: automatic empty zone: 115.100.IN-ADDR.ARPA
May 19 02:29:06 mas01 named[27361]: automatic empty zone: 116.100.IN-ADDR.ARPA
May 19 02:29:06 mas01 named[27361]: automatic empty zone: 117.100.IN-ADDR.ARPA
May 19 02:29:06 mas01 named[27361]: automatic empty zone: 118.100.IN-ADDR.ARPA
May 19 02:29:06 mas01 named[27361]: automatic empty zone: 119.100.IN-ADDR.ARPA
May 19 02:29:06 mas01 named[27361]: automatic empty zone: 120.100.IN-ADDR.ARPA
May 19 02:29:06 mas01 named[27361]: automatic empty zone: 121.100.IN-ADDR.ARPA
May 19 02:29:06 mas01 named[27361]: automatic empty zone: 122.100.IN-ADDR.ARPA
May 19 02:29:06 mas01 named[27361]: automatic empty zone: 123.100.IN-ADDR.ARPA
May 19 02:29:06 mas01 named[27361]: automatic empty zone: 124.100.IN-ADDR.ARPA
May 19 02:29:06 mas01 named[27361]: automatic empty zone: 125.100.IN-ADDR.ARPA
May 19 02:29:06 mas01 named[27361]: automatic empty zone: 126.100.IN-ADDR.ARPA
May 19 02:29:06 mas01 named[27361]: automatic empty zone: 127.100.IN-ADDR.ARPA
May 19 02:29:06 mas01 named[27361]: automatic empty zone: 254.169.IN-ADDR.ARPA
May 19 02:29:06 mas01 named[27361]: automatic empty zone: 2.0.192.IN-ADDR.ARPA
May 19 02:29:06 mas01 named[27361]: automatic empty zone: 100.51.198.IN-ADDR.ARPA
May 19 02:29:06 mas01 named[27361]: automatic empty zone: 113.0.203.IN-ADDR.ARPA
May 19 02:29:06 mas01 named[27361]: automatic empty zone: 255.255.255.255.IN-ADDR.ARPA
May 19 02:29:06 mas01 named[27361]: automatic empty zone: 0.0.0.0.0.0.0.0.0.0.0.0.0.0.0.0.0.0.0.0.0.0.0.0.0.0.0.0.0.0.0.0.IP6.ARPA
May 19 02:29:06 mas01 named[27361]: automatic empty zone: 1.0.0.0.0.0.0.0.0.0.0.0.0.0.0.0.0.0.0.0.0.0.0.0.0.0.0.0.0.0.0.0.IP6.ARPA
May 19 02:29:06 mas01 named[27361]: automatic empty zone: D.F.IP6.ARPA
May 19 02:29:06 mas01 named[27361]: automatic empty zone: 8.E.F.IP6.ARPA
May 19 02:29:06 mas01 named[27361]: automatic empty zone: 9.E.F.IP6.ARPA
May 19 02:29:06 mas01 named[27361]: automatic empty zone: A.E.F.IP6.ARPA
May 19 02:29:06 mas01 named[27361]: automatic empty zone: B.E.F.IP6.ARPA
May 19 02:29:06 mas01 named[27361]: automatic empty zone: 8.B.D.0.1.0.0.2.IP6.ARPA
May 19 02:29:06 mas01 named[27361]: automatic empty zone: EMPTY.AS112.ARPA
May 19 02:29:06 mas01 named[27361]: configuring command channel from '/etc/bind/rndc.key'
May 19 02:29:06 mas01 named[27361]: reloading configuration succeeded
May 19 02:29:06 mas01 named[27361]: reloading zones succeeded
May 19 02:29:06 mas01 named[27361]: all zones loaded
May 19 02:29:06 mas01 named[27361]: running
May 19 02:29:06 mas01 named[27361]: zone 4.167.10.in-addr.arpa/IN: loaded serial 42
May 19 02:29:06 mas01 named[27361]: zone 0.20.10.in-addr.arpa/IN: loaded serial 42
May 19 02:29:06 mas01 named[27361]: zone mcp-pike-odl-ha.local/IN: loaded serial 42
May 19 02:29:06 mas01 named[27361]: zone 11.168.192.in-addr.arpa/IN: loaded serial 42
May 19 02:29:06 mas01 sh[27439]: 2018-05-19 02:29:06 regiond: [info] 192.168.11.13 POST /MAAS/metadata/2012-03-01/ HTTP/1.1 --> 200 OK (referrer: -; agent: Python-urllib/3.5)
May 19 02:29:06 mas01 sh[26892]: 2018-05-19 02:29:06 rackd: [info] 192.168.11.15 GET /images/ubuntu/amd64/ga-16.04/xenial/daily/squashfs HTTP/1.1 --> 200 OK (referrer: -; agent: Wget)
May 19 02:29:06 mas01 sh[27961]: 2018-05-19 02:29:06 regiond: [info] 192.168.11.13 POST /MAAS/metadata/2012-03-01/ HTTP/1.1 --> 200 OK (referrer: -; agent: Python-urllib/3.5)
May 19 02:29:06 mas01 sh[26892]: 2018-05-19 02:29:06 rackd: [info] 192.168.11.10 GET /images/ubuntu/amd64/ga-16.04/xenial/daily/squashfs HTTP/1.1 --> 200 OK (referrer: -; agent: Wget)
May 19 02:29:06 mas01 sh[27448]: 2018-05-19 02:29:06 regiond: [info] 192.168.11.13 POST /MAAS/metadata/2012-03-01/ HTTP/1.1 --> 200 OK (referrer: -; agent: Python-urllib/3.5)
May 19 02:29:06 mas01 sh[26892]: 2018-05-19 02:29:06 rackd: [info] 192.168.11.7 GET /images/ubuntu/amd64/ga-16.04/xenial/daily/squashfs HTTP/1.1 --> 200 OK (referrer: -; agent: Wget)
May 19 02:29:06 mas01 sh[27961]: 2018-05-19 02:29:06 regiond: [info] 192.168.11.13 POST /MAAS/metadata/2012-03-01/ HTTP/1.1 --> 200 OK (referrer: -; agent: Python-urllib/3.5)
May 19 02:29:06 mas01 sh[26892]: 2018-05-19 02:29:06 rackd: [info] 192.168.11.6 GET /images/ubuntu/amd64/ga-16.04/xenial/daily/squashfs HTTP/1.1 --> 200 OK (referrer: -; agent: Wget)
May 19 02:29:07 mas01 salt-minion[1328]: [INFO    ] {'pid': 29894, 'retcode': 0, 'stderr': '', 'stdout': ''}
May 19 02:29:07 mas01 salt-minion[1328]: [INFO    ] Completed state [maas-region apikey --username opnfv > /var/lib/maas/.maas_credentials] at time 02:29:07.022168 duration_in_ms=1938.319
May 19 02:29:07 mas01 salt-minion[1328]: [INFO    ] Running state [maas.machines_status] at time 02:29:07.023303
May 19 02:29:07 mas01 salt-minion[1328]: [INFO    ] Executing state module.run for maas.machines_status
May 19 02:29:07 mas01 salt-minion[1328]: [INFO    ] {'ret': {'machines': [{'status': 'Commissioning', 'hostname': u'cmp002', 'system_id': u'pawaes'}, {'status': 'Commissioning', 'hostname': u'cmp001', 'system_id': u'pmbmek'}, {'status': 'Commissioning', 'hostname': u'kvm01', 'system_id': u'73ka7n'}, {'status': 'Commissioning', 'hostname': u'kvm03', 'system_id': u'kkd6p8'}, {'status': 'Commissioning', 'hostname': u'kvm02', 'system_id': u'xxs8fq'}], 'summary': Counter({'Commissioning': 5})}}
May 19 02:29:07 mas01 salt-minion[1328]: [INFO    ] Completed state [maas.machines_status] at time 02:29:07.478631 duration_in_ms=455.325
May 19 02:29:07 mas01 salt-minion[1328]: [INFO    ] Returning information for job: 20180519022904520580
May 19 02:29:07 mas01 sh[27448]: 2018-05-19 02:29:07 regiond: [info] 192.168.11.13 POST /MAAS/metadata/2012-03-01/ HTTP/1.1 --> 200 OK (referrer: -; agent: Python-urllib/3.5)
May 19 02:29:07 mas01 sh[27448]: message repeated 3 times: [ 2018-05-19 02:29:07 regiond: [info] 192.168.11.13 POST /MAAS/metadata/2012-03-01/ HTTP/1.1 --> 200 OK (referrer: -; agent: Python-urllib/3.5)]
May 19 02:29:08 mas01 sh[27961]: 2018-05-19 02:29:08 maasserver.region_controller: [info] Reloaded DNS configuration:
May 19 02:29:08 mas01 sh[27961]: #011 * zone mcp-pike-odl-ha.local removed resource cmp001
May 19 02:29:08 mas01 sh[27961]: #011 * ip 192.168.11.6 unlinked from resource cmp001 on zone mcp-pike-odl-ha.local
May 19 02:29:08 mas01 sh[27961]: 2018-05-19 02:29:08 regiond: [info] 127.0.0.1 GET /MAAS/rpc/ HTTP/1.0 --> 200 OK (referrer: -; agent: provisioningserver.rpc.clusterservice.ClusterClientService)
May 19 02:29:09 mas01 sh[27961]: 2018-05-19 02:29:09 regiond: [info] 192.168.11.15 GET /MAAS/metadata/latest/by-id/pawaes/?op=get_preseed HTTP/1.1 --> 200 OK (referrer: -; agent: Cloud-Init/18.2)
May 19 02:29:09 mas01 sh[27448]: 2018-05-19 02:29:09 regiond: [info] 192.168.11.15 POST /MAAS/metadata/status/pawaes HTTP/1.1 --> 204 NO_CONTENT (referrer: -; agent: python-requests/2.9.1)
May 19 02:29:09 mas01 sh[27439]: 2018-05-19 02:29:09 regiond: [info] 192.168.11.15 POST /MAAS/metadata/status/pawaes HTTP/1.1 --> 204 NO_CONTENT (referrer: -; agent: python-requests/2.9.1)
May 19 02:29:09 mas01 sh[27439]: 2018-05-19 02:29:09 regiond: [info] 192.168.11.15 POST /MAAS/metadata/status/pawaes HTTP/1.1 --> 204 NO_CONTENT (referrer: -; agent: python-requests/2.9.1)
May 19 02:29:09 mas01 sh[27439]: 2018-05-19 02:29:09 regiond: [info] 192.168.11.6 GET /MAAS/metadata/latest/by-id/pmbmek/?op=get_preseed HTTP/1.1 --> 200 OK (referrer: -; agent: Cloud-Init/18.2)
May 19 02:29:09 mas01 sh[27439]: 2018-05-19 02:29:09 regiond: [info] 192.168.11.10 POST /MAAS/metadata/status/xxs8fq HTTP/1.1 --> 204 NO_CONTENT (referrer: -; agent: python-requests/2.9.1)
May 19 02:29:09 mas01 sh[27961]: 2018-05-19 02:29:09 regiond: [info] 192.168.11.10 POST /MAAS/metadata/status/xxs8fq HTTP/1.1 --> 204 NO_CONTENT (referrer: -; agent: python-requests/2.9.1)
May 19 02:29:09 mas01 sh[27444]: 2018-05-19 02:29:09 regiond: [info] 192.168.11.7 POST /MAAS/metadata/status/kkd6p8 HTTP/1.1 --> 204 NO_CONTENT (referrer: -; agent: python-requests/2.9.1)
May 19 02:29:09 mas01 sh[27444]: 2018-05-19 02:29:09 regiond: [info] 192.168.11.6 POST /MAAS/metadata/status/pmbmek HTTP/1.1 --> 204 NO_CONTENT (referrer: -; agent: python-requests/2.9.1)
May 19 02:29:09 mas01 sh[27444]: 2018-05-19 02:29:09 regiond: [info] 192.168.11.7 POST /MAAS/metadata/status/kkd6p8 HTTP/1.1 --> 204 NO_CONTENT (referrer: -; agent: python-requests/2.9.1)
May 19 02:29:09 mas01 sh[27439]: 2018-05-19 02:29:09 regiond: [info] 192.168.11.6 POST /MAAS/metadata/status/pmbmek HTTP/1.1 --> 204 NO_CONTENT (referrer: -; agent: python-requests/2.9.1)
May 19 02:29:09 mas01 sh[27439]: 2018-05-19 02:29:09 regiond: [info] 192.168.11.7 POST /MAAS/metadata/status/kkd6p8 HTTP/1.1 --> 204 NO_CONTENT (referrer: -; agent: python-requests/2.9.1)
May 19 02:29:09 mas01 sh[27439]: 2018-05-19 02:29:09 regiond: [info] 192.168.11.6 POST /MAAS/metadata/status/pmbmek HTTP/1.1 --> 204 NO_CONTENT (referrer: -; agent: python-requests/2.9.1)
May 19 02:29:09 mas01 sh[27448]: 2018-05-19 02:29:09 regiond: [info] 192.168.11.10 POST /MAAS/metadata/status/xxs8fq HTTP/1.1 --> 204 NO_CONTENT (referrer: -; agent: python-requests/2.9.1)
May 19 02:29:09 mas01 sh[27448]: 2018-05-19 02:29:09 regiond: [info] 192.168.11.15 GET /MAAS/metadata/latest/by-id/pawaes/?op=get_preseed HTTP/1.1 --> 200 OK (referrer: -; agent: Cloud-Init/18.2)
May 19 02:29:09 mas01 sh[27961]: 2018-05-19 02:29:09 regiond: [info] 192.168.11.15 POST /MAAS/metadata/status/pawaes HTTP/1.1 --> 204 NO_CONTENT (referrer: -; agent: python-requests/2.9.1)
May 19 02:29:09 mas01 sh[27439]: 2018-05-19 02:29:09 regiond: [info] 192.168.11.15 POST /MAAS/metadata/status/pawaes HTTP/1.1 --> 204 NO_CONTENT (referrer: -; agent: python-requests/2.9.1)
May 19 02:29:09 mas01 sh[27448]: 2018-05-19 02:29:09 regiond: [info] 192.168.11.15 POST /MAAS/metadata/status/pawaes HTTP/1.1 --> 204 NO_CONTENT (referrer: -; agent: python-requests/2.9.1)
May 19 02:29:10 mas01 sh[27439]: 2018-05-19 02:29:10 regiond: [info] 192.168.11.13 POST /MAAS/metadata/2012-03-01/ HTTP/1.1 --> 200 OK (referrer: -; agent: Python-urllib/3.5)
May 19 02:29:10 mas01 sh[27448]: 2018-05-19 02:29:10 regiond: [info] 192.168.11.15 GET /MAAS/metadata/2012-03-01/meta-data/instance-id HTTP/1.1 --> 200 OK (referrer: -; agent: Cloud-Init/18.2)
May 19 02:29:10 mas01 sh[27448]: 2018-05-19 02:29:10 regiond: [info] 192.168.11.15 GET /MAAS/metadata/2012-03-01/meta-data/instance-id HTTP/1.1 --> 200 OK (referrer: -; agent: python-requests/2.9.1)
May 19 02:29:10 mas01 sh[27961]: 2018-05-19 02:29:10 regiond: [info] 192.168.11.10 POST /MAAS/metadata/status/xxs8fq HTTP/1.1 --> 204 NO_CONTENT (referrer: -; agent: python-requests/2.9.1)
May 19 02:29:10 mas01 sh[27444]: 2018-05-19 02:29:10 regiond: [info] 192.168.11.10 POST /MAAS/metadata/status/xxs8fq HTTP/1.1 --> 204 NO_CONTENT (referrer: -; agent: python-requests/2.9.1)
May 19 02:29:10 mas01 sh[27448]: 2018-05-19 02:29:10 regiond: [info] 192.168.11.10 POST /MAAS/metadata/status/xxs8fq HTTP/1.1 --> 204 NO_CONTENT (referrer: -; agent: python-requests/2.9.1)
May 19 02:29:10 mas01 sh[27439]: 2018-05-19 02:29:10 regiond: [info] 192.168.11.7 POST /MAAS/metadata/status/kkd6p8 HTTP/1.1 --> 204 NO_CONTENT (referrer: -; agent: python-requests/2.9.1)
May 19 02:29:10 mas01 sh[27439]: 2018-05-19 02:29:10 regiond: [info] 192.168.11.7 POST /MAAS/metadata/status/kkd6p8 HTTP/1.1 --> 204 NO_CONTENT (referrer: -; agent: python-requests/2.9.1)
May 19 02:29:10 mas01 sh[27448]: 2018-05-19 02:29:10 regiond: [info] 192.168.11.7 POST /MAAS/metadata/status/kkd6p8 HTTP/1.1 --> 204 NO_CONTENT (referrer: -; agent: python-requests/2.9.1)
May 19 02:29:10 mas01 sh[27439]: 2018-05-19 02:29:10 regiond: [info] 192.168.11.15 GET /MAAS/metadata/2012-03-01/meta-data/local-hostname HTTP/1.1 --> 200 OK (referrer: -; agent: python-requests/2.9.1)
May 19 02:29:10 mas01 sh[27444]: 2018-05-19 02:29:10 regiond: [info] 192.168.11.6 POST /MAAS/metadata/status/pmbmek HTTP/1.1 --> 204 NO_CONTENT (referrer: -; agent: python-requests/2.9.1)
May 19 02:29:10 mas01 sh[27439]: 2018-05-19 02:29:10 regiond: [info] 192.168.11.6 POST /MAAS/metadata/status/pmbmek HTTP/1.1 --> 204 NO_CONTENT (referrer: -; agent: python-requests/2.9.1)
May 19 02:29:10 mas01 sh[27439]: 2018-05-19 02:29:10 regiond: [info] 192.168.11.6 POST /MAAS/metadata/status/pmbmek HTTP/1.1 --> 204 NO_CONTENT (referrer: -; agent: python-requests/2.9.1)
May 19 02:29:10 mas01 sh[27444]: 2018-05-19 02:29:10 regiond: [info] 192.168.11.13 POST /MAAS/metadata/2012-03-01/ HTTP/1.1 --> 200 OK (referrer: -; agent: Python-urllib/3.5)
May 19 02:29:10 mas01 sh[27444]: 2018-05-19 02:29:10 regiond: [info] 192.168.11.10 GET /MAAS/metadata/2012-03-01/meta-data/instance-id HTTP/1.1 --> 200 OK (referrer: -; agent: Cloud-Init/18.2)
May 19 02:29:10 mas01 sh[27961]: 2018-05-19 02:29:10 regiond: [info] 192.168.11.7 GET /MAAS/metadata/2012-03-01/meta-data/instance-id HTTP/1.1 --> 200 OK (referrer: -; agent: Cloud-Init/18.2)
May 19 02:29:10 mas01 sh[27448]: 2018-05-19 02:29:10 regiond: [info] 192.168.11.15 GET /MAAS/metadata/2012-03-01/meta-data/public-keys HTTP/1.1 --> 200 OK (referrer: -; agent: python-requests/2.9.1)
May 19 02:29:10 mas01 sh[27444]: 2018-05-19 02:29:10 regiond: [info] 192.168.11.6 GET /MAAS/metadata/2012-03-01/meta-data/instance-id HTTP/1.1 --> 200 OK (referrer: -; agent: Cloud-Init/18.2)
May 19 02:29:10 mas01 sh[27961]: 2018-05-19 02:29:10 regiond: [info] 192.168.11.10 GET /MAAS/metadata/2012-03-01/meta-data/instance-id HTTP/1.1 --> 200 OK (referrer: -; agent: python-requests/2.9.1)
May 19 02:29:10 mas01 sh[27439]: 2018-05-19 02:29:10 regiond: [info] 192.168.11.7 GET /MAAS/metadata/2012-03-01/meta-data/instance-id HTTP/1.1 --> 200 OK (referrer: -; agent: python-requests/2.9.1)
May 19 02:29:10 mas01 sh[27444]: 2018-05-19 02:29:10 regiond: [info] 192.168.11.13 POST /MAAS/metadata/2012-03-01/ HTTP/1.1 --> 200 OK (referrer: -; agent: Python-urllib/3.5)
May 19 02:29:10 mas01 sh[27448]: 2018-05-19 02:29:10 regiond: [info] 192.168.11.15 GET /MAAS/metadata/2012-03-01/meta-data/vendor-data HTTP/1.1 --> 200 OK (referrer: -; agent: python-requests/2.9.1)
May 19 02:29:10 mas01 sh[27439]: 2018-05-19 02:29:10 regiond: [info] 192.168.11.6 GET /MAAS/metadata/2012-03-01/meta-data/instance-id HTTP/1.1 --> 200 OK (referrer: -; agent: python-requests/2.9.1)
May 19 02:29:10 mas01 sh[27439]: 2018-05-19 02:29:10 regiond: [info] 192.168.11.7 GET /MAAS/metadata/2012-03-01/meta-data/local-hostname HTTP/1.1 --> 200 OK (referrer: -; agent: python-requests/2.9.1)
May 19 02:29:10 mas01 sh[27448]: 2018-05-19 02:29:10 regiond: [info] 192.168.11.10 GET /MAAS/metadata/2012-03-01/meta-data/local-hostname HTTP/1.1 --> 200 OK (referrer: -; agent: python-requests/2.9.1)
May 19 02:29:10 mas01 sh[27961]: 2018-05-19 02:29:10 regiond: [info] 192.168.11.15 GET /MAAS/metadata/2012-03-01/user-data HTTP/1.1 --> 200 OK (referrer: -; agent: python-requests/2.9.1)
May 19 02:29:10 mas01 sh[27448]: 2018-05-19 02:29:10 regiond: [info] 192.168.11.6 GET /MAAS/metadata/2012-03-01/meta-data/local-hostname HTTP/1.1 --> 200 OK (referrer: -; agent: python-requests/2.9.1)
May 19 02:29:10 mas01 sh[27439]: 2018-05-19 02:29:10 regiond: [info] 192.168.11.15 POST /MAAS/metadata/status/pawaes HTTP/1.1 --> 204 NO_CONTENT (referrer: -; agent: python-requests/2.9.1)
May 19 02:29:10 mas01 sh[27444]: 2018-05-19 02:29:10 regiond: [info] 192.168.11.6 GET /MAAS/metadata/2012-03-01/meta-data/public-keys HTTP/1.1 --> 200 OK (referrer: -; agent: python-requests/2.9.1)
May 19 02:29:10 mas01 sh[27439]: 2018-05-19 02:29:10 regiond: [info] 192.168.11.10 GET /MAAS/metadata/2012-03-01/meta-data/public-keys HTTP/1.1 --> 200 OK (referrer: -; agent: python-requests/2.9.1)
May 19 02:29:10 mas01 sh[27444]: 2018-05-19 02:29:10 regiond: [info] 192.168.11.15 POST /MAAS/metadata/status/pawaes HTTP/1.1 --> 204 NO_CONTENT (referrer: -; agent: python-requests/2.9.1)
May 19 02:29:10 mas01 sh[27439]: 2018-05-19 02:29:10 regiond: [info] 192.168.11.15 POST /MAAS/metadata/status/pawaes HTTP/1.1 --> 204 NO_CONTENT (referrer: -; agent: python-requests/2.9.1)
May 19 02:29:10 mas01 sh[27444]: 2018-05-19 02:29:10 regiond: [info] 192.168.11.15 POST /MAAS/metadata/status/pawaes HTTP/1.1 --> 204 NO_CONTENT (referrer: -; agent: python-requests/2.9.1)
May 19 02:29:10 mas01 sh[27444]: 2018-05-19 02:29:10 regiond: [info] 192.168.11.15 POST /MAAS/metadata/status/pawaes HTTP/1.1 --> 204 NO_CONTENT (referrer: -; agent: python-requests/2.9.1)
May 19 02:29:10 mas01 sh[27961]: 2018-05-19 02:29:10 regiond: [info] 192.168.11.10 GET /MAAS/metadata/2012-03-01/meta-data/vendor-data HTTP/1.1 --> 200 OK (referrer: -; agent: python-requests/2.9.1)
May 19 02:29:10 mas01 sh[27961]: 2018-05-19 02:29:10 regiond: [info] 192.168.11.7 GET /MAAS/metadata/2012-03-01/meta-data/vendor-data HTTP/1.1 --> 200 OK (referrer: -; agent: python-requests/2.9.1)
May 19 02:29:10 mas01 sh[27439]: 2018-05-19 02:29:10 regiond: [info] 192.168.11.6 GET /MAAS/metadata/2012-03-01/meta-data/vendor-data HTTP/1.1 --> 200 OK (referrer: -; agent: python-requests/2.9.1)
May 19 02:29:10 mas01 sh[27439]: 2018-05-19 02:29:10 regiond: [info] 192.168.11.13 POST /MAAS/metadata/2012-03-01/ HTTP/1.1 --> 200 OK (referrer: -; agent: Python-urllib/3.5)
May 19 02:29:10 mas01 sh[27961]: 2018-05-19 02:29:10 regiond: [info] 192.168.11.10 POST /MAAS/metadata/status/xxs8fq HTTP/1.1 --> 204 NO_CONTENT (referrer: -; agent: python-requests/2.9.1)
May 19 02:29:10 mas01 sh[27448]: 2018-05-19 02:29:10 regiond: [info] 192.168.11.6 GET /MAAS/metadata/2012-03-01/user-data HTTP/1.1 --> 200 OK (referrer: -; agent: python-requests/2.9.1)
May 19 02:29:10 mas01 sh[27448]: 2018-05-19 02:29:10 regiond: [info] 192.168.11.7 GET /MAAS/metadata/2012-03-01/user-data HTTP/1.1 --> 200 OK (referrer: -; agent: python-requests/2.9.1)
May 19 02:29:10 mas01 sh[27439]: 2018-05-19 02:29:10 regiond: [info] 192.168.11.6 POST /MAAS/metadata/status/pmbmek HTTP/1.1 --> 204 NO_CONTENT (referrer: -; agent: python-requests/2.9.1)
May 19 02:29:10 mas01 sh[27439]: 2018-05-19 02:29:10 regiond: [info] 192.168.11.7 POST /MAAS/metadata/status/kkd6p8 HTTP/1.1 --> 204 NO_CONTENT (referrer: -; agent: python-requests/2.9.1)
May 19 02:29:10 mas01 sh[27448]: 2018-05-19 02:29:10 regiond: [info] 192.168.11.13 POST /MAAS/metadata/2012-03-01/ HTTP/1.1 --> 200 OK (referrer: -; agent: Python-urllib/3.5)
May 19 02:29:10 mas01 sh[27439]: 2018-05-19 02:29:10 regiond: [info] 192.168.11.15 POST /MAAS/metadata/status/pawaes HTTP/1.1 --> 204 NO_CONTENT (referrer: -; agent: python-requests/2.9.1)
May 19 02:29:10 mas01 sh[27961]: 2018-05-19 02:29:10 regiond: [info] 192.168.11.15 POST /MAAS/metadata/status/pawaes HTTP/1.1 --> 204 NO_CONTENT (referrer: -; agent: python-requests/2.9.1)
May 19 02:29:10 mas01 sh[27448]: 2018-05-19 02:29:10 regiond: [info] 192.168.11.10 POST /MAAS/metadata/status/xxs8fq HTTP/1.1 --> 204 NO_CONTENT (referrer: -; agent: python-requests/2.9.1)
May 19 02:29:10 mas01 sh[27444]: 2018-05-19 02:29:10 regiond: [info] 192.168.11.15 POST /MAAS/metadata/status/pawaes HTTP/1.1 --> 204 NO_CONTENT (referrer: -; agent: python-requests/2.9.1)
May 19 02:29:10 mas01 sh[27439]: 2018-05-19 02:29:10 regiond: [info] 192.168.11.15 POST /MAAS/metadata/status/pawaes HTTP/1.1 --> 204 NO_CONTENT (referrer: -; agent: python-requests/2.9.1)
May 19 02:29:10 mas01 sh[27444]: 2018-05-19 02:29:10 regiond: [info] 192.168.11.10 POST /MAAS/metadata/status/xxs8fq HTTP/1.1 --> 204 NO_CONTENT (referrer: -; agent: python-requests/2.9.1)
May 19 02:29:10 mas01 sh[27444]: 2018-05-19 02:29:10 regiond: [info] 192.168.11.15 POST /MAAS/metadata/status/pawaes HTTP/1.1 --> 204 NO_CONTENT (referrer: -; agent: python-requests/2.9.1)
May 19 02:29:10 mas01 sh[27439]: 2018-05-19 02:29:10 regiond: [info] 192.168.11.10 POST /MAAS/metadata/status/xxs8fq HTTP/1.1 --> 204 NO_CONTENT (referrer: -; agent: python-requests/2.9.1)
May 19 02:29:10 mas01 sh[27444]: 2018-05-19 02:29:10 regiond: [info] 192.168.11.15 POST /MAAS/metadata/status/pawaes HTTP/1.1 --> 204 NO_CONTENT (referrer: -; agent: python-requests/2.9.1)
May 19 02:29:10 mas01 sh[27444]: 2018-05-19 02:29:10 regiond: [info] 192.168.11.15 POST /MAAS/metadata/status/pawaes HTTP/1.1 --> 204 NO_CONTENT (referrer: -; agent: python-requests/2.9.1)
May 19 02:29:10 mas01 sh[27444]: 2018-05-19 02:29:10 regiond: [info] 192.168.11.10 POST /MAAS/metadata/status/xxs8fq HTTP/1.1 --> 204 NO_CONTENT (referrer: -; agent: python-requests/2.9.1)
May 19 02:29:10 mas01 sh[27444]: 2018-05-19 02:29:10 regiond: [info] 192.168.11.15 POST /MAAS/metadata/status/pawaes HTTP/1.1 --> 204 NO_CONTENT (referrer: -; agent: python-requests/2.9.1)
May 19 02:29:10 mas01 sh[27448]: 2018-05-19 02:29:10 regiond: [info] 192.168.11.15 POST /MAAS/metadata/status/pawaes HTTP/1.1 --> 204 NO_CONTENT (referrer: -; agent: python-requests/2.9.1)
May 19 02:29:10 mas01 sh[27444]: 2018-05-19 02:29:10 regiond: [info] 192.168.11.15 POST /MAAS/metadata/status/pawaes HTTP/1.1 --> 204 NO_CONTENT (referrer: -; agent: python-requests/2.9.1)
May 19 02:29:10 mas01 sh[27444]: 2018-05-19 02:29:10 regiond: [info] 192.168.11.15 POST /MAAS/metadata/status/pawaes HTTP/1.1 --> 204 NO_CONTENT (referrer: -; agent: python-requests/2.9.1)
May 19 02:29:10 mas01 sh[27961]: 2018-05-19 02:29:10 regiond: [info] 192.168.11.15 POST /MAAS/metadata/status/pawaes HTTP/1.1 --> 204 NO_CONTENT (referrer: -; agent: python-requests/2.9.1)
May 19 02:29:10 mas01 sh[27444]: 2018-05-19 02:29:10 regiond: [info] 192.168.11.15 POST /MAAS/metadata/status/pawaes HTTP/1.1 --> 204 NO_CONTENT (referrer: -; agent: python-requests/2.9.1)
May 19 02:29:10 mas01 sh[27448]: 2018-05-19 02:29:10 regiond: [info] 192.168.11.6 POST /MAAS/metadata/status/pmbmek HTTP/1.1 --> 204 NO_CONTENT (referrer: -; agent: python-requests/2.9.1)
May 19 02:29:10 mas01 sh[27961]: 2018-05-19 02:29:10 regiond: [info] 192.168.11.15 POST /MAAS/metadata/status/pawaes HTTP/1.1 --> 204 NO_CONTENT (referrer: -; agent: python-requests/2.9.1)
May 19 02:29:10 mas01 sh[27448]: 2018-05-19 02:29:10 regiond: [info] 192.168.11.15 POST /MAAS/metadata/status/pawaes HTTP/1.1 --> 204 NO_CONTENT (referrer: -; agent: python-requests/2.9.1)
May 19 02:29:10 mas01 sh[27439]: 2018-05-19 02:29:10 regiond: [info] 192.168.11.6 POST /MAAS/metadata/status/pmbmek HTTP/1.1 --> 204 NO_CONTENT (referrer: -; agent: python-requests/2.9.1)
May 19 02:29:10 mas01 sh[27439]: 2018-05-19 02:29:10 regiond: [info] 192.168.11.15 POST /MAAS/metadata/status/pawaes HTTP/1.1 --> 204 NO_CONTENT (referrer: -; agent: python-requests/2.9.1)
May 19 02:29:10 mas01 sh[27448]: 2018-05-19 02:29:10 regiond: [info] 192.168.11.6 POST /MAAS/metadata/status/pmbmek HTTP/1.1 --> 204 NO_CONTENT (referrer: -; agent: python-requests/2.9.1)
May 19 02:29:10 mas01 sh[27444]: 2018-05-19 02:29:10 regiond: [info] 192.168.11.15 POST /MAAS/metadata/status/pawaes HTTP/1.1 --> 204 NO_CONTENT (referrer: -; agent: python-requests/2.9.1)
May 19 02:29:10 mas01 sh[27439]: 2018-05-19 02:29:10 regiond: [info] 192.168.11.15 POST /MAAS/metadata/status/pawaes HTTP/1.1 --> 204 NO_CONTENT (referrer: -; agent: python-requests/2.9.1)
May 19 02:29:10 mas01 sh[27448]: 2018-05-19 02:29:10 regiond: [info] 192.168.11.6 POST /MAAS/metadata/status/pmbmek HTTP/1.1 --> 204 NO_CONTENT (referrer: -; agent: python-requests/2.9.1)
May 19 02:29:10 mas01 sh[27439]: 2018-05-19 02:29:10 regiond: [info] 192.168.11.15 POST /MAAS/metadata/status/pawaes HTTP/1.1 --> 204 NO_CONTENT (referrer: -; agent: python-requests/2.9.1)
May 19 02:29:10 mas01 sh[27961]: 2018-05-19 02:29:10 regiond: [info] 192.168.11.15 POST /MAAS/metadata/status/pawaes HTTP/1.1 --> 204 NO_CONTENT (referrer: -; agent: python-requests/2.9.1)
May 19 02:29:10 mas01 sh[27448]: 2018-05-19 02:29:10 regiond: [info] 192.168.11.7 POST /MAAS/metadata/status/kkd6p8 HTTP/1.1 --> 204 NO_CONTENT (referrer: -; agent: python-requests/2.9.1)
May 19 02:29:10 mas01 sh[27444]: 2018-05-19 02:29:10 regiond: [info] 192.168.11.15 POST /MAAS/metadata/status/pawaes HTTP/1.1 --> 204 NO_CONTENT (referrer: -; agent: python-requests/2.9.1)
May 19 02:29:10 mas01 sh[27439]: 2018-05-19 02:29:10 regiond: [info] 192.168.11.7 POST /MAAS/metadata/status/kkd6p8 HTTP/1.1 --> 204 NO_CONTENT (referrer: -; agent: python-requests/2.9.1)
May 19 02:29:10 mas01 sh[27961]: 2018-05-19 02:29:10 regiond: [info] 192.168.11.15 POST /MAAS/metadata/status/pawaes HTTP/1.1 --> 204 NO_CONTENT (referrer: -; agent: python-requests/2.9.1)
May 19 02:29:10 mas01 sh[27961]: 2018-05-19 02:29:10 regiond: [info] 192.168.11.7 POST /MAAS/metadata/status/kkd6p8 HTTP/1.1 --> 204 NO_CONTENT (referrer: -; agent: python-requests/2.9.1)
May 19 02:29:10 mas01 sh[27961]: 2018-05-19 02:29:10 regiond: [info] 192.168.11.15 POST /MAAS/metadata/status/pawaes HTTP/1.1 --> 204 NO_CONTENT (referrer: -; agent: python-requests/2.9.1)
May 19 02:29:10 mas01 sh[27448]: 2018-05-19 02:29:10 regiond: [info] 192.168.11.7 POST /MAAS/metadata/status/kkd6p8 HTTP/1.1 --> 204 NO_CONTENT (referrer: -; agent: python-requests/2.9.1)
May 19 02:29:10 mas01 sh[27439]: 2018-05-19 02:29:10 regiond: [info] 192.168.11.15 POST /MAAS/metadata/status/pawaes HTTP/1.1 --> 204 NO_CONTENT (referrer: -; agent: python-requests/2.9.1)
May 19 02:29:10 mas01 sh[27961]: 2018-05-19 02:29:10 regiond: [info] 192.168.11.15 POST /MAAS/metadata/status/pawaes HTTP/1.1 --> 204 NO_CONTENT (referrer: -; agent: python-requests/2.9.1)
May 19 02:29:10 mas01 sh[27961]: 2018-05-19 02:29:10 regiond: [info] 192.168.11.15 POST /MAAS/metadata/status/pawaes HTTP/1.1 --> 204 NO_CONTENT (referrer: -; agent: python-requests/2.9.1)
May 19 02:29:10 mas01 sh[27448]: 2018-05-19 02:29:10 regiond: [info] 192.168.11.15 POST /MAAS/metadata/status/pawaes HTTP/1.1 --> 204 NO_CONTENT (referrer: -; agent: python-requests/2.9.1)
May 19 02:29:10 mas01 sh[27439]: 2018-05-19 02:29:10 regiond: [info] 192.168.11.15 POST /MAAS/metadata/status/pawaes HTTP/1.1 --> 204 NO_CONTENT (referrer: -; agent: python-requests/2.9.1)
May 19 02:29:10 mas01 sh[27439]: 2018-05-19 02:29:10 regiond: [info] 192.168.11.15 POST /MAAS/metadata/status/pawaes HTTP/1.1 --> 204 NO_CONTENT (referrer: -; agent: python-requests/2.9.1)
May 19 02:29:10 mas01 sh[27444]: 2018-05-19 02:29:10 regiond: [info] 192.168.11.10 POST /MAAS/metadata/status/xxs8fq HTTP/1.1 --> 204 NO_CONTENT (referrer: -; agent: python-requests/2.9.1)
May 19 02:29:10 mas01 sh[27961]: 2018-05-19 02:29:10 regiond: [info] 192.168.11.10 POST /MAAS/metadata/status/xxs8fq HTTP/1.1 --> 204 NO_CONTENT (referrer: -; agent: python-requests/2.9.1)
May 19 02:29:10 mas01 sh[27961]: 2018-05-19 02:29:10 regiond: [info] 192.168.11.10 POST /MAAS/metadata/status/xxs8fq HTTP/1.1 --> 204 NO_CONTENT (referrer: -; agent: python-requests/2.9.1)
May 19 02:29:10 mas01 sh[27448]: 2018-05-19 02:29:10 regiond: [info] 192.168.11.10 POST /MAAS/metadata/status/xxs8fq HTTP/1.1 --> 204 NO_CONTENT (referrer: -; agent: python-requests/2.9.1)
May 19 02:29:10 mas01 sh[27448]: 2018-05-19 02:29:10 regiond: [info] 192.168.11.10 POST /MAAS/metadata/status/xxs8fq HTTP/1.1 --> 204 NO_CONTENT (referrer: -; agent: python-requests/2.9.1)
May 19 02:29:10 mas01 sh[27448]: 2018-05-19 02:29:10 regiond: [info] 192.168.11.6 POST /MAAS/metadata/status/pmbmek HTTP/1.1 --> 204 NO_CONTENT (referrer: -; agent: python-requests/2.9.1)
May 19 02:29:10 mas01 sh[27439]: 2018-05-19 02:29:10 regiond: [info] 192.168.11.10 POST /MAAS/metadata/status/xxs8fq HTTP/1.1 --> 204 NO_CONTENT (referrer: -; agent: python-requests/2.9.1)
May 19 02:29:10 mas01 sh[27448]: 2018-05-19 02:29:10 regiond: [info] 192.168.11.6 POST /MAAS/metadata/status/pmbmek HTTP/1.1 --> 204 NO_CONTENT (referrer: -; agent: python-requests/2.9.1)
May 19 02:29:10 mas01 sh[27961]: 2018-05-19 02:29:10 regiond: [info] 192.168.11.10 POST /MAAS/metadata/status/xxs8fq HTTP/1.1 --> 204 NO_CONTENT (referrer: -; agent: python-requests/2.9.1)
May 19 02:29:10 mas01 sh[27961]: 2018-05-19 02:29:10 regiond: [info] 192.168.11.6 POST /MAAS/metadata/status/pmbmek HTTP/1.1 --> 204 NO_CONTENT (referrer: -; agent: python-requests/2.9.1)
May 19 02:29:10 mas01 sh[27961]: 2018-05-19 02:29:10 regiond: [info] 192.168.11.10 POST /MAAS/metadata/status/xxs8fq HTTP/1.1 --> 204 NO_CONTENT (referrer: -; agent: python-requests/2.9.1)
May 19 02:29:10 mas01 sh[27448]: 2018-05-19 02:29:10 regiond: [info] 192.168.11.6 POST /MAAS/metadata/status/pmbmek HTTP/1.1 --> 204 NO_CONTENT (referrer: -; agent: python-requests/2.9.1)
May 19 02:29:10 mas01 sh[27961]: 2018-05-19 02:29:10 regiond: [info] 192.168.11.10 POST /MAAS/metadata/status/xxs8fq HTTP/1.1 --> 204 NO_CONTENT (referrer: -; agent: python-requests/2.9.1)
May 19 02:29:10 mas01 sh[27439]: 2018-05-19 02:29:10 regiond: [info] 192.168.11.6 POST /MAAS/metadata/status/pmbmek HTTP/1.1 --> 204 NO_CONTENT (referrer: -; agent: python-requests/2.9.1)
May 19 02:29:10 mas01 sh[27448]: 2018-05-19 02:29:10 regiond: [info] 192.168.11.6 POST /MAAS/metadata/status/pmbmek HTTP/1.1 --> 204 NO_CONTENT (referrer: -; agent: python-requests/2.9.1)
May 19 02:29:10 mas01 sh[27444]: 2018-05-19 02:29:10 regiond: [info] 192.168.11.6 POST /MAAS/metadata/status/pmbmek HTTP/1.1 --> 204 NO_CONTENT (referrer: -; agent: python-requests/2.9.1)
May 19 02:29:10 mas01 sh[27444]: 2018-05-19 02:29:10 regiond: [info] 192.168.11.6 POST /MAAS/metadata/status/pmbmek HTTP/1.1 --> 204 NO_CONTENT (referrer: -; agent: python-requests/2.9.1)
May 19 02:29:10 mas01 sh[27448]: 2018-05-19 02:29:10 regiond: [info] 192.168.11.10 POST /MAAS/metadata/status/xxs8fq HTTP/1.1 --> 204 NO_CONTENT (referrer: -; agent: python-requests/2.9.1)
May 19 02:29:10 mas01 sh[27961]: 2018-05-19 02:29:10 regiond: [info] 192.168.11.6 POST /MAAS/metadata/status/pmbmek HTTP/1.1 --> 204 NO_CONTENT (referrer: -; agent: python-requests/2.9.1)
May 19 02:29:10 mas01 sh[27961]: 2018-05-19 02:29:10 regiond: [info] 192.168.11.10 POST /MAAS/metadata/status/xxs8fq HTTP/1.1 --> 204 NO_CONTENT (referrer: -; agent: python-requests/2.9.1)
May 19 02:29:10 mas01 sh[27961]: 2018-05-19 02:29:10 regiond: [info] 192.168.11.10 POST /MAAS/metadata/status/xxs8fq HTTP/1.1 --> 204 NO_CONTENT (referrer: -; agent: python-requests/2.9.1)
May 19 02:29:10 mas01 sh[27439]: 2018-05-19 02:29:10 regiond: [info] 192.168.11.6 POST /MAAS/metadata/status/pmbmek HTTP/1.1 --> 204 NO_CONTENT (referrer: -; agent: python-requests/2.9.1)
May 19 02:29:10 mas01 sh[27448]: 2018-05-19 02:29:10 regiond: [info] 192.168.11.7 POST /MAAS/metadata/status/kkd6p8 HTTP/1.1 --> 204 NO_CONTENT (referrer: -; agent: python-requests/2.9.1)
May 19 02:29:10 mas01 sh[27439]: 2018-05-19 02:29:10 regiond: [info] 192.168.11.10 POST /MAAS/metadata/status/xxs8fq HTTP/1.1 --> 204 NO_CONTENT (referrer: -; agent: python-requests/2.9.1)
May 19 02:29:10 mas01 sh[27444]: 2018-05-19 02:29:10 regiond: [info] 192.168.11.6 POST /MAAS/metadata/status/pmbmek HTTP/1.1 --> 204 NO_CONTENT (referrer: -; agent: python-requests/2.9.1)
May 19 02:29:10 mas01 sh[27439]: 2018-05-19 02:29:10 regiond: [info] 192.168.11.10 POST /MAAS/metadata/status/xxs8fq HTTP/1.1 --> 204 NO_CONTENT (referrer: -; agent: python-requests/2.9.1)
May 19 02:29:10 mas01 sh[27961]: 2018-05-19 02:29:10 regiond: [info] 192.168.11.7 POST /MAAS/metadata/status/kkd6p8 HTTP/1.1 --> 204 NO_CONTENT (referrer: -; agent: python-requests/2.9.1)
May 19 02:29:10 mas01 sh[27961]: 2018-05-19 02:29:10 regiond: [info] 192.168.11.10 POST /MAAS/metadata/status/xxs8fq HTTP/1.1 --> 204 NO_CONTENT (referrer: -; agent: python-requests/2.9.1)
May 19 02:29:10 mas01 sh[27448]: 2018-05-19 02:29:10 regiond: [info] 192.168.11.7 POST /MAAS/metadata/status/kkd6p8 HTTP/1.1 --> 204 NO_CONTENT (referrer: -; agent: python-requests/2.9.1)
May 19 02:29:10 mas01 sh[27439]: 2018-05-19 02:29:10 regiond: [info] 192.168.11.7 POST /MAAS/metadata/status/kkd6p8 HTTP/1.1 --> 204 NO_CONTENT (referrer: -; agent: python-requests/2.9.1)
May 19 02:29:10 mas01 sh[27444]: 2018-05-19 02:29:10 regiond: [info] 192.168.11.6 POST /MAAS/metadata/status/pmbmek HTTP/1.1 --> 204 NO_CONTENT (referrer: -; agent: python-requests/2.9.1)
