May 17 05:48:55 mas01 sh[32221]: 2018-05-17 05:48:55 regiond: [info] 192.168.11.12 POST /MAAS/metadata/2012-03-01/ HTTP/1.1 --> 200 OK (referrer: -; agent: Python-urllib/3.5)
May 17 05:48:55 mas01 sh[32550]: 2018-05-17 05:48:55 regiond: [info] 192.168.11.14 GET /MAAS/metadata/2012-03-01/maas-scripts/ HTTP/1.1 --> 200 OK (referrer: -; agent: Python-urllib/3.5)
May 17 05:48:55 mas01 sh[32111]: 2018-05-17 05:48:55 regiond: [info] 192.168.11.14 POST /MAAS/metadata/2012-03-01/ HTTP/1.1 --> 200 OK (referrer: -; agent: Python-urllib/3.5)
May 17 05:48:55 mas01 sh[32550]: 2018-05-17 05:48:55 regiond: [info] 192.168.11.12 POST /MAAS/metadata/2012-03-01/ HTTP/1.1 --> 200 OK (referrer: -; agent: Python-urllib/3.5)
May 17 05:48:55 mas01 sh[32221]: 2018-05-17 05:48:55 regiond: [info] 192.168.11.14 POST /MAAS/metadata/2012-03-01/ HTTP/1.1 --> 200 OK (referrer: -; agent: Python-urllib/3.5)
May 17 05:48:55 mas01 sh[32116]: 2018-05-17 05:48:55 regiond: [info] 192.168.11.12 GET /MAAS/metadata/latest/by-id/7cp34r/?op=get_preseed HTTP/1.1 --> 200 OK (referrer: -; agent: curl/7.47.0)
May 17 05:48:55 mas01 sh[32550]: 2018-05-17 05:48:55 regiond: [info] 192.168.11.14 GET /MAAS/metadata/latest/by-id/4acbtf/?op=get_preseed HTTP/1.1 --> 200 OK (referrer: -; agent: curl/7.47.0)
May 17 05:48:55 mas01 sh[32550]: 2018-05-17 05:48:55 regiond: [info] 192.168.11.12 POST /MAAS/metadata/2012-03-01/ HTTP/1.1 --> 200 OK (referrer: -; agent: Python-urllib/3.5)
May 17 05:48:55 mas01 sh[32221]: 2018-05-17 05:48:55 regiond: [info] 192.168.11.14 POST /MAAS/metadata/2012-03-01/ HTTP/1.1 --> 200 OK (referrer: -; agent: Python-urllib/3.5)
May 17 05:48:55 mas01 sh[32550]: 2018-05-17 05:48:55 regiond: [info] 192.168.11.12 POST /MAAS/metadata/2012-03-01/ HTTP/1.1 --> 200 OK (referrer: -; agent: Python-urllib/3.5)
May 17 05:48:55 mas01 sh[32550]: 2018-05-17 05:48:55 regiond: [info] 192.168.11.14 POST /MAAS/metadata/2012-03-01/ HTTP/1.1 --> 200 OK (referrer: -; agent: Python-urllib/3.5)
May 17 05:48:55 mas01 sh[32221]: 2018-05-17 05:48:55 regiond: [info] 192.168.11.12 POST /MAAS/metadata/2012-03-01/ HTTP/1.1 --> 200 OK (referrer: -; agent: Python-urllib/3.5)
May 17 05:48:55 mas01 sh[32221]: 2018-05-17 05:48:55 regiond: [info] 192.168.11.14 POST /MAAS/metadata/2012-03-01/ HTTP/1.1 --> 200 OK (referrer: -; agent: Python-urllib/3.5)
May 17 05:48:55 mas01 sh[32221]: 2018-05-17 05:48:55 regiond: [info] 192.168.11.12 POST /MAAS/metadata/2012-03-01/ HTTP/1.1 --> 200 OK (referrer: -; agent: Python-urllib/3.5)
May 17 05:48:56 mas01 sh[32111]: 2018-05-17 05:48:56 regiond: [info] 192.168.11.14 POST /MAAS/metadata/2012-03-01/ HTTP/1.1 --> 200 OK (referrer: -; agent: Python-urllib/3.5)
May 17 05:48:56 mas01 salt-minion[6305]: [INFO    ] User sudo_ubuntu Executing command state.apply with jid 20180517054856735642
May 17 05:48:56 mas01 salt-minion[6305]: [INFO    ] Starting a new job with PID 2212
May 17 05:48:56 mas01 sh[32116]: 2018-05-17 05:48:56 regiond: [info] 192.168.11.12 POST /MAAS/metadata/2012-03-01/ HTTP/1.1 --> 200 OK (referrer: -; agent: Python-urllib/3.5)
May 17 05:48:56 mas01 sh[32116]: 2018-05-17 05:48:56 regiond: [info] 192.168.11.14 POST /MAAS/metadata/2012-03-01/ HTTP/1.1 --> 200 OK (referrer: -; agent: Python-urllib/3.5)
May 17 05:48:56 mas01 sh[32111]: 2018-05-17 05:48:56 regiond: [info] 192.168.11.12 POST /MAAS/metadata/2012-03-01/ HTTP/1.1 --> 200 OK (referrer: -; agent: Python-urllib/3.5)
May 17 05:48:56 mas01 sh[32221]: 2018-05-17 05:48:56 regiond: [info] 192.168.11.14 POST /MAAS/metadata/2012-03-01/ HTTP/1.1 --> 200 OK (referrer: -; agent: Python-urllib/3.5)
May 17 05:48:56 mas01 sh[32550]: 2018-05-17 05:48:56 regiond: [info] 192.168.11.12 POST /MAAS/metadata/2012-03-01/ HTTP/1.1 --> 200 OK (referrer: -; agent: Python-urllib/3.5)
May 17 05:48:57 mas01 sh[32116]: 2018-05-17 05:48:57 regiond: [info] 192.168.11.14 POST /MAAS/metadata/2012-03-01/ HTTP/1.1 --> 200 OK (referrer: -; agent: Python-urllib/3.5)
May 17 05:48:57 mas01 sh[32116]: 2018-05-17 05:48:57 regiond: [info] 192.168.11.12 POST /MAAS/metadata/2012-03-01/ HTTP/1.1 --> 200 OK (referrer: -; agent: Python-urllib/3.5)
May 17 05:48:57 mas01 sh[32111]: 2018-05-17 05:48:57 regiond: [info] 192.168.11.14 POST /MAAS/metadata/2012-03-01/ HTTP/1.1 --> 200 OK (referrer: -; agent: Python-urllib/3.5)
May 17 05:48:57 mas01 salt-minion[6305]: [INFO    ] Loading fresh modules for state activity
May 17 05:48:57 mas01 salt-minion[6305]: [INFO    ] Running state [maas-region apikey --username opnfv > /var/lib/maas/.maas_credentials] at time 05:48:57.271383
May 17 05:48:57 mas01 salt-minion[6305]: [INFO    ] Executing state cmd.run for maas-region apikey --username opnfv > /var/lib/maas/.maas_credentials
May 17 05:48:57 mas01 salt-minion[6305]: [INFO    ] Executing command 'maas-region apikey --username opnfv > /var/lib/maas/.maas_credentials' in directory '/root'
May 17 05:48:58 mas01 salt-minion[6305]: [INFO    ] {'pid': 2225, 'retcode': 0, 'stderr': '', 'stdout': ''}
May 17 05:48:58 mas01 salt-minion[6305]: [INFO    ] Completed state [maas-region apikey --username opnfv > /var/lib/maas/.maas_credentials] at time 05:48:58.740768 duration_in_ms=1469.385
May 17 05:48:58 mas01 salt-minion[6305]: [INFO    ] Running state [maas.machines_status] at time 05:48:58.742586
May 17 05:48:58 mas01 salt-minion[6305]: [INFO    ] Executing state module.run for maas.machines_status
May 17 05:48:58 mas01 sh[32221]: 2018-05-17 05:48:58 regiond: [info] 192.168.11.14 POST /MAAS/metadata/2012-03-01/ HTTP/1.1 --> 200 OK (referrer: -; agent: Python-urllib/3.5)
May 17 05:48:59 mas01 sh[32116]: 2018-05-17 05:48:59 regiond: [info] 127.0.0.1 GET /MAAS/api/2.0/machines/ HTTP/1.1 --> 200 OK (referrer: -; agent: Python-urllib/2.7)
May 17 05:48:59 mas01 salt-minion[6305]: [INFO    ] {'ret': {'machines': [{'status': 'Commissioning', 'hostname': u'cmp002', 'system_id': u'7cp34r'}, {'status': 'Commissioning', 'hostname': u'cmp001', 'system_id': u'e7mgys'}, {'status': 'Commissioning', 'hostname': u'kvm01', 'system_id': u'4acbtf'}, {'status': 'Commissioning', 'hostname': u'kvm03', 'system_id': u'6tbnac'}, {'status': 'Commissioning', 'hostname': u'kvm02', 'system_id': u'666xsg'}], 'summary': Counter({'Commissioning': 5})}}
May 17 05:48:59 mas01 salt-minion[6305]: [INFO    ] Completed state [maas.machines_status] at time 05:48:59.028862 duration_in_ms=286.273
May 17 05:48:59 mas01 sh[32221]: 2018-05-17 05:48:59 regiond: [info] 192.168.11.12 POST /MAAS/metadata/2012-03-01/ HTTP/1.1 --> 200 OK (referrer: -; agent: Python-urllib/3.5)
May 17 05:48:59 mas01 salt-minion[6305]: [INFO    ] Returning information for job: 20180517054856735642
May 17 05:48:59 mas01 sh[32111]: 2018-05-17 05:48:59 regiond: [info] 192.168.11.14 POST /MAAS/metadata/2012-03-01/ HTTP/1.1 --> 200 OK (referrer: -; agent: Python-urllib/3.5)
May 17 05:48:59 mas01 sh[32550]: 2018-05-17 05:48:59 regiond: [info] 192.168.11.12 POST /MAAS/metadata/2012-03-01/ HTTP/1.1 --> 200 OK (referrer: -; agent: Python-urllib/3.5)
May 17 05:48:59 mas01 sh[32550]: 2018-05-17 05:48:59 regiond: [info] 192.168.11.14 POST /MAAS/metadata/2012-03-01/ HTTP/1.1 --> 200 OK (referrer: -; agent: Python-urllib/3.5)
May 17 05:48:59 mas01 sh[32221]: 2018-05-17 05:48:59 regiond: [info] 192.168.11.12 POST /MAAS/metadata/2012-03-01/ HTTP/1.1 --> 200 OK (referrer: -; agent: Python-urllib/3.5)
May 17 05:48:59 mas01 sh[32221]: 2018-05-17 05:48:59 regiond: [info] 192.168.11.14 POST /MAAS/metadata/2012-03-01/ HTTP/1.1 --> 200 OK (referrer: -; agent: Python-urllib/3.5)
May 17 05:48:59 mas01 sh[32116]: 2018-05-17 05:48:59 regiond: [info] 192.168.11.12 POST /MAAS/metadata/2012-03-01/ HTTP/1.1 --> 200 OK (referrer: -; agent: Python-urllib/3.5)
May 17 05:48:59 mas01 sh[32550]: 2018-05-17 05:48:59 regiond: [info] 192.168.11.14 POST /MAAS/metadata/2012-03-01/ HTTP/1.1 --> 200 OK (referrer: -; agent: Python-urllib/3.5)
May 17 05:48:59 mas01 sh[32221]: 2018-05-17 05:48:59 regiond: [info] 192.168.11.12 POST /MAAS/metadata/2012-03-01/ HTTP/1.1 --> 200 OK (referrer: -; agent: Python-urllib/3.5)
May 17 05:48:59 mas01 sh[32221]: 2018-05-17 05:48:59 regiond: [info] 192.168.11.14 POST /MAAS/metadata/2012-03-01/ HTTP/1.1 --> 200 OK (referrer: -; agent: Python-urllib/3.5)
May 17 05:48:59 mas01 sh[32111]: 2018-05-17 05:48:59 regiond: [info] 192.168.11.12 POST /MAAS/metadata/2012-03-01/ HTTP/1.1 --> 200 OK (referrer: -; agent: Python-urllib/3.5)
May 17 05:48:59 mas01 sh[32221]: 2018-05-17 05:48:59 regiond: [info] 192.168.11.14 POST /MAAS/metadata/2012-03-01/ HTTP/1.1 --> 200 OK (referrer: -; agent: Python-urllib/3.5)
May 17 05:48:59 mas01 sh[32221]: 2018-05-17 05:48:59 regiond: [info] 192.168.11.12 POST /MAAS/metadata/2012-03-01/ HTTP/1.1 --> 200 OK (referrer: -; agent: Python-urllib/3.5)
May 17 05:49:03 mas01 sh[32221]: 2018-05-17 05:49:03 regiond: [info] 192.168.11.15 POST /MAAS/metadata/status/6tbnac HTTP/1.1 --> 204 NO_CONTENT (referrer: -; agent: python-requests/2.9.1)
May 17 05:49:03 mas01 sh[32550]: 2018-05-17 05:49:03 regiond: [info] 192.168.11.15 POST /MAAS/metadata/status/6tbnac HTTP/1.1 --> 204 NO_CONTENT (referrer: -; agent: python-requests/2.9.1)
May 17 05:49:03 mas01 sh[32550]: 2018-05-17 05:49:03 regiond: [info] 192.168.11.15 POST /MAAS/metadata/status/6tbnac HTTP/1.1 --> 204 NO_CONTENT (referrer: -; agent: python-requests/2.9.1)
May 17 05:49:03 mas01 sh[32221]: 2018-05-17 05:49:03 regiond: [info] 192.168.11.15 POST /MAAS/metadata/status/6tbnac HTTP/1.1 --> 204 NO_CONTENT (referrer: -; agent: python-requests/2.9.1)
May 17 05:49:03 mas01 sh[32116]: 2018-05-17 05:49:03 regiond: [info] 192.168.11.15 POST /MAAS/metadata/status/6tbnac HTTP/1.1 --> 204 NO_CONTENT (referrer: -; agent: python-requests/2.9.1)
May 17 05:49:03 mas01 sh[32221]: 2018-05-17 05:49:03 regiond: [info] 192.168.11.15 POST /MAAS/metadata/status/6tbnac HTTP/1.1 --> 204 NO_CONTENT (referrer: -; agent: python-requests/2.9.1)
May 17 05:49:03 mas01 sh[32221]: 2018-05-17 05:49:03 regiond: [info] 192.168.11.15 POST /MAAS/metadata/status/6tbnac HTTP/1.1 --> 204 NO_CONTENT (referrer: -; agent: python-requests/2.9.1)
May 17 05:49:03 mas01 sh[32116]: 2018-05-17 05:49:03 regiond: [info] 192.168.11.15 POST /MAAS/metadata/status/6tbnac HTTP/1.1 --> 204 NO_CONTENT (referrer: -; agent: python-requests/2.9.1)
May 17 05:49:03 mas01 sh[32221]: 2018-05-17 05:49:03 regiond: [info] 192.168.11.15 POST /MAAS/metadata/status/6tbnac HTTP/1.1 --> 204 NO_CONTENT (referrer: -; agent: python-requests/2.9.1)
May 17 05:49:04 mas01 sh[32111]: 2018-05-17 05:49:04 regiond: [info] 192.168.11.13 POST /MAAS/metadata/status/e7mgys HTTP/1.1 --> 204 NO_CONTENT (referrer: -; agent: python-requests/2.9.1)
May 17 05:49:04 mas01 sh[32111]: 2018-05-17 05:49:04 regiond: [info] 192.168.11.13 POST /MAAS/metadata/status/e7mgys HTTP/1.1 --> 204 NO_CONTENT (referrer: -; agent: python-requests/2.9.1)
May 17 05:49:04 mas01 sh[32116]: 2018-05-17 05:49:04 regiond: [info] 192.168.11.13 POST /MAAS/metadata/status/e7mgys HTTP/1.1 --> 204 NO_CONTENT (referrer: -; agent: python-requests/2.9.1)
May 17 05:49:04 mas01 sh[32550]: 2018-05-17 05:49:04 regiond: [info] 192.168.11.13 POST /MAAS/metadata/status/e7mgys HTTP/1.1 --> 204 NO_CONTENT (referrer: -; agent: python-requests/2.9.1)
May 17 05:49:04 mas01 sh[32116]: 2018-05-17 05:49:04 regiond: [info] 192.168.11.13 POST /MAAS/metadata/status/e7mgys HTTP/1.1 --> 204 NO_CONTENT (referrer: -; agent: python-requests/2.9.1)
May 17 05:49:04 mas01 sh[32111]: 2018-05-17 05:49:04 regiond: [info] 192.168.11.13 POST /MAAS/metadata/status/e7mgys HTTP/1.1 --> 204 NO_CONTENT (referrer: -; agent: python-requests/2.9.1)
May 17 05:49:04 mas01 sh[32221]: 2018-05-17 05:49:04 regiond: [info] 192.168.11.13 POST /MAAS/metadata/status/e7mgys HTTP/1.1 --> 204 NO_CONTENT (referrer: -; agent: python-requests/2.9.1)
May 17 05:49:04 mas01 sh[32111]: 2018-05-17 05:49:04 regiond: [info] 192.168.11.13 POST /MAAS/metadata/status/e7mgys HTTP/1.1 --> 204 NO_CONTENT (referrer: -; agent: python-requests/2.9.1)
May 17 05:49:04 mas01 sh[32116]: 2018-05-17 05:49:04 regiond: [info] 192.168.11.13 POST /MAAS/metadata/status/e7mgys HTTP/1.1 --> 204 NO_CONTENT (referrer: -; agent: python-requests/2.9.1)
May 17 05:49:04 mas01 sh[32111]: 2018-05-17 05:49:04 regiond: [info] 192.168.11.15 POST /MAAS/metadata/status/6tbnac HTTP/1.1 --> 204 NO_CONTENT (referrer: -; agent: python-requests/2.9.1)
May 17 05:49:04 mas01 sh[32116]: 2018-05-17 05:49:04 regiond: [info] 192.168.11.13 POST /MAAS/metadata/status/e7mgys HTTP/1.1 --> 204 NO_CONTENT (referrer: -; agent: python-requests/2.9.1)
May 17 05:49:04 mas01 sh[32550]: 2018-05-17 05:49:04 regiond: [info] 192.168.11.13 POST /MAAS/metadata/status/e7mgys HTTP/1.1 --> 204 NO_CONTENT (referrer: -; agent: python-requests/2.9.1)
May 17 05:49:04 mas01 sh[32221]: 2018-05-17 05:49:04 regiond: [info] 192.168.11.15 POST /MAAS/metadata/status/6tbnac HTTP/1.1 --> 204 NO_CONTENT (referrer: -; agent: python-requests/2.9.1)
May 17 05:49:04 mas01 sh[32550]: 2018-05-17 05:49:04 regiond: [info] 192.168.11.13 POST /MAAS/metadata/status/e7mgys HTTP/1.1 --> 204 NO_CONTENT (referrer: -; agent: python-requests/2.9.1)
May 17 05:49:04 mas01 sh[32111]: 2018-05-17 05:49:04 regiond: [info] 192.168.11.15 POST /MAAS/metadata/status/6tbnac HTTP/1.1 --> 204 NO_CONTENT (referrer: -; agent: python-requests/2.9.1)
May 17 05:49:04 mas01 sh[32111]: 2018-05-17 05:49:04 regiond: [info] 192.168.11.13 POST /MAAS/metadata/status/e7mgys HTTP/1.1 --> 204 NO_CONTENT (referrer: -; agent: python-requests/2.9.1)
May 17 05:49:04 mas01 sh[32550]: 2018-05-17 05:49:04 regiond: [info] 192.168.11.15 POST /MAAS/metadata/status/6tbnac HTTP/1.1 --> 204 NO_CONTENT (referrer: -; agent: python-requests/2.9.1)
May 17 05:49:04 mas01 sh[32550]: 2018-05-17 05:49:04 regiond: [info] 192.168.11.13 POST /MAAS/metadata/status/e7mgys HTTP/1.1 --> 204 NO_CONTENT (referrer: -; agent: python-requests/2.9.1)
May 17 05:49:04 mas01 sh[32111]: 2018-05-17 05:49:04 regiond: [info] 192.168.11.15 POST /MAAS/metadata/status/6tbnac HTTP/1.1 --> 204 NO_CONTENT (referrer: -; agent: python-requests/2.9.1)
May 17 05:49:04 mas01 sh[32221]: 2018-05-17 05:49:04 regiond: [info] 192.168.11.13 POST /MAAS/metadata/status/e7mgys HTTP/1.1 --> 204 NO_CONTENT (referrer: -; agent: python-requests/2.9.1)
May 17 05:49:04 mas01 sh[32111]: 2018-05-17 05:49:04 regiond: [info] 192.168.11.15 POST /MAAS/metadata/status/6tbnac HTTP/1.1 --> 204 NO_CONTENT (referrer: -; agent: python-requests/2.9.1)
May 17 05:49:04 mas01 sh[32221]: 2018-05-17 05:49:04 regiond: [info] 192.168.11.13 POST /MAAS/metadata/status/e7mgys HTTP/1.1 --> 204 NO_CONTENT (referrer: -; agent: python-requests/2.9.1)
May 17 05:49:04 mas01 sh[32116]: 2018-05-17 05:49:04 regiond: [info] 192.168.11.15 POST /MAAS/metadata/status/6tbnac HTTP/1.1 --> 204 NO_CONTENT (referrer: -; agent: python-requests/2.9.1)
May 17 05:49:04 mas01 sh[32111]: 2018-05-17 05:49:04 regiond: [info] 192.168.11.13 POST /MAAS/metadata/status/e7mgys HTTP/1.1 --> 204 NO_CONTENT (referrer: -; agent: python-requests/2.9.1)
May 17 05:49:04 mas01 sh[32550]: 2018-05-17 05:49:04 regiond: [info] 192.168.11.15 POST /MAAS/metadata/status/6tbnac HTTP/1.1 --> 204 NO_CONTENT (referrer: -; agent: python-requests/2.9.1)
May 17 05:49:04 mas01 sh[32550]: 2018-05-17 05:49:04 regiond: [info] 192.168.11.13 POST /MAAS/metadata/status/e7mgys HTTP/1.1 --> 204 NO_CONTENT (referrer: -; agent: python-requests/2.9.1)
May 17 05:49:04 mas01 sh[32116]: 2018-05-17 05:49:04 regiond: [info] 192.168.11.15 POST /MAAS/metadata/status/6tbnac HTTP/1.1 --> 204 NO_CONTENT (referrer: -; agent: python-requests/2.9.1)
May 17 05:49:04 mas01 sh[32550]: 2018-05-17 05:49:04 regiond: [info] 192.168.11.13 POST /MAAS/metadata/status/e7mgys HTTP/1.1 --> 204 NO_CONTENT (referrer: -; agent: python-requests/2.9.1)
May 17 05:49:04 mas01 sh[32550]: 2018-05-17 05:49:04 regiond: [info] 192.168.11.15 POST /MAAS/metadata/status/6tbnac HTTP/1.1 --> 204 NO_CONTENT (referrer: -; agent: python-requests/2.9.1)
May 17 05:49:04 mas01 sh[32221]: 2018-05-17 05:49:04 regiond: [info] 192.168.11.13 POST /MAAS/metadata/status/e7mgys HTTP/1.1 --> 204 NO_CONTENT (referrer: -; agent: python-requests/2.9.1)
May 17 05:49:04 mas01 sh[32221]: 2018-05-17 05:49:04 regiond: [info] 192.168.11.15 POST /MAAS/metadata/status/6tbnac HTTP/1.1 --> 204 NO_CONTENT (referrer: -; agent: python-requests/2.9.1)
May 17 05:49:04 mas01 sh[32550]: 2018-05-17 05:49:04 regiond: [info] 192.168.11.13 POST /MAAS/metadata/status/e7mgys HTTP/1.1 --> 204 NO_CONTENT (referrer: -; agent: python-requests/2.9.1)
May 17 05:49:04 mas01 sh[32221]: 2018-05-17 05:49:04 regiond: [info] 192.168.11.15 POST /MAAS/metadata/status/6tbnac HTTP/1.1 --> 204 NO_CONTENT (referrer: -; agent: python-requests/2.9.1)
May 17 05:49:04 mas01 sh[32221]: 2018-05-17 05:49:04 regiond: [info] 192.168.11.13 POST /MAAS/metadata/status/e7mgys HTTP/1.1 --> 204 NO_CONTENT (referrer: -; agent: python-requests/2.9.1)
May 17 05:49:04 mas01 sh[32116]: 2018-05-17 05:49:04 regiond: [info] 192.168.11.15 POST /MAAS/metadata/status/6tbnac HTTP/1.1 --> 204 NO_CONTENT (referrer: -; agent: python-requests/2.9.1)
May 17 05:49:04 mas01 sh[32111]: 2018-05-17 05:49:04 regiond: [info] 192.168.11.13 POST /MAAS/metadata/status/e7mgys HTTP/1.1 --> 204 NO_CONTENT (referrer: -; agent: python-requests/2.9.1)
May 17 05:49:04 mas01 sh[32116]: 2018-05-17 05:49:04 regiond: [info] 192.168.11.15 POST /MAAS/metadata/status/6tbnac HTTP/1.1 --> 204 NO_CONTENT (referrer: -; agent: python-requests/2.9.1)
May 17 05:49:04 mas01 sh[32550]: 2018-05-17 05:49:04 regiond: [info] 192.168.11.13 POST /MAAS/metadata/status/e7mgys HTTP/1.1 --> 204 NO_CONTENT (referrer: -; agent: python-requests/2.9.1)
May 17 05:49:04 mas01 sh[32111]: 2018-05-17 05:49:04 regiond: [info] 192.168.11.15 POST /MAAS/metadata/status/6tbnac HTTP/1.1 --> 204 NO_CONTENT (referrer: -; agent: python-requests/2.9.1)
May 17 05:49:04 mas01 sh[32116]: 2018-05-17 05:49:04 regiond: [info] 192.168.11.13 POST /MAAS/metadata/status/e7mgys HTTP/1.1 --> 204 NO_CONTENT (referrer: -; agent: python-requests/2.9.1)
May 17 05:49:04 mas01 sh[32550]: 2018-05-17 05:49:04 regiond: [info] 192.168.11.15 POST /MAAS/metadata/status/6tbnac HTTP/1.1 --> 204 NO_CONTENT (referrer: -; agent: python-requests/2.9.1)
May 17 05:49:04 mas01 sh[32111]: 2018-05-17 05:49:04 regiond: [info] 192.168.11.13 POST /MAAS/metadata/status/e7mgys HTTP/1.1 --> 204 NO_CONTENT (referrer: -; agent: python-requests/2.9.1)
May 17 05:49:04 mas01 sh[32221]: 2018-05-17 05:49:04 regiond: [info] 192.168.11.15 POST /MAAS/metadata/status/6tbnac HTTP/1.1 --> 204 NO_CONTENT (referrer: -; agent: python-requests/2.9.1)
May 17 05:49:04 mas01 sh[32111]: 2018-05-17 05:49:04 regiond: [info] 192.168.11.13 POST /MAAS/metadata/status/e7mgys HTTP/1.1 --> 204 NO_CONTENT (referrer: -; agent: python-requests/2.9.1)
May 17 05:49:04 mas01 sh[32550]: 2018-05-17 05:49:04 regiond: [info] 192.168.11.15 POST /MAAS/metadata/status/6tbnac HTTP/1.1 --> 204 NO_CONTENT (referrer: -; agent: python-requests/2.9.1)
May 17 05:49:04 mas01 sh[32116]: 2018-05-17 05:49:04 regiond: [info] 192.168.11.13 POST /MAAS/metadata/status/e7mgys HTTP/1.1 --> 204 NO_CONTENT (referrer: -; agent: python-requests/2.9.1)
May 17 05:49:04 mas01 sh[32116]: 2018-05-17 05:49:04 regiond: [info] 192.168.11.15 POST /MAAS/metadata/status/6tbnac HTTP/1.1 --> 204 NO_CONTENT (referrer: -; agent: python-requests/2.9.1)
May 17 05:49:04 mas01 sh[32111]: 2018-05-17 05:49:04 regiond: [info] 192.168.11.13 POST /MAAS/metadata/status/e7mgys HTTP/1.1 --> 204 NO_CONTENT (referrer: -; agent: python-requests/2.9.1)
May 17 05:49:04 mas01 sh[32111]: 2018-05-17 05:49:04 regiond: [info] 192.168.11.15 POST /MAAS/metadata/status/6tbnac HTTP/1.1 --> 204 NO_CONTENT (referrer: -; agent: python-requests/2.9.1)
May 17 05:49:04 mas01 sh[32550]: 2018-05-17 05:49:04 regiond: [info] 192.168.11.13 POST /MAAS/metadata/status/e7mgys HTTP/1.1 --> 204 NO_CONTENT (referrer: -; agent: python-requests/2.9.1)
May 17 05:49:04 mas01 sh[32221]: 2018-05-17 05:49:04 regiond: [info] 192.168.11.15 POST /MAAS/metadata/status/6tbnac HTTP/1.1 --> 204 NO_CONTENT (referrer: -; agent: python-requests/2.9.1)
May 17 05:49:04 mas01 sh[32111]: 2018-05-17 05:49:04 regiond: [info] 192.168.11.13 POST /MAAS/metadata/status/e7mgys HTTP/1.1 --> 204 NO_CONTENT (referrer: -; agent: python-requests/2.9.1)
May 17 05:49:04 mas01 sh[32550]: 2018-05-17 05:49:04 regiond: [info] 192.168.11.15 POST /MAAS/metadata/status/6tbnac HTTP/1.1 --> 204 NO_CONTENT (referrer: -; agent: python-requests/2.9.1)
May 17 05:49:04 mas01 sh[32221]: 2018-05-17 05:49:04 regiond: [info] 192.168.11.13 POST /MAAS/metadata/status/e7mgys HTTP/1.1 --> 204 NO_CONTENT (referrer: -; agent: python-requests/2.9.1)
May 17 05:49:04 mas01 sh[32111]: 2018-05-17 05:49:04 regiond: [info] 192.168.11.15 POST /MAAS/metadata/status/6tbnac HTTP/1.1 --> 204 NO_CONTENT (referrer: -; agent: python-requests/2.9.1)
May 17 05:49:04 mas01 sh[32221]: 2018-05-17 05:49:04 regiond: [info] 192.168.11.13 POST /MAAS/metadata/status/e7mgys HTTP/1.1 --> 204 NO_CONTENT (referrer: -; agent: python-requests/2.9.1)
May 17 05:49:04 mas01 sh[32116]: 2018-05-17 05:49:04 regiond: [info] 192.168.11.15 POST /MAAS/metadata/status/6tbnac HTTP/1.1 --> 204 NO_CONTENT (referrer: -; agent: python-requests/2.9.1)
May 17 05:49:04 mas01 sh[32221]: 2018-05-17 05:49:04 regiond: [info] 192.168.11.13 POST /MAAS/metadata/status/e7mgys HTTP/1.1 --> 204 NO_CONTENT (referrer: -; agent: python-requests/2.9.1)
May 17 05:49:04 mas01 sh[32116]: 2018-05-17 05:49:04 regiond: [info] 192.168.11.15 POST /MAAS/metadata/status/6tbnac HTTP/1.1 --> 204 NO_CONTENT (referrer: -; agent: python-requests/2.9.1)
May 17 05:49:04 mas01 sh[32111]: 2018-05-17 05:49:04 regiond: [info] 192.168.11.13 POST /MAAS/metadata/status/e7mgys HTTP/1.1 --> 204 NO_CONTENT (referrer: -; agent: python-requests/2.9.1)
May 17 05:49:04 mas01 sh[32116]: 2018-05-17 05:49:04 regiond: [info] 192.168.11.15 POST /MAAS/metadata/status/6tbnac HTTP/1.1 --> 204 NO_CONTENT (referrer: -; agent: python-requests/2.9.1)
May 17 05:49:04 mas01 sh[32111]: 2018-05-17 05:49:04 regiond: [info] 192.168.11.13 POST /MAAS/metadata/status/e7mgys HTTP/1.1 --> 204 NO_CONTENT (referrer: -; agent: python-requests/2.9.1)
May 17 05:49:04 mas01 sh[32221]: 2018-05-17 05:49:04 regiond: [info] 192.168.11.15 POST /MAAS/metadata/status/6tbnac HTTP/1.1 --> 204 NO_CONTENT (referrer: -; agent: python-requests/2.9.1)
May 17 05:49:04 mas01 sh[32550]: 2018-05-17 05:49:04 regiond: [info] 192.168.11.13 POST /MAAS/metadata/status/e7mgys HTTP/1.1 --> 204 NO_CONTENT (referrer: -; agent: python-requests/2.9.1)
May 17 05:49:04 mas01 sh[32111]: 2018-05-17 05:49:04 regiond: [info] 192.168.11.15 POST /MAAS/metadata/status/6tbnac HTTP/1.1 --> 204 NO_CONTENT (referrer: -; agent: python-requests/2.9.1)
May 17 05:49:04 mas01 sh[32116]: 2018-05-17 05:49:04 regiond: [info] 192.168.11.13 POST /MAAS/metadata/status/e7mgys HTTP/1.1 --> 204 NO_CONTENT (referrer: -; agent: python-requests/2.9.1)
May 17 05:49:04 mas01 sh[32550]: 2018-05-17 05:49:04 regiond: [info] 192.168.11.15 POST /MAAS/metadata/status/6tbnac HTTP/1.1 --> 204 NO_CONTENT (referrer: -; agent: python-requests/2.9.1)
May 17 05:49:04 mas01 sh[32116]: 2018-05-17 05:49:04 regiond: [info] 192.168.11.13 POST /MAAS/metadata/status/e7mgys HTTP/1.1 --> 204 NO_CONTENT (referrer: -; agent: python-requests/2.9.1)
May 17 05:49:04 mas01 sh[32221]: 2018-05-17 05:49:04 regiond: [info] 192.168.11.15 POST /MAAS/metadata/status/6tbnac HTTP/1.1 --> 204 NO_CONTENT (referrer: -; agent: python-requests/2.9.1)
May 17 05:49:09 mas01 sh[32550]: 2018-05-17 05:49:09 regiond: [info] 192.168.11.14 POST /MAAS/metadata/2012-03-01/ HTTP/1.1 --> 200 OK (referrer: -; agent: Python-urllib/3.5)
May 17 05:49:09 mas01 sh[32111]: 2018-05-17 05:49:09 regiond: [info] 192.168.11.12 POST /MAAS/metadata/2012-03-01/ HTTP/1.1 --> 200 OK (referrer: -; agent: Python-urllib/3.5)
May 17 05:49:09 mas01 sh[32116]: 2018-05-17 05:49:09 regiond: [info] 192.168.11.12 POST /MAAS/metadata/2012-03-01/ HTTP/1.1 --> 200 OK (referrer: -; agent: Python-urllib/3.5)
May 17 05:49:09 mas01 sh[32116]: 2018-05-17 05:49:09 regiond: [info] 192.168.11.14 POST /MAAS/metadata/2012-03-01/ HTTP/1.1 --> 200 OK (referrer: -; agent: Python-urllib/3.5)
May 17 05:49:09 mas01 sh[32221]: 2018-05-17 05:49:09 regiond: [info] 192.168.11.13 GET /MAAS/metadata/2012-03-01/maas-scripts/ HTTP/1.1 --> 200 OK (referrer: -; agent: Python-urllib/3.5)
May 17 05:49:09 mas01 sh[32221]: 2018-05-17 05:49:09 regiond: [info] 192.168.11.13 POST /MAAS/metadata/2012-03-01/ HTTP/1.1 --> 200 OK (referrer: -; agent: Python-urllib/3.5)
May 17 05:49:09 mas01 sh[32116]: 2018-05-17 05:49:09 regiond: [info] 192.168.11.13 POST /MAAS/metadata/2012-03-01/ HTTP/1.1 --> 200 OK (referrer: -; agent: Python-urllib/3.5)
May 17 05:49:09 mas01 sh[32221]: 2018-05-17 05:49:09 regiond: [info] 192.168.11.15 GET /MAAS/metadata/2012-03-01/maas-scripts/ HTTP/1.1 --> 200 OK (referrer: -; agent: Python-urllib/3.5)
May 17 05:49:09 mas01 sh[32116]: 2018-05-17 05:49:09 regiond: [info] 192.168.11.14 POST /MAAS/metadata/2012-03-01/ HTTP/1.1 --> 200 OK (referrer: -; agent: Python-urllib/3.5)
May 17 05:49:09 mas01 sh[32221]: 2018-05-17 05:49:09 regiond: [info] 192.168.11.15 POST /MAAS/metadata/2012-03-01/ HTTP/1.1 --> 200 OK (referrer: -; agent: Python-urllib/3.5)
May 17 05:49:09 mas01 sh[32550]: 2018-05-17 05:49:09 regiond: [info] 192.168.11.14 POST /MAAS/metadata/2012-03-01/ HTTP/1.1 --> 200 OK (referrer: -; agent: Python-urllib/3.5)
May 17 05:49:09 mas01 sh[32221]: 2018-05-17 05:49:09 regiond: [info] 192.168.11.12 POST /MAAS/metadata/2012-03-01/ HTTP/1.1 --> 200 OK (referrer: -; agent: Python-urllib/3.5)
May 17 05:49:09 mas01 sh[32221]: 2018-05-17 05:49:09 regiond: [info] 192.168.11.13 GET /MAAS/metadata/latest/by-id/e7mgys/?op=get_preseed HTTP/1.1 --> 200 OK (referrer: -; agent: curl/7.47.0)
May 17 05:49:09 mas01 sh[32221]: 2018-05-17 05:49:09 regiond: [info] 192.168.11.15 POST /MAAS/metadata/2012-03-01/ HTTP/1.1 --> 200 OK (referrer: -; agent: Python-urllib/3.5)
May 17 05:49:09 mas01 sh[32111]: 2018-05-17 05:49:09 regiond: [info] 192.168.11.12 POST /MAAS/metadata/2012-03-01/ HTTP/1.1 --> 200 OK (referrer: -; agent: Python-urllib/3.5)
May 17 05:49:09 mas01 sh[32550]: 2018-05-17 05:49:09 regiond: [info] 192.168.11.14 POST /MAAS/metadata/2012-03-01/ HTTP/1.1 --> 200 OK (referrer: -; agent: Python-urllib/3.5)
May 17 05:49:09 mas01 salt-minion[6305]: [INFO    ] User sudo_ubuntu Executing command state.apply with jid 20180517054909644041
May 17 05:49:09 mas01 sh[32111]: 2018-05-17 05:49:09 regiond: [info] 192.168.11.14 POST /MAAS/metadata/2012-03-01/ HTTP/1.1 --> 200 OK (referrer: -; agent: Python-urllib/3.5)
May 17 05:49:09 mas01 salt-minion[6305]: [INFO    ] Starting a new job with PID 2281
May 17 05:49:09 mas01 sh[32116]: 2018-05-17 05:49:09 regiond: [info] 192.168.11.12 POST /MAAS/metadata/2012-03-01/ HTTP/1.1 --> 200 OK (referrer: -; agent: Python-urllib/3.5)
May 17 05:49:09 mas01 sh[32221]: 2018-05-17 05:49:09 regiond: [info] 192.168.11.15 GET /MAAS/metadata/latest/by-id/6tbnac/?op=get_preseed HTTP/1.1 --> 200 OK (referrer: -; agent: curl/7.47.0)
May 17 05:49:09 mas01 sh[32111]: 2018-05-17 05:49:09 regiond: [info] 192.168.11.12 POST /MAAS/metadata/2012-03-01/ HTTP/1.1 --> 200 OK (referrer: -; agent: Python-urllib/3.5)
May 17 05:49:09 mas01 sh[32116]: 2018-05-17 05:49:09 regiond: [info] 192.168.11.13 POST /MAAS/metadata/2012-03-01/ HTTP/1.1 --> 200 OK (referrer: -; agent: Python-urllib/3.5)
May 17 05:49:10 mas01 sh[32221]: 2018-05-17 05:49:10 regiond: [info] 192.168.11.13 POST /MAAS/metadata/2012-03-01/ HTTP/1.1 --> 200 OK (referrer: -; agent: Python-urllib/3.5)
May 17 05:49:10 mas01 sh[32221]: 2018-05-17 05:49:10 regiond: [info] 192.168.11.13 POST /MAAS/metadata/2012-03-01/ HTTP/1.1 --> 200 OK (referrer: -; agent: Python-urllib/3.5)
May 17 05:49:10 mas01 sh[32111]: 2018-05-17 05:49:10 regiond: [info] 192.168.11.15 POST /MAAS/metadata/2012-03-01/ HTTP/1.1 --> 200 OK (referrer: -; agent: Python-urllib/3.5)
May 17 05:49:10 mas01 sh[32116]: 2018-05-17 05:49:10 regiond: [info] 192.168.11.13 POST /MAAS/metadata/2012-03-01/ HTTP/1.1 --> 200 OK (referrer: -; agent: Python-urllib/3.5)
May 17 05:49:10 mas01 sh[32550]: 2018-05-17 05:49:10 regiond: [info] 192.168.11.15 POST /MAAS/metadata/2012-03-01/ HTTP/1.1 --> 200 OK (referrer: -; agent: Python-urllib/3.5)
May 17 05:49:10 mas01 sh[32550]: 2018-05-17 05:49:10 regiond: [info] 192.168.11.15 POST /MAAS/metadata/2012-03-01/ HTTP/1.1 --> 200 OK (referrer: -; agent: Python-urllib/3.5)
May 17 05:49:10 mas01 sh[32221]: 2018-05-17 05:49:10 regiond: [info] 192.168.11.15 POST /MAAS/metadata/2012-03-01/ HTTP/1.1 --> 200 OK (referrer: -; agent: Python-urllib/3.5)
May 17 05:49:11 mas01 sh[32221]: 2018-05-17 05:49:11 regiond: [info] 192.168.11.13 POST /MAAS/metadata/2012-03-01/ HTTP/1.1 --> 200 OK (referrer: -; agent: Python-urllib/3.5)
May 17 05:49:11 mas01 sh[32111]: 2018-05-17 05:49:11 regiond: [info] 192.168.11.13 POST /MAAS/metadata/2012-03-01/ HTTP/1.1 --> 200 OK (referrer: -; agent: Python-urllib/3.5)
May 17 05:49:11 mas01 sh[32116]: 2018-05-17 05:49:11 regiond: [info] 192.168.11.15 POST /MAAS/metadata/2012-03-01/ HTTP/1.1 --> 200 OK (referrer: -; agent: Python-urllib/3.5)
May 17 05:49:11 mas01 sh[32116]: 2018-05-17 05:49:11 regiond: [info] 192.168.11.13 POST /MAAS/metadata/2012-03-01/ HTTP/1.1 --> 200 OK (referrer: -; agent: Python-urllib/3.5)
May 17 05:49:11 mas01 sh[32221]: 2018-05-17 05:49:11 regiond: [info] 192.168.11.15 POST /MAAS/metadata/2012-03-01/ HTTP/1.1 --> 200 OK (referrer: -; agent: Python-urllib/3.5)
May 17 05:49:11 mas01 sh[32221]: 2018-05-17 05:49:11 regiond: [info] 192.168.11.13 POST /MAAS/metadata/2012-03-01/ HTTP/1.1 --> 200 OK (referrer: -; agent: Python-urllib/3.5)
May 17 05:49:11 mas01 sh[32221]: 2018-05-17 05:49:11 regiond: [info] 192.168.11.15 POST /MAAS/metadata/2012-03-01/ HTTP/1.1 --> 200 OK (referrer: -; agent: Python-urllib/3.5)
May 17 05:49:11 mas01 salt-minion[6305]: [INFO    ] Loading fresh modules for state activity
May 17 05:49:11 mas01 sh[32550]: 2018-05-17 05:49:11 regiond: [info] 192.168.11.15 POST /MAAS/metadata/2012-03-01/ HTTP/1.1 --> 200 OK (referrer: -; agent: Python-urllib/3.5)
May 17 05:49:11 mas01 salt-minion[6305]: [INFO    ] Running state [maas-region apikey --username opnfv > /var/lib/maas/.maas_credentials] at time 05:49:11.538755
May 17 05:49:11 mas01 salt-minion[6305]: [INFO    ] Executing state cmd.run for maas-region apikey --username opnfv > /var/lib/maas/.maas_credentials
May 17 05:49:11 mas01 salt-minion[6305]: [INFO    ] Executing command 'maas-region apikey --username opnfv > /var/lib/maas/.maas_credentials' in directory '/root'
May 17 05:49:13 mas01 salt-minion[6305]: [INFO    ] {'pid': 2315, 'retcode': 0, 'stderr': '', 'stdout': ''}
May 17 05:49:13 mas01 salt-minion[6305]: [INFO    ] Completed state [maas-region apikey --username opnfv > /var/lib/maas/.maas_credentials] at time 05:49:13.086111 duration_in_ms=1547.358
May 17 05:49:13 mas01 salt-minion[6305]: [INFO    ] Running state [maas.machines_status] at time 05:49:13.087186
May 17 05:49:13 mas01 salt-minion[6305]: [INFO    ] Executing state module.run for maas.machines_status
May 17 05:49:13 mas01 sh[32550]: 2018-05-17 05:49:13 regiond: [info] 192.168.11.13 POST /MAAS/metadata/2012-03-01/ HTTP/1.1 --> 200 OK (referrer: -; agent: Python-urllib/3.5)
May 17 05:49:13 mas01 sh[32221]: 2018-05-17 05:49:13 regiond: [info] 192.168.11.15 POST /MAAS/metadata/2012-03-01/ HTTP/1.1 --> 200 OK (referrer: -; agent: Python-urllib/3.5)
May 17 05:49:13 mas01 sh[32221]: 2018-05-17 05:49:13 regiond: [info] 192.168.11.13 POST /MAAS/metadata/2012-03-01/ HTTP/1.1 --> 200 OK (referrer: -; agent: Python-urllib/3.5)
May 17 05:49:13 mas01 sh[32116]: 2018-05-17 05:49:13 regiond: [info] 192.168.11.13 POST /MAAS/metadata/2012-03-01/ HTTP/1.1 --> 200 OK (referrer: -; agent: Python-urllib/3.5)
May 17 05:49:13 mas01 sh[32221]: 2018-05-17 05:49:13 regiond: [info] 192.168.11.15 POST /MAAS/metadata/2012-03-01/ HTTP/1.1 --> 200 OK (referrer: -; agent: Python-urllib/3.5)
May 17 05:49:13 mas01 sh[32550]: 2018-05-17 05:49:13 regiond: [info] 127.0.0.1 GET /MAAS/api/2.0/machines/ HTTP/1.1 --> 200 OK (referrer: -; agent: Python-urllib/2.7)
May 17 05:49:13 mas01 salt-minion[6305]: [INFO    ] {'ret': {'machines': [{'status': 'Commissioning', 'hostname': u'cmp002', 'system_id': u'7cp34r'}, {'status': 'Commissioning', 'hostname': u'cmp001', 'system_id': u'e7mgys'}, {'status': 'Commissioning', 'hostname': u'kvm01', 'system_id': u'4acbtf'}, {'status': 'Commissioning', 'hostname': u'kvm03', 'system_id': u'6tbnac'}, {'status': 'Commissioning', 'hostname': u'kvm02', 'system_id': u'666xsg'}], 'summary': Counter({'Commissioning': 5})}}
May 17 05:49:13 mas01 salt-minion[6305]: [INFO    ] Completed state [maas.machines_status] at time 05:49:13.591900 duration_in_ms=504.711
May 17 05:49:13 mas01 salt-minion[6305]: [INFO    ] Returning information for job: 20180517054909644041
May 17 05:49:13 mas01 sh[32221]: 2018-05-17 05:49:13 regiond: [info] 192.168.11.15 POST /MAAS/metadata/2012-03-01/ HTTP/1.1 --> 200 OK (referrer: -; agent: Python-urllib/3.5)
May 17 05:49:13 mas01 sh[32221]: 2018-05-17 05:49:13 regiond: [info] 192.168.11.13 POST /MAAS/metadata/2012-03-01/ HTTP/1.1 --> 200 OK (referrer: -; agent: Python-urllib/3.5)
May 17 05:49:13 mas01 sh[32111]: 2018-05-17 05:49:13 regiond: [info] 192.168.11.13 POST /MAAS/metadata/2012-03-01/ HTTP/1.1 --> 200 OK (referrer: -; agent: Python-urllib/3.5)
May 17 05:49:13 mas01 sh[32221]: 2018-05-17 05:49:13 regiond: [info] 192.168.11.15 POST /MAAS/metadata/2012-03-01/ HTTP/1.1 --> 200 OK (referrer: -; agent: Python-urllib/3.5)
May 17 05:49:13 mas01 sh[32116]: 2018-05-17 05:49:13 regiond: [info] 192.168.11.15 POST /MAAS/metadata/2012-03-01/ HTTP/1.1 --> 200 OK (referrer: -; agent: Python-urllib/3.5)
May 17 05:49:14 mas01 sh[32550]: 2018-05-17 05:49:14 regiond: [info] 192.168.11.13 POST /MAAS/metadata/2012-03-01/ HTTP/1.1 --> 200 OK (referrer: -; agent: Python-urllib/3.5)
May 17 05:49:14 mas01 sh[32111]: 2018-05-17 05:49:14 regiond: [info] 192.168.11.13 POST /MAAS/metadata/2012-03-01/ HTTP/1.1 --> 200 OK (referrer: -; agent: Python-urllib/3.5)
May 17 05:49:14 mas01 sh[32550]: 2018-05-17 05:49:14 regiond: [info] 192.168.11.15 POST /MAAS/metadata/2012-03-01/ HTTP/1.1 --> 200 OK (referrer: -; agent: Python-urllib/3.5)
May 17 05:49:14 mas01 sh[32221]: 2018-05-17 05:49:14 regiond: [info] 192.168.11.15 POST /MAAS/metadata/2012-03-01/ HTTP/1.1 --> 200 OK (referrer: -; agent: Python-urllib/3.5)
May 17 05:49:18 mas01 sh[32221]: 2018-05-17 05:49:18 regiond: [info] 127.0.0.1 GET /MAAS/rpc/ HTTP/1.0 --> 200 OK (referrer: -; agent: provisioningserver.rpc.clusterservice.ClusterClientService)
May 17 05:49:23 mas01 sh[32116]: 2018-05-17 05:49:23 regiond: [info] 192.168.11.13 POST /MAAS/metadata/2012-03-01/ HTTP/1.1 --> 200 OK (referrer: -; agent: Python-urllib/3.5)
May 17 05:49:23 mas01 sh[32111]: 2018-05-17 05:49:23 regiond: [info] 192.168.11.15 POST /MAAS/metadata/2012-03-01/ HTTP/1.1 --> 200 OK (referrer: -; agent: Python-urllib/3.5)
May 17 05:49:23 mas01 sh[32116]: 2018-05-17 05:49:23 regiond: [info] 192.168.11.13 POST /MAAS/metadata/2012-03-01/ HTTP/1.1 --> 200 OK (referrer: -; agent: Python-urllib/3.5)
May 17 05:49:23 mas01 sh[32221]: 2018-05-17 05:49:23 regiond: [info] 192.168.11.15 POST /MAAS/metadata/2012-03-01/ HTTP/1.1 --> 200 OK (referrer: -; agent: Python-urllib/3.5)
May 17 05:49:23 mas01 sh[32111]: 2018-05-17 05:49:23 regiond: [info] 192.168.11.13 POST /MAAS/metadata/2012-03-01/ HTTP/1.1 --> 200 OK (referrer: -; agent: Python-urllib/3.5)
May 17 05:49:23 mas01 sh[32111]: 2018-05-17 05:49:23 regiond: [info] 192.168.11.15 POST /MAAS/metadata/2012-03-01/ HTTP/1.1 --> 200 OK (referrer: -; agent: Python-urllib/3.5)
May 17 05:49:23 mas01 sh[32111]: 2018-05-17 05:49:23 regiond: [info] 192.168.11.13 POST /MAAS/metadata/2012-03-01/ HTTP/1.1 --> 200 OK (referrer: -; agent: Python-urllib/3.5)
May 17 05:49:23 mas01 sh[32111]: 2018-05-17 05:49:23 regiond: [info] 192.168.11.15 POST /MAAS/metadata/2012-03-01/ HTTP/1.1 --> 200 OK (referrer: -; agent: Python-urllib/3.5)
May 17 05:49:23 mas01 sh[32221]: 2018-05-17 05:49:23 regiond: [info] 192.168.11.13 POST /MAAS/metadata/2012-03-01/ HTTP/1.1 --> 200 OK (referrer: -; agent: Python-urllib/3.5)
May 17 05:49:23 mas01 sh[32116]: 2018-05-17 05:49:23 regiond: [info] 192.168.11.15 POST /MAAS/metadata/2012-03-01/ HTTP/1.1 --> 200 OK (referrer: -; agent: Python-urllib/3.5)
May 17 05:49:23 mas01 sh[32221]: 2018-05-17 05:49:23 regiond: [info] 192.168.11.13 POST /MAAS/metadata/2012-03-01/ HTTP/1.1 --> 200 OK (referrer: -; agent: Python-urllib/3.5)
May 17 05:49:23 mas01 sh[32111]: 2018-05-17 05:49:23 regiond: [info] 192.168.11.15 POST /MAAS/metadata/2012-03-01/ HTTP/1.1 --> 200 OK (referrer: -; agent: Python-urllib/3.5)
May 17 05:49:24 mas01 salt-minion[6305]: [INFO    ] User sudo_ubuntu Executing command state.apply with jid 20180517054924190358
May 17 05:49:24 mas01 salt-minion[6305]: [INFO    ] Starting a new job with PID 2503
May 17 05:49:24 mas01 salt-minion[6305]: [INFO    ] Loading fresh modules for state activity
May 17 05:49:24 mas01 salt-minion[6305]: [INFO    ] Running state [maas-region apikey --username opnfv > /var/lib/maas/.maas_credentials] at time 05:49:24.758359
May 17 05:49:24 mas01 salt-minion[6305]: [INFO    ] Executing state cmd.run for maas-region apikey --username opnfv > /var/lib/maas/.maas_credentials
May 17 05:49:24 mas01 salt-minion[6305]: [INFO    ] Executing command 'maas-region apikey --username opnfv > /var/lib/maas/.maas_credentials' in directory '/root'
May 17 05:49:26 mas01 salt-minion[6305]: [INFO    ] {'pid': 2510, 'retcode': 0, 'stderr': '', 'stdout': ''}
May 17 05:49:26 mas01 salt-minion[6305]: [INFO    ] Completed state [maas-region apikey --username opnfv > /var/lib/maas/.maas_credentials] at time 05:49:26.458671 duration_in_ms=1700.312
May 17 05:49:26 mas01 salt-minion[6305]: [INFO    ] Running state [maas.machines_status] at time 05:49:26.459878
May 17 05:49:26 mas01 salt-minion[6305]: [INFO    ] Executing state module.run for maas.machines_status
May 17 05:49:26 mas01 sh[32116]: 2018-05-17 05:49:26 regiond: [info] 127.0.0.1 GET /MAAS/api/2.0/machines/ HTTP/1.1 --> 200 OK (referrer: -; agent: Python-urllib/2.7)
May 17 05:49:26 mas01 salt-minion[6305]: [INFO    ] {'ret': {'machines': [{'status': 'Commissioning', 'hostname': u'cmp002', 'system_id': u'7cp34r'}, {'status': 'Commissioning', 'hostname': u'cmp001', 'system_id': u'e7mgys'}, {'status': 'Commissioning', 'hostname': u'kvm01', 'system_id': u'4acbtf'}, {'status': 'Commissioning', 'hostname': u'kvm03', 'system_id': u'6tbnac'}, {'status': 'Commissioning', 'hostname': u'kvm02', 'system_id': u'666xsg'}], 'summary': Counter({'Commissioning': 5})}}
May 17 05:49:26 mas01 salt-minion[6305]: [INFO    ] Completed state [maas.machines_status] at time 05:49:26.828146 duration_in_ms=368.267
May 17 05:49:26 mas01 salt-minion[6305]: [INFO    ] Returning information for job: 20180517054924190358
May 17 05:49:37 mas01 salt-minion[6305]: [INFO    ] User sudo_ubuntu Executing command state.apply with jid 20180517054937461470
May 17 05:49:37 mas01 salt-minion[6305]: [INFO    ] Starting a new job with PID 2885
May 17 05:49:39 mas01 salt-minion[6305]: [INFO    ] Loading fresh modules for state activity
May 17 05:49:39 mas01 salt-minion[6305]: [INFO    ] Running state [maas-region apikey --username opnfv > /var/lib/maas/.maas_credentials] at time 05:49:39.298745
May 17 05:49:39 mas01 salt-minion[6305]: [INFO    ] Executing state cmd.run for maas-region apikey --username opnfv > /var/lib/maas/.maas_credentials
May 17 05:49:39 mas01 salt-minion[6305]: [INFO    ] Executing command 'maas-region apikey --username opnfv > /var/lib/maas/.maas_credentials' in directory '/root'
May 17 05:49:40 mas01 salt-minion[6305]: [INFO    ] {'pid': 2892, 'retcode': 0, 'stderr': '', 'stdout': ''}
May 17 05:49:40 mas01 salt-minion[6305]: [INFO    ] Completed state [maas-region apikey --username opnfv > /var/lib/maas/.maas_credentials] at time 05:49:40.732436 duration_in_ms=1433.69
May 17 05:49:40 mas01 salt-minion[6305]: [INFO    ] Running state [maas.machines_status] at time 05:49:40.735091
May 17 05:49:40 mas01 salt-minion[6305]: [INFO    ] Executing state module.run for maas.machines_status
May 17 05:49:41 mas01 salt-minion[6305]: [INFO    ] {'ret': {'machines': [{'status': 'Commissioning', 'hostname': u'cmp002', 'system_id': u'7cp34r'}, {'status': 'Commissioning', 'hostname': u'cmp001', 'system_id': u'e7mgys'}, {'status': 'Commissioning', 'hostname': u'kvm01', 'system_id': u'4acbtf'}, {'status': 'Commissioning', 'hostname': u'kvm03', 'system_id': u'6tbnac'}, {'status': 'Commissioning', 'hostname': u'kvm02', 'system_id': u'666xsg'}], 'summary': Counter({'Commissioning': 5})}}
May 17 05:49:41 mas01 salt-minion[6305]: [INFO    ] Completed state [maas.machines_status] at time 05:49:41.089673 duration_in_ms=354.582
May 17 05:49:41 mas01 salt-minion[6305]: [INFO    ] Returning information for job: 20180517054937461470
May 17 05:49:41 mas01 sh[32111]: 2018-05-17 05:49:41 regiond: [info] 192.168.11.8 POST /MAAS/metadata/2012-03-01/ HTTP/1.1 --> 200 OK (referrer: -; agent: Python-urllib/3.5)
May 17 05:49:41 mas01 sh[32111]: message repeated 2 times: [ 2018-05-17 05:49:41 regiond: [info] 192.168.11.8 POST /MAAS/metadata/2012-03-01/ HTTP/1.1 --> 200 OK (referrer: -; agent: Python-urllib/3.5)]
May 17 05:49:41 mas01 sh[32550]: 2018-05-17 05:49:41 regiond: [info] 192.168.11.8 POST /MAAS/metadata/2012-03-01/ HTTP/1.1 --> 200 OK (referrer: -; agent: Python-urllib/3.5)
May 17 05:49:41 mas01 sh[32550]: 2018-05-17 05:49:41 regiond: [info] 192.168.11.8 POST /MAAS/metadata/2012-03-01/ HTTP/1.1 --> 200 OK (referrer: -; agent: Python-urllib/3.5)
May 17 05:49:41 mas01 named[32036]: received control channel command 'reload'
May 17 05:49:41 mas01 named[32036]: loading configuration from '/etc/bind/named.conf'
May 17 05:49:41 mas01 named[32036]: reading built-in trusted keys from file '/etc/bind/bind.keys'
May 17 05:49:41 mas01 named[32036]: initializing GeoIP Country (IPv4) (type 1) DB
May 17 05:49:41 mas01 named[32036]: GEO-106FREE 20160408 Bu
May 17 05:49:41 mas01 named[32036]: initializing GeoIP Country (IPv6) (type 12) DB
May 17 05:49:41 mas01 named[32036]: GEO-106FREE 20160408 Bu
May 17 05:49:41 mas01 named[32036]: GeoIP City (IPv4) (type 2) DB not available
May 17 05:49:41 mas01 named[32036]: GeoIP City (IPv4) (type 6) DB not available
May 17 05:49:41 mas01 named[32036]: GeoIP City (IPv6) (type 30) DB not available
May 17 05:49:41 mas01 named[32036]: GeoIP City (IPv6) (type 31) DB not available
May 17 05:49:41 mas01 named[32036]: GeoIP Region (type 3) DB not available
May 17 05:49:41 mas01 named[32036]: GeoIP Region (type 7) DB not available
May 17 05:49:41 mas01 named[32036]: GeoIP ISP (type 4) DB not available
May 17 05:49:41 mas01 named[32036]: GeoIP Org (type 5) DB not available
May 17 05:49:41 mas01 named[32036]: GeoIP AS (type 9) DB not available
May 17 05:49:41 mas01 named[32036]: GeoIP Domain (type 11) DB not available
May 17 05:49:41 mas01 named[32036]: GeoIP NetSpeed (type 10) DB not available
May 17 05:49:41 mas01 named[32036]: using default UDP/IPv4 port range: [32768, 60999]
May 17 05:49:41 mas01 named[32036]: using default UDP/IPv6 port range: [32768, 60999]
May 17 05:49:41 mas01 named[32036]: sizing zone task pool based on 9 zones
May 17 05:49:41 mas01 named[32036]: automatic empty zone: 10.IN-ADDR.ARPA
May 17 05:49:41 mas01 named[32036]: automatic empty zone: 16.172.IN-ADDR.ARPA
May 17 05:49:41 mas01 named[32036]: automatic empty zone: 17.172.IN-ADDR.ARPA
May 17 05:49:41 mas01 named[32036]: automatic empty zone: 18.172.IN-ADDR.ARPA
May 17 05:49:41 mas01 named[32036]: automatic empty zone: 19.172.IN-ADDR.ARPA
May 17 05:49:41 mas01 named[32036]: automatic empty zone: 20.172.IN-ADDR.ARPA
May 17 05:49:41 mas01 named[32036]: automatic empty zone: 21.172.IN-ADDR.ARPA
May 17 05:49:41 mas01 named[32036]: automatic empty zone: 22.172.IN-ADDR.ARPA
May 17 05:49:41 mas01 named[32036]: automatic empty zone: 23.172.IN-ADDR.ARPA
May 17 05:49:41 mas01 named[32036]: automatic empty zone: 24.172.IN-ADDR.ARPA
May 17 05:49:41 mas01 named[32036]: automatic empty zone: 25.172.IN-ADDR.ARPA
May 17 05:49:41 mas01 named[32036]: automatic empty zone: 26.172.IN-ADDR.ARPA
May 17 05:49:41 mas01 named[32036]: automatic empty zone: 27.172.IN-ADDR.ARPA
May 17 05:49:41 mas01 named[32036]: automatic empty zone: 28.172.IN-ADDR.ARPA
May 17 05:49:41 mas01 named[32036]: automatic empty zone: 29.172.IN-ADDR.ARPA
May 17 05:49:41 mas01 named[32036]: automatic empty zone: 30.172.IN-ADDR.ARPA
May 17 05:49:41 mas01 named[32036]: automatic empty zone: 31.172.IN-ADDR.ARPA
May 17 05:49:41 mas01 named[32036]: automatic empty zone: 168.192.IN-ADDR.ARPA
May 17 05:49:41 mas01 named[32036]: automatic empty zone: 64.100.IN-ADDR.ARPA
May 17 05:49:41 mas01 named[32036]: automatic empty zone: 65.100.IN-ADDR.ARPA
May 17 05:49:41 mas01 named[32036]: automatic empty zone: 66.100.IN-ADDR.ARPA
May 17 05:49:41 mas01 named[32036]: automatic empty zone: 67.100.IN-ADDR.ARPA
May 17 05:49:41 mas01 named[32036]: automatic empty zone: 68.100.IN-ADDR.ARPA
May 17 05:49:41 mas01 named[32036]: automatic empty zone: 69.100.IN-ADDR.ARPA
May 17 05:49:41 mas01 named[32036]: automatic empty zone: 70.100.IN-ADDR.ARPA
May 17 05:49:41 mas01 named[32036]: automatic empty zone: 71.100.IN-ADDR.ARPA
May 17 05:49:41 mas01 named[32036]: automatic empty zone: 72.100.IN-ADDR.ARPA
May 17 05:49:41 mas01 named[32036]: automatic empty zone: 73.100.IN-ADDR.ARPA
May 17 05:49:41 mas01 named[32036]: automatic empty zone: 74.100.IN-ADDR.ARPA
May 17 05:49:41 mas01 named[32036]: automatic empty zone: 75.100.IN-ADDR.ARPA
May 17 05:49:41 mas01 named[32036]: automatic empty zone: 76.100.IN-ADDR.ARPA
May 17 05:49:41 mas01 named[32036]: automatic empty zone: 77.100.IN-ADDR.ARPA
May 17 05:49:41 mas01 named[32036]: automatic empty zone: 78.100.IN-ADDR.ARPA
May 17 05:49:41 mas01 named[32036]: automatic empty zone: 79.100.IN-ADDR.ARPA
May 17 05:49:41 mas01 named[32036]: automatic empty zone: 80.100.IN-ADDR.ARPA
May 17 05:49:41 mas01 named[32036]: automatic empty zone: 81.100.IN-ADDR.ARPA
May 17 05:49:41 mas01 named[32036]: automatic empty zone: 82.100.IN-ADDR.ARPA
May 17 05:49:41 mas01 named[32036]: automatic empty zone: 83.100.IN-ADDR.ARPA
May 17 05:49:41 mas01 named[32036]: automatic empty zone: 84.100.IN-ADDR.ARPA
May 17 05:49:41 mas01 named[32036]: automatic empty zone: 85.100.IN-ADDR.ARPA
May 17 05:49:41 mas01 named[32036]: automatic empty zone: 86.100.IN-ADDR.ARPA
May 17 05:49:41 mas01 named[32036]: automatic empty zone: 87.100.IN-ADDR.ARPA
May 17 05:49:41 mas01 named[32036]: automatic empty zone: 88.100.IN-ADDR.ARPA
May 17 05:49:41 mas01 named[32036]: automatic empty zone: 89.100.IN-ADDR.ARPA
May 17 05:49:41 mas01 named[32036]: automatic empty zone: 90.100.IN-ADDR.ARPA
May 17 05:49:41 mas01 named[32036]: automatic empty zone: 91.100.IN-ADDR.ARPA
May 17 05:49:41 mas01 named[32036]: automatic empty zone: 92.100.IN-ADDR.ARPA
May 17 05:49:41 mas01 named[32036]: automatic empty zone: 93.100.IN-ADDR.ARPA
May 17 05:49:41 mas01 named[32036]: automatic empty zone: 94.100.IN-ADDR.ARPA
May 17 05:49:41 mas01 named[32036]: automatic empty zone: 95.100.IN-ADDR.ARPA
May 17 05:49:41 mas01 named[32036]: automatic empty zone: 96.100.IN-ADDR.ARPA
May 17 05:49:41 mas01 named[32036]: automatic empty zone: 97.100.IN-ADDR.ARPA
May 17 05:49:41 mas01 named[32036]: automatic empty zone: 98.100.IN-ADDR.ARPA
May 17 05:49:41 mas01 named[32036]: automatic empty zone: 99.100.IN-ADDR.ARPA
May 17 05:49:41 mas01 named[32036]: automatic empty zone: 100.100.IN-ADDR.ARPA
May 17 05:49:41 mas01 named[32036]: automatic empty zone: 101.100.IN-ADDR.ARPA
May 17 05:49:41 mas01 named[32036]: automatic empty zone: 102.100.IN-ADDR.ARPA
May 17 05:49:41 mas01 named[32036]: automatic empty zone: 103.100.IN-ADDR.ARPA
May 17 05:49:41 mas01 named[32036]: automatic empty zone: 104.100.IN-ADDR.ARPA
May 17 05:49:41 mas01 named[32036]: automatic empty zone: 105.100.IN-ADDR.ARPA
May 17 05:49:41 mas01 named[32036]: automatic empty zone: 106.100.IN-ADDR.ARPA
May 17 05:49:41 mas01 named[32036]: automatic empty zone: 107.100.IN-ADDR.ARPA
May 17 05:49:41 mas01 named[32036]: automatic empty zone: 108.100.IN-ADDR.ARPA
May 17 05:49:41 mas01 named[32036]: automatic empty zone: 109.100.IN-ADDR.ARPA
May 17 05:49:41 mas01 named[32036]: automatic empty zone: 110.100.IN-ADDR.ARPA
May 17 05:49:41 mas01 named[32036]: automatic empty zone: 111.100.IN-ADDR.ARPA
May 17 05:49:41 mas01 named[32036]: automatic empty zone: 112.100.IN-ADDR.ARPA
May 17 05:49:41 mas01 named[32036]: automatic empty zone: 113.100.IN-ADDR.ARPA
May 17 05:49:41 mas01 named[32036]: automatic empty zone: 114.100.IN-ADDR.ARPA
May 17 05:49:41 mas01 named[32036]: automatic empty zone: 115.100.IN-ADDR.ARPA
May 17 05:49:41 mas01 named[32036]: automatic empty zone: 116.100.IN-ADDR.ARPA
May 17 05:49:41 mas01 named[32036]: automatic empty zone: 117.100.IN-ADDR.ARPA
May 17 05:49:41 mas01 named[32036]: automatic empty zone: 118.100.IN-ADDR.ARPA
May 17 05:49:41 mas01 named[32036]: automatic empty zone: 119.100.IN-ADDR.ARPA
May 17 05:49:41 mas01 named[32036]: automatic empty zone: 120.100.IN-ADDR.ARPA
May 17 05:49:41 mas01 named[32036]: automatic empty zone: 121.100.IN-ADDR.ARPA
May 17 05:49:41 mas01 named[32036]: automatic empty zone: 122.100.IN-ADDR.ARPA
May 17 05:49:41 mas01 named[32036]: automatic empty zone: 123.100.IN-ADDR.ARPA
May 17 05:49:41 mas01 named[32036]: automatic empty zone: 124.100.IN-ADDR.ARPA
May 17 05:49:41 mas01 named[32036]: automatic empty zone: 125.100.IN-ADDR.ARPA
May 17 05:49:41 mas01 named[32036]: automatic empty zone: 126.100.IN-ADDR.ARPA
May 17 05:49:41 mas01 named[32036]: automatic empty zone: 127.100.IN-ADDR.ARPA
May 17 05:49:41 mas01 named[32036]: automatic empty zone: 254.169.IN-ADDR.ARPA
May 17 05:49:41 mas01 named[32036]: automatic empty zone: 2.0.192.IN-ADDR.ARPA
