May 17 05:48:19 mas01 named[32036]: using default UDP/IPv6 port range: [32768, 60999]
May 17 05:48:19 mas01 named[32036]: sizing zone task pool based on 9 zones
May 17 05:48:19 mas01 named[32036]: automatic empty zone: 10.IN-ADDR.ARPA
May 17 05:48:19 mas01 named[32036]: automatic empty zone: 16.172.IN-ADDR.ARPA
May 17 05:48:19 mas01 named[32036]: automatic empty zone: 17.172.IN-ADDR.ARPA
May 17 05:48:19 mas01 named[32036]: automatic empty zone: 18.172.IN-ADDR.ARPA
May 17 05:48:19 mas01 named[32036]: automatic empty zone: 19.172.IN-ADDR.ARPA
May 17 05:48:19 mas01 named[32036]: automatic empty zone: 20.172.IN-ADDR.ARPA
May 17 05:48:19 mas01 named[32036]: automatic empty zone: 21.172.IN-ADDR.ARPA
May 17 05:48:19 mas01 named[32036]: automatic empty zone: 22.172.IN-ADDR.ARPA
May 17 05:48:19 mas01 named[32036]: automatic empty zone: 23.172.IN-ADDR.ARPA
May 17 05:48:19 mas01 named[32036]: automatic empty zone: 24.172.IN-ADDR.ARPA
May 17 05:48:19 mas01 named[32036]: automatic empty zone: 25.172.IN-ADDR.ARPA
May 17 05:48:19 mas01 named[32036]: automatic empty zone: 26.172.IN-ADDR.ARPA
May 17 05:48:19 mas01 named[32036]: automatic empty zone: 27.172.IN-ADDR.ARPA
May 17 05:48:19 mas01 named[32036]: automatic empty zone: 28.172.IN-ADDR.ARPA
May 17 05:48:19 mas01 named[32036]: automatic empty zone: 29.172.IN-ADDR.ARPA
May 17 05:48:19 mas01 named[32036]: automatic empty zone: 30.172.IN-ADDR.ARPA
May 17 05:48:19 mas01 named[32036]: automatic empty zone: 31.172.IN-ADDR.ARPA
May 17 05:48:19 mas01 named[32036]: automatic empty zone: 168.192.IN-ADDR.ARPA
May 17 05:48:19 mas01 named[32036]: automatic empty zone: 64.100.IN-ADDR.ARPA
May 17 05:48:19 mas01 named[32036]: automatic empty zone: 65.100.IN-ADDR.ARPA
May 17 05:48:19 mas01 named[32036]: automatic empty zone: 66.100.IN-ADDR.ARPA
May 17 05:48:19 mas01 named[32036]: automatic empty zone: 67.100.IN-ADDR.ARPA
May 17 05:48:19 mas01 named[32036]: automatic empty zone: 68.100.IN-ADDR.ARPA
May 17 05:48:19 mas01 named[32036]: automatic empty zone: 69.100.IN-ADDR.ARPA
May 17 05:48:19 mas01 named[32036]: automatic empty zone: 70.100.IN-ADDR.ARPA
May 17 05:48:19 mas01 named[32036]: automatic empty zone: 71.100.IN-ADDR.ARPA
May 17 05:48:19 mas01 named[32036]: automatic empty zone: 72.100.IN-ADDR.ARPA
May 17 05:48:19 mas01 named[32036]: automatic empty zone: 73.100.IN-ADDR.ARPA
May 17 05:48:19 mas01 named[32036]: automatic empty zone: 74.100.IN-ADDR.ARPA
May 17 05:48:19 mas01 named[32036]: automatic empty zone: 75.100.IN-ADDR.ARPA
May 17 05:48:19 mas01 named[32036]: automatic empty zone: 76.100.IN-ADDR.ARPA
May 17 05:48:19 mas01 named[32036]: automatic empty zone: 77.100.IN-ADDR.ARPA
May 17 05:48:19 mas01 named[32036]: automatic empty zone: 78.100.IN-ADDR.ARPA
May 17 05:48:19 mas01 named[32036]: automatic empty zone: 79.100.IN-ADDR.ARPA
May 17 05:48:19 mas01 named[32036]: automatic empty zone: 80.100.IN-ADDR.ARPA
May 17 05:48:19 mas01 named[32036]: automatic empty zone: 81.100.IN-ADDR.ARPA
May 17 05:48:19 mas01 named[32036]: automatic empty zone: 82.100.IN-ADDR.ARPA
May 17 05:48:19 mas01 named[32036]: automatic empty zone: 83.100.IN-ADDR.ARPA
May 17 05:48:19 mas01 named[32036]: automatic empty zone: 84.100.IN-ADDR.ARPA
May 17 05:48:19 mas01 named[32036]: automatic empty zone: 85.100.IN-ADDR.ARPA
May 17 05:48:19 mas01 named[32036]: automatic empty zone: 86.100.IN-ADDR.ARPA
May 17 05:48:19 mas01 named[32036]: automatic empty zone: 87.100.IN-ADDR.ARPA
May 17 05:48:19 mas01 named[32036]: automatic empty zone: 88.100.IN-ADDR.ARPA
May 17 05:48:19 mas01 named[32036]: automatic empty zone: 89.100.IN-ADDR.ARPA
May 17 05:48:19 mas01 named[32036]: automatic empty zone: 90.100.IN-ADDR.ARPA
May 17 05:48:19 mas01 named[32036]: automatic empty zone: 91.100.IN-ADDR.ARPA
May 17 05:48:19 mas01 named[32036]: automatic empty zone: 92.100.IN-ADDR.ARPA
May 17 05:48:19 mas01 named[32036]: automatic empty zone: 93.100.IN-ADDR.ARPA
May 17 05:48:19 mas01 named[32036]: automatic empty zone: 94.100.IN-ADDR.ARPA
May 17 05:48:19 mas01 named[32036]: automatic empty zone: 95.100.IN-ADDR.ARPA
May 17 05:48:19 mas01 named[32036]: automatic empty zone: 96.100.IN-ADDR.ARPA
May 17 05:48:19 mas01 named[32036]: automatic empty zone: 97.100.IN-ADDR.ARPA
May 17 05:48:19 mas01 named[32036]: automatic empty zone: 98.100.IN-ADDR.ARPA
May 17 05:48:19 mas01 named[32036]: automatic empty zone: 99.100.IN-ADDR.ARPA
May 17 05:48:19 mas01 named[32036]: automatic empty zone: 100.100.IN-ADDR.ARPA
May 17 05:48:19 mas01 named[32036]: automatic empty zone: 101.100.IN-ADDR.ARPA
May 17 05:48:19 mas01 named[32036]: automatic empty zone: 102.100.IN-ADDR.ARPA
May 17 05:48:19 mas01 named[32036]: automatic empty zone: 103.100.IN-ADDR.ARPA
May 17 05:48:19 mas01 named[32036]: automatic empty zone: 104.100.IN-ADDR.ARPA
May 17 05:48:19 mas01 named[32036]: automatic empty zone: 105.100.IN-ADDR.ARPA
May 17 05:48:19 mas01 named[32036]: automatic empty zone: 106.100.IN-ADDR.ARPA
May 17 05:48:19 mas01 named[32036]: automatic empty zone: 107.100.IN-ADDR.ARPA
May 17 05:48:19 mas01 named[32036]: automatic empty zone: 108.100.IN-ADDR.ARPA
May 17 05:48:19 mas01 named[32036]: automatic empty zone: 109.100.IN-ADDR.ARPA
May 17 05:48:19 mas01 named[32036]: automatic empty zone: 110.100.IN-ADDR.ARPA
May 17 05:48:19 mas01 named[32036]: automatic empty zone: 111.100.IN-ADDR.ARPA
May 17 05:48:19 mas01 named[32036]: automatic empty zone: 112.100.IN-ADDR.ARPA
May 17 05:48:19 mas01 named[32036]: automatic empty zone: 113.100.IN-ADDR.ARPA
May 17 05:48:19 mas01 named[32036]: automatic empty zone: 114.100.IN-ADDR.ARPA
May 17 05:48:19 mas01 named[32036]: automatic empty zone: 115.100.IN-ADDR.ARPA
May 17 05:48:19 mas01 named[32036]: automatic empty zone: 116.100.IN-ADDR.ARPA
May 17 05:48:19 mas01 named[32036]: automatic empty zone: 117.100.IN-ADDR.ARPA
May 17 05:48:19 mas01 named[32036]: automatic empty zone: 118.100.IN-ADDR.ARPA
May 17 05:48:19 mas01 named[32036]: automatic empty zone: 119.100.IN-ADDR.ARPA
May 17 05:48:19 mas01 named[32036]: automatic empty zone: 120.100.IN-ADDR.ARPA
May 17 05:48:19 mas01 named[32036]: automatic empty zone: 121.100.IN-ADDR.ARPA
May 17 05:48:19 mas01 named[32036]: automatic empty zone: 122.100.IN-ADDR.ARPA
May 17 05:48:19 mas01 named[32036]: automatic empty zone: 123.100.IN-ADDR.ARPA
May 17 05:48:19 mas01 named[32036]: automatic empty zone: 124.100.IN-ADDR.ARPA
May 17 05:48:19 mas01 named[32036]: automatic empty zone: 125.100.IN-ADDR.ARPA
May 17 05:48:19 mas01 named[32036]: automatic empty zone: 126.100.IN-ADDR.ARPA
May 17 05:48:19 mas01 named[32036]: automatic empty zone: 127.100.IN-ADDR.ARPA
May 17 05:48:19 mas01 named[32036]: automatic empty zone: 254.169.IN-ADDR.ARPA
May 17 05:48:19 mas01 named[32036]: automatic empty zone: 2.0.192.IN-ADDR.ARPA
May 17 05:48:19 mas01 named[32036]: automatic empty zone: 100.51.198.IN-ADDR.ARPA
May 17 05:48:19 mas01 named[32036]: automatic empty zone: 113.0.203.IN-ADDR.ARPA
May 17 05:48:19 mas01 named[32036]: automatic empty zone: 255.255.255.255.IN-ADDR.ARPA
May 17 05:48:19 mas01 named[32036]: automatic empty zone: 0.0.0.0.0.0.0.0.0.0.0.0.0.0.0.0.0.0.0.0.0.0.0.0.0.0.0.0.0.0.0.0.IP6.ARPA
May 17 05:48:19 mas01 named[32036]: automatic empty zone: 1.0.0.0.0.0.0.0.0.0.0.0.0.0.0.0.0.0.0.0.0.0.0.0.0.0.0.0.0.0.0.0.IP6.ARPA
May 17 05:48:19 mas01 named[32036]: automatic empty zone: D.F.IP6.ARPA
May 17 05:48:19 mas01 named[32036]: automatic empty zone: 8.E.F.IP6.ARPA
May 17 05:48:19 mas01 named[32036]: automatic empty zone: 9.E.F.IP6.ARPA
May 17 05:48:19 mas01 named[32036]: automatic empty zone: A.E.F.IP6.ARPA
May 17 05:48:19 mas01 named[32036]: automatic empty zone: B.E.F.IP6.ARPA
May 17 05:48:19 mas01 named[32036]: automatic empty zone: 8.B.D.0.1.0.0.2.IP6.ARPA
May 17 05:48:19 mas01 named[32036]: automatic empty zone: EMPTY.AS112.ARPA
May 17 05:48:19 mas01 named[32036]: configuring command channel from '/etc/bind/rndc.key'
May 17 05:48:19 mas01 named[32036]: reloading configuration succeeded
May 17 05:48:19 mas01 named[32036]: reloading zones succeeded
May 17 05:48:19 mas01 named[32036]: zone 4.167.10.in-addr.arpa/IN: loaded serial 42
May 17 05:48:19 mas01 named[32036]: zone 0.20.10.in-addr.arpa/IN: loaded serial 42
May 17 05:48:19 mas01 named[32036]: all zones loaded
May 17 05:48:19 mas01 named[32036]: running
May 17 05:48:19 mas01 named[32036]: zone 11.168.192.in-addr.arpa/IN: loaded serial 42
May 17 05:48:19 mas01 named[32036]: zone mcp-pike-ovs-dpdk-ha.local/IN: loaded serial 42
May 17 05:48:20 mas01 sh[31715]: 2018-05-17 05:48:20 provisioningserver.rackdservices.tftp: [info] ubuntu/amd64/hwe-16.04/xenial/daily/boot-initrd requested by 00:25:b5:a0:00:4a
May 17 05:48:23 mas01 sh[32550]: 2018-05-17 05:48:23 maasserver.region_controller: [info] Reloaded DNS configuration; ip 192.168.11.15 connected to kvm03 on eth0
May 17 05:48:26 mas01 dhcpd[1423]: DHCPDISCOVER from 00:25:b5:a0:00:6a via ens5
May 17 05:48:26 mas01 dhcpd[1423]: DHCPOFFER on 192.168.11.12 to 00:25:b5:a0:00:6a (cmp002) via ens5
May 17 05:48:26 mas01 dhcpd[1423]: execute_statement argv[0] = /usr/sbin/maas-dhcp-helper
May 17 05:48:26 mas01 dhcpd[1423]: execute_statement argv[1] = notify
May 17 05:48:26 mas01 dhcpd[1423]: execute_statement argv[2] = --action
May 17 05:48:26 mas01 dhcpd[1423]: execute_statement argv[3] = commit
May 17 05:48:26 mas01 dhcpd[1423]: execute_statement argv[4] = --mac
May 17 05:48:26 mas01 dhcpd[1423]: execute_statement argv[5] = 0:25:b5:a0:0:6a
May 17 05:48:26 mas01 dhcpd[1423]: execute_statement argv[6] = --ip-family
May 17 05:48:26 mas01 dhcpd[1423]: execute_statement argv[7] = ipv4
May 17 05:48:26 mas01 dhcpd[1423]: execute_statement argv[8] = --ip
May 17 05:48:26 mas01 dhcpd[1423]: execute_statement argv[9] = 192.168.11.12
May 17 05:48:26 mas01 dhcpd[1423]: execute_statement argv[10] = --lease-time
May 17 05:48:26 mas01 dhcpd[1423]: execute_statement argv[11] = 600
May 17 05:48:26 mas01 dhcpd[1423]: execute_statement argv[12] = --hostname
May 17 05:48:26 mas01 dhcpd[1423]: execute_statement argv[13] = cmp002
May 17 05:48:26 mas01 dhcpd[1423]: execute_statement argv[14] = --socket
May 17 05:48:26 mas01 dhcpd[1423]: execute_statement argv[15] = /var/lib/maas/dhcpd.sock
May 17 05:48:26 mas01 dhcpd[1423]: DHCPREQUEST for 192.168.11.12 (192.168.11.3) from 00:25:b5:a0:00:6a (cmp002) via ens5
May 17 05:48:26 mas01 dhcpd[1423]: DHCPACK on 192.168.11.12 to 00:25:b5:a0:00:6a (cmp002) via ens5
May 17 05:48:26 mas01 dhcpd[1423]: DHCPDISCOVER from 00:25:b5:a0:00:2a via ens5
May 17 05:48:26 mas01 dhcpd[1423]: DHCPOFFER on 192.168.11.14 to 00:25:b5:a0:00:2a (kvm01) via ens5
May 17 05:48:26 mas01 dhcpd[1423]: execute_statement argv[0] = /usr/sbin/maas-dhcp-helper
May 17 05:48:26 mas01 dhcpd[1423]: execute_statement argv[1] = notify
May 17 05:48:26 mas01 dhcpd[1423]: execute_statement argv[2] = --action
May 17 05:48:26 mas01 dhcpd[1423]: execute_statement argv[3] = commit
May 17 05:48:26 mas01 dhcpd[1423]: execute_statement argv[4] = --mac
May 17 05:48:26 mas01 dhcpd[1423]: execute_statement argv[5] = 0:25:b5:a0:0:2a
May 17 05:48:26 mas01 dhcpd[1423]: execute_statement argv[6] = --ip-family
May 17 05:48:26 mas01 dhcpd[1423]: execute_statement argv[7] = ipv4
May 17 05:48:26 mas01 dhcpd[1423]: execute_statement argv[8] = --ip
May 17 05:48:26 mas01 dhcpd[1423]: execute_statement argv[9] = 192.168.11.14
May 17 05:48:26 mas01 dhcpd[1423]: execute_statement argv[10] = --lease-time
May 17 05:48:26 mas01 dhcpd[1423]: execute_statement argv[11] = 600
May 17 05:48:26 mas01 dhcpd[1423]: execute_statement argv[12] = --hostname
May 17 05:48:26 mas01 dhcpd[1423]: execute_statement argv[13] = kvm01
May 17 05:48:26 mas01 dhcpd[1423]: execute_statement argv[14] = --socket
May 17 05:48:26 mas01 dhcpd[1423]: execute_statement argv[15] = /var/lib/maas/dhcpd.sock
May 17 05:48:26 mas01 sh[32550]: 2018-05-17 05:48:26 maasserver.rpc.leases: [info] Lease update: commit for 192.168.11.12 on 0:25:b5:a0:0:6a at 2018-05-17 05:48:26 (lease time: 600s) (hostname: cmp002)
May 17 05:48:26 mas01 dhcpd[1423]: DHCPREQUEST for 192.168.11.14 (192.168.11.3) from 00:25:b5:a0:00:2a (kvm01) via ens5
May 17 05:48:26 mas01 dhcpd[1423]: DHCPACK on 192.168.11.14 to 00:25:b5:a0:00:2a (kvm01) via ens5
May 17 05:48:26 mas01 sh[32116]: 2018-05-17 05:48:26 maasserver.rpc.leases: [info] Lease update: commit for 192.168.11.14 on 0:25:b5:a0:0:2a at 2018-05-17 05:48:26 (lease time: 600s) (hostname: kvm01)
May 17 05:48:27 mas01 sh[31715]: 2018-05-17 05:48:27 rackd: [info] 192.168.11.12 GET /images/ubuntu/amd64/hwe-16.04/xenial/daily/squashfs HTTP/1.1 --> 200 OK (referrer: -; agent: Wget)
May 17 05:48:27 mas01 sh[31715]: 2018-05-17 05:48:27 rackd: [info] 192.168.11.14 GET /images/ubuntu/amd64/hwe-16.04/xenial/daily/squashfs HTTP/1.1 --> 200 OK (referrer: -; agent: Wget)
May 17 05:48:29 mas01 sh[32550]: 2018-05-17 05:48:29 regiond: [info] 192.168.11.8 POST /MAAS/metadata/status/666xsg HTTP/1.1 --> 204 NO_CONTENT (referrer: -; agent: python-requests/2.9.1)
May 17 05:48:29 mas01 sh[32111]: 2018-05-17 05:48:29 regiond: [info] 192.168.11.8 POST /MAAS/metadata/status/666xsg HTTP/1.1 --> 204 NO_CONTENT (referrer: -; agent: python-requests/2.9.1)
May 17 05:48:29 mas01 sh[32221]: 2018-05-17 05:48:29 regiond: [info] 192.168.11.8 POST /MAAS/metadata/status/666xsg HTTP/1.1 --> 204 NO_CONTENT (referrer: -; agent: python-requests/2.9.1)
May 17 05:48:29 mas01 sh[32221]: 2018-05-17 05:48:29 regiond: [info] 192.168.11.8 POST /MAAS/metadata/status/666xsg HTTP/1.1 --> 204 NO_CONTENT (referrer: -; agent: python-requests/2.9.1)
May 17 05:48:29 mas01 sh[32116]: 2018-05-17 05:48:29 regiond: [info] 192.168.11.8 POST /MAAS/metadata/status/666xsg HTTP/1.1 --> 204 NO_CONTENT (referrer: -; agent: python-requests/2.9.1)
May 17 05:48:29 mas01 sh[32550]: 2018-05-17 05:48:29 regiond: [info] 192.168.11.8 POST /MAAS/metadata/status/666xsg HTTP/1.1 --> 204 NO_CONTENT (referrer: -; agent: python-requests/2.9.1)
May 17 05:48:29 mas01 sh[32116]: 2018-05-17 05:48:29 regiond: [info] 192.168.11.8 POST /MAAS/metadata/status/666xsg HTTP/1.1 --> 204 NO_CONTENT (referrer: -; agent: python-requests/2.9.1)
May 17 05:48:29 mas01 sh[32221]: 2018-05-17 05:48:29 regiond: [info] 192.168.11.8 POST /MAAS/metadata/status/666xsg HTTP/1.1 --> 204 NO_CONTENT (referrer: -; agent: python-requests/2.9.1)
May 17 05:48:29 mas01 sh[32116]: 2018-05-17 05:48:29 regiond: [info] 192.168.11.8 POST /MAAS/metadata/status/666xsg HTTP/1.1 --> 204 NO_CONTENT (referrer: -; agent: python-requests/2.9.1)
May 17 05:48:29 mas01 salt-minion[6305]: [INFO    ] User sudo_ubuntu Executing command state.apply with jid 20180517054829136438
May 17 05:48:29 mas01 salt-minion[6305]: [INFO    ] Starting a new job with PID 2057
May 17 05:48:29 mas01 sh[32550]: 2018-05-17 05:48:29 regiond: [info] 192.168.11.8 POST /MAAS/metadata/status/666xsg HTTP/1.1 --> 204 NO_CONTENT (referrer: -; agent: python-requests/2.9.1)
May 17 05:48:29 mas01 sh[32550]: message repeated 2 times: [ 2018-05-17 05:48:29 regiond: [info] 192.168.11.8 POST /MAAS/metadata/status/666xsg HTTP/1.1 --> 204 NO_CONTENT (referrer: -; agent: python-requests/2.9.1)]
May 17 05:48:29 mas01 sh[32221]: 2018-05-17 05:48:29 regiond: [info] 192.168.11.8 POST /MAAS/metadata/status/666xsg HTTP/1.1 --> 204 NO_CONTENT (referrer: -; agent: python-requests/2.9.1)
May 17 05:48:29 mas01 sh[32550]: 2018-05-17 05:48:29 regiond: [info] 192.168.11.8 POST /MAAS/metadata/status/666xsg HTTP/1.1 --> 204 NO_CONTENT (referrer: -; agent: python-requests/2.9.1)
May 17 05:48:29 mas01 sh[32221]: 2018-05-17 05:48:29 regiond: [info] 192.168.11.8 POST /MAAS/metadata/status/666xsg HTTP/1.1 --> 204 NO_CONTENT (referrer: -; agent: python-requests/2.9.1)
May 17 05:48:29 mas01 sh[32550]: 2018-05-17 05:48:29 regiond: [info] 192.168.11.8 POST /MAAS/metadata/status/666xsg HTTP/1.1 --> 204 NO_CONTENT (referrer: -; agent: python-requests/2.9.1)
May 17 05:48:29 mas01 sh[32111]: 2018-05-17 05:48:29 regiond: [info] 192.168.11.8 POST /MAAS/metadata/status/666xsg HTTP/1.1 --> 204 NO_CONTENT (referrer: -; agent: python-requests/2.9.1)
May 17 05:48:29 mas01 sh[32116]: 2018-05-17 05:48:29 regiond: [info] 192.168.11.8 POST /MAAS/metadata/status/666xsg HTTP/1.1 --> 204 NO_CONTENT (referrer: -; agent: python-requests/2.9.1)
May 17 05:48:29 mas01 sh[32116]: message repeated 2 times: [ 2018-05-17 05:48:29 regiond: [info] 192.168.11.8 POST /MAAS/metadata/status/666xsg HTTP/1.1 --> 204 NO_CONTENT (referrer: -; agent: python-requests/2.9.1)]
May 17 05:48:29 mas01 sh[32111]: 2018-05-17 05:48:29 regiond: [info] 192.168.11.8 POST /MAAS/metadata/status/666xsg HTTP/1.1 --> 204 NO_CONTENT (referrer: -; agent: python-requests/2.9.1)
May 17 05:48:29 mas01 sh[32116]: 2018-05-17 05:48:29 regiond: [info] 192.168.11.8 POST /MAAS/metadata/status/666xsg HTTP/1.1 --> 204 NO_CONTENT (referrer: -; agent: python-requests/2.9.1)
May 17 05:48:29 mas01 sh[32116]: 2018-05-17 05:48:29 regiond: [info] 192.168.11.8 POST /MAAS/metadata/status/666xsg HTTP/1.1 --> 204 NO_CONTENT (referrer: -; agent: python-requests/2.9.1)
May 17 05:48:29 mas01 sh[32111]: 2018-05-17 05:48:29 regiond: [info] 192.168.11.8 POST /MAAS/metadata/status/666xsg HTTP/1.1 --> 204 NO_CONTENT (referrer: -; agent: python-requests/2.9.1)
May 17 05:48:29 mas01 sh[32116]: 2018-05-17 05:48:29 regiond: [info] 192.168.11.8 POST /MAAS/metadata/status/666xsg HTTP/1.1 --> 204 NO_CONTENT (referrer: -; agent: python-requests/2.9.1)
May 17 05:48:29 mas01 sh[32221]: 2018-05-17 05:48:29 regiond: [info] 192.168.11.8 POST /MAAS/metadata/status/666xsg HTTP/1.1 --> 204 NO_CONTENT (referrer: -; agent: python-requests/2.9.1)
May 17 05:48:29 mas01 sh[32116]: 2018-05-17 05:48:29 regiond: [info] 192.168.11.8 POST /MAAS/metadata/status/666xsg HTTP/1.1 --> 204 NO_CONTENT (referrer: -; agent: python-requests/2.9.1)
May 17 05:48:29 mas01 salt-minion[6305]: [INFO    ] Loading fresh modules for state activity
May 17 05:48:29 mas01 sh[32111]: 2018-05-17 05:48:29 regiond: [info] 192.168.11.8 POST /MAAS/metadata/status/666xsg HTTP/1.1 --> 204 NO_CONTENT (referrer: -; agent: python-requests/2.9.1)
May 17 05:48:29 mas01 sh[32221]: 2018-05-17 05:48:29 regiond: [info] 192.168.11.8 POST /MAAS/metadata/status/666xsg HTTP/1.1 --> 204 NO_CONTENT (referrer: -; agent: python-requests/2.9.1)
May 17 05:48:29 mas01 sh[32111]: 2018-05-17 05:48:29 regiond: [info] 192.168.11.8 POST /MAAS/metadata/status/666xsg HTTP/1.1 --> 204 NO_CONTENT (referrer: -; agent: python-requests/2.9.1)
May 17 05:48:29 mas01 sh[32111]: message repeated 2 times: [ 2018-05-17 05:48:29 regiond: [info] 192.168.11.8 POST /MAAS/metadata/status/666xsg HTTP/1.1 --> 204 NO_CONTENT (referrer: -; agent: python-requests/2.9.1)]
May 17 05:48:29 mas01 sh[32550]: 2018-05-17 05:48:29 regiond: [info] 192.168.11.8 POST /MAAS/metadata/status/666xsg HTTP/1.1 --> 204 NO_CONTENT (referrer: -; agent: python-requests/2.9.1)
May 17 05:48:29 mas01 sh[32111]: 2018-05-17 05:48:29 regiond: [info] 192.168.11.8 POST /MAAS/metadata/status/666xsg HTTP/1.1 --> 204 NO_CONTENT (referrer: -; agent: python-requests/2.9.1)
May 17 05:48:29 mas01 sh[32221]: 2018-05-17 05:48:29 regiond: [info] 192.168.11.8 POST /MAAS/metadata/status/666xsg HTTP/1.1 --> 204 NO_CONTENT (referrer: -; agent: python-requests/2.9.1)
May 17 05:48:29 mas01 sh[32550]: 2018-05-17 05:48:29 regiond: [info] 192.168.11.8 POST /MAAS/metadata/status/666xsg HTTP/1.1 --> 204 NO_CONTENT (referrer: -; agent: python-requests/2.9.1)
May 17 05:48:29 mas01 sh[32116]: 2018-05-17 05:48:29 regiond: [info] 192.168.11.8 POST /MAAS/metadata/status/666xsg HTTP/1.1 --> 204 NO_CONTENT (referrer: -; agent: python-requests/2.9.1)
May 17 05:48:29 mas01 sh[32111]: 2018-05-17 05:48:29 regiond: [info] 192.168.11.8 POST /MAAS/metadata/status/666xsg HTTP/1.1 --> 204 NO_CONTENT (referrer: -; agent: python-requests/2.9.1)
May 17 05:48:29 mas01 sh[32116]: 2018-05-17 05:48:29 regiond: [info] 192.168.11.8 POST /MAAS/metadata/status/666xsg HTTP/1.1 --> 204 NO_CONTENT (referrer: -; agent: python-requests/2.9.1)
May 17 05:48:29 mas01 salt-minion[6305]: [INFO    ] Running state [maas-region apikey --username opnfv > /var/lib/maas/.maas_credentials] at time 05:48:29.742036
May 17 05:48:29 mas01 salt-minion[6305]: [INFO    ] Executing state cmd.run for maas-region apikey --username opnfv > /var/lib/maas/.maas_credentials
May 17 05:48:29 mas01 salt-minion[6305]: [INFO    ] Executing command 'maas-region apikey --username opnfv > /var/lib/maas/.maas_credentials' in directory '/root'
May 17 05:48:29 mas01 sh[32550]: 2018-05-17 05:48:29 regiond: [info] 192.168.11.12 GET /MAAS/metadata/latest/by-id/7cp34r/?op=get_preseed HTTP/1.1 --> 200 OK (referrer: -; agent: Cloud-Init/18.2)
May 17 05:48:29 mas01 sh[32116]: 2018-05-17 05:48:29 regiond: [info] 192.168.11.12 POST /MAAS/metadata/status/7cp34r HTTP/1.1 --> 204 NO_CONTENT (referrer: -; agent: python-requests/2.9.1)
May 17 05:48:29 mas01 sh[32550]: 2018-05-17 05:48:29 regiond: [info] 192.168.11.12 POST /MAAS/metadata/status/7cp34r HTTP/1.1 --> 204 NO_CONTENT (referrer: -; agent: python-requests/2.9.1)
May 17 05:48:30 mas01 sh[32111]: 2018-05-17 05:48:30 regiond: [info] 192.168.11.14 POST /MAAS/metadata/status/4acbtf HTTP/1.1 --> 204 NO_CONTENT (referrer: -; agent: python-requests/2.9.1)
May 17 05:48:30 mas01 sh[32111]: 2018-05-17 05:48:30 regiond: [info] 192.168.11.14 POST /MAAS/metadata/status/4acbtf HTTP/1.1 --> 204 NO_CONTENT (referrer: -; agent: python-requests/2.9.1)
May 17 05:48:30 mas01 sh[32550]: 2018-05-17 05:48:30 regiond: [info] 192.168.11.12 POST /MAAS/metadata/status/7cp34r HTTP/1.1 --> 204 NO_CONTENT (referrer: -; agent: python-requests/2.9.1)
May 17 05:48:30 mas01 sh[32116]: 2018-05-17 05:48:30 regiond: [info] 192.168.11.14 POST /MAAS/metadata/status/4acbtf HTTP/1.1 --> 204 NO_CONTENT (referrer: -; agent: python-requests/2.9.1)
May 17 05:48:30 mas01 sh[32221]: 2018-05-17 05:48:30 regiond: [info] 192.168.11.12 GET /MAAS/metadata/latest/by-id/7cp34r/?op=get_preseed HTTP/1.1 --> 200 OK (referrer: -; agent: Cloud-Init/18.2)
May 17 05:48:30 mas01 sh[32550]: 2018-05-17 05:48:30 regiond: [info] 192.168.11.14 GET /MAAS/metadata/latest/by-id/4acbtf/?op=get_preseed HTTP/1.1 --> 200 OK (referrer: -; agent: Cloud-Init/18.2)
May 17 05:48:30 mas01 sh[32221]: 2018-05-17 05:48:30 regiond: [info] 192.168.11.12 POST /MAAS/metadata/status/7cp34r HTTP/1.1 --> 204 NO_CONTENT (referrer: -; agent: python-requests/2.9.1)
May 17 05:48:30 mas01 sh[32116]: 2018-05-17 05:48:30 regiond: [info] 192.168.11.12 POST /MAAS/metadata/status/7cp34r HTTP/1.1 --> 204 NO_CONTENT (referrer: -; agent: python-requests/2.9.1)
May 17 05:48:30 mas01 sh[32111]: 2018-05-17 05:48:30 regiond: [info] 192.168.11.12 POST /MAAS/metadata/status/7cp34r HTTP/1.1 --> 204 NO_CONTENT (referrer: -; agent: python-requests/2.9.1)
May 17 05:48:30 mas01 sh[32550]: 2018-05-17 05:48:30 regiond: [info] 192.168.11.14 POST /MAAS/metadata/status/4acbtf HTTP/1.1 --> 204 NO_CONTENT (referrer: -; agent: python-requests/2.9.1)
May 17 05:48:30 mas01 sh[32221]: 2018-05-17 05:48:30 regiond: [info] 192.168.11.14 POST /MAAS/metadata/status/4acbtf HTTP/1.1 --> 204 NO_CONTENT (referrer: -; agent: python-requests/2.9.1)
May 17 05:48:30 mas01 sh[32221]: 2018-05-17 05:48:30 regiond: [info] 192.168.11.14 POST /MAAS/metadata/status/4acbtf HTTP/1.1 --> 204 NO_CONTENT (referrer: -; agent: python-requests/2.9.1)
May 17 05:48:30 mas01 sh[32221]: 2018-05-17 05:48:30 regiond: [info] 192.168.11.12 GET /MAAS/metadata/2012-03-01/meta-data/instance-id HTTP/1.1 --> 200 OK (referrer: -; agent: Cloud-Init/18.2)
May 17 05:48:30 mas01 sh[32550]: 2018-05-17 05:48:30 regiond: [info] 192.168.11.14 GET /MAAS/metadata/2012-03-01/meta-data/instance-id HTTP/1.1 --> 200 OK (referrer: -; agent: Cloud-Init/18.2)
May 17 05:48:30 mas01 sh[32116]: 2018-05-17 05:48:30 regiond: [info] 192.168.11.12 GET /MAAS/metadata/2012-03-01/meta-data/instance-id HTTP/1.1 --> 200 OK (referrer: -; agent: python-requests/2.9.1)
May 17 05:48:30 mas01 sh[32550]: 2018-05-17 05:48:30 regiond: [info] 192.168.11.14 GET /MAAS/metadata/2012-03-01/meta-data/instance-id HTTP/1.1 --> 200 OK (referrer: -; agent: python-requests/2.9.1)
May 17 05:48:30 mas01 sh[32221]: 2018-05-17 05:48:30 regiond: [info] 192.168.11.12 GET /MAAS/metadata/2012-03-01/meta-data/local-hostname HTTP/1.1 --> 200 OK (referrer: -; agent: python-requests/2.9.1)
May 17 05:48:30 mas01 sh[32116]: 2018-05-17 05:48:30 regiond: [info] 192.168.11.14 GET /MAAS/metadata/2012-03-01/meta-data/local-hostname HTTP/1.1 --> 200 OK (referrer: -; agent: python-requests/2.9.1)
May 17 05:48:30 mas01 sh[32221]: 2018-05-17 05:48:30 regiond: [info] 192.168.11.12 GET /MAAS/metadata/2012-03-01/meta-data/vendor-data HTTP/1.1 --> 200 OK (referrer: -; agent: python-requests/2.9.1)
May 17 05:48:30 mas01 sh[32550]: 2018-05-17 05:48:30 regiond: [info] 192.168.11.14 GET /MAAS/metadata/2012-03-01/meta-data/vendor-data HTTP/1.1 --> 200 OK (referrer: -; agent: python-requests/2.9.1)
May 17 05:48:30 mas01 sh[32550]: 2018-05-17 05:48:30 regiond: [info] 192.168.11.12 GET /MAAS/metadata/2012-03-01/user-data HTTP/1.1 --> 200 OK (referrer: -; agent: python-requests/2.9.1)
May 17 05:48:30 mas01 sh[32550]: 2018-05-17 05:48:30 regiond: [info] 192.168.11.12 POST /MAAS/metadata/status/7cp34r HTTP/1.1 --> 204 NO_CONTENT (referrer: -; agent: python-requests/2.9.1)
May 17 05:48:30 mas01 sh[32111]: 2018-05-17 05:48:30 regiond: [info] 192.168.11.14 GET /MAAS/metadata/2012-03-01/user-data HTTP/1.1 --> 200 OK (referrer: -; agent: python-requests/2.9.1)
May 17 05:48:30 mas01 sh[32116]: 2018-05-17 05:48:30 regiond: [info] 192.168.11.14 POST /MAAS/metadata/status/4acbtf HTTP/1.1 --> 204 NO_CONTENT (referrer: -; agent: python-requests/2.9.1)
May 17 05:48:30 mas01 sh[32111]: 2018-05-17 05:48:30 regiond: [info] 192.168.11.12 POST /MAAS/metadata/status/7cp34r HTTP/1.1 --> 204 NO_CONTENT (referrer: -; agent: python-requests/2.9.1)
May 17 05:48:30 mas01 sh[32116]: 2018-05-17 05:48:30 regiond: [info] 192.168.11.14 POST /MAAS/metadata/status/4acbtf HTTP/1.1 --> 204 NO_CONTENT (referrer: -; agent: python-requests/2.9.1)
May 17 05:48:30 mas01 sh[32550]: 2018-05-17 05:48:30 regiond: [info] 192.168.11.12 POST /MAAS/metadata/status/7cp34r HTTP/1.1 --> 204 NO_CONTENT (referrer: -; agent: python-requests/2.9.1)
May 17 05:48:30 mas01 sh[32116]: 2018-05-17 05:48:30 regiond: [info] 192.168.11.12 POST /MAAS/metadata/status/7cp34r HTTP/1.1 --> 204 NO_CONTENT (referrer: -; agent: python-requests/2.9.1)
May 17 05:48:30 mas01 sh[32550]: 2018-05-17 05:48:30 regiond: [info] 192.168.11.14 POST /MAAS/metadata/status/4acbtf HTTP/1.1 --> 204 NO_CONTENT (referrer: -; agent: python-requests/2.9.1)
May 17 05:48:30 mas01 sh[32550]: 2018-05-17 05:48:30 regiond: [info] 192.168.11.14 POST /MAAS/metadata/status/4acbtf HTTP/1.1 --> 204 NO_CONTENT (referrer: -; agent: python-requests/2.9.1)
May 17 05:48:30 mas01 sh[32221]: 2018-05-17 05:48:30 regiond: [info] 192.168.11.12 POST /MAAS/metadata/status/7cp34r HTTP/1.1 --> 204 NO_CONTENT (referrer: -; agent: python-requests/2.9.1)
May 17 05:48:30 mas01 sh[32221]: 2018-05-17 05:48:30 regiond: [info] 192.168.11.14 POST /MAAS/metadata/status/4acbtf HTTP/1.1 --> 204 NO_CONTENT (referrer: -; agent: python-requests/2.9.1)
May 17 05:48:31 mas01 sh[32111]: 2018-05-17 05:48:31 regiond: [info] 192.168.11.12 POST /MAAS/metadata/status/7cp34r HTTP/1.1 --> 204 NO_CONTENT (referrer: -; agent: python-requests/2.9.1)
May 17 05:48:31 mas01 sh[32116]: 2018-05-17 05:48:31 regiond: [info] 192.168.11.12 POST /MAAS/metadata/status/7cp34r HTTP/1.1 --> 204 NO_CONTENT (referrer: -; agent: python-requests/2.9.1)
May 17 05:48:31 mas01 sh[32221]: 2018-05-17 05:48:31 regiond: [info] 192.168.11.14 POST /MAAS/metadata/status/4acbtf HTTP/1.1 --> 204 NO_CONTENT (referrer: -; agent: python-requests/2.9.1)
May 17 05:48:31 mas01 sh[32221]: 2018-05-17 05:48:31 regiond: [info] 192.168.11.12 POST /MAAS/metadata/status/7cp34r HTTP/1.1 --> 204 NO_CONTENT (referrer: -; agent: python-requests/2.9.1)
May 17 05:48:31 mas01 sh[32116]: 2018-05-17 05:48:31 regiond: [info] 192.168.11.14 POST /MAAS/metadata/status/4acbtf HTTP/1.1 --> 204 NO_CONTENT (referrer: -; agent: python-requests/2.9.1)
May 17 05:48:31 mas01 sh[32111]: 2018-05-17 05:48:31 regiond: [info] 192.168.11.14 POST /MAAS/metadata/status/4acbtf HTTP/1.1 --> 204 NO_CONTENT (referrer: -; agent: python-requests/2.9.1)
May 17 05:48:31 mas01 sh[32221]: 2018-05-17 05:48:31 regiond: [info] 192.168.11.12 POST /MAAS/metadata/status/7cp34r HTTP/1.1 --> 204 NO_CONTENT (referrer: -; agent: python-requests/2.9.1)
May 17 05:48:31 mas01 sh[32116]: 2018-05-17 05:48:31 regiond: [info] 192.168.11.12 POST /MAAS/metadata/status/7cp34r HTTP/1.1 --> 204 NO_CONTENT (referrer: -; agent: python-requests/2.9.1)
May 17 05:48:31 mas01 sh[32550]: 2018-05-17 05:48:31 regiond: [info] 192.168.11.14 POST /MAAS/metadata/status/4acbtf HTTP/1.1 --> 204 NO_CONTENT (referrer: -; agent: python-requests/2.9.1)
May 17 05:48:31 mas01 sh[32221]: 2018-05-17 05:48:31 regiond: [info] 192.168.11.12 POST /MAAS/metadata/status/7cp34r HTTP/1.1 --> 204 NO_CONTENT (referrer: -; agent: python-requests/2.9.1)
May 17 05:48:31 mas01 sh[32116]: 2018-05-17 05:48:31 regiond: [info] 192.168.11.14 POST /MAAS/metadata/status/4acbtf HTTP/1.1 --> 204 NO_CONTENT (referrer: -; agent: python-requests/2.9.1)
May 17 05:48:31 mas01 sh[32550]: 2018-05-17 05:48:31 regiond: [info] 192.168.11.12 POST /MAAS/metadata/status/7cp34r HTTP/1.1 --> 204 NO_CONTENT (referrer: -; agent: python-requests/2.9.1)
May 17 05:48:31 mas01 sh[32116]: 2018-05-17 05:48:31 regiond: [info] 192.168.11.14 POST /MAAS/metadata/status/4acbtf HTTP/1.1 --> 204 NO_CONTENT (referrer: -; agent: python-requests/2.9.1)
May 17 05:48:31 mas01 sh[32550]: 2018-05-17 05:48:31 regiond: [info] 192.168.11.12 POST /MAAS/metadata/status/7cp34r HTTP/1.1 --> 204 NO_CONTENT (referrer: -; agent: python-requests/2.9.1)
May 17 05:48:31 mas01 sh[32221]: 2018-05-17 05:48:31 regiond: [info] 192.168.11.14 POST /MAAS/metadata/status/4acbtf HTTP/1.1 --> 204 NO_CONTENT (referrer: -; agent: python-requests/2.9.1)
May 17 05:48:31 mas01 sh[32111]: 2018-05-17 05:48:31 regiond: [info] 192.168.11.12 POST /MAAS/metadata/status/7cp34r HTTP/1.1 --> 204 NO_CONTENT (referrer: -; agent: python-requests/2.9.1)
May 17 05:48:31 mas01 sh[32550]: 2018-05-17 05:48:31 regiond: [info] 192.168.11.14 POST /MAAS/metadata/status/4acbtf HTTP/1.1 --> 204 NO_CONTENT (referrer: -; agent: python-requests/2.9.1)
May 17 05:48:31 mas01 sh[32116]: 2018-05-17 05:48:31 regiond: [info] 192.168.11.14 POST /MAAS/metadata/status/4acbtf HTTP/1.1 --> 204 NO_CONTENT (referrer: -; agent: python-requests/2.9.1)
May 17 05:48:31 mas01 sh[32221]: 2018-05-17 05:48:31 regiond: [info] 192.168.11.12 POST /MAAS/metadata/status/7cp34r HTTP/1.1 --> 204 NO_CONTENT (referrer: -; agent: python-requests/2.9.1)
May 17 05:48:31 mas01 sh[32116]: 2018-05-17 05:48:31 regiond: [info] 192.168.11.12 POST /MAAS/metadata/status/7cp34r HTTP/1.1 --> 204 NO_CONTENT (referrer: -; agent: python-requests/2.9.1)
May 17 05:48:31 mas01 sh[32221]: 2018-05-17 05:48:31 regiond: [info] 192.168.11.14 POST /MAAS/metadata/status/4acbtf HTTP/1.1 --> 204 NO_CONTENT (referrer: -; agent: python-requests/2.9.1)
May 17 05:48:31 mas01 sh[32221]: 2018-05-17 05:48:31 regiond: [info] 192.168.11.14 POST /MAAS/metadata/status/4acbtf HTTP/1.1 --> 204 NO_CONTENT (referrer: -; agent: python-requests/2.9.1)
May 17 05:48:31 mas01 sh[32116]: 2018-05-17 05:48:31 regiond: [info] 192.168.11.12 POST /MAAS/metadata/status/7cp34r HTTP/1.1 --> 204 NO_CONTENT (referrer: -; agent: python-requests/2.9.1)
May 17 05:48:31 mas01 sh[32221]: 2018-05-17 05:48:31 regiond: [info] 192.168.11.12 POST /MAAS/metadata/status/7cp34r HTTP/1.1 --> 204 NO_CONTENT (referrer: -; agent: python-requests/2.9.1)
May 17 05:48:31 mas01 sh[32116]: 2018-05-17 05:48:31 regiond: [info] 192.168.11.12 POST /MAAS/metadata/status/7cp34r HTTP/1.1 --> 204 NO_CONTENT (referrer: -; agent: python-requests/2.9.1)
May 17 05:48:31 mas01 sh[32111]: 2018-05-17 05:48:31 regiond: [info] 192.168.11.14 POST /MAAS/metadata/status/4acbtf HTTP/1.1 --> 204 NO_CONTENT (referrer: -; agent: python-requests/2.9.1)
May 17 05:48:31 mas01 sh[32221]: 2018-05-17 05:48:31 regiond: [info] 192.168.11.12 POST /MAAS/metadata/status/7cp34r HTTP/1.1 --> 204 NO_CONTENT (referrer: -; agent: python-requests/2.9.1)
May 17 05:48:31 mas01 sh[32116]: 2018-05-17 05:48:31 regiond: [info] 192.168.11.14 POST /MAAS/metadata/status/4acbtf HTTP/1.1 --> 204 NO_CONTENT (referrer: -; agent: python-requests/2.9.1)
May 17 05:48:31 mas01 sh[32116]: 2018-05-17 05:48:31 regiond: [info] 192.168.11.12 POST /MAAS/metadata/status/7cp34r HTTP/1.1 --> 204 NO_CONTENT (referrer: -; agent: python-requests/2.9.1)
May 17 05:48:31 mas01 sh[32221]: 2018-05-17 05:48:31 regiond: [info] 192.168.11.14 POST /MAAS/metadata/status/4acbtf HTTP/1.1 --> 204 NO_CONTENT (referrer: -; agent: python-requests/2.9.1)
May 17 05:48:31 mas01 sh[32550]: 2018-05-17 05:48:31 regiond: [info] 192.168.11.12 POST /MAAS/metadata/status/7cp34r HTTP/1.1 --> 204 NO_CONTENT (referrer: -; agent: python-requests/2.9.1)
May 17 05:48:31 mas01 sh[32111]: 2018-05-17 05:48:31 regiond: [info] 192.168.11.14 POST /MAAS/metadata/status/4acbtf HTTP/1.1 --> 204 NO_CONTENT (referrer: -; agent: python-requests/2.9.1)
May 17 05:48:31 mas01 sh[32116]: 2018-05-17 05:48:31 regiond: [info] 192.168.11.12 POST /MAAS/metadata/status/7cp34r HTTP/1.1 --> 204 NO_CONTENT (referrer: -; agent: python-requests/2.9.1)
May 17 05:48:31 mas01 sh[32221]: 2018-05-17 05:48:31 regiond: [info] 192.168.11.14 POST /MAAS/metadata/status/4acbtf HTTP/1.1 --> 204 NO_CONTENT (referrer: -; agent: python-requests/2.9.1)
May 17 05:48:31 mas01 sh[32550]: 2018-05-17 05:48:31 regiond: [info] 192.168.11.14 POST /MAAS/metadata/status/4acbtf HTTP/1.1 --> 204 NO_CONTENT (referrer: -; agent: python-requests/2.9.1)
May 17 05:48:31 mas01 sh[32116]: 2018-05-17 05:48:31 regiond: [info] 192.168.11.12 POST /MAAS/metadata/status/7cp34r HTTP/1.1 --> 204 NO_CONTENT (referrer: -; agent: python-requests/2.9.1)
May 17 05:48:31 mas01 sh[32550]: 2018-05-17 05:48:31 regiond: [info] 192.168.11.14 POST /MAAS/metadata/status/4acbtf HTTP/1.1 --> 204 NO_CONTENT (referrer: -; agent: python-requests/2.9.1)
May 17 05:48:31 mas01 sh[32221]: 2018-05-17 05:48:31 regiond: [info] 192.168.11.12 POST /MAAS/metadata/status/7cp34r HTTP/1.1 --> 204 NO_CONTENT (referrer: -; agent: python-requests/2.9.1)
May 17 05:48:31 mas01 sh[32116]: 2018-05-17 05:48:31 regiond: [info] 192.168.11.14 POST /MAAS/metadata/status/4acbtf HTTP/1.1 --> 204 NO_CONTENT (referrer: -; agent: python-requests/2.9.1)
May 17 05:48:31 mas01 sh[32221]: 2018-05-17 05:48:31 regiond: [info] 192.168.11.12 POST /MAAS/metadata/status/7cp34r HTTP/1.1 --> 204 NO_CONTENT (referrer: -; agent: python-requests/2.9.1)
May 17 05:48:31 mas01 sh[32111]: 2018-05-17 05:48:31 regiond: [info] 192.168.11.14 POST /MAAS/metadata/status/4acbtf HTTP/1.1 --> 204 NO_CONTENT (referrer: -; agent: python-requests/2.9.1)
May 17 05:48:31 mas01 sh[32550]: 2018-05-17 05:48:31 regiond: [info] 192.168.11.14 POST /MAAS/metadata/status/4acbtf HTTP/1.1 --> 204 NO_CONTENT (referrer: -; agent: python-requests/2.9.1)
May 17 05:48:31 mas01 sh[32221]: 2018-05-17 05:48:31 regiond: [info] 192.168.11.12 POST /MAAS/metadata/status/7cp34r HTTP/1.1 --> 204 NO_CONTENT (referrer: -; agent: python-requests/2.9.1)
May 17 05:48:31 mas01 sh[32550]: 2018-05-17 05:48:31 regiond: [info] 192.168.11.12 POST /MAAS/metadata/status/7cp34r HTTP/1.1 --> 204 NO_CONTENT (referrer: -; agent: python-requests/2.9.1)
May 17 05:48:31 mas01 sh[32221]: 2018-05-17 05:48:31 regiond: [info] 192.168.11.14 POST /MAAS/metadata/status/4acbtf HTTP/1.1 --> 204 NO_CONTENT (referrer: -; agent: python-requests/2.9.1)
May 17 05:48:31 mas01 sh[32111]: 2018-05-17 05:48:31 regiond: [info] 192.168.11.12 POST /MAAS/metadata/status/7cp34r HTTP/1.1 --> 204 NO_CONTENT (referrer: -; agent: python-requests/2.9.1)
May 17 05:48:31 mas01 sh[32116]: 2018-05-17 05:48:31 regiond: [info] 192.168.11.12 POST /MAAS/metadata/status/7cp34r HTTP/1.1 --> 204 NO_CONTENT (referrer: -; agent: python-requests/2.9.1)
May 17 05:48:31 mas01 sh[32221]: 2018-05-17 05:48:31 regiond: [info] 192.168.11.14 POST /MAAS/metadata/status/4acbtf HTTP/1.1 --> 204 NO_CONTENT (referrer: -; agent: python-requests/2.9.1)
May 17 05:48:31 mas01 sh[32116]: 2018-05-17 05:48:31 regiond: [info] 192.168.11.14 POST /MAAS/metadata/status/4acbtf HTTP/1.1 --> 204 NO_CONTENT (referrer: -; agent: python-requests/2.9.1)
May 17 05:48:31 mas01 sh[32116]: 2018-05-17 05:48:31 regiond: [info] 192.168.11.14 POST /MAAS/metadata/status/4acbtf HTTP/1.1 --> 204 NO_CONTENT (referrer: -; agent: python-requests/2.9.1)
May 17 05:48:31 mas01 sh[32116]: 2018-05-17 05:48:31 regiond: [info] 192.168.11.12 POST /MAAS/metadata/status/7cp34r HTTP/1.1 --> 204 NO_CONTENT (referrer: -; agent: python-requests/2.9.1)
May 17 05:48:31 mas01 sh[32116]: 2018-05-17 05:48:31 regiond: [info] 192.168.11.12 POST /MAAS/metadata/status/7cp34r HTTP/1.1 --> 204 NO_CONTENT (referrer: -; agent: python-requests/2.9.1)
May 17 05:48:31 mas01 sh[32550]: 2018-05-17 05:48:31 regiond: [info] 192.168.11.14 POST /MAAS/metadata/status/4acbtf HTTP/1.1 --> 204 NO_CONTENT (referrer: -; agent: python-requests/2.9.1)
May 17 05:48:31 mas01 sh[32221]: 2018-05-17 05:48:31 regiond: [info] 192.168.11.14 POST /MAAS/metadata/status/4acbtf HTTP/1.1 --> 204 NO_CONTENT (referrer: -; agent: python-requests/2.9.1)
May 17 05:48:31 mas01 sh[32550]: 2018-05-17 05:48:31 regiond: [info] 192.168.11.12 POST /MAAS/metadata/status/7cp34r HTTP/1.1 --> 204 NO_CONTENT (referrer: -; agent: python-requests/2.9.1)
May 17 05:48:31 mas01 sh[32111]: 2018-05-17 05:48:31 regiond: [info] 192.168.11.12 POST /MAAS/metadata/status/7cp34r HTTP/1.1 --> 204 NO_CONTENT (referrer: -; agent: python-requests/2.9.1)
May 17 05:48:31 mas01 sh[32550]: 2018-05-17 05:48:31 regiond: [info] 192.168.11.14 POST /MAAS/metadata/status/4acbtf HTTP/1.1 --> 204 NO_CONTENT (referrer: -; agent: python-requests/2.9.1)
May 17 05:48:31 mas01 sh[32550]: 2018-05-17 05:48:31 regiond: [info] 192.168.11.14 POST /MAAS/metadata/status/4acbtf HTTP/1.1 --> 204 NO_CONTENT (referrer: -; agent: python-requests/2.9.1)
May 17 05:48:31 mas01 sh[32116]: 2018-05-17 05:48:31 regiond: [info] 192.168.11.12 POST /MAAS/metadata/status/7cp34r HTTP/1.1 --> 204 NO_CONTENT (referrer: -; agent: python-requests/2.9.1)
May 17 05:48:31 mas01 salt-minion[6305]: [INFO    ] {'pid': 2066, 'retcode': 0, 'stderr': '', 'stdout': ''}
May 17 05:48:31 mas01 salt-minion[6305]: [INFO    ] Completed state [maas-region apikey --username opnfv > /var/lib/maas/.maas_credentials] at time 05:48:31.538540 duration_in_ms=1796.504
May 17 05:48:31 mas01 salt-minion[6305]: [INFO    ] Running state [maas.machines_status] at time 05:48:31.540884
May 17 05:48:31 mas01 salt-minion[6305]: [INFO    ] Executing state module.run for maas.machines_status
May 17 05:48:31 mas01 sh[32550]: 2018-05-17 05:48:31 regiond: [info] 192.168.11.14 POST /MAAS/metadata/status/4acbtf HTTP/1.1 --> 204 NO_CONTENT (referrer: -; agent: python-requests/2.9.1)
May 17 05:48:31 mas01 sh[32111]: 2018-05-17 05:48:31 regiond: [info] 192.168.11.12 POST /MAAS/metadata/status/7cp34r HTTP/1.1 --> 204 NO_CONTENT (referrer: -; agent: python-requests/2.9.1)
May 17 05:48:31 mas01 sh[32111]: 2018-05-17 05:48:31 regiond: [info] 192.168.11.14 POST /MAAS/metadata/status/4acbtf HTTP/1.1 --> 204 NO_CONTENT (referrer: -; agent: python-requests/2.9.1)
May 17 05:48:31 mas01 salt-minion[6305]: [INFO    ] {'ret': {'machines': [{'status': 'Commissioning', 'hostname': u'cmp002', 'system_id': u'7cp34r'}, {'status': 'Commissioning', 'hostname': u'cmp001', 'system_id': u'e7mgys'}, {'status': 'Commissioning', 'hostname': u'kvm01', 'system_id': u'4acbtf'}, {'status': 'Commissioning', 'hostname': u'kvm03', 'system_id': u'6tbnac'}, {'status': 'Commissioning', 'hostname': u'kvm02', 'system_id': u'666xsg'}], 'summary': Counter({'Commissioning': 5})}}
May 17 05:48:31 mas01 salt-minion[6305]: [INFO    ] Completed state [maas.machines_status] at time 05:48:31.886568 duration_in_ms=345.683
May 17 05:48:31 mas01 salt-minion[6305]: [INFO    ] Returning information for job: 20180517054829136438
May 17 05:48:32 mas01 sh[32221]: 2018-05-17 05:48:32 regiond: [info] 192.168.11.12 POST /MAAS/metadata/status/7cp34r HTTP/1.1 --> 204 NO_CONTENT (referrer: -; agent: python-requests/2.9.1)
May 17 05:48:32 mas01 sh[32550]: 2018-05-17 05:48:32 regiond: [info] 192.168.11.12 POST /MAAS/metadata/status/7cp34r HTTP/1.1 --> 204 NO_CONTENT (referrer: -; agent: python-requests/2.9.1)
May 17 05:48:32 mas01 sh[32550]: 2018-05-17 05:48:32 regiond: [info] 192.168.11.12 POST /MAAS/metadata/status/7cp34r HTTP/1.1 --> 204 NO_CONTENT (referrer: -; agent: python-requests/2.9.1)
May 17 05:48:32 mas01 sh[32116]: 2018-05-17 05:48:32 regiond: [info] 192.168.11.12 POST /MAAS/metadata/status/7cp34r HTTP/1.1 --> 204 NO_CONTENT (referrer: -; agent: python-requests/2.9.1)
May 17 05:48:32 mas01 sh[32221]: 2018-05-17 05:48:32 regiond: [info] 192.168.11.12 POST /MAAS/metadata/status/7cp34r HTTP/1.1 --> 204 NO_CONTENT (referrer: -; agent: python-requests/2.9.1)
May 17 05:48:32 mas01 sh[32111]: 2018-05-17 05:48:32 regiond: [info] 192.168.11.12 POST /MAAS/metadata/status/7cp34r HTTP/1.1 --> 204 NO_CONTENT (referrer: -; agent: python-requests/2.9.1)
May 17 05:48:32 mas01 sh[32550]: 2018-05-17 05:48:32 regiond: [info] 192.168.11.12 POST /MAAS/metadata/status/7cp34r HTTP/1.1 --> 204 NO_CONTENT (referrer: -; agent: python-requests/2.9.1)
May 17 05:48:32 mas01 sh[32550]: 2018-05-17 05:48:32 regiond: [info] 192.168.11.12 POST /MAAS/metadata/status/7cp34r HTTP/1.1 --> 204 NO_CONTENT (referrer: -; agent: python-requests/2.9.1)
May 17 05:48:32 mas01 sh[32111]: 2018-05-17 05:48:32 regiond: [info] 192.168.11.12 POST /MAAS/metadata/status/7cp34r HTTP/1.1 --> 204 NO_CONTENT (referrer: -; agent: python-requests/2.9.1)
May 17 05:48:32 mas01 sh[32221]: 2018-05-17 05:48:32 regiond: [info] 192.168.11.14 POST /MAAS/metadata/status/4acbtf HTTP/1.1 --> 204 NO_CONTENT (referrer: -; agent: python-requests/2.9.1)
May 17 05:48:32 mas01 sh[32111]: 2018-05-17 05:48:32 regiond: [info] 192.168.11.14 POST /MAAS/metadata/status/4acbtf HTTP/1.1 --> 204 NO_CONTENT (referrer: -; agent: python-requests/2.9.1)
May 17 05:48:32 mas01 sh[32116]: 2018-05-17 05:48:32 regiond: [info] 192.168.11.14 POST /MAAS/metadata/status/4acbtf HTTP/1.1 --> 204 NO_CONTENT (referrer: -; agent: python-requests/2.9.1)
May 17 05:48:32 mas01 sh[32550]: 2018-05-17 05:48:32 regiond: [info] 192.168.11.14 POST /MAAS/metadata/status/4acbtf HTTP/1.1 --> 204 NO_CONTENT (referrer: -; agent: python-requests/2.9.1)
May 17 05:48:32 mas01 sh[32116]: 2018-05-17 05:48:32 regiond: [info] 192.168.11.14 POST /MAAS/metadata/status/4acbtf HTTP/1.1 --> 204 NO_CONTENT (referrer: -; agent: python-requests/2.9.1)
May 17 05:48:32 mas01 sh[32550]: 2018-05-17 05:48:32 regiond: [info] 192.168.11.14 POST /MAAS/metadata/status/4acbtf HTTP/1.1 --> 204 NO_CONTENT (referrer: -; agent: python-requests/2.9.1)
May 17 05:48:32 mas01 sh[32221]: 2018-05-17 05:48:32 regiond: [info] 192.168.11.14 POST /MAAS/metadata/status/4acbtf HTTP/1.1 --> 204 NO_CONTENT (referrer: -; agent: python-requests/2.9.1)
May 17 05:48:32 mas01 sh[32116]: 2018-05-17 05:48:32 regiond: [info] 192.168.11.14 POST /MAAS/metadata/status/4acbtf HTTP/1.1 --> 204 NO_CONTENT (referrer: -; agent: python-requests/2.9.1)
May 17 05:48:32 mas01 sh[32116]: 2018-05-17 05:48:32 regiond: [info] 192.168.11.14 POST /MAAS/metadata/status/4acbtf HTTP/1.1 --> 204 NO_CONTENT (referrer: -; agent: python-requests/2.9.1)
May 17 05:48:33 mas01 sh[32550]: 2018-05-17 05:48:33 regiond: [info] 192.168.11.12 POST /MAAS/metadata/status/7cp34r HTTP/1.1 --> 204 NO_CONTENT (referrer: -; agent: python-requests/2.9.1)
May 17 05:48:33 mas01 sh[32116]: 2018-05-17 05:48:33 regiond: [info] 192.168.11.12 POST /MAAS/metadata/status/7cp34r HTTP/1.1 --> 204 NO_CONTENT (referrer: -; agent: python-requests/2.9.1)
May 17 05:48:33 mas01 sh[32221]: 2018-05-17 05:48:33 regiond: [info] 192.168.11.12 POST /MAAS/metadata/status/7cp34r HTTP/1.1 --> 204 NO_CONTENT (referrer: -; agent: python-requests/2.9.1)
May 17 05:48:33 mas01 sh[32116]: 2018-05-17 05:48:33 regiond: [info] 192.168.11.12 POST /MAAS/metadata/status/7cp34r HTTP/1.1 --> 204 NO_CONTENT (referrer: -; agent: python-requests/2.9.1)
May 17 05:48:33 mas01 sh[32116]: 2018-05-17 05:48:33 regiond: [info] 192.168.11.14 POST /MAAS/metadata/status/4acbtf HTTP/1.1 --> 204 NO_CONTENT (referrer: -; agent: python-requests/2.9.1)
May 17 05:48:33 mas01 sh[32221]: 2018-05-17 05:48:33 regiond: [info] 192.168.11.14 POST /MAAS/metadata/status/4acbtf HTTP/1.1 --> 204 NO_CONTENT (referrer: -; agent: python-requests/2.9.1)
May 17 05:48:33 mas01 sh[32221]: 2018-05-17 05:48:33 regiond: [info] 192.168.11.14 POST /MAAS/metadata/status/4acbtf HTTP/1.1 --> 204 NO_CONTENT (referrer: -; agent: python-requests/2.9.1)
May 17 05:48:33 mas01 sh[32116]: 2018-05-17 05:48:33 regiond: [info] 192.168.11.14 POST /MAAS/metadata/status/4acbtf HTTP/1.1 --> 204 NO_CONTENT (referrer: -; agent: python-requests/2.9.1)
May 17 05:48:33 mas01 sh[32550]: 2018-05-17 05:48:33 regiond: [info] 192.168.11.12 POST /MAAS/metadata/status/7cp34r HTTP/1.1 --> 204 NO_CONTENT (referrer: -; agent: python-requests/2.9.1)
May 17 05:48:33 mas01 sh[32111]: 2018-05-17 05:48:33 regiond: [info] 192.168.11.12 POST /MAAS/metadata/status/7cp34r HTTP/1.1 --> 204 NO_CONTENT (referrer: -; agent: python-requests/2.9.1)
May 17 05:48:33 mas01 sh[32221]: 2018-05-17 05:48:33 regiond: [info] 192.168.11.12 POST /MAAS/metadata/status/7cp34r HTTP/1.1 --> 204 NO_CONTENT (referrer: -; agent: python-requests/2.9.1)
May 17 05:48:33 mas01 sh[32550]: 2018-05-17 05:48:33 regiond: [info] 192.168.11.12 POST /MAAS/metadata/status/7cp34r HTTP/1.1 --> 204 NO_CONTENT (referrer: -; agent: python-requests/2.9.1)
May 17 05:48:33 mas01 sh[32111]: 2018-05-17 05:48:33 regiond: [info] 192.168.11.14 POST /MAAS/metadata/status/4acbtf HTTP/1.1 --> 204 NO_CONTENT (referrer: -; agent: python-requests/2.9.1)
May 17 05:48:33 mas01 sh[32111]: 2018-05-17 05:48:33 regiond: [info] 192.168.11.14 POST /MAAS/metadata/status/4acbtf HTTP/1.1 --> 204 NO_CONTENT (referrer: -; agent: python-requests/2.9.1)
May 17 05:48:33 mas01 sh[32221]: 2018-05-17 05:48:33 regiond: [info] 192.168.11.14 POST /MAAS/metadata/status/4acbtf HTTP/1.1 --> 204 NO_CONTENT (referrer: -; agent: python-requests/2.9.1)
May 17 05:48:33 mas01 sh[32221]: 2018-05-17 05:48:33 regiond: [info] 192.168.11.14 POST /MAAS/metadata/status/4acbtf HTTP/1.1 --> 204 NO_CONTENT (referrer: -; agent: python-requests/2.9.1)
May 17 05:48:34 mas01 sh[32116]: 2018-05-17 05:48:34 regiond: [info] 192.168.11.12 POST /MAAS/metadata/status/7cp34r HTTP/1.1 --> 204 NO_CONTENT (referrer: -; agent: python-requests/2.9.1)
May 17 05:48:34 mas01 sh[32221]: 2018-05-17 05:48:34 regiond: [info] 192.168.11.12 POST /MAAS/metadata/status/7cp34r HTTP/1.1 --> 204 NO_CONTENT (referrer: -; agent: python-requests/2.9.1)
May 17 05:48:34 mas01 sh[32116]: 2018-05-17 05:48:34 regiond: [info] 192.168.11.12 POST /MAAS/metadata/status/7cp34r HTTP/1.1 --> 204 NO_CONTENT (referrer: -; agent: python-requests/2.9.1)
May 17 05:48:34 mas01 sh[32111]: 2018-05-17 05:48:34 regiond: [info] 192.168.11.12 POST /MAAS/metadata/status/7cp34r HTTP/1.1 --> 204 NO_CONTENT (referrer: -; agent: python-requests/2.9.1)
May 17 05:48:34 mas01 sh[32221]: 2018-05-17 05:48:34 regiond: [info] 192.168.11.14 POST /MAAS/metadata/status/4acbtf HTTP/1.1 --> 204 NO_CONTENT (referrer: -; agent: python-requests/2.9.1)
May 17 05:48:34 mas01 sh[32550]: 2018-05-17 05:48:34 regiond: [info] 192.168.11.14 POST /MAAS/metadata/status/4acbtf HTTP/1.1 --> 204 NO_CONTENT (referrer: -; agent: python-requests/2.9.1)
May 17 05:48:34 mas01 sh[32116]: 2018-05-17 05:48:34 regiond: [info] 192.168.11.14 POST /MAAS/metadata/status/4acbtf HTTP/1.1 --> 204 NO_CONTENT (referrer: -; agent: python-requests/2.9.1)
May 17 05:48:34 mas01 sh[32221]: 2018-05-17 05:48:34 regiond: [info] 192.168.11.14 POST /MAAS/metadata/status/4acbtf HTTP/1.1 --> 204 NO_CONTENT (referrer: -; agent: python-requests/2.9.1)
May 17 05:48:35 mas01 sh[32221]: 2018-05-17 05:48:35 regiond: [info] 192.168.11.8 GET /MAAS/metadata/2012-03-01/maas-scripts/ HTTP/1.1 --> 200 OK (referrer: -; agent: Python-urllib/3.5)
May 17 05:48:35 mas01 sh[32221]: 2018-05-17 05:48:35 regiond: [info] 192.168.11.8 POST /MAAS/metadata/2012-03-01/ HTTP/1.1 --> 200 OK (referrer: -; agent: Python-urllib/3.5)
May 17 05:48:35 mas01 sh[32550]: 2018-05-17 05:48:35 regiond: [info] 192.168.11.8 POST /MAAS/metadata/2012-03-01/ HTTP/1.1 --> 200 OK (referrer: -; agent: Python-urllib/3.5)
May 17 05:48:36 mas01 sh[32111]: 2018-05-17 05:48:36 regiond: [info] 192.168.11.8 GET /MAAS/metadata/latest/by-id/666xsg/?op=get_preseed HTTP/1.1 --> 200 OK (referrer: -; agent: curl/7.47.0)
May 17 05:48:36 mas01 sh[32116]: 2018-05-17 05:48:36 regiond: [info] 192.168.11.8 POST /MAAS/metadata/2012-03-01/ HTTP/1.1 --> 200 OK (referrer: -; agent: Python-urllib/3.5)
May 17 05:48:36 mas01 sh[32111]: 2018-05-17 05:48:36 regiond: [info] 192.168.11.8 POST /MAAS/metadata/2012-03-01/ HTTP/1.1 --> 200 OK (referrer: -; agent: Python-urllib/3.5)
May 17 05:48:36 mas01 sh[32111]: 2018-05-17 05:48:36 regiond: [info] 192.168.11.8 POST /MAAS/metadata/2012-03-01/ HTTP/1.1 --> 200 OK (referrer: -; agent: Python-urllib/3.5)
May 17 05:48:36 mas01 sh[32550]: 2018-05-17 05:48:36 regiond: [info] 192.168.11.8 POST /MAAS/metadata/2012-03-01/ HTTP/1.1 --> 200 OK (referrer: -; agent: Python-urllib/3.5)
May 17 05:48:37 mas01 sh[32550]: 2018-05-17 05:48:37 regiond: [info] 192.168.11.8 POST /MAAS/metadata/2012-03-01/ HTTP/1.1 --> 200 OK (referrer: -; agent: Python-urllib/3.5)
May 17 05:48:37 mas01 sh[32111]: 2018-05-17 05:48:37 regiond: [info] 192.168.11.8 POST /MAAS/metadata/2012-03-01/ HTTP/1.1 --> 200 OK (referrer: -; agent: Python-urllib/3.5)
May 17 05:48:37 mas01 sh[32550]: 2018-05-17 05:48:37 regiond: [info] 192.168.11.8 POST /MAAS/metadata/2012-03-01/ HTTP/1.1 --> 200 OK (referrer: -; agent: Python-urllib/3.5)
