Apr 28 00:24:35 mas01 sh[20425]: 2018-04-28 00:24:35 regiond: [info] 192.168.11.12 POST /MAAS/metadata/status/bcx4hm HTTP/1.1 --> 204 NO_CONTENT (referrer: -; agent: python-requests/2.9.1)
Apr 28 00:24:35 mas01 sh[20421]: 2018-04-28 00:24:35 regiond: [info] 192.168.11.12 POST /MAAS/metadata/status/bcx4hm HTTP/1.1 --> 204 NO_CONTENT (referrer: -; agent: python-requests/2.9.1)
Apr 28 00:24:35 mas01 sh[20430]: 2018-04-28 00:24:35 regiond: [info] 192.168.11.12 POST /MAAS/metadata/status/bcx4hm HTTP/1.1 --> 204 NO_CONTENT (referrer: -; agent: python-requests/2.9.1)
Apr 28 00:24:35 mas01 sh[20978]: 2018-04-28 00:24:35 regiond: [info] 192.168.11.12 POST /MAAS/metadata/status/bcx4hm HTTP/1.1 --> 204 NO_CONTENT (referrer: -; agent: python-requests/2.9.1)
Apr 28 00:24:35 mas01 sh[20425]: 2018-04-28 00:24:35 regiond: [info] 192.168.11.12 POST /MAAS/metadata/status/bcx4hm HTTP/1.1 --> 204 NO_CONTENT (referrer: -; agent: python-requests/2.9.1)
Apr 28 00:24:35 mas01 sh[20425]: 2018-04-28 00:24:35 regiond: [info] 192.168.11.12 POST /MAAS/metadata/status/bcx4hm HTTP/1.1 --> 204 NO_CONTENT (referrer: -; agent: python-requests/2.9.1)
Apr 28 00:24:35 mas01 sh[20978]: 2018-04-28 00:24:35 regiond: [info] 192.168.11.12 POST /MAAS/metadata/status/bcx4hm HTTP/1.1 --> 204 NO_CONTENT (referrer: -; agent: python-requests/2.9.1)
Apr 28 00:24:35 mas01 sh[20425]: 2018-04-28 00:24:35 regiond: [info] 192.168.11.12 POST /MAAS/metadata/status/bcx4hm HTTP/1.1 --> 204 NO_CONTENT (referrer: -; agent: python-requests/2.9.1)
Apr 28 00:24:35 mas01 sh[20421]: 2018-04-28 00:24:35 regiond: [info] 192.168.11.12 POST /MAAS/metadata/status/bcx4hm HTTP/1.1 --> 204 NO_CONTENT (referrer: -; agent: python-requests/2.9.1)
Apr 28 00:24:35 mas01 sh[20978]: 2018-04-28 00:24:35 regiond: [info] 192.168.11.12 POST /MAAS/metadata/status/bcx4hm HTTP/1.1 --> 204 NO_CONTENT (referrer: -; agent: python-requests/2.9.1)
Apr 28 00:24:35 mas01 sh[20421]: 2018-04-28 00:24:35 regiond: [info] 192.168.11.12 POST /MAAS/metadata/status/bcx4hm HTTP/1.1 --> 204 NO_CONTENT (referrer: -; agent: python-requests/2.9.1)
Apr 28 00:24:35 mas01 sh[20421]: 2018-04-28 00:24:35 regiond: [info] 192.168.11.12 POST /MAAS/metadata/status/bcx4hm HTTP/1.1 --> 204 NO_CONTENT (referrer: -; agent: python-requests/2.9.1)
Apr 28 00:24:35 mas01 sh[20430]: 2018-04-28 00:24:35 regiond: [info] 192.168.11.12 POST /MAAS/metadata/status/bcx4hm HTTP/1.1 --> 204 NO_CONTENT (referrer: -; agent: python-requests/2.9.1)
Apr 28 00:24:35 mas01 sh[20430]: message repeated 2 times: [ 2018-04-28 00:24:35 regiond: [info] 192.168.11.12 POST /MAAS/metadata/status/bcx4hm HTTP/1.1 --> 204 NO_CONTENT (referrer: -; agent: python-requests/2.9.1)]
Apr 28 00:24:35 mas01 sh[20978]: 2018-04-28 00:24:35 regiond: [info] 192.168.11.12 POST /MAAS/metadata/status/bcx4hm HTTP/1.1 --> 204 NO_CONTENT (referrer: -; agent: python-requests/2.9.1)
Apr 28 00:24:35 mas01 sh[20430]: 2018-04-28 00:24:35 regiond: [info] 192.168.11.12 POST /MAAS/metadata/status/bcx4hm HTTP/1.1 --> 204 NO_CONTENT (referrer: -; agent: python-requests/2.9.1)
Apr 28 00:24:35 mas01 sh[20425]: 2018-04-28 00:24:35 regiond: [info] 192.168.11.12 POST /MAAS/metadata/status/bcx4hm HTTP/1.1 --> 204 NO_CONTENT (referrer: -; agent: python-requests/2.9.1)
Apr 28 00:24:36 mas01 sh[20425]: 2018-04-28 00:24:36 regiond: [info] 192.168.11.12 POST /MAAS/metadata/status/bcx4hm HTTP/1.1 --> 204 NO_CONTENT (referrer: -; agent: python-requests/2.9.1)
Apr 28 00:24:36 mas01 sh[20421]: 2018-04-28 00:24:36 regiond: [info] 192.168.11.12 POST /MAAS/metadata/status/bcx4hm HTTP/1.1 --> 204 NO_CONTENT (referrer: -; agent: python-requests/2.9.1)
Apr 28 00:24:37 mas01 sh[20430]: 2018-04-28 00:24:37 regiond: [info] 192.168.11.12 POST /MAAS/metadata/status/bcx4hm HTTP/1.1 --> 204 NO_CONTENT (referrer: -; agent: python-requests/2.9.1)
Apr 28 00:24:37 mas01 sh[20430]: 2018-04-28 00:24:37 regiond: [info] 192.168.11.12 POST /MAAS/metadata/status/bcx4hm HTTP/1.1 --> 204 NO_CONTENT (referrer: -; agent: python-requests/2.9.1)
Apr 28 00:24:37 mas01 sh[20978]: 2018-04-28 00:24:37 regiond: [info] 192.168.11.12 POST /MAAS/metadata/status/bcx4hm HTTP/1.1 --> 204 NO_CONTENT (referrer: -; agent: python-requests/2.9.1)
Apr 28 00:24:37 mas01 sh[20978]: 2018-04-28 00:24:37 regiond: [info] 192.168.11.12 POST /MAAS/metadata/status/bcx4hm HTTP/1.1 --> 204 NO_CONTENT (referrer: -; agent: python-requests/2.9.1)
Apr 28 00:24:37 mas01 sh[20421]: 2018-04-28 00:24:37 regiond: [info] 192.168.11.12 POST /MAAS/metadata/status/bcx4hm HTTP/1.1 --> 204 NO_CONTENT (referrer: -; agent: python-requests/2.9.1)
Apr 28 00:24:37 mas01 sh[20421]: 2018-04-28 00:24:37 regiond: [info] 192.168.11.12 POST /MAAS/metadata/status/bcx4hm HTTP/1.1 --> 204 NO_CONTENT (referrer: -; agent: python-requests/2.9.1)
Apr 28 00:24:37 mas01 sh[20430]: 2018-04-28 00:24:37 regiond: [info] 192.168.11.12 POST /MAAS/metadata/status/bcx4hm HTTP/1.1 --> 204 NO_CONTENT (referrer: -; agent: python-requests/2.9.1)
Apr 28 00:24:37 mas01 sh[20425]: 2018-04-28 00:24:37 regiond: [info] 192.168.11.12 POST /MAAS/metadata/status/bcx4hm HTTP/1.1 --> 204 NO_CONTENT (referrer: -; agent: python-requests/2.9.1)
Apr 28 00:24:37 mas01 sh[20430]: 2018-04-28 00:24:37 regiond: [info] 192.168.11.12 POST /MAAS/metadata/status/bcx4hm HTTP/1.1 --> 204 NO_CONTENT (referrer: -; agent: python-requests/2.9.1)
Apr 28 00:24:38 mas01 sh[20421]: 2018-04-28 00:24:38 regiond: [info] 192.168.11.12 POST /MAAS/metadata/status/bcx4hm HTTP/1.1 --> 204 NO_CONTENT (referrer: -; agent: python-requests/2.9.1)
Apr 28 00:24:38 mas01 sh[20425]: 2018-04-28 00:24:38 regiond: [info] 192.168.11.12 POST /MAAS/metadata/status/bcx4hm HTTP/1.1 --> 204 NO_CONTENT (referrer: -; agent: python-requests/2.9.1)
Apr 28 00:24:38 mas01 sh[20425]: 2018-04-28 00:24:38 regiond: [info] 192.168.11.12 POST /MAAS/metadata/status/bcx4hm HTTP/1.1 --> 204 NO_CONTENT (referrer: -; agent: python-requests/2.9.1)
Apr 28 00:24:38 mas01 sh[20978]: 2018-04-28 00:24:38 regiond: [info] 192.168.11.12 POST /MAAS/metadata/status/bcx4hm HTTP/1.1 --> 204 NO_CONTENT (referrer: -; agent: python-requests/2.9.1)
Apr 28 00:24:38 mas01 sh[20430]: 2018-04-28 00:24:38 regiond: [info] 192.168.11.12 POST /MAAS/metadata/status/bcx4hm HTTP/1.1 --> 204 NO_CONTENT (referrer: -; agent: python-requests/2.9.1)
Apr 28 00:24:38 mas01 sh[20978]: 2018-04-28 00:24:38 regiond: [info] 192.168.11.12 POST /MAAS/metadata/status/bcx4hm HTTP/1.1 --> 204 NO_CONTENT (referrer: -; agent: python-requests/2.9.1)
Apr 28 00:24:38 mas01 sh[20425]: 2018-04-28 00:24:38 regiond: [info] 192.168.11.12 POST /MAAS/metadata/status/bcx4hm HTTP/1.1 --> 204 NO_CONTENT (referrer: -; agent: python-requests/2.9.1)
Apr 28 00:24:38 mas01 sh[20421]: 2018-04-28 00:24:38 regiond: [info] 192.168.11.12 POST /MAAS/metadata/status/bcx4hm HTTP/1.1 --> 204 NO_CONTENT (referrer: -; agent: python-requests/2.9.1)
Apr 28 00:24:38 mas01 sh[20425]: 2018-04-28 00:24:38 regiond: [info] 192.168.11.12 POST /MAAS/metadata/status/bcx4hm HTTP/1.1 --> 204 NO_CONTENT (referrer: -; agent: python-requests/2.9.1)
Apr 28 00:24:38 mas01 sh[20978]: 2018-04-28 00:24:38 regiond: [info] 192.168.11.12 POST /MAAS/metadata/status/bcx4hm HTTP/1.1 --> 204 NO_CONTENT (referrer: -; agent: python-requests/2.9.1)
Apr 28 00:24:38 mas01 sh[20421]: 2018-04-28 00:24:38 regiond: [info] 192.168.11.12 POST /MAAS/metadata/status/bcx4hm HTTP/1.1 --> 204 NO_CONTENT (referrer: -; agent: python-requests/2.9.1)
Apr 28 00:24:39 mas01 sh[20421]: 2018-04-28 00:24:39 regiond: [info] 192.168.11.12 POST /MAAS/metadata/status/bcx4hm HTTP/1.1 --> 204 NO_CONTENT (referrer: -; agent: python-requests/2.9.1)
Apr 28 00:24:39 mas01 salt-minion[6272]: [INFO    ] User sudo_ubuntu Executing command state.apply with jid 20180428002439564628
Apr 28 00:24:39 mas01 salt-minion[6272]: [INFO    ] Starting a new job with PID 24917
Apr 28 00:24:39 mas01 salt-minion[6272]: [INFO    ] Loading fresh modules for state activity
Apr 28 00:24:40 mas01 salt-minion[6272]: [INFO    ] Running state [maas-region apikey --username opnfv > /var/lib/maas/.maas_credentials] at time 00:24:40.038815
Apr 28 00:24:40 mas01 salt-minion[6272]: [INFO    ] Executing state cmd.run for maas-region apikey --username opnfv > /var/lib/maas/.maas_credentials
Apr 28 00:24:40 mas01 salt-minion[6272]: [INFO    ] Executing command 'maas-region apikey --username opnfv > /var/lib/maas/.maas_credentials' in directory '/root'
Apr 28 00:24:40 mas01 sh[20014]: 2018-04-28 00:24:40 provisioningserver.dhcp.detect: [info] External DHCP server(s) discovered on interface 'ens3': 10.20.0.1
Apr 28 00:24:41 mas01 dhcpd[23977]: DHCPDISCOVER from 52:54:00:90:6b:02 via ens5
Apr 28 00:24:41 mas01 dhcpd[23977]: DHCPOFFER on 192.168.11.3 to 52:54:00:90:6b:02 via ens5
Apr 28 00:24:41 mas01 dhcpd[23977]: DHCPDISCOVER from 00:25:b5:a0:00:5a via ens5
Apr 28 00:24:41 mas01 dhcpd[23977]: DHCPOFFER on 192.168.11.13 to 00:25:b5:a0:00:5a (cmp001) via ens5
Apr 28 00:24:41 mas01 dhcpd[23977]: execute_statement argv[0] = /usr/sbin/maas-dhcp-helper
Apr 28 00:24:41 mas01 dhcpd[23977]: execute_statement argv[1] = notify
Apr 28 00:24:41 mas01 dhcpd[23977]: execute_statement argv[2] = --action
Apr 28 00:24:41 mas01 dhcpd[23977]: execute_statement argv[3] = commit
Apr 28 00:24:41 mas01 dhcpd[23977]: execute_statement argv[4] = --mac
Apr 28 00:24:41 mas01 dhcpd[23977]: execute_statement argv[5] = 0:25:b5:a0:0:5a
Apr 28 00:24:41 mas01 dhcpd[23977]: execute_statement argv[6] = --ip-family
Apr 28 00:24:41 mas01 dhcpd[23977]: execute_statement argv[7] = ipv4
Apr 28 00:24:41 mas01 dhcpd[23977]: execute_statement argv[8] = --ip
Apr 28 00:24:41 mas01 dhcpd[23977]: execute_statement argv[9] = 192.168.11.13
Apr 28 00:24:41 mas01 dhcpd[23977]: execute_statement argv[10] = --lease-time
Apr 28 00:24:41 mas01 dhcpd[23977]: execute_statement argv[11] = 600
Apr 28 00:24:41 mas01 dhcpd[23977]: execute_statement argv[12] = --hostname
Apr 28 00:24:41 mas01 dhcpd[23977]: execute_statement argv[13] = cmp001
Apr 28 00:24:41 mas01 dhcpd[23977]: execute_statement argv[14] = --socket
Apr 28 00:24:41 mas01 dhcpd[23977]: execute_statement argv[15] = /var/lib/maas/dhcpd.sock
Apr 28 00:24:41 mas01 dhcpd[23977]: DHCPREQUEST for 192.168.11.13 (192.168.11.3) from 00:25:b5:a0:00:5a (cmp001) via ens5
Apr 28 00:24:41 mas01 dhcpd[23977]: DHCPACK on 192.168.11.13 to 00:25:b5:a0:00:5a (cmp001) via ens5
Apr 28 00:24:41 mas01 dhcpd[23977]: DHCPDISCOVER from 00:25:b5:a0:00:2a via ens5
Apr 28 00:24:41 mas01 dhcpd[23977]: DHCPOFFER on 192.168.11.14 to 00:25:b5:a0:00:2a (kvm01) via ens5
Apr 28 00:24:41 mas01 dhcpd[23977]: DHCPDISCOVER from 00:25:b5:a0:00:4a via ens5
Apr 28 00:24:41 mas01 dhcpd[23977]: DHCPOFFER on 192.168.11.6 to 00:25:b5:a0:00:4a (kvm03) via ens5
Apr 28 00:24:41 mas01 dhcpd[23977]: DHCPDISCOVER from 00:25:b5:a0:00:3a via ens5
Apr 28 00:24:41 mas01 dhcpd[23977]: DHCPOFFER on 192.168.11.9 to 00:25:b5:a0:00:3a (kvm02) via ens5
Apr 28 00:24:41 mas01 dhcpd[23977]: execute_statement argv[0] = /usr/sbin/maas-dhcp-helper
Apr 28 00:24:41 mas01 dhcpd[23977]: execute_statement argv[1] = notify
Apr 28 00:24:41 mas01 dhcpd[23977]: execute_statement argv[2] = --action
Apr 28 00:24:41 mas01 dhcpd[23977]: execute_statement argv[3] = commit
Apr 28 00:24:41 mas01 dhcpd[23977]: execute_statement argv[4] = --mac
Apr 28 00:24:41 mas01 dhcpd[23977]: execute_statement argv[5] = 0:25:b5:a0:0:2a
Apr 28 00:24:41 mas01 dhcpd[23977]: execute_statement argv[6] = --ip-family
Apr 28 00:24:41 mas01 dhcpd[23977]: execute_statement argv[7] = ipv4
Apr 28 00:24:41 mas01 dhcpd[23977]: execute_statement argv[8] = --ip
Apr 28 00:24:41 mas01 dhcpd[23977]: execute_statement argv[9] = 192.168.11.14
Apr 28 00:24:41 mas01 dhcpd[23977]: execute_statement argv[10] = --lease-time
Apr 28 00:24:41 mas01 dhcpd[23977]: execute_statement argv[11] = 600
Apr 28 00:24:41 mas01 dhcpd[23977]: execute_statement argv[12] = --hostname
Apr 28 00:24:41 mas01 dhcpd[23977]: execute_statement argv[13] = kvm01
Apr 28 00:24:41 mas01 dhcpd[23977]: execute_statement argv[14] = --socket
Apr 28 00:24:41 mas01 dhcpd[23977]: execute_statement argv[15] = /var/lib/maas/dhcpd.sock
Apr 28 00:24:41 mas01 sh[20430]: 2018-04-28 00:24:41 maasserver.rpc.leases: [info] Lease update: commit for 192.168.11.13 on 0:25:b5:a0:0:5a at 2018-04-28 00:24:41 (lease time: 600s) (hostname: cmp001)
Apr 28 00:24:41 mas01 dhcpd[23977]: DHCPREQUEST for 192.168.11.14 (192.168.11.3) from 00:25:b5:a0:00:2a (kvm01) via ens5
Apr 28 00:24:41 mas01 dhcpd[23977]: DHCPACK on 192.168.11.14 to 00:25:b5:a0:00:2a (kvm01) via ens5
Apr 28 00:24:41 mas01 dhcpd[23977]: execute_statement argv[0] = /usr/sbin/maas-dhcp-helper
Apr 28 00:24:41 mas01 dhcpd[23977]: execute_statement argv[1] = notify
Apr 28 00:24:41 mas01 dhcpd[23977]: execute_statement argv[2] = --action
Apr 28 00:24:41 mas01 dhcpd[23977]: execute_statement argv[3] = commit
Apr 28 00:24:41 mas01 dhcpd[23977]: execute_statement argv[4] = --mac
Apr 28 00:24:41 mas01 dhcpd[23977]: execute_statement argv[5] = 0:25:b5:a0:0:4a
Apr 28 00:24:41 mas01 dhcpd[23977]: execute_statement argv[6] = --ip-family
Apr 28 00:24:41 mas01 dhcpd[23977]: execute_statement argv[7] = ipv4
Apr 28 00:24:41 mas01 dhcpd[23977]: execute_statement argv[8] = --ip
Apr 28 00:24:41 mas01 dhcpd[23977]: execute_statement argv[9] = 192.168.11.6
Apr 28 00:24:41 mas01 dhcpd[23977]: execute_statement argv[10] = --lease-time
Apr 28 00:24:41 mas01 dhcpd[23977]: execute_statement argv[11] = 600
Apr 28 00:24:41 mas01 dhcpd[23977]: execute_statement argv[12] = --hostname
Apr 28 00:24:41 mas01 dhcpd[23977]: execute_statement argv[13] = kvm03
Apr 28 00:24:41 mas01 dhcpd[23977]: execute_statement argv[14] = --socket
Apr 28 00:24:41 mas01 dhcpd[23977]: execute_statement argv[15] = /var/lib/maas/dhcpd.sock
Apr 28 00:24:41 mas01 sh[20425]: 2018-04-28 00:24:41 maasserver.rpc.leases: [info] Lease update: commit for 192.168.11.14 on 0:25:b5:a0:0:2a at 2018-04-28 00:24:41 (lease time: 600s) (hostname: kvm01)
Apr 28 00:24:41 mas01 dhcpd[23977]: DHCPREQUEST for 192.168.11.6 (192.168.11.3) from 00:25:b5:a0:00:4a (kvm03) via ens5
Apr 28 00:24:41 mas01 dhcpd[23977]: DHCPACK on 192.168.11.6 to 00:25:b5:a0:00:4a (kvm03) via ens5
Apr 28 00:24:41 mas01 dhcpd[23977]: execute_statement argv[0] = /usr/sbin/maas-dhcp-helper
Apr 28 00:24:41 mas01 dhcpd[23977]: execute_statement argv[1] = notify
Apr 28 00:24:41 mas01 dhcpd[23977]: execute_statement argv[2] = --action
Apr 28 00:24:41 mas01 dhcpd[23977]: execute_statement argv[3] = commit
Apr 28 00:24:41 mas01 dhcpd[23977]: execute_statement argv[4] = --mac
Apr 28 00:24:41 mas01 dhcpd[23977]: execute_statement argv[5] = 0:25:b5:a0:0:3a
Apr 28 00:24:41 mas01 dhcpd[23977]: execute_statement argv[6] = --ip-family
Apr 28 00:24:41 mas01 dhcpd[23977]: execute_statement argv[7] = ipv4
Apr 28 00:24:41 mas01 dhcpd[23977]: execute_statement argv[8] = --ip
Apr 28 00:24:41 mas01 dhcpd[23977]: execute_statement argv[9] = 192.168.11.9
Apr 28 00:24:41 mas01 dhcpd[23977]: execute_statement argv[10] = --lease-time
Apr 28 00:24:41 mas01 dhcpd[23977]: execute_statement argv[11] = 600
Apr 28 00:24:41 mas01 dhcpd[23977]: execute_statement argv[12] = --hostname
Apr 28 00:24:41 mas01 dhcpd[23977]: execute_statement argv[13] = kvm02
Apr 28 00:24:41 mas01 dhcpd[23977]: execute_statement argv[14] = --socket
Apr 28 00:24:41 mas01 dhcpd[23977]: execute_statement argv[15] = /var/lib/maas/dhcpd.sock
Apr 28 00:24:41 mas01 sh[20425]: 2018-04-28 00:24:41 maasserver.rpc.leases: [info] Lease update: commit for 192.168.11.6 on 0:25:b5:a0:0:4a at 2018-04-28 00:24:41 (lease time: 600s) (hostname: kvm03)
Apr 28 00:24:41 mas01 sh[20430]: 2018-04-28 00:24:41 maasserver.rpc.leases: [info] Lease update: commit for 192.168.11.9 on 0:25:b5:a0:0:3a at 2018-04-28 00:24:41 (lease time: 600s) (hostname: kvm02)
Apr 28 00:24:41 mas01 dhcpd[23977]: DHCPREQUEST for 192.168.11.9 (192.168.11.3) from 00:25:b5:a0:00:3a (kvm02) via ens5
Apr 28 00:24:41 mas01 dhcpd[23977]: DHCPACK on 192.168.11.9 to 00:25:b5:a0:00:3a (kvm02) via ens5
Apr 28 00:24:41 mas01 salt-minion[6272]: [INFO    ] {'pid': 24924, 'retcode': 0, 'stderr': '', 'stdout': ''}
Apr 28 00:24:41 mas01 salt-minion[6272]: [INFO    ] Completed state [maas-region apikey --username opnfv > /var/lib/maas/.maas_credentials] at time 00:24:41.574131 duration_in_ms=1535.317
Apr 28 00:24:41 mas01 salt-minion[6272]: [INFO    ] Running state [maas.machines_status] at time 00:24:41.575309
Apr 28 00:24:41 mas01 salt-minion[6272]: [INFO    ] Executing state module.run for maas.machines_status
Apr 28 00:24:42 mas01 sh[20430]: 2018-04-28 00:24:42 regiond: [info] 127.0.0.1 GET /MAAS/api/2.0/machines/ HTTP/1.1 --> 200 OK (referrer: -; agent: Python-urllib/2.7)
Apr 28 00:24:42 mas01 salt-minion[6272]: [INFO    ] {'ret': {'machines': [{'status': 'Deploying', 'hostname': u'cmp002', 'system_id': u'bcx4hm'}, {'status': 'Deploying', 'hostname': u'cmp001', 'system_id': u'a6gash'}, {'status': 'Deploying', 'hostname': u'kvm01', 'system_id': u'xfwywy'}, {'status': 'Deploying', 'hostname': u'kvm03', 'system_id': u'g6fxpg'}, {'status': 'Deploying', 'hostname': u'kvm02', 'system_id': u'w76f7q'}], 'summary': Counter({'Deploying': 5})}}
Apr 28 00:24:42 mas01 salt-minion[6272]: [INFO    ] Completed state [maas.machines_status] at time 00:24:42.098973 duration_in_ms=523.662
Apr 28 00:24:42 mas01 salt-minion[6272]: [INFO    ] Returning information for job: 20180428002439564628
Apr 28 00:24:42 mas01 sh[20014]: 2018-04-28 00:24:42 rackd: [info] 192.168.11.13 GET /images/ubuntu/amd64/hwe-16.04/xenial/daily/squashfs HTTP/1.1 --> 200 OK (referrer: -; agent: Wget)
Apr 28 00:24:42 mas01 sh[20014]: 2018-04-28 00:24:42 rackd: [info] 192.168.11.14 GET /images/ubuntu/amd64/hwe-16.04/xenial/daily/squashfs HTTP/1.1 --> 200 OK (referrer: -; agent: Wget)
Apr 28 00:24:42 mas01 sh[20014]: 2018-04-28 00:24:42 rackd: [info] 192.168.11.6 GET /images/ubuntu/amd64/hwe-16.04/xenial/daily/squashfs HTTP/1.1 --> 200 OK (referrer: -; agent: Wget)
Apr 28 00:24:42 mas01 sh[20014]: 2018-04-28 00:24:42 rackd: [info] 192.168.11.9 GET /images/ubuntu/amd64/hwe-16.04/xenial/daily/squashfs HTTP/1.1 --> 200 OK (referrer: -; agent: Wget)
Apr 28 00:24:43 mas01 dhcpd[23977]: DHCPDISCOVER from 52:54:00:90:6b:02 via ens5
Apr 28 00:24:43 mas01 dhcpd[23977]: DHCPOFFER on 192.168.11.3 to 52:54:00:90:6b:02 via ens5
Apr 28 00:24:44 mas01 sh[20421]: 2018-04-28 00:24:44 regiond: [info] 192.168.11.13 GET /MAAS/metadata/latest/by-id/a6gash/?op=get_preseed HTTP/1.1 --> 200 OK (referrer: -; agent: Cloud-Init/18.2)
Apr 28 00:24:44 mas01 sh[20978]: 2018-04-28 00:24:44 regiond: [info] 192.168.11.13 POST /MAAS/metadata/status/a6gash HTTP/1.1 --> 204 NO_CONTENT (referrer: -; agent: python-requests/2.9.1)
Apr 28 00:24:44 mas01 sh[20978]: 2018-04-28 00:24:44 regiond: [info] 192.168.11.13 POST /MAAS/metadata/status/a6gash HTTP/1.1 --> 204 NO_CONTENT (referrer: -; agent: python-requests/2.9.1)
Apr 28 00:24:44 mas01 sh[20425]: 2018-04-28 00:24:44 regiond: [info] 192.168.11.14 POST /MAAS/metadata/status/xfwywy HTTP/1.1 --> 204 NO_CONTENT (referrer: -; agent: python-requests/2.9.1)
Apr 28 00:24:44 mas01 sh[20978]: 2018-04-28 00:24:44 regiond: [info] 192.168.11.14 POST /MAAS/metadata/status/xfwywy HTTP/1.1 --> 204 NO_CONTENT (referrer: -; agent: python-requests/2.9.1)
Apr 28 00:24:45 mas01 sh[20430]: 2018-04-28 00:24:45 regiond: [info] 192.168.11.13 POST /MAAS/metadata/status/a6gash HTTP/1.1 --> 204 NO_CONTENT (referrer: -; agent: python-requests/2.9.1)
Apr 28 00:24:45 mas01 sh[20425]: 2018-04-28 00:24:45 regiond: [info] 192.168.11.6 POST /MAAS/metadata/status/g6fxpg HTTP/1.1 --> 204 NO_CONTENT (referrer: -; agent: python-requests/2.9.1)
Apr 28 00:24:45 mas01 sh[20430]: 2018-04-28 00:24:45 regiond: [info] 192.168.11.6 POST /MAAS/metadata/status/g6fxpg HTTP/1.1 --> 204 NO_CONTENT (referrer: -; agent: python-requests/2.9.1)
Apr 28 00:24:45 mas01 sh[20425]: 2018-04-28 00:24:45 regiond: [info] 192.168.11.9 POST /MAAS/metadata/status/w76f7q HTTP/1.1 --> 204 NO_CONTENT (referrer: -; agent: python-requests/2.9.1)
Apr 28 00:24:45 mas01 sh[20978]: 2018-04-28 00:24:45 regiond: [info] 192.168.11.9 POST /MAAS/metadata/status/w76f7q HTTP/1.1 --> 204 NO_CONTENT (referrer: -; agent: python-requests/2.9.1)
Apr 28 00:24:45 mas01 dhcpd[23977]: DHCPDISCOVER from 52:54:00:90:6b:02 via ens5
Apr 28 00:24:45 mas01 dhcpd[23977]: DHCPOFFER on 192.168.11.3 to 52:54:00:90:6b:02 via ens5
Apr 28 00:24:45 mas01 sh[20425]: 2018-04-28 00:24:45 regiond: [info] 192.168.11.14 POST /MAAS/metadata/status/xfwywy HTTP/1.1 --> 204 NO_CONTENT (referrer: -; agent: python-requests/2.9.1)
Apr 28 00:24:45 mas01 sh[20430]: 2018-04-28 00:24:45 regiond: [info] 192.168.11.9 POST /MAAS/metadata/status/w76f7q HTTP/1.1 --> 204 NO_CONTENT (referrer: -; agent: python-requests/2.9.1)
Apr 28 00:24:45 mas01 sh[20421]: 2018-04-28 00:24:45 regiond: [info] 192.168.11.6 POST /MAAS/metadata/status/g6fxpg HTTP/1.1 --> 204 NO_CONTENT (referrer: -; agent: python-requests/2.9.1)
Apr 28 00:24:45 mas01 sh[20430]: 2018-04-28 00:24:45 regiond: [info] 192.168.11.13 GET /MAAS/metadata/latest/by-id/a6gash/?op=get_preseed HTTP/1.1 --> 200 OK (referrer: -; agent: Cloud-Init/18.2)
Apr 28 00:24:45 mas01 sh[20430]: 2018-04-28 00:24:45 regiond: [info] 192.168.11.13 POST /MAAS/metadata/status/a6gash HTTP/1.1 --> 204 NO_CONTENT (referrer: -; agent: python-requests/2.9.1)
Apr 28 00:24:45 mas01 sh[20425]: 2018-04-28 00:24:45 regiond: [info] 192.168.11.13 POST /MAAS/metadata/status/a6gash HTTP/1.1 --> 204 NO_CONTENT (referrer: -; agent: python-requests/2.9.1)
Apr 28 00:24:45 mas01 sh[20430]: 2018-04-28 00:24:45 regiond: [info] 192.168.11.13 POST /MAAS/metadata/status/a6gash HTTP/1.1 --> 204 NO_CONTENT (referrer: -; agent: python-requests/2.9.1)
Apr 28 00:24:45 mas01 sh[20425]: 2018-04-28 00:24:45 regiond: [info] 192.168.11.13 GET /MAAS/metadata/curtin/2012-03-01/meta-data/instance-id HTTP/1.1 --> 200 OK (referrer: -; agent: Cloud-Init/18.2)
Apr 28 00:24:45 mas01 sh[20978]: 2018-04-28 00:24:45 regiond: [info] 192.168.11.14 POST /MAAS/metadata/status/xfwywy HTTP/1.1 --> 204 NO_CONTENT (referrer: -; agent: python-requests/2.9.1)
Apr 28 00:24:45 mas01 sh[20978]: 2018-04-28 00:24:45 regiond: [info] 192.168.11.9 GET /MAAS/metadata/latest/by-id/w76f7q/?op=get_preseed HTTP/1.1 --> 200 OK (referrer: -; agent: Cloud-Init/18.2)
Apr 28 00:24:45 mas01 sh[20425]: 2018-04-28 00:24:45 regiond: [info] 192.168.11.14 POST /MAAS/metadata/status/xfwywy HTTP/1.1 --> 204 NO_CONTENT (referrer: -; agent: python-requests/2.9.1)
Apr 28 00:24:45 mas01 sh[20430]: 2018-04-28 00:24:45 regiond: [info] 192.168.11.14 POST /MAAS/metadata/status/xfwywy HTTP/1.1 --> 204 NO_CONTENT (referrer: -; agent: python-requests/2.9.1)
Apr 28 00:24:45 mas01 sh[20425]: 2018-04-28 00:24:45 regiond: [info] 192.168.11.9 POST /MAAS/metadata/status/w76f7q HTTP/1.1 --> 204 NO_CONTENT (referrer: -; agent: python-requests/2.9.1)
Apr 28 00:24:45 mas01 sh[20425]: 2018-04-28 00:24:45 regiond: [info] 192.168.11.9 POST /MAAS/metadata/status/w76f7q HTTP/1.1 --> 204 NO_CONTENT (referrer: -; agent: python-requests/2.9.1)
Apr 28 00:24:45 mas01 sh[20978]: 2018-04-28 00:24:45 regiond: [info] 192.168.11.6 POST /MAAS/metadata/status/g6fxpg HTTP/1.1 --> 204 NO_CONTENT (referrer: -; agent: python-requests/2.9.1)
Apr 28 00:24:45 mas01 sh[20425]: 2018-04-28 00:24:45 regiond: [info] 192.168.11.9 POST /MAAS/metadata/status/w76f7q HTTP/1.1 --> 204 NO_CONTENT (referrer: -; agent: python-requests/2.9.1)
Apr 28 00:24:45 mas01 sh[20430]: 2018-04-28 00:24:45 regiond: [info] 192.168.11.6 POST /MAAS/metadata/status/g6fxpg HTTP/1.1 --> 204 NO_CONTENT (referrer: -; agent: python-requests/2.9.1)
Apr 28 00:24:45 mas01 sh[20425]: 2018-04-28 00:24:45 regiond: [info] 192.168.11.6 POST /MAAS/metadata/status/g6fxpg HTTP/1.1 --> 204 NO_CONTENT (referrer: -; agent: python-requests/2.9.1)
Apr 28 00:24:45 mas01 sh[20425]: 2018-04-28 00:24:45 regiond: [info] 192.168.11.13 GET /MAAS/metadata/curtin/2012-03-01/meta-data/instance-id HTTP/1.1 --> 200 OK (referrer: -; agent: python-requests/2.9.1)
Apr 28 00:24:45 mas01 sh[20425]: 2018-04-28 00:24:45 regiond: [info] 192.168.11.14 GET /MAAS/metadata/curtin/2012-03-01/meta-data/instance-id HTTP/1.1 --> 200 OK (referrer: -; agent: Cloud-Init/18.2)
Apr 28 00:24:45 mas01 sh[20430]: 2018-04-28 00:24:45 regiond: [info] 192.168.11.9 GET /MAAS/metadata/curtin/2012-03-01/meta-data/instance-id HTTP/1.1 --> 200 OK (referrer: -; agent: Cloud-Init/18.2)
Apr 28 00:24:45 mas01 sh[20421]: 2018-04-28 00:24:45 regiond: [info] 192.168.11.13 GET /MAAS/metadata/curtin/2012-03-01/meta-data/local-hostname HTTP/1.1 --> 200 OK (referrer: -; agent: python-requests/2.9.1)
Apr 28 00:24:45 mas01 sh[20430]: 2018-04-28 00:24:45 regiond: [info] 192.168.11.14 GET /MAAS/metadata/curtin/2012-03-01/meta-data/instance-id HTTP/1.1 --> 200 OK (referrer: -; agent: python-requests/2.9.1)
Apr 28 00:24:45 mas01 sh[20421]: 2018-04-28 00:24:45 regiond: [info] 192.168.11.6 GET /MAAS/metadata/curtin/2012-03-01/meta-data/instance-id HTTP/1.1 --> 200 OK (referrer: -; agent: Cloud-Init/18.2)
Apr 28 00:24:45 mas01 sh[20430]: 2018-04-28 00:24:45 regiond: [info] 192.168.11.13 GET /MAAS/metadata/curtin/2012-03-01/meta-data/public-keys HTTP/1.1 --> 200 OK (referrer: -; agent: python-requests/2.9.1)
Apr 28 00:24:45 mas01 sh[20978]: 2018-04-28 00:24:45 regiond: [info] 192.168.11.14 GET /MAAS/metadata/curtin/2012-03-01/meta-data/local-hostname HTTP/1.1 --> 200 OK (referrer: -; agent: python-requests/2.9.1)
Apr 28 00:24:45 mas01 sh[20978]: 2018-04-28 00:24:45 regiond: [info] 192.168.11.9 GET /MAAS/metadata/curtin/2012-03-01/meta-data/instance-id HTTP/1.1 --> 200 OK (referrer: -; agent: python-requests/2.9.1)
Apr 28 00:24:45 mas01 sh[20978]: 2018-04-28 00:24:45 regiond: [info] 192.168.11.6 GET /MAAS/metadata/curtin/2012-03-01/meta-data/instance-id HTTP/1.1 --> 200 OK (referrer: -; agent: python-requests/2.9.1)
Apr 28 00:24:45 mas01 sh[20425]: 2018-04-28 00:24:45 regiond: [info] 192.168.11.9 GET /MAAS/metadata/curtin/2012-03-01/meta-data/local-hostname HTTP/1.1 --> 200 OK (referrer: -; agent: python-requests/2.9.1)
Apr 28 00:24:45 mas01 sh[20978]: 2018-04-28 00:24:45 regiond: [info] 192.168.11.13 GET /MAAS/metadata/curtin/2012-03-01/meta-data/vendor-data HTTP/1.1 --> 200 OK (referrer: -; agent: python-requests/2.9.1)
Apr 28 00:24:45 mas01 sh[20421]: 2018-04-28 00:24:45 regiond: [info] 192.168.11.6 GET /MAAS/metadata/curtin/2012-03-01/meta-data/local-hostname HTTP/1.1 --> 200 OK (referrer: -; agent: python-requests/2.9.1)
Apr 28 00:24:45 mas01 sh[20978]: 2018-04-28 00:24:45 regiond: [info] 192.168.11.14 GET /MAAS/metadata/curtin/2012-03-01/meta-data/vendor-data HTTP/1.1 --> 200 OK (referrer: -; agent: python-requests/2.9.1)
Apr 28 00:24:45 mas01 sh[20430]: 2018-04-28 00:24:45 regiond: [info] 192.168.11.6 GET /MAAS/metadata/curtin/2012-03-01/meta-data/public-keys HTTP/1.1 --> 200 OK (referrer: -; agent: python-requests/2.9.1)
Apr 28 00:24:46 mas01 sh[20978]: 2018-04-28 00:24:46 regiond: [info] 192.168.11.6 GET /MAAS/metadata/curtin/2012-03-01/meta-data/vendor-data HTTP/1.1 --> 200 OK (referrer: -; agent: python-requests/2.9.1)
Apr 28 00:24:46 mas01 sh[20421]: 2018-04-28 00:24:46 regiond: [info] 192.168.11.9 GET /MAAS/metadata/curtin/2012-03-01/meta-data/vendor-data HTTP/1.1 --> 200 OK (referrer: -; agent: python-requests/2.9.1)
Apr 28 00:24:46 mas01 sh[20421]: 2018-04-28 00:24:46 maasserver.preseed: [warn] WARNING: '/etc/maas/preseeds/curtin_userdata_amd64_generic_xenial' contains deprecated preseed variables. Please remove: main_archive_directory, ports_archive_directory, http_proxy
Apr 28 00:24:46 mas01 sh[20430]: 2018-04-28 00:24:46 maasserver.preseed: [warn] WARNING: '/etc/maas/preseeds/curtin_userdata_amd64_generic_xenial' contains deprecated preseed variables. Please remove: main_archive_directory, ports_archive_directory, http_proxy
Apr 28 00:24:46 mas01 sh[20421]: 2018-04-28 00:24:46 maasserver.preseed: [warn] WARNING: '/etc/maas/preseeds/curtin_userdata_amd64_generic_xenial' contains deprecated preseed variables. Please remove: main_archive_directory, ports_archive_directory, http_proxy
Apr 28 00:24:46 mas01 sh[20421]: 2018-04-28 00:24:46 maasserver.preseed: [warn] WARNING: '/etc/maas/preseeds/curtin_userdata_amd64_generic_xenial' contains deprecated preseed variables. Please remove: main_archive_directory, ports_archive_directory, http_proxy
Apr 28 00:24:46 mas01 sh[20430]: 2018-04-28 00:24:46 regiond: [info] 192.168.11.6 GET /MAAS/metadata/curtin/2012-03-01/user-data HTTP/1.1 --> 200 OK (referrer: -; agent: python-requests/2.9.1)
Apr 28 00:24:46 mas01 sh[20421]: 2018-04-28 00:24:46 regiond: [info] 192.168.11.6 POST /MAAS/metadata/status/g6fxpg HTTP/1.1 --> 204 NO_CONTENT (referrer: -; agent: python-requests/2.9.1)
Apr 28 00:24:46 mas01 sh[20430]: 2018-04-28 00:24:46 regiond: [info] 192.168.11.6 POST /MAAS/metadata/status/g6fxpg HTTP/1.1 --> 204 NO_CONTENT (referrer: -; agent: python-requests/2.9.1)
Apr 28 00:24:46 mas01 sh[20421]: 2018-04-28 00:24:46 regiond: [info] 192.168.11.6 POST /MAAS/metadata/status/g6fxpg HTTP/1.1 --> 204 NO_CONTENT (referrer: -; agent: python-requests/2.9.1)
Apr 28 00:24:46 mas01 sh[20430]: 2018-04-28 00:24:46 regiond: [info] 192.168.11.6 POST /MAAS/metadata/status/g6fxpg HTTP/1.1 --> 204 NO_CONTENT (referrer: -; agent: python-requests/2.9.1)
Apr 28 00:24:46 mas01 sh[20421]: 2018-04-28 00:24:46 regiond: [info] 192.168.11.6 POST /MAAS/metadata/status/g6fxpg HTTP/1.1 --> 204 NO_CONTENT (referrer: -; agent: python-requests/2.9.1)
Apr 28 00:24:46 mas01 sh[20421]: 2018-04-28 00:24:46 regiond: [info] 192.168.11.6 POST /MAAS/metadata/status/g6fxpg HTTP/1.1 --> 204 NO_CONTENT (referrer: -; agent: python-requests/2.9.1)
Apr 28 00:24:46 mas01 sh[20978]: 2018-04-28 00:24:46 regiond: [info] 192.168.11.6 POST /MAAS/metadata/status/g6fxpg HTTP/1.1 --> 204 NO_CONTENT (referrer: -; agent: python-requests/2.9.1)
Apr 28 00:24:46 mas01 sh[20978]: 2018-04-28 00:24:46 regiond: [info] 192.168.11.6 POST /MAAS/metadata/status/g6fxpg HTTP/1.1 --> 204 NO_CONTENT (referrer: -; agent: python-requests/2.9.1)
Apr 28 00:24:46 mas01 sh[20430]: 2018-04-28 00:24:46 regiond: [info] 192.168.11.6 POST /MAAS/metadata/status/g6fxpg HTTP/1.1 --> 204 NO_CONTENT (referrer: -; agent: python-requests/2.9.1)
Apr 28 00:24:46 mas01 sh[20430]: message repeated 4 times: [ 2018-04-28 00:24:46 regiond: [info] 192.168.11.6 POST /MAAS/metadata/status/g6fxpg HTTP/1.1 --> 204 NO_CONTENT (referrer: -; agent: python-requests/2.9.1)]
Apr 28 00:24:46 mas01 sh[20978]: 2018-04-28 00:24:46 regiond: [info] 192.168.11.6 POST /MAAS/metadata/status/g6fxpg HTTP/1.1 --> 204 NO_CONTENT (referrer: -; agent: python-requests/2.9.1)
Apr 28 00:24:46 mas01 sh[20430]: 2018-04-28 00:24:46 regiond: [info] 192.168.11.6 POST /MAAS/metadata/status/g6fxpg HTTP/1.1 --> 204 NO_CONTENT (referrer: -; agent: python-requests/2.9.1)
Apr 28 00:24:46 mas01 sh[20978]: 2018-04-28 00:24:46 regiond: [info] 192.168.11.6 POST /MAAS/metadata/status/g6fxpg HTTP/1.1 --> 204 NO_CONTENT (referrer: -; agent: python-requests/2.9.1)
Apr 28 00:24:46 mas01 sh[20978]: 2018-04-28 00:24:46 regiond: [info] 192.168.11.6 POST /MAAS/metadata/status/g6fxpg HTTP/1.1 --> 204 NO_CONTENT (referrer: -; agent: python-requests/2.9.1)
Apr 28 00:24:46 mas01 sh[20430]: 2018-04-28 00:24:46 regiond: [info] 192.168.11.6 POST /MAAS/metadata/status/g6fxpg HTTP/1.1 --> 204 NO_CONTENT (referrer: -; agent: python-requests/2.9.1)
Apr 28 00:24:46 mas01 sh[20425]: 2018-04-28 00:24:46 regiond: [info] 192.168.11.6 POST /MAAS/metadata/status/g6fxpg HTTP/1.1 --> 204 NO_CONTENT (referrer: -; agent: python-requests/2.9.1)
Apr 28 00:24:46 mas01 sh[20430]: 2018-04-28 00:24:46 regiond: [info] 192.168.11.6 POST /MAAS/metadata/status/g6fxpg HTTP/1.1 --> 204 NO_CONTENT (referrer: -; agent: python-requests/2.9.1)
Apr 28 00:24:46 mas01 sh[20978]: 2018-04-28 00:24:46 regiond: [info] 192.168.11.6 POST /MAAS/metadata/status/g6fxpg HTTP/1.1 --> 204 NO_CONTENT (referrer: -; agent: python-requests/2.9.1)
Apr 28 00:24:46 mas01 sh[20425]: 2018-04-28 00:24:46 regiond: [info] 192.168.11.6 POST /MAAS/metadata/status/g6fxpg HTTP/1.1 --> 204 NO_CONTENT (referrer: -; agent: python-requests/2.9.1)
Apr 28 00:24:46 mas01 sh[20421]: 2018-04-28 00:24:46 regiond: [info] 192.168.11.6 POST /MAAS/metadata/status/g6fxpg HTTP/1.1 --> 204 NO_CONTENT (referrer: -; agent: python-requests/2.9.1)
Apr 28 00:24:47 mas01 sh[20425]: 2018-04-28 00:24:47 regiond: [info] 192.168.11.6 POST /MAAS/metadata/status/g6fxpg HTTP/1.1 --> 204 NO_CONTENT (referrer: -; agent: python-requests/2.9.1)
Apr 28 00:24:47 mas01 sh[20425]: 2018-04-28 00:24:47 regiond: [info] 192.168.11.6 POST /MAAS/metadata/status/g6fxpg HTTP/1.1 --> 204 NO_CONTENT (referrer: -; agent: python-requests/2.9.1)
Apr 28 00:24:47 mas01 sh[20978]: 2018-04-28 00:24:47 regiond: [info] 192.168.11.6 POST /MAAS/metadata/status/g6fxpg HTTP/1.1 --> 204 NO_CONTENT (referrer: -; agent: python-requests/2.9.1)
Apr 28 00:24:47 mas01 sh[20978]: message repeated 3 times: [ 2018-04-28 00:24:47 regiond: [info] 192.168.11.6 POST /MAAS/metadata/status/g6fxpg HTTP/1.1 --> 204 NO_CONTENT (referrer: -; agent: python-requests/2.9.1)]
Apr 28 00:24:47 mas01 sh[20430]: 2018-04-28 00:24:47 regiond: [info] 192.168.11.6 POST /MAAS/metadata/status/g6fxpg HTTP/1.1 --> 204 NO_CONTENT (referrer: -; agent: python-requests/2.9.1)
Apr 28 00:24:47 mas01 sh[20978]: 2018-04-28 00:24:47 regiond: [info] 192.168.11.6 POST /MAAS/metadata/status/g6fxpg HTTP/1.1 --> 204 NO_CONTENT (referrer: -; agent: python-requests/2.9.1)
Apr 28 00:24:47 mas01 sh[20425]: 2018-04-28 00:24:47 regiond: [info] 192.168.11.6 POST /MAAS/metadata/status/g6fxpg HTTP/1.1 --> 204 NO_CONTENT (referrer: -; agent: python-requests/2.9.1)
Apr 28 00:24:47 mas01 sh[20425]: 2018-04-28 00:24:47 regiond: [info] 192.168.11.6 POST /MAAS/metadata/status/g6fxpg HTTP/1.1 --> 204 NO_CONTENT (referrer: -; agent: python-requests/2.9.1)
Apr 28 00:24:47 mas01 sh[20430]: 2018-04-28 00:24:47 regiond: [info] 192.168.11.6 POST /MAAS/metadata/status/g6fxpg HTTP/1.1 --> 204 NO_CONTENT (referrer: -; agent: python-requests/2.9.1)
Apr 28 00:24:47 mas01 sh[20421]: 2018-04-28 00:24:47 regiond: [info] 192.168.11.13 GET /MAAS/metadata/curtin/2012-03-01/user-data HTTP/1.1 --> 200 OK (referrer: -; agent: python-requests/2.9.1)
Apr 28 00:24:47 mas01 sh[20978]: 2018-04-28 00:24:47 regiond: [info] 192.168.11.13 POST /MAAS/metadata/status/a6gash HTTP/1.1 --> 204 NO_CONTENT (referrer: -; agent: python-requests/2.9.1)
Apr 28 00:24:47 mas01 sh[20425]: 2018-04-28 00:24:47 regiond: [info] 192.168.11.6 POST /MAAS/metadata/status/g6fxpg HTTP/1.1 --> 204 NO_CONTENT (referrer: -; agent: python-requests/2.9.1)
Apr 28 00:24:47 mas01 sh[20421]: 2018-04-28 00:24:47 regiond: [info] 192.168.11.9 POST /MAAS/metadata/status/w76f7q HTTP/1.1 --> 204 NO_CONTENT (referrer: -; agent: python-requests/2.9.1)
Apr 28 00:24:47 mas01 sh[20430]: 2018-04-28 00:24:47 regiond: [info] 192.168.11.14 POST /MAAS/metadata/status/xfwywy HTTP/1.1 --> 204 NO_CONTENT (referrer: -; agent: python-requests/2.9.1)
Apr 28 00:24:47 mas01 sh[20978]: 2018-04-28 00:24:47 regiond: [info] 192.168.11.13 POST /MAAS/metadata/status/a6gash HTTP/1.1 --> 204 NO_CONTENT (referrer: -; agent: python-requests/2.9.1)
Apr 28 00:24:47 mas01 sh[20421]: 2018-04-28 00:24:47 regiond: [info] 192.168.11.13 POST /MAAS/metadata/status/a6gash HTTP/1.1 --> 204 NO_CONTENT (referrer: -; agent: python-requests/2.9.1)
Apr 28 00:24:47 mas01 sh[20430]: 2018-04-28 00:24:47 regiond: [info] 192.168.11.13 POST /MAAS/metadata/status/a6gash HTTP/1.1 --> 204 NO_CONTENT (referrer: -; agent: python-requests/2.9.1)
Apr 28 00:24:47 mas01 sh[20425]: 2018-04-28 00:24:47 regiond: [info] 192.168.11.13 POST /MAAS/metadata/status/a6gash HTTP/1.1 --> 204 NO_CONTENT (referrer: -; agent: python-requests/2.9.1)
Apr 28 00:24:47 mas01 sh[20978]: 2018-04-28 00:24:47 regiond: [info] 192.168.11.6 POST /MAAS/metadata/status/g6fxpg HTTP/1.1 --> 204 NO_CONTENT (referrer: -; agent: python-requests/2.9.1)
Apr 28 00:24:47 mas01 sh[20978]: 2018-04-28 00:24:47 regiond: [info] 192.168.11.9 POST /MAAS/metadata/status/w76f7q HTTP/1.1 --> 204 NO_CONTENT (referrer: -; agent: python-requests/2.9.1)
Apr 28 00:24:47 mas01 sh[20425]: 2018-04-28 00:24:47 regiond: [info] 192.168.11.14 POST /MAAS/metadata/status/xfwywy HTTP/1.1 --> 204 NO_CONTENT (referrer: -; agent: python-requests/2.9.1)
Apr 28 00:24:47 mas01 sh[20421]: 2018-04-28 00:24:47 regiond: [info] 192.168.11.9 POST /MAAS/metadata/status/w76f7q HTTP/1.1 --> 204 NO_CONTENT (referrer: -; agent: python-requests/2.9.1)
Apr 28 00:24:47 mas01 sh[20421]: 2018-04-28 00:24:47 regiond: [info] 192.168.11.14 POST /MAAS/metadata/status/xfwywy HTTP/1.1 --> 204 NO_CONTENT (referrer: -; agent: python-requests/2.9.1)
Apr 28 00:24:47 mas01 sh[20430]: 2018-04-28 00:24:47 regiond: [info] 192.168.11.9 POST /MAAS/metadata/status/w76f7q HTTP/1.1 --> 204 NO_CONTENT (referrer: -; agent: python-requests/2.9.1)
Apr 28 00:24:47 mas01 sh[20421]: 2018-04-28 00:24:47 regiond: [info] 192.168.11.14 POST /MAAS/metadata/status/xfwywy HTTP/1.1 --> 204 NO_CONTENT (referrer: -; agent: python-requests/2.9.1)
Apr 28 00:24:47 mas01 sh[20425]: 2018-04-28 00:24:47 regiond: [info] 192.168.11.9 POST /MAAS/metadata/status/w76f7q HTTP/1.1 --> 204 NO_CONTENT (referrer: -; agent: python-requests/2.9.1)
Apr 28 00:24:47 mas01 sh[20425]: 2018-04-28 00:24:47 regiond: [info] 192.168.11.14 POST /MAAS/metadata/status/xfwywy HTTP/1.1 --> 204 NO_CONTENT (referrer: -; agent: python-requests/2.9.1)
Apr 28 00:24:47 mas01 sh[20425]: 2018-04-28 00:24:47 regiond: [info] 192.168.11.13 POST /MAAS/metadata/status/a6gash HTTP/1.1 --> 204 NO_CONTENT (referrer: -; agent: python-requests/2.9.1)
Apr 28 00:24:47 mas01 sh[20425]: 2018-04-28 00:24:47 regiond: [info] 192.168.11.13 POST /MAAS/metadata/status/a6gash HTTP/1.1 --> 204 NO_CONTENT (referrer: -; agent: python-requests/2.9.1)
Apr 28 00:24:47 mas01 sh[20978]: 2018-04-28 00:24:47 regiond: [info] 192.168.11.13 POST /MAAS/metadata/status/a6gash HTTP/1.1 --> 204 NO_CONTENT (referrer: -; agent: python-requests/2.9.1)
Apr 28 00:24:47 mas01 sh[20430]: 2018-04-28 00:24:47 regiond: [info] 192.168.11.13 POST /MAAS/metadata/status/a6gash HTTP/1.1 --> 204 NO_CONTENT (referrer: -; agent: python-requests/2.9.1)
Apr 28 00:24:47 mas01 sh[20421]: 2018-04-28 00:24:47 regiond: [info] 192.168.11.13 POST /MAAS/metadata/status/a6gash HTTP/1.1 --> 204 NO_CONTENT (referrer: -; agent: python-requests/2.9.1)
Apr 28 00:24:47 mas01 sh[20425]: 2018-04-28 00:24:47 regiond: [info] 192.168.11.13 POST /MAAS/metadata/status/a6gash HTTP/1.1 --> 204 NO_CONTENT (referrer: -; agent: python-requests/2.9.1)
Apr 28 00:24:47 mas01 sh[20978]: 2018-04-28 00:24:47 regiond: [info] 192.168.11.13 POST /MAAS/metadata/status/a6gash HTTP/1.1 --> 204 NO_CONTENT (referrer: -; agent: python-requests/2.9.1)
Apr 28 00:24:47 mas01 sh[20421]: 2018-04-28 00:24:47 regiond: [info] 192.168.11.13 POST /MAAS/metadata/status/a6gash HTTP/1.1 --> 204 NO_CONTENT (referrer: -; agent: python-requests/2.9.1)
Apr 28 00:24:47 mas01 sh[20421]: 2018-04-28 00:24:47 regiond: [info] 192.168.11.13 POST /MAAS/metadata/status/a6gash HTTP/1.1 --> 204 NO_CONTENT (referrer: -; agent: python-requests/2.9.1)
Apr 28 00:24:47 mas01 sh[20421]: 2018-04-28 00:24:47 regiond: [info] 192.168.11.9 POST /MAAS/metadata/status/w76f7q HTTP/1.1 --> 204 NO_CONTENT (referrer: -; agent: python-requests/2.9.1)
Apr 28 00:24:47 mas01 sh[20425]: 2018-04-28 00:24:47 regiond: [info] 192.168.11.14 POST /MAAS/metadata/status/xfwywy HTTP/1.1 --> 204 NO_CONTENT (referrer: -; agent: python-requests/2.9.1)
Apr 28 00:24:47 mas01 sh[20421]: 2018-04-28 00:24:47 regiond: [info] 192.168.11.9 POST /MAAS/metadata/status/w76f7q HTTP/1.1 --> 204 NO_CONTENT (referrer: -; agent: python-requests/2.9.1)
Apr 28 00:24:47 mas01 sh[20425]: 2018-04-28 00:24:47 regiond: [info] 192.168.11.9 POST /MAAS/metadata/status/w76f7q HTTP/1.1 --> 204 NO_CONTENT (referrer: -; agent: python-requests/2.9.1)
Apr 28 00:24:47 mas01 sh[20978]: 2018-04-28 00:24:47 regiond: [info] 192.168.11.14 POST /MAAS/metadata/status/xfwywy HTTP/1.1 --> 204 NO_CONTENT (referrer: -; agent: python-requests/2.9.1)
Apr 28 00:24:47 mas01 sh[20421]: 2018-04-28 00:24:47 regiond: [info] 192.168.11.13 POST /MAAS/metadata/status/a6gash HTTP/1.1 --> 204 NO_CONTENT (referrer: -; agent: python-requests/2.9.1)
Apr 28 00:24:47 mas01 sh[20978]: 2018-04-28 00:24:47 regiond: [info] 192.168.11.14 POST /MAAS/metadata/status/xfwywy HTTP/1.1 --> 204 NO_CONTENT (referrer: -; agent: python-requests/2.9.1)
Apr 28 00:24:47 mas01 sh[20421]: 2018-04-28 00:24:47 regiond: [info] 192.168.11.9 POST /MAAS/metadata/status/w76f7q HTTP/1.1 --> 204 NO_CONTENT (referrer: -; agent: python-requests/2.9.1)
Apr 28 00:24:47 mas01 sh[20430]: 2018-04-28 00:24:47 regiond: [info] 192.168.11.13 POST /MAAS/metadata/status/a6gash HTTP/1.1 --> 204 NO_CONTENT (referrer: -; agent: python-requests/2.9.1)
Apr 28 00:24:47 mas01 sh[20421]: 2018-04-28 00:24:47 regiond: [info] 192.168.11.9 POST /MAAS/metadata/status/w76f7q HTTP/1.1 --> 204 NO_CONTENT (referrer: -; agent: python-requests/2.9.1)
Apr 28 00:24:47 mas01 sh[20421]: 2018-04-28 00:24:47 regiond: [info] 192.168.11.14 POST /MAAS/metadata/status/xfwywy HTTP/1.1 --> 204 NO_CONTENT (referrer: -; agent: python-requests/2.9.1)
Apr 28 00:24:47 mas01 sh[20978]: 2018-04-28 00:24:47 regiond: [info] 192.168.11.9 POST /MAAS/metadata/status/w76f7q HTTP/1.1 --> 204 NO_CONTENT (referrer: -; agent: python-requests/2.9.1)
Apr 28 00:24:47 mas01 sh[20430]: 2018-04-28 00:24:47 regiond: [info] 192.168.11.14 POST /MAAS/metadata/status/xfwywy HTTP/1.1 --> 204 NO_CONTENT (referrer: -; agent: python-requests/2.9.1)
Apr 28 00:24:47 mas01 sh[20978]: 2018-04-28 00:24:47 regiond: [info] 192.168.11.14 POST /MAAS/metadata/status/xfwywy HTTP/1.1 --> 204 NO_CONTENT (referrer: -; agent: python-requests/2.9.1)
Apr 28 00:24:47 mas01 sh[20430]: 2018-04-28 00:24:47 regiond: [info] 192.168.11.13 POST /MAAS/metadata/status/a6gash HTTP/1.1 --> 204 NO_CONTENT (referrer: -; agent: python-requests/2.9.1)
Apr 28 00:24:47 mas01 sh[20421]: 2018-04-28 00:24:47 regiond: [info] 192.168.11.9 POST /MAAS/metadata/status/w76f7q HTTP/1.1 --> 204 NO_CONTENT (referrer: -; agent: python-requests/2.9.1)
Apr 28 00:24:47 mas01 sh[20421]: 2018-04-28 00:24:47 regiond: [info] 192.168.11.14 POST /MAAS/metadata/status/xfwywy HTTP/1.1 --> 204 NO_CONTENT (referrer: -; agent: python-requests/2.9.1)
Apr 28 00:24:47 mas01 sh[20430]: 2018-04-28 00:24:47 regiond: [info] 192.168.11.13 POST /MAAS/metadata/status/a6gash HTTP/1.1 --> 204 NO_CONTENT (referrer: -; agent: python-requests/2.9.1)
Apr 28 00:24:47 mas01 sh[20421]: 2018-04-28 00:24:47 regiond: [info] 192.168.11.9 POST /MAAS/metadata/status/w76f7q HTTP/1.1 --> 204 NO_CONTENT (referrer: -; agent: python-requests/2.9.1)
Apr 28 00:24:47 mas01 sh[20425]: 2018-04-28 00:24:47 regiond: [info] 192.168.11.14 POST /MAAS/metadata/status/xfwywy HTTP/1.1 --> 204 NO_CONTENT (referrer: -; agent: python-requests/2.9.1)
Apr 28 00:24:47 mas01 sh[20430]: 2018-04-28 00:24:47 regiond: [info] 192.168.11.13 POST /MAAS/metadata/status/a6gash HTTP/1.1 --> 204 NO_CONTENT (referrer: -; agent: python-requests/2.9.1)
Apr 28 00:24:47 mas01 sh[20421]: 2018-04-28 00:24:47 regiond: [info] 192.168.11.9 POST /MAAS/metadata/status/w76f7q HTTP/1.1 --> 204 NO_CONTENT (referrer: -; agent: python-requests/2.9.1)
Apr 28 00:24:47 mas01 sh[20978]: 2018-04-28 00:24:47 regiond: [info] 192.168.11.13 POST /MAAS/metadata/status/a6gash HTTP/1.1 --> 204 NO_CONTENT (referrer: -; agent: python-requests/2.9.1)
Apr 28 00:24:47 mas01 sh[20421]: 2018-04-28 00:24:47 regiond: [info] 192.168.11.14 POST /MAAS/metadata/status/xfwywy HTTP/1.1 --> 204 NO_CONTENT (referrer: -; agent: python-requests/2.9.1)
Apr 28 00:24:47 mas01 sh[20978]: 2018-04-28 00:24:47 regiond: [info] 192.168.11.13 POST /MAAS/metadata/status/a6gash HTTP/1.1 --> 204 NO_CONTENT (referrer: -; agent: python-requests/2.9.1)
Apr 28 00:24:47 mas01 sh[20430]: 2018-04-28 00:24:47 regiond: [info] 192.168.11.13 POST /MAAS/metadata/status/a6gash HTTP/1.1 --> 204 NO_CONTENT (referrer: -; agent: python-requests/2.9.1)
Apr 28 00:24:47 mas01 sh[20425]: 2018-04-28 00:24:47 regiond: [info] 192.168.11.13 POST /MAAS/metadata/status/a6gash HTTP/1.1 --> 204 NO_CONTENT (referrer: -; agent: python-requests/2.9.1)
Apr 28 00:24:47 mas01 sh[20425]: 2018-04-28 00:24:47 regiond: [info] 192.168.11.13 POST /MAAS/metadata/status/a6gash HTTP/1.1 --> 204 NO_CONTENT (referrer: -; agent: python-requests/2.9.1)
Apr 28 00:24:47 mas01 sh[20978]: 2018-04-28 00:24:47 regiond: [info] 192.168.11.9 POST /MAAS/metadata/status/w76f7q HTTP/1.1 --> 204 NO_CONTENT (referrer: -; agent: python-requests/2.9.1)
Apr 28 00:24:47 mas01 sh[20425]: 2018-04-28 00:24:47 regiond: [info] 192.168.11.13 POST /MAAS/metadata/status/a6gash HTTP/1.1 --> 204 NO_CONTENT (referrer: -; agent: python-requests/2.9.1)
Apr 28 00:24:47 mas01 sh[20978]: 2018-04-28 00:24:47 regiond: [info] 192.168.11.14 POST /MAAS/metadata/status/xfwywy HTTP/1.1 --> 204 NO_CONTENT (referrer: -; agent: python-requests/2.9.1)
Apr 28 00:24:47 mas01 sh[20421]: 2018-04-28 00:24:47 regiond: [info] 192.168.11.9 POST /MAAS/metadata/status/w76f7q HTTP/1.1 --> 204 NO_CONTENT (referrer: -; agent: python-requests/2.9.1)
Apr 28 00:24:47 mas01 sh[20430]: 2018-04-28 00:24:47 regiond: [info] 192.168.11.13 POST /MAAS/metadata/status/a6gash HTTP/1.1 --> 204 NO_CONTENT (referrer: -; agent: python-requests/2.9.1)
Apr 28 00:24:47 mas01 sh[20430]: 2018-04-28 00:24:47 regiond: [info] 192.168.11.14 POST /MAAS/metadata/status/xfwywy HTTP/1.1 --> 204 NO_CONTENT (referrer: -; agent: python-requests/2.9.1)
Apr 28 00:24:47 mas01 sh[20425]: 2018-04-28 00:24:47 regiond: [info] 192.168.11.9 POST /MAAS/metadata/status/w76f7q HTTP/1.1 --> 204 NO_CONTENT (referrer: -; agent: python-requests/2.9.1)
Apr 28 00:24:47 mas01 sh[20978]: 2018-04-28 00:24:47 regiond: [info] 192.168.11.13 POST /MAAS/metadata/status/a6gash HTTP/1.1 --> 204 NO_CONTENT (referrer: -; agent: python-requests/2.9.1)
Apr 28 00:24:47 mas01 sh[20421]: 2018-04-28 00:24:47 regiond: [info] 192.168.11.14 POST /MAAS/metadata/status/xfwywy HTTP/1.1 --> 204 NO_CONTENT (referrer: -; agent: python-requests/2.9.1)
Apr 28 00:24:47 mas01 sh[20978]: 2018-04-28 00:24:47 regiond: [info] 192.168.11.13 POST /MAAS/metadata/status/a6gash HTTP/1.1 --> 204 NO_CONTENT (referrer: -; agent: python-requests/2.9.1)
Apr 28 00:24:47 mas01 sh[20421]: 2018-04-28 00:24:47 regiond: [info] 192.168.11.9 POST /MAAS/metadata/status/w76f7q HTTP/1.1 --> 204 NO_CONTENT (referrer: -; agent: python-requests/2.9.1)
Apr 28 00:24:47 mas01 sh[20430]: 2018-04-28 00:24:47 regiond: [info] 192.168.11.14 POST /MAAS/metadata/status/xfwywy HTTP/1.1 --> 204 NO_CONTENT (referrer: -; agent: python-requests/2.9.1)
Apr 28 00:24:47 mas01 sh[20421]: 2018-04-28 00:24:47 regiond: [info] 192.168.11.13 POST /MAAS/metadata/status/a6gash HTTP/1.1 --> 204 NO_CONTENT (referrer: -; agent: python-requests/2.9.1)
Apr 28 00:24:47 mas01 sh[20421]: 2018-04-28 00:24:47 regiond: [info] 192.168.11.9 POST /MAAS/metadata/status/w76f7q HTTP/1.1 --> 204 NO_CONTENT (referrer: -; agent: python-requests/2.9.1)
Apr 28 00:24:47 mas01 sh[20425]: 2018-04-28 00:24:47 regiond: [info] 192.168.11.14 POST /MAAS/metadata/status/xfwywy HTTP/1.1 --> 204 NO_CONTENT (referrer: -; agent: python-requests/2.9.1)
Apr 28 00:24:47 mas01 sh[20425]: 2018-04-28 00:24:47 regiond: [info] 192.168.11.13 POST /MAAS/metadata/status/a6gash HTTP/1.1 --> 204 NO_CONTENT (referrer: -; agent: python-requests/2.9.1)
Apr 28 00:24:47 mas01 sh[20430]: 2018-04-28 00:24:47 regiond: [info] 192.168.11.14 POST /MAAS/metadata/status/xfwywy HTTP/1.1 --> 204 NO_CONTENT (referrer: -; agent: python-requests/2.9.1)
Apr 28 00:24:47 mas01 sh[20430]: 2018-04-28 00:24:47 regiond: [info] 192.168.11.9 POST /MAAS/metadata/status/w76f7q HTTP/1.1 --> 204 NO_CONTENT (referrer: -; agent: python-requests/2.9.1)
Apr 28 00:24:47 mas01 sh[20430]: 2018-04-28 00:24:47 regiond: [info] 192.168.11.14 POST /MAAS/metadata/status/xfwywy HTTP/1.1 --> 204 NO_CONTENT (referrer: -; agent: python-requests/2.9.1)
Apr 28 00:24:47 mas01 sh[20425]: 2018-04-28 00:24:47 regiond: [info] 192.168.11.9 POST /MAAS/metadata/status/w76f7q HTTP/1.1 --> 204 NO_CONTENT (referrer: -; agent: python-requests/2.9.1)
Apr 28 00:24:47 mas01 sh[20421]: 2018-04-28 00:24:47 regiond: [info] 192.168.11.14 POST /MAAS/metadata/status/xfwywy HTTP/1.1 --> 204 NO_CONTENT (referrer: -; agent: python-requests/2.9.1)
Apr 28 00:24:47 mas01 sh[20430]: 2018-04-28 00:24:47 regiond: [info] 192.168.11.13 POST /MAAS/metadata/status/a6gash HTTP/1.1 --> 204 NO_CONTENT (referrer: -; agent: python-requests/2.9.1)
Apr 28 00:24:47 mas01 sh[20978]: 2018-04-28 00:24:47 regiond: [info] 192.168.11.9 POST /MAAS/metadata/status/w76f7q HTTP/1.1 --> 204 NO_CONTENT (referrer: -; agent: python-requests/2.9.1)
Apr 28 00:24:47 mas01 sh[20430]: 2018-04-28 00:24:47 regiond: [info] 192.168.11.14 POST /MAAS/metadata/status/xfwywy HTTP/1.1 --> 204 NO_CONTENT (referrer: -; agent: python-requests/2.9.1)
Apr 28 00:24:47 mas01 sh[20421]: 2018-04-28 00:24:47 regiond: [info] 192.168.11.13 POST /MAAS/metadata/status/a6gash HTTP/1.1 --> 204 NO_CONTENT (referrer: -; agent: python-requests/2.9.1)
Apr 28 00:24:47 mas01 sh[20425]: 2018-04-28 00:24:47 regiond: [info] 192.168.11.14 POST /MAAS/metadata/status/xfwywy HTTP/1.1 --> 204 NO_CONTENT (referrer: -; agent: python-requests/2.9.1)
Apr 28 00:24:47 mas01 sh[20978]: 2018-04-28 00:24:47 regiond: [info] 192.168.11.9 POST /MAAS/metadata/status/w76f7q HTTP/1.1 --> 204 NO_CONTENT (referrer: -; agent: python-requests/2.9.1)
Apr 28 00:24:47 mas01 sh[20978]: 2018-04-28 00:24:47 regiond: [info] 192.168.11.14 POST /MAAS/metadata/status/xfwywy HTTP/1.1 --> 204 NO_CONTENT (referrer: -; agent: python-requests/2.9.1)
Apr 28 00:24:47 mas01 sh[20421]: 2018-04-28 00:24:47 regiond: [info] 192.168.11.9 POST /MAAS/metadata/status/w76f7q HTTP/1.1 --> 204 NO_CONTENT (referrer: -; agent: python-requests/2.9.1)
