Mar 26 05:29:23 mas01 sh[14468]: 2018-03-26 05:29:23 provisioningserver.rackdservices.tftp: [info] ubuntu/amd64/hwe-16.04/xenial/daily/boot-initrd requested by 00:25:b5:a0:00:4a
Mar 26 05:29:23 mas01 salt-minion[1219]: [INFO    ] Loading fresh modules for state activity
Mar 26 05:29:23 mas01 dhcpd[17891]: execute_statement argv[0] = /usr/sbin/maas-dhcp-helper
Mar 26 05:29:23 mas01 dhcpd[17891]: execute_statement argv[1] = notify
Mar 26 05:29:23 mas01 dhcpd[17891]: execute_statement argv[2] = --action
Mar 26 05:29:23 mas01 dhcpd[17891]: execute_statement argv[3] = commit
Mar 26 05:29:23 mas01 dhcpd[17891]: execute_statement argv[4] = --mac
Mar 26 05:29:23 mas01 dhcpd[17891]: execute_statement argv[5] = 0:25:b5:a0:0:3a
Mar 26 05:29:23 mas01 dhcpd[17891]: execute_statement argv[6] = --ip-family
Mar 26 05:29:23 mas01 dhcpd[17891]: execute_statement argv[7] = ipv4
Mar 26 05:29:23 mas01 dhcpd[17891]: execute_statement argv[8] = --ip
Mar 26 05:29:23 mas01 dhcpd[17891]: execute_statement argv[9] = 192.168.11.14
Mar 26 05:29:23 mas01 dhcpd[17891]: execute_statement argv[10] = --lease-time
Mar 26 05:29:23 mas01 dhcpd[17891]: execute_statement argv[11] = 30
Mar 26 05:29:23 mas01 dhcpd[17891]: execute_statement argv[12] = --hostname
Mar 26 05:29:23 mas01 dhcpd[17891]: execute_statement argv[13] = (none)
Mar 26 05:29:23 mas01 dhcpd[17891]: execute_statement argv[14] = --socket
Mar 26 05:29:23 mas01 dhcpd[17891]: execute_statement argv[15] = /var/lib/maas/dhcpd.sock
Mar 26 05:29:23 mas01 salt-minion[1219]: [INFO    ] Running state [maas-region apikey --username opnfv > /var/lib/maas/.maas_credentials] at time 05:29:23.955716
Mar 26 05:29:23 mas01 salt-minion[1219]: [INFO    ] Executing state cmd.run for maas-region apikey --username opnfv > /var/lib/maas/.maas_credentials
Mar 26 05:29:23 mas01 salt-minion[1219]: [INFO    ] Executing command 'maas-region apikey --username opnfv > /var/lib/maas/.maas_credentials' in directory '/root'
Mar 26 05:29:23 mas01 sh[14838]: 2018-03-26 05:29:23 maasserver.rpc.leases: [info] Lease update: commit for 192.168.11.14 on 0:25:b5:a0:0:3a at 2018-03-26 05:29:23 (lease time: 30s)
Mar 26 05:29:23 mas01 dhcpd[17891]: DHCPREQUEST for 192.168.11.14 (192.168.11.3) from 00:25:b5:a0:00:3a via ens5
Mar 26 05:29:23 mas01 dhcpd[17891]: DHCPACK on 192.168.11.14 to 00:25:b5:a0:00:3a via ens5
Mar 26 05:29:24 mas01 sh[14468]: 2018-03-26 05:29:24 provisioningserver.rackdservices.tftp: [info] pxelinux.0 requested by 00:25:b5:a0:00:3a
Mar 26 05:29:24 mas01 sh[14468]: 2018-03-26 05:29:24 provisioningserver.rackdservices.tftp: [info] pxelinux.0 requested by 00:25:b5:a0:00:3a
Mar 26 05:29:24 mas01 sh[14468]: 2018-03-26 05:29:24 provisioningserver.rackdservices.tftp: [info] ldlinux.c32 requested by 00:25:b5:a0:00:3a
Mar 26 05:29:24 mas01 sh[14468]: 2018-03-26 05:29:24 provisioningserver.rackdservices.tftp: [info] pxelinux.cfg/f0c9cf06-d8ce-11e4-0000-10000000007f requested by 00:25:b5:a0:00:3a
Mar 26 05:29:24 mas01 sh[14468]: 2018-03-26 05:29:24 provisioningserver.rackdservices.tftp: [info] pxelinux.cfg/01-00-25-b5-a0-00-3a requested by 00:25:b5:a0:00:3a
Mar 26 05:29:24 mas01 sh[14468]: 2018-03-26 05:29:24 provisioningserver.rackdservices.tftp: [info] pxelinux.cfg/01-00-25-b5-a0-00-3a requested by 00:25:b5:a0:00:3a
Mar 26 05:29:24 mas01 sh[14468]: 2018-03-26 05:29:24 provisioningserver.rackdservices.tftp: [info] ubuntu/amd64/hwe-16.04/xenial/daily/boot-kernel requested by 00:25:b5:a0:00:3a
Mar 26 05:29:25 mas01 salt-minion[1219]: [INFO    ] {'pid': 18722, 'retcode': 0, 'stderr': '', 'stdout': ''}
Mar 26 05:29:25 mas01 salt-minion[1219]: [INFO    ] Completed state [maas-region apikey --username opnfv > /var/lib/maas/.maas_credentials] at time 05:29:25.519066 duration_in_ms=1563.348
Mar 26 05:29:25 mas01 salt-minion[1219]: [INFO    ] Running state [maas.machines_status] at time 05:29:25.521284
Mar 26 05:29:25 mas01 salt-minion[1219]: [INFO    ] Executing state module.run for maas.machines_status
Mar 26 05:29:25 mas01 sh[14468]: 2018-03-26 05:29:25 provisioningserver.rackdservices.tftp: [info] ubuntu/amd64/hwe-16.04/xenial/daily/boot-initrd requested by 00:25:b5:a0:00:3a
Mar 26 05:29:25 mas01 salt-minion[1219]: [INFO    ] {'ret': {'machines': [{'status': 'Deploying', 'hostname': u'cmp002', 'system_id': u'cakrf4'}, {'status': 'Deploying', 'hostname': u'cmp001', 'system_id': u'hfkaep'}, {'status': 'Deploying', 'hostname': u'kvm01', 'system_id': u'wnkfhg'}, {'status': 'Deploying', 'hostname': u'kvm03', 'system_id': u'wnnsq4'}, {'status': 'Deploying', 'hostname': u'kvm02', 'system_id': u'xf73y3'}], 'summary': Counter({'Deploying': 5})}}
Mar 26 05:29:25 mas01 salt-minion[1219]: [INFO    ] Completed state [maas.machines_status] at time 05:29:25.996351 duration_in_ms=475.067
Mar 26 05:29:25 mas01 sh[14838]: 2018-03-26 05:29:25 regiond: [info] 127.0.0.1 GET /MAAS/api/2.0/machines/ HTTP/1.1 --> 200 OK (referrer: -; agent: Python-urllib/2.7)
Mar 26 05:29:26 mas01 salt-minion[1219]: [INFO    ] Returning information for job: 20180326052922452263
Mar 26 05:29:36 mas01 salt-minion[1219]: [INFO    ] User sudo_ubuntu Executing command state.apply with jid 20180326052936587729
Mar 26 05:29:36 mas01 salt-minion[1219]: [INFO    ] Starting a new job with PID 18753
Mar 26 05:29:36 mas01 dhcpd[17891]: DHCPDISCOVER from 00:25:b5:a0:00:6a via ens5
Mar 26 05:29:36 mas01 dhcpd[17891]: DHCPOFFER on 192.168.11.11 to 00:25:b5:a0:00:6a (cmp002) via ens5
Mar 26 05:29:36 mas01 dhcpd[17891]: execute_statement argv[0] = /usr/sbin/maas-dhcp-helper
Mar 26 05:29:36 mas01 dhcpd[17891]: execute_statement argv[1] = notify
Mar 26 05:29:36 mas01 dhcpd[17891]: execute_statement argv[2] = --action
Mar 26 05:29:36 mas01 dhcpd[17891]: execute_statement argv[3] = commit
Mar 26 05:29:36 mas01 dhcpd[17891]: execute_statement argv[4] = --mac
Mar 26 05:29:36 mas01 dhcpd[17891]: execute_statement argv[5] = 0:25:b5:a0:0:6a
Mar 26 05:29:36 mas01 dhcpd[17891]: execute_statement argv[6] = --ip-family
Mar 26 05:29:36 mas01 dhcpd[17891]: execute_statement argv[7] = ipv4
Mar 26 05:29:36 mas01 dhcpd[17891]: execute_statement argv[8] = --ip
Mar 26 05:29:36 mas01 dhcpd[17891]: execute_statement argv[9] = 192.168.11.11
Mar 26 05:29:36 mas01 dhcpd[17891]: execute_statement argv[10] = --lease-time
Mar 26 05:29:36 mas01 dhcpd[17891]: execute_statement argv[11] = 600
Mar 26 05:29:36 mas01 dhcpd[17891]: execute_statement argv[12] = --hostname
Mar 26 05:29:36 mas01 dhcpd[17891]: execute_statement argv[13] = cmp002
Mar 26 05:29:36 mas01 dhcpd[17891]: execute_statement argv[14] = --socket
Mar 26 05:29:36 mas01 dhcpd[17891]: execute_statement argv[15] = /var/lib/maas/dhcpd.sock
Mar 26 05:29:36 mas01 dhcpd[17891]: DHCPREQUEST for 192.168.11.11 (192.168.11.3) from 00:25:b5:a0:00:6a (cmp002) via ens5
Mar 26 05:29:36 mas01 dhcpd[17891]: DHCPACK on 192.168.11.11 to 00:25:b5:a0:00:6a (cmp002) via ens5
Mar 26 05:29:36 mas01 dhcpd[17891]: DHCPDISCOVER from 00:25:b5:a0:00:5a via ens5
Mar 26 05:29:36 mas01 dhcpd[17891]: DHCPOFFER on 192.168.11.12 to 00:25:b5:a0:00:5a (cmp001) via ens5
Mar 26 05:29:36 mas01 dhcpd[17891]: DHCPDISCOVER from 00:25:b5:a0:00:2a via ens5
Mar 26 05:29:36 mas01 dhcpd[17891]: DHCPOFFER on 192.168.11.7 to 00:25:b5:a0:00:2a (kvm01) via ens5
Mar 26 05:29:36 mas01 dhcpd[17891]: DHCPDISCOVER from 00:25:b5:a0:00:4a via ens5
Mar 26 05:29:36 mas01 dhcpd[17891]: DHCPOFFER on 192.168.11.13 to 00:25:b5:a0:00:4a (kvm03) via ens5
Mar 26 05:29:36 mas01 dhcpd[17891]: execute_statement argv[0] = /usr/sbin/maas-dhcp-helper
Mar 26 05:29:36 mas01 dhcpd[17891]: execute_statement argv[1] = notify
Mar 26 05:29:36 mas01 dhcpd[17891]: execute_statement argv[2] = --action
Mar 26 05:29:36 mas01 dhcpd[17891]: execute_statement argv[3] = commit
Mar 26 05:29:36 mas01 dhcpd[17891]: execute_statement argv[4] = --mac
Mar 26 05:29:36 mas01 dhcpd[17891]: execute_statement argv[5] = 0:25:b5:a0:0:5a
Mar 26 05:29:36 mas01 dhcpd[17891]: execute_statement argv[6] = --ip-family
Mar 26 05:29:36 mas01 dhcpd[17891]: execute_statement argv[7] = ipv4
Mar 26 05:29:36 mas01 dhcpd[17891]: execute_statement argv[8] = --ip
Mar 26 05:29:36 mas01 dhcpd[17891]: execute_statement argv[9] = 192.168.11.12
Mar 26 05:29:36 mas01 dhcpd[17891]: execute_statement argv[10] = --lease-time
Mar 26 05:29:36 mas01 dhcpd[17891]: execute_statement argv[11] = 600
Mar 26 05:29:36 mas01 dhcpd[17891]: execute_statement argv[12] = --hostname
Mar 26 05:29:36 mas01 dhcpd[17891]: execute_statement argv[13] = cmp001
Mar 26 05:29:36 mas01 dhcpd[17891]: execute_statement argv[14] = --socket
Mar 26 05:29:36 mas01 dhcpd[17891]: execute_statement argv[15] = /var/lib/maas/dhcpd.sock
Mar 26 05:29:36 mas01 sh[14838]: 2018-03-26 05:29:36 maasserver.rpc.leases: [info] Lease update: commit for 192.168.11.11 on 0:25:b5:a0:0:6a at 2018-03-26 05:29:36 (lease time: 600s) (hostname: cmp002)
Mar 26 05:29:36 mas01 sh[14827]: 2018-03-26 05:29:36 maasserver.rpc.leases: [info] Lease update: commit for 192.168.11.12 on 0:25:b5:a0:0:5a at 2018-03-26 05:29:36 (lease time: 600s) (hostname: cmp001)
Mar 26 05:29:36 mas01 dhcpd[17891]: DHCPREQUEST for 192.168.11.12 (192.168.11.3) from 00:25:b5:a0:00:5a (cmp001) via ens5
Mar 26 05:29:36 mas01 dhcpd[17891]: DHCPACK on 192.168.11.12 to 00:25:b5:a0:00:5a (cmp001) via ens5
Mar 26 05:29:36 mas01 dhcpd[17891]: execute_statement argv[0] = /usr/sbin/maas-dhcp-helper
Mar 26 05:29:36 mas01 dhcpd[17891]: execute_statement argv[1] = notify
Mar 26 05:29:36 mas01 dhcpd[17891]: execute_statement argv[2] = --action
Mar 26 05:29:36 mas01 dhcpd[17891]: execute_statement argv[3] = commit
Mar 26 05:29:36 mas01 dhcpd[17891]: execute_statement argv[4] = --mac
Mar 26 05:29:36 mas01 dhcpd[17891]: execute_statement argv[5] = 0:25:b5:a0:0:2a
Mar 26 05:29:36 mas01 dhcpd[17891]: execute_statement argv[6] = --ip-family
Mar 26 05:29:36 mas01 dhcpd[17891]: execute_statement argv[7] = ipv4
Mar 26 05:29:36 mas01 dhcpd[17891]: execute_statement argv[8] = --ip
Mar 26 05:29:36 mas01 dhcpd[17891]: execute_statement argv[9] = 192.168.11.7
Mar 26 05:29:36 mas01 dhcpd[17891]: execute_statement argv[10] = --lease-time
Mar 26 05:29:36 mas01 dhcpd[17891]: execute_statement argv[11] = 600
Mar 26 05:29:36 mas01 dhcpd[17891]: execute_statement argv[12] = --hostname
Mar 26 05:29:36 mas01 dhcpd[17891]: execute_statement argv[13] = kvm01
Mar 26 05:29:36 mas01 dhcpd[17891]: execute_statement argv[14] = --socket
Mar 26 05:29:36 mas01 dhcpd[17891]: execute_statement argv[15] = /var/lib/maas/dhcpd.sock
Mar 26 05:29:36 mas01 dhcpd[17891]: DHCPREQUEST for 192.168.11.7 (192.168.11.3) from 00:25:b5:a0:00:2a (kvm01) via ens5
Mar 26 05:29:36 mas01 dhcpd[17891]: DHCPACK on 192.168.11.7 to 00:25:b5:a0:00:2a (kvm01) via ens5
Mar 26 05:29:36 mas01 dhcpd[17891]: execute_statement argv[0] = /usr/sbin/maas-dhcp-helper
Mar 26 05:29:36 mas01 dhcpd[17891]: execute_statement argv[1] = notify
Mar 26 05:29:36 mas01 dhcpd[17891]: execute_statement argv[2] = --action
Mar 26 05:29:36 mas01 dhcpd[17891]: execute_statement argv[3] = commit
Mar 26 05:29:36 mas01 dhcpd[17891]: execute_statement argv[4] = --mac
Mar 26 05:29:36 mas01 dhcpd[17891]: execute_statement argv[5] = 0:25:b5:a0:0:4a
Mar 26 05:29:36 mas01 dhcpd[17891]: execute_statement argv[6] = --ip-family
Mar 26 05:29:36 mas01 dhcpd[17891]: execute_statement argv[7] = ipv4
Mar 26 05:29:36 mas01 dhcpd[17891]: execute_statement argv[8] = --ip
Mar 26 05:29:36 mas01 dhcpd[17891]: execute_statement argv[9] = 192.168.11.13
Mar 26 05:29:36 mas01 dhcpd[17891]: execute_statement argv[10] = --lease-time
Mar 26 05:29:36 mas01 dhcpd[17891]: execute_statement argv[11] = 600
Mar 26 05:29:36 mas01 dhcpd[17891]: execute_statement argv[12] = --hostname
Mar 26 05:29:36 mas01 dhcpd[17891]: execute_statement argv[13] = kvm03
Mar 26 05:29:36 mas01 dhcpd[17891]: execute_statement argv[14] = --socket
Mar 26 05:29:36 mas01 dhcpd[17891]: execute_statement argv[15] = /var/lib/maas/dhcpd.sock
Mar 26 05:29:36 mas01 sh[15475]: 2018-03-26 05:29:36 maasserver.rpc.leases: [info] Lease update: commit for 192.168.11.7 on 0:25:b5:a0:0:2a at 2018-03-26 05:29:36 (lease time: 600s) (hostname: kvm01)
Mar 26 05:29:36 mas01 salt-minion[1219]: [INFO    ] Loading fresh modules for state activity
Mar 26 05:29:37 mas01 sh[14832]: 2018-03-26 05:29:37 maasserver.rpc.leases: [info] Lease update: commit for 192.168.11.13 on 0:25:b5:a0:0:4a at 2018-03-26 05:29:37 (lease time: 600s) (hostname: kvm03)
Mar 26 05:29:37 mas01 dhcpd[17891]: DHCPREQUEST for 192.168.11.13 (192.168.11.3) from 00:25:b5:a0:00:4a (kvm03) via ens5
Mar 26 05:29:37 mas01 dhcpd[17891]: DHCPACK on 192.168.11.13 to 00:25:b5:a0:00:4a (kvm03) via ens5
Mar 26 05:29:37 mas01 salt-minion[1219]: [INFO    ] Running state [maas-region apikey --username opnfv > /var/lib/maas/.maas_credentials] at time 05:29:37.051578
Mar 26 05:29:37 mas01 salt-minion[1219]: [INFO    ] Executing state cmd.run for maas-region apikey --username opnfv > /var/lib/maas/.maas_credentials
Mar 26 05:29:37 mas01 salt-minion[1219]: [INFO    ] Executing command 'maas-region apikey --username opnfv > /var/lib/maas/.maas_credentials' in directory '/root'
Mar 26 05:29:37 mas01 sh[14468]: 2018-03-26 05:29:37 rackd: [info] 192.168.11.11 GET /images/ubuntu/amd64/hwe-16.04/xenial/daily/squashfs HTTP/1.1 --> 200 OK (referrer: -; agent: Wget)
Mar 26 05:29:37 mas01 sh[14468]: 2018-03-26 05:29:37 rackd: [info] 192.168.11.12 GET /images/ubuntu/amd64/hwe-16.04/xenial/daily/squashfs HTTP/1.1 --> 200 OK (referrer: -; agent: Wget)
Mar 26 05:29:37 mas01 sh[14468]: 2018-03-26 05:29:37 rackd: [info] 192.168.11.13 GET /images/ubuntu/amd64/hwe-16.04/xenial/daily/squashfs HTTP/1.1 --> 200 OK (referrer: -; agent: Wget)
Mar 26 05:29:37 mas01 sh[14468]: 2018-03-26 05:29:37 rackd: [info] 192.168.11.7 GET /images/ubuntu/amd64/hwe-16.04/xenial/daily/squashfs HTTP/1.1 --> 200 OK (referrer: -; agent: Wget)
Mar 26 05:29:38 mas01 salt-minion[1219]: [INFO    ] {'pid': 18766, 'retcode': 0, 'stderr': '', 'stdout': ''}
Mar 26 05:29:38 mas01 salt-minion[1219]: [INFO    ] Completed state [maas-region apikey --username opnfv > /var/lib/maas/.maas_credentials] at time 05:29:38.529876 duration_in_ms=1478.298
Mar 26 05:29:38 mas01 salt-minion[1219]: [INFO    ] Running state [maas.machines_status] at time 05:29:38.532011
Mar 26 05:29:38 mas01 salt-minion[1219]: [INFO    ] Executing state module.run for maas.machines_status
Mar 26 05:29:39 mas01 salt-minion[1219]: [INFO    ] {'ret': {'machines': [{'status': 'Deploying', 'hostname': u'cmp002', 'system_id': u'cakrf4'}, {'status': 'Deploying', 'hostname': u'cmp001', 'system_id': u'hfkaep'}, {'status': 'Deploying', 'hostname': u'kvm01', 'system_id': u'wnkfhg'}, {'status': 'Deploying', 'hostname': u'kvm03', 'system_id': u'wnnsq4'}, {'status': 'Deploying', 'hostname': u'kvm02', 'system_id': u'xf73y3'}], 'summary': Counter({'Deploying': 5})}}
Mar 26 05:29:39 mas01 salt-minion[1219]: [INFO    ] Completed state [maas.machines_status] at time 05:29:39.214778 duration_in_ms=682.766
Mar 26 05:29:39 mas01 salt-minion[1219]: [INFO    ] Returning information for job: 20180326052936587729
Mar 26 05:29:40 mas01 sh[14827]: 2018-03-26 05:29:40 regiond: [info] 192.168.11.11 POST /MAAS/metadata/status/cakrf4 HTTP/1.1 --> 204 NO_CONTENT (referrer: -; agent: python-requests/2.9.1)
Mar 26 05:29:40 mas01 sh[14838]: 2018-03-26 05:29:40 regiond: [info] 192.168.11.11 POST /MAAS/metadata/status/cakrf4 HTTP/1.1 --> 204 NO_CONTENT (referrer: -; agent: python-requests/2.9.1)
Mar 26 05:29:40 mas01 sh[14832]: 2018-03-26 05:29:40 regiond: [info] 192.168.11.7 GET /MAAS/metadata/latest/by-id/wnkfhg/?op=get_preseed HTTP/1.1 --> 200 OK (referrer: -; agent: Cloud-Init/17.2)
Mar 26 05:29:40 mas01 sh[14838]: 2018-03-26 05:29:40 regiond: [info] 192.168.11.7 POST /MAAS/metadata/status/wnkfhg HTTP/1.1 --> 204 NO_CONTENT (referrer: -; agent: python-requests/2.9.1)
Mar 26 05:29:40 mas01 sh[14838]: 2018-03-26 05:29:40 regiond: [info] 192.168.11.13 POST /MAAS/metadata/status/wnnsq4 HTTP/1.1 --> 204 NO_CONTENT (referrer: -; agent: python-requests/2.9.1)
Mar 26 05:29:40 mas01 sh[14838]: 2018-03-26 05:29:40 regiond: [info] 192.168.11.7 POST /MAAS/metadata/status/wnkfhg HTTP/1.1 --> 204 NO_CONTENT (referrer: -; agent: python-requests/2.9.1)
Mar 26 05:29:40 mas01 sh[14838]: 2018-03-26 05:29:40 regiond: [info] 192.168.11.13 POST /MAAS/metadata/status/wnnsq4 HTTP/1.1 --> 204 NO_CONTENT (referrer: -; agent: python-requests/2.9.1)
Mar 26 05:29:40 mas01 sh[14827]: 2018-03-26 05:29:40 regiond: [info] 192.168.11.12 POST /MAAS/metadata/status/hfkaep HTTP/1.1 --> 204 NO_CONTENT (referrer: -; agent: python-requests/2.9.1)
Mar 26 05:29:40 mas01 sh[14838]: 2018-03-26 05:29:40 regiond: [info] 192.168.11.12 POST /MAAS/metadata/status/hfkaep HTTP/1.1 --> 204 NO_CONTENT (referrer: -; agent: python-requests/2.9.1)
Mar 26 05:29:40 mas01 sh[14827]: 2018-03-26 05:29:40 regiond: [info] 192.168.11.11 POST /MAAS/metadata/status/cakrf4 HTTP/1.1 --> 204 NO_CONTENT (referrer: -; agent: python-requests/2.9.1)
Mar 26 05:29:40 mas01 sh[14838]: 2018-03-26 05:29:40 regiond: [info] 192.168.11.7 POST /MAAS/metadata/status/wnkfhg HTTP/1.1 --> 204 NO_CONTENT (referrer: -; agent: python-requests/2.9.1)
Mar 26 05:29:40 mas01 sh[15475]: 2018-03-26 05:29:40 regiond: [info] 192.168.11.13 POST /MAAS/metadata/status/wnnsq4 HTTP/1.1 --> 204 NO_CONTENT (referrer: -; agent: python-requests/2.9.1)
Mar 26 05:29:40 mas01 sh[14832]: 2018-03-26 05:29:40 regiond: [info] 192.168.11.12 POST /MAAS/metadata/status/hfkaep HTTP/1.1 --> 204 NO_CONTENT (referrer: -; agent: python-requests/2.9.1)
Mar 26 05:29:41 mas01 sh[14832]: 2018-03-26 05:29:41 regiond: [info] 192.168.11.12 GET /MAAS/metadata/latest/by-id/hfkaep/?op=get_preseed HTTP/1.1 --> 200 OK (referrer: -; agent: Cloud-Init/17.2)
Mar 26 05:29:41 mas01 sh[14838]: 2018-03-26 05:29:41 regiond: [info] 192.168.11.13 GET /MAAS/metadata/latest/by-id/wnnsq4/?op=get_preseed HTTP/1.1 --> 200 OK (referrer: -; agent: Cloud-Init/17.2)
Mar 26 05:29:41 mas01 sh[14838]: 2018-03-26 05:29:41 regiond: [info] 192.168.11.11 POST /MAAS/metadata/status/cakrf4 HTTP/1.1 --> 204 NO_CONTENT (referrer: -; agent: python-requests/2.9.1)
Mar 26 05:29:41 mas01 sh[15475]: 2018-03-26 05:29:41 regiond: [info] 192.168.11.11 POST /MAAS/metadata/status/cakrf4 HTTP/1.1 --> 204 NO_CONTENT (referrer: -; agent: python-requests/2.9.1)
Mar 26 05:29:41 mas01 sh[14832]: 2018-03-26 05:29:41 regiond: [info] 192.168.11.11 POST /MAAS/metadata/status/cakrf4 HTTP/1.1 --> 204 NO_CONTENT (referrer: -; agent: python-requests/2.9.1)
Mar 26 05:29:41 mas01 sh[15475]: 2018-03-26 05:29:41 regiond: [info] 192.168.11.12 POST /MAAS/metadata/status/hfkaep HTTP/1.1 --> 204 NO_CONTENT (referrer: -; agent: python-requests/2.9.1)
Mar 26 05:29:41 mas01 sh[15475]: 2018-03-26 05:29:41 regiond: [info] 192.168.11.12 POST /MAAS/metadata/status/hfkaep HTTP/1.1 --> 204 NO_CONTENT (referrer: -; agent: python-requests/2.9.1)
Mar 26 05:29:41 mas01 sh[14838]: 2018-03-26 05:29:41 regiond: [info] 192.168.11.7 POST /MAAS/metadata/status/wnkfhg HTTP/1.1 --> 204 NO_CONTENT (referrer: -; agent: python-requests/2.9.1)
Mar 26 05:29:41 mas01 sh[14838]: 2018-03-26 05:29:41 regiond: [info] 192.168.11.12 POST /MAAS/metadata/status/hfkaep HTTP/1.1 --> 204 NO_CONTENT (referrer: -; agent: python-requests/2.9.1)
Mar 26 05:29:41 mas01 sh[14832]: 2018-03-26 05:29:41 regiond: [info] 192.168.11.7 POST /MAAS/metadata/status/wnkfhg HTTP/1.1 --> 204 NO_CONTENT (referrer: -; agent: python-requests/2.9.1)
Mar 26 05:29:41 mas01 sh[14827]: 2018-03-26 05:29:41 regiond: [info] 192.168.11.13 POST /MAAS/metadata/status/wnnsq4 HTTP/1.1 --> 204 NO_CONTENT (referrer: -; agent: python-requests/2.9.1)
Mar 26 05:29:41 mas01 sh[15475]: 2018-03-26 05:29:41 regiond: [info] 192.168.11.13 POST /MAAS/metadata/status/wnnsq4 HTTP/1.1 --> 204 NO_CONTENT (referrer: -; agent: python-requests/2.9.1)
Mar 26 05:29:41 mas01 sh[14827]: 2018-03-26 05:29:41 regiond: [info] 192.168.11.7 POST /MAAS/metadata/status/wnkfhg HTTP/1.1 --> 204 NO_CONTENT (referrer: -; agent: python-requests/2.9.1)
Mar 26 05:29:41 mas01 sh[14827]: 2018-03-26 05:29:41 regiond: [info] 192.168.11.13 POST /MAAS/metadata/status/wnnsq4 HTTP/1.1 --> 204 NO_CONTENT (referrer: -; agent: python-requests/2.9.1)
Mar 26 05:29:41 mas01 sh[14827]: 2018-03-26 05:29:41 regiond: [info] 192.168.11.11 GET /MAAS/metadata/curtin/2012-03-01/meta-data/instance-id HTTP/1.1 --> 200 OK (referrer: -; agent: Cloud-Init/17.2)
Mar 26 05:29:41 mas01 sh[15475]: 2018-03-26 05:29:41 regiond: [info] 192.168.11.12 GET /MAAS/metadata/curtin/2012-03-01/meta-data/instance-id HTTP/1.1 --> 200 OK (referrer: -; agent: Cloud-Init/17.2)
Mar 26 05:29:41 mas01 sh[14827]: 2018-03-26 05:29:41 regiond: [info] 192.168.11.7 GET /MAAS/metadata/curtin/2012-03-01/meta-data/instance-id HTTP/1.1 --> 200 OK (referrer: -; agent: Cloud-Init/17.2)
Mar 26 05:29:41 mas01 sh[14838]: 2018-03-26 05:29:41 regiond: [info] 192.168.11.13 GET /MAAS/metadata/curtin/2012-03-01/meta-data/instance-id HTTP/1.1 --> 200 OK (referrer: -; agent: Cloud-Init/17.2)
Mar 26 05:29:41 mas01 sh[14838]: 2018-03-26 05:29:41 regiond: [info] 192.168.11.11 GET /MAAS/metadata/curtin/2012-03-01/meta-data/instance-id HTTP/1.1 --> 200 OK (referrer: -; agent: python-requests/2.9.1)
Mar 26 05:29:41 mas01 sh[14832]: 2018-03-26 05:29:41 regiond: [info] 192.168.11.12 GET /MAAS/metadata/curtin/2012-03-01/meta-data/instance-id HTTP/1.1 --> 200 OK (referrer: -; agent: python-requests/2.9.1)
Mar 26 05:29:41 mas01 sh[14838]: 2018-03-26 05:29:41 regiond: [info] 192.168.11.7 GET /MAAS/metadata/curtin/2012-03-01/meta-data/instance-id HTTP/1.1 --> 200 OK (referrer: -; agent: python-requests/2.9.1)
Mar 26 05:29:41 mas01 sh[15475]: 2018-03-26 05:29:41 regiond: [info] 192.168.11.11 GET /MAAS/metadata/curtin/2012-03-01/meta-data/local-hostname HTTP/1.1 --> 200 OK (referrer: -; agent: python-requests/2.9.1)
Mar 26 05:29:41 mas01 sh[14827]: 2018-03-26 05:29:41 regiond: [info] 192.168.11.13 GET /MAAS/metadata/curtin/2012-03-01/meta-data/instance-id HTTP/1.1 --> 200 OK (referrer: -; agent: python-requests/2.9.1)
Mar 26 05:29:41 mas01 sh[14832]: 2018-03-26 05:29:41 regiond: [info] 192.168.11.12 GET /MAAS/metadata/curtin/2012-03-01/meta-data/local-hostname HTTP/1.1 --> 200 OK (referrer: -; agent: python-requests/2.9.1)
Mar 26 05:29:41 mas01 sh[14827]: 2018-03-26 05:29:41 regiond: [info] 192.168.11.7 GET /MAAS/metadata/curtin/2012-03-01/meta-data/local-hostname HTTP/1.1 --> 200 OK (referrer: -; agent: python-requests/2.9.1)
Mar 26 05:29:41 mas01 sh[14827]: 2018-03-26 05:29:41 regiond: [info] 192.168.11.13 GET /MAAS/metadata/curtin/2012-03-01/meta-data/local-hostname HTTP/1.1 --> 200 OK (referrer: -; agent: python-requests/2.9.1)
Mar 26 05:29:41 mas01 sh[14827]: 2018-03-26 05:29:41 regiond: [info] 192.168.11.12 GET /MAAS/metadata/curtin/2012-03-01/meta-data/public-keys HTTP/1.1 --> 200 OK (referrer: -; agent: python-requests/2.9.1)
Mar 26 05:29:41 mas01 sh[15475]: 2018-03-26 05:29:41 regiond: [info] 192.168.11.11 GET /MAAS/metadata/curtin/2012-03-01/meta-data/vendor-data HTTP/1.1 --> 200 OK (referrer: -; agent: python-requests/2.9.1)
Mar 26 05:29:41 mas01 sh[15475]: 2018-03-26 05:29:41 regiond: [info] 192.168.11.12 GET /MAAS/metadata/curtin/2012-03-01/meta-data/vendor-data HTTP/1.1 --> 200 OK (referrer: -; agent: python-requests/2.9.1)
Mar 26 05:29:41 mas01 sh[15475]: 2018-03-26 05:29:41 regiond: [info] 192.168.11.7 GET /MAAS/metadata/curtin/2012-03-01/meta-data/public-keys HTTP/1.1 --> 200 OK (referrer: -; agent: python-requests/2.9.1)
Mar 26 05:29:41 mas01 sh[14838]: 2018-03-26 05:29:41 regiond: [info] 192.168.11.7 GET /MAAS/metadata/curtin/2012-03-01/meta-data/vendor-data HTTP/1.1 --> 200 OK (referrer: -; agent: python-requests/2.9.1)
Mar 26 05:29:41 mas01 sh[15475]: 2018-03-26 05:29:41 regiond: [info] 192.168.11.13 GET /MAAS/metadata/curtin/2012-03-01/meta-data/vendor-data HTTP/1.1 --> 200 OK (referrer: -; agent: python-requests/2.9.1)
Mar 26 05:29:41 mas01 sh[14838]: 2018-03-26 05:29:41 maasserver.preseed: [warn] WARNING: '/etc/maas/preseeds/curtin_userdata_amd64_generic_xenial' contains deprecated preseed variables. Please remove: main_archive_directory, ports_archive_directory, http_proxy
Mar 26 05:29:42 mas01 sh[14832]: 2018-03-26 05:29:42 maasserver.preseed: [warn] WARNING: '/etc/maas/preseeds/curtin_userdata_amd64_generic_xenial' contains deprecated preseed variables. Please remove: main_archive_directory, ports_archive_directory, http_proxy
Mar 26 05:29:42 mas01 sh[15475]: 2018-03-26 05:29:42 maasserver.preseed: [warn] WARNING: '/etc/maas/preseeds/curtin_userdata_amd64_generic_xenial' contains deprecated preseed variables. Please remove: main_archive_directory, ports_archive_directory, http_proxy
Mar 26 05:29:42 mas01 sh[15475]: 2018-03-26 05:29:42 maasserver.preseed: [warn] WARNING: '/etc/maas/preseeds/curtin_userdata_amd64_generic_xenial' contains deprecated preseed variables. Please remove: main_archive_directory, ports_archive_directory, http_proxy
Mar 26 05:29:42 mas01 sh[14838]: 2018-03-26 05:29:42 regiond: [info] 192.168.11.12 POST /MAAS/metadata/status/hfkaep HTTP/1.1 --> 204 NO_CONTENT (referrer: -; agent: python-requests/2.9.1)
Mar 26 05:29:42 mas01 sh[14832]: 2018-03-26 05:29:42 regiond: [info] 192.168.11.13 GET /MAAS/metadata/curtin/2012-03-01/user-data HTTP/1.1 --> 200 OK (referrer: -; agent: python-requests/2.9.1)
Mar 26 05:29:42 mas01 sh[15475]: 2018-03-26 05:29:42 regiond: [info] 192.168.11.13 POST /MAAS/metadata/status/wnnsq4 HTTP/1.1 --> 204 NO_CONTENT (referrer: -; agent: python-requests/2.9.1)
Mar 26 05:29:42 mas01 sh[14832]: 2018-03-26 05:29:42 regiond: [info] 192.168.11.12 POST /MAAS/metadata/status/hfkaep HTTP/1.1 --> 204 NO_CONTENT (referrer: -; agent: python-requests/2.9.1)
Mar 26 05:29:42 mas01 sh[15475]: 2018-03-26 05:29:42 regiond: [info] 192.168.11.12 POST /MAAS/metadata/status/hfkaep HTTP/1.1 --> 204 NO_CONTENT (referrer: -; agent: python-requests/2.9.1)
Mar 26 05:29:42 mas01 sh[15475]: message repeated 2 times: [ 2018-03-26 05:29:42 regiond: [info] 192.168.11.12 POST /MAAS/metadata/status/hfkaep HTTP/1.1 --> 204 NO_CONTENT (referrer: -; agent: python-requests/2.9.1)]
Mar 26 05:29:42 mas01 sh[15475]: 2018-03-26 05:29:42 regiond: [info] 192.168.11.13 POST /MAAS/metadata/status/wnnsq4 HTTP/1.1 --> 204 NO_CONTENT (referrer: -; agent: python-requests/2.9.1)
Mar 26 05:29:42 mas01 sh[14838]: 2018-03-26 05:29:42 regiond: [info] 192.168.11.13 POST /MAAS/metadata/status/wnnsq4 HTTP/1.1 --> 204 NO_CONTENT (referrer: -; agent: python-requests/2.9.1)
Mar 26 05:29:42 mas01 sh[15475]: 2018-03-26 05:29:42 regiond: [info] 192.168.11.13 POST /MAAS/metadata/status/wnnsq4 HTTP/1.1 --> 204 NO_CONTENT (referrer: -; agent: python-requests/2.9.1)
Mar 26 05:29:42 mas01 sh[14838]: 2018-03-26 05:29:42 regiond: [info] 192.168.11.13 POST /MAAS/metadata/status/wnnsq4 HTTP/1.1 --> 204 NO_CONTENT (referrer: -; agent: python-requests/2.9.1)
Mar 26 05:29:42 mas01 sh[15475]: 2018-03-26 05:29:42 regiond: [info] 192.168.11.12 POST /MAAS/metadata/status/hfkaep HTTP/1.1 --> 204 NO_CONTENT (referrer: -; agent: python-requests/2.9.1)
Mar 26 05:29:42 mas01 sh[14832]: 2018-03-26 05:29:42 regiond: [info] 192.168.11.12 POST /MAAS/metadata/status/hfkaep HTTP/1.1 --> 204 NO_CONTENT (referrer: -; agent: python-requests/2.9.1)
Mar 26 05:29:42 mas01 sh[14827]: 2018-03-26 05:29:42 regiond: [info] 192.168.11.12 POST /MAAS/metadata/status/hfkaep HTTP/1.1 --> 204 NO_CONTENT (referrer: -; agent: python-requests/2.9.1)
Mar 26 05:29:42 mas01 sh[14838]: 2018-03-26 05:29:42 regiond: [info] 192.168.11.12 POST /MAAS/metadata/status/hfkaep HTTP/1.1 --> 204 NO_CONTENT (referrer: -; agent: python-requests/2.9.1)
Mar 26 05:29:42 mas01 sh[15475]: 2018-03-26 05:29:42 regiond: [info] 192.168.11.12 POST /MAAS/metadata/status/hfkaep HTTP/1.1 --> 204 NO_CONTENT (referrer: -; agent: python-requests/2.9.1)
Mar 26 05:29:42 mas01 sh[14838]: 2018-03-26 05:29:42 regiond: [info] 192.168.11.13 POST /MAAS/metadata/status/wnnsq4 HTTP/1.1 --> 204 NO_CONTENT (referrer: -; agent: python-requests/2.9.1)
Mar 26 05:29:42 mas01 sh[14832]: 2018-03-26 05:29:42 regiond: [info] 192.168.11.12 POST /MAAS/metadata/status/hfkaep HTTP/1.1 --> 204 NO_CONTENT (referrer: -; agent: python-requests/2.9.1)
Mar 26 05:29:42 mas01 sh[14827]: 2018-03-26 05:29:42 regiond: [info] 192.168.11.13 POST /MAAS/metadata/status/wnnsq4 HTTP/1.1 --> 204 NO_CONTENT (referrer: -; agent: python-requests/2.9.1)
Mar 26 05:29:42 mas01 sh[14832]: 2018-03-26 05:29:42 regiond: [info] 192.168.11.12 POST /MAAS/metadata/status/hfkaep HTTP/1.1 --> 204 NO_CONTENT (referrer: -; agent: python-requests/2.9.1)
Mar 26 05:29:42 mas01 sh[14832]: 2018-03-26 05:29:42 regiond: [info] 192.168.11.13 POST /MAAS/metadata/status/wnnsq4 HTTP/1.1 --> 204 NO_CONTENT (referrer: -; agent: python-requests/2.9.1)
Mar 26 05:29:42 mas01 sh[14838]: 2018-03-26 05:29:42 regiond: [info] 192.168.11.12 POST /MAAS/metadata/status/hfkaep HTTP/1.1 --> 204 NO_CONTENT (referrer: -; agent: python-requests/2.9.1)
Mar 26 05:29:42 mas01 sh[14838]: 2018-03-26 05:29:42 regiond: [info] 192.168.11.13 POST /MAAS/metadata/status/wnnsq4 HTTP/1.1 --> 204 NO_CONTENT (referrer: -; agent: python-requests/2.9.1)
Mar 26 05:29:42 mas01 sh[14827]: 2018-03-26 05:29:42 regiond: [info] 192.168.11.12 POST /MAAS/metadata/status/hfkaep HTTP/1.1 --> 204 NO_CONTENT (referrer: -; agent: python-requests/2.9.1)
Mar 26 05:29:42 mas01 sh[14832]: 2018-03-26 05:29:42 regiond: [info] 192.168.11.13 POST /MAAS/metadata/status/wnnsq4 HTTP/1.1 --> 204 NO_CONTENT (referrer: -; agent: python-requests/2.9.1)
Mar 26 05:29:42 mas01 sh[14832]: 2018-03-26 05:29:42 regiond: [info] 192.168.11.13 POST /MAAS/metadata/status/wnnsq4 HTTP/1.1 --> 204 NO_CONTENT (referrer: -; agent: python-requests/2.9.1)
Mar 26 05:29:42 mas01 sh[14838]: 2018-03-26 05:29:42 regiond: [info] 192.168.11.13 POST /MAAS/metadata/status/wnnsq4 HTTP/1.1 --> 204 NO_CONTENT (referrer: -; agent: python-requests/2.9.1)
Mar 26 05:29:42 mas01 sh[14838]: 2018-03-26 05:29:42 regiond: [info] 192.168.11.13 POST /MAAS/metadata/status/wnnsq4 HTTP/1.1 --> 204 NO_CONTENT (referrer: -; agent: python-requests/2.9.1)
Mar 26 05:29:42 mas01 sh[14832]: 2018-03-26 05:29:42 regiond: [info] 192.168.11.13 POST /MAAS/metadata/status/wnnsq4 HTTP/1.1 --> 204 NO_CONTENT (referrer: -; agent: python-requests/2.9.1)
Mar 26 05:29:42 mas01 sh[14827]: 2018-03-26 05:29:42 regiond: [info] 192.168.11.12 POST /MAAS/metadata/status/hfkaep HTTP/1.1 --> 204 NO_CONTENT (referrer: -; agent: python-requests/2.9.1)
Mar 26 05:29:42 mas01 sh[14838]: 2018-03-26 05:29:42 regiond: [info] 192.168.11.12 POST /MAAS/metadata/status/hfkaep HTTP/1.1 --> 204 NO_CONTENT (referrer: -; agent: python-requests/2.9.1)
Mar 26 05:29:42 mas01 sh[14827]: 2018-03-26 05:29:42 regiond: [info] 192.168.11.13 POST /MAAS/metadata/status/wnnsq4 HTTP/1.1 --> 204 NO_CONTENT (referrer: -; agent: python-requests/2.9.1)
Mar 26 05:29:42 mas01 sh[14827]: 2018-03-26 05:29:42 regiond: [info] 192.168.11.12 POST /MAAS/metadata/status/hfkaep HTTP/1.1 --> 204 NO_CONTENT (referrer: -; agent: python-requests/2.9.1)
Mar 26 05:29:42 mas01 sh[14832]: 2018-03-26 05:29:42 regiond: [info] 192.168.11.13 POST /MAAS/metadata/status/wnnsq4 HTTP/1.1 --> 204 NO_CONTENT (referrer: -; agent: python-requests/2.9.1)
Mar 26 05:29:42 mas01 sh[14827]: 2018-03-26 05:29:42 regiond: [info] 192.168.11.12 POST /MAAS/metadata/status/hfkaep HTTP/1.1 --> 204 NO_CONTENT (referrer: -; agent: python-requests/2.9.1)
Mar 26 05:29:42 mas01 sh[15475]: 2018-03-26 05:29:42 regiond: [info] 192.168.11.13 POST /MAAS/metadata/status/wnnsq4 HTTP/1.1 --> 204 NO_CONTENT (referrer: -; agent: python-requests/2.9.1)
Mar 26 05:29:42 mas01 sh[15475]: 2018-03-26 05:29:42 regiond: [info] 192.168.11.12 POST /MAAS/metadata/status/hfkaep HTTP/1.1 --> 204 NO_CONTENT (referrer: -; agent: python-requests/2.9.1)
Mar 26 05:29:42 mas01 sh[14832]: 2018-03-26 05:29:42 regiond: [info] 192.168.11.12 POST /MAAS/metadata/status/hfkaep HTTP/1.1 --> 204 NO_CONTENT (referrer: -; agent: python-requests/2.9.1)
Mar 26 05:29:42 mas01 sh[14827]: 2018-03-26 05:29:42 regiond: [info] 192.168.11.13 POST /MAAS/metadata/status/wnnsq4 HTTP/1.1 --> 204 NO_CONTENT (referrer: -; agent: python-requests/2.9.1)
Mar 26 05:29:42 mas01 sh[14832]: 2018-03-26 05:29:42 regiond: [info] 192.168.11.12 POST /MAAS/metadata/status/hfkaep HTTP/1.1 --> 204 NO_CONTENT (referrer: -; agent: python-requests/2.9.1)
Mar 26 05:29:42 mas01 sh[14838]: 2018-03-26 05:29:42 regiond: [info] 192.168.11.13 POST /MAAS/metadata/status/wnnsq4 HTTP/1.1 --> 204 NO_CONTENT (referrer: -; agent: python-requests/2.9.1)
Mar 26 05:29:42 mas01 sh[15475]: 2018-03-26 05:29:42 regiond: [info] 192.168.11.12 POST /MAAS/metadata/status/hfkaep HTTP/1.1 --> 204 NO_CONTENT (referrer: -; agent: python-requests/2.9.1)
Mar 26 05:29:42 mas01 sh[14827]: 2018-03-26 05:29:42 regiond: [info] 192.168.11.13 POST /MAAS/metadata/status/wnnsq4 HTTP/1.1 --> 204 NO_CONTENT (referrer: -; agent: python-requests/2.9.1)
Mar 26 05:29:42 mas01 sh[15475]: 2018-03-26 05:29:42 regiond: [info] 192.168.11.13 POST /MAAS/metadata/status/wnnsq4 HTTP/1.1 --> 204 NO_CONTENT (referrer: -; agent: python-requests/2.9.1)
Mar 26 05:29:42 mas01 sh[14832]: 2018-03-26 05:29:42 regiond: [info] 192.168.11.13 POST /MAAS/metadata/status/wnnsq4 HTTP/1.1 --> 204 NO_CONTENT (referrer: -; agent: python-requests/2.9.1)
Mar 26 05:29:42 mas01 sh[14838]: 2018-03-26 05:29:42 regiond: [info] 192.168.11.12 POST /MAAS/metadata/status/hfkaep HTTP/1.1 --> 204 NO_CONTENT (referrer: -; agent: python-requests/2.9.1)
Mar 26 05:29:42 mas01 sh[14827]: 2018-03-26 05:29:42 regiond: [info] 192.168.11.12 POST /MAAS/metadata/status/hfkaep HTTP/1.1 --> 204 NO_CONTENT (referrer: -; agent: python-requests/2.9.1)
Mar 26 05:29:42 mas01 sh[15475]: 2018-03-26 05:29:42 regiond: [info] 192.168.11.13 POST /MAAS/metadata/status/wnnsq4 HTTP/1.1 --> 204 NO_CONTENT (referrer: -; agent: python-requests/2.9.1)
Mar 26 05:29:42 mas01 sh[14827]: 2018-03-26 05:29:42 regiond: [info] 192.168.11.12 POST /MAAS/metadata/status/hfkaep HTTP/1.1 --> 204 NO_CONTENT (referrer: -; agent: python-requests/2.9.1)
Mar 26 05:29:42 mas01 sh[14838]: 2018-03-26 05:29:42 regiond: [info] 192.168.11.13 POST /MAAS/metadata/status/wnnsq4 HTTP/1.1 --> 204 NO_CONTENT (referrer: -; agent: python-requests/2.9.1)
Mar 26 05:29:42 mas01 sh[14838]: 2018-03-26 05:29:42 regiond: [info] 192.168.11.12 POST /MAAS/metadata/status/hfkaep HTTP/1.1 --> 204 NO_CONTENT (referrer: -; agent: python-requests/2.9.1)
Mar 26 05:29:42 mas01 sh[14838]: 2018-03-26 05:29:42 regiond: [info] 192.168.11.13 POST /MAAS/metadata/status/wnnsq4 HTTP/1.1 --> 204 NO_CONTENT (referrer: -; agent: python-requests/2.9.1)
Mar 26 05:29:42 mas01 sh[14827]: 2018-03-26 05:29:42 regiond: [info] 192.168.11.13 POST /MAAS/metadata/status/wnnsq4 HTTP/1.1 --> 204 NO_CONTENT (referrer: -; agent: python-requests/2.9.1)
Mar 26 05:29:42 mas01 sh[15475]: 2018-03-26 05:29:42 regiond: [info] 192.168.11.7 GET /MAAS/metadata/curtin/2012-03-01/user-data HTTP/1.1 --> 200 OK (referrer: -; agent: python-requests/2.9.1)
Mar 26 05:29:42 mas01 sh[14838]: 2018-03-26 05:29:42 regiond: [info] 192.168.11.12 POST /MAAS/metadata/status/hfkaep HTTP/1.1 --> 204 NO_CONTENT (referrer: -; agent: python-requests/2.9.1)
Mar 26 05:29:42 mas01 sh[14827]: 2018-03-26 05:29:42 regiond: [info] 192.168.11.12 POST /MAAS/metadata/status/hfkaep HTTP/1.1 --> 204 NO_CONTENT (referrer: -; agent: python-requests/2.9.1)
Mar 26 05:29:42 mas01 sh[15475]: 2018-03-26 05:29:42 regiond: [info] 192.168.11.11 GET /MAAS/metadata/curtin/2012-03-01/user-data HTTP/1.1 --> 200 OK (referrer: -; agent: python-requests/2.9.1)
Mar 26 05:29:42 mas01 sh[14838]: 2018-03-26 05:29:42 regiond: [info] 192.168.11.7 POST /MAAS/metadata/status/wnkfhg HTTP/1.1 --> 204 NO_CONTENT (referrer: -; agent: python-requests/2.9.1)
Mar 26 05:29:42 mas01 sh[14838]: 2018-03-26 05:29:42 regiond: [info] 192.168.11.13 POST /MAAS/metadata/status/wnnsq4 HTTP/1.1 --> 204 NO_CONTENT (referrer: -; agent: python-requests/2.9.1)
Mar 26 05:29:42 mas01 sh[14838]: 2018-03-26 05:29:42 regiond: [info] 192.168.11.12 POST /MAAS/metadata/status/hfkaep HTTP/1.1 --> 204 NO_CONTENT (referrer: -; agent: python-requests/2.9.1)
Mar 26 05:29:42 mas01 sh[14827]: 2018-03-26 05:29:42 regiond: [info] 192.168.11.13 POST /MAAS/metadata/status/wnnsq4 HTTP/1.1 --> 204 NO_CONTENT (referrer: -; agent: python-requests/2.9.1)
Mar 26 05:29:42 mas01 sh[15475]: 2018-03-26 05:29:42 regiond: [info] 192.168.11.11 POST /MAAS/metadata/status/cakrf4 HTTP/1.1 --> 204 NO_CONTENT (referrer: -; agent: python-requests/2.9.1)
Mar 26 05:29:42 mas01 sh[14827]: 2018-03-26 05:29:42 regiond: [info] 192.168.11.12 POST /MAAS/metadata/status/hfkaep HTTP/1.1 --> 204 NO_CONTENT (referrer: -; agent: python-requests/2.9.1)
Mar 26 05:29:42 mas01 sh[14827]: 2018-03-26 05:29:42 regiond: [info] 192.168.11.13 POST /MAAS/metadata/status/wnnsq4 HTTP/1.1 --> 204 NO_CONTENT (referrer: -; agent: python-requests/2.9.1)
Mar 26 05:29:42 mas01 sh[14827]: 2018-03-26 05:29:42 regiond: [info] 192.168.11.13 POST /MAAS/metadata/status/wnnsq4 HTTP/1.1 --> 204 NO_CONTENT (referrer: -; agent: python-requests/2.9.1)
Mar 26 05:29:42 mas01 sh[15475]: 2018-03-26 05:29:42 regiond: [info] 192.168.11.12 POST /MAAS/metadata/status/hfkaep HTTP/1.1 --> 204 NO_CONTENT (referrer: -; agent: python-requests/2.9.1)
Mar 26 05:29:42 mas01 sh[15475]: 2018-03-26 05:29:42 regiond: [info] 192.168.11.12 POST /MAAS/metadata/status/hfkaep HTTP/1.1 --> 204 NO_CONTENT (referrer: -; agent: python-requests/2.9.1)
Mar 26 05:29:42 mas01 sh[15475]: 2018-03-26 05:29:42 regiond: [info] 192.168.11.13 POST /MAAS/metadata/status/wnnsq4 HTTP/1.1 --> 204 NO_CONTENT (referrer: -; agent: python-requests/2.9.1)
Mar 26 05:29:42 mas01 sh[14838]: 2018-03-26 05:29:42 regiond: [info] 192.168.11.13 POST /MAAS/metadata/status/wnnsq4 HTTP/1.1 --> 204 NO_CONTENT (referrer: -; agent: python-requests/2.9.1)
Mar 26 05:29:42 mas01 sh[14838]: 2018-03-26 05:29:42 regiond: [info] 192.168.11.12 POST /MAAS/metadata/status/hfkaep HTTP/1.1 --> 204 NO_CONTENT (referrer: -; agent: python-requests/2.9.1)
Mar 26 05:29:42 mas01 sh[14832]: 2018-03-26 05:29:42 regiond: [info] 192.168.11.12 POST /MAAS/metadata/status/hfkaep HTTP/1.1 --> 204 NO_CONTENT (referrer: -; agent: python-requests/2.9.1)
Mar 26 05:29:42 mas01 sh[14827]: 2018-03-26 05:29:42 regiond: [info] 192.168.11.7 POST /MAAS/metadata/status/wnkfhg HTTP/1.1 --> 204 NO_CONTENT (referrer: -; agent: python-requests/2.9.1)
Mar 26 05:29:42 mas01 sh[14838]: 2018-03-26 05:29:42 regiond: [info] 192.168.11.13 POST /MAAS/metadata/status/wnnsq4 HTTP/1.1 --> 204 NO_CONTENT (referrer: -; agent: python-requests/2.9.1)
Mar 26 05:29:42 mas01 sh[15475]: 2018-03-26 05:29:42 regiond: [info] 192.168.11.7 POST /MAAS/metadata/status/wnkfhg HTTP/1.1 --> 204 NO_CONTENT (referrer: -; agent: python-requests/2.9.1)
Mar 26 05:29:42 mas01 sh[14827]: 2018-03-26 05:29:42 regiond: [info] 192.168.11.11 POST /MAAS/metadata/status/cakrf4 HTTP/1.1 --> 204 NO_CONTENT (referrer: -; agent: python-requests/2.9.1)
Mar 26 05:29:42 mas01 sh[14838]: 2018-03-26 05:29:42 regiond: [info] 192.168.11.13 POST /MAAS/metadata/status/wnnsq4 HTTP/1.1 --> 204 NO_CONTENT (referrer: -; agent: python-requests/2.9.1)
Mar 26 05:29:42 mas01 sh[14827]: 2018-03-26 05:29:42 regiond: [info] 192.168.11.7 POST /MAAS/metadata/status/wnkfhg HTTP/1.1 --> 204 NO_CONTENT (referrer: -; agent: python-requests/2.9.1)
Mar 26 05:29:42 mas01 sh[15475]: 2018-03-26 05:29:42 regiond: [info] 192.168.11.11 POST /MAAS/metadata/status/cakrf4 HTTP/1.1 --> 204 NO_CONTENT (referrer: -; agent: python-requests/2.9.1)
Mar 26 05:29:42 mas01 sh[14827]: 2018-03-26 05:29:42 regiond: [info] 192.168.11.7 POST /MAAS/metadata/status/wnkfhg HTTP/1.1 --> 204 NO_CONTENT (referrer: -; agent: python-requests/2.9.1)
Mar 26 05:29:42 mas01 sh[14827]: 2018-03-26 05:29:42 regiond: [info] 192.168.11.11 POST /MAAS/metadata/status/cakrf4 HTTP/1.1 --> 204 NO_CONTENT (referrer: -; agent: python-requests/2.9.1)
Mar 26 05:29:42 mas01 sh[14827]: 2018-03-26 05:29:42 regiond: [info] 192.168.11.11 POST /MAAS/metadata/status/cakrf4 HTTP/1.1 --> 204 NO_CONTENT (referrer: -; agent: python-requests/2.9.1)
Mar 26 05:29:43 mas01 sh[14827]: 2018-03-26 05:29:43 regiond: [info] 192.168.11.7 POST /MAAS/metadata/status/wnkfhg HTTP/1.1 --> 204 NO_CONTENT (referrer: -; agent: python-requests/2.9.1)
Mar 26 05:29:43 mas01 sh[14838]: 2018-03-26 05:29:43 regiond: [info] 192.168.11.13 POST /MAAS/metadata/status/wnnsq4 HTTP/1.1 --> 204 NO_CONTENT (referrer: -; agent: python-requests/2.9.1)
Mar 26 05:29:43 mas01 sh[14832]: 2018-03-26 05:29:43 regiond: [info] 192.168.11.7 POST /MAAS/metadata/status/wnkfhg HTTP/1.1 --> 204 NO_CONTENT (referrer: -; agent: python-requests/2.9.1)
Mar 26 05:29:43 mas01 sh[14832]: 2018-03-26 05:29:43 regiond: [info] 192.168.11.7 POST /MAAS/metadata/status/wnkfhg HTTP/1.1 --> 204 NO_CONTENT (referrer: -; agent: python-requests/2.9.1)
Mar 26 05:29:43 mas01 sh[14838]: 2018-03-26 05:29:43 regiond: [info] 192.168.11.11 POST /MAAS/metadata/status/cakrf4 HTTP/1.1 --> 204 NO_CONTENT (referrer: -; agent: python-requests/2.9.1)
Mar 26 05:29:43 mas01 sh[14832]: 2018-03-26 05:29:43 regiond: [info] 192.168.11.11 POST /MAAS/metadata/status/cakrf4 HTTP/1.1 --> 204 NO_CONTENT (referrer: -; agent: python-requests/2.9.1)
Mar 26 05:29:43 mas01 sh[15475]: 2018-03-26 05:29:43 regiond: [info] 192.168.11.7 POST /MAAS/metadata/status/wnkfhg HTTP/1.1 --> 204 NO_CONTENT (referrer: -; agent: python-requests/2.9.1)
Mar 26 05:29:43 mas01 sh[14838]: 2018-03-26 05:29:43 regiond: [info] 192.168.11.11 POST /MAAS/metadata/status/cakrf4 HTTP/1.1 --> 204 NO_CONTENT (referrer: -; agent: python-requests/2.9.1)
Mar 26 05:29:43 mas01 sh[15475]: 2018-03-26 05:29:43 regiond: [info] 192.168.11.7 POST /MAAS/metadata/status/wnkfhg HTTP/1.1 --> 204 NO_CONTENT (referrer: -; agent: python-requests/2.9.1)
Mar 26 05:29:43 mas01 sh[15475]: 2018-03-26 05:29:43 regiond: [info] 192.168.11.11 POST /MAAS/metadata/status/cakrf4 HTTP/1.1 --> 204 NO_CONTENT (referrer: -; agent: python-requests/2.9.1)
Mar 26 05:29:43 mas01 sh[15475]: 2018-03-26 05:29:43 regiond: [info] 192.168.11.7 POST /MAAS/metadata/status/wnkfhg HTTP/1.1 --> 204 NO_CONTENT (referrer: -; agent: python-requests/2.9.1)
Mar 26 05:29:43 mas01 sh[14827]: 2018-03-26 05:29:43 regiond: [info] 192.168.11.11 POST /MAAS/metadata/status/cakrf4 HTTP/1.1 --> 204 NO_CONTENT (referrer: -; agent: python-requests/2.9.1)
Mar 26 05:29:43 mas01 sh[15475]: 2018-03-26 05:29:43 regiond: [info] 192.168.11.7 POST /MAAS/metadata/status/wnkfhg HTTP/1.1 --> 204 NO_CONTENT (referrer: -; agent: python-requests/2.9.1)
Mar 26 05:29:43 mas01 sh[14827]: 2018-03-26 05:29:43 regiond: [info] 192.168.11.11 POST /MAAS/metadata/status/cakrf4 HTTP/1.1 --> 204 NO_CONTENT (referrer: -; agent: python-requests/2.9.1)
Mar 26 05:29:43 mas01 sh[14827]: 2018-03-26 05:29:43 regiond: [info] 192.168.11.7 POST /MAAS/metadata/status/wnkfhg HTTP/1.1 --> 204 NO_CONTENT (referrer: -; agent: python-requests/2.9.1)
Mar 26 05:29:43 mas01 sh[15475]: 2018-03-26 05:29:43 regiond: [info] 192.168.11.11 POST /MAAS/metadata/status/cakrf4 HTTP/1.1 --> 204 NO_CONTENT (referrer: -; agent: python-requests/2.9.1)
Mar 26 05:29:43 mas01 sh[14832]: 2018-03-26 05:29:43 regiond: [info] 192.168.11.7 POST /MAAS/metadata/status/wnkfhg HTTP/1.1 --> 204 NO_CONTENT (referrer: -; agent: python-requests/2.9.1)
Mar 26 05:29:43 mas01 sh[14832]: 2018-03-26 05:29:43 regiond: [info] 192.168.11.11 POST /MAAS/metadata/status/cakrf4 HTTP/1.1 --> 204 NO_CONTENT (referrer: -; agent: python-requests/2.9.1)
Mar 26 05:29:43 mas01 sh[14827]: 2018-03-26 05:29:43 regiond: [info] 192.168.11.11 POST /MAAS/metadata/status/cakrf4 HTTP/1.1 --> 204 NO_CONTENT (referrer: -; agent: python-requests/2.9.1)
Mar 26 05:29:43 mas01 sh[14832]: 2018-03-26 05:29:43 regiond: [info] 192.168.11.12 POST /MAAS/metadata/status/hfkaep HTTP/1.1 --> 204 NO_CONTENT (referrer: -; agent: python-requests/2.9.1)
Mar 26 05:29:43 mas01 sh[14838]: 2018-03-26 05:29:43 regiond: [info] 192.168.11.7 POST /MAAS/metadata/status/wnkfhg HTTP/1.1 --> 204 NO_CONTENT (referrer: -; agent: python-requests/2.9.1)
Mar 26 05:29:43 mas01 sh[14832]: 2018-03-26 05:29:43 regiond: [info] 192.168.11.7 POST /MAAS/metadata/status/wnkfhg HTTP/1.1 --> 204 NO_CONTENT (referrer: -; agent: python-requests/2.9.1)
Mar 26 05:29:43 mas01 sh[14832]: 2018-03-26 05:29:43 regiond: [info] 192.168.11.11 POST /MAAS/metadata/status/cakrf4 HTTP/1.1 --> 204 NO_CONTENT (referrer: -; agent: python-requests/2.9.1)
Mar 26 05:29:43 mas01 sh[14838]: 2018-03-26 05:29:43 regiond: [info] 192.168.11.7 POST /MAAS/metadata/status/wnkfhg HTTP/1.1 --> 204 NO_CONTENT (referrer: -; agent: python-requests/2.9.1)
Mar 26 05:29:43 mas01 sh[14827]: 2018-03-26 05:29:43 regiond: [info] 192.168.11.11 POST /MAAS/metadata/status/cakrf4 HTTP/1.1 --> 204 NO_CONTENT (referrer: -; agent: python-requests/2.9.1)
Mar 26 05:29:43 mas01 sh[15475]: 2018-03-26 05:29:43 regiond: [info] 192.168.11.7 POST /MAAS/metadata/status/wnkfhg HTTP/1.1 --> 204 NO_CONTENT (referrer: -; agent: python-requests/2.9.1)
Mar 26 05:29:43 mas01 sh[14838]: 2018-03-26 05:29:43 regiond: [info] 192.168.11.7 POST /MAAS/metadata/status/wnkfhg HTTP/1.1 --> 204 NO_CONTENT (referrer: -; agent: python-requests/2.9.1)
Mar 26 05:29:43 mas01 sh[14838]: 2018-03-26 05:29:43 regiond: [info] 192.168.11.7 POST /MAAS/metadata/status/wnkfhg HTTP/1.1 --> 204 NO_CONTENT (referrer: -; agent: python-requests/2.9.1)
Mar 26 05:29:43 mas01 sh[14832]: 2018-03-26 05:29:43 regiond: [info] 192.168.11.11 POST /MAAS/metadata/status/cakrf4 HTTP/1.1 --> 204 NO_CONTENT (referrer: -; agent: python-requests/2.9.1)
Mar 26 05:29:43 mas01 sh[15475]: 2018-03-26 05:29:43 regiond: [info] 192.168.11.11 POST /MAAS/metadata/status/cakrf4 HTTP/1.1 --> 204 NO_CONTENT (referrer: -; agent: python-requests/2.9.1)
Mar 26 05:29:43 mas01 sh[14832]: 2018-03-26 05:29:43 regiond: [info] 192.168.11.7 POST /MAAS/metadata/status/wnkfhg HTTP/1.1 --> 204 NO_CONTENT (referrer: -; agent: python-requests/2.9.1)
Mar 26 05:29:43 mas01 sh[14827]: 2018-03-26 05:29:43 regiond: [info] 192.168.11.7 POST /MAAS/metadata/status/wnkfhg HTTP/1.1 --> 204 NO_CONTENT (referrer: -; agent: python-requests/2.9.1)
Mar 26 05:29:43 mas01 sh[14827]: 2018-03-26 05:29:43 regiond: [info] 192.168.11.11 POST /MAAS/metadata/status/cakrf4 HTTP/1.1 --> 204 NO_CONTENT (referrer: -; agent: python-requests/2.9.1)
Mar 26 05:29:43 mas01 sh[14838]: 2018-03-26 05:29:43 regiond: [info] 192.168.11.11 POST /MAAS/metadata/status/cakrf4 HTTP/1.1 --> 204 NO_CONTENT (referrer: -; agent: python-requests/2.9.1)
Mar 26 05:29:43 mas01 sh[14832]: 2018-03-26 05:29:43 regiond: [info] 192.168.11.11 POST /MAAS/metadata/status/cakrf4 HTTP/1.1 --> 204 NO_CONTENT (referrer: -; agent: python-requests/2.9.1)
Mar 26 05:29:43 mas01 sh[15475]: 2018-03-26 05:29:43 regiond: [info] 192.168.11.13 POST /MAAS/metadata/status/wnnsq4 HTTP/1.1 --> 204 NO_CONTENT (referrer: -; agent: python-requests/2.9.1)
Mar 26 05:29:43 mas01 sh[14827]: 2018-03-26 05:29:43 regiond: [info] 192.168.11.7 POST /MAAS/metadata/status/wnkfhg HTTP/1.1 --> 204 NO_CONTENT (referrer: -; agent: python-requests/2.9.1)
Mar 26 05:29:43 mas01 sh[15475]: 2018-03-26 05:29:43 regiond: [info] 192.168.11.11 POST /MAAS/metadata/status/cakrf4 HTTP/1.1 --> 204 NO_CONTENT (referrer: -; agent: python-requests/2.9.1)
Mar 26 05:29:43 mas01 sh[15475]: 2018-03-26 05:29:43 regiond: [info] 192.168.11.7 POST /MAAS/metadata/status/wnkfhg HTTP/1.1 --> 204 NO_CONTENT (referrer: -; agent: python-requests/2.9.1)
Mar 26 05:29:43 mas01 sh[14838]: 2018-03-26 05:29:43 regiond: [info] 192.168.11.7 POST /MAAS/metadata/status/wnkfhg HTTP/1.1 --> 204 NO_CONTENT (referrer: -; agent: python-requests/2.9.1)
Mar 26 05:29:43 mas01 sh[14832]: 2018-03-26 05:29:43 regiond: [info] 192.168.11.11 POST /MAAS/metadata/status/cakrf4 HTTP/1.1 --> 204 NO_CONTENT (referrer: -; agent: python-requests/2.9.1)
Mar 26 05:29:43 mas01 sh[14838]: 2018-03-26 05:29:43 regiond: [info] 192.168.11.7 POST /MAAS/metadata/status/wnkfhg HTTP/1.1 --> 204 NO_CONTENT (referrer: -; agent: python-requests/2.9.1)
Mar 26 05:29:43 mas01 sh[14838]: 2018-03-26 05:29:43 regiond: [info] 192.168.11.11 POST /MAAS/metadata/status/cakrf4 HTTP/1.1 --> 204 NO_CONTENT (referrer: -; agent: python-requests/2.9.1)
Mar 26 05:29:43 mas01 sh[14827]: 2018-03-26 05:29:43 regiond: [info] 192.168.11.11 POST /MAAS/metadata/status/cakrf4 HTTP/1.1 --> 204 NO_CONTENT (referrer: -; agent: python-requests/2.9.1)
Mar 26 05:29:43 mas01 sh[14832]: 2018-03-26 05:29:43 regiond: [info] 192.168.11.7 POST /MAAS/metadata/status/wnkfhg HTTP/1.1 --> 204 NO_CONTENT (referrer: -; agent: python-requests/2.9.1)
Mar 26 05:29:43 mas01 sh[14838]: 2018-03-26 05:29:43 regiond: [info] 192.168.11.11 POST /MAAS/metadata/status/cakrf4 HTTP/1.1 --> 204 NO_CONTENT (referrer: -; agent: python-requests/2.9.1)
Mar 26 05:29:43 mas01 sh[14832]: 2018-03-26 05:29:43 regiond: [info] 192.168.11.7 POST /MAAS/metadata/status/wnkfhg HTTP/1.1 --> 204 NO_CONTENT (referrer: -; agent: python-requests/2.9.1)
Mar 26 05:29:43 mas01 sh[14827]: 2018-03-26 05:29:43 regiond: [info] 192.168.11.7 POST /MAAS/metadata/status/wnkfhg HTTP/1.1 --> 204 NO_CONTENT (referrer: -; agent: python-requests/2.9.1)
Mar 26 05:29:43 mas01 sh[14832]: 2018-03-26 05:29:43 regiond: [info] 192.168.11.7 POST /MAAS/metadata/status/wnkfhg HTTP/1.1 --> 204 NO_CONTENT (referrer: -; agent: python-requests/2.9.1)
Mar 26 05:29:43 mas01 sh[14838]: 2018-03-26 05:29:43 regiond: [info] 192.168.11.12 POST /MAAS/metadata/status/hfkaep HTTP/1.1 --> 204 NO_CONTENT (referrer: -; agent: python-requests/2.9.1)
Mar 26 05:29:43 mas01 sh[14832]: 2018-03-26 05:29:43 regiond: [info] 192.168.11.11 POST /MAAS/metadata/status/cakrf4 HTTP/1.1 --> 204 NO_CONTENT (referrer: -; agent: python-requests/2.9.1)
Mar 26 05:29:43 mas01 sh[14827]: 2018-03-26 05:29:43 regiond: [info] 192.168.11.11 POST /MAAS/metadata/status/cakrf4 HTTP/1.1 --> 204 NO_CONTENT (referrer: -; agent: python-requests/2.9.1)
