Mar 17 20:31:05 mas01 salt-minion[4812]: [INFO    ] {'ret': {'machines': [{'status': 'Deploying', 'hostname': u'cmp002', 'system_id': u'rnfmcr'}, {'status': 'Deploying', 'hostname': u'cmp001', 'system_id': u'cmfxew'}, {'status': 'Deploying', 'hostname': u'kvm01', 'system_id': u'p74rpx'}, {'status': 'Deploying', 'hostname': u'kvm03', 'system_id': u'7dnnex'}, {'status': 'Deploying', 'hostname': u'kvm02', 'system_id': u'hxd8r4'}], 'summary': Counter({'Deploying': 5})}}
Mar 17 20:31:05 mas01 salt-minion[4812]: [INFO    ] Completed state [maas.machines_status] at time 20:31:05.020937 duration_in_ms=442.262
Mar 17 20:31:05 mas01 salt-minion[4812]: [INFO    ] Returning information for job: 20180317203101287955
Mar 17 20:31:12 mas01 dhcpd[21262]: DHCPDISCOVER from 00:25:b5:a0:00:6a via ens5
Mar 17 20:31:12 mas01 dhcpd[21262]: DHCPOFFER on 192.168.11.14 to 00:25:b5:a0:00:6a (cmp002) via ens5
Mar 17 20:31:12 mas01 dhcpd[21262]: execute_statement argv[0] = /usr/sbin/maas-dhcp-helper
Mar 17 20:31:12 mas01 dhcpd[21262]: execute_statement argv[1] = notify
Mar 17 20:31:12 mas01 dhcpd[21262]: execute_statement argv[2] = --action
Mar 17 20:31:12 mas01 dhcpd[21262]: execute_statement argv[3] = commit
Mar 17 20:31:12 mas01 dhcpd[21262]: execute_statement argv[4] = --mac
Mar 17 20:31:12 mas01 dhcpd[21262]: execute_statement argv[5] = 0:25:b5:a0:0:6a
Mar 17 20:31:12 mas01 dhcpd[21262]: execute_statement argv[6] = --ip-family
Mar 17 20:31:12 mas01 dhcpd[21262]: execute_statement argv[7] = ipv4
Mar 17 20:31:12 mas01 dhcpd[21262]: execute_statement argv[8] = --ip
Mar 17 20:31:12 mas01 dhcpd[21262]: execute_statement argv[9] = 192.168.11.14
Mar 17 20:31:12 mas01 dhcpd[21262]: execute_statement argv[10] = --lease-time
Mar 17 20:31:12 mas01 dhcpd[21262]: execute_statement argv[11] = 600
Mar 17 20:31:12 mas01 dhcpd[21262]: execute_statement argv[12] = --hostname
Mar 17 20:31:12 mas01 dhcpd[21262]: execute_statement argv[13] = cmp002
Mar 17 20:31:12 mas01 dhcpd[21262]: execute_statement argv[14] = --socket
Mar 17 20:31:12 mas01 dhcpd[21262]: execute_statement argv[15] = /var/lib/maas/dhcpd.sock
Mar 17 20:31:12 mas01 dhcpd[21262]: DHCPREQUEST for 192.168.11.14 (192.168.11.3) from 00:25:b5:a0:00:6a (cmp002) via ens5
Mar 17 20:31:12 mas01 dhcpd[21262]: DHCPACK on 192.168.11.14 to 00:25:b5:a0:00:6a (cmp002) via ens5
Mar 17 20:31:12 mas01 dhcpd[21262]: DHCPDISCOVER from 00:25:b5:a0:00:5a via ens5
Mar 17 20:31:12 mas01 dhcpd[21262]: DHCPOFFER on 192.168.11.15 to 00:25:b5:a0:00:5a (cmp001) via ens5
Mar 17 20:31:12 mas01 dhcpd[21262]: execute_statement argv[0] = /usr/sbin/maas-dhcp-helper
Mar 17 20:31:12 mas01 dhcpd[21262]: execute_statement argv[1] = notify
Mar 17 20:31:12 mas01 dhcpd[21262]: execute_statement argv[2] = --action
Mar 17 20:31:12 mas01 dhcpd[21262]: execute_statement argv[3] = commit
Mar 17 20:31:12 mas01 dhcpd[21262]: execute_statement argv[4] = --mac
Mar 17 20:31:12 mas01 dhcpd[21262]: execute_statement argv[5] = 0:25:b5:a0:0:5a
Mar 17 20:31:12 mas01 dhcpd[21262]: execute_statement argv[6] = --ip-family
Mar 17 20:31:12 mas01 dhcpd[21262]: execute_statement argv[7] = ipv4
Mar 17 20:31:12 mas01 dhcpd[21262]: execute_statement argv[8] = --ip
Mar 17 20:31:12 mas01 dhcpd[21262]: execute_statement argv[9] = 192.168.11.15
Mar 17 20:31:12 mas01 dhcpd[21262]: execute_statement argv[10] = --lease-time
Mar 17 20:31:12 mas01 dhcpd[21262]: execute_statement argv[11] = 600
Mar 17 20:31:12 mas01 dhcpd[21262]: execute_statement argv[12] = --hostname
Mar 17 20:31:12 mas01 dhcpd[21262]: execute_statement argv[13] = cmp001
Mar 17 20:31:12 mas01 dhcpd[21262]: execute_statement argv[14] = --socket
Mar 17 20:31:12 mas01 dhcpd[21262]: execute_statement argv[15] = /var/lib/maas/dhcpd.sock
Mar 17 20:31:12 mas01 sh[18339]: 2018-03-17 20:31:12 maasserver.rpc.leases: [info] Lease update: commit for 192.168.11.14 on 0:25:b5:a0:0:6a at 2018-03-17 20:31:12 (lease time: 600s) (hostname: cmp002)
Mar 17 20:31:12 mas01 dhcpd[21262]: DHCPREQUEST for 192.168.11.15 (192.168.11.3) from 00:25:b5:a0:00:5a (cmp001) via ens5
Mar 17 20:31:12 mas01 dhcpd[21262]: DHCPACK on 192.168.11.15 to 00:25:b5:a0:00:5a (cmp001) via ens5
Mar 17 20:31:12 mas01 sh[18339]: 2018-03-17 20:31:12 maasserver.rpc.leases: [info] Lease update: commit for 192.168.11.15 on 0:25:b5:a0:0:5a at 2018-03-17 20:31:12 (lease time: 600s) (hostname: cmp001)
Mar 17 20:31:12 mas01 sh[17885]: 2018-03-17 20:31:12 rackd: [info] 192.168.11.14 GET /images/ubuntu/amd64/hwe-16.04/xenial/daily/squashfs HTTP/1.1 --> 200 OK (referrer: -; agent: Wget)
Mar 17 20:31:13 mas01 sh[17885]: 2018-03-17 20:31:13 rackd: [info] 192.168.11.15 GET /images/ubuntu/amd64/hwe-16.04/xenial/daily/squashfs HTTP/1.1 --> 200 OK (referrer: -; agent: Wget)
Mar 17 20:31:15 mas01 salt-minion[4812]: [INFO    ] User sudo_ubuntu Executing command state.apply with jid 20180317203115619350
Mar 17 20:31:15 mas01 salt-minion[4812]: [INFO    ] Starting a new job with PID 22123
Mar 17 20:31:15 mas01 sh[18238]: 2018-03-17 20:31:15 regiond: [info] 192.168.11.14 POST /MAAS/metadata/status/rnfmcr HTTP/1.1 --> 204 NO_CONTENT (referrer: -; agent: python-requests/2.9.1)
Mar 17 20:31:15 mas01 sh[18232]: 2018-03-17 20:31:15 regiond: [info] 192.168.11.14 POST /MAAS/metadata/status/rnfmcr HTTP/1.1 --> 204 NO_CONTENT (referrer: -; agent: python-requests/2.9.1)
Mar 17 20:31:15 mas01 sh[18232]: 2018-03-17 20:31:15 regiond: [info] 192.168.11.15 POST /MAAS/metadata/status/cmfxew HTTP/1.1 --> 204 NO_CONTENT (referrer: -; agent: python-requests/2.9.1)
Mar 17 20:31:15 mas01 sh[18339]: 2018-03-17 20:31:15 regiond: [info] 192.168.11.15 POST /MAAS/metadata/status/cmfxew HTTP/1.1 --> 204 NO_CONTENT (referrer: -; agent: python-requests/2.9.1)
Mar 17 20:31:15 mas01 sh[18238]: 2018-03-17 20:31:15 regiond: [info] 192.168.11.14 POST /MAAS/metadata/status/rnfmcr HTTP/1.1 --> 204 NO_CONTENT (referrer: -; agent: python-requests/2.9.1)
Mar 17 20:31:15 mas01 sh[18232]: 2018-03-17 20:31:15 regiond: [info] 192.168.11.15 POST /MAAS/metadata/status/cmfxew HTTP/1.1 --> 204 NO_CONTENT (referrer: -; agent: python-requests/2.9.1)
Mar 17 20:31:15 mas01 salt-minion[4812]: [INFO    ] Loading fresh modules for state activity
Mar 17 20:31:16 mas01 salt-minion[4812]: [INFO    ] Running state [maas-region apikey --username opnfv > /var/lib/maas/.maas_credentials] at time 20:31:16.055496
Mar 17 20:31:16 mas01 salt-minion[4812]: [INFO    ] Executing state cmd.run for maas-region apikey --username opnfv > /var/lib/maas/.maas_credentials
Mar 17 20:31:16 mas01 salt-minion[4812]: [INFO    ] Executing command 'maas-region apikey --username opnfv > /var/lib/maas/.maas_credentials' in directory '/root'
Mar 17 20:31:16 mas01 dhcpd[21262]: DHCPDISCOVER from 00:25:b5:a0:00:4a via ens5
Mar 17 20:31:16 mas01 dhcpd[21262]: DHCPOFFER on 192.168.11.16 to 00:25:b5:a0:00:4a (kvm03) via ens5
Mar 17 20:31:16 mas01 sh[18238]: 2018-03-17 20:31:16 regiond: [info] 192.168.11.14 POST /MAAS/metadata/status/rnfmcr HTTP/1.1 --> 204 NO_CONTENT (referrer: -; agent: python-requests/2.9.1)
Mar 17 20:31:16 mas01 sh[18238]: 2018-03-17 20:31:16 regiond: [info] 192.168.11.14 POST /MAAS/metadata/status/rnfmcr HTTP/1.1 --> 204 NO_CONTENT (referrer: -; agent: python-requests/2.9.1)
Mar 17 20:31:16 mas01 sh[18896]: 2018-03-17 20:31:16 regiond: [info] 192.168.11.14 POST /MAAS/metadata/status/rnfmcr HTTP/1.1 --> 204 NO_CONTENT (referrer: -; agent: python-requests/2.9.1)
Mar 17 20:31:16 mas01 sh[18339]: 2018-03-17 20:31:16 regiond: [info] 192.168.11.15 POST /MAAS/metadata/status/cmfxew HTTP/1.1 --> 204 NO_CONTENT (referrer: -; agent: python-requests/2.9.1)
Mar 17 20:31:16 mas01 sh[18232]: 2018-03-17 20:31:16 regiond: [info] 192.168.11.15 POST /MAAS/metadata/status/cmfxew HTTP/1.1 --> 204 NO_CONTENT (referrer: -; agent: python-requests/2.9.1)
Mar 17 20:31:16 mas01 sh[18896]: 2018-03-17 20:31:16 regiond: [info] 192.168.11.15 POST /MAAS/metadata/status/cmfxew HTTP/1.1 --> 204 NO_CONTENT (referrer: -; agent: python-requests/2.9.1)
Mar 17 20:31:16 mas01 sh[18232]: 2018-03-17 20:31:16 regiond: [info] 192.168.11.14 GET /MAAS/metadata/curtin/2012-03-01/meta-data/instance-id HTTP/1.1 --> 200 OK (referrer: -; agent: Cloud-Init/17.2)
Mar 17 20:31:16 mas01 sh[18339]: 2018-03-17 20:31:16 regiond: [info] 192.168.11.15 GET /MAAS/metadata/curtin/2012-03-01/meta-data/instance-id HTTP/1.1 --> 200 OK (referrer: -; agent: Cloud-Init/17.2)
Mar 17 20:31:16 mas01 sh[18896]: 2018-03-17 20:31:16 regiond: [info] 192.168.11.14 GET /MAAS/metadata/curtin/2012-03-01/meta-data/instance-id HTTP/1.1 --> 200 OK (referrer: -; agent: python-requests/2.9.1)
Mar 17 20:31:16 mas01 sh[18232]: 2018-03-17 20:31:16 regiond: [info] 192.168.11.15 GET /MAAS/metadata/curtin/2012-03-01/meta-data/instance-id HTTP/1.1 --> 200 OK (referrer: -; agent: python-requests/2.9.1)
Mar 17 20:31:16 mas01 sh[18339]: 2018-03-17 20:31:16 regiond: [info] 192.168.11.14 GET /MAAS/metadata/curtin/2012-03-01/meta-data/local-hostname HTTP/1.1 --> 200 OK (referrer: -; agent: python-requests/2.9.1)
Mar 17 20:31:16 mas01 sh[18232]: 2018-03-17 20:31:16 regiond: [info] 192.168.11.15 GET /MAAS/metadata/curtin/2012-03-01/meta-data/local-hostname HTTP/1.1 --> 200 OK (referrer: -; agent: python-requests/2.9.1)
Mar 17 20:31:16 mas01 sh[18896]: 2018-03-17 20:31:16 regiond: [info] 192.168.11.14 GET /MAAS/metadata/curtin/2012-03-01/meta-data/vendor-data HTTP/1.1 --> 200 OK (referrer: -; agent: python-requests/2.9.1)
Mar 17 20:31:16 mas01 sh[18896]: 2018-03-17 20:31:16 regiond: [info] 192.168.11.15 GET /MAAS/metadata/curtin/2012-03-01/meta-data/public-keys HTTP/1.1 --> 200 OK (referrer: -; agent: python-requests/2.9.1)
Mar 17 20:31:16 mas01 sh[18339]: 2018-03-17 20:31:16 regiond: [info] 192.168.11.15 GET /MAAS/metadata/curtin/2012-03-01/meta-data/vendor-data HTTP/1.1 --> 200 OK (referrer: -; agent: python-requests/2.9.1)
Mar 17 20:31:16 mas01 sh[18896]: 2018-03-17 20:31:16 maasserver.preseed: [warn] WARNING: '/etc/maas/preseeds/curtin_userdata_amd64_generic_xenial' contains deprecated preseed variables. Please remove: main_archive_directory, ports_archive_directory, http_proxy
Mar 17 20:31:17 mas01 sh[18232]: 2018-03-17 20:31:17 maasserver.preseed: [warn] WARNING: '/etc/maas/preseeds/curtin_userdata_amd64_generic_xenial' contains deprecated preseed variables. Please remove: main_archive_directory, ports_archive_directory, http_proxy
Mar 17 20:31:17 mas01 dhcpd[21262]: DHCPDISCOVER from 00:25:b5:a0:00:4a (kvm03) via ens5
Mar 17 20:31:17 mas01 dhcpd[21262]: DHCPOFFER on 192.168.11.16 to 00:25:b5:a0:00:4a (kvm03) via ens5
Mar 17 20:31:17 mas01 dhcpd[21262]: execute_statement argv[0] = /usr/sbin/maas-dhcp-helper
Mar 17 20:31:17 mas01 dhcpd[21262]: execute_statement argv[1] = notify
Mar 17 20:31:17 mas01 dhcpd[21262]: execute_statement argv[2] = --action
Mar 17 20:31:17 mas01 dhcpd[21262]: execute_statement argv[3] = commit
Mar 17 20:31:17 mas01 dhcpd[21262]: execute_statement argv[4] = --mac
Mar 17 20:31:17 mas01 dhcpd[21262]: execute_statement argv[5] = 0:25:b5:a0:0:4a
Mar 17 20:31:17 mas01 dhcpd[21262]: execute_statement argv[6] = --ip-family
Mar 17 20:31:17 mas01 dhcpd[21262]: execute_statement argv[7] = ipv4
Mar 17 20:31:17 mas01 dhcpd[21262]: execute_statement argv[8] = --ip
Mar 17 20:31:17 mas01 dhcpd[21262]: execute_statement argv[9] = 192.168.11.16
Mar 17 20:31:17 mas01 dhcpd[21262]: execute_statement argv[10] = --lease-time
Mar 17 20:31:17 mas01 dhcpd[21262]: execute_statement argv[11] = 600
Mar 17 20:31:17 mas01 dhcpd[21262]: execute_statement argv[12] = --hostname
Mar 17 20:31:17 mas01 dhcpd[21262]: execute_statement argv[13] = kvm03
Mar 17 20:31:17 mas01 dhcpd[21262]: execute_statement argv[14] = --socket
Mar 17 20:31:17 mas01 dhcpd[21262]: execute_statement argv[15] = /var/lib/maas/dhcpd.sock
Mar 17 20:31:17 mas01 dhcpd[21262]: DHCPREQUEST for 192.168.11.16 (192.168.11.3) from 00:25:b5:a0:00:4a (kvm03) via ens5
Mar 17 20:31:17 mas01 dhcpd[21262]: DHCPACK on 192.168.11.16 to 00:25:b5:a0:00:4a (kvm03) via ens5
Mar 17 20:31:17 mas01 sh[18896]: 2018-03-17 20:31:17 regiond: [info] 192.168.11.14 GET /MAAS/metadata/curtin/2012-03-01/user-data HTTP/1.1 --> 200 OK (referrer: -; agent: python-requests/2.9.1)
Mar 17 20:31:17 mas01 sh[18896]: 2018-03-17 20:31:17 regiond: [info] 192.168.11.14 POST /MAAS/metadata/status/rnfmcr HTTP/1.1 --> 204 NO_CONTENT (referrer: -; agent: python-requests/2.9.1)
Mar 17 20:31:17 mas01 sh[18339]: 2018-03-17 20:31:17 maasserver.rpc.leases: [info] Lease update: commit for 192.168.11.16 on 0:25:b5:a0:0:4a at 2018-03-17 20:31:17 (lease time: 600s) (hostname: kvm03)
Mar 17 20:31:17 mas01 sh[18238]: 2018-03-17 20:31:17 regiond: [info] 192.168.11.15 POST /MAAS/metadata/status/cmfxew HTTP/1.1 --> 204 NO_CONTENT (referrer: -; agent: python-requests/2.9.1)
Mar 17 20:31:17 mas01 sh[18238]: 2018-03-17 20:31:17 regiond: [info] 192.168.11.14 POST /MAAS/metadata/status/rnfmcr HTTP/1.1 --> 204 NO_CONTENT (referrer: -; agent: python-requests/2.9.1)
Mar 17 20:31:17 mas01 sh[18232]: 2018-03-17 20:31:17 regiond: [info] 192.168.11.14 POST /MAAS/metadata/status/rnfmcr HTTP/1.1 --> 204 NO_CONTENT (referrer: -; agent: python-requests/2.9.1)
Mar 17 20:31:17 mas01 sh[18238]: 2018-03-17 20:31:17 regiond: [info] 192.168.11.14 POST /MAAS/metadata/status/rnfmcr HTTP/1.1 --> 204 NO_CONTENT (referrer: -; agent: python-requests/2.9.1)
Mar 17 20:31:17 mas01 sh[18339]: 2018-03-17 20:31:17 regiond: [info] 192.168.11.14 POST /MAAS/metadata/status/rnfmcr HTTP/1.1 --> 204 NO_CONTENT (referrer: -; agent: python-requests/2.9.1)
Mar 17 20:31:17 mas01 sh[18232]: 2018-03-17 20:31:17 regiond: [info] 192.168.11.15 POST /MAAS/metadata/status/cmfxew HTTP/1.1 --> 204 NO_CONTENT (referrer: -; agent: python-requests/2.9.1)
Mar 17 20:31:17 mas01 sh[18339]: 2018-03-17 20:31:17 regiond: [info] 192.168.11.15 POST /MAAS/metadata/status/cmfxew HTTP/1.1 --> 204 NO_CONTENT (referrer: -; agent: python-requests/2.9.1)
Mar 17 20:31:17 mas01 sh[18896]: 2018-03-17 20:31:17 regiond: [info] 192.168.11.15 POST /MAAS/metadata/status/cmfxew HTTP/1.1 --> 204 NO_CONTENT (referrer: -; agent: python-requests/2.9.1)
Mar 17 20:31:17 mas01 sh[18339]: 2018-03-17 20:31:17 regiond: [info] 192.168.11.15 POST /MAAS/metadata/status/cmfxew HTTP/1.1 --> 204 NO_CONTENT (referrer: -; agent: python-requests/2.9.1)
Mar 17 20:31:17 mas01 sh[17885]: 2018-03-17 20:31:17 rackd: [info] 192.168.11.16 GET /images/ubuntu/amd64/hwe-16.04/xenial/daily/squashfs HTTP/1.1 --> 200 OK (referrer: -; agent: Wget)
Mar 17 20:31:17 mas01 sh[18232]: 2018-03-17 20:31:17 regiond: [info] 192.168.11.14 POST /MAAS/metadata/status/rnfmcr HTTP/1.1 --> 204 NO_CONTENT (referrer: -; agent: python-requests/2.9.1)
Mar 17 20:31:17 mas01 sh[18238]: 2018-03-17 20:31:17 regiond: [info] 192.168.11.14 POST /MAAS/metadata/status/rnfmcr HTTP/1.1 --> 204 NO_CONTENT (referrer: -; agent: python-requests/2.9.1)
Mar 17 20:31:17 mas01 sh[18232]: 2018-03-17 20:31:17 regiond: [info] 192.168.11.14 POST /MAAS/metadata/status/rnfmcr HTTP/1.1 --> 204 NO_CONTENT (referrer: -; agent: python-requests/2.9.1)
Mar 17 20:31:17 mas01 sh[18232]: 2018-03-17 20:31:17 regiond: [info] 192.168.11.14 POST /MAAS/metadata/status/rnfmcr HTTP/1.1 --> 204 NO_CONTENT (referrer: -; agent: python-requests/2.9.1)
Mar 17 20:31:17 mas01 sh[18238]: 2018-03-17 20:31:17 regiond: [info] 192.168.11.14 POST /MAAS/metadata/status/rnfmcr HTTP/1.1 --> 204 NO_CONTENT (referrer: -; agent: python-requests/2.9.1)
Mar 17 20:31:17 mas01 sh[18896]: 2018-03-17 20:31:17 regiond: [info] 192.168.11.14 POST /MAAS/metadata/status/rnfmcr HTTP/1.1 --> 204 NO_CONTENT (referrer: -; agent: python-requests/2.9.1)
Mar 17 20:31:17 mas01 sh[18339]: 2018-03-17 20:31:17 regiond: [info] 192.168.11.14 POST /MAAS/metadata/status/rnfmcr HTTP/1.1 --> 204 NO_CONTENT (referrer: -; agent: python-requests/2.9.1)
Mar 17 20:31:17 mas01 sh[18896]: 2018-03-17 20:31:17 regiond: [info] 192.168.11.14 POST /MAAS/metadata/status/rnfmcr HTTP/1.1 --> 204 NO_CONTENT (referrer: -; agent: python-requests/2.9.1)
Mar 17 20:31:17 mas01 sh[18232]: 2018-03-17 20:31:17 regiond: [info] 192.168.11.14 POST /MAAS/metadata/status/rnfmcr HTTP/1.1 --> 204 NO_CONTENT (referrer: -; agent: python-requests/2.9.1)
Mar 17 20:31:17 mas01 sh[18339]: 2018-03-17 20:31:17 regiond: [info] 192.168.11.15 POST /MAAS/metadata/status/cmfxew HTTP/1.1 --> 204 NO_CONTENT (referrer: -; agent: python-requests/2.9.1)
Mar 17 20:31:17 mas01 sh[18896]: 2018-03-17 20:31:17 regiond: [info] 192.168.11.14 POST /MAAS/metadata/status/rnfmcr HTTP/1.1 --> 204 NO_CONTENT (referrer: -; agent: python-requests/2.9.1)
Mar 17 20:31:17 mas01 sh[18339]: 2018-03-17 20:31:17 regiond: [info] 192.168.11.15 POST /MAAS/metadata/status/cmfxew HTTP/1.1 --> 204 NO_CONTENT (referrer: -; agent: python-requests/2.9.1)
Mar 17 20:31:17 mas01 sh[18232]: 2018-03-17 20:31:17 regiond: [info] 192.168.11.14 POST /MAAS/metadata/status/rnfmcr HTTP/1.1 --> 204 NO_CONTENT (referrer: -; agent: python-requests/2.9.1)
Mar 17 20:31:17 mas01 sh[18339]: 2018-03-17 20:31:17 regiond: [info] 192.168.11.15 POST /MAAS/metadata/status/cmfxew HTTP/1.1 --> 204 NO_CONTENT (referrer: -; agent: python-requests/2.9.1)
Mar 17 20:31:17 mas01 sh[18339]: 2018-03-17 20:31:17 regiond: [info] 192.168.11.15 POST /MAAS/metadata/status/cmfxew HTTP/1.1 --> 204 NO_CONTENT (referrer: -; agent: python-requests/2.9.1)
Mar 17 20:31:17 mas01 sh[18238]: 2018-03-17 20:31:17 regiond: [info] 192.168.11.15 POST /MAAS/metadata/status/cmfxew HTTP/1.1 --> 204 NO_CONTENT (referrer: -; agent: python-requests/2.9.1)
Mar 17 20:31:17 mas01 sh[18896]: 2018-03-17 20:31:17 regiond: [info] 192.168.11.14 POST /MAAS/metadata/status/rnfmcr HTTP/1.1 --> 204 NO_CONTENT (referrer: -; agent: python-requests/2.9.1)
Mar 17 20:31:17 mas01 sh[18232]: 2018-03-17 20:31:17 regiond: [info] 192.168.11.15 POST /MAAS/metadata/status/cmfxew HTTP/1.1 --> 204 NO_CONTENT (referrer: -; agent: python-requests/2.9.1)
Mar 17 20:31:17 mas01 sh[18232]: 2018-03-17 20:31:17 regiond: [info] 192.168.11.15 POST /MAAS/metadata/status/cmfxew HTTP/1.1 --> 204 NO_CONTENT (referrer: -; agent: python-requests/2.9.1)
Mar 17 20:31:17 mas01 sh[18232]: 2018-03-17 20:31:17 regiond: [info] 192.168.11.14 POST /MAAS/metadata/status/rnfmcr HTTP/1.1 --> 204 NO_CONTENT (referrer: -; agent: python-requests/2.9.1)
Mar 17 20:31:17 mas01 sh[18232]: 2018-03-17 20:31:17 regiond: [info] 192.168.11.15 POST /MAAS/metadata/status/cmfxew HTTP/1.1 --> 204 NO_CONTENT (referrer: -; agent: python-requests/2.9.1)
Mar 17 20:31:17 mas01 sh[18896]: 2018-03-17 20:31:17 regiond: [info] 192.168.11.14 POST /MAAS/metadata/status/rnfmcr HTTP/1.1 --> 204 NO_CONTENT (referrer: -; agent: python-requests/2.9.1)
Mar 17 20:31:17 mas01 sh[18238]: 2018-03-17 20:31:17 regiond: [info] 192.168.11.15 POST /MAAS/metadata/status/cmfxew HTTP/1.1 --> 204 NO_CONTENT (referrer: -; agent: python-requests/2.9.1)
Mar 17 20:31:17 mas01 sh[18238]: 2018-03-17 20:31:17 regiond: [info] 192.168.11.14 POST /MAAS/metadata/status/rnfmcr HTTP/1.1 --> 204 NO_CONTENT (referrer: -; agent: python-requests/2.9.1)
Mar 17 20:31:17 mas01 sh[18232]: 2018-03-17 20:31:17 regiond: [info] 192.168.11.14 POST /MAAS/metadata/status/rnfmcr HTTP/1.1 --> 204 NO_CONTENT (referrer: -; agent: python-requests/2.9.1)
Mar 17 20:31:17 mas01 sh[18232]: 2018-03-17 20:31:17 regiond: [info] 192.168.11.14 POST /MAAS/metadata/status/rnfmcr HTTP/1.1 --> 204 NO_CONTENT (referrer: -; agent: python-requests/2.9.1)
Mar 17 20:31:17 mas01 sh[18896]: 2018-03-17 20:31:17 regiond: [info] 192.168.11.14 POST /MAAS/metadata/status/rnfmcr HTTP/1.1 --> 204 NO_CONTENT (referrer: -; agent: python-requests/2.9.1)
Mar 17 20:31:17 mas01 sh[18238]: 2018-03-17 20:31:17 regiond: [info] 192.168.11.15 POST /MAAS/metadata/status/cmfxew HTTP/1.1 --> 204 NO_CONTENT (referrer: -; agent: python-requests/2.9.1)
Mar 17 20:31:17 mas01 sh[18339]: 2018-03-17 20:31:17 regiond: [info] 192.168.11.14 POST /MAAS/metadata/status/rnfmcr HTTP/1.1 --> 204 NO_CONTENT (referrer: -; agent: python-requests/2.9.1)
Mar 17 20:31:17 mas01 sh[18896]: 2018-03-17 20:31:17 regiond: [info] 192.168.11.15 POST /MAAS/metadata/status/cmfxew HTTP/1.1 --> 204 NO_CONTENT (referrer: -; agent: python-requests/2.9.1)
Mar 17 20:31:17 mas01 sh[18232]: 2018-03-17 20:31:17 regiond: [info] 192.168.11.14 POST /MAAS/metadata/status/rnfmcr HTTP/1.1 --> 204 NO_CONTENT (referrer: -; agent: python-requests/2.9.1)
Mar 17 20:31:17 mas01 sh[18896]: 2018-03-17 20:31:17 regiond: [info] 192.168.11.14 POST /MAAS/metadata/status/rnfmcr HTTP/1.1 --> 204 NO_CONTENT (referrer: -; agent: python-requests/2.9.1)
Mar 17 20:31:17 mas01 sh[18238]: 2018-03-17 20:31:17 regiond: [info] 192.168.11.15 POST /MAAS/metadata/status/cmfxew HTTP/1.1 --> 204 NO_CONTENT (referrer: -; agent: python-requests/2.9.1)
Mar 17 20:31:17 mas01 sh[18238]: 2018-03-17 20:31:17 regiond: [info] 192.168.11.15 POST /MAAS/metadata/status/cmfxew HTTP/1.1 --> 204 NO_CONTENT (referrer: -; agent: python-requests/2.9.1)
Mar 17 20:31:17 mas01 sh[18896]: 2018-03-17 20:31:17 regiond: [info] 192.168.11.14 POST /MAAS/metadata/status/rnfmcr HTTP/1.1 --> 204 NO_CONTENT (referrer: -; agent: python-requests/2.9.1)
Mar 17 20:31:17 mas01 sh[18232]: 2018-03-17 20:31:17 regiond: [info] 192.168.11.14 POST /MAAS/metadata/status/rnfmcr HTTP/1.1 --> 204 NO_CONTENT (referrer: -; agent: python-requests/2.9.1)
Mar 17 20:31:17 mas01 sh[18238]: 2018-03-17 20:31:17 regiond: [info] 192.168.11.15 POST /MAAS/metadata/status/cmfxew HTTP/1.1 --> 204 NO_CONTENT (referrer: -; agent: python-requests/2.9.1)
Mar 17 20:31:17 mas01 sh[18339]: 2018-03-17 20:31:17 regiond: [info] 192.168.11.14 POST /MAAS/metadata/status/rnfmcr HTTP/1.1 --> 204 NO_CONTENT (referrer: -; agent: python-requests/2.9.1)
Mar 17 20:31:17 mas01 sh[18896]: 2018-03-17 20:31:17 regiond: [info] 192.168.11.15 POST /MAAS/metadata/status/cmfxew HTTP/1.1 --> 204 NO_CONTENT (referrer: -; agent: python-requests/2.9.1)
Mar 17 20:31:17 mas01 sh[18896]: 2018-03-17 20:31:17 regiond: [info] 192.168.11.14 POST /MAAS/metadata/status/rnfmcr HTTP/1.1 --> 204 NO_CONTENT (referrer: -; agent: python-requests/2.9.1)
Mar 17 20:31:17 mas01 sh[18896]: 2018-03-17 20:31:17 regiond: [info] 192.168.11.15 POST /MAAS/metadata/status/cmfxew HTTP/1.1 --> 204 NO_CONTENT (referrer: -; agent: python-requests/2.9.1)
Mar 17 20:31:17 mas01 sh[18339]: 2018-03-17 20:31:17 regiond: [info] 192.168.11.15 POST /MAAS/metadata/status/cmfxew HTTP/1.1 --> 204 NO_CONTENT (referrer: -; agent: python-requests/2.9.1)
Mar 17 20:31:17 mas01 sh[18896]: 2018-03-17 20:31:17 regiond: [info] 192.168.11.14 POST /MAAS/metadata/status/rnfmcr HTTP/1.1 --> 204 NO_CONTENT (referrer: -; agent: python-requests/2.9.1)
Mar 17 20:31:17 mas01 sh[18339]: 2018-03-17 20:31:17 regiond: [info] 192.168.11.15 POST /MAAS/metadata/status/cmfxew HTTP/1.1 --> 204 NO_CONTENT (referrer: -; agent: python-requests/2.9.1)
Mar 17 20:31:17 mas01 sh[18238]: 2018-03-17 20:31:17 regiond: [info] 192.168.11.14 POST /MAAS/metadata/status/rnfmcr HTTP/1.1 --> 204 NO_CONTENT (referrer: -; agent: python-requests/2.9.1)
Mar 17 20:31:17 mas01 sh[18896]: 2018-03-17 20:31:17 regiond: [info] 192.168.11.15 POST /MAAS/metadata/status/cmfxew HTTP/1.1 --> 204 NO_CONTENT (referrer: -; agent: python-requests/2.9.1)
Mar 17 20:31:17 mas01 sh[18339]: 2018-03-17 20:31:17 regiond: [info] 192.168.11.15 POST /MAAS/metadata/status/cmfxew HTTP/1.1 --> 204 NO_CONTENT (referrer: -; agent: python-requests/2.9.1)
Mar 17 20:31:17 mas01 sh[18232]: 2018-03-17 20:31:17 regiond: [info] 192.168.11.15 POST /MAAS/metadata/status/cmfxew HTTP/1.1 --> 204 NO_CONTENT (referrer: -; agent: python-requests/2.9.1)
Mar 17 20:31:17 mas01 sh[18232]: message repeated 3 times: [ 2018-03-17 20:31:17 regiond: [info] 192.168.11.15 POST /MAAS/metadata/status/cmfxew HTTP/1.1 --> 204 NO_CONTENT (referrer: -; agent: python-requests/2.9.1)]
Mar 17 20:31:17 mas01 sh[18896]: 2018-03-17 20:31:17 regiond: [info] 192.168.11.15 POST /MAAS/metadata/status/cmfxew HTTP/1.1 --> 204 NO_CONTENT (referrer: -; agent: python-requests/2.9.1)
Mar 17 20:31:17 mas01 sh[18232]: 2018-03-17 20:31:17 regiond: [info] 192.168.11.15 POST /MAAS/metadata/status/cmfxew HTTP/1.1 --> 204 NO_CONTENT (referrer: -; agent: python-requests/2.9.1)
Mar 17 20:31:17 mas01 sh[18238]: 2018-03-17 20:31:17 regiond: [info] 192.168.11.15 POST /MAAS/metadata/status/cmfxew HTTP/1.1 --> 204 NO_CONTENT (referrer: -; agent: python-requests/2.9.1)
Mar 17 20:31:17 mas01 sh[18238]: 2018-03-17 20:31:17 regiond: [info] 192.168.11.14 POST /MAAS/metadata/status/rnfmcr HTTP/1.1 --> 204 NO_CONTENT (referrer: -; agent: python-requests/2.9.1)
Mar 17 20:31:17 mas01 sh[18339]: 2018-03-17 20:31:17 regiond: [info] 192.168.11.14 POST /MAAS/metadata/status/rnfmcr HTTP/1.1 --> 204 NO_CONTENT (referrer: -; agent: python-requests/2.9.1)
Mar 17 20:31:17 mas01 sh[18232]: 2018-03-17 20:31:17 regiond: [info] 192.168.11.15 POST /MAAS/metadata/status/cmfxew HTTP/1.1 --> 204 NO_CONTENT (referrer: -; agent: python-requests/2.9.1)
Mar 17 20:31:17 mas01 salt-minion[4812]: [INFO    ] {'pid': 22136, 'retcode': 0, 'stderr': '', 'stdout': ''}
Mar 17 20:31:17 mas01 salt-minion[4812]: [INFO    ] Completed state [maas-region apikey --username opnfv > /var/lib/maas/.maas_credentials] at time 20:31:17.889202 duration_in_ms=1833.704
Mar 17 20:31:17 mas01 sh[18232]: 2018-03-17 20:31:17 regiond: [info] 192.168.11.15 POST /MAAS/metadata/status/cmfxew HTTP/1.1 --> 204 NO_CONTENT (referrer: -; agent: python-requests/2.9.1)
Mar 17 20:31:17 mas01 salt-minion[4812]: [INFO    ] Running state [maas.machines_status] at time 20:31:17.892573
Mar 17 20:31:17 mas01 salt-minion[4812]: [INFO    ] Executing state module.run for maas.machines_status
Mar 17 20:31:17 mas01 dhcpd[21262]: DHCPDISCOVER from 00:25:b5:a0:00:3a via ens5
Mar 17 20:31:17 mas01 dhcpd[21262]: DHCPOFFER on 192.168.11.17 to 00:25:b5:a0:00:3a (kvm02) via ens5
Mar 17 20:31:17 mas01 dhcpd[21262]: execute_statement argv[0] = /usr/sbin/maas-dhcp-helper
Mar 17 20:31:17 mas01 dhcpd[21262]: execute_statement argv[1] = notify
Mar 17 20:31:17 mas01 dhcpd[21262]: execute_statement argv[2] = --action
Mar 17 20:31:17 mas01 dhcpd[21262]: execute_statement argv[3] = commit
Mar 17 20:31:17 mas01 dhcpd[21262]: execute_statement argv[4] = --mac
Mar 17 20:31:17 mas01 dhcpd[21262]: execute_statement argv[5] = 0:25:b5:a0:0:3a
Mar 17 20:31:17 mas01 dhcpd[21262]: execute_statement argv[6] = --ip-family
Mar 17 20:31:17 mas01 dhcpd[21262]: execute_statement argv[7] = ipv4
Mar 17 20:31:17 mas01 dhcpd[21262]: execute_statement argv[8] = --ip
Mar 17 20:31:17 mas01 dhcpd[21262]: execute_statement argv[9] = 192.168.11.17
Mar 17 20:31:17 mas01 dhcpd[21262]: execute_statement argv[10] = --lease-time
Mar 17 20:31:17 mas01 dhcpd[21262]: execute_statement argv[11] = 600
Mar 17 20:31:17 mas01 dhcpd[21262]: execute_statement argv[12] = --hostname
Mar 17 20:31:17 mas01 dhcpd[21262]: execute_statement argv[13] = kvm02
Mar 17 20:31:17 mas01 dhcpd[21262]: execute_statement argv[14] = --socket
Mar 17 20:31:17 mas01 dhcpd[21262]: execute_statement argv[15] = /var/lib/maas/dhcpd.sock
Mar 17 20:31:17 mas01 sh[18232]: 2018-03-17 20:31:17 regiond: [info] 192.168.11.14 POST /MAAS/metadata/status/rnfmcr HTTP/1.1 --> 204 NO_CONTENT (referrer: -; agent: python-requests/2.9.1)
Mar 17 20:31:18 mas01 dhcpd[21262]: DHCPREQUEST for 192.168.11.17 (192.168.11.3) from 00:25:b5:a0:00:3a (kvm02) via ens5
Mar 17 20:31:18 mas01 dhcpd[21262]: DHCPACK on 192.168.11.17 to 00:25:b5:a0:00:3a (kvm02) via ens5
Mar 17 20:31:18 mas01 sh[18238]: 2018-03-17 20:31:18 maasserver.rpc.leases: [info] Lease update: commit for 192.168.11.17 on 0:25:b5:a0:0:3a at 2018-03-17 20:31:17 (lease time: 600s) (hostname: kvm02)
Mar 17 20:31:18 mas01 sh[18232]: 2018-03-17 20:31:18 regiond: [info] 192.168.11.15 POST /MAAS/metadata/status/cmfxew HTTP/1.1 --> 204 NO_CONTENT (referrer: -; agent: python-requests/2.9.1)
Mar 17 20:31:18 mas01 sh[18339]: 2018-03-17 20:31:18 regiond: [info] 192.168.11.14 POST /MAAS/metadata/status/rnfmcr HTTP/1.1 --> 204 NO_CONTENT (referrer: -; agent: python-requests/2.9.1)
Mar 17 20:31:18 mas01 sh[18232]: 2018-03-17 20:31:18 regiond: [info] 192.168.11.15 POST /MAAS/metadata/status/cmfxew HTTP/1.1 --> 204 NO_CONTENT (referrer: -; agent: python-requests/2.9.1)
Mar 17 20:31:18 mas01 sh[17885]: 2018-03-17 20:31:18 rackd: [info] 192.168.11.17 GET /images/ubuntu/amd64/hwe-16.04/xenial/daily/squashfs HTTP/1.1 --> 200 OK (referrer: -; agent: Wget)
Mar 17 20:31:18 mas01 sh[18232]: 2018-03-17 20:31:18 regiond: [info] 127.0.0.1 GET /MAAS/api/2.0/machines/ HTTP/1.1 --> 200 OK (referrer: -; agent: Python-urllib/2.7)
Mar 17 20:31:18 mas01 salt-minion[4812]: [INFO    ] {'ret': {'machines': [{'status': 'Deploying', 'hostname': u'cmp002', 'system_id': u'rnfmcr'}, {'status': 'Deploying', 'hostname': u'cmp001', 'system_id': u'cmfxew'}, {'status': 'Deploying', 'hostname': u'kvm01', 'system_id': u'p74rpx'}, {'status': 'Deploying', 'hostname': u'kvm03', 'system_id': u'7dnnex'}, {'status': 'Deploying', 'hostname': u'kvm02', 'system_id': u'hxd8r4'}], 'summary': Counter({'Deploying': 5})}}
Mar 17 20:31:18 mas01 salt-minion[4812]: [INFO    ] Completed state [maas.machines_status] at time 20:31:18.534332 duration_in_ms=641.76
Mar 17 20:31:18 mas01 salt-minion[4812]: [INFO    ] Returning information for job: 20180317203115619350
Mar 17 20:31:18 mas01 dhcpd[21262]: DHCPDISCOVER from 00:25:b5:a0:00:2a via ens5
Mar 17 20:31:18 mas01 dhcpd[21262]: DHCPOFFER on 192.168.11.10 to 00:25:b5:a0:00:2a (kvm01) via ens5
Mar 17 20:31:18 mas01 dhcpd[21262]: execute_statement argv[0] = /usr/sbin/maas-dhcp-helper
Mar 17 20:31:18 mas01 dhcpd[21262]: execute_statement argv[1] = notify
Mar 17 20:31:18 mas01 dhcpd[21262]: execute_statement argv[2] = --action
Mar 17 20:31:18 mas01 dhcpd[21262]: execute_statement argv[3] = commit
Mar 17 20:31:18 mas01 dhcpd[21262]: execute_statement argv[4] = --mac
Mar 17 20:31:18 mas01 dhcpd[21262]: execute_statement argv[5] = 0:25:b5:a0:0:2a
Mar 17 20:31:18 mas01 dhcpd[21262]: execute_statement argv[6] = --ip-family
Mar 17 20:31:18 mas01 dhcpd[21262]: execute_statement argv[7] = ipv4
Mar 17 20:31:18 mas01 dhcpd[21262]: execute_statement argv[8] = --ip
Mar 17 20:31:18 mas01 dhcpd[21262]: execute_statement argv[9] = 192.168.11.10
Mar 17 20:31:18 mas01 dhcpd[21262]: execute_statement argv[10] = --lease-time
Mar 17 20:31:18 mas01 dhcpd[21262]: execute_statement argv[11] = 600
Mar 17 20:31:18 mas01 dhcpd[21262]: execute_statement argv[12] = --hostname
Mar 17 20:31:18 mas01 dhcpd[21262]: execute_statement argv[13] = kvm01
Mar 17 20:31:18 mas01 dhcpd[21262]: execute_statement argv[14] = --socket
Mar 17 20:31:18 mas01 dhcpd[21262]: execute_statement argv[15] = /var/lib/maas/dhcpd.sock
Mar 17 20:31:18 mas01 dhcpd[21262]: DHCPREQUEST for 192.168.11.10 (192.168.11.3) from 00:25:b5:a0:00:2a (kvm01) via ens5
Mar 17 20:31:18 mas01 dhcpd[21262]: DHCPACK on 192.168.11.10 to 00:25:b5:a0:00:2a (kvm01) via ens5
Mar 17 20:31:18 mas01 sh[18238]: 2018-03-17 20:31:18 maasserver.rpc.leases: [info] Lease update: commit for 192.168.11.10 on 0:25:b5:a0:0:2a at 2018-03-17 20:31:18 (lease time: 600s) (hostname: kvm01)
Mar 17 20:31:19 mas01 sh[17885]: 2018-03-17 20:31:19 rackd: [info] 192.168.11.10 GET /images/ubuntu/amd64/hwe-16.04/xenial/daily/squashfs HTTP/1.1 --> 200 OK (referrer: -; agent: Wget)
Mar 17 20:31:19 mas01 sh[18339]: 2018-03-17 20:31:19 regiond: [info] 192.168.11.14 POST /MAAS/metadata/status/rnfmcr HTTP/1.1 --> 204 NO_CONTENT (referrer: -; agent: python-requests/2.9.1)
Mar 17 20:31:19 mas01 sh[18896]: 2018-03-17 20:31:19 regiond: [info] 192.168.11.14 POST /MAAS/metadata/status/rnfmcr HTTP/1.1 --> 204 NO_CONTENT (referrer: -; agent: python-requests/2.9.1)
Mar 17 20:31:19 mas01 sh[18232]: 2018-03-17 20:31:19 regiond: [info] 192.168.11.14 POST /MAAS/metadata/status/rnfmcr HTTP/1.1 --> 204 NO_CONTENT (referrer: -; agent: python-requests/2.9.1)
Mar 17 20:31:19 mas01 sh[18238]: 2018-03-17 20:31:19 regiond: [info] 192.168.11.14 POST /MAAS/metadata/status/rnfmcr HTTP/1.1 --> 204 NO_CONTENT (referrer: -; agent: python-requests/2.9.1)
Mar 17 20:31:19 mas01 sh[18896]: 2018-03-17 20:31:19 regiond: [info] 192.168.11.14 POST /MAAS/metadata/status/rnfmcr HTTP/1.1 --> 204 NO_CONTENT (referrer: -; agent: python-requests/2.9.1)
Mar 17 20:31:19 mas01 sh[18232]: 2018-03-17 20:31:19 regiond: [info] 192.168.11.14 POST /MAAS/metadata/status/rnfmcr HTTP/1.1 --> 204 NO_CONTENT (referrer: -; agent: python-requests/2.9.1)
Mar 17 20:31:19 mas01 sh[18232]: 2018-03-17 20:31:19 regiond: [info] 192.168.11.14 POST /MAAS/metadata/status/rnfmcr HTTP/1.1 --> 204 NO_CONTENT (referrer: -; agent: python-requests/2.9.1)
Mar 17 20:31:19 mas01 sh[18238]: 2018-03-17 20:31:19 regiond: [info] 192.168.11.15 POST /MAAS/metadata/status/cmfxew HTTP/1.1 --> 204 NO_CONTENT (referrer: -; agent: python-requests/2.9.1)
Mar 17 20:31:19 mas01 sh[18339]: 2018-03-17 20:31:19 regiond: [info] 192.168.11.15 POST /MAAS/metadata/status/cmfxew HTTP/1.1 --> 204 NO_CONTENT (referrer: -; agent: python-requests/2.9.1)
Mar 17 20:31:19 mas01 sh[18238]: 2018-03-17 20:31:19 regiond: [info] 192.168.11.15 POST /MAAS/metadata/status/cmfxew HTTP/1.1 --> 204 NO_CONTENT (referrer: -; agent: python-requests/2.9.1)
Mar 17 20:31:19 mas01 sh[18339]: 2018-03-17 20:31:19 regiond: [info] 192.168.11.15 POST /MAAS/metadata/status/cmfxew HTTP/1.1 --> 204 NO_CONTENT (referrer: -; agent: python-requests/2.9.1)
Mar 17 20:31:19 mas01 sh[18232]: 2018-03-17 20:31:19 regiond: [info] 192.168.11.15 POST /MAAS/metadata/status/cmfxew HTTP/1.1 --> 204 NO_CONTENT (referrer: -; agent: python-requests/2.9.1)
Mar 17 20:31:19 mas01 sh[18232]: message repeated 2 times: [ 2018-03-17 20:31:19 regiond: [info] 192.168.11.15 POST /MAAS/metadata/status/cmfxew HTTP/1.1 --> 204 NO_CONTENT (referrer: -; agent: python-requests/2.9.1)]
Mar 17 20:31:20 mas01 sh[18232]: 2018-03-17 20:31:20 regiond: [info] 192.168.11.14 POST /MAAS/metadata/status/rnfmcr HTTP/1.1 --> 204 NO_CONTENT (referrer: -; agent: python-requests/2.9.1)
Mar 17 20:31:20 mas01 sh[18238]: 2018-03-17 20:31:20 regiond: [info] 192.168.11.14 POST /MAAS/metadata/status/rnfmcr HTTP/1.1 --> 204 NO_CONTENT (referrer: -; agent: python-requests/2.9.1)
Mar 17 20:31:20 mas01 sh[18232]: 2018-03-17 20:31:20 regiond: [info] 192.168.11.14 POST /MAAS/metadata/status/rnfmcr HTTP/1.1 --> 204 NO_CONTENT (referrer: -; agent: python-requests/2.9.1)
Mar 17 20:31:20 mas01 sh[18339]: 2018-03-17 20:31:20 regiond: [info] 192.168.11.14 POST /MAAS/metadata/status/rnfmcr HTTP/1.1 --> 204 NO_CONTENT (referrer: -; agent: python-requests/2.9.1)
Mar 17 20:31:20 mas01 sh[18339]: 2018-03-17 20:31:20 regiond: [info] 192.168.11.15 POST /MAAS/metadata/status/cmfxew HTTP/1.1 --> 204 NO_CONTENT (referrer: -; agent: python-requests/2.9.1)
Mar 17 20:31:20 mas01 sh[18896]: 2018-03-17 20:31:20 regiond: [info] 192.168.11.15 POST /MAAS/metadata/status/cmfxew HTTP/1.1 --> 204 NO_CONTENT (referrer: -; agent: python-requests/2.9.1)
Mar 17 20:31:20 mas01 sh[18232]: 2018-03-17 20:31:20 regiond: [info] 192.168.11.15 POST /MAAS/metadata/status/cmfxew HTTP/1.1 --> 204 NO_CONTENT (referrer: -; agent: python-requests/2.9.1)
Mar 17 20:31:20 mas01 sh[18896]: 2018-03-17 20:31:20 regiond: [info] 192.168.11.15 POST /MAAS/metadata/status/cmfxew HTTP/1.1 --> 204 NO_CONTENT (referrer: -; agent: python-requests/2.9.1)
Mar 17 20:31:20 mas01 sh[18238]: 2018-03-17 20:31:20 regiond: [info] 192.168.11.16 POST /MAAS/metadata/status/7dnnex HTTP/1.1 --> 204 NO_CONTENT (referrer: -; agent: python-requests/2.9.1)
Mar 17 20:31:20 mas01 sh[18896]: 2018-03-17 20:31:20 regiond: [info] 192.168.11.16 POST /MAAS/metadata/status/7dnnex HTTP/1.1 --> 204 NO_CONTENT (referrer: -; agent: python-requests/2.9.1)
Mar 17 20:31:20 mas01 sh[18896]: 2018-03-17 20:31:20 regiond: [info] 192.168.11.14 POST /MAAS/metadata/status/rnfmcr HTTP/1.1 --> 204 NO_CONTENT (referrer: -; agent: python-requests/2.9.1)
Mar 17 20:31:20 mas01 sh[18232]: 2018-03-17 20:31:20 regiond: [info] 192.168.11.14 POST /MAAS/metadata/status/rnfmcr HTTP/1.1 --> 204 NO_CONTENT (referrer: -; agent: python-requests/2.9.1)
Mar 17 20:31:20 mas01 sh[18238]: 2018-03-17 20:31:20 regiond: [info] 192.168.11.16 POST /MAAS/metadata/status/7dnnex HTTP/1.1 --> 204 NO_CONTENT (referrer: -; agent: python-requests/2.9.1)
Mar 17 20:31:20 mas01 sh[18339]: 2018-03-17 20:31:20 regiond: [info] 192.168.11.14 POST /MAAS/metadata/status/rnfmcr HTTP/1.1 --> 204 NO_CONTENT (referrer: -; agent: python-requests/2.9.1)
Mar 17 20:31:20 mas01 sh[18238]: 2018-03-17 20:31:20 regiond: [info] 192.168.11.14 POST /MAAS/metadata/status/rnfmcr HTTP/1.1 --> 204 NO_CONTENT (referrer: -; agent: python-requests/2.9.1)
Mar 17 20:31:20 mas01 sh[18232]: 2018-03-17 20:31:20 regiond: [info] 192.168.11.15 POST /MAAS/metadata/status/cmfxew HTTP/1.1 --> 204 NO_CONTENT (referrer: -; agent: python-requests/2.9.1)
Mar 17 20:31:20 mas01 sh[18896]: 2018-03-17 20:31:20 regiond: [info] 192.168.11.15 POST /MAAS/metadata/status/cmfxew HTTP/1.1 --> 204 NO_CONTENT (referrer: -; agent: python-requests/2.9.1)
Mar 17 20:31:20 mas01 sh[18339]: 2018-03-17 20:31:20 regiond: [info] 192.168.11.15 POST /MAAS/metadata/status/cmfxew HTTP/1.1 --> 204 NO_CONTENT (referrer: -; agent: python-requests/2.9.1)
Mar 17 20:31:20 mas01 sh[18238]: 2018-03-17 20:31:20 regiond: [info] 192.168.11.15 POST /MAAS/metadata/status/cmfxew HTTP/1.1 --> 204 NO_CONTENT (referrer: -; agent: python-requests/2.9.1)
Mar 17 20:31:20 mas01 sh[18896]: 2018-03-17 20:31:20 regiond: [info] 192.168.11.14 POST /MAAS/metadata/status/rnfmcr HTTP/1.1 --> 204 NO_CONTENT (referrer: -; agent: python-requests/2.9.1)
Mar 17 20:31:20 mas01 sh[18238]: 2018-03-17 20:31:20 regiond: [info] 192.168.11.14 POST /MAAS/metadata/status/rnfmcr HTTP/1.1 --> 204 NO_CONTENT (referrer: -; agent: python-requests/2.9.1)
Mar 17 20:31:20 mas01 sh[18232]: 2018-03-17 20:31:20 regiond: [info] 192.168.11.15 POST /MAAS/metadata/status/cmfxew HTTP/1.1 --> 204 NO_CONTENT (referrer: -; agent: python-requests/2.9.1)
Mar 17 20:31:20 mas01 sh[18896]: 2018-03-17 20:31:20 regiond: [info] 192.168.11.15 POST /MAAS/metadata/status/cmfxew HTTP/1.1 --> 204 NO_CONTENT (referrer: -; agent: python-requests/2.9.1)
Mar 17 20:31:20 mas01 sh[18232]: 2018-03-17 20:31:20 regiond: [info] 192.168.11.17 GET /MAAS/metadata/latest/by-id/hxd8r4/?op=get_preseed HTTP/1.1 --> 200 OK (referrer: -; agent: Cloud-Init/17.2)
Mar 17 20:31:20 mas01 sh[18896]: 2018-03-17 20:31:20 regiond: [info] 192.168.11.17 POST /MAAS/metadata/status/hxd8r4 HTTP/1.1 --> 204 NO_CONTENT (referrer: -; agent: python-requests/2.9.1)
Mar 17 20:31:20 mas01 sh[18232]: 2018-03-17 20:31:20 regiond: [info] 192.168.11.17 POST /MAAS/metadata/status/hxd8r4 HTTP/1.1 --> 204 NO_CONTENT (referrer: -; agent: python-requests/2.9.1)
Mar 17 20:31:20 mas01 sh[18232]: 2018-03-17 20:31:20 regiond: [info] 192.168.11.16 GET /MAAS/metadata/latest/by-id/7dnnex/?op=get_preseed HTTP/1.1 --> 200 OK (referrer: -; agent: Cloud-Init/17.2)
Mar 17 20:31:21 mas01 sh[18339]: 2018-03-17 20:31:21 regiond: [info] 192.168.11.16 POST /MAAS/metadata/status/7dnnex HTTP/1.1 --> 204 NO_CONTENT (referrer: -; agent: python-requests/2.9.1)
Mar 17 20:31:21 mas01 sh[18339]: 2018-03-17 20:31:21 regiond: [info] 192.168.11.16 POST /MAAS/metadata/status/7dnnex HTTP/1.1 --> 204 NO_CONTENT (referrer: -; agent: python-requests/2.9.1)
Mar 17 20:31:21 mas01 sh[18232]: 2018-03-17 20:31:21 regiond: [info] 192.168.11.16 POST /MAAS/metadata/status/7dnnex HTTP/1.1 --> 204 NO_CONTENT (referrer: -; agent: python-requests/2.9.1)
Mar 17 20:31:21 mas01 sh[18238]: 2018-03-17 20:31:21 regiond: [info] 192.168.11.16 GET /MAAS/metadata/curtin/2012-03-01/meta-data/instance-id HTTP/1.1 --> 200 OK (referrer: -; agent: Cloud-Init/17.2)
Mar 17 20:31:21 mas01 sh[18232]: 2018-03-17 20:31:21 regiond: [info] 192.168.11.17 POST /MAAS/metadata/status/hxd8r4 HTTP/1.1 --> 204 NO_CONTENT (referrer: -; agent: python-requests/2.9.1)
Mar 17 20:31:21 mas01 sh[18339]: 2018-03-17 20:31:21 regiond: [info] 192.168.11.16 GET /MAAS/metadata/curtin/2012-03-01/meta-data/instance-id HTTP/1.1 --> 200 OK (referrer: -; agent: python-requests/2.9.1)
Mar 17 20:31:21 mas01 sh[18896]: 2018-03-17 20:31:21 regiond: [info] 192.168.11.16 GET /MAAS/metadata/curtin/2012-03-01/meta-data/local-hostname HTTP/1.1 --> 200 OK (referrer: -; agent: python-requests/2.9.1)
Mar 17 20:31:21 mas01 sh[18232]: 2018-03-17 20:31:21 regiond: [info] 192.168.11.16 GET /MAAS/metadata/curtin/2012-03-01/meta-data/vendor-data HTTP/1.1 --> 200 OK (referrer: -; agent: python-requests/2.9.1)
Mar 17 20:31:21 mas01 sh[18339]: 2018-03-17 20:31:21 maasserver.preseed: [warn] WARNING: '/etc/maas/preseeds/curtin_userdata_amd64_generic_xenial' contains deprecated preseed variables. Please remove: main_archive_directory, ports_archive_directory, http_proxy
Mar 17 20:31:21 mas01 sh[18896]: 2018-03-17 20:31:21 regiond: [info] 192.168.11.17 GET /MAAS/metadata/latest/by-id/hxd8r4/?op=get_preseed HTTP/1.1 --> 200 OK (referrer: -; agent: Cloud-Init/17.2)
Mar 17 20:31:21 mas01 sh[18232]: 2018-03-17 20:31:21 regiond: [info] 192.168.11.17 POST /MAAS/metadata/status/hxd8r4 HTTP/1.1 --> 204 NO_CONTENT (referrer: -; agent: python-requests/2.9.1)
Mar 17 20:31:21 mas01 sh[18339]: 2018-03-17 20:31:21 regiond: [info] 192.168.11.17 POST /MAAS/metadata/status/hxd8r4 HTTP/1.1 --> 204 NO_CONTENT (referrer: -; agent: python-requests/2.9.1)
Mar 17 20:31:21 mas01 sh[18339]: 2018-03-17 20:31:21 regiond: [info] 192.168.11.17 POST /MAAS/metadata/status/hxd8r4 HTTP/1.1 --> 204 NO_CONTENT (referrer: -; agent: python-requests/2.9.1)
Mar 17 20:31:21 mas01 sh[18339]: 2018-03-17 20:31:21 regiond: [info] 192.168.11.17 GET /MAAS/metadata/curtin/2012-03-01/meta-data/instance-id HTTP/1.1 --> 200 OK (referrer: -; agent: Cloud-Init/17.2)
Mar 17 20:31:21 mas01 sh[18339]: 2018-03-17 20:31:21 regiond: [info] 192.168.11.17 GET /MAAS/metadata/curtin/2012-03-01/meta-data/instance-id HTTP/1.1 --> 200 OK (referrer: -; agent: python-requests/2.9.1)
Mar 17 20:31:22 mas01 sh[18238]: 2018-03-17 20:31:22 regiond: [info] 192.168.11.17 GET /MAAS/metadata/curtin/2012-03-01/meta-data/local-hostname HTTP/1.1 --> 200 OK (referrer: -; agent: python-requests/2.9.1)
Mar 17 20:31:22 mas01 sh[18339]: 2018-03-17 20:31:22 regiond: [info] 192.168.11.10 GET /MAAS/metadata/latest/by-id/p74rpx/?op=get_preseed HTTP/1.1 --> 200 OK (referrer: -; agent: Cloud-Init/17.2)
Mar 17 20:31:22 mas01 sh[18238]: 2018-03-17 20:31:22 regiond: [info] 192.168.11.17 GET /MAAS/metadata/curtin/2012-03-01/meta-data/public-keys HTTP/1.1 --> 200 OK (referrer: -; agent: python-requests/2.9.1)
Mar 17 20:31:22 mas01 sh[18232]: 2018-03-17 20:31:22 regiond: [info] 192.168.11.10 POST /MAAS/metadata/status/p74rpx HTTP/1.1 --> 204 NO_CONTENT (referrer: -; agent: python-requests/2.9.1)
Mar 17 20:31:22 mas01 sh[18339]: 2018-03-17 20:31:22 regiond: [info] 192.168.11.10 POST /MAAS/metadata/status/p74rpx HTTP/1.1 --> 204 NO_CONTENT (referrer: -; agent: python-requests/2.9.1)
Mar 17 20:31:22 mas01 sh[18238]: 2018-03-17 20:31:22 regiond: [info] 192.168.11.17 GET /MAAS/metadata/curtin/2012-03-01/meta-data/vendor-data HTTP/1.1 --> 200 OK (referrer: -; agent: python-requests/2.9.1)
Mar 17 20:31:22 mas01 sh[18896]: 2018-03-17 20:31:22 regiond: [info] 192.168.11.10 POST /MAAS/metadata/status/p74rpx HTTP/1.1 --> 204 NO_CONTENT (referrer: -; agent: python-requests/2.9.1)
Mar 17 20:31:22 mas01 sh[18896]: 2018-03-17 20:31:22 regiond: [info] 192.168.11.16 POST /MAAS/metadata/status/7dnnex HTTP/1.1 --> 204 NO_CONTENT (referrer: -; agent: python-requests/2.9.1)
Mar 17 20:31:22 mas01 sh[18339]: 2018-03-17 20:31:22 maasserver.preseed: [warn] WARNING: '/etc/maas/preseeds/curtin_userdata_amd64_generic_xenial' contains deprecated preseed variables. Please remove: main_archive_directory, ports_archive_directory, http_proxy
Mar 17 20:31:22 mas01 sh[18339]: 2018-03-17 20:31:22 regiond: [info] 192.168.11.16 POST /MAAS/metadata/status/7dnnex HTTP/1.1 --> 204 NO_CONTENT (referrer: -; agent: python-requests/2.9.1)
Mar 17 20:31:22 mas01 sh[18232]: 2018-03-17 20:31:22 regiond: [info] 192.168.11.16 POST /MAAS/metadata/status/7dnnex HTTP/1.1 --> 204 NO_CONTENT (referrer: -; agent: python-requests/2.9.1)
Mar 17 20:31:22 mas01 sh[18339]: 2018-03-17 20:31:22 regiond: [info] 192.168.11.16 POST /MAAS/metadata/status/7dnnex HTTP/1.1 --> 204 NO_CONTENT (referrer: -; agent: python-requests/2.9.1)
Mar 17 20:31:22 mas01 sh[18232]: 2018-03-17 20:31:22 regiond: [info] 192.168.11.16 POST /MAAS/metadata/status/7dnnex HTTP/1.1 --> 204 NO_CONTENT (referrer: -; agent: python-requests/2.9.1)
Mar 17 20:31:22 mas01 sh[18896]: 2018-03-17 20:31:22 regiond: [info] 192.168.11.16 POST /MAAS/metadata/status/7dnnex HTTP/1.1 --> 204 NO_CONTENT (referrer: -; agent: python-requests/2.9.1)
Mar 17 20:31:22 mas01 sh[18339]: 2018-03-17 20:31:22 regiond: [info] 192.168.11.16 POST /MAAS/metadata/status/7dnnex HTTP/1.1 --> 204 NO_CONTENT (referrer: -; agent: python-requests/2.9.1)
Mar 17 20:31:22 mas01 sh[18232]: 2018-03-17 20:31:22 regiond: [info] 192.168.11.16 POST /MAAS/metadata/status/7dnnex HTTP/1.1 --> 204 NO_CONTENT (referrer: -; agent: python-requests/2.9.1)
Mar 17 20:31:22 mas01 sh[18238]: 2018-03-17 20:31:22 regiond: [info] 192.168.11.16 POST /MAAS/metadata/status/7dnnex HTTP/1.1 --> 204 NO_CONTENT (referrer: -; agent: python-requests/2.9.1)
Mar 17 20:31:22 mas01 sh[18339]: 2018-03-17 20:31:22 regiond: [info] 192.168.11.16 POST /MAAS/metadata/status/7dnnex HTTP/1.1 --> 204 NO_CONTENT (referrer: -; agent: python-requests/2.9.1)
Mar 17 20:31:22 mas01 sh[18232]: 2018-03-17 20:31:22 regiond: [info] 192.168.11.16 POST /MAAS/metadata/status/7dnnex HTTP/1.1 --> 204 NO_CONTENT (referrer: -; agent: python-requests/2.9.1)
Mar 17 20:31:22 mas01 sh[18238]: 2018-03-17 20:31:22 regiond: [info] 192.168.11.16 POST /MAAS/metadata/status/7dnnex HTTP/1.1 --> 204 NO_CONTENT (referrer: -; agent: python-requests/2.9.1)
Mar 17 20:31:22 mas01 sh[18896]: 2018-03-17 20:31:22 regiond: [info] 192.168.11.16 POST /MAAS/metadata/status/7dnnex HTTP/1.1 --> 204 NO_CONTENT (referrer: -; agent: python-requests/2.9.1)
Mar 17 20:31:22 mas01 sh[18896]: 2018-03-17 20:31:22 regiond: [info] 192.168.11.16 POST /MAAS/metadata/status/7dnnex HTTP/1.1 --> 204 NO_CONTENT (referrer: -; agent: python-requests/2.9.1)
Mar 17 20:31:22 mas01 sh[18238]: 2018-03-17 20:31:22 regiond: [info] 192.168.11.16 POST /MAAS/metadata/status/7dnnex HTTP/1.1 --> 204 NO_CONTENT (referrer: -; agent: python-requests/2.9.1)
Mar 17 20:31:22 mas01 sh[18238]: 2018-03-17 20:31:22 regiond: [info] 192.168.11.16 POST /MAAS/metadata/status/7dnnex HTTP/1.1 --> 204 NO_CONTENT (referrer: -; agent: python-requests/2.9.1)
Mar 17 20:31:22 mas01 sh[18896]: 2018-03-17 20:31:22 regiond: [info] 192.168.11.16 POST /MAAS/metadata/status/7dnnex HTTP/1.1 --> 204 NO_CONTENT (referrer: -; agent: python-requests/2.9.1)
Mar 17 20:31:22 mas01 sh[18232]: 2018-03-17 20:31:22 regiond: [info] 192.168.11.16 POST /MAAS/metadata/status/7dnnex HTTP/1.1 --> 204 NO_CONTENT (referrer: -; agent: python-requests/2.9.1)
Mar 17 20:31:22 mas01 sh[18232]: message repeated 2 times: [ 2018-03-17 20:31:22 regiond: [info] 192.168.11.16 POST /MAAS/metadata/status/7dnnex HTTP/1.1 --> 204 NO_CONTENT (referrer: -; agent: python-requests/2.9.1)]
Mar 17 20:31:22 mas01 sh[18238]: 2018-03-17 20:31:22 regiond: [info] 192.168.11.16 POST /MAAS/metadata/status/7dnnex HTTP/1.1 --> 204 NO_CONTENT (referrer: -; agent: python-requests/2.9.1)
Mar 17 20:31:22 mas01 sh[18232]: 2018-03-17 20:31:22 regiond: [info] 192.168.11.16 POST /MAAS/metadata/status/7dnnex HTTP/1.1 --> 204 NO_CONTENT (referrer: -; agent: python-requests/2.9.1)
Mar 17 20:31:22 mas01 sh[18896]: 2018-03-17 20:31:22 regiond: [info] 192.168.11.16 POST /MAAS/metadata/status/7dnnex HTTP/1.1 --> 204 NO_CONTENT (referrer: -; agent: python-requests/2.9.1)
Mar 17 20:31:22 mas01 sh[18896]: 2018-03-17 20:31:22 regiond: [info] 192.168.11.16 POST /MAAS/metadata/status/7dnnex HTTP/1.1 --> 204 NO_CONTENT (referrer: -; agent: python-requests/2.9.1)
Mar 17 20:31:22 mas01 sh[18232]: 2018-03-17 20:31:22 regiond: [info] 192.168.11.16 POST /MAAS/metadata/status/7dnnex HTTP/1.1 --> 204 NO_CONTENT (referrer: -; agent: python-requests/2.9.1)
Mar 17 20:31:22 mas01 sh[18238]: 2018-03-17 20:31:22 regiond: [info] 192.168.11.16 POST /MAAS/metadata/status/7dnnex HTTP/1.1 --> 204 NO_CONTENT (referrer: -; agent: python-requests/2.9.1)
Mar 17 20:31:22 mas01 sh[18339]: 2018-03-17 20:31:22 regiond: [info] 192.168.11.16 POST /MAAS/metadata/status/7dnnex HTTP/1.1 --> 204 NO_CONTENT (referrer: -; agent: python-requests/2.9.1)
Mar 17 20:31:22 mas01 sh[18238]: 2018-03-17 20:31:22 regiond: [info] 192.168.11.16 POST /MAAS/metadata/status/7dnnex HTTP/1.1 --> 204 NO_CONTENT (referrer: -; agent: python-requests/2.9.1)
Mar 17 20:31:22 mas01 sh[18232]: 2018-03-17 20:31:22 regiond: [info] 192.168.11.16 POST /MAAS/metadata/status/7dnnex HTTP/1.1 --> 204 NO_CONTENT (referrer: -; agent: python-requests/2.9.1)
Mar 17 20:31:22 mas01 sh[18896]: 2018-03-17 20:31:22 regiond: [info] 192.168.11.16 POST /MAAS/metadata/status/7dnnex HTTP/1.1 --> 204 NO_CONTENT (referrer: -; agent: python-requests/2.9.1)
Mar 17 20:31:22 mas01 sh[18896]: 2018-03-17 20:31:22 regiond: [info] 192.168.11.16 POST /MAAS/metadata/status/7dnnex HTTP/1.1 --> 204 NO_CONTENT (referrer: -; agent: python-requests/2.9.1)
Mar 17 20:31:22 mas01 sh[18238]: 2018-03-17 20:31:22 regiond: [info] 192.168.11.16 POST /MAAS/metadata/status/7dnnex HTTP/1.1 --> 204 NO_CONTENT (referrer: -; agent: python-requests/2.9.1)
Mar 17 20:31:22 mas01 sh[18896]: 2018-03-17 20:31:22 regiond: [info] 192.168.11.16 POST /MAAS/metadata/status/7dnnex HTTP/1.1 --> 204 NO_CONTENT (referrer: -; agent: python-requests/2.9.1)
Mar 17 20:31:22 mas01 sh[18238]: 2018-03-17 20:31:22 regiond: [info] 192.168.11.16 POST /MAAS/metadata/status/7dnnex HTTP/1.1 --> 204 NO_CONTENT (referrer: -; agent: python-requests/2.9.1)
Mar 17 20:31:22 mas01 sh[18339]: 2018-03-17 20:31:22 regiond: [info] 192.168.11.10 GET /MAAS/metadata/latest/by-id/p74rpx/?op=get_preseed HTTP/1.1 --> 200 OK (referrer: -; agent: Cloud-Init/17.2)
