Jan 30 07:50:51 mas01 sh[17734]: 2018-01-30 07:50:51 regiond: [info] 192.168.11.29 POST /MAAS/metadata/status/pqh6gh HTTP/1.1 --> 204 NO_CONTENT (referrer: -; agent: python-requests/2.9.1)
Jan 30 07:50:51 mas01 sh[17744]: 2018-01-30 07:50:51 regiond: [info] 192.168.11.29 POST /MAAS/metadata/status/pqh6gh HTTP/1.1 --> 204 NO_CONTENT (referrer: -; agent: python-requests/2.9.1)
Jan 30 07:50:51 mas01 sh[18803]: 2018-01-30 07:50:51 regiond: [info] 192.168.11.29 POST /MAAS/metadata/status/pqh6gh HTTP/1.1 --> 204 NO_CONTENT (referrer: -; agent: python-requests/2.9.1)
Jan 30 07:50:51 mas01 sh[17739]: 2018-01-30 07:50:51 regiond: [info] 192.168.11.29 POST /MAAS/metadata/status/pqh6gh HTTP/1.1 --> 204 NO_CONTENT (referrer: -; agent: python-requests/2.9.1)
Jan 30 07:50:51 mas01 sh[17744]: 2018-01-30 07:50:51 regiond: [info] 192.168.11.29 POST /MAAS/metadata/status/pqh6gh HTTP/1.1 --> 204 NO_CONTENT (referrer: -; agent: python-requests/2.9.1)
Jan 30 07:50:51 mas01 sh[18803]: 2018-01-30 07:50:51 regiond: [info] 192.168.11.29 POST /MAAS/metadata/status/pqh6gh HTTP/1.1 --> 204 NO_CONTENT (referrer: -; agent: python-requests/2.9.1)
Jan 30 07:50:51 mas01 sh[17744]: 2018-01-30 07:50:51 regiond: [info] 192.168.11.29 POST /MAAS/metadata/status/pqh6gh HTTP/1.1 --> 204 NO_CONTENT (referrer: -; agent: python-requests/2.9.1)
Jan 30 07:50:51 mas01 sh[18803]: 2018-01-30 07:50:51 regiond: [info] 192.168.11.29 POST /MAAS/metadata/status/pqh6gh HTTP/1.1 --> 204 NO_CONTENT (referrer: -; agent: python-requests/2.9.1)
Jan 30 07:50:51 mas01 sh[17739]: 2018-01-30 07:50:51 regiond: [info] 192.168.11.29 POST /MAAS/metadata/status/pqh6gh HTTP/1.1 --> 204 NO_CONTENT (referrer: -; agent: python-requests/2.9.1)
Jan 30 07:50:51 mas01 sh[17734]: 2018-01-30 07:50:51 regiond: [info] 192.168.11.29 POST /MAAS/metadata/status/pqh6gh HTTP/1.1 --> 204 NO_CONTENT (referrer: -; agent: python-requests/2.9.1)
Jan 30 07:50:51 mas01 sh[17739]: 2018-01-30 07:50:51 regiond: [info] 192.168.11.29 POST /MAAS/metadata/status/pqh6gh HTTP/1.1 --> 204 NO_CONTENT (referrer: -; agent: python-requests/2.9.1)
Jan 30 07:50:51 mas01 sh[17739]: 2018-01-30 07:50:51 regiond: [info] 192.168.11.29 POST /MAAS/metadata/status/pqh6gh HTTP/1.1 --> 204 NO_CONTENT (referrer: -; agent: python-requests/2.9.1)
Jan 30 07:50:51 mas01 sh[17734]: 2018-01-30 07:50:51 regiond: [info] 192.168.11.29 POST /MAAS/metadata/status/pqh6gh HTTP/1.1 --> 204 NO_CONTENT (referrer: -; agent: python-requests/2.9.1)
Jan 30 07:50:51 mas01 sh[17739]: 2018-01-30 07:50:51 regiond: [info] 192.168.11.29 POST /MAAS/metadata/status/pqh6gh HTTP/1.1 --> 204 NO_CONTENT (referrer: -; agent: python-requests/2.9.1)
Jan 30 07:50:51 mas01 sh[18803]: 2018-01-30 07:50:51 regiond: [info] 192.168.11.29 POST /MAAS/metadata/status/pqh6gh HTTP/1.1 --> 204 NO_CONTENT (referrer: -; agent: python-requests/2.9.1)
Jan 30 07:50:51 mas01 sh[17734]: 2018-01-30 07:50:51 regiond: [info] 192.168.11.29 POST /MAAS/metadata/status/pqh6gh HTTP/1.1 --> 204 NO_CONTENT (referrer: -; agent: python-requests/2.9.1)
Jan 30 07:50:51 mas01 sh[17734]: 2018-01-30 07:50:51 regiond: [info] 192.168.11.29 POST /MAAS/metadata/status/pqh6gh HTTP/1.1 --> 204 NO_CONTENT (referrer: -; agent: python-requests/2.9.1)
Jan 30 07:50:51 mas01 sh[18803]: 2018-01-30 07:50:51 regiond: [info] 192.168.11.29 POST /MAAS/metadata/status/pqh6gh HTTP/1.1 --> 204 NO_CONTENT (referrer: -; agent: python-requests/2.9.1)
Jan 30 07:50:52 mas01 sh[18803]: 2018-01-30 07:50:52 regiond: [info] 192.168.11.9 POST /MAAS/metadata/status/p4q3wq HTTP/1.1 --> 204 NO_CONTENT (referrer: -; agent: python-requests/2.9.1)
Jan 30 07:50:52 mas01 sh[17739]: 2018-01-30 07:50:52 regiond: [info] 192.168.11.9 POST /MAAS/metadata/status/p4q3wq HTTP/1.1 --> 204 NO_CONTENT (referrer: -; agent: python-requests/2.9.1)
Jan 30 07:50:52 mas01 sh[17739]: 2018-01-30 07:50:52 regiond: [info] 192.168.11.9 POST /MAAS/metadata/status/p4q3wq HTTP/1.1 --> 204 NO_CONTENT (referrer: -; agent: python-requests/2.9.1)
Jan 30 07:50:52 mas01 sh[17734]: 2018-01-30 07:50:52 regiond: [info] 192.168.11.9 POST /MAAS/metadata/status/p4q3wq HTTP/1.1 --> 204 NO_CONTENT (referrer: -; agent: python-requests/2.9.1)
Jan 30 07:50:52 mas01 sh[17739]: 2018-01-30 07:50:52 regiond: [info] 192.168.11.9 POST /MAAS/metadata/status/p4q3wq HTTP/1.1 --> 204 NO_CONTENT (referrer: -; agent: python-requests/2.9.1)
Jan 30 07:50:52 mas01 sh[18803]: 2018-01-30 07:50:52 regiond: [info] 192.168.11.9 POST /MAAS/metadata/status/p4q3wq HTTP/1.1 --> 204 NO_CONTENT (referrer: -; agent: python-requests/2.9.1)
Jan 30 07:50:52 mas01 sh[18803]: 2018-01-30 07:50:52 regiond: [info] 192.168.11.9 POST /MAAS/metadata/status/p4q3wq HTTP/1.1 --> 204 NO_CONTENT (referrer: -; agent: python-requests/2.9.1)
Jan 30 07:50:53 mas01 sh[17734]: 2018-01-30 07:50:53 regiond: [info] 192.168.11.9 POST /MAAS/metadata/status/p4q3wq HTTP/1.1 --> 204 NO_CONTENT (referrer: -; agent: python-requests/2.9.1)
Jan 30 07:50:53 mas01 sh[17739]: 2018-01-30 07:50:53 regiond: [info] 192.168.11.9 POST /MAAS/metadata/status/p4q3wq HTTP/1.1 --> 204 NO_CONTENT (referrer: -; agent: python-requests/2.9.1)
Jan 30 07:50:53 mas01 sh[18803]: 2018-01-30 07:50:53 regiond: [info] 192.168.11.9 POST /MAAS/metadata/status/p4q3wq HTTP/1.1 --> 204 NO_CONTENT (referrer: -; agent: python-requests/2.9.1)
Jan 30 07:50:53 mas01 sh[18803]: 2018-01-30 07:50:53 regiond: [info] 192.168.11.9 POST /MAAS/metadata/status/p4q3wq HTTP/1.1 --> 204 NO_CONTENT (referrer: -; agent: python-requests/2.9.1)
Jan 30 07:50:53 mas01 sh[17734]: 2018-01-30 07:50:53 regiond: [info] 192.168.11.29 POST /MAAS/metadata/status/pqh6gh HTTP/1.1 --> 204 NO_CONTENT (referrer: -; agent: python-requests/2.9.1)
Jan 30 07:50:53 mas01 sh[17739]: 2018-01-30 07:50:53 regiond: [info] 192.168.11.9 POST /MAAS/metadata/status/p4q3wq HTTP/1.1 --> 204 NO_CONTENT (referrer: -; agent: python-requests/2.9.1)
Jan 30 07:50:53 mas01 sh[17739]: 2018-01-30 07:50:53 regiond: [info] 192.168.11.29 POST /MAAS/metadata/status/pqh6gh HTTP/1.1 --> 204 NO_CONTENT (referrer: -; agent: python-requests/2.9.1)
Jan 30 07:50:53 mas01 sh[17734]: 2018-01-30 07:50:53 regiond: [info] 192.168.11.29 POST /MAAS/metadata/status/pqh6gh HTTP/1.1 --> 204 NO_CONTENT (referrer: -; agent: python-requests/2.9.1)
Jan 30 07:50:53 mas01 sh[17739]: 2018-01-30 07:50:53 regiond: [info] 192.168.11.9 POST /MAAS/metadata/status/p4q3wq HTTP/1.1 --> 204 NO_CONTENT (referrer: -; agent: python-requests/2.9.1)
Jan 30 07:50:53 mas01 sh[17739]: 2018-01-30 07:50:53 regiond: [info] 192.168.11.29 POST /MAAS/metadata/status/pqh6gh HTTP/1.1 --> 204 NO_CONTENT (referrer: -; agent: python-requests/2.9.1)
Jan 30 07:50:53 mas01 sh[17739]: 2018-01-30 07:50:53 regiond: [info] 192.168.11.9 POST /MAAS/metadata/status/p4q3wq HTTP/1.1 --> 204 NO_CONTENT (referrer: -; agent: python-requests/2.9.1)
Jan 30 07:50:53 mas01 sh[17744]: 2018-01-30 07:50:53 regiond: [info] 192.168.11.29 POST /MAAS/metadata/status/pqh6gh HTTP/1.1 --> 204 NO_CONTENT (referrer: -; agent: python-requests/2.9.1)
Jan 30 07:50:53 mas01 sh[17739]: 2018-01-30 07:50:53 regiond: [info] 192.168.11.9 POST /MAAS/metadata/status/p4q3wq HTTP/1.1 --> 204 NO_CONTENT (referrer: -; agent: python-requests/2.9.1)
Jan 30 07:50:53 mas01 sh[18803]: 2018-01-30 07:50:53 regiond: [info] 192.168.11.29 POST /MAAS/metadata/status/pqh6gh HTTP/1.1 --> 204 NO_CONTENT (referrer: -; agent: python-requests/2.9.1)
Jan 30 07:50:53 mas01 sh[17734]: 2018-01-30 07:50:53 regiond: [info] 192.168.11.29 POST /MAAS/metadata/status/pqh6gh HTTP/1.1 --> 204 NO_CONTENT (referrer: -; agent: python-requests/2.9.1)
Jan 30 07:50:53 mas01 sh[17744]: 2018-01-30 07:50:53 regiond: [info] 192.168.11.9 POST /MAAS/metadata/status/p4q3wq HTTP/1.1 --> 204 NO_CONTENT (referrer: -; agent: python-requests/2.9.1)
Jan 30 07:50:53 mas01 sh[18803]: 2018-01-30 07:50:53 regiond: [info] 192.168.11.9 POST /MAAS/metadata/status/p4q3wq HTTP/1.1 --> 204 NO_CONTENT (referrer: -; agent: python-requests/2.9.1)
Jan 30 07:50:53 mas01 sh[17739]: 2018-01-30 07:50:53 regiond: [info] 192.168.11.29 POST /MAAS/metadata/status/pqh6gh HTTP/1.1 --> 204 NO_CONTENT (referrer: -; agent: python-requests/2.9.1)
Jan 30 07:50:53 mas01 sh[18803]: 2018-01-30 07:50:53 regiond: [info] 192.168.11.29 POST /MAAS/metadata/status/pqh6gh HTTP/1.1 --> 204 NO_CONTENT (referrer: -; agent: python-requests/2.9.1)
Jan 30 07:50:54 mas01 sh[17744]: 2018-01-30 07:50:54 regiond: [info] 192.168.11.29 POST /MAAS/metadata/status/pqh6gh HTTP/1.1 --> 204 NO_CONTENT (referrer: -; agent: python-requests/2.9.1)
Jan 30 07:50:54 mas01 sh[17739]: 2018-01-30 07:50:54 regiond: [info] 192.168.11.29 POST /MAAS/metadata/status/pqh6gh HTTP/1.1 --> 204 NO_CONTENT (referrer: -; agent: python-requests/2.9.1)
Jan 30 07:50:54 mas01 sh[17744]: 2018-01-30 07:50:54 regiond: [info] 192.168.11.29 POST /MAAS/metadata/status/pqh6gh HTTP/1.1 --> 204 NO_CONTENT (referrer: -; agent: python-requests/2.9.1)
Jan 30 07:50:54 mas01 sh[17744]: 2018-01-30 07:50:54 regiond: [info] 192.168.11.29 POST /MAAS/metadata/status/pqh6gh HTTP/1.1 --> 204 NO_CONTENT (referrer: -; agent: python-requests/2.9.1)
Jan 30 07:50:54 mas01 sh[17734]: 2018-01-30 07:50:54 regiond: [info] 192.168.11.29 POST /MAAS/metadata/status/pqh6gh HTTP/1.1 --> 204 NO_CONTENT (referrer: -; agent: python-requests/2.9.1)
Jan 30 07:50:54 mas01 sh[17734]: 2018-01-30 07:50:54 regiond: [info] 192.168.11.29 POST /MAAS/metadata/status/pqh6gh HTTP/1.1 --> 204 NO_CONTENT (referrer: -; agent: python-requests/2.9.1)
Jan 30 07:50:54 mas01 sh[18803]: 2018-01-30 07:50:54 regiond: [info] 192.168.11.29 POST /MAAS/metadata/status/pqh6gh HTTP/1.1 --> 204 NO_CONTENT (referrer: -; agent: python-requests/2.9.1)
Jan 30 07:50:54 mas01 sh[18803]: 2018-01-30 07:50:54 regiond: [info] 192.168.11.29 POST /MAAS/metadata/status/pqh6gh HTTP/1.1 --> 204 NO_CONTENT (referrer: -; agent: python-requests/2.9.1)
Jan 30 07:50:57 mas01 salt-minion[2117]: [INFO    ] User sudo_ubuntu Executing command state.apply with jid 20180130075057231022
Jan 30 07:50:57 mas01 salt-minion[2117]: [INFO    ] Starting a new job with PID 19570
Jan 30 07:50:57 mas01 salt-minion[2117]: [INFO    ] Loading fresh modules for state activity
Jan 30 07:50:57 mas01 salt-minion[2117]: [INFO    ] Running state [maas-region apikey --username opnfv > /var/lib/maas/.maas_credentials] at time 07:50:57.912763
Jan 30 07:50:57 mas01 salt-minion[2117]: [INFO    ] Executing state cmd.run for maas-region apikey --username opnfv > /var/lib/maas/.maas_credentials
Jan 30 07:50:57 mas01 salt-minion[2117]: [INFO    ] Executing command 'maas-region apikey --username opnfv > /var/lib/maas/.maas_credentials' in directory '/root'
Jan 30 07:50:59 mas01 salt-minion[2117]: [INFO    ] {'pid': 19577, 'retcode': 0, 'stderr': '', 'stdout': ''}
Jan 30 07:50:59 mas01 salt-minion[2117]: [INFO    ] Completed state [maas-region apikey --username opnfv > /var/lib/maas/.maas_credentials] at time 07:50:59.784010 duration_in_ms=1871.246
Jan 30 07:50:59 mas01 salt-minion[2117]: [INFO    ] Running state [maas.machines_status] at time 07:50:59.786434
Jan 30 07:50:59 mas01 salt-minion[2117]: [INFO    ] Executing state module.run for maas.machines_status
Jan 30 07:51:00 mas01 sh[18803]: 2018-01-30 07:51:00 regiond: [info] 127.0.0.1 GET /MAAS/api/2.0/machines/ HTTP/1.1 --> 200 OK (referrer: -; agent: Python-urllib/2.7)
Jan 30 07:51:00 mas01 salt-minion[2117]: [INFO    ] {'ret': {'machines': [{'status': 'Commissioning', 'hostname': u'cmp002', 'system_id': u'p4q3wq'}, {'status': 'Commissioning', 'hostname': u'cmp001', 'system_id': u'pqh6gh'}, {'status': 'Commissioning', 'hostname': u'kvm01', 'system_id': u'h7r8ah'}, {'status': 'Commissioning', 'hostname': u'kvm03', 'system_id': u'cr64f8'}, {'status': 'Commissioning', 'hostname': u'kvm02', 'system_id': u'bhfcy3'}], 'summary': Counter({'Commissioning': 5})}}
Jan 30 07:51:00 mas01 salt-minion[2117]: [INFO    ] Completed state [maas.machines_status] at time 07:51:00.053572 duration_in_ms=267.136
Jan 30 07:51:00 mas01 salt-minion[2117]: [INFO    ] Returning information for job: 20180130075057231022
Jan 30 07:51:00 mas01 systemd[1]: Starting Cleanup of Temporary Directories...
Jan 30 07:51:00 mas01 systemd-tmpfiles[19586]: [/usr/lib/tmpfiles.d/var.conf:14] Duplicate line for path "/var/log", ignoring.
Jan 30 07:51:00 mas01 systemd[1]: Started Cleanup of Temporary Directories.
Jan 30 07:51:00 mas01 sh[17739]: 2018-01-30 07:51:00 regiond: [info] 127.0.0.1 GET /MAAS/rpc/ HTTP/1.0 --> 200 OK (referrer: -; agent: provisioningserver.rpc.clusterservice.ClusterClientService)
Jan 30 07:51:04 mas01 sh[17734]: 2018-01-30 07:51:04 regiond: [info] 192.168.11.29 POST /MAAS/metadata/status/pqh6gh HTTP/1.1 --> 204 NO_CONTENT (referrer: -; agent: python-requests/2.9.1)
Jan 30 07:51:04 mas01 sh[18803]: 2018-01-30 07:51:04 regiond: [info] 192.168.11.9 POST /MAAS/metadata/status/p4q3wq HTTP/1.1 --> 204 NO_CONTENT (referrer: -; agent: python-requests/2.9.1)
Jan 30 07:51:04 mas01 sh[18803]: 2018-01-30 07:51:04 regiond: [info] 192.168.11.29 POST /MAAS/metadata/status/pqh6gh HTTP/1.1 --> 204 NO_CONTENT (referrer: -; agent: python-requests/2.9.1)
Jan 30 07:51:04 mas01 sh[17739]: 2018-01-30 07:51:04 regiond: [info] 192.168.11.9 POST /MAAS/metadata/status/p4q3wq HTTP/1.1 --> 204 NO_CONTENT (referrer: -; agent: python-requests/2.9.1)
Jan 30 07:51:04 mas01 sh[17744]: 2018-01-30 07:51:04 regiond: [info] 192.168.11.29 POST /MAAS/metadata/status/pqh6gh HTTP/1.1 --> 204 NO_CONTENT (referrer: -; agent: python-requests/2.9.1)
Jan 30 07:51:04 mas01 sh[17739]: 2018-01-30 07:51:04 regiond: [info] 192.168.11.9 POST /MAAS/metadata/status/p4q3wq HTTP/1.1 --> 204 NO_CONTENT (referrer: -; agent: python-requests/2.9.1)
Jan 30 07:51:04 mas01 sh[17739]: 2018-01-30 07:51:04 regiond: [info] 192.168.11.29 POST /MAAS/metadata/status/pqh6gh HTTP/1.1 --> 204 NO_CONTENT (referrer: -; agent: python-requests/2.9.1)
Jan 30 07:51:04 mas01 sh[17734]: 2018-01-30 07:51:04 regiond: [info] 192.168.11.9 POST /MAAS/metadata/status/p4q3wq HTTP/1.1 --> 204 NO_CONTENT (referrer: -; agent: python-requests/2.9.1)
Jan 30 07:51:04 mas01 sh[18803]: 2018-01-30 07:51:04 regiond: [info] 192.168.11.29 POST /MAAS/metadata/status/pqh6gh HTTP/1.1 --> 204 NO_CONTENT (referrer: -; agent: python-requests/2.9.1)
Jan 30 07:51:04 mas01 sh[17734]: 2018-01-30 07:51:04 regiond: [info] 192.168.11.9 POST /MAAS/metadata/status/p4q3wq HTTP/1.1 --> 204 NO_CONTENT (referrer: -; agent: python-requests/2.9.1)
Jan 30 07:51:04 mas01 sh[17734]: 2018-01-30 07:51:04 regiond: [info] 192.168.11.29 POST /MAAS/metadata/status/pqh6gh HTTP/1.1 --> 204 NO_CONTENT (referrer: -; agent: python-requests/2.9.1)
Jan 30 07:51:04 mas01 sh[18803]: 2018-01-30 07:51:04 regiond: [info] 192.168.11.9 POST /MAAS/metadata/status/p4q3wq HTTP/1.1 --> 204 NO_CONTENT (referrer: -; agent: python-requests/2.9.1)
Jan 30 07:51:04 mas01 sh[17739]: 2018-01-30 07:51:04 regiond: [info] 192.168.11.29 POST /MAAS/metadata/status/pqh6gh HTTP/1.1 --> 204 NO_CONTENT (referrer: -; agent: python-requests/2.9.1)
Jan 30 07:51:04 mas01 sh[17744]: 2018-01-30 07:51:04 regiond: [info] 192.168.11.9 POST /MAAS/metadata/status/p4q3wq HTTP/1.1 --> 204 NO_CONTENT (referrer: -; agent: python-requests/2.9.1)
Jan 30 07:51:04 mas01 sh[17739]: 2018-01-30 07:51:04 regiond: [info] 192.168.11.29 POST /MAAS/metadata/status/pqh6gh HTTP/1.1 --> 204 NO_CONTENT (referrer: -; agent: python-requests/2.9.1)
Jan 30 07:51:04 mas01 sh[18803]: 2018-01-30 07:51:04 regiond: [info] 192.168.11.29 POST /MAAS/metadata/status/pqh6gh HTTP/1.1 --> 204 NO_CONTENT (referrer: -; agent: python-requests/2.9.1)
Jan 30 07:51:04 mas01 sh[17744]: 2018-01-30 07:51:04 regiond: [info] 192.168.11.9 POST /MAAS/metadata/status/p4q3wq HTTP/1.1 --> 204 NO_CONTENT (referrer: -; agent: python-requests/2.9.1)
Jan 30 07:51:04 mas01 sh[17739]: 2018-01-30 07:51:04 regiond: [info] 192.168.11.9 POST /MAAS/metadata/status/p4q3wq HTTP/1.1 --> 204 NO_CONTENT (referrer: -; agent: python-requests/2.9.1)
Jan 30 07:51:04 mas01 sh[17739]: 2018-01-30 07:51:04 regiond: [info] 192.168.11.29 POST /MAAS/metadata/status/pqh6gh HTTP/1.1 --> 204 NO_CONTENT (referrer: -; agent: python-requests/2.9.1)
Jan 30 07:51:04 mas01 sh[17739]: 2018-01-30 07:51:04 regiond: [info] 192.168.11.9 POST /MAAS/metadata/status/p4q3wq HTTP/1.1 --> 204 NO_CONTENT (referrer: -; agent: python-requests/2.9.1)
Jan 30 07:51:04 mas01 sh[17739]: 2018-01-30 07:51:04 regiond: [info] 192.168.11.9 POST /MAAS/metadata/status/p4q3wq HTTP/1.1 --> 204 NO_CONTENT (referrer: -; agent: python-requests/2.9.1)
Jan 30 07:51:04 mas01 sh[17744]: 2018-01-30 07:51:04 regiond: [info] 192.168.11.29 POST /MAAS/metadata/status/pqh6gh HTTP/1.1 --> 204 NO_CONTENT (referrer: -; agent: python-requests/2.9.1)
Jan 30 07:51:04 mas01 sh[18803]: 2018-01-30 07:51:04 regiond: [info] 192.168.11.9 POST /MAAS/metadata/status/p4q3wq HTTP/1.1 --> 204 NO_CONTENT (referrer: -; agent: python-requests/2.9.1)
Jan 30 07:51:04 mas01 sh[17744]: 2018-01-30 07:51:04 regiond: [info] 192.168.11.29 POST /MAAS/metadata/status/pqh6gh HTTP/1.1 --> 204 NO_CONTENT (referrer: -; agent: python-requests/2.9.1)
Jan 30 07:51:04 mas01 sh[18803]: 2018-01-30 07:51:04 regiond: [info] 192.168.11.9 POST /MAAS/metadata/status/p4q3wq HTTP/1.1 --> 204 NO_CONTENT (referrer: -; agent: python-requests/2.9.1)
Jan 30 07:51:04 mas01 sh[17739]: 2018-01-30 07:51:04 regiond: [info] 192.168.11.29 POST /MAAS/metadata/status/pqh6gh HTTP/1.1 --> 204 NO_CONTENT (referrer: -; agent: python-requests/2.9.1)
Jan 30 07:51:04 mas01 sh[17734]: 2018-01-30 07:51:04 regiond: [info] 192.168.11.29 POST /MAAS/metadata/status/pqh6gh HTTP/1.1 --> 204 NO_CONTENT (referrer: -; agent: python-requests/2.9.1)
Jan 30 07:51:04 mas01 sh[17739]: 2018-01-30 07:51:04 regiond: [info] 192.168.11.9 POST /MAAS/metadata/status/p4q3wq HTTP/1.1 --> 204 NO_CONTENT (referrer: -; agent: python-requests/2.9.1)
Jan 30 07:51:04 mas01 sh[17734]: 2018-01-30 07:51:04 regiond: [info] 192.168.11.9 POST /MAAS/metadata/status/p4q3wq HTTP/1.1 --> 204 NO_CONTENT (referrer: -; agent: python-requests/2.9.1)
Jan 30 07:51:04 mas01 sh[17734]: 2018-01-30 07:51:04 regiond: [info] 192.168.11.29 POST /MAAS/metadata/status/pqh6gh HTTP/1.1 --> 204 NO_CONTENT (referrer: -; agent: python-requests/2.9.1)
Jan 30 07:51:04 mas01 sh[17744]: 2018-01-30 07:51:04 regiond: [info] 192.168.11.9 POST /MAAS/metadata/status/p4q3wq HTTP/1.1 --> 204 NO_CONTENT (referrer: -; agent: python-requests/2.9.1)
Jan 30 07:51:04 mas01 sh[17734]: 2018-01-30 07:51:04 regiond: [info] 192.168.11.29 POST /MAAS/metadata/status/pqh6gh HTTP/1.1 --> 204 NO_CONTENT (referrer: -; agent: python-requests/2.9.1)
Jan 30 07:51:04 mas01 sh[17739]: 2018-01-30 07:51:04 regiond: [info] 192.168.11.9 POST /MAAS/metadata/status/p4q3wq HTTP/1.1 --> 204 NO_CONTENT (referrer: -; agent: python-requests/2.9.1)
Jan 30 07:51:04 mas01 sh[17744]: 2018-01-30 07:51:04 regiond: [info] 192.168.11.29 POST /MAAS/metadata/status/pqh6gh HTTP/1.1 --> 204 NO_CONTENT (referrer: -; agent: python-requests/2.9.1)
Jan 30 07:51:04 mas01 sh[18803]: 2018-01-30 07:51:04 regiond: [info] 192.168.11.9 POST /MAAS/metadata/status/p4q3wq HTTP/1.1 --> 204 NO_CONTENT (referrer: -; agent: python-requests/2.9.1)
Jan 30 07:51:04 mas01 sh[17734]: 2018-01-30 07:51:04 regiond: [info] 192.168.11.29 POST /MAAS/metadata/status/pqh6gh HTTP/1.1 --> 204 NO_CONTENT (referrer: -; agent: python-requests/2.9.1)
Jan 30 07:51:04 mas01 sh[18803]: 2018-01-30 07:51:04 regiond: [info] 192.168.11.9 POST /MAAS/metadata/status/p4q3wq HTTP/1.1 --> 204 NO_CONTENT (referrer: -; agent: python-requests/2.9.1)
Jan 30 07:51:04 mas01 sh[17734]: 2018-01-30 07:51:04 regiond: [info] 192.168.11.29 POST /MAAS/metadata/status/pqh6gh HTTP/1.1 --> 204 NO_CONTENT (referrer: -; agent: python-requests/2.9.1)
Jan 30 07:51:04 mas01 sh[17734]: 2018-01-30 07:51:04 regiond: [info] 192.168.11.9 POST /MAAS/metadata/status/p4q3wq HTTP/1.1 --> 204 NO_CONTENT (referrer: -; agent: python-requests/2.9.1)
Jan 30 07:51:04 mas01 sh[17744]: 2018-01-30 07:51:04 regiond: [info] 192.168.11.29 POST /MAAS/metadata/status/pqh6gh HTTP/1.1 --> 204 NO_CONTENT (referrer: -; agent: python-requests/2.9.1)
Jan 30 07:51:04 mas01 sh[17744]: 2018-01-30 07:51:04 regiond: [info] 192.168.11.29 POST /MAAS/metadata/status/pqh6gh HTTP/1.1 --> 204 NO_CONTENT (referrer: -; agent: python-requests/2.9.1)
Jan 30 07:51:04 mas01 sh[18803]: 2018-01-30 07:51:04 regiond: [info] 192.168.11.9 POST /MAAS/metadata/status/p4q3wq HTTP/1.1 --> 204 NO_CONTENT (referrer: -; agent: python-requests/2.9.1)
Jan 30 07:51:04 mas01 sh[17744]: 2018-01-30 07:51:04 regiond: [info] 192.168.11.29 POST /MAAS/metadata/status/pqh6gh HTTP/1.1 --> 204 NO_CONTENT (referrer: -; agent: python-requests/2.9.1)
Jan 30 07:51:04 mas01 sh[18803]: 2018-01-30 07:51:04 regiond: [info] 192.168.11.9 POST /MAAS/metadata/status/p4q3wq HTTP/1.1 --> 204 NO_CONTENT (referrer: -; agent: python-requests/2.9.1)
Jan 30 07:51:04 mas01 sh[17744]: 2018-01-30 07:51:04 regiond: [info] 192.168.11.29 POST /MAAS/metadata/status/pqh6gh HTTP/1.1 --> 204 NO_CONTENT (referrer: -; agent: python-requests/2.9.1)
Jan 30 07:51:04 mas01 sh[17744]: 2018-01-30 07:51:04 regiond: [info] 192.168.11.9 POST /MAAS/metadata/status/p4q3wq HTTP/1.1 --> 204 NO_CONTENT (referrer: -; agent: python-requests/2.9.1)
Jan 30 07:51:04 mas01 sh[17744]: 2018-01-30 07:51:04 regiond: [info] 192.168.11.29 POST /MAAS/metadata/status/pqh6gh HTTP/1.1 --> 204 NO_CONTENT (referrer: -; agent: python-requests/2.9.1)
Jan 30 07:51:04 mas01 sh[17739]: 2018-01-30 07:51:04 regiond: [info] 192.168.11.9 POST /MAAS/metadata/status/p4q3wq HTTP/1.1 --> 204 NO_CONTENT (referrer: -; agent: python-requests/2.9.1)
Jan 30 07:51:04 mas01 sh[17744]: 2018-01-30 07:51:04 regiond: [info] 192.168.11.29 POST /MAAS/metadata/status/pqh6gh HTTP/1.1 --> 204 NO_CONTENT (referrer: -; agent: python-requests/2.9.1)
Jan 30 07:51:04 mas01 sh[18803]: 2018-01-30 07:51:04 regiond: [info] 192.168.11.9 POST /MAAS/metadata/status/p4q3wq HTTP/1.1 --> 204 NO_CONTENT (referrer: -; agent: python-requests/2.9.1)
Jan 30 07:51:04 mas01 sh[17734]: 2018-01-30 07:51:04 regiond: [info] 192.168.11.29 POST /MAAS/metadata/status/pqh6gh HTTP/1.1 --> 204 NO_CONTENT (referrer: -; agent: python-requests/2.9.1)
Jan 30 07:51:04 mas01 sh[17734]: 2018-01-30 07:51:04 regiond: [info] 192.168.11.29 POST /MAAS/metadata/status/pqh6gh HTTP/1.1 --> 204 NO_CONTENT (referrer: -; agent: python-requests/2.9.1)
Jan 30 07:51:04 mas01 sh[17744]: 2018-01-30 07:51:04 regiond: [info] 192.168.11.9 POST /MAAS/metadata/status/p4q3wq HTTP/1.1 --> 204 NO_CONTENT (referrer: -; agent: python-requests/2.9.1)
Jan 30 07:51:04 mas01 sh[17734]: 2018-01-30 07:51:04 regiond: [info] 192.168.11.29 POST /MAAS/metadata/status/pqh6gh HTTP/1.1 --> 204 NO_CONTENT (referrer: -; agent: python-requests/2.9.1)
Jan 30 07:51:04 mas01 sh[18803]: 2018-01-30 07:51:04 regiond: [info] 192.168.11.29 POST /MAAS/metadata/status/pqh6gh HTTP/1.1 --> 204 NO_CONTENT (referrer: -; agent: python-requests/2.9.1)
Jan 30 07:51:04 mas01 sh[17744]: 2018-01-30 07:51:04 regiond: [info] 192.168.11.9 POST /MAAS/metadata/status/p4q3wq HTTP/1.1 --> 204 NO_CONTENT (referrer: -; agent: python-requests/2.9.1)
Jan 30 07:51:04 mas01 sh[18803]: 2018-01-30 07:51:04 regiond: [info] 192.168.11.29 POST /MAAS/metadata/status/pqh6gh HTTP/1.1 --> 204 NO_CONTENT (referrer: -; agent: python-requests/2.9.1)
Jan 30 07:51:04 mas01 sh[17744]: 2018-01-30 07:51:04 regiond: [info] 192.168.11.9 POST /MAAS/metadata/status/p4q3wq HTTP/1.1 --> 204 NO_CONTENT (referrer: -; agent: python-requests/2.9.1)
Jan 30 07:51:04 mas01 sh[17734]: 2018-01-30 07:51:04 regiond: [info] 192.168.11.29 POST /MAAS/metadata/status/pqh6gh HTTP/1.1 --> 204 NO_CONTENT (referrer: -; agent: python-requests/2.9.1)
Jan 30 07:51:04 mas01 sh[17739]: 2018-01-30 07:51:04 regiond: [info] 192.168.11.9 POST /MAAS/metadata/status/p4q3wq HTTP/1.1 --> 204 NO_CONTENT (referrer: -; agent: python-requests/2.9.1)
Jan 30 07:51:04 mas01 sh[17744]: 2018-01-30 07:51:04 regiond: [info] 192.168.11.29 POST /MAAS/metadata/status/pqh6gh HTTP/1.1 --> 204 NO_CONTENT (referrer: -; agent: python-requests/2.9.1)
Jan 30 07:51:04 mas01 sh[17734]: 2018-01-30 07:51:04 regiond: [info] 192.168.11.9 POST /MAAS/metadata/status/p4q3wq HTTP/1.1 --> 204 NO_CONTENT (referrer: -; agent: python-requests/2.9.1)
Jan 30 07:51:04 mas01 sh[17744]: 2018-01-30 07:51:04 regiond: [info] 192.168.11.29 POST /MAAS/metadata/status/pqh6gh HTTP/1.1 --> 204 NO_CONTENT (referrer: -; agent: python-requests/2.9.1)
Jan 30 07:51:04 mas01 sh[17744]: 2018-01-30 07:51:04 regiond: [info] 192.168.11.9 POST /MAAS/metadata/status/p4q3wq HTTP/1.1 --> 204 NO_CONTENT (referrer: -; agent: python-requests/2.9.1)
Jan 30 07:51:04 mas01 sh[17734]: 2018-01-30 07:51:04 regiond: [info] 192.168.11.9 POST /MAAS/metadata/status/p4q3wq HTTP/1.1 --> 204 NO_CONTENT (referrer: -; agent: python-requests/2.9.1)
Jan 30 07:51:04 mas01 sh[17744]: 2018-01-30 07:51:04 regiond: [info] 192.168.11.29 POST /MAAS/metadata/status/pqh6gh HTTP/1.1 --> 204 NO_CONTENT (referrer: -; agent: python-requests/2.9.1)
Jan 30 07:51:04 mas01 sh[17734]: 2018-01-30 07:51:04 regiond: [info] 192.168.11.29 POST /MAAS/metadata/status/pqh6gh HTTP/1.1 --> 204 NO_CONTENT (referrer: -; agent: python-requests/2.9.1)
Jan 30 07:51:04 mas01 sh[17744]: 2018-01-30 07:51:04 regiond: [info] 192.168.11.9 POST /MAAS/metadata/status/p4q3wq HTTP/1.1 --> 204 NO_CONTENT (referrer: -; agent: python-requests/2.9.1)
Jan 30 07:51:04 mas01 sh[17739]: 2018-01-30 07:51:04 regiond: [info] 192.168.11.9 POST /MAAS/metadata/status/p4q3wq HTTP/1.1 --> 204 NO_CONTENT (referrer: -; agent: python-requests/2.9.1)
Jan 30 07:51:04 mas01 sh[17734]: 2018-01-30 07:51:04 regiond: [info] 192.168.11.29 POST /MAAS/metadata/status/pqh6gh HTTP/1.1 --> 204 NO_CONTENT (referrer: -; agent: python-requests/2.9.1)
Jan 30 07:51:04 mas01 sh[17734]: 2018-01-30 07:51:04 regiond: [info] 192.168.11.29 POST /MAAS/metadata/status/pqh6gh HTTP/1.1 --> 204 NO_CONTENT (referrer: -; agent: python-requests/2.9.1)
Jan 30 07:51:04 mas01 sh[18803]: 2018-01-30 07:51:04 regiond: [info] 192.168.11.9 POST /MAAS/metadata/status/p4q3wq HTTP/1.1 --> 204 NO_CONTENT (referrer: -; agent: python-requests/2.9.1)
Jan 30 07:51:04 mas01 sh[17734]: 2018-01-30 07:51:04 regiond: [info] 192.168.11.29 POST /MAAS/metadata/status/pqh6gh HTTP/1.1 --> 204 NO_CONTENT (referrer: -; agent: python-requests/2.9.1)
Jan 30 07:51:04 mas01 sh[17744]: 2018-01-30 07:51:04 regiond: [info] 192.168.11.9 POST /MAAS/metadata/status/p4q3wq HTTP/1.1 --> 204 NO_CONTENT (referrer: -; agent: python-requests/2.9.1)
Jan 30 07:51:04 mas01 sh[18803]: 2018-01-30 07:51:04 regiond: [info] 192.168.11.29 POST /MAAS/metadata/status/pqh6gh HTTP/1.1 --> 204 NO_CONTENT (referrer: -; agent: python-requests/2.9.1)
Jan 30 07:51:04 mas01 sh[18803]: 2018-01-30 07:51:04 regiond: [info] 192.168.11.9 POST /MAAS/metadata/status/p4q3wq HTTP/1.1 --> 204 NO_CONTENT (referrer: -; agent: python-requests/2.9.1)
Jan 30 07:51:04 mas01 sh[17744]: 2018-01-30 07:51:04 regiond: [info] 192.168.11.9 POST /MAAS/metadata/status/p4q3wq HTTP/1.1 --> 204 NO_CONTENT (referrer: -; agent: python-requests/2.9.1)
Jan 30 07:51:04 mas01 sh[18803]: 2018-01-30 07:51:04 regiond: [info] 192.168.11.9 POST /MAAS/metadata/status/p4q3wq HTTP/1.1 --> 204 NO_CONTENT (referrer: -; agent: python-requests/2.9.1)
Jan 30 07:51:10 mas01 salt-minion[2117]: [INFO    ] User sudo_ubuntu Executing command state.apply with jid 20180130075110758152
Jan 30 07:51:10 mas01 salt-minion[2117]: [INFO    ] Starting a new job with PID 19650
Jan 30 07:51:12 mas01 sh[17739]: 2018-01-30 07:51:12 regiond: [info] 192.168.11.9 POST /MAAS/metadata/2012-03-01/ HTTP/1.1 --> 200 OK (referrer: -; agent: Python-urllib/3.5)
Jan 30 07:51:12 mas01 sh[17744]: 2018-01-30 07:51:12 regiond: [info] 192.168.11.9 GET /MAAS/metadata/2012-03-01/maas-scripts/ HTTP/1.1 --> 200 OK (referrer: -; agent: Python-urllib/3.5)
Jan 30 07:51:12 mas01 sh[17744]: 2018-01-30 07:51:12 regiond: [info] 192.168.11.9 POST /MAAS/metadata/2012-03-01/ HTTP/1.1 --> 200 OK (referrer: -; agent: Python-urllib/3.5)
Jan 30 07:51:12 mas01 sh[18803]: 2018-01-30 07:51:12 regiond: [info] 192.168.11.9 POST /MAAS/metadata/2012-03-01/ HTTP/1.1 --> 200 OK (referrer: -; agent: Python-urllib/3.5)
Jan 30 07:51:12 mas01 sh[17739]: 2018-01-30 07:51:12 regiond: [info] 192.168.11.9 GET /MAAS/metadata/latest/by-id/p4q3wq/?op=get_preseed HTTP/1.1 --> 200 OK (referrer: -; agent: curl/7.47.0)
Jan 30 07:51:13 mas01 salt-minion[2117]: [INFO    ] Loading fresh modules for state activity
Jan 30 07:51:13 mas01 salt-minion[2117]: [INFO    ] Running state [maas-region apikey --username opnfv > /var/lib/maas/.maas_credentials] at time 07:51:13.214947
Jan 30 07:51:13 mas01 salt-minion[2117]: [INFO    ] Executing state cmd.run for maas-region apikey --username opnfv > /var/lib/maas/.maas_credentials
Jan 30 07:51:13 mas01 salt-minion[2117]: [INFO    ] Executing command 'maas-region apikey --username opnfv > /var/lib/maas/.maas_credentials' in directory '/root'
Jan 30 07:51:13 mas01 sh[18803]: 2018-01-30 07:51:13 regiond: [info] 192.168.11.9 POST /MAAS/metadata/2012-03-01/ HTTP/1.1 --> 200 OK (referrer: -; agent: Python-urllib/3.5)
Jan 30 07:51:13 mas01 sh[17734]: 2018-01-30 07:51:13 regiond: [info] 192.168.11.9 POST /MAAS/metadata/2012-03-01/ HTTP/1.1 --> 200 OK (referrer: -; agent: Python-urllib/3.5)
Jan 30 07:51:13 mas01 sh[17739]: 2018-01-30 07:51:13 regiond: [info] 192.168.11.9 POST /MAAS/metadata/2012-03-01/ HTTP/1.1 --> 200 OK (referrer: -; agent: Python-urllib/3.5)
Jan 30 07:51:13 mas01 sh[18803]: 2018-01-30 07:51:13 regiond: [info] 192.168.11.9 POST /MAAS/metadata/2012-03-01/ HTTP/1.1 --> 200 OK (referrer: -; agent: Python-urllib/3.5)
Jan 30 07:51:13 mas01 sh[17744]: 2018-01-30 07:51:13 regiond: [info] 192.168.11.29 POST /MAAS/metadata/2012-03-01/ HTTP/1.1 --> 200 OK (referrer: -; agent: Python-urllib/3.5)
Jan 30 07:51:13 mas01 sh[18803]: 2018-01-30 07:51:13 regiond: [info] 192.168.11.29 POST /MAAS/metadata/2012-03-01/ HTTP/1.1 --> 200 OK (referrer: -; agent: Python-urllib/3.5)
Jan 30 07:51:13 mas01 sh[17734]: 2018-01-30 07:51:13 regiond: [info] 192.168.11.29 GET /MAAS/metadata/2012-03-01/maas-scripts/ HTTP/1.1 --> 200 OK (referrer: -; agent: Python-urllib/3.5)
Jan 30 07:51:13 mas01 sh[18803]: 2018-01-30 07:51:13 regiond: [info] 192.168.11.29 POST /MAAS/metadata/2012-03-01/ HTTP/1.1 --> 200 OK (referrer: -; agent: Python-urllib/3.5)
Jan 30 07:51:13 mas01 sh[17739]: 2018-01-30 07:51:13 regiond: [info] 192.168.11.29 GET /MAAS/metadata/latest/by-id/pqh6gh/?op=get_preseed HTTP/1.1 --> 200 OK (referrer: -; agent: curl/7.47.0)
Jan 30 07:51:14 mas01 sh[18803]: 2018-01-30 07:51:14 regiond: [info] 192.168.11.29 POST /MAAS/metadata/2012-03-01/ HTTP/1.1 --> 200 OK (referrer: -; agent: Python-urllib/3.5)
Jan 30 07:51:14 mas01 sh[18803]: 2018-01-30 07:51:14 regiond: [info] 192.168.11.29 POST /MAAS/metadata/2012-03-01/ HTTP/1.1 --> 200 OK (referrer: -; agent: Python-urllib/3.5)
Jan 30 07:51:14 mas01 sh[17739]: 2018-01-30 07:51:14 regiond: [info] 192.168.11.29 POST /MAAS/metadata/2012-03-01/ HTTP/1.1 --> 200 OK (referrer: -; agent: Python-urllib/3.5)
Jan 30 07:51:14 mas01 sh[17744]: 2018-01-30 07:51:14 regiond: [info] 192.168.11.9 POST /MAAS/metadata/2012-03-01/ HTTP/1.1 --> 200 OK (referrer: -; agent: Python-urllib/3.5)
Jan 30 07:51:14 mas01 sh[17739]: 2018-01-30 07:51:14 regiond: [info] 192.168.11.29 POST /MAAS/metadata/2012-03-01/ HTTP/1.1 --> 200 OK (referrer: -; agent: Python-urllib/3.5)
Jan 30 07:51:14 mas01 sh[17739]: 2018-01-30 07:51:14 regiond: [info] 192.168.11.9 POST /MAAS/metadata/2012-03-01/ HTTP/1.1 --> 200 OK (referrer: -; agent: Python-urllib/3.5)
Jan 30 07:51:14 mas01 sh[18803]: 2018-01-30 07:51:14 regiond: [info] 192.168.11.9 POST /MAAS/metadata/2012-03-01/ HTTP/1.1 --> 200 OK (referrer: -; agent: Python-urllib/3.5)
Jan 30 07:51:14 mas01 sh[17734]: 2018-01-30 07:51:14 regiond: [info] 192.168.11.9 POST /MAAS/metadata/2012-03-01/ HTTP/1.1 --> 200 OK (referrer: -; agent: Python-urllib/3.5)
Jan 30 07:51:15 mas01 salt-minion[2117]: [INFO    ] {'pid': 19673, 'retcode': 0, 'stderr': '', 'stdout': ''}
Jan 30 07:51:15 mas01 salt-minion[2117]: [INFO    ] Completed state [maas-region apikey --username opnfv > /var/lib/maas/.maas_credentials] at time 07:51:15.129456 duration_in_ms=1914.507
Jan 30 07:51:15 mas01 salt-minion[2117]: [INFO    ] Running state [maas.machines_status] at time 07:51:15.132346
Jan 30 07:51:15 mas01 salt-minion[2117]: [INFO    ] Executing state module.run for maas.machines_status
Jan 30 07:51:15 mas01 sh[17734]: 2018-01-30 07:51:15 regiond: [info] 127.0.0.1 GET /MAAS/api/2.0/machines/ HTTP/1.1 --> 200 OK (referrer: -; agent: Python-urllib/2.7)
Jan 30 07:51:15 mas01 salt-minion[2117]: [INFO    ] {'ret': {'machines': [{'status': 'Commissioning', 'hostname': u'cmp002', 'system_id': u'p4q3wq'}, {'status': 'Commissioning', 'hostname': u'cmp001', 'system_id': u'pqh6gh'}, {'status': 'Commissioning', 'hostname': u'kvm01', 'system_id': u'h7r8ah'}, {'status': 'Commissioning', 'hostname': u'kvm03', 'system_id': u'cr64f8'}, {'status': 'Commissioning', 'hostname': u'kvm02', 'system_id': u'bhfcy3'}], 'summary': Counter({'Commissioning': 5})}}
Jan 30 07:51:15 mas01 salt-minion[2117]: [INFO    ] Completed state [maas.machines_status] at time 07:51:15.424808 duration_in_ms=292.459
Jan 30 07:51:15 mas01 salt-minion[2117]: [INFO    ] Returning information for job: 20180130075110758152
Jan 30 07:51:15 mas01 sh[17739]: 2018-01-30 07:51:15 regiond: [info] 192.168.11.29 POST /MAAS/metadata/2012-03-01/ HTTP/1.1 --> 200 OK (referrer: -; agent: Python-urllib/3.5)
Jan 30 07:51:15 mas01 sh[17734]: 2018-01-30 07:51:15 regiond: [info] 192.168.11.29 POST /MAAS/metadata/2012-03-01/ HTTP/1.1 --> 200 OK (referrer: -; agent: Python-urllib/3.5)
Jan 30 07:51:15 mas01 sh[17739]: 2018-01-30 07:51:15 regiond: [info] 192.168.11.29 POST /MAAS/metadata/2012-03-01/ HTTP/1.1 --> 200 OK (referrer: -; agent: Python-urllib/3.5)
Jan 30 07:51:15 mas01 sh[17744]: 2018-01-30 07:51:15 regiond: [info] 192.168.11.29 POST /MAAS/metadata/2012-03-01/ HTTP/1.1 --> 200 OK (referrer: -; agent: Python-urllib/3.5)
Jan 30 07:51:16 mas01 sh[17739]: 2018-01-30 07:51:16 regiond: [info] 192.168.11.9 POST /MAAS/metadata/2012-03-01/ HTTP/1.1 --> 200 OK (referrer: -; agent: Python-urllib/3.5)
Jan 30 07:51:17 mas01 sh[17744]: 2018-01-30 07:51:17 regiond: [info] 192.168.11.9 POST /MAAS/metadata/2012-03-01/ HTTP/1.1 --> 200 OK (referrer: -; agent: Python-urllib/3.5)
Jan 30 07:51:17 mas01 sh[17744]: 2018-01-30 07:51:17 regiond: [info] 192.168.11.9 POST /MAAS/metadata/2012-03-01/ HTTP/1.1 --> 200 OK (referrer: -; agent: Python-urllib/3.5)
Jan 30 07:51:17 mas01 sh[17739]: 2018-01-30 07:51:17 regiond: [info] 192.168.11.9 POST /MAAS/metadata/2012-03-01/ HTTP/1.1 --> 200 OK (referrer: -; agent: Python-urllib/3.5)
Jan 30 07:51:17 mas01 sh[17744]: 2018-01-30 07:51:17 regiond: [info] 192.168.11.9 POST /MAAS/metadata/2012-03-01/ HTTP/1.1 --> 200 OK (referrer: -; agent: Python-urllib/3.5)
Jan 30 07:51:17 mas01 sh[18803]: 2018-01-30 07:51:17 regiond: [info] 192.168.11.29 POST /MAAS/metadata/2012-03-01/ HTTP/1.1 --> 200 OK (referrer: -; agent: Python-urllib/3.5)
Jan 30 07:51:17 mas01 sh[17744]: 2018-01-30 07:51:17 regiond: [info] 192.168.11.29 POST /MAAS/metadata/2012-03-01/ HTTP/1.1 --> 200 OK (referrer: -; agent: Python-urllib/3.5)
Jan 30 07:51:17 mas01 sh[17739]: 2018-01-30 07:51:17 regiond: [info] 192.168.11.29 POST /MAAS/metadata/2012-03-01/ HTTP/1.1 --> 200 OK (referrer: -; agent: Python-urllib/3.5)
Jan 30 07:51:18 mas01 sh[17744]: 2018-01-30 07:51:18 regiond: [info] 192.168.11.29 POST /MAAS/metadata/2012-03-01/ HTTP/1.1 --> 200 OK (referrer: -; agent: Python-urllib/3.5)
Jan 30 07:51:18 mas01 sh[17744]: 2018-01-30 07:51:18 regiond: [info] 192.168.11.29 POST /MAAS/metadata/2012-03-01/ HTTP/1.1 --> 200 OK (referrer: -; agent: Python-urllib/3.5)
Jan 30 07:51:19 mas01 sh[17734]: 2018-01-30 07:51:19 regiond: [info] 192.168.11.9 POST /MAAS/metadata/2012-03-01/ HTTP/1.1 --> 200 OK (referrer: -; agent: Python-urllib/3.5)
Jan 30 07:51:19 mas01 sh[17744]: 2018-01-30 07:51:19 regiond: [info] 192.168.11.9 POST /MAAS/metadata/2012-03-01/ HTTP/1.1 --> 200 OK (referrer: -; agent: Python-urllib/3.5)
Jan 30 07:51:20 mas01 sh[17734]: 2018-01-30 07:51:20 regiond: [info] 192.168.11.29 POST /MAAS/metadata/2012-03-01/ HTTP/1.1 --> 200 OK (referrer: -; agent: Python-urllib/3.5)
Jan 30 07:51:20 mas01 sh[17734]: 2018-01-30 07:51:20 regiond: [info] 192.168.11.29 POST /MAAS/metadata/2012-03-01/ HTTP/1.1 --> 200 OK (referrer: -; agent: Python-urllib/3.5)
Jan 30 07:51:21 mas01 dhcpd[19183]: DHCPDISCOVER from 9c:b6:54:8a:10:1c via ens4
Jan 30 07:51:21 mas01 dhcpd[19183]: DHCPDISCOVER from 9c:b6:54:8a:95:a4 via ens4
Jan 30 07:51:22 mas01 dhcpd[19183]: DHCPOFFER on 192.168.11.30 to 9c:b6:54:8a:10:1c (cmp002) via ens4
Jan 30 07:51:22 mas01 dhcpd[19183]: execute_statement argv[0] = /usr/sbin/maas-dhcp-helper
Jan 30 07:51:22 mas01 dhcpd[19183]: execute_statement argv[1] = notify
Jan 30 07:51:22 mas01 dhcpd[19183]: execute_statement argv[2] = --action
Jan 30 07:51:22 mas01 dhcpd[19183]: execute_statement argv[3] = commit
Jan 30 07:51:22 mas01 dhcpd[19183]: execute_statement argv[4] = --mac
Jan 30 07:51:22 mas01 dhcpd[19183]: execute_statement argv[5] = 9c:b6:54:8a:10:1c
Jan 30 07:51:22 mas01 dhcpd[19183]: execute_statement argv[6] = --ip-family
Jan 30 07:51:22 mas01 dhcpd[19183]: execute_statement argv[7] = ipv4
Jan 30 07:51:22 mas01 dhcpd[19183]: execute_statement argv[8] = --ip
Jan 30 07:51:22 mas01 dhcpd[19183]: execute_statement argv[9] = 192.168.11.30
Jan 30 07:51:22 mas01 dhcpd[19183]: execute_statement argv[10] = --lease-time
Jan 30 07:51:22 mas01 dhcpd[19183]: execute_statement argv[11] = 600
Jan 30 07:51:22 mas01 dhcpd[19183]: execute_statement argv[12] = --hostname
Jan 30 07:51:22 mas01 dhcpd[19183]: execute_statement argv[13] = cmp002
Jan 30 07:51:22 mas01 dhcpd[19183]: execute_statement argv[14] = --socket
Jan 30 07:51:22 mas01 dhcpd[19183]: execute_statement argv[15] = /var/lib/maas/dhcpd.sock
Jan 30 07:51:22 mas01 dhcpd[19183]: DHCPREQUEST for 192.168.11.30 (192.168.11.3) from 9c:b6:54:8a:10:1c (cmp002) via ens4
Jan 30 07:51:22 mas01 dhcpd[19183]: DHCPACK on 192.168.11.30 to 9c:b6:54:8a:10:1c (cmp002) via ens4
Jan 30 07:51:22 mas01 dhcpd[19183]: DHCPOFFER on 192.168.11.31 to 9c:b6:54:8a:95:a4 (cmp001) via ens4
Jan 30 07:51:22 mas01 dhcpd[19183]: execute_statement argv[0] = /usr/sbin/maas-dhcp-helper
Jan 30 07:51:22 mas01 dhcpd[19183]: execute_statement argv[1] = notify
Jan 30 07:51:22 mas01 dhcpd[19183]: execute_statement argv[2] = --action
Jan 30 07:51:22 mas01 dhcpd[19183]: execute_statement argv[3] = commit
Jan 30 07:51:22 mas01 dhcpd[19183]: execute_statement argv[4] = --mac
Jan 30 07:51:22 mas01 dhcpd[19183]: execute_statement argv[5] = 9c:b6:54:8a:95:a4
Jan 30 07:51:22 mas01 dhcpd[19183]: execute_statement argv[6] = --ip-family
Jan 30 07:51:22 mas01 dhcpd[19183]: execute_statement argv[7] = ipv4
Jan 30 07:51:22 mas01 dhcpd[19183]: execute_statement argv[8] = --ip
Jan 30 07:51:22 mas01 dhcpd[19183]: execute_statement argv[9] = 192.168.11.31
Jan 30 07:51:22 mas01 dhcpd[19183]: execute_statement argv[10] = --lease-time
Jan 30 07:51:22 mas01 dhcpd[19183]: execute_statement argv[11] = 600
Jan 30 07:51:22 mas01 dhcpd[19183]: execute_statement argv[12] = --hostname
Jan 30 07:51:22 mas01 dhcpd[19183]: execute_statement argv[13] = cmp001
Jan 30 07:51:22 mas01 dhcpd[19183]: execute_statement argv[14] = --socket
Jan 30 07:51:22 mas01 dhcpd[19183]: execute_statement argv[15] = /var/lib/maas/dhcpd.sock
Jan 30 07:51:22 mas01 sh[17744]: 2018-01-30 07:51:22 maasserver.rpc.leases: [info] Lease update: commit for 192.168.11.30 on 9c:b6:54:8a:10:1c at 2018-01-30 07:51:22 (lease time: 600s) (hostname: cmp002)
Jan 30 07:51:22 mas01 dhcpd[19183]: DHCPREQUEST for 192.168.11.31 (192.168.11.3) from 9c:b6:54:8a:95:a4 (cmp001) via ens4
Jan 30 07:51:22 mas01 dhcpd[19183]: DHCPACK on 192.168.11.31 to 9c:b6:54:8a:95:a4 (cmp001) via ens4
Jan 30 07:51:23 mas01 sh[17739]: 2018-01-30 07:51:23 maasserver.rpc.leases: [info] Lease update: commit for 192.168.11.31 on 9c:b6:54:8a:95:a4 at 2018-01-30 07:51:22 (lease time: 600s) (hostname: cmp001)
Jan 30 07:51:26 mas01 salt-minion[2117]: [INFO    ] User sudo_ubuntu Executing command state.apply with jid 20180130075126113586
Jan 30 07:51:26 mas01 salt-minion[2117]: [INFO    ] Starting a new job with PID 19733
Jan 30 07:51:26 mas01 salt-minion[2117]: [INFO    ] Loading fresh modules for state activity
Jan 30 07:51:26 mas01 salt-minion[2117]: [INFO    ] Running state [maas-region apikey --username opnfv > /var/lib/maas/.maas_credentials] at time 07:51:26.805767
Jan 30 07:51:26 mas01 salt-minion[2117]: [INFO    ] Executing state cmd.run for maas-region apikey --username opnfv > /var/lib/maas/.maas_credentials
Jan 30 07:51:26 mas01 salt-minion[2117]: [INFO    ] Executing command 'maas-region apikey --username opnfv > /var/lib/maas/.maas_credentials' in directory '/root'
Jan 30 07:51:28 mas01 sh[17739]: 2018-01-30 07:51:28 regiond: [info] 192.168.11.9 POST /MAAS/metadata/2012-03-01/ HTTP/1.1 --> 200 OK (referrer: -; agent: Python-urllib/3.5)
Jan 30 07:51:28 mas01 sh[17739]: 2018-01-30 07:51:28 regiond: [info] 192.168.11.9 POST /MAAS/metadata/2012-03-01/ HTTP/1.1 --> 200 OK (referrer: -; agent: Python-urllib/3.5)
Jan 30 07:51:28 mas01 salt-minion[2117]: [INFO    ] {'pid': 19740, 'retcode': 0, 'stderr': '', 'stdout': ''}
Jan 30 07:51:28 mas01 salt-minion[2117]: [INFO    ] Completed state [maas-region apikey --username opnfv > /var/lib/maas/.maas_credentials] at time 07:51:28.644685 duration_in_ms=1838.919
Jan 30 07:51:28 mas01 salt-minion[2117]: [INFO    ] Running state [maas.machines_status] at time 07:51:28.646050
Jan 30 07:51:28 mas01 salt-minion[2117]: [INFO    ] Executing state module.run for maas.machines_status
Jan 30 07:51:28 mas01 sh[17734]: 2018-01-30 07:51:28 regiond: [info] 192.168.11.9 POST /MAAS/metadata/2012-03-01/ HTTP/1.1 --> 200 OK (referrer: -; agent: Python-urllib/3.5)
Jan 30 07:51:28 mas01 sh[17734]: 2018-01-30 07:51:28 regiond: [info] 192.168.11.9 POST /MAAS/metadata/2012-03-01/ HTTP/1.1 --> 200 OK (referrer: -; agent: Python-urllib/3.5)
Jan 30 07:51:28 mas01 sh[18803]: 2018-01-30 07:51:28 regiond: [info] 192.168.11.9 POST /MAAS/metadata/2012-03-01/ HTTP/1.1 --> 200 OK (referrer: -; agent: Python-urllib/3.5)
Jan 30 07:51:28 mas01 salt-minion[2117]: [INFO    ] {'ret': {'machines': [{'status': 'Commissioning', 'hostname': u'cmp002', 'system_id': u'p4q3wq'}, {'status': 'Commissioning', 'hostname': u'cmp001', 'system_id': u'pqh6gh'}, {'status': 'Commissioning', 'hostname': u'kvm01', 'system_id': u'h7r8ah'}, {'status': 'Commissioning', 'hostname': u'kvm03', 'system_id': u'cr64f8'}, {'status': 'Commissioning', 'hostname': u'kvm02', 'system_id': u'bhfcy3'}], 'summary': Counter({'Commissioning': 5})}}
Jan 30 07:51:28 mas01 salt-minion[2117]: [INFO    ] Completed state [maas.machines_status] at time 07:51:28.974733 duration_in_ms=328.677
Jan 30 07:51:28 mas01 salt-minion[2117]: [INFO    ] Returning information for job: 20180130075126113586
Jan 30 07:51:29 mas01 sh[18803]: 2018-01-30 07:51:29 regiond: [info] 192.168.11.9 POST /MAAS/metadata/2012-03-01/ HTTP/1.1 --> 200 OK (referrer: -; agent: Python-urllib/3.5)
Jan 30 07:51:29 mas01 sh[17739]: 2018-01-30 07:51:29 regiond: [info] 192.168.11.29 POST /MAAS/metadata/2012-03-01/ HTTP/1.1 --> 200 OK (referrer: -; agent: Python-urllib/3.5)
Jan 30 07:51:29 mas01 sh[17744]: 2018-01-30 07:51:29 regiond: [info] 192.168.11.29 POST /MAAS/metadata/2012-03-01/ HTTP/1.1 --> 200 OK (referrer: -; agent: Python-urllib/3.5)
Jan 30 07:51:29 mas01 sh[17744]: message repeated 3 times: [ 2018-01-30 07:51:29 regiond: [info] 192.168.11.29 POST /MAAS/metadata/2012-03-01/ HTTP/1.1 --> 200 OK (referrer: -; agent: Python-urllib/3.5)]
Jan 30 07:51:29 mas01 sh[17739]: 2018-01-30 07:51:29 regiond: [info] 192.168.11.29 POST /MAAS/metadata/2012-03-01/ HTTP/1.1 --> 200 OK (referrer: -; agent: Python-urllib/3.5)
Jan 30 07:51:30 mas01 sh[17739]: 2018-01-30 07:51:30 regiond: [info] 127.0.0.1 GET /MAAS/rpc/ HTTP/1.0 --> 200 OK (referrer: -; agent: provisioningserver.rpc.clusterservice.ClusterClientService)
Jan 30 07:51:39 mas01 salt-minion[2117]: [INFO    ] User sudo_ubuntu Executing command state.apply with jid 20180130075139694970
Jan 30 07:51:39 mas01 salt-minion[2117]: [INFO    ] Starting a new job with PID 19911
Jan 30 07:51:42 mas01 salt-minion[2117]: [INFO    ] Loading fresh modules for state activity
Jan 30 07:51:42 mas01 salt-minion[2117]: [INFO    ] Running state [maas-region apikey --username opnfv > /var/lib/maas/.maas_credentials] at time 07:51:42.146922
Jan 30 07:51:42 mas01 salt-minion[2117]: [INFO    ] Executing state cmd.run for maas-region apikey --username opnfv > /var/lib/maas/.maas_credentials
Jan 30 07:51:42 mas01 salt-minion[2117]: [INFO    ] Executing command 'maas-region apikey --username opnfv > /var/lib/maas/.maas_credentials' in directory '/root'
Jan 30 07:51:43 mas01 salt-minion[2117]: [INFO    ] {'pid': 19949, 'retcode': 0, 'stderr': '', 'stdout': ''}
Jan 30 07:51:43 mas01 salt-minion[2117]: [INFO    ] Completed state [maas-region apikey --username opnfv > /var/lib/maas/.maas_credentials] at time 07:51:43.947535 duration_in_ms=1800.612
Jan 30 07:51:43 mas01 salt-minion[2117]: [INFO    ] Running state [maas.machines_status] at time 07:51:43.950338
Jan 30 07:51:43 mas01 salt-minion[2117]: [INFO    ] Executing state module.run for maas.machines_status
Jan 30 07:51:44 mas01 salt-minion[2117]: [INFO    ] {'ret': {'machines': [{'status': 'Commissioning', 'hostname': u'cmp002', 'system_id': u'p4q3wq'}, {'status': 'Commissioning', 'hostname': u'cmp001', 'system_id': u'pqh6gh'}, {'status': 'Commissioning', 'hostname': u'kvm01', 'system_id': u'h7r8ah'}, {'status': 'Commissioning', 'hostname': u'kvm03', 'system_id': u'cr64f8'}, {'status': 'Commissioning', 'hostname': u'kvm02', 'system_id': u'bhfcy3'}], 'summary': Counter({'Commissioning': 5})}}
Jan 30 07:51:44 mas01 salt-minion[2117]: [INFO    ] Completed state [maas.machines_status] at time 07:51:44.286965 duration_in_ms=336.625
Jan 30 07:51:44 mas01 sh[18803]: 2018-01-30 07:51:44 regiond: [info] 127.0.0.1 GET /MAAS/api/2.0/machines/ HTTP/1.1 --> 200 OK (referrer: -; agent: Python-urllib/2.7)
Jan 30 07:51:44 mas01 salt-minion[2117]: [INFO    ] Returning information for job: 20180130075139694970
Jan 30 07:51:55 mas01 salt-minion[2117]: [INFO    ] User sudo_ubuntu Executing command state.apply with jid 20180130075155004432
Jan 30 07:51:55 mas01 salt-minion[2117]: [INFO    ] Starting a new job with PID 19960
Jan 30 07:51:55 mas01 salt-minion[2117]: [INFO    ] Loading fresh modules for state activity
Jan 30 07:51:55 mas01 salt-minion[2117]: [INFO    ] Running state [maas-region apikey --username opnfv > /var/lib/maas/.maas_credentials] at time 07:51:55.703589
Jan 30 07:51:55 mas01 salt-minion[2117]: [INFO    ] Executing state cmd.run for maas-region apikey --username opnfv > /var/lib/maas/.maas_credentials
Jan 30 07:51:55 mas01 salt-minion[2117]: [INFO    ] Executing command 'maas-region apikey --username opnfv > /var/lib/maas/.maas_credentials' in directory '/root'
Jan 30 07:51:57 mas01 salt-minion[2117]: [INFO    ] {'pid': 19967, 'retcode': 0, 'stderr': '', 'stdout': ''}
Jan 30 07:51:57 mas01 salt-minion[2117]: [INFO    ] Completed state [maas-region apikey --username opnfv > /var/lib/maas/.maas_credentials] at time 07:51:57.465065 duration_in_ms=1761.474
Jan 30 07:51:57 mas01 salt-minion[2117]: [INFO    ] Running state [maas.machines_status] at time 07:51:57.467316
Jan 30 07:51:57 mas01 salt-minion[2117]: [INFO    ] Executing state module.run for maas.machines_status
Jan 30 07:51:57 mas01 sh[17744]: 2018-01-30 07:51:57 regiond: [info] 127.0.0.1 GET /MAAS/api/2.0/machines/ HTTP/1.1 --> 200 OK (referrer: -; agent: Python-urllib/2.7)
Jan 30 07:51:57 mas01 salt-minion[2117]: [INFO    ] {'ret': {'machines': [{'status': 'Commissioning', 'hostname': u'cmp002', 'system_id': u'p4q3wq'}, {'status': 'Commissioning', 'hostname': u'cmp001', 'system_id': u'pqh6gh'}, {'status': 'Commissioning', 'hostname': u'kvm01', 'system_id': u'h7r8ah'}, {'status': 'Commissioning', 'hostname': u'kvm03', 'system_id': u'cr64f8'}, {'status': 'Commissioning', 'hostname': u'kvm02', 'system_id': u'bhfcy3'}], 'summary': Counter({'Commissioning': 5})}}
Jan 30 07:51:57 mas01 salt-minion[2117]: [INFO    ] Completed state [maas.machines_status] at time 07:51:57.756231 duration_in_ms=288.916
Jan 30 07:51:57 mas01 salt-minion[2117]: [INFO    ] Returning information for job: 20180130075155004432
Jan 30 07:52:00 mas01 sh[17734]: 2018-01-30 07:52:00 regiond: [info] 127.0.0.1 GET /MAAS/rpc/ HTTP/1.0 --> 200 OK (referrer: -; agent: provisioningserver.rpc.clusterservice.ClusterClientService)
Jan 30 07:52:01 mas01 dhcpd[19183]: DHCPDISCOVER from 14:58:d0:54:e7:88 via ens4
Jan 30 07:52:02 mas01 dhcpd[19183]: DHCPOFFER on 192.168.11.32 to 14:58:d0:54:e7:88 via ens4
Jan 30 07:52:06 mas01 dhcpd[19183]: execute_statement argv[0] = /usr/sbin/maas-dhcp-helper
Jan 30 07:52:06 mas01 dhcpd[19183]: execute_statement argv[1] = notify
Jan 30 07:52:06 mas01 dhcpd[19183]: execute_statement argv[2] = --action
Jan 30 07:52:06 mas01 dhcpd[19183]: execute_statement argv[3] = commit
Jan 30 07:52:06 mas01 dhcpd[19183]: execute_statement argv[4] = --mac
Jan 30 07:52:06 mas01 dhcpd[19183]: execute_statement argv[5] = 14:58:d0:54:e7:88
Jan 30 07:52:06 mas01 dhcpd[19183]: execute_statement argv[6] = --ip-family
Jan 30 07:52:06 mas01 dhcpd[19183]: execute_statement argv[7] = ipv4
Jan 30 07:52:06 mas01 dhcpd[19183]: execute_statement argv[8] = --ip
Jan 30 07:52:06 mas01 dhcpd[19183]: execute_statement argv[9] = 192.168.11.32
Jan 30 07:52:06 mas01 dhcpd[19183]: execute_statement argv[10] = --lease-time
Jan 30 07:52:06 mas01 dhcpd[19183]: execute_statement argv[11] = 30
Jan 30 07:52:06 mas01 dhcpd[19183]: execute_statement argv[12] = --hostname
Jan 30 07:52:06 mas01 dhcpd[19183]: execute_statement argv[13] = (none)
Jan 30 07:52:06 mas01 dhcpd[19183]: execute_statement argv[14] = --socket
