Jan 13 23:52:38 mas01 salt-minion[2557]: [INFO    ] Completed state [maas-region apikey --username opnfv > /var/lib/maas/.maas_credentials] at time 23:52:38.544077 duration_in_ms=1482.589
Jan 13 23:52:38 mas01 salt-minion[2557]: [INFO    ] Running state [maas.machines_status] at time 23:52:38.546198
Jan 13 23:52:38 mas01 salt-minion[2557]: [INFO    ] Executing state module.run for maas.machines_status
Jan 13 23:52:39 mas01 sh[18902]: 2018-01-13 23:52:39 regiond: [info] 127.0.0.1 GET /MAAS/api/2.0/machines/ HTTP/1.1 --> 200 OK (referrer: -; agent: Python-urllib/2.7)
Jan 13 23:52:39 mas01 salt-minion[2557]: [INFO    ] {'ret': {'machines': [{'status': 'Deploying', 'hostname': u'cmp001', 'system_id': u'khshdb'}, {'status': 'Deploying', 'hostname': u'kvm01', 'system_id': u't6wern'}, {'status': 'Deploying', 'hostname': u'kvm03', 'system_id': u'db8xfe'}, {'status': 'Deploying', 'hostname': u'kvm02', 'system_id': u'fhy7we'}, {'status': 'Deploying', 'hostname': u'cmp002', 'system_id': u'reh7xx'}], 'summary': Counter({'Deploying': 5})}}
Jan 13 23:52:39 mas01 salt-minion[2557]: [INFO    ] Completed state [maas.machines_status] at time 23:52:39.232719 duration_in_ms=686.52
Jan 13 23:52:39 mas01 salt-minion[2557]: [INFO    ] Returning information for job: 20180113235235378473
Jan 13 23:52:42 mas01 dhcpd[22718]: DHCPDISCOVER from 00:25:b5:a0:00:6a via ens5
Jan 13 23:52:42 mas01 dhcpd[22718]: DHCPOFFER on 192.168.11.17 to 00:25:b5:a0:00:6a (cmp002) via ens5
Jan 13 23:52:42 mas01 dhcpd[22718]: execute_statement argv[0] = /usr/sbin/maas-dhcp-helper
Jan 13 23:52:42 mas01 dhcpd[22718]: execute_statement argv[1] = notify
Jan 13 23:52:42 mas01 dhcpd[22718]: execute_statement argv[2] = --action
Jan 13 23:52:42 mas01 dhcpd[22718]: execute_statement argv[3] = commit
Jan 13 23:52:42 mas01 dhcpd[22718]: execute_statement argv[4] = --mac
Jan 13 23:52:42 mas01 dhcpd[22718]: execute_statement argv[5] = 0:25:b5:a0:0:6a
Jan 13 23:52:42 mas01 dhcpd[22718]: execute_statement argv[6] = --ip-family
Jan 13 23:52:42 mas01 dhcpd[22718]: execute_statement argv[7] = ipv4
Jan 13 23:52:42 mas01 dhcpd[22718]: execute_statement argv[8] = --ip
Jan 13 23:52:42 mas01 dhcpd[22718]: execute_statement argv[9] = 192.168.11.17
Jan 13 23:52:42 mas01 dhcpd[22718]: execute_statement argv[10] = --lease-time
Jan 13 23:52:42 mas01 dhcpd[22718]: execute_statement argv[11] = 600
Jan 13 23:52:42 mas01 dhcpd[22718]: execute_statement argv[12] = --hostname
Jan 13 23:52:42 mas01 dhcpd[22718]: execute_statement argv[13] = cmp002
Jan 13 23:52:42 mas01 dhcpd[22718]: execute_statement argv[14] = --socket
Jan 13 23:52:42 mas01 dhcpd[22718]: execute_statement argv[15] = /var/lib/maas/dhcpd.sock
Jan 13 23:52:43 mas01 dhcpd[22718]: DHCPREQUEST for 192.168.11.17 (192.168.11.3) from 00:25:b5:a0:00:6a (cmp002) via ens5
Jan 13 23:52:43 mas01 dhcpd[22718]: DHCPACK on 192.168.11.17 to 00:25:b5:a0:00:6a (cmp002) via ens5
Jan 13 23:52:43 mas01 dhcpd[22718]: DHCPDISCOVER from 00:25:b5:a0:00:5a via ens5
Jan 13 23:52:43 mas01 dhcpd[22718]: DHCPOFFER on 192.168.11.13 to 00:25:b5:a0:00:5a (cmp001) via ens5
Jan 13 23:52:43 mas01 dhcpd[22718]: execute_statement argv[0] = /usr/sbin/maas-dhcp-helper
Jan 13 23:52:43 mas01 dhcpd[22718]: execute_statement argv[1] = notify
Jan 13 23:52:43 mas01 dhcpd[22718]: execute_statement argv[2] = --action
Jan 13 23:52:43 mas01 dhcpd[22718]: execute_statement argv[3] = commit
Jan 13 23:52:43 mas01 dhcpd[22718]: execute_statement argv[4] = --mac
Jan 13 23:52:43 mas01 dhcpd[22718]: execute_statement argv[5] = 0:25:b5:a0:0:5a
Jan 13 23:52:43 mas01 dhcpd[22718]: execute_statement argv[6] = --ip-family
Jan 13 23:52:43 mas01 dhcpd[22718]: execute_statement argv[7] = ipv4
Jan 13 23:52:43 mas01 dhcpd[22718]: execute_statement argv[8] = --ip
Jan 13 23:52:43 mas01 dhcpd[22718]: execute_statement argv[9] = 192.168.11.13
Jan 13 23:52:43 mas01 dhcpd[22718]: execute_statement argv[10] = --lease-time
Jan 13 23:52:43 mas01 dhcpd[22718]: execute_statement argv[11] = 600
Jan 13 23:52:43 mas01 dhcpd[22718]: execute_statement argv[12] = --hostname
Jan 13 23:52:43 mas01 dhcpd[22718]: execute_statement argv[13] = cmp001
Jan 13 23:52:43 mas01 dhcpd[22718]: execute_statement argv[14] = --socket
Jan 13 23:52:43 mas01 dhcpd[22718]: execute_statement argv[15] = /var/lib/maas/dhcpd.sock
Jan 13 23:52:43 mas01 dhcpd[22718]: DHCPREQUEST for 192.168.11.13 (192.168.11.3) from 00:25:b5:a0:00:5a (cmp001) via ens5
Jan 13 23:52:43 mas01 dhcpd[22718]: DHCPACK on 192.168.11.13 to 00:25:b5:a0:00:5a (cmp001) via ens5
Jan 13 23:52:43 mas01 sh[18906]: 2018-01-13 23:52:43 maasserver.rpc.leases: [info] Lease update: commit for 192.168.11.17 on 0:25:b5:a0:0:6a at 2018-01-13 23:52:43 (lease time: 600s) (hostname: cmp002)
Jan 13 23:52:43 mas01 dhcpd[22718]: DHCPDISCOVER from 00:25:b5:a0:00:2a via ens5
Jan 13 23:52:43 mas01 dhcpd[22718]: DHCPOFFER on 192.168.11.7 to 00:25:b5:a0:00:2a (kvm01) via ens5
Jan 13 23:52:43 mas01 dhcpd[22718]: execute_statement argv[0] = /usr/sbin/maas-dhcp-helper
Jan 13 23:52:43 mas01 dhcpd[22718]: execute_statement argv[1] = notify
Jan 13 23:52:43 mas01 dhcpd[22718]: execute_statement argv[2] = --action
Jan 13 23:52:43 mas01 dhcpd[22718]: execute_statement argv[3] = commit
Jan 13 23:52:43 mas01 dhcpd[22718]: execute_statement argv[4] = --mac
Jan 13 23:52:43 mas01 dhcpd[22718]: execute_statement argv[5] = 0:25:b5:a0:0:2a
Jan 13 23:52:43 mas01 dhcpd[22718]: execute_statement argv[6] = --ip-family
Jan 13 23:52:43 mas01 dhcpd[22718]: execute_statement argv[7] = ipv4
Jan 13 23:52:43 mas01 dhcpd[22718]: execute_statement argv[8] = --ip
Jan 13 23:52:43 mas01 dhcpd[22718]: execute_statement argv[9] = 192.168.11.7
Jan 13 23:52:43 mas01 dhcpd[22718]: execute_statement argv[10] = --lease-time
Jan 13 23:52:43 mas01 dhcpd[22718]: execute_statement argv[11] = 600
Jan 13 23:52:43 mas01 dhcpd[22718]: execute_statement argv[12] = --hostname
Jan 13 23:52:43 mas01 dhcpd[22718]: execute_statement argv[13] = kvm01
Jan 13 23:52:43 mas01 dhcpd[22718]: execute_statement argv[14] = --socket
Jan 13 23:52:43 mas01 dhcpd[22718]: execute_statement argv[15] = /var/lib/maas/dhcpd.sock
Jan 13 23:52:43 mas01 dhcpd[22718]: DHCPREQUEST for 192.168.11.7 (192.168.11.3) from 00:25:b5:a0:00:2a (kvm01) via ens5
Jan 13 23:52:43 mas01 dhcpd[22718]: DHCPACK on 192.168.11.7 to 00:25:b5:a0:00:2a (kvm01) via ens5
Jan 13 23:52:43 mas01 sh[18906]: 2018-01-13 23:52:43 maasserver.rpc.leases: [info] Lease update: commit for 192.168.11.13 on 0:25:b5:a0:0:5a at 2018-01-13 23:52:43 (lease time: 600s) (hostname: cmp001)
Jan 13 23:52:43 mas01 sh[18902]: 2018-01-13 23:52:43 maasserver.rpc.leases: [info] Lease update: commit for 192.168.11.7 on 0:25:b5:a0:0:2a at 2018-01-13 23:52:43 (lease time: 600s) (hostname: kvm01)
Jan 13 23:52:43 mas01 sh[18470]: 2018-01-13 23:52:43 rackd: [info] 192.168.11.17 GET /images/ubuntu/amd64/hwe-16.04-edge/xenial/daily/squashfs HTTP/1.1 --> 200 OK (referrer: -; agent: Wget)
Jan 13 23:52:44 mas01 sh[18470]: 2018-01-13 23:52:44 rackd: [info] 192.168.11.13 GET /images/ubuntu/amd64/hwe-16.04-edge/xenial/daily/squashfs HTTP/1.1 --> 200 OK (referrer: -; agent: Wget)
Jan 13 23:52:44 mas01 sh[18470]: 2018-01-13 23:52:44 rackd: [info] 192.168.11.7 GET /images/ubuntu/amd64/hwe-16.04-edge/xenial/daily/squashfs HTTP/1.1 --> 200 OK (referrer: -; agent: Wget)
Jan 13 23:52:44 mas01 sh[18470]: 2018-01-13 23:52:44 provisioningserver.dhcp.detect: [info] External DHCP server(s) discovered on interface 'ens3': 10.20.0.1
Jan 13 23:52:44 mas01 dhcpd[22718]: DHCPDISCOVER from 52:54:00:ee:37:55 via ens5
Jan 13 23:52:44 mas01 dhcpd[22718]: DHCPOFFER on 192.168.11.3 to 52:54:00:ee:37:55 via ens5
Jan 13 23:52:44 mas01 dhcpd[22718]: DHCPDISCOVER from 00:25:b5:a0:00:4a via ens5
Jan 13 23:52:44 mas01 dhcpd[22718]: DHCPOFFER on 192.168.11.4 to 00:25:b5:a0:00:4a (kvm03) via ens5
Jan 13 23:52:44 mas01 dhcpd[22718]: execute_statement argv[0] = /usr/sbin/maas-dhcp-helper
Jan 13 23:52:44 mas01 dhcpd[22718]: execute_statement argv[1] = notify
Jan 13 23:52:44 mas01 dhcpd[22718]: execute_statement argv[2] = --action
Jan 13 23:52:44 mas01 dhcpd[22718]: execute_statement argv[3] = commit
Jan 13 23:52:44 mas01 dhcpd[22718]: execute_statement argv[4] = --mac
Jan 13 23:52:44 mas01 dhcpd[22718]: execute_statement argv[5] = 0:25:b5:a0:0:4a
Jan 13 23:52:44 mas01 dhcpd[22718]: execute_statement argv[6] = --ip-family
Jan 13 23:52:44 mas01 dhcpd[22718]: execute_statement argv[7] = ipv4
Jan 13 23:52:44 mas01 dhcpd[22718]: execute_statement argv[8] = --ip
Jan 13 23:52:44 mas01 dhcpd[22718]: execute_statement argv[9] = 192.168.11.4
Jan 13 23:52:44 mas01 dhcpd[22718]: execute_statement argv[10] = --lease-time
Jan 13 23:52:44 mas01 dhcpd[22718]: execute_statement argv[11] = 600
Jan 13 23:52:44 mas01 dhcpd[22718]: execute_statement argv[12] = --hostname
Jan 13 23:52:44 mas01 dhcpd[22718]: execute_statement argv[13] = kvm03
Jan 13 23:52:44 mas01 dhcpd[22718]: execute_statement argv[14] = --socket
Jan 13 23:52:44 mas01 dhcpd[22718]: execute_statement argv[15] = /var/lib/maas/dhcpd.sock
Jan 13 23:52:44 mas01 dhcpd[22718]: DHCPREQUEST for 192.168.11.4 (192.168.11.3) from 00:25:b5:a0:00:4a (kvm03) via ens5
Jan 13 23:52:44 mas01 dhcpd[22718]: DHCPACK on 192.168.11.4 to 00:25:b5:a0:00:4a (kvm03) via ens5
Jan 13 23:52:45 mas01 sh[18902]: 2018-01-13 23:52:45 maasserver.rpc.leases: [info] Lease update: commit for 192.168.11.4 on 0:25:b5:a0:0:4a at 2018-01-13 23:52:44 (lease time: 600s) (hostname: kvm03)
Jan 13 23:52:45 mas01 sh[18470]: 2018-01-13 23:52:45 rackd: [info] 192.168.11.4 GET /images/ubuntu/amd64/hwe-16.04-edge/xenial/daily/squashfs HTTP/1.1 --> 200 OK (referrer: -; agent: Wget)
Jan 13 23:52:46 mas01 dhcpd[22718]: DHCPDISCOVER from 52:54:00:ee:37:55 via ens5
Jan 13 23:52:46 mas01 dhcpd[22718]: DHCPOFFER on 192.168.11.3 to 52:54:00:ee:37:55 via ens5
Jan 13 23:52:46 mas01 dhcpd[22718]: DHCPDISCOVER from 00:25:b5:a0:00:3a via ens5
Jan 13 23:52:46 mas01 dhcpd[22718]: DHCPOFFER on 192.168.11.10 to 00:25:b5:a0:00:3a (kvm02) via ens5
Jan 13 23:52:46 mas01 dhcpd[22718]: execute_statement argv[0] = /usr/sbin/maas-dhcp-helper
Jan 13 23:52:46 mas01 dhcpd[22718]: execute_statement argv[1] = notify
Jan 13 23:52:46 mas01 dhcpd[22718]: execute_statement argv[2] = --action
Jan 13 23:52:46 mas01 dhcpd[22718]: execute_statement argv[3] = commit
Jan 13 23:52:46 mas01 dhcpd[22718]: execute_statement argv[4] = --mac
Jan 13 23:52:46 mas01 dhcpd[22718]: execute_statement argv[5] = 0:25:b5:a0:0:3a
Jan 13 23:52:46 mas01 dhcpd[22718]: execute_statement argv[6] = --ip-family
Jan 13 23:52:46 mas01 dhcpd[22718]: execute_statement argv[7] = ipv4
Jan 13 23:52:46 mas01 dhcpd[22718]: execute_statement argv[8] = --ip
Jan 13 23:52:46 mas01 dhcpd[22718]: execute_statement argv[9] = 192.168.11.10
Jan 13 23:52:46 mas01 dhcpd[22718]: execute_statement argv[10] = --lease-time
Jan 13 23:52:46 mas01 dhcpd[22718]: execute_statement argv[11] = 600
Jan 13 23:52:46 mas01 dhcpd[22718]: execute_statement argv[12] = --hostname
Jan 13 23:52:46 mas01 dhcpd[22718]: execute_statement argv[13] = kvm02
Jan 13 23:52:46 mas01 dhcpd[22718]: execute_statement argv[14] = --socket
Jan 13 23:52:46 mas01 dhcpd[22718]: execute_statement argv[15] = /var/lib/maas/dhcpd.sock
Jan 13 23:52:46 mas01 dhcpd[22718]: DHCPREQUEST for 192.168.11.10 (192.168.11.3) from 00:25:b5:a0:00:3a (kvm02) via ens5
Jan 13 23:52:46 mas01 dhcpd[22718]: DHCPACK on 192.168.11.10 to 00:25:b5:a0:00:3a (kvm02) via ens5
Jan 13 23:52:46 mas01 sh[18906]: 2018-01-13 23:52:46 regiond: [info] 192.168.11.17 GET /MAAS/metadata/latest/by-id/reh7xx/?op=get_preseed HTTP/1.1 --> 200 OK (referrer: -; agent: Cloud-Init/17.1)
Jan 13 23:52:46 mas01 sh[18902]: 2018-01-13 23:52:46 maasserver.rpc.leases: [info] Lease update: commit for 192.168.11.10 on 0:25:b5:a0:0:3a at 2018-01-13 23:52:46 (lease time: 600s) (hostname: kvm02)
Jan 13 23:52:46 mas01 sh[18896]: 2018-01-13 23:52:46 regiond: [info] 192.168.11.17 POST /MAAS/metadata/status/reh7xx HTTP/1.1 --> 204 NO_CONTENT (referrer: -; agent: python-requests/2.9.1)
Jan 13 23:52:46 mas01 sh[18902]: 2018-01-13 23:52:46 regiond: [info] 192.168.11.17 POST /MAAS/metadata/status/reh7xx HTTP/1.1 --> 204 NO_CONTENT (referrer: -; agent: python-requests/2.9.1)
Jan 13 23:52:46 mas01 sh[18906]: 2018-01-13 23:52:46 regiond: [info] 192.168.11.17 POST /MAAS/metadata/status/reh7xx HTTP/1.1 --> 204 NO_CONTENT (referrer: -; agent: python-requests/2.9.1)
Jan 13 23:52:46 mas01 sh[18902]: 2018-01-13 23:52:46 regiond: [info] 192.168.11.13 POST /MAAS/metadata/status/khshdb HTTP/1.1 --> 204 NO_CONTENT (referrer: -; agent: python-requests/2.9.1)
Jan 13 23:52:46 mas01 sh[19526]: 2018-01-13 23:52:46 regiond: [info] 192.168.11.13 POST /MAAS/metadata/status/khshdb HTTP/1.1 --> 204 NO_CONTENT (referrer: -; agent: python-requests/2.9.1)
Jan 13 23:52:46 mas01 sh[18896]: 2018-01-13 23:52:46 regiond: [info] 192.168.11.7 POST /MAAS/metadata/status/t6wern HTTP/1.1 --> 204 NO_CONTENT (referrer: -; agent: python-requests/2.9.1)
Jan 13 23:52:46 mas01 sh[18896]: 2018-01-13 23:52:46 regiond: [info] 192.168.11.7 POST /MAAS/metadata/status/t6wern HTTP/1.1 --> 204 NO_CONTENT (referrer: -; agent: python-requests/2.9.1)
Jan 13 23:52:46 mas01 sh[18470]: 2018-01-13 23:52:46 rackd: [info] 192.168.11.10 GET /images/ubuntu/amd64/hwe-16.04-edge/xenial/daily/squashfs HTTP/1.1 --> 200 OK (referrer: -; agent: Wget)
Jan 13 23:52:46 mas01 sh[18896]: 2018-01-13 23:52:46 regiond: [info] 192.168.11.13 POST /MAAS/metadata/status/khshdb HTTP/1.1 --> 204 NO_CONTENT (referrer: -; agent: python-requests/2.9.1)
Jan 13 23:52:47 mas01 sh[18896]: 2018-01-13 23:52:47 regiond: [info] 192.168.11.7 POST /MAAS/metadata/status/t6wern HTTP/1.1 --> 204 NO_CONTENT (referrer: -; agent: python-requests/2.9.1)
Jan 13 23:52:47 mas01 sh[19526]: 2018-01-13 23:52:47 regiond: [info] 192.168.11.17 GET /MAAS/metadata/latest/by-id/reh7xx/?op=get_preseed HTTP/1.1 --> 200 OK (referrer: -; agent: Cloud-Init/17.1)
Jan 13 23:52:47 mas01 sh[18906]: 2018-01-13 23:52:47 regiond: [info] 192.168.11.17 POST /MAAS/metadata/status/reh7xx HTTP/1.1 --> 204 NO_CONTENT (referrer: -; agent: python-requests/2.9.1)
Jan 13 23:52:47 mas01 sh[18896]: 2018-01-13 23:52:47 regiond: [info] 192.168.11.17 POST /MAAS/metadata/status/reh7xx HTTP/1.1 --> 204 NO_CONTENT (referrer: -; agent: python-requests/2.9.1)
Jan 13 23:52:47 mas01 sh[18902]: 2018-01-13 23:52:47 regiond: [info] 192.168.11.17 POST /MAAS/metadata/status/reh7xx HTTP/1.1 --> 204 NO_CONTENT (referrer: -; agent: python-requests/2.9.1)
Jan 13 23:52:47 mas01 sh[18902]: 2018-01-13 23:52:47 regiond: [info] 192.168.11.17 GET /MAAS/metadata/curtin/2012-03-01/meta-data/instance-id HTTP/1.1 --> 200 OK (referrer: -; agent: Cloud-Init/17.1)
Jan 13 23:52:47 mas01 sh[19526]: 2018-01-13 23:52:47 regiond: [info] 192.168.11.17 GET /MAAS/metadata/curtin/2012-03-01/meta-data/instance-id HTTP/1.1 --> 200 OK (referrer: -; agent: python-requests/2.9.1)
Jan 13 23:52:47 mas01 sh[18902]: 2018-01-13 23:52:47 regiond: [info] 192.168.11.7 GET /MAAS/metadata/latest/by-id/t6wern/?op=get_preseed HTTP/1.1 --> 200 OK (referrer: -; agent: Cloud-Init/17.1)
Jan 13 23:52:47 mas01 sh[18902]: 2018-01-13 23:52:47 regiond: [info] 192.168.11.13 GET /MAAS/metadata/latest/by-id/khshdb/?op=get_preseed HTTP/1.1 --> 200 OK (referrer: -; agent: Cloud-Init/17.1)
Jan 13 23:52:47 mas01 sh[19526]: 2018-01-13 23:52:47 regiond: [info] 192.168.11.17 GET /MAAS/metadata/curtin/2012-03-01/meta-data/local-hostname HTTP/1.1 --> 200 OK (referrer: -; agent: python-requests/2.9.1)
Jan 13 23:52:47 mas01 sh[18906]: 2018-01-13 23:52:47 regiond: [info] 192.168.11.7 POST /MAAS/metadata/status/t6wern HTTP/1.1 --> 204 NO_CONTENT (referrer: -; agent: python-requests/2.9.1)
Jan 13 23:52:47 mas01 sh[18906]: 2018-01-13 23:52:47 regiond: [info] 192.168.11.13 POST /MAAS/metadata/status/khshdb HTTP/1.1 --> 204 NO_CONTENT (referrer: -; agent: python-requests/2.9.1)
Jan 13 23:52:47 mas01 sh[18906]: 2018-01-13 23:52:47 regiond: [info] 192.168.11.7 POST /MAAS/metadata/status/t6wern HTTP/1.1 --> 204 NO_CONTENT (referrer: -; agent: python-requests/2.9.1)
Jan 13 23:52:47 mas01 sh[18896]: 2018-01-13 23:52:47 regiond: [info] 192.168.11.13 POST /MAAS/metadata/status/khshdb HTTP/1.1 --> 204 NO_CONTENT (referrer: -; agent: python-requests/2.9.1)
Jan 13 23:52:47 mas01 sh[18896]: 2018-01-13 23:52:47 regiond: [info] 192.168.11.13 POST /MAAS/metadata/status/khshdb HTTP/1.1 --> 204 NO_CONTENT (referrer: -; agent: python-requests/2.9.1)
Jan 13 23:52:47 mas01 sh[18906]: 2018-01-13 23:52:47 regiond: [info] 192.168.11.7 POST /MAAS/metadata/status/t6wern HTTP/1.1 --> 204 NO_CONTENT (referrer: -; agent: python-requests/2.9.1)
Jan 13 23:52:47 mas01 sh[18906]: 2018-01-13 23:52:47 regiond: [info] 192.168.11.17 GET /MAAS/metadata/curtin/2012-03-01/meta-data/public-keys HTTP/1.1 --> 200 OK (referrer: -; agent: python-requests/2.9.1)
Jan 13 23:52:47 mas01 sh[19526]: 2018-01-13 23:52:47 regiond: [info] 192.168.11.7 GET /MAAS/metadata/curtin/2012-03-01/meta-data/instance-id HTTP/1.1 --> 200 OK (referrer: -; agent: Cloud-Init/17.1)
Jan 13 23:52:47 mas01 sh[18906]: 2018-01-13 23:52:47 regiond: [info] 192.168.11.13 GET /MAAS/metadata/curtin/2012-03-01/meta-data/instance-id HTTP/1.1 --> 200 OK (referrer: -; agent: Cloud-Init/17.1)
Jan 13 23:52:47 mas01 sh[18902]: 2018-01-13 23:52:47 regiond: [info] 192.168.11.17 GET /MAAS/metadata/curtin/2012-03-01/meta-data/vendor-data HTTP/1.1 --> 200 OK (referrer: -; agent: python-requests/2.9.1)
Jan 13 23:52:47 mas01 sh[18896]: 2018-01-13 23:52:47 regiond: [info] 192.168.11.7 GET /MAAS/metadata/curtin/2012-03-01/meta-data/instance-id HTTP/1.1 --> 200 OK (referrer: -; agent: python-requests/2.9.1)
Jan 13 23:52:47 mas01 sh[19526]: 2018-01-13 23:52:47 regiond: [info] 192.168.11.13 GET /MAAS/metadata/curtin/2012-03-01/meta-data/instance-id HTTP/1.1 --> 200 OK (referrer: -; agent: python-requests/2.9.1)
Jan 13 23:52:47 mas01 sh[18896]: 2018-01-13 23:52:47 regiond: [info] 192.168.11.13 GET /MAAS/metadata/curtin/2012-03-01/meta-data/local-hostname HTTP/1.1 --> 200 OK (referrer: -; agent: python-requests/2.9.1)
Jan 13 23:52:47 mas01 sh[18906]: 2018-01-13 23:52:47 regiond: [info] 192.168.11.7 GET /MAAS/metadata/curtin/2012-03-01/meta-data/local-hostname HTTP/1.1 --> 200 OK (referrer: -; agent: python-requests/2.9.1)
Jan 13 23:52:47 mas01 sh[19526]: 2018-01-13 23:52:47 regiond: [info] 192.168.11.4 POST /MAAS/metadata/status/db8xfe HTTP/1.1 --> 204 NO_CONTENT (referrer: -; agent: python-requests/2.9.1)
Jan 13 23:52:47 mas01 sh[19526]: 2018-01-13 23:52:47 regiond: [info] 192.168.11.4 POST /MAAS/metadata/status/db8xfe HTTP/1.1 --> 204 NO_CONTENT (referrer: -; agent: python-requests/2.9.1)
Jan 13 23:52:47 mas01 sh[18906]: 2018-01-13 23:52:47 maasserver.preseed: [warn] WARNING: '/etc/maas/preseeds/curtin_userdata_amd64_generic_xenial' contains deprecated preseed variables. Please remove: main_archive_directory, ports_archive_directory, http_proxy
Jan 13 23:52:47 mas01 sh[19526]: 2018-01-13 23:52:47 regiond: [info] 192.168.11.7 GET /MAAS/metadata/curtin/2012-03-01/meta-data/vendor-data HTTP/1.1 --> 200 OK (referrer: -; agent: python-requests/2.9.1)
Jan 13 23:52:47 mas01 sh[19526]: 2018-01-13 23:52:47 regiond: [info] 192.168.11.13 GET /MAAS/metadata/curtin/2012-03-01/meta-data/vendor-data HTTP/1.1 --> 200 OK (referrer: -; agent: python-requests/2.9.1)
Jan 13 23:52:48 mas01 sh[19526]: 2018-01-13 23:52:48 regiond: [info] 192.168.11.4 POST /MAAS/metadata/status/db8xfe HTTP/1.1 --> 204 NO_CONTENT (referrer: -; agent: python-requests/2.9.1)
Jan 13 23:52:48 mas01 sh[18902]: 2018-01-13 23:52:48 maasserver.preseed: [warn] WARNING: '/etc/maas/preseeds/curtin_userdata_amd64_generic_xenial' contains deprecated preseed variables. Please remove: main_archive_directory, ports_archive_directory, http_proxy
Jan 13 23:52:48 mas01 sh[18902]: 2018-01-13 23:52:48 maasserver.preseed: [warn] WARNING: '/etc/maas/preseeds/curtin_userdata_amd64_generic_xenial' contains deprecated preseed variables. Please remove: main_archive_directory, ports_archive_directory, http_proxy
Jan 13 23:52:48 mas01 sh[18906]: 2018-01-13 23:52:48 regiond: [info] 192.168.11.17 GET /MAAS/metadata/curtin/2012-03-01/user-data HTTP/1.1 --> 200 OK (referrer: -; agent: python-requests/2.9.1)
Jan 13 23:52:48 mas01 sh[18906]: 2018-01-13 23:52:48 regiond: [info] 192.168.11.17 POST /MAAS/metadata/status/reh7xx HTTP/1.1 --> 204 NO_CONTENT (referrer: -; agent: python-requests/2.9.1)
Jan 13 23:52:48 mas01 sh[19526]: 2018-01-13 23:52:48 regiond: [info] 192.168.11.17 POST /MAAS/metadata/status/reh7xx HTTP/1.1 --> 204 NO_CONTENT (referrer: -; agent: python-requests/2.9.1)
Jan 13 23:52:48 mas01 sh[18896]: 2018-01-13 23:52:48 regiond: [info] 192.168.11.17 POST /MAAS/metadata/status/reh7xx HTTP/1.1 --> 204 NO_CONTENT (referrer: -; agent: python-requests/2.9.1)
Jan 13 23:52:48 mas01 sh[18906]: 2018-01-13 23:52:48 regiond: [info] 192.168.11.17 POST /MAAS/metadata/status/reh7xx HTTP/1.1 --> 204 NO_CONTENT (referrer: -; agent: python-requests/2.9.1)
Jan 13 23:52:48 mas01 sh[18896]: 2018-01-13 23:52:48 regiond: [info] 192.168.11.17 POST /MAAS/metadata/status/reh7xx HTTP/1.1 --> 204 NO_CONTENT (referrer: -; agent: python-requests/2.9.1)
Jan 13 23:52:48 mas01 dhcpd[22718]: DHCPDISCOVER from 52:54:00:ee:37:55 via ens5
Jan 13 23:52:48 mas01 dhcpd[22718]: DHCPOFFER on 192.168.11.3 to 52:54:00:ee:37:55 via ens5
Jan 13 23:52:48 mas01 sh[18906]: 2018-01-13 23:52:48 regiond: [info] 192.168.11.4 POST /MAAS/metadata/status/db8xfe HTTP/1.1 --> 204 NO_CONTENT (referrer: -; agent: python-requests/2.9.1)
Jan 13 23:52:48 mas01 sh[19526]: 2018-01-13 23:52:48 regiond: [info] 192.168.11.17 POST /MAAS/metadata/status/reh7xx HTTP/1.1 --> 204 NO_CONTENT (referrer: -; agent: python-requests/2.9.1)
Jan 13 23:52:48 mas01 sh[19526]: 2018-01-13 23:52:48 regiond: [info] 192.168.11.4 POST /MAAS/metadata/status/db8xfe HTTP/1.1 --> 204 NO_CONTENT (referrer: -; agent: python-requests/2.9.1)
Jan 13 23:52:48 mas01 sh[18896]: 2018-01-13 23:52:48 regiond: [info] 192.168.11.17 POST /MAAS/metadata/status/reh7xx HTTP/1.1 --> 204 NO_CONTENT (referrer: -; agent: python-requests/2.9.1)
Jan 13 23:52:48 mas01 sh[18902]: 2018-01-13 23:52:48 regiond: [info] 192.168.11.17 POST /MAAS/metadata/status/reh7xx HTTP/1.1 --> 204 NO_CONTENT (referrer: -; agent: python-requests/2.9.1)
Jan 13 23:52:48 mas01 sh[18896]: 2018-01-13 23:52:48 regiond: [info] 192.168.11.4 POST /MAAS/metadata/status/db8xfe HTTP/1.1 --> 204 NO_CONTENT (referrer: -; agent: python-requests/2.9.1)
Jan 13 23:52:48 mas01 sh[18902]: 2018-01-13 23:52:48 regiond: [info] 192.168.11.17 POST /MAAS/metadata/status/reh7xx HTTP/1.1 --> 204 NO_CONTENT (referrer: -; agent: python-requests/2.9.1)
Jan 13 23:52:48 mas01 sh[18902]: 2018-01-13 23:52:48 regiond: [info] 192.168.11.17 POST /MAAS/metadata/status/reh7xx HTTP/1.1 --> 204 NO_CONTENT (referrer: -; agent: python-requests/2.9.1)
Jan 13 23:52:48 mas01 sh[19526]: 2018-01-13 23:52:48 regiond: [info] 192.168.11.17 POST /MAAS/metadata/status/reh7xx HTTP/1.1 --> 204 NO_CONTENT (referrer: -; agent: python-requests/2.9.1)
Jan 13 23:52:48 mas01 sh[18896]: 2018-01-13 23:52:48 regiond: [info] 192.168.11.17 POST /MAAS/metadata/status/reh7xx HTTP/1.1 --> 204 NO_CONTENT (referrer: -; agent: python-requests/2.9.1)
Jan 13 23:52:48 mas01 sh[19526]: 2018-01-13 23:52:48 regiond: [info] 192.168.11.17 POST /MAAS/metadata/status/reh7xx HTTP/1.1 --> 204 NO_CONTENT (referrer: -; agent: python-requests/2.9.1)
Jan 13 23:52:48 mas01 sh[19526]: 2018-01-13 23:52:48 regiond: [info] 192.168.11.17 POST /MAAS/metadata/status/reh7xx HTTP/1.1 --> 204 NO_CONTENT (referrer: -; agent: python-requests/2.9.1)
Jan 13 23:52:48 mas01 sh[18896]: 2018-01-13 23:52:48 regiond: [info] 192.168.11.17 POST /MAAS/metadata/status/reh7xx HTTP/1.1 --> 204 NO_CONTENT (referrer: -; agent: python-requests/2.9.1)
Jan 13 23:52:48 mas01 sh[18906]: 2018-01-13 23:52:48 regiond: [info] 192.168.11.17 POST /MAAS/metadata/status/reh7xx HTTP/1.1 --> 204 NO_CONTENT (referrer: -; agent: python-requests/2.9.1)
Jan 13 23:52:48 mas01 sh[18896]: 2018-01-13 23:52:48 regiond: [info] 192.168.11.4 GET /MAAS/metadata/curtin/2012-03-01/meta-data/instance-id HTTP/1.1 --> 200 OK (referrer: -; agent: Cloud-Init/17.1)
Jan 13 23:52:48 mas01 sh[18906]: 2018-01-13 23:52:48 regiond: [info] 192.168.11.17 POST /MAAS/metadata/status/reh7xx HTTP/1.1 --> 204 NO_CONTENT (referrer: -; agent: python-requests/2.9.1)
Jan 13 23:52:48 mas01 sh[19526]: 2018-01-13 23:52:48 regiond: [info] 192.168.11.17 POST /MAAS/metadata/status/reh7xx HTTP/1.1 --> 204 NO_CONTENT (referrer: -; agent: python-requests/2.9.1)
Jan 13 23:52:48 mas01 sh[18906]: 2018-01-13 23:52:48 regiond: [info] 192.168.11.17 POST /MAAS/metadata/status/reh7xx HTTP/1.1 --> 204 NO_CONTENT (referrer: -; agent: python-requests/2.9.1)
Jan 13 23:52:48 mas01 sh[19526]: 2018-01-13 23:52:48 regiond: [info] 192.168.11.17 POST /MAAS/metadata/status/reh7xx HTTP/1.1 --> 204 NO_CONTENT (referrer: -; agent: python-requests/2.9.1)
Jan 13 23:52:48 mas01 sh[18896]: 2018-01-13 23:52:48 regiond: [info] 192.168.11.17 POST /MAAS/metadata/status/reh7xx HTTP/1.1 --> 204 NO_CONTENT (referrer: -; agent: python-requests/2.9.1)
Jan 13 23:52:48 mas01 sh[19526]: 2018-01-13 23:52:48 regiond: [info] 192.168.11.17 POST /MAAS/metadata/status/reh7xx HTTP/1.1 --> 204 NO_CONTENT (referrer: -; agent: python-requests/2.9.1)
Jan 13 23:52:48 mas01 sh[18906]: 2018-01-13 23:52:48 regiond: [info] 192.168.11.17 POST /MAAS/metadata/status/reh7xx HTTP/1.1 --> 204 NO_CONTENT (referrer: -; agent: python-requests/2.9.1)
Jan 13 23:52:48 mas01 sh[18896]: 2018-01-13 23:52:48 regiond: [info] 192.168.11.17 POST /MAAS/metadata/status/reh7xx HTTP/1.1 --> 204 NO_CONTENT (referrer: -; agent: python-requests/2.9.1)
Jan 13 23:52:48 mas01 sh[19526]: 2018-01-13 23:52:48 regiond: [info] 192.168.11.17 POST /MAAS/metadata/status/reh7xx HTTP/1.1 --> 204 NO_CONTENT (referrer: -; agent: python-requests/2.9.1)
Jan 13 23:52:48 mas01 sh[19526]: 2018-01-13 23:52:48 regiond: [info] 192.168.11.17 POST /MAAS/metadata/status/reh7xx HTTP/1.1 --> 204 NO_CONTENT (referrer: -; agent: python-requests/2.9.1)
Jan 13 23:52:48 mas01 sh[19526]: 2018-01-13 23:52:48 regiond: [info] 192.168.11.4 GET /MAAS/metadata/curtin/2012-03-01/meta-data/instance-id HTTP/1.1 --> 200 OK (referrer: -; agent: python-requests/2.9.1)
Jan 13 23:52:48 mas01 sh[18896]: 2018-01-13 23:52:48 regiond: [info] 192.168.11.17 POST /MAAS/metadata/status/reh7xx HTTP/1.1 --> 204 NO_CONTENT (referrer: -; agent: python-requests/2.9.1)
Jan 13 23:52:48 mas01 sh[18902]: 2018-01-13 23:52:48 regiond: [info] 192.168.11.17 POST /MAAS/metadata/status/reh7xx HTTP/1.1 --> 204 NO_CONTENT (referrer: -; agent: python-requests/2.9.1)
Jan 13 23:52:48 mas01 sh[18896]: 2018-01-13 23:52:48 regiond: [info] 192.168.11.17 POST /MAAS/metadata/status/reh7xx HTTP/1.1 --> 204 NO_CONTENT (referrer: -; agent: python-requests/2.9.1)
Jan 13 23:52:48 mas01 sh[18906]: 2018-01-13 23:52:48 regiond: [info] 192.168.11.17 POST /MAAS/metadata/status/reh7xx HTTP/1.1 --> 204 NO_CONTENT (referrer: -; agent: python-requests/2.9.1)
Jan 13 23:52:48 mas01 sh[19526]: 2018-01-13 23:52:48 regiond: [info] 192.168.11.17 POST /MAAS/metadata/status/reh7xx HTTP/1.1 --> 204 NO_CONTENT (referrer: -; agent: python-requests/2.9.1)
Jan 13 23:52:48 mas01 sh[18896]: 2018-01-13 23:52:48 regiond: [info] 192.168.11.17 POST /MAAS/metadata/status/reh7xx HTTP/1.1 --> 204 NO_CONTENT (referrer: -; agent: python-requests/2.9.1)
Jan 13 23:52:48 mas01 sh[18906]: 2018-01-13 23:52:48 regiond: [info] 192.168.11.4 GET /MAAS/metadata/curtin/2012-03-01/meta-data/local-hostname HTTP/1.1 --> 200 OK (referrer: -; agent: python-requests/2.9.1)
Jan 13 23:52:48 mas01 sh[19526]: 2018-01-13 23:52:48 regiond: [info] 192.168.11.17 POST /MAAS/metadata/status/reh7xx HTTP/1.1 --> 204 NO_CONTENT (referrer: -; agent: python-requests/2.9.1)
Jan 13 23:52:48 mas01 sh[18906]: 2018-01-13 23:52:48 regiond: [info] 192.168.11.17 POST /MAAS/metadata/status/reh7xx HTTP/1.1 --> 204 NO_CONTENT (referrer: -; agent: python-requests/2.9.1)
Jan 13 23:52:48 mas01 sh[18906]: 2018-01-13 23:52:48 regiond: [info] 192.168.11.4 GET /MAAS/metadata/curtin/2012-03-01/meta-data/vendor-data HTTP/1.1 --> 200 OK (referrer: -; agent: python-requests/2.9.1)
Jan 13 23:52:48 mas01 sh[18896]: 2018-01-13 23:52:48 regiond: [info] 192.168.11.17 POST /MAAS/metadata/status/reh7xx HTTP/1.1 --> 204 NO_CONTENT (referrer: -; agent: python-requests/2.9.1)
Jan 13 23:52:48 mas01 sh[18902]: 2018-01-13 23:52:48 regiond: [info] 192.168.11.7 GET /MAAS/metadata/curtin/2012-03-01/user-data HTTP/1.1 --> 200 OK (referrer: -; agent: python-requests/2.9.1)
Jan 13 23:52:48 mas01 sh[19526]: 2018-01-13 23:52:48 regiond: [info] 192.168.11.7 POST /MAAS/metadata/status/t6wern HTTP/1.1 --> 204 NO_CONTENT (referrer: -; agent: python-requests/2.9.1)
Jan 13 23:52:48 mas01 sh[18902]: 2018-01-13 23:52:48 regiond: [info] 192.168.11.13 GET /MAAS/metadata/curtin/2012-03-01/user-data HTTP/1.1 --> 200 OK (referrer: -; agent: python-requests/2.9.1)
Jan 13 23:52:48 mas01 sh[19526]: 2018-01-13 23:52:48 regiond: [info] 192.168.11.13 POST /MAAS/metadata/status/khshdb HTTP/1.1 --> 204 NO_CONTENT (referrer: -; agent: python-requests/2.9.1)
Jan 13 23:52:48 mas01 sh[18906]: 2018-01-13 23:52:48 maasserver.preseed: [warn] WARNING: '/etc/maas/preseeds/curtin_userdata_amd64_generic_xenial' contains deprecated preseed variables. Please remove: main_archive_directory, ports_archive_directory, http_proxy
Jan 13 23:52:48 mas01 sh[18896]: 2018-01-13 23:52:48 regiond: [info] 192.168.11.17 POST /MAAS/metadata/status/reh7xx HTTP/1.1 --> 204 NO_CONTENT (referrer: -; agent: python-requests/2.9.1)
Jan 13 23:52:48 mas01 sh[18902]: 2018-01-13 23:52:48 regiond: [info] 192.168.11.7 POST /MAAS/metadata/status/t6wern HTTP/1.1 --> 204 NO_CONTENT (referrer: -; agent: python-requests/2.9.1)
Jan 13 23:52:48 mas01 sh[19526]: 2018-01-13 23:52:48 regiond: [info] 192.168.11.7 POST /MAAS/metadata/status/t6wern HTTP/1.1 --> 204 NO_CONTENT (referrer: -; agent: python-requests/2.9.1)
Jan 13 23:52:48 mas01 sh[18906]: 2018-01-13 23:52:48 regiond: [info] 192.168.11.7 POST /MAAS/metadata/status/t6wern HTTP/1.1 --> 204 NO_CONTENT (referrer: -; agent: python-requests/2.9.1)
Jan 13 23:52:48 mas01 sh[19526]: 2018-01-13 23:52:48 regiond: [info] 192.168.11.7 POST /MAAS/metadata/status/t6wern HTTP/1.1 --> 204 NO_CONTENT (referrer: -; agent: python-requests/2.9.1)
Jan 13 23:52:48 mas01 sh[18896]: 2018-01-13 23:52:48 regiond: [info] 192.168.11.13 POST /MAAS/metadata/status/khshdb HTTP/1.1 --> 204 NO_CONTENT (referrer: -; agent: python-requests/2.9.1)
Jan 13 23:52:48 mas01 sh[19526]: 2018-01-13 23:52:48 regiond: [info] 192.168.11.13 POST /MAAS/metadata/status/khshdb HTTP/1.1 --> 204 NO_CONTENT (referrer: -; agent: python-requests/2.9.1)
Jan 13 23:52:48 mas01 sh[18896]: 2018-01-13 23:52:48 regiond: [info] 192.168.11.13 POST /MAAS/metadata/status/khshdb HTTP/1.1 --> 204 NO_CONTENT (referrer: -; agent: python-requests/2.9.1)
Jan 13 23:52:48 mas01 sh[18906]: 2018-01-13 23:52:48 regiond: [info] 192.168.11.13 POST /MAAS/metadata/status/khshdb HTTP/1.1 --> 204 NO_CONTENT (referrer: -; agent: python-requests/2.9.1)
Jan 13 23:52:49 mas01 sh[18896]: 2018-01-13 23:52:49 regiond: [info] 192.168.11.7 POST /MAAS/metadata/status/t6wern HTTP/1.1 --> 204 NO_CONTENT (referrer: -; agent: python-requests/2.9.1)
Jan 13 23:52:49 mas01 sh[18902]: 2018-01-13 23:52:49 regiond: [info] 192.168.11.7 POST /MAAS/metadata/status/t6wern HTTP/1.1 --> 204 NO_CONTENT (referrer: -; agent: python-requests/2.9.1)
Jan 13 23:52:49 mas01 sh[19526]: 2018-01-13 23:52:49 regiond: [info] 192.168.11.7 POST /MAAS/metadata/status/t6wern HTTP/1.1 --> 204 NO_CONTENT (referrer: -; agent: python-requests/2.9.1)
Jan 13 23:52:49 mas01 sh[18902]: 2018-01-13 23:52:49 regiond: [info] 192.168.11.7 POST /MAAS/metadata/status/t6wern HTTP/1.1 --> 204 NO_CONTENT (referrer: -; agent: python-requests/2.9.1)
Jan 13 23:52:49 mas01 sh[18906]: 2018-01-13 23:52:49 regiond: [info] 192.168.11.7 POST /MAAS/metadata/status/t6wern HTTP/1.1 --> 204 NO_CONTENT (referrer: -; agent: python-requests/2.9.1)
Jan 13 23:52:49 mas01 sh[18902]: 2018-01-13 23:52:49 regiond: [info] 192.168.11.13 POST /MAAS/metadata/status/khshdb HTTP/1.1 --> 204 NO_CONTENT (referrer: -; agent: python-requests/2.9.1)
Jan 13 23:52:49 mas01 sh[18906]: 2018-01-13 23:52:49 regiond: [info] 192.168.11.7 POST /MAAS/metadata/status/t6wern HTTP/1.1 --> 204 NO_CONTENT (referrer: -; agent: python-requests/2.9.1)
Jan 13 23:52:49 mas01 sh[18896]: 2018-01-13 23:52:49 regiond: [info] 192.168.11.13 POST /MAAS/metadata/status/khshdb HTTP/1.1 --> 204 NO_CONTENT (referrer: -; agent: python-requests/2.9.1)
Jan 13 23:52:49 mas01 sh[18896]: 2018-01-13 23:52:49 regiond: [info] 192.168.11.7 POST /MAAS/metadata/status/t6wern HTTP/1.1 --> 204 NO_CONTENT (referrer: -; agent: python-requests/2.9.1)
Jan 13 23:52:49 mas01 sh[18906]: 2018-01-13 23:52:49 regiond: [info] 192.168.11.13 POST /MAAS/metadata/status/khshdb HTTP/1.1 --> 204 NO_CONTENT (referrer: -; agent: python-requests/2.9.1)
Jan 13 23:52:49 mas01 sh[19526]: 2018-01-13 23:52:49 regiond: [info] 192.168.11.7 POST /MAAS/metadata/status/t6wern HTTP/1.1 --> 204 NO_CONTENT (referrer: -; agent: python-requests/2.9.1)
Jan 13 23:52:49 mas01 sh[19526]: 2018-01-13 23:52:49 regiond: [info] 192.168.11.13 POST /MAAS/metadata/status/khshdb HTTP/1.1 --> 204 NO_CONTENT (referrer: -; agent: python-requests/2.9.1)
Jan 13 23:52:49 mas01 sh[19526]: 2018-01-13 23:52:49 regiond: [info] 192.168.11.7 POST /MAAS/metadata/status/t6wern HTTP/1.1 --> 204 NO_CONTENT (referrer: -; agent: python-requests/2.9.1)
Jan 13 23:52:49 mas01 sh[18902]: 2018-01-13 23:52:49 regiond: [info] 192.168.11.13 POST /MAAS/metadata/status/khshdb HTTP/1.1 --> 204 NO_CONTENT (referrer: -; agent: python-requests/2.9.1)
Jan 13 23:52:49 mas01 sh[18896]: 2018-01-13 23:52:49 regiond: [info] 192.168.11.13 POST /MAAS/metadata/status/khshdb HTTP/1.1 --> 204 NO_CONTENT (referrer: -; agent: python-requests/2.9.1)
Jan 13 23:52:49 mas01 sh[18906]: 2018-01-13 23:52:49 regiond: [info] 192.168.11.13 POST /MAAS/metadata/status/khshdb HTTP/1.1 --> 204 NO_CONTENT (referrer: -; agent: python-requests/2.9.1)
Jan 13 23:52:49 mas01 sh[18906]: message repeated 2 times: [ 2018-01-13 23:52:49 regiond: [info] 192.168.11.13 POST /MAAS/metadata/status/khshdb HTTP/1.1 --> 204 NO_CONTENT (referrer: -; agent: python-requests/2.9.1)]
Jan 13 23:52:49 mas01 sh[18902]: 2018-01-13 23:52:49 regiond: [info] 192.168.11.7 POST /MAAS/metadata/status/t6wern HTTP/1.1 --> 204 NO_CONTENT (referrer: -; agent: python-requests/2.9.1)
Jan 13 23:52:49 mas01 sh[18906]: 2018-01-13 23:52:49 regiond: [info] 192.168.11.4 GET /MAAS/metadata/curtin/2012-03-01/user-data HTTP/1.1 --> 200 OK (referrer: -; agent: python-requests/2.9.1)
Jan 13 23:52:49 mas01 sh[19526]: 2018-01-13 23:52:49 regiond: [info] 192.168.11.7 POST /MAAS/metadata/status/t6wern HTTP/1.1 --> 204 NO_CONTENT (referrer: -; agent: python-requests/2.9.1)
Jan 13 23:52:49 mas01 sh[19526]: 2018-01-13 23:52:49 regiond: [info] 192.168.11.4 POST /MAAS/metadata/status/db8xfe HTTP/1.1 --> 204 NO_CONTENT (referrer: -; agent: python-requests/2.9.1)
Jan 13 23:52:49 mas01 sh[18896]: 2018-01-13 23:52:49 regiond: [info] 192.168.11.7 POST /MAAS/metadata/status/t6wern HTTP/1.1 --> 204 NO_CONTENT (referrer: -; agent: python-requests/2.9.1)
Jan 13 23:52:49 mas01 sh[18902]: 2018-01-13 23:52:49 regiond: [info] 192.168.11.7 POST /MAAS/metadata/status/t6wern HTTP/1.1 --> 204 NO_CONTENT (referrer: -; agent: python-requests/2.9.1)
Jan 13 23:52:49 mas01 sh[18902]: 2018-01-13 23:52:49 regiond: [info] 192.168.11.13 POST /MAAS/metadata/status/khshdb HTTP/1.1 --> 204 NO_CONTENT (referrer: -; agent: python-requests/2.9.1)
Jan 13 23:52:49 mas01 sh[18906]: 2018-01-13 23:52:49 regiond: [info] 192.168.11.13 POST /MAAS/metadata/status/khshdb HTTP/1.1 --> 204 NO_CONTENT (referrer: -; agent: python-requests/2.9.1)
Jan 13 23:52:49 mas01 sh[18902]: 2018-01-13 23:52:49 regiond: [info] 192.168.11.7 POST /MAAS/metadata/status/t6wern HTTP/1.1 --> 204 NO_CONTENT (referrer: -; agent: python-requests/2.9.1)
Jan 13 23:52:49 mas01 sh[18896]: 2018-01-13 23:52:49 regiond: [info] 192.168.11.7 POST /MAAS/metadata/status/t6wern HTTP/1.1 --> 204 NO_CONTENT (referrer: -; agent: python-requests/2.9.1)
Jan 13 23:52:49 mas01 sh[18902]: 2018-01-13 23:52:49 regiond: [info] 192.168.11.7 POST /MAAS/metadata/status/t6wern HTTP/1.1 --> 204 NO_CONTENT (referrer: -; agent: python-requests/2.9.1)
Jan 13 23:52:49 mas01 sh[18906]: 2018-01-13 23:52:49 regiond: [info] 192.168.11.13 POST /MAAS/metadata/status/khshdb HTTP/1.1 --> 204 NO_CONTENT (referrer: -; agent: python-requests/2.9.1)
Jan 13 23:52:49 mas01 sh[18906]: 2018-01-13 23:52:49 regiond: [info] 192.168.11.7 POST /MAAS/metadata/status/t6wern HTTP/1.1 --> 204 NO_CONTENT (referrer: -; agent: python-requests/2.9.1)
Jan 13 23:52:49 mas01 sh[18896]: 2018-01-13 23:52:49 regiond: [info] 192.168.11.13 POST /MAAS/metadata/status/khshdb HTTP/1.1 --> 204 NO_CONTENT (referrer: -; agent: python-requests/2.9.1)
Jan 13 23:52:49 mas01 sh[18896]: 2018-01-13 23:52:49 regiond: [info] 192.168.11.13 POST /MAAS/metadata/status/khshdb HTTP/1.1 --> 204 NO_CONTENT (referrer: -; agent: python-requests/2.9.1)
Jan 13 23:52:49 mas01 sh[18902]: 2018-01-13 23:52:49 regiond: [info] 192.168.11.7 POST /MAAS/metadata/status/t6wern HTTP/1.1 --> 204 NO_CONTENT (referrer: -; agent: python-requests/2.9.1)
Jan 13 23:52:49 mas01 sh[18906]: 2018-01-13 23:52:49 regiond: [info] 192.168.11.13 POST /MAAS/metadata/status/khshdb HTTP/1.1 --> 204 NO_CONTENT (referrer: -; agent: python-requests/2.9.1)
Jan 13 23:52:49 mas01 sh[18896]: 2018-01-13 23:52:49 regiond: [info] 192.168.11.7 POST /MAAS/metadata/status/t6wern HTTP/1.1 --> 204 NO_CONTENT (referrer: -; agent: python-requests/2.9.1)
Jan 13 23:52:49 mas01 sh[19526]: 2018-01-13 23:52:49 regiond: [info] 192.168.11.13 POST /MAAS/metadata/status/khshdb HTTP/1.1 --> 204 NO_CONTENT (referrer: -; agent: python-requests/2.9.1)
Jan 13 23:52:49 mas01 sh[18906]: 2018-01-13 23:52:49 regiond: [info] 192.168.11.7 POST /MAAS/metadata/status/t6wern HTTP/1.1 --> 204 NO_CONTENT (referrer: -; agent: python-requests/2.9.1)
Jan 13 23:52:49 mas01 sh[18896]: 2018-01-13 23:52:49 regiond: [info] 192.168.11.13 POST /MAAS/metadata/status/khshdb HTTP/1.1 --> 204 NO_CONTENT (referrer: -; agent: python-requests/2.9.1)
Jan 13 23:52:49 mas01 sh[18896]: 2018-01-13 23:52:49 regiond: [info] 192.168.11.7 POST /MAAS/metadata/status/t6wern HTTP/1.1 --> 204 NO_CONTENT (referrer: -; agent: python-requests/2.9.1)
Jan 13 23:52:49 mas01 sh[19526]: 2018-01-13 23:52:49 regiond: [info] 192.168.11.13 POST /MAAS/metadata/status/khshdb HTTP/1.1 --> 204 NO_CONTENT (referrer: -; agent: python-requests/2.9.1)
Jan 13 23:52:49 mas01 sh[18906]: 2018-01-13 23:52:49 regiond: [info] 192.168.11.7 POST /MAAS/metadata/status/t6wern HTTP/1.1 --> 204 NO_CONTENT (referrer: -; agent: python-requests/2.9.1)
Jan 13 23:52:49 mas01 sh[18906]: 2018-01-13 23:52:49 regiond: [info] 192.168.11.13 POST /MAAS/metadata/status/khshdb HTTP/1.1 --> 204 NO_CONTENT (referrer: -; agent: python-requests/2.9.1)
Jan 13 23:52:49 mas01 sh[18902]: 2018-01-13 23:52:49 regiond: [info] 192.168.11.7 POST /MAAS/metadata/status/t6wern HTTP/1.1 --> 204 NO_CONTENT (referrer: -; agent: python-requests/2.9.1)
Jan 13 23:52:49 mas01 sh[18902]: 2018-01-13 23:52:49 regiond: [info] 192.168.11.13 POST /MAAS/metadata/status/khshdb HTTP/1.1 --> 204 NO_CONTENT (referrer: -; agent: python-requests/2.9.1)
Jan 13 23:52:49 mas01 sh[18902]: 2018-01-13 23:52:49 regiond: [info] 192.168.11.7 POST /MAAS/metadata/status/t6wern HTTP/1.1 --> 204 NO_CONTENT (referrer: -; agent: python-requests/2.9.1)
Jan 13 23:52:49 mas01 sh[19526]: 2018-01-13 23:52:49 regiond: [info] 192.168.11.13 POST /MAAS/metadata/status/khshdb HTTP/1.1 --> 204 NO_CONTENT (referrer: -; agent: python-requests/2.9.1)
Jan 13 23:52:49 mas01 sh[18906]: 2018-01-13 23:52:49 regiond: [info] 192.168.11.7 POST /MAAS/metadata/status/t6wern HTTP/1.1 --> 204 NO_CONTENT (referrer: -; agent: python-requests/2.9.1)
Jan 13 23:52:49 mas01 sh[18906]: 2018-01-13 23:52:49 regiond: [info] 192.168.11.13 POST /MAAS/metadata/status/khshdb HTTP/1.1 --> 204 NO_CONTENT (referrer: -; agent: python-requests/2.9.1)
Jan 13 23:52:49 mas01 sh[18906]: 2018-01-13 23:52:49 regiond: [info] 192.168.11.7 POST /MAAS/metadata/status/t6wern HTTP/1.1 --> 204 NO_CONTENT (referrer: -; agent: python-requests/2.9.1)
Jan 13 23:52:49 mas01 sh[18896]: 2018-01-13 23:52:49 regiond: [info] 192.168.11.13 POST /MAAS/metadata/status/khshdb HTTP/1.1 --> 204 NO_CONTENT (referrer: -; agent: python-requests/2.9.1)
Jan 13 23:52:49 mas01 sh[19526]: 2018-01-13 23:52:49 regiond: [info] 192.168.11.4 POST /MAAS/metadata/status/db8xfe HTTP/1.1 --> 204 NO_CONTENT (referrer: -; agent: python-requests/2.9.1)
Jan 13 23:52:49 mas01 sh[18902]: 2018-01-13 23:52:49 regiond: [info] 192.168.11.7 POST /MAAS/metadata/status/t6wern HTTP/1.1 --> 204 NO_CONTENT (referrer: -; agent: python-requests/2.9.1)
Jan 13 23:52:49 mas01 sh[19526]: 2018-01-13 23:52:49 regiond: [info] 192.168.11.13 POST /MAAS/metadata/status/khshdb HTTP/1.1 --> 204 NO_CONTENT (referrer: -; agent: python-requests/2.9.1)
Jan 13 23:52:49 mas01 sh[19526]: 2018-01-13 23:52:49 regiond: [info] 192.168.11.13 POST /MAAS/metadata/status/khshdb HTTP/1.1 --> 204 NO_CONTENT (referrer: -; agent: python-requests/2.9.1)
Jan 13 23:52:49 mas01 sh[19526]: 2018-01-13 23:52:49 regiond: [info] 192.168.11.4 POST /MAAS/metadata/status/db8xfe HTTP/1.1 --> 204 NO_CONTENT (referrer: -; agent: python-requests/2.9.1)
Jan 13 23:52:49 mas01 sh[18906]: 2018-01-13 23:52:49 regiond: [info] 192.168.11.4 POST /MAAS/metadata/status/db8xfe HTTP/1.1 --> 204 NO_CONTENT (referrer: -; agent: python-requests/2.9.1)
Jan 13 23:52:49 mas01 sh[18896]: 2018-01-13 23:52:49 regiond: [info] 192.168.11.4 POST /MAAS/metadata/status/db8xfe HTTP/1.1 --> 204 NO_CONTENT (referrer: -; agent: python-requests/2.9.1)
Jan 13 23:52:49 mas01 sh[19526]: 2018-01-13 23:52:49 regiond: [info] 192.168.11.13 POST /MAAS/metadata/status/khshdb HTTP/1.1 --> 204 NO_CONTENT (referrer: -; agent: python-requests/2.9.1)
Jan 13 23:52:49 mas01 sh[18902]: 2018-01-13 23:52:49 regiond: [info] 192.168.11.13 POST /MAAS/metadata/status/khshdb HTTP/1.1 --> 204 NO_CONTENT (referrer: -; agent: python-requests/2.9.1)
Jan 13 23:52:49 mas01 sh[18906]: 2018-01-13 23:52:49 regiond: [info] 192.168.11.7 POST /MAAS/metadata/status/t6wern HTTP/1.1 --> 204 NO_CONTENT (referrer: -; agent: python-requests/2.9.1)
Jan 13 23:52:49 mas01 sh[18896]: 2018-01-13 23:52:49 regiond: [info] 192.168.11.7 POST /MAAS/metadata/status/t6wern HTTP/1.1 --> 204 NO_CONTENT (referrer: -; agent: python-requests/2.9.1)
Jan 13 23:52:49 mas01 sh[18902]: 2018-01-13 23:52:49 regiond: [info] 192.168.11.13 POST /MAAS/metadata/status/khshdb HTTP/1.1 --> 204 NO_CONTENT (referrer: -; agent: python-requests/2.9.1)
Jan 13 23:52:49 mas01 sh[18906]: 2018-01-13 23:52:49 regiond: [info] 192.168.11.13 POST /MAAS/metadata/status/khshdb HTTP/1.1 --> 204 NO_CONTENT (referrer: -; agent: python-requests/2.9.1)
Jan 13 23:52:49 mas01 sh[18902]: 2018-01-13 23:52:49 regiond: [info] 192.168.11.4 POST /MAAS/metadata/status/db8xfe HTTP/1.1 --> 204 NO_CONTENT (referrer: -; agent: python-requests/2.9.1)
Jan 13 23:52:49 mas01 sh[19526]: 2018-01-13 23:52:49 regiond: [info] 192.168.11.4 POST /MAAS/metadata/status/db8xfe HTTP/1.1 --> 204 NO_CONTENT (referrer: -; agent: python-requests/2.9.1)
Jan 13 23:52:49 mas01 sh[18896]: 2018-01-13 23:52:49 regiond: [info] 192.168.11.4 POST /MAAS/metadata/status/db8xfe HTTP/1.1 --> 204 NO_CONTENT (referrer: -; agent: python-requests/2.9.1)
Jan 13 23:52:49 mas01 sh[18896]: message repeated 2 times: [ 2018-01-13 23:52:49 regiond: [info] 192.168.11.4 POST /MAAS/metadata/status/db8xfe HTTP/1.1 --> 204 NO_CONTENT (referrer: -; agent: python-requests/2.9.1)]
Jan 13 23:52:49 mas01 sh[19526]: 2018-01-13 23:52:49 regiond: [info] 192.168.11.4 POST /MAAS/metadata/status/db8xfe HTTP/1.1 --> 204 NO_CONTENT (referrer: -; agent: python-requests/2.9.1)
Jan 13 23:52:49 mas01 sh[18902]: 2018-01-13 23:52:49 regiond: [info] 192.168.11.4 POST /MAAS/metadata/status/db8xfe HTTP/1.1 --> 204 NO_CONTENT (referrer: -; agent: python-requests/2.9.1)
Jan 13 23:52:49 mas01 sh[18896]: 2018-01-13 23:52:49 regiond: [info] 192.168.11.4 POST /MAAS/metadata/status/db8xfe HTTP/1.1 --> 204 NO_CONTENT (referrer: -; agent: python-requests/2.9.1)
Jan 13 23:52:49 mas01 sh[19526]: 2018-01-13 23:52:49 regiond: [info] 192.168.11.4 POST /MAAS/metadata/status/db8xfe HTTP/1.1 --> 204 NO_CONTENT (referrer: -; agent: python-requests/2.9.1)
Jan 13 23:52:49 mas01 sh[19526]: 2018-01-13 23:52:49 regiond: [info] 192.168.11.4 POST /MAAS/metadata/status/db8xfe HTTP/1.1 --> 204 NO_CONTENT (referrer: -; agent: python-requests/2.9.1)
Jan 13 23:52:49 mas01 sh[18896]: 2018-01-13 23:52:49 regiond: [info] 192.168.11.4 POST /MAAS/metadata/status/db8xfe HTTP/1.1 --> 204 NO_CONTENT (referrer: -; agent: python-requests/2.9.1)
Jan 13 23:52:49 mas01 sh[19526]: 2018-01-13 23:52:49 regiond: [info] 192.168.11.4 POST /MAAS/metadata/status/db8xfe HTTP/1.1 --> 204 NO_CONTENT (referrer: -; agent: python-requests/2.9.1)
Jan 13 23:52:49 mas01 sh[18902]: 2018-01-13 23:52:49 regiond: [info] 192.168.11.4 POST /MAAS/metadata/status/db8xfe HTTP/1.1 --> 204 NO_CONTENT (referrer: -; agent: python-requests/2.9.1)
Jan 13 23:52:49 mas01 sh[18896]: 2018-01-13 23:52:49 regiond: [info] 192.168.11.4 POST /MAAS/metadata/status/db8xfe HTTP/1.1 --> 204 NO_CONTENT (referrer: -; agent: python-requests/2.9.1)
Jan 13 23:52:49 mas01 sh[18902]: 2018-01-13 23:52:49 regiond: [info] 192.168.11.4 POST /MAAS/metadata/status/db8xfe HTTP/1.1 --> 204 NO_CONTENT (referrer: -; agent: python-requests/2.9.1)
Jan 13 23:52:49 mas01 sh[18896]: 2018-01-13 23:52:49 regiond: [info] 192.168.11.4 POST /MAAS/metadata/status/db8xfe HTTP/1.1 --> 204 NO_CONTENT (referrer: -; agent: python-requests/2.9.1)
Jan 13 23:52:49 mas01 sh[18896]: 2018-01-13 23:52:49 regiond: [info] 192.168.11.4 POST /MAAS/metadata/status/db8xfe HTTP/1.1 --> 204 NO_CONTENT (referrer: -; agent: python-requests/2.9.1)
Jan 13 23:52:49 mas01 sh[18902]: 2018-01-13 23:52:49 regiond: [info] 192.168.11.4 POST /MAAS/metadata/status/db8xfe HTTP/1.1 --> 204 NO_CONTENT (referrer: -; agent: python-requests/2.9.1)
Jan 13 23:52:49 mas01 sh[18902]: 2018-01-13 23:52:49 regiond: [info] 192.168.11.4 POST /MAAS/metadata/status/db8xfe HTTP/1.1 --> 204 NO_CONTENT (referrer: -; agent: python-requests/2.9.1)
Jan 13 23:52:49 mas01 sh[19526]: 2018-01-13 23:52:49 regiond: [info] 192.168.11.4 POST /MAAS/metadata/status/db8xfe HTTP/1.1 --> 204 NO_CONTENT (referrer: -; agent: python-requests/2.9.1)
Jan 13 23:52:49 mas01 sh[18902]: 2018-01-13 23:52:49 regiond: [info] 192.168.11.13 POST /MAAS/metadata/status/khshdb HTTP/1.1 --> 204 NO_CONTENT (referrer: -; agent: python-requests/2.9.1)
Jan 13 23:52:49 mas01 sh[18906]: 2018-01-13 23:52:49 regiond: [info] 192.168.11.4 POST /MAAS/metadata/status/db8xfe HTTP/1.1 --> 204 NO_CONTENT (referrer: -; agent: python-requests/2.9.1)
Jan 13 23:52:49 mas01 sh[18896]: 2018-01-13 23:52:49 regiond: [info] 192.168.11.4 POST /MAAS/metadata/status/db8xfe HTTP/1.1 --> 204 NO_CONTENT (referrer: -; agent: python-requests/2.9.1)
Jan 13 23:52:49 mas01 sh[19526]: 2018-01-13 23:52:49 regiond: [info] 192.168.11.4 POST /MAAS/metadata/status/db8xfe HTTP/1.1 --> 204 NO_CONTENT (referrer: -; agent: python-requests/2.9.1)
Jan 13 23:52:49 mas01 sh[18896]: 2018-01-13 23:52:49 regiond: [info] 192.168.11.4 POST /MAAS/metadata/status/db8xfe HTTP/1.1 --> 204 NO_CONTENT (referrer: -; agent: python-requests/2.9.1)
Jan 13 23:52:49 mas01 sh[18902]: 2018-01-13 23:52:49 regiond: [info] 192.168.11.4 POST /MAAS/metadata/status/db8xfe HTTP/1.1 --> 204 NO_CONTENT (referrer: -; agent: python-requests/2.9.1)
Jan 13 23:52:49 mas01 sh[19526]: 2018-01-13 23:52:49 regiond: [info] 192.168.11.7 POST /MAAS/metadata/status/t6wern HTTP/1.1 --> 204 NO_CONTENT (referrer: -; agent: python-requests/2.9.1)
Jan 13 23:52:49 mas01 sh[18902]: 2018-01-13 23:52:49 regiond: [info] 192.168.11.4 POST /MAAS/metadata/status/db8xfe HTTP/1.1 --> 204 NO_CONTENT (referrer: -; agent: python-requests/2.9.1)
Jan 13 23:52:49 mas01 sh[18896]: 2018-01-13 23:52:49 regiond: [info] 192.168.11.4 POST /MAAS/metadata/status/db8xfe HTTP/1.1 --> 204 NO_CONTENT (referrer: -; agent: python-requests/2.9.1)
Jan 13 23:52:49 mas01 sh[18906]: 2018-01-13 23:52:49 regiond: [info] 192.168.11.13 POST /MAAS/metadata/status/khshdb HTTP/1.1 --> 204 NO_CONTENT (referrer: -; agent: python-requests/2.9.1)
Jan 13 23:52:49 mas01 sh[18902]: 2018-01-13 23:52:49 regiond: [info] 192.168.11.4 POST /MAAS/metadata/status/db8xfe HTTP/1.1 --> 204 NO_CONTENT (referrer: -; agent: python-requests/2.9.1)
Jan 13 23:52:49 mas01 sh[18902]: 2018-01-13 23:52:49 regiond: [info] 192.168.11.10 POST /MAAS/metadata/status/fhy7we HTTP/1.1 --> 204 NO_CONTENT (referrer: -; agent: python-requests/2.9.1)
Jan 13 23:52:49 mas01 sh[19526]: 2018-01-13 23:52:49 regiond: [info] 192.168.11.4 POST /MAAS/metadata/status/db8xfe HTTP/1.1 --> 204 NO_CONTENT (referrer: -; agent: python-requests/2.9.1)
Jan 13 23:52:49 mas01 sh[18902]: 2018-01-13 23:52:49 regiond: [info] 192.168.11.10 POST /MAAS/metadata/status/fhy7we HTTP/1.1 --> 204 NO_CONTENT (referrer: -; agent: python-requests/2.9.1)
Jan 13 23:52:49 mas01 sh[19526]: 2018-01-13 23:52:49 regiond: [info] 192.168.11.7 POST /MAAS/metadata/status/t6wern HTTP/1.1 --> 204 NO_CONTENT (referrer: -; agent: python-requests/2.9.1)
Jan 13 23:52:49 mas01 sh[18906]: 2018-01-13 23:52:49 regiond: [info] 192.168.11.4 POST /MAAS/metadata/status/db8xfe HTTP/1.1 --> 204 NO_CONTENT (referrer: -; agent: python-requests/2.9.1)
Jan 13 23:52:49 mas01 sh[18906]: 2018-01-13 23:52:49 regiond: [info] 192.168.11.10 POST /MAAS/metadata/status/fhy7we HTTP/1.1 --> 204 NO_CONTENT (referrer: -; agent: python-requests/2.9.1)
Jan 13 23:52:49 mas01 sh[18896]: 2018-01-13 23:52:49 regiond: [info] 192.168.11.4 POST /MAAS/metadata/status/db8xfe HTTP/1.1 --> 204 NO_CONTENT (referrer: -; agent: python-requests/2.9.1)
