Jan 13 23:47:57 mas01 sh[19526]: 2018-01-13 23:47:57 regiond: [info] 192.168.11.13 POST /MAAS/metadata/status/khshdb HTTP/1.1 --> 204 NO_CONTENT (referrer: -; agent: python-requests/2.9.1)
Jan 13 23:47:57 mas01 sh[19526]: 2018-01-13 23:47:57 regiond: [info] 192.168.11.4 POST /MAAS/metadata/status/db8xfe HTTP/1.1 --> 204 NO_CONTENT (referrer: -; agent: python-requests/2.9.1)
Jan 13 23:47:57 mas01 sh[18896]: 2018-01-13 23:47:57 regiond: [info] 192.168.11.13 POST /MAAS/metadata/status/khshdb HTTP/1.1 --> 204 NO_CONTENT (referrer: -; agent: python-requests/2.9.1)
Jan 13 23:47:57 mas01 sh[18906]: 2018-01-13 23:47:57 regiond: [info] 192.168.11.4 POST /MAAS/metadata/status/db8xfe HTTP/1.1 --> 204 NO_CONTENT (referrer: -; agent: python-requests/2.9.1)
Jan 13 23:47:57 mas01 sh[18896]: 2018-01-13 23:47:57 regiond: [info] 192.168.11.10 POST /MAAS/metadata/status/fhy7we HTTP/1.1 --> 204 NO_CONTENT (referrer: -; agent: python-requests/2.9.1)
Jan 13 23:47:57 mas01 sh[18896]: 2018-01-13 23:47:57 regiond: [info] 192.168.11.4 POST /MAAS/metadata/status/db8xfe HTTP/1.1 --> 204 NO_CONTENT (referrer: -; agent: python-requests/2.9.1)
Jan 13 23:47:57 mas01 sh[19526]: 2018-01-13 23:47:57 regiond: [info] 192.168.11.10 POST /MAAS/metadata/status/fhy7we HTTP/1.1 --> 204 NO_CONTENT (referrer: -; agent: python-requests/2.9.1)
Jan 13 23:47:57 mas01 sh[18896]: 2018-01-13 23:47:57 regiond: [info] 192.168.11.10 POST /MAAS/metadata/status/fhy7we HTTP/1.1 --> 204 NO_CONTENT (referrer: -; agent: python-requests/2.9.1)
Jan 13 23:47:57 mas01 sh[19526]: 2018-01-13 23:47:57 regiond: [info] 192.168.11.10 POST /MAAS/metadata/status/fhy7we HTTP/1.1 --> 204 NO_CONTENT (referrer: -; agent: python-requests/2.9.1)
Jan 13 23:47:57 mas01 sh[18906]: 2018-01-13 23:47:57 regiond: [info] 192.168.11.10 POST /MAAS/metadata/status/fhy7we HTTP/1.1 --> 204 NO_CONTENT (referrer: -; agent: python-requests/2.9.1)
Jan 13 23:47:57 mas01 sh[19526]: 2018-01-13 23:47:57 regiond: [info] 192.168.11.10 POST /MAAS/metadata/status/fhy7we HTTP/1.1 --> 204 NO_CONTENT (referrer: -; agent: python-requests/2.9.1)
Jan 13 23:47:57 mas01 sh[19526]: 2018-01-13 23:47:57 regiond: [info] 192.168.11.10 POST /MAAS/metadata/status/fhy7we HTTP/1.1 --> 204 NO_CONTENT (referrer: -; agent: python-requests/2.9.1)
Jan 13 23:47:57 mas01 sh[18906]: 2018-01-13 23:47:57 regiond: [info] 192.168.11.10 POST /MAAS/metadata/status/fhy7we HTTP/1.1 --> 204 NO_CONTENT (referrer: -; agent: python-requests/2.9.1)
Jan 13 23:47:57 mas01 sh[18896]: 2018-01-13 23:47:57 regiond: [info] 192.168.11.10 POST /MAAS/metadata/status/fhy7we HTTP/1.1 --> 204 NO_CONTENT (referrer: -; agent: python-requests/2.9.1)
Jan 13 23:47:57 mas01 sh[18902]: 2018-01-13 23:47:57 regiond: [info] 192.168.11.4 POST /MAAS/metadata/status/db8xfe HTTP/1.1 --> 204 NO_CONTENT (referrer: -; agent: python-requests/2.9.1)
Jan 13 23:47:57 mas01 sh[18906]: 2018-01-13 23:47:57 regiond: [info] 192.168.11.13 POST /MAAS/metadata/status/khshdb HTTP/1.1 --> 204 NO_CONTENT (referrer: -; agent: python-requests/2.9.1)
Jan 13 23:47:57 mas01 sh[19526]: 2018-01-13 23:47:57 regiond: [info] 192.168.11.10 POST /MAAS/metadata/status/fhy7we HTTP/1.1 --> 204 NO_CONTENT (referrer: -; agent: python-requests/2.9.1)
Jan 13 23:47:58 mas01 sh[18906]: 2018-01-13 23:47:58 regiond: [info] 192.168.11.4 POST /MAAS/metadata/status/db8xfe HTTP/1.1 --> 204 NO_CONTENT (referrer: -; agent: python-requests/2.9.1)
Jan 13 23:47:58 mas01 sh[18896]: 2018-01-13 23:47:58 regiond: [info] 192.168.11.4 POST /MAAS/metadata/status/db8xfe HTTP/1.1 --> 204 NO_CONTENT (referrer: -; agent: python-requests/2.9.1)
Jan 13 23:47:58 mas01 sh[18906]: 2018-01-13 23:47:58 regiond: [info] 192.168.11.4 POST /MAAS/metadata/status/db8xfe HTTP/1.1 --> 204 NO_CONTENT (referrer: -; agent: python-requests/2.9.1)
Jan 13 23:47:58 mas01 sh[18896]: 2018-01-13 23:47:58 regiond: [info] 192.168.11.4 POST /MAAS/metadata/status/db8xfe HTTP/1.1 --> 204 NO_CONTENT (referrer: -; agent: python-requests/2.9.1)
Jan 13 23:47:58 mas01 sh[18896]: 2018-01-13 23:47:58 regiond: [info] 192.168.11.13 POST /MAAS/metadata/status/khshdb HTTP/1.1 --> 204 NO_CONTENT (referrer: -; agent: python-requests/2.9.1)
Jan 13 23:47:58 mas01 sh[18896]: 2018-01-13 23:47:58 regiond: [info] 192.168.11.4 POST /MAAS/metadata/status/db8xfe HTTP/1.1 --> 204 NO_CONTENT (referrer: -; agent: python-requests/2.9.1)
Jan 13 23:47:58 mas01 sh[19526]: 2018-01-13 23:47:58 regiond: [info] 192.168.11.13 POST /MAAS/metadata/status/khshdb HTTP/1.1 --> 204 NO_CONTENT (referrer: -; agent: python-requests/2.9.1)
Jan 13 23:47:58 mas01 sh[18906]: 2018-01-13 23:47:58 regiond: [info] 192.168.11.4 POST /MAAS/metadata/status/db8xfe HTTP/1.1 --> 204 NO_CONTENT (referrer: -; agent: python-requests/2.9.1)
Jan 13 23:47:58 mas01 sh[18896]: 2018-01-13 23:47:58 regiond: [info] 192.168.11.13 POST /MAAS/metadata/status/khshdb HTTP/1.1 --> 204 NO_CONTENT (referrer: -; agent: python-requests/2.9.1)
Jan 13 23:47:58 mas01 sh[19526]: 2018-01-13 23:47:58 regiond: [info] 192.168.11.4 POST /MAAS/metadata/status/db8xfe HTTP/1.1 --> 204 NO_CONTENT (referrer: -; agent: python-requests/2.9.1)
Jan 13 23:47:58 mas01 sh[18896]: 2018-01-13 23:47:58 regiond: [info] 192.168.11.13 POST /MAAS/metadata/status/khshdb HTTP/1.1 --> 204 NO_CONTENT (referrer: -; agent: python-requests/2.9.1)
Jan 13 23:47:58 mas01 sh[18902]: 2018-01-13 23:47:58 regiond: [info] 192.168.11.4 POST /MAAS/metadata/status/db8xfe HTTP/1.1 --> 204 NO_CONTENT (referrer: -; agent: python-requests/2.9.1)
Jan 13 23:47:58 mas01 sh[19526]: 2018-01-13 23:47:58 regiond: [info] 192.168.11.13 POST /MAAS/metadata/status/khshdb HTTP/1.1 --> 204 NO_CONTENT (referrer: -; agent: python-requests/2.9.1)
Jan 13 23:47:58 mas01 sh[18896]: 2018-01-13 23:47:58 regiond: [info] 192.168.11.4 POST /MAAS/metadata/status/db8xfe HTTP/1.1 --> 204 NO_CONTENT (referrer: -; agent: python-requests/2.9.1)
Jan 13 23:47:58 mas01 sh[18896]: 2018-01-13 23:47:58 regiond: [info] 192.168.11.13 POST /MAAS/metadata/status/khshdb HTTP/1.1 --> 204 NO_CONTENT (referrer: -; agent: python-requests/2.9.1)
Jan 13 23:47:58 mas01 sh[19526]: 2018-01-13 23:47:58 regiond: [info] 192.168.11.4 POST /MAAS/metadata/status/db8xfe HTTP/1.1 --> 204 NO_CONTENT (referrer: -; agent: python-requests/2.9.1)
Jan 13 23:47:58 mas01 sh[18896]: 2018-01-13 23:47:58 regiond: [info] 192.168.11.13 POST /MAAS/metadata/status/khshdb HTTP/1.1 --> 204 NO_CONTENT (referrer: -; agent: python-requests/2.9.1)
Jan 13 23:47:58 mas01 sh[18906]: 2018-01-13 23:47:58 regiond: [info] 192.168.11.4 POST /MAAS/metadata/status/db8xfe HTTP/1.1 --> 204 NO_CONTENT (referrer: -; agent: python-requests/2.9.1)
Jan 13 23:47:58 mas01 sh[18896]: 2018-01-13 23:47:58 regiond: [info] 192.168.11.10 POST /MAAS/metadata/status/fhy7we HTTP/1.1 --> 204 NO_CONTENT (referrer: -; agent: python-requests/2.9.1)
Jan 13 23:47:58 mas01 sh[18896]: 2018-01-13 23:47:58 regiond: [info] 192.168.11.13 POST /MAAS/metadata/status/khshdb HTTP/1.1 --> 204 NO_CONTENT (referrer: -; agent: python-requests/2.9.1)
Jan 13 23:47:58 mas01 sh[18902]: 2018-01-13 23:47:58 regiond: [info] 192.168.11.4 POST /MAAS/metadata/status/db8xfe HTTP/1.1 --> 204 NO_CONTENT (referrer: -; agent: python-requests/2.9.1)
Jan 13 23:47:58 mas01 sh[19526]: 2018-01-13 23:47:58 regiond: [info] 192.168.11.10 POST /MAAS/metadata/status/fhy7we HTTP/1.1 --> 204 NO_CONTENT (referrer: -; agent: python-requests/2.9.1)
Jan 13 23:47:58 mas01 sh[18896]: 2018-01-13 23:47:58 regiond: [info] 192.168.11.13 POST /MAAS/metadata/status/khshdb HTTP/1.1 --> 204 NO_CONTENT (referrer: -; agent: python-requests/2.9.1)
Jan 13 23:47:58 mas01 sh[18906]: 2018-01-13 23:47:58 regiond: [info] 192.168.11.4 POST /MAAS/metadata/status/db8xfe HTTP/1.1 --> 204 NO_CONTENT (referrer: -; agent: python-requests/2.9.1)
Jan 13 23:47:58 mas01 sh[18896]: 2018-01-13 23:47:58 regiond: [info] 192.168.11.10 POST /MAAS/metadata/status/fhy7we HTTP/1.1 --> 204 NO_CONTENT (referrer: -; agent: python-requests/2.9.1)
Jan 13 23:47:58 mas01 sh[18906]: 2018-01-13 23:47:58 regiond: [info] 192.168.11.13 POST /MAAS/metadata/status/khshdb HTTP/1.1 --> 204 NO_CONTENT (referrer: -; agent: python-requests/2.9.1)
Jan 13 23:47:58 mas01 sh[18906]: 2018-01-13 23:47:58 regiond: [info] 192.168.11.4 POST /MAAS/metadata/status/db8xfe HTTP/1.1 --> 204 NO_CONTENT (referrer: -; agent: python-requests/2.9.1)
Jan 13 23:47:58 mas01 sh[18896]: 2018-01-13 23:47:58 regiond: [info] 192.168.11.10 POST /MAAS/metadata/status/fhy7we HTTP/1.1 --> 204 NO_CONTENT (referrer: -; agent: python-requests/2.9.1)
Jan 13 23:47:58 mas01 sh[18896]: 2018-01-13 23:47:58 regiond: [info] 192.168.11.13 POST /MAAS/metadata/status/khshdb HTTP/1.1 --> 204 NO_CONTENT (referrer: -; agent: python-requests/2.9.1)
Jan 13 23:47:58 mas01 sh[18902]: 2018-01-13 23:47:58 regiond: [info] 192.168.11.4 POST /MAAS/metadata/status/db8xfe HTTP/1.1 --> 204 NO_CONTENT (referrer: -; agent: python-requests/2.9.1)
Jan 13 23:47:58 mas01 sh[18896]: 2018-01-13 23:47:58 regiond: [info] 192.168.11.10 POST /MAAS/metadata/status/fhy7we HTTP/1.1 --> 204 NO_CONTENT (referrer: -; agent: python-requests/2.9.1)
Jan 13 23:47:58 mas01 sh[18906]: 2018-01-13 23:47:58 regiond: [info] 192.168.11.13 POST /MAAS/metadata/status/khshdb HTTP/1.1 --> 204 NO_CONTENT (referrer: -; agent: python-requests/2.9.1)
Jan 13 23:47:58 mas01 sh[18902]: 2018-01-13 23:47:58 regiond: [info] 192.168.11.4 POST /MAAS/metadata/status/db8xfe HTTP/1.1 --> 204 NO_CONTENT (referrer: -; agent: python-requests/2.9.1)
Jan 13 23:47:58 mas01 sh[18896]: 2018-01-13 23:47:58 regiond: [info] 192.168.11.10 POST /MAAS/metadata/status/fhy7we HTTP/1.1 --> 204 NO_CONTENT (referrer: -; agent: python-requests/2.9.1)
Jan 13 23:47:58 mas01 sh[18906]: 2018-01-13 23:47:58 regiond: [info] 192.168.11.4 POST /MAAS/metadata/status/db8xfe HTTP/1.1 --> 204 NO_CONTENT (referrer: -; agent: python-requests/2.9.1)
Jan 13 23:47:58 mas01 sh[19526]: 2018-01-13 23:47:58 regiond: [info] 192.168.11.13 POST /MAAS/metadata/status/khshdb HTTP/1.1 --> 204 NO_CONTENT (referrer: -; agent: python-requests/2.9.1)
Jan 13 23:47:58 mas01 sh[19526]: 2018-01-13 23:47:58 regiond: [info] 192.168.11.10 POST /MAAS/metadata/status/fhy7we HTTP/1.1 --> 204 NO_CONTENT (referrer: -; agent: python-requests/2.9.1)
Jan 13 23:47:58 mas01 sh[19526]: 2018-01-13 23:47:58 regiond: [info] 192.168.11.13 POST /MAAS/metadata/status/khshdb HTTP/1.1 --> 204 NO_CONTENT (referrer: -; agent: python-requests/2.9.1)
Jan 13 23:47:58 mas01 sh[18896]: 2018-01-13 23:47:58 regiond: [info] 192.168.11.4 POST /MAAS/metadata/status/db8xfe HTTP/1.1 --> 204 NO_CONTENT (referrer: -; agent: python-requests/2.9.1)
Jan 13 23:47:58 mas01 sh[19526]: 2018-01-13 23:47:58 regiond: [info] 192.168.11.10 POST /MAAS/metadata/status/fhy7we HTTP/1.1 --> 204 NO_CONTENT (referrer: -; agent: python-requests/2.9.1)
Jan 13 23:47:58 mas01 sh[18902]: 2018-01-13 23:47:58 regiond: [info] 192.168.11.13 POST /MAAS/metadata/status/khshdb HTTP/1.1 --> 204 NO_CONTENT (referrer: -; agent: python-requests/2.9.1)
Jan 13 23:47:58 mas01 sh[19526]: 2018-01-13 23:47:58 regiond: [info] 192.168.11.4 POST /MAAS/metadata/status/db8xfe HTTP/1.1 --> 204 NO_CONTENT (referrer: -; agent: python-requests/2.9.1)
Jan 13 23:47:58 mas01 sh[18906]: 2018-01-13 23:47:58 regiond: [info] 192.168.11.10 POST /MAAS/metadata/status/fhy7we HTTP/1.1 --> 204 NO_CONTENT (referrer: -; agent: python-requests/2.9.1)
Jan 13 23:47:58 mas01 sh[18906]: 2018-01-13 23:47:58 regiond: [info] 192.168.11.13 POST /MAAS/metadata/status/khshdb HTTP/1.1 --> 204 NO_CONTENT (referrer: -; agent: python-requests/2.9.1)
Jan 13 23:47:58 mas01 sh[18902]: 2018-01-13 23:47:58 regiond: [info] 192.168.11.10 POST /MAAS/metadata/status/fhy7we HTTP/1.1 --> 204 NO_CONTENT (referrer: -; agent: python-requests/2.9.1)
Jan 13 23:47:58 mas01 sh[18906]: 2018-01-13 23:47:58 regiond: [info] 192.168.11.4 POST /MAAS/metadata/status/db8xfe HTTP/1.1 --> 204 NO_CONTENT (referrer: -; agent: python-requests/2.9.1)
Jan 13 23:47:58 mas01 sh[18902]: 2018-01-13 23:47:58 regiond: [info] 192.168.11.13 POST /MAAS/metadata/status/khshdb HTTP/1.1 --> 204 NO_CONTENT (referrer: -; agent: python-requests/2.9.1)
Jan 13 23:47:58 mas01 sh[18902]: 2018-01-13 23:47:58 regiond: [info] 192.168.11.10 POST /MAAS/metadata/status/fhy7we HTTP/1.1 --> 204 NO_CONTENT (referrer: -; agent: python-requests/2.9.1)
Jan 13 23:47:58 mas01 sh[18896]: 2018-01-13 23:47:58 regiond: [info] 192.168.11.4 POST /MAAS/metadata/status/db8xfe HTTP/1.1 --> 204 NO_CONTENT (referrer: -; agent: python-requests/2.9.1)
Jan 13 23:47:58 mas01 sh[18896]: 2018-01-13 23:47:58 regiond: [info] 192.168.11.13 POST /MAAS/metadata/status/khshdb HTTP/1.1 --> 204 NO_CONTENT (referrer: -; agent: python-requests/2.9.1)
Jan 13 23:47:58 mas01 sh[18906]: 2018-01-13 23:47:58 regiond: [info] 192.168.11.10 POST /MAAS/metadata/status/fhy7we HTTP/1.1 --> 204 NO_CONTENT (referrer: -; agent: python-requests/2.9.1)
Jan 13 23:47:58 mas01 sh[18906]: 2018-01-13 23:47:58 regiond: [info] 192.168.11.4 POST /MAAS/metadata/status/db8xfe HTTP/1.1 --> 204 NO_CONTENT (referrer: -; agent: python-requests/2.9.1)
Jan 13 23:47:58 mas01 sh[18896]: 2018-01-13 23:47:58 regiond: [info] 192.168.11.13 POST /MAAS/metadata/status/khshdb HTTP/1.1 --> 204 NO_CONTENT (referrer: -; agent: python-requests/2.9.1)
Jan 13 23:47:58 mas01 sh[18896]: 2018-01-13 23:47:58 regiond: [info] 192.168.11.10 POST /MAAS/metadata/status/fhy7we HTTP/1.1 --> 204 NO_CONTENT (referrer: -; agent: python-requests/2.9.1)
Jan 13 23:47:58 mas01 sh[18906]: 2018-01-13 23:47:58 regiond: [info] 192.168.11.4 POST /MAAS/metadata/status/db8xfe HTTP/1.1 --> 204 NO_CONTENT (referrer: -; agent: python-requests/2.9.1)
Jan 13 23:47:58 mas01 sh[18896]: 2018-01-13 23:47:58 regiond: [info] 192.168.11.13 POST /MAAS/metadata/status/khshdb HTTP/1.1 --> 204 NO_CONTENT (referrer: -; agent: python-requests/2.9.1)
Jan 13 23:47:58 mas01 sh[18902]: 2018-01-13 23:47:58 regiond: [info] 192.168.11.10 POST /MAAS/metadata/status/fhy7we HTTP/1.1 --> 204 NO_CONTENT (referrer: -; agent: python-requests/2.9.1)
Jan 13 23:47:58 mas01 sh[18902]: 2018-01-13 23:47:58 regiond: [info] 192.168.11.4 POST /MAAS/metadata/status/db8xfe HTTP/1.1 --> 204 NO_CONTENT (referrer: -; agent: python-requests/2.9.1)
Jan 13 23:47:58 mas01 sh[18896]: 2018-01-13 23:47:58 regiond: [info] 192.168.11.13 POST /MAAS/metadata/status/khshdb HTTP/1.1 --> 204 NO_CONTENT (referrer: -; agent: python-requests/2.9.1)
Jan 13 23:47:58 mas01 sh[19526]: 2018-01-13 23:47:58 regiond: [info] 192.168.11.10 POST /MAAS/metadata/status/fhy7we HTTP/1.1 --> 204 NO_CONTENT (referrer: -; agent: python-requests/2.9.1)
Jan 13 23:47:58 mas01 sh[19526]: 2018-01-13 23:47:58 regiond: [info] 192.168.11.4 POST /MAAS/metadata/status/db8xfe HTTP/1.1 --> 204 NO_CONTENT (referrer: -; agent: python-requests/2.9.1)
Jan 13 23:47:58 mas01 sh[18902]: 2018-01-13 23:47:58 regiond: [info] 192.168.11.10 POST /MAAS/metadata/status/fhy7we HTTP/1.1 --> 204 NO_CONTENT (referrer: -; agent: python-requests/2.9.1)
Jan 13 23:47:58 mas01 sh[18896]: 2018-01-13 23:47:58 regiond: [info] 192.168.11.13 POST /MAAS/metadata/status/khshdb HTTP/1.1 --> 204 NO_CONTENT (referrer: -; agent: python-requests/2.9.1)
Jan 13 23:47:58 mas01 sh[18906]: 2018-01-13 23:47:58 regiond: [info] 192.168.11.10 POST /MAAS/metadata/status/fhy7we HTTP/1.1 --> 204 NO_CONTENT (referrer: -; agent: python-requests/2.9.1)
Jan 13 23:47:58 mas01 sh[18902]: 2018-01-13 23:47:58 regiond: [info] 192.168.11.4 POST /MAAS/metadata/status/db8xfe HTTP/1.1 --> 204 NO_CONTENT (referrer: -; agent: python-requests/2.9.1)
Jan 13 23:47:58 mas01 sh[18896]: 2018-01-13 23:47:58 regiond: [info] 192.168.11.13 POST /MAAS/metadata/status/khshdb HTTP/1.1 --> 204 NO_CONTENT (referrer: -; agent: python-requests/2.9.1)
Jan 13 23:47:58 mas01 sh[19526]: 2018-01-13 23:47:58 regiond: [info] 192.168.11.4 POST /MAAS/metadata/status/db8xfe HTTP/1.1 --> 204 NO_CONTENT (referrer: -; agent: python-requests/2.9.1)
Jan 13 23:47:58 mas01 sh[19526]: 2018-01-13 23:47:58 regiond: [info] 192.168.11.10 POST /MAAS/metadata/status/fhy7we HTTP/1.1 --> 204 NO_CONTENT (referrer: -; agent: python-requests/2.9.1)
Jan 13 23:47:58 mas01 sh[18906]: 2018-01-13 23:47:58 regiond: [info] 192.168.11.13 POST /MAAS/metadata/status/khshdb HTTP/1.1 --> 204 NO_CONTENT (referrer: -; agent: python-requests/2.9.1)
Jan 13 23:47:58 mas01 sh[18906]: 2018-01-13 23:47:58 regiond: [info] 192.168.11.4 POST /MAAS/metadata/status/db8xfe HTTP/1.1 --> 204 NO_CONTENT (referrer: -; agent: python-requests/2.9.1)
Jan 13 23:47:58 mas01 sh[18902]: 2018-01-13 23:47:58 regiond: [info] 192.168.11.10 POST /MAAS/metadata/status/fhy7we HTTP/1.1 --> 204 NO_CONTENT (referrer: -; agent: python-requests/2.9.1)
Jan 13 23:47:58 mas01 sh[18896]: 2018-01-13 23:47:58 regiond: [info] 192.168.11.13 POST /MAAS/metadata/status/khshdb HTTP/1.1 --> 204 NO_CONTENT (referrer: -; agent: python-requests/2.9.1)
Jan 13 23:47:58 mas01 sh[18896]: 2018-01-13 23:47:58 regiond: [info] 192.168.11.4 POST /MAAS/metadata/status/db8xfe HTTP/1.1 --> 204 NO_CONTENT (referrer: -; agent: python-requests/2.9.1)
Jan 13 23:47:58 mas01 sh[18902]: 2018-01-13 23:47:58 regiond: [info] 192.168.11.13 POST /MAAS/metadata/status/khshdb HTTP/1.1 --> 204 NO_CONTENT (referrer: -; agent: python-requests/2.9.1)
Jan 13 23:47:58 mas01 sh[18896]: 2018-01-13 23:47:58 regiond: [info] 192.168.11.10 POST /MAAS/metadata/status/fhy7we HTTP/1.1 --> 204 NO_CONTENT (referrer: -; agent: python-requests/2.9.1)
Jan 13 23:47:58 mas01 sh[19526]: 2018-01-13 23:47:58 regiond: [info] 192.168.11.10 POST /MAAS/metadata/status/fhy7we HTTP/1.1 --> 204 NO_CONTENT (referrer: -; agent: python-requests/2.9.1)
Jan 13 23:47:58 mas01 sh[19526]: 2018-01-13 23:47:58 regiond: [info] 192.168.11.13 POST /MAAS/metadata/status/khshdb HTTP/1.1 --> 204 NO_CONTENT (referrer: -; agent: python-requests/2.9.1)
Jan 13 23:47:58 mas01 sh[18896]: 2018-01-13 23:47:58 regiond: [info] 192.168.11.10 POST /MAAS/metadata/status/fhy7we HTTP/1.1 --> 204 NO_CONTENT (referrer: -; agent: python-requests/2.9.1)
Jan 13 23:47:58 mas01 sh[18902]: 2018-01-13 23:47:58 regiond: [info] 192.168.11.13 POST /MAAS/metadata/status/khshdb HTTP/1.1 --> 204 NO_CONTENT (referrer: -; agent: python-requests/2.9.1)
Jan 13 23:47:58 mas01 sh[18896]: 2018-01-13 23:47:58 regiond: [info] 192.168.11.10 POST /MAAS/metadata/status/fhy7we HTTP/1.1 --> 204 NO_CONTENT (referrer: -; agent: python-requests/2.9.1)
Jan 13 23:47:58 mas01 sh[18906]: 2018-01-13 23:47:58 regiond: [info] 192.168.11.13 POST /MAAS/metadata/status/khshdb HTTP/1.1 --> 204 NO_CONTENT (referrer: -; agent: python-requests/2.9.1)
Jan 13 23:47:58 mas01 sh[19526]: 2018-01-13 23:47:58 regiond: [info] 192.168.11.10 POST /MAAS/metadata/status/fhy7we HTTP/1.1 --> 204 NO_CONTENT (referrer: -; agent: python-requests/2.9.1)
Jan 13 23:47:58 mas01 sh[18896]: 2018-01-13 23:47:58 regiond: [info] 192.168.11.10 POST /MAAS/metadata/status/fhy7we HTTP/1.1 --> 204 NO_CONTENT (referrer: -; agent: python-requests/2.9.1)
Jan 13 23:47:58 mas01 sh[18896]: 2018-01-13 23:47:58 regiond: [info] 192.168.11.10 POST /MAAS/metadata/status/fhy7we HTTP/1.1 --> 204 NO_CONTENT (referrer: -; agent: python-requests/2.9.1)
Jan 13 23:47:58 mas01 sh[18906]: 2018-01-13 23:47:58 regiond: [info] 192.168.11.10 POST /MAAS/metadata/status/fhy7we HTTP/1.1 --> 204 NO_CONTENT (referrer: -; agent: python-requests/2.9.1)
Jan 13 23:47:58 mas01 sh[18896]: 2018-01-13 23:47:58 regiond: [info] 192.168.11.10 POST /MAAS/metadata/status/fhy7we HTTP/1.1 --> 204 NO_CONTENT (referrer: -; agent: python-requests/2.9.1)
Jan 13 23:47:58 mas01 sh[19526]: 2018-01-13 23:47:58 regiond: [info] 192.168.11.10 POST /MAAS/metadata/status/fhy7we HTTP/1.1 --> 204 NO_CONTENT (referrer: -; agent: python-requests/2.9.1)
Jan 13 23:48:01 mas01 sh[18896]: 2018-01-13 23:48:01 regiond: [info] 192.168.11.7 POST /MAAS/metadata/2012-03-01/ HTTP/1.1 --> 200 OK (referrer: -; agent: Python-urllib/3.5)
Jan 13 23:48:01 mas01 sh[18906]: 2018-01-13 23:48:01 regiond: [info] 192.168.11.7 GET /MAAS/metadata/2012-03-01/maas-scripts/ HTTP/1.1 --> 200 OK (referrer: -; agent: Python-urllib/3.5)
Jan 13 23:48:01 mas01 sh[18896]: 2018-01-13 23:48:01 regiond: [info] 192.168.11.7 POST /MAAS/metadata/2012-03-01/ HTTP/1.1 --> 200 OK (referrer: -; agent: Python-urllib/3.5)
Jan 13 23:48:01 mas01 sh[18906]: 2018-01-13 23:48:01 regiond: [info] 192.168.11.7 GET /MAAS/metadata/latest/by-id/t6wern/?op=get_preseed HTTP/1.1 --> 200 OK (referrer: -; agent: curl/7.47.0)
Jan 13 23:48:02 mas01 sh[18906]: 2018-01-13 23:48:02 regiond: [info] 192.168.11.7 POST /MAAS/metadata/2012-03-01/ HTTP/1.1 --> 200 OK (referrer: -; agent: Python-urllib/3.5)
Jan 13 23:48:02 mas01 sh[18896]: 2018-01-13 23:48:02 regiond: [info] 192.168.11.7 POST /MAAS/metadata/2012-03-01/ HTTP/1.1 --> 200 OK (referrer: -; agent: Python-urllib/3.5)
Jan 13 23:48:02 mas01 sh[18902]: 2018-01-13 23:48:02 regiond: [info] 192.168.11.4 GET /MAAS/metadata/2012-03-01/maas-scripts/ HTTP/1.1 --> 200 OK (referrer: -; agent: Python-urllib/3.5)
Jan 13 23:48:02 mas01 sh[18906]: 2018-01-13 23:48:02 regiond: [info] 192.168.11.4 POST /MAAS/metadata/2012-03-01/ HTTP/1.1 --> 200 OK (referrer: -; agent: Python-urllib/3.5)
Jan 13 23:48:02 mas01 sh[18906]: 2018-01-13 23:48:02 regiond: [info] 192.168.11.7 POST /MAAS/metadata/2012-03-01/ HTTP/1.1 --> 200 OK (referrer: -; agent: Python-urllib/3.5)
Jan 13 23:48:02 mas01 sh[18896]: 2018-01-13 23:48:02 regiond: [info] 192.168.11.10 GET /MAAS/metadata/2012-03-01/maas-scripts/ HTTP/1.1 --> 200 OK (referrer: -; agent: Python-urllib/3.5)
Jan 13 23:48:02 mas01 sh[18902]: 2018-01-13 23:48:02 regiond: [info] 192.168.11.13 GET /MAAS/metadata/2012-03-01/maas-scripts/ HTTP/1.1 --> 200 OK (referrer: -; agent: Python-urllib/3.5)
Jan 13 23:48:02 mas01 sh[18902]: 2018-01-13 23:48:02 regiond: [info] 192.168.11.10 POST /MAAS/metadata/2012-03-01/ HTTP/1.1 --> 200 OK (referrer: -; agent: Python-urllib/3.5)
Jan 13 23:48:02 mas01 sh[18902]: 2018-01-13 23:48:02 regiond: [info] 192.168.11.13 POST /MAAS/metadata/2012-03-01/ HTTP/1.1 --> 200 OK (referrer: -; agent: Python-urllib/3.5)
Jan 13 23:48:02 mas01 sh[18896]: 2018-01-13 23:48:02 regiond: [info] 192.168.11.4 POST /MAAS/metadata/2012-03-01/ HTTP/1.1 --> 200 OK (referrer: -; agent: Python-urllib/3.5)
Jan 13 23:48:02 mas01 sh[18902]: 2018-01-13 23:48:02 regiond: [info] 192.168.11.7 POST /MAAS/metadata/2012-03-01/ HTTP/1.1 --> 200 OK (referrer: -; agent: Python-urllib/3.5)
Jan 13 23:48:02 mas01 sh[18896]: 2018-01-13 23:48:02 regiond: [info] 192.168.11.10 POST /MAAS/metadata/2012-03-01/ HTTP/1.1 --> 200 OK (referrer: -; agent: Python-urllib/3.5)
Jan 13 23:48:02 mas01 sh[18906]: 2018-01-13 23:48:02 regiond: [info] 192.168.11.13 POST /MAAS/metadata/2012-03-01/ HTTP/1.1 --> 200 OK (referrer: -; agent: Python-urllib/3.5)
Jan 13 23:48:02 mas01 sh[18902]: 2018-01-13 23:48:02 regiond: [info] 192.168.11.4 GET /MAAS/metadata/latest/by-id/db8xfe/?op=get_preseed HTTP/1.1 --> 200 OK (referrer: -; agent: curl/7.47.0)
Jan 13 23:48:02 mas01 sh[19526]: 2018-01-13 23:48:02 regiond: [info] 192.168.11.10 GET /MAAS/metadata/latest/by-id/fhy7we/?op=get_preseed HTTP/1.1 --> 200 OK (referrer: -; agent: curl/7.47.0)
Jan 13 23:48:02 mas01 sh[18896]: 2018-01-13 23:48:02 regiond: [info] 192.168.11.13 GET /MAAS/metadata/latest/by-id/khshdb/?op=get_preseed HTTP/1.1 --> 200 OK (referrer: -; agent: curl/7.47.0)
Jan 13 23:48:03 mas01 sh[18896]: 2018-01-13 23:48:03 regiond: [info] 192.168.11.4 POST /MAAS/metadata/2012-03-01/ HTTP/1.1 --> 200 OK (referrer: -; agent: Python-urllib/3.5)
Jan 13 23:48:03 mas01 sh[19526]: 2018-01-13 23:48:03 regiond: [info] 192.168.11.10 POST /MAAS/metadata/2012-03-01/ HTTP/1.1 --> 200 OK (referrer: -; agent: Python-urllib/3.5)
Jan 13 23:48:03 mas01 sh[19526]: 2018-01-13 23:48:03 regiond: [info] 192.168.11.13 POST /MAAS/metadata/2012-03-01/ HTTP/1.1 --> 200 OK (referrer: -; agent: Python-urllib/3.5)
Jan 13 23:48:03 mas01 sh[19526]: 2018-01-13 23:48:03 regiond: [info] 192.168.11.4 POST /MAAS/metadata/2012-03-01/ HTTP/1.1 --> 200 OK (referrer: -; agent: Python-urllib/3.5)
Jan 13 23:48:03 mas01 sh[18902]: 2018-01-13 23:48:03 regiond: [info] 192.168.11.13 POST /MAAS/metadata/2012-03-01/ HTTP/1.1 --> 200 OK (referrer: -; agent: Python-urllib/3.5)
Jan 13 23:48:03 mas01 sh[19526]: 2018-01-13 23:48:03 regiond: [info] 192.168.11.10 POST /MAAS/metadata/2012-03-01/ HTTP/1.1 --> 200 OK (referrer: -; agent: Python-urllib/3.5)
Jan 13 23:48:03 mas01 sh[19526]: 2018-01-13 23:48:03 regiond: [info] 192.168.11.4 POST /MAAS/metadata/2012-03-01/ HTTP/1.1 --> 200 OK (referrer: -; agent: Python-urllib/3.5)
Jan 13 23:48:03 mas01 sh[18906]: 2018-01-13 23:48:03 regiond: [info] 192.168.11.13 POST /MAAS/metadata/2012-03-01/ HTTP/1.1 --> 200 OK (referrer: -; agent: Python-urllib/3.5)
Jan 13 23:48:03 mas01 sh[18896]: 2018-01-13 23:48:03 regiond: [info] 192.168.11.4 POST /MAAS/metadata/2012-03-01/ HTTP/1.1 --> 200 OK (referrer: -; agent: Python-urllib/3.5)
Jan 13 23:48:03 mas01 sh[18902]: 2018-01-13 23:48:03 regiond: [info] 192.168.11.10 POST /MAAS/metadata/2012-03-01/ HTTP/1.1 --> 200 OK (referrer: -; agent: Python-urllib/3.5)
Jan 13 23:48:03 mas01 sh[18906]: 2018-01-13 23:48:03 regiond: [info] 192.168.11.13 POST /MAAS/metadata/2012-03-01/ HTTP/1.1 --> 200 OK (referrer: -; agent: Python-urllib/3.5)
Jan 13 23:48:03 mas01 sh[18902]: 2018-01-13 23:48:03 regiond: [info] 192.168.11.7 POST /MAAS/metadata/2012-03-01/ HTTP/1.1 --> 200 OK (referrer: -; agent: Python-urllib/3.5)
Jan 13 23:48:03 mas01 sh[18896]: 2018-01-13 23:48:03 regiond: [info] 192.168.11.10 POST /MAAS/metadata/2012-03-01/ HTTP/1.1 --> 200 OK (referrer: -; agent: Python-urllib/3.5)
Jan 13 23:48:03 mas01 sh[18906]: 2018-01-13 23:48:03 regiond: [info] 192.168.11.7 POST /MAAS/metadata/2012-03-01/ HTTP/1.1 --> 200 OK (referrer: -; agent: Python-urllib/3.5)
Jan 13 23:48:03 mas01 sh[18906]: message repeated 2 times: [ 2018-01-13 23:48:03 regiond: [info] 192.168.11.7 POST /MAAS/metadata/2012-03-01/ HTTP/1.1 --> 200 OK (referrer: -; agent: Python-urllib/3.5)]
Jan 13 23:48:04 mas01 sh[18902]: 2018-01-13 23:48:04 regiond: [info] 192.168.11.4 POST /MAAS/metadata/2012-03-01/ HTTP/1.1 --> 200 OK (referrer: -; agent: Python-urllib/3.5)
Jan 13 23:48:04 mas01 sh[18902]: 2018-01-13 23:48:04 regiond: [info] 192.168.11.13 POST /MAAS/metadata/2012-03-01/ HTTP/1.1 --> 200 OK (referrer: -; agent: Python-urllib/3.5)
Jan 13 23:48:04 mas01 sh[18906]: 2018-01-13 23:48:04 regiond: [info] 192.168.11.4 POST /MAAS/metadata/2012-03-01/ HTTP/1.1 --> 200 OK (referrer: -; agent: Python-urllib/3.5)
Jan 13 23:48:04 mas01 sh[18902]: 2018-01-13 23:48:04 regiond: [info] 192.168.11.10 POST /MAAS/metadata/2012-03-01/ HTTP/1.1 --> 200 OK (referrer: -; agent: Python-urllib/3.5)
Jan 13 23:48:04 mas01 sh[18896]: 2018-01-13 23:48:04 regiond: [info] 192.168.11.13 POST /MAAS/metadata/2012-03-01/ HTTP/1.1 --> 200 OK (referrer: -; agent: Python-urllib/3.5)
Jan 13 23:48:04 mas01 sh[19526]: 2018-01-13 23:48:04 regiond: [info] 192.168.11.10 POST /MAAS/metadata/2012-03-01/ HTTP/1.1 --> 200 OK (referrer: -; agent: Python-urllib/3.5)
Jan 13 23:48:04 mas01 sh[18902]: 2018-01-13 23:48:04 regiond: [info] 192.168.11.4 POST /MAAS/metadata/2012-03-01/ HTTP/1.1 --> 200 OK (referrer: -; agent: Python-urllib/3.5)
Jan 13 23:48:04 mas01 sh[18896]: 2018-01-13 23:48:04 regiond: [info] 192.168.11.4 POST /MAAS/metadata/2012-03-01/ HTTP/1.1 --> 200 OK (referrer: -; agent: Python-urllib/3.5)
Jan 13 23:48:04 mas01 sh[18906]: 2018-01-13 23:48:04 regiond: [info] 192.168.11.10 POST /MAAS/metadata/2012-03-01/ HTTP/1.1 --> 200 OK (referrer: -; agent: Python-urllib/3.5)
Jan 13 23:48:04 mas01 sh[18906]: 2018-01-13 23:48:04 regiond: [info] 192.168.11.13 POST /MAAS/metadata/2012-03-01/ HTTP/1.1 --> 200 OK (referrer: -; agent: Python-urllib/3.5)
Jan 13 23:48:04 mas01 sh[18902]: 2018-01-13 23:48:04 regiond: [info] 192.168.11.10 POST /MAAS/metadata/2012-03-01/ HTTP/1.1 --> 200 OK (referrer: -; agent: Python-urllib/3.5)
Jan 13 23:48:04 mas01 sh[18906]: 2018-01-13 23:48:04 regiond: [info] 192.168.11.13 POST /MAAS/metadata/2012-03-01/ HTTP/1.1 --> 200 OK (referrer: -; agent: Python-urllib/3.5)
Jan 13 23:48:06 mas01 sh[19526]: 2018-01-13 23:48:06 regiond: [info] 192.168.11.7 POST /MAAS/metadata/2012-03-01/ HTTP/1.1 --> 200 OK (referrer: -; agent: Python-urllib/3.5)
Jan 13 23:48:06 mas01 sh[18906]: 2018-01-13 23:48:06 regiond: [info] 192.168.11.7 POST /MAAS/metadata/2012-03-01/ HTTP/1.1 --> 200 OK (referrer: -; agent: Python-urllib/3.5)
Jan 13 23:48:06 mas01 sh[18896]: 2018-01-13 23:48:06 regiond: [info] 192.168.11.7 POST /MAAS/metadata/2012-03-01/ HTTP/1.1 --> 200 OK (referrer: -; agent: Python-urllib/3.5)
Jan 13 23:48:06 mas01 sh[18902]: 2018-01-13 23:48:06 regiond: [info] 192.168.11.10 POST /MAAS/metadata/2012-03-01/ HTTP/1.1 --> 200 OK (referrer: -; agent: Python-urllib/3.5)
Jan 13 23:48:06 mas01 sh[18906]: 2018-01-13 23:48:06 regiond: [info] 192.168.11.4 POST /MAAS/metadata/2012-03-01/ HTTP/1.1 --> 200 OK (referrer: -; agent: Python-urllib/3.5)
Jan 13 23:48:06 mas01 sh[18896]: 2018-01-13 23:48:06 regiond: [info] 192.168.11.13 POST /MAAS/metadata/2012-03-01/ HTTP/1.1 --> 200 OK (referrer: -; agent: Python-urllib/3.5)
Jan 13 23:48:06 mas01 sh[18902]: 2018-01-13 23:48:06 regiond: [info] 192.168.11.10 POST /MAAS/metadata/2012-03-01/ HTTP/1.1 --> 200 OK (referrer: -; agent: Python-urllib/3.5)
Jan 13 23:48:06 mas01 sh[18906]: 2018-01-13 23:48:06 regiond: [info] 192.168.11.4 POST /MAAS/metadata/2012-03-01/ HTTP/1.1 --> 200 OK (referrer: -; agent: Python-urllib/3.5)
Jan 13 23:48:06 mas01 sh[18906]: 2018-01-13 23:48:06 regiond: [info] 192.168.11.7 POST /MAAS/metadata/2012-03-01/ HTTP/1.1 --> 200 OK (referrer: -; agent: Python-urllib/3.5)
Jan 13 23:48:06 mas01 sh[18902]: 2018-01-13 23:48:06 regiond: [info] 192.168.11.10 POST /MAAS/metadata/2012-03-01/ HTTP/1.1 --> 200 OK (referrer: -; agent: Python-urllib/3.5)
Jan 13 23:48:06 mas01 sh[18906]: 2018-01-13 23:48:06 regiond: [info] 192.168.11.4 POST /MAAS/metadata/2012-03-01/ HTTP/1.1 --> 200 OK (referrer: -; agent: Python-urllib/3.5)
Jan 13 23:48:06 mas01 sh[19526]: 2018-01-13 23:48:06 regiond: [info] 192.168.11.13 POST /MAAS/metadata/2012-03-01/ HTTP/1.1 --> 200 OK (referrer: -; agent: Python-urllib/3.5)
Jan 13 23:48:06 mas01 sh[19526]: 2018-01-13 23:48:06 regiond: [info] 192.168.11.7 POST /MAAS/metadata/2012-03-01/ HTTP/1.1 --> 200 OK (referrer: -; agent: Python-urllib/3.5)
Jan 13 23:48:06 mas01 sh[18906]: 2018-01-13 23:48:06 regiond: [info] 192.168.11.13 POST /MAAS/metadata/2012-03-01/ HTTP/1.1 --> 200 OK (referrer: -; agent: Python-urllib/3.5)
Jan 13 23:48:07 mas01 sh[19526]: 2018-01-13 23:48:07 regiond: [info] 192.168.11.10 POST /MAAS/metadata/2012-03-01/ HTTP/1.1 --> 200 OK (referrer: -; agent: Python-urllib/3.5)
Jan 13 23:48:07 mas01 sh[18902]: 2018-01-13 23:48:07 regiond: [info] 192.168.11.10 POST /MAAS/metadata/2012-03-01/ HTTP/1.1 --> 200 OK (referrer: -; agent: Python-urllib/3.5)
Jan 13 23:48:07 mas01 sh[18896]: 2018-01-13 23:48:07 regiond: [info] 192.168.11.4 POST /MAAS/metadata/2012-03-01/ HTTP/1.1 --> 200 OK (referrer: -; agent: Python-urllib/3.5)
Jan 13 23:48:07 mas01 sh[18906]: 2018-01-13 23:48:07 regiond: [info] 192.168.11.13 POST /MAAS/metadata/2012-03-01/ HTTP/1.1 --> 200 OK (referrer: -; agent: Python-urllib/3.5)
Jan 13 23:48:07 mas01 sh[18896]: 2018-01-13 23:48:07 regiond: [info] 192.168.11.4 POST /MAAS/metadata/2012-03-01/ HTTP/1.1 --> 200 OK (referrer: -; agent: Python-urllib/3.5)
Jan 13 23:48:07 mas01 sh[18906]: 2018-01-13 23:48:07 regiond: [info] 192.168.11.13 POST /MAAS/metadata/2012-03-01/ HTTP/1.1 --> 200 OK (referrer: -; agent: Python-urllib/3.5)
Jan 13 23:48:07 mas01 sh[18906]: 2018-01-13 23:48:07 regiond: [info] 192.168.11.7 POST /MAAS/metadata/2012-03-01/ HTTP/1.1 --> 200 OK (referrer: -; agent: Python-urllib/3.5)
Jan 13 23:48:07 mas01 sh[18902]: 2018-01-13 23:48:07 regiond: [info] 192.168.11.7 POST /MAAS/metadata/2012-03-01/ HTTP/1.1 --> 200 OK (referrer: -; agent: Python-urllib/3.5)
Jan 13 23:48:07 mas01 sh[18906]: 2018-01-13 23:48:07 regiond: [info] 192.168.11.10 POST /MAAS/metadata/2012-03-01/ HTTP/1.1 --> 200 OK (referrer: -; agent: Python-urllib/3.5)
Jan 13 23:48:07 mas01 sh[18902]: 2018-01-13 23:48:07 regiond: [info] 192.168.11.10 POST /MAAS/metadata/2012-03-01/ HTTP/1.1 --> 200 OK (referrer: -; agent: Python-urllib/3.5)
Jan 13 23:48:07 mas01 sh[18896]: 2018-01-13 23:48:07 regiond: [info] 192.168.11.4 POST /MAAS/metadata/2012-03-01/ HTTP/1.1 --> 200 OK (referrer: -; agent: Python-urllib/3.5)
Jan 13 23:48:07 mas01 salt-minion[2557]: [INFO    ] User sudo_ubuntu Executing command state.apply with jid 20180113234807635795
Jan 13 23:48:07 mas01 sh[19526]: 2018-01-13 23:48:07 regiond: [info] 192.168.11.4 POST /MAAS/metadata/2012-03-01/ HTTP/1.1 --> 200 OK (referrer: -; agent: Python-urllib/3.5)
Jan 13 23:48:07 mas01 salt-minion[2557]: [INFO    ] Starting a new job with PID 21659
Jan 13 23:48:07 mas01 sh[18896]: 2018-01-13 23:48:07 regiond: [info] 192.168.11.13 POST /MAAS/metadata/2012-03-01/ HTTP/1.1 --> 200 OK (referrer: -; agent: Python-urllib/3.5)
Jan 13 23:48:07 mas01 sh[19526]: 2018-01-13 23:48:07 regiond: [info] 192.168.11.13 POST /MAAS/metadata/2012-03-01/ HTTP/1.1 --> 200 OK (referrer: -; agent: Python-urllib/3.5)
Jan 13 23:48:09 mas01 salt-minion[2557]: [INFO    ] Loading fresh modules for state activity
Jan 13 23:48:09 mas01 salt-minion[2557]: [INFO    ] Running state [maas-region apikey --username opnfv > /var/lib/maas/.maas_credentials] at time 23:48:09.331435
Jan 13 23:48:09 mas01 salt-minion[2557]: [INFO    ] Executing state cmd.run for maas-region apikey --username opnfv > /var/lib/maas/.maas_credentials
Jan 13 23:48:09 mas01 salt-minion[2557]: [INFO    ] Executing command 'maas-region apikey --username opnfv > /var/lib/maas/.maas_credentials' in directory '/root'
Jan 13 23:48:10 mas01 salt-minion[2557]: [INFO    ] {'pid': 21668, 'retcode': 0, 'stderr': '', 'stdout': ''}
Jan 13 23:48:10 mas01 salt-minion[2557]: [INFO    ] Completed state [maas-region apikey --username opnfv > /var/lib/maas/.maas_credentials] at time 23:48:10.690235 duration_in_ms=1358.8
Jan 13 23:48:10 mas01 salt-minion[2557]: [INFO    ] Running state [maas.machines_status] at time 23:48:10.692486
Jan 13 23:48:10 mas01 salt-minion[2557]: [INFO    ] Executing state module.run for maas.machines_status
Jan 13 23:48:10 mas01 salt-minion[2557]: [INFO    ] {'ret': {'machines': [{'status': 'Commissioning', 'hostname': u'cmp001', 'system_id': u'khshdb'}, {'status': 'Commissioning', 'hostname': u'kvm01', 'system_id': u't6wern'}, {'status': 'Commissioning', 'hostname': u'kvm03', 'system_id': u'db8xfe'}, {'status': 'Commissioning', 'hostname': u'kvm02', 'system_id': u'fhy7we'}, {'status': 'Commissioning', 'hostname': u'cmp002', 'system_id': u'reh7xx'}], 'summary': Counter({'Commissioning': 5})}}
Jan 13 23:48:10 mas01 salt-minion[2557]: [INFO    ] Completed state [maas.machines_status] at time 23:48:10.919626 duration_in_ms=227.14
Jan 13 23:48:10 mas01 sh[18896]: 2018-01-13 23:48:10 regiond: [info] 127.0.0.1 GET /MAAS/api/2.0/machines/ HTTP/1.1 --> 200 OK (referrer: -; agent: Python-urllib/2.7)
Jan 13 23:48:10 mas01 salt-minion[2557]: [INFO    ] Returning information for job: 20180113234807635795
Jan 13 23:48:16 mas01 sh[18896]: 2018-01-13 23:48:16 regiond: [info] 192.168.11.7 POST /MAAS/metadata/2012-03-01/ HTTP/1.1 --> 200 OK (referrer: -; agent: Python-urllib/3.5)
Jan 13 23:48:16 mas01 sh[18902]: 2018-01-13 23:48:16 regiond: [info] 192.168.11.7 POST /MAAS/metadata/2012-03-01/ HTTP/1.1 --> 200 OK (referrer: -; agent: Python-urllib/3.5)
Jan 13 23:48:16 mas01 sh[18896]: 2018-01-13 23:48:16 regiond: [info] 192.168.11.10 POST /MAAS/metadata/2012-03-01/ HTTP/1.1 --> 200 OK (referrer: -; agent: Python-urllib/3.5)
Jan 13 23:48:16 mas01 sh[18906]: 2018-01-13 23:48:16 regiond: [info] 192.168.11.4 POST /MAAS/metadata/2012-03-01/ HTTP/1.1 --> 200 OK (referrer: -; agent: Python-urllib/3.5)
Jan 13 23:48:16 mas01 sh[19526]: 2018-01-13 23:48:16 regiond: [info] 192.168.11.10 POST /MAAS/metadata/2012-03-01/ HTTP/1.1 --> 200 OK (referrer: -; agent: Python-urllib/3.5)
Jan 13 23:48:16 mas01 sh[19526]: 2018-01-13 23:48:16 regiond: [info] 192.168.11.7 POST /MAAS/metadata/2012-03-01/ HTTP/1.1 --> 200 OK (referrer: -; agent: Python-urllib/3.5)
Jan 13 23:48:16 mas01 sh[18906]: 2018-01-13 23:48:16 regiond: [info] 192.168.11.13 POST /MAAS/metadata/2012-03-01/ HTTP/1.1 --> 200 OK (referrer: -; agent: Python-urllib/3.5)
Jan 13 23:48:16 mas01 sh[19526]: 2018-01-13 23:48:16 regiond: [info] 192.168.11.7 POST /MAAS/metadata/2012-03-01/ HTTP/1.1 --> 200 OK (referrer: -; agent: Python-urllib/3.5)
Jan 13 23:48:16 mas01 sh[18906]: 2018-01-13 23:48:16 regiond: [info] 192.168.11.4 POST /MAAS/metadata/2012-03-01/ HTTP/1.1 --> 200 OK (referrer: -; agent: Python-urllib/3.5)
Jan 13 23:48:16 mas01 sh[18906]: 2018-01-13 23:48:16 regiond: [info] 192.168.11.13 POST /MAAS/metadata/2012-03-01/ HTTP/1.1 --> 200 OK (referrer: -; agent: Python-urllib/3.5)
Jan 13 23:48:16 mas01 sh[19526]: 2018-01-13 23:48:16 regiond: [info] 192.168.11.7 POST /MAAS/metadata/2012-03-01/ HTTP/1.1 --> 200 OK (referrer: -; agent: Python-urllib/3.5)
Jan 13 23:48:17 mas01 sh[19526]: 2018-01-13 23:48:17 regiond: [info] 192.168.11.7 POST /MAAS/metadata/2012-03-01/ HTTP/1.1 --> 200 OK (referrer: -; agent: Python-urllib/3.5)
Jan 13 23:48:17 mas01 sh[18906]: 2018-01-13 23:48:17 regiond: [info] 192.168.11.10 POST /MAAS/metadata/2012-03-01/ HTTP/1.1 --> 200 OK (referrer: -; agent: Python-urllib/3.5)
Jan 13 23:48:17 mas01 sh[18906]: 2018-01-13 23:48:17 regiond: [info] 192.168.11.4 POST /MAAS/metadata/2012-03-01/ HTTP/1.1 --> 200 OK (referrer: -; agent: Python-urllib/3.5)
Jan 13 23:48:17 mas01 sh[18902]: 2018-01-13 23:48:17 regiond: [info] 192.168.11.10 POST /MAAS/metadata/2012-03-01/ HTTP/1.1 --> 200 OK (referrer: -; agent: Python-urllib/3.5)
Jan 13 23:48:17 mas01 sh[18906]: 2018-01-13 23:48:17 regiond: [info] 192.168.11.13 POST /MAAS/metadata/2012-03-01/ HTTP/1.1 --> 200 OK (referrer: -; agent: Python-urllib/3.5)
Jan 13 23:48:17 mas01 sh[19526]: 2018-01-13 23:48:17 regiond: [info] 192.168.11.4 POST /MAAS/metadata/2012-03-01/ HTTP/1.1 --> 200 OK (referrer: -; agent: Python-urllib/3.5)
Jan 13 23:48:17 mas01 sh[18906]: 2018-01-13 23:48:17 regiond: [info] 192.168.11.10 POST /MAAS/metadata/2012-03-01/ HTTP/1.1 --> 200 OK (referrer: -; agent: Python-urllib/3.5)
Jan 13 23:48:17 mas01 sh[18906]: 2018-01-13 23:48:17 regiond: [info] 192.168.11.13 POST /MAAS/metadata/2012-03-01/ HTTP/1.1 --> 200 OK (referrer: -; agent: Python-urllib/3.5)
Jan 13 23:48:17 mas01 sh[18902]: 2018-01-13 23:48:17 regiond: [info] 192.168.11.10 POST /MAAS/metadata/2012-03-01/ HTTP/1.1 --> 200 OK (referrer: -; agent: Python-urllib/3.5)
Jan 13 23:48:17 mas01 sh[18896]: 2018-01-13 23:48:17 regiond: [info] 192.168.11.4 POST /MAAS/metadata/2012-03-01/ HTTP/1.1 --> 200 OK (referrer: -; agent: Python-urllib/3.5)
Jan 13 23:48:17 mas01 sh[18896]: 2018-01-13 23:48:17 regiond: [info] 192.168.11.13 POST /MAAS/metadata/2012-03-01/ HTTP/1.1 --> 200 OK (referrer: -; agent: Python-urllib/3.5)
Jan 13 23:48:17 mas01 sh[18896]: 2018-01-13 23:48:17 regiond: [info] 192.168.11.4 POST /MAAS/metadata/2012-03-01/ HTTP/1.1 --> 200 OK (referrer: -; agent: Python-urllib/3.5)
Jan 13 23:48:17 mas01 sh[18902]: 2018-01-13 23:48:17 regiond: [info] 192.168.11.13 POST /MAAS/metadata/2012-03-01/ HTTP/1.1 --> 200 OK (referrer: -; agent: Python-urllib/3.5)
Jan 13 23:48:22 mas01 salt-minion[2557]: [INFO    ] User sudo_ubuntu Executing command state.apply with jid 20180113234822169785
Jan 13 23:48:22 mas01 salt-minion[2557]: [INFO    ] Starting a new job with PID 21703
Jan 13 23:48:22 mas01 salt-minion[2557]: [INFO    ] Loading fresh modules for state activity
Jan 13 23:48:22 mas01 salt-minion[2557]: [INFO    ] Running state [maas-region apikey --username opnfv > /var/lib/maas/.maas_credentials] at time 23:48:22.744862
Jan 13 23:48:22 mas01 salt-minion[2557]: [INFO    ] Executing state cmd.run for maas-region apikey --username opnfv > /var/lib/maas/.maas_credentials
Jan 13 23:48:22 mas01 salt-minion[2557]: [INFO    ] Executing command 'maas-region apikey --username opnfv > /var/lib/maas/.maas_credentials' in directory '/root'
Jan 13 23:48:24 mas01 sh[18902]: 2018-01-13 23:48:24 regiond: [info] 127.0.0.1 GET /MAAS/rpc/ HTTP/1.0 --> 200 OK (referrer: -; agent: provisioningserver.rpc.clusterservice.ClusterClientService)
Jan 13 23:48:24 mas01 salt-minion[2557]: [INFO    ] {'pid': 21710, 'retcode': 0, 'stderr': '', 'stdout': ''}
Jan 13 23:48:24 mas01 salt-minion[2557]: [INFO    ] Completed state [maas-region apikey --username opnfv > /var/lib/maas/.maas_credentials] at time 23:48:24.211574 duration_in_ms=1466.714
Jan 13 23:48:24 mas01 salt-minion[2557]: [INFO    ] Running state [maas.machines_status] at time 23:48:24.212859
Jan 13 23:48:24 mas01 salt-minion[2557]: [INFO    ] Executing state module.run for maas.machines_status
Jan 13 23:48:24 mas01 sh[18896]: 2018-01-13 23:48:24 regiond: [info] 127.0.0.1 GET /MAAS/api/2.0/machines/ HTTP/1.1 --> 200 OK (referrer: -; agent: Python-urllib/2.7)
Jan 13 23:48:24 mas01 salt-minion[2557]: [INFO    ] {'ret': {'machines': [{'status': 'Commissioning', 'hostname': u'cmp001', 'system_id': u'khshdb'}, {'status': 'Commissioning', 'hostname': u'kvm01', 'system_id': u't6wern'}, {'status': 'Commissioning', 'hostname': u'kvm03', 'system_id': u'db8xfe'}, {'status': 'Commissioning', 'hostname': u'kvm02', 'system_id': u'fhy7we'}, {'status': 'Commissioning', 'hostname': u'cmp002', 'system_id': u'reh7xx'}], 'summary': Counter({'Commissioning': 5})}}
Jan 13 23:48:24 mas01 salt-minion[2557]: [INFO    ] Completed state [maas.machines_status] at time 23:48:24.593382 duration_in_ms=380.521
Jan 13 23:48:24 mas01 salt-minion[2557]: [INFO    ] Returning information for job: 20180113234822169785
Jan 13 23:48:27 mas01 dhcpd[20674]: DHCPDISCOVER from 00:25:b5:a0:00:6a via ens5
Jan 13 23:48:28 mas01 dhcpd[20674]: DHCPOFFER on 192.168.11.17 to 00:25:b5:a0:00:6a via ens5
Jan 13 23:48:31 mas01 dhcpd[20674]: execute_statement argv[0] = /usr/sbin/maas-dhcp-helper
Jan 13 23:48:31 mas01 dhcpd[20674]: execute_statement argv[1] = notify
Jan 13 23:48:31 mas01 dhcpd[20674]: execute_statement argv[2] = --action
Jan 13 23:48:31 mas01 dhcpd[20674]: execute_statement argv[3] = commit
Jan 13 23:48:31 mas01 dhcpd[20674]: execute_statement argv[4] = --mac
Jan 13 23:48:31 mas01 dhcpd[20674]: execute_statement argv[5] = 0:25:b5:a0:0:6a
Jan 13 23:48:31 mas01 dhcpd[20674]: execute_statement argv[6] = --ip-family
Jan 13 23:48:31 mas01 dhcpd[20674]: execute_statement argv[7] = ipv4
Jan 13 23:48:31 mas01 dhcpd[20674]: execute_statement argv[8] = --ip
Jan 13 23:48:31 mas01 dhcpd[20674]: execute_statement argv[9] = 192.168.11.17
Jan 13 23:48:31 mas01 dhcpd[20674]: execute_statement argv[10] = --lease-time
Jan 13 23:48:31 mas01 dhcpd[20674]: execute_statement argv[11] = 30
Jan 13 23:48:31 mas01 dhcpd[20674]: execute_statement argv[12] = --hostname
Jan 13 23:48:31 mas01 dhcpd[20674]: execute_statement argv[13] = (none)
Jan 13 23:48:31 mas01 dhcpd[20674]: execute_statement argv[14] = --socket
Jan 13 23:48:31 mas01 dhcpd[20674]: execute_statement argv[15] = /var/lib/maas/dhcpd.sock
Jan 13 23:48:31 mas01 dhcpd[20674]: DHCPREQUEST for 192.168.11.17 (192.168.11.3) from 00:25:b5:a0:00:6a via ens5
Jan 13 23:48:31 mas01 dhcpd[20674]: DHCPACK on 192.168.11.17 to 00:25:b5:a0:00:6a via ens5
Jan 13 23:48:31 mas01 sh[18470]: 2018-01-13 23:48:31 provisioningserver.rackdservices.tftp: [info] pxelinux.0 requested by 00:25:b5:a0:00:6a
Jan 13 23:48:31 mas01 sh[18470]: 2018-01-13 23:48:31 provisioningserver.rackdservices.tftp: [info] pxelinux.0 requested by 00:25:b5:a0:00:6a
Jan 13 23:48:31 mas01 maas.interface: [info] ens5 (physical) on mas01: New MAC, IP binding observed: 00:25:b5:a0:00:6a, 192.168.11.17
Jan 13 23:48:31 mas01 sh[18470]: 2018-01-13 23:48:31 provisioningserver.rackdservices.tftp: [info] ldlinux.c32 requested by 00:25:b5:a0:00:6a
Jan 13 23:48:31 mas01 sh[18470]: 2018-01-13 23:48:31 provisioningserver.rackdservices.tftp: [info] pxelinux.cfg/f0c9cf06-d8ce-11e4-0000-10000000002f requested by 00:25:b5:a0:00:6a
Jan 13 23:48:31 mas01 sh[18470]: 2018-01-13 23:48:31 provisioningserver.rackdservices.tftp: [info] pxelinux.cfg/01-00-25-b5-a0-00-6a requested by 00:25:b5:a0:00:6a
Jan 13 23:48:32 mas01 sh[18902]: 2018-01-13 23:48:32 maasserver.models.signals.interfaces: [info] eth0 (physical) on cmp002: deleted IP addresses due to VLAN update (None -> 5003).
Jan 13 23:48:32 mas01 sh[18470]: 2018-01-13 23:48:32 provisioningserver.rackdservices.tftp: [info] pxelinux.cfg/01-00-25-b5-a0-00-6a requested by 00:25:b5:a0:00:6a
Jan 13 23:48:32 mas01 sh[18470]: 2018-01-13 23:48:32 provisioningserver.rackdservices.tftp: [info] ubuntu/amd64/hwe-16.04-edge/xenial/daily/boot-kernel requested by 00:25:b5:a0:00:6a
Jan 13 23:48:32 mas01 sh[18470]: 2018-01-13 23:48:32 provisioningserver.rackdservices.tftp: [info] ubuntu/amd64/hwe-16.04-edge/xenial/daily/boot-initrd requested by 00:25:b5:a0:00:6a
Jan 13 23:48:33 mas01 sh[18906]: 2018-01-13 23:48:33 maasserver.rpc.leases: [info] Lease update: commit for 192.168.11.17 on 0:25:b5:a0:0:6a at 2018-01-13 23:48:31 (lease time: 30s)
Jan 13 23:48:33 mas01 named[18814]: received control channel command 'reload'
Jan 13 23:48:33 mas01 named[18814]: loading configuration from '/etc/bind/named.conf'
Jan 13 23:48:33 mas01 named[18814]: reading built-in trusted keys from file '/etc/bind/bind.keys'
Jan 13 23:48:33 mas01 named[18814]: initializing GeoIP Country (IPv4) (type 1) DB
Jan 13 23:48:33 mas01 named[18814]: GEO-106FREE 20160408 Bu
Jan 13 23:48:33 mas01 named[18814]: initializing GeoIP Country (IPv6) (type 12) DB
Jan 13 23:48:33 mas01 named[18814]: GEO-106FREE 20160408 Bu
Jan 13 23:48:33 mas01 named[18814]: GeoIP City (IPv4) (type 2) DB not available
Jan 13 23:48:33 mas01 named[18814]: GeoIP City (IPv4) (type 6) DB not available
Jan 13 23:48:33 mas01 named[18814]: GeoIP City (IPv6) (type 30) DB not available
Jan 13 23:48:33 mas01 named[18814]: GeoIP City (IPv6) (type 31) DB not available
Jan 13 23:48:33 mas01 named[18814]: GeoIP Region (type 3) DB not available
Jan 13 23:48:33 mas01 named[18814]: GeoIP Region (type 7) DB not available
Jan 13 23:48:33 mas01 named[18814]: GeoIP ISP (type 4) DB not available
Jan 13 23:48:33 mas01 named[18814]: GeoIP Org (type 5) DB not available
Jan 13 23:48:33 mas01 named[18814]: GeoIP AS (type 9) DB not available
Jan 13 23:48:33 mas01 named[18814]: GeoIP Domain (type 11) DB not available
Jan 13 23:48:33 mas01 named[18814]: GeoIP NetSpeed (type 10) DB not available
Jan 13 23:48:33 mas01 named[18814]: using default UDP/IPv4 port range: [32768, 60999]
Jan 13 23:48:33 mas01 named[18814]: using default UDP/IPv6 port range: [32768, 60999]
Jan 13 23:48:33 mas01 named[18814]: sizing zone task pool based on 9 zones
Jan 13 23:48:33 mas01 named[18814]: automatic empty zone: 10.IN-ADDR.ARPA
Jan 13 23:48:33 mas01 named[18814]: automatic empty zone: 16.172.IN-ADDR.ARPA
Jan 13 23:48:33 mas01 named[18814]: automatic empty zone: 17.172.IN-ADDR.ARPA
Jan 13 23:48:33 mas01 named[18814]: automatic empty zone: 18.172.IN-ADDR.ARPA
Jan 13 23:48:33 mas01 named[18814]: automatic empty zone: 19.172.IN-ADDR.ARPA
Jan 13 23:48:33 mas01 named[18814]: automatic empty zone: 20.172.IN-ADDR.ARPA
Jan 13 23:48:33 mas01 named[18814]: automatic empty zone: 21.172.IN-ADDR.ARPA
Jan 13 23:48:33 mas01 named[18814]: automatic empty zone: 22.172.IN-ADDR.ARPA
Jan 13 23:48:33 mas01 named[18814]: automatic empty zone: 23.172.IN-ADDR.ARPA
Jan 13 23:48:33 mas01 named[18814]: automatic empty zone: 24.172.IN-ADDR.ARPA
Jan 13 23:48:33 mas01 named[18814]: automatic empty zone: 25.172.IN-ADDR.ARPA
Jan 13 23:48:33 mas01 named[18814]: automatic empty zone: 26.172.IN-ADDR.ARPA
Jan 13 23:48:33 mas01 named[18814]: automatic empty zone: 27.172.IN-ADDR.ARPA
Jan 13 23:48:33 mas01 named[18814]: automatic empty zone: 28.172.IN-ADDR.ARPA
Jan 13 23:48:33 mas01 named[18814]: automatic empty zone: 29.172.IN-ADDR.ARPA
Jan 13 23:48:33 mas01 named[18814]: automatic empty zone: 30.172.IN-ADDR.ARPA
Jan 13 23:48:33 mas01 named[18814]: automatic empty zone: 31.172.IN-ADDR.ARPA
Jan 13 23:48:33 mas01 named[18814]: automatic empty zone: 168.192.IN-ADDR.ARPA
Jan 13 23:48:33 mas01 named[18814]: automatic empty zone: 64.100.IN-ADDR.ARPA
Jan 13 23:48:33 mas01 named[18814]: automatic empty zone: 65.100.IN-ADDR.ARPA
Jan 13 23:48:33 mas01 named[18814]: automatic empty zone: 66.100.IN-ADDR.ARPA
Jan 13 23:48:33 mas01 named[18814]: automatic empty zone: 67.100.IN-ADDR.ARPA
Jan 13 23:48:33 mas01 named[18814]: automatic empty zone: 68.100.IN-ADDR.ARPA
Jan 13 23:48:33 mas01 named[18814]: automatic empty zone: 69.100.IN-ADDR.ARPA
Jan 13 23:48:33 mas01 named[18814]: automatic empty zone: 70.100.IN-ADDR.ARPA
Jan 13 23:48:33 mas01 named[18814]: automatic empty zone: 71.100.IN-ADDR.ARPA
Jan 13 23:48:33 mas01 named[18814]: automatic empty zone: 72.100.IN-ADDR.ARPA
Jan 13 23:48:33 mas01 named[18814]: automatic empty zone: 73.100.IN-ADDR.ARPA
Jan 13 23:48:33 mas01 named[18814]: automatic empty zone: 74.100.IN-ADDR.ARPA
Jan 13 23:48:33 mas01 named[18814]: automatic empty zone: 75.100.IN-ADDR.ARPA
Jan 13 23:48:33 mas01 named[18814]: automatic empty zone: 76.100.IN-ADDR.ARPA
Jan 13 23:48:33 mas01 named[18814]: automatic empty zone: 77.100.IN-ADDR.ARPA
Jan 13 23:48:33 mas01 named[18814]: automatic empty zone: 78.100.IN-ADDR.ARPA
Jan 13 23:48:33 mas01 named[18814]: automatic empty zone: 79.100.IN-ADDR.ARPA
Jan 13 23:48:33 mas01 named[18814]: automatic empty zone: 80.100.IN-ADDR.ARPA
Jan 13 23:48:33 mas01 named[18814]: automatic empty zone: 81.100.IN-ADDR.ARPA
Jan 13 23:48:33 mas01 named[18814]: automatic empty zone: 82.100.IN-ADDR.ARPA
Jan 13 23:48:33 mas01 named[18814]: automatic empty zone: 83.100.IN-ADDR.ARPA
Jan 13 23:48:33 mas01 named[18814]: automatic empty zone: 84.100.IN-ADDR.ARPA
Jan 13 23:48:33 mas01 named[18814]: automatic empty zone: 85.100.IN-ADDR.ARPA
Jan 13 23:48:33 mas01 named[18814]: automatic empty zone: 86.100.IN-ADDR.ARPA
Jan 13 23:48:33 mas01 named[18814]: automatic empty zone: 87.100.IN-ADDR.ARPA
