Jan 10 09:29:06 mas01 dhcpd[23260]: DHCPOFFER on 192.168.11.5 to 00:25:b5:a0:00:4a via ens5
Jan 10 09:29:06 mas01 sh[18608]: 2018-01-10 09:29:06 provisioningserver.rackdservices.tftp: [info] ubuntu/amd64/hwe-16.04/xenial/daily/boot-initrd requested by 00:25:b5:a0:00:2a
Jan 10 09:29:07 mas01 sh[19056]: 2018-01-10 09:29:07 regiond: [info] 127.0.0.1 GET /MAAS/rpc/ HTTP/1.0 --> 200 OK (referrer: -; agent: provisioningserver.rpc.clusterservice.ClusterClientService)
Jan 10 09:29:07 mas01 dhcpd[23260]: execute_statement argv[0] = /usr/sbin/maas-dhcp-helper
Jan 10 09:29:07 mas01 dhcpd[23260]: execute_statement argv[1] = notify
Jan 10 09:29:07 mas01 dhcpd[23260]: execute_statement argv[2] = --action
Jan 10 09:29:07 mas01 dhcpd[23260]: execute_statement argv[3] = commit
Jan 10 09:29:07 mas01 dhcpd[23260]: execute_statement argv[4] = --mac
Jan 10 09:29:07 mas01 dhcpd[23260]: execute_statement argv[5] = 0:25:b5:a0:0:3a
Jan 10 09:29:07 mas01 dhcpd[23260]: execute_statement argv[6] = --ip-family
Jan 10 09:29:07 mas01 dhcpd[23260]: execute_statement argv[7] = ipv4
Jan 10 09:29:07 mas01 dhcpd[23260]: execute_statement argv[8] = --ip
Jan 10 09:29:07 mas01 dhcpd[23260]: execute_statement argv[9] = 192.168.11.14
Jan 10 09:29:07 mas01 dhcpd[23260]: execute_statement argv[10] = --lease-time
Jan 10 09:29:07 mas01 dhcpd[23260]: execute_statement argv[11] = 30
Jan 10 09:29:07 mas01 dhcpd[23260]: execute_statement argv[12] = --hostname
Jan 10 09:29:07 mas01 dhcpd[23260]: execute_statement argv[13] = (none)
Jan 10 09:29:07 mas01 dhcpd[23260]: execute_statement argv[14] = --socket
Jan 10 09:29:07 mas01 dhcpd[23260]: execute_statement argv[15] = /var/lib/maas/dhcpd.sock
Jan 10 09:29:08 mas01 dhcpd[23260]: DHCPREQUEST for 192.168.11.14 (192.168.11.3) from 00:25:b5:a0:00:3a via ens5
Jan 10 09:29:08 mas01 dhcpd[23260]: DHCPACK on 192.168.11.14 to 00:25:b5:a0:00:3a via ens5
Jan 10 09:29:08 mas01 sh[18608]: 2018-01-10 09:29:08 provisioningserver.rackdservices.tftp: [info] pxelinux.0 requested by 00:25:b5:a0:00:3a
Jan 10 09:29:08 mas01 sh[18608]: 2018-01-10 09:29:08 provisioningserver.rackdservices.tftp: [info] pxelinux.0 requested by 00:25:b5:a0:00:3a
Jan 10 09:29:08 mas01 sh[19050]: 2018-01-10 09:29:08 maasserver.rpc.leases: [info] Lease update: commit for 192.168.11.14 on 0:25:b5:a0:0:3a at 2018-01-10 09:29:08 (lease time: 30s)
Jan 10 09:29:08 mas01 sh[18608]: 2018-01-10 09:29:08 provisioningserver.rackdservices.tftp: [info] ldlinux.c32 requested by 00:25:b5:a0:00:3a
Jan 10 09:29:08 mas01 sh[18608]: 2018-01-10 09:29:08 provisioningserver.rackdservices.tftp: [info] pxelinux.cfg/f0c9cf06-d8ce-11e4-0000-10000000007f requested by 00:25:b5:a0:00:3a
Jan 10 09:29:08 mas01 sh[18608]: 2018-01-10 09:29:08 provisioningserver.rackdservices.tftp: [info] pxelinux.cfg/01-00-25-b5-a0-00-3a requested by 00:25:b5:a0:00:3a
Jan 10 09:29:08 mas01 sh[18608]: 2018-01-10 09:29:08 provisioningserver.rackdservices.tftp: [info] ubuntu/amd64/hwe-16.04/xenial/daily/boot-kernel requested by 00:25:b5:a0:00:3a
Jan 10 09:29:09 mas01 sh[18608]: 2018-01-10 09:29:09 provisioningserver.rackdservices.tftp: [info] ubuntu/amd64/hwe-16.04/xenial/daily/boot-initrd requested by 00:25:b5:a0:00:3a
Jan 10 09:29:11 mas01 salt-minion[2580]: [INFO    ] User sudo_ubuntu Executing command state.apply with jid 20180110092911139925
Jan 10 09:29:11 mas01 salt-minion[2580]: [INFO    ] Starting a new job with PID 24010
Jan 10 09:29:12 mas01 salt-minion[2580]: [INFO    ] Loading fresh modules for state activity
Jan 10 09:29:12 mas01 salt-minion[2580]: [INFO    ] Running state [maas-region apikey --username opnfv > /var/lib/maas/.maas_credentials] at time 09:29:12.687935
Jan 10 09:29:12 mas01 salt-minion[2580]: [INFO    ] Executing state cmd.run for maas-region apikey --username opnfv > /var/lib/maas/.maas_credentials
Jan 10 09:29:12 mas01 salt-minion[2580]: [INFO    ] Executing command 'maas-region apikey --username opnfv > /var/lib/maas/.maas_credentials' in directory '/root'
Jan 10 09:29:13 mas01 salt-minion[2580]: [INFO    ] {'pid': 24017, 'retcode': 0, 'stderr': '', 'stdout': ''}
Jan 10 09:29:13 mas01 salt-minion[2580]: [INFO    ] Completed state [maas-region apikey --username opnfv > /var/lib/maas/.maas_credentials] at time 09:29:13.918217 duration_in_ms=1230.282
Jan 10 09:29:13 mas01 salt-minion[2580]: [INFO    ] Running state [maas.machines_status] at time 09:29:13.920629
Jan 10 09:29:13 mas01 salt-minion[2580]: [INFO    ] Executing state module.run for maas.machines_status
Jan 10 09:29:14 mas01 dhcpd[23260]: execute_statement argv[0] = /usr/sbin/maas-dhcp-helper
Jan 10 09:29:14 mas01 dhcpd[23260]: execute_statement argv[1] = notify
Jan 10 09:29:14 mas01 dhcpd[23260]: execute_statement argv[2] = --action
Jan 10 09:29:14 mas01 dhcpd[23260]: execute_statement argv[3] = commit
Jan 10 09:29:14 mas01 dhcpd[23260]: execute_statement argv[4] = --mac
Jan 10 09:29:14 mas01 dhcpd[23260]: execute_statement argv[5] = 0:25:b5:a0:0:4a
Jan 10 09:29:14 mas01 dhcpd[23260]: execute_statement argv[6] = --ip-family
Jan 10 09:29:14 mas01 dhcpd[23260]: execute_statement argv[7] = ipv4
Jan 10 09:29:14 mas01 dhcpd[23260]: execute_statement argv[8] = --ip
Jan 10 09:29:14 mas01 dhcpd[23260]: execute_statement argv[9] = 192.168.11.5
Jan 10 09:29:14 mas01 dhcpd[23260]: execute_statement argv[10] = --lease-time
Jan 10 09:29:14 mas01 dhcpd[23260]: execute_statement argv[11] = 30
Jan 10 09:29:14 mas01 dhcpd[23260]: execute_statement argv[12] = --hostname
Jan 10 09:29:14 mas01 dhcpd[23260]: execute_statement argv[13] = (none)
Jan 10 09:29:14 mas01 dhcpd[23260]: execute_statement argv[14] = --socket
Jan 10 09:29:14 mas01 dhcpd[23260]: execute_statement argv[15] = /var/lib/maas/dhcpd.sock
Jan 10 09:29:14 mas01 dhcpd[23260]: DHCPREQUEST for 192.168.11.5 (192.168.11.3) from 00:25:b5:a0:00:4a via ens5
Jan 10 09:29:14 mas01 dhcpd[23260]: DHCPACK on 192.168.11.5 to 00:25:b5:a0:00:4a via ens5
Jan 10 09:29:14 mas01 dhcpd[23260]: DHCPDISCOVER from 00:25:b5:a0:00:5a via ens5
Jan 10 09:29:14 mas01 dhcpd[23260]: DHCPOFFER on 192.168.11.12 to 00:25:b5:a0:00:5a (cmp001) via ens5
Jan 10 09:29:14 mas01 dhcpd[23260]: DHCPDISCOVER from 00:25:b5:a0:00:6a via ens5
Jan 10 09:29:14 mas01 dhcpd[23260]: DHCPOFFER on 192.168.11.11 to 00:25:b5:a0:00:6a (cmp002) via ens5
Jan 10 09:29:14 mas01 dhcpd[23260]: execute_statement argv[0] = /usr/sbin/maas-dhcp-helper
Jan 10 09:29:14 mas01 dhcpd[23260]: execute_statement argv[1] = notify
Jan 10 09:29:14 mas01 dhcpd[23260]: execute_statement argv[2] = --action
Jan 10 09:29:14 mas01 dhcpd[23260]: execute_statement argv[3] = commit
Jan 10 09:29:14 mas01 dhcpd[23260]: execute_statement argv[4] = --mac
Jan 10 09:29:14 mas01 dhcpd[23260]: execute_statement argv[5] = 0:25:b5:a0:0:5a
Jan 10 09:29:14 mas01 dhcpd[23260]: execute_statement argv[6] = --ip-family
Jan 10 09:29:14 mas01 dhcpd[23260]: execute_statement argv[7] = ipv4
Jan 10 09:29:14 mas01 dhcpd[23260]: execute_statement argv[8] = --ip
Jan 10 09:29:14 mas01 dhcpd[23260]: execute_statement argv[9] = 192.168.11.12
Jan 10 09:29:14 mas01 dhcpd[23260]: execute_statement argv[10] = --lease-time
Jan 10 09:29:14 mas01 dhcpd[23260]: execute_statement argv[11] = 600
Jan 10 09:29:14 mas01 dhcpd[23260]: execute_statement argv[12] = --hostname
Jan 10 09:29:14 mas01 dhcpd[23260]: execute_statement argv[13] = cmp001
Jan 10 09:29:14 mas01 dhcpd[23260]: execute_statement argv[14] = --socket
Jan 10 09:29:14 mas01 dhcpd[23260]: execute_statement argv[15] = /var/lib/maas/dhcpd.sock
Jan 10 09:29:14 mas01 sh[18608]: 2018-01-10 09:29:14 provisioningserver.rackdservices.tftp: [info] pxelinux.0 requested by 00:25:b5:a0:00:4a
Jan 10 09:29:14 mas01 sh[18608]: 2018-01-10 09:29:14 provisioningserver.rackdservices.tftp: [info] pxelinux.0 requested by 00:25:b5:a0:00:4a
Jan 10 09:29:14 mas01 dhcpd[23260]: DHCPREQUEST for 192.168.11.12 (192.168.11.3) from 00:25:b5:a0:00:5a (cmp001) via ens5
Jan 10 09:29:14 mas01 dhcpd[23260]: DHCPACK on 192.168.11.12 to 00:25:b5:a0:00:5a (cmp001) via ens5
Jan 10 09:29:14 mas01 sh[19046]: 2018-01-10 09:29:14 maasserver.rpc.leases: [info] Lease update: commit for 192.168.11.5 on 0:25:b5:a0:0:4a at 2018-01-10 09:29:14 (lease time: 30s)
Jan 10 09:29:14 mas01 dhcpd[23260]: execute_statement argv[0] = /usr/sbin/maas-dhcp-helper
Jan 10 09:29:14 mas01 dhcpd[23260]: execute_statement argv[1] = notify
Jan 10 09:29:14 mas01 dhcpd[23260]: execute_statement argv[2] = --action
Jan 10 09:29:14 mas01 dhcpd[23260]: execute_statement argv[3] = commit
Jan 10 09:29:14 mas01 dhcpd[23260]: execute_statement argv[4] = --mac
Jan 10 09:29:14 mas01 dhcpd[23260]: execute_statement argv[5] = 0:25:b5:a0:0:6a
Jan 10 09:29:14 mas01 dhcpd[23260]: execute_statement argv[6] = --ip-family
Jan 10 09:29:14 mas01 dhcpd[23260]: execute_statement argv[7] = ipv4
Jan 10 09:29:14 mas01 dhcpd[23260]: execute_statement argv[8] = --ip
Jan 10 09:29:14 mas01 dhcpd[23260]: execute_statement argv[9] = 192.168.11.11
Jan 10 09:29:14 mas01 dhcpd[23260]: execute_statement argv[10] = --lease-time
Jan 10 09:29:14 mas01 dhcpd[23260]: execute_statement argv[11] = 600
Jan 10 09:29:14 mas01 dhcpd[23260]: execute_statement argv[12] = --hostname
Jan 10 09:29:14 mas01 dhcpd[23260]: execute_statement argv[13] = cmp002
Jan 10 09:29:14 mas01 dhcpd[23260]: execute_statement argv[14] = --socket
Jan 10 09:29:14 mas01 dhcpd[23260]: execute_statement argv[15] = /var/lib/maas/dhcpd.sock
Jan 10 09:29:14 mas01 salt-minion[2580]: [INFO    ] {'ret': {'machines': [{'status': 'Deploying', 'hostname': u'cmp002', 'system_id': u'bxby6e'}, {'status': 'Deploying', 'hostname': u'cmp001', 'system_id': u'drmfhd'}, {'status': 'Deploying', 'hostname': u'kvm01', 'system_id': u'psqey3'}, {'status': 'Deploying', 'hostname': u'kvm03', 'system_id': u'qdgtcp'}, {'status': 'Deploying', 'hostname': u'kvm02', 'system_id': u'px46ky'}], 'summary': Counter({'Deploying': 5})}}
Jan 10 09:29:14 mas01 salt-minion[2580]: [INFO    ] Completed state [maas.machines_status] at time 09:29:14.552012 duration_in_ms=631.383
Jan 10 09:29:14 mas01 salt-minion[2580]: [INFO    ] Returning information for job: 20180110092911139925
Jan 10 09:29:14 mas01 sh[18608]: 2018-01-10 09:29:14 provisioningserver.rackdservices.tftp: [info] ldlinux.c32 requested by 00:25:b5:a0:00:4a
Jan 10 09:29:14 mas01 sh[19662]: 2018-01-10 09:29:14 maasserver.rpc.leases: [info] Lease update: commit for 192.168.11.12 on 0:25:b5:a0:0:5a at 2018-01-10 09:29:14 (lease time: 600s) (hostname: cmp001)
Jan 10 09:29:14 mas01 sh[18608]: 2018-01-10 09:29:14 provisioningserver.rackdservices.tftp: [info] pxelinux.cfg/f0c9cf06-d8ce-11e4-0000-10000000004f requested by 00:25:b5:a0:00:4a
Jan 10 09:29:14 mas01 sh[18608]: 2018-01-10 09:29:14 provisioningserver.rackdservices.tftp: [info] pxelinux.cfg/01-00-25-b5-a0-00-4a requested by 00:25:b5:a0:00:4a
Jan 10 09:29:14 mas01 sh[19046]: 2018-01-10 09:29:14 maasserver.rpc.leases: [info] Lease update: commit for 192.168.11.11 on 0:25:b5:a0:0:6a at 2018-01-10 09:29:14 (lease time: 600s) (hostname: cmp002)
Jan 10 09:29:14 mas01 dhcpd[23260]: DHCPREQUEST for 192.168.11.11 (192.168.11.3) from 00:25:b5:a0:00:6a (cmp002) via ens5
Jan 10 09:29:14 mas01 dhcpd[23260]: DHCPACK on 192.168.11.11 to 00:25:b5:a0:00:6a (cmp002) via ens5
Jan 10 09:29:14 mas01 sh[18608]: 2018-01-10 09:29:14 provisioningserver.rackdservices.tftp: [info] pxelinux.cfg/01-00-25-b5-a0-00-4a requested by 00:25:b5:a0:00:4a
Jan 10 09:29:14 mas01 sh[18608]: 2018-01-10 09:29:14 provisioningserver.rackdservices.tftp: [info] ubuntu/amd64/hwe-16.04/xenial/daily/boot-kernel requested by 00:25:b5:a0:00:4a
Jan 10 09:29:15 mas01 sh[18608]: 2018-01-10 09:29:15 rackd: [info] 192.168.11.12 GET /images/ubuntu/amd64/hwe-16.04/xenial/daily/squashfs HTTP/1.1 --> 200 OK (referrer: -; agent: Wget)
Jan 10 09:29:15 mas01 sh[18608]: 2018-01-10 09:29:15 rackd: [info] 192.168.11.11 GET /images/ubuntu/amd64/hwe-16.04/xenial/daily/squashfs HTTP/1.1 --> 200 OK (referrer: -; agent: Wget)
Jan 10 09:29:15 mas01 sh[18608]: 2018-01-10 09:29:15 provisioningserver.rackdservices.tftp: [info] ubuntu/amd64/hwe-16.04/xenial/daily/boot-initrd requested by 00:25:b5:a0:00:4a
Jan 10 09:29:17 mas01 sh[19662]: 2018-01-10 09:29:17 regiond: [info] 192.168.11.11 GET /MAAS/metadata/latest/by-id/bxby6e/?op=get_preseed HTTP/1.1 --> 200 OK (referrer: -; agent: Cloud-Init/17.1)
Jan 10 09:29:17 mas01 sh[19046]: 2018-01-10 09:29:17 regiond: [info] 192.168.11.11 POST /MAAS/metadata/status/bxby6e HTTP/1.1 --> 204 NO_CONTENT (referrer: -; agent: python-requests/2.9.1)
Jan 10 09:29:17 mas01 sh[19056]: 2018-01-10 09:29:17 regiond: [info] 192.168.11.11 POST /MAAS/metadata/status/bxby6e HTTP/1.1 --> 204 NO_CONTENT (referrer: -; agent: python-requests/2.9.1)
Jan 10 09:29:17 mas01 sh[19050]: 2018-01-10 09:29:17 regiond: [info] 192.168.11.12 POST /MAAS/metadata/status/drmfhd HTTP/1.1 --> 204 NO_CONTENT (referrer: -; agent: python-requests/2.9.1)
Jan 10 09:29:17 mas01 sh[19056]: 2018-01-10 09:29:17 regiond: [info] 192.168.11.12 POST /MAAS/metadata/status/drmfhd HTTP/1.1 --> 204 NO_CONTENT (referrer: -; agent: python-requests/2.9.1)
Jan 10 09:29:17 mas01 sh[19050]: 2018-01-10 09:29:17 regiond: [info] 192.168.11.11 POST /MAAS/metadata/status/bxby6e HTTP/1.1 --> 204 NO_CONTENT (referrer: -; agent: python-requests/2.9.1)
Jan 10 09:29:17 mas01 sh[19046]: 2018-01-10 09:29:17 regiond: [info] 192.168.11.12 POST /MAAS/metadata/status/drmfhd HTTP/1.1 --> 204 NO_CONTENT (referrer: -; agent: python-requests/2.9.1)
Jan 10 09:29:18 mas01 sh[19662]: 2018-01-10 09:29:18 regiond: [info] 192.168.11.11 GET /MAAS/metadata/latest/by-id/bxby6e/?op=get_preseed HTTP/1.1 --> 200 OK (referrer: -; agent: Cloud-Init/17.1)
Jan 10 09:29:18 mas01 sh[19046]: 2018-01-10 09:29:18 regiond: [info] 192.168.11.11 POST /MAAS/metadata/status/bxby6e HTTP/1.1 --> 204 NO_CONTENT (referrer: -; agent: python-requests/2.9.1)
Jan 10 09:29:18 mas01 sh[19046]: 2018-01-10 09:29:18 regiond: [info] 192.168.11.11 POST /MAAS/metadata/status/bxby6e HTTP/1.1 --> 204 NO_CONTENT (referrer: -; agent: python-requests/2.9.1)
Jan 10 09:29:18 mas01 sh[19050]: 2018-01-10 09:29:18 regiond: [info] 192.168.11.11 POST /MAAS/metadata/status/bxby6e HTTP/1.1 --> 204 NO_CONTENT (referrer: -; agent: python-requests/2.9.1)
Jan 10 09:29:18 mas01 sh[19050]: 2018-01-10 09:29:18 regiond: [info] 192.168.11.12 POST /MAAS/metadata/status/drmfhd HTTP/1.1 --> 204 NO_CONTENT (referrer: -; agent: python-requests/2.9.1)
Jan 10 09:29:18 mas01 sh[19662]: 2018-01-10 09:29:18 regiond: [info] 192.168.11.12 POST /MAAS/metadata/status/drmfhd HTTP/1.1 --> 204 NO_CONTENT (referrer: -; agent: python-requests/2.9.1)
Jan 10 09:29:18 mas01 sh[19050]: 2018-01-10 09:29:18 regiond: [info] 192.168.11.12 POST /MAAS/metadata/status/drmfhd HTTP/1.1 --> 204 NO_CONTENT (referrer: -; agent: python-requests/2.9.1)
Jan 10 09:29:18 mas01 sh[19662]: 2018-01-10 09:29:18 regiond: [info] 192.168.11.11 GET /MAAS/metadata/curtin/2012-03-01/meta-data/instance-id HTTP/1.1 --> 200 OK (referrer: -; agent: Cloud-Init/17.1)
Jan 10 09:29:18 mas01 sh[19056]: 2018-01-10 09:29:18 regiond: [info] 192.168.11.12 GET /MAAS/metadata/curtin/2012-03-01/meta-data/instance-id HTTP/1.1 --> 200 OK (referrer: -; agent: Cloud-Init/17.1)
Jan 10 09:29:18 mas01 sh[19056]: 2018-01-10 09:29:18 regiond: [info] 192.168.11.11 GET /MAAS/metadata/curtin/2012-03-01/meta-data/instance-id HTTP/1.1 --> 200 OK (referrer: -; agent: python-requests/2.9.1)
Jan 10 09:29:18 mas01 sh[19056]: 2018-01-10 09:29:18 regiond: [info] 192.168.11.12 GET /MAAS/metadata/curtin/2012-03-01/meta-data/instance-id HTTP/1.1 --> 200 OK (referrer: -; agent: python-requests/2.9.1)
Jan 10 09:29:18 mas01 sh[19050]: 2018-01-10 09:29:18 regiond: [info] 192.168.11.11 GET /MAAS/metadata/curtin/2012-03-01/meta-data/local-hostname HTTP/1.1 --> 200 OK (referrer: -; agent: python-requests/2.9.1)
Jan 10 09:29:18 mas01 sh[19056]: 2018-01-10 09:29:18 regiond: [info] 192.168.11.12 GET /MAAS/metadata/curtin/2012-03-01/meta-data/local-hostname HTTP/1.1 --> 200 OK (referrer: -; agent: python-requests/2.9.1)
Jan 10 09:29:18 mas01 sh[19050]: 2018-01-10 09:29:18 regiond: [info] 192.168.11.12 GET /MAAS/metadata/curtin/2012-03-01/meta-data/public-keys HTTP/1.1 --> 200 OK (referrer: -; agent: python-requests/2.9.1)
Jan 10 09:29:18 mas01 sh[19056]: 2018-01-10 09:29:18 regiond: [info] 192.168.11.11 GET /MAAS/metadata/curtin/2012-03-01/meta-data/vendor-data HTTP/1.1 --> 200 OK (referrer: -; agent: python-requests/2.9.1)
Jan 10 09:29:18 mas01 sh[19046]: 2018-01-10 09:29:18 regiond: [info] 192.168.11.12 GET /MAAS/metadata/curtin/2012-03-01/meta-data/vendor-data HTTP/1.1 --> 200 OK (referrer: -; agent: python-requests/2.9.1)
Jan 10 09:29:18 mas01 sh[19046]: 2018-01-10 09:29:18 maasserver.preseed: [warn] WARNING: '/etc/maas/preseeds/curtin_userdata_amd64_generic_xenial' contains deprecated preseed variables. Please remove: main_archive_directory, ports_archive_directory, http_proxy
Jan 10 09:29:18 mas01 sh[19050]: 2018-01-10 09:29:18 maasserver.preseed: [warn] WARNING: '/etc/maas/preseeds/curtin_userdata_amd64_generic_xenial' contains deprecated preseed variables. Please remove: main_archive_directory, ports_archive_directory, http_proxy
Jan 10 09:29:18 mas01 sh[19046]: 2018-01-10 09:29:18 regiond: [info] 192.168.11.12 GET /MAAS/metadata/curtin/2012-03-01/user-data HTTP/1.1 --> 200 OK (referrer: -; agent: python-requests/2.9.1)
Jan 10 09:29:18 mas01 sh[19050]: 2018-01-10 09:29:18 regiond: [info] 192.168.11.11 GET /MAAS/metadata/curtin/2012-03-01/user-data HTTP/1.1 --> 200 OK (referrer: -; agent: python-requests/2.9.1)
Jan 10 09:29:18 mas01 sh[19056]: 2018-01-10 09:29:18 regiond: [info] 192.168.11.12 POST /MAAS/metadata/status/drmfhd HTTP/1.1 --> 204 NO_CONTENT (referrer: -; agent: python-requests/2.9.1)
Jan 10 09:29:18 mas01 sh[19050]: 2018-01-10 09:29:18 regiond: [info] 192.168.11.11 POST /MAAS/metadata/status/bxby6e HTTP/1.1 --> 204 NO_CONTENT (referrer: -; agent: python-requests/2.9.1)
Jan 10 09:29:19 mas01 sh[19046]: 2018-01-10 09:29:19 regiond: [info] 192.168.11.12 POST /MAAS/metadata/status/drmfhd HTTP/1.1 --> 204 NO_CONTENT (referrer: -; agent: python-requests/2.9.1)
Jan 10 09:29:19 mas01 sh[19056]: 2018-01-10 09:29:19 regiond: [info] 192.168.11.11 POST /MAAS/metadata/status/bxby6e HTTP/1.1 --> 204 NO_CONTENT (referrer: -; agent: python-requests/2.9.1)
Jan 10 09:29:19 mas01 sh[19662]: 2018-01-10 09:29:19 regiond: [info] 192.168.11.12 POST /MAAS/metadata/status/drmfhd HTTP/1.1 --> 204 NO_CONTENT (referrer: -; agent: python-requests/2.9.1)
Jan 10 09:29:19 mas01 sh[19056]: 2018-01-10 09:29:19 regiond: [info] 192.168.11.11 POST /MAAS/metadata/status/bxby6e HTTP/1.1 --> 204 NO_CONTENT (referrer: -; agent: python-requests/2.9.1)
Jan 10 09:29:19 mas01 sh[19050]: 2018-01-10 09:29:19 regiond: [info] 192.168.11.12 POST /MAAS/metadata/status/drmfhd HTTP/1.1 --> 204 NO_CONTENT (referrer: -; agent: python-requests/2.9.1)
Jan 10 09:29:19 mas01 sh[19056]: 2018-01-10 09:29:19 regiond: [info] 192.168.11.11 POST /MAAS/metadata/status/bxby6e HTTP/1.1 --> 204 NO_CONTENT (referrer: -; agent: python-requests/2.9.1)
Jan 10 09:29:19 mas01 sh[19046]: 2018-01-10 09:29:19 regiond: [info] 192.168.11.12 POST /MAAS/metadata/status/drmfhd HTTP/1.1 --> 204 NO_CONTENT (referrer: -; agent: python-requests/2.9.1)
Jan 10 09:29:19 mas01 sh[19050]: 2018-01-10 09:29:19 regiond: [info] 192.168.11.11 POST /MAAS/metadata/status/bxby6e HTTP/1.1 --> 204 NO_CONTENT (referrer: -; agent: python-requests/2.9.1)
Jan 10 09:29:19 mas01 sh[19046]: 2018-01-10 09:29:19 regiond: [info] 192.168.11.12 POST /MAAS/metadata/status/drmfhd HTTP/1.1 --> 204 NO_CONTENT (referrer: -; agent: python-requests/2.9.1)
Jan 10 09:29:19 mas01 sh[19046]: 2018-01-10 09:29:19 regiond: [info] 192.168.11.12 POST /MAAS/metadata/status/drmfhd HTTP/1.1 --> 204 NO_CONTENT (referrer: -; agent: python-requests/2.9.1)
Jan 10 09:29:19 mas01 sh[19056]: 2018-01-10 09:29:19 regiond: [info] 192.168.11.11 POST /MAAS/metadata/status/bxby6e HTTP/1.1 --> 204 NO_CONTENT (referrer: -; agent: python-requests/2.9.1)
Jan 10 09:29:19 mas01 sh[19056]: 2018-01-10 09:29:19 regiond: [info] 192.168.11.12 POST /MAAS/metadata/status/drmfhd HTTP/1.1 --> 204 NO_CONTENT (referrer: -; agent: python-requests/2.9.1)
Jan 10 09:29:19 mas01 sh[19050]: 2018-01-10 09:29:19 regiond: [info] 192.168.11.11 POST /MAAS/metadata/status/bxby6e HTTP/1.1 --> 204 NO_CONTENT (referrer: -; agent: python-requests/2.9.1)
Jan 10 09:29:19 mas01 sh[19046]: 2018-01-10 09:29:19 regiond: [info] 192.168.11.12 POST /MAAS/metadata/status/drmfhd HTTP/1.1 --> 204 NO_CONTENT (referrer: -; agent: python-requests/2.9.1)
Jan 10 09:29:19 mas01 sh[19662]: 2018-01-10 09:29:19 regiond: [info] 192.168.11.11 POST /MAAS/metadata/status/bxby6e HTTP/1.1 --> 204 NO_CONTENT (referrer: -; agent: python-requests/2.9.1)
Jan 10 09:29:19 mas01 sh[19046]: 2018-01-10 09:29:19 regiond: [info] 192.168.11.12 POST /MAAS/metadata/status/drmfhd HTTP/1.1 --> 204 NO_CONTENT (referrer: -; agent: python-requests/2.9.1)
Jan 10 09:29:19 mas01 sh[19056]: 2018-01-10 09:29:19 regiond: [info] 192.168.11.11 POST /MAAS/metadata/status/bxby6e HTTP/1.1 --> 204 NO_CONTENT (referrer: -; agent: python-requests/2.9.1)
Jan 10 09:29:19 mas01 sh[19050]: 2018-01-10 09:29:19 regiond: [info] 192.168.11.12 POST /MAAS/metadata/status/drmfhd HTTP/1.1 --> 204 NO_CONTENT (referrer: -; agent: python-requests/2.9.1)
Jan 10 09:29:19 mas01 sh[19662]: 2018-01-10 09:29:19 regiond: [info] 192.168.11.11 POST /MAAS/metadata/status/bxby6e HTTP/1.1 --> 204 NO_CONTENT (referrer: -; agent: python-requests/2.9.1)
Jan 10 09:29:19 mas01 sh[19662]: 2018-01-10 09:29:19 regiond: [info] 192.168.11.12 POST /MAAS/metadata/status/drmfhd HTTP/1.1 --> 204 NO_CONTENT (referrer: -; agent: python-requests/2.9.1)
Jan 10 09:29:19 mas01 sh[19050]: 2018-01-10 09:29:19 regiond: [info] 192.168.11.11 POST /MAAS/metadata/status/bxby6e HTTP/1.1 --> 204 NO_CONTENT (referrer: -; agent: python-requests/2.9.1)
Jan 10 09:29:19 mas01 sh[19046]: 2018-01-10 09:29:19 regiond: [info] 192.168.11.12 POST /MAAS/metadata/status/drmfhd HTTP/1.1 --> 204 NO_CONTENT (referrer: -; agent: python-requests/2.9.1)
Jan 10 09:29:19 mas01 sh[19056]: 2018-01-10 09:29:19 regiond: [info] 192.168.11.12 POST /MAAS/metadata/status/drmfhd HTTP/1.1 --> 204 NO_CONTENT (referrer: -; agent: python-requests/2.9.1)
Jan 10 09:29:19 mas01 sh[19056]: 2018-01-10 09:29:19 regiond: [info] 192.168.11.11 POST /MAAS/metadata/status/bxby6e HTTP/1.1 --> 204 NO_CONTENT (referrer: -; agent: python-requests/2.9.1)
Jan 10 09:29:19 mas01 sh[19662]: 2018-01-10 09:29:19 regiond: [info] 192.168.11.11 POST /MAAS/metadata/status/bxby6e HTTP/1.1 --> 204 NO_CONTENT (referrer: -; agent: python-requests/2.9.1)
Jan 10 09:29:19 mas01 sh[19662]: 2018-01-10 09:29:19 regiond: [info] 192.168.11.11 POST /MAAS/metadata/status/bxby6e HTTP/1.1 --> 204 NO_CONTENT (referrer: -; agent: python-requests/2.9.1)
Jan 10 09:29:19 mas01 sh[19046]: 2018-01-10 09:29:19 regiond: [info] 192.168.11.12 POST /MAAS/metadata/status/drmfhd HTTP/1.1 --> 204 NO_CONTENT (referrer: -; agent: python-requests/2.9.1)
Jan 10 09:29:19 mas01 sh[19046]: 2018-01-10 09:29:19 regiond: [info] 192.168.11.12 POST /MAAS/metadata/status/drmfhd HTTP/1.1 --> 204 NO_CONTENT (referrer: -; agent: python-requests/2.9.1)
Jan 10 09:29:19 mas01 sh[19056]: 2018-01-10 09:29:19 regiond: [info] 192.168.11.11 POST /MAAS/metadata/status/bxby6e HTTP/1.1 --> 204 NO_CONTENT (referrer: -; agent: python-requests/2.9.1)
Jan 10 09:29:19 mas01 sh[19046]: 2018-01-10 09:29:19 regiond: [info] 192.168.11.11 POST /MAAS/metadata/status/bxby6e HTTP/1.1 --> 204 NO_CONTENT (referrer: -; agent: python-requests/2.9.1)
Jan 10 09:29:19 mas01 sh[19056]: 2018-01-10 09:29:19 regiond: [info] 192.168.11.12 POST /MAAS/metadata/status/drmfhd HTTP/1.1 --> 204 NO_CONTENT (referrer: -; agent: python-requests/2.9.1)
Jan 10 09:29:19 mas01 sh[19662]: 2018-01-10 09:29:19 regiond: [info] 192.168.11.12 POST /MAAS/metadata/status/drmfhd HTTP/1.1 --> 204 NO_CONTENT (referrer: -; agent: python-requests/2.9.1)
Jan 10 09:29:19 mas01 sh[19662]: 2018-01-10 09:29:19 regiond: [info] 192.168.11.12 POST /MAAS/metadata/status/drmfhd HTTP/1.1 --> 204 NO_CONTENT (referrer: -; agent: python-requests/2.9.1)
Jan 10 09:29:19 mas01 sh[19056]: 2018-01-10 09:29:19 regiond: [info] 192.168.11.11 POST /MAAS/metadata/status/bxby6e HTTP/1.1 --> 204 NO_CONTENT (referrer: -; agent: python-requests/2.9.1)
Jan 10 09:29:19 mas01 sh[19056]: 2018-01-10 09:29:19 regiond: [info] 192.168.11.12 POST /MAAS/metadata/status/drmfhd HTTP/1.1 --> 204 NO_CONTENT (referrer: -; agent: python-requests/2.9.1)
Jan 10 09:29:19 mas01 sh[19050]: 2018-01-10 09:29:19 regiond: [info] 192.168.11.11 POST /MAAS/metadata/status/bxby6e HTTP/1.1 --> 204 NO_CONTENT (referrer: -; agent: python-requests/2.9.1)
Jan 10 09:29:19 mas01 sh[19050]: 2018-01-10 09:29:19 regiond: [info] 192.168.11.12 POST /MAAS/metadata/status/drmfhd HTTP/1.1 --> 204 NO_CONTENT (referrer: -; agent: python-requests/2.9.1)
Jan 10 09:29:19 mas01 sh[19662]: 2018-01-10 09:29:19 regiond: [info] 192.168.11.11 POST /MAAS/metadata/status/bxby6e HTTP/1.1 --> 204 NO_CONTENT (referrer: -; agent: python-requests/2.9.1)
Jan 10 09:29:19 mas01 sh[19056]: 2018-01-10 09:29:19 regiond: [info] 192.168.11.12 POST /MAAS/metadata/status/drmfhd HTTP/1.1 --> 204 NO_CONTENT (referrer: -; agent: python-requests/2.9.1)
Jan 10 09:29:19 mas01 sh[19662]: 2018-01-10 09:29:19 regiond: [info] 192.168.11.11 POST /MAAS/metadata/status/bxby6e HTTP/1.1 --> 204 NO_CONTENT (referrer: -; agent: python-requests/2.9.1)
Jan 10 09:29:19 mas01 sh[19046]: 2018-01-10 09:29:19 regiond: [info] 192.168.11.11 POST /MAAS/metadata/status/bxby6e HTTP/1.1 --> 204 NO_CONTENT (referrer: -; agent: python-requests/2.9.1)
Jan 10 09:29:19 mas01 sh[19662]: 2018-01-10 09:29:19 regiond: [info] 192.168.11.11 POST /MAAS/metadata/status/bxby6e HTTP/1.1 --> 204 NO_CONTENT (referrer: -; agent: python-requests/2.9.1)
Jan 10 09:29:19 mas01 sh[19056]: 2018-01-10 09:29:19 regiond: [info] 192.168.11.12 POST /MAAS/metadata/status/drmfhd HTTP/1.1 --> 204 NO_CONTENT (referrer: -; agent: python-requests/2.9.1)
Jan 10 09:29:19 mas01 sh[19050]: 2018-01-10 09:29:19 regiond: [info] 192.168.11.12 POST /MAAS/metadata/status/drmfhd HTTP/1.1 --> 204 NO_CONTENT (referrer: -; agent: python-requests/2.9.1)
Jan 10 09:29:19 mas01 sh[19050]: 2018-01-10 09:29:19 regiond: [info] 192.168.11.12 POST /MAAS/metadata/status/drmfhd HTTP/1.1 --> 204 NO_CONTENT (referrer: -; agent: python-requests/2.9.1)
Jan 10 09:29:19 mas01 sh[19046]: 2018-01-10 09:29:19 regiond: [info] 192.168.11.11 POST /MAAS/metadata/status/bxby6e HTTP/1.1 --> 204 NO_CONTENT (referrer: -; agent: python-requests/2.9.1)
Jan 10 09:29:19 mas01 sh[19050]: 2018-01-10 09:29:19 regiond: [info] 192.168.11.12 POST /MAAS/metadata/status/drmfhd HTTP/1.1 --> 204 NO_CONTENT (referrer: -; agent: python-requests/2.9.1)
Jan 10 09:29:19 mas01 sh[19662]: 2018-01-10 09:29:19 regiond: [info] 192.168.11.11 POST /MAAS/metadata/status/bxby6e HTTP/1.1 --> 204 NO_CONTENT (referrer: -; agent: python-requests/2.9.1)
Jan 10 09:29:19 mas01 sh[19050]: 2018-01-10 09:29:19 regiond: [info] 192.168.11.11 POST /MAAS/metadata/status/bxby6e HTTP/1.1 --> 204 NO_CONTENT (referrer: -; agent: python-requests/2.9.1)
Jan 10 09:29:19 mas01 sh[19056]: 2018-01-10 09:29:19 regiond: [info] 192.168.11.11 POST /MAAS/metadata/status/bxby6e HTTP/1.1 --> 204 NO_CONTENT (referrer: -; agent: python-requests/2.9.1)
Jan 10 09:29:19 mas01 sh[19056]: 2018-01-10 09:29:19 regiond: [info] 192.168.11.12 POST /MAAS/metadata/status/drmfhd HTTP/1.1 --> 204 NO_CONTENT (referrer: -; agent: python-requests/2.9.1)
Jan 10 09:29:19 mas01 sh[19662]: 2018-01-10 09:29:19 regiond: [info] 192.168.11.12 POST /MAAS/metadata/status/drmfhd HTTP/1.1 --> 204 NO_CONTENT (referrer: -; agent: python-requests/2.9.1)
Jan 10 09:29:19 mas01 sh[19050]: 2018-01-10 09:29:19 regiond: [info] 192.168.11.12 POST /MAAS/metadata/status/drmfhd HTTP/1.1 --> 204 NO_CONTENT (referrer: -; agent: python-requests/2.9.1)
Jan 10 09:29:19 mas01 sh[19050]: 2018-01-10 09:29:19 regiond: [info] 192.168.11.11 POST /MAAS/metadata/status/bxby6e HTTP/1.1 --> 204 NO_CONTENT (referrer: -; agent: python-requests/2.9.1)
Jan 10 09:29:19 mas01 sh[19662]: 2018-01-10 09:29:19 regiond: [info] 192.168.11.12 POST /MAAS/metadata/status/drmfhd HTTP/1.1 --> 204 NO_CONTENT (referrer: -; agent: python-requests/2.9.1)
Jan 10 09:29:19 mas01 sh[19046]: 2018-01-10 09:29:19 regiond: [info] 192.168.11.11 POST /MAAS/metadata/status/bxby6e HTTP/1.1 --> 204 NO_CONTENT (referrer: -; agent: python-requests/2.9.1)
Jan 10 09:29:19 mas01 sh[19662]: 2018-01-10 09:29:19 regiond: [info] 192.168.11.11 POST /MAAS/metadata/status/bxby6e HTTP/1.1 --> 204 NO_CONTENT (referrer: -; agent: python-requests/2.9.1)
Jan 10 09:29:19 mas01 sh[19046]: 2018-01-10 09:29:19 regiond: [info] 192.168.11.11 POST /MAAS/metadata/status/bxby6e HTTP/1.1 --> 204 NO_CONTENT (referrer: -; agent: python-requests/2.9.1)
Jan 10 09:29:19 mas01 sh[19046]: 2018-01-10 09:29:19 regiond: [info] 192.168.11.12 POST /MAAS/metadata/status/drmfhd HTTP/1.1 --> 204 NO_CONTENT (referrer: -; agent: python-requests/2.9.1)
Jan 10 09:29:19 mas01 sh[19662]: 2018-01-10 09:29:19 regiond: [info] 192.168.11.12 POST /MAAS/metadata/status/drmfhd HTTP/1.1 --> 204 NO_CONTENT (referrer: -; agent: python-requests/2.9.1)
Jan 10 09:29:19 mas01 sh[19662]: 2018-01-10 09:29:19 regiond: [info] 192.168.11.11 POST /MAAS/metadata/status/bxby6e HTTP/1.1 --> 204 NO_CONTENT (referrer: -; agent: python-requests/2.9.1)
Jan 10 09:29:19 mas01 sh[19050]: 2018-01-10 09:29:19 regiond: [info] 192.168.11.11 POST /MAAS/metadata/status/bxby6e HTTP/1.1 --> 204 NO_CONTENT (referrer: -; agent: python-requests/2.9.1)
Jan 10 09:29:19 mas01 sh[19050]: 2018-01-10 09:29:19 regiond: [info] 192.168.11.12 POST /MAAS/metadata/status/drmfhd HTTP/1.1 --> 204 NO_CONTENT (referrer: -; agent: python-requests/2.9.1)
Jan 10 09:29:19 mas01 sh[19662]: 2018-01-10 09:29:19 regiond: [info] 192.168.11.12 POST /MAAS/metadata/status/drmfhd HTTP/1.1 --> 204 NO_CONTENT (referrer: -; agent: python-requests/2.9.1)
Jan 10 09:29:19 mas01 sh[19050]: 2018-01-10 09:29:19 regiond: [info] 192.168.11.11 POST /MAAS/metadata/status/bxby6e HTTP/1.1 --> 204 NO_CONTENT (referrer: -; agent: python-requests/2.9.1)
Jan 10 09:29:19 mas01 sh[19050]: 2018-01-10 09:29:19 regiond: [info] 192.168.11.11 POST /MAAS/metadata/status/bxby6e HTTP/1.1 --> 204 NO_CONTENT (referrer: -; agent: python-requests/2.9.1)
Jan 10 09:29:19 mas01 sh[19046]: 2018-01-10 09:29:19 regiond: [info] 192.168.11.11 POST /MAAS/metadata/status/bxby6e HTTP/1.1 --> 204 NO_CONTENT (referrer: -; agent: python-requests/2.9.1)
Jan 10 09:29:19 mas01 sh[19056]: 2018-01-10 09:29:19 regiond: [info] 192.168.11.12 POST /MAAS/metadata/status/drmfhd HTTP/1.1 --> 204 NO_CONTENT (referrer: -; agent: python-requests/2.9.1)
Jan 10 09:29:19 mas01 sh[19056]: 2018-01-10 09:29:19 regiond: [info] 192.168.11.11 POST /MAAS/metadata/status/bxby6e HTTP/1.1 --> 204 NO_CONTENT (referrer: -; agent: python-requests/2.9.1)
Jan 10 09:29:19 mas01 sh[19056]: 2018-01-10 09:29:19 regiond: [info] 192.168.11.12 POST /MAAS/metadata/status/drmfhd HTTP/1.1 --> 204 NO_CONTENT (referrer: -; agent: python-requests/2.9.1)
Jan 10 09:29:20 mas01 sh[19050]: 2018-01-10 09:29:20 regiond: [info] 192.168.11.11 POST /MAAS/metadata/status/bxby6e HTTP/1.1 --> 204 NO_CONTENT (referrer: -; agent: python-requests/2.9.1)
Jan 10 09:29:20 mas01 sh[19662]: 2018-01-10 09:29:20 regiond: [info] 192.168.11.11 POST /MAAS/metadata/status/bxby6e HTTP/1.1 --> 204 NO_CONTENT (referrer: -; agent: python-requests/2.9.1)
Jan 10 09:29:20 mas01 sh[19050]: 2018-01-10 09:29:20 regiond: [info] 192.168.11.11 POST /MAAS/metadata/status/bxby6e HTTP/1.1 --> 204 NO_CONTENT (referrer: -; agent: python-requests/2.9.1)
Jan 10 09:29:20 mas01 sh[19662]: 2018-01-10 09:29:20 regiond: [info] 192.168.11.11 POST /MAAS/metadata/status/bxby6e HTTP/1.1 --> 204 NO_CONTENT (referrer: -; agent: python-requests/2.9.1)
Jan 10 09:29:20 mas01 sh[19662]: 2018-01-10 09:29:20 regiond: [info] 192.168.11.11 POST /MAAS/metadata/status/bxby6e HTTP/1.1 --> 204 NO_CONTENT (referrer: -; agent: python-requests/2.9.1)
Jan 10 09:29:20 mas01 sh[19050]: 2018-01-10 09:29:20 regiond: [info] 192.168.11.11 POST /MAAS/metadata/status/bxby6e HTTP/1.1 --> 204 NO_CONTENT (referrer: -; agent: python-requests/2.9.1)
Jan 10 09:29:20 mas01 sh[19662]: 2018-01-10 09:29:20 regiond: [info] 192.168.11.11 POST /MAAS/metadata/status/bxby6e HTTP/1.1 --> 204 NO_CONTENT (referrer: -; agent: python-requests/2.9.1)
Jan 10 09:29:20 mas01 sh[19046]: 2018-01-10 09:29:20 regiond: [info] 192.168.11.12 POST /MAAS/metadata/status/drmfhd HTTP/1.1 --> 204 NO_CONTENT (referrer: -; agent: python-requests/2.9.1)
Jan 10 09:29:20 mas01 sh[19662]: 2018-01-10 09:29:20 regiond: [info] 192.168.11.12 POST /MAAS/metadata/status/drmfhd HTTP/1.1 --> 204 NO_CONTENT (referrer: -; agent: python-requests/2.9.1)
Jan 10 09:29:20 mas01 sh[19056]: 2018-01-10 09:29:20 regiond: [info] 192.168.11.12 POST /MAAS/metadata/status/drmfhd HTTP/1.1 --> 204 NO_CONTENT (referrer: -; agent: python-requests/2.9.1)
Jan 10 09:29:20 mas01 sh[19662]: 2018-01-10 09:29:20 regiond: [info] 192.168.11.12 POST /MAAS/metadata/status/drmfhd HTTP/1.1 --> 204 NO_CONTENT (referrer: -; agent: python-requests/2.9.1)
Jan 10 09:29:20 mas01 sh[19056]: 2018-01-10 09:29:20 regiond: [info] 192.168.11.12 POST /MAAS/metadata/status/drmfhd HTTP/1.1 --> 204 NO_CONTENT (referrer: -; agent: python-requests/2.9.1)
Jan 10 09:29:20 mas01 sh[19046]: 2018-01-10 09:29:20 regiond: [info] 192.168.11.12 POST /MAAS/metadata/status/drmfhd HTTP/1.1 --> 204 NO_CONTENT (referrer: -; agent: python-requests/2.9.1)
Jan 10 09:29:20 mas01 sh[19050]: 2018-01-10 09:29:20 regiond: [info] 192.168.11.12 POST /MAAS/metadata/status/drmfhd HTTP/1.1 --> 204 NO_CONTENT (referrer: -; agent: python-requests/2.9.1)
Jan 10 09:29:21 mas01 sh[19050]: 2018-01-10 09:29:21 regiond: [info] 192.168.11.11 POST /MAAS/metadata/status/bxby6e HTTP/1.1 --> 204 NO_CONTENT (referrer: -; agent: python-requests/2.9.1)
Jan 10 09:29:21 mas01 sh[19050]: 2018-01-10 09:29:21 regiond: [info] 192.168.11.11 POST /MAAS/metadata/status/bxby6e HTTP/1.1 --> 204 NO_CONTENT (referrer: -; agent: python-requests/2.9.1)
Jan 10 09:29:21 mas01 sh[19056]: 2018-01-10 09:29:21 regiond: [info] 192.168.11.11 POST /MAAS/metadata/status/bxby6e HTTP/1.1 --> 204 NO_CONTENT (referrer: -; agent: python-requests/2.9.1)
Jan 10 09:29:21 mas01 sh[19046]: 2018-01-10 09:29:21 regiond: [info] 192.168.11.11 POST /MAAS/metadata/status/bxby6e HTTP/1.1 --> 204 NO_CONTENT (referrer: -; agent: python-requests/2.9.1)
Jan 10 09:29:21 mas01 sh[19046]: 2018-01-10 09:29:21 regiond: [info] 192.168.11.12 POST /MAAS/metadata/status/drmfhd HTTP/1.1 --> 204 NO_CONTENT (referrer: -; agent: python-requests/2.9.1)
Jan 10 09:29:21 mas01 sh[19050]: 2018-01-10 09:29:21 regiond: [info] 192.168.11.12 POST /MAAS/metadata/status/drmfhd HTTP/1.1 --> 204 NO_CONTENT (referrer: -; agent: python-requests/2.9.1)
Jan 10 09:29:21 mas01 sh[19050]: 2018-01-10 09:29:21 regiond: [info] 192.168.11.12 POST /MAAS/metadata/status/drmfhd HTTP/1.1 --> 204 NO_CONTENT (referrer: -; agent: python-requests/2.9.1)
Jan 10 09:29:21 mas01 sh[19662]: 2018-01-10 09:29:21 regiond: [info] 192.168.11.12 POST /MAAS/metadata/status/drmfhd HTTP/1.1 --> 204 NO_CONTENT (referrer: -; agent: python-requests/2.9.1)
Jan 10 09:29:21 mas01 sh[19046]: 2018-01-10 09:29:21 regiond: [info] 192.168.11.11 POST /MAAS/metadata/status/bxby6e HTTP/1.1 --> 204 NO_CONTENT (referrer: -; agent: python-requests/2.9.1)
Jan 10 09:29:21 mas01 sh[19662]: 2018-01-10 09:29:21 regiond: [info] 192.168.11.11 POST /MAAS/metadata/status/bxby6e HTTP/1.1 --> 204 NO_CONTENT (referrer: -; agent: python-requests/2.9.1)
Jan 10 09:29:21 mas01 sh[19046]: 2018-01-10 09:29:21 regiond: [info] 192.168.11.11 POST /MAAS/metadata/status/bxby6e HTTP/1.1 --> 204 NO_CONTENT (referrer: -; agent: python-requests/2.9.1)
Jan 10 09:29:21 mas01 sh[19056]: 2018-01-10 09:29:21 regiond: [info] 192.168.11.11 POST /MAAS/metadata/status/bxby6e HTTP/1.1 --> 204 NO_CONTENT (referrer: -; agent: python-requests/2.9.1)
Jan 10 09:29:21 mas01 sh[19050]: 2018-01-10 09:29:21 regiond: [info] 192.168.11.12 POST /MAAS/metadata/status/drmfhd HTTP/1.1 --> 204 NO_CONTENT (referrer: -; agent: python-requests/2.9.1)
Jan 10 09:29:21 mas01 sh[19662]: 2018-01-10 09:29:21 regiond: [info] 192.168.11.12 POST /MAAS/metadata/status/drmfhd HTTP/1.1 --> 204 NO_CONTENT (referrer: -; agent: python-requests/2.9.1)
Jan 10 09:29:21 mas01 sh[19046]: 2018-01-10 09:29:21 regiond: [info] 192.168.11.12 POST /MAAS/metadata/status/drmfhd HTTP/1.1 --> 204 NO_CONTENT (referrer: -; agent: python-requests/2.9.1)
Jan 10 09:29:21 mas01 sh[19056]: 2018-01-10 09:29:21 regiond: [info] 192.168.11.12 POST /MAAS/metadata/status/drmfhd HTTP/1.1 --> 204 NO_CONTENT (referrer: -; agent: python-requests/2.9.1)
Jan 10 09:29:21 mas01 sh[19662]: 2018-01-10 09:29:21 regiond: [info] 192.168.11.11 POST /MAAS/metadata/status/bxby6e HTTP/1.1 --> 204 NO_CONTENT (referrer: -; agent: python-requests/2.9.1)
Jan 10 09:29:21 mas01 sh[19050]: 2018-01-10 09:29:21 regiond: [info] 192.168.11.11 POST /MAAS/metadata/status/bxby6e HTTP/1.1 --> 204 NO_CONTENT (referrer: -; agent: python-requests/2.9.1)
Jan 10 09:29:21 mas01 sh[19046]: 2018-01-10 09:29:21 regiond: [info] 192.168.11.12 POST /MAAS/metadata/status/drmfhd HTTP/1.1 --> 204 NO_CONTENT (referrer: -; agent: python-requests/2.9.1)
Jan 10 09:29:22 mas01 sh[19056]: 2018-01-10 09:29:22 regiond: [info] 192.168.11.12 POST /MAAS/metadata/status/drmfhd HTTP/1.1 --> 204 NO_CONTENT (referrer: -; agent: python-requests/2.9.1)
Jan 10 09:29:25 mas01 salt-minion[2580]: [INFO    ] User sudo_ubuntu Executing command state.apply with jid 20180110092925457132
Jan 10 09:29:25 mas01 salt-minion[2580]: [INFO    ] Starting a new job with PID 24117
Jan 10 09:29:25 mas01 salt-minion[2580]: [INFO    ] Loading fresh modules for state activity
Jan 10 09:29:25 mas01 salt-minion[2580]: [INFO    ] Running state [maas-region apikey --username opnfv > /var/lib/maas/.maas_credentials] at time 09:29:25.990895
Jan 10 09:29:25 mas01 salt-minion[2580]: [INFO    ] Executing state cmd.run for maas-region apikey --username opnfv > /var/lib/maas/.maas_credentials
Jan 10 09:29:25 mas01 salt-minion[2580]: [INFO    ] Executing command 'maas-region apikey --username opnfv > /var/lib/maas/.maas_credentials' in directory '/root'
Jan 10 09:29:26 mas01 dhcpd[23260]: DHCPDISCOVER from 00:25:b5:a0:00:2a via ens5
Jan 10 09:29:26 mas01 dhcpd[23260]: DHCPOFFER on 192.168.11.13 to 00:25:b5:a0:00:2a (kvm01) via ens5
Jan 10 09:29:26 mas01 dhcpd[23260]: execute_statement argv[0] = /usr/sbin/maas-dhcp-helper
Jan 10 09:29:26 mas01 dhcpd[23260]: execute_statement argv[1] = notify
Jan 10 09:29:26 mas01 dhcpd[23260]: execute_statement argv[2] = --action
Jan 10 09:29:26 mas01 dhcpd[23260]: execute_statement argv[3] = commit
Jan 10 09:29:26 mas01 dhcpd[23260]: execute_statement argv[4] = --mac
Jan 10 09:29:26 mas01 dhcpd[23260]: execute_statement argv[5] = 0:25:b5:a0:0:2a
Jan 10 09:29:26 mas01 dhcpd[23260]: execute_statement argv[6] = --ip-family
Jan 10 09:29:26 mas01 dhcpd[23260]: execute_statement argv[7] = ipv4
Jan 10 09:29:26 mas01 dhcpd[23260]: execute_statement argv[8] = --ip
Jan 10 09:29:26 mas01 dhcpd[23260]: execute_statement argv[9] = 192.168.11.13
Jan 10 09:29:26 mas01 dhcpd[23260]: execute_statement argv[10] = --lease-time
Jan 10 09:29:26 mas01 dhcpd[23260]: execute_statement argv[11] = 600
Jan 10 09:29:26 mas01 dhcpd[23260]: execute_statement argv[12] = --hostname
Jan 10 09:29:26 mas01 dhcpd[23260]: execute_statement argv[13] = kvm01
Jan 10 09:29:26 mas01 dhcpd[23260]: execute_statement argv[14] = --socket
Jan 10 09:29:26 mas01 dhcpd[23260]: execute_statement argv[15] = /var/lib/maas/dhcpd.sock
Jan 10 09:29:26 mas01 dhcpd[23260]: DHCPREQUEST for 192.168.11.13 (192.168.11.3) from 00:25:b5:a0:00:2a (kvm01) via ens5
Jan 10 09:29:26 mas01 dhcpd[23260]: DHCPACK on 192.168.11.13 to 00:25:b5:a0:00:2a (kvm01) via ens5
Jan 10 09:29:26 mas01 dhcpd[23260]: DHCPDISCOVER from 00:25:b5:a0:00:3a via ens5
Jan 10 09:29:26 mas01 dhcpd[23260]: DHCPOFFER on 192.168.11.14 to 00:25:b5:a0:00:3a (kvm02) via ens5
Jan 10 09:29:26 mas01 dhcpd[23260]: DHCPDISCOVER from 00:25:b5:a0:00:4a via ens5
Jan 10 09:29:26 mas01 dhcpd[23260]: DHCPOFFER on 192.168.11.5 to 00:25:b5:a0:00:4a (kvm03) via ens5
Jan 10 09:29:26 mas01 dhcpd[23260]: execute_statement argv[0] = /usr/sbin/maas-dhcp-helper
Jan 10 09:29:26 mas01 dhcpd[23260]: execute_statement argv[1] = notify
Jan 10 09:29:26 mas01 dhcpd[23260]: execute_statement argv[2] = --action
Jan 10 09:29:26 mas01 dhcpd[23260]: execute_statement argv[3] = commit
Jan 10 09:29:26 mas01 dhcpd[23260]: execute_statement argv[4] = --mac
Jan 10 09:29:26 mas01 dhcpd[23260]: execute_statement argv[5] = 0:25:b5:a0:0:3a
Jan 10 09:29:26 mas01 dhcpd[23260]: execute_statement argv[6] = --ip-family
Jan 10 09:29:26 mas01 dhcpd[23260]: execute_statement argv[7] = ipv4
Jan 10 09:29:26 mas01 dhcpd[23260]: execute_statement argv[8] = --ip
Jan 10 09:29:26 mas01 dhcpd[23260]: execute_statement argv[9] = 192.168.11.14
Jan 10 09:29:26 mas01 dhcpd[23260]: execute_statement argv[10] = --lease-time
Jan 10 09:29:26 mas01 dhcpd[23260]: execute_statement argv[11] = 600
Jan 10 09:29:26 mas01 dhcpd[23260]: execute_statement argv[12] = --hostname
Jan 10 09:29:26 mas01 dhcpd[23260]: execute_statement argv[13] = kvm02
Jan 10 09:29:26 mas01 dhcpd[23260]: execute_statement argv[14] = --socket
Jan 10 09:29:26 mas01 dhcpd[23260]: execute_statement argv[15] = /var/lib/maas/dhcpd.sock
Jan 10 09:29:26 mas01 sh[19046]: 2018-01-10 09:29:26 maasserver.rpc.leases: [info] Lease update: commit for 192.168.11.13 on 0:25:b5:a0:0:2a at 2018-01-10 09:29:26 (lease time: 600s) (hostname: kvm01)
Jan 10 09:29:26 mas01 dhcpd[23260]: DHCPREQUEST for 192.168.11.14 (192.168.11.3) from 00:25:b5:a0:00:3a (kvm02) via ens5
Jan 10 09:29:26 mas01 dhcpd[23260]: DHCPACK on 192.168.11.14 to 00:25:b5:a0:00:3a (kvm02) via ens5
Jan 10 09:29:26 mas01 dhcpd[23260]: execute_statement argv[0] = /usr/sbin/maas-dhcp-helper
Jan 10 09:29:26 mas01 dhcpd[23260]: execute_statement argv[1] = notify
Jan 10 09:29:26 mas01 dhcpd[23260]: execute_statement argv[2] = --action
Jan 10 09:29:26 mas01 dhcpd[23260]: execute_statement argv[3] = commit
Jan 10 09:29:26 mas01 dhcpd[23260]: execute_statement argv[4] = --mac
Jan 10 09:29:26 mas01 dhcpd[23260]: execute_statement argv[5] = 0:25:b5:a0:0:4a
Jan 10 09:29:26 mas01 dhcpd[23260]: execute_statement argv[6] = --ip-family
Jan 10 09:29:26 mas01 dhcpd[23260]: execute_statement argv[7] = ipv4
Jan 10 09:29:26 mas01 dhcpd[23260]: execute_statement argv[8] = --ip
Jan 10 09:29:26 mas01 dhcpd[23260]: execute_statement argv[9] = 192.168.11.5
Jan 10 09:29:26 mas01 dhcpd[23260]: execute_statement argv[10] = --lease-time
Jan 10 09:29:26 mas01 dhcpd[23260]: execute_statement argv[11] = 600
Jan 10 09:29:26 mas01 dhcpd[23260]: execute_statement argv[12] = --hostname
Jan 10 09:29:26 mas01 dhcpd[23260]: execute_statement argv[13] = kvm03
Jan 10 09:29:26 mas01 dhcpd[23260]: execute_statement argv[14] = --socket
Jan 10 09:29:26 mas01 dhcpd[23260]: execute_statement argv[15] = /var/lib/maas/dhcpd.sock
Jan 10 09:29:26 mas01 sh[19056]: 2018-01-10 09:29:26 maasserver.rpc.leases: [info] Lease update: commit for 192.168.11.14 on 0:25:b5:a0:0:3a at 2018-01-10 09:29:26 (lease time: 600s) (hostname: kvm02)
Jan 10 09:29:26 mas01 sh[19056]: 2018-01-10 09:29:26 maasserver.rpc.leases: [info] Lease update: commit for 192.168.11.5 on 0:25:b5:a0:0:4a at 2018-01-10 09:29:26 (lease time: 600s) (hostname: kvm03)
Jan 10 09:29:26 mas01 dhcpd[23260]: DHCPREQUEST for 192.168.11.5 (192.168.11.3) from 00:25:b5:a0:00:4a (kvm03) via ens5
Jan 10 09:29:26 mas01 dhcpd[23260]: DHCPACK on 192.168.11.5 to 00:25:b5:a0:00:4a (kvm03) via ens5
Jan 10 09:29:27 mas01 sh[18608]: 2018-01-10 09:29:27 rackd: [info] 192.168.11.13 GET /images/ubuntu/amd64/hwe-16.04/xenial/daily/squashfs HTTP/1.1 --> 200 OK (referrer: -; agent: Wget)
Jan 10 09:29:27 mas01 sh[18608]: 2018-01-10 09:29:27 rackd: [info] 192.168.11.14 GET /images/ubuntu/amd64/hwe-16.04/xenial/daily/squashfs HTTP/1.1 --> 200 OK (referrer: -; agent: Wget)
Jan 10 09:29:27 mas01 sh[18608]: 2018-01-10 09:29:27 rackd: [info] 192.168.11.5 GET /images/ubuntu/amd64/hwe-16.04/xenial/daily/squashfs HTTP/1.1 --> 200 OK (referrer: -; agent: Wget)
Jan 10 09:29:27 mas01 salt-minion[2580]: [INFO    ] {'pid': 24124, 'retcode': 0, 'stderr': '', 'stdout': ''}
Jan 10 09:29:27 mas01 salt-minion[2580]: [INFO    ] Completed state [maas-region apikey --username opnfv > /var/lib/maas/.maas_credentials] at time 09:29:27.395785 duration_in_ms=1404.89
Jan 10 09:29:27 mas01 salt-minion[2580]: [INFO    ] Running state [maas.machines_status] at time 09:29:27.397824
Jan 10 09:29:27 mas01 salt-minion[2580]: [INFO    ] Executing state module.run for maas.machines_status
Jan 10 09:29:28 mas01 salt-minion[2580]: [INFO    ] {'ret': {'machines': [{'status': 'Deploying', 'hostname': u'cmp002', 'system_id': u'bxby6e'}, {'status': 'Deploying', 'hostname': u'cmp001', 'system_id': u'drmfhd'}, {'status': 'Deploying', 'hostname': u'kvm01', 'system_id': u'psqey3'}, {'status': 'Deploying', 'hostname': u'kvm03', 'system_id': u'qdgtcp'}, {'status': 'Deploying', 'hostname': u'kvm02', 'system_id': u'px46ky'}], 'summary': Counter({'Deploying': 5})}}
Jan 10 09:29:28 mas01 salt-minion[2580]: [INFO    ] Completed state [maas.machines_status] at time 09:29:28.159412 duration_in_ms=761.586
Jan 10 09:29:28 mas01 salt-minion[2580]: [INFO    ] Returning information for job: 20180110092925457132
Jan 10 09:29:29 mas01 sh[19056]: 2018-01-10 09:29:29 regiond: [info] 192.168.11.13 GET /MAAS/metadata/latest/by-id/psqey3/?op=get_preseed HTTP/1.1 --> 200 OK (referrer: -; agent: Cloud-Init/17.1)
Jan 10 09:29:29 mas01 sh[19056]: 2018-01-10 09:29:29 regiond: [info] 192.168.11.13 POST /MAAS/metadata/status/psqey3 HTTP/1.1 --> 204 NO_CONTENT (referrer: -; agent: python-requests/2.9.1)
Jan 10 09:29:29 mas01 sh[19662]: 2018-01-10 09:29:29 regiond: [info] 192.168.11.13 POST /MAAS/metadata/status/psqey3 HTTP/1.1 --> 204 NO_CONTENT (referrer: -; agent: python-requests/2.9.1)
Jan 10 09:29:30 mas01 sh[19056]: 2018-01-10 09:29:30 regiond: [info] 192.168.11.5 GET /MAAS/metadata/latest/by-id/qdgtcp/?op=get_preseed HTTP/1.1 --> 200 OK (referrer: -; agent: Cloud-Init/17.1)
Jan 10 09:29:30 mas01 sh[19662]: 2018-01-10 09:29:30 regiond: [info] 192.168.11.14 POST /MAAS/metadata/status/px46ky HTTP/1.1 --> 204 NO_CONTENT (referrer: -; agent: python-requests/2.9.1)
Jan 10 09:29:30 mas01 sh[19046]: 2018-01-10 09:29:30 regiond: [info] 192.168.11.14 POST /MAAS/metadata/status/px46ky HTTP/1.1 --> 204 NO_CONTENT (referrer: -; agent: python-requests/2.9.1)
Jan 10 09:29:30 mas01 sh[19056]: 2018-01-10 09:29:30 regiond: [info] 192.168.11.13 POST /MAAS/metadata/status/psqey3 HTTP/1.1 --> 204 NO_CONTENT (referrer: -; agent: python-requests/2.9.1)
Jan 10 09:29:30 mas01 sh[19050]: 2018-01-10 09:29:30 regiond: [info] 192.168.11.5 POST /MAAS/metadata/status/qdgtcp HTTP/1.1 --> 204 NO_CONTENT (referrer: -; agent: python-requests/2.9.1)
Jan 10 09:29:30 mas01 sh[19046]: 2018-01-10 09:29:30 regiond: [info] 192.168.11.5 POST /MAAS/metadata/status/qdgtcp HTTP/1.1 --> 204 NO_CONTENT (referrer: -; agent: python-requests/2.9.1)
Jan 10 09:29:30 mas01 sh[19050]: 2018-01-10 09:29:30 regiond: [info] 192.168.11.14 POST /MAAS/metadata/status/px46ky HTTP/1.1 --> 204 NO_CONTENT (referrer: -; agent: python-requests/2.9.1)
Jan 10 09:29:30 mas01 sh[19056]: 2018-01-10 09:29:30 regiond: [info] 192.168.11.5 POST /MAAS/metadata/status/qdgtcp HTTP/1.1 --> 204 NO_CONTENT (referrer: -; agent: python-requests/2.9.1)
Jan 10 09:29:30 mas01 sh[19046]: 2018-01-10 09:29:30 regiond: [info] 192.168.11.13 POST /MAAS/metadata/status/psqey3 HTTP/1.1 --> 204 NO_CONTENT (referrer: -; agent: python-requests/2.9.1)
Jan 10 09:29:30 mas01 sh[19046]: 2018-01-10 09:29:30 regiond: [info] 192.168.11.13 POST /MAAS/metadata/status/psqey3 HTTP/1.1 --> 204 NO_CONTENT (referrer: -; agent: python-requests/2.9.1)
Jan 10 09:29:30 mas01 sh[19662]: 2018-01-10 09:29:30 regiond: [info] 192.168.11.13 POST /MAAS/metadata/status/psqey3 HTTP/1.1 --> 204 NO_CONTENT (referrer: -; agent: python-requests/2.9.1)
Jan 10 09:29:30 mas01 sh[19046]: 2018-01-10 09:29:30 regiond: [info] 192.168.11.13 GET /MAAS/metadata/curtin/2012-03-01/meta-data/instance-id HTTP/1.1 --> 200 OK (referrer: -; agent: Cloud-Init/17.1)
Jan 10 09:29:30 mas01 sh[19056]: 2018-01-10 09:29:30 regiond: [info] 192.168.11.14 POST /MAAS/metadata/status/px46ky HTTP/1.1 --> 204 NO_CONTENT (referrer: -; agent: python-requests/2.9.1)
Jan 10 09:29:30 mas01 sh[19056]: 2018-01-10 09:29:30 regiond: [info] 192.168.11.14 POST /MAAS/metadata/status/px46ky HTTP/1.1 --> 204 NO_CONTENT (referrer: -; agent: python-requests/2.9.1)
Jan 10 09:29:30 mas01 sh[19050]: 2018-01-10 09:29:30 regiond: [info] 192.168.11.14 POST /MAAS/metadata/status/px46ky HTTP/1.1 --> 204 NO_CONTENT (referrer: -; agent: python-requests/2.9.1)
Jan 10 09:29:30 mas01 sh[19046]: 2018-01-10 09:29:30 regiond: [info] 192.168.11.5 GET /MAAS/metadata/latest/by-id/qdgtcp/?op=get_preseed HTTP/1.1 --> 200 OK (referrer: -; agent: Cloud-Init/17.1)
Jan 10 09:29:30 mas01 sh[19046]: 2018-01-10 09:29:30 regiond: [info] 192.168.11.13 GET /MAAS/metadata/curtin/2012-03-01/meta-data/instance-id HTTP/1.1 --> 200 OK (referrer: -; agent: python-requests/2.9.1)
Jan 10 09:29:30 mas01 sh[19046]: 2018-01-10 09:29:30 regiond: [info] 192.168.11.14 GET /MAAS/metadata/curtin/2012-03-01/meta-data/instance-id HTTP/1.1 --> 200 OK (referrer: -; agent: Cloud-Init/17.1)
Jan 10 09:29:30 mas01 sh[19662]: 2018-01-10 09:29:30 regiond: [info] 192.168.11.5 POST /MAAS/metadata/status/qdgtcp HTTP/1.1 --> 204 NO_CONTENT (referrer: -; agent: python-requests/2.9.1)
Jan 10 09:29:30 mas01 sh[19056]: 2018-01-10 09:29:30 regiond: [info] 192.168.11.5 POST /MAAS/metadata/status/qdgtcp HTTP/1.1 --> 204 NO_CONTENT (referrer: -; agent: python-requests/2.9.1)
