Dec 30 16:25:52 mas01 sh[19896]: 2017-12-30 16:25:52 provisioningserver.rackdservices.tftp: [info] pxelinux.cfg/01-00-25-b5-a0-00-2a requested by 00:25:b5:a0:00:2a
Dec 30 16:25:52 mas01 sh[19896]: 2017-12-30 16:25:52 provisioningserver.rackdservices.tftp: [info] ubuntu/amd64/hwe-16.04-edge/xenial/daily/boot-kernel requested by 00:25:b5:a0:00:2a
Dec 30 16:25:53 mas01 dhcpd[23944]: DHCPOFFER on 192.168.11.15 to 00:25:b5:a0:00:4a via ens5
Dec 30 16:25:53 mas01 sh[19896]: 2017-12-30 16:25:53 provisioningserver.rackdservices.tftp: [info] ubuntu/amd64/hwe-16.04-edge/xenial/daily/boot-initrd requested by 00:25:b5:a0:00:2a
Dec 30 16:25:55 mas01 dhcpd[23944]: DHCPDISCOVER from 00:25:b5:a0:00:3a (kvm02) via ens5
Dec 30 16:25:56 mas01 dhcpd[23944]: DHCPOFFER on 192.168.11.17 to 00:25:b5:a0:00:3a via ens5
Dec 30 16:25:56 mas01 dhcpd[23944]: execute_statement argv[0] = /usr/sbin/maas-dhcp-helper
Dec 30 16:25:56 mas01 dhcpd[23944]: execute_statement argv[1] = notify
Dec 30 16:25:56 mas01 dhcpd[23944]: execute_statement argv[2] = --action
Dec 30 16:25:56 mas01 dhcpd[23944]: execute_statement argv[3] = commit
Dec 30 16:25:56 mas01 dhcpd[23944]: execute_statement argv[4] = --mac
Dec 30 16:25:56 mas01 dhcpd[23944]: execute_statement argv[5] = 0:25:b5:a0:0:4a
Dec 30 16:25:56 mas01 dhcpd[23944]: execute_statement argv[6] = --ip-family
Dec 30 16:25:56 mas01 dhcpd[23944]: execute_statement argv[7] = ipv4
Dec 30 16:25:56 mas01 dhcpd[23944]: execute_statement argv[8] = --ip
Dec 30 16:25:56 mas01 dhcpd[23944]: execute_statement argv[9] = 192.168.11.15
Dec 30 16:25:56 mas01 dhcpd[23944]: execute_statement argv[10] = --lease-time
Dec 30 16:25:56 mas01 dhcpd[23944]: execute_statement argv[11] = 30
Dec 30 16:25:56 mas01 dhcpd[23944]: execute_statement argv[12] = --hostname
Dec 30 16:25:56 mas01 dhcpd[23944]: execute_statement argv[13] = (none)
Dec 30 16:25:56 mas01 dhcpd[23944]: execute_statement argv[14] = --socket
Dec 30 16:25:56 mas01 dhcpd[23944]: execute_statement argv[15] = /var/lib/maas/dhcpd.sock
Dec 30 16:25:56 mas01 dhcpd[23944]: DHCPREQUEST for 192.168.11.15 (192.168.11.3) from 00:25:b5:a0:00:4a via ens5
Dec 30 16:25:56 mas01 dhcpd[23944]: DHCPACK on 192.168.11.15 to 00:25:b5:a0:00:4a via ens5
Dec 30 16:25:56 mas01 sh[19896]: 2017-12-30 16:25:56 provisioningserver.rackdservices.tftp: [info] pxelinux.0 requested by 00:25:b5:a0:00:4a
Dec 30 16:25:56 mas01 sh[19896]: 2017-12-30 16:25:56 provisioningserver.rackdservices.tftp: [info] pxelinux.0 requested by 00:25:b5:a0:00:4a
Dec 30 16:25:56 mas01 sh[19896]: 2017-12-30 16:25:56 provisioningserver.rackdservices.tftp: [info] ldlinux.c32 requested by 00:25:b5:a0:00:4a
Dec 30 16:25:56 mas01 sh[20889]: 2017-12-30 16:25:56 maasserver.rpc.leases: [info] Lease update: commit for 192.168.11.15 on 0:25:b5:a0:0:4a at 2017-12-30 16:25:56 (lease time: 30s)
Dec 30 16:25:56 mas01 sh[19896]: 2017-12-30 16:25:56 provisioningserver.rackdservices.tftp: [info] pxelinux.cfg/f0c9cf06-d8ce-11e4-0000-10000000004f requested by 00:25:b5:a0:00:4a
Dec 30 16:25:56 mas01 sh[19896]: 2017-12-30 16:25:56 provisioningserver.rackdservices.tftp: [info] pxelinux.cfg/01-00-25-b5-a0-00-4a requested by 00:25:b5:a0:00:4a
Dec 30 16:25:57 mas01 sh[19896]: 2017-12-30 16:25:57 provisioningserver.rackdservices.tftp: [info] pxelinux.cfg/01-00-25-b5-a0-00-4a requested by 00:25:b5:a0:00:4a
Dec 30 16:25:57 mas01 sh[19896]: 2017-12-30 16:25:57 provisioningserver.rackdservices.tftp: [info] pxelinux.cfg/01-00-25-b5-a0-00-4a requested by 00:25:b5:a0:00:4a
Dec 30 16:25:57 mas01 sh[19896]: 2017-12-30 16:25:57 provisioningserver.rackdservices.tftp: [info] ubuntu/amd64/hwe-16.04-edge/xenial/daily/boot-kernel requested by 00:25:b5:a0:00:4a
Dec 30 16:25:58 mas01 sh[19896]: 2017-12-30 16:25:58 provisioningserver.rackdservices.tftp: [info] ubuntu/amd64/hwe-16.04-edge/xenial/daily/boot-initrd requested by 00:25:b5:a0:00:4a
Dec 30 16:25:59 mas01 dhcpd[23944]: DHCPDISCOVER from 00:25:b5:a0:00:3a via ens5
Dec 30 16:25:59 mas01 dhcpd[23944]: DHCPOFFER on 192.168.11.17 to 00:25:b5:a0:00:3a via ens5
Dec 30 16:25:59 mas01 dhcpd[23944]: DHCPDISCOVER from 00:25:b5:a0:00:6a via ens5
Dec 30 16:25:59 mas01 dhcpd[23944]: DHCPOFFER on 192.168.11.20 to 00:25:b5:a0:00:6a (cmp002) via ens5
Dec 30 16:25:59 mas01 dhcpd[23944]: execute_statement argv[0] = /usr/sbin/maas-dhcp-helper
Dec 30 16:25:59 mas01 dhcpd[23944]: execute_statement argv[1] = notify
Dec 30 16:25:59 mas01 dhcpd[23944]: execute_statement argv[2] = --action
Dec 30 16:25:59 mas01 dhcpd[23944]: execute_statement argv[3] = commit
Dec 30 16:25:59 mas01 dhcpd[23944]: execute_statement argv[4] = --mac
Dec 30 16:25:59 mas01 dhcpd[23944]: execute_statement argv[5] = 0:25:b5:a0:0:6a
Dec 30 16:25:59 mas01 dhcpd[23944]: execute_statement argv[6] = --ip-family
Dec 30 16:25:59 mas01 dhcpd[23944]: execute_statement argv[7] = ipv4
Dec 30 16:25:59 mas01 dhcpd[23944]: execute_statement argv[8] = --ip
Dec 30 16:25:59 mas01 dhcpd[23944]: execute_statement argv[9] = 192.168.11.20
Dec 30 16:25:59 mas01 dhcpd[23944]: execute_statement argv[10] = --lease-time
Dec 30 16:25:59 mas01 dhcpd[23944]: execute_statement argv[11] = 600
Dec 30 16:25:59 mas01 dhcpd[23944]: execute_statement argv[12] = --hostname
Dec 30 16:25:59 mas01 dhcpd[23944]: execute_statement argv[13] = cmp002
Dec 30 16:25:59 mas01 dhcpd[23944]: execute_statement argv[14] = --socket
Dec 30 16:25:59 mas01 dhcpd[23944]: execute_statement argv[15] = /var/lib/maas/dhcpd.sock
Dec 30 16:25:59 mas01 dhcpd[23944]: DHCPREQUEST for 192.168.11.20 (192.168.11.3) from 00:25:b5:a0:00:6a (cmp002) via ens5
Dec 30 16:25:59 mas01 dhcpd[23944]: DHCPACK on 192.168.11.20 to 00:25:b5:a0:00:6a (cmp002) via ens5
Dec 30 16:25:59 mas01 sh[20303]: 2017-12-30 16:25:59 maasserver.rpc.leases: [info] Lease update: commit for 192.168.11.20 on 0:25:b5:a0:0:6a at 2017-12-30 16:25:59 (lease time: 600s) (hostname: cmp002)
Dec 30 16:26:00 mas01 sh[19896]: 2017-12-30 16:26:00 rackd: [info] 192.168.11.20 GET /images/ubuntu/amd64/hwe-16.04-edge/xenial/daily/squashfs HTTP/1.1 --> 200 OK (referrer: -; agent: Wget)
Dec 30 16:26:01 mas01 salt-minion[4531]: [INFO    ] User sudo_ubuntu Executing command state.apply with jid 20171230162601320829
Dec 30 16:26:01 mas01 salt-minion[4531]: [INFO    ] Starting a new job with PID 24590
Dec 30 16:26:02 mas01 sh[20313]: 2017-12-30 16:26:02 regiond: [info] 192.168.11.20 GET /MAAS/metadata/latest/by-id/ypymtm/?op=get_preseed HTTP/1.1 --> 200 OK (referrer: -; agent: Cloud-Init/17.1)
Dec 30 16:26:02 mas01 salt-minion[4531]: [INFO    ] Loading fresh modules for state activity
Dec 30 16:26:02 mas01 salt-minion[4531]: [INFO    ] Running state [maas-region apikey --username opnfv > /var/lib/maas/.maas_credentials] at time 16:26:02.858871
Dec 30 16:26:02 mas01 salt-minion[4531]: [INFO    ] Executing state cmd.run for maas-region apikey --username opnfv > /var/lib/maas/.maas_credentials
Dec 30 16:26:02 mas01 sh[20303]: 2017-12-30 16:26:02 regiond: [info] 192.168.11.20 POST /MAAS/metadata/status/ypymtm HTTP/1.1 --> 204 NO_CONTENT (referrer: -; agent: python-requests/2.9.1)
Dec 30 16:26:02 mas01 salt-minion[4531]: [INFO    ] Executing command 'maas-region apikey --username opnfv > /var/lib/maas/.maas_credentials' in directory '/root'
Dec 30 16:26:02 mas01 sh[20310]: 2017-12-30 16:26:02 regiond: [info] 192.168.11.20 POST /MAAS/metadata/status/ypymtm HTTP/1.1 --> 204 NO_CONTENT (referrer: -; agent: python-requests/2.9.1)
Dec 30 16:26:02 mas01 sh[20303]: 2017-12-30 16:26:02 regiond: [info] 192.168.11.20 POST /MAAS/metadata/status/ypymtm HTTP/1.1 --> 204 NO_CONTENT (referrer: -; agent: python-requests/2.9.1)
Dec 30 16:26:03 mas01 sh[20889]: 2017-12-30 16:26:03 regiond: [info] 192.168.11.20 GET /MAAS/metadata/latest/by-id/ypymtm/?op=get_preseed HTTP/1.1 --> 200 OK (referrer: -; agent: Cloud-Init/17.1)
Dec 30 16:26:03 mas01 sh[20889]: 2017-12-30 16:26:03 regiond: [info] 192.168.11.20 POST /MAAS/metadata/status/ypymtm HTTP/1.1 --> 204 NO_CONTENT (referrer: -; agent: python-requests/2.9.1)
Dec 30 16:26:03 mas01 sh[20313]: 2017-12-30 16:26:03 regiond: [info] 192.168.11.20 POST /MAAS/metadata/status/ypymtm HTTP/1.1 --> 204 NO_CONTENT (referrer: -; agent: python-requests/2.9.1)
Dec 30 16:26:03 mas01 sh[20303]: 2017-12-30 16:26:03 regiond: [info] 192.168.11.20 POST /MAAS/metadata/status/ypymtm HTTP/1.1 --> 204 NO_CONTENT (referrer: -; agent: python-requests/2.9.1)
Dec 30 16:26:03 mas01 sh[20303]: 2017-12-30 16:26:03 regiond: [info] 192.168.11.20 GET /MAAS/metadata/curtin/2012-03-01/meta-data/instance-id HTTP/1.1 --> 200 OK (referrer: -; agent: Cloud-Init/17.1)
Dec 30 16:26:03 mas01 sh[20303]: 2017-12-30 16:26:03 regiond: [info] 192.168.11.20 GET /MAAS/metadata/curtin/2012-03-01/meta-data/instance-id HTTP/1.1 --> 200 OK (referrer: -; agent: python-requests/2.9.1)
Dec 30 16:26:03 mas01 sh[20310]: 2017-12-30 16:26:03 regiond: [info] 192.168.11.20 GET /MAAS/metadata/curtin/2012-03-01/meta-data/local-hostname HTTP/1.1 --> 200 OK (referrer: -; agent: python-requests/2.9.1)
Dec 30 16:26:03 mas01 sh[20313]: 2017-12-30 16:26:03 regiond: [info] 192.168.11.20 GET /MAAS/metadata/curtin/2012-03-01/meta-data/public-keys HTTP/1.1 --> 200 OK (referrer: -; agent: python-requests/2.9.1)
Dec 30 16:26:03 mas01 sh[20889]: 2017-12-30 16:26:03 regiond: [info] 192.168.11.20 GET /MAAS/metadata/curtin/2012-03-01/meta-data/vendor-data HTTP/1.1 --> 200 OK (referrer: -; agent: python-requests/2.9.1)
Dec 30 16:26:03 mas01 sh[20303]: 2017-12-30 16:26:03 maasserver.preseed: [warn] WARNING: '/etc/maas/preseeds/curtin_userdata_amd64_generic_xenial' contains deprecated preseed variables. Please remove: main_archive_directory, ports_archive_directory, http_proxy
Dec 30 16:26:04 mas01 sh[20303]: 2017-12-30 16:26:04 regiond: [info] 192.168.11.20 GET /MAAS/metadata/curtin/2012-03-01/user-data HTTP/1.1 --> 200 OK (referrer: -; agent: python-requests/2.9.1)
Dec 30 16:26:04 mas01 sh[20303]: 2017-12-30 16:26:04 regiond: [info] 192.168.11.20 POST /MAAS/metadata/status/ypymtm HTTP/1.1 --> 204 NO_CONTENT (referrer: -; agent: python-requests/2.9.1)
Dec 30 16:26:04 mas01 sh[20310]: 2017-12-30 16:26:04 regiond: [info] 192.168.11.20 POST /MAAS/metadata/status/ypymtm HTTP/1.1 --> 204 NO_CONTENT (referrer: -; agent: python-requests/2.9.1)
Dec 30 16:26:04 mas01 sh[20889]: 2017-12-30 16:26:04 regiond: [info] 192.168.11.20 POST /MAAS/metadata/status/ypymtm HTTP/1.1 --> 204 NO_CONTENT (referrer: -; agent: python-requests/2.9.1)
Dec 30 16:26:04 mas01 sh[20313]: 2017-12-30 16:26:04 regiond: [info] 192.168.11.20 POST /MAAS/metadata/status/ypymtm HTTP/1.1 --> 204 NO_CONTENT (referrer: -; agent: python-requests/2.9.1)
Dec 30 16:26:04 mas01 sh[20889]: 2017-12-30 16:26:04 regiond: [info] 192.168.11.20 POST /MAAS/metadata/status/ypymtm HTTP/1.1 --> 204 NO_CONTENT (referrer: -; agent: python-requests/2.9.1)
Dec 30 16:26:04 mas01 sh[20310]: 2017-12-30 16:26:04 regiond: [info] 192.168.11.20 POST /MAAS/metadata/status/ypymtm HTTP/1.1 --> 204 NO_CONTENT (referrer: -; agent: python-requests/2.9.1)
Dec 30 16:26:04 mas01 sh[20889]: 2017-12-30 16:26:04 regiond: [info] 192.168.11.20 POST /MAAS/metadata/status/ypymtm HTTP/1.1 --> 204 NO_CONTENT (referrer: -; agent: python-requests/2.9.1)
Dec 30 16:26:04 mas01 sh[20303]: 2017-12-30 16:26:04 regiond: [info] 192.168.11.20 POST /MAAS/metadata/status/ypymtm HTTP/1.1 --> 204 NO_CONTENT (referrer: -; agent: python-requests/2.9.1)
Dec 30 16:26:04 mas01 sh[20303]: 2017-12-30 16:26:04 regiond: [info] 192.168.11.20 POST /MAAS/metadata/status/ypymtm HTTP/1.1 --> 204 NO_CONTENT (referrer: -; agent: python-requests/2.9.1)
Dec 30 16:26:04 mas01 sh[20889]: 2017-12-30 16:26:04 regiond: [info] 192.168.11.20 POST /MAAS/metadata/status/ypymtm HTTP/1.1 --> 204 NO_CONTENT (referrer: -; agent: python-requests/2.9.1)
Dec 30 16:26:04 mas01 sh[20303]: 2017-12-30 16:26:04 regiond: [info] 192.168.11.20 POST /MAAS/metadata/status/ypymtm HTTP/1.1 --> 204 NO_CONTENT (referrer: -; agent: python-requests/2.9.1)
Dec 30 16:26:04 mas01 sh[20310]: 2017-12-30 16:26:04 regiond: [info] 192.168.11.20 POST /MAAS/metadata/status/ypymtm HTTP/1.1 --> 204 NO_CONTENT (referrer: -; agent: python-requests/2.9.1)
Dec 30 16:26:04 mas01 sh[20303]: 2017-12-30 16:26:04 regiond: [info] 192.168.11.20 POST /MAAS/metadata/status/ypymtm HTTP/1.1 --> 204 NO_CONTENT (referrer: -; agent: python-requests/2.9.1)
Dec 30 16:26:04 mas01 sh[20313]: 2017-12-30 16:26:04 regiond: [info] 192.168.11.20 POST /MAAS/metadata/status/ypymtm HTTP/1.1 --> 204 NO_CONTENT (referrer: -; agent: python-requests/2.9.1)
Dec 30 16:26:04 mas01 sh[20310]: 2017-12-30 16:26:04 regiond: [info] 192.168.11.20 POST /MAAS/metadata/status/ypymtm HTTP/1.1 --> 204 NO_CONTENT (referrer: -; agent: python-requests/2.9.1)
Dec 30 16:26:04 mas01 sh[20310]: 2017-12-30 16:26:04 regiond: [info] 192.168.11.20 POST /MAAS/metadata/status/ypymtm HTTP/1.1 --> 204 NO_CONTENT (referrer: -; agent: python-requests/2.9.1)
Dec 30 16:26:04 mas01 sh[20313]: 2017-12-30 16:26:04 regiond: [info] 192.168.11.20 POST /MAAS/metadata/status/ypymtm HTTP/1.1 --> 204 NO_CONTENT (referrer: -; agent: python-requests/2.9.1)
Dec 30 16:26:04 mas01 sh[20313]: 2017-12-30 16:26:04 regiond: [info] 192.168.11.20 POST /MAAS/metadata/status/ypymtm HTTP/1.1 --> 204 NO_CONTENT (referrer: -; agent: python-requests/2.9.1)
Dec 30 16:26:04 mas01 sh[20310]: 2017-12-30 16:26:04 regiond: [info] 192.168.11.20 POST /MAAS/metadata/status/ypymtm HTTP/1.1 --> 204 NO_CONTENT (referrer: -; agent: python-requests/2.9.1)
Dec 30 16:26:04 mas01 sh[20313]: 2017-12-30 16:26:04 regiond: [info] 192.168.11.20 POST /MAAS/metadata/status/ypymtm HTTP/1.1 --> 204 NO_CONTENT (referrer: -; agent: python-requests/2.9.1)
Dec 30 16:26:04 mas01 sh[20303]: 2017-12-30 16:26:04 regiond: [info] 192.168.11.20 POST /MAAS/metadata/status/ypymtm HTTP/1.1 --> 204 NO_CONTENT (referrer: -; agent: python-requests/2.9.1)
Dec 30 16:26:04 mas01 sh[20889]: 2017-12-30 16:26:04 regiond: [info] 192.168.11.20 POST /MAAS/metadata/status/ypymtm HTTP/1.1 --> 204 NO_CONTENT (referrer: -; agent: python-requests/2.9.1)
Dec 30 16:26:04 mas01 sh[20313]: 2017-12-30 16:26:04 regiond: [info] 192.168.11.20 POST /MAAS/metadata/status/ypymtm HTTP/1.1 --> 204 NO_CONTENT (referrer: -; agent: python-requests/2.9.1)
Dec 30 16:26:04 mas01 sh[20313]: message repeated 2 times: [ 2017-12-30 16:26:04 regiond: [info] 192.168.11.20 POST /MAAS/metadata/status/ypymtm HTTP/1.1 --> 204 NO_CONTENT (referrer: -; agent: python-requests/2.9.1)]
Dec 30 16:26:04 mas01 sh[20310]: 2017-12-30 16:26:04 regiond: [info] 192.168.11.20 POST /MAAS/metadata/status/ypymtm HTTP/1.1 --> 204 NO_CONTENT (referrer: -; agent: python-requests/2.9.1)
Dec 30 16:26:04 mas01 sh[20889]: 2017-12-30 16:26:04 regiond: [info] 192.168.11.20 POST /MAAS/metadata/status/ypymtm HTTP/1.1 --> 204 NO_CONTENT (referrer: -; agent: python-requests/2.9.1)
Dec 30 16:26:04 mas01 sh[20303]: 2017-12-30 16:26:04 regiond: [info] 192.168.11.20 POST /MAAS/metadata/status/ypymtm HTTP/1.1 --> 204 NO_CONTENT (referrer: -; agent: python-requests/2.9.1)
Dec 30 16:26:04 mas01 sh[20310]: 2017-12-30 16:26:04 regiond: [info] 192.168.11.20 POST /MAAS/metadata/status/ypymtm HTTP/1.1 --> 204 NO_CONTENT (referrer: -; agent: python-requests/2.9.1)
Dec 30 16:26:04 mas01 sh[20313]: 2017-12-30 16:26:04 regiond: [info] 192.168.11.20 POST /MAAS/metadata/status/ypymtm HTTP/1.1 --> 204 NO_CONTENT (referrer: -; agent: python-requests/2.9.1)
Dec 30 16:26:04 mas01 sh[20310]: 2017-12-30 16:26:04 regiond: [info] 192.168.11.20 POST /MAAS/metadata/status/ypymtm HTTP/1.1 --> 204 NO_CONTENT (referrer: -; agent: python-requests/2.9.1)
Dec 30 16:26:04 mas01 sh[20889]: 2017-12-30 16:26:04 regiond: [info] 192.168.11.20 POST /MAAS/metadata/status/ypymtm HTTP/1.1 --> 204 NO_CONTENT (referrer: -; agent: python-requests/2.9.1)
Dec 30 16:26:04 mas01 sh[20303]: 2017-12-30 16:26:04 regiond: [info] 192.168.11.20 POST /MAAS/metadata/status/ypymtm HTTP/1.1 --> 204 NO_CONTENT (referrer: -; agent: python-requests/2.9.1)
Dec 30 16:26:04 mas01 sh[20310]: 2017-12-30 16:26:04 regiond: [info] 192.168.11.20 POST /MAAS/metadata/status/ypymtm HTTP/1.1 --> 204 NO_CONTENT (referrer: -; agent: python-requests/2.9.1)
Dec 30 16:26:04 mas01 salt-minion[4531]: [INFO    ] {'pid': 24598, 'retcode': 0, 'stderr': '', 'stdout': ''}
Dec 30 16:26:04 mas01 salt-minion[4531]: [INFO    ] Completed state [maas-region apikey --username opnfv > /var/lib/maas/.maas_credentials] at time 16:26:04.509730 duration_in_ms=1650.858
Dec 30 16:26:04 mas01 salt-minion[4531]: [INFO    ] Running state [maas.machines_status] at time 16:26:04.512349
Dec 30 16:26:04 mas01 salt-minion[4531]: [INFO    ] Executing state module.run for maas.machines_status
Dec 30 16:26:04 mas01 sh[20313]: 2017-12-30 16:26:04 regiond: [info] 192.168.11.20 POST /MAAS/metadata/status/ypymtm HTTP/1.1 --> 204 NO_CONTENT (referrer: -; agent: python-requests/2.9.1)
Dec 30 16:26:05 mas01 sh[20310]: 2017-12-30 16:26:05 regiond: [info] 192.168.11.20 POST /MAAS/metadata/status/ypymtm HTTP/1.1 --> 204 NO_CONTENT (referrer: -; agent: python-requests/2.9.1)
Dec 30 16:26:05 mas01 sh[20889]: 2017-12-30 16:26:05 regiond: [info] 127.0.0.1 GET /MAAS/api/2.0/machines/ HTTP/1.1 --> 200 OK (referrer: -; agent: Python-urllib/2.7)
Dec 30 16:26:05 mas01 salt-minion[4531]: [INFO    ] {'ret': {'machines': [{'status': 'Deploying', 'hostname': u'cmp001', 'system_id': u'a3appx'}, {'status': 'Deploying', 'hostname': u'kvm01', 'system_id': u'gqadqy'}, {'status': 'Deploying', 'hostname': u'kvm03', 'system_id': u'mc3y4d'}, {'status': 'Deploying', 'hostname': u'kvm02', 'system_id': u'ay8snr'}, {'status': 'Deploying', 'hostname': u'cmp002', 'system_id': u'ypymtm'}], 'summary': Counter({'Deploying': 5})}}
Dec 30 16:26:05 mas01 salt-minion[4531]: [INFO    ] Completed state [maas.machines_status] at time 16:26:05.283271 duration_in_ms=770.921
Dec 30 16:26:05 mas01 salt-minion[4531]: [INFO    ] Returning information for job: 20171230162601320829
Dec 30 16:26:06 mas01 sh[20303]: 2017-12-30 16:26:06 regiond: [info] 192.168.11.20 POST /MAAS/metadata/status/ypymtm HTTP/1.1 --> 204 NO_CONTENT (referrer: -; agent: python-requests/2.9.1)
Dec 30 16:26:06 mas01 sh[20310]: 2017-12-30 16:26:06 regiond: [info] 192.168.11.20 POST /MAAS/metadata/status/ypymtm HTTP/1.1 --> 204 NO_CONTENT (referrer: -; agent: python-requests/2.9.1)
Dec 30 16:26:06 mas01 sh[20313]: 2017-12-30 16:26:06 regiond: [info] 192.168.11.20 POST /MAAS/metadata/status/ypymtm HTTP/1.1 --> 204 NO_CONTENT (referrer: -; agent: python-requests/2.9.1)
Dec 30 16:26:06 mas01 sh[20310]: 2017-12-30 16:26:06 regiond: [info] 192.168.11.20 POST /MAAS/metadata/status/ypymtm HTTP/1.1 --> 204 NO_CONTENT (referrer: -; agent: python-requests/2.9.1)
Dec 30 16:26:06 mas01 sh[20310]: 2017-12-30 16:26:06 regiond: [info] 192.168.11.20 POST /MAAS/metadata/status/ypymtm HTTP/1.1 --> 204 NO_CONTENT (referrer: -; agent: python-requests/2.9.1)
Dec 30 16:26:06 mas01 sh[20313]: 2017-12-30 16:26:06 regiond: [info] 192.168.11.20 POST /MAAS/metadata/status/ypymtm HTTP/1.1 --> 204 NO_CONTENT (referrer: -; agent: python-requests/2.9.1)
Dec 30 16:26:06 mas01 sh[20303]: 2017-12-30 16:26:06 regiond: [info] 192.168.11.20 POST /MAAS/metadata/status/ypymtm HTTP/1.1 --> 204 NO_CONTENT (referrer: -; agent: python-requests/2.9.1)
Dec 30 16:26:07 mas01 sh[20313]: 2017-12-30 16:26:07 regiond: [info] 192.168.11.20 POST /MAAS/metadata/status/ypymtm HTTP/1.1 --> 204 NO_CONTENT (referrer: -; agent: python-requests/2.9.1)
Dec 30 16:26:07 mas01 sh[20310]: 2017-12-30 16:26:07 regiond: [info] 192.168.11.20 POST /MAAS/metadata/status/ypymtm HTTP/1.1 --> 204 NO_CONTENT (referrer: -; agent: python-requests/2.9.1)
Dec 30 16:26:07 mas01 sh[20303]: 2017-12-30 16:26:07 regiond: [info] 192.168.11.20 POST /MAAS/metadata/status/ypymtm HTTP/1.1 --> 204 NO_CONTENT (referrer: -; agent: python-requests/2.9.1)
Dec 30 16:26:07 mas01 sh[20303]: 2017-12-30 16:26:07 regiond: [info] 192.168.11.20 POST /MAAS/metadata/status/ypymtm HTTP/1.1 --> 204 NO_CONTENT (referrer: -; agent: python-requests/2.9.1)
Dec 30 16:26:07 mas01 sh[20310]: 2017-12-30 16:26:07 regiond: [info] 192.168.11.20 POST /MAAS/metadata/status/ypymtm HTTP/1.1 --> 204 NO_CONTENT (referrer: -; agent: python-requests/2.9.1)
Dec 30 16:26:07 mas01 sh[20313]: 2017-12-30 16:26:07 regiond: [info] 192.168.11.20 POST /MAAS/metadata/status/ypymtm HTTP/1.1 --> 204 NO_CONTENT (referrer: -; agent: python-requests/2.9.1)
Dec 30 16:26:07 mas01 sh[20313]: 2017-12-30 16:26:07 regiond: [info] 192.168.11.20 POST /MAAS/metadata/status/ypymtm HTTP/1.1 --> 204 NO_CONTENT (referrer: -; agent: python-requests/2.9.1)
Dec 30 16:26:07 mas01 sh[20889]: 2017-12-30 16:26:07 regiond: [info] 192.168.11.20 POST /MAAS/metadata/status/ypymtm HTTP/1.1 --> 204 NO_CONTENT (referrer: -; agent: python-requests/2.9.1)
Dec 30 16:26:07 mas01 sh[20303]: 2017-12-30 16:26:07 regiond: [info] 192.168.11.20 POST /MAAS/metadata/status/ypymtm HTTP/1.1 --> 204 NO_CONTENT (referrer: -; agent: python-requests/2.9.1)
Dec 30 16:26:07 mas01 sh[20303]: 2017-12-30 16:26:07 regiond: [info] 192.168.11.20 POST /MAAS/metadata/status/ypymtm HTTP/1.1 --> 204 NO_CONTENT (referrer: -; agent: python-requests/2.9.1)
Dec 30 16:26:07 mas01 dhcpd[23944]: execute_statement argv[0] = /usr/sbin/maas-dhcp-helper
Dec 30 16:26:07 mas01 dhcpd[23944]: execute_statement argv[1] = notify
Dec 30 16:26:07 mas01 dhcpd[23944]: execute_statement argv[2] = --action
Dec 30 16:26:07 mas01 dhcpd[23944]: execute_statement argv[3] = commit
Dec 30 16:26:07 mas01 dhcpd[23944]: execute_statement argv[4] = --mac
Dec 30 16:26:07 mas01 dhcpd[23944]: execute_statement argv[5] = 0:25:b5:a0:0:3a
Dec 30 16:26:07 mas01 dhcpd[23944]: execute_statement argv[6] = --ip-family
Dec 30 16:26:07 mas01 dhcpd[23944]: execute_statement argv[7] = ipv4
Dec 30 16:26:07 mas01 dhcpd[23944]: execute_statement argv[8] = --ip
Dec 30 16:26:07 mas01 dhcpd[23944]: execute_statement argv[9] = 192.168.11.17
Dec 30 16:26:07 mas01 dhcpd[23944]: execute_statement argv[10] = --lease-time
Dec 30 16:26:07 mas01 dhcpd[23944]: execute_statement argv[11] = 30
Dec 30 16:26:07 mas01 dhcpd[23944]: execute_statement argv[12] = --hostname
Dec 30 16:26:07 mas01 dhcpd[23944]: execute_statement argv[13] = (none)
Dec 30 16:26:07 mas01 dhcpd[23944]: execute_statement argv[14] = --socket
Dec 30 16:26:07 mas01 dhcpd[23944]: execute_statement argv[15] = /var/lib/maas/dhcpd.sock
Dec 30 16:26:07 mas01 sh[20310]: 2017-12-30 16:26:07 maasserver.rpc.leases: [info] Lease update: commit for 192.168.11.17 on 0:25:b5:a0:0:3a at 2017-12-30 16:26:07 (lease time: 30s)
Dec 30 16:26:07 mas01 dhcpd[23944]: DHCPREQUEST for 192.168.11.17 (192.168.11.3) from 00:25:b5:a0:00:3a via ens5
Dec 30 16:26:07 mas01 dhcpd[23944]: DHCPACK on 192.168.11.17 to 00:25:b5:a0:00:3a via ens5
Dec 30 16:26:07 mas01 dhcpd[23944]: DHCPDISCOVER from 00:25:b5:a0:00:5a via ens5
Dec 30 16:26:07 mas01 dhcpd[23944]: DHCPOFFER on 192.168.11.19 to 00:25:b5:a0:00:5a (cmp001) via ens5
Dec 30 16:26:07 mas01 dhcpd[23944]: DHCPDISCOVER from 00:25:b5:a0:00:2a via ens5
Dec 30 16:26:07 mas01 dhcpd[23944]: DHCPOFFER on 192.168.11.13 to 00:25:b5:a0:00:2a (kvm01) via ens5
Dec 30 16:26:07 mas01 dhcpd[23944]: execute_statement argv[0] = /usr/sbin/maas-dhcp-helper
Dec 30 16:26:07 mas01 dhcpd[23944]: execute_statement argv[1] = notify
Dec 30 16:26:07 mas01 dhcpd[23944]: execute_statement argv[2] = --action
Dec 30 16:26:07 mas01 dhcpd[23944]: execute_statement argv[3] = commit
Dec 30 16:26:07 mas01 dhcpd[23944]: execute_statement argv[4] = --mac
Dec 30 16:26:07 mas01 dhcpd[23944]: execute_statement argv[5] = 0:25:b5:a0:0:5a
Dec 30 16:26:07 mas01 dhcpd[23944]: execute_statement argv[6] = --ip-family
Dec 30 16:26:07 mas01 dhcpd[23944]: execute_statement argv[7] = ipv4
Dec 30 16:26:07 mas01 dhcpd[23944]: execute_statement argv[8] = --ip
Dec 30 16:26:07 mas01 dhcpd[23944]: execute_statement argv[9] = 192.168.11.19
Dec 30 16:26:07 mas01 dhcpd[23944]: execute_statement argv[10] = --lease-time
Dec 30 16:26:07 mas01 dhcpd[23944]: execute_statement argv[11] = 600
Dec 30 16:26:07 mas01 dhcpd[23944]: execute_statement argv[12] = --hostname
Dec 30 16:26:07 mas01 dhcpd[23944]: execute_statement argv[13] = cmp001
Dec 30 16:26:07 mas01 dhcpd[23944]: execute_statement argv[14] = --socket
Dec 30 16:26:07 mas01 dhcpd[23944]: execute_statement argv[15] = /var/lib/maas/dhcpd.sock
Dec 30 16:26:07 mas01 sh[19896]: 2017-12-30 16:26:07 provisioningserver.rackdservices.tftp: [info] pxelinux.0 requested by 00:25:b5:a0:00:3a
Dec 30 16:26:07 mas01 sh[19896]: 2017-12-30 16:26:07 provisioningserver.rackdservices.tftp: [info] pxelinux.0 requested by 00:25:b5:a0:00:3a
Dec 30 16:26:07 mas01 sh[19896]: 2017-12-30 16:26:07 provisioningserver.rackdservices.tftp: [info] ldlinux.c32 requested by 00:25:b5:a0:00:3a
Dec 30 16:26:07 mas01 dhcpd[23944]: DHCPREQUEST for 192.168.11.19 (192.168.11.3) from 00:25:b5:a0:00:5a (cmp001) via ens5
Dec 30 16:26:07 mas01 dhcpd[23944]: DHCPACK on 192.168.11.19 to 00:25:b5:a0:00:5a (cmp001) via ens5
Dec 30 16:26:07 mas01 dhcpd[23944]: DHCPDISCOVER from 00:25:b5:a0:00:2a (kvm01) via ens5
Dec 30 16:26:07 mas01 dhcpd[23944]: DHCPOFFER on 192.168.11.13 to 00:25:b5:a0:00:2a (kvm01) via ens5
Dec 30 16:26:07 mas01 dhcpd[23944]: execute_statement argv[0] = /usr/sbin/maas-dhcp-helper
Dec 30 16:26:07 mas01 dhcpd[23944]: execute_statement argv[1] = notify
Dec 30 16:26:07 mas01 dhcpd[23944]: execute_statement argv[2] = --action
Dec 30 16:26:07 mas01 dhcpd[23944]: execute_statement argv[3] = commit
Dec 30 16:26:07 mas01 dhcpd[23944]: execute_statement argv[4] = --mac
Dec 30 16:26:07 mas01 dhcpd[23944]: execute_statement argv[5] = 0:25:b5:a0:0:2a
Dec 30 16:26:07 mas01 dhcpd[23944]: execute_statement argv[6] = --ip-family
Dec 30 16:26:07 mas01 dhcpd[23944]: execute_statement argv[7] = ipv4
Dec 30 16:26:07 mas01 dhcpd[23944]: execute_statement argv[8] = --ip
Dec 30 16:26:07 mas01 dhcpd[23944]: execute_statement argv[9] = 192.168.11.13
Dec 30 16:26:07 mas01 dhcpd[23944]: execute_statement argv[10] = --lease-time
Dec 30 16:26:07 mas01 dhcpd[23944]: execute_statement argv[11] = 600
Dec 30 16:26:07 mas01 dhcpd[23944]: execute_statement argv[12] = --hostname
Dec 30 16:26:07 mas01 dhcpd[23944]: execute_statement argv[13] = kvm01
Dec 30 16:26:07 mas01 dhcpd[23944]: execute_statement argv[14] = --socket
Dec 30 16:26:07 mas01 dhcpd[23944]: execute_statement argv[15] = /var/lib/maas/dhcpd.sock
Dec 30 16:26:07 mas01 sh[19896]: 2017-12-30 16:26:07 provisioningserver.rackdservices.tftp: [info] pxelinux.cfg/f0c9cf06-d8ce-11e4-0000-10000000007f requested by 00:25:b5:a0:00:3a
Dec 30 16:26:07 mas01 sh[19896]: 2017-12-30 16:26:07 provisioningserver.rackdservices.tftp: [info] pxelinux.cfg/01-00-25-b5-a0-00-3a requested by 00:25:b5:a0:00:3a
Dec 30 16:26:08 mas01 sh[20310]: 2017-12-30 16:26:08 maasserver.rpc.leases: [info] Lease update: commit for 192.168.11.19 on 0:25:b5:a0:0:5a at 2017-12-30 16:26:07 (lease time: 600s) (hostname: cmp001)
Dec 30 16:26:08 mas01 dhcpd[23944]: DHCPREQUEST for 192.168.11.13 (192.168.11.3) from 00:25:b5:a0:00:2a (kvm01) via ens5
Dec 30 16:26:08 mas01 dhcpd[23944]: DHCPACK on 192.168.11.13 to 00:25:b5:a0:00:2a (kvm01) via ens5
Dec 30 16:26:08 mas01 sh[19896]: 2017-12-30 16:26:08 provisioningserver.rackdservices.tftp: [info] pxelinux.cfg/01-00-25-b5-a0-00-3a requested by 00:25:b5:a0:00:3a
Dec 30 16:26:08 mas01 sh[20889]: 2017-12-30 16:26:08 maasserver.rpc.leases: [info] Lease update: commit for 192.168.11.13 on 0:25:b5:a0:0:2a at 2017-12-30 16:26:07 (lease time: 600s) (hostname: kvm01)
Dec 30 16:26:08 mas01 sh[19896]: 2017-12-30 16:26:08 provisioningserver.rackdservices.tftp: [info] ubuntu/amd64/hwe-16.04-edge/xenial/daily/boot-kernel requested by 00:25:b5:a0:00:3a
Dec 30 16:26:08 mas01 sh[20303]: 2017-12-30 16:26:08 regiond: [info] 127.0.0.1 GET /MAAS/rpc/ HTTP/1.0 --> 200 OK (referrer: -; agent: provisioningserver.rpc.clusterservice.ClusterClientService)
Dec 30 16:26:08 mas01 sh[19896]: 2017-12-30 16:26:08 provisioningserver.rackdservices.dhcp_probe_service: [info] Probe for external DHCP servers started on interfaces: ens4, ens5, ens3.
Dec 30 16:26:08 mas01 sh[19896]: 2017-12-30 16:26:08 rackd: [info] 192.168.11.19 GET /images/ubuntu/amd64/hwe-16.04-edge/xenial/daily/squashfs HTTP/1.1 --> 200 OK (referrer: -; agent: Wget)
Dec 30 16:26:08 mas01 sh[19896]: 2017-12-30 16:26:08 rackd: [info] 192.168.11.13 GET /images/ubuntu/amd64/hwe-16.04-edge/xenial/daily/squashfs HTTP/1.1 --> 200 OK (referrer: -; agent: Wget)
Dec 30 16:26:09 mas01 sh[19896]: 2017-12-30 16:26:09 provisioningserver.rackdservices.tftp: [info] ubuntu/amd64/hwe-16.04-edge/xenial/daily/boot-initrd requested by 00:25:b5:a0:00:3a
Dec 30 16:26:10 mas01 dhcpd[23944]: DHCPDISCOVER from 00:25:b5:a0:00:4a via ens5
Dec 30 16:26:10 mas01 dhcpd[23944]: DHCPOFFER on 192.168.11.15 to 00:25:b5:a0:00:4a (kvm03) via ens5
Dec 30 16:26:10 mas01 dhcpd[23944]: execute_statement argv[0] = /usr/sbin/maas-dhcp-helper
Dec 30 16:26:10 mas01 dhcpd[23944]: execute_statement argv[1] = notify
Dec 30 16:26:10 mas01 dhcpd[23944]: execute_statement argv[2] = --action
Dec 30 16:26:10 mas01 dhcpd[23944]: execute_statement argv[3] = commit
Dec 30 16:26:10 mas01 dhcpd[23944]: execute_statement argv[4] = --mac
Dec 30 16:26:10 mas01 dhcpd[23944]: execute_statement argv[5] = 0:25:b5:a0:0:4a
Dec 30 16:26:10 mas01 dhcpd[23944]: execute_statement argv[6] = --ip-family
Dec 30 16:26:10 mas01 dhcpd[23944]: execute_statement argv[7] = ipv4
Dec 30 16:26:10 mas01 dhcpd[23944]: execute_statement argv[8] = --ip
Dec 30 16:26:10 mas01 dhcpd[23944]: execute_statement argv[9] = 192.168.11.15
Dec 30 16:26:10 mas01 dhcpd[23944]: execute_statement argv[10] = --lease-time
Dec 30 16:26:10 mas01 dhcpd[23944]: execute_statement argv[11] = 600
Dec 30 16:26:10 mas01 dhcpd[23944]: execute_statement argv[12] = --hostname
Dec 30 16:26:10 mas01 dhcpd[23944]: execute_statement argv[13] = kvm03
Dec 30 16:26:10 mas01 dhcpd[23944]: execute_statement argv[14] = --socket
Dec 30 16:26:10 mas01 dhcpd[23944]: execute_statement argv[15] = /var/lib/maas/dhcpd.sock
Dec 30 16:26:10 mas01 dhcpd[23944]: DHCPREQUEST for 192.168.11.15 (192.168.11.3) from 00:25:b5:a0:00:4a (kvm03) via ens5
Dec 30 16:26:10 mas01 dhcpd[23944]: DHCPACK on 192.168.11.15 to 00:25:b5:a0:00:4a (kvm03) via ens5
Dec 30 16:26:10 mas01 sh[20303]: 2017-12-30 16:26:10 maasserver.rpc.leases: [info] Lease update: commit for 192.168.11.15 on 0:25:b5:a0:0:4a at 2017-12-30 16:26:10 (lease time: 600s) (hostname: kvm03)
Dec 30 16:26:10 mas01 sh[19896]: 2017-12-30 16:26:10 rackd: [info] 192.168.11.15 GET /images/ubuntu/amd64/hwe-16.04-edge/xenial/daily/squashfs HTTP/1.1 --> 200 OK (referrer: -; agent: Wget)
Dec 30 16:26:11 mas01 sh[20313]: 2017-12-30 16:26:11 regiond: [info] 192.168.11.19 GET /MAAS/metadata/latest/by-id/a3appx/?op=get_preseed HTTP/1.1 --> 200 OK (referrer: -; agent: Cloud-Init/17.1)
Dec 30 16:26:11 mas01 sh[20313]: 2017-12-30 16:26:11 regiond: [info] 192.168.11.19 POST /MAAS/metadata/status/a3appx HTTP/1.1 --> 204 NO_CONTENT (referrer: -; agent: python-requests/2.9.1)
Dec 30 16:26:11 mas01 sh[20303]: 2017-12-30 16:26:11 regiond: [info] 192.168.11.19 POST /MAAS/metadata/status/a3appx HTTP/1.1 --> 204 NO_CONTENT (referrer: -; agent: python-requests/2.9.1)
Dec 30 16:26:11 mas01 sh[20889]: 2017-12-30 16:26:11 regiond: [info] 192.168.11.13 POST /MAAS/metadata/status/gqadqy HTTP/1.1 --> 204 NO_CONTENT (referrer: -; agent: python-requests/2.9.1)
Dec 30 16:26:11 mas01 sh[20310]: 2017-12-30 16:26:11 regiond: [info] 192.168.11.13 POST /MAAS/metadata/status/gqadqy HTTP/1.1 --> 204 NO_CONTENT (referrer: -; agent: python-requests/2.9.1)
Dec 30 16:26:11 mas01 sh[20303]: 2017-12-30 16:26:11 regiond: [info] 192.168.11.19 POST /MAAS/metadata/status/a3appx HTTP/1.1 --> 204 NO_CONTENT (referrer: -; agent: python-requests/2.9.1)
Dec 30 16:26:11 mas01 sh[20303]: 2017-12-30 16:26:11 regiond: [info] 192.168.11.13 POST /MAAS/metadata/status/gqadqy HTTP/1.1 --> 204 NO_CONTENT (referrer: -; agent: python-requests/2.9.1)
Dec 30 16:26:11 mas01 sh[20310]: 2017-12-30 16:26:11 regiond: [info] 192.168.11.19 POST /MAAS/metadata/status/a3appx HTTP/1.1 --> 204 NO_CONTENT (referrer: -; agent: python-requests/2.9.1)
Dec 30 16:26:11 mas01 sh[20313]: 2017-12-30 16:26:11 regiond: [info] 192.168.11.19 POST /MAAS/metadata/status/a3appx HTTP/1.1 --> 204 NO_CONTENT (referrer: -; agent: python-requests/2.9.1)
Dec 30 16:26:11 mas01 sh[20303]: 2017-12-30 16:26:11 regiond: [info] 192.168.11.19 POST /MAAS/metadata/status/a3appx HTTP/1.1 --> 204 NO_CONTENT (referrer: -; agent: python-requests/2.9.1)
Dec 30 16:26:11 mas01 sh[20310]: 2017-12-30 16:26:11 regiond: [info] 192.168.11.13 POST /MAAS/metadata/status/gqadqy HTTP/1.1 --> 204 NO_CONTENT (referrer: -; agent: python-requests/2.9.1)
Dec 30 16:26:11 mas01 sh[20303]: 2017-12-30 16:26:11 regiond: [info] 192.168.11.13 POST /MAAS/metadata/status/gqadqy HTTP/1.1 --> 204 NO_CONTENT (referrer: -; agent: python-requests/2.9.1)
Dec 30 16:26:11 mas01 sh[20303]: 2017-12-30 16:26:11 regiond: [info] 192.168.11.13 POST /MAAS/metadata/status/gqadqy HTTP/1.1 --> 204 NO_CONTENT (referrer: -; agent: python-requests/2.9.1)
Dec 30 16:26:11 mas01 sh[20310]: 2017-12-30 16:26:11 regiond: [info] 192.168.11.19 GET /MAAS/metadata/curtin/2012-03-01/meta-data/instance-id HTTP/1.1 --> 200 OK (referrer: -; agent: Cloud-Init/17.1)
Dec 30 16:26:11 mas01 sh[20303]: 2017-12-30 16:26:11 regiond: [info] 192.168.11.13 GET /MAAS/metadata/curtin/2012-03-01/meta-data/instance-id HTTP/1.1 --> 200 OK (referrer: -; agent: Cloud-Init/17.1)
Dec 30 16:26:11 mas01 sh[20889]: 2017-12-30 16:26:11 regiond: [info] 192.168.11.19 GET /MAAS/metadata/curtin/2012-03-01/meta-data/instance-id HTTP/1.1 --> 200 OK (referrer: -; agent: python-requests/2.9.1)
Dec 30 16:26:11 mas01 sh[20313]: 2017-12-30 16:26:11 regiond: [info] 192.168.11.13 GET /MAAS/metadata/curtin/2012-03-01/meta-data/instance-id HTTP/1.1 --> 200 OK (referrer: -; agent: python-requests/2.9.1)
Dec 30 16:26:11 mas01 sh[20303]: 2017-12-30 16:26:11 regiond: [info] 192.168.11.19 GET /MAAS/metadata/curtin/2012-03-01/meta-data/local-hostname HTTP/1.1 --> 200 OK (referrer: -; agent: python-requests/2.9.1)
Dec 30 16:26:11 mas01 sh[20313]: 2017-12-30 16:26:11 regiond: [info] 192.168.11.13 GET /MAAS/metadata/curtin/2012-03-01/meta-data/local-hostname HTTP/1.1 --> 200 OK (referrer: -; agent: python-requests/2.9.1)
Dec 30 16:26:11 mas01 sh[20313]: 2017-12-30 16:26:11 regiond: [info] 192.168.11.19 GET /MAAS/metadata/curtin/2012-03-01/meta-data/public-keys HTTP/1.1 --> 200 OK (referrer: -; agent: python-requests/2.9.1)
Dec 30 16:26:12 mas01 sh[20313]: 2017-12-30 16:26:12 regiond: [info] 192.168.11.19 GET /MAAS/metadata/curtin/2012-03-01/meta-data/vendor-data HTTP/1.1 --> 200 OK (referrer: -; agent: python-requests/2.9.1)
Dec 30 16:26:12 mas01 sh[20303]: 2017-12-30 16:26:12 regiond: [info] 192.168.11.13 GET /MAAS/metadata/curtin/2012-03-01/meta-data/vendor-data HTTP/1.1 --> 200 OK (referrer: -; agent: python-requests/2.9.1)
Dec 30 16:26:12 mas01 sh[20310]: 2017-12-30 16:26:12 maasserver.preseed: [warn] WARNING: '/etc/maas/preseeds/curtin_userdata_amd64_generic_xenial' contains deprecated preseed variables. Please remove: main_archive_directory, ports_archive_directory, http_proxy
Dec 30 16:26:12 mas01 sh[20889]: 2017-12-30 16:26:12 maasserver.preseed: [warn] WARNING: '/etc/maas/preseeds/curtin_userdata_amd64_generic_xenial' contains deprecated preseed variables. Please remove: main_archive_directory, ports_archive_directory, http_proxy
Dec 30 16:26:12 mas01 sh[20889]: 2017-12-30 16:26:12 regiond: [info] 192.168.11.13 GET /MAAS/metadata/curtin/2012-03-01/user-data HTTP/1.1 --> 200 OK (referrer: -; agent: python-requests/2.9.1)
Dec 30 16:26:12 mas01 sh[20303]: 2017-12-30 16:26:12 regiond: [info] 192.168.11.13 POST /MAAS/metadata/status/gqadqy HTTP/1.1 --> 204 NO_CONTENT (referrer: -; agent: python-requests/2.9.1)
Dec 30 16:26:12 mas01 sh[20889]: 2017-12-30 16:26:12 regiond: [info] 192.168.11.19 POST /MAAS/metadata/status/a3appx HTTP/1.1 --> 204 NO_CONTENT (referrer: -; agent: python-requests/2.9.1)
Dec 30 16:26:12 mas01 sh[20313]: 2017-12-30 16:26:12 regiond: [info] 192.168.11.13 POST /MAAS/metadata/status/gqadqy HTTP/1.1 --> 204 NO_CONTENT (referrer: -; agent: python-requests/2.9.1)
Dec 30 16:26:12 mas01 sh[20313]: 2017-12-30 16:26:12 regiond: [info] 192.168.11.13 POST /MAAS/metadata/status/gqadqy HTTP/1.1 --> 204 NO_CONTENT (referrer: -; agent: python-requests/2.9.1)
Dec 30 16:26:12 mas01 sh[20889]: 2017-12-30 16:26:12 regiond: [info] 192.168.11.13 POST /MAAS/metadata/status/gqadqy HTTP/1.1 --> 204 NO_CONTENT (referrer: -; agent: python-requests/2.9.1)
Dec 30 16:26:12 mas01 sh[20889]: 2017-12-30 16:26:12 regiond: [info] 192.168.11.13 POST /MAAS/metadata/status/gqadqy HTTP/1.1 --> 204 NO_CONTENT (referrer: -; agent: python-requests/2.9.1)
Dec 30 16:26:12 mas01 sh[20889]: 2017-12-30 16:26:12 regiond: [info] 192.168.11.19 POST /MAAS/metadata/status/a3appx HTTP/1.1 --> 204 NO_CONTENT (referrer: -; agent: python-requests/2.9.1)
Dec 30 16:26:12 mas01 sh[20889]: 2017-12-30 16:26:12 regiond: [info] 192.168.11.19 POST /MAAS/metadata/status/a3appx HTTP/1.1 --> 204 NO_CONTENT (referrer: -; agent: python-requests/2.9.1)
Dec 30 16:26:12 mas01 sh[20310]: 2017-12-30 16:26:12 regiond: [info] 192.168.11.19 POST /MAAS/metadata/status/a3appx HTTP/1.1 --> 204 NO_CONTENT (referrer: -; agent: python-requests/2.9.1)
Dec 30 16:26:12 mas01 sh[20313]: 2017-12-30 16:26:12 regiond: [info] 192.168.11.19 POST /MAAS/metadata/status/a3appx HTTP/1.1 --> 204 NO_CONTENT (referrer: -; agent: python-requests/2.9.1)
Dec 30 16:26:12 mas01 sh[20889]: 2017-12-30 16:26:12 regiond: [info] 192.168.11.13 POST /MAAS/metadata/status/gqadqy HTTP/1.1 --> 204 NO_CONTENT (referrer: -; agent: python-requests/2.9.1)
Dec 30 16:26:12 mas01 sh[20889]: 2017-12-30 16:26:12 regiond: [info] 192.168.11.13 POST /MAAS/metadata/status/gqadqy HTTP/1.1 --> 204 NO_CONTENT (referrer: -; agent: python-requests/2.9.1)
Dec 30 16:26:12 mas01 sh[20313]: 2017-12-30 16:26:12 regiond: [info] 192.168.11.13 POST /MAAS/metadata/status/gqadqy HTTP/1.1 --> 204 NO_CONTENT (referrer: -; agent: python-requests/2.9.1)
Dec 30 16:26:12 mas01 sh[20889]: 2017-12-30 16:26:12 regiond: [info] 192.168.11.13 POST /MAAS/metadata/status/gqadqy HTTP/1.1 --> 204 NO_CONTENT (referrer: -; agent: python-requests/2.9.1)
Dec 30 16:26:12 mas01 sh[20313]: 2017-12-30 16:26:12 regiond: [info] 192.168.11.13 POST /MAAS/metadata/status/gqadqy HTTP/1.1 --> 204 NO_CONTENT (referrer: -; agent: python-requests/2.9.1)
Dec 30 16:26:12 mas01 sh[20303]: 2017-12-30 16:26:12 regiond: [info] 192.168.11.13 POST /MAAS/metadata/status/gqadqy HTTP/1.1 --> 204 NO_CONTENT (referrer: -; agent: python-requests/2.9.1)
Dec 30 16:26:12 mas01 sh[20889]: 2017-12-30 16:26:12 regiond: [info] 192.168.11.13 POST /MAAS/metadata/status/gqadqy HTTP/1.1 --> 204 NO_CONTENT (referrer: -; agent: python-requests/2.9.1)
Dec 30 16:26:12 mas01 sh[20310]: 2017-12-30 16:26:12 regiond: [info] 192.168.11.13 POST /MAAS/metadata/status/gqadqy HTTP/1.1 --> 204 NO_CONTENT (referrer: -; agent: python-requests/2.9.1)
Dec 30 16:26:12 mas01 sh[20303]: 2017-12-30 16:26:12 regiond: [info] 192.168.11.19 POST /MAAS/metadata/status/a3appx HTTP/1.1 --> 204 NO_CONTENT (referrer: -; agent: python-requests/2.9.1)
Dec 30 16:26:12 mas01 sh[20313]: 2017-12-30 16:26:12 regiond: [info] 192.168.11.13 POST /MAAS/metadata/status/gqadqy HTTP/1.1 --> 204 NO_CONTENT (referrer: -; agent: python-requests/2.9.1)
Dec 30 16:26:12 mas01 sh[20303]: 2017-12-30 16:26:12 regiond: [info] 192.168.11.19 POST /MAAS/metadata/status/a3appx HTTP/1.1 --> 204 NO_CONTENT (referrer: -; agent: python-requests/2.9.1)
Dec 30 16:26:12 mas01 sh[20889]: 2017-12-30 16:26:12 regiond: [info] 192.168.11.19 POST /MAAS/metadata/status/a3appx HTTP/1.1 --> 204 NO_CONTENT (referrer: -; agent: python-requests/2.9.1)
Dec 30 16:26:12 mas01 sh[20889]: 2017-12-30 16:26:12 regiond: [info] 192.168.11.19 POST /MAAS/metadata/status/a3appx HTTP/1.1 --> 204 NO_CONTENT (referrer: -; agent: python-requests/2.9.1)
Dec 30 16:26:12 mas01 sh[20303]: 2017-12-30 16:26:12 regiond: [info] 192.168.11.19 POST /MAAS/metadata/status/a3appx HTTP/1.1 --> 204 NO_CONTENT (referrer: -; agent: python-requests/2.9.1)
Dec 30 16:26:12 mas01 sh[20889]: 2017-12-30 16:26:12 regiond: [info] 192.168.11.19 POST /MAAS/metadata/status/a3appx HTTP/1.1 --> 204 NO_CONTENT (referrer: -; agent: python-requests/2.9.1)
Dec 30 16:26:12 mas01 sh[20310]: 2017-12-30 16:26:12 regiond: [info] 192.168.11.13 POST /MAAS/metadata/status/gqadqy HTTP/1.1 --> 204 NO_CONTENT (referrer: -; agent: python-requests/2.9.1)
Dec 30 16:26:12 mas01 sh[20889]: 2017-12-30 16:26:12 regiond: [info] 192.168.11.19 POST /MAAS/metadata/status/a3appx HTTP/1.1 --> 204 NO_CONTENT (referrer: -; agent: python-requests/2.9.1)
Dec 30 16:26:12 mas01 sh[20313]: 2017-12-30 16:26:12 regiond: [info] 192.168.11.13 POST /MAAS/metadata/status/gqadqy HTTP/1.1 --> 204 NO_CONTENT (referrer: -; agent: python-requests/2.9.1)
Dec 30 16:26:12 mas01 sh[20310]: 2017-12-30 16:26:12 regiond: [info] 192.168.11.19 POST /MAAS/metadata/status/a3appx HTTP/1.1 --> 204 NO_CONTENT (referrer: -; agent: python-requests/2.9.1)
Dec 30 16:26:12 mas01 sh[20303]: 2017-12-30 16:26:12 regiond: [info] 192.168.11.19 POST /MAAS/metadata/status/a3appx HTTP/1.1 --> 204 NO_CONTENT (referrer: -; agent: python-requests/2.9.1)
Dec 30 16:26:12 mas01 sh[20313]: 2017-12-30 16:26:12 regiond: [info] 192.168.11.13 POST /MAAS/metadata/status/gqadqy HTTP/1.1 --> 204 NO_CONTENT (referrer: -; agent: python-requests/2.9.1)
Dec 30 16:26:12 mas01 sh[20313]: message repeated 2 times: [ 2017-12-30 16:26:12 regiond: [info] 192.168.11.13 POST /MAAS/metadata/status/gqadqy HTTP/1.1 --> 204 NO_CONTENT (referrer: -; agent: python-requests/2.9.1)]
Dec 30 16:26:12 mas01 sh[20313]: 2017-12-30 16:26:12 regiond: [info] 192.168.11.19 POST /MAAS/metadata/status/a3appx HTTP/1.1 --> 204 NO_CONTENT (referrer: -; agent: python-requests/2.9.1)
Dec 30 16:26:12 mas01 sh[20303]: 2017-12-30 16:26:12 regiond: [info] 192.168.11.13 POST /MAAS/metadata/status/gqadqy HTTP/1.1 --> 204 NO_CONTENT (referrer: -; agent: python-requests/2.9.1)
Dec 30 16:26:12 mas01 sh[20310]: 2017-12-30 16:26:12 regiond: [info] 192.168.11.19 POST /MAAS/metadata/status/a3appx HTTP/1.1 --> 204 NO_CONTENT (referrer: -; agent: python-requests/2.9.1)
Dec 30 16:26:12 mas01 sh[20303]: 2017-12-30 16:26:12 regiond: [info] 192.168.11.13 POST /MAAS/metadata/status/gqadqy HTTP/1.1 --> 204 NO_CONTENT (referrer: -; agent: python-requests/2.9.1)
Dec 30 16:26:12 mas01 sh[20313]: 2017-12-30 16:26:12 regiond: [info] 192.168.11.13 POST /MAAS/metadata/status/gqadqy HTTP/1.1 --> 204 NO_CONTENT (referrer: -; agent: python-requests/2.9.1)
Dec 30 16:26:12 mas01 sh[20889]: 2017-12-30 16:26:12 regiond: [info] 192.168.11.19 POST /MAAS/metadata/status/a3appx HTTP/1.1 --> 204 NO_CONTENT (referrer: -; agent: python-requests/2.9.1)
Dec 30 16:26:12 mas01 sh[20313]: 2017-12-30 16:26:12 regiond: [info] 192.168.11.19 POST /MAAS/metadata/status/a3appx HTTP/1.1 --> 204 NO_CONTENT (referrer: -; agent: python-requests/2.9.1)
Dec 30 16:26:12 mas01 sh[20303]: 2017-12-30 16:26:12 regiond: [info] 192.168.11.13 POST /MAAS/metadata/status/gqadqy HTTP/1.1 --> 204 NO_CONTENT (referrer: -; agent: python-requests/2.9.1)
Dec 30 16:26:12 mas01 sh[20889]: 2017-12-30 16:26:12 regiond: [info] 192.168.11.19 POST /MAAS/metadata/status/a3appx HTTP/1.1 --> 204 NO_CONTENT (referrer: -; agent: python-requests/2.9.1)
Dec 30 16:26:12 mas01 sh[20313]: 2017-12-30 16:26:12 regiond: [info] 192.168.11.13 POST /MAAS/metadata/status/gqadqy HTTP/1.1 --> 204 NO_CONTENT (referrer: -; agent: python-requests/2.9.1)
Dec 30 16:26:12 mas01 sh[20303]: 2017-12-30 16:26:12 regiond: [info] 192.168.11.19 POST /MAAS/metadata/status/a3appx HTTP/1.1 --> 204 NO_CONTENT (referrer: -; agent: python-requests/2.9.1)
Dec 30 16:26:12 mas01 sh[20310]: 2017-12-30 16:26:12 regiond: [info] 192.168.11.19 POST /MAAS/metadata/status/a3appx HTTP/1.1 --> 204 NO_CONTENT (referrer: -; agent: python-requests/2.9.1)
Dec 30 16:26:12 mas01 sh[20303]: 2017-12-30 16:26:12 regiond: [info] 192.168.11.13 POST /MAAS/metadata/status/gqadqy HTTP/1.1 --> 204 NO_CONTENT (referrer: -; agent: python-requests/2.9.1)
Dec 30 16:26:12 mas01 sh[20889]: 2017-12-30 16:26:12 regiond: [info] 192.168.11.19 POST /MAAS/metadata/status/a3appx HTTP/1.1 --> 204 NO_CONTENT (referrer: -; agent: python-requests/2.9.1)
Dec 30 16:26:12 mas01 sh[20889]: 2017-12-30 16:26:12 regiond: [info] 192.168.11.13 POST /MAAS/metadata/status/gqadqy HTTP/1.1 --> 204 NO_CONTENT (referrer: -; agent: python-requests/2.9.1)
Dec 30 16:26:12 mas01 sh[20889]: 2017-12-30 16:26:12 regiond: [info] 192.168.11.19 POST /MAAS/metadata/status/a3appx HTTP/1.1 --> 204 NO_CONTENT (referrer: -; agent: python-requests/2.9.1)
Dec 30 16:26:12 mas01 sh[20889]: 2017-12-30 16:26:12 regiond: [info] 192.168.11.13 POST /MAAS/metadata/status/gqadqy HTTP/1.1 --> 204 NO_CONTENT (referrer: -; agent: python-requests/2.9.1)
Dec 30 16:26:12 mas01 sh[20303]: 2017-12-30 16:26:12 regiond: [info] 192.168.11.19 POST /MAAS/metadata/status/a3appx HTTP/1.1 --> 204 NO_CONTENT (referrer: -; agent: python-requests/2.9.1)
Dec 30 16:26:12 mas01 sh[20313]: 2017-12-30 16:26:12 regiond: [info] 192.168.11.13 POST /MAAS/metadata/status/gqadqy HTTP/1.1 --> 204 NO_CONTENT (referrer: -; agent: python-requests/2.9.1)
Dec 30 16:26:12 mas01 sh[20303]: 2017-12-30 16:26:12 regiond: [info] 192.168.11.19 POST /MAAS/metadata/status/a3appx HTTP/1.1 --> 204 NO_CONTENT (referrer: -; agent: python-requests/2.9.1)
Dec 30 16:26:12 mas01 sh[20889]: 2017-12-30 16:26:12 regiond: [info] 192.168.11.13 POST /MAAS/metadata/status/gqadqy HTTP/1.1 --> 204 NO_CONTENT (referrer: -; agent: python-requests/2.9.1)
Dec 30 16:26:12 mas01 sh[20889]: 2017-12-30 16:26:12 regiond: [info] 192.168.11.19 POST /MAAS/metadata/status/a3appx HTTP/1.1 --> 204 NO_CONTENT (referrer: -; agent: python-requests/2.9.1)
Dec 30 16:26:12 mas01 sh[20310]: 2017-12-30 16:26:12 regiond: [info] 192.168.11.13 POST /MAAS/metadata/status/gqadqy HTTP/1.1 --> 204 NO_CONTENT (referrer: -; agent: python-requests/2.9.1)
Dec 30 16:26:12 mas01 sh[20313]: 2017-12-30 16:26:12 regiond: [info] 192.168.11.19 POST /MAAS/metadata/status/a3appx HTTP/1.1 --> 204 NO_CONTENT (referrer: -; agent: python-requests/2.9.1)
Dec 30 16:26:12 mas01 sh[20313]: 2017-12-30 16:26:12 regiond: [info] 192.168.11.19 POST /MAAS/metadata/status/a3appx HTTP/1.1 --> 204 NO_CONTENT (referrer: -; agent: python-requests/2.9.1)
Dec 30 16:26:12 mas01 sh[20313]: 2017-12-30 16:26:12 regiond: [info] 192.168.11.13 POST /MAAS/metadata/status/gqadqy HTTP/1.1 --> 204 NO_CONTENT (referrer: -; agent: python-requests/2.9.1)
Dec 30 16:26:12 mas01 sh[20310]: 2017-12-30 16:26:12 regiond: [info] 192.168.11.19 POST /MAAS/metadata/status/a3appx HTTP/1.1 --> 204 NO_CONTENT (referrer: -; agent: python-requests/2.9.1)
Dec 30 16:26:12 mas01 sh[20310]: 2017-12-30 16:26:12 regiond: [info] 192.168.11.13 POST /MAAS/metadata/status/gqadqy HTTP/1.1 --> 204 NO_CONTENT (referrer: -; agent: python-requests/2.9.1)
Dec 30 16:26:12 mas01 sh[20313]: 2017-12-30 16:26:12 regiond: [info] 192.168.11.19 POST /MAAS/metadata/status/a3appx HTTP/1.1 --> 204 NO_CONTENT (referrer: -; agent: python-requests/2.9.1)
Dec 30 16:26:12 mas01 sh[20313]: message repeated 2 times: [ 2017-12-30 16:26:12 regiond: [info] 192.168.11.19 POST /MAAS/metadata/status/a3appx HTTP/1.1 --> 204 NO_CONTENT (referrer: -; agent: python-requests/2.9.1)]
Dec 30 16:26:12 mas01 sh[20310]: 2017-12-30 16:26:12 regiond: [info] 192.168.11.13 POST /MAAS/metadata/status/gqadqy HTTP/1.1 --> 204 NO_CONTENT (referrer: -; agent: python-requests/2.9.1)
Dec 30 16:26:12 mas01 sh[20310]: 2017-12-30 16:26:12 regiond: [info] 192.168.11.13 POST /MAAS/metadata/status/gqadqy HTTP/1.1 --> 204 NO_CONTENT (referrer: -; agent: python-requests/2.9.1)
Dec 30 16:26:12 mas01 sh[20889]: 2017-12-30 16:26:12 regiond: [info] 192.168.11.19 POST /MAAS/metadata/status/a3appx HTTP/1.1 --> 204 NO_CONTENT (referrer: -; agent: python-requests/2.9.1)
Dec 30 16:26:12 mas01 sh[20303]: 2017-12-30 16:26:12 regiond: [info] 192.168.11.19 POST /MAAS/metadata/status/a3appx HTTP/1.1 --> 204 NO_CONTENT (referrer: -; agent: python-requests/2.9.1)
Dec 30 16:26:12 mas01 sh[20889]: 2017-12-30 16:26:12 regiond: [info] 192.168.11.13 POST /MAAS/metadata/status/gqadqy HTTP/1.1 --> 204 NO_CONTENT (referrer: -; agent: python-requests/2.9.1)
Dec 30 16:26:13 mas01 sh[20310]: 2017-12-30 16:26:13 regiond: [info] 192.168.11.13 POST /MAAS/metadata/status/gqadqy HTTP/1.1 --> 204 NO_CONTENT (referrer: -; agent: python-requests/2.9.1)
Dec 30 16:26:13 mas01 sh[20303]: 2017-12-30 16:26:13 regiond: [info] 192.168.11.19 POST /MAAS/metadata/status/a3appx HTTP/1.1 --> 204 NO_CONTENT (referrer: -; agent: python-requests/2.9.1)
Dec 30 16:26:13 mas01 sh[20310]: 2017-12-30 16:26:13 regiond: [info] 192.168.11.19 POST /MAAS/metadata/status/a3appx HTTP/1.1 --> 204 NO_CONTENT (referrer: -; agent: python-requests/2.9.1)
Dec 30 16:26:13 mas01 sh[20310]: 2017-12-30 16:26:13 regiond: [info] 192.168.11.15 GET /MAAS/metadata/latest/by-id/mc3y4d/?op=get_preseed HTTP/1.1 --> 200 OK (referrer: -; agent: Cloud-Init/17.1)
Dec 30 16:26:13 mas01 sh[20889]: 2017-12-30 16:26:13 regiond: [info] 192.168.11.15 POST /MAAS/metadata/status/mc3y4d HTTP/1.1 --> 204 NO_CONTENT (referrer: -; agent: python-requests/2.9.1)
Dec 30 16:26:13 mas01 sh[20310]: 2017-12-30 16:26:13 regiond: [info] 192.168.11.15 POST /MAAS/metadata/status/mc3y4d HTTP/1.1 --> 204 NO_CONTENT (referrer: -; agent: python-requests/2.9.1)
Dec 30 16:26:13 mas01 sh[20889]: 2017-12-30 16:26:13 regiond: [info] 192.168.11.15 POST /MAAS/metadata/status/mc3y4d HTTP/1.1 --> 204 NO_CONTENT (referrer: -; agent: python-requests/2.9.1)
Dec 30 16:26:14 mas01 sh[20313]: 2017-12-30 16:26:14 regiond: [info] 192.168.11.15 GET /MAAS/metadata/latest/by-id/mc3y4d/?op=get_preseed HTTP/1.1 --> 200 OK (referrer: -; agent: Cloud-Init/17.1)
