Dec 17 06:59:18 mas01 sh[21083]: 2017-12-17 06:59:18 regiond: [info] 192.168.11.22 GET /MAAS/metadata/2012-03-01/maas-scripts/ HTTP/1.1 --> 200 OK (referrer: -; agent: Python-urllib/3.5)
Dec 17 06:59:18 mas01 sh[21633]: 2017-12-17 06:59:18 regiond: [info] 192.168.11.22 POST /MAAS/metadata/2012-03-01/ HTTP/1.1 --> 200 OK (referrer: -; agent: Python-urllib/3.5)
Dec 17 06:59:18 mas01 sh[21091]: 2017-12-17 06:59:18 regiond: [info] 192.168.11.22 POST /MAAS/metadata/2012-03-01/ HTTP/1.1 --> 200 OK (referrer: -; agent: Python-urllib/3.5)
Dec 17 06:59:19 mas01 sh[21091]: 2017-12-17 06:59:19 regiond: [info] 192.168.11.22 GET /MAAS/metadata/latest/by-id/b6p4aq/?op=get_preseed HTTP/1.1 --> 200 OK (referrer: -; agent: curl/7.47.0)
Dec 17 06:59:19 mas01 sh[21083]: 2017-12-17 06:59:19 regiond: [info] 192.168.11.22 POST /MAAS/metadata/2012-03-01/ HTTP/1.1 --> 200 OK (referrer: -; agent: Python-urllib/3.5)
Dec 17 06:59:19 mas01 sh[21091]: 2017-12-17 06:59:19 regiond: [info] 192.168.11.22 POST /MAAS/metadata/2012-03-01/ HTTP/1.1 --> 200 OK (referrer: -; agent: Python-urllib/3.5)
Dec 17 06:59:19 mas01 sh[21185]: 2017-12-17 06:59:19 regiond: [info] 192.168.11.22 POST /MAAS/metadata/2012-03-01/ HTTP/1.1 --> 200 OK (referrer: -; agent: Python-urllib/3.5)
Dec 17 06:59:19 mas01 sh[21091]: 2017-12-17 06:59:19 regiond: [info] 192.168.11.22 POST /MAAS/metadata/2012-03-01/ HTTP/1.1 --> 200 OK (referrer: -; agent: Python-urllib/3.5)
Dec 17 06:59:20 mas01 sh[21091]: 2017-12-17 06:59:20 regiond: [info] 192.168.11.20 GET /MAAS/metadata/2012-03-01/maas-scripts/ HTTP/1.1 --> 200 OK (referrer: -; agent: Python-urllib/3.5)
Dec 17 06:59:20 mas01 sh[21083]: 2017-12-17 06:59:20 regiond: [info] 192.168.11.20 POST /MAAS/metadata/2012-03-01/ HTTP/1.1 --> 200 OK (referrer: -; agent: Python-urllib/3.5)
Dec 17 06:59:20 mas01 sh[21633]: 2017-12-17 06:59:20 regiond: [info] 192.168.11.22 POST /MAAS/metadata/2012-03-01/ HTTP/1.1 --> 200 OK (referrer: -; agent: Python-urllib/3.5)
Dec 17 06:59:20 mas01 sh[21083]: 2017-12-17 06:59:20 regiond: [info] 192.168.11.20 POST /MAAS/metadata/2012-03-01/ HTTP/1.1 --> 200 OK (referrer: -; agent: Python-urllib/3.5)
Dec 17 06:59:20 mas01 sh[21633]: 2017-12-17 06:59:20 regiond: [info] 192.168.11.22 POST /MAAS/metadata/2012-03-01/ HTTP/1.1 --> 200 OK (referrer: -; agent: Python-urllib/3.5)
Dec 17 06:59:20 mas01 sh[21633]: 2017-12-17 06:59:20 regiond: [info] 192.168.11.20 GET /MAAS/metadata/latest/by-id/g74spb/?op=get_preseed HTTP/1.1 --> 200 OK (referrer: -; agent: curl/7.47.0)
Dec 17 06:59:20 mas01 sh[21083]: 2017-12-17 06:59:20 regiond: [info] 192.168.11.22 POST /MAAS/metadata/2012-03-01/ HTTP/1.1 --> 200 OK (referrer: -; agent: Python-urllib/3.5)
Dec 17 06:59:20 mas01 sh[21091]: 2017-12-17 06:59:20 regiond: [info] 192.168.11.22 POST /MAAS/metadata/2012-03-01/ HTTP/1.1 --> 200 OK (referrer: -; agent: Python-urllib/3.5)
Dec 17 06:59:21 mas01 sh[21091]: 2017-12-17 06:59:21 regiond: [info] 192.168.11.21 POST /MAAS/metadata/2012-03-01/ HTTP/1.1 --> 200 OK (referrer: -; agent: Python-urllib/3.5)
Dec 17 06:59:21 mas01 sh[21083]: 2017-12-17 06:59:21 regiond: [info] 192.168.11.20 POST /MAAS/metadata/2012-03-01/ HTTP/1.1 --> 200 OK (referrer: -; agent: Python-urllib/3.5)
Dec 17 06:59:21 mas01 sh[21083]: 2017-12-17 06:59:21 regiond: [info] 192.168.11.21 POST /MAAS/metadata/2012-03-01/ HTTP/1.1 --> 200 OK (referrer: -; agent: Python-urllib/3.5)
Dec 17 06:59:21 mas01 sh[21185]: 2017-12-17 06:59:21 regiond: [info] 192.168.11.20 POST /MAAS/metadata/2012-03-01/ HTTP/1.1 --> 200 OK (referrer: -; agent: Python-urllib/3.5)
Dec 17 06:59:21 mas01 sh[21185]: 2017-12-17 06:59:21 regiond: [info] 192.168.11.21 POST /MAAS/metadata/2012-03-01/ HTTP/1.1 --> 200 OK (referrer: -; agent: Python-urllib/3.5)
Dec 17 06:59:21 mas01 sh[21185]: 2017-12-17 06:59:21 regiond: [info] 192.168.11.20 POST /MAAS/metadata/2012-03-01/ HTTP/1.1 --> 200 OK (referrer: -; agent: Python-urllib/3.5)
Dec 17 06:59:21 mas01 sh[21633]: 2017-12-17 06:59:21 regiond: [info] 192.168.11.20 POST /MAAS/metadata/2012-03-01/ HTTP/1.1 --> 200 OK (referrer: -; agent: Python-urllib/3.5)
Dec 17 06:59:21 mas01 sh[21091]: 2017-12-17 06:59:21 regiond: [info] 192.168.11.21 POST /MAAS/metadata/2012-03-01/ HTTP/1.1 --> 200 OK (referrer: -; agent: Python-urllib/3.5)
Dec 17 06:59:21 mas01 sh[21633]: 2017-12-17 06:59:21 regiond: [info] 192.168.11.21 POST /MAAS/metadata/2012-03-01/ HTTP/1.1 --> 200 OK (referrer: -; agent: Python-urllib/3.5)
Dec 17 06:59:21 mas01 sh[21091]: 2017-12-17 06:59:21 regiond: [info] 192.168.11.21 POST /MAAS/metadata/2012-03-01/ HTTP/1.1 --> 200 OK (referrer: -; agent: Python-urllib/3.5)
Dec 17 06:59:22 mas01 sh[21633]: 2017-12-17 06:59:22 regiond: [info] 192.168.11.21 POST /MAAS/metadata/2012-03-01/ HTTP/1.1 --> 200 OK (referrer: -; agent: Python-urllib/3.5)
Dec 17 06:59:22 mas01 sh[21083]: 2017-12-17 06:59:22 regiond: [info] 192.168.11.11 POST /MAAS/metadata/status/qssbmh HTTP/1.1 --> 204 NO_CONTENT (referrer: -; agent: python-requests/2.9.1)
Dec 17 06:59:22 mas01 sh[21633]: 2017-12-17 06:59:22 regiond: [info] 192.168.11.11 POST /MAAS/metadata/status/qssbmh HTTP/1.1 --> 204 NO_CONTENT (referrer: -; agent: python-requests/2.9.1)
Dec 17 06:59:22 mas01 sh[21083]: 2017-12-17 06:59:22 regiond: [info] 192.168.11.11 POST /MAAS/metadata/status/qssbmh HTTP/1.1 --> 204 NO_CONTENT (referrer: -; agent: python-requests/2.9.1)
Dec 17 06:59:22 mas01 sh[21083]: 2017-12-17 06:59:22 regiond: [info] 192.168.11.11 POST /MAAS/metadata/status/qssbmh HTTP/1.1 --> 204 NO_CONTENT (referrer: -; agent: python-requests/2.9.1)
Dec 17 06:59:22 mas01 sh[21633]: 2017-12-17 06:59:22 regiond: [info] 192.168.11.11 POST /MAAS/metadata/status/qssbmh HTTP/1.1 --> 204 NO_CONTENT (referrer: -; agent: python-requests/2.9.1)
Dec 17 06:59:22 mas01 sh[21633]: message repeated 3 times: [ 2017-12-17 06:59:22 regiond: [info] 192.168.11.11 POST /MAAS/metadata/status/qssbmh HTTP/1.1 --> 204 NO_CONTENT (referrer: -; agent: python-requests/2.9.1)]
Dec 17 06:59:22 mas01 sh[21091]: 2017-12-17 06:59:22 regiond: [info] 192.168.11.11 POST /MAAS/metadata/status/qssbmh HTTP/1.1 --> 204 NO_CONTENT (referrer: -; agent: python-requests/2.9.1)
Dec 17 06:59:22 mas01 sh[21091]: 2017-12-17 06:59:22 regiond: [info] 192.168.11.23 POST /MAAS/metadata/status/y4txas HTTP/1.1 --> 204 NO_CONTENT (referrer: -; agent: python-requests/2.9.1)
Dec 17 06:59:22 mas01 sh[21185]: 2017-12-17 06:59:22 regiond: [info] 192.168.11.23 POST /MAAS/metadata/status/y4txas HTTP/1.1 --> 204 NO_CONTENT (referrer: -; agent: python-requests/2.9.1)
Dec 17 06:59:22 mas01 sh[21083]: 2017-12-17 06:59:22 regiond: [info] 192.168.11.23 POST /MAAS/metadata/status/y4txas HTTP/1.1 --> 204 NO_CONTENT (referrer: -; agent: python-requests/2.9.1)
Dec 17 06:59:22 mas01 sh[21083]: 2017-12-17 06:59:22 regiond: [info] 192.168.11.23 POST /MAAS/metadata/status/y4txas HTTP/1.1 --> 204 NO_CONTENT (referrer: -; agent: python-requests/2.9.1)
Dec 17 06:59:22 mas01 sh[21633]: 2017-12-17 06:59:22 regiond: [info] 192.168.11.23 POST /MAAS/metadata/status/y4txas HTTP/1.1 --> 204 NO_CONTENT (referrer: -; agent: python-requests/2.9.1)
Dec 17 06:59:22 mas01 sh[21633]: 2017-12-17 06:59:22 regiond: [info] 192.168.11.23 POST /MAAS/metadata/status/y4txas HTTP/1.1 --> 204 NO_CONTENT (referrer: -; agent: python-requests/2.9.1)
Dec 17 06:59:22 mas01 sh[21083]: 2017-12-17 06:59:22 regiond: [info] 192.168.11.23 POST /MAAS/metadata/status/y4txas HTTP/1.1 --> 204 NO_CONTENT (referrer: -; agent: python-requests/2.9.1)
Dec 17 06:59:22 mas01 sh[21083]: 2017-12-17 06:59:22 regiond: [info] 192.168.11.23 POST /MAAS/metadata/status/y4txas HTTP/1.1 --> 204 NO_CONTENT (referrer: -; agent: python-requests/2.9.1)
Dec 17 06:59:22 mas01 sh[21633]: 2017-12-17 06:59:22 regiond: [info] 192.168.11.23 POST /MAAS/metadata/status/y4txas HTTP/1.1 --> 204 NO_CONTENT (referrer: -; agent: python-requests/2.9.1)
Dec 17 06:59:22 mas01 sh[21633]: 2017-12-17 06:59:22 regiond: [info] 192.168.11.20 POST /MAAS/metadata/2012-03-01/ HTTP/1.1 --> 200 OK (referrer: -; agent: Python-urllib/3.5)
Dec 17 06:59:22 mas01 sh[21091]: 2017-12-17 06:59:22 regiond: [info] 192.168.11.11 POST /MAAS/metadata/status/qssbmh HTTP/1.1 --> 204 NO_CONTENT (referrer: -; agent: python-requests/2.9.1)
Dec 17 06:59:22 mas01 sh[21083]: 2017-12-17 06:59:22 regiond: [info] 192.168.11.20 POST /MAAS/metadata/2012-03-01/ HTTP/1.1 --> 200 OK (referrer: -; agent: Python-urllib/3.5)
Dec 17 06:59:22 mas01 sh[21091]: 2017-12-17 06:59:22 regiond: [info] 192.168.11.23 POST /MAAS/metadata/status/y4txas HTTP/1.1 --> 204 NO_CONTENT (referrer: -; agent: python-requests/2.9.1)
Dec 17 06:59:22 mas01 sh[21083]: 2017-12-17 06:59:22 regiond: [info] 192.168.11.20 POST /MAAS/metadata/2012-03-01/ HTTP/1.1 --> 200 OK (referrer: -; agent: Python-urllib/3.5)
Dec 17 06:59:22 mas01 sh[21083]: 2017-12-17 06:59:22 regiond: [info] 192.168.11.20 POST /MAAS/metadata/2012-03-01/ HTTP/1.1 --> 200 OK (referrer: -; agent: Python-urllib/3.5)
Dec 17 06:59:22 mas01 salt-minion[4533]: [INFO    ] User sudo_ubuntu Executing command state.apply with jid 20171217065922522257
Dec 17 06:59:22 mas01 salt-minion[4533]: [INFO    ] Starting a new job with PID 23511
Dec 17 06:59:22 mas01 sh[21091]: 2017-12-17 06:59:22 regiond: [info] 192.168.11.11 POST /MAAS/metadata/status/qssbmh HTTP/1.1 --> 204 NO_CONTENT (referrer: -; agent: python-requests/2.9.1)
Dec 17 06:59:22 mas01 sh[21633]: 2017-12-17 06:59:22 regiond: [info] 192.168.11.11 POST /MAAS/metadata/status/qssbmh HTTP/1.1 --> 204 NO_CONTENT (referrer: -; agent: python-requests/2.9.1)
Dec 17 06:59:22 mas01 sh[21091]: 2017-12-17 06:59:22 regiond: [info] 192.168.11.11 POST /MAAS/metadata/status/qssbmh HTTP/1.1 --> 204 NO_CONTENT (referrer: -; agent: python-requests/2.9.1)
Dec 17 06:59:22 mas01 sh[21091]: 2017-12-17 06:59:22 regiond: [info] 192.168.11.11 POST /MAAS/metadata/status/qssbmh HTTP/1.1 --> 204 NO_CONTENT (referrer: -; agent: python-requests/2.9.1)
Dec 17 06:59:22 mas01 sh[21185]: 2017-12-17 06:59:22 regiond: [info] 192.168.11.11 POST /MAAS/metadata/status/qssbmh HTTP/1.1 --> 204 NO_CONTENT (referrer: -; agent: python-requests/2.9.1)
Dec 17 06:59:22 mas01 sh[21185]: 2017-12-17 06:59:22 regiond: [info] 192.168.11.11 POST /MAAS/metadata/status/qssbmh HTTP/1.1 --> 204 NO_CONTENT (referrer: -; agent: python-requests/2.9.1)
Dec 17 06:59:22 mas01 sh[21633]: 2017-12-17 06:59:22 regiond: [info] 192.168.11.11 POST /MAAS/metadata/status/qssbmh HTTP/1.1 --> 204 NO_CONTENT (referrer: -; agent: python-requests/2.9.1)
Dec 17 06:59:22 mas01 sh[21083]: 2017-12-17 06:59:22 regiond: [info] 192.168.11.11 POST /MAAS/metadata/status/qssbmh HTTP/1.1 --> 204 NO_CONTENT (referrer: -; agent: python-requests/2.9.1)
Dec 17 06:59:22 mas01 sh[21633]: 2017-12-17 06:59:22 regiond: [info] 192.168.11.11 POST /MAAS/metadata/status/qssbmh HTTP/1.1 --> 204 NO_CONTENT (referrer: -; agent: python-requests/2.9.1)
Dec 17 06:59:22 mas01 sh[21185]: 2017-12-17 06:59:22 regiond: [info] 192.168.11.11 POST /MAAS/metadata/status/qssbmh HTTP/1.1 --> 204 NO_CONTENT (referrer: -; agent: python-requests/2.9.1)
Dec 17 06:59:22 mas01 sh[21633]: 2017-12-17 06:59:22 regiond: [info] 192.168.11.11 POST /MAAS/metadata/status/qssbmh HTTP/1.1 --> 204 NO_CONTENT (referrer: -; agent: python-requests/2.9.1)
Dec 17 06:59:22 mas01 sh[21083]: 2017-12-17 06:59:22 regiond: [info] 192.168.11.23 POST /MAAS/metadata/status/y4txas HTTP/1.1 --> 204 NO_CONTENT (referrer: -; agent: python-requests/2.9.1)
Dec 17 06:59:22 mas01 sh[21083]: 2017-12-17 06:59:22 regiond: [info] 192.168.11.11 POST /MAAS/metadata/status/qssbmh HTTP/1.1 --> 204 NO_CONTENT (referrer: -; agent: python-requests/2.9.1)
Dec 17 06:59:22 mas01 sh[21633]: 2017-12-17 06:59:22 regiond: [info] 192.168.11.11 POST /MAAS/metadata/status/qssbmh HTTP/1.1 --> 204 NO_CONTENT (referrer: -; agent: python-requests/2.9.1)
Dec 17 06:59:22 mas01 sh[21083]: 2017-12-17 06:59:22 regiond: [info] 192.168.11.23 POST /MAAS/metadata/status/y4txas HTTP/1.1 --> 204 NO_CONTENT (referrer: -; agent: python-requests/2.9.1)
Dec 17 06:59:22 mas01 sh[21633]: 2017-12-17 06:59:22 regiond: [info] 192.168.11.23 POST /MAAS/metadata/status/y4txas HTTP/1.1 --> 204 NO_CONTENT (referrer: -; agent: python-requests/2.9.1)
Dec 17 06:59:22 mas01 sh[21185]: 2017-12-17 06:59:22 regiond: [info] 192.168.11.11 POST /MAAS/metadata/status/qssbmh HTTP/1.1 --> 204 NO_CONTENT (referrer: -; agent: python-requests/2.9.1)
Dec 17 06:59:22 mas01 sh[21633]: 2017-12-17 06:59:22 regiond: [info] 192.168.11.11 POST /MAAS/metadata/status/qssbmh HTTP/1.1 --> 204 NO_CONTENT (referrer: -; agent: python-requests/2.9.1)
Dec 17 06:59:22 mas01 sh[21185]: 2017-12-17 06:59:22 regiond: [info] 192.168.11.23 POST /MAAS/metadata/status/y4txas HTTP/1.1 --> 204 NO_CONTENT (referrer: -; agent: python-requests/2.9.1)
Dec 17 06:59:22 mas01 sh[21633]: 2017-12-17 06:59:22 regiond: [info] 192.168.11.11 POST /MAAS/metadata/status/qssbmh HTTP/1.1 --> 204 NO_CONTENT (referrer: -; agent: python-requests/2.9.1)
Dec 17 06:59:22 mas01 sh[21083]: 2017-12-17 06:59:22 regiond: [info] 192.168.11.23 POST /MAAS/metadata/status/y4txas HTTP/1.1 --> 204 NO_CONTENT (referrer: -; agent: python-requests/2.9.1)
Dec 17 06:59:22 mas01 sh[21091]: 2017-12-17 06:59:22 regiond: [info] 192.168.11.11 POST /MAAS/metadata/status/qssbmh HTTP/1.1 --> 204 NO_CONTENT (referrer: -; agent: python-requests/2.9.1)
Dec 17 06:59:22 mas01 sh[21185]: 2017-12-17 06:59:22 regiond: [info] 192.168.11.23 POST /MAAS/metadata/status/y4txas HTTP/1.1 --> 204 NO_CONTENT (referrer: -; agent: python-requests/2.9.1)
Dec 17 06:59:22 mas01 sh[21083]: 2017-12-17 06:59:22 regiond: [info] 192.168.11.11 POST /MAAS/metadata/status/qssbmh HTTP/1.1 --> 204 NO_CONTENT (referrer: -; agent: python-requests/2.9.1)
Dec 17 06:59:22 mas01 sh[21185]: 2017-12-17 06:59:22 regiond: [info] 192.168.11.23 POST /MAAS/metadata/status/y4txas HTTP/1.1 --> 204 NO_CONTENT (referrer: -; agent: python-requests/2.9.1)
Dec 17 06:59:22 mas01 sh[21633]: 2017-12-17 06:59:22 regiond: [info] 192.168.11.11 POST /MAAS/metadata/status/qssbmh HTTP/1.1 --> 204 NO_CONTENT (referrer: -; agent: python-requests/2.9.1)
Dec 17 06:59:22 mas01 sh[21091]: 2017-12-17 06:59:22 regiond: [info] 192.168.11.23 POST /MAAS/metadata/status/y4txas HTTP/1.1 --> 204 NO_CONTENT (referrer: -; agent: python-requests/2.9.1)
Dec 17 06:59:22 mas01 sh[21091]: 2017-12-17 06:59:22 regiond: [info] 192.168.11.11 POST /MAAS/metadata/status/qssbmh HTTP/1.1 --> 204 NO_CONTENT (referrer: -; agent: python-requests/2.9.1)
Dec 17 06:59:22 mas01 sh[21185]: 2017-12-17 06:59:22 regiond: [info] 192.168.11.23 POST /MAAS/metadata/status/y4txas HTTP/1.1 --> 204 NO_CONTENT (referrer: -; agent: python-requests/2.9.1)
Dec 17 06:59:22 mas01 sh[21185]: 2017-12-17 06:59:22 regiond: [info] 192.168.11.11 POST /MAAS/metadata/status/qssbmh HTTP/1.1 --> 204 NO_CONTENT (referrer: -; agent: python-requests/2.9.1)
Dec 17 06:59:22 mas01 sh[21633]: 2017-12-17 06:59:22 regiond: [info] 192.168.11.23 POST /MAAS/metadata/status/y4txas HTTP/1.1 --> 204 NO_CONTENT (referrer: -; agent: python-requests/2.9.1)
Dec 17 06:59:22 mas01 sh[21083]: 2017-12-17 06:59:22 regiond: [info] 192.168.11.11 POST /MAAS/metadata/status/qssbmh HTTP/1.1 --> 204 NO_CONTENT (referrer: -; agent: python-requests/2.9.1)
Dec 17 06:59:22 mas01 sh[21091]: 2017-12-17 06:59:22 regiond: [info] 192.168.11.11 POST /MAAS/metadata/status/qssbmh HTTP/1.1 --> 204 NO_CONTENT (referrer: -; agent: python-requests/2.9.1)
Dec 17 06:59:22 mas01 sh[21091]: 2017-12-17 06:59:22 regiond: [info] 192.168.11.23 POST /MAAS/metadata/status/y4txas HTTP/1.1 --> 204 NO_CONTENT (referrer: -; agent: python-requests/2.9.1)
Dec 17 06:59:22 mas01 sh[21083]: 2017-12-17 06:59:22 regiond: [info] 192.168.11.11 POST /MAAS/metadata/status/qssbmh HTTP/1.1 --> 204 NO_CONTENT (referrer: -; agent: python-requests/2.9.1)
Dec 17 06:59:22 mas01 sh[21633]: 2017-12-17 06:59:22 regiond: [info] 192.168.11.23 POST /MAAS/metadata/status/y4txas HTTP/1.1 --> 204 NO_CONTENT (referrer: -; agent: python-requests/2.9.1)
Dec 17 06:59:22 mas01 sh[21633]: 2017-12-17 06:59:22 regiond: [info] 192.168.11.23 POST /MAAS/metadata/status/y4txas HTTP/1.1 --> 204 NO_CONTENT (referrer: -; agent: python-requests/2.9.1)
Dec 17 06:59:22 mas01 sh[21185]: 2017-12-17 06:59:22 regiond: [info] 192.168.11.11 POST /MAAS/metadata/status/qssbmh HTTP/1.1 --> 204 NO_CONTENT (referrer: -; agent: python-requests/2.9.1)
Dec 17 06:59:22 mas01 sh[21185]: 2017-12-17 06:59:22 regiond: [info] 192.168.11.11 POST /MAAS/metadata/status/qssbmh HTTP/1.1 --> 204 NO_CONTENT (referrer: -; agent: python-requests/2.9.1)
Dec 17 06:59:22 mas01 sh[21083]: 2017-12-17 06:59:22 regiond: [info] 192.168.11.23 POST /MAAS/metadata/status/y4txas HTTP/1.1 --> 204 NO_CONTENT (referrer: -; agent: python-requests/2.9.1)
Dec 17 06:59:22 mas01 sh[21083]: 2017-12-17 06:59:22 regiond: [info] 192.168.11.11 POST /MAAS/metadata/status/qssbmh HTTP/1.1 --> 204 NO_CONTENT (referrer: -; agent: python-requests/2.9.1)
Dec 17 06:59:22 mas01 sh[21633]: 2017-12-17 06:59:22 regiond: [info] 192.168.11.23 POST /MAAS/metadata/status/y4txas HTTP/1.1 --> 204 NO_CONTENT (referrer: -; agent: python-requests/2.9.1)
Dec 17 06:59:22 mas01 sh[21185]: 2017-12-17 06:59:22 regiond: [info] 192.168.11.23 POST /MAAS/metadata/status/y4txas HTTP/1.1 --> 204 NO_CONTENT (referrer: -; agent: python-requests/2.9.1)
Dec 17 06:59:22 mas01 sh[21185]: 2017-12-17 06:59:22 regiond: [info] 192.168.11.11 POST /MAAS/metadata/status/qssbmh HTTP/1.1 --> 204 NO_CONTENT (referrer: -; agent: python-requests/2.9.1)
Dec 17 06:59:22 mas01 sh[21091]: 2017-12-17 06:59:22 regiond: [info] 192.168.11.23 POST /MAAS/metadata/status/y4txas HTTP/1.1 --> 204 NO_CONTENT (referrer: -; agent: python-requests/2.9.1)
Dec 17 06:59:22 mas01 sh[21083]: 2017-12-17 06:59:22 regiond: [info] 192.168.11.11 POST /MAAS/metadata/status/qssbmh HTTP/1.1 --> 204 NO_CONTENT (referrer: -; agent: python-requests/2.9.1)
Dec 17 06:59:22 mas01 sh[21633]: 2017-12-17 06:59:22 regiond: [info] 192.168.11.23 POST /MAAS/metadata/status/y4txas HTTP/1.1 --> 204 NO_CONTENT (referrer: -; agent: python-requests/2.9.1)
Dec 17 06:59:22 mas01 sh[21083]: 2017-12-17 06:59:22 regiond: [info] 192.168.11.23 POST /MAAS/metadata/status/y4txas HTTP/1.1 --> 204 NO_CONTENT (referrer: -; agent: python-requests/2.9.1)
Dec 17 06:59:22 mas01 sh[21633]: 2017-12-17 06:59:22 regiond: [info] 192.168.11.23 POST /MAAS/metadata/status/y4txas HTTP/1.1 --> 204 NO_CONTENT (referrer: -; agent: python-requests/2.9.1)
Dec 17 06:59:22 mas01 sh[21083]: 2017-12-17 06:59:22 regiond: [info] 192.168.11.23 POST /MAAS/metadata/status/y4txas HTTP/1.1 --> 204 NO_CONTENT (referrer: -; agent: python-requests/2.9.1)
Dec 17 06:59:22 mas01 sh[21185]: 2017-12-17 06:59:22 regiond: [info] 192.168.11.23 POST /MAAS/metadata/status/y4txas HTTP/1.1 --> 204 NO_CONTENT (referrer: -; agent: python-requests/2.9.1)
Dec 17 06:59:22 mas01 sh[21091]: 2017-12-17 06:59:22 regiond: [info] 192.168.11.23 POST /MAAS/metadata/status/y4txas HTTP/1.1 --> 204 NO_CONTENT (referrer: -; agent: python-requests/2.9.1)
Dec 17 06:59:22 mas01 sh[21091]: message repeated 4 times: [ 2017-12-17 06:59:22 regiond: [info] 192.168.11.23 POST /MAAS/metadata/status/y4txas HTTP/1.1 --> 204 NO_CONTENT (referrer: -; agent: python-requests/2.9.1)]
Dec 17 06:59:22 mas01 sh[21083]: 2017-12-17 06:59:22 regiond: [info] 192.168.11.23 POST /MAAS/metadata/status/y4txas HTTP/1.1 --> 204 NO_CONTENT (referrer: -; agent: python-requests/2.9.1)
Dec 17 06:59:22 mas01 sh[21091]: 2017-12-17 06:59:22 regiond: [info] 192.168.11.23 POST /MAAS/metadata/status/y4txas HTTP/1.1 --> 204 NO_CONTENT (referrer: -; agent: python-requests/2.9.1)
Dec 17 06:59:23 mas01 salt-minion[4533]: [INFO    ] Loading fresh modules for state activity
Dec 17 06:59:23 mas01 salt-minion[4533]: [INFO    ] Running state [maas-region apikey --username opnfv > /var/lib/maas/.maas_credentials] at time 06:59:23.110903
Dec 17 06:59:23 mas01 salt-minion[4533]: [INFO    ] Executing state cmd.run for maas-region apikey --username opnfv > /var/lib/maas/.maas_credentials
Dec 17 06:59:23 mas01 salt-minion[4533]: [INFO    ] Executing command 'maas-region apikey --username opnfv > /var/lib/maas/.maas_credentials' in directory '/root'
Dec 17 06:59:23 mas01 sh[21185]: 2017-12-17 06:59:23 regiond: [info] 192.168.11.22 POST /MAAS/metadata/2012-03-01/ HTTP/1.1 --> 200 OK (referrer: -; agent: Python-urllib/3.5)
Dec 17 06:59:23 mas01 sh[21633]: 2017-12-17 06:59:23 regiond: [info] 192.168.11.22 POST /MAAS/metadata/2012-03-01/ HTTP/1.1 --> 200 OK (referrer: -; agent: Python-urllib/3.5)
Dec 17 06:59:23 mas01 sh[21091]: 2017-12-17 06:59:23 regiond: [info] 192.168.11.22 POST /MAAS/metadata/2012-03-01/ HTTP/1.1 --> 200 OK (referrer: -; agent: Python-urllib/3.5)
Dec 17 06:59:23 mas01 sh[21083]: 2017-12-17 06:59:23 regiond: [info] 192.168.11.22 POST /MAAS/metadata/2012-03-01/ HTTP/1.1 --> 200 OK (referrer: -; agent: Python-urllib/3.5)
Dec 17 06:59:23 mas01 sh[21633]: 2017-12-17 06:59:23 regiond: [info] 192.168.11.22 POST /MAAS/metadata/2012-03-01/ HTTP/1.1 --> 200 OK (referrer: -; agent: Python-urllib/3.5)
Dec 17 06:59:24 mas01 sh[21083]: 2017-12-17 06:59:24 regiond: [info] 192.168.11.22 POST /MAAS/metadata/2012-03-01/ HTTP/1.1 --> 200 OK (referrer: -; agent: Python-urllib/3.5)
Dec 17 06:59:24 mas01 sh[21083]: 2017-12-17 06:59:24 regiond: [info] 192.168.11.22 POST /MAAS/metadata/2012-03-01/ HTTP/1.1 --> 200 OK (referrer: -; agent: Python-urllib/3.5)
Dec 17 06:59:24 mas01 salt-minion[4533]: [INFO    ] {'pid': 23518, 'retcode': 0, 'stderr': '', 'stdout': ''}
Dec 17 06:59:24 mas01 salt-minion[4533]: [INFO    ] Completed state [maas-region apikey --username opnfv > /var/lib/maas/.maas_credentials] at time 06:59:24.695000 duration_in_ms=1584.099
Dec 17 06:59:24 mas01 salt-minion[4533]: [INFO    ] Running state [maas.machines_status] at time 06:59:24.695969
Dec 17 06:59:24 mas01 salt-minion[4533]: [INFO    ] Executing state module.run for maas.machines_status
Dec 17 06:59:24 mas01 sh[21091]: 2017-12-17 06:59:24 regiond: [info] 127.0.0.1 GET /MAAS/api/2.0/machines/ HTTP/1.1 --> 200 OK (referrer: -; agent: Python-urllib/2.7)
Dec 17 06:59:24 mas01 salt-minion[4533]: [INFO    ] {'ret': {'machines': [{'status': 'Commissioning', 'hostname': u'cmp002', 'system_id': u'8kqpqd'}, {'status': 'Commissioning', 'hostname': u'cmp001', 'system_id': u'b6p4aq'}, {'status': 'Commissioning', 'hostname': u'kvm01', 'system_id': u'g74spb'}, {'status': 'Commissioning', 'hostname': u'kvm03', 'system_id': u'qssbmh'}, {'status': 'Commissioning', 'hostname': u'kvm02', 'system_id': u'y4txas'}], 'summary': Counter({'Commissioning': 5})}}
Dec 17 06:59:24 mas01 salt-minion[4533]: [INFO    ] Completed state [maas.machines_status] at time 06:59:24.912593 duration_in_ms=216.623
Dec 17 06:59:24 mas01 salt-minion[4533]: [INFO    ] Returning information for job: 20171217065922522257
Dec 17 06:59:25 mas01 sh[21091]: 2017-12-17 06:59:25 regiond: [info] 192.168.11.20 POST /MAAS/metadata/2012-03-01/ HTTP/1.1 --> 200 OK (referrer: -; agent: Python-urllib/3.5)
Dec 17 06:59:25 mas01 sh[21083]: 2017-12-17 06:59:25 regiond: [info] 192.168.11.20 POST /MAAS/metadata/2012-03-01/ HTTP/1.1 --> 200 OK (referrer: -; agent: Python-urllib/3.5)
Dec 17 06:59:25 mas01 sh[21185]: 2017-12-17 06:59:25 regiond: [info] 192.168.11.20 POST /MAAS/metadata/2012-03-01/ HTTP/1.1 --> 200 OK (referrer: -; agent: Python-urllib/3.5)
Dec 17 06:59:25 mas01 sh[21633]: 2017-12-17 06:59:25 regiond: [info] 192.168.11.20 POST /MAAS/metadata/2012-03-01/ HTTP/1.1 --> 200 OK (referrer: -; agent: Python-urllib/3.5)
Dec 17 06:59:25 mas01 sh[21185]: 2017-12-17 06:59:25 regiond: [info] 192.168.11.20 POST /MAAS/metadata/2012-03-01/ HTTP/1.1 --> 200 OK (referrer: -; agent: Python-urllib/3.5)
Dec 17 06:59:25 mas01 sh[21083]: 2017-12-17 06:59:25 regiond: [info] 192.168.11.20 POST /MAAS/metadata/2012-03-01/ HTTP/1.1 --> 200 OK (referrer: -; agent: Python-urllib/3.5)
Dec 17 06:59:25 mas01 sh[21633]: 2017-12-17 06:59:25 regiond: [info] 192.168.11.20 POST /MAAS/metadata/2012-03-01/ HTTP/1.1 --> 200 OK (referrer: -; agent: Python-urllib/3.5)
Dec 17 06:59:29 mas01 sh[21633]: 2017-12-17 06:59:29 regiond: [info] 192.168.11.23 GET /MAAS/metadata/2012-03-01/maas-scripts/ HTTP/1.1 --> 200 OK (referrer: -; agent: Python-urllib/3.5)
Dec 17 06:59:29 mas01 sh[21185]: 2017-12-17 06:59:29 regiond: [info] 192.168.11.23 POST /MAAS/metadata/2012-03-01/ HTTP/1.1 --> 200 OK (referrer: -; agent: Python-urllib/3.5)
Dec 17 06:59:29 mas01 sh[21633]: 2017-12-17 06:59:29 regiond: [info] 192.168.11.11 GET /MAAS/metadata/2012-03-01/maas-scripts/ HTTP/1.1 --> 200 OK (referrer: -; agent: Python-urllib/3.5)
Dec 17 06:59:29 mas01 sh[21083]: 2017-12-17 06:59:29 regiond: [info] 192.168.11.11 POST /MAAS/metadata/2012-03-01/ HTTP/1.1 --> 200 OK (referrer: -; agent: Python-urllib/3.5)
Dec 17 06:59:29 mas01 sh[21091]: 2017-12-17 06:59:29 regiond: [info] 192.168.11.23 POST /MAAS/metadata/2012-03-01/ HTTP/1.1 --> 200 OK (referrer: -; agent: Python-urllib/3.5)
Dec 17 06:59:29 mas01 sh[21091]: 2017-12-17 06:59:29 regiond: [info] 192.168.11.11 POST /MAAS/metadata/2012-03-01/ HTTP/1.1 --> 200 OK (referrer: -; agent: Python-urllib/3.5)
Dec 17 06:59:29 mas01 sh[21091]: 2017-12-17 06:59:29 regiond: [info] 192.168.11.23 GET /MAAS/metadata/latest/by-id/y4txas/?op=get_preseed HTTP/1.1 --> 200 OK (referrer: -; agent: curl/7.47.0)
Dec 17 06:59:29 mas01 sh[21185]: 2017-12-17 06:59:29 regiond: [info] 192.168.11.11 GET /MAAS/metadata/latest/by-id/qssbmh/?op=get_preseed HTTP/1.1 --> 200 OK (referrer: -; agent: curl/7.47.0)
Dec 17 06:59:30 mas01 sh[21633]: 2017-12-17 06:59:30 regiond: [info] 192.168.11.23 POST /MAAS/metadata/2012-03-01/ HTTP/1.1 --> 200 OK (referrer: -; agent: Python-urllib/3.5)
Dec 17 06:59:30 mas01 sh[21091]: 2017-12-17 06:59:30 regiond: [info] 192.168.11.11 POST /MAAS/metadata/2012-03-01/ HTTP/1.1 --> 200 OK (referrer: -; agent: Python-urllib/3.5)
Dec 17 06:59:30 mas01 sh[21091]: 2017-12-17 06:59:30 regiond: [info] 192.168.11.23 POST /MAAS/metadata/2012-03-01/ HTTP/1.1 --> 200 OK (referrer: -; agent: Python-urllib/3.5)
Dec 17 06:59:30 mas01 sh[21083]: 2017-12-17 06:59:30 regiond: [info] 192.168.11.11 POST /MAAS/metadata/2012-03-01/ HTTP/1.1 --> 200 OK (referrer: -; agent: Python-urllib/3.5)
Dec 17 06:59:30 mas01 sh[21633]: 2017-12-17 06:59:30 regiond: [info] 192.168.11.23 POST /MAAS/metadata/2012-03-01/ HTTP/1.1 --> 200 OK (referrer: -; agent: Python-urllib/3.5)
Dec 17 06:59:30 mas01 sh[21633]: 2017-12-17 06:59:30 regiond: [info] 192.168.11.11 POST /MAAS/metadata/2012-03-01/ HTTP/1.1 --> 200 OK (referrer: -; agent: Python-urllib/3.5)
Dec 17 06:59:30 mas01 sh[21091]: 2017-12-17 06:59:30 regiond: [info] 192.168.11.23 POST /MAAS/metadata/2012-03-01/ HTTP/1.1 --> 200 OK (referrer: -; agent: Python-urllib/3.5)
Dec 17 06:59:30 mas01 sh[21091]: 2017-12-17 06:59:30 regiond: [info] 192.168.11.11 POST /MAAS/metadata/2012-03-01/ HTTP/1.1 --> 200 OK (referrer: -; agent: Python-urllib/3.5)
Dec 17 06:59:31 mas01 sh[21091]: 2017-12-17 06:59:31 regiond: [info] 192.168.11.21 POST /MAAS/metadata/2012-03-01/ HTTP/1.1 --> 200 OK (referrer: -; agent: Python-urllib/3.5)
Dec 17 06:59:31 mas01 sh[21091]: 2017-12-17 06:59:31 regiond: [info] 192.168.11.21 POST /MAAS/metadata/2012-03-01/ HTTP/1.1 --> 200 OK (referrer: -; agent: Python-urllib/3.5)
Dec 17 06:59:31 mas01 sh[21091]: 2017-12-17 06:59:31 regiond: [info] 192.168.11.23 POST /MAAS/metadata/2012-03-01/ HTTP/1.1 --> 200 OK (referrer: -; agent: Python-urllib/3.5)
Dec 17 06:59:31 mas01 sh[21633]: 2017-12-17 06:59:31 regiond: [info] 192.168.11.11 POST /MAAS/metadata/2012-03-01/ HTTP/1.1 --> 200 OK (referrer: -; agent: Python-urllib/3.5)
Dec 17 06:59:31 mas01 sh[21091]: 2017-12-17 06:59:31 regiond: [info] 192.168.11.21 POST /MAAS/metadata/2012-03-01/ HTTP/1.1 --> 200 OK (referrer: -; agent: Python-urllib/3.5)
Dec 17 06:59:31 mas01 sh[21633]: 2017-12-17 06:59:31 regiond: [info] 192.168.11.23 POST /MAAS/metadata/2012-03-01/ HTTP/1.1 --> 200 OK (referrer: -; agent: Python-urllib/3.5)
Dec 17 06:59:31 mas01 sh[21633]: 2017-12-17 06:59:31 regiond: [info] 192.168.11.11 POST /MAAS/metadata/2012-03-01/ HTTP/1.1 --> 200 OK (referrer: -; agent: Python-urllib/3.5)
Dec 17 06:59:31 mas01 sh[21091]: 2017-12-17 06:59:31 regiond: [info] 192.168.11.21 POST /MAAS/metadata/2012-03-01/ HTTP/1.1 --> 200 OK (referrer: -; agent: Python-urllib/3.5)
Dec 17 06:59:31 mas01 sh[21091]: 2017-12-17 06:59:31 regiond: [info] 192.168.11.23 POST /MAAS/metadata/2012-03-01/ HTTP/1.1 --> 200 OK (referrer: -; agent: Python-urllib/3.5)
Dec 17 06:59:31 mas01 sh[21091]: 2017-12-17 06:59:31 regiond: [info] 192.168.11.11 POST /MAAS/metadata/2012-03-01/ HTTP/1.1 --> 200 OK (referrer: -; agent: Python-urllib/3.5)
Dec 17 06:59:31 mas01 sh[21083]: 2017-12-17 06:59:31 regiond: [info] 192.168.11.21 POST /MAAS/metadata/2012-03-01/ HTTP/1.1 --> 200 OK (referrer: -; agent: Python-urllib/3.5)
Dec 17 06:59:31 mas01 sh[21091]: 2017-12-17 06:59:31 regiond: [info] 192.168.11.23 POST /MAAS/metadata/2012-03-01/ HTTP/1.1 --> 200 OK (referrer: -; agent: Python-urllib/3.5)
Dec 17 06:59:31 mas01 sh[21091]: 2017-12-17 06:59:31 regiond: [info] 192.168.11.21 POST /MAAS/metadata/2012-03-01/ HTTP/1.1 --> 200 OK (referrer: -; agent: Python-urllib/3.5)
Dec 17 06:59:31 mas01 sh[21633]: 2017-12-17 06:59:31 regiond: [info] 192.168.11.11 POST /MAAS/metadata/2012-03-01/ HTTP/1.1 --> 200 OK (referrer: -; agent: Python-urllib/3.5)
Dec 17 06:59:33 mas01 sh[21083]: 2017-12-17 06:59:33 regiond: [info] 192.168.11.22 POST /MAAS/metadata/2012-03-01/ HTTP/1.1 --> 200 OK (referrer: -; agent: Python-urllib/3.5)
Dec 17 06:59:33 mas01 sh[21083]: 2017-12-17 06:59:33 regiond: [info] 192.168.11.22 POST /MAAS/metadata/2012-03-01/ HTTP/1.1 --> 200 OK (referrer: -; agent: Python-urllib/3.5)
Dec 17 06:59:33 mas01 sh[21633]: 2017-12-17 06:59:33 regiond: [info] 192.168.11.22 POST /MAAS/metadata/2012-03-01/ HTTP/1.1 --> 200 OK (referrer: -; agent: Python-urllib/3.5)
Dec 17 06:59:33 mas01 sh[21185]: 2017-12-17 06:59:33 regiond: [info] 192.168.11.22 POST /MAAS/metadata/2012-03-01/ HTTP/1.1 --> 200 OK (referrer: -; agent: Python-urllib/3.5)
Dec 17 06:59:33 mas01 sh[21185]: 2017-12-17 06:59:33 regiond: [info] 192.168.11.22 POST /MAAS/metadata/2012-03-01/ HTTP/1.1 --> 200 OK (referrer: -; agent: Python-urllib/3.5)
Dec 17 06:59:33 mas01 sh[21083]: 2017-12-17 06:59:33 regiond: [info] 192.168.11.22 POST /MAAS/metadata/2012-03-01/ HTTP/1.1 --> 200 OK (referrer: -; agent: Python-urllib/3.5)
Dec 17 06:59:34 mas01 sh[21083]: 2017-12-17 06:59:34 regiond: [info] 192.168.11.23 POST /MAAS/metadata/2012-03-01/ HTTP/1.1 --> 200 OK (referrer: -; agent: Python-urllib/3.5)
Dec 17 06:59:34 mas01 sh[21083]: 2017-12-17 06:59:34 regiond: [info] 192.168.11.11 POST /MAAS/metadata/2012-03-01/ HTTP/1.1 --> 200 OK (referrer: -; agent: Python-urllib/3.5)
Dec 17 06:59:34 mas01 sh[21185]: 2017-12-17 06:59:34 regiond: [info] 192.168.11.23 POST /MAAS/metadata/2012-03-01/ HTTP/1.1 --> 200 OK (referrer: -; agent: Python-urllib/3.5)
Dec 17 06:59:34 mas01 sh[21083]: 2017-12-17 06:59:34 regiond: [info] 192.168.11.23 POST /MAAS/metadata/2012-03-01/ HTTP/1.1 --> 200 OK (referrer: -; agent: Python-urllib/3.5)
Dec 17 06:59:34 mas01 sh[21091]: 2017-12-17 06:59:34 regiond: [info] 192.168.11.11 POST /MAAS/metadata/2012-03-01/ HTTP/1.1 --> 200 OK (referrer: -; agent: Python-urllib/3.5)
Dec 17 06:59:34 mas01 sh[21633]: 2017-12-17 06:59:34 regiond: [info] 192.168.11.11 POST /MAAS/metadata/2012-03-01/ HTTP/1.1 --> 200 OK (referrer: -; agent: Python-urllib/3.5)
Dec 17 06:59:34 mas01 sh[21083]: 2017-12-17 06:59:34 regiond: [info] 192.168.11.23 POST /MAAS/metadata/2012-03-01/ HTTP/1.1 --> 200 OK (referrer: -; agent: Python-urllib/3.5)
Dec 17 06:59:34 mas01 sh[21083]: 2017-12-17 06:59:34 regiond: [info] 192.168.11.23 POST /MAAS/metadata/2012-03-01/ HTTP/1.1 --> 200 OK (referrer: -; agent: Python-urllib/3.5)
Dec 17 06:59:34 mas01 sh[21185]: 2017-12-17 06:59:34 regiond: [info] 192.168.11.11 POST /MAAS/metadata/2012-03-01/ HTTP/1.1 --> 200 OK (referrer: -; agent: Python-urllib/3.5)
Dec 17 06:59:34 mas01 sh[21091]: 2017-12-17 06:59:34 regiond: [info] 192.168.11.11 POST /MAAS/metadata/2012-03-01/ HTTP/1.1 --> 200 OK (referrer: -; agent: Python-urllib/3.5)
Dec 17 06:59:35 mas01 sh[21091]: 2017-12-17 06:59:35 regiond: [info] 192.168.11.23 POST /MAAS/metadata/2012-03-01/ HTTP/1.1 --> 200 OK (referrer: -; agent: Python-urllib/3.5)
Dec 17 06:59:35 mas01 sh[21185]: 2017-12-17 06:59:35 regiond: [info] 192.168.11.20 POST /MAAS/metadata/2012-03-01/ HTTP/1.1 --> 200 OK (referrer: -; agent: Python-urllib/3.5)
Dec 17 06:59:35 mas01 sh[21091]: 2017-12-17 06:59:35 regiond: [info] 192.168.11.23 POST /MAAS/metadata/2012-03-01/ HTTP/1.1 --> 200 OK (referrer: -; agent: Python-urllib/3.5)
Dec 17 06:59:35 mas01 sh[21633]: 2017-12-17 06:59:35 regiond: [info] 192.168.11.20 POST /MAAS/metadata/2012-03-01/ HTTP/1.1 --> 200 OK (referrer: -; agent: Python-urllib/3.5)
Dec 17 06:59:35 mas01 sh[21185]: 2017-12-17 06:59:35 regiond: [info] 192.168.11.11 POST /MAAS/metadata/2012-03-01/ HTTP/1.1 --> 200 OK (referrer: -; agent: Python-urllib/3.5)
Dec 17 06:59:35 mas01 sh[21185]: 2017-12-17 06:59:35 regiond: [info] 192.168.11.11 POST /MAAS/metadata/2012-03-01/ HTTP/1.1 --> 200 OK (referrer: -; agent: Python-urllib/3.5)
Dec 17 06:59:35 mas01 sh[21633]: 2017-12-17 06:59:35 regiond: [info] 192.168.11.20 POST /MAAS/metadata/2012-03-01/ HTTP/1.1 --> 200 OK (referrer: -; agent: Python-urllib/3.5)
Dec 17 06:59:35 mas01 sh[21091]: 2017-12-17 06:59:35 regiond: [info] 192.168.11.20 POST /MAAS/metadata/2012-03-01/ HTTP/1.1 --> 200 OK (referrer: -; agent: Python-urllib/3.5)
Dec 17 06:59:35 mas01 sh[21091]: 2017-12-17 06:59:35 regiond: [info] 192.168.11.20 POST /MAAS/metadata/2012-03-01/ HTTP/1.1 --> 200 OK (referrer: -; agent: Python-urllib/3.5)
Dec 17 06:59:35 mas01 sh[21185]: 2017-12-17 06:59:35 regiond: [info] 192.168.11.20 POST /MAAS/metadata/2012-03-01/ HTTP/1.1 --> 200 OK (referrer: -; agent: Python-urllib/3.5)
Dec 17 06:59:35 mas01 salt-minion[4533]: [INFO    ] User sudo_ubuntu Executing command state.apply with jid 20171217065935864729
Dec 17 06:59:35 mas01 salt-minion[4533]: [INFO    ] Starting a new job with PID 23601
Dec 17 06:59:37 mas01 salt-minion[4533]: [INFO    ] Loading fresh modules for state activity
Dec 17 06:59:37 mas01 salt-minion[4533]: [INFO    ] Running state [maas-region apikey --username opnfv > /var/lib/maas/.maas_credentials] at time 06:59:37.647279
Dec 17 06:59:37 mas01 salt-minion[4533]: [INFO    ] Executing state cmd.run for maas-region apikey --username opnfv > /var/lib/maas/.maas_credentials
Dec 17 06:59:37 mas01 salt-minion[4533]: [INFO    ] Executing command 'maas-region apikey --username opnfv > /var/lib/maas/.maas_credentials' in directory '/root'
Dec 17 06:59:38 mas01 salt-minion[4533]: [INFO    ] {'pid': 23608, 'retcode': 0, 'stderr': '', 'stdout': ''}
Dec 17 06:59:38 mas01 salt-minion[4533]: [INFO    ] Completed state [maas-region apikey --username opnfv > /var/lib/maas/.maas_credentials] at time 06:59:38.961864 duration_in_ms=1314.584
Dec 17 06:59:38 mas01 salt-minion[4533]: [INFO    ] Running state [maas.machines_status] at time 06:59:38.964329
Dec 17 06:59:38 mas01 salt-minion[4533]: [INFO    ] Executing state module.run for maas.machines_status
Dec 17 06:59:39 mas01 sh[21091]: 2017-12-17 06:59:39 regiond: [info] 127.0.0.1 GET /MAAS/api/2.0/machines/ HTTP/1.1 --> 200 OK (referrer: -; agent: Python-urllib/2.7)
Dec 17 06:59:39 mas01 salt-minion[4533]: [INFO    ] {'ret': {'machines': [{'status': 'Commissioning', 'hostname': u'cmp002', 'system_id': u'8kqpqd'}, {'status': 'Commissioning', 'hostname': u'cmp001', 'system_id': u'b6p4aq'}, {'status': 'Commissioning', 'hostname': u'kvm01', 'system_id': u'g74spb'}, {'status': 'Commissioning', 'hostname': u'kvm03', 'system_id': u'qssbmh'}, {'status': 'Commissioning', 'hostname': u'kvm02', 'system_id': u'y4txas'}], 'summary': Counter({'Commissioning': 5})}}
Dec 17 06:59:39 mas01 salt-minion[4533]: [INFO    ] Completed state [maas.machines_status] at time 06:59:39.232515 duration_in_ms=268.185
Dec 17 06:59:39 mas01 salt-minion[4533]: [INFO    ] Returning information for job: 20171217065935864729
Dec 17 06:59:44 mas01 sh[21185]: 2017-12-17 06:59:44 regiond: [info] 127.0.0.1 GET /MAAS/rpc/ HTTP/1.0 --> 200 OK (referrer: -; agent: provisioningserver.rpc.clusterservice.ClusterClientService)
Dec 17 06:59:44 mas01 sh[21083]: 2017-12-17 06:59:44 regiond: [info] 192.168.11.23 POST /MAAS/metadata/2012-03-01/ HTTP/1.1 --> 200 OK (referrer: -; agent: Python-urllib/3.5)
Dec 17 06:59:44 mas01 sh[21185]: 2017-12-17 06:59:44 regiond: [info] 192.168.11.23 POST /MAAS/metadata/2012-03-01/ HTTP/1.1 --> 200 OK (referrer: -; agent: Python-urllib/3.5)
Dec 17 06:59:44 mas01 sh[21083]: 2017-12-17 06:59:44 regiond: [info] 192.168.11.11 POST /MAAS/metadata/2012-03-01/ HTTP/1.1 --> 200 OK (referrer: -; agent: Python-urllib/3.5)
Dec 17 06:59:44 mas01 sh[21185]: 2017-12-17 06:59:44 regiond: [info] 192.168.11.11 POST /MAAS/metadata/2012-03-01/ HTTP/1.1 --> 200 OK (referrer: -; agent: Python-urllib/3.5)
Dec 17 06:59:44 mas01 sh[21083]: 2017-12-17 06:59:44 regiond: [info] 192.168.11.23 POST /MAAS/metadata/2012-03-01/ HTTP/1.1 --> 200 OK (referrer: -; agent: Python-urllib/3.5)
Dec 17 06:59:44 mas01 sh[21185]: 2017-12-17 06:59:44 regiond: [info] 192.168.11.23 POST /MAAS/metadata/2012-03-01/ HTTP/1.1 --> 200 OK (referrer: -; agent: Python-urllib/3.5)
Dec 17 06:59:44 mas01 sh[21185]: 2017-12-17 06:59:44 regiond: [info] 192.168.11.11 POST /MAAS/metadata/2012-03-01/ HTTP/1.1 --> 200 OK (referrer: -; agent: Python-urllib/3.5)
Dec 17 06:59:44 mas01 sh[21091]: 2017-12-17 06:59:44 regiond: [info] 192.168.11.11 POST /MAAS/metadata/2012-03-01/ HTTP/1.1 --> 200 OK (referrer: -; agent: Python-urllib/3.5)
Dec 17 06:59:44 mas01 sh[21185]: 2017-12-17 06:59:44 regiond: [info] 192.168.11.23 POST /MAAS/metadata/2012-03-01/ HTTP/1.1 --> 200 OK (referrer: -; agent: Python-urllib/3.5)
Dec 17 06:59:44 mas01 sh[21091]: 2017-12-17 06:59:44 regiond: [info] 192.168.11.23 POST /MAAS/metadata/2012-03-01/ HTTP/1.1 --> 200 OK (referrer: -; agent: Python-urllib/3.5)
Dec 17 06:59:44 mas01 sh[21633]: 2017-12-17 06:59:44 regiond: [info] 192.168.11.11 POST /MAAS/metadata/2012-03-01/ HTTP/1.1 --> 200 OK (referrer: -; agent: Python-urllib/3.5)
Dec 17 06:59:44 mas01 sh[21633]: 2017-12-17 06:59:44 regiond: [info] 192.168.11.11 POST /MAAS/metadata/2012-03-01/ HTTP/1.1 --> 200 OK (referrer: -; agent: Python-urllib/3.5)
Dec 17 06:59:50 mas01 salt-minion[4533]: [INFO    ] User sudo_ubuntu Executing command state.apply with jid 20171217065950128973
Dec 17 06:59:50 mas01 salt-minion[4533]: [INFO    ] Starting a new job with PID 23649
Dec 17 06:59:50 mas01 salt-minion[4533]: [INFO    ] Loading fresh modules for state activity
Dec 17 06:59:50 mas01 salt-minion[4533]: [INFO    ] Running state [maas-region apikey --username opnfv > /var/lib/maas/.maas_credentials] at time 06:59:50.672857
Dec 17 06:59:50 mas01 salt-minion[4533]: [INFO    ] Executing state cmd.run for maas-region apikey --username opnfv > /var/lib/maas/.maas_credentials
Dec 17 06:59:50 mas01 salt-minion[4533]: [INFO    ] Executing command 'maas-region apikey --username opnfv > /var/lib/maas/.maas_credentials' in directory '/root'
Dec 17 06:59:52 mas01 salt-minion[4533]: [INFO    ] {'pid': 23682, 'retcode': 0, 'stderr': '', 'stdout': ''}
Dec 17 06:59:52 mas01 salt-minion[4533]: [INFO    ] Completed state [maas-region apikey --username opnfv > /var/lib/maas/.maas_credentials] at time 06:59:52.217796 duration_in_ms=1544.94
Dec 17 06:59:52 mas01 salt-minion[4533]: [INFO    ] Running state [maas.machines_status] at time 06:59:52.219229
Dec 17 06:59:52 mas01 salt-minion[4533]: [INFO    ] Executing state module.run for maas.machines_status
Dec 17 06:59:52 mas01 sh[21091]: 2017-12-17 06:59:52 regiond: [info] 127.0.0.1 GET /MAAS/api/2.0/machines/ HTTP/1.1 --> 200 OK (referrer: -; agent: Python-urllib/2.7)
Dec 17 06:59:52 mas01 salt-minion[4533]: [INFO    ] {'ret': {'machines': [{'status': 'Commissioning', 'hostname': u'cmp002', 'system_id': u'8kqpqd'}, {'status': 'Commissioning', 'hostname': u'cmp001', 'system_id': u'b6p4aq'}, {'status': 'Commissioning', 'hostname': u'kvm01', 'system_id': u'g74spb'}, {'status': 'Commissioning', 'hostname': u'kvm03', 'system_id': u'qssbmh'}, {'status': 'Commissioning', 'hostname': u'kvm02', 'system_id': u'y4txas'}], 'summary': Counter({'Commissioning': 5})}}
Dec 17 06:59:52 mas01 salt-minion[4533]: [INFO    ] Completed state [maas.machines_status] at time 06:59:52.526906 duration_in_ms=307.676
Dec 17 06:59:52 mas01 salt-minion[4533]: [INFO    ] Returning information for job: 20171217065950128973
Dec 17 07:00:03 mas01 salt-minion[4533]: [INFO    ] User sudo_ubuntu Executing command state.apply with jid 20171217070003512787
Dec 17 07:00:03 mas01 salt-minion[4533]: [INFO    ] Starting a new job with PID 23987
Dec 17 07:00:04 mas01 sh[21633]: 2017-12-17 07:00:04 maasserver.regiondservices.active_discovery: [info] Active network discovery: Active scanning is not enabled on any subnet. Skipping periodic scan.
Dec 17 07:00:05 mas01 salt-minion[4533]: [INFO    ] Loading fresh modules for state activity
Dec 17 07:00:05 mas01 salt-minion[4533]: [INFO    ] Running state [maas-region apikey --username opnfv > /var/lib/maas/.maas_credentials] at time 07:00:05.268740
Dec 17 07:00:05 mas01 salt-minion[4533]: [INFO    ] Executing state cmd.run for maas-region apikey --username opnfv > /var/lib/maas/.maas_credentials
Dec 17 07:00:05 mas01 salt-minion[4533]: [INFO    ] Executing command 'maas-region apikey --username opnfv > /var/lib/maas/.maas_credentials' in directory '/root'
Dec 17 07:00:06 mas01 salt-minion[4533]: [INFO    ] {'pid': 24038, 'retcode': 0, 'stderr': '', 'stdout': ''}
Dec 17 07:00:06 mas01 salt-minion[4533]: [INFO    ] Completed state [maas-region apikey --username opnfv > /var/lib/maas/.maas_credentials] at time 07:00:06.867423 duration_in_ms=1598.684
Dec 17 07:00:06 mas01 salt-minion[4533]: [INFO    ] Running state [maas.machines_status] at time 07:00:06.868444
Dec 17 07:00:06 mas01 salt-minion[4533]: [INFO    ] Executing state module.run for maas.machines_status
Dec 17 07:00:07 mas01 salt-minion[4533]: [INFO    ] {'ret': {'machines': [{'status': 'Commissioning', 'hostname': u'cmp002', 'system_id': u'8kqpqd'}, {'status': 'Commissioning', 'hostname': u'cmp001', 'system_id': u'b6p4aq'}, {'status': 'Commissioning', 'hostname': u'kvm01', 'system_id': u'g74spb'}, {'status': 'Commissioning', 'hostname': u'kvm03', 'system_id': u'qssbmh'}, {'status': 'Commissioning', 'hostname': u'kvm02', 'system_id': u'y4txas'}], 'summary': Counter({'Commissioning': 5})}}
Dec 17 07:00:07 mas01 salt-minion[4533]: [INFO    ] Completed state [maas.machines_status] at time 07:00:07.216099 duration_in_ms=347.653
Dec 17 07:00:07 mas01 salt-minion[4533]: [INFO    ] Returning information for job: 20171217070003512787
Dec 17 07:00:07 mas01 sh[21091]: 2017-12-17 07:00:07 regiond: [info] 127.0.0.1 GET /MAAS/api/2.0/machines/ HTTP/1.1 --> 200 OK (referrer: -; agent: Python-urllib/2.7)
Dec 17 07:00:14 mas01 sh[21091]: 2017-12-17 07:00:14 regiond: [info] 127.0.0.1 GET /MAAS/rpc/ HTTP/1.0 --> 200 OK (referrer: -; agent: provisioningserver.rpc.clusterservice.ClusterClientService)
Dec 17 07:00:18 mas01 salt-minion[4533]: [INFO    ] User sudo_ubuntu Executing command state.apply with jid 20171217070018090705
Dec 17 07:00:18 mas01 salt-minion[4533]: [INFO    ] Starting a new job with PID 24097
Dec 17 07:00:18 mas01 salt-minion[4533]: [INFO    ] Loading fresh modules for state activity
Dec 17 07:00:18 mas01 salt-minion[4533]: [INFO    ] Running state [maas-region apikey --username opnfv > /var/lib/maas/.maas_credentials] at time 07:00:18.646437
Dec 17 07:00:18 mas01 salt-minion[4533]: [INFO    ] Executing state cmd.run for maas-region apikey --username opnfv > /var/lib/maas/.maas_credentials
Dec 17 07:00:18 mas01 salt-minion[4533]: [INFO    ] Executing command 'maas-region apikey --username opnfv > /var/lib/maas/.maas_credentials' in directory '/root'
Dec 17 07:00:20 mas01 salt-minion[4533]: [INFO    ] {'pid': 24104, 'retcode': 0, 'stderr': '', 'stdout': ''}
Dec 17 07:00:20 mas01 salt-minion[4533]: [INFO    ] Completed state [maas-region apikey --username opnfv > /var/lib/maas/.maas_credentials] at time 07:00:20.065472 duration_in_ms=1419.035
Dec 17 07:00:20 mas01 salt-minion[4533]: [INFO    ] Running state [maas.machines_status] at time 07:00:20.066722
Dec 17 07:00:20 mas01 salt-minion[4533]: [INFO    ] Executing state module.run for maas.machines_status
Dec 17 07:00:20 mas01 sh[21083]: 2017-12-17 07:00:20 regiond: [info] 127.0.0.1 GET /MAAS/api/2.0/machines/ HTTP/1.1 --> 200 OK (referrer: -; agent: Python-urllib/2.7)
Dec 17 07:00:20 mas01 salt-minion[4533]: [INFO    ] {'ret': {'machines': [{'status': 'Commissioning', 'hostname': u'cmp002', 'system_id': u'8kqpqd'}, {'status': 'Commissioning', 'hostname': u'cmp001', 'system_id': u'b6p4aq'}, {'status': 'Commissioning', 'hostname': u'kvm01', 'system_id': u'g74spb'}, {'status': 'Commissioning', 'hostname': u'kvm03', 'system_id': u'qssbmh'}, {'status': 'Commissioning', 'hostname': u'kvm02', 'system_id': u'y4txas'}], 'summary': Counter({'Commissioning': 5})}}
Dec 17 07:00:20 mas01 salt-minion[4533]: [INFO    ] Completed state [maas.machines_status] at time 07:00:20.287574 duration_in_ms=220.851
Dec 17 07:00:20 mas01 salt-minion[4533]: [INFO    ] Returning information for job: 20171217070018090705
Dec 17 07:00:21 mas01 sh[21091]: 2017-12-17 07:00:21 regiond: [info] 192.168.11.21 POST /MAAS/metadata/2012-03-01/ HTTP/1.1 --> 200 OK (referrer: -; agent: Python-urllib/3.5)
Dec 17 07:00:21 mas01 sh[21091]: 2017-12-17 07:00:21 regiond: [info] 192.168.11.21 POST /MAAS/metadata/2012-03-01/ HTTP/1.1 --> 200 OK (referrer: -; agent: Python-urllib/3.5)
Dec 17 07:00:21 mas01 sh[21185]: 2017-12-17 07:00:21 regiond: [info] 192.168.11.21 POST /MAAS/metadata/2012-03-01/ HTTP/1.1 --> 200 OK (referrer: -; agent: Python-urllib/3.5)
Dec 17 07:00:21 mas01 sh[21633]: 2017-12-17 07:00:21 regiond: [info] 192.168.11.21 POST /MAAS/metadata/2012-03-01/ HTTP/1.1 --> 200 OK (referrer: -; agent: Python-urllib/3.5)
Dec 17 07:00:21 mas01 sh[21185]: 2017-12-17 07:00:21 regiond: [info] 192.168.11.21 POST /MAAS/metadata/2012-03-01/ HTTP/1.1 --> 200 OK (referrer: -; agent: Python-urllib/3.5)
Dec 17 07:00:22 mas01 maas.node: [info] cmp002: Storage layout was set to lvm.
Dec 17 07:00:22 mas01 named[21036]: received control channel command 'reload'
Dec 17 07:00:22 mas01 named[21036]: loading configuration from '/etc/bind/named.conf'
Dec 17 07:00:22 mas01 named[21036]: reading built-in trusted keys from file '/etc/bind/bind.keys'
Dec 17 07:00:22 mas01 named[21036]: initializing GeoIP Country (IPv4) (type 1) DB
Dec 17 07:00:22 mas01 named[21036]: GEO-106FREE 20160408 Bu
Dec 17 07:00:22 mas01 named[21036]: initializing GeoIP Country (IPv6) (type 12) DB
Dec 17 07:00:22 mas01 named[21036]: GEO-106FREE 20160408 Bu
Dec 17 07:00:22 mas01 named[21036]: GeoIP City (IPv4) (type 2) DB not available
Dec 17 07:00:22 mas01 named[21036]: GeoIP City (IPv4) (type 6) DB not available
Dec 17 07:00:22 mas01 named[21036]: GeoIP City (IPv6) (type 30) DB not available
Dec 17 07:00:22 mas01 named[21036]: GeoIP City (IPv6) (type 31) DB not available
Dec 17 07:00:22 mas01 named[21036]: GeoIP Region (type 3) DB not available
Dec 17 07:00:22 mas01 named[21036]: GeoIP Region (type 7) DB not available
Dec 17 07:00:22 mas01 named[21036]: GeoIP ISP (type 4) DB not available
Dec 17 07:00:22 mas01 named[21036]: GeoIP Org (type 5) DB not available
Dec 17 07:00:22 mas01 named[21036]: GeoIP AS (type 9) DB not available
Dec 17 07:00:22 mas01 named[21036]: GeoIP Domain (type 11) DB not available
Dec 17 07:00:22 mas01 named[21036]: GeoIP NetSpeed (type 10) DB not available
Dec 17 07:00:22 mas01 named[21036]: using default UDP/IPv4 port range: [32768, 60999]
Dec 17 07:00:22 mas01 named[21036]: using default UDP/IPv6 port range: [32768, 60999]
Dec 17 07:00:22 mas01 named[21036]: sizing zone task pool based on 9 zones
Dec 17 07:00:22 mas01 named[21036]: automatic empty zone: 10.IN-ADDR.ARPA
Dec 17 07:00:22 mas01 named[21036]: automatic empty zone: 16.172.IN-ADDR.ARPA
Dec 17 07:00:22 mas01 named[21036]: automatic empty zone: 17.172.IN-ADDR.ARPA
Dec 17 07:00:22 mas01 named[21036]: automatic empty zone: 18.172.IN-ADDR.ARPA
Dec 17 07:00:22 mas01 named[21036]: automatic empty zone: 19.172.IN-ADDR.ARPA
Dec 17 07:00:22 mas01 named[21036]: automatic empty zone: 20.172.IN-ADDR.ARPA
Dec 17 07:00:22 mas01 named[21036]: automatic empty zone: 21.172.IN-ADDR.ARPA
Dec 17 07:00:22 mas01 named[21036]: automatic empty zone: 22.172.IN-ADDR.ARPA
Dec 17 07:00:22 mas01 named[21036]: automatic empty zone: 23.172.IN-ADDR.ARPA
Dec 17 07:00:22 mas01 named[21036]: automatic empty zone: 24.172.IN-ADDR.ARPA
Dec 17 07:00:22 mas01 named[21036]: automatic empty zone: 25.172.IN-ADDR.ARPA
Dec 17 07:00:22 mas01 named[21036]: automatic empty zone: 26.172.IN-ADDR.ARPA
Dec 17 07:00:22 mas01 named[21036]: automatic empty zone: 27.172.IN-ADDR.ARPA
Dec 17 07:00:22 mas01 named[21036]: automatic empty zone: 28.172.IN-ADDR.ARPA
Dec 17 07:00:22 mas01 named[21036]: automatic empty zone: 29.172.IN-ADDR.ARPA
Dec 17 07:00:22 mas01 named[21036]: automatic empty zone: 30.172.IN-ADDR.ARPA
Dec 17 07:00:22 mas01 named[21036]: automatic empty zone: 31.172.IN-ADDR.ARPA
Dec 17 07:00:22 mas01 named[21036]: automatic empty zone: 168.192.IN-ADDR.ARPA
Dec 17 07:00:22 mas01 named[21036]: automatic empty zone: 64.100.IN-ADDR.ARPA
Dec 17 07:00:22 mas01 named[21036]: automatic empty zone: 65.100.IN-ADDR.ARPA
Dec 17 07:00:22 mas01 named[21036]: automatic empty zone: 66.100.IN-ADDR.ARPA
Dec 17 07:00:22 mas01 named[21036]: automatic empty zone: 67.100.IN-ADDR.ARPA
Dec 17 07:00:22 mas01 named[21036]: automatic empty zone: 68.100.IN-ADDR.ARPA
Dec 17 07:00:22 mas01 named[21036]: automatic empty zone: 69.100.IN-ADDR.ARPA
Dec 17 07:00:22 mas01 named[21036]: automatic empty zone: 70.100.IN-ADDR.ARPA
Dec 17 07:00:22 mas01 named[21036]: automatic empty zone: 71.100.IN-ADDR.ARPA
