Oct 12 05:29:38 mas01 sh[21227]: 2017-10-12 05:29:38 regiond: [info] 192.168.11.22 POST /MAAS/metadata/status/xrfet3 HTTP/1.1 --> 204 NO_CONTENT (referrer: -; agent: python-requests/2.9.1)
Oct 12 05:29:38 mas01 sh[21227]: message repeated 4 times: [ 2017-10-12 05:29:38 regiond: [info] 192.168.11.22 POST /MAAS/metadata/status/xrfet3 HTTP/1.1 --> 204 NO_CONTENT (referrer: -; agent: python-requests/2.9.1)]
Oct 12 05:29:38 mas01 sh[21594]: 2017-10-12 05:29:38 regiond: [info] 192.168.11.22 POST /MAAS/metadata/status/xrfet3 HTTP/1.1 --> 204 NO_CONTENT (referrer: -; agent: python-requests/2.9.1)
Oct 12 05:29:38 mas01 sh[21142]: 2017-10-12 05:29:38 regiond: [info] 192.168.11.22 POST /MAAS/metadata/status/xrfet3 HTTP/1.1 --> 204 NO_CONTENT (referrer: -; agent: python-requests/2.9.1)
Oct 12 05:29:38 mas01 sh[21594]: 2017-10-12 05:29:38 regiond: [info] 192.168.11.22 POST /MAAS/metadata/status/xrfet3 HTTP/1.1 --> 204 NO_CONTENT (referrer: -; agent: python-requests/2.9.1)
Oct 12 05:29:38 mas01 sh[21142]: 2017-10-12 05:29:38 regiond: [info] 192.168.11.22 POST /MAAS/metadata/status/xrfet3 HTTP/1.1 --> 204 NO_CONTENT (referrer: -; agent: python-requests/2.9.1)
Oct 12 05:29:38 mas01 sh[21594]: 2017-10-12 05:29:38 regiond: [info] 192.168.11.22 POST /MAAS/metadata/status/xrfet3 HTTP/1.1 --> 204 NO_CONTENT (referrer: -; agent: python-requests/2.9.1)
Oct 12 05:29:38 mas01 sh[21227]: 2017-10-12 05:29:38 regiond: [info] 192.168.11.22 POST /MAAS/metadata/status/xrfet3 HTTP/1.1 --> 204 NO_CONTENT (referrer: -; agent: python-requests/2.9.1)
Oct 12 05:29:38 mas01 sh[21142]: 2017-10-12 05:29:38 regiond: [info] 192.168.11.22 POST /MAAS/metadata/status/xrfet3 HTTP/1.1 --> 204 NO_CONTENT (referrer: -; agent: python-requests/2.9.1)
Oct 12 05:29:38 mas01 sh[21594]: 2017-10-12 05:29:38 regiond: [info] 192.168.11.22 POST /MAAS/metadata/status/xrfet3 HTTP/1.1 --> 204 NO_CONTENT (referrer: -; agent: python-requests/2.9.1)
Oct 12 05:29:38 mas01 sh[21142]: 2017-10-12 05:29:38 regiond: [info] 192.168.11.22 POST /MAAS/metadata/status/xrfet3 HTTP/1.1 --> 204 NO_CONTENT (referrer: -; agent: python-requests/2.9.1)
Oct 12 05:29:38 mas01 sh[21135]: 2017-10-12 05:29:38 regiond: [info] 192.168.11.22 POST /MAAS/metadata/status/xrfet3 HTTP/1.1 --> 204 NO_CONTENT (referrer: -; agent: python-requests/2.9.1)
Oct 12 05:29:38 mas01 sh[21135]: 2017-10-12 05:29:38 regiond: [info] 192.168.11.22 POST /MAAS/metadata/status/xrfet3 HTTP/1.1 --> 204 NO_CONTENT (referrer: -; agent: python-requests/2.9.1)
Oct 12 05:29:38 mas01 sh[21227]: 2017-10-12 05:29:38 regiond: [info] 192.168.11.22 POST /MAAS/metadata/status/xrfet3 HTTP/1.1 --> 204 NO_CONTENT (referrer: -; agent: python-requests/2.9.1)
Oct 12 05:29:38 mas01 sh[21594]: 2017-10-12 05:29:38 regiond: [info] 192.168.11.22 POST /MAAS/metadata/status/xrfet3 HTTP/1.1 --> 204 NO_CONTENT (referrer: -; agent: python-requests/2.9.1)
Oct 12 05:29:38 mas01 sh[21142]: 2017-10-12 05:29:38 regiond: [info] 192.168.11.22 POST /MAAS/metadata/status/xrfet3 HTTP/1.1 --> 204 NO_CONTENT (referrer: -; agent: python-requests/2.9.1)
Oct 12 05:29:39 mas01 sh[21594]: 2017-10-12 05:29:39 regiond: [info] 192.168.11.16 POST /MAAS/metadata/status/peemfm HTTP/1.1 --> 204 NO_CONTENT (referrer: -; agent: python-requests/2.9.1)
Oct 12 05:29:39 mas01 sh[21142]: 2017-10-12 05:29:39 regiond: [info] 192.168.11.16 POST /MAAS/metadata/status/peemfm HTTP/1.1 --> 204 NO_CONTENT (referrer: -; agent: python-requests/2.9.1)
Oct 12 05:29:39 mas01 sh[21135]: 2017-10-12 05:29:39 regiond: [info] 192.168.11.16 POST /MAAS/metadata/status/peemfm HTTP/1.1 --> 204 NO_CONTENT (referrer: -; agent: python-requests/2.9.1)
Oct 12 05:29:39 mas01 sh[21594]: 2017-10-12 05:29:39 regiond: [info] 192.168.11.16 POST /MAAS/metadata/status/peemfm HTTP/1.1 --> 204 NO_CONTENT (referrer: -; agent: python-requests/2.9.1)
Oct 12 05:29:39 mas01 sh[21594]: 2017-10-12 05:29:39 regiond: [info] 192.168.11.16 POST /MAAS/metadata/status/peemfm HTTP/1.1 --> 204 NO_CONTENT (referrer: -; agent: python-requests/2.9.1)
Oct 12 05:29:39 mas01 sh[21227]: 2017-10-12 05:29:39 regiond: [info] 192.168.11.16 POST /MAAS/metadata/status/peemfm HTTP/1.1 --> 204 NO_CONTENT (referrer: -; agent: python-requests/2.9.1)
Oct 12 05:29:39 mas01 sh[21594]: 2017-10-12 05:29:39 regiond: [info] 192.168.11.16 POST /MAAS/metadata/status/peemfm HTTP/1.1 --> 204 NO_CONTENT (referrer: -; agent: python-requests/2.9.1)
Oct 12 05:29:39 mas01 sh[21142]: 2017-10-12 05:29:39 regiond: [info] 192.168.11.16 POST /MAAS/metadata/status/peemfm HTTP/1.1 --> 204 NO_CONTENT (referrer: -; agent: python-requests/2.9.1)
Oct 12 05:29:39 mas01 sh[21227]: 2017-10-12 05:29:39 regiond: [info] 192.168.11.16 POST /MAAS/metadata/status/peemfm HTTP/1.1 --> 204 NO_CONTENT (referrer: -; agent: python-requests/2.9.1)
Oct 12 05:29:39 mas01 sh[21135]: 2017-10-12 05:29:39 regiond: [info] 192.168.11.16 POST /MAAS/metadata/status/peemfm HTTP/1.1 --> 204 NO_CONTENT (referrer: -; agent: python-requests/2.9.1)
Oct 12 05:29:39 mas01 sh[21142]: 2017-10-12 05:29:39 regiond: [info] 192.168.11.16 POST /MAAS/metadata/status/peemfm HTTP/1.1 --> 204 NO_CONTENT (referrer: -; agent: python-requests/2.9.1)
Oct 12 05:29:39 mas01 sh[21227]: 2017-10-12 05:29:39 regiond: [info] 192.168.11.16 POST /MAAS/metadata/status/peemfm HTTP/1.1 --> 204 NO_CONTENT (referrer: -; agent: python-requests/2.9.1)
Oct 12 05:29:39 mas01 sh[21135]: 2017-10-12 05:29:39 regiond: [info] 192.168.11.16 POST /MAAS/metadata/status/peemfm HTTP/1.1 --> 204 NO_CONTENT (referrer: -; agent: python-requests/2.9.1)
Oct 12 05:29:39 mas01 sh[21594]: 2017-10-12 05:29:39 regiond: [info] 192.168.11.16 POST /MAAS/metadata/status/peemfm HTTP/1.1 --> 204 NO_CONTENT (referrer: -; agent: python-requests/2.9.1)
Oct 12 05:29:39 mas01 sh[21142]: 2017-10-12 05:29:39 regiond: [info] 192.168.11.16 POST /MAAS/metadata/status/peemfm HTTP/1.1 --> 204 NO_CONTENT (referrer: -; agent: python-requests/2.9.1)
Oct 12 05:29:39 mas01 sh[21227]: 2017-10-12 05:29:39 regiond: [info] 192.168.11.16 POST /MAAS/metadata/status/peemfm HTTP/1.1 --> 204 NO_CONTENT (referrer: -; agent: python-requests/2.9.1)
Oct 12 05:29:39 mas01 sh[21227]: 2017-10-12 05:29:39 regiond: [info] 192.168.11.16 POST /MAAS/metadata/status/peemfm HTTP/1.1 --> 204 NO_CONTENT (referrer: -; agent: python-requests/2.9.1)
Oct 12 05:29:39 mas01 sh[21135]: 2017-10-12 05:29:39 regiond: [info] 192.168.11.16 POST /MAAS/metadata/status/peemfm HTTP/1.1 --> 204 NO_CONTENT (referrer: -; agent: python-requests/2.9.1)
Oct 12 05:29:39 mas01 sh[21142]: 2017-10-12 05:29:39 regiond: [info] 192.168.11.16 POST /MAAS/metadata/status/peemfm HTTP/1.1 --> 204 NO_CONTENT (referrer: -; agent: python-requests/2.9.1)
Oct 12 05:29:39 mas01 sh[21142]: 2017-10-12 05:29:39 regiond: [info] 192.168.11.16 POST /MAAS/metadata/status/peemfm HTTP/1.1 --> 204 NO_CONTENT (referrer: -; agent: python-requests/2.9.1)
Oct 12 05:29:39 mas01 sh[21227]: 2017-10-12 05:29:39 regiond: [info] 192.168.11.16 POST /MAAS/metadata/status/peemfm HTTP/1.1 --> 204 NO_CONTENT (referrer: -; agent: python-requests/2.9.1)
Oct 12 05:29:39 mas01 sh[21135]: 2017-10-12 05:29:39 regiond: [info] 192.168.11.16 POST /MAAS/metadata/status/peemfm HTTP/1.1 --> 204 NO_CONTENT (referrer: -; agent: python-requests/2.9.1)
Oct 12 05:29:39 mas01 sh[21594]: 2017-10-12 05:29:39 regiond: [info] 192.168.11.16 POST /MAAS/metadata/status/peemfm HTTP/1.1 --> 204 NO_CONTENT (referrer: -; agent: python-requests/2.9.1)
Oct 12 05:29:39 mas01 sh[21227]: 2017-10-12 05:29:39 regiond: [info] 192.168.11.16 POST /MAAS/metadata/status/peemfm HTTP/1.1 --> 204 NO_CONTENT (referrer: -; agent: python-requests/2.9.1)
Oct 12 05:29:39 mas01 sh[21142]: 2017-10-12 05:29:39 regiond: [info] 192.168.11.16 POST /MAAS/metadata/status/peemfm HTTP/1.1 --> 204 NO_CONTENT (referrer: -; agent: python-requests/2.9.1)
Oct 12 05:29:39 mas01 sh[21142]: message repeated 2 times: [ 2017-10-12 05:29:39 regiond: [info] 192.168.11.16 POST /MAAS/metadata/status/peemfm HTTP/1.1 --> 204 NO_CONTENT (referrer: -; agent: python-requests/2.9.1)]
Oct 12 05:29:39 mas01 sh[21135]: 2017-10-12 05:29:39 regiond: [info] 192.168.11.16 POST /MAAS/metadata/status/peemfm HTTP/1.1 --> 204 NO_CONTENT (referrer: -; agent: python-requests/2.9.1)
Oct 12 05:29:39 mas01 sh[21227]: 2017-10-12 05:29:39 regiond: [info] 192.168.11.16 POST /MAAS/metadata/status/peemfm HTTP/1.1 --> 204 NO_CONTENT (referrer: -; agent: python-requests/2.9.1)
Oct 12 05:29:39 mas01 sh[21227]: 2017-10-12 05:29:39 regiond: [info] 192.168.11.16 POST /MAAS/metadata/status/peemfm HTTP/1.1 --> 204 NO_CONTENT (referrer: -; agent: python-requests/2.9.1)
Oct 12 05:29:39 mas01 sh[21594]: 2017-10-12 05:29:39 regiond: [info] 192.168.11.16 POST /MAAS/metadata/status/peemfm HTTP/1.1 --> 204 NO_CONTENT (referrer: -; agent: python-requests/2.9.1)
Oct 12 05:29:39 mas01 sh[21594]: 2017-10-12 05:29:39 regiond: [info] 192.168.11.16 POST /MAAS/metadata/status/peemfm HTTP/1.1 --> 204 NO_CONTENT (referrer: -; agent: python-requests/2.9.1)
Oct 12 05:29:39 mas01 sh[21142]: 2017-10-12 05:29:39 regiond: [info] 192.168.11.16 POST /MAAS/metadata/status/peemfm HTTP/1.1 --> 204 NO_CONTENT (referrer: -; agent: python-requests/2.9.1)
Oct 12 05:29:39 mas01 sh[21135]: 2017-10-12 05:29:39 regiond: [info] 192.168.11.16 POST /MAAS/metadata/status/peemfm HTTP/1.1 --> 204 NO_CONTENT (referrer: -; agent: python-requests/2.9.1)
Oct 12 05:29:39 mas01 sh[21135]: message repeated 2 times: [ 2017-10-12 05:29:39 regiond: [info] 192.168.11.16 POST /MAAS/metadata/status/peemfm HTTP/1.1 --> 204 NO_CONTENT (referrer: -; agent: python-requests/2.9.1)]
Oct 12 05:29:39 mas01 sh[21594]: 2017-10-12 05:29:39 regiond: [info] 192.168.11.16 POST /MAAS/metadata/status/peemfm HTTP/1.1 --> 204 NO_CONTENT (referrer: -; agent: python-requests/2.9.1)
Oct 12 05:29:39 mas01 sh[21594]: 2017-10-12 05:29:39 regiond: [info] 192.168.11.16 POST /MAAS/metadata/status/peemfm HTTP/1.1 --> 204 NO_CONTENT (referrer: -; agent: python-requests/2.9.1)
Oct 12 05:29:39 mas01 sh[21142]: 2017-10-12 05:29:39 regiond: [info] 192.168.11.16 POST /MAAS/metadata/status/peemfm HTTP/1.1 --> 204 NO_CONTENT (referrer: -; agent: python-requests/2.9.1)
Oct 12 05:29:43 mas01 sh[21594]: 2017-10-12 05:29:43 regiond: [info] 192.168.11.20 GET /MAAS/metadata/2012-03-01/maas-scripts/ HTTP/1.1 --> 200 OK (referrer: -; agent: Python-urllib/3.5)
Oct 12 05:29:43 mas01 sh[21227]: 2017-10-12 05:29:43 regiond: [info] 192.168.11.20 POST /MAAS/metadata/2012-03-01/ HTTP/1.1 --> 200 OK (referrer: -; agent: Python-urllib/3.5)
Oct 12 05:29:43 mas01 salt-minion[4569]: [INFO    ] User sudo_ubuntu Executing command state.apply with jid 20171012052943451200
Oct 12 05:29:43 mas01 salt-minion[4569]: [INFO    ] Starting a new job with PID 23471
Oct 12 05:29:43 mas01 sh[21135]: 2017-10-12 05:29:43 regiond: [info] 192.168.11.20 POST /MAAS/metadata/2012-03-01/ HTTP/1.1 --> 200 OK (referrer: -; agent: Python-urllib/3.5)
Oct 12 05:29:43 mas01 sh[21594]: 2017-10-12 05:29:43 regiond: [info] 192.168.11.12 GET /MAAS/metadata/2012-03-01/maas-scripts/ HTTP/1.1 --> 200 OK (referrer: -; agent: Python-urllib/3.5)
Oct 12 05:29:43 mas01 sh[21142]: 2017-10-12 05:29:43 regiond: [info] 192.168.11.12 POST /MAAS/metadata/2012-03-01/ HTTP/1.1 --> 200 OK (referrer: -; agent: Python-urllib/3.5)
Oct 12 05:29:43 mas01 sh[21135]: 2017-10-12 05:29:43 regiond: [info] 192.168.11.20 GET /MAAS/metadata/latest/by-id/ckx4t6/?op=get_preseed HTTP/1.1 --> 200 OK (referrer: -; agent: curl/7.47.0)
Oct 12 05:29:43 mas01 sh[21142]: 2017-10-12 05:29:43 regiond: [info] 192.168.11.12 POST /MAAS/metadata/2012-03-01/ HTTP/1.1 --> 200 OK (referrer: -; agent: Python-urllib/3.5)
Oct 12 05:29:43 mas01 sh[21227]: 2017-10-12 05:29:43 regiond: [info] 192.168.11.12 GET /MAAS/metadata/latest/by-id/sn7hpn/?op=get_preseed HTTP/1.1 --> 200 OK (referrer: -; agent: curl/7.47.0)
Oct 12 05:29:43 mas01 salt-minion[4569]: [INFO    ] Loading fresh modules for state activity
Oct 12 05:29:43 mas01 salt-minion[4569]: [INFO    ] Running state [maas-region apikey --username opnfv > /var/lib/maas/.maas_credentials] at time 05:29:43.891823
Oct 12 05:29:43 mas01 salt-minion[4569]: [INFO    ] Executing state cmd.run for maas-region apikey --username opnfv > /var/lib/maas/.maas_credentials
Oct 12 05:29:43 mas01 salt-minion[4569]: [INFO    ] Executing command 'maas-region apikey --username opnfv > /var/lib/maas/.maas_credentials' in directory '/root'
Oct 12 05:29:44 mas01 sh[21135]: 2017-10-12 05:29:44 regiond: [info] 192.168.11.20 POST /MAAS/metadata/2012-03-01/ HTTP/1.1 --> 200 OK (referrer: -; agent: Python-urllib/3.5)
Oct 12 05:29:44 mas01 sh[21135]: 2017-10-12 05:29:44 regiond: [info] 192.168.11.20 POST /MAAS/metadata/2012-03-01/ HTTP/1.1 --> 200 OK (referrer: -; agent: Python-urllib/3.5)
Oct 12 05:29:44 mas01 sh[21594]: 2017-10-12 05:29:44 regiond: [info] 192.168.11.12 POST /MAAS/metadata/2012-03-01/ HTTP/1.1 --> 200 OK (referrer: -; agent: Python-urllib/3.5)
Oct 12 05:29:44 mas01 sh[21135]: 2017-10-12 05:29:44 regiond: [info] 192.168.11.20 POST /MAAS/metadata/2012-03-01/ HTTP/1.1 --> 200 OK (referrer: -; agent: Python-urllib/3.5)
Oct 12 05:29:44 mas01 sh[21142]: 2017-10-12 05:29:44 regiond: [info] 192.168.11.12 POST /MAAS/metadata/2012-03-01/ HTTP/1.1 --> 200 OK (referrer: -; agent: Python-urllib/3.5)
Oct 12 05:29:44 mas01 sh[21227]: 2017-10-12 05:29:44 regiond: [info] 192.168.11.20 POST /MAAS/metadata/2012-03-01/ HTTP/1.1 --> 200 OK (referrer: -; agent: Python-urllib/3.5)
Oct 12 05:29:44 mas01 sh[21594]: 2017-10-12 05:29:44 regiond: [info] 192.168.11.12 POST /MAAS/metadata/2012-03-01/ HTTP/1.1 --> 200 OK (referrer: -; agent: Python-urllib/3.5)
Oct 12 05:29:44 mas01 sh[21227]: 2017-10-12 05:29:44 regiond: [info] 192.168.11.12 POST /MAAS/metadata/2012-03-01/ HTTP/1.1 --> 200 OK (referrer: -; agent: Python-urllib/3.5)
Oct 12 05:29:45 mas01 sh[21594]: 2017-10-12 05:29:45 regiond: [info] 192.168.11.20 POST /MAAS/metadata/2012-03-01/ HTTP/1.1 --> 200 OK (referrer: -; agent: Python-urllib/3.5)
Oct 12 05:29:45 mas01 sh[21142]: 2017-10-12 05:29:45 regiond: [info] 192.168.11.20 POST /MAAS/metadata/2012-03-01/ HTTP/1.1 --> 200 OK (referrer: -; agent: Python-urllib/3.5)
Oct 12 05:29:45 mas01 sh[21227]: 2017-10-12 05:29:45 regiond: [info] 192.168.11.12 POST /MAAS/metadata/2012-03-01/ HTTP/1.1 --> 200 OK (referrer: -; agent: Python-urllib/3.5)
Oct 12 05:29:45 mas01 sh[21142]: 2017-10-12 05:29:45 regiond: [info] 192.168.11.20 POST /MAAS/metadata/2012-03-01/ HTTP/1.1 --> 200 OK (referrer: -; agent: Python-urllib/3.5)
Oct 12 05:29:45 mas01 sh[21142]: 2017-10-12 05:29:45 regiond: [info] 192.168.11.16 GET /MAAS/metadata/2012-03-01/maas-scripts/ HTTP/1.1 --> 200 OK (referrer: -; agent: Python-urllib/3.5)
Oct 12 05:29:45 mas01 sh[21227]: 2017-10-12 05:29:45 regiond: [info] 192.168.11.16 POST /MAAS/metadata/2012-03-01/ HTTP/1.1 --> 200 OK (referrer: -; agent: Python-urllib/3.5)
Oct 12 05:29:45 mas01 sh[21594]: 2017-10-12 05:29:45 regiond: [info] 192.168.11.12 POST /MAAS/metadata/2012-03-01/ HTTP/1.1 --> 200 OK (referrer: -; agent: Python-urllib/3.5)
Oct 12 05:29:45 mas01 sh[21227]: 2017-10-12 05:29:45 regiond: [info] 192.168.11.20 POST /MAAS/metadata/2012-03-01/ HTTP/1.1 --> 200 OK (referrer: -; agent: Python-urllib/3.5)
Oct 12 05:29:45 mas01 sh[21142]: 2017-10-12 05:29:45 regiond: [info] 192.168.11.12 POST /MAAS/metadata/2012-03-01/ HTTP/1.1 --> 200 OK (referrer: -; agent: Python-urllib/3.5)
Oct 12 05:29:45 mas01 sh[21135]: 2017-10-12 05:29:45 regiond: [info] 192.168.11.21 GET /MAAS/metadata/2012-03-01/maas-scripts/ HTTP/1.1 --> 200 OK (referrer: -; agent: Python-urllib/3.5)
Oct 12 05:29:45 mas01 sh[21227]: 2017-10-12 05:29:45 regiond: [info] 192.168.11.16 POST /MAAS/metadata/2012-03-01/ HTTP/1.1 --> 200 OK (referrer: -; agent: Python-urllib/3.5)
Oct 12 05:29:45 mas01 sh[21227]: 2017-10-12 05:29:45 regiond: [info] 192.168.11.21 POST /MAAS/metadata/2012-03-01/ HTTP/1.1 --> 200 OK (referrer: -; agent: Python-urllib/3.5)
Oct 12 05:29:45 mas01 sh[21594]: 2017-10-12 05:29:45 regiond: [info] 192.168.11.12 POST /MAAS/metadata/2012-03-01/ HTTP/1.1 --> 200 OK (referrer: -; agent: Python-urllib/3.5)
Oct 12 05:29:45 mas01 sh[21227]: 2017-10-12 05:29:45 regiond: [info] 192.168.11.16 GET /MAAS/metadata/latest/by-id/peemfm/?op=get_preseed HTTP/1.1 --> 200 OK (referrer: -; agent: curl/7.47.0)
Oct 12 05:29:45 mas01 sh[21142]: 2017-10-12 05:29:45 regiond: [info] 192.168.11.21 POST /MAAS/metadata/2012-03-01/ HTTP/1.1 --> 200 OK (referrer: -; agent: Python-urllib/3.5)
Oct 12 05:29:45 mas01 salt-minion[4569]: [INFO    ] {'pid': 23483, 'retcode': 0, 'stderr': '', 'stdout': ''}
Oct 12 05:29:45 mas01 salt-minion[4569]: [INFO    ] Completed state [maas-region apikey --username opnfv > /var/lib/maas/.maas_credentials] at time 05:29:45.459146 duration_in_ms=1567.322
Oct 12 05:29:45 mas01 salt-minion[4569]: [INFO    ] Running state [maas.machines_status] at time 05:29:45.460189
Oct 12 05:29:45 mas01 salt-minion[4569]: [INFO    ] Executing state module.run for maas.machines_status
Oct 12 05:29:45 mas01 sh[21142]: 2017-10-12 05:29:45 regiond: [info] 192.168.11.21 GET /MAAS/metadata/latest/by-id/tfswqb/?op=get_preseed HTTP/1.1 --> 200 OK (referrer: -; agent: curl/7.47.0)
Oct 12 05:29:45 mas01 sh[21594]: 2017-10-12 05:29:45 regiond: [info] 127.0.0.1 GET /MAAS/api/2.0/machines/ HTTP/1.1 --> 200 OK (referrer: -; agent: Python-urllib/2.7)
Oct 12 05:29:45 mas01 salt-minion[4569]: [INFO    ] {'ret': {'machines': ['hostname:cmp002,system_id:ckx4t6,status:Commissioning', 'hostname:cmp001,system_id:tfswqb,status:Commissioning', 'hostname:kvm01,system_id:xrfet3,status:Commissioning', 'hostname:kvm03,system_id:peemfm,status:Commissioning', 'hostname:kvm02,system_id:sn7hpn,status:Commissioning'], 'summary': Counter({'Commissioning': 5})}}
Oct 12 05:29:45 mas01 salt-minion[4569]: [INFO    ] Completed state [maas.machines_status] at time 05:29:45.654800 duration_in_ms=194.609
Oct 12 05:29:45 mas01 salt-minion[4569]: [INFO    ] Returning information for job: 20171012052943451200
Oct 12 05:29:45 mas01 sh[21142]: 2017-10-12 05:29:45 regiond: [info] 192.168.11.22 POST /MAAS/metadata/2012-03-01/ HTTP/1.1 --> 200 OK (referrer: -; agent: Python-urllib/3.5)
Oct 12 05:29:45 mas01 sh[21594]: 2017-10-12 05:29:45 regiond: [info] 192.168.11.22 GET /MAAS/metadata/2012-03-01/maas-scripts/ HTTP/1.1 --> 200 OK (referrer: -; agent: Python-urllib/3.5)
Oct 12 05:29:45 mas01 sh[21135]: 2017-10-12 05:29:45 regiond: [info] 192.168.11.22 POST /MAAS/metadata/2012-03-01/ HTTP/1.1 --> 200 OK (referrer: -; agent: Python-urllib/3.5)
Oct 12 05:29:45 mas01 sh[21227]: 2017-10-12 05:29:45 regiond: [info] 192.168.11.16 POST /MAAS/metadata/2012-03-01/ HTTP/1.1 --> 200 OK (referrer: -; agent: Python-urllib/3.5)
Oct 12 05:29:45 mas01 sh[21135]: 2017-10-12 05:29:45 regiond: [info] 192.168.11.16 POST /MAAS/metadata/2012-03-01/ HTTP/1.1 --> 200 OK (referrer: -; agent: Python-urllib/3.5)
Oct 12 05:29:45 mas01 sh[21142]: 2017-10-12 05:29:45 regiond: [info] 192.168.11.21 POST /MAAS/metadata/2012-03-01/ HTTP/1.1 --> 200 OK (referrer: -; agent: Python-urllib/3.5)
Oct 12 05:29:45 mas01 sh[21142]: 2017-10-12 05:29:45 regiond: [info] 192.168.11.22 GET /MAAS/metadata/latest/by-id/xrfet3/?op=get_preseed HTTP/1.1 --> 200 OK (referrer: -; agent: curl/7.47.0)
Oct 12 05:29:46 mas01 sh[21142]: 2017-10-12 05:29:46 regiond: [info] 192.168.11.16 POST /MAAS/metadata/2012-03-01/ HTTP/1.1 --> 200 OK (referrer: -; agent: Python-urllib/3.5)
Oct 12 05:29:46 mas01 sh[21594]: 2017-10-12 05:29:46 regiond: [info] 192.168.11.21 POST /MAAS/metadata/2012-03-01/ HTTP/1.1 --> 200 OK (referrer: -; agent: Python-urllib/3.5)
Oct 12 05:29:46 mas01 sh[21227]: 2017-10-12 05:29:46 regiond: [info] 192.168.11.16 POST /MAAS/metadata/2012-03-01/ HTTP/1.1 --> 200 OK (referrer: -; agent: Python-urllib/3.5)
Oct 12 05:29:46 mas01 sh[21142]: 2017-10-12 05:29:46 regiond: [info] 192.168.11.21 POST /MAAS/metadata/2012-03-01/ HTTP/1.1 --> 200 OK (referrer: -; agent: Python-urllib/3.5)
Oct 12 05:29:46 mas01 sh[21594]: 2017-10-12 05:29:46 regiond: [info] 192.168.11.21 POST /MAAS/metadata/2012-03-01/ HTTP/1.1 --> 200 OK (referrer: -; agent: Python-urllib/3.5)
Oct 12 05:29:46 mas01 sh[21227]: 2017-10-12 05:29:46 regiond: [info] 192.168.11.22 POST /MAAS/metadata/2012-03-01/ HTTP/1.1 --> 200 OK (referrer: -; agent: Python-urllib/3.5)
Oct 12 05:29:46 mas01 sh[21135]: 2017-10-12 05:29:46 regiond: [info] 192.168.11.22 POST /MAAS/metadata/2012-03-01/ HTTP/1.1 --> 200 OK (referrer: -; agent: Python-urllib/3.5)
Oct 12 05:29:46 mas01 sh[21135]: 2017-10-12 05:29:46 regiond: [info] 192.168.11.22 POST /MAAS/metadata/2012-03-01/ HTTP/1.1 --> 200 OK (referrer: -; agent: Python-urllib/3.5)
Oct 12 05:29:46 mas01 sh[21594]: 2017-10-12 05:29:46 regiond: [info] 192.168.11.22 POST /MAAS/metadata/2012-03-01/ HTTP/1.1 --> 200 OK (referrer: -; agent: Python-urllib/3.5)
Oct 12 05:29:46 mas01 sh[21135]: 2017-10-12 05:29:46 regiond: [info] 192.168.11.16 POST /MAAS/metadata/2012-03-01/ HTTP/1.1 --> 200 OK (referrer: -; agent: Python-urllib/3.5)
Oct 12 05:29:47 mas01 sh[21135]: 2017-10-12 05:29:47 regiond: [info] 192.168.11.16 POST /MAAS/metadata/2012-03-01/ HTTP/1.1 --> 200 OK (referrer: -; agent: Python-urllib/3.5)
Oct 12 05:29:47 mas01 sh[21142]: 2017-10-12 05:29:47 regiond: [info] 192.168.11.21 POST /MAAS/metadata/2012-03-01/ HTTP/1.1 --> 200 OK (referrer: -; agent: Python-urllib/3.5)
Oct 12 05:29:47 mas01 sh[21135]: 2017-10-12 05:29:47 regiond: [info] 192.168.11.16 POST /MAAS/metadata/2012-03-01/ HTTP/1.1 --> 200 OK (referrer: -; agent: Python-urllib/3.5)
Oct 12 05:29:47 mas01 sh[21227]: 2017-10-12 05:29:47 regiond: [info] 192.168.11.21 POST /MAAS/metadata/2012-03-01/ HTTP/1.1 --> 200 OK (referrer: -; agent: Python-urllib/3.5)
Oct 12 05:29:47 mas01 sh[21594]: 2017-10-12 05:29:47 regiond: [info] 192.168.11.16 POST /MAAS/metadata/2012-03-01/ HTTP/1.1 --> 200 OK (referrer: -; agent: Python-urllib/3.5)
Oct 12 05:29:47 mas01 sh[21594]: 2017-10-12 05:29:47 regiond: [info] 192.168.11.21 POST /MAAS/metadata/2012-03-01/ HTTP/1.1 --> 200 OK (referrer: -; agent: Python-urllib/3.5)
Oct 12 05:29:47 mas01 sh[21135]: 2017-10-12 05:29:47 regiond: [info] 192.168.11.21 POST /MAAS/metadata/2012-03-01/ HTTP/1.1 --> 200 OK (referrer: -; agent: Python-urllib/3.5)
Oct 12 05:29:47 mas01 sh[21227]: 2017-10-12 05:29:47 regiond: [info] 192.168.11.22 POST /MAAS/metadata/2012-03-01/ HTTP/1.1 --> 200 OK (referrer: -; agent: Python-urllib/3.5)
Oct 12 05:29:48 mas01 sh[21142]: 2017-10-12 05:29:48 regiond: [info] 192.168.11.20 POST /MAAS/metadata/2012-03-01/ HTTP/1.1 --> 200 OK (referrer: -; agent: Python-urllib/3.5)
Oct 12 05:29:48 mas01 sh[21594]: 2017-10-12 05:29:48 regiond: [info] 192.168.11.12 POST /MAAS/metadata/2012-03-01/ HTTP/1.1 --> 200 OK (referrer: -; agent: Python-urllib/3.5)
Oct 12 05:29:48 mas01 sh[21227]: 2017-10-12 05:29:48 regiond: [info] 192.168.11.22 POST /MAAS/metadata/2012-03-01/ HTTP/1.1 --> 200 OK (referrer: -; agent: Python-urllib/3.5)
Oct 12 05:29:48 mas01 sh[21227]: 2017-10-12 05:29:48 regiond: [info] 192.168.11.20 POST /MAAS/metadata/2012-03-01/ HTTP/1.1 --> 200 OK (referrer: -; agent: Python-urllib/3.5)
Oct 12 05:29:48 mas01 sh[21594]: 2017-10-12 05:29:48 regiond: [info] 192.168.11.12 POST /MAAS/metadata/2012-03-01/ HTTP/1.1 --> 200 OK (referrer: -; agent: Python-urllib/3.5)
Oct 12 05:29:48 mas01 sh[21594]: 2017-10-12 05:29:48 regiond: [info] 192.168.11.22 POST /MAAS/metadata/2012-03-01/ HTTP/1.1 --> 200 OK (referrer: -; agent: Python-urllib/3.5)
Oct 12 05:29:48 mas01 sh[21135]: 2017-10-12 05:29:48 regiond: [info] 192.168.11.22 POST /MAAS/metadata/2012-03-01/ HTTP/1.1 --> 200 OK (referrer: -; agent: Python-urllib/3.5)
Oct 12 05:29:48 mas01 sh[21227]: 2017-10-12 05:29:48 regiond: [info] 192.168.11.20 POST /MAAS/metadata/2012-03-01/ HTTP/1.1 --> 200 OK (referrer: -; agent: Python-urllib/3.5)
Oct 12 05:29:48 mas01 sh[21135]: 2017-10-12 05:29:48 regiond: [info] 192.168.11.12 POST /MAAS/metadata/2012-03-01/ HTTP/1.1 --> 200 OK (referrer: -; agent: Python-urllib/3.5)
Oct 12 05:29:48 mas01 sh[21594]: 2017-10-12 05:29:48 regiond: [info] 192.168.11.20 POST /MAAS/metadata/2012-03-01/ HTTP/1.1 --> 200 OK (referrer: -; agent: Python-urllib/3.5)
Oct 12 05:29:48 mas01 sh[21135]: 2017-10-12 05:29:48 regiond: [info] 192.168.11.12 POST /MAAS/metadata/2012-03-01/ HTTP/1.1 --> 200 OK (referrer: -; agent: Python-urllib/3.5)
Oct 12 05:29:48 mas01 sh[21594]: 2017-10-12 05:29:48 regiond: [info] 192.168.11.20 POST /MAAS/metadata/2012-03-01/ HTTP/1.1 --> 200 OK (referrer: -; agent: Python-urllib/3.5)
Oct 12 05:29:48 mas01 sh[21227]: 2017-10-12 05:29:48 regiond: [info] 192.168.11.12 POST /MAAS/metadata/2012-03-01/ HTTP/1.1 --> 200 OK (referrer: -; agent: Python-urllib/3.5)
Oct 12 05:29:48 mas01 sh[21135]: 2017-10-12 05:29:48 regiond: [info] 127.0.0.1 GET /MAAS/rpc/ HTTP/1.0 --> 200 OK (referrer: -; agent: provisioningserver.rpc.clusterservice.ClusterClientService)
Oct 12 05:29:48 mas01 sh[21227]: 2017-10-12 05:29:48 regiond: [info] 192.168.11.20 POST /MAAS/metadata/2012-03-01/ HTTP/1.1 --> 200 OK (referrer: -; agent: Python-urllib/3.5)
Oct 12 05:29:48 mas01 sh[21142]: 2017-10-12 05:29:48 regiond: [info] 192.168.11.12 POST /MAAS/metadata/2012-03-01/ HTTP/1.1 --> 200 OK (referrer: -; agent: Python-urllib/3.5)
Oct 12 05:29:49 mas01 sh[21594]: 2017-10-12 05:29:49 regiond: [info] 192.168.11.20 POST /MAAS/metadata/2012-03-01/ HTTP/1.1 --> 200 OK (referrer: -; agent: Python-urllib/3.5)
Oct 12 05:29:49 mas01 sh[21227]: 2017-10-12 05:29:49 regiond: [info] 192.168.11.12 POST /MAAS/metadata/2012-03-01/ HTTP/1.1 --> 200 OK (referrer: -; agent: Python-urllib/3.5)
Oct 12 05:29:49 mas01 sh[21594]: 2017-10-12 05:29:49 regiond: [info] 192.168.11.20 POST /MAAS/metadata/2012-03-01/ HTTP/1.1 --> 200 OK (referrer: -; agent: Python-urllib/3.5)
Oct 12 05:29:49 mas01 sh[21142]: 2017-10-12 05:29:49 regiond: [info] 192.168.11.12 POST /MAAS/metadata/2012-03-01/ HTTP/1.1 --> 200 OK (referrer: -; agent: Python-urllib/3.5)
Oct 12 05:29:49 mas01 sh[21142]: 2017-10-12 05:29:49 regiond: [info] 192.168.11.20 POST /MAAS/metadata/2012-03-01/ HTTP/1.1 --> 200 OK (referrer: -; agent: Python-urllib/3.5)
Oct 12 05:29:49 mas01 sh[21142]: 2017-10-12 05:29:49 regiond: [info] 192.168.11.12 POST /MAAS/metadata/2012-03-01/ HTTP/1.1 --> 200 OK (referrer: -; agent: Python-urllib/3.5)
Oct 12 05:29:49 mas01 sh[21135]: 2017-10-12 05:29:49 regiond: [info] 192.168.11.20 POST /MAAS/metadata/2012-03-01/ HTTP/1.1 --> 200 OK (referrer: -; agent: Python-urllib/3.5)
Oct 12 05:29:49 mas01 sh[21227]: 2017-10-12 05:29:49 regiond: [info] 192.168.11.12 POST /MAAS/metadata/2012-03-01/ HTTP/1.1 --> 200 OK (referrer: -; agent: Python-urllib/3.5)
Oct 12 05:29:49 mas01 sh[21594]: 2017-10-12 05:29:49 regiond: [info] 192.168.11.16 POST /MAAS/metadata/2012-03-01/ HTTP/1.1 --> 200 OK (referrer: -; agent: Python-urllib/3.5)
Oct 12 05:29:49 mas01 sh[21227]: 2017-10-12 05:29:49 regiond: [info] 192.168.11.16 POST /MAAS/metadata/2012-03-01/ HTTP/1.1 --> 200 OK (referrer: -; agent: Python-urllib/3.5)
Oct 12 05:29:50 mas01 sh[21227]: 2017-10-12 05:29:50 regiond: [info] 192.168.11.21 POST /MAAS/metadata/2012-03-01/ HTTP/1.1 --> 200 OK (referrer: -; agent: Python-urllib/3.5)
Oct 12 05:29:50 mas01 sh[21227]: 2017-10-12 05:29:50 regiond: [info] 192.168.11.16 POST /MAAS/metadata/2012-03-01/ HTTP/1.1 --> 200 OK (referrer: -; agent: Python-urllib/3.5)
Oct 12 05:29:50 mas01 sh[21594]: 2017-10-12 05:29:50 regiond: [info] 192.168.11.21 POST /MAAS/metadata/2012-03-01/ HTTP/1.1 --> 200 OK (referrer: -; agent: Python-urllib/3.5)
Oct 12 05:29:50 mas01 sh[21135]: 2017-10-12 05:29:50 regiond: [info] 192.168.11.16 POST /MAAS/metadata/2012-03-01/ HTTP/1.1 --> 200 OK (referrer: -; agent: Python-urllib/3.5)
Oct 12 05:29:50 mas01 sh[21227]: 2017-10-12 05:29:50 regiond: [info] 192.168.11.21 POST /MAAS/metadata/2012-03-01/ HTTP/1.1 --> 200 OK (referrer: -; agent: Python-urllib/3.5)
Oct 12 05:29:50 mas01 sh[21135]: 2017-10-12 05:29:50 regiond: [info] 192.168.11.21 POST /MAAS/metadata/2012-03-01/ HTTP/1.1 --> 200 OK (referrer: -; agent: Python-urllib/3.5)
Oct 12 05:29:50 mas01 sh[21227]: 2017-10-12 05:29:50 regiond: [info] 192.168.11.22 POST /MAAS/metadata/2012-03-01/ HTTP/1.1 --> 200 OK (referrer: -; agent: Python-urllib/3.5)
Oct 12 05:29:50 mas01 sh[21227]: 2017-10-12 05:29:50 regiond: [info] 192.168.11.16 POST /MAAS/metadata/2012-03-01/ HTTP/1.1 --> 200 OK (referrer: -; agent: Python-urllib/3.5)
Oct 12 05:29:50 mas01 sh[21594]: 2017-10-12 05:29:50 regiond: [info] 192.168.11.22 POST /MAAS/metadata/2012-03-01/ HTTP/1.1 --> 200 OK (referrer: -; agent: Python-urllib/3.5)
Oct 12 05:29:50 mas01 sh[21142]: 2017-10-12 05:29:50 regiond: [info] 192.168.11.16 POST /MAAS/metadata/2012-03-01/ HTTP/1.1 --> 200 OK (referrer: -; agent: Python-urllib/3.5)
Oct 12 05:29:50 mas01 sh[21135]: 2017-10-12 05:29:50 regiond: [info] 192.168.11.21 POST /MAAS/metadata/2012-03-01/ HTTP/1.1 --> 200 OK (referrer: -; agent: Python-urllib/3.5)
Oct 12 05:29:50 mas01 sh[21594]: 2017-10-12 05:29:50 regiond: [info] 192.168.11.22 POST /MAAS/metadata/2012-03-01/ HTTP/1.1 --> 200 OK (referrer: -; agent: Python-urllib/3.5)
Oct 12 05:29:50 mas01 sh[21135]: 2017-10-12 05:29:50 regiond: [info] 192.168.11.16 POST /MAAS/metadata/2012-03-01/ HTTP/1.1 --> 200 OK (referrer: -; agent: Python-urllib/3.5)
Oct 12 05:29:51 mas01 sh[21594]: 2017-10-12 05:29:51 regiond: [info] 192.168.11.21 POST /MAAS/metadata/2012-03-01/ HTTP/1.1 --> 200 OK (referrer: -; agent: Python-urllib/3.5)
Oct 12 05:29:51 mas01 sh[21135]: 2017-10-12 05:29:51 regiond: [info] 192.168.11.16 POST /MAAS/metadata/2012-03-01/ HTTP/1.1 --> 200 OK (referrer: -; agent: Python-urllib/3.5)
Oct 12 05:29:51 mas01 sh[21594]: 2017-10-12 05:29:51 regiond: [info] 192.168.11.22 POST /MAAS/metadata/2012-03-01/ HTTP/1.1 --> 200 OK (referrer: -; agent: Python-urllib/3.5)
Oct 12 05:29:51 mas01 sh[21142]: 2017-10-12 05:29:51 regiond: [info] 192.168.11.16 POST /MAAS/metadata/2012-03-01/ HTTP/1.1 --> 200 OK (referrer: -; agent: Python-urllib/3.5)
Oct 12 05:29:51 mas01 sh[21142]: 2017-10-12 05:29:51 regiond: [info] 192.168.11.21 POST /MAAS/metadata/2012-03-01/ HTTP/1.1 --> 200 OK (referrer: -; agent: Python-urllib/3.5)
Oct 12 05:29:51 mas01 sh[21227]: 2017-10-12 05:29:51 regiond: [info] 192.168.11.16 POST /MAAS/metadata/2012-03-01/ HTTP/1.1 --> 200 OK (referrer: -; agent: Python-urllib/3.5)
Oct 12 05:29:51 mas01 sh[21142]: 2017-10-12 05:29:51 regiond: [info] 192.168.11.21 POST /MAAS/metadata/2012-03-01/ HTTP/1.1 --> 200 OK (referrer: -; agent: Python-urllib/3.5)
Oct 12 05:29:51 mas01 sh[21594]: 2017-10-12 05:29:51 regiond: [info] 192.168.11.21 POST /MAAS/metadata/2012-03-01/ HTTP/1.1 --> 200 OK (referrer: -; agent: Python-urllib/3.5)
Oct 12 05:29:51 mas01 sh[21227]: 2017-10-12 05:29:51 regiond: [info] 192.168.11.22 POST /MAAS/metadata/2012-03-01/ HTTP/1.1 --> 200 OK (referrer: -; agent: Python-urllib/3.5)
Oct 12 05:29:51 mas01 sh[21142]: 2017-10-12 05:29:51 regiond: [info] 192.168.11.21 POST /MAAS/metadata/2012-03-01/ HTTP/1.1 --> 200 OK (referrer: -; agent: Python-urllib/3.5)
Oct 12 05:29:51 mas01 sh[21135]: 2017-10-12 05:29:51 regiond: [info] 192.168.11.22 POST /MAAS/metadata/2012-03-01/ HTTP/1.1 --> 200 OK (referrer: -; agent: Python-urllib/3.5)
Oct 12 05:29:51 mas01 sh[21594]: 2017-10-12 05:29:51 regiond: [info] 192.168.11.22 POST /MAAS/metadata/2012-03-01/ HTTP/1.1 --> 200 OK (referrer: -; agent: Python-urllib/3.5)
Oct 12 05:29:51 mas01 sh[21227]: 2017-10-12 05:29:51 regiond: [info] 192.168.11.22 POST /MAAS/metadata/2012-03-01/ HTTP/1.1 --> 200 OK (referrer: -; agent: Python-urllib/3.5)
Oct 12 05:29:51 mas01 sh[21594]: 2017-10-12 05:29:51 regiond: [info] 192.168.11.22 POST /MAAS/metadata/2012-03-01/ HTTP/1.1 --> 200 OK (referrer: -; agent: Python-urllib/3.5)
Oct 12 05:29:51 mas01 sh[21227]: 2017-10-12 05:29:51 regiond: [info] 192.168.11.22 POST /MAAS/metadata/2012-03-01/ HTTP/1.1 --> 200 OK (referrer: -; agent: Python-urllib/3.5)
Oct 12 05:29:56 mas01 salt-minion[4569]: [INFO    ] User sudo_ubuntu Executing command state.apply with jid 20171012052956458464
Oct 12 05:29:56 mas01 salt-minion[4569]: [INFO    ] Starting a new job with PID 23667
Oct 12 05:29:57 mas01 salt-minion[4569]: [INFO    ] Loading fresh modules for state activity
Oct 12 05:29:57 mas01 salt-minion[4569]: [INFO    ] Running state [maas-region apikey --username opnfv > /var/lib/maas/.maas_credentials] at time 05:29:57.838644
Oct 12 05:29:57 mas01 salt-minion[4569]: [INFO    ] Executing state cmd.run for maas-region apikey --username opnfv > /var/lib/maas/.maas_credentials
Oct 12 05:29:57 mas01 salt-minion[4569]: [INFO    ] Executing command 'maas-region apikey --username opnfv > /var/lib/maas/.maas_credentials' in directory '/root'
Oct 12 05:29:59 mas01 salt-minion[4569]: [INFO    ] {'pid': 23773, 'retcode': 0, 'stderr': '', 'stdout': ''}
Oct 12 05:29:59 mas01 salt-minion[4569]: [INFO    ] Completed state [maas-region apikey --username opnfv > /var/lib/maas/.maas_credentials] at time 05:29:59.439539 duration_in_ms=1600.895
Oct 12 05:29:59 mas01 salt-minion[4569]: [INFO    ] Running state [maas.machines_status] at time 05:29:59.440516
Oct 12 05:29:59 mas01 salt-minion[4569]: [INFO    ] Executing state module.run for maas.machines_status
Oct 12 05:29:59 mas01 sh[21142]: 2017-10-12 05:29:59 regiond: [info] 127.0.0.1 GET /MAAS/api/2.0/machines/ HTTP/1.1 --> 200 OK (referrer: -; agent: Python-urllib/2.7)
Oct 12 05:29:59 mas01 salt-minion[4569]: [INFO    ] {'ret': {'machines': ['hostname:cmp002,system_id:ckx4t6,status:Commissioning', 'hostname:cmp001,system_id:tfswqb,status:Commissioning', 'hostname:kvm01,system_id:xrfet3,status:Commissioning', 'hostname:kvm03,system_id:peemfm,status:Commissioning', 'hostname:kvm02,system_id:sn7hpn,status:Commissioning'], 'summary': Counter({'Commissioning': 5})}}
Oct 12 05:29:59 mas01 salt-minion[4569]: [INFO    ] Completed state [maas.machines_status] at time 05:29:59.679781 duration_in_ms=239.263
Oct 12 05:29:59 mas01 salt-minion[4569]: [INFO    ] Returning information for job: 20171012052956458464
Oct 12 05:30:02 mas01 sh[21594]: 2017-10-12 05:30:02 maasserver.regiondservices.active_discovery: [info] Active network discovery: Active scanning is not enabled on any subnet. Skipping periodic scan.
Oct 12 05:30:10 mas01 salt-minion[4569]: [INFO    ] User sudo_ubuntu Executing command state.apply with jid 20171012053010622355
Oct 12 05:30:10 mas01 salt-minion[4569]: [INFO    ] Starting a new job with PID 24155
Oct 12 05:30:11 mas01 salt-minion[4569]: [INFO    ] Loading fresh modules for state activity
Oct 12 05:30:11 mas01 salt-minion[4569]: [INFO    ] Running state [maas-region apikey --username opnfv > /var/lib/maas/.maas_credentials] at time 05:30:11.138496
Oct 12 05:30:11 mas01 salt-minion[4569]: [INFO    ] Executing state cmd.run for maas-region apikey --username opnfv > /var/lib/maas/.maas_credentials
Oct 12 05:30:11 mas01 salt-minion[4569]: [INFO    ] Executing command 'maas-region apikey --username opnfv > /var/lib/maas/.maas_credentials' in directory '/root'
Oct 12 05:30:12 mas01 salt-minion[4569]: [INFO    ] {'pid': 24162, 'retcode': 0, 'stderr': '', 'stdout': ''}
Oct 12 05:30:12 mas01 salt-minion[4569]: [INFO    ] Completed state [maas-region apikey --username opnfv > /var/lib/maas/.maas_credentials] at time 05:30:12.712894 duration_in_ms=1574.398
Oct 12 05:30:12 mas01 salt-minion[4569]: [INFO    ] Running state [maas.machines_status] at time 05:30:12.715004
Oct 12 05:30:12 mas01 salt-minion[4569]: [INFO    ] Executing state module.run for maas.machines_status
Oct 12 05:30:12 mas01 sh[21142]: 2017-10-12 05:30:12 regiond: [info] 127.0.0.1 GET /MAAS/api/2.0/machines/ HTTP/1.1 --> 200 OK (referrer: -; agent: Python-urllib/2.7)
Oct 12 05:30:13 mas01 salt-minion[4569]: [INFO    ] {'ret': {'machines': ['hostname:cmp002,system_id:ckx4t6,status:Commissioning', 'hostname:cmp001,system_id:tfswqb,status:Commissioning', 'hostname:kvm01,system_id:xrfet3,status:Commissioning', 'hostname:kvm03,system_id:peemfm,status:Commissioning', 'hostname:kvm02,system_id:sn7hpn,status:Commissioning'], 'summary': Counter({'Commissioning': 5})}}
Oct 12 05:30:13 mas01 salt-minion[4569]: [INFO    ] Completed state [maas.machines_status] at time 05:30:13.004145 duration_in_ms=289.14
Oct 12 05:30:13 mas01 salt-minion[4569]: [INFO    ] Returning information for job: 20171012053010622355
Oct 12 05:30:18 mas01 sh[21135]: 2017-10-12 05:30:18 regiond: [info] 127.0.0.1 GET /MAAS/rpc/ HTTP/1.0 --> 200 OK (referrer: -; agent: provisioningserver.rpc.clusterservice.ClusterClientService)
Oct 12 05:30:23 mas01 salt-minion[4569]: [INFO    ] User sudo_ubuntu Executing command state.apply with jid 20171012053023944267
Oct 12 05:30:23 mas01 salt-minion[4569]: [INFO    ] Starting a new job with PID 24179
Oct 12 05:30:25 mas01 salt-minion[4569]: [INFO    ] Loading fresh modules for state activity
Oct 12 05:30:25 mas01 salt-minion[4569]: [INFO    ] Running state [maas-region apikey --username opnfv > /var/lib/maas/.maas_credentials] at time 05:30:25.537631
Oct 12 05:30:25 mas01 salt-minion[4569]: [INFO    ] Executing state cmd.run for maas-region apikey --username opnfv > /var/lib/maas/.maas_credentials
Oct 12 05:30:25 mas01 salt-minion[4569]: [INFO    ] Executing command 'maas-region apikey --username opnfv > /var/lib/maas/.maas_credentials' in directory '/root'
Oct 12 05:30:26 mas01 salt-minion[4569]: [INFO    ] {'pid': 24186, 'retcode': 0, 'stderr': '', 'stdout': ''}
Oct 12 05:30:26 mas01 salt-minion[4569]: [INFO    ] Completed state [maas-region apikey --username opnfv > /var/lib/maas/.maas_credentials] at time 05:30:26.862128 duration_in_ms=1324.498
Oct 12 05:30:26 mas01 salt-minion[4569]: [INFO    ] Running state [maas.machines_status] at time 05:30:26.863165
Oct 12 05:30:26 mas01 salt-minion[4569]: [INFO    ] Executing state module.run for maas.machines_status
Oct 12 05:30:27 mas01 sh[21594]: 2017-10-12 05:30:27 regiond: [info] 127.0.0.1 GET /MAAS/api/2.0/machines/ HTTP/1.1 --> 200 OK (referrer: -; agent: Python-urllib/2.7)
Oct 12 05:30:27 mas01 salt-minion[4569]: [INFO    ] {'ret': {'machines': ['hostname:cmp002,system_id:ckx4t6,status:Commissioning', 'hostname:cmp001,system_id:tfswqb,status:Commissioning', 'hostname:kvm01,system_id:xrfet3,status:Commissioning', 'hostname:kvm03,system_id:peemfm,status:Commissioning', 'hostname:kvm02,system_id:sn7hpn,status:Commissioning'], 'summary': Counter({'Commissioning': 5})}}
Oct 12 05:30:27 mas01 salt-minion[4569]: [INFO    ] Completed state [maas.machines_status] at time 05:30:27.137465 duration_in_ms=274.298
Oct 12 05:30:27 mas01 salt-minion[4569]: [INFO    ] Returning information for job: 20171012053023944267
Oct 12 05:30:38 mas01 salt-minion[4569]: [INFO    ] User sudo_ubuntu Executing command state.apply with jid 20171012053038078553
Oct 12 05:30:38 mas01 salt-minion[4569]: [INFO    ] Starting a new job with PID 24197
Oct 12 05:30:38 mas01 salt-minion[4569]: [INFO    ] Loading fresh modules for state activity
Oct 12 05:30:38 mas01 salt-minion[4569]: [INFO    ] Running state [maas-region apikey --username opnfv > /var/lib/maas/.maas_credentials] at time 05:30:38.620122
Oct 12 05:30:38 mas01 salt-minion[4569]: [INFO    ] Executing state cmd.run for maas-region apikey --username opnfv > /var/lib/maas/.maas_credentials
Oct 12 05:30:38 mas01 salt-minion[4569]: [INFO    ] Executing command 'maas-region apikey --username opnfv > /var/lib/maas/.maas_credentials' in directory '/root'
Oct 12 05:30:40 mas01 salt-minion[4569]: [INFO    ] {'pid': 24204, 'retcode': 0, 'stderr': '', 'stdout': ''}
Oct 12 05:30:40 mas01 salt-minion[4569]: [INFO    ] Completed state [maas-region apikey --username opnfv > /var/lib/maas/.maas_credentials] at time 05:30:40.020487 duration_in_ms=1400.364
Oct 12 05:30:40 mas01 salt-minion[4569]: [INFO    ] Running state [maas.machines_status] at time 05:30:40.023015
Oct 12 05:30:40 mas01 salt-minion[4569]: [INFO    ] Executing state module.run for maas.machines_status
Oct 12 05:30:40 mas01 salt-minion[4569]: [INFO    ] {'ret': {'machines': ['hostname:cmp002,system_id:ckx4t6,status:Commissioning', 'hostname:cmp001,system_id:tfswqb,status:Commissioning', 'hostname:kvm01,system_id:xrfet3,status:Commissioning', 'hostname:kvm03,system_id:peemfm,status:Commissioning', 'hostname:kvm02,system_id:sn7hpn,status:Commissioning'], 'summary': Counter({'Commissioning': 5})}}
Oct 12 05:30:40 mas01 salt-minion[4569]: [INFO    ] Completed state [maas.machines_status] at time 05:30:40.334392 duration_in_ms=311.377
Oct 12 05:30:40 mas01 salt-minion[4569]: [INFO    ] Returning information for job: 20171012053038078553
Oct 12 05:30:47 mas01 sh[21227]: 2017-10-12 05:30:47 regiond: [info] 192.168.11.20 POST /MAAS/metadata/2012-03-01/ HTTP/1.1 --> 200 OK (referrer: -; agent: Python-urllib/3.5)
Oct 12 05:30:47 mas01 sh[21142]: 2017-10-12 05:30:47 regiond: [info] 192.168.11.20 POST /MAAS/metadata/2012-03-01/ HTTP/1.1 --> 200 OK (referrer: -; agent: Python-urllib/3.5)
Oct 12 05:30:48 mas01 sh[21227]: 2017-10-12 05:30:48 regiond: [info] 192.168.11.20 POST /MAAS/metadata/2012-03-01/ HTTP/1.1 --> 200 OK (referrer: -; agent: Python-urllib/3.5)
Oct 12 05:30:48 mas01 sh[21227]: 2017-10-12 05:30:48 regiond: [info] 192.168.11.20 POST /MAAS/metadata/2012-03-01/ HTTP/1.1 --> 200 OK (referrer: -; agent: Python-urllib/3.5)
Oct 12 05:30:48 mas01 sh[21135]: 2017-10-12 05:30:48 regiond: [info] 192.168.11.12 POST /MAAS/metadata/2012-03-01/ HTTP/1.1 --> 200 OK (referrer: -; agent: Python-urllib/3.5)
Oct 12 05:30:48 mas01 sh[21594]: 2017-10-12 05:30:48 regiond: [info] 192.168.11.12 POST /MAAS/metadata/2012-03-01/ HTTP/1.1 --> 200 OK (referrer: -; agent: Python-urllib/3.5)
Oct 12 05:30:48 mas01 sh[21594]: 2017-10-12 05:30:48 regiond: [info] 192.168.11.20 POST /MAAS/metadata/2012-03-01/ HTTP/1.1 --> 200 OK (referrer: -; agent: Python-urllib/3.5)
Oct 12 05:30:48 mas01 named[21087]: received control channel command 'reload'
Oct 12 05:30:48 mas01 named[21087]: loading configuration from '/etc/bind/named.conf'
Oct 12 05:30:48 mas01 named[21087]: reading built-in trusted keys from file '/etc/bind/bind.keys'
Oct 12 05:30:48 mas01 named[21087]: initializing GeoIP Country (IPv4) (type 1) DB
Oct 12 05:30:48 mas01 named[21087]: GEO-106FREE 20160408 Bu
Oct 12 05:30:48 mas01 named[21087]: initializing GeoIP Country (IPv6) (type 12) DB
Oct 12 05:30:48 mas01 named[21087]: GEO-106FREE 20160408 Bu
Oct 12 05:30:48 mas01 named[21087]: GeoIP City (IPv4) (type 2) DB not available
Oct 12 05:30:48 mas01 named[21087]: GeoIP City (IPv4) (type 6) DB not available
Oct 12 05:30:48 mas01 named[21087]: GeoIP City (IPv6) (type 30) DB not available
Oct 12 05:30:48 mas01 named[21087]: GeoIP City (IPv6) (type 31) DB not available
Oct 12 05:30:48 mas01 named[21087]: GeoIP Region (type 3) DB not available
Oct 12 05:30:48 mas01 named[21087]: GeoIP Region (type 7) DB not available
Oct 12 05:30:48 mas01 named[21087]: GeoIP ISP (type 4) DB not available
Oct 12 05:30:48 mas01 named[21087]: GeoIP Org (type 5) DB not available
Oct 12 05:30:48 mas01 named[21087]: GeoIP AS (type 9) DB not available
Oct 12 05:30:48 mas01 named[21087]: GeoIP Domain (type 11) DB not available
Oct 12 05:30:48 mas01 named[21087]: GeoIP NetSpeed (type 10) DB not available
Oct 12 05:30:48 mas01 named[21087]: using default UDP/IPv4 port range: [32768, 60999]
Oct 12 05:30:48 mas01 named[21087]: using default UDP/IPv6 port range: [32768, 60999]
Oct 12 05:30:48 mas01 named[21087]: sizing zone task pool based on 9 zones
Oct 12 05:30:48 mas01 named[21087]: automatic empty zone: 10.IN-ADDR.ARPA
Oct 12 05:30:48 mas01 named[21087]: automatic empty zone: 16.172.IN-ADDR.ARPA
Oct 12 05:30:48 mas01 named[21087]: automatic empty zone: 17.172.IN-ADDR.ARPA
Oct 12 05:30:48 mas01 named[21087]: automatic empty zone: 18.172.IN-ADDR.ARPA
Oct 12 05:30:48 mas01 named[21087]: automatic empty zone: 19.172.IN-ADDR.ARPA
Oct 12 05:30:48 mas01 named[21087]: automatic empty zone: 20.172.IN-ADDR.ARPA
Oct 12 05:30:48 mas01 named[21087]: automatic empty zone: 21.172.IN-ADDR.ARPA
Oct 12 05:30:48 mas01 named[21087]: automatic empty zone: 22.172.IN-ADDR.ARPA
Oct 12 05:30:48 mas01 named[21087]: automatic empty zone: 23.172.IN-ADDR.ARPA
Oct 12 05:30:48 mas01 named[21087]: automatic empty zone: 24.172.IN-ADDR.ARPA
Oct 12 05:30:48 mas01 named[21087]: automatic empty zone: 25.172.IN-ADDR.ARPA
Oct 12 05:30:48 mas01 named[21087]: automatic empty zone: 26.172.IN-ADDR.ARPA
Oct 12 05:30:48 mas01 named[21087]: automatic empty zone: 27.172.IN-ADDR.ARPA
Oct 12 05:30:48 mas01 named[21087]: automatic empty zone: 28.172.IN-ADDR.ARPA
Oct 12 05:30:48 mas01 named[21087]: automatic empty zone: 29.172.IN-ADDR.ARPA
Oct 12 05:30:48 mas01 named[21087]: automatic empty zone: 30.172.IN-ADDR.ARPA
Oct 12 05:30:48 mas01 named[21087]: automatic empty zone: 31.172.IN-ADDR.ARPA
Oct 12 05:30:48 mas01 named[21087]: automatic empty zone: 168.192.IN-ADDR.ARPA
Oct 12 05:30:48 mas01 named[21087]: automatic empty zone: 64.100.IN-ADDR.ARPA
Oct 12 05:30:48 mas01 named[21087]: automatic empty zone: 65.100.IN-ADDR.ARPA
Oct 12 05:30:48 mas01 named[21087]: automatic empty zone: 66.100.IN-ADDR.ARPA
Oct 12 05:30:48 mas01 named[21087]: automatic empty zone: 67.100.IN-ADDR.ARPA
Oct 12 05:30:48 mas01 named[21087]: automatic empty zone: 68.100.IN-ADDR.ARPA
Oct 12 05:30:48 mas01 named[21087]: automatic empty zone: 69.100.IN-ADDR.ARPA
Oct 12 05:30:48 mas01 named[21087]: automatic empty zone: 70.100.IN-ADDR.ARPA
Oct 12 05:30:48 mas01 named[21087]: automatic empty zone: 71.100.IN-ADDR.ARPA
Oct 12 05:30:48 mas01 named[21087]: automatic empty zone: 72.100.IN-ADDR.ARPA
Oct 12 05:30:48 mas01 named[21087]: automatic empty zone: 73.100.IN-ADDR.ARPA
Oct 12 05:30:48 mas01 named[21087]: automatic empty zone: 74.100.IN-ADDR.ARPA
Oct 12 05:30:48 mas01 named[21087]: automatic empty zone: 75.100.IN-ADDR.ARPA
Oct 12 05:30:48 mas01 named[21087]: automatic empty zone: 76.100.IN-ADDR.ARPA
Oct 12 05:30:48 mas01 named[21087]: automatic empty zone: 77.100.IN-ADDR.ARPA
Oct 12 05:30:48 mas01 named[21087]: automatic empty zone: 78.100.IN-ADDR.ARPA
Oct 12 05:30:48 mas01 named[21087]: automatic empty zone: 79.100.IN-ADDR.ARPA
Oct 12 05:30:48 mas01 named[21087]: automatic empty zone: 80.100.IN-ADDR.ARPA
Oct 12 05:30:48 mas01 named[21087]: automatic empty zone: 81.100.IN-ADDR.ARPA
Oct 12 05:30:48 mas01 named[21087]: automatic empty zone: 82.100.IN-ADDR.ARPA
Oct 12 05:30:48 mas01 named[21087]: automatic empty zone: 83.100.IN-ADDR.ARPA
Oct 12 05:30:48 mas01 named[21087]: automatic empty zone: 84.100.IN-ADDR.ARPA
Oct 12 05:30:48 mas01 named[21087]: automatic empty zone: 85.100.IN-ADDR.ARPA
Oct 12 05:30:48 mas01 named[21087]: automatic empty zone: 86.100.IN-ADDR.ARPA
Oct 12 05:30:48 mas01 named[21087]: automatic empty zone: 87.100.IN-ADDR.ARPA
Oct 12 05:30:48 mas01 named[21087]: automatic empty zone: 88.100.IN-ADDR.ARPA
Oct 12 05:30:48 mas01 named[21087]: automatic empty zone: 89.100.IN-ADDR.ARPA
Oct 12 05:30:48 mas01 named[21087]: automatic empty zone: 90.100.IN-ADDR.ARPA
Oct 12 05:30:48 mas01 named[21087]: automatic empty zone: 91.100.IN-ADDR.ARPA
Oct 12 05:30:48 mas01 named[21087]: automatic empty zone: 92.100.IN-ADDR.ARPA
Oct 12 05:30:48 mas01 named[21087]: automatic empty zone: 93.100.IN-ADDR.ARPA
Oct 12 05:30:48 mas01 named[21087]: automatic empty zone: 94.100.IN-ADDR.ARPA
Oct 12 05:30:48 mas01 named[21087]: automatic empty zone: 95.100.IN-ADDR.ARPA
Oct 12 05:30:48 mas01 named[21087]: automatic empty zone: 96.100.IN-ADDR.ARPA
Oct 12 05:30:48 mas01 named[21087]: automatic empty zone: 97.100.IN-ADDR.ARPA
Oct 12 05:30:48 mas01 named[21087]: automatic empty zone: 98.100.IN-ADDR.ARPA
Oct 12 05:30:48 mas01 named[21087]: automatic empty zone: 99.100.IN-ADDR.ARPA
Oct 12 05:30:48 mas01 named[21087]: automatic empty zone: 100.100.IN-ADDR.ARPA
Oct 12 05:30:48 mas01 named[21087]: automatic empty zone: 101.100.IN-ADDR.ARPA
Oct 12 05:30:48 mas01 named[21087]: automatic empty zone: 102.100.IN-ADDR.ARPA
Oct 12 05:30:48 mas01 named[21087]: automatic empty zone: 103.100.IN-ADDR.ARPA
Oct 12 05:30:48 mas01 named[21087]: automatic empty zone: 104.100.IN-ADDR.ARPA
Oct 12 05:30:48 mas01 named[21087]: automatic empty zone: 105.100.IN-ADDR.ARPA
Oct 12 05:30:48 mas01 named[21087]: automatic empty zone: 106.100.IN-ADDR.ARPA
Oct 12 05:30:48 mas01 named[21087]: automatic empty zone: 107.100.IN-ADDR.ARPA
Oct 12 05:30:48 mas01 named[21087]: automatic empty zone: 108.100.IN-ADDR.ARPA
Oct 12 05:30:48 mas01 named[21087]: automatic empty zone: 109.100.IN-ADDR.ARPA
Oct 12 05:30:48 mas01 named[21087]: automatic empty zone: 110.100.IN-ADDR.ARPA
Oct 12 05:30:48 mas01 named[21087]: automatic empty zone: 111.100.IN-ADDR.ARPA
Oct 12 05:30:48 mas01 named[21087]: automatic empty zone: 112.100.IN-ADDR.ARPA
Oct 12 05:30:48 mas01 named[21087]: automatic empty zone: 113.100.IN-ADDR.ARPA
Oct 12 05:30:48 mas01 named[21087]: automatic empty zone: 114.100.IN-ADDR.ARPA
Oct 12 05:30:48 mas01 named[21087]: automatic empty zone: 115.100.IN-ADDR.ARPA
Oct 12 05:30:48 mas01 named[21087]: automatic empty zone: 116.100.IN-ADDR.ARPA
Oct 12 05:30:48 mas01 named[21087]: automatic empty zone: 117.100.IN-ADDR.ARPA
Oct 12 05:30:48 mas01 named[21087]: automatic empty zone: 118.100.IN-ADDR.ARPA
Oct 12 05:30:48 mas01 named[21087]: automatic empty zone: 119.100.IN-ADDR.ARPA
Oct 12 05:30:48 mas01 named[21087]: automatic empty zone: 120.100.IN-ADDR.ARPA
Oct 12 05:30:48 mas01 named[21087]: automatic empty zone: 121.100.IN-ADDR.ARPA
Oct 12 05:30:48 mas01 named[21087]: automatic empty zone: 122.100.IN-ADDR.ARPA
Oct 12 05:30:48 mas01 named[21087]: automatic empty zone: 123.100.IN-ADDR.ARPA
Oct 12 05:30:48 mas01 named[21087]: automatic empty zone: 124.100.IN-ADDR.ARPA
Oct 12 05:30:48 mas01 named[21087]: automatic empty zone: 125.100.IN-ADDR.ARPA
Oct 12 05:30:48 mas01 named[21087]: automatic empty zone: 126.100.IN-ADDR.ARPA
Oct 12 05:30:48 mas01 named[21087]: automatic empty zone: 127.100.IN-ADDR.ARPA
Oct 12 05:30:48 mas01 named[21087]: automatic empty zone: 254.169.IN-ADDR.ARPA
Oct 12 05:30:48 mas01 named[21087]: automatic empty zone: 2.0.192.IN-ADDR.ARPA
Oct 12 05:30:48 mas01 named[21087]: automatic empty zone: 100.51.198.IN-ADDR.ARPA
