Oct  3 00:16:14 mas01 sh[25244]: 2017-10-03 00:16:14 provisioningserver.rackdservices.tftp: [info] ubuntu/amd64/hwe-16.04/xenial/daily/boot-kernel requested by 00:25:b5:a0:00:3a
Oct  3 00:16:15 mas01 sh[25244]: 2017-10-03 00:16:15 provisioningserver.rackdservices.tftp: [info] ubuntu/amd64/hwe-16.04/xenial/daily/boot-initrd requested by 00:25:b5:a0:00:3a
Oct  3 00:16:23 mas01 salt-minion[4475]: [INFO    ] User sudo_ubuntu Executing command state.apply with jid 20171003001623704774
Oct  3 00:16:23 mas01 salt-minion[4475]: [INFO    ] Starting a new job with PID 29539
Oct  3 00:16:25 mas01 salt-minion[4475]: [INFO    ] Loading fresh modules for state activity
Oct  3 00:16:25 mas01 salt-minion[4475]: [INFO    ] Running state [maas-region apikey --username opnfv > /var/lib/maas/.maas_credentials] at time 00:16:25.238484
Oct  3 00:16:25 mas01 salt-minion[4475]: [INFO    ] Executing state cmd.run for maas-region apikey --username opnfv > /var/lib/maas/.maas_credentials
Oct  3 00:16:25 mas01 salt-minion[4475]: [INFO    ] Executing command 'maas-region apikey --username opnfv > /var/lib/maas/.maas_credentials' in directory '/root'
Oct  3 00:16:26 mas01 dhcpd[29215]: DHCPDISCOVER from 00:25:b5:a0:00:6a via ens5
Oct  3 00:16:26 mas01 dhcpd[29215]: DHCPOFFER on 192.168.11.254 to 00:25:b5:a0:00:6a via ens5
Oct  3 00:16:26 mas01 dhcpd[29215]: execute_statement argv[0] = /usr/sbin/maas-dhcp-helper
Oct  3 00:16:26 mas01 dhcpd[29215]: execute_statement argv[1] = notify
Oct  3 00:16:26 mas01 dhcpd[29215]: execute_statement argv[2] = --action
Oct  3 00:16:26 mas01 dhcpd[29215]: execute_statement argv[3] = commit
Oct  3 00:16:26 mas01 dhcpd[29215]: execute_statement argv[4] = --mac
Oct  3 00:16:26 mas01 dhcpd[29215]: execute_statement argv[5] = 0:25:b5:a0:0:6a
Oct  3 00:16:26 mas01 dhcpd[29215]: execute_statement argv[6] = --ip-family
Oct  3 00:16:26 mas01 dhcpd[29215]: execute_statement argv[7] = ipv4
Oct  3 00:16:26 mas01 dhcpd[29215]: execute_statement argv[8] = --ip
Oct  3 00:16:26 mas01 dhcpd[29215]: execute_statement argv[9] = 192.168.11.254
Oct  3 00:16:26 mas01 dhcpd[29215]: execute_statement argv[10] = --lease-time
Oct  3 00:16:26 mas01 dhcpd[29215]: execute_statement argv[11] = 600
Oct  3 00:16:26 mas01 dhcpd[29215]: execute_statement argv[12] = --hostname
Oct  3 00:16:26 mas01 dhcpd[29215]: execute_statement argv[13] = cmp002
Oct  3 00:16:26 mas01 dhcpd[29215]: execute_statement argv[14] = --socket
Oct  3 00:16:26 mas01 dhcpd[29215]: execute_statement argv[15] = /var/lib/maas/dhcpd.sock
Oct  3 00:16:26 mas01 dhcpd[29215]: DHCPREQUEST for 192.168.11.254 (192.168.11.3) from 00:25:b5:a0:00:6a via ens5
Oct  3 00:16:26 mas01 dhcpd[29215]: DHCPACK on 192.168.11.254 to 00:25:b5:a0:00:6a via ens5
Oct  3 00:16:26 mas01 dhcpd[29215]: DHCPDISCOVER from 00:25:b5:a0:00:2a via ens5
Oct  3 00:16:26 mas01 dhcpd[29215]: DHCPOFFER on 192.168.11.251 to 00:25:b5:a0:00:2a via ens5
Oct  3 00:16:26 mas01 dhcpd[29215]: execute_statement argv[0] = /usr/sbin/maas-dhcp-helper
Oct  3 00:16:26 mas01 dhcpd[29215]: execute_statement argv[1] = notify
Oct  3 00:16:26 mas01 dhcpd[29215]: execute_statement argv[2] = --action
Oct  3 00:16:26 mas01 dhcpd[29215]: execute_statement argv[3] = commit
Oct  3 00:16:26 mas01 dhcpd[29215]: execute_statement argv[4] = --mac
Oct  3 00:16:26 mas01 dhcpd[29215]: execute_statement argv[5] = 0:25:b5:a0:0:2a
Oct  3 00:16:26 mas01 dhcpd[29215]: execute_statement argv[6] = --ip-family
Oct  3 00:16:26 mas01 dhcpd[29215]: execute_statement argv[7] = ipv4
Oct  3 00:16:26 mas01 dhcpd[29215]: execute_statement argv[8] = --ip
Oct  3 00:16:26 mas01 dhcpd[29215]: execute_statement argv[9] = 192.168.11.251
Oct  3 00:16:26 mas01 dhcpd[29215]: execute_statement argv[10] = --lease-time
Oct  3 00:16:26 mas01 dhcpd[29215]: execute_statement argv[11] = 600
Oct  3 00:16:26 mas01 dhcpd[29215]: execute_statement argv[12] = --hostname
Oct  3 00:16:26 mas01 dhcpd[29215]: execute_statement argv[13] = kvm01
Oct  3 00:16:26 mas01 dhcpd[29215]: execute_statement argv[14] = --socket
Oct  3 00:16:26 mas01 dhcpd[29215]: execute_statement argv[15] = /var/lib/maas/dhcpd.sock
Oct  3 00:16:26 mas01 dhcpd[29215]: DHCPREQUEST for 192.168.11.251 (192.168.11.3) from 00:25:b5:a0:00:2a via ens5
Oct  3 00:16:26 mas01 dhcpd[29215]: DHCPACK on 192.168.11.251 to 00:25:b5:a0:00:2a via ens5
Oct  3 00:16:26 mas01 dhcpd[29215]: DHCPDISCOVER from 00:25:b5:a0:00:5a via ens5
Oct  3 00:16:26 mas01 dhcpd[29215]: DHCPOFFER on 192.168.11.4 to 00:25:b5:a0:00:5a via ens5
Oct  3 00:16:26 mas01 dhcpd[29215]: execute_statement argv[0] = /usr/sbin/maas-dhcp-helper
Oct  3 00:16:26 mas01 dhcpd[29215]: execute_statement argv[1] = notify
Oct  3 00:16:26 mas01 dhcpd[29215]: execute_statement argv[2] = --action
Oct  3 00:16:26 mas01 dhcpd[29215]: execute_statement argv[3] = commit
Oct  3 00:16:26 mas01 dhcpd[29215]: execute_statement argv[4] = --mac
Oct  3 00:16:26 mas01 dhcpd[29215]: execute_statement argv[5] = 0:25:b5:a0:0:5a
Oct  3 00:16:26 mas01 dhcpd[29215]: execute_statement argv[6] = --ip-family
Oct  3 00:16:26 mas01 dhcpd[29215]: execute_statement argv[7] = ipv4
Oct  3 00:16:26 mas01 dhcpd[29215]: execute_statement argv[8] = --ip
Oct  3 00:16:26 mas01 dhcpd[29215]: execute_statement argv[9] = 192.168.11.4
Oct  3 00:16:26 mas01 dhcpd[29215]: execute_statement argv[10] = --lease-time
Oct  3 00:16:26 mas01 dhcpd[29215]: execute_statement argv[11] = 600
Oct  3 00:16:26 mas01 dhcpd[29215]: execute_statement argv[12] = --hostname
Oct  3 00:16:26 mas01 dhcpd[29215]: execute_statement argv[13] = cmp001
Oct  3 00:16:26 mas01 dhcpd[29215]: execute_statement argv[14] = --socket
Oct  3 00:16:26 mas01 dhcpd[29215]: execute_statement argv[15] = /var/lib/maas/dhcpd.sock
Oct  3 00:16:26 mas01 dhcpd[29215]: DHCPREQUEST for 192.168.11.4 (192.168.11.3) from 00:25:b5:a0:00:5a via ens5
Oct  3 00:16:26 mas01 dhcpd[29215]: DHCPACK on 192.168.11.4 to 00:25:b5:a0:00:5a via ens5
Oct  3 00:16:26 mas01 dhcpd[29215]: DHCPDISCOVER from 00:25:b5:a0:00:4a via ens5
Oct  3 00:16:26 mas01 dhcpd[29215]: DHCPOFFER on 192.168.11.253 to 00:25:b5:a0:00:4a via ens5
Oct  3 00:16:26 mas01 dhcpd[29215]: execute_statement argv[0] = /usr/sbin/maas-dhcp-helper
Oct  3 00:16:26 mas01 dhcpd[29215]: execute_statement argv[1] = notify
Oct  3 00:16:26 mas01 dhcpd[29215]: execute_statement argv[2] = --action
Oct  3 00:16:26 mas01 dhcpd[29215]: execute_statement argv[3] = commit
Oct  3 00:16:26 mas01 dhcpd[29215]: execute_statement argv[4] = --mac
Oct  3 00:16:26 mas01 dhcpd[29215]: execute_statement argv[5] = 0:25:b5:a0:0:4a
Oct  3 00:16:26 mas01 dhcpd[29215]: execute_statement argv[6] = --ip-family
Oct  3 00:16:26 mas01 dhcpd[29215]: execute_statement argv[7] = ipv4
Oct  3 00:16:26 mas01 dhcpd[29215]: execute_statement argv[8] = --ip
Oct  3 00:16:26 mas01 dhcpd[29215]: execute_statement argv[9] = 192.168.11.253
Oct  3 00:16:26 mas01 dhcpd[29215]: execute_statement argv[10] = --lease-time
Oct  3 00:16:26 mas01 dhcpd[29215]: execute_statement argv[11] = 600
Oct  3 00:16:26 mas01 dhcpd[29215]: execute_statement argv[12] = --hostname
Oct  3 00:16:26 mas01 dhcpd[29215]: execute_statement argv[13] = kvm03
Oct  3 00:16:26 mas01 dhcpd[29215]: execute_statement argv[14] = --socket
Oct  3 00:16:26 mas01 dhcpd[29215]: execute_statement argv[15] = /var/lib/maas/dhcpd.sock
Oct  3 00:16:26 mas01 dhcpd[29215]: DHCPREQUEST for 192.168.11.253 (192.168.11.3) from 00:25:b5:a0:00:4a via ens5
Oct  3 00:16:26 mas01 dhcpd[29215]: DHCPACK on 192.168.11.253 to 00:25:b5:a0:00:4a via ens5
Oct  3 00:16:26 mas01 salt-minion[4475]: [INFO    ] {'pid': 29547, 'retcode': 0, 'stderr': '', 'stdout': ''}
Oct  3 00:16:26 mas01 salt-minion[4475]: [INFO    ] Completed state [maas-region apikey --username opnfv > /var/lib/maas/.maas_credentials] at time 00:16:26.593153 duration_in_ms=1354.668
Oct  3 00:16:26 mas01 salt-minion[4475]: [INFO    ] Running state [maas.machines_status] at time 00:16:26.595095
Oct  3 00:16:26 mas01 salt-minion[4475]: [INFO    ] Executing state module.run for maas.machines_status
Oct  3 00:16:27 mas01 salt-minion[4475]: [INFO    ] {'ret': {'machines': ['hostname:cmp002,system_id:bca4tp,status:Deploying', 'hostname:cmp001,system_id:4bhecy,status:Deploying', 'hostname:kvm01,system_id:8mtrfk,status:Deploying', 'hostname:kvm03,system_id:aq6mc7,status:Deploying', 'hostname:kvm02,system_id:fcyc3g,status:Deploying'], 'summary': Counter({'Deploying': 5})}}
Oct  3 00:16:27 mas01 salt-minion[4475]: [INFO    ] Completed state [maas.machines_status] at time 00:16:27.020941 duration_in_ms=425.845
Oct  3 00:16:27 mas01 salt-minion[4475]: [INFO    ] Returning information for job: 20171003001623704774
Oct  3 00:16:27 mas01 sh[25590]: 2017-10-03 00:16:27 regiond: [info] 127.0.0.1 GET /MAAS/rpc/ HTTP/1.0 --> 200 OK (referrer: -; agent: provisioningserver.rpc.clusterservice.ClusterClientService)
Oct  3 00:16:29 mas01 sh[25584]: 2017-10-03 00:16:29 regiond: [info] 192.168.11.251 POST /MAAS/metadata/status/8mtrfk HTTP/1.1 --> 204 NO_CONTENT (referrer: -; agent: python-requests/2.9.1)
Oct  3 00:16:29 mas01 sh[26089]: 2017-10-03 00:16:29 regiond: [info] 192.168.11.251 POST /MAAS/metadata/status/8mtrfk HTTP/1.1 --> 204 NO_CONTENT (referrer: -; agent: python-requests/2.9.1)
Oct  3 00:16:29 mas01 sh[25611]: 2017-10-03 00:16:29 regiond: [info] 192.168.11.254 POST /MAAS/metadata/status/bca4tp HTTP/1.1 --> 204 NO_CONTENT (referrer: -; agent: python-requests/2.9.1)
Oct  3 00:16:29 mas01 sh[25611]: 2017-10-03 00:16:29 regiond: [info] 192.168.11.254 POST /MAAS/metadata/status/bca4tp HTTP/1.1 --> 204 NO_CONTENT (referrer: -; agent: python-requests/2.9.1)
Oct  3 00:16:30 mas01 sh[25584]: 2017-10-03 00:16:30 regiond: [info] 192.168.11.4 GET /MAAS/metadata/latest/by-id/4bhecy/?op=get_preseed HTTP/1.1 --> 200 OK (referrer: -; agent: Cloud-Init/0.7.9)
Oct  3 00:16:30 mas01 sh[25611]: 2017-10-03 00:16:30 regiond: [info] 192.168.11.254 POST /MAAS/metadata/status/bca4tp HTTP/1.1 --> 204 NO_CONTENT (referrer: -; agent: python-requests/2.9.1)
Oct  3 00:16:30 mas01 sh[25590]: 2017-10-03 00:16:30 regiond: [info] 192.168.11.4 POST /MAAS/metadata/status/4bhecy HTTP/1.1 --> 204 NO_CONTENT (referrer: -; agent: python-requests/2.9.1)
Oct  3 00:16:30 mas01 sh[26089]: 2017-10-03 00:16:30 regiond: [info] 192.168.11.4 POST /MAAS/metadata/status/4bhecy HTTP/1.1 --> 204 NO_CONTENT (referrer: -; agent: python-requests/2.9.1)
Oct  3 00:16:30 mas01 sh[25584]: 2017-10-03 00:16:30 regiond: [info] 192.168.11.251 POST /MAAS/metadata/status/8mtrfk HTTP/1.1 --> 204 NO_CONTENT (referrer: -; agent: python-requests/2.9.1)
Oct  3 00:16:30 mas01 sh[25584]: 2017-10-03 00:16:30 regiond: [info] 192.168.11.253 GET /MAAS/metadata/latest/by-id/aq6mc7/?op=get_preseed HTTP/1.1 --> 200 OK (referrer: -; agent: Cloud-Init/0.7.9)
Oct  3 00:16:30 mas01 sh[25584]: 2017-10-03 00:16:30 regiond: [info] 192.168.11.4 POST /MAAS/metadata/status/4bhecy HTTP/1.1 --> 204 NO_CONTENT (referrer: -; agent: python-requests/2.9.1)
Oct  3 00:16:30 mas01 sh[25584]: 2017-10-03 00:16:30 regiond: [info] 192.168.11.253 POST /MAAS/metadata/status/aq6mc7 HTTP/1.1 --> 204 NO_CONTENT (referrer: -; agent: python-requests/2.9.1)
Oct  3 00:16:30 mas01 sh[25584]: message repeated 2 times: [ 2017-10-03 00:16:30 regiond: [info] 192.168.11.253 POST /MAAS/metadata/status/aq6mc7 HTTP/1.1 --> 204 NO_CONTENT (referrer: -; agent: python-requests/2.9.1)]
Oct  3 00:16:30 mas01 sh[26089]: 2017-10-03 00:16:30 regiond: [info] 192.168.11.254 POST /MAAS/metadata/status/bca4tp HTTP/1.1 --> 204 NO_CONTENT (referrer: -; agent: python-requests/2.9.1)
Oct  3 00:16:30 mas01 sh[25590]: 2017-10-03 00:16:30 regiond: [info] 192.168.11.254 POST /MAAS/metadata/status/bca4tp HTTP/1.1 --> 204 NO_CONTENT (referrer: -; agent: python-requests/2.9.1)
Oct  3 00:16:30 mas01 sh[25584]: 2017-10-03 00:16:30 regiond: [info] 192.168.11.251 GET /MAAS/metadata/latest/by-id/8mtrfk/?op=get_preseed HTTP/1.1 --> 200 OK (referrer: -; agent: Cloud-Init/0.7.9)
Oct  3 00:16:30 mas01 sh[26089]: 2017-10-03 00:16:30 regiond: [info] 192.168.11.254 POST /MAAS/metadata/status/bca4tp HTTP/1.1 --> 204 NO_CONTENT (referrer: -; agent: python-requests/2.9.1)
Oct  3 00:16:30 mas01 sh[25611]: 2017-10-03 00:16:30 regiond: [info] 192.168.11.251 POST /MAAS/metadata/status/8mtrfk HTTP/1.1 --> 204 NO_CONTENT (referrer: -; agent: python-requests/2.9.1)
Oct  3 00:16:30 mas01 sh[25611]: 2017-10-03 00:16:30 regiond: [info] 192.168.11.251 POST /MAAS/metadata/status/8mtrfk HTTP/1.1 --> 204 NO_CONTENT (referrer: -; agent: python-requests/2.9.1)
Oct  3 00:16:30 mas01 sh[25590]: 2017-10-03 00:16:30 regiond: [info] 192.168.11.251 POST /MAAS/metadata/status/8mtrfk HTTP/1.1 --> 204 NO_CONTENT (referrer: -; agent: python-requests/2.9.1)
Oct  3 00:16:30 mas01 sh[26089]: 2017-10-03 00:16:30 regiond: [info] 192.168.11.254 GET /MAAS/metadata/curtin/2012-03-01/meta-data/instance-id HTTP/1.1 --> 200 OK (referrer: -; agent: Cloud-Init/0.7.9)
Oct  3 00:16:30 mas01 sh[26089]: 2017-10-03 00:16:30 regiond: [info] 192.168.11.251 GET /MAAS/metadata/curtin/2012-03-01/meta-data/instance-id HTTP/1.1 --> 200 OK (referrer: -; agent: Cloud-Init/0.7.9)
Oct  3 00:16:30 mas01 sh[25611]: 2017-10-03 00:16:30 regiond: [info] 192.168.11.254 GET /MAAS/metadata/curtin/2012-03-01/meta-data/instance-id HTTP/1.1 --> 200 OK (referrer: -; agent: python-requests/2.9.1)
Oct  3 00:16:30 mas01 sh[25584]: 2017-10-03 00:16:30 regiond: [info] 192.168.11.4 POST /MAAS/metadata/status/4bhecy HTTP/1.1 --> 204 NO_CONTENT (referrer: -; agent: python-requests/2.9.1)
Oct  3 00:16:30 mas01 sh[25584]: 2017-10-03 00:16:30 regiond: [info] 192.168.11.4 POST /MAAS/metadata/status/4bhecy HTTP/1.1 --> 204 NO_CONTENT (referrer: -; agent: python-requests/2.9.1)
Oct  3 00:16:30 mas01 sh[25611]: 2017-10-03 00:16:30 regiond: [info] 192.168.11.251 GET /MAAS/metadata/curtin/2012-03-01/meta-data/instance-id HTTP/1.1 --> 200 OK (referrer: -; agent: python-requests/2.9.1)
Oct  3 00:16:30 mas01 sh[25584]: 2017-10-03 00:16:30 regiond: [info] 192.168.11.4 POST /MAAS/metadata/status/4bhecy HTTP/1.1 --> 204 NO_CONTENT (referrer: -; agent: python-requests/2.9.1)
Oct  3 00:16:30 mas01 sh[25584]: 2017-10-03 00:16:30 regiond: [info] 192.168.11.254 GET /MAAS/metadata/curtin/2012-03-01/meta-data/local-hostname HTTP/1.1 --> 200 OK (referrer: -; agent: python-requests/2.9.1)
Oct  3 00:16:30 mas01 sh[25584]: 2017-10-03 00:16:30 regiond: [info] 192.168.11.4 GET /MAAS/metadata/curtin/2012-03-01/meta-data/instance-id HTTP/1.1 --> 200 OK (referrer: -; agent: Cloud-Init/0.7.9)
Oct  3 00:16:30 mas01 sh[25611]: 2017-10-03 00:16:30 regiond: [info] 192.168.11.251 GET /MAAS/metadata/curtin/2012-03-01/meta-data/local-hostname HTTP/1.1 --> 200 OK (referrer: -; agent: python-requests/2.9.1)
Oct  3 00:16:30 mas01 sh[26089]: 2017-10-03 00:16:30 regiond: [info] 192.168.11.4 GET /MAAS/metadata/curtin/2012-03-01/meta-data/instance-id HTTP/1.1 --> 200 OK (referrer: -; agent: python-requests/2.9.1)
Oct  3 00:16:30 mas01 sh[25584]: 2017-10-03 00:16:30 regiond: [info] 192.168.11.251 GET /MAAS/metadata/curtin/2012-03-01/meta-data/public-keys HTTP/1.1 --> 200 OK (referrer: -; agent: python-requests/2.9.1)
Oct  3 00:16:30 mas01 sh[26089]: 2017-10-03 00:16:30 regiond: [info] 192.168.11.254 GET /MAAS/metadata/curtin/2012-03-01/meta-data/vendor-data HTTP/1.1 --> 200 OK (referrer: -; agent: python-requests/2.9.1)
Oct  3 00:16:30 mas01 sh[25590]: 2017-10-03 00:16:30 regiond: [info] 192.168.11.253 POST /MAAS/metadata/status/aq6mc7 HTTP/1.1 --> 204 NO_CONTENT (referrer: -; agent: python-requests/2.9.1)
Oct  3 00:16:30 mas01 sh[25590]: 2017-10-03 00:16:30 regiond: [info] 192.168.11.4 GET /MAAS/metadata/curtin/2012-03-01/meta-data/local-hostname HTTP/1.1 --> 200 OK (referrer: -; agent: python-requests/2.9.1)
Oct  3 00:16:30 mas01 sh[25611]: 2017-10-03 00:16:30 regiond: [info] 192.168.11.253 POST /MAAS/metadata/status/aq6mc7 HTTP/1.1 --> 204 NO_CONTENT (referrer: -; agent: python-requests/2.9.1)
Oct  3 00:16:30 mas01 sh[25611]: 2017-10-03 00:16:30 regiond: [info] 192.168.11.253 POST /MAAS/metadata/status/aq6mc7 HTTP/1.1 --> 204 NO_CONTENT (referrer: -; agent: python-requests/2.9.1)
Oct  3 00:16:30 mas01 sh[26089]: 2017-10-03 00:16:30 regiond: [info] 192.168.11.251 GET /MAAS/metadata/curtin/2012-03-01/meta-data/vendor-data HTTP/1.1 --> 200 OK (referrer: -; agent: python-requests/2.9.1)
Oct  3 00:16:30 mas01 sh[26089]: 2017-10-03 00:16:30 regiond: [info] 192.168.11.4 GET /MAAS/metadata/curtin/2012-03-01/meta-data/public-keys HTTP/1.1 --> 200 OK (referrer: -; agent: python-requests/2.9.1)
Oct  3 00:16:30 mas01 sh[25590]: 2017-10-03 00:16:30 regiond: [info] 192.168.11.253 GET /MAAS/metadata/curtin/2012-03-01/meta-data/instance-id HTTP/1.1 --> 200 OK (referrer: -; agent: Cloud-Init/0.7.9)
Oct  3 00:16:31 mas01 sh[25584]: 2017-10-03 00:16:31 regiond: [info] 192.168.11.4 GET /MAAS/metadata/curtin/2012-03-01/meta-data/vendor-data HTTP/1.1 --> 200 OK (referrer: -; agent: python-requests/2.9.1)
Oct  3 00:16:31 mas01 sh[25611]: 2017-10-03 00:16:31 regiond: [info] 192.168.11.253 GET /MAAS/metadata/curtin/2012-03-01/meta-data/instance-id HTTP/1.1 --> 200 OK (referrer: -; agent: python-requests/2.9.1)
Oct  3 00:16:31 mas01 sh[25611]: 2017-10-03 00:16:31 maasserver.preseed: [warn] WARNING: '/etc/maas/preseeds/curtin_userdata_amd64_generic_xenial' contains deprecated preseed variables. Please remove: main_archive_directory, ports_archive_directory, http_proxy
Oct  3 00:16:31 mas01 sh[25590]: 2017-10-03 00:16:31 maasserver.preseed: [warn] WARNING: '/etc/maas/preseeds/curtin_userdata_amd64_generic_xenial' contains deprecated preseed variables. Please remove: main_archive_directory, ports_archive_directory, http_proxy
Oct  3 00:16:31 mas01 sh[25611]: 2017-10-03 00:16:31 regiond: [info] 192.168.11.253 GET /MAAS/metadata/curtin/2012-03-01/meta-data/local-hostname HTTP/1.1 --> 200 OK (referrer: -; agent: python-requests/2.9.1)
Oct  3 00:16:31 mas01 sh[25590]: 2017-10-03 00:16:31 maasserver.preseed: [warn] WARNING: '/etc/maas/preseeds/curtin_userdata_amd64_generic_xenial' contains deprecated preseed variables. Please remove: main_archive_directory, ports_archive_directory, http_proxy
Oct  3 00:16:31 mas01 sh[25611]: 2017-10-03 00:16:31 regiond: [info] 192.168.11.253 GET /MAAS/metadata/curtin/2012-03-01/meta-data/vendor-data HTTP/1.1 --> 200 OK (referrer: -; agent: python-requests/2.9.1)
Oct  3 00:16:31 mas01 sh[25584]: 2017-10-03 00:16:31 maasserver.preseed: [warn] WARNING: '/etc/maas/preseeds/curtin_userdata_amd64_generic_xenial' contains deprecated preseed variables. Please remove: main_archive_directory, ports_archive_directory, http_proxy
Oct  3 00:16:31 mas01 sh[25611]: 2017-10-03 00:16:31 regiond: [info] 192.168.11.251 GET /MAAS/metadata/curtin/2012-03-01/user-data HTTP/1.1 --> 200 OK (referrer: -; agent: python-requests/2.9.1)
Oct  3 00:16:31 mas01 sh[25590]: 2017-10-03 00:16:31 regiond: [info] 192.168.11.251 POST /MAAS/metadata/status/8mtrfk HTTP/1.1 --> 204 NO_CONTENT (referrer: -; agent: python-requests/2.9.1)
Oct  3 00:16:31 mas01 sh[25584]: 2017-10-03 00:16:31 regiond: [info] 192.168.11.251 POST /MAAS/metadata/status/8mtrfk HTTP/1.1 --> 204 NO_CONTENT (referrer: -; agent: python-requests/2.9.1)
Oct  3 00:16:31 mas01 sh[25584]: message repeated 2 times: [ 2017-10-03 00:16:31 regiond: [info] 192.168.11.251 POST /MAAS/metadata/status/8mtrfk HTTP/1.1 --> 204 NO_CONTENT (referrer: -; agent: python-requests/2.9.1)]
Oct  3 00:16:31 mas01 sh[25611]: 2017-10-03 00:16:31 regiond: [info] 192.168.11.251 POST /MAAS/metadata/status/8mtrfk HTTP/1.1 --> 204 NO_CONTENT (referrer: -; agent: python-requests/2.9.1)
Oct  3 00:16:31 mas01 sh[25590]: 2017-10-03 00:16:31 regiond: [info] 192.168.11.254 GET /MAAS/metadata/curtin/2012-03-01/user-data HTTP/1.1 --> 200 OK (referrer: -; agent: python-requests/2.9.1)
Oct  3 00:16:31 mas01 sh[26089]: 2017-10-03 00:16:31 regiond: [info] 192.168.11.254 POST /MAAS/metadata/status/bca4tp HTTP/1.1 --> 204 NO_CONTENT (referrer: -; agent: python-requests/2.9.1)
Oct  3 00:16:31 mas01 sh[25611]: 2017-10-03 00:16:31 regiond: [info] 192.168.11.251 POST /MAAS/metadata/status/8mtrfk HTTP/1.1 --> 204 NO_CONTENT (referrer: -; agent: python-requests/2.9.1)
Oct  3 00:16:31 mas01 sh[25611]: 2017-10-03 00:16:31 regiond: [info] 192.168.11.251 POST /MAAS/metadata/status/8mtrfk HTTP/1.1 --> 204 NO_CONTENT (referrer: -; agent: python-requests/2.9.1)
Oct  3 00:16:31 mas01 sh[25590]: 2017-10-03 00:16:31 regiond: [info] 192.168.11.251 POST /MAAS/metadata/status/8mtrfk HTTP/1.1 --> 204 NO_CONTENT (referrer: -; agent: python-requests/2.9.1)
Oct  3 00:16:31 mas01 sh[26089]: 2017-10-03 00:16:31 regiond: [info] 192.168.11.251 POST /MAAS/metadata/status/8mtrfk HTTP/1.1 --> 204 NO_CONTENT (referrer: -; agent: python-requests/2.9.1)
Oct  3 00:16:31 mas01 sh[26089]: 2017-10-03 00:16:31 regiond: [info] 192.168.11.254 POST /MAAS/metadata/status/bca4tp HTTP/1.1 --> 204 NO_CONTENT (referrer: -; agent: python-requests/2.9.1)
Oct  3 00:16:31 mas01 sh[26089]: 2017-10-03 00:16:31 regiond: [info] 192.168.11.251 POST /MAAS/metadata/status/8mtrfk HTTP/1.1 --> 204 NO_CONTENT (referrer: -; agent: python-requests/2.9.1)
Oct  3 00:16:31 mas01 sh[25590]: 2017-10-03 00:16:31 regiond: [info] 192.168.11.253 POST /MAAS/metadata/status/aq6mc7 HTTP/1.1 --> 204 NO_CONTENT (referrer: -; agent: python-requests/2.9.1)
Oct  3 00:16:31 mas01 sh[25590]: 2017-10-03 00:16:31 regiond: [info] 192.168.11.251 POST /MAAS/metadata/status/8mtrfk HTTP/1.1 --> 204 NO_CONTENT (referrer: -; agent: python-requests/2.9.1)
Oct  3 00:16:31 mas01 sh[25590]: 2017-10-03 00:16:31 regiond: [info] 192.168.11.254 POST /MAAS/metadata/status/bca4tp HTTP/1.1 --> 204 NO_CONTENT (referrer: -; agent: python-requests/2.9.1)
Oct  3 00:16:31 mas01 sh[26089]: 2017-10-03 00:16:31 regiond: [info] 192.168.11.251 POST /MAAS/metadata/status/8mtrfk HTTP/1.1 --> 204 NO_CONTENT (referrer: -; agent: python-requests/2.9.1)
Oct  3 00:16:31 mas01 sh[25611]: 2017-10-03 00:16:31 regiond: [info] 192.168.11.254 POST /MAAS/metadata/status/bca4tp HTTP/1.1 --> 204 NO_CONTENT (referrer: -; agent: python-requests/2.9.1)
Oct  3 00:16:31 mas01 sh[25590]: 2017-10-03 00:16:31 regiond: [info] 192.168.11.4 GET /MAAS/metadata/curtin/2012-03-01/user-data HTTP/1.1 --> 200 OK (referrer: -; agent: python-requests/2.9.1)
Oct  3 00:16:31 mas01 sh[25590]: 2017-10-03 00:16:31 regiond: [info] 192.168.11.251 POST /MAAS/metadata/status/8mtrfk HTTP/1.1 --> 204 NO_CONTENT (referrer: -; agent: python-requests/2.9.1)
Oct  3 00:16:31 mas01 sh[25584]: 2017-10-03 00:16:31 regiond: [info] 192.168.11.4 POST /MAAS/metadata/status/4bhecy HTTP/1.1 --> 204 NO_CONTENT (referrer: -; agent: python-requests/2.9.1)
Oct  3 00:16:31 mas01 sh[25584]: 2017-10-03 00:16:31 regiond: [info] 192.168.11.251 POST /MAAS/metadata/status/8mtrfk HTTP/1.1 --> 204 NO_CONTENT (referrer: -; agent: python-requests/2.9.1)
Oct  3 00:16:31 mas01 sh[25611]: 2017-10-03 00:16:31 regiond: [info] 192.168.11.254 POST /MAAS/metadata/status/bca4tp HTTP/1.1 --> 204 NO_CONTENT (referrer: -; agent: python-requests/2.9.1)
Oct  3 00:16:31 mas01 sh[25590]: 2017-10-03 00:16:31 regiond: [info] 192.168.11.251 POST /MAAS/metadata/status/8mtrfk HTTP/1.1 --> 204 NO_CONTENT (referrer: -; agent: python-requests/2.9.1)
Oct  3 00:16:31 mas01 sh[26089]: 2017-10-03 00:16:31 regiond: [info] 192.168.11.251 POST /MAAS/metadata/status/8mtrfk HTTP/1.1 --> 204 NO_CONTENT (referrer: -; agent: python-requests/2.9.1)
Oct  3 00:16:31 mas01 sh[25590]: 2017-10-03 00:16:31 regiond: [info] 192.168.11.251 POST /MAAS/metadata/status/8mtrfk HTTP/1.1 --> 204 NO_CONTENT (referrer: -; agent: python-requests/2.9.1)
Oct  3 00:16:31 mas01 sh[26089]: 2017-10-03 00:16:31 regiond: [info] 192.168.11.251 POST /MAAS/metadata/status/8mtrfk HTTP/1.1 --> 204 NO_CONTENT (referrer: -; agent: python-requests/2.9.1)
Oct  3 00:16:31 mas01 sh[25611]: 2017-10-03 00:16:31 regiond: [info] 192.168.11.251 POST /MAAS/metadata/status/8mtrfk HTTP/1.1 --> 204 NO_CONTENT (referrer: -; agent: python-requests/2.9.1)
Oct  3 00:16:31 mas01 sh[26089]: 2017-10-03 00:16:31 regiond: [info] 192.168.11.251 POST /MAAS/metadata/status/8mtrfk HTTP/1.1 --> 204 NO_CONTENT (referrer: -; agent: python-requests/2.9.1)
Oct  3 00:16:31 mas01 sh[25590]: 2017-10-03 00:16:31 regiond: [info] 192.168.11.251 POST /MAAS/metadata/status/8mtrfk HTTP/1.1 --> 204 NO_CONTENT (referrer: -; agent: python-requests/2.9.1)
Oct  3 00:16:31 mas01 sh[26089]: 2017-10-03 00:16:31 regiond: [info] 192.168.11.251 POST /MAAS/metadata/status/8mtrfk HTTP/1.1 --> 204 NO_CONTENT (referrer: -; agent: python-requests/2.9.1)
Oct  3 00:16:31 mas01 sh[25590]: 2017-10-03 00:16:31 regiond: [info] 192.168.11.251 POST /MAAS/metadata/status/8mtrfk HTTP/1.1 --> 204 NO_CONTENT (referrer: -; agent: python-requests/2.9.1)
Oct  3 00:16:31 mas01 sh[26089]: 2017-10-03 00:16:31 regiond: [info] 192.168.11.251 POST /MAAS/metadata/status/8mtrfk HTTP/1.1 --> 204 NO_CONTENT (referrer: -; agent: python-requests/2.9.1)
Oct  3 00:16:31 mas01 sh[26089]: 2017-10-03 00:16:31 regiond: [info] 192.168.11.253 POST /MAAS/metadata/status/aq6mc7 HTTP/1.1 --> 204 NO_CONTENT (referrer: -; agent: python-requests/2.9.1)
Oct  3 00:16:31 mas01 sh[25590]: 2017-10-03 00:16:31 regiond: [info] 192.168.11.253 POST /MAAS/metadata/status/aq6mc7 HTTP/1.1 --> 204 NO_CONTENT (referrer: -; agent: python-requests/2.9.1)
Oct  3 00:16:31 mas01 sh[25584]: 2017-10-03 00:16:31 regiond: [info] 192.168.11.251 POST /MAAS/metadata/status/8mtrfk HTTP/1.1 --> 204 NO_CONTENT (referrer: -; agent: python-requests/2.9.1)
Oct  3 00:16:31 mas01 sh[25611]: 2017-10-03 00:16:31 regiond: [info] 192.168.11.253 POST /MAAS/metadata/status/aq6mc7 HTTP/1.1 --> 204 NO_CONTENT (referrer: -; agent: python-requests/2.9.1)
Oct  3 00:16:31 mas01 sh[25611]: 2017-10-03 00:16:31 regiond: [info] 192.168.11.4 POST /MAAS/metadata/status/4bhecy HTTP/1.1 --> 204 NO_CONTENT (referrer: -; agent: python-requests/2.9.1)
Oct  3 00:16:31 mas01 sh[25611]: 2017-10-03 00:16:31 regiond: [info] 192.168.11.251 POST /MAAS/metadata/status/8mtrfk HTTP/1.1 --> 204 NO_CONTENT (referrer: -; agent: python-requests/2.9.1)
Oct  3 00:16:31 mas01 sh[25590]: 2017-10-03 00:16:31 regiond: [info] 192.168.11.251 POST /MAAS/metadata/status/8mtrfk HTTP/1.1 --> 204 NO_CONTENT (referrer: -; agent: python-requests/2.9.1)
Oct  3 00:16:31 mas01 sh[25584]: 2017-10-03 00:16:31 regiond: [info] 192.168.11.253 POST /MAAS/metadata/status/aq6mc7 HTTP/1.1 --> 204 NO_CONTENT (referrer: -; agent: python-requests/2.9.1)
Oct  3 00:16:31 mas01 sh[26089]: 2017-10-03 00:16:31 regiond: [info] 192.168.11.4 POST /MAAS/metadata/status/4bhecy HTTP/1.1 --> 204 NO_CONTENT (referrer: -; agent: python-requests/2.9.1)
Oct  3 00:16:31 mas01 sh[25584]: 2017-10-03 00:16:31 regiond: [info] 192.168.11.251 POST /MAAS/metadata/status/8mtrfk HTTP/1.1 --> 204 NO_CONTENT (referrer: -; agent: python-requests/2.9.1)
Oct  3 00:16:31 mas01 sh[25611]: 2017-10-03 00:16:31 regiond: [info] 192.168.11.4 POST /MAAS/metadata/status/4bhecy HTTP/1.1 --> 204 NO_CONTENT (referrer: -; agent: python-requests/2.9.1)
Oct  3 00:16:31 mas01 sh[25590]: 2017-10-03 00:16:31 regiond: [info] 192.168.11.251 POST /MAAS/metadata/status/8mtrfk HTTP/1.1 --> 204 NO_CONTENT (referrer: -; agent: python-requests/2.9.1)
Oct  3 00:16:31 mas01 sh[25590]: 2017-10-03 00:16:31 regiond: [info] 192.168.11.4 POST /MAAS/metadata/status/4bhecy HTTP/1.1 --> 204 NO_CONTENT (referrer: -; agent: python-requests/2.9.1)
Oct  3 00:16:31 mas01 sh[26089]: 2017-10-03 00:16:31 regiond: [info] 192.168.11.251 POST /MAAS/metadata/status/8mtrfk HTTP/1.1 --> 204 NO_CONTENT (referrer: -; agent: python-requests/2.9.1)
Oct  3 00:16:31 mas01 sh[25590]: 2017-10-03 00:16:31 regiond: [info] 192.168.11.251 POST /MAAS/metadata/status/8mtrfk HTTP/1.1 --> 204 NO_CONTENT (referrer: -; agent: python-requests/2.9.1)
Oct  3 00:16:31 mas01 sh[25611]: 2017-10-03 00:16:31 regiond: [info] 192.168.11.251 POST /MAAS/metadata/status/8mtrfk HTTP/1.1 --> 204 NO_CONTENT (referrer: -; agent: python-requests/2.9.1)
Oct  3 00:16:31 mas01 sh[25611]: 2017-10-03 00:16:31 regiond: [info] 192.168.11.251 POST /MAAS/metadata/status/8mtrfk HTTP/1.1 --> 204 NO_CONTENT (referrer: -; agent: python-requests/2.9.1)
Oct  3 00:16:31 mas01 sh[25590]: 2017-10-03 00:16:31 regiond: [info] 192.168.11.251 POST /MAAS/metadata/status/8mtrfk HTTP/1.1 --> 204 NO_CONTENT (referrer: -; agent: python-requests/2.9.1)
Oct  3 00:16:31 mas01 sh[25584]: 2017-10-03 00:16:31 regiond: [info] 192.168.11.254 POST /MAAS/metadata/status/bca4tp HTTP/1.1 --> 204 NO_CONTENT (referrer: -; agent: python-requests/2.9.1)
Oct  3 00:16:31 mas01 sh[25611]: 2017-10-03 00:16:31 regiond: [info] 192.168.11.254 POST /MAAS/metadata/status/bca4tp HTTP/1.1 --> 204 NO_CONTENT (referrer: -; agent: python-requests/2.9.1)
Oct  3 00:16:31 mas01 sh[26089]: 2017-10-03 00:16:31 regiond: [info] 192.168.11.254 POST /MAAS/metadata/status/bca4tp HTTP/1.1 --> 204 NO_CONTENT (referrer: -; agent: python-requests/2.9.1)
Oct  3 00:16:31 mas01 sh[25590]: 2017-10-03 00:16:31 regiond: [info] 192.168.11.254 POST /MAAS/metadata/status/bca4tp HTTP/1.1 --> 204 NO_CONTENT (referrer: -; agent: python-requests/2.9.1)
Oct  3 00:16:31 mas01 sh[25611]: 2017-10-03 00:16:31 regiond: [info] 192.168.11.254 POST /MAAS/metadata/status/bca4tp HTTP/1.1 --> 204 NO_CONTENT (referrer: -; agent: python-requests/2.9.1)
Oct  3 00:16:31 mas01 sh[25590]: 2017-10-03 00:16:31 regiond: [info] 192.168.11.254 POST /MAAS/metadata/status/bca4tp HTTP/1.1 --> 204 NO_CONTENT (referrer: -; agent: python-requests/2.9.1)
Oct  3 00:16:31 mas01 sh[25590]: 2017-10-03 00:16:31 regiond: [info] 192.168.11.254 POST /MAAS/metadata/status/bca4tp HTTP/1.1 --> 204 NO_CONTENT (referrer: -; agent: python-requests/2.9.1)
Oct  3 00:16:31 mas01 sh[25611]: 2017-10-03 00:16:31 regiond: [info] 192.168.11.254 POST /MAAS/metadata/status/bca4tp HTTP/1.1 --> 204 NO_CONTENT (referrer: -; agent: python-requests/2.9.1)
Oct  3 00:16:31 mas01 sh[25611]: 2017-10-03 00:16:31 regiond: [info] 192.168.11.254 POST /MAAS/metadata/status/bca4tp HTTP/1.1 --> 204 NO_CONTENT (referrer: -; agent: python-requests/2.9.1)
Oct  3 00:16:31 mas01 sh[26089]: 2017-10-03 00:16:31 regiond: [info] 192.168.11.254 POST /MAAS/metadata/status/bca4tp HTTP/1.1 --> 204 NO_CONTENT (referrer: -; agent: python-requests/2.9.1)
Oct  3 00:16:31 mas01 sh[25590]: 2017-10-03 00:16:31 regiond: [info] 192.168.11.251 POST /MAAS/metadata/status/8mtrfk HTTP/1.1 --> 204 NO_CONTENT (referrer: -; agent: python-requests/2.9.1)
Oct  3 00:16:31 mas01 sh[26089]: 2017-10-03 00:16:31 regiond: [info] 192.168.11.254 POST /MAAS/metadata/status/bca4tp HTTP/1.1 --> 204 NO_CONTENT (referrer: -; agent: python-requests/2.9.1)
Oct  3 00:16:31 mas01 sh[26089]: 2017-10-03 00:16:31 regiond: [info] 192.168.11.251 POST /MAAS/metadata/status/8mtrfk HTTP/1.1 --> 204 NO_CONTENT (referrer: -; agent: python-requests/2.9.1)
Oct  3 00:16:32 mas01 sh[26089]: 2017-10-03 00:16:32 regiond: [info] 192.168.11.254 POST /MAAS/metadata/status/bca4tp HTTP/1.1 --> 204 NO_CONTENT (referrer: -; agent: python-requests/2.9.1)
Oct  3 00:16:32 mas01 sh[25611]: 2017-10-03 00:16:32 regiond: [info] 192.168.11.254 POST /MAAS/metadata/status/bca4tp HTTP/1.1 --> 204 NO_CONTENT (referrer: -; agent: python-requests/2.9.1)
Oct  3 00:16:32 mas01 sh[25611]: 2017-10-03 00:16:32 regiond: [info] 192.168.11.254 POST /MAAS/metadata/status/bca4tp HTTP/1.1 --> 204 NO_CONTENT (referrer: -; agent: python-requests/2.9.1)
Oct  3 00:16:32 mas01 sh[26089]: 2017-10-03 00:16:32 regiond: [info] 192.168.11.254 POST /MAAS/metadata/status/bca4tp HTTP/1.1 --> 204 NO_CONTENT (referrer: -; agent: python-requests/2.9.1)
Oct  3 00:16:32 mas01 sh[25611]: 2017-10-03 00:16:32 regiond: [info] 192.168.11.254 POST /MAAS/metadata/status/bca4tp HTTP/1.1 --> 204 NO_CONTENT (referrer: -; agent: python-requests/2.9.1)
Oct  3 00:16:32 mas01 sh[25611]: 2017-10-03 00:16:32 regiond: [info] 192.168.11.253 POST /MAAS/metadata/status/aq6mc7 HTTP/1.1 --> 204 NO_CONTENT (referrer: -; agent: python-requests/2.9.1)
Oct  3 00:16:32 mas01 sh[25584]: 2017-10-03 00:16:32 regiond: [info] 192.168.11.254 POST /MAAS/metadata/status/bca4tp HTTP/1.1 --> 204 NO_CONTENT (referrer: -; agent: python-requests/2.9.1)
Oct  3 00:16:32 mas01 sh[25590]: 2017-10-03 00:16:32 regiond: [info] 192.168.11.253 POST /MAAS/metadata/status/aq6mc7 HTTP/1.1 --> 204 NO_CONTENT (referrer: -; agent: python-requests/2.9.1)
Oct  3 00:16:32 mas01 sh[25584]: 2017-10-03 00:16:32 regiond: [info] 192.168.11.254 POST /MAAS/metadata/status/bca4tp HTTP/1.1 --> 204 NO_CONTENT (referrer: -; agent: python-requests/2.9.1)
Oct  3 00:16:32 mas01 sh[26089]: 2017-10-03 00:16:32 regiond: [info] 192.168.11.253 POST /MAAS/metadata/status/aq6mc7 HTTP/1.1 --> 204 NO_CONTENT (referrer: -; agent: python-requests/2.9.1)
Oct  3 00:16:32 mas01 sh[26089]: 2017-10-03 00:16:32 regiond: [info] 192.168.11.254 POST /MAAS/metadata/status/bca4tp HTTP/1.1 --> 204 NO_CONTENT (referrer: -; agent: python-requests/2.9.1)
Oct  3 00:16:32 mas01 sh[25590]: 2017-10-03 00:16:32 regiond: [info] 192.168.11.253 POST /MAAS/metadata/status/aq6mc7 HTTP/1.1 --> 204 NO_CONTENT (referrer: -; agent: python-requests/2.9.1)
Oct  3 00:16:32 mas01 sh[25611]: 2017-10-03 00:16:32 regiond: [info] 192.168.11.253 POST /MAAS/metadata/status/aq6mc7 HTTP/1.1 --> 204 NO_CONTENT (referrer: -; agent: python-requests/2.9.1)
Oct  3 00:16:32 mas01 sh[25584]: 2017-10-03 00:16:32 regiond: [info] 192.168.11.4 POST /MAAS/metadata/status/4bhecy HTTP/1.1 --> 204 NO_CONTENT (referrer: -; agent: python-requests/2.9.1)
Oct  3 00:16:32 mas01 sh[25590]: 2017-10-03 00:16:32 regiond: [info] 192.168.11.253 POST /MAAS/metadata/status/aq6mc7 HTTP/1.1 --> 204 NO_CONTENT (referrer: -; agent: python-requests/2.9.1)
Oct  3 00:16:32 mas01 sh[25590]: 2017-10-03 00:16:32 regiond: [info] 192.168.11.4 POST /MAAS/metadata/status/4bhecy HTTP/1.1 --> 204 NO_CONTENT (referrer: -; agent: python-requests/2.9.1)
Oct  3 00:16:32 mas01 sh[26089]: 2017-10-03 00:16:32 regiond: [info] 192.168.11.254 POST /MAAS/metadata/status/bca4tp HTTP/1.1 --> 204 NO_CONTENT (referrer: -; agent: python-requests/2.9.1)
Oct  3 00:16:32 mas01 sh[25611]: 2017-10-03 00:16:32 regiond: [info] 192.168.11.253 POST /MAAS/metadata/status/aq6mc7 HTTP/1.1 --> 204 NO_CONTENT (referrer: -; agent: python-requests/2.9.1)
Oct  3 00:16:32 mas01 sh[25611]: 2017-10-03 00:16:32 regiond: [info] 192.168.11.4 POST /MAAS/metadata/status/4bhecy HTTP/1.1 --> 204 NO_CONTENT (referrer: -; agent: python-requests/2.9.1)
Oct  3 00:16:32 mas01 sh[25584]: 2017-10-03 00:16:32 regiond: [info] 192.168.11.254 POST /MAAS/metadata/status/bca4tp HTTP/1.1 --> 204 NO_CONTENT (referrer: -; agent: python-requests/2.9.1)
Oct  3 00:16:32 mas01 sh[25611]: 2017-10-03 00:16:32 regiond: [info] 192.168.11.253 POST /MAAS/metadata/status/aq6mc7 HTTP/1.1 --> 204 NO_CONTENT (referrer: -; agent: python-requests/2.9.1)
Oct  3 00:16:32 mas01 sh[26089]: 2017-10-03 00:16:32 regiond: [info] 192.168.11.254 POST /MAAS/metadata/status/bca4tp HTTP/1.1 --> 204 NO_CONTENT (referrer: -; agent: python-requests/2.9.1)
Oct  3 00:16:32 mas01 sh[25611]: 2017-10-03 00:16:32 regiond: [info] 192.168.11.4 POST /MAAS/metadata/status/4bhecy HTTP/1.1 --> 204 NO_CONTENT (referrer: -; agent: python-requests/2.9.1)
Oct  3 00:16:32 mas01 sh[26089]: 2017-10-03 00:16:32 regiond: [info] 192.168.11.253 POST /MAAS/metadata/status/aq6mc7 HTTP/1.1 --> 204 NO_CONTENT (referrer: -; agent: python-requests/2.9.1)
Oct  3 00:16:32 mas01 sh[26089]: 2017-10-03 00:16:32 regiond: [info] 192.168.11.254 POST /MAAS/metadata/status/bca4tp HTTP/1.1 --> 204 NO_CONTENT (referrer: -; agent: python-requests/2.9.1)
Oct  3 00:16:32 mas01 sh[25611]: 2017-10-03 00:16:32 regiond: [info] 192.168.11.4 POST /MAAS/metadata/status/4bhecy HTTP/1.1 --> 204 NO_CONTENT (referrer: -; agent: python-requests/2.9.1)
Oct  3 00:16:32 mas01 sh[25611]: 2017-10-03 00:16:32 regiond: [info] 192.168.11.253 POST /MAAS/metadata/status/aq6mc7 HTTP/1.1 --> 204 NO_CONTENT (referrer: -; agent: python-requests/2.9.1)
Oct  3 00:16:32 mas01 sh[25590]: 2017-10-03 00:16:32 regiond: [info] 192.168.11.4 POST /MAAS/metadata/status/4bhecy HTTP/1.1 --> 204 NO_CONTENT (referrer: -; agent: python-requests/2.9.1)
Oct  3 00:16:32 mas01 sh[25611]: 2017-10-03 00:16:32 regiond: [info] 192.168.11.253 POST /MAAS/metadata/status/aq6mc7 HTTP/1.1 --> 204 NO_CONTENT (referrer: -; agent: python-requests/2.9.1)
Oct  3 00:16:32 mas01 sh[26089]: 2017-10-03 00:16:32 regiond: [info] 192.168.11.254 POST /MAAS/metadata/status/bca4tp HTTP/1.1 --> 204 NO_CONTENT (referrer: -; agent: python-requests/2.9.1)
Oct  3 00:16:32 mas01 sh[25590]: 2017-10-03 00:16:32 regiond: [info] 192.168.11.4 POST /MAAS/metadata/status/4bhecy HTTP/1.1 --> 204 NO_CONTENT (referrer: -; agent: python-requests/2.9.1)
Oct  3 00:16:32 mas01 sh[25611]: 2017-10-03 00:16:32 regiond: [info] 192.168.11.254 POST /MAAS/metadata/status/bca4tp HTTP/1.1 --> 204 NO_CONTENT (referrer: -; agent: python-requests/2.9.1)
Oct  3 00:16:32 mas01 sh[25611]: 2017-10-03 00:16:32 regiond: [info] 192.168.11.4 POST /MAAS/metadata/status/4bhecy HTTP/1.1 --> 204 NO_CONTENT (referrer: -; agent: python-requests/2.9.1)
Oct  3 00:16:32 mas01 sh[26089]: 2017-10-03 00:16:32 regiond: [info] 192.168.11.254 POST /MAAS/metadata/status/bca4tp HTTP/1.1 --> 204 NO_CONTENT (referrer: -; agent: python-requests/2.9.1)
Oct  3 00:16:32 mas01 sh[25590]: 2017-10-03 00:16:32 regiond: [info] 192.168.11.4 POST /MAAS/metadata/status/4bhecy HTTP/1.1 --> 204 NO_CONTENT (referrer: -; agent: python-requests/2.9.1)
Oct  3 00:16:32 mas01 sh[25611]: 2017-10-03 00:16:32 regiond: [info] 192.168.11.254 POST /MAAS/metadata/status/bca4tp HTTP/1.1 --> 204 NO_CONTENT (referrer: -; agent: python-requests/2.9.1)
Oct  3 00:16:32 mas01 sh[25611]: 2017-10-03 00:16:32 regiond: [info] 192.168.11.4 POST /MAAS/metadata/status/4bhecy HTTP/1.1 --> 204 NO_CONTENT (referrer: -; agent: python-requests/2.9.1)
Oct  3 00:16:32 mas01 sh[26089]: 2017-10-03 00:16:32 regiond: [info] 192.168.11.4 POST /MAAS/metadata/status/4bhecy HTTP/1.1 --> 204 NO_CONTENT (referrer: -; agent: python-requests/2.9.1)
Oct  3 00:16:32 mas01 sh[25590]: 2017-10-03 00:16:32 regiond: [info] 192.168.11.253 POST /MAAS/metadata/status/aq6mc7 HTTP/1.1 --> 204 NO_CONTENT (referrer: -; agent: python-requests/2.9.1)
Oct  3 00:16:32 mas01 sh[26089]: 2017-10-03 00:16:32 regiond: [info] 192.168.11.253 POST /MAAS/metadata/status/aq6mc7 HTTP/1.1 --> 204 NO_CONTENT (referrer: -; agent: python-requests/2.9.1)
Oct  3 00:16:32 mas01 sh[25611]: 2017-10-03 00:16:32 regiond: [info] 192.168.11.254 POST /MAAS/metadata/status/bca4tp HTTP/1.1 --> 204 NO_CONTENT (referrer: -; agent: python-requests/2.9.1)
Oct  3 00:16:32 mas01 sh[25584]: 2017-10-03 00:16:32 regiond: [info] 192.168.11.254 POST /MAAS/metadata/status/bca4tp HTTP/1.1 --> 204 NO_CONTENT (referrer: -; agent: python-requests/2.9.1)
Oct  3 00:16:32 mas01 sh[25590]: 2017-10-03 00:16:32 regiond: [info] 192.168.11.253 POST /MAAS/metadata/status/aq6mc7 HTTP/1.1 --> 204 NO_CONTENT (referrer: -; agent: python-requests/2.9.1)
Oct  3 00:16:32 mas01 sh[26089]: 2017-10-03 00:16:32 regiond: [info] 192.168.11.4 POST /MAAS/metadata/status/4bhecy HTTP/1.1 --> 204 NO_CONTENT (referrer: -; agent: python-requests/2.9.1)
Oct  3 00:16:32 mas01 sh[26089]: 2017-10-03 00:16:32 regiond: [info] 192.168.11.253 POST /MAAS/metadata/status/aq6mc7 HTTP/1.1 --> 204 NO_CONTENT (referrer: -; agent: python-requests/2.9.1)
Oct  3 00:16:32 mas01 sh[25611]: 2017-10-03 00:16:32 regiond: [info] 192.168.11.4 POST /MAAS/metadata/status/4bhecy HTTP/1.1 --> 204 NO_CONTENT (referrer: -; agent: python-requests/2.9.1)
Oct  3 00:16:32 mas01 sh[26089]: 2017-10-03 00:16:32 regiond: [info] 192.168.11.253 POST /MAAS/metadata/status/aq6mc7 HTTP/1.1 --> 204 NO_CONTENT (referrer: -; agent: python-requests/2.9.1)
Oct  3 00:16:32 mas01 sh[26089]: message repeated 2 times: [ 2017-10-03 00:16:32 regiond: [info] 192.168.11.253 POST /MAAS/metadata/status/aq6mc7 HTTP/1.1 --> 204 NO_CONTENT (referrer: -; agent: python-requests/2.9.1)]
Oct  3 00:16:32 mas01 sh[26089]: 2017-10-03 00:16:32 regiond: [info] 192.168.11.4 POST /MAAS/metadata/status/4bhecy HTTP/1.1 --> 204 NO_CONTENT (referrer: -; agent: python-requests/2.9.1)
Oct  3 00:16:32 mas01 sh[25590]: 2017-10-03 00:16:32 regiond: [info] 192.168.11.253 POST /MAAS/metadata/status/aq6mc7 HTTP/1.1 --> 204 NO_CONTENT (referrer: -; agent: python-requests/2.9.1)
Oct  3 00:16:32 mas01 sh[25611]: 2017-10-03 00:16:32 regiond: [info] 192.168.11.4 POST /MAAS/metadata/status/4bhecy HTTP/1.1 --> 204 NO_CONTENT (referrer: -; agent: python-requests/2.9.1)
Oct  3 00:16:32 mas01 sh[26089]: 2017-10-03 00:16:32 regiond: [info] 192.168.11.251 POST /MAAS/metadata/status/8mtrfk HTTP/1.1 --> 204 NO_CONTENT (referrer: -; agent: python-requests/2.9.1)
Oct  3 00:16:32 mas01 sh[26089]: 2017-10-03 00:16:32 regiond: [info] 192.168.11.4 POST /MAAS/metadata/status/4bhecy HTTP/1.1 --> 204 NO_CONTENT (referrer: -; agent: python-requests/2.9.1)
Oct  3 00:16:32 mas01 sh[25584]: 2017-10-03 00:16:32 regiond: [info] 192.168.11.253 POST /MAAS/metadata/status/aq6mc7 HTTP/1.1 --> 204 NO_CONTENT (referrer: -; agent: python-requests/2.9.1)
Oct  3 00:16:32 mas01 sh[25584]: 2017-10-03 00:16:32 regiond: [info] 192.168.11.4 POST /MAAS/metadata/status/4bhecy HTTP/1.1 --> 204 NO_CONTENT (referrer: -; agent: python-requests/2.9.1)
Oct  3 00:16:32 mas01 sh[25584]: 2017-10-03 00:16:32 regiond: [info] 192.168.11.253 POST /MAAS/metadata/status/aq6mc7 HTTP/1.1 --> 204 NO_CONTENT (referrer: -; agent: python-requests/2.9.1)
Oct  3 00:16:32 mas01 sh[25611]: 2017-10-03 00:16:32 regiond: [info] 192.168.11.4 POST /MAAS/metadata/status/4bhecy HTTP/1.1 --> 204 NO_CONTENT (referrer: -; agent: python-requests/2.9.1)
Oct  3 00:16:32 mas01 sh[25584]: 2017-10-03 00:16:32 regiond: [info] 192.168.11.253 POST /MAAS/metadata/status/aq6mc7 HTTP/1.1 --> 204 NO_CONTENT (referrer: -; agent: python-requests/2.9.1)
Oct  3 00:16:32 mas01 sh[25611]: 2017-10-03 00:16:32 regiond: [info] 192.168.11.4 POST /MAAS/metadata/status/4bhecy HTTP/1.1 --> 204 NO_CONTENT (referrer: -; agent: python-requests/2.9.1)
Oct  3 00:16:32 mas01 sh[25590]: 2017-10-03 00:16:32 regiond: [info] 192.168.11.253 POST /MAAS/metadata/status/aq6mc7 HTTP/1.1 --> 204 NO_CONTENT (referrer: -; agent: python-requests/2.9.1)
Oct  3 00:16:32 mas01 sh[25590]: 2017-10-03 00:16:32 regiond: [info] 192.168.11.254 POST /MAAS/metadata/status/bca4tp HTTP/1.1 --> 204 NO_CONTENT (referrer: -; agent: python-requests/2.9.1)
Oct  3 00:16:32 mas01 sh[25584]: 2017-10-03 00:16:32 regiond: [info] 192.168.11.253 POST /MAAS/metadata/status/aq6mc7 HTTP/1.1 --> 204 NO_CONTENT (referrer: -; agent: python-requests/2.9.1)
Oct  3 00:16:32 mas01 sh[26089]: 2017-10-03 00:16:32 regiond: [info] 192.168.11.4 POST /MAAS/metadata/status/4bhecy HTTP/1.1 --> 204 NO_CONTENT (referrer: -; agent: python-requests/2.9.1)
Oct  3 00:16:32 mas01 sh[25590]: 2017-10-03 00:16:32 regiond: [info] 192.168.11.254 POST /MAAS/metadata/status/bca4tp HTTP/1.1 --> 204 NO_CONTENT (referrer: -; agent: python-requests/2.9.1)
Oct  3 00:16:32 mas01 sh[25611]: 2017-10-03 00:16:32 regiond: [info] 192.168.11.253 POST /MAAS/metadata/status/aq6mc7 HTTP/1.1 --> 204 NO_CONTENT (referrer: -; agent: python-requests/2.9.1)
Oct  3 00:16:32 mas01 sh[26089]: 2017-10-03 00:16:32 regiond: [info] 192.168.11.4 POST /MAAS/metadata/status/4bhecy HTTP/1.1 --> 204 NO_CONTENT (referrer: -; agent: python-requests/2.9.1)
Oct  3 00:16:32 mas01 sh[26089]: 2017-10-03 00:16:32 regiond: [info] 192.168.11.253 POST /MAAS/metadata/status/aq6mc7 HTTP/1.1 --> 204 NO_CONTENT (referrer: -; agent: python-requests/2.9.1)
Oct  3 00:16:32 mas01 sh[25584]: 2017-10-03 00:16:32 regiond: [info] 192.168.11.4 POST /MAAS/metadata/status/4bhecy HTTP/1.1 --> 204 NO_CONTENT (referrer: -; agent: python-requests/2.9.1)
Oct  3 00:16:32 mas01 sh[25584]: 2017-10-03 00:16:32 regiond: [info] 192.168.11.253 POST /MAAS/metadata/status/aq6mc7 HTTP/1.1 --> 204 NO_CONTENT (referrer: -; agent: python-requests/2.9.1)
Oct  3 00:16:32 mas01 sh[25584]: 2017-10-03 00:16:32 regiond: [info] 192.168.11.4 POST /MAAS/metadata/status/4bhecy HTTP/1.1 --> 204 NO_CONTENT (referrer: -; agent: python-requests/2.9.1)
Oct  3 00:16:32 mas01 sh[26089]: 2017-10-03 00:16:32 regiond: [info] 192.168.11.253 POST /MAAS/metadata/status/aq6mc7 HTTP/1.1 --> 204 NO_CONTENT (referrer: -; agent: python-requests/2.9.1)
Oct  3 00:16:32 mas01 sh[26089]: 2017-10-03 00:16:32 regiond: [info] 192.168.11.4 POST /MAAS/metadata/status/4bhecy HTTP/1.1 --> 204 NO_CONTENT (referrer: -; agent: python-requests/2.9.1)
Oct  3 00:16:32 mas01 sh[25590]: 2017-10-03 00:16:32 regiond: [info] 192.168.11.4 POST /MAAS/metadata/status/4bhecy HTTP/1.1 --> 204 NO_CONTENT (referrer: -; agent: python-requests/2.9.1)
Oct  3 00:16:32 mas01 sh[26089]: 2017-10-03 00:16:32 regiond: [info] 192.168.11.253 POST /MAAS/metadata/status/aq6mc7 HTTP/1.1 --> 204 NO_CONTENT (referrer: -; agent: python-requests/2.9.1)
Oct  3 00:16:32 mas01 sh[25590]: 2017-10-03 00:16:32 regiond: [info] 192.168.11.4 POST /MAAS/metadata/status/4bhecy HTTP/1.1 --> 204 NO_CONTENT (referrer: -; agent: python-requests/2.9.1)
Oct  3 00:16:32 mas01 sh[25590]: 2017-10-03 00:16:32 regiond: [info] 192.168.11.4 POST /MAAS/metadata/status/4bhecy HTTP/1.1 --> 204 NO_CONTENT (referrer: -; agent: python-requests/2.9.1)
Oct  3 00:16:32 mas01 sh[25584]: 2017-10-03 00:16:32 regiond: [info] 192.168.11.4 POST /MAAS/metadata/status/4bhecy HTTP/1.1 --> 204 NO_CONTENT (referrer: -; agent: python-requests/2.9.1)
Oct  3 00:16:32 mas01 sh[26089]: 2017-10-03 00:16:32 regiond: [info] 192.168.11.4 POST /MAAS/metadata/status/4bhecy HTTP/1.1 --> 204 NO_CONTENT (referrer: -; agent: python-requests/2.9.1)
Oct  3 00:16:32 mas01 sh[25611]: 2017-10-03 00:16:32 regiond: [info] 192.168.11.251 POST /MAAS/metadata/status/8mtrfk HTTP/1.1 --> 204 NO_CONTENT (referrer: -; agent: python-requests/2.9.1)
Oct  3 00:16:32 mas01 sh[25590]: 2017-10-03 00:16:32 regiond: [info] 192.168.11.254 POST /MAAS/metadata/status/bca4tp HTTP/1.1 --> 204 NO_CONTENT (referrer: -; agent: python-requests/2.9.1)
Oct  3 00:16:32 mas01 sh[26089]: 2017-10-03 00:16:32 regiond: [info] 192.168.11.253 POST /MAAS/metadata/status/aq6mc7 HTTP/1.1 --> 204 NO_CONTENT (referrer: -; agent: python-requests/2.9.1)
Oct  3 00:16:32 mas01 sh[25590]: 2017-10-03 00:16:32 regiond: [info] 192.168.11.253 POST /MAAS/metadata/status/aq6mc7 HTTP/1.1 --> 204 NO_CONTENT (referrer: -; agent: python-requests/2.9.1)
Oct  3 00:16:32 mas01 sh[25611]: 2017-10-03 00:16:32 regiond: [info] 192.168.11.4 POST /MAAS/metadata/status/4bhecy HTTP/1.1 --> 204 NO_CONTENT (referrer: -; agent: python-requests/2.9.1)
Oct  3 00:16:32 mas01 sh[26089]: 2017-10-03 00:16:32 regiond: [info] 192.168.11.4 POST /MAAS/metadata/status/4bhecy HTTP/1.1 --> 204 NO_CONTENT (referrer: -; agent: python-requests/2.9.1)
Oct  3 00:16:32 mas01 sh[25611]: 2017-10-03 00:16:32 regiond: [info] 192.168.11.254 POST /MAAS/metadata/status/bca4tp HTTP/1.1 --> 204 NO_CONTENT (referrer: -; agent: python-requests/2.9.1)
Oct  3 00:16:32 mas01 sh[25590]: 2017-10-03 00:16:32 regiond: [info] 192.168.11.253 POST /MAAS/metadata/status/aq6mc7 HTTP/1.1 --> 204 NO_CONTENT (referrer: -; agent: python-requests/2.9.1)
Oct  3 00:16:32 mas01 sh[26089]: 2017-10-03 00:16:32 regiond: [info] 192.168.11.4 POST /MAAS/metadata/status/4bhecy HTTP/1.1 --> 204 NO_CONTENT (referrer: -; agent: python-requests/2.9.1)
Oct  3 00:16:32 mas01 sh[25611]: 2017-10-03 00:16:32 regiond: [info] 192.168.11.253 POST /MAAS/metadata/status/aq6mc7 HTTP/1.1 --> 204 NO_CONTENT (referrer: -; agent: python-requests/2.9.1)
Oct  3 00:16:32 mas01 sh[26089]: 2017-10-03 00:16:32 regiond: [info] 192.168.11.4 POST /MAAS/metadata/status/4bhecy HTTP/1.1 --> 204 NO_CONTENT (referrer: -; agent: python-requests/2.9.1)
Oct  3 00:16:33 mas01 sh[25584]: 2017-10-03 00:16:33 regiond: [info] 192.168.11.253 POST /MAAS/metadata/status/aq6mc7 HTTP/1.1 --> 204 NO_CONTENT (referrer: -; agent: python-requests/2.9.1)
Oct  3 00:16:33 mas01 sh[25611]: 2017-10-03 00:16:33 regiond: [info] 192.168.11.253 POST /MAAS/metadata/status/aq6mc7 HTTP/1.1 --> 204 NO_CONTENT (referrer: -; agent: python-requests/2.9.1)
Oct  3 00:16:33 mas01 sh[25611]: 2017-10-03 00:16:33 regiond: [info] 192.168.11.253 POST /MAAS/metadata/status/aq6mc7 HTTP/1.1 --> 204 NO_CONTENT (referrer: -; agent: python-requests/2.9.1)
Oct  3 00:16:33 mas01 sh[25590]: 2017-10-03 00:16:33 regiond: [info] 192.168.11.253 POST /MAAS/metadata/status/aq6mc7 HTTP/1.1 --> 204 NO_CONTENT (referrer: -; agent: python-requests/2.9.1)
Oct  3 00:16:33 mas01 sh[25590]: message repeated 2 times: [ 2017-10-03 00:16:33 regiond: [info] 192.168.11.253 POST /MAAS/metadata/status/aq6mc7 HTTP/1.1 --> 204 NO_CONTENT (referrer: -; agent: python-requests/2.9.1)]
Oct  3 00:16:33 mas01 sh[25584]: 2017-10-03 00:16:33 regiond: [info] 192.168.11.253 POST /MAAS/metadata/status/aq6mc7 HTTP/1.1 --> 204 NO_CONTENT (referrer: -; agent: python-requests/2.9.1)
Oct  3 00:16:35 mas01 dhcpd[29215]: DHCPDISCOVER from 00:25:b5:a0:00:3a via ens5
Oct  3 00:16:35 mas01 dhcpd[29215]: DHCPOFFER on 192.168.11.252 to 00:25:b5:a0:00:3a via ens5
Oct  3 00:16:35 mas01 dhcpd[29215]: execute_statement argv[0] = /usr/sbin/maas-dhcp-helper
Oct  3 00:16:35 mas01 dhcpd[29215]: execute_statement argv[1] = notify
Oct  3 00:16:35 mas01 dhcpd[29215]: execute_statement argv[2] = --action
Oct  3 00:16:35 mas01 dhcpd[29215]: execute_statement argv[3] = commit
Oct  3 00:16:35 mas01 dhcpd[29215]: execute_statement argv[4] = --mac
Oct  3 00:16:35 mas01 dhcpd[29215]: execute_statement argv[5] = 0:25:b5:a0:0:3a
Oct  3 00:16:35 mas01 dhcpd[29215]: execute_statement argv[6] = --ip-family
Oct  3 00:16:35 mas01 dhcpd[29215]: execute_statement argv[7] = ipv4
Oct  3 00:16:35 mas01 dhcpd[29215]: execute_statement argv[8] = --ip
Oct  3 00:16:35 mas01 dhcpd[29215]: execute_statement argv[9] = 192.168.11.252
Oct  3 00:16:35 mas01 dhcpd[29215]: execute_statement argv[10] = --lease-time
Oct  3 00:16:35 mas01 dhcpd[29215]: execute_statement argv[11] = 600
Oct  3 00:16:35 mas01 dhcpd[29215]: execute_statement argv[12] = --hostname
Oct  3 00:16:35 mas01 dhcpd[29215]: execute_statement argv[13] = kvm02
