Oct  3 00:12:08 mas01 named[25531]: received control channel command 'reload'
Oct  3 00:12:08 mas01 named[25531]: loading configuration from '/etc/bind/named.conf'
Oct  3 00:12:08 mas01 named[25531]: reading built-in trusted keys from file '/etc/bind/bind.keys'
Oct  3 00:12:08 mas01 named[25531]: initializing GeoIP Country (IPv4) (type 1) DB
Oct  3 00:12:08 mas01 named[25531]: GEO-106FREE 20160408 Bu
Oct  3 00:12:08 mas01 named[25531]: initializing GeoIP Country (IPv6) (type 12) DB
Oct  3 00:12:08 mas01 named[25531]: GEO-106FREE 20160408 Bu
Oct  3 00:12:08 mas01 named[25531]: GeoIP City (IPv4) (type 2) DB not available
Oct  3 00:12:08 mas01 named[25531]: GeoIP City (IPv4) (type 6) DB not available
Oct  3 00:12:08 mas01 named[25531]: GeoIP City (IPv6) (type 30) DB not available
Oct  3 00:12:08 mas01 named[25531]: GeoIP City (IPv6) (type 31) DB not available
Oct  3 00:12:08 mas01 named[25531]: GeoIP Region (type 3) DB not available
Oct  3 00:12:08 mas01 named[25531]: GeoIP Region (type 7) DB not available
Oct  3 00:12:08 mas01 named[25531]: GeoIP ISP (type 4) DB not available
Oct  3 00:12:08 mas01 named[25531]: GeoIP Org (type 5) DB not available
Oct  3 00:12:08 mas01 named[25531]: GeoIP AS (type 9) DB not available
Oct  3 00:12:08 mas01 named[25531]: GeoIP Domain (type 11) DB not available
Oct  3 00:12:08 mas01 named[25531]: GeoIP NetSpeed (type 10) DB not available
Oct  3 00:12:08 mas01 named[25531]: using default UDP/IPv4 port range: [32768, 60999]
Oct  3 00:12:08 mas01 named[25531]: using default UDP/IPv6 port range: [32768, 60999]
Oct  3 00:12:08 mas01 named[25531]: sizing zone task pool based on 9 zones
Oct  3 00:12:08 mas01 named[25531]: automatic empty zone: 10.IN-ADDR.ARPA
Oct  3 00:12:08 mas01 named[25531]: automatic empty zone: 16.172.IN-ADDR.ARPA
Oct  3 00:12:08 mas01 named[25531]: automatic empty zone: 17.172.IN-ADDR.ARPA
Oct  3 00:12:08 mas01 named[25531]: automatic empty zone: 18.172.IN-ADDR.ARPA
Oct  3 00:12:08 mas01 named[25531]: automatic empty zone: 19.172.IN-ADDR.ARPA
Oct  3 00:12:08 mas01 named[25531]: automatic empty zone: 20.172.IN-ADDR.ARPA
Oct  3 00:12:08 mas01 named[25531]: automatic empty zone: 21.172.IN-ADDR.ARPA
Oct  3 00:12:08 mas01 named[25531]: automatic empty zone: 22.172.IN-ADDR.ARPA
Oct  3 00:12:08 mas01 named[25531]: automatic empty zone: 23.172.IN-ADDR.ARPA
Oct  3 00:12:08 mas01 named[25531]: automatic empty zone: 24.172.IN-ADDR.ARPA
Oct  3 00:12:08 mas01 named[25531]: automatic empty zone: 25.172.IN-ADDR.ARPA
Oct  3 00:12:08 mas01 named[25531]: automatic empty zone: 26.172.IN-ADDR.ARPA
Oct  3 00:12:08 mas01 named[25531]: automatic empty zone: 27.172.IN-ADDR.ARPA
Oct  3 00:12:08 mas01 named[25531]: automatic empty zone: 28.172.IN-ADDR.ARPA
Oct  3 00:12:08 mas01 named[25531]: automatic empty zone: 29.172.IN-ADDR.ARPA
Oct  3 00:12:08 mas01 named[25531]: automatic empty zone: 30.172.IN-ADDR.ARPA
Oct  3 00:12:08 mas01 named[25531]: automatic empty zone: 31.172.IN-ADDR.ARPA
Oct  3 00:12:08 mas01 named[25531]: automatic empty zone: 168.192.IN-ADDR.ARPA
Oct  3 00:12:08 mas01 named[25531]: automatic empty zone: 64.100.IN-ADDR.ARPA
Oct  3 00:12:08 mas01 named[25531]: automatic empty zone: 65.100.IN-ADDR.ARPA
Oct  3 00:12:08 mas01 named[25531]: automatic empty zone: 66.100.IN-ADDR.ARPA
Oct  3 00:12:08 mas01 named[25531]: automatic empty zone: 67.100.IN-ADDR.ARPA
Oct  3 00:12:08 mas01 named[25531]: automatic empty zone: 68.100.IN-ADDR.ARPA
Oct  3 00:12:08 mas01 named[25531]: automatic empty zone: 69.100.IN-ADDR.ARPA
Oct  3 00:12:08 mas01 named[25531]: automatic empty zone: 70.100.IN-ADDR.ARPA
Oct  3 00:12:08 mas01 named[25531]: automatic empty zone: 71.100.IN-ADDR.ARPA
Oct  3 00:12:08 mas01 named[25531]: automatic empty zone: 72.100.IN-ADDR.ARPA
Oct  3 00:12:08 mas01 named[25531]: automatic empty zone: 73.100.IN-ADDR.ARPA
Oct  3 00:12:08 mas01 named[25531]: automatic empty zone: 74.100.IN-ADDR.ARPA
Oct  3 00:12:08 mas01 named[25531]: automatic empty zone: 75.100.IN-ADDR.ARPA
Oct  3 00:12:08 mas01 named[25531]: automatic empty zone: 76.100.IN-ADDR.ARPA
Oct  3 00:12:08 mas01 named[25531]: automatic empty zone: 77.100.IN-ADDR.ARPA
Oct  3 00:12:08 mas01 named[25531]: automatic empty zone: 78.100.IN-ADDR.ARPA
Oct  3 00:12:08 mas01 named[25531]: automatic empty zone: 79.100.IN-ADDR.ARPA
Oct  3 00:12:08 mas01 sh[26089]: 2017-10-03 00:12:08 maasserver.region_controller: [info] Successfully configured DNS.
Oct  3 00:12:08 mas01 named[25531]: automatic empty zone: 80.100.IN-ADDR.ARPA
Oct  3 00:12:08 mas01 named[25531]: automatic empty zone: 81.100.IN-ADDR.ARPA
Oct  3 00:12:08 mas01 named[25531]: automatic empty zone: 82.100.IN-ADDR.ARPA
Oct  3 00:12:08 mas01 named[25531]: automatic empty zone: 83.100.IN-ADDR.ARPA
Oct  3 00:12:08 mas01 named[25531]: automatic empty zone: 84.100.IN-ADDR.ARPA
Oct  3 00:12:08 mas01 named[25531]: automatic empty zone: 85.100.IN-ADDR.ARPA
Oct  3 00:12:08 mas01 named[25531]: automatic empty zone: 86.100.IN-ADDR.ARPA
Oct  3 00:12:08 mas01 named[25531]: automatic empty zone: 87.100.IN-ADDR.ARPA
Oct  3 00:12:08 mas01 named[25531]: automatic empty zone: 88.100.IN-ADDR.ARPA
Oct  3 00:12:08 mas01 named[25531]: automatic empty zone: 89.100.IN-ADDR.ARPA
Oct  3 00:12:08 mas01 named[25531]: automatic empty zone: 90.100.IN-ADDR.ARPA
Oct  3 00:12:08 mas01 named[25531]: automatic empty zone: 91.100.IN-ADDR.ARPA
Oct  3 00:12:08 mas01 named[25531]: automatic empty zone: 92.100.IN-ADDR.ARPA
Oct  3 00:12:08 mas01 named[25531]: automatic empty zone: 93.100.IN-ADDR.ARPA
Oct  3 00:12:08 mas01 named[25531]: automatic empty zone: 94.100.IN-ADDR.ARPA
Oct  3 00:12:08 mas01 named[25531]: automatic empty zone: 95.100.IN-ADDR.ARPA
Oct  3 00:12:08 mas01 named[25531]: automatic empty zone: 96.100.IN-ADDR.ARPA
Oct  3 00:12:08 mas01 named[25531]: automatic empty zone: 97.100.IN-ADDR.ARPA
Oct  3 00:12:08 mas01 named[25531]: automatic empty zone: 98.100.IN-ADDR.ARPA
Oct  3 00:12:08 mas01 named[25531]: automatic empty zone: 99.100.IN-ADDR.ARPA
Oct  3 00:12:08 mas01 named[25531]: automatic empty zone: 100.100.IN-ADDR.ARPA
Oct  3 00:12:08 mas01 named[25531]: automatic empty zone: 101.100.IN-ADDR.ARPA
Oct  3 00:12:08 mas01 named[25531]: automatic empty zone: 102.100.IN-ADDR.ARPA
Oct  3 00:12:08 mas01 named[25531]: automatic empty zone: 103.100.IN-ADDR.ARPA
Oct  3 00:12:08 mas01 named[25531]: automatic empty zone: 104.100.IN-ADDR.ARPA
Oct  3 00:12:08 mas01 named[25531]: automatic empty zone: 105.100.IN-ADDR.ARPA
Oct  3 00:12:08 mas01 named[25531]: automatic empty zone: 106.100.IN-ADDR.ARPA
Oct  3 00:12:08 mas01 named[25531]: automatic empty zone: 107.100.IN-ADDR.ARPA
Oct  3 00:12:08 mas01 named[25531]: automatic empty zone: 108.100.IN-ADDR.ARPA
Oct  3 00:12:08 mas01 named[25531]: automatic empty zone: 109.100.IN-ADDR.ARPA
Oct  3 00:12:08 mas01 named[25531]: automatic empty zone: 110.100.IN-ADDR.ARPA
Oct  3 00:12:08 mas01 named[25531]: automatic empty zone: 111.100.IN-ADDR.ARPA
Oct  3 00:12:08 mas01 named[25531]: automatic empty zone: 112.100.IN-ADDR.ARPA
Oct  3 00:12:08 mas01 named[25531]: automatic empty zone: 113.100.IN-ADDR.ARPA
Oct  3 00:12:08 mas01 named[25531]: automatic empty zone: 114.100.IN-ADDR.ARPA
Oct  3 00:12:08 mas01 named[25531]: automatic empty zone: 115.100.IN-ADDR.ARPA
Oct  3 00:12:08 mas01 named[25531]: automatic empty zone: 116.100.IN-ADDR.ARPA
Oct  3 00:12:08 mas01 named[25531]: automatic empty zone: 117.100.IN-ADDR.ARPA
Oct  3 00:12:08 mas01 named[25531]: automatic empty zone: 118.100.IN-ADDR.ARPA
Oct  3 00:12:08 mas01 named[25531]: automatic empty zone: 119.100.IN-ADDR.ARPA
Oct  3 00:12:08 mas01 named[25531]: automatic empty zone: 120.100.IN-ADDR.ARPA
Oct  3 00:12:08 mas01 named[25531]: automatic empty zone: 121.100.IN-ADDR.ARPA
Oct  3 00:12:08 mas01 named[25531]: automatic empty zone: 122.100.IN-ADDR.ARPA
Oct  3 00:12:08 mas01 named[25531]: automatic empty zone: 123.100.IN-ADDR.ARPA
Oct  3 00:12:08 mas01 named[25531]: automatic empty zone: 124.100.IN-ADDR.ARPA
Oct  3 00:12:08 mas01 named[25531]: automatic empty zone: 125.100.IN-ADDR.ARPA
Oct  3 00:12:08 mas01 named[25531]: automatic empty zone: 126.100.IN-ADDR.ARPA
Oct  3 00:12:08 mas01 named[25531]: automatic empty zone: 127.100.IN-ADDR.ARPA
Oct  3 00:12:08 mas01 named[25531]: automatic empty zone: 254.169.IN-ADDR.ARPA
Oct  3 00:12:08 mas01 named[25531]: automatic empty zone: 2.0.192.IN-ADDR.ARPA
Oct  3 00:12:08 mas01 named[25531]: automatic empty zone: 100.51.198.IN-ADDR.ARPA
Oct  3 00:12:08 mas01 named[25531]: automatic empty zone: 113.0.203.IN-ADDR.ARPA
Oct  3 00:12:08 mas01 named[25531]: automatic empty zone: 255.255.255.255.IN-ADDR.ARPA
Oct  3 00:12:08 mas01 named[25531]: automatic empty zone: 0.0.0.0.0.0.0.0.0.0.0.0.0.0.0.0.0.0.0.0.0.0.0.0.0.0.0.0.0.0.0.0.IP6.ARPA
Oct  3 00:12:08 mas01 named[25531]: automatic empty zone: 1.0.0.0.0.0.0.0.0.0.0.0.0.0.0.0.0.0.0.0.0.0.0.0.0.0.0.0.0.0.0.0.IP6.ARPA
Oct  3 00:12:08 mas01 named[25531]: automatic empty zone: D.F.IP6.ARPA
Oct  3 00:12:08 mas01 named[25531]: automatic empty zone: 8.E.F.IP6.ARPA
Oct  3 00:12:08 mas01 named[25531]: automatic empty zone: 9.E.F.IP6.ARPA
Oct  3 00:12:08 mas01 named[25531]: automatic empty zone: A.E.F.IP6.ARPA
Oct  3 00:12:08 mas01 named[25531]: automatic empty zone: B.E.F.IP6.ARPA
Oct  3 00:12:08 mas01 named[25531]: automatic empty zone: 8.B.D.0.1.0.0.2.IP6.ARPA
Oct  3 00:12:08 mas01 named[25531]: automatic empty zone: EMPTY.AS112.ARPA
Oct  3 00:12:08 mas01 named[25531]: configuring command channel from '/etc/bind/rndc.key'
Oct  3 00:12:08 mas01 named[25531]: reloading configuration succeeded
Oct  3 00:12:08 mas01 named[25531]: reloading zones succeeded
Oct  3 00:12:08 mas01 named[25531]: zone 4.167.10.in-addr.arpa/IN: loaded serial 101
Oct  3 00:12:08 mas01 named[25531]: zone 0.20.10.in-addr.arpa/IN: loaded serial 101
Oct  3 00:12:08 mas01 named[25531]: all zones loaded
Oct  3 00:12:08 mas01 named[25531]: running
Oct  3 00:12:08 mas01 named[25531]: zone baremetal-mcp-ocata-ovs-ha.local/IN: loaded serial 101
Oct  3 00:12:08 mas01 named[25531]: zone 11.168.192.in-addr.arpa/IN: loaded serial 101
Oct  3 00:12:11 mas01 sh[26089]: 2017-10-03 00:12:11 regiond: [info] 192.168.11.6 GET /MAAS/metadata/latest/by-id/bca4tp/?op=get_preseed HTTP/1.1 --> 200 OK (referrer: -; agent: Cloud-Init/0.7.9)
Oct  3 00:12:11 mas01 sh[25590]: 2017-10-03 00:12:11 regiond: [info] 192.168.11.6 POST /MAAS/metadata/status/bca4tp HTTP/1.1 --> 204 NO_CONTENT (referrer: -; agent: python-requests/2.9.1)
Oct  3 00:12:11 mas01 sh[25584]: 2017-10-03 00:12:11 regiond: [info] 192.168.11.6 POST /MAAS/metadata/status/bca4tp HTTP/1.1 --> 204 NO_CONTENT (referrer: -; agent: python-requests/2.9.1)
Oct  3 00:12:11 mas01 sh[25611]: 2017-10-03 00:12:11 regiond: [info] 192.168.11.7 POST /MAAS/metadata/status/8mtrfk HTTP/1.1 --> 204 NO_CONTENT (referrer: -; agent: python-requests/2.9.1)
Oct  3 00:12:11 mas01 sh[26089]: 2017-10-03 00:12:11 regiond: [info] 192.168.11.7 POST /MAAS/metadata/status/8mtrfk HTTP/1.1 --> 204 NO_CONTENT (referrer: -; agent: python-requests/2.9.1)
Oct  3 00:12:11 mas01 sh[25611]: 2017-10-03 00:12:11 regiond: [info] 192.168.11.8 POST /MAAS/metadata/status/aq6mc7 HTTP/1.1 --> 204 NO_CONTENT (referrer: -; agent: python-requests/2.9.1)
Oct  3 00:12:11 mas01 sh[25611]: 2017-10-03 00:12:11 regiond: [info] 192.168.11.8 POST /MAAS/metadata/status/aq6mc7 HTTP/1.1 --> 204 NO_CONTENT (referrer: -; agent: python-requests/2.9.1)
Oct  3 00:12:11 mas01 sh[25590]: 2017-10-03 00:12:11 regiond: [info] 192.168.11.6 POST /MAAS/metadata/status/bca4tp HTTP/1.1 --> 204 NO_CONTENT (referrer: -; agent: python-requests/2.9.1)
Oct  3 00:12:11 mas01 sh[25584]: 2017-10-03 00:12:11 regiond: [info] 192.168.11.7 POST /MAAS/metadata/status/8mtrfk HTTP/1.1 --> 204 NO_CONTENT (referrer: -; agent: python-requests/2.9.1)
Oct  3 00:12:11 mas01 sh[25590]: 2017-10-03 00:12:11 regiond: [info] 192.168.11.9 GET /MAAS/metadata/latest/by-id/fcyc3g/?op=get_preseed HTTP/1.1 --> 200 OK (referrer: -; agent: Cloud-Init/0.7.9)
Oct  3 00:12:11 mas01 sh[25590]: 2017-10-03 00:12:11 regiond: [info] 192.168.11.9 POST /MAAS/metadata/status/fcyc3g HTTP/1.1 --> 204 NO_CONTENT (referrer: -; agent: python-requests/2.9.1)
Oct  3 00:12:11 mas01 sh[25590]: 2017-10-03 00:12:11 regiond: [info] 192.168.11.9 POST /MAAS/metadata/status/fcyc3g HTTP/1.1 --> 204 NO_CONTENT (referrer: -; agent: python-requests/2.9.1)
Oct  3 00:12:11 mas01 sh[25590]: 2017-10-03 00:12:11 regiond: [info] 192.168.11.8 POST /MAAS/metadata/status/aq6mc7 HTTP/1.1 --> 204 NO_CONTENT (referrer: -; agent: python-requests/2.9.1)
Oct  3 00:12:11 mas01 sh[25590]: 2017-10-03 00:12:11 regiond: [info] 192.168.11.9 POST /MAAS/metadata/status/fcyc3g HTTP/1.1 --> 204 NO_CONTENT (referrer: -; agent: python-requests/2.9.1)
Oct  3 00:12:12 mas01 sh[25584]: 2017-10-03 00:12:12 regiond: [info] 192.168.11.7 GET /MAAS/metadata/latest/by-id/8mtrfk/?op=get_preseed HTTP/1.1 --> 200 OK (referrer: -; agent: Cloud-Init/0.7.9)
Oct  3 00:12:12 mas01 sh[25611]: 2017-10-03 00:12:12 regiond: [info] 192.168.11.6 POST /MAAS/metadata/status/bca4tp HTTP/1.1 --> 204 NO_CONTENT (referrer: -; agent: python-requests/2.9.1)
Oct  3 00:12:12 mas01 sh[26089]: 2017-10-03 00:12:12 regiond: [info] 192.168.11.6 POST /MAAS/metadata/status/bca4tp HTTP/1.1 --> 204 NO_CONTENT (referrer: -; agent: python-requests/2.9.1)
Oct  3 00:12:12 mas01 sh[25590]: 2017-10-03 00:12:12 regiond: [info] 192.168.11.7 POST /MAAS/metadata/status/8mtrfk HTTP/1.1 --> 204 NO_CONTENT (referrer: -; agent: python-requests/2.9.1)
Oct  3 00:12:12 mas01 sh[25611]: 2017-10-03 00:12:12 regiond: [info] 192.168.11.7 POST /MAAS/metadata/status/8mtrfk HTTP/1.1 --> 204 NO_CONTENT (referrer: -; agent: python-requests/2.9.1)
Oct  3 00:12:12 mas01 sh[25611]: 2017-10-03 00:12:12 regiond: [info] 192.168.11.6 POST /MAAS/metadata/status/bca4tp HTTP/1.1 --> 204 NO_CONTENT (referrer: -; agent: python-requests/2.9.1)
Oct  3 00:12:12 mas01 sh[25611]: 2017-10-03 00:12:12 regiond: [info] 192.168.11.7 POST /MAAS/metadata/status/8mtrfk HTTP/1.1 --> 204 NO_CONTENT (referrer: -; agent: python-requests/2.9.1)
Oct  3 00:12:12 mas01 sh[25584]: 2017-10-03 00:12:12 regiond: [info] 192.168.11.6 GET /MAAS/metadata/2012-03-01/meta-data/instance-id HTTP/1.1 --> 200 OK (referrer: -; agent: Cloud-Init/0.7.9)
Oct  3 00:12:12 mas01 sh[25611]: 2017-10-03 00:12:12 regiond: [info] 192.168.11.7 GET /MAAS/metadata/2012-03-01/meta-data/instance-id HTTP/1.1 --> 200 OK (referrer: -; agent: Cloud-Init/0.7.9)
Oct  3 00:12:12 mas01 sh[25584]: 2017-10-03 00:12:12 regiond: [info] 192.168.11.8 POST /MAAS/metadata/status/aq6mc7 HTTP/1.1 --> 204 NO_CONTENT (referrer: -; agent: python-requests/2.9.1)
Oct  3 00:12:12 mas01 sh[25611]: 2017-10-03 00:12:12 regiond: [info] 192.168.11.8 POST /MAAS/metadata/status/aq6mc7 HTTP/1.1 --> 204 NO_CONTENT (referrer: -; agent: python-requests/2.9.1)
Oct  3 00:12:12 mas01 sh[25590]: 2017-10-03 00:12:12 regiond: [info] 192.168.11.8 POST /MAAS/metadata/status/aq6mc7 HTTP/1.1 --> 204 NO_CONTENT (referrer: -; agent: python-requests/2.9.1)
Oct  3 00:12:12 mas01 sh[25590]: 2017-10-03 00:12:12 regiond: [info] 192.168.11.6 GET /MAAS/metadata/2012-03-01/meta-data/instance-id HTTP/1.1 --> 200 OK (referrer: -; agent: python-requests/2.9.1)
Oct  3 00:12:12 mas01 sh[26089]: 2017-10-03 00:12:12 regiond: [info] 192.168.11.8 GET /MAAS/metadata/2012-03-01/meta-data/instance-id HTTP/1.1 --> 200 OK (referrer: -; agent: Cloud-Init/0.7.9)
Oct  3 00:12:12 mas01 sh[25611]: 2017-10-03 00:12:12 regiond: [info] 192.168.11.7 GET /MAAS/metadata/2012-03-01/meta-data/instance-id HTTP/1.1 --> 200 OK (referrer: -; agent: python-requests/2.9.1)
Oct  3 00:12:12 mas01 sh[25611]: 2017-10-03 00:12:12 regiond: [info] 192.168.11.9 GET /MAAS/metadata/latest/by-id/fcyc3g/?op=get_preseed HTTP/1.1 --> 200 OK (referrer: -; agent: Cloud-Init/0.7.9)
Oct  3 00:12:12 mas01 sh[25584]: 2017-10-03 00:12:12 regiond: [info] 192.168.11.6 GET /MAAS/metadata/2012-03-01/meta-data/local-hostname HTTP/1.1 --> 200 OK (referrer: -; agent: python-requests/2.9.1)
Oct  3 00:12:12 mas01 sh[25590]: 2017-10-03 00:12:12 regiond: [info] 192.168.11.8 GET /MAAS/metadata/2012-03-01/meta-data/instance-id HTTP/1.1 --> 200 OK (referrer: -; agent: python-requests/2.9.1)
Oct  3 00:12:12 mas01 sh[25611]: 2017-10-03 00:12:12 regiond: [info] 192.168.11.9 POST /MAAS/metadata/status/fcyc3g HTTP/1.1 --> 204 NO_CONTENT (referrer: -; agent: python-requests/2.9.1)
Oct  3 00:12:12 mas01 sh[25584]: 2017-10-03 00:12:12 regiond: [info] 192.168.11.9 POST /MAAS/metadata/status/fcyc3g HTTP/1.1 --> 204 NO_CONTENT (referrer: -; agent: python-requests/2.9.1)
Oct  3 00:12:12 mas01 sh[25584]: 2017-10-03 00:12:12 regiond: [info] 192.168.11.7 GET /MAAS/metadata/2012-03-01/meta-data/local-hostname HTTP/1.1 --> 200 OK (referrer: -; agent: python-requests/2.9.1)
Oct  3 00:12:12 mas01 sh[26089]: 2017-10-03 00:12:12 regiond: [info] 192.168.11.9 POST /MAAS/metadata/status/fcyc3g HTTP/1.1 --> 204 NO_CONTENT (referrer: -; agent: python-requests/2.9.1)
Oct  3 00:12:12 mas01 sh[25590]: 2017-10-03 00:12:12 regiond: [info] 192.168.11.6 GET /MAAS/metadata/2012-03-01/meta-data/public-keys HTTP/1.1 --> 200 OK (referrer: -; agent: python-requests/2.9.1)
Oct  3 00:12:12 mas01 sh[25611]: 2017-10-03 00:12:12 regiond: [info] 192.168.11.9 GET /MAAS/metadata/2012-03-01/meta-data/instance-id HTTP/1.1 --> 200 OK (referrer: -; agent: Cloud-Init/0.7.9)
Oct  3 00:12:12 mas01 sh[25584]: 2017-10-03 00:12:12 regiond: [info] 192.168.11.8 GET /MAAS/metadata/2012-03-01/meta-data/local-hostname HTTP/1.1 --> 200 OK (referrer: -; agent: python-requests/2.9.1)
Oct  3 00:12:12 mas01 sh[25584]: 2017-10-03 00:12:12 regiond: [info] 192.168.11.6 GET /MAAS/metadata/2012-03-01/meta-data/vendor-data HTTP/1.1 --> 200 OK (referrer: -; agent: python-requests/2.9.1)
Oct  3 00:12:12 mas01 sh[25611]: 2017-10-03 00:12:12 regiond: [info] 192.168.11.9 GET /MAAS/metadata/2012-03-01/meta-data/instance-id HTTP/1.1 --> 200 OK (referrer: -; agent: python-requests/2.9.1)
Oct  3 00:12:12 mas01 sh[25611]: 2017-10-03 00:12:12 regiond: [info] 192.168.11.7 GET /MAAS/metadata/2012-03-01/meta-data/vendor-data HTTP/1.1 --> 200 OK (referrer: -; agent: python-requests/2.9.1)
Oct  3 00:12:12 mas01 sh[25611]: 2017-10-03 00:12:12 regiond: [info] 192.168.11.8 GET /MAAS/metadata/2012-03-01/meta-data/public-keys HTTP/1.1 --> 200 OK (referrer: -; agent: python-requests/2.9.1)
Oct  3 00:12:12 mas01 sh[25584]: 2017-10-03 00:12:12 regiond: [info] 192.168.11.6 POST /MAAS/metadata/status/bca4tp HTTP/1.1 --> 204 NO_CONTENT (referrer: -; agent: python-requests/2.9.1)
Oct  3 00:12:12 mas01 sh[26089]: 2017-10-03 00:12:12 regiond: [info] 192.168.11.9 GET /MAAS/metadata/2012-03-01/meta-data/local-hostname HTTP/1.1 --> 200 OK (referrer: -; agent: python-requests/2.9.1)
Oct  3 00:12:12 mas01 sh[25584]: 2017-10-03 00:12:12 regiond: [info] 192.168.11.8 GET /MAAS/metadata/2012-03-01/meta-data/vendor-data HTTP/1.1 --> 200 OK (referrer: -; agent: python-requests/2.9.1)
Oct  3 00:12:12 mas01 sh[26089]: 2017-10-03 00:12:12 regiond: [info] 192.168.11.7 POST /MAAS/metadata/status/8mtrfk HTTP/1.1 --> 204 NO_CONTENT (referrer: -; agent: python-requests/2.9.1)
Oct  3 00:12:12 mas01 sh[25590]: 2017-10-03 00:12:12 regiond: [info] 192.168.11.6 POST /MAAS/metadata/status/bca4tp HTTP/1.1 --> 204 NO_CONTENT (referrer: -; agent: python-requests/2.9.1)
Oct  3 00:12:12 mas01 sh[25584]: 2017-10-03 00:12:12 regiond: [info] 192.168.11.6 POST /MAAS/metadata/status/bca4tp HTTP/1.1 --> 204 NO_CONTENT (referrer: -; agent: python-requests/2.9.1)
Oct  3 00:12:12 mas01 sh[25611]: 2017-10-03 00:12:12 regiond: [info] 192.168.11.6 POST /MAAS/metadata/status/bca4tp HTTP/1.1 --> 204 NO_CONTENT (referrer: -; agent: python-requests/2.9.1)
Oct  3 00:12:12 mas01 sh[25584]: 2017-10-03 00:12:12 regiond: [info] 192.168.11.6 POST /MAAS/metadata/status/bca4tp HTTP/1.1 --> 204 NO_CONTENT (referrer: -; agent: python-requests/2.9.1)
Oct  3 00:12:12 mas01 sh[25584]: 2017-10-03 00:12:12 regiond: [info] 192.168.11.8 POST /MAAS/metadata/status/aq6mc7 HTTP/1.1 --> 204 NO_CONTENT (referrer: -; agent: python-requests/2.9.1)
Oct  3 00:12:12 mas01 sh[25590]: 2017-10-03 00:12:12 regiond: [info] 192.168.11.9 GET /MAAS/metadata/2012-03-01/meta-data/vendor-data HTTP/1.1 --> 200 OK (referrer: -; agent: python-requests/2.9.1)
Oct  3 00:12:12 mas01 sh[26089]: 2017-10-03 00:12:12 regiond: [info] 192.168.11.7 POST /MAAS/metadata/status/8mtrfk HTTP/1.1 --> 204 NO_CONTENT (referrer: -; agent: python-requests/2.9.1)
Oct  3 00:12:12 mas01 sh[26089]: 2017-10-03 00:12:12 regiond: [info] 192.168.11.7 POST /MAAS/metadata/status/8mtrfk HTTP/1.1 --> 204 NO_CONTENT (referrer: -; agent: python-requests/2.9.1)
Oct  3 00:12:12 mas01 sh[25590]: 2017-10-03 00:12:12 regiond: [info] 192.168.11.7 POST /MAAS/metadata/status/8mtrfk HTTP/1.1 --> 204 NO_CONTENT (referrer: -; agent: python-requests/2.9.1)
Oct  3 00:12:12 mas01 sh[25584]: 2017-10-03 00:12:12 regiond: [info] 192.168.11.7 POST /MAAS/metadata/status/8mtrfk HTTP/1.1 --> 204 NO_CONTENT (referrer: -; agent: python-requests/2.9.1)
Oct  3 00:12:12 mas01 sh[25611]: 2017-10-03 00:12:12 regiond: [info] 192.168.11.8 POST /MAAS/metadata/status/aq6mc7 HTTP/1.1 --> 204 NO_CONTENT (referrer: -; agent: python-requests/2.9.1)
Oct  3 00:12:12 mas01 sh[26089]: 2017-10-03 00:12:12 regiond: [info] 192.168.11.8 POST /MAAS/metadata/status/aq6mc7 HTTP/1.1 --> 204 NO_CONTENT (referrer: -; agent: python-requests/2.9.1)
Oct  3 00:12:12 mas01 sh[26089]: 2017-10-03 00:12:12 regiond: [info] 192.168.11.8 POST /MAAS/metadata/status/aq6mc7 HTTP/1.1 --> 204 NO_CONTENT (referrer: -; agent: python-requests/2.9.1)
Oct  3 00:12:12 mas01 sh[25590]: 2017-10-03 00:12:12 regiond: [info] 192.168.11.9 POST /MAAS/metadata/status/fcyc3g HTTP/1.1 --> 204 NO_CONTENT (referrer: -; agent: python-requests/2.9.1)
Oct  3 00:12:12 mas01 sh[26089]: 2017-10-03 00:12:12 regiond: [info] 192.168.11.8 POST /MAAS/metadata/status/aq6mc7 HTTP/1.1 --> 204 NO_CONTENT (referrer: -; agent: python-requests/2.9.1)
Oct  3 00:12:12 mas01 sh[26089]: 2017-10-03 00:12:12 regiond: [info] 192.168.11.6 POST /MAAS/metadata/status/bca4tp HTTP/1.1 --> 204 NO_CONTENT (referrer: -; agent: python-requests/2.9.1)
Oct  3 00:12:12 mas01 sh[25584]: 2017-10-03 00:12:12 regiond: [info] 192.168.11.6 POST /MAAS/metadata/status/bca4tp HTTP/1.1 --> 204 NO_CONTENT (referrer: -; agent: python-requests/2.9.1)
Oct  3 00:12:12 mas01 sh[25584]: 2017-10-03 00:12:12 regiond: [info] 192.168.11.6 POST /MAAS/metadata/status/bca4tp HTTP/1.1 --> 204 NO_CONTENT (referrer: -; agent: python-requests/2.9.1)
Oct  3 00:12:12 mas01 sh[25590]: 2017-10-03 00:12:12 regiond: [info] 192.168.11.6 POST /MAAS/metadata/status/bca4tp HTTP/1.1 --> 204 NO_CONTENT (referrer: -; agent: python-requests/2.9.1)
Oct  3 00:12:12 mas01 sh[25584]: 2017-10-03 00:12:12 regiond: [info] 192.168.11.6 POST /MAAS/metadata/status/bca4tp HTTP/1.1 --> 204 NO_CONTENT (referrer: -; agent: python-requests/2.9.1)
Oct  3 00:12:12 mas01 sh[25611]: 2017-10-03 00:12:12 regiond: [info] 192.168.11.6 POST /MAAS/metadata/status/bca4tp HTTP/1.1 --> 204 NO_CONTENT (referrer: -; agent: python-requests/2.9.1)
Oct  3 00:12:12 mas01 sh[25611]: 2017-10-03 00:12:12 regiond: [info] 192.168.11.6 POST /MAAS/metadata/status/bca4tp HTTP/1.1 --> 204 NO_CONTENT (referrer: -; agent: python-requests/2.9.1)
Oct  3 00:12:12 mas01 sh[25590]: 2017-10-03 00:12:12 regiond: [info] 192.168.11.9 POST /MAAS/metadata/status/fcyc3g HTTP/1.1 --> 204 NO_CONTENT (referrer: -; agent: python-requests/2.9.1)
Oct  3 00:12:12 mas01 sh[25611]: 2017-10-03 00:12:12 regiond: [info] 192.168.11.6 POST /MAAS/metadata/status/bca4tp HTTP/1.1 --> 204 NO_CONTENT (referrer: -; agent: python-requests/2.9.1)
Oct  3 00:12:12 mas01 sh[25611]: 2017-10-03 00:12:12 regiond: [info] 192.168.11.6 POST /MAAS/metadata/status/bca4tp HTTP/1.1 --> 204 NO_CONTENT (referrer: -; agent: python-requests/2.9.1)
Oct  3 00:12:12 mas01 sh[25584]: 2017-10-03 00:12:12 regiond: [info] 192.168.11.9 POST /MAAS/metadata/status/fcyc3g HTTP/1.1 --> 204 NO_CONTENT (referrer: -; agent: python-requests/2.9.1)
Oct  3 00:12:12 mas01 sh[26089]: 2017-10-03 00:12:12 regiond: [info] 192.168.11.6 POST /MAAS/metadata/status/bca4tp HTTP/1.1 --> 204 NO_CONTENT (referrer: -; agent: python-requests/2.9.1)
Oct  3 00:12:12 mas01 sh[25590]: 2017-10-03 00:12:12 regiond: [info] 192.168.11.9 POST /MAAS/metadata/status/fcyc3g HTTP/1.1 --> 204 NO_CONTENT (referrer: -; agent: python-requests/2.9.1)
Oct  3 00:12:12 mas01 sh[25584]: 2017-10-03 00:12:12 regiond: [info] 192.168.11.6 POST /MAAS/metadata/status/bca4tp HTTP/1.1 --> 204 NO_CONTENT (referrer: -; agent: python-requests/2.9.1)
Oct  3 00:12:12 mas01 sh[25590]: 2017-10-03 00:12:12 regiond: [info] 192.168.11.9 POST /MAAS/metadata/status/fcyc3g HTTP/1.1 --> 204 NO_CONTENT (referrer: -; agent: python-requests/2.9.1)
Oct  3 00:12:12 mas01 sh[26089]: 2017-10-03 00:12:12 regiond: [info] 192.168.11.7 POST /MAAS/metadata/status/8mtrfk HTTP/1.1 --> 204 NO_CONTENT (referrer: -; agent: python-requests/2.9.1)
Oct  3 00:12:12 mas01 sh[25590]: 2017-10-03 00:12:12 regiond: [info] 192.168.11.7 POST /MAAS/metadata/status/8mtrfk HTTP/1.1 --> 204 NO_CONTENT (referrer: -; agent: python-requests/2.9.1)
Oct  3 00:12:12 mas01 sh[26089]: 2017-10-03 00:12:12 regiond: [info] 192.168.11.7 POST /MAAS/metadata/status/8mtrfk HTTP/1.1 --> 204 NO_CONTENT (referrer: -; agent: python-requests/2.9.1)
Oct  3 00:12:12 mas01 sh[25584]: 2017-10-03 00:12:12 regiond: [info] 192.168.11.6 POST /MAAS/metadata/status/bca4tp HTTP/1.1 --> 204 NO_CONTENT (referrer: -; agent: python-requests/2.9.1)
Oct  3 00:12:12 mas01 sh[25584]: 2017-10-03 00:12:12 regiond: [info] 192.168.11.7 POST /MAAS/metadata/status/8mtrfk HTTP/1.1 --> 204 NO_CONTENT (referrer: -; agent: python-requests/2.9.1)
Oct  3 00:12:12 mas01 sh[25590]: 2017-10-03 00:12:12 regiond: [info] 192.168.11.6 POST /MAAS/metadata/status/bca4tp HTTP/1.1 --> 204 NO_CONTENT (referrer: -; agent: python-requests/2.9.1)
Oct  3 00:12:12 mas01 sh[25590]: 2017-10-03 00:12:12 regiond: [info] 192.168.11.7 POST /MAAS/metadata/status/8mtrfk HTTP/1.1 --> 204 NO_CONTENT (referrer: -; agent: python-requests/2.9.1)
Oct  3 00:12:12 mas01 sh[25590]: 2017-10-03 00:12:12 regiond: [info] 192.168.11.7 POST /MAAS/metadata/status/8mtrfk HTTP/1.1 --> 204 NO_CONTENT (referrer: -; agent: python-requests/2.9.1)
Oct  3 00:12:12 mas01 sh[25590]: 2017-10-03 00:12:12 regiond: [info] 192.168.11.6 POST /MAAS/metadata/status/bca4tp HTTP/1.1 --> 204 NO_CONTENT (referrer: -; agent: python-requests/2.9.1)
Oct  3 00:12:12 mas01 sh[26089]: 2017-10-03 00:12:12 regiond: [info] 192.168.11.7 POST /MAAS/metadata/status/8mtrfk HTTP/1.1 --> 204 NO_CONTENT (referrer: -; agent: python-requests/2.9.1)
Oct  3 00:12:12 mas01 sh[26089]: 2017-10-03 00:12:12 regiond: [info] 192.168.11.6 POST /MAAS/metadata/status/bca4tp HTTP/1.1 --> 204 NO_CONTENT (referrer: -; agent: python-requests/2.9.1)
Oct  3 00:12:12 mas01 sh[26089]: 2017-10-03 00:12:12 regiond: [info] 192.168.11.7 POST /MAAS/metadata/status/8mtrfk HTTP/1.1 --> 204 NO_CONTENT (referrer: -; agent: python-requests/2.9.1)
Oct  3 00:12:12 mas01 sh[25584]: 2017-10-03 00:12:12 regiond: [info] 192.168.11.6 POST /MAAS/metadata/status/bca4tp HTTP/1.1 --> 204 NO_CONTENT (referrer: -; agent: python-requests/2.9.1)
Oct  3 00:12:12 mas01 sh[26089]: 2017-10-03 00:12:12 regiond: [info] 192.168.11.7 POST /MAAS/metadata/status/8mtrfk HTTP/1.1 --> 204 NO_CONTENT (referrer: -; agent: python-requests/2.9.1)
Oct  3 00:12:12 mas01 sh[25590]: 2017-10-03 00:12:12 regiond: [info] 192.168.11.6 POST /MAAS/metadata/status/bca4tp HTTP/1.1 --> 204 NO_CONTENT (referrer: -; agent: python-requests/2.9.1)
Oct  3 00:12:12 mas01 sh[26089]: 2017-10-03 00:12:12 regiond: [info] 192.168.11.7 POST /MAAS/metadata/status/8mtrfk HTTP/1.1 --> 204 NO_CONTENT (referrer: -; agent: python-requests/2.9.1)
Oct  3 00:12:12 mas01 sh[25611]: 2017-10-03 00:12:12 regiond: [info] 192.168.11.6 POST /MAAS/metadata/status/bca4tp HTTP/1.1 --> 204 NO_CONTENT (referrer: -; agent: python-requests/2.9.1)
Oct  3 00:12:12 mas01 sh[25611]: 2017-10-03 00:12:12 regiond: [info] 192.168.11.7 POST /MAAS/metadata/status/8mtrfk HTTP/1.1 --> 204 NO_CONTENT (referrer: -; agent: python-requests/2.9.1)
Oct  3 00:12:12 mas01 sh[25611]: 2017-10-03 00:12:12 regiond: [info] 192.168.11.6 POST /MAAS/metadata/status/bca4tp HTTP/1.1 --> 204 NO_CONTENT (referrer: -; agent: python-requests/2.9.1)
Oct  3 00:12:12 mas01 sh[25611]: 2017-10-03 00:12:12 regiond: [info] 192.168.11.8 POST /MAAS/metadata/status/aq6mc7 HTTP/1.1 --> 204 NO_CONTENT (referrer: -; agent: python-requests/2.9.1)
Oct  3 00:12:12 mas01 sh[25584]: 2017-10-03 00:12:12 regiond: [info] 192.168.11.8 POST /MAAS/metadata/status/aq6mc7 HTTP/1.1 --> 204 NO_CONTENT (referrer: -; agent: python-requests/2.9.1)
Oct  3 00:12:12 mas01 sh[25584]: 2017-10-03 00:12:12 regiond: [info] 192.168.11.8 POST /MAAS/metadata/status/aq6mc7 HTTP/1.1 --> 204 NO_CONTENT (referrer: -; agent: python-requests/2.9.1)
Oct  3 00:12:12 mas01 sh[25584]: 2017-10-03 00:12:12 regiond: [info] 192.168.11.6 POST /MAAS/metadata/status/bca4tp HTTP/1.1 --> 204 NO_CONTENT (referrer: -; agent: python-requests/2.9.1)
Oct  3 00:12:12 mas01 sh[26089]: 2017-10-03 00:12:12 regiond: [info] 192.168.11.8 POST /MAAS/metadata/status/aq6mc7 HTTP/1.1 --> 204 NO_CONTENT (referrer: -; agent: python-requests/2.9.1)
Oct  3 00:12:12 mas01 sh[26089]: 2017-10-03 00:12:12 regiond: [info] 192.168.11.6 POST /MAAS/metadata/status/bca4tp HTTP/1.1 --> 204 NO_CONTENT (referrer: -; agent: python-requests/2.9.1)
Oct  3 00:12:12 mas01 sh[25590]: 2017-10-03 00:12:12 regiond: [info] 192.168.11.7 POST /MAAS/metadata/status/8mtrfk HTTP/1.1 --> 204 NO_CONTENT (referrer: -; agent: python-requests/2.9.1)
Oct  3 00:12:12 mas01 sh[25590]: 2017-10-03 00:12:12 regiond: [info] 192.168.11.8 POST /MAAS/metadata/status/aq6mc7 HTTP/1.1 --> 204 NO_CONTENT (referrer: -; agent: python-requests/2.9.1)
Oct  3 00:12:12 mas01 sh[26089]: 2017-10-03 00:12:12 regiond: [info] 192.168.11.6 POST /MAAS/metadata/status/bca4tp HTTP/1.1 --> 204 NO_CONTENT (referrer: -; agent: python-requests/2.9.1)
Oct  3 00:12:12 mas01 sh[25590]: 2017-10-03 00:12:12 regiond: [info] 192.168.11.7 POST /MAAS/metadata/status/8mtrfk HTTP/1.1 --> 204 NO_CONTENT (referrer: -; agent: python-requests/2.9.1)
Oct  3 00:12:12 mas01 sh[26089]: 2017-10-03 00:12:12 regiond: [info] 192.168.11.8 POST /MAAS/metadata/status/aq6mc7 HTTP/1.1 --> 204 NO_CONTENT (referrer: -; agent: python-requests/2.9.1)
Oct  3 00:12:12 mas01 sh[25584]: 2017-10-03 00:12:12 regiond: [info] 192.168.11.6 POST /MAAS/metadata/status/bca4tp HTTP/1.1 --> 204 NO_CONTENT (referrer: -; agent: python-requests/2.9.1)
Oct  3 00:12:12 mas01 sh[25584]: 2017-10-03 00:12:12 regiond: [info] 192.168.11.8 POST /MAAS/metadata/status/aq6mc7 HTTP/1.1 --> 204 NO_CONTENT (referrer: -; agent: python-requests/2.9.1)
Oct  3 00:12:12 mas01 sh[25584]: 2017-10-03 00:12:12 regiond: [info] 192.168.11.8 POST /MAAS/metadata/status/aq6mc7 HTTP/1.1 --> 204 NO_CONTENT (referrer: -; agent: python-requests/2.9.1)
Oct  3 00:12:12 mas01 sh[25611]: 2017-10-03 00:12:12 regiond: [info] 192.168.11.7 POST /MAAS/metadata/status/8mtrfk HTTP/1.1 --> 204 NO_CONTENT (referrer: -; agent: python-requests/2.9.1)
Oct  3 00:12:12 mas01 sh[25611]: 2017-10-03 00:12:12 regiond: [info] 192.168.11.8 POST /MAAS/metadata/status/aq6mc7 HTTP/1.1 --> 204 NO_CONTENT (referrer: -; agent: python-requests/2.9.1)
Oct  3 00:12:12 mas01 sh[25590]: 2017-10-03 00:12:12 regiond: [info] 192.168.11.6 POST /MAAS/metadata/status/bca4tp HTTP/1.1 --> 204 NO_CONTENT (referrer: -; agent: python-requests/2.9.1)
Oct  3 00:12:12 mas01 sh[25584]: 2017-10-03 00:12:12 regiond: [info] 192.168.11.7 POST /MAAS/metadata/status/8mtrfk HTTP/1.1 --> 204 NO_CONTENT (referrer: -; agent: python-requests/2.9.1)
Oct  3 00:12:12 mas01 sh[25584]: 2017-10-03 00:12:12 regiond: [info] 192.168.11.8 POST /MAAS/metadata/status/aq6mc7 HTTP/1.1 --> 204 NO_CONTENT (referrer: -; agent: python-requests/2.9.1)
Oct  3 00:12:12 mas01 sh[25590]: 2017-10-03 00:12:12 regiond: [info] 192.168.11.6 POST /MAAS/metadata/status/bca4tp HTTP/1.1 --> 204 NO_CONTENT (referrer: -; agent: python-requests/2.9.1)
Oct  3 00:12:12 mas01 sh[26089]: 2017-10-03 00:12:12 regiond: [info] 192.168.11.7 POST /MAAS/metadata/status/8mtrfk HTTP/1.1 --> 204 NO_CONTENT (referrer: -; agent: python-requests/2.9.1)
Oct  3 00:12:12 mas01 sh[26089]: 2017-10-03 00:12:12 regiond: [info] 192.168.11.8 POST /MAAS/metadata/status/aq6mc7 HTTP/1.1 --> 204 NO_CONTENT (referrer: -; agent: python-requests/2.9.1)
Oct  3 00:12:12 mas01 sh[25611]: 2017-10-03 00:12:12 regiond: [info] 192.168.11.7 POST /MAAS/metadata/status/8mtrfk HTTP/1.1 --> 204 NO_CONTENT (referrer: -; agent: python-requests/2.9.1)
Oct  3 00:12:12 mas01 sh[26089]: 2017-10-03 00:12:12 regiond: [info] 192.168.11.6 POST /MAAS/metadata/status/bca4tp HTTP/1.1 --> 204 NO_CONTENT (referrer: -; agent: python-requests/2.9.1)
Oct  3 00:12:12 mas01 sh[25611]: 2017-10-03 00:12:12 regiond: [info] 192.168.11.7 POST /MAAS/metadata/status/8mtrfk HTTP/1.1 --> 204 NO_CONTENT (referrer: -; agent: python-requests/2.9.1)
Oct  3 00:12:12 mas01 sh[26089]: 2017-10-03 00:12:12 regiond: [info] 192.168.11.6 POST /MAAS/metadata/status/bca4tp HTTP/1.1 --> 204 NO_CONTENT (referrer: -; agent: python-requests/2.9.1)
Oct  3 00:12:12 mas01 sh[25584]: 2017-10-03 00:12:12 regiond: [info] 192.168.11.7 POST /MAAS/metadata/status/8mtrfk HTTP/1.1 --> 204 NO_CONTENT (referrer: -; agent: python-requests/2.9.1)
Oct  3 00:12:12 mas01 sh[25584]: 2017-10-03 00:12:12 regiond: [info] 192.168.11.6 POST /MAAS/metadata/status/bca4tp HTTP/1.1 --> 204 NO_CONTENT (referrer: -; agent: python-requests/2.9.1)
Oct  3 00:12:12 mas01 sh[25590]: 2017-10-03 00:12:12 regiond: [info] 192.168.11.8 POST /MAAS/metadata/status/aq6mc7 HTTP/1.1 --> 204 NO_CONTENT (referrer: -; agent: python-requests/2.9.1)
Oct  3 00:12:12 mas01 sh[25611]: 2017-10-03 00:12:12 regiond: [info] 192.168.11.7 POST /MAAS/metadata/status/8mtrfk HTTP/1.1 --> 204 NO_CONTENT (referrer: -; agent: python-requests/2.9.1)
Oct  3 00:12:12 mas01 sh[25611]: 2017-10-03 00:12:12 regiond: [info] 192.168.11.6 POST /MAAS/metadata/status/bca4tp HTTP/1.1 --> 204 NO_CONTENT (referrer: -; agent: python-requests/2.9.1)
Oct  3 00:12:12 mas01 sh[25611]: 2017-10-03 00:12:12 regiond: [info] 192.168.11.8 POST /MAAS/metadata/status/aq6mc7 HTTP/1.1 --> 204 NO_CONTENT (referrer: -; agent: python-requests/2.9.1)
Oct  3 00:12:12 mas01 sh[25590]: 2017-10-03 00:12:12 regiond: [info] 192.168.11.7 POST /MAAS/metadata/status/8mtrfk HTTP/1.1 --> 204 NO_CONTENT (referrer: -; agent: python-requests/2.9.1)
Oct  3 00:12:12 mas01 sh[25584]: 2017-10-03 00:12:12 regiond: [info] 192.168.11.7 POST /MAAS/metadata/status/8mtrfk HTTP/1.1 --> 204 NO_CONTENT (referrer: -; agent: python-requests/2.9.1)
Oct  3 00:12:12 mas01 sh[25584]: 2017-10-03 00:12:12 regiond: [info] 192.168.11.7 POST /MAAS/metadata/status/8mtrfk HTTP/1.1 --> 204 NO_CONTENT (referrer: -; agent: python-requests/2.9.1)
Oct  3 00:12:12 mas01 sh[25584]: 2017-10-03 00:12:12 regiond: [info] 192.168.11.8 POST /MAAS/metadata/status/aq6mc7 HTTP/1.1 --> 204 NO_CONTENT (referrer: -; agent: python-requests/2.9.1)
Oct  3 00:12:12 mas01 sh[25590]: 2017-10-03 00:12:12 regiond: [info] 192.168.11.8 POST /MAAS/metadata/status/aq6mc7 HTTP/1.1 --> 204 NO_CONTENT (referrer: -; agent: python-requests/2.9.1)
Oct  3 00:12:13 mas01 sh[25611]: 2017-10-03 00:12:13 regiond: [info] 192.168.11.8 POST /MAAS/metadata/status/aq6mc7 HTTP/1.1 --> 204 NO_CONTENT (referrer: -; agent: python-requests/2.9.1)
Oct  3 00:12:13 mas01 sh[26089]: 2017-10-03 00:12:13 regiond: [info] 192.168.11.7 POST /MAAS/metadata/status/8mtrfk HTTP/1.1 --> 204 NO_CONTENT (referrer: -; agent: python-requests/2.9.1)
Oct  3 00:12:13 mas01 sh[26089]: 2017-10-03 00:12:13 regiond: [info] 192.168.11.8 POST /MAAS/metadata/status/aq6mc7 HTTP/1.1 --> 204 NO_CONTENT (referrer: -; agent: python-requests/2.9.1)
Oct  3 00:12:13 mas01 sh[26089]: 2017-10-03 00:12:13 regiond: [info] 192.168.11.7 POST /MAAS/metadata/status/8mtrfk HTTP/1.1 --> 204 NO_CONTENT (referrer: -; agent: python-requests/2.9.1)
Oct  3 00:12:13 mas01 sh[25611]: 2017-10-03 00:12:13 regiond: [info] 192.168.11.8 POST /MAAS/metadata/status/aq6mc7 HTTP/1.1 --> 204 NO_CONTENT (referrer: -; agent: python-requests/2.9.1)
Oct  3 00:12:13 mas01 sh[25590]: 2017-10-03 00:12:13 regiond: [info] 192.168.11.7 POST /MAAS/metadata/status/8mtrfk HTTP/1.1 --> 204 NO_CONTENT (referrer: -; agent: python-requests/2.9.1)
Oct  3 00:12:13 mas01 sh[26089]: 2017-10-03 00:12:13 regiond: [info] 192.168.11.8 POST /MAAS/metadata/status/aq6mc7 HTTP/1.1 --> 204 NO_CONTENT (referrer: -; agent: python-requests/2.9.1)
Oct  3 00:12:13 mas01 sh[25584]: 2017-10-03 00:12:13 regiond: [info] 192.168.11.9 POST /MAAS/metadata/status/fcyc3g HTTP/1.1 --> 204 NO_CONTENT (referrer: -; agent: python-requests/2.9.1)
Oct  3 00:12:13 mas01 sh[25590]: 2017-10-03 00:12:13 regiond: [info] 192.168.11.7 POST /MAAS/metadata/status/8mtrfk HTTP/1.1 --> 204 NO_CONTENT (referrer: -; agent: python-requests/2.9.1)
Oct  3 00:12:13 mas01 sh[25584]: 2017-10-03 00:12:13 regiond: [info] 192.168.11.9 POST /MAAS/metadata/status/fcyc3g HTTP/1.1 --> 204 NO_CONTENT (referrer: -; agent: python-requests/2.9.1)
Oct  3 00:12:13 mas01 sh[25590]: 2017-10-03 00:12:13 regiond: [info] 192.168.11.9 POST /MAAS/metadata/status/fcyc3g HTTP/1.1 --> 204 NO_CONTENT (referrer: -; agent: python-requests/2.9.1)
Oct  3 00:12:13 mas01 sh[25611]: 2017-10-03 00:12:13 regiond: [info] 192.168.11.8 POST /MAAS/metadata/status/aq6mc7 HTTP/1.1 --> 204 NO_CONTENT (referrer: -; agent: python-requests/2.9.1)
Oct  3 00:12:13 mas01 sh[25590]: 2017-10-03 00:12:13 regiond: [info] 192.168.11.8 POST /MAAS/metadata/status/aq6mc7 HTTP/1.1 --> 204 NO_CONTENT (referrer: -; agent: python-requests/2.9.1)
Oct  3 00:12:13 mas01 sh[25584]: 2017-10-03 00:12:13 regiond: [info] 192.168.11.9 POST /MAAS/metadata/status/fcyc3g HTTP/1.1 --> 204 NO_CONTENT (referrer: -; agent: python-requests/2.9.1)
Oct  3 00:12:13 mas01 sh[25584]: 2017-10-03 00:12:13 regiond: [info] 192.168.11.7 POST /MAAS/metadata/status/8mtrfk HTTP/1.1 --> 204 NO_CONTENT (referrer: -; agent: python-requests/2.9.1)
Oct  3 00:12:13 mas01 sh[25611]: 2017-10-03 00:12:13 regiond: [info] 192.168.11.8 POST /MAAS/metadata/status/aq6mc7 HTTP/1.1 --> 204 NO_CONTENT (referrer: -; agent: python-requests/2.9.1)
Oct  3 00:12:13 mas01 sh[25584]: 2017-10-03 00:12:13 regiond: [info] 192.168.11.9 POST /MAAS/metadata/status/fcyc3g HTTP/1.1 --> 204 NO_CONTENT (referrer: -; agent: python-requests/2.9.1)
Oct  3 00:12:13 mas01 sh[26089]: 2017-10-03 00:12:13 regiond: [info] 192.168.11.7 POST /MAAS/metadata/status/8mtrfk HTTP/1.1 --> 204 NO_CONTENT (referrer: -; agent: python-requests/2.9.1)
Oct  3 00:12:13 mas01 sh[25584]: 2017-10-03 00:12:13 regiond: [info] 192.168.11.8 POST /MAAS/metadata/status/aq6mc7 HTTP/1.1 --> 204 NO_CONTENT (referrer: -; agent: python-requests/2.9.1)
Oct  3 00:12:13 mas01 sh[26089]: 2017-10-03 00:12:13 regiond: [info] 192.168.11.9 POST /MAAS/metadata/status/fcyc3g HTTP/1.1 --> 204 NO_CONTENT (referrer: -; agent: python-requests/2.9.1)
Oct  3 00:12:13 mas01 sh[25611]: 2017-10-03 00:12:13 regiond: [info] 192.168.11.9 POST /MAAS/metadata/status/fcyc3g HTTP/1.1 --> 204 NO_CONTENT (referrer: -; agent: python-requests/2.9.1)
Oct  3 00:12:13 mas01 sh[25611]: 2017-10-03 00:12:13 regiond: [info] 192.168.11.6 POST /MAAS/metadata/status/bca4tp HTTP/1.1 --> 204 NO_CONTENT (referrer: -; agent: python-requests/2.9.1)
Oct  3 00:12:13 mas01 sh[25590]: 2017-10-03 00:12:13 regiond: [info] 192.168.11.9 POST /MAAS/metadata/status/fcyc3g HTTP/1.1 --> 204 NO_CONTENT (referrer: -; agent: python-requests/2.9.1)
Oct  3 00:12:13 mas01 sh[25584]: 2017-10-03 00:12:13 regiond: [info] 192.168.11.6 POST /MAAS/metadata/status/bca4tp HTTP/1.1 --> 204 NO_CONTENT (referrer: -; agent: python-requests/2.9.1)
Oct  3 00:12:13 mas01 sh[25611]: 2017-10-03 00:12:13 regiond: [info] 192.168.11.8 POST /MAAS/metadata/status/aq6mc7 HTTP/1.1 --> 204 NO_CONTENT (referrer: -; agent: python-requests/2.9.1)
Oct  3 00:12:13 mas01 sh[25584]: 2017-10-03 00:12:13 regiond: [info] 192.168.11.9 POST /MAAS/metadata/status/fcyc3g HTTP/1.1 --> 204 NO_CONTENT (referrer: -; agent: python-requests/2.9.1)
Oct  3 00:12:13 mas01 sh[26089]: 2017-10-03 00:12:13 regiond: [info] 192.168.11.8 POST /MAAS/metadata/status/aq6mc7 HTTP/1.1 --> 204 NO_CONTENT (referrer: -; agent: python-requests/2.9.1)
Oct  3 00:12:13 mas01 sh[25584]: 2017-10-03 00:12:13 regiond: [info] 192.168.11.9 POST /MAAS/metadata/status/fcyc3g HTTP/1.1 --> 204 NO_CONTENT (referrer: -; agent: python-requests/2.9.1)
Oct  3 00:12:13 mas01 sh[26089]: 2017-10-03 00:12:13 regiond: [info] 192.168.11.8 POST /MAAS/metadata/status/aq6mc7 HTTP/1.1 --> 204 NO_CONTENT (referrer: -; agent: python-requests/2.9.1)
Oct  3 00:12:13 mas01 sh[26089]: 2017-10-03 00:12:13 regiond: [info] 192.168.11.9 POST /MAAS/metadata/status/fcyc3g HTTP/1.1 --> 204 NO_CONTENT (referrer: -; agent: python-requests/2.9.1)
Oct  3 00:12:13 mas01 sh[25590]: 2017-10-03 00:12:13 regiond: [info] 192.168.11.8 POST /MAAS/metadata/status/aq6mc7 HTTP/1.1 --> 204 NO_CONTENT (referrer: -; agent: python-requests/2.9.1)
Oct  3 00:12:13 mas01 sh[26089]: 2017-10-03 00:12:13 regiond: [info] 192.168.11.8 POST /MAAS/metadata/status/aq6mc7 HTTP/1.1 --> 204 NO_CONTENT (referrer: -; agent: python-requests/2.9.1)
Oct  3 00:12:13 mas01 sh[25590]: 2017-10-03 00:12:13 regiond: [info] 192.168.11.8 POST /MAAS/metadata/status/aq6mc7 HTTP/1.1 --> 204 NO_CONTENT (referrer: -; agent: python-requests/2.9.1)
Oct  3 00:12:13 mas01 sh[25590]: 2017-10-03 00:12:13 regiond: [info] 192.168.11.9 POST /MAAS/metadata/status/fcyc3g HTTP/1.1 --> 204 NO_CONTENT (referrer: -; agent: python-requests/2.9.1)
Oct  3 00:12:13 mas01 sh[25611]: 2017-10-03 00:12:13 regiond: [info] 192.168.11.9 POST /MAAS/metadata/status/fcyc3g HTTP/1.1 --> 204 NO_CONTENT (referrer: -; agent: python-requests/2.9.1)
Oct  3 00:12:13 mas01 sh[26089]: 2017-10-03 00:12:13 regiond: [info] 192.168.11.9 POST /MAAS/metadata/status/fcyc3g HTTP/1.1 --> 204 NO_CONTENT (referrer: -; agent: python-requests/2.9.1)
Oct  3 00:12:13 mas01 sh[25584]: 2017-10-03 00:12:13 regiond: [info] 192.168.11.9 POST /MAAS/metadata/status/fcyc3g HTTP/1.1 --> 204 NO_CONTENT (referrer: -; agent: python-requests/2.9.1)
Oct  3 00:12:13 mas01 sh[25611]: 2017-10-03 00:12:13 regiond: [info] 192.168.11.7 POST /MAAS/metadata/status/8mtrfk HTTP/1.1 --> 204 NO_CONTENT (referrer: -; agent: python-requests/2.9.1)
Oct  3 00:12:13 mas01 sh[25584]: 2017-10-03 00:12:13 regiond: [info] 192.168.11.7 POST /MAAS/metadata/status/8mtrfk HTTP/1.1 --> 204 NO_CONTENT (referrer: -; agent: python-requests/2.9.1)
Oct  3 00:12:13 mas01 sh[25611]: 2017-10-03 00:12:13 regiond: [info] 192.168.11.9 POST /MAAS/metadata/status/fcyc3g HTTP/1.1 --> 204 NO_CONTENT (referrer: -; agent: python-requests/2.9.1)
Oct  3 00:12:13 mas01 sh[26089]: 2017-10-03 00:12:13 regiond: [info] 192.168.11.9 POST /MAAS/metadata/status/fcyc3g HTTP/1.1 --> 204 NO_CONTENT (referrer: -; agent: python-requests/2.9.1)
Oct  3 00:12:13 mas01 sh[25611]: 2017-10-03 00:12:13 regiond: [info] 192.168.11.9 POST /MAAS/metadata/status/fcyc3g HTTP/1.1 --> 204 NO_CONTENT (referrer: -; agent: python-requests/2.9.1)
Oct  3 00:12:13 mas01 sh[25584]: 2017-10-03 00:12:13 regiond: [info] 192.168.11.9 POST /MAAS/metadata/status/fcyc3g HTTP/1.1 --> 204 NO_CONTENT (referrer: -; agent: python-requests/2.9.1)
Oct  3 00:12:13 mas01 sh[25611]: 2017-10-03 00:12:13 regiond: [info] 192.168.11.9 POST /MAAS/metadata/status/fcyc3g HTTP/1.1 --> 204 NO_CONTENT (referrer: -; agent: python-requests/2.9.1)
Oct  3 00:12:13 mas01 sh[25590]: 2017-10-03 00:12:13 regiond: [info] 192.168.11.9 POST /MAAS/metadata/status/fcyc3g HTTP/1.1 --> 204 NO_CONTENT (referrer: -; agent: python-requests/2.9.1)
Oct  3 00:12:13 mas01 sh[25611]: 2017-10-03 00:12:13 regiond: [info] 192.168.11.9 POST /MAAS/metadata/status/fcyc3g HTTP/1.1 --> 204 NO_CONTENT (referrer: -; agent: python-requests/2.9.1)
Oct  3 00:12:13 mas01 sh[26089]: 2017-10-03 00:12:13 regiond: [info] 192.168.11.9 POST /MAAS/metadata/status/fcyc3g HTTP/1.1 --> 204 NO_CONTENT (referrer: -; agent: python-requests/2.9.1)
Oct  3 00:12:13 mas01 sh[26089]: 2017-10-03 00:12:13 regiond: [info] 192.168.11.8 POST /MAAS/metadata/status/aq6mc7 HTTP/1.1 --> 204 NO_CONTENT (referrer: -; agent: python-requests/2.9.1)
Oct  3 00:12:13 mas01 sh[25590]: 2017-10-03 00:12:13 regiond: [info] 192.168.11.8 POST /MAAS/metadata/status/aq6mc7 HTTP/1.1 --> 204 NO_CONTENT (referrer: -; agent: python-requests/2.9.1)
Oct  3 00:12:13 mas01 sh[26089]: 2017-10-03 00:12:13 regiond: [info] 192.168.11.9 POST /MAAS/metadata/status/fcyc3g HTTP/1.1 --> 204 NO_CONTENT (referrer: -; agent: python-requests/2.9.1)
Oct  3 00:12:13 mas01 sh[25584]: 2017-10-03 00:12:13 regiond: [info] 192.168.11.9 POST /MAAS/metadata/status/fcyc3g HTTP/1.1 --> 204 NO_CONTENT (referrer: -; agent: python-requests/2.9.1)
Oct  3 00:12:13 mas01 sh[25584]: 2017-10-03 00:12:13 regiond: [info] 192.168.11.9 POST /MAAS/metadata/status/fcyc3g HTTP/1.1 --> 204 NO_CONTENT (referrer: -; agent: python-requests/2.9.1)
Oct  3 00:12:13 mas01 sh[26089]: 2017-10-03 00:12:13 regiond: [info] 192.168.11.9 POST /MAAS/metadata/status/fcyc3g HTTP/1.1 --> 204 NO_CONTENT (referrer: -; agent: python-requests/2.9.1)
Oct  3 00:12:13 mas01 sh[25611]: 2017-10-03 00:12:13 regiond: [info] 192.168.11.9 POST /MAAS/metadata/status/fcyc3g HTTP/1.1 --> 204 NO_CONTENT (referrer: -; agent: python-requests/2.9.1)
Oct  3 00:12:13 mas01 sh[25611]: 2017-10-03 00:12:13 regiond: [info] 192.168.11.6 POST /MAAS/metadata/status/bca4tp HTTP/1.1 --> 204 NO_CONTENT (referrer: -; agent: python-requests/2.9.1)
Oct  3 00:12:13 mas01 sh[25611]: 2017-10-03 00:12:13 regiond: [info] 192.168.11.9 POST /MAAS/metadata/status/fcyc3g HTTP/1.1 --> 204 NO_CONTENT (referrer: -; agent: python-requests/2.9.1)
Oct  3 00:12:13 mas01 sh[25611]: 2017-10-03 00:12:13 regiond: [info] 192.168.11.7 POST /MAAS/metadata/status/8mtrfk HTTP/1.1 --> 204 NO_CONTENT (referrer: -; agent: python-requests/2.9.1)
Oct  3 00:12:13 mas01 sh[25584]: 2017-10-03 00:12:13 regiond: [info] 192.168.11.9 POST /MAAS/metadata/status/fcyc3g HTTP/1.1 --> 204 NO_CONTENT (referrer: -; agent: python-requests/2.9.1)
Oct  3 00:12:13 mas01 sh[26089]: 2017-10-03 00:12:13 regiond: [info] 192.168.11.9 POST /MAAS/metadata/status/fcyc3g HTTP/1.1 --> 204 NO_CONTENT (referrer: -; agent: python-requests/2.9.1)
Oct  3 00:12:13 mas01 sh[26089]: 2017-10-03 00:12:13 regiond: [info] 192.168.11.6 POST /MAAS/metadata/status/bca4tp HTTP/1.1 --> 204 NO_CONTENT (referrer: -; agent: python-requests/2.9.1)
Oct  3 00:12:13 mas01 sh[25611]: 2017-10-03 00:12:13 regiond: [info] 192.168.11.7 POST /MAAS/metadata/status/8mtrfk HTTP/1.1 --> 204 NO_CONTENT (referrer: -; agent: python-requests/2.9.1)
Oct  3 00:12:13 mas01 sh[25611]: 2017-10-03 00:12:13 regiond: [info] 192.168.11.9 POST /MAAS/metadata/status/fcyc3g HTTP/1.1 --> 204 NO_CONTENT (referrer: -; agent: python-requests/2.9.1)
Oct  3 00:12:13 mas01 sh[25611]: 2017-10-03 00:12:13 regiond: [info] 192.168.11.8 POST /MAAS/metadata/status/aq6mc7 HTTP/1.1 --> 204 NO_CONTENT (referrer: -; agent: python-requests/2.9.1)
Oct  3 00:12:13 mas01 sh[25590]: 2017-10-03 00:12:13 regiond: [info] 192.168.11.9 POST /MAAS/metadata/status/fcyc3g HTTP/1.1 --> 204 NO_CONTENT (referrer: -; agent: python-requests/2.9.1)
Oct  3 00:12:13 mas01 sh[26089]: 2017-10-03 00:12:13 regiond: [info] 192.168.11.8 POST /MAAS/metadata/status/aq6mc7 HTTP/1.1 --> 204 NO_CONTENT (referrer: -; agent: python-requests/2.9.1)
Oct  3 00:12:15 mas01 sh[26089]: 2017-10-03 00:12:15 regiond: [info] 192.168.11.5 GET /MAAS/metadata/2012-03-01/maas-scripts/ HTTP/1.1 --> 200 OK (referrer: -; agent: Python-urllib/3.5)
Oct  3 00:12:15 mas01 sh[25611]: 2017-10-03 00:12:15 regiond: [info] 192.168.11.5 POST /MAAS/metadata/2012-03-01/ HTTP/1.1 --> 200 OK (referrer: -; agent: Python-urllib/3.5)
Oct  3 00:12:15 mas01 sh[25611]: 2017-10-03 00:12:15 regiond: [info] 192.168.11.5 POST /MAAS/metadata/2012-03-01/ HTTP/1.1 --> 200 OK (referrer: -; agent: Python-urllib/3.5)
Oct  3 00:12:15 mas01 sh[26089]: 2017-10-03 00:12:15 regiond: [info] 192.168.11.5 GET /MAAS/metadata/latest/by-id/4bhecy/?op=get_preseed HTTP/1.1 --> 200 OK (referrer: -; agent: curl/7.47.0)
Oct  3 00:12:16 mas01 sh[25611]: 2017-10-03 00:12:16 regiond: [info] 192.168.11.5 POST /MAAS/metadata/2012-03-01/ HTTP/1.1 --> 200 OK (referrer: -; agent: Python-urllib/3.5)
Oct  3 00:12:16 mas01 sh[25611]: 2017-10-03 00:12:16 regiond: [info] 192.168.11.5 POST /MAAS/metadata/2012-03-01/ HTTP/1.1 --> 200 OK (referrer: -; agent: Python-urllib/3.5)
Oct  3 00:12:16 mas01 sh[25590]: 2017-10-03 00:12:16 regiond: [info] 192.168.11.5 POST /MAAS/metadata/2012-03-01/ HTTP/1.1 --> 200 OK (referrer: -; agent: Python-urllib/3.5)
Oct  3 00:12:16 mas01 sh[25584]: 2017-10-03 00:12:16 regiond: [info] 192.168.11.7 POST /MAAS/metadata/status/8mtrfk HTTP/1.1 --> 204 NO_CONTENT (referrer: -; agent: python-requests/2.9.1)
Oct  3 00:12:16 mas01 sh[25584]: 2017-10-03 00:12:16 regiond: [info] 192.168.11.5 POST /MAAS/metadata/2012-03-01/ HTTP/1.1 --> 200 OK (referrer: -; agent: Python-urllib/3.5)
Oct  3 00:12:16 mas01 sh[25584]: 2017-10-03 00:12:16 regiond: [info] 192.168.11.7 POST /MAAS/metadata/status/8mtrfk HTTP/1.1 --> 204 NO_CONTENT (referrer: -; agent: python-requests/2.9.1)
Oct  3 00:12:16 mas01 sh[25590]: 2017-10-03 00:12:16 regiond: [info] 192.168.11.7 POST /MAAS/metadata/status/8mtrfk HTTP/1.1 --> 204 NO_CONTENT (referrer: -; agent: python-requests/2.9.1)
Oct  3 00:12:16 mas01 sh[25590]: 2017-10-03 00:12:16 regiond: [info] 192.168.11.7 POST /MAAS/metadata/status/8mtrfk HTTP/1.1 --> 204 NO_CONTENT (referrer: -; agent: python-requests/2.9.1)
Oct  3 00:12:16 mas01 sh[26089]: 2017-10-03 00:12:16 regiond: [info] 192.168.11.7 POST /MAAS/metadata/status/8mtrfk HTTP/1.1 --> 204 NO_CONTENT (referrer: -; agent: python-requests/2.9.1)
