Sep 23 03:16:34 mas01 named[20403]: automatic empty zone: 18.172.IN-ADDR.ARPA
Sep 23 03:16:34 mas01 named[20403]: automatic empty zone: 19.172.IN-ADDR.ARPA
Sep 23 03:16:34 mas01 named[20403]: automatic empty zone: 20.172.IN-ADDR.ARPA
Sep 23 03:16:34 mas01 named[20403]: automatic empty zone: 21.172.IN-ADDR.ARPA
Sep 23 03:16:34 mas01 named[20403]: automatic empty zone: 22.172.IN-ADDR.ARPA
Sep 23 03:16:34 mas01 named[20403]: automatic empty zone: 23.172.IN-ADDR.ARPA
Sep 23 03:16:34 mas01 named[20403]: automatic empty zone: 24.172.IN-ADDR.ARPA
Sep 23 03:16:34 mas01 named[20403]: automatic empty zone: 25.172.IN-ADDR.ARPA
Sep 23 03:16:34 mas01 named[20403]: automatic empty zone: 26.172.IN-ADDR.ARPA
Sep 23 03:16:34 mas01 named[20403]: automatic empty zone: 27.172.IN-ADDR.ARPA
Sep 23 03:16:34 mas01 named[20403]: automatic empty zone: 28.172.IN-ADDR.ARPA
Sep 23 03:16:34 mas01 named[20403]: automatic empty zone: 29.172.IN-ADDR.ARPA
Sep 23 03:16:34 mas01 named[20403]: automatic empty zone: 30.172.IN-ADDR.ARPA
Sep 23 03:16:34 mas01 named[20403]: automatic empty zone: 31.172.IN-ADDR.ARPA
Sep 23 03:16:34 mas01 named[20403]: automatic empty zone: 168.192.IN-ADDR.ARPA
Sep 23 03:16:34 mas01 named[20403]: automatic empty zone: 64.100.IN-ADDR.ARPA
Sep 23 03:16:34 mas01 named[20403]: automatic empty zone: 65.100.IN-ADDR.ARPA
Sep 23 03:16:34 mas01 named[20403]: automatic empty zone: 66.100.IN-ADDR.ARPA
Sep 23 03:16:34 mas01 named[20403]: automatic empty zone: 67.100.IN-ADDR.ARPA
Sep 23 03:16:34 mas01 named[20403]: automatic empty zone: 68.100.IN-ADDR.ARPA
Sep 23 03:16:34 mas01 named[20403]: automatic empty zone: 69.100.IN-ADDR.ARPA
Sep 23 03:16:34 mas01 named[20403]: automatic empty zone: 70.100.IN-ADDR.ARPA
Sep 23 03:16:34 mas01 named[20403]: automatic empty zone: 71.100.IN-ADDR.ARPA
Sep 23 03:16:34 mas01 named[20403]: automatic empty zone: 72.100.IN-ADDR.ARPA
Sep 23 03:16:34 mas01 named[20403]: automatic empty zone: 73.100.IN-ADDR.ARPA
Sep 23 03:16:34 mas01 named[20403]: automatic empty zone: 74.100.IN-ADDR.ARPA
Sep 23 03:16:34 mas01 named[20403]: automatic empty zone: 75.100.IN-ADDR.ARPA
Sep 23 03:16:34 mas01 named[20403]: automatic empty zone: 76.100.IN-ADDR.ARPA
Sep 23 03:16:34 mas01 named[20403]: automatic empty zone: 77.100.IN-ADDR.ARPA
Sep 23 03:16:34 mas01 named[20403]: automatic empty zone: 78.100.IN-ADDR.ARPA
Sep 23 03:16:34 mas01 named[20403]: automatic empty zone: 79.100.IN-ADDR.ARPA
Sep 23 03:16:34 mas01 named[20403]: automatic empty zone: 80.100.IN-ADDR.ARPA
Sep 23 03:16:34 mas01 named[20403]: automatic empty zone: 81.100.IN-ADDR.ARPA
Sep 23 03:16:34 mas01 named[20403]: automatic empty zone: 82.100.IN-ADDR.ARPA
Sep 23 03:16:34 mas01 named[20403]: automatic empty zone: 83.100.IN-ADDR.ARPA
Sep 23 03:16:34 mas01 named[20403]: automatic empty zone: 84.100.IN-ADDR.ARPA
Sep 23 03:16:34 mas01 named[20403]: automatic empty zone: 85.100.IN-ADDR.ARPA
Sep 23 03:16:34 mas01 named[20403]: automatic empty zone: 86.100.IN-ADDR.ARPA
Sep 23 03:16:34 mas01 named[20403]: automatic empty zone: 87.100.IN-ADDR.ARPA
Sep 23 03:16:34 mas01 named[20403]: automatic empty zone: 88.100.IN-ADDR.ARPA
Sep 23 03:16:34 mas01 named[20403]: automatic empty zone: 89.100.IN-ADDR.ARPA
Sep 23 03:16:34 mas01 named[20403]: automatic empty zone: 90.100.IN-ADDR.ARPA
Sep 23 03:16:34 mas01 named[20403]: automatic empty zone: 91.100.IN-ADDR.ARPA
Sep 23 03:16:34 mas01 named[20403]: automatic empty zone: 92.100.IN-ADDR.ARPA
Sep 23 03:16:34 mas01 named[20403]: automatic empty zone: 93.100.IN-ADDR.ARPA
Sep 23 03:16:34 mas01 named[20403]: automatic empty zone: 94.100.IN-ADDR.ARPA
Sep 23 03:16:34 mas01 named[20403]: automatic empty zone: 95.100.IN-ADDR.ARPA
Sep 23 03:16:34 mas01 named[20403]: automatic empty zone: 96.100.IN-ADDR.ARPA
Sep 23 03:16:34 mas01 named[20403]: automatic empty zone: 97.100.IN-ADDR.ARPA
Sep 23 03:16:34 mas01 named[20403]: automatic empty zone: 98.100.IN-ADDR.ARPA
Sep 23 03:16:34 mas01 named[20403]: automatic empty zone: 99.100.IN-ADDR.ARPA
Sep 23 03:16:34 mas01 named[20403]: automatic empty zone: 100.100.IN-ADDR.ARPA
Sep 23 03:16:34 mas01 named[20403]: automatic empty zone: 101.100.IN-ADDR.ARPA
Sep 23 03:16:34 mas01 named[20403]: automatic empty zone: 102.100.IN-ADDR.ARPA
Sep 23 03:16:34 mas01 named[20403]: automatic empty zone: 103.100.IN-ADDR.ARPA
Sep 23 03:16:34 mas01 named[20403]: automatic empty zone: 104.100.IN-ADDR.ARPA
Sep 23 03:16:34 mas01 named[20403]: automatic empty zone: 105.100.IN-ADDR.ARPA
Sep 23 03:16:34 mas01 named[20403]: automatic empty zone: 106.100.IN-ADDR.ARPA
Sep 23 03:16:34 mas01 named[20403]: automatic empty zone: 107.100.IN-ADDR.ARPA
Sep 23 03:16:34 mas01 named[20403]: automatic empty zone: 108.100.IN-ADDR.ARPA
Sep 23 03:16:34 mas01 named[20403]: automatic empty zone: 109.100.IN-ADDR.ARPA
Sep 23 03:16:34 mas01 named[20403]: automatic empty zone: 110.100.IN-ADDR.ARPA
Sep 23 03:16:34 mas01 named[20403]: automatic empty zone: 111.100.IN-ADDR.ARPA
Sep 23 03:16:34 mas01 named[20403]: automatic empty zone: 112.100.IN-ADDR.ARPA
Sep 23 03:16:34 mas01 sh[20950]: 2017-09-23 03:16:34 maasserver.region_controller: [info] Successfully configured DNS.
Sep 23 03:16:34 mas01 named[20403]: automatic empty zone: 113.100.IN-ADDR.ARPA
Sep 23 03:16:34 mas01 named[20403]: automatic empty zone: 114.100.IN-ADDR.ARPA
Sep 23 03:16:34 mas01 named[20403]: automatic empty zone: 115.100.IN-ADDR.ARPA
Sep 23 03:16:34 mas01 named[20403]: automatic empty zone: 116.100.IN-ADDR.ARPA
Sep 23 03:16:34 mas01 named[20403]: automatic empty zone: 117.100.IN-ADDR.ARPA
Sep 23 03:16:34 mas01 named[20403]: automatic empty zone: 118.100.IN-ADDR.ARPA
Sep 23 03:16:34 mas01 named[20403]: automatic empty zone: 119.100.IN-ADDR.ARPA
Sep 23 03:16:34 mas01 named[20403]: automatic empty zone: 120.100.IN-ADDR.ARPA
Sep 23 03:16:34 mas01 named[20403]: automatic empty zone: 121.100.IN-ADDR.ARPA
Sep 23 03:16:34 mas01 named[20403]: automatic empty zone: 122.100.IN-ADDR.ARPA
Sep 23 03:16:34 mas01 named[20403]: automatic empty zone: 123.100.IN-ADDR.ARPA
Sep 23 03:16:34 mas01 named[20403]: automatic empty zone: 124.100.IN-ADDR.ARPA
Sep 23 03:16:34 mas01 named[20403]: automatic empty zone: 125.100.IN-ADDR.ARPA
Sep 23 03:16:34 mas01 named[20403]: automatic empty zone: 126.100.IN-ADDR.ARPA
Sep 23 03:16:34 mas01 named[20403]: automatic empty zone: 127.100.IN-ADDR.ARPA
Sep 23 03:16:34 mas01 named[20403]: automatic empty zone: 254.169.IN-ADDR.ARPA
Sep 23 03:16:34 mas01 named[20403]: automatic empty zone: 2.0.192.IN-ADDR.ARPA
Sep 23 03:16:34 mas01 named[20403]: automatic empty zone: 100.51.198.IN-ADDR.ARPA
Sep 23 03:16:34 mas01 named[20403]: automatic empty zone: 113.0.203.IN-ADDR.ARPA
Sep 23 03:16:34 mas01 named[20403]: automatic empty zone: 255.255.255.255.IN-ADDR.ARPA
Sep 23 03:16:34 mas01 named[20403]: automatic empty zone: 0.0.0.0.0.0.0.0.0.0.0.0.0.0.0.0.0.0.0.0.0.0.0.0.0.0.0.0.0.0.0.0.IP6.ARPA
Sep 23 03:16:34 mas01 named[20403]: automatic empty zone: 1.0.0.0.0.0.0.0.0.0.0.0.0.0.0.0.0.0.0.0.0.0.0.0.0.0.0.0.0.0.0.0.IP6.ARPA
Sep 23 03:16:34 mas01 named[20403]: automatic empty zone: D.F.IP6.ARPA
Sep 23 03:16:34 mas01 named[20403]: automatic empty zone: 8.E.F.IP6.ARPA
Sep 23 03:16:34 mas01 named[20403]: automatic empty zone: 9.E.F.IP6.ARPA
Sep 23 03:16:34 mas01 named[20403]: automatic empty zone: A.E.F.IP6.ARPA
Sep 23 03:16:34 mas01 named[20403]: automatic empty zone: B.E.F.IP6.ARPA
Sep 23 03:16:34 mas01 named[20403]: automatic empty zone: 8.B.D.0.1.0.0.2.IP6.ARPA
Sep 23 03:16:34 mas01 named[20403]: automatic empty zone: EMPTY.AS112.ARPA
Sep 23 03:16:34 mas01 named[20403]: configuring command channel from '/etc/bind/rndc.key'
Sep 23 03:16:34 mas01 named[20403]: reloading configuration succeeded
Sep 23 03:16:34 mas01 named[20403]: reloading zones succeeded
Sep 23 03:16:34 mas01 named[20403]: zone 4.167.10.in-addr.arpa/IN: loaded serial 204
Sep 23 03:16:34 mas01 named[20403]: zone 0.20.10.in-addr.arpa/IN: loaded serial 204
Sep 23 03:16:34 mas01 named[20403]: zone 11.168.192.in-addr.arpa/IN: loaded serial 204
Sep 23 03:16:34 mas01 named[20403]: zone 10.30.172.in-addr.arpa/IN: loaded serial 204
Sep 23 03:16:34 mas01 named[20403]: all zones loaded
Sep 23 03:16:34 mas01 named[20403]: running
Sep 23 03:16:34 mas01 named[20403]: zone baremetal-mcp-ocata-ovs-ha.local/IN: loaded serial 204
Sep 23 03:16:37 mas01 sh[20560]: 2017-09-23 03:16:37 regiond: [info] 192.168.11.9 POST /MAAS/metadata/status/g8nkf4 HTTP/1.1 --> 204 NO_CONTENT (referrer: -; agent: python-requests/2.9.1)
Sep 23 03:16:37 mas01 sh[20950]: 2017-09-23 03:16:37 regiond: [info] 192.168.11.9 POST /MAAS/metadata/status/g8nkf4 HTTP/1.1 --> 204 NO_CONTENT (referrer: -; agent: python-requests/2.9.1)
Sep 23 03:16:37 mas01 sh[20950]: 2017-09-23 03:16:37 regiond: [info] 192.168.11.9 POST /MAAS/metadata/status/g8nkf4 HTTP/1.1 --> 204 NO_CONTENT (referrer: -; agent: python-requests/2.9.1)
Sep 23 03:16:37 mas01 sh[20560]: 2017-09-23 03:16:37 regiond: [info] 192.168.11.12 POST /MAAS/metadata/status/qhwydn HTTP/1.1 --> 204 NO_CONTENT (referrer: -; agent: python-requests/2.9.1)
Sep 23 03:16:37 mas01 sh[20450]: 2017-09-23 03:16:37 regiond: [info] 192.168.11.12 POST /MAAS/metadata/status/qhwydn HTTP/1.1 --> 204 NO_CONTENT (referrer: -; agent: python-requests/2.9.1)
Sep 23 03:16:37 mas01 sh[20950]: 2017-09-23 03:16:37 regiond: [info] 192.168.11.12 POST /MAAS/metadata/status/qhwydn HTTP/1.1 --> 204 NO_CONTENT (referrer: -; agent: python-requests/2.9.1)
Sep 23 03:16:37 mas01 sh[20950]: 2017-09-23 03:16:37 regiond: [info] 192.168.11.9 GET /MAAS/metadata/latest/by-id/g8nkf4/?op=get_preseed HTTP/1.1 --> 200 OK (referrer: -; agent: Cloud-Init/0.7.9)
Sep 23 03:16:37 mas01 sh[20950]: 2017-09-23 03:16:37 regiond: [info] 192.168.11.9 POST /MAAS/metadata/status/g8nkf4 HTTP/1.1 --> 204 NO_CONTENT (referrer: -; agent: python-requests/2.9.1)
Sep 23 03:16:37 mas01 sh[20450]: 2017-09-23 03:16:37 regiond: [info] 192.168.11.9 POST /MAAS/metadata/status/g8nkf4 HTTP/1.1 --> 204 NO_CONTENT (referrer: -; agent: python-requests/2.9.1)
Sep 23 03:16:37 mas01 sh[20450]: 2017-09-23 03:16:37 regiond: [info] 192.168.11.9 POST /MAAS/metadata/status/g8nkf4 HTTP/1.1 --> 204 NO_CONTENT (referrer: -; agent: python-requests/2.9.1)
Sep 23 03:16:37 mas01 sh[20450]: 2017-09-23 03:16:37 regiond: [info] 192.168.11.9 GET /MAAS/metadata/2012-03-01/meta-data/instance-id HTTP/1.1 --> 200 OK (referrer: -; agent: Cloud-Init/0.7.9)
Sep 23 03:16:37 mas01 sh[20950]: 2017-09-23 03:16:37 regiond: [info] 192.168.11.9 GET /MAAS/metadata/2012-03-01/meta-data/instance-id HTTP/1.1 --> 200 OK (referrer: -; agent: python-requests/2.9.1)
Sep 23 03:16:38 mas01 sh[20950]: 2017-09-23 03:16:38 regiond: [info] 192.168.11.12 POST /MAAS/metadata/status/qhwydn HTTP/1.1 --> 204 NO_CONTENT (referrer: -; agent: python-requests/2.9.1)
Sep 23 03:16:38 mas01 sh[20534]: 2017-09-23 03:16:38 regiond: [info] 192.168.11.12 POST /MAAS/metadata/status/qhwydn HTTP/1.1 --> 204 NO_CONTENT (referrer: -; agent: python-requests/2.9.1)
Sep 23 03:16:38 mas01 sh[20450]: 2017-09-23 03:16:38 regiond: [info] 192.168.11.12 POST /MAAS/metadata/status/qhwydn HTTP/1.1 --> 204 NO_CONTENT (referrer: -; agent: python-requests/2.9.1)
Sep 23 03:16:38 mas01 sh[20560]: 2017-09-23 03:16:38 regiond: [info] 192.168.11.9 GET /MAAS/metadata/2012-03-01/meta-data/local-hostname HTTP/1.1 --> 200 OK (referrer: -; agent: python-requests/2.9.1)
Sep 23 03:16:38 mas01 sh[20450]: 2017-09-23 03:16:38 regiond: [info] 192.168.11.12 GET /MAAS/metadata/2012-03-01/meta-data/instance-id HTTP/1.1 --> 200 OK (referrer: -; agent: Cloud-Init/0.7.9)
Sep 23 03:16:38 mas01 sh[20450]: 2017-09-23 03:16:38 regiond: [info] 192.168.11.12 GET /MAAS/metadata/2012-03-01/meta-data/instance-id HTTP/1.1 --> 200 OK (referrer: -; agent: python-requests/2.9.1)
Sep 23 03:16:38 mas01 sh[20534]: 2017-09-23 03:16:38 regiond: [info] 192.168.11.20 GET /MAAS/metadata/2012-03-01/maas-scripts/ HTTP/1.1 --> 200 OK (referrer: -; agent: Python-urllib/3.5)
Sep 23 03:16:38 mas01 sh[20450]: 2017-09-23 03:16:38 regiond: [info] 192.168.11.12 GET /MAAS/metadata/2012-03-01/meta-data/local-hostname HTTP/1.1 --> 200 OK (referrer: -; agent: python-requests/2.9.1)
Sep 23 03:16:38 mas01 sh[20534]: 2017-09-23 03:16:38 regiond: [info] 192.168.11.20 POST /MAAS/metadata/2012-03-01/ HTTP/1.1 --> 200 OK (referrer: -; agent: Python-urllib/3.5)
Sep 23 03:16:38 mas01 sh[20534]: 2017-09-23 03:16:38 regiond: [info] 192.168.11.9 GET /MAAS/metadata/2012-03-01/meta-data/vendor-data HTTP/1.1 --> 200 OK (referrer: -; agent: python-requests/2.9.1)
Sep 23 03:16:38 mas01 sh[20534]: 2017-09-23 03:16:38 regiond: [info] 192.168.11.20 POST /MAAS/metadata/2012-03-01/ HTTP/1.1 --> 200 OK (referrer: -; agent: Python-urllib/3.5)
Sep 23 03:16:38 mas01 sh[20950]: 2017-09-23 03:16:38 regiond: [info] 192.168.11.9 POST /MAAS/metadata/status/g8nkf4 HTTP/1.1 --> 204 NO_CONTENT (referrer: -; agent: python-requests/2.9.1)
Sep 23 03:16:38 mas01 sh[20450]: 2017-09-23 03:16:38 regiond: [info] 192.168.11.12 GET /MAAS/metadata/2012-03-01/meta-data/vendor-data HTTP/1.1 --> 200 OK (referrer: -; agent: python-requests/2.9.1)
Sep 23 03:16:38 mas01 sh[20950]: 2017-09-23 03:16:38 regiond: [info] 192.168.11.9 POST /MAAS/metadata/status/g8nkf4 HTTP/1.1 --> 204 NO_CONTENT (referrer: -; agent: python-requests/2.9.1)
Sep 23 03:16:38 mas01 sh[20450]: 2017-09-23 03:16:38 regiond: [info] 192.168.11.9 POST /MAAS/metadata/status/g8nkf4 HTTP/1.1 --> 204 NO_CONTENT (referrer: -; agent: python-requests/2.9.1)
Sep 23 03:16:38 mas01 sh[20560]: 2017-09-23 03:16:38 regiond: [info] 192.168.11.9 POST /MAAS/metadata/status/g8nkf4 HTTP/1.1 --> 204 NO_CONTENT (referrer: -; agent: python-requests/2.9.1)
Sep 23 03:16:38 mas01 sh[20560]: 2017-09-23 03:16:38 regiond: [info] 192.168.11.9 POST /MAAS/metadata/status/g8nkf4 HTTP/1.1 --> 204 NO_CONTENT (referrer: -; agent: python-requests/2.9.1)
Sep 23 03:16:38 mas01 sh[20450]: 2017-09-23 03:16:38 regiond: [info] 192.168.11.12 GET /MAAS/metadata/2012-03-01/user-data HTTP/1.1 --> 200 OK (referrer: -; agent: python-requests/2.9.1)
Sep 23 03:16:38 mas01 sh[20450]: 2017-09-23 03:16:38 regiond: [info] 192.168.11.12 POST /MAAS/metadata/status/qhwydn HTTP/1.1 --> 204 NO_CONTENT (referrer: -; agent: python-requests/2.9.1)
Sep 23 03:16:38 mas01 sh[20950]: 2017-09-23 03:16:38 regiond: [info] 192.168.11.20 GET /MAAS/metadata/latest/by-id/fgrad8/?op=get_preseed HTTP/1.1 --> 200 OK (referrer: -; agent: curl/7.47.0)
Sep 23 03:16:38 mas01 sh[20534]: 2017-09-23 03:16:38 regiond: [info] 192.168.11.21 POST /MAAS/metadata/status/4m7wdt HTTP/1.1 --> 204 NO_CONTENT (referrer: -; agent: python-requests/2.9.1)
Sep 23 03:16:38 mas01 sh[20450]: 2017-09-23 03:16:38 regiond: [info] 192.168.11.21 POST /MAAS/metadata/status/4m7wdt HTTP/1.1 --> 204 NO_CONTENT (referrer: -; agent: python-requests/2.9.1)
Sep 23 03:16:38 mas01 sh[20450]: 2017-09-23 03:16:38 regiond: [info] 192.168.11.12 POST /MAAS/metadata/status/qhwydn HTTP/1.1 --> 204 NO_CONTENT (referrer: -; agent: python-requests/2.9.1)
Sep 23 03:16:38 mas01 sh[20534]: 2017-09-23 03:16:38 regiond: [info] 192.168.11.12 POST /MAAS/metadata/status/qhwydn HTTP/1.1 --> 204 NO_CONTENT (referrer: -; agent: python-requests/2.9.1)
Sep 23 03:16:38 mas01 sh[20450]: 2017-09-23 03:16:38 regiond: [info] 192.168.11.12 POST /MAAS/metadata/status/qhwydn HTTP/1.1 --> 204 NO_CONTENT (referrer: -; agent: python-requests/2.9.1)
Sep 23 03:16:38 mas01 sh[20534]: 2017-09-23 03:16:38 regiond: [info] 192.168.11.12 POST /MAAS/metadata/status/qhwydn HTTP/1.1 --> 204 NO_CONTENT (referrer: -; agent: python-requests/2.9.1)
Sep 23 03:16:38 mas01 sh[20950]: 2017-09-23 03:16:38 regiond: [info] 192.168.11.9 POST /MAAS/metadata/status/g8nkf4 HTTP/1.1 --> 204 NO_CONTENT (referrer: -; agent: python-requests/2.9.1)
Sep 23 03:16:38 mas01 sh[20560]: 2017-09-23 03:16:38 regiond: [info] 192.168.11.9 POST /MAAS/metadata/status/g8nkf4 HTTP/1.1 --> 204 NO_CONTENT (referrer: -; agent: python-requests/2.9.1)
Sep 23 03:16:38 mas01 sh[20450]: 2017-09-23 03:16:38 regiond: [info] 192.168.11.9 POST /MAAS/metadata/status/g8nkf4 HTTP/1.1 --> 204 NO_CONTENT (referrer: -; agent: python-requests/2.9.1)
Sep 23 03:16:38 mas01 sh[20560]: 2017-09-23 03:16:38 regiond: [info] 192.168.11.9 POST /MAAS/metadata/status/g8nkf4 HTTP/1.1 --> 204 NO_CONTENT (referrer: -; agent: python-requests/2.9.1)
Sep 23 03:16:38 mas01 sh[20560]: 2017-09-23 03:16:38 regiond: [info] 192.168.11.9 POST /MAAS/metadata/status/g8nkf4 HTTP/1.1 --> 204 NO_CONTENT (referrer: -; agent: python-requests/2.9.1)
Sep 23 03:16:38 mas01 sh[20534]: 2017-09-23 03:16:38 regiond: [info] 192.168.11.9 POST /MAAS/metadata/status/g8nkf4 HTTP/1.1 --> 204 NO_CONTENT (referrer: -; agent: python-requests/2.9.1)
Sep 23 03:16:38 mas01 sh[20950]: 2017-09-23 03:16:38 regiond: [info] 192.168.11.9 POST /MAAS/metadata/status/g8nkf4 HTTP/1.1 --> 204 NO_CONTENT (referrer: -; agent: python-requests/2.9.1)
Sep 23 03:16:38 mas01 sh[20950]: message repeated 2 times: [ 2017-09-23 03:16:38 regiond: [info] 192.168.11.9 POST /MAAS/metadata/status/g8nkf4 HTTP/1.1 --> 204 NO_CONTENT (referrer: -; agent: python-requests/2.9.1)]
Sep 23 03:16:38 mas01 sh[20534]: 2017-09-23 03:16:38 regiond: [info] 192.168.11.9 POST /MAAS/metadata/status/g8nkf4 HTTP/1.1 --> 204 NO_CONTENT (referrer: -; agent: python-requests/2.9.1)
Sep 23 03:16:38 mas01 sh[20560]: 2017-09-23 03:16:38 regiond: [info] 192.168.11.9 POST /MAAS/metadata/status/g8nkf4 HTTP/1.1 --> 204 NO_CONTENT (referrer: -; agent: python-requests/2.9.1)
Sep 23 03:16:38 mas01 sh[20950]: 2017-09-23 03:16:38 regiond: [info] 192.168.11.9 POST /MAAS/metadata/status/g8nkf4 HTTP/1.1 --> 204 NO_CONTENT (referrer: -; agent: python-requests/2.9.1)
Sep 23 03:16:38 mas01 sh[20560]: 2017-09-23 03:16:38 regiond: [info] 192.168.11.9 POST /MAAS/metadata/status/g8nkf4 HTTP/1.1 --> 204 NO_CONTENT (referrer: -; agent: python-requests/2.9.1)
Sep 23 03:16:38 mas01 sh[20534]: 2017-09-23 03:16:38 regiond: [info] 192.168.11.9 POST /MAAS/metadata/status/g8nkf4 HTTP/1.1 --> 204 NO_CONTENT (referrer: -; agent: python-requests/2.9.1)
Sep 23 03:16:38 mas01 sh[20560]: 2017-09-23 03:16:38 regiond: [info] 192.168.11.9 POST /MAAS/metadata/status/g8nkf4 HTTP/1.1 --> 204 NO_CONTENT (referrer: -; agent: python-requests/2.9.1)
Sep 23 03:16:38 mas01 sh[20560]: 2017-09-23 03:16:38 regiond: [info] 192.168.11.9 POST /MAAS/metadata/status/g8nkf4 HTTP/1.1 --> 204 NO_CONTENT (referrer: -; agent: python-requests/2.9.1)
Sep 23 03:16:38 mas01 sh[20560]: 2017-09-23 03:16:38 regiond: [info] 192.168.11.21 POST /MAAS/metadata/status/4m7wdt HTTP/1.1 --> 204 NO_CONTENT (referrer: -; agent: python-requests/2.9.1)
Sep 23 03:16:38 mas01 sh[20450]: 2017-09-23 03:16:38 regiond: [info] 192.168.11.9 POST /MAAS/metadata/status/g8nkf4 HTTP/1.1 --> 204 NO_CONTENT (referrer: -; agent: python-requests/2.9.1)
Sep 23 03:16:38 mas01 sh[20950]: 2017-09-23 03:16:38 regiond: [info] 192.168.11.9 POST /MAAS/metadata/status/g8nkf4 HTTP/1.1 --> 204 NO_CONTENT (referrer: -; agent: python-requests/2.9.1)
Sep 23 03:16:38 mas01 sh[20450]: 2017-09-23 03:16:38 regiond: [info] 192.168.11.9 POST /MAAS/metadata/status/g8nkf4 HTTP/1.1 --> 204 NO_CONTENT (referrer: -; agent: python-requests/2.9.1)
Sep 23 03:16:38 mas01 sh[20450]: 2017-09-23 03:16:38 regiond: [info] 192.168.11.9 POST /MAAS/metadata/status/g8nkf4 HTTP/1.1 --> 204 NO_CONTENT (referrer: -; agent: python-requests/2.9.1)
Sep 23 03:16:38 mas01 sh[20534]: 2017-09-23 03:16:38 regiond: [info] 192.168.11.9 POST /MAAS/metadata/status/g8nkf4 HTTP/1.1 --> 204 NO_CONTENT (referrer: -; agent: python-requests/2.9.1)
Sep 23 03:16:38 mas01 sh[20950]: 2017-09-23 03:16:38 regiond: [info] 192.168.11.12 POST /MAAS/metadata/status/qhwydn HTTP/1.1 --> 204 NO_CONTENT (referrer: -; agent: python-requests/2.9.1)
Sep 23 03:16:38 mas01 sh[20560]: 2017-09-23 03:16:38 regiond: [info] 192.168.11.9 POST /MAAS/metadata/status/g8nkf4 HTTP/1.1 --> 204 NO_CONTENT (referrer: -; agent: python-requests/2.9.1)
Sep 23 03:16:38 mas01 sh[20950]: 2017-09-23 03:16:38 regiond: [info] 192.168.11.9 POST /MAAS/metadata/status/g8nkf4 HTTP/1.1 --> 204 NO_CONTENT (referrer: -; agent: python-requests/2.9.1)
Sep 23 03:16:38 mas01 sh[20950]: 2017-09-23 03:16:38 regiond: [info] 192.168.11.12 POST /MAAS/metadata/status/qhwydn HTTP/1.1 --> 204 NO_CONTENT (referrer: -; agent: python-requests/2.9.1)
Sep 23 03:16:38 mas01 sh[20950]: 2017-09-23 03:16:38 regiond: [info] 192.168.11.12 POST /MAAS/metadata/status/qhwydn HTTP/1.1 --> 204 NO_CONTENT (referrer: -; agent: python-requests/2.9.1)
Sep 23 03:16:38 mas01 sh[20534]: 2017-09-23 03:16:38 regiond: [info] 192.168.11.9 POST /MAAS/metadata/status/g8nkf4 HTTP/1.1 --> 204 NO_CONTENT (referrer: -; agent: python-requests/2.9.1)
Sep 23 03:16:38 mas01 sh[20560]: 2017-09-23 03:16:38 regiond: [info] 192.168.11.12 POST /MAAS/metadata/status/qhwydn HTTP/1.1 --> 204 NO_CONTENT (referrer: -; agent: python-requests/2.9.1)
Sep 23 03:16:38 mas01 sh[20450]: 2017-09-23 03:16:38 regiond: [info] 192.168.11.9 POST /MAAS/metadata/status/g8nkf4 HTTP/1.1 --> 204 NO_CONTENT (referrer: -; agent: python-requests/2.9.1)
Sep 23 03:16:38 mas01 sh[20560]: 2017-09-23 03:16:38 regiond: [info] 192.168.11.12 POST /MAAS/metadata/status/qhwydn HTTP/1.1 --> 204 NO_CONTENT (referrer: -; agent: python-requests/2.9.1)
Sep 23 03:16:38 mas01 sh[20560]: 2017-09-23 03:16:38 regiond: [info] 192.168.11.9 POST /MAAS/metadata/status/g8nkf4 HTTP/1.1 --> 204 NO_CONTENT (referrer: -; agent: python-requests/2.9.1)
Sep 23 03:16:38 mas01 sh[20534]: 2017-09-23 03:16:38 regiond: [info] 192.168.11.12 POST /MAAS/metadata/status/qhwydn HTTP/1.1 --> 204 NO_CONTENT (referrer: -; agent: python-requests/2.9.1)
Sep 23 03:16:38 mas01 sh[20560]: 2017-09-23 03:16:38 regiond: [info] 192.168.11.9 POST /MAAS/metadata/status/g8nkf4 HTTP/1.1 --> 204 NO_CONTENT (referrer: -; agent: python-requests/2.9.1)
Sep 23 03:16:38 mas01 sh[20950]: 2017-09-23 03:16:38 regiond: [info] 192.168.11.12 POST /MAAS/metadata/status/qhwydn HTTP/1.1 --> 204 NO_CONTENT (referrer: -; agent: python-requests/2.9.1)
Sep 23 03:16:38 mas01 sh[20560]: 2017-09-23 03:16:38 regiond: [info] 192.168.11.12 POST /MAAS/metadata/status/qhwydn HTTP/1.1 --> 204 NO_CONTENT (referrer: -; agent: python-requests/2.9.1)
Sep 23 03:16:38 mas01 sh[20950]: 2017-09-23 03:16:38 regiond: [info] 192.168.11.9 POST /MAAS/metadata/status/g8nkf4 HTTP/1.1 --> 204 NO_CONTENT (referrer: -; agent: python-requests/2.9.1)
Sep 23 03:16:38 mas01 sh[20534]: 2017-09-23 03:16:38 regiond: [info] 192.168.11.12 POST /MAAS/metadata/status/qhwydn HTTP/1.1 --> 204 NO_CONTENT (referrer: -; agent: python-requests/2.9.1)
Sep 23 03:16:38 mas01 sh[20450]: 2017-09-23 03:16:38 regiond: [info] 192.168.11.9 POST /MAAS/metadata/status/g8nkf4 HTTP/1.1 --> 204 NO_CONTENT (referrer: -; agent: python-requests/2.9.1)
Sep 23 03:16:38 mas01 sh[20450]: 2017-09-23 03:16:38 regiond: [info] 192.168.11.12 POST /MAAS/metadata/status/qhwydn HTTP/1.1 --> 204 NO_CONTENT (referrer: -; agent: python-requests/2.9.1)
Sep 23 03:16:38 mas01 sh[20534]: 2017-09-23 03:16:38 regiond: [info] 192.168.11.12 POST /MAAS/metadata/status/qhwydn HTTP/1.1 --> 204 NO_CONTENT (referrer: -; agent: python-requests/2.9.1)
Sep 23 03:16:38 mas01 sh[20450]: 2017-09-23 03:16:38 regiond: [info] 192.168.11.12 POST /MAAS/metadata/status/qhwydn HTTP/1.1 --> 204 NO_CONTENT (referrer: -; agent: python-requests/2.9.1)
Sep 23 03:16:38 mas01 sh[20450]: 2017-09-23 03:16:38 regiond: [info] 192.168.11.12 POST /MAAS/metadata/status/qhwydn HTTP/1.1 --> 204 NO_CONTENT (referrer: -; agent: python-requests/2.9.1)
Sep 23 03:16:38 mas01 sh[20560]: 2017-09-23 03:16:38 regiond: [info] 192.168.11.12 POST /MAAS/metadata/status/qhwydn HTTP/1.1 --> 204 NO_CONTENT (referrer: -; agent: python-requests/2.9.1)
Sep 23 03:16:38 mas01 sh[20450]: 2017-09-23 03:16:38 regiond: [info] 192.168.11.12 POST /MAAS/metadata/status/qhwydn HTTP/1.1 --> 204 NO_CONTENT (referrer: -; agent: python-requests/2.9.1)
Sep 23 03:16:38 mas01 sh[20450]: 2017-09-23 03:16:38 regiond: [info] 192.168.11.12 POST /MAAS/metadata/status/qhwydn HTTP/1.1 --> 204 NO_CONTENT (referrer: -; agent: python-requests/2.9.1)
Sep 23 03:16:38 mas01 sh[20950]: 2017-09-23 03:16:38 regiond: [info] 192.168.11.12 POST /MAAS/metadata/status/qhwydn HTTP/1.1 --> 204 NO_CONTENT (referrer: -; agent: python-requests/2.9.1)
Sep 23 03:16:38 mas01 sh[20560]: 2017-09-23 03:16:38 regiond: [info] 192.168.11.9 POST /MAAS/metadata/status/g8nkf4 HTTP/1.1 --> 204 NO_CONTENT (referrer: -; agent: python-requests/2.9.1)
Sep 23 03:16:38 mas01 sh[20450]: 2017-09-23 03:16:38 regiond: [info] 192.168.11.12 POST /MAAS/metadata/status/qhwydn HTTP/1.1 --> 204 NO_CONTENT (referrer: -; agent: python-requests/2.9.1)
Sep 23 03:16:38 mas01 sh[20560]: 2017-09-23 03:16:38 regiond: [info] 192.168.11.9 POST /MAAS/metadata/status/g8nkf4 HTTP/1.1 --> 204 NO_CONTENT (referrer: -; agent: python-requests/2.9.1)
Sep 23 03:16:38 mas01 sh[20450]: 2017-09-23 03:16:38 regiond: [info] 192.168.11.12 POST /MAAS/metadata/status/qhwydn HTTP/1.1 --> 204 NO_CONTENT (referrer: -; agent: python-requests/2.9.1)
Sep 23 03:16:38 mas01 sh[20534]: 2017-09-23 03:16:38 regiond: [info] 192.168.11.12 POST /MAAS/metadata/status/qhwydn HTTP/1.1 --> 204 NO_CONTENT (referrer: -; agent: python-requests/2.9.1)
Sep 23 03:16:38 mas01 sh[20560]: 2017-09-23 03:16:38 regiond: [info] 192.168.11.12 POST /MAAS/metadata/status/qhwydn HTTP/1.1 --> 204 NO_CONTENT (referrer: -; agent: python-requests/2.9.1)
Sep 23 03:16:38 mas01 sh[20560]: message repeated 2 times: [ 2017-09-23 03:16:38 regiond: [info] 192.168.11.12 POST /MAAS/metadata/status/qhwydn HTTP/1.1 --> 204 NO_CONTENT (referrer: -; agent: python-requests/2.9.1)]
Sep 23 03:16:38 mas01 sh[20534]: 2017-09-23 03:16:38 regiond: [info] 192.168.11.12 POST /MAAS/metadata/status/qhwydn HTTP/1.1 --> 204 NO_CONTENT (referrer: -; agent: python-requests/2.9.1)
Sep 23 03:16:38 mas01 sh[20560]: 2017-09-23 03:16:38 regiond: [info] 192.168.11.12 POST /MAAS/metadata/status/qhwydn HTTP/1.1 --> 204 NO_CONTENT (referrer: -; agent: python-requests/2.9.1)
Sep 23 03:16:38 mas01 sh[20534]: 2017-09-23 03:16:38 regiond: [info] 192.168.11.12 POST /MAAS/metadata/status/qhwydn HTTP/1.1 --> 204 NO_CONTENT (referrer: -; agent: python-requests/2.9.1)
Sep 23 03:16:38 mas01 sh[20950]: 2017-09-23 03:16:38 regiond: [info] 192.168.11.12 POST /MAAS/metadata/status/qhwydn HTTP/1.1 --> 204 NO_CONTENT (referrer: -; agent: python-requests/2.9.1)
Sep 23 03:16:38 mas01 sh[20560]: 2017-09-23 03:16:38 regiond: [info] 192.168.11.12 POST /MAAS/metadata/status/qhwydn HTTP/1.1 --> 204 NO_CONTENT (referrer: -; agent: python-requests/2.9.1)
Sep 23 03:16:38 mas01 sh[20560]: 2017-09-23 03:16:38 regiond: [info] 192.168.11.12 POST /MAAS/metadata/status/qhwydn HTTP/1.1 --> 204 NO_CONTENT (referrer: -; agent: python-requests/2.9.1)
Sep 23 03:16:38 mas01 sh[20534]: 2017-09-23 03:16:38 regiond: [info] 192.168.11.20 POST /MAAS/metadata/2012-03-01/ HTTP/1.1 --> 200 OK (referrer: -; agent: Python-urllib/3.5)
Sep 23 03:16:38 mas01 sh[20950]: 2017-09-23 03:16:38 regiond: [info] 192.168.11.12 POST /MAAS/metadata/status/qhwydn HTTP/1.1 --> 204 NO_CONTENT (referrer: -; agent: python-requests/2.9.1)
Sep 23 03:16:38 mas01 sh[20950]: 2017-09-23 03:16:38 regiond: [info] 192.168.11.12 POST /MAAS/metadata/status/qhwydn HTTP/1.1 --> 204 NO_CONTENT (referrer: -; agent: python-requests/2.9.1)
Sep 23 03:16:38 mas01 sh[20950]: 2017-09-23 03:16:38 regiond: [info] 192.168.11.9 POST /MAAS/metadata/status/g8nkf4 HTTP/1.1 --> 204 NO_CONTENT (referrer: -; agent: python-requests/2.9.1)
Sep 23 03:16:38 mas01 sh[20534]: 2017-09-23 03:16:38 regiond: [info] 192.168.11.20 POST /MAAS/metadata/2012-03-01/ HTTP/1.1 --> 200 OK (referrer: -; agent: Python-urllib/3.5)
Sep 23 03:16:39 mas01 sh[20560]: 2017-09-23 03:16:39 regiond: [info] 192.168.11.9 POST /MAAS/metadata/status/g8nkf4 HTTP/1.1 --> 204 NO_CONTENT (referrer: -; agent: python-requests/2.9.1)
Sep 23 03:16:39 mas01 sh[20560]: 2017-09-23 03:16:39 regiond: [info] 192.168.11.21 GET /MAAS/metadata/latest/by-id/4m7wdt/?op=get_preseed HTTP/1.1 --> 200 OK (referrer: -; agent: Cloud-Init/0.7.9)
Sep 23 03:16:39 mas01 sh[20950]: 2017-09-23 03:16:39 regiond: [info] 192.168.11.20 POST /MAAS/metadata/2012-03-01/ HTTP/1.1 --> 200 OK (referrer: -; agent: Python-urllib/3.5)
Sep 23 03:16:39 mas01 sh[20950]: 2017-09-23 03:16:39 regiond: [info] 192.168.11.21 POST /MAAS/metadata/status/4m7wdt HTTP/1.1 --> 204 NO_CONTENT (referrer: -; agent: python-requests/2.9.1)
Sep 23 03:16:39 mas01 sh[20534]: 2017-09-23 03:16:39 regiond: [info] 192.168.11.21 POST /MAAS/metadata/status/4m7wdt HTTP/1.1 --> 204 NO_CONTENT (referrer: -; agent: python-requests/2.9.1)
Sep 23 03:16:39 mas01 sh[20534]: 2017-09-23 03:16:39 regiond: [info] 192.168.11.21 POST /MAAS/metadata/status/4m7wdt HTTP/1.1 --> 204 NO_CONTENT (referrer: -; agent: python-requests/2.9.1)
Sep 23 03:16:39 mas01 sh[20450]: 2017-09-23 03:16:39 regiond: [info] 192.168.11.20 POST /MAAS/metadata/2012-03-01/ HTTP/1.1 --> 200 OK (referrer: -; agent: Python-urllib/3.5)
Sep 23 03:16:39 mas01 sh[20450]: 2017-09-23 03:16:39 regiond: [info] 192.168.11.12 POST /MAAS/metadata/status/qhwydn HTTP/1.1 --> 204 NO_CONTENT (referrer: -; agent: python-requests/2.9.1)
Sep 23 03:16:39 mas01 sh[20950]: 2017-09-23 03:16:39 regiond: [info] 192.168.11.21 GET /MAAS/metadata/2012-03-01/meta-data/instance-id HTTP/1.1 --> 200 OK (referrer: -; agent: Cloud-Init/0.7.9)
Sep 23 03:16:39 mas01 sh[20450]: 2017-09-23 03:16:39 regiond: [info] 192.168.11.21 GET /MAAS/metadata/2012-03-01/meta-data/instance-id HTTP/1.1 --> 200 OK (referrer: -; agent: python-requests/2.9.1)
Sep 23 03:16:39 mas01 sh[20950]: 2017-09-23 03:16:39 regiond: [info] 192.168.11.12 POST /MAAS/metadata/status/qhwydn HTTP/1.1 --> 204 NO_CONTENT (referrer: -; agent: python-requests/2.9.1)
Sep 23 03:16:39 mas01 sh[20950]: 2017-09-23 03:16:39 regiond: [info] 192.168.11.21 GET /MAAS/metadata/2012-03-01/meta-data/local-hostname HTTP/1.1 --> 200 OK (referrer: -; agent: python-requests/2.9.1)
Sep 23 03:16:39 mas01 sh[20950]: 2017-09-23 03:16:39 regiond: [info] 192.168.11.21 GET /MAAS/metadata/2012-03-01/meta-data/public-keys HTTP/1.1 --> 200 OK (referrer: -; agent: python-requests/2.9.1)
Sep 23 03:16:39 mas01 sh[20950]: 2017-09-23 03:16:39 regiond: [info] 192.168.11.21 GET /MAAS/metadata/2012-03-01/meta-data/vendor-data HTTP/1.1 --> 200 OK (referrer: -; agent: python-requests/2.9.1)
Sep 23 03:16:39 mas01 sh[20950]: 2017-09-23 03:16:39 regiond: [info] 192.168.11.21 GET /MAAS/metadata/2012-03-01/user-data HTTP/1.1 --> 200 OK (referrer: -; agent: python-requests/2.9.1)
Sep 23 03:16:39 mas01 sh[20450]: 2017-09-23 03:16:39 regiond: [info] 192.168.11.21 POST /MAAS/metadata/status/4m7wdt HTTP/1.1 --> 204 NO_CONTENT (referrer: -; agent: python-requests/2.9.1)
Sep 23 03:16:39 mas01 sh[20560]: 2017-09-23 03:16:39 regiond: [info] 192.168.11.21 POST /MAAS/metadata/status/4m7wdt HTTP/1.1 --> 204 NO_CONTENT (referrer: -; agent: python-requests/2.9.1)
Sep 23 03:16:39 mas01 sh[20450]: 2017-09-23 03:16:39 regiond: [info] 192.168.11.21 POST /MAAS/metadata/status/4m7wdt HTTP/1.1 --> 204 NO_CONTENT (referrer: -; agent: python-requests/2.9.1)
Sep 23 03:16:39 mas01 sh[20534]: 2017-09-23 03:16:39 regiond: [info] 192.168.11.21 POST /MAAS/metadata/status/4m7wdt HTTP/1.1 --> 204 NO_CONTENT (referrer: -; agent: python-requests/2.9.1)
Sep 23 03:16:39 mas01 sh[20950]: 2017-09-23 03:16:39 regiond: [info] 192.168.11.21 POST /MAAS/metadata/status/4m7wdt HTTP/1.1 --> 204 NO_CONTENT (referrer: -; agent: python-requests/2.9.1)
Sep 23 03:16:39 mas01 sh[20450]: 2017-09-23 03:16:39 regiond: [info] 192.168.11.21 POST /MAAS/metadata/status/4m7wdt HTTP/1.1 --> 204 NO_CONTENT (referrer: -; agent: python-requests/2.9.1)
Sep 23 03:16:39 mas01 sh[20950]: 2017-09-23 03:16:39 regiond: [info] 192.168.11.21 POST /MAAS/metadata/status/4m7wdt HTTP/1.1 --> 204 NO_CONTENT (referrer: -; agent: python-requests/2.9.1)
Sep 23 03:16:39 mas01 sh[20560]: 2017-09-23 03:16:39 regiond: [info] 192.168.11.21 POST /MAAS/metadata/status/4m7wdt HTTP/1.1 --> 204 NO_CONTENT (referrer: -; agent: python-requests/2.9.1)
Sep 23 03:16:39 mas01 sh[20534]: 2017-09-23 03:16:39 regiond: [info] 192.168.11.21 POST /MAAS/metadata/status/4m7wdt HTTP/1.1 --> 204 NO_CONTENT (referrer: -; agent: python-requests/2.9.1)
Sep 23 03:16:39 mas01 sh[20534]: 2017-09-23 03:16:39 regiond: [info] 192.168.11.21 POST /MAAS/metadata/status/4m7wdt HTTP/1.1 --> 204 NO_CONTENT (referrer: -; agent: python-requests/2.9.1)
Sep 23 03:16:39 mas01 sh[20950]: 2017-09-23 03:16:39 regiond: [info] 192.168.11.21 POST /MAAS/metadata/status/4m7wdt HTTP/1.1 --> 204 NO_CONTENT (referrer: -; agent: python-requests/2.9.1)
Sep 23 03:16:39 mas01 sh[20950]: message repeated 3 times: [ 2017-09-23 03:16:39 regiond: [info] 192.168.11.21 POST /MAAS/metadata/status/4m7wdt HTTP/1.1 --> 204 NO_CONTENT (referrer: -; agent: python-requests/2.9.1)]
Sep 23 03:16:39 mas01 sh[20560]: 2017-09-23 03:16:39 regiond: [info] 192.168.11.21 POST /MAAS/metadata/status/4m7wdt HTTP/1.1 --> 204 NO_CONTENT (referrer: -; agent: python-requests/2.9.1)
Sep 23 03:16:39 mas01 sh[20560]: 2017-09-23 03:16:39 regiond: [info] 192.168.11.21 POST /MAAS/metadata/status/4m7wdt HTTP/1.1 --> 204 NO_CONTENT (referrer: -; agent: python-requests/2.9.1)
Sep 23 03:16:39 mas01 sh[20950]: 2017-09-23 03:16:39 regiond: [info] 192.168.11.21 POST /MAAS/metadata/status/4m7wdt HTTP/1.1 --> 204 NO_CONTENT (referrer: -; agent: python-requests/2.9.1)
Sep 23 03:16:39 mas01 sh[20560]: 2017-09-23 03:16:39 regiond: [info] 192.168.11.21 POST /MAAS/metadata/status/4m7wdt HTTP/1.1 --> 204 NO_CONTENT (referrer: -; agent: python-requests/2.9.1)
Sep 23 03:16:39 mas01 sh[20534]: 2017-09-23 03:16:39 regiond: [info] 192.168.11.21 POST /MAAS/metadata/status/4m7wdt HTTP/1.1 --> 204 NO_CONTENT (referrer: -; agent: python-requests/2.9.1)
Sep 23 03:16:39 mas01 sh[20950]: 2017-09-23 03:16:39 regiond: [info] 192.168.11.21 POST /MAAS/metadata/status/4m7wdt HTTP/1.1 --> 204 NO_CONTENT (referrer: -; agent: python-requests/2.9.1)
Sep 23 03:16:39 mas01 sh[20534]: 2017-09-23 03:16:39 regiond: [info] 192.168.11.21 POST /MAAS/metadata/status/4m7wdt HTTP/1.1 --> 204 NO_CONTENT (referrer: -; agent: python-requests/2.9.1)
Sep 23 03:16:39 mas01 sh[20950]: 2017-09-23 03:16:39 regiond: [info] 192.168.11.21 POST /MAAS/metadata/status/4m7wdt HTTP/1.1 --> 204 NO_CONTENT (referrer: -; agent: python-requests/2.9.1)
Sep 23 03:16:39 mas01 sh[20560]: 2017-09-23 03:16:39 regiond: [info] 192.168.11.21 POST /MAAS/metadata/status/4m7wdt HTTP/1.1 --> 204 NO_CONTENT (referrer: -; agent: python-requests/2.9.1)
Sep 23 03:16:39 mas01 sh[20534]: 2017-09-23 03:16:39 regiond: [info] 192.168.11.21 POST /MAAS/metadata/status/4m7wdt HTTP/1.1 --> 204 NO_CONTENT (referrer: -; agent: python-requests/2.9.1)
Sep 23 03:16:39 mas01 sh[20560]: 2017-09-23 03:16:39 regiond: [info] 192.168.11.21 POST /MAAS/metadata/status/4m7wdt HTTP/1.1 --> 204 NO_CONTENT (referrer: -; agent: python-requests/2.9.1)
Sep 23 03:16:39 mas01 sh[20950]: 2017-09-23 03:16:39 regiond: [info] 192.168.11.21 POST /MAAS/metadata/status/4m7wdt HTTP/1.1 --> 204 NO_CONTENT (referrer: -; agent: python-requests/2.9.1)
Sep 23 03:16:39 mas01 sh[20534]: 2017-09-23 03:16:39 regiond: [info] 192.168.11.21 POST /MAAS/metadata/status/4m7wdt HTTP/1.1 --> 204 NO_CONTENT (referrer: -; agent: python-requests/2.9.1)
Sep 23 03:16:39 mas01 sh[20450]: 2017-09-23 03:16:39 regiond: [info] 192.168.11.21 POST /MAAS/metadata/status/4m7wdt HTTP/1.1 --> 204 NO_CONTENT (referrer: -; agent: python-requests/2.9.1)
Sep 23 03:16:39 mas01 sh[20560]: 2017-09-23 03:16:39 regiond: [info] 192.168.11.21 POST /MAAS/metadata/status/4m7wdt HTTP/1.1 --> 204 NO_CONTENT (referrer: -; agent: python-requests/2.9.1)
Sep 23 03:16:39 mas01 sh[20560]: 2017-09-23 03:16:39 regiond: [info] 192.168.11.21 POST /MAAS/metadata/status/4m7wdt HTTP/1.1 --> 204 NO_CONTENT (referrer: -; agent: python-requests/2.9.1)
Sep 23 03:16:39 mas01 sh[20534]: 2017-09-23 03:16:39 regiond: [info] 192.168.11.21 POST /MAAS/metadata/status/4m7wdt HTTP/1.1 --> 204 NO_CONTENT (referrer: -; agent: python-requests/2.9.1)
Sep 23 03:16:40 mas01 sh[20560]: 2017-09-23 03:16:40 regiond: [info] 192.168.11.21 POST /MAAS/metadata/status/4m7wdt HTTP/1.1 --> 204 NO_CONTENT (referrer: -; agent: python-requests/2.9.1)
Sep 23 03:16:40 mas01 sh[20560]: message repeated 2 times: [ 2017-09-23 03:16:40 regiond: [info] 192.168.11.21 POST /MAAS/metadata/status/4m7wdt HTTP/1.1 --> 204 NO_CONTENT (referrer: -; agent: python-requests/2.9.1)]
Sep 23 03:16:40 mas01 sh[20450]: 2017-09-23 03:16:40 regiond: [info] 192.168.11.20 POST /MAAS/metadata/2012-03-01/ HTTP/1.1 --> 200 OK (referrer: -; agent: Python-urllib/3.5)
Sep 23 03:16:40 mas01 sh[20560]: 2017-09-23 03:16:40 regiond: [info] 192.168.11.21 POST /MAAS/metadata/status/4m7wdt HTTP/1.1 --> 204 NO_CONTENT (referrer: -; agent: python-requests/2.9.1)
Sep 23 03:16:40 mas01 sh[20560]: 2017-09-23 03:16:40 regiond: [info] 192.168.11.21 POST /MAAS/metadata/status/4m7wdt HTTP/1.1 --> 204 NO_CONTENT (referrer: -; agent: python-requests/2.9.1)
Sep 23 03:16:40 mas01 sh[20950]: 2017-09-23 03:16:40 regiond: [info] 192.168.11.20 POST /MAAS/metadata/2012-03-01/ HTTP/1.1 --> 200 OK (referrer: -; agent: Python-urllib/3.5)
Sep 23 03:16:40 mas01 sh[20450]: 2017-09-23 03:16:40 regiond: [info] 192.168.11.21 POST /MAAS/metadata/status/4m7wdt HTTP/1.1 --> 204 NO_CONTENT (referrer: -; agent: python-requests/2.9.1)
Sep 23 03:16:40 mas01 sh[20950]: 2017-09-23 03:16:40 regiond: [info] 192.168.11.20 POST /MAAS/metadata/2012-03-01/ HTTP/1.1 --> 200 OK (referrer: -; agent: Python-urllib/3.5)
Sep 23 03:16:40 mas01 sh[20450]: 2017-09-23 03:16:40 regiond: [info] 192.168.11.20 POST /MAAS/metadata/2012-03-01/ HTTP/1.1 --> 200 OK (referrer: -; agent: Python-urllib/3.5)
Sep 23 03:16:40 mas01 sh[20950]: 2017-09-23 03:16:40 regiond: [info] 192.168.11.21 POST /MAAS/metadata/status/4m7wdt HTTP/1.1 --> 204 NO_CONTENT (referrer: -; agent: python-requests/2.9.1)
Sep 23 03:16:40 mas01 salt-minion[4562]: [INFO    ] User sudo_ubuntu Executing command state.apply with jid 20170923031640353023
Sep 23 03:16:40 mas01 salt-minion[4562]: [INFO    ] Starting a new job with PID 22880
Sep 23 03:16:41 mas01 salt-minion[4562]: [INFO    ] Loading fresh modules for state activity
Sep 23 03:16:41 mas01 salt-minion[4562]: [INFO    ] Running state [maas-region apikey --username opnfv > /var/lib/maas/.maas_credentials] at time 03:16:41.942058
Sep 23 03:16:41 mas01 salt-minion[4562]: [INFO    ] Executing state cmd.run for maas-region apikey --username opnfv > /var/lib/maas/.maas_credentials
Sep 23 03:16:41 mas01 salt-minion[4562]: [INFO    ] Executing command 'maas-region apikey --username opnfv > /var/lib/maas/.maas_credentials' in directory '/root'
Sep 23 03:16:42 mas01 sh[20534]: 2017-09-23 03:16:42 regiond: [info] 192.168.11.9 POST /MAAS/metadata/status/g8nkf4 HTTP/1.1 --> 204 NO_CONTENT (referrer: -; agent: python-requests/2.9.1)
Sep 23 03:16:42 mas01 sh[20950]: 2017-09-23 03:16:42 regiond: [info] 192.168.11.9 POST /MAAS/metadata/status/g8nkf4 HTTP/1.1 --> 204 NO_CONTENT (referrer: -; agent: python-requests/2.9.1)
Sep 23 03:16:42 mas01 sh[20450]: 2017-09-23 03:16:42 regiond: [info] 192.168.11.9 POST /MAAS/metadata/status/g8nkf4 HTTP/1.1 --> 204 NO_CONTENT (referrer: -; agent: python-requests/2.9.1)
Sep 23 03:16:42 mas01 sh[20450]: 2017-09-23 03:16:42 regiond: [info] 192.168.11.20 POST /MAAS/metadata/2012-03-01/ HTTP/1.1 --> 200 OK (referrer: -; agent: Python-urllib/3.5)
Sep 23 03:16:42 mas01 sh[20450]: 2017-09-23 03:16:42 regiond: [info] 192.168.11.20 POST /MAAS/metadata/2012-03-01/ HTTP/1.1 --> 200 OK (referrer: -; agent: Python-urllib/3.5)
Sep 23 03:16:43 mas01 sh[20950]: 2017-09-23 03:16:43 regiond: [info] 192.168.11.20 POST /MAAS/metadata/2012-03-01/ HTTP/1.1 --> 200 OK (referrer: -; agent: Python-urllib/3.5)
Sep 23 03:16:43 mas01 sh[20534]: 2017-09-23 03:16:43 regiond: [info] 192.168.11.12 POST /MAAS/metadata/status/qhwydn HTTP/1.1 --> 204 NO_CONTENT (referrer: -; agent: python-requests/2.9.1)
Sep 23 03:16:43 mas01 sh[20534]: 2017-09-23 03:16:43 regiond: [info] 192.168.11.12 POST /MAAS/metadata/status/qhwydn HTTP/1.1 --> 204 NO_CONTENT (referrer: -; agent: python-requests/2.9.1)
Sep 23 03:16:43 mas01 sh[20450]: 2017-09-23 03:16:43 regiond: [info] 192.168.11.12 POST /MAAS/metadata/status/qhwydn HTTP/1.1 --> 204 NO_CONTENT (referrer: -; agent: python-requests/2.9.1)
Sep 23 03:16:43 mas01 sh[20534]: 2017-09-23 03:16:43 regiond: [info] 192.168.11.12 POST /MAAS/metadata/status/qhwydn HTTP/1.1 --> 204 NO_CONTENT (referrer: -; agent: python-requests/2.9.1)
Sep 23 03:16:43 mas01 sh[20950]: 2017-09-23 03:16:43 regiond: [info] 192.168.11.12 POST /MAAS/metadata/status/qhwydn HTTP/1.1 --> 204 NO_CONTENT (referrer: -; agent: python-requests/2.9.1)
Sep 23 03:16:43 mas01 sh[20534]: 2017-09-23 03:16:43 regiond: [info] 192.168.11.12 POST /MAAS/metadata/status/qhwydn HTTP/1.1 --> 204 NO_CONTENT (referrer: -; agent: python-requests/2.9.1)
Sep 23 03:16:43 mas01 sh[20450]: 2017-09-23 03:16:43 regiond: [info] 192.168.11.12 POST /MAAS/metadata/status/qhwydn HTTP/1.1 --> 204 NO_CONTENT (referrer: -; agent: python-requests/2.9.1)
Sep 23 03:16:43 mas01 sh[20560]: 2017-09-23 03:16:43 regiond: [info] 192.168.11.20 POST /MAAS/metadata/2012-03-01/ HTTP/1.1 --> 200 OK (referrer: -; agent: Python-urllib/3.5)
Sep 23 03:16:43 mas01 salt-minion[4562]: [INFO    ] {'pid': 22887, 'retcode': 0, 'stderr': '', 'stdout': ''}
Sep 23 03:16:43 mas01 salt-minion[4562]: [INFO    ] Completed state [maas-region apikey --username opnfv > /var/lib/maas/.maas_credentials] at time 03:16:43.371442 duration_in_ms=1429.383
Sep 23 03:16:43 mas01 salt-minion[4562]: [INFO    ] Running state [maas.machines_status] at time 03:16:43.373597
Sep 23 03:16:43 mas01 salt-minion[4562]: [INFO    ] Executing state module.run for maas.machines_status
Sep 23 03:16:43 mas01 salt-minion[4562]: [INFO    ] {'ret': {'machines': ['hostname:cmp002,system_id:fgrad8,status:Commissioning', 'hostname:kvm01,system_id:g8nkf4,status:Commissioning', 'hostname:kvm03,system_id:qhwydn,status:Commissioning', 'hostname:kvm02,system_id:4m7wdt,status:Commissioning', 'hostname:cmp001,system_id:7ecp3m,status:Commissioning'], 'summary': Counter({'Commissioning': 5})}}
Sep 23 03:16:43 mas01 salt-minion[4562]: [INFO    ] Completed state [maas.machines_status] at time 03:16:43.609334 duration_in_ms=235.736
Sep 23 03:16:43 mas01 salt-minion[4562]: [INFO    ] Returning information for job: 20170923031640353023
Sep 23 03:16:43 mas01 sh[20560]: 2017-09-23 03:16:43 regiond: [info] 192.168.11.20 POST /MAAS/metadata/2012-03-01/ HTTP/1.1 --> 200 OK (referrer: -; agent: Python-urllib/3.5)
Sep 23 03:16:43 mas01 sh[20450]: 2017-09-23 03:16:43 regiond: [info] 192.168.11.21 POST /MAAS/metadata/status/4m7wdt HTTP/1.1 --> 204 NO_CONTENT (referrer: -; agent: python-requests/2.9.1)
Sep 23 03:16:43 mas01 sh[20534]: 2017-09-23 03:16:43 regiond: [info] 192.168.11.21 POST /MAAS/metadata/status/4m7wdt HTTP/1.1 --> 204 NO_CONTENT (referrer: -; agent: python-requests/2.9.1)
Sep 23 03:16:43 mas01 sh[20450]: 2017-09-23 03:16:43 regiond: [info] 192.168.11.21 POST /MAAS/metadata/status/4m7wdt HTTP/1.1 --> 204 NO_CONTENT (referrer: -; agent: python-requests/2.9.1)
Sep 23 03:16:43 mas01 sh[20534]: 2017-09-23 03:16:43 regiond: [info] 192.168.11.21 POST /MAAS/metadata/status/4m7wdt HTTP/1.1 --> 204 NO_CONTENT (referrer: -; agent: python-requests/2.9.1)
Sep 23 03:16:43 mas01 sh[20950]: 2017-09-23 03:16:43 regiond: [info] 192.168.11.21 POST /MAAS/metadata/status/4m7wdt HTTP/1.1 --> 204 NO_CONTENT (referrer: -; agent: python-requests/2.9.1)
Sep 23 03:16:43 mas01 sh[20534]: 2017-09-23 03:16:43 regiond: [info] 192.168.11.20 POST /MAAS/metadata/2012-03-01/ HTTP/1.1 --> 200 OK (referrer: -; agent: Python-urllib/3.5)
Sep 23 03:16:43 mas01 sh[20560]: 2017-09-23 03:16:43 regiond: [info] 192.168.11.21 POST /MAAS/metadata/status/4m7wdt HTTP/1.1 --> 204 NO_CONTENT (referrer: -; agent: python-requests/2.9.1)
Sep 23 03:16:43 mas01 sh[20534]: 2017-09-23 03:16:43 regiond: [info] 192.168.11.21 POST /MAAS/metadata/status/4m7wdt HTTP/1.1 --> 204 NO_CONTENT (referrer: -; agent: python-requests/2.9.1)
Sep 23 03:16:43 mas01 sh[20450]: 2017-09-23 03:16:43 regiond: [info] 192.168.11.9 POST /MAAS/metadata/status/g8nkf4 HTTP/1.1 --> 204 NO_CONTENT (referrer: -; agent: python-requests/2.9.1)
Sep 23 03:16:43 mas01 sh[20534]: 2017-09-23 03:16:43 regiond: [info] 192.168.11.9 POST /MAAS/metadata/status/g8nkf4 HTTP/1.1 --> 204 NO_CONTENT (referrer: -; agent: python-requests/2.9.1)
Sep 23 03:16:43 mas01 sh[20950]: 2017-09-23 03:16:43 regiond: [info] 192.168.11.9 POST /MAAS/metadata/status/g8nkf4 HTTP/1.1 --> 204 NO_CONTENT (referrer: -; agent: python-requests/2.9.1)
Sep 23 03:16:43 mas01 sh[20950]: 2017-09-23 03:16:43 regiond: [info] 192.168.11.9 POST /MAAS/metadata/status/g8nkf4 HTTP/1.1 --> 204 NO_CONTENT (referrer: -; agent: python-requests/2.9.1)
Sep 23 03:16:43 mas01 sh[20560]: 2017-09-23 03:16:43 regiond: [info] 192.168.11.20 POST /MAAS/metadata/2012-03-01/ HTTP/1.1 --> 200 OK (referrer: -; agent: Python-urllib/3.5)
Sep 23 03:16:44 mas01 sh[20534]: 2017-09-23 03:16:44 regiond: [info] 192.168.11.20 POST /MAAS/metadata/2012-03-01/ HTTP/1.1 --> 200 OK (referrer: -; agent: Python-urllib/3.5)
Sep 23 03:16:44 mas01 sh[20450]: 2017-09-23 03:16:44 regiond: [info] 192.168.11.20 POST /MAAS/metadata/2012-03-01/ HTTP/1.1 --> 200 OK (referrer: -; agent: Python-urllib/3.5)
Sep 23 03:16:44 mas01 sh[20534]: 2017-09-23 03:16:44 regiond: [info] 192.168.11.12 POST /MAAS/metadata/status/qhwydn HTTP/1.1 --> 204 NO_CONTENT (referrer: -; agent: python-requests/2.9.1)
Sep 23 03:16:44 mas01 sh[20560]: 2017-09-23 03:16:44 regiond: [info] 192.168.11.12 POST /MAAS/metadata/status/qhwydn HTTP/1.1 --> 204 NO_CONTENT (referrer: -; agent: python-requests/2.9.1)
Sep 23 03:16:44 mas01 sh[20450]: 2017-09-23 03:16:44 regiond: [info] 192.168.11.12 POST /MAAS/metadata/status/qhwydn HTTP/1.1 --> 204 NO_CONTENT (referrer: -; agent: python-requests/2.9.1)
Sep 23 03:16:44 mas01 sh[20450]: 2017-09-23 03:16:44 regiond: [info] 192.168.11.12 POST /MAAS/metadata/status/qhwydn HTTP/1.1 --> 204 NO_CONTENT (referrer: -; agent: python-requests/2.9.1)
Sep 23 03:16:44 mas01 sh[20560]: 2017-09-23 03:16:44 regiond: [info] 192.168.11.20 POST /MAAS/metadata/2012-03-01/ HTTP/1.1 --> 200 OK (referrer: -; agent: Python-urllib/3.5)
Sep 23 03:16:44 mas01 sh[20534]: 2017-09-23 03:16:44 regiond: [info] 192.168.11.12 POST /MAAS/metadata/status/qhwydn HTTP/1.1 --> 204 NO_CONTENT (referrer: -; agent: python-requests/2.9.1)
Sep 23 03:16:44 mas01 sh[20534]: message repeated 2 times: [ 2017-09-23 03:16:44 regiond: [info] 192.168.11.12 POST /MAAS/metadata/status/qhwydn HTTP/1.1 --> 204 NO_CONTENT (referrer: -; agent: python-requests/2.9.1)]
Sep 23 03:16:44 mas01 sh[20450]: 2017-09-23 03:16:44 regiond: [info] 192.168.11.12 POST /MAAS/metadata/status/qhwydn HTTP/1.1 --> 204 NO_CONTENT (referrer: -; agent: python-requests/2.9.1)
Sep 23 03:16:44 mas01 sh[20950]: 2017-09-23 03:16:44 regiond: [info] 192.168.11.9 POST /MAAS/metadata/status/g8nkf4 HTTP/1.1 --> 204 NO_CONTENT (referrer: -; agent: python-requests/2.9.1)
Sep 23 03:16:44 mas01 sh[20450]: 2017-09-23 03:16:44 regiond: [info] 192.168.11.9 POST /MAAS/metadata/status/g8nkf4 HTTP/1.1 --> 204 NO_CONTENT (referrer: -; agent: python-requests/2.9.1)
Sep 23 03:16:44 mas01 sh[20950]: 2017-09-23 03:16:44 regiond: [info] 192.168.11.9 POST /MAAS/metadata/status/g8nkf4 HTTP/1.1 --> 204 NO_CONTENT (referrer: -; agent: python-requests/2.9.1)
Sep 23 03:16:44 mas01 sh[20560]: 2017-09-23 03:16:44 regiond: [info] 192.168.11.9 POST /MAAS/metadata/status/g8nkf4 HTTP/1.1 --> 204 NO_CONTENT (referrer: -; agent: python-requests/2.9.1)
Sep 23 03:16:44 mas01 sh[20450]: 2017-09-23 03:16:44 regiond: [info] 192.168.11.12 POST /MAAS/metadata/status/qhwydn HTTP/1.1 --> 204 NO_CONTENT (referrer: -; agent: python-requests/2.9.1)
Sep 23 03:16:44 mas01 sh[20534]: 2017-09-23 03:16:44 regiond: [info] 192.168.11.12 POST /MAAS/metadata/status/qhwydn HTTP/1.1 --> 204 NO_CONTENT (referrer: -; agent: python-requests/2.9.1)
Sep 23 03:16:44 mas01 sh[20450]: 2017-09-23 03:16:44 regiond: [info] 192.168.11.9 POST /MAAS/metadata/status/g8nkf4 HTTP/1.1 --> 204 NO_CONTENT (referrer: -; agent: python-requests/2.9.1)
Sep 23 03:16:44 mas01 sh[20950]: 2017-09-23 03:16:44 regiond: [info] 192.168.11.9 POST /MAAS/metadata/status/g8nkf4 HTTP/1.1 --> 204 NO_CONTENT (referrer: -; agent: python-requests/2.9.1)
Sep 23 03:16:44 mas01 sh[20950]: message repeated 2 times: [ 2017-09-23 03:16:44 regiond: [info] 192.168.11.9 POST /MAAS/metadata/status/g8nkf4 HTTP/1.1 --> 204 NO_CONTENT (referrer: -; agent: python-requests/2.9.1)]
Sep 23 03:16:45 mas01 sh[20534]: 2017-09-23 03:16:45 regiond: [info] 192.168.11.9 POST /MAAS/metadata/status/g8nkf4 HTTP/1.1 --> 204 NO_CONTENT (referrer: -; agent: python-requests/2.9.1)
Sep 23 03:16:45 mas01 sh[20450]: 2017-09-23 03:16:45 regiond: [info] 192.168.11.9 POST /MAAS/metadata/status/g8nkf4 HTTP/1.1 --> 204 NO_CONTENT (referrer: -; agent: python-requests/2.9.1)
Sep 23 03:16:45 mas01 sh[20534]: 2017-09-23 03:16:45 regiond: [info] 192.168.11.21 POST /MAAS/metadata/status/4m7wdt HTTP/1.1 --> 204 NO_CONTENT (referrer: -; agent: python-requests/2.9.1)
Sep 23 03:16:45 mas01 sh[20534]: 2017-09-23 03:16:45 regiond: [info] 192.168.11.21 POST /MAAS/metadata/status/4m7wdt HTTP/1.1 --> 204 NO_CONTENT (referrer: -; agent: python-requests/2.9.1)
Sep 23 03:16:45 mas01 sh[20560]: 2017-09-23 03:16:45 regiond: [info] 192.168.11.21 POST /MAAS/metadata/status/4m7wdt HTTP/1.1 --> 204 NO_CONTENT (referrer: -; agent: python-requests/2.9.1)
Sep 23 03:16:45 mas01 sh[20560]: 2017-09-23 03:16:45 regiond: [info] 192.168.11.21 POST /MAAS/metadata/status/4m7wdt HTTP/1.1 --> 204 NO_CONTENT (referrer: -; agent: python-requests/2.9.1)
Sep 23 03:16:45 mas01 sh[20950]: 2017-09-23 03:16:45 regiond: [info] 192.168.11.21 POST /MAAS/metadata/status/4m7wdt HTTP/1.1 --> 204 NO_CONTENT (referrer: -; agent: python-requests/2.9.1)
