Sep 22 17:58:38 mas01 sh[24307]: 2017-09-22 17:58:38 provisioningserver.rackdservices.tftp: [info] pxelinux.0 requested by 00:25:b5:a0:00:6a
Sep 22 17:58:38 mas01 sh[24307]: 2017-09-22 17:58:38 provisioningserver.rackdservices.tftp: [info] pxelinux.0 requested by 00:25:b5:a0:00:6a
Sep 22 17:58:38 mas01 maas.interface: [info] ens5 (physical) on mas01: New MAC, IP binding observed: 00:25:b5:a0:00:6a, 192.168.11.1
Sep 22 17:58:38 mas01 sh[24307]: 2017-09-22 17:58:38 provisioningserver.rackdservices.tftp: [info] ldlinux.c32 requested by 00:25:b5:a0:00:6a
Sep 22 17:58:38 mas01 sh[24307]: 2017-09-22 17:58:38 provisioningserver.rackdservices.tftp: [info] pxelinux.cfg/f0c9cf06-d8ce-11e4-0000-10000000002f requested by 00:25:b5:a0:00:6a
Sep 22 17:58:38 mas01 sh[24307]: 2017-09-22 17:58:38 provisioningserver.rackdservices.tftp: [info] pxelinux.cfg/01-00-25-b5-a0-00-6a requested by 00:25:b5:a0:00:6a
Sep 22 17:58:38 mas01 sh[24307]: 2017-09-22 17:58:38 provisioningserver.rackdservices.tftp: [info] pxelinux.cfg/01-00-25-b5-a0-00-6a requested by 00:25:b5:a0:00:6a
Sep 22 17:58:38 mas01 sh[24307]: 2017-09-22 17:58:38 provisioningserver.rackdservices.tftp: [info] ubuntu/amd64/hwe-16.04/xenial/daily/boot-kernel requested by 00:25:b5:a0:00:6a
Sep 22 17:58:39 mas01 dhcpd[28991]: DHCPDISCOVER from 00:25:b5:a0:00:3a via ens5
Sep 22 17:58:39 mas01 dhcpd[28991]: DHCPOFFER on 192.168.11.252 to 00:25:b5:a0:00:3a via ens5
Sep 22 17:58:39 mas01 sh[24307]: 2017-09-22 17:58:39 provisioningserver.rackdservices.tftp: [info] ubuntu/amd64/hwe-16.04/xenial/daily/boot-initrd requested by 00:25:b5:a0:00:6a
Sep 22 17:58:41 mas01 dhcpd[28991]: execute_statement argv[0] = /usr/sbin/maas-dhcp-helper
Sep 22 17:58:41 mas01 dhcpd[28991]: execute_statement argv[1] = notify
Sep 22 17:58:41 mas01 dhcpd[28991]: execute_statement argv[2] = --action
Sep 22 17:58:41 mas01 dhcpd[28991]: execute_statement argv[3] = commit
Sep 22 17:58:41 mas01 dhcpd[28991]: execute_statement argv[4] = --mac
Sep 22 17:58:41 mas01 dhcpd[28991]: execute_statement argv[5] = 0:25:b5:a0:0:5a
Sep 22 17:58:41 mas01 dhcpd[28991]: execute_statement argv[6] = --ip-family
Sep 22 17:58:41 mas01 dhcpd[28991]: execute_statement argv[7] = ipv4
Sep 22 17:58:41 mas01 dhcpd[28991]: execute_statement argv[8] = --ip
Sep 22 17:58:41 mas01 dhcpd[28991]: execute_statement argv[9] = 192.168.11.253
Sep 22 17:58:41 mas01 dhcpd[28991]: execute_statement argv[10] = --lease-time
Sep 22 17:58:41 mas01 dhcpd[28991]: execute_statement argv[11] = 30
Sep 22 17:58:41 mas01 dhcpd[28991]: execute_statement argv[12] = --hostname
Sep 22 17:58:41 mas01 dhcpd[28991]: execute_statement argv[13] = (none)
Sep 22 17:58:41 mas01 dhcpd[28991]: execute_statement argv[14] = --socket
Sep 22 17:58:41 mas01 dhcpd[28991]: execute_statement argv[15] = /var/lib/maas/dhcpd.sock
Sep 22 17:58:42 mas01 dhcpd[28991]: DHCPREQUEST for 192.168.11.253 (192.168.11.3) from 00:25:b5:a0:00:5a via ens5
Sep 22 17:58:42 mas01 dhcpd[28991]: DHCPACK on 192.168.11.253 to 00:25:b5:a0:00:5a via ens5
Sep 22 17:58:42 mas01 sh[24307]: 2017-09-22 17:58:42 provisioningserver.rackdservices.tftp: [info] pxelinux.0 requested by 00:25:b5:a0:00:5a
Sep 22 17:58:42 mas01 sh[24307]: 2017-09-22 17:58:42 provisioningserver.rackdservices.tftp: [info] pxelinux.0 requested by 00:25:b5:a0:00:5a
Sep 22 17:58:42 mas01 maas.interface: [info] ens5 (physical) on mas01: New MAC, IP binding observed: 00:25:b5:a0:00:5a, 192.168.11.253
Sep 22 17:58:42 mas01 sh[24307]: 2017-09-22 17:58:42 provisioningserver.rackdservices.tftp: [info] ldlinux.c32 requested by 00:25:b5:a0:00:5a
Sep 22 17:58:42 mas01 sh[24307]: 2017-09-22 17:58:42 provisioningserver.rackdservices.tftp: [info] pxelinux.cfg/f0c9cf06-d8ce-11e4-0000-10000000005f requested by 00:25:b5:a0:00:5a
Sep 22 17:58:42 mas01 sh[24307]: 2017-09-22 17:58:42 provisioningserver.rackdservices.tftp: [info] pxelinux.cfg/01-00-25-b5-a0-00-5a requested by 00:25:b5:a0:00:5a
Sep 22 17:58:42 mas01 sh[24307]: 2017-09-22 17:58:42 provisioningserver.rackdservices.tftp: [info] ubuntu/amd64/hwe-16.04/xenial/daily/boot-kernel requested by 00:25:b5:a0:00:5a
Sep 22 17:58:42 mas01 salt-minion[4571]: [INFO    ] User sudo_ubuntu Executing command state.apply with jid 20170922175842516662
Sep 22 17:58:42 mas01 salt-minion[4571]: [INFO    ] Starting a new job with PID 29232
Sep 22 17:58:43 mas01 sh[24307]: 2017-09-22 17:58:43 provisioningserver.rackdservices.tftp: [info] ubuntu/amd64/hwe-16.04/xenial/daily/boot-initrd requested by 00:25:b5:a0:00:5a
Sep 22 17:58:43 mas01 dhcpd[28991]: execute_statement argv[0] = /usr/sbin/maas-dhcp-helper
Sep 22 17:58:43 mas01 dhcpd[28991]: execute_statement argv[1] = notify
Sep 22 17:58:43 mas01 dhcpd[28991]: execute_statement argv[2] = --action
Sep 22 17:58:43 mas01 dhcpd[28991]: execute_statement argv[3] = commit
Sep 22 17:58:43 mas01 dhcpd[28991]: execute_statement argv[4] = --mac
Sep 22 17:58:43 mas01 dhcpd[28991]: execute_statement argv[5] = 0:25:b5:a0:0:2a
Sep 22 17:58:43 mas01 dhcpd[28991]: execute_statement argv[6] = --ip-family
Sep 22 17:58:43 mas01 dhcpd[28991]: execute_statement argv[7] = ipv4
Sep 22 17:58:43 mas01 dhcpd[28991]: execute_statement argv[8] = --ip
Sep 22 17:58:43 mas01 dhcpd[28991]: execute_statement argv[9] = 192.168.11.254
Sep 22 17:58:43 mas01 dhcpd[28991]: execute_statement argv[10] = --lease-time
Sep 22 17:58:43 mas01 dhcpd[28991]: execute_statement argv[11] = 30
Sep 22 17:58:43 mas01 dhcpd[28991]: execute_statement argv[12] = --hostname
Sep 22 17:58:43 mas01 dhcpd[28991]: execute_statement argv[13] = (none)
Sep 22 17:58:43 mas01 dhcpd[28991]: execute_statement argv[14] = --socket
Sep 22 17:58:43 mas01 dhcpd[28991]: execute_statement argv[15] = /var/lib/maas/dhcpd.sock
Sep 22 17:58:43 mas01 dhcpd[28991]: DHCPREQUEST for 192.168.11.254 (192.168.11.3) from 00:25:b5:a0:00:2a via ens5
Sep 22 17:58:43 mas01 dhcpd[28991]: DHCPACK on 192.168.11.254 to 00:25:b5:a0:00:2a via ens5
Sep 22 17:58:43 mas01 sh[24307]: 2017-09-22 17:58:43 provisioningserver.rackdservices.tftp: [info] pxelinux.0 requested by 00:25:b5:a0:00:2a
Sep 22 17:58:43 mas01 sh[24307]: 2017-09-22 17:58:43 provisioningserver.rackdservices.tftp: [info] pxelinux.0 requested by 00:25:b5:a0:00:2a
Sep 22 17:58:43 mas01 maas.interface: [info] ens5 (physical) on mas01: New MAC, IP binding observed: 00:25:b5:a0:00:2a, 192.168.11.254
Sep 22 17:58:43 mas01 sh[24307]: 2017-09-22 17:58:43 provisioningserver.rackdservices.tftp: [info] ldlinux.c32 requested by 00:25:b5:a0:00:2a
Sep 22 17:58:43 mas01 sh[24307]: 2017-09-22 17:58:43 provisioningserver.rackdservices.tftp: [info] pxelinux.cfg/f0c9cf06-d8ce-11e4-0000-10000000006f requested by 00:25:b5:a0:00:2a
Sep 22 17:58:43 mas01 sh[24307]: 2017-09-22 17:58:43 provisioningserver.rackdservices.tftp: [info] pxelinux.cfg/01-00-25-b5-a0-00-2a requested by 00:25:b5:a0:00:2a
Sep 22 17:58:43 mas01 sh[24307]: 2017-09-22 17:58:43 provisioningserver.rackdservices.tftp: [info] ubuntu/amd64/hwe-16.04/xenial/daily/boot-kernel requested by 00:25:b5:a0:00:2a
Sep 22 17:58:43 mas01 salt-minion[4571]: [INFO    ] Loading fresh modules for state activity
Sep 22 17:58:44 mas01 salt-minion[4571]: [INFO    ] Running state [maas-region apikey --username opnfv > /var/lib/maas/.maas_credentials] at time 17:58:44.074028
Sep 22 17:58:44 mas01 salt-minion[4571]: [INFO    ] Executing state cmd.run for maas-region apikey --username opnfv > /var/lib/maas/.maas_credentials
Sep 22 17:58:44 mas01 salt-minion[4571]: [INFO    ] Executing command 'maas-region apikey --username opnfv > /var/lib/maas/.maas_credentials' in directory '/root'
Sep 22 17:58:45 mas01 sh[24307]: 2017-09-22 17:58:45 provisioningserver.rackdservices.tftp: [info] ubuntu/amd64/hwe-16.04/xenial/daily/boot-initrd requested by 00:25:b5:a0:00:2a
Sep 22 17:58:45 mas01 salt-minion[4571]: [INFO    ] {'pid': 29255, 'retcode': 0, 'stderr': '', 'stdout': ''}
Sep 22 17:58:45 mas01 salt-minion[4571]: [INFO    ] Completed state [maas-region apikey --username opnfv > /var/lib/maas/.maas_credentials] at time 17:58:45.512952 duration_in_ms=1438.923
Sep 22 17:58:45 mas01 salt-minion[4571]: [INFO    ] Running state [maas.machines_status] at time 17:58:45.514768
Sep 22 17:58:45 mas01 salt-minion[4571]: [INFO    ] Executing state module.run for maas.machines_status
Sep 22 17:58:45 mas01 dhcpd[28991]: execute_statement argv[0] = /usr/sbin/maas-dhcp-helper
Sep 22 17:58:45 mas01 dhcpd[28991]: execute_statement argv[1] = notify
Sep 22 17:58:45 mas01 dhcpd[28991]: execute_statement argv[2] = --action
Sep 22 17:58:45 mas01 dhcpd[28991]: execute_statement argv[3] = commit
Sep 22 17:58:45 mas01 dhcpd[28991]: execute_statement argv[4] = --mac
Sep 22 17:58:45 mas01 dhcpd[28991]: execute_statement argv[5] = 0:25:b5:a0:0:4a
Sep 22 17:58:45 mas01 dhcpd[28991]: execute_statement argv[6] = --ip-family
Sep 22 17:58:45 mas01 dhcpd[28991]: execute_statement argv[7] = ipv4
Sep 22 17:58:45 mas01 dhcpd[28991]: execute_statement argv[8] = --ip
Sep 22 17:58:45 mas01 dhcpd[28991]: execute_statement argv[9] = 192.168.11.251
Sep 22 17:58:45 mas01 dhcpd[28991]: execute_statement argv[10] = --lease-time
Sep 22 17:58:45 mas01 dhcpd[28991]: execute_statement argv[11] = 30
Sep 22 17:58:45 mas01 dhcpd[28991]: execute_statement argv[12] = --hostname
Sep 22 17:58:45 mas01 dhcpd[28991]: execute_statement argv[13] = (none)
Sep 22 17:58:45 mas01 dhcpd[28991]: execute_statement argv[14] = --socket
Sep 22 17:58:45 mas01 dhcpd[28991]: execute_statement argv[15] = /var/lib/maas/dhcpd.sock
Sep 22 17:58:45 mas01 dhcpd[28991]: DHCPREQUEST for 192.168.11.251 (192.168.11.3) from 00:25:b5:a0:00:4a via ens5
Sep 22 17:58:45 mas01 dhcpd[28991]: DHCPACK on 192.168.11.251 to 00:25:b5:a0:00:4a via ens5
Sep 22 17:58:45 mas01 sh[24307]: 2017-09-22 17:58:45 provisioningserver.rackdservices.tftp: [info] pxelinux.0 requested by 00:25:b5:a0:00:4a
Sep 22 17:58:45 mas01 sh[24307]: 2017-09-22 17:58:45 provisioningserver.rackdservices.tftp: [info] pxelinux.0 requested by 00:25:b5:a0:00:4a
Sep 22 17:58:45 mas01 sh[24307]: 2017-09-22 17:58:45 provisioningserver.rackdservices.tftp: [info] ldlinux.c32 requested by 00:25:b5:a0:00:4a
Sep 22 17:58:45 mas01 sh[24307]: 2017-09-22 17:58:45 provisioningserver.rackdservices.tftp: [info] pxelinux.cfg/f0c9cf06-d8ce-11e4-0000-10000000004f requested by 00:25:b5:a0:00:4a
Sep 22 17:58:45 mas01 sh[24307]: 2017-09-22 17:58:45 provisioningserver.rackdservices.tftp: [info] pxelinux.cfg/01-00-25-b5-a0-00-4a requested by 00:25:b5:a0:00:4a
Sep 22 17:58:46 mas01 salt-minion[4571]: [INFO    ] {'ret': {'machines': ['hostname:cmp001,system_id:y4mdnd,status:Deploying', 'hostname:kvm01,system_id:77ddmh,status:Deploying', 'hostname:kvm03,system_id:bsa6yn,status:Deploying', 'hostname:kvm02,system_id:tm68t4,status:Deploying', 'hostname:cmp002,system_id:dtpnxn,status:Deploying'], 'summary': Counter({'Deploying': 5})}}
Sep 22 17:58:46 mas01 salt-minion[4571]: [INFO    ] Completed state [maas.machines_status] at time 17:58:46.002685 duration_in_ms=487.916
Sep 22 17:58:46 mas01 salt-minion[4571]: [INFO    ] Returning information for job: 20170922175842516662
Sep 22 17:58:46 mas01 sh[24307]: 2017-09-22 17:58:46 provisioningserver.rackdservices.tftp: [info] pxelinux.cfg/01-00-25-b5-a0-00-4a requested by 00:25:b5:a0:00:4a
Sep 22 17:58:46 mas01 sh[24307]: 2017-09-22 17:58:46 provisioningserver.rackdservices.tftp: [info] ubuntu/amd64/hwe-16.04/xenial/daily/boot-kernel requested by 00:25:b5:a0:00:4a
Sep 22 17:58:47 mas01 dhcpd[28991]: execute_statement argv[0] = /usr/sbin/maas-dhcp-helper
Sep 22 17:58:47 mas01 dhcpd[28991]: execute_statement argv[1] = notify
Sep 22 17:58:47 mas01 dhcpd[28991]: execute_statement argv[2] = --action
Sep 22 17:58:47 mas01 dhcpd[28991]: execute_statement argv[3] = commit
Sep 22 17:58:47 mas01 dhcpd[28991]: execute_statement argv[4] = --mac
Sep 22 17:58:47 mas01 dhcpd[28991]: execute_statement argv[5] = 0:25:b5:a0:0:3a
Sep 22 17:58:47 mas01 dhcpd[28991]: execute_statement argv[6] = --ip-family
Sep 22 17:58:47 mas01 dhcpd[28991]: execute_statement argv[7] = ipv4
Sep 22 17:58:47 mas01 dhcpd[28991]: execute_statement argv[8] = --ip
Sep 22 17:58:47 mas01 dhcpd[28991]: execute_statement argv[9] = 192.168.11.252
Sep 22 17:58:47 mas01 dhcpd[28991]: execute_statement argv[10] = --lease-time
Sep 22 17:58:47 mas01 dhcpd[28991]: execute_statement argv[11] = 30
Sep 22 17:58:47 mas01 dhcpd[28991]: execute_statement argv[12] = --hostname
Sep 22 17:58:47 mas01 dhcpd[28991]: execute_statement argv[13] = (none)
Sep 22 17:58:47 mas01 dhcpd[28991]: execute_statement argv[14] = --socket
Sep 22 17:58:47 mas01 dhcpd[28991]: execute_statement argv[15] = /var/lib/maas/dhcpd.sock
Sep 22 17:58:47 mas01 dhcpd[28991]: DHCPREQUEST for 192.168.11.252 (192.168.11.3) from 00:25:b5:a0:00:3a via ens5
Sep 22 17:58:47 mas01 dhcpd[28991]: DHCPACK on 192.168.11.252 to 00:25:b5:a0:00:3a via ens5
Sep 22 17:58:47 mas01 sh[24307]: 2017-09-22 17:58:47 provisioningserver.rackdservices.tftp: [info] pxelinux.0 requested by 00:25:b5:a0:00:3a
Sep 22 17:58:47 mas01 sh[24307]: 2017-09-22 17:58:47 provisioningserver.rackdservices.tftp: [info] pxelinux.0 requested by 00:25:b5:a0:00:3a
Sep 22 17:58:47 mas01 sh[24307]: 2017-09-22 17:58:47 provisioningserver.rackdservices.tftp: [info] ldlinux.c32 requested by 00:25:b5:a0:00:3a
Sep 22 17:58:47 mas01 sh[24307]: 2017-09-22 17:58:47 provisioningserver.rackdservices.tftp: [info] pxelinux.cfg/f0c9cf06-d8ce-11e4-0000-10000000007f requested by 00:25:b5:a0:00:3a
Sep 22 17:58:47 mas01 sh[24307]: 2017-09-22 17:58:47 provisioningserver.rackdservices.tftp: [info] pxelinux.cfg/01-00-25-b5-a0-00-3a requested by 00:25:b5:a0:00:3a
Sep 22 17:58:47 mas01 sh[24307]: 2017-09-22 17:58:47 provisioningserver.rackdservices.tftp: [info] ubuntu/amd64/hwe-16.04/xenial/daily/boot-kernel requested by 00:25:b5:a0:00:3a
Sep 22 17:58:47 mas01 sh[24307]: 2017-09-22 17:58:47 provisioningserver.rackdservices.tftp: [info] ubuntu/amd64/hwe-16.04/xenial/daily/boot-initrd requested by 00:25:b5:a0:00:4a
Sep 22 17:58:49 mas01 sh[24307]: 2017-09-22 17:58:49 provisioningserver.rackdservices.tftp: [info] ubuntu/amd64/hwe-16.04/xenial/daily/boot-initrd requested by 00:25:b5:a0:00:3a
Sep 22 17:58:55 mas01 sh[25170]: 2017-09-22 17:58:55 regiond: [info] 127.0.0.1 GET /MAAS/rpc/ HTTP/1.0 --> 200 OK (referrer: -; agent: provisioningserver.rpc.clusterservice.ClusterClientService)
Sep 22 17:58:56 mas01 salt-minion[4571]: [INFO    ] User sudo_ubuntu Executing command state.apply with jid 20170922175856938286
Sep 22 17:58:56 mas01 salt-minion[4571]: [INFO    ] Starting a new job with PID 29309
Sep 22 17:58:57 mas01 salt-minion[4571]: [INFO    ] Loading fresh modules for state activity
Sep 22 17:58:57 mas01 salt-minion[4571]: [INFO    ] Running state [maas-region apikey --username opnfv > /var/lib/maas/.maas_credentials] at time 17:58:57.401521
Sep 22 17:58:57 mas01 salt-minion[4571]: [INFO    ] Executing state cmd.run for maas-region apikey --username opnfv > /var/lib/maas/.maas_credentials
Sep 22 17:58:57 mas01 salt-minion[4571]: [INFO    ] Executing command 'maas-region apikey --username opnfv > /var/lib/maas/.maas_credentials' in directory '/root'
Sep 22 17:58:58 mas01 salt-minion[4571]: [INFO    ] {'pid': 29316, 'retcode': 0, 'stderr': '', 'stdout': ''}
Sep 22 17:58:58 mas01 salt-minion[4571]: [INFO    ] Completed state [maas-region apikey --username opnfv > /var/lib/maas/.maas_credentials] at time 17:58:58.688234 duration_in_ms=1286.712
Sep 22 17:58:58 mas01 salt-minion[4571]: [INFO    ] Running state [maas.machines_status] at time 17:58:58.690773
Sep 22 17:58:58 mas01 salt-minion[4571]: [INFO    ] Executing state module.run for maas.machines_status
Sep 22 17:58:59 mas01 sh[24676]: 2017-09-22 17:58:59 regiond: [info] 127.0.0.1 GET /MAAS/api/2.0/machines/ HTTP/1.1 --> 200 OK (referrer: -; agent: Python-urllib/2.7)
Sep 22 17:58:59 mas01 salt-minion[4571]: [INFO    ] {'ret': {'machines': ['hostname:cmp001,system_id:y4mdnd,status:Deploying', 'hostname:kvm01,system_id:77ddmh,status:Deploying', 'hostname:kvm03,system_id:bsa6yn,status:Deploying', 'hostname:kvm02,system_id:tm68t4,status:Deploying', 'hostname:cmp002,system_id:dtpnxn,status:Deploying'], 'summary': Counter({'Deploying': 5})}}
Sep 22 17:58:59 mas01 salt-minion[4571]: [INFO    ] Completed state [maas.machines_status] at time 17:58:59.310711 duration_in_ms=619.938
Sep 22 17:58:59 mas01 salt-minion[4571]: [INFO    ] Returning information for job: 20170922175856938286
Sep 22 17:58:59 mas01 dhcpd[28991]: DHCPDISCOVER from 00:25:b5:a0:00:2a via ens5
Sep 22 17:58:59 mas01 dhcpd[28991]: DHCPOFFER on 192.168.11.254 to 00:25:b5:a0:00:2a via ens5
Sep 22 17:58:59 mas01 dhcpd[28991]: execute_statement argv[0] = /usr/sbin/maas-dhcp-helper
Sep 22 17:58:59 mas01 dhcpd[28991]: execute_statement argv[1] = notify
Sep 22 17:58:59 mas01 dhcpd[28991]: execute_statement argv[2] = --action
Sep 22 17:58:59 mas01 dhcpd[28991]: execute_statement argv[3] = commit
Sep 22 17:58:59 mas01 dhcpd[28991]: execute_statement argv[4] = --mac
Sep 22 17:58:59 mas01 dhcpd[28991]: execute_statement argv[5] = 0:25:b5:a0:0:2a
Sep 22 17:58:59 mas01 dhcpd[28991]: execute_statement argv[6] = --ip-family
Sep 22 17:58:59 mas01 dhcpd[28991]: execute_statement argv[7] = ipv4
Sep 22 17:58:59 mas01 dhcpd[28991]: execute_statement argv[8] = --ip
Sep 22 17:58:59 mas01 dhcpd[28991]: execute_statement argv[9] = 192.168.11.254
Sep 22 17:58:59 mas01 dhcpd[28991]: execute_statement argv[10] = --lease-time
Sep 22 17:58:59 mas01 dhcpd[28991]: execute_statement argv[11] = 600
Sep 22 17:58:59 mas01 dhcpd[28991]: execute_statement argv[12] = --hostname
Sep 22 17:58:59 mas01 dhcpd[28991]: execute_statement argv[13] = kvm01
Sep 22 17:58:59 mas01 dhcpd[28991]: execute_statement argv[14] = --socket
Sep 22 17:58:59 mas01 dhcpd[28991]: execute_statement argv[15] = /var/lib/maas/dhcpd.sock
Sep 22 17:58:59 mas01 dhcpd[28991]: DHCPREQUEST for 192.168.11.254 (192.168.11.3) from 00:25:b5:a0:00:2a via ens5
Sep 22 17:58:59 mas01 dhcpd[28991]: DHCPACK on 192.168.11.254 to 00:25:b5:a0:00:2a via ens5
Sep 22 17:58:59 mas01 dhcpd[28991]: DHCPDISCOVER from 00:25:b5:a0:00:5a via ens5
Sep 22 17:58:59 mas01 dhcpd[28991]: DHCPOFFER on 192.168.11.253 to 00:25:b5:a0:00:5a via ens5
Sep 22 17:58:59 mas01 dhcpd[28991]: DHCPDISCOVER from 00:25:b5:a0:00:6a via ens5
Sep 22 17:58:59 mas01 dhcpd[28991]: DHCPOFFER on 192.168.11.1 to 00:25:b5:a0:00:6a via ens5
Sep 22 17:58:59 mas01 dhcpd[28991]: execute_statement argv[0] = /usr/sbin/maas-dhcp-helper
Sep 22 17:58:59 mas01 dhcpd[28991]: execute_statement argv[1] = notify
Sep 22 17:58:59 mas01 dhcpd[28991]: execute_statement argv[2] = --action
Sep 22 17:58:59 mas01 dhcpd[28991]: execute_statement argv[3] = commit
Sep 22 17:58:59 mas01 dhcpd[28991]: execute_statement argv[4] = --mac
Sep 22 17:58:59 mas01 dhcpd[28991]: execute_statement argv[5] = 0:25:b5:a0:0:5a
Sep 22 17:58:59 mas01 dhcpd[28991]: execute_statement argv[6] = --ip-family
Sep 22 17:58:59 mas01 dhcpd[28991]: execute_statement argv[7] = ipv4
Sep 22 17:58:59 mas01 dhcpd[28991]: execute_statement argv[8] = --ip
Sep 22 17:58:59 mas01 dhcpd[28991]: execute_statement argv[9] = 192.168.11.253
Sep 22 17:58:59 mas01 dhcpd[28991]: execute_statement argv[10] = --lease-time
Sep 22 17:58:59 mas01 dhcpd[28991]: execute_statement argv[11] = 600
Sep 22 17:58:59 mas01 dhcpd[28991]: execute_statement argv[12] = --hostname
Sep 22 17:58:59 mas01 dhcpd[28991]: execute_statement argv[13] = cmp001
Sep 22 17:58:59 mas01 dhcpd[28991]: execute_statement argv[14] = --socket
Sep 22 17:58:59 mas01 dhcpd[28991]: execute_statement argv[15] = /var/lib/maas/dhcpd.sock
Sep 22 17:58:59 mas01 dhcpd[28991]: DHCPREQUEST for 192.168.11.253 (192.168.11.3) from 00:25:b5:a0:00:5a via ens5
Sep 22 17:58:59 mas01 dhcpd[28991]: DHCPACK on 192.168.11.253 to 00:25:b5:a0:00:5a via ens5
Sep 22 17:58:59 mas01 dhcpd[28991]: execute_statement argv[0] = /usr/sbin/maas-dhcp-helper
Sep 22 17:58:59 mas01 dhcpd[28991]: execute_statement argv[1] = notify
Sep 22 17:58:59 mas01 dhcpd[28991]: execute_statement argv[2] = --action
Sep 22 17:58:59 mas01 dhcpd[28991]: execute_statement argv[3] = commit
Sep 22 17:58:59 mas01 dhcpd[28991]: execute_statement argv[4] = --mac
Sep 22 17:58:59 mas01 dhcpd[28991]: execute_statement argv[5] = 0:25:b5:a0:0:6a
Sep 22 17:58:59 mas01 dhcpd[28991]: execute_statement argv[6] = --ip-family
Sep 22 17:58:59 mas01 dhcpd[28991]: execute_statement argv[7] = ipv4
Sep 22 17:58:59 mas01 dhcpd[28991]: execute_statement argv[8] = --ip
Sep 22 17:58:59 mas01 dhcpd[28991]: execute_statement argv[9] = 192.168.11.1
Sep 22 17:58:59 mas01 dhcpd[28991]: execute_statement argv[10] = --lease-time
Sep 22 17:58:59 mas01 dhcpd[28991]: execute_statement argv[11] = 600
Sep 22 17:58:59 mas01 dhcpd[28991]: execute_statement argv[12] = --hostname
Sep 22 17:58:59 mas01 dhcpd[28991]: execute_statement argv[13] = cmp002
Sep 22 17:58:59 mas01 dhcpd[28991]: execute_statement argv[14] = --socket
Sep 22 17:58:59 mas01 dhcpd[28991]: execute_statement argv[15] = /var/lib/maas/dhcpd.sock
Sep 22 17:59:00 mas01 dhcpd[28991]: DHCPREQUEST for 192.168.11.1 (192.168.11.3) from 00:25:b5:a0:00:6a via ens5
Sep 22 17:59:00 mas01 dhcpd[28991]: DHCPACK on 192.168.11.1 to 00:25:b5:a0:00:6a via ens5
Sep 22 17:59:03 mas01 sh[25170]: 2017-09-22 17:59:03 regiond: [info] 192.168.11.254 POST /MAAS/metadata/status/77ddmh HTTP/1.1 --> 204 NO_CONTENT (referrer: -; agent: python-requests/2.9.1)
Sep 22 17:59:03 mas01 sh[24671]: 2017-09-22 17:59:03 regiond: [info] 192.168.11.254 POST /MAAS/metadata/status/77ddmh HTTP/1.1 --> 204 NO_CONTENT (referrer: -; agent: python-requests/2.9.1)
Sep 22 17:59:03 mas01 sh[25170]: 2017-09-22 17:59:03 regiond: [info] 192.168.11.254 POST /MAAS/metadata/status/77ddmh HTTP/1.1 --> 204 NO_CONTENT (referrer: -; agent: python-requests/2.9.1)
Sep 22 17:59:03 mas01 sh[24676]: 2017-09-22 17:59:03 regiond: [info] 192.168.11.1 GET /MAAS/metadata/latest/by-id/dtpnxn/?op=get_preseed HTTP/1.1 --> 200 OK (referrer: -; agent: Cloud-Init/0.7.9)
Sep 22 17:59:03 mas01 sh[24676]: 2017-09-22 17:59:03 regiond: [info] 192.168.11.253 GET /MAAS/metadata/latest/by-id/y4mdnd/?op=get_preseed HTTP/1.1 --> 200 OK (referrer: -; agent: Cloud-Init/0.7.9)
Sep 22 17:59:03 mas01 sh[24671]: 2017-09-22 17:59:03 regiond: [info] 192.168.11.1 POST /MAAS/metadata/status/dtpnxn HTTP/1.1 --> 204 NO_CONTENT (referrer: -; agent: python-requests/2.9.1)
Sep 22 17:59:03 mas01 sh[25170]: 2017-09-22 17:59:03 regiond: [info] 192.168.11.1 POST /MAAS/metadata/status/dtpnxn HTTP/1.1 --> 204 NO_CONTENT (referrer: -; agent: python-requests/2.9.1)
Sep 22 17:59:03 mas01 sh[24664]: 2017-09-22 17:59:03 regiond: [info] 192.168.11.253 POST /MAAS/metadata/status/y4mdnd HTTP/1.1 --> 204 NO_CONTENT (referrer: -; agent: python-requests/2.9.1)
Sep 22 17:59:03 mas01 sh[24676]: 2017-09-22 17:59:03 regiond: [info] 192.168.11.253 POST /MAAS/metadata/status/y4mdnd HTTP/1.1 --> 204 NO_CONTENT (referrer: -; agent: python-requests/2.9.1)
Sep 22 17:59:03 mas01 sh[24676]: 2017-09-22 17:59:03 regiond: [info] 192.168.11.1 POST /MAAS/metadata/status/dtpnxn HTTP/1.1 --> 204 NO_CONTENT (referrer: -; agent: python-requests/2.9.1)
Sep 22 17:59:03 mas01 sh[24671]: 2017-09-22 17:59:03 regiond: [info] 192.168.11.253 POST /MAAS/metadata/status/y4mdnd HTTP/1.1 --> 204 NO_CONTENT (referrer: -; agent: python-requests/2.9.1)
Sep 22 17:59:03 mas01 sh[24676]: 2017-09-22 17:59:03 regiond: [info] 192.168.11.254 GET /MAAS/metadata/latest/by-id/77ddmh/?op=get_preseed HTTP/1.1 --> 200 OK (referrer: -; agent: Cloud-Init/0.7.9)
Sep 22 17:59:03 mas01 sh[24676]: 2017-09-22 17:59:03 regiond: [info] 192.168.11.254 POST /MAAS/metadata/status/77ddmh HTTP/1.1 --> 204 NO_CONTENT (referrer: -; agent: python-requests/2.9.1)
Sep 22 17:59:03 mas01 sh[25170]: 2017-09-22 17:59:03 regiond: [info] 192.168.11.254 POST /MAAS/metadata/status/77ddmh HTTP/1.1 --> 204 NO_CONTENT (referrer: -; agent: python-requests/2.9.1)
Sep 22 17:59:03 mas01 sh[24664]: 2017-09-22 17:59:03 regiond: [info] 192.168.11.254 POST /MAAS/metadata/status/77ddmh HTTP/1.1 --> 204 NO_CONTENT (referrer: -; agent: python-requests/2.9.1)
Sep 22 17:59:03 mas01 sh[24676]: 2017-09-22 17:59:03 regiond: [info] 192.168.11.254 GET /MAAS/metadata/curtin/2012-03-01/meta-data/instance-id HTTP/1.1 --> 200 OK (referrer: -; agent: Cloud-Init/0.7.9)
Sep 22 17:59:03 mas01 sh[24671]: 2017-09-22 17:59:03 regiond: [info] 192.168.11.254 GET /MAAS/metadata/curtin/2012-03-01/meta-data/instance-id HTTP/1.1 --> 200 OK (referrer: -; agent: python-requests/2.9.1)
Sep 22 17:59:04 mas01 sh[24664]: 2017-09-22 17:59:04 regiond: [info] 192.168.11.254 GET /MAAS/metadata/curtin/2012-03-01/meta-data/local-hostname HTTP/1.1 --> 200 OK (referrer: -; agent: python-requests/2.9.1)
Sep 22 17:59:04 mas01 sh[24676]: 2017-09-22 17:59:04 regiond: [info] 192.168.11.1 GET /MAAS/metadata/latest/by-id/dtpnxn/?op=get_preseed HTTP/1.1 --> 200 OK (referrer: -; agent: Cloud-Init/0.7.9)
Sep 22 17:59:04 mas01 sh[24676]: 2017-09-22 17:59:04 regiond: [info] 192.168.11.253 GET /MAAS/metadata/latest/by-id/y4mdnd/?op=get_preseed HTTP/1.1 --> 200 OK (referrer: -; agent: Cloud-Init/0.7.9)
Sep 22 17:59:04 mas01 sh[24664]: 2017-09-22 17:59:04 regiond: [info] 192.168.11.1 POST /MAAS/metadata/status/dtpnxn HTTP/1.1 --> 204 NO_CONTENT (referrer: -; agent: python-requests/2.9.1)
Sep 22 17:59:04 mas01 sh[25170]: 2017-09-22 17:59:04 regiond: [info] 192.168.11.1 POST /MAAS/metadata/status/dtpnxn HTTP/1.1 --> 204 NO_CONTENT (referrer: -; agent: python-requests/2.9.1)
Sep 22 17:59:04 mas01 sh[25170]: 2017-09-22 17:59:04 regiond: [info] 192.168.11.1 POST /MAAS/metadata/status/dtpnxn HTTP/1.1 --> 204 NO_CONTENT (referrer: -; agent: python-requests/2.9.1)
Sep 22 17:59:04 mas01 sh[25170]: 2017-09-22 17:59:04 regiond: [info] 192.168.11.253 POST /MAAS/metadata/status/y4mdnd HTTP/1.1 --> 204 NO_CONTENT (referrer: -; agent: python-requests/2.9.1)
Sep 22 17:59:04 mas01 sh[24676]: 2017-09-22 17:59:04 regiond: [info] 192.168.11.253 POST /MAAS/metadata/status/y4mdnd HTTP/1.1 --> 204 NO_CONTENT (referrer: -; agent: python-requests/2.9.1)
Sep 22 17:59:04 mas01 sh[24676]: 2017-09-22 17:59:04 regiond: [info] 192.168.11.253 POST /MAAS/metadata/status/y4mdnd HTTP/1.1 --> 204 NO_CONTENT (referrer: -; agent: python-requests/2.9.1)
Sep 22 17:59:04 mas01 sh[24671]: 2017-09-22 17:59:04 regiond: [info] 192.168.11.254 GET /MAAS/metadata/curtin/2012-03-01/meta-data/vendor-data HTTP/1.1 --> 200 OK (referrer: -; agent: python-requests/2.9.1)
Sep 22 17:59:04 mas01 sh[24676]: 2017-09-22 17:59:04 regiond: [info] 192.168.11.1 GET /MAAS/metadata/curtin/2012-03-01/meta-data/instance-id HTTP/1.1 --> 200 OK (referrer: -; agent: Cloud-Init/0.7.9)
Sep 22 17:59:04 mas01 sh[24676]: 2017-09-22 17:59:04 regiond: [info] 192.168.11.253 GET /MAAS/metadata/curtin/2012-03-01/meta-data/instance-id HTTP/1.1 --> 200 OK (referrer: -; agent: Cloud-Init/0.7.9)
Sep 22 17:59:04 mas01 sh[24676]: 2017-09-22 17:59:04 regiond: [info] 192.168.11.1 GET /MAAS/metadata/curtin/2012-03-01/meta-data/instance-id HTTP/1.1 --> 200 OK (referrer: -; agent: python-requests/2.9.1)
Sep 22 17:59:04 mas01 sh[24671]: 2017-09-22 17:59:04 regiond: [info] 192.168.11.1 GET /MAAS/metadata/curtin/2012-03-01/meta-data/local-hostname HTTP/1.1 --> 200 OK (referrer: -; agent: python-requests/2.9.1)
Sep 22 17:59:04 mas01 sh[25170]: 2017-09-22 17:59:04 regiond: [info] 192.168.11.253 GET /MAAS/metadata/curtin/2012-03-01/meta-data/instance-id HTTP/1.1 --> 200 OK (referrer: -; agent: python-requests/2.9.1)
Sep 22 17:59:04 mas01 sh[24676]: 2017-09-22 17:59:04 regiond: [info] 192.168.11.253 GET /MAAS/metadata/curtin/2012-03-01/meta-data/local-hostname HTTP/1.1 --> 200 OK (referrer: -; agent: python-requests/2.9.1)
Sep 22 17:59:04 mas01 sh[25170]: 2017-09-22 17:59:04 maasserver.preseed: [warn] WARNING: '/etc/maas/preseeds/curtin_userdata_amd64_generic_xenial' contains deprecated preseed variables. Please remove: main_archive_directory, ports_archive_directory, http_proxy
Sep 22 17:59:04 mas01 sh[25170]: 2017-09-22 17:59:04 regiond: [info] 192.168.11.253 GET /MAAS/metadata/curtin/2012-03-01/meta-data/public-keys HTTP/1.1 --> 200 OK (referrer: -; agent: python-requests/2.9.1)
Sep 22 17:59:04 mas01 sh[24671]: 2017-09-22 17:59:04 regiond: [info] 192.168.11.253 GET /MAAS/metadata/curtin/2012-03-01/meta-data/vendor-data HTTP/1.1 --> 200 OK (referrer: -; agent: python-requests/2.9.1)
Sep 22 17:59:04 mas01 sh[25170]: 2017-09-22 17:59:04 regiond: [info] 192.168.11.1 GET /MAAS/metadata/curtin/2012-03-01/meta-data/vendor-data HTTP/1.1 --> 200 OK (referrer: -; agent: python-requests/2.9.1)
Sep 22 17:59:04 mas01 sh[24676]: 2017-09-22 17:59:04 maasserver.preseed: [warn] WARNING: '/etc/maas/preseeds/curtin_userdata_amd64_generic_xenial' contains deprecated preseed variables. Please remove: main_archive_directory, ports_archive_directory, http_proxy
Sep 22 17:59:04 mas01 sh[24664]: 2017-09-22 17:59:04 maasserver.preseed: [warn] WARNING: '/etc/maas/preseeds/curtin_userdata_amd64_generic_xenial' contains deprecated preseed variables. Please remove: main_archive_directory, ports_archive_directory, http_proxy
Sep 22 17:59:04 mas01 sh[25170]: 2017-09-22 17:59:04 regiond: [info] 192.168.11.254 GET /MAAS/metadata/curtin/2012-03-01/user-data HTTP/1.1 --> 200 OK (referrer: -; agent: python-requests/2.9.1)
Sep 22 17:59:04 mas01 sh[24671]: 2017-09-22 17:59:04 regiond: [info] 192.168.11.254 POST /MAAS/metadata/status/77ddmh HTTP/1.1 --> 204 NO_CONTENT (referrer: -; agent: python-requests/2.9.1)
Sep 22 17:59:04 mas01 sh[24676]: 2017-09-22 17:59:04 regiond: [info] 192.168.11.254 POST /MAAS/metadata/status/77ddmh HTTP/1.1 --> 204 NO_CONTENT (referrer: -; agent: python-requests/2.9.1)
Sep 22 17:59:04 mas01 sh[24664]: 2017-09-22 17:59:04 regiond: [info] 192.168.11.254 POST /MAAS/metadata/status/77ddmh HTTP/1.1 --> 204 NO_CONTENT (referrer: -; agent: python-requests/2.9.1)
Sep 22 17:59:04 mas01 sh[24671]: 2017-09-22 17:59:04 regiond: [info] 192.168.11.254 POST /MAAS/metadata/status/77ddmh HTTP/1.1 --> 204 NO_CONTENT (referrer: -; agent: python-requests/2.9.1)
Sep 22 17:59:04 mas01 sh[24664]: 2017-09-22 17:59:04 regiond: [info] 192.168.11.1 GET /MAAS/metadata/curtin/2012-03-01/user-data HTTP/1.1 --> 200 OK (referrer: -; agent: python-requests/2.9.1)
Sep 22 17:59:04 mas01 sh[24664]: 2017-09-22 17:59:04 regiond: [info] 192.168.11.254 POST /MAAS/metadata/status/77ddmh HTTP/1.1 --> 204 NO_CONTENT (referrer: -; agent: python-requests/2.9.1)
Sep 22 17:59:04 mas01 sh[24676]: 2017-09-22 17:59:04 regiond: [info] 192.168.11.1 POST /MAAS/metadata/status/dtpnxn HTTP/1.1 --> 204 NO_CONTENT (referrer: -; agent: python-requests/2.9.1)
Sep 22 17:59:04 mas01 sh[24676]: 2017-09-22 17:59:04 regiond: [info] 192.168.11.253 POST /MAAS/metadata/status/y4mdnd HTTP/1.1 --> 204 NO_CONTENT (referrer: -; agent: python-requests/2.9.1)
Sep 22 17:59:04 mas01 sh[24664]: 2017-09-22 17:59:04 regiond: [info] 192.168.11.1 POST /MAAS/metadata/status/dtpnxn HTTP/1.1 --> 204 NO_CONTENT (referrer: -; agent: python-requests/2.9.1)
Sep 22 17:59:04 mas01 sh[24676]: 2017-09-22 17:59:04 regiond: [info] 192.168.11.253 POST /MAAS/metadata/status/y4mdnd HTTP/1.1 --> 204 NO_CONTENT (referrer: -; agent: python-requests/2.9.1)
Sep 22 17:59:04 mas01 sh[24676]: 2017-09-22 17:59:04 regiond: [info] 192.168.11.1 POST /MAAS/metadata/status/dtpnxn HTTP/1.1 --> 204 NO_CONTENT (referrer: -; agent: python-requests/2.9.1)
Sep 22 17:59:04 mas01 sh[24664]: 2017-09-22 17:59:04 regiond: [info] 192.168.11.1 POST /MAAS/metadata/status/dtpnxn HTTP/1.1 --> 204 NO_CONTENT (referrer: -; agent: python-requests/2.9.1)
Sep 22 17:59:04 mas01 sh[24676]: 2017-09-22 17:59:04 regiond: [info] 192.168.11.1 POST /MAAS/metadata/status/dtpnxn HTTP/1.1 --> 204 NO_CONTENT (referrer: -; agent: python-requests/2.9.1)
Sep 22 17:59:04 mas01 sh[25170]: 2017-09-22 17:59:04 regiond: [info] 192.168.11.253 POST /MAAS/metadata/status/y4mdnd HTTP/1.1 --> 204 NO_CONTENT (referrer: -; agent: python-requests/2.9.1)
Sep 22 17:59:04 mas01 sh[24676]: 2017-09-22 17:59:04 regiond: [info] 192.168.11.253 POST /MAAS/metadata/status/y4mdnd HTTP/1.1 --> 204 NO_CONTENT (referrer: -; agent: python-requests/2.9.1)
Sep 22 17:59:04 mas01 sh[24664]: 2017-09-22 17:59:04 regiond: [info] 192.168.11.253 POST /MAAS/metadata/status/y4mdnd HTTP/1.1 --> 204 NO_CONTENT (referrer: -; agent: python-requests/2.9.1)
Sep 22 17:59:04 mas01 sh[25170]: 2017-09-22 17:59:04 regiond: [info] 192.168.11.254 POST /MAAS/metadata/status/77ddmh HTTP/1.1 --> 204 NO_CONTENT (referrer: -; agent: python-requests/2.9.1)
Sep 22 17:59:04 mas01 sh[25170]: message repeated 3 times: [ 2017-09-22 17:59:04 regiond: [info] 192.168.11.254 POST /MAAS/metadata/status/77ddmh HTTP/1.1 --> 204 NO_CONTENT (referrer: -; agent: python-requests/2.9.1)]
Sep 22 17:59:04 mas01 sh[24664]: 2017-09-22 17:59:04 regiond: [info] 192.168.11.254 POST /MAAS/metadata/status/77ddmh HTTP/1.1 --> 204 NO_CONTENT (referrer: -; agent: python-requests/2.9.1)
Sep 22 17:59:04 mas01 sh[24664]: 2017-09-22 17:59:04 regiond: [info] 192.168.11.254 POST /MAAS/metadata/status/77ddmh HTTP/1.1 --> 204 NO_CONTENT (referrer: -; agent: python-requests/2.9.1)
Sep 22 17:59:04 mas01 sh[24671]: 2017-09-22 17:59:04 regiond: [info] 192.168.11.254 POST /MAAS/metadata/status/77ddmh HTTP/1.1 --> 204 NO_CONTENT (referrer: -; agent: python-requests/2.9.1)
Sep 22 17:59:04 mas01 sh[24664]: 2017-09-22 17:59:04 regiond: [info] 192.168.11.254 POST /MAAS/metadata/status/77ddmh HTTP/1.1 --> 204 NO_CONTENT (referrer: -; agent: python-requests/2.9.1)
Sep 22 17:59:04 mas01 sh[25170]: 2017-09-22 17:59:04 regiond: [info] 192.168.11.254 POST /MAAS/metadata/status/77ddmh HTTP/1.1 --> 204 NO_CONTENT (referrer: -; agent: python-requests/2.9.1)
Sep 22 17:59:04 mas01 sh[25170]: message repeated 5 times: [ 2017-09-22 17:59:04 regiond: [info] 192.168.11.254 POST /MAAS/metadata/status/77ddmh HTTP/1.1 --> 204 NO_CONTENT (referrer: -; agent: python-requests/2.9.1)]
Sep 22 17:59:05 mas01 sh[24671]: 2017-09-22 17:59:05 regiond: [info] 192.168.11.254 POST /MAAS/metadata/status/77ddmh HTTP/1.1 --> 204 NO_CONTENT (referrer: -; agent: python-requests/2.9.1)
Sep 22 17:59:05 mas01 sh[24676]: 2017-09-22 17:59:05 regiond: [info] 192.168.11.254 POST /MAAS/metadata/status/77ddmh HTTP/1.1 --> 204 NO_CONTENT (referrer: -; agent: python-requests/2.9.1)
Sep 22 17:59:05 mas01 sh[24664]: 2017-09-22 17:59:05 regiond: [info] 192.168.11.254 POST /MAAS/metadata/status/77ddmh HTTP/1.1 --> 204 NO_CONTENT (referrer: -; agent: python-requests/2.9.1)
Sep 22 17:59:05 mas01 sh[24664]: 2017-09-22 17:59:05 regiond: [info] 192.168.11.254 POST /MAAS/metadata/status/77ddmh HTTP/1.1 --> 204 NO_CONTENT (referrer: -; agent: python-requests/2.9.1)
Sep 22 17:59:05 mas01 sh[24671]: 2017-09-22 17:59:05 regiond: [info] 192.168.11.254 POST /MAAS/metadata/status/77ddmh HTTP/1.1 --> 204 NO_CONTENT (referrer: -; agent: python-requests/2.9.1)
Sep 22 17:59:05 mas01 sh[24664]: 2017-09-22 17:59:05 regiond: [info] 192.168.11.254 POST /MAAS/metadata/status/77ddmh HTTP/1.1 --> 204 NO_CONTENT (referrer: -; agent: python-requests/2.9.1)
Sep 22 17:59:05 mas01 sh[24676]: 2017-09-22 17:59:05 regiond: [info] 192.168.11.254 POST /MAAS/metadata/status/77ddmh HTTP/1.1 --> 204 NO_CONTENT (referrer: -; agent: python-requests/2.9.1)
Sep 22 17:59:05 mas01 sh[25170]: 2017-09-22 17:59:05 regiond: [info] 192.168.11.1 POST /MAAS/metadata/status/dtpnxn HTTP/1.1 --> 204 NO_CONTENT (referrer: -; agent: python-requests/2.9.1)
Sep 22 17:59:05 mas01 sh[24664]: 2017-09-22 17:59:05 regiond: [info] 192.168.11.254 POST /MAAS/metadata/status/77ddmh HTTP/1.1 --> 204 NO_CONTENT (referrer: -; agent: python-requests/2.9.1)
Sep 22 17:59:05 mas01 sh[25170]: 2017-09-22 17:59:05 regiond: [info] 192.168.11.1 POST /MAAS/metadata/status/dtpnxn HTTP/1.1 --> 204 NO_CONTENT (referrer: -; agent: python-requests/2.9.1)
Sep 22 17:59:05 mas01 sh[24664]: 2017-09-22 17:59:05 regiond: [info] 192.168.11.254 POST /MAAS/metadata/status/77ddmh HTTP/1.1 --> 204 NO_CONTENT (referrer: -; agent: python-requests/2.9.1)
Sep 22 17:59:05 mas01 sh[24671]: 2017-09-22 17:59:05 regiond: [info] 192.168.11.1 POST /MAAS/metadata/status/dtpnxn HTTP/1.1 --> 204 NO_CONTENT (referrer: -; agent: python-requests/2.9.1)
Sep 22 17:59:05 mas01 sh[24676]: 2017-09-22 17:59:05 regiond: [info] 192.168.11.1 POST /MAAS/metadata/status/dtpnxn HTTP/1.1 --> 204 NO_CONTENT (referrer: -; agent: python-requests/2.9.1)
Sep 22 17:59:05 mas01 sh[24676]: 2017-09-22 17:59:05 regiond: [info] 192.168.11.253 POST /MAAS/metadata/status/y4mdnd HTTP/1.1 --> 204 NO_CONTENT (referrer: -; agent: python-requests/2.9.1)
Sep 22 17:59:05 mas01 sh[24676]: 2017-09-22 17:59:05 regiond: [info] 192.168.11.1 POST /MAAS/metadata/status/dtpnxn HTTP/1.1 --> 204 NO_CONTENT (referrer: -; agent: python-requests/2.9.1)
Sep 22 17:59:05 mas01 sh[24664]: 2017-09-22 17:59:05 regiond: [info] 192.168.11.254 POST /MAAS/metadata/status/77ddmh HTTP/1.1 --> 204 NO_CONTENT (referrer: -; agent: python-requests/2.9.1)
Sep 22 17:59:05 mas01 sh[24676]: 2017-09-22 17:59:05 regiond: [info] 192.168.11.253 POST /MAAS/metadata/status/y4mdnd HTTP/1.1 --> 204 NO_CONTENT (referrer: -; agent: python-requests/2.9.1)
Sep 22 17:59:05 mas01 sh[24664]: 2017-09-22 17:59:05 regiond: [info] 192.168.11.1 POST /MAAS/metadata/status/dtpnxn HTTP/1.1 --> 204 NO_CONTENT (referrer: -; agent: python-requests/2.9.1)
Sep 22 17:59:05 mas01 sh[24671]: 2017-09-22 17:59:05 regiond: [info] 192.168.11.254 POST /MAAS/metadata/status/77ddmh HTTP/1.1 --> 204 NO_CONTENT (referrer: -; agent: python-requests/2.9.1)
Sep 22 17:59:05 mas01 sh[24676]: 2017-09-22 17:59:05 regiond: [info] 192.168.11.253 POST /MAAS/metadata/status/y4mdnd HTTP/1.1 --> 204 NO_CONTENT (referrer: -; agent: python-requests/2.9.1)
Sep 22 17:59:05 mas01 sh[25170]: 2017-09-22 17:59:05 regiond: [info] 192.168.11.1 POST /MAAS/metadata/status/dtpnxn HTTP/1.1 --> 204 NO_CONTENT (referrer: -; agent: python-requests/2.9.1)
Sep 22 17:59:05 mas01 sh[24671]: 2017-09-22 17:59:05 regiond: [info] 192.168.11.254 POST /MAAS/metadata/status/77ddmh HTTP/1.1 --> 204 NO_CONTENT (referrer: -; agent: python-requests/2.9.1)
Sep 22 17:59:05 mas01 sh[24664]: 2017-09-22 17:59:05 regiond: [info] 192.168.11.253 POST /MAAS/metadata/status/y4mdnd HTTP/1.1 --> 204 NO_CONTENT (referrer: -; agent: python-requests/2.9.1)
Sep 22 17:59:05 mas01 sh[25170]: 2017-09-22 17:59:05 regiond: [info] 192.168.11.1 POST /MAAS/metadata/status/dtpnxn HTTP/1.1 --> 204 NO_CONTENT (referrer: -; agent: python-requests/2.9.1)
Sep 22 17:59:05 mas01 sh[25170]: 2017-09-22 17:59:05 regiond: [info] 192.168.11.254 POST /MAAS/metadata/status/77ddmh HTTP/1.1 --> 204 NO_CONTENT (referrer: -; agent: python-requests/2.9.1)
Sep 22 17:59:05 mas01 sh[24664]: 2017-09-22 17:59:05 regiond: [info] 192.168.11.253 POST /MAAS/metadata/status/y4mdnd HTTP/1.1 --> 204 NO_CONTENT (referrer: -; agent: python-requests/2.9.1)
Sep 22 17:59:05 mas01 sh[24676]: 2017-09-22 17:59:05 regiond: [info] 192.168.11.1 POST /MAAS/metadata/status/dtpnxn HTTP/1.1 --> 204 NO_CONTENT (referrer: -; agent: python-requests/2.9.1)
Sep 22 17:59:05 mas01 sh[24664]: 2017-09-22 17:59:05 regiond: [info] 192.168.11.253 POST /MAAS/metadata/status/y4mdnd HTTP/1.1 --> 204 NO_CONTENT (referrer: -; agent: python-requests/2.9.1)
Sep 22 17:59:05 mas01 sh[24664]: 2017-09-22 17:59:05 regiond: [info] 192.168.11.1 POST /MAAS/metadata/status/dtpnxn HTTP/1.1 --> 204 NO_CONTENT (referrer: -; agent: python-requests/2.9.1)
Sep 22 17:59:05 mas01 sh[24676]: 2017-09-22 17:59:05 regiond: [info] 192.168.11.253 POST /MAAS/metadata/status/y4mdnd HTTP/1.1 --> 204 NO_CONTENT (referrer: -; agent: python-requests/2.9.1)
Sep 22 17:59:05 mas01 sh[24676]: 2017-09-22 17:59:05 regiond: [info] 192.168.11.1 POST /MAAS/metadata/status/dtpnxn HTTP/1.1 --> 204 NO_CONTENT (referrer: -; agent: python-requests/2.9.1)
Sep 22 17:59:05 mas01 sh[24664]: 2017-09-22 17:59:05 regiond: [info] 192.168.11.253 POST /MAAS/metadata/status/y4mdnd HTTP/1.1 --> 204 NO_CONTENT (referrer: -; agent: python-requests/2.9.1)
Sep 22 17:59:05 mas01 sh[24671]: 2017-09-22 17:59:05 regiond: [info] 192.168.11.254 POST /MAAS/metadata/status/77ddmh HTTP/1.1 --> 204 NO_CONTENT (referrer: -; agent: python-requests/2.9.1)
Sep 22 17:59:05 mas01 sh[25170]: 2017-09-22 17:59:05 regiond: [info] 192.168.11.253 POST /MAAS/metadata/status/y4mdnd HTTP/1.1 --> 204 NO_CONTENT (referrer: -; agent: python-requests/2.9.1)
Sep 22 17:59:05 mas01 sh[24671]: 2017-09-22 17:59:05 regiond: [info] 192.168.11.254 POST /MAAS/metadata/status/77ddmh HTTP/1.1 --> 204 NO_CONTENT (referrer: -; agent: python-requests/2.9.1)
Sep 22 17:59:05 mas01 sh[24676]: 2017-09-22 17:59:05 regiond: [info] 192.168.11.253 POST /MAAS/metadata/status/y4mdnd HTTP/1.1 --> 204 NO_CONTENT (referrer: -; agent: python-requests/2.9.1)
Sep 22 17:59:05 mas01 sh[24676]: 2017-09-22 17:59:05 regiond: [info] 192.168.11.253 POST /MAAS/metadata/status/y4mdnd HTTP/1.1 --> 204 NO_CONTENT (referrer: -; agent: python-requests/2.9.1)
Sep 22 17:59:05 mas01 sh[24671]: 2017-09-22 17:59:05 regiond: [info] 192.168.11.1 POST /MAAS/metadata/status/dtpnxn HTTP/1.1 --> 204 NO_CONTENT (referrer: -; agent: python-requests/2.9.1)
Sep 22 17:59:05 mas01 sh[25170]: 2017-09-22 17:59:05 regiond: [info] 192.168.11.1 POST /MAAS/metadata/status/dtpnxn HTTP/1.1 --> 204 NO_CONTENT (referrer: -; agent: python-requests/2.9.1)
Sep 22 17:59:05 mas01 sh[24676]: 2017-09-22 17:59:05 regiond: [info] 192.168.11.253 POST /MAAS/metadata/status/y4mdnd HTTP/1.1 --> 204 NO_CONTENT (referrer: -; agent: python-requests/2.9.1)
Sep 22 17:59:05 mas01 sh[24664]: 2017-09-22 17:59:05 regiond: [info] 192.168.11.1 POST /MAAS/metadata/status/dtpnxn HTTP/1.1 --> 204 NO_CONTENT (referrer: -; agent: python-requests/2.9.1)
Sep 22 17:59:05 mas01 sh[24664]: 2017-09-22 17:59:05 regiond: [info] 192.168.11.253 POST /MAAS/metadata/status/y4mdnd HTTP/1.1 --> 204 NO_CONTENT (referrer: -; agent: python-requests/2.9.1)
Sep 22 17:59:05 mas01 sh[24676]: 2017-09-22 17:59:05 regiond: [info] 192.168.11.1 POST /MAAS/metadata/status/dtpnxn HTTP/1.1 --> 204 NO_CONTENT (referrer: -; agent: python-requests/2.9.1)
Sep 22 17:59:05 mas01 sh[24676]: message repeated 2 times: [ 2017-09-22 17:59:05 regiond: [info] 192.168.11.1 POST /MAAS/metadata/status/dtpnxn HTTP/1.1 --> 204 NO_CONTENT (referrer: -; agent: python-requests/2.9.1)]
Sep 22 17:59:05 mas01 sh[24664]: 2017-09-22 17:59:05 regiond: [info] 192.168.11.253 POST /MAAS/metadata/status/y4mdnd HTTP/1.1 --> 204 NO_CONTENT (referrer: -; agent: python-requests/2.9.1)
Sep 22 17:59:05 mas01 sh[25170]: 2017-09-22 17:59:05 regiond: [info] 192.168.11.1 POST /MAAS/metadata/status/dtpnxn HTTP/1.1 --> 204 NO_CONTENT (referrer: -; agent: python-requests/2.9.1)
Sep 22 17:59:05 mas01 sh[24676]: 2017-09-22 17:59:05 regiond: [info] 192.168.11.253 POST /MAAS/metadata/status/y4mdnd HTTP/1.1 --> 204 NO_CONTENT (referrer: -; agent: python-requests/2.9.1)
Sep 22 17:59:05 mas01 sh[24671]: 2017-09-22 17:59:05 regiond: [info] 192.168.11.1 POST /MAAS/metadata/status/dtpnxn HTTP/1.1 --> 204 NO_CONTENT (referrer: -; agent: python-requests/2.9.1)
Sep 22 17:59:05 mas01 sh[24676]: 2017-09-22 17:59:05 regiond: [info] 192.168.11.253 POST /MAAS/metadata/status/y4mdnd HTTP/1.1 --> 204 NO_CONTENT (referrer: -; agent: python-requests/2.9.1)
Sep 22 17:59:05 mas01 sh[25170]: 2017-09-22 17:59:05 regiond: [info] 192.168.11.253 POST /MAAS/metadata/status/y4mdnd HTTP/1.1 --> 204 NO_CONTENT (referrer: -; agent: python-requests/2.9.1)
Sep 22 17:59:05 mas01 sh[24671]: 2017-09-22 17:59:05 regiond: [info] 192.168.11.253 POST /MAAS/metadata/status/y4mdnd HTTP/1.1 --> 204 NO_CONTENT (referrer: -; agent: python-requests/2.9.1)
Sep 22 17:59:05 mas01 sh[24664]: 2017-09-22 17:59:05 regiond: [info] 192.168.11.1 POST /MAAS/metadata/status/dtpnxn HTTP/1.1 --> 204 NO_CONTENT (referrer: -; agent: python-requests/2.9.1)
Sep 22 17:59:05 mas01 sh[24676]: 2017-09-22 17:59:05 regiond: [info] 192.168.11.253 POST /MAAS/metadata/status/y4mdnd HTTP/1.1 --> 204 NO_CONTENT (referrer: -; agent: python-requests/2.9.1)
Sep 22 17:59:05 mas01 sh[24676]: 2017-09-22 17:59:05 regiond: [info] 192.168.11.1 POST /MAAS/metadata/status/dtpnxn HTTP/1.1 --> 204 NO_CONTENT (referrer: -; agent: python-requests/2.9.1)
Sep 22 17:59:05 mas01 sh[25170]: 2017-09-22 17:59:05 regiond: [info] 192.168.11.254 POST /MAAS/metadata/status/77ddmh HTTP/1.1 --> 204 NO_CONTENT (referrer: -; agent: python-requests/2.9.1)
Sep 22 17:59:05 mas01 sh[24671]: 2017-09-22 17:59:05 regiond: [info] 192.168.11.254 POST /MAAS/metadata/status/77ddmh HTTP/1.1 --> 204 NO_CONTENT (referrer: -; agent: python-requests/2.9.1)
Sep 22 17:59:05 mas01 sh[25170]: 2017-09-22 17:59:05 regiond: [info] 192.168.11.1 POST /MAAS/metadata/status/dtpnxn HTTP/1.1 --> 204 NO_CONTENT (referrer: -; agent: python-requests/2.9.1)
Sep 22 17:59:05 mas01 sh[24676]: 2017-09-22 17:59:05 regiond: [info] 192.168.11.253 POST /MAAS/metadata/status/y4mdnd HTTP/1.1 --> 204 NO_CONTENT (referrer: -; agent: python-requests/2.9.1)
Sep 22 17:59:05 mas01 sh[24676]: 2017-09-22 17:59:05 regiond: [info] 192.168.11.1 POST /MAAS/metadata/status/dtpnxn HTTP/1.1 --> 204 NO_CONTENT (referrer: -; agent: python-requests/2.9.1)
Sep 22 17:59:05 mas01 sh[24664]: 2017-09-22 17:59:05 regiond: [info] 192.168.11.253 POST /MAAS/metadata/status/y4mdnd HTTP/1.1 --> 204 NO_CONTENT (referrer: -; agent: python-requests/2.9.1)
Sep 22 17:59:05 mas01 sh[24664]: 2017-09-22 17:59:05 regiond: [info] 192.168.11.253 POST /MAAS/metadata/status/y4mdnd HTTP/1.1 --> 204 NO_CONTENT (referrer: -; agent: python-requests/2.9.1)
Sep 22 17:59:05 mas01 sh[24671]: 2017-09-22 17:59:05 regiond: [info] 192.168.11.253 POST /MAAS/metadata/status/y4mdnd HTTP/1.1 --> 204 NO_CONTENT (referrer: -; agent: python-requests/2.9.1)
Sep 22 17:59:05 mas01 sh[25170]: 2017-09-22 17:59:05 regiond: [info] 192.168.11.1 POST /MAAS/metadata/status/dtpnxn HTTP/1.1 --> 204 NO_CONTENT (referrer: -; agent: python-requests/2.9.1)
Sep 22 17:59:05 mas01 sh[24671]: 2017-09-22 17:59:05 regiond: [info] 192.168.11.1 POST /MAAS/metadata/status/dtpnxn HTTP/1.1 --> 204 NO_CONTENT (referrer: -; agent: python-requests/2.9.1)
Sep 22 17:59:05 mas01 sh[24676]: 2017-09-22 17:59:05 regiond: [info] 192.168.11.253 POST /MAAS/metadata/status/y4mdnd HTTP/1.1 --> 204 NO_CONTENT (referrer: -; agent: python-requests/2.9.1)
Sep 22 17:59:05 mas01 sh[24664]: 2017-09-22 17:59:05 regiond: [info] 192.168.11.1 POST /MAAS/metadata/status/dtpnxn HTTP/1.1 --> 204 NO_CONTENT (referrer: -; agent: python-requests/2.9.1)
Sep 22 17:59:05 mas01 sh[25170]: 2017-09-22 17:59:05 regiond: [info] 192.168.11.253 POST /MAAS/metadata/status/y4mdnd HTTP/1.1 --> 204 NO_CONTENT (referrer: -; agent: python-requests/2.9.1)
Sep 22 17:59:05 mas01 sh[24671]: 2017-09-22 17:59:05 regiond: [info] 192.168.11.1 POST /MAAS/metadata/status/dtpnxn HTTP/1.1 --> 204 NO_CONTENT (referrer: -; agent: python-requests/2.9.1)
Sep 22 17:59:05 mas01 sh[24671]: 2017-09-22 17:59:05 regiond: [info] 192.168.11.253 POST /MAAS/metadata/status/y4mdnd HTTP/1.1 --> 204 NO_CONTENT (referrer: -; agent: python-requests/2.9.1)
Sep 22 17:59:05 mas01 sh[24671]: 2017-09-22 17:59:05 regiond: [info] 192.168.11.253 POST /MAAS/metadata/status/y4mdnd HTTP/1.1 --> 204 NO_CONTENT (referrer: -; agent: python-requests/2.9.1)
Sep 22 17:59:05 mas01 sh[24671]: 2017-09-22 17:59:05 regiond: [info] 192.168.11.1 POST /MAAS/metadata/status/dtpnxn HTTP/1.1 --> 204 NO_CONTENT (referrer: -; agent: python-requests/2.9.1)
Sep 22 17:59:05 mas01 sh[24676]: 2017-09-22 17:59:05 regiond: [info] 192.168.11.1 POST /MAAS/metadata/status/dtpnxn HTTP/1.1 --> 204 NO_CONTENT (referrer: -; agent: python-requests/2.9.1)
Sep 22 17:59:05 mas01 sh[24671]: 2017-09-22 17:59:05 regiond: [info] 192.168.11.253 POST /MAAS/metadata/status/y4mdnd HTTP/1.1 --> 204 NO_CONTENT (referrer: -; agent: python-requests/2.9.1)
Sep 22 17:59:05 mas01 sh[24664]: 2017-09-22 17:59:05 regiond: [info] 192.168.11.253 POST /MAAS/metadata/status/y4mdnd HTTP/1.1 --> 204 NO_CONTENT (referrer: -; agent: python-requests/2.9.1)
Sep 22 17:59:05 mas01 sh[25170]: 2017-09-22 17:59:05 regiond: [info] 192.168.11.1 POST /MAAS/metadata/status/dtpnxn HTTP/1.1 --> 204 NO_CONTENT (referrer: -; agent: python-requests/2.9.1)
Sep 22 17:59:05 mas01 sh[24664]: 2017-09-22 17:59:05 regiond: [info] 192.168.11.1 POST /MAAS/metadata/status/dtpnxn HTTP/1.1 --> 204 NO_CONTENT (referrer: -; agent: python-requests/2.9.1)
Sep 22 17:59:05 mas01 sh[25170]: 2017-09-22 17:59:05 regiond: [info] 192.168.11.253 POST /MAAS/metadata/status/y4mdnd HTTP/1.1 --> 204 NO_CONTENT (referrer: -; agent: python-requests/2.9.1)
Sep 22 17:59:05 mas01 sh[24664]: 2017-09-22 17:59:05 regiond: [info] 192.168.11.253 POST /MAAS/metadata/status/y4mdnd HTTP/1.1 --> 204 NO_CONTENT (referrer: -; agent: python-requests/2.9.1)
Sep 22 17:59:05 mas01 sh[24671]: 2017-09-22 17:59:05 regiond: [info] 192.168.11.254 POST /MAAS/metadata/status/77ddmh HTTP/1.1 --> 204 NO_CONTENT (referrer: -; agent: python-requests/2.9.1)
Sep 22 17:59:05 mas01 sh[25170]: 2017-09-22 17:59:05 regiond: [info] 192.168.11.254 POST /MAAS/metadata/status/77ddmh HTTP/1.1 --> 204 NO_CONTENT (referrer: -; agent: python-requests/2.9.1)
Sep 22 17:59:05 mas01 sh[25170]: 2017-09-22 17:59:05 regiond: [info] 192.168.11.1 POST /MAAS/metadata/status/dtpnxn HTTP/1.1 --> 204 NO_CONTENT (referrer: -; agent: python-requests/2.9.1)
Sep 22 17:59:05 mas01 sh[24671]: 2017-09-22 17:59:05 regiond: [info] 192.168.11.253 POST /MAAS/metadata/status/y4mdnd HTTP/1.1 --> 204 NO_CONTENT (referrer: -; agent: python-requests/2.9.1)
Sep 22 17:59:05 mas01 sh[24676]: 2017-09-22 17:59:05 regiond: [info] 192.168.11.1 POST /MAAS/metadata/status/dtpnxn HTTP/1.1 --> 204 NO_CONTENT (referrer: -; agent: python-requests/2.9.1)
Sep 22 17:59:05 mas01 sh[24671]: 2017-09-22 17:59:05 regiond: [info] 192.168.11.253 POST /MAAS/metadata/status/y4mdnd HTTP/1.1 --> 204 NO_CONTENT (referrer: -; agent: python-requests/2.9.1)
Sep 22 17:59:08 mas01 sh[24664]: 2017-09-22 17:59:08 regiond: [info] 192.168.11.1 POST /MAAS/metadata/status/dtpnxn HTTP/1.1 --> 204 NO_CONTENT (referrer: -; agent: python-requests/2.9.1)
