Sep 15 02:32:19 mas01 dhcpd[25483]: execute_statement argv[4] = --mac
Sep 15 02:32:19 mas01 dhcpd[25483]: execute_statement argv[5] = 0:25:b5:a0:0:4a
Sep 15 02:32:19 mas01 dhcpd[25483]: execute_statement argv[6] = --ip-family
Sep 15 02:32:19 mas01 dhcpd[25483]: execute_statement argv[7] = ipv4
Sep 15 02:32:19 mas01 dhcpd[25483]: execute_statement argv[8] = --ip
Sep 15 02:32:19 mas01 dhcpd[25483]: execute_statement argv[9] = 192.168.11.251
Sep 15 02:32:19 mas01 dhcpd[25483]: execute_statement argv[10] = --lease-time
Sep 15 02:32:19 mas01 dhcpd[25483]: execute_statement argv[11] = 30
Sep 15 02:32:19 mas01 dhcpd[25483]: execute_statement argv[12] = --hostname
Sep 15 02:32:19 mas01 dhcpd[25483]: execute_statement argv[13] = (none)
Sep 15 02:32:19 mas01 dhcpd[25483]: execute_statement argv[14] = --socket
Sep 15 02:32:19 mas01 dhcpd[25483]: execute_statement argv[15] = /var/lib/maas/dhcpd.sock
Sep 15 02:32:19 mas01 dhcpd[25483]: DHCPREQUEST for 192.168.11.251 (192.168.11.3) from 00:25:b5:a0:00:4a via ens5
Sep 15 02:32:19 mas01 dhcpd[25483]: DHCPACK on 192.168.11.251 to 00:25:b5:a0:00:4a via ens5
Sep 15 02:32:19 mas01 sh[21198]: 2017-09-15 02:32:19 provisioningserver.rackdservices.tftp: [info] pxelinux.0 requested by 00:25:b5:a0:00:4a
Sep 15 02:32:19 mas01 sh[21198]: 2017-09-15 02:32:19 provisioningserver.rackdservices.tftp: [info] pxelinux.0 requested by 00:25:b5:a0:00:4a
Sep 15 02:32:19 mas01 maas.interface: [info] ens5 (physical) on mas01: New MAC, IP binding observed: 00:25:b5:a0:00:4a, 192.168.11.251
Sep 15 02:32:19 mas01 sh[21198]: 2017-09-15 02:32:19 provisioningserver.rackdservices.tftp: [info] ldlinux.c32 requested by 00:25:b5:a0:00:4a
Sep 15 02:32:19 mas01 salt-minion[4562]: [INFO    ] {'pid': 25740, 'retcode': 0, 'stderr': '', 'stdout': ''}
Sep 15 02:32:19 mas01 salt-minion[4562]: [INFO    ] Completed state [maas-region apikey --username opnfv > /var/lib/maas/.maas_credentials] at time 02:32:19.231071 duration_in_ms=1421.237
Sep 15 02:32:19 mas01 salt-minion[4562]: [INFO    ] Running state [maas.machines_status] at time 02:32:19.232454
Sep 15 02:32:19 mas01 salt-minion[4562]: [INFO    ] Executing state module.run for maas.machines_status
Sep 15 02:32:19 mas01 sh[21198]: 2017-09-15 02:32:19 provisioningserver.rackdservices.tftp: [info] pxelinux.cfg/f0c9cf06-d8ce-11e4-0000-10000000004f requested by 00:25:b5:a0:00:4a
Sep 15 02:32:19 mas01 sh[21198]: 2017-09-15 02:32:19 provisioningserver.rackdservices.tftp: [info] pxelinux.cfg/01-00-25-b5-a0-00-4a requested by 00:25:b5:a0:00:4a
Sep 15 02:32:19 mas01 sh[21198]: 2017-09-15 02:32:19 provisioningserver.rackdservices.tftp: [info] pxelinux.cfg/01-00-25-b5-a0-00-4a requested by 00:25:b5:a0:00:4a
Sep 15 02:32:19 mas01 sh[21198]: 2017-09-15 02:32:19 provisioningserver.rackdservices.tftp: [info] ubuntu/amd64/hwe-16.04/xenial/daily/boot-kernel requested by 00:25:b5:a0:00:4a
Sep 15 02:32:19 mas01 salt-minion[4562]: [INFO    ] {'ret': {'machines': ['hostname:cmp002,system_id:7abxhe,status:Deploying', 'hostname:cmp001,system_id:y3qgfh,status:Deploying', 'hostname:kvm01,system_id:8qhnxw,status:Deploying', 'hostname:kvm03,system_id:wqehcg,status:Deploying', 'hostname:kvm02,system_id:drx8xa,status:Deploying'], 'summary': Counter({'Deploying': 5})}}
Sep 15 02:32:19 mas01 salt-minion[4562]: [INFO    ] Completed state [maas.machines_status] at time 02:32:19.735374 duration_in_ms=502.919
Sep 15 02:32:19 mas01 salt-minion[4562]: [INFO    ] Returning information for job: 20170915023216577385
Sep 15 02:32:20 mas01 sh[21198]: 2017-09-15 02:32:20 provisioningserver.rackdservices.tftp: [info] ubuntu/amd64/hwe-16.04/xenial/daily/boot-initrd requested by 00:25:b5:a0:00:4a
Sep 15 02:32:21 mas01 dhcpd[25483]: execute_statement argv[0] = /usr/sbin/maas-dhcp-helper
Sep 15 02:32:21 mas01 dhcpd[25483]: execute_statement argv[1] = notify
Sep 15 02:32:21 mas01 dhcpd[25483]: execute_statement argv[2] = --action
Sep 15 02:32:21 mas01 dhcpd[25483]: execute_statement argv[3] = commit
Sep 15 02:32:21 mas01 dhcpd[25483]: execute_statement argv[4] = --mac
Sep 15 02:32:21 mas01 dhcpd[25483]: execute_statement argv[5] = 0:25:b5:a0:0:3a
Sep 15 02:32:21 mas01 dhcpd[25483]: execute_statement argv[6] = --ip-family
Sep 15 02:32:21 mas01 dhcpd[25483]: execute_statement argv[7] = ipv4
Sep 15 02:32:21 mas01 dhcpd[25483]: execute_statement argv[8] = --ip
Sep 15 02:32:21 mas01 dhcpd[25483]: execute_statement argv[9] = 192.168.11.252
Sep 15 02:32:21 mas01 dhcpd[25483]: execute_statement argv[10] = --lease-time
Sep 15 02:32:21 mas01 dhcpd[25483]: execute_statement argv[11] = 30
Sep 15 02:32:21 mas01 dhcpd[25483]: execute_statement argv[12] = --hostname
Sep 15 02:32:21 mas01 dhcpd[25483]: execute_statement argv[13] = (none)
Sep 15 02:32:21 mas01 dhcpd[25483]: execute_statement argv[14] = --socket
Sep 15 02:32:21 mas01 dhcpd[25483]: execute_statement argv[15] = /var/lib/maas/dhcpd.sock
Sep 15 02:32:21 mas01 dhcpd[25483]: DHCPREQUEST for 192.168.11.252 (192.168.11.3) from 00:25:b5:a0:00:3a via ens5
Sep 15 02:32:21 mas01 dhcpd[25483]: DHCPACK on 192.168.11.252 to 00:25:b5:a0:00:3a via ens5
Sep 15 02:32:21 mas01 sh[21198]: 2017-09-15 02:32:21 provisioningserver.rackdservices.tftp: [info] pxelinux.0 requested by 00:25:b5:a0:00:3a
Sep 15 02:32:21 mas01 sh[21198]: 2017-09-15 02:32:21 provisioningserver.rackdservices.tftp: [info] pxelinux.0 requested by 00:25:b5:a0:00:3a
Sep 15 02:32:21 mas01 maas.interface: [info] ens5 (physical) on mas01: New MAC, IP binding observed: 00:25:b5:a0:00:3a, 192.168.11.252
Sep 15 02:32:21 mas01 sh[21198]: 2017-09-15 02:32:21 provisioningserver.rackdservices.tftp: [info] ldlinux.c32 requested by 00:25:b5:a0:00:3a
Sep 15 02:32:21 mas01 sh[21198]: 2017-09-15 02:32:21 provisioningserver.rackdservices.tftp: [info] pxelinux.cfg/f0c9cf06-d8ce-11e4-0000-10000000007f requested by 00:25:b5:a0:00:3a
Sep 15 02:32:21 mas01 sh[21198]: 2017-09-15 02:32:21 provisioningserver.rackdservices.tftp: [info] pxelinux.cfg/01-00-25-b5-a0-00-3a requested by 00:25:b5:a0:00:3a
Sep 15 02:32:21 mas01 sh[21198]: 2017-09-15 02:32:21 provisioningserver.rackdservices.tftp: [info] pxelinux.cfg/01-00-25-b5-a0-00-3a requested by 00:25:b5:a0:00:3a
Sep 15 02:32:21 mas01 sh[21198]: 2017-09-15 02:32:21 provisioningserver.rackdservices.tftp: [info] ubuntu/amd64/hwe-16.04/xenial/daily/boot-kernel requested by 00:25:b5:a0:00:3a
Sep 15 02:32:23 mas01 sh[21198]: 2017-09-15 02:32:23 provisioningserver.rackdservices.tftp: [info] ubuntu/amd64/hwe-16.04/xenial/daily/boot-initrd requested by 00:25:b5:a0:00:3a
Sep 15 02:32:24 mas01 sh[22092]: 2017-09-15 02:32:24 regiond: [info] 127.0.0.1 GET /MAAS/rpc/ HTTP/1.0 --> 200 OK (referrer: -; agent: provisioningserver.rpc.clusterservice.ClusterClientService)
Sep 15 02:32:24 mas01 sh[21198]: 2017-09-15 02:32:24 provisioningserver.rackdservices.dhcp_probe_service: [info] Probe for external DHCP servers started on interfaces: ens6, ens5, ens4, ens3.
Sep 15 02:32:30 mas01 salt-minion[4562]: [INFO    ] User sudo_ubuntu Executing command state.apply with jid 20170915023230647218
Sep 15 02:32:30 mas01 salt-minion[4562]: [INFO    ] Starting a new job with PID 25814
Sep 15 02:32:30 mas01 salt-minion[4562]: [INFO    ] Loading fresh modules for state activity
Sep 15 02:32:31 mas01 salt-minion[4562]: [INFO    ] Running state [maas-region apikey --username opnfv > /var/lib/maas/.maas_credentials] at time 02:32:31.015038
Sep 15 02:32:31 mas01 salt-minion[4562]: [INFO    ] Executing state cmd.run for maas-region apikey --username opnfv > /var/lib/maas/.maas_credentials
Sep 15 02:32:31 mas01 salt-minion[4562]: [INFO    ] Executing command 'maas-region apikey --username opnfv > /var/lib/maas/.maas_credentials' in directory '/root'
Sep 15 02:32:32 mas01 salt-minion[4562]: [INFO    ] {'pid': 25821, 'retcode': 0, 'stderr': '', 'stdout': ''}
Sep 15 02:32:32 mas01 salt-minion[4562]: [INFO    ] Completed state [maas-region apikey --username opnfv > /var/lib/maas/.maas_credentials] at time 02:32:32.232063 duration_in_ms=1217.023
Sep 15 02:32:32 mas01 salt-minion[4562]: [INFO    ] Running state [maas.machines_status] at time 02:32:32.233875
Sep 15 02:32:32 mas01 salt-minion[4562]: [INFO    ] Executing state module.run for maas.machines_status
Sep 15 02:32:32 mas01 sh[21692]: 2017-09-15 02:32:32 regiond: [info] 127.0.0.1 GET /MAAS/api/2.0/machines/ HTTP/1.1 --> 200 OK (referrer: -; agent: Python-urllib/2.7)
Sep 15 02:32:32 mas01 salt-minion[4562]: [INFO    ] {'ret': {'machines': ['hostname:cmp002,system_id:7abxhe,status:Deploying', 'hostname:cmp001,system_id:y3qgfh,status:Deploying', 'hostname:kvm01,system_id:8qhnxw,status:Deploying', 'hostname:kvm03,system_id:wqehcg,status:Deploying', 'hostname:kvm02,system_id:drx8xa,status:Deploying'], 'summary': Counter({'Deploying': 5})}}
Sep 15 02:32:32 mas01 salt-minion[4562]: [INFO    ] Completed state [maas.machines_status] at time 02:32:32.919958 duration_in_ms=686.081
Sep 15 02:32:32 mas01 salt-minion[4562]: [INFO    ] Returning information for job: 20170915023230647218
Sep 15 02:32:34 mas01 dhcpd[25483]: DHCPDISCOVER from 52:54:00:42:bb:c2 via ens5
Sep 15 02:32:34 mas01 dhcpd[25483]: DHCPOFFER on 192.168.11.3 to 52:54:00:42:bb:c2 via ens5
Sep 15 02:32:34 mas01 dhcpd[25483]: DHCPDISCOVER from 00:25:b5:a0:00:6a via ens5
Sep 15 02:32:34 mas01 dhcpd[25483]: DHCPOFFER on 192.168.11.4 to 00:25:b5:a0:00:6a via ens5
Sep 15 02:32:34 mas01 dhcpd[25483]: execute_statement argv[0] = /usr/sbin/maas-dhcp-helper
Sep 15 02:32:34 mas01 dhcpd[25483]: execute_statement argv[1] = notify
Sep 15 02:32:34 mas01 dhcpd[25483]: execute_statement argv[2] = --action
Sep 15 02:32:34 mas01 dhcpd[25483]: execute_statement argv[3] = commit
Sep 15 02:32:34 mas01 dhcpd[25483]: execute_statement argv[4] = --mac
Sep 15 02:32:34 mas01 dhcpd[25483]: execute_statement argv[5] = 0:25:b5:a0:0:6a
Sep 15 02:32:34 mas01 dhcpd[25483]: execute_statement argv[6] = --ip-family
Sep 15 02:32:34 mas01 dhcpd[25483]: execute_statement argv[7] = ipv4
Sep 15 02:32:34 mas01 dhcpd[25483]: execute_statement argv[8] = --ip
Sep 15 02:32:34 mas01 dhcpd[25483]: execute_statement argv[9] = 192.168.11.4
Sep 15 02:32:34 mas01 dhcpd[25483]: execute_statement argv[10] = --lease-time
Sep 15 02:32:34 mas01 dhcpd[25483]: execute_statement argv[11] = 600
Sep 15 02:32:34 mas01 dhcpd[25483]: execute_statement argv[12] = --hostname
Sep 15 02:32:34 mas01 dhcpd[25483]: execute_statement argv[13] = cmp002
Sep 15 02:32:34 mas01 dhcpd[25483]: execute_statement argv[14] = --socket
Sep 15 02:32:34 mas01 dhcpd[25483]: execute_statement argv[15] = /var/lib/maas/dhcpd.sock
Sep 15 02:32:34 mas01 dhcpd[25483]: DHCPREQUEST for 192.168.11.4 (192.168.11.3) from 00:25:b5:a0:00:6a via ens5
Sep 15 02:32:34 mas01 dhcpd[25483]: DHCPACK on 192.168.11.4 to 00:25:b5:a0:00:6a via ens5
Sep 15 02:32:34 mas01 dhcpd[25483]: DHCPDISCOVER from 00:25:b5:a0:00:5a via ens5
Sep 15 02:32:34 mas01 dhcpd[25483]: DHCPOFFER on 192.168.11.1 to 00:25:b5:a0:00:5a via ens5
Sep 15 02:32:34 mas01 dhcpd[25483]: execute_statement argv[0] = /usr/sbin/maas-dhcp-helper
Sep 15 02:32:34 mas01 dhcpd[25483]: execute_statement argv[1] = notify
Sep 15 02:32:34 mas01 dhcpd[25483]: execute_statement argv[2] = --action
Sep 15 02:32:34 mas01 dhcpd[25483]: execute_statement argv[3] = commit
Sep 15 02:32:34 mas01 dhcpd[25483]: execute_statement argv[4] = --mac
Sep 15 02:32:34 mas01 dhcpd[25483]: execute_statement argv[5] = 0:25:b5:a0:0:5a
Sep 15 02:32:34 mas01 dhcpd[25483]: execute_statement argv[6] = --ip-family
Sep 15 02:32:34 mas01 dhcpd[25483]: execute_statement argv[7] = ipv4
Sep 15 02:32:34 mas01 dhcpd[25483]: execute_statement argv[8] = --ip
Sep 15 02:32:34 mas01 dhcpd[25483]: execute_statement argv[9] = 192.168.11.1
Sep 15 02:32:34 mas01 dhcpd[25483]: execute_statement argv[10] = --lease-time
Sep 15 02:32:34 mas01 dhcpd[25483]: execute_statement argv[11] = 600
Sep 15 02:32:34 mas01 dhcpd[25483]: execute_statement argv[12] = --hostname
Sep 15 02:32:34 mas01 dhcpd[25483]: execute_statement argv[13] = cmp001
Sep 15 02:32:34 mas01 dhcpd[25483]: execute_statement argv[14] = --socket
Sep 15 02:32:34 mas01 dhcpd[25483]: execute_statement argv[15] = /var/lib/maas/dhcpd.sock
Sep 15 02:32:34 mas01 dhcpd[25483]: DHCPREQUEST for 192.168.11.1 (192.168.11.3) from 00:25:b5:a0:00:5a via ens5
Sep 15 02:32:34 mas01 dhcpd[25483]: DHCPACK on 192.168.11.1 to 00:25:b5:a0:00:5a via ens5
Sep 15 02:32:34 mas01 dhcpd[25483]: execute_statement argv[0] = /usr/sbin/maas-dhcp-helper
Sep 15 02:32:34 mas01 dhcpd[25483]: execute_statement argv[1] = notify
Sep 15 02:32:34 mas01 dhcpd[25483]: execute_statement argv[2] = --action
Sep 15 02:32:34 mas01 dhcpd[25483]: execute_statement argv[3] = commit
Sep 15 02:32:34 mas01 dhcpd[25483]: execute_statement argv[4] = --mac
Sep 15 02:32:34 mas01 dhcpd[25483]: execute_statement argv[5] = 0:25:b5:a0:0:5a
Sep 15 02:32:34 mas01 dhcpd[25483]: execute_statement argv[6] = --ip-family
Sep 15 02:32:34 mas01 dhcpd[25483]: execute_statement argv[7] = ipv4
Sep 15 02:32:34 mas01 dhcpd[25483]: execute_statement argv[8] = --ip
Sep 15 02:32:34 mas01 dhcpd[25483]: execute_statement argv[9] = 192.168.11.1
Sep 15 02:32:34 mas01 dhcpd[25483]: execute_statement argv[10] = --lease-time
Sep 15 02:32:34 mas01 dhcpd[25483]: execute_statement argv[11] = 600
Sep 15 02:32:34 mas01 dhcpd[25483]: execute_statement argv[12] = --hostname
Sep 15 02:32:34 mas01 dhcpd[25483]: execute_statement argv[13] = cmp001
Sep 15 02:32:34 mas01 dhcpd[25483]: execute_statement argv[14] = --socket
Sep 15 02:32:34 mas01 dhcpd[25483]: execute_statement argv[15] = /var/lib/maas/dhcpd.sock
Sep 15 02:32:34 mas01 dhcpd[25483]: DHCPREQUEST for 192.168.11.1 (192.168.11.3) from 00:25:b5:a0:00:5a via ens5
Sep 15 02:32:34 mas01 dhcpd[25483]: DHCPACK on 192.168.11.1 to 00:25:b5:a0:00:5a via ens5
Sep 15 02:32:36 mas01 dhcpd[25483]: DHCPDISCOVER from 52:54:00:42:bb:c2 via ens5
Sep 15 02:32:36 mas01 dhcpd[25483]: DHCPOFFER on 192.168.11.3 to 52:54:00:42:bb:c2 via ens5
Sep 15 02:32:36 mas01 dhcpd[25483]: DHCPDISCOVER from 00:25:b5:a0:00:2a via ens5
Sep 15 02:32:36 mas01 dhcpd[25483]: DHCPOFFER on 192.168.11.2 to 00:25:b5:a0:00:2a via ens5
Sep 15 02:32:36 mas01 dhcpd[25483]: execute_statement argv[0] = /usr/sbin/maas-dhcp-helper
Sep 15 02:32:36 mas01 dhcpd[25483]: execute_statement argv[1] = notify
Sep 15 02:32:36 mas01 dhcpd[25483]: execute_statement argv[2] = --action
Sep 15 02:32:36 mas01 dhcpd[25483]: execute_statement argv[3] = commit
Sep 15 02:32:36 mas01 dhcpd[25483]: execute_statement argv[4] = --mac
Sep 15 02:32:36 mas01 dhcpd[25483]: execute_statement argv[5] = 0:25:b5:a0:0:2a
Sep 15 02:32:36 mas01 dhcpd[25483]: execute_statement argv[6] = --ip-family
Sep 15 02:32:36 mas01 dhcpd[25483]: execute_statement argv[7] = ipv4
Sep 15 02:32:36 mas01 dhcpd[25483]: execute_statement argv[8] = --ip
Sep 15 02:32:36 mas01 dhcpd[25483]: execute_statement argv[9] = 192.168.11.2
Sep 15 02:32:36 mas01 dhcpd[25483]: execute_statement argv[10] = --lease-time
Sep 15 02:32:36 mas01 dhcpd[25483]: execute_statement argv[11] = 600
Sep 15 02:32:36 mas01 dhcpd[25483]: execute_statement argv[12] = --hostname
Sep 15 02:32:36 mas01 dhcpd[25483]: execute_statement argv[13] = kvm01
Sep 15 02:32:36 mas01 dhcpd[25483]: execute_statement argv[14] = --socket
Sep 15 02:32:36 mas01 dhcpd[25483]: execute_statement argv[15] = /var/lib/maas/dhcpd.sock
Sep 15 02:32:36 mas01 dhcpd[25483]: DHCPREQUEST for 192.168.11.2 (192.168.11.3) from 00:25:b5:a0:00:2a via ens5
Sep 15 02:32:36 mas01 dhcpd[25483]: DHCPACK on 192.168.11.2 to 00:25:b5:a0:00:2a via ens5
Sep 15 02:32:36 mas01 dhcpd[25483]: DHCPDISCOVER from 00:25:b5:a0:00:4a via ens5
Sep 15 02:32:36 mas01 dhcpd[25483]: DHCPOFFER on 192.168.11.251 to 00:25:b5:a0:00:4a via ens5
Sep 15 02:32:36 mas01 dhcpd[25483]: execute_statement argv[0] = /usr/sbin/maas-dhcp-helper
Sep 15 02:32:36 mas01 dhcpd[25483]: execute_statement argv[1] = notify
Sep 15 02:32:36 mas01 dhcpd[25483]: execute_statement argv[2] = --action
Sep 15 02:32:36 mas01 dhcpd[25483]: execute_statement argv[3] = commit
Sep 15 02:32:36 mas01 dhcpd[25483]: execute_statement argv[4] = --mac
Sep 15 02:32:36 mas01 dhcpd[25483]: execute_statement argv[5] = 0:25:b5:a0:0:4a
Sep 15 02:32:36 mas01 dhcpd[25483]: execute_statement argv[6] = --ip-family
Sep 15 02:32:36 mas01 dhcpd[25483]: execute_statement argv[7] = ipv4
Sep 15 02:32:36 mas01 dhcpd[25483]: execute_statement argv[8] = --ip
Sep 15 02:32:36 mas01 dhcpd[25483]: execute_statement argv[9] = 192.168.11.251
Sep 15 02:32:36 mas01 dhcpd[25483]: execute_statement argv[10] = --lease-time
Sep 15 02:32:36 mas01 dhcpd[25483]: execute_statement argv[11] = 600
Sep 15 02:32:36 mas01 dhcpd[25483]: execute_statement argv[12] = --hostname
Sep 15 02:32:36 mas01 dhcpd[25483]: execute_statement argv[13] = kvm03
Sep 15 02:32:36 mas01 dhcpd[25483]: execute_statement argv[14] = --socket
Sep 15 02:32:36 mas01 dhcpd[25483]: execute_statement argv[15] = /var/lib/maas/dhcpd.sock
Sep 15 02:32:36 mas01 dhcpd[25483]: DHCPREQUEST for 192.168.11.251 (192.168.11.3) from 00:25:b5:a0:00:4a via ens5
Sep 15 02:32:36 mas01 dhcpd[25483]: DHCPACK on 192.168.11.251 to 00:25:b5:a0:00:4a via ens5
Sep 15 02:32:36 mas01 dhcpd[25483]: DHCPDISCOVER from 00:25:b5:a0:00:3a via ens5
Sep 15 02:32:36 mas01 dhcpd[25483]: DHCPOFFER on 192.168.11.252 to 00:25:b5:a0:00:3a via ens5
Sep 15 02:32:36 mas01 dhcpd[25483]: execute_statement argv[0] = /usr/sbin/maas-dhcp-helper
Sep 15 02:32:36 mas01 dhcpd[25483]: execute_statement argv[1] = notify
Sep 15 02:32:36 mas01 dhcpd[25483]: execute_statement argv[2] = --action
Sep 15 02:32:36 mas01 dhcpd[25483]: execute_statement argv[3] = commit
Sep 15 02:32:36 mas01 dhcpd[25483]: execute_statement argv[4] = --mac
Sep 15 02:32:36 mas01 dhcpd[25483]: execute_statement argv[5] = 0:25:b5:a0:0:3a
Sep 15 02:32:36 mas01 dhcpd[25483]: execute_statement argv[6] = --ip-family
Sep 15 02:32:36 mas01 dhcpd[25483]: execute_statement argv[7] = ipv4
Sep 15 02:32:36 mas01 dhcpd[25483]: execute_statement argv[8] = --ip
Sep 15 02:32:36 mas01 dhcpd[25483]: execute_statement argv[9] = 192.168.11.252
Sep 15 02:32:36 mas01 dhcpd[25483]: execute_statement argv[10] = --lease-time
Sep 15 02:32:36 mas01 dhcpd[25483]: execute_statement argv[11] = 600
Sep 15 02:32:36 mas01 dhcpd[25483]: execute_statement argv[12] = --hostname
Sep 15 02:32:36 mas01 dhcpd[25483]: execute_statement argv[13] = kvm02
Sep 15 02:32:36 mas01 dhcpd[25483]: execute_statement argv[14] = --socket
Sep 15 02:32:36 mas01 dhcpd[25483]: execute_statement argv[15] = /var/lib/maas/dhcpd.sock
Sep 15 02:32:36 mas01 dhcpd[25483]: DHCPREQUEST for 192.168.11.252 (192.168.11.3) from 00:25:b5:a0:00:3a via ens5
Sep 15 02:32:36 mas01 dhcpd[25483]: DHCPACK on 192.168.11.252 to 00:25:b5:a0:00:3a via ens5
Sep 15 02:32:37 mas01 sh[21590]: 2017-09-15 02:32:37 regiond: [info] 192.168.11.1 GET /MAAS/metadata/latest/by-id/y3qgfh/?op=get_preseed HTTP/1.1 --> 200 OK (referrer: -; agent: Cloud-Init/0.7.9)
Sep 15 02:32:37 mas01 sh[21597]: 2017-09-15 02:32:37 regiond: [info] 192.168.11.4 POST /MAAS/metadata/status/7abxhe HTTP/1.1 --> 204 NO_CONTENT (referrer: -; agent: python-requests/2.9.1)
Sep 15 02:32:37 mas01 sh[21692]: 2017-09-15 02:32:37 regiond: [info] 192.168.11.4 POST /MAAS/metadata/status/7abxhe HTTP/1.1 --> 204 NO_CONTENT (referrer: -; agent: python-requests/2.9.1)
Sep 15 02:32:37 mas01 sh[21590]: 2017-09-15 02:32:37 regiond: [info] 192.168.11.1 POST /MAAS/metadata/status/y3qgfh HTTP/1.1 --> 204 NO_CONTENT (referrer: -; agent: python-requests/2.9.1)
Sep 15 02:32:37 mas01 sh[21590]: 2017-09-15 02:32:37 regiond: [info] 192.168.11.1 POST /MAAS/metadata/status/y3qgfh HTTP/1.1 --> 204 NO_CONTENT (referrer: -; agent: python-requests/2.9.1)
Sep 15 02:32:37 mas01 sh[21692]: 2017-09-15 02:32:37 regiond: [info] 192.168.11.4 POST /MAAS/metadata/status/7abxhe HTTP/1.1 --> 204 NO_CONTENT (referrer: -; agent: python-requests/2.9.1)
Sep 15 02:32:37 mas01 sh[22092]: 2017-09-15 02:32:37 regiond: [info] 192.168.11.1 POST /MAAS/metadata/status/y3qgfh HTTP/1.1 --> 204 NO_CONTENT (referrer: -; agent: python-requests/2.9.1)
Sep 15 02:32:38 mas01 dhcpd[25483]: DHCPDISCOVER from 52:54:00:42:bb:c2 via ens5
Sep 15 02:32:38 mas01 dhcpd[25483]: DHCPOFFER on 192.168.11.3 to 52:54:00:42:bb:c2 via ens5
Sep 15 02:32:38 mas01 sh[22092]: 2017-09-15 02:32:38 regiond: [info] 192.168.11.1 POST /MAAS/metadata/status/y3qgfh HTTP/1.1 --> 204 NO_CONTENT (referrer: -; agent: python-requests/2.9.1)
Sep 15 02:32:38 mas01 sh[21590]: 2017-09-15 02:32:38 regiond: [info] 192.168.11.1 POST /MAAS/metadata/status/y3qgfh HTTP/1.1 --> 204 NO_CONTENT (referrer: -; agent: python-requests/2.9.1)
Sep 15 02:32:38 mas01 sh[21597]: 2017-09-15 02:32:38 regiond: [info] 192.168.11.4 POST /MAAS/metadata/status/7abxhe HTTP/1.1 --> 204 NO_CONTENT (referrer: -; agent: python-requests/2.9.1)
Sep 15 02:32:38 mas01 sh[21597]: 2017-09-15 02:32:38 regiond: [info] 192.168.11.4 POST /MAAS/metadata/status/7abxhe HTTP/1.1 --> 204 NO_CONTENT (referrer: -; agent: python-requests/2.9.1)
Sep 15 02:32:38 mas01 sh[21597]: 2017-09-15 02:32:38 regiond: [info] 192.168.11.1 POST /MAAS/metadata/status/y3qgfh HTTP/1.1 --> 204 NO_CONTENT (referrer: -; agent: python-requests/2.9.1)
Sep 15 02:32:38 mas01 sh[21692]: 2017-09-15 02:32:38 regiond: [info] 192.168.11.4 POST /MAAS/metadata/status/7abxhe HTTP/1.1 --> 204 NO_CONTENT (referrer: -; agent: python-requests/2.9.1)
Sep 15 02:32:38 mas01 sh[22092]: 2017-09-15 02:32:38 regiond: [info] 192.168.11.4 GET /MAAS/metadata/curtin/2012-03-01/meta-data/instance-id HTTP/1.1 --> 200 OK (referrer: -; agent: Cloud-Init/0.7.9)
Sep 15 02:32:38 mas01 sh[21597]: 2017-09-15 02:32:38 regiond: [info] 192.168.11.1 GET /MAAS/metadata/curtin/2012-03-01/meta-data/instance-id HTTP/1.1 --> 200 OK (referrer: -; agent: Cloud-Init/0.7.9)
Sep 15 02:32:38 mas01 sh[22092]: 2017-09-15 02:32:38 regiond: [info] 192.168.11.4 GET /MAAS/metadata/curtin/2012-03-01/meta-data/instance-id HTTP/1.1 --> 200 OK (referrer: -; agent: python-requests/2.9.1)
Sep 15 02:32:38 mas01 sh[22092]: 2017-09-15 02:32:38 regiond: [info] 192.168.11.1 GET /MAAS/metadata/curtin/2012-03-01/meta-data/instance-id HTTP/1.1 --> 200 OK (referrer: -; agent: python-requests/2.9.1)
Sep 15 02:32:38 mas01 sh[21692]: 2017-09-15 02:32:38 regiond: [info] 192.168.11.4 GET /MAAS/metadata/curtin/2012-03-01/meta-data/local-hostname HTTP/1.1 --> 200 OK (referrer: -; agent: python-requests/2.9.1)
Sep 15 02:32:38 mas01 sh[21590]: 2017-09-15 02:32:38 regiond: [info] 192.168.11.1 GET /MAAS/metadata/curtin/2012-03-01/meta-data/local-hostname HTTP/1.1 --> 200 OK (referrer: -; agent: python-requests/2.9.1)
Sep 15 02:32:38 mas01 sh[22092]: 2017-09-15 02:32:38 regiond: [info] 192.168.11.4 GET /MAAS/metadata/curtin/2012-03-01/meta-data/public-keys HTTP/1.1 --> 200 OK (referrer: -; agent: python-requests/2.9.1)
Sep 15 02:32:38 mas01 sh[21597]: 2017-09-15 02:32:38 regiond: [info] 192.168.11.4 GET /MAAS/metadata/curtin/2012-03-01/meta-data/vendor-data HTTP/1.1 --> 200 OK (referrer: -; agent: python-requests/2.9.1)
Sep 15 02:32:38 mas01 sh[21590]: 2017-09-15 02:32:38 regiond: [info] 192.168.11.1 GET /MAAS/metadata/curtin/2012-03-01/meta-data/vendor-data HTTP/1.1 --> 200 OK (referrer: -; agent: python-requests/2.9.1)
Sep 15 02:32:38 mas01 sh[21590]: 2017-09-15 02:32:38 maasserver.preseed: [warn] WARNING: '/etc/maas/preseeds/curtin_userdata_amd64_generic_xenial' contains deprecated preseed variables. Please remove: main_archive_directory, ports_archive_directory, http_proxy
Sep 15 02:32:39 mas01 sh[21597]: 2017-09-15 02:32:39 maasserver.preseed: [warn] WARNING: '/etc/maas/preseeds/curtin_userdata_amd64_generic_xenial' contains deprecated preseed variables. Please remove: main_archive_directory, ports_archive_directory, http_proxy
Sep 15 02:32:39 mas01 sh[21692]: 2017-09-15 02:32:39 regiond: [info] 192.168.11.4 POST /MAAS/metadata/status/7abxhe HTTP/1.1 --> 204 NO_CONTENT (referrer: -; agent: python-requests/2.9.1)
Sep 15 02:32:39 mas01 sh[21590]: 2017-09-15 02:32:39 regiond: [info] 192.168.11.1 GET /MAAS/metadata/curtin/2012-03-01/user-data HTTP/1.1 --> 200 OK (referrer: -; agent: python-requests/2.9.1)
Sep 15 02:32:39 mas01 sh[21692]: 2017-09-15 02:32:39 regiond: [info] 192.168.11.1 POST /MAAS/metadata/status/y3qgfh HTTP/1.1 --> 204 NO_CONTENT (referrer: -; agent: python-requests/2.9.1)
Sep 15 02:32:39 mas01 sh[21597]: 2017-09-15 02:32:39 regiond: [info] 192.168.11.1 POST /MAAS/metadata/status/y3qgfh HTTP/1.1 --> 204 NO_CONTENT (referrer: -; agent: python-requests/2.9.1)
Sep 15 02:32:39 mas01 sh[21692]: 2017-09-15 02:32:39 regiond: [info] 192.168.11.1 POST /MAAS/metadata/status/y3qgfh HTTP/1.1 --> 204 NO_CONTENT (referrer: -; agent: python-requests/2.9.1)
Sep 15 02:32:39 mas01 sh[22092]: 2017-09-15 02:32:39 regiond: [info] 192.168.11.1 POST /MAAS/metadata/status/y3qgfh HTTP/1.1 --> 204 NO_CONTENT (referrer: -; agent: python-requests/2.9.1)
Sep 15 02:32:39 mas01 sh[21597]: 2017-09-15 02:32:39 regiond: [info] 192.168.11.4 POST /MAAS/metadata/status/7abxhe HTTP/1.1 --> 204 NO_CONTENT (referrer: -; agent: python-requests/2.9.1)
Sep 15 02:32:39 mas01 sh[21597]: 2017-09-15 02:32:39 regiond: [info] 192.168.11.4 POST /MAAS/metadata/status/7abxhe HTTP/1.1 --> 204 NO_CONTENT (referrer: -; agent: python-requests/2.9.1)
Sep 15 02:32:39 mas01 sh[21692]: 2017-09-15 02:32:39 regiond: [info] 192.168.11.1 POST /MAAS/metadata/status/y3qgfh HTTP/1.1 --> 204 NO_CONTENT (referrer: -; agent: python-requests/2.9.1)
Sep 15 02:32:39 mas01 sh[22092]: 2017-09-15 02:32:39 regiond: [info] 192.168.11.4 POST /MAAS/metadata/status/7abxhe HTTP/1.1 --> 204 NO_CONTENT (referrer: -; agent: python-requests/2.9.1)
Sep 15 02:32:39 mas01 sh[21590]: 2017-09-15 02:32:39 regiond: [info] 192.168.11.4 POST /MAAS/metadata/status/7abxhe HTTP/1.1 --> 204 NO_CONTENT (referrer: -; agent: python-requests/2.9.1)
Sep 15 02:32:39 mas01 sh[22092]: 2017-09-15 02:32:39 regiond: [info] 192.168.11.1 POST /MAAS/metadata/status/y3qgfh HTTP/1.1 --> 204 NO_CONTENT (referrer: -; agent: python-requests/2.9.1)
Sep 15 02:32:39 mas01 sh[21590]: 2017-09-15 02:32:39 regiond: [info] 192.168.11.1 POST /MAAS/metadata/status/y3qgfh HTTP/1.1 --> 204 NO_CONTENT (referrer: -; agent: python-requests/2.9.1)
Sep 15 02:32:39 mas01 sh[22092]: 2017-09-15 02:32:39 regiond: [info] 192.168.11.1 POST /MAAS/metadata/status/y3qgfh HTTP/1.1 --> 204 NO_CONTENT (referrer: -; agent: python-requests/2.9.1)
Sep 15 02:32:39 mas01 sh[21597]: 2017-09-15 02:32:39 regiond: [info] 192.168.11.1 POST /MAAS/metadata/status/y3qgfh HTTP/1.1 --> 204 NO_CONTENT (referrer: -; agent: python-requests/2.9.1)
Sep 15 02:32:39 mas01 sh[21597]: 2017-09-15 02:32:39 regiond: [info] 192.168.11.1 POST /MAAS/metadata/status/y3qgfh HTTP/1.1 --> 204 NO_CONTENT (referrer: -; agent: python-requests/2.9.1)
Sep 15 02:32:39 mas01 sh[21590]: 2017-09-15 02:32:39 regiond: [info] 192.168.11.1 POST /MAAS/metadata/status/y3qgfh HTTP/1.1 --> 204 NO_CONTENT (referrer: -; agent: python-requests/2.9.1)
Sep 15 02:32:39 mas01 sh[21692]: 2017-09-15 02:32:39 regiond: [info] 192.168.11.1 POST /MAAS/metadata/status/y3qgfh HTTP/1.1 --> 204 NO_CONTENT (referrer: -; agent: python-requests/2.9.1)
Sep 15 02:32:39 mas01 sh[22092]: 2017-09-15 02:32:39 regiond: [info] 192.168.11.1 POST /MAAS/metadata/status/y3qgfh HTTP/1.1 --> 204 NO_CONTENT (referrer: -; agent: python-requests/2.9.1)
Sep 15 02:32:39 mas01 sh[21692]: 2017-09-15 02:32:39 regiond: [info] 192.168.11.4 POST /MAAS/metadata/status/7abxhe HTTP/1.1 --> 204 NO_CONTENT (referrer: -; agent: python-requests/2.9.1)
Sep 15 02:32:39 mas01 sh[21590]: 2017-09-15 02:32:39 regiond: [info] 192.168.11.1 POST /MAAS/metadata/status/y3qgfh HTTP/1.1 --> 204 NO_CONTENT (referrer: -; agent: python-requests/2.9.1)
Sep 15 02:32:39 mas01 sh[22092]: 2017-09-15 02:32:39 regiond: [info] 192.168.11.4 POST /MAAS/metadata/status/7abxhe HTTP/1.1 --> 204 NO_CONTENT (referrer: -; agent: python-requests/2.9.1)
Sep 15 02:32:39 mas01 sh[21597]: 2017-09-15 02:32:39 regiond: [info] 192.168.11.1 POST /MAAS/metadata/status/y3qgfh HTTP/1.1 --> 204 NO_CONTENT (referrer: -; agent: python-requests/2.9.1)
Sep 15 02:32:39 mas01 sh[21597]: 2017-09-15 02:32:39 regiond: [info] 192.168.11.4 POST /MAAS/metadata/status/7abxhe HTTP/1.1 --> 204 NO_CONTENT (referrer: -; agent: python-requests/2.9.1)
Sep 15 02:32:39 mas01 sh[21590]: 2017-09-15 02:32:39 regiond: [info] 192.168.11.1 POST /MAAS/metadata/status/y3qgfh HTTP/1.1 --> 204 NO_CONTENT (referrer: -; agent: python-requests/2.9.1)
Sep 15 02:32:39 mas01 sh[22092]: 2017-09-15 02:32:39 regiond: [info] 192.168.11.4 POST /MAAS/metadata/status/7abxhe HTTP/1.1 --> 204 NO_CONTENT (referrer: -; agent: python-requests/2.9.1)
Sep 15 02:32:39 mas01 sh[21597]: 2017-09-15 02:32:39 regiond: [info] 192.168.11.4 POST /MAAS/metadata/status/7abxhe HTTP/1.1 --> 204 NO_CONTENT (referrer: -; agent: python-requests/2.9.1)
Sep 15 02:32:39 mas01 sh[22092]: 2017-09-15 02:32:39 regiond: [info] 192.168.11.4 POST /MAAS/metadata/status/7abxhe HTTP/1.1 --> 204 NO_CONTENT (referrer: -; agent: python-requests/2.9.1)
Sep 15 02:32:39 mas01 sh[21590]: 2017-09-15 02:32:39 regiond: [info] 192.168.11.4 POST /MAAS/metadata/status/7abxhe HTTP/1.1 --> 204 NO_CONTENT (referrer: -; agent: python-requests/2.9.1)
Sep 15 02:32:39 mas01 sh[21597]: 2017-09-15 02:32:39 regiond: [info] 192.168.11.1 POST /MAAS/metadata/status/y3qgfh HTTP/1.1 --> 204 NO_CONTENT (referrer: -; agent: python-requests/2.9.1)
Sep 15 02:32:39 mas01 sh[22092]: 2017-09-15 02:32:39 regiond: [info] 192.168.11.4 POST /MAAS/metadata/status/7abxhe HTTP/1.1 --> 204 NO_CONTENT (referrer: -; agent: python-requests/2.9.1)
Sep 15 02:32:39 mas01 sh[21597]: 2017-09-15 02:32:39 regiond: [info] 192.168.11.1 POST /MAAS/metadata/status/y3qgfh HTTP/1.1 --> 204 NO_CONTENT (referrer: -; agent: python-requests/2.9.1)
Sep 15 02:32:39 mas01 sh[21597]: 2017-09-15 02:32:39 regiond: [info] 192.168.11.4 POST /MAAS/metadata/status/7abxhe HTTP/1.1 --> 204 NO_CONTENT (referrer: -; agent: python-requests/2.9.1)
Sep 15 02:32:39 mas01 sh[21597]: 2017-09-15 02:32:39 regiond: [info] 192.168.11.4 POST /MAAS/metadata/status/7abxhe HTTP/1.1 --> 204 NO_CONTENT (referrer: -; agent: python-requests/2.9.1)
Sep 15 02:32:39 mas01 sh[22092]: 2017-09-15 02:32:39 regiond: [info] 192.168.11.4 POST /MAAS/metadata/status/7abxhe HTTP/1.1 --> 204 NO_CONTENT (referrer: -; agent: python-requests/2.9.1)
Sep 15 02:32:39 mas01 sh[21692]: 2017-09-15 02:32:39 regiond: [info] 192.168.11.1 POST /MAAS/metadata/status/y3qgfh HTTP/1.1 --> 204 NO_CONTENT (referrer: -; agent: python-requests/2.9.1)
Sep 15 02:32:39 mas01 sh[21590]: 2017-09-15 02:32:39 regiond: [info] 192.168.11.1 POST /MAAS/metadata/status/y3qgfh HTTP/1.1 --> 204 NO_CONTENT (referrer: -; agent: python-requests/2.9.1)
Sep 15 02:32:39 mas01 sh[21590]: 2017-09-15 02:32:39 regiond: [info] 192.168.11.1 POST /MAAS/metadata/status/y3qgfh HTTP/1.1 --> 204 NO_CONTENT (referrer: -; agent: python-requests/2.9.1)
Sep 15 02:32:39 mas01 sh[21597]: 2017-09-15 02:32:39 regiond: [info] 192.168.11.1 POST /MAAS/metadata/status/y3qgfh HTTP/1.1 --> 204 NO_CONTENT (referrer: -; agent: python-requests/2.9.1)
Sep 15 02:32:39 mas01 sh[21692]: 2017-09-15 02:32:39 regiond: [info] 192.168.11.4 POST /MAAS/metadata/status/7abxhe HTTP/1.1 --> 204 NO_CONTENT (referrer: -; agent: python-requests/2.9.1)
Sep 15 02:32:39 mas01 sh[21597]: 2017-09-15 02:32:39 regiond: [info] 192.168.11.1 POST /MAAS/metadata/status/y3qgfh HTTP/1.1 --> 204 NO_CONTENT (referrer: -; agent: python-requests/2.9.1)
Sep 15 02:32:39 mas01 sh[21597]: 2017-09-15 02:32:39 regiond: [info] 192.168.11.4 POST /MAAS/metadata/status/7abxhe HTTP/1.1 --> 204 NO_CONTENT (referrer: -; agent: python-requests/2.9.1)
Sep 15 02:32:39 mas01 sh[22092]: 2017-09-15 02:32:39 regiond: [info] 192.168.11.1 POST /MAAS/metadata/status/y3qgfh HTTP/1.1 --> 204 NO_CONTENT (referrer: -; agent: python-requests/2.9.1)
Sep 15 02:32:39 mas01 sh[22092]: 2017-09-15 02:32:39 regiond: [info] 192.168.11.4 POST /MAAS/metadata/status/7abxhe HTTP/1.1 --> 204 NO_CONTENT (referrer: -; agent: python-requests/2.9.1)
Sep 15 02:32:39 mas01 sh[21590]: 2017-09-15 02:32:39 regiond: [info] 192.168.11.1 POST /MAAS/metadata/status/y3qgfh HTTP/1.1 --> 204 NO_CONTENT (referrer: -; agent: python-requests/2.9.1)
Sep 15 02:32:39 mas01 sh[21597]: 2017-09-15 02:32:39 regiond: [info] 192.168.11.4 POST /MAAS/metadata/status/7abxhe HTTP/1.1 --> 204 NO_CONTENT (referrer: -; agent: python-requests/2.9.1)
Sep 15 02:32:39 mas01 sh[21597]: 2017-09-15 02:32:39 regiond: [info] 192.168.11.1 POST /MAAS/metadata/status/y3qgfh HTTP/1.1 --> 204 NO_CONTENT (referrer: -; agent: python-requests/2.9.1)
Sep 15 02:32:39 mas01 sh[21692]: 2017-09-15 02:32:39 regiond: [info] 192.168.11.4 POST /MAAS/metadata/status/7abxhe HTTP/1.1 --> 204 NO_CONTENT (referrer: -; agent: python-requests/2.9.1)
Sep 15 02:32:39 mas01 sh[21597]: 2017-09-15 02:32:39 regiond: [info] 192.168.11.1 POST /MAAS/metadata/status/y3qgfh HTTP/1.1 --> 204 NO_CONTENT (referrer: -; agent: python-requests/2.9.1)
Sep 15 02:32:39 mas01 sh[21590]: 2017-09-15 02:32:39 regiond: [info] 192.168.11.4 POST /MAAS/metadata/status/7abxhe HTTP/1.1 --> 204 NO_CONTENT (referrer: -; agent: python-requests/2.9.1)
Sep 15 02:32:39 mas01 sh[21590]: 2017-09-15 02:32:39 regiond: [info] 192.168.11.1 POST /MAAS/metadata/status/y3qgfh HTTP/1.1 --> 204 NO_CONTENT (referrer: -; agent: python-requests/2.9.1)
Sep 15 02:32:39 mas01 sh[21590]: 2017-09-15 02:32:39 regiond: [info] 192.168.11.4 POST /MAAS/metadata/status/7abxhe HTTP/1.1 --> 204 NO_CONTENT (referrer: -; agent: python-requests/2.9.1)
Sep 15 02:32:39 mas01 sh[22092]: 2017-09-15 02:32:39 regiond: [info] 192.168.11.4 POST /MAAS/metadata/status/7abxhe HTTP/1.1 --> 204 NO_CONTENT (referrer: -; agent: python-requests/2.9.1)
Sep 15 02:32:39 mas01 sh[21597]: 2017-09-15 02:32:39 regiond: [info] 192.168.11.1 POST /MAAS/metadata/status/y3qgfh HTTP/1.1 --> 204 NO_CONTENT (referrer: -; agent: python-requests/2.9.1)
Sep 15 02:32:39 mas01 sh[21692]: 2017-09-15 02:32:39 regiond: [info] 192.168.11.1 POST /MAAS/metadata/status/y3qgfh HTTP/1.1 --> 204 NO_CONTENT (referrer: -; agent: python-requests/2.9.1)
Sep 15 02:32:39 mas01 sh[22092]: 2017-09-15 02:32:39 regiond: [info] 192.168.11.4 POST /MAAS/metadata/status/7abxhe HTTP/1.1 --> 204 NO_CONTENT (referrer: -; agent: python-requests/2.9.1)
Sep 15 02:32:39 mas01 sh[21597]: 2017-09-15 02:32:39 regiond: [info] 192.168.11.1 POST /MAAS/metadata/status/y3qgfh HTTP/1.1 --> 204 NO_CONTENT (referrer: -; agent: python-requests/2.9.1)
Sep 15 02:32:39 mas01 sh[21597]: 2017-09-15 02:32:39 regiond: [info] 192.168.11.4 POST /MAAS/metadata/status/7abxhe HTTP/1.1 --> 204 NO_CONTENT (referrer: -; agent: python-requests/2.9.1)
Sep 15 02:32:39 mas01 sh[21590]: 2017-09-15 02:32:39 regiond: [info] 192.168.11.4 POST /MAAS/metadata/status/7abxhe HTTP/1.1 --> 204 NO_CONTENT (referrer: -; agent: python-requests/2.9.1)
Sep 15 02:32:39 mas01 sh[21692]: 2017-09-15 02:32:39 regiond: [info] 192.168.11.1 POST /MAAS/metadata/status/y3qgfh HTTP/1.1 --> 204 NO_CONTENT (referrer: -; agent: python-requests/2.9.1)
Sep 15 02:32:39 mas01 sh[21692]: 2017-09-15 02:32:39 regiond: [info] 192.168.11.4 POST /MAAS/metadata/status/7abxhe HTTP/1.1 --> 204 NO_CONTENT (referrer: -; agent: python-requests/2.9.1)
Sep 15 02:32:39 mas01 sh[21590]: 2017-09-15 02:32:39 regiond: [info] 192.168.11.1 POST /MAAS/metadata/status/y3qgfh HTTP/1.1 --> 204 NO_CONTENT (referrer: -; agent: python-requests/2.9.1)
Sep 15 02:32:39 mas01 sh[21692]: 2017-09-15 02:32:39 regiond: [info] 192.168.11.4 POST /MAAS/metadata/status/7abxhe HTTP/1.1 --> 204 NO_CONTENT (referrer: -; agent: python-requests/2.9.1)
Sep 15 02:32:39 mas01 sh[21590]: 2017-09-15 02:32:39 regiond: [info] 192.168.11.1 POST /MAAS/metadata/status/y3qgfh HTTP/1.1 --> 204 NO_CONTENT (referrer: -; agent: python-requests/2.9.1)
Sep 15 02:32:39 mas01 sh[22092]: 2017-09-15 02:32:39 regiond: [info] 192.168.11.4 POST /MAAS/metadata/status/7abxhe HTTP/1.1 --> 204 NO_CONTENT (referrer: -; agent: python-requests/2.9.1)
Sep 15 02:32:39 mas01 sh[21692]: 2017-09-15 02:32:39 regiond: [info] 192.168.11.4 POST /MAAS/metadata/status/7abxhe HTTP/1.1 --> 204 NO_CONTENT (referrer: -; agent: python-requests/2.9.1)
Sep 15 02:32:39 mas01 sh[21590]: 2017-09-15 02:32:39 regiond: [info] 192.168.11.4 POST /MAAS/metadata/status/7abxhe HTTP/1.1 --> 204 NO_CONTENT (referrer: -; agent: python-requests/2.9.1)
Sep 15 02:32:39 mas01 sh[21692]: 2017-09-15 02:32:39 regiond: [info] 192.168.11.4 POST /MAAS/metadata/status/7abxhe HTTP/1.1 --> 204 NO_CONTENT (referrer: -; agent: python-requests/2.9.1)
Sep 15 02:32:39 mas01 sh[21692]: 2017-09-15 02:32:39 regiond: [info] 192.168.11.4 POST /MAAS/metadata/status/7abxhe HTTP/1.1 --> 204 NO_CONTENT (referrer: -; agent: python-requests/2.9.1)
Sep 15 02:32:39 mas01 sh[21597]: 2017-09-15 02:32:39 regiond: [info] 192.168.11.1 POST /MAAS/metadata/status/y3qgfh HTTP/1.1 --> 204 NO_CONTENT (referrer: -; agent: python-requests/2.9.1)
Sep 15 02:32:39 mas01 sh[21692]: 2017-09-15 02:32:39 regiond: [info] 192.168.11.1 POST /MAAS/metadata/status/y3qgfh HTTP/1.1 --> 204 NO_CONTENT (referrer: -; agent: python-requests/2.9.1)
Sep 15 02:32:39 mas01 sh[21590]: 2017-09-15 02:32:39 regiond: [info] 192.168.11.4 POST /MAAS/metadata/status/7abxhe HTTP/1.1 --> 204 NO_CONTENT (referrer: -; agent: python-requests/2.9.1)
Sep 15 02:32:39 mas01 sh[21692]: 2017-09-15 02:32:39 regiond: [info] 192.168.11.4 POST /MAAS/metadata/status/7abxhe HTTP/1.1 --> 204 NO_CONTENT (referrer: -; agent: python-requests/2.9.1)
Sep 15 02:32:39 mas01 sh[21597]: 2017-09-15 02:32:39 regiond: [info] 192.168.11.2 POST /MAAS/metadata/status/8qhnxw HTTP/1.1 --> 204 NO_CONTENT (referrer: -; agent: python-requests/2.9.1)
Sep 15 02:32:39 mas01 sh[21590]: 2017-09-15 02:32:39 regiond: [info] 192.168.11.2 POST /MAAS/metadata/status/8qhnxw HTTP/1.1 --> 204 NO_CONTENT (referrer: -; agent: python-requests/2.9.1)
Sep 15 02:32:39 mas01 sh[21590]: 2017-09-15 02:32:39 regiond: [info] 192.168.11.251 GET /MAAS/metadata/latest/by-id/wqehcg/?op=get_preseed HTTP/1.1 --> 200 OK (referrer: -; agent: Cloud-Init/0.7.9)
Sep 15 02:32:39 mas01 sh[21692]: 2017-09-15 02:32:39 regiond: [info] 192.168.11.252 GET /MAAS/metadata/latest/by-id/drx8xa/?op=get_preseed HTTP/1.1 --> 200 OK (referrer: -; agent: Cloud-Init/0.7.9)
Sep 15 02:32:39 mas01 sh[21692]: 2017-09-15 02:32:39 regiond: [info] 192.168.11.251 POST /MAAS/metadata/status/wqehcg HTTP/1.1 --> 204 NO_CONTENT (referrer: -; agent: python-requests/2.9.1)
Sep 15 02:32:39 mas01 sh[22092]: 2017-09-15 02:32:39 regiond: [info] 192.168.11.251 POST /MAAS/metadata/status/wqehcg HTTP/1.1 --> 204 NO_CONTENT (referrer: -; agent: python-requests/2.9.1)
Sep 15 02:32:40 mas01 sh[21692]: 2017-09-15 02:32:40 regiond: [info] 192.168.11.252 POST /MAAS/metadata/status/drx8xa HTTP/1.1 --> 204 NO_CONTENT (referrer: -; agent: python-requests/2.9.1)
Sep 15 02:32:40 mas01 sh[21692]: 2017-09-15 02:32:40 regiond: [info] 192.168.11.1 POST /MAAS/metadata/status/y3qgfh HTTP/1.1 --> 204 NO_CONTENT (referrer: -; agent: python-requests/2.9.1)
Sep 15 02:32:40 mas01 sh[22092]: 2017-09-15 02:32:40 regiond: [info] 192.168.11.252 POST /MAAS/metadata/status/drx8xa HTTP/1.1 --> 204 NO_CONTENT (referrer: -; agent: python-requests/2.9.1)
Sep 15 02:32:40 mas01 sh[21590]: 2017-09-15 02:32:40 regiond: [info] 192.168.11.2 POST /MAAS/metadata/status/8qhnxw HTTP/1.1 --> 204 NO_CONTENT (referrer: -; agent: python-requests/2.9.1)
Sep 15 02:32:40 mas01 sh[21597]: 2017-09-15 02:32:40 regiond: [info] 192.168.11.1 POST /MAAS/metadata/status/y3qgfh HTTP/1.1 --> 204 NO_CONTENT (referrer: -; agent: python-requests/2.9.1)
Sep 15 02:32:40 mas01 sh[21590]: 2017-09-15 02:32:40 regiond: [info] 192.168.11.4 POST /MAAS/metadata/status/7abxhe HTTP/1.1 --> 204 NO_CONTENT (referrer: -; agent: python-requests/2.9.1)
Sep 15 02:32:40 mas01 sh[22092]: 2017-09-15 02:32:40 regiond: [info] 192.168.11.252 POST /MAAS/metadata/status/drx8xa HTTP/1.1 --> 204 NO_CONTENT (referrer: -; agent: python-requests/2.9.1)
Sep 15 02:32:40 mas01 sh[21590]: 2017-09-15 02:32:40 regiond: [info] 192.168.11.251 POST /MAAS/metadata/status/wqehcg HTTP/1.1 --> 204 NO_CONTENT (referrer: -; agent: python-requests/2.9.1)
Sep 15 02:32:40 mas01 sh[22092]: 2017-09-15 02:32:40 regiond: [info] 192.168.11.4 POST /MAAS/metadata/status/7abxhe HTTP/1.1 --> 204 NO_CONTENT (referrer: -; agent: python-requests/2.9.1)
Sep 15 02:32:40 mas01 sh[21590]: 2017-09-15 02:32:40 regiond: [info] 192.168.11.1 POST /MAAS/metadata/status/y3qgfh HTTP/1.1 --> 204 NO_CONTENT (referrer: -; agent: python-requests/2.9.1)
Sep 15 02:32:40 mas01 sh[21597]: 2017-09-15 02:32:40 regiond: [info] 192.168.11.1 POST /MAAS/metadata/status/y3qgfh HTTP/1.1 --> 204 NO_CONTENT (referrer: -; agent: python-requests/2.9.1)
Sep 15 02:32:40 mas01 sh[22092]: 2017-09-15 02:32:40 regiond: [info] 192.168.11.1 POST /MAAS/metadata/status/y3qgfh HTTP/1.1 --> 204 NO_CONTENT (referrer: -; agent: python-requests/2.9.1)
Sep 15 02:32:40 mas01 sh[21692]: 2017-09-15 02:32:40 regiond: [info] 192.168.11.1 POST /MAAS/metadata/status/y3qgfh HTTP/1.1 --> 204 NO_CONTENT (referrer: -; agent: python-requests/2.9.1)
Sep 15 02:32:40 mas01 sh[22092]: 2017-09-15 02:32:40 regiond: [info] 192.168.11.1 POST /MAAS/metadata/status/y3qgfh HTTP/1.1 --> 204 NO_CONTENT (referrer: -; agent: python-requests/2.9.1)
Sep 15 02:32:40 mas01 sh[21597]: 2017-09-15 02:32:40 regiond: [info] 192.168.11.1 POST /MAAS/metadata/status/y3qgfh HTTP/1.1 --> 204 NO_CONTENT (referrer: -; agent: python-requests/2.9.1)
Sep 15 02:32:40 mas01 sh[21692]: 2017-09-15 02:32:40 regiond: [info] 192.168.11.1 POST /MAAS/metadata/status/y3qgfh HTTP/1.1 --> 204 NO_CONTENT (referrer: -; agent: python-requests/2.9.1)
Sep 15 02:32:40 mas01 sh[21692]: 2017-09-15 02:32:40 regiond: [info] 192.168.11.2 POST /MAAS/metadata/status/8qhnxw HTTP/1.1 --> 204 NO_CONTENT (referrer: -; agent: python-requests/2.9.1)
Sep 15 02:32:40 mas01 sh[21692]: 2017-09-15 02:32:40 regiond: [info] 192.168.11.2 POST /MAAS/metadata/status/8qhnxw HTTP/1.1 --> 204 NO_CONTENT (referrer: -; agent: python-requests/2.9.1)
Sep 15 02:32:40 mas01 sh[21597]: 2017-09-15 02:32:40 regiond: [info] 192.168.11.2 POST /MAAS/metadata/status/8qhnxw HTTP/1.1 --> 204 NO_CONTENT (referrer: -; agent: python-requests/2.9.1)
Sep 15 02:32:40 mas01 sh[21590]: 2017-09-15 02:32:40 regiond: [info] 192.168.11.251 GET /MAAS/metadata/latest/by-id/wqehcg/?op=get_preseed HTTP/1.1 --> 200 OK (referrer: -; agent: Cloud-Init/0.7.9)
Sep 15 02:32:40 mas01 sh[21692]: 2017-09-15 02:32:40 regiond: [info] 192.168.11.2 GET /MAAS/metadata/curtin/2012-03-01/meta-data/instance-id HTTP/1.1 --> 200 OK (referrer: -; agent: Cloud-Init/0.7.9)
Sep 15 02:32:40 mas01 sh[21597]: 2017-09-15 02:32:40 regiond: [info] 192.168.11.251 POST /MAAS/metadata/status/wqehcg HTTP/1.1 --> 204 NO_CONTENT (referrer: -; agent: python-requests/2.9.1)
Sep 15 02:32:40 mas01 sh[21597]: 2017-09-15 02:32:40 regiond: [info] 192.168.11.4 POST /MAAS/metadata/status/7abxhe HTTP/1.1 --> 204 NO_CONTENT (referrer: -; agent: python-requests/2.9.1)
Sep 15 02:32:40 mas01 sh[21590]: 2017-09-15 02:32:40 regiond: [info] 192.168.11.4 POST /MAAS/metadata/status/7abxhe HTTP/1.1 --> 204 NO_CONTENT (referrer: -; agent: python-requests/2.9.1)
Sep 15 02:32:40 mas01 sh[22092]: 2017-09-15 02:32:40 regiond: [info] 192.168.11.251 POST /MAAS/metadata/status/wqehcg HTTP/1.1 --> 204 NO_CONTENT (referrer: -; agent: python-requests/2.9.1)
Sep 15 02:32:40 mas01 sh[21590]: 2017-09-15 02:32:40 regiond: [info] 192.168.11.4 POST /MAAS/metadata/status/7abxhe HTTP/1.1 --> 204 NO_CONTENT (referrer: -; agent: python-requests/2.9.1)
Sep 15 02:32:40 mas01 sh[21597]: 2017-09-15 02:32:40 regiond: [info] 192.168.11.4 POST /MAAS/metadata/status/7abxhe HTTP/1.1 --> 204 NO_CONTENT (referrer: -; agent: python-requests/2.9.1)
Sep 15 02:32:40 mas01 sh[21597]: 2017-09-15 02:32:40 regiond: [info] 192.168.11.251 POST /MAAS/metadata/status/wqehcg HTTP/1.1 --> 204 NO_CONTENT (referrer: -; agent: python-requests/2.9.1)
Sep 15 02:32:40 mas01 sh[21597]: 2017-09-15 02:32:40 regiond: [info] 192.168.11.4 POST /MAAS/metadata/status/7abxhe HTTP/1.1 --> 204 NO_CONTENT (referrer: -; agent: python-requests/2.9.1)
Sep 15 02:32:40 mas01 sh[21590]: 2017-09-15 02:32:40 regiond: [info] 192.168.11.4 POST /MAAS/metadata/status/7abxhe HTTP/1.1 --> 204 NO_CONTENT (referrer: -; agent: python-requests/2.9.1)
Sep 15 02:32:40 mas01 sh[21597]: 2017-09-15 02:32:40 regiond: [info] 192.168.11.252 GET /MAAS/metadata/latest/by-id/drx8xa/?op=get_preseed HTTP/1.1 --> 200 OK (referrer: -; agent: Cloud-Init/0.7.9)
Sep 15 02:32:40 mas01 sh[22092]: 2017-09-15 02:32:40 regiond: [info] 192.168.11.4 POST /MAAS/metadata/status/7abxhe HTTP/1.1 --> 204 NO_CONTENT (referrer: -; agent: python-requests/2.9.1)
Sep 15 02:32:40 mas01 sh[21597]: 2017-09-15 02:32:40 regiond: [info] 192.168.11.2 GET /MAAS/metadata/curtin/2012-03-01/meta-data/instance-id HTTP/1.1 --> 200 OK (referrer: -; agent: python-requests/2.9.1)
Sep 15 02:32:40 mas01 sh[21597]: 2017-09-15 02:32:40 regiond: [info] 192.168.11.251 GET /MAAS/metadata/curtin/2012-03-01/meta-data/instance-id HTTP/1.1 --> 200 OK (referrer: -; agent: Cloud-Init/0.7.9)
Sep 15 02:32:40 mas01 sh[21597]: 2017-09-15 02:32:40 regiond: [info] 192.168.11.252 POST /MAAS/metadata/status/drx8xa HTTP/1.1 --> 204 NO_CONTENT (referrer: -; agent: python-requests/2.9.1)
Sep 15 02:32:40 mas01 sh[21597]: 2017-09-15 02:32:40 regiond: [info] 192.168.11.252 POST /MAAS/metadata/status/drx8xa HTTP/1.1 --> 204 NO_CONTENT (referrer: -; agent: python-requests/2.9.1)
Sep 15 02:32:40 mas01 sh[22092]: 2017-09-15 02:32:40 regiond: [info] 192.168.11.252 POST /MAAS/metadata/status/drx8xa HTTP/1.1 --> 204 NO_CONTENT (referrer: -; agent: python-requests/2.9.1)
Sep 15 02:32:40 mas01 sh[21692]: 2017-09-15 02:32:40 regiond: [info] 192.168.11.2 GET /MAAS/metadata/curtin/2012-03-01/meta-data/local-hostname HTTP/1.1 --> 200 OK (referrer: -; agent: python-requests/2.9.1)
Sep 15 02:32:40 mas01 sh[22092]: 2017-09-15 02:32:40 regiond: [info] 192.168.11.251 GET /MAAS/metadata/curtin/2012-03-01/meta-data/instance-id HTTP/1.1 --> 200 OK (referrer: -; agent: python-requests/2.9.1)
Sep 15 02:32:40 mas01 sh[21597]: 2017-09-15 02:32:40 regiond: [info] 192.168.11.252 GET /MAAS/metadata/curtin/2012-03-01/meta-data/instance-id HTTP/1.1 --> 200 OK (referrer: -; agent: Cloud-Init/0.7.9)
Sep 15 02:32:40 mas01 sh[21692]: 2017-09-15 02:32:40 regiond: [info] 192.168.11.2 GET /MAAS/metadata/curtin/2012-03-01/meta-data/public-keys HTTP/1.1 --> 200 OK (referrer: -; agent: python-requests/2.9.1)
Sep 15 02:32:40 mas01 sh[21597]: 2017-09-15 02:32:40 regiond: [info] 192.168.11.251 GET /MAAS/metadata/curtin/2012-03-01/meta-data/local-hostname HTTP/1.1 --> 200 OK (referrer: -; agent: python-requests/2.9.1)
Sep 15 02:32:40 mas01 sh[21597]: 2017-09-15 02:32:40 regiond: [info] 192.168.11.252 GET /MAAS/metadata/curtin/2012-03-01/meta-data/instance-id HTTP/1.1 --> 200 OK (referrer: -; agent: python-requests/2.9.1)
Sep 15 02:32:40 mas01 sh[22092]: 2017-09-15 02:32:40 regiond: [info] 192.168.11.2 GET /MAAS/metadata/curtin/2012-03-01/meta-data/vendor-data HTTP/1.1 --> 200 OK (referrer: -; agent: python-requests/2.9.1)
Sep 15 02:32:40 mas01 sh[21597]: 2017-09-15 02:32:40 regiond: [info] 192.168.11.251 GET /MAAS/metadata/curtin/2012-03-01/meta-data/public-keys HTTP/1.1 --> 200 OK (referrer: -; agent: python-requests/2.9.1)
Sep 15 02:32:40 mas01 sh[21692]: 2017-09-15 02:32:40 regiond: [info] 192.168.11.252 GET /MAAS/metadata/curtin/2012-03-01/meta-data/local-hostname HTTP/1.1 --> 200 OK (referrer: -; agent: python-requests/2.9.1)
Sep 15 02:32:41 mas01 sh[21597]: 2017-09-15 02:32:41 regiond: [info] 192.168.11.251 GET /MAAS/metadata/curtin/2012-03-01/meta-data/vendor-data HTTP/1.1 --> 200 OK (referrer: -; agent: python-requests/2.9.1)
Sep 15 02:32:41 mas01 sh[21692]: 2017-09-15 02:32:41 maasserver.preseed: [warn] WARNING: '/etc/maas/preseeds/curtin_userdata_amd64_generic_xenial' contains deprecated preseed variables. Please remove: main_archive_directory, ports_archive_directory, http_proxy
Sep 15 02:32:41 mas01 sh[21590]: 2017-09-15 02:32:41 regiond: [info] 192.168.11.252 GET /MAAS/metadata/curtin/2012-03-01/meta-data/vendor-data HTTP/1.1 --> 200 OK (referrer: -; agent: python-requests/2.9.1)
Sep 15 02:32:41 mas01 sh[21590]: 2017-09-15 02:32:41 maasserver.preseed: [warn] WARNING: '/etc/maas/preseeds/curtin_userdata_amd64_generic_xenial' contains deprecated preseed variables. Please remove: main_archive_directory, ports_archive_directory, http_proxy
Sep 15 02:32:41 mas01 sh[21590]: 2017-09-15 02:32:41 maasserver.preseed: [warn] WARNING: '/etc/maas/preseeds/curtin_userdata_amd64_generic_xenial' contains deprecated preseed variables. Please remove: main_archive_directory, ports_archive_directory, http_proxy
Sep 15 02:32:41 mas01 sh[21692]: 2017-09-15 02:32:41 regiond: [info] 192.168.11.2 GET /MAAS/metadata/curtin/2012-03-01/user-data HTTP/1.1 --> 200 OK (referrer: -; agent: python-requests/2.9.1)
Sep 15 02:32:41 mas01 sh[21692]: 2017-09-15 02:32:41 regiond: [info] 192.168.11.2 POST /MAAS/metadata/status/8qhnxw HTTP/1.1 --> 204 NO_CONTENT (referrer: -; agent: python-requests/2.9.1)
Sep 15 02:32:41 mas01 sh[21597]: 2017-09-15 02:32:41 regiond: [info] 192.168.11.2 POST /MAAS/metadata/status/8qhnxw HTTP/1.1 --> 204 NO_CONTENT (referrer: -; agent: python-requests/2.9.1)
Sep 15 02:32:41 mas01 sh[21590]: 2017-09-15 02:32:41 regiond: [info] 192.168.11.2 POST /MAAS/metadata/status/8qhnxw HTTP/1.1 --> 204 NO_CONTENT (referrer: -; agent: python-requests/2.9.1)
Sep 15 02:32:41 mas01 sh[22092]: 2017-09-15 02:32:41 regiond: [info] 192.168.11.2 POST /MAAS/metadata/status/8qhnxw HTTP/1.1 --> 204 NO_CONTENT (referrer: -; agent: python-requests/2.9.1)
Sep 15 02:32:41 mas01 sh[21597]: 2017-09-15 02:32:41 regiond: [info] 192.168.11.2 POST /MAAS/metadata/status/8qhnxw HTTP/1.1 --> 204 NO_CONTENT (referrer: -; agent: python-requests/2.9.1)
Sep 15 02:32:41 mas01 sh[21692]: 2017-09-15 02:32:41 regiond: [info] 192.168.11.2 POST /MAAS/metadata/status/8qhnxw HTTP/1.1 --> 204 NO_CONTENT (referrer: -; agent: python-requests/2.9.1)
