Aug 27 15:10:35 gtw01 dnsmasq-dhcp[21246]: read /var/lib/neutron/dhcp/e7812da2-66f5-40d8-bf1a-d4907c506b9a/host
Aug 27 15:10:35 gtw01 dnsmasq-dhcp[21246]: read /var/lib/neutron/dhcp/e7812da2-66f5-40d8-bf1a-d4907c506b9a/opts
Aug 27 15:10:36 gtw01 dnsmasq[9745]: read /var/lib/neutron/dhcp/db7e4a0c-eae6-40a9-b454-cab8294e1526/addn_hosts - 6 addresses
Aug 27 15:10:36 gtw01 dnsmasq-dhcp[9745]: read /var/lib/neutron/dhcp/db7e4a0c-eae6-40a9-b454-cab8294e1526/host
Aug 27 15:10:36 gtw01 dnsmasq-dhcp[9745]: read /var/lib/neutron/dhcp/db7e4a0c-eae6-40a9-b454-cab8294e1526/opts
Aug 27 15:10:37 gtw01 dnsmasq[9745]: read /var/lib/neutron/dhcp/db7e4a0c-eae6-40a9-b454-cab8294e1526/addn_hosts - 6 addresses
Aug 27 15:10:37 gtw01 dnsmasq-dhcp[9745]: read /var/lib/neutron/dhcp/db7e4a0c-eae6-40a9-b454-cab8294e1526/host
Aug 27 15:10:37 gtw01 dnsmasq-dhcp[9745]: read /var/lib/neutron/dhcp/db7e4a0c-eae6-40a9-b454-cab8294e1526/opts
Aug 27 15:10:39 gtw01 dnsmasq[21246]: read /var/lib/neutron/dhcp/e7812da2-66f5-40d8-bf1a-d4907c506b9a/addn_hosts - 2 addresses
Aug 27 15:10:39 gtw01 dnsmasq-dhcp[21246]: read /var/lib/neutron/dhcp/e7812da2-66f5-40d8-bf1a-d4907c506b9a/host
Aug 27 15:10:39 gtw01 dnsmasq-dhcp[21246]: read /var/lib/neutron/dhcp/e7812da2-66f5-40d8-bf1a-d4907c506b9a/opts
Aug 27 15:10:41 gtw01 dnsmasq[9745]: read /var/lib/neutron/dhcp/db7e4a0c-eae6-40a9-b454-cab8294e1526/addn_hosts - 6 addresses
Aug 27 15:10:41 gtw01 dnsmasq-dhcp[9745]: read /var/lib/neutron/dhcp/db7e4a0c-eae6-40a9-b454-cab8294e1526/host
Aug 27 15:10:41 gtw01 dnsmasq-dhcp[9745]: read /var/lib/neutron/dhcp/db7e4a0c-eae6-40a9-b454-cab8294e1526/opts
Aug 27 15:10:41 gtw01 dnsmasq-dhcp[9745]: DHCPDISCOVER(tapc7d80847-f5) fa:16:3e:fe:33:3a
Aug 27 15:10:41 gtw01 dnsmasq-dhcp[9745]: DHCPOFFER(tapc7d80847-f5) 192.168.120.13 fa:16:3e:fe:33:3a
Aug 27 15:10:41 gtw01 dnsmasq-dhcp[9745]: DHCPREQUEST(tapc7d80847-f5) 192.168.120.13 fa:16:3e:fe:33:3a
Aug 27 15:10:41 gtw01 dnsmasq-dhcp[9745]: DHCPACK(tapc7d80847-f5) 192.168.120.13 fa:16:3e:fe:33:3a host-192-168-120-13
Aug 27 15:10:46 gtw01 dnsmasq[21246]: read /var/lib/neutron/dhcp/e7812da2-66f5-40d8-bf1a-d4907c506b9a/addn_hosts - 3 addresses
Aug 27 15:10:46 gtw01 dnsmasq-dhcp[21246]: read /var/lib/neutron/dhcp/e7812da2-66f5-40d8-bf1a-d4907c506b9a/host
Aug 27 15:10:46 gtw01 dnsmasq-dhcp[21246]: read /var/lib/neutron/dhcp/e7812da2-66f5-40d8-bf1a-d4907c506b9a/opts
Aug 27 15:10:46 gtw01 dnsmasq-dhcp[9745]: DHCPRELEASE(tapc7d80847-f5) 192.168.120.13 fa:16:3e:fe:33:3a
Aug 27 15:10:47 gtw01 dnsmasq[21246]: read /var/lib/neutron/dhcp/e7812da2-66f5-40d8-bf1a-d4907c506b9a/addn_hosts - 3 addresses
Aug 27 15:10:47 gtw01 dnsmasq-dhcp[21246]: read /var/lib/neutron/dhcp/e7812da2-66f5-40d8-bf1a-d4907c506b9a/host
Aug 27 15:10:47 gtw01 dnsmasq-dhcp[21246]: read /var/lib/neutron/dhcp/e7812da2-66f5-40d8-bf1a-d4907c506b9a/opts
Aug 27 15:10:48 gtw01 dnsmasq[21246]: read /var/lib/neutron/dhcp/e7812da2-66f5-40d8-bf1a-d4907c506b9a/addn_hosts - 3 addresses
Aug 27 15:10:48 gtw01 dnsmasq-dhcp[21246]: read /var/lib/neutron/dhcp/e7812da2-66f5-40d8-bf1a-d4907c506b9a/host
Aug 27 15:10:48 gtw01 dnsmasq-dhcp[21246]: read /var/lib/neutron/dhcp/e7812da2-66f5-40d8-bf1a-d4907c506b9a/opts
Aug 27 15:10:51 gtw01 dnsmasq-dhcp[9745]: DHCPDISCOVER(tapc7d80847-f5) fa:16:3e:5a:21:31
Aug 27 15:10:51 gtw01 dnsmasq-dhcp[9745]: DHCPOFFER(tapc7d80847-f5) 192.168.120.4 fa:16:3e:5a:21:31
Aug 27 15:10:51 gtw01 dnsmasq-dhcp[9745]: DHCPREQUEST(tapc7d80847-f5) 192.168.120.4 fa:16:3e:5a:21:31
Aug 27 15:10:51 gtw01 dnsmasq-dhcp[9745]: DHCPACK(tapc7d80847-f5) 192.168.120.4 fa:16:3e:5a:21:31 host-192-168-120-4
Aug 27 15:10:51 gtw01 dnsmasq[9745]: read /var/lib/neutron/dhcp/db7e4a0c-eae6-40a9-b454-cab8294e1526/addn_hosts - 6 addresses
Aug 27 15:10:51 gtw01 dnsmasq-dhcp[9745]: read /var/lib/neutron/dhcp/db7e4a0c-eae6-40a9-b454-cab8294e1526/host
Aug 27 15:10:51 gtw01 dnsmasq-dhcp[9745]: read /var/lib/neutron/dhcp/db7e4a0c-eae6-40a9-b454-cab8294e1526/opts
Aug 27 15:10:52 gtw01 dnsmasq[21246]: read /var/lib/neutron/dhcp/e7812da2-66f5-40d8-bf1a-d4907c506b9a/addn_hosts - 2 addresses
Aug 27 15:10:52 gtw01 dnsmasq-dhcp[21246]: read /var/lib/neutron/dhcp/e7812da2-66f5-40d8-bf1a-d4907c506b9a/host
Aug 27 15:10:52 gtw01 dnsmasq-dhcp[21246]: read /var/lib/neutron/dhcp/e7812da2-66f5-40d8-bf1a-d4907c506b9a/opts
Aug 27 15:10:59 gtw01 dnsmasq[9745]: read /var/lib/neutron/dhcp/db7e4a0c-eae6-40a9-b454-cab8294e1526/addn_hosts - 5 addresses
Aug 27 15:10:59 gtw01 dnsmasq-dhcp[9745]: read /var/lib/neutron/dhcp/db7e4a0c-eae6-40a9-b454-cab8294e1526/host
Aug 27 15:10:59 gtw01 dnsmasq-dhcp[9745]: read /var/lib/neutron/dhcp/db7e4a0c-eae6-40a9-b454-cab8294e1526/opts
Aug 27 15:11:04 gtw01 dnsmasq[21246]: read /var/lib/neutron/dhcp/e7812da2-66f5-40d8-bf1a-d4907c506b9a/addn_hosts - 3 addresses
Aug 27 15:11:04 gtw01 dnsmasq-dhcp[21246]: read /var/lib/neutron/dhcp/e7812da2-66f5-40d8-bf1a-d4907c506b9a/host
Aug 27 15:11:04 gtw01 dnsmasq-dhcp[21246]: read /var/lib/neutron/dhcp/e7812da2-66f5-40d8-bf1a-d4907c506b9a/opts
Aug 27 15:11:05 gtw01 dnsmasq[9745]: read /var/lib/neutron/dhcp/db7e4a0c-eae6-40a9-b454-cab8294e1526/addn_hosts - 6 addresses
Aug 27 15:11:05 gtw01 dnsmasq-dhcp[9745]: read /var/lib/neutron/dhcp/db7e4a0c-eae6-40a9-b454-cab8294e1526/host
Aug 27 15:11:05 gtw01 dnsmasq-dhcp[9745]: read /var/lib/neutron/dhcp/db7e4a0c-eae6-40a9-b454-cab8294e1526/opts
Aug 27 15:11:05 gtw01 dnsmasq[21246]: read /var/lib/neutron/dhcp/e7812da2-66f5-40d8-bf1a-d4907c506b9a/addn_hosts - 4 addresses
Aug 27 15:11:05 gtw01 dnsmasq-dhcp[21246]: read /var/lib/neutron/dhcp/e7812da2-66f5-40d8-bf1a-d4907c506b9a/host
Aug 27 15:11:05 gtw01 dnsmasq-dhcp[21246]: read /var/lib/neutron/dhcp/e7812da2-66f5-40d8-bf1a-d4907c506b9a/opts
Aug 27 15:11:06 gtw01 dnsmasq[21246]: read /var/lib/neutron/dhcp/e7812da2-66f5-40d8-bf1a-d4907c506b9a/addn_hosts - 4 addresses
Aug 27 15:11:06 gtw01 dnsmasq-dhcp[21246]: read /var/lib/neutron/dhcp/e7812da2-66f5-40d8-bf1a-d4907c506b9a/host
Aug 27 15:11:06 gtw01 dnsmasq-dhcp[21246]: read /var/lib/neutron/dhcp/e7812da2-66f5-40d8-bf1a-d4907c506b9a/opts
Aug 27 15:11:06 gtw01 dnsmasq[9745]: read /var/lib/neutron/dhcp/db7e4a0c-eae6-40a9-b454-cab8294e1526/addn_hosts - 6 addresses
Aug 27 15:11:06 gtw01 dnsmasq-dhcp[9745]: read /var/lib/neutron/dhcp/db7e4a0c-eae6-40a9-b454-cab8294e1526/host
Aug 27 15:11:06 gtw01 dnsmasq-dhcp[9745]: read /var/lib/neutron/dhcp/db7e4a0c-eae6-40a9-b454-cab8294e1526/opts
Aug 27 15:11:07 gtw01 dnsmasq[21246]: read /var/lib/neutron/dhcp/e7812da2-66f5-40d8-bf1a-d4907c506b9a/addn_hosts - 4 addresses
Aug 27 15:11:07 gtw01 dnsmasq-dhcp[21246]: read /var/lib/neutron/dhcp/e7812da2-66f5-40d8-bf1a-d4907c506b9a/host
Aug 27 15:11:07 gtw01 dnsmasq-dhcp[21246]: read /var/lib/neutron/dhcp/e7812da2-66f5-40d8-bf1a-d4907c506b9a/opts
Aug 27 15:11:08 gtw01 dnsmasq[9745]: read /var/lib/neutron/dhcp/db7e4a0c-eae6-40a9-b454-cab8294e1526/addn_hosts - 6 addresses
Aug 27 15:11:08 gtw01 dnsmasq-dhcp[9745]: read /var/lib/neutron/dhcp/db7e4a0c-eae6-40a9-b454-cab8294e1526/host
Aug 27 15:11:08 gtw01 dnsmasq-dhcp[9745]: read /var/lib/neutron/dhcp/db7e4a0c-eae6-40a9-b454-cab8294e1526/opts
Aug 27 15:11:08 gtw01 dnsmasq[21246]: read /var/lib/neutron/dhcp/e7812da2-66f5-40d8-bf1a-d4907c506b9a/addn_hosts - 4 addresses
Aug 27 15:11:08 gtw01 dnsmasq-dhcp[21246]: read /var/lib/neutron/dhcp/e7812da2-66f5-40d8-bf1a-d4907c506b9a/host
Aug 27 15:11:08 gtw01 dnsmasq-dhcp[21246]: read /var/lib/neutron/dhcp/e7812da2-66f5-40d8-bf1a-d4907c506b9a/opts
Aug 27 15:11:09 gtw01 dnsmasq[21246]: read /var/lib/neutron/dhcp/e7812da2-66f5-40d8-bf1a-d4907c506b9a/addn_hosts - 4 addresses
Aug 27 15:11:09 gtw01 dnsmasq-dhcp[21246]: read /var/lib/neutron/dhcp/e7812da2-66f5-40d8-bf1a-d4907c506b9a/host
Aug 27 15:11:09 gtw01 dnsmasq-dhcp[21246]: read /var/lib/neutron/dhcp/e7812da2-66f5-40d8-bf1a-d4907c506b9a/opts
Aug 27 15:11:10 gtw01 kernel: [ 7137.593453] device qg-53d32549-a7 entered promiscuous mode
Aug 27 15:11:10 gtw01 systemd-udevd[14003]: link_config: autonegotiation is unset or enabled, the speed and duplex are not writable.
Aug 27 15:11:10 gtw01 systemd-udevd[14003]: Could not generate persistent MAC address for qg-53d32549-a7: No such file or directory
Aug 27 15:11:18 gtw01 kernel: [ 7145.506427] device qg-53d32549-a7 left promiscuous mode
Aug 27 15:11:20 gtw01 dnsmasq-dhcp[21246]: DHCPDISCOVER(tape9a3cc68-02) fa:16:3e:2c:12:b8
Aug 27 15:11:20 gtw01 dnsmasq-dhcp[21246]: DHCPOFFER(tape9a3cc68-02) 192.168.120.39 fa:16:3e:2c:12:b8
Aug 27 15:11:20 gtw01 dnsmasq-dhcp[21246]: DHCPREQUEST(tape9a3cc68-02) 192.168.120.39 fa:16:3e:2c:12:b8
Aug 27 15:11:20 gtw01 dnsmasq-dhcp[21246]: DHCPACK(tape9a3cc68-02) 192.168.120.39 fa:16:3e:2c:12:b8 host-192-168-120-39
Aug 27 15:11:21 gtw01 dnsmasq-dhcp[9745]: DHCPDISCOVER(tapc7d80847-f5) fa:16:3e:99:8d:2b
Aug 27 15:11:21 gtw01 dnsmasq-dhcp[9745]: DHCPOFFER(tapc7d80847-f5) 192.168.120.5 fa:16:3e:99:8d:2b
Aug 27 15:11:21 gtw01 dnsmasq-dhcp[9745]: DHCPREQUEST(tapc7d80847-f5) 192.168.120.5 fa:16:3e:99:8d:2b
Aug 27 15:11:21 gtw01 dnsmasq-dhcp[9745]: DHCPACK(tapc7d80847-f5) 192.168.120.5 fa:16:3e:99:8d:2b host-192-168-120-5
Aug 27 15:11:22 gtw01 dnsmasq-dhcp[21246]: DHCPRELEASE(tape9a3cc68-02) 192.168.120.39 fa:16:3e:2c:12:b8
Aug 27 15:11:23 gtw01 dnsmasq-dhcp[21246]: DHCPDISCOVER(tape9a3cc68-02) fa:16:3e:df:2a:b6
Aug 27 15:11:23 gtw01 dnsmasq-dhcp[21246]: DHCPOFFER(tape9a3cc68-02) 192.168.120.127 fa:16:3e:df:2a:b6
Aug 27 15:11:23 gtw01 dnsmasq-dhcp[21246]: DHCPREQUEST(tape9a3cc68-02) 192.168.120.127 fa:16:3e:df:2a:b6
Aug 27 15:11:23 gtw01 dnsmasq-dhcp[21246]: DHCPACK(tape9a3cc68-02) 192.168.120.127 fa:16:3e:df:2a:b6 host-192-168-120-127
Aug 27 15:11:24 gtw01 dnsmasq-dhcp[9745]: DHCPRELEASE(tapc7d80847-f5) 192.168.120.5 fa:16:3e:99:8d:2b
Aug 27 15:11:32 gtw01 dnsmasq[21246]: read /var/lib/neutron/dhcp/e7812da2-66f5-40d8-bf1a-d4907c506b9a/addn_hosts - 3 addresses
Aug 27 15:11:32 gtw01 dnsmasq-dhcp[21246]: read /var/lib/neutron/dhcp/e7812da2-66f5-40d8-bf1a-d4907c506b9a/host
Aug 27 15:11:32 gtw01 dnsmasq-dhcp[21246]: read /var/lib/neutron/dhcp/e7812da2-66f5-40d8-bf1a-d4907c506b9a/opts
Aug 27 15:11:34 gtw01 dnsmasq-dhcp[21246]: DHCPRELEASE(tape9a3cc68-02) 192.168.120.127 fa:16:3e:df:2a:b6
Aug 27 15:11:34 gtw01 dnsmasq[9745]: read /var/lib/neutron/dhcp/db7e4a0c-eae6-40a9-b454-cab8294e1526/addn_hosts - 6 addresses
Aug 27 15:11:34 gtw01 dnsmasq-dhcp[9745]: read /var/lib/neutron/dhcp/db7e4a0c-eae6-40a9-b454-cab8294e1526/host
Aug 27 15:11:34 gtw01 dnsmasq-dhcp[9745]: read /var/lib/neutron/dhcp/db7e4a0c-eae6-40a9-b454-cab8294e1526/opts
Aug 27 15:11:35 gtw01 dnsmasq-dhcp[21246]: DHCPRELEASE(tape9a3cc68-02) 192.168.120.127 fa:16:3e:df:2a:b6 unknown lease
Aug 27 15:11:35 gtw01 dnsmasq[21246]: read /var/lib/neutron/dhcp/e7812da2-66f5-40d8-bf1a-d4907c506b9a/addn_hosts - 2 addresses
Aug 27 15:11:35 gtw01 dnsmasq-dhcp[21246]: read /var/lib/neutron/dhcp/e7812da2-66f5-40d8-bf1a-d4907c506b9a/host
Aug 27 15:11:35 gtw01 dnsmasq-dhcp[21246]: read /var/lib/neutron/dhcp/e7812da2-66f5-40d8-bf1a-d4907c506b9a/opts
Aug 27 15:11:35 gtw01 dnsmasq[9745]: read /var/lib/neutron/dhcp/db7e4a0c-eae6-40a9-b454-cab8294e1526/addn_hosts - 6 addresses
Aug 27 15:11:35 gtw01 dnsmasq-dhcp[9745]: read /var/lib/neutron/dhcp/db7e4a0c-eae6-40a9-b454-cab8294e1526/host
Aug 27 15:11:35 gtw01 dnsmasq-dhcp[9745]: read /var/lib/neutron/dhcp/db7e4a0c-eae6-40a9-b454-cab8294e1526/opts
Aug 27 15:11:44 gtw01 dnsmasq[21246]: read /var/lib/neutron/dhcp/e7812da2-66f5-40d8-bf1a-d4907c506b9a/addn_hosts - 3 addresses
Aug 27 15:11:44 gtw01 dnsmasq-dhcp[21246]: read /var/lib/neutron/dhcp/e7812da2-66f5-40d8-bf1a-d4907c506b9a/host
Aug 27 15:11:44 gtw01 dnsmasq-dhcp[21246]: read /var/lib/neutron/dhcp/e7812da2-66f5-40d8-bf1a-d4907c506b9a/opts
Aug 27 15:11:45 gtw01 dnsmasq[9745]: read /var/lib/neutron/dhcp/db7e4a0c-eae6-40a9-b454-cab8294e1526/addn_hosts - 5 addresses
Aug 27 15:11:45 gtw01 dnsmasq-dhcp[9745]: read /var/lib/neutron/dhcp/db7e4a0c-eae6-40a9-b454-cab8294e1526/host
Aug 27 15:11:45 gtw01 dnsmasq-dhcp[9745]: read /var/lib/neutron/dhcp/db7e4a0c-eae6-40a9-b454-cab8294e1526/opts
Aug 27 15:11:45 gtw01 dnsmasq[21246]: read /var/lib/neutron/dhcp/e7812da2-66f5-40d8-bf1a-d4907c506b9a/addn_hosts - 3 addresses
Aug 27 15:11:45 gtw01 dnsmasq-dhcp[21246]: read /var/lib/neutron/dhcp/e7812da2-66f5-40d8-bf1a-d4907c506b9a/host
Aug 27 15:11:45 gtw01 dnsmasq-dhcp[21246]: read /var/lib/neutron/dhcp/e7812da2-66f5-40d8-bf1a-d4907c506b9a/opts
Aug 27 15:11:46 gtw01 dnsmasq[21246]: read /var/lib/neutron/dhcp/e7812da2-66f5-40d8-bf1a-d4907c506b9a/addn_hosts - 3 addresses
Aug 27 15:11:46 gtw01 dnsmasq-dhcp[21246]: read /var/lib/neutron/dhcp/e7812da2-66f5-40d8-bf1a-d4907c506b9a/host
Aug 27 15:11:46 gtw01 dnsmasq-dhcp[21246]: read /var/lib/neutron/dhcp/e7812da2-66f5-40d8-bf1a-d4907c506b9a/opts
Aug 27 15:11:50 gtw01 dnsmasq[9745]: read /var/lib/neutron/dhcp/db7e4a0c-eae6-40a9-b454-cab8294e1526/addn_hosts - 6 addresses
Aug 27 15:11:50 gtw01 dnsmasq-dhcp[9745]: read /var/lib/neutron/dhcp/db7e4a0c-eae6-40a9-b454-cab8294e1526/host
Aug 27 15:11:50 gtw01 dnsmasq-dhcp[9745]: read /var/lib/neutron/dhcp/db7e4a0c-eae6-40a9-b454-cab8294e1526/opts
Aug 27 15:11:51 gtw01 dnsmasq[9745]: read /var/lib/neutron/dhcp/db7e4a0c-eae6-40a9-b454-cab8294e1526/addn_hosts - 6 addresses
Aug 27 15:11:51 gtw01 dnsmasq-dhcp[9745]: read /var/lib/neutron/dhcp/db7e4a0c-eae6-40a9-b454-cab8294e1526/host
Aug 27 15:11:51 gtw01 dnsmasq-dhcp[9745]: read /var/lib/neutron/dhcp/db7e4a0c-eae6-40a9-b454-cab8294e1526/opts
Aug 27 15:11:52 gtw01 dnsmasq[9745]: read /var/lib/neutron/dhcp/db7e4a0c-eae6-40a9-b454-cab8294e1526/addn_hosts - 6 addresses
Aug 27 15:11:52 gtw01 dnsmasq-dhcp[9745]: read /var/lib/neutron/dhcp/db7e4a0c-eae6-40a9-b454-cab8294e1526/host
Aug 27 15:11:52 gtw01 dnsmasq-dhcp[9745]: read /var/lib/neutron/dhcp/db7e4a0c-eae6-40a9-b454-cab8294e1526/opts
Aug 27 15:11:57 gtw01 dnsmasq[21246]: read /var/lib/neutron/dhcp/e7812da2-66f5-40d8-bf1a-d4907c506b9a/addn_hosts - 4 addresses
Aug 27 15:11:57 gtw01 dnsmasq-dhcp[21246]: read /var/lib/neutron/dhcp/e7812da2-66f5-40d8-bf1a-d4907c506b9a/host
Aug 27 15:11:57 gtw01 dnsmasq-dhcp[21246]: read /var/lib/neutron/dhcp/e7812da2-66f5-40d8-bf1a-d4907c506b9a/opts
Aug 27 15:11:58 gtw01 dnsmasq[21246]: read /var/lib/neutron/dhcp/e7812da2-66f5-40d8-bf1a-d4907c506b9a/addn_hosts - 4 addresses
Aug 27 15:11:58 gtw01 dnsmasq-dhcp[21246]: read /var/lib/neutron/dhcp/e7812da2-66f5-40d8-bf1a-d4907c506b9a/host
Aug 27 15:11:58 gtw01 dnsmasq-dhcp[21246]: read /var/lib/neutron/dhcp/e7812da2-66f5-40d8-bf1a-d4907c506b9a/opts
Aug 27 15:11:59 gtw01 systemd-udevd[14697]: link_config: autonegotiation is unset or enabled, the speed and duplex are not writable.
Aug 27 15:11:59 gtw01 systemd-udevd[14697]: Could not generate persistent MAC address for qg-c7f72af6-fb: No such file or directory
Aug 27 15:11:59 gtw01 kernel: [ 7186.235231] device qg-c7f72af6-fb entered promiscuous mode
Aug 27 15:11:59 gtw01 dnsmasq[21246]: read /var/lib/neutron/dhcp/e7812da2-66f5-40d8-bf1a-d4907c506b9a/addn_hosts - 4 addresses
Aug 27 15:11:59 gtw01 dnsmasq-dhcp[21246]: read /var/lib/neutron/dhcp/e7812da2-66f5-40d8-bf1a-d4907c506b9a/host
Aug 27 15:11:59 gtw01 dnsmasq-dhcp[21246]: read /var/lib/neutron/dhcp/e7812da2-66f5-40d8-bf1a-d4907c506b9a/opts
Aug 27 15:12:00 gtw01 dnsmasq-dhcp[21246]: DHCPDISCOVER(tape9a3cc68-02) fa:16:3e:6b:77:f6
Aug 27 15:12:00 gtw01 dnsmasq-dhcp[21246]: DHCPOFFER(tape9a3cc68-02) 192.168.120.169 fa:16:3e:6b:77:f6
Aug 27 15:12:00 gtw01 dnsmasq-dhcp[21246]: DHCPREQUEST(tape9a3cc68-02) 192.168.120.169 fa:16:3e:6b:77:f6
Aug 27 15:12:00 gtw01 dnsmasq-dhcp[21246]: DHCPACK(tape9a3cc68-02) 192.168.120.169 fa:16:3e:6b:77:f6 host-192-168-120-169
Aug 27 15:12:04 gtw01 dnsmasq-dhcp[9745]: DHCPDISCOVER(tapc7d80847-f5) fa:16:3e:fd:73:c6
Aug 27 15:12:04 gtw01 dnsmasq-dhcp[9745]: DHCPOFFER(tapc7d80847-f5) 192.168.120.14 fa:16:3e:fd:73:c6
Aug 27 15:12:04 gtw01 dnsmasq-dhcp[9745]: DHCPREQUEST(tapc7d80847-f5) 192.168.120.14 fa:16:3e:fd:73:c6
Aug 27 15:12:04 gtw01 dnsmasq-dhcp[9745]: DHCPACK(tapc7d80847-f5) 192.168.120.14 fa:16:3e:fd:73:c6 host-192-168-120-14
Aug 27 15:12:07 gtw01 kernel: [ 7194.063603] device qg-c7f72af6-fb left promiscuous mode
Aug 27 15:12:07 gtw01 dnsmasq[21246]: read /var/lib/neutron/dhcp/e7812da2-66f5-40d8-bf1a-d4907c506b9a/addn_hosts - 3 addresses
Aug 27 15:12:07 gtw01 dnsmasq-dhcp[21246]: read /var/lib/neutron/dhcp/e7812da2-66f5-40d8-bf1a-d4907c506b9a/host
Aug 27 15:12:07 gtw01 dnsmasq-dhcp[21246]: read /var/lib/neutron/dhcp/e7812da2-66f5-40d8-bf1a-d4907c506b9a/opts
Aug 27 15:12:13 gtw01 dnsmasq[21246]: read /var/lib/neutron/dhcp/e7812da2-66f5-40d8-bf1a-d4907c506b9a/addn_hosts - 4 addresses
Aug 27 15:12:13 gtw01 dnsmasq-dhcp[21246]: read /var/lib/neutron/dhcp/e7812da2-66f5-40d8-bf1a-d4907c506b9a/host
Aug 27 15:12:13 gtw01 dnsmasq-dhcp[21246]: read /var/lib/neutron/dhcp/e7812da2-66f5-40d8-bf1a-d4907c506b9a/opts
Aug 27 15:12:14 gtw01 dnsmasq-dhcp[9745]: DHCPRELEASE(tapc7d80847-f5) 192.168.120.14 fa:16:3e:fd:73:c6
Aug 27 15:12:14 gtw01 dnsmasq[21246]: read /var/lib/neutron/dhcp/e7812da2-66f5-40d8-bf1a-d4907c506b9a/addn_hosts - 4 addresses
Aug 27 15:12:14 gtw01 dnsmasq-dhcp[21246]: read /var/lib/neutron/dhcp/e7812da2-66f5-40d8-bf1a-d4907c506b9a/host
Aug 27 15:12:14 gtw01 dnsmasq-dhcp[21246]: read /var/lib/neutron/dhcp/e7812da2-66f5-40d8-bf1a-d4907c506b9a/opts
Aug 27 15:12:15 gtw01 dnsmasq[21246]: read /var/lib/neutron/dhcp/e7812da2-66f5-40d8-bf1a-d4907c506b9a/addn_hosts - 4 addresses
Aug 27 15:12:15 gtw01 dnsmasq-dhcp[21246]: read /var/lib/neutron/dhcp/e7812da2-66f5-40d8-bf1a-d4907c506b9a/host
Aug 27 15:12:15 gtw01 dnsmasq-dhcp[21246]: read /var/lib/neutron/dhcp/e7812da2-66f5-40d8-bf1a-d4907c506b9a/opts
Aug 27 15:12:18 gtw01 dnsmasq[9745]: read /var/lib/neutron/dhcp/db7e4a0c-eae6-40a9-b454-cab8294e1526/addn_hosts - 6 addresses
Aug 27 15:12:18 gtw01 dnsmasq-dhcp[9745]: read /var/lib/neutron/dhcp/db7e4a0c-eae6-40a9-b454-cab8294e1526/host
Aug 27 15:12:18 gtw01 dnsmasq-dhcp[9745]: read /var/lib/neutron/dhcp/db7e4a0c-eae6-40a9-b454-cab8294e1526/opts
Aug 27 15:12:19 gtw01 dnsmasq[9745]: read /var/lib/neutron/dhcp/db7e4a0c-eae6-40a9-b454-cab8294e1526/addn_hosts - 6 addresses
Aug 27 15:12:19 gtw01 dnsmasq-dhcp[9745]: read /var/lib/neutron/dhcp/db7e4a0c-eae6-40a9-b454-cab8294e1526/host
Aug 27 15:12:19 gtw01 dnsmasq-dhcp[9745]: read /var/lib/neutron/dhcp/db7e4a0c-eae6-40a9-b454-cab8294e1526/opts
Aug 27 15:12:20 gtw01 dnsmasq[21246]: read /var/lib/neutron/dhcp/e7812da2-66f5-40d8-bf1a-d4907c506b9a/addn_hosts - 3 addresses
Aug 27 15:12:20 gtw01 dnsmasq-dhcp[21246]: read /var/lib/neutron/dhcp/e7812da2-66f5-40d8-bf1a-d4907c506b9a/host
Aug 27 15:12:20 gtw01 dnsmasq-dhcp[21246]: read /var/lib/neutron/dhcp/e7812da2-66f5-40d8-bf1a-d4907c506b9a/opts
Aug 27 15:12:25 gtw01 dnsmasq[21246]: read /var/lib/neutron/dhcp/e7812da2-66f5-40d8-bf1a-d4907c506b9a/addn_hosts - 4 addresses
Aug 27 15:12:25 gtw01 dnsmasq-dhcp[21246]: read /var/lib/neutron/dhcp/e7812da2-66f5-40d8-bf1a-d4907c506b9a/host
Aug 27 15:12:25 gtw01 dnsmasq-dhcp[21246]: read /var/lib/neutron/dhcp/e7812da2-66f5-40d8-bf1a-d4907c506b9a/opts
Aug 27 15:12:26 gtw01 dnsmasq[21246]: read /var/lib/neutron/dhcp/e7812da2-66f5-40d8-bf1a-d4907c506b9a/addn_hosts - 4 addresses
Aug 27 15:12:26 gtw01 dnsmasq-dhcp[21246]: read /var/lib/neutron/dhcp/e7812da2-66f5-40d8-bf1a-d4907c506b9a/host
Aug 27 15:12:26 gtw01 dnsmasq-dhcp[21246]: read /var/lib/neutron/dhcp/e7812da2-66f5-40d8-bf1a-d4907c506b9a/opts
Aug 27 15:12:26 gtw01 dnsmasq[9745]: read /var/lib/neutron/dhcp/db7e4a0c-eae6-40a9-b454-cab8294e1526/addn_hosts - 6 addresses
Aug 27 15:12:26 gtw01 dnsmasq-dhcp[9745]: read /var/lib/neutron/dhcp/db7e4a0c-eae6-40a9-b454-cab8294e1526/host
Aug 27 15:12:26 gtw01 dnsmasq-dhcp[9745]: read /var/lib/neutron/dhcp/db7e4a0c-eae6-40a9-b454-cab8294e1526/opts
Aug 27 15:12:27 gtw01 dnsmasq[21246]: read /var/lib/neutron/dhcp/e7812da2-66f5-40d8-bf1a-d4907c506b9a/addn_hosts - 4 addresses
Aug 27 15:12:27 gtw01 dnsmasq-dhcp[21246]: read /var/lib/neutron/dhcp/e7812da2-66f5-40d8-bf1a-d4907c506b9a/host
Aug 27 15:12:27 gtw01 dnsmasq-dhcp[21246]: read /var/lib/neutron/dhcp/e7812da2-66f5-40d8-bf1a-d4907c506b9a/opts
Aug 27 15:12:27 gtw01 dnsmasq[9745]: read /var/lib/neutron/dhcp/db7e4a0c-eae6-40a9-b454-cab8294e1526/addn_hosts - 6 addresses
Aug 27 15:12:27 gtw01 dnsmasq-dhcp[9745]: read /var/lib/neutron/dhcp/db7e4a0c-eae6-40a9-b454-cab8294e1526/host
Aug 27 15:12:27 gtw01 dnsmasq-dhcp[9745]: read /var/lib/neutron/dhcp/db7e4a0c-eae6-40a9-b454-cab8294e1526/opts
Aug 27 15:12:34 gtw01 dnsmasq[9745]: read /var/lib/neutron/dhcp/db7e4a0c-eae6-40a9-b454-cab8294e1526/addn_hosts - 5 addresses
Aug 27 15:12:34 gtw01 dnsmasq-dhcp[9745]: read /var/lib/neutron/dhcp/db7e4a0c-eae6-40a9-b454-cab8294e1526/host
Aug 27 15:12:34 gtw01 dnsmasq-dhcp[9745]: read /var/lib/neutron/dhcp/db7e4a0c-eae6-40a9-b454-cab8294e1526/opts
Aug 27 15:12:37 gtw01 dnsmasq[21246]: read /var/lib/neutron/dhcp/e7812da2-66f5-40d8-bf1a-d4907c506b9a/addn_hosts - 5 addresses
Aug 27 15:12:37 gtw01 dnsmasq-dhcp[21246]: read /var/lib/neutron/dhcp/e7812da2-66f5-40d8-bf1a-d4907c506b9a/host
Aug 27 15:12:37 gtw01 dnsmasq-dhcp[21246]: read /var/lib/neutron/dhcp/e7812da2-66f5-40d8-bf1a-d4907c506b9a/opts
Aug 27 15:12:38 gtw01 dnsmasq[21246]: read /var/lib/neutron/dhcp/e7812da2-66f5-40d8-bf1a-d4907c506b9a/addn_hosts - 5 addresses
Aug 27 15:12:38 gtw01 dnsmasq-dhcp[21246]: read /var/lib/neutron/dhcp/e7812da2-66f5-40d8-bf1a-d4907c506b9a/host
Aug 27 15:12:38 gtw01 dnsmasq-dhcp[21246]: read /var/lib/neutron/dhcp/e7812da2-66f5-40d8-bf1a-d4907c506b9a/opts
Aug 27 15:12:39 gtw01 dnsmasq[21246]: read /var/lib/neutron/dhcp/e7812da2-66f5-40d8-bf1a-d4907c506b9a/addn_hosts - 5 addresses
Aug 27 15:12:39 gtw01 dnsmasq-dhcp[21246]: read /var/lib/neutron/dhcp/e7812da2-66f5-40d8-bf1a-d4907c506b9a/host
Aug 27 15:12:39 gtw01 dnsmasq-dhcp[21246]: read /var/lib/neutron/dhcp/e7812da2-66f5-40d8-bf1a-d4907c506b9a/opts
Aug 27 15:12:41 gtw01 dnsmasq[9745]: read /var/lib/neutron/dhcp/db7e4a0c-eae6-40a9-b454-cab8294e1526/addn_hosts - 6 addresses
Aug 27 15:12:41 gtw01 dnsmasq-dhcp[9745]: read /var/lib/neutron/dhcp/db7e4a0c-eae6-40a9-b454-cab8294e1526/host
Aug 27 15:12:41 gtw01 dnsmasq-dhcp[9745]: read /var/lib/neutron/dhcp/db7e4a0c-eae6-40a9-b454-cab8294e1526/opts
Aug 27 15:12:42 gtw01 dnsmasq[9745]: read /var/lib/neutron/dhcp/db7e4a0c-eae6-40a9-b454-cab8294e1526/addn_hosts - 6 addresses
Aug 27 15:12:42 gtw01 dnsmasq-dhcp[9745]: read /var/lib/neutron/dhcp/db7e4a0c-eae6-40a9-b454-cab8294e1526/host
Aug 27 15:12:42 gtw01 dnsmasq-dhcp[9745]: read /var/lib/neutron/dhcp/db7e4a0c-eae6-40a9-b454-cab8294e1526/opts
Aug 27 15:12:42 gtw01 dnsmasq-dhcp[21246]: DHCPDISCOVER(tape9a3cc68-02) fa:16:3e:ea:37:ae
Aug 27 15:12:42 gtw01 dnsmasq-dhcp[21246]: DHCPOFFER(tape9a3cc68-02) 192.168.120.186 fa:16:3e:ea:37:ae
Aug 27 15:12:42 gtw01 dnsmasq-dhcp[21246]: DHCPREQUEST(tape9a3cc68-02) 192.168.120.186 fa:16:3e:ea:37:ae
Aug 27 15:12:42 gtw01 dnsmasq-dhcp[21246]: DHCPACK(tape9a3cc68-02) 192.168.120.186 fa:16:3e:ea:37:ae host-192-168-120-186
Aug 27 15:12:43 gtw01 dnsmasq[9745]: read /var/lib/neutron/dhcp/db7e4a0c-eae6-40a9-b454-cab8294e1526/addn_hosts - 6 addresses
Aug 27 15:12:43 gtw01 dnsmasq-dhcp[9745]: read /var/lib/neutron/dhcp/db7e4a0c-eae6-40a9-b454-cab8294e1526/host
Aug 27 15:12:43 gtw01 dnsmasq-dhcp[9745]: read /var/lib/neutron/dhcp/db7e4a0c-eae6-40a9-b454-cab8294e1526/opts
Aug 27 15:12:46 gtw01 dnsmasq[21246]: read /var/lib/neutron/dhcp/e7812da2-66f5-40d8-bf1a-d4907c506b9a/addn_hosts - 4 addresses
Aug 27 15:12:46 gtw01 dnsmasq-dhcp[21246]: read /var/lib/neutron/dhcp/e7812da2-66f5-40d8-bf1a-d4907c506b9a/host
Aug 27 15:12:46 gtw01 dnsmasq-dhcp[21246]: read /var/lib/neutron/dhcp/e7812da2-66f5-40d8-bf1a-d4907c506b9a/opts
Aug 27 15:12:49 gtw01 dnsmasq-dhcp[21246]: DHCPRELEASE(tape9a3cc68-02) 192.168.120.186 fa:16:3e:ea:37:ae
Aug 27 15:12:50 gtw01 dnsmasq-dhcp[21246]: DHCPRELEASE(tape9a3cc68-02) 192.168.120.186 fa:16:3e:ea:37:ae unknown lease
Aug 27 15:12:50 gtw01 dnsmasq[21246]: read /var/lib/neutron/dhcp/e7812da2-66f5-40d8-bf1a-d4907c506b9a/addn_hosts - 3 addresses
Aug 27 15:12:50 gtw01 dnsmasq-dhcp[21246]: read /var/lib/neutron/dhcp/e7812da2-66f5-40d8-bf1a-d4907c506b9a/host
Aug 27 15:12:50 gtw01 dnsmasq-dhcp[21246]: read /var/lib/neutron/dhcp/e7812da2-66f5-40d8-bf1a-d4907c506b9a/opts
Aug 27 15:12:55 gtw01 dnsmasq[21246]: read /var/lib/neutron/dhcp/e7812da2-66f5-40d8-bf1a-d4907c506b9a/addn_hosts - 4 addresses
Aug 27 15:12:55 gtw01 dnsmasq-dhcp[21246]: read /var/lib/neutron/dhcp/e7812da2-66f5-40d8-bf1a-d4907c506b9a/host
Aug 27 15:12:55 gtw01 dnsmasq-dhcp[21246]: read /var/lib/neutron/dhcp/e7812da2-66f5-40d8-bf1a-d4907c506b9a/opts
Aug 27 15:12:56 gtw01 dnsmasq[21246]: read /var/lib/neutron/dhcp/e7812da2-66f5-40d8-bf1a-d4907c506b9a/addn_hosts - 4 addresses
Aug 27 15:12:56 gtw01 dnsmasq-dhcp[21246]: read /var/lib/neutron/dhcp/e7812da2-66f5-40d8-bf1a-d4907c506b9a/host
Aug 27 15:12:56 gtw01 dnsmasq-dhcp[21246]: read /var/lib/neutron/dhcp/e7812da2-66f5-40d8-bf1a-d4907c506b9a/opts
Aug 27 15:12:57 gtw01 dnsmasq[21246]: read /var/lib/neutron/dhcp/e7812da2-66f5-40d8-bf1a-d4907c506b9a/addn_hosts - 4 addresses
Aug 27 15:12:57 gtw01 dnsmasq-dhcp[21246]: read /var/lib/neutron/dhcp/e7812da2-66f5-40d8-bf1a-d4907c506b9a/host
Aug 27 15:12:57 gtw01 dnsmasq-dhcp[21246]: read /var/lib/neutron/dhcp/e7812da2-66f5-40d8-bf1a-d4907c506b9a/opts
Aug 27 15:12:57 gtw01 dnsmasq-dhcp[9745]: DHCPDISCOVER(tapc7d80847-f5) fa:16:3e:9a:97:29
Aug 27 15:12:57 gtw01 dnsmasq-dhcp[9745]: DHCPOFFER(tapc7d80847-f5) 192.168.120.9 fa:16:3e:9a:97:29
Aug 27 15:12:57 gtw01 dnsmasq-dhcp[9745]: DHCPREQUEST(tapc7d80847-f5) 192.168.120.9 fa:16:3e:9a:97:29
Aug 27 15:12:57 gtw01 dnsmasq-dhcp[9745]: DHCPACK(tapc7d80847-f5) 192.168.120.9 fa:16:3e:9a:97:29 host-192-168-120-9
Aug 27 15:13:01 gtw01 dnsmasq-dhcp[9745]: DHCPRELEASE(tapc7d80847-f5) 192.168.120.9 fa:16:3e:9a:97:29
Aug 27 15:13:02 gtw01 dnsmasq[21246]: read /var/lib/neutron/dhcp/e7812da2-66f5-40d8-bf1a-d4907c506b9a/addn_hosts - 3 addresses
Aug 27 15:13:02 gtw01 dnsmasq-dhcp[21246]: read /var/lib/neutron/dhcp/e7812da2-66f5-40d8-bf1a-d4907c506b9a/host
Aug 27 15:13:02 gtw01 dnsmasq-dhcp[21246]: read /var/lib/neutron/dhcp/e7812da2-66f5-40d8-bf1a-d4907c506b9a/opts
Aug 27 15:13:07 gtw01 dnsmasq[9745]: read /var/lib/neutron/dhcp/db7e4a0c-eae6-40a9-b454-cab8294e1526/addn_hosts - 6 addresses
Aug 27 15:13:07 gtw01 dnsmasq-dhcp[9745]: read /var/lib/neutron/dhcp/db7e4a0c-eae6-40a9-b454-cab8294e1526/host
Aug 27 15:13:07 gtw01 dnsmasq-dhcp[9745]: read /var/lib/neutron/dhcp/db7e4a0c-eae6-40a9-b454-cab8294e1526/opts
Aug 27 15:13:07 gtw01 dnsmasq[21246]: read /var/lib/neutron/dhcp/e7812da2-66f5-40d8-bf1a-d4907c506b9a/addn_hosts - 4 addresses
Aug 27 15:13:07 gtw01 dnsmasq-dhcp[21246]: read /var/lib/neutron/dhcp/e7812da2-66f5-40d8-bf1a-d4907c506b9a/host
Aug 27 15:13:07 gtw01 dnsmasq-dhcp[21246]: read /var/lib/neutron/dhcp/e7812da2-66f5-40d8-bf1a-d4907c506b9a/opts
Aug 27 15:13:07 gtw01 dnsmasq[21246]: read /var/lib/neutron/dhcp/e7812da2-66f5-40d8-bf1a-d4907c506b9a/addn_hosts - 4 addresses
Aug 27 15:13:07 gtw01 dnsmasq-dhcp[21246]: read /var/lib/neutron/dhcp/e7812da2-66f5-40d8-bf1a-d4907c506b9a/host
Aug 27 15:13:07 gtw01 dnsmasq-dhcp[21246]: read /var/lib/neutron/dhcp/e7812da2-66f5-40d8-bf1a-d4907c506b9a/opts
Aug 27 15:13:08 gtw01 dnsmasq[9745]: read /var/lib/neutron/dhcp/db7e4a0c-eae6-40a9-b454-cab8294e1526/addn_hosts - 6 addresses
Aug 27 15:13:08 gtw01 dnsmasq-dhcp[9745]: read /var/lib/neutron/dhcp/db7e4a0c-eae6-40a9-b454-cab8294e1526/host
Aug 27 15:13:08 gtw01 dnsmasq-dhcp[9745]: read /var/lib/neutron/dhcp/db7e4a0c-eae6-40a9-b454-cab8294e1526/opts
Aug 27 15:13:08 gtw01 dnsmasq[21246]: read /var/lib/neutron/dhcp/e7812da2-66f5-40d8-bf1a-d4907c506b9a/addn_hosts - 4 addresses
Aug 27 15:13:08 gtw01 dnsmasq-dhcp[21246]: read /var/lib/neutron/dhcp/e7812da2-66f5-40d8-bf1a-d4907c506b9a/host
Aug 27 15:13:08 gtw01 dnsmasq-dhcp[21246]: read /var/lib/neutron/dhcp/e7812da2-66f5-40d8-bf1a-d4907c506b9a/opts
Aug 27 15:13:16 gtw01 dnsmasq[9745]: read /var/lib/neutron/dhcp/db7e4a0c-eae6-40a9-b454-cab8294e1526/addn_hosts - 6 addresses
Aug 27 15:13:16 gtw01 dnsmasq-dhcp[9745]: read /var/lib/neutron/dhcp/db7e4a0c-eae6-40a9-b454-cab8294e1526/host
Aug 27 15:13:16 gtw01 dnsmasq-dhcp[9745]: read /var/lib/neutron/dhcp/db7e4a0c-eae6-40a9-b454-cab8294e1526/opts
Aug 27 15:13:17 gtw01 dnsmasq[9745]: read /var/lib/neutron/dhcp/db7e4a0c-eae6-40a9-b454-cab8294e1526/addn_hosts - 6 addresses
Aug 27 15:13:17 gtw01 dnsmasq-dhcp[9745]: read /var/lib/neutron/dhcp/db7e4a0c-eae6-40a9-b454-cab8294e1526/host
Aug 27 15:13:17 gtw01 dnsmasq-dhcp[9745]: read /var/lib/neutron/dhcp/db7e4a0c-eae6-40a9-b454-cab8294e1526/opts
Aug 27 15:13:20 gtw01 dnsmasq-dhcp[21246]: DHCPDISCOVER(tape9a3cc68-02) fa:16:3e:a9:94:88
Aug 27 15:13:20 gtw01 dnsmasq-dhcp[21246]: DHCPOFFER(tape9a3cc68-02) 192.168.120.207 fa:16:3e:a9:94:88
Aug 27 15:13:20 gtw01 dnsmasq-dhcp[21246]: DHCPREQUEST(tape9a3cc68-02) 192.168.120.207 fa:16:3e:a9:94:88
Aug 27 15:13:20 gtw01 dnsmasq-dhcp[21246]: DHCPACK(tape9a3cc68-02) 192.168.120.207 fa:16:3e:a9:94:88 host-192-168-120-207
Aug 27 15:13:21 gtw01 kernel: [ 7268.080844] device tapc571b73d-8b entered promiscuous mode
Aug 27 15:13:21 gtw01 systemd-udevd[15777]: link_config: autonegotiation is unset or enabled, the speed and duplex are not writable.
Aug 27 15:13:21 gtw01 systemd-udevd[15777]: Could not generate persistent MAC address for tapc571b73d-8b: No such file or directory
Aug 27 15:13:21 gtw01 systemd-udevd[15777]: Process '/sbin/ip link set tapc571b73d-8b txqueuelen 10000' failed with exit code 1.
Aug 27 15:13:21 gtw01 systemd-udevd[15777]: Process '/sbin/ip link set tapc571b73d-8b txqueuelen 10000' failed with exit code 1.
Aug 27 15:13:21 gtw01 kernel: [ 7268.488621] device tapfb925748-80 entered promiscuous mode
Aug 27 15:13:21 gtw01 systemd-udevd[15876]: link_config: autonegotiation is unset or enabled, the speed and duplex are not writable.
Aug 27 15:13:21 gtw01 systemd-udevd[15876]: Could not generate persistent MAC address for tapfb925748-80: No such file or directory
Aug 27 15:13:21 gtw01 systemd-udevd[15876]: Process '/sbin/ip link set tapfb925748-80 txqueuelen 10000' failed with exit code 1.
Aug 27 15:13:21 gtw01 systemd-udevd[15876]: Process '/sbin/ip link set tapfb925748-80 txqueuelen 10000' failed with exit code 1.
Aug 27 15:13:24 gtw01 dnsmasq[16046]: started, version 2.79 cachesize 150
Aug 27 15:13:24 gtw01 dnsmasq[16046]: DNS service limited to local subnets
Aug 27 15:13:24 gtw01 dnsmasq[16046]: compile time options: IPv6 GNU-getopt DBus i18n IDN DHCP DHCPv6 no-Lua TFTP conntrack ipset auth DNSSEC loop-detect inotify
Aug 27 15:13:24 gtw01 dnsmasq[16046]: warning: no upstream servers configured
Aug 27 15:13:24 gtw01 dnsmasq-dhcp[16046]: DHCPv6, static leases only on 2003::, lease time 1h
Aug 27 15:13:24 gtw01 dnsmasq[16046]: read /var/lib/neutron/dhcp/71e60d54-6b0b-4842-aeae-4c9758ce83e7/addn_hosts - 1 addresses
Aug 27 15:13:24 gtw01 dnsmasq-dhcp[16046]: read /var/lib/neutron/dhcp/71e60d54-6b0b-4842-aeae-4c9758ce83e7/host
Aug 27 15:13:24 gtw01 dnsmasq-dhcp[16046]: read /var/lib/neutron/dhcp/71e60d54-6b0b-4842-aeae-4c9758ce83e7/opts
Aug 27 15:13:24 gtw01 dnsmasq[16061]: started, version 2.79 cachesize 150
Aug 27 15:13:24 gtw01 dnsmasq[16061]: DNS service limited to local subnets
Aug 27 15:13:24 gtw01 dnsmasq[16061]: compile time options: IPv6 GNU-getopt DBus i18n IDN DHCP DHCPv6 no-Lua TFTP conntrack ipset auth DNSSEC loop-detect inotify
Aug 27 15:13:24 gtw01 dnsmasq[16061]: warning: no upstream servers configured
Aug 27 15:13:24 gtw01 dnsmasq-dhcp[16061]: DHCPv6, static leases only on 2003:0:0:1::, lease time 1h
Aug 27 15:13:24 gtw01 dnsmasq[16061]: read /var/lib/neutron/dhcp/3e1ac456-4ebc-419e-901a-51774c80d667/addn_hosts - 1 addresses
Aug 27 15:13:24 gtw01 dnsmasq-dhcp[16061]: read /var/lib/neutron/dhcp/3e1ac456-4ebc-419e-901a-51774c80d667/host
Aug 27 15:13:24 gtw01 dnsmasq-dhcp[16061]: read /var/lib/neutron/dhcp/3e1ac456-4ebc-419e-901a-51774c80d667/opts
Aug 27 15:13:24 gtw01 kernel: [ 7271.763904] device tapc571b73d-8b left promiscuous mode
Aug 27 15:13:24 gtw01 kernel: [ 7271.886610] device tapfb925748-80 left promiscuous mode
Aug 27 15:13:26 gtw01 dnsmasq[9745]: read /var/lib/neutron/dhcp/db7e4a0c-eae6-40a9-b454-cab8294e1526/addn_hosts - 5 addresses
Aug 27 15:13:26 gtw01 dnsmasq-dhcp[9745]: read /var/lib/neutron/dhcp/db7e4a0c-eae6-40a9-b454-cab8294e1526/host
Aug 27 15:13:26 gtw01 dnsmasq-dhcp[9745]: read /var/lib/neutron/dhcp/db7e4a0c-eae6-40a9-b454-cab8294e1526/opts
Aug 27 15:13:27 gtw01 systemd-udevd[16137]: link_config: autonegotiation is unset or enabled, the speed and duplex are not writable.
Aug 27 15:13:27 gtw01 systemd-udevd[16137]: Could not generate persistent MAC address for tapb02987d2-d0: No such file or directory
Aug 27 15:13:27 gtw01 kernel: [ 7274.216065] device tapb02987d2-d0 entered promiscuous mode
Aug 27 15:13:27 gtw01 systemd-udevd[16137]: Process '/sbin/ip link set tapb02987d2-d0 txqueuelen 10000' failed with exit code 1.
Aug 27 15:13:27 gtw01 systemd-udevd[16212]: Process '/sbin/ip link set tapb02987d2-d0 txqueuelen 10000' failed with exit code 1.
Aug 27 15:13:27 gtw01 salt-minion[4784]: [INFO    ] Running scheduled job: __mine_interval
Aug 27 15:13:30 gtw01 dnsmasq[16333]: started, version 2.79 cachesize 150
Aug 27 15:13:30 gtw01 dnsmasq[16333]: DNS service limited to local subnets
Aug 27 15:13:30 gtw01 dnsmasq[16333]: compile time options: IPv6 GNU-getopt DBus i18n IDN DHCP DHCPv6 no-Lua TFTP conntrack ipset auth DNSSEC loop-detect inotify
Aug 27 15:13:30 gtw01 dnsmasq[16333]: warning: no upstream servers configured
Aug 27 15:13:30 gtw01 dnsmasq-dhcp[16333]: DHCP, static leases only on 192.168.120.0, lease time 1h
Aug 27 15:13:30 gtw01 dnsmasq[16333]: read /var/lib/neutron/dhcp/5ff5e789-4920-45d2-b0e0-141b57fbd510/addn_hosts - 1 addresses
Aug 27 15:13:30 gtw01 dnsmasq-dhcp[16333]: read /var/lib/neutron/dhcp/5ff5e789-4920-45d2-b0e0-141b57fbd510/host
Aug 27 15:13:30 gtw01 dnsmasq-dhcp[16333]: read /var/lib/neutron/dhcp/5ff5e789-4920-45d2-b0e0-141b57fbd510/opts
Aug 27 15:13:31 gtw01 dnsmasq[16333]: read /var/lib/neutron/dhcp/5ff5e789-4920-45d2-b0e0-141b57fbd510/addn_hosts - 3 addresses
Aug 27 15:13:31 gtw01 dnsmasq-dhcp[16333]: read /var/lib/neutron/dhcp/5ff5e789-4920-45d2-b0e0-141b57fbd510/host
Aug 27 15:13:31 gtw01 dnsmasq-dhcp[16333]: read /var/lib/neutron/dhcp/5ff5e789-4920-45d2-b0e0-141b57fbd510/opts
Aug 27 15:13:31 gtw01 dnsmasq[9745]: read /var/lib/neutron/dhcp/db7e4a0c-eae6-40a9-b454-cab8294e1526/addn_hosts - 6 addresses
Aug 27 15:13:31 gtw01 dnsmasq-dhcp[9745]: read /var/lib/neutron/dhcp/db7e4a0c-eae6-40a9-b454-cab8294e1526/host
Aug 27 15:13:31 gtw01 dnsmasq-dhcp[9745]: read /var/lib/neutron/dhcp/db7e4a0c-eae6-40a9-b454-cab8294e1526/opts
Aug 27 15:13:32 gtw01 dnsmasq[9745]: read /var/lib/neutron/dhcp/db7e4a0c-eae6-40a9-b454-cab8294e1526/addn_hosts - 6 addresses
Aug 27 15:13:32 gtw01 dnsmasq-dhcp[9745]: read /var/lib/neutron/dhcp/db7e4a0c-eae6-40a9-b454-cab8294e1526/host
Aug 27 15:13:32 gtw01 dnsmasq-dhcp[9745]: read /var/lib/neutron/dhcp/db7e4a0c-eae6-40a9-b454-cab8294e1526/opts
Aug 27 15:13:32 gtw01 dnsmasq[16333]: read /var/lib/neutron/dhcp/5ff5e789-4920-45d2-b0e0-141b57fbd510/addn_hosts - 3 addresses
Aug 27 15:13:32 gtw01 dnsmasq-dhcp[16333]: read /var/lib/neutron/dhcp/5ff5e789-4920-45d2-b0e0-141b57fbd510/host
Aug 27 15:13:32 gtw01 dnsmasq-dhcp[16333]: read /var/lib/neutron/dhcp/5ff5e789-4920-45d2-b0e0-141b57fbd510/opts
Aug 27 15:13:32 gtw01 dnsmasq-dhcp[21246]: DHCPRELEASE(tape9a3cc68-02) 192.168.120.207 fa:16:3e:a9:94:88
Aug 27 15:13:33 gtw01 dnsmasq[9745]: read /var/lib/neutron/dhcp/db7e4a0c-eae6-40a9-b454-cab8294e1526/addn_hosts - 6 addresses
Aug 27 15:13:33 gtw01 dnsmasq-dhcp[9745]: read /var/lib/neutron/dhcp/db7e4a0c-eae6-40a9-b454-cab8294e1526/host
Aug 27 15:13:33 gtw01 dnsmasq-dhcp[9745]: read /var/lib/neutron/dhcp/db7e4a0c-eae6-40a9-b454-cab8294e1526/opts
Aug 27 15:13:33 gtw01 dnsmasq[16333]: read /var/lib/neutron/dhcp/5ff5e789-4920-45d2-b0e0-141b57fbd510/addn_hosts - 3 addresses
Aug 27 15:13:33 gtw01 dnsmasq-dhcp[16333]: read /var/lib/neutron/dhcp/5ff5e789-4920-45d2-b0e0-141b57fbd510/host
Aug 27 15:13:33 gtw01 dnsmasq-dhcp[16333]: read /var/lib/neutron/dhcp/5ff5e789-4920-45d2-b0e0-141b57fbd510/opts
Aug 27 15:13:34 gtw01 dnsmasq[16333]: read /var/lib/neutron/dhcp/5ff5e789-4920-45d2-b0e0-141b57fbd510/addn_hosts - 3 addresses
Aug 27 15:13:34 gtw01 dnsmasq-dhcp[16333]: read /var/lib/neutron/dhcp/5ff5e789-4920-45d2-b0e0-141b57fbd510/host
Aug 27 15:13:34 gtw01 dnsmasq-dhcp[16333]: read /var/lib/neutron/dhcp/5ff5e789-4920-45d2-b0e0-141b57fbd510/opts
Aug 27 15:13:35 gtw01 dnsmasq[16333]: read /var/lib/neutron/dhcp/5ff5e789-4920-45d2-b0e0-141b57fbd510/addn_hosts - 3 addresses
Aug 27 15:13:35 gtw01 dnsmasq-dhcp[16333]: read /var/lib/neutron/dhcp/5ff5e789-4920-45d2-b0e0-141b57fbd510/host
Aug 27 15:13:35 gtw01 dnsmasq-dhcp[16333]: read /var/lib/neutron/dhcp/5ff5e789-4920-45d2-b0e0-141b57fbd510/opts
Aug 27 15:13:36 gtw01 dnsmasq[16333]: read /var/lib/neutron/dhcp/5ff5e789-4920-45d2-b0e0-141b57fbd510/addn_hosts - 3 addresses
Aug 27 15:13:36 gtw01 dnsmasq-dhcp[16333]: read /var/lib/neutron/dhcp/5ff5e789-4920-45d2-b0e0-141b57fbd510/host
Aug 27 15:13:36 gtw01 dnsmasq-dhcp[16333]: read /var/lib/neutron/dhcp/5ff5e789-4920-45d2-b0e0-141b57fbd510/opts
Aug 27 15:13:36 gtw01 dnsmasq[16333]: read /var/lib/neutron/dhcp/5ff5e789-4920-45d2-b0e0-141b57fbd510/addn_hosts - 2 addresses
Aug 27 15:13:36 gtw01 dnsmasq-dhcp[16333]: read /var/lib/neutron/dhcp/5ff5e789-4920-45d2-b0e0-141b57fbd510/host
Aug 27 15:13:36 gtw01 dnsmasq-dhcp[16333]: read /var/lib/neutron/dhcp/5ff5e789-4920-45d2-b0e0-141b57fbd510/opts
Aug 27 15:13:37 gtw01 dnsmasq[16333]: read /var/lib/neutron/dhcp/5ff5e789-4920-45d2-b0e0-141b57fbd510/addn_hosts - 1 addresses
Aug 27 15:13:37 gtw01 dnsmasq-dhcp[16333]: read /var/lib/neutron/dhcp/5ff5e789-4920-45d2-b0e0-141b57fbd510/host
Aug 27 15:13:37 gtw01 dnsmasq-dhcp[16333]: read /var/lib/neutron/dhcp/5ff5e789-4920-45d2-b0e0-141b57fbd510/opts
Aug 27 15:13:39 gtw01 dnsmasq[21246]: read /var/lib/neutron/dhcp/e7812da2-66f5-40d8-bf1a-d4907c506b9a/addn_hosts - 3 addresses
Aug 27 15:13:39 gtw01 dnsmasq-dhcp[21246]: read /var/lib/neutron/dhcp/e7812da2-66f5-40d8-bf1a-d4907c506b9a/host
Aug 27 15:13:39 gtw01 dnsmasq-dhcp[21246]: read /var/lib/neutron/dhcp/e7812da2-66f5-40d8-bf1a-d4907c506b9a/opts
Aug 27 15:13:41 gtw01 kernel: [ 7288.879586] device tapb02987d2-d0 left promiscuous mode
Aug 27 15:13:43 gtw01 dnsmasq-dhcp[21246]: DHCPRELEASE(tape9a3cc68-02) 192.168.120.169 fa:16:3e:6b:77:f6
Aug 27 15:13:43 gtw01 dnsmasq-dhcp[21246]: DHCPRELEASE(tape9a3cc68-02) 192.168.120.169 fa:16:3e:6b:77:f6 unknown lease
Aug 27 15:13:44 gtw01 dnsmasq[21246]: read /var/lib/neutron/dhcp/e7812da2-66f5-40d8-bf1a-d4907c506b9a/addn_hosts - 2 addresses
Aug 27 15:13:44 gtw01 dnsmasq-dhcp[21246]: read /var/lib/neutron/dhcp/e7812da2-66f5-40d8-bf1a-d4907c506b9a/host
Aug 27 15:13:44 gtw01 dnsmasq-dhcp[21246]: read /var/lib/neutron/dhcp/e7812da2-66f5-40d8-bf1a-d4907c506b9a/opts
Aug 27 15:13:44 gtw01 systemd-udevd[16672]: link_config: autonegotiation is unset or enabled, the speed and duplex are not writable.
Aug 27 15:13:44 gtw01 systemd-udevd[16672]: Could not generate persistent MAC address for tap0e2f60c2-bc: No such file or directory
Aug 27 15:13:44 gtw01 kernel: [ 7291.824792] device tap0e2f60c2-bc entered promiscuous mode
Aug 27 15:13:44 gtw01 systemd-udevd[16672]: Process '/sbin/ip link set tap0e2f60c2-bc txqueuelen 10000' failed with exit code 1.
Aug 27 15:13:44 gtw01 systemd-udevd[16672]: Process '/sbin/ip link set tap0e2f60c2-bc txqueuelen 10000' failed with exit code 1.
Aug 27 15:13:47 gtw01 dnsmasq-dhcp[9745]: DHCPDISCOVER(tapc7d80847-f5) fa:16:3e:f8:1e:88
Aug 27 15:13:47 gtw01 dnsmasq-dhcp[9745]: DHCPOFFER(tapc7d80847-f5) 192.168.120.3 fa:16:3e:f8:1e:88
Aug 27 15:13:47 gtw01 dnsmasq-dhcp[9745]: DHCPREQUEST(tapc7d80847-f5) 192.168.120.3 fa:16:3e:f8:1e:88
Aug 27 15:13:47 gtw01 dnsmasq-dhcp[9745]: DHCPACK(tapc7d80847-f5) 192.168.120.3 fa:16:3e:f8:1e:88 host-192-168-120-3
Aug 27 15:13:47 gtw01 dnsmasq[16826]: started, version 2.79 cachesize 150
Aug 27 15:13:47 gtw01 dnsmasq[16826]: DNS service limited to local subnets
Aug 27 15:13:47 gtw01 dnsmasq[16826]: compile time options: IPv6 GNU-getopt DBus i18n IDN DHCP DHCPv6 no-Lua TFTP conntrack ipset auth DNSSEC loop-detect inotify
Aug 27 15:13:47 gtw01 dnsmasq[16826]: warning: no upstream servers configured
Aug 27 15:13:47 gtw01 dnsmasq-dhcp[16826]: DHCPv6, static leases only on 2003::, lease time 1h
Aug 27 15:13:47 gtw01 dnsmasq[16826]: read /var/lib/neutron/dhcp/dccfd6c8-64ff-4853-b61e-e45af4b567e1/addn_hosts - 1 addresses
Aug 27 15:13:47 gtw01 dnsmasq-dhcp[16826]: read /var/lib/neutron/dhcp/dccfd6c8-64ff-4853-b61e-e45af4b567e1/host
Aug 27 15:13:47 gtw01 dnsmasq-dhcp[16826]: read /var/lib/neutron/dhcp/dccfd6c8-64ff-4853-b61e-e45af4b567e1/opts
Aug 27 15:13:48 gtw01 kernel: [ 7295.139199] device tap0e2f60c2-bc left promiscuous mode
Aug 27 15:13:51 gtw01 dnsmasq[9745]: read /var/lib/neutron/dhcp/db7e4a0c-eae6-40a9-b454-cab8294e1526/addn_hosts - 7 addresses
Aug 27 15:13:51 gtw01 dnsmasq-dhcp[9745]: read /var/lib/neutron/dhcp/db7e4a0c-eae6-40a9-b454-cab8294e1526/host
Aug 27 15:13:51 gtw01 dnsmasq-dhcp[9745]: read /var/lib/neutron/dhcp/db7e4a0c-eae6-40a9-b454-cab8294e1526/opts
Aug 27 15:13:51 gtw01 systemd-udevd[16911]: link_config: autonegotiation is unset or enabled, the speed and duplex are not writable.
Aug 27 15:13:51 gtw01 systemd-udevd[16911]: Could not generate persistent MAC address for tap088c6a86-44: No such file or directory
Aug 27 15:13:51 gtw01 kernel: [ 7298.709411] device tap088c6a86-44 entered promiscuous mode
Aug 27 15:13:51 gtw01 systemd-udevd[16911]: Process '/sbin/ip link set tap088c6a86-44 txqueuelen 10000' failed with exit code 1.
Aug 27 15:13:51 gtw01 systemd-udevd[16988]: Process '/sbin/ip link set tap088c6a86-44 txqueuelen 10000' failed with exit code 1.
Aug 27 15:13:52 gtw01 dnsmasq[9745]: read /var/lib/neutron/dhcp/db7e4a0c-eae6-40a9-b454-cab8294e1526/addn_hosts - 7 addresses
Aug 27 15:13:52 gtw01 dnsmasq-dhcp[9745]: read /var/lib/neutron/dhcp/db7e4a0c-eae6-40a9-b454-cab8294e1526/host
Aug 27 15:13:52 gtw01 dnsmasq-dhcp[9745]: read /var/lib/neutron/dhcp/db7e4a0c-eae6-40a9-b454-cab8294e1526/opts
Aug 27 15:13:53 gtw01 dnsmasq[9745]: read /var/lib/neutron/dhcp/db7e4a0c-eae6-40a9-b454-cab8294e1526/addn_hosts - 7 addresses
Aug 27 15:13:53 gtw01 dnsmasq-dhcp[9745]: read /var/lib/neutron/dhcp/db7e4a0c-eae6-40a9-b454-cab8294e1526/host
Aug 27 15:13:53 gtw01 dnsmasq-dhcp[9745]: read /var/lib/neutron/dhcp/db7e4a0c-eae6-40a9-b454-cab8294e1526/opts
Aug 27 15:13:54 gtw01 dnsmasq[17097]: started, version 2.79 cachesize 150
Aug 27 15:13:54 gtw01 dnsmasq[17097]: DNS service limited to local subnets
Aug 27 15:13:54 gtw01 dnsmasq[17097]: compile time options: IPv6 GNU-getopt DBus i18n IDN DHCP DHCPv6 no-Lua TFTP conntrack ipset auth DNSSEC loop-detect inotify
Aug 27 15:13:54 gtw01 dnsmasq[17097]: warning: no upstream servers configured
Aug 27 15:13:54 gtw01 dnsmasq-dhcp[17097]: DHCPv6, static leases only on 2003::, lease time 1h
Aug 27 15:13:54 gtw01 dnsmasq[17097]: read /var/lib/neutron/dhcp/db559606-8a19-4358-8da1-ee9b94bdec1e/addn_hosts - 1 addresses
Aug 27 15:13:54 gtw01 dnsmasq-dhcp[17097]: read /var/lib/neutron/dhcp/db559606-8a19-4358-8da1-ee9b94bdec1e/host
Aug 27 15:13:54 gtw01 dnsmasq-dhcp[17097]: read /var/lib/neutron/dhcp/db559606-8a19-4358-8da1-ee9b94bdec1e/opts
Aug 27 15:13:55 gtw01 kernel: [ 7302.173717] device tap088c6a86-44 left promiscuous mode
Aug 27 15:14:03 gtw01 kernel: [ 7309.999638] device tap047f7e66-8e entered promiscuous mode
Aug 27 15:14:03 gtw01 systemd-udevd[17178]: link_config: autonegotiation is unset or enabled, the speed and duplex are not writable.
Aug 27 15:14:03 gtw01 systemd-udevd[17178]: Could not generate persistent MAC address for tap047f7e66-8e: No such file or directory
Aug 27 15:14:03 gtw01 systemd-udevd[17178]: Process '/sbin/ip link set tap047f7e66-8e txqueuelen 10000' failed with exit code 1.
Aug 27 15:14:03 gtw01 systemd-udevd[17178]: Process '/sbin/ip link set tap047f7e66-8e txqueuelen 10000' failed with exit code 1.
Aug 27 15:14:03 gtw01 kernel: [ 7310.321964] device tap109c8b14-f9 entered promiscuous mode
Aug 27 15:14:03 gtw01 systemd-udevd[17269]: link_config: autonegotiation is unset or enabled, the speed and duplex are not writable.
Aug 27 15:14:03 gtw01 systemd-udevd[17269]: Could not generate persistent MAC address for tap109c8b14-f9: No such file or directory
Aug 27 15:14:03 gtw01 systemd-udevd[17269]: Process '/sbin/ip link set tap109c8b14-f9 txqueuelen 10000' failed with exit code 1.
Aug 27 15:14:03 gtw01 systemd-udevd[17269]: Process '/sbin/ip link set tap109c8b14-f9 txqueuelen 10000' failed with exit code 1.
Aug 27 15:14:06 gtw01 dnsmasq-dhcp[9745]: DHCPDISCOVER(tapc7d80847-f5) fa:16:3e:e6:ee:3c
Aug 27 15:14:06 gtw01 dnsmasq-dhcp[9745]: DHCPOFFER(tapc7d80847-f5) 192.168.120.8 fa:16:3e:e6:ee:3c
Aug 27 15:14:06 gtw01 dnsmasq-dhcp[9745]: DHCPREQUEST(tapc7d80847-f5) 192.168.120.8 fa:16:3e:e6:ee:3c
Aug 27 15:14:06 gtw01 dnsmasq-dhcp[9745]: DHCPACK(tapc7d80847-f5) 192.168.120.8 fa:16:3e:e6:ee:3c host-192-168-120-8
Aug 27 15:14:06 gtw01 dnsmasq[17448]: started, version 2.79 cachesize 150
Aug 27 15:14:06 gtw01 dnsmasq[17448]: DNS service limited to local subnets
Aug 27 15:14:06 gtw01 dnsmasq[17448]: compile time options: IPv6 GNU-getopt DBus i18n IDN DHCP DHCPv6 no-Lua TFTP conntrack ipset auth DNSSEC loop-detect inotify
Aug 27 15:14:06 gtw01 dnsmasq[17448]: warning: no upstream servers configured
Aug 27 15:14:06 gtw01 dnsmasq-dhcp[17448]: DHCPv6, static leases only on 2003::, lease time 1h
Aug 27 15:14:06 gtw01 dnsmasq[17448]: read /var/lib/neutron/dhcp/962b2961-2d6c-4396-a86a-dacd032706c0/addn_hosts - 1 addresses
Aug 27 15:14:06 gtw01 dnsmasq-dhcp[17448]: read /var/lib/neutron/dhcp/962b2961-2d6c-4396-a86a-dacd032706c0/host
Aug 27 15:14:06 gtw01 dnsmasq-dhcp[17448]: read /var/lib/neutron/dhcp/962b2961-2d6c-4396-a86a-dacd032706c0/opts
Aug 27 15:14:06 gtw01 dnsmasq[17452]: started, version 2.79 cachesize 150
Aug 27 15:14:06 gtw01 dnsmasq[17452]: DNS service limited to local subnets
Aug 27 15:14:06 gtw01 dnsmasq[17452]: compile time options: IPv6 GNU-getopt DBus i18n IDN DHCP DHCPv6 no-Lua TFTP conntrack ipset auth DNSSEC loop-detect inotify
Aug 27 15:14:06 gtw01 dnsmasq[17452]: warning: no upstream servers configured
Aug 27 15:14:06 gtw01 dnsmasq-dhcp[17452]: DHCPv6, static leases only on 2003:0:0:ffff::, lease time 1h
Aug 27 15:14:06 gtw01 dnsmasq[17452]: read /var/lib/neutron/dhcp/b85019eb-ccf1-4b5e-ba8a-2b4208ccbbd3/addn_hosts - 1 addresses
Aug 27 15:14:06 gtw01 dnsmasq-dhcp[17452]: read /var/lib/neutron/dhcp/b85019eb-ccf1-4b5e-ba8a-2b4208ccbbd3/host
Aug 27 15:14:06 gtw01 dnsmasq-dhcp[17452]: read /var/lib/neutron/dhcp/b85019eb-ccf1-4b5e-ba8a-2b4208ccbbd3/opts
Aug 27 15:14:06 gtw01 dnsmasq[17448]: read /var/lib/neutron/dhcp/962b2961-2d6c-4396-a86a-dacd032706c0/addn_hosts - 1 addresses
Aug 27 15:14:06 gtw01 dnsmasq-dhcp[17448]: read /var/lib/neutron/dhcp/962b2961-2d6c-4396-a86a-dacd032706c0/host
Aug 27 15:14:06 gtw01 dnsmasq-dhcp[17448]: read /var/lib/neutron/dhcp/962b2961-2d6c-4396-a86a-dacd032706c0/opts
Aug 27 15:14:07 gtw01 dnsmasq[17452]: read /var/lib/neutron/dhcp/b85019eb-ccf1-4b5e-ba8a-2b4208ccbbd3/addn_hosts - 1 addresses
Aug 27 15:14:07 gtw01 dnsmasq-dhcp[17452]: read /var/lib/neutron/dhcp/b85019eb-ccf1-4b5e-ba8a-2b4208ccbbd3/host
Aug 27 15:14:07 gtw01 dnsmasq-dhcp[17452]: read /var/lib/neutron/dhcp/b85019eb-ccf1-4b5e-ba8a-2b4208ccbbd3/opts
Aug 27 15:14:08 gtw01 dnsmasq[17452]: read /var/lib/neutron/dhcp/b85019eb-ccf1-4b5e-ba8a-2b4208ccbbd3/addn_hosts - 1 addresses
Aug 27 15:14:08 gtw01 dnsmasq-dhcp[17452]: read /var/lib/neutron/dhcp/b85019eb-ccf1-4b5e-ba8a-2b4208ccbbd3/host
Aug 27 15:14:08 gtw01 dnsmasq-dhcp[17452]: read /var/lib/neutron/dhcp/b85019eb-ccf1-4b5e-ba8a-2b4208ccbbd3/opts
Aug 27 15:14:08 gtw01 dnsmasq[17448]: read /var/lib/neutron/dhcp/962b2961-2d6c-4396-a86a-dacd032706c0/addn_hosts - 0 addresses
Aug 27 15:14:08 gtw01 dnsmasq-dhcp[17448]: read /var/lib/neutron/dhcp/962b2961-2d6c-4396-a86a-dacd032706c0/host
Aug 27 15:14:08 gtw01 dnsmasq-dhcp[17448]: read /var/lib/neutron/dhcp/962b2961-2d6c-4396-a86a-dacd032706c0/opts
Aug 27 15:14:09 gtw01 dnsmasq[17452]: read /var/lib/neutron/dhcp/b85019eb-ccf1-4b5e-ba8a-2b4208ccbbd3/addn_hosts - 1 addresses
Aug 27 15:14:09 gtw01 dnsmasq-dhcp[17452]: read /var/lib/neutron/dhcp/b85019eb-ccf1-4b5e-ba8a-2b4208ccbbd3/host
Aug 27 15:14:09 gtw01 dnsmasq-dhcp[17452]: read /var/lib/neutron/dhcp/b85019eb-ccf1-4b5e-ba8a-2b4208ccbbd3/opts
Aug 27 15:14:09 gtw01 kernel: [ 7316.283421] device tap047f7e66-8e left promiscuous mode
Aug 27 15:14:10 gtw01 dnsmasq-dhcp[9745]: DHCPRELEASE(tapc7d80847-f5) 192.168.120.8 fa:16:3e:e6:ee:3c
Aug 27 15:14:14 gtw01 kernel: [ 7321.657404] device tapad69cfb1-e1 entered promiscuous mode
Aug 27 15:14:14 gtw01 systemd-udevd[17599]: link_config: autonegotiation is unset or enabled, the speed and duplex are not writable.
Aug 27 15:14:14 gtw01 systemd-udevd[17599]: Could not generate persistent MAC address for tapad69cfb1-e1: No such file or directory
Aug 27 15:14:14 gtw01 systemd-udevd[17599]: Process '/sbin/ip link set tapad69cfb1-e1 txqueuelen 10000' failed with exit code 1.
Aug 27 15:14:14 gtw01 systemd-udevd[17673]: Process '/sbin/ip link set tapad69cfb1-e1 txqueuelen 10000' failed with exit code 1.
Aug 27 15:14:15 gtw01 dnsmasq[9745]: read /var/lib/neutron/dhcp/db7e4a0c-eae6-40a9-b454-cab8294e1526/addn_hosts - 7 addresses
Aug 27 15:14:15 gtw01 dnsmasq-dhcp[9745]: read /var/lib/neutron/dhcp/db7e4a0c-eae6-40a9-b454-cab8294e1526/host
Aug 27 15:14:15 gtw01 dnsmasq-dhcp[9745]: read /var/lib/neutron/dhcp/db7e4a0c-eae6-40a9-b454-cab8294e1526/opts
Aug 27 15:14:15 gtw01 systemd-udevd[17713]: link_config: autonegotiation is unset or enabled, the speed and duplex are not writable.
Aug 27 15:14:15 gtw01 systemd-udevd[17713]: Could not generate persistent MAC address for tapf6348141-8d: No such file or directory
