Aug 27 14:52:21 gtw01 dnsmasq-dhcp[8956]: DHCPOFFER(tap21dfb33b-dd) 192.168.120.105 fa:16:3e:a8:17:b8
Aug 27 14:52:21 gtw01 dnsmasq-dhcp[8956]: DHCPREQUEST(tap21dfb33b-dd) 192.168.120.105 fa:16:3e:a8:17:b8
Aug 27 14:52:21 gtw01 dnsmasq-dhcp[8956]: DHCPACK(tap21dfb33b-dd) 192.168.120.105 fa:16:3e:a8:17:b8 host-192-168-120-105
Aug 27 14:52:29 gtw01 kernel: [ 6016.029292] device vxlan_sys_4789 left promiscuous mode
Aug 27 14:52:29 gtw01 ovs-vswitchd: ovs|00065|netdev_tc_offloads(revalidator32)|ERR|dump_create: failed to get ifindex for vxlan-0a010005: No such device
Aug 27 14:52:29 gtw01 dnsmasq-dhcp[8956]: DHCPRELEASE(tap21dfb33b-dd) 192.168.120.105 fa:16:3e:a8:17:b8
Aug 27 14:52:29 gtw01 dnsmasq-dhcp[8956]: DHCPRELEASE(tap21dfb33b-dd) 192.168.120.105 fa:16:3e:a8:17:b8 unknown lease
Aug 27 14:52:30 gtw01 dnsmasq[8956]: read /var/lib/neutron/dhcp/8eba6d4c-898a-49c3-bc67-1588f486504a/addn_hosts - 2 addresses
Aug 27 14:52:30 gtw01 dnsmasq-dhcp[8956]: read /var/lib/neutron/dhcp/8eba6d4c-898a-49c3-bc67-1588f486504a/host
Aug 27 14:52:30 gtw01 dnsmasq-dhcp[8956]: read /var/lib/neutron/dhcp/8eba6d4c-898a-49c3-bc67-1588f486504a/opts
Aug 27 14:52:33 gtw01 systemd-udevd[18874]: link_config: autonegotiation is unset or enabled, the speed and duplex are not writable.
Aug 27 14:52:33 gtw01 systemd-udevd[18874]: Could not generate persistent MAC address for tap65f1f143-1b: No such file or directory
Aug 27 14:52:33 gtw01 kernel: [ 6020.108683] device tap65f1f143-1b entered promiscuous mode
Aug 27 14:52:33 gtw01 systemd-udevd[18874]: Process '/sbin/ip link set tap65f1f143-1b txqueuelen 10000' failed with exit code 1.
Aug 27 14:52:33 gtw01 systemd-udevd[18874]: Process '/sbin/ip link set tap65f1f143-1b txqueuelen 10000' failed with exit code 1.
Aug 27 14:52:36 gtw01 dnsmasq[19023]: started, version 2.79 cachesize 150
Aug 27 14:52:36 gtw01 dnsmasq[19023]: DNS service limited to local subnets
Aug 27 14:52:36 gtw01 dnsmasq[19023]: compile time options: IPv6 GNU-getopt DBus i18n IDN DHCP DHCPv6 no-Lua TFTP conntrack ipset auth DNSSEC loop-detect inotify
Aug 27 14:52:36 gtw01 dnsmasq[19023]: warning: no upstream servers configured
Aug 27 14:52:36 gtw01 dnsmasq-dhcp[19023]: DHCP, static leases only on 192.168.120.0, lease time 1h
Aug 27 14:52:36 gtw01 dnsmasq[19023]: read /var/lib/neutron/dhcp/df8888ae-9705-4b55-9d9b-83210fcb02da/addn_hosts - 1 addresses
Aug 27 14:52:36 gtw01 dnsmasq-dhcp[19023]: read /var/lib/neutron/dhcp/df8888ae-9705-4b55-9d9b-83210fcb02da/host
Aug 27 14:52:36 gtw01 dnsmasq-dhcp[19023]: read /var/lib/neutron/dhcp/df8888ae-9705-4b55-9d9b-83210fcb02da/opts
Aug 27 14:52:37 gtw01 kernel: [ 6024.447122] device tap65f1f143-1b left promiscuous mode
Aug 27 14:52:40 gtw01 systemd-udevd[19075]: link_config: autonegotiation is unset or enabled, the speed and duplex are not writable.
Aug 27 14:52:40 gtw01 systemd-udevd[19075]: Could not generate persistent MAC address for tap6e1b7543-b4: No such file or directory
Aug 27 14:52:40 gtw01 kernel: [ 6027.436951] device tap6e1b7543-b4 entered promiscuous mode
Aug 27 14:52:40 gtw01 systemd-udevd[19075]: Process '/sbin/ip link set tap6e1b7543-b4 txqueuelen 10000' failed with exit code 1.
Aug 27 14:52:43 gtw01 dnsmasq[19220]: started, version 2.79 cachesize 150
Aug 27 14:52:43 gtw01 dnsmasq[19220]: DNS service limited to local subnets
Aug 27 14:52:43 gtw01 dnsmasq[19220]: compile time options: IPv6 GNU-getopt DBus i18n IDN DHCP DHCPv6 no-Lua TFTP conntrack ipset auth DNSSEC loop-detect inotify
Aug 27 14:52:43 gtw01 dnsmasq[19220]: warning: no upstream servers configured
Aug 27 14:52:43 gtw01 dnsmasq-dhcp[19220]: DHCP, static leases only on 192.168.120.0, lease time 1h
Aug 27 14:52:43 gtw01 dnsmasq[19220]: read /var/lib/neutron/dhcp/44474b74-cdee-49b7-b619-b786fb3446ba/addn_hosts - 1 addresses
Aug 27 14:52:43 gtw01 dnsmasq-dhcp[19220]: read /var/lib/neutron/dhcp/44474b74-cdee-49b7-b619-b786fb3446ba/host
Aug 27 14:52:43 gtw01 dnsmasq-dhcp[19220]: read /var/lib/neutron/dhcp/44474b74-cdee-49b7-b619-b786fb3446ba/opts
Aug 27 14:52:44 gtw01 kernel: [ 6031.239507] device tap95cc2bfd-4c left promiscuous mode
Aug 27 14:52:44 gtw01 kernel: [ 6031.610380] device tap6e1b7543-b4 left promiscuous mode
Aug 27 14:52:45 gtw01 kernel: [ 6032.613170] device tap9faf5647-ae entered promiscuous mode
Aug 27 14:52:45 gtw01 systemd-udevd[19272]: link_config: autonegotiation is unset or enabled, the speed and duplex are not writable.
Aug 27 14:52:45 gtw01 systemd-udevd[19272]: Could not generate persistent MAC address for tap9faf5647-ae: No such file or directory
Aug 27 14:52:45 gtw01 systemd-udevd[19272]: Process '/sbin/ip link set tap9faf5647-ae txqueuelen 10000' failed with exit code 1.
Aug 27 14:52:45 gtw01 systemd-udevd[19348]: Process '/sbin/ip link set tap9faf5647-ae txqueuelen 10000' failed with exit code 1.
Aug 27 14:52:48 gtw01 dnsmasq[19438]: started, version 2.79 cachesize 150
Aug 27 14:52:48 gtw01 dnsmasq[19438]: DNS service limited to local subnets
Aug 27 14:52:48 gtw01 dnsmasq[19438]: compile time options: IPv6 GNU-getopt DBus i18n IDN DHCP DHCPv6 no-Lua TFTP conntrack ipset auth DNSSEC loop-detect inotify
Aug 27 14:52:48 gtw01 dnsmasq[19438]: warning: no upstream servers configured
Aug 27 14:52:48 gtw01 dnsmasq-dhcp[19438]: DHCP, static leases only on 192.168.120.0, lease time 1h
Aug 27 14:52:48 gtw01 dnsmasq[19438]: read /var/lib/neutron/dhcp/a2562181-75de-4791-a168-6c45340f7078/addn_hosts - 1 addresses
Aug 27 14:52:48 gtw01 dnsmasq-dhcp[19438]: read /var/lib/neutron/dhcp/a2562181-75de-4791-a168-6c45340f7078/host
Aug 27 14:52:48 gtw01 dnsmasq-dhcp[19438]: read /var/lib/neutron/dhcp/a2562181-75de-4791-a168-6c45340f7078/opts
Aug 27 14:52:49 gtw01 kernel: [ 6036.658250] device tap9faf5647-ae left promiscuous mode
Aug 27 14:52:53 gtw01 kernel: [ 6040.730899] device tapbd095f4a-bf entered promiscuous mode
Aug 27 14:52:53 gtw01 systemd-udevd[19505]: link_config: autonegotiation is unset or enabled, the speed and duplex are not writable.
Aug 27 14:52:53 gtw01 systemd-udevd[19505]: Could not generate persistent MAC address for tapbd095f4a-bf: No such file or directory
Aug 27 14:52:53 gtw01 systemd-udevd[19505]: Process '/sbin/ip link set tapbd095f4a-bf txqueuelen 10000' failed with exit code 1.
Aug 27 14:52:53 gtw01 systemd-udevd[19578]: Process '/sbin/ip link set tapbd095f4a-bf txqueuelen 10000' failed with exit code 1.
Aug 27 14:52:57 gtw01 dnsmasq[19652]: started, version 2.79 cachesize 150
Aug 27 14:52:57 gtw01 dnsmasq[19652]: DNS service limited to local subnets
Aug 27 14:52:57 gtw01 dnsmasq[19652]: compile time options: IPv6 GNU-getopt DBus i18n IDN DHCP DHCPv6 no-Lua TFTP conntrack ipset auth DNSSEC loop-detect inotify
Aug 27 14:52:57 gtw01 dnsmasq[19652]: warning: no upstream servers configured
Aug 27 14:52:57 gtw01 dnsmasq-dhcp[19652]: DHCP, static leases only on 192.168.120.0, lease time 1h
Aug 27 14:52:57 gtw01 dnsmasq[19652]: read /var/lib/neutron/dhcp/5ade8aa8-3cf1-4dfd-9597-078e4abdd987/addn_hosts - 1 addresses
Aug 27 14:52:57 gtw01 dnsmasq-dhcp[19652]: read /var/lib/neutron/dhcp/5ade8aa8-3cf1-4dfd-9597-078e4abdd987/host
Aug 27 14:52:57 gtw01 dnsmasq-dhcp[19652]: read /var/lib/neutron/dhcp/5ade8aa8-3cf1-4dfd-9597-078e4abdd987/opts
Aug 27 14:52:57 gtw01 dnsmasq[19652]: read /var/lib/neutron/dhcp/5ade8aa8-3cf1-4dfd-9597-078e4abdd987/addn_hosts - 1 addresses
Aug 27 14:52:57 gtw01 dnsmasq-dhcp[19652]: read /var/lib/neutron/dhcp/5ade8aa8-3cf1-4dfd-9597-078e4abdd987/host
Aug 27 14:52:57 gtw01 dnsmasq-dhcp[19652]: read /var/lib/neutron/dhcp/5ade8aa8-3cf1-4dfd-9597-078e4abdd987/opts
Aug 27 14:52:58 gtw01 dnsmasq[19652]: read /var/lib/neutron/dhcp/5ade8aa8-3cf1-4dfd-9597-078e4abdd987/addn_hosts - 1 addresses
Aug 27 14:52:58 gtw01 dnsmasq-dhcp[19652]: read /var/lib/neutron/dhcp/5ade8aa8-3cf1-4dfd-9597-078e4abdd987/host
Aug 27 14:52:58 gtw01 dnsmasq-dhcp[19652]: read /var/lib/neutron/dhcp/5ade8aa8-3cf1-4dfd-9597-078e4abdd987/opts
Aug 27 14:52:59 gtw01 dnsmasq[19652]: read /var/lib/neutron/dhcp/5ade8aa8-3cf1-4dfd-9597-078e4abdd987/addn_hosts - 2 addresses
Aug 27 14:52:59 gtw01 dnsmasq-dhcp[19652]: read /var/lib/neutron/dhcp/5ade8aa8-3cf1-4dfd-9597-078e4abdd987/host
Aug 27 14:52:59 gtw01 dnsmasq-dhcp[19652]: read /var/lib/neutron/dhcp/5ade8aa8-3cf1-4dfd-9597-078e4abdd987/opts
Aug 27 14:53:01 gtw01 kernel: [ 6048.243304] device tapbd095f4a-bf left promiscuous mode
Aug 27 14:53:09 gtw01 kernel: [ 6056.799466] device tapf6d66f7d-b8 entered promiscuous mode
Aug 27 14:53:09 gtw01 systemd-udevd[19773]: link_config: autonegotiation is unset or enabled, the speed and duplex are not writable.
Aug 27 14:53:09 gtw01 systemd-udevd[19773]: Could not generate persistent MAC address for tapf6d66f7d-b8: No such file or directory
Aug 27 14:53:09 gtw01 systemd-udevd[19773]: Process '/sbin/ip link set tapf6d66f7d-b8 txqueuelen 10000' failed with exit code 1.
Aug 27 14:53:09 gtw01 systemd-udevd[19846]: Process '/sbin/ip link set tapf6d66f7d-b8 txqueuelen 10000' failed with exit code 1.
Aug 27 14:53:11 gtw01 kernel: [ 6058.197767] device tap3323dd7a-a4 entered promiscuous mode
Aug 27 14:53:11 gtw01 systemd-udevd[19897]: link_config: autonegotiation is unset or enabled, the speed and duplex are not writable.
Aug 27 14:53:11 gtw01 systemd-udevd[19897]: Could not generate persistent MAC address for tap3323dd7a-a4: No such file or directory
Aug 27 14:53:11 gtw01 systemd-udevd[19897]: Process '/sbin/ip link set tap3323dd7a-a4 txqueuelen 10000' failed with exit code 1.
Aug 27 14:53:11 gtw01 systemd-udevd[19978]: Process '/sbin/ip link set tap3323dd7a-a4 txqueuelen 10000' failed with exit code 1.
Aug 27 14:53:12 gtw01 systemd-udevd[20034]: link_config: autonegotiation is unset or enabled, the speed and duplex are not writable.
Aug 27 14:53:12 gtw01 systemd-udevd[20034]: Could not generate persistent MAC address for tapa4f60c9c-0c: No such file or directory
Aug 27 14:53:12 gtw01 kernel: [ 6059.180852] device tapa4f60c9c-0c entered promiscuous mode
Aug 27 14:53:12 gtw01 systemd-udevd[20034]: Process '/sbin/ip link set tapa4f60c9c-0c txqueuelen 10000' failed with exit code 1.
Aug 27 14:53:12 gtw01 systemd-udevd[20034]: Process '/sbin/ip link set tapa4f60c9c-0c txqueuelen 10000' failed with exit code 1.
Aug 27 14:53:13 gtw01 dnsmasq[20151]: started, version 2.79 cachesize 150
Aug 27 14:53:13 gtw01 dnsmasq[20151]: DNS service limited to local subnets
Aug 27 14:53:13 gtw01 dnsmasq[20151]: compile time options: IPv6 GNU-getopt DBus i18n IDN DHCP DHCPv6 no-Lua TFTP conntrack ipset auth DNSSEC loop-detect inotify
Aug 27 14:53:13 gtw01 dnsmasq[20151]: warning: no upstream servers configured
Aug 27 14:53:13 gtw01 dnsmasq-dhcp[20151]: DHCP, static leases only on 192.168.120.0, lease time 1h
Aug 27 14:53:13 gtw01 dnsmasq[20151]: read /var/lib/neutron/dhcp/2712ea9a-cb53-48d8-9621-6d1f904678bd/addn_hosts - 1 addresses
Aug 27 14:53:13 gtw01 dnsmasq-dhcp[20151]: read /var/lib/neutron/dhcp/2712ea9a-cb53-48d8-9621-6d1f904678bd/host
Aug 27 14:53:13 gtw01 dnsmasq-dhcp[20151]: read /var/lib/neutron/dhcp/2712ea9a-cb53-48d8-9621-6d1f904678bd/opts
Aug 27 14:53:13 gtw01 dnsmasq[20151]: read /var/lib/neutron/dhcp/2712ea9a-cb53-48d8-9621-6d1f904678bd/addn_hosts - 1 addresses
Aug 27 14:53:13 gtw01 dnsmasq-dhcp[20151]: read /var/lib/neutron/dhcp/2712ea9a-cb53-48d8-9621-6d1f904678bd/host
Aug 27 14:53:13 gtw01 dnsmasq-dhcp[20151]: read /var/lib/neutron/dhcp/2712ea9a-cb53-48d8-9621-6d1f904678bd/opts
Aug 27 14:53:14 gtw01 dnsmasq[20230]: started, version 2.79 cachesize 150
Aug 27 14:53:14 gtw01 dnsmasq[20230]: DNS service limited to local subnets
Aug 27 14:53:14 gtw01 dnsmasq[20230]: compile time options: IPv6 GNU-getopt DBus i18n IDN DHCP DHCPv6 no-Lua TFTP conntrack ipset auth DNSSEC loop-detect inotify
Aug 27 14:53:14 gtw01 dnsmasq[20230]: warning: no upstream servers configured
Aug 27 14:53:14 gtw01 dnsmasq-dhcp[20230]: DHCP, static leases only on 192.168.120.0, lease time 1h
Aug 27 14:53:14 gtw01 dnsmasq[20230]: read /var/lib/neutron/dhcp/7d777a98-3c71-4d45-81cd-8308a54c65c9/addn_hosts - 1 addresses
Aug 27 14:53:14 gtw01 dnsmasq-dhcp[20230]: read /var/lib/neutron/dhcp/7d777a98-3c71-4d45-81cd-8308a54c65c9/host
Aug 27 14:53:14 gtw01 dnsmasq-dhcp[20230]: read /var/lib/neutron/dhcp/7d777a98-3c71-4d45-81cd-8308a54c65c9/opts
Aug 27 14:53:14 gtw01 dnsmasq[20151]: read /var/lib/neutron/dhcp/2712ea9a-cb53-48d8-9621-6d1f904678bd/addn_hosts - 1 addresses
Aug 27 14:53:14 gtw01 dnsmasq-dhcp[20151]: read /var/lib/neutron/dhcp/2712ea9a-cb53-48d8-9621-6d1f904678bd/host
Aug 27 14:53:14 gtw01 dnsmasq-dhcp[20151]: read /var/lib/neutron/dhcp/2712ea9a-cb53-48d8-9621-6d1f904678bd/opts
Aug 27 14:53:15 gtw01 dnsmasq[20230]: read /var/lib/neutron/dhcp/7d777a98-3c71-4d45-81cd-8308a54c65c9/addn_hosts - 1 addresses
Aug 27 14:53:15 gtw01 dnsmasq-dhcp[20230]: read /var/lib/neutron/dhcp/7d777a98-3c71-4d45-81cd-8308a54c65c9/host
Aug 27 14:53:15 gtw01 dnsmasq-dhcp[20230]: read /var/lib/neutron/dhcp/7d777a98-3c71-4d45-81cd-8308a54c65c9/opts
Aug 27 14:53:15 gtw01 dnsmasq[20280]: started, version 2.79 cachesize 150
Aug 27 14:53:15 gtw01 dnsmasq[20280]: DNS service limited to local subnets
Aug 27 14:53:15 gtw01 dnsmasq[20280]: compile time options: IPv6 GNU-getopt DBus i18n IDN DHCP DHCPv6 no-Lua TFTP conntrack ipset auth DNSSEC loop-detect inotify
Aug 27 14:53:15 gtw01 dnsmasq[20280]: warning: no upstream servers configured
Aug 27 14:53:15 gtw01 dnsmasq-dhcp[20280]: DHCP, static leases only on 192.168.120.0, lease time 1h
Aug 27 14:53:15 gtw01 dnsmasq[20280]: read /var/lib/neutron/dhcp/5e06f60c-3c2e-4734-8763-1bc4eed71d68/addn_hosts - 1 addresses
Aug 27 14:53:15 gtw01 dnsmasq-dhcp[20280]: read /var/lib/neutron/dhcp/5e06f60c-3c2e-4734-8763-1bc4eed71d68/host
Aug 27 14:53:15 gtw01 dnsmasq-dhcp[20280]: read /var/lib/neutron/dhcp/5e06f60c-3c2e-4734-8763-1bc4eed71d68/opts
Aug 27 14:53:15 gtw01 dnsmasq[20151]: read /var/lib/neutron/dhcp/2712ea9a-cb53-48d8-9621-6d1f904678bd/addn_hosts - 1 addresses
Aug 27 14:53:15 gtw01 dnsmasq-dhcp[20151]: read /var/lib/neutron/dhcp/2712ea9a-cb53-48d8-9621-6d1f904678bd/host
Aug 27 14:53:15 gtw01 dnsmasq-dhcp[20151]: read /var/lib/neutron/dhcp/2712ea9a-cb53-48d8-9621-6d1f904678bd/opts
Aug 27 14:53:16 gtw01 dnsmasq[20230]: read /var/lib/neutron/dhcp/7d777a98-3c71-4d45-81cd-8308a54c65c9/addn_hosts - 1 addresses
Aug 27 14:53:16 gtw01 dnsmasq-dhcp[20230]: read /var/lib/neutron/dhcp/7d777a98-3c71-4d45-81cd-8308a54c65c9/host
Aug 27 14:53:16 gtw01 dnsmasq-dhcp[20230]: read /var/lib/neutron/dhcp/7d777a98-3c71-4d45-81cd-8308a54c65c9/opts
Aug 27 14:53:16 gtw01 dnsmasq[20280]: read /var/lib/neutron/dhcp/5e06f60c-3c2e-4734-8763-1bc4eed71d68/addn_hosts - 1 addresses
Aug 27 14:53:16 gtw01 dnsmasq-dhcp[20280]: read /var/lib/neutron/dhcp/5e06f60c-3c2e-4734-8763-1bc4eed71d68/host
Aug 27 14:53:16 gtw01 dnsmasq-dhcp[20280]: read /var/lib/neutron/dhcp/5e06f60c-3c2e-4734-8763-1bc4eed71d68/opts
Aug 27 14:53:17 gtw01 dnsmasq[20230]: read /var/lib/neutron/dhcp/7d777a98-3c71-4d45-81cd-8308a54c65c9/addn_hosts - 2 addresses
Aug 27 14:53:17 gtw01 dnsmasq-dhcp[20230]: read /var/lib/neutron/dhcp/7d777a98-3c71-4d45-81cd-8308a54c65c9/host
Aug 27 14:53:17 gtw01 dnsmasq-dhcp[20230]: read /var/lib/neutron/dhcp/7d777a98-3c71-4d45-81cd-8308a54c65c9/opts
Aug 27 14:53:17 gtw01 dnsmasq[20280]: read /var/lib/neutron/dhcp/5e06f60c-3c2e-4734-8763-1bc4eed71d68/addn_hosts - 1 addresses
Aug 27 14:53:17 gtw01 dnsmasq-dhcp[20280]: read /var/lib/neutron/dhcp/5e06f60c-3c2e-4734-8763-1bc4eed71d68/host
Aug 27 14:53:17 gtw01 dnsmasq-dhcp[20280]: read /var/lib/neutron/dhcp/5e06f60c-3c2e-4734-8763-1bc4eed71d68/opts
Aug 27 14:53:18 gtw01 dnsmasq[20280]: read /var/lib/neutron/dhcp/5e06f60c-3c2e-4734-8763-1bc4eed71d68/addn_hosts - 1 addresses
Aug 27 14:53:18 gtw01 dnsmasq-dhcp[20280]: read /var/lib/neutron/dhcp/5e06f60c-3c2e-4734-8763-1bc4eed71d68/host
Aug 27 14:53:18 gtw01 dnsmasq-dhcp[20280]: read /var/lib/neutron/dhcp/5e06f60c-3c2e-4734-8763-1bc4eed71d68/opts
Aug 27 14:53:18 gtw01 dnsmasq[20230]: read /var/lib/neutron/dhcp/7d777a98-3c71-4d45-81cd-8308a54c65c9/addn_hosts - 2 addresses
Aug 27 14:53:18 gtw01 dnsmasq-dhcp[20230]: read /var/lib/neutron/dhcp/7d777a98-3c71-4d45-81cd-8308a54c65c9/host
Aug 27 14:53:18 gtw01 dnsmasq-dhcp[20230]: read /var/lib/neutron/dhcp/7d777a98-3c71-4d45-81cd-8308a54c65c9/opts
Aug 27 14:53:19 gtw01 dnsmasq[20230]: read /var/lib/neutron/dhcp/7d777a98-3c71-4d45-81cd-8308a54c65c9/addn_hosts - 2 addresses
Aug 27 14:53:19 gtw01 dnsmasq-dhcp[20230]: read /var/lib/neutron/dhcp/7d777a98-3c71-4d45-81cd-8308a54c65c9/host
Aug 27 14:53:19 gtw01 dnsmasq-dhcp[20230]: read /var/lib/neutron/dhcp/7d777a98-3c71-4d45-81cd-8308a54c65c9/opts
Aug 27 14:53:19 gtw01 systemd-udevd[20445]: link_config: autonegotiation is unset or enabled, the speed and duplex are not writable.
Aug 27 14:53:19 gtw01 systemd-udevd[20445]: Could not generate persistent MAC address for tap7c5b6eb4-7b: No such file or directory
Aug 27 14:53:19 gtw01 kernel: [ 6066.304171] device tap7c5b6eb4-7b entered promiscuous mode
Aug 27 14:53:19 gtw01 systemd-udevd[20445]: Process '/sbin/ip link set tap7c5b6eb4-7b txqueuelen 10000' failed with exit code 1.
Aug 27 14:53:19 gtw01 systemd-udevd[20445]: Process '/sbin/ip link set tap7c5b6eb4-7b txqueuelen 10000' failed with exit code 1.
Aug 27 14:53:19 gtw01 dnsmasq[20151]: read /var/lib/neutron/dhcp/2712ea9a-cb53-48d8-9621-6d1f904678bd/addn_hosts - 2 addresses
Aug 27 14:53:19 gtw01 dnsmasq-dhcp[20151]: read /var/lib/neutron/dhcp/2712ea9a-cb53-48d8-9621-6d1f904678bd/host
Aug 27 14:53:19 gtw01 dnsmasq-dhcp[20151]: read /var/lib/neutron/dhcp/2712ea9a-cb53-48d8-9621-6d1f904678bd/opts
Aug 27 14:53:20 gtw01 dnsmasq[20230]: read /var/lib/neutron/dhcp/7d777a98-3c71-4d45-81cd-8308a54c65c9/addn_hosts - 1 addresses
Aug 27 14:53:20 gtw01 dnsmasq-dhcp[20230]: read /var/lib/neutron/dhcp/7d777a98-3c71-4d45-81cd-8308a54c65c9/host
Aug 27 14:53:20 gtw01 dnsmasq-dhcp[20230]: read /var/lib/neutron/dhcp/7d777a98-3c71-4d45-81cd-8308a54c65c9/opts
Aug 27 14:53:20 gtw01 dnsmasq[20151]: read /var/lib/neutron/dhcp/2712ea9a-cb53-48d8-9621-6d1f904678bd/addn_hosts - 2 addresses
Aug 27 14:53:20 gtw01 dnsmasq-dhcp[20151]: read /var/lib/neutron/dhcp/2712ea9a-cb53-48d8-9621-6d1f904678bd/host
Aug 27 14:53:20 gtw01 dnsmasq-dhcp[20151]: read /var/lib/neutron/dhcp/2712ea9a-cb53-48d8-9621-6d1f904678bd/opts
Aug 27 14:53:22 gtw01 dnsmasq[20643]: started, version 2.79 cachesize 150
Aug 27 14:53:22 gtw01 dnsmasq[20643]: DNS service limited to local subnets
Aug 27 14:53:22 gtw01 dnsmasq[20643]: compile time options: IPv6 GNU-getopt DBus i18n IDN DHCP DHCPv6 no-Lua TFTP conntrack ipset auth DNSSEC loop-detect inotify
Aug 27 14:53:22 gtw01 dnsmasq[20643]: warning: no upstream servers configured
Aug 27 14:53:22 gtw01 dnsmasq-dhcp[20643]: DHCP, static leases only on 192.168.121.0, lease time 1h
Aug 27 14:53:22 gtw01 dnsmasq[20643]: read /var/lib/neutron/dhcp/9b2b361f-4479-49ca-bf6a-56e26cff1cb4/addn_hosts - 1 addresses
Aug 27 14:53:22 gtw01 dnsmasq-dhcp[20643]: read /var/lib/neutron/dhcp/9b2b361f-4479-49ca-bf6a-56e26cff1cb4/host
Aug 27 14:53:22 gtw01 dnsmasq-dhcp[20643]: read /var/lib/neutron/dhcp/9b2b361f-4479-49ca-bf6a-56e26cff1cb4/opts
Aug 27 14:53:22 gtw01 dnsmasq[20151]: read /var/lib/neutron/dhcp/2712ea9a-cb53-48d8-9621-6d1f904678bd/addn_hosts - 1 addresses
Aug 27 14:53:22 gtw01 dnsmasq-dhcp[20151]: read /var/lib/neutron/dhcp/2712ea9a-cb53-48d8-9621-6d1f904678bd/host
Aug 27 14:53:22 gtw01 dnsmasq-dhcp[20151]: read /var/lib/neutron/dhcp/2712ea9a-cb53-48d8-9621-6d1f904678bd/opts
Aug 27 14:53:23 gtw01 dnsmasq[20643]: read /var/lib/neutron/dhcp/9b2b361f-4479-49ca-bf6a-56e26cff1cb4/addn_hosts - 1 addresses
Aug 27 14:53:23 gtw01 dnsmasq-dhcp[20643]: read /var/lib/neutron/dhcp/9b2b361f-4479-49ca-bf6a-56e26cff1cb4/host
Aug 27 14:53:23 gtw01 dnsmasq-dhcp[20643]: read /var/lib/neutron/dhcp/9b2b361f-4479-49ca-bf6a-56e26cff1cb4/opts
Aug 27 14:53:24 gtw01 dnsmasq[20643]: read /var/lib/neutron/dhcp/9b2b361f-4479-49ca-bf6a-56e26cff1cb4/addn_hosts - 1 addresses
Aug 27 14:53:24 gtw01 dnsmasq-dhcp[20643]: read /var/lib/neutron/dhcp/9b2b361f-4479-49ca-bf6a-56e26cff1cb4/host
Aug 27 14:53:24 gtw01 dnsmasq-dhcp[20643]: read /var/lib/neutron/dhcp/9b2b361f-4479-49ca-bf6a-56e26cff1cb4/opts
Aug 27 14:53:26 gtw01 kernel: [ 6073.066320] device tap7c5b6eb4-7b left promiscuous mode
Aug 27 14:53:28 gtw01 kernel: [ 6075.759588] device tapa4f60c9c-0c left promiscuous mode
Aug 27 14:53:30 gtw01 kernel: [ 6077.295548] device tap3323dd7a-a4 left promiscuous mode
Aug 27 14:53:33 gtw01 kernel: [ 6080.239264] device tapf6d66f7d-b8 left promiscuous mode
Aug 27 14:54:25 gtw01 dnsmasq[8956]: read /var/lib/neutron/dhcp/8eba6d4c-898a-49c3-bc67-1588f486504a/addn_hosts - 1 addresses
Aug 27 14:54:25 gtw01 dnsmasq-dhcp[8956]: read /var/lib/neutron/dhcp/8eba6d4c-898a-49c3-bc67-1588f486504a/host
Aug 27 14:54:25 gtw01 dnsmasq-dhcp[8956]: read /var/lib/neutron/dhcp/8eba6d4c-898a-49c3-bc67-1588f486504a/opts
Aug 27 14:54:27 gtw01 kernel: [ 6134.567342] device qr-7e61ae25-ec left promiscuous mode
Aug 27 14:54:30 gtw01 kernel: [ 6137.201379] device qg-86659e9e-72 left promiscuous mode
Aug 27 14:54:30 gtw01 kernel: [ 6137.273265] device tap21dfb33b-dd left promiscuous mode
Aug 27 14:54:39 gtw01 kernel: [ 6146.868741] device tape9a3cc68-02 entered promiscuous mode
Aug 27 14:54:39 gtw01 systemd-udevd[20983]: link_config: autonegotiation is unset or enabled, the speed and duplex are not writable.
Aug 27 14:54:39 gtw01 systemd-udevd[20983]: Could not generate persistent MAC address for tape9a3cc68-02: No such file or directory
Aug 27 14:54:39 gtw01 systemd-udevd[20983]: Process '/sbin/ip link set tape9a3cc68-02 txqueuelen 10000' failed with exit code 1.
Aug 27 14:54:39 gtw01 systemd-udevd[21060]: Process '/sbin/ip link set tape9a3cc68-02 txqueuelen 10000' failed with exit code 1.
Aug 27 14:54:42 gtw01 systemd-udevd[21142]: link_config: autonegotiation is unset or enabled, the speed and duplex are not writable.
Aug 27 14:54:42 gtw01 systemd-udevd[21142]: Could not generate persistent MAC address for qr-4ef3bec7-9b: No such file or directory
Aug 27 14:54:42 gtw01 kernel: [ 6149.595570] device qr-4ef3bec7-9b entered promiscuous mode
Aug 27 14:54:43 gtw01 dnsmasq[21246]: started, version 2.79 cachesize 150
Aug 27 14:54:43 gtw01 dnsmasq[21246]: DNS service limited to local subnets
Aug 27 14:54:43 gtw01 dnsmasq[21246]: compile time options: IPv6 GNU-getopt DBus i18n IDN DHCP DHCPv6 no-Lua TFTP conntrack ipset auth DNSSEC loop-detect inotify
Aug 27 14:54:43 gtw01 dnsmasq[21246]: warning: no upstream servers configured
Aug 27 14:54:43 gtw01 dnsmasq-dhcp[21246]: DHCP, static leases only on 192.168.120.0, lease time 1h
Aug 27 14:54:43 gtw01 dnsmasq[21246]: read /var/lib/neutron/dhcp/e7812da2-66f5-40d8-bf1a-d4907c506b9a/addn_hosts - 1 addresses
Aug 27 14:54:43 gtw01 dnsmasq-dhcp[21246]: read /var/lib/neutron/dhcp/e7812da2-66f5-40d8-bf1a-d4907c506b9a/host
Aug 27 14:54:43 gtw01 dnsmasq-dhcp[21246]: read /var/lib/neutron/dhcp/e7812da2-66f5-40d8-bf1a-d4907c506b9a/opts
Aug 27 14:54:43 gtw01 kernel: [ 6150.398786] device qg-50ed1e7f-6f entered promiscuous mode
Aug 27 14:54:43 gtw01 systemd-udevd[21259]: link_config: autonegotiation is unset or enabled, the speed and duplex are not writable.
Aug 27 14:54:43 gtw01 systemd-udevd[21259]: Could not generate persistent MAC address for qg-50ed1e7f-6f: No such file or directory
Aug 27 14:54:43 gtw01 kernel: [ 6150.653141] IPv4: martian source 192.168.120.1 from 192.168.120.1, on dev qg-50ed1e7f-6f
Aug 27 14:54:43 gtw01 kernel: [ 6150.653146] ll header: 00000000: ff ff ff ff ff ff fa 16 3e 95 3b a8 08 06        ........>.;...
Aug 27 14:54:44 gtw01 dnsmasq[21246]: read /var/lib/neutron/dhcp/e7812da2-66f5-40d8-bf1a-d4907c506b9a/addn_hosts - 2 addresses
Aug 27 14:54:44 gtw01 dnsmasq-dhcp[21246]: read /var/lib/neutron/dhcp/e7812da2-66f5-40d8-bf1a-d4907c506b9a/host
Aug 27 14:54:44 gtw01 dnsmasq-dhcp[21246]: read /var/lib/neutron/dhcp/e7812da2-66f5-40d8-bf1a-d4907c506b9a/opts
Aug 27 14:54:45 gtw01 dnsmasq[21246]: read /var/lib/neutron/dhcp/e7812da2-66f5-40d8-bf1a-d4907c506b9a/addn_hosts - 2 addresses
Aug 27 14:54:45 gtw01 dnsmasq-dhcp[21246]: read /var/lib/neutron/dhcp/e7812da2-66f5-40d8-bf1a-d4907c506b9a/host
Aug 27 14:54:45 gtw01 dnsmasq-dhcp[21246]: read /var/lib/neutron/dhcp/e7812da2-66f5-40d8-bf1a-d4907c506b9a/opts
Aug 27 14:54:46 gtw01 dnsmasq[21246]: read /var/lib/neutron/dhcp/e7812da2-66f5-40d8-bf1a-d4907c506b9a/addn_hosts - 2 addresses
Aug 27 14:54:46 gtw01 dnsmasq-dhcp[21246]: read /var/lib/neutron/dhcp/e7812da2-66f5-40d8-bf1a-d4907c506b9a/host
Aug 27 14:54:46 gtw01 dnsmasq-dhcp[21246]: read /var/lib/neutron/dhcp/e7812da2-66f5-40d8-bf1a-d4907c506b9a/opts
Aug 27 14:54:46 gtw01 kernel: [ 6153.381204] IPv4: martian source 192.168.120.1 from 192.168.120.1, on dev qg-50ed1e7f-6f
Aug 27 14:54:46 gtw01 kernel: [ 6153.381208] ll header: 00000000: ff ff ff ff ff ff fa 16 3e 95 3b a8 08 06        ........>.;...
Aug 27 14:54:47 gtw01 dnsmasq[21246]: read /var/lib/neutron/dhcp/e7812da2-66f5-40d8-bf1a-d4907c506b9a/addn_hosts - 2 addresses
Aug 27 14:54:47 gtw01 dnsmasq-dhcp[21246]: read /var/lib/neutron/dhcp/e7812da2-66f5-40d8-bf1a-d4907c506b9a/host
Aug 27 14:54:47 gtw01 dnsmasq-dhcp[21246]: read /var/lib/neutron/dhcp/e7812da2-66f5-40d8-bf1a-d4907c506b9a/opts
Aug 27 14:54:48 gtw01 dnsmasq[21246]: read /var/lib/neutron/dhcp/e7812da2-66f5-40d8-bf1a-d4907c506b9a/addn_hosts - 2 addresses
Aug 27 14:54:48 gtw01 dnsmasq-dhcp[21246]: read /var/lib/neutron/dhcp/e7812da2-66f5-40d8-bf1a-d4907c506b9a/host
Aug 27 14:54:48 gtw01 dnsmasq-dhcp[21246]: read /var/lib/neutron/dhcp/e7812da2-66f5-40d8-bf1a-d4907c506b9a/opts
Aug 27 14:54:51 gtw01 dnsmasq[21246]: read /var/lib/neutron/dhcp/e7812da2-66f5-40d8-bf1a-d4907c506b9a/addn_hosts - 2 addresses
Aug 27 14:54:51 gtw01 dnsmasq-dhcp[21246]: read /var/lib/neutron/dhcp/e7812da2-66f5-40d8-bf1a-d4907c506b9a/host
Aug 27 14:54:51 gtw01 dnsmasq-dhcp[21246]: read /var/lib/neutron/dhcp/e7812da2-66f5-40d8-bf1a-d4907c506b9a/opts
Aug 27 14:54:52 gtw01 dnsmasq[21246]: read /var/lib/neutron/dhcp/e7812da2-66f5-40d8-bf1a-d4907c506b9a/addn_hosts - 2 addresses
Aug 27 14:54:52 gtw01 dnsmasq-dhcp[21246]: read /var/lib/neutron/dhcp/e7812da2-66f5-40d8-bf1a-d4907c506b9a/host
Aug 27 14:54:52 gtw01 dnsmasq-dhcp[21246]: read /var/lib/neutron/dhcp/e7812da2-66f5-40d8-bf1a-d4907c506b9a/opts
Aug 27 14:55:36 gtw01 systemd-udevd[21726]: link_config: autonegotiation is unset or enabled, the speed and duplex are not writable.
Aug 27 14:55:36 gtw01 systemd-udevd[21726]: Could not generate persistent MAC address for tap19867af6-99: No such file or directory
Aug 27 14:55:36 gtw01 kernel: [ 6203.533156] device tap19867af6-99 entered promiscuous mode
Aug 27 14:55:36 gtw01 systemd-udevd[21726]: Process '/sbin/ip link set tap19867af6-99 txqueuelen 10000' failed with exit code 1.
Aug 27 14:55:36 gtw01 systemd-udevd[21800]: Process '/sbin/ip link set tap19867af6-99 txqueuelen 10000' failed with exit code 1.
Aug 27 14:55:39 gtw01 dnsmasq[21246]: read /var/lib/neutron/dhcp/e7812da2-66f5-40d8-bf1a-d4907c506b9a/addn_hosts - 3 addresses
Aug 27 14:55:39 gtw01 dnsmasq-dhcp[21246]: read /var/lib/neutron/dhcp/e7812da2-66f5-40d8-bf1a-d4907c506b9a/host
Aug 27 14:55:39 gtw01 dnsmasq-dhcp[21246]: read /var/lib/neutron/dhcp/e7812da2-66f5-40d8-bf1a-d4907c506b9a/opts
Aug 27 14:55:39 gtw01 systemd-udevd[21898]: link_config: autonegotiation is unset or enabled, the speed and duplex are not writable.
Aug 27 14:55:39 gtw01 systemd-udevd[21898]: Could not generate persistent MAC address for qr-f7d46437-04: No such file or directory
Aug 27 14:55:39 gtw01 kernel: [ 6206.528218] device qr-f7d46437-04 entered promiscuous mode
Aug 27 14:55:39 gtw01 dnsmasq[21983]: started, version 2.79 cachesize 150
Aug 27 14:55:39 gtw01 dnsmasq[21983]: DNS service limited to local subnets
Aug 27 14:55:39 gtw01 dnsmasq[21983]: compile time options: IPv6 GNU-getopt DBus i18n IDN DHCP DHCPv6 no-Lua TFTP conntrack ipset auth DNSSEC loop-detect inotify
Aug 27 14:55:39 gtw01 dnsmasq[21983]: warning: no upstream servers configured
Aug 27 14:55:39 gtw01 dnsmasq-dhcp[21983]: DHCP, static leases only on 192.168.120.0, lease time 1h
Aug 27 14:55:39 gtw01 dnsmasq[21983]: read /var/lib/neutron/dhcp/0006a513-5bf6-46d5-95ee-f9361c7aba53/addn_hosts - 1 addresses
Aug 27 14:55:39 gtw01 dnsmasq-dhcp[21983]: read /var/lib/neutron/dhcp/0006a513-5bf6-46d5-95ee-f9361c7aba53/host
Aug 27 14:55:39 gtw01 dnsmasq-dhcp[21983]: read /var/lib/neutron/dhcp/0006a513-5bf6-46d5-95ee-f9361c7aba53/opts
Aug 27 14:55:40 gtw01 kernel: [ 6207.283588] device qg-90fc280e-01 entered promiscuous mode
Aug 27 14:55:40 gtw01 systemd-udevd[22010]: link_config: autonegotiation is unset or enabled, the speed and duplex are not writable.
Aug 27 14:55:40 gtw01 systemd-udevd[22010]: Could not generate persistent MAC address for qg-90fc280e-01: No such file or directory
Aug 27 14:55:40 gtw01 dnsmasq[21246]: read /var/lib/neutron/dhcp/e7812da2-66f5-40d8-bf1a-d4907c506b9a/addn_hosts - 3 addresses
Aug 27 14:55:40 gtw01 dnsmasq-dhcp[21246]: read /var/lib/neutron/dhcp/e7812da2-66f5-40d8-bf1a-d4907c506b9a/host
Aug 27 14:55:40 gtw01 dnsmasq-dhcp[21246]: read /var/lib/neutron/dhcp/e7812da2-66f5-40d8-bf1a-d4907c506b9a/opts
Aug 27 14:55:40 gtw01 kernel: [ 6207.540774] IPv4: martian source 192.168.120.1 from 192.168.120.1, on dev qg-90fc280e-01
Aug 27 14:55:40 gtw01 kernel: [ 6207.540777] ll header: 00000000: ff ff ff ff ff ff fa 16 3e 18 cf e0 08 06        ........>.....
Aug 27 14:55:40 gtw01 dnsmasq[21983]: read /var/lib/neutron/dhcp/0006a513-5bf6-46d5-95ee-f9361c7aba53/addn_hosts - 2 addresses
Aug 27 14:55:40 gtw01 dnsmasq-dhcp[21983]: read /var/lib/neutron/dhcp/0006a513-5bf6-46d5-95ee-f9361c7aba53/host
Aug 27 14:55:40 gtw01 dnsmasq-dhcp[21983]: read /var/lib/neutron/dhcp/0006a513-5bf6-46d5-95ee-f9361c7aba53/opts
Aug 27 14:55:41 gtw01 dnsmasq[21246]: read /var/lib/neutron/dhcp/e7812da2-66f5-40d8-bf1a-d4907c506b9a/addn_hosts - 3 addresses
Aug 27 14:55:41 gtw01 dnsmasq-dhcp[21246]: read /var/lib/neutron/dhcp/e7812da2-66f5-40d8-bf1a-d4907c506b9a/host
Aug 27 14:55:41 gtw01 dnsmasq-dhcp[21246]: read /var/lib/neutron/dhcp/e7812da2-66f5-40d8-bf1a-d4907c506b9a/opts
Aug 27 14:55:42 gtw01 dnsmasq[21983]: read /var/lib/neutron/dhcp/0006a513-5bf6-46d5-95ee-f9361c7aba53/addn_hosts - 2 addresses
Aug 27 14:55:42 gtw01 dnsmasq-dhcp[21983]: read /var/lib/neutron/dhcp/0006a513-5bf6-46d5-95ee-f9361c7aba53/host
Aug 27 14:55:42 gtw01 dnsmasq-dhcp[21983]: read /var/lib/neutron/dhcp/0006a513-5bf6-46d5-95ee-f9361c7aba53/opts
Aug 27 14:55:42 gtw01 dnsmasq[21246]: read /var/lib/neutron/dhcp/e7812da2-66f5-40d8-bf1a-d4907c506b9a/addn_hosts - 4 addresses
Aug 27 14:55:42 gtw01 dnsmasq-dhcp[21246]: read /var/lib/neutron/dhcp/e7812da2-66f5-40d8-bf1a-d4907c506b9a/host
Aug 27 14:55:42 gtw01 dnsmasq-dhcp[21246]: read /var/lib/neutron/dhcp/e7812da2-66f5-40d8-bf1a-d4907c506b9a/opts
Aug 27 14:55:43 gtw01 dnsmasq[21983]: read /var/lib/neutron/dhcp/0006a513-5bf6-46d5-95ee-f9361c7aba53/addn_hosts - 2 addresses
Aug 27 14:55:43 gtw01 dnsmasq-dhcp[21983]: read /var/lib/neutron/dhcp/0006a513-5bf6-46d5-95ee-f9361c7aba53/host
Aug 27 14:55:43 gtw01 dnsmasq-dhcp[21983]: read /var/lib/neutron/dhcp/0006a513-5bf6-46d5-95ee-f9361c7aba53/opts
Aug 27 14:55:43 gtw01 kernel: [ 6210.490068] device vxlan_sys_4789 entered promiscuous mode
Aug 27 14:55:43 gtw01 systemd-udevd[22256]: link_config: autonegotiation is unset or enabled, the speed and duplex are not writable.
Aug 27 14:55:43 gtw01 systemd-udevd[22256]: Could not generate persistent MAC address for vxlan_sys_4789: No such file or directory
Aug 27 14:55:44 gtw01 systemd-udevd[22349]: link_config: autonegotiation is unset or enabled, the speed and duplex are not writable.
Aug 27 14:55:44 gtw01 systemd-udevd[22349]: Could not generate persistent MAC address for tapfff734b5-e6: No such file or directory
Aug 27 14:55:44 gtw01 kernel: [ 6211.032530] device tapfff734b5-e6 entered promiscuous mode
Aug 27 14:55:44 gtw01 systemd-udevd[22349]: Process '/sbin/ip link set tapfff734b5-e6 txqueuelen 10000' failed with exit code 1.
Aug 27 14:55:44 gtw01 dnsmasq[21246]: read /var/lib/neutron/dhcp/e7812da2-66f5-40d8-bf1a-d4907c506b9a/addn_hosts - 4 addresses
Aug 27 14:55:44 gtw01 dnsmasq-dhcp[21246]: read /var/lib/neutron/dhcp/e7812da2-66f5-40d8-bf1a-d4907c506b9a/host
Aug 27 14:55:44 gtw01 dnsmasq-dhcp[21246]: read /var/lib/neutron/dhcp/e7812da2-66f5-40d8-bf1a-d4907c506b9a/opts
Aug 27 14:55:44 gtw01 systemd-udevd[22349]: Process '/sbin/ip link set tapfff734b5-e6 txqueuelen 10000' failed with exit code 1.
Aug 27 14:55:44 gtw01 dnsmasq[21983]: read /var/lib/neutron/dhcp/0006a513-5bf6-46d5-95ee-f9361c7aba53/addn_hosts - 2 addresses
Aug 27 14:55:44 gtw01 dnsmasq-dhcp[21983]: read /var/lib/neutron/dhcp/0006a513-5bf6-46d5-95ee-f9361c7aba53/host
Aug 27 14:55:44 gtw01 dnsmasq-dhcp[21983]: read /var/lib/neutron/dhcp/0006a513-5bf6-46d5-95ee-f9361c7aba53/opts
Aug 27 14:55:45 gtw01 dnsmasq[21246]: read /var/lib/neutron/dhcp/e7812da2-66f5-40d8-bf1a-d4907c506b9a/addn_hosts - 4 addresses
Aug 27 14:55:45 gtw01 dnsmasq-dhcp[21246]: read /var/lib/neutron/dhcp/e7812da2-66f5-40d8-bf1a-d4907c506b9a/host
Aug 27 14:55:45 gtw01 dnsmasq-dhcp[21246]: read /var/lib/neutron/dhcp/e7812da2-66f5-40d8-bf1a-d4907c506b9a/opts
Aug 27 14:55:45 gtw01 dnsmasq[21983]: read /var/lib/neutron/dhcp/0006a513-5bf6-46d5-95ee-f9361c7aba53/addn_hosts - 2 addresses
Aug 27 14:55:45 gtw01 dnsmasq-dhcp[21983]: read /var/lib/neutron/dhcp/0006a513-5bf6-46d5-95ee-f9361c7aba53/host
Aug 27 14:55:45 gtw01 dnsmasq-dhcp[21983]: read /var/lib/neutron/dhcp/0006a513-5bf6-46d5-95ee-f9361c7aba53/opts
Aug 27 14:55:47 gtw01 dnsmasq[22613]: started, version 2.79 cachesize 150
Aug 27 14:55:47 gtw01 dnsmasq[22613]: DNS service limited to local subnets
Aug 27 14:55:47 gtw01 dnsmasq[22613]: compile time options: IPv6 GNU-getopt DBus i18n IDN DHCP DHCPv6 no-Lua TFTP conntrack ipset auth DNSSEC loop-detect inotify
Aug 27 14:55:47 gtw01 dnsmasq[22613]: warning: no upstream servers configured
Aug 27 14:55:47 gtw01 dnsmasq-dhcp[22613]: DHCP, static leases only on 192.168.120.0, lease time 1h
Aug 27 14:55:47 gtw01 dnsmasq[22613]: read /var/lib/neutron/dhcp/fb6afee2-cbb1-4e45-99ff-9937b3412295/addn_hosts - 1 addresses
Aug 27 14:55:47 gtw01 dnsmasq-dhcp[22613]: read /var/lib/neutron/dhcp/fb6afee2-cbb1-4e45-99ff-9937b3412295/host
Aug 27 14:55:47 gtw01 dnsmasq-dhcp[22613]: read /var/lib/neutron/dhcp/fb6afee2-cbb1-4e45-99ff-9937b3412295/opts
Aug 27 14:55:48 gtw01 systemd-udevd[22637]: link_config: autonegotiation is unset or enabled, the speed and duplex are not writable.
Aug 27 14:55:48 gtw01 systemd-udevd[22637]: Could not generate persistent MAC address for qr-d57572bf-77: No such file or directory
Aug 27 14:55:48 gtw01 kernel: [ 6215.113037] device qr-d57572bf-77 entered promiscuous mode
Aug 27 14:55:48 gtw01 dnsmasq[22613]: read /var/lib/neutron/dhcp/fb6afee2-cbb1-4e45-99ff-9937b3412295/addn_hosts - 2 addresses
Aug 27 14:55:48 gtw01 dnsmasq-dhcp[22613]: read /var/lib/neutron/dhcp/fb6afee2-cbb1-4e45-99ff-9937b3412295/host
Aug 27 14:55:48 gtw01 dnsmasq-dhcp[22613]: read /var/lib/neutron/dhcp/fb6afee2-cbb1-4e45-99ff-9937b3412295/opts
Aug 27 14:55:48 gtw01 systemd-udevd[22751]: link_config: autonegotiation is unset or enabled, the speed and duplex are not writable.
Aug 27 14:55:48 gtw01 systemd-udevd[22751]: Could not generate persistent MAC address for qg-300d7ef0-e5: No such file or directory
Aug 27 14:55:48 gtw01 kernel: [ 6215.947837] device qg-300d7ef0-e5 entered promiscuous mode
Aug 27 14:55:49 gtw01 kernel: [ 6216.220692] IPv4: martian source 192.168.120.1 from 192.168.120.1, on dev qr-f7d46437-04
Aug 27 14:55:49 gtw01 kernel: [ 6216.220696] ll header: 00000000: ff ff ff ff ff ff fa 16 3e fe e5 ff 08 06        ........>.....
Aug 27 14:55:49 gtw01 kernel: [ 6216.220699] IPv4: martian source 192.168.120.1 from 192.168.120.1, on dev qg-300d7ef0-e5
Aug 27 14:55:49 gtw01 kernel: [ 6216.220700] ll header: 00000000: ff ff ff ff ff ff fa 16 3e fe e5 ff 08 06        ........>.....
Aug 27 14:55:49 gtw01 dnsmasq[22613]: read /var/lib/neutron/dhcp/fb6afee2-cbb1-4e45-99ff-9937b3412295/addn_hosts - 2 addresses
Aug 27 14:55:49 gtw01 dnsmasq-dhcp[22613]: read /var/lib/neutron/dhcp/fb6afee2-cbb1-4e45-99ff-9937b3412295/host
Aug 27 14:55:49 gtw01 dnsmasq-dhcp[22613]: read /var/lib/neutron/dhcp/fb6afee2-cbb1-4e45-99ff-9937b3412295/opts
Aug 27 14:55:49 gtw01 dnsmasq[21983]: read /var/lib/neutron/dhcp/0006a513-5bf6-46d5-95ee-f9361c7aba53/addn_hosts - 2 addresses
Aug 27 14:55:49 gtw01 dnsmasq-dhcp[21983]: read /var/lib/neutron/dhcp/0006a513-5bf6-46d5-95ee-f9361c7aba53/host
Aug 27 14:55:49 gtw01 dnsmasq-dhcp[21983]: read /var/lib/neutron/dhcp/0006a513-5bf6-46d5-95ee-f9361c7aba53/opts
Aug 27 14:55:50 gtw01 kernel: [ 6217.468218] device vxlan_sys_4789 left promiscuous mode
Aug 27 14:55:50 gtw01 dnsmasq[22613]: read /var/lib/neutron/dhcp/fb6afee2-cbb1-4e45-99ff-9937b3412295/addn_hosts - 2 addresses
Aug 27 14:55:50 gtw01 dnsmasq-dhcp[22613]: read /var/lib/neutron/dhcp/fb6afee2-cbb1-4e45-99ff-9937b3412295/host
Aug 27 14:55:50 gtw01 dnsmasq-dhcp[22613]: read /var/lib/neutron/dhcp/fb6afee2-cbb1-4e45-99ff-9937b3412295/opts
Aug 27 14:55:50 gtw01 dnsmasq[21246]: read /var/lib/neutron/dhcp/e7812da2-66f5-40d8-bf1a-d4907c506b9a/addn_hosts - 3 addresses
Aug 27 14:55:50 gtw01 dnsmasq-dhcp[21246]: read /var/lib/neutron/dhcp/e7812da2-66f5-40d8-bf1a-d4907c506b9a/host
Aug 27 14:55:50 gtw01 dnsmasq-dhcp[21246]: read /var/lib/neutron/dhcp/e7812da2-66f5-40d8-bf1a-d4907c506b9a/opts
Aug 27 14:55:51 gtw01 dnsmasq[21983]: read /var/lib/neutron/dhcp/0006a513-5bf6-46d5-95ee-f9361c7aba53/addn_hosts - 2 addresses
Aug 27 14:55:51 gtw01 dnsmasq-dhcp[21983]: read /var/lib/neutron/dhcp/0006a513-5bf6-46d5-95ee-f9361c7aba53/host
Aug 27 14:55:51 gtw01 dnsmasq-dhcp[21983]: read /var/lib/neutron/dhcp/0006a513-5bf6-46d5-95ee-f9361c7aba53/opts
Aug 27 14:55:52 gtw01 kernel: [ 6219.201830] IPv4: martian source 192.168.120.1 from 192.168.120.1, on dev qr-f7d46437-04
Aug 27 14:55:52 gtw01 kernel: [ 6219.201833] ll header: 00000000: ff ff ff ff ff ff fa 16 3e fe e5 ff 08 06        ........>.....
Aug 27 14:55:52 gtw01 kernel: [ 6219.201836] IPv4: martian source 192.168.120.1 from 192.168.120.1, on dev qg-300d7ef0-e5
Aug 27 14:55:52 gtw01 kernel: [ 6219.201837] ll header: 00000000: ff ff ff ff ff ff fa 16 3e fe e5 ff 08 06        ........>.....
Aug 27 14:55:52 gtw01 dnsmasq[22613]: read /var/lib/neutron/dhcp/fb6afee2-cbb1-4e45-99ff-9937b3412295/addn_hosts - 2 addresses
Aug 27 14:55:52 gtw01 dnsmasq-dhcp[22613]: read /var/lib/neutron/dhcp/fb6afee2-cbb1-4e45-99ff-9937b3412295/host
Aug 27 14:55:52 gtw01 dnsmasq-dhcp[22613]: read /var/lib/neutron/dhcp/fb6afee2-cbb1-4e45-99ff-9937b3412295/opts
Aug 27 14:55:52 gtw01 dnsmasq[21246]: read /var/lib/neutron/dhcp/e7812da2-66f5-40d8-bf1a-d4907c506b9a/addn_hosts - 2 addresses
Aug 27 14:55:52 gtw01 dnsmasq-dhcp[21246]: read /var/lib/neutron/dhcp/e7812da2-66f5-40d8-bf1a-d4907c506b9a/host
Aug 27 14:55:52 gtw01 dnsmasq-dhcp[21246]: read /var/lib/neutron/dhcp/e7812da2-66f5-40d8-bf1a-d4907c506b9a/opts
Aug 27 14:55:52 gtw01 kernel: [ 6219.716319] IPv4: martian source 10.16.0.183 from 10.16.0.183, on dev qr-f7d46437-04
Aug 27 14:55:52 gtw01 kernel: [ 6219.716322] ll header: 00000000: ff ff ff ff ff ff fa 16 3e ef 72 4b 08 06        ........>.rK..
Aug 27 14:55:52 gtw01 kernel: [ 6219.716325] IPv4: martian source 10.16.0.183 from 10.16.0.183, on dev qr-d57572bf-77
Aug 27 14:55:52 gtw01 kernel: [ 6219.716326] ll header: 00000000: ff ff ff ff ff ff fa 16 3e ef 72 4b 08 06        ........>.rK..
Aug 27 14:55:53 gtw01 dnsmasq[22613]: read /var/lib/neutron/dhcp/fb6afee2-cbb1-4e45-99ff-9937b3412295/addn_hosts - 2 addresses
Aug 27 14:55:53 gtw01 dnsmasq-dhcp[22613]: read /var/lib/neutron/dhcp/fb6afee2-cbb1-4e45-99ff-9937b3412295/host
Aug 27 14:55:53 gtw01 dnsmasq-dhcp[22613]: read /var/lib/neutron/dhcp/fb6afee2-cbb1-4e45-99ff-9937b3412295/opts
Aug 27 14:55:57 gtw01 dnsmasq[21983]: read /var/lib/neutron/dhcp/0006a513-5bf6-46d5-95ee-f9361c7aba53/addn_hosts - 3 addresses
Aug 27 14:55:57 gtw01 dnsmasq-dhcp[21983]: read /var/lib/neutron/dhcp/0006a513-5bf6-46d5-95ee-f9361c7aba53/host
Aug 27 14:55:57 gtw01 dnsmasq-dhcp[21983]: read /var/lib/neutron/dhcp/0006a513-5bf6-46d5-95ee-f9361c7aba53/opts
Aug 27 14:55:57 gtw01 dnsmasq[21246]: read /var/lib/neutron/dhcp/e7812da2-66f5-40d8-bf1a-d4907c506b9a/addn_hosts - 3 addresses
Aug 27 14:55:57 gtw01 dnsmasq-dhcp[21246]: read /var/lib/neutron/dhcp/e7812da2-66f5-40d8-bf1a-d4907c506b9a/host
Aug 27 14:55:57 gtw01 dnsmasq-dhcp[21246]: read /var/lib/neutron/dhcp/e7812da2-66f5-40d8-bf1a-d4907c506b9a/opts
Aug 27 14:55:58 gtw01 dnsmasq[22613]: read /var/lib/neutron/dhcp/fb6afee2-cbb1-4e45-99ff-9937b3412295/addn_hosts - 2 addresses
Aug 27 14:55:58 gtw01 dnsmasq-dhcp[22613]: read /var/lib/neutron/dhcp/fb6afee2-cbb1-4e45-99ff-9937b3412295/host
Aug 27 14:55:58 gtw01 dnsmasq-dhcp[22613]: read /var/lib/neutron/dhcp/fb6afee2-cbb1-4e45-99ff-9937b3412295/opts
Aug 27 14:55:58 gtw01 dnsmasq[21246]: read /var/lib/neutron/dhcp/e7812da2-66f5-40d8-bf1a-d4907c506b9a/addn_hosts - 3 addresses
Aug 27 14:55:58 gtw01 dnsmasq-dhcp[21246]: read /var/lib/neutron/dhcp/e7812da2-66f5-40d8-bf1a-d4907c506b9a/host
Aug 27 14:55:58 gtw01 dnsmasq-dhcp[21246]: read /var/lib/neutron/dhcp/e7812da2-66f5-40d8-bf1a-d4907c506b9a/opts
Aug 27 14:55:59 gtw01 dnsmasq[21983]: read /var/lib/neutron/dhcp/0006a513-5bf6-46d5-95ee-f9361c7aba53/addn_hosts - 3 addresses
Aug 27 14:55:59 gtw01 dnsmasq-dhcp[21983]: read /var/lib/neutron/dhcp/0006a513-5bf6-46d5-95ee-f9361c7aba53/host
Aug 27 14:55:59 gtw01 dnsmasq-dhcp[21983]: read /var/lib/neutron/dhcp/0006a513-5bf6-46d5-95ee-f9361c7aba53/opts
Aug 27 14:55:59 gtw01 dnsmasq[22613]: read /var/lib/neutron/dhcp/fb6afee2-cbb1-4e45-99ff-9937b3412295/addn_hosts - 2 addresses
Aug 27 14:55:59 gtw01 dnsmasq-dhcp[22613]: read /var/lib/neutron/dhcp/fb6afee2-cbb1-4e45-99ff-9937b3412295/host
Aug 27 14:55:59 gtw01 dnsmasq-dhcp[22613]: read /var/lib/neutron/dhcp/fb6afee2-cbb1-4e45-99ff-9937b3412295/opts
Aug 27 14:55:59 gtw01 dnsmasq[21246]: read /var/lib/neutron/dhcp/e7812da2-66f5-40d8-bf1a-d4907c506b9a/addn_hosts - 3 addresses
Aug 27 14:55:59 gtw01 dnsmasq-dhcp[21246]: read /var/lib/neutron/dhcp/e7812da2-66f5-40d8-bf1a-d4907c506b9a/host
Aug 27 14:55:59 gtw01 dnsmasq-dhcp[21246]: read /var/lib/neutron/dhcp/e7812da2-66f5-40d8-bf1a-d4907c506b9a/opts
Aug 27 14:56:00 gtw01 dnsmasq[21983]: read /var/lib/neutron/dhcp/0006a513-5bf6-46d5-95ee-f9361c7aba53/addn_hosts - 3 addresses
Aug 27 14:56:00 gtw01 dnsmasq-dhcp[21983]: read /var/lib/neutron/dhcp/0006a513-5bf6-46d5-95ee-f9361c7aba53/host
Aug 27 14:56:00 gtw01 dnsmasq-dhcp[21983]: read /var/lib/neutron/dhcp/0006a513-5bf6-46d5-95ee-f9361c7aba53/opts
Aug 27 14:56:02 gtw01 kernel: [ 6229.907889] device vxlan_sys_4789 entered promiscuous mode
Aug 27 14:56:02 gtw01 systemd-udevd[23420]: link_config: autonegotiation is unset or enabled, the speed and duplex are not writable.
Aug 27 14:56:02 gtw01 systemd-udevd[23420]: Could not generate persistent MAC address for vxlan_sys_4789: No such file or directory
Aug 27 14:56:05 gtw01 dnsmasq[21246]: read /var/lib/neutron/dhcp/e7812da2-66f5-40d8-bf1a-d4907c506b9a/addn_hosts - 2 addresses
Aug 27 14:56:05 gtw01 dnsmasq-dhcp[21246]: read /var/lib/neutron/dhcp/e7812da2-66f5-40d8-bf1a-d4907c506b9a/host
Aug 27 14:56:05 gtw01 dnsmasq-dhcp[21246]: read /var/lib/neutron/dhcp/e7812da2-66f5-40d8-bf1a-d4907c506b9a/opts
Aug 27 14:56:10 gtw01 dnsmasq[21246]: read /var/lib/neutron/dhcp/e7812da2-66f5-40d8-bf1a-d4907c506b9a/addn_hosts - 3 addresses
Aug 27 14:56:10 gtw01 dnsmasq-dhcp[21246]: read /var/lib/neutron/dhcp/e7812da2-66f5-40d8-bf1a-d4907c506b9a/host
Aug 27 14:56:10 gtw01 dnsmasq-dhcp[21246]: read /var/lib/neutron/dhcp/e7812da2-66f5-40d8-bf1a-d4907c506b9a/opts
Aug 27 14:56:11 gtw01 dnsmasq[21246]: read /var/lib/neutron/dhcp/e7812da2-66f5-40d8-bf1a-d4907c506b9a/addn_hosts - 3 addresses
Aug 27 14:56:11 gtw01 dnsmasq-dhcp[21246]: read /var/lib/neutron/dhcp/e7812da2-66f5-40d8-bf1a-d4907c506b9a/host
Aug 27 14:56:11 gtw01 dnsmasq-dhcp[21246]: read /var/lib/neutron/dhcp/e7812da2-66f5-40d8-bf1a-d4907c506b9a/opts
Aug 27 14:56:12 gtw01 dnsmasq[21246]: read /var/lib/neutron/dhcp/e7812da2-66f5-40d8-bf1a-d4907c506b9a/addn_hosts - 3 addresses
Aug 27 14:56:12 gtw01 dnsmasq-dhcp[21246]: read /var/lib/neutron/dhcp/e7812da2-66f5-40d8-bf1a-d4907c506b9a/host
Aug 27 14:56:12 gtw01 dnsmasq-dhcp[21246]: read /var/lib/neutron/dhcp/e7812da2-66f5-40d8-bf1a-d4907c506b9a/opts
Aug 27 14:56:13 gtw01 dnsmasq-dhcp[21983]: DHCPDISCOVER(tap19867af6-99) fa:16:3e:23:e9:00
Aug 27 14:56:13 gtw01 dnsmasq-dhcp[21983]: DHCPOFFER(tap19867af6-99) 192.168.120.11 fa:16:3e:23:e9:00
Aug 27 14:56:13 gtw01 dnsmasq-dhcp[21983]: DHCPREQUEST(tap19867af6-99) 192.168.120.11 fa:16:3e:23:e9:00
Aug 27 14:56:13 gtw01 dnsmasq-dhcp[21983]: DHCPACK(tap19867af6-99) 192.168.120.11 fa:16:3e:23:e9:00 host-192-168-120-11
Aug 27 14:56:19 gtw01 dnsmasq[21246]: read /var/lib/neutron/dhcp/e7812da2-66f5-40d8-bf1a-d4907c506b9a/addn_hosts - 4 addresses
Aug 27 14:56:19 gtw01 dnsmasq-dhcp[21246]: read /var/lib/neutron/dhcp/e7812da2-66f5-40d8-bf1a-d4907c506b9a/host
Aug 27 14:56:19 gtw01 dnsmasq-dhcp[21246]: read /var/lib/neutron/dhcp/e7812da2-66f5-40d8-bf1a-d4907c506b9a/opts
Aug 27 14:56:20 gtw01 dnsmasq[21246]: read /var/lib/neutron/dhcp/e7812da2-66f5-40d8-bf1a-d4907c506b9a/addn_hosts - 4 addresses
Aug 27 14:56:20 gtw01 dnsmasq-dhcp[21246]: read /var/lib/neutron/dhcp/e7812da2-66f5-40d8-bf1a-d4907c506b9a/host
Aug 27 14:56:20 gtw01 dnsmasq-dhcp[21246]: read /var/lib/neutron/dhcp/e7812da2-66f5-40d8-bf1a-d4907c506b9a/opts
Aug 27 14:56:21 gtw01 dnsmasq[21246]: read /var/lib/neutron/dhcp/e7812da2-66f5-40d8-bf1a-d4907c506b9a/addn_hosts - 4 addresses
Aug 27 14:56:21 gtw01 dnsmasq-dhcp[21246]: read /var/lib/neutron/dhcp/e7812da2-66f5-40d8-bf1a-d4907c506b9a/host
Aug 27 14:56:21 gtw01 dnsmasq-dhcp[21246]: read /var/lib/neutron/dhcp/e7812da2-66f5-40d8-bf1a-d4907c506b9a/opts
Aug 27 14:56:24 gtw01 dnsmasq-dhcp[21983]: DHCPRELEASE(tap19867af6-99) 192.168.120.11 fa:16:3e:23:e9:00
Aug 27 14:56:24 gtw01 dnsmasq-dhcp[21983]: DHCPRELEASE(tap19867af6-99) 192.168.120.11 fa:16:3e:23:e9:00 unknown lease
Aug 27 14:56:25 gtw01 dnsmasq[21983]: read /var/lib/neutron/dhcp/0006a513-5bf6-46d5-95ee-f9361c7aba53/addn_hosts - 2 addresses
Aug 27 14:56:25 gtw01 dnsmasq-dhcp[21983]: read /var/lib/neutron/dhcp/0006a513-5bf6-46d5-95ee-f9361c7aba53/host
Aug 27 14:56:25 gtw01 dnsmasq-dhcp[21983]: read /var/lib/neutron/dhcp/0006a513-5bf6-46d5-95ee-f9361c7aba53/opts
Aug 27 14:56:25 gtw01 dnsmasq-dhcp[21246]: DHCPDISCOVER(tape9a3cc68-02) fa:16:3e:58:e3:23
Aug 27 14:56:25 gtw01 dnsmasq-dhcp[21246]: DHCPOFFER(tape9a3cc68-02) 192.168.120.140 fa:16:3e:58:e3:23
Aug 27 14:56:25 gtw01 dnsmasq-dhcp[21246]: DHCPREQUEST(tape9a3cc68-02) 192.168.120.140 fa:16:3e:58:e3:23
Aug 27 14:56:25 gtw01 dnsmasq-dhcp[21246]: DHCPACK(tape9a3cc68-02) 192.168.120.140 fa:16:3e:58:e3:23 host-192-168-120-140
Aug 27 14:56:27 gtw01 dnsmasq[21983]: read /var/lib/neutron/dhcp/0006a513-5bf6-46d5-95ee-f9361c7aba53/addn_hosts - 3 addresses
Aug 27 14:56:27 gtw01 dnsmasq-dhcp[21983]: read /var/lib/neutron/dhcp/0006a513-5bf6-46d5-95ee-f9361c7aba53/host
Aug 27 14:56:27 gtw01 dnsmasq-dhcp[21983]: read /var/lib/neutron/dhcp/0006a513-5bf6-46d5-95ee-f9361c7aba53/opts
Aug 27 14:56:28 gtw01 dnsmasq[21983]: read /var/lib/neutron/dhcp/0006a513-5bf6-46d5-95ee-f9361c7aba53/addn_hosts - 3 addresses
Aug 27 14:56:28 gtw01 dnsmasq-dhcp[21983]: read /var/lib/neutron/dhcp/0006a513-5bf6-46d5-95ee-f9361c7aba53/host
Aug 27 14:56:28 gtw01 dnsmasq-dhcp[21983]: read /var/lib/neutron/dhcp/0006a513-5bf6-46d5-95ee-f9361c7aba53/opts
Aug 27 14:56:29 gtw01 dnsmasq[21246]: read /var/lib/neutron/dhcp/e7812da2-66f5-40d8-bf1a-d4907c506b9a/addn_hosts - 3 addresses
Aug 27 14:56:29 gtw01 dnsmasq-dhcp[21246]: read /var/lib/neutron/dhcp/e7812da2-66f5-40d8-bf1a-d4907c506b9a/host
Aug 27 14:56:29 gtw01 dnsmasq-dhcp[21246]: read /var/lib/neutron/dhcp/e7812da2-66f5-40d8-bf1a-d4907c506b9a/opts
Aug 27 14:56:29 gtw01 dnsmasq[21983]: read /var/lib/neutron/dhcp/0006a513-5bf6-46d5-95ee-f9361c7aba53/addn_hosts - 3 addresses
Aug 27 14:56:29 gtw01 dnsmasq-dhcp[21983]: read /var/lib/neutron/dhcp/0006a513-5bf6-46d5-95ee-f9361c7aba53/host
Aug 27 14:56:29 gtw01 dnsmasq-dhcp[21983]: read /var/lib/neutron/dhcp/0006a513-5bf6-46d5-95ee-f9361c7aba53/opts
Aug 27 14:56:32 gtw01 dnsmasq-dhcp[21246]: DHCPRELEASE(tape9a3cc68-02) 192.168.120.140 fa:16:3e:58:e3:23
Aug 27 14:56:32 gtw01 dnsmasq-dhcp[21246]: DHCPRELEASE(tape9a3cc68-02) 192.168.120.140 fa:16:3e:58:e3:23 unknown lease
Aug 27 14:56:33 gtw01 dnsmasq[21246]: read /var/lib/neutron/dhcp/e7812da2-66f5-40d8-bf1a-d4907c506b9a/addn_hosts - 2 addresses
Aug 27 14:56:33 gtw01 dnsmasq-dhcp[21246]: read /var/lib/neutron/dhcp/e7812da2-66f5-40d8-bf1a-d4907c506b9a/host
Aug 27 14:56:33 gtw01 dnsmasq-dhcp[21246]: read /var/lib/neutron/dhcp/e7812da2-66f5-40d8-bf1a-d4907c506b9a/opts
Aug 27 14:56:42 gtw01 dnsmasq-dhcp[21983]: DHCPDISCOVER(tap19867af6-99) fa:16:3e:38:02:61
Aug 27 14:56:42 gtw01 dnsmasq-dhcp[21983]: DHCPOFFER(tap19867af6-99) 192.168.120.10 fa:16:3e:38:02:61
Aug 27 14:56:42 gtw01 dnsmasq-dhcp[21983]: DHCPREQUEST(tap19867af6-99) 192.168.120.10 fa:16:3e:38:02:61
Aug 27 14:56:42 gtw01 dnsmasq-dhcp[21983]: DHCPACK(tap19867af6-99) 192.168.120.10 fa:16:3e:38:02:61 host-192-168-120-10
Aug 27 14:56:42 gtw01 dnsmasq[21246]: read /var/lib/neutron/dhcp/e7812da2-66f5-40d8-bf1a-d4907c506b9a/addn_hosts - 3 addresses
Aug 27 14:56:42 gtw01 dnsmasq-dhcp[21246]: read /var/lib/neutron/dhcp/e7812da2-66f5-40d8-bf1a-d4907c506b9a/host
Aug 27 14:56:42 gtw01 dnsmasq-dhcp[21246]: read /var/lib/neutron/dhcp/e7812da2-66f5-40d8-bf1a-d4907c506b9a/opts
Aug 27 14:56:43 gtw01 dnsmasq[21246]: read /var/lib/neutron/dhcp/e7812da2-66f5-40d8-bf1a-d4907c506b9a/addn_hosts - 3 addresses
Aug 27 14:56:43 gtw01 dnsmasq-dhcp[21246]: read /var/lib/neutron/dhcp/e7812da2-66f5-40d8-bf1a-d4907c506b9a/host
Aug 27 14:56:43 gtw01 dnsmasq-dhcp[21246]: read /var/lib/neutron/dhcp/e7812da2-66f5-40d8-bf1a-d4907c506b9a/opts
