Aug 27 15:51:50 gtw01 dnsmasq-dhcp[30663]: DHCP, static leases only on 192.168.120.0, lease time 1h
Aug 27 15:51:50 gtw01 dnsmasq[30663]: read /var/lib/neutron/dhcp/6a9732d3-b1ec-46e3-b2b4-d5d2f97fe963/addn_hosts - 1 addresses
Aug 27 15:51:50 gtw01 dnsmasq-dhcp[30663]: read /var/lib/neutron/dhcp/6a9732d3-b1ec-46e3-b2b4-d5d2f97fe963/host
Aug 27 15:51:50 gtw01 dnsmasq-dhcp[30663]: read /var/lib/neutron/dhcp/6a9732d3-b1ec-46e3-b2b4-d5d2f97fe963/opts
Aug 27 15:51:50 gtw01 systemd-udevd[30571]: Process '/sbin/ip link set tap0ffd4207-b4 txqueuelen 10000' failed with exit code 1.
Aug 27 15:51:50 gtw01 systemd-udevd[30695]: link_config: autonegotiation is unset or enabled, the speed and duplex are not writable.
Aug 27 15:51:50 gtw01 systemd-udevd[30695]: Could not generate persistent MAC address for tapd2956ca7-da: No such file or directory
Aug 27 15:51:50 gtw01 kernel: [ 9577.668871] device tapd2956ca7-da entered promiscuous mode
Aug 27 15:51:50 gtw01 systemd-udevd[30695]: Process '/sbin/ip link set tapd2956ca7-da txqueuelen 10000' failed with exit code 1.
Aug 27 15:51:50 gtw01 systemd-udevd[30695]: Process '/sbin/ip link set tapd2956ca7-da txqueuelen 10000' failed with exit code 1.
Aug 27 15:51:51 gtw01 dnsmasq[30171]: read /var/lib/neutron/dhcp/d8916b70-6378-4dc3-93c3-a01c9e420d47/addn_hosts - 1 addresses
Aug 27 15:51:51 gtw01 dnsmasq-dhcp[30171]: read /var/lib/neutron/dhcp/d8916b70-6378-4dc3-93c3-a01c9e420d47/host
Aug 27 15:51:51 gtw01 dnsmasq-dhcp[30171]: read /var/lib/neutron/dhcp/d8916b70-6378-4dc3-93c3-a01c9e420d47/opts
Aug 27 15:51:51 gtw01 dnsmasq[30560]: read /var/lib/neutron/dhcp/8c5b97c8-1e37-4605-b98c-b59ee7220f0a/addn_hosts - 1 addresses
Aug 27 15:51:51 gtw01 dnsmasq-dhcp[30560]: read /var/lib/neutron/dhcp/8c5b97c8-1e37-4605-b98c-b59ee7220f0a/host
Aug 27 15:51:51 gtw01 dnsmasq-dhcp[30560]: read /var/lib/neutron/dhcp/8c5b97c8-1e37-4605-b98c-b59ee7220f0a/opts
Aug 27 15:51:52 gtw01 systemd-udevd[30919]: link_config: autonegotiation is unset or enabled, the speed and duplex are not writable.
Aug 27 15:51:52 gtw01 systemd-udevd[30919]: Could not generate persistent MAC address for qg-f401ccee-ef: No such file or directory
Aug 27 15:51:52 gtw01 kernel: [ 9579.500742] device qg-f401ccee-ef entered promiscuous mode
Aug 27 15:51:52 gtw01 dnsmasq[30663]: read /var/lib/neutron/dhcp/6a9732d3-b1ec-46e3-b2b4-d5d2f97fe963/addn_hosts - 1 addresses
Aug 27 15:51:52 gtw01 dnsmasq-dhcp[30663]: read /var/lib/neutron/dhcp/6a9732d3-b1ec-46e3-b2b4-d5d2f97fe963/host
Aug 27 15:51:52 gtw01 dnsmasq-dhcp[30663]: read /var/lib/neutron/dhcp/6a9732d3-b1ec-46e3-b2b4-d5d2f97fe963/opts
Aug 27 15:51:52 gtw01 dnsmasq[30195]: read /var/lib/neutron/dhcp/14ce5f25-cda9-4e4c-8b4a-0a3e937b640d/addn_hosts - 2 addresses
Aug 27 15:51:52 gtw01 dnsmasq-dhcp[30195]: read /var/lib/neutron/dhcp/14ce5f25-cda9-4e4c-8b4a-0a3e937b640d/host
Aug 27 15:51:52 gtw01 dnsmasq-dhcp[30195]: read /var/lib/neutron/dhcp/14ce5f25-cda9-4e4c-8b4a-0a3e937b640d/opts
Aug 27 15:51:53 gtw01 systemd-udevd[31045]: link_config: autonegotiation is unset or enabled, the speed and duplex are not writable.
Aug 27 15:51:53 gtw01 systemd-udevd[31045]: Could not generate persistent MAC address for qg-b4210c1a-ed: No such file or directory
Aug 27 15:51:53 gtw01 kernel: [ 9580.264787] device qg-b4210c1a-ed entered promiscuous mode
Aug 27 15:51:53 gtw01 dnsmasq[30171]: read /var/lib/neutron/dhcp/d8916b70-6378-4dc3-93c3-a01c9e420d47/addn_hosts - 2 addresses
Aug 27 15:51:53 gtw01 dnsmasq-dhcp[30171]: read /var/lib/neutron/dhcp/d8916b70-6378-4dc3-93c3-a01c9e420d47/host
Aug 27 15:51:53 gtw01 dnsmasq-dhcp[30171]: read /var/lib/neutron/dhcp/d8916b70-6378-4dc3-93c3-a01c9e420d47/opts
Aug 27 15:51:54 gtw01 dnsmasq[30560]: read /var/lib/neutron/dhcp/8c5b97c8-1e37-4605-b98c-b59ee7220f0a/addn_hosts - 1 addresses
Aug 27 15:51:54 gtw01 dnsmasq-dhcp[30560]: read /var/lib/neutron/dhcp/8c5b97c8-1e37-4605-b98c-b59ee7220f0a/host
Aug 27 15:51:54 gtw01 dnsmasq-dhcp[30560]: read /var/lib/neutron/dhcp/8c5b97c8-1e37-4605-b98c-b59ee7220f0a/opts
Aug 27 15:51:54 gtw01 systemd-udevd[31221]: link_config: autonegotiation is unset or enabled, the speed and duplex are not writable.
Aug 27 15:51:54 gtw01 systemd-udevd[31221]: Could not generate persistent MAC address for qr-a7ef735e-2a: No such file or directory
Aug 27 15:51:54 gtw01 kernel: [ 9581.460812] device qr-a7ef735e-2a entered promiscuous mode
Aug 27 15:51:55 gtw01 dnsmasq[30195]: read /var/lib/neutron/dhcp/14ce5f25-cda9-4e4c-8b4a-0a3e937b640d/addn_hosts - 2 addresses
Aug 27 15:51:55 gtw01 dnsmasq-dhcp[30195]: read /var/lib/neutron/dhcp/14ce5f25-cda9-4e4c-8b4a-0a3e937b640d/host
Aug 27 15:51:55 gtw01 dnsmasq-dhcp[30195]: read /var/lib/neutron/dhcp/14ce5f25-cda9-4e4c-8b4a-0a3e937b640d/opts
Aug 27 15:51:55 gtw01 dnsmasq[30663]: read /var/lib/neutron/dhcp/6a9732d3-b1ec-46e3-b2b4-d5d2f97fe963/addn_hosts - 1 addresses
Aug 27 15:51:55 gtw01 dnsmasq-dhcp[30663]: read /var/lib/neutron/dhcp/6a9732d3-b1ec-46e3-b2b4-d5d2f97fe963/host
Aug 27 15:51:55 gtw01 dnsmasq-dhcp[30663]: read /var/lib/neutron/dhcp/6a9732d3-b1ec-46e3-b2b4-d5d2f97fe963/opts
Aug 27 15:51:55 gtw01 systemd-udevd[31397]: link_config: autonegotiation is unset or enabled, the speed and duplex are not writable.
Aug 27 15:51:55 gtw01 systemd-udevd[31397]: Could not generate persistent MAC address for qg-dff444ac-3e: No such file or directory
Aug 27 15:51:55 gtw01 kernel: [ 9582.761804] device qg-dff444ac-3e entered promiscuous mode
Aug 27 15:51:56 gtw01 dnsmasq[31483]: started, version 2.79 cachesize 150
Aug 27 15:51:56 gtw01 dnsmasq[31483]: DNS service limited to local subnets
Aug 27 15:51:56 gtw01 dnsmasq[31483]: compile time options: IPv6 GNU-getopt DBus i18n IDN DHCP DHCPv6 no-Lua TFTP conntrack ipset auth DNSSEC loop-detect inotify
Aug 27 15:51:56 gtw01 dnsmasq[31483]: warning: no upstream servers configured
Aug 27 15:51:56 gtw01 dnsmasq-dhcp[31483]: DHCP, static leases only on 192.168.120.0, lease time 1h
Aug 27 15:51:56 gtw01 dnsmasq[31483]: read /var/lib/neutron/dhcp/06be4fe9-86dc-4157-ac1b-3f193765ef5b/addn_hosts - 1 addresses
Aug 27 15:51:56 gtw01 dnsmasq-dhcp[31483]: read /var/lib/neutron/dhcp/06be4fe9-86dc-4157-ac1b-3f193765ef5b/host
Aug 27 15:51:56 gtw01 dnsmasq-dhcp[31483]: read /var/lib/neutron/dhcp/06be4fe9-86dc-4157-ac1b-3f193765ef5b/opts
Aug 27 15:51:56 gtw01 kernel: [ 9583.488861] IPv4: martian source 192.168.120.1 from 192.168.120.1, on dev qg-dff444ac-3e
Aug 27 15:51:56 gtw01 kernel: [ 9583.488863] ll header: 00000000: ff ff ff ff ff ff fa 16 3e 53 9e b0 08 06        ........>S....
Aug 27 15:51:56 gtw01 systemd-udevd[31550]: link_config: autonegotiation is unset or enabled, the speed and duplex are not writable.
Aug 27 15:51:56 gtw01 systemd-udevd[31550]: Could not generate persistent MAC address for qg-af72f2e8-6d: No such file or directory
Aug 27 15:51:56 gtw01 kernel: [ 9583.767745] device qg-af72f2e8-6d entered promiscuous mode
Aug 27 15:51:57 gtw01 dnsmasq[29212]: read /var/lib/neutron/dhcp/9881f517-93c3-422f-a3f5-b82bbe17a1d7/addn_hosts - 3 addresses
Aug 27 15:51:57 gtw01 dnsmasq-dhcp[29212]: read /var/lib/neutron/dhcp/9881f517-93c3-422f-a3f5-b82bbe17a1d7/host
Aug 27 15:51:57 gtw01 dnsmasq-dhcp[29212]: read /var/lib/neutron/dhcp/9881f517-93c3-422f-a3f5-b82bbe17a1d7/opts
Aug 27 15:51:57 gtw01 dnsmasq[30560]: read /var/lib/neutron/dhcp/8c5b97c8-1e37-4605-b98c-b59ee7220f0a/addn_hosts - 2 addresses
Aug 27 15:51:57 gtw01 dnsmasq-dhcp[30560]: read /var/lib/neutron/dhcp/8c5b97c8-1e37-4605-b98c-b59ee7220f0a/host
Aug 27 15:51:57 gtw01 dnsmasq-dhcp[30560]: read /var/lib/neutron/dhcp/8c5b97c8-1e37-4605-b98c-b59ee7220f0a/opts
Aug 27 15:51:57 gtw01 dnsmasq[30195]: read /var/lib/neutron/dhcp/14ce5f25-cda9-4e4c-8b4a-0a3e937b640d/addn_hosts - 2 addresses
Aug 27 15:51:57 gtw01 dnsmasq-dhcp[30195]: read /var/lib/neutron/dhcp/14ce5f25-cda9-4e4c-8b4a-0a3e937b640d/host
Aug 27 15:51:57 gtw01 dnsmasq-dhcp[30195]: read /var/lib/neutron/dhcp/14ce5f25-cda9-4e4c-8b4a-0a3e937b640d/opts
Aug 27 15:51:57 gtw01 dnsmasq[31708]: started, version 2.79 cachesize 150
Aug 27 15:51:57 gtw01 dnsmasq[31708]: DNS service limited to local subnets
Aug 27 15:51:57 gtw01 dnsmasq[31708]: compile time options: IPv6 GNU-getopt DBus i18n IDN DHCP DHCPv6 no-Lua TFTP conntrack ipset auth DNSSEC loop-detect inotify
Aug 27 15:51:57 gtw01 dnsmasq[31708]: warning: no upstream servers configured
Aug 27 15:51:57 gtw01 dnsmasq-dhcp[31708]: DHCP, static leases only on 192.168.120.0, lease time 1h
Aug 27 15:51:57 gtw01 dnsmasq[31708]: read /var/lib/neutron/dhcp/ffccc3d9-5203-402b-9ac3-ee4544c4f187/addn_hosts - 1 addresses
Aug 27 15:51:57 gtw01 dnsmasq-dhcp[31708]: read /var/lib/neutron/dhcp/ffccc3d9-5203-402b-9ac3-ee4544c4f187/host
Aug 27 15:51:57 gtw01 dnsmasq-dhcp[31708]: read /var/lib/neutron/dhcp/ffccc3d9-5203-402b-9ac3-ee4544c4f187/opts
Aug 27 15:51:57 gtw01 dnsmasq[31717]: started, version 2.79 cachesize 150
Aug 27 15:51:57 gtw01 dnsmasq[31717]: DNS service limited to local subnets
Aug 27 15:51:57 gtw01 dnsmasq[31717]: compile time options: IPv6 GNU-getopt DBus i18n IDN DHCP DHCPv6 no-Lua TFTP conntrack ipset auth DNSSEC loop-detect inotify
Aug 27 15:51:57 gtw01 dnsmasq[31717]: warning: no upstream servers configured
Aug 27 15:51:57 gtw01 dnsmasq-dhcp[31717]: DHCP, static leases only on 192.168.120.0, lease time 1h
Aug 27 15:51:57 gtw01 dnsmasq[31717]: read /var/lib/neutron/dhcp/89040ff2-a17b-422e-aa4b-dad77474b5b7/addn_hosts - 1 addresses
Aug 27 15:51:57 gtw01 dnsmasq-dhcp[31717]: read /var/lib/neutron/dhcp/89040ff2-a17b-422e-aa4b-dad77474b5b7/host
Aug 27 15:51:57 gtw01 dnsmasq-dhcp[31717]: read /var/lib/neutron/dhcp/89040ff2-a17b-422e-aa4b-dad77474b5b7/opts
Aug 27 15:51:58 gtw01 dnsmasq[31483]: read /var/lib/neutron/dhcp/06be4fe9-86dc-4157-ac1b-3f193765ef5b/addn_hosts - 1 addresses
Aug 27 15:51:58 gtw01 dnsmasq-dhcp[31483]: read /var/lib/neutron/dhcp/06be4fe9-86dc-4157-ac1b-3f193765ef5b/host
Aug 27 15:51:58 gtw01 dnsmasq-dhcp[31483]: read /var/lib/neutron/dhcp/06be4fe9-86dc-4157-ac1b-3f193765ef5b/opts
Aug 27 15:51:58 gtw01 dnsmasq[30663]: read /var/lib/neutron/dhcp/6a9732d3-b1ec-46e3-b2b4-d5d2f97fe963/addn_hosts - 2 addresses
Aug 27 15:51:58 gtw01 dnsmasq-dhcp[30663]: read /var/lib/neutron/dhcp/6a9732d3-b1ec-46e3-b2b4-d5d2f97fe963/host
Aug 27 15:51:58 gtw01 dnsmasq-dhcp[30663]: read /var/lib/neutron/dhcp/6a9732d3-b1ec-46e3-b2b4-d5d2f97fe963/opts
Aug 27 15:51:59 gtw01 kernel: [ 9586.568666] IPv4: martian source 10.16.0.194 from 10.16.0.194, on dev qr-a7ef735e-2a
Aug 27 15:51:59 gtw01 kernel: [ 9586.568669] ll header: 00000000: ff ff ff ff ff ff fa 16 3e 25 78 41 08 06        ........>%xA..
Aug 27 15:51:59 gtw01 dnsmasq[31844]: started, version 2.79 cachesize 150
Aug 27 15:51:59 gtw01 dnsmasq[31844]: DNS service limited to local subnets
Aug 27 15:51:59 gtw01 dnsmasq[31844]: compile time options: IPv6 GNU-getopt DBus i18n IDN DHCP DHCPv6 no-Lua TFTP conntrack ipset auth DNSSEC loop-detect inotify
Aug 27 15:51:59 gtw01 dnsmasq[31844]: warning: no upstream servers configured
Aug 27 15:51:59 gtw01 dnsmasq-dhcp[31844]: DHCP, static leases only on 192.168.120.0, lease time 1h
Aug 27 15:51:59 gtw01 dnsmasq[31844]: read /var/lib/neutron/dhcp/62ffed9d-326a-435d-bc91-486d6aa6ebdf/addn_hosts - 1 addresses
Aug 27 15:51:59 gtw01 dnsmasq-dhcp[31844]: read /var/lib/neutron/dhcp/62ffed9d-326a-435d-bc91-486d6aa6ebdf/host
Aug 27 15:51:59 gtw01 dnsmasq-dhcp[31844]: read /var/lib/neutron/dhcp/62ffed9d-326a-435d-bc91-486d6aa6ebdf/opts
Aug 27 15:51:59 gtw01 systemd-udevd[31869]: link_config: autonegotiation is unset or enabled, the speed and duplex are not writable.
Aug 27 15:51:59 gtw01 systemd-udevd[31869]: Could not generate persistent MAC address for qg-643c51cf-86: No such file or directory
Aug 27 15:51:59 gtw01 kernel: [ 9586.816735] device qg-643c51cf-86 entered promiscuous mode
Aug 27 15:52:00 gtw01 dnsmasq[31708]: read /var/lib/neutron/dhcp/ffccc3d9-5203-402b-9ac3-ee4544c4f187/addn_hosts - 2 addresses
Aug 27 15:52:00 gtw01 dnsmasq-dhcp[31708]: read /var/lib/neutron/dhcp/ffccc3d9-5203-402b-9ac3-ee4544c4f187/host
Aug 27 15:52:00 gtw01 dnsmasq-dhcp[31708]: read /var/lib/neutron/dhcp/ffccc3d9-5203-402b-9ac3-ee4544c4f187/opts
Aug 27 15:52:00 gtw01 dnsmasq[31717]: read /var/lib/neutron/dhcp/89040ff2-a17b-422e-aa4b-dad77474b5b7/addn_hosts - 2 addresses
Aug 27 15:52:00 gtw01 dnsmasq-dhcp[31717]: read /var/lib/neutron/dhcp/89040ff2-a17b-422e-aa4b-dad77474b5b7/host
Aug 27 15:52:00 gtw01 dnsmasq-dhcp[31717]: read /var/lib/neutron/dhcp/89040ff2-a17b-422e-aa4b-dad77474b5b7/opts
Aug 27 15:52:00 gtw01 dnsmasq[30195]: read /var/lib/neutron/dhcp/14ce5f25-cda9-4e4c-8b4a-0a3e937b640d/addn_hosts - 2 addresses
Aug 27 15:52:00 gtw01 dnsmasq-dhcp[30195]: read /var/lib/neutron/dhcp/14ce5f25-cda9-4e4c-8b4a-0a3e937b640d/host
Aug 27 15:52:00 gtw01 dnsmasq-dhcp[30195]: read /var/lib/neutron/dhcp/14ce5f25-cda9-4e4c-8b4a-0a3e937b640d/opts
Aug 27 15:52:00 gtw01 kernel: [ 9587.496562] IPv4: martian source 192.168.120.1 from 192.168.120.1, on dev qg-dff444ac-3e
Aug 27 15:52:00 gtw01 kernel: [ 9587.496565] ll header: 00000000: ff ff ff ff ff ff fa 16 3e 53 9e b0 08 06        ........>S....
Aug 27 15:52:00 gtw01 dnsmasq[31483]: read /var/lib/neutron/dhcp/06be4fe9-86dc-4157-ac1b-3f193765ef5b/addn_hosts - 1 addresses
Aug 27 15:52:00 gtw01 dnsmasq-dhcp[31483]: read /var/lib/neutron/dhcp/06be4fe9-86dc-4157-ac1b-3f193765ef5b/host
Aug 27 15:52:00 gtw01 dnsmasq-dhcp[31483]: read /var/lib/neutron/dhcp/06be4fe9-86dc-4157-ac1b-3f193765ef5b/opts
Aug 27 15:52:00 gtw01 kernel: [ 9587.872715] IPv4: martian source 10.16.0.158 from 10.16.0.158, on dev qr-a7ef735e-2a
Aug 27 15:52:00 gtw01 kernel: [ 9587.872718] ll header: 00000000: ff ff ff ff ff ff fa 16 3e 15 ae e8 08 06        ........>.....
Aug 27 15:52:01 gtw01 dnsmasq[30171]: read /var/lib/neutron/dhcp/d8916b70-6378-4dc3-93c3-a01c9e420d47/addn_hosts - 2 addresses
Aug 27 15:52:01 gtw01 dnsmasq-dhcp[30171]: read /var/lib/neutron/dhcp/d8916b70-6378-4dc3-93c3-a01c9e420d47/host
Aug 27 15:52:01 gtw01 dnsmasq-dhcp[30171]: read /var/lib/neutron/dhcp/d8916b70-6378-4dc3-93c3-a01c9e420d47/opts
Aug 27 15:52:01 gtw01 dnsmasq[30560]: read /var/lib/neutron/dhcp/8c5b97c8-1e37-4605-b98c-b59ee7220f0a/addn_hosts - 2 addresses
Aug 27 15:52:01 gtw01 dnsmasq-dhcp[30560]: read /var/lib/neutron/dhcp/8c5b97c8-1e37-4605-b98c-b59ee7220f0a/host
Aug 27 15:52:01 gtw01 dnsmasq-dhcp[30560]: read /var/lib/neutron/dhcp/8c5b97c8-1e37-4605-b98c-b59ee7220f0a/opts
Aug 27 15:52:01 gtw01 systemd-udevd[32085]: link_config: autonegotiation is unset or enabled, the speed and duplex are not writable.
Aug 27 15:52:01 gtw01 systemd-udevd[32085]: Could not generate persistent MAC address for qg-2da548d1-51: No such file or directory
Aug 27 15:52:01 gtw01 kernel: [ 9588.920759] device qg-2da548d1-51 entered promiscuous mode
Aug 27 15:52:01 gtw01 dnsmasq[31844]: read /var/lib/neutron/dhcp/62ffed9d-326a-435d-bc91-486d6aa6ebdf/addn_hosts - 2 addresses
Aug 27 15:52:01 gtw01 dnsmasq-dhcp[31844]: read /var/lib/neutron/dhcp/62ffed9d-326a-435d-bc91-486d6aa6ebdf/host
Aug 27 15:52:01 gtw01 dnsmasq-dhcp[31844]: read /var/lib/neutron/dhcp/62ffed9d-326a-435d-bc91-486d6aa6ebdf/opts
Aug 27 15:52:03 gtw01 kernel: [ 9590.409267] device qr-3ae2a6a1-48 entered promiscuous mode
Aug 27 15:52:03 gtw01 systemd-udevd[32272]: link_config: autonegotiation is unset or enabled, the speed and duplex are not writable.
Aug 27 15:52:03 gtw01 systemd-udevd[32272]: Could not generate persistent MAC address for qr-3ae2a6a1-48: No such file or directory
Aug 27 15:52:03 gtw01 kernel: [ 9590.864701] IPv4: martian source 10.16.0.194 from 10.16.0.194, on dev qr-a7ef735e-2a
Aug 27 15:52:03 gtw01 kernel: [ 9590.864704] ll header: 00000000: ff ff ff ff ff ff fa 16 3e 25 78 41 08 06        ........>%xA..
Aug 27 15:52:03 gtw01 dnsmasq[30663]: read /var/lib/neutron/dhcp/6a9732d3-b1ec-46e3-b2b4-d5d2f97fe963/addn_hosts - 2 addresses
Aug 27 15:52:03 gtw01 dnsmasq-dhcp[30663]: read /var/lib/neutron/dhcp/6a9732d3-b1ec-46e3-b2b4-d5d2f97fe963/host
Aug 27 15:52:03 gtw01 dnsmasq-dhcp[30663]: read /var/lib/neutron/dhcp/6a9732d3-b1ec-46e3-b2b4-d5d2f97fe963/opts
Aug 27 15:52:03 gtw01 systemd-udevd[32366]: link_config: autonegotiation is unset or enabled, the speed and duplex are not writable.
Aug 27 15:52:03 gtw01 systemd-udevd[32366]: Could not generate persistent MAC address for qg-93674048-10: No such file or directory
Aug 27 15:52:03 gtw01 kernel: [ 9590.912757] device qg-93674048-10 entered promiscuous mode
Aug 27 15:52:04 gtw01 dnsmasq[31483]: read /var/lib/neutron/dhcp/06be4fe9-86dc-4157-ac1b-3f193765ef5b/addn_hosts - 2 addresses
Aug 27 15:52:04 gtw01 dnsmasq-dhcp[31483]: read /var/lib/neutron/dhcp/06be4fe9-86dc-4157-ac1b-3f193765ef5b/host
Aug 27 15:52:04 gtw01 dnsmasq-dhcp[31483]: read /var/lib/neutron/dhcp/06be4fe9-86dc-4157-ac1b-3f193765ef5b/opts
Aug 27 15:52:04 gtw01 dnsmasq[31708]: read /var/lib/neutron/dhcp/ffccc3d9-5203-402b-9ac3-ee4544c4f187/addn_hosts - 2 addresses
Aug 27 15:52:04 gtw01 dnsmasq-dhcp[31708]: read /var/lib/neutron/dhcp/ffccc3d9-5203-402b-9ac3-ee4544c4f187/host
Aug 27 15:52:04 gtw01 dnsmasq-dhcp[31708]: read /var/lib/neutron/dhcp/ffccc3d9-5203-402b-9ac3-ee4544c4f187/opts
Aug 27 15:52:04 gtw01 kernel: [ 9591.884686] IPv4: martian source 192.168.120.1 from 192.168.120.1, on dev qr-3ae2a6a1-48
Aug 27 15:52:04 gtw01 kernel: [ 9591.884689] ll header: 00000000: ff ff ff ff ff ff fa 16 3e 53 9e b0 08 06        ........>S....
Aug 27 15:52:05 gtw01 dnsmasq[29212]: read /var/lib/neutron/dhcp/9881f517-93c3-422f-a3f5-b82bbe17a1d7/addn_hosts - 3 addresses
Aug 27 15:52:05 gtw01 dnsmasq-dhcp[29212]: read /var/lib/neutron/dhcp/9881f517-93c3-422f-a3f5-b82bbe17a1d7/host
Aug 27 15:52:05 gtw01 dnsmasq-dhcp[29212]: read /var/lib/neutron/dhcp/9881f517-93c3-422f-a3f5-b82bbe17a1d7/opts
Aug 27 15:52:05 gtw01 dnsmasq[31717]: read /var/lib/neutron/dhcp/89040ff2-a17b-422e-aa4b-dad77474b5b7/addn_hosts - 2 addresses
Aug 27 15:52:05 gtw01 dnsmasq-dhcp[31717]: read /var/lib/neutron/dhcp/89040ff2-a17b-422e-aa4b-dad77474b5b7/host
Aug 27 15:52:05 gtw01 dnsmasq-dhcp[31717]: read /var/lib/neutron/dhcp/89040ff2-a17b-422e-aa4b-dad77474b5b7/opts
Aug 27 15:52:05 gtw01 systemd-udevd[32573]: link_config: autonegotiation is unset or enabled, the speed and duplex are not writable.
Aug 27 15:52:05 gtw01 systemd-udevd[32573]: Could not generate persistent MAC address for tap10c3f306-b8: No such file or directory
Aug 27 15:52:05 gtw01 kernel: [ 9592.604736] device tap10c3f306-b8 entered promiscuous mode
Aug 27 15:52:05 gtw01 dnsmasq[30560]: read /var/lib/neutron/dhcp/8c5b97c8-1e37-4605-b98c-b59ee7220f0a/addn_hosts - 2 addresses
Aug 27 15:52:05 gtw01 dnsmasq-dhcp[30560]: read /var/lib/neutron/dhcp/8c5b97c8-1e37-4605-b98c-b59ee7220f0a/host
Aug 27 15:52:05 gtw01 dnsmasq-dhcp[30560]: read /var/lib/neutron/dhcp/8c5b97c8-1e37-4605-b98c-b59ee7220f0a/opts
Aug 27 15:52:05 gtw01 systemd-udevd[32573]: Process '/sbin/ip link set tap10c3f306-b8 txqueuelen 10000' failed with exit code 1.
Aug 27 15:52:05 gtw01 systemd-udevd[32656]: Process '/sbin/ip link set tap10c3f306-b8 txqueuelen 10000' failed with exit code 1.
Aug 27 15:52:06 gtw01 systemd-udevd[32712]: link_config: autonegotiation is unset or enabled, the speed and duplex are not writable.
Aug 27 15:52:06 gtw01 systemd-udevd[32712]: Could not generate persistent MAC address for tapfe6cb7b8-9d: No such file or directory
Aug 27 15:52:06 gtw01 kernel: [ 9593.464784] device tapfe6cb7b8-9d entered promiscuous mode
Aug 27 15:52:06 gtw01 systemd-udevd[32712]: Process '/sbin/ip link set tapfe6cb7b8-9d txqueuelen 10000' failed with exit code 1.
Aug 27 15:52:06 gtw01 systemd-udevd[339]: Process '/sbin/ip link set tapfe6cb7b8-9d txqueuelen 10000' failed with exit code 1.
Aug 27 15:52:07 gtw01 dnsmasq[31844]: read /var/lib/neutron/dhcp/62ffed9d-326a-435d-bc91-486d6aa6ebdf/addn_hosts - 2 addresses
Aug 27 15:52:07 gtw01 dnsmasq-dhcp[31844]: read /var/lib/neutron/dhcp/62ffed9d-326a-435d-bc91-486d6aa6ebdf/host
Aug 27 15:52:07 gtw01 dnsmasq-dhcp[31844]: read /var/lib/neutron/dhcp/62ffed9d-326a-435d-bc91-486d6aa6ebdf/opts
Aug 27 15:52:07 gtw01 systemd-udevd[406]: link_config: autonegotiation is unset or enabled, the speed and duplex are not writable.
Aug 27 15:52:07 gtw01 systemd-udevd[406]: Could not generate persistent MAC address for qg-a9f73b30-51: No such file or directory
Aug 27 15:52:07 gtw01 kernel: [ 9594.520782] device qg-a9f73b30-51 entered promiscuous mode
Aug 27 15:52:07 gtw01 dnsmasq[30663]: read /var/lib/neutron/dhcp/6a9732d3-b1ec-46e3-b2b4-d5d2f97fe963/addn_hosts - 2 addresses
Aug 27 15:52:07 gtw01 dnsmasq-dhcp[30663]: read /var/lib/neutron/dhcp/6a9732d3-b1ec-46e3-b2b4-d5d2f97fe963/host
Aug 27 15:52:07 gtw01 dnsmasq-dhcp[30663]: read /var/lib/neutron/dhcp/6a9732d3-b1ec-46e3-b2b4-d5d2f97fe963/opts
Aug 27 15:52:08 gtw01 dnsmasq[31708]: read /var/lib/neutron/dhcp/ffccc3d9-5203-402b-9ac3-ee4544c4f187/addn_hosts - 2 addresses
Aug 27 15:52:08 gtw01 dnsmasq-dhcp[31708]: read /var/lib/neutron/dhcp/ffccc3d9-5203-402b-9ac3-ee4544c4f187/host
Aug 27 15:52:08 gtw01 dnsmasq-dhcp[31708]: read /var/lib/neutron/dhcp/ffccc3d9-5203-402b-9ac3-ee4544c4f187/opts
Aug 27 15:52:08 gtw01 kernel: [ 9595.560787] IPv4: martian source 192.168.120.1 from 192.168.120.1, on dev qr-a7ef735e-2a
Aug 27 15:52:08 gtw01 kernel: [ 9595.560790] ll header: 00000000: ff ff ff ff ff ff fa 16 3e 04 99 18 08 06        ........>.....
Aug 27 15:52:08 gtw01 kernel: [ 9595.560797] IPv4: martian source 192.168.120.1 from 192.168.120.1, on dev qg-a9f73b30-51
Aug 27 15:52:08 gtw01 kernel: [ 9595.560798] ll header: 00000000: ff ff ff ff ff ff fa 16 3e 04 99 18 08 06        ........>.....
Aug 27 15:52:08 gtw01 dnsmasq[31717]: read /var/lib/neutron/dhcp/89040ff2-a17b-422e-aa4b-dad77474b5b7/addn_hosts - 2 addresses
Aug 27 15:52:08 gtw01 dnsmasq-dhcp[31717]: read /var/lib/neutron/dhcp/89040ff2-a17b-422e-aa4b-dad77474b5b7/host
Aug 27 15:52:08 gtw01 dnsmasq-dhcp[31717]: read /var/lib/neutron/dhcp/89040ff2-a17b-422e-aa4b-dad77474b5b7/opts
Aug 27 15:52:08 gtw01 dnsmasq[31483]: read /var/lib/neutron/dhcp/06be4fe9-86dc-4157-ac1b-3f193765ef5b/addn_hosts - 2 addresses
Aug 27 15:52:08 gtw01 dnsmasq-dhcp[31483]: read /var/lib/neutron/dhcp/06be4fe9-86dc-4157-ac1b-3f193765ef5b/host
Aug 27 15:52:08 gtw01 dnsmasq-dhcp[31483]: read /var/lib/neutron/dhcp/06be4fe9-86dc-4157-ac1b-3f193765ef5b/opts
Aug 27 15:52:09 gtw01 systemd-udevd[637]: link_config: autonegotiation is unset or enabled, the speed and duplex are not writable.
Aug 27 15:52:09 gtw01 systemd-udevd[637]: Could not generate persistent MAC address for vxlan_sys_4789: No such file or directory
Aug 27 15:52:09 gtw01 kernel: [ 9596.761693] device vxlan_sys_4789 entered promiscuous mode
Aug 27 15:52:10 gtw01 dnsmasq[31844]: read /var/lib/neutron/dhcp/62ffed9d-326a-435d-bc91-486d6aa6ebdf/addn_hosts - 2 addresses
Aug 27 15:52:10 gtw01 dnsmasq-dhcp[31844]: read /var/lib/neutron/dhcp/62ffed9d-326a-435d-bc91-486d6aa6ebdf/host
Aug 27 15:52:10 gtw01 dnsmasq-dhcp[31844]: read /var/lib/neutron/dhcp/62ffed9d-326a-435d-bc91-486d6aa6ebdf/opts
Aug 27 15:52:10 gtw01 dnsmasq[31708]: read /var/lib/neutron/dhcp/ffccc3d9-5203-402b-9ac3-ee4544c4f187/addn_hosts - 2 addresses
Aug 27 15:52:10 gtw01 dnsmasq-dhcp[31708]: read /var/lib/neutron/dhcp/ffccc3d9-5203-402b-9ac3-ee4544c4f187/host
Aug 27 15:52:10 gtw01 dnsmasq-dhcp[31708]: read /var/lib/neutron/dhcp/ffccc3d9-5203-402b-9ac3-ee4544c4f187/opts
Aug 27 15:52:11 gtw01 dnsmasq[31483]: read /var/lib/neutron/dhcp/06be4fe9-86dc-4157-ac1b-3f193765ef5b/addn_hosts - 2 addresses
Aug 27 15:52:11 gtw01 dnsmasq-dhcp[31483]: read /var/lib/neutron/dhcp/06be4fe9-86dc-4157-ac1b-3f193765ef5b/host
Aug 27 15:52:11 gtw01 dnsmasq-dhcp[31483]: read /var/lib/neutron/dhcp/06be4fe9-86dc-4157-ac1b-3f193765ef5b/opts
Aug 27 15:52:11 gtw01 dnsmasq[31717]: read /var/lib/neutron/dhcp/89040ff2-a17b-422e-aa4b-dad77474b5b7/addn_hosts - 2 addresses
Aug 27 15:52:11 gtw01 dnsmasq-dhcp[31717]: read /var/lib/neutron/dhcp/89040ff2-a17b-422e-aa4b-dad77474b5b7/host
Aug 27 15:52:11 gtw01 dnsmasq-dhcp[31717]: read /var/lib/neutron/dhcp/89040ff2-a17b-422e-aa4b-dad77474b5b7/opts
Aug 27 15:52:12 gtw01 dnsmasq[31844]: read /var/lib/neutron/dhcp/62ffed9d-326a-435d-bc91-486d6aa6ebdf/addn_hosts - 2 addresses
Aug 27 15:52:12 gtw01 dnsmasq-dhcp[31844]: read /var/lib/neutron/dhcp/62ffed9d-326a-435d-bc91-486d6aa6ebdf/host
Aug 27 15:52:12 gtw01 dnsmasq-dhcp[31844]: read /var/lib/neutron/dhcp/62ffed9d-326a-435d-bc91-486d6aa6ebdf/opts
Aug 27 15:52:13 gtw01 kernel: [ 9600.243309] device tapb0e1bcc0-d6 entered promiscuous mode
Aug 27 15:52:13 gtw01 systemd-udevd[958]: link_config: autonegotiation is unset or enabled, the speed and duplex are not writable.
Aug 27 15:52:13 gtw01 systemd-udevd[958]: Could not generate persistent MAC address for tapb0e1bcc0-d6: No such file or directory
Aug 27 15:52:13 gtw01 systemd-udevd[958]: Process '/sbin/ip link set tapb0e1bcc0-d6 txqueuelen 10000' failed with exit code 1.
Aug 27 15:52:13 gtw01 kernel: [ 9600.437789] IPv4: martian source 192.168.120.1 from 192.168.120.1, on dev qr-a7ef735e-2a
Aug 27 15:52:13 gtw01 kernel: [ 9600.437792] ll header: 00000000: ff ff ff ff ff ff fa 16 3e 04 99 18 08 06        ........>.....
Aug 27 15:52:13 gtw01 kernel: [ 9600.437823] IPv4: martian source 192.168.120.1 from 192.168.120.1, on dev qg-a9f73b30-51
Aug 27 15:52:13 gtw01 kernel: [ 9600.437825] ll header: 00000000: ff ff ff ff ff ff fa 16 3e 04 99 18 08 06        ........>.....
Aug 27 15:52:13 gtw01 systemd-udevd[1040]: Process '/sbin/ip link set tapb0e1bcc0-d6 txqueuelen 10000' failed with exit code 1.
Aug 27 15:52:13 gtw01 dnsmasq[31708]: read /var/lib/neutron/dhcp/ffccc3d9-5203-402b-9ac3-ee4544c4f187/addn_hosts - 2 addresses
Aug 27 15:52:13 gtw01 dnsmasq-dhcp[31708]: read /var/lib/neutron/dhcp/ffccc3d9-5203-402b-9ac3-ee4544c4f187/host
Aug 27 15:52:13 gtw01 dnsmasq-dhcp[31708]: read /var/lib/neutron/dhcp/ffccc3d9-5203-402b-9ac3-ee4544c4f187/opts
Aug 27 15:52:14 gtw01 dnsmasq[31717]: read /var/lib/neutron/dhcp/89040ff2-a17b-422e-aa4b-dad77474b5b7/addn_hosts - 2 addresses
Aug 27 15:52:14 gtw01 dnsmasq-dhcp[31717]: read /var/lib/neutron/dhcp/89040ff2-a17b-422e-aa4b-dad77474b5b7/host
Aug 27 15:52:14 gtw01 dnsmasq-dhcp[31717]: read /var/lib/neutron/dhcp/89040ff2-a17b-422e-aa4b-dad77474b5b7/opts
Aug 27 15:52:14 gtw01 kernel: [ 9601.588703] IPv4: martian source 10.16.0.247 from 10.16.0.247, on dev qr-a7ef735e-2a
Aug 27 15:52:14 gtw01 kernel: [ 9601.588706] ll header: 00000000: ff ff ff ff ff ff fa 16 3e 0a a9 70 08 06        ........>..p..
Aug 27 15:52:14 gtw01 kernel: [ 9601.588710] IPv4: martian source 10.16.0.247 from 10.16.0.247, on dev qr-3ae2a6a1-48
Aug 27 15:52:14 gtw01 kernel: [ 9601.588710] ll header: 00000000: ff ff ff ff ff ff fa 16 3e 0a a9 70 08 06        ........>..p..
Aug 27 15:52:15 gtw01 dnsmasq[1180]: started, version 2.79 cachesize 150
Aug 27 15:52:15 gtw01 dnsmasq[1180]: DNS service limited to local subnets
Aug 27 15:52:15 gtw01 dnsmasq[1180]: compile time options: IPv6 GNU-getopt DBus i18n IDN DHCP DHCPv6 no-Lua TFTP conntrack ipset auth DNSSEC loop-detect inotify
Aug 27 15:52:15 gtw01 dnsmasq[1180]: warning: no upstream servers configured
Aug 27 15:52:15 gtw01 dnsmasq-dhcp[1180]: DHCP, static leases only on 192.168.120.0, lease time 1h
Aug 27 15:52:15 gtw01 dnsmasq[1180]: read /var/lib/neutron/dhcp/93210e11-31ba-4a75-a69d-4cbf09e49b25/addn_hosts - 1 addresses
Aug 27 15:52:15 gtw01 dnsmasq-dhcp[1180]: read /var/lib/neutron/dhcp/93210e11-31ba-4a75-a69d-4cbf09e49b25/host
Aug 27 15:52:15 gtw01 dnsmasq-dhcp[1180]: read /var/lib/neutron/dhcp/93210e11-31ba-4a75-a69d-4cbf09e49b25/opts
Aug 27 15:52:15 gtw01 dnsmasq[1206]: started, version 2.79 cachesize 150
Aug 27 15:52:15 gtw01 dnsmasq[1206]: DNS service limited to local subnets
Aug 27 15:52:15 gtw01 dnsmasq[1206]: compile time options: IPv6 GNU-getopt DBus i18n IDN DHCP DHCPv6 no-Lua TFTP conntrack ipset auth DNSSEC loop-detect inotify
Aug 27 15:52:15 gtw01 dnsmasq[1206]: warning: no upstream servers configured
Aug 27 15:52:15 gtw01 dnsmasq-dhcp[1206]: DHCP, static leases only on 192.168.120.0, lease time 1h
Aug 27 15:52:15 gtw01 dnsmasq[1206]: read /var/lib/neutron/dhcp/a2ed1086-e5d8-4f7b-b45a-3a624bd1114c/addn_hosts - 1 addresses
Aug 27 15:52:15 gtw01 dnsmasq-dhcp[1206]: read /var/lib/neutron/dhcp/a2ed1086-e5d8-4f7b-b45a-3a624bd1114c/host
Aug 27 15:52:15 gtw01 dnsmasq-dhcp[1206]: read /var/lib/neutron/dhcp/a2ed1086-e5d8-4f7b-b45a-3a624bd1114c/opts
Aug 27 15:52:15 gtw01 systemd-udevd[1225]: link_config: autonegotiation is unset or enabled, the speed and duplex are not writable.
Aug 27 15:52:15 gtw01 systemd-udevd[1225]: Could not generate persistent MAC address for tapc2f94a5e-5a: No such file or directory
Aug 27 15:52:15 gtw01 kernel: [ 9602.780762] device tapc2f94a5e-5a entered promiscuous mode
Aug 27 15:52:15 gtw01 dnsmasq[31844]: read /var/lib/neutron/dhcp/62ffed9d-326a-435d-bc91-486d6aa6ebdf/addn_hosts - 2 addresses
Aug 27 15:52:15 gtw01 dnsmasq-dhcp[31844]: read /var/lib/neutron/dhcp/62ffed9d-326a-435d-bc91-486d6aa6ebdf/host
Aug 27 15:52:15 gtw01 dnsmasq-dhcp[31844]: read /var/lib/neutron/dhcp/62ffed9d-326a-435d-bc91-486d6aa6ebdf/opts
Aug 27 15:52:16 gtw01 systemd-udevd[1303]: Process '/sbin/ip link set tapc2f94a5e-5a txqueuelen 10000' failed with exit code 1.
Aug 27 15:52:16 gtw01 kernel: [ 9603.143531] device vxlan_sys_4789 left promiscuous mode
Aug 27 15:52:16 gtw01 ovs-vswitchd: ovs|00123|netdev_tc_offloads(revalidator32)|ERR|dump_create: failed to get ifindex for vxlan-0a010005: No such device
Aug 27 15:52:16 gtw01 kernel: [ 9603.312864] IPv4: martian source 10.16.0.122 from 10.16.0.122, on dev qr-a7ef735e-2a
Aug 27 15:52:16 gtw01 kernel: [ 9603.312867] ll header: 00000000: ff ff ff ff ff ff fa 16 3e e4 3b c0 08 06        ........>.;...
Aug 27 15:52:16 gtw01 kernel: [ 9603.312873] IPv4: martian source 10.16.0.122 from 10.16.0.122, on dev qr-3ae2a6a1-48
Aug 27 15:52:16 gtw01 kernel: [ 9603.312874] ll header: 00000000: ff ff ff ff ff ff fa 16 3e e4 3b c0 08 06        ........>.;...
Aug 27 15:52:16 gtw01 kernel: [ 9603.352718] device tap43544c29-c4 entered promiscuous mode
Aug 27 15:52:16 gtw01 systemd-udevd[1342]: link_config: autonegotiation is unset or enabled, the speed and duplex are not writable.
Aug 27 15:52:16 gtw01 systemd-udevd[1342]: Could not generate persistent MAC address for tap43544c29-c4: No such file or directory
Aug 27 15:52:16 gtw01 systemd-udevd[1342]: Process '/sbin/ip link set tap43544c29-c4 txqueuelen 10000' failed with exit code 1.
Aug 27 15:52:16 gtw01 systemd-udevd[1342]: Process '/sbin/ip link set tap43544c29-c4 txqueuelen 10000' failed with exit code 1.
Aug 27 15:52:17 gtw01 dnsmasq[29212]: read /var/lib/neutron/dhcp/9881f517-93c3-422f-a3f5-b82bbe17a1d7/addn_hosts - 3 addresses
Aug 27 15:52:17 gtw01 dnsmasq-dhcp[29212]: read /var/lib/neutron/dhcp/9881f517-93c3-422f-a3f5-b82bbe17a1d7/host
Aug 27 15:52:17 gtw01 dnsmasq-dhcp[29212]: read /var/lib/neutron/dhcp/9881f517-93c3-422f-a3f5-b82bbe17a1d7/opts
Aug 27 15:52:17 gtw01 kernel: [ 9604.756778] IPv4: martian source 192.168.120.1 from 192.168.120.1, on dev qr-a7ef735e-2a
Aug 27 15:52:17 gtw01 kernel: [ 9604.756781] ll header: 00000000: ff ff ff ff ff ff fa 16 3e 04 99 18 08 06        ........>.....
Aug 27 15:52:17 gtw01 kernel: [ 9604.756791] IPv4: martian source 192.168.120.1 from 192.168.120.1, on dev qg-a9f73b30-51
Aug 27 15:52:17 gtw01 kernel: [ 9604.756791] ll header: 00000000: ff ff ff ff ff ff fa 16 3e 04 99 18 08 06        ........>.....
Aug 27 15:52:18 gtw01 dnsmasq[31708]: read /var/lib/neutron/dhcp/ffccc3d9-5203-402b-9ac3-ee4544c4f187/addn_hosts - 3 addresses
Aug 27 15:52:18 gtw01 dnsmasq-dhcp[31708]: read /var/lib/neutron/dhcp/ffccc3d9-5203-402b-9ac3-ee4544c4f187/host
Aug 27 15:52:18 gtw01 dnsmasq-dhcp[31708]: read /var/lib/neutron/dhcp/ffccc3d9-5203-402b-9ac3-ee4544c4f187/opts
Aug 27 15:52:18 gtw01 kernel: [ 9605.268908] IPv4: martian source 10.16.0.121 from 10.16.0.121, on dev qr-a7ef735e-2a
Aug 27 15:52:18 gtw01 kernel: [ 9605.268912] ll header: 00000000: ff ff ff ff ff ff fa 16 3e 44 09 8e 08 06        ........>D....
Aug 27 15:52:18 gtw01 kernel: [ 9605.268916] IPv4: martian source 10.16.0.121 from 10.16.0.121, on dev qr-3ae2a6a1-48
Aug 27 15:52:18 gtw01 kernel: [ 9605.268917] ll header: 00000000: ff ff ff ff ff ff fa 16 3e 44 09 8e 08 06        ........>D....
Aug 27 15:52:18 gtw01 dnsmasq[1180]: read /var/lib/neutron/dhcp/93210e11-31ba-4a75-a69d-4cbf09e49b25/addn_hosts - 2 addresses
Aug 27 15:52:18 gtw01 dnsmasq-dhcp[1180]: read /var/lib/neutron/dhcp/93210e11-31ba-4a75-a69d-4cbf09e49b25/host
Aug 27 15:52:18 gtw01 dnsmasq-dhcp[1180]: read /var/lib/neutron/dhcp/93210e11-31ba-4a75-a69d-4cbf09e49b25/opts
Aug 27 15:52:18 gtw01 dnsmasq[30195]: read /var/lib/neutron/dhcp/14ce5f25-cda9-4e4c-8b4a-0a3e937b640d/addn_hosts - 1 addresses
Aug 27 15:52:18 gtw01 dnsmasq-dhcp[30195]: read /var/lib/neutron/dhcp/14ce5f25-cda9-4e4c-8b4a-0a3e937b640d/host
Aug 27 15:52:18 gtw01 dnsmasq-dhcp[30195]: read /var/lib/neutron/dhcp/14ce5f25-cda9-4e4c-8b4a-0a3e937b640d/opts
Aug 27 15:52:18 gtw01 kernel: [ 9605.896619] IPv4: martian source 10.16.0.247 from 10.16.0.247, on dev qr-a7ef735e-2a
Aug 27 15:52:18 gtw01 kernel: [ 9605.896622] ll header: 00000000: ff ff ff ff ff ff fa 16 3e 0a a9 70 08 06        ........>..p..
Aug 27 15:52:18 gtw01 kernel: [ 9605.896625] IPv4: martian source 10.16.0.247 from 10.16.0.247, on dev qr-3ae2a6a1-48
Aug 27 15:52:18 gtw01 kernel: [ 9605.896626] ll header: 00000000: ff ff ff ff ff ff fa 16 3e 0a a9 70 08 06        ........>..p..
Aug 27 15:52:19 gtw01 dnsmasq[30171]: read /var/lib/neutron/dhcp/d8916b70-6378-4dc3-93c3-a01c9e420d47/addn_hosts - 2 addresses
Aug 27 15:52:19 gtw01 dnsmasq-dhcp[30171]: read /var/lib/neutron/dhcp/d8916b70-6378-4dc3-93c3-a01c9e420d47/host
Aug 27 15:52:19 gtw01 dnsmasq-dhcp[30171]: read /var/lib/neutron/dhcp/d8916b70-6378-4dc3-93c3-a01c9e420d47/opts
Aug 27 15:52:19 gtw01 dnsmasq[1206]: read /var/lib/neutron/dhcp/a2ed1086-e5d8-4f7b-b45a-3a624bd1114c/addn_hosts - 2 addresses
Aug 27 15:52:19 gtw01 dnsmasq-dhcp[1206]: read /var/lib/neutron/dhcp/a2ed1086-e5d8-4f7b-b45a-3a624bd1114c/host
Aug 27 15:52:19 gtw01 dnsmasq-dhcp[1206]: read /var/lib/neutron/dhcp/a2ed1086-e5d8-4f7b-b45a-3a624bd1114c/opts
Aug 27 15:52:20 gtw01 kernel: [ 9607.224540] IPv4: martian source 10.16.0.122 from 10.16.0.122, on dev qr-a7ef735e-2a
Aug 27 15:52:20 gtw01 kernel: [ 9607.224543] ll header: 00000000: ff ff ff ff ff ff fa 16 3e e4 3b c0 08 06        ........>.;...
Aug 27 15:52:20 gtw01 kernel: [ 9607.224549] IPv4: martian source 10.16.0.122 from 10.16.0.122, on dev qr-3ae2a6a1-48
Aug 27 15:52:20 gtw01 kernel: [ 9607.224550] ll header: 00000000: ff ff ff ff ff ff fa 16 3e e4 3b c0 08 06        ........>.;...
Aug 27 15:52:20 gtw01 systemd-udevd[1739]: link_config: autonegotiation is unset or enabled, the speed and duplex are not writable.
Aug 27 15:52:20 gtw01 systemd-udevd[1739]: Could not generate persistent MAC address for qr-674a3f5d-8c: No such file or directory
Aug 27 15:52:20 gtw01 kernel: [ 9607.590010] device qr-674a3f5d-8c entered promiscuous mode
Aug 27 15:52:21 gtw01 dnsmasq[29212]: read /var/lib/neutron/dhcp/9881f517-93c3-422f-a3f5-b82bbe17a1d7/addn_hosts - 2 addresses
Aug 27 15:52:21 gtw01 dnsmasq-dhcp[29212]: read /var/lib/neutron/dhcp/9881f517-93c3-422f-a3f5-b82bbe17a1d7/host
Aug 27 15:52:21 gtw01 dnsmasq-dhcp[29212]: read /var/lib/neutron/dhcp/9881f517-93c3-422f-a3f5-b82bbe17a1d7/opts
Aug 27 15:52:22 gtw01 dnsmasq[1180]: read /var/lib/neutron/dhcp/93210e11-31ba-4a75-a69d-4cbf09e49b25/addn_hosts - 2 addresses
Aug 27 15:52:22 gtw01 dnsmasq-dhcp[1180]: read /var/lib/neutron/dhcp/93210e11-31ba-4a75-a69d-4cbf09e49b25/host
Aug 27 15:52:22 gtw01 dnsmasq-dhcp[1180]: read /var/lib/neutron/dhcp/93210e11-31ba-4a75-a69d-4cbf09e49b25/opts
Aug 27 15:52:22 gtw01 kernel: [ 9609.460594] IPv4: martian source 10.16.0.121 from 10.16.0.121, on dev qr-a7ef735e-2a
Aug 27 15:52:22 gtw01 kernel: [ 9609.460596] ll header: 00000000: ff ff ff ff ff ff fa 16 3e 44 09 8e 08 06        ........>D....
Aug 27 15:52:22 gtw01 kernel: [ 9609.460601] IPv4: martian source 10.16.0.121 from 10.16.0.121, on dev qr-3ae2a6a1-48
Aug 27 15:52:22 gtw01 kernel: [ 9609.460602] ll header: 00000000: ff ff ff ff ff ff fa 16 3e 44 09 8e 08 06        ........>D....
Aug 27 15:52:22 gtw01 kernel: [ 9609.460614] IPv4: martian source 10.16.0.121 from 10.16.0.121, on dev qr-674a3f5d-8c
Aug 27 15:52:22 gtw01 kernel: [ 9609.460615] ll header: 00000000: ff ff ff ff ff ff fa 16 3e 44 09 8e 08 06        ........>D....
Aug 27 15:52:22 gtw01 kernel: [ 9609.624684] IPv4: martian source 10.16.0.247 from 10.16.0.247, on dev qr-a7ef735e-2a
Aug 27 15:52:22 gtw01 kernel: [ 9609.624687] ll header: 00000000: ff ff ff ff ff ff fa 16 3e 0a a9 70 08 06        ........>..p..
Aug 27 15:52:22 gtw01 kernel: [ 9609.624691] IPv4: martian source 10.16.0.247 from 10.16.0.247, on dev qr-3ae2a6a1-48
Aug 27 15:52:22 gtw01 kernel: [ 9609.624692] ll header: 00000000: ff ff ff ff ff ff fa 16 3e 0a a9 70 08 06        ........>..p..
Aug 27 15:52:22 gtw01 kernel: [ 9609.624706] IPv4: martian source 10.16.0.247 from 10.16.0.247, on dev qr-674a3f5d-8c
Aug 27 15:52:22 gtw01 kernel: [ 9609.624707] ll header: 00000000: ff ff ff ff ff ff fa 16 3e 0a a9 70 08 06        ........>..p..
Aug 27 15:52:23 gtw01 dnsmasq[30171]: read /var/lib/neutron/dhcp/d8916b70-6378-4dc3-93c3-a01c9e420d47/addn_hosts - 2 addresses
Aug 27 15:52:23 gtw01 dnsmasq-dhcp[30171]: read /var/lib/neutron/dhcp/d8916b70-6378-4dc3-93c3-a01c9e420d47/host
Aug 27 15:52:23 gtw01 dnsmasq-dhcp[30171]: read /var/lib/neutron/dhcp/d8916b70-6378-4dc3-93c3-a01c9e420d47/opts
Aug 27 15:52:23 gtw01 dnsmasq[2018]: started, version 2.79 cachesize 150
Aug 27 15:52:23 gtw01 dnsmasq[2018]: DNS service limited to local subnets
Aug 27 15:52:23 gtw01 dnsmasq[2018]: compile time options: IPv6 GNU-getopt DBus i18n IDN DHCP DHCPv6 no-Lua TFTP conntrack ipset auth DNSSEC loop-detect inotify
Aug 27 15:52:23 gtw01 dnsmasq[2018]: warning: no upstream servers configured
Aug 27 15:52:23 gtw01 dnsmasq-dhcp[2018]: DHCP, static leases only on 192.168.120.0, lease time 1h
Aug 27 15:52:23 gtw01 dnsmasq[2018]: read /var/lib/neutron/dhcp/f4a1bf35-b883-4431-9c26-613c49a6a752/addn_hosts - 1 addresses
Aug 27 15:52:23 gtw01 dnsmasq-dhcp[2018]: read /var/lib/neutron/dhcp/f4a1bf35-b883-4431-9c26-613c49a6a752/host
Aug 27 15:52:23 gtw01 dnsmasq-dhcp[2018]: read /var/lib/neutron/dhcp/f4a1bf35-b883-4431-9c26-613c49a6a752/opts
Aug 27 15:52:23 gtw01 dnsmasq[31708]: read /var/lib/neutron/dhcp/ffccc3d9-5203-402b-9ac3-ee4544c4f187/addn_hosts - 3 addresses
Aug 27 15:52:23 gtw01 dnsmasq-dhcp[31708]: read /var/lib/neutron/dhcp/ffccc3d9-5203-402b-9ac3-ee4544c4f187/host
Aug 27 15:52:23 gtw01 dnsmasq-dhcp[31708]: read /var/lib/neutron/dhcp/ffccc3d9-5203-402b-9ac3-ee4544c4f187/opts
Aug 27 15:52:24 gtw01 systemd-udevd[2082]: link_config: autonegotiation is unset or enabled, the speed and duplex are not writable.
Aug 27 15:52:24 gtw01 systemd-udevd[2082]: Could not generate persistent MAC address for tapa6b0ee9f-8c: No such file or directory
Aug 27 15:52:24 gtw01 kernel: [ 9610.992755] device tapa6b0ee9f-8c entered promiscuous mode
Aug 27 15:52:24 gtw01 systemd-udevd[2082]: Process '/sbin/ip link set tapa6b0ee9f-8c txqueuelen 10000' failed with exit code 1.
Aug 27 15:52:24 gtw01 systemd-udevd[2152]: Process '/sbin/ip link set tapa6b0ee9f-8c txqueuelen 10000' failed with exit code 1.
Aug 27 15:52:24 gtw01 systemd-udevd[2197]: link_config: autonegotiation is unset or enabled, the speed and duplex are not writable.
Aug 27 15:52:24 gtw01 systemd-udevd[2197]: Could not generate persistent MAC address for qr-369332a2-5f: No such file or directory
Aug 27 15:52:24 gtw01 kernel: [ 9611.404771] device qr-369332a2-5f entered promiscuous mode
Aug 27 15:52:24 gtw01 kernel: [ 9611.416803] IPv4: martian source 192.168.120.1 from 192.168.120.1, on dev qr-a7ef735e-2a
Aug 27 15:52:24 gtw01 kernel: [ 9611.416806] ll header: 00000000: ff ff ff ff ff ff fa 16 3e cc f9 95 08 06        ........>.....
Aug 27 15:52:24 gtw01 kernel: [ 9611.416812] IPv4: martian source 192.168.120.1 from 192.168.120.1, on dev qr-3ae2a6a1-48
Aug 27 15:52:24 gtw01 kernel: [ 9611.416813] ll header: 00000000: ff ff ff ff ff ff fa 16 3e cc f9 95 08 06        ........>.....
Aug 27 15:52:24 gtw01 kernel: [ 9611.416820] IPv4: martian source 192.168.120.1 from 192.168.120.1, on dev qg-a9f73b30-51
Aug 27 15:52:24 gtw01 kernel: [ 9611.416820] ll header: 00000000: ff ff ff ff ff ff fa 16 3e cc f9 95 08 06        ........>.....
Aug 27 15:52:24 gtw01 systemd-udevd[2249]: link_config: autonegotiation is unset or enabled, the speed and duplex are not writable.
Aug 27 15:52:24 gtw01 systemd-udevd[2249]: Could not generate persistent MAC address for tap314aabba-8c: No such file or directory
Aug 27 15:52:24 gtw01 kernel: [ 9611.492726] device tap314aabba-8c entered promiscuous mode
Aug 27 15:52:24 gtw01 systemd-udevd[2365]: Process '/sbin/ip link set tap314aabba-8c txqueuelen 10000' failed with exit code 1.
Aug 27 15:52:25 gtw01 kernel: [ 9611.992445] IPv4: martian source 10.16.0.122 from 10.16.0.122, on dev qr-a7ef735e-2a
Aug 27 15:52:25 gtw01 kernel: [ 9611.992448] ll header: 00000000: ff ff ff ff ff ff fa 16 3e e4 3b c0 08 06        ........>.;...
Aug 27 15:52:25 gtw01 kernel: [ 9611.992454] IPv4: martian source 10.16.0.122 from 10.16.0.122, on dev qr-3ae2a6a1-48
Aug 27 15:52:25 gtw01 kernel: [ 9611.992455] ll header: 00000000: ff ff ff ff ff ff fa 16 3e e4 3b c0 08 06        ........>.;...
Aug 27 15:52:25 gtw01 kernel: [ 9611.992465] IPv4: martian source 10.16.0.122 from 10.16.0.122, on dev qr-674a3f5d-8c
Aug 27 15:52:25 gtw01 kernel: [ 9611.992466] ll header: 00000000: ff ff ff ff ff ff fa 16 3e e4 3b c0 08 06        ........>.;...
Aug 27 15:52:25 gtw01 kernel: [ 9611.992470] IPv4: martian source 10.16.0.122 from 10.16.0.122, on dev qr-369332a2-5f
Aug 27 15:52:25 gtw01 kernel: [ 9611.992471] ll header: 00000000: ff ff ff ff ff ff fa 16 3e e4 3b c0 08 06        ........>.;...
Aug 27 15:52:25 gtw01 dnsmasq[1206]: read /var/lib/neutron/dhcp/a2ed1086-e5d8-4f7b-b45a-3a624bd1114c/addn_hosts - 2 addresses
Aug 27 15:52:25 gtw01 dnsmasq-dhcp[1206]: read /var/lib/neutron/dhcp/a2ed1086-e5d8-4f7b-b45a-3a624bd1114c/host
Aug 27 15:52:25 gtw01 dnsmasq-dhcp[1206]: read /var/lib/neutron/dhcp/a2ed1086-e5d8-4f7b-b45a-3a624bd1114c/opts
Aug 27 15:52:26 gtw01 dnsmasq[2479]: started, version 2.79 cachesize 150
Aug 27 15:52:26 gtw01 dnsmasq[2479]: DNS service limited to local subnets
Aug 27 15:52:26 gtw01 dnsmasq[2479]: compile time options: IPv6 GNU-getopt DBus i18n IDN DHCP DHCPv6 no-Lua TFTP conntrack ipset auth DNSSEC loop-detect inotify
Aug 27 15:52:26 gtw01 dnsmasq[2479]: warning: no upstream servers configured
Aug 27 15:52:26 gtw01 dnsmasq-dhcp[2479]: DHCP, static leases only on 192.168.120.0, lease time 1h
Aug 27 15:52:26 gtw01 dnsmasq[2479]: read /var/lib/neutron/dhcp/a5974728-a7d7-4413-83bf-9dc2387de078/addn_hosts - 1 addresses
Aug 27 15:52:26 gtw01 dnsmasq-dhcp[2479]: read /var/lib/neutron/dhcp/a5974728-a7d7-4413-83bf-9dc2387de078/host
Aug 27 15:52:26 gtw01 dnsmasq-dhcp[2479]: read /var/lib/neutron/dhcp/a5974728-a7d7-4413-83bf-9dc2387de078/opts
Aug 27 15:52:26 gtw01 dnsmasq[30663]: read /var/lib/neutron/dhcp/6a9732d3-b1ec-46e3-b2b4-d5d2f97fe963/addn_hosts - 2 addresses
Aug 27 15:52:26 gtw01 dnsmasq-dhcp[30663]: read /var/lib/neutron/dhcp/6a9732d3-b1ec-46e3-b2b4-d5d2f97fe963/host
Aug 27 15:52:26 gtw01 dnsmasq-dhcp[30663]: read /var/lib/neutron/dhcp/6a9732d3-b1ec-46e3-b2b4-d5d2f97fe963/opts
Aug 27 15:52:26 gtw01 dnsmasq[2515]: started, version 2.79 cachesize 150
Aug 27 15:52:26 gtw01 dnsmasq[2515]: DNS service limited to local subnets
Aug 27 15:52:26 gtw01 dnsmasq[2515]: compile time options: IPv6 GNU-getopt DBus i18n IDN DHCP DHCPv6 no-Lua TFTP conntrack ipset auth DNSSEC loop-detect inotify
Aug 27 15:52:26 gtw01 dnsmasq[2515]: warning: no upstream servers configured
Aug 27 15:52:26 gtw01 dnsmasq-dhcp[2515]: DHCP, static leases only on 192.168.120.0, lease time 1h
Aug 27 15:52:26 gtw01 dnsmasq[2515]: read /var/lib/neutron/dhcp/f0bb8c47-3a82-4580-ac55-2cca13fc8d9a/addn_hosts - 1 addresses
Aug 27 15:52:26 gtw01 dnsmasq-dhcp[2515]: read /var/lib/neutron/dhcp/f0bb8c47-3a82-4580-ac55-2cca13fc8d9a/host
Aug 27 15:52:26 gtw01 dnsmasq-dhcp[2515]: read /var/lib/neutron/dhcp/f0bb8c47-3a82-4580-ac55-2cca13fc8d9a/opts
Aug 27 15:52:26 gtw01 systemd-udevd[2545]: link_config: autonegotiation is unset or enabled, the speed and duplex are not writable.
Aug 27 15:52:26 gtw01 systemd-udevd[2545]: Could not generate persistent MAC address for qr-4dc81afb-17: No such file or directory
Aug 27 15:52:26 gtw01 kernel: [ 9613.860776] device qr-4dc81afb-17 entered promiscuous mode
Aug 27 15:52:26 gtw01 dnsmasq[2018]: read /var/lib/neutron/dhcp/f4a1bf35-b883-4431-9c26-613c49a6a752/addn_hosts - 2 addresses
Aug 27 15:52:26 gtw01 dnsmasq-dhcp[2018]: read /var/lib/neutron/dhcp/f4a1bf35-b883-4431-9c26-613c49a6a752/host
Aug 27 15:52:26 gtw01 dnsmasq-dhcp[2018]: read /var/lib/neutron/dhcp/f4a1bf35-b883-4431-9c26-613c49a6a752/opts
Aug 27 15:52:27 gtw01 systemd-udevd[2629]: link_config: autonegotiation is unset or enabled, the speed and duplex are not writable.
Aug 27 15:52:27 gtw01 systemd-udevd[2629]: Could not generate persistent MAC address for tap9957bdfa-fc: No such file or directory
Aug 27 15:52:27 gtw01 kernel: [ 9614.000771] device tap9957bdfa-fc entered promiscuous mode
Aug 27 15:52:27 gtw01 systemd-udevd[2629]: Process '/sbin/ip link set tap9957bdfa-fc txqueuelen 10000' failed with exit code 1.
Aug 27 15:52:27 gtw01 systemd-udevd[2629]: Process '/sbin/ip link set tap9957bdfa-fc txqueuelen 10000' failed with exit code 1.
Aug 27 15:52:27 gtw01 dnsmasq[31844]: read /var/lib/neutron/dhcp/62ffed9d-326a-435d-bc91-486d6aa6ebdf/addn_hosts - 2 addresses
Aug 27 15:52:27 gtw01 dnsmasq-dhcp[31844]: read /var/lib/neutron/dhcp/62ffed9d-326a-435d-bc91-486d6aa6ebdf/host
Aug 27 15:52:27 gtw01 dnsmasq-dhcp[31844]: read /var/lib/neutron/dhcp/62ffed9d-326a-435d-bc91-486d6aa6ebdf/opts
Aug 27 15:52:27 gtw01 dnsmasq[31483]: read /var/lib/neutron/dhcp/06be4fe9-86dc-4157-ac1b-3f193765ef5b/addn_hosts - 1 addresses
Aug 27 15:52:27 gtw01 dnsmasq-dhcp[31483]: read /var/lib/neutron/dhcp/06be4fe9-86dc-4157-ac1b-3f193765ef5b/host
Aug 27 15:52:27 gtw01 dnsmasq-dhcp[31483]: read /var/lib/neutron/dhcp/06be4fe9-86dc-4157-ac1b-3f193765ef5b/opts
Aug 27 15:52:27 gtw01 dnsmasq[1180]: read /var/lib/neutron/dhcp/93210e11-31ba-4a75-a69d-4cbf09e49b25/addn_hosts - 2 addresses
Aug 27 15:52:27 gtw01 dnsmasq-dhcp[1180]: read /var/lib/neutron/dhcp/93210e11-31ba-4a75-a69d-4cbf09e49b25/host
Aug 27 15:52:27 gtw01 dnsmasq-dhcp[1180]: read /var/lib/neutron/dhcp/93210e11-31ba-4a75-a69d-4cbf09e49b25/opts
Aug 27 15:52:28 gtw01 dnsmasq[31708]: read /var/lib/neutron/dhcp/ffccc3d9-5203-402b-9ac3-ee4544c4f187/addn_hosts - 3 addresses
Aug 27 15:52:28 gtw01 dnsmasq-dhcp[31708]: read /var/lib/neutron/dhcp/ffccc3d9-5203-402b-9ac3-ee4544c4f187/host
Aug 27 15:52:28 gtw01 dnsmasq-dhcp[31708]: read /var/lib/neutron/dhcp/ffccc3d9-5203-402b-9ac3-ee4544c4f187/opts
Aug 27 15:52:29 gtw01 kernel: [ 9616.044790] IPv4: martian source 192.168.120.1 from 192.168.120.1, on dev qr-3ae2a6a1-48
Aug 27 15:52:29 gtw01 kernel: [ 9616.044793] ll header: 00000000: ff ff ff ff ff ff fa 16 3e 94 46 75 08 06        ........>.Fu..
Aug 27 15:52:29 gtw01 kernel: [ 9616.044800] IPv4: martian source 192.168.120.1 from 192.168.120.1, on dev qr-4dc81afb-17
Aug 27 15:52:29 gtw01 kernel: [ 9616.044801] ll header: 00000000: ff ff ff ff ff ff fa 16 3e 94 46 75 08 06        ........>.Fu..
Aug 27 15:52:29 gtw01 dnsmasq[1206]: read /var/lib/neutron/dhcp/a2ed1086-e5d8-4f7b-b45a-3a624bd1114c/addn_hosts - 2 addresses
Aug 27 15:52:29 gtw01 dnsmasq-dhcp[1206]: read /var/lib/neutron/dhcp/a2ed1086-e5d8-4f7b-b45a-3a624bd1114c/host
Aug 27 15:52:29 gtw01 dnsmasq-dhcp[1206]: read /var/lib/neutron/dhcp/a2ed1086-e5d8-4f7b-b45a-3a624bd1114c/opts
Aug 27 15:52:30 gtw01 dnsmasq[2479]: read /var/lib/neutron/dhcp/a5974728-a7d7-4413-83bf-9dc2387de078/addn_hosts - 2 addresses
Aug 27 15:52:30 gtw01 dnsmasq-dhcp[2479]: read /var/lib/neutron/dhcp/a5974728-a7d7-4413-83bf-9dc2387de078/host
Aug 27 15:52:30 gtw01 dnsmasq-dhcp[2479]: read /var/lib/neutron/dhcp/a5974728-a7d7-4413-83bf-9dc2387de078/opts
Aug 27 15:52:30 gtw01 kernel: [ 9617.780863] IPv4: martian source 192.168.120.1 from 192.168.120.1, on dev qr-3ae2a6a1-48
Aug 27 15:52:30 gtw01 kernel: [ 9617.780867] ll header: 00000000: ff ff ff ff ff ff fa 16 3e ed d1 d7 08 06        ........>.....
Aug 27 15:52:30 gtw01 kernel: [ 9617.780872] IPv4: martian source 192.168.120.1 from 192.168.120.1, on dev qr-369332a2-5f
Aug 27 15:52:30 gtw01 kernel: [ 9617.780873] ll header: 00000000: ff ff ff ff ff ff fa 16 3e ed d1 d7 08 06        ........>.....
Aug 27 15:52:30 gtw01 systemd-udevd[2991]: link_config: autonegotiation is unset or enabled, the speed and duplex are not writable.
Aug 27 15:52:30 gtw01 systemd-udevd[2991]: Could not generate persistent MAC address for qr-2c1d4329-a0: No such file or directory
Aug 27 15:52:30 gtw01 kernel: [ 9617.915277] device qr-2c1d4329-a0 entered promiscuous mode
Aug 27 15:52:30 gtw01 dnsmasq[2515]: read /var/lib/neutron/dhcp/f0bb8c47-3a82-4580-ac55-2cca13fc8d9a/addn_hosts - 2 addresses
Aug 27 15:52:30 gtw01 dnsmasq-dhcp[2515]: read /var/lib/neutron/dhcp/f0bb8c47-3a82-4580-ac55-2cca13fc8d9a/host
Aug 27 15:52:30 gtw01 dnsmasq-dhcp[2515]: read /var/lib/neutron/dhcp/f0bb8c47-3a82-4580-ac55-2cca13fc8d9a/opts
Aug 27 15:52:31 gtw01 dnsmasq[30663]: read /var/lib/neutron/dhcp/6a9732d3-b1ec-46e3-b2b4-d5d2f97fe963/addn_hosts - 2 addresses
Aug 27 15:52:31 gtw01 dnsmasq-dhcp[30663]: read /var/lib/neutron/dhcp/6a9732d3-b1ec-46e3-b2b4-d5d2f97fe963/host
Aug 27 15:52:31 gtw01 dnsmasq-dhcp[30663]: read /var/lib/neutron/dhcp/6a9732d3-b1ec-46e3-b2b4-d5d2f97fe963/opts
Aug 27 15:52:31 gtw01 dnsmasq[31844]: read /var/lib/neutron/dhcp/62ffed9d-326a-435d-bc91-486d6aa6ebdf/addn_hosts - 2 addresses
Aug 27 15:52:31 gtw01 dnsmasq-dhcp[31844]: read /var/lib/neutron/dhcp/62ffed9d-326a-435d-bc91-486d6aa6ebdf/host
