Aug 27 14:04:10 gtw01 dnsmasq-dhcp[9791]: read /var/lib/neutron/dhcp/a5a547d3-9c1a-4a9f-a9f4-9a60a6858248/opts
Aug 27 14:04:10 gtw01 kernel: [ 3117.666085] device qr-d1fe7078-ea entered promiscuous mode
Aug 27 14:04:10 gtw01 systemd-udevd[9799]: link_config: autonegotiation is unset or enabled, the speed and duplex are not writable.
Aug 27 14:04:10 gtw01 systemd-udevd[9799]: Could not generate persistent MAC address for qr-d1fe7078-ea: No such file or directory
Aug 27 14:04:10 gtw01 dnsmasq[9051]: read /var/lib/neutron/dhcp/2e4e3c5b-24c2-4c14-9f1f-6779c2614870/addn_hosts - 1 addresses
Aug 27 14:04:10 gtw01 dnsmasq-dhcp[9051]: read /var/lib/neutron/dhcp/2e4e3c5b-24c2-4c14-9f1f-6779c2614870/host
Aug 27 14:04:10 gtw01 dnsmasq-dhcp[9051]: read /var/lib/neutron/dhcp/2e4e3c5b-24c2-4c14-9f1f-6779c2614870/opts
Aug 27 14:04:11 gtw01 dnsmasq[9235]: read /var/lib/neutron/dhcp/ad758e1f-33df-41c4-805b-774750ba0f3f/addn_hosts - 2 addresses
Aug 27 14:04:11 gtw01 dnsmasq-dhcp[9235]: read /var/lib/neutron/dhcp/ad758e1f-33df-41c4-805b-774750ba0f3f/host
Aug 27 14:04:11 gtw01 dnsmasq-dhcp[9235]: read /var/lib/neutron/dhcp/ad758e1f-33df-41c4-805b-774750ba0f3f/opts
Aug 27 14:04:11 gtw01 kernel: [ 3118.264356] device tap85dabd44-04 left promiscuous mode
Aug 27 14:04:11 gtw01 dnsmasq[9791]: read /var/lib/neutron/dhcp/a5a547d3-9c1a-4a9f-a9f4-9a60a6858248/addn_hosts - 3 addresses
Aug 27 14:04:11 gtw01 dnsmasq-dhcp[9791]: read /var/lib/neutron/dhcp/a5a547d3-9c1a-4a9f-a9f4-9a60a6858248/host
Aug 27 14:04:11 gtw01 dnsmasq-dhcp[9791]: read /var/lib/neutron/dhcp/a5a547d3-9c1a-4a9f-a9f4-9a60a6858248/opts
Aug 27 14:04:11 gtw01 dnsmasq[9773]: read /var/lib/neutron/dhcp/61f9f82b-7615-4a77-883e-461bae23b28b/addn_hosts - 2 addresses
Aug 27 14:04:11 gtw01 dnsmasq-dhcp[9773]: read /var/lib/neutron/dhcp/61f9f82b-7615-4a77-883e-461bae23b28b/host
Aug 27 14:04:11 gtw01 dnsmasq-dhcp[9773]: read /var/lib/neutron/dhcp/61f9f82b-7615-4a77-883e-461bae23b28b/opts
Aug 27 14:04:12 gtw01 dnsmasq[9235]: read /var/lib/neutron/dhcp/ad758e1f-33df-41c4-805b-774750ba0f3f/addn_hosts - 2 addresses
Aug 27 14:04:12 gtw01 dnsmasq-dhcp[9235]: read /var/lib/neutron/dhcp/ad758e1f-33df-41c4-805b-774750ba0f3f/host
Aug 27 14:04:12 gtw01 dnsmasq-dhcp[9235]: read /var/lib/neutron/dhcp/ad758e1f-33df-41c4-805b-774750ba0f3f/opts
Aug 27 14:04:12 gtw01 dnsmasq[9791]: read /var/lib/neutron/dhcp/a5a547d3-9c1a-4a9f-a9f4-9a60a6858248/addn_hosts - 3 addresses
Aug 27 14:04:12 gtw01 dnsmasq-dhcp[9791]: read /var/lib/neutron/dhcp/a5a547d3-9c1a-4a9f-a9f4-9a60a6858248/host
Aug 27 14:04:12 gtw01 dnsmasq-dhcp[9791]: read /var/lib/neutron/dhcp/a5a547d3-9c1a-4a9f-a9f4-9a60a6858248/opts
Aug 27 14:04:13 gtw01 kernel: [ 3120.036043] device tap6a8e7975-3d left promiscuous mode
Aug 27 14:04:13 gtw01 dnsmasq[9235]: read /var/lib/neutron/dhcp/ad758e1f-33df-41c4-805b-774750ba0f3f/addn_hosts - 2 addresses
Aug 27 14:04:13 gtw01 dnsmasq-dhcp[9235]: read /var/lib/neutron/dhcp/ad758e1f-33df-41c4-805b-774750ba0f3f/host
Aug 27 14:04:13 gtw01 dnsmasq-dhcp[9235]: read /var/lib/neutron/dhcp/ad758e1f-33df-41c4-805b-774750ba0f3f/opts
Aug 27 14:04:13 gtw01 dnsmasq[9773]: read /var/lib/neutron/dhcp/61f9f82b-7615-4a77-883e-461bae23b28b/addn_hosts - 2 addresses
Aug 27 14:04:13 gtw01 dnsmasq-dhcp[9773]: read /var/lib/neutron/dhcp/61f9f82b-7615-4a77-883e-461bae23b28b/host
Aug 27 14:04:13 gtw01 dnsmasq-dhcp[9773]: read /var/lib/neutron/dhcp/61f9f82b-7615-4a77-883e-461bae23b28b/opts
Aug 27 14:04:13 gtw01 dnsmasq[9791]: read /var/lib/neutron/dhcp/a5a547d3-9c1a-4a9f-a9f4-9a60a6858248/addn_hosts - 3 addresses
Aug 27 14:04:13 gtw01 dnsmasq-dhcp[9791]: read /var/lib/neutron/dhcp/a5a547d3-9c1a-4a9f-a9f4-9a60a6858248/host
Aug 27 14:04:13 gtw01 dnsmasq-dhcp[9791]: read /var/lib/neutron/dhcp/a5a547d3-9c1a-4a9f-a9f4-9a60a6858248/opts
Aug 27 14:04:14 gtw01 dnsmasq[9235]: read /var/lib/neutron/dhcp/ad758e1f-33df-41c4-805b-774750ba0f3f/addn_hosts - 1 addresses
Aug 27 14:04:14 gtw01 dnsmasq-dhcp[9235]: read /var/lib/neutron/dhcp/ad758e1f-33df-41c4-805b-774750ba0f3f/host
Aug 27 14:04:14 gtw01 dnsmasq-dhcp[9235]: read /var/lib/neutron/dhcp/ad758e1f-33df-41c4-805b-774750ba0f3f/opts
Aug 27 14:04:14 gtw01 dnsmasq[9773]: read /var/lib/neutron/dhcp/61f9f82b-7615-4a77-883e-461bae23b28b/addn_hosts - 2 addresses
Aug 27 14:04:14 gtw01 dnsmasq-dhcp[9773]: read /var/lib/neutron/dhcp/61f9f82b-7615-4a77-883e-461bae23b28b/host
Aug 27 14:04:14 gtw01 dnsmasq-dhcp[9773]: read /var/lib/neutron/dhcp/61f9f82b-7615-4a77-883e-461bae23b28b/opts
Aug 27 14:04:14 gtw01 kernel: [ 3121.597528] device tap52f2b0b6-50 left promiscuous mode
Aug 27 14:04:14 gtw01 dnsmasq[9791]: read /var/lib/neutron/dhcp/a5a547d3-9c1a-4a9f-a9f4-9a60a6858248/addn_hosts - 3 addresses
Aug 27 14:04:14 gtw01 dnsmasq-dhcp[9791]: read /var/lib/neutron/dhcp/a5a547d3-9c1a-4a9f-a9f4-9a60a6858248/host
Aug 27 14:04:14 gtw01 dnsmasq-dhcp[9791]: read /var/lib/neutron/dhcp/a5a547d3-9c1a-4a9f-a9f4-9a60a6858248/opts
Aug 27 14:04:15 gtw01 dnsmasq[9773]: read /var/lib/neutron/dhcp/61f9f82b-7615-4a77-883e-461bae23b28b/addn_hosts - 2 addresses
Aug 27 14:04:15 gtw01 dnsmasq-dhcp[9773]: read /var/lib/neutron/dhcp/61f9f82b-7615-4a77-883e-461bae23b28b/host
Aug 27 14:04:15 gtw01 dnsmasq-dhcp[9773]: read /var/lib/neutron/dhcp/61f9f82b-7615-4a77-883e-461bae23b28b/opts
Aug 27 14:04:15 gtw01 kernel: [ 3122.803479] device tap3e698a3d-b7 left promiscuous mode
Aug 27 14:04:16 gtw01 dnsmasq[9791]: read /var/lib/neutron/dhcp/a5a547d3-9c1a-4a9f-a9f4-9a60a6858248/addn_hosts - 3 addresses
Aug 27 14:04:16 gtw01 dnsmasq-dhcp[9791]: read /var/lib/neutron/dhcp/a5a547d3-9c1a-4a9f-a9f4-9a60a6858248/host
Aug 27 14:04:16 gtw01 dnsmasq-dhcp[9791]: read /var/lib/neutron/dhcp/a5a547d3-9c1a-4a9f-a9f4-9a60a6858248/opts
Aug 27 14:04:16 gtw01 dnsmasq[9773]: read /var/lib/neutron/dhcp/61f9f82b-7615-4a77-883e-461bae23b28b/addn_hosts - 2 addresses
Aug 27 14:04:16 gtw01 dnsmasq-dhcp[9773]: read /var/lib/neutron/dhcp/61f9f82b-7615-4a77-883e-461bae23b28b/host
Aug 27 14:04:16 gtw01 dnsmasq-dhcp[9773]: read /var/lib/neutron/dhcp/61f9f82b-7615-4a77-883e-461bae23b28b/opts
Aug 27 14:04:16 gtw01 dnsmasq[9791]: read /var/lib/neutron/dhcp/a5a547d3-9c1a-4a9f-a9f4-9a60a6858248/addn_hosts - 3 addresses
Aug 27 14:04:16 gtw01 dnsmasq-dhcp[9791]: read /var/lib/neutron/dhcp/a5a547d3-9c1a-4a9f-a9f4-9a60a6858248/host
Aug 27 14:04:16 gtw01 dnsmasq-dhcp[9791]: read /var/lib/neutron/dhcp/a5a547d3-9c1a-4a9f-a9f4-9a60a6858248/opts
Aug 27 14:04:17 gtw01 kernel: [ 3124.453854] device tap475d1b2c-89 left promiscuous mode
Aug 27 14:04:17 gtw01 dnsmasq[9773]: read /var/lib/neutron/dhcp/61f9f82b-7615-4a77-883e-461bae23b28b/addn_hosts - 2 addresses
Aug 27 14:04:17 gtw01 dnsmasq-dhcp[9773]: read /var/lib/neutron/dhcp/61f9f82b-7615-4a77-883e-461bae23b28b/host
Aug 27 14:04:17 gtw01 dnsmasq-dhcp[9773]: read /var/lib/neutron/dhcp/61f9f82b-7615-4a77-883e-461bae23b28b/opts
Aug 27 14:04:17 gtw01 dnsmasq[9791]: read /var/lib/neutron/dhcp/a5a547d3-9c1a-4a9f-a9f4-9a60a6858248/addn_hosts - 3 addresses
Aug 27 14:04:17 gtw01 dnsmasq-dhcp[9791]: read /var/lib/neutron/dhcp/a5a547d3-9c1a-4a9f-a9f4-9a60a6858248/host
Aug 27 14:04:17 gtw01 dnsmasq-dhcp[9791]: read /var/lib/neutron/dhcp/a5a547d3-9c1a-4a9f-a9f4-9a60a6858248/opts
Aug 27 14:04:17 gtw01 kernel: [ 3124.958487] device qr-d1fe7078-ea left promiscuous mode
Aug 27 14:04:18 gtw01 dnsmasq[9773]: read /var/lib/neutron/dhcp/61f9f82b-7615-4a77-883e-461bae23b28b/addn_hosts - 2 addresses
Aug 27 14:04:18 gtw01 dnsmasq-dhcp[9773]: read /var/lib/neutron/dhcp/61f9f82b-7615-4a77-883e-461bae23b28b/host
Aug 27 14:04:18 gtw01 dnsmasq-dhcp[9773]: read /var/lib/neutron/dhcp/61f9f82b-7615-4a77-883e-461bae23b28b/opts
Aug 27 14:04:18 gtw01 dnsmasq[9791]: read /var/lib/neutron/dhcp/a5a547d3-9c1a-4a9f-a9f4-9a60a6858248/addn_hosts - 3 addresses
Aug 27 14:04:18 gtw01 dnsmasq-dhcp[9791]: read /var/lib/neutron/dhcp/a5a547d3-9c1a-4a9f-a9f4-9a60a6858248/host
Aug 27 14:04:18 gtw01 dnsmasq-dhcp[9791]: read /var/lib/neutron/dhcp/a5a547d3-9c1a-4a9f-a9f4-9a60a6858248/opts
Aug 27 14:04:19 gtw01 kernel: [ 3126.221421] device tapd197b31c-e2 left promiscuous mode
Aug 27 14:04:19 gtw01 dnsmasq[9773]: read /var/lib/neutron/dhcp/61f9f82b-7615-4a77-883e-461bae23b28b/addn_hosts - 1 addresses
Aug 27 14:04:19 gtw01 dnsmasq-dhcp[9773]: read /var/lib/neutron/dhcp/61f9f82b-7615-4a77-883e-461bae23b28b/host
Aug 27 14:04:19 gtw01 dnsmasq-dhcp[9773]: read /var/lib/neutron/dhcp/61f9f82b-7615-4a77-883e-461bae23b28b/opts
Aug 27 14:04:20 gtw01 dnsmasq[9791]: read /var/lib/neutron/dhcp/a5a547d3-9c1a-4a9f-a9f4-9a60a6858248/addn_hosts - 3 addresses
Aug 27 14:04:20 gtw01 dnsmasq-dhcp[9791]: read /var/lib/neutron/dhcp/a5a547d3-9c1a-4a9f-a9f4-9a60a6858248/host
Aug 27 14:04:20 gtw01 dnsmasq-dhcp[9791]: read /var/lib/neutron/dhcp/a5a547d3-9c1a-4a9f-a9f4-9a60a6858248/opts
Aug 27 14:04:20 gtw01 kernel: [ 3127.277695] device tap2f9f16a3-ad left promiscuous mode
Aug 27 14:04:21 gtw01 dnsmasq[9791]: read /var/lib/neutron/dhcp/a5a547d3-9c1a-4a9f-a9f4-9a60a6858248/addn_hosts - 2 addresses
Aug 27 14:04:21 gtw01 dnsmasq-dhcp[9791]: read /var/lib/neutron/dhcp/a5a547d3-9c1a-4a9f-a9f4-9a60a6858248/host
Aug 27 14:04:21 gtw01 dnsmasq-dhcp[9791]: read /var/lib/neutron/dhcp/a5a547d3-9c1a-4a9f-a9f4-9a60a6858248/opts
Aug 27 14:04:21 gtw01 dnsmasq[9791]: read /var/lib/neutron/dhcp/a5a547d3-9c1a-4a9f-a9f4-9a60a6858248/addn_hosts - 1 addresses
Aug 27 14:04:21 gtw01 dnsmasq-dhcp[9791]: read /var/lib/neutron/dhcp/a5a547d3-9c1a-4a9f-a9f4-9a60a6858248/host
Aug 27 14:04:21 gtw01 dnsmasq-dhcp[9791]: read /var/lib/neutron/dhcp/a5a547d3-9c1a-4a9f-a9f4-9a60a6858248/opts
Aug 27 14:04:23 gtw01 systemd-udevd[10545]: link_config: autonegotiation is unset or enabled, the speed and duplex are not writable.
Aug 27 14:04:23 gtw01 systemd-udevd[10545]: Could not generate persistent MAC address for tapaaad13fb-a5: No such file or directory
Aug 27 14:04:23 gtw01 kernel: [ 3130.795276] device tapaaad13fb-a5 entered promiscuous mode
Aug 27 14:04:23 gtw01 systemd-udevd[10545]: Process '/sbin/ip link set tapaaad13fb-a5 txqueuelen 10000' failed with exit code 1.
Aug 27 14:04:23 gtw01 systemd-udevd[10545]: Process '/sbin/ip link set tapaaad13fb-a5 txqueuelen 10000' failed with exit code 1.
Aug 27 14:04:24 gtw01 systemd-udevd[10642]: link_config: autonegotiation is unset or enabled, the speed and duplex are not writable.
Aug 27 14:04:24 gtw01 systemd-udevd[10642]: Could not generate persistent MAC address for tap06803a00-81: No such file or directory
Aug 27 14:04:24 gtw01 kernel: [ 3131.217385] device tap06803a00-81 entered promiscuous mode
Aug 27 14:04:24 gtw01 systemd-udevd[10642]: Process '/sbin/ip link set tap06803a00-81 txqueuelen 10000' failed with exit code 1.
Aug 27 14:04:24 gtw01 systemd-udevd[10642]: Process '/sbin/ip link set tap06803a00-81 txqueuelen 10000' failed with exit code 1.
Aug 27 14:04:25 gtw01 kernel: [ 3132.808870] device tap42b864ea-d5 entered promiscuous mode
Aug 27 14:04:25 gtw01 systemd-udevd[10796]: link_config: autonegotiation is unset or enabled, the speed and duplex are not writable.
Aug 27 14:04:25 gtw01 systemd-udevd[10796]: Could not generate persistent MAC address for tap42b864ea-d5: No such file or directory
Aug 27 14:04:25 gtw01 systemd-udevd[10796]: Process '/sbin/ip link set tap42b864ea-d5 txqueuelen 10000' failed with exit code 1.
Aug 27 14:04:25 gtw01 systemd-udevd[10796]: Process '/sbin/ip link set tap42b864ea-d5 txqueuelen 10000' failed with exit code 1.
Aug 27 14:04:27 gtw01 dnsmasq[10926]: started, version 2.79 cachesize 150
Aug 27 14:04:27 gtw01 dnsmasq[10926]: DNS service limited to local subnets
Aug 27 14:04:27 gtw01 dnsmasq[10926]: compile time options: IPv6 GNU-getopt DBus i18n IDN DHCP DHCPv6 no-Lua TFTP conntrack ipset auth DNSSEC loop-detect inotify
Aug 27 14:04:27 gtw01 dnsmasq[10926]: warning: no upstream servers configured
Aug 27 14:04:27 gtw01 dnsmasq-dhcp[10926]: DHCP, static leases only on 192.168.120.32, lease time 1h
Aug 27 14:04:27 gtw01 dnsmasq[10926]: read /var/lib/neutron/dhcp/1e24e628-b4c6-4629-8ad9-86971851a0bb/addn_hosts - 1 addresses
Aug 27 14:04:27 gtw01 dnsmasq-dhcp[10926]: read /var/lib/neutron/dhcp/1e24e628-b4c6-4629-8ad9-86971851a0bb/host
Aug 27 14:04:27 gtw01 dnsmasq-dhcp[10926]: read /var/lib/neutron/dhcp/1e24e628-b4c6-4629-8ad9-86971851a0bb/opts
Aug 27 14:04:27 gtw01 dnsmasq[10947]: started, version 2.79 cachesize 150
Aug 27 14:04:27 gtw01 dnsmasq[10947]: DNS service limited to local subnets
Aug 27 14:04:27 gtw01 dnsmasq[10947]: compile time options: IPv6 GNU-getopt DBus i18n IDN DHCP DHCPv6 no-Lua TFTP conntrack ipset auth DNSSEC loop-detect inotify
Aug 27 14:04:27 gtw01 dnsmasq[10947]: warning: no upstream servers configured
Aug 27 14:04:27 gtw01 dnsmasq-dhcp[10947]: DHCP, static leases only on 192.168.120.0, lease time 1h
Aug 27 14:04:27 gtw01 dnsmasq[10947]: read /var/lib/neutron/dhcp/b7f0d040-2f92-47b1-bc90-50a2f66e06d6/addn_hosts - 1 addresses
Aug 27 14:04:27 gtw01 dnsmasq-dhcp[10947]: read /var/lib/neutron/dhcp/b7f0d040-2f92-47b1-bc90-50a2f66e06d6/host
Aug 27 14:04:27 gtw01 dnsmasq-dhcp[10947]: read /var/lib/neutron/dhcp/b7f0d040-2f92-47b1-bc90-50a2f66e06d6/opts
Aug 27 14:04:28 gtw01 dnsmasq[10926]: read /var/lib/neutron/dhcp/1e24e628-b4c6-4629-8ad9-86971851a0bb/addn_hosts - 2 addresses
Aug 27 14:04:28 gtw01 dnsmasq-dhcp[10926]: read /var/lib/neutron/dhcp/1e24e628-b4c6-4629-8ad9-86971851a0bb/host
Aug 27 14:04:28 gtw01 dnsmasq-dhcp[10926]: read /var/lib/neutron/dhcp/1e24e628-b4c6-4629-8ad9-86971851a0bb/opts
Aug 27 14:04:28 gtw01 dnsmasq[10947]: read /var/lib/neutron/dhcp/b7f0d040-2f92-47b1-bc90-50a2f66e06d6/addn_hosts - 3 addresses
Aug 27 14:04:28 gtw01 dnsmasq-dhcp[10947]: read /var/lib/neutron/dhcp/b7f0d040-2f92-47b1-bc90-50a2f66e06d6/host
Aug 27 14:04:28 gtw01 dnsmasq-dhcp[10947]: read /var/lib/neutron/dhcp/b7f0d040-2f92-47b1-bc90-50a2f66e06d6/opts
Aug 27 14:04:29 gtw01 dnsmasq[11043]: started, version 2.79 cachesize 150
Aug 27 14:04:29 gtw01 dnsmasq[11043]: DNS service limited to local subnets
Aug 27 14:04:29 gtw01 dnsmasq[11043]: compile time options: IPv6 GNU-getopt DBus i18n IDN DHCP DHCPv6 no-Lua TFTP conntrack ipset auth DNSSEC loop-detect inotify
Aug 27 14:04:29 gtw01 dnsmasq[11043]: warning: no upstream servers configured
Aug 27 14:04:29 gtw01 dnsmasq-dhcp[11043]: DHCPv6, static leases only on 2003:0:0:1::, lease time 1h
Aug 27 14:04:29 gtw01 dnsmasq[11043]: read /var/lib/neutron/dhcp/19045de1-5dd3-4f5e-8475-b7408a8d1fb7/addn_hosts - 1 addresses
Aug 27 14:04:29 gtw01 dnsmasq-dhcp[11043]: read /var/lib/neutron/dhcp/19045de1-5dd3-4f5e-8475-b7408a8d1fb7/host
Aug 27 14:04:29 gtw01 dnsmasq-dhcp[11043]: read /var/lib/neutron/dhcp/19045de1-5dd3-4f5e-8475-b7408a8d1fb7/opts
Aug 27 14:04:29 gtw01 dnsmasq[10926]: read /var/lib/neutron/dhcp/1e24e628-b4c6-4629-8ad9-86971851a0bb/addn_hosts - 2 addresses
Aug 27 14:04:29 gtw01 dnsmasq-dhcp[10926]: read /var/lib/neutron/dhcp/1e24e628-b4c6-4629-8ad9-86971851a0bb/host
Aug 27 14:04:29 gtw01 dnsmasq-dhcp[10926]: read /var/lib/neutron/dhcp/1e24e628-b4c6-4629-8ad9-86971851a0bb/opts
Aug 27 14:04:29 gtw01 kernel: [ 3136.782680] device qr-ef0f61d2-96 entered promiscuous mode
Aug 27 14:04:29 gtw01 systemd-udevd[11074]: link_config: autonegotiation is unset or enabled, the speed and duplex are not writable.
Aug 27 14:04:29 gtw01 systemd-udevd[11074]: Could not generate persistent MAC address for qr-ef0f61d2-96: No such file or directory
Aug 27 14:04:29 gtw01 dnsmasq[10947]: read /var/lib/neutron/dhcp/b7f0d040-2f92-47b1-bc90-50a2f66e06d6/addn_hosts - 3 addresses
Aug 27 14:04:29 gtw01 dnsmasq-dhcp[10947]: read /var/lib/neutron/dhcp/b7f0d040-2f92-47b1-bc90-50a2f66e06d6/host
Aug 27 14:04:29 gtw01 dnsmasq-dhcp[10947]: read /var/lib/neutron/dhcp/b7f0d040-2f92-47b1-bc90-50a2f66e06d6/opts
Aug 27 14:04:30 gtw01 dnsmasq[11043]: read /var/lib/neutron/dhcp/19045de1-5dd3-4f5e-8475-b7408a8d1fb7/addn_hosts - 2 addresses
Aug 27 14:04:30 gtw01 dnsmasq-dhcp[11043]: read /var/lib/neutron/dhcp/19045de1-5dd3-4f5e-8475-b7408a8d1fb7/host
Aug 27 14:04:30 gtw01 dnsmasq-dhcp[11043]: read /var/lib/neutron/dhcp/19045de1-5dd3-4f5e-8475-b7408a8d1fb7/opts
Aug 27 14:04:30 gtw01 dnsmasq[10926]: read /var/lib/neutron/dhcp/1e24e628-b4c6-4629-8ad9-86971851a0bb/addn_hosts - 2 addresses
Aug 27 14:04:30 gtw01 dnsmasq-dhcp[10926]: read /var/lib/neutron/dhcp/1e24e628-b4c6-4629-8ad9-86971851a0bb/host
Aug 27 14:04:30 gtw01 dnsmasq-dhcp[10926]: read /var/lib/neutron/dhcp/1e24e628-b4c6-4629-8ad9-86971851a0bb/opts
Aug 27 14:04:31 gtw01 dnsmasq[10947]: read /var/lib/neutron/dhcp/b7f0d040-2f92-47b1-bc90-50a2f66e06d6/addn_hosts - 3 addresses
Aug 27 14:04:31 gtw01 dnsmasq-dhcp[10947]: read /var/lib/neutron/dhcp/b7f0d040-2f92-47b1-bc90-50a2f66e06d6/host
Aug 27 14:04:31 gtw01 dnsmasq-dhcp[10947]: read /var/lib/neutron/dhcp/b7f0d040-2f92-47b1-bc90-50a2f66e06d6/opts
Aug 27 14:04:31 gtw01 dnsmasq[11043]: read /var/lib/neutron/dhcp/19045de1-5dd3-4f5e-8475-b7408a8d1fb7/addn_hosts - 2 addresses
Aug 27 14:04:31 gtw01 dnsmasq-dhcp[11043]: read /var/lib/neutron/dhcp/19045de1-5dd3-4f5e-8475-b7408a8d1fb7/host
Aug 27 14:04:31 gtw01 dnsmasq-dhcp[11043]: read /var/lib/neutron/dhcp/19045de1-5dd3-4f5e-8475-b7408a8d1fb7/opts
Aug 27 14:04:32 gtw01 kernel: [ 3139.092206] device qr-02fad6f0-e1 entered promiscuous mode
Aug 27 14:04:32 gtw01 systemd-udevd[11302]: link_config: autonegotiation is unset or enabled, the speed and duplex are not writable.
Aug 27 14:04:32 gtw01 systemd-udevd[11302]: Could not generate persistent MAC address for qr-02fad6f0-e1: No such file or directory
Aug 27 14:04:32 gtw01 dnsmasq[10926]: read /var/lib/neutron/dhcp/1e24e628-b4c6-4629-8ad9-86971851a0bb/addn_hosts - 2 addresses
Aug 27 14:04:32 gtw01 dnsmasq-dhcp[10926]: read /var/lib/neutron/dhcp/1e24e628-b4c6-4629-8ad9-86971851a0bb/host
Aug 27 14:04:32 gtw01 dnsmasq-dhcp[10926]: read /var/lib/neutron/dhcp/1e24e628-b4c6-4629-8ad9-86971851a0bb/opts
Aug 27 14:04:32 gtw01 dnsmasq[10947]: read /var/lib/neutron/dhcp/b7f0d040-2f92-47b1-bc90-50a2f66e06d6/addn_hosts - 3 addresses
Aug 27 14:04:32 gtw01 dnsmasq-dhcp[10947]: read /var/lib/neutron/dhcp/b7f0d040-2f92-47b1-bc90-50a2f66e06d6/host
Aug 27 14:04:32 gtw01 dnsmasq-dhcp[10947]: read /var/lib/neutron/dhcp/b7f0d040-2f92-47b1-bc90-50a2f66e06d6/opts
Aug 27 14:04:33 gtw01 dnsmasq[11043]: read /var/lib/neutron/dhcp/19045de1-5dd3-4f5e-8475-b7408a8d1fb7/addn_hosts - 2 addresses
Aug 27 14:04:33 gtw01 dnsmasq-dhcp[11043]: read /var/lib/neutron/dhcp/19045de1-5dd3-4f5e-8475-b7408a8d1fb7/host
Aug 27 14:04:33 gtw01 dnsmasq-dhcp[11043]: read /var/lib/neutron/dhcp/19045de1-5dd3-4f5e-8475-b7408a8d1fb7/opts
Aug 27 14:04:33 gtw01 radvd[11454]: version 2.16 started
Aug 27 14:04:33 gtw01 systemd-udevd[11487]: link_config: autonegotiation is unset or enabled, the speed and duplex are not writable.
Aug 27 14:04:33 gtw01 systemd-udevd[11487]: Could not generate persistent MAC address for tap986a8419-10: No such file or directory
Aug 27 14:04:33 gtw01 kernel: [ 3140.628343] device tap986a8419-10 entered promiscuous mode
Aug 27 14:04:33 gtw01 systemd-udevd[11487]: Process '/sbin/ip link set tap986a8419-10 txqueuelen 10000' failed with exit code 1.
Aug 27 14:04:33 gtw01 systemd-udevd[11580]: Process '/sbin/ip link set tap986a8419-10 txqueuelen 10000' failed with exit code 1.
Aug 27 14:04:33 gtw01 dnsmasq[10926]: read /var/lib/neutron/dhcp/1e24e628-b4c6-4629-8ad9-86971851a0bb/addn_hosts - 2 addresses
Aug 27 14:04:33 gtw01 dnsmasq-dhcp[10926]: read /var/lib/neutron/dhcp/1e24e628-b4c6-4629-8ad9-86971851a0bb/host
Aug 27 14:04:33 gtw01 dnsmasq-dhcp[10926]: read /var/lib/neutron/dhcp/1e24e628-b4c6-4629-8ad9-86971851a0bb/opts
Aug 27 14:04:34 gtw01 dnsmasq[10947]: read /var/lib/neutron/dhcp/b7f0d040-2f92-47b1-bc90-50a2f66e06d6/addn_hosts - 3 addresses
Aug 27 14:04:34 gtw01 dnsmasq-dhcp[10947]: read /var/lib/neutron/dhcp/b7f0d040-2f92-47b1-bc90-50a2f66e06d6/host
Aug 27 14:04:34 gtw01 dnsmasq-dhcp[10947]: read /var/lib/neutron/dhcp/b7f0d040-2f92-47b1-bc90-50a2f66e06d6/opts
Aug 27 14:04:34 gtw01 dnsmasq[11043]: read /var/lib/neutron/dhcp/19045de1-5dd3-4f5e-8475-b7408a8d1fb7/addn_hosts - 2 addresses
Aug 27 14:04:34 gtw01 dnsmasq-dhcp[11043]: read /var/lib/neutron/dhcp/19045de1-5dd3-4f5e-8475-b7408a8d1fb7/host
Aug 27 14:04:34 gtw01 dnsmasq-dhcp[11043]: read /var/lib/neutron/dhcp/19045de1-5dd3-4f5e-8475-b7408a8d1fb7/opts
Aug 27 14:04:35 gtw01 dnsmasq[10926]: read /var/lib/neutron/dhcp/1e24e628-b4c6-4629-8ad9-86971851a0bb/addn_hosts - 2 addresses
Aug 27 14:04:35 gtw01 dnsmasq-dhcp[10926]: read /var/lib/neutron/dhcp/1e24e628-b4c6-4629-8ad9-86971851a0bb/host
Aug 27 14:04:35 gtw01 dnsmasq-dhcp[10926]: read /var/lib/neutron/dhcp/1e24e628-b4c6-4629-8ad9-86971851a0bb/opts
Aug 27 14:04:35 gtw01 dnsmasq[11043]: read /var/lib/neutron/dhcp/19045de1-5dd3-4f5e-8475-b7408a8d1fb7/addn_hosts - 2 addresses
Aug 27 14:04:35 gtw01 dnsmasq-dhcp[11043]: read /var/lib/neutron/dhcp/19045de1-5dd3-4f5e-8475-b7408a8d1fb7/host
Aug 27 14:04:35 gtw01 dnsmasq-dhcp[11043]: read /var/lib/neutron/dhcp/19045de1-5dd3-4f5e-8475-b7408a8d1fb7/opts
Aug 27 14:04:36 gtw01 dnsmasq[10947]: read /var/lib/neutron/dhcp/b7f0d040-2f92-47b1-bc90-50a2f66e06d6/addn_hosts - 3 addresses
Aug 27 14:04:36 gtw01 dnsmasq-dhcp[10947]: read /var/lib/neutron/dhcp/b7f0d040-2f92-47b1-bc90-50a2f66e06d6/host
Aug 27 14:04:36 gtw01 dnsmasq-dhcp[10947]: read /var/lib/neutron/dhcp/b7f0d040-2f92-47b1-bc90-50a2f66e06d6/opts
Aug 27 14:04:36 gtw01 kernel: [ 3143.953040] device qr-ef0f61d2-96 left promiscuous mode
Aug 27 14:04:37 gtw01 dnsmasq[10926]: read /var/lib/neutron/dhcp/1e24e628-b4c6-4629-8ad9-86971851a0bb/addn_hosts - 2 addresses
Aug 27 14:04:37 gtw01 dnsmasq-dhcp[10926]: read /var/lib/neutron/dhcp/1e24e628-b4c6-4629-8ad9-86971851a0bb/host
Aug 27 14:04:37 gtw01 dnsmasq-dhcp[10926]: read /var/lib/neutron/dhcp/1e24e628-b4c6-4629-8ad9-86971851a0bb/opts
Aug 27 14:04:37 gtw01 dnsmasq[11043]: read /var/lib/neutron/dhcp/19045de1-5dd3-4f5e-8475-b7408a8d1fb7/addn_hosts - 2 addresses
Aug 27 14:04:37 gtw01 dnsmasq-dhcp[11043]: read /var/lib/neutron/dhcp/19045de1-5dd3-4f5e-8475-b7408a8d1fb7/host
Aug 27 14:04:37 gtw01 dnsmasq-dhcp[11043]: read /var/lib/neutron/dhcp/19045de1-5dd3-4f5e-8475-b7408a8d1fb7/opts
Aug 27 14:04:37 gtw01 dnsmasq[10947]: read /var/lib/neutron/dhcp/b7f0d040-2f92-47b1-bc90-50a2f66e06d6/addn_hosts - 2 addresses
Aug 27 14:04:37 gtw01 dnsmasq-dhcp[10947]: read /var/lib/neutron/dhcp/b7f0d040-2f92-47b1-bc90-50a2f66e06d6/host
Aug 27 14:04:37 gtw01 dnsmasq-dhcp[10947]: read /var/lib/neutron/dhcp/b7f0d040-2f92-47b1-bc90-50a2f66e06d6/opts
Aug 27 14:04:38 gtw01 dnsmasq[11043]: read /var/lib/neutron/dhcp/19045de1-5dd3-4f5e-8475-b7408a8d1fb7/addn_hosts - 2 addresses
Aug 27 14:04:38 gtw01 dnsmasq-dhcp[11043]: read /var/lib/neutron/dhcp/19045de1-5dd3-4f5e-8475-b7408a8d1fb7/host
Aug 27 14:04:38 gtw01 dnsmasq-dhcp[11043]: read /var/lib/neutron/dhcp/19045de1-5dd3-4f5e-8475-b7408a8d1fb7/opts
Aug 27 14:04:38 gtw01 dnsmasq[10926]: read /var/lib/neutron/dhcp/1e24e628-b4c6-4629-8ad9-86971851a0bb/addn_hosts - 1 addresses
Aug 27 14:04:38 gtw01 dnsmasq-dhcp[10926]: read /var/lib/neutron/dhcp/1e24e628-b4c6-4629-8ad9-86971851a0bb/host
Aug 27 14:04:38 gtw01 dnsmasq-dhcp[10926]: read /var/lib/neutron/dhcp/1e24e628-b4c6-4629-8ad9-86971851a0bb/opts
Aug 27 14:04:38 gtw01 dnsmasq[10947]: read /var/lib/neutron/dhcp/b7f0d040-2f92-47b1-bc90-50a2f66e06d6/addn_hosts - 1 addresses
Aug 27 14:04:38 gtw01 dnsmasq-dhcp[10947]: read /var/lib/neutron/dhcp/b7f0d040-2f92-47b1-bc90-50a2f66e06d6/host
Aug 27 14:04:38 gtw01 dnsmasq-dhcp[10947]: read /var/lib/neutron/dhcp/b7f0d040-2f92-47b1-bc90-50a2f66e06d6/opts
Aug 27 14:04:39 gtw01 dnsmasq[11947]: started, version 2.79 cachesize 150
Aug 27 14:04:39 gtw01 dnsmasq[11947]: DNS service limited to local subnets
Aug 27 14:04:39 gtw01 dnsmasq[11947]: compile time options: IPv6 GNU-getopt DBus i18n IDN DHCP DHCPv6 no-Lua TFTP conntrack ipset auth DNSSEC loop-detect inotify
Aug 27 14:04:39 gtw01 dnsmasq[11947]: warning: no upstream servers configured
Aug 27 14:04:39 gtw01 dnsmasq-dhcp[11947]: DHCP, static leases only on 192.168.120.0, lease time 1h
Aug 27 14:04:39 gtw01 dnsmasq[11947]: read /var/lib/neutron/dhcp/47487e22-2ad8-437d-b830-9e1d29be6c3d/addn_hosts - 1 addresses
Aug 27 14:04:39 gtw01 dnsmasq-dhcp[11947]: read /var/lib/neutron/dhcp/47487e22-2ad8-437d-b830-9e1d29be6c3d/host
Aug 27 14:04:39 gtw01 dnsmasq-dhcp[11947]: read /var/lib/neutron/dhcp/47487e22-2ad8-437d-b830-9e1d29be6c3d/opts
Aug 27 14:04:40 gtw01 kernel: [ 3147.259906] device tap986a8419-10 left promiscuous mode
Aug 27 14:04:40 gtw01 kernel: [ 3147.642283] device tap06803a00-81 left promiscuous mode
Aug 27 14:04:40 gtw01 dnsmasq[11043]: read /var/lib/neutron/dhcp/19045de1-5dd3-4f5e-8475-b7408a8d1fb7/addn_hosts - 1 addresses
Aug 27 14:04:40 gtw01 dnsmasq-dhcp[11043]: read /var/lib/neutron/dhcp/19045de1-5dd3-4f5e-8475-b7408a8d1fb7/host
Aug 27 14:04:40 gtw01 dnsmasq-dhcp[11043]: read /var/lib/neutron/dhcp/19045de1-5dd3-4f5e-8475-b7408a8d1fb7/opts
Aug 27 14:04:42 gtw01 kernel: [ 3149.285570] device qr-02fad6f0-e1 left promiscuous mode
Aug 27 14:04:42 gtw01 radvd[11460]: Exiting, privsep_read_loop had readn return 0 bytes
Aug 27 14:04:42 gtw01 radvd[11460]: Exiting, privsep_read_loop is complete.
Aug 27 14:04:45 gtw01 kernel: [ 3151.999559] device tap24bab611-31 entered promiscuous mode
Aug 27 14:04:45 gtw01 systemd-udevd[12101]: link_config: autonegotiation is unset or enabled, the speed and duplex are not writable.
Aug 27 14:04:45 gtw01 systemd-udevd[12101]: Could not generate persistent MAC address for tap24bab611-31: No such file or directory
Aug 27 14:04:45 gtw01 systemd-udevd[12101]: Process '/sbin/ip link set tap24bab611-31 txqueuelen 10000' failed with exit code 1.
Aug 27 14:04:45 gtw01 systemd-udevd[12176]: Process '/sbin/ip link set tap24bab611-31 txqueuelen 10000' failed with exit code 1.
Aug 27 14:04:48 gtw01 dnsmasq[12263]: started, version 2.79 cachesize 150
Aug 27 14:04:48 gtw01 dnsmasq[12263]: DNS service limited to local subnets
Aug 27 14:04:48 gtw01 dnsmasq[12263]: compile time options: IPv6 GNU-getopt DBus i18n IDN DHCP DHCPv6 no-Lua TFTP conntrack ipset auth DNSSEC loop-detect inotify
Aug 27 14:04:48 gtw01 dnsmasq[12263]: warning: no upstream servers configured
Aug 27 14:04:48 gtw01 dnsmasq-dhcp[12263]: DHCP, static leases only on 192.168.120.0, lease time 1h
Aug 27 14:04:48 gtw01 dnsmasq[12263]: read /var/lib/neutron/dhcp/f32c4e60-e871-4da6-9b88-e970570d5bf4/addn_hosts - 1 addresses
Aug 27 14:04:48 gtw01 dnsmasq-dhcp[12263]: read /var/lib/neutron/dhcp/f32c4e60-e871-4da6-9b88-e970570d5bf4/host
Aug 27 14:04:48 gtw01 dnsmasq-dhcp[12263]: read /var/lib/neutron/dhcp/f32c4e60-e871-4da6-9b88-e970570d5bf4/opts
Aug 27 14:04:49 gtw01 kernel: [ 3155.991327] device qr-52dc093a-b0 entered promiscuous mode
Aug 27 14:04:49 gtw01 systemd-udevd[12287]: link_config: autonegotiation is unset or enabled, the speed and duplex are not writable.
Aug 27 14:04:49 gtw01 systemd-udevd[12287]: Could not generate persistent MAC address for qr-52dc093a-b0: No such file or directory
Aug 27 14:04:49 gtw01 kernel: [ 3156.368486] device tap24bab611-31 left promiscuous mode
Aug 27 14:04:50 gtw01 radvd[12391]: version 2.16 started
Aug 27 14:04:51 gtw01 systemd-udevd[12449]: link_config: autonegotiation is unset or enabled, the speed and duplex are not writable.
Aug 27 14:04:51 gtw01 systemd-udevd[12449]: Could not generate persistent MAC address for tap5ee5196a-8c: No such file or directory
Aug 27 14:04:51 gtw01 kernel: [ 3158.345165] device tap5ee5196a-8c entered promiscuous mode
Aug 27 14:04:51 gtw01 systemd-udevd[12449]: Process '/sbin/ip link set tap5ee5196a-8c txqueuelen 10000' failed with exit code 1.
Aug 27 14:04:51 gtw01 systemd-udevd[12523]: Process '/sbin/ip link set tap5ee5196a-8c txqueuelen 10000' failed with exit code 1.
Aug 27 14:04:54 gtw01 dnsmasq[12647]: started, version 2.79 cachesize 150
Aug 27 14:04:54 gtw01 dnsmasq[12647]: DNS service limited to local subnets
Aug 27 14:04:54 gtw01 dnsmasq[12647]: compile time options: IPv6 GNU-getopt DBus i18n IDN DHCP DHCPv6 no-Lua TFTP conntrack ipset auth DNSSEC loop-detect inotify
Aug 27 14:04:54 gtw01 dnsmasq[12647]: warning: no upstream servers configured
Aug 27 14:04:54 gtw01 dnsmasq-dhcp[12647]: DHCPv6, static leases only on 2003:0:0:2::, lease time 1h
Aug 27 14:04:54 gtw01 dnsmasq[12647]: read /var/lib/neutron/dhcp/90757eb7-a4e5-473e-9ce7-fa720ca71d2b/addn_hosts - 2 addresses
Aug 27 14:04:54 gtw01 dnsmasq-dhcp[12647]: read /var/lib/neutron/dhcp/90757eb7-a4e5-473e-9ce7-fa720ca71d2b/host
Aug 27 14:04:54 gtw01 dnsmasq-dhcp[12647]: read /var/lib/neutron/dhcp/90757eb7-a4e5-473e-9ce7-fa720ca71d2b/opts
Aug 27 14:04:55 gtw01 dnsmasq[12647]: read /var/lib/neutron/dhcp/90757eb7-a4e5-473e-9ce7-fa720ca71d2b/addn_hosts - 1 addresses
Aug 27 14:04:55 gtw01 dnsmasq-dhcp[12647]: read /var/lib/neutron/dhcp/90757eb7-a4e5-473e-9ce7-fa720ca71d2b/host
Aug 27 14:04:55 gtw01 dnsmasq-dhcp[12647]: read /var/lib/neutron/dhcp/90757eb7-a4e5-473e-9ce7-fa720ca71d2b/opts
Aug 27 14:04:55 gtw01 kernel: [ 3162.207938] device qr-52dc093a-b0 left promiscuous mode
Aug 27 14:04:55 gtw01 radvd[12393]: Exiting, privsep_read_loop had readn return 0 bytes
Aug 27 14:04:55 gtw01 radvd[12393]: Exiting, privsep_read_loop is complete.
Aug 27 14:04:56 gtw01 dnsmasq[12647]: read /var/lib/neutron/dhcp/90757eb7-a4e5-473e-9ce7-fa720ca71d2b/addn_hosts - 2 addresses
Aug 27 14:04:56 gtw01 dnsmasq-dhcp[12647]: read /var/lib/neutron/dhcp/90757eb7-a4e5-473e-9ce7-fa720ca71d2b/host
Aug 27 14:04:56 gtw01 dnsmasq-dhcp[12647]: read /var/lib/neutron/dhcp/90757eb7-a4e5-473e-9ce7-fa720ca71d2b/opts
Aug 27 14:04:57 gtw01 dnsmasq[12647]: read /var/lib/neutron/dhcp/90757eb7-a4e5-473e-9ce7-fa720ca71d2b/addn_hosts - 2 addresses
Aug 27 14:04:57 gtw01 dnsmasq-dhcp[12647]: read /var/lib/neutron/dhcp/90757eb7-a4e5-473e-9ce7-fa720ca71d2b/host
Aug 27 14:04:57 gtw01 dnsmasq-dhcp[12647]: read /var/lib/neutron/dhcp/90757eb7-a4e5-473e-9ce7-fa720ca71d2b/opts
Aug 27 14:04:57 gtw01 dnsmasq[12647]: read /var/lib/neutron/dhcp/90757eb7-a4e5-473e-9ce7-fa720ca71d2b/addn_hosts - 2 addresses
Aug 27 14:04:57 gtw01 dnsmasq-dhcp[12647]: read /var/lib/neutron/dhcp/90757eb7-a4e5-473e-9ce7-fa720ca71d2b/host
Aug 27 14:04:57 gtw01 dnsmasq-dhcp[12647]: read /var/lib/neutron/dhcp/90757eb7-a4e5-473e-9ce7-fa720ca71d2b/opts
Aug 27 14:04:58 gtw01 dnsmasq[12647]: read /var/lib/neutron/dhcp/90757eb7-a4e5-473e-9ce7-fa720ca71d2b/addn_hosts - 2 addresses
Aug 27 14:04:58 gtw01 dnsmasq-dhcp[12647]: read /var/lib/neutron/dhcp/90757eb7-a4e5-473e-9ce7-fa720ca71d2b/host
Aug 27 14:04:58 gtw01 dnsmasq-dhcp[12647]: read /var/lib/neutron/dhcp/90757eb7-a4e5-473e-9ce7-fa720ca71d2b/opts
Aug 27 14:04:59 gtw01 kernel: [ 3166.100970] device tap0c3a283d-b3 left promiscuous mode
Aug 27 14:04:59 gtw01 dnsmasq[12647]: read /var/lib/neutron/dhcp/90757eb7-a4e5-473e-9ce7-fa720ca71d2b/addn_hosts - 2 addresses
Aug 27 14:04:59 gtw01 dnsmasq-dhcp[12647]: read /var/lib/neutron/dhcp/90757eb7-a4e5-473e-9ce7-fa720ca71d2b/host
Aug 27 14:04:59 gtw01 dnsmasq-dhcp[12647]: read /var/lib/neutron/dhcp/90757eb7-a4e5-473e-9ce7-fa720ca71d2b/opts
Aug 27 14:05:00 gtw01 dnsmasq[12647]: read /var/lib/neutron/dhcp/90757eb7-a4e5-473e-9ce7-fa720ca71d2b/addn_hosts - 2 addresses
Aug 27 14:05:00 gtw01 dnsmasq-dhcp[12647]: read /var/lib/neutron/dhcp/90757eb7-a4e5-473e-9ce7-fa720ca71d2b/host
Aug 27 14:05:00 gtw01 dnsmasq-dhcp[12647]: read /var/lib/neutron/dhcp/90757eb7-a4e5-473e-9ce7-fa720ca71d2b/opts
Aug 27 14:05:00 gtw01 kernel: [ 3167.837265] device tap8a8c54df-35 entered promiscuous mode
Aug 27 14:05:00 gtw01 systemd-udevd[12830]: link_config: autonegotiation is unset or enabled, the speed and duplex are not writable.
Aug 27 14:05:00 gtw01 systemd-udevd[12830]: Could not generate persistent MAC address for tap8a8c54df-35: No such file or directory
Aug 27 14:05:00 gtw01 systemd-udevd[12830]: Process '/sbin/ip link set tap8a8c54df-35 txqueuelen 10000' failed with exit code 1.
Aug 27 14:05:01 gtw01 systemd-udevd[12830]: Process '/sbin/ip link set tap8a8c54df-35 txqueuelen 10000' failed with exit code 1.
Aug 27 14:05:01 gtw01 kernel: [ 3168.515753] device tap3458044d-b3 left promiscuous mode
Aug 27 14:05:01 gtw01 dnsmasq[12647]: read /var/lib/neutron/dhcp/90757eb7-a4e5-473e-9ce7-fa720ca71d2b/addn_hosts - 1 addresses
Aug 27 14:05:01 gtw01 dnsmasq-dhcp[12647]: read /var/lib/neutron/dhcp/90757eb7-a4e5-473e-9ce7-fa720ca71d2b/host
Aug 27 14:05:01 gtw01 dnsmasq-dhcp[12647]: read /var/lib/neutron/dhcp/90757eb7-a4e5-473e-9ce7-fa720ca71d2b/opts
Aug 27 14:05:03 gtw01 kernel: [ 3170.235441] device tapaaad13fb-a5 left promiscuous mode
Aug 27 14:05:03 gtw01 dnsmasq[13024]: started, version 2.79 cachesize 150
Aug 27 14:05:03 gtw01 dnsmasq[13024]: DNS service limited to local subnets
Aug 27 14:05:03 gtw01 dnsmasq[13024]: compile time options: IPv6 GNU-getopt DBus i18n IDN DHCP DHCPv6 no-Lua TFTP conntrack ipset auth DNSSEC loop-detect inotify
Aug 27 14:05:03 gtw01 dnsmasq[13024]: warning: no upstream servers configured
Aug 27 14:05:03 gtw01 dnsmasq-dhcp[13024]: DHCP, static leases only on 192.168.120.16, lease time 1h
Aug 27 14:05:03 gtw01 dnsmasq[13024]: read /var/lib/neutron/dhcp/81606c71-9bc5-48f3-bb88-e679a844d747/addn_hosts - 1 addresses
Aug 27 14:05:03 gtw01 dnsmasq-dhcp[13024]: read /var/lib/neutron/dhcp/81606c71-9bc5-48f3-bb88-e679a844d747/host
Aug 27 14:05:03 gtw01 dnsmasq-dhcp[13024]: read /var/lib/neutron/dhcp/81606c71-9bc5-48f3-bb88-e679a844d747/opts
Aug 27 14:05:04 gtw01 dnsmasq[13024]: read /var/lib/neutron/dhcp/81606c71-9bc5-48f3-bb88-e679a844d747/addn_hosts - 1 addresses
Aug 27 14:05:04 gtw01 dnsmasq-dhcp[13024]: read /var/lib/neutron/dhcp/81606c71-9bc5-48f3-bb88-e679a844d747/host
Aug 27 14:05:04 gtw01 dnsmasq-dhcp[13024]: read /var/lib/neutron/dhcp/81606c71-9bc5-48f3-bb88-e679a844d747/opts
Aug 27 14:05:05 gtw01 dnsmasq[13024]: read /var/lib/neutron/dhcp/81606c71-9bc5-48f3-bb88-e679a844d747/addn_hosts - 1 addresses
Aug 27 14:05:05 gtw01 dnsmasq-dhcp[13024]: read /var/lib/neutron/dhcp/81606c71-9bc5-48f3-bb88-e679a844d747/host
Aug 27 14:05:05 gtw01 dnsmasq-dhcp[13024]: read /var/lib/neutron/dhcp/81606c71-9bc5-48f3-bb88-e679a844d747/opts
Aug 27 14:05:06 gtw01 dnsmasq[13024]: read /var/lib/neutron/dhcp/81606c71-9bc5-48f3-bb88-e679a844d747/addn_hosts - 2 addresses
Aug 27 14:05:06 gtw01 dnsmasq-dhcp[13024]: read /var/lib/neutron/dhcp/81606c71-9bc5-48f3-bb88-e679a844d747/host
Aug 27 14:05:06 gtw01 dnsmasq-dhcp[13024]: read /var/lib/neutron/dhcp/81606c71-9bc5-48f3-bb88-e679a844d747/opts
Aug 27 14:05:08 gtw01 kernel: [ 3175.094826] device tap8a8c54df-35 left promiscuous mode
Aug 27 14:05:16 gtw01 kernel: [ 3183.966970] device tap9399285c-e8 left promiscuous mode
Aug 27 14:05:18 gtw01 kernel: [ 3185.290154] device tap42b864ea-d5 left promiscuous mode
Aug 27 14:05:19 gtw01 kernel: [ 3186.499243] device tap5ee5196a-8c left promiscuous mode
Aug 27 14:05:22 gtw01 systemd-udevd[13269]: link_config: autonegotiation is unset or enabled, the speed and duplex are not writable.
Aug 27 14:05:22 gtw01 systemd-udevd[13269]: Could not generate persistent MAC address for tapb68501b4-d6: No such file or directory
Aug 27 14:05:22 gtw01 kernel: [ 3189.479611] device tapb68501b4-d6 entered promiscuous mode
Aug 27 14:05:22 gtw01 systemd-udevd[13269]: Process '/sbin/ip link set tapb68501b4-d6 txqueuelen 10000' failed with exit code 1.
Aug 27 14:05:22 gtw01 systemd-udevd[13269]: Process '/sbin/ip link set tapb68501b4-d6 txqueuelen 10000' failed with exit code 1.
Aug 27 14:05:25 gtw01 dnsmasq[13418]: started, version 2.79 cachesize 150
Aug 27 14:05:25 gtw01 dnsmasq[13418]: DNS service limited to local subnets
Aug 27 14:05:25 gtw01 dnsmasq[13418]: compile time options: IPv6 GNU-getopt DBus i18n IDN DHCP DHCPv6 no-Lua TFTP conntrack ipset auth DNSSEC loop-detect inotify
Aug 27 14:05:25 gtw01 dnsmasq[13418]: warning: no upstream servers configured
Aug 27 14:05:25 gtw01 dnsmasq-dhcp[13418]: DHCP, static leases only on 192.168.120.32, lease time 1h
Aug 27 14:05:25 gtw01 dnsmasq[13418]: read /var/lib/neutron/dhcp/ccb54afd-e555-4ec4-9377-bc117492db2e/addn_hosts - 1 addresses
Aug 27 14:05:25 gtw01 dnsmasq-dhcp[13418]: read /var/lib/neutron/dhcp/ccb54afd-e555-4ec4-9377-bc117492db2e/host
Aug 27 14:05:25 gtw01 dnsmasq-dhcp[13418]: read /var/lib/neutron/dhcp/ccb54afd-e555-4ec4-9377-bc117492db2e/opts
Aug 27 14:05:26 gtw01 dnsmasq[13418]: read /var/lib/neutron/dhcp/ccb54afd-e555-4ec4-9377-bc117492db2e/addn_hosts - 1 addresses
Aug 27 14:05:26 gtw01 dnsmasq-dhcp[13418]: read /var/lib/neutron/dhcp/ccb54afd-e555-4ec4-9377-bc117492db2e/host
Aug 27 14:05:26 gtw01 dnsmasq-dhcp[13418]: read /var/lib/neutron/dhcp/ccb54afd-e555-4ec4-9377-bc117492db2e/opts
Aug 27 14:05:27 gtw01 dnsmasq[13418]: read /var/lib/neutron/dhcp/ccb54afd-e555-4ec4-9377-bc117492db2e/addn_hosts - 1 addresses
Aug 27 14:05:27 gtw01 dnsmasq-dhcp[13418]: read /var/lib/neutron/dhcp/ccb54afd-e555-4ec4-9377-bc117492db2e/host
Aug 27 14:05:27 gtw01 dnsmasq-dhcp[13418]: read /var/lib/neutron/dhcp/ccb54afd-e555-4ec4-9377-bc117492db2e/opts
Aug 27 14:05:28 gtw01 dnsmasq[13418]: read /var/lib/neutron/dhcp/ccb54afd-e555-4ec4-9377-bc117492db2e/addn_hosts - 2 addresses
Aug 27 14:05:28 gtw01 dnsmasq-dhcp[13418]: read /var/lib/neutron/dhcp/ccb54afd-e555-4ec4-9377-bc117492db2e/host
Aug 27 14:05:28 gtw01 dnsmasq-dhcp[13418]: read /var/lib/neutron/dhcp/ccb54afd-e555-4ec4-9377-bc117492db2e/opts
Aug 27 14:05:30 gtw01 kernel: [ 3197.162527] device tapb68501b4-d6 left promiscuous mode
Aug 27 14:05:34 gtw01 kernel: [ 3201.256007] device tapc63721ad-d5 entered promiscuous mode
Aug 27 14:05:34 gtw01 systemd-udevd[13547]: link_config: autonegotiation is unset or enabled, the speed and duplex are not writable.
Aug 27 14:05:34 gtw01 systemd-udevd[13547]: Could not generate persistent MAC address for tapc63721ad-d5: No such file or directory
Aug 27 14:05:34 gtw01 systemd-udevd[13547]: Process '/sbin/ip link set tapc63721ad-d5 txqueuelen 10000' failed with exit code 1.
Aug 27 14:05:34 gtw01 systemd-udevd[13547]: Process '/sbin/ip link set tapc63721ad-d5 txqueuelen 10000' failed with exit code 1.
Aug 27 14:05:34 gtw01 kernel: [ 3201.837995] device tapdb2add68-65 entered promiscuous mode
Aug 27 14:05:34 gtw01 systemd-udevd[13648]: link_config: autonegotiation is unset or enabled, the speed and duplex are not writable.
Aug 27 14:05:34 gtw01 systemd-udevd[13648]: Could not generate persistent MAC address for tapdb2add68-65: No such file or directory
Aug 27 14:05:34 gtw01 systemd-udevd[13648]: Process '/sbin/ip link set tapdb2add68-65 txqueuelen 10000' failed with exit code 1.
Aug 27 14:05:34 gtw01 systemd-udevd[13648]: Process '/sbin/ip link set tapdb2add68-65 txqueuelen 10000' failed with exit code 1.
Aug 27 14:05:37 gtw01 dnsmasq[13832]: started, version 2.79 cachesize 150
Aug 27 14:05:37 gtw01 dnsmasq[13832]: DNS service limited to local subnets
Aug 27 14:05:37 gtw01 dnsmasq[13832]: compile time options: IPv6 GNU-getopt DBus i18n IDN DHCP DHCPv6 no-Lua TFTP conntrack ipset auth DNSSEC loop-detect inotify
Aug 27 14:05:37 gtw01 dnsmasq[13832]: warning: no upstream servers configured
Aug 27 14:05:37 gtw01 dnsmasq-dhcp[13832]: DHCP, static leases only on 192.168.120.48, lease time 1h
Aug 27 14:05:37 gtw01 dnsmasq[13832]: read /var/lib/neutron/dhcp/207b242e-9840-4a3e-95cd-b20646a2db6c/addn_hosts - 1 addresses
Aug 27 14:05:37 gtw01 dnsmasq-dhcp[13832]: read /var/lib/neutron/dhcp/207b242e-9840-4a3e-95cd-b20646a2db6c/host
Aug 27 14:05:37 gtw01 dnsmasq-dhcp[13832]: read /var/lib/neutron/dhcp/207b242e-9840-4a3e-95cd-b20646a2db6c/opts
Aug 27 14:05:37 gtw01 dnsmasq[13862]: started, version 2.79 cachesize 150
Aug 27 14:05:37 gtw01 dnsmasq[13862]: DNS service limited to local subnets
Aug 27 14:05:37 gtw01 dnsmasq[13862]: compile time options: IPv6 GNU-getopt DBus i18n IDN DHCP DHCPv6 no-Lua TFTP conntrack ipset auth DNSSEC loop-detect inotify
Aug 27 14:05:37 gtw01 dnsmasq[13862]: warning: no upstream servers configured
Aug 27 14:05:37 gtw01 dnsmasq-dhcp[13862]: DHCP, static leases only on 192.168.120.0, lease time 1h
Aug 27 14:05:37 gtw01 dnsmasq[13862]: read /var/lib/neutron/dhcp/515aa79d-af54-40d4-b25d-f6e2116f9b8c/addn_hosts - 1 addresses
Aug 27 14:05:37 gtw01 dnsmasq-dhcp[13862]: read /var/lib/neutron/dhcp/515aa79d-af54-40d4-b25d-f6e2116f9b8c/host
Aug 27 14:05:37 gtw01 dnsmasq-dhcp[13862]: read /var/lib/neutron/dhcp/515aa79d-af54-40d4-b25d-f6e2116f9b8c/opts
Aug 27 14:05:38 gtw01 kernel: [ 3205.246365] device tapc63721ad-d5 left promiscuous mode
Aug 27 14:05:38 gtw01 kernel: [ 3205.698192] device tapa845e67d-66 entered promiscuous mode
Aug 27 14:05:38 gtw01 systemd-udevd[13892]: link_config: autonegotiation is unset or enabled, the speed and duplex are not writable.
Aug 27 14:05:38 gtw01 systemd-udevd[13892]: Could not generate persistent MAC address for tapa845e67d-66: No such file or directory
Aug 27 14:05:38 gtw01 systemd-udevd[13892]: Process '/sbin/ip link set tapa845e67d-66 txqueuelen 10000' failed with exit code 1.
Aug 27 14:05:38 gtw01 systemd-udevd[13969]: Process '/sbin/ip link set tapa845e67d-66 txqueuelen 10000' failed with exit code 1.
Aug 27 14:05:41 gtw01 dnsmasq[14094]: started, version 2.79 cachesize 150
Aug 27 14:05:41 gtw01 dnsmasq[14094]: DNS service limited to local subnets
Aug 27 14:05:41 gtw01 dnsmasq[14094]: compile time options: IPv6 GNU-getopt DBus i18n IDN DHCP DHCPv6 no-Lua TFTP conntrack ipset auth DNSSEC loop-detect inotify
Aug 27 14:05:41 gtw01 dnsmasq[14094]: warning: no upstream servers configured
Aug 27 14:05:41 gtw01 dnsmasq-dhcp[14094]: DHCP, static leases only on 192.168.120.64, lease time 1h
Aug 27 14:05:41 gtw01 dnsmasq[14094]: read /var/lib/neutron/dhcp/0579253f-7f40-4a7f-a13a-350bbe36d03b/addn_hosts - 1 addresses
Aug 27 14:05:41 gtw01 dnsmasq-dhcp[14094]: read /var/lib/neutron/dhcp/0579253f-7f40-4a7f-a13a-350bbe36d03b/host
Aug 27 14:05:41 gtw01 dnsmasq-dhcp[14094]: read /var/lib/neutron/dhcp/0579253f-7f40-4a7f-a13a-350bbe36d03b/opts
Aug 27 14:05:42 gtw01 dnsmasq[14118]: started, version 2.79 cachesize 150
Aug 27 14:05:42 gtw01 dnsmasq[14118]: DNS service limited to local subnets
Aug 27 14:05:42 gtw01 dnsmasq[14118]: compile time options: IPv6 GNU-getopt DBus i18n IDN DHCP DHCPv6 no-Lua TFTP conntrack ipset auth DNSSEC loop-detect inotify
Aug 27 14:05:42 gtw01 dnsmasq[14118]: warning: no upstream servers configured
Aug 27 14:05:42 gtw01 dnsmasq-dhcp[14118]: DHCP, static leases only on 192.168.120.16, lease time 1h
Aug 27 14:05:42 gtw01 dnsmasq-dhcp[14118]: DHCP, static leases only on 192.168.120.48, lease time 1h
Aug 27 14:05:42 gtw01 dnsmasq-dhcp[14118]: DHCP, static leases only on 192.168.120.0, lease time 1h
Aug 27 14:05:42 gtw01 dnsmasq-dhcp[14118]: DHCP, static leases only on 192.168.120.64, lease time 1h
Aug 27 14:05:42 gtw01 dnsmasq-dhcp[14118]: DHCP, static leases only on 192.168.120.32, lease time 1h
Aug 27 14:05:42 gtw01 dnsmasq[14118]: read /var/lib/neutron/dhcp/515aa79d-af54-40d4-b25d-f6e2116f9b8c/addn_hosts - 5 addresses
Aug 27 14:05:42 gtw01 dnsmasq-dhcp[14118]: read /var/lib/neutron/dhcp/515aa79d-af54-40d4-b25d-f6e2116f9b8c/host
Aug 27 14:05:42 gtw01 dnsmasq-dhcp[14118]: read /var/lib/neutron/dhcp/515aa79d-af54-40d4-b25d-f6e2116f9b8c/opts
Aug 27 14:05:42 gtw01 kernel: [ 3209.794230] device tapa845e67d-66 left promiscuous mode
Aug 27 14:05:43 gtw01 dnsmasq-dhcp[14118]: DHCPRELEASE(tapdb2add68-65) 192.168.120.2 fa:16:3e:02:14:bc unknown lease
Aug 27 14:05:43 gtw01 kernel: [ 3210.322216] device tapfa30c935-17 entered promiscuous mode
Aug 27 14:05:43 gtw01 systemd-udevd[14155]: link_config: autonegotiation is unset or enabled, the speed and duplex are not writable.
Aug 27 14:05:43 gtw01 systemd-udevd[14155]: Could not generate persistent MAC address for tapfa30c935-17: No such file or directory
Aug 27 14:05:43 gtw01 systemd-udevd[14155]: Process '/sbin/ip link set tapfa30c935-17 txqueuelen 10000' failed with exit code 1.
Aug 27 14:05:43 gtw01 systemd-udevd[14232]: Process '/sbin/ip link set tapfa30c935-17 txqueuelen 10000' failed with exit code 1.
Aug 27 14:05:43 gtw01 dnsmasq-dhcp[14118]: DHCPRELEASE(tapdb2add68-65) 192.168.120.2 fa:16:3e:02:14:bc unknown lease
Aug 27 14:05:44 gtw01 dnsmasq-dhcp[14118]: DHCPRELEASE(tapdb2add68-65) 192.168.120.2 fa:16:3e:02:14:bc unknown lease
Aug 27 14:05:45 gtw01 dnsmasq[14118]: read /var/lib/neutron/dhcp/515aa79d-af54-40d4-b25d-f6e2116f9b8c/addn_hosts - 4 addresses
Aug 27 14:05:45 gtw01 dnsmasq-dhcp[14118]: read /var/lib/neutron/dhcp/515aa79d-af54-40d4-b25d-f6e2116f9b8c/host
Aug 27 14:05:45 gtw01 dnsmasq-dhcp[14118]: read /var/lib/neutron/dhcp/515aa79d-af54-40d4-b25d-f6e2116f9b8c/opts
Aug 27 14:05:46 gtw01 dnsmasq[14350]: started, version 2.79 cachesize 150
Aug 27 14:05:46 gtw01 dnsmasq[14350]: DNS service limited to local subnets
Aug 27 14:05:46 gtw01 dnsmasq[14350]: compile time options: IPv6 GNU-getopt DBus i18n IDN DHCP DHCPv6 no-Lua TFTP conntrack ipset auth DNSSEC loop-detect inotify
Aug 27 14:05:46 gtw01 dnsmasq[14350]: warning: no upstream servers configured
Aug 27 14:05:46 gtw01 dnsmasq-dhcp[14350]: DHCP, static leases only on 192.168.120.80, lease time 1h
Aug 27 14:05:46 gtw01 dnsmasq[14350]: read /var/lib/neutron/dhcp/9adba9bc-2daa-45ef-b145-1553436e8842/addn_hosts - 1 addresses
Aug 27 14:05:46 gtw01 dnsmasq-dhcp[14350]: read /var/lib/neutron/dhcp/9adba9bc-2daa-45ef-b145-1553436e8842/host
Aug 27 14:05:46 gtw01 dnsmasq-dhcp[14350]: read /var/lib/neutron/dhcp/9adba9bc-2daa-45ef-b145-1553436e8842/opts
Aug 27 14:05:47 gtw01 kernel: [ 3214.442456] device tapfa30c935-17 left promiscuous mode
Aug 27 14:05:48 gtw01 dnsmasq[14433]: started, version 2.79 cachesize 150
Aug 27 14:05:48 gtw01 dnsmasq[14433]: DNS service limited to local subnets
Aug 27 14:05:48 gtw01 dnsmasq[14433]: compile time options: IPv6 GNU-getopt DBus i18n IDN DHCP DHCPv6 no-Lua TFTP conntrack ipset auth DNSSEC loop-detect inotify
Aug 27 14:05:48 gtw01 dnsmasq[14433]: warning: no upstream servers configured
Aug 27 14:05:48 gtw01 dnsmasq-dhcp[14433]: DHCP, static leases only on 192.168.120.48, lease time 1h
Aug 27 14:05:48 gtw01 dnsmasq-dhcp[14433]: DHCP, static leases only on 192.168.120.64, lease time 1h
Aug 27 14:05:48 gtw01 dnsmasq[14433]: read /var/lib/neutron/dhcp/515aa79d-af54-40d4-b25d-f6e2116f9b8c/addn_hosts - 2 addresses
Aug 27 14:05:48 gtw01 dnsmasq-dhcp[14433]: read /var/lib/neutron/dhcp/515aa79d-af54-40d4-b25d-f6e2116f9b8c/host
Aug 27 14:05:48 gtw01 dnsmasq-dhcp[14433]: read /var/lib/neutron/dhcp/515aa79d-af54-40d4-b25d-f6e2116f9b8c/opts
Aug 27 14:05:49 gtw01 kernel: [ 3216.583045] device tapdb2add68-65 left promiscuous mode
Aug 27 14:06:00 gtw01 kernel: [ 3227.538765] device tap6253840a-7f entered promiscuous mode
Aug 27 14:06:00 gtw01 systemd-udevd[14497]: link_config: autonegotiation is unset or enabled, the speed and duplex are not writable.
Aug 27 14:06:00 gtw01 systemd-udevd[14497]: Could not generate persistent MAC address for tap6253840a-7f: No such file or directory
Aug 27 14:06:00 gtw01 systemd-udevd[14497]: Process '/sbin/ip link set tap6253840a-7f txqueuelen 10000' failed with exit code 1.
Aug 27 14:06:00 gtw01 systemd-udevd[14497]: Process '/sbin/ip link set tap6253840a-7f txqueuelen 10000' failed with exit code 1.
Aug 27 14:06:03 gtw01 dnsmasq[14648]: started, version 2.79 cachesize 150
Aug 27 14:06:03 gtw01 dnsmasq[14648]: DNS service limited to local subnets
Aug 27 14:06:03 gtw01 dnsmasq[14648]: compile time options: IPv6 GNU-getopt DBus i18n IDN DHCP DHCPv6 no-Lua TFTP conntrack ipset auth DNSSEC loop-detect inotify
Aug 27 14:06:03 gtw01 dnsmasq[14648]: warning: no upstream servers configured
Aug 27 14:06:03 gtw01 dnsmasq-dhcp[14648]: DHCP, static leases only on 192.168.120.0, lease time 1h
Aug 27 14:06:03 gtw01 dnsmasq[14648]: read /var/lib/neutron/dhcp/10bac271-1da8-4b7e-9a27-1953ef8cb94c/addn_hosts - 1 addresses
Aug 27 14:06:03 gtw01 dnsmasq-dhcp[14648]: read /var/lib/neutron/dhcp/10bac271-1da8-4b7e-9a27-1953ef8cb94c/host
Aug 27 14:06:03 gtw01 dnsmasq-dhcp[14648]: read /var/lib/neutron/dhcp/10bac271-1da8-4b7e-9a27-1953ef8cb94c/opts
Aug 27 14:06:04 gtw01 kernel: [ 3231.660293] device tap6253840a-7f left promiscuous mode
Aug 27 14:06:15 gtw01 kernel: [ 3242.561423] device tapda630a8a-1e entered promiscuous mode
Aug 27 14:06:15 gtw01 systemd-udevd[14737]: link_config: autonegotiation is unset or enabled, the speed and duplex are not writable.
Aug 27 14:06:15 gtw01 systemd-udevd[14737]: Could not generate persistent MAC address for tapda630a8a-1e: No such file or directory
Aug 27 14:06:15 gtw01 systemd-udevd[14737]: Process '/sbin/ip link set tapda630a8a-1e txqueuelen 10000' failed with exit code 1.
Aug 27 14:06:15 gtw01 systemd-udevd[14813]: Process '/sbin/ip link set tapda630a8a-1e txqueuelen 10000' failed with exit code 1.
Aug 27 14:06:17 gtw01 systemd-udevd[14859]: link_config: autonegotiation is unset or enabled, the speed and duplex are not writable.
Aug 27 14:06:17 gtw01 systemd-udevd[14859]: Could not generate persistent MAC address for tap59bd87a5-a3: No such file or directory
Aug 27 14:06:17 gtw01 kernel: [ 3244.227409] device tap59bd87a5-a3 entered promiscuous mode
Aug 27 14:06:17 gtw01 systemd-udevd[14859]: Process '/sbin/ip link set tap59bd87a5-a3 txqueuelen 10000' failed with exit code 1.
Aug 27 14:06:17 gtw01 systemd-udevd[14939]: Process '/sbin/ip link set tap59bd87a5-a3 txqueuelen 10000' failed with exit code 1.
Aug 27 14:06:18 gtw01 dnsmasq[15002]: started, version 2.79 cachesize 150
Aug 27 14:06:18 gtw01 dnsmasq[15002]: DNS service limited to local subnets
Aug 27 14:06:18 gtw01 dnsmasq[15002]: compile time options: IPv6 GNU-getopt DBus i18n IDN DHCP DHCPv6 no-Lua TFTP conntrack ipset auth DNSSEC loop-detect inotify
Aug 27 14:06:18 gtw01 dnsmasq[15002]: warning: no upstream servers configured
Aug 27 14:06:18 gtw01 dnsmasq-dhcp[15002]: DHCP, static leases only on 192.168.120.0, lease time 1h
Aug 27 14:06:18 gtw01 dnsmasq[15002]: read /var/lib/neutron/dhcp/25359607-3f08-4ab6-b351-23994a429a35/addn_hosts - 1 addresses
Aug 27 14:06:18 gtw01 dnsmasq-dhcp[15002]: read /var/lib/neutron/dhcp/25359607-3f08-4ab6-b351-23994a429a35/host
Aug 27 14:06:18 gtw01 dnsmasq-dhcp[15002]: read /var/lib/neutron/dhcp/25359607-3f08-4ab6-b351-23994a429a35/opts
