Aug 27 14:02:30 gtw01 dnsmasq-dhcp[3861]: read /var/lib/neutron/dhcp/ffeef674-1183-4e78-8a69-4fc1f0501e4e/host
Aug 27 14:02:30 gtw01 dnsmasq-dhcp[3861]: read /var/lib/neutron/dhcp/ffeef674-1183-4e78-8a69-4fc1f0501e4e/opts
Aug 27 14:02:33 gtw01 dnsmasq[3515]: read /var/lib/neutron/dhcp/c3fef341-8146-4d5f-ab9c-47fde0d371cb/addn_hosts - 1 addresses
Aug 27 14:02:33 gtw01 dnsmasq-dhcp[3515]: read /var/lib/neutron/dhcp/c3fef341-8146-4d5f-ab9c-47fde0d371cb/host
Aug 27 14:02:33 gtw01 dnsmasq-dhcp[3515]: read /var/lib/neutron/dhcp/c3fef341-8146-4d5f-ab9c-47fde0d371cb/opts
Aug 27 14:02:34 gtw01 dnsmasq[3861]: read /var/lib/neutron/dhcp/ffeef674-1183-4e78-8a69-4fc1f0501e4e/addn_hosts - 1 addresses
Aug 27 14:02:34 gtw01 dnsmasq-dhcp[3861]: read /var/lib/neutron/dhcp/ffeef674-1183-4e78-8a69-4fc1f0501e4e/host
Aug 27 14:02:34 gtw01 dnsmasq-dhcp[3861]: read /var/lib/neutron/dhcp/ffeef674-1183-4e78-8a69-4fc1f0501e4e/opts
Aug 27 14:02:35 gtw01 dnsmasq[3540]: read /var/lib/neutron/dhcp/0d325839-02ff-4404-bfd4-1eb8ac832f44/addn_hosts - 3 addresses
Aug 27 14:02:35 gtw01 dnsmasq-dhcp[3540]: read /var/lib/neutron/dhcp/0d325839-02ff-4404-bfd4-1eb8ac832f44/host
Aug 27 14:02:35 gtw01 dnsmasq-dhcp[3540]: read /var/lib/neutron/dhcp/0d325839-02ff-4404-bfd4-1eb8ac832f44/opts
Aug 27 14:02:36 gtw01 kernel: [ 3023.481288] device tap9d63f79f-54 left promiscuous mode
Aug 27 14:02:38 gtw01 dnsmasq[3540]: read /var/lib/neutron/dhcp/0d325839-02ff-4404-bfd4-1eb8ac832f44/addn_hosts - 2 addresses
Aug 27 14:02:38 gtw01 dnsmasq-dhcp[3540]: read /var/lib/neutron/dhcp/0d325839-02ff-4404-bfd4-1eb8ac832f44/host
Aug 27 14:02:38 gtw01 dnsmasq-dhcp[3540]: read /var/lib/neutron/dhcp/0d325839-02ff-4404-bfd4-1eb8ac832f44/opts
Aug 27 14:02:39 gtw01 kernel: [ 3026.025087] device tapcae57600-8a left promiscuous mode
Aug 27 14:02:39 gtw01 dnsmasq[3540]: read /var/lib/neutron/dhcp/0d325839-02ff-4404-bfd4-1eb8ac832f44/addn_hosts - 1 addresses
Aug 27 14:02:39 gtw01 dnsmasq-dhcp[3540]: read /var/lib/neutron/dhcp/0d325839-02ff-4404-bfd4-1eb8ac832f44/host
Aug 27 14:02:39 gtw01 dnsmasq-dhcp[3540]: read /var/lib/neutron/dhcp/0d325839-02ff-4404-bfd4-1eb8ac832f44/opts
Aug 27 14:02:42 gtw01 kernel: [ 3029.708517] device tap5783a19e-f5 left promiscuous mode
Aug 27 14:02:59 gtw01 kernel: [ 3046.727053] device tap4d42b38a-9d entered promiscuous mode
Aug 27 14:02:59 gtw01 systemd-udevd[5416]: link_config: autonegotiation is unset or enabled, the speed and duplex are not writable.
Aug 27 14:02:59 gtw01 systemd-udevd[5416]: Could not generate persistent MAC address for tap4d42b38a-9d: No such file or directory
Aug 27 14:02:59 gtw01 systemd-udevd[5416]: Process '/sbin/ip link set tap4d42b38a-9d txqueuelen 10000' failed with exit code 1.
Aug 27 14:02:59 gtw01 systemd-udevd[5416]: Process '/sbin/ip link set tap4d42b38a-9d txqueuelen 10000' failed with exit code 1.
Aug 27 14:03:02 gtw01 systemd-udevd[5572]: link_config: autonegotiation is unset or enabled, the speed and duplex are not writable.
Aug 27 14:03:02 gtw01 systemd-udevd[5572]: Could not generate persistent MAC address for tapf776ece9-d8: No such file or directory
Aug 27 14:03:02 gtw01 kernel: [ 3049.463698] device tapf776ece9-d8 entered promiscuous mode
Aug 27 14:03:02 gtw01 systemd-udevd[5640]: Process '/sbin/ip link set tapf776ece9-d8 txqueuelen 10000' failed with exit code 1.
Aug 27 14:03:02 gtw01 dnsmasq[5659]: started, version 2.79 cachesize 150
Aug 27 14:03:02 gtw01 dnsmasq[5659]: DNS service limited to local subnets
Aug 27 14:03:02 gtw01 dnsmasq[5659]: compile time options: IPv6 GNU-getopt DBus i18n IDN DHCP DHCPv6 no-Lua TFTP conntrack ipset auth DNSSEC loop-detect inotify
Aug 27 14:03:02 gtw01 dnsmasq[5659]: warning: no upstream servers configured
Aug 27 14:03:02 gtw01 dnsmasq-dhcp[5659]: DHCP, static leases only on 192.168.120.0, lease time 1h
Aug 27 14:03:02 gtw01 dnsmasq[5659]: read /var/lib/neutron/dhcp/116106c8-5157-4a2c-a108-d42878a752eb/addn_hosts - 1 addresses
Aug 27 14:03:02 gtw01 dnsmasq-dhcp[5659]: read /var/lib/neutron/dhcp/116106c8-5157-4a2c-a108-d42878a752eb/host
Aug 27 14:03:02 gtw01 dnsmasq-dhcp[5659]: read /var/lib/neutron/dhcp/116106c8-5157-4a2c-a108-d42878a752eb/opts
Aug 27 14:03:03 gtw01 dnsmasq[5659]: read /var/lib/neutron/dhcp/116106c8-5157-4a2c-a108-d42878a752eb/addn_hosts - 5 addresses
Aug 27 14:03:03 gtw01 dnsmasq-dhcp[5659]: read /var/lib/neutron/dhcp/116106c8-5157-4a2c-a108-d42878a752eb/host
Aug 27 14:03:03 gtw01 dnsmasq-dhcp[5659]: read /var/lib/neutron/dhcp/116106c8-5157-4a2c-a108-d42878a752eb/opts
Aug 27 14:03:04 gtw01 dnsmasq[5659]: read /var/lib/neutron/dhcp/116106c8-5157-4a2c-a108-d42878a752eb/addn_hosts - 5 addresses
Aug 27 14:03:04 gtw01 dnsmasq-dhcp[5659]: read /var/lib/neutron/dhcp/116106c8-5157-4a2c-a108-d42878a752eb/host
Aug 27 14:03:04 gtw01 dnsmasq-dhcp[5659]: read /var/lib/neutron/dhcp/116106c8-5157-4a2c-a108-d42878a752eb/opts
Aug 27 14:03:05 gtw01 dnsmasq[5757]: started, version 2.79 cachesize 150
Aug 27 14:03:05 gtw01 dnsmasq[5757]: DNS service limited to local subnets
Aug 27 14:03:05 gtw01 dnsmasq[5757]: compile time options: IPv6 GNU-getopt DBus i18n IDN DHCP DHCPv6 no-Lua TFTP conntrack ipset auth DNSSEC loop-detect inotify
Aug 27 14:03:05 gtw01 dnsmasq[5757]: warning: no upstream servers configured
Aug 27 14:03:05 gtw01 dnsmasq-dhcp[5757]: DHCP, static leases only on 192.168.120.0, lease time 1h
Aug 27 14:03:05 gtw01 dnsmasq[5757]: read /var/lib/neutron/dhcp/058cc6c2-655e-4c7e-ad89-3b0a1d73ac2a/addn_hosts - 1 addresses
Aug 27 14:03:05 gtw01 dnsmasq-dhcp[5757]: read /var/lib/neutron/dhcp/058cc6c2-655e-4c7e-ad89-3b0a1d73ac2a/host
Aug 27 14:03:05 gtw01 dnsmasq-dhcp[5757]: read /var/lib/neutron/dhcp/058cc6c2-655e-4c7e-ad89-3b0a1d73ac2a/opts
Aug 27 14:03:05 gtw01 dnsmasq[5659]: read /var/lib/neutron/dhcp/116106c8-5157-4a2c-a108-d42878a752eb/addn_hosts - 5 addresses
Aug 27 14:03:05 gtw01 dnsmasq-dhcp[5659]: read /var/lib/neutron/dhcp/116106c8-5157-4a2c-a108-d42878a752eb/host
Aug 27 14:03:05 gtw01 dnsmasq-dhcp[5659]: read /var/lib/neutron/dhcp/116106c8-5157-4a2c-a108-d42878a752eb/opts
Aug 27 14:03:06 gtw01 dnsmasq[5659]: read /var/lib/neutron/dhcp/116106c8-5157-4a2c-a108-d42878a752eb/addn_hosts - 5 addresses
Aug 27 14:03:06 gtw01 dnsmasq-dhcp[5659]: read /var/lib/neutron/dhcp/116106c8-5157-4a2c-a108-d42878a752eb/host
Aug 27 14:03:06 gtw01 dnsmasq-dhcp[5659]: read /var/lib/neutron/dhcp/116106c8-5157-4a2c-a108-d42878a752eb/opts
Aug 27 14:03:07 gtw01 dnsmasq[5659]: read /var/lib/neutron/dhcp/116106c8-5157-4a2c-a108-d42878a752eb/addn_hosts - 5 addresses
Aug 27 14:03:07 gtw01 dnsmasq-dhcp[5659]: read /var/lib/neutron/dhcp/116106c8-5157-4a2c-a108-d42878a752eb/host
Aug 27 14:03:07 gtw01 dnsmasq-dhcp[5659]: read /var/lib/neutron/dhcp/116106c8-5157-4a2c-a108-d42878a752eb/opts
Aug 27 14:03:08 gtw01 dnsmasq[5659]: read /var/lib/neutron/dhcp/116106c8-5157-4a2c-a108-d42878a752eb/addn_hosts - 5 addresses
Aug 27 14:03:08 gtw01 dnsmasq-dhcp[5659]: read /var/lib/neutron/dhcp/116106c8-5157-4a2c-a108-d42878a752eb/host
Aug 27 14:03:08 gtw01 dnsmasq-dhcp[5659]: read /var/lib/neutron/dhcp/116106c8-5157-4a2c-a108-d42878a752eb/opts
Aug 27 14:03:09 gtw01 dnsmasq[5659]: read /var/lib/neutron/dhcp/116106c8-5157-4a2c-a108-d42878a752eb/addn_hosts - 6 addresses
Aug 27 14:03:09 gtw01 dnsmasq-dhcp[5659]: read /var/lib/neutron/dhcp/116106c8-5157-4a2c-a108-d42878a752eb/host
Aug 27 14:03:09 gtw01 dnsmasq-dhcp[5659]: read /var/lib/neutron/dhcp/116106c8-5157-4a2c-a108-d42878a752eb/opts
Aug 27 14:03:09 gtw01 dnsmasq[5898]: started, version 2.79 cachesize 150
Aug 27 14:03:09 gtw01 dnsmasq[5898]: DNS service limited to local subnets
Aug 27 14:03:09 gtw01 dnsmasq[5898]: compile time options: IPv6 GNU-getopt DBus i18n IDN DHCP DHCPv6 no-Lua TFTP conntrack ipset auth DNSSEC loop-detect inotify
Aug 27 14:03:09 gtw01 dnsmasq[5898]: warning: no upstream servers configured
Aug 27 14:03:09 gtw01 dnsmasq-dhcp[5898]: DHCP, static leases only on 192.168.120.0, lease time 1h
Aug 27 14:03:09 gtw01 dnsmasq-dhcp[5898]: DHCP, static leases only on 192.168.120.16, lease time 1h
Aug 27 14:03:09 gtw01 dnsmasq[5898]: read /var/lib/neutron/dhcp/058cc6c2-655e-4c7e-ad89-3b0a1d73ac2a/addn_hosts - 6 addresses
Aug 27 14:03:09 gtw01 dnsmasq-dhcp[5898]: read /var/lib/neutron/dhcp/058cc6c2-655e-4c7e-ad89-3b0a1d73ac2a/host
Aug 27 14:03:09 gtw01 dnsmasq-dhcp[5898]: read /var/lib/neutron/dhcp/058cc6c2-655e-4c7e-ad89-3b0a1d73ac2a/opts
Aug 27 14:03:10 gtw01 dnsmasq-dhcp[5898]: DHCPRELEASE(tapf776ece9-d8) 192.168.120.6 fa:16:3e:c7:2f:6b
Aug 27 14:03:10 gtw01 dnsmasq[5659]: read /var/lib/neutron/dhcp/116106c8-5157-4a2c-a108-d42878a752eb/addn_hosts - 7 addresses
Aug 27 14:03:10 gtw01 dnsmasq-dhcp[5659]: read /var/lib/neutron/dhcp/116106c8-5157-4a2c-a108-d42878a752eb/host
Aug 27 14:03:10 gtw01 dnsmasq-dhcp[5659]: read /var/lib/neutron/dhcp/116106c8-5157-4a2c-a108-d42878a752eb/opts
Aug 27 14:03:10 gtw01 dnsmasq-dhcp[5898]: DHCPRELEASE(tapf776ece9-d8) 192.168.120.10 fa:16:3e:c7:2f:6b
Aug 27 14:03:11 gtw01 dnsmasq[5898]: read /var/lib/neutron/dhcp/058cc6c2-655e-4c7e-ad89-3b0a1d73ac2a/addn_hosts - 5 addresses
Aug 27 14:03:11 gtw01 dnsmasq-dhcp[5898]: read /var/lib/neutron/dhcp/058cc6c2-655e-4c7e-ad89-3b0a1d73ac2a/host
Aug 27 14:03:11 gtw01 dnsmasq-dhcp[5898]: read /var/lib/neutron/dhcp/058cc6c2-655e-4c7e-ad89-3b0a1d73ac2a/opts
Aug 27 14:03:11 gtw01 dnsmasq[5659]: read /var/lib/neutron/dhcp/116106c8-5157-4a2c-a108-d42878a752eb/addn_hosts - 7 addresses
Aug 27 14:03:11 gtw01 dnsmasq-dhcp[5659]: read /var/lib/neutron/dhcp/116106c8-5157-4a2c-a108-d42878a752eb/host
Aug 27 14:03:11 gtw01 dnsmasq-dhcp[5659]: read /var/lib/neutron/dhcp/116106c8-5157-4a2c-a108-d42878a752eb/opts
Aug 27 14:03:12 gtw01 dnsmasq[5659]: read /var/lib/neutron/dhcp/116106c8-5157-4a2c-a108-d42878a752eb/addn_hosts - 7 addresses
Aug 27 14:03:12 gtw01 dnsmasq-dhcp[5659]: read /var/lib/neutron/dhcp/116106c8-5157-4a2c-a108-d42878a752eb/host
Aug 27 14:03:12 gtw01 dnsmasq-dhcp[5659]: read /var/lib/neutron/dhcp/116106c8-5157-4a2c-a108-d42878a752eb/opts
Aug 27 14:03:12 gtw01 dnsmasq-dhcp[5898]: DHCPRELEASE(tapf776ece9-d8) 192.168.120.25 fa:16:3e:25:84:a2
Aug 27 14:03:12 gtw01 dnsmasq-dhcp[5898]: DHCPRELEASE(tapf776ece9-d8) 192.168.120.28 fa:16:3e:69:29:bc
Aug 27 14:03:12 gtw01 systemd-udevd[6016]: link_config: autonegotiation is unset or enabled, the speed and duplex are not writable.
Aug 27 14:03:12 gtw01 systemd-udevd[6016]: Could not generate persistent MAC address for tap5c7e12a3-bd: No such file or directory
Aug 27 14:03:12 gtw01 kernel: [ 3059.970394] device tap5c7e12a3-bd entered promiscuous mode
Aug 27 14:03:13 gtw01 systemd-udevd[6016]: Process '/sbin/ip link set tap5c7e12a3-bd txqueuelen 10000' failed with exit code 1.
Aug 27 14:03:13 gtw01 systemd-udevd[6093]: Process '/sbin/ip link set tap5c7e12a3-bd txqueuelen 10000' failed with exit code 1.
Aug 27 14:03:13 gtw01 dnsmasq[5659]: read /var/lib/neutron/dhcp/116106c8-5157-4a2c-a108-d42878a752eb/addn_hosts - 7 addresses
Aug 27 14:03:13 gtw01 dnsmasq-dhcp[5659]: read /var/lib/neutron/dhcp/116106c8-5157-4a2c-a108-d42878a752eb/host
Aug 27 14:03:13 gtw01 dnsmasq-dhcp[5659]: read /var/lib/neutron/dhcp/116106c8-5157-4a2c-a108-d42878a752eb/opts
Aug 27 14:03:13 gtw01 dnsmasq[5898]: read /var/lib/neutron/dhcp/058cc6c2-655e-4c7e-ad89-3b0a1d73ac2a/addn_hosts - 3 addresses
Aug 27 14:03:13 gtw01 dnsmasq-dhcp[5898]: read /var/lib/neutron/dhcp/058cc6c2-655e-4c7e-ad89-3b0a1d73ac2a/host
Aug 27 14:03:13 gtw01 dnsmasq-dhcp[5898]: read /var/lib/neutron/dhcp/058cc6c2-655e-4c7e-ad89-3b0a1d73ac2a/opts
Aug 27 14:03:14 gtw01 dnsmasq[5659]: read /var/lib/neutron/dhcp/116106c8-5157-4a2c-a108-d42878a752eb/addn_hosts - 7 addresses
Aug 27 14:03:14 gtw01 dnsmasq-dhcp[5659]: read /var/lib/neutron/dhcp/116106c8-5157-4a2c-a108-d42878a752eb/host
Aug 27 14:03:14 gtw01 dnsmasq-dhcp[5659]: read /var/lib/neutron/dhcp/116106c8-5157-4a2c-a108-d42878a752eb/opts
Aug 27 14:03:14 gtw01 dnsmasq[5898]: read /var/lib/neutron/dhcp/058cc6c2-655e-4c7e-ad89-3b0a1d73ac2a/addn_hosts - 4 addresses
Aug 27 14:03:14 gtw01 dnsmasq-dhcp[5898]: read /var/lib/neutron/dhcp/058cc6c2-655e-4c7e-ad89-3b0a1d73ac2a/host
Aug 27 14:03:14 gtw01 dnsmasq-dhcp[5898]: read /var/lib/neutron/dhcp/058cc6c2-655e-4c7e-ad89-3b0a1d73ac2a/opts
Aug 27 14:03:15 gtw01 dnsmasq[5659]: read /var/lib/neutron/dhcp/116106c8-5157-4a2c-a108-d42878a752eb/addn_hosts - 6 addresses
Aug 27 14:03:15 gtw01 dnsmasq-dhcp[5659]: read /var/lib/neutron/dhcp/116106c8-5157-4a2c-a108-d42878a752eb/host
Aug 27 14:03:15 gtw01 dnsmasq-dhcp[5659]: read /var/lib/neutron/dhcp/116106c8-5157-4a2c-a108-d42878a752eb/opts
Aug 27 14:03:16 gtw01 kernel: [ 3063.028810] device tapf776ece9-d8 left promiscuous mode
Aug 27 14:03:16 gtw01 dnsmasq[6257]: started, version 2.79 cachesize 150
Aug 27 14:03:16 gtw01 dnsmasq[6257]: DNS service limited to local subnets
Aug 27 14:03:16 gtw01 dnsmasq[6257]: compile time options: IPv6 GNU-getopt DBus i18n IDN DHCP DHCPv6 no-Lua TFTP conntrack ipset auth DNSSEC loop-detect inotify
Aug 27 14:03:16 gtw01 dnsmasq[6257]: warning: no upstream servers configured
Aug 27 14:03:16 gtw01 dnsmasq-dhcp[6257]: DHCPv6, static leases only on 2003::, lease time 1h
Aug 27 14:03:16 gtw01 dnsmasq[6257]: read /var/lib/neutron/dhcp/305c1564-8d9b-4c8c-8f2c-2c368035188b/addn_hosts - 1 addresses
Aug 27 14:03:16 gtw01 dnsmasq-dhcp[6257]: read /var/lib/neutron/dhcp/305c1564-8d9b-4c8c-8f2c-2c368035188b/host
Aug 27 14:03:16 gtw01 dnsmasq-dhcp[6257]: read /var/lib/neutron/dhcp/305c1564-8d9b-4c8c-8f2c-2c368035188b/opts
Aug 27 14:03:16 gtw01 kernel: [ 3063.591928] device tap4d42b38a-9d left promiscuous mode
Aug 27 14:03:16 gtw01 dnsmasq[6257]: read /var/lib/neutron/dhcp/305c1564-8d9b-4c8c-8f2c-2c368035188b/addn_hosts - 5 addresses
Aug 27 14:03:16 gtw01 dnsmasq-dhcp[6257]: read /var/lib/neutron/dhcp/305c1564-8d9b-4c8c-8f2c-2c368035188b/host
Aug 27 14:03:16 gtw01 dnsmasq-dhcp[6257]: read /var/lib/neutron/dhcp/305c1564-8d9b-4c8c-8f2c-2c368035188b/opts
Aug 27 14:03:17 gtw01 dnsmasq[6257]: read /var/lib/neutron/dhcp/305c1564-8d9b-4c8c-8f2c-2c368035188b/addn_hosts - 5 addresses
Aug 27 14:03:17 gtw01 dnsmasq-dhcp[6257]: read /var/lib/neutron/dhcp/305c1564-8d9b-4c8c-8f2c-2c368035188b/host
Aug 27 14:03:17 gtw01 dnsmasq-dhcp[6257]: read /var/lib/neutron/dhcp/305c1564-8d9b-4c8c-8f2c-2c368035188b/opts
Aug 27 14:03:18 gtw01 dnsmasq[6257]: read /var/lib/neutron/dhcp/305c1564-8d9b-4c8c-8f2c-2c368035188b/addn_hosts - 5 addresses
Aug 27 14:03:18 gtw01 dnsmasq-dhcp[6257]: read /var/lib/neutron/dhcp/305c1564-8d9b-4c8c-8f2c-2c368035188b/host
Aug 27 14:03:18 gtw01 dnsmasq-dhcp[6257]: read /var/lib/neutron/dhcp/305c1564-8d9b-4c8c-8f2c-2c368035188b/opts
Aug 27 14:03:19 gtw01 dnsmasq[6257]: read /var/lib/neutron/dhcp/305c1564-8d9b-4c8c-8f2c-2c368035188b/addn_hosts - 5 addresses
Aug 27 14:03:19 gtw01 dnsmasq-dhcp[6257]: read /var/lib/neutron/dhcp/305c1564-8d9b-4c8c-8f2c-2c368035188b/host
Aug 27 14:03:19 gtw01 dnsmasq-dhcp[6257]: read /var/lib/neutron/dhcp/305c1564-8d9b-4c8c-8f2c-2c368035188b/opts
Aug 27 14:03:20 gtw01 dnsmasq[6257]: read /var/lib/neutron/dhcp/305c1564-8d9b-4c8c-8f2c-2c368035188b/addn_hosts - 5 addresses
Aug 27 14:03:20 gtw01 dnsmasq-dhcp[6257]: read /var/lib/neutron/dhcp/305c1564-8d9b-4c8c-8f2c-2c368035188b/host
Aug 27 14:03:20 gtw01 dnsmasq-dhcp[6257]: read /var/lib/neutron/dhcp/305c1564-8d9b-4c8c-8f2c-2c368035188b/opts
Aug 27 14:03:21 gtw01 dnsmasq[6257]: read /var/lib/neutron/dhcp/305c1564-8d9b-4c8c-8f2c-2c368035188b/addn_hosts - 5 addresses
Aug 27 14:03:21 gtw01 dnsmasq-dhcp[6257]: read /var/lib/neutron/dhcp/305c1564-8d9b-4c8c-8f2c-2c368035188b/host
Aug 27 14:03:21 gtw01 dnsmasq-dhcp[6257]: read /var/lib/neutron/dhcp/305c1564-8d9b-4c8c-8f2c-2c368035188b/opts
Aug 27 14:03:22 gtw01 dnsmasq[6257]: read /var/lib/neutron/dhcp/305c1564-8d9b-4c8c-8f2c-2c368035188b/addn_hosts - 6 addresses
Aug 27 14:03:22 gtw01 dnsmasq-dhcp[6257]: read /var/lib/neutron/dhcp/305c1564-8d9b-4c8c-8f2c-2c368035188b/host
Aug 27 14:03:22 gtw01 dnsmasq-dhcp[6257]: read /var/lib/neutron/dhcp/305c1564-8d9b-4c8c-8f2c-2c368035188b/opts
Aug 27 14:03:23 gtw01 dnsmasq[6257]: read /var/lib/neutron/dhcp/305c1564-8d9b-4c8c-8f2c-2c368035188b/addn_hosts - 7 addresses
Aug 27 14:03:23 gtw01 dnsmasq-dhcp[6257]: read /var/lib/neutron/dhcp/305c1564-8d9b-4c8c-8f2c-2c368035188b/host
Aug 27 14:03:23 gtw01 dnsmasq-dhcp[6257]: read /var/lib/neutron/dhcp/305c1564-8d9b-4c8c-8f2c-2c368035188b/opts
Aug 27 14:03:24 gtw01 dnsmasq[6257]: read /var/lib/neutron/dhcp/305c1564-8d9b-4c8c-8f2c-2c368035188b/addn_hosts - 7 addresses
Aug 27 14:03:24 gtw01 dnsmasq-dhcp[6257]: read /var/lib/neutron/dhcp/305c1564-8d9b-4c8c-8f2c-2c368035188b/host
Aug 27 14:03:24 gtw01 dnsmasq-dhcp[6257]: read /var/lib/neutron/dhcp/305c1564-8d9b-4c8c-8f2c-2c368035188b/opts
Aug 27 14:03:25 gtw01 dnsmasq[6257]: read /var/lib/neutron/dhcp/305c1564-8d9b-4c8c-8f2c-2c368035188b/addn_hosts - 7 addresses
Aug 27 14:03:25 gtw01 dnsmasq-dhcp[6257]: read /var/lib/neutron/dhcp/305c1564-8d9b-4c8c-8f2c-2c368035188b/host
Aug 27 14:03:25 gtw01 dnsmasq-dhcp[6257]: read /var/lib/neutron/dhcp/305c1564-8d9b-4c8c-8f2c-2c368035188b/opts
Aug 27 14:03:26 gtw01 kernel: [ 3073.356077] device tap5c7e12a3-bd left promiscuous mode
Aug 27 14:03:34 gtw01 systemd-udevd[6542]: link_config: autonegotiation is unset or enabled, the speed and duplex are not writable.
Aug 27 14:03:34 gtw01 systemd-udevd[6542]: Could not generate persistent MAC address for qg-ffd5d2be-13: No such file or directory
Aug 27 14:03:34 gtw01 kernel: [ 3081.955566] device qg-ffd5d2be-13 entered promiscuous mode
Aug 27 14:03:35 gtw01 kernel: [ 3082.901958] device tap85dabd44-04 entered promiscuous mode
Aug 27 14:03:35 gtw01 systemd-udevd[6662]: link_config: autonegotiation is unset or enabled, the speed and duplex are not writable.
Aug 27 14:03:35 gtw01 systemd-udevd[6662]: Could not generate persistent MAC address for tap85dabd44-04: No such file or directory
Aug 27 14:03:35 gtw01 systemd-udevd[6662]: Process '/sbin/ip link set tap85dabd44-04 txqueuelen 10000' failed with exit code 1.
Aug 27 14:03:36 gtw01 systemd-udevd[6662]: Process '/sbin/ip link set tap85dabd44-04 txqueuelen 10000' failed with exit code 1.
Aug 27 14:03:39 gtw01 dnsmasq[6898]: started, version 2.79 cachesize 150
Aug 27 14:03:39 gtw01 dnsmasq[6898]: DNS service limited to local subnets
Aug 27 14:03:39 gtw01 dnsmasq[6898]: compile time options: IPv6 GNU-getopt DBus i18n IDN DHCP DHCPv6 no-Lua TFTP conntrack ipset auth DNSSEC loop-detect inotify
Aug 27 14:03:39 gtw01 dnsmasq[6898]: warning: no upstream servers configured
Aug 27 14:03:39 gtw01 dnsmasq-dhcp[6898]: DHCP, static leases only on 192.168.120.0, lease time 1h
Aug 27 14:03:39 gtw01 dnsmasq[6898]: read /var/lib/neutron/dhcp/1bd2a20e-fd1f-4aef-9338-3ccbd4e4a39a/addn_hosts - 1 addresses
Aug 27 14:03:39 gtw01 dnsmasq-dhcp[6898]: read /var/lib/neutron/dhcp/1bd2a20e-fd1f-4aef-9338-3ccbd4e4a39a/host
Aug 27 14:03:39 gtw01 dnsmasq-dhcp[6898]: read /var/lib/neutron/dhcp/1bd2a20e-fd1f-4aef-9338-3ccbd4e4a39a/opts
Aug 27 14:03:39 gtw01 kernel: [ 3086.972013] device tap6a8e7975-3d entered promiscuous mode
Aug 27 14:03:39 gtw01 systemd-udevd[6942]: link_config: autonegotiation is unset or enabled, the speed and duplex are not writable.
Aug 27 14:03:39 gtw01 systemd-udevd[6942]: Could not generate persistent MAC address for tap6a8e7975-3d: No such file or directory
Aug 27 14:03:40 gtw01 systemd-udevd[6942]: Process '/sbin/ip link set tap6a8e7975-3d txqueuelen 10000' failed with exit code 1.
Aug 27 14:03:40 gtw01 dnsmasq[6898]: read /var/lib/neutron/dhcp/1bd2a20e-fd1f-4aef-9338-3ccbd4e4a39a/addn_hosts - 2 addresses
Aug 27 14:03:40 gtw01 dnsmasq-dhcp[6898]: read /var/lib/neutron/dhcp/1bd2a20e-fd1f-4aef-9338-3ccbd4e4a39a/host
Aug 27 14:03:40 gtw01 dnsmasq-dhcp[6898]: read /var/lib/neutron/dhcp/1bd2a20e-fd1f-4aef-9338-3ccbd4e4a39a/opts
Aug 27 14:03:41 gtw01 dnsmasq[6898]: read /var/lib/neutron/dhcp/1bd2a20e-fd1f-4aef-9338-3ccbd4e4a39a/addn_hosts - 2 addresses
Aug 27 14:03:41 gtw01 dnsmasq-dhcp[6898]: read /var/lib/neutron/dhcp/1bd2a20e-fd1f-4aef-9338-3ccbd4e4a39a/host
Aug 27 14:03:41 gtw01 dnsmasq-dhcp[6898]: read /var/lib/neutron/dhcp/1bd2a20e-fd1f-4aef-9338-3ccbd4e4a39a/opts
Aug 27 14:03:42 gtw01 dnsmasq[6898]: read /var/lib/neutron/dhcp/1bd2a20e-fd1f-4aef-9338-3ccbd4e4a39a/addn_hosts - 2 addresses
Aug 27 14:03:42 gtw01 dnsmasq-dhcp[6898]: read /var/lib/neutron/dhcp/1bd2a20e-fd1f-4aef-9338-3ccbd4e4a39a/host
Aug 27 14:03:42 gtw01 dnsmasq-dhcp[6898]: read /var/lib/neutron/dhcp/1bd2a20e-fd1f-4aef-9338-3ccbd4e4a39a/opts
Aug 27 14:03:43 gtw01 dnsmasq[6898]: read /var/lib/neutron/dhcp/1bd2a20e-fd1f-4aef-9338-3ccbd4e4a39a/addn_hosts - 2 addresses
Aug 27 14:03:43 gtw01 dnsmasq-dhcp[6898]: read /var/lib/neutron/dhcp/1bd2a20e-fd1f-4aef-9338-3ccbd4e4a39a/host
Aug 27 14:03:43 gtw01 dnsmasq-dhcp[6898]: read /var/lib/neutron/dhcp/1bd2a20e-fd1f-4aef-9338-3ccbd4e4a39a/opts
Aug 27 14:03:43 gtw01 kernel: [ 3090.145420] device qg-ffd5d2be-13 left promiscuous mode
Aug 27 14:03:43 gtw01 dnsmasq[7244]: started, version 2.79 cachesize 150
Aug 27 14:03:43 gtw01 dnsmasq[7244]: DNS service limited to local subnets
Aug 27 14:03:43 gtw01 dnsmasq[7244]: compile time options: IPv6 GNU-getopt DBus i18n IDN DHCP DHCPv6 no-Lua TFTP conntrack ipset auth DNSSEC loop-detect inotify
Aug 27 14:03:43 gtw01 dnsmasq[7244]: warning: no upstream servers configured
Aug 27 14:03:43 gtw01 dnsmasq-dhcp[7244]: DHCP, static leases only on 192.168.120.16, lease time 1h
Aug 27 14:03:43 gtw01 dnsmasq[7244]: read /var/lib/neutron/dhcp/ae966755-a49d-47f3-8ff1-1df97447d908/addn_hosts - 1 addresses
Aug 27 14:03:43 gtw01 dnsmasq-dhcp[7244]: read /var/lib/neutron/dhcp/ae966755-a49d-47f3-8ff1-1df97447d908/host
Aug 27 14:03:43 gtw01 dnsmasq-dhcp[7244]: read /var/lib/neutron/dhcp/ae966755-a49d-47f3-8ff1-1df97447d908/opts
Aug 27 14:03:43 gtw01 kernel: [ 3090.937173] device tap0c3a283d-b3 entered promiscuous mode
Aug 27 14:03:43 gtw01 systemd-udevd[7259]: link_config: autonegotiation is unset or enabled, the speed and duplex are not writable.
Aug 27 14:03:43 gtw01 systemd-udevd[7259]: Could not generate persistent MAC address for tap0c3a283d-b3: No such file or directory
Aug 27 14:03:44 gtw01 systemd-udevd[7259]: Process '/sbin/ip link set tap0c3a283d-b3 txqueuelen 10000' failed with exit code 1.
Aug 27 14:03:44 gtw01 systemd-udevd[7259]: Process '/sbin/ip link set tap0c3a283d-b3 txqueuelen 10000' failed with exit code 1.
Aug 27 14:03:44 gtw01 dnsmasq[7244]: read /var/lib/neutron/dhcp/ae966755-a49d-47f3-8ff1-1df97447d908/addn_hosts - 2 addresses
Aug 27 14:03:44 gtw01 dnsmasq-dhcp[7244]: read /var/lib/neutron/dhcp/ae966755-a49d-47f3-8ff1-1df97447d908/host
Aug 27 14:03:44 gtw01 dnsmasq-dhcp[7244]: read /var/lib/neutron/dhcp/ae966755-a49d-47f3-8ff1-1df97447d908/opts
Aug 27 14:03:45 gtw01 dnsmasq[7244]: read /var/lib/neutron/dhcp/ae966755-a49d-47f3-8ff1-1df97447d908/addn_hosts - 2 addresses
Aug 27 14:03:45 gtw01 dnsmasq-dhcp[7244]: read /var/lib/neutron/dhcp/ae966755-a49d-47f3-8ff1-1df97447d908/host
Aug 27 14:03:45 gtw01 dnsmasq-dhcp[7244]: read /var/lib/neutron/dhcp/ae966755-a49d-47f3-8ff1-1df97447d908/opts
Aug 27 14:03:46 gtw01 dnsmasq[7244]: read /var/lib/neutron/dhcp/ae966755-a49d-47f3-8ff1-1df97447d908/addn_hosts - 2 addresses
Aug 27 14:03:46 gtw01 dnsmasq-dhcp[7244]: read /var/lib/neutron/dhcp/ae966755-a49d-47f3-8ff1-1df97447d908/host
Aug 27 14:03:46 gtw01 dnsmasq-dhcp[7244]: read /var/lib/neutron/dhcp/ae966755-a49d-47f3-8ff1-1df97447d908/opts
Aug 27 14:03:47 gtw01 dnsmasq[7483]: started, version 2.79 cachesize 150
Aug 27 14:03:47 gtw01 dnsmasq[7483]: DNS service limited to local subnets
Aug 27 14:03:47 gtw01 dnsmasq[7483]: compile time options: IPv6 GNU-getopt DBus i18n IDN DHCP DHCPv6 no-Lua TFTP conntrack ipset auth DNSSEC loop-detect inotify
Aug 27 14:03:47 gtw01 dnsmasq[7483]: warning: no upstream servers configured
Aug 27 14:03:47 gtw01 dnsmasq-dhcp[7483]: DHCP, static leases only on 192.168.120.0, lease time 1h
Aug 27 14:03:47 gtw01 dnsmasq[7483]: read /var/lib/neutron/dhcp/50aa0e0b-8bf6-4b83-8fe2-6d2f70415f70/addn_hosts - 1 addresses
Aug 27 14:03:47 gtw01 dnsmasq-dhcp[7483]: read /var/lib/neutron/dhcp/50aa0e0b-8bf6-4b83-8fe2-6d2f70415f70/host
Aug 27 14:03:47 gtw01 dnsmasq-dhcp[7483]: read /var/lib/neutron/dhcp/50aa0e0b-8bf6-4b83-8fe2-6d2f70415f70/opts
Aug 27 14:03:47 gtw01 dnsmasq[7244]: read /var/lib/neutron/dhcp/ae966755-a49d-47f3-8ff1-1df97447d908/addn_hosts - 2 addresses
Aug 27 14:03:47 gtw01 dnsmasq-dhcp[7244]: read /var/lib/neutron/dhcp/ae966755-a49d-47f3-8ff1-1df97447d908/host
Aug 27 14:03:47 gtw01 dnsmasq-dhcp[7244]: read /var/lib/neutron/dhcp/ae966755-a49d-47f3-8ff1-1df97447d908/opts
Aug 27 14:03:47 gtw01 kernel: [ 3094.706060] device tap52f2b0b6-50 entered promiscuous mode
Aug 27 14:03:47 gtw01 systemd-udevd[7509]: link_config: autonegotiation is unset or enabled, the speed and duplex are not writable.
Aug 27 14:03:47 gtw01 systemd-udevd[7509]: Could not generate persistent MAC address for tap52f2b0b6-50: No such file or directory
Aug 27 14:03:47 gtw01 systemd-udevd[7509]: Process '/sbin/ip link set tap52f2b0b6-50 txqueuelen 10000' failed with exit code 1.
Aug 27 14:03:47 gtw01 systemd-udevd[7585]: Process '/sbin/ip link set tap52f2b0b6-50 txqueuelen 10000' failed with exit code 1.
Aug 27 14:03:48 gtw01 dnsmasq[7483]: read /var/lib/neutron/dhcp/50aa0e0b-8bf6-4b83-8fe2-6d2f70415f70/addn_hosts - 3 addresses
Aug 27 14:03:48 gtw01 dnsmasq-dhcp[7483]: read /var/lib/neutron/dhcp/50aa0e0b-8bf6-4b83-8fe2-6d2f70415f70/host
Aug 27 14:03:48 gtw01 dnsmasq-dhcp[7483]: read /var/lib/neutron/dhcp/50aa0e0b-8bf6-4b83-8fe2-6d2f70415f70/opts
Aug 27 14:03:49 gtw01 dnsmasq[7483]: read /var/lib/neutron/dhcp/50aa0e0b-8bf6-4b83-8fe2-6d2f70415f70/addn_hosts - 3 addresses
Aug 27 14:03:49 gtw01 dnsmasq-dhcp[7483]: read /var/lib/neutron/dhcp/50aa0e0b-8bf6-4b83-8fe2-6d2f70415f70/host
Aug 27 14:03:49 gtw01 dnsmasq-dhcp[7483]: read /var/lib/neutron/dhcp/50aa0e0b-8bf6-4b83-8fe2-6d2f70415f70/opts
Aug 27 14:03:50 gtw01 dnsmasq[7483]: read /var/lib/neutron/dhcp/50aa0e0b-8bf6-4b83-8fe2-6d2f70415f70/addn_hosts - 3 addresses
Aug 27 14:03:50 gtw01 dnsmasq-dhcp[7483]: read /var/lib/neutron/dhcp/50aa0e0b-8bf6-4b83-8fe2-6d2f70415f70/host
Aug 27 14:03:50 gtw01 dnsmasq-dhcp[7483]: read /var/lib/neutron/dhcp/50aa0e0b-8bf6-4b83-8fe2-6d2f70415f70/opts
Aug 27 14:03:50 gtw01 systemd-udevd[7701]: link_config: autonegotiation is unset or enabled, the speed and duplex are not writable.
Aug 27 14:03:50 gtw01 systemd-udevd[7701]: Could not generate persistent MAC address for tap3e698a3d-b7: No such file or directory
Aug 27 14:03:50 gtw01 kernel: [ 3097.164350] device tap3e698a3d-b7 entered promiscuous mode
Aug 27 14:03:50 gtw01 systemd-udevd[7701]: Process '/sbin/ip link set tap3e698a3d-b7 txqueuelen 10000' failed with exit code 1.
Aug 27 14:03:50 gtw01 systemd-udevd[7701]: Process '/sbin/ip link set tap3e698a3d-b7 txqueuelen 10000' failed with exit code 1.
Aug 27 14:03:51 gtw01 dnsmasq[7483]: read /var/lib/neutron/dhcp/50aa0e0b-8bf6-4b83-8fe2-6d2f70415f70/addn_hosts - 3 addresses
Aug 27 14:03:51 gtw01 dnsmasq-dhcp[7483]: read /var/lib/neutron/dhcp/50aa0e0b-8bf6-4b83-8fe2-6d2f70415f70/host
Aug 27 14:03:51 gtw01 dnsmasq-dhcp[7483]: read /var/lib/neutron/dhcp/50aa0e0b-8bf6-4b83-8fe2-6d2f70415f70/opts
Aug 27 14:03:51 gtw01 dnsmasq[7828]: started, version 2.79 cachesize 150
Aug 27 14:03:51 gtw01 dnsmasq[7828]: DNS service limited to local subnets
Aug 27 14:03:51 gtw01 dnsmasq[7828]: compile time options: IPv6 GNU-getopt DBus i18n IDN DHCP DHCPv6 no-Lua TFTP conntrack ipset auth DNSSEC loop-detect inotify
Aug 27 14:03:51 gtw01 dnsmasq[7828]: warning: no upstream servers configured
Aug 27 14:03:51 gtw01 dnsmasq-dhcp[7828]: DHCP, static leases only on 192.168.120.32, lease time 1h
Aug 27 14:03:51 gtw01 dnsmasq[7828]: read /var/lib/neutron/dhcp/b8fe2352-bd28-4ba3-a8c4-63b5bee5327b/addn_hosts - 1 addresses
Aug 27 14:03:51 gtw01 dnsmasq-dhcp[7828]: read /var/lib/neutron/dhcp/b8fe2352-bd28-4ba3-a8c4-63b5bee5327b/host
Aug 27 14:03:51 gtw01 dnsmasq-dhcp[7828]: read /var/lib/neutron/dhcp/b8fe2352-bd28-4ba3-a8c4-63b5bee5327b/opts
Aug 27 14:03:51 gtw01 dnsmasq[7483]: read /var/lib/neutron/dhcp/50aa0e0b-8bf6-4b83-8fe2-6d2f70415f70/addn_hosts - 3 addresses
Aug 27 14:03:51 gtw01 dnsmasq-dhcp[7483]: read /var/lib/neutron/dhcp/50aa0e0b-8bf6-4b83-8fe2-6d2f70415f70/host
Aug 27 14:03:51 gtw01 dnsmasq-dhcp[7483]: read /var/lib/neutron/dhcp/50aa0e0b-8bf6-4b83-8fe2-6d2f70415f70/opts
Aug 27 14:03:52 gtw01 dnsmasq[7828]: read /var/lib/neutron/dhcp/b8fe2352-bd28-4ba3-a8c4-63b5bee5327b/addn_hosts - 2 addresses
Aug 27 14:03:52 gtw01 dnsmasq-dhcp[7828]: read /var/lib/neutron/dhcp/b8fe2352-bd28-4ba3-a8c4-63b5bee5327b/host
Aug 27 14:03:52 gtw01 dnsmasq-dhcp[7828]: read /var/lib/neutron/dhcp/b8fe2352-bd28-4ba3-a8c4-63b5bee5327b/opts
Aug 27 14:03:52 gtw01 kernel: [ 3099.740344] device tap475d1b2c-89 entered promiscuous mode
Aug 27 14:03:52 gtw01 systemd-udevd[7929]: link_config: autonegotiation is unset or enabled, the speed and duplex are not writable.
Aug 27 14:03:52 gtw01 systemd-udevd[7929]: Could not generate persistent MAC address for tap475d1b2c-89: No such file or directory
Aug 27 14:03:52 gtw01 systemd-udevd[7929]: Process '/sbin/ip link set tap475d1b2c-89 txqueuelen 10000' failed with exit code 1.
Aug 27 14:03:53 gtw01 dnsmasq[7483]: read /var/lib/neutron/dhcp/50aa0e0b-8bf6-4b83-8fe2-6d2f70415f70/addn_hosts - 3 addresses
Aug 27 14:03:53 gtw01 dnsmasq-dhcp[7483]: read /var/lib/neutron/dhcp/50aa0e0b-8bf6-4b83-8fe2-6d2f70415f70/host
Aug 27 14:03:53 gtw01 dnsmasq-dhcp[7483]: read /var/lib/neutron/dhcp/50aa0e0b-8bf6-4b83-8fe2-6d2f70415f70/opts
Aug 27 14:03:53 gtw01 dnsmasq[7828]: read /var/lib/neutron/dhcp/b8fe2352-bd28-4ba3-a8c4-63b5bee5327b/addn_hosts - 2 addresses
Aug 27 14:03:53 gtw01 dnsmasq-dhcp[7828]: read /var/lib/neutron/dhcp/b8fe2352-bd28-4ba3-a8c4-63b5bee5327b/host
Aug 27 14:03:53 gtw01 dnsmasq-dhcp[7828]: read /var/lib/neutron/dhcp/b8fe2352-bd28-4ba3-a8c4-63b5bee5327b/opts
Aug 27 14:03:53 gtw01 kernel: [ 3100.953282] device qg-85e4e0db-15 entered promiscuous mode
Aug 27 14:03:53 gtw01 systemd-udevd[8083]: link_config: autonegotiation is unset or enabled, the speed and duplex are not writable.
Aug 27 14:03:53 gtw01 systemd-udevd[8083]: Could not generate persistent MAC address for qg-85e4e0db-15: No such file or directory
Aug 27 14:03:53 gtw01 dnsmasq[8080]: started, version 2.79 cachesize 150
Aug 27 14:03:53 gtw01 dnsmasq[8080]: DNS service limited to local subnets
Aug 27 14:03:53 gtw01 dnsmasq[8080]: compile time options: IPv6 GNU-getopt DBus i18n IDN DHCP DHCPv6 no-Lua TFTP conntrack ipset auth DNSSEC loop-detect inotify
Aug 27 14:03:53 gtw01 dnsmasq[8080]: warning: no upstream servers configured
Aug 27 14:03:53 gtw01 dnsmasq-dhcp[8080]: DHCP, static leases only on 192.168.120.48, lease time 1h
Aug 27 14:03:53 gtw01 dnsmasq[8080]: read /var/lib/neutron/dhcp/6e088290-6096-411f-9a96-032963e62280/addn_hosts - 1 addresses
Aug 27 14:03:53 gtw01 dnsmasq-dhcp[8080]: read /var/lib/neutron/dhcp/6e088290-6096-411f-9a96-032963e62280/host
Aug 27 14:03:53 gtw01 dnsmasq-dhcp[8080]: read /var/lib/neutron/dhcp/6e088290-6096-411f-9a96-032963e62280/opts
Aug 27 14:03:54 gtw01 dnsmasq[7483]: read /var/lib/neutron/dhcp/50aa0e0b-8bf6-4b83-8fe2-6d2f70415f70/addn_hosts - 3 addresses
Aug 27 14:03:54 gtw01 dnsmasq-dhcp[7483]: read /var/lib/neutron/dhcp/50aa0e0b-8bf6-4b83-8fe2-6d2f70415f70/host
Aug 27 14:03:54 gtw01 dnsmasq-dhcp[7483]: read /var/lib/neutron/dhcp/50aa0e0b-8bf6-4b83-8fe2-6d2f70415f70/opts
Aug 27 14:03:55 gtw01 dnsmasq[8080]: read /var/lib/neutron/dhcp/6e088290-6096-411f-9a96-032963e62280/addn_hosts - 2 addresses
Aug 27 14:03:55 gtw01 dnsmasq-dhcp[8080]: read /var/lib/neutron/dhcp/6e088290-6096-411f-9a96-032963e62280/host
Aug 27 14:03:55 gtw01 dnsmasq-dhcp[8080]: read /var/lib/neutron/dhcp/6e088290-6096-411f-9a96-032963e62280/opts
Aug 27 14:03:55 gtw01 dnsmasq[7828]: read /var/lib/neutron/dhcp/b8fe2352-bd28-4ba3-a8c4-63b5bee5327b/addn_hosts - 2 addresses
Aug 27 14:03:55 gtw01 dnsmasq-dhcp[7828]: read /var/lib/neutron/dhcp/b8fe2352-bd28-4ba3-a8c4-63b5bee5327b/host
Aug 27 14:03:55 gtw01 dnsmasq-dhcp[7828]: read /var/lib/neutron/dhcp/b8fe2352-bd28-4ba3-a8c4-63b5bee5327b/opts
Aug 27 14:03:56 gtw01 dnsmasq[7483]: read /var/lib/neutron/dhcp/50aa0e0b-8bf6-4b83-8fe2-6d2f70415f70/addn_hosts - 3 addresses
Aug 27 14:03:56 gtw01 dnsmasq-dhcp[7483]: read /var/lib/neutron/dhcp/50aa0e0b-8bf6-4b83-8fe2-6d2f70415f70/host
Aug 27 14:03:56 gtw01 dnsmasq-dhcp[7483]: read /var/lib/neutron/dhcp/50aa0e0b-8bf6-4b83-8fe2-6d2f70415f70/opts
Aug 27 14:03:57 gtw01 kernel: [ 3104.014926] device tap784858be-72 entered promiscuous mode
Aug 27 14:03:57 gtw01 systemd-udevd[8377]: link_config: autonegotiation is unset or enabled, the speed and duplex are not writable.
Aug 27 14:03:57 gtw01 systemd-udevd[8377]: Could not generate persistent MAC address for tap784858be-72: No such file or directory
Aug 27 14:03:57 gtw01 systemd-udevd[8377]: Process '/sbin/ip link set tap784858be-72 txqueuelen 10000' failed with exit code 1.
Aug 27 14:03:57 gtw01 dnsmasq[8080]: read /var/lib/neutron/dhcp/6e088290-6096-411f-9a96-032963e62280/addn_hosts - 2 addresses
Aug 27 14:03:57 gtw01 dnsmasq-dhcp[8080]: read /var/lib/neutron/dhcp/6e088290-6096-411f-9a96-032963e62280/host
Aug 27 14:03:57 gtw01 dnsmasq-dhcp[8080]: read /var/lib/neutron/dhcp/6e088290-6096-411f-9a96-032963e62280/opts
Aug 27 14:03:57 gtw01 systemd-udevd[8377]: Process '/sbin/ip link set tap784858be-72 txqueuelen 10000' failed with exit code 1.
Aug 27 14:03:57 gtw01 kernel: [ 3104.229819] device tapd197b31c-e2 entered promiscuous mode
Aug 27 14:03:57 gtw01 systemd-udevd[8479]: link_config: autonegotiation is unset or enabled, the speed and duplex are not writable.
Aug 27 14:03:57 gtw01 systemd-udevd[8479]: Could not generate persistent MAC address for tapd197b31c-e2: No such file or directory
Aug 27 14:03:57 gtw01 systemd-udevd[8479]: Process '/sbin/ip link set tapd197b31c-e2 txqueuelen 10000' failed with exit code 1.
Aug 27 14:03:57 gtw01 dnsmasq[7828]: read /var/lib/neutron/dhcp/b8fe2352-bd28-4ba3-a8c4-63b5bee5327b/addn_hosts - 2 addresses
Aug 27 14:03:57 gtw01 dnsmasq-dhcp[7828]: read /var/lib/neutron/dhcp/b8fe2352-bd28-4ba3-a8c4-63b5bee5327b/host
Aug 27 14:03:57 gtw01 dnsmasq-dhcp[7828]: read /var/lib/neutron/dhcp/b8fe2352-bd28-4ba3-a8c4-63b5bee5327b/opts
Aug 27 14:03:57 gtw01 systemd-udevd[8479]: Process '/sbin/ip link set tapd197b31c-e2 txqueuelen 10000' failed with exit code 1.
Aug 27 14:03:58 gtw01 dnsmasq[7483]: read /var/lib/neutron/dhcp/50aa0e0b-8bf6-4b83-8fe2-6d2f70415f70/addn_hosts - 3 addresses
Aug 27 14:03:58 gtw01 dnsmasq-dhcp[7483]: read /var/lib/neutron/dhcp/50aa0e0b-8bf6-4b83-8fe2-6d2f70415f70/host
Aug 27 14:03:58 gtw01 dnsmasq-dhcp[7483]: read /var/lib/neutron/dhcp/50aa0e0b-8bf6-4b83-8fe2-6d2f70415f70/opts
Aug 27 14:03:58 gtw01 dnsmasq[8630]: started, version 2.79 cachesize 150
Aug 27 14:03:58 gtw01 dnsmasq[8630]: DNS service limited to local subnets
Aug 27 14:03:58 gtw01 dnsmasq[8630]: compile time options: IPv6 GNU-getopt DBus i18n IDN DHCP DHCPv6 no-Lua TFTP conntrack ipset auth DNSSEC loop-detect inotify
Aug 27 14:03:58 gtw01 dnsmasq[8630]: warning: no upstream servers configured
Aug 27 14:03:58 gtw01 dnsmasq-dhcp[8630]: DHCP, static leases only on 192.168.120.64, lease time 1h
Aug 27 14:03:58 gtw01 dnsmasq[8630]: read /var/lib/neutron/dhcp/bd4556a5-69c2-408d-9e2b-bad4d12fba45/addn_hosts - 1 addresses
Aug 27 14:03:58 gtw01 dnsmasq-dhcp[8630]: read /var/lib/neutron/dhcp/bd4556a5-69c2-408d-9e2b-bad4d12fba45/host
Aug 27 14:03:58 gtw01 dnsmasq-dhcp[8630]: read /var/lib/neutron/dhcp/bd4556a5-69c2-408d-9e2b-bad4d12fba45/opts
Aug 27 14:03:58 gtw01 dnsmasq[8080]: read /var/lib/neutron/dhcp/6e088290-6096-411f-9a96-032963e62280/addn_hosts - 2 addresses
Aug 27 14:03:58 gtw01 dnsmasq-dhcp[8080]: read /var/lib/neutron/dhcp/6e088290-6096-411f-9a96-032963e62280/host
Aug 27 14:03:58 gtw01 dnsmasq-dhcp[8080]: read /var/lib/neutron/dhcp/6e088290-6096-411f-9a96-032963e62280/opts
Aug 27 14:03:59 gtw01 dnsmasq[7483]: read /var/lib/neutron/dhcp/50aa0e0b-8bf6-4b83-8fe2-6d2f70415f70/addn_hosts - 2 addresses
Aug 27 14:03:59 gtw01 dnsmasq-dhcp[7483]: read /var/lib/neutron/dhcp/50aa0e0b-8bf6-4b83-8fe2-6d2f70415f70/host
Aug 27 14:03:59 gtw01 dnsmasq-dhcp[7483]: read /var/lib/neutron/dhcp/50aa0e0b-8bf6-4b83-8fe2-6d2f70415f70/opts
Aug 27 14:03:59 gtw01 dnsmasq[8630]: read /var/lib/neutron/dhcp/bd4556a5-69c2-408d-9e2b-bad4d12fba45/addn_hosts - 2 addresses
Aug 27 14:03:59 gtw01 dnsmasq-dhcp[8630]: read /var/lib/neutron/dhcp/bd4556a5-69c2-408d-9e2b-bad4d12fba45/host
Aug 27 14:03:59 gtw01 dnsmasq-dhcp[8630]: read /var/lib/neutron/dhcp/bd4556a5-69c2-408d-9e2b-bad4d12fba45/opts
Aug 27 14:04:00 gtw01 dnsmasq[8080]: read /var/lib/neutron/dhcp/6e088290-6096-411f-9a96-032963e62280/addn_hosts - 2 addresses
Aug 27 14:04:00 gtw01 dnsmasq-dhcp[8080]: read /var/lib/neutron/dhcp/6e088290-6096-411f-9a96-032963e62280/host
Aug 27 14:04:00 gtw01 dnsmasq-dhcp[8080]: read /var/lib/neutron/dhcp/6e088290-6096-411f-9a96-032963e62280/opts
Aug 27 14:04:00 gtw01 dnsmasq[7483]: read /var/lib/neutron/dhcp/50aa0e0b-8bf6-4b83-8fe2-6d2f70415f70/addn_hosts - 1 addresses
Aug 27 14:04:00 gtw01 dnsmasq-dhcp[7483]: read /var/lib/neutron/dhcp/50aa0e0b-8bf6-4b83-8fe2-6d2f70415f70/host
Aug 27 14:04:00 gtw01 dnsmasq-dhcp[7483]: read /var/lib/neutron/dhcp/50aa0e0b-8bf6-4b83-8fe2-6d2f70415f70/opts
Aug 27 14:04:01 gtw01 dnsmasq[8630]: read /var/lib/neutron/dhcp/bd4556a5-69c2-408d-9e2b-bad4d12fba45/addn_hosts - 2 addresses
Aug 27 14:04:01 gtw01 dnsmasq-dhcp[8630]: read /var/lib/neutron/dhcp/bd4556a5-69c2-408d-9e2b-bad4d12fba45/host
Aug 27 14:04:01 gtw01 dnsmasq-dhcp[8630]: read /var/lib/neutron/dhcp/bd4556a5-69c2-408d-9e2b-bad4d12fba45/opts
Aug 27 14:04:01 gtw01 systemd-udevd[8905]: link_config: autonegotiation is unset or enabled, the speed and duplex are not writable.
Aug 27 14:04:01 gtw01 systemd-udevd[8905]: Could not generate persistent MAC address for tap2f9f16a3-ad: No such file or directory
Aug 27 14:04:01 gtw01 kernel: [ 3108.784252] device tap2f9f16a3-ad entered promiscuous mode
Aug 27 14:04:01 gtw01 systemd-udevd[8905]: Process '/sbin/ip link set tap2f9f16a3-ad txqueuelen 10000' failed with exit code 1.
Aug 27 14:04:02 gtw01 systemd-udevd[8988]: Process '/sbin/ip link set tap2f9f16a3-ad txqueuelen 10000' failed with exit code 1.
Aug 27 14:04:02 gtw01 dnsmasq[9051]: started, version 2.79 cachesize 150
Aug 27 14:04:02 gtw01 dnsmasq[9051]: DNS service limited to local subnets
Aug 27 14:04:02 gtw01 dnsmasq[9051]: compile time options: IPv6 GNU-getopt DBus i18n IDN DHCP DHCPv6 no-Lua TFTP conntrack ipset auth DNSSEC loop-detect inotify
Aug 27 14:04:02 gtw01 dnsmasq[9051]: warning: no upstream servers configured
Aug 27 14:04:02 gtw01 dnsmasq-dhcp[9051]: DHCP, static leases only on 192.168.120.80, lease time 1h
Aug 27 14:04:02 gtw01 dnsmasq[9051]: read /var/lib/neutron/dhcp/2e4e3c5b-24c2-4c14-9f1f-6779c2614870/addn_hosts - 1 addresses
Aug 27 14:04:02 gtw01 dnsmasq-dhcp[9051]: read /var/lib/neutron/dhcp/2e4e3c5b-24c2-4c14-9f1f-6779c2614870/host
Aug 27 14:04:02 gtw01 dnsmasq-dhcp[9051]: read /var/lib/neutron/dhcp/2e4e3c5b-24c2-4c14-9f1f-6779c2614870/opts
Aug 27 14:04:02 gtw01 dnsmasq[9056]: started, version 2.79 cachesize 150
Aug 27 14:04:02 gtw01 dnsmasq[9056]: DNS service limited to local subnets
Aug 27 14:04:02 gtw01 dnsmasq[9056]: compile time options: IPv6 GNU-getopt DBus i18n IDN DHCP DHCPv6 no-Lua TFTP conntrack ipset auth DNSSEC loop-detect inotify
Aug 27 14:04:02 gtw01 dnsmasq[9056]: warning: no upstream servers configured
Aug 27 14:04:02 gtw01 dnsmasq-dhcp[9056]: DHCP, static leases only on 192.168.120.0, lease time 1h
Aug 27 14:04:02 gtw01 dnsmasq[9056]: read /var/lib/neutron/dhcp/493768a4-d19a-47bf-ad31-c3efd483e5fa/addn_hosts - 1 addresses
Aug 27 14:04:02 gtw01 dnsmasq-dhcp[9056]: read /var/lib/neutron/dhcp/493768a4-d19a-47bf-ad31-c3efd483e5fa/host
Aug 27 14:04:02 gtw01 dnsmasq-dhcp[9056]: read /var/lib/neutron/dhcp/493768a4-d19a-47bf-ad31-c3efd483e5fa/opts
Aug 27 14:04:02 gtw01 dnsmasq[8630]: read /var/lib/neutron/dhcp/bd4556a5-69c2-408d-9e2b-bad4d12fba45/addn_hosts - 2 addresses
Aug 27 14:04:02 gtw01 dnsmasq-dhcp[8630]: read /var/lib/neutron/dhcp/bd4556a5-69c2-408d-9e2b-bad4d12fba45/host
Aug 27 14:04:02 gtw01 dnsmasq-dhcp[8630]: read /var/lib/neutron/dhcp/bd4556a5-69c2-408d-9e2b-bad4d12fba45/opts
Aug 27 14:04:03 gtw01 kernel: [ 3110.622457] device tap784858be-72 left promiscuous mode
Aug 27 14:04:03 gtw01 dnsmasq[9051]: read /var/lib/neutron/dhcp/2e4e3c5b-24c2-4c14-9f1f-6779c2614870/addn_hosts - 2 addresses
Aug 27 14:04:03 gtw01 dnsmasq-dhcp[9051]: read /var/lib/neutron/dhcp/2e4e3c5b-24c2-4c14-9f1f-6779c2614870/host
Aug 27 14:04:03 gtw01 dnsmasq-dhcp[9051]: read /var/lib/neutron/dhcp/2e4e3c5b-24c2-4c14-9f1f-6779c2614870/opts
Aug 27 14:04:03 gtw01 dnsmasq[8630]: read /var/lib/neutron/dhcp/bd4556a5-69c2-408d-9e2b-bad4d12fba45/addn_hosts - 2 addresses
Aug 27 14:04:03 gtw01 dnsmasq-dhcp[8630]: read /var/lib/neutron/dhcp/bd4556a5-69c2-408d-9e2b-bad4d12fba45/host
Aug 27 14:04:03 gtw01 dnsmasq-dhcp[8630]: read /var/lib/neutron/dhcp/bd4556a5-69c2-408d-9e2b-bad4d12fba45/opts
Aug 27 14:04:03 gtw01 kernel: [ 3110.945437] device qg-85e4e0db-15 left promiscuous mode
Aug 27 14:04:04 gtw01 dnsmasq[9051]: read /var/lib/neutron/dhcp/2e4e3c5b-24c2-4c14-9f1f-6779c2614870/addn_hosts - 2 addresses
Aug 27 14:04:04 gtw01 dnsmasq-dhcp[9051]: read /var/lib/neutron/dhcp/2e4e3c5b-24c2-4c14-9f1f-6779c2614870/host
Aug 27 14:04:04 gtw01 dnsmasq-dhcp[9051]: read /var/lib/neutron/dhcp/2e4e3c5b-24c2-4c14-9f1f-6779c2614870/opts
Aug 27 14:04:04 gtw01 dnsmasq[6898]: read /var/lib/neutron/dhcp/1bd2a20e-fd1f-4aef-9338-3ccbd4e4a39a/addn_hosts - 1 addresses
Aug 27 14:04:04 gtw01 dnsmasq-dhcp[6898]: read /var/lib/neutron/dhcp/1bd2a20e-fd1f-4aef-9338-3ccbd4e4a39a/host
Aug 27 14:04:04 gtw01 dnsmasq-dhcp[6898]: read /var/lib/neutron/dhcp/1bd2a20e-fd1f-4aef-9338-3ccbd4e4a39a/opts
Aug 27 14:04:05 gtw01 dnsmasq[9235]: started, version 2.79 cachesize 150
Aug 27 14:04:05 gtw01 dnsmasq[9235]: DNS service limited to local subnets
Aug 27 14:04:05 gtw01 dnsmasq[9235]: compile time options: IPv6 GNU-getopt DBus i18n IDN DHCP DHCPv6 no-Lua TFTP conntrack ipset auth DNSSEC loop-detect inotify
Aug 27 14:04:05 gtw01 dnsmasq[9235]: warning: no upstream servers configured
Aug 27 14:04:05 gtw01 dnsmasq-dhcp[9235]: DHCP, static leases only on 192.168.120.96, lease time 1h
Aug 27 14:04:05 gtw01 dnsmasq[9235]: read /var/lib/neutron/dhcp/ad758e1f-33df-41c4-805b-774750ba0f3f/addn_hosts - 1 addresses
Aug 27 14:04:05 gtw01 dnsmasq-dhcp[9235]: read /var/lib/neutron/dhcp/ad758e1f-33df-41c4-805b-774750ba0f3f/host
Aug 27 14:04:05 gtw01 dnsmasq-dhcp[9235]: read /var/lib/neutron/dhcp/ad758e1f-33df-41c4-805b-774750ba0f3f/opts
Aug 27 14:04:05 gtw01 dnsmasq[9051]: read /var/lib/neutron/dhcp/2e4e3c5b-24c2-4c14-9f1f-6779c2614870/addn_hosts - 2 addresses
Aug 27 14:04:05 gtw01 dnsmasq-dhcp[9051]: read /var/lib/neutron/dhcp/2e4e3c5b-24c2-4c14-9f1f-6779c2614870/host
Aug 27 14:04:05 gtw01 dnsmasq-dhcp[9051]: read /var/lib/neutron/dhcp/2e4e3c5b-24c2-4c14-9f1f-6779c2614870/opts
Aug 27 14:04:05 gtw01 dnsmasq[7244]: read /var/lib/neutron/dhcp/ae966755-a49d-47f3-8ff1-1df97447d908/addn_hosts - 1 addresses
Aug 27 14:04:05 gtw01 dnsmasq-dhcp[7244]: read /var/lib/neutron/dhcp/ae966755-a49d-47f3-8ff1-1df97447d908/host
Aug 27 14:04:05 gtw01 dnsmasq-dhcp[7244]: read /var/lib/neutron/dhcp/ae966755-a49d-47f3-8ff1-1df97447d908/opts
Aug 27 14:04:06 gtw01 systemd-udevd[9314]: link_config: autonegotiation is unset or enabled, the speed and duplex are not writable.
Aug 27 14:04:06 gtw01 systemd-udevd[9314]: Could not generate persistent MAC address for tap3458044d-b3: No such file or directory
Aug 27 14:04:06 gtw01 kernel: [ 3113.356258] device tap3458044d-b3 entered promiscuous mode
Aug 27 14:04:06 gtw01 systemd-udevd[9314]: Process '/sbin/ip link set tap3458044d-b3 txqueuelen 10000' failed with exit code 1.
Aug 27 14:04:06 gtw01 dnsmasq[9051]: read /var/lib/neutron/dhcp/2e4e3c5b-24c2-4c14-9f1f-6779c2614870/addn_hosts - 2 addresses
Aug 27 14:04:06 gtw01 dnsmasq-dhcp[9051]: read /var/lib/neutron/dhcp/2e4e3c5b-24c2-4c14-9f1f-6779c2614870/host
Aug 27 14:04:06 gtw01 dnsmasq-dhcp[9051]: read /var/lib/neutron/dhcp/2e4e3c5b-24c2-4c14-9f1f-6779c2614870/opts
Aug 27 14:04:06 gtw01 systemd-udevd[9391]: Process '/sbin/ip link set tap3458044d-b3 txqueuelen 10000' failed with exit code 1.
Aug 27 14:04:06 gtw01 dnsmasq[9235]: read /var/lib/neutron/dhcp/ad758e1f-33df-41c4-805b-774750ba0f3f/addn_hosts - 2 addresses
Aug 27 14:04:06 gtw01 dnsmasq-dhcp[9235]: read /var/lib/neutron/dhcp/ad758e1f-33df-41c4-805b-774750ba0f3f/host
Aug 27 14:04:06 gtw01 dnsmasq-dhcp[9235]: read /var/lib/neutron/dhcp/ad758e1f-33df-41c4-805b-774750ba0f3f/opts
Aug 27 14:04:06 gtw01 systemd-udevd[9425]: link_config: autonegotiation is unset or enabled, the speed and duplex are not writable.
Aug 27 14:04:06 gtw01 systemd-udevd[9425]: Could not generate persistent MAC address for tap9399285c-e8: No such file or directory
Aug 27 14:04:06 gtw01 kernel: [ 3113.792265] device tap9399285c-e8 entered promiscuous mode
Aug 27 14:04:06 gtw01 systemd-udevd[9425]: Process '/sbin/ip link set tap9399285c-e8 txqueuelen 10000' failed with exit code 1.
Aug 27 14:04:07 gtw01 systemd-udevd[9507]: Process '/sbin/ip link set tap9399285c-e8 txqueuelen 10000' failed with exit code 1.
Aug 27 14:04:07 gtw01 dnsmasq[7828]: read /var/lib/neutron/dhcp/b8fe2352-bd28-4ba3-a8c4-63b5bee5327b/addn_hosts - 1 addresses
Aug 27 14:04:07 gtw01 dnsmasq-dhcp[7828]: read /var/lib/neutron/dhcp/b8fe2352-bd28-4ba3-a8c4-63b5bee5327b/host
Aug 27 14:04:07 gtw01 dnsmasq-dhcp[7828]: read /var/lib/neutron/dhcp/b8fe2352-bd28-4ba3-a8c4-63b5bee5327b/opts
Aug 27 14:04:07 gtw01 dnsmasq[9235]: read /var/lib/neutron/dhcp/ad758e1f-33df-41c4-805b-774750ba0f3f/addn_hosts - 2 addresses
Aug 27 14:04:07 gtw01 dnsmasq-dhcp[9235]: read /var/lib/neutron/dhcp/ad758e1f-33df-41c4-805b-774750ba0f3f/host
Aug 27 14:04:07 gtw01 dnsmasq-dhcp[9235]: read /var/lib/neutron/dhcp/ad758e1f-33df-41c4-805b-774750ba0f3f/opts
Aug 27 14:04:07 gtw01 dnsmasq[9051]: read /var/lib/neutron/dhcp/2e4e3c5b-24c2-4c14-9f1f-6779c2614870/addn_hosts - 2 addresses
Aug 27 14:04:07 gtw01 dnsmasq-dhcp[9051]: read /var/lib/neutron/dhcp/2e4e3c5b-24c2-4c14-9f1f-6779c2614870/host
Aug 27 14:04:07 gtw01 dnsmasq-dhcp[9051]: read /var/lib/neutron/dhcp/2e4e3c5b-24c2-4c14-9f1f-6779c2614870/opts
Aug 27 14:04:07 gtw01 dnsmasq[8080]: read /var/lib/neutron/dhcp/6e088290-6096-411f-9a96-032963e62280/addn_hosts - 1 addresses
Aug 27 14:04:07 gtw01 dnsmasq-dhcp[8080]: read /var/lib/neutron/dhcp/6e088290-6096-411f-9a96-032963e62280/host
Aug 27 14:04:07 gtw01 dnsmasq-dhcp[8080]: read /var/lib/neutron/dhcp/6e088290-6096-411f-9a96-032963e62280/opts
Aug 27 14:04:08 gtw01 dnsmasq[8630]: read /var/lib/neutron/dhcp/bd4556a5-69c2-408d-9e2b-bad4d12fba45/addn_hosts - 1 addresses
Aug 27 14:04:08 gtw01 dnsmasq-dhcp[8630]: read /var/lib/neutron/dhcp/bd4556a5-69c2-408d-9e2b-bad4d12fba45/host
Aug 27 14:04:08 gtw01 dnsmasq-dhcp[8630]: read /var/lib/neutron/dhcp/bd4556a5-69c2-408d-9e2b-bad4d12fba45/opts
Aug 27 14:04:08 gtw01 dnsmasq[9051]: read /var/lib/neutron/dhcp/2e4e3c5b-24c2-4c14-9f1f-6779c2614870/addn_hosts - 2 addresses
Aug 27 14:04:08 gtw01 dnsmasq-dhcp[9051]: read /var/lib/neutron/dhcp/2e4e3c5b-24c2-4c14-9f1f-6779c2614870/host
Aug 27 14:04:08 gtw01 dnsmasq-dhcp[9051]: read /var/lib/neutron/dhcp/2e4e3c5b-24c2-4c14-9f1f-6779c2614870/opts
Aug 27 14:04:08 gtw01 dnsmasq[9235]: read /var/lib/neutron/dhcp/ad758e1f-33df-41c4-805b-774750ba0f3f/addn_hosts - 2 addresses
Aug 27 14:04:08 gtw01 dnsmasq-dhcp[9235]: read /var/lib/neutron/dhcp/ad758e1f-33df-41c4-805b-774750ba0f3f/host
Aug 27 14:04:08 gtw01 dnsmasq-dhcp[9235]: read /var/lib/neutron/dhcp/ad758e1f-33df-41c4-805b-774750ba0f3f/opts
Aug 27 14:04:09 gtw01 dnsmasq[9051]: read /var/lib/neutron/dhcp/2e4e3c5b-24c2-4c14-9f1f-6779c2614870/addn_hosts - 2 addresses
Aug 27 14:04:09 gtw01 dnsmasq-dhcp[9051]: read /var/lib/neutron/dhcp/2e4e3c5b-24c2-4c14-9f1f-6779c2614870/host
Aug 27 14:04:09 gtw01 dnsmasq-dhcp[9051]: read /var/lib/neutron/dhcp/2e4e3c5b-24c2-4c14-9f1f-6779c2614870/opts
Aug 27 14:04:09 gtw01 dnsmasq[9235]: read /var/lib/neutron/dhcp/ad758e1f-33df-41c4-805b-774750ba0f3f/addn_hosts - 2 addresses
Aug 27 14:04:09 gtw01 dnsmasq-dhcp[9235]: read /var/lib/neutron/dhcp/ad758e1f-33df-41c4-805b-774750ba0f3f/host
Aug 27 14:04:09 gtw01 dnsmasq-dhcp[9235]: read /var/lib/neutron/dhcp/ad758e1f-33df-41c4-805b-774750ba0f3f/opts
Aug 27 14:04:10 gtw01 dnsmasq[9773]: started, version 2.79 cachesize 150
Aug 27 14:04:10 gtw01 dnsmasq[9773]: DNS service limited to local subnets
Aug 27 14:04:10 gtw01 dnsmasq[9773]: compile time options: IPv6 GNU-getopt DBus i18n IDN DHCP DHCPv6 no-Lua TFTP conntrack ipset auth DNSSEC loop-detect inotify
Aug 27 14:04:10 gtw01 dnsmasq[9773]: warning: no upstream servers configured
Aug 27 14:04:10 gtw01 dnsmasq-dhcp[9773]: DHCP, static leases only on 192.168.120.16, lease time 1h
Aug 27 14:04:10 gtw01 dnsmasq[9773]: read /var/lib/neutron/dhcp/61f9f82b-7615-4a77-883e-461bae23b28b/addn_hosts - 1 addresses
Aug 27 14:04:10 gtw01 dnsmasq-dhcp[9773]: read /var/lib/neutron/dhcp/61f9f82b-7615-4a77-883e-461bae23b28b/host
Aug 27 14:04:10 gtw01 dnsmasq-dhcp[9773]: read /var/lib/neutron/dhcp/61f9f82b-7615-4a77-883e-461bae23b28b/opts
Aug 27 14:04:10 gtw01 dnsmasq[9791]: started, version 2.79 cachesize 150
Aug 27 14:04:10 gtw01 dnsmasq[9791]: DNS service limited to local subnets
Aug 27 14:04:10 gtw01 dnsmasq[9791]: compile time options: IPv6 GNU-getopt DBus i18n IDN DHCP DHCPv6 no-Lua TFTP conntrack ipset auth DNSSEC loop-detect inotify
Aug 27 14:04:10 gtw01 dnsmasq[9791]: warning: no upstream servers configured
Aug 27 14:04:10 gtw01 dnsmasq-dhcp[9791]: DHCPv6, static leases only on 2003::, lease time 1h
Aug 27 14:04:10 gtw01 dnsmasq[9791]: read /var/lib/neutron/dhcp/a5a547d3-9c1a-4a9f-a9f4-9a60a6858248/addn_hosts - 1 addresses
Aug 27 14:04:10 gtw01 dnsmasq-dhcp[9791]: read /var/lib/neutron/dhcp/a5a547d3-9c1a-4a9f-a9f4-9a60a6858248/host
