Aug 27 14:39:55 gtw01 dnsmasq-dhcp[30775]: read /var/lib/neutron/dhcp/6b36077b-b370-4ab6-95f8-1894ee84215c/host
Aug 27 14:39:55 gtw01 dnsmasq-dhcp[30775]: read /var/lib/neutron/dhcp/6b36077b-b370-4ab6-95f8-1894ee84215c/opts
Aug 27 14:39:55 gtw01 dnsmasq[30953]: read /var/lib/neutron/dhcp/a8066b66-0b65-4fdb-9391-c80f2e85cee7/addn_hosts - 2 addresses
Aug 27 14:39:55 gtw01 dnsmasq-dhcp[30953]: read /var/lib/neutron/dhcp/a8066b66-0b65-4fdb-9391-c80f2e85cee7/host
Aug 27 14:39:55 gtw01 dnsmasq-dhcp[30953]: read /var/lib/neutron/dhcp/a8066b66-0b65-4fdb-9391-c80f2e85cee7/opts
Aug 27 14:39:56 gtw01 dnsmasq[30923]: read /var/lib/neutron/dhcp/8ca9322c-e05a-47fd-b7f3-d03e9e65b912/addn_hosts - 2 addresses
Aug 27 14:39:56 gtw01 dnsmasq-dhcp[30923]: read /var/lib/neutron/dhcp/8ca9322c-e05a-47fd-b7f3-d03e9e65b912/host
Aug 27 14:39:56 gtw01 dnsmasq-dhcp[30923]: read /var/lib/neutron/dhcp/8ca9322c-e05a-47fd-b7f3-d03e9e65b912/opts
Aug 27 14:39:56 gtw01 dnsmasq[30775]: read /var/lib/neutron/dhcp/6b36077b-b370-4ab6-95f8-1894ee84215c/addn_hosts - 1 addresses
Aug 27 14:39:56 gtw01 dnsmasq-dhcp[30775]: read /var/lib/neutron/dhcp/6b36077b-b370-4ab6-95f8-1894ee84215c/host
Aug 27 14:39:56 gtw01 dnsmasq-dhcp[30775]: read /var/lib/neutron/dhcp/6b36077b-b370-4ab6-95f8-1894ee84215c/opts
Aug 27 14:39:56 gtw01 dnsmasq[30953]: read /var/lib/neutron/dhcp/a8066b66-0b65-4fdb-9391-c80f2e85cee7/addn_hosts - 3 addresses
Aug 27 14:39:56 gtw01 dnsmasq-dhcp[30953]: read /var/lib/neutron/dhcp/a8066b66-0b65-4fdb-9391-c80f2e85cee7/host
Aug 27 14:39:56 gtw01 dnsmasq-dhcp[30953]: read /var/lib/neutron/dhcp/a8066b66-0b65-4fdb-9391-c80f2e85cee7/opts
Aug 27 14:39:57 gtw01 kernel: [ 5264.108073] device tap56aacf26-a3 left promiscuous mode
Aug 27 14:39:57 gtw01 dnsmasq[30923]: read /var/lib/neutron/dhcp/8ca9322c-e05a-47fd-b7f3-d03e9e65b912/addn_hosts - 1 addresses
Aug 27 14:39:57 gtw01 dnsmasq-dhcp[30923]: read /var/lib/neutron/dhcp/8ca9322c-e05a-47fd-b7f3-d03e9e65b912/host
Aug 27 14:39:57 gtw01 dnsmasq-dhcp[30923]: read /var/lib/neutron/dhcp/8ca9322c-e05a-47fd-b7f3-d03e9e65b912/opts
Aug 27 14:39:57 gtw01 dnsmasq[30953]: read /var/lib/neutron/dhcp/a8066b66-0b65-4fdb-9391-c80f2e85cee7/addn_hosts - 3 addresses
Aug 27 14:39:57 gtw01 dnsmasq-dhcp[30953]: read /var/lib/neutron/dhcp/a8066b66-0b65-4fdb-9391-c80f2e85cee7/host
Aug 27 14:39:57 gtw01 dnsmasq-dhcp[30953]: read /var/lib/neutron/dhcp/a8066b66-0b65-4fdb-9391-c80f2e85cee7/opts
Aug 27 14:39:58 gtw01 dnsmasq[30953]: read /var/lib/neutron/dhcp/a8066b66-0b65-4fdb-9391-c80f2e85cee7/addn_hosts - 3 addresses
Aug 27 14:39:58 gtw01 dnsmasq-dhcp[30953]: read /var/lib/neutron/dhcp/a8066b66-0b65-4fdb-9391-c80f2e85cee7/host
Aug 27 14:39:58 gtw01 dnsmasq-dhcp[30953]: read /var/lib/neutron/dhcp/a8066b66-0b65-4fdb-9391-c80f2e85cee7/opts
Aug 27 14:39:59 gtw01 kernel: [ 5266.129401] device qr-769addaf-8a entered promiscuous mode
Aug 27 14:39:59 gtw01 systemd-udevd[31455]: link_config: autonegotiation is unset or enabled, the speed and duplex are not writable.
Aug 27 14:39:59 gtw01 systemd-udevd[31455]: Could not generate persistent MAC address for qr-769addaf-8a: No such file or directory
Aug 27 14:39:59 gtw01 kernel: [ 5266.419897] device vxlan_sys_4789 left promiscuous mode
Aug 27 14:39:59 gtw01 ovs-vswitchd: ovs|00047|netdev_tc_offloads(revalidator32)|ERR|dump_create: failed to get ifindex for vxlan-0a010006: No such device
Aug 27 14:39:59 gtw01 dnsmasq[30953]: read /var/lib/neutron/dhcp/a8066b66-0b65-4fdb-9391-c80f2e85cee7/addn_hosts - 3 addresses
Aug 27 14:39:59 gtw01 dnsmasq-dhcp[30953]: read /var/lib/neutron/dhcp/a8066b66-0b65-4fdb-9391-c80f2e85cee7/host
Aug 27 14:39:59 gtw01 dnsmasq-dhcp[30953]: read /var/lib/neutron/dhcp/a8066b66-0b65-4fdb-9391-c80f2e85cee7/opts
Aug 27 14:40:00 gtw01 dnsmasq[30953]: read /var/lib/neutron/dhcp/a8066b66-0b65-4fdb-9391-c80f2e85cee7/addn_hosts - 3 addresses
Aug 27 14:40:00 gtw01 dnsmasq-dhcp[30953]: read /var/lib/neutron/dhcp/a8066b66-0b65-4fdb-9391-c80f2e85cee7/host
Aug 27 14:40:00 gtw01 dnsmasq-dhcp[30953]: read /var/lib/neutron/dhcp/a8066b66-0b65-4fdb-9391-c80f2e85cee7/opts
Aug 27 14:40:01 gtw01 kernel: [ 5268.124118] device tap2baacc3a-e9 left promiscuous mode
Aug 27 14:40:01 gtw01 dnsmasq-dhcp[29278]: DHCPRELEASE(tap0b028321-ee) 192.168.120.10 fa:16:3e:4b:23:9e
Aug 27 14:40:01 gtw01 kernel: [ 5268.277034] device vxlan_sys_4789 entered promiscuous mode
Aug 27 14:40:01 gtw01 systemd-udevd[31642]: link_config: autonegotiation is unset or enabled, the speed and duplex are not writable.
Aug 27 14:40:01 gtw01 systemd-udevd[31642]: Could not generate persistent MAC address for vxlan_sys_4789: No such file or directory
Aug 27 14:40:01 gtw01 dnsmasq-dhcp[29278]: DHCPRELEASE(tap0b028321-ee) 192.168.120.10 fa:16:3e:4b:23:9e unknown lease
Aug 27 14:40:01 gtw01 dnsmasq[30953]: read /var/lib/neutron/dhcp/a8066b66-0b65-4fdb-9391-c80f2e85cee7/addn_hosts - 3 addresses
Aug 27 14:40:01 gtw01 dnsmasq-dhcp[30953]: read /var/lib/neutron/dhcp/a8066b66-0b65-4fdb-9391-c80f2e85cee7/host
Aug 27 14:40:01 gtw01 dnsmasq-dhcp[30953]: read /var/lib/neutron/dhcp/a8066b66-0b65-4fdb-9391-c80f2e85cee7/opts
Aug 27 14:40:02 gtw01 dnsmasq[29278]: read /var/lib/neutron/dhcp/83113090-eafa-40d9-b03c-6428fd29f8f4/addn_hosts - 2 addresses
Aug 27 14:40:02 gtw01 dnsmasq-dhcp[29278]: read /var/lib/neutron/dhcp/83113090-eafa-40d9-b03c-6428fd29f8f4/host
Aug 27 14:40:02 gtw01 dnsmasq-dhcp[29278]: read /var/lib/neutron/dhcp/83113090-eafa-40d9-b03c-6428fd29f8f4/opts
Aug 27 14:40:03 gtw01 kernel: [ 5270.093803] device tape3f827ca-80 left promiscuous mode
Aug 27 14:40:06 gtw01 dnsmasq[29278]: read /var/lib/neutron/dhcp/83113090-eafa-40d9-b03c-6428fd29f8f4/addn_hosts - 1 addresses
Aug 27 14:40:06 gtw01 dnsmasq-dhcp[29278]: read /var/lib/neutron/dhcp/83113090-eafa-40d9-b03c-6428fd29f8f4/host
Aug 27 14:40:06 gtw01 dnsmasq-dhcp[29278]: read /var/lib/neutron/dhcp/83113090-eafa-40d9-b03c-6428fd29f8f4/opts
Aug 27 14:40:08 gtw01 kernel: [ 5275.377671] device qr-2884e4aa-7a left promiscuous mode
Aug 27 14:40:08 gtw01 kernel: [ 5275.478610] device tap023871e9-34 entered promiscuous mode
Aug 27 14:40:08 gtw01 systemd-udevd[32003]: link_config: autonegotiation is unset or enabled, the speed and duplex are not writable.
Aug 27 14:40:08 gtw01 systemd-udevd[32003]: Could not generate persistent MAC address for tap023871e9-34: No such file or directory
Aug 27 14:40:08 gtw01 systemd-udevd[32003]: Process '/sbin/ip link set tap023871e9-34 txqueuelen 10000' failed with exit code 1.
Aug 27 14:40:08 gtw01 systemd-udevd[32003]: Process '/sbin/ip link set tap023871e9-34 txqueuelen 10000' failed with exit code 1.
Aug 27 14:40:09 gtw01 kernel: [ 5276.066221] device qg-c1c92597-e9 left promiscuous mode
Aug 27 14:40:11 gtw01 dnsmasq-dhcp[30953]: DHCPDISCOVER(tapcbb6274d-87) fa:16:3e:8c:36:54
Aug 27 14:40:11 gtw01 dnsmasq-dhcp[30953]: DHCPOFFER(tapcbb6274d-87) 192.168.120.4 fa:16:3e:8c:36:54
Aug 27 14:40:11 gtw01 dnsmasq-dhcp[30953]: DHCPREQUEST(tapcbb6274d-87) 192.168.120.4 fa:16:3e:8c:36:54
Aug 27 14:40:11 gtw01 dnsmasq-dhcp[30953]: DHCPACK(tapcbb6274d-87) 192.168.120.4 fa:16:3e:8c:36:54 host-192-168-120-4
Aug 27 14:40:11 gtw01 kernel: [ 5278.574087] device tap0b028321-ee left promiscuous mode
Aug 27 14:40:11 gtw01 dnsmasq[32227]: started, version 2.79 cachesize 150
Aug 27 14:40:11 gtw01 dnsmasq[32227]: DNS service limited to local subnets
Aug 27 14:40:11 gtw01 dnsmasq[32227]: compile time options: IPv6 GNU-getopt DBus i18n IDN DHCP DHCPv6 no-Lua TFTP conntrack ipset auth DNSSEC loop-detect inotify
Aug 27 14:40:11 gtw01 dnsmasq[32227]: warning: no upstream servers configured
Aug 27 14:40:11 gtw01 dnsmasq-dhcp[32227]: DHCP, static leases only on 192.168.120.0, lease time 1h
Aug 27 14:40:11 gtw01 dnsmasq[32227]: read /var/lib/neutron/dhcp/88e30951-4d35-436d-a5ef-54dcee73a608/addn_hosts - 1 addresses
Aug 27 14:40:11 gtw01 dnsmasq-dhcp[32227]: read /var/lib/neutron/dhcp/88e30951-4d35-436d-a5ef-54dcee73a608/host
Aug 27 14:40:11 gtw01 dnsmasq-dhcp[32227]: read /var/lib/neutron/dhcp/88e30951-4d35-436d-a5ef-54dcee73a608/opts
Aug 27 14:40:12 gtw01 dnsmasq[32227]: read /var/lib/neutron/dhcp/88e30951-4d35-436d-a5ef-54dcee73a608/addn_hosts - 1 addresses
Aug 27 14:40:12 gtw01 dnsmasq-dhcp[32227]: read /var/lib/neutron/dhcp/88e30951-4d35-436d-a5ef-54dcee73a608/host
Aug 27 14:40:12 gtw01 dnsmasq-dhcp[32227]: read /var/lib/neutron/dhcp/88e30951-4d35-436d-a5ef-54dcee73a608/opts
Aug 27 14:40:13 gtw01 dnsmasq[32227]: read /var/lib/neutron/dhcp/88e30951-4d35-436d-a5ef-54dcee73a608/addn_hosts - 1 addresses
Aug 27 14:40:13 gtw01 dnsmasq-dhcp[32227]: read /var/lib/neutron/dhcp/88e30951-4d35-436d-a5ef-54dcee73a608/host
Aug 27 14:40:13 gtw01 dnsmasq-dhcp[32227]: read /var/lib/neutron/dhcp/88e30951-4d35-436d-a5ef-54dcee73a608/opts
Aug 27 14:40:14 gtw01 dnsmasq[32227]: read /var/lib/neutron/dhcp/88e30951-4d35-436d-a5ef-54dcee73a608/addn_hosts - 2 addresses
Aug 27 14:40:14 gtw01 dnsmasq-dhcp[32227]: read /var/lib/neutron/dhcp/88e30951-4d35-436d-a5ef-54dcee73a608/host
Aug 27 14:40:14 gtw01 dnsmasq-dhcp[32227]: read /var/lib/neutron/dhcp/88e30951-4d35-436d-a5ef-54dcee73a608/opts
Aug 27 14:40:16 gtw01 kernel: [ 5283.038694] device tap023871e9-34 left promiscuous mode
Aug 27 14:40:16 gtw01 dnsmasq-dhcp[30953]: DHCPRELEASE(tapcbb6274d-87) 192.168.120.4 fa:16:3e:8c:36:54
Aug 27 14:40:20 gtw01 systemd-udevd[32381]: link_config: autonegotiation is unset or enabled, the speed and duplex are not writable.
Aug 27 14:40:20 gtw01 systemd-udevd[32381]: Could not generate persistent MAC address for tapd088ac26-d7: No such file or directory
Aug 27 14:40:20 gtw01 kernel: [ 5287.275750] device tapd088ac26-d7 entered promiscuous mode
Aug 27 14:40:20 gtw01 systemd-udevd[32381]: Process '/sbin/ip link set tapd088ac26-d7 txqueuelen 10000' failed with exit code 1.
Aug 27 14:40:20 gtw01 systemd-udevd[32381]: Process '/sbin/ip link set tapd088ac26-d7 txqueuelen 10000' failed with exit code 1.
Aug 27 14:40:20 gtw01 systemd-udevd[32472]: link_config: autonegotiation is unset or enabled, the speed and duplex are not writable.
Aug 27 14:40:20 gtw01 systemd-udevd[32472]: Could not generate persistent MAC address for tapafae0895-18: No such file or directory
Aug 27 14:40:20 gtw01 kernel: [ 5287.589105] device tapafae0895-18 entered promiscuous mode
Aug 27 14:40:20 gtw01 systemd-udevd[32472]: Process '/sbin/ip link set tapafae0895-18 txqueuelen 10000' failed with exit code 1.
Aug 27 14:40:20 gtw01 systemd-udevd[32472]: Process '/sbin/ip link set tapafae0895-18 txqueuelen 10000' failed with exit code 1.
Aug 27 14:40:21 gtw01 kernel: [ 5288.937596] device vxlan_sys_4789 left promiscuous mode
Aug 27 14:40:21 gtw01 ovs-vswitchd: ovs|00049|netdev_tc_offloads(revalidator32)|ERR|dump_create: failed to get ifindex for vxlan-0a010005: No such device
Aug 27 14:40:23 gtw01 kernel: [ 5290.067567] device qr-7d3b1e3b-0e entered promiscuous mode
Aug 27 14:40:23 gtw01 systemd-udevd[32667]: link_config: autonegotiation is unset or enabled, the speed and duplex are not writable.
Aug 27 14:40:23 gtw01 systemd-udevd[32667]: Could not generate persistent MAC address for qr-7d3b1e3b-0e: No such file or directory
Aug 27 14:40:23 gtw01 systemd-udevd[32754]: link_config: autonegotiation is unset or enabled, the speed and duplex are not writable.
Aug 27 14:40:23 gtw01 systemd-udevd[32754]: Could not generate persistent MAC address for vxlan_sys_4789: No such file or directory
Aug 27 14:40:23 gtw01 kernel: [ 5290.251157] device vxlan_sys_4789 entered promiscuous mode
Aug 27 14:40:23 gtw01 dnsmasq[361]: started, version 2.79 cachesize 150
Aug 27 14:40:23 gtw01 dnsmasq[361]: DNS service limited to local subnets
Aug 27 14:40:23 gtw01 dnsmasq[361]: compile time options: IPv6 GNU-getopt DBus i18n IDN DHCP DHCPv6 no-Lua TFTP conntrack ipset auth DNSSEC loop-detect inotify
Aug 27 14:40:23 gtw01 dnsmasq[361]: warning: no upstream servers configured
Aug 27 14:40:23 gtw01 dnsmasq-dhcp[361]: DHCP, static leases only on 192.168.120.0, lease time 1h
Aug 27 14:40:23 gtw01 dnsmasq[361]: read /var/lib/neutron/dhcp/c759cdd7-6250-4642-af45-4e259e7e2583/addn_hosts - 1 addresses
Aug 27 14:40:23 gtw01 dnsmasq-dhcp[361]: read /var/lib/neutron/dhcp/c759cdd7-6250-4642-af45-4e259e7e2583/host
Aug 27 14:40:23 gtw01 dnsmasq-dhcp[361]: read /var/lib/neutron/dhcp/c759cdd7-6250-4642-af45-4e259e7e2583/opts
Aug 27 14:40:23 gtw01 dnsmasq[381]: started, version 2.79 cachesize 150
Aug 27 14:40:23 gtw01 dnsmasq[381]: DNS service limited to local subnets
Aug 27 14:40:23 gtw01 dnsmasq[381]: compile time options: IPv6 GNU-getopt DBus i18n IDN DHCP DHCPv6 no-Lua TFTP conntrack ipset auth DNSSEC loop-detect inotify
Aug 27 14:40:23 gtw01 dnsmasq[381]: warning: no upstream servers configured
Aug 27 14:40:23 gtw01 dnsmasq-dhcp[381]: DHCP, static leases only on 192.168.120.0, lease time 1h
Aug 27 14:40:23 gtw01 dnsmasq[381]: read /var/lib/neutron/dhcp/73379cff-3fee-43cb-9be5-6e1df2e2f7f7/addn_hosts - 1 addresses
Aug 27 14:40:23 gtw01 dnsmasq-dhcp[381]: read /var/lib/neutron/dhcp/73379cff-3fee-43cb-9be5-6e1df2e2f7f7/host
Aug 27 14:40:23 gtw01 dnsmasq-dhcp[381]: read /var/lib/neutron/dhcp/73379cff-3fee-43cb-9be5-6e1df2e2f7f7/opts
Aug 27 14:40:23 gtw01 kernel: [ 5290.937449] device qg-3384e4fa-c7 entered promiscuous mode
Aug 27 14:40:23 gtw01 systemd-udevd[392]: link_config: autonegotiation is unset or enabled, the speed and duplex are not writable.
Aug 27 14:40:23 gtw01 systemd-udevd[392]: Could not generate persistent MAC address for qg-3384e4fa-c7: No such file or directory
Aug 27 14:40:24 gtw01 kernel: [ 5291.194893] IPv4: martian source 192.168.120.1 from 192.168.120.1, on dev qg-3384e4fa-c7
Aug 27 14:40:24 gtw01 kernel: [ 5291.194896] ll header: 00000000: ff ff ff ff ff ff fa 16 3e 17 b1 35 08 06        ........>..5..
Aug 27 14:40:24 gtw01 dnsmasq[361]: read /var/lib/neutron/dhcp/c759cdd7-6250-4642-af45-4e259e7e2583/addn_hosts - 2 addresses
Aug 27 14:40:24 gtw01 dnsmasq-dhcp[361]: read /var/lib/neutron/dhcp/c759cdd7-6250-4642-af45-4e259e7e2583/host
Aug 27 14:40:24 gtw01 dnsmasq-dhcp[361]: read /var/lib/neutron/dhcp/c759cdd7-6250-4642-af45-4e259e7e2583/opts
Aug 27 14:40:24 gtw01 dnsmasq[381]: read /var/lib/neutron/dhcp/73379cff-3fee-43cb-9be5-6e1df2e2f7f7/addn_hosts - 1 addresses
Aug 27 14:40:24 gtw01 dnsmasq-dhcp[381]: read /var/lib/neutron/dhcp/73379cff-3fee-43cb-9be5-6e1df2e2f7f7/host
Aug 27 14:40:24 gtw01 dnsmasq-dhcp[381]: read /var/lib/neutron/dhcp/73379cff-3fee-43cb-9be5-6e1df2e2f7f7/opts
Aug 27 14:40:25 gtw01 dnsmasq[361]: read /var/lib/neutron/dhcp/c759cdd7-6250-4642-af45-4e259e7e2583/addn_hosts - 2 addresses
Aug 27 14:40:25 gtw01 dnsmasq-dhcp[361]: read /var/lib/neutron/dhcp/c759cdd7-6250-4642-af45-4e259e7e2583/host
Aug 27 14:40:25 gtw01 dnsmasq-dhcp[361]: read /var/lib/neutron/dhcp/c759cdd7-6250-4642-af45-4e259e7e2583/opts
Aug 27 14:40:25 gtw01 dnsmasq[381]: read /var/lib/neutron/dhcp/73379cff-3fee-43cb-9be5-6e1df2e2f7f7/addn_hosts - 1 addresses
Aug 27 14:40:25 gtw01 dnsmasq-dhcp[381]: read /var/lib/neutron/dhcp/73379cff-3fee-43cb-9be5-6e1df2e2f7f7/host
Aug 27 14:40:25 gtw01 dnsmasq-dhcp[381]: read /var/lib/neutron/dhcp/73379cff-3fee-43cb-9be5-6e1df2e2f7f7/opts
Aug 27 14:40:26 gtw01 dnsmasq[361]: read /var/lib/neutron/dhcp/c759cdd7-6250-4642-af45-4e259e7e2583/addn_hosts - 2 addresses
Aug 27 14:40:26 gtw01 dnsmasq-dhcp[361]: read /var/lib/neutron/dhcp/c759cdd7-6250-4642-af45-4e259e7e2583/host
Aug 27 14:40:26 gtw01 dnsmasq-dhcp[361]: read /var/lib/neutron/dhcp/c759cdd7-6250-4642-af45-4e259e7e2583/opts
Aug 27 14:40:26 gtw01 dnsmasq[381]: read /var/lib/neutron/dhcp/73379cff-3fee-43cb-9be5-6e1df2e2f7f7/addn_hosts - 2 addresses
Aug 27 14:40:26 gtw01 dnsmasq-dhcp[381]: read /var/lib/neutron/dhcp/73379cff-3fee-43cb-9be5-6e1df2e2f7f7/host
Aug 27 14:40:26 gtw01 dnsmasq-dhcp[381]: read /var/lib/neutron/dhcp/73379cff-3fee-43cb-9be5-6e1df2e2f7f7/opts
Aug 27 14:40:27 gtw01 kernel: [ 5294.006739] IPv4: martian source 192.168.120.1 from 192.168.120.1, on dev qg-3384e4fa-c7
Aug 27 14:40:27 gtw01 kernel: [ 5294.006742] ll header: 00000000: ff ff ff ff ff ff fa 16 3e 17 b1 35 08 06        ........>..5..
Aug 27 14:40:27 gtw01 kernel: [ 5294.192254] IPv4: martian source 10.16.0.216 from 10.16.0.216, on dev qr-7d3b1e3b-0e
Aug 27 14:40:27 gtw01 kernel: [ 5294.192257] ll header: 00000000: ff ff ff ff ff ff fa 16 3e e1 5e be 08 06        ........>.^...
Aug 27 14:40:27 gtw01 dnsmasq[361]: read /var/lib/neutron/dhcp/c759cdd7-6250-4642-af45-4e259e7e2583/addn_hosts - 2 addresses
Aug 27 14:40:27 gtw01 dnsmasq-dhcp[361]: read /var/lib/neutron/dhcp/c759cdd7-6250-4642-af45-4e259e7e2583/host
Aug 27 14:40:27 gtw01 dnsmasq-dhcp[361]: read /var/lib/neutron/dhcp/c759cdd7-6250-4642-af45-4e259e7e2583/opts
Aug 27 14:40:28 gtw01 kernel: [ 5295.175936] device tapafae0895-18 left promiscuous mode
Aug 27 14:40:28 gtw01 dnsmasq[361]: read /var/lib/neutron/dhcp/c759cdd7-6250-4642-af45-4e259e7e2583/addn_hosts - 2 addresses
Aug 27 14:40:28 gtw01 dnsmasq-dhcp[361]: read /var/lib/neutron/dhcp/c759cdd7-6250-4642-af45-4e259e7e2583/host
Aug 27 14:40:28 gtw01 dnsmasq-dhcp[361]: read /var/lib/neutron/dhcp/c759cdd7-6250-4642-af45-4e259e7e2583/opts
Aug 27 14:40:29 gtw01 dnsmasq[361]: read /var/lib/neutron/dhcp/c759cdd7-6250-4642-af45-4e259e7e2583/addn_hosts - 3 addresses
Aug 27 14:40:29 gtw01 dnsmasq-dhcp[361]: read /var/lib/neutron/dhcp/c759cdd7-6250-4642-af45-4e259e7e2583/host
Aug 27 14:40:29 gtw01 dnsmasq-dhcp[361]: read /var/lib/neutron/dhcp/c759cdd7-6250-4642-af45-4e259e7e2583/opts
Aug 27 14:40:30 gtw01 dnsmasq[361]: read /var/lib/neutron/dhcp/c759cdd7-6250-4642-af45-4e259e7e2583/addn_hosts - 3 addresses
Aug 27 14:40:30 gtw01 dnsmasq-dhcp[361]: read /var/lib/neutron/dhcp/c759cdd7-6250-4642-af45-4e259e7e2583/host
Aug 27 14:40:30 gtw01 dnsmasq-dhcp[361]: read /var/lib/neutron/dhcp/c759cdd7-6250-4642-af45-4e259e7e2583/opts
Aug 27 14:40:31 gtw01 dnsmasq[361]: read /var/lib/neutron/dhcp/c759cdd7-6250-4642-af45-4e259e7e2583/addn_hosts - 3 addresses
Aug 27 14:40:31 gtw01 dnsmasq-dhcp[361]: read /var/lib/neutron/dhcp/c759cdd7-6250-4642-af45-4e259e7e2583/host
Aug 27 14:40:31 gtw01 dnsmasq-dhcp[361]: read /var/lib/neutron/dhcp/c759cdd7-6250-4642-af45-4e259e7e2583/opts
Aug 27 14:40:32 gtw01 dnsmasq[361]: read /var/lib/neutron/dhcp/c759cdd7-6250-4642-af45-4e259e7e2583/addn_hosts - 3 addresses
Aug 27 14:40:32 gtw01 dnsmasq-dhcp[361]: read /var/lib/neutron/dhcp/c759cdd7-6250-4642-af45-4e259e7e2583/host
Aug 27 14:40:32 gtw01 dnsmasq-dhcp[361]: read /var/lib/neutron/dhcp/c759cdd7-6250-4642-af45-4e259e7e2583/opts
Aug 27 14:40:32 gtw01 dnsmasq-dhcp[30953]: DHCPDISCOVER(tapcbb6274d-87) fa:16:3e:8c:36:54
Aug 27 14:40:32 gtw01 dnsmasq-dhcp[30953]: DHCPOFFER(tapcbb6274d-87) 192.168.120.4 fa:16:3e:8c:36:54
Aug 27 14:40:32 gtw01 dnsmasq-dhcp[30953]: DHCPREQUEST(tapcbb6274d-87) 192.168.120.4 fa:16:3e:8c:36:54
Aug 27 14:40:32 gtw01 dnsmasq-dhcp[30953]: DHCPACK(tapcbb6274d-87) 192.168.120.4 fa:16:3e:8c:36:54 host-192-168-120-4
Aug 27 14:40:33 gtw01 dnsmasq[361]: read /var/lib/neutron/dhcp/c759cdd7-6250-4642-af45-4e259e7e2583/addn_hosts - 3 addresses
Aug 27 14:40:33 gtw01 dnsmasq-dhcp[361]: read /var/lib/neutron/dhcp/c759cdd7-6250-4642-af45-4e259e7e2583/host
Aug 27 14:40:33 gtw01 dnsmasq-dhcp[361]: read /var/lib/neutron/dhcp/c759cdd7-6250-4642-af45-4e259e7e2583/opts
Aug 27 14:40:38 gtw01 kernel: [ 5305.174548] device tap6ab31243-82 entered promiscuous mode
Aug 27 14:40:38 gtw01 systemd-udevd[985]: link_config: autonegotiation is unset or enabled, the speed and duplex are not writable.
Aug 27 14:40:38 gtw01 systemd-udevd[985]: Could not generate persistent MAC address for tap6ab31243-82: No such file or directory
Aug 27 14:40:38 gtw01 systemd-udevd[985]: Process '/sbin/ip link set tap6ab31243-82 txqueuelen 10000' failed with exit code 1.
Aug 27 14:40:38 gtw01 systemd-udevd[985]: Process '/sbin/ip link set tap6ab31243-82 txqueuelen 10000' failed with exit code 1.
Aug 27 14:40:41 gtw01 dnsmasq[1179]: started, version 2.79 cachesize 150
Aug 27 14:40:41 gtw01 dnsmasq[1179]: DNS service limited to local subnets
Aug 27 14:40:41 gtw01 dnsmasq[1179]: compile time options: IPv6 GNU-getopt DBus i18n IDN DHCP DHCPv6 no-Lua TFTP conntrack ipset auth DNSSEC loop-detect inotify
Aug 27 14:40:41 gtw01 dnsmasq[1179]: warning: no upstream servers configured
Aug 27 14:40:41 gtw01 dnsmasq-dhcp[1179]: DHCP, static leases only on 192.168.120.0, lease time 1h
Aug 27 14:40:41 gtw01 dnsmasq[1179]: read /var/lib/neutron/dhcp/b3b8146f-c359-4351-8421-5a1f6bf1d078/addn_hosts - 1 addresses
Aug 27 14:40:41 gtw01 dnsmasq-dhcp[1179]: read /var/lib/neutron/dhcp/b3b8146f-c359-4351-8421-5a1f6bf1d078/host
Aug 27 14:40:41 gtw01 dnsmasq-dhcp[1179]: read /var/lib/neutron/dhcp/b3b8146f-c359-4351-8421-5a1f6bf1d078/opts
Aug 27 14:40:42 gtw01 dnsmasq[1179]: read /var/lib/neutron/dhcp/b3b8146f-c359-4351-8421-5a1f6bf1d078/addn_hosts - 2 addresses
Aug 27 14:40:42 gtw01 dnsmasq-dhcp[1179]: read /var/lib/neutron/dhcp/b3b8146f-c359-4351-8421-5a1f6bf1d078/host
Aug 27 14:40:42 gtw01 dnsmasq-dhcp[1179]: read /var/lib/neutron/dhcp/b3b8146f-c359-4351-8421-5a1f6bf1d078/opts
Aug 27 14:40:42 gtw01 systemd-udevd[1244]: link_config: autonegotiation is unset or enabled, the speed and duplex are not writable.
Aug 27 14:40:42 gtw01 systemd-udevd[1244]: Could not generate persistent MAC address for qr-f180b60d-0c: No such file or directory
Aug 27 14:40:42 gtw01 kernel: [ 5309.550825] device qr-f180b60d-0c entered promiscuous mode
Aug 27 14:40:42 gtw01 kernel: [ 5309.745203] device tapc172b711-49 entered promiscuous mode
Aug 27 14:40:42 gtw01 systemd-udevd[1329]: link_config: autonegotiation is unset or enabled, the speed and duplex are not writable.
Aug 27 14:40:42 gtw01 systemd-udevd[1329]: Could not generate persistent MAC address for tapc172b711-49: No such file or directory
Aug 27 14:40:42 gtw01 systemd-udevd[1329]: Process '/sbin/ip link set tapc172b711-49 txqueuelen 10000' failed with exit code 1.
Aug 27 14:40:42 gtw01 systemd-udevd[1405]: Process '/sbin/ip link set tapc172b711-49 txqueuelen 10000' failed with exit code 1.
Aug 27 14:40:43 gtw01 dnsmasq[1179]: read /var/lib/neutron/dhcp/b3b8146f-c359-4351-8421-5a1f6bf1d078/addn_hosts - 2 addresses
Aug 27 14:40:43 gtw01 dnsmasq-dhcp[1179]: read /var/lib/neutron/dhcp/b3b8146f-c359-4351-8421-5a1f6bf1d078/host
Aug 27 14:40:43 gtw01 dnsmasq-dhcp[1179]: read /var/lib/neutron/dhcp/b3b8146f-c359-4351-8421-5a1f6bf1d078/opts
Aug 27 14:40:43 gtw01 dnsmasq-dhcp[361]: DHCPDISCOVER(tapd088ac26-d7) fa:16:3e:74:71:c1
Aug 27 14:40:43 gtw01 dnsmasq-dhcp[361]: DHCPOFFER(tapd088ac26-d7) 192.168.120.11 fa:16:3e:74:71:c1
Aug 27 14:40:43 gtw01 dnsmasq-dhcp[361]: DHCPREQUEST(tapd088ac26-d7) 192.168.120.11 fa:16:3e:74:71:c1
Aug 27 14:40:43 gtw01 dnsmasq-dhcp[361]: DHCPACK(tapd088ac26-d7) 192.168.120.11 fa:16:3e:74:71:c1 host-192-168-120-11
Aug 27 14:40:44 gtw01 dnsmasq[1179]: read /var/lib/neutron/dhcp/b3b8146f-c359-4351-8421-5a1f6bf1d078/addn_hosts - 2 addresses
Aug 27 14:40:44 gtw01 dnsmasq-dhcp[1179]: read /var/lib/neutron/dhcp/b3b8146f-c359-4351-8421-5a1f6bf1d078/host
Aug 27 14:40:44 gtw01 dnsmasq-dhcp[1179]: read /var/lib/neutron/dhcp/b3b8146f-c359-4351-8421-5a1f6bf1d078/opts
Aug 27 14:40:45 gtw01 dnsmasq[1179]: read /var/lib/neutron/dhcp/b3b8146f-c359-4351-8421-5a1f6bf1d078/addn_hosts - 2 addresses
Aug 27 14:40:45 gtw01 dnsmasq-dhcp[1179]: read /var/lib/neutron/dhcp/b3b8146f-c359-4351-8421-5a1f6bf1d078/host
Aug 27 14:40:45 gtw01 dnsmasq-dhcp[1179]: read /var/lib/neutron/dhcp/b3b8146f-c359-4351-8421-5a1f6bf1d078/opts
Aug 27 14:40:46 gtw01 dnsmasq[1179]: read /var/lib/neutron/dhcp/b3b8146f-c359-4351-8421-5a1f6bf1d078/addn_hosts - 2 addresses
Aug 27 14:40:46 gtw01 dnsmasq-dhcp[1179]: read /var/lib/neutron/dhcp/b3b8146f-c359-4351-8421-5a1f6bf1d078/host
Aug 27 14:40:46 gtw01 dnsmasq-dhcp[1179]: read /var/lib/neutron/dhcp/b3b8146f-c359-4351-8421-5a1f6bf1d078/opts
Aug 27 14:40:46 gtw01 dnsmasq-dhcp[30953]: DHCPDISCOVER(tapcbb6274d-87) fa:16:3e:8c:36:54
Aug 27 14:40:46 gtw01 dnsmasq-dhcp[30953]: DHCPOFFER(tapcbb6274d-87) 192.168.120.4 fa:16:3e:8c:36:54
Aug 27 14:40:46 gtw01 dnsmasq-dhcp[30953]: DHCPREQUEST(tapcbb6274d-87) 192.168.120.4 fa:16:3e:8c:36:54
Aug 27 14:40:46 gtw01 dnsmasq-dhcp[30953]: DHCPACK(tapcbb6274d-87) 192.168.120.4 fa:16:3e:8c:36:54 host-192-168-120-4
Aug 27 14:40:46 gtw01 systemd-udevd[1606]: link_config: autonegotiation is unset or enabled, the speed and duplex are not writable.
Aug 27 14:40:46 gtw01 systemd-udevd[1606]: Could not generate persistent MAC address for tap595c6e2d-5f: No such file or directory
Aug 27 14:40:46 gtw01 kernel: [ 5313.382801] device tap595c6e2d-5f entered promiscuous mode
Aug 27 14:40:46 gtw01 dnsmasq[1619]: started, version 2.79 cachesize 150
Aug 27 14:40:46 gtw01 dnsmasq[1619]: DNS service limited to local subnets
Aug 27 14:40:46 gtw01 dnsmasq[1619]: compile time options: IPv6 GNU-getopt DBus i18n IDN DHCP DHCPv6 no-Lua TFTP conntrack ipset auth DNSSEC loop-detect inotify
Aug 27 14:40:46 gtw01 dnsmasq[1619]: warning: no upstream servers configured
Aug 27 14:40:46 gtw01 dnsmasq-dhcp[1619]: DHCP, static leases only on 192.168.121.0, lease time 1h
Aug 27 14:40:46 gtw01 dnsmasq[1619]: read /var/lib/neutron/dhcp/438f0546-b004-4115-bd29-940494b904cd/addn_hosts - 1 addresses
Aug 27 14:40:46 gtw01 dnsmasq-dhcp[1619]: read /var/lib/neutron/dhcp/438f0546-b004-4115-bd29-940494b904cd/host
Aug 27 14:40:46 gtw01 dnsmasq-dhcp[1619]: read /var/lib/neutron/dhcp/438f0546-b004-4115-bd29-940494b904cd/opts
Aug 27 14:40:46 gtw01 systemd-udevd[1606]: Process '/sbin/ip link set tap595c6e2d-5f txqueuelen 10000' failed with exit code 1.
Aug 27 14:40:46 gtw01 systemd-udevd[1606]: Process '/sbin/ip link set tap595c6e2d-5f txqueuelen 10000' failed with exit code 1.
Aug 27 14:40:47 gtw01 dnsmasq[1179]: read /var/lib/neutron/dhcp/b3b8146f-c359-4351-8421-5a1f6bf1d078/addn_hosts - 2 addresses
Aug 27 14:40:47 gtw01 dnsmasq-dhcp[1179]: read /var/lib/neutron/dhcp/b3b8146f-c359-4351-8421-5a1f6bf1d078/host
Aug 27 14:40:47 gtw01 dnsmasq-dhcp[1179]: read /var/lib/neutron/dhcp/b3b8146f-c359-4351-8421-5a1f6bf1d078/opts
Aug 27 14:40:47 gtw01 dnsmasq[1619]: read /var/lib/neutron/dhcp/438f0546-b004-4115-bd29-940494b904cd/addn_hosts - 2 addresses
Aug 27 14:40:47 gtw01 dnsmasq-dhcp[1619]: read /var/lib/neutron/dhcp/438f0546-b004-4115-bd29-940494b904cd/host
Aug 27 14:40:47 gtw01 dnsmasq-dhcp[1619]: read /var/lib/neutron/dhcp/438f0546-b004-4115-bd29-940494b904cd/opts
Aug 27 14:40:48 gtw01 dnsmasq[1179]: read /var/lib/neutron/dhcp/b3b8146f-c359-4351-8421-5a1f6bf1d078/addn_hosts - 2 addresses
Aug 27 14:40:48 gtw01 dnsmasq-dhcp[1179]: read /var/lib/neutron/dhcp/b3b8146f-c359-4351-8421-5a1f6bf1d078/host
Aug 27 14:40:48 gtw01 dnsmasq-dhcp[1179]: read /var/lib/neutron/dhcp/b3b8146f-c359-4351-8421-5a1f6bf1d078/opts
Aug 27 14:40:48 gtw01 dnsmasq[1619]: read /var/lib/neutron/dhcp/438f0546-b004-4115-bd29-940494b904cd/addn_hosts - 2 addresses
Aug 27 14:40:48 gtw01 dnsmasq-dhcp[1619]: read /var/lib/neutron/dhcp/438f0546-b004-4115-bd29-940494b904cd/host
Aug 27 14:40:48 gtw01 dnsmasq-dhcp[1619]: read /var/lib/neutron/dhcp/438f0546-b004-4115-bd29-940494b904cd/opts
Aug 27 14:40:49 gtw01 dnsmasq[1619]: read /var/lib/neutron/dhcp/438f0546-b004-4115-bd29-940494b904cd/addn_hosts - 2 addresses
Aug 27 14:40:49 gtw01 dnsmasq-dhcp[1619]: read /var/lib/neutron/dhcp/438f0546-b004-4115-bd29-940494b904cd/host
Aug 27 14:40:49 gtw01 dnsmasq-dhcp[1619]: read /var/lib/neutron/dhcp/438f0546-b004-4115-bd29-940494b904cd/opts
Aug 27 14:40:49 gtw01 dnsmasq[1890]: started, version 2.79 cachesize 150
Aug 27 14:40:49 gtw01 dnsmasq[1890]: DNS service limited to local subnets
Aug 27 14:40:49 gtw01 dnsmasq[1890]: compile time options: IPv6 GNU-getopt DBus i18n IDN DHCP DHCPv6 no-Lua TFTP conntrack ipset auth DNSSEC loop-detect inotify
Aug 27 14:40:49 gtw01 dnsmasq[1890]: warning: no upstream servers configured
Aug 27 14:40:49 gtw01 dnsmasq-dhcp[1890]: DHCP, static leases only on 192.168.122.0, lease time 1h
Aug 27 14:40:49 gtw01 dnsmasq[1890]: read /var/lib/neutron/dhcp/e1bafb4f-1ee4-4658-87d3-073e3f36b9d5/addn_hosts - 1 addresses
Aug 27 14:40:49 gtw01 dnsmasq-dhcp[1890]: read /var/lib/neutron/dhcp/e1bafb4f-1ee4-4658-87d3-073e3f36b9d5/host
Aug 27 14:40:49 gtw01 dnsmasq-dhcp[1890]: read /var/lib/neutron/dhcp/e1bafb4f-1ee4-4658-87d3-073e3f36b9d5/opts
Aug 27 14:40:50 gtw01 kernel: [ 5317.220916] device tap701afab6-e1 entered promiscuous mode
Aug 27 14:40:50 gtw01 systemd-udevd[1909]: link_config: autonegotiation is unset or enabled, the speed and duplex are not writable.
Aug 27 14:40:50 gtw01 systemd-udevd[1909]: Could not generate persistent MAC address for tap701afab6-e1: No such file or directory
Aug 27 14:40:50 gtw01 systemd-udevd[1909]: Process '/sbin/ip link set tap701afab6-e1 txqueuelen 10000' failed with exit code 1.
Aug 27 14:40:50 gtw01 systemd-udevd[1909]: Process '/sbin/ip link set tap701afab6-e1 txqueuelen 10000' failed with exit code 1.
Aug 27 14:40:50 gtw01 dnsmasq[1619]: read /var/lib/neutron/dhcp/438f0546-b004-4115-bd29-940494b904cd/addn_hosts - 2 addresses
Aug 27 14:40:50 gtw01 dnsmasq-dhcp[1619]: read /var/lib/neutron/dhcp/438f0546-b004-4115-bd29-940494b904cd/host
Aug 27 14:40:50 gtw01 dnsmasq-dhcp[1619]: read /var/lib/neutron/dhcp/438f0546-b004-4115-bd29-940494b904cd/opts
Aug 27 14:40:50 gtw01 dnsmasq[1890]: read /var/lib/neutron/dhcp/e1bafb4f-1ee4-4658-87d3-073e3f36b9d5/addn_hosts - 2 addresses
Aug 27 14:40:50 gtw01 dnsmasq-dhcp[1890]: read /var/lib/neutron/dhcp/e1bafb4f-1ee4-4658-87d3-073e3f36b9d5/host
Aug 27 14:40:50 gtw01 dnsmasq-dhcp[1890]: read /var/lib/neutron/dhcp/e1bafb4f-1ee4-4658-87d3-073e3f36b9d5/opts
Aug 27 14:40:51 gtw01 dnsmasq[1619]: read /var/lib/neutron/dhcp/438f0546-b004-4115-bd29-940494b904cd/addn_hosts - 2 addresses
Aug 27 14:40:51 gtw01 dnsmasq-dhcp[1619]: read /var/lib/neutron/dhcp/438f0546-b004-4115-bd29-940494b904cd/host
Aug 27 14:40:51 gtw01 dnsmasq-dhcp[1619]: read /var/lib/neutron/dhcp/438f0546-b004-4115-bd29-940494b904cd/opts
Aug 27 14:40:51 gtw01 systemd-udevd[2057]: link_config: autonegotiation is unset or enabled, the speed and duplex are not writable.
Aug 27 14:40:51 gtw01 systemd-udevd[2057]: Could not generate persistent MAC address for qr-0f756314-b4: No such file or directory
Aug 27 14:40:51 gtw01 kernel: [ 5318.637797] device qr-0f756314-b4 entered promiscuous mode
Aug 27 14:40:52 gtw01 dnsmasq[1890]: read /var/lib/neutron/dhcp/e1bafb4f-1ee4-4658-87d3-073e3f36b9d5/addn_hosts - 2 addresses
Aug 27 14:40:52 gtw01 dnsmasq-dhcp[1890]: read /var/lib/neutron/dhcp/e1bafb4f-1ee4-4658-87d3-073e3f36b9d5/host
Aug 27 14:40:52 gtw01 dnsmasq-dhcp[1890]: read /var/lib/neutron/dhcp/e1bafb4f-1ee4-4658-87d3-073e3f36b9d5/opts
Aug 27 14:40:52 gtw01 kernel: [ 5319.534801] device qr-a5c98cab-de entered promiscuous mode
Aug 27 14:40:52 gtw01 systemd-udevd[2196]: link_config: autonegotiation is unset or enabled, the speed and duplex are not writable.
Aug 27 14:40:52 gtw01 systemd-udevd[2196]: Could not generate persistent MAC address for qr-a5c98cab-de: No such file or directory
Aug 27 14:40:52 gtw01 dnsmasq[1619]: read /var/lib/neutron/dhcp/438f0546-b004-4115-bd29-940494b904cd/addn_hosts - 2 addresses
Aug 27 14:40:52 gtw01 dnsmasq-dhcp[1619]: read /var/lib/neutron/dhcp/438f0546-b004-4115-bd29-940494b904cd/host
Aug 27 14:40:52 gtw01 dnsmasq-dhcp[1619]: read /var/lib/neutron/dhcp/438f0546-b004-4115-bd29-940494b904cd/opts
Aug 27 14:40:52 gtw01 kernel: [ 5319.759001] IPv4: martian source 192.168.123.1 from 192.168.123.1, on dev qr-a5c98cab-de
Aug 27 14:40:52 gtw01 kernel: [ 5319.759004] ll header: 00000000: ff ff ff ff ff ff fa 16 3e 21 90 32 08 06        ........>!.2..
Aug 27 14:40:53 gtw01 dnsmasq[1890]: read /var/lib/neutron/dhcp/e1bafb4f-1ee4-4658-87d3-073e3f36b9d5/addn_hosts - 2 addresses
Aug 27 14:40:53 gtw01 dnsmasq-dhcp[1890]: read /var/lib/neutron/dhcp/e1bafb4f-1ee4-4658-87d3-073e3f36b9d5/host
Aug 27 14:40:53 gtw01 dnsmasq-dhcp[1890]: read /var/lib/neutron/dhcp/e1bafb4f-1ee4-4658-87d3-073e3f36b9d5/opts
Aug 27 14:40:53 gtw01 kernel: [ 5320.407896] device qr-d7d25392-f3 entered promiscuous mode
Aug 27 14:40:53 gtw01 systemd-udevd[2328]: link_config: autonegotiation is unset or enabled, the speed and duplex are not writable.
Aug 27 14:40:53 gtw01 systemd-udevd[2328]: Could not generate persistent MAC address for qr-d7d25392-f3: No such file or directory
Aug 27 14:40:53 gtw01 kernel: [ 5320.679859] IPv4: martian source 192.168.122.1 from 192.168.122.1, on dev qr-0f756314-b4
Aug 27 14:40:53 gtw01 kernel: [ 5320.679863] ll header: 00000000: ff ff ff ff ff ff fa 16 3e 81 5b 30 08 06        ........>.[0..
Aug 27 14:40:53 gtw01 kernel: [ 5320.679865] IPv4: martian source 192.168.122.1 from 192.168.122.1, on dev qr-d7d25392-f3
Aug 27 14:40:53 gtw01 kernel: [ 5320.679866] ll header: 00000000: ff ff ff ff ff ff fa 16 3e 81 5b 30 08 06        ........>.[0..
Aug 27 14:40:53 gtw01 dnsmasq[1619]: read /var/lib/neutron/dhcp/438f0546-b004-4115-bd29-940494b904cd/addn_hosts - 2 addresses
Aug 27 14:40:53 gtw01 dnsmasq-dhcp[1619]: read /var/lib/neutron/dhcp/438f0546-b004-4115-bd29-940494b904cd/host
Aug 27 14:40:53 gtw01 dnsmasq-dhcp[1619]: read /var/lib/neutron/dhcp/438f0546-b004-4115-bd29-940494b904cd/opts
Aug 27 14:40:53 gtw01 dnsmasq[2425]: started, version 2.79 cachesize 150
Aug 27 14:40:53 gtw01 dnsmasq[2425]: DNS service limited to local subnets
Aug 27 14:40:53 gtw01 dnsmasq[2425]: compile time options: IPv6 GNU-getopt DBus i18n IDN DHCP DHCPv6 no-Lua TFTP conntrack ipset auth DNSSEC loop-detect inotify
Aug 27 14:40:53 gtw01 dnsmasq[2425]: warning: no upstream servers configured
Aug 27 14:40:53 gtw01 dnsmasq-dhcp[2425]: DHCP, static leases only on 192.168.123.0, lease time 1h
Aug 27 14:40:53 gtw01 dnsmasq[2425]: read /var/lib/neutron/dhcp/5c8a295c-360c-4fa3-9442-ec808ab96996/addn_hosts - 1 addresses
Aug 27 14:40:53 gtw01 dnsmasq-dhcp[2425]: read /var/lib/neutron/dhcp/5c8a295c-360c-4fa3-9442-ec808ab96996/host
Aug 27 14:40:53 gtw01 dnsmasq-dhcp[2425]: read /var/lib/neutron/dhcp/5c8a295c-360c-4fa3-9442-ec808ab96996/opts
Aug 27 14:40:54 gtw01 dnsmasq-dhcp[30953]: DHCPRELEASE(tapcbb6274d-87) 192.168.120.4 fa:16:3e:8c:36:54
Aug 27 14:40:54 gtw01 dnsmasq-dhcp[361]: DHCPRELEASE(tapd088ac26-d7) 192.168.120.11 fa:16:3e:74:71:c1
Aug 27 14:40:54 gtw01 dnsmasq[1890]: read /var/lib/neutron/dhcp/e1bafb4f-1ee4-4658-87d3-073e3f36b9d5/addn_hosts - 2 addresses
Aug 27 14:40:54 gtw01 dnsmasq-dhcp[1890]: read /var/lib/neutron/dhcp/e1bafb4f-1ee4-4658-87d3-073e3f36b9d5/host
Aug 27 14:40:54 gtw01 dnsmasq-dhcp[1890]: read /var/lib/neutron/dhcp/e1bafb4f-1ee4-4658-87d3-073e3f36b9d5/opts
Aug 27 14:40:54 gtw01 kernel: [ 5321.770761] IPv4: martian source 192.168.121.1 from 192.168.121.1, on dev qr-0f756314-b4
Aug 27 14:40:54 gtw01 kernel: [ 5321.770764] ll header: 00000000: ff ff ff ff ff ff fa 16 3e 81 97 5c 08 06        ........>..\..
Aug 27 14:40:54 gtw01 kernel: [ 5321.770767] IPv4: martian source 192.168.121.1 from 192.168.121.1, on dev qr-a5c98cab-de
Aug 27 14:40:54 gtw01 kernel: [ 5321.770768] ll header: 00000000: ff ff ff ff ff ff fa 16 3e 81 97 5c 08 06        ........>..\..
Aug 27 14:40:55 gtw01 dnsmasq-dhcp[361]: DHCPRELEASE(tapd088ac26-d7) 192.168.120.11 fa:16:3e:74:71:c1 unknown lease
Aug 27 14:40:55 gtw01 dnsmasq[2425]: read /var/lib/neutron/dhcp/5c8a295c-360c-4fa3-9442-ec808ab96996/addn_hosts - 2 addresses
Aug 27 14:40:55 gtw01 dnsmasq-dhcp[2425]: read /var/lib/neutron/dhcp/5c8a295c-360c-4fa3-9442-ec808ab96996/host
Aug 27 14:40:55 gtw01 dnsmasq-dhcp[2425]: read /var/lib/neutron/dhcp/5c8a295c-360c-4fa3-9442-ec808ab96996/opts
Aug 27 14:40:55 gtw01 dnsmasq[361]: read /var/lib/neutron/dhcp/c759cdd7-6250-4642-af45-4e259e7e2583/addn_hosts - 2 addresses
Aug 27 14:40:55 gtw01 dnsmasq-dhcp[361]: read /var/lib/neutron/dhcp/c759cdd7-6250-4642-af45-4e259e7e2583/host
Aug 27 14:40:55 gtw01 dnsmasq-dhcp[361]: read /var/lib/neutron/dhcp/c759cdd7-6250-4642-af45-4e259e7e2583/opts
Aug 27 14:40:55 gtw01 dnsmasq[1890]: read /var/lib/neutron/dhcp/e1bafb4f-1ee4-4658-87d3-073e3f36b9d5/addn_hosts - 2 addresses
Aug 27 14:40:55 gtw01 dnsmasq-dhcp[1890]: read /var/lib/neutron/dhcp/e1bafb4f-1ee4-4658-87d3-073e3f36b9d5/host
Aug 27 14:40:55 gtw01 dnsmasq-dhcp[1890]: read /var/lib/neutron/dhcp/e1bafb4f-1ee4-4658-87d3-073e3f36b9d5/opts
Aug 27 14:40:56 gtw01 dnsmasq[2425]: read /var/lib/neutron/dhcp/5c8a295c-360c-4fa3-9442-ec808ab96996/addn_hosts - 2 addresses
Aug 27 14:40:56 gtw01 dnsmasq-dhcp[2425]: read /var/lib/neutron/dhcp/5c8a295c-360c-4fa3-9442-ec808ab96996/host
Aug 27 14:40:56 gtw01 dnsmasq-dhcp[2425]: read /var/lib/neutron/dhcp/5c8a295c-360c-4fa3-9442-ec808ab96996/opts
Aug 27 14:40:56 gtw01 dnsmasq[1890]: read /var/lib/neutron/dhcp/e1bafb4f-1ee4-4658-87d3-073e3f36b9d5/addn_hosts - 2 addresses
Aug 27 14:40:56 gtw01 dnsmasq-dhcp[1890]: read /var/lib/neutron/dhcp/e1bafb4f-1ee4-4658-87d3-073e3f36b9d5/host
Aug 27 14:40:56 gtw01 dnsmasq-dhcp[1890]: read /var/lib/neutron/dhcp/e1bafb4f-1ee4-4658-87d3-073e3f36b9d5/opts
Aug 27 14:40:57 gtw01 dnsmasq[2425]: read /var/lib/neutron/dhcp/5c8a295c-360c-4fa3-9442-ec808ab96996/addn_hosts - 2 addresses
Aug 27 14:40:57 gtw01 dnsmasq-dhcp[2425]: read /var/lib/neutron/dhcp/5c8a295c-360c-4fa3-9442-ec808ab96996/host
Aug 27 14:40:57 gtw01 dnsmasq-dhcp[2425]: read /var/lib/neutron/dhcp/5c8a295c-360c-4fa3-9442-ec808ab96996/opts
Aug 27 14:40:57 gtw01 dnsmasq[1890]: read /var/lib/neutron/dhcp/e1bafb4f-1ee4-4658-87d3-073e3f36b9d5/addn_hosts - 2 addresses
Aug 27 14:40:57 gtw01 dnsmasq-dhcp[1890]: read /var/lib/neutron/dhcp/e1bafb4f-1ee4-4658-87d3-073e3f36b9d5/host
Aug 27 14:40:57 gtw01 dnsmasq-dhcp[1890]: read /var/lib/neutron/dhcp/e1bafb4f-1ee4-4658-87d3-073e3f36b9d5/opts
Aug 27 14:40:58 gtw01 kernel: [ 5325.557110] device qr-0f756314-b4 left promiscuous mode
Aug 27 14:40:58 gtw01 dnsmasq[361]: read /var/lib/neutron/dhcp/c759cdd7-6250-4642-af45-4e259e7e2583/addn_hosts - 1 addresses
Aug 27 14:40:58 gtw01 dnsmasq-dhcp[361]: read /var/lib/neutron/dhcp/c759cdd7-6250-4642-af45-4e259e7e2583/host
Aug 27 14:40:58 gtw01 dnsmasq-dhcp[361]: read /var/lib/neutron/dhcp/c759cdd7-6250-4642-af45-4e259e7e2583/opts
Aug 27 14:40:58 gtw01 kernel: [ 5325.949941] device tap701afab6-e1 left promiscuous mode
Aug 27 14:40:59 gtw01 kernel: [ 5326.052105] device vxlan_sys_4789 left promiscuous mode
Aug 27 14:40:59 gtw01 ovs-vswitchd: ovs|00052|netdev_tc_offloads(revalidator32)|ERR|dump_create: failed to get ifindex for vxlan-0a010005: No such device
Aug 27 14:41:01 gtw01 kernel: [ 5328.072664] device vxlan_sys_4789 entered promiscuous mode
Aug 27 14:41:01 gtw01 systemd-udevd[2807]: link_config: autonegotiation is unset or enabled, the speed and duplex are not writable.
Aug 27 14:41:01 gtw01 systemd-udevd[2807]: Could not generate persistent MAC address for vxlan_sys_4789: No such file or directory
Aug 27 14:41:01 gtw01 kernel: [ 5328.482793] device qr-7d3b1e3b-0e left promiscuous mode
Aug 27 14:41:01 gtw01 dnsmasq[1890]: read /var/lib/neutron/dhcp/e1bafb4f-1ee4-4658-87d3-073e3f36b9d5/addn_hosts - 1 addresses
Aug 27 14:41:01 gtw01 dnsmasq-dhcp[1890]: read /var/lib/neutron/dhcp/e1bafb4f-1ee4-4658-87d3-073e3f36b9d5/host
Aug 27 14:41:01 gtw01 dnsmasq-dhcp[1890]: read /var/lib/neutron/dhcp/e1bafb4f-1ee4-4658-87d3-073e3f36b9d5/opts
Aug 27 14:41:02 gtw01 kernel: [ 5329.172852] device qg-3384e4fa-c7 left promiscuous mode
Aug 27 14:41:03 gtw01 kernel: [ 5330.428364] device qr-a5c98cab-de left promiscuous mode
Aug 27 14:41:03 gtw01 kernel: [ 5330.942756] device tapd088ac26-d7 left promiscuous mode
Aug 27 14:41:04 gtw01 kernel: [ 5331.424367] device tap595c6e2d-5f left promiscuous mode
Aug 27 14:41:06 gtw01 dnsmasq[1619]: read /var/lib/neutron/dhcp/438f0546-b004-4115-bd29-940494b904cd/addn_hosts - 1 addresses
Aug 27 14:41:06 gtw01 dnsmasq-dhcp[1619]: read /var/lib/neutron/dhcp/438f0546-b004-4115-bd29-940494b904cd/host
Aug 27 14:41:06 gtw01 dnsmasq-dhcp[1619]: read /var/lib/neutron/dhcp/438f0546-b004-4115-bd29-940494b904cd/opts
Aug 27 14:41:08 gtw01 kernel: [ 5335.460526] device qr-d7d25392-f3 left promiscuous mode
Aug 27 14:41:09 gtw01 kernel: [ 5336.525709] device tapc172b711-49 left promiscuous mode
Aug 27 14:41:10 gtw01 systemd-udevd[3156]: link_config: autonegotiation is unset or enabled, the speed and duplex are not writable.
Aug 27 14:41:10 gtw01 systemd-udevd[3156]: Could not generate persistent MAC address for tapd1b0e364-19: No such file or directory
Aug 27 14:41:10 gtw01 kernel: [ 5337.118352] device tapd1b0e364-19 entered promiscuous mode
Aug 27 14:41:10 gtw01 systemd-udevd[3156]: Process '/sbin/ip link set tapd1b0e364-19 txqueuelen 10000' failed with exit code 1.
Aug 27 14:41:10 gtw01 systemd-udevd[3156]: Process '/sbin/ip link set tapd1b0e364-19 txqueuelen 10000' failed with exit code 1.
Aug 27 14:41:10 gtw01 dnsmasq-dhcp[30953]: DHCPDISCOVER(tapcbb6274d-87) fa:16:3e:8c:36:54
Aug 27 14:41:10 gtw01 dnsmasq-dhcp[30953]: DHCPOFFER(tapcbb6274d-87) 192.168.120.4 fa:16:3e:8c:36:54
Aug 27 14:41:10 gtw01 dnsmasq-dhcp[30953]: DHCPREQUEST(tapcbb6274d-87) 192.168.120.4 fa:16:3e:8c:36:54
Aug 27 14:41:10 gtw01 dnsmasq-dhcp[30953]: DHCPACK(tapcbb6274d-87) 192.168.120.4 fa:16:3e:8c:36:54 host-192-168-120-4
Aug 27 14:41:11 gtw01 dnsmasq[1179]: read /var/lib/neutron/dhcp/b3b8146f-c359-4351-8421-5a1f6bf1d078/addn_hosts - 1 addresses
Aug 27 14:41:11 gtw01 dnsmasq-dhcp[1179]: read /var/lib/neutron/dhcp/b3b8146f-c359-4351-8421-5a1f6bf1d078/host
Aug 27 14:41:11 gtw01 dnsmasq-dhcp[1179]: read /var/lib/neutron/dhcp/b3b8146f-c359-4351-8421-5a1f6bf1d078/opts
Aug 27 14:41:13 gtw01 dnsmasq[3338]: started, version 2.79 cachesize 150
Aug 27 14:41:13 gtw01 dnsmasq[3338]: DNS service limited to local subnets
Aug 27 14:41:13 gtw01 dnsmasq[3338]: compile time options: IPv6 GNU-getopt DBus i18n IDN DHCP DHCPv6 no-Lua TFTP conntrack ipset auth DNSSEC loop-detect inotify
Aug 27 14:41:13 gtw01 dnsmasq[3338]: warning: no upstream servers configured
Aug 27 14:41:13 gtw01 dnsmasq-dhcp[3338]: DHCP, static leases only on 192.168.120.0, lease time 1h
Aug 27 14:41:13 gtw01 dnsmasq[3338]: read /var/lib/neutron/dhcp/6509bc0c-7b14-40d9-8342-e34368ebe076/addn_hosts - 1 addresses
Aug 27 14:41:13 gtw01 dnsmasq-dhcp[3338]: read /var/lib/neutron/dhcp/6509bc0c-7b14-40d9-8342-e34368ebe076/host
Aug 27 14:41:13 gtw01 dnsmasq-dhcp[3338]: read /var/lib/neutron/dhcp/6509bc0c-7b14-40d9-8342-e34368ebe076/opts
Aug 27 14:41:13 gtw01 kernel: [ 5340.617173] device qr-f180b60d-0c left promiscuous mode
Aug 27 14:41:14 gtw01 dnsmasq[3338]: read /var/lib/neutron/dhcp/6509bc0c-7b14-40d9-8342-e34368ebe076/addn_hosts - 3 addresses
Aug 27 14:41:14 gtw01 dnsmasq-dhcp[3338]: read /var/lib/neutron/dhcp/6509bc0c-7b14-40d9-8342-e34368ebe076/host
Aug 27 14:41:14 gtw01 dnsmasq-dhcp[3338]: read /var/lib/neutron/dhcp/6509bc0c-7b14-40d9-8342-e34368ebe076/opts
Aug 27 14:41:15 gtw01 dnsmasq[3338]: read /var/lib/neutron/dhcp/6509bc0c-7b14-40d9-8342-e34368ebe076/addn_hosts - 3 addresses
Aug 27 14:41:15 gtw01 dnsmasq-dhcp[3338]: read /var/lib/neutron/dhcp/6509bc0c-7b14-40d9-8342-e34368ebe076/host
Aug 27 14:41:15 gtw01 dnsmasq-dhcp[3338]: read /var/lib/neutron/dhcp/6509bc0c-7b14-40d9-8342-e34368ebe076/opts
Aug 27 14:41:16 gtw01 dnsmasq[3338]: read /var/lib/neutron/dhcp/6509bc0c-7b14-40d9-8342-e34368ebe076/addn_hosts - 3 addresses
Aug 27 14:41:16 gtw01 dnsmasq-dhcp[3338]: read /var/lib/neutron/dhcp/6509bc0c-7b14-40d9-8342-e34368ebe076/host
Aug 27 14:41:16 gtw01 dnsmasq-dhcp[3338]: read /var/lib/neutron/dhcp/6509bc0c-7b14-40d9-8342-e34368ebe076/opts
Aug 27 14:41:16 gtw01 dnsmasq-dhcp[30953]: DHCPRELEASE(tapcbb6274d-87) 192.168.120.4 fa:16:3e:8c:36:54
Aug 27 14:41:16 gtw01 kernel: [ 5343.815669] device tap6ab31243-82 left promiscuous mode
Aug 27 14:41:17 gtw01 dnsmasq[3338]: read /var/lib/neutron/dhcp/6509bc0c-7b14-40d9-8342-e34368ebe076/addn_hosts - 3 addresses
Aug 27 14:41:17 gtw01 dnsmasq-dhcp[3338]: read /var/lib/neutron/dhcp/6509bc0c-7b14-40d9-8342-e34368ebe076/host
Aug 27 14:41:17 gtw01 dnsmasq-dhcp[3338]: read /var/lib/neutron/dhcp/6509bc0c-7b14-40d9-8342-e34368ebe076/opts
Aug 27 14:41:18 gtw01 dnsmasq[3338]: read /var/lib/neutron/dhcp/6509bc0c-7b14-40d9-8342-e34368ebe076/addn_hosts - 4 addresses
Aug 27 14:41:18 gtw01 dnsmasq-dhcp[3338]: read /var/lib/neutron/dhcp/6509bc0c-7b14-40d9-8342-e34368ebe076/host
Aug 27 14:41:18 gtw01 dnsmasq-dhcp[3338]: read /var/lib/neutron/dhcp/6509bc0c-7b14-40d9-8342-e34368ebe076/opts
Aug 27 14:41:19 gtw01 dnsmasq[3338]: read /var/lib/neutron/dhcp/6509bc0c-7b14-40d9-8342-e34368ebe076/addn_hosts - 4 addresses
Aug 27 14:41:19 gtw01 dnsmasq-dhcp[3338]: read /var/lib/neutron/dhcp/6509bc0c-7b14-40d9-8342-e34368ebe076/host
Aug 27 14:41:19 gtw01 dnsmasq-dhcp[3338]: read /var/lib/neutron/dhcp/6509bc0c-7b14-40d9-8342-e34368ebe076/opts
Aug 27 14:41:20 gtw01 dnsmasq[3338]: read /var/lib/neutron/dhcp/6509bc0c-7b14-40d9-8342-e34368ebe076/addn_hosts - 4 addresses
Aug 27 14:41:20 gtw01 dnsmasq-dhcp[3338]: read /var/lib/neutron/dhcp/6509bc0c-7b14-40d9-8342-e34368ebe076/host
Aug 27 14:41:20 gtw01 dnsmasq-dhcp[3338]: read /var/lib/neutron/dhcp/6509bc0c-7b14-40d9-8342-e34368ebe076/opts
Aug 27 14:41:20 gtw01 dnsmasq[3338]: read /var/lib/neutron/dhcp/6509bc0c-7b14-40d9-8342-e34368ebe076/addn_hosts - 4 addresses
Aug 27 14:41:20 gtw01 dnsmasq-dhcp[3338]: read /var/lib/neutron/dhcp/6509bc0c-7b14-40d9-8342-e34368ebe076/host
Aug 27 14:41:20 gtw01 dnsmasq-dhcp[3338]: read /var/lib/neutron/dhcp/6509bc0c-7b14-40d9-8342-e34368ebe076/opts
Aug 27 14:41:21 gtw01 dnsmasq[3338]: read /var/lib/neutron/dhcp/6509bc0c-7b14-40d9-8342-e34368ebe076/addn_hosts - 4 addresses
Aug 27 14:41:21 gtw01 dnsmasq-dhcp[3338]: read /var/lib/neutron/dhcp/6509bc0c-7b14-40d9-8342-e34368ebe076/host
Aug 27 14:41:21 gtw01 dnsmasq-dhcp[3338]: read /var/lib/neutron/dhcp/6509bc0c-7b14-40d9-8342-e34368ebe076/opts
Aug 27 14:41:22 gtw01 dnsmasq[3338]: read /var/lib/neutron/dhcp/6509bc0c-7b14-40d9-8342-e34368ebe076/addn_hosts - 4 addresses
Aug 27 14:41:22 gtw01 dnsmasq-dhcp[3338]: read /var/lib/neutron/dhcp/6509bc0c-7b14-40d9-8342-e34368ebe076/host
Aug 27 14:41:22 gtw01 dnsmasq-dhcp[3338]: read /var/lib/neutron/dhcp/6509bc0c-7b14-40d9-8342-e34368ebe076/opts
Aug 27 14:41:23 gtw01 dnsmasq[3338]: read /var/lib/neutron/dhcp/6509bc0c-7b14-40d9-8342-e34368ebe076/addn_hosts - 4 addresses
Aug 27 14:41:23 gtw01 dnsmasq-dhcp[3338]: read /var/lib/neutron/dhcp/6509bc0c-7b14-40d9-8342-e34368ebe076/host
Aug 27 14:41:23 gtw01 dnsmasq-dhcp[3338]: read /var/lib/neutron/dhcp/6509bc0c-7b14-40d9-8342-e34368ebe076/opts
Aug 27 14:41:24 gtw01 dnsmasq[3338]: read /var/lib/neutron/dhcp/6509bc0c-7b14-40d9-8342-e34368ebe076/addn_hosts - 4 addresses
Aug 27 14:41:24 gtw01 dnsmasq-dhcp[3338]: read /var/lib/neutron/dhcp/6509bc0c-7b14-40d9-8342-e34368ebe076/host
Aug 27 14:41:24 gtw01 dnsmasq-dhcp[3338]: read /var/lib/neutron/dhcp/6509bc0c-7b14-40d9-8342-e34368ebe076/opts
Aug 27 14:41:28 gtw01 dnsmasq-dhcp[3338]: DHCPDISCOVER(tapd1b0e364-19) fa:16:3e:03:f1:45
Aug 27 14:41:28 gtw01 dnsmasq-dhcp[3338]: DHCPOFFER(tapd1b0e364-19) 192.168.120.11 fa:16:3e:03:f1:45
Aug 27 14:41:28 gtw01 dnsmasq-dhcp[3338]: DHCPREQUEST(tapd1b0e364-19) 192.168.120.11 fa:16:3e:03:f1:45
Aug 27 14:41:28 gtw01 dnsmasq-dhcp[3338]: DHCPACK(tapd1b0e364-19) 192.168.120.11 fa:16:3e:03:f1:45 host-192-168-120-11
Aug 27 14:41:29 gtw01 dnsmasq[3338]: read /var/lib/neutron/dhcp/6509bc0c-7b14-40d9-8342-e34368ebe076/addn_hosts - 3 addresses
Aug 27 14:41:29 gtw01 dnsmasq-dhcp[3338]: read /var/lib/neutron/dhcp/6509bc0c-7b14-40d9-8342-e34368ebe076/host
Aug 27 14:41:29 gtw01 dnsmasq-dhcp[3338]: read /var/lib/neutron/dhcp/6509bc0c-7b14-40d9-8342-e34368ebe076/opts
Aug 27 14:41:30 gtw01 dnsmasq-dhcp[3338]: DHCPDISCOVER(tapd1b0e364-19) fa:16:3e:76:13:e6
Aug 27 14:41:30 gtw01 dnsmasq-dhcp[3338]: DHCPOFFER(tapd1b0e364-19) 192.168.120.12 fa:16:3e:76:13:e6
Aug 27 14:41:30 gtw01 dnsmasq-dhcp[3338]: DHCPREQUEST(tapd1b0e364-19) 192.168.120.12 fa:16:3e:76:13:e6
Aug 27 14:41:30 gtw01 dnsmasq-dhcp[3338]: DHCPACK(tapd1b0e364-19) 192.168.120.12 fa:16:3e:76:13:e6 host-192-168-120-12
Aug 27 14:41:31 gtw01 dnsmasq-dhcp[3338]: DHCPRELEASE(tapd1b0e364-19) 192.168.120.11 fa:16:3e:03:f1:45
Aug 27 14:41:32 gtw01 dnsmasq-dhcp[3338]: DHCPRELEASE(tapd1b0e364-19) 192.168.120.11 fa:16:3e:03:f1:45 unknown lease
Aug 27 14:41:32 gtw01 dnsmasq-dhcp[30953]: DHCPDISCOVER(tapcbb6274d-87) fa:16:3e:8c:36:54
Aug 27 14:41:32 gtw01 dnsmasq-dhcp[30953]: DHCPOFFER(tapcbb6274d-87) 192.168.120.4 fa:16:3e:8c:36:54
Aug 27 14:41:32 gtw01 dnsmasq-dhcp[30953]: DHCPREQUEST(tapcbb6274d-87) 192.168.120.4 fa:16:3e:8c:36:54
Aug 27 14:41:32 gtw01 dnsmasq-dhcp[30953]: DHCPACK(tapcbb6274d-87) 192.168.120.4 fa:16:3e:8c:36:54 host-192-168-120-4
Aug 27 14:41:32 gtw01 dnsmasq[3338]: read /var/lib/neutron/dhcp/6509bc0c-7b14-40d9-8342-e34368ebe076/addn_hosts - 2 addresses
Aug 27 14:41:32 gtw01 dnsmasq-dhcp[3338]: read /var/lib/neutron/dhcp/6509bc0c-7b14-40d9-8342-e34368ebe076/host
Aug 27 14:41:32 gtw01 dnsmasq-dhcp[3338]: read /var/lib/neutron/dhcp/6509bc0c-7b14-40d9-8342-e34368ebe076/opts
Aug 27 14:41:33 gtw01 dnsmasq-dhcp[30953]: DHCPRELEASE(tapcbb6274d-87) 192.168.120.4 fa:16:3e:8c:36:54
Aug 27 14:41:34 gtw01 dnsmasq-dhcp[3338]: DHCPRELEASE(tapd1b0e364-19) 192.168.120.12 fa:16:3e:76:13:e6
Aug 27 14:41:34 gtw01 dnsmasq-dhcp[3338]: DHCPRELEASE(tapd1b0e364-19) 192.168.120.12 fa:16:3e:76:13:e6 unknown lease
Aug 27 14:41:35 gtw01 dnsmasq[3338]: read /var/lib/neutron/dhcp/6509bc0c-7b14-40d9-8342-e34368ebe076/addn_hosts - 1 addresses
Aug 27 14:41:35 gtw01 dnsmasq-dhcp[3338]: read /var/lib/neutron/dhcp/6509bc0c-7b14-40d9-8342-e34368ebe076/host
Aug 27 14:41:35 gtw01 dnsmasq-dhcp[3338]: read /var/lib/neutron/dhcp/6509bc0c-7b14-40d9-8342-e34368ebe076/opts
Aug 27 14:41:37 gtw01 kernel: [ 5364.716371] device tapd1b0e364-19 left promiscuous mode
Aug 27 14:41:38 gtw01 kernel: [ 5365.953770] device vxlan_sys_4789 left promiscuous mode
Aug 27 14:41:40 gtw01 kernel: [ 5367.660494] device vxlan_sys_4789 entered promiscuous mode
Aug 27 14:41:40 gtw01 systemd-udevd[3802]: link_config: autonegotiation is unset or enabled, the speed and duplex are not writable.
Aug 27 14:41:40 gtw01 systemd-udevd[3802]: Could not generate persistent MAC address for vxlan_sys_4789: No such file or directory
