Aug 27 14:49:45 gtw01 dnsmasq-dhcp[13896]: read /var/lib/neutron/dhcp/46af247b-3a75-4b41-90c2-a9506072f7ee/opts
Aug 27 14:49:46 gtw01 dnsmasq-dhcp[12900]: DHCPRELEASE(tap6de9e94a-21) 192.168.120.8 fa:16:3e:2f:62:74
Aug 27 14:49:46 gtw01 kernel: [ 5853.522666] device tapcce2e06e-93 left promiscuous mode
Aug 27 14:49:46 gtw01 dnsmasq-dhcp[12900]: DHCPRELEASE(tap6de9e94a-21) 192.168.120.8 fa:16:3e:2f:62:74 unknown lease
Aug 27 14:49:47 gtw01 dnsmasq[13896]: read /var/lib/neutron/dhcp/46af247b-3a75-4b41-90c2-a9506072f7ee/addn_hosts - 3 addresses
Aug 27 14:49:47 gtw01 dnsmasq-dhcp[13896]: read /var/lib/neutron/dhcp/46af247b-3a75-4b41-90c2-a9506072f7ee/host
Aug 27 14:49:47 gtw01 dnsmasq-dhcp[13896]: read /var/lib/neutron/dhcp/46af247b-3a75-4b41-90c2-a9506072f7ee/opts
Aug 27 14:49:47 gtw01 dnsmasq[12900]: read /var/lib/neutron/dhcp/44ef10dc-636e-4970-914e-98e5695bd705/addn_hosts - 1 addresses
Aug 27 14:49:47 gtw01 dnsmasq-dhcp[12900]: read /var/lib/neutron/dhcp/44ef10dc-636e-4970-914e-98e5695bd705/host
Aug 27 14:49:47 gtw01 dnsmasq-dhcp[12900]: read /var/lib/neutron/dhcp/44ef10dc-636e-4970-914e-98e5695bd705/opts
Aug 27 14:49:48 gtw01 dnsmasq[13896]: read /var/lib/neutron/dhcp/46af247b-3a75-4b41-90c2-a9506072f7ee/addn_hosts - 3 addresses
Aug 27 14:49:48 gtw01 dnsmasq-dhcp[13896]: read /var/lib/neutron/dhcp/46af247b-3a75-4b41-90c2-a9506072f7ee/host
Aug 27 14:49:48 gtw01 dnsmasq-dhcp[13896]: read /var/lib/neutron/dhcp/46af247b-3a75-4b41-90c2-a9506072f7ee/opts
Aug 27 14:49:49 gtw01 kernel: [ 5856.064117] device tap6de9e94a-21 left promiscuous mode
Aug 27 14:49:49 gtw01 dnsmasq[13896]: read /var/lib/neutron/dhcp/46af247b-3a75-4b41-90c2-a9506072f7ee/addn_hosts - 3 addresses
Aug 27 14:49:49 gtw01 dnsmasq-dhcp[13896]: read /var/lib/neutron/dhcp/46af247b-3a75-4b41-90c2-a9506072f7ee/host
Aug 27 14:49:49 gtw01 dnsmasq-dhcp[13896]: read /var/lib/neutron/dhcp/46af247b-3a75-4b41-90c2-a9506072f7ee/opts
Aug 27 14:49:50 gtw01 dnsmasq[13896]: read /var/lib/neutron/dhcp/46af247b-3a75-4b41-90c2-a9506072f7ee/addn_hosts - 3 addresses
Aug 27 14:49:50 gtw01 dnsmasq-dhcp[13896]: read /var/lib/neutron/dhcp/46af247b-3a75-4b41-90c2-a9506072f7ee/host
Aug 27 14:49:50 gtw01 dnsmasq-dhcp[13896]: read /var/lib/neutron/dhcp/46af247b-3a75-4b41-90c2-a9506072f7ee/opts
Aug 27 14:49:50 gtw01 kernel: [ 5857.231141] device qr-cb600d6a-d4 entered promiscuous mode
Aug 27 14:49:50 gtw01 systemd-udevd[14378]: link_config: autonegotiation is unset or enabled, the speed and duplex are not writable.
Aug 27 14:49:50 gtw01 systemd-udevd[14378]: Could not generate persistent MAC address for qr-cb600d6a-d4: No such file or directory
Aug 27 14:49:51 gtw01 dnsmasq[13896]: read /var/lib/neutron/dhcp/46af247b-3a75-4b41-90c2-a9506072f7ee/addn_hosts - 3 addresses
Aug 27 14:49:51 gtw01 dnsmasq-dhcp[13896]: read /var/lib/neutron/dhcp/46af247b-3a75-4b41-90c2-a9506072f7ee/host
Aug 27 14:49:51 gtw01 dnsmasq-dhcp[13896]: read /var/lib/neutron/dhcp/46af247b-3a75-4b41-90c2-a9506072f7ee/opts
Aug 27 14:49:51 gtw01 dnsmasq-dhcp[11715]: DHCPDISCOVER(tap4cc91876-04) fa:16:3e:c2:c5:77
Aug 27 14:49:51 gtw01 dnsmasq-dhcp[11715]: DHCPOFFER(tap4cc91876-04) 192.168.120.4 fa:16:3e:c2:c5:77
Aug 27 14:49:51 gtw01 dnsmasq-dhcp[11715]: DHCPREQUEST(tap4cc91876-04) 192.168.120.4 fa:16:3e:c2:c5:77
Aug 27 14:49:51 gtw01 dnsmasq-dhcp[11715]: DHCPACK(tap4cc91876-04) 192.168.120.4 fa:16:3e:c2:c5:77 host-192-168-120-4
Aug 27 14:49:52 gtw01 systemd-udevd[14563]: link_config: autonegotiation is unset or enabled, the speed and duplex are not writable.
Aug 27 14:49:52 gtw01 systemd-udevd[14563]: Could not generate persistent MAC address for tap97d29c55-4e: No such file or directory
Aug 27 14:49:52 gtw01 kernel: [ 5859.268154] device tap97d29c55-4e entered promiscuous mode
Aug 27 14:49:52 gtw01 systemd-udevd[14563]: Process '/sbin/ip link set tap97d29c55-4e txqueuelen 10000' failed with exit code 1.
Aug 27 14:49:52 gtw01 systemd-udevd[14563]: Process '/sbin/ip link set tap97d29c55-4e txqueuelen 10000' failed with exit code 1.
Aug 27 14:49:55 gtw01 dnsmasq[14769]: started, version 2.79 cachesize 150
Aug 27 14:49:55 gtw01 dnsmasq[14769]: DNS service limited to local subnets
Aug 27 14:49:55 gtw01 dnsmasq[14769]: compile time options: IPv6 GNU-getopt DBus i18n IDN DHCP DHCPv6 no-Lua TFTP conntrack ipset auth DNSSEC loop-detect inotify
Aug 27 14:49:55 gtw01 dnsmasq[14769]: warning: no upstream servers configured
Aug 27 14:49:55 gtw01 dnsmasq-dhcp[14769]: DHCP, static leases only on 192.168.120.0, lease time 1h
Aug 27 14:49:55 gtw01 dnsmasq[14769]: read /var/lib/neutron/dhcp/d38f7668-f346-4f0d-8902-821d64976d47/addn_hosts - 1 addresses
Aug 27 14:49:55 gtw01 dnsmasq-dhcp[14769]: read /var/lib/neutron/dhcp/d38f7668-f346-4f0d-8902-821d64976d47/host
Aug 27 14:49:55 gtw01 dnsmasq-dhcp[14769]: read /var/lib/neutron/dhcp/d38f7668-f346-4f0d-8902-821d64976d47/opts
Aug 27 14:49:56 gtw01 dnsmasq[14769]: read /var/lib/neutron/dhcp/d38f7668-f346-4f0d-8902-821d64976d47/addn_hosts - 1 addresses
Aug 27 14:49:56 gtw01 dnsmasq-dhcp[14769]: read /var/lib/neutron/dhcp/d38f7668-f346-4f0d-8902-821d64976d47/host
Aug 27 14:49:56 gtw01 dnsmasq-dhcp[14769]: read /var/lib/neutron/dhcp/d38f7668-f346-4f0d-8902-821d64976d47/opts
Aug 27 14:49:56 gtw01 dnsmasq[8956]: read /var/lib/neutron/dhcp/8eba6d4c-898a-49c3-bc67-1588f486504a/addn_hosts - 3 addresses
Aug 27 14:49:56 gtw01 dnsmasq-dhcp[8956]: read /var/lib/neutron/dhcp/8eba6d4c-898a-49c3-bc67-1588f486504a/host
Aug 27 14:49:56 gtw01 dnsmasq-dhcp[8956]: read /var/lib/neutron/dhcp/8eba6d4c-898a-49c3-bc67-1588f486504a/opts
Aug 27 14:49:57 gtw01 dnsmasq[14769]: read /var/lib/neutron/dhcp/d38f7668-f346-4f0d-8902-821d64976d47/addn_hosts - 1 addresses
Aug 27 14:49:57 gtw01 dnsmasq-dhcp[14769]: read /var/lib/neutron/dhcp/d38f7668-f346-4f0d-8902-821d64976d47/host
Aug 27 14:49:57 gtw01 dnsmasq-dhcp[14769]: read /var/lib/neutron/dhcp/d38f7668-f346-4f0d-8902-821d64976d47/opts
Aug 27 14:49:58 gtw01 dnsmasq[8956]: read /var/lib/neutron/dhcp/8eba6d4c-898a-49c3-bc67-1588f486504a/addn_hosts - 3 addresses
Aug 27 14:49:58 gtw01 dnsmasq-dhcp[8956]: read /var/lib/neutron/dhcp/8eba6d4c-898a-49c3-bc67-1588f486504a/host
Aug 27 14:49:58 gtw01 dnsmasq-dhcp[8956]: read /var/lib/neutron/dhcp/8eba6d4c-898a-49c3-bc67-1588f486504a/opts
Aug 27 14:49:58 gtw01 dnsmasq[14769]: read /var/lib/neutron/dhcp/d38f7668-f346-4f0d-8902-821d64976d47/addn_hosts - 2 addresses
Aug 27 14:49:58 gtw01 dnsmasq-dhcp[14769]: read /var/lib/neutron/dhcp/d38f7668-f346-4f0d-8902-821d64976d47/host
Aug 27 14:49:58 gtw01 dnsmasq-dhcp[14769]: read /var/lib/neutron/dhcp/d38f7668-f346-4f0d-8902-821d64976d47/opts
Aug 27 14:49:59 gtw01 dnsmasq[8956]: read /var/lib/neutron/dhcp/8eba6d4c-898a-49c3-bc67-1588f486504a/addn_hosts - 3 addresses
Aug 27 14:49:59 gtw01 dnsmasq-dhcp[8956]: read /var/lib/neutron/dhcp/8eba6d4c-898a-49c3-bc67-1588f486504a/host
Aug 27 14:49:59 gtw01 dnsmasq-dhcp[8956]: read /var/lib/neutron/dhcp/8eba6d4c-898a-49c3-bc67-1588f486504a/opts
Aug 27 14:49:59 gtw01 dnsmasq-dhcp[11715]: DHCPRELEASE(tap4cc91876-04) 192.168.120.4 fa:16:3e:c2:c5:77
Aug 27 14:49:59 gtw01 dnsmasq[14769]: read /var/lib/neutron/dhcp/d38f7668-f346-4f0d-8902-821d64976d47/addn_hosts - 2 addresses
Aug 27 14:49:59 gtw01 dnsmasq-dhcp[14769]: read /var/lib/neutron/dhcp/d38f7668-f346-4f0d-8902-821d64976d47/host
Aug 27 14:49:59 gtw01 dnsmasq-dhcp[14769]: read /var/lib/neutron/dhcp/d38f7668-f346-4f0d-8902-821d64976d47/opts
Aug 27 14:50:00 gtw01 kernel: [ 5867.869084] device tap97d29c55-4e left promiscuous mode
Aug 27 14:50:01 gtw01 dnsmasq-dhcp[13896]: DHCPDISCOVER(tapdb38d53f-9a) fa:16:3e:b7:2d:1b
Aug 27 14:50:01 gtw01 dnsmasq-dhcp[13896]: DHCPOFFER(tapdb38d53f-9a) 192.168.120.4 fa:16:3e:b7:2d:1b
Aug 27 14:50:01 gtw01 dnsmasq-dhcp[13896]: DHCPREQUEST(tapdb38d53f-9a) 192.168.120.4 fa:16:3e:b7:2d:1b
Aug 27 14:50:01 gtw01 dnsmasq-dhcp[13896]: DHCPACK(tapdb38d53f-9a) 192.168.120.4 fa:16:3e:b7:2d:1b host-192-168-120-4
Aug 27 14:50:04 gtw01 systemd-udevd[15017]: link_config: autonegotiation is unset or enabled, the speed and duplex are not writable.
Aug 27 14:50:04 gtw01 systemd-udevd[15017]: Could not generate persistent MAC address for tap2505b39f-72: No such file or directory
Aug 27 14:50:04 gtw01 kernel: [ 5871.340542] device tap2505b39f-72 entered promiscuous mode
Aug 27 14:50:04 gtw01 systemd-udevd[15017]: Process '/sbin/ip link set tap2505b39f-72 txqueuelen 10000' failed with exit code 1.
Aug 27 14:50:04 gtw01 systemd-udevd[15017]: Process '/sbin/ip link set tap2505b39f-72 txqueuelen 10000' failed with exit code 1.
Aug 27 14:50:04 gtw01 dnsmasq-dhcp[13896]: DHCPRELEASE(tapdb38d53f-9a) 192.168.120.4 fa:16:3e:b7:2d:1b
Aug 27 14:50:06 gtw01 dnsmasq[8956]: read /var/lib/neutron/dhcp/8eba6d4c-898a-49c3-bc67-1588f486504a/addn_hosts - 2 addresses
Aug 27 14:50:06 gtw01 dnsmasq-dhcp[8956]: read /var/lib/neutron/dhcp/8eba6d4c-898a-49c3-bc67-1588f486504a/host
Aug 27 14:50:06 gtw01 dnsmasq-dhcp[8956]: read /var/lib/neutron/dhcp/8eba6d4c-898a-49c3-bc67-1588f486504a/opts
Aug 27 14:50:07 gtw01 dnsmasq[15175]: started, version 2.79 cachesize 150
Aug 27 14:50:07 gtw01 dnsmasq[15175]: DNS service limited to local subnets
Aug 27 14:50:07 gtw01 dnsmasq[15175]: compile time options: IPv6 GNU-getopt DBus i18n IDN DHCP DHCPv6 no-Lua TFTP conntrack ipset auth DNSSEC loop-detect inotify
Aug 27 14:50:07 gtw01 dnsmasq[15175]: warning: no upstream servers configured
Aug 27 14:50:07 gtw01 dnsmasq-dhcp[15175]: DHCP, static leases only on 192.168.120.0, lease time 1h
Aug 27 14:50:07 gtw01 dnsmasq[15175]: read /var/lib/neutron/dhcp/36493617-e18a-4ca5-82e6-b7815e1ebb76/addn_hosts - 1 addresses
Aug 27 14:50:07 gtw01 dnsmasq-dhcp[15175]: read /var/lib/neutron/dhcp/36493617-e18a-4ca5-82e6-b7815e1ebb76/host
Aug 27 14:50:07 gtw01 dnsmasq-dhcp[15175]: read /var/lib/neutron/dhcp/36493617-e18a-4ca5-82e6-b7815e1ebb76/opts
Aug 27 14:50:08 gtw01 dnsmasq[15175]: read /var/lib/neutron/dhcp/36493617-e18a-4ca5-82e6-b7815e1ebb76/addn_hosts - 1 addresses
Aug 27 14:50:08 gtw01 dnsmasq-dhcp[15175]: read /var/lib/neutron/dhcp/36493617-e18a-4ca5-82e6-b7815e1ebb76/host
Aug 27 14:50:08 gtw01 dnsmasq-dhcp[15175]: read /var/lib/neutron/dhcp/36493617-e18a-4ca5-82e6-b7815e1ebb76/opts
Aug 27 14:50:09 gtw01 dnsmasq[15175]: read /var/lib/neutron/dhcp/36493617-e18a-4ca5-82e6-b7815e1ebb76/addn_hosts - 1 addresses
Aug 27 14:50:09 gtw01 dnsmasq-dhcp[15175]: read /var/lib/neutron/dhcp/36493617-e18a-4ca5-82e6-b7815e1ebb76/host
Aug 27 14:50:09 gtw01 dnsmasq-dhcp[15175]: read /var/lib/neutron/dhcp/36493617-e18a-4ca5-82e6-b7815e1ebb76/opts
Aug 27 14:50:09 gtw01 dnsmasq[15175]: read /var/lib/neutron/dhcp/36493617-e18a-4ca5-82e6-b7815e1ebb76/addn_hosts - 2 addresses
Aug 27 14:50:09 gtw01 dnsmasq-dhcp[15175]: read /var/lib/neutron/dhcp/36493617-e18a-4ca5-82e6-b7815e1ebb76/host
Aug 27 14:50:09 gtw01 dnsmasq-dhcp[15175]: read /var/lib/neutron/dhcp/36493617-e18a-4ca5-82e6-b7815e1ebb76/opts
Aug 27 14:50:11 gtw01 kernel: [ 5878.231777] device tap2505b39f-72 left promiscuous mode
Aug 27 14:50:16 gtw01 dnsmasq[8956]: read /var/lib/neutron/dhcp/8eba6d4c-898a-49c3-bc67-1588f486504a/addn_hosts - 3 addresses
Aug 27 14:50:16 gtw01 dnsmasq-dhcp[8956]: read /var/lib/neutron/dhcp/8eba6d4c-898a-49c3-bc67-1588f486504a/host
Aug 27 14:50:16 gtw01 dnsmasq-dhcp[8956]: read /var/lib/neutron/dhcp/8eba6d4c-898a-49c3-bc67-1588f486504a/opts
Aug 27 14:50:16 gtw01 dnsmasq-dhcp[11715]: DHCPDISCOVER(tap4cc91876-04) fa:16:3e:c2:c5:77
Aug 27 14:50:16 gtw01 dnsmasq-dhcp[11715]: DHCPOFFER(tap4cc91876-04) 192.168.120.4 fa:16:3e:c2:c5:77
Aug 27 14:50:16 gtw01 dnsmasq-dhcp[11715]: DHCPREQUEST(tap4cc91876-04) 192.168.120.4 fa:16:3e:c2:c5:77
Aug 27 14:50:16 gtw01 dnsmasq-dhcp[11715]: DHCPACK(tap4cc91876-04) 192.168.120.4 fa:16:3e:c2:c5:77 host-192-168-120-4
Aug 27 14:50:17 gtw01 dnsmasq[8956]: read /var/lib/neutron/dhcp/8eba6d4c-898a-49c3-bc67-1588f486504a/addn_hosts - 3 addresses
Aug 27 14:50:17 gtw01 dnsmasq-dhcp[8956]: read /var/lib/neutron/dhcp/8eba6d4c-898a-49c3-bc67-1588f486504a/host
Aug 27 14:50:17 gtw01 dnsmasq-dhcp[8956]: read /var/lib/neutron/dhcp/8eba6d4c-898a-49c3-bc67-1588f486504a/opts
Aug 27 14:50:18 gtw01 dnsmasq[8956]: read /var/lib/neutron/dhcp/8eba6d4c-898a-49c3-bc67-1588f486504a/addn_hosts - 3 addresses
Aug 27 14:50:18 gtw01 dnsmasq-dhcp[8956]: read /var/lib/neutron/dhcp/8eba6d4c-898a-49c3-bc67-1588f486504a/host
Aug 27 14:50:18 gtw01 dnsmasq-dhcp[8956]: read /var/lib/neutron/dhcp/8eba6d4c-898a-49c3-bc67-1588f486504a/opts
Aug 27 14:50:20 gtw01 kernel: [ 5887.598991] device tap298b8fb5-2a entered promiscuous mode
Aug 27 14:50:20 gtw01 systemd-udevd[15349]: link_config: autonegotiation is unset or enabled, the speed and duplex are not writable.
Aug 27 14:50:20 gtw01 systemd-udevd[15349]: Could not generate persistent MAC address for tap298b8fb5-2a: No such file or directory
Aug 27 14:50:20 gtw01 systemd-udevd[15349]: Process '/sbin/ip link set tap298b8fb5-2a txqueuelen 10000' failed with exit code 1.
Aug 27 14:50:20 gtw01 systemd-udevd[15349]: Process '/sbin/ip link set tap298b8fb5-2a txqueuelen 10000' failed with exit code 1.
Aug 27 14:50:21 gtw01 dnsmasq-dhcp[13896]: DHCPDISCOVER(tapdb38d53f-9a) fa:16:3e:b7:2d:1b
Aug 27 14:50:21 gtw01 dnsmasq-dhcp[13896]: DHCPOFFER(tapdb38d53f-9a) 192.168.120.4 fa:16:3e:b7:2d:1b
Aug 27 14:50:21 gtw01 dnsmasq-dhcp[13896]: DHCPREQUEST(tapdb38d53f-9a) 192.168.120.4 fa:16:3e:b7:2d:1b
Aug 27 14:50:21 gtw01 dnsmasq-dhcp[13896]: DHCPACK(tapdb38d53f-9a) 192.168.120.4 fa:16:3e:b7:2d:1b host-192-168-120-4
Aug 27 14:50:23 gtw01 dnsmasq[15497]: started, version 2.79 cachesize 150
Aug 27 14:50:23 gtw01 dnsmasq[15497]: DNS service limited to local subnets
Aug 27 14:50:23 gtw01 dnsmasq[15497]: compile time options: IPv6 GNU-getopt DBus i18n IDN DHCP DHCPv6 no-Lua TFTP conntrack ipset auth DNSSEC loop-detect inotify
Aug 27 14:50:23 gtw01 dnsmasq[15497]: warning: no upstream servers configured
Aug 27 14:50:23 gtw01 dnsmasq-dhcp[15497]: DHCP, static leases only on 192.168.120.0, lease time 1h
Aug 27 14:50:23 gtw01 dnsmasq[15497]: read /var/lib/neutron/dhcp/1334f323-e333-429d-8846-c593e417bd8b/addn_hosts - 1 addresses
Aug 27 14:50:23 gtw01 dnsmasq-dhcp[15497]: read /var/lib/neutron/dhcp/1334f323-e333-429d-8846-c593e417bd8b/host
Aug 27 14:50:23 gtw01 dnsmasq-dhcp[15497]: read /var/lib/neutron/dhcp/1334f323-e333-429d-8846-c593e417bd8b/opts
Aug 27 14:50:24 gtw01 dnsmasq[8956]: read /var/lib/neutron/dhcp/8eba6d4c-898a-49c3-bc67-1588f486504a/addn_hosts - 2 addresses
Aug 27 14:50:24 gtw01 dnsmasq-dhcp[8956]: read /var/lib/neutron/dhcp/8eba6d4c-898a-49c3-bc67-1588f486504a/host
Aug 27 14:50:24 gtw01 dnsmasq-dhcp[8956]: read /var/lib/neutron/dhcp/8eba6d4c-898a-49c3-bc67-1588f486504a/opts
Aug 27 14:50:24 gtw01 kernel: [ 5891.795968] device tapaf68273a-56 entered promiscuous mode
Aug 27 14:50:24 gtw01 systemd-udevd[15547]: link_config: autonegotiation is unset or enabled, the speed and duplex are not writable.
Aug 27 14:50:24 gtw01 systemd-udevd[15547]: Could not generate persistent MAC address for tapaf68273a-56: No such file or directory
Aug 27 14:50:24 gtw01 systemd-udevd[15547]: Process '/sbin/ip link set tapaf68273a-56 txqueuelen 10000' failed with exit code 1.
Aug 27 14:50:25 gtw01 systemd-udevd[15547]: Process '/sbin/ip link set tapaf68273a-56 txqueuelen 10000' failed with exit code 1.
Aug 27 14:50:25 gtw01 dnsmasq[15497]: read /var/lib/neutron/dhcp/1334f323-e333-429d-8846-c593e417bd8b/addn_hosts - 2 addresses
Aug 27 14:50:25 gtw01 dnsmasq-dhcp[15497]: read /var/lib/neutron/dhcp/1334f323-e333-429d-8846-c593e417bd8b/host
Aug 27 14:50:25 gtw01 dnsmasq-dhcp[15497]: read /var/lib/neutron/dhcp/1334f323-e333-429d-8846-c593e417bd8b/opts
Aug 27 14:50:25 gtw01 kernel: [ 5892.381201] device qr-2d0156c8-f3 entered promiscuous mode
Aug 27 14:50:25 gtw01 systemd-udevd[15661]: link_config: autonegotiation is unset or enabled, the speed and duplex are not writable.
Aug 27 14:50:25 gtw01 systemd-udevd[15661]: Could not generate persistent MAC address for qr-2d0156c8-f3: No such file or directory
Aug 27 14:50:25 gtw01 dnsmasq-dhcp[11715]: DHCPRELEASE(tap4cc91876-04) 192.168.120.4 fa:16:3e:c2:c5:77
Aug 27 14:50:25 gtw01 dnsmasq-dhcp[11715]: DHCPRELEASE(tap4cc91876-04) 192.168.120.4 fa:16:3e:c2:c5:77 unknown lease
Aug 27 14:50:26 gtw01 dnsmasq[15497]: read /var/lib/neutron/dhcp/1334f323-e333-429d-8846-c593e417bd8b/addn_hosts - 2 addresses
Aug 27 14:50:26 gtw01 dnsmasq-dhcp[15497]: read /var/lib/neutron/dhcp/1334f323-e333-429d-8846-c593e417bd8b/host
Aug 27 14:50:26 gtw01 dnsmasq-dhcp[15497]: read /var/lib/neutron/dhcp/1334f323-e333-429d-8846-c593e417bd8b/opts
Aug 27 14:50:26 gtw01 dnsmasq[11715]: read /var/lib/neutron/dhcp/fb340184-c5ad-4de8-ad8c-502cd891875e/addn_hosts - 2 addresses
Aug 27 14:50:26 gtw01 dnsmasq-dhcp[11715]: read /var/lib/neutron/dhcp/fb340184-c5ad-4de8-ad8c-502cd891875e/host
Aug 27 14:50:26 gtw01 dnsmasq-dhcp[11715]: read /var/lib/neutron/dhcp/fb340184-c5ad-4de8-ad8c-502cd891875e/opts
Aug 27 14:50:27 gtw01 dnsmasq[15497]: read /var/lib/neutron/dhcp/1334f323-e333-429d-8846-c593e417bd8b/addn_hosts - 2 addresses
Aug 27 14:50:27 gtw01 dnsmasq-dhcp[15497]: read /var/lib/neutron/dhcp/1334f323-e333-429d-8846-c593e417bd8b/host
Aug 27 14:50:27 gtw01 dnsmasq-dhcp[15497]: read /var/lib/neutron/dhcp/1334f323-e333-429d-8846-c593e417bd8b/opts
Aug 27 14:50:28 gtw01 dnsmasq[15932]: started, version 2.79 cachesize 150
Aug 27 14:50:28 gtw01 dnsmasq[15932]: DNS service limited to local subnets
Aug 27 14:50:28 gtw01 dnsmasq[15932]: compile time options: IPv6 GNU-getopt DBus i18n IDN DHCP DHCPv6 no-Lua TFTP conntrack ipset auth DNSSEC loop-detect inotify
Aug 27 14:50:28 gtw01 dnsmasq[15932]: warning: no upstream servers configured
Aug 27 14:50:28 gtw01 dnsmasq-dhcp[15932]: DHCP, static leases only on 192.168.121.0, lease time 1h
Aug 27 14:50:28 gtw01 dnsmasq[15932]: read /var/lib/neutron/dhcp/6cee63f4-8142-4378-8173-d426678003b7/addn_hosts - 1 addresses
Aug 27 14:50:28 gtw01 dnsmasq-dhcp[15932]: read /var/lib/neutron/dhcp/6cee63f4-8142-4378-8173-d426678003b7/host
Aug 27 14:50:28 gtw01 dnsmasq-dhcp[15932]: read /var/lib/neutron/dhcp/6cee63f4-8142-4378-8173-d426678003b7/opts
Aug 27 14:50:28 gtw01 dnsmasq[15497]: read /var/lib/neutron/dhcp/1334f323-e333-429d-8846-c593e417bd8b/addn_hosts - 2 addresses
Aug 27 14:50:28 gtw01 dnsmasq-dhcp[15497]: read /var/lib/neutron/dhcp/1334f323-e333-429d-8846-c593e417bd8b/host
Aug 27 14:50:28 gtw01 dnsmasq-dhcp[15497]: read /var/lib/neutron/dhcp/1334f323-e333-429d-8846-c593e417bd8b/opts
Aug 27 14:50:29 gtw01 dnsmasq[8956]: read /var/lib/neutron/dhcp/8eba6d4c-898a-49c3-bc67-1588f486504a/addn_hosts - 3 addresses
Aug 27 14:50:29 gtw01 dnsmasq-dhcp[8956]: read /var/lib/neutron/dhcp/8eba6d4c-898a-49c3-bc67-1588f486504a/host
Aug 27 14:50:29 gtw01 dnsmasq-dhcp[8956]: read /var/lib/neutron/dhcp/8eba6d4c-898a-49c3-bc67-1588f486504a/opts
Aug 27 14:50:29 gtw01 dnsmasq[15932]: read /var/lib/neutron/dhcp/6cee63f4-8142-4378-8173-d426678003b7/addn_hosts - 2 addresses
Aug 27 14:50:29 gtw01 dnsmasq-dhcp[15932]: read /var/lib/neutron/dhcp/6cee63f4-8142-4378-8173-d426678003b7/host
Aug 27 14:50:29 gtw01 dnsmasq-dhcp[15932]: read /var/lib/neutron/dhcp/6cee63f4-8142-4378-8173-d426678003b7/opts
Aug 27 14:50:29 gtw01 dnsmasq[15497]: read /var/lib/neutron/dhcp/1334f323-e333-429d-8846-c593e417bd8b/addn_hosts - 2 addresses
Aug 27 14:50:29 gtw01 dnsmasq-dhcp[15497]: read /var/lib/neutron/dhcp/1334f323-e333-429d-8846-c593e417bd8b/host
Aug 27 14:50:29 gtw01 dnsmasq-dhcp[15497]: read /var/lib/neutron/dhcp/1334f323-e333-429d-8846-c593e417bd8b/opts
Aug 27 14:50:30 gtw01 dnsmasq[8956]: read /var/lib/neutron/dhcp/8eba6d4c-898a-49c3-bc67-1588f486504a/addn_hosts - 3 addresses
Aug 27 14:50:30 gtw01 dnsmasq-dhcp[8956]: read /var/lib/neutron/dhcp/8eba6d4c-898a-49c3-bc67-1588f486504a/host
Aug 27 14:50:30 gtw01 dnsmasq-dhcp[8956]: read /var/lib/neutron/dhcp/8eba6d4c-898a-49c3-bc67-1588f486504a/opts
Aug 27 14:50:30 gtw01 dnsmasq[15497]: read /var/lib/neutron/dhcp/1334f323-e333-429d-8846-c593e417bd8b/addn_hosts - 2 addresses
Aug 27 14:50:30 gtw01 dnsmasq-dhcp[15497]: read /var/lib/neutron/dhcp/1334f323-e333-429d-8846-c593e417bd8b/host
Aug 27 14:50:30 gtw01 dnsmasq-dhcp[15497]: read /var/lib/neutron/dhcp/1334f323-e333-429d-8846-c593e417bd8b/opts
Aug 27 14:50:30 gtw01 dnsmasq[15932]: read /var/lib/neutron/dhcp/6cee63f4-8142-4378-8173-d426678003b7/addn_hosts - 2 addresses
Aug 27 14:50:30 gtw01 dnsmasq-dhcp[15932]: read /var/lib/neutron/dhcp/6cee63f4-8142-4378-8173-d426678003b7/host
Aug 27 14:50:30 gtw01 dnsmasq-dhcp[15932]: read /var/lib/neutron/dhcp/6cee63f4-8142-4378-8173-d426678003b7/opts
Aug 27 14:50:31 gtw01 dnsmasq[8956]: read /var/lib/neutron/dhcp/8eba6d4c-898a-49c3-bc67-1588f486504a/addn_hosts - 3 addresses
Aug 27 14:50:31 gtw01 dnsmasq-dhcp[8956]: read /var/lib/neutron/dhcp/8eba6d4c-898a-49c3-bc67-1588f486504a/host
Aug 27 14:50:31 gtw01 dnsmasq-dhcp[8956]: read /var/lib/neutron/dhcp/8eba6d4c-898a-49c3-bc67-1588f486504a/opts
Aug 27 14:50:31 gtw01 dnsmasq[15497]: read /var/lib/neutron/dhcp/1334f323-e333-429d-8846-c593e417bd8b/addn_hosts - 2 addresses
Aug 27 14:50:31 gtw01 dnsmasq-dhcp[15497]: read /var/lib/neutron/dhcp/1334f323-e333-429d-8846-c593e417bd8b/host
Aug 27 14:50:31 gtw01 dnsmasq-dhcp[15497]: read /var/lib/neutron/dhcp/1334f323-e333-429d-8846-c593e417bd8b/opts
Aug 27 14:50:32 gtw01 dnsmasq[15932]: read /var/lib/neutron/dhcp/6cee63f4-8142-4378-8173-d426678003b7/addn_hosts - 2 addresses
Aug 27 14:50:32 gtw01 dnsmasq-dhcp[15932]: read /var/lib/neutron/dhcp/6cee63f4-8142-4378-8173-d426678003b7/host
Aug 27 14:50:32 gtw01 dnsmasq-dhcp[15932]: read /var/lib/neutron/dhcp/6cee63f4-8142-4378-8173-d426678003b7/opts
Aug 27 14:50:32 gtw01 kernel: [ 5899.338576] device tapf717b302-40 entered promiscuous mode
Aug 27 14:50:32 gtw01 systemd-udevd[16166]: link_config: autonegotiation is unset or enabled, the speed and duplex are not writable.
Aug 27 14:50:32 gtw01 systemd-udevd[16166]: Could not generate persistent MAC address for tapf717b302-40: No such file or directory
Aug 27 14:50:32 gtw01 systemd-udevd[16166]: Process '/sbin/ip link set tapf717b302-40 txqueuelen 10000' failed with exit code 1.
Aug 27 14:50:32 gtw01 kernel: [ 5899.483945] device vxlan_sys_4789 left promiscuous mode
Aug 27 14:50:32 gtw01 systemd-udevd[16231]: Process '/sbin/ip link set tapf717b302-40 txqueuelen 10000' failed with exit code 1.
Aug 27 14:50:33 gtw01 dnsmasq[15932]: read /var/lib/neutron/dhcp/6cee63f4-8142-4378-8173-d426678003b7/addn_hosts - 2 addresses
Aug 27 14:50:33 gtw01 dnsmasq-dhcp[15932]: read /var/lib/neutron/dhcp/6cee63f4-8142-4378-8173-d426678003b7/host
Aug 27 14:50:33 gtw01 dnsmasq-dhcp[15932]: read /var/lib/neutron/dhcp/6cee63f4-8142-4378-8173-d426678003b7/opts
Aug 27 14:50:33 gtw01 kernel: [ 5900.935631] device qr-13c2b050-d8 entered promiscuous mode
Aug 27 14:50:33 gtw01 systemd-udevd[16306]: link_config: autonegotiation is unset or enabled, the speed and duplex are not writable.
Aug 27 14:50:33 gtw01 systemd-udevd[16306]: Could not generate persistent MAC address for qr-13c2b050-d8: No such file or directory
Aug 27 14:50:34 gtw01 dnsmasq[15932]: read /var/lib/neutron/dhcp/6cee63f4-8142-4378-8173-d426678003b7/addn_hosts - 2 addresses
Aug 27 14:50:34 gtw01 dnsmasq-dhcp[15932]: read /var/lib/neutron/dhcp/6cee63f4-8142-4378-8173-d426678003b7/host
Aug 27 14:50:34 gtw01 dnsmasq-dhcp[15932]: read /var/lib/neutron/dhcp/6cee63f4-8142-4378-8173-d426678003b7/opts
Aug 27 14:50:34 gtw01 systemd-udevd[16420]: link_config: autonegotiation is unset or enabled, the speed and duplex are not writable.
Aug 27 14:50:34 gtw01 systemd-udevd[16420]: Could not generate persistent MAC address for qr-df38948d-aa: No such file or directory
Aug 27 14:50:34 gtw01 kernel: [ 5901.697476] device qr-df38948d-aa entered promiscuous mode
Aug 27 14:50:34 gtw01 systemd-udevd[16502]: link_config: autonegotiation is unset or enabled, the speed and duplex are not writable.
Aug 27 14:50:34 gtw01 systemd-udevd[16502]: Could not generate persistent MAC address for vxlan_sys_4789: No such file or directory
Aug 27 14:50:34 gtw01 kernel: [ 5901.861039] device vxlan_sys_4789 entered promiscuous mode
Aug 27 14:50:35 gtw01 kernel: [ 5901.997558] IPv4: martian source 192.168.121.1 from 192.168.121.1, on dev qr-df38948d-aa
Aug 27 14:50:35 gtw01 kernel: [ 5901.997562] ll header: 00000000: ff ff ff ff ff ff fa 16 3e e0 f5 07 08 06        ........>.....
Aug 27 14:50:35 gtw01 dnsmasq[15932]: read /var/lib/neutron/dhcp/6cee63f4-8142-4378-8173-d426678003b7/addn_hosts - 2 addresses
Aug 27 14:50:35 gtw01 dnsmasq-dhcp[15932]: read /var/lib/neutron/dhcp/6cee63f4-8142-4378-8173-d426678003b7/host
Aug 27 14:50:35 gtw01 dnsmasq-dhcp[15932]: read /var/lib/neutron/dhcp/6cee63f4-8142-4378-8173-d426678003b7/opts
Aug 27 14:50:35 gtw01 dnsmasq[16614]: started, version 2.79 cachesize 150
Aug 27 14:50:35 gtw01 dnsmasq[16614]: DNS service limited to local subnets
Aug 27 14:50:35 gtw01 dnsmasq[16614]: compile time options: IPv6 GNU-getopt DBus i18n IDN DHCP DHCPv6 no-Lua TFTP conntrack ipset auth DNSSEC loop-detect inotify
Aug 27 14:50:35 gtw01 dnsmasq[16614]: warning: no upstream servers configured
Aug 27 14:50:35 gtw01 dnsmasq-dhcp[16614]: DHCP, static leases only on 192.168.122.0, lease time 1h
Aug 27 14:50:35 gtw01 dnsmasq[16614]: read /var/lib/neutron/dhcp/08cd7c6b-8708-42a4-bcec-effe1bb608c2/addn_hosts - 1 addresses
Aug 27 14:50:35 gtw01 dnsmasq-dhcp[16614]: read /var/lib/neutron/dhcp/08cd7c6b-8708-42a4-bcec-effe1bb608c2/host
Aug 27 14:50:35 gtw01 dnsmasq-dhcp[16614]: read /var/lib/neutron/dhcp/08cd7c6b-8708-42a4-bcec-effe1bb608c2/opts
Aug 27 14:50:35 gtw01 kernel: [ 5902.877359] IPv4: martian source 192.168.122.1 from 192.168.122.1, on dev qr-13c2b050-d8
Aug 27 14:50:35 gtw01 kernel: [ 5902.877362] ll header: 00000000: ff ff ff ff ff ff fa 16 3e 00 57 c2 08 06        ........>.W...
Aug 27 14:50:36 gtw01 dnsmasq[15932]: read /var/lib/neutron/dhcp/6cee63f4-8142-4378-8173-d426678003b7/addn_hosts - 2 addresses
Aug 27 14:50:36 gtw01 dnsmasq-dhcp[15932]: read /var/lib/neutron/dhcp/6cee63f4-8142-4378-8173-d426678003b7/host
Aug 27 14:50:36 gtw01 dnsmasq-dhcp[15932]: read /var/lib/neutron/dhcp/6cee63f4-8142-4378-8173-d426678003b7/opts
Aug 27 14:50:36 gtw01 dnsmasq[11715]: read /var/lib/neutron/dhcp/fb340184-c5ad-4de8-ad8c-502cd891875e/addn_hosts - 3 addresses
Aug 27 14:50:36 gtw01 dnsmasq-dhcp[11715]: read /var/lib/neutron/dhcp/fb340184-c5ad-4de8-ad8c-502cd891875e/host
Aug 27 14:50:36 gtw01 dnsmasq-dhcp[11715]: read /var/lib/neutron/dhcp/fb340184-c5ad-4de8-ad8c-502cd891875e/opts
Aug 27 14:50:36 gtw01 dnsmasq[16614]: read /var/lib/neutron/dhcp/08cd7c6b-8708-42a4-bcec-effe1bb608c2/addn_hosts - 2 addresses
Aug 27 14:50:36 gtw01 dnsmasq-dhcp[16614]: read /var/lib/neutron/dhcp/08cd7c6b-8708-42a4-bcec-effe1bb608c2/host
Aug 27 14:50:36 gtw01 dnsmasq-dhcp[16614]: read /var/lib/neutron/dhcp/08cd7c6b-8708-42a4-bcec-effe1bb608c2/opts
Aug 27 14:50:37 gtw01 systemd-udevd[16720]: link_config: autonegotiation is unset or enabled, the speed and duplex are not writable.
Aug 27 14:50:37 gtw01 systemd-udevd[16720]: Could not generate persistent MAC address for tap8c364af1-ea: No such file or directory
Aug 27 14:50:37 gtw01 kernel: [ 5904.341649] device tap8c364af1-ea entered promiscuous mode
Aug 27 14:50:37 gtw01 systemd-udevd[16720]: Process '/sbin/ip link set tap8c364af1-ea txqueuelen 10000' failed with exit code 1.
Aug 27 14:50:37 gtw01 systemd-udevd[16720]: Process '/sbin/ip link set tap8c364af1-ea txqueuelen 10000' failed with exit code 1.
Aug 27 14:50:37 gtw01 dnsmasq[11715]: read /var/lib/neutron/dhcp/fb340184-c5ad-4de8-ad8c-502cd891875e/addn_hosts - 3 addresses
Aug 27 14:50:37 gtw01 dnsmasq-dhcp[11715]: read /var/lib/neutron/dhcp/fb340184-c5ad-4de8-ad8c-502cd891875e/host
Aug 27 14:50:37 gtw01 dnsmasq-dhcp[11715]: read /var/lib/neutron/dhcp/fb340184-c5ad-4de8-ad8c-502cd891875e/opts
Aug 27 14:50:37 gtw01 dnsmasq[16614]: read /var/lib/neutron/dhcp/08cd7c6b-8708-42a4-bcec-effe1bb608c2/addn_hosts - 2 addresses
Aug 27 14:50:37 gtw01 dnsmasq-dhcp[16614]: read /var/lib/neutron/dhcp/08cd7c6b-8708-42a4-bcec-effe1bb608c2/host
Aug 27 14:50:37 gtw01 dnsmasq-dhcp[16614]: read /var/lib/neutron/dhcp/08cd7c6b-8708-42a4-bcec-effe1bb608c2/opts
Aug 27 14:50:38 gtw01 dnsmasq[11715]: read /var/lib/neutron/dhcp/fb340184-c5ad-4de8-ad8c-502cd891875e/addn_hosts - 3 addresses
Aug 27 14:50:38 gtw01 dnsmasq-dhcp[11715]: read /var/lib/neutron/dhcp/fb340184-c5ad-4de8-ad8c-502cd891875e/host
Aug 27 14:50:38 gtw01 dnsmasq-dhcp[11715]: read /var/lib/neutron/dhcp/fb340184-c5ad-4de8-ad8c-502cd891875e/opts
Aug 27 14:50:38 gtw01 dnsmasq[16614]: read /var/lib/neutron/dhcp/08cd7c6b-8708-42a4-bcec-effe1bb608c2/addn_hosts - 2 addresses
Aug 27 14:50:38 gtw01 dnsmasq-dhcp[16614]: read /var/lib/neutron/dhcp/08cd7c6b-8708-42a4-bcec-effe1bb608c2/host
Aug 27 14:50:38 gtw01 dnsmasq-dhcp[16614]: read /var/lib/neutron/dhcp/08cd7c6b-8708-42a4-bcec-effe1bb608c2/opts
Aug 27 14:50:39 gtw01 dnsmasq[16614]: read /var/lib/neutron/dhcp/08cd7c6b-8708-42a4-bcec-effe1bb608c2/addn_hosts - 2 addresses
Aug 27 14:50:39 gtw01 dnsmasq-dhcp[16614]: read /var/lib/neutron/dhcp/08cd7c6b-8708-42a4-bcec-effe1bb608c2/host
Aug 27 14:50:39 gtw01 dnsmasq-dhcp[16614]: read /var/lib/neutron/dhcp/08cd7c6b-8708-42a4-bcec-effe1bb608c2/opts
Aug 27 14:50:40 gtw01 systemd-udevd[16954]: link_config: autonegotiation is unset or enabled, the speed and duplex are not writable.
Aug 27 14:50:40 gtw01 systemd-udevd[16954]: Could not generate persistent MAC address for qr-419f6ba5-e0: No such file or directory
Aug 27 14:50:40 gtw01 kernel: [ 5907.409975] device qr-419f6ba5-e0 entered promiscuous mode
Aug 27 14:50:40 gtw01 dnsmasq[16614]: read /var/lib/neutron/dhcp/08cd7c6b-8708-42a4-bcec-effe1bb608c2/addn_hosts - 2 addresses
Aug 27 14:50:40 gtw01 dnsmasq-dhcp[16614]: read /var/lib/neutron/dhcp/08cd7c6b-8708-42a4-bcec-effe1bb608c2/host
Aug 27 14:50:40 gtw01 dnsmasq-dhcp[16614]: read /var/lib/neutron/dhcp/08cd7c6b-8708-42a4-bcec-effe1bb608c2/opts
Aug 27 14:50:40 gtw01 dnsmasq[17041]: started, version 2.79 cachesize 150
Aug 27 14:50:40 gtw01 dnsmasq[17041]: DNS service limited to local subnets
Aug 27 14:50:40 gtw01 dnsmasq[17041]: compile time options: IPv6 GNU-getopt DBus i18n IDN DHCP DHCPv6 no-Lua TFTP conntrack ipset auth DNSSEC loop-detect inotify
Aug 27 14:50:40 gtw01 dnsmasq[17041]: warning: no upstream servers configured
Aug 27 14:50:40 gtw01 dnsmasq-dhcp[17041]: DHCP, static leases only on 192.168.123.0, lease time 1h
Aug 27 14:50:40 gtw01 dnsmasq[17041]: read /var/lib/neutron/dhcp/a3a84539-f7e6-4b50-a18e-5720d13c8a5c/addn_hosts - 1 addresses
Aug 27 14:50:40 gtw01 dnsmasq-dhcp[17041]: read /var/lib/neutron/dhcp/a3a84539-f7e6-4b50-a18e-5720d13c8a5c/host
Aug 27 14:50:40 gtw01 dnsmasq-dhcp[17041]: read /var/lib/neutron/dhcp/a3a84539-f7e6-4b50-a18e-5720d13c8a5c/opts
Aug 27 14:50:41 gtw01 kernel: [ 5908.237365] IPv4: martian source 192.168.122.1 from 192.168.122.1, on dev qr-419f6ba5-e0
Aug 27 14:50:41 gtw01 kernel: [ 5908.237368] ll header: 00000000: ff ff ff ff ff ff fa 16 3e 00 57 c2 08 06        ........>.W...
Aug 27 14:50:41 gtw01 kernel: [ 5908.617742] IPv4: martian source 192.168.123.1 from 192.168.123.1, on dev qr-df38948d-aa
Aug 27 14:50:41 gtw01 kernel: [ 5908.617746] ll header: 00000000: ff ff ff ff ff ff fa 16 3e e7 b4 c0 08 06        ........>.....
Aug 27 14:50:41 gtw01 dnsmasq[16614]: read /var/lib/neutron/dhcp/08cd7c6b-8708-42a4-bcec-effe1bb608c2/addn_hosts - 2 addresses
Aug 27 14:50:41 gtw01 dnsmasq-dhcp[16614]: read /var/lib/neutron/dhcp/08cd7c6b-8708-42a4-bcec-effe1bb608c2/host
Aug 27 14:50:41 gtw01 dnsmasq-dhcp[16614]: read /var/lib/neutron/dhcp/08cd7c6b-8708-42a4-bcec-effe1bb608c2/opts
Aug 27 14:50:41 gtw01 dnsmasq[17041]: read /var/lib/neutron/dhcp/a3a84539-f7e6-4b50-a18e-5720d13c8a5c/addn_hosts - 2 addresses
Aug 27 14:50:41 gtw01 dnsmasq-dhcp[17041]: read /var/lib/neutron/dhcp/a3a84539-f7e6-4b50-a18e-5720d13c8a5c/host
Aug 27 14:50:41 gtw01 dnsmasq-dhcp[17041]: read /var/lib/neutron/dhcp/a3a84539-f7e6-4b50-a18e-5720d13c8a5c/opts
Aug 27 14:50:42 gtw01 dnsmasq-dhcp[13896]: DHCPDISCOVER(tapdb38d53f-9a) fa:16:3e:b7:2d:1b
Aug 27 14:50:42 gtw01 dnsmasq-dhcp[13896]: DHCPOFFER(tapdb38d53f-9a) 192.168.120.4 fa:16:3e:b7:2d:1b
Aug 27 14:50:42 gtw01 dnsmasq-dhcp[13896]: DHCPREQUEST(tapdb38d53f-9a) 192.168.120.4 fa:16:3e:b7:2d:1b
Aug 27 14:50:42 gtw01 dnsmasq-dhcp[13896]: DHCPACK(tapdb38d53f-9a) 192.168.120.4 fa:16:3e:b7:2d:1b host-192-168-120-4
Aug 27 14:50:42 gtw01 dnsmasq[16614]: read /var/lib/neutron/dhcp/08cd7c6b-8708-42a4-bcec-effe1bb608c2/addn_hosts - 2 addresses
Aug 27 14:50:42 gtw01 dnsmasq-dhcp[16614]: read /var/lib/neutron/dhcp/08cd7c6b-8708-42a4-bcec-effe1bb608c2/host
Aug 27 14:50:42 gtw01 dnsmasq-dhcp[16614]: read /var/lib/neutron/dhcp/08cd7c6b-8708-42a4-bcec-effe1bb608c2/opts
Aug 27 14:50:43 gtw01 dnsmasq[17041]: read /var/lib/neutron/dhcp/a3a84539-f7e6-4b50-a18e-5720d13c8a5c/addn_hosts - 2 addresses
Aug 27 14:50:43 gtw01 dnsmasq-dhcp[17041]: read /var/lib/neutron/dhcp/a3a84539-f7e6-4b50-a18e-5720d13c8a5c/host
Aug 27 14:50:43 gtw01 dnsmasq-dhcp[17041]: read /var/lib/neutron/dhcp/a3a84539-f7e6-4b50-a18e-5720d13c8a5c/opts
Aug 27 14:50:43 gtw01 dnsmasq[8956]: read /var/lib/neutron/dhcp/8eba6d4c-898a-49c3-bc67-1588f486504a/addn_hosts - 4 addresses
Aug 27 14:50:43 gtw01 dnsmasq-dhcp[8956]: read /var/lib/neutron/dhcp/8eba6d4c-898a-49c3-bc67-1588f486504a/host
Aug 27 14:50:43 gtw01 dnsmasq-dhcp[8956]: read /var/lib/neutron/dhcp/8eba6d4c-898a-49c3-bc67-1588f486504a/opts
Aug 27 14:50:44 gtw01 dnsmasq[17041]: read /var/lib/neutron/dhcp/a3a84539-f7e6-4b50-a18e-5720d13c8a5c/addn_hosts - 2 addresses
Aug 27 14:50:44 gtw01 dnsmasq-dhcp[17041]: read /var/lib/neutron/dhcp/a3a84539-f7e6-4b50-a18e-5720d13c8a5c/host
Aug 27 14:50:44 gtw01 dnsmasq-dhcp[17041]: read /var/lib/neutron/dhcp/a3a84539-f7e6-4b50-a18e-5720d13c8a5c/opts
Aug 27 14:50:44 gtw01 kernel: [ 5911.301392] IPv4: martian source 192.168.123.1 from 192.168.123.1, on dev qr-df38948d-aa
Aug 27 14:50:44 gtw01 kernel: [ 5911.301395] ll header: 00000000: ff ff ff ff ff ff fa 16 3e e7 b4 c0 08 06        ........>.....
Aug 27 14:50:44 gtw01 dnsmasq[8956]: read /var/lib/neutron/dhcp/8eba6d4c-898a-49c3-bc67-1588f486504a/addn_hosts - 4 addresses
Aug 27 14:50:44 gtw01 dnsmasq-dhcp[8956]: read /var/lib/neutron/dhcp/8eba6d4c-898a-49c3-bc67-1588f486504a/host
Aug 27 14:50:44 gtw01 dnsmasq-dhcp[8956]: read /var/lib/neutron/dhcp/8eba6d4c-898a-49c3-bc67-1588f486504a/opts
Aug 27 14:50:45 gtw01 dnsmasq[17041]: read /var/lib/neutron/dhcp/a3a84539-f7e6-4b50-a18e-5720d13c8a5c/addn_hosts - 2 addresses
Aug 27 14:50:45 gtw01 dnsmasq-dhcp[17041]: read /var/lib/neutron/dhcp/a3a84539-f7e6-4b50-a18e-5720d13c8a5c/host
Aug 27 14:50:45 gtw01 dnsmasq-dhcp[17041]: read /var/lib/neutron/dhcp/a3a84539-f7e6-4b50-a18e-5720d13c8a5c/opts
Aug 27 14:50:45 gtw01 kernel: [ 5912.679989] device qr-419f6ba5-e0 left promiscuous mode
Aug 27 14:50:45 gtw01 dnsmasq[8956]: read /var/lib/neutron/dhcp/8eba6d4c-898a-49c3-bc67-1588f486504a/addn_hosts - 4 addresses
Aug 27 14:50:45 gtw01 dnsmasq-dhcp[8956]: read /var/lib/neutron/dhcp/8eba6d4c-898a-49c3-bc67-1588f486504a/host
Aug 27 14:50:45 gtw01 dnsmasq-dhcp[8956]: read /var/lib/neutron/dhcp/8eba6d4c-898a-49c3-bc67-1588f486504a/opts
Aug 27 14:50:46 gtw01 dnsmasq[17041]: read /var/lib/neutron/dhcp/a3a84539-f7e6-4b50-a18e-5720d13c8a5c/addn_hosts - 2 addresses
Aug 27 14:50:46 gtw01 dnsmasq-dhcp[17041]: read /var/lib/neutron/dhcp/a3a84539-f7e6-4b50-a18e-5720d13c8a5c/host
Aug 27 14:50:46 gtw01 dnsmasq-dhcp[17041]: read /var/lib/neutron/dhcp/a3a84539-f7e6-4b50-a18e-5720d13c8a5c/opts
Aug 27 14:50:47 gtw01 dnsmasq[17041]: read /var/lib/neutron/dhcp/a3a84539-f7e6-4b50-a18e-5720d13c8a5c/addn_hosts - 2 addresses
Aug 27 14:50:47 gtw01 dnsmasq-dhcp[17041]: read /var/lib/neutron/dhcp/a3a84539-f7e6-4b50-a18e-5720d13c8a5c/host
Aug 27 14:50:47 gtw01 dnsmasq-dhcp[17041]: read /var/lib/neutron/dhcp/a3a84539-f7e6-4b50-a18e-5720d13c8a5c/opts
Aug 27 14:50:48 gtw01 kernel: [ 5915.091280] device tap8c364af1-ea left promiscuous mode
Aug 27 14:50:48 gtw01 dnsmasq-dhcp[8956]: DHCPDISCOVER(tap21dfb33b-dd) fa:16:3e:8a:d6:b6
Aug 27 14:50:48 gtw01 dnsmasq-dhcp[8956]: DHCPOFFER(tap21dfb33b-dd) 192.168.120.207 fa:16:3e:8a:d6:b6
Aug 27 14:50:48 gtw01 dnsmasq-dhcp[8956]: DHCPREQUEST(tap21dfb33b-dd) 192.168.120.207 fa:16:3e:8a:d6:b6
Aug 27 14:50:48 gtw01 dnsmasq-dhcp[8956]: DHCPACK(tap21dfb33b-dd) 192.168.120.207 fa:16:3e:8a:d6:b6 host-192-168-120-207
Aug 27 14:50:50 gtw01 dnsmasq-dhcp[13896]: DHCPRELEASE(tapdb38d53f-9a) 192.168.120.4 fa:16:3e:b7:2d:1b
Aug 27 14:50:51 gtw01 dnsmasq[16614]: read /var/lib/neutron/dhcp/08cd7c6b-8708-42a4-bcec-effe1bb608c2/addn_hosts - 1 addresses
Aug 27 14:50:51 gtw01 dnsmasq-dhcp[16614]: read /var/lib/neutron/dhcp/08cd7c6b-8708-42a4-bcec-effe1bb608c2/host
Aug 27 14:50:51 gtw01 dnsmasq-dhcp[16614]: read /var/lib/neutron/dhcp/08cd7c6b-8708-42a4-bcec-effe1bb608c2/opts
Aug 27 14:50:52 gtw01 dnsmasq-dhcp[11715]: DHCPDISCOVER(tap4cc91876-04) fa:16:3e:60:24:d7
Aug 27 14:50:52 gtw01 dnsmasq-dhcp[11715]: DHCPOFFER(tap4cc91876-04) 192.168.120.12 fa:16:3e:60:24:d7
Aug 27 14:50:52 gtw01 dnsmasq-dhcp[11715]: DHCPREQUEST(tap4cc91876-04) 192.168.120.12 fa:16:3e:60:24:d7
Aug 27 14:50:52 gtw01 dnsmasq-dhcp[11715]: DHCPACK(tap4cc91876-04) 192.168.120.12 fa:16:3e:60:24:d7 host-192-168-120-12
Aug 27 14:50:52 gtw01 dnsmasq[8956]: read /var/lib/neutron/dhcp/8eba6d4c-898a-49c3-bc67-1588f486504a/addn_hosts - 3 addresses
Aug 27 14:50:52 gtw01 dnsmasq-dhcp[8956]: read /var/lib/neutron/dhcp/8eba6d4c-898a-49c3-bc67-1588f486504a/host
Aug 27 14:50:52 gtw01 dnsmasq-dhcp[8956]: read /var/lib/neutron/dhcp/8eba6d4c-898a-49c3-bc67-1588f486504a/opts
Aug 27 14:50:52 gtw01 kernel: [ 5919.967105] device qr-df38948d-aa left promiscuous mode
Aug 27 14:50:54 gtw01 kernel: [ 5921.921949] device tapf717b302-40 left promiscuous mode
Aug 27 14:50:55 gtw01 dnsmasq-dhcp[8956]: DHCPRELEASE(tap21dfb33b-dd) 192.168.120.207 fa:16:3e:8a:d6:b6
Aug 27 14:50:55 gtw01 dnsmasq-dhcp[8956]: DHCPRELEASE(tap21dfb33b-dd) 192.168.120.207 fa:16:3e:8a:d6:b6 unknown lease
Aug 27 14:50:56 gtw01 dnsmasq[8956]: read /var/lib/neutron/dhcp/8eba6d4c-898a-49c3-bc67-1588f486504a/addn_hosts - 2 addresses
Aug 27 14:50:56 gtw01 dnsmasq-dhcp[8956]: read /var/lib/neutron/dhcp/8eba6d4c-898a-49c3-bc67-1588f486504a/host
Aug 27 14:50:56 gtw01 dnsmasq-dhcp[8956]: read /var/lib/neutron/dhcp/8eba6d4c-898a-49c3-bc67-1588f486504a/opts
Aug 27 14:50:58 gtw01 dnsmasq[15932]: read /var/lib/neutron/dhcp/6cee63f4-8142-4378-8173-d426678003b7/addn_hosts - 1 addresses
Aug 27 14:50:58 gtw01 dnsmasq-dhcp[15932]: read /var/lib/neutron/dhcp/6cee63f4-8142-4378-8173-d426678003b7/host
Aug 27 14:50:58 gtw01 dnsmasq-dhcp[15932]: read /var/lib/neutron/dhcp/6cee63f4-8142-4378-8173-d426678003b7/opts
Aug 27 14:51:00 gtw01 dnsmasq[8956]: read /var/lib/neutron/dhcp/8eba6d4c-898a-49c3-bc67-1588f486504a/addn_hosts - 3 addresses
Aug 27 14:51:00 gtw01 dnsmasq-dhcp[8956]: read /var/lib/neutron/dhcp/8eba6d4c-898a-49c3-bc67-1588f486504a/host
Aug 27 14:51:00 gtw01 dnsmasq-dhcp[8956]: read /var/lib/neutron/dhcp/8eba6d4c-898a-49c3-bc67-1588f486504a/opts
Aug 27 14:51:01 gtw01 kernel: [ 5928.037802] device qr-13c2b050-d8 left promiscuous mode
Aug 27 14:51:02 gtw01 dnsmasq[8956]: read /var/lib/neutron/dhcp/8eba6d4c-898a-49c3-bc67-1588f486504a/addn_hosts - 3 addresses
Aug 27 14:51:02 gtw01 dnsmasq-dhcp[8956]: read /var/lib/neutron/dhcp/8eba6d4c-898a-49c3-bc67-1588f486504a/host
Aug 27 14:51:02 gtw01 dnsmasq-dhcp[8956]: read /var/lib/neutron/dhcp/8eba6d4c-898a-49c3-bc67-1588f486504a/opts
Aug 27 14:51:02 gtw01 kernel: [ 5929.129501] device tapaf68273a-56 left promiscuous mode
Aug 27 14:51:02 gtw01 dnsmasq[8956]: read /var/lib/neutron/dhcp/8eba6d4c-898a-49c3-bc67-1588f486504a/addn_hosts - 3 addresses
Aug 27 14:51:02 gtw01 dnsmasq-dhcp[8956]: read /var/lib/neutron/dhcp/8eba6d4c-898a-49c3-bc67-1588f486504a/host
Aug 27 14:51:02 gtw01 dnsmasq-dhcp[8956]: read /var/lib/neutron/dhcp/8eba6d4c-898a-49c3-bc67-1588f486504a/opts
Aug 27 14:51:03 gtw01 dnsmasq-dhcp[11715]: DHCPRELEASE(tap4cc91876-04) 192.168.120.12 fa:16:3e:60:24:d7
Aug 27 14:51:03 gtw01 dnsmasq-dhcp[11715]: DHCPRELEASE(tap4cc91876-04) 192.168.120.12 fa:16:3e:60:24:d7 unknown lease
Aug 27 14:51:04 gtw01 dnsmasq[11715]: read /var/lib/neutron/dhcp/fb340184-c5ad-4de8-ad8c-502cd891875e/addn_hosts - 2 addresses
Aug 27 14:51:04 gtw01 dnsmasq-dhcp[11715]: read /var/lib/neutron/dhcp/fb340184-c5ad-4de8-ad8c-502cd891875e/host
Aug 27 14:51:04 gtw01 dnsmasq-dhcp[11715]: read /var/lib/neutron/dhcp/fb340184-c5ad-4de8-ad8c-502cd891875e/opts
Aug 27 14:51:05 gtw01 dnsmasq[15497]: read /var/lib/neutron/dhcp/1334f323-e333-429d-8846-c593e417bd8b/addn_hosts - 1 addresses
Aug 27 14:51:05 gtw01 dnsmasq-dhcp[15497]: read /var/lib/neutron/dhcp/1334f323-e333-429d-8846-c593e417bd8b/host
Aug 27 14:51:05 gtw01 dnsmasq-dhcp[15497]: read /var/lib/neutron/dhcp/1334f323-e333-429d-8846-c593e417bd8b/opts
Aug 27 14:51:06 gtw01 kernel: [ 5933.173526] device qr-2d0156c8-f3 left promiscuous mode
Aug 27 14:51:07 gtw01 dnsmasq-dhcp[13896]: DHCPDISCOVER(tapdb38d53f-9a) fa:16:3e:b7:2d:1b
Aug 27 14:51:07 gtw01 dnsmasq-dhcp[13896]: DHCPOFFER(tapdb38d53f-9a) 192.168.120.4 fa:16:3e:b7:2d:1b
Aug 27 14:51:07 gtw01 dnsmasq-dhcp[13896]: DHCPREQUEST(tapdb38d53f-9a) 192.168.120.4 fa:16:3e:b7:2d:1b
Aug 27 14:51:07 gtw01 dnsmasq-dhcp[13896]: DHCPACK(tapdb38d53f-9a) 192.168.120.4 fa:16:3e:b7:2d:1b host-192-168-120-4
Aug 27 14:51:07 gtw01 kernel: [ 5934.788380] device tap298b8fb5-2a left promiscuous mode
Aug 27 14:51:07 gtw01 dnsmasq[8956]: read /var/lib/neutron/dhcp/8eba6d4c-898a-49c3-bc67-1588f486504a/addn_hosts - 2 addresses
Aug 27 14:51:07 gtw01 dnsmasq-dhcp[8956]: read /var/lib/neutron/dhcp/8eba6d4c-898a-49c3-bc67-1588f486504a/host
Aug 27 14:51:07 gtw01 dnsmasq-dhcp[8956]: read /var/lib/neutron/dhcp/8eba6d4c-898a-49c3-bc67-1588f486504a/opts
Aug 27 14:51:12 gtw01 dnsmasq[11715]: read /var/lib/neutron/dhcp/fb340184-c5ad-4de8-ad8c-502cd891875e/addn_hosts - 1 addresses
Aug 27 14:51:12 gtw01 dnsmasq-dhcp[11715]: read /var/lib/neutron/dhcp/fb340184-c5ad-4de8-ad8c-502cd891875e/host
Aug 27 14:51:12 gtw01 dnsmasq-dhcp[11715]: read /var/lib/neutron/dhcp/fb340184-c5ad-4de8-ad8c-502cd891875e/opts
Aug 27 14:51:12 gtw01 dnsmasq[8956]: read /var/lib/neutron/dhcp/8eba6d4c-898a-49c3-bc67-1588f486504a/addn_hosts - 3 addresses
Aug 27 14:51:12 gtw01 dnsmasq-dhcp[8956]: read /var/lib/neutron/dhcp/8eba6d4c-898a-49c3-bc67-1588f486504a/host
Aug 27 14:51:12 gtw01 dnsmasq-dhcp[8956]: read /var/lib/neutron/dhcp/8eba6d4c-898a-49c3-bc67-1588f486504a/opts
Aug 27 14:51:13 gtw01 dnsmasq[8956]: read /var/lib/neutron/dhcp/8eba6d4c-898a-49c3-bc67-1588f486504a/addn_hosts - 3 addresses
Aug 27 14:51:13 gtw01 dnsmasq-dhcp[8956]: read /var/lib/neutron/dhcp/8eba6d4c-898a-49c3-bc67-1588f486504a/host
Aug 27 14:51:13 gtw01 dnsmasq-dhcp[8956]: read /var/lib/neutron/dhcp/8eba6d4c-898a-49c3-bc67-1588f486504a/opts
Aug 27 14:51:14 gtw01 dnsmasq-dhcp[13896]: DHCPRELEASE(tapdb38d53f-9a) 192.168.120.4 fa:16:3e:b7:2d:1b
Aug 27 14:51:14 gtw01 dnsmasq[8956]: read /var/lib/neutron/dhcp/8eba6d4c-898a-49c3-bc67-1588f486504a/addn_hosts - 3 addresses
Aug 27 14:51:14 gtw01 dnsmasq-dhcp[8956]: read /var/lib/neutron/dhcp/8eba6d4c-898a-49c3-bc67-1588f486504a/host
Aug 27 14:51:14 gtw01 dnsmasq-dhcp[8956]: read /var/lib/neutron/dhcp/8eba6d4c-898a-49c3-bc67-1588f486504a/opts
Aug 27 14:51:14 gtw01 kernel: [ 5941.807576] device qr-2bd37d76-28 left promiscuous mode
Aug 27 14:51:15 gtw01 kernel: [ 5942.508519] device qg-7ae1ba83-d8 left promiscuous mode
Aug 27 14:51:17 gtw01 kernel: [ 5944.961286] device tap4cc91876-04 left promiscuous mode
Aug 27 14:51:27 gtw01 dnsmasq-dhcp[8956]: DHCPDISCOVER(tap21dfb33b-dd) fa:16:3e:a6:4c:f9
Aug 27 14:51:27 gtw01 dnsmasq-dhcp[8956]: DHCPOFFER(tap21dfb33b-dd) 192.168.120.149 fa:16:3e:a6:4c:f9
Aug 27 14:51:27 gtw01 dnsmasq-dhcp[8956]: DHCPREQUEST(tap21dfb33b-dd) 192.168.120.149 fa:16:3e:a6:4c:f9
Aug 27 14:51:27 gtw01 dnsmasq-dhcp[8956]: DHCPACK(tap21dfb33b-dd) 192.168.120.149 fa:16:3e:a6:4c:f9 host-192-168-120-149
Aug 27 14:51:29 gtw01 dnsmasq-dhcp[8956]: DHCPRELEASE(tap21dfb33b-dd) 192.168.120.149 fa:16:3e:a6:4c:f9
Aug 27 14:51:30 gtw01 dnsmasq-dhcp[13896]: DHCPDISCOVER(tapdb38d53f-9a) fa:16:3e:b7:2d:1b
Aug 27 14:51:30 gtw01 dnsmasq-dhcp[13896]: DHCPOFFER(tapdb38d53f-9a) 192.168.120.4 fa:16:3e:b7:2d:1b
Aug 27 14:51:30 gtw01 dnsmasq-dhcp[13896]: DHCPREQUEST(tapdb38d53f-9a) 192.168.120.4 fa:16:3e:b7:2d:1b
Aug 27 14:51:30 gtw01 dnsmasq-dhcp[13896]: DHCPACK(tapdb38d53f-9a) 192.168.120.4 fa:16:3e:b7:2d:1b host-192-168-120-4
Aug 27 14:51:35 gtw01 dnsmasq[8956]: read /var/lib/neutron/dhcp/8eba6d4c-898a-49c3-bc67-1588f486504a/addn_hosts - 2 addresses
Aug 27 14:51:35 gtw01 dnsmasq-dhcp[8956]: read /var/lib/neutron/dhcp/8eba6d4c-898a-49c3-bc67-1588f486504a/host
Aug 27 14:51:35 gtw01 dnsmasq-dhcp[8956]: read /var/lib/neutron/dhcp/8eba6d4c-898a-49c3-bc67-1588f486504a/opts
Aug 27 14:51:42 gtw01 dnsmasq-dhcp[13896]: DHCPRELEASE(tapdb38d53f-9a) 192.168.120.4 fa:16:3e:b7:2d:1b
Aug 27 14:51:47 gtw01 kernel: [ 5974.053631] device vxlan_sys_4789 left promiscuous mode
Aug 27 14:51:51 gtw01 dnsmasq[13896]: read /var/lib/neutron/dhcp/46af247b-3a75-4b41-90c2-a9506072f7ee/addn_hosts - 2 addresses
Aug 27 14:51:51 gtw01 dnsmasq-dhcp[13896]: read /var/lib/neutron/dhcp/46af247b-3a75-4b41-90c2-a9506072f7ee/host
Aug 27 14:51:51 gtw01 dnsmasq-dhcp[13896]: read /var/lib/neutron/dhcp/46af247b-3a75-4b41-90c2-a9506072f7ee/opts
Aug 27 14:51:54 gtw01 dnsmasq[13896]: read /var/lib/neutron/dhcp/46af247b-3a75-4b41-90c2-a9506072f7ee/addn_hosts - 1 addresses
Aug 27 14:51:54 gtw01 dnsmasq-dhcp[13896]: read /var/lib/neutron/dhcp/46af247b-3a75-4b41-90c2-a9506072f7ee/host
Aug 27 14:51:54 gtw01 dnsmasq-dhcp[13896]: read /var/lib/neutron/dhcp/46af247b-3a75-4b41-90c2-a9506072f7ee/opts
Aug 27 14:51:56 gtw01 kernel: [ 5983.646150] device qr-cb600d6a-d4 left promiscuous mode
Aug 27 14:51:57 gtw01 kernel: [ 5984.313885] device qg-af9ad125-e6 left promiscuous mode
Aug 27 14:51:59 gtw01 kernel: [ 5986.135165] device tapdb38d53f-9a left promiscuous mode
Aug 27 14:52:01 gtw01 kernel: [ 5988.176043] device tap95cc2bfd-4c entered promiscuous mode
Aug 27 14:52:01 gtw01 systemd-udevd[18460]: link_config: autonegotiation is unset or enabled, the speed and duplex are not writable.
Aug 27 14:52:01 gtw01 systemd-udevd[18460]: Could not generate persistent MAC address for tap95cc2bfd-4c: No such file or directory
Aug 27 14:52:01 gtw01 systemd-udevd[18460]: Process '/sbin/ip link set tap95cc2bfd-4c txqueuelen 10000' failed with exit code 1.
Aug 27 14:52:01 gtw01 systemd-udevd[18460]: Process '/sbin/ip link set tap95cc2bfd-4c txqueuelen 10000' failed with exit code 1.
Aug 27 14:52:04 gtw01 dnsmasq[18610]: started, version 2.79 cachesize 150
Aug 27 14:52:04 gtw01 dnsmasq[18610]: DNS service limited to local subnets
Aug 27 14:52:04 gtw01 dnsmasq[18610]: compile time options: IPv6 GNU-getopt DBus i18n IDN DHCP DHCPv6 no-Lua TFTP conntrack ipset auth DNSSEC loop-detect inotify
Aug 27 14:52:04 gtw01 dnsmasq[18610]: warning: no upstream servers configured
Aug 27 14:52:04 gtw01 dnsmasq-dhcp[18610]: DHCP, static leases only on 192.168.120.240, lease time 1h
Aug 27 14:52:04 gtw01 dnsmasq[18610]: read /var/lib/neutron/dhcp/f676ee02-be3f-4186-ac40-5b6c9cf60458/addn_hosts - 1 addresses
Aug 27 14:52:04 gtw01 dnsmasq-dhcp[18610]: read /var/lib/neutron/dhcp/f676ee02-be3f-4186-ac40-5b6c9cf60458/host
Aug 27 14:52:04 gtw01 dnsmasq-dhcp[18610]: read /var/lib/neutron/dhcp/f676ee02-be3f-4186-ac40-5b6c9cf60458/opts
Aug 27 14:52:05 gtw01 dnsmasq[18610]: read /var/lib/neutron/dhcp/f676ee02-be3f-4186-ac40-5b6c9cf60458/addn_hosts - 1 addresses
Aug 27 14:52:05 gtw01 dnsmasq-dhcp[18610]: read /var/lib/neutron/dhcp/f676ee02-be3f-4186-ac40-5b6c9cf60458/host
Aug 27 14:52:05 gtw01 dnsmasq-dhcp[18610]: read /var/lib/neutron/dhcp/f676ee02-be3f-4186-ac40-5b6c9cf60458/opts
Aug 27 14:52:06 gtw01 dnsmasq[18610]: read /var/lib/neutron/dhcp/f676ee02-be3f-4186-ac40-5b6c9cf60458/addn_hosts - 1 addresses
Aug 27 14:52:06 gtw01 dnsmasq-dhcp[18610]: read /var/lib/neutron/dhcp/f676ee02-be3f-4186-ac40-5b6c9cf60458/host
Aug 27 14:52:06 gtw01 dnsmasq-dhcp[18610]: read /var/lib/neutron/dhcp/f676ee02-be3f-4186-ac40-5b6c9cf60458/opts
Aug 27 14:52:06 gtw01 dnsmasq[8956]: read /var/lib/neutron/dhcp/8eba6d4c-898a-49c3-bc67-1588f486504a/addn_hosts - 3 addresses
Aug 27 14:52:06 gtw01 dnsmasq-dhcp[8956]: read /var/lib/neutron/dhcp/8eba6d4c-898a-49c3-bc67-1588f486504a/host
Aug 27 14:52:06 gtw01 dnsmasq-dhcp[8956]: read /var/lib/neutron/dhcp/8eba6d4c-898a-49c3-bc67-1588f486504a/opts
Aug 27 14:52:07 gtw01 dnsmasq[18610]: read /var/lib/neutron/dhcp/f676ee02-be3f-4186-ac40-5b6c9cf60458/addn_hosts - 1 addresses
Aug 27 14:52:07 gtw01 dnsmasq-dhcp[18610]: read /var/lib/neutron/dhcp/f676ee02-be3f-4186-ac40-5b6c9cf60458/host
Aug 27 14:52:07 gtw01 dnsmasq-dhcp[18610]: read /var/lib/neutron/dhcp/f676ee02-be3f-4186-ac40-5b6c9cf60458/opts
Aug 27 14:52:07 gtw01 dnsmasq[8956]: read /var/lib/neutron/dhcp/8eba6d4c-898a-49c3-bc67-1588f486504a/addn_hosts - 3 addresses
Aug 27 14:52:07 gtw01 dnsmasq-dhcp[8956]: read /var/lib/neutron/dhcp/8eba6d4c-898a-49c3-bc67-1588f486504a/host
Aug 27 14:52:07 gtw01 dnsmasq-dhcp[8956]: read /var/lib/neutron/dhcp/8eba6d4c-898a-49c3-bc67-1588f486504a/opts
Aug 27 14:52:08 gtw01 dnsmasq[8956]: read /var/lib/neutron/dhcp/8eba6d4c-898a-49c3-bc67-1588f486504a/addn_hosts - 3 addresses
Aug 27 14:52:08 gtw01 dnsmasq-dhcp[8956]: read /var/lib/neutron/dhcp/8eba6d4c-898a-49c3-bc67-1588f486504a/host
Aug 27 14:52:08 gtw01 dnsmasq-dhcp[8956]: read /var/lib/neutron/dhcp/8eba6d4c-898a-49c3-bc67-1588f486504a/opts
Aug 27 14:52:11 gtw01 systemd-udevd[18717]: link_config: autonegotiation is unset or enabled, the speed and duplex are not writable.
Aug 27 14:52:11 gtw01 systemd-udevd[18717]: Could not generate persistent MAC address for vxlan_sys_4789: No such file or directory
Aug 27 14:52:11 gtw01 kernel: [ 5997.987452] device vxlan_sys_4789 entered promiscuous mode
Aug 27 14:52:21 gtw01 dnsmasq-dhcp[8956]: DHCPDISCOVER(tap21dfb33b-dd) fa:16:3e:a8:17:b8
