Aug 27 14:41:42 gtw01 dnsmasq[30953]: read /var/lib/neutron/dhcp/a8066b66-0b65-4fdb-9391-c80f2e85cee7/addn_hosts - 2 addresses
Aug 27 14:41:42 gtw01 dnsmasq-dhcp[30953]: read /var/lib/neutron/dhcp/a8066b66-0b65-4fdb-9391-c80f2e85cee7/host
Aug 27 14:41:42 gtw01 dnsmasq-dhcp[30953]: read /var/lib/neutron/dhcp/a8066b66-0b65-4fdb-9391-c80f2e85cee7/opts
Aug 27 14:41:42 gtw01 kernel: [ 5369.153130] device vxlan_sys_4789 left promiscuous mode
Aug 27 14:41:42 gtw01 ovs-vswitchd: ovs|00054|netdev_tc_offloads(revalidator32)|ERR|dump_create: failed to get ifindex for vxlan-0a010005: No such device
Aug 27 14:41:45 gtw01 dnsmasq[28085]: read /var/lib/neutron/dhcp/66db1d17-7f4d-45d2-be75-f291eb507e7e/addn_hosts - 3 addresses
Aug 27 14:41:45 gtw01 dnsmasq-dhcp[28085]: read /var/lib/neutron/dhcp/66db1d17-7f4d-45d2-be75-f291eb507e7e/host
Aug 27 14:41:45 gtw01 dnsmasq-dhcp[28085]: read /var/lib/neutron/dhcp/66db1d17-7f4d-45d2-be75-f291eb507e7e/opts
Aug 27 14:41:45 gtw01 dnsmasq[30953]: read /var/lib/neutron/dhcp/a8066b66-0b65-4fdb-9391-c80f2e85cee7/addn_hosts - 1 addresses
Aug 27 14:41:45 gtw01 dnsmasq-dhcp[30953]: read /var/lib/neutron/dhcp/a8066b66-0b65-4fdb-9391-c80f2e85cee7/host
Aug 27 14:41:45 gtw01 dnsmasq-dhcp[30953]: read /var/lib/neutron/dhcp/a8066b66-0b65-4fdb-9391-c80f2e85cee7/opts
Aug 27 14:41:46 gtw01 dnsmasq[28085]: read /var/lib/neutron/dhcp/66db1d17-7f4d-45d2-be75-f291eb507e7e/addn_hosts - 3 addresses
Aug 27 14:41:46 gtw01 dnsmasq-dhcp[28085]: read /var/lib/neutron/dhcp/66db1d17-7f4d-45d2-be75-f291eb507e7e/host
Aug 27 14:41:46 gtw01 dnsmasq-dhcp[28085]: read /var/lib/neutron/dhcp/66db1d17-7f4d-45d2-be75-f291eb507e7e/opts
Aug 27 14:41:47 gtw01 dnsmasq[28085]: read /var/lib/neutron/dhcp/66db1d17-7f4d-45d2-be75-f291eb507e7e/addn_hosts - 3 addresses
Aug 27 14:41:47 gtw01 dnsmasq-dhcp[28085]: read /var/lib/neutron/dhcp/66db1d17-7f4d-45d2-be75-f291eb507e7e/host
Aug 27 14:41:47 gtw01 dnsmasq-dhcp[28085]: read /var/lib/neutron/dhcp/66db1d17-7f4d-45d2-be75-f291eb507e7e/opts
Aug 27 14:41:47 gtw01 kernel: [ 5374.350899] device qr-769addaf-8a left promiscuous mode
Aug 27 14:41:48 gtw01 kernel: [ 5375.057224] device qg-5a8c99a1-c5 left promiscuous mode
Aug 27 14:41:48 gtw01 systemd-udevd[4048]: link_config: autonegotiation is unset or enabled, the speed and duplex are not writable.
Aug 27 14:41:48 gtw01 systemd-udevd[4048]: Could not generate persistent MAC address for vxlan_sys_4789: No such file or directory
Aug 27 14:41:48 gtw01 kernel: [ 5375.606851] device vxlan_sys_4789 entered promiscuous mode
Aug 27 14:41:50 gtw01 kernel: [ 5377.454891] device tapcbb6274d-87 left promiscuous mode
Aug 27 14:41:59 gtw01 dnsmasq-dhcp[28085]: DHCPDISCOVER(tap8737446b-fb) fa:16:3e:25:1d:d4
Aug 27 14:41:59 gtw01 dnsmasq-dhcp[28085]: DHCPOFFER(tap8737446b-fb) 192.168.120.104 fa:16:3e:25:1d:d4
Aug 27 14:41:59 gtw01 dnsmasq-dhcp[28085]: DHCPREQUEST(tap8737446b-fb) 192.168.120.104 fa:16:3e:25:1d:d4
Aug 27 14:41:59 gtw01 dnsmasq-dhcp[28085]: DHCPACK(tap8737446b-fb) 192.168.120.104 fa:16:3e:25:1d:d4 host-192-168-120-104
Aug 27 14:41:59 gtw01 dnsmasq[28085]: read /var/lib/neutron/dhcp/66db1d17-7f4d-45d2-be75-f291eb507e7e/addn_hosts - 4 addresses
Aug 27 14:41:59 gtw01 dnsmasq-dhcp[28085]: read /var/lib/neutron/dhcp/66db1d17-7f4d-45d2-be75-f291eb507e7e/host
Aug 27 14:41:59 gtw01 dnsmasq-dhcp[28085]: read /var/lib/neutron/dhcp/66db1d17-7f4d-45d2-be75-f291eb507e7e/opts
Aug 27 14:42:00 gtw01 dnsmasq[28085]: read /var/lib/neutron/dhcp/66db1d17-7f4d-45d2-be75-f291eb507e7e/addn_hosts - 4 addresses
Aug 27 14:42:00 gtw01 dnsmasq-dhcp[28085]: read /var/lib/neutron/dhcp/66db1d17-7f4d-45d2-be75-f291eb507e7e/host
Aug 27 14:42:00 gtw01 dnsmasq-dhcp[28085]: read /var/lib/neutron/dhcp/66db1d17-7f4d-45d2-be75-f291eb507e7e/opts
Aug 27 14:42:01 gtw01 dnsmasq[28085]: read /var/lib/neutron/dhcp/66db1d17-7f4d-45d2-be75-f291eb507e7e/addn_hosts - 4 addresses
Aug 27 14:42:01 gtw01 dnsmasq-dhcp[28085]: read /var/lib/neutron/dhcp/66db1d17-7f4d-45d2-be75-f291eb507e7e/host
Aug 27 14:42:01 gtw01 dnsmasq-dhcp[28085]: read /var/lib/neutron/dhcp/66db1d17-7f4d-45d2-be75-f291eb507e7e/opts
Aug 27 14:42:06 gtw01 dnsmasq[28085]: read /var/lib/neutron/dhcp/66db1d17-7f4d-45d2-be75-f291eb507e7e/addn_hosts - 3 addresses
Aug 27 14:42:06 gtw01 dnsmasq-dhcp[28085]: read /var/lib/neutron/dhcp/66db1d17-7f4d-45d2-be75-f291eb507e7e/host
Aug 27 14:42:06 gtw01 dnsmasq-dhcp[28085]: read /var/lib/neutron/dhcp/66db1d17-7f4d-45d2-be75-f291eb507e7e/opts
Aug 27 14:42:07 gtw01 kernel: [ 5394.652043] device vxlan_sys_4789 left promiscuous mode
Aug 27 14:42:07 gtw01 dnsmasq-dhcp[28085]: DHCPRELEASE(tap8737446b-fb) 192.168.120.104 fa:16:3e:25:1d:d4
Aug 27 14:42:08 gtw01 dnsmasq-dhcp[28085]: DHCPRELEASE(tap8737446b-fb) 192.168.120.104 fa:16:3e:25:1d:d4 unknown lease
Aug 27 14:42:08 gtw01 dnsmasq[28085]: read /var/lib/neutron/dhcp/66db1d17-7f4d-45d2-be75-f291eb507e7e/addn_hosts - 2 addresses
Aug 27 14:42:08 gtw01 dnsmasq-dhcp[28085]: read /var/lib/neutron/dhcp/66db1d17-7f4d-45d2-be75-f291eb507e7e/host
Aug 27 14:42:08 gtw01 dnsmasq-dhcp[28085]: read /var/lib/neutron/dhcp/66db1d17-7f4d-45d2-be75-f291eb507e7e/opts
Aug 27 14:42:10 gtw01 dnsmasq[28085]: read /var/lib/neutron/dhcp/66db1d17-7f4d-45d2-be75-f291eb507e7e/addn_hosts - 3 addresses
Aug 27 14:42:10 gtw01 dnsmasq-dhcp[28085]: read /var/lib/neutron/dhcp/66db1d17-7f4d-45d2-be75-f291eb507e7e/host
Aug 27 14:42:10 gtw01 dnsmasq-dhcp[28085]: read /var/lib/neutron/dhcp/66db1d17-7f4d-45d2-be75-f291eb507e7e/opts
Aug 27 14:42:11 gtw01 dnsmasq[28085]: read /var/lib/neutron/dhcp/66db1d17-7f4d-45d2-be75-f291eb507e7e/addn_hosts - 3 addresses
Aug 27 14:42:11 gtw01 dnsmasq-dhcp[28085]: read /var/lib/neutron/dhcp/66db1d17-7f4d-45d2-be75-f291eb507e7e/host
Aug 27 14:42:11 gtw01 dnsmasq-dhcp[28085]: read /var/lib/neutron/dhcp/66db1d17-7f4d-45d2-be75-f291eb507e7e/opts
Aug 27 14:42:12 gtw01 dnsmasq[28085]: read /var/lib/neutron/dhcp/66db1d17-7f4d-45d2-be75-f291eb507e7e/addn_hosts - 3 addresses
Aug 27 14:42:12 gtw01 dnsmasq-dhcp[28085]: read /var/lib/neutron/dhcp/66db1d17-7f4d-45d2-be75-f291eb507e7e/host
Aug 27 14:42:12 gtw01 dnsmasq-dhcp[28085]: read /var/lib/neutron/dhcp/66db1d17-7f4d-45d2-be75-f291eb507e7e/opts
Aug 27 14:42:14 gtw01 systemd-udevd[4333]: link_config: autonegotiation is unset or enabled, the speed and duplex are not writable.
Aug 27 14:42:14 gtw01 systemd-udevd[4333]: Could not generate persistent MAC address for vxlan_sys_4789: No such file or directory
Aug 27 14:42:14 gtw01 kernel: [ 5401.454922] device vxlan_sys_4789 entered promiscuous mode
Aug 27 14:42:18 gtw01 kernel: [ 5405.901837] device tap8348099f-00 entered promiscuous mode
Aug 27 14:42:18 gtw01 systemd-udevd[4419]: link_config: autonegotiation is unset or enabled, the speed and duplex are not writable.
Aug 27 14:42:18 gtw01 systemd-udevd[4419]: Could not generate persistent MAC address for tap8348099f-00: No such file or directory
Aug 27 14:42:18 gtw01 systemd-udevd[4419]: Process '/sbin/ip link set tap8348099f-00 txqueuelen 10000' failed with exit code 1.
Aug 27 14:42:19 gtw01 systemd-udevd[4494]: Process '/sbin/ip link set tap8348099f-00 txqueuelen 10000' failed with exit code 1.
Aug 27 14:42:19 gtw01 dnsmasq[28085]: read /var/lib/neutron/dhcp/66db1d17-7f4d-45d2-be75-f291eb507e7e/addn_hosts - 4 addresses
Aug 27 14:42:19 gtw01 dnsmasq-dhcp[28085]: read /var/lib/neutron/dhcp/66db1d17-7f4d-45d2-be75-f291eb507e7e/host
Aug 27 14:42:19 gtw01 dnsmasq-dhcp[28085]: read /var/lib/neutron/dhcp/66db1d17-7f4d-45d2-be75-f291eb507e7e/opts
Aug 27 14:42:20 gtw01 dnsmasq[28085]: read /var/lib/neutron/dhcp/66db1d17-7f4d-45d2-be75-f291eb507e7e/addn_hosts - 4 addresses
Aug 27 14:42:20 gtw01 dnsmasq-dhcp[28085]: read /var/lib/neutron/dhcp/66db1d17-7f4d-45d2-be75-f291eb507e7e/host
Aug 27 14:42:20 gtw01 dnsmasq-dhcp[28085]: read /var/lib/neutron/dhcp/66db1d17-7f4d-45d2-be75-f291eb507e7e/opts
Aug 27 14:42:21 gtw01 dnsmasq[28085]: read /var/lib/neutron/dhcp/66db1d17-7f4d-45d2-be75-f291eb507e7e/addn_hosts - 4 addresses
Aug 27 14:42:21 gtw01 dnsmasq-dhcp[28085]: read /var/lib/neutron/dhcp/66db1d17-7f4d-45d2-be75-f291eb507e7e/host
Aug 27 14:42:21 gtw01 dnsmasq-dhcp[28085]: read /var/lib/neutron/dhcp/66db1d17-7f4d-45d2-be75-f291eb507e7e/opts
Aug 27 14:42:21 gtw01 dnsmasq[4615]: started, version 2.79 cachesize 150
Aug 27 14:42:21 gtw01 dnsmasq[4615]: DNS service limited to local subnets
Aug 27 14:42:21 gtw01 dnsmasq[4615]: compile time options: IPv6 GNU-getopt DBus i18n IDN DHCP DHCPv6 no-Lua TFTP conntrack ipset auth DNSSEC loop-detect inotify
Aug 27 14:42:21 gtw01 dnsmasq[4615]: warning: no upstream servers configured
Aug 27 14:42:21 gtw01 dnsmasq-dhcp[4615]: DHCP, static leases only on 192.168.120.0, lease time 1h
Aug 27 14:42:21 gtw01 dnsmasq[4615]: read /var/lib/neutron/dhcp/155aefd2-9d24-4e19-87a0-3e2d72d11dc2/addn_hosts - 1 addresses
Aug 27 14:42:21 gtw01 dnsmasq-dhcp[4615]: read /var/lib/neutron/dhcp/155aefd2-9d24-4e19-87a0-3e2d72d11dc2/host
Aug 27 14:42:21 gtw01 dnsmasq-dhcp[4615]: read /var/lib/neutron/dhcp/155aefd2-9d24-4e19-87a0-3e2d72d11dc2/opts
Aug 27 14:42:22 gtw01 kernel: [ 5409.704713] device qg-0c1fd4da-b9 entered promiscuous mode
Aug 27 14:42:22 gtw01 systemd-udevd[4640]: link_config: autonegotiation is unset or enabled, the speed and duplex are not writable.
Aug 27 14:42:22 gtw01 systemd-udevd[4640]: Could not generate persistent MAC address for qg-0c1fd4da-b9: No such file or directory
Aug 27 14:42:22 gtw01 dnsmasq[4615]: read /var/lib/neutron/dhcp/155aefd2-9d24-4e19-87a0-3e2d72d11dc2/addn_hosts - 2 addresses
Aug 27 14:42:22 gtw01 dnsmasq-dhcp[4615]: read /var/lib/neutron/dhcp/155aefd2-9d24-4e19-87a0-3e2d72d11dc2/host
Aug 27 14:42:22 gtw01 dnsmasq-dhcp[4615]: read /var/lib/neutron/dhcp/155aefd2-9d24-4e19-87a0-3e2d72d11dc2/opts
Aug 27 14:42:24 gtw01 dnsmasq[4615]: read /var/lib/neutron/dhcp/155aefd2-9d24-4e19-87a0-3e2d72d11dc2/addn_hosts - 2 addresses
Aug 27 14:42:24 gtw01 dnsmasq-dhcp[4615]: read /var/lib/neutron/dhcp/155aefd2-9d24-4e19-87a0-3e2d72d11dc2/host
Aug 27 14:42:24 gtw01 dnsmasq-dhcp[4615]: read /var/lib/neutron/dhcp/155aefd2-9d24-4e19-87a0-3e2d72d11dc2/opts
Aug 27 14:42:24 gtw01 dnsmasq[4615]: read /var/lib/neutron/dhcp/155aefd2-9d24-4e19-87a0-3e2d72d11dc2/addn_hosts - 2 addresses
Aug 27 14:42:24 gtw01 dnsmasq-dhcp[4615]: read /var/lib/neutron/dhcp/155aefd2-9d24-4e19-87a0-3e2d72d11dc2/host
Aug 27 14:42:24 gtw01 dnsmasq-dhcp[4615]: read /var/lib/neutron/dhcp/155aefd2-9d24-4e19-87a0-3e2d72d11dc2/opts
Aug 27 14:42:25 gtw01 dnsmasq-dhcp[28085]: DHCPDISCOVER(tap8737446b-fb) fa:16:3e:0f:95:f8
Aug 27 14:42:25 gtw01 dnsmasq-dhcp[28085]: DHCPOFFER(tap8737446b-fb) 192.168.120.52 fa:16:3e:0f:95:f8
Aug 27 14:42:25 gtw01 dnsmasq-dhcp[28085]: DHCPREQUEST(tap8737446b-fb) 192.168.120.52 fa:16:3e:0f:95:f8
Aug 27 14:42:25 gtw01 dnsmasq-dhcp[28085]: DHCPACK(tap8737446b-fb) 192.168.120.52 fa:16:3e:0f:95:f8 host-192-168-120-52
Aug 27 14:42:25 gtw01 dnsmasq[28085]: read /var/lib/neutron/dhcp/66db1d17-7f4d-45d2-be75-f291eb507e7e/addn_hosts - 3 addresses
Aug 27 14:42:25 gtw01 dnsmasq-dhcp[28085]: read /var/lib/neutron/dhcp/66db1d17-7f4d-45d2-be75-f291eb507e7e/host
Aug 27 14:42:25 gtw01 dnsmasq-dhcp[28085]: read /var/lib/neutron/dhcp/66db1d17-7f4d-45d2-be75-f291eb507e7e/opts
Aug 27 14:42:25 gtw01 dnsmasq[4615]: read /var/lib/neutron/dhcp/155aefd2-9d24-4e19-87a0-3e2d72d11dc2/addn_hosts - 2 addresses
Aug 27 14:42:25 gtw01 dnsmasq-dhcp[4615]: read /var/lib/neutron/dhcp/155aefd2-9d24-4e19-87a0-3e2d72d11dc2/host
Aug 27 14:42:25 gtw01 dnsmasq-dhcp[4615]: read /var/lib/neutron/dhcp/155aefd2-9d24-4e19-87a0-3e2d72d11dc2/opts
Aug 27 14:42:26 gtw01 dnsmasq[4615]: read /var/lib/neutron/dhcp/155aefd2-9d24-4e19-87a0-3e2d72d11dc2/addn_hosts - 2 addresses
Aug 27 14:42:26 gtw01 dnsmasq-dhcp[4615]: read /var/lib/neutron/dhcp/155aefd2-9d24-4e19-87a0-3e2d72d11dc2/host
Aug 27 14:42:26 gtw01 dnsmasq-dhcp[4615]: read /var/lib/neutron/dhcp/155aefd2-9d24-4e19-87a0-3e2d72d11dc2/opts
Aug 27 14:42:27 gtw01 kernel: [ 5414.485806] device vxlan_sys_4789 left promiscuous mode
Aug 27 14:42:27 gtw01 dnsmasq-dhcp[28085]: DHCPRELEASE(tap8737446b-fb) 192.168.120.52 fa:16:3e:0f:95:f8
Aug 27 14:42:28 gtw01 dnsmasq-dhcp[28085]: DHCPRELEASE(tap8737446b-fb) 192.168.120.52 fa:16:3e:0f:95:f8 unknown lease
Aug 27 14:42:28 gtw01 dnsmasq[28085]: read /var/lib/neutron/dhcp/66db1d17-7f4d-45d2-be75-f291eb507e7e/addn_hosts - 2 addresses
Aug 27 14:42:28 gtw01 dnsmasq-dhcp[28085]: read /var/lib/neutron/dhcp/66db1d17-7f4d-45d2-be75-f291eb507e7e/host
Aug 27 14:42:28 gtw01 dnsmasq-dhcp[28085]: read /var/lib/neutron/dhcp/66db1d17-7f4d-45d2-be75-f291eb507e7e/opts
Aug 27 14:42:28 gtw01 dnsmasq[4615]: read /var/lib/neutron/dhcp/155aefd2-9d24-4e19-87a0-3e2d72d11dc2/addn_hosts - 3 addresses
Aug 27 14:42:28 gtw01 dnsmasq-dhcp[4615]: read /var/lib/neutron/dhcp/155aefd2-9d24-4e19-87a0-3e2d72d11dc2/host
Aug 27 14:42:28 gtw01 dnsmasq-dhcp[4615]: read /var/lib/neutron/dhcp/155aefd2-9d24-4e19-87a0-3e2d72d11dc2/opts
Aug 27 14:42:29 gtw01 dnsmasq[4615]: read /var/lib/neutron/dhcp/155aefd2-9d24-4e19-87a0-3e2d72d11dc2/addn_hosts - 3 addresses
Aug 27 14:42:29 gtw01 dnsmasq-dhcp[4615]: read /var/lib/neutron/dhcp/155aefd2-9d24-4e19-87a0-3e2d72d11dc2/host
Aug 27 14:42:29 gtw01 dnsmasq-dhcp[4615]: read /var/lib/neutron/dhcp/155aefd2-9d24-4e19-87a0-3e2d72d11dc2/opts
Aug 27 14:42:30 gtw01 dnsmasq[4615]: read /var/lib/neutron/dhcp/155aefd2-9d24-4e19-87a0-3e2d72d11dc2/addn_hosts - 3 addresses
Aug 27 14:42:30 gtw01 dnsmasq-dhcp[4615]: read /var/lib/neutron/dhcp/155aefd2-9d24-4e19-87a0-3e2d72d11dc2/host
Aug 27 14:42:30 gtw01 dnsmasq-dhcp[4615]: read /var/lib/neutron/dhcp/155aefd2-9d24-4e19-87a0-3e2d72d11dc2/opts
Aug 27 14:42:31 gtw01 kernel: [ 5418.123448] device qr-19f66d0e-db entered promiscuous mode
Aug 27 14:42:31 gtw01 systemd-udevd[5033]: link_config: autonegotiation is unset or enabled, the speed and duplex are not writable.
Aug 27 14:42:31 gtw01 systemd-udevd[5033]: Could not generate persistent MAC address for qr-19f66d0e-db: No such file or directory
Aug 27 14:42:31 gtw01 dnsmasq[4615]: read /var/lib/neutron/dhcp/155aefd2-9d24-4e19-87a0-3e2d72d11dc2/addn_hosts - 3 addresses
Aug 27 14:42:31 gtw01 dnsmasq-dhcp[4615]: read /var/lib/neutron/dhcp/155aefd2-9d24-4e19-87a0-3e2d72d11dc2/host
Aug 27 14:42:31 gtw01 dnsmasq-dhcp[4615]: read /var/lib/neutron/dhcp/155aefd2-9d24-4e19-87a0-3e2d72d11dc2/opts
Aug 27 14:42:32 gtw01 dnsmasq[28085]: read /var/lib/neutron/dhcp/66db1d17-7f4d-45d2-be75-f291eb507e7e/addn_hosts - 3 addresses
Aug 27 14:42:32 gtw01 dnsmasq-dhcp[28085]: read /var/lib/neutron/dhcp/66db1d17-7f4d-45d2-be75-f291eb507e7e/host
Aug 27 14:42:32 gtw01 dnsmasq-dhcp[28085]: read /var/lib/neutron/dhcp/66db1d17-7f4d-45d2-be75-f291eb507e7e/opts
Aug 27 14:42:32 gtw01 systemd-udevd[5158]: link_config: autonegotiation is unset or enabled, the speed and duplex are not writable.
Aug 27 14:42:32 gtw01 systemd-udevd[5158]: Could not generate persistent MAC address for vxlan_sys_4789: No such file or directory
Aug 27 14:42:32 gtw01 kernel: [ 5419.302371] device vxlan_sys_4789 entered promiscuous mode
Aug 27 14:42:32 gtw01 dnsmasq[4615]: read /var/lib/neutron/dhcp/155aefd2-9d24-4e19-87a0-3e2d72d11dc2/addn_hosts - 3 addresses
Aug 27 14:42:32 gtw01 dnsmasq-dhcp[4615]: read /var/lib/neutron/dhcp/155aefd2-9d24-4e19-87a0-3e2d72d11dc2/host
Aug 27 14:42:32 gtw01 dnsmasq-dhcp[4615]: read /var/lib/neutron/dhcp/155aefd2-9d24-4e19-87a0-3e2d72d11dc2/opts
Aug 27 14:42:33 gtw01 dnsmasq[28085]: read /var/lib/neutron/dhcp/66db1d17-7f4d-45d2-be75-f291eb507e7e/addn_hosts - 3 addresses
Aug 27 14:42:33 gtw01 dnsmasq-dhcp[28085]: read /var/lib/neutron/dhcp/66db1d17-7f4d-45d2-be75-f291eb507e7e/host
Aug 27 14:42:33 gtw01 dnsmasq-dhcp[28085]: read /var/lib/neutron/dhcp/66db1d17-7f4d-45d2-be75-f291eb507e7e/opts
Aug 27 14:42:34 gtw01 dnsmasq[28085]: read /var/lib/neutron/dhcp/66db1d17-7f4d-45d2-be75-f291eb507e7e/addn_hosts - 3 addresses
Aug 27 14:42:34 gtw01 dnsmasq-dhcp[28085]: read /var/lib/neutron/dhcp/66db1d17-7f4d-45d2-be75-f291eb507e7e/host
Aug 27 14:42:34 gtw01 dnsmasq-dhcp[28085]: read /var/lib/neutron/dhcp/66db1d17-7f4d-45d2-be75-f291eb507e7e/opts
Aug 27 14:42:38 gtw01 dnsmasq[28085]: read /var/lib/neutron/dhcp/66db1d17-7f4d-45d2-be75-f291eb507e7e/addn_hosts - 2 addresses
Aug 27 14:42:38 gtw01 dnsmasq-dhcp[28085]: read /var/lib/neutron/dhcp/66db1d17-7f4d-45d2-be75-f291eb507e7e/host
Aug 27 14:42:38 gtw01 dnsmasq-dhcp[28085]: read /var/lib/neutron/dhcp/66db1d17-7f4d-45d2-be75-f291eb507e7e/opts
Aug 27 14:42:43 gtw01 dnsmasq[28085]: read /var/lib/neutron/dhcp/66db1d17-7f4d-45d2-be75-f291eb507e7e/addn_hosts - 3 addresses
Aug 27 14:42:43 gtw01 dnsmasq-dhcp[28085]: read /var/lib/neutron/dhcp/66db1d17-7f4d-45d2-be75-f291eb507e7e/host
Aug 27 14:42:43 gtw01 dnsmasq-dhcp[28085]: read /var/lib/neutron/dhcp/66db1d17-7f4d-45d2-be75-f291eb507e7e/opts
Aug 27 14:42:43 gtw01 dnsmasq-dhcp[4615]: DHCPDISCOVER(tap8348099f-00) fa:16:3e:84:8c:44
Aug 27 14:42:43 gtw01 dnsmasq-dhcp[4615]: DHCPOFFER(tap8348099f-00) 192.168.120.14 fa:16:3e:84:8c:44
Aug 27 14:42:43 gtw01 dnsmasq-dhcp[4615]: DHCPREQUEST(tap8348099f-00) 192.168.120.14 fa:16:3e:84:8c:44
Aug 27 14:42:43 gtw01 dnsmasq-dhcp[4615]: DHCPACK(tap8348099f-00) 192.168.120.14 fa:16:3e:84:8c:44 host-192-168-120-14
Aug 27 14:42:44 gtw01 dnsmasq[28085]: read /var/lib/neutron/dhcp/66db1d17-7f4d-45d2-be75-f291eb507e7e/addn_hosts - 3 addresses
Aug 27 14:42:44 gtw01 dnsmasq-dhcp[28085]: read /var/lib/neutron/dhcp/66db1d17-7f4d-45d2-be75-f291eb507e7e/host
Aug 27 14:42:44 gtw01 dnsmasq-dhcp[28085]: read /var/lib/neutron/dhcp/66db1d17-7f4d-45d2-be75-f291eb507e7e/opts
Aug 27 14:42:45 gtw01 dnsmasq[28085]: read /var/lib/neutron/dhcp/66db1d17-7f4d-45d2-be75-f291eb507e7e/addn_hosts - 3 addresses
Aug 27 14:42:45 gtw01 dnsmasq-dhcp[28085]: read /var/lib/neutron/dhcp/66db1d17-7f4d-45d2-be75-f291eb507e7e/host
Aug 27 14:42:45 gtw01 dnsmasq-dhcp[28085]: read /var/lib/neutron/dhcp/66db1d17-7f4d-45d2-be75-f291eb507e7e/opts
Aug 27 14:42:57 gtw01 dnsmasq-dhcp[4615]: DHCPRELEASE(tap8348099f-00) 192.168.120.14 fa:16:3e:84:8c:44
Aug 27 14:42:57 gtw01 dnsmasq-dhcp[28085]: DHCPDISCOVER(tap8737446b-fb) fa:16:3e:14:c2:e6
Aug 27 14:42:57 gtw01 dnsmasq-dhcp[28085]: DHCPOFFER(tap8737446b-fb) 192.168.120.64 fa:16:3e:14:c2:e6
Aug 27 14:42:57 gtw01 dnsmasq-dhcp[28085]: DHCPREQUEST(tap8737446b-fb) 192.168.120.64 fa:16:3e:14:c2:e6
Aug 27 14:42:57 gtw01 dnsmasq-dhcp[28085]: DHCPACK(tap8737446b-fb) 192.168.120.64 fa:16:3e:14:c2:e6 host-192-168-120-64
Aug 27 14:43:09 gtw01 dnsmasq-dhcp[28085]: DHCPRELEASE(tap8737446b-fb) 192.168.120.64 fa:16:3e:14:c2:e6
Aug 27 14:43:14 gtw01 dnsmasq-dhcp[4615]: DHCPDISCOVER(tap8348099f-00) fa:16:3e:84:8c:44
Aug 27 14:43:14 gtw01 dnsmasq-dhcp[4615]: DHCPOFFER(tap8348099f-00) 192.168.120.14 fa:16:3e:84:8c:44
Aug 27 14:43:14 gtw01 dnsmasq-dhcp[4615]: DHCPREQUEST(tap8348099f-00) 192.168.120.14 fa:16:3e:84:8c:44
Aug 27 14:43:14 gtw01 dnsmasq-dhcp[4615]: DHCPACK(tap8348099f-00) 192.168.120.14 fa:16:3e:84:8c:44 host-192-168-120-14
Aug 27 14:43:15 gtw01 dnsmasq[28085]: read /var/lib/neutron/dhcp/66db1d17-7f4d-45d2-be75-f291eb507e7e/addn_hosts - 2 addresses
Aug 27 14:43:15 gtw01 dnsmasq-dhcp[28085]: read /var/lib/neutron/dhcp/66db1d17-7f4d-45d2-be75-f291eb507e7e/host
Aug 27 14:43:15 gtw01 dnsmasq-dhcp[28085]: read /var/lib/neutron/dhcp/66db1d17-7f4d-45d2-be75-f291eb507e7e/opts
Aug 27 14:43:21 gtw01 dnsmasq-dhcp[4615]: DHCPRELEASE(tap8348099f-00) 192.168.120.14 fa:16:3e:84:8c:44
Aug 27 14:43:26 gtw01 kernel: [ 5473.832739] device vxlan_sys_4789 left promiscuous mode
Aug 27 14:43:28 gtw01 systemd-udevd[5538]: link_config: autonegotiation is unset or enabled, the speed and duplex are not writable.
Aug 27 14:43:28 gtw01 systemd-udevd[5538]: Could not generate persistent MAC address for vxlan_sys_4789: No such file or directory
Aug 27 14:43:28 gtw01 kernel: [ 5475.286310] device vxlan_sys_4789 entered promiscuous mode
Aug 27 14:43:32 gtw01 systemd-udevd[5624]: link_config: autonegotiation is unset or enabled, the speed and duplex are not writable.
Aug 27 14:43:32 gtw01 systemd-udevd[5624]: Could not generate persistent MAC address for tapb93878ee-26: No such file or directory
Aug 27 14:43:32 gtw01 kernel: [ 5479.470224] device tapb93878ee-26 entered promiscuous mode
Aug 27 14:43:32 gtw01 systemd-udevd[5624]: Process '/sbin/ip link set tapb93878ee-26 txqueuelen 10000' failed with exit code 1.
Aug 27 14:43:32 gtw01 systemd-udevd[5699]: Process '/sbin/ip link set tapb93878ee-26 txqueuelen 10000' failed with exit code 1.
Aug 27 14:43:35 gtw01 dnsmasq[5774]: started, version 2.79 cachesize 150
Aug 27 14:43:35 gtw01 dnsmasq[5774]: DNS service limited to local subnets
Aug 27 14:43:35 gtw01 dnsmasq[5774]: compile time options: IPv6 GNU-getopt DBus i18n IDN DHCP DHCPv6 no-Lua TFTP conntrack ipset auth DNSSEC loop-detect inotify
Aug 27 14:43:35 gtw01 dnsmasq[5774]: warning: no upstream servers configured
Aug 27 14:43:35 gtw01 dnsmasq-dhcp[5774]: DHCP, static leases only on 192.168.120.240, lease time 1h
Aug 27 14:43:35 gtw01 dnsmasq[5774]: read /var/lib/neutron/dhcp/c9153c6d-d02c-4b9a-8c8b-43387ad35878/addn_hosts - 1 addresses
Aug 27 14:43:35 gtw01 dnsmasq-dhcp[5774]: read /var/lib/neutron/dhcp/c9153c6d-d02c-4b9a-8c8b-43387ad35878/host
Aug 27 14:43:35 gtw01 dnsmasq-dhcp[5774]: read /var/lib/neutron/dhcp/c9153c6d-d02c-4b9a-8c8b-43387ad35878/opts
Aug 27 14:43:36 gtw01 dnsmasq[5774]: read /var/lib/neutron/dhcp/c9153c6d-d02c-4b9a-8c8b-43387ad35878/addn_hosts - 1 addresses
Aug 27 14:43:36 gtw01 dnsmasq-dhcp[5774]: read /var/lib/neutron/dhcp/c9153c6d-d02c-4b9a-8c8b-43387ad35878/host
Aug 27 14:43:36 gtw01 dnsmasq-dhcp[5774]: read /var/lib/neutron/dhcp/c9153c6d-d02c-4b9a-8c8b-43387ad35878/opts
Aug 27 14:43:37 gtw01 dnsmasq[5774]: read /var/lib/neutron/dhcp/c9153c6d-d02c-4b9a-8c8b-43387ad35878/addn_hosts - 1 addresses
Aug 27 14:43:37 gtw01 dnsmasq-dhcp[5774]: read /var/lib/neutron/dhcp/c9153c6d-d02c-4b9a-8c8b-43387ad35878/host
Aug 27 14:43:37 gtw01 dnsmasq-dhcp[5774]: read /var/lib/neutron/dhcp/c9153c6d-d02c-4b9a-8c8b-43387ad35878/opts
Aug 27 14:43:38 gtw01 dnsmasq[5774]: read /var/lib/neutron/dhcp/c9153c6d-d02c-4b9a-8c8b-43387ad35878/addn_hosts - 1 addresses
Aug 27 14:43:38 gtw01 dnsmasq-dhcp[5774]: read /var/lib/neutron/dhcp/c9153c6d-d02c-4b9a-8c8b-43387ad35878/host
Aug 27 14:43:38 gtw01 dnsmasq-dhcp[5774]: read /var/lib/neutron/dhcp/c9153c6d-d02c-4b9a-8c8b-43387ad35878/opts
Aug 27 14:43:38 gtw01 dnsmasq-dhcp[4615]: DHCPDISCOVER(tap8348099f-00) fa:16:3e:84:8c:44
Aug 27 14:43:38 gtw01 dnsmasq-dhcp[4615]: DHCPOFFER(tap8348099f-00) 192.168.120.14 fa:16:3e:84:8c:44
Aug 27 14:43:38 gtw01 dnsmasq-dhcp[4615]: DHCPREQUEST(tap8348099f-00) 192.168.120.14 fa:16:3e:84:8c:44
Aug 27 14:43:38 gtw01 dnsmasq-dhcp[4615]: DHCPACK(tap8348099f-00) 192.168.120.14 fa:16:3e:84:8c:44 host-192-168-120-14
Aug 27 14:43:46 gtw01 dnsmasq-dhcp[4615]: DHCPRELEASE(tap8348099f-00) 192.168.120.14 fa:16:3e:84:8c:44
Aug 27 14:43:47 gtw01 dnsmasq-dhcp[4615]: DHCPRELEASE(tap8348099f-00) 192.168.120.14 fa:16:3e:84:8c:44 unknown lease
Aug 27 14:43:47 gtw01 kernel: [ 5494.324136] device vxlan_sys_4789 left promiscuous mode
Aug 27 14:43:47 gtw01 dnsmasq[4615]: read /var/lib/neutron/dhcp/155aefd2-9d24-4e19-87a0-3e2d72d11dc2/addn_hosts - 2 addresses
Aug 27 14:43:47 gtw01 dnsmasq-dhcp[4615]: read /var/lib/neutron/dhcp/155aefd2-9d24-4e19-87a0-3e2d72d11dc2/host
Aug 27 14:43:47 gtw01 dnsmasq-dhcp[4615]: read /var/lib/neutron/dhcp/155aefd2-9d24-4e19-87a0-3e2d72d11dc2/opts
Aug 27 14:43:56 gtw01 dnsmasq[4615]: read /var/lib/neutron/dhcp/155aefd2-9d24-4e19-87a0-3e2d72d11dc2/addn_hosts - 3 addresses
Aug 27 14:43:56 gtw01 dnsmasq-dhcp[4615]: read /var/lib/neutron/dhcp/155aefd2-9d24-4e19-87a0-3e2d72d11dc2/host
Aug 27 14:43:56 gtw01 dnsmasq-dhcp[4615]: read /var/lib/neutron/dhcp/155aefd2-9d24-4e19-87a0-3e2d72d11dc2/opts
Aug 27 14:43:57 gtw01 dnsmasq[4615]: read /var/lib/neutron/dhcp/155aefd2-9d24-4e19-87a0-3e2d72d11dc2/addn_hosts - 3 addresses
Aug 27 14:43:57 gtw01 dnsmasq-dhcp[4615]: read /var/lib/neutron/dhcp/155aefd2-9d24-4e19-87a0-3e2d72d11dc2/host
Aug 27 14:43:57 gtw01 dnsmasq-dhcp[4615]: read /var/lib/neutron/dhcp/155aefd2-9d24-4e19-87a0-3e2d72d11dc2/opts
Aug 27 14:43:58 gtw01 dnsmasq[4615]: read /var/lib/neutron/dhcp/155aefd2-9d24-4e19-87a0-3e2d72d11dc2/addn_hosts - 3 addresses
Aug 27 14:43:58 gtw01 dnsmasq-dhcp[4615]: read /var/lib/neutron/dhcp/155aefd2-9d24-4e19-87a0-3e2d72d11dc2/host
Aug 27 14:43:58 gtw01 dnsmasq-dhcp[4615]: read /var/lib/neutron/dhcp/155aefd2-9d24-4e19-87a0-3e2d72d11dc2/opts
Aug 27 14:44:00 gtw01 systemd-udevd[5974]: link_config: autonegotiation is unset or enabled, the speed and duplex are not writable.
Aug 27 14:44:00 gtw01 systemd-udevd[5974]: Could not generate persistent MAC address for vxlan_sys_4789: No such file or directory
Aug 27 14:44:00 gtw01 kernel: [ 5507.499605] device vxlan_sys_4789 entered promiscuous mode
Aug 27 14:44:04 gtw01 kernel: [ 5511.173007] device tapc12cc2d8-47 entered promiscuous mode
Aug 27 14:44:04 gtw01 systemd-udevd[6069]: link_config: autonegotiation is unset or enabled, the speed and duplex are not writable.
Aug 27 14:44:04 gtw01 systemd-udevd[6069]: Could not generate persistent MAC address for tapc12cc2d8-47: No such file or directory
Aug 27 14:44:04 gtw01 systemd-udevd[6069]: Process '/sbin/ip link set tapc12cc2d8-47 txqueuelen 10000' failed with exit code 1.
Aug 27 14:44:04 gtw01 systemd-udevd[6069]: Process '/sbin/ip link set tapc12cc2d8-47 txqueuelen 10000' failed with exit code 1.
Aug 27 14:44:07 gtw01 dnsmasq[6252]: started, version 2.79 cachesize 150
Aug 27 14:44:07 gtw01 dnsmasq[6252]: DNS service limited to local subnets
Aug 27 14:44:07 gtw01 dnsmasq[6252]: compile time options: IPv6 GNU-getopt DBus i18n IDN DHCP DHCPv6 no-Lua TFTP conntrack ipset auth DNSSEC loop-detect inotify
Aug 27 14:44:07 gtw01 dnsmasq[6252]: warning: no upstream servers configured
Aug 27 14:44:07 gtw01 dnsmasq-dhcp[6252]: DHCP, static leases only on 192.168.120.0, lease time 1h
Aug 27 14:44:07 gtw01 dnsmasq[6252]: read /var/lib/neutron/dhcp/65509a9c-80ab-45a1-99ab-78a1faef7d64/addn_hosts - 1 addresses
Aug 27 14:44:07 gtw01 dnsmasq-dhcp[6252]: read /var/lib/neutron/dhcp/65509a9c-80ab-45a1-99ab-78a1faef7d64/host
Aug 27 14:44:07 gtw01 dnsmasq-dhcp[6252]: read /var/lib/neutron/dhcp/65509a9c-80ab-45a1-99ab-78a1faef7d64/opts
Aug 27 14:44:08 gtw01 kernel: [ 5515.480993] device tapc12cc2d8-47 left promiscuous mode
Aug 27 14:44:11 gtw01 dnsmasq-dhcp[4615]: DHCPDISCOVER(tap8348099f-00) fa:16:3e:bc:89:90
Aug 27 14:44:11 gtw01 dnsmasq-dhcp[4615]: DHCPOFFER(tap8348099f-00) 192.168.120.10 fa:16:3e:bc:89:90
Aug 27 14:44:11 gtw01 dnsmasq-dhcp[4615]: DHCPREQUEST(tap8348099f-00) 192.168.120.10 fa:16:3e:bc:89:90
Aug 27 14:44:11 gtw01 dnsmasq-dhcp[4615]: DHCPACK(tap8348099f-00) 192.168.120.10 fa:16:3e:bc:89:90 host-192-168-120-10
Aug 27 14:44:12 gtw01 kernel: [ 5519.160682] device tapc4011d3c-39 entered promiscuous mode
Aug 27 14:44:12 gtw01 systemd-udevd[6320]: link_config: autonegotiation is unset or enabled, the speed and duplex are not writable.
Aug 27 14:44:12 gtw01 systemd-udevd[6320]: Could not generate persistent MAC address for tapc4011d3c-39: No such file or directory
Aug 27 14:44:12 gtw01 systemd-udevd[6320]: Process '/sbin/ip link set tapc4011d3c-39 txqueuelen 10000' failed with exit code 1.
Aug 27 14:44:12 gtw01 systemd-udevd[6393]: Process '/sbin/ip link set tapc4011d3c-39 txqueuelen 10000' failed with exit code 1.
Aug 27 14:44:15 gtw01 dnsmasq[6472]: started, version 2.79 cachesize 150
Aug 27 14:44:15 gtw01 dnsmasq[6472]: DNS service limited to local subnets
Aug 27 14:44:15 gtw01 dnsmasq[6472]: compile time options: IPv6 GNU-getopt DBus i18n IDN DHCP DHCPv6 no-Lua TFTP conntrack ipset auth DNSSEC loop-detect inotify
Aug 27 14:44:15 gtw01 dnsmasq[6472]: warning: no upstream servers configured
Aug 27 14:44:15 gtw01 dnsmasq-dhcp[6472]: DHCP, static leases only on 192.168.120.0, lease time 1h
Aug 27 14:44:15 gtw01 dnsmasq[6472]: read /var/lib/neutron/dhcp/840cadb0-5981-450f-bc9b-f139f3f76a99/addn_hosts - 1 addresses
Aug 27 14:44:15 gtw01 dnsmasq-dhcp[6472]: read /var/lib/neutron/dhcp/840cadb0-5981-450f-bc9b-f139f3f76a99/host
Aug 27 14:44:15 gtw01 dnsmasq-dhcp[6472]: read /var/lib/neutron/dhcp/840cadb0-5981-450f-bc9b-f139f3f76a99/opts
Aug 27 14:44:15 gtw01 kernel: [ 5522.897002] device tapb93878ee-26 left promiscuous mode
Aug 27 14:44:16 gtw01 kernel: [ 5523.350619] device tapc4011d3c-39 left promiscuous mode
Aug 27 14:44:21 gtw01 dnsmasq-dhcp[4615]: DHCPRELEASE(tap8348099f-00) 192.168.120.10 fa:16:3e:bc:89:90
Aug 27 14:44:21 gtw01 dnsmasq-dhcp[4615]: DHCPRELEASE(tap8348099f-00) 192.168.120.10 fa:16:3e:bc:89:90 unknown lease
Aug 27 14:44:21 gtw01 kernel: [ 5528.411632] device vxlan_sys_4789 left promiscuous mode
Aug 27 14:44:21 gtw01 ovs-vswitchd: ovs|00058|netdev_tc_offloads(revalidator32)|ERR|dump_create: failed to get ifindex for vxlan-0a010006: No such device
Aug 27 14:44:22 gtw01 dnsmasq[4615]: read /var/lib/neutron/dhcp/155aefd2-9d24-4e19-87a0-3e2d72d11dc2/addn_hosts - 2 addresses
Aug 27 14:44:22 gtw01 dnsmasq-dhcp[4615]: read /var/lib/neutron/dhcp/155aefd2-9d24-4e19-87a0-3e2d72d11dc2/host
Aug 27 14:44:22 gtw01 dnsmasq-dhcp[4615]: read /var/lib/neutron/dhcp/155aefd2-9d24-4e19-87a0-3e2d72d11dc2/opts
Aug 27 14:44:24 gtw01 systemd-udevd[6594]: link_config: autonegotiation is unset or enabled, the speed and duplex are not writable.
Aug 27 14:44:24 gtw01 systemd-udevd[6594]: Could not generate persistent MAC address for tap258b3f5c-9d: No such file or directory
Aug 27 14:44:24 gtw01 kernel: [ 5531.105402] device tap258b3f5c-9d entered promiscuous mode
Aug 27 14:44:24 gtw01 systemd-udevd[6594]: Process '/sbin/ip link set tap258b3f5c-9d txqueuelen 10000' failed with exit code 1.
Aug 27 14:44:24 gtw01 systemd-udevd[6669]: Process '/sbin/ip link set tap258b3f5c-9d txqueuelen 10000' failed with exit code 1.
Aug 27 14:44:25 gtw01 systemd-udevd[6728]: link_config: autonegotiation is unset or enabled, the speed and duplex are not writable.
Aug 27 14:44:25 gtw01 systemd-udevd[6728]: Could not generate persistent MAC address for tapf14c4e03-d0: No such file or directory
Aug 27 14:44:25 gtw01 kernel: [ 5532.365961] device tapf14c4e03-d0 entered promiscuous mode
Aug 27 14:44:25 gtw01 systemd-udevd[6728]: Process '/sbin/ip link set tapf14c4e03-d0 txqueuelen 10000' failed with exit code 1.
Aug 27 14:44:25 gtw01 systemd-udevd[6728]: Process '/sbin/ip link set tapf14c4e03-d0 txqueuelen 10000' failed with exit code 1.
Aug 27 14:44:26 gtw01 systemd-udevd[6865]: link_config: autonegotiation is unset or enabled, the speed and duplex are not writable.
Aug 27 14:44:26 gtw01 systemd-udevd[6865]: Could not generate persistent MAC address for tapc0603660-1e: No such file or directory
Aug 27 14:44:26 gtw01 kernel: [ 5533.393385] device tapc0603660-1e entered promiscuous mode
Aug 27 14:44:26 gtw01 systemd-udevd[6865]: Process '/sbin/ip link set tapc0603660-1e txqueuelen 10000' failed with exit code 1.
Aug 27 14:44:26 gtw01 systemd-udevd[6941]: Process '/sbin/ip link set tapc0603660-1e txqueuelen 10000' failed with exit code 1.
Aug 27 14:44:27 gtw01 dnsmasq[6989]: started, version 2.79 cachesize 150
Aug 27 14:44:27 gtw01 dnsmasq[6989]: DNS service limited to local subnets
Aug 27 14:44:27 gtw01 dnsmasq[6989]: compile time options: IPv6 GNU-getopt DBus i18n IDN DHCP DHCPv6 no-Lua TFTP conntrack ipset auth DNSSEC loop-detect inotify
Aug 27 14:44:27 gtw01 dnsmasq[6989]: warning: no upstream servers configured
Aug 27 14:44:27 gtw01 dnsmasq-dhcp[6989]: DHCP, static leases only on 192.168.120.0, lease time 1h
Aug 27 14:44:27 gtw01 dnsmasq[6989]: read /var/lib/neutron/dhcp/1e573454-857f-4191-b531-7526647423e7/addn_hosts - 1 addresses
Aug 27 14:44:27 gtw01 dnsmasq-dhcp[6989]: read /var/lib/neutron/dhcp/1e573454-857f-4191-b531-7526647423e7/host
Aug 27 14:44:27 gtw01 dnsmasq-dhcp[6989]: read /var/lib/neutron/dhcp/1e573454-857f-4191-b531-7526647423e7/opts
Aug 27 14:44:28 gtw01 dnsmasq[6989]: read /var/lib/neutron/dhcp/1e573454-857f-4191-b531-7526647423e7/addn_hosts - 1 addresses
Aug 27 14:44:28 gtw01 dnsmasq-dhcp[6989]: read /var/lib/neutron/dhcp/1e573454-857f-4191-b531-7526647423e7/host
Aug 27 14:44:28 gtw01 dnsmasq-dhcp[6989]: read /var/lib/neutron/dhcp/1e573454-857f-4191-b531-7526647423e7/opts
Aug 27 14:44:28 gtw01 dnsmasq[7065]: started, version 2.79 cachesize 150
Aug 27 14:44:28 gtw01 dnsmasq[7065]: DNS service limited to local subnets
Aug 27 14:44:28 gtw01 dnsmasq[7065]: compile time options: IPv6 GNU-getopt DBus i18n IDN DHCP DHCPv6 no-Lua TFTP conntrack ipset auth DNSSEC loop-detect inotify
Aug 27 14:44:28 gtw01 dnsmasq[7065]: warning: no upstream servers configured
Aug 27 14:44:28 gtw01 dnsmasq-dhcp[7065]: DHCP, static leases only on 192.168.120.0, lease time 1h
Aug 27 14:44:28 gtw01 dnsmasq[7065]: read /var/lib/neutron/dhcp/5dc36696-c9a3-46b5-9fcc-546f66885a2d/addn_hosts - 1 addresses
Aug 27 14:44:28 gtw01 dnsmasq-dhcp[7065]: read /var/lib/neutron/dhcp/5dc36696-c9a3-46b5-9fcc-546f66885a2d/host
Aug 27 14:44:28 gtw01 dnsmasq-dhcp[7065]: read /var/lib/neutron/dhcp/5dc36696-c9a3-46b5-9fcc-546f66885a2d/opts
Aug 27 14:44:29 gtw01 dnsmasq[6989]: read /var/lib/neutron/dhcp/1e573454-857f-4191-b531-7526647423e7/addn_hosts - 1 addresses
Aug 27 14:44:29 gtw01 dnsmasq-dhcp[6989]: read /var/lib/neutron/dhcp/1e573454-857f-4191-b531-7526647423e7/host
Aug 27 14:44:29 gtw01 dnsmasq-dhcp[6989]: read /var/lib/neutron/dhcp/1e573454-857f-4191-b531-7526647423e7/opts
Aug 27 14:44:29 gtw01 dnsmasq[7065]: read /var/lib/neutron/dhcp/5dc36696-c9a3-46b5-9fcc-546f66885a2d/addn_hosts - 1 addresses
Aug 27 14:44:29 gtw01 dnsmasq-dhcp[7065]: read /var/lib/neutron/dhcp/5dc36696-c9a3-46b5-9fcc-546f66885a2d/host
Aug 27 14:44:29 gtw01 dnsmasq-dhcp[7065]: read /var/lib/neutron/dhcp/5dc36696-c9a3-46b5-9fcc-546f66885a2d/opts
Aug 27 14:44:29 gtw01 dnsmasq[7115]: started, version 2.79 cachesize 150
Aug 27 14:44:29 gtw01 dnsmasq[7115]: DNS service limited to local subnets
Aug 27 14:44:29 gtw01 dnsmasq[7115]: compile time options: IPv6 GNU-getopt DBus i18n IDN DHCP DHCPv6 no-Lua TFTP conntrack ipset auth DNSSEC loop-detect inotify
Aug 27 14:44:29 gtw01 dnsmasq[7115]: warning: no upstream servers configured
Aug 27 14:44:29 gtw01 dnsmasq-dhcp[7115]: DHCP, static leases only on 192.168.120.0, lease time 1h
Aug 27 14:44:29 gtw01 dnsmasq[7115]: read /var/lib/neutron/dhcp/d2a40343-5ac8-44f6-8ff1-70d353fdec6a/addn_hosts - 1 addresses
Aug 27 14:44:29 gtw01 dnsmasq-dhcp[7115]: read /var/lib/neutron/dhcp/d2a40343-5ac8-44f6-8ff1-70d353fdec6a/host
Aug 27 14:44:29 gtw01 dnsmasq-dhcp[7115]: read /var/lib/neutron/dhcp/d2a40343-5ac8-44f6-8ff1-70d353fdec6a/opts
Aug 27 14:44:30 gtw01 dnsmasq[6989]: read /var/lib/neutron/dhcp/1e573454-857f-4191-b531-7526647423e7/addn_hosts - 1 addresses
Aug 27 14:44:30 gtw01 dnsmasq-dhcp[6989]: read /var/lib/neutron/dhcp/1e573454-857f-4191-b531-7526647423e7/host
Aug 27 14:44:30 gtw01 dnsmasq-dhcp[6989]: read /var/lib/neutron/dhcp/1e573454-857f-4191-b531-7526647423e7/opts
Aug 27 14:44:30 gtw01 dnsmasq[7115]: read /var/lib/neutron/dhcp/d2a40343-5ac8-44f6-8ff1-70d353fdec6a/addn_hosts - 1 addresses
Aug 27 14:44:30 gtw01 dnsmasq-dhcp[7115]: read /var/lib/neutron/dhcp/d2a40343-5ac8-44f6-8ff1-70d353fdec6a/host
Aug 27 14:44:30 gtw01 dnsmasq-dhcp[7115]: read /var/lib/neutron/dhcp/d2a40343-5ac8-44f6-8ff1-70d353fdec6a/opts
Aug 27 14:44:30 gtw01 dnsmasq[7065]: read /var/lib/neutron/dhcp/5dc36696-c9a3-46b5-9fcc-546f66885a2d/addn_hosts - 1 addresses
Aug 27 14:44:30 gtw01 dnsmasq-dhcp[7065]: read /var/lib/neutron/dhcp/5dc36696-c9a3-46b5-9fcc-546f66885a2d/host
Aug 27 14:44:30 gtw01 dnsmasq-dhcp[7065]: read /var/lib/neutron/dhcp/5dc36696-c9a3-46b5-9fcc-546f66885a2d/opts
Aug 27 14:44:31 gtw01 dnsmasq[4615]: read /var/lib/neutron/dhcp/155aefd2-9d24-4e19-87a0-3e2d72d11dc2/addn_hosts - 1 addresses
Aug 27 14:44:31 gtw01 dnsmasq-dhcp[4615]: read /var/lib/neutron/dhcp/155aefd2-9d24-4e19-87a0-3e2d72d11dc2/host
Aug 27 14:44:31 gtw01 dnsmasq-dhcp[4615]: read /var/lib/neutron/dhcp/155aefd2-9d24-4e19-87a0-3e2d72d11dc2/opts
Aug 27 14:44:31 gtw01 dnsmasq[7115]: read /var/lib/neutron/dhcp/d2a40343-5ac8-44f6-8ff1-70d353fdec6a/addn_hosts - 1 addresses
Aug 27 14:44:31 gtw01 dnsmasq-dhcp[7115]: read /var/lib/neutron/dhcp/d2a40343-5ac8-44f6-8ff1-70d353fdec6a/host
Aug 27 14:44:31 gtw01 dnsmasq-dhcp[7115]: read /var/lib/neutron/dhcp/d2a40343-5ac8-44f6-8ff1-70d353fdec6a/opts
Aug 27 14:44:31 gtw01 dnsmasq[7065]: read /var/lib/neutron/dhcp/5dc36696-c9a3-46b5-9fcc-546f66885a2d/addn_hosts - 2 addresses
Aug 27 14:44:31 gtw01 dnsmasq-dhcp[7065]: read /var/lib/neutron/dhcp/5dc36696-c9a3-46b5-9fcc-546f66885a2d/host
Aug 27 14:44:31 gtw01 dnsmasq-dhcp[7065]: read /var/lib/neutron/dhcp/5dc36696-c9a3-46b5-9fcc-546f66885a2d/opts
Aug 27 14:44:32 gtw01 dnsmasq[7115]: read /var/lib/neutron/dhcp/d2a40343-5ac8-44f6-8ff1-70d353fdec6a/addn_hosts - 1 addresses
Aug 27 14:44:32 gtw01 dnsmasq-dhcp[7115]: read /var/lib/neutron/dhcp/d2a40343-5ac8-44f6-8ff1-70d353fdec6a/host
Aug 27 14:44:32 gtw01 dnsmasq-dhcp[7115]: read /var/lib/neutron/dhcp/d2a40343-5ac8-44f6-8ff1-70d353fdec6a/opts
Aug 27 14:44:32 gtw01 dnsmasq[7065]: read /var/lib/neutron/dhcp/5dc36696-c9a3-46b5-9fcc-546f66885a2d/addn_hosts - 2 addresses
Aug 27 14:44:32 gtw01 dnsmasq-dhcp[7065]: read /var/lib/neutron/dhcp/5dc36696-c9a3-46b5-9fcc-546f66885a2d/host
Aug 27 14:44:32 gtw01 dnsmasq-dhcp[7065]: read /var/lib/neutron/dhcp/5dc36696-c9a3-46b5-9fcc-546f66885a2d/opts
Aug 27 14:44:33 gtw01 kernel: [ 5540.085287] device qr-19f66d0e-db left promiscuous mode
Aug 27 14:44:33 gtw01 kernel: [ 5540.774931] device qg-0c1fd4da-b9 left promiscuous mode
Aug 27 14:44:33 gtw01 dnsmasq[7065]: read /var/lib/neutron/dhcp/5dc36696-c9a3-46b5-9fcc-546f66885a2d/addn_hosts - 2 addresses
Aug 27 14:44:33 gtw01 dnsmasq-dhcp[7065]: read /var/lib/neutron/dhcp/5dc36696-c9a3-46b5-9fcc-546f66885a2d/host
Aug 27 14:44:33 gtw01 dnsmasq-dhcp[7065]: read /var/lib/neutron/dhcp/5dc36696-c9a3-46b5-9fcc-546f66885a2d/opts
Aug 27 14:44:34 gtw01 dnsmasq[6989]: read /var/lib/neutron/dhcp/1e573454-857f-4191-b531-7526647423e7/addn_hosts - 2 addresses
Aug 27 14:44:34 gtw01 dnsmasq-dhcp[6989]: read /var/lib/neutron/dhcp/1e573454-857f-4191-b531-7526647423e7/host
Aug 27 14:44:34 gtw01 dnsmasq-dhcp[6989]: read /var/lib/neutron/dhcp/1e573454-857f-4191-b531-7526647423e7/opts
Aug 27 14:44:34 gtw01 systemd-udevd[7337]: link_config: autonegotiation is unset or enabled, the speed and duplex are not writable.
Aug 27 14:44:34 gtw01 systemd-udevd[7337]: Could not generate persistent MAC address for tap92ae7b51-52: No such file or directory
Aug 27 14:44:34 gtw01 kernel: [ 5541.174319] device tap92ae7b51-52 entered promiscuous mode
Aug 27 14:44:34 gtw01 systemd-udevd[7337]: Process '/sbin/ip link set tap92ae7b51-52 txqueuelen 10000' failed with exit code 1.
Aug 27 14:44:34 gtw01 systemd-udevd[7413]: Process '/sbin/ip link set tap92ae7b51-52 txqueuelen 10000' failed with exit code 1.
Aug 27 14:44:34 gtw01 dnsmasq[7065]: read /var/lib/neutron/dhcp/5dc36696-c9a3-46b5-9fcc-546f66885a2d/addn_hosts - 1 addresses
Aug 27 14:44:34 gtw01 dnsmasq-dhcp[7065]: read /var/lib/neutron/dhcp/5dc36696-c9a3-46b5-9fcc-546f66885a2d/host
Aug 27 14:44:34 gtw01 dnsmasq-dhcp[7065]: read /var/lib/neutron/dhcp/5dc36696-c9a3-46b5-9fcc-546f66885a2d/opts
Aug 27 14:44:35 gtw01 dnsmasq[6989]: read /var/lib/neutron/dhcp/1e573454-857f-4191-b531-7526647423e7/addn_hosts - 2 addresses
Aug 27 14:44:35 gtw01 dnsmasq-dhcp[6989]: read /var/lib/neutron/dhcp/1e573454-857f-4191-b531-7526647423e7/host
Aug 27 14:44:35 gtw01 dnsmasq-dhcp[6989]: read /var/lib/neutron/dhcp/1e573454-857f-4191-b531-7526647423e7/opts
Aug 27 14:44:36 gtw01 kernel: [ 5542.979337] device tap8348099f-00 left promiscuous mode
Aug 27 14:44:37 gtw01 dnsmasq[6989]: read /var/lib/neutron/dhcp/1e573454-857f-4191-b531-7526647423e7/addn_hosts - 1 addresses
Aug 27 14:44:37 gtw01 dnsmasq-dhcp[6989]: read /var/lib/neutron/dhcp/1e573454-857f-4191-b531-7526647423e7/host
Aug 27 14:44:37 gtw01 dnsmasq-dhcp[6989]: read /var/lib/neutron/dhcp/1e573454-857f-4191-b531-7526647423e7/opts
Aug 27 14:44:37 gtw01 dnsmasq[7600]: started, version 2.79 cachesize 150
Aug 27 14:44:37 gtw01 dnsmasq[7600]: DNS service limited to local subnets
Aug 27 14:44:37 gtw01 dnsmasq[7600]: compile time options: IPv6 GNU-getopt DBus i18n IDN DHCP DHCPv6 no-Lua TFTP conntrack ipset auth DNSSEC loop-detect inotify
Aug 27 14:44:37 gtw01 dnsmasq[7600]: warning: no upstream servers configured
Aug 27 14:44:37 gtw01 dnsmasq-dhcp[7600]: DHCP, static leases only on 192.168.121.0, lease time 1h
Aug 27 14:44:37 gtw01 dnsmasq[7600]: read /var/lib/neutron/dhcp/e814649c-abe7-4a0c-a03d-12067abbc07f/addn_hosts - 1 addresses
Aug 27 14:44:37 gtw01 dnsmasq-dhcp[7600]: read /var/lib/neutron/dhcp/e814649c-abe7-4a0c-a03d-12067abbc07f/host
Aug 27 14:44:37 gtw01 dnsmasq-dhcp[7600]: read /var/lib/neutron/dhcp/e814649c-abe7-4a0c-a03d-12067abbc07f/opts
Aug 27 14:44:38 gtw01 dnsmasq[7600]: read /var/lib/neutron/dhcp/e814649c-abe7-4a0c-a03d-12067abbc07f/addn_hosts - 1 addresses
Aug 27 14:44:38 gtw01 dnsmasq-dhcp[7600]: read /var/lib/neutron/dhcp/e814649c-abe7-4a0c-a03d-12067abbc07f/host
Aug 27 14:44:38 gtw01 dnsmasq-dhcp[7600]: read /var/lib/neutron/dhcp/e814649c-abe7-4a0c-a03d-12067abbc07f/opts
Aug 27 14:44:40 gtw01 kernel: [ 5547.074795] device tap92ae7b51-52 left promiscuous mode
Aug 27 14:44:42 gtw01 kernel: [ 5549.751167] device tapc0603660-1e left promiscuous mode
Aug 27 14:44:44 gtw01 kernel: [ 5551.115936] device tapf14c4e03-d0 left promiscuous mode
Aug 27 14:44:48 gtw01 kernel: [ 5555.145677] device tap258b3f5c-9d left promiscuous mode
Aug 27 14:45:52 gtw01 dnsmasq[28085]: read /var/lib/neutron/dhcp/66db1d17-7f4d-45d2-be75-f291eb507e7e/addn_hosts - 1 addresses
Aug 27 14:45:52 gtw01 dnsmasq-dhcp[28085]: read /var/lib/neutron/dhcp/66db1d17-7f4d-45d2-be75-f291eb507e7e/host
Aug 27 14:45:52 gtw01 dnsmasq-dhcp[28085]: read /var/lib/neutron/dhcp/66db1d17-7f4d-45d2-be75-f291eb507e7e/opts
Aug 27 14:45:54 gtw01 kernel: [ 5621.267597] device qr-a6e291b5-bd left promiscuous mode
Aug 27 14:45:56 gtw01 kernel: [ 5623.808046] device qg-290b53c8-b6 left promiscuous mode
Aug 27 14:45:57 gtw01 kernel: [ 5624.280075] device tap8737446b-fb left promiscuous mode
Aug 27 14:46:06 gtw01 kernel: [ 5633.514113] device tap4b173320-89 entered promiscuous mode
Aug 27 14:46:06 gtw01 systemd-udevd[7915]: link_config: autonegotiation is unset or enabled, the speed and duplex are not writable.
Aug 27 14:46:06 gtw01 systemd-udevd[7915]: Could not generate persistent MAC address for tap4b173320-89: No such file or directory
Aug 27 14:46:06 gtw01 systemd-udevd[7915]: Process '/sbin/ip link set tap4b173320-89 txqueuelen 10000' failed with exit code 1.
Aug 27 14:46:06 gtw01 systemd-udevd[7915]: Process '/sbin/ip link set tap4b173320-89 txqueuelen 10000' failed with exit code 1.
Aug 27 14:46:09 gtw01 dnsmasq[8075]: started, version 2.79 cachesize 150
Aug 27 14:46:09 gtw01 dnsmasq[8075]: DNS service limited to local subnets
Aug 27 14:46:09 gtw01 dnsmasq[8075]: compile time options: IPv6 GNU-getopt DBus i18n IDN DHCP DHCPv6 no-Lua TFTP conntrack ipset auth DNSSEC loop-detect inotify
Aug 27 14:46:09 gtw01 dnsmasq[8075]: warning: no upstream servers configured
Aug 27 14:46:09 gtw01 dnsmasq-dhcp[8075]: DHCP, static leases only on 192.168.120.0, lease time 1h
Aug 27 14:46:09 gtw01 dnsmasq[8075]: read /var/lib/neutron/dhcp/1a25238a-22fe-41d2-ad7b-752b3a174a71/addn_hosts - 1 addresses
Aug 27 14:46:09 gtw01 dnsmasq-dhcp[8075]: read /var/lib/neutron/dhcp/1a25238a-22fe-41d2-ad7b-752b3a174a71/host
Aug 27 14:46:09 gtw01 dnsmasq-dhcp[8075]: read /var/lib/neutron/dhcp/1a25238a-22fe-41d2-ad7b-752b3a174a71/opts
Aug 27 14:46:10 gtw01 systemd-udevd[8090]: link_config: autonegotiation is unset or enabled, the speed and duplex are not writable.
Aug 27 14:46:10 gtw01 systemd-udevd[8090]: Could not generate persistent MAC address for qg-91159e68-f2: No such file or directory
Aug 27 14:46:10 gtw01 kernel: [ 5636.997047] device qg-91159e68-f2 entered promiscuous mode
Aug 27 14:46:10 gtw01 dnsmasq[8075]: read /var/lib/neutron/dhcp/1a25238a-22fe-41d2-ad7b-752b3a174a71/addn_hosts - 2 addresses
Aug 27 14:46:10 gtw01 dnsmasq-dhcp[8075]: read /var/lib/neutron/dhcp/1a25238a-22fe-41d2-ad7b-752b3a174a71/host
Aug 27 14:46:10 gtw01 dnsmasq-dhcp[8075]: read /var/lib/neutron/dhcp/1a25238a-22fe-41d2-ad7b-752b3a174a71/opts
Aug 27 14:46:11 gtw01 dnsmasq[8075]: read /var/lib/neutron/dhcp/1a25238a-22fe-41d2-ad7b-752b3a174a71/addn_hosts - 2 addresses
Aug 27 14:46:11 gtw01 dnsmasq-dhcp[8075]: read /var/lib/neutron/dhcp/1a25238a-22fe-41d2-ad7b-752b3a174a71/host
Aug 27 14:46:11 gtw01 dnsmasq-dhcp[8075]: read /var/lib/neutron/dhcp/1a25238a-22fe-41d2-ad7b-752b3a174a71/opts
Aug 27 14:46:12 gtw01 dnsmasq[8075]: read /var/lib/neutron/dhcp/1a25238a-22fe-41d2-ad7b-752b3a174a71/addn_hosts - 2 addresses
Aug 27 14:46:12 gtw01 dnsmasq-dhcp[8075]: read /var/lib/neutron/dhcp/1a25238a-22fe-41d2-ad7b-752b3a174a71/host
Aug 27 14:46:12 gtw01 dnsmasq-dhcp[8075]: read /var/lib/neutron/dhcp/1a25238a-22fe-41d2-ad7b-752b3a174a71/opts
Aug 27 14:46:13 gtw01 dnsmasq[8075]: read /var/lib/neutron/dhcp/1a25238a-22fe-41d2-ad7b-752b3a174a71/addn_hosts - 2 addresses
Aug 27 14:46:13 gtw01 dnsmasq-dhcp[8075]: read /var/lib/neutron/dhcp/1a25238a-22fe-41d2-ad7b-752b3a174a71/host
Aug 27 14:46:13 gtw01 dnsmasq-dhcp[8075]: read /var/lib/neutron/dhcp/1a25238a-22fe-41d2-ad7b-752b3a174a71/opts
Aug 27 14:46:14 gtw01 dnsmasq[8075]: read /var/lib/neutron/dhcp/1a25238a-22fe-41d2-ad7b-752b3a174a71/addn_hosts - 2 addresses
Aug 27 14:46:14 gtw01 dnsmasq-dhcp[8075]: read /var/lib/neutron/dhcp/1a25238a-22fe-41d2-ad7b-752b3a174a71/host
Aug 27 14:46:14 gtw01 dnsmasq-dhcp[8075]: read /var/lib/neutron/dhcp/1a25238a-22fe-41d2-ad7b-752b3a174a71/opts
Aug 27 14:46:18 gtw01 dnsmasq[8075]: read /var/lib/neutron/dhcp/1a25238a-22fe-41d2-ad7b-752b3a174a71/addn_hosts - 2 addresses
Aug 27 14:46:18 gtw01 dnsmasq-dhcp[8075]: read /var/lib/neutron/dhcp/1a25238a-22fe-41d2-ad7b-752b3a174a71/host
Aug 27 14:46:18 gtw01 dnsmasq-dhcp[8075]: read /var/lib/neutron/dhcp/1a25238a-22fe-41d2-ad7b-752b3a174a71/opts
Aug 27 14:46:18 gtw01 kernel: [ 5645.488646] device qr-7fb819dc-a5 entered promiscuous mode
Aug 27 14:46:18 gtw01 systemd-udevd[8394]: link_config: autonegotiation is unset or enabled, the speed and duplex are not writable.
Aug 27 14:46:18 gtw01 systemd-udevd[8394]: Could not generate persistent MAC address for qr-7fb819dc-a5: No such file or directory
Aug 27 14:46:18 gtw01 dnsmasq[8075]: read /var/lib/neutron/dhcp/1a25238a-22fe-41d2-ad7b-752b3a174a71/addn_hosts - 2 addresses
Aug 27 14:46:18 gtw01 dnsmasq-dhcp[8075]: read /var/lib/neutron/dhcp/1a25238a-22fe-41d2-ad7b-752b3a174a71/host
Aug 27 14:46:18 gtw01 dnsmasq-dhcp[8075]: read /var/lib/neutron/dhcp/1a25238a-22fe-41d2-ad7b-752b3a174a71/opts
Aug 27 14:47:09 gtw01 dnsmasq[8075]: read /var/lib/neutron/dhcp/1a25238a-22fe-41d2-ad7b-752b3a174a71/addn_hosts - 1 addresses
Aug 27 14:47:09 gtw01 dnsmasq-dhcp[8075]: read /var/lib/neutron/dhcp/1a25238a-22fe-41d2-ad7b-752b3a174a71/host
Aug 27 14:47:09 gtw01 dnsmasq-dhcp[8075]: read /var/lib/neutron/dhcp/1a25238a-22fe-41d2-ad7b-752b3a174a71/opts
Aug 27 14:47:11 gtw01 kernel: [ 5698.069295] device qr-7fb819dc-a5 left promiscuous mode
Aug 27 14:47:13 gtw01 kernel: [ 5700.724105] device qg-91159e68-f2 left promiscuous mode
Aug 27 14:47:13 gtw01 kernel: [ 5700.771684] device tap4b173320-89 left promiscuous mode
Aug 27 14:47:23 gtw01 kernel: [ 5710.419313] device tap21dfb33b-dd entered promiscuous mode
Aug 27 14:47:23 gtw01 systemd-udevd[8792]: link_config: autonegotiation is unset or enabled, the speed and duplex are not writable.
Aug 27 14:47:23 gtw01 systemd-udevd[8792]: Could not generate persistent MAC address for tap21dfb33b-dd: No such file or directory
Aug 27 14:47:23 gtw01 systemd-udevd[8792]: Process '/sbin/ip link set tap21dfb33b-dd txqueuelen 10000' failed with exit code 1.
Aug 27 14:47:23 gtw01 systemd-udevd[8865]: Process '/sbin/ip link set tap21dfb33b-dd txqueuelen 10000' failed with exit code 1.
Aug 27 14:47:26 gtw01 dnsmasq[8956]: started, version 2.79 cachesize 150
Aug 27 14:47:26 gtw01 dnsmasq[8956]: DNS service limited to local subnets
Aug 27 14:47:26 gtw01 dnsmasq[8956]: compile time options: IPv6 GNU-getopt DBus i18n IDN DHCP DHCPv6 no-Lua TFTP conntrack ipset auth DNSSEC loop-detect inotify
Aug 27 14:47:26 gtw01 dnsmasq[8956]: warning: no upstream servers configured
Aug 27 14:47:26 gtw01 dnsmasq-dhcp[8956]: DHCP, static leases only on 192.168.120.0, lease time 1h
Aug 27 14:47:26 gtw01 dnsmasq[8956]: read /var/lib/neutron/dhcp/8eba6d4c-898a-49c3-bc67-1588f486504a/addn_hosts - 1 addresses
Aug 27 14:47:26 gtw01 dnsmasq-dhcp[8956]: read /var/lib/neutron/dhcp/8eba6d4c-898a-49c3-bc67-1588f486504a/host
Aug 27 14:47:26 gtw01 dnsmasq-dhcp[8956]: read /var/lib/neutron/dhcp/8eba6d4c-898a-49c3-bc67-1588f486504a/opts
Aug 27 14:47:26 gtw01 kernel: [ 5713.532288] device qr-7e61ae25-ec entered promiscuous mode
Aug 27 14:47:26 gtw01 systemd-udevd[8960]: link_config: autonegotiation is unset or enabled, the speed and duplex are not writable.
Aug 27 14:47:26 gtw01 systemd-udevd[8960]: Could not generate persistent MAC address for qr-7e61ae25-ec: No such file or directory
Aug 27 14:47:27 gtw01 dnsmasq[8956]: read /var/lib/neutron/dhcp/8eba6d4c-898a-49c3-bc67-1588f486504a/addn_hosts - 2 addresses
Aug 27 14:47:27 gtw01 dnsmasq-dhcp[8956]: read /var/lib/neutron/dhcp/8eba6d4c-898a-49c3-bc67-1588f486504a/host
Aug 27 14:47:27 gtw01 dnsmasq-dhcp[8956]: read /var/lib/neutron/dhcp/8eba6d4c-898a-49c3-bc67-1588f486504a/opts
Aug 27 14:47:27 gtw01 kernel: [ 5714.344547] device qg-86659e9e-72 entered promiscuous mode
Aug 27 14:47:27 gtw01 systemd-udevd[9063]: link_config: autonegotiation is unset or enabled, the speed and duplex are not writable.
Aug 27 14:47:27 gtw01 systemd-udevd[9063]: Could not generate persistent MAC address for qg-86659e9e-72: No such file or directory
Aug 27 14:47:27 gtw01 kernel: [ 5714.549870] IPv4: martian source 192.168.120.1 from 192.168.120.1, on dev qg-86659e9e-72
