Aug 27 15:02:41 gtw01 dnsmasq-dhcp[31020]: read /var/lib/neutron/dhcp/852f938e-5e92-4fc7-aac1-fbf303af447b/opts
Aug 27 15:02:42 gtw01 dnsmasq[31020]: read /var/lib/neutron/dhcp/852f938e-5e92-4fc7-aac1-fbf303af447b/addn_hosts - 3 addresses
Aug 27 15:02:42 gtw01 dnsmasq-dhcp[31020]: read /var/lib/neutron/dhcp/852f938e-5e92-4fc7-aac1-fbf303af447b/host
Aug 27 15:02:42 gtw01 dnsmasq-dhcp[31020]: read /var/lib/neutron/dhcp/852f938e-5e92-4fc7-aac1-fbf303af447b/opts
Aug 27 15:02:42 gtw01 dnsmasq[32126]: started, version 2.79 cachesize 150
Aug 27 15:02:42 gtw01 dnsmasq[32126]: DNS service limited to local subnets
Aug 27 15:02:42 gtw01 dnsmasq[32126]: compile time options: IPv6 GNU-getopt DBus i18n IDN DHCP DHCPv6 no-Lua TFTP conntrack ipset auth DNSSEC loop-detect inotify
Aug 27 15:02:42 gtw01 dnsmasq[32126]: warning: no upstream servers configured
Aug 27 15:02:42 gtw01 dnsmasq-dhcp[32126]: DHCP, static leases only on 192.168.120.0, lease time 1h
Aug 27 15:02:42 gtw01 dnsmasq[32126]: read /var/lib/neutron/dhcp/6b48dd40-3eb6-41e3-b9d2-43ad44815c6a/addn_hosts - 1 addresses
Aug 27 15:02:42 gtw01 dnsmasq-dhcp[32126]: read /var/lib/neutron/dhcp/6b48dd40-3eb6-41e3-b9d2-43ad44815c6a/host
Aug 27 15:02:42 gtw01 dnsmasq-dhcp[32126]: read /var/lib/neutron/dhcp/6b48dd40-3eb6-41e3-b9d2-43ad44815c6a/opts
Aug 27 15:02:42 gtw01 kernel: [ 6629.141050] device vxlan_sys_4789 entered promiscuous mode
Aug 27 15:02:42 gtw01 systemd-udevd[32132]: link_config: autonegotiation is unset or enabled, the speed and duplex are not writable.
Aug 27 15:02:42 gtw01 systemd-udevd[32132]: Could not generate persistent MAC address for vxlan_sys_4789: No such file or directory
Aug 27 15:02:42 gtw01 dnsmasq[32126]: read /var/lib/neutron/dhcp/6b48dd40-3eb6-41e3-b9d2-43ad44815c6a/addn_hosts - 2 addresses
Aug 27 15:02:42 gtw01 dnsmasq-dhcp[32126]: read /var/lib/neutron/dhcp/6b48dd40-3eb6-41e3-b9d2-43ad44815c6a/host
Aug 27 15:02:42 gtw01 dnsmasq-dhcp[32126]: read /var/lib/neutron/dhcp/6b48dd40-3eb6-41e3-b9d2-43ad44815c6a/opts
Aug 27 15:02:42 gtw01 systemd-udevd[32244]: link_config: autonegotiation is unset or enabled, the speed and duplex are not writable.
Aug 27 15:02:42 gtw01 systemd-udevd[32244]: Could not generate persistent MAC address for qr-9423ce4b-c5: No such file or directory
Aug 27 15:02:42 gtw01 kernel: [ 6629.965794] device qr-9423ce4b-c5 entered promiscuous mode
Aug 27 15:02:43 gtw01 dnsmasq[31020]: read /var/lib/neutron/dhcp/852f938e-5e92-4fc7-aac1-fbf303af447b/addn_hosts - 3 addresses
Aug 27 15:02:43 gtw01 dnsmasq-dhcp[31020]: read /var/lib/neutron/dhcp/852f938e-5e92-4fc7-aac1-fbf303af447b/host
Aug 27 15:02:43 gtw01 dnsmasq-dhcp[31020]: read /var/lib/neutron/dhcp/852f938e-5e92-4fc7-aac1-fbf303af447b/opts
Aug 27 15:02:43 gtw01 kernel: [ 6630.632239] device vxlan_sys_4789 left promiscuous mode
Aug 27 15:02:43 gtw01 ovs-vswitchd: ovs|00077|netdev_tc_offloads(revalidator32)|ERR|dump_create: failed to get ifindex for vxlan-0a010005: No such device
Aug 27 15:02:43 gtw01 kernel: [ 6630.802423] device qg-09557c05-ac entered promiscuous mode
Aug 27 15:02:43 gtw01 systemd-udevd[32364]: link_config: autonegotiation is unset or enabled, the speed and duplex are not writable.
Aug 27 15:02:43 gtw01 systemd-udevd[32364]: Could not generate persistent MAC address for qg-09557c05-ac: No such file or directory
Aug 27 15:02:44 gtw01 kernel: [ 6631.067875] IPv4: martian source 192.168.120.1 from 192.168.120.1, on dev qg-09557c05-ac
Aug 27 15:02:44 gtw01 kernel: [ 6631.067878] ll header: 00000000: ff ff ff ff ff ff fa 16 3e eb 66 57 08 06        ........>.fW..
Aug 27 15:02:44 gtw01 dnsmasq[32126]: read /var/lib/neutron/dhcp/6b48dd40-3eb6-41e3-b9d2-43ad44815c6a/addn_hosts - 2 addresses
Aug 27 15:02:44 gtw01 dnsmasq-dhcp[32126]: read /var/lib/neutron/dhcp/6b48dd40-3eb6-41e3-b9d2-43ad44815c6a/host
Aug 27 15:02:44 gtw01 dnsmasq-dhcp[32126]: read /var/lib/neutron/dhcp/6b48dd40-3eb6-41e3-b9d2-43ad44815c6a/opts
Aug 27 15:02:44 gtw01 dnsmasq[21246]: read /var/lib/neutron/dhcp/e7812da2-66f5-40d8-bf1a-d4907c506b9a/addn_hosts - 2 addresses
Aug 27 15:02:44 gtw01 dnsmasq-dhcp[21246]: read /var/lib/neutron/dhcp/e7812da2-66f5-40d8-bf1a-d4907c506b9a/host
Aug 27 15:02:44 gtw01 dnsmasq-dhcp[21246]: read /var/lib/neutron/dhcp/e7812da2-66f5-40d8-bf1a-d4907c506b9a/opts
Aug 27 15:02:45 gtw01 dnsmasq[32126]: read /var/lib/neutron/dhcp/6b48dd40-3eb6-41e3-b9d2-43ad44815c6a/addn_hosts - 2 addresses
Aug 27 15:02:45 gtw01 dnsmasq-dhcp[32126]: read /var/lib/neutron/dhcp/6b48dd40-3eb6-41e3-b9d2-43ad44815c6a/host
Aug 27 15:02:45 gtw01 dnsmasq-dhcp[32126]: read /var/lib/neutron/dhcp/6b48dd40-3eb6-41e3-b9d2-43ad44815c6a/opts
Aug 27 15:02:46 gtw01 dnsmasq[32126]: read /var/lib/neutron/dhcp/6b48dd40-3eb6-41e3-b9d2-43ad44815c6a/addn_hosts - 2 addresses
Aug 27 15:02:46 gtw01 dnsmasq-dhcp[32126]: read /var/lib/neutron/dhcp/6b48dd40-3eb6-41e3-b9d2-43ad44815c6a/host
Aug 27 15:02:46 gtw01 dnsmasq-dhcp[32126]: read /var/lib/neutron/dhcp/6b48dd40-3eb6-41e3-b9d2-43ad44815c6a/opts
Aug 27 15:02:47 gtw01 dnsmasq[32126]: read /var/lib/neutron/dhcp/6b48dd40-3eb6-41e3-b9d2-43ad44815c6a/addn_hosts - 2 addresses
Aug 27 15:02:47 gtw01 dnsmasq-dhcp[32126]: read /var/lib/neutron/dhcp/6b48dd40-3eb6-41e3-b9d2-43ad44815c6a/host
Aug 27 15:02:47 gtw01 dnsmasq-dhcp[32126]: read /var/lib/neutron/dhcp/6b48dd40-3eb6-41e3-b9d2-43ad44815c6a/opts
Aug 27 15:02:47 gtw01 kernel: [ 6634.525188] device vxlan_sys_4789 entered promiscuous mode
Aug 27 15:02:47 gtw01 systemd-udevd[32604]: link_config: autonegotiation is unset or enabled, the speed and duplex are not writable.
Aug 27 15:02:47 gtw01 systemd-udevd[32604]: Could not generate persistent MAC address for vxlan_sys_4789: No such file or directory
Aug 27 15:02:52 gtw01 dnsmasq[32126]: read /var/lib/neutron/dhcp/6b48dd40-3eb6-41e3-b9d2-43ad44815c6a/addn_hosts - 1 addresses
Aug 27 15:02:52 gtw01 dnsmasq-dhcp[32126]: read /var/lib/neutron/dhcp/6b48dd40-3eb6-41e3-b9d2-43ad44815c6a/host
Aug 27 15:02:52 gtw01 dnsmasq-dhcp[32126]: read /var/lib/neutron/dhcp/6b48dd40-3eb6-41e3-b9d2-43ad44815c6a/opts
Aug 27 15:02:52 gtw01 dnsmasq[21246]: read /var/lib/neutron/dhcp/e7812da2-66f5-40d8-bf1a-d4907c506b9a/addn_hosts - 3 addresses
Aug 27 15:02:52 gtw01 dnsmasq-dhcp[21246]: read /var/lib/neutron/dhcp/e7812da2-66f5-40d8-bf1a-d4907c506b9a/host
Aug 27 15:02:52 gtw01 dnsmasq-dhcp[21246]: read /var/lib/neutron/dhcp/e7812da2-66f5-40d8-bf1a-d4907c506b9a/opts
Aug 27 15:02:52 gtw01 kernel: [ 6639.781008] device qr-9423ce4b-c5 left promiscuous mode
Aug 27 15:02:53 gtw01 dnsmasq[21246]: read /var/lib/neutron/dhcp/e7812da2-66f5-40d8-bf1a-d4907c506b9a/addn_hosts - 3 addresses
Aug 27 15:02:53 gtw01 dnsmasq-dhcp[21246]: read /var/lib/neutron/dhcp/e7812da2-66f5-40d8-bf1a-d4907c506b9a/host
Aug 27 15:02:53 gtw01 dnsmasq-dhcp[21246]: read /var/lib/neutron/dhcp/e7812da2-66f5-40d8-bf1a-d4907c506b9a/opts
Aug 27 15:02:54 gtw01 dnsmasq[21246]: read /var/lib/neutron/dhcp/e7812da2-66f5-40d8-bf1a-d4907c506b9a/addn_hosts - 3 addresses
Aug 27 15:02:54 gtw01 dnsmasq-dhcp[21246]: read /var/lib/neutron/dhcp/e7812da2-66f5-40d8-bf1a-d4907c506b9a/host
Aug 27 15:02:54 gtw01 dnsmasq-dhcp[21246]: read /var/lib/neutron/dhcp/e7812da2-66f5-40d8-bf1a-d4907c506b9a/opts
Aug 27 15:02:56 gtw01 kernel: [ 6643.656933] device tap09fd1ecf-de left promiscuous mode
Aug 27 15:02:58 gtw01 dnsmasq-dhcp[31020]: DHCPDISCOVER(tapa947c80f-ef) fa:16:3e:f7:f1:e8
Aug 27 15:02:58 gtw01 dnsmasq-dhcp[31020]: DHCPOFFER(tapa947c80f-ef) 192.168.120.5 fa:16:3e:f7:f1:e8
Aug 27 15:02:58 gtw01 dnsmasq-dhcp[31020]: DHCPREQUEST(tapa947c80f-ef) 192.168.120.5 fa:16:3e:f7:f1:e8
Aug 27 15:02:58 gtw01 dnsmasq-dhcp[31020]: DHCPACK(tapa947c80f-ef) 192.168.120.5 fa:16:3e:f7:f1:e8 host-192-168-120-5
Aug 27 15:02:58 gtw01 kernel: [ 6645.168564] device qg-09557c05-ac left promiscuous mode
Aug 27 15:02:59 gtw01 dnsmasq[21246]: read /var/lib/neutron/dhcp/e7812da2-66f5-40d8-bf1a-d4907c506b9a/addn_hosts - 2 addresses
Aug 27 15:02:59 gtw01 dnsmasq-dhcp[21246]: read /var/lib/neutron/dhcp/e7812da2-66f5-40d8-bf1a-d4907c506b9a/host
Aug 27 15:02:59 gtw01 dnsmasq-dhcp[21246]: read /var/lib/neutron/dhcp/e7812da2-66f5-40d8-bf1a-d4907c506b9a/opts
Aug 27 15:03:01 gtw01 kernel: [ 6648.425778] device tap9bea40a9-22 entered promiscuous mode
Aug 27 15:03:01 gtw01 systemd-udevd[631]: link_config: autonegotiation is unset or enabled, the speed and duplex are not writable.
Aug 27 15:03:01 gtw01 systemd-udevd[631]: Could not generate persistent MAC address for tap9bea40a9-22: No such file or directory
Aug 27 15:03:01 gtw01 systemd-udevd[631]: Process '/sbin/ip link set tap9bea40a9-22 txqueuelen 10000' failed with exit code 1.
Aug 27 15:03:01 gtw01 systemd-udevd[707]: Process '/sbin/ip link set tap9bea40a9-22 txqueuelen 10000' failed with exit code 1.
Aug 27 15:03:04 gtw01 dnsmasq-dhcp[31020]: DHCPRELEASE(tapa947c80f-ef) 192.168.120.5 fa:16:3e:f7:f1:e8
Aug 27 15:03:04 gtw01 dnsmasq[807]: started, version 2.79 cachesize 150
Aug 27 15:03:04 gtw01 dnsmasq[807]: DNS service limited to local subnets
Aug 27 15:03:04 gtw01 dnsmasq[807]: compile time options: IPv6 GNU-getopt DBus i18n IDN DHCP DHCPv6 no-Lua TFTP conntrack ipset auth DNSSEC loop-detect inotify
Aug 27 15:03:04 gtw01 dnsmasq[807]: warning: no upstream servers configured
Aug 27 15:03:04 gtw01 dnsmasq-dhcp[807]: DHCP, static leases only on 192.168.120.0, lease time 1h
Aug 27 15:03:04 gtw01 dnsmasq[807]: read /var/lib/neutron/dhcp/ce33326f-493c-4299-9dc1-0fdfb1adc622/addn_hosts - 1 addresses
Aug 27 15:03:04 gtw01 dnsmasq-dhcp[807]: read /var/lib/neutron/dhcp/ce33326f-493c-4299-9dc1-0fdfb1adc622/host
Aug 27 15:03:04 gtw01 dnsmasq-dhcp[807]: read /var/lib/neutron/dhcp/ce33326f-493c-4299-9dc1-0fdfb1adc622/opts
Aug 27 15:03:04 gtw01 dnsmasq[21246]: read /var/lib/neutron/dhcp/e7812da2-66f5-40d8-bf1a-d4907c506b9a/addn_hosts - 3 addresses
Aug 27 15:03:04 gtw01 dnsmasq-dhcp[21246]: read /var/lib/neutron/dhcp/e7812da2-66f5-40d8-bf1a-d4907c506b9a/host
Aug 27 15:03:04 gtw01 dnsmasq-dhcp[21246]: read /var/lib/neutron/dhcp/e7812da2-66f5-40d8-bf1a-d4907c506b9a/opts
Aug 27 15:03:04 gtw01 dnsmasq-dhcp[31020]: DHCPRELEASE(tapa947c80f-ef) 192.168.120.5 fa:16:3e:f7:f1:e8 unknown lease
Aug 27 15:03:04 gtw01 kernel: [ 6651.709328] device vxlan_sys_4789 left promiscuous mode
Aug 27 15:03:04 gtw01 ovs-vswitchd: ovs|00079|netdev_tc_offloads(revalidator32)|ERR|dump_create: failed to get ifindex for vxlan-0a010005: No such device
Aug 27 15:03:04 gtw01 kernel: [ 6651.824949] device qg-9fa5e238-15 entered promiscuous mode
Aug 27 15:03:04 gtw01 systemd-udevd[831]: link_config: autonegotiation is unset or enabled, the speed and duplex are not writable.
Aug 27 15:03:04 gtw01 systemd-udevd[831]: Could not generate persistent MAC address for qg-9fa5e238-15: No such file or directory
Aug 27 15:03:05 gtw01 dnsmasq[31020]: read /var/lib/neutron/dhcp/852f938e-5e92-4fc7-aac1-fbf303af447b/addn_hosts - 2 addresses
Aug 27 15:03:05 gtw01 dnsmasq-dhcp[31020]: read /var/lib/neutron/dhcp/852f938e-5e92-4fc7-aac1-fbf303af447b/host
Aug 27 15:03:05 gtw01 dnsmasq-dhcp[31020]: read /var/lib/neutron/dhcp/852f938e-5e92-4fc7-aac1-fbf303af447b/opts
Aug 27 15:03:05 gtw01 dnsmasq[807]: read /var/lib/neutron/dhcp/ce33326f-493c-4299-9dc1-0fdfb1adc622/addn_hosts - 2 addresses
Aug 27 15:03:05 gtw01 dnsmasq-dhcp[807]: read /var/lib/neutron/dhcp/ce33326f-493c-4299-9dc1-0fdfb1adc622/host
Aug 27 15:03:05 gtw01 dnsmasq-dhcp[807]: read /var/lib/neutron/dhcp/ce33326f-493c-4299-9dc1-0fdfb1adc622/opts
Aug 27 15:03:05 gtw01 dnsmasq[21246]: read /var/lib/neutron/dhcp/e7812da2-66f5-40d8-bf1a-d4907c506b9a/addn_hosts - 3 addresses
Aug 27 15:03:05 gtw01 dnsmasq-dhcp[21246]: read /var/lib/neutron/dhcp/e7812da2-66f5-40d8-bf1a-d4907c506b9a/host
Aug 27 15:03:05 gtw01 dnsmasq-dhcp[21246]: read /var/lib/neutron/dhcp/e7812da2-66f5-40d8-bf1a-d4907c506b9a/opts
Aug 27 15:03:06 gtw01 dnsmasq[21246]: read /var/lib/neutron/dhcp/e7812da2-66f5-40d8-bf1a-d4907c506b9a/addn_hosts - 3 addresses
Aug 27 15:03:06 gtw01 dnsmasq-dhcp[21246]: read /var/lib/neutron/dhcp/e7812da2-66f5-40d8-bf1a-d4907c506b9a/host
Aug 27 15:03:06 gtw01 dnsmasq-dhcp[21246]: read /var/lib/neutron/dhcp/e7812da2-66f5-40d8-bf1a-d4907c506b9a/opts
Aug 27 15:03:06 gtw01 dnsmasq[807]: read /var/lib/neutron/dhcp/ce33326f-493c-4299-9dc1-0fdfb1adc622/addn_hosts - 2 addresses
Aug 27 15:03:06 gtw01 dnsmasq-dhcp[807]: read /var/lib/neutron/dhcp/ce33326f-493c-4299-9dc1-0fdfb1adc622/host
Aug 27 15:03:06 gtw01 dnsmasq-dhcp[807]: read /var/lib/neutron/dhcp/ce33326f-493c-4299-9dc1-0fdfb1adc622/opts
Aug 27 15:03:07 gtw01 systemd-udevd[1087]: link_config: autonegotiation is unset or enabled, the speed and duplex are not writable.
Aug 27 15:03:07 gtw01 systemd-udevd[1087]: Could not generate persistent MAC address for tapca4e67eb-da: No such file or directory
Aug 27 15:03:07 gtw01 kernel: [ 6654.735239] device tapca4e67eb-da entered promiscuous mode
Aug 27 15:03:07 gtw01 systemd-udevd[1157]: Process '/sbin/ip link set tapca4e67eb-da txqueuelen 10000' failed with exit code 1.
Aug 27 15:03:08 gtw01 dnsmasq[807]: read /var/lib/neutron/dhcp/ce33326f-493c-4299-9dc1-0fdfb1adc622/addn_hosts - 2 addresses
Aug 27 15:03:08 gtw01 dnsmasq-dhcp[807]: read /var/lib/neutron/dhcp/ce33326f-493c-4299-9dc1-0fdfb1adc622/host
Aug 27 15:03:08 gtw01 dnsmasq-dhcp[807]: read /var/lib/neutron/dhcp/ce33326f-493c-4299-9dc1-0fdfb1adc622/opts
Aug 27 15:03:09 gtw01 dnsmasq[807]: read /var/lib/neutron/dhcp/ce33326f-493c-4299-9dc1-0fdfb1adc622/addn_hosts - 2 addresses
Aug 27 15:03:09 gtw01 dnsmasq-dhcp[807]: read /var/lib/neutron/dhcp/ce33326f-493c-4299-9dc1-0fdfb1adc622/host
Aug 27 15:03:09 gtw01 dnsmasq-dhcp[807]: read /var/lib/neutron/dhcp/ce33326f-493c-4299-9dc1-0fdfb1adc622/opts
Aug 27 15:03:10 gtw01 dnsmasq[807]: read /var/lib/neutron/dhcp/ce33326f-493c-4299-9dc1-0fdfb1adc622/addn_hosts - 2 addresses
Aug 27 15:03:10 gtw01 dnsmasq-dhcp[807]: read /var/lib/neutron/dhcp/ce33326f-493c-4299-9dc1-0fdfb1adc622/host
Aug 27 15:03:10 gtw01 dnsmasq-dhcp[807]: read /var/lib/neutron/dhcp/ce33326f-493c-4299-9dc1-0fdfb1adc622/opts
Aug 27 15:03:10 gtw01 kernel: [ 6657.566299] device vxlan_sys_4789 entered promiscuous mode
Aug 27 15:03:10 gtw01 systemd-udevd[1318]: link_config: autonegotiation is unset or enabled, the speed and duplex are not writable.
Aug 27 15:03:10 gtw01 systemd-udevd[1318]: Could not generate persistent MAC address for vxlan_sys_4789: No such file or directory
Aug 27 15:03:10 gtw01 dnsmasq[31020]: read /var/lib/neutron/dhcp/852f938e-5e92-4fc7-aac1-fbf303af447b/addn_hosts - 1 addresses
Aug 27 15:03:10 gtw01 dnsmasq-dhcp[31020]: read /var/lib/neutron/dhcp/852f938e-5e92-4fc7-aac1-fbf303af447b/host
Aug 27 15:03:10 gtw01 dnsmasq-dhcp[31020]: read /var/lib/neutron/dhcp/852f938e-5e92-4fc7-aac1-fbf303af447b/opts
Aug 27 15:03:11 gtw01 dnsmasq[1438]: started, version 2.79 cachesize 150
Aug 27 15:03:11 gtw01 dnsmasq[1438]: DNS service limited to local subnets
Aug 27 15:03:11 gtw01 dnsmasq[1438]: compile time options: IPv6 GNU-getopt DBus i18n IDN DHCP DHCPv6 no-Lua TFTP conntrack ipset auth DNSSEC loop-detect inotify
Aug 27 15:03:11 gtw01 dnsmasq[1438]: warning: no upstream servers configured
Aug 27 15:03:11 gtw01 dnsmasq-dhcp[1438]: DHCP, static leases only on 192.168.120.0, lease time 1h
Aug 27 15:03:11 gtw01 dnsmasq[1438]: read /var/lib/neutron/dhcp/14b9e1ee-436a-4331-b803-c55528dbfca4/addn_hosts - 1 addresses
Aug 27 15:03:11 gtw01 dnsmasq-dhcp[1438]: read /var/lib/neutron/dhcp/14b9e1ee-436a-4331-b803-c55528dbfca4/host
Aug 27 15:03:11 gtw01 dnsmasq-dhcp[1438]: read /var/lib/neutron/dhcp/14b9e1ee-436a-4331-b803-c55528dbfca4/opts
Aug 27 15:03:12 gtw01 kernel: [ 6659.111756] device qg-ea5d47b9-d4 entered promiscuous mode
Aug 27 15:03:12 gtw01 systemd-udevd[1477]: link_config: autonegotiation is unset or enabled, the speed and duplex are not writable.
Aug 27 15:03:12 gtw01 systemd-udevd[1477]: Could not generate persistent MAC address for qg-ea5d47b9-d4: No such file or directory
Aug 27 15:03:12 gtw01 dnsmasq[807]: read /var/lib/neutron/dhcp/ce33326f-493c-4299-9dc1-0fdfb1adc622/addn_hosts - 3 addresses
Aug 27 15:03:12 gtw01 dnsmasq-dhcp[807]: read /var/lib/neutron/dhcp/ce33326f-493c-4299-9dc1-0fdfb1adc622/host
Aug 27 15:03:12 gtw01 dnsmasq-dhcp[807]: read /var/lib/neutron/dhcp/ce33326f-493c-4299-9dc1-0fdfb1adc622/opts
Aug 27 15:03:12 gtw01 dnsmasq[1438]: read /var/lib/neutron/dhcp/14b9e1ee-436a-4331-b803-c55528dbfca4/addn_hosts - 2 addresses
Aug 27 15:03:12 gtw01 dnsmasq-dhcp[1438]: read /var/lib/neutron/dhcp/14b9e1ee-436a-4331-b803-c55528dbfca4/host
Aug 27 15:03:12 gtw01 dnsmasq-dhcp[1438]: read /var/lib/neutron/dhcp/14b9e1ee-436a-4331-b803-c55528dbfca4/opts
Aug 27 15:03:13 gtw01 dnsmasq[807]: read /var/lib/neutron/dhcp/ce33326f-493c-4299-9dc1-0fdfb1adc622/addn_hosts - 3 addresses
Aug 27 15:03:13 gtw01 dnsmasq-dhcp[807]: read /var/lib/neutron/dhcp/ce33326f-493c-4299-9dc1-0fdfb1adc622/host
Aug 27 15:03:13 gtw01 dnsmasq-dhcp[807]: read /var/lib/neutron/dhcp/ce33326f-493c-4299-9dc1-0fdfb1adc622/opts
Aug 27 15:03:13 gtw01 kernel: [ 6660.496904] device qr-45cee117-31 left promiscuous mode
Aug 27 15:03:14 gtw01 dnsmasq[1438]: read /var/lib/neutron/dhcp/14b9e1ee-436a-4331-b803-c55528dbfca4/addn_hosts - 2 addresses
Aug 27 15:03:14 gtw01 dnsmasq-dhcp[1438]: read /var/lib/neutron/dhcp/14b9e1ee-436a-4331-b803-c55528dbfca4/host
Aug 27 15:03:14 gtw01 dnsmasq-dhcp[1438]: read /var/lib/neutron/dhcp/14b9e1ee-436a-4331-b803-c55528dbfca4/opts
Aug 27 15:03:14 gtw01 dnsmasq[807]: read /var/lib/neutron/dhcp/ce33326f-493c-4299-9dc1-0fdfb1adc622/addn_hosts - 3 addresses
Aug 27 15:03:14 gtw01 dnsmasq-dhcp[807]: read /var/lib/neutron/dhcp/ce33326f-493c-4299-9dc1-0fdfb1adc622/host
Aug 27 15:03:14 gtw01 dnsmasq-dhcp[807]: read /var/lib/neutron/dhcp/ce33326f-493c-4299-9dc1-0fdfb1adc622/opts
Aug 27 15:03:15 gtw01 systemd-udevd[1733]: link_config: autonegotiation is unset or enabled, the speed and duplex are not writable.
Aug 27 15:03:15 gtw01 systemd-udevd[1733]: Could not generate persistent MAC address for qr-820ca05b-cb: No such file or directory
Aug 27 15:03:15 gtw01 kernel: [ 6662.247740] device qr-820ca05b-cb entered promiscuous mode
Aug 27 15:03:15 gtw01 dnsmasq[1438]: read /var/lib/neutron/dhcp/14b9e1ee-436a-4331-b803-c55528dbfca4/addn_hosts - 2 addresses
Aug 27 15:03:15 gtw01 dnsmasq-dhcp[1438]: read /var/lib/neutron/dhcp/14b9e1ee-436a-4331-b803-c55528dbfca4/host
Aug 27 15:03:15 gtw01 dnsmasq-dhcp[1438]: read /var/lib/neutron/dhcp/14b9e1ee-436a-4331-b803-c55528dbfca4/opts
Aug 27 15:03:15 gtw01 dnsmasq[807]: read /var/lib/neutron/dhcp/ce33326f-493c-4299-9dc1-0fdfb1adc622/addn_hosts - 3 addresses
Aug 27 15:03:15 gtw01 dnsmasq-dhcp[807]: read /var/lib/neutron/dhcp/ce33326f-493c-4299-9dc1-0fdfb1adc622/host
Aug 27 15:03:15 gtw01 dnsmasq-dhcp[807]: read /var/lib/neutron/dhcp/ce33326f-493c-4299-9dc1-0fdfb1adc622/opts
Aug 27 15:03:16 gtw01 dnsmasq[1438]: read /var/lib/neutron/dhcp/14b9e1ee-436a-4331-b803-c55528dbfca4/addn_hosts - 2 addresses
Aug 27 15:03:16 gtw01 dnsmasq-dhcp[1438]: read /var/lib/neutron/dhcp/14b9e1ee-436a-4331-b803-c55528dbfca4/host
Aug 27 15:03:16 gtw01 dnsmasq-dhcp[1438]: read /var/lib/neutron/dhcp/14b9e1ee-436a-4331-b803-c55528dbfca4/opts
Aug 27 15:03:16 gtw01 dnsmasq[807]: read /var/lib/neutron/dhcp/ce33326f-493c-4299-9dc1-0fdfb1adc622/addn_hosts - 3 addresses
Aug 27 15:03:17 gtw01 dnsmasq-dhcp[807]: read /var/lib/neutron/dhcp/ce33326f-493c-4299-9dc1-0fdfb1adc622/host
Aug 27 15:03:17 gtw01 dnsmasq-dhcp[807]: read /var/lib/neutron/dhcp/ce33326f-493c-4299-9dc1-0fdfb1adc622/opts
Aug 27 15:03:17 gtw01 kernel: [ 6664.267944] device qg-01611090-25 left promiscuous mode
Aug 27 15:03:17 gtw01 kernel: [ 6664.781457] device tapa947c80f-ef left promiscuous mode
Aug 27 15:03:17 gtw01 dnsmasq[1438]: read /var/lib/neutron/dhcp/14b9e1ee-436a-4331-b803-c55528dbfca4/addn_hosts - 3 addresses
Aug 27 15:03:17 gtw01 dnsmasq-dhcp[1438]: read /var/lib/neutron/dhcp/14b9e1ee-436a-4331-b803-c55528dbfca4/host
Aug 27 15:03:17 gtw01 dnsmasq-dhcp[1438]: read /var/lib/neutron/dhcp/14b9e1ee-436a-4331-b803-c55528dbfca4/opts
Aug 27 15:03:18 gtw01 dnsmasq[1438]: read /var/lib/neutron/dhcp/14b9e1ee-436a-4331-b803-c55528dbfca4/addn_hosts - 3 addresses
Aug 27 15:03:18 gtw01 dnsmasq-dhcp[1438]: read /var/lib/neutron/dhcp/14b9e1ee-436a-4331-b803-c55528dbfca4/host
Aug 27 15:03:18 gtw01 dnsmasq-dhcp[1438]: read /var/lib/neutron/dhcp/14b9e1ee-436a-4331-b803-c55528dbfca4/opts
Aug 27 15:03:19 gtw01 dnsmasq[21246]: read /var/lib/neutron/dhcp/e7812da2-66f5-40d8-bf1a-d4907c506b9a/addn_hosts - 2 addresses
Aug 27 15:03:19 gtw01 dnsmasq-dhcp[21246]: read /var/lib/neutron/dhcp/e7812da2-66f5-40d8-bf1a-d4907c506b9a/host
Aug 27 15:03:19 gtw01 dnsmasq-dhcp[21246]: read /var/lib/neutron/dhcp/e7812da2-66f5-40d8-bf1a-d4907c506b9a/opts
Aug 27 15:03:19 gtw01 dnsmasq[1438]: read /var/lib/neutron/dhcp/14b9e1ee-436a-4331-b803-c55528dbfca4/addn_hosts - 3 addresses
Aug 27 15:03:19 gtw01 dnsmasq-dhcp[1438]: read /var/lib/neutron/dhcp/14b9e1ee-436a-4331-b803-c55528dbfca4/host
Aug 27 15:03:19 gtw01 dnsmasq-dhcp[1438]: read /var/lib/neutron/dhcp/14b9e1ee-436a-4331-b803-c55528dbfca4/opts
Aug 27 15:03:20 gtw01 dnsmasq[1438]: read /var/lib/neutron/dhcp/14b9e1ee-436a-4331-b803-c55528dbfca4/addn_hosts - 3 addresses
Aug 27 15:03:20 gtw01 dnsmasq-dhcp[1438]: read /var/lib/neutron/dhcp/14b9e1ee-436a-4331-b803-c55528dbfca4/host
Aug 27 15:03:20 gtw01 dnsmasq-dhcp[1438]: read /var/lib/neutron/dhcp/14b9e1ee-436a-4331-b803-c55528dbfca4/opts
Aug 27 15:03:23 gtw01 dnsmasq[1438]: read /var/lib/neutron/dhcp/14b9e1ee-436a-4331-b803-c55528dbfca4/addn_hosts - 3 addresses
Aug 27 15:03:23 gtw01 dnsmasq-dhcp[1438]: read /var/lib/neutron/dhcp/14b9e1ee-436a-4331-b803-c55528dbfca4/host
Aug 27 15:03:23 gtw01 dnsmasq-dhcp[1438]: read /var/lib/neutron/dhcp/14b9e1ee-436a-4331-b803-c55528dbfca4/opts
Aug 27 15:03:23 gtw01 dnsmasq[1438]: read /var/lib/neutron/dhcp/14b9e1ee-436a-4331-b803-c55528dbfca4/addn_hosts - 3 addresses
Aug 27 15:03:23 gtw01 dnsmasq-dhcp[1438]: read /var/lib/neutron/dhcp/14b9e1ee-436a-4331-b803-c55528dbfca4/host
Aug 27 15:03:23 gtw01 dnsmasq-dhcp[1438]: read /var/lib/neutron/dhcp/14b9e1ee-436a-4331-b803-c55528dbfca4/opts
Aug 27 15:03:24 gtw01 systemd-udevd[2275]: link_config: autonegotiation is unset or enabled, the speed and duplex are not writable.
Aug 27 15:03:24 gtw01 systemd-udevd[2275]: Could not generate persistent MAC address for qr-225633ca-08: No such file or directory
Aug 27 15:03:24 gtw01 kernel: [ 6671.365025] device qr-225633ca-08 entered promiscuous mode
Aug 27 15:03:25 gtw01 systemd-udevd[2434]: link_config: autonegotiation is unset or enabled, the speed and duplex are not writable.
Aug 27 15:03:25 gtw01 systemd-udevd[2434]: Could not generate persistent MAC address for tap7e59c50b-a0: No such file or directory
Aug 27 15:03:25 gtw01 kernel: [ 6672.771890] device tap7e59c50b-a0 entered promiscuous mode
Aug 27 15:03:25 gtw01 systemd-udevd[2434]: Process '/sbin/ip link set tap7e59c50b-a0 txqueuelen 10000' failed with exit code 1.
Aug 27 15:03:25 gtw01 systemd-udevd[2524]: Process '/sbin/ip link set tap7e59c50b-a0 txqueuelen 10000' failed with exit code 1.
Aug 27 15:03:27 gtw01 dnsmasq-dhcp[807]: DHCPDISCOVER(tap9bea40a9-22) fa:16:3e:14:68:bf
Aug 27 15:03:27 gtw01 dnsmasq-dhcp[807]: DHCPOFFER(tap9bea40a9-22) 192.168.120.11 fa:16:3e:14:68:bf
Aug 27 15:03:27 gtw01 dnsmasq-dhcp[807]: DHCPREQUEST(tap9bea40a9-22) 192.168.120.11 fa:16:3e:14:68:bf
Aug 27 15:03:27 gtw01 dnsmasq-dhcp[807]: DHCPACK(tap9bea40a9-22) 192.168.120.11 fa:16:3e:14:68:bf host-192-168-120-11
Aug 27 15:03:28 gtw01 dnsmasq[21246]: read /var/lib/neutron/dhcp/e7812da2-66f5-40d8-bf1a-d4907c506b9a/addn_hosts - 3 addresses
Aug 27 15:03:28 gtw01 dnsmasq-dhcp[21246]: read /var/lib/neutron/dhcp/e7812da2-66f5-40d8-bf1a-d4907c506b9a/host
Aug 27 15:03:28 gtw01 dnsmasq-dhcp[21246]: read /var/lib/neutron/dhcp/e7812da2-66f5-40d8-bf1a-d4907c506b9a/opts
Aug 27 15:03:29 gtw01 systemd-udevd[2715]: link_config: autonegotiation is unset or enabled, the speed and duplex are not writable.
Aug 27 15:03:29 gtw01 systemd-udevd[2715]: Could not generate persistent MAC address for qg-48a9c293-d1: No such file or directory
Aug 27 15:03:29 gtw01 kernel: [ 6676.145189] device qg-48a9c293-d1 entered promiscuous mode
Aug 27 15:03:29 gtw01 dnsmasq[2808]: started, version 2.79 cachesize 150
Aug 27 15:03:29 gtw01 dnsmasq[2808]: DNS service limited to local subnets
Aug 27 15:03:29 gtw01 dnsmasq[2808]: compile time options: IPv6 GNU-getopt DBus i18n IDN DHCP DHCPv6 no-Lua TFTP conntrack ipset auth DNSSEC loop-detect inotify
Aug 27 15:03:29 gtw01 dnsmasq[2808]: warning: no upstream servers configured
Aug 27 15:03:29 gtw01 dnsmasq-dhcp[2808]: DHCP, static leases only on 192.168.120.0, lease time 1h
Aug 27 15:03:29 gtw01 dnsmasq[2808]: read /var/lib/neutron/dhcp/ea0a66da-bede-4916-b580-deb5f2721107/addn_hosts - 1 addresses
Aug 27 15:03:29 gtw01 dnsmasq-dhcp[2808]: read /var/lib/neutron/dhcp/ea0a66da-bede-4916-b580-deb5f2721107/host
Aug 27 15:03:29 gtw01 dnsmasq-dhcp[2808]: read /var/lib/neutron/dhcp/ea0a66da-bede-4916-b580-deb5f2721107/opts
Aug 27 15:03:29 gtw01 dnsmasq[21246]: read /var/lib/neutron/dhcp/e7812da2-66f5-40d8-bf1a-d4907c506b9a/addn_hosts - 3 addresses
Aug 27 15:03:29 gtw01 dnsmasq-dhcp[21246]: read /var/lib/neutron/dhcp/e7812da2-66f5-40d8-bf1a-d4907c506b9a/host
Aug 27 15:03:29 gtw01 dnsmasq-dhcp[21246]: read /var/lib/neutron/dhcp/e7812da2-66f5-40d8-bf1a-d4907c506b9a/opts
Aug 27 15:03:30 gtw01 dnsmasq[2808]: read /var/lib/neutron/dhcp/ea0a66da-bede-4916-b580-deb5f2721107/addn_hosts - 2 addresses
Aug 27 15:03:30 gtw01 dnsmasq-dhcp[2808]: read /var/lib/neutron/dhcp/ea0a66da-bede-4916-b580-deb5f2721107/host
Aug 27 15:03:30 gtw01 dnsmasq-dhcp[2808]: read /var/lib/neutron/dhcp/ea0a66da-bede-4916-b580-deb5f2721107/opts
Aug 27 15:03:30 gtw01 dnsmasq[21246]: read /var/lib/neutron/dhcp/e7812da2-66f5-40d8-bf1a-d4907c506b9a/addn_hosts - 3 addresses
Aug 27 15:03:30 gtw01 dnsmasq-dhcp[21246]: read /var/lib/neutron/dhcp/e7812da2-66f5-40d8-bf1a-d4907c506b9a/host
Aug 27 15:03:30 gtw01 dnsmasq-dhcp[21246]: read /var/lib/neutron/dhcp/e7812da2-66f5-40d8-bf1a-d4907c506b9a/opts
Aug 27 15:03:31 gtw01 dnsmasq[2808]: read /var/lib/neutron/dhcp/ea0a66da-bede-4916-b580-deb5f2721107/addn_hosts - 2 addresses
Aug 27 15:03:31 gtw01 dnsmasq-dhcp[2808]: read /var/lib/neutron/dhcp/ea0a66da-bede-4916-b580-deb5f2721107/host
Aug 27 15:03:31 gtw01 dnsmasq-dhcp[2808]: read /var/lib/neutron/dhcp/ea0a66da-bede-4916-b580-deb5f2721107/opts
Aug 27 15:03:32 gtw01 dnsmasq-dhcp[1438]: DHCPDISCOVER(tapca4e67eb-da) fa:16:3e:2f:1f:5d
Aug 27 15:03:32 gtw01 dnsmasq-dhcp[1438]: DHCPOFFER(tapca4e67eb-da) 192.168.120.13 fa:16:3e:2f:1f:5d
Aug 27 15:03:32 gtw01 dnsmasq-dhcp[1438]: DHCPREQUEST(tapca4e67eb-da) 192.168.120.13 fa:16:3e:2f:1f:5d
Aug 27 15:03:32 gtw01 dnsmasq-dhcp[1438]: DHCPACK(tapca4e67eb-da) 192.168.120.13 fa:16:3e:2f:1f:5d host-192-168-120-13
Aug 27 15:03:32 gtw01 dnsmasq[2808]: read /var/lib/neutron/dhcp/ea0a66da-bede-4916-b580-deb5f2721107/addn_hosts - 2 addresses
Aug 27 15:03:32 gtw01 dnsmasq-dhcp[2808]: read /var/lib/neutron/dhcp/ea0a66da-bede-4916-b580-deb5f2721107/host
Aug 27 15:03:32 gtw01 dnsmasq-dhcp[2808]: read /var/lib/neutron/dhcp/ea0a66da-bede-4916-b580-deb5f2721107/opts
Aug 27 15:03:33 gtw01 dnsmasq[2808]: read /var/lib/neutron/dhcp/ea0a66da-bede-4916-b580-deb5f2721107/addn_hosts - 2 addresses
Aug 27 15:03:33 gtw01 dnsmasq-dhcp[2808]: read /var/lib/neutron/dhcp/ea0a66da-bede-4916-b580-deb5f2721107/host
Aug 27 15:03:33 gtw01 dnsmasq-dhcp[2808]: read /var/lib/neutron/dhcp/ea0a66da-bede-4916-b580-deb5f2721107/opts
Aug 27 15:03:34 gtw01 dnsmasq[2808]: read /var/lib/neutron/dhcp/ea0a66da-bede-4916-b580-deb5f2721107/addn_hosts - 2 addresses
Aug 27 15:03:34 gtw01 dnsmasq-dhcp[2808]: read /var/lib/neutron/dhcp/ea0a66da-bede-4916-b580-deb5f2721107/host
Aug 27 15:03:34 gtw01 dnsmasq-dhcp[2808]: read /var/lib/neutron/dhcp/ea0a66da-bede-4916-b580-deb5f2721107/opts
Aug 27 15:03:35 gtw01 dnsmasq[2808]: read /var/lib/neutron/dhcp/ea0a66da-bede-4916-b580-deb5f2721107/addn_hosts - 3 addresses
Aug 27 15:03:35 gtw01 dnsmasq-dhcp[2808]: read /var/lib/neutron/dhcp/ea0a66da-bede-4916-b580-deb5f2721107/host
Aug 27 15:03:35 gtw01 dnsmasq-dhcp[2808]: read /var/lib/neutron/dhcp/ea0a66da-bede-4916-b580-deb5f2721107/opts
Aug 27 15:03:37 gtw01 dnsmasq[2808]: read /var/lib/neutron/dhcp/ea0a66da-bede-4916-b580-deb5f2721107/addn_hosts - 3 addresses
Aug 27 15:03:37 gtw01 dnsmasq-dhcp[2808]: read /var/lib/neutron/dhcp/ea0a66da-bede-4916-b580-deb5f2721107/host
Aug 27 15:03:37 gtw01 dnsmasq-dhcp[2808]: read /var/lib/neutron/dhcp/ea0a66da-bede-4916-b580-deb5f2721107/opts
Aug 27 15:03:37 gtw01 dnsmasq[807]: read /var/lib/neutron/dhcp/ce33326f-493c-4299-9dc1-0fdfb1adc622/addn_hosts - 4 addresses
Aug 27 15:03:37 gtw01 dnsmasq-dhcp[807]: read /var/lib/neutron/dhcp/ce33326f-493c-4299-9dc1-0fdfb1adc622/host
Aug 27 15:03:37 gtw01 dnsmasq-dhcp[807]: read /var/lib/neutron/dhcp/ce33326f-493c-4299-9dc1-0fdfb1adc622/opts
Aug 27 15:03:37 gtw01 dnsmasq[21246]: read /var/lib/neutron/dhcp/e7812da2-66f5-40d8-bf1a-d4907c506b9a/addn_hosts - 2 addresses
Aug 27 15:03:37 gtw01 dnsmasq-dhcp[21246]: read /var/lib/neutron/dhcp/e7812da2-66f5-40d8-bf1a-d4907c506b9a/host
Aug 27 15:03:37 gtw01 dnsmasq-dhcp[21246]: read /var/lib/neutron/dhcp/e7812da2-66f5-40d8-bf1a-d4907c506b9a/opts
Aug 27 15:03:38 gtw01 dnsmasq[2808]: read /var/lib/neutron/dhcp/ea0a66da-bede-4916-b580-deb5f2721107/addn_hosts - 3 addresses
Aug 27 15:03:38 gtw01 dnsmasq-dhcp[2808]: read /var/lib/neutron/dhcp/ea0a66da-bede-4916-b580-deb5f2721107/host
Aug 27 15:03:38 gtw01 dnsmasq-dhcp[2808]: read /var/lib/neutron/dhcp/ea0a66da-bede-4916-b580-deb5f2721107/opts
Aug 27 15:03:38 gtw01 kernel: [ 6685.775180] device qr-e435ad15-be entered promiscuous mode
Aug 27 15:03:38 gtw01 systemd-udevd[3215]: link_config: autonegotiation is unset or enabled, the speed and duplex are not writable.
Aug 27 15:03:38 gtw01 systemd-udevd[3215]: Could not generate persistent MAC address for qr-e435ad15-be: No such file or directory
Aug 27 15:03:39 gtw01 dnsmasq[807]: read /var/lib/neutron/dhcp/ce33326f-493c-4299-9dc1-0fdfb1adc622/addn_hosts - 4 addresses
Aug 27 15:03:39 gtw01 dnsmasq-dhcp[807]: read /var/lib/neutron/dhcp/ce33326f-493c-4299-9dc1-0fdfb1adc622/host
Aug 27 15:03:39 gtw01 dnsmasq-dhcp[807]: read /var/lib/neutron/dhcp/ce33326f-493c-4299-9dc1-0fdfb1adc622/opts
Aug 27 15:03:39 gtw01 dnsmasq[2808]: read /var/lib/neutron/dhcp/ea0a66da-bede-4916-b580-deb5f2721107/addn_hosts - 3 addresses
Aug 27 15:03:39 gtw01 dnsmasq-dhcp[2808]: read /var/lib/neutron/dhcp/ea0a66da-bede-4916-b580-deb5f2721107/host
Aug 27 15:03:39 gtw01 dnsmasq-dhcp[2808]: read /var/lib/neutron/dhcp/ea0a66da-bede-4916-b580-deb5f2721107/opts
Aug 27 15:03:40 gtw01 dnsmasq[807]: read /var/lib/neutron/dhcp/ce33326f-493c-4299-9dc1-0fdfb1adc622/addn_hosts - 4 addresses
Aug 27 15:03:40 gtw01 dnsmasq-dhcp[807]: read /var/lib/neutron/dhcp/ce33326f-493c-4299-9dc1-0fdfb1adc622/host
Aug 27 15:03:40 gtw01 dnsmasq-dhcp[807]: read /var/lib/neutron/dhcp/ce33326f-493c-4299-9dc1-0fdfb1adc622/opts
Aug 27 15:03:40 gtw01 dnsmasq[2808]: read /var/lib/neutron/dhcp/ea0a66da-bede-4916-b580-deb5f2721107/addn_hosts - 3 addresses
Aug 27 15:03:40 gtw01 dnsmasq-dhcp[2808]: read /var/lib/neutron/dhcp/ea0a66da-bede-4916-b580-deb5f2721107/host
Aug 27 15:03:40 gtw01 dnsmasq-dhcp[2808]: read /var/lib/neutron/dhcp/ea0a66da-bede-4916-b580-deb5f2721107/opts
Aug 27 15:03:41 gtw01 dnsmasq-dhcp[1438]: DHCPRELEASE(tapca4e67eb-da) 192.168.120.13 fa:16:3e:2f:1f:5d
Aug 27 15:03:42 gtw01 dnsmasq-dhcp[1438]: DHCPRELEASE(tapca4e67eb-da) 192.168.120.13 fa:16:3e:2f:1f:5d unknown lease
Aug 27 15:03:42 gtw01 dnsmasq[1438]: read /var/lib/neutron/dhcp/14b9e1ee-436a-4331-b803-c55528dbfca4/addn_hosts - 2 addresses
Aug 27 15:03:42 gtw01 dnsmasq-dhcp[1438]: read /var/lib/neutron/dhcp/14b9e1ee-436a-4331-b803-c55528dbfca4/host
Aug 27 15:03:42 gtw01 dnsmasq-dhcp[1438]: read /var/lib/neutron/dhcp/14b9e1ee-436a-4331-b803-c55528dbfca4/opts
Aug 27 15:03:43 gtw01 dnsmasq[21246]: read /var/lib/neutron/dhcp/e7812da2-66f5-40d8-bf1a-d4907c506b9a/addn_hosts - 3 addresses
Aug 27 15:03:43 gtw01 dnsmasq-dhcp[21246]: read /var/lib/neutron/dhcp/e7812da2-66f5-40d8-bf1a-d4907c506b9a/host
Aug 27 15:03:43 gtw01 dnsmasq-dhcp[21246]: read /var/lib/neutron/dhcp/e7812da2-66f5-40d8-bf1a-d4907c506b9a/opts
Aug 27 15:03:44 gtw01 dnsmasq[21246]: read /var/lib/neutron/dhcp/e7812da2-66f5-40d8-bf1a-d4907c506b9a/addn_hosts - 3 addresses
Aug 27 15:03:44 gtw01 dnsmasq-dhcp[21246]: read /var/lib/neutron/dhcp/e7812da2-66f5-40d8-bf1a-d4907c506b9a/host
Aug 27 15:03:44 gtw01 dnsmasq-dhcp[21246]: read /var/lib/neutron/dhcp/e7812da2-66f5-40d8-bf1a-d4907c506b9a/opts
Aug 27 15:03:45 gtw01 dnsmasq[21246]: read /var/lib/neutron/dhcp/e7812da2-66f5-40d8-bf1a-d4907c506b9a/addn_hosts - 3 addresses
Aug 27 15:03:45 gtw01 dnsmasq-dhcp[21246]: read /var/lib/neutron/dhcp/e7812da2-66f5-40d8-bf1a-d4907c506b9a/host
Aug 27 15:03:45 gtw01 dnsmasq-dhcp[21246]: read /var/lib/neutron/dhcp/e7812da2-66f5-40d8-bf1a-d4907c506b9a/opts
Aug 27 15:03:45 gtw01 dnsmasq[1438]: read /var/lib/neutron/dhcp/14b9e1ee-436a-4331-b803-c55528dbfca4/addn_hosts - 1 addresses
Aug 27 15:03:45 gtw01 dnsmasq-dhcp[1438]: read /var/lib/neutron/dhcp/14b9e1ee-436a-4331-b803-c55528dbfca4/host
Aug 27 15:03:45 gtw01 dnsmasq-dhcp[1438]: read /var/lib/neutron/dhcp/14b9e1ee-436a-4331-b803-c55528dbfca4/opts
Aug 27 15:03:46 gtw01 dnsmasq[807]: read /var/lib/neutron/dhcp/ce33326f-493c-4299-9dc1-0fdfb1adc622/addn_hosts - 3 addresses
Aug 27 15:03:46 gtw01 dnsmasq-dhcp[807]: read /var/lib/neutron/dhcp/ce33326f-493c-4299-9dc1-0fdfb1adc622/host
Aug 27 15:03:46 gtw01 dnsmasq-dhcp[807]: read /var/lib/neutron/dhcp/ce33326f-493c-4299-9dc1-0fdfb1adc622/opts
Aug 27 15:03:47 gtw01 kernel: [ 6694.276508] device qr-225633ca-08 left promiscuous mode
Aug 27 15:03:47 gtw01 kernel: [ 6694.923637] device qg-ea5d47b9-d4 left promiscuous mode
Aug 27 15:03:49 gtw01 dnsmasq-dhcp[807]: DHCPRELEASE(tap9bea40a9-22) 192.168.120.11 fa:16:3e:14:68:bf
Aug 27 15:03:50 gtw01 dnsmasq-dhcp[807]: DHCPRELEASE(tap9bea40a9-22) 192.168.120.11 fa:16:3e:14:68:bf unknown lease
Aug 27 15:03:50 gtw01 dnsmasq[807]: read /var/lib/neutron/dhcp/ce33326f-493c-4299-9dc1-0fdfb1adc622/addn_hosts - 2 addresses
Aug 27 15:03:50 gtw01 dnsmasq-dhcp[807]: read /var/lib/neutron/dhcp/ce33326f-493c-4299-9dc1-0fdfb1adc622/host
Aug 27 15:03:50 gtw01 dnsmasq-dhcp[807]: read /var/lib/neutron/dhcp/ce33326f-493c-4299-9dc1-0fdfb1adc622/opts
Aug 27 15:03:51 gtw01 kernel: [ 6698.831758] device tapca4e67eb-da left promiscuous mode
Aug 27 15:03:53 gtw01 dnsmasq-dhcp[2808]: DHCPDISCOVER(tap7e59c50b-a0) fa:16:3e:39:64:1f
Aug 27 15:03:53 gtw01 dnsmasq-dhcp[2808]: DHCPOFFER(tap7e59c50b-a0) 192.168.120.9 fa:16:3e:39:64:1f
Aug 27 15:03:53 gtw01 dnsmasq-dhcp[2808]: DHCPREQUEST(tap7e59c50b-a0) 192.168.120.9 fa:16:3e:39:64:1f
Aug 27 15:03:53 gtw01 dnsmasq-dhcp[2808]: DHCPACK(tap7e59c50b-a0) 192.168.120.9 fa:16:3e:39:64:1f host-192-168-120-9
Aug 27 15:03:56 gtw01 dnsmasq[807]: read /var/lib/neutron/dhcp/ce33326f-493c-4299-9dc1-0fdfb1adc622/addn_hosts - 3 addresses
Aug 27 15:03:56 gtw01 dnsmasq-dhcp[807]: read /var/lib/neutron/dhcp/ce33326f-493c-4299-9dc1-0fdfb1adc622/host
Aug 27 15:03:56 gtw01 dnsmasq-dhcp[807]: read /var/lib/neutron/dhcp/ce33326f-493c-4299-9dc1-0fdfb1adc622/opts
Aug 27 15:03:57 gtw01 dnsmasq[807]: read /var/lib/neutron/dhcp/ce33326f-493c-4299-9dc1-0fdfb1adc622/addn_hosts - 3 addresses
Aug 27 15:03:57 gtw01 dnsmasq-dhcp[807]: read /var/lib/neutron/dhcp/ce33326f-493c-4299-9dc1-0fdfb1adc622/host
Aug 27 15:03:57 gtw01 dnsmasq-dhcp[807]: read /var/lib/neutron/dhcp/ce33326f-493c-4299-9dc1-0fdfb1adc622/opts
Aug 27 15:03:58 gtw01 dnsmasq-dhcp[2808]: DHCPRELEASE(tap7e59c50b-a0) 192.168.120.9 fa:16:3e:39:64:1f
Aug 27 15:03:58 gtw01 dnsmasq-dhcp[21246]: DHCPDISCOVER(tape9a3cc68-02) fa:16:3e:ed:c5:dc
Aug 27 15:03:58 gtw01 dnsmasq-dhcp[21246]: DHCPOFFER(tape9a3cc68-02) 192.168.120.93 fa:16:3e:ed:c5:dc
Aug 27 15:03:58 gtw01 dnsmasq-dhcp[21246]: DHCPREQUEST(tape9a3cc68-02) 192.168.120.93 fa:16:3e:ed:c5:dc
Aug 27 15:03:58 gtw01 dnsmasq-dhcp[21246]: DHCPACK(tape9a3cc68-02) 192.168.120.93 fa:16:3e:ed:c5:dc host-192-168-120-93
Aug 27 15:03:58 gtw01 dnsmasq-dhcp[2808]: DHCPRELEASE(tap7e59c50b-a0) 192.168.120.9 fa:16:3e:39:64:1f unknown lease
Aug 27 15:03:58 gtw01 dnsmasq[807]: read /var/lib/neutron/dhcp/ce33326f-493c-4299-9dc1-0fdfb1adc622/addn_hosts - 3 addresses
Aug 27 15:03:58 gtw01 dnsmasq-dhcp[807]: read /var/lib/neutron/dhcp/ce33326f-493c-4299-9dc1-0fdfb1adc622/host
Aug 27 15:03:58 gtw01 dnsmasq-dhcp[807]: read /var/lib/neutron/dhcp/ce33326f-493c-4299-9dc1-0fdfb1adc622/opts
Aug 27 15:03:58 gtw01 dnsmasq[2808]: read /var/lib/neutron/dhcp/ea0a66da-bede-4916-b580-deb5f2721107/addn_hosts - 2 addresses
Aug 27 15:03:58 gtw01 dnsmasq-dhcp[2808]: read /var/lib/neutron/dhcp/ea0a66da-bede-4916-b580-deb5f2721107/host
Aug 27 15:03:58 gtw01 dnsmasq-dhcp[2808]: read /var/lib/neutron/dhcp/ea0a66da-bede-4916-b580-deb5f2721107/opts
Aug 27 15:04:02 gtw01 dnsmasq[2808]: read /var/lib/neutron/dhcp/ea0a66da-bede-4916-b580-deb5f2721107/addn_hosts - 1 addresses
Aug 27 15:04:02 gtw01 dnsmasq-dhcp[2808]: read /var/lib/neutron/dhcp/ea0a66da-bede-4916-b580-deb5f2721107/host
Aug 27 15:04:02 gtw01 dnsmasq-dhcp[2808]: read /var/lib/neutron/dhcp/ea0a66da-bede-4916-b580-deb5f2721107/opts
Aug 27 15:04:04 gtw01 kernel: [ 6711.093075] device qr-e435ad15-be left promiscuous mode
Aug 27 15:04:06 gtw01 systemd-udevd[4148]: link_config: autonegotiation is unset or enabled, the speed and duplex are not writable.
Aug 27 15:04:06 gtw01 systemd-udevd[4148]: Could not generate persistent MAC address for qg-6befdf7f-ad: No such file or directory
Aug 27 15:04:06 gtw01 kernel: [ 6713.227886] device qg-6befdf7f-ad entered promiscuous mode
Aug 27 15:04:06 gtw01 kernel: [ 6713.699032] device qg-48a9c293-d1 left promiscuous mode
Aug 27 15:04:06 gtw01 kernel: [ 6713.945821] device tap7e59c50b-a0 left promiscuous mode
Aug 27 15:04:10 gtw01 dnsmasq-dhcp[21246]: DHCPRELEASE(tape9a3cc68-02) 192.168.120.93 fa:16:3e:ed:c5:dc
Aug 27 15:04:11 gtw01 dnsmasq-dhcp[807]: DHCPDISCOVER(tap9bea40a9-22) fa:16:3e:f5:cf:8c
Aug 27 15:04:11 gtw01 dnsmasq-dhcp[807]: DHCPOFFER(tap9bea40a9-22) 192.168.120.6 fa:16:3e:f5:cf:8c
Aug 27 15:04:11 gtw01 dnsmasq-dhcp[807]: DHCPREQUEST(tap9bea40a9-22) 192.168.120.6 fa:16:3e:f5:cf:8c
Aug 27 15:04:11 gtw01 dnsmasq-dhcp[807]: DHCPACK(tap9bea40a9-22) 192.168.120.6 fa:16:3e:f5:cf:8c host-192-168-120-6
Aug 27 15:04:13 gtw01 kernel: [ 6720.704791] device tap7d7af224-c2 entered promiscuous mode
Aug 27 15:04:13 gtw01 systemd-udevd[4432]: link_config: autonegotiation is unset or enabled, the speed and duplex are not writable.
Aug 27 15:04:13 gtw01 systemd-udevd[4432]: Could not generate persistent MAC address for tap7d7af224-c2: No such file or directory
Aug 27 15:04:13 gtw01 systemd-udevd[4432]: Process '/sbin/ip link set tap7d7af224-c2 txqueuelen 10000' failed with exit code 1.
Aug 27 15:04:13 gtw01 systemd-udevd[4432]: Process '/sbin/ip link set tap7d7af224-c2 txqueuelen 10000' failed with exit code 1.
Aug 27 15:04:15 gtw01 kernel: [ 6722.389842] device qr-6c2cde0f-24 entered promiscuous mode
Aug 27 15:04:15 gtw01 systemd-udevd[4555]: link_config: autonegotiation is unset or enabled, the speed and duplex are not writable.
Aug 27 15:04:15 gtw01 systemd-udevd[4555]: Could not generate persistent MAC address for qr-6c2cde0f-24: No such file or directory
Aug 27 15:04:16 gtw01 dnsmasq[21246]: read /var/lib/neutron/dhcp/e7812da2-66f5-40d8-bf1a-d4907c506b9a/addn_hosts - 2 addresses
Aug 27 15:04:16 gtw01 dnsmasq-dhcp[21246]: read /var/lib/neutron/dhcp/e7812da2-66f5-40d8-bf1a-d4907c506b9a/host
Aug 27 15:04:16 gtw01 dnsmasq-dhcp[21246]: read /var/lib/neutron/dhcp/e7812da2-66f5-40d8-bf1a-d4907c506b9a/opts
Aug 27 15:04:17 gtw01 dnsmasq[4733]: started, version 2.79 cachesize 150
Aug 27 15:04:17 gtw01 dnsmasq[4733]: DNS service limited to local subnets
Aug 27 15:04:17 gtw01 dnsmasq[4733]: compile time options: IPv6 GNU-getopt DBus i18n IDN DHCP DHCPv6 no-Lua TFTP conntrack ipset auth DNSSEC loop-detect inotify
Aug 27 15:04:17 gtw01 dnsmasq[4733]: warning: no upstream servers configured
Aug 27 15:04:17 gtw01 dnsmasq-dhcp[4733]: DHCP, static leases only on 192.168.120.0, lease time 1h
Aug 27 15:04:17 gtw01 dnsmasq[4733]: read /var/lib/neutron/dhcp/cb18375c-429b-40a7-ace3-e6ee483d7940/addn_hosts - 1 addresses
Aug 27 15:04:17 gtw01 dnsmasq-dhcp[4733]: read /var/lib/neutron/dhcp/cb18375c-429b-40a7-ace3-e6ee483d7940/host
Aug 27 15:04:17 gtw01 dnsmasq-dhcp[4733]: read /var/lib/neutron/dhcp/cb18375c-429b-40a7-ace3-e6ee483d7940/opts
Aug 27 15:04:17 gtw01 systemd-udevd[4758]: link_config: autonegotiation is unset or enabled, the speed and duplex are not writable.
Aug 27 15:04:17 gtw01 systemd-udevd[4758]: Could not generate persistent MAC address for qg-90747afc-18: No such file or directory
Aug 27 15:04:17 gtw01 kernel: [ 6724.432148] device qg-90747afc-18 entered promiscuous mode
Aug 27 15:04:18 gtw01 dnsmasq[4733]: read /var/lib/neutron/dhcp/cb18375c-429b-40a7-ace3-e6ee483d7940/addn_hosts - 2 addresses
Aug 27 15:04:18 gtw01 dnsmasq-dhcp[4733]: read /var/lib/neutron/dhcp/cb18375c-429b-40a7-ace3-e6ee483d7940/host
Aug 27 15:04:18 gtw01 dnsmasq-dhcp[4733]: read /var/lib/neutron/dhcp/cb18375c-429b-40a7-ace3-e6ee483d7940/opts
Aug 27 15:04:19 gtw01 dnsmasq[4733]: read /var/lib/neutron/dhcp/cb18375c-429b-40a7-ace3-e6ee483d7940/addn_hosts - 2 addresses
Aug 27 15:04:19 gtw01 dnsmasq-dhcp[4733]: read /var/lib/neutron/dhcp/cb18375c-429b-40a7-ace3-e6ee483d7940/host
Aug 27 15:04:19 gtw01 dnsmasq-dhcp[4733]: read /var/lib/neutron/dhcp/cb18375c-429b-40a7-ace3-e6ee483d7940/opts
Aug 27 15:04:20 gtw01 dnsmasq[4733]: read /var/lib/neutron/dhcp/cb18375c-429b-40a7-ace3-e6ee483d7940/addn_hosts - 2 addresses
Aug 27 15:04:20 gtw01 dnsmasq-dhcp[4733]: read /var/lib/neutron/dhcp/cb18375c-429b-40a7-ace3-e6ee483d7940/host
Aug 27 15:04:20 gtw01 dnsmasq-dhcp[4733]: read /var/lib/neutron/dhcp/cb18375c-429b-40a7-ace3-e6ee483d7940/opts
Aug 27 15:04:20 gtw01 dnsmasq[21246]: read /var/lib/neutron/dhcp/e7812da2-66f5-40d8-bf1a-d4907c506b9a/addn_hosts - 3 addresses
Aug 27 15:04:20 gtw01 dnsmasq-dhcp[21246]: read /var/lib/neutron/dhcp/e7812da2-66f5-40d8-bf1a-d4907c506b9a/host
Aug 27 15:04:20 gtw01 dnsmasq-dhcp[21246]: read /var/lib/neutron/dhcp/e7812da2-66f5-40d8-bf1a-d4907c506b9a/opts
Aug 27 15:04:21 gtw01 dnsmasq[4733]: read /var/lib/neutron/dhcp/cb18375c-429b-40a7-ace3-e6ee483d7940/addn_hosts - 2 addresses
Aug 27 15:04:21 gtw01 dnsmasq-dhcp[4733]: read /var/lib/neutron/dhcp/cb18375c-429b-40a7-ace3-e6ee483d7940/host
Aug 27 15:04:21 gtw01 dnsmasq-dhcp[4733]: read /var/lib/neutron/dhcp/cb18375c-429b-40a7-ace3-e6ee483d7940/opts
Aug 27 15:04:21 gtw01 dnsmasq[21246]: read /var/lib/neutron/dhcp/e7812da2-66f5-40d8-bf1a-d4907c506b9a/addn_hosts - 3 addresses
Aug 27 15:04:21 gtw01 dnsmasq-dhcp[21246]: read /var/lib/neutron/dhcp/e7812da2-66f5-40d8-bf1a-d4907c506b9a/host
Aug 27 15:04:21 gtw01 dnsmasq-dhcp[21246]: read /var/lib/neutron/dhcp/e7812da2-66f5-40d8-bf1a-d4907c506b9a/opts
Aug 27 15:04:22 gtw01 dnsmasq[4733]: read /var/lib/neutron/dhcp/cb18375c-429b-40a7-ace3-e6ee483d7940/addn_hosts - 2 addresses
Aug 27 15:04:22 gtw01 dnsmasq-dhcp[4733]: read /var/lib/neutron/dhcp/cb18375c-429b-40a7-ace3-e6ee483d7940/host
Aug 27 15:04:22 gtw01 dnsmasq-dhcp[4733]: read /var/lib/neutron/dhcp/cb18375c-429b-40a7-ace3-e6ee483d7940/opts
Aug 27 15:04:22 gtw01 dnsmasq[807]: read /var/lib/neutron/dhcp/ce33326f-493c-4299-9dc1-0fdfb1adc622/addn_hosts - 4 addresses
Aug 27 15:04:22 gtw01 dnsmasq-dhcp[807]: read /var/lib/neutron/dhcp/ce33326f-493c-4299-9dc1-0fdfb1adc622/host
Aug 27 15:04:22 gtw01 dnsmasq-dhcp[807]: read /var/lib/neutron/dhcp/ce33326f-493c-4299-9dc1-0fdfb1adc622/opts
Aug 27 15:04:22 gtw01 dnsmasq[21246]: read /var/lib/neutron/dhcp/e7812da2-66f5-40d8-bf1a-d4907c506b9a/addn_hosts - 3 addresses
Aug 27 15:04:22 gtw01 dnsmasq-dhcp[21246]: read /var/lib/neutron/dhcp/e7812da2-66f5-40d8-bf1a-d4907c506b9a/host
Aug 27 15:04:22 gtw01 dnsmasq-dhcp[21246]: read /var/lib/neutron/dhcp/e7812da2-66f5-40d8-bf1a-d4907c506b9a/opts
Aug 27 15:04:23 gtw01 dnsmasq[807]: read /var/lib/neutron/dhcp/ce33326f-493c-4299-9dc1-0fdfb1adc622/addn_hosts - 4 addresses
Aug 27 15:04:23 gtw01 dnsmasq-dhcp[807]: read /var/lib/neutron/dhcp/ce33326f-493c-4299-9dc1-0fdfb1adc622/host
Aug 27 15:04:23 gtw01 dnsmasq-dhcp[807]: read /var/lib/neutron/dhcp/ce33326f-493c-4299-9dc1-0fdfb1adc622/opts
Aug 27 15:04:23 gtw01 dnsmasq[4733]: read /var/lib/neutron/dhcp/cb18375c-429b-40a7-ace3-e6ee483d7940/addn_hosts - 3 addresses
Aug 27 15:04:23 gtw01 dnsmasq-dhcp[4733]: read /var/lib/neutron/dhcp/cb18375c-429b-40a7-ace3-e6ee483d7940/host
Aug 27 15:04:23 gtw01 dnsmasq-dhcp[4733]: read /var/lib/neutron/dhcp/cb18375c-429b-40a7-ace3-e6ee483d7940/opts
Aug 27 15:04:24 gtw01 dnsmasq[807]: read /var/lib/neutron/dhcp/ce33326f-493c-4299-9dc1-0fdfb1adc622/addn_hosts - 4 addresses
Aug 27 15:04:24 gtw01 dnsmasq-dhcp[807]: read /var/lib/neutron/dhcp/ce33326f-493c-4299-9dc1-0fdfb1adc622/host
Aug 27 15:04:24 gtw01 dnsmasq-dhcp[807]: read /var/lib/neutron/dhcp/ce33326f-493c-4299-9dc1-0fdfb1adc622/opts
Aug 27 15:04:24 gtw01 dnsmasq[4733]: read /var/lib/neutron/dhcp/cb18375c-429b-40a7-ace3-e6ee483d7940/addn_hosts - 3 addresses
Aug 27 15:04:24 gtw01 dnsmasq-dhcp[4733]: read /var/lib/neutron/dhcp/cb18375c-429b-40a7-ace3-e6ee483d7940/host
Aug 27 15:04:24 gtw01 dnsmasq-dhcp[4733]: read /var/lib/neutron/dhcp/cb18375c-429b-40a7-ace3-e6ee483d7940/opts
Aug 27 15:04:25 gtw01 dnsmasq[4733]: read /var/lib/neutron/dhcp/cb18375c-429b-40a7-ace3-e6ee483d7940/addn_hosts - 3 addresses
Aug 27 15:04:25 gtw01 dnsmasq-dhcp[4733]: read /var/lib/neutron/dhcp/cb18375c-429b-40a7-ace3-e6ee483d7940/host
Aug 27 15:04:25 gtw01 dnsmasq-dhcp[4733]: read /var/lib/neutron/dhcp/cb18375c-429b-40a7-ace3-e6ee483d7940/opts
Aug 27 15:04:27 gtw01 dnsmasq[4733]: read /var/lib/neutron/dhcp/cb18375c-429b-40a7-ace3-e6ee483d7940/addn_hosts - 3 addresses
Aug 27 15:04:27 gtw01 dnsmasq-dhcp[4733]: read /var/lib/neutron/dhcp/cb18375c-429b-40a7-ace3-e6ee483d7940/host
Aug 27 15:04:27 gtw01 dnsmasq-dhcp[4733]: read /var/lib/neutron/dhcp/cb18375c-429b-40a7-ace3-e6ee483d7940/opts
Aug 27 15:04:27 gtw01 dnsmasq[807]: read /var/lib/neutron/dhcp/ce33326f-493c-4299-9dc1-0fdfb1adc622/addn_hosts - 5 addresses
Aug 27 15:04:27 gtw01 dnsmasq-dhcp[807]: read /var/lib/neutron/dhcp/ce33326f-493c-4299-9dc1-0fdfb1adc622/host
Aug 27 15:04:27 gtw01 dnsmasq-dhcp[807]: read /var/lib/neutron/dhcp/ce33326f-493c-4299-9dc1-0fdfb1adc622/opts
Aug 27 15:04:27 gtw01 systemd-udevd[5306]: link_config: autonegotiation is unset or enabled, the speed and duplex are not writable.
Aug 27 15:04:27 gtw01 systemd-udevd[5306]: Could not generate persistent MAC address for qr-85cb5c9b-0f: No such file or directory
Aug 27 15:04:27 gtw01 kernel: [ 6734.924335] device qr-85cb5c9b-0f entered promiscuous mode
Aug 27 15:04:28 gtw01 dnsmasq[4733]: read /var/lib/neutron/dhcp/cb18375c-429b-40a7-ace3-e6ee483d7940/addn_hosts - 3 addresses
Aug 27 15:04:28 gtw01 dnsmasq-dhcp[4733]: read /var/lib/neutron/dhcp/cb18375c-429b-40a7-ace3-e6ee483d7940/host
Aug 27 15:04:28 gtw01 dnsmasq-dhcp[4733]: read /var/lib/neutron/dhcp/cb18375c-429b-40a7-ace3-e6ee483d7940/opts
Aug 27 15:04:28 gtw01 dnsmasq[807]: read /var/lib/neutron/dhcp/ce33326f-493c-4299-9dc1-0fdfb1adc622/addn_hosts - 5 addresses
Aug 27 15:04:28 gtw01 dnsmasq-dhcp[807]: read /var/lib/neutron/dhcp/ce33326f-493c-4299-9dc1-0fdfb1adc622/host
Aug 27 15:04:28 gtw01 dnsmasq-dhcp[807]: read /var/lib/neutron/dhcp/ce33326f-493c-4299-9dc1-0fdfb1adc622/opts
Aug 27 15:04:29 gtw01 dnsmasq[807]: read /var/lib/neutron/dhcp/ce33326f-493c-4299-9dc1-0fdfb1adc622/addn_hosts - 5 addresses
Aug 27 15:04:29 gtw01 dnsmasq-dhcp[807]: read /var/lib/neutron/dhcp/ce33326f-493c-4299-9dc1-0fdfb1adc622/host
Aug 27 15:04:29 gtw01 dnsmasq-dhcp[807]: read /var/lib/neutron/dhcp/ce33326f-493c-4299-9dc1-0fdfb1adc622/opts
Aug 27 15:04:32 gtw01 dnsmasq[21246]: read /var/lib/neutron/dhcp/e7812da2-66f5-40d8-bf1a-d4907c506b9a/addn_hosts - 2 addresses
Aug 27 15:04:32 gtw01 dnsmasq-dhcp[21246]: read /var/lib/neutron/dhcp/e7812da2-66f5-40d8-bf1a-d4907c506b9a/host
Aug 27 15:04:32 gtw01 dnsmasq-dhcp[21246]: read /var/lib/neutron/dhcp/e7812da2-66f5-40d8-bf1a-d4907c506b9a/opts
Aug 27 15:04:34 gtw01 dnsmasq[807]: read /var/lib/neutron/dhcp/ce33326f-493c-4299-9dc1-0fdfb1adc622/addn_hosts - 4 addresses
Aug 27 15:04:34 gtw01 dnsmasq-dhcp[807]: read /var/lib/neutron/dhcp/ce33326f-493c-4299-9dc1-0fdfb1adc622/host
Aug 27 15:04:34 gtw01 dnsmasq-dhcp[807]: read /var/lib/neutron/dhcp/ce33326f-493c-4299-9dc1-0fdfb1adc622/opts
Aug 27 15:04:35 gtw01 dnsmasq[807]: read /var/lib/neutron/dhcp/ce33326f-493c-4299-9dc1-0fdfb1adc622/addn_hosts - 3 addresses
Aug 27 15:04:35 gtw01 dnsmasq-dhcp[807]: read /var/lib/neutron/dhcp/ce33326f-493c-4299-9dc1-0fdfb1adc622/host
Aug 27 15:04:35 gtw01 dnsmasq-dhcp[807]: read /var/lib/neutron/dhcp/ce33326f-493c-4299-9dc1-0fdfb1adc622/opts
Aug 27 15:04:36 gtw01 dnsmasq[21246]: read /var/lib/neutron/dhcp/e7812da2-66f5-40d8-bf1a-d4907c506b9a/addn_hosts - 3 addresses
Aug 27 15:04:36 gtw01 dnsmasq-dhcp[21246]: read /var/lib/neutron/dhcp/e7812da2-66f5-40d8-bf1a-d4907c506b9a/host
Aug 27 15:04:36 gtw01 dnsmasq-dhcp[21246]: read /var/lib/neutron/dhcp/e7812da2-66f5-40d8-bf1a-d4907c506b9a/opts
Aug 27 15:04:37 gtw01 dnsmasq[21246]: read /var/lib/neutron/dhcp/e7812da2-66f5-40d8-bf1a-d4907c506b9a/addn_hosts - 3 addresses
Aug 27 15:04:37 gtw01 dnsmasq-dhcp[21246]: read /var/lib/neutron/dhcp/e7812da2-66f5-40d8-bf1a-d4907c506b9a/host
Aug 27 15:04:37 gtw01 dnsmasq-dhcp[21246]: read /var/lib/neutron/dhcp/e7812da2-66f5-40d8-bf1a-d4907c506b9a/opts
Aug 27 15:04:38 gtw01 dnsmasq[21246]: read /var/lib/neutron/dhcp/e7812da2-66f5-40d8-bf1a-d4907c506b9a/addn_hosts - 3 addresses
Aug 27 15:04:38 gtw01 dnsmasq-dhcp[21246]: read /var/lib/neutron/dhcp/e7812da2-66f5-40d8-bf1a-d4907c506b9a/host
Aug 27 15:04:38 gtw01 dnsmasq-dhcp[21246]: read /var/lib/neutron/dhcp/e7812da2-66f5-40d8-bf1a-d4907c506b9a/opts
Aug 27 15:04:39 gtw01 dnsmasq-dhcp[4733]: DHCPDISCOVER(tap7d7af224-c2) fa:16:3e:ac:96:29
