Aug 27 15:17:03 gtw01 dnsmasq-dhcp[26979]: read /var/lib/neutron/dhcp/45d87a73-2ea2-4c52-9e85-ee6bba315026/host
Aug 27 15:17:03 gtw01 dnsmasq-dhcp[26979]: read /var/lib/neutron/dhcp/45d87a73-2ea2-4c52-9e85-ee6bba315026/opts
Aug 27 15:17:03 gtw01 dnsmasq[27102]: read /var/lib/neutron/dhcp/6a9e19d6-1dbd-4230-833e-52ecef1c5233/addn_hosts - 2 addresses
Aug 27 15:17:03 gtw01 dnsmasq-dhcp[27102]: read /var/lib/neutron/dhcp/6a9e19d6-1dbd-4230-833e-52ecef1c5233/host
Aug 27 15:17:03 gtw01 dnsmasq-dhcp[27102]: read /var/lib/neutron/dhcp/6a9e19d6-1dbd-4230-833e-52ecef1c5233/opts
Aug 27 15:17:04 gtw01 dnsmasq[27010]: read /var/lib/neutron/dhcp/17248a25-54b2-4d69-8cea-a6a677cf6e77/addn_hosts - 2 addresses
Aug 27 15:17:04 gtw01 dnsmasq-dhcp[27010]: read /var/lib/neutron/dhcp/17248a25-54b2-4d69-8cea-a6a677cf6e77/host
Aug 27 15:17:04 gtw01 dnsmasq-dhcp[27010]: read /var/lib/neutron/dhcp/17248a25-54b2-4d69-8cea-a6a677cf6e77/opts
Aug 27 15:17:04 gtw01 dnsmasq[26979]: read /var/lib/neutron/dhcp/45d87a73-2ea2-4c52-9e85-ee6bba315026/addn_hosts - 3 addresses
Aug 27 15:17:04 gtw01 dnsmasq-dhcp[26979]: read /var/lib/neutron/dhcp/45d87a73-2ea2-4c52-9e85-ee6bba315026/host
Aug 27 15:17:04 gtw01 dnsmasq-dhcp[26979]: read /var/lib/neutron/dhcp/45d87a73-2ea2-4c52-9e85-ee6bba315026/opts
Aug 27 15:17:04 gtw01 dnsmasq[27102]: read /var/lib/neutron/dhcp/6a9e19d6-1dbd-4230-833e-52ecef1c5233/addn_hosts - 2 addresses
Aug 27 15:17:04 gtw01 dnsmasq-dhcp[27102]: read /var/lib/neutron/dhcp/6a9e19d6-1dbd-4230-833e-52ecef1c5233/host
Aug 27 15:17:04 gtw01 dnsmasq-dhcp[27102]: read /var/lib/neutron/dhcp/6a9e19d6-1dbd-4230-833e-52ecef1c5233/opts
Aug 27 15:17:04 gtw01 kernel: [ 7491.596065] device qr-f73d41e6-98 left promiscuous mode
Aug 27 15:17:05 gtw01 dnsmasq[27010]: read /var/lib/neutron/dhcp/17248a25-54b2-4d69-8cea-a6a677cf6e77/addn_hosts - 2 addresses
Aug 27 15:17:05 gtw01 dnsmasq-dhcp[27010]: read /var/lib/neutron/dhcp/17248a25-54b2-4d69-8cea-a6a677cf6e77/host
Aug 27 15:17:05 gtw01 dnsmasq-dhcp[27010]: read /var/lib/neutron/dhcp/17248a25-54b2-4d69-8cea-a6a677cf6e77/opts
Aug 27 15:17:05 gtw01 dnsmasq[26979]: read /var/lib/neutron/dhcp/45d87a73-2ea2-4c52-9e85-ee6bba315026/addn_hosts - 3 addresses
Aug 27 15:17:05 gtw01 dnsmasq-dhcp[26979]: read /var/lib/neutron/dhcp/45d87a73-2ea2-4c52-9e85-ee6bba315026/host
Aug 27 15:17:05 gtw01 dnsmasq-dhcp[26979]: read /var/lib/neutron/dhcp/45d87a73-2ea2-4c52-9e85-ee6bba315026/opts
Aug 27 15:17:05 gtw01 dnsmasq[27102]: read /var/lib/neutron/dhcp/6a9e19d6-1dbd-4230-833e-52ecef1c5233/addn_hosts - 2 addresses
Aug 27 15:17:05 gtw01 dnsmasq-dhcp[27102]: read /var/lib/neutron/dhcp/6a9e19d6-1dbd-4230-833e-52ecef1c5233/host
Aug 27 15:17:05 gtw01 dnsmasq-dhcp[27102]: read /var/lib/neutron/dhcp/6a9e19d6-1dbd-4230-833e-52ecef1c5233/opts
Aug 27 15:17:06 gtw01 kernel: [ 7493.008690] device tapbeaab0b7-5f left promiscuous mode
Aug 27 15:17:06 gtw01 dnsmasq[27010]: read /var/lib/neutron/dhcp/17248a25-54b2-4d69-8cea-a6a677cf6e77/addn_hosts - 2 addresses
Aug 27 15:17:06 gtw01 dnsmasq-dhcp[27010]: read /var/lib/neutron/dhcp/17248a25-54b2-4d69-8cea-a6a677cf6e77/host
Aug 27 15:17:06 gtw01 dnsmasq-dhcp[27010]: read /var/lib/neutron/dhcp/17248a25-54b2-4d69-8cea-a6a677cf6e77/opts
Aug 27 15:17:06 gtw01 dnsmasq[26979]: read /var/lib/neutron/dhcp/45d87a73-2ea2-4c52-9e85-ee6bba315026/addn_hosts - 3 addresses
Aug 27 15:17:06 gtw01 dnsmasq-dhcp[26979]: read /var/lib/neutron/dhcp/45d87a73-2ea2-4c52-9e85-ee6bba315026/host
Aug 27 15:17:06 gtw01 dnsmasq-dhcp[26979]: read /var/lib/neutron/dhcp/45d87a73-2ea2-4c52-9e85-ee6bba315026/opts
Aug 27 15:17:06 gtw01 dnsmasq[27102]: read /var/lib/neutron/dhcp/6a9e19d6-1dbd-4230-833e-52ecef1c5233/addn_hosts - 2 addresses
Aug 27 15:17:06 gtw01 dnsmasq-dhcp[27102]: read /var/lib/neutron/dhcp/6a9e19d6-1dbd-4230-833e-52ecef1c5233/host
Aug 27 15:17:06 gtw01 dnsmasq-dhcp[27102]: read /var/lib/neutron/dhcp/6a9e19d6-1dbd-4230-833e-52ecef1c5233/opts
Aug 27 15:17:07 gtw01 dnsmasq[26979]: read /var/lib/neutron/dhcp/45d87a73-2ea2-4c52-9e85-ee6bba315026/addn_hosts - 3 addresses
Aug 27 15:17:07 gtw01 dnsmasq-dhcp[26979]: read /var/lib/neutron/dhcp/45d87a73-2ea2-4c52-9e85-ee6bba315026/host
Aug 27 15:17:07 gtw01 dnsmasq-dhcp[26979]: read /var/lib/neutron/dhcp/45d87a73-2ea2-4c52-9e85-ee6bba315026/opts
Aug 27 15:17:07 gtw01 dnsmasq[27102]: read /var/lib/neutron/dhcp/6a9e19d6-1dbd-4230-833e-52ecef1c5233/addn_hosts - 2 addresses
Aug 27 15:17:07 gtw01 dnsmasq-dhcp[27102]: read /var/lib/neutron/dhcp/6a9e19d6-1dbd-4230-833e-52ecef1c5233/host
Aug 27 15:17:07 gtw01 dnsmasq-dhcp[27102]: read /var/lib/neutron/dhcp/6a9e19d6-1dbd-4230-833e-52ecef1c5233/opts
Aug 27 15:17:07 gtw01 dnsmasq[26979]: read /var/lib/neutron/dhcp/45d87a73-2ea2-4c52-9e85-ee6bba315026/addn_hosts - 2 addresses
Aug 27 15:17:07 gtw01 dnsmasq-dhcp[26979]: read /var/lib/neutron/dhcp/45d87a73-2ea2-4c52-9e85-ee6bba315026/host
Aug 27 15:17:07 gtw01 dnsmasq-dhcp[26979]: read /var/lib/neutron/dhcp/45d87a73-2ea2-4c52-9e85-ee6bba315026/opts
Aug 27 15:17:08 gtw01 dnsmasq[27102]: read /var/lib/neutron/dhcp/6a9e19d6-1dbd-4230-833e-52ecef1c5233/addn_hosts - 1 addresses
Aug 27 15:17:08 gtw01 dnsmasq-dhcp[27102]: read /var/lib/neutron/dhcp/6a9e19d6-1dbd-4230-833e-52ecef1c5233/host
Aug 27 15:17:08 gtw01 dnsmasq-dhcp[27102]: read /var/lib/neutron/dhcp/6a9e19d6-1dbd-4230-833e-52ecef1c5233/opts
Aug 27 15:17:08 gtw01 dnsmasq[26979]: read /var/lib/neutron/dhcp/45d87a73-2ea2-4c52-9e85-ee6bba315026/addn_hosts - 1 addresses
Aug 27 15:17:08 gtw01 dnsmasq-dhcp[26979]: read /var/lib/neutron/dhcp/45d87a73-2ea2-4c52-9e85-ee6bba315026/host
Aug 27 15:17:08 gtw01 dnsmasq-dhcp[26979]: read /var/lib/neutron/dhcp/45d87a73-2ea2-4c52-9e85-ee6bba315026/opts
Aug 27 15:17:09 gtw01 dnsmasq[25366]: read /var/lib/neutron/dhcp/9ed05f14-1618-4114-b572-0c69ddcf88e5/addn_hosts - 1 addresses
Aug 27 15:17:09 gtw01 dnsmasq-dhcp[25366]: read /var/lib/neutron/dhcp/9ed05f14-1618-4114-b572-0c69ddcf88e5/host
Aug 27 15:17:09 gtw01 dnsmasq-dhcp[25366]: read /var/lib/neutron/dhcp/9ed05f14-1618-4114-b572-0c69ddcf88e5/opts
Aug 27 15:17:09 gtw01 dnsmasq[27010]: read /var/lib/neutron/dhcp/17248a25-54b2-4d69-8cea-a6a677cf6e77/addn_hosts - 1 addresses
Aug 27 15:17:09 gtw01 dnsmasq-dhcp[27010]: read /var/lib/neutron/dhcp/17248a25-54b2-4d69-8cea-a6a677cf6e77/host
Aug 27 15:17:09 gtw01 dnsmasq-dhcp[27010]: read /var/lib/neutron/dhcp/17248a25-54b2-4d69-8cea-a6a677cf6e77/opts
Aug 27 15:17:11 gtw01 kernel: [ 7498.405353] device qr-d3d0798e-b9 left promiscuous mode
Aug 27 15:17:13 gtw01 kernel: [ 7500.295014] device tap721b66aa-2f left promiscuous mode
Aug 27 15:17:13 gtw01 kernel: [ 7500.546739] device tapd3fb490c-21 left promiscuous mode
Aug 27 15:17:13 gtw01 kernel: [ 7500.576815] device tap0fbe34ef-a2 left promiscuous mode
Aug 27 15:17:15 gtw01 kernel: [ 7502.558650] device tapbfcbbd83-30 left promiscuous mode
Aug 27 15:17:16 gtw01 dnsmasq[24836]: read /var/lib/neutron/dhcp/7cbc40f0-bfe5-4e33-94f0-619db9727e37/addn_hosts - 1 addresses
Aug 27 15:17:16 gtw01 dnsmasq-dhcp[24836]: read /var/lib/neutron/dhcp/7cbc40f0-bfe5-4e33-94f0-619db9727e37/host
Aug 27 15:17:16 gtw01 dnsmasq-dhcp[24836]: read /var/lib/neutron/dhcp/7cbc40f0-bfe5-4e33-94f0-619db9727e37/opts
Aug 27 15:17:17 gtw01 kernel: [ 7504.286925] device qr-c47715df-b3 left promiscuous mode
Aug 27 15:17:19 gtw01 kernel: [ 7506.058933] device tap77574292-12 left promiscuous mode
Aug 27 15:17:21 gtw01 kernel: [ 7508.482079] device tapdf43c7c4-9b entered promiscuous mode
Aug 27 15:17:21 gtw01 systemd-udevd[27694]: link_config: autonegotiation is unset or enabled, the speed and duplex are not writable.
Aug 27 15:17:21 gtw01 systemd-udevd[27694]: Could not generate persistent MAC address for tapdf43c7c4-9b: No such file or directory
Aug 27 15:17:21 gtw01 systemd-udevd[27694]: Process '/sbin/ip link set tapdf43c7c4-9b txqueuelen 10000' failed with exit code 1.
Aug 27 15:17:21 gtw01 systemd-udevd[27768]: Process '/sbin/ip link set tapdf43c7c4-9b txqueuelen 10000' failed with exit code 1.
Aug 27 15:17:24 gtw01 dnsmasq[27871]: started, version 2.79 cachesize 150
Aug 27 15:17:24 gtw01 dnsmasq[27871]: DNS service limited to local subnets
Aug 27 15:17:24 gtw01 dnsmasq[27871]: compile time options: IPv6 GNU-getopt DBus i18n IDN DHCP DHCPv6 no-Lua TFTP conntrack ipset auth DNSSEC loop-detect inotify
Aug 27 15:17:24 gtw01 dnsmasq[27871]: warning: no upstream servers configured
Aug 27 15:17:24 gtw01 dnsmasq-dhcp[27871]: DHCPv6, static leases only on 2003::, lease time 1h
Aug 27 15:17:24 gtw01 dnsmasq[27871]: read /var/lib/neutron/dhcp/a772cbb5-ca40-4a89-b16d-91dd286c3176/addn_hosts - 1 addresses
Aug 27 15:17:24 gtw01 dnsmasq-dhcp[27871]: read /var/lib/neutron/dhcp/a772cbb5-ca40-4a89-b16d-91dd286c3176/host
Aug 27 15:17:24 gtw01 dnsmasq-dhcp[27871]: read /var/lib/neutron/dhcp/a772cbb5-ca40-4a89-b16d-91dd286c3176/opts
Aug 27 15:17:25 gtw01 dnsmasq[27871]: read /var/lib/neutron/dhcp/a772cbb5-ca40-4a89-b16d-91dd286c3176/addn_hosts - 2 addresses
Aug 27 15:17:25 gtw01 dnsmasq-dhcp[27871]: read /var/lib/neutron/dhcp/a772cbb5-ca40-4a89-b16d-91dd286c3176/host
Aug 27 15:17:25 gtw01 dnsmasq-dhcp[27871]: read /var/lib/neutron/dhcp/a772cbb5-ca40-4a89-b16d-91dd286c3176/opts
Aug 27 15:17:26 gtw01 dnsmasq[27871]: read /var/lib/neutron/dhcp/a772cbb5-ca40-4a89-b16d-91dd286c3176/addn_hosts - 2 addresses
Aug 27 15:17:26 gtw01 dnsmasq-dhcp[27871]: read /var/lib/neutron/dhcp/a772cbb5-ca40-4a89-b16d-91dd286c3176/host
Aug 27 15:17:26 gtw01 dnsmasq-dhcp[27871]: read /var/lib/neutron/dhcp/a772cbb5-ca40-4a89-b16d-91dd286c3176/opts
Aug 27 15:17:27 gtw01 dnsmasq[27871]: read /var/lib/neutron/dhcp/a772cbb5-ca40-4a89-b16d-91dd286c3176/addn_hosts - 2 addresses
Aug 27 15:17:27 gtw01 dnsmasq-dhcp[27871]: read /var/lib/neutron/dhcp/a772cbb5-ca40-4a89-b16d-91dd286c3176/host
Aug 27 15:17:27 gtw01 dnsmasq-dhcp[27871]: read /var/lib/neutron/dhcp/a772cbb5-ca40-4a89-b16d-91dd286c3176/opts
Aug 27 15:17:27 gtw01 dnsmasq[27871]: read /var/lib/neutron/dhcp/a772cbb5-ca40-4a89-b16d-91dd286c3176/addn_hosts - 2 addresses
Aug 27 15:17:27 gtw01 dnsmasq-dhcp[27871]: read /var/lib/neutron/dhcp/a772cbb5-ca40-4a89-b16d-91dd286c3176/host
Aug 27 15:17:27 gtw01 dnsmasq-dhcp[27871]: read /var/lib/neutron/dhcp/a772cbb5-ca40-4a89-b16d-91dd286c3176/opts
Aug 27 15:17:28 gtw01 kernel: [ 7515.056086] device tap6823aaad-65 entered promiscuous mode
Aug 27 15:17:28 gtw01 systemd-udevd[28006]: link_config: autonegotiation is unset or enabled, the speed and duplex are not writable.
Aug 27 15:17:28 gtw01 systemd-udevd[28006]: Could not generate persistent MAC address for tap6823aaad-65: No such file or directory
Aug 27 15:17:28 gtw01 systemd-udevd[28006]: Process '/sbin/ip link set tap6823aaad-65 txqueuelen 10000' failed with exit code 1.
Aug 27 15:17:28 gtw01 systemd-udevd[28006]: Process '/sbin/ip link set tap6823aaad-65 txqueuelen 10000' failed with exit code 1.
Aug 27 15:17:28 gtw01 systemd-udevd[28132]: link_config: autonegotiation is unset or enabled, the speed and duplex are not writable.
Aug 27 15:17:28 gtw01 systemd-udevd[28132]: Could not generate persistent MAC address for tap1ff2ec7a-20: No such file or directory
Aug 27 15:17:28 gtw01 kernel: [ 7515.841735] device tap1ff2ec7a-20 entered promiscuous mode
Aug 27 15:17:28 gtw01 systemd-udevd[28132]: Process '/sbin/ip link set tap1ff2ec7a-20 txqueuelen 10000' failed with exit code 1.
Aug 27 15:17:29 gtw01 systemd-udevd[28132]: Process '/sbin/ip link set tap1ff2ec7a-20 txqueuelen 10000' failed with exit code 1.
Aug 27 15:17:29 gtw01 dnsmasq[27871]: read /var/lib/neutron/dhcp/a772cbb5-ca40-4a89-b16d-91dd286c3176/addn_hosts - 2 addresses
Aug 27 15:17:29 gtw01 dnsmasq-dhcp[27871]: read /var/lib/neutron/dhcp/a772cbb5-ca40-4a89-b16d-91dd286c3176/host
Aug 27 15:17:29 gtw01 dnsmasq-dhcp[27871]: read /var/lib/neutron/dhcp/a772cbb5-ca40-4a89-b16d-91dd286c3176/opts
Aug 27 15:17:30 gtw01 kernel: [ 7517.314660] device tapdf43c7c4-9b left promiscuous mode
Aug 27 15:17:31 gtw01 dnsmasq[28339]: started, version 2.79 cachesize 150
Aug 27 15:17:31 gtw01 dnsmasq[28339]: DNS service limited to local subnets
Aug 27 15:17:31 gtw01 dnsmasq[28339]: compile time options: IPv6 GNU-getopt DBus i18n IDN DHCP DHCPv6 no-Lua TFTP conntrack ipset auth DNSSEC loop-detect inotify
Aug 27 15:17:31 gtw01 dnsmasq[28339]: warning: no upstream servers configured
Aug 27 15:17:31 gtw01 dnsmasq-dhcp[28339]: DHCP, static leases only on 192.168.120.0, lease time 1h
Aug 27 15:17:31 gtw01 dnsmasq[28339]: read /var/lib/neutron/dhcp/7cb8869d-c1d2-4f6f-8c2d-18cd9829fd3d/addn_hosts - 1 addresses
Aug 27 15:17:31 gtw01 dnsmasq-dhcp[28339]: read /var/lib/neutron/dhcp/7cb8869d-c1d2-4f6f-8c2d-18cd9829fd3d/host
Aug 27 15:17:31 gtw01 dnsmasq-dhcp[28339]: read /var/lib/neutron/dhcp/7cb8869d-c1d2-4f6f-8c2d-18cd9829fd3d/opts
Aug 27 15:17:32 gtw01 dnsmasq[28369]: started, version 2.79 cachesize 150
Aug 27 15:17:32 gtw01 dnsmasq[28369]: DNS service limited to local subnets
Aug 27 15:17:32 gtw01 dnsmasq[28369]: compile time options: IPv6 GNU-getopt DBus i18n IDN DHCP DHCPv6 no-Lua TFTP conntrack ipset auth DNSSEC loop-detect inotify
Aug 27 15:17:32 gtw01 dnsmasq[28369]: warning: no upstream servers configured
Aug 27 15:17:32 gtw01 dnsmasq-dhcp[28369]: DHCP, static leases only on 192.168.120.16, lease time 1h
Aug 27 15:17:32 gtw01 dnsmasq[28369]: read /var/lib/neutron/dhcp/4e088a61-9ef0-49bd-87a7-5f84ba33e3bf/addn_hosts - 1 addresses
Aug 27 15:17:32 gtw01 dnsmasq-dhcp[28369]: read /var/lib/neutron/dhcp/4e088a61-9ef0-49bd-87a7-5f84ba33e3bf/host
Aug 27 15:17:32 gtw01 dnsmasq-dhcp[28369]: read /var/lib/neutron/dhcp/4e088a61-9ef0-49bd-87a7-5f84ba33e3bf/opts
Aug 27 15:17:32 gtw01 kernel: [ 7519.574263] device tap6823aaad-65 left promiscuous mode
Aug 27 15:17:33 gtw01 kernel: [ 7520.019741] device tap1ff2ec7a-20 left promiscuous mode
Aug 27 15:17:34 gtw01 kernel: [ 7521.287341] device taped971853-d8 entered promiscuous mode
Aug 27 15:17:34 gtw01 systemd-udevd[28440]: link_config: autonegotiation is unset or enabled, the speed and duplex are not writable.
Aug 27 15:17:34 gtw01 systemd-udevd[28440]: Could not generate persistent MAC address for taped971853-d8: No such file or directory
Aug 27 15:17:34 gtw01 systemd-udevd[28440]: Process '/sbin/ip link set taped971853-d8 txqueuelen 10000' failed with exit code 1.
Aug 27 15:17:34 gtw01 systemd-udevd[28440]: Process '/sbin/ip link set taped971853-d8 txqueuelen 10000' failed with exit code 1.
Aug 27 15:17:37 gtw01 dnsmasq[28589]: started, version 2.79 cachesize 150
Aug 27 15:17:37 gtw01 dnsmasq[28589]: DNS service limited to local subnets
Aug 27 15:17:37 gtw01 dnsmasq[28589]: compile time options: IPv6 GNU-getopt DBus i18n IDN DHCP DHCPv6 no-Lua TFTP conntrack ipset auth DNSSEC loop-detect inotify
Aug 27 15:17:37 gtw01 dnsmasq[28589]: warning: no upstream servers configured
Aug 27 15:17:37 gtw01 dnsmasq-dhcp[28589]: DHCPv6, static leases only on 2003::, lease time 1h
Aug 27 15:17:37 gtw01 dnsmasq[28589]: read /var/lib/neutron/dhcp/bc974d77-4c48-4b6c-ab62-fb7b6c9345c2/addn_hosts - 1 addresses
Aug 27 15:17:37 gtw01 dnsmasq-dhcp[28589]: read /var/lib/neutron/dhcp/bc974d77-4c48-4b6c-ab62-fb7b6c9345c2/host
Aug 27 15:17:37 gtw01 dnsmasq-dhcp[28589]: read /var/lib/neutron/dhcp/bc974d77-4c48-4b6c-ab62-fb7b6c9345c2/opts
Aug 27 15:17:38 gtw01 dnsmasq[28589]: read /var/lib/neutron/dhcp/bc974d77-4c48-4b6c-ab62-fb7b6c9345c2/addn_hosts - 1 addresses
Aug 27 15:17:38 gtw01 dnsmasq-dhcp[28589]: read /var/lib/neutron/dhcp/bc974d77-4c48-4b6c-ab62-fb7b6c9345c2/host
Aug 27 15:17:38 gtw01 dnsmasq-dhcp[28589]: read /var/lib/neutron/dhcp/bc974d77-4c48-4b6c-ab62-fb7b6c9345c2/opts
Aug 27 15:17:38 gtw01 dnsmasq[28589]: read /var/lib/neutron/dhcp/bc974d77-4c48-4b6c-ab62-fb7b6c9345c2/addn_hosts - 1 addresses
Aug 27 15:17:38 gtw01 dnsmasq-dhcp[28589]: read /var/lib/neutron/dhcp/bc974d77-4c48-4b6c-ab62-fb7b6c9345c2/host
Aug 27 15:17:38 gtw01 dnsmasq-dhcp[28589]: read /var/lib/neutron/dhcp/bc974d77-4c48-4b6c-ab62-fb7b6c9345c2/opts
Aug 27 15:17:40 gtw01 kernel: [ 7527.240124] device taped971853-d8 left promiscuous mode
Aug 27 15:17:41 gtw01 systemd-udevd[28660]: link_config: autonegotiation is unset or enabled, the speed and duplex are not writable.
Aug 27 15:17:41 gtw01 systemd-udevd[28660]: Could not generate persistent MAC address for tap7bc8b468-4b: No such file or directory
Aug 27 15:17:41 gtw01 kernel: [ 7528.573304] device tap7bc8b468-4b entered promiscuous mode
Aug 27 15:17:41 gtw01 systemd-udevd[28727]: Process '/sbin/ip link set tap7bc8b468-4b txqueuelen 10000' failed with exit code 1.
Aug 27 15:17:42 gtw01 systemd-udevd[28788]: link_config: autonegotiation is unset or enabled, the speed and duplex are not writable.
Aug 27 15:17:42 gtw01 systemd-udevd[28788]: Could not generate persistent MAC address for tap26acfe06-f4: No such file or directory
Aug 27 15:17:42 gtw01 kernel: [ 7529.917882] device tap26acfe06-f4 entered promiscuous mode
Aug 27 15:17:43 gtw01 systemd-udevd[28788]: Process '/sbin/ip link set tap26acfe06-f4 txqueuelen 10000' failed with exit code 1.
Aug 27 15:17:43 gtw01 systemd-udevd[28866]: Process '/sbin/ip link set tap26acfe06-f4 txqueuelen 10000' failed with exit code 1.
Aug 27 15:17:43 gtw01 kernel: [ 7530.950202] device tap8d131ac4-3f entered promiscuous mode
Aug 27 15:17:43 gtw01 systemd-udevd[28925]: link_config: autonegotiation is unset or enabled, the speed and duplex are not writable.
Aug 27 15:17:43 gtw01 systemd-udevd[28925]: Could not generate persistent MAC address for tap8d131ac4-3f: No such file or directory
Aug 27 15:17:44 gtw01 systemd-udevd[28925]: Process '/sbin/ip link set tap8d131ac4-3f txqueuelen 10000' failed with exit code 1.
Aug 27 15:17:44 gtw01 systemd-udevd[28925]: Process '/sbin/ip link set tap8d131ac4-3f txqueuelen 10000' failed with exit code 1.
Aug 27 15:17:44 gtw01 dnsmasq[29062]: started, version 2.79 cachesize 150
Aug 27 15:17:44 gtw01 dnsmasq[29062]: DNS service limited to local subnets
Aug 27 15:17:44 gtw01 dnsmasq[29062]: compile time options: IPv6 GNU-getopt DBus i18n IDN DHCP DHCPv6 no-Lua TFTP conntrack ipset auth DNSSEC loop-detect inotify
Aug 27 15:17:44 gtw01 dnsmasq[29062]: warning: no upstream servers configured
Aug 27 15:17:44 gtw01 dnsmasq-dhcp[29062]: DHCPv6, static leases only on 2003::, lease time 1h
Aug 27 15:17:44 gtw01 dnsmasq[29062]: read /var/lib/neutron/dhcp/62f6a8ef-4f92-49a7-8f61-d758d4b97714/addn_hosts - 1 addresses
Aug 27 15:17:44 gtw01 dnsmasq-dhcp[29062]: read /var/lib/neutron/dhcp/62f6a8ef-4f92-49a7-8f61-d758d4b97714/host
Aug 27 15:17:44 gtw01 dnsmasq-dhcp[29062]: read /var/lib/neutron/dhcp/62f6a8ef-4f92-49a7-8f61-d758d4b97714/opts
Aug 27 15:17:45 gtw01 dnsmasq[29062]: read /var/lib/neutron/dhcp/62f6a8ef-4f92-49a7-8f61-d758d4b97714/addn_hosts - 1 addresses
Aug 27 15:17:45 gtw01 dnsmasq-dhcp[29062]: read /var/lib/neutron/dhcp/62f6a8ef-4f92-49a7-8f61-d758d4b97714/host
Aug 27 15:17:45 gtw01 dnsmasq-dhcp[29062]: read /var/lib/neutron/dhcp/62f6a8ef-4f92-49a7-8f61-d758d4b97714/opts
Aug 27 15:17:46 gtw01 dnsmasq[29122]: started, version 2.79 cachesize 150
Aug 27 15:17:46 gtw01 dnsmasq[29122]: DNS service limited to local subnets
Aug 27 15:17:46 gtw01 dnsmasq[29122]: compile time options: IPv6 GNU-getopt DBus i18n IDN DHCP DHCPv6 no-Lua TFTP conntrack ipset auth DNSSEC loop-detect inotify
Aug 27 15:17:46 gtw01 dnsmasq[29122]: warning: no upstream servers configured
Aug 27 15:17:46 gtw01 dnsmasq-dhcp[29122]: DHCPv6, static leases only on 2003::, lease time 1h
Aug 27 15:17:46 gtw01 dnsmasq[29122]: read /var/lib/neutron/dhcp/c2398767-b4d9-4465-a4b7-2974bb79c795/addn_hosts - 1 addresses
Aug 27 15:17:46 gtw01 dnsmasq-dhcp[29122]: read /var/lib/neutron/dhcp/c2398767-b4d9-4465-a4b7-2974bb79c795/host
Aug 27 15:17:46 gtw01 dnsmasq-dhcp[29122]: read /var/lib/neutron/dhcp/c2398767-b4d9-4465-a4b7-2974bb79c795/opts
Aug 27 15:17:46 gtw01 dnsmasq[29062]: read /var/lib/neutron/dhcp/62f6a8ef-4f92-49a7-8f61-d758d4b97714/addn_hosts - 1 addresses
Aug 27 15:17:46 gtw01 dnsmasq-dhcp[29062]: read /var/lib/neutron/dhcp/62f6a8ef-4f92-49a7-8f61-d758d4b97714/host
Aug 27 15:17:46 gtw01 dnsmasq-dhcp[29062]: read /var/lib/neutron/dhcp/62f6a8ef-4f92-49a7-8f61-d758d4b97714/opts
Aug 27 15:17:47 gtw01 dnsmasq[29122]: read /var/lib/neutron/dhcp/c2398767-b4d9-4465-a4b7-2974bb79c795/addn_hosts - 2 addresses
Aug 27 15:17:47 gtw01 dnsmasq-dhcp[29122]: read /var/lib/neutron/dhcp/c2398767-b4d9-4465-a4b7-2974bb79c795/host
Aug 27 15:17:47 gtw01 dnsmasq-dhcp[29122]: read /var/lib/neutron/dhcp/c2398767-b4d9-4465-a4b7-2974bb79c795/opts
Aug 27 15:17:47 gtw01 dnsmasq[29186]: started, version 2.79 cachesize 150
Aug 27 15:17:47 gtw01 dnsmasq[29186]: DNS service limited to local subnets
Aug 27 15:17:47 gtw01 dnsmasq[29186]: compile time options: IPv6 GNU-getopt DBus i18n IDN DHCP DHCPv6 no-Lua TFTP conntrack ipset auth DNSSEC loop-detect inotify
Aug 27 15:17:47 gtw01 dnsmasq[29186]: warning: no upstream servers configured
Aug 27 15:17:47 gtw01 dnsmasq-dhcp[29186]: DHCPv6, static leases only on 2003::, lease time 1h
Aug 27 15:17:47 gtw01 dnsmasq[29186]: read /var/lib/neutron/dhcp/c7e3142c-49e5-45f0-b58e-d10cb717f069/addn_hosts - 1 addresses
Aug 27 15:17:47 gtw01 dnsmasq-dhcp[29186]: read /var/lib/neutron/dhcp/c7e3142c-49e5-45f0-b58e-d10cb717f069/host
Aug 27 15:17:47 gtw01 dnsmasq-dhcp[29186]: read /var/lib/neutron/dhcp/c7e3142c-49e5-45f0-b58e-d10cb717f069/opts
Aug 27 15:17:47 gtw01 dnsmasq[29062]: read /var/lib/neutron/dhcp/62f6a8ef-4f92-49a7-8f61-d758d4b97714/addn_hosts - 1 addresses
Aug 27 15:17:47 gtw01 dnsmasq-dhcp[29062]: read /var/lib/neutron/dhcp/62f6a8ef-4f92-49a7-8f61-d758d4b97714/host
Aug 27 15:17:47 gtw01 dnsmasq-dhcp[29062]: read /var/lib/neutron/dhcp/62f6a8ef-4f92-49a7-8f61-d758d4b97714/opts
Aug 27 15:17:48 gtw01 dnsmasq[29122]: read /var/lib/neutron/dhcp/c2398767-b4d9-4465-a4b7-2974bb79c795/addn_hosts - 2 addresses
Aug 27 15:17:48 gtw01 dnsmasq-dhcp[29122]: read /var/lib/neutron/dhcp/c2398767-b4d9-4465-a4b7-2974bb79c795/host
Aug 27 15:17:48 gtw01 dnsmasq-dhcp[29122]: read /var/lib/neutron/dhcp/c2398767-b4d9-4465-a4b7-2974bb79c795/opts
Aug 27 15:17:48 gtw01 dnsmasq[29186]: read /var/lib/neutron/dhcp/c7e3142c-49e5-45f0-b58e-d10cb717f069/addn_hosts - 1 addresses
Aug 27 15:17:48 gtw01 dnsmasq-dhcp[29186]: read /var/lib/neutron/dhcp/c7e3142c-49e5-45f0-b58e-d10cb717f069/host
Aug 27 15:17:48 gtw01 dnsmasq-dhcp[29186]: read /var/lib/neutron/dhcp/c7e3142c-49e5-45f0-b58e-d10cb717f069/opts
Aug 27 15:17:49 gtw01 dnsmasq[29122]: read /var/lib/neutron/dhcp/c2398767-b4d9-4465-a4b7-2974bb79c795/addn_hosts - 2 addresses
Aug 27 15:17:49 gtw01 dnsmasq-dhcp[29122]: read /var/lib/neutron/dhcp/c2398767-b4d9-4465-a4b7-2974bb79c795/host
Aug 27 15:17:49 gtw01 dnsmasq-dhcp[29122]: read /var/lib/neutron/dhcp/c2398767-b4d9-4465-a4b7-2974bb79c795/opts
Aug 27 15:17:49 gtw01 dnsmasq[29186]: read /var/lib/neutron/dhcp/c7e3142c-49e5-45f0-b58e-d10cb717f069/addn_hosts - 1 addresses
Aug 27 15:17:49 gtw01 dnsmasq-dhcp[29186]: read /var/lib/neutron/dhcp/c7e3142c-49e5-45f0-b58e-d10cb717f069/host
Aug 27 15:17:49 gtw01 dnsmasq-dhcp[29186]: read /var/lib/neutron/dhcp/c7e3142c-49e5-45f0-b58e-d10cb717f069/opts
Aug 27 15:17:49 gtw01 dnsmasq[29122]: read /var/lib/neutron/dhcp/c2398767-b4d9-4465-a4b7-2974bb79c795/addn_hosts - 2 addresses
Aug 27 15:17:49 gtw01 dnsmasq-dhcp[29122]: read /var/lib/neutron/dhcp/c2398767-b4d9-4465-a4b7-2974bb79c795/host
Aug 27 15:17:49 gtw01 dnsmasq-dhcp[29122]: read /var/lib/neutron/dhcp/c2398767-b4d9-4465-a4b7-2974bb79c795/opts
Aug 27 15:17:49 gtw01 dnsmasq[29186]: read /var/lib/neutron/dhcp/c7e3142c-49e5-45f0-b58e-d10cb717f069/addn_hosts - 1 addresses
Aug 27 15:17:49 gtw01 dnsmasq-dhcp[29186]: read /var/lib/neutron/dhcp/c7e3142c-49e5-45f0-b58e-d10cb717f069/host
Aug 27 15:17:49 gtw01 dnsmasq-dhcp[29186]: read /var/lib/neutron/dhcp/c7e3142c-49e5-45f0-b58e-d10cb717f069/opts
Aug 27 15:17:50 gtw01 systemd-udevd[29325]: link_config: autonegotiation is unset or enabled, the speed and duplex are not writable.
Aug 27 15:17:50 gtw01 systemd-udevd[29325]: Could not generate persistent MAC address for tapaf6c260b-eb: No such file or directory
Aug 27 15:17:50 gtw01 kernel: [ 7537.701425] device tapaf6c260b-eb entered promiscuous mode
Aug 27 15:17:50 gtw01 systemd-udevd[29325]: Process '/sbin/ip link set tapaf6c260b-eb txqueuelen 10000' failed with exit code 1.
Aug 27 15:17:50 gtw01 dnsmasq[29122]: read /var/lib/neutron/dhcp/c2398767-b4d9-4465-a4b7-2974bb79c795/addn_hosts - 2 addresses
Aug 27 15:17:50 gtw01 dnsmasq-dhcp[29122]: read /var/lib/neutron/dhcp/c2398767-b4d9-4465-a4b7-2974bb79c795/host
Aug 27 15:17:50 gtw01 dnsmasq-dhcp[29122]: read /var/lib/neutron/dhcp/c2398767-b4d9-4465-a4b7-2974bb79c795/opts
Aug 27 15:17:50 gtw01 systemd-udevd[29406]: Process '/sbin/ip link set tapaf6c260b-eb txqueuelen 10000' failed with exit code 1.
Aug 27 15:17:51 gtw01 dnsmasq[29122]: read /var/lib/neutron/dhcp/c2398767-b4d9-4465-a4b7-2974bb79c795/addn_hosts - 1 addresses
Aug 27 15:17:51 gtw01 dnsmasq-dhcp[29122]: read /var/lib/neutron/dhcp/c2398767-b4d9-4465-a4b7-2974bb79c795/host
Aug 27 15:17:51 gtw01 dnsmasq-dhcp[29122]: read /var/lib/neutron/dhcp/c2398767-b4d9-4465-a4b7-2974bb79c795/opts
Aug 27 15:17:52 gtw01 kernel: [ 7539.744187] device tap6fa1daa3-4e entered promiscuous mode
Aug 27 15:17:52 gtw01 systemd-udevd[29501]: link_config: autonegotiation is unset or enabled, the speed and duplex are not writable.
Aug 27 15:17:52 gtw01 systemd-udevd[29501]: Could not generate persistent MAC address for tap6fa1daa3-4e: No such file or directory
Aug 27 15:17:52 gtw01 systemd-udevd[29501]: Process '/sbin/ip link set tap6fa1daa3-4e txqueuelen 10000' failed with exit code 1.
Aug 27 15:17:52 gtw01 systemd-udevd[29578]: Process '/sbin/ip link set tap6fa1daa3-4e txqueuelen 10000' failed with exit code 1.
Aug 27 15:17:52 gtw01 dnsmasq[29062]: read /var/lib/neutron/dhcp/62f6a8ef-4f92-49a7-8f61-d758d4b97714/addn_hosts - 2 addresses
Aug 27 15:17:52 gtw01 dnsmasq-dhcp[29062]: read /var/lib/neutron/dhcp/62f6a8ef-4f92-49a7-8f61-d758d4b97714/host
Aug 27 15:17:52 gtw01 dnsmasq-dhcp[29062]: read /var/lib/neutron/dhcp/62f6a8ef-4f92-49a7-8f61-d758d4b97714/opts
Aug 27 15:17:53 gtw01 dnsmasq[29062]: read /var/lib/neutron/dhcp/62f6a8ef-4f92-49a7-8f61-d758d4b97714/addn_hosts - 2 addresses
Aug 27 15:17:53 gtw01 dnsmasq-dhcp[29062]: read /var/lib/neutron/dhcp/62f6a8ef-4f92-49a7-8f61-d758d4b97714/host
Aug 27 15:17:53 gtw01 dnsmasq-dhcp[29062]: read /var/lib/neutron/dhcp/62f6a8ef-4f92-49a7-8f61-d758d4b97714/opts
Aug 27 15:17:54 gtw01 dnsmasq[29646]: started, version 2.79 cachesize 150
Aug 27 15:17:54 gtw01 dnsmasq[29646]: DNS service limited to local subnets
Aug 27 15:17:54 gtw01 dnsmasq[29646]: compile time options: IPv6 GNU-getopt DBus i18n IDN DHCP DHCPv6 no-Lua TFTP conntrack ipset auth DNSSEC loop-detect inotify
Aug 27 15:17:54 gtw01 dnsmasq[29646]: warning: no upstream servers configured
Aug 27 15:17:54 gtw01 dnsmasq-dhcp[29646]: DHCPv6, static leases only on 2003::, lease time 1h
Aug 27 15:17:54 gtw01 dnsmasq[29646]: read /var/lib/neutron/dhcp/2826a633-a96f-4f2f-873b-3fd302e1b7b4/addn_hosts - 1 addresses
Aug 27 15:17:54 gtw01 dnsmasq-dhcp[29646]: read /var/lib/neutron/dhcp/2826a633-a96f-4f2f-873b-3fd302e1b7b4/host
Aug 27 15:17:54 gtw01 dnsmasq-dhcp[29646]: read /var/lib/neutron/dhcp/2826a633-a96f-4f2f-873b-3fd302e1b7b4/opts
Aug 27 15:17:54 gtw01 dnsmasq[29646]: read /var/lib/neutron/dhcp/2826a633-a96f-4f2f-873b-3fd302e1b7b4/addn_hosts - 1 addresses
Aug 27 15:17:54 gtw01 dnsmasq-dhcp[29646]: read /var/lib/neutron/dhcp/2826a633-a96f-4f2f-873b-3fd302e1b7b4/host
Aug 27 15:17:54 gtw01 dnsmasq-dhcp[29646]: read /var/lib/neutron/dhcp/2826a633-a96f-4f2f-873b-3fd302e1b7b4/opts
Aug 27 15:17:55 gtw01 dnsmasq[29646]: read /var/lib/neutron/dhcp/2826a633-a96f-4f2f-873b-3fd302e1b7b4/addn_hosts - 1 addresses
Aug 27 15:17:55 gtw01 dnsmasq-dhcp[29646]: read /var/lib/neutron/dhcp/2826a633-a96f-4f2f-873b-3fd302e1b7b4/host
Aug 27 15:17:55 gtw01 dnsmasq-dhcp[29646]: read /var/lib/neutron/dhcp/2826a633-a96f-4f2f-873b-3fd302e1b7b4/opts
Aug 27 15:17:56 gtw01 dnsmasq[29725]: started, version 2.79 cachesize 150
Aug 27 15:17:56 gtw01 dnsmasq[29725]: DNS service limited to local subnets
Aug 27 15:17:56 gtw01 dnsmasq[29725]: compile time options: IPv6 GNU-getopt DBus i18n IDN DHCP DHCPv6 no-Lua TFTP conntrack ipset auth DNSSEC loop-detect inotify
Aug 27 15:17:56 gtw01 dnsmasq[29725]: warning: no upstream servers configured
Aug 27 15:17:56 gtw01 dnsmasq-dhcp[29725]: DHCPv6, static leases only on 2003:0:1::, lease time 1h
Aug 27 15:17:56 gtw01 dnsmasq[29725]: read /var/lib/neutron/dhcp/3f5f390a-6225-4f63-9346-4b9343fa2063/addn_hosts - 1 addresses
Aug 27 15:17:56 gtw01 dnsmasq-dhcp[29725]: read /var/lib/neutron/dhcp/3f5f390a-6225-4f63-9346-4b9343fa2063/host
Aug 27 15:17:56 gtw01 dnsmasq-dhcp[29725]: read /var/lib/neutron/dhcp/3f5f390a-6225-4f63-9346-4b9343fa2063/opts
Aug 27 15:17:56 gtw01 dnsmasq[29062]: read /var/lib/neutron/dhcp/62f6a8ef-4f92-49a7-8f61-d758d4b97714/addn_hosts - 1 addresses
Aug 27 15:17:56 gtw01 dnsmasq-dhcp[29062]: read /var/lib/neutron/dhcp/62f6a8ef-4f92-49a7-8f61-d758d4b97714/host
Aug 27 15:17:56 gtw01 dnsmasq-dhcp[29062]: read /var/lib/neutron/dhcp/62f6a8ef-4f92-49a7-8f61-d758d4b97714/opts
Aug 27 15:17:56 gtw01 dnsmasq[29646]: read /var/lib/neutron/dhcp/2826a633-a96f-4f2f-873b-3fd302e1b7b4/addn_hosts - 2 addresses
Aug 27 15:17:56 gtw01 dnsmasq-dhcp[29646]: read /var/lib/neutron/dhcp/2826a633-a96f-4f2f-873b-3fd302e1b7b4/host
Aug 27 15:17:56 gtw01 dnsmasq-dhcp[29646]: read /var/lib/neutron/dhcp/2826a633-a96f-4f2f-873b-3fd302e1b7b4/opts
Aug 27 15:17:56 gtw01 dnsmasq[29725]: read /var/lib/neutron/dhcp/3f5f390a-6225-4f63-9346-4b9343fa2063/addn_hosts - 1 addresses
Aug 27 15:17:56 gtw01 dnsmasq-dhcp[29725]: read /var/lib/neutron/dhcp/3f5f390a-6225-4f63-9346-4b9343fa2063/host
Aug 27 15:17:56 gtw01 dnsmasq-dhcp[29725]: read /var/lib/neutron/dhcp/3f5f390a-6225-4f63-9346-4b9343fa2063/opts
Aug 27 15:17:57 gtw01 dnsmasq[29646]: read /var/lib/neutron/dhcp/2826a633-a96f-4f2f-873b-3fd302e1b7b4/addn_hosts - 2 addresses
Aug 27 15:17:57 gtw01 dnsmasq-dhcp[29646]: read /var/lib/neutron/dhcp/2826a633-a96f-4f2f-873b-3fd302e1b7b4/host
Aug 27 15:17:57 gtw01 dnsmasq-dhcp[29646]: read /var/lib/neutron/dhcp/2826a633-a96f-4f2f-873b-3fd302e1b7b4/opts
Aug 27 15:17:57 gtw01 dnsmasq[29725]: read /var/lib/neutron/dhcp/3f5f390a-6225-4f63-9346-4b9343fa2063/addn_hosts - 1 addresses
Aug 27 15:17:57 gtw01 dnsmasq-dhcp[29725]: read /var/lib/neutron/dhcp/3f5f390a-6225-4f63-9346-4b9343fa2063/host
Aug 27 15:17:57 gtw01 dnsmasq-dhcp[29725]: read /var/lib/neutron/dhcp/3f5f390a-6225-4f63-9346-4b9343fa2063/opts
Aug 27 15:17:58 gtw01 kernel: [ 7545.806132] device tapaf6c260b-eb left promiscuous mode
Aug 27 15:17:58 gtw01 dnsmasq[29725]: read /var/lib/neutron/dhcp/3f5f390a-6225-4f63-9346-4b9343fa2063/addn_hosts - 1 addresses
Aug 27 15:17:58 gtw01 dnsmasq-dhcp[29725]: read /var/lib/neutron/dhcp/3f5f390a-6225-4f63-9346-4b9343fa2063/host
Aug 27 15:17:58 gtw01 dnsmasq-dhcp[29725]: read /var/lib/neutron/dhcp/3f5f390a-6225-4f63-9346-4b9343fa2063/opts
Aug 27 15:18:00 gtw01 kernel: [ 7547.366080] device tap6fa1daa3-4e left promiscuous mode
Aug 27 15:18:04 gtw01 systemd-udevd[29905]: link_config: autonegotiation is unset or enabled, the speed and duplex are not writable.
Aug 27 15:18:04 gtw01 kernel: [ 7551.339526] device tapfdeb342e-2a entered promiscuous mode
Aug 27 15:18:04 gtw01 systemd-udevd[29905]: Could not generate persistent MAC address for tapfdeb342e-2a: No such file or directory
Aug 27 15:18:04 gtw01 systemd-udevd[29905]: Process '/sbin/ip link set tapfdeb342e-2a txqueuelen 10000' failed with exit code 1.
Aug 27 15:18:04 gtw01 kernel: [ 7551.407648] device tap8d131ac4-3f left promiscuous mode
Aug 27 15:18:04 gtw01 systemd-udevd[29905]: Process '/sbin/ip link set tapfdeb342e-2a txqueuelen 10000' failed with exit code 1.
Aug 27 15:18:05 gtw01 kernel: [ 7552.787911] device tap26acfe06-f4 left promiscuous mode
Aug 27 15:18:07 gtw01 dnsmasq[30074]: started, version 2.79 cachesize 150
Aug 27 15:18:07 gtw01 dnsmasq[30074]: DNS service limited to local subnets
Aug 27 15:18:07 gtw01 dnsmasq[30074]: compile time options: IPv6 GNU-getopt DBus i18n IDN DHCP DHCPv6 no-Lua TFTP conntrack ipset auth DNSSEC loop-detect inotify
Aug 27 15:18:07 gtw01 dnsmasq[30074]: warning: no upstream servers configured
Aug 27 15:18:07 gtw01 dnsmasq-dhcp[30074]: DHCPv6, static leases only on 2003::, lease time 1h
Aug 27 15:18:07 gtw01 dnsmasq[30074]: read /var/lib/neutron/dhcp/fdd2d41c-423d-4da7-ab37-6e98d1b879d0/addn_hosts - 1 addresses
Aug 27 15:18:07 gtw01 dnsmasq-dhcp[30074]: read /var/lib/neutron/dhcp/fdd2d41c-423d-4da7-ab37-6e98d1b879d0/host
Aug 27 15:18:07 gtw01 dnsmasq-dhcp[30074]: read /var/lib/neutron/dhcp/fdd2d41c-423d-4da7-ab37-6e98d1b879d0/opts
Aug 27 15:18:08 gtw01 dnsmasq[30074]: read /var/lib/neutron/dhcp/fdd2d41c-423d-4da7-ab37-6e98d1b879d0/addn_hosts - 2 addresses
Aug 27 15:18:08 gtw01 dnsmasq-dhcp[30074]: read /var/lib/neutron/dhcp/fdd2d41c-423d-4da7-ab37-6e98d1b879d0/host
Aug 27 15:18:08 gtw01 dnsmasq-dhcp[30074]: read /var/lib/neutron/dhcp/fdd2d41c-423d-4da7-ab37-6e98d1b879d0/opts
Aug 27 15:18:09 gtw01 systemd-udevd[30144]: link_config: autonegotiation is unset or enabled, the speed and duplex are not writable.
Aug 27 15:18:09 gtw01 systemd-udevd[30144]: Could not generate persistent MAC address for qr-f4b9cdd2-96: No such file or directory
Aug 27 15:18:09 gtw01 kernel: [ 7555.985237] device qr-f4b9cdd2-96 entered promiscuous mode
Aug 27 15:18:09 gtw01 kernel: [ 7556.055337] device tapdbdf2bee-63 entered promiscuous mode
Aug 27 15:18:09 gtw01 systemd-udevd[30196]: link_config: autonegotiation is unset or enabled, the speed and duplex are not writable.
Aug 27 15:18:09 gtw01 systemd-udevd[30196]: Could not generate persistent MAC address for tapdbdf2bee-63: No such file or directory
Aug 27 15:18:09 gtw01 systemd-udevd[30196]: Process '/sbin/ip link set tapdbdf2bee-63 txqueuelen 10000' failed with exit code 1.
Aug 27 15:18:09 gtw01 systemd-udevd[30144]: Process '/sbin/ip link set tapdbdf2bee-63 txqueuelen 10000' failed with exit code 1.
Aug 27 15:18:09 gtw01 dnsmasq[30074]: read /var/lib/neutron/dhcp/fdd2d41c-423d-4da7-ab37-6e98d1b879d0/addn_hosts - 2 addresses
Aug 27 15:18:09 gtw01 dnsmasq-dhcp[30074]: read /var/lib/neutron/dhcp/fdd2d41c-423d-4da7-ab37-6e98d1b879d0/host
Aug 27 15:18:09 gtw01 dnsmasq-dhcp[30074]: read /var/lib/neutron/dhcp/fdd2d41c-423d-4da7-ab37-6e98d1b879d0/opts
Aug 27 15:18:10 gtw01 radvd[30355]: version 2.16 started
Aug 27 15:18:10 gtw01 kernel: [ 7557.115029] device tap7bc8b468-4b left promiscuous mode
Aug 27 15:18:10 gtw01 dnsmasq[30074]: read /var/lib/neutron/dhcp/fdd2d41c-423d-4da7-ab37-6e98d1b879d0/addn_hosts - 2 addresses
Aug 27 15:18:10 gtw01 dnsmasq-dhcp[30074]: read /var/lib/neutron/dhcp/fdd2d41c-423d-4da7-ab37-6e98d1b879d0/host
Aug 27 15:18:10 gtw01 dnsmasq-dhcp[30074]: read /var/lib/neutron/dhcp/fdd2d41c-423d-4da7-ab37-6e98d1b879d0/opts
Aug 27 15:18:11 gtw01 dnsmasq[30074]: read /var/lib/neutron/dhcp/fdd2d41c-423d-4da7-ab37-6e98d1b879d0/addn_hosts - 2 addresses
Aug 27 15:18:11 gtw01 dnsmasq-dhcp[30074]: read /var/lib/neutron/dhcp/fdd2d41c-423d-4da7-ab37-6e98d1b879d0/host
Aug 27 15:18:11 gtw01 dnsmasq-dhcp[30074]: read /var/lib/neutron/dhcp/fdd2d41c-423d-4da7-ab37-6e98d1b879d0/opts
Aug 27 15:18:12 gtw01 dnsmasq[30488]: started, version 2.79 cachesize 150
Aug 27 15:18:12 gtw01 dnsmasq[30488]: DNS service limited to local subnets
Aug 27 15:18:12 gtw01 dnsmasq[30488]: compile time options: IPv6 GNU-getopt DBus i18n IDN DHCP DHCPv6 no-Lua TFTP conntrack ipset auth DNSSEC loop-detect inotify
Aug 27 15:18:12 gtw01 dnsmasq[30488]: warning: no upstream servers configured
Aug 27 15:18:12 gtw01 dnsmasq-dhcp[30488]: DHCPv6, static leases only on 2003:0:1::, lease time 1h
Aug 27 15:18:12 gtw01 dnsmasq[30488]: read /var/lib/neutron/dhcp/25fd4925-b920-4c60-bad4-97ce6bda537a/addn_hosts - 1 addresses
Aug 27 15:18:12 gtw01 dnsmasq-dhcp[30488]: read /var/lib/neutron/dhcp/25fd4925-b920-4c60-bad4-97ce6bda537a/host
Aug 27 15:18:12 gtw01 dnsmasq-dhcp[30488]: read /var/lib/neutron/dhcp/25fd4925-b920-4c60-bad4-97ce6bda537a/opts
Aug 27 15:18:12 gtw01 dnsmasq[30074]: read /var/lib/neutron/dhcp/fdd2d41c-423d-4da7-ab37-6e98d1b879d0/addn_hosts - 2 addresses
Aug 27 15:18:12 gtw01 dnsmasq-dhcp[30074]: read /var/lib/neutron/dhcp/fdd2d41c-423d-4da7-ab37-6e98d1b879d0/host
Aug 27 15:18:12 gtw01 dnsmasq-dhcp[30074]: read /var/lib/neutron/dhcp/fdd2d41c-423d-4da7-ab37-6e98d1b879d0/opts
Aug 27 15:18:12 gtw01 systemd-udevd[30505]: link_config: autonegotiation is unset or enabled, the speed and duplex are not writable.
Aug 27 15:18:12 gtw01 systemd-udevd[30505]: Could not generate persistent MAC address for tap5eb3ac06-04: No such file or directory
Aug 27 15:18:12 gtw01 kernel: [ 7559.755465] device tap5eb3ac06-04 entered promiscuous mode
Aug 27 15:18:12 gtw01 systemd-udevd[30574]: Process '/sbin/ip link set tap5eb3ac06-04 txqueuelen 10000' failed with exit code 1.
Aug 27 15:18:13 gtw01 dnsmasq[30488]: read /var/lib/neutron/dhcp/25fd4925-b920-4c60-bad4-97ce6bda537a/addn_hosts - 2 addresses
Aug 27 15:18:13 gtw01 dnsmasq-dhcp[30488]: read /var/lib/neutron/dhcp/25fd4925-b920-4c60-bad4-97ce6bda537a/host
Aug 27 15:18:13 gtw01 dnsmasq-dhcp[30488]: read /var/lib/neutron/dhcp/25fd4925-b920-4c60-bad4-97ce6bda537a/opts
Aug 27 15:18:13 gtw01 dnsmasq[30074]: read /var/lib/neutron/dhcp/fdd2d41c-423d-4da7-ab37-6e98d1b879d0/addn_hosts - 2 addresses
Aug 27 15:18:13 gtw01 dnsmasq-dhcp[30074]: read /var/lib/neutron/dhcp/fdd2d41c-423d-4da7-ab37-6e98d1b879d0/host
Aug 27 15:18:13 gtw01 dnsmasq-dhcp[30074]: read /var/lib/neutron/dhcp/fdd2d41c-423d-4da7-ab37-6e98d1b879d0/opts
Aug 27 15:18:14 gtw01 dnsmasq[30488]: read /var/lib/neutron/dhcp/25fd4925-b920-4c60-bad4-97ce6bda537a/addn_hosts - 2 addresses
Aug 27 15:18:14 gtw01 dnsmasq-dhcp[30488]: read /var/lib/neutron/dhcp/25fd4925-b920-4c60-bad4-97ce6bda537a/host
Aug 27 15:18:14 gtw01 dnsmasq-dhcp[30488]: read /var/lib/neutron/dhcp/25fd4925-b920-4c60-bad4-97ce6bda537a/opts
Aug 27 15:18:14 gtw01 dnsmasq[30074]: read /var/lib/neutron/dhcp/fdd2d41c-423d-4da7-ab37-6e98d1b879d0/addn_hosts - 2 addresses
Aug 27 15:18:14 gtw01 dnsmasq-dhcp[30074]: read /var/lib/neutron/dhcp/fdd2d41c-423d-4da7-ab37-6e98d1b879d0/host
Aug 27 15:18:14 gtw01 dnsmasq-dhcp[30074]: read /var/lib/neutron/dhcp/fdd2d41c-423d-4da7-ab37-6e98d1b879d0/opts
Aug 27 15:18:14 gtw01 dnsmasq[30488]: read /var/lib/neutron/dhcp/25fd4925-b920-4c60-bad4-97ce6bda537a/addn_hosts - 2 addresses
Aug 27 15:18:14 gtw01 dnsmasq-dhcp[30488]: read /var/lib/neutron/dhcp/25fd4925-b920-4c60-bad4-97ce6bda537a/host
Aug 27 15:18:14 gtw01 dnsmasq-dhcp[30488]: read /var/lib/neutron/dhcp/25fd4925-b920-4c60-bad4-97ce6bda537a/opts
Aug 27 15:18:15 gtw01 dnsmasq[30488]: read /var/lib/neutron/dhcp/25fd4925-b920-4c60-bad4-97ce6bda537a/addn_hosts - 2 addresses
Aug 27 15:18:15 gtw01 dnsmasq-dhcp[30488]: read /var/lib/neutron/dhcp/25fd4925-b920-4c60-bad4-97ce6bda537a/host
Aug 27 15:18:15 gtw01 dnsmasq-dhcp[30488]: read /var/lib/neutron/dhcp/25fd4925-b920-4c60-bad4-97ce6bda537a/opts
Aug 27 15:18:16 gtw01 dnsmasq[30761]: started, version 2.79 cachesize 150
Aug 27 15:18:16 gtw01 dnsmasq[30761]: DNS service limited to local subnets
Aug 27 15:18:16 gtw01 dnsmasq[30761]: compile time options: IPv6 GNU-getopt DBus i18n IDN DHCP DHCPv6 no-Lua TFTP conntrack ipset auth DNSSEC loop-detect inotify
Aug 27 15:18:16 gtw01 dnsmasq[30761]: warning: no upstream servers configured
Aug 27 15:18:16 gtw01 dnsmasq-dhcp[30761]: DHCPv6, static leases only on 2003:0:2::, lease time 1h
Aug 27 15:18:16 gtw01 dnsmasq[30761]: read /var/lib/neutron/dhcp/9ae8274b-a8f8-4180-80c5-f25979288c0a/addn_hosts - 1 addresses
Aug 27 15:18:16 gtw01 dnsmasq-dhcp[30761]: read /var/lib/neutron/dhcp/9ae8274b-a8f8-4180-80c5-f25979288c0a/host
Aug 27 15:18:16 gtw01 dnsmasq-dhcp[30761]: read /var/lib/neutron/dhcp/9ae8274b-a8f8-4180-80c5-f25979288c0a/opts
Aug 27 15:18:16 gtw01 dnsmasq[30488]: read /var/lib/neutron/dhcp/25fd4925-b920-4c60-bad4-97ce6bda537a/addn_hosts - 2 addresses
Aug 27 15:18:16 gtw01 dnsmasq-dhcp[30488]: read /var/lib/neutron/dhcp/25fd4925-b920-4c60-bad4-97ce6bda537a/host
Aug 27 15:18:16 gtw01 dnsmasq-dhcp[30488]: read /var/lib/neutron/dhcp/25fd4925-b920-4c60-bad4-97ce6bda537a/opts
Aug 27 15:18:16 gtw01 dnsmasq[30761]: read /var/lib/neutron/dhcp/9ae8274b-a8f8-4180-80c5-f25979288c0a/addn_hosts - 2 addresses
Aug 27 15:18:16 gtw01 dnsmasq-dhcp[30761]: read /var/lib/neutron/dhcp/9ae8274b-a8f8-4180-80c5-f25979288c0a/host
Aug 27 15:18:16 gtw01 dnsmasq-dhcp[30761]: read /var/lib/neutron/dhcp/9ae8274b-a8f8-4180-80c5-f25979288c0a/opts
Aug 27 15:18:17 gtw01 dnsmasq[30488]: read /var/lib/neutron/dhcp/25fd4925-b920-4c60-bad4-97ce6bda537a/addn_hosts - 2 addresses
Aug 27 15:18:17 gtw01 dnsmasq-dhcp[30488]: read /var/lib/neutron/dhcp/25fd4925-b920-4c60-bad4-97ce6bda537a/host
Aug 27 15:18:17 gtw01 dnsmasq-dhcp[30488]: read /var/lib/neutron/dhcp/25fd4925-b920-4c60-bad4-97ce6bda537a/opts
Aug 27 15:18:17 gtw01 dnsmasq[30761]: read /var/lib/neutron/dhcp/9ae8274b-a8f8-4180-80c5-f25979288c0a/addn_hosts - 2 addresses
Aug 27 15:18:17 gtw01 dnsmasq-dhcp[30761]: read /var/lib/neutron/dhcp/9ae8274b-a8f8-4180-80c5-f25979288c0a/host
Aug 27 15:18:17 gtw01 dnsmasq-dhcp[30761]: read /var/lib/neutron/dhcp/9ae8274b-a8f8-4180-80c5-f25979288c0a/opts
Aug 27 15:18:18 gtw01 systemd-udevd[30845]: link_config: autonegotiation is unset or enabled, the speed and duplex are not writable.
Aug 27 15:18:18 gtw01 systemd-udevd[30845]: Could not generate persistent MAC address for tap42818fc4-49: No such file or directory
Aug 27 15:18:18 gtw01 kernel: [ 7565.029710] device tap42818fc4-49 entered promiscuous mode
Aug 27 15:18:18 gtw01 systemd-udevd[30845]: Process '/sbin/ip link set tap42818fc4-49 txqueuelen 10000' failed with exit code 1.
Aug 27 15:18:18 gtw01 systemd-udevd[30923]: Process '/sbin/ip link set tap42818fc4-49 txqueuelen 10000' failed with exit code 1.
Aug 27 15:18:18 gtw01 systemd-udevd[30940]: link_config: autonegotiation is unset or enabled, the speed and duplex are not writable.
Aug 27 15:18:18 gtw01 kernel: [ 7565.322239] device qr-2a48b3ef-89 entered promiscuous mode
Aug 27 15:18:18 gtw01 systemd-udevd[30940]: Could not generate persistent MAC address for qr-2a48b3ef-89: No such file or directory
Aug 27 15:18:18 gtw01 dnsmasq[30488]: read /var/lib/neutron/dhcp/25fd4925-b920-4c60-bad4-97ce6bda537a/addn_hosts - 2 addresses
Aug 27 15:18:18 gtw01 dnsmasq-dhcp[30488]: read /var/lib/neutron/dhcp/25fd4925-b920-4c60-bad4-97ce6bda537a/host
Aug 27 15:18:18 gtw01 dnsmasq-dhcp[30488]: read /var/lib/neutron/dhcp/25fd4925-b920-4c60-bad4-97ce6bda537a/opts
Aug 27 15:18:18 gtw01 dnsmasq[30761]: read /var/lib/neutron/dhcp/9ae8274b-a8f8-4180-80c5-f25979288c0a/addn_hosts - 2 addresses
Aug 27 15:18:18 gtw01 dnsmasq-dhcp[30761]: read /var/lib/neutron/dhcp/9ae8274b-a8f8-4180-80c5-f25979288c0a/host
Aug 27 15:18:18 gtw01 dnsmasq-dhcp[30761]: read /var/lib/neutron/dhcp/9ae8274b-a8f8-4180-80c5-f25979288c0a/opts
Aug 27 15:18:19 gtw01 systemd-udevd[31057]: link_config: autonegotiation is unset or enabled, the speed and duplex are not writable.
Aug 27 15:18:19 gtw01 systemd-udevd[31057]: Could not generate persistent MAC address for qr-83948364-9c: No such file or directory
Aug 27 15:18:19 gtw01 kernel: [ 7566.137696] device qr-83948364-9c entered promiscuous mode
Aug 27 15:18:19 gtw01 dnsmasq[30761]: read /var/lib/neutron/dhcp/9ae8274b-a8f8-4180-80c5-f25979288c0a/addn_hosts - 2 addresses
Aug 27 15:18:19 gtw01 dnsmasq-dhcp[30761]: read /var/lib/neutron/dhcp/9ae8274b-a8f8-4180-80c5-f25979288c0a/host
Aug 27 15:18:19 gtw01 dnsmasq-dhcp[30761]: read /var/lib/neutron/dhcp/9ae8274b-a8f8-4180-80c5-f25979288c0a/opts
Aug 27 15:18:20 gtw01 radvd[30356]: attempting to reread config file
Aug 27 15:18:20 gtw01 radvd[30356]: resuming normal operation
Aug 27 15:18:20 gtw01 dnsmasq[30761]: read /var/lib/neutron/dhcp/9ae8274b-a8f8-4180-80c5-f25979288c0a/addn_hosts - 2 addresses
Aug 27 15:18:20 gtw01 dnsmasq-dhcp[30761]: read /var/lib/neutron/dhcp/9ae8274b-a8f8-4180-80c5-f25979288c0a/host
Aug 27 15:18:20 gtw01 dnsmasq-dhcp[30761]: read /var/lib/neutron/dhcp/9ae8274b-a8f8-4180-80c5-f25979288c0a/opts
Aug 27 15:18:21 gtw01 dnsmasq[31258]: started, version 2.79 cachesize 150
Aug 27 15:18:21 gtw01 dnsmasq[31258]: DNS service limited to local subnets
Aug 27 15:18:21 gtw01 dnsmasq[31258]: compile time options: IPv6 GNU-getopt DBus i18n IDN DHCP DHCPv6 no-Lua TFTP conntrack ipset auth DNSSEC loop-detect inotify
Aug 27 15:18:21 gtw01 dnsmasq[31258]: warning: no upstream servers configured
Aug 27 15:18:21 gtw01 dnsmasq-dhcp[31258]: DHCPv6, static leases only on 2003:0:3::, lease time 1h
Aug 27 15:18:21 gtw01 dnsmasq[31258]: read /var/lib/neutron/dhcp/53acbad4-d626-48e0-94d6-3df41839e02d/addn_hosts - 1 addresses
Aug 27 15:18:21 gtw01 dnsmasq-dhcp[31258]: read /var/lib/neutron/dhcp/53acbad4-d626-48e0-94d6-3df41839e02d/host
Aug 27 15:18:21 gtw01 dnsmasq-dhcp[31258]: read /var/lib/neutron/dhcp/53acbad4-d626-48e0-94d6-3df41839e02d/opts
Aug 27 15:18:21 gtw01 dnsmasq[30761]: read /var/lib/neutron/dhcp/9ae8274b-a8f8-4180-80c5-f25979288c0a/addn_hosts - 2 addresses
Aug 27 15:18:21 gtw01 dnsmasq-dhcp[30761]: read /var/lib/neutron/dhcp/9ae8274b-a8f8-4180-80c5-f25979288c0a/host
Aug 27 15:18:21 gtw01 dnsmasq-dhcp[30761]: read /var/lib/neutron/dhcp/9ae8274b-a8f8-4180-80c5-f25979288c0a/opts
Aug 27 15:18:22 gtw01 dnsmasq[31258]: read /var/lib/neutron/dhcp/53acbad4-d626-48e0-94d6-3df41839e02d/addn_hosts - 2 addresses
Aug 27 15:18:22 gtw01 dnsmasq-dhcp[31258]: read /var/lib/neutron/dhcp/53acbad4-d626-48e0-94d6-3df41839e02d/host
Aug 27 15:18:22 gtw01 dnsmasq-dhcp[31258]: read /var/lib/neutron/dhcp/53acbad4-d626-48e0-94d6-3df41839e02d/opts
Aug 27 15:18:22 gtw01 dnsmasq[30761]: read /var/lib/neutron/dhcp/9ae8274b-a8f8-4180-80c5-f25979288c0a/addn_hosts - 2 addresses
Aug 27 15:18:22 gtw01 dnsmasq-dhcp[30761]: read /var/lib/neutron/dhcp/9ae8274b-a8f8-4180-80c5-f25979288c0a/host
Aug 27 15:18:22 gtw01 dnsmasq-dhcp[30761]: read /var/lib/neutron/dhcp/9ae8274b-a8f8-4180-80c5-f25979288c0a/opts
Aug 27 15:18:22 gtw01 dnsmasq[31258]: read /var/lib/neutron/dhcp/53acbad4-d626-48e0-94d6-3df41839e02d/addn_hosts - 2 addresses
Aug 27 15:18:22 gtw01 dnsmasq-dhcp[31258]: read /var/lib/neutron/dhcp/53acbad4-d626-48e0-94d6-3df41839e02d/host
Aug 27 15:18:22 gtw01 dnsmasq-dhcp[31258]: read /var/lib/neutron/dhcp/53acbad4-d626-48e0-94d6-3df41839e02d/opts
Aug 27 15:18:22 gtw01 systemd-udevd[31328]: link_config: autonegotiation is unset or enabled, the speed and duplex are not writable.
Aug 27 15:18:22 gtw01 systemd-udevd[31328]: Could not generate persistent MAC address for tap79ccc856-8f: No such file or directory
Aug 27 15:18:22 gtw01 kernel: [ 7569.938679] device tap79ccc856-8f entered promiscuous mode
Aug 27 15:18:23 gtw01 systemd-udevd[31328]: Process '/sbin/ip link set tap79ccc856-8f txqueuelen 10000' failed with exit code 1.
Aug 27 15:18:23 gtw01 systemd-udevd[31404]: Process '/sbin/ip link set tap79ccc856-8f txqueuelen 10000' failed with exit code 1.
Aug 27 15:18:23 gtw01 dnsmasq[31258]: read /var/lib/neutron/dhcp/53acbad4-d626-48e0-94d6-3df41839e02d/addn_hosts - 2 addresses
Aug 27 15:18:23 gtw01 dnsmasq-dhcp[31258]: read /var/lib/neutron/dhcp/53acbad4-d626-48e0-94d6-3df41839e02d/host
Aug 27 15:18:23 gtw01 dnsmasq-dhcp[31258]: read /var/lib/neutron/dhcp/53acbad4-d626-48e0-94d6-3df41839e02d/opts
Aug 27 15:18:24 gtw01 dnsmasq[31258]: read /var/lib/neutron/dhcp/53acbad4-d626-48e0-94d6-3df41839e02d/addn_hosts - 2 addresses
Aug 27 15:18:24 gtw01 dnsmasq-dhcp[31258]: read /var/lib/neutron/dhcp/53acbad4-d626-48e0-94d6-3df41839e02d/host
Aug 27 15:18:24 gtw01 dnsmasq-dhcp[31258]: read /var/lib/neutron/dhcp/53acbad4-d626-48e0-94d6-3df41839e02d/opts
Aug 27 15:18:25 gtw01 kernel: [ 7572.439390] device qr-ec9d22b2-19 entered promiscuous mode
Aug 27 15:18:25 gtw01 systemd-udevd[31507]: link_config: autonegotiation is unset or enabled, the speed and duplex are not writable.
Aug 27 15:18:25 gtw01 systemd-udevd[31507]: Could not generate persistent MAC address for qr-ec9d22b2-19: No such file or directory
Aug 27 15:18:25 gtw01 systemd-udevd[31566]: link_config: autonegotiation is unset or enabled, the speed and duplex are not writable.
Aug 27 15:18:25 gtw01 systemd-udevd[31566]: Could not generate persistent MAC address for tap8fa9cc43-7c: No such file or directory
Aug 27 15:18:25 gtw01 kernel: [ 7572.522172] device tap8fa9cc43-7c entered promiscuous mode
Aug 27 15:18:25 gtw01 systemd-udevd[31566]: Process '/sbin/ip link set tap8fa9cc43-7c txqueuelen 10000' failed with exit code 1.
Aug 27 15:18:25 gtw01 systemd-udevd[31566]: Process '/sbin/ip link set tap8fa9cc43-7c txqueuelen 10000' failed with exit code 1.
Aug 27 15:18:25 gtw01 dnsmasq[31258]: read /var/lib/neutron/dhcp/53acbad4-d626-48e0-94d6-3df41839e02d/addn_hosts - 2 addresses
Aug 27 15:18:25 gtw01 dnsmasq-dhcp[31258]: read /var/lib/neutron/dhcp/53acbad4-d626-48e0-94d6-3df41839e02d/host
Aug 27 15:18:25 gtw01 dnsmasq-dhcp[31258]: read /var/lib/neutron/dhcp/53acbad4-d626-48e0-94d6-3df41839e02d/opts
Aug 27 15:18:26 gtw01 dnsmasq[31698]: started, version 2.79 cachesize 150
Aug 27 15:18:26 gtw01 dnsmasq[31698]: DNS service limited to local subnets
Aug 27 15:18:26 gtw01 dnsmasq[31698]: compile time options: IPv6 GNU-getopt DBus i18n IDN DHCP DHCPv6 no-Lua TFTP conntrack ipset auth DNSSEC loop-detect inotify
Aug 27 15:18:26 gtw01 dnsmasq[31698]: warning: no upstream servers configured
Aug 27 15:18:26 gtw01 dnsmasq-dhcp[31698]: DHCP, static leases only on 192.168.120.0, lease time 1h
Aug 27 15:18:26 gtw01 dnsmasq[31698]: read /var/lib/neutron/dhcp/55d1ea7c-8c21-4df8-8d01-fe7398bb6420/addn_hosts - 1 addresses
Aug 27 15:18:26 gtw01 dnsmasq-dhcp[31698]: read /var/lib/neutron/dhcp/55d1ea7c-8c21-4df8-8d01-fe7398bb6420/host
Aug 27 15:18:26 gtw01 dnsmasq-dhcp[31698]: read /var/lib/neutron/dhcp/55d1ea7c-8c21-4df8-8d01-fe7398bb6420/opts
Aug 27 15:18:26 gtw01 radvd[30356]: attempting to reread config file
Aug 27 15:18:26 gtw01 radvd[30356]: resuming normal operation
