Aug 27 15:52:31 gtw01 dnsmasq-dhcp[31844]: read /var/lib/neutron/dhcp/62ffed9d-326a-435d-bc91-486d6aa6ebdf/opts
Aug 27 15:52:32 gtw01 kernel: [ 9619.566028] device vxlan_sys_4789 entered promiscuous mode
Aug 27 15:52:32 gtw01 systemd-udevd[3207]: link_config: autonegotiation is unset or enabled, the speed and duplex are not writable.
Aug 27 15:52:32 gtw01 systemd-udevd[3207]: Could not generate persistent MAC address for vxlan_sys_4789: No such file or directory
Aug 27 15:52:32 gtw01 dnsmasq[1180]: read /var/lib/neutron/dhcp/93210e11-31ba-4a75-a69d-4cbf09e49b25/addn_hosts - 2 addresses
Aug 27 15:52:32 gtw01 dnsmasq-dhcp[1180]: read /var/lib/neutron/dhcp/93210e11-31ba-4a75-a69d-4cbf09e49b25/host
Aug 27 15:52:32 gtw01 dnsmasq-dhcp[1180]: read /var/lib/neutron/dhcp/93210e11-31ba-4a75-a69d-4cbf09e49b25/opts
Aug 27 15:52:32 gtw01 dnsmasq[31708]: read /var/lib/neutron/dhcp/ffccc3d9-5203-402b-9ac3-ee4544c4f187/addn_hosts - 3 addresses
Aug 27 15:52:32 gtw01 dnsmasq-dhcp[31708]: read /var/lib/neutron/dhcp/ffccc3d9-5203-402b-9ac3-ee4544c4f187/host
Aug 27 15:52:32 gtw01 dnsmasq-dhcp[31708]: read /var/lib/neutron/dhcp/ffccc3d9-5203-402b-9ac3-ee4544c4f187/opts
Aug 27 15:52:33 gtw01 kernel: [ 9620.425089] device qg-2da548d1-51 left promiscuous mode
Aug 27 15:52:33 gtw01 dnsmasq[2018]: read /var/lib/neutron/dhcp/f4a1bf35-b883-4431-9c26-613c49a6a752/addn_hosts - 2 addresses
Aug 27 15:52:33 gtw01 dnsmasq-dhcp[2018]: read /var/lib/neutron/dhcp/f4a1bf35-b883-4431-9c26-613c49a6a752/host
Aug 27 15:52:33 gtw01 dnsmasq-dhcp[2018]: read /var/lib/neutron/dhcp/f4a1bf35-b883-4431-9c26-613c49a6a752/opts
Aug 27 15:52:33 gtw01 systemd-udevd[3347]: link_config: autonegotiation is unset or enabled, the speed and duplex are not writable.
Aug 27 15:52:33 gtw01 systemd-udevd[3347]: Could not generate persistent MAC address for qg-8a38f956-14: No such file or directory
Aug 27 15:52:33 gtw01 kernel: [ 9620.664865] device qg-8a38f956-14 entered promiscuous mode
Aug 27 15:52:33 gtw01 kernel: [ 9620.665845] IPv4: martian source 192.168.120.1 from 192.168.120.1, on dev qr-3ae2a6a1-48
Aug 27 15:52:33 gtw01 kernel: [ 9620.665848] ll header: 00000000: ff ff ff ff ff ff fa 16 3e 94 46 75 08 06        ........>.Fu..
Aug 27 15:52:33 gtw01 kernel: [ 9620.665856] IPv4: martian source 192.168.120.1 from 192.168.120.1, on dev qr-4dc81afb-17
Aug 27 15:52:33 gtw01 kernel: [ 9620.665857] ll header: 00000000: ff ff ff ff ff ff fa 16 3e 94 46 75 08 06        ........>.Fu..
Aug 27 15:52:33 gtw01 kernel: [ 9620.665861] IPv4: martian source 192.168.120.1 from 192.168.120.1, on dev qr-2c1d4329-a0
Aug 27 15:52:33 gtw01 kernel: [ 9620.665862] ll header: 00000000: ff ff ff ff ff ff fa 16 3e 94 46 75 08 06        ........>.Fu..
Aug 27 15:52:33 gtw01 dnsmasq[31717]: read /var/lib/neutron/dhcp/89040ff2-a17b-422e-aa4b-dad77474b5b7/addn_hosts - 2 addresses
Aug 27 15:52:33 gtw01 dnsmasq-dhcp[31717]: read /var/lib/neutron/dhcp/89040ff2-a17b-422e-aa4b-dad77474b5b7/host
Aug 27 15:52:33 gtw01 dnsmasq-dhcp[31717]: read /var/lib/neutron/dhcp/89040ff2-a17b-422e-aa4b-dad77474b5b7/opts
Aug 27 15:52:34 gtw01 systemd-udevd[3464]: link_config: autonegotiation is unset or enabled, the speed and duplex are not writable.
Aug 27 15:52:34 gtw01 systemd-udevd[3464]: Could not generate persistent MAC address for qr-aa2693a9-fe: No such file or directory
Aug 27 15:52:34 gtw01 kernel: [ 9621.272709] device qr-aa2693a9-fe entered promiscuous mode
Aug 27 15:52:34 gtw01 dnsmasq[1206]: read /var/lib/neutron/dhcp/a2ed1086-e5d8-4f7b-b45a-3a624bd1114c/addn_hosts - 2 addresses
Aug 27 15:52:34 gtw01 dnsmasq-dhcp[1206]: read /var/lib/neutron/dhcp/a2ed1086-e5d8-4f7b-b45a-3a624bd1114c/host
Aug 27 15:52:34 gtw01 dnsmasq-dhcp[1206]: read /var/lib/neutron/dhcp/a2ed1086-e5d8-4f7b-b45a-3a624bd1114c/opts
Aug 27 15:52:35 gtw01 kernel: [ 9622.147804] device tap46a173c0-61 left promiscuous mode
Aug 27 15:52:35 gtw01 kernel: [ 9622.244548] IPv4: martian source 192.168.120.1 from 192.168.120.1, on dev qr-3ae2a6a1-48
Aug 27 15:52:35 gtw01 kernel: [ 9622.244551] ll header: 00000000: ff ff ff ff ff ff fa 16 3e e0 2a 20 08 06        ........>.* ..
Aug 27 15:52:35 gtw01 kernel: [ 9622.244557] IPv4: martian source 192.168.120.1 from 192.168.120.1, on dev qr-369332a2-5f
Aug 27 15:52:35 gtw01 kernel: [ 9622.244558] ll header: 00000000: ff ff ff ff ff ff fa 16 3e e0 2a 20 08 06        ........>.* ..
Aug 27 15:52:35 gtw01 kernel: [ 9622.244562] IPv4: martian source 192.168.120.1 from 192.168.120.1, on dev qr-4dc81afb-17
Aug 27 15:52:35 gtw01 kernel: [ 9622.244563] ll header: 00000000: ff ff ff ff ff ff fa 16 3e e0 2a 20 08 06        ........>.* ..
Aug 27 15:52:35 gtw01 kernel: [ 9622.244566] IPv4: martian source 192.168.120.1 from 192.168.120.1, on dev qg-8a38f956-14
Aug 27 15:52:35 gtw01 kernel: [ 9622.244567] ll header: 00000000: ff ff ff ff ff ff fa 16 3e e0 2a 20 08 06        ........>.* ..
Aug 27 15:52:35 gtw01 kernel: [ 9622.244569] IPv4: martian source 192.168.120.1 from 192.168.120.1, on dev qr-aa2693a9-fe
Aug 27 15:52:35 gtw01 kernel: [ 9622.244570] ll header: 00000000: ff ff ff ff ff ff fa 16 3e e0 2a 20 08 06        ........>.* ..
Aug 27 15:52:35 gtw01 dnsmasq[30171]: read /var/lib/neutron/dhcp/d8916b70-6378-4dc3-93c3-a01c9e420d47/addn_hosts - 1 addresses
Aug 27 15:52:35 gtw01 dnsmasq-dhcp[30171]: read /var/lib/neutron/dhcp/d8916b70-6378-4dc3-93c3-a01c9e420d47/host
Aug 27 15:52:35 gtw01 dnsmasq-dhcp[30171]: read /var/lib/neutron/dhcp/d8916b70-6378-4dc3-93c3-a01c9e420d47/opts
Aug 27 15:52:36 gtw01 dnsmasq[30663]: read /var/lib/neutron/dhcp/6a9732d3-b1ec-46e3-b2b4-d5d2f97fe963/addn_hosts - 1 addresses
Aug 27 15:52:36 gtw01 dnsmasq-dhcp[30663]: read /var/lib/neutron/dhcp/6a9732d3-b1ec-46e3-b2b4-d5d2f97fe963/host
Aug 27 15:52:36 gtw01 dnsmasq-dhcp[30663]: read /var/lib/neutron/dhcp/6a9732d3-b1ec-46e3-b2b4-d5d2f97fe963/opts
Aug 27 15:52:36 gtw01 dnsmasq[31844]: read /var/lib/neutron/dhcp/62ffed9d-326a-435d-bc91-486d6aa6ebdf/addn_hosts - 1 addresses
Aug 27 15:52:36 gtw01 dnsmasq-dhcp[31844]: read /var/lib/neutron/dhcp/62ffed9d-326a-435d-bc91-486d6aa6ebdf/host
Aug 27 15:52:36 gtw01 dnsmasq-dhcp[31844]: read /var/lib/neutron/dhcp/62ffed9d-326a-435d-bc91-486d6aa6ebdf/opts
Aug 27 15:52:36 gtw01 dnsmasq[2515]: read /var/lib/neutron/dhcp/f0bb8c47-3a82-4580-ac55-2cca13fc8d9a/addn_hosts - 2 addresses
Aug 27 15:52:36 gtw01 dnsmasq-dhcp[2515]: read /var/lib/neutron/dhcp/f0bb8c47-3a82-4580-ac55-2cca13fc8d9a/host
Aug 27 15:52:36 gtw01 dnsmasq-dhcp[2515]: read /var/lib/neutron/dhcp/f0bb8c47-3a82-4580-ac55-2cca13fc8d9a/opts
Aug 27 15:52:36 gtw01 kernel: [ 9623.928355] device vxlan_sys_4789 left promiscuous mode
Aug 27 15:52:36 gtw01 ovs-vswitchd: ovs|00125|netdev_tc_offloads(revalidator32)|ERR|dump_create: failed to get ifindex for vxlan-0a010005: No such device
Aug 27 15:52:37 gtw01 dnsmasq[2479]: read /var/lib/neutron/dhcp/a5974728-a7d7-4413-83bf-9dc2387de078/addn_hosts - 2 addresses
Aug 27 15:52:37 gtw01 dnsmasq-dhcp[2479]: read /var/lib/neutron/dhcp/a5974728-a7d7-4413-83bf-9dc2387de078/host
Aug 27 15:52:37 gtw01 dnsmasq-dhcp[2479]: read /var/lib/neutron/dhcp/a5974728-a7d7-4413-83bf-9dc2387de078/opts
Aug 27 15:52:38 gtw01 dnsmasq[1180]: read /var/lib/neutron/dhcp/93210e11-31ba-4a75-a69d-4cbf09e49b25/addn_hosts - 2 addresses
Aug 27 15:52:38 gtw01 dnsmasq-dhcp[1180]: read /var/lib/neutron/dhcp/93210e11-31ba-4a75-a69d-4cbf09e49b25/host
Aug 27 15:52:38 gtw01 dnsmasq-dhcp[1180]: read /var/lib/neutron/dhcp/93210e11-31ba-4a75-a69d-4cbf09e49b25/opts
Aug 27 15:52:38 gtw01 dnsmasq[31708]: read /var/lib/neutron/dhcp/ffccc3d9-5203-402b-9ac3-ee4544c4f187/addn_hosts - 3 addresses
Aug 27 15:52:38 gtw01 dnsmasq-dhcp[31708]: read /var/lib/neutron/dhcp/ffccc3d9-5203-402b-9ac3-ee4544c4f187/host
Aug 27 15:52:38 gtw01 dnsmasq-dhcp[31708]: read /var/lib/neutron/dhcp/ffccc3d9-5203-402b-9ac3-ee4544c4f187/opts
Aug 27 15:52:38 gtw01 dnsmasq[3842]: started, version 2.79 cachesize 150
Aug 27 15:52:38 gtw01 dnsmasq[3842]: DNS service limited to local subnets
Aug 27 15:52:38 gtw01 dnsmasq[3842]: compile time options: IPv6 GNU-getopt DBus i18n IDN DHCP DHCPv6 no-Lua TFTP conntrack ipset auth DNSSEC loop-detect inotify
Aug 27 15:52:38 gtw01 dnsmasq[3842]: warning: no upstream servers configured
Aug 27 15:52:38 gtw01 dnsmasq-dhcp[3842]: DHCP, static leases only on 192.168.120.0, lease time 1h
Aug 27 15:52:38 gtw01 dnsmasq[3842]: read /var/lib/neutron/dhcp/dca3055c-5387-41bc-9f3f-db42513f06ee/addn_hosts - 2 addresses
Aug 27 15:52:38 gtw01 dnsmasq-dhcp[3842]: read /var/lib/neutron/dhcp/dca3055c-5387-41bc-9f3f-db42513f06ee/host
Aug 27 15:52:38 gtw01 dnsmasq-dhcp[3842]: read /var/lib/neutron/dhcp/dca3055c-5387-41bc-9f3f-db42513f06ee/opts
Aug 27 15:52:38 gtw01 dnsmasq[2018]: read /var/lib/neutron/dhcp/f4a1bf35-b883-4431-9c26-613c49a6a752/addn_hosts - 2 addresses
Aug 27 15:52:38 gtw01 dnsmasq-dhcp[2018]: read /var/lib/neutron/dhcp/f4a1bf35-b883-4431-9c26-613c49a6a752/host
Aug 27 15:52:38 gtw01 dnsmasq-dhcp[2018]: read /var/lib/neutron/dhcp/f4a1bf35-b883-4431-9c26-613c49a6a752/opts
Aug 27 15:52:38 gtw01 dnsmasq[3859]: started, version 2.79 cachesize 150
Aug 27 15:52:38 gtw01 dnsmasq[3859]: DNS service limited to local subnets
Aug 27 15:52:38 gtw01 dnsmasq[3859]: compile time options: IPv6 GNU-getopt DBus i18n IDN DHCP DHCPv6 no-Lua TFTP conntrack ipset auth DNSSEC loop-detect inotify
Aug 27 15:52:38 gtw01 dnsmasq[3859]: warning: no upstream servers configured
Aug 27 15:52:38 gtw01 dnsmasq-dhcp[3859]: DHCP, static leases only on 192.168.120.0, lease time 1h
Aug 27 15:52:38 gtw01 dnsmasq[3859]: read /var/lib/neutron/dhcp/ed0be569-8e84-42d9-8ede-3592ebeda8d8/addn_hosts - 1 addresses
Aug 27 15:52:38 gtw01 dnsmasq-dhcp[3859]: read /var/lib/neutron/dhcp/ed0be569-8e84-42d9-8ede-3592ebeda8d8/host
Aug 27 15:52:38 gtw01 dnsmasq-dhcp[3859]: read /var/lib/neutron/dhcp/ed0be569-8e84-42d9-8ede-3592ebeda8d8/opts
Aug 27 15:52:38 gtw01 kernel: [ 9625.884581] net_ratelimit: 5 callbacks suppressed
Aug 27 15:52:38 gtw01 kernel: [ 9625.884583] IPv4: martian source 192.168.120.1 from 192.168.120.1, on dev qr-3ae2a6a1-48
Aug 27 15:52:38 gtw01 kernel: [ 9625.884586] ll header: 00000000: ff ff ff ff ff ff fa 16 3e 94 46 75 08 06        ........>.Fu..
Aug 27 15:52:38 gtw01 kernel: [ 9625.884594] IPv4: martian source 192.168.120.1 from 192.168.120.1, on dev qr-4dc81afb-17
Aug 27 15:52:38 gtw01 kernel: [ 9625.884594] ll header: 00000000: ff ff ff ff ff ff fa 16 3e 94 46 75 08 06        ........>.Fu..
Aug 27 15:52:38 gtw01 kernel: [ 9625.884599] IPv4: martian source 192.168.120.1 from 192.168.120.1, on dev qr-2c1d4329-a0
Aug 27 15:52:38 gtw01 kernel: [ 9625.884599] ll header: 00000000: ff ff ff ff ff ff fa 16 3e 94 46 75 08 06        ........>.Fu..
Aug 27 15:52:38 gtw01 kernel: [ 9625.884601] IPv4: martian source 192.168.120.1 from 192.168.120.1, on dev qg-8a38f956-14
Aug 27 15:52:38 gtw01 kernel: [ 9625.884602] ll header: 00000000: ff ff ff ff ff ff fa 16 3e 94 46 75 08 06        ........>.Fu..
Aug 27 15:52:38 gtw01 kernel: [ 9625.884605] IPv4: martian source 192.168.120.1 from 192.168.120.1, on dev qr-aa2693a9-fe
Aug 27 15:52:38 gtw01 kernel: [ 9625.884605] ll header: 00000000: ff ff ff ff ff ff fa 16 3e 94 46 75 08 06        ........>.Fu..
Aug 27 15:52:39 gtw01 kernel: [ 9626.248574] IPv4: martian source 192.168.120.1 from 192.168.120.1, on dev qr-3ae2a6a1-48
Aug 27 15:52:39 gtw01 kernel: [ 9626.248577] ll header: 00000000: ff ff ff ff ff ff fa 16 3e 50 da 4d 08 06        ........>P.M..
Aug 27 15:52:39 gtw01 kernel: [ 9626.248583] IPv4: martian source 192.168.120.1 from 192.168.120.1, on dev qr-369332a2-5f
Aug 27 15:52:39 gtw01 kernel: [ 9626.248584] ll header: 00000000: ff ff ff ff ff ff fa 16 3e 50 da 4d 08 06        ........>P.M..
Aug 27 15:52:39 gtw01 kernel: [ 9626.248588] IPv4: martian source 192.168.120.1 from 192.168.120.1, on dev qr-4dc81afb-17
Aug 27 15:52:39 gtw01 kernel: [ 9626.248589] ll header: 00000000: ff ff ff ff ff ff fa 16 3e 50 da 4d 08 06        ........>P.M..
Aug 27 15:52:39 gtw01 kernel: [ 9626.248593] IPv4: martian source 192.168.120.1 from 192.168.120.1, on dev qr-2c1d4329-a0
Aug 27 15:52:39 gtw01 kernel: [ 9626.248594] ll header: 00000000: ff ff ff ff ff ff fa 16 3e 50 da 4d 08 06        ........>P.M..
Aug 27 15:52:39 gtw01 kernel: [ 9626.248595] IPv4: martian source 192.168.120.1 from 192.168.120.1, on dev qg-8a38f956-14
Aug 27 15:52:39 gtw01 kernel: [ 9626.248596] ll header: 00000000: ff ff ff ff ff ff fa 16 3e 50 da 4d 08 06        ........>P.M..
Aug 27 15:52:39 gtw01 dnsmasq[31717]: read /var/lib/neutron/dhcp/89040ff2-a17b-422e-aa4b-dad77474b5b7/addn_hosts - 2 addresses
Aug 27 15:52:39 gtw01 dnsmasq-dhcp[31717]: read /var/lib/neutron/dhcp/89040ff2-a17b-422e-aa4b-dad77474b5b7/host
Aug 27 15:52:39 gtw01 dnsmasq-dhcp[31717]: read /var/lib/neutron/dhcp/89040ff2-a17b-422e-aa4b-dad77474b5b7/opts
Aug 27 15:52:39 gtw01 dnsmasq[1206]: read /var/lib/neutron/dhcp/a2ed1086-e5d8-4f7b-b45a-3a624bd1114c/addn_hosts - 2 addresses
Aug 27 15:52:39 gtw01 dnsmasq-dhcp[1206]: read /var/lib/neutron/dhcp/a2ed1086-e5d8-4f7b-b45a-3a624bd1114c/host
Aug 27 15:52:39 gtw01 dnsmasq-dhcp[1206]: read /var/lib/neutron/dhcp/a2ed1086-e5d8-4f7b-b45a-3a624bd1114c/opts
Aug 27 15:52:40 gtw01 systemd-udevd[3980]: link_config: autonegotiation is unset or enabled, the speed and duplex are not writable.
Aug 27 15:52:40 gtw01 systemd-udevd[3980]: Could not generate persistent MAC address for qr-5f0cc209-08: No such file or directory
Aug 27 15:52:40 gtw01 kernel: [ 9627.404655] device qr-5f0cc209-08 entered promiscuous mode
Aug 27 15:52:41 gtw01 dnsmasq[3842]: read /var/lib/neutron/dhcp/dca3055c-5387-41bc-9f3f-db42513f06ee/addn_hosts - 2 addresses
Aug 27 15:52:41 gtw01 dnsmasq-dhcp[3842]: read /var/lib/neutron/dhcp/dca3055c-5387-41bc-9f3f-db42513f06ee/host
Aug 27 15:52:41 gtw01 dnsmasq-dhcp[3842]: read /var/lib/neutron/dhcp/dca3055c-5387-41bc-9f3f-db42513f06ee/opts
Aug 27 15:52:41 gtw01 dnsmasq[4144]: started, version 2.79 cachesize 150
Aug 27 15:52:41 gtw01 dnsmasq[4144]: DNS service limited to local subnets
Aug 27 15:52:41 gtw01 dnsmasq[4144]: compile time options: IPv6 GNU-getopt DBus i18n IDN DHCP DHCPv6 no-Lua TFTP conntrack ipset auth DNSSEC loop-detect inotify
Aug 27 15:52:41 gtw01 dnsmasq[4144]: warning: no upstream servers configured
Aug 27 15:52:41 gtw01 dnsmasq-dhcp[4144]: DHCP, static leases only on 192.168.120.0, lease time 1h
Aug 27 15:52:41 gtw01 dnsmasq[4144]: read /var/lib/neutron/dhcp/3153a8bd-333d-4221-88ce-038c0a235bc8/addn_hosts - 1 addresses
Aug 27 15:52:41 gtw01 dnsmasq-dhcp[4144]: read /var/lib/neutron/dhcp/3153a8bd-333d-4221-88ce-038c0a235bc8/host
Aug 27 15:52:41 gtw01 dnsmasq-dhcp[4144]: read /var/lib/neutron/dhcp/3153a8bd-333d-4221-88ce-038c0a235bc8/opts
Aug 27 15:52:41 gtw01 dnsmasq[2515]: read /var/lib/neutron/dhcp/f0bb8c47-3a82-4580-ac55-2cca13fc8d9a/addn_hosts - 2 addresses
Aug 27 15:52:41 gtw01 dnsmasq-dhcp[2515]: read /var/lib/neutron/dhcp/f0bb8c47-3a82-4580-ac55-2cca13fc8d9a/host
Aug 27 15:52:41 gtw01 dnsmasq-dhcp[2515]: read /var/lib/neutron/dhcp/f0bb8c47-3a82-4580-ac55-2cca13fc8d9a/opts
Aug 27 15:52:42 gtw01 dnsmasq[30560]: read /var/lib/neutron/dhcp/8c5b97c8-1e37-4605-b98c-b59ee7220f0a/addn_hosts - 2 addresses
Aug 27 15:52:42 gtw01 dnsmasq-dhcp[30560]: read /var/lib/neutron/dhcp/8c5b97c8-1e37-4605-b98c-b59ee7220f0a/host
Aug 27 15:52:42 gtw01 dnsmasq-dhcp[30560]: read /var/lib/neutron/dhcp/8c5b97c8-1e37-4605-b98c-b59ee7220f0a/opts
Aug 27 15:52:42 gtw01 dnsmasq[3859]: read /var/lib/neutron/dhcp/ed0be569-8e84-42d9-8ede-3592ebeda8d8/addn_hosts - 2 addresses
Aug 27 15:52:42 gtw01 dnsmasq-dhcp[3859]: read /var/lib/neutron/dhcp/ed0be569-8e84-42d9-8ede-3592ebeda8d8/host
Aug 27 15:52:42 gtw01 dnsmasq-dhcp[3859]: read /var/lib/neutron/dhcp/ed0be569-8e84-42d9-8ede-3592ebeda8d8/opts
Aug 27 15:52:42 gtw01 dnsmasq[2479]: read /var/lib/neutron/dhcp/a5974728-a7d7-4413-83bf-9dc2387de078/addn_hosts - 2 addresses
Aug 27 15:52:42 gtw01 dnsmasq-dhcp[2479]: read /var/lib/neutron/dhcp/a5974728-a7d7-4413-83bf-9dc2387de078/host
Aug 27 15:52:42 gtw01 dnsmasq-dhcp[2479]: read /var/lib/neutron/dhcp/a5974728-a7d7-4413-83bf-9dc2387de078/opts
Aug 27 15:52:42 gtw01 dnsmasq[1180]: read /var/lib/neutron/dhcp/93210e11-31ba-4a75-a69d-4cbf09e49b25/addn_hosts - 2 addresses
Aug 27 15:52:42 gtw01 dnsmasq-dhcp[1180]: read /var/lib/neutron/dhcp/93210e11-31ba-4a75-a69d-4cbf09e49b25/host
Aug 27 15:52:42 gtw01 dnsmasq-dhcp[1180]: read /var/lib/neutron/dhcp/93210e11-31ba-4a75-a69d-4cbf09e49b25/opts
Aug 27 15:52:43 gtw01 dnsmasq[31708]: read /var/lib/neutron/dhcp/ffccc3d9-5203-402b-9ac3-ee4544c4f187/addn_hosts - 2 addresses
Aug 27 15:52:43 gtw01 dnsmasq-dhcp[31708]: read /var/lib/neutron/dhcp/ffccc3d9-5203-402b-9ac3-ee4544c4f187/host
Aug 27 15:52:43 gtw01 dnsmasq-dhcp[31708]: read /var/lib/neutron/dhcp/ffccc3d9-5203-402b-9ac3-ee4544c4f187/opts
Aug 27 15:52:43 gtw01 dnsmasq[2018]: read /var/lib/neutron/dhcp/f4a1bf35-b883-4431-9c26-613c49a6a752/addn_hosts - 2 addresses
Aug 27 15:52:43 gtw01 dnsmasq-dhcp[2018]: read /var/lib/neutron/dhcp/f4a1bf35-b883-4431-9c26-613c49a6a752/host
Aug 27 15:52:43 gtw01 dnsmasq-dhcp[2018]: read /var/lib/neutron/dhcp/f4a1bf35-b883-4431-9c26-613c49a6a752/opts
Aug 27 15:52:43 gtw01 systemd-udevd[4306]: link_config: autonegotiation is unset or enabled, the speed and duplex are not writable.
Aug 27 15:52:43 gtw01 systemd-udevd[4306]: Could not generate persistent MAC address for qg-933702a1-12: No such file or directory
Aug 27 15:52:43 gtw01 kernel: [ 9630.872724] device qg-933702a1-12 entered promiscuous mode
Aug 27 15:52:44 gtw01 dnsmasq[31717]: read /var/lib/neutron/dhcp/89040ff2-a17b-422e-aa4b-dad77474b5b7/addn_hosts - 3 addresses
Aug 27 15:52:44 gtw01 dnsmasq-dhcp[31717]: read /var/lib/neutron/dhcp/89040ff2-a17b-422e-aa4b-dad77474b5b7/host
Aug 27 15:52:44 gtw01 dnsmasq-dhcp[31717]: read /var/lib/neutron/dhcp/89040ff2-a17b-422e-aa4b-dad77474b5b7/opts
Aug 27 15:52:44 gtw01 kernel: [ 9631.544637] net_ratelimit: 10 callbacks suppressed
Aug 27 15:52:44 gtw01 kernel: [ 9631.544639] IPv4: martian source 192.168.120.1 from 192.168.120.1, on dev qr-3ae2a6a1-48
Aug 27 15:52:44 gtw01 kernel: [ 9631.544642] ll header: 00000000: ff ff ff ff ff ff fa 16 3e 50 da 4d 08 06        ........>P.M..
Aug 27 15:52:44 gtw01 kernel: [ 9631.544648] IPv4: martian source 192.168.120.1 from 192.168.120.1, on dev qr-369332a2-5f
Aug 27 15:52:44 gtw01 kernel: [ 9631.544649] ll header: 00000000: ff ff ff ff ff ff fa 16 3e 50 da 4d 08 06        ........>P.M..
Aug 27 15:52:44 gtw01 kernel: [ 9631.544654] IPv4: martian source 192.168.120.1 from 192.168.120.1, on dev qr-4dc81afb-17
Aug 27 15:52:44 gtw01 kernel: [ 9631.544655] ll header: 00000000: ff ff ff ff ff ff fa 16 3e 50 da 4d 08 06        ........>P.M..
Aug 27 15:52:44 gtw01 kernel: [ 9631.544659] IPv4: martian source 192.168.120.1 from 192.168.120.1, on dev qr-2c1d4329-a0
Aug 27 15:52:44 gtw01 kernel: [ 9631.544660] ll header: 00000000: ff ff ff ff ff ff fa 16 3e 50 da 4d 08 06        ........>P.M..
Aug 27 15:52:44 gtw01 kernel: [ 9631.544662] IPv4: martian source 192.168.120.1 from 192.168.120.1, on dev qg-8a38f956-14
Aug 27 15:52:44 gtw01 kernel: [ 9631.544662] ll header: 00000000: ff ff ff ff ff ff fa 16 3e 50 da 4d 08 06        ........>P.M..
Aug 27 15:52:44 gtw01 kernel: [ 9631.544665] IPv4: martian source 192.168.120.1 from 192.168.120.1, on dev qr-5f0cc209-08
Aug 27 15:52:44 gtw01 kernel: [ 9631.544666] ll header: 00000000: ff ff ff ff ff ff fa 16 3e 50 da 4d 08 06        ........>P.M..
Aug 27 15:52:44 gtw01 kernel: [ 9631.544667] IPv4: martian source 192.168.120.1 from 192.168.120.1, on dev qg-933702a1-12
Aug 27 15:52:44 gtw01 kernel: [ 9631.544668] ll header: 00000000: ff ff ff ff ff ff fa 16 3e 50 da 4d 08 06        ........>P.M..
Aug 27 15:52:45 gtw01 dnsmasq[1206]: read /var/lib/neutron/dhcp/a2ed1086-e5d8-4f7b-b45a-3a624bd1114c/addn_hosts - 2 addresses
Aug 27 15:52:45 gtw01 dnsmasq-dhcp[1206]: read /var/lib/neutron/dhcp/a2ed1086-e5d8-4f7b-b45a-3a624bd1114c/host
Aug 27 15:52:45 gtw01 dnsmasq-dhcp[1206]: read /var/lib/neutron/dhcp/a2ed1086-e5d8-4f7b-b45a-3a624bd1114c/opts
Aug 27 15:52:45 gtw01 kernel: [ 9632.316826] IPv4: martian source 192.168.120.1 from 192.168.120.1, on dev qr-3ae2a6a1-48
Aug 27 15:52:45 gtw01 kernel: [ 9632.316829] ll header: 00000000: ff ff ff ff ff ff fa 16 3e 3d e9 d5 08 06        ........>=....
Aug 27 15:52:45 gtw01 kernel: [ 9632.316835] IPv4: martian source 192.168.120.1 from 192.168.120.1, on dev qr-369332a2-5f
Aug 27 15:52:45 gtw01 kernel: [ 9632.316836] ll header: 00000000: ff ff ff ff ff ff fa 16 3e 3d e9 d5 08 06        ........>=....
Aug 27 15:52:45 gtw01 kernel: [ 9632.316841] IPv4: martian source 192.168.120.1 from 192.168.120.1, on dev qr-4dc81afb-17
Aug 27 15:52:45 gtw01 kernel: [ 9632.316842] ll header: 00000000: ff ff ff ff ff ff fa 16 3e 3d e9 d5 08 06        ........>=....
Aug 27 15:52:45 gtw01 kernel: [ 9632.516482] device tapbe5e0d21-07 left promiscuous mode
Aug 27 15:52:46 gtw01 kernel: [ 9632.975029] device tapd2956ca7-da left promiscuous mode
Aug 27 15:52:46 gtw01 dnsmasq[4144]: read /var/lib/neutron/dhcp/3153a8bd-333d-4221-88ce-038c0a235bc8/addn_hosts - 2 addresses
Aug 27 15:52:46 gtw01 dnsmasq-dhcp[4144]: read /var/lib/neutron/dhcp/3153a8bd-333d-4221-88ce-038c0a235bc8/host
Aug 27 15:52:46 gtw01 dnsmasq-dhcp[4144]: read /var/lib/neutron/dhcp/3153a8bd-333d-4221-88ce-038c0a235bc8/opts
Aug 27 15:52:46 gtw01 kernel: [ 9633.590780] device tap89557145-e5 left promiscuous mode
Aug 27 15:52:46 gtw01 kernel: [ 9633.743242] device tapf8d5bbd7-f0 left promiscuous mode
Aug 27 15:52:46 gtw01 systemd-udevd[4581]: link_config: autonegotiation is unset or enabled, the speed and duplex are not writable.
Aug 27 15:52:46 gtw01 systemd-udevd[4581]: Could not generate persistent MAC address for vxlan_sys_4789: No such file or directory
Aug 27 15:52:46 gtw01 kernel: [ 9633.916057] device vxlan_sys_4789 entered promiscuous mode
Aug 27 15:52:47 gtw01 dnsmasq[3842]: read /var/lib/neutron/dhcp/dca3055c-5387-41bc-9f3f-db42513f06ee/addn_hosts - 2 addresses
Aug 27 15:52:47 gtw01 dnsmasq-dhcp[3842]: read /var/lib/neutron/dhcp/dca3055c-5387-41bc-9f3f-db42513f06ee/host
Aug 27 15:52:47 gtw01 dnsmasq-dhcp[3842]: read /var/lib/neutron/dhcp/dca3055c-5387-41bc-9f3f-db42513f06ee/opts
Aug 27 15:52:47 gtw01 dnsmasq[2515]: read /var/lib/neutron/dhcp/f0bb8c47-3a82-4580-ac55-2cca13fc8d9a/addn_hosts - 2 addresses
Aug 27 15:52:47 gtw01 dnsmasq-dhcp[2515]: read /var/lib/neutron/dhcp/f0bb8c47-3a82-4580-ac55-2cca13fc8d9a/host
Aug 27 15:52:47 gtw01 dnsmasq-dhcp[2515]: read /var/lib/neutron/dhcp/f0bb8c47-3a82-4580-ac55-2cca13fc8d9a/opts
Aug 27 15:52:47 gtw01 dnsmasq[1180]: read /var/lib/neutron/dhcp/93210e11-31ba-4a75-a69d-4cbf09e49b25/addn_hosts - 2 addresses
Aug 27 15:52:47 gtw01 dnsmasq-dhcp[1180]: read /var/lib/neutron/dhcp/93210e11-31ba-4a75-a69d-4cbf09e49b25/host
Aug 27 15:52:47 gtw01 dnsmasq-dhcp[1180]: read /var/lib/neutron/dhcp/93210e11-31ba-4a75-a69d-4cbf09e49b25/opts
Aug 27 15:52:47 gtw01 dnsmasq[30560]: read /var/lib/neutron/dhcp/8c5b97c8-1e37-4605-b98c-b59ee7220f0a/addn_hosts - 2 addresses
Aug 27 15:52:47 gtw01 dnsmasq-dhcp[30560]: read /var/lib/neutron/dhcp/8c5b97c8-1e37-4605-b98c-b59ee7220f0a/host
Aug 27 15:52:47 gtw01 dnsmasq-dhcp[30560]: read /var/lib/neutron/dhcp/8c5b97c8-1e37-4605-b98c-b59ee7220f0a/opts
Aug 27 15:52:47 gtw01 dnsmasq[2479]: read /var/lib/neutron/dhcp/a5974728-a7d7-4413-83bf-9dc2387de078/addn_hosts - 2 addresses
Aug 27 15:52:47 gtw01 dnsmasq-dhcp[2479]: read /var/lib/neutron/dhcp/a5974728-a7d7-4413-83bf-9dc2387de078/host
Aug 27 15:52:47 gtw01 dnsmasq-dhcp[2479]: read /var/lib/neutron/dhcp/a5974728-a7d7-4413-83bf-9dc2387de078/opts
Aug 27 15:52:48 gtw01 dnsmasq[2018]: read /var/lib/neutron/dhcp/f4a1bf35-b883-4431-9c26-613c49a6a752/addn_hosts - 2 addresses
Aug 27 15:52:48 gtw01 dnsmasq-dhcp[2018]: read /var/lib/neutron/dhcp/f4a1bf35-b883-4431-9c26-613c49a6a752/host
Aug 27 15:52:48 gtw01 dnsmasq-dhcp[2018]: read /var/lib/neutron/dhcp/f4a1bf35-b883-4431-9c26-613c49a6a752/opts
Aug 27 15:52:48 gtw01 dnsmasq[3859]: read /var/lib/neutron/dhcp/ed0be569-8e84-42d9-8ede-3592ebeda8d8/addn_hosts - 2 addresses
Aug 27 15:52:48 gtw01 dnsmasq-dhcp[3859]: read /var/lib/neutron/dhcp/ed0be569-8e84-42d9-8ede-3592ebeda8d8/host
Aug 27 15:52:48 gtw01 dnsmasq-dhcp[3859]: read /var/lib/neutron/dhcp/ed0be569-8e84-42d9-8ede-3592ebeda8d8/opts
Aug 27 15:52:49 gtw01 dnsmasq[31717]: read /var/lib/neutron/dhcp/89040ff2-a17b-422e-aa4b-dad77474b5b7/addn_hosts - 3 addresses
Aug 27 15:52:49 gtw01 dnsmasq-dhcp[31717]: read /var/lib/neutron/dhcp/89040ff2-a17b-422e-aa4b-dad77474b5b7/host
Aug 27 15:52:49 gtw01 dnsmasq-dhcp[31717]: read /var/lib/neutron/dhcp/89040ff2-a17b-422e-aa4b-dad77474b5b7/opts
Aug 27 15:52:49 gtw01 kernel: [ 9636.772868] device qr-2c9e92b6-82 entered promiscuous mode
Aug 27 15:52:49 gtw01 systemd-udevd[4843]: link_config: autonegotiation is unset or enabled, the speed and duplex are not writable.
Aug 27 15:52:49 gtw01 systemd-udevd[4843]: Could not generate persistent MAC address for qr-2c9e92b6-82: No such file or directory
Aug 27 15:52:49 gtw01 dnsmasq[1206]: read /var/lib/neutron/dhcp/a2ed1086-e5d8-4f7b-b45a-3a624bd1114c/addn_hosts - 2 addresses
Aug 27 15:52:49 gtw01 dnsmasq-dhcp[1206]: read /var/lib/neutron/dhcp/a2ed1086-e5d8-4f7b-b45a-3a624bd1114c/host
Aug 27 15:52:49 gtw01 dnsmasq-dhcp[1206]: read /var/lib/neutron/dhcp/a2ed1086-e5d8-4f7b-b45a-3a624bd1114c/opts
Aug 27 15:52:50 gtw01 kernel: [ 9637.006251] net_ratelimit: 17 callbacks suppressed
Aug 27 15:52:50 gtw01 kernel: [ 9637.006252] IPv4: martian source 192.168.120.1 from 192.168.120.1, on dev qr-3ae2a6a1-48
Aug 27 15:52:50 gtw01 kernel: [ 9637.006255] ll header: 00000000: ff ff ff ff ff ff fa 16 3e 50 da 4d 08 06        ........>P.M..
Aug 27 15:52:50 gtw01 kernel: [ 9637.006262] IPv4: martian source 192.168.120.1 from 192.168.120.1, on dev qr-369332a2-5f
Aug 27 15:52:50 gtw01 kernel: [ 9637.006263] ll header: 00000000: ff ff ff ff ff ff fa 16 3e 50 da 4d 08 06        ........>P.M..
Aug 27 15:52:50 gtw01 kernel: [ 9637.006267] IPv4: martian source 192.168.120.1 from 192.168.120.1, on dev qr-4dc81afb-17
Aug 27 15:52:50 gtw01 kernel: [ 9637.006268] ll header: 00000000: ff ff ff ff ff ff fa 16 3e 50 da 4d 08 06        ........>P.M..
Aug 27 15:52:50 gtw01 kernel: [ 9637.006273] IPv4: martian source 192.168.120.1 from 192.168.120.1, on dev qr-2c1d4329-a0
Aug 27 15:52:50 gtw01 kernel: [ 9637.006273] ll header: 00000000: ff ff ff ff ff ff fa 16 3e 50 da 4d 08 06        ........>P.M..
Aug 27 15:52:50 gtw01 kernel: [ 9637.006275] IPv4: martian source 192.168.120.1 from 192.168.120.1, on dev qg-8a38f956-14
Aug 27 15:52:50 gtw01 kernel: [ 9637.006276] ll header: 00000000: ff ff ff ff ff ff fa 16 3e 50 da 4d 08 06        ........>P.M..
Aug 27 15:52:50 gtw01 kernel: [ 9637.006278] IPv4: martian source 192.168.120.1 from 192.168.120.1, on dev qr-5f0cc209-08
Aug 27 15:52:50 gtw01 kernel: [ 9637.006279] ll header: 00000000: ff ff ff ff ff ff fa 16 3e 50 da 4d 08 06        ........>P.M..
Aug 27 15:52:50 gtw01 kernel: [ 9637.006280] IPv4: martian source 192.168.120.1 from 192.168.120.1, on dev qg-933702a1-12
Aug 27 15:52:50 gtw01 kernel: [ 9637.006281] ll header: 00000000: ff ff ff ff ff ff fa 16 3e 50 da 4d 08 06        ........>P.M..
Aug 27 15:52:50 gtw01 kernel: [ 9637.777200] device qg-b4210c1a-ed left promiscuous mode
Aug 27 15:52:51 gtw01 kernel: [ 9638.068574] IPv4: martian source 192.168.120.1 from 192.168.120.1, on dev qr-3ae2a6a1-48
Aug 27 15:52:51 gtw01 kernel: [ 9638.068578] ll header: 00000000: ff ff ff ff ff ff fa 16 3e 3d e9 d5 08 06        ........>=....
Aug 27 15:52:51 gtw01 kernel: [ 9638.068584] IPv4: martian source 192.168.120.1 from 192.168.120.1, on dev qr-369332a2-5f
Aug 27 15:52:51 gtw01 kernel: [ 9638.068585] ll header: 00000000: ff ff ff ff ff ff fa 16 3e 3d e9 d5 08 06        ........>=....
Aug 27 15:52:51 gtw01 kernel: [ 9638.068590] IPv4: martian source 192.168.120.1 from 192.168.120.1, on dev qr-4dc81afb-17
Aug 27 15:52:51 gtw01 kernel: [ 9638.068591] ll header: 00000000: ff ff ff ff ff ff fa 16 3e 3d e9 d5 08 06        ........>=....
Aug 27 15:52:51 gtw01 dnsmasq[3842]: read /var/lib/neutron/dhcp/dca3055c-5387-41bc-9f3f-db42513f06ee/addn_hosts - 2 addresses
Aug 27 15:52:51 gtw01 dnsmasq-dhcp[3842]: read /var/lib/neutron/dhcp/dca3055c-5387-41bc-9f3f-db42513f06ee/host
Aug 27 15:52:51 gtw01 dnsmasq-dhcp[3842]: read /var/lib/neutron/dhcp/dca3055c-5387-41bc-9f3f-db42513f06ee/opts
Aug 27 15:52:51 gtw01 systemd-udevd[5039]: link_config: autonegotiation is unset or enabled, the speed and duplex are not writable.
Aug 27 15:52:51 gtw01 systemd-udevd[5039]: Could not generate persistent MAC address for qr-8e142d12-00: No such file or directory
Aug 27 15:52:51 gtw01 kernel: [ 9638.472628] device qr-8e142d12-00 entered promiscuous mode
Aug 27 15:52:51 gtw01 dnsmasq[2515]: read /var/lib/neutron/dhcp/f0bb8c47-3a82-4580-ac55-2cca13fc8d9a/addn_hosts - 2 addresses
Aug 27 15:52:51 gtw01 dnsmasq-dhcp[2515]: read /var/lib/neutron/dhcp/f0bb8c47-3a82-4580-ac55-2cca13fc8d9a/host
Aug 27 15:52:51 gtw01 dnsmasq-dhcp[2515]: read /var/lib/neutron/dhcp/f0bb8c47-3a82-4580-ac55-2cca13fc8d9a/opts
Aug 27 15:52:52 gtw01 dnsmasq[1180]: read /var/lib/neutron/dhcp/93210e11-31ba-4a75-a69d-4cbf09e49b25/addn_hosts - 1 addresses
Aug 27 15:52:52 gtw01 dnsmasq-dhcp[1180]: read /var/lib/neutron/dhcp/93210e11-31ba-4a75-a69d-4cbf09e49b25/host
Aug 27 15:52:52 gtw01 dnsmasq-dhcp[1180]: read /var/lib/neutron/dhcp/93210e11-31ba-4a75-a69d-4cbf09e49b25/opts
Aug 27 15:52:52 gtw01 kernel: [ 9639.229080] device qr-4dc81afb-17 left promiscuous mode
Aug 27 15:52:52 gtw01 dnsmasq[4144]: read /var/lib/neutron/dhcp/3153a8bd-333d-4221-88ce-038c0a235bc8/addn_hosts - 2 addresses
Aug 27 15:52:52 gtw01 dnsmasq-dhcp[4144]: read /var/lib/neutron/dhcp/3153a8bd-333d-4221-88ce-038c0a235bc8/host
Aug 27 15:52:52 gtw01 dnsmasq-dhcp[4144]: read /var/lib/neutron/dhcp/3153a8bd-333d-4221-88ce-038c0a235bc8/opts
Aug 27 15:52:52 gtw01 dnsmasq[30560]: read /var/lib/neutron/dhcp/8c5b97c8-1e37-4605-b98c-b59ee7220f0a/addn_hosts - 1 addresses
Aug 27 15:52:52 gtw01 dnsmasq-dhcp[30560]: read /var/lib/neutron/dhcp/8c5b97c8-1e37-4605-b98c-b59ee7220f0a/host
Aug 27 15:52:52 gtw01 dnsmasq-dhcp[30560]: read /var/lib/neutron/dhcp/8c5b97c8-1e37-4605-b98c-b59ee7220f0a/opts
Aug 27 15:52:52 gtw01 dnsmasq[2479]: read /var/lib/neutron/dhcp/a5974728-a7d7-4413-83bf-9dc2387de078/addn_hosts - 2 addresses
Aug 27 15:52:52 gtw01 dnsmasq-dhcp[2479]: read /var/lib/neutron/dhcp/a5974728-a7d7-4413-83bf-9dc2387de078/host
Aug 27 15:52:52 gtw01 dnsmasq-dhcp[2479]: read /var/lib/neutron/dhcp/a5974728-a7d7-4413-83bf-9dc2387de078/opts
Aug 27 15:52:53 gtw01 dnsmasq[2018]: read /var/lib/neutron/dhcp/f4a1bf35-b883-4431-9c26-613c49a6a752/addn_hosts - 2 addresses
Aug 27 15:52:53 gtw01 dnsmasq-dhcp[2018]: read /var/lib/neutron/dhcp/f4a1bf35-b883-4431-9c26-613c49a6a752/host
Aug 27 15:52:53 gtw01 dnsmasq-dhcp[2018]: read /var/lib/neutron/dhcp/f4a1bf35-b883-4431-9c26-613c49a6a752/opts
Aug 27 15:52:53 gtw01 dnsmasq[3859]: read /var/lib/neutron/dhcp/ed0be569-8e84-42d9-8ede-3592ebeda8d8/addn_hosts - 2 addresses
Aug 27 15:52:53 gtw01 dnsmasq-dhcp[3859]: read /var/lib/neutron/dhcp/ed0be569-8e84-42d9-8ede-3592ebeda8d8/host
Aug 27 15:52:53 gtw01 dnsmasq-dhcp[3859]: read /var/lib/neutron/dhcp/ed0be569-8e84-42d9-8ede-3592ebeda8d8/opts
Aug 27 15:52:53 gtw01 kernel: [ 9640.417113] device qr-369332a2-5f left promiscuous mode
Aug 27 15:52:54 gtw01 kernel: [ 9641.393411] device qr-674a3f5d-8c left promiscuous mode
Aug 27 15:52:54 gtw01 dnsmasq[31717]: read /var/lib/neutron/dhcp/89040ff2-a17b-422e-aa4b-dad77474b5b7/addn_hosts - 3 addresses
Aug 27 15:52:54 gtw01 dnsmasq-dhcp[31717]: read /var/lib/neutron/dhcp/89040ff2-a17b-422e-aa4b-dad77474b5b7/host
Aug 27 15:52:54 gtw01 dnsmasq-dhcp[31717]: read /var/lib/neutron/dhcp/89040ff2-a17b-422e-aa4b-dad77474b5b7/opts
Aug 27 15:52:54 gtw01 kernel: [ 9641.582445] device qr-3ae2a6a1-48 left promiscuous mode
Aug 27 15:52:55 gtw01 kernel: [ 9642.224624] net_ratelimit: 5 callbacks suppressed
Aug 27 15:52:55 gtw01 kernel: [ 9642.224626] IPv4: martian source 10.16.0.234 from 10.16.0.234, on dev qr-2c1d4329-a0
Aug 27 15:52:55 gtw01 kernel: [ 9642.224629] ll header: 00000000: ff ff ff ff ff ff fa 16 3e 5c 20 7a 08 06        ........>\ z..
Aug 27 15:52:55 gtw01 kernel: [ 9642.224633] IPv4: martian source 10.16.0.234 from 10.16.0.234, on dev qr-5f0cc209-08
Aug 27 15:52:55 gtw01 kernel: [ 9642.224634] ll header: 00000000: ff ff ff ff ff ff fa 16 3e 5c 20 7a 08 06        ........>\ z..
Aug 27 15:52:55 gtw01 kernel: [ 9642.305491] device tapfe6cb7b8-9d left promiscuous mode
Aug 27 15:52:55 gtw01 dnsmasq[3842]: read /var/lib/neutron/dhcp/dca3055c-5387-41bc-9f3f-db42513f06ee/addn_hosts - 2 addresses
Aug 27 15:52:55 gtw01 dnsmasq-dhcp[3842]: read /var/lib/neutron/dhcp/dca3055c-5387-41bc-9f3f-db42513f06ee/host
Aug 27 15:52:55 gtw01 dnsmasq-dhcp[3842]: read /var/lib/neutron/dhcp/dca3055c-5387-41bc-9f3f-db42513f06ee/opts
Aug 27 15:52:56 gtw01 kernel: [ 9643.322440] device qg-8c2b4a2d-dd entered promiscuous mode
Aug 27 15:52:56 gtw01 systemd-udevd[5445]: link_config: autonegotiation is unset or enabled, the speed and duplex are not writable.
Aug 27 15:52:56 gtw01 systemd-udevd[5445]: Could not generate persistent MAC address for qg-8c2b4a2d-dd: No such file or directory
Aug 27 15:52:56 gtw01 dnsmasq[2515]: read /var/lib/neutron/dhcp/f0bb8c47-3a82-4580-ac55-2cca13fc8d9a/addn_hosts - 2 addresses
Aug 27 15:52:56 gtw01 dnsmasq-dhcp[2515]: read /var/lib/neutron/dhcp/f0bb8c47-3a82-4580-ac55-2cca13fc8d9a/host
Aug 27 15:52:56 gtw01 dnsmasq-dhcp[2515]: read /var/lib/neutron/dhcp/f0bb8c47-3a82-4580-ac55-2cca13fc8d9a/opts
Aug 27 15:52:56 gtw01 dnsmasq[4144]: read /var/lib/neutron/dhcp/3153a8bd-333d-4221-88ce-038c0a235bc8/addn_hosts - 2 addresses
Aug 27 15:52:56 gtw01 dnsmasq-dhcp[4144]: read /var/lib/neutron/dhcp/3153a8bd-333d-4221-88ce-038c0a235bc8/host
Aug 27 15:52:56 gtw01 dnsmasq-dhcp[4144]: read /var/lib/neutron/dhcp/3153a8bd-333d-4221-88ce-038c0a235bc8/opts
Aug 27 15:52:56 gtw01 dnsmasq[2018]: read /var/lib/neutron/dhcp/f4a1bf35-b883-4431-9c26-613c49a6a752/addn_hosts - 2 addresses
Aug 27 15:52:56 gtw01 dnsmasq-dhcp[2018]: read /var/lib/neutron/dhcp/f4a1bf35-b883-4431-9c26-613c49a6a752/host
Aug 27 15:52:56 gtw01 dnsmasq-dhcp[2018]: read /var/lib/neutron/dhcp/f4a1bf35-b883-4431-9c26-613c49a6a752/opts
Aug 27 15:52:57 gtw01 dnsmasq[2479]: read /var/lib/neutron/dhcp/a5974728-a7d7-4413-83bf-9dc2387de078/addn_hosts - 2 addresses
Aug 27 15:52:57 gtw01 dnsmasq-dhcp[2479]: read /var/lib/neutron/dhcp/a5974728-a7d7-4413-83bf-9dc2387de078/host
Aug 27 15:52:57 gtw01 dnsmasq-dhcp[2479]: read /var/lib/neutron/dhcp/a5974728-a7d7-4413-83bf-9dc2387de078/opts
Aug 27 15:52:57 gtw01 systemd-udevd[5571]: link_config: autonegotiation is unset or enabled, the speed and duplex are not writable.
Aug 27 15:52:57 gtw01 systemd-udevd[5571]: Could not generate persistent MAC address for qr-5001bf2b-d4: No such file or directory
Aug 27 15:52:57 gtw01 kernel: [ 9644.068675] device qr-5001bf2b-d4 entered promiscuous mode
Aug 27 15:52:57 gtw01 kernel: [ 9644.720647] device qg-643c51cf-86 left promiscuous mode
Aug 27 15:52:57 gtw01 systemd-udevd[5688]: link_config: autonegotiation is unset or enabled, the speed and duplex are not writable.
Aug 27 15:52:57 gtw01 systemd-udevd[5688]: Could not generate persistent MAC address for qg-be59a153-9f: No such file or directory
Aug 27 15:52:57 gtw01 kernel: [ 9644.784829] device qg-be59a153-9f entered promiscuous mode
Aug 27 15:52:57 gtw01 dnsmasq-dhcp[31717]: DHCPDISCOVER(tap0ffd4207-b4) fa:16:3e:25:86:46
Aug 27 15:52:57 gtw01 dnsmasq-dhcp[31717]: DHCPOFFER(tap0ffd4207-b4) 192.168.120.9 fa:16:3e:25:86:46
Aug 27 15:52:57 gtw01 dnsmasq-dhcp[31717]: DHCPREQUEST(tap0ffd4207-b4) 192.168.120.9 fa:16:3e:25:86:46
Aug 27 15:52:57 gtw01 dnsmasq-dhcp[31717]: DHCPACK(tap0ffd4207-b4) 192.168.120.9 fa:16:3e:25:86:46 host-192-168-120-9
Aug 27 15:52:58 gtw01 dnsmasq[3859]: read /var/lib/neutron/dhcp/ed0be569-8e84-42d9-8ede-3592ebeda8d8/addn_hosts - 2 addresses
Aug 27 15:52:58 gtw01 dnsmasq-dhcp[3859]: read /var/lib/neutron/dhcp/ed0be569-8e84-42d9-8ede-3592ebeda8d8/host
Aug 27 15:52:58 gtw01 dnsmasq-dhcp[3859]: read /var/lib/neutron/dhcp/ed0be569-8e84-42d9-8ede-3592ebeda8d8/opts
Aug 27 15:52:58 gtw01 kernel: [ 9645.115419] IPv4: martian source 192.168.120.1 from 192.168.120.1, on dev qr-2c1d4329-a0
Aug 27 15:52:58 gtw01 kernel: [ 9645.115422] ll header: 00000000: ff ff ff ff ff ff fa 16 3e 1e 71 76 08 06        ........>.qv..
Aug 27 15:52:58 gtw01 kernel: [ 9645.115424] IPv4: martian source 192.168.120.1 from 192.168.120.1, on dev qg-8a38f956-14
Aug 27 15:52:58 gtw01 kernel: [ 9645.115425] ll header: 00000000: ff ff ff ff ff ff fa 16 3e 1e 71 76 08 06        ........>.qv..
Aug 27 15:52:58 gtw01 kernel: [ 9645.115427] IPv4: martian source 192.168.120.1 from 192.168.120.1, on dev qr-5f0cc209-08
Aug 27 15:52:58 gtw01 kernel: [ 9645.115428] ll header: 00000000: ff ff ff ff ff ff fa 16 3e 1e 71 76 08 06        ........>.qv..
Aug 27 15:52:58 gtw01 kernel: [ 9645.115430] IPv4: martian source 192.168.120.1 from 192.168.120.1, on dev qg-933702a1-12
Aug 27 15:52:58 gtw01 kernel: [ 9645.115430] ll header: 00000000: ff ff ff ff ff ff fa 16 3e 1e 71 76 08 06        ........>.qv..
Aug 27 15:52:58 gtw01 kernel: [ 9645.115433] IPv4: martian source 192.168.120.1 from 192.168.120.1, on dev qr-8e142d12-00
Aug 27 15:52:58 gtw01 kernel: [ 9645.115434] ll header: 00000000: ff ff ff ff ff ff fa 16 3e 1e 71 76 08 06        ........>.qv..
Aug 27 15:52:58 gtw01 kernel: [ 9645.115436] IPv4: martian source 192.168.120.1 from 192.168.120.1, on dev qg-8c2b4a2d-dd
Aug 27 15:52:58 gtw01 kernel: [ 9645.115437] ll header: 00000000: ff ff ff ff ff ff fa 16 3e 1e 71 76 08 06        ........>.qv..
Aug 27 15:52:58 gtw01 kernel: [ 9645.115439] IPv4: martian source 192.168.120.1 from 192.168.120.1, on dev qr-5001bf2b-d4
Aug 27 15:52:58 gtw01 kernel: [ 9645.115439] ll header: 00000000: ff ff ff ff ff ff fa 16 3e 1e 71 76 08 06        ........>.qv..
Aug 27 15:52:58 gtw01 kernel: [ 9645.291200] device qg-af72f2e8-6d left promiscuous mode
Aug 27 15:52:58 gtw01 kernel: [ 9645.709306] device tap10c3f306-b8 left promiscuous mode
Aug 27 15:52:58 gtw01 kernel: [ 9645.740925] IPv4: martian source 192.168.120.1 from 192.168.120.1, on dev qr-2c1d4329-a0
Aug 27 15:52:58 gtw01 kernel: [ 9645.740929] ll header: 00000000: ff ff ff ff ff ff fa 16 3e 3d e9 d5 08 06        ........>=....
Aug 27 15:52:58 gtw01 systemd-udevd[5820]: link_config: autonegotiation is unset or enabled, the speed and duplex are not writable.
Aug 27 15:52:58 gtw01 systemd-udevd[5820]: Could not generate persistent MAC address for qr-1e19acf5-11: No such file or directory
Aug 27 15:52:58 gtw01 kernel: [ 9645.748622] device qr-1e19acf5-11 entered promiscuous mode
Aug 27 15:52:58 gtw01 kernel: [ 9645.763546] device qg-a9f73b30-51 left promiscuous mode
Aug 27 15:52:58 gtw01 kernel: [ 9645.911063] device qg-f401ccee-ef left promiscuous mode
Aug 27 15:52:59 gtw01 kernel: [ 9645.969094] device tap8dd2ad9c-26 left promiscuous mode
Aug 27 15:52:59 gtw01 kernel: [ 9646.370881] device tap314aabba-8c left promiscuous mode
Aug 27 15:52:59 gtw01 dnsmasq[31708]: read /var/lib/neutron/dhcp/ffccc3d9-5203-402b-9ac3-ee4544c4f187/addn_hosts - 1 addresses
Aug 27 15:52:59 gtw01 dnsmasq-dhcp[31708]: read /var/lib/neutron/dhcp/ffccc3d9-5203-402b-9ac3-ee4544c4f187/host
Aug 27 15:52:59 gtw01 dnsmasq-dhcp[31708]: read /var/lib/neutron/dhcp/ffccc3d9-5203-402b-9ac3-ee4544c4f187/opts
Aug 27 15:52:59 gtw01 systemd-udevd[5955]: link_config: autonegotiation is unset or enabled, the speed and duplex are not writable.
Aug 27 15:52:59 gtw01 systemd-udevd[5955]: Could not generate persistent MAC address for qr-d7451487-83: No such file or directory
Aug 27 15:52:59 gtw01 kernel: [ 9646.556695] device qr-d7451487-83 entered promiscuous mode
Aug 27 15:52:59 gtw01 dnsmasq[2018]: read /var/lib/neutron/dhcp/f4a1bf35-b883-4431-9c26-613c49a6a752/addn_hosts - 1 addresses
Aug 27 15:52:59 gtw01 dnsmasq-dhcp[2018]: read /var/lib/neutron/dhcp/f4a1bf35-b883-4431-9c26-613c49a6a752/host
Aug 27 15:52:59 gtw01 dnsmasq-dhcp[2018]: read /var/lib/neutron/dhcp/f4a1bf35-b883-4431-9c26-613c49a6a752/opts
Aug 27 15:53:00 gtw01 dnsmasq[2479]: read /var/lib/neutron/dhcp/a5974728-a7d7-4413-83bf-9dc2387de078/addn_hosts - 2 addresses
Aug 27 15:53:00 gtw01 dnsmasq-dhcp[2479]: read /var/lib/neutron/dhcp/a5974728-a7d7-4413-83bf-9dc2387de078/host
Aug 27 15:53:00 gtw01 dnsmasq-dhcp[2479]: read /var/lib/neutron/dhcp/a5974728-a7d7-4413-83bf-9dc2387de078/opts
Aug 27 15:53:00 gtw01 kernel: [ 9647.299463] device tapc2f94a5e-5a left promiscuous mode
Aug 27 15:53:00 gtw01 kernel: [ 9647.475465] device tap9957bdfa-fc left promiscuous mode
Aug 27 15:53:00 gtw01 dnsmasq[3859]: read /var/lib/neutron/dhcp/ed0be569-8e84-42d9-8ede-3592ebeda8d8/addn_hosts - 2 addresses
Aug 27 15:53:00 gtw01 dnsmasq-dhcp[3859]: read /var/lib/neutron/dhcp/ed0be569-8e84-42d9-8ede-3592ebeda8d8/host
Aug 27 15:53:00 gtw01 dnsmasq-dhcp[3859]: read /var/lib/neutron/dhcp/ed0be569-8e84-42d9-8ede-3592ebeda8d8/opts
Aug 27 15:53:01 gtw01 systemd-udevd[6129]: link_config: autonegotiation is unset or enabled, the speed and duplex are not writable.
Aug 27 15:53:01 gtw01 systemd-udevd[6129]: Could not generate persistent MAC address for qg-78221868-96: No such file or directory
Aug 27 15:53:01 gtw01 kernel: [ 9648.000753] device qg-78221868-96 entered promiscuous mode
Aug 27 15:53:01 gtw01 kernel: [ 9648.088015] net_ratelimit: 15 callbacks suppressed
Aug 27 15:53:01 gtw01 kernel: [ 9648.088016] IPv4: martian source 10.16.0.234 from 10.16.0.234, on dev qr-2c1d4329-a0
Aug 27 15:53:01 gtw01 kernel: [ 9648.088019] ll header: 00000000: ff ff ff ff ff ff fa 16 3e 5c 20 7a 08 06        ........>\ z..
Aug 27 15:53:01 gtw01 kernel: [ 9648.088023] IPv4: martian source 10.16.0.234 from 10.16.0.234, on dev qr-5f0cc209-08
Aug 27 15:53:01 gtw01 kernel: [ 9648.088024] ll header: 00000000: ff ff ff ff ff ff fa 16 3e 5c 20 7a 08 06        ........>\ z..
Aug 27 15:53:01 gtw01 kernel: [ 9648.088027] IPv4: martian source 10.16.0.234 from 10.16.0.234, on dev qr-2c9e92b6-82
Aug 27 15:53:01 gtw01 kernel: [ 9648.088028] ll header: 00000000: ff ff ff ff ff ff fa 16 3e 5c 20 7a 08 06        ........>\ z..
Aug 27 15:53:01 gtw01 kernel: [ 9648.088031] IPv4: martian source 10.16.0.234 from 10.16.0.234, on dev qr-8e142d12-00
Aug 27 15:53:01 gtw01 kernel: [ 9648.088032] ll header: 00000000: ff ff ff ff ff ff fa 16 3e 5c 20 7a 08 06        ........>\ z..
Aug 27 15:53:01 gtw01 systemd-udevd[6225]: link_config: autonegotiation is unset or enabled, the speed and duplex are not writable.
Aug 27 15:53:01 gtw01 systemd-udevd[6225]: Could not generate persistent MAC address for qr-d51c7990-82: No such file or directory
Aug 27 15:53:01 gtw01 kernel: [ 9648.420611] device qr-d51c7990-82 entered promiscuous mode
Aug 27 15:53:01 gtw01 kernel: [ 9648.670041] IPv4: martian source 10.16.0.128 from 10.16.0.128, on dev qr-2c1d4329-a0
Aug 27 15:53:01 gtw01 kernel: [ 9648.670045] ll header: 00000000: ff ff ff ff ff ff fa 16 3e ff 4a 4a 08 06        ........>.JJ..
Aug 27 15:53:01 gtw01 kernel: [ 9648.670048] IPv4: martian source 10.16.0.128 from 10.16.0.128, on dev qr-5f0cc209-08
Aug 27 15:53:01 gtw01 kernel: [ 9648.670049] ll header: 00000000: ff ff ff ff ff ff fa 16 3e ff 4a 4a 08 06        ........>.JJ..
Aug 27 15:53:01 gtw01 kernel: [ 9648.670052] IPv4: martian source 10.16.0.128 from 10.16.0.128, on dev qr-2c9e92b6-82
Aug 27 15:53:01 gtw01 kernel: [ 9648.670053] ll header: 00000000: ff ff ff ff ff ff fa 16 3e ff 4a 4a 08 06        ........>.JJ..
Aug 27 15:53:01 gtw01 kernel: [ 9648.670055] IPv4: martian source 10.16.0.128 from 10.16.0.128, on dev qr-8e142d12-00
Aug 27 15:53:01 gtw01 kernel: [ 9648.670056] ll header: 00000000: ff ff ff ff ff ff fa 16 3e ff 4a 4a 08 06        ........>.JJ..
Aug 27 15:53:01 gtw01 kernel: [ 9648.670059] IPv4: martian source 10.16.0.128 from 10.16.0.128, on dev qr-5001bf2b-d4
Aug 27 15:53:01 gtw01 kernel: [ 9648.670060] ll header: 00000000: ff ff ff ff ff ff fa 16 3e ff 4a 4a 08 06        ........>.JJ..
Aug 27 15:53:02 gtw01 kernel: [ 9648.968817] IPv4: martian source 192.168.120.1 from 192.168.120.1, on dev qr-2c1d4329-a0
Aug 27 15:53:02 gtw01 kernel: [ 9648.968820] ll header: 00000000: ff ff ff ff ff ff fa 16 3e 61 97 3f 08 06        ........>a.?..
Aug 27 15:53:02 gtw01 dnsmasq[2479]: read /var/lib/neutron/dhcp/a5974728-a7d7-4413-83bf-9dc2387de078/addn_hosts - 1 addresses
Aug 27 15:53:02 gtw01 dnsmasq-dhcp[2479]: read /var/lib/neutron/dhcp/a5974728-a7d7-4413-83bf-9dc2387de078/host
Aug 27 15:53:02 gtw01 dnsmasq-dhcp[2479]: read /var/lib/neutron/dhcp/a5974728-a7d7-4413-83bf-9dc2387de078/opts
Aug 27 15:53:02 gtw01 dnsmasq[3859]: read /var/lib/neutron/dhcp/ed0be569-8e84-42d9-8ede-3592ebeda8d8/addn_hosts - 2 addresses
Aug 27 15:53:02 gtw01 dnsmasq-dhcp[3859]: read /var/lib/neutron/dhcp/ed0be569-8e84-42d9-8ede-3592ebeda8d8/host
Aug 27 15:53:02 gtw01 dnsmasq-dhcp[3859]: read /var/lib/neutron/dhcp/ed0be569-8e84-42d9-8ede-3592ebeda8d8/opts
Aug 27 15:53:02 gtw01 kernel: [ 9649.447050] device qr-a7ef735e-2a left promiscuous mode
Aug 27 15:53:03 gtw01 systemd-udevd[6422]: link_config: autonegotiation is unset or enabled, the speed and duplex are not writable.
Aug 27 15:53:03 gtw01 systemd-udevd[6422]: Could not generate persistent MAC address for qg-2413597b-22: No such file or directory
Aug 27 15:53:03 gtw01 kernel: [ 9650.004674] device qg-2413597b-22 entered promiscuous mode
Aug 27 15:53:03 gtw01 kernel: [ 9650.171709] device tapb0e1bcc0-d6 left promiscuous mode
Aug 27 15:53:03 gtw01 systemd-udevd[6523]: link_config: autonegotiation is unset or enabled, the speed and duplex are not writable.
Aug 27 15:53:03 gtw01 systemd-udevd[6523]: Could not generate persistent MAC address for qg-efcc647e-ff: No such file or directory
Aug 27 15:53:03 gtw01 kernel: [ 9650.416580] device qg-efcc647e-ff entered promiscuous mode
Aug 27 15:53:03 gtw01 dnsmasq[3859]: read /var/lib/neutron/dhcp/ed0be569-8e84-42d9-8ede-3592ebeda8d8/addn_hosts - 2 addresses
Aug 27 15:53:03 gtw01 dnsmasq-dhcp[3859]: read /var/lib/neutron/dhcp/ed0be569-8e84-42d9-8ede-3592ebeda8d8/host
Aug 27 15:53:03 gtw01 dnsmasq-dhcp[3859]: read /var/lib/neutron/dhcp/ed0be569-8e84-42d9-8ede-3592ebeda8d8/opts
Aug 27 15:53:05 gtw01 kernel: [ 9652.195463] device tap43544c29-c4 left promiscuous mode
Aug 27 15:53:05 gtw01 kernel: [ 9652.433042] device tap5d99803f-77 left promiscuous mode
Aug 27 15:53:06 gtw01 systemd-udevd[6775]: link_config: autonegotiation is unset or enabled, the speed and duplex are not writable.
Aug 27 15:53:06 gtw01 systemd-udevd[6775]: Could not generate persistent MAC address for qg-a891a42c-af: No such file or directory
Aug 27 15:53:06 gtw01 kernel: [ 9653.168283] device qg-a891a42c-af entered promiscuous mode
Aug 27 15:53:06 gtw01 kernel: [ 9653.748682] net_ratelimit: 65 callbacks suppressed
Aug 27 15:53:06 gtw01 kernel: [ 9653.748684] IPv4: martian source 192.168.120.1 from 192.168.120.1, on dev qr-2c1d4329-a0
Aug 27 15:53:06 gtw01 kernel: [ 9653.748688] ll header: 00000000: ff ff ff ff ff ff fa 16 3e 61 97 3f 08 06        ........>a.?..
Aug 27 15:53:06 gtw01 kernel: [ 9653.748690] IPv4: martian source 192.168.120.1 from 192.168.120.1, on dev qg-8a38f956-14
Aug 27 15:53:06 gtw01 kernel: [ 9653.748691] ll header: 00000000: ff ff ff ff ff ff fa 16 3e 61 97 3f 08 06        ........>a.?..
Aug 27 15:53:06 gtw01 kernel: [ 9653.748695] IPv4: martian source 192.168.120.1 from 192.168.120.1, on dev qr-5f0cc209-08
Aug 27 15:53:06 gtw01 kernel: [ 9653.748696] ll header: 00000000: ff ff ff ff ff ff fa 16 3e 61 97 3f 08 06        ........>a.?..
Aug 27 15:53:06 gtw01 kernel: [ 9653.748698] IPv4: martian source 192.168.120.1 from 192.168.120.1, on dev qg-933702a1-12
Aug 27 15:53:06 gtw01 kernel: [ 9653.748699] ll header: 00000000: ff ff ff ff ff ff fa 16 3e 61 97 3f 08 06        ........>a.?..
Aug 27 15:53:06 gtw01 kernel: [ 9653.748702] IPv4: martian source 192.168.120.1 from 192.168.120.1, on dev qr-2c9e92b6-82
Aug 27 15:53:06 gtw01 kernel: [ 9653.748703] ll header: 00000000: ff ff ff ff ff ff fa 16 3e 61 97 3f 08 06        ........>a.?..
Aug 27 15:53:06 gtw01 kernel: [ 9653.748706] IPv4: martian source 192.168.120.1 from 192.168.120.1, on dev qr-8e142d12-00
Aug 27 15:53:06 gtw01 kernel: [ 9653.748707] ll header: 00000000: ff ff ff ff ff ff fa 16 3e 61 97 3f 08 06        ........>a.?..
Aug 27 15:53:06 gtw01 kernel: [ 9653.748709] IPv4: martian source 192.168.120.1 from 192.168.120.1, on dev qg-8c2b4a2d-dd
Aug 27 15:53:06 gtw01 kernel: [ 9653.748710] ll header: 00000000: ff ff ff ff ff ff fa 16 3e 61 97 3f 08 06        ........>a.?..
Aug 27 15:53:06 gtw01 kernel: [ 9653.748711] IPv4: martian source 192.168.120.1 from 192.168.120.1, on dev qg-be59a153-9f
Aug 27 15:53:06 gtw01 kernel: [ 9653.748712] ll header: 00000000: ff ff ff ff ff ff fa 16 3e 61 97 3f 08 06        ........>a.?..
Aug 27 15:53:06 gtw01 kernel: [ 9653.748715] IPv4: martian source 192.168.120.1 from 192.168.120.1, on dev qr-1e19acf5-11
Aug 27 15:53:06 gtw01 kernel: [ 9653.748716] ll header: 00000000: ff ff ff ff ff ff fa 16 3e 61 97 3f 08 06        ........>a.?..
Aug 27 15:53:06 gtw01 kernel: [ 9653.748720] IPv4: martian source 192.168.120.1 from 192.168.120.1, on dev qr-d7451487-83
Aug 27 15:53:06 gtw01 kernel: [ 9653.748721] ll header: 00000000: ff ff ff ff ff ff fa 16 3e 61 97 3f 08 06        ........>a.?..
Aug 27 15:53:07 gtw01 kernel: [ 9654.398048] device qr-2c1d4329-a0 left promiscuous mode
Aug 27 15:53:09 gtw01 kernel: [ 9656.390950] device qg-8a38f956-14 left promiscuous mode
Aug 27 15:53:11 gtw01 kernel: [ 9658.810270] device qg-dff444ac-3e left promiscuous mode
Aug 27 15:53:12 gtw01 kernel: [ 9659.428884] net_ratelimit: 100 callbacks suppressed
Aug 27 15:53:12 gtw01 kernel: [ 9659.428885] IPv4: martian source 10.16.0.207 from 10.16.0.207, on dev qr-5f0cc209-08
Aug 27 15:53:12 gtw01 kernel: [ 9659.428888] ll header: 00000000: ff ff ff ff ff ff fa 16 3e e9 cb fa 08 06        ........>.....
