Aug 27 15:16:00 gtw01 systemd-udevd[22512]: link_config: autonegotiation is unset or enabled, the speed and duplex are not writable.
Aug 27 15:16:00 gtw01 systemd-udevd[22512]: Could not generate persistent MAC address for vxlan_sys_4789: No such file or directory
Aug 27 15:16:00 gtw01 kernel: [ 7427.593722] device vxlan_sys_4789 entered promiscuous mode
Aug 27 15:16:00 gtw01 dnsmasq[22258]: read /var/lib/neutron/dhcp/d11f8e33-0ab4-4754-b358-c51b79674c88/addn_hosts - 5 addresses
Aug 27 15:16:00 gtw01 dnsmasq-dhcp[22258]: read /var/lib/neutron/dhcp/d11f8e33-0ab4-4754-b358-c51b79674c88/host
Aug 27 15:16:00 gtw01 dnsmasq-dhcp[22258]: read /var/lib/neutron/dhcp/d11f8e33-0ab4-4754-b358-c51b79674c88/opts
Aug 27 15:16:01 gtw01 kernel: [ 7428.288726] device tapeb4203ed-af entered promiscuous mode
Aug 27 15:16:01 gtw01 systemd-udevd[22609]: link_config: autonegotiation is unset or enabled, the speed and duplex are not writable.
Aug 27 15:16:01 gtw01 systemd-udevd[22609]: Could not generate persistent MAC address for tapeb4203ed-af: No such file or directory
Aug 27 15:16:01 gtw01 systemd-udevd[22609]: Process '/sbin/ip link set tapeb4203ed-af txqueuelen 10000' failed with exit code 1.
Aug 27 15:16:01 gtw01 systemd-udevd[22609]: Process '/sbin/ip link set tapeb4203ed-af txqueuelen 10000' failed with exit code 1.
Aug 27 15:16:01 gtw01 dnsmasq[22258]: read /var/lib/neutron/dhcp/d11f8e33-0ab4-4754-b358-c51b79674c88/addn_hosts - 6 addresses
Aug 27 15:16:01 gtw01 dnsmasq-dhcp[22258]: read /var/lib/neutron/dhcp/d11f8e33-0ab4-4754-b358-c51b79674c88/host
Aug 27 15:16:01 gtw01 dnsmasq-dhcp[22258]: read /var/lib/neutron/dhcp/d11f8e33-0ab4-4754-b358-c51b79674c88/opts
Aug 27 15:16:02 gtw01 dnsmasq[22258]: read /var/lib/neutron/dhcp/d11f8e33-0ab4-4754-b358-c51b79674c88/addn_hosts - 7 addresses
Aug 27 15:16:02 gtw01 dnsmasq-dhcp[22258]: read /var/lib/neutron/dhcp/d11f8e33-0ab4-4754-b358-c51b79674c88/host
Aug 27 15:16:02 gtw01 dnsmasq-dhcp[22258]: read /var/lib/neutron/dhcp/d11f8e33-0ab4-4754-b358-c51b79674c88/opts
Aug 27 15:16:03 gtw01 dnsmasq[22258]: read /var/lib/neutron/dhcp/d11f8e33-0ab4-4754-b358-c51b79674c88/addn_hosts - 7 addresses
Aug 27 15:16:03 gtw01 dnsmasq-dhcp[22258]: read /var/lib/neutron/dhcp/d11f8e33-0ab4-4754-b358-c51b79674c88/host
Aug 27 15:16:03 gtw01 dnsmasq-dhcp[22258]: read /var/lib/neutron/dhcp/d11f8e33-0ab4-4754-b358-c51b79674c88/opts
Aug 27 15:16:04 gtw01 dnsmasq[22863]: started, version 2.79 cachesize 150
Aug 27 15:16:04 gtw01 dnsmasq[22863]: DNS service limited to local subnets
Aug 27 15:16:04 gtw01 dnsmasq[22863]: compile time options: IPv6 GNU-getopt DBus i18n IDN DHCP DHCPv6 no-Lua TFTP conntrack ipset auth DNSSEC loop-detect inotify
Aug 27 15:16:04 gtw01 dnsmasq[22863]: warning: no upstream servers configured
Aug 27 15:16:04 gtw01 dnsmasq-dhcp[22863]: DHCP, static leases only on 192.168.120.0, lease time 1h
Aug 27 15:16:04 gtw01 dnsmasq[22863]: read /var/lib/neutron/dhcp/2b256c1b-977f-49ed-96dc-ddb49b264d0e/addn_hosts - 1 addresses
Aug 27 15:16:04 gtw01 dnsmasq-dhcp[22863]: read /var/lib/neutron/dhcp/2b256c1b-977f-49ed-96dc-ddb49b264d0e/host
Aug 27 15:16:04 gtw01 dnsmasq-dhcp[22863]: read /var/lib/neutron/dhcp/2b256c1b-977f-49ed-96dc-ddb49b264d0e/opts
Aug 27 15:16:04 gtw01 dnsmasq[22258]: read /var/lib/neutron/dhcp/d11f8e33-0ab4-4754-b358-c51b79674c88/addn_hosts - 7 addresses
Aug 27 15:16:04 gtw01 dnsmasq-dhcp[22258]: read /var/lib/neutron/dhcp/d11f8e33-0ab4-4754-b358-c51b79674c88/host
Aug 27 15:16:04 gtw01 dnsmasq-dhcp[22258]: read /var/lib/neutron/dhcp/d11f8e33-0ab4-4754-b358-c51b79674c88/opts
Aug 27 15:16:04 gtw01 systemd-udevd[22883]: link_config: autonegotiation is unset or enabled, the speed and duplex are not writable.
Aug 27 15:16:04 gtw01 systemd-udevd[22883]: Could not generate persistent MAC address for tapbc92cd1c-36: No such file or directory
Aug 27 15:16:04 gtw01 kernel: [ 7431.965223] device tapbc92cd1c-36 entered promiscuous mode
Aug 27 15:16:05 gtw01 systemd-udevd[22883]: Process '/sbin/ip link set tapbc92cd1c-36 txqueuelen 10000' failed with exit code 1.
Aug 27 15:16:05 gtw01 systemd-udevd[22957]: Process '/sbin/ip link set tapbc92cd1c-36 txqueuelen 10000' failed with exit code 1.
Aug 27 15:16:05 gtw01 dnsmasq[22258]: read /var/lib/neutron/dhcp/d11f8e33-0ab4-4754-b358-c51b79674c88/addn_hosts - 7 addresses
Aug 27 15:16:05 gtw01 dnsmasq-dhcp[22258]: read /var/lib/neutron/dhcp/d11f8e33-0ab4-4754-b358-c51b79674c88/host
Aug 27 15:16:05 gtw01 dnsmasq-dhcp[22258]: read /var/lib/neutron/dhcp/d11f8e33-0ab4-4754-b358-c51b79674c88/opts
Aug 27 15:16:05 gtw01 kernel: [ 7432.766320] device tapeb4203ed-af left promiscuous mode
Aug 27 15:16:06 gtw01 kernel: [ 7433.783360] device tap3df7087e-cd left promiscuous mode
Aug 27 15:16:08 gtw01 dnsmasq[23102]: started, version 2.79 cachesize 150
Aug 27 15:16:08 gtw01 dnsmasq[23102]: DNS service limited to local subnets
Aug 27 15:16:08 gtw01 dnsmasq[23102]: compile time options: IPv6 GNU-getopt DBus i18n IDN DHCP DHCPv6 no-Lua TFTP conntrack ipset auth DNSSEC loop-detect inotify
Aug 27 15:16:08 gtw01 dnsmasq[23102]: warning: no upstream servers configured
Aug 27 15:16:08 gtw01 dnsmasq-dhcp[23102]: DHCP, static leases only on 192.168.120.0, lease time 1h
Aug 27 15:16:08 gtw01 dnsmasq[23102]: read /var/lib/neutron/dhcp/443a69c3-3c0f-4238-9e03-51fa7f800ba7/addn_hosts - 1 addresses
Aug 27 15:16:08 gtw01 dnsmasq-dhcp[23102]: read /var/lib/neutron/dhcp/443a69c3-3c0f-4238-9e03-51fa7f800ba7/host
Aug 27 15:16:08 gtw01 dnsmasq-dhcp[23102]: read /var/lib/neutron/dhcp/443a69c3-3c0f-4238-9e03-51fa7f800ba7/opts
Aug 27 15:16:08 gtw01 systemd-udevd[23123]: link_config: autonegotiation is unset or enabled, the speed and duplex are not writable.
Aug 27 15:16:08 gtw01 systemd-udevd[23123]: Could not generate persistent MAC address for tap26ba1ee3-b3: No such file or directory
Aug 27 15:16:08 gtw01 kernel: [ 7435.603724] device tap26ba1ee3-b3 entered promiscuous mode
Aug 27 15:16:08 gtw01 systemd-udevd[23123]: Process '/sbin/ip link set tap26ba1ee3-b3 txqueuelen 10000' failed with exit code 1.
Aug 27 15:16:08 gtw01 systemd-udevd[23123]: Process '/sbin/ip link set tap26ba1ee3-b3 txqueuelen 10000' failed with exit code 1.
Aug 27 15:16:09 gtw01 dnsmasq[23102]: read /var/lib/neutron/dhcp/443a69c3-3c0f-4238-9e03-51fa7f800ba7/addn_hosts - 1 addresses
Aug 27 15:16:09 gtw01 dnsmasq-dhcp[23102]: read /var/lib/neutron/dhcp/443a69c3-3c0f-4238-9e03-51fa7f800ba7/host
Aug 27 15:16:09 gtw01 dnsmasq-dhcp[23102]: read /var/lib/neutron/dhcp/443a69c3-3c0f-4238-9e03-51fa7f800ba7/opts
Aug 27 15:16:10 gtw01 dnsmasq[23102]: read /var/lib/neutron/dhcp/443a69c3-3c0f-4238-9e03-51fa7f800ba7/addn_hosts - 1 addresses
Aug 27 15:16:10 gtw01 dnsmasq-dhcp[23102]: read /var/lib/neutron/dhcp/443a69c3-3c0f-4238-9e03-51fa7f800ba7/host
Aug 27 15:16:10 gtw01 dnsmasq-dhcp[23102]: read /var/lib/neutron/dhcp/443a69c3-3c0f-4238-9e03-51fa7f800ba7/opts
Aug 27 15:16:10 gtw01 dnsmasq[23102]: read /var/lib/neutron/dhcp/443a69c3-3c0f-4238-9e03-51fa7f800ba7/addn_hosts - 2 addresses
Aug 27 15:16:10 gtw01 dnsmasq-dhcp[23102]: read /var/lib/neutron/dhcp/443a69c3-3c0f-4238-9e03-51fa7f800ba7/host
Aug 27 15:16:10 gtw01 dnsmasq-dhcp[23102]: read /var/lib/neutron/dhcp/443a69c3-3c0f-4238-9e03-51fa7f800ba7/opts
Aug 27 15:16:11 gtw01 dnsmasq[23327]: started, version 2.79 cachesize 150
Aug 27 15:16:11 gtw01 dnsmasq[23327]: DNS service limited to local subnets
Aug 27 15:16:11 gtw01 dnsmasq[23327]: compile time options: IPv6 GNU-getopt DBus i18n IDN DHCP DHCPv6 no-Lua TFTP conntrack ipset auth DNSSEC loop-detect inotify
Aug 27 15:16:11 gtw01 dnsmasq[23327]: warning: no upstream servers configured
Aug 27 15:16:11 gtw01 dnsmasq-dhcp[23327]: DHCP, static leases only on 192.168.120.0, lease time 1h
Aug 27 15:16:11 gtw01 dnsmasq[23327]: read /var/lib/neutron/dhcp/24881f96-7c2c-4004-94fe-1702acf18678/addn_hosts - 1 addresses
Aug 27 15:16:11 gtw01 dnsmasq-dhcp[23327]: read /var/lib/neutron/dhcp/24881f96-7c2c-4004-94fe-1702acf18678/host
Aug 27 15:16:11 gtw01 dnsmasq-dhcp[23327]: read /var/lib/neutron/dhcp/24881f96-7c2c-4004-94fe-1702acf18678/opts
Aug 27 15:16:12 gtw01 kernel: [ 7439.324997] device tapbc92cd1c-36 left promiscuous mode
Aug 27 15:16:12 gtw01 kernel: [ 7439.802335] device tap26ba1ee3-b3 left promiscuous mode
Aug 27 15:16:14 gtw01 kernel: [ 7441.506623] device tapa104917d-42 entered promiscuous mode
Aug 27 15:16:14 gtw01 systemd-udevd[23405]: link_config: autonegotiation is unset or enabled, the speed and duplex are not writable.
Aug 27 15:16:14 gtw01 systemd-udevd[23405]: Could not generate persistent MAC address for tapa104917d-42: No such file or directory
Aug 27 15:16:14 gtw01 systemd-udevd[23405]: Process '/sbin/ip link set tapa104917d-42 txqueuelen 10000' failed with exit code 1.
Aug 27 15:16:14 gtw01 systemd-udevd[23405]: Process '/sbin/ip link set tapa104917d-42 txqueuelen 10000' failed with exit code 1.
Aug 27 15:16:16 gtw01 systemd-udevd[23538]: link_config: autonegotiation is unset or enabled, the speed and duplex are not writable.
Aug 27 15:16:16 gtw01 systemd-udevd[23538]: Could not generate persistent MAC address for tapa4516915-cd: No such file or directory
Aug 27 15:16:16 gtw01 kernel: [ 7443.233953] device tapa4516915-cd entered promiscuous mode
Aug 27 15:16:16 gtw01 systemd-udevd[23603]: Process '/sbin/ip link set tapa4516915-cd txqueuelen 10000' failed with exit code 1.
Aug 27 15:16:17 gtw01 dnsmasq[23674]: started, version 2.79 cachesize 150
Aug 27 15:16:17 gtw01 dnsmasq[23674]: DNS service limited to local subnets
Aug 27 15:16:17 gtw01 dnsmasq[23674]: compile time options: IPv6 GNU-getopt DBus i18n IDN DHCP DHCPv6 no-Lua TFTP conntrack ipset auth DNSSEC loop-detect inotify
Aug 27 15:16:17 gtw01 dnsmasq[23674]: warning: no upstream servers configured
Aug 27 15:16:17 gtw01 dnsmasq-dhcp[23674]: DHCP, static leases only on 192.168.120.0, lease time 1h
Aug 27 15:16:17 gtw01 dnsmasq[23674]: read /var/lib/neutron/dhcp/48d417d9-e83b-450e-a5bf-dea96cd0dab6/addn_hosts - 1 addresses
Aug 27 15:16:17 gtw01 dnsmasq-dhcp[23674]: read /var/lib/neutron/dhcp/48d417d9-e83b-450e-a5bf-dea96cd0dab6/host
Aug 27 15:16:17 gtw01 dnsmasq-dhcp[23674]: read /var/lib/neutron/dhcp/48d417d9-e83b-450e-a5bf-dea96cd0dab6/opts
Aug 27 15:16:19 gtw01 dnsmasq[23674]: read /var/lib/neutron/dhcp/48d417d9-e83b-450e-a5bf-dea96cd0dab6/addn_hosts - 3 addresses
Aug 27 15:16:19 gtw01 dnsmasq-dhcp[23674]: read /var/lib/neutron/dhcp/48d417d9-e83b-450e-a5bf-dea96cd0dab6/host
Aug 27 15:16:19 gtw01 dnsmasq-dhcp[23674]: read /var/lib/neutron/dhcp/48d417d9-e83b-450e-a5bf-dea96cd0dab6/opts
Aug 27 15:16:19 gtw01 dnsmasq[23736]: started, version 2.79 cachesize 150
Aug 27 15:16:19 gtw01 dnsmasq[23736]: DNS service limited to local subnets
Aug 27 15:16:19 gtw01 dnsmasq[23736]: compile time options: IPv6 GNU-getopt DBus i18n IDN DHCP DHCPv6 no-Lua TFTP conntrack ipset auth DNSSEC loop-detect inotify
Aug 27 15:16:19 gtw01 dnsmasq[23736]: warning: no upstream servers configured
Aug 27 15:16:19 gtw01 dnsmasq-dhcp[23736]: DHCP, static leases only on 192.168.120.0, lease time 1h
Aug 27 15:16:19 gtw01 dnsmasq[23736]: read /var/lib/neutron/dhcp/8708e094-f7dc-4e70-9e9e-ccdf60d7dc03/addn_hosts - 1 addresses
Aug 27 15:16:19 gtw01 dnsmasq-dhcp[23736]: read /var/lib/neutron/dhcp/8708e094-f7dc-4e70-9e9e-ccdf60d7dc03/host
Aug 27 15:16:19 gtw01 dnsmasq-dhcp[23736]: read /var/lib/neutron/dhcp/8708e094-f7dc-4e70-9e9e-ccdf60d7dc03/opts
Aug 27 15:16:19 gtw01 dnsmasq[23674]: read /var/lib/neutron/dhcp/48d417d9-e83b-450e-a5bf-dea96cd0dab6/addn_hosts - 3 addresses
Aug 27 15:16:19 gtw01 dnsmasq-dhcp[23674]: read /var/lib/neutron/dhcp/48d417d9-e83b-450e-a5bf-dea96cd0dab6/host
Aug 27 15:16:19 gtw01 dnsmasq-dhcp[23674]: read /var/lib/neutron/dhcp/48d417d9-e83b-450e-a5bf-dea96cd0dab6/opts
Aug 27 15:16:20 gtw01 dnsmasq[23736]: read /var/lib/neutron/dhcp/8708e094-f7dc-4e70-9e9e-ccdf60d7dc03/addn_hosts - 1 addresses
Aug 27 15:16:20 gtw01 dnsmasq-dhcp[23736]: read /var/lib/neutron/dhcp/8708e094-f7dc-4e70-9e9e-ccdf60d7dc03/host
Aug 27 15:16:20 gtw01 dnsmasq-dhcp[23736]: read /var/lib/neutron/dhcp/8708e094-f7dc-4e70-9e9e-ccdf60d7dc03/opts
Aug 27 15:16:20 gtw01 dnsmasq[23674]: read /var/lib/neutron/dhcp/48d417d9-e83b-450e-a5bf-dea96cd0dab6/addn_hosts - 3 addresses
Aug 27 15:16:20 gtw01 dnsmasq-dhcp[23674]: read /var/lib/neutron/dhcp/48d417d9-e83b-450e-a5bf-dea96cd0dab6/host
Aug 27 15:16:20 gtw01 dnsmasq-dhcp[23674]: read /var/lib/neutron/dhcp/48d417d9-e83b-450e-a5bf-dea96cd0dab6/opts
Aug 27 15:16:21 gtw01 dnsmasq[23736]: read /var/lib/neutron/dhcp/8708e094-f7dc-4e70-9e9e-ccdf60d7dc03/addn_hosts - 1 addresses
Aug 27 15:16:21 gtw01 dnsmasq-dhcp[23736]: read /var/lib/neutron/dhcp/8708e094-f7dc-4e70-9e9e-ccdf60d7dc03/host
Aug 27 15:16:21 gtw01 dnsmasq-dhcp[23736]: read /var/lib/neutron/dhcp/8708e094-f7dc-4e70-9e9e-ccdf60d7dc03/opts
Aug 27 15:16:21 gtw01 dnsmasq[23674]: read /var/lib/neutron/dhcp/48d417d9-e83b-450e-a5bf-dea96cd0dab6/addn_hosts - 4 addresses
Aug 27 15:16:21 gtw01 dnsmasq-dhcp[23674]: read /var/lib/neutron/dhcp/48d417d9-e83b-450e-a5bf-dea96cd0dab6/host
Aug 27 15:16:21 gtw01 dnsmasq-dhcp[23674]: read /var/lib/neutron/dhcp/48d417d9-e83b-450e-a5bf-dea96cd0dab6/opts
Aug 27 15:16:22 gtw01 dnsmasq[23736]: read /var/lib/neutron/dhcp/8708e094-f7dc-4e70-9e9e-ccdf60d7dc03/addn_hosts - 2 addresses
Aug 27 15:16:22 gtw01 dnsmasq-dhcp[23736]: read /var/lib/neutron/dhcp/8708e094-f7dc-4e70-9e9e-ccdf60d7dc03/host
Aug 27 15:16:22 gtw01 dnsmasq-dhcp[23736]: read /var/lib/neutron/dhcp/8708e094-f7dc-4e70-9e9e-ccdf60d7dc03/opts
Aug 27 15:16:22 gtw01 kernel: [ 7449.256677] device tap97e29a1e-77 entered promiscuous mode
Aug 27 15:16:22 gtw01 systemd-udevd[23864]: link_config: autonegotiation is unset or enabled, the speed and duplex are not writable.
Aug 27 15:16:22 gtw01 systemd-udevd[23864]: Could not generate persistent MAC address for tap97e29a1e-77: No such file or directory
Aug 27 15:16:22 gtw01 systemd-udevd[23864]: Process '/sbin/ip link set tap97e29a1e-77 txqueuelen 10000' failed with exit code 1.
Aug 27 15:16:22 gtw01 systemd-udevd[23864]: Process '/sbin/ip link set tap97e29a1e-77 txqueuelen 10000' failed with exit code 1.
Aug 27 15:16:22 gtw01 dnsmasq[23674]: read /var/lib/neutron/dhcp/48d417d9-e83b-450e-a5bf-dea96cd0dab6/addn_hosts - 5 addresses
Aug 27 15:16:22 gtw01 dnsmasq-dhcp[23674]: read /var/lib/neutron/dhcp/48d417d9-e83b-450e-a5bf-dea96cd0dab6/host
Aug 27 15:16:22 gtw01 dnsmasq-dhcp[23674]: read /var/lib/neutron/dhcp/48d417d9-e83b-450e-a5bf-dea96cd0dab6/opts
Aug 27 15:16:23 gtw01 dnsmasq[23736]: read /var/lib/neutron/dhcp/8708e094-f7dc-4e70-9e9e-ccdf60d7dc03/addn_hosts - 2 addresses
Aug 27 15:16:23 gtw01 dnsmasq-dhcp[23736]: read /var/lib/neutron/dhcp/8708e094-f7dc-4e70-9e9e-ccdf60d7dc03/host
Aug 27 15:16:23 gtw01 dnsmasq-dhcp[23736]: read /var/lib/neutron/dhcp/8708e094-f7dc-4e70-9e9e-ccdf60d7dc03/opts
Aug 27 15:16:23 gtw01 dnsmasq[23674]: read /var/lib/neutron/dhcp/48d417d9-e83b-450e-a5bf-dea96cd0dab6/addn_hosts - 5 addresses
Aug 27 15:16:23 gtw01 dnsmasq-dhcp[23674]: read /var/lib/neutron/dhcp/48d417d9-e83b-450e-a5bf-dea96cd0dab6/host
Aug 27 15:16:23 gtw01 dnsmasq-dhcp[23674]: read /var/lib/neutron/dhcp/48d417d9-e83b-450e-a5bf-dea96cd0dab6/opts
Aug 27 15:16:24 gtw01 dnsmasq[23736]: read /var/lib/neutron/dhcp/8708e094-f7dc-4e70-9e9e-ccdf60d7dc03/addn_hosts - 2 addresses
Aug 27 15:16:24 gtw01 dnsmasq-dhcp[23736]: read /var/lib/neutron/dhcp/8708e094-f7dc-4e70-9e9e-ccdf60d7dc03/host
Aug 27 15:16:24 gtw01 dnsmasq-dhcp[23736]: read /var/lib/neutron/dhcp/8708e094-f7dc-4e70-9e9e-ccdf60d7dc03/opts
Aug 27 15:16:24 gtw01 dnsmasq[23674]: read /var/lib/neutron/dhcp/48d417d9-e83b-450e-a5bf-dea96cd0dab6/addn_hosts - 6 addresses
Aug 27 15:16:24 gtw01 dnsmasq-dhcp[23674]: read /var/lib/neutron/dhcp/48d417d9-e83b-450e-a5bf-dea96cd0dab6/host
Aug 27 15:16:24 gtw01 dnsmasq-dhcp[23674]: read /var/lib/neutron/dhcp/48d417d9-e83b-450e-a5bf-dea96cd0dab6/opts
Aug 27 15:16:25 gtw01 kernel: [ 7452.490674] device tapa4516915-cd left promiscuous mode
Aug 27 15:16:25 gtw01 dnsmasq[23674]: read /var/lib/neutron/dhcp/48d417d9-e83b-450e-a5bf-dea96cd0dab6/addn_hosts - 6 addresses
Aug 27 15:16:25 gtw01 dnsmasq-dhcp[23674]: read /var/lib/neutron/dhcp/48d417d9-e83b-450e-a5bf-dea96cd0dab6/host
Aug 27 15:16:25 gtw01 dnsmasq-dhcp[23674]: read /var/lib/neutron/dhcp/48d417d9-e83b-450e-a5bf-dea96cd0dab6/opts
Aug 27 15:16:25 gtw01 dnsmasq[24110]: started, version 2.79 cachesize 150
Aug 27 15:16:25 gtw01 dnsmasq[24110]: DNS service limited to local subnets
Aug 27 15:16:25 gtw01 dnsmasq[24110]: compile time options: IPv6 GNU-getopt DBus i18n IDN DHCP DHCPv6 no-Lua TFTP conntrack ipset auth DNSSEC loop-detect inotify
Aug 27 15:16:25 gtw01 dnsmasq[24110]: warning: no upstream servers configured
Aug 27 15:16:25 gtw01 dnsmasq-dhcp[24110]: DHCP, static leases only on 192.168.120.0, lease time 1h
Aug 27 15:16:25 gtw01 dnsmasq[24110]: read /var/lib/neutron/dhcp/54cccbc0-0ef2-43db-bc6c-e0b5da19da71/addn_hosts - 1 addresses
Aug 27 15:16:25 gtw01 dnsmasq-dhcp[24110]: read /var/lib/neutron/dhcp/54cccbc0-0ef2-43db-bc6c-e0b5da19da71/host
Aug 27 15:16:25 gtw01 dnsmasq-dhcp[24110]: read /var/lib/neutron/dhcp/54cccbc0-0ef2-43db-bc6c-e0b5da19da71/opts
Aug 27 15:16:26 gtw01 dnsmasq[24110]: read /var/lib/neutron/dhcp/54cccbc0-0ef2-43db-bc6c-e0b5da19da71/addn_hosts - 1 addresses
Aug 27 15:16:26 gtw01 dnsmasq[23674]: read /var/lib/neutron/dhcp/48d417d9-e83b-450e-a5bf-dea96cd0dab6/addn_hosts - 6 addresses
Aug 27 15:16:26 gtw01 dnsmasq-dhcp[24110]: read /var/lib/neutron/dhcp/54cccbc0-0ef2-43db-bc6c-e0b5da19da71/host
Aug 27 15:16:26 gtw01 dnsmasq-dhcp[24110]: read /var/lib/neutron/dhcp/54cccbc0-0ef2-43db-bc6c-e0b5da19da71/opts
Aug 27 15:16:26 gtw01 dnsmasq-dhcp[23674]: read /var/lib/neutron/dhcp/48d417d9-e83b-450e-a5bf-dea96cd0dab6/host
Aug 27 15:16:26 gtw01 dnsmasq-dhcp[23674]: read /var/lib/neutron/dhcp/48d417d9-e83b-450e-a5bf-dea96cd0dab6/opts
Aug 27 15:16:27 gtw01 dnsmasq[24110]: read /var/lib/neutron/dhcp/54cccbc0-0ef2-43db-bc6c-e0b5da19da71/addn_hosts - 1 addresses
Aug 27 15:16:27 gtw01 dnsmasq-dhcp[24110]: read /var/lib/neutron/dhcp/54cccbc0-0ef2-43db-bc6c-e0b5da19da71/host
Aug 27 15:16:27 gtw01 dnsmasq-dhcp[24110]: read /var/lib/neutron/dhcp/54cccbc0-0ef2-43db-bc6c-e0b5da19da71/opts
Aug 27 15:16:27 gtw01 dnsmasq[23674]: read /var/lib/neutron/dhcp/48d417d9-e83b-450e-a5bf-dea96cd0dab6/addn_hosts - 6 addresses
Aug 27 15:16:27 gtw01 dnsmasq-dhcp[23674]: read /var/lib/neutron/dhcp/48d417d9-e83b-450e-a5bf-dea96cd0dab6/host
Aug 27 15:16:27 gtw01 dnsmasq-dhcp[23674]: read /var/lib/neutron/dhcp/48d417d9-e83b-450e-a5bf-dea96cd0dab6/opts
Aug 27 15:16:28 gtw01 dnsmasq[24110]: read /var/lib/neutron/dhcp/54cccbc0-0ef2-43db-bc6c-e0b5da19da71/addn_hosts - 2 addresses
Aug 27 15:16:28 gtw01 dnsmasq-dhcp[24110]: read /var/lib/neutron/dhcp/54cccbc0-0ef2-43db-bc6c-e0b5da19da71/host
Aug 27 15:16:28 gtw01 dnsmasq-dhcp[24110]: read /var/lib/neutron/dhcp/54cccbc0-0ef2-43db-bc6c-e0b5da19da71/opts
Aug 27 15:16:28 gtw01 dnsmasq[23674]: read /var/lib/neutron/dhcp/48d417d9-e83b-450e-a5bf-dea96cd0dab6/addn_hosts - 7 addresses
Aug 27 15:16:28 gtw01 dnsmasq[23674]: duplicate dhcp-host IP address 192.168.120.4 at line 7 of /var/lib/neutron/dhcp/48d417d9-e83b-450e-a5bf-dea96cd0dab6/host
Aug 27 15:16:28 gtw01 dnsmasq-dhcp[23674]: read /var/lib/neutron/dhcp/48d417d9-e83b-450e-a5bf-dea96cd0dab6/host
Aug 27 15:16:28 gtw01 dnsmasq-dhcp[23674]: read /var/lib/neutron/dhcp/48d417d9-e83b-450e-a5bf-dea96cd0dab6/opts
Aug 27 15:16:28 gtw01 systemd-udevd[24258]: link_config: autonegotiation is unset or enabled, the speed and duplex are not writable.
Aug 27 15:16:28 gtw01 systemd-udevd[24258]: Could not generate persistent MAC address for tap06fd2dd3-ea: No such file or directory
Aug 27 15:16:28 gtw01 kernel: [ 7455.962439] device tap06fd2dd3-ea entered promiscuous mode
Aug 27 15:16:29 gtw01 systemd-udevd[24258]: Process '/sbin/ip link set tap06fd2dd3-ea txqueuelen 10000' failed with exit code 1.
Aug 27 15:16:29 gtw01 systemd-udevd[24342]: Process '/sbin/ip link set tap06fd2dd3-ea txqueuelen 10000' failed with exit code 1.
Aug 27 15:16:29 gtw01 dnsmasq[24110]: read /var/lib/neutron/dhcp/54cccbc0-0ef2-43db-bc6c-e0b5da19da71/addn_hosts - 2 addresses
Aug 27 15:16:29 gtw01 dnsmasq-dhcp[24110]: read /var/lib/neutron/dhcp/54cccbc0-0ef2-43db-bc6c-e0b5da19da71/host
Aug 27 15:16:29 gtw01 dnsmasq-dhcp[24110]: read /var/lib/neutron/dhcp/54cccbc0-0ef2-43db-bc6c-e0b5da19da71/opts
Aug 27 15:16:29 gtw01 kernel: [ 7456.653227] device tapa104917d-42 left promiscuous mode
Aug 27 15:16:30 gtw01 kernel: [ 7457.597419] device tap97e29a1e-77 left promiscuous mode
Aug 27 15:16:32 gtw01 dnsmasq[24456]: started, version 2.79 cachesize 150
Aug 27 15:16:32 gtw01 dnsmasq[24456]: DNS service limited to local subnets
Aug 27 15:16:32 gtw01 dnsmasq[24456]: compile time options: IPv6 GNU-getopt DBus i18n IDN DHCP DHCPv6 no-Lua TFTP conntrack ipset auth DNSSEC loop-detect inotify
Aug 27 15:16:32 gtw01 dnsmasq[24456]: warning: no upstream servers configured
Aug 27 15:16:32 gtw01 dnsmasq-dhcp[24456]: DHCP, static leases only on 192.168.120.0, lease time 1h
Aug 27 15:16:32 gtw01 dnsmasq[24456]: read /var/lib/neutron/dhcp/762a5ff5-c2ca-4f1a-87da-5f5d80c9b65f/addn_hosts - 1 addresses
Aug 27 15:16:32 gtw01 dnsmasq-dhcp[24456]: read /var/lib/neutron/dhcp/762a5ff5-c2ca-4f1a-87da-5f5d80c9b65f/host
Aug 27 15:16:32 gtw01 dnsmasq-dhcp[24456]: read /var/lib/neutron/dhcp/762a5ff5-c2ca-4f1a-87da-5f5d80c9b65f/opts
Aug 27 15:16:33 gtw01 kernel: [ 7460.415020] device tap06fd2dd3-ea left promiscuous mode
Aug 27 15:16:36 gtw01 systemd-udevd[24530]: link_config: autonegotiation is unset or enabled, the speed and duplex are not writable.
Aug 27 15:16:36 gtw01 systemd-udevd[24530]: Could not generate persistent MAC address for tap06fd2dd3-ea: No such file or directory
Aug 27 15:16:36 gtw01 kernel: [ 7463.029622] device tap06fd2dd3-ea entered promiscuous mode
Aug 27 15:16:36 gtw01 systemd-udevd[24530]: Process '/sbin/ip link set tap06fd2dd3-ea txqueuelen 10000' failed with exit code 1.
Aug 27 15:16:36 gtw01 systemd-udevd[24605]: Process '/sbin/ip link set tap06fd2dd3-ea txqueuelen 10000' failed with exit code 1.
Aug 27 15:16:36 gtw01 systemd-udevd[24624]: link_config: autonegotiation is unset or enabled, the speed and duplex are not writable.
Aug 27 15:16:36 gtw01 systemd-udevd[24624]: Could not generate persistent MAC address for tap77574292-12: No such file or directory
Aug 27 15:16:36 gtw01 kernel: [ 7463.394640] device tap77574292-12 entered promiscuous mode
Aug 27 15:16:36 gtw01 systemd-udevd[24624]: Process '/sbin/ip link set tap77574292-12 txqueuelen 10000' failed with exit code 1.
Aug 27 15:16:36 gtw01 systemd-udevd[24624]: Process '/sbin/ip link set tap77574292-12 txqueuelen 10000' failed with exit code 1.
Aug 27 15:16:38 gtw01 dnsmasq[24753]: started, version 2.79 cachesize 150
Aug 27 15:16:38 gtw01 dnsmasq[24753]: DNS service limited to local subnets
Aug 27 15:16:38 gtw01 dnsmasq[24753]: compile time options: IPv6 GNU-getopt DBus i18n IDN DHCP DHCPv6 no-Lua TFTP conntrack ipset auth DNSSEC loop-detect inotify
Aug 27 15:16:38 gtw01 dnsmasq[24753]: warning: no upstream servers configured
Aug 27 15:16:38 gtw01 dnsmasq-dhcp[24753]: DHCP, static leases only on 192.168.120.16, lease time 1h
Aug 27 15:16:38 gtw01 dnsmasq[24753]: read /var/lib/neutron/dhcp/762a5ff5-c2ca-4f1a-87da-5f5d80c9b65f/addn_hosts - 1 addresses
Aug 27 15:16:38 gtw01 dnsmasq-dhcp[24753]: read /var/lib/neutron/dhcp/762a5ff5-c2ca-4f1a-87da-5f5d80c9b65f/host
Aug 27 15:16:38 gtw01 dnsmasq-dhcp[24753]: read /var/lib/neutron/dhcp/762a5ff5-c2ca-4f1a-87da-5f5d80c9b65f/opts
Aug 27 15:16:39 gtw01 dnsmasq[24836]: started, version 2.79 cachesize 150
Aug 27 15:16:39 gtw01 dnsmasq[24836]: DNS service limited to local subnets
Aug 27 15:16:39 gtw01 dnsmasq[24836]: compile time options: IPv6 GNU-getopt DBus i18n IDN DHCP DHCPv6 no-Lua TFTP conntrack ipset auth DNSSEC loop-detect inotify
Aug 27 15:16:39 gtw01 dnsmasq[24836]: warning: no upstream servers configured
Aug 27 15:16:39 gtw01 dnsmasq-dhcp[24836]: DHCP, static leases only on 192.168.120.0, lease time 1h
Aug 27 15:16:39 gtw01 dnsmasq[24836]: read /var/lib/neutron/dhcp/7cbc40f0-bfe5-4e33-94f0-619db9727e37/addn_hosts - 1 addresses
Aug 27 15:16:39 gtw01 dnsmasq-dhcp[24836]: read /var/lib/neutron/dhcp/7cbc40f0-bfe5-4e33-94f0-619db9727e37/host
Aug 27 15:16:39 gtw01 dnsmasq-dhcp[24836]: read /var/lib/neutron/dhcp/7cbc40f0-bfe5-4e33-94f0-619db9727e37/opts
Aug 27 15:16:39 gtw01 systemd-udevd[24849]: link_config: autonegotiation is unset or enabled, the speed and duplex are not writable.
Aug 27 15:16:39 gtw01 systemd-udevd[24849]: Could not generate persistent MAC address for qr-c47715df-b3: No such file or directory
Aug 27 15:16:39 gtw01 kernel: [ 7466.729992] device qr-c47715df-b3 entered promiscuous mode
Aug 27 15:16:40 gtw01 kernel: [ 7467.119426] device tapd3fb490c-21 entered promiscuous mode
Aug 27 15:16:40 gtw01 systemd-udevd[24945]: link_config: autonegotiation is unset or enabled, the speed and duplex are not writable.
Aug 27 15:16:40 gtw01 systemd-udevd[24945]: Could not generate persistent MAC address for tapd3fb490c-21: No such file or directory
Aug 27 15:16:40 gtw01 systemd-udevd[25020]: Process '/sbin/ip link set tapd3fb490c-21 txqueuelen 10000' failed with exit code 1.
Aug 27 15:16:40 gtw01 dnsmasq[24836]: read /var/lib/neutron/dhcp/7cbc40f0-bfe5-4e33-94f0-619db9727e37/addn_hosts - 2 addresses
Aug 27 15:16:40 gtw01 dnsmasq-dhcp[24836]: read /var/lib/neutron/dhcp/7cbc40f0-bfe5-4e33-94f0-619db9727e37/host
Aug 27 15:16:40 gtw01 dnsmasq-dhcp[24836]: read /var/lib/neutron/dhcp/7cbc40f0-bfe5-4e33-94f0-619db9727e37/opts
Aug 27 15:16:42 gtw01 systemd-udevd[25159]: link_config: autonegotiation is unset or enabled, the speed and duplex are not writable.
Aug 27 15:16:42 gtw01 systemd-udevd[25159]: Could not generate persistent MAC address for tap312e0c30-51: No such file or directory
Aug 27 15:16:42 gtw01 kernel: [ 7469.206765] device tap312e0c30-51 entered promiscuous mode
Aug 27 15:16:42 gtw01 dnsmasq[24836]: read /var/lib/neutron/dhcp/7cbc40f0-bfe5-4e33-94f0-619db9727e37/addn_hosts - 2 addresses
Aug 27 15:16:42 gtw01 dnsmasq-dhcp[24836]: read /var/lib/neutron/dhcp/7cbc40f0-bfe5-4e33-94f0-619db9727e37/host
Aug 27 15:16:42 gtw01 dnsmasq-dhcp[24836]: read /var/lib/neutron/dhcp/7cbc40f0-bfe5-4e33-94f0-619db9727e37/opts
Aug 27 15:16:42 gtw01 systemd-udevd[25159]: Process '/sbin/ip link set tap312e0c30-51 txqueuelen 10000' failed with exit code 1.
Aug 27 15:16:42 gtw01 systemd-udevd[25159]: Process '/sbin/ip link set tap312e0c30-51 txqueuelen 10000' failed with exit code 1.
Aug 27 15:16:42 gtw01 dnsmasq[25264]: started, version 2.79 cachesize 150
Aug 27 15:16:42 gtw01 dnsmasq[25264]: DNS service limited to local subnets
Aug 27 15:16:42 gtw01 dnsmasq[25264]: compile time options: IPv6 GNU-getopt DBus i18n IDN DHCP DHCPv6 no-Lua TFTP conntrack ipset auth DNSSEC loop-detect inotify
Aug 27 15:16:42 gtw01 dnsmasq[25264]: warning: no upstream servers configured
Aug 27 15:16:42 gtw01 dnsmasq-dhcp[25264]: DHCP, static leases only on 192.168.120.32, lease time 1h
Aug 27 15:16:42 gtw01 dnsmasq-dhcp[25264]: DHCP, static leases only on 192.168.120.16, lease time 1h
Aug 27 15:16:42 gtw01 dnsmasq-dhcp[25264]: DHCP, static leases only on 192.168.120.0, lease time 1h
Aug 27 15:16:42 gtw01 dnsmasq[25264]: read /var/lib/neutron/dhcp/762a5ff5-c2ca-4f1a-87da-5f5d80c9b65f/addn_hosts - 4 addresses
Aug 27 15:16:42 gtw01 dnsmasq-dhcp[25264]: read /var/lib/neutron/dhcp/762a5ff5-c2ca-4f1a-87da-5f5d80c9b65f/host
Aug 27 15:16:42 gtw01 dnsmasq-dhcp[25264]: read /var/lib/neutron/dhcp/762a5ff5-c2ca-4f1a-87da-5f5d80c9b65f/opts
Aug 27 15:16:43 gtw01 dnsmasq[24836]: read /var/lib/neutron/dhcp/7cbc40f0-bfe5-4e33-94f0-619db9727e37/addn_hosts - 2 addresses
Aug 27 15:16:43 gtw01 dnsmasq-dhcp[24836]: read /var/lib/neutron/dhcp/7cbc40f0-bfe5-4e33-94f0-619db9727e37/host
Aug 27 15:16:43 gtw01 dnsmasq-dhcp[24836]: read /var/lib/neutron/dhcp/7cbc40f0-bfe5-4e33-94f0-619db9727e37/opts
Aug 27 15:16:43 gtw01 dnsmasq-dhcp[25264]: DHCPRELEASE(tap06fd2dd3-ea) 192.168.120.2 fa:16:3e:76:57:3d unknown lease
Aug 27 15:16:44 gtw01 dnsmasq-dhcp[25264]: DHCPRELEASE(tap06fd2dd3-ea) 192.168.120.12 fa:16:3e:6c:f5:d1
Aug 27 15:16:44 gtw01 dnsmasq[25366]: started, version 2.79 cachesize 150
Aug 27 15:16:44 gtw01 dnsmasq[25366]: DNS service limited to local subnets
Aug 27 15:16:44 gtw01 dnsmasq[25366]: compile time options: IPv6 GNU-getopt DBus i18n IDN DHCP DHCPv6 no-Lua TFTP conntrack ipset auth DNSSEC loop-detect inotify
Aug 27 15:16:44 gtw01 dnsmasq[25366]: warning: no upstream servers configured
Aug 27 15:16:44 gtw01 dnsmasq-dhcp[25366]: DHCP, static leases only on 192.168.121.0, lease time 1h
Aug 27 15:16:44 gtw01 dnsmasq[25366]: read /var/lib/neutron/dhcp/9ed05f14-1618-4114-b572-0c69ddcf88e5/addn_hosts - 1 addresses
Aug 27 15:16:44 gtw01 dnsmasq-dhcp[25366]: read /var/lib/neutron/dhcp/9ed05f14-1618-4114-b572-0c69ddcf88e5/host
Aug 27 15:16:44 gtw01 dnsmasq-dhcp[25366]: read /var/lib/neutron/dhcp/9ed05f14-1618-4114-b572-0c69ddcf88e5/opts
Aug 27 15:16:44 gtw01 dnsmasq[24836]: read /var/lib/neutron/dhcp/7cbc40f0-bfe5-4e33-94f0-619db9727e37/addn_hosts - 2 addresses
Aug 27 15:16:44 gtw01 dnsmasq-dhcp[24836]: read /var/lib/neutron/dhcp/7cbc40f0-bfe5-4e33-94f0-619db9727e37/host
Aug 27 15:16:44 gtw01 dnsmasq-dhcp[24836]: read /var/lib/neutron/dhcp/7cbc40f0-bfe5-4e33-94f0-619db9727e37/opts
Aug 27 15:16:44 gtw01 dnsmasq-dhcp[25264]: DHCPRELEASE(tap06fd2dd3-ea) 192.168.120.2 fa:16:3e:76:57:3d unknown lease
Aug 27 15:16:45 gtw01 systemd-udevd[25441]: link_config: autonegotiation is unset or enabled, the speed and duplex are not writable.
Aug 27 15:16:45 gtw01 systemd-udevd[25441]: Could not generate persistent MAC address for tapbeaab0b7-5f: No such file or directory
Aug 27 15:16:45 gtw01 kernel: [ 7472.233887] device tapbeaab0b7-5f entered promiscuous mode
Aug 27 15:16:45 gtw01 systemd-udevd[25441]: Process '/sbin/ip link set tapbeaab0b7-5f txqueuelen 10000' failed with exit code 1.
Aug 27 15:16:45 gtw01 systemd-udevd[25441]: Process '/sbin/ip link set tapbeaab0b7-5f txqueuelen 10000' failed with exit code 1.
Aug 27 15:16:45 gtw01 dnsmasq[25366]: read /var/lib/neutron/dhcp/9ed05f14-1618-4114-b572-0c69ddcf88e5/addn_hosts - 2 addresses
Aug 27 15:16:45 gtw01 dnsmasq-dhcp[25366]: read /var/lib/neutron/dhcp/9ed05f14-1618-4114-b572-0c69ddcf88e5/host
Aug 27 15:16:45 gtw01 dnsmasq-dhcp[25366]: read /var/lib/neutron/dhcp/9ed05f14-1618-4114-b572-0c69ddcf88e5/opts
Aug 27 15:16:45 gtw01 dnsmasq-dhcp[25264]: DHCPRELEASE(tap06fd2dd3-ea) 192.168.120.2 fa:16:3e:76:57:3d unknown lease
Aug 27 15:16:46 gtw01 dnsmasq[24836]: read /var/lib/neutron/dhcp/7cbc40f0-bfe5-4e33-94f0-619db9727e37/addn_hosts - 2 addresses
Aug 27 15:16:46 gtw01 dnsmasq-dhcp[24836]: read /var/lib/neutron/dhcp/7cbc40f0-bfe5-4e33-94f0-619db9727e37/host
Aug 27 15:16:46 gtw01 dnsmasq-dhcp[24836]: read /var/lib/neutron/dhcp/7cbc40f0-bfe5-4e33-94f0-619db9727e37/opts
Aug 27 15:16:46 gtw01 dnsmasq[25264]: read /var/lib/neutron/dhcp/762a5ff5-c2ca-4f1a-87da-5f5d80c9b65f/addn_hosts - 2 addresses
Aug 27 15:16:46 gtw01 dnsmasq-dhcp[25264]: read /var/lib/neutron/dhcp/762a5ff5-c2ca-4f1a-87da-5f5d80c9b65f/host
Aug 27 15:16:46 gtw01 dnsmasq-dhcp[25264]: read /var/lib/neutron/dhcp/762a5ff5-c2ca-4f1a-87da-5f5d80c9b65f/opts
Aug 27 15:16:46 gtw01 dnsmasq[25613]: started, version 2.79 cachesize 150
Aug 27 15:16:46 gtw01 dnsmasq[25613]: DNS service limited to local subnets
Aug 27 15:16:46 gtw01 dnsmasq[25613]: compile time options: IPv6 GNU-getopt DBus i18n IDN DHCP DHCPv6 no-Lua TFTP conntrack ipset auth DNSSEC loop-detect inotify
Aug 27 15:16:46 gtw01 dnsmasq[25613]: warning: no upstream servers configured
Aug 27 15:16:46 gtw01 dnsmasq-dhcp[25613]: DHCP, static leases only on 192.168.120.0, lease time 1h
Aug 27 15:16:46 gtw01 dnsmasq[25613]: read /var/lib/neutron/dhcp/f0e5aeb1-f075-436c-8ae2-5e2f6ef48daa/addn_hosts - 1 addresses
Aug 27 15:16:46 gtw01 dnsmasq-dhcp[25613]: read /var/lib/neutron/dhcp/f0e5aeb1-f075-436c-8ae2-5e2f6ef48daa/host
Aug 27 15:16:46 gtw01 dnsmasq-dhcp[25613]: read /var/lib/neutron/dhcp/f0e5aeb1-f075-436c-8ae2-5e2f6ef48daa/opts
Aug 27 15:16:47 gtw01 dnsmasq[25366]: read /var/lib/neutron/dhcp/9ed05f14-1618-4114-b572-0c69ddcf88e5/addn_hosts - 2 addresses
Aug 27 15:16:47 gtw01 dnsmasq-dhcp[25366]: read /var/lib/neutron/dhcp/9ed05f14-1618-4114-b572-0c69ddcf88e5/host
Aug 27 15:16:47 gtw01 dnsmasq-dhcp[25366]: read /var/lib/neutron/dhcp/9ed05f14-1618-4114-b572-0c69ddcf88e5/opts
Aug 27 15:16:47 gtw01 dnsmasq[24836]: read /var/lib/neutron/dhcp/7cbc40f0-bfe5-4e33-94f0-619db9727e37/addn_hosts - 2 addresses
Aug 27 15:16:47 gtw01 dnsmasq-dhcp[24836]: read /var/lib/neutron/dhcp/7cbc40f0-bfe5-4e33-94f0-619db9727e37/host
Aug 27 15:16:47 gtw01 dnsmasq-dhcp[24836]: read /var/lib/neutron/dhcp/7cbc40f0-bfe5-4e33-94f0-619db9727e37/opts
Aug 27 15:16:48 gtw01 kernel: [ 7475.130381] device tap312e0c30-51 left promiscuous mode
Aug 27 15:16:48 gtw01 dnsmasq[25366]: read /var/lib/neutron/dhcp/9ed05f14-1618-4114-b572-0c69ddcf88e5/addn_hosts - 2 addresses
Aug 27 15:16:48 gtw01 dnsmasq-dhcp[25366]: read /var/lib/neutron/dhcp/9ed05f14-1618-4114-b572-0c69ddcf88e5/host
Aug 27 15:16:48 gtw01 dnsmasq-dhcp[25366]: read /var/lib/neutron/dhcp/9ed05f14-1618-4114-b572-0c69ddcf88e5/opts
Aug 27 15:16:48 gtw01 kernel: [ 7475.265220] device tap06fd2dd3-ea left promiscuous mode
Aug 27 15:16:48 gtw01 dnsmasq[24836]: read /var/lib/neutron/dhcp/7cbc40f0-bfe5-4e33-94f0-619db9727e37/addn_hosts - 2 addresses
Aug 27 15:16:48 gtw01 dnsmasq-dhcp[24836]: read /var/lib/neutron/dhcp/7cbc40f0-bfe5-4e33-94f0-619db9727e37/host
Aug 27 15:16:48 gtw01 dnsmasq-dhcp[24836]: read /var/lib/neutron/dhcp/7cbc40f0-bfe5-4e33-94f0-619db9727e37/opts
Aug 27 15:16:48 gtw01 dnsmasq[25740]: started, version 2.79 cachesize 150
Aug 27 15:16:48 gtw01 dnsmasq[25740]: DNS service limited to local subnets
Aug 27 15:16:48 gtw01 dnsmasq[25740]: compile time options: IPv6 GNU-getopt DBus i18n IDN DHCP DHCPv6 no-Lua TFTP conntrack ipset auth DNSSEC loop-detect inotify
Aug 27 15:16:48 gtw01 dnsmasq[25740]: warning: no upstream servers configured
Aug 27 15:16:48 gtw01 dnsmasq-dhcp[25740]: DHCP, static leases only on 192.168.122.0, lease time 1h
Aug 27 15:16:49 gtw01 dnsmasq[25740]: read /var/lib/neutron/dhcp/26efec26-f48e-4d6a-8b45-8bd36cf83bee/addn_hosts - 1 addresses
Aug 27 15:16:49 gtw01 dnsmasq-dhcp[25740]: read /var/lib/neutron/dhcp/26efec26-f48e-4d6a-8b45-8bd36cf83bee/host
Aug 27 15:16:49 gtw01 dnsmasq-dhcp[25740]: read /var/lib/neutron/dhcp/26efec26-f48e-4d6a-8b45-8bd36cf83bee/opts
Aug 27 15:16:49 gtw01 dnsmasq[25366]: read /var/lib/neutron/dhcp/9ed05f14-1618-4114-b572-0c69ddcf88e5/addn_hosts - 2 addresses
Aug 27 15:16:49 gtw01 dnsmasq-dhcp[25366]: read /var/lib/neutron/dhcp/9ed05f14-1618-4114-b572-0c69ddcf88e5/host
Aug 27 15:16:49 gtw01 dnsmasq-dhcp[25366]: read /var/lib/neutron/dhcp/9ed05f14-1618-4114-b572-0c69ddcf88e5/opts
Aug 27 15:16:50 gtw01 dnsmasq[25366]: read /var/lib/neutron/dhcp/9ed05f14-1618-4114-b572-0c69ddcf88e5/addn_hosts - 2 addresses
Aug 27 15:16:50 gtw01 dnsmasq-dhcp[25366]: read /var/lib/neutron/dhcp/9ed05f14-1618-4114-b572-0c69ddcf88e5/host
Aug 27 15:16:50 gtw01 dnsmasq-dhcp[25366]: read /var/lib/neutron/dhcp/9ed05f14-1618-4114-b572-0c69ddcf88e5/opts
Aug 27 15:16:50 gtw01 dnsmasq[25740]: read /var/lib/neutron/dhcp/26efec26-f48e-4d6a-8b45-8bd36cf83bee/addn_hosts - 2 addresses
Aug 27 15:16:50 gtw01 dnsmasq-dhcp[25740]: read /var/lib/neutron/dhcp/26efec26-f48e-4d6a-8b45-8bd36cf83bee/host
Aug 27 15:16:50 gtw01 dnsmasq-dhcp[25740]: read /var/lib/neutron/dhcp/26efec26-f48e-4d6a-8b45-8bd36cf83bee/opts
Aug 27 15:16:50 gtw01 kernel: [ 7477.300231] device qr-d3d0798e-b9 entered promiscuous mode
Aug 27 15:16:50 gtw01 systemd-udevd[25808]: link_config: autonegotiation is unset or enabled, the speed and duplex are not writable.
Aug 27 15:16:50 gtw01 systemd-udevd[25808]: Could not generate persistent MAC address for qr-d3d0798e-b9: No such file or directory
Aug 27 15:16:51 gtw01 dnsmasq[25366]: read /var/lib/neutron/dhcp/9ed05f14-1618-4114-b572-0c69ddcf88e5/addn_hosts - 2 addresses
Aug 27 15:16:51 gtw01 dnsmasq-dhcp[25366]: read /var/lib/neutron/dhcp/9ed05f14-1618-4114-b572-0c69ddcf88e5/host
Aug 27 15:16:51 gtw01 dnsmasq-dhcp[25366]: read /var/lib/neutron/dhcp/9ed05f14-1618-4114-b572-0c69ddcf88e5/opts
Aug 27 15:16:51 gtw01 systemd-udevd[25938]: link_config: autonegotiation is unset or enabled, the speed and duplex are not writable.
Aug 27 15:16:51 gtw01 systemd-udevd[25938]: Could not generate persistent MAC address for tap76fc9c42-c2: No such file or directory
Aug 27 15:16:51 gtw01 kernel: [ 7478.204845] device tap76fc9c42-c2 entered promiscuous mode
Aug 27 15:16:51 gtw01 systemd-udevd[25962]: link_config: autonegotiation is unset or enabled, the speed and duplex are not writable.
Aug 27 15:16:51 gtw01 systemd-udevd[25962]: Could not generate persistent MAC address for qr-e24ccac3-d2: No such file or directory
Aug 27 15:16:51 gtw01 kernel: [ 7478.257170] device qr-e24ccac3-d2 entered promiscuous mode
Aug 27 15:16:51 gtw01 systemd-udevd[25938]: Process '/sbin/ip link set tap76fc9c42-c2 txqueuelen 10000' failed with exit code 1.
Aug 27 15:16:51 gtw01 systemd-udevd[26077]: Process '/sbin/ip link set tap76fc9c42-c2 txqueuelen 10000' failed with exit code 1.
Aug 27 15:16:51 gtw01 kernel: [ 7478.537802] IPv4: martian source 192.168.121.1 from 192.168.121.1, on dev qr-e24ccac3-d2
Aug 27 15:16:51 gtw01 kernel: [ 7478.537806] ll header: 00000000: ff ff ff ff ff ff fa 16 3e be 8a 98 08 06        ........>.....
Aug 27 15:16:51 gtw01 dnsmasq[25740]: read /var/lib/neutron/dhcp/26efec26-f48e-4d6a-8b45-8bd36cf83bee/addn_hosts - 2 addresses
Aug 27 15:16:51 gtw01 dnsmasq-dhcp[25740]: read /var/lib/neutron/dhcp/26efec26-f48e-4d6a-8b45-8bd36cf83bee/host
Aug 27 15:16:51 gtw01 dnsmasq-dhcp[25740]: read /var/lib/neutron/dhcp/26efec26-f48e-4d6a-8b45-8bd36cf83bee/opts
Aug 27 15:16:52 gtw01 systemd-udevd[26148]: link_config: autonegotiation is unset or enabled, the speed and duplex are not writable.
Aug 27 15:16:52 gtw01 systemd-udevd[26148]: Could not generate persistent MAC address for qr-f73d41e6-98: No such file or directory
Aug 27 15:16:52 gtw01 kernel: [ 7479.152108] device qr-f73d41e6-98 entered promiscuous mode
Aug 27 15:16:52 gtw01 dnsmasq[25366]: read /var/lib/neutron/dhcp/9ed05f14-1618-4114-b572-0c69ddcf88e5/addn_hosts - 2 addresses
Aug 27 15:16:52 gtw01 dnsmasq-dhcp[25366]: read /var/lib/neutron/dhcp/9ed05f14-1618-4114-b572-0c69ddcf88e5/host
Aug 27 15:16:52 gtw01 dnsmasq-dhcp[25366]: read /var/lib/neutron/dhcp/9ed05f14-1618-4114-b572-0c69ddcf88e5/opts
Aug 27 15:16:52 gtw01 kernel: [ 7479.363349] IPv4: martian source 192.168.123.1 from 192.168.123.1, on dev qr-d3d0798e-b9
Aug 27 15:16:52 gtw01 kernel: [ 7479.363352] ll header: 00000000: ff ff ff ff ff ff fa 16 3e dc 78 3f 08 06        ........>.x?..
Aug 27 15:16:52 gtw01 kernel: [ 7479.363357] IPv4: martian source 192.168.123.1 from 192.168.123.1, on dev qr-f73d41e6-98
Aug 27 15:16:52 gtw01 kernel: [ 7479.363358] ll header: 00000000: ff ff ff ff ff ff fa 16 3e dc 78 3f 08 06        ........>.x?..
Aug 27 15:16:52 gtw01 dnsmasq[25740]: read /var/lib/neutron/dhcp/26efec26-f48e-4d6a-8b45-8bd36cf83bee/addn_hosts - 2 addresses
Aug 27 15:16:52 gtw01 dnsmasq-dhcp[25740]: read /var/lib/neutron/dhcp/26efec26-f48e-4d6a-8b45-8bd36cf83bee/host
Aug 27 15:16:52 gtw01 dnsmasq-dhcp[25740]: read /var/lib/neutron/dhcp/26efec26-f48e-4d6a-8b45-8bd36cf83bee/opts
Aug 27 15:16:53 gtw01 kernel: [ 7480.318097] IPv4: martian source 192.168.122.1 from 192.168.122.1, on dev qr-d3d0798e-b9
Aug 27 15:16:53 gtw01 kernel: [ 7480.318100] ll header: 00000000: ff ff ff ff ff ff fa 16 3e d4 6d 85 08 06        ........>.m...
Aug 27 15:16:53 gtw01 kernel: [ 7480.318105] IPv4: martian source 192.168.122.1 from 192.168.122.1, on dev qr-e24ccac3-d2
Aug 27 15:16:53 gtw01 kernel: [ 7480.318106] ll header: 00000000: ff ff ff ff ff ff fa 16 3e d4 6d 85 08 06        ........>.m...
Aug 27 15:16:53 gtw01 dnsmasq[25740]: read /var/lib/neutron/dhcp/26efec26-f48e-4d6a-8b45-8bd36cf83bee/addn_hosts - 2 addresses
Aug 27 15:16:53 gtw01 dnsmasq-dhcp[25740]: read /var/lib/neutron/dhcp/26efec26-f48e-4d6a-8b45-8bd36cf83bee/host
Aug 27 15:16:53 gtw01 dnsmasq-dhcp[25740]: read /var/lib/neutron/dhcp/26efec26-f48e-4d6a-8b45-8bd36cf83bee/opts
Aug 27 15:16:54 gtw01 kernel: [ 7481.337807] IPv4: martian source 192.168.121.1 from 192.168.121.1, on dev qr-e24ccac3-d2
Aug 27 15:16:54 gtw01 kernel: [ 7481.337811] ll header: 00000000: ff ff ff ff ff ff fa 16 3e be 8a 98 08 06        ........>.....
Aug 27 15:16:54 gtw01 kernel: [ 7481.337812] IPv4: martian source 192.168.121.1 from 192.168.121.1, on dev qr-f73d41e6-98
Aug 27 15:16:54 gtw01 kernel: [ 7481.337813] ll header: 00000000: ff ff ff ff ff ff fa 16 3e be 8a 98 08 06        ........>.....
Aug 27 15:16:55 gtw01 dnsmasq[26394]: started, version 2.79 cachesize 150
Aug 27 15:16:55 gtw01 dnsmasq[26394]: DNS service limited to local subnets
Aug 27 15:16:55 gtw01 dnsmasq[26394]: compile time options: IPv6 GNU-getopt DBus i18n IDN DHCP DHCPv6 no-Lua TFTP conntrack ipset auth DNSSEC loop-detect inotify
Aug 27 15:16:55 gtw01 dnsmasq[26394]: warning: no upstream servers configured
Aug 27 15:16:55 gtw01 dnsmasq-dhcp[26394]: DHCP, static leases only on 192.168.123.0, lease time 1h
Aug 27 15:16:55 gtw01 dnsmasq[26394]: read /var/lib/neutron/dhcp/2fdea1b6-90cd-4856-b409-2e0cd0fef72c/addn_hosts - 1 addresses
Aug 27 15:16:55 gtw01 dnsmasq-dhcp[26394]: read /var/lib/neutron/dhcp/2fdea1b6-90cd-4856-b409-2e0cd0fef72c/host
Aug 27 15:16:55 gtw01 dnsmasq-dhcp[26394]: read /var/lib/neutron/dhcp/2fdea1b6-90cd-4856-b409-2e0cd0fef72c/opts
Aug 27 15:16:55 gtw01 dnsmasq[25740]: read /var/lib/neutron/dhcp/26efec26-f48e-4d6a-8b45-8bd36cf83bee/addn_hosts - 2 addresses
Aug 27 15:16:55 gtw01 dnsmasq-dhcp[25740]: read /var/lib/neutron/dhcp/26efec26-f48e-4d6a-8b45-8bd36cf83bee/host
Aug 27 15:16:55 gtw01 dnsmasq-dhcp[25740]: read /var/lib/neutron/dhcp/26efec26-f48e-4d6a-8b45-8bd36cf83bee/opts
Aug 27 15:16:55 gtw01 kernel: [ 7482.089785] IPv4: martian source 192.168.123.1 from 192.168.123.1, on dev qr-d3d0798e-b9
Aug 27 15:16:55 gtw01 kernel: [ 7482.089788] ll header: 00000000: ff ff ff ff ff ff fa 16 3e dc 78 3f 08 06        ........>.x?..
Aug 27 15:16:55 gtw01 kernel: [ 7482.089793] IPv4: martian source 192.168.123.1 from 192.168.123.1, on dev qr-f73d41e6-98
Aug 27 15:16:55 gtw01 kernel: [ 7482.089794] ll header: 00000000: ff ff ff ff ff ff fa 16 3e dc 78 3f 08 06        ........>.x?..
Aug 27 15:16:56 gtw01 dnsmasq[25740]: read /var/lib/neutron/dhcp/26efec26-f48e-4d6a-8b45-8bd36cf83bee/addn_hosts - 2 addresses
Aug 27 15:16:56 gtw01 dnsmasq-dhcp[25740]: read /var/lib/neutron/dhcp/26efec26-f48e-4d6a-8b45-8bd36cf83bee/host
Aug 27 15:16:56 gtw01 dnsmasq-dhcp[25740]: read /var/lib/neutron/dhcp/26efec26-f48e-4d6a-8b45-8bd36cf83bee/opts
Aug 27 15:16:56 gtw01 dnsmasq[26394]: read /var/lib/neutron/dhcp/2fdea1b6-90cd-4856-b409-2e0cd0fef72c/addn_hosts - 1 addresses
Aug 27 15:16:56 gtw01 dnsmasq-dhcp[26394]: read /var/lib/neutron/dhcp/2fdea1b6-90cd-4856-b409-2e0cd0fef72c/host
Aug 27 15:16:56 gtw01 dnsmasq-dhcp[26394]: read /var/lib/neutron/dhcp/2fdea1b6-90cd-4856-b409-2e0cd0fef72c/opts
Aug 27 15:16:56 gtw01 kernel: [ 7483.911349] device qr-e24ccac3-d2 left promiscuous mode
Aug 27 15:16:56 gtw01 dnsmasq[25740]: read /var/lib/neutron/dhcp/26efec26-f48e-4d6a-8b45-8bd36cf83bee/addn_hosts - 2 addresses
Aug 27 15:16:56 gtw01 dnsmasq-dhcp[25740]: read /var/lib/neutron/dhcp/26efec26-f48e-4d6a-8b45-8bd36cf83bee/host
Aug 27 15:16:56 gtw01 dnsmasq-dhcp[25740]: read /var/lib/neutron/dhcp/26efec26-f48e-4d6a-8b45-8bd36cf83bee/opts
Aug 27 15:16:57 gtw01 systemd-udevd[26509]: link_config: autonegotiation is unset or enabled, the speed and duplex are not writable.
Aug 27 15:16:57 gtw01 systemd-udevd[26509]: Could not generate persistent MAC address for tap0fbe34ef-a2: No such file or directory
Aug 27 15:16:57 gtw01 kernel: [ 7484.089890] device tap0fbe34ef-a2 entered promiscuous mode
Aug 27 15:16:57 gtw01 systemd-udevd[26509]: Process '/sbin/ip link set tap0fbe34ef-a2 txqueuelen 10000' failed with exit code 1.
Aug 27 15:16:57 gtw01 systemd-udevd[26509]: Process '/sbin/ip link set tap0fbe34ef-a2 txqueuelen 10000' failed with exit code 1.
Aug 27 15:16:57 gtw01 dnsmasq[26394]: read /var/lib/neutron/dhcp/2fdea1b6-90cd-4856-b409-2e0cd0fef72c/addn_hosts - 2 addresses
Aug 27 15:16:57 gtw01 dnsmasq-dhcp[26394]: read /var/lib/neutron/dhcp/2fdea1b6-90cd-4856-b409-2e0cd0fef72c/host
Aug 27 15:16:57 gtw01 dnsmasq-dhcp[26394]: read /var/lib/neutron/dhcp/2fdea1b6-90cd-4856-b409-2e0cd0fef72c/opts
Aug 27 15:16:57 gtw01 systemd-udevd[26637]: link_config: autonegotiation is unset or enabled, the speed and duplex are not writable.
Aug 27 15:16:57 gtw01 systemd-udevd[26637]: Could not generate persistent MAC address for tapbfcbbd83-30: No such file or directory
Aug 27 15:16:57 gtw01 kernel: [ 7484.854241] device tapbfcbbd83-30 entered promiscuous mode
Aug 27 15:16:57 gtw01 systemd-udevd[26637]: Process '/sbin/ip link set tapbfcbbd83-30 txqueuelen 10000' failed with exit code 1.
Aug 27 15:16:58 gtw01 systemd-udevd[26718]: Process '/sbin/ip link set tapbfcbbd83-30 txqueuelen 10000' failed with exit code 1.
Aug 27 15:16:59 gtw01 kernel: [ 7486.286213] device tap721b66aa-2f entered promiscuous mode
Aug 27 15:16:59 gtw01 systemd-udevd[26795]: link_config: autonegotiation is unset or enabled, the speed and duplex are not writable.
Aug 27 15:16:59 gtw01 systemd-udevd[26795]: Could not generate persistent MAC address for tap721b66aa-2f: No such file or directory
Aug 27 15:16:59 gtw01 systemd-udevd[26795]: Process '/sbin/ip link set tap721b66aa-2f txqueuelen 10000' failed with exit code 1.
Aug 27 15:16:59 gtw01 kernel: [ 7486.712892] device tap76fc9c42-c2 left promiscuous mode
Aug 27 15:17:00 gtw01 dnsmasq[26979]: started, version 2.79 cachesize 150
Aug 27 15:17:00 gtw01 dnsmasq[26979]: DNS service limited to local subnets
Aug 27 15:17:00 gtw01 dnsmasq[26979]: compile time options: IPv6 GNU-getopt DBus i18n IDN DHCP DHCPv6 no-Lua TFTP conntrack ipset auth DNSSEC loop-detect inotify
Aug 27 15:17:00 gtw01 dnsmasq[26979]: warning: no upstream servers configured
Aug 27 15:17:00 gtw01 dnsmasq-dhcp[26979]: DHCP, static leases only on 192.168.120.0, lease time 1h
Aug 27 15:17:00 gtw01 dnsmasq[26979]: read /var/lib/neutron/dhcp/45d87a73-2ea2-4c52-9e85-ee6bba315026/addn_hosts - 1 addresses
Aug 27 15:17:00 gtw01 dnsmasq-dhcp[26979]: read /var/lib/neutron/dhcp/45d87a73-2ea2-4c52-9e85-ee6bba315026/host
Aug 27 15:17:00 gtw01 dnsmasq-dhcp[26979]: read /var/lib/neutron/dhcp/45d87a73-2ea2-4c52-9e85-ee6bba315026/opts
Aug 27 15:17:01 gtw01 CRON[27005]: (root) CMD (   cd / && run-parts --report /etc/cron.hourly)
Aug 27 15:17:01 gtw01 dnsmasq[27010]: started, version 2.79 cachesize 150
Aug 27 15:17:01 gtw01 dnsmasq[27010]: DNS service limited to local subnets
Aug 27 15:17:01 gtw01 dnsmasq[27010]: compile time options: IPv6 GNU-getopt DBus i18n IDN DHCP DHCPv6 no-Lua TFTP conntrack ipset auth DNSSEC loop-detect inotify
Aug 27 15:17:01 gtw01 dnsmasq[27010]: warning: no upstream servers configured
Aug 27 15:17:01 gtw01 dnsmasq-dhcp[27010]: DHCPv6, static leases only on 2003::, lease time 1h
Aug 27 15:17:01 gtw01 dnsmasq[27010]: read /var/lib/neutron/dhcp/17248a25-54b2-4d69-8cea-a6a677cf6e77/addn_hosts - 1 addresses
Aug 27 15:17:01 gtw01 dnsmasq-dhcp[27010]: read /var/lib/neutron/dhcp/17248a25-54b2-4d69-8cea-a6a677cf6e77/host
Aug 27 15:17:01 gtw01 dnsmasq-dhcp[27010]: read /var/lib/neutron/dhcp/17248a25-54b2-4d69-8cea-a6a677cf6e77/opts
Aug 27 15:17:01 gtw01 dnsmasq[25740]: read /var/lib/neutron/dhcp/26efec26-f48e-4d6a-8b45-8bd36cf83bee/addn_hosts - 1 addresses
Aug 27 15:17:01 gtw01 dnsmasq-dhcp[25740]: read /var/lib/neutron/dhcp/26efec26-f48e-4d6a-8b45-8bd36cf83bee/host
Aug 27 15:17:01 gtw01 dnsmasq-dhcp[25740]: read /var/lib/neutron/dhcp/26efec26-f48e-4d6a-8b45-8bd36cf83bee/opts
Aug 27 15:17:01 gtw01 dnsmasq[26979]: read /var/lib/neutron/dhcp/45d87a73-2ea2-4c52-9e85-ee6bba315026/addn_hosts - 3 addresses
Aug 27 15:17:01 gtw01 dnsmasq-dhcp[26979]: read /var/lib/neutron/dhcp/45d87a73-2ea2-4c52-9e85-ee6bba315026/host
Aug 27 15:17:01 gtw01 dnsmasq-dhcp[26979]: read /var/lib/neutron/dhcp/45d87a73-2ea2-4c52-9e85-ee6bba315026/opts
Aug 27 15:17:02 gtw01 dnsmasq[27010]: read /var/lib/neutron/dhcp/17248a25-54b2-4d69-8cea-a6a677cf6e77/addn_hosts - 2 addresses
Aug 27 15:17:02 gtw01 dnsmasq-dhcp[27010]: read /var/lib/neutron/dhcp/17248a25-54b2-4d69-8cea-a6a677cf6e77/host
Aug 27 15:17:02 gtw01 dnsmasq-dhcp[27010]: read /var/lib/neutron/dhcp/17248a25-54b2-4d69-8cea-a6a677cf6e77/opts
Aug 27 15:17:02 gtw01 dnsmasq[27102]: started, version 2.79 cachesize 150
Aug 27 15:17:02 gtw01 dnsmasq[27102]: DNS service limited to local subnets
Aug 27 15:17:02 gtw01 dnsmasq[27102]: compile time options: IPv6 GNU-getopt DBus i18n IDN DHCP DHCPv6 no-Lua TFTP conntrack ipset auth DNSSEC loop-detect inotify
Aug 27 15:17:02 gtw01 dnsmasq[27102]: warning: no upstream servers configured
Aug 27 15:17:02 gtw01 dnsmasq-dhcp[27102]: DHCPv6, static leases only on 2003:0:1::, lease time 1h
Aug 27 15:17:02 gtw01 dnsmasq[27102]: read /var/lib/neutron/dhcp/6a9e19d6-1dbd-4230-833e-52ecef1c5233/addn_hosts - 1 addresses
Aug 27 15:17:02 gtw01 dnsmasq-dhcp[27102]: read /var/lib/neutron/dhcp/6a9e19d6-1dbd-4230-833e-52ecef1c5233/host
Aug 27 15:17:02 gtw01 dnsmasq-dhcp[27102]: read /var/lib/neutron/dhcp/6a9e19d6-1dbd-4230-833e-52ecef1c5233/opts
Aug 27 15:17:03 gtw01 dnsmasq[27010]: read /var/lib/neutron/dhcp/17248a25-54b2-4d69-8cea-a6a677cf6e77/addn_hosts - 2 addresses
Aug 27 15:17:03 gtw01 dnsmasq-dhcp[27010]: read /var/lib/neutron/dhcp/17248a25-54b2-4d69-8cea-a6a677cf6e77/host
Aug 27 15:17:03 gtw01 dnsmasq-dhcp[27010]: read /var/lib/neutron/dhcp/17248a25-54b2-4d69-8cea-a6a677cf6e77/opts
Aug 27 15:17:03 gtw01 dnsmasq[26979]: read /var/lib/neutron/dhcp/45d87a73-2ea2-4c52-9e85-ee6bba315026/addn_hosts - 3 addresses
