Aug 27 15:00:00 gtw01 dnsmasq[21246]: read /var/lib/neutron/dhcp/e7812da2-66f5-40d8-bf1a-d4907c506b9a/addn_hosts - 9 addresses
Aug 27 15:00:00 gtw01 dnsmasq-dhcp[21246]: read /var/lib/neutron/dhcp/e7812da2-66f5-40d8-bf1a-d4907c506b9a/host
Aug 27 15:00:00 gtw01 dnsmasq-dhcp[21246]: read /var/lib/neutron/dhcp/e7812da2-66f5-40d8-bf1a-d4907c506b9a/opts
Aug 27 15:00:04 gtw01 dnsmasq-dhcp[21246]: DHCPRELEASE(tape9a3cc68-02) 192.168.120.91 fa:16:3e:dc:bf:9d
Aug 27 15:00:08 gtw01 dnsmasq[21246]: read /var/lib/neutron/dhcp/e7812da2-66f5-40d8-bf1a-d4907c506b9a/addn_hosts - 10 addresses
Aug 27 15:00:08 gtw01 dnsmasq-dhcp[21246]: read /var/lib/neutron/dhcp/e7812da2-66f5-40d8-bf1a-d4907c506b9a/host
Aug 27 15:00:08 gtw01 dnsmasq-dhcp[21246]: read /var/lib/neutron/dhcp/e7812da2-66f5-40d8-bf1a-d4907c506b9a/opts
Aug 27 15:00:09 gtw01 dnsmasq[21246]: read /var/lib/neutron/dhcp/e7812da2-66f5-40d8-bf1a-d4907c506b9a/addn_hosts - 10 addresses
Aug 27 15:00:09 gtw01 dnsmasq-dhcp[21246]: read /var/lib/neutron/dhcp/e7812da2-66f5-40d8-bf1a-d4907c506b9a/host
Aug 27 15:00:09 gtw01 dnsmasq-dhcp[21246]: read /var/lib/neutron/dhcp/e7812da2-66f5-40d8-bf1a-d4907c506b9a/opts
Aug 27 15:00:10 gtw01 dnsmasq[21246]: read /var/lib/neutron/dhcp/e7812da2-66f5-40d8-bf1a-d4907c506b9a/addn_hosts - 10 addresses
Aug 27 15:00:10 gtw01 dnsmasq-dhcp[21246]: read /var/lib/neutron/dhcp/e7812da2-66f5-40d8-bf1a-d4907c506b9a/host
Aug 27 15:00:10 gtw01 dnsmasq-dhcp[21246]: read /var/lib/neutron/dhcp/e7812da2-66f5-40d8-bf1a-d4907c506b9a/opts
Aug 27 15:00:12 gtw01 dnsmasq[21246]: read /var/lib/neutron/dhcp/e7812da2-66f5-40d8-bf1a-d4907c506b9a/addn_hosts - 11 addresses
Aug 27 15:00:12 gtw01 dnsmasq-dhcp[21246]: read /var/lib/neutron/dhcp/e7812da2-66f5-40d8-bf1a-d4907c506b9a/host
Aug 27 15:00:12 gtw01 dnsmasq-dhcp[21246]: read /var/lib/neutron/dhcp/e7812da2-66f5-40d8-bf1a-d4907c506b9a/opts
Aug 27 15:00:12 gtw01 dnsmasq-dhcp[21246]: DHCPDISCOVER(tape9a3cc68-02) fa:16:3e:8a:39:67
Aug 27 15:00:12 gtw01 dnsmasq-dhcp[21246]: DHCPOFFER(tape9a3cc68-02) 192.168.120.190 fa:16:3e:8a:39:67
Aug 27 15:00:12 gtw01 dnsmasq-dhcp[21246]: DHCPREQUEST(tape9a3cc68-02) 192.168.120.190 fa:16:3e:8a:39:67
Aug 27 15:00:12 gtw01 dnsmasq-dhcp[21246]: DHCPACK(tape9a3cc68-02) 192.168.120.190 fa:16:3e:8a:39:67 host-192-168-120-190
Aug 27 15:00:13 gtw01 dnsmasq[21246]: read /var/lib/neutron/dhcp/e7812da2-66f5-40d8-bf1a-d4907c506b9a/addn_hosts - 11 addresses
Aug 27 15:00:13 gtw01 dnsmasq-dhcp[21246]: read /var/lib/neutron/dhcp/e7812da2-66f5-40d8-bf1a-d4907c506b9a/host
Aug 27 15:00:13 gtw01 dnsmasq-dhcp[21246]: read /var/lib/neutron/dhcp/e7812da2-66f5-40d8-bf1a-d4907c506b9a/opts
Aug 27 15:00:13 gtw01 dnsmasq-dhcp[21246]: DHCPDISCOVER(tape9a3cc68-02) fa:16:3e:14:ae:f9
Aug 27 15:00:13 gtw01 dnsmasq-dhcp[21246]: DHCPOFFER(tape9a3cc68-02) 192.168.120.8 fa:16:3e:14:ae:f9
Aug 27 15:00:13 gtw01 dnsmasq-dhcp[21246]: DHCPREQUEST(tape9a3cc68-02) 192.168.120.8 fa:16:3e:14:ae:f9
Aug 27 15:00:13 gtw01 dnsmasq-dhcp[21246]: DHCPACK(tape9a3cc68-02) 192.168.120.8 fa:16:3e:14:ae:f9 host-192-168-120-8
Aug 27 15:00:14 gtw01 dnsmasq[21246]: read /var/lib/neutron/dhcp/e7812da2-66f5-40d8-bf1a-d4907c506b9a/addn_hosts - 11 addresses
Aug 27 15:00:14 gtw01 dnsmasq-dhcp[21246]: read /var/lib/neutron/dhcp/e7812da2-66f5-40d8-bf1a-d4907c506b9a/host
Aug 27 15:00:14 gtw01 dnsmasq-dhcp[21246]: read /var/lib/neutron/dhcp/e7812da2-66f5-40d8-bf1a-d4907c506b9a/opts
Aug 27 15:00:17 gtw01 dnsmasq[21246]: read /var/lib/neutron/dhcp/e7812da2-66f5-40d8-bf1a-d4907c506b9a/addn_hosts - 10 addresses
Aug 27 15:00:17 gtw01 dnsmasq-dhcp[21246]: read /var/lib/neutron/dhcp/e7812da2-66f5-40d8-bf1a-d4907c506b9a/host
Aug 27 15:00:17 gtw01 dnsmasq-dhcp[21246]: read /var/lib/neutron/dhcp/e7812da2-66f5-40d8-bf1a-d4907c506b9a/opts
Aug 27 15:00:19 gtw01 dnsmasq[21246]: read /var/lib/neutron/dhcp/e7812da2-66f5-40d8-bf1a-d4907c506b9a/addn_hosts - 9 addresses
Aug 27 15:00:19 gtw01 dnsmasq-dhcp[21246]: read /var/lib/neutron/dhcp/e7812da2-66f5-40d8-bf1a-d4907c506b9a/host
Aug 27 15:00:19 gtw01 dnsmasq-dhcp[21246]: read /var/lib/neutron/dhcp/e7812da2-66f5-40d8-bf1a-d4907c506b9a/opts
Aug 27 15:00:19 gtw01 dnsmasq-dhcp[21246]: DHCPRELEASE(tape9a3cc68-02) 192.168.120.190 fa:16:3e:8a:39:67
Aug 27 15:00:23 gtw01 dnsmasq[21246]: read /var/lib/neutron/dhcp/e7812da2-66f5-40d8-bf1a-d4907c506b9a/addn_hosts - 10 addresses
Aug 27 15:00:23 gtw01 dnsmasq-dhcp[21246]: read /var/lib/neutron/dhcp/e7812da2-66f5-40d8-bf1a-d4907c506b9a/host
Aug 27 15:00:23 gtw01 dnsmasq-dhcp[21246]: read /var/lib/neutron/dhcp/e7812da2-66f5-40d8-bf1a-d4907c506b9a/opts
Aug 27 15:00:24 gtw01 dnsmasq[21246]: read /var/lib/neutron/dhcp/e7812da2-66f5-40d8-bf1a-d4907c506b9a/addn_hosts - 10 addresses
Aug 27 15:00:24 gtw01 dnsmasq-dhcp[21246]: read /var/lib/neutron/dhcp/e7812da2-66f5-40d8-bf1a-d4907c506b9a/host
Aug 27 15:00:24 gtw01 dnsmasq-dhcp[21246]: read /var/lib/neutron/dhcp/e7812da2-66f5-40d8-bf1a-d4907c506b9a/opts
Aug 27 15:00:24 gtw01 dnsmasq[21246]: read /var/lib/neutron/dhcp/e7812da2-66f5-40d8-bf1a-d4907c506b9a/addn_hosts - 10 addresses
Aug 27 15:00:24 gtw01 dnsmasq-dhcp[21246]: read /var/lib/neutron/dhcp/e7812da2-66f5-40d8-bf1a-d4907c506b9a/host
Aug 27 15:00:24 gtw01 dnsmasq-dhcp[21246]: read /var/lib/neutron/dhcp/e7812da2-66f5-40d8-bf1a-d4907c506b9a/opts
Aug 27 15:00:25 gtw01 dnsmasq-dhcp[21246]: DHCPDISCOVER(tape9a3cc68-02) fa:16:3e:2c:fc:0a
Aug 27 15:00:25 gtw01 dnsmasq-dhcp[21246]: DHCPOFFER(tape9a3cc68-02) 192.168.120.25 fa:16:3e:2c:fc:0a
Aug 27 15:00:25 gtw01 dnsmasq-dhcp[21246]: DHCPREQUEST(tape9a3cc68-02) 192.168.120.25 fa:16:3e:2c:fc:0a
Aug 27 15:00:25 gtw01 dnsmasq-dhcp[21246]: DHCPACK(tape9a3cc68-02) 192.168.120.25 fa:16:3e:2c:fc:0a host-192-168-120-25
Aug 27 15:00:28 gtw01 dnsmasq-dhcp[21246]: DHCPDISCOVER(tape9a3cc68-02) fa:16:3e:dc:bf:9d
Aug 27 15:00:28 gtw01 dnsmasq-dhcp[21246]: DHCPOFFER(tape9a3cc68-02) 192.168.120.91 fa:16:3e:dc:bf:9d
Aug 27 15:00:28 gtw01 dnsmasq-dhcp[21246]: DHCPREQUEST(tape9a3cc68-02) 192.168.120.91 fa:16:3e:dc:bf:9d
Aug 27 15:00:28 gtw01 dnsmasq-dhcp[21246]: DHCPACK(tape9a3cc68-02) 192.168.120.91 fa:16:3e:dc:bf:9d host-192-168-120-91
Aug 27 15:00:28 gtw01 dnsmasq[21246]: read /var/lib/neutron/dhcp/e7812da2-66f5-40d8-bf1a-d4907c506b9a/addn_hosts - 9 addresses
Aug 27 15:00:28 gtw01 dnsmasq-dhcp[21246]: read /var/lib/neutron/dhcp/e7812da2-66f5-40d8-bf1a-d4907c506b9a/host
Aug 27 15:00:28 gtw01 dnsmasq-dhcp[21246]: read /var/lib/neutron/dhcp/e7812da2-66f5-40d8-bf1a-d4907c506b9a/opts
Aug 27 15:00:31 gtw01 dnsmasq[21246]: read /var/lib/neutron/dhcp/e7812da2-66f5-40d8-bf1a-d4907c506b9a/addn_hosts - 10 addresses
Aug 27 15:00:31 gtw01 dnsmasq-dhcp[21246]: read /var/lib/neutron/dhcp/e7812da2-66f5-40d8-bf1a-d4907c506b9a/host
Aug 27 15:00:31 gtw01 dnsmasq-dhcp[21246]: read /var/lib/neutron/dhcp/e7812da2-66f5-40d8-bf1a-d4907c506b9a/opts
Aug 27 15:00:31 gtw01 dnsmasq[21246]: read /var/lib/neutron/dhcp/e7812da2-66f5-40d8-bf1a-d4907c506b9a/addn_hosts - 10 addresses
Aug 27 15:00:31 gtw01 dnsmasq-dhcp[21246]: read /var/lib/neutron/dhcp/e7812da2-66f5-40d8-bf1a-d4907c506b9a/host
Aug 27 15:00:31 gtw01 dnsmasq-dhcp[21246]: read /var/lib/neutron/dhcp/e7812da2-66f5-40d8-bf1a-d4907c506b9a/opts
Aug 27 15:00:32 gtw01 dnsmasq[21246]: read /var/lib/neutron/dhcp/e7812da2-66f5-40d8-bf1a-d4907c506b9a/addn_hosts - 10 addresses
Aug 27 15:00:32 gtw01 dnsmasq-dhcp[21246]: read /var/lib/neutron/dhcp/e7812da2-66f5-40d8-bf1a-d4907c506b9a/host
Aug 27 15:00:32 gtw01 dnsmasq-dhcp[21246]: read /var/lib/neutron/dhcp/e7812da2-66f5-40d8-bf1a-d4907c506b9a/opts
Aug 27 15:00:39 gtw01 dnsmasq-dhcp[21246]: DHCPDISCOVER(tape9a3cc68-02) fa:16:3e:18:54:cf
Aug 27 15:00:39 gtw01 dnsmasq-dhcp[21246]: DHCPOFFER(tape9a3cc68-02) 192.168.120.182 fa:16:3e:18:54:cf
Aug 27 15:00:39 gtw01 dnsmasq-dhcp[21246]: DHCPREQUEST(tape9a3cc68-02) 192.168.120.182 fa:16:3e:18:54:cf
Aug 27 15:00:39 gtw01 dnsmasq-dhcp[21246]: DHCPACK(tape9a3cc68-02) 192.168.120.182 fa:16:3e:18:54:cf host-192-168-120-182
Aug 27 15:00:41 gtw01 dnsmasq-dhcp[21246]: DHCPDISCOVER(tape9a3cc68-02) fa:16:3e:8a:39:67
Aug 27 15:00:41 gtw01 dnsmasq-dhcp[21246]: DHCPOFFER(tape9a3cc68-02) 192.168.120.190 fa:16:3e:8a:39:67
Aug 27 15:00:41 gtw01 dnsmasq-dhcp[21246]: DHCPREQUEST(tape9a3cc68-02) 192.168.120.190 fa:16:3e:8a:39:67
Aug 27 15:00:41 gtw01 dnsmasq-dhcp[21246]: DHCPACK(tape9a3cc68-02) 192.168.120.190 fa:16:3e:8a:39:67 host-192-168-120-190
Aug 27 15:00:43 gtw01 dnsmasq-dhcp[21246]: DHCPRELEASE(tape9a3cc68-02) 192.168.120.190 fa:16:3e:8a:39:67
Aug 27 15:00:43 gtw01 dnsmasq-dhcp[21246]: DHCPRELEASE(tape9a3cc68-02) 192.168.120.182 fa:16:3e:18:54:cf
Aug 27 15:00:45 gtw01 dnsmasq-dhcp[21246]: DHCPDISCOVER(tape9a3cc68-02) fa:16:3e:5d:39:9f
Aug 27 15:00:45 gtw01 dnsmasq-dhcp[21246]: DHCPOFFER(tape9a3cc68-02) 192.168.120.130 fa:16:3e:5d:39:9f
Aug 27 15:00:45 gtw01 dnsmasq-dhcp[21246]: DHCPREQUEST(tape9a3cc68-02) 192.168.120.130 fa:16:3e:5d:39:9f
Aug 27 15:00:45 gtw01 dnsmasq-dhcp[21246]: DHCPACK(tape9a3cc68-02) 192.168.120.130 fa:16:3e:5d:39:9f host-192-168-120-130
Aug 27 15:00:49 gtw01 dnsmasq[21246]: read /var/lib/neutron/dhcp/e7812da2-66f5-40d8-bf1a-d4907c506b9a/addn_hosts - 10 addresses
Aug 27 15:00:49 gtw01 dnsmasq-dhcp[21246]: read /var/lib/neutron/dhcp/e7812da2-66f5-40d8-bf1a-d4907c506b9a/host
Aug 27 15:00:49 gtw01 dnsmasq-dhcp[21246]: read /var/lib/neutron/dhcp/e7812da2-66f5-40d8-bf1a-d4907c506b9a/opts
Aug 27 15:00:50 gtw01 dnsmasq[21246]: read /var/lib/neutron/dhcp/e7812da2-66f5-40d8-bf1a-d4907c506b9a/addn_hosts - 10 addresses
Aug 27 15:00:50 gtw01 dnsmasq-dhcp[21246]: read /var/lib/neutron/dhcp/e7812da2-66f5-40d8-bf1a-d4907c506b9a/host
Aug 27 15:00:50 gtw01 dnsmasq-dhcp[21246]: read /var/lib/neutron/dhcp/e7812da2-66f5-40d8-bf1a-d4907c506b9a/opts
Aug 27 15:00:56 gtw01 dnsmasq[21246]: read /var/lib/neutron/dhcp/e7812da2-66f5-40d8-bf1a-d4907c506b9a/addn_hosts - 11 addresses
Aug 27 15:00:56 gtw01 dnsmasq-dhcp[21246]: read /var/lib/neutron/dhcp/e7812da2-66f5-40d8-bf1a-d4907c506b9a/host
Aug 27 15:00:56 gtw01 dnsmasq-dhcp[21246]: read /var/lib/neutron/dhcp/e7812da2-66f5-40d8-bf1a-d4907c506b9a/opts
Aug 27 15:00:56 gtw01 dnsmasq-dhcp[21246]: DHCPRELEASE(tape9a3cc68-02) 192.168.120.130 fa:16:3e:5d:39:9f
Aug 27 15:00:57 gtw01 dnsmasq[21246]: read /var/lib/neutron/dhcp/e7812da2-66f5-40d8-bf1a-d4907c506b9a/addn_hosts - 11 addresses
Aug 27 15:00:57 gtw01 dnsmasq-dhcp[21246]: read /var/lib/neutron/dhcp/e7812da2-66f5-40d8-bf1a-d4907c506b9a/host
Aug 27 15:00:57 gtw01 dnsmasq-dhcp[21246]: read /var/lib/neutron/dhcp/e7812da2-66f5-40d8-bf1a-d4907c506b9a/opts
Aug 27 15:00:57 gtw01 dnsmasq[21246]: read /var/lib/neutron/dhcp/e7812da2-66f5-40d8-bf1a-d4907c506b9a/addn_hosts - 11 addresses
Aug 27 15:00:57 gtw01 dnsmasq-dhcp[21246]: read /var/lib/neutron/dhcp/e7812da2-66f5-40d8-bf1a-d4907c506b9a/host
Aug 27 15:00:57 gtw01 dnsmasq-dhcp[21246]: read /var/lib/neutron/dhcp/e7812da2-66f5-40d8-bf1a-d4907c506b9a/opts
Aug 27 15:00:58 gtw01 dnsmasq[21246]: read /var/lib/neutron/dhcp/e7812da2-66f5-40d8-bf1a-d4907c506b9a/addn_hosts - 11 addresses
Aug 27 15:00:58 gtw01 dnsmasq-dhcp[21246]: read /var/lib/neutron/dhcp/e7812da2-66f5-40d8-bf1a-d4907c506b9a/host
Aug 27 15:00:58 gtw01 dnsmasq-dhcp[21246]: read /var/lib/neutron/dhcp/e7812da2-66f5-40d8-bf1a-d4907c506b9a/opts
Aug 27 15:00:59 gtw01 dnsmasq[21246]: read /var/lib/neutron/dhcp/e7812da2-66f5-40d8-bf1a-d4907c506b9a/addn_hosts - 11 addresses
Aug 27 15:00:59 gtw01 dnsmasq-dhcp[21246]: read /var/lib/neutron/dhcp/e7812da2-66f5-40d8-bf1a-d4907c506b9a/host
Aug 27 15:00:59 gtw01 dnsmasq-dhcp[21246]: read /var/lib/neutron/dhcp/e7812da2-66f5-40d8-bf1a-d4907c506b9a/opts
Aug 27 15:01:01 gtw01 dnsmasq-dhcp[21246]: DHCPDISCOVER(tape9a3cc68-02) fa:16:3e:8a:39:67
Aug 27 15:01:01 gtw01 dnsmasq-dhcp[21246]: DHCPOFFER(tape9a3cc68-02) 192.168.120.190 fa:16:3e:8a:39:67
Aug 27 15:01:01 gtw01 dnsmasq-dhcp[21246]: DHCPREQUEST(tape9a3cc68-02) 192.168.120.190 fa:16:3e:8a:39:67
Aug 27 15:01:01 gtw01 dnsmasq-dhcp[21246]: DHCPACK(tape9a3cc68-02) 192.168.120.190 fa:16:3e:8a:39:67 host-192-168-120-190
Aug 27 15:01:05 gtw01 dnsmasq[21246]: read /var/lib/neutron/dhcp/e7812da2-66f5-40d8-bf1a-d4907c506b9a/addn_hosts - 10 addresses
Aug 27 15:01:05 gtw01 dnsmasq-dhcp[21246]: read /var/lib/neutron/dhcp/e7812da2-66f5-40d8-bf1a-d4907c506b9a/host
Aug 27 15:01:05 gtw01 dnsmasq-dhcp[21246]: read /var/lib/neutron/dhcp/e7812da2-66f5-40d8-bf1a-d4907c506b9a/opts
Aug 27 15:01:06 gtw01 dnsmasq[21246]: read /var/lib/neutron/dhcp/e7812da2-66f5-40d8-bf1a-d4907c506b9a/addn_hosts - 9 addresses
Aug 27 15:01:06 gtw01 dnsmasq-dhcp[21246]: read /var/lib/neutron/dhcp/e7812da2-66f5-40d8-bf1a-d4907c506b9a/host
Aug 27 15:01:06 gtw01 dnsmasq-dhcp[21246]: read /var/lib/neutron/dhcp/e7812da2-66f5-40d8-bf1a-d4907c506b9a/opts
Aug 27 15:01:07 gtw01 dnsmasq[21246]: read /var/lib/neutron/dhcp/e7812da2-66f5-40d8-bf1a-d4907c506b9a/addn_hosts - 8 addresses
Aug 27 15:01:07 gtw01 dnsmasq-dhcp[21246]: read /var/lib/neutron/dhcp/e7812da2-66f5-40d8-bf1a-d4907c506b9a/host
Aug 27 15:01:07 gtw01 dnsmasq-dhcp[21246]: read /var/lib/neutron/dhcp/e7812da2-66f5-40d8-bf1a-d4907c506b9a/opts
Aug 27 15:01:08 gtw01 dnsmasq-dhcp[21246]: DHCPRELEASE(tape9a3cc68-02) 192.168.120.91 fa:16:3e:dc:bf:9d
Aug 27 15:01:09 gtw01 dnsmasq-dhcp[21246]: DHCPRELEASE(tape9a3cc68-02) 192.168.120.91 fa:16:3e:dc:bf:9d unknown lease
Aug 27 15:01:09 gtw01 dnsmasq[21246]: read /var/lib/neutron/dhcp/e7812da2-66f5-40d8-bf1a-d4907c506b9a/addn_hosts - 7 addresses
Aug 27 15:01:09 gtw01 dnsmasq-dhcp[21246]: read /var/lib/neutron/dhcp/e7812da2-66f5-40d8-bf1a-d4907c506b9a/host
Aug 27 15:01:09 gtw01 dnsmasq-dhcp[21246]: read /var/lib/neutron/dhcp/e7812da2-66f5-40d8-bf1a-d4907c506b9a/opts
Aug 27 15:01:10 gtw01 dnsmasq[21246]: read /var/lib/neutron/dhcp/e7812da2-66f5-40d8-bf1a-d4907c506b9a/addn_hosts - 8 addresses
Aug 27 15:01:10 gtw01 dnsmasq-dhcp[21246]: read /var/lib/neutron/dhcp/e7812da2-66f5-40d8-bf1a-d4907c506b9a/host
Aug 27 15:01:10 gtw01 dnsmasq-dhcp[21246]: read /var/lib/neutron/dhcp/e7812da2-66f5-40d8-bf1a-d4907c506b9a/opts
Aug 27 15:01:11 gtw01 dnsmasq-dhcp[21246]: DHCPRELEASE(tape9a3cc68-02) 192.168.120.25 fa:16:3e:2c:fc:0a
Aug 27 15:01:11 gtw01 dnsmasq-dhcp[21246]: DHCPRELEASE(tape9a3cc68-02) 192.168.120.25 fa:16:3e:2c:fc:0a unknown lease
Aug 27 15:01:12 gtw01 dnsmasq[21246]: read /var/lib/neutron/dhcp/e7812da2-66f5-40d8-bf1a-d4907c506b9a/addn_hosts - 7 addresses
Aug 27 15:01:12 gtw01 dnsmasq-dhcp[21246]: read /var/lib/neutron/dhcp/e7812da2-66f5-40d8-bf1a-d4907c506b9a/host
Aug 27 15:01:12 gtw01 dnsmasq-dhcp[21246]: read /var/lib/neutron/dhcp/e7812da2-66f5-40d8-bf1a-d4907c506b9a/opts
Aug 27 15:01:13 gtw01 dnsmasq[21246]: read /var/lib/neutron/dhcp/e7812da2-66f5-40d8-bf1a-d4907c506b9a/addn_hosts - 7 addresses
Aug 27 15:01:13 gtw01 dnsmasq-dhcp[21246]: read /var/lib/neutron/dhcp/e7812da2-66f5-40d8-bf1a-d4907c506b9a/host
Aug 27 15:01:13 gtw01 dnsmasq-dhcp[21246]: read /var/lib/neutron/dhcp/e7812da2-66f5-40d8-bf1a-d4907c506b9a/opts
Aug 27 15:01:14 gtw01 dnsmasq[21246]: read /var/lib/neutron/dhcp/e7812da2-66f5-40d8-bf1a-d4907c506b9a/addn_hosts - 7 addresses
Aug 27 15:01:14 gtw01 dnsmasq-dhcp[21246]: read /var/lib/neutron/dhcp/e7812da2-66f5-40d8-bf1a-d4907c506b9a/host
Aug 27 15:01:14 gtw01 dnsmasq-dhcp[21246]: read /var/lib/neutron/dhcp/e7812da2-66f5-40d8-bf1a-d4907c506b9a/opts
Aug 27 15:01:15 gtw01 dnsmasq-dhcp[21246]: DHCPRELEASE(tape9a3cc68-02) 192.168.120.17 fa:16:3e:a5:45:8b
Aug 27 15:01:15 gtw01 dnsmasq-dhcp[21246]: DHCPRELEASE(tape9a3cc68-02) 192.168.120.17 fa:16:3e:a5:45:8b unknown lease
Aug 27 15:01:16 gtw01 dnsmasq[21246]: read /var/lib/neutron/dhcp/e7812da2-66f5-40d8-bf1a-d4907c506b9a/addn_hosts - 6 addresses
Aug 27 15:01:16 gtw01 dnsmasq-dhcp[21246]: read /var/lib/neutron/dhcp/e7812da2-66f5-40d8-bf1a-d4907c506b9a/host
Aug 27 15:01:16 gtw01 dnsmasq-dhcp[21246]: read /var/lib/neutron/dhcp/e7812da2-66f5-40d8-bf1a-d4907c506b9a/opts
Aug 27 15:01:17 gtw01 dnsmasq-dhcp[21246]: DHCPRELEASE(tape9a3cc68-02) 192.168.120.8 fa:16:3e:14:ae:f9
Aug 27 15:01:17 gtw01 dnsmasq-dhcp[21246]: DHCPRELEASE(tape9a3cc68-02) 192.168.120.8 fa:16:3e:14:ae:f9 unknown lease
Aug 27 15:01:18 gtw01 dnsmasq[21246]: read /var/lib/neutron/dhcp/e7812da2-66f5-40d8-bf1a-d4907c506b9a/addn_hosts - 5 addresses
Aug 27 15:01:18 gtw01 dnsmasq-dhcp[21246]: read /var/lib/neutron/dhcp/e7812da2-66f5-40d8-bf1a-d4907c506b9a/host
Aug 27 15:01:18 gtw01 dnsmasq-dhcp[21246]: read /var/lib/neutron/dhcp/e7812da2-66f5-40d8-bf1a-d4907c506b9a/opts
Aug 27 15:01:19 gtw01 dnsmasq-dhcp[21246]: DHCPRELEASE(tape9a3cc68-02) 192.168.120.102 fa:16:3e:1c:bf:7b
Aug 27 15:01:19 gtw01 kernel: [ 6546.523409] device vxlan_sys_4789 left promiscuous mode
Aug 27 15:01:19 gtw01 dnsmasq-dhcp[21246]: DHCPRELEASE(tape9a3cc68-02) 192.168.120.102 fa:16:3e:1c:bf:7b unknown lease
Aug 27 15:01:20 gtw01 dnsmasq[21246]: read /var/lib/neutron/dhcp/e7812da2-66f5-40d8-bf1a-d4907c506b9a/addn_hosts - 4 addresses
Aug 27 15:01:20 gtw01 dnsmasq-dhcp[21246]: read /var/lib/neutron/dhcp/e7812da2-66f5-40d8-bf1a-d4907c506b9a/host
Aug 27 15:01:20 gtw01 dnsmasq-dhcp[21246]: read /var/lib/neutron/dhcp/e7812da2-66f5-40d8-bf1a-d4907c506b9a/opts
Aug 27 15:01:21 gtw01 dnsmasq-dhcp[21246]: DHCPRELEASE(tape9a3cc68-02) 192.168.120.190 fa:16:3e:8a:39:67
Aug 27 15:01:21 gtw01 dnsmasq-dhcp[21246]: DHCPRELEASE(tape9a3cc68-02) 192.168.120.190 fa:16:3e:8a:39:67 unknown lease
Aug 27 15:01:22 gtw01 dnsmasq[21246]: read /var/lib/neutron/dhcp/e7812da2-66f5-40d8-bf1a-d4907c506b9a/addn_hosts - 3 addresses
Aug 27 15:01:22 gtw01 dnsmasq-dhcp[21246]: read /var/lib/neutron/dhcp/e7812da2-66f5-40d8-bf1a-d4907c506b9a/host
Aug 27 15:01:22 gtw01 dnsmasq-dhcp[21246]: read /var/lib/neutron/dhcp/e7812da2-66f5-40d8-bf1a-d4907c506b9a/opts
Aug 27 15:01:23 gtw01 dnsmasq[21246]: read /var/lib/neutron/dhcp/e7812da2-66f5-40d8-bf1a-d4907c506b9a/addn_hosts - 2 addresses
Aug 27 15:01:23 gtw01 dnsmasq-dhcp[21246]: read /var/lib/neutron/dhcp/e7812da2-66f5-40d8-bf1a-d4907c506b9a/host
Aug 27 15:01:23 gtw01 dnsmasq-dhcp[21246]: read /var/lib/neutron/dhcp/e7812da2-66f5-40d8-bf1a-d4907c506b9a/opts
Aug 27 15:01:25 gtw01 dnsmasq[21246]: read /var/lib/neutron/dhcp/e7812da2-66f5-40d8-bf1a-d4907c506b9a/addn_hosts - 3 addresses
Aug 27 15:01:25 gtw01 dnsmasq-dhcp[21246]: read /var/lib/neutron/dhcp/e7812da2-66f5-40d8-bf1a-d4907c506b9a/host
Aug 27 15:01:25 gtw01 dnsmasq-dhcp[21246]: read /var/lib/neutron/dhcp/e7812da2-66f5-40d8-bf1a-d4907c506b9a/opts
Aug 27 15:01:27 gtw01 dnsmasq[21246]: read /var/lib/neutron/dhcp/e7812da2-66f5-40d8-bf1a-d4907c506b9a/addn_hosts - 3 addresses
Aug 27 15:01:27 gtw01 dnsmasq-dhcp[21246]: read /var/lib/neutron/dhcp/e7812da2-66f5-40d8-bf1a-d4907c506b9a/host
Aug 27 15:01:27 gtw01 dnsmasq-dhcp[21246]: read /var/lib/neutron/dhcp/e7812da2-66f5-40d8-bf1a-d4907c506b9a/opts
Aug 27 15:01:28 gtw01 dnsmasq[21246]: read /var/lib/neutron/dhcp/e7812da2-66f5-40d8-bf1a-d4907c506b9a/addn_hosts - 3 addresses
Aug 27 15:01:28 gtw01 dnsmasq-dhcp[21246]: read /var/lib/neutron/dhcp/e7812da2-66f5-40d8-bf1a-d4907c506b9a/host
Aug 27 15:01:28 gtw01 dnsmasq-dhcp[21246]: read /var/lib/neutron/dhcp/e7812da2-66f5-40d8-bf1a-d4907c506b9a/opts
Aug 27 15:01:29 gtw01 kernel: [ 6556.402397] device vxlan_sys_4789 entered promiscuous mode
Aug 27 15:01:29 gtw01 systemd-udevd[28784]: link_config: autonegotiation is unset or enabled, the speed and duplex are not writable.
Aug 27 15:01:29 gtw01 systemd-udevd[28784]: Could not generate persistent MAC address for vxlan_sys_4789: No such file or directory
Aug 27 15:01:32 gtw01 kernel: [ 6559.513003] device vxlan_sys_4789 left promiscuous mode
Aug 27 15:01:32 gtw01 dnsmasq[21246]: read /var/lib/neutron/dhcp/e7812da2-66f5-40d8-bf1a-d4907c506b9a/addn_hosts - 2 addresses
Aug 27 15:01:32 gtw01 dnsmasq-dhcp[21246]: read /var/lib/neutron/dhcp/e7812da2-66f5-40d8-bf1a-d4907c506b9a/host
Aug 27 15:01:32 gtw01 dnsmasq-dhcp[21246]: read /var/lib/neutron/dhcp/e7812da2-66f5-40d8-bf1a-d4907c506b9a/opts
Aug 27 15:01:34 gtw01 dnsmasq[21246]: read /var/lib/neutron/dhcp/e7812da2-66f5-40d8-bf1a-d4907c506b9a/addn_hosts - 3 addresses
Aug 27 15:01:34 gtw01 dnsmasq-dhcp[21246]: read /var/lib/neutron/dhcp/e7812da2-66f5-40d8-bf1a-d4907c506b9a/host
Aug 27 15:01:34 gtw01 dnsmasq-dhcp[21246]: read /var/lib/neutron/dhcp/e7812da2-66f5-40d8-bf1a-d4907c506b9a/opts
Aug 27 15:01:35 gtw01 dnsmasq[21246]: read /var/lib/neutron/dhcp/e7812da2-66f5-40d8-bf1a-d4907c506b9a/addn_hosts - 3 addresses
Aug 27 15:01:35 gtw01 dnsmasq-dhcp[21246]: read /var/lib/neutron/dhcp/e7812da2-66f5-40d8-bf1a-d4907c506b9a/host
Aug 27 15:01:35 gtw01 dnsmasq-dhcp[21246]: read /var/lib/neutron/dhcp/e7812da2-66f5-40d8-bf1a-d4907c506b9a/opts
Aug 27 15:01:36 gtw01 dnsmasq[21246]: read /var/lib/neutron/dhcp/e7812da2-66f5-40d8-bf1a-d4907c506b9a/addn_hosts - 3 addresses
Aug 27 15:01:36 gtw01 dnsmasq-dhcp[21246]: read /var/lib/neutron/dhcp/e7812da2-66f5-40d8-bf1a-d4907c506b9a/host
Aug 27 15:01:36 gtw01 dnsmasq-dhcp[21246]: read /var/lib/neutron/dhcp/e7812da2-66f5-40d8-bf1a-d4907c506b9a/opts
Aug 27 15:01:38 gtw01 kernel: [ 6565.741849] device tapb728347c-94 entered promiscuous mode
Aug 27 15:01:38 gtw01 systemd-udevd[28940]: link_config: autonegotiation is unset or enabled, the speed and duplex are not writable.
Aug 27 15:01:38 gtw01 systemd-udevd[28940]: Could not generate persistent MAC address for tapb728347c-94: No such file or directory
Aug 27 15:01:38 gtw01 systemd-udevd[29006]: Process '/sbin/ip link set tapb728347c-94 txqueuelen 10000' failed with exit code 1.
Aug 27 15:01:39 gtw01 kernel: [ 6566.851661] device vxlan_sys_4789 entered promiscuous mode
Aug 27 15:01:39 gtw01 systemd-udevd[29029]: link_config: autonegotiation is unset or enabled, the speed and duplex are not writable.
Aug 27 15:01:39 gtw01 systemd-udevd[29029]: Could not generate persistent MAC address for vxlan_sys_4789: No such file or directory
Aug 27 15:01:41 gtw01 dnsmasq[29164]: started, version 2.79 cachesize 150
Aug 27 15:01:41 gtw01 dnsmasq[29164]: DNS service limited to local subnets
Aug 27 15:01:41 gtw01 dnsmasq[29164]: compile time options: IPv6 GNU-getopt DBus i18n IDN DHCP DHCPv6 no-Lua TFTP conntrack ipset auth DNSSEC loop-detect inotify
Aug 27 15:01:41 gtw01 dnsmasq[29164]: warning: no upstream servers configured
Aug 27 15:01:41 gtw01 dnsmasq-dhcp[29164]: DHCP, static leases only on 192.168.120.0, lease time 1h
Aug 27 15:01:41 gtw01 dnsmasq[29164]: read /var/lib/neutron/dhcp/a4ddd28f-c008-46f2-b03e-84c09e0d9827/addn_hosts - 1 addresses
Aug 27 15:01:41 gtw01 dnsmasq-dhcp[29164]: read /var/lib/neutron/dhcp/a4ddd28f-c008-46f2-b03e-84c09e0d9827/host
Aug 27 15:01:41 gtw01 dnsmasq-dhcp[29164]: read /var/lib/neutron/dhcp/a4ddd28f-c008-46f2-b03e-84c09e0d9827/opts
Aug 27 15:01:41 gtw01 dnsmasq[21246]: read /var/lib/neutron/dhcp/e7812da2-66f5-40d8-bf1a-d4907c506b9a/addn_hosts - 4 addresses
Aug 27 15:01:41 gtw01 dnsmasq-dhcp[21246]: read /var/lib/neutron/dhcp/e7812da2-66f5-40d8-bf1a-d4907c506b9a/host
Aug 27 15:01:41 gtw01 dnsmasq-dhcp[21246]: read /var/lib/neutron/dhcp/e7812da2-66f5-40d8-bf1a-d4907c506b9a/opts
Aug 27 15:01:42 gtw01 kernel: [ 6569.465752] device qr-7cb1150a-03 entered promiscuous mode
Aug 27 15:01:42 gtw01 systemd-udevd[29192]: link_config: autonegotiation is unset or enabled, the speed and duplex are not writable.
Aug 27 15:01:42 gtw01 systemd-udevd[29192]: Could not generate persistent MAC address for qr-7cb1150a-03: No such file or directory
Aug 27 15:01:42 gtw01 dnsmasq[21246]: read /var/lib/neutron/dhcp/e7812da2-66f5-40d8-bf1a-d4907c506b9a/addn_hosts - 4 addresses
Aug 27 15:01:42 gtw01 dnsmasq-dhcp[21246]: read /var/lib/neutron/dhcp/e7812da2-66f5-40d8-bf1a-d4907c506b9a/host
Aug 27 15:01:42 gtw01 dnsmasq-dhcp[21246]: read /var/lib/neutron/dhcp/e7812da2-66f5-40d8-bf1a-d4907c506b9a/opts
Aug 27 15:01:42 gtw01 dnsmasq[29164]: read /var/lib/neutron/dhcp/a4ddd28f-c008-46f2-b03e-84c09e0d9827/addn_hosts - 2 addresses
Aug 27 15:01:42 gtw01 dnsmasq-dhcp[29164]: read /var/lib/neutron/dhcp/a4ddd28f-c008-46f2-b03e-84c09e0d9827/host
Aug 27 15:01:42 gtw01 dnsmasq-dhcp[29164]: read /var/lib/neutron/dhcp/a4ddd28f-c008-46f2-b03e-84c09e0d9827/opts
Aug 27 15:01:43 gtw01 systemd-udevd[29319]: link_config: autonegotiation is unset or enabled, the speed and duplex are not writable.
Aug 27 15:01:43 gtw01 systemd-udevd[29319]: Could not generate persistent MAC address for qg-b41afacd-37: No such file or directory
Aug 27 15:01:43 gtw01 kernel: [ 6570.359233] device qg-b41afacd-37 entered promiscuous mode
Aug 27 15:01:43 gtw01 kernel: [ 6570.624089] IPv4: martian source 192.168.120.1 from 192.168.120.1, on dev qg-b41afacd-37
Aug 27 15:01:43 gtw01 kernel: [ 6570.624092] ll header: 00000000: ff ff ff ff ff ff fa 16 3e 9e 08 c0 08 06        ........>.....
Aug 27 15:01:43 gtw01 dnsmasq[21246]: read /var/lib/neutron/dhcp/e7812da2-66f5-40d8-bf1a-d4907c506b9a/addn_hosts - 4 addresses
Aug 27 15:01:43 gtw01 dnsmasq-dhcp[21246]: read /var/lib/neutron/dhcp/e7812da2-66f5-40d8-bf1a-d4907c506b9a/host
Aug 27 15:01:43 gtw01 dnsmasq-dhcp[21246]: read /var/lib/neutron/dhcp/e7812da2-66f5-40d8-bf1a-d4907c506b9a/opts
Aug 27 15:01:44 gtw01 dnsmasq[29164]: read /var/lib/neutron/dhcp/a4ddd28f-c008-46f2-b03e-84c09e0d9827/addn_hosts - 2 addresses
Aug 27 15:01:44 gtw01 dnsmasq-dhcp[29164]: read /var/lib/neutron/dhcp/a4ddd28f-c008-46f2-b03e-84c09e0d9827/host
Aug 27 15:01:44 gtw01 dnsmasq-dhcp[29164]: read /var/lib/neutron/dhcp/a4ddd28f-c008-46f2-b03e-84c09e0d9827/opts
Aug 27 15:01:45 gtw01 dnsmasq[29164]: read /var/lib/neutron/dhcp/a4ddd28f-c008-46f2-b03e-84c09e0d9827/addn_hosts - 2 addresses
Aug 27 15:01:45 gtw01 dnsmasq-dhcp[29164]: read /var/lib/neutron/dhcp/a4ddd28f-c008-46f2-b03e-84c09e0d9827/host
Aug 27 15:01:45 gtw01 dnsmasq-dhcp[29164]: read /var/lib/neutron/dhcp/a4ddd28f-c008-46f2-b03e-84c09e0d9827/opts
Aug 27 15:01:46 gtw01 dnsmasq[29164]: read /var/lib/neutron/dhcp/a4ddd28f-c008-46f2-b03e-84c09e0d9827/addn_hosts - 2 addresses
Aug 27 15:01:46 gtw01 dnsmasq-dhcp[29164]: read /var/lib/neutron/dhcp/a4ddd28f-c008-46f2-b03e-84c09e0d9827/host
Aug 27 15:01:46 gtw01 dnsmasq-dhcp[29164]: read /var/lib/neutron/dhcp/a4ddd28f-c008-46f2-b03e-84c09e0d9827/opts
Aug 27 15:01:46 gtw01 kernel: [ 6573.400061] IPv4: martian source 10.16.0.126 from 10.16.0.126, on dev qr-7cb1150a-03
Aug 27 15:01:46 gtw01 kernel: [ 6573.400065] ll header: 00000000: ff ff ff ff ff ff fa 16 3e ae 8a 42 08 06        ........>..B..
Aug 27 15:01:46 gtw01 kernel: [ 6573.459857] IPv4: martian source 192.168.120.1 from 192.168.120.1, on dev qg-b41afacd-37
Aug 27 15:01:46 gtw01 kernel: [ 6573.459861] ll header: 00000000: ff ff ff ff ff ff fa 16 3e 9e 08 c0 08 06        ........>.....
Aug 27 15:01:47 gtw01 dnsmasq[29164]: read /var/lib/neutron/dhcp/a4ddd28f-c008-46f2-b03e-84c09e0d9827/addn_hosts - 2 addresses
Aug 27 15:01:47 gtw01 dnsmasq-dhcp[29164]: read /var/lib/neutron/dhcp/a4ddd28f-c008-46f2-b03e-84c09e0d9827/host
Aug 27 15:01:47 gtw01 dnsmasq-dhcp[29164]: read /var/lib/neutron/dhcp/a4ddd28f-c008-46f2-b03e-84c09e0d9827/opts
Aug 27 15:01:47 gtw01 dnsmasq[29164]: read /var/lib/neutron/dhcp/a4ddd28f-c008-46f2-b03e-84c09e0d9827/addn_hosts - 1 addresses
Aug 27 15:01:47 gtw01 dnsmasq-dhcp[29164]: read /var/lib/neutron/dhcp/a4ddd28f-c008-46f2-b03e-84c09e0d9827/host
Aug 27 15:01:47 gtw01 dnsmasq-dhcp[29164]: read /var/lib/neutron/dhcp/a4ddd28f-c008-46f2-b03e-84c09e0d9827/opts
Aug 27 15:01:48 gtw01 systemd-udevd[29641]: link_config: autonegotiation is unset or enabled, the speed and duplex are not writable.
Aug 27 15:01:48 gtw01 systemd-udevd[29641]: Could not generate persistent MAC address for tap1a5ef504-9c: No such file or directory
Aug 27 15:01:48 gtw01 kernel: [ 6575.415177] device tap1a5ef504-9c entered promiscuous mode
Aug 27 15:01:48 gtw01 systemd-udevd[29641]: Process '/sbin/ip link set tap1a5ef504-9c txqueuelen 10000' failed with exit code 1.
Aug 27 15:01:48 gtw01 systemd-udevd[29719]: Process '/sbin/ip link set tap1a5ef504-9c txqueuelen 10000' failed with exit code 1.
Aug 27 15:01:49 gtw01 kernel: [ 6576.217372] IPv4: martian source 192.168.120.1 from 192.168.120.1, on dev qg-b41afacd-37
Aug 27 15:01:49 gtw01 kernel: [ 6576.217376] ll header: 00000000: ff ff ff ff ff ff fa 16 3e 9e 08 c0 08 06        ........>.....
Aug 27 15:01:49 gtw01 dnsmasq[21246]: read /var/lib/neutron/dhcp/e7812da2-66f5-40d8-bf1a-d4907c506b9a/addn_hosts - 3 addresses
Aug 27 15:01:49 gtw01 dnsmasq-dhcp[21246]: read /var/lib/neutron/dhcp/e7812da2-66f5-40d8-bf1a-d4907c506b9a/host
Aug 27 15:01:49 gtw01 dnsmasq-dhcp[21246]: read /var/lib/neutron/dhcp/e7812da2-66f5-40d8-bf1a-d4907c506b9a/opts
Aug 27 15:01:50 gtw01 kernel: [ 6577.068871] device tapb728347c-94 left promiscuous mode
Aug 27 15:01:50 gtw01 dnsmasq-dhcp[21246]: DHCPDISCOVER(tape9a3cc68-02) fa:16:3e:8c:87:ab
Aug 27 15:01:50 gtw01 dnsmasq-dhcp[21246]: DHCPOFFER(tape9a3cc68-02) 192.168.120.140 fa:16:3e:8c:87:ab
Aug 27 15:01:50 gtw01 dnsmasq-dhcp[21246]: DHCPREQUEST(tape9a3cc68-02) 192.168.120.140 fa:16:3e:8c:87:ab
Aug 27 15:01:50 gtw01 dnsmasq-dhcp[21246]: DHCPACK(tape9a3cc68-02) 192.168.120.140 fa:16:3e:8c:87:ab host-192-168-120-140
Aug 27 15:01:51 gtw01 kernel: [ 6578.224193] device vxlan_sys_4789 left promiscuous mode
Aug 27 15:01:51 gtw01 kernel: [ 6578.452147] device qr-7cb1150a-03 left promiscuous mode
Aug 27 15:01:51 gtw01 systemd-udevd[29916]: link_config: autonegotiation is unset or enabled, the speed and duplex are not writable.
Aug 27 15:01:51 gtw01 systemd-udevd[29916]: Could not generate persistent MAC address for qr-df93e87d-c6: No such file or directory
Aug 27 15:01:51 gtw01 kernel: [ 6578.848023] device qr-df93e87d-c6 entered promiscuous mode
Aug 27 15:01:51 gtw01 dnsmasq[29972]: started, version 2.79 cachesize 150
Aug 27 15:01:51 gtw01 dnsmasq[29972]: DNS service limited to local subnets
Aug 27 15:01:51 gtw01 dnsmasq[29972]: compile time options: IPv6 GNU-getopt DBus i18n IDN DHCP DHCPv6 no-Lua TFTP conntrack ipset auth DNSSEC loop-detect inotify
Aug 27 15:01:51 gtw01 dnsmasq[29972]: warning: no upstream servers configured
Aug 27 15:01:51 gtw01 dnsmasq-dhcp[29972]: DHCP, static leases only on 192.168.120.0, lease time 1h
Aug 27 15:01:51 gtw01 dnsmasq[29972]: read /var/lib/neutron/dhcp/4141374e-89ac-464f-a91d-b999faed99c6/addn_hosts - 1 addresses
Aug 27 15:01:51 gtw01 dnsmasq-dhcp[29972]: read /var/lib/neutron/dhcp/4141374e-89ac-464f-a91d-b999faed99c6/host
Aug 27 15:01:51 gtw01 dnsmasq-dhcp[29972]: read /var/lib/neutron/dhcp/4141374e-89ac-464f-a91d-b999faed99c6/opts
Aug 27 15:01:52 gtw01 dnsmasq-dhcp[21246]: DHCPRELEASE(tape9a3cc68-02) 192.168.120.140 fa:16:3e:8c:87:ab
Aug 27 15:01:52 gtw01 kernel: [ 6579.421276] device qg-b41afacd-37 left promiscuous mode
Aug 27 15:01:52 gtw01 dnsmasq-dhcp[21246]: DHCPRELEASE(tape9a3cc68-02) 192.168.120.140 fa:16:3e:8c:87:ab unknown lease
Aug 27 15:01:52 gtw01 dnsmasq[29972]: read /var/lib/neutron/dhcp/4141374e-89ac-464f-a91d-b999faed99c6/addn_hosts - 2 addresses
Aug 27 15:01:52 gtw01 dnsmasq-dhcp[29972]: read /var/lib/neutron/dhcp/4141374e-89ac-464f-a91d-b999faed99c6/host
Aug 27 15:01:52 gtw01 dnsmasq-dhcp[29972]: read /var/lib/neutron/dhcp/4141374e-89ac-464f-a91d-b999faed99c6/opts
Aug 27 15:01:52 gtw01 systemd-udevd[30060]: link_config: autonegotiation is unset or enabled, the speed and duplex are not writable.
Aug 27 15:01:52 gtw01 systemd-udevd[30060]: Could not generate persistent MAC address for qg-d174a24a-10: No such file or directory
Aug 27 15:01:52 gtw01 kernel: [ 6579.913890] device qg-d174a24a-10 entered promiscuous mode
Aug 27 15:01:53 gtw01 kernel: [ 6580.116074] IPv4: martian source 192.168.120.1 from 192.168.120.1, on dev qg-d174a24a-10
Aug 27 15:01:53 gtw01 kernel: [ 6580.116077] ll header: 00000000: ff ff ff ff ff ff fa 16 3e 0a 1d 94 08 06        ........>.....
Aug 27 15:01:53 gtw01 dnsmasq[21246]: read /var/lib/neutron/dhcp/e7812da2-66f5-40d8-bf1a-d4907c506b9a/addn_hosts - 2 addresses
Aug 27 15:01:53 gtw01 dnsmasq-dhcp[21246]: read /var/lib/neutron/dhcp/e7812da2-66f5-40d8-bf1a-d4907c506b9a/host
Aug 27 15:01:53 gtw01 dnsmasq-dhcp[21246]: read /var/lib/neutron/dhcp/e7812da2-66f5-40d8-bf1a-d4907c506b9a/opts
Aug 27 15:01:54 gtw01 dnsmasq[29972]: read /var/lib/neutron/dhcp/4141374e-89ac-464f-a91d-b999faed99c6/addn_hosts - 2 addresses
Aug 27 15:01:54 gtw01 dnsmasq-dhcp[29972]: read /var/lib/neutron/dhcp/4141374e-89ac-464f-a91d-b999faed99c6/host
Aug 27 15:01:54 gtw01 dnsmasq-dhcp[29972]: read /var/lib/neutron/dhcp/4141374e-89ac-464f-a91d-b999faed99c6/opts
Aug 27 15:01:54 gtw01 dnsmasq[29972]: read /var/lib/neutron/dhcp/4141374e-89ac-464f-a91d-b999faed99c6/addn_hosts - 2 addresses
Aug 27 15:01:54 gtw01 dnsmasq-dhcp[29972]: read /var/lib/neutron/dhcp/4141374e-89ac-464f-a91d-b999faed99c6/host
Aug 27 15:01:54 gtw01 dnsmasq-dhcp[29972]: read /var/lib/neutron/dhcp/4141374e-89ac-464f-a91d-b999faed99c6/opts
Aug 27 15:01:55 gtw01 dnsmasq[29972]: read /var/lib/neutron/dhcp/4141374e-89ac-464f-a91d-b999faed99c6/addn_hosts - 2 addresses
Aug 27 15:01:55 gtw01 dnsmasq-dhcp[29972]: read /var/lib/neutron/dhcp/4141374e-89ac-464f-a91d-b999faed99c6/host
Aug 27 15:01:55 gtw01 dnsmasq-dhcp[29972]: read /var/lib/neutron/dhcp/4141374e-89ac-464f-a91d-b999faed99c6/opts
Aug 27 15:01:55 gtw01 kernel: [ 6582.952131] IPv4: martian source 10.16.0.176 from 10.16.0.176, on dev qr-df93e87d-c6
Aug 27 15:01:55 gtw01 kernel: [ 6582.952134] ll header: 00000000: ff ff ff ff ff ff fa 16 3e 33 dd f2 08 06        ........>3....
Aug 27 15:01:56 gtw01 kernel: [ 6583.071733] IPv4: martian source 192.168.120.1 from 192.168.120.1, on dev qg-d174a24a-10
Aug 27 15:01:56 gtw01 kernel: [ 6583.071737] ll header: 00000000: ff ff ff ff ff ff fa 16 3e 0a 1d 94 08 06        ........>.....
Aug 27 15:01:56 gtw01 dnsmasq[29972]: read /var/lib/neutron/dhcp/4141374e-89ac-464f-a91d-b999faed99c6/addn_hosts - 2 addresses
Aug 27 15:01:56 gtw01 dnsmasq-dhcp[29972]: read /var/lib/neutron/dhcp/4141374e-89ac-464f-a91d-b999faed99c6/host
Aug 27 15:01:56 gtw01 dnsmasq-dhcp[29972]: read /var/lib/neutron/dhcp/4141374e-89ac-464f-a91d-b999faed99c6/opts
Aug 27 15:01:58 gtw01 dnsmasq[21246]: read /var/lib/neutron/dhcp/e7812da2-66f5-40d8-bf1a-d4907c506b9a/addn_hosts - 3 addresses
Aug 27 15:01:58 gtw01 dnsmasq-dhcp[21246]: read /var/lib/neutron/dhcp/e7812da2-66f5-40d8-bf1a-d4907c506b9a/host
Aug 27 15:01:58 gtw01 dnsmasq-dhcp[21246]: read /var/lib/neutron/dhcp/e7812da2-66f5-40d8-bf1a-d4907c506b9a/opts
Aug 27 15:01:59 gtw01 dnsmasq[29972]: read /var/lib/neutron/dhcp/4141374e-89ac-464f-a91d-b999faed99c6/addn_hosts - 3 addresses
Aug 27 15:01:59 gtw01 dnsmasq-dhcp[29972]: read /var/lib/neutron/dhcp/4141374e-89ac-464f-a91d-b999faed99c6/host
Aug 27 15:01:59 gtw01 dnsmasq-dhcp[29972]: read /var/lib/neutron/dhcp/4141374e-89ac-464f-a91d-b999faed99c6/opts
Aug 27 15:01:59 gtw01 dnsmasq[21246]: read /var/lib/neutron/dhcp/e7812da2-66f5-40d8-bf1a-d4907c506b9a/addn_hosts - 3 addresses
Aug 27 15:01:59 gtw01 dnsmasq-dhcp[21246]: read /var/lib/neutron/dhcp/e7812da2-66f5-40d8-bf1a-d4907c506b9a/host
Aug 27 15:01:59 gtw01 dnsmasq-dhcp[21246]: read /var/lib/neutron/dhcp/e7812da2-66f5-40d8-bf1a-d4907c506b9a/opts
Aug 27 15:02:00 gtw01 dnsmasq[29972]: read /var/lib/neutron/dhcp/4141374e-89ac-464f-a91d-b999faed99c6/addn_hosts - 3 addresses
Aug 27 15:02:00 gtw01 dnsmasq-dhcp[29972]: read /var/lib/neutron/dhcp/4141374e-89ac-464f-a91d-b999faed99c6/host
Aug 27 15:02:00 gtw01 dnsmasq-dhcp[29972]: read /var/lib/neutron/dhcp/4141374e-89ac-464f-a91d-b999faed99c6/opts
Aug 27 15:02:00 gtw01 dnsmasq[21246]: read /var/lib/neutron/dhcp/e7812da2-66f5-40d8-bf1a-d4907c506b9a/addn_hosts - 3 addresses
Aug 27 15:02:00 gtw01 dnsmasq-dhcp[21246]: read /var/lib/neutron/dhcp/e7812da2-66f5-40d8-bf1a-d4907c506b9a/host
Aug 27 15:02:00 gtw01 dnsmasq-dhcp[21246]: read /var/lib/neutron/dhcp/e7812da2-66f5-40d8-bf1a-d4907c506b9a/opts
Aug 27 15:02:00 gtw01 dnsmasq[29972]: read /var/lib/neutron/dhcp/4141374e-89ac-464f-a91d-b999faed99c6/addn_hosts - 3 addresses
Aug 27 15:02:00 gtw01 dnsmasq-dhcp[29972]: read /var/lib/neutron/dhcp/4141374e-89ac-464f-a91d-b999faed99c6/host
Aug 27 15:02:00 gtw01 dnsmasq-dhcp[29972]: read /var/lib/neutron/dhcp/4141374e-89ac-464f-a91d-b999faed99c6/opts
Aug 27 15:02:02 gtw01 dnsmasq[29972]: read /var/lib/neutron/dhcp/4141374e-89ac-464f-a91d-b999faed99c6/addn_hosts - 3 addresses
Aug 27 15:02:02 gtw01 dnsmasq-dhcp[29972]: read /var/lib/neutron/dhcp/4141374e-89ac-464f-a91d-b999faed99c6/host
Aug 27 15:02:02 gtw01 dnsmasq-dhcp[29972]: read /var/lib/neutron/dhcp/4141374e-89ac-464f-a91d-b999faed99c6/opts
Aug 27 15:02:02 gtw01 dnsmasq[29972]: read /var/lib/neutron/dhcp/4141374e-89ac-464f-a91d-b999faed99c6/addn_hosts - 3 addresses
Aug 27 15:02:02 gtw01 dnsmasq-dhcp[29972]: read /var/lib/neutron/dhcp/4141374e-89ac-464f-a91d-b999faed99c6/host
Aug 27 15:02:02 gtw01 dnsmasq-dhcp[29972]: read /var/lib/neutron/dhcp/4141374e-89ac-464f-a91d-b999faed99c6/opts
Aug 27 15:02:03 gtw01 kernel: [ 6590.569727] device vxlan_sys_4789 entered promiscuous mode
Aug 27 15:02:03 gtw01 systemd-udevd[30546]: link_config: autonegotiation is unset or enabled, the speed and duplex are not writable.
Aug 27 15:02:03 gtw01 systemd-udevd[30546]: Could not generate persistent MAC address for vxlan_sys_4789: No such file or directory
Aug 27 15:02:10 gtw01 dnsmasq[21246]: read /var/lib/neutron/dhcp/e7812da2-66f5-40d8-bf1a-d4907c506b9a/addn_hosts - 2 addresses
Aug 27 15:02:10 gtw01 dnsmasq-dhcp[21246]: read /var/lib/neutron/dhcp/e7812da2-66f5-40d8-bf1a-d4907c506b9a/host
Aug 27 15:02:10 gtw01 dnsmasq-dhcp[21246]: read /var/lib/neutron/dhcp/e7812da2-66f5-40d8-bf1a-d4907c506b9a/opts
Aug 27 15:02:14 gtw01 dnsmasq-dhcp[29972]: DHCPDISCOVER(tap1a5ef504-9c) fa:16:3e:e8:6b:9a
Aug 27 15:02:14 gtw01 dnsmasq-dhcp[29972]: DHCPOFFER(tap1a5ef504-9c) 192.168.120.3 fa:16:3e:e8:6b:9a
Aug 27 15:02:14 gtw01 dnsmasq-dhcp[29972]: DHCPREQUEST(tap1a5ef504-9c) 192.168.120.3 fa:16:3e:e8:6b:9a
Aug 27 15:02:14 gtw01 dnsmasq-dhcp[29972]: DHCPACK(tap1a5ef504-9c) 192.168.120.3 fa:16:3e:e8:6b:9a host-192-168-120-3
Aug 27 15:02:14 gtw01 dnsmasq[21246]: read /var/lib/neutron/dhcp/e7812da2-66f5-40d8-bf1a-d4907c506b9a/addn_hosts - 3 addresses
Aug 27 15:02:14 gtw01 dnsmasq-dhcp[21246]: read /var/lib/neutron/dhcp/e7812da2-66f5-40d8-bf1a-d4907c506b9a/host
Aug 27 15:02:14 gtw01 dnsmasq-dhcp[21246]: read /var/lib/neutron/dhcp/e7812da2-66f5-40d8-bf1a-d4907c506b9a/opts
Aug 27 15:02:16 gtw01 dnsmasq[21246]: read /var/lib/neutron/dhcp/e7812da2-66f5-40d8-bf1a-d4907c506b9a/addn_hosts - 3 addresses
Aug 27 15:02:16 gtw01 dnsmasq-dhcp[21246]: read /var/lib/neutron/dhcp/e7812da2-66f5-40d8-bf1a-d4907c506b9a/host
Aug 27 15:02:16 gtw01 dnsmasq-dhcp[21246]: read /var/lib/neutron/dhcp/e7812da2-66f5-40d8-bf1a-d4907c506b9a/opts
Aug 27 15:02:17 gtw01 dnsmasq[21246]: read /var/lib/neutron/dhcp/e7812da2-66f5-40d8-bf1a-d4907c506b9a/addn_hosts - 3 addresses
Aug 27 15:02:17 gtw01 dnsmasq-dhcp[21246]: read /var/lib/neutron/dhcp/e7812da2-66f5-40d8-bf1a-d4907c506b9a/host
Aug 27 15:02:17 gtw01 dnsmasq-dhcp[21246]: read /var/lib/neutron/dhcp/e7812da2-66f5-40d8-bf1a-d4907c506b9a/opts
Aug 27 15:02:18 gtw01 dnsmasq[21246]: read /var/lib/neutron/dhcp/e7812da2-66f5-40d8-bf1a-d4907c506b9a/addn_hosts - 4 addresses
Aug 27 15:02:18 gtw01 dnsmasq-dhcp[21246]: read /var/lib/neutron/dhcp/e7812da2-66f5-40d8-bf1a-d4907c506b9a/host
Aug 27 15:02:18 gtw01 dnsmasq-dhcp[21246]: read /var/lib/neutron/dhcp/e7812da2-66f5-40d8-bf1a-d4907c506b9a/opts
Aug 27 15:02:19 gtw01 dnsmasq[21246]: read /var/lib/neutron/dhcp/e7812da2-66f5-40d8-bf1a-d4907c506b9a/addn_hosts - 4 addresses
Aug 27 15:02:19 gtw01 dnsmasq-dhcp[21246]: read /var/lib/neutron/dhcp/e7812da2-66f5-40d8-bf1a-d4907c506b9a/host
Aug 27 15:02:19 gtw01 dnsmasq-dhcp[21246]: read /var/lib/neutron/dhcp/e7812da2-66f5-40d8-bf1a-d4907c506b9a/opts
Aug 27 15:02:19 gtw01 kernel: [ 6606.841381] device tapa947c80f-ef entered promiscuous mode
Aug 27 15:02:19 gtw01 systemd-udevd[30851]: link_config: autonegotiation is unset or enabled, the speed and duplex are not writable.
Aug 27 15:02:19 gtw01 systemd-udevd[30851]: Could not generate persistent MAC address for tapa947c80f-ef: No such file or directory
Aug 27 15:02:19 gtw01 dnsmasq[21246]: read /var/lib/neutron/dhcp/e7812da2-66f5-40d8-bf1a-d4907c506b9a/addn_hosts - 4 addresses
Aug 27 15:02:19 gtw01 dnsmasq-dhcp[21246]: read /var/lib/neutron/dhcp/e7812da2-66f5-40d8-bf1a-d4907c506b9a/host
Aug 27 15:02:19 gtw01 dnsmasq-dhcp[21246]: read /var/lib/neutron/dhcp/e7812da2-66f5-40d8-bf1a-d4907c506b9a/opts
Aug 27 15:02:19 gtw01 systemd-udevd[30851]: Process '/sbin/ip link set tapa947c80f-ef txqueuelen 10000' failed with exit code 1.
Aug 27 15:02:19 gtw01 systemd-udevd[30851]: Process '/sbin/ip link set tapa947c80f-ef txqueuelen 10000' failed with exit code 1.
Aug 27 15:02:22 gtw01 dnsmasq[31020]: started, version 2.79 cachesize 150
Aug 27 15:02:22 gtw01 dnsmasq[31020]: DNS service limited to local subnets
Aug 27 15:02:22 gtw01 dnsmasq[31020]: compile time options: IPv6 GNU-getopt DBus i18n IDN DHCP DHCPv6 no-Lua TFTP conntrack ipset auth DNSSEC loop-detect inotify
Aug 27 15:02:22 gtw01 dnsmasq[31020]: warning: no upstream servers configured
Aug 27 15:02:22 gtw01 dnsmasq-dhcp[31020]: DHCP, static leases only on 192.168.120.0, lease time 1h
Aug 27 15:02:22 gtw01 dnsmasq[31020]: read /var/lib/neutron/dhcp/852f938e-5e92-4fc7-aac1-fbf303af447b/addn_hosts - 1 addresses
Aug 27 15:02:22 gtw01 dnsmasq-dhcp[31020]: read /var/lib/neutron/dhcp/852f938e-5e92-4fc7-aac1-fbf303af447b/host
Aug 27 15:02:22 gtw01 dnsmasq-dhcp[31020]: read /var/lib/neutron/dhcp/852f938e-5e92-4fc7-aac1-fbf303af447b/opts
Aug 27 15:02:23 gtw01 dnsmasq[21246]: read /var/lib/neutron/dhcp/e7812da2-66f5-40d8-bf1a-d4907c506b9a/addn_hosts - 3 addresses
Aug 27 15:02:23 gtw01 dnsmasq-dhcp[21246]: read /var/lib/neutron/dhcp/e7812da2-66f5-40d8-bf1a-d4907c506b9a/host
Aug 27 15:02:23 gtw01 dnsmasq-dhcp[21246]: read /var/lib/neutron/dhcp/e7812da2-66f5-40d8-bf1a-d4907c506b9a/opts
Aug 27 15:02:23 gtw01 kernel: [ 6610.584779] device qr-45cee117-31 entered promiscuous mode
Aug 27 15:02:23 gtw01 systemd-udevd[31051]: link_config: autonegotiation is unset or enabled, the speed and duplex are not writable.
Aug 27 15:02:23 gtw01 systemd-udevd[31051]: Could not generate persistent MAC address for qr-45cee117-31: No such file or directory
Aug 27 15:02:23 gtw01 dnsmasq[31020]: read /var/lib/neutron/dhcp/852f938e-5e92-4fc7-aac1-fbf303af447b/addn_hosts - 2 addresses
Aug 27 15:02:23 gtw01 dnsmasq-dhcp[31020]: read /var/lib/neutron/dhcp/852f938e-5e92-4fc7-aac1-fbf303af447b/host
Aug 27 15:02:23 gtw01 dnsmasq-dhcp[31020]: read /var/lib/neutron/dhcp/852f938e-5e92-4fc7-aac1-fbf303af447b/opts
Aug 27 15:02:24 gtw01 dnsmasq[29972]: read /var/lib/neutron/dhcp/4141374e-89ac-464f-a91d-b999faed99c6/addn_hosts - 4 addresses
Aug 27 15:02:24 gtw01 dnsmasq-dhcp[29972]: read /var/lib/neutron/dhcp/4141374e-89ac-464f-a91d-b999faed99c6/host
Aug 27 15:02:24 gtw01 dnsmasq-dhcp[29972]: read /var/lib/neutron/dhcp/4141374e-89ac-464f-a91d-b999faed99c6/opts
Aug 27 15:02:24 gtw01 systemd-udevd[31167]: link_config: autonegotiation is unset or enabled, the speed and duplex are not writable.
Aug 27 15:02:24 gtw01 systemd-udevd[31167]: Could not generate persistent MAC address for qg-01611090-25: No such file or directory
Aug 27 15:02:24 gtw01 kernel: [ 6611.344321] device qg-01611090-25 entered promiscuous mode
Aug 27 15:02:24 gtw01 kernel: [ 6611.601647] IPv4: martian source 192.168.120.1 from 192.168.120.1, on dev qg-01611090-25
Aug 27 15:02:24 gtw01 kernel: [ 6611.601650] ll header: 00000000: ff ff ff ff ff ff fa 16 3e 73 5f 69 08 06        ........>s_i..
Aug 27 15:02:25 gtw01 dnsmasq[31020]: read /var/lib/neutron/dhcp/852f938e-5e92-4fc7-aac1-fbf303af447b/addn_hosts - 2 addresses
Aug 27 15:02:25 gtw01 dnsmasq-dhcp[31020]: read /var/lib/neutron/dhcp/852f938e-5e92-4fc7-aac1-fbf303af447b/host
Aug 27 15:02:25 gtw01 dnsmasq-dhcp[31020]: read /var/lib/neutron/dhcp/852f938e-5e92-4fc7-aac1-fbf303af447b/opts
Aug 27 15:02:25 gtw01 dnsmasq[31020]: read /var/lib/neutron/dhcp/852f938e-5e92-4fc7-aac1-fbf303af447b/addn_hosts - 2 addresses
Aug 27 15:02:25 gtw01 dnsmasq-dhcp[31020]: read /var/lib/neutron/dhcp/852f938e-5e92-4fc7-aac1-fbf303af447b/host
Aug 27 15:02:25 gtw01 dnsmasq-dhcp[31020]: read /var/lib/neutron/dhcp/852f938e-5e92-4fc7-aac1-fbf303af447b/opts
Aug 27 15:02:26 gtw01 dnsmasq[31020]: read /var/lib/neutron/dhcp/852f938e-5e92-4fc7-aac1-fbf303af447b/addn_hosts - 2 addresses
Aug 27 15:02:26 gtw01 dnsmasq-dhcp[31020]: read /var/lib/neutron/dhcp/852f938e-5e92-4fc7-aac1-fbf303af447b/host
Aug 27 15:02:26 gtw01 dnsmasq-dhcp[31020]: read /var/lib/neutron/dhcp/852f938e-5e92-4fc7-aac1-fbf303af447b/opts
Aug 27 15:02:27 gtw01 dnsmasq[31020]: read /var/lib/neutron/dhcp/852f938e-5e92-4fc7-aac1-fbf303af447b/addn_hosts - 2 addresses
Aug 27 15:02:27 gtw01 dnsmasq-dhcp[31020]: read /var/lib/neutron/dhcp/852f938e-5e92-4fc7-aac1-fbf303af447b/host
Aug 27 15:02:27 gtw01 dnsmasq-dhcp[31020]: read /var/lib/neutron/dhcp/852f938e-5e92-4fc7-aac1-fbf303af447b/opts
Aug 27 15:02:27 gtw01 dnsmasq[29972]: read /var/lib/neutron/dhcp/4141374e-89ac-464f-a91d-b999faed99c6/addn_hosts - 3 addresses
Aug 27 15:02:27 gtw01 dnsmasq-dhcp[29972]: read /var/lib/neutron/dhcp/4141374e-89ac-464f-a91d-b999faed99c6/host
Aug 27 15:02:27 gtw01 dnsmasq-dhcp[29972]: read /var/lib/neutron/dhcp/4141374e-89ac-464f-a91d-b999faed99c6/opts
Aug 27 15:02:28 gtw01 kernel: [ 6615.383779] device vxlan_sys_4789 left promiscuous mode
Aug 27 15:02:28 gtw01 ovs-vswitchd: ovs|00075|netdev_tc_offloads(revalidator32)|ERR|dump_create: failed to get ifindex for vxlan-0a010006: No such device
Aug 27 15:02:29 gtw01 kernel: [ 6616.766050] device vxlan_sys_4789 entered promiscuous mode
Aug 27 15:02:29 gtw01 systemd-udevd[31444]: link_config: autonegotiation is unset or enabled, the speed and duplex are not writable.
Aug 27 15:02:29 gtw01 systemd-udevd[31444]: Could not generate persistent MAC address for vxlan_sys_4789: No such file or directory
Aug 27 15:02:30 gtw01 dnsmasq-dhcp[29972]: DHCPRELEASE(tap1a5ef504-9c) 192.168.120.3 fa:16:3e:e8:6b:9a
Aug 27 15:02:30 gtw01 dnsmasq[21246]: read /var/lib/neutron/dhcp/e7812da2-66f5-40d8-bf1a-d4907c506b9a/addn_hosts - 2 addresses
Aug 27 15:02:30 gtw01 dnsmasq-dhcp[21246]: read /var/lib/neutron/dhcp/e7812da2-66f5-40d8-bf1a-d4907c506b9a/host
Aug 27 15:02:30 gtw01 dnsmasq-dhcp[21246]: read /var/lib/neutron/dhcp/e7812da2-66f5-40d8-bf1a-d4907c506b9a/opts
Aug 27 15:02:31 gtw01 kernel: [ 6618.153388] device vxlan_sys_4789 left promiscuous mode
Aug 27 15:02:31 gtw01 dnsmasq-dhcp[29972]: DHCPRELEASE(tap1a5ef504-9c) 192.168.120.3 fa:16:3e:e8:6b:9a unknown lease
Aug 27 15:02:31 gtw01 dnsmasq[29972]: read /var/lib/neutron/dhcp/4141374e-89ac-464f-a91d-b999faed99c6/addn_hosts - 2 addresses
Aug 27 15:02:31 gtw01 dnsmasq-dhcp[29972]: read /var/lib/neutron/dhcp/4141374e-89ac-464f-a91d-b999faed99c6/host
Aug 27 15:02:31 gtw01 dnsmasq-dhcp[29972]: read /var/lib/neutron/dhcp/4141374e-89ac-464f-a91d-b999faed99c6/opts
Aug 27 15:02:32 gtw01 dnsmasq[31020]: read /var/lib/neutron/dhcp/852f938e-5e92-4fc7-aac1-fbf303af447b/addn_hosts - 2 addresses
Aug 27 15:02:32 gtw01 dnsmasq-dhcp[31020]: read /var/lib/neutron/dhcp/852f938e-5e92-4fc7-aac1-fbf303af447b/host
Aug 27 15:02:32 gtw01 dnsmasq-dhcp[31020]: read /var/lib/neutron/dhcp/852f938e-5e92-4fc7-aac1-fbf303af447b/opts
Aug 27 15:02:33 gtw01 dnsmasq[31020]: read /var/lib/neutron/dhcp/852f938e-5e92-4fc7-aac1-fbf303af447b/addn_hosts - 2 addresses
Aug 27 15:02:33 gtw01 dnsmasq-dhcp[31020]: read /var/lib/neutron/dhcp/852f938e-5e92-4fc7-aac1-fbf303af447b/host
Aug 27 15:02:33 gtw01 dnsmasq-dhcp[31020]: read /var/lib/neutron/dhcp/852f938e-5e92-4fc7-aac1-fbf303af447b/opts
Aug 27 15:02:35 gtw01 dnsmasq[29972]: read /var/lib/neutron/dhcp/4141374e-89ac-464f-a91d-b999faed99c6/addn_hosts - 1 addresses
Aug 27 15:02:35 gtw01 dnsmasq-dhcp[29972]: read /var/lib/neutron/dhcp/4141374e-89ac-464f-a91d-b999faed99c6/host
Aug 27 15:02:35 gtw01 dnsmasq-dhcp[29972]: read /var/lib/neutron/dhcp/4141374e-89ac-464f-a91d-b999faed99c6/opts
Aug 27 15:02:36 gtw01 dnsmasq[21246]: read /var/lib/neutron/dhcp/e7812da2-66f5-40d8-bf1a-d4907c506b9a/addn_hosts - 3 addresses
Aug 27 15:02:36 gtw01 dnsmasq-dhcp[21246]: read /var/lib/neutron/dhcp/e7812da2-66f5-40d8-bf1a-d4907c506b9a/host
Aug 27 15:02:36 gtw01 dnsmasq-dhcp[21246]: read /var/lib/neutron/dhcp/e7812da2-66f5-40d8-bf1a-d4907c506b9a/opts
Aug 27 15:02:37 gtw01 dnsmasq[21246]: read /var/lib/neutron/dhcp/e7812da2-66f5-40d8-bf1a-d4907c506b9a/addn_hosts - 3 addresses
Aug 27 15:02:37 gtw01 dnsmasq-dhcp[21246]: read /var/lib/neutron/dhcp/e7812da2-66f5-40d8-bf1a-d4907c506b9a/host
Aug 27 15:02:37 gtw01 dnsmasq-dhcp[21246]: read /var/lib/neutron/dhcp/e7812da2-66f5-40d8-bf1a-d4907c506b9a/opts
Aug 27 15:02:37 gtw01 kernel: [ 6624.927871] device qr-df93e87d-c6 left promiscuous mode
Aug 27 15:02:38 gtw01 dnsmasq[21246]: read /var/lib/neutron/dhcp/e7812da2-66f5-40d8-bf1a-d4907c506b9a/addn_hosts - 3 addresses
Aug 27 15:02:38 gtw01 dnsmasq-dhcp[21246]: read /var/lib/neutron/dhcp/e7812da2-66f5-40d8-bf1a-d4907c506b9a/host
Aug 27 15:02:38 gtw01 dnsmasq-dhcp[21246]: read /var/lib/neutron/dhcp/e7812da2-66f5-40d8-bf1a-d4907c506b9a/opts
Aug 27 15:02:38 gtw01 kernel: [ 6625.607164] device qg-d174a24a-10 left promiscuous mode
Aug 27 15:02:38 gtw01 kernel: [ 6625.713980] device tap09fd1ecf-de entered promiscuous mode
Aug 27 15:02:38 gtw01 systemd-udevd[31880]: link_config: autonegotiation is unset or enabled, the speed and duplex are not writable.
Aug 27 15:02:38 gtw01 systemd-udevd[31880]: Could not generate persistent MAC address for tap09fd1ecf-de: No such file or directory
Aug 27 15:02:38 gtw01 systemd-udevd[31880]: Process '/sbin/ip link set tap09fd1ecf-de txqueuelen 10000' failed with exit code 1.
Aug 27 15:02:38 gtw01 systemd-udevd[31880]: Process '/sbin/ip link set tap09fd1ecf-de txqueuelen 10000' failed with exit code 1.
Aug 27 15:02:41 gtw01 kernel: [ 6627.980448] device tap1a5ef504-9c left promiscuous mode
Aug 27 15:02:41 gtw01 dnsmasq[31020]: read /var/lib/neutron/dhcp/852f938e-5e92-4fc7-aac1-fbf303af447b/addn_hosts - 3 addresses
Aug 27 15:02:41 gtw01 dnsmasq-dhcp[31020]: read /var/lib/neutron/dhcp/852f938e-5e92-4fc7-aac1-fbf303af447b/host
