Aug 27 14:47:27 gtw01 kernel: [ 5714.549875] ll header: 00000000: ff ff ff ff ff ff fa 16 3e 73 0e 12 08 06        ........>s....
Aug 27 14:47:28 gtw01 dnsmasq[8956]: read /var/lib/neutron/dhcp/8eba6d4c-898a-49c3-bc67-1588f486504a/addn_hosts - 2 addresses
Aug 27 14:47:28 gtw01 dnsmasq-dhcp[8956]: read /var/lib/neutron/dhcp/8eba6d4c-898a-49c3-bc67-1588f486504a/host
Aug 27 14:47:28 gtw01 dnsmasq-dhcp[8956]: read /var/lib/neutron/dhcp/8eba6d4c-898a-49c3-bc67-1588f486504a/opts
Aug 27 14:47:29 gtw01 dnsmasq[8956]: read /var/lib/neutron/dhcp/8eba6d4c-898a-49c3-bc67-1588f486504a/addn_hosts - 2 addresses
Aug 27 14:47:29 gtw01 dnsmasq-dhcp[8956]: read /var/lib/neutron/dhcp/8eba6d4c-898a-49c3-bc67-1588f486504a/host
Aug 27 14:47:29 gtw01 dnsmasq-dhcp[8956]: read /var/lib/neutron/dhcp/8eba6d4c-898a-49c3-bc67-1588f486504a/opts
Aug 27 14:47:30 gtw01 dnsmasq[8956]: read /var/lib/neutron/dhcp/8eba6d4c-898a-49c3-bc67-1588f486504a/addn_hosts - 2 addresses
Aug 27 14:47:30 gtw01 dnsmasq-dhcp[8956]: read /var/lib/neutron/dhcp/8eba6d4c-898a-49c3-bc67-1588f486504a/host
Aug 27 14:47:30 gtw01 dnsmasq-dhcp[8956]: read /var/lib/neutron/dhcp/8eba6d4c-898a-49c3-bc67-1588f486504a/opts
Aug 27 14:47:31 gtw01 dnsmasq[8956]: read /var/lib/neutron/dhcp/8eba6d4c-898a-49c3-bc67-1588f486504a/addn_hosts - 2 addresses
Aug 27 14:47:31 gtw01 dnsmasq-dhcp[8956]: read /var/lib/neutron/dhcp/8eba6d4c-898a-49c3-bc67-1588f486504a/host
Aug 27 14:47:31 gtw01 dnsmasq-dhcp[8956]: read /var/lib/neutron/dhcp/8eba6d4c-898a-49c3-bc67-1588f486504a/opts
Aug 27 14:47:35 gtw01 dnsmasq[8956]: read /var/lib/neutron/dhcp/8eba6d4c-898a-49c3-bc67-1588f486504a/addn_hosts - 2 addresses
Aug 27 14:47:35 gtw01 dnsmasq-dhcp[8956]: read /var/lib/neutron/dhcp/8eba6d4c-898a-49c3-bc67-1588f486504a/host
Aug 27 14:47:35 gtw01 dnsmasq-dhcp[8956]: read /var/lib/neutron/dhcp/8eba6d4c-898a-49c3-bc67-1588f486504a/opts
Aug 27 14:47:36 gtw01 dnsmasq[8956]: read /var/lib/neutron/dhcp/8eba6d4c-898a-49c3-bc67-1588f486504a/addn_hosts - 2 addresses
Aug 27 14:47:36 gtw01 dnsmasq-dhcp[8956]: read /var/lib/neutron/dhcp/8eba6d4c-898a-49c3-bc67-1588f486504a/host
Aug 27 14:47:36 gtw01 dnsmasq-dhcp[8956]: read /var/lib/neutron/dhcp/8eba6d4c-898a-49c3-bc67-1588f486504a/opts
Aug 27 14:48:16 gtw01 kernel: [ 5763.141360] device tapdff8ab1f-23 entered promiscuous mode
Aug 27 14:48:16 gtw01 systemd-udevd[9518]: link_config: autonegotiation is unset or enabled, the speed and duplex are not writable.
Aug 27 14:48:16 gtw01 systemd-udevd[9518]: Could not generate persistent MAC address for tapdff8ab1f-23: No such file or directory
Aug 27 14:48:16 gtw01 systemd-udevd[9518]: Process '/sbin/ip link set tapdff8ab1f-23 txqueuelen 10000' failed with exit code 1.
Aug 27 14:48:16 gtw01 systemd-udevd[9518]: Process '/sbin/ip link set tapdff8ab1f-23 txqueuelen 10000' failed with exit code 1.
Aug 27 14:48:18 gtw01 systemd-udevd[9677]: link_config: autonegotiation is unset or enabled, the speed and duplex are not writable.
Aug 27 14:48:18 gtw01 systemd-udevd[9677]: Could not generate persistent MAC address for qg-37199ebc-77: No such file or directory
Aug 27 14:48:18 gtw01 kernel: [ 5765.745226] device qg-37199ebc-77 entered promiscuous mode
Aug 27 14:48:19 gtw01 dnsmasq[9768]: started, version 2.79 cachesize 150
Aug 27 14:48:19 gtw01 dnsmasq[9768]: DNS service limited to local subnets
Aug 27 14:48:19 gtw01 dnsmasq[9768]: compile time options: IPv6 GNU-getopt DBus i18n IDN DHCP DHCPv6 no-Lua TFTP conntrack ipset auth DNSSEC loop-detect inotify
Aug 27 14:48:19 gtw01 dnsmasq[9768]: warning: no upstream servers configured
Aug 27 14:48:19 gtw01 dnsmasq-dhcp[9768]: DHCP, static leases only on 192.168.120.0, lease time 1h
Aug 27 14:48:19 gtw01 dnsmasq[9768]: read /var/lib/neutron/dhcp/6b822d24-5c32-4d40-85e8-cf07c97fb37c/addn_hosts - 1 addresses
Aug 27 14:48:19 gtw01 dnsmasq-dhcp[9768]: read /var/lib/neutron/dhcp/6b822d24-5c32-4d40-85e8-cf07c97fb37c/host
Aug 27 14:48:19 gtw01 dnsmasq-dhcp[9768]: read /var/lib/neutron/dhcp/6b822d24-5c32-4d40-85e8-cf07c97fb37c/opts
Aug 27 14:48:20 gtw01 dnsmasq[9768]: read /var/lib/neutron/dhcp/6b822d24-5c32-4d40-85e8-cf07c97fb37c/addn_hosts - 2 addresses
Aug 27 14:48:20 gtw01 dnsmasq-dhcp[9768]: read /var/lib/neutron/dhcp/6b822d24-5c32-4d40-85e8-cf07c97fb37c/host
Aug 27 14:48:20 gtw01 dnsmasq-dhcp[9768]: read /var/lib/neutron/dhcp/6b822d24-5c32-4d40-85e8-cf07c97fb37c/opts
Aug 27 14:48:20 gtw01 kernel: [ 5767.242810] device tap3b6e5d02-38 entered promiscuous mode
Aug 27 14:48:20 gtw01 systemd-udevd[9818]: link_config: autonegotiation is unset or enabled, the speed and duplex are not writable.
Aug 27 14:48:20 gtw01 systemd-udevd[9818]: Could not generate persistent MAC address for tap3b6e5d02-38: No such file or directory
Aug 27 14:48:20 gtw01 systemd-udevd[9818]: Process '/sbin/ip link set tap3b6e5d02-38 txqueuelen 10000' failed with exit code 1.
Aug 27 14:48:20 gtw01 systemd-udevd[9898]: Process '/sbin/ip link set tap3b6e5d02-38 txqueuelen 10000' failed with exit code 1.
Aug 27 14:48:21 gtw01 dnsmasq[8956]: read /var/lib/neutron/dhcp/8eba6d4c-898a-49c3-bc67-1588f486504a/addn_hosts - 3 addresses
Aug 27 14:48:21 gtw01 dnsmasq-dhcp[8956]: read /var/lib/neutron/dhcp/8eba6d4c-898a-49c3-bc67-1588f486504a/host
Aug 27 14:48:21 gtw01 dnsmasq-dhcp[8956]: read /var/lib/neutron/dhcp/8eba6d4c-898a-49c3-bc67-1588f486504a/opts
Aug 27 14:48:21 gtw01 dnsmasq[9768]: read /var/lib/neutron/dhcp/6b822d24-5c32-4d40-85e8-cf07c97fb37c/addn_hosts - 2 addresses
Aug 27 14:48:21 gtw01 dnsmasq-dhcp[9768]: read /var/lib/neutron/dhcp/6b822d24-5c32-4d40-85e8-cf07c97fb37c/host
Aug 27 14:48:21 gtw01 dnsmasq-dhcp[9768]: read /var/lib/neutron/dhcp/6b822d24-5c32-4d40-85e8-cf07c97fb37c/opts
Aug 27 14:48:22 gtw01 dnsmasq[8956]: read /var/lib/neutron/dhcp/8eba6d4c-898a-49c3-bc67-1588f486504a/addn_hosts - 3 addresses
Aug 27 14:48:22 gtw01 dnsmasq-dhcp[8956]: read /var/lib/neutron/dhcp/8eba6d4c-898a-49c3-bc67-1588f486504a/host
Aug 27 14:48:22 gtw01 dnsmasq-dhcp[8956]: read /var/lib/neutron/dhcp/8eba6d4c-898a-49c3-bc67-1588f486504a/opts
Aug 27 14:48:22 gtw01 dnsmasq[9768]: read /var/lib/neutron/dhcp/6b822d24-5c32-4d40-85e8-cf07c97fb37c/addn_hosts - 2 addresses
Aug 27 14:48:22 gtw01 dnsmasq-dhcp[9768]: read /var/lib/neutron/dhcp/6b822d24-5c32-4d40-85e8-cf07c97fb37c/host
Aug 27 14:48:22 gtw01 dnsmasq-dhcp[9768]: read /var/lib/neutron/dhcp/6b822d24-5c32-4d40-85e8-cf07c97fb37c/opts
Aug 27 14:48:23 gtw01 dnsmasq[8956]: read /var/lib/neutron/dhcp/8eba6d4c-898a-49c3-bc67-1588f486504a/addn_hosts - 3 addresses
Aug 27 14:48:23 gtw01 dnsmasq-dhcp[8956]: read /var/lib/neutron/dhcp/8eba6d4c-898a-49c3-bc67-1588f486504a/host
Aug 27 14:48:23 gtw01 dnsmasq-dhcp[8956]: read /var/lib/neutron/dhcp/8eba6d4c-898a-49c3-bc67-1588f486504a/opts
Aug 27 14:48:23 gtw01 dnsmasq[9768]: read /var/lib/neutron/dhcp/6b822d24-5c32-4d40-85e8-cf07c97fb37c/addn_hosts - 2 addresses
Aug 27 14:48:23 gtw01 dnsmasq-dhcp[9768]: read /var/lib/neutron/dhcp/6b822d24-5c32-4d40-85e8-cf07c97fb37c/host
Aug 27 14:48:23 gtw01 dnsmasq-dhcp[9768]: read /var/lib/neutron/dhcp/6b822d24-5c32-4d40-85e8-cf07c97fb37c/opts
Aug 27 14:48:23 gtw01 dnsmasq[10117]: started, version 2.79 cachesize 150
Aug 27 14:48:23 gtw01 dnsmasq[10117]: DNS service limited to local subnets
Aug 27 14:48:23 gtw01 dnsmasq[10117]: compile time options: IPv6 GNU-getopt DBus i18n IDN DHCP DHCPv6 no-Lua TFTP conntrack ipset auth DNSSEC loop-detect inotify
Aug 27 14:48:23 gtw01 dnsmasq[10117]: warning: no upstream servers configured
Aug 27 14:48:23 gtw01 dnsmasq-dhcp[10117]: DHCP, static leases only on 192.168.120.0, lease time 1h
Aug 27 14:48:23 gtw01 dnsmasq[10117]: read /var/lib/neutron/dhcp/faca7cf7-8ce5-46a6-88a2-0d11e0ab59b2/addn_hosts - 1 addresses
Aug 27 14:48:23 gtw01 dnsmasq-dhcp[10117]: read /var/lib/neutron/dhcp/faca7cf7-8ce5-46a6-88a2-0d11e0ab59b2/host
Aug 27 14:48:23 gtw01 dnsmasq-dhcp[10117]: read /var/lib/neutron/dhcp/faca7cf7-8ce5-46a6-88a2-0d11e0ab59b2/opts
Aug 27 14:48:24 gtw01 kernel: [ 5771.466817] device qg-29d61852-6a entered promiscuous mode
Aug 27 14:48:24 gtw01 systemd-udevd[10156]: link_config: autonegotiation is unset or enabled, the speed and duplex are not writable.
Aug 27 14:48:24 gtw01 systemd-udevd[10156]: Could not generate persistent MAC address for qg-29d61852-6a: No such file or directory
Aug 27 14:48:24 gtw01 dnsmasq[8956]: read /var/lib/neutron/dhcp/8eba6d4c-898a-49c3-bc67-1588f486504a/addn_hosts - 4 addresses
Aug 27 14:48:24 gtw01 dnsmasq-dhcp[8956]: read /var/lib/neutron/dhcp/8eba6d4c-898a-49c3-bc67-1588f486504a/host
Aug 27 14:48:24 gtw01 dnsmasq-dhcp[8956]: read /var/lib/neutron/dhcp/8eba6d4c-898a-49c3-bc67-1588f486504a/opts
Aug 27 14:48:24 gtw01 dnsmasq[9768]: read /var/lib/neutron/dhcp/6b822d24-5c32-4d40-85e8-cf07c97fb37c/addn_hosts - 2 addresses
Aug 27 14:48:24 gtw01 dnsmasq-dhcp[9768]: read /var/lib/neutron/dhcp/6b822d24-5c32-4d40-85e8-cf07c97fb37c/host
Aug 27 14:48:24 gtw01 dnsmasq-dhcp[9768]: read /var/lib/neutron/dhcp/6b822d24-5c32-4d40-85e8-cf07c97fb37c/opts
Aug 27 14:48:25 gtw01 dnsmasq[10117]: read /var/lib/neutron/dhcp/faca7cf7-8ce5-46a6-88a2-0d11e0ab59b2/addn_hosts - 2 addresses
Aug 27 14:48:25 gtw01 dnsmasq-dhcp[10117]: read /var/lib/neutron/dhcp/faca7cf7-8ce5-46a6-88a2-0d11e0ab59b2/host
Aug 27 14:48:25 gtw01 dnsmasq-dhcp[10117]: read /var/lib/neutron/dhcp/faca7cf7-8ce5-46a6-88a2-0d11e0ab59b2/opts
Aug 27 14:48:26 gtw01 dnsmasq[8956]: read /var/lib/neutron/dhcp/8eba6d4c-898a-49c3-bc67-1588f486504a/addn_hosts - 4 addresses
Aug 27 14:48:26 gtw01 dnsmasq-dhcp[8956]: read /var/lib/neutron/dhcp/8eba6d4c-898a-49c3-bc67-1588f486504a/host
Aug 27 14:48:26 gtw01 dnsmasq-dhcp[8956]: read /var/lib/neutron/dhcp/8eba6d4c-898a-49c3-bc67-1588f486504a/opts
Aug 27 14:48:26 gtw01 dnsmasq[10117]: read /var/lib/neutron/dhcp/faca7cf7-8ce5-46a6-88a2-0d11e0ab59b2/addn_hosts - 2 addresses
Aug 27 14:48:26 gtw01 dnsmasq-dhcp[10117]: read /var/lib/neutron/dhcp/faca7cf7-8ce5-46a6-88a2-0d11e0ab59b2/host
Aug 27 14:48:26 gtw01 dnsmasq-dhcp[10117]: read /var/lib/neutron/dhcp/faca7cf7-8ce5-46a6-88a2-0d11e0ab59b2/opts
Aug 27 14:48:26 gtw01 dnsmasq[8956]: read /var/lib/neutron/dhcp/8eba6d4c-898a-49c3-bc67-1588f486504a/addn_hosts - 4 addresses
Aug 27 14:48:26 gtw01 dnsmasq-dhcp[8956]: read /var/lib/neutron/dhcp/8eba6d4c-898a-49c3-bc67-1588f486504a/host
Aug 27 14:48:26 gtw01 dnsmasq-dhcp[8956]: read /var/lib/neutron/dhcp/8eba6d4c-898a-49c3-bc67-1588f486504a/opts
Aug 27 14:48:27 gtw01 kernel: [ 5774.103493] device vxlan_sys_4789 entered promiscuous mode
Aug 27 14:48:27 gtw01 systemd-udevd[10383]: link_config: autonegotiation is unset or enabled, the speed and duplex are not writable.
Aug 27 14:48:27 gtw01 systemd-udevd[10383]: Could not generate persistent MAC address for vxlan_sys_4789: No such file or directory
Aug 27 14:48:27 gtw01 dnsmasq[10117]: read /var/lib/neutron/dhcp/faca7cf7-8ce5-46a6-88a2-0d11e0ab59b2/addn_hosts - 2 addresses
Aug 27 14:48:27 gtw01 dnsmasq-dhcp[10117]: read /var/lib/neutron/dhcp/faca7cf7-8ce5-46a6-88a2-0d11e0ab59b2/host
Aug 27 14:48:27 gtw01 dnsmasq-dhcp[10117]: read /var/lib/neutron/dhcp/faca7cf7-8ce5-46a6-88a2-0d11e0ab59b2/opts
Aug 27 14:48:28 gtw01 dnsmasq[9768]: read /var/lib/neutron/dhcp/6b822d24-5c32-4d40-85e8-cf07c97fb37c/addn_hosts - 2 addresses
Aug 27 14:48:28 gtw01 dnsmasq-dhcp[9768]: read /var/lib/neutron/dhcp/6b822d24-5c32-4d40-85e8-cf07c97fb37c/host
Aug 27 14:48:28 gtw01 dnsmasq-dhcp[9768]: read /var/lib/neutron/dhcp/6b822d24-5c32-4d40-85e8-cf07c97fb37c/opts
Aug 27 14:48:28 gtw01 dnsmasq[10117]: read /var/lib/neutron/dhcp/faca7cf7-8ce5-46a6-88a2-0d11e0ab59b2/addn_hosts - 2 addresses
Aug 27 14:48:28 gtw01 dnsmasq-dhcp[10117]: read /var/lib/neutron/dhcp/faca7cf7-8ce5-46a6-88a2-0d11e0ab59b2/host
Aug 27 14:48:28 gtw01 dnsmasq-dhcp[10117]: read /var/lib/neutron/dhcp/faca7cf7-8ce5-46a6-88a2-0d11e0ab59b2/opts
Aug 27 14:48:29 gtw01 kernel: [ 5776.107372] device qr-ac573fa3-cb entered promiscuous mode
Aug 27 14:48:29 gtw01 systemd-udevd[10540]: link_config: autonegotiation is unset or enabled, the speed and duplex are not writable.
Aug 27 14:48:29 gtw01 systemd-udevd[10540]: Could not generate persistent MAC address for qr-ac573fa3-cb: No such file or directory
Aug 27 14:48:29 gtw01 dnsmasq[9768]: read /var/lib/neutron/dhcp/6b822d24-5c32-4d40-85e8-cf07c97fb37c/addn_hosts - 3 addresses
Aug 27 14:48:29 gtw01 dnsmasq-dhcp[9768]: read /var/lib/neutron/dhcp/6b822d24-5c32-4d40-85e8-cf07c97fb37c/host
Aug 27 14:48:29 gtw01 dnsmasq-dhcp[9768]: read /var/lib/neutron/dhcp/6b822d24-5c32-4d40-85e8-cf07c97fb37c/opts
Aug 27 14:48:29 gtw01 dnsmasq[10117]: read /var/lib/neutron/dhcp/faca7cf7-8ce5-46a6-88a2-0d11e0ab59b2/addn_hosts - 2 addresses
Aug 27 14:48:29 gtw01 dnsmasq-dhcp[10117]: read /var/lib/neutron/dhcp/faca7cf7-8ce5-46a6-88a2-0d11e0ab59b2/host
Aug 27 14:48:29 gtw01 dnsmasq-dhcp[10117]: read /var/lib/neutron/dhcp/faca7cf7-8ce5-46a6-88a2-0d11e0ab59b2/opts
Aug 27 14:48:30 gtw01 dnsmasq[9768]: read /var/lib/neutron/dhcp/6b822d24-5c32-4d40-85e8-cf07c97fb37c/addn_hosts - 3 addresses
Aug 27 14:48:30 gtw01 dnsmasq-dhcp[9768]: read /var/lib/neutron/dhcp/6b822d24-5c32-4d40-85e8-cf07c97fb37c/host
Aug 27 14:48:30 gtw01 dnsmasq-dhcp[9768]: read /var/lib/neutron/dhcp/6b822d24-5c32-4d40-85e8-cf07c97fb37c/opts
Aug 27 14:48:31 gtw01 dnsmasq[9768]: read /var/lib/neutron/dhcp/6b822d24-5c32-4d40-85e8-cf07c97fb37c/addn_hosts - 3 addresses
Aug 27 14:48:31 gtw01 dnsmasq-dhcp[9768]: read /var/lib/neutron/dhcp/6b822d24-5c32-4d40-85e8-cf07c97fb37c/host
Aug 27 14:48:31 gtw01 dnsmasq-dhcp[9768]: read /var/lib/neutron/dhcp/6b822d24-5c32-4d40-85e8-cf07c97fb37c/opts
Aug 27 14:48:32 gtw01 dnsmasq[9768]: read /var/lib/neutron/dhcp/6b822d24-5c32-4d40-85e8-cf07c97fb37c/addn_hosts - 3 addresses
Aug 27 14:48:32 gtw01 dnsmasq-dhcp[9768]: read /var/lib/neutron/dhcp/6b822d24-5c32-4d40-85e8-cf07c97fb37c/host
Aug 27 14:48:32 gtw01 dnsmasq-dhcp[9768]: read /var/lib/neutron/dhcp/6b822d24-5c32-4d40-85e8-cf07c97fb37c/opts
Aug 27 14:48:32 gtw01 dnsmasq[10117]: read /var/lib/neutron/dhcp/faca7cf7-8ce5-46a6-88a2-0d11e0ab59b2/addn_hosts - 3 addresses
Aug 27 14:48:32 gtw01 dnsmasq-dhcp[10117]: read /var/lib/neutron/dhcp/faca7cf7-8ce5-46a6-88a2-0d11e0ab59b2/host
Aug 27 14:48:32 gtw01 dnsmasq-dhcp[10117]: read /var/lib/neutron/dhcp/faca7cf7-8ce5-46a6-88a2-0d11e0ab59b2/opts
Aug 27 14:48:34 gtw01 dnsmasq[10117]: read /var/lib/neutron/dhcp/faca7cf7-8ce5-46a6-88a2-0d11e0ab59b2/addn_hosts - 3 addresses
Aug 27 14:48:34 gtw01 dnsmasq-dhcp[10117]: read /var/lib/neutron/dhcp/faca7cf7-8ce5-46a6-88a2-0d11e0ab59b2/host
Aug 27 14:48:34 gtw01 dnsmasq-dhcp[10117]: read /var/lib/neutron/dhcp/faca7cf7-8ce5-46a6-88a2-0d11e0ab59b2/opts
Aug 27 14:48:35 gtw01 dnsmasq[10117]: read /var/lib/neutron/dhcp/faca7cf7-8ce5-46a6-88a2-0d11e0ab59b2/addn_hosts - 3 addresses
Aug 27 14:48:35 gtw01 dnsmasq-dhcp[10117]: read /var/lib/neutron/dhcp/faca7cf7-8ce5-46a6-88a2-0d11e0ab59b2/host
Aug 27 14:48:35 gtw01 dnsmasq-dhcp[10117]: read /var/lib/neutron/dhcp/faca7cf7-8ce5-46a6-88a2-0d11e0ab59b2/opts
Aug 27 14:48:35 gtw01 systemd-udevd[10905]: link_config: autonegotiation is unset or enabled, the speed and duplex are not writable.
Aug 27 14:48:35 gtw01 systemd-udevd[10905]: Could not generate persistent MAC address for qr-7513b8f2-70: No such file or directory
Aug 27 14:48:35 gtw01 kernel: [ 5782.633720] device qr-7513b8f2-70 entered promiscuous mode
Aug 27 14:48:36 gtw01 dnsmasq[10117]: read /var/lib/neutron/dhcp/faca7cf7-8ce5-46a6-88a2-0d11e0ab59b2/addn_hosts - 3 addresses
Aug 27 14:48:36 gtw01 dnsmasq-dhcp[10117]: read /var/lib/neutron/dhcp/faca7cf7-8ce5-46a6-88a2-0d11e0ab59b2/host
Aug 27 14:48:36 gtw01 dnsmasq-dhcp[10117]: read /var/lib/neutron/dhcp/faca7cf7-8ce5-46a6-88a2-0d11e0ab59b2/opts
Aug 27 14:48:36 gtw01 dnsmasq[8956]: read /var/lib/neutron/dhcp/8eba6d4c-898a-49c3-bc67-1588f486504a/addn_hosts - 3 addresses
Aug 27 14:48:36 gtw01 dnsmasq-dhcp[8956]: read /var/lib/neutron/dhcp/8eba6d4c-898a-49c3-bc67-1588f486504a/host
Aug 27 14:48:36 gtw01 dnsmasq-dhcp[8956]: read /var/lib/neutron/dhcp/8eba6d4c-898a-49c3-bc67-1588f486504a/opts
Aug 27 14:48:37 gtw01 dnsmasq[10117]: read /var/lib/neutron/dhcp/faca7cf7-8ce5-46a6-88a2-0d11e0ab59b2/addn_hosts - 3 addresses
Aug 27 14:48:37 gtw01 dnsmasq-dhcp[10117]: read /var/lib/neutron/dhcp/faca7cf7-8ce5-46a6-88a2-0d11e0ab59b2/host
Aug 27 14:48:37 gtw01 dnsmasq-dhcp[10117]: read /var/lib/neutron/dhcp/faca7cf7-8ce5-46a6-88a2-0d11e0ab59b2/opts
Aug 27 14:48:37 gtw01 dnsmasq[8956]: read /var/lib/neutron/dhcp/8eba6d4c-898a-49c3-bc67-1588f486504a/addn_hosts - 2 addresses
Aug 27 14:48:37 gtw01 dnsmasq-dhcp[8956]: read /var/lib/neutron/dhcp/8eba6d4c-898a-49c3-bc67-1588f486504a/host
Aug 27 14:48:37 gtw01 dnsmasq-dhcp[8956]: read /var/lib/neutron/dhcp/8eba6d4c-898a-49c3-bc67-1588f486504a/opts
Aug 27 14:48:44 gtw01 dnsmasq-dhcp[9768]: DHCPDISCOVER(tapdff8ab1f-23) fa:16:3e:fc:6f:69
Aug 27 14:48:44 gtw01 dnsmasq-dhcp[9768]: DHCPOFFER(tapdff8ab1f-23) 192.168.120.13 fa:16:3e:fc:6f:69
Aug 27 14:48:44 gtw01 dnsmasq-dhcp[9768]: DHCPREQUEST(tapdff8ab1f-23) 192.168.120.13 fa:16:3e:fc:6f:69
Aug 27 14:48:44 gtw01 dnsmasq-dhcp[9768]: DHCPACK(tapdff8ab1f-23) 192.168.120.13 fa:16:3e:fc:6f:69 host-192-168-120-13
Aug 27 14:48:45 gtw01 dnsmasq[8956]: read /var/lib/neutron/dhcp/8eba6d4c-898a-49c3-bc67-1588f486504a/addn_hosts - 3 addresses
Aug 27 14:48:45 gtw01 dnsmasq-dhcp[8956]: read /var/lib/neutron/dhcp/8eba6d4c-898a-49c3-bc67-1588f486504a/host
Aug 27 14:48:45 gtw01 dnsmasq-dhcp[8956]: read /var/lib/neutron/dhcp/8eba6d4c-898a-49c3-bc67-1588f486504a/opts
Aug 27 14:48:46 gtw01 dnsmasq[8956]: read /var/lib/neutron/dhcp/8eba6d4c-898a-49c3-bc67-1588f486504a/addn_hosts - 4 addresses
Aug 27 14:48:46 gtw01 dnsmasq-dhcp[8956]: read /var/lib/neutron/dhcp/8eba6d4c-898a-49c3-bc67-1588f486504a/host
Aug 27 14:48:46 gtw01 dnsmasq-dhcp[8956]: read /var/lib/neutron/dhcp/8eba6d4c-898a-49c3-bc67-1588f486504a/opts
Aug 27 14:48:47 gtw01 dnsmasq[8956]: read /var/lib/neutron/dhcp/8eba6d4c-898a-49c3-bc67-1588f486504a/addn_hosts - 5 addresses
Aug 27 14:48:47 gtw01 dnsmasq-dhcp[8956]: read /var/lib/neutron/dhcp/8eba6d4c-898a-49c3-bc67-1588f486504a/host
Aug 27 14:48:47 gtw01 dnsmasq-dhcp[8956]: read /var/lib/neutron/dhcp/8eba6d4c-898a-49c3-bc67-1588f486504a/opts
Aug 27 14:48:47 gtw01 dnsmasq-dhcp[10117]: DHCPDISCOVER(tap3b6e5d02-38) fa:16:3e:a9:88:8b
Aug 27 14:48:47 gtw01 dnsmasq-dhcp[10117]: DHCPOFFER(tap3b6e5d02-38) 192.168.120.7 fa:16:3e:a9:88:8b
Aug 27 14:48:47 gtw01 dnsmasq-dhcp[10117]: DHCPREQUEST(tap3b6e5d02-38) 192.168.120.7 fa:16:3e:a9:88:8b
Aug 27 14:48:47 gtw01 dnsmasq-dhcp[10117]: DHCPACK(tap3b6e5d02-38) 192.168.120.7 fa:16:3e:a9:88:8b host-192-168-120-7
Aug 27 14:48:48 gtw01 dnsmasq[8956]: read /var/lib/neutron/dhcp/8eba6d4c-898a-49c3-bc67-1588f486504a/addn_hosts - 5 addresses
Aug 27 14:48:48 gtw01 dnsmasq-dhcp[8956]: read /var/lib/neutron/dhcp/8eba6d4c-898a-49c3-bc67-1588f486504a/host
Aug 27 14:48:48 gtw01 dnsmasq-dhcp[8956]: read /var/lib/neutron/dhcp/8eba6d4c-898a-49c3-bc67-1588f486504a/opts
Aug 27 14:48:48 gtw01 dnsmasq[8956]: read /var/lib/neutron/dhcp/8eba6d4c-898a-49c3-bc67-1588f486504a/addn_hosts - 5 addresses
Aug 27 14:48:48 gtw01 dnsmasq-dhcp[8956]: read /var/lib/neutron/dhcp/8eba6d4c-898a-49c3-bc67-1588f486504a/host
Aug 27 14:48:48 gtw01 dnsmasq-dhcp[8956]: read /var/lib/neutron/dhcp/8eba6d4c-898a-49c3-bc67-1588f486504a/opts
Aug 27 14:48:49 gtw01 dnsmasq-dhcp[9768]: DHCPRELEASE(tapdff8ab1f-23) 192.168.120.13 fa:16:3e:fc:6f:69
Aug 27 14:48:49 gtw01 dnsmasq-dhcp[9768]: DHCPRELEASE(tapdff8ab1f-23) 192.168.120.13 fa:16:3e:fc:6f:69 unknown lease
Aug 27 14:48:49 gtw01 dnsmasq[8956]: read /var/lib/neutron/dhcp/8eba6d4c-898a-49c3-bc67-1588f486504a/addn_hosts - 5 addresses
Aug 27 14:48:49 gtw01 dnsmasq-dhcp[8956]: read /var/lib/neutron/dhcp/8eba6d4c-898a-49c3-bc67-1588f486504a/host
Aug 27 14:48:49 gtw01 dnsmasq-dhcp[8956]: read /var/lib/neutron/dhcp/8eba6d4c-898a-49c3-bc67-1588f486504a/opts
Aug 27 14:48:50 gtw01 dnsmasq[9768]: read /var/lib/neutron/dhcp/6b822d24-5c32-4d40-85e8-cf07c97fb37c/addn_hosts - 2 addresses
Aug 27 14:48:50 gtw01 dnsmasq-dhcp[9768]: read /var/lib/neutron/dhcp/6b822d24-5c32-4d40-85e8-cf07c97fb37c/host
Aug 27 14:48:50 gtw01 dnsmasq-dhcp[9768]: read /var/lib/neutron/dhcp/6b822d24-5c32-4d40-85e8-cf07c97fb37c/opts
Aug 27 14:48:50 gtw01 dnsmasq[8956]: read /var/lib/neutron/dhcp/8eba6d4c-898a-49c3-bc67-1588f486504a/addn_hosts - 5 addresses
Aug 27 14:48:50 gtw01 dnsmasq-dhcp[8956]: read /var/lib/neutron/dhcp/8eba6d4c-898a-49c3-bc67-1588f486504a/host
Aug 27 14:48:50 gtw01 dnsmasq-dhcp[8956]: read /var/lib/neutron/dhcp/8eba6d4c-898a-49c3-bc67-1588f486504a/opts
Aug 27 14:48:51 gtw01 kernel: [ 5798.355480] device tap4cc91876-04 entered promiscuous mode
Aug 27 14:48:51 gtw01 systemd-udevd[11464]: link_config: autonegotiation is unset or enabled, the speed and duplex are not writable.
Aug 27 14:48:51 gtw01 systemd-udevd[11464]: Could not generate persistent MAC address for tap4cc91876-04: No such file or directory
Aug 27 14:48:51 gtw01 systemd-udevd[11548]: Process '/sbin/ip link set tap4cc91876-04 txqueuelen 10000' failed with exit code 1.
Aug 27 14:48:51 gtw01 dnsmasq[8956]: read /var/lib/neutron/dhcp/8eba6d4c-898a-49c3-bc67-1588f486504a/addn_hosts - 5 addresses
Aug 27 14:48:51 gtw01 dnsmasq-dhcp[8956]: read /var/lib/neutron/dhcp/8eba6d4c-898a-49c3-bc67-1588f486504a/host
Aug 27 14:48:51 gtw01 dnsmasq-dhcp[8956]: read /var/lib/neutron/dhcp/8eba6d4c-898a-49c3-bc67-1588f486504a/opts
Aug 27 14:48:52 gtw01 dnsmasq[8956]: read /var/lib/neutron/dhcp/8eba6d4c-898a-49c3-bc67-1588f486504a/addn_hosts - 5 addresses
Aug 27 14:48:52 gtw01 dnsmasq-dhcp[8956]: read /var/lib/neutron/dhcp/8eba6d4c-898a-49c3-bc67-1588f486504a/host
Aug 27 14:48:52 gtw01 dnsmasq-dhcp[8956]: read /var/lib/neutron/dhcp/8eba6d4c-898a-49c3-bc67-1588f486504a/opts
Aug 27 14:48:53 gtw01 dnsmasq-dhcp[10117]: DHCPRELEASE(tap3b6e5d02-38) 192.168.120.7 fa:16:3e:a9:88:8b
Aug 27 14:48:54 gtw01 dnsmasq-dhcp[10117]: DHCPRELEASE(tap3b6e5d02-38) 192.168.120.7 fa:16:3e:a9:88:8b unknown lease
Aug 27 14:48:54 gtw01 dnsmasq[11715]: started, version 2.79 cachesize 150
Aug 27 14:48:54 gtw01 dnsmasq[11715]: DNS service limited to local subnets
Aug 27 14:48:54 gtw01 dnsmasq[11715]: compile time options: IPv6 GNU-getopt DBus i18n IDN DHCP DHCPv6 no-Lua TFTP conntrack ipset auth DNSSEC loop-detect inotify
Aug 27 14:48:54 gtw01 dnsmasq[11715]: warning: no upstream servers configured
Aug 27 14:48:54 gtw01 dnsmasq-dhcp[11715]: DHCP, static leases only on 192.168.120.0, lease time 1h
Aug 27 14:48:54 gtw01 dnsmasq[11715]: read /var/lib/neutron/dhcp/fb340184-c5ad-4de8-ad8c-502cd891875e/addn_hosts - 1 addresses
Aug 27 14:48:54 gtw01 dnsmasq-dhcp[11715]: read /var/lib/neutron/dhcp/fb340184-c5ad-4de8-ad8c-502cd891875e/host
Aug 27 14:48:54 gtw01 dnsmasq-dhcp[11715]: read /var/lib/neutron/dhcp/fb340184-c5ad-4de8-ad8c-502cd891875e/opts
Aug 27 14:48:54 gtw01 dnsmasq[10117]: read /var/lib/neutron/dhcp/faca7cf7-8ce5-46a6-88a2-0d11e0ab59b2/addn_hosts - 2 addresses
Aug 27 14:48:54 gtw01 dnsmasq-dhcp[10117]: read /var/lib/neutron/dhcp/faca7cf7-8ce5-46a6-88a2-0d11e0ab59b2/host
Aug 27 14:48:54 gtw01 dnsmasq-dhcp[10117]: read /var/lib/neutron/dhcp/faca7cf7-8ce5-46a6-88a2-0d11e0ab59b2/opts
Aug 27 14:48:55 gtw01 dnsmasq[9768]: read /var/lib/neutron/dhcp/6b822d24-5c32-4d40-85e8-cf07c97fb37c/addn_hosts - 1 addresses
Aug 27 14:48:55 gtw01 dnsmasq-dhcp[9768]: read /var/lib/neutron/dhcp/6b822d24-5c32-4d40-85e8-cf07c97fb37c/host
Aug 27 14:48:55 gtw01 dnsmasq-dhcp[9768]: read /var/lib/neutron/dhcp/6b822d24-5c32-4d40-85e8-cf07c97fb37c/opts
Aug 27 14:48:55 gtw01 systemd-udevd[11764]: link_config: autonegotiation is unset or enabled, the speed and duplex are not writable.
Aug 27 14:48:55 gtw01 systemd-udevd[11764]: Could not generate persistent MAC address for qg-7ae1ba83-d8: No such file or directory
Aug 27 14:48:55 gtw01 kernel: [ 5802.689660] device qg-7ae1ba83-d8 entered promiscuous mode
Aug 27 14:48:55 gtw01 dnsmasq[11715]: read /var/lib/neutron/dhcp/fb340184-c5ad-4de8-ad8c-502cd891875e/addn_hosts - 2 addresses
Aug 27 14:48:55 gtw01 dnsmasq-dhcp[11715]: read /var/lib/neutron/dhcp/fb340184-c5ad-4de8-ad8c-502cd891875e/host
Aug 27 14:48:55 gtw01 dnsmasq-dhcp[11715]: read /var/lib/neutron/dhcp/fb340184-c5ad-4de8-ad8c-502cd891875e/opts
Aug 27 14:48:57 gtw01 dnsmasq[11715]: read /var/lib/neutron/dhcp/fb340184-c5ad-4de8-ad8c-502cd891875e/addn_hosts - 2 addresses
Aug 27 14:48:57 gtw01 dnsmasq-dhcp[11715]: read /var/lib/neutron/dhcp/fb340184-c5ad-4de8-ad8c-502cd891875e/host
Aug 27 14:48:57 gtw01 dnsmasq-dhcp[11715]: read /var/lib/neutron/dhcp/fb340184-c5ad-4de8-ad8c-502cd891875e/opts
Aug 27 14:48:57 gtw01 dnsmasq[8956]: read /var/lib/neutron/dhcp/8eba6d4c-898a-49c3-bc67-1588f486504a/addn_hosts - 4 addresses
Aug 27 14:48:57 gtw01 dnsmasq-dhcp[8956]: read /var/lib/neutron/dhcp/8eba6d4c-898a-49c3-bc67-1588f486504a/host
Aug 27 14:48:57 gtw01 dnsmasq-dhcp[8956]: read /var/lib/neutron/dhcp/8eba6d4c-898a-49c3-bc67-1588f486504a/opts
Aug 27 14:48:58 gtw01 dnsmasq[11715]: read /var/lib/neutron/dhcp/fb340184-c5ad-4de8-ad8c-502cd891875e/addn_hosts - 2 addresses
Aug 27 14:48:58 gtw01 dnsmasq-dhcp[11715]: read /var/lib/neutron/dhcp/fb340184-c5ad-4de8-ad8c-502cd891875e/host
Aug 27 14:48:58 gtw01 dnsmasq-dhcp[11715]: read /var/lib/neutron/dhcp/fb340184-c5ad-4de8-ad8c-502cd891875e/opts
Aug 27 14:48:58 gtw01 kernel: [ 5805.568075] device qr-ac573fa3-cb left promiscuous mode
Aug 27 14:48:59 gtw01 dnsmasq[11715]: read /var/lib/neutron/dhcp/fb340184-c5ad-4de8-ad8c-502cd891875e/addn_hosts - 2 addresses
Aug 27 14:48:59 gtw01 dnsmasq-dhcp[11715]: read /var/lib/neutron/dhcp/fb340184-c5ad-4de8-ad8c-502cd891875e/host
Aug 27 14:48:59 gtw01 dnsmasq-dhcp[11715]: read /var/lib/neutron/dhcp/fb340184-c5ad-4de8-ad8c-502cd891875e/opts
Aug 27 14:48:59 gtw01 kernel: [ 5806.380419] device qg-37199ebc-77 left promiscuous mode
Aug 27 14:48:59 gtw01 dnsmasq[10117]: read /var/lib/neutron/dhcp/faca7cf7-8ce5-46a6-88a2-0d11e0ab59b2/addn_hosts - 1 addresses
Aug 27 14:48:59 gtw01 dnsmasq-dhcp[10117]: read /var/lib/neutron/dhcp/faca7cf7-8ce5-46a6-88a2-0d11e0ab59b2/host
Aug 27 14:48:59 gtw01 dnsmasq-dhcp[10117]: read /var/lib/neutron/dhcp/faca7cf7-8ce5-46a6-88a2-0d11e0ab59b2/opts
Aug 27 14:49:00 gtw01 dnsmasq[11715]: read /var/lib/neutron/dhcp/fb340184-c5ad-4de8-ad8c-502cd891875e/addn_hosts - 2 addresses
Aug 27 14:49:00 gtw01 dnsmasq-dhcp[11715]: read /var/lib/neutron/dhcp/fb340184-c5ad-4de8-ad8c-502cd891875e/host
Aug 27 14:49:00 gtw01 dnsmasq-dhcp[11715]: read /var/lib/neutron/dhcp/fb340184-c5ad-4de8-ad8c-502cd891875e/opts
Aug 27 14:49:01 gtw01 dnsmasq[8956]: read /var/lib/neutron/dhcp/8eba6d4c-898a-49c3-bc67-1588f486504a/addn_hosts - 3 addresses
Aug 27 14:49:01 gtw01 dnsmasq-dhcp[8956]: read /var/lib/neutron/dhcp/8eba6d4c-898a-49c3-bc67-1588f486504a/host
Aug 27 14:49:01 gtw01 dnsmasq-dhcp[8956]: read /var/lib/neutron/dhcp/8eba6d4c-898a-49c3-bc67-1588f486504a/opts
Aug 27 14:49:02 gtw01 kernel: [ 5808.996858] device vxlan_sys_4789 left promiscuous mode
Aug 27 14:49:02 gtw01 kernel: [ 5809.417844] device tapdff8ab1f-23 left promiscuous mode
Aug 27 14:49:02 gtw01 kernel: [ 5809.747737] device qr-7513b8f2-70 left promiscuous mode
Aug 27 14:49:03 gtw01 dnsmasq[8956]: read /var/lib/neutron/dhcp/8eba6d4c-898a-49c3-bc67-1588f486504a/addn_hosts - 2 addresses
Aug 27 14:49:03 gtw01 dnsmasq-dhcp[8956]: read /var/lib/neutron/dhcp/8eba6d4c-898a-49c3-bc67-1588f486504a/host
Aug 27 14:49:03 gtw01 dnsmasq-dhcp[8956]: read /var/lib/neutron/dhcp/8eba6d4c-898a-49c3-bc67-1588f486504a/opts
Aug 27 14:49:03 gtw01 kernel: [ 5810.521262] device qg-29d61852-6a left promiscuous mode
Aug 27 14:49:04 gtw01 dnsmasq[11715]: read /var/lib/neutron/dhcp/fb340184-c5ad-4de8-ad8c-502cd891875e/addn_hosts - 3 addresses
Aug 27 14:49:04 gtw01 dnsmasq-dhcp[11715]: read /var/lib/neutron/dhcp/fb340184-c5ad-4de8-ad8c-502cd891875e/host
Aug 27 14:49:04 gtw01 dnsmasq-dhcp[11715]: read /var/lib/neutron/dhcp/fb340184-c5ad-4de8-ad8c-502cd891875e/opts
Aug 27 14:49:04 gtw01 dnsmasq[11715]: read /var/lib/neutron/dhcp/fb340184-c5ad-4de8-ad8c-502cd891875e/addn_hosts - 3 addresses
Aug 27 14:49:04 gtw01 dnsmasq-dhcp[11715]: read /var/lib/neutron/dhcp/fb340184-c5ad-4de8-ad8c-502cd891875e/host
Aug 27 14:49:04 gtw01 dnsmasq-dhcp[11715]: read /var/lib/neutron/dhcp/fb340184-c5ad-4de8-ad8c-502cd891875e/opts
Aug 27 14:49:05 gtw01 dnsmasq[11715]: read /var/lib/neutron/dhcp/fb340184-c5ad-4de8-ad8c-502cd891875e/addn_hosts - 3 addresses
Aug 27 14:49:05 gtw01 dnsmasq-dhcp[11715]: read /var/lib/neutron/dhcp/fb340184-c5ad-4de8-ad8c-502cd891875e/host
Aug 27 14:49:05 gtw01 dnsmasq-dhcp[11715]: read /var/lib/neutron/dhcp/fb340184-c5ad-4de8-ad8c-502cd891875e/opts
Aug 27 14:49:05 gtw01 kernel: [ 5812.952017] device tap3b6e5d02-38 left promiscuous mode
Aug 27 14:49:06 gtw01 kernel: [ 5813.515978] device qr-2bd37d76-28 entered promiscuous mode
Aug 27 14:49:06 gtw01 systemd-udevd[12390]: link_config: autonegotiation is unset or enabled, the speed and duplex are not writable.
Aug 27 14:49:06 gtw01 systemd-udevd[12390]: Could not generate persistent MAC address for qr-2bd37d76-28: No such file or directory
Aug 27 14:49:06 gtw01 dnsmasq[11715]: read /var/lib/neutron/dhcp/fb340184-c5ad-4de8-ad8c-502cd891875e/addn_hosts - 3 addresses
Aug 27 14:49:06 gtw01 dnsmasq-dhcp[11715]: read /var/lib/neutron/dhcp/fb340184-c5ad-4de8-ad8c-502cd891875e/host
Aug 27 14:49:06 gtw01 dnsmasq-dhcp[11715]: read /var/lib/neutron/dhcp/fb340184-c5ad-4de8-ad8c-502cd891875e/opts
Aug 27 14:49:07 gtw01 dnsmasq[11715]: read /var/lib/neutron/dhcp/fb340184-c5ad-4de8-ad8c-502cd891875e/addn_hosts - 3 addresses
Aug 27 14:49:07 gtw01 dnsmasq-dhcp[11715]: read /var/lib/neutron/dhcp/fb340184-c5ad-4de8-ad8c-502cd891875e/host
Aug 27 14:49:07 gtw01 dnsmasq-dhcp[11715]: read /var/lib/neutron/dhcp/fb340184-c5ad-4de8-ad8c-502cd891875e/opts
Aug 27 14:49:08 gtw01 kernel: [ 5815.210860] device vxlan_sys_4789 entered promiscuous mode
Aug 27 14:49:08 gtw01 systemd-udevd[12542]: link_config: autonegotiation is unset or enabled, the speed and duplex are not writable.
Aug 27 14:49:08 gtw01 systemd-udevd[12542]: Could not generate persistent MAC address for vxlan_sys_4789: No such file or directory
Aug 27 14:49:11 gtw01 systemd-udevd[12708]: link_config: autonegotiation is unset or enabled, the speed and duplex are not writable.
Aug 27 14:49:11 gtw01 systemd-udevd[12708]: Could not generate persistent MAC address for tap6de9e94a-21: No such file or directory
Aug 27 14:49:11 gtw01 kernel: [ 5818.133568] device tap6de9e94a-21 entered promiscuous mode
Aug 27 14:49:11 gtw01 systemd-udevd[12708]: Process '/sbin/ip link set tap6de9e94a-21 txqueuelen 10000' failed with exit code 1.
Aug 27 14:49:11 gtw01 systemd-udevd[12782]: Process '/sbin/ip link set tap6de9e94a-21 txqueuelen 10000' failed with exit code 1.
Aug 27 14:49:14 gtw01 dnsmasq[12900]: started, version 2.79 cachesize 150
Aug 27 14:49:14 gtw01 dnsmasq[12900]: DNS service limited to local subnets
Aug 27 14:49:14 gtw01 dnsmasq[12900]: compile time options: IPv6 GNU-getopt DBus i18n IDN DHCP DHCPv6 no-Lua TFTP conntrack ipset auth DNSSEC loop-detect inotify
Aug 27 14:49:14 gtw01 dnsmasq[12900]: warning: no upstream servers configured
Aug 27 14:49:14 gtw01 dnsmasq-dhcp[12900]: DHCP, static leases only on 192.168.120.0, lease time 1h
Aug 27 14:49:14 gtw01 dnsmasq[12900]: read /var/lib/neutron/dhcp/44ef10dc-636e-4970-914e-98e5695bd705/addn_hosts - 1 addresses
Aug 27 14:49:14 gtw01 dnsmasq-dhcp[12900]: read /var/lib/neutron/dhcp/44ef10dc-636e-4970-914e-98e5695bd705/host
Aug 27 14:49:14 gtw01 dnsmasq-dhcp[12900]: read /var/lib/neutron/dhcp/44ef10dc-636e-4970-914e-98e5695bd705/opts
Aug 27 14:49:15 gtw01 dnsmasq[12900]: read /var/lib/neutron/dhcp/44ef10dc-636e-4970-914e-98e5695bd705/addn_hosts - 1 addresses
Aug 27 14:49:15 gtw01 dnsmasq-dhcp[12900]: read /var/lib/neutron/dhcp/44ef10dc-636e-4970-914e-98e5695bd705/host
Aug 27 14:49:15 gtw01 dnsmasq-dhcp[12900]: read /var/lib/neutron/dhcp/44ef10dc-636e-4970-914e-98e5695bd705/opts
Aug 27 14:49:15 gtw01 dnsmasq[8956]: read /var/lib/neutron/dhcp/8eba6d4c-898a-49c3-bc67-1588f486504a/addn_hosts - 3 addresses
Aug 27 14:49:15 gtw01 dnsmasq-dhcp[8956]: read /var/lib/neutron/dhcp/8eba6d4c-898a-49c3-bc67-1588f486504a/host
Aug 27 14:49:15 gtw01 dnsmasq-dhcp[8956]: read /var/lib/neutron/dhcp/8eba6d4c-898a-49c3-bc67-1588f486504a/opts
Aug 27 14:49:16 gtw01 dnsmasq[12900]: read /var/lib/neutron/dhcp/44ef10dc-636e-4970-914e-98e5695bd705/addn_hosts - 1 addresses
Aug 27 14:49:16 gtw01 dnsmasq-dhcp[12900]: read /var/lib/neutron/dhcp/44ef10dc-636e-4970-914e-98e5695bd705/host
Aug 27 14:49:16 gtw01 dnsmasq-dhcp[12900]: read /var/lib/neutron/dhcp/44ef10dc-636e-4970-914e-98e5695bd705/opts
Aug 27 14:49:17 gtw01 dnsmasq[8956]: read /var/lib/neutron/dhcp/8eba6d4c-898a-49c3-bc67-1588f486504a/addn_hosts - 3 addresses
Aug 27 14:49:17 gtw01 dnsmasq-dhcp[8956]: read /var/lib/neutron/dhcp/8eba6d4c-898a-49c3-bc67-1588f486504a/host
Aug 27 14:49:17 gtw01 dnsmasq-dhcp[8956]: read /var/lib/neutron/dhcp/8eba6d4c-898a-49c3-bc67-1588f486504a/opts
Aug 27 14:49:17 gtw01 dnsmasq[12900]: read /var/lib/neutron/dhcp/44ef10dc-636e-4970-914e-98e5695bd705/addn_hosts - 2 addresses
Aug 27 14:49:17 gtw01 dnsmasq-dhcp[12900]: read /var/lib/neutron/dhcp/44ef10dc-636e-4970-914e-98e5695bd705/host
Aug 27 14:49:17 gtw01 dnsmasq-dhcp[12900]: read /var/lib/neutron/dhcp/44ef10dc-636e-4970-914e-98e5695bd705/opts
Aug 27 14:49:18 gtw01 dnsmasq[8956]: read /var/lib/neutron/dhcp/8eba6d4c-898a-49c3-bc67-1588f486504a/addn_hosts - 3 addresses
Aug 27 14:49:18 gtw01 dnsmasq-dhcp[8956]: read /var/lib/neutron/dhcp/8eba6d4c-898a-49c3-bc67-1588f486504a/host
Aug 27 14:49:18 gtw01 dnsmasq-dhcp[8956]: read /var/lib/neutron/dhcp/8eba6d4c-898a-49c3-bc67-1588f486504a/opts
Aug 27 14:49:18 gtw01 dnsmasq[12900]: read /var/lib/neutron/dhcp/44ef10dc-636e-4970-914e-98e5695bd705/addn_hosts - 2 addresses
Aug 27 14:49:18 gtw01 dnsmasq-dhcp[12900]: read /var/lib/neutron/dhcp/44ef10dc-636e-4970-914e-98e5695bd705/host
Aug 27 14:49:18 gtw01 dnsmasq-dhcp[12900]: read /var/lib/neutron/dhcp/44ef10dc-636e-4970-914e-98e5695bd705/opts
Aug 27 14:49:18 gtw01 dnsmasq-dhcp[11715]: DHCPDISCOVER(tap4cc91876-04) fa:16:3e:c2:c5:77
Aug 27 14:49:18 gtw01 dnsmasq-dhcp[11715]: DHCPOFFER(tap4cc91876-04) 192.168.120.4 fa:16:3e:c2:c5:77
Aug 27 14:49:18 gtw01 dnsmasq-dhcp[11715]: DHCPREQUEST(tap4cc91876-04) 192.168.120.4 fa:16:3e:c2:c5:77
Aug 27 14:49:18 gtw01 dnsmasq-dhcp[11715]: DHCPACK(tap4cc91876-04) 192.168.120.4 fa:16:3e:c2:c5:77 host-192-168-120-4
Aug 27 14:49:19 gtw01 dnsmasq[12900]: read /var/lib/neutron/dhcp/44ef10dc-636e-4970-914e-98e5695bd705/addn_hosts - 3 addresses
Aug 27 14:49:19 gtw01 dnsmasq-dhcp[12900]: read /var/lib/neutron/dhcp/44ef10dc-636e-4970-914e-98e5695bd705/host
Aug 27 14:49:19 gtw01 dnsmasq-dhcp[12900]: read /var/lib/neutron/dhcp/44ef10dc-636e-4970-914e-98e5695bd705/opts
Aug 27 14:49:20 gtw01 dnsmasq[12900]: read /var/lib/neutron/dhcp/44ef10dc-636e-4970-914e-98e5695bd705/addn_hosts - 3 addresses
Aug 27 14:49:20 gtw01 dnsmasq-dhcp[12900]: read /var/lib/neutron/dhcp/44ef10dc-636e-4970-914e-98e5695bd705/host
Aug 27 14:49:20 gtw01 dnsmasq-dhcp[12900]: read /var/lib/neutron/dhcp/44ef10dc-636e-4970-914e-98e5695bd705/opts
Aug 27 14:49:21 gtw01 dnsmasq[12900]: read /var/lib/neutron/dhcp/44ef10dc-636e-4970-914e-98e5695bd705/addn_hosts - 4 addresses
Aug 27 14:49:21 gtw01 dnsmasq-dhcp[12900]: read /var/lib/neutron/dhcp/44ef10dc-636e-4970-914e-98e5695bd705/host
Aug 27 14:49:21 gtw01 dnsmasq-dhcp[12900]: read /var/lib/neutron/dhcp/44ef10dc-636e-4970-914e-98e5695bd705/opts
Aug 27 14:49:21 gtw01 dnsmasq[12900]: read /var/lib/neutron/dhcp/44ef10dc-636e-4970-914e-98e5695bd705/addn_hosts - 4 addresses
Aug 27 14:49:21 gtw01 dnsmasq-dhcp[12900]: read /var/lib/neutron/dhcp/44ef10dc-636e-4970-914e-98e5695bd705/host
Aug 27 14:49:21 gtw01 dnsmasq-dhcp[12900]: read /var/lib/neutron/dhcp/44ef10dc-636e-4970-914e-98e5695bd705/opts
Aug 27 14:49:22 gtw01 dnsmasq[12900]: read /var/lib/neutron/dhcp/44ef10dc-636e-4970-914e-98e5695bd705/addn_hosts - 4 addresses
Aug 27 14:49:22 gtw01 dnsmasq-dhcp[12900]: read /var/lib/neutron/dhcp/44ef10dc-636e-4970-914e-98e5695bd705/host
Aug 27 14:49:22 gtw01 dnsmasq-dhcp[12900]: read /var/lib/neutron/dhcp/44ef10dc-636e-4970-914e-98e5695bd705/opts
Aug 27 14:49:23 gtw01 dnsmasq[12900]: read /var/lib/neutron/dhcp/44ef10dc-636e-4970-914e-98e5695bd705/addn_hosts - 4 addresses
Aug 27 14:49:23 gtw01 dnsmasq-dhcp[12900]: read /var/lib/neutron/dhcp/44ef10dc-636e-4970-914e-98e5695bd705/host
Aug 27 14:49:23 gtw01 dnsmasq-dhcp[12900]: read /var/lib/neutron/dhcp/44ef10dc-636e-4970-914e-98e5695bd705/opts
Aug 27 14:49:24 gtw01 dnsmasq[12900]: read /var/lib/neutron/dhcp/44ef10dc-636e-4970-914e-98e5695bd705/addn_hosts - 4 addresses
Aug 27 14:49:24 gtw01 dnsmasq-dhcp[12900]: read /var/lib/neutron/dhcp/44ef10dc-636e-4970-914e-98e5695bd705/host
Aug 27 14:49:24 gtw01 dnsmasq-dhcp[12900]: read /var/lib/neutron/dhcp/44ef10dc-636e-4970-914e-98e5695bd705/opts
Aug 27 14:49:25 gtw01 dnsmasq[12900]: read /var/lib/neutron/dhcp/44ef10dc-636e-4970-914e-98e5695bd705/addn_hosts - 4 addresses
Aug 27 14:49:25 gtw01 dnsmasq-dhcp[12900]: read /var/lib/neutron/dhcp/44ef10dc-636e-4970-914e-98e5695bd705/host
Aug 27 14:49:25 gtw01 dnsmasq-dhcp[12900]: read /var/lib/neutron/dhcp/44ef10dc-636e-4970-914e-98e5695bd705/opts
Aug 27 14:49:28 gtw01 dnsmasq[8956]: read /var/lib/neutron/dhcp/8eba6d4c-898a-49c3-bc67-1588f486504a/addn_hosts - 2 addresses
Aug 27 14:49:28 gtw01 dnsmasq-dhcp[8956]: read /var/lib/neutron/dhcp/8eba6d4c-898a-49c3-bc67-1588f486504a/host
Aug 27 14:49:28 gtw01 dnsmasq-dhcp[8956]: read /var/lib/neutron/dhcp/8eba6d4c-898a-49c3-bc67-1588f486504a/opts
Aug 27 14:49:28 gtw01 kernel: [ 5835.534056] device tapcce2e06e-93 entered promiscuous mode
Aug 27 14:49:28 gtw01 systemd-udevd[13189]: link_config: autonegotiation is unset or enabled, the speed and duplex are not writable.
Aug 27 14:49:28 gtw01 systemd-udevd[13189]: Could not generate persistent MAC address for tapcce2e06e-93: No such file or directory
Aug 27 14:49:28 gtw01 systemd-udevd[13189]: Process '/sbin/ip link set tapcce2e06e-93 txqueuelen 10000' failed with exit code 1.
Aug 27 14:49:28 gtw01 systemd-udevd[13272]: Process '/sbin/ip link set tapcce2e06e-93 txqueuelen 10000' failed with exit code 1.
Aug 27 14:49:29 gtw01 kernel: [ 5836.591575] device tap34083593-b4 entered promiscuous mode
Aug 27 14:49:29 gtw01 systemd-udevd[13309]: link_config: autonegotiation is unset or enabled, the speed and duplex are not writable.
Aug 27 14:49:29 gtw01 systemd-udevd[13309]: Could not generate persistent MAC address for tap34083593-b4: No such file or directory
Aug 27 14:49:29 gtw01 systemd-udevd[13376]: Process '/sbin/ip link set tap34083593-b4 txqueuelen 10000' failed with exit code 1.
Aug 27 14:49:31 gtw01 dnsmasq[13463]: started, version 2.79 cachesize 150
Aug 27 14:49:31 gtw01 dnsmasq[13463]: DNS service limited to local subnets
Aug 27 14:49:31 gtw01 dnsmasq[13463]: compile time options: IPv6 GNU-getopt DBus i18n IDN DHCP DHCPv6 no-Lua TFTP conntrack ipset auth DNSSEC loop-detect inotify
Aug 27 14:49:31 gtw01 dnsmasq[13463]: warning: no upstream servers configured
Aug 27 14:49:31 gtw01 dnsmasq-dhcp[13463]: DHCP, static leases only on 192.168.120.0, lease time 1h
Aug 27 14:49:31 gtw01 dnsmasq[13463]: read /var/lib/neutron/dhcp/9e13ddc6-1d97-4866-9c61-2f37b9fd901a/addn_hosts - 1 addresses
Aug 27 14:49:31 gtw01 dnsmasq-dhcp[13463]: read /var/lib/neutron/dhcp/9e13ddc6-1d97-4866-9c61-2f37b9fd901a/host
Aug 27 14:49:31 gtw01 dnsmasq-dhcp[13463]: read /var/lib/neutron/dhcp/9e13ddc6-1d97-4866-9c61-2f37b9fd901a/opts
Aug 27 14:49:32 gtw01 dnsmasq[13463]: read /var/lib/neutron/dhcp/9e13ddc6-1d97-4866-9c61-2f37b9fd901a/addn_hosts - 2 addresses
Aug 27 14:49:32 gtw01 dnsmasq-dhcp[13463]: read /var/lib/neutron/dhcp/9e13ddc6-1d97-4866-9c61-2f37b9fd901a/host
Aug 27 14:49:32 gtw01 dnsmasq-dhcp[13463]: read /var/lib/neutron/dhcp/9e13ddc6-1d97-4866-9c61-2f37b9fd901a/opts
Aug 27 14:49:32 gtw01 dnsmasq[13496]: started, version 2.79 cachesize 150
Aug 27 14:49:32 gtw01 dnsmasq[13496]: DNS service limited to local subnets
Aug 27 14:49:32 gtw01 dnsmasq[13496]: compile time options: IPv6 GNU-getopt DBus i18n IDN DHCP DHCPv6 no-Lua TFTP conntrack ipset auth DNSSEC loop-detect inotify
Aug 27 14:49:32 gtw01 dnsmasq[13496]: warning: no upstream servers configured
Aug 27 14:49:32 gtw01 dnsmasq-dhcp[13496]: DHCP, static leases only on 192.168.121.0, lease time 1h
Aug 27 14:49:32 gtw01 dnsmasq[13496]: read /var/lib/neutron/dhcp/a04ee577-9966-4fda-a512-a063fa3ebf4f/addn_hosts - 1 addresses
Aug 27 14:49:32 gtw01 dnsmasq-dhcp[13496]: read /var/lib/neutron/dhcp/a04ee577-9966-4fda-a512-a063fa3ebf4f/host
Aug 27 14:49:32 gtw01 dnsmasq-dhcp[13496]: read /var/lib/neutron/dhcp/a04ee577-9966-4fda-a512-a063fa3ebf4f/opts
Aug 27 14:49:33 gtw01 dnsmasq-dhcp[11715]: DHCPRELEASE(tap4cc91876-04) 192.168.120.4 fa:16:3e:c2:c5:77
Aug 27 14:49:33 gtw01 dnsmasq-dhcp[12900]: DHCPDISCOVER(tap6de9e94a-21) fa:16:3e:2f:5c:1d
Aug 27 14:49:33 gtw01 dnsmasq-dhcp[12900]: DHCPOFFER(tap6de9e94a-21) 192.168.120.9 fa:16:3e:2f:5c:1d
Aug 27 14:49:33 gtw01 dnsmasq-dhcp[12900]: DHCPREQUEST(tap6de9e94a-21) 192.168.120.9 fa:16:3e:2f:5c:1d
Aug 27 14:49:33 gtw01 dnsmasq-dhcp[12900]: DHCPACK(tap6de9e94a-21) 192.168.120.9 fa:16:3e:2f:5c:1d host-192-168-120-9
Aug 27 14:49:33 gtw01 dnsmasq[13463]: read /var/lib/neutron/dhcp/9e13ddc6-1d97-4866-9c61-2f37b9fd901a/addn_hosts - 2 addresses
Aug 27 14:49:33 gtw01 dnsmasq-dhcp[13463]: read /var/lib/neutron/dhcp/9e13ddc6-1d97-4866-9c61-2f37b9fd901a/host
Aug 27 14:49:33 gtw01 dnsmasq-dhcp[13463]: read /var/lib/neutron/dhcp/9e13ddc6-1d97-4866-9c61-2f37b9fd901a/opts
Aug 27 14:49:33 gtw01 dnsmasq[13496]: read /var/lib/neutron/dhcp/a04ee577-9966-4fda-a512-a063fa3ebf4f/addn_hosts - 2 addresses
Aug 27 14:49:33 gtw01 dnsmasq-dhcp[13496]: read /var/lib/neutron/dhcp/a04ee577-9966-4fda-a512-a063fa3ebf4f/host
Aug 27 14:49:33 gtw01 dnsmasq-dhcp[13496]: read /var/lib/neutron/dhcp/a04ee577-9966-4fda-a512-a063fa3ebf4f/opts
Aug 27 14:49:34 gtw01 dnsmasq[13463]: read /var/lib/neutron/dhcp/9e13ddc6-1d97-4866-9c61-2f37b9fd901a/addn_hosts - 2 addresses
Aug 27 14:49:34 gtw01 dnsmasq-dhcp[13463]: read /var/lib/neutron/dhcp/9e13ddc6-1d97-4866-9c61-2f37b9fd901a/host
Aug 27 14:49:34 gtw01 dnsmasq-dhcp[13463]: read /var/lib/neutron/dhcp/9e13ddc6-1d97-4866-9c61-2f37b9fd901a/opts
Aug 27 14:49:35 gtw01 dnsmasq[13496]: read /var/lib/neutron/dhcp/a04ee577-9966-4fda-a512-a063fa3ebf4f/addn_hosts - 2 addresses
Aug 27 14:49:35 gtw01 dnsmasq-dhcp[13496]: read /var/lib/neutron/dhcp/a04ee577-9966-4fda-a512-a063fa3ebf4f/host
Aug 27 14:49:35 gtw01 dnsmasq-dhcp[13496]: read /var/lib/neutron/dhcp/a04ee577-9966-4fda-a512-a063fa3ebf4f/opts
Aug 27 14:49:35 gtw01 dnsmasq[13463]: read /var/lib/neutron/dhcp/9e13ddc6-1d97-4866-9c61-2f37b9fd901a/addn_hosts - 2 addresses
Aug 27 14:49:35 gtw01 dnsmasq-dhcp[13463]: read /var/lib/neutron/dhcp/9e13ddc6-1d97-4866-9c61-2f37b9fd901a/host
Aug 27 14:49:35 gtw01 dnsmasq-dhcp[13463]: read /var/lib/neutron/dhcp/9e13ddc6-1d97-4866-9c61-2f37b9fd901a/opts
Aug 27 14:49:35 gtw01 dnsmasq-dhcp[12900]: DHCPDISCOVER(tap6de9e94a-21) fa:16:3e:2f:62:74
Aug 27 14:49:35 gtw01 dnsmasq-dhcp[12900]: DHCPOFFER(tap6de9e94a-21) 192.168.120.8 fa:16:3e:2f:62:74
Aug 27 14:49:35 gtw01 dnsmasq-dhcp[12900]: DHCPREQUEST(tap6de9e94a-21) 192.168.120.8 fa:16:3e:2f:62:74
Aug 27 14:49:35 gtw01 dnsmasq-dhcp[12900]: DHCPACK(tap6de9e94a-21) 192.168.120.8 fa:16:3e:2f:62:74 host-192-168-120-8
Aug 27 14:49:36 gtw01 dnsmasq[13496]: read /var/lib/neutron/dhcp/a04ee577-9966-4fda-a512-a063fa3ebf4f/addn_hosts - 2 addresses
Aug 27 14:49:36 gtw01 dnsmasq-dhcp[13496]: read /var/lib/neutron/dhcp/a04ee577-9966-4fda-a512-a063fa3ebf4f/host
Aug 27 14:49:36 gtw01 dnsmasq-dhcp[13496]: read /var/lib/neutron/dhcp/a04ee577-9966-4fda-a512-a063fa3ebf4f/opts
Aug 27 14:49:36 gtw01 dnsmasq[13463]: read /var/lib/neutron/dhcp/9e13ddc6-1d97-4866-9c61-2f37b9fd901a/addn_hosts - 2 addresses
Aug 27 14:49:36 gtw01 dnsmasq-dhcp[13463]: read /var/lib/neutron/dhcp/9e13ddc6-1d97-4866-9c61-2f37b9fd901a/host
Aug 27 14:49:36 gtw01 dnsmasq-dhcp[13463]: read /var/lib/neutron/dhcp/9e13ddc6-1d97-4866-9c61-2f37b9fd901a/opts
Aug 27 14:49:36 gtw01 dnsmasq[13496]: read /var/lib/neutron/dhcp/a04ee577-9966-4fda-a512-a063fa3ebf4f/addn_hosts - 2 addresses
Aug 27 14:49:36 gtw01 dnsmasq-dhcp[13496]: read /var/lib/neutron/dhcp/a04ee577-9966-4fda-a512-a063fa3ebf4f/host
Aug 27 14:49:36 gtw01 dnsmasq-dhcp[13496]: read /var/lib/neutron/dhcp/a04ee577-9966-4fda-a512-a063fa3ebf4f/opts
Aug 27 14:49:37 gtw01 systemd-udevd[13663]: link_config: autonegotiation is unset or enabled, the speed and duplex are not writable.
Aug 27 14:49:37 gtw01 systemd-udevd[13663]: Could not generate persistent MAC address for tapdb38d53f-9a: No such file or directory
Aug 27 14:49:37 gtw01 kernel: [ 5844.421500] device tapdb38d53f-9a entered promiscuous mode
Aug 27 14:49:37 gtw01 systemd-udevd[13663]: Process '/sbin/ip link set tapdb38d53f-9a txqueuelen 10000' failed with exit code 1.
Aug 27 14:49:37 gtw01 systemd-udevd[13663]: Process '/sbin/ip link set tapdb38d53f-9a txqueuelen 10000' failed with exit code 1.
Aug 27 14:49:37 gtw01 dnsmasq[13496]: read /var/lib/neutron/dhcp/a04ee577-9966-4fda-a512-a063fa3ebf4f/addn_hosts - 2 addresses
Aug 27 14:49:37 gtw01 dnsmasq-dhcp[13496]: read /var/lib/neutron/dhcp/a04ee577-9966-4fda-a512-a063fa3ebf4f/host
Aug 27 14:49:37 gtw01 dnsmasq-dhcp[13496]: read /var/lib/neutron/dhcp/a04ee577-9966-4fda-a512-a063fa3ebf4f/opts
Aug 27 14:49:38 gtw01 dnsmasq[12900]: read /var/lib/neutron/dhcp/44ef10dc-636e-4970-914e-98e5695bd705/addn_hosts - 3 addresses
Aug 27 14:49:38 gtw01 dnsmasq-dhcp[12900]: read /var/lib/neutron/dhcp/44ef10dc-636e-4970-914e-98e5695bd705/host
Aug 27 14:49:38 gtw01 dnsmasq-dhcp[12900]: read /var/lib/neutron/dhcp/44ef10dc-636e-4970-914e-98e5695bd705/opts
Aug 27 14:49:38 gtw01 dnsmasq[13496]: read /var/lib/neutron/dhcp/a04ee577-9966-4fda-a512-a063fa3ebf4f/addn_hosts - 1 addresses
Aug 27 14:49:38 gtw01 dnsmasq-dhcp[13496]: read /var/lib/neutron/dhcp/a04ee577-9966-4fda-a512-a063fa3ebf4f/host
Aug 27 14:49:38 gtw01 dnsmasq-dhcp[13496]: read /var/lib/neutron/dhcp/a04ee577-9966-4fda-a512-a063fa3ebf4f/opts
Aug 27 14:49:40 gtw01 dnsmasq[13463]: read /var/lib/neutron/dhcp/9e13ddc6-1d97-4866-9c61-2f37b9fd901a/addn_hosts - 1 addresses
Aug 27 14:49:40 gtw01 dnsmasq-dhcp[13463]: read /var/lib/neutron/dhcp/9e13ddc6-1d97-4866-9c61-2f37b9fd901a/host
Aug 27 14:49:40 gtw01 dnsmasq-dhcp[13463]: read /var/lib/neutron/dhcp/9e13ddc6-1d97-4866-9c61-2f37b9fd901a/opts
Aug 27 14:49:40 gtw01 dnsmasq[13896]: started, version 2.79 cachesize 150
Aug 27 14:49:40 gtw01 dnsmasq[13896]: DNS service limited to local subnets
Aug 27 14:49:40 gtw01 dnsmasq[13896]: compile time options: IPv6 GNU-getopt DBus i18n IDN DHCP DHCPv6 no-Lua TFTP conntrack ipset auth DNSSEC loop-detect inotify
Aug 27 14:49:40 gtw01 dnsmasq[13896]: warning: no upstream servers configured
Aug 27 14:49:40 gtw01 dnsmasq-dhcp[13896]: DHCP, static leases only on 192.168.120.0, lease time 1h
Aug 27 14:49:40 gtw01 dnsmasq[13896]: read /var/lib/neutron/dhcp/46af247b-3a75-4b41-90c2-a9506072f7ee/addn_hosts - 1 addresses
Aug 27 14:49:40 gtw01 dnsmasq-dhcp[13896]: read /var/lib/neutron/dhcp/46af247b-3a75-4b41-90c2-a9506072f7ee/host
Aug 27 14:49:40 gtw01 dnsmasq-dhcp[13896]: read /var/lib/neutron/dhcp/46af247b-3a75-4b41-90c2-a9506072f7ee/opts
Aug 27 14:49:41 gtw01 systemd-udevd[13920]: link_config: autonegotiation is unset or enabled, the speed and duplex are not writable.
Aug 27 14:49:41 gtw01 systemd-udevd[13920]: Could not generate persistent MAC address for qg-af9ad125-e6: No such file or directory
Aug 27 14:49:41 gtw01 kernel: [ 5848.022100] device qg-af9ad125-e6 entered promiscuous mode
Aug 27 14:49:41 gtw01 dnsmasq[13896]: read /var/lib/neutron/dhcp/46af247b-3a75-4b41-90c2-a9506072f7ee/addn_hosts - 2 addresses
Aug 27 14:49:41 gtw01 dnsmasq-dhcp[13896]: read /var/lib/neutron/dhcp/46af247b-3a75-4b41-90c2-a9506072f7ee/host
Aug 27 14:49:41 gtw01 dnsmasq-dhcp[13896]: read /var/lib/neutron/dhcp/46af247b-3a75-4b41-90c2-a9506072f7ee/opts
Aug 27 14:49:42 gtw01 dnsmasq[13896]: read /var/lib/neutron/dhcp/46af247b-3a75-4b41-90c2-a9506072f7ee/addn_hosts - 2 addresses
Aug 27 14:49:42 gtw01 dnsmasq-dhcp[13896]: read /var/lib/neutron/dhcp/46af247b-3a75-4b41-90c2-a9506072f7ee/host
Aug 27 14:49:42 gtw01 dnsmasq-dhcp[13896]: read /var/lib/neutron/dhcp/46af247b-3a75-4b41-90c2-a9506072f7ee/opts
Aug 27 14:49:43 gtw01 dnsmasq-dhcp[12900]: DHCPRELEASE(tap6de9e94a-21) 192.168.120.9 fa:16:3e:2f:5c:1d
Aug 27 14:49:43 gtw01 dnsmasq-dhcp[12900]: DHCPRELEASE(tap6de9e94a-21) 192.168.120.9 fa:16:3e:2f:5c:1d unknown lease
Aug 27 14:49:43 gtw01 dnsmasq[13896]: read /var/lib/neutron/dhcp/46af247b-3a75-4b41-90c2-a9506072f7ee/addn_hosts - 2 addresses
Aug 27 14:49:43 gtw01 dnsmasq-dhcp[13896]: read /var/lib/neutron/dhcp/46af247b-3a75-4b41-90c2-a9506072f7ee/host
Aug 27 14:49:43 gtw01 dnsmasq-dhcp[13896]: read /var/lib/neutron/dhcp/46af247b-3a75-4b41-90c2-a9506072f7ee/opts
Aug 27 14:49:44 gtw01 dnsmasq[12900]: read /var/lib/neutron/dhcp/44ef10dc-636e-4970-914e-98e5695bd705/addn_hosts - 2 addresses
Aug 27 14:49:44 gtw01 dnsmasq-dhcp[12900]: read /var/lib/neutron/dhcp/44ef10dc-636e-4970-914e-98e5695bd705/host
Aug 27 14:49:44 gtw01 dnsmasq-dhcp[12900]: read /var/lib/neutron/dhcp/44ef10dc-636e-4970-914e-98e5695bd705/opts
Aug 27 14:49:44 gtw01 kernel: [ 5851.561967] device tap34083593-b4 left promiscuous mode
Aug 27 14:49:44 gtw01 dnsmasq[13896]: read /var/lib/neutron/dhcp/46af247b-3a75-4b41-90c2-a9506072f7ee/addn_hosts - 2 addresses
Aug 27 14:49:44 gtw01 dnsmasq-dhcp[13896]: read /var/lib/neutron/dhcp/46af247b-3a75-4b41-90c2-a9506072f7ee/host
Aug 27 14:49:44 gtw01 dnsmasq-dhcp[13896]: read /var/lib/neutron/dhcp/46af247b-3a75-4b41-90c2-a9506072f7ee/opts
Aug 27 14:49:45 gtw01 dnsmasq[13896]: read /var/lib/neutron/dhcp/46af247b-3a75-4b41-90c2-a9506072f7ee/addn_hosts - 2 addresses
Aug 27 14:49:45 gtw01 dnsmasq-dhcp[13896]: read /var/lib/neutron/dhcp/46af247b-3a75-4b41-90c2-a9506072f7ee/host
