Aug 27 15:04:39 gtw01 dnsmasq-dhcp[4733]: DHCPOFFER(tap7d7af224-c2) 192.168.120.6 fa:16:3e:ac:96:29
Aug 27 15:04:39 gtw01 dnsmasq-dhcp[4733]: DHCPREQUEST(tap7d7af224-c2) 192.168.120.6 fa:16:3e:ac:96:29
Aug 27 15:04:39 gtw01 dnsmasq-dhcp[4733]: DHCPACK(tap7d7af224-c2) 192.168.120.6 fa:16:3e:ac:96:29 host-192-168-120-6
Aug 27 15:04:42 gtw01 dnsmasq-dhcp[807]: DHCPRELEASE(tap9bea40a9-22) 192.168.120.6 fa:16:3e:f5:cf:8c
Aug 27 15:04:42 gtw01 dnsmasq-dhcp[807]: DHCPRELEASE(tap9bea40a9-22) 192.168.120.6 fa:16:3e:f5:cf:8c unknown lease
Aug 27 15:04:43 gtw01 dnsmasq[807]: read /var/lib/neutron/dhcp/ce33326f-493c-4299-9dc1-0fdfb1adc622/addn_hosts - 2 addresses
Aug 27 15:04:43 gtw01 dnsmasq-dhcp[807]: read /var/lib/neutron/dhcp/ce33326f-493c-4299-9dc1-0fdfb1adc622/host
Aug 27 15:04:43 gtw01 dnsmasq-dhcp[807]: read /var/lib/neutron/dhcp/ce33326f-493c-4299-9dc1-0fdfb1adc622/opts
Aug 27 15:04:44 gtw01 dnsmasq-dhcp[4733]: DHCPRELEASE(tap7d7af224-c2) 192.168.120.6 fa:16:3e:ac:96:29
Aug 27 15:04:45 gtw01 dnsmasq-dhcp[4733]: DHCPRELEASE(tap7d7af224-c2) 192.168.120.6 fa:16:3e:ac:96:29 unknown lease
Aug 27 15:04:45 gtw01 dnsmasq[4733]: read /var/lib/neutron/dhcp/cb18375c-429b-40a7-ace3-e6ee483d7940/addn_hosts - 2 addresses
Aug 27 15:04:45 gtw01 dnsmasq-dhcp[4733]: read /var/lib/neutron/dhcp/cb18375c-429b-40a7-ace3-e6ee483d7940/host
Aug 27 15:04:45 gtw01 dnsmasq-dhcp[4733]: read /var/lib/neutron/dhcp/cb18375c-429b-40a7-ace3-e6ee483d7940/opts
Aug 27 15:04:46 gtw01 dnsmasq[807]: read /var/lib/neutron/dhcp/ce33326f-493c-4299-9dc1-0fdfb1adc622/addn_hosts - 3 addresses
Aug 27 15:04:46 gtw01 dnsmasq-dhcp[807]: read /var/lib/neutron/dhcp/ce33326f-493c-4299-9dc1-0fdfb1adc622/host
Aug 27 15:04:46 gtw01 dnsmasq-dhcp[807]: read /var/lib/neutron/dhcp/ce33326f-493c-4299-9dc1-0fdfb1adc622/opts
Aug 27 15:04:48 gtw01 dnsmasq[4733]: read /var/lib/neutron/dhcp/cb18375c-429b-40a7-ace3-e6ee483d7940/addn_hosts - 1 addresses
Aug 27 15:04:48 gtw01 dnsmasq-dhcp[4733]: read /var/lib/neutron/dhcp/cb18375c-429b-40a7-ace3-e6ee483d7940/host
Aug 27 15:04:48 gtw01 dnsmasq-dhcp[4733]: read /var/lib/neutron/dhcp/cb18375c-429b-40a7-ace3-e6ee483d7940/opts
Aug 27 15:04:50 gtw01 kernel: [ 6757.183986] device qr-85cb5c9b-0f left promiscuous mode
Aug 27 15:04:51 gtw01 dnsmasq-dhcp[21246]: DHCPDISCOVER(tape9a3cc68-02) fa:16:3e:b1:63:a3
Aug 27 15:04:51 gtw01 dnsmasq-dhcp[21246]: DHCPOFFER(tape9a3cc68-02) 192.168.120.210 fa:16:3e:b1:63:a3
Aug 27 15:04:51 gtw01 dnsmasq-dhcp[21246]: DHCPREQUEST(tape9a3cc68-02) 192.168.120.210 fa:16:3e:b1:63:a3
Aug 27 15:04:51 gtw01 dnsmasq-dhcp[21246]: DHCPACK(tape9a3cc68-02) 192.168.120.210 fa:16:3e:b1:63:a3 host-192-168-120-210
Aug 27 15:04:52 gtw01 dnsmasq[807]: read /var/lib/neutron/dhcp/ce33326f-493c-4299-9dc1-0fdfb1adc622/addn_hosts - 4 addresses
Aug 27 15:04:52 gtw01 dnsmasq-dhcp[807]: read /var/lib/neutron/dhcp/ce33326f-493c-4299-9dc1-0fdfb1adc622/host
Aug 27 15:04:52 gtw01 dnsmasq-dhcp[807]: read /var/lib/neutron/dhcp/ce33326f-493c-4299-9dc1-0fdfb1adc622/opts
Aug 27 15:04:52 gtw01 kernel: [ 6759.717123] device qg-90747afc-18 left promiscuous mode
Aug 27 15:04:52 gtw01 dnsmasq[807]: read /var/lib/neutron/dhcp/ce33326f-493c-4299-9dc1-0fdfb1adc622/addn_hosts - 4 addresses
Aug 27 15:04:52 gtw01 dnsmasq-dhcp[807]: read /var/lib/neutron/dhcp/ce33326f-493c-4299-9dc1-0fdfb1adc622/host
Aug 27 15:04:52 gtw01 dnsmasq-dhcp[807]: read /var/lib/neutron/dhcp/ce33326f-493c-4299-9dc1-0fdfb1adc622/opts
Aug 27 15:04:53 gtw01 kernel: [ 6760.320473] device tap7d7af224-c2 left promiscuous mode
Aug 27 15:04:53 gtw01 dnsmasq[807]: read /var/lib/neutron/dhcp/ce33326f-493c-4299-9dc1-0fdfb1adc622/addn_hosts - 4 addresses
Aug 27 15:04:53 gtw01 dnsmasq-dhcp[807]: read /var/lib/neutron/dhcp/ce33326f-493c-4299-9dc1-0fdfb1adc622/host
Aug 27 15:04:53 gtw01 dnsmasq-dhcp[807]: read /var/lib/neutron/dhcp/ce33326f-493c-4299-9dc1-0fdfb1adc622/opts
Aug 27 15:04:55 gtw01 dnsmasq-dhcp[21246]: DHCPRELEASE(tape9a3cc68-02) 192.168.120.210 fa:16:3e:b1:63:a3
Aug 27 15:05:00 gtw01 dnsmasq[21246]: read /var/lib/neutron/dhcp/e7812da2-66f5-40d8-bf1a-d4907c506b9a/addn_hosts - 3 addresses
Aug 27 15:05:00 gtw01 dnsmasq-dhcp[21246]: read /var/lib/neutron/dhcp/e7812da2-66f5-40d8-bf1a-d4907c506b9a/host
Aug 27 15:05:00 gtw01 dnsmasq-dhcp[21246]: read /var/lib/neutron/dhcp/e7812da2-66f5-40d8-bf1a-d4907c506b9a/opts
Aug 27 15:05:01 gtw01 dnsmasq[21246]: read /var/lib/neutron/dhcp/e7812da2-66f5-40d8-bf1a-d4907c506b9a/addn_hosts - 4 addresses
Aug 27 15:05:01 gtw01 dnsmasq-dhcp[21246]: read /var/lib/neutron/dhcp/e7812da2-66f5-40d8-bf1a-d4907c506b9a/host
Aug 27 15:05:01 gtw01 dnsmasq-dhcp[21246]: read /var/lib/neutron/dhcp/e7812da2-66f5-40d8-bf1a-d4907c506b9a/opts
Aug 27 15:05:01 gtw01 dnsmasq[807]: read /var/lib/neutron/dhcp/ce33326f-493c-4299-9dc1-0fdfb1adc622/addn_hosts - 5 addresses
Aug 27 15:05:01 gtw01 dnsmasq-dhcp[807]: read /var/lib/neutron/dhcp/ce33326f-493c-4299-9dc1-0fdfb1adc622/host
Aug 27 15:05:01 gtw01 dnsmasq-dhcp[807]: read /var/lib/neutron/dhcp/ce33326f-493c-4299-9dc1-0fdfb1adc622/opts
Aug 27 15:05:02 gtw01 dnsmasq[21246]: read /var/lib/neutron/dhcp/e7812da2-66f5-40d8-bf1a-d4907c506b9a/addn_hosts - 4 addresses
Aug 27 15:05:02 gtw01 dnsmasq-dhcp[21246]: read /var/lib/neutron/dhcp/e7812da2-66f5-40d8-bf1a-d4907c506b9a/host
Aug 27 15:05:02 gtw01 dnsmasq-dhcp[21246]: read /var/lib/neutron/dhcp/e7812da2-66f5-40d8-bf1a-d4907c506b9a/opts
Aug 27 15:05:02 gtw01 dnsmasq[807]: read /var/lib/neutron/dhcp/ce33326f-493c-4299-9dc1-0fdfb1adc622/addn_hosts - 5 addresses
Aug 27 15:05:02 gtw01 dnsmasq-dhcp[807]: read /var/lib/neutron/dhcp/ce33326f-493c-4299-9dc1-0fdfb1adc622/host
Aug 27 15:05:02 gtw01 dnsmasq-dhcp[807]: read /var/lib/neutron/dhcp/ce33326f-493c-4299-9dc1-0fdfb1adc622/opts
Aug 27 15:05:03 gtw01 dnsmasq[21246]: read /var/lib/neutron/dhcp/e7812da2-66f5-40d8-bf1a-d4907c506b9a/addn_hosts - 4 addresses
Aug 27 15:05:03 gtw01 dnsmasq-dhcp[21246]: read /var/lib/neutron/dhcp/e7812da2-66f5-40d8-bf1a-d4907c506b9a/host
Aug 27 15:05:03 gtw01 dnsmasq-dhcp[21246]: read /var/lib/neutron/dhcp/e7812da2-66f5-40d8-bf1a-d4907c506b9a/opts
Aug 27 15:05:03 gtw01 dnsmasq[807]: read /var/lib/neutron/dhcp/ce33326f-493c-4299-9dc1-0fdfb1adc622/addn_hosts - 5 addresses
Aug 27 15:05:03 gtw01 dnsmasq-dhcp[807]: read /var/lib/neutron/dhcp/ce33326f-493c-4299-9dc1-0fdfb1adc622/host
Aug 27 15:05:03 gtw01 dnsmasq-dhcp[807]: read /var/lib/neutron/dhcp/ce33326f-493c-4299-9dc1-0fdfb1adc622/opts
Aug 27 15:05:04 gtw01 dnsmasq[21246]: read /var/lib/neutron/dhcp/e7812da2-66f5-40d8-bf1a-d4907c506b9a/addn_hosts - 4 addresses
Aug 27 15:05:04 gtw01 dnsmasq-dhcp[21246]: read /var/lib/neutron/dhcp/e7812da2-66f5-40d8-bf1a-d4907c506b9a/host
Aug 27 15:05:04 gtw01 dnsmasq-dhcp[21246]: read /var/lib/neutron/dhcp/e7812da2-66f5-40d8-bf1a-d4907c506b9a/opts
Aug 27 15:05:06 gtw01 dnsmasq-dhcp[807]: DHCPDISCOVER(tap9bea40a9-22) fa:16:3e:fd:4e:4c
Aug 27 15:05:06 gtw01 dnsmasq-dhcp[807]: DHCPOFFER(tap9bea40a9-22) 192.168.120.14 fa:16:3e:fd:4e:4c
Aug 27 15:05:06 gtw01 dnsmasq-dhcp[807]: DHCPREQUEST(tap9bea40a9-22) 192.168.120.14 fa:16:3e:fd:4e:4c
Aug 27 15:05:06 gtw01 dnsmasq-dhcp[807]: DHCPACK(tap9bea40a9-22) 192.168.120.14 fa:16:3e:fd:4e:4c host-192-168-120-14
Aug 27 15:05:07 gtw01 dnsmasq[21246]: read /var/lib/neutron/dhcp/e7812da2-66f5-40d8-bf1a-d4907c506b9a/addn_hosts - 3 addresses
Aug 27 15:05:07 gtw01 dnsmasq-dhcp[21246]: read /var/lib/neutron/dhcp/e7812da2-66f5-40d8-bf1a-d4907c506b9a/host
Aug 27 15:05:07 gtw01 dnsmasq-dhcp[21246]: read /var/lib/neutron/dhcp/e7812da2-66f5-40d8-bf1a-d4907c506b9a/opts
Aug 27 15:05:12 gtw01 dnsmasq[807]: read /var/lib/neutron/dhcp/ce33326f-493c-4299-9dc1-0fdfb1adc622/addn_hosts - 5 addresses
Aug 27 15:05:12 gtw01 dnsmasq-dhcp[807]: read /var/lib/neutron/dhcp/ce33326f-493c-4299-9dc1-0fdfb1adc622/host
Aug 27 15:05:12 gtw01 dnsmasq-dhcp[807]: read /var/lib/neutron/dhcp/ce33326f-493c-4299-9dc1-0fdfb1adc622/opts
Aug 27 15:05:13 gtw01 dnsmasq[807]: read /var/lib/neutron/dhcp/ce33326f-493c-4299-9dc1-0fdfb1adc622/addn_hosts - 5 addresses
Aug 27 15:05:13 gtw01 dnsmasq-dhcp[807]: read /var/lib/neutron/dhcp/ce33326f-493c-4299-9dc1-0fdfb1adc622/host
Aug 27 15:05:13 gtw01 dnsmasq-dhcp[807]: read /var/lib/neutron/dhcp/ce33326f-493c-4299-9dc1-0fdfb1adc622/opts
Aug 27 15:05:15 gtw01 dnsmasq[21246]: read /var/lib/neutron/dhcp/e7812da2-66f5-40d8-bf1a-d4907c506b9a/addn_hosts - 2 addresses
Aug 27 15:05:15 gtw01 dnsmasq-dhcp[21246]: read /var/lib/neutron/dhcp/e7812da2-66f5-40d8-bf1a-d4907c506b9a/host
Aug 27 15:05:15 gtw01 dnsmasq-dhcp[21246]: read /var/lib/neutron/dhcp/e7812da2-66f5-40d8-bf1a-d4907c506b9a/opts
Aug 27 15:05:18 gtw01 dnsmasq-dhcp[807]: DHCPDISCOVER(tap9bea40a9-22) fa:16:3e:28:73:68
Aug 27 15:05:18 gtw01 dnsmasq-dhcp[807]: DHCPOFFER(tap9bea40a9-22) 192.168.120.9 fa:16:3e:28:73:68
Aug 27 15:05:18 gtw01 dnsmasq-dhcp[807]: DHCPREQUEST(tap9bea40a9-22) 192.168.120.9 fa:16:3e:28:73:68
Aug 27 15:05:18 gtw01 dnsmasq-dhcp[807]: DHCPACK(tap9bea40a9-22) 192.168.120.9 fa:16:3e:28:73:68 host-192-168-120-9
Aug 27 15:05:18 gtw01 dnsmasq[807]: read /var/lib/neutron/dhcp/ce33326f-493c-4299-9dc1-0fdfb1adc622/addn_hosts - 5 addresses
Aug 27 15:05:18 gtw01 dnsmasq-dhcp[807]: read /var/lib/neutron/dhcp/ce33326f-493c-4299-9dc1-0fdfb1adc622/host
Aug 27 15:05:18 gtw01 dnsmasq-dhcp[807]: read /var/lib/neutron/dhcp/ce33326f-493c-4299-9dc1-0fdfb1adc622/opts
Aug 27 15:05:20 gtw01 dnsmasq[21246]: read /var/lib/neutron/dhcp/e7812da2-66f5-40d8-bf1a-d4907c506b9a/addn_hosts - 3 addresses
Aug 27 15:05:20 gtw01 dnsmasq-dhcp[21246]: read /var/lib/neutron/dhcp/e7812da2-66f5-40d8-bf1a-d4907c506b9a/host
Aug 27 15:05:20 gtw01 dnsmasq-dhcp[21246]: read /var/lib/neutron/dhcp/e7812da2-66f5-40d8-bf1a-d4907c506b9a/opts
Aug 27 15:05:21 gtw01 dnsmasq[21246]: read /var/lib/neutron/dhcp/e7812da2-66f5-40d8-bf1a-d4907c506b9a/addn_hosts - 3 addresses
Aug 27 15:05:21 gtw01 dnsmasq-dhcp[21246]: read /var/lib/neutron/dhcp/e7812da2-66f5-40d8-bf1a-d4907c506b9a/host
Aug 27 15:05:21 gtw01 dnsmasq-dhcp[21246]: read /var/lib/neutron/dhcp/e7812da2-66f5-40d8-bf1a-d4907c506b9a/opts
Aug 27 15:05:22 gtw01 dnsmasq[21246]: read /var/lib/neutron/dhcp/e7812da2-66f5-40d8-bf1a-d4907c506b9a/addn_hosts - 3 addresses
Aug 27 15:05:22 gtw01 dnsmasq-dhcp[21246]: read /var/lib/neutron/dhcp/e7812da2-66f5-40d8-bf1a-d4907c506b9a/host
Aug 27 15:05:22 gtw01 dnsmasq-dhcp[21246]: read /var/lib/neutron/dhcp/e7812da2-66f5-40d8-bf1a-d4907c506b9a/opts
Aug 27 15:05:23 gtw01 dnsmasq[807]: read /var/lib/neutron/dhcp/ce33326f-493c-4299-9dc1-0fdfb1adc622/addn_hosts - 5 addresses
Aug 27 15:05:23 gtw01 dnsmasq-dhcp[807]: read /var/lib/neutron/dhcp/ce33326f-493c-4299-9dc1-0fdfb1adc622/host
Aug 27 15:05:23 gtw01 dnsmasq-dhcp[807]: read /var/lib/neutron/dhcp/ce33326f-493c-4299-9dc1-0fdfb1adc622/opts
Aug 27 15:05:24 gtw01 dnsmasq[807]: read /var/lib/neutron/dhcp/ce33326f-493c-4299-9dc1-0fdfb1adc622/addn_hosts - 5 addresses
Aug 27 15:05:24 gtw01 dnsmasq-dhcp[807]: read /var/lib/neutron/dhcp/ce33326f-493c-4299-9dc1-0fdfb1adc622/host
Aug 27 15:05:24 gtw01 dnsmasq-dhcp[807]: read /var/lib/neutron/dhcp/ce33326f-493c-4299-9dc1-0fdfb1adc622/opts
Aug 27 15:05:24 gtw01 dnsmasq[21246]: read /var/lib/neutron/dhcp/e7812da2-66f5-40d8-bf1a-d4907c506b9a/addn_hosts - 4 addresses
Aug 27 15:05:24 gtw01 dnsmasq-dhcp[21246]: read /var/lib/neutron/dhcp/e7812da2-66f5-40d8-bf1a-d4907c506b9a/host
Aug 27 15:05:24 gtw01 dnsmasq-dhcp[21246]: read /var/lib/neutron/dhcp/e7812da2-66f5-40d8-bf1a-d4907c506b9a/opts
Aug 27 15:05:26 gtw01 dnsmasq[21246]: read /var/lib/neutron/dhcp/e7812da2-66f5-40d8-bf1a-d4907c506b9a/addn_hosts - 4 addresses
Aug 27 15:05:26 gtw01 dnsmasq-dhcp[21246]: read /var/lib/neutron/dhcp/e7812da2-66f5-40d8-bf1a-d4907c506b9a/host
Aug 27 15:05:26 gtw01 dnsmasq-dhcp[21246]: read /var/lib/neutron/dhcp/e7812da2-66f5-40d8-bf1a-d4907c506b9a/opts
Aug 27 15:05:27 gtw01 dnsmasq[21246]: read /var/lib/neutron/dhcp/e7812da2-66f5-40d8-bf1a-d4907c506b9a/addn_hosts - 4 addresses
Aug 27 15:05:27 gtw01 dnsmasq-dhcp[21246]: read /var/lib/neutron/dhcp/e7812da2-66f5-40d8-bf1a-d4907c506b9a/host
Aug 27 15:05:27 gtw01 dnsmasq-dhcp[21246]: read /var/lib/neutron/dhcp/e7812da2-66f5-40d8-bf1a-d4907c506b9a/opts
Aug 27 15:05:31 gtw01 dnsmasq[807]: read /var/lib/neutron/dhcp/ce33326f-493c-4299-9dc1-0fdfb1adc622/addn_hosts - 5 addresses
Aug 27 15:05:31 gtw01 dnsmasq-dhcp[807]: read /var/lib/neutron/dhcp/ce33326f-493c-4299-9dc1-0fdfb1adc622/host
Aug 27 15:05:31 gtw01 dnsmasq-dhcp[807]: read /var/lib/neutron/dhcp/ce33326f-493c-4299-9dc1-0fdfb1adc622/opts
Aug 27 15:05:34 gtw01 dnsmasq-dhcp[807]: DHCPRELEASE(tap9bea40a9-22) 192.168.120.9 fa:16:3e:28:73:68
Aug 27 15:05:34 gtw01 dnsmasq-dhcp[807]: DHCPRELEASE(tap9bea40a9-22) 192.168.120.9 fa:16:3e:28:73:68 unknown lease
Aug 27 15:05:35 gtw01 dnsmasq[807]: read /var/lib/neutron/dhcp/ce33326f-493c-4299-9dc1-0fdfb1adc622/addn_hosts - 4 addresses
Aug 27 15:05:35 gtw01 dnsmasq-dhcp[807]: read /var/lib/neutron/dhcp/ce33326f-493c-4299-9dc1-0fdfb1adc622/host
Aug 27 15:05:35 gtw01 dnsmasq-dhcp[807]: read /var/lib/neutron/dhcp/ce33326f-493c-4299-9dc1-0fdfb1adc622/opts
Aug 27 15:05:35 gtw01 dnsmasq[21246]: read /var/lib/neutron/dhcp/e7812da2-66f5-40d8-bf1a-d4907c506b9a/addn_hosts - 3 addresses
Aug 27 15:05:35 gtw01 dnsmasq-dhcp[21246]: read /var/lib/neutron/dhcp/e7812da2-66f5-40d8-bf1a-d4907c506b9a/host
Aug 27 15:05:35 gtw01 dnsmasq-dhcp[21246]: read /var/lib/neutron/dhcp/e7812da2-66f5-40d8-bf1a-d4907c506b9a/opts
Aug 27 15:05:37 gtw01 dnsmasq-dhcp[807]: DHCPRELEASE(tap9bea40a9-22) 192.168.120.14 fa:16:3e:fd:4e:4c
Aug 27 15:05:37 gtw01 dnsmasq-dhcp[21246]: DHCPDISCOVER(tape9a3cc68-02) fa:16:3e:31:b6:12
Aug 27 15:05:37 gtw01 dnsmasq-dhcp[21246]: DHCPOFFER(tape9a3cc68-02) 192.168.120.188 fa:16:3e:31:b6:12
Aug 27 15:05:37 gtw01 dnsmasq-dhcp[21246]: DHCPREQUEST(tape9a3cc68-02) 192.168.120.188 fa:16:3e:31:b6:12
Aug 27 15:05:37 gtw01 dnsmasq-dhcp[21246]: DHCPACK(tape9a3cc68-02) 192.168.120.188 fa:16:3e:31:b6:12 host-192-168-120-188
Aug 27 15:05:37 gtw01 dnsmasq-dhcp[807]: DHCPRELEASE(tap9bea40a9-22) 192.168.120.14 fa:16:3e:fd:4e:4c unknown lease
Aug 27 15:05:37 gtw01 dnsmasq[807]: read /var/lib/neutron/dhcp/ce33326f-493c-4299-9dc1-0fdfb1adc622/addn_hosts - 3 addresses
Aug 27 15:05:37 gtw01 dnsmasq-dhcp[807]: read /var/lib/neutron/dhcp/ce33326f-493c-4299-9dc1-0fdfb1adc622/host
Aug 27 15:05:37 gtw01 dnsmasq-dhcp[807]: read /var/lib/neutron/dhcp/ce33326f-493c-4299-9dc1-0fdfb1adc622/opts
Aug 27 15:05:38 gtw01 dnsmasq-dhcp[21246]: DHCPRELEASE(tape9a3cc68-02) 192.168.120.188 fa:16:3e:31:b6:12
Aug 27 15:05:40 gtw01 dnsmasq[807]: read /var/lib/neutron/dhcp/ce33326f-493c-4299-9dc1-0fdfb1adc622/addn_hosts - 2 addresses
Aug 27 15:05:40 gtw01 dnsmasq-dhcp[807]: read /var/lib/neutron/dhcp/ce33326f-493c-4299-9dc1-0fdfb1adc622/host
Aug 27 15:05:40 gtw01 dnsmasq-dhcp[807]: read /var/lib/neutron/dhcp/ce33326f-493c-4299-9dc1-0fdfb1adc622/opts
Aug 27 15:05:43 gtw01 dnsmasq[807]: read /var/lib/neutron/dhcp/ce33326f-493c-4299-9dc1-0fdfb1adc622/addn_hosts - 1 addresses
Aug 27 15:05:43 gtw01 dnsmasq-dhcp[807]: read /var/lib/neutron/dhcp/ce33326f-493c-4299-9dc1-0fdfb1adc622/host
Aug 27 15:05:43 gtw01 dnsmasq-dhcp[807]: read /var/lib/neutron/dhcp/ce33326f-493c-4299-9dc1-0fdfb1adc622/opts
Aug 27 15:05:43 gtw01 kernel: [ 6810.872588] device tape1268b74-f5 entered promiscuous mode
Aug 27 15:05:43 gtw01 systemd-udevd[6651]: link_config: autonegotiation is unset or enabled, the speed and duplex are not writable.
Aug 27 15:05:43 gtw01 systemd-udevd[6651]: Could not generate persistent MAC address for tape1268b74-f5: No such file or directory
Aug 27 15:05:43 gtw01 systemd-udevd[6651]: Process '/sbin/ip link set tape1268b74-f5 txqueuelen 10000' failed with exit code 1.
Aug 27 15:05:43 gtw01 systemd-udevd[6651]: Process '/sbin/ip link set tape1268b74-f5 txqueuelen 10000' failed with exit code 1.
Aug 27 15:05:45 gtw01 kernel: [ 6812.415418] device qr-820ca05b-cb left promiscuous mode
Aug 27 15:05:46 gtw01 kernel: [ 6813.102385] device qg-9fa5e238-15 left promiscuous mode
Aug 27 15:05:46 gtw01 dnsmasq[6834]: started, version 2.79 cachesize 150
Aug 27 15:05:46 gtw01 dnsmasq[6834]: DNS service limited to local subnets
Aug 27 15:05:46 gtw01 dnsmasq[6834]: compile time options: IPv6 GNU-getopt DBus i18n IDN DHCP DHCPv6 no-Lua TFTP conntrack ipset auth DNSSEC loop-detect inotify
Aug 27 15:05:46 gtw01 dnsmasq[6834]: warning: no upstream servers configured
Aug 27 15:05:46 gtw01 dnsmasq-dhcp[6834]: DHCP, static leases only on 192.168.120.0, lease time 1h
Aug 27 15:05:46 gtw01 dnsmasq[6834]: read /var/lib/neutron/dhcp/a6581166-2e47-4f65-8e5a-404928355774/addn_hosts - 1 addresses
Aug 27 15:05:46 gtw01 dnsmasq-dhcp[6834]: read /var/lib/neutron/dhcp/a6581166-2e47-4f65-8e5a-404928355774/host
Aug 27 15:05:46 gtw01 dnsmasq-dhcp[6834]: read /var/lib/neutron/dhcp/a6581166-2e47-4f65-8e5a-404928355774/opts
Aug 27 15:05:47 gtw01 dnsmasq[21246]: read /var/lib/neutron/dhcp/e7812da2-66f5-40d8-bf1a-d4907c506b9a/addn_hosts - 2 addresses
Aug 27 15:05:47 gtw01 dnsmasq-dhcp[21246]: read /var/lib/neutron/dhcp/e7812da2-66f5-40d8-bf1a-d4907c506b9a/host
Aug 27 15:05:47 gtw01 dnsmasq-dhcp[21246]: read /var/lib/neutron/dhcp/e7812da2-66f5-40d8-bf1a-d4907c506b9a/opts
Aug 27 15:05:48 gtw01 dnsmasq[6834]: read /var/lib/neutron/dhcp/a6581166-2e47-4f65-8e5a-404928355774/addn_hosts - 2 addresses
Aug 27 15:05:48 gtw01 dnsmasq-dhcp[6834]: read /var/lib/neutron/dhcp/a6581166-2e47-4f65-8e5a-404928355774/host
Aug 27 15:05:48 gtw01 dnsmasq-dhcp[6834]: read /var/lib/neutron/dhcp/a6581166-2e47-4f65-8e5a-404928355774/opts
Aug 27 15:05:49 gtw01 dnsmasq[6834]: read /var/lib/neutron/dhcp/a6581166-2e47-4f65-8e5a-404928355774/addn_hosts - 2 addresses
Aug 27 15:05:49 gtw01 dnsmasq-dhcp[6834]: read /var/lib/neutron/dhcp/a6581166-2e47-4f65-8e5a-404928355774/host
Aug 27 15:05:49 gtw01 dnsmasq-dhcp[6834]: read /var/lib/neutron/dhcp/a6581166-2e47-4f65-8e5a-404928355774/opts
Aug 27 15:05:50 gtw01 dnsmasq[6834]: read /var/lib/neutron/dhcp/a6581166-2e47-4f65-8e5a-404928355774/addn_hosts - 2 addresses
Aug 27 15:05:50 gtw01 dnsmasq-dhcp[6834]: read /var/lib/neutron/dhcp/a6581166-2e47-4f65-8e5a-404928355774/host
Aug 27 15:05:50 gtw01 dnsmasq-dhcp[6834]: read /var/lib/neutron/dhcp/a6581166-2e47-4f65-8e5a-404928355774/opts
Aug 27 15:05:50 gtw01 dnsmasq[6834]: read /var/lib/neutron/dhcp/a6581166-2e47-4f65-8e5a-404928355774/addn_hosts - 2 addresses
Aug 27 15:05:50 gtw01 dnsmasq-dhcp[6834]: read /var/lib/neutron/dhcp/a6581166-2e47-4f65-8e5a-404928355774/host
Aug 27 15:05:50 gtw01 dnsmasq-dhcp[6834]: read /var/lib/neutron/dhcp/a6581166-2e47-4f65-8e5a-404928355774/opts
Aug 27 15:05:51 gtw01 dnsmasq[6834]: read /var/lib/neutron/dhcp/a6581166-2e47-4f65-8e5a-404928355774/addn_hosts - 3 addresses
Aug 27 15:05:51 gtw01 dnsmasq-dhcp[6834]: read /var/lib/neutron/dhcp/a6581166-2e47-4f65-8e5a-404928355774/host
Aug 27 15:05:51 gtw01 dnsmasq-dhcp[6834]: read /var/lib/neutron/dhcp/a6581166-2e47-4f65-8e5a-404928355774/opts
Aug 27 15:05:52 gtw01 kernel: [ 6819.781208] device tap9bea40a9-22 left promiscuous mode
Aug 27 15:05:52 gtw01 dnsmasq[6834]: read /var/lib/neutron/dhcp/a6581166-2e47-4f65-8e5a-404928355774/addn_hosts - 4 addresses
Aug 27 15:05:52 gtw01 dnsmasq-dhcp[6834]: read /var/lib/neutron/dhcp/a6581166-2e47-4f65-8e5a-404928355774/host
Aug 27 15:05:52 gtw01 dnsmasq-dhcp[6834]: read /var/lib/neutron/dhcp/a6581166-2e47-4f65-8e5a-404928355774/opts
Aug 27 15:05:52 gtw01 dnsmasq[21246]: read /var/lib/neutron/dhcp/e7812da2-66f5-40d8-bf1a-d4907c506b9a/addn_hosts - 3 addresses
Aug 27 15:05:52 gtw01 dnsmasq-dhcp[21246]: read /var/lib/neutron/dhcp/e7812da2-66f5-40d8-bf1a-d4907c506b9a/host
Aug 27 15:05:52 gtw01 dnsmasq-dhcp[21246]: read /var/lib/neutron/dhcp/e7812da2-66f5-40d8-bf1a-d4907c506b9a/opts
Aug 27 15:05:53 gtw01 dnsmasq[6834]: read /var/lib/neutron/dhcp/a6581166-2e47-4f65-8e5a-404928355774/addn_hosts - 4 addresses
Aug 27 15:05:53 gtw01 dnsmasq-dhcp[6834]: read /var/lib/neutron/dhcp/a6581166-2e47-4f65-8e5a-404928355774/host
Aug 27 15:05:53 gtw01 dnsmasq-dhcp[6834]: read /var/lib/neutron/dhcp/a6581166-2e47-4f65-8e5a-404928355774/opts
Aug 27 15:05:54 gtw01 dnsmasq[21246]: read /var/lib/neutron/dhcp/e7812da2-66f5-40d8-bf1a-d4907c506b9a/addn_hosts - 3 addresses
Aug 27 15:05:54 gtw01 dnsmasq-dhcp[21246]: read /var/lib/neutron/dhcp/e7812da2-66f5-40d8-bf1a-d4907c506b9a/host
Aug 27 15:05:54 gtw01 dnsmasq-dhcp[21246]: read /var/lib/neutron/dhcp/e7812da2-66f5-40d8-bf1a-d4907c506b9a/opts
Aug 27 15:05:54 gtw01 dnsmasq[6834]: read /var/lib/neutron/dhcp/a6581166-2e47-4f65-8e5a-404928355774/addn_hosts - 4 addresses
Aug 27 15:05:54 gtw01 dnsmasq-dhcp[6834]: read /var/lib/neutron/dhcp/a6581166-2e47-4f65-8e5a-404928355774/host
Aug 27 15:05:54 gtw01 dnsmasq-dhcp[6834]: read /var/lib/neutron/dhcp/a6581166-2e47-4f65-8e5a-404928355774/opts
Aug 27 15:05:55 gtw01 dnsmasq[21246]: read /var/lib/neutron/dhcp/e7812da2-66f5-40d8-bf1a-d4907c506b9a/addn_hosts - 3 addresses
Aug 27 15:05:55 gtw01 dnsmasq-dhcp[21246]: read /var/lib/neutron/dhcp/e7812da2-66f5-40d8-bf1a-d4907c506b9a/host
Aug 27 15:05:55 gtw01 dnsmasq-dhcp[21246]: read /var/lib/neutron/dhcp/e7812da2-66f5-40d8-bf1a-d4907c506b9a/opts
Aug 27 15:05:55 gtw01 dnsmasq[6834]: read /var/lib/neutron/dhcp/a6581166-2e47-4f65-8e5a-404928355774/addn_hosts - 4 addresses
Aug 27 15:05:55 gtw01 dnsmasq-dhcp[6834]: read /var/lib/neutron/dhcp/a6581166-2e47-4f65-8e5a-404928355774/host
Aug 27 15:05:55 gtw01 dnsmasq-dhcp[6834]: read /var/lib/neutron/dhcp/a6581166-2e47-4f65-8e5a-404928355774/opts
Aug 27 15:05:56 gtw01 dnsmasq[6834]: read /var/lib/neutron/dhcp/a6581166-2e47-4f65-8e5a-404928355774/addn_hosts - 4 addresses
Aug 27 15:05:56 gtw01 dnsmasq-dhcp[6834]: read /var/lib/neutron/dhcp/a6581166-2e47-4f65-8e5a-404928355774/host
Aug 27 15:05:56 gtw01 dnsmasq-dhcp[6834]: read /var/lib/neutron/dhcp/a6581166-2e47-4f65-8e5a-404928355774/opts
Aug 27 15:05:57 gtw01 dnsmasq[6834]: read /var/lib/neutron/dhcp/a6581166-2e47-4f65-8e5a-404928355774/addn_hosts - 4 addresses
Aug 27 15:05:57 gtw01 dnsmasq-dhcp[6834]: read /var/lib/neutron/dhcp/a6581166-2e47-4f65-8e5a-404928355774/host
Aug 27 15:05:57 gtw01 dnsmasq-dhcp[6834]: read /var/lib/neutron/dhcp/a6581166-2e47-4f65-8e5a-404928355774/opts
Aug 27 15:05:58 gtw01 dnsmasq[6834]: read /var/lib/neutron/dhcp/a6581166-2e47-4f65-8e5a-404928355774/addn_hosts - 4 addresses
Aug 27 15:05:58 gtw01 dnsmasq-dhcp[6834]: read /var/lib/neutron/dhcp/a6581166-2e47-4f65-8e5a-404928355774/host
Aug 27 15:05:58 gtw01 dnsmasq-dhcp[6834]: read /var/lib/neutron/dhcp/a6581166-2e47-4f65-8e5a-404928355774/opts
Aug 27 15:06:01 gtw01 kernel: [ 6828.857871] device tap71fc4339-9f entered promiscuous mode
Aug 27 15:06:01 gtw01 systemd-udevd[7172]: link_config: autonegotiation is unset or enabled, the speed and duplex are not writable.
Aug 27 15:06:01 gtw01 systemd-udevd[7172]: Could not generate persistent MAC address for tap71fc4339-9f: No such file or directory
Aug 27 15:06:01 gtw01 systemd-udevd[7172]: Process '/sbin/ip link set tap71fc4339-9f txqueuelen 10000' failed with exit code 1.
Aug 27 15:06:02 gtw01 systemd-udevd[7249]: Process '/sbin/ip link set tap71fc4339-9f txqueuelen 10000' failed with exit code 1.
Aug 27 15:06:02 gtw01 dnsmasq-dhcp[6834]: DHCPDISCOVER(tape1268b74-f5) fa:16:3e:53:7b:5b
Aug 27 15:06:02 gtw01 dnsmasq-dhcp[6834]: DHCPOFFER(tape1268b74-f5) 192.168.120.6 fa:16:3e:53:7b:5b
Aug 27 15:06:02 gtw01 dnsmasq-dhcp[6834]: DHCPREQUEST(tape1268b74-f5) 192.168.120.6 fa:16:3e:53:7b:5b
Aug 27 15:06:02 gtw01 dnsmasq-dhcp[6834]: DHCPACK(tape1268b74-f5) 192.168.120.6 fa:16:3e:53:7b:5b host-192-168-120-6
Aug 27 15:06:04 gtw01 dnsmasq[7316]: started, version 2.79 cachesize 150
Aug 27 15:06:04 gtw01 dnsmasq[7316]: DNS service limited to local subnets
Aug 27 15:06:04 gtw01 dnsmasq[7316]: compile time options: IPv6 GNU-getopt DBus i18n IDN DHCP DHCPv6 no-Lua TFTP conntrack ipset auth DNSSEC loop-detect inotify
Aug 27 15:06:04 gtw01 dnsmasq[7316]: warning: no upstream servers configured
Aug 27 15:06:04 gtw01 dnsmasq-dhcp[7316]: DHCP, static leases only on 192.168.120.0, lease time 1h
Aug 27 15:06:04 gtw01 dnsmasq[7316]: read /var/lib/neutron/dhcp/47853dee-1f21-4e8f-ab0b-8f50a718ee17/addn_hosts - 1 addresses
Aug 27 15:06:04 gtw01 dnsmasq-dhcp[7316]: read /var/lib/neutron/dhcp/47853dee-1f21-4e8f-ab0b-8f50a718ee17/host
Aug 27 15:06:04 gtw01 dnsmasq-dhcp[7316]: read /var/lib/neutron/dhcp/47853dee-1f21-4e8f-ab0b-8f50a718ee17/opts
Aug 27 15:06:05 gtw01 dnsmasq[7316]: read /var/lib/neutron/dhcp/47853dee-1f21-4e8f-ab0b-8f50a718ee17/addn_hosts - 2 addresses
Aug 27 15:06:05 gtw01 dnsmasq-dhcp[7316]: read /var/lib/neutron/dhcp/47853dee-1f21-4e8f-ab0b-8f50a718ee17/host
Aug 27 15:06:05 gtw01 dnsmasq-dhcp[7316]: read /var/lib/neutron/dhcp/47853dee-1f21-4e8f-ab0b-8f50a718ee17/opts
Aug 27 15:06:06 gtw01 kernel: [ 6833.326301] device qg-157b6043-66 entered promiscuous mode
Aug 27 15:06:06 gtw01 systemd-udevd[7360]: link_config: autonegotiation is unset or enabled, the speed and duplex are not writable.
Aug 27 15:06:06 gtw01 systemd-udevd[7360]: Could not generate persistent MAC address for qg-157b6043-66: No such file or directory
Aug 27 15:06:06 gtw01 dnsmasq[7316]: read /var/lib/neutron/dhcp/47853dee-1f21-4e8f-ab0b-8f50a718ee17/addn_hosts - 2 addresses
Aug 27 15:06:06 gtw01 dnsmasq-dhcp[7316]: read /var/lib/neutron/dhcp/47853dee-1f21-4e8f-ab0b-8f50a718ee17/host
Aug 27 15:06:06 gtw01 dnsmasq-dhcp[7316]: read /var/lib/neutron/dhcp/47853dee-1f21-4e8f-ab0b-8f50a718ee17/opts
Aug 27 15:06:07 gtw01 dnsmasq-dhcp[6834]: DHCPDISCOVER(tape1268b74-f5) fa:16:3e:92:e7:c7
Aug 27 15:06:07 gtw01 dnsmasq-dhcp[6834]: DHCPOFFER(tape1268b74-f5) 192.168.120.11 fa:16:3e:92:e7:c7
Aug 27 15:06:07 gtw01 dnsmasq-dhcp[6834]: DHCPREQUEST(tape1268b74-f5) 192.168.120.11 fa:16:3e:92:e7:c7
Aug 27 15:06:07 gtw01 dnsmasq-dhcp[6834]: DHCPACK(tape1268b74-f5) 192.168.120.11 fa:16:3e:92:e7:c7 host-192-168-120-11
Aug 27 15:06:07 gtw01 dnsmasq[7316]: read /var/lib/neutron/dhcp/47853dee-1f21-4e8f-ab0b-8f50a718ee17/addn_hosts - 2 addresses
Aug 27 15:06:07 gtw01 dnsmasq-dhcp[7316]: read /var/lib/neutron/dhcp/47853dee-1f21-4e8f-ab0b-8f50a718ee17/host
Aug 27 15:06:07 gtw01 dnsmasq-dhcp[7316]: read /var/lib/neutron/dhcp/47853dee-1f21-4e8f-ab0b-8f50a718ee17/opts
Aug 27 15:06:08 gtw01 dnsmasq[7316]: read /var/lib/neutron/dhcp/47853dee-1f21-4e8f-ab0b-8f50a718ee17/addn_hosts - 2 addresses
Aug 27 15:06:08 gtw01 dnsmasq-dhcp[7316]: read /var/lib/neutron/dhcp/47853dee-1f21-4e8f-ab0b-8f50a718ee17/host
Aug 27 15:06:08 gtw01 dnsmasq-dhcp[7316]: read /var/lib/neutron/dhcp/47853dee-1f21-4e8f-ab0b-8f50a718ee17/opts
Aug 27 15:06:09 gtw01 dnsmasq[7316]: read /var/lib/neutron/dhcp/47853dee-1f21-4e8f-ab0b-8f50a718ee17/addn_hosts - 2 addresses
Aug 27 15:06:09 gtw01 dnsmasq-dhcp[7316]: read /var/lib/neutron/dhcp/47853dee-1f21-4e8f-ab0b-8f50a718ee17/host
Aug 27 15:06:09 gtw01 dnsmasq-dhcp[7316]: read /var/lib/neutron/dhcp/47853dee-1f21-4e8f-ab0b-8f50a718ee17/opts
Aug 27 15:06:10 gtw01 dnsmasq-dhcp[6834]: DHCPDISCOVER(tape1268b74-f5) fa:16:3e:aa:3d:4c
Aug 27 15:06:10 gtw01 dnsmasq-dhcp[6834]: DHCPOFFER(tape1268b74-f5) 192.168.120.4 fa:16:3e:aa:3d:4c
Aug 27 15:06:10 gtw01 kernel: [ 6837.451774] device tap290cba32-d7 entered promiscuous mode
Aug 27 15:06:10 gtw01 systemd-udevd[7599]: link_config: autonegotiation is unset or enabled, the speed and duplex are not writable.
Aug 27 15:06:10 gtw01 systemd-udevd[7599]: Could not generate persistent MAC address for tap290cba32-d7: No such file or directory
Aug 27 15:06:10 gtw01 dnsmasq-dhcp[6834]: DHCPREQUEST(tape1268b74-f5) 192.168.120.4 fa:16:3e:aa:3d:4c
Aug 27 15:06:10 gtw01 dnsmasq-dhcp[6834]: DHCPACK(tape1268b74-f5) 192.168.120.4 fa:16:3e:aa:3d:4c host-192-168-120-4
Aug 27 15:06:10 gtw01 systemd-udevd[7599]: Process '/sbin/ip link set tap290cba32-d7 txqueuelen 10000' failed with exit code 1.
Aug 27 15:06:10 gtw01 dnsmasq-dhcp[21246]: DHCPDISCOVER(tape9a3cc68-02) fa:16:3e:6f:38:74
Aug 27 15:06:10 gtw01 dnsmasq-dhcp[21246]: DHCPOFFER(tape9a3cc68-02) 192.168.120.131 fa:16:3e:6f:38:74
Aug 27 15:06:10 gtw01 dnsmasq-dhcp[21246]: DHCPREQUEST(tape9a3cc68-02) 192.168.120.131 fa:16:3e:6f:38:74
Aug 27 15:06:10 gtw01 dnsmasq-dhcp[21246]: DHCPACK(tape9a3cc68-02) 192.168.120.131 fa:16:3e:6f:38:74 host-192-168-120-131
Aug 27 15:06:10 gtw01 systemd-udevd[7673]: Process '/sbin/ip link set tap290cba32-d7 txqueuelen 10000' failed with exit code 1.
Aug 27 15:06:11 gtw01 systemd-udevd[7738]: link_config: autonegotiation is unset or enabled, the speed and duplex are not writable.
Aug 27 15:06:11 gtw01 systemd-udevd[7738]: Could not generate persistent MAC address for tap31179a01-42: No such file or directory
Aug 27 15:06:11 gtw01 kernel: [ 6838.784458] device tap31179a01-42 entered promiscuous mode
Aug 27 15:06:11 gtw01 systemd-udevd[7738]: Process '/sbin/ip link set tap31179a01-42 txqueuelen 10000' failed with exit code 1.
Aug 27 15:06:11 gtw01 systemd-udevd[7738]: Process '/sbin/ip link set tap31179a01-42 txqueuelen 10000' failed with exit code 1.
Aug 27 15:06:13 gtw01 dnsmasq[7919]: started, version 2.79 cachesize 150
Aug 27 15:06:13 gtw01 dnsmasq[7919]: DNS service limited to local subnets
Aug 27 15:06:13 gtw01 dnsmasq[7919]: compile time options: IPv6 GNU-getopt DBus i18n IDN DHCP DHCPv6 no-Lua TFTP conntrack ipset auth DNSSEC loop-detect inotify
Aug 27 15:06:13 gtw01 dnsmasq[7919]: LOUD WARNING: listening on 19.80.0.2 may accept requests via interfaces other than tap290cba32-d7
Aug 27 15:06:13 gtw01 dnsmasq[7919]: LOUD WARNING: use --bind-dynamic rather than --bind-interfaces to avoid DNS amplification attacks via these interface(s)
Aug 27 15:06:13 gtw01 dnsmasq[7919]: warning: no upstream servers configured
Aug 27 15:06:13 gtw01 dnsmasq-dhcp[7919]: DHCP, static leases only on 19.80.0.0, lease time 1h
Aug 27 15:06:13 gtw01 dnsmasq[7919]: read /var/lib/neutron/dhcp/0938fa24-0505-4c81-98c7-b75460854f68/addn_hosts - 1 addresses
Aug 27 15:06:13 gtw01 dnsmasq-dhcp[7919]: read /var/lib/neutron/dhcp/0938fa24-0505-4c81-98c7-b75460854f68/host
Aug 27 15:06:13 gtw01 dnsmasq-dhcp[7919]: read /var/lib/neutron/dhcp/0938fa24-0505-4c81-98c7-b75460854f68/opts
Aug 27 15:06:14 gtw01 dnsmasq[7919]: read /var/lib/neutron/dhcp/0938fa24-0505-4c81-98c7-b75460854f68/addn_hosts - 2 addresses
Aug 27 15:06:14 gtw01 dnsmasq-dhcp[7919]: read /var/lib/neutron/dhcp/0938fa24-0505-4c81-98c7-b75460854f68/host
Aug 27 15:06:14 gtw01 dnsmasq-dhcp[7919]: read /var/lib/neutron/dhcp/0938fa24-0505-4c81-98c7-b75460854f68/opts
Aug 27 15:06:14 gtw01 dnsmasq[7316]: read /var/lib/neutron/dhcp/47853dee-1f21-4e8f-ab0b-8f50a718ee17/addn_hosts - 2 addresses
Aug 27 15:06:14 gtw01 dnsmasq-dhcp[7316]: read /var/lib/neutron/dhcp/47853dee-1f21-4e8f-ab0b-8f50a718ee17/host
Aug 27 15:06:14 gtw01 dnsmasq-dhcp[7316]: read /var/lib/neutron/dhcp/47853dee-1f21-4e8f-ab0b-8f50a718ee17/opts
Aug 27 15:06:15 gtw01 dnsmasq[7991]: started, version 2.79 cachesize 150
Aug 27 15:06:15 gtw01 dnsmasq[7991]: DNS service limited to local subnets
Aug 27 15:06:15 gtw01 dnsmasq[7991]: compile time options: IPv6 GNU-getopt DBus i18n IDN DHCP DHCPv6 no-Lua TFTP conntrack ipset auth DNSSEC loop-detect inotify
Aug 27 15:06:15 gtw01 dnsmasq[7991]: LOUD WARNING: listening on 19.86.0.2 may accept requests via interfaces other than tap31179a01-42
Aug 27 15:06:15 gtw01 dnsmasq[7991]: LOUD WARNING: use --bind-dynamic rather than --bind-interfaces to avoid DNS amplification attacks via these interface(s)
Aug 27 15:06:15 gtw01 dnsmasq[7991]: warning: no upstream servers configured
Aug 27 15:06:15 gtw01 dnsmasq-dhcp[7991]: DHCP, static leases only on 19.86.0.0, lease time 1h
Aug 27 15:06:15 gtw01 dnsmasq[7991]: read /var/lib/neutron/dhcp/a24bce4c-da8c-472e-a912-c58be47817bf/addn_hosts - 1 addresses
Aug 27 15:06:15 gtw01 dnsmasq-dhcp[7991]: read /var/lib/neutron/dhcp/a24bce4c-da8c-472e-a912-c58be47817bf/host
Aug 27 15:06:15 gtw01 dnsmasq-dhcp[7991]: read /var/lib/neutron/dhcp/a24bce4c-da8c-472e-a912-c58be47817bf/opts
Aug 27 15:06:15 gtw01 dnsmasq-dhcp[21246]: DHCPRELEASE(tape9a3cc68-02) 192.168.120.131 fa:16:3e:6f:38:74
Aug 27 15:06:15 gtw01 dnsmasq[7919]: read /var/lib/neutron/dhcp/0938fa24-0505-4c81-98c7-b75460854f68/addn_hosts - 2 addresses
Aug 27 15:06:15 gtw01 dnsmasq-dhcp[7919]: read /var/lib/neutron/dhcp/0938fa24-0505-4c81-98c7-b75460854f68/host
Aug 27 15:06:15 gtw01 dnsmasq-dhcp[7919]: read /var/lib/neutron/dhcp/0938fa24-0505-4c81-98c7-b75460854f68/opts
Aug 27 15:06:15 gtw01 dnsmasq[7316]: read /var/lib/neutron/dhcp/47853dee-1f21-4e8f-ab0b-8f50a718ee17/addn_hosts - 2 addresses
Aug 27 15:06:15 gtw01 dnsmasq-dhcp[7316]: read /var/lib/neutron/dhcp/47853dee-1f21-4e8f-ab0b-8f50a718ee17/host
Aug 27 15:06:15 gtw01 dnsmasq-dhcp[7316]: read /var/lib/neutron/dhcp/47853dee-1f21-4e8f-ab0b-8f50a718ee17/opts
Aug 27 15:06:15 gtw01 systemd-udevd[8021]: link_config: autonegotiation is unset or enabled, the speed and duplex are not writable.
Aug 27 15:06:15 gtw01 systemd-udevd[8021]: Could not generate persistent MAC address for qr-29d91896-03: No such file or directory
Aug 27 15:06:15 gtw01 kernel: [ 6842.635007] device qr-29d91896-03 entered promiscuous mode
Aug 27 15:06:16 gtw01 dnsmasq[7991]: read /var/lib/neutron/dhcp/a24bce4c-da8c-472e-a912-c58be47817bf/addn_hosts - 2 addresses
Aug 27 15:06:16 gtw01 dnsmasq-dhcp[7991]: read /var/lib/neutron/dhcp/a24bce4c-da8c-472e-a912-c58be47817bf/host
Aug 27 15:06:16 gtw01 dnsmasq-dhcp[7991]: read /var/lib/neutron/dhcp/a24bce4c-da8c-472e-a912-c58be47817bf/opts
Aug 27 15:06:16 gtw01 dnsmasq[7919]: read /var/lib/neutron/dhcp/0938fa24-0505-4c81-98c7-b75460854f68/addn_hosts - 2 addresses
Aug 27 15:06:16 gtw01 dnsmasq-dhcp[7919]: read /var/lib/neutron/dhcp/0938fa24-0505-4c81-98c7-b75460854f68/host
Aug 27 15:06:16 gtw01 dnsmasq-dhcp[7919]: read /var/lib/neutron/dhcp/0938fa24-0505-4c81-98c7-b75460854f68/opts
Aug 27 15:06:16 gtw01 dnsmasq[7991]: read /var/lib/neutron/dhcp/a24bce4c-da8c-472e-a912-c58be47817bf/addn_hosts - 2 addresses
Aug 27 15:06:16 gtw01 dnsmasq-dhcp[7991]: read /var/lib/neutron/dhcp/a24bce4c-da8c-472e-a912-c58be47817bf/host
Aug 27 15:06:16 gtw01 dnsmasq-dhcp[7991]: read /var/lib/neutron/dhcp/a24bce4c-da8c-472e-a912-c58be47817bf/opts
Aug 27 15:06:17 gtw01 dnsmasq[7919]: read /var/lib/neutron/dhcp/0938fa24-0505-4c81-98c7-b75460854f68/addn_hosts - 3 addresses
Aug 27 15:06:17 gtw01 dnsmasq-dhcp[7919]: read /var/lib/neutron/dhcp/0938fa24-0505-4c81-98c7-b75460854f68/host
Aug 27 15:06:17 gtw01 dnsmasq-dhcp[7919]: read /var/lib/neutron/dhcp/0938fa24-0505-4c81-98c7-b75460854f68/opts
Aug 27 15:06:17 gtw01 dnsmasq[7991]: read /var/lib/neutron/dhcp/a24bce4c-da8c-472e-a912-c58be47817bf/addn_hosts - 2 addresses
Aug 27 15:06:17 gtw01 dnsmasq-dhcp[7991]: read /var/lib/neutron/dhcp/a24bce4c-da8c-472e-a912-c58be47817bf/host
Aug 27 15:06:17 gtw01 dnsmasq-dhcp[7991]: read /var/lib/neutron/dhcp/a24bce4c-da8c-472e-a912-c58be47817bf/opts
Aug 27 15:06:18 gtw01 dnsmasq[7919]: read /var/lib/neutron/dhcp/0938fa24-0505-4c81-98c7-b75460854f68/addn_hosts - 3 addresses
Aug 27 15:06:18 gtw01 dnsmasq-dhcp[7919]: read /var/lib/neutron/dhcp/0938fa24-0505-4c81-98c7-b75460854f68/host
Aug 27 15:06:18 gtw01 dnsmasq-dhcp[7919]: read /var/lib/neutron/dhcp/0938fa24-0505-4c81-98c7-b75460854f68/opts
Aug 27 15:06:18 gtw01 dnsmasq[7991]: read /var/lib/neutron/dhcp/a24bce4c-da8c-472e-a912-c58be47817bf/addn_hosts - 2 addresses
Aug 27 15:06:18 gtw01 dnsmasq-dhcp[7991]: read /var/lib/neutron/dhcp/a24bce4c-da8c-472e-a912-c58be47817bf/host
Aug 27 15:06:18 gtw01 dnsmasq-dhcp[7991]: read /var/lib/neutron/dhcp/a24bce4c-da8c-472e-a912-c58be47817bf/opts
Aug 27 15:06:19 gtw01 dnsmasq[7919]: read /var/lib/neutron/dhcp/0938fa24-0505-4c81-98c7-b75460854f68/addn_hosts - 3 addresses
Aug 27 15:06:19 gtw01 dnsmasq-dhcp[7919]: read /var/lib/neutron/dhcp/0938fa24-0505-4c81-98c7-b75460854f68/host
Aug 27 15:06:19 gtw01 dnsmasq-dhcp[7919]: read /var/lib/neutron/dhcp/0938fa24-0505-4c81-98c7-b75460854f68/opts
Aug 27 15:06:19 gtw01 dnsmasq[7991]: read /var/lib/neutron/dhcp/a24bce4c-da8c-472e-a912-c58be47817bf/addn_hosts - 2 addresses
Aug 27 15:06:19 gtw01 dnsmasq-dhcp[7991]: read /var/lib/neutron/dhcp/a24bce4c-da8c-472e-a912-c58be47817bf/host
Aug 27 15:06:19 gtw01 dnsmasq-dhcp[7991]: read /var/lib/neutron/dhcp/a24bce4c-da8c-472e-a912-c58be47817bf/opts
Aug 27 15:06:20 gtw01 dnsmasq[7919]: read /var/lib/neutron/dhcp/0938fa24-0505-4c81-98c7-b75460854f68/addn_hosts - 3 addresses
Aug 27 15:06:20 gtw01 dnsmasq-dhcp[7919]: read /var/lib/neutron/dhcp/0938fa24-0505-4c81-98c7-b75460854f68/host
Aug 27 15:06:20 gtw01 dnsmasq-dhcp[7919]: read /var/lib/neutron/dhcp/0938fa24-0505-4c81-98c7-b75460854f68/opts
Aug 27 15:06:20 gtw01 dnsmasq[7991]: read /var/lib/neutron/dhcp/a24bce4c-da8c-472e-a912-c58be47817bf/addn_hosts - 2 addresses
Aug 27 15:06:20 gtw01 dnsmasq-dhcp[7991]: read /var/lib/neutron/dhcp/a24bce4c-da8c-472e-a912-c58be47817bf/host
Aug 27 15:06:20 gtw01 dnsmasq-dhcp[7991]: read /var/lib/neutron/dhcp/a24bce4c-da8c-472e-a912-c58be47817bf/opts
Aug 27 15:06:21 gtw01 dnsmasq[7919]: read /var/lib/neutron/dhcp/0938fa24-0505-4c81-98c7-b75460854f68/addn_hosts - 3 addresses
Aug 27 15:06:21 gtw01 dnsmasq-dhcp[7919]: read /var/lib/neutron/dhcp/0938fa24-0505-4c81-98c7-b75460854f68/host
Aug 27 15:06:21 gtw01 dnsmasq-dhcp[7919]: read /var/lib/neutron/dhcp/0938fa24-0505-4c81-98c7-b75460854f68/opts
Aug 27 15:06:22 gtw01 dnsmasq[7919]: read /var/lib/neutron/dhcp/0938fa24-0505-4c81-98c7-b75460854f68/addn_hosts - 3 addresses
Aug 27 15:06:22 gtw01 dnsmasq-dhcp[7919]: read /var/lib/neutron/dhcp/0938fa24-0505-4c81-98c7-b75460854f68/host
Aug 27 15:06:22 gtw01 dnsmasq-dhcp[7919]: read /var/lib/neutron/dhcp/0938fa24-0505-4c81-98c7-b75460854f68/opts
Aug 27 15:06:24 gtw01 dnsmasq[21246]: read /var/lib/neutron/dhcp/e7812da2-66f5-40d8-bf1a-d4907c506b9a/addn_hosts - 2 addresses
Aug 27 15:06:24 gtw01 dnsmasq-dhcp[21246]: read /var/lib/neutron/dhcp/e7812da2-66f5-40d8-bf1a-d4907c506b9a/host
Aug 27 15:06:24 gtw01 dnsmasq-dhcp[21246]: read /var/lib/neutron/dhcp/e7812da2-66f5-40d8-bf1a-d4907c506b9a/opts
Aug 27 15:06:27 gtw01 dnsmasq[21246]: read /var/lib/neutron/dhcp/e7812da2-66f5-40d8-bf1a-d4907c506b9a/addn_hosts - 3 addresses
Aug 27 15:06:27 gtw01 dnsmasq-dhcp[21246]: read /var/lib/neutron/dhcp/e7812da2-66f5-40d8-bf1a-d4907c506b9a/host
Aug 27 15:06:27 gtw01 dnsmasq-dhcp[21246]: read /var/lib/neutron/dhcp/e7812da2-66f5-40d8-bf1a-d4907c506b9a/opts
Aug 27 15:06:27 gtw01 dnsmasq-dhcp[6834]: DHCPRELEASE(tape1268b74-f5) 192.168.120.6 fa:16:3e:53:7b:5b
Aug 27 15:06:28 gtw01 dnsmasq[21246]: read /var/lib/neutron/dhcp/e7812da2-66f5-40d8-bf1a-d4907c506b9a/addn_hosts - 3 addresses
Aug 27 15:06:28 gtw01 dnsmasq-dhcp[21246]: read /var/lib/neutron/dhcp/e7812da2-66f5-40d8-bf1a-d4907c506b9a/host
Aug 27 15:06:28 gtw01 dnsmasq-dhcp[21246]: read /var/lib/neutron/dhcp/e7812da2-66f5-40d8-bf1a-d4907c506b9a/opts
Aug 27 15:06:29 gtw01 dnsmasq[21246]: read /var/lib/neutron/dhcp/e7812da2-66f5-40d8-bf1a-d4907c506b9a/addn_hosts - 3 addresses
Aug 27 15:06:29 gtw01 dnsmasq-dhcp[21246]: read /var/lib/neutron/dhcp/e7812da2-66f5-40d8-bf1a-d4907c506b9a/host
Aug 27 15:06:29 gtw01 dnsmasq-dhcp[21246]: read /var/lib/neutron/dhcp/e7812da2-66f5-40d8-bf1a-d4907c506b9a/opts
Aug 27 15:06:30 gtw01 dnsmasq[7919]: read /var/lib/neutron/dhcp/0938fa24-0505-4c81-98c7-b75460854f68/addn_hosts - 2 addresses
Aug 27 15:06:30 gtw01 dnsmasq-dhcp[7919]: read /var/lib/neutron/dhcp/0938fa24-0505-4c81-98c7-b75460854f68/host
Aug 27 15:06:30 gtw01 dnsmasq-dhcp[7919]: read /var/lib/neutron/dhcp/0938fa24-0505-4c81-98c7-b75460854f68/opts
Aug 27 15:06:31 gtw01 dnsmasq[7991]: read /var/lib/neutron/dhcp/a24bce4c-da8c-472e-a912-c58be47817bf/addn_hosts - 1 addresses
Aug 27 15:06:31 gtw01 dnsmasq-dhcp[7991]: read /var/lib/neutron/dhcp/a24bce4c-da8c-472e-a912-c58be47817bf/host
Aug 27 15:06:31 gtw01 dnsmasq-dhcp[7991]: read /var/lib/neutron/dhcp/a24bce4c-da8c-472e-a912-c58be47817bf/opts
Aug 27 15:06:32 gtw01 dnsmasq[7919]: read /var/lib/neutron/dhcp/0938fa24-0505-4c81-98c7-b75460854f68/addn_hosts - 1 addresses
Aug 27 15:06:32 gtw01 dnsmasq-dhcp[7919]: read /var/lib/neutron/dhcp/0938fa24-0505-4c81-98c7-b75460854f68/host
Aug 27 15:06:32 gtw01 dnsmasq-dhcp[7919]: read /var/lib/neutron/dhcp/0938fa24-0505-4c81-98c7-b75460854f68/opts
Aug 27 15:06:36 gtw01 kernel: [ 6863.278076] device tap31179a01-42 left promiscuous mode
Aug 27 15:06:39 gtw01 kernel: [ 6866.436347] device tap290cba32-d7 left promiscuous mode
Aug 27 15:06:40 gtw01 dnsmasq-dhcp[6834]: DHCPRELEASE(tape1268b74-f5) 192.168.120.11 fa:16:3e:92:e7:c7
Aug 27 15:06:40 gtw01 dnsmasq-dhcp[6834]: DHCPRELEASE(tape1268b74-f5) 192.168.120.11 fa:16:3e:92:e7:c7 unknown lease
Aug 27 15:06:40 gtw01 dnsmasq[6834]: read /var/lib/neutron/dhcp/a6581166-2e47-4f65-8e5a-404928355774/addn_hosts - 3 addresses
Aug 27 15:06:40 gtw01 dnsmasq-dhcp[6834]: read /var/lib/neutron/dhcp/a6581166-2e47-4f65-8e5a-404928355774/host
Aug 27 15:06:40 gtw01 dnsmasq-dhcp[6834]: read /var/lib/neutron/dhcp/a6581166-2e47-4f65-8e5a-404928355774/opts
Aug 27 15:06:41 gtw01 dnsmasq-dhcp[21246]: DHCPDISCOVER(tape9a3cc68-02) fa:16:3e:53:27:bc
Aug 27 15:06:41 gtw01 dnsmasq-dhcp[21246]: DHCPOFFER(tape9a3cc68-02) 192.168.120.204 fa:16:3e:53:27:bc
Aug 27 15:06:41 gtw01 dnsmasq-dhcp[21246]: DHCPREQUEST(tape9a3cc68-02) 192.168.120.204 fa:16:3e:53:27:bc
Aug 27 15:06:41 gtw01 dnsmasq-dhcp[21246]: DHCPACK(tape9a3cc68-02) 192.168.120.204 fa:16:3e:53:27:bc host-192-168-120-204
Aug 27 15:06:42 gtw01 dnsmasq-dhcp[6834]: DHCPRELEASE(tape1268b74-f5) 192.168.120.4 fa:16:3e:aa:3d:4c
Aug 27 15:06:43 gtw01 dnsmasq-dhcp[6834]: DHCPRELEASE(tape1268b74-f5) 192.168.120.4 fa:16:3e:aa:3d:4c unknown lease
Aug 27 15:06:43 gtw01 dnsmasq[6834]: read /var/lib/neutron/dhcp/a6581166-2e47-4f65-8e5a-404928355774/addn_hosts - 2 addresses
Aug 27 15:06:43 gtw01 dnsmasq-dhcp[6834]: read /var/lib/neutron/dhcp/a6581166-2e47-4f65-8e5a-404928355774/host
Aug 27 15:06:43 gtw01 dnsmasq-dhcp[6834]: read /var/lib/neutron/dhcp/a6581166-2e47-4f65-8e5a-404928355774/opts
Aug 27 15:06:44 gtw01 kernel: [ 6871.037987] device taped26ad57-08 entered promiscuous mode
Aug 27 15:06:44 gtw01 systemd-udevd[8715]: link_config: autonegotiation is unset or enabled, the speed and duplex are not writable.
Aug 27 15:06:44 gtw01 systemd-udevd[8715]: Could not generate persistent MAC address for taped26ad57-08: No such file or directory
Aug 27 15:06:44 gtw01 systemd-udevd[8715]: Process '/sbin/ip link set taped26ad57-08 txqueuelen 10000' failed with exit code 1.
Aug 27 15:06:44 gtw01 systemd-udevd[8792]: Process '/sbin/ip link set taped26ad57-08 txqueuelen 10000' failed with exit code 1.
Aug 27 15:06:44 gtw01 kernel: [ 6871.956981] device tap80a6612b-0b entered promiscuous mode
Aug 27 15:06:44 gtw01 systemd-udevd[8825]: link_config: autonegotiation is unset or enabled, the speed and duplex are not writable.
Aug 27 15:06:44 gtw01 systemd-udevd[8825]: Could not generate persistent MAC address for tap80a6612b-0b: No such file or directory
Aug 27 15:06:45 gtw01 systemd-udevd[8825]: Process '/sbin/ip link set tap80a6612b-0b txqueuelen 10000' failed with exit code 1.
Aug 27 15:06:45 gtw01 systemd-udevd[8825]: Process '/sbin/ip link set tap80a6612b-0b txqueuelen 10000' failed with exit code 1.
Aug 27 15:06:45 gtw01 dnsmasq-dhcp[21246]: DHCPRELEASE(tape9a3cc68-02) 192.168.120.204 fa:16:3e:53:27:bc
Aug 27 15:06:47 gtw01 dnsmasq[9001]: started, version 2.79 cachesize 150
Aug 27 15:06:47 gtw01 dnsmasq[9001]: DNS service limited to local subnets
Aug 27 15:06:47 gtw01 dnsmasq[9001]: compile time options: IPv6 GNU-getopt DBus i18n IDN DHCP DHCPv6 no-Lua TFTP conntrack ipset auth DNSSEC loop-detect inotify
Aug 27 15:06:47 gtw01 dnsmasq[9001]: LOUD WARNING: listening on 19.80.0.2 may accept requests via interfaces other than taped26ad57-08
Aug 27 15:06:47 gtw01 dnsmasq[9001]: LOUD WARNING: use --bind-dynamic rather than --bind-interfaces to avoid DNS amplification attacks via these interface(s)
Aug 27 15:06:47 gtw01 dnsmasq[9001]: warning: no upstream servers configured
Aug 27 15:06:47 gtw01 dnsmasq-dhcp[9001]: DHCP, static leases only on 19.80.0.0, lease time 1h
Aug 27 15:06:47 gtw01 dnsmasq[9001]: read /var/lib/neutron/dhcp/c4d614c4-dda5-4535-8fa9-4af49a4ab673/addn_hosts - 1 addresses
Aug 27 15:06:47 gtw01 dnsmasq-dhcp[9001]: read /var/lib/neutron/dhcp/c4d614c4-dda5-4535-8fa9-4af49a4ab673/host
Aug 27 15:06:47 gtw01 dnsmasq-dhcp[9001]: read /var/lib/neutron/dhcp/c4d614c4-dda5-4535-8fa9-4af49a4ab673/opts
Aug 27 15:06:47 gtw01 dnsmasq[6834]: read /var/lib/neutron/dhcp/a6581166-2e47-4f65-8e5a-404928355774/addn_hosts - 1 addresses
Aug 27 15:06:47 gtw01 dnsmasq-dhcp[6834]: read /var/lib/neutron/dhcp/a6581166-2e47-4f65-8e5a-404928355774/host
Aug 27 15:06:47 gtw01 dnsmasq-dhcp[6834]: read /var/lib/neutron/dhcp/a6581166-2e47-4f65-8e5a-404928355774/opts
Aug 27 15:06:48 gtw01 dnsmasq[9044]: started, version 2.79 cachesize 150
Aug 27 15:06:48 gtw01 dnsmasq[9044]: DNS service limited to local subnets
Aug 27 15:06:48 gtw01 dnsmasq[9044]: compile time options: IPv6 GNU-getopt DBus i18n IDN DHCP DHCPv6 no-Lua TFTP conntrack ipset auth DNSSEC loop-detect inotify
Aug 27 15:06:48 gtw01 dnsmasq[9044]: LOUD WARNING: listening on 19.86.0.2 may accept requests via interfaces other than tap80a6612b-0b
Aug 27 15:06:48 gtw01 dnsmasq[9044]: LOUD WARNING: use --bind-dynamic rather than --bind-interfaces to avoid DNS amplification attacks via these interface(s)
Aug 27 15:06:48 gtw01 dnsmasq[9044]: warning: no upstream servers configured
Aug 27 15:06:48 gtw01 dnsmasq-dhcp[9044]: DHCP, static leases only on 19.86.0.0, lease time 1h
Aug 27 15:06:48 gtw01 dnsmasq[9044]: read /var/lib/neutron/dhcp/1475cc77-babf-4591-8cee-2b37b900b81d/addn_hosts - 1 addresses
Aug 27 15:06:48 gtw01 dnsmasq-dhcp[9044]: read /var/lib/neutron/dhcp/1475cc77-babf-4591-8cee-2b37b900b81d/host
Aug 27 15:06:48 gtw01 dnsmasq-dhcp[9044]: read /var/lib/neutron/dhcp/1475cc77-babf-4591-8cee-2b37b900b81d/opts
Aug 27 15:06:48 gtw01 dnsmasq[9001]: read /var/lib/neutron/dhcp/c4d614c4-dda5-4535-8fa9-4af49a4ab673/addn_hosts - 2 addresses
Aug 27 15:06:48 gtw01 dnsmasq-dhcp[9001]: read /var/lib/neutron/dhcp/c4d614c4-dda5-4535-8fa9-4af49a4ab673/host
Aug 27 15:06:48 gtw01 dnsmasq-dhcp[9001]: read /var/lib/neutron/dhcp/c4d614c4-dda5-4535-8fa9-4af49a4ab673/opts
Aug 27 15:06:48 gtw01 kernel: [ 6875.197512] device qr-6c2cde0f-24 left promiscuous mode
Aug 27 15:06:48 gtw01 kernel: [ 6875.880673] device qg-6befdf7f-ad left promiscuous mode
Aug 27 15:06:48 gtw01 dnsmasq[9044]: read /var/lib/neutron/dhcp/1475cc77-babf-4591-8cee-2b37b900b81d/addn_hosts - 2 addresses
Aug 27 15:06:48 gtw01 dnsmasq-dhcp[9044]: read /var/lib/neutron/dhcp/1475cc77-babf-4591-8cee-2b37b900b81d/host
Aug 27 15:06:48 gtw01 dnsmasq-dhcp[9044]: read /var/lib/neutron/dhcp/1475cc77-babf-4591-8cee-2b37b900b81d/opts
Aug 27 15:06:49 gtw01 dnsmasq[9001]: read /var/lib/neutron/dhcp/c4d614c4-dda5-4535-8fa9-4af49a4ab673/addn_hosts - 2 addresses
Aug 27 15:06:49 gtw01 dnsmasq-dhcp[9001]: read /var/lib/neutron/dhcp/c4d614c4-dda5-4535-8fa9-4af49a4ab673/host
Aug 27 15:06:49 gtw01 dnsmasq-dhcp[9001]: read /var/lib/neutron/dhcp/c4d614c4-dda5-4535-8fa9-4af49a4ab673/opts
Aug 27 15:06:49 gtw01 dnsmasq[9044]: read /var/lib/neutron/dhcp/1475cc77-babf-4591-8cee-2b37b900b81d/addn_hosts - 2 addresses
Aug 27 15:06:49 gtw01 dnsmasq-dhcp[9044]: read /var/lib/neutron/dhcp/1475cc77-babf-4591-8cee-2b37b900b81d/host
Aug 27 15:06:49 gtw01 dnsmasq-dhcp[9044]: read /var/lib/neutron/dhcp/1475cc77-babf-4591-8cee-2b37b900b81d/opts
Aug 27 15:06:50 gtw01 dnsmasq[9001]: read /var/lib/neutron/dhcp/c4d614c4-dda5-4535-8fa9-4af49a4ab673/addn_hosts - 2 addresses
Aug 27 15:06:50 gtw01 dnsmasq-dhcp[9001]: read /var/lib/neutron/dhcp/c4d614c4-dda5-4535-8fa9-4af49a4ab673/host
Aug 27 15:06:50 gtw01 dnsmasq-dhcp[9001]: read /var/lib/neutron/dhcp/c4d614c4-dda5-4535-8fa9-4af49a4ab673/opts
Aug 27 15:06:50 gtw01 kernel: [ 6877.576983] device vxlan_sys_4789 left promiscuous mode
Aug 27 15:06:50 gtw01 dnsmasq[9044]: read /var/lib/neutron/dhcp/1475cc77-babf-4591-8cee-2b37b900b81d/addn_hosts - 2 addresses
Aug 27 15:06:50 gtw01 dnsmasq-dhcp[9044]: read /var/lib/neutron/dhcp/1475cc77-babf-4591-8cee-2b37b900b81d/host
Aug 27 15:06:50 gtw01 dnsmasq-dhcp[9044]: read /var/lib/neutron/dhcp/1475cc77-babf-4591-8cee-2b37b900b81d/opts
Aug 27 15:06:51 gtw01 dnsmasq[9001]: read /var/lib/neutron/dhcp/c4d614c4-dda5-4535-8fa9-4af49a4ab673/addn_hosts - 2 addresses
Aug 27 15:06:51 gtw01 dnsmasq-dhcp[9001]: read /var/lib/neutron/dhcp/c4d614c4-dda5-4535-8fa9-4af49a4ab673/host
Aug 27 15:06:51 gtw01 dnsmasq-dhcp[9001]: read /var/lib/neutron/dhcp/c4d614c4-dda5-4535-8fa9-4af49a4ab673/opts
Aug 27 15:06:51 gtw01 kernel: [ 6878.422657] device tape1268b74-f5 left promiscuous mode
Aug 27 15:06:51 gtw01 dnsmasq[9044]: read /var/lib/neutron/dhcp/1475cc77-babf-4591-8cee-2b37b900b81d/addn_hosts - 2 addresses
Aug 27 15:06:51 gtw01 dnsmasq-dhcp[9044]: read /var/lib/neutron/dhcp/1475cc77-babf-4591-8cee-2b37b900b81d/host
Aug 27 15:06:51 gtw01 dnsmasq-dhcp[9044]: read /var/lib/neutron/dhcp/1475cc77-babf-4591-8cee-2b37b900b81d/opts
Aug 27 15:06:51 gtw01 dnsmasq[9001]: read /var/lib/neutron/dhcp/c4d614c4-dda5-4535-8fa9-4af49a4ab673/addn_hosts - 2 addresses
Aug 27 15:06:51 gtw01 dnsmasq-dhcp[9001]: read /var/lib/neutron/dhcp/c4d614c4-dda5-4535-8fa9-4af49a4ab673/host
Aug 27 15:06:51 gtw01 dnsmasq-dhcp[9001]: read /var/lib/neutron/dhcp/c4d614c4-dda5-4535-8fa9-4af49a4ab673/opts
Aug 27 15:06:52 gtw01 dnsmasq[9044]: read /var/lib/neutron/dhcp/1475cc77-babf-4591-8cee-2b37b900b81d/addn_hosts - 2 addresses
Aug 27 15:06:52 gtw01 dnsmasq-dhcp[9044]: read /var/lib/neutron/dhcp/1475cc77-babf-4591-8cee-2b37b900b81d/host
Aug 27 15:06:52 gtw01 dnsmasq-dhcp[9044]: read /var/lib/neutron/dhcp/1475cc77-babf-4591-8cee-2b37b900b81d/opts
Aug 27 15:06:52 gtw01 dnsmasq[9001]: read /var/lib/neutron/dhcp/c4d614c4-dda5-4535-8fa9-4af49a4ab673/addn_hosts - 2 addresses
Aug 27 15:06:52 gtw01 dnsmasq-dhcp[9001]: read /var/lib/neutron/dhcp/c4d614c4-dda5-4535-8fa9-4af49a4ab673/host
Aug 27 15:06:52 gtw01 dnsmasq-dhcp[9001]: read /var/lib/neutron/dhcp/c4d614c4-dda5-4535-8fa9-4af49a4ab673/opts
Aug 27 15:06:53 gtw01 kernel: [ 6880.100848] device vxlan_sys_4789 entered promiscuous mode
