Aug 27 15:43:59 gtw01 dnsmasq[22435]: read /var/lib/neutron/dhcp/ea0fc0bb-cb35-4c72-aa19-7873d7c1fb92/addn_hosts - 2 addresses
Aug 27 15:43:59 gtw01 dnsmasq-dhcp[22435]: read /var/lib/neutron/dhcp/ea0fc0bb-cb35-4c72-aa19-7873d7c1fb92/host
Aug 27 15:43:59 gtw01 dnsmasq-dhcp[22435]: read /var/lib/neutron/dhcp/ea0fc0bb-cb35-4c72-aa19-7873d7c1fb92/opts
Aug 27 15:44:00 gtw01 dnsmasq[22435]: read /var/lib/neutron/dhcp/ea0fc0bb-cb35-4c72-aa19-7873d7c1fb92/addn_hosts - 2 addresses
Aug 27 15:44:00 gtw01 dnsmasq-dhcp[22435]: read /var/lib/neutron/dhcp/ea0fc0bb-cb35-4c72-aa19-7873d7c1fb92/host
Aug 27 15:44:00 gtw01 dnsmasq-dhcp[22435]: read /var/lib/neutron/dhcp/ea0fc0bb-cb35-4c72-aa19-7873d7c1fb92/opts
Aug 27 15:44:01 gtw01 dnsmasq[22435]: read /var/lib/neutron/dhcp/ea0fc0bb-cb35-4c72-aa19-7873d7c1fb92/addn_hosts - 2 addresses
Aug 27 15:44:01 gtw01 dnsmasq-dhcp[22435]: read /var/lib/neutron/dhcp/ea0fc0bb-cb35-4c72-aa19-7873d7c1fb92/host
Aug 27 15:44:01 gtw01 dnsmasq-dhcp[22435]: read /var/lib/neutron/dhcp/ea0fc0bb-cb35-4c72-aa19-7873d7c1fb92/opts
Aug 27 15:44:04 gtw01 dnsmasq[22435]: read /var/lib/neutron/dhcp/ea0fc0bb-cb35-4c72-aa19-7873d7c1fb92/addn_hosts - 2 addresses
Aug 27 15:44:04 gtw01 dnsmasq-dhcp[22435]: read /var/lib/neutron/dhcp/ea0fc0bb-cb35-4c72-aa19-7873d7c1fb92/host
Aug 27 15:44:04 gtw01 dnsmasq-dhcp[22435]: read /var/lib/neutron/dhcp/ea0fc0bb-cb35-4c72-aa19-7873d7c1fb92/opts
Aug 27 15:44:05 gtw01 systemd-udevd[22644]: link_config: autonegotiation is unset or enabled, the speed and duplex are not writable.
Aug 27 15:44:05 gtw01 systemd-udevd[22644]: Could not generate persistent MAC address for qr-41d4a542-64: No such file or directory
Aug 27 15:44:05 gtw01 kernel: [ 9111.997429] device qr-41d4a542-64 entered promiscuous mode
Aug 27 15:44:05 gtw01 dnsmasq[22435]: read /var/lib/neutron/dhcp/ea0fc0bb-cb35-4c72-aa19-7873d7c1fb92/addn_hosts - 2 addresses
Aug 27 15:44:05 gtw01 dnsmasq-dhcp[22435]: read /var/lib/neutron/dhcp/ea0fc0bb-cb35-4c72-aa19-7873d7c1fb92/host
Aug 27 15:44:05 gtw01 dnsmasq-dhcp[22435]: read /var/lib/neutron/dhcp/ea0fc0bb-cb35-4c72-aa19-7873d7c1fb92/opts
Aug 27 15:45:03 gtw01 kernel: [ 9170.598651] device tap17ff1773-b2 entered promiscuous mode
Aug 27 15:45:03 gtw01 systemd-udevd[22903]: link_config: autonegotiation is unset or enabled, the speed and duplex are not writable.
Aug 27 15:45:03 gtw01 systemd-udevd[22903]: Could not generate persistent MAC address for tap17ff1773-b2: No such file or directory
Aug 27 15:45:03 gtw01 systemd-udevd[22903]: Process '/sbin/ip link set tap17ff1773-b2 txqueuelen 10000' failed with exit code 1.
Aug 27 15:45:03 gtw01 systemd-udevd[22903]: Process '/sbin/ip link set tap17ff1773-b2 txqueuelen 10000' failed with exit code 1.
Aug 27 15:45:06 gtw01 kernel: [ 9173.772462] device tape3dc66ba-60 entered promiscuous mode
Aug 27 15:45:06 gtw01 systemd-udevd[23063]: link_config: autonegotiation is unset or enabled, the speed and duplex are not writable.
Aug 27 15:45:06 gtw01 systemd-udevd[23063]: Could not generate persistent MAC address for tape3dc66ba-60: No such file or directory
Aug 27 15:45:06 gtw01 systemd-udevd[23063]: Process '/sbin/ip link set tape3dc66ba-60 txqueuelen 10000' failed with exit code 1.
Aug 27 15:45:06 gtw01 systemd-udevd[23138]: Process '/sbin/ip link set tape3dc66ba-60 txqueuelen 10000' failed with exit code 1.
Aug 27 15:45:06 gtw01 dnsmasq[23149]: started, version 2.79 cachesize 150
Aug 27 15:45:06 gtw01 dnsmasq[23149]: DNS service limited to local subnets
Aug 27 15:45:06 gtw01 dnsmasq[23149]: compile time options: IPv6 GNU-getopt DBus i18n IDN DHCP DHCPv6 no-Lua TFTP conntrack ipset auth DNSSEC loop-detect inotify
Aug 27 15:45:06 gtw01 dnsmasq[23149]: warning: no upstream servers configured
Aug 27 15:45:06 gtw01 dnsmasq-dhcp[23149]: DHCP, static leases only on 192.168.120.0, lease time 1h
Aug 27 15:45:06 gtw01 dnsmasq[23149]: read /var/lib/neutron/dhcp/685feeeb-df68-4e2e-b025-5ec88250d5cb/addn_hosts - 1 addresses
Aug 27 15:45:06 gtw01 dnsmasq-dhcp[23149]: read /var/lib/neutron/dhcp/685feeeb-df68-4e2e-b025-5ec88250d5cb/host
Aug 27 15:45:06 gtw01 dnsmasq-dhcp[23149]: read /var/lib/neutron/dhcp/685feeeb-df68-4e2e-b025-5ec88250d5cb/opts
Aug 27 15:45:07 gtw01 dnsmasq[23149]: read /var/lib/neutron/dhcp/685feeeb-df68-4e2e-b025-5ec88250d5cb/addn_hosts - 1 addresses
Aug 27 15:45:07 gtw01 dnsmasq-dhcp[23149]: read /var/lib/neutron/dhcp/685feeeb-df68-4e2e-b025-5ec88250d5cb/host
Aug 27 15:45:07 gtw01 dnsmasq-dhcp[23149]: read /var/lib/neutron/dhcp/685feeeb-df68-4e2e-b025-5ec88250d5cb/opts
Aug 27 15:45:08 gtw01 dnsmasq[23149]: read /var/lib/neutron/dhcp/685feeeb-df68-4e2e-b025-5ec88250d5cb/addn_hosts - 1 addresses
Aug 27 15:45:08 gtw01 dnsmasq-dhcp[23149]: read /var/lib/neutron/dhcp/685feeeb-df68-4e2e-b025-5ec88250d5cb/host
Aug 27 15:45:08 gtw01 dnsmasq-dhcp[23149]: read /var/lib/neutron/dhcp/685feeeb-df68-4e2e-b025-5ec88250d5cb/opts
Aug 27 15:45:09 gtw01 dnsmasq[23149]: read /var/lib/neutron/dhcp/685feeeb-df68-4e2e-b025-5ec88250d5cb/addn_hosts - 1 addresses
Aug 27 15:45:09 gtw01 dnsmasq-dhcp[23149]: read /var/lib/neutron/dhcp/685feeeb-df68-4e2e-b025-5ec88250d5cb/host
Aug 27 15:45:09 gtw01 dnsmasq-dhcp[23149]: read /var/lib/neutron/dhcp/685feeeb-df68-4e2e-b025-5ec88250d5cb/opts
Aug 27 15:45:09 gtw01 dnsmasq[23255]: started, version 2.79 cachesize 150
Aug 27 15:45:09 gtw01 dnsmasq[23255]: DNS service limited to local subnets
Aug 27 15:45:09 gtw01 dnsmasq[23255]: compile time options: IPv6 GNU-getopt DBus i18n IDN DHCP DHCPv6 no-Lua TFTP conntrack ipset auth DNSSEC loop-detect inotify
Aug 27 15:45:09 gtw01 dnsmasq[23255]: warning: no upstream servers configured
Aug 27 15:45:09 gtw01 dnsmasq-dhcp[23255]: DHCP, static leases only on 192.168.120.0, lease time 1h
Aug 27 15:45:09 gtw01 dnsmasq[23255]: read /var/lib/neutron/dhcp/7920f239-adff-4864-a14f-d28362bd7bca/addn_hosts - 1 addresses
Aug 27 15:45:09 gtw01 dnsmasq-dhcp[23255]: read /var/lib/neutron/dhcp/7920f239-adff-4864-a14f-d28362bd7bca/host
Aug 27 15:45:09 gtw01 dnsmasq-dhcp[23255]: read /var/lib/neutron/dhcp/7920f239-adff-4864-a14f-d28362bd7bca/opts
Aug 27 15:45:10 gtw01 dnsmasq[23255]: read /var/lib/neutron/dhcp/7920f239-adff-4864-a14f-d28362bd7bca/addn_hosts - 1 addresses
Aug 27 15:45:10 gtw01 dnsmasq-dhcp[23255]: read /var/lib/neutron/dhcp/7920f239-adff-4864-a14f-d28362bd7bca/host
Aug 27 15:45:10 gtw01 dnsmasq-dhcp[23255]: read /var/lib/neutron/dhcp/7920f239-adff-4864-a14f-d28362bd7bca/opts
Aug 27 15:45:11 gtw01 kernel: [ 9178.373838] device tap0e62f5d1-fe entered promiscuous mode
Aug 27 15:45:11 gtw01 systemd-udevd[23315]: link_config: autonegotiation is unset or enabled, the speed and duplex are not writable.
Aug 27 15:45:11 gtw01 systemd-udevd[23315]: Could not generate persistent MAC address for tap0e62f5d1-fe: No such file or directory
Aug 27 15:45:11 gtw01 systemd-udevd[23315]: Process '/sbin/ip link set tap0e62f5d1-fe txqueuelen 10000' failed with exit code 1.
Aug 27 15:45:11 gtw01 systemd-udevd[23391]: Process '/sbin/ip link set tap0e62f5d1-fe txqueuelen 10000' failed with exit code 1.
Aug 27 15:45:11 gtw01 dnsmasq[23255]: read /var/lib/neutron/dhcp/7920f239-adff-4864-a14f-d28362bd7bca/addn_hosts - 1 addresses
Aug 27 15:45:11 gtw01 dnsmasq-dhcp[23255]: read /var/lib/neutron/dhcp/7920f239-adff-4864-a14f-d28362bd7bca/host
Aug 27 15:45:11 gtw01 dnsmasq-dhcp[23255]: read /var/lib/neutron/dhcp/7920f239-adff-4864-a14f-d28362bd7bca/opts
Aug 27 15:45:12 gtw01 systemd-udevd[23427]: link_config: autonegotiation is unset or enabled, the speed and duplex are not writable.
Aug 27 15:45:12 gtw01 systemd-udevd[23427]: Could not generate persistent MAC address for tap28ea1436-d1: No such file or directory
Aug 27 15:45:12 gtw01 kernel: [ 9179.013893] device tap28ea1436-d1 entered promiscuous mode
Aug 27 15:45:12 gtw01 systemd-udevd[23427]: Process '/sbin/ip link set tap28ea1436-d1 txqueuelen 10000' failed with exit code 1.
Aug 27 15:45:12 gtw01 systemd-udevd[23503]: Process '/sbin/ip link set tap28ea1436-d1 txqueuelen 10000' failed with exit code 1.
Aug 27 15:45:12 gtw01 dnsmasq[23255]: read /var/lib/neutron/dhcp/7920f239-adff-4864-a14f-d28362bd7bca/addn_hosts - 1 addresses
Aug 27 15:45:12 gtw01 dnsmasq-dhcp[23255]: read /var/lib/neutron/dhcp/7920f239-adff-4864-a14f-d28362bd7bca/host
Aug 27 15:45:12 gtw01 dnsmasq-dhcp[23255]: read /var/lib/neutron/dhcp/7920f239-adff-4864-a14f-d28362bd7bca/opts
Aug 27 15:45:14 gtw01 dnsmasq[23614]: started, version 2.79 cachesize 150
Aug 27 15:45:14 gtw01 dnsmasq[23614]: DNS service limited to local subnets
Aug 27 15:45:14 gtw01 dnsmasq[23614]: compile time options: IPv6 GNU-getopt DBus i18n IDN DHCP DHCPv6 no-Lua TFTP conntrack ipset auth DNSSEC loop-detect inotify
Aug 27 15:45:14 gtw01 dnsmasq[23614]: warning: no upstream servers configured
Aug 27 15:45:14 gtw01 dnsmasq-dhcp[23614]: DHCP, static leases only on 192.168.120.0, lease time 1h
Aug 27 15:45:14 gtw01 dnsmasq[23614]: read /var/lib/neutron/dhcp/0991f6f4-0d15-4ee5-bab4-ac9056bdbdc1/addn_hosts - 1 addresses
Aug 27 15:45:14 gtw01 dnsmasq-dhcp[23614]: read /var/lib/neutron/dhcp/0991f6f4-0d15-4ee5-bab4-ac9056bdbdc1/host
Aug 27 15:45:14 gtw01 dnsmasq-dhcp[23614]: read /var/lib/neutron/dhcp/0991f6f4-0d15-4ee5-bab4-ac9056bdbdc1/opts
Aug 27 15:45:15 gtw01 dnsmasq[23652]: started, version 2.79 cachesize 150
Aug 27 15:45:15 gtw01 dnsmasq[23652]: DNS service limited to local subnets
Aug 27 15:45:15 gtw01 dnsmasq[23652]: compile time options: IPv6 GNU-getopt DBus i18n IDN DHCP DHCPv6 no-Lua TFTP conntrack ipset auth DNSSEC loop-detect inotify
Aug 27 15:45:15 gtw01 dnsmasq[23652]: warning: no upstream servers configured
Aug 27 15:45:15 gtw01 dnsmasq-dhcp[23652]: DHCP, static leases only on 192.168.120.0, lease time 1h
Aug 27 15:45:15 gtw01 dnsmasq[23652]: read /var/lib/neutron/dhcp/ae21cb0d-f77a-408c-a739-834bbf6bfa03/addn_hosts - 1 addresses
Aug 27 15:45:15 gtw01 dnsmasq-dhcp[23652]: read /var/lib/neutron/dhcp/ae21cb0d-f77a-408c-a739-834bbf6bfa03/host
Aug 27 15:45:15 gtw01 dnsmasq-dhcp[23652]: read /var/lib/neutron/dhcp/ae21cb0d-f77a-408c-a739-834bbf6bfa03/opts
Aug 27 15:45:15 gtw01 dnsmasq[23614]: read /var/lib/neutron/dhcp/0991f6f4-0d15-4ee5-bab4-ac9056bdbdc1/addn_hosts - 2 addresses
Aug 27 15:45:15 gtw01 dnsmasq-dhcp[23614]: read /var/lib/neutron/dhcp/0991f6f4-0d15-4ee5-bab4-ac9056bdbdc1/host
Aug 27 15:45:15 gtw01 dnsmasq-dhcp[23614]: read /var/lib/neutron/dhcp/0991f6f4-0d15-4ee5-bab4-ac9056bdbdc1/opts
Aug 27 15:45:15 gtw01 kernel: [ 9182.700917] device tapbb38db60-73 entered promiscuous mode
Aug 27 15:45:15 gtw01 systemd-udevd[23685]: link_config: autonegotiation is unset or enabled, the speed and duplex are not writable.
Aug 27 15:45:15 gtw01 systemd-udevd[23685]: Could not generate persistent MAC address for tapbb38db60-73: No such file or directory
Aug 27 15:45:15 gtw01 systemd-udevd[23752]: Process '/sbin/ip link set tapbb38db60-73 txqueuelen 10000' failed with exit code 1.
Aug 27 15:45:16 gtw01 dnsmasq[23652]: read /var/lib/neutron/dhcp/ae21cb0d-f77a-408c-a739-834bbf6bfa03/addn_hosts - 1 addresses
Aug 27 15:45:16 gtw01 dnsmasq-dhcp[23652]: read /var/lib/neutron/dhcp/ae21cb0d-f77a-408c-a739-834bbf6bfa03/host
Aug 27 15:45:16 gtw01 dnsmasq-dhcp[23652]: read /var/lib/neutron/dhcp/ae21cb0d-f77a-408c-a739-834bbf6bfa03/opts
Aug 27 15:45:16 gtw01 dnsmasq[23614]: read /var/lib/neutron/dhcp/0991f6f4-0d15-4ee5-bab4-ac9056bdbdc1/addn_hosts - 2 addresses
Aug 27 15:45:16 gtw01 dnsmasq-dhcp[23614]: read /var/lib/neutron/dhcp/0991f6f4-0d15-4ee5-bab4-ac9056bdbdc1/host
Aug 27 15:45:16 gtw01 dnsmasq-dhcp[23614]: read /var/lib/neutron/dhcp/0991f6f4-0d15-4ee5-bab4-ac9056bdbdc1/opts
Aug 27 15:45:17 gtw01 dnsmasq[23652]: read /var/lib/neutron/dhcp/ae21cb0d-f77a-408c-a739-834bbf6bfa03/addn_hosts - 1 addresses
Aug 27 15:45:17 gtw01 dnsmasq-dhcp[23652]: read /var/lib/neutron/dhcp/ae21cb0d-f77a-408c-a739-834bbf6bfa03/host
Aug 27 15:45:17 gtw01 dnsmasq-dhcp[23652]: read /var/lib/neutron/dhcp/ae21cb0d-f77a-408c-a739-834bbf6bfa03/opts
Aug 27 15:45:17 gtw01 dnsmasq[23614]: read /var/lib/neutron/dhcp/0991f6f4-0d15-4ee5-bab4-ac9056bdbdc1/addn_hosts - 2 addresses
Aug 27 15:45:17 gtw01 dnsmasq-dhcp[23614]: read /var/lib/neutron/dhcp/0991f6f4-0d15-4ee5-bab4-ac9056bdbdc1/host
Aug 27 15:45:17 gtw01 dnsmasq-dhcp[23614]: read /var/lib/neutron/dhcp/0991f6f4-0d15-4ee5-bab4-ac9056bdbdc1/opts
Aug 27 15:45:18 gtw01 dnsmasq[23907]: started, version 2.79 cachesize 150
Aug 27 15:45:18 gtw01 dnsmasq[23907]: DNS service limited to local subnets
Aug 27 15:45:18 gtw01 dnsmasq[23907]: compile time options: IPv6 GNU-getopt DBus i18n IDN DHCP DHCPv6 no-Lua TFTP conntrack ipset auth DNSSEC loop-detect inotify
Aug 27 15:45:18 gtw01 dnsmasq[23907]: warning: no upstream servers configured
Aug 27 15:45:18 gtw01 dnsmasq-dhcp[23907]: DHCP, static leases only on 192.168.120.16, lease time 1h
Aug 27 15:45:18 gtw01 dnsmasq-dhcp[23907]: DHCP, static leases only on 192.168.120.0, lease time 1h
Aug 27 15:45:18 gtw01 dnsmasq[23907]: read /var/lib/neutron/dhcp/685feeeb-df68-4e2e-b025-5ec88250d5cb/addn_hosts - 2 addresses
Aug 27 15:45:18 gtw01 dnsmasq-dhcp[23907]: read /var/lib/neutron/dhcp/685feeeb-df68-4e2e-b025-5ec88250d5cb/host
Aug 27 15:45:18 gtw01 dnsmasq-dhcp[23907]: read /var/lib/neutron/dhcp/685feeeb-df68-4e2e-b025-5ec88250d5cb/opts
Aug 27 15:45:18 gtw01 dnsmasq[23652]: read /var/lib/neutron/dhcp/ae21cb0d-f77a-408c-a739-834bbf6bfa03/addn_hosts - 1 addresses
Aug 27 15:45:18 gtw01 dnsmasq-dhcp[23652]: read /var/lib/neutron/dhcp/ae21cb0d-f77a-408c-a739-834bbf6bfa03/host
Aug 27 15:45:18 gtw01 dnsmasq-dhcp[23652]: read /var/lib/neutron/dhcp/ae21cb0d-f77a-408c-a739-834bbf6bfa03/opts
Aug 27 15:45:18 gtw01 dnsmasq[23907]: read /var/lib/neutron/dhcp/685feeeb-df68-4e2e-b025-5ec88250d5cb/addn_hosts - 2 addresses
Aug 27 15:45:18 gtw01 dnsmasq-dhcp[23907]: read /var/lib/neutron/dhcp/685feeeb-df68-4e2e-b025-5ec88250d5cb/host
Aug 27 15:45:18 gtw01 dnsmasq-dhcp[23907]: read /var/lib/neutron/dhcp/685feeeb-df68-4e2e-b025-5ec88250d5cb/opts
Aug 27 15:45:18 gtw01 dnsmasq[23614]: read /var/lib/neutron/dhcp/0991f6f4-0d15-4ee5-bab4-ac9056bdbdc1/addn_hosts - 2 addresses
Aug 27 15:45:18 gtw01 dnsmasq-dhcp[23614]: read /var/lib/neutron/dhcp/0991f6f4-0d15-4ee5-bab4-ac9056bdbdc1/host
Aug 27 15:45:18 gtw01 dnsmasq-dhcp[23614]: read /var/lib/neutron/dhcp/0991f6f4-0d15-4ee5-bab4-ac9056bdbdc1/opts
Aug 27 15:45:19 gtw01 dnsmasq[23974]: started, version 2.79 cachesize 150
Aug 27 15:45:19 gtw01 dnsmasq[23974]: DNS service limited to local subnets
Aug 27 15:45:19 gtw01 dnsmasq[23974]: compile time options: IPv6 GNU-getopt DBus i18n IDN DHCP DHCPv6 no-Lua TFTP conntrack ipset auth DNSSEC loop-detect inotify
Aug 27 15:45:19 gtw01 dnsmasq[23974]: warning: no upstream servers configured
Aug 27 15:45:19 gtw01 dnsmasq-dhcp[23974]: DHCP, static leases only on 192.168.120.0, lease time 1h
Aug 27 15:45:19 gtw01 dnsmasq[23974]: read /var/lib/neutron/dhcp/842f01fb-358f-4619-8dd4-9206359ade97/addn_hosts - 1 addresses
Aug 27 15:45:19 gtw01 dnsmasq-dhcp[23974]: read /var/lib/neutron/dhcp/842f01fb-358f-4619-8dd4-9206359ade97/host
Aug 27 15:45:19 gtw01 dnsmasq-dhcp[23974]: read /var/lib/neutron/dhcp/842f01fb-358f-4619-8dd4-9206359ade97/opts
Aug 27 15:45:20 gtw01 dnsmasq[23974]: read /var/lib/neutron/dhcp/842f01fb-358f-4619-8dd4-9206359ade97/addn_hosts - 2 addresses
Aug 27 15:45:20 gtw01 dnsmasq-dhcp[23974]: read /var/lib/neutron/dhcp/842f01fb-358f-4619-8dd4-9206359ade97/host
Aug 27 15:45:20 gtw01 dnsmasq-dhcp[23974]: read /var/lib/neutron/dhcp/842f01fb-358f-4619-8dd4-9206359ade97/opts
Aug 27 15:45:21 gtw01 dnsmasq[23974]: read /var/lib/neutron/dhcp/842f01fb-358f-4619-8dd4-9206359ade97/addn_hosts - 2 addresses
Aug 27 15:45:21 gtw01 dnsmasq-dhcp[23974]: read /var/lib/neutron/dhcp/842f01fb-358f-4619-8dd4-9206359ade97/host
Aug 27 15:45:21 gtw01 dnsmasq-dhcp[23974]: read /var/lib/neutron/dhcp/842f01fb-358f-4619-8dd4-9206359ade97/opts
Aug 27 15:45:22 gtw01 dnsmasq[23974]: read /var/lib/neutron/dhcp/842f01fb-358f-4619-8dd4-9206359ade97/addn_hosts - 2 addresses
Aug 27 15:45:22 gtw01 dnsmasq-dhcp[23974]: read /var/lib/neutron/dhcp/842f01fb-358f-4619-8dd4-9206359ade97/host
Aug 27 15:45:22 gtw01 dnsmasq-dhcp[23974]: read /var/lib/neutron/dhcp/842f01fb-358f-4619-8dd4-9206359ade97/opts
Aug 27 15:45:22 gtw01 dnsmasq[24070]: started, version 2.79 cachesize 150
Aug 27 15:45:22 gtw01 dnsmasq[24070]: DNS service limited to local subnets
Aug 27 15:45:22 gtw01 dnsmasq[24070]: compile time options: IPv6 GNU-getopt DBus i18n IDN DHCP DHCPv6 no-Lua TFTP conntrack ipset auth DNSSEC loop-detect inotify
Aug 27 15:45:22 gtw01 dnsmasq[24070]: warning: no upstream servers configured
Aug 27 15:45:22 gtw01 dnsmasq-dhcp[24070]: DHCP, static leases only on 192.168.120.16, lease time 1h
Aug 27 15:45:22 gtw01 dnsmasq-dhcp[24070]: DHCP, static leases only on 192.168.120.32, lease time 1h
Aug 27 15:45:22 gtw01 dnsmasq-dhcp[24070]: DHCP, static leases only on 192.168.120.0, lease time 1h
Aug 27 15:45:22 gtw01 dnsmasq[24070]: read /var/lib/neutron/dhcp/685feeeb-df68-4e2e-b025-5ec88250d5cb/addn_hosts - 3 addresses
Aug 27 15:45:22 gtw01 dnsmasq-dhcp[24070]: read /var/lib/neutron/dhcp/685feeeb-df68-4e2e-b025-5ec88250d5cb/host
Aug 27 15:45:22 gtw01 dnsmasq-dhcp[24070]: read /var/lib/neutron/dhcp/685feeeb-df68-4e2e-b025-5ec88250d5cb/opts
Aug 27 15:45:23 gtw01 dnsmasq[24070]: read /var/lib/neutron/dhcp/685feeeb-df68-4e2e-b025-5ec88250d5cb/addn_hosts - 3 addresses
Aug 27 15:45:23 gtw01 dnsmasq-dhcp[24070]: read /var/lib/neutron/dhcp/685feeeb-df68-4e2e-b025-5ec88250d5cb/host
Aug 27 15:45:23 gtw01 dnsmasq-dhcp[24070]: read /var/lib/neutron/dhcp/685feeeb-df68-4e2e-b025-5ec88250d5cb/opts
Aug 27 15:45:23 gtw01 dnsmasq[23974]: read /var/lib/neutron/dhcp/842f01fb-358f-4619-8dd4-9206359ade97/addn_hosts - 2 addresses
Aug 27 15:45:23 gtw01 dnsmasq-dhcp[23974]: read /var/lib/neutron/dhcp/842f01fb-358f-4619-8dd4-9206359ade97/host
Aug 27 15:45:23 gtw01 dnsmasq-dhcp[23974]: read /var/lib/neutron/dhcp/842f01fb-358f-4619-8dd4-9206359ade97/opts
Aug 27 15:45:23 gtw01 dnsmasq[23652]: read /var/lib/neutron/dhcp/ae21cb0d-f77a-408c-a739-834bbf6bfa03/addn_hosts - 2 addresses
Aug 27 15:45:23 gtw01 dnsmasq-dhcp[23652]: read /var/lib/neutron/dhcp/ae21cb0d-f77a-408c-a739-834bbf6bfa03/host
Aug 27 15:45:23 gtw01 dnsmasq-dhcp[23652]: read /var/lib/neutron/dhcp/ae21cb0d-f77a-408c-a739-834bbf6bfa03/opts
Aug 27 15:45:23 gtw01 dnsmasq[23614]: read /var/lib/neutron/dhcp/0991f6f4-0d15-4ee5-bab4-ac9056bdbdc1/addn_hosts - 3 addresses
Aug 27 15:45:23 gtw01 dnsmasq-dhcp[23614]: read /var/lib/neutron/dhcp/0991f6f4-0d15-4ee5-bab4-ac9056bdbdc1/host
Aug 27 15:45:23 gtw01 dnsmasq-dhcp[23614]: read /var/lib/neutron/dhcp/0991f6f4-0d15-4ee5-bab4-ac9056bdbdc1/opts
Aug 27 15:45:24 gtw01 dnsmasq[23974]: read /var/lib/neutron/dhcp/842f01fb-358f-4619-8dd4-9206359ade97/addn_hosts - 2 addresses
Aug 27 15:45:24 gtw01 dnsmasq-dhcp[23974]: read /var/lib/neutron/dhcp/842f01fb-358f-4619-8dd4-9206359ade97/host
Aug 27 15:45:24 gtw01 dnsmasq-dhcp[23974]: read /var/lib/neutron/dhcp/842f01fb-358f-4619-8dd4-9206359ade97/opts
Aug 27 15:45:24 gtw01 dnsmasq[23652]: read /var/lib/neutron/dhcp/ae21cb0d-f77a-408c-a739-834bbf6bfa03/addn_hosts - 2 addresses
Aug 27 15:45:24 gtw01 dnsmasq-dhcp[23652]: read /var/lib/neutron/dhcp/ae21cb0d-f77a-408c-a739-834bbf6bfa03/host
Aug 27 15:45:24 gtw01 dnsmasq-dhcp[23652]: read /var/lib/neutron/dhcp/ae21cb0d-f77a-408c-a739-834bbf6bfa03/opts
Aug 27 15:45:26 gtw01 dnsmasq[23974]: read /var/lib/neutron/dhcp/842f01fb-358f-4619-8dd4-9206359ade97/addn_hosts - 1 addresses
Aug 27 15:45:26 gtw01 dnsmasq-dhcp[23974]: read /var/lib/neutron/dhcp/842f01fb-358f-4619-8dd4-9206359ade97/host
Aug 27 15:45:26 gtw01 dnsmasq-dhcp[23974]: read /var/lib/neutron/dhcp/842f01fb-358f-4619-8dd4-9206359ade97/opts
Aug 27 15:45:30 gtw01 dnsmasq[24236]: started, version 2.79 cachesize 150
Aug 27 15:45:30 gtw01 dnsmasq[24236]: DNS service limited to local subnets
Aug 27 15:45:30 gtw01 dnsmasq[24236]: compile time options: IPv6 GNU-getopt DBus i18n IDN DHCP DHCPv6 no-Lua TFTP conntrack ipset auth DNSSEC loop-detect inotify
Aug 27 15:45:30 gtw01 dnsmasq[24236]: warning: no upstream servers configured
Aug 27 15:45:30 gtw01 dnsmasq-dhcp[24236]: DHCP, static leases only on 192.168.120.16, lease time 1h
Aug 27 15:45:30 gtw01 dnsmasq-dhcp[24236]: DHCP, static leases only on 192.168.120.0, lease time 1h
Aug 27 15:45:30 gtw01 dnsmasq[24236]: read /var/lib/neutron/dhcp/685feeeb-df68-4e2e-b025-5ec88250d5cb/addn_hosts - 2 addresses
Aug 27 15:45:30 gtw01 dnsmasq-dhcp[24236]: read /var/lib/neutron/dhcp/685feeeb-df68-4e2e-b025-5ec88250d5cb/host
Aug 27 15:45:30 gtw01 dnsmasq-dhcp[24236]: read /var/lib/neutron/dhcp/685feeeb-df68-4e2e-b025-5ec88250d5cb/opts
Aug 27 15:45:30 gtw01 dnsmasq[23652]: read /var/lib/neutron/dhcp/ae21cb0d-f77a-408c-a739-834bbf6bfa03/addn_hosts - 1 addresses
Aug 27 15:45:30 gtw01 dnsmasq-dhcp[23652]: read /var/lib/neutron/dhcp/ae21cb0d-f77a-408c-a739-834bbf6bfa03/host
Aug 27 15:45:30 gtw01 dnsmasq-dhcp[23652]: read /var/lib/neutron/dhcp/ae21cb0d-f77a-408c-a739-834bbf6bfa03/opts
Aug 27 15:45:32 gtw01 dnsmasq[23614]: read /var/lib/neutron/dhcp/0991f6f4-0d15-4ee5-bab4-ac9056bdbdc1/addn_hosts - 4 addresses
Aug 27 15:45:32 gtw01 dnsmasq-dhcp[23614]: read /var/lib/neutron/dhcp/0991f6f4-0d15-4ee5-bab4-ac9056bdbdc1/host
Aug 27 15:45:32 gtw01 dnsmasq-dhcp[23614]: read /var/lib/neutron/dhcp/0991f6f4-0d15-4ee5-bab4-ac9056bdbdc1/opts
Aug 27 15:45:35 gtw01 dnsmasq[23652]: read /var/lib/neutron/dhcp/ae21cb0d-f77a-408c-a739-834bbf6bfa03/addn_hosts - 2 addresses
Aug 27 15:45:35 gtw01 dnsmasq-dhcp[23652]: read /var/lib/neutron/dhcp/ae21cb0d-f77a-408c-a739-834bbf6bfa03/host
Aug 27 15:45:35 gtw01 dnsmasq-dhcp[23652]: read /var/lib/neutron/dhcp/ae21cb0d-f77a-408c-a739-834bbf6bfa03/opts
Aug 27 15:45:36 gtw01 dnsmasq[23652]: read /var/lib/neutron/dhcp/ae21cb0d-f77a-408c-a739-834bbf6bfa03/addn_hosts - 2 addresses
Aug 27 15:45:36 gtw01 dnsmasq-dhcp[23652]: read /var/lib/neutron/dhcp/ae21cb0d-f77a-408c-a739-834bbf6bfa03/host
Aug 27 15:45:36 gtw01 dnsmasq-dhcp[23652]: read /var/lib/neutron/dhcp/ae21cb0d-f77a-408c-a739-834bbf6bfa03/opts
Aug 27 15:45:37 gtw01 kernel: [ 9204.654289] device ha-8962ca2d-c7 entered promiscuous mode
Aug 27 15:45:37 gtw01 systemd-udevd[24330]: link_config: autonegotiation is unset or enabled, the speed and duplex are not writable.
Aug 27 15:45:37 gtw01 systemd-udevd[24330]: Could not generate persistent MAC address for ha-8962ca2d-c7: No such file or directory
Aug 27 15:45:39 gtw01 neutron-keepalived-state-change: 2019-08-27 15:45:39.638 24413 INFO neutron.common.config [-] Logging enabled!
Aug 27 15:45:39 gtw01 neutron-keepalived-state-change: 2019-08-27 15:45:39.638 24413 INFO neutron.common.config [-] /usr/bin/neutron-keepalived-state-change version 14.0.2
Aug 27 15:45:39 gtw01 neutron-keepalived-state-change: 2019-08-27 15:45:39.638 24413 DEBUG neutron.common.config [-] command line: /usr/bin/neutron-keepalived-state-change --router_id=4e5e31c0-e645-479b-8277-ececa478f73a --namespace=qrouter-4e5e31c0-e645-479b-8277-ececa478f73a --conf_dir=/var/lib/neutron/ha_confs/4e5e31c0-e645-479b-8277-ececa478f73a --monitor_interface=ha-8962ca2d-c7 --monitor_cidr=169.254.0.86/24 --pid_file=/var/lib/neutron/external/pids/4e5e31c0-e645-479b-8277-ececa478f73a.monitor.pid.neutron-keepalived-state-change-monitor --state_path=/var/lib/neutron --user=113 --group=119 setup_logging /usr/lib/python3/dist-packages/neutron/common/config.py:103
Aug 27 15:45:39 gtw01 neutron-keepalived-state-change: 2019-08-27 15:45:39.670 24436 DEBUG neutron.agent.common.async_process [-] Launching async process [ip netns exec qrouter-4e5e31c0-e645-479b-8277-ececa478f73a ip -o monitor address]. start /usr/lib/python3/dist-packages/neutron/agent/common/async_process.py:112
Aug 27 15:45:39 gtw01 neutron-keepalived-state-change: 2019-08-27 15:45:39.672 24436 DEBUG neutron.agent.linux.utils [-] Running command: ['ip', 'netns', 'exec', 'qrouter-4e5e31c0-e645-479b-8277-ececa478f73a', 'ip', '-o', 'monitor', 'address'] create_process /usr/lib/python3/dist-packages/neutron/agent/linux/utils.py:87
Aug 27 15:45:39 gtw01 neutron-keepalived-state-change: 2019-08-27 15:45:39.681 24436 DEBUG neutron.agent.linux.utils [-] Found cmdline ['ip', 'netns', 'exec', 'qrouter-4e5e31c0-e645-479b-8277-ececa478f73a', 'ip', '-o', 'monitor', 'address'] for rocess with PID 24437. get_cmdline_from_pid /usr/lib/python3/dist-packages/neutron/agent/linux/utils.py:339
Aug 27 15:45:40 gtw01 neutron-keepalived-state-change: 2019-08-27 15:45:40.683 24436 DEBUG neutron.agent.linux.utils [-] Found cmdline ['ip', '-o', 'monitor', 'address'] for rocess with PID 24437. get_cmdline_from_pid /usr/lib/python3/dist-packages/neutron/agent/linux/utils.py:339
Aug 27 15:45:40 gtw01 neutron-keepalived-state-change: 2019-08-27 15:45:40.685 24436 INFO neutron.agent.linux.daemon [-] Process runs with uid/gid: 113/119
Aug 27 15:45:40 gtw01 neutron-keepalived-state-change: 2019-08-27 15:45:40.687 24436 INFO oslo.privsep.daemon [-] Running privsep helper: ['sudo', '/usr/bin/neutron-rootwrap', '/etc/neutron/rootwrap.conf', 'privsep-helper', '--config-file', '/etc/neutron/neutron.conf', '--privsep_context', 'neutron.privileged.default', '--privsep_sock_path', '/tmp/tmp4tiofyd4/privsep.sock']
Aug 27 15:45:41 gtw01 neutron-keepalived-state-change: 2019-08-27 15:45:41.642 24436 INFO oslo.privsep.daemon [-] Spawned new privsep daemon via rootwrap
Aug 27 15:45:41 gtw01 neutron-keepalived-state-change: 2019-08-27 15:45:41.643 24436 DEBUG oslo.privsep.daemon [-] Accepted privsep connection to /tmp/tmp4tiofyd4/privsep.sock __init__ /usr/lib/python3/dist-packages/oslo_privsep/daemon.py:332
Aug 27 15:45:41 gtw01 neutron-keepalived-state-change: 2019-08-27 15:45:41.555 24482 INFO oslo.privsep.daemon [-] privsep daemon starting
Aug 27 15:45:41 gtw01 neutron-keepalived-state-change: 2019-08-27 15:45:41.559 24482 INFO oslo.privsep.daemon [-] privsep process running with uid/gid: 0/0
Aug 27 15:45:41 gtw01 neutron-keepalived-state-change: 2019-08-27 15:45:41.562 24482 INFO oslo.privsep.daemon [-] privsep process running with capabilities (eff/prm/inh): CAP_DAC_OVERRIDE|CAP_DAC_READ_SEARCH|CAP_NET_ADMIN|CAP_SYS_ADMIN/CAP_DAC_OVERRIDE|CAP_DAC_READ_SEARCH|CAP_NET_ADMIN|CAP_SYS_ADMIN/none
Aug 27 15:45:41 gtw01 neutron-keepalived-state-change: 2019-08-27 15:45:41.562 24482 INFO oslo.privsep.daemon [-] privsep daemon running as pid 24482
Aug 27 15:45:41 gtw01 dnsmasq[23652]: read /var/lib/neutron/dhcp/ae21cb0d-f77a-408c-a739-834bbf6bfa03/addn_hosts - 1 addresses
Aug 27 15:45:41 gtw01 dnsmasq-dhcp[23652]: read /var/lib/neutron/dhcp/ae21cb0d-f77a-408c-a739-834bbf6bfa03/host
Aug 27 15:45:41 gtw01 dnsmasq-dhcp[23652]: read /var/lib/neutron/dhcp/ae21cb0d-f77a-408c-a739-834bbf6bfa03/opts
Aug 27 15:45:42 gtw01 dnsmasq[23614]: read /var/lib/neutron/dhcp/0991f6f4-0d15-4ee5-bab4-ac9056bdbdc1/addn_hosts - 5 addresses
Aug 27 15:45:42 gtw01 dnsmasq-dhcp[23614]: read /var/lib/neutron/dhcp/0991f6f4-0d15-4ee5-bab4-ac9056bdbdc1/host
Aug 27 15:45:42 gtw01 dnsmasq-dhcp[23614]: read /var/lib/neutron/dhcp/0991f6f4-0d15-4ee5-bab4-ac9056bdbdc1/opts
Aug 27 15:45:42 gtw01 neutron-keepalived-state-change: 2019-08-27 15:45:42.211 24436 DEBUG neutron.agent.l3.keepalived_state_change [-] Initial status of router 4e5e31c0-e645-479b-8277-ececa478f73a is backup handle_initial_state /usr/lib/python3/dist-packages/neutron/agent/l3/keepalived_state_change.py:106
Aug 27 15:45:42 gtw01 dnsmasq[23614]: read /var/lib/neutron/dhcp/0991f6f4-0d15-4ee5-bab4-ac9056bdbdc1/addn_hosts - 5 addresses
Aug 27 15:45:42 gtw01 dnsmasq-dhcp[23614]: read /var/lib/neutron/dhcp/0991f6f4-0d15-4ee5-bab4-ac9056bdbdc1/host
Aug 27 15:45:42 gtw01 dnsmasq-dhcp[23614]: read /var/lib/neutron/dhcp/0991f6f4-0d15-4ee5-bab4-ac9056bdbdc1/opts
Aug 27 15:45:43 gtw01 neutron-keepalived-state-change: 2019-08-27 15:45:43.500 24436 DEBUG neutron.agent.linux.utils [-] Running command: ['sudo', '/usr/bin/neutron-rootwrap', '/etc/neutron/rootwrap.conf', 'kill', '-9', '24437'] create_process /usr/lib/python3/dist-packages/neutron/agent/linux/utils.py:87
Aug 27 15:45:43 gtw01 neutron-keepalived-state-change: 2019-08-27 15:45:43.505 24436 CRITICAL neutron [-] Unhandled error: AssertionError: do not call blocking functions from the mainloop#0122019-08-27 15:45:43.505 24436 ERROR neutron Traceback (most recent call last):#0122019-08-27 15:45:43.505 24436 ERROR neutron   File "/usr/bin/neutron-keepalived-state-change", line 10, in <module>#0122019-08-27 15:45:43.505 24436 ERROR neutron     sys.exit(main())#0122019-08-27 15:45:43.505 24436 ERROR neutron   File "/usr/lib/python3/dist-packages/neutron/cmd/keepalived_state_change.py", line 19, in main#0122019-08-27 15:45:43.505 24436 ERROR neutron     keepalived_state_change.main()#0122019-08-27 15:45:43.505 24436 ERROR neutron   File "/usr/lib/python3/dist-packages/neutron/agent/l3/keepalived_state_change.py", line 176, in main#0122019-08-27 15:45:43.505 24436 ERROR neutron     cfg.CONF.monitor_cidr).start()#0122019-08-27 15:45:43.505 24436 ERROR neutron   File "/usr/lib/python3/dist-packages/neutron/agent/linux/daemon.py", line 248, in start#0122019-08-27 15:45:43.505 24436 ERROR neutron     self.run()#0122019-08-27 15:45:43.505 24436 ERROR neutron   File "/usr/lib/python3/dist-packages/neutron/agent/l3/keepalived_state_change.py", line 71, in run#0122019-08-27 15:45:43.505 24436 ERROR neutron     for iterable in self.monitor:#0122019-08-27 15:45:43.505 24436 ERROR neutron   File "/usr/lib/python3/dist-packages/neutron/agent/common/async_process.py", line 284, in _iter_queue#0122019-08-27 15:45:43.505 24436 ERROR neutron     yield queue.get(block=block)#0122019-08-27 15:45:43.505 24436 ERROR neutron   File "/usr/lib/python3/dist-packages/eventlet/queue.py", line 322, in get#0122019-08-27 15:45:43.505 24436 ERROR neutron     return waiter.wait()#0122019-08-27 15:45:43.505 24436 ERROR neutron   File "/usr/lib/python3/dist-packages/eventlet/queue.py", line 141, in wait#0122019-08-27 15:45:43.505 24436 ERROR neutron     return get_hub().switch()#0122019-08-27 15:45:43.505 24436 ERROR neutron   File "/usr/lib/python3/dist-packages/eventlet/hubs/hub.py", line 298, in switch#0122019-08-27 15:45:43.505 24436 ERROR neutron     return self.greenlet.switch()#0122019-08-27 15:45:43.505 24436 ERROR neutron   File "/usr/lib/python3/dist-packages/eventlet/hubs/hub.py", line 350, in run#0122019-08-27 15:45:43.505 24436 ERROR neutron     self.wait(sleep_time)#0122019-08-27 15:45:43.505 24436 ERROR neutron   File "/usr/lib/python3/dist-packages/eventlet/hubs/poll.py", line 80, in wait#0122019-08-27 15:45:43.505 24436 ERROR neutron     presult = self.do_poll(seconds)#0122019-08-27 15:45:43.505 24436 ERROR neutron   File "/usr/lib/python3/dist-packages/eventlet/hubs/epolls.py", line 31, in do_poll#0122019-08-27 15:45:43.505 24436 ERROR neutron     return self.poll.poll(seconds)#0122019-08-27 15:45:43.505 24436 ERROR neutron   File "/usr/lib/python3/dist-packages/neutron/agent/l3/keepalived_state_change.py", line 152, in handle_sigterm#0122019-08-27 15:45:43.505 24436 ERROR neutron     self._kill_monitor()#0122019-08-27 15:45:43.505 24436 ERROR neutron   File "/usr/lib/python3/dist-packages/neutron/agent/l3/keepalived_state_change.py", line 149, in _kill_monitor#0122019-08-27 15:45:43.505 24436 ERROR neutron     run_as_root=True)#0122019-08-27 15:45:43.505 24436 ERROR neutron   File "/usr/lib/python3/dist-packages/neutron/agent/linux/utils.py", line 230, in kill_process#0122019-08-27 15:45:43.505 24436 ERROR neutron     execute(['kill', '-%d' % signal, pid], run_as_root=run_as_root)#0122019-08-27 15:45:43.505 24436 ERROR neutron   File "/usr/lib/python3/dist-packages/neutron/agent/linux/utils.py", line 126, in execute#0122019-08-27 15:45:43.505 24436 ERROR neutron     _stdout, _stderr = obj.communicate(_process_input)#0122019-08-27 15:45:43.505 24436 ERROR neutron   File "/usr/lib/python3.6/subprocess.py", line 863, in communicate#0122019-08-27 15:45:43.505 24436 ERROR neutron     stdout, stderr = self._communicate(input, endtime, timeout)#0122019-08-27 15:45:43.505 24436 ERROR neutron   File "/usr/lib/python3.6/subprocess.py", line 1534, in _communicate#0122019-08-27 15:45:43.505 24436 ERROR neutron     ready = selector.select(timeout)#0122019-08-27 15:45:43.505 24436 ERROR neutron   File "/usr/lib/python3.6/selectors.py", line 323, in select#0122019-08-27 15:45:43.505 24436 ERROR neutron     r, w, _ = self._select(self._readers, self._writers, [], timeout)#0122019-08-27 15:45:43.505 24436 ERROR neutron   File "/usr/lib/python3/dist-packages/eventlet/green/select.py", line 40, in select#0122019-08-27 15:45:43.505 24436 ERROR neutron     assert hub.greenlet is not current, 'do not call blocking functions from the mainloop'#0122019-08-27 15:45:43.505 24436 ERROR neutron AssertionError: do not call blocking functions from the mainloop#0122019-08-27 15:45:43.505 24436 ERROR neutron
Aug 27 15:45:43 gtw01 kernel: [ 9210.510360] device ha-8962ca2d-c7 left promiscuous mode
Aug 27 15:45:43 gtw01 dnsmasq[23652]: read /var/lib/neutron/dhcp/ae21cb0d-f77a-408c-a739-834bbf6bfa03/addn_hosts - 2 addresses
Aug 27 15:45:43 gtw01 dnsmasq-dhcp[23652]: read /var/lib/neutron/dhcp/ae21cb0d-f77a-408c-a739-834bbf6bfa03/host
Aug 27 15:45:43 gtw01 dnsmasq-dhcp[23652]: read /var/lib/neutron/dhcp/ae21cb0d-f77a-408c-a739-834bbf6bfa03/opts
Aug 27 15:45:44 gtw01 dnsmasq[23652]: read /var/lib/neutron/dhcp/ae21cb0d-f77a-408c-a739-834bbf6bfa03/addn_hosts - 2 addresses
Aug 27 15:45:44 gtw01 dnsmasq-dhcp[23652]: read /var/lib/neutron/dhcp/ae21cb0d-f77a-408c-a739-834bbf6bfa03/host
Aug 27 15:45:44 gtw01 dnsmasq-dhcp[23652]: read /var/lib/neutron/dhcp/ae21cb0d-f77a-408c-a739-834bbf6bfa03/opts
Aug 27 15:45:49 gtw01 dnsmasq[23652]: read /var/lib/neutron/dhcp/ae21cb0d-f77a-408c-a739-834bbf6bfa03/addn_hosts - 1 addresses
Aug 27 15:45:49 gtw01 dnsmasq-dhcp[23652]: read /var/lib/neutron/dhcp/ae21cb0d-f77a-408c-a739-834bbf6bfa03/host
Aug 27 15:45:49 gtw01 dnsmasq-dhcp[23652]: read /var/lib/neutron/dhcp/ae21cb0d-f77a-408c-a739-834bbf6bfa03/opts
Aug 27 15:45:50 gtw01 dnsmasq[24236]: read /var/lib/neutron/dhcp/685feeeb-df68-4e2e-b025-5ec88250d5cb/addn_hosts - 2 addresses
Aug 27 15:45:50 gtw01 dnsmasq-dhcp[24236]: read /var/lib/neutron/dhcp/685feeeb-df68-4e2e-b025-5ec88250d5cb/host
Aug 27 15:45:50 gtw01 dnsmasq-dhcp[24236]: read /var/lib/neutron/dhcp/685feeeb-df68-4e2e-b025-5ec88250d5cb/opts
Aug 27 15:45:50 gtw01 dnsmasq[23614]: read /var/lib/neutron/dhcp/0991f6f4-0d15-4ee5-bab4-ac9056bdbdc1/addn_hosts - 6 addresses
Aug 27 15:45:50 gtw01 dnsmasq-dhcp[23614]: read /var/lib/neutron/dhcp/0991f6f4-0d15-4ee5-bab4-ac9056bdbdc1/host
Aug 27 15:45:50 gtw01 dnsmasq-dhcp[23614]: read /var/lib/neutron/dhcp/0991f6f4-0d15-4ee5-bab4-ac9056bdbdc1/opts
Aug 27 15:45:53 gtw01 dnsmasq[23255]: read /var/lib/neutron/dhcp/7920f239-adff-4864-a14f-d28362bd7bca/addn_hosts - 2 addresses
Aug 27 15:45:53 gtw01 dnsmasq-dhcp[23255]: read /var/lib/neutron/dhcp/7920f239-adff-4864-a14f-d28362bd7bca/host
Aug 27 15:45:53 gtw01 dnsmasq-dhcp[23255]: read /var/lib/neutron/dhcp/7920f239-adff-4864-a14f-d28362bd7bca/opts
Aug 27 15:45:55 gtw01 dnsmasq[23652]: read /var/lib/neutron/dhcp/ae21cb0d-f77a-408c-a739-834bbf6bfa03/addn_hosts - 2 addresses
Aug 27 15:45:55 gtw01 dnsmasq-dhcp[23652]: read /var/lib/neutron/dhcp/ae21cb0d-f77a-408c-a739-834bbf6bfa03/host
Aug 27 15:45:55 gtw01 dnsmasq-dhcp[23652]: read /var/lib/neutron/dhcp/ae21cb0d-f77a-408c-a739-834bbf6bfa03/opts
Aug 27 15:45:56 gtw01 dnsmasq[23652]: read /var/lib/neutron/dhcp/ae21cb0d-f77a-408c-a739-834bbf6bfa03/addn_hosts - 2 addresses
Aug 27 15:45:56 gtw01 dnsmasq-dhcp[23652]: read /var/lib/neutron/dhcp/ae21cb0d-f77a-408c-a739-834bbf6bfa03/host
Aug 27 15:45:56 gtw01 dnsmasq-dhcp[23652]: read /var/lib/neutron/dhcp/ae21cb0d-f77a-408c-a739-834bbf6bfa03/opts
Aug 27 15:45:56 gtw01 dnsmasq[23255]: read /var/lib/neutron/dhcp/7920f239-adff-4864-a14f-d28362bd7bca/addn_hosts - 2 addresses
Aug 27 15:45:56 gtw01 dnsmasq-dhcp[23255]: read /var/lib/neutron/dhcp/7920f239-adff-4864-a14f-d28362bd7bca/host
Aug 27 15:45:56 gtw01 dnsmasq-dhcp[23255]: read /var/lib/neutron/dhcp/7920f239-adff-4864-a14f-d28362bd7bca/opts
Aug 27 15:45:57 gtw01 dnsmasq[23255]: read /var/lib/neutron/dhcp/7920f239-adff-4864-a14f-d28362bd7bca/addn_hosts - 2 addresses
Aug 27 15:45:57 gtw01 dnsmasq-dhcp[23255]: read /var/lib/neutron/dhcp/7920f239-adff-4864-a14f-d28362bd7bca/host
Aug 27 15:45:57 gtw01 dnsmasq-dhcp[23255]: read /var/lib/neutron/dhcp/7920f239-adff-4864-a14f-d28362bd7bca/opts
Aug 27 15:45:58 gtw01 dnsmasq[23614]: read /var/lib/neutron/dhcp/0991f6f4-0d15-4ee5-bab4-ac9056bdbdc1/addn_hosts - 7 addresses
Aug 27 15:45:58 gtw01 dnsmasq-dhcp[23614]: read /var/lib/neutron/dhcp/0991f6f4-0d15-4ee5-bab4-ac9056bdbdc1/host
Aug 27 15:45:58 gtw01 dnsmasq-dhcp[23614]: read /var/lib/neutron/dhcp/0991f6f4-0d15-4ee5-bab4-ac9056bdbdc1/opts
Aug 27 15:45:58 gtw01 dnsmasq[24797]: started, version 2.79 cachesize 150
Aug 27 15:45:58 gtw01 dnsmasq[24797]: DNS service limited to local subnets
Aug 27 15:45:58 gtw01 dnsmasq[24797]: compile time options: IPv6 GNU-getopt DBus i18n IDN DHCP DHCPv6 no-Lua TFTP conntrack ipset auth DNSSEC loop-detect inotify
Aug 27 15:45:58 gtw01 dnsmasq[24797]: warning: no upstream servers configured
Aug 27 15:45:58 gtw01 dnsmasq-dhcp[24797]: DHCP, static leases only on 192.168.120.0, lease time 1h
Aug 27 15:45:58 gtw01 dnsmasq[24797]: read /var/lib/neutron/dhcp/685feeeb-df68-4e2e-b025-5ec88250d5cb/addn_hosts - 1 addresses
Aug 27 15:45:58 gtw01 dnsmasq-dhcp[24797]: read /var/lib/neutron/dhcp/685feeeb-df68-4e2e-b025-5ec88250d5cb/host
Aug 27 15:45:58 gtw01 dnsmasq-dhcp[24797]: read /var/lib/neutron/dhcp/685feeeb-df68-4e2e-b025-5ec88250d5cb/opts
Aug 27 15:45:59 gtw01 dnsmasq[23255]: read /var/lib/neutron/dhcp/7920f239-adff-4864-a14f-d28362bd7bca/addn_hosts - 1 addresses
Aug 27 15:45:59 gtw01 dnsmasq-dhcp[23255]: read /var/lib/neutron/dhcp/7920f239-adff-4864-a14f-d28362bd7bca/host
Aug 27 15:45:59 gtw01 dnsmasq-dhcp[23255]: read /var/lib/neutron/dhcp/7920f239-adff-4864-a14f-d28362bd7bca/opts
Aug 27 15:46:00 gtw01 kernel: [ 9227.080022] device tap17ff1773-b2 left promiscuous mode
Aug 27 15:46:03 gtw01 dnsmasq[23652]: read /var/lib/neutron/dhcp/ae21cb0d-f77a-408c-a739-834bbf6bfa03/addn_hosts - 1 addresses
Aug 27 15:46:03 gtw01 dnsmasq-dhcp[23652]: read /var/lib/neutron/dhcp/ae21cb0d-f77a-408c-a739-834bbf6bfa03/host
Aug 27 15:46:03 gtw01 dnsmasq-dhcp[23652]: read /var/lib/neutron/dhcp/ae21cb0d-f77a-408c-a739-834bbf6bfa03/opts
Aug 27 15:46:04 gtw01 dnsmasq[23652]: read /var/lib/neutron/dhcp/ae21cb0d-f77a-408c-a739-834bbf6bfa03/addn_hosts - 2 addresses
Aug 27 15:46:04 gtw01 dnsmasq-dhcp[23652]: read /var/lib/neutron/dhcp/ae21cb0d-f77a-408c-a739-834bbf6bfa03/host
Aug 27 15:46:04 gtw01 dnsmasq-dhcp[23652]: read /var/lib/neutron/dhcp/ae21cb0d-f77a-408c-a739-834bbf6bfa03/opts
Aug 27 15:46:05 gtw01 dnsmasq[23614]: read /var/lib/neutron/dhcp/0991f6f4-0d15-4ee5-bab4-ac9056bdbdc1/addn_hosts - 9 addresses
Aug 27 15:46:05 gtw01 dnsmasq-dhcp[23614]: read /var/lib/neutron/dhcp/0991f6f4-0d15-4ee5-bab4-ac9056bdbdc1/host
Aug 27 15:46:05 gtw01 dnsmasq-dhcp[23614]: read /var/lib/neutron/dhcp/0991f6f4-0d15-4ee5-bab4-ac9056bdbdc1/opts
Aug 27 15:46:05 gtw01 dnsmasq[23255]: read /var/lib/neutron/dhcp/7920f239-adff-4864-a14f-d28362bd7bca/addn_hosts - 2 addresses
Aug 27 15:46:05 gtw01 dnsmasq-dhcp[23255]: read /var/lib/neutron/dhcp/7920f239-adff-4864-a14f-d28362bd7bca/host
Aug 27 15:46:05 gtw01 dnsmasq-dhcp[23255]: read /var/lib/neutron/dhcp/7920f239-adff-4864-a14f-d28362bd7bca/opts
Aug 27 15:46:06 gtw01 dnsmasq[23652]: read /var/lib/neutron/dhcp/ae21cb0d-f77a-408c-a739-834bbf6bfa03/addn_hosts - 2 addresses
Aug 27 15:46:06 gtw01 dnsmasq-dhcp[23652]: read /var/lib/neutron/dhcp/ae21cb0d-f77a-408c-a739-834bbf6bfa03/host
Aug 27 15:46:06 gtw01 dnsmasq-dhcp[23652]: read /var/lib/neutron/dhcp/ae21cb0d-f77a-408c-a739-834bbf6bfa03/opts
Aug 27 15:46:09 gtw01 dnsmasq[23255]: read /var/lib/neutron/dhcp/7920f239-adff-4864-a14f-d28362bd7bca/addn_hosts - 2 addresses
Aug 27 15:46:09 gtw01 dnsmasq-dhcp[23255]: read /var/lib/neutron/dhcp/7920f239-adff-4864-a14f-d28362bd7bca/host
Aug 27 15:46:09 gtw01 dnsmasq-dhcp[23255]: read /var/lib/neutron/dhcp/7920f239-adff-4864-a14f-d28362bd7bca/opts
Aug 27 15:46:09 gtw01 dnsmasq[23614]: read /var/lib/neutron/dhcp/0991f6f4-0d15-4ee5-bab4-ac9056bdbdc1/addn_hosts - 10 addresses
Aug 27 15:46:09 gtw01 dnsmasq-dhcp[23614]: read /var/lib/neutron/dhcp/0991f6f4-0d15-4ee5-bab4-ac9056bdbdc1/host
Aug 27 15:46:09 gtw01 dnsmasq-dhcp[23614]: read /var/lib/neutron/dhcp/0991f6f4-0d15-4ee5-bab4-ac9056bdbdc1/opts
Aug 27 15:46:10 gtw01 dnsmasq[23255]: read /var/lib/neutron/dhcp/7920f239-adff-4864-a14f-d28362bd7bca/addn_hosts - 2 addresses
Aug 27 15:46:10 gtw01 dnsmasq-dhcp[23255]: read /var/lib/neutron/dhcp/7920f239-adff-4864-a14f-d28362bd7bca/host
Aug 27 15:46:10 gtw01 dnsmasq-dhcp[23255]: read /var/lib/neutron/dhcp/7920f239-adff-4864-a14f-d28362bd7bca/opts
Aug 27 15:46:10 gtw01 dnsmasq[23652]: read /var/lib/neutron/dhcp/ae21cb0d-f77a-408c-a739-834bbf6bfa03/addn_hosts - 1 addresses
Aug 27 15:46:10 gtw01 dnsmasq-dhcp[23652]: read /var/lib/neutron/dhcp/ae21cb0d-f77a-408c-a739-834bbf6bfa03/host
Aug 27 15:46:10 gtw01 dnsmasq-dhcp[23652]: read /var/lib/neutron/dhcp/ae21cb0d-f77a-408c-a739-834bbf6bfa03/opts
Aug 27 15:46:11 gtw01 dnsmasq[23255]: read /var/lib/neutron/dhcp/7920f239-adff-4864-a14f-d28362bd7bca/addn_hosts - 1 addresses
Aug 27 15:46:11 gtw01 dnsmasq-dhcp[23255]: read /var/lib/neutron/dhcp/7920f239-adff-4864-a14f-d28362bd7bca/host
Aug 27 15:46:11 gtw01 dnsmasq-dhcp[23255]: read /var/lib/neutron/dhcp/7920f239-adff-4864-a14f-d28362bd7bca/opts
Aug 27 15:46:12 gtw01 dnsmasq[23652]: read /var/lib/neutron/dhcp/ae21cb0d-f77a-408c-a739-834bbf6bfa03/addn_hosts - 2 addresses
Aug 27 15:46:12 gtw01 dnsmasq-dhcp[23652]: read /var/lib/neutron/dhcp/ae21cb0d-f77a-408c-a739-834bbf6bfa03/host
Aug 27 15:46:12 gtw01 dnsmasq-dhcp[23652]: read /var/lib/neutron/dhcp/ae21cb0d-f77a-408c-a739-834bbf6bfa03/opts
Aug 27 15:46:13 gtw01 dnsmasq[23652]: read /var/lib/neutron/dhcp/ae21cb0d-f77a-408c-a739-834bbf6bfa03/addn_hosts - 2 addresses
Aug 27 15:46:13 gtw01 dnsmasq-dhcp[23652]: read /var/lib/neutron/dhcp/ae21cb0d-f77a-408c-a739-834bbf6bfa03/host
Aug 27 15:46:13 gtw01 dnsmasq-dhcp[23652]: read /var/lib/neutron/dhcp/ae21cb0d-f77a-408c-a739-834bbf6bfa03/opts
Aug 27 15:46:16 gtw01 dnsmasq[23614]: read /var/lib/neutron/dhcp/0991f6f4-0d15-4ee5-bab4-ac9056bdbdc1/addn_hosts - 11 addresses
Aug 27 15:46:16 gtw01 dnsmasq-dhcp[23614]: read /var/lib/neutron/dhcp/0991f6f4-0d15-4ee5-bab4-ac9056bdbdc1/host
Aug 27 15:46:16 gtw01 dnsmasq-dhcp[23614]: read /var/lib/neutron/dhcp/0991f6f4-0d15-4ee5-bab4-ac9056bdbdc1/opts
Aug 27 15:46:16 gtw01 dnsmasq[23652]: read /var/lib/neutron/dhcp/ae21cb0d-f77a-408c-a739-834bbf6bfa03/addn_hosts - 1 addresses
Aug 27 15:46:16 gtw01 dnsmasq-dhcp[23652]: read /var/lib/neutron/dhcp/ae21cb0d-f77a-408c-a739-834bbf6bfa03/host
Aug 27 15:46:16 gtw01 dnsmasq-dhcp[23652]: read /var/lib/neutron/dhcp/ae21cb0d-f77a-408c-a739-834bbf6bfa03/opts
Aug 27 15:46:18 gtw01 dnsmasq[23614]: read /var/lib/neutron/dhcp/0991f6f4-0d15-4ee5-bab4-ac9056bdbdc1/addn_hosts - 12 addresses
Aug 27 15:46:18 gtw01 dnsmasq-dhcp[23614]: read /var/lib/neutron/dhcp/0991f6f4-0d15-4ee5-bab4-ac9056bdbdc1/host
Aug 27 15:46:18 gtw01 dnsmasq-dhcp[23614]: read /var/lib/neutron/dhcp/0991f6f4-0d15-4ee5-bab4-ac9056bdbdc1/opts
Aug 27 15:46:19 gtw01 kernel: [ 9246.362285] device tap28ea1436-d1 left promiscuous mode
Aug 27 15:46:20 gtw01 dnsmasq[23614]: read /var/lib/neutron/dhcp/0991f6f4-0d15-4ee5-bab4-ac9056bdbdc1/addn_hosts - 11 addresses
Aug 27 15:46:20 gtw01 dnsmasq-dhcp[23614]: read /var/lib/neutron/dhcp/0991f6f4-0d15-4ee5-bab4-ac9056bdbdc1/host
Aug 27 15:46:20 gtw01 dnsmasq-dhcp[23614]: read /var/lib/neutron/dhcp/0991f6f4-0d15-4ee5-bab4-ac9056bdbdc1/opts
Aug 27 15:46:26 gtw01 kernel: [ 9252.984274] device tap05ef9943-c1 entered promiscuous mode
Aug 27 15:46:26 gtw01 systemd-udevd[25205]: link_config: autonegotiation is unset or enabled, the speed and duplex are not writable.
Aug 27 15:46:26 gtw01 systemd-udevd[25205]: Could not generate persistent MAC address for tap05ef9943-c1: No such file or directory
Aug 27 15:46:26 gtw01 systemd-udevd[25205]: Process '/sbin/ip link set tap05ef9943-c1 txqueuelen 10000' failed with exit code 1.
Aug 27 15:46:26 gtw01 systemd-udevd[25279]: Process '/sbin/ip link set tap05ef9943-c1 txqueuelen 10000' failed with exit code 1.
Aug 27 15:46:26 gtw01 dnsmasq[23614]: read /var/lib/neutron/dhcp/0991f6f4-0d15-4ee5-bab4-ac9056bdbdc1/addn_hosts - 12 addresses
Aug 27 15:46:26 gtw01 dnsmasq-dhcp[23614]: read /var/lib/neutron/dhcp/0991f6f4-0d15-4ee5-bab4-ac9056bdbdc1/host
Aug 27 15:46:26 gtw01 dnsmasq-dhcp[23614]: read /var/lib/neutron/dhcp/0991f6f4-0d15-4ee5-bab4-ac9056bdbdc1/opts
Aug 27 15:46:27 gtw01 dnsmasq[23614]: read /var/lib/neutron/dhcp/0991f6f4-0d15-4ee5-bab4-ac9056bdbdc1/addn_hosts - 12 addresses
Aug 27 15:46:27 gtw01 dnsmasq-dhcp[23614]: read /var/lib/neutron/dhcp/0991f6f4-0d15-4ee5-bab4-ac9056bdbdc1/host
Aug 27 15:46:27 gtw01 dnsmasq-dhcp[23614]: read /var/lib/neutron/dhcp/0991f6f4-0d15-4ee5-bab4-ac9056bdbdc1/opts
Aug 27 15:46:29 gtw01 dnsmasq[25383]: started, version 2.79 cachesize 150
Aug 27 15:46:29 gtw01 dnsmasq[25383]: DNS service limited to local subnets
Aug 27 15:46:29 gtw01 dnsmasq[25383]: compile time options: IPv6 GNU-getopt DBus i18n IDN DHCP DHCPv6 no-Lua TFTP conntrack ipset auth DNSSEC loop-detect inotify
Aug 27 15:46:29 gtw01 dnsmasq[25383]: warning: no upstream servers configured
Aug 27 15:46:29 gtw01 dnsmasq-dhcp[25383]: DHCP, static leases only on 192.168.120.0, lease time 1h
Aug 27 15:46:29 gtw01 dnsmasq[25383]: read /var/lib/neutron/dhcp/0d75e82d-d0ea-4bea-be57-5318fc67b69e/addn_hosts - 1 addresses
Aug 27 15:46:29 gtw01 dnsmasq-dhcp[25383]: read /var/lib/neutron/dhcp/0d75e82d-d0ea-4bea-be57-5318fc67b69e/host
Aug 27 15:46:29 gtw01 dnsmasq-dhcp[25383]: read /var/lib/neutron/dhcp/0d75e82d-d0ea-4bea-be57-5318fc67b69e/opts
Aug 27 15:46:29 gtw01 dnsmasq[23614]: read /var/lib/neutron/dhcp/0991f6f4-0d15-4ee5-bab4-ac9056bdbdc1/addn_hosts - 13 addresses
Aug 27 15:46:29 gtw01 dnsmasq-dhcp[23614]: read /var/lib/neutron/dhcp/0991f6f4-0d15-4ee5-bab4-ac9056bdbdc1/host
Aug 27 15:46:29 gtw01 dnsmasq-dhcp[23614]: read /var/lib/neutron/dhcp/0991f6f4-0d15-4ee5-bab4-ac9056bdbdc1/opts
Aug 27 15:46:29 gtw01 dnsmasq[25383]: read /var/lib/neutron/dhcp/0d75e82d-d0ea-4bea-be57-5318fc67b69e/addn_hosts - 1 addresses
Aug 27 15:46:29 gtw01 dnsmasq-dhcp[25383]: read /var/lib/neutron/dhcp/0d75e82d-d0ea-4bea-be57-5318fc67b69e/host
Aug 27 15:46:29 gtw01 dnsmasq-dhcp[25383]: read /var/lib/neutron/dhcp/0d75e82d-d0ea-4bea-be57-5318fc67b69e/opts
Aug 27 15:46:30 gtw01 dnsmasq[25383]: read /var/lib/neutron/dhcp/0d75e82d-d0ea-4bea-be57-5318fc67b69e/addn_hosts - 1 addresses
Aug 27 15:46:30 gtw01 dnsmasq-dhcp[25383]: read /var/lib/neutron/dhcp/0d75e82d-d0ea-4bea-be57-5318fc67b69e/host
Aug 27 15:46:30 gtw01 dnsmasq-dhcp[25383]: read /var/lib/neutron/dhcp/0d75e82d-d0ea-4bea-be57-5318fc67b69e/opts
Aug 27 15:46:32 gtw01 dnsmasq[25383]: read /var/lib/neutron/dhcp/0d75e82d-d0ea-4bea-be57-5318fc67b69e/addn_hosts - 2 addresses
Aug 27 15:46:32 gtw01 dnsmasq-dhcp[25383]: read /var/lib/neutron/dhcp/0d75e82d-d0ea-4bea-be57-5318fc67b69e/host
Aug 27 15:46:32 gtw01 dnsmasq-dhcp[25383]: read /var/lib/neutron/dhcp/0d75e82d-d0ea-4bea-be57-5318fc67b69e/opts
Aug 27 15:46:33 gtw01 dnsmasq[25383]: read /var/lib/neutron/dhcp/0d75e82d-d0ea-4bea-be57-5318fc67b69e/addn_hosts - 2 addresses
Aug 27 15:46:33 gtw01 dnsmasq-dhcp[25383]: read /var/lib/neutron/dhcp/0d75e82d-d0ea-4bea-be57-5318fc67b69e/host
Aug 27 15:46:33 gtw01 dnsmasq-dhcp[25383]: read /var/lib/neutron/dhcp/0d75e82d-d0ea-4bea-be57-5318fc67b69e/opts
Aug 27 15:46:33 gtw01 dnsmasq[23614]: read /var/lib/neutron/dhcp/0991f6f4-0d15-4ee5-bab4-ac9056bdbdc1/addn_hosts - 13 addresses
Aug 27 15:46:33 gtw01 dnsmasq-dhcp[23614]: read /var/lib/neutron/dhcp/0991f6f4-0d15-4ee5-bab4-ac9056bdbdc1/host
Aug 27 15:46:33 gtw01 dnsmasq-dhcp[23614]: read /var/lib/neutron/dhcp/0991f6f4-0d15-4ee5-bab4-ac9056bdbdc1/opts
Aug 27 15:46:34 gtw01 dnsmasq[25383]: read /var/lib/neutron/dhcp/0d75e82d-d0ea-4bea-be57-5318fc67b69e/addn_hosts - 2 addresses
Aug 27 15:46:34 gtw01 dnsmasq-dhcp[25383]: read /var/lib/neutron/dhcp/0d75e82d-d0ea-4bea-be57-5318fc67b69e/host
Aug 27 15:46:34 gtw01 dnsmasq-dhcp[25383]: read /var/lib/neutron/dhcp/0d75e82d-d0ea-4bea-be57-5318fc67b69e/opts
Aug 27 15:46:34 gtw01 dnsmasq[23614]: read /var/lib/neutron/dhcp/0991f6f4-0d15-4ee5-bab4-ac9056bdbdc1/addn_hosts - 13 addresses
Aug 27 15:46:34 gtw01 dnsmasq-dhcp[23614]: read /var/lib/neutron/dhcp/0991f6f4-0d15-4ee5-bab4-ac9056bdbdc1/host
Aug 27 15:46:34 gtw01 dnsmasq-dhcp[23614]: read /var/lib/neutron/dhcp/0991f6f4-0d15-4ee5-bab4-ac9056bdbdc1/opts
Aug 27 15:46:35 gtw01 dnsmasq[25383]: read /var/lib/neutron/dhcp/0d75e82d-d0ea-4bea-be57-5318fc67b69e/addn_hosts - 1 addresses
Aug 27 15:46:35 gtw01 dnsmasq-dhcp[25383]: read /var/lib/neutron/dhcp/0d75e82d-d0ea-4bea-be57-5318fc67b69e/host
Aug 27 15:46:35 gtw01 dnsmasq-dhcp[25383]: read /var/lib/neutron/dhcp/0d75e82d-d0ea-4bea-be57-5318fc67b69e/opts
Aug 27 15:46:35 gtw01 kernel: [ 9262.519271] device ha-dba62fe8-b8 entered promiscuous mode
Aug 27 15:46:35 gtw01 systemd-udevd[25564]: link_config: autonegotiation is unset or enabled, the speed and duplex are not writable.
Aug 27 15:46:35 gtw01 systemd-udevd[25564]: Could not generate persistent MAC address for ha-dba62fe8-b8: No such file or directory
Aug 27 15:46:36 gtw01 dnsmasq[23614]: read /var/lib/neutron/dhcp/0991f6f4-0d15-4ee5-bab4-ac9056bdbdc1/addn_hosts - 14 addresses
Aug 27 15:46:36 gtw01 dnsmasq-dhcp[23614]: read /var/lib/neutron/dhcp/0991f6f4-0d15-4ee5-bab4-ac9056bdbdc1/host
Aug 27 15:46:36 gtw01 dnsmasq-dhcp[23614]: read /var/lib/neutron/dhcp/0991f6f4-0d15-4ee5-bab4-ac9056bdbdc1/opts
Aug 27 15:46:37 gtw01 dnsmasq[23614]: read /var/lib/neutron/dhcp/0991f6f4-0d15-4ee5-bab4-ac9056bdbdc1/addn_hosts - 14 addresses
