Aug 27 14:32:30 gtw01 systemd-udevd[25662]: link_config: autonegotiation is unset or enabled, the speed and duplex are not writable.
Aug 27 14:32:30 gtw01 kernel: [ 4817.811335] device qg-7c8509db-a2 entered promiscuous mode
Aug 27 14:32:30 gtw01 systemd-udevd[25662]: Could not generate persistent MAC address for qg-7c8509db-a2: No such file or directory
Aug 27 14:32:33 gtw01 dnsmasq[25833]: started, version 2.79 cachesize 150
Aug 27 14:32:33 gtw01 dnsmasq[25833]: DNS service limited to local subnets
Aug 27 14:32:33 gtw01 dnsmasq[25833]: compile time options: IPv6 GNU-getopt DBus i18n IDN DHCP DHCPv6 no-Lua TFTP conntrack ipset auth DNSSEC loop-detect inotify
Aug 27 14:32:33 gtw01 dnsmasq[25833]: warning: no upstream servers configured
Aug 27 14:32:33 gtw01 dnsmasq-dhcp[25833]: DHCP, static leases only on 10.2.3.0, lease time 1h
Aug 27 14:32:33 gtw01 dnsmasq[25833]: read /var/lib/neutron/dhcp/46035889-ac04-4501-9915-865dfb679523/addn_hosts - 1 addresses
Aug 27 14:32:33 gtw01 dnsmasq-dhcp[25833]: read /var/lib/neutron/dhcp/46035889-ac04-4501-9915-865dfb679523/host
Aug 27 14:32:33 gtw01 dnsmasq-dhcp[25833]: read /var/lib/neutron/dhcp/46035889-ac04-4501-9915-865dfb679523/opts
Aug 27 14:32:34 gtw01 dnsmasq[25833]: read /var/lib/neutron/dhcp/46035889-ac04-4501-9915-865dfb679523/addn_hosts - 2 addresses
Aug 27 14:32:34 gtw01 dnsmasq-dhcp[25833]: read /var/lib/neutron/dhcp/46035889-ac04-4501-9915-865dfb679523/host
Aug 27 14:32:34 gtw01 dnsmasq-dhcp[25833]: read /var/lib/neutron/dhcp/46035889-ac04-4501-9915-865dfb679523/opts
Aug 27 14:32:35 gtw01 dnsmasq[25833]: read /var/lib/neutron/dhcp/46035889-ac04-4501-9915-865dfb679523/addn_hosts - 2 addresses
Aug 27 14:32:35 gtw01 dnsmasq-dhcp[25833]: read /var/lib/neutron/dhcp/46035889-ac04-4501-9915-865dfb679523/host
Aug 27 14:32:35 gtw01 dnsmasq-dhcp[25833]: read /var/lib/neutron/dhcp/46035889-ac04-4501-9915-865dfb679523/opts
Aug 27 14:32:36 gtw01 dnsmasq[25833]: read /var/lib/neutron/dhcp/46035889-ac04-4501-9915-865dfb679523/addn_hosts - 2 addresses
Aug 27 14:32:36 gtw01 dnsmasq-dhcp[25833]: read /var/lib/neutron/dhcp/46035889-ac04-4501-9915-865dfb679523/host
Aug 27 14:32:36 gtw01 dnsmasq-dhcp[25833]: read /var/lib/neutron/dhcp/46035889-ac04-4501-9915-865dfb679523/opts
Aug 27 14:32:37 gtw01 dnsmasq[25833]: read /var/lib/neutron/dhcp/46035889-ac04-4501-9915-865dfb679523/addn_hosts - 2 addresses
Aug 27 14:32:37 gtw01 dnsmasq-dhcp[25833]: read /var/lib/neutron/dhcp/46035889-ac04-4501-9915-865dfb679523/host
Aug 27 14:32:37 gtw01 dnsmasq-dhcp[25833]: read /var/lib/neutron/dhcp/46035889-ac04-4501-9915-865dfb679523/opts
Aug 27 14:32:38 gtw01 dnsmasq[25833]: read /var/lib/neutron/dhcp/46035889-ac04-4501-9915-865dfb679523/addn_hosts - 3 addresses
Aug 27 14:32:38 gtw01 dnsmasq-dhcp[25833]: read /var/lib/neutron/dhcp/46035889-ac04-4501-9915-865dfb679523/host
Aug 27 14:32:38 gtw01 dnsmasq-dhcp[25833]: read /var/lib/neutron/dhcp/46035889-ac04-4501-9915-865dfb679523/opts
Aug 27 14:32:39 gtw01 dnsmasq[25833]: read /var/lib/neutron/dhcp/46035889-ac04-4501-9915-865dfb679523/addn_hosts - 3 addresses
Aug 27 14:32:39 gtw01 dnsmasq-dhcp[25833]: read /var/lib/neutron/dhcp/46035889-ac04-4501-9915-865dfb679523/host
Aug 27 14:32:39 gtw01 dnsmasq-dhcp[25833]: read /var/lib/neutron/dhcp/46035889-ac04-4501-9915-865dfb679523/opts
Aug 27 14:32:39 gtw01 systemd-udevd[26006]: link_config: autonegotiation is unset or enabled, the speed and duplex are not writable.
Aug 27 14:32:39 gtw01 systemd-udevd[26006]: Could not generate persistent MAC address for vxlan_sys_4789: No such file or directory
Aug 27 14:32:39 gtw01 kernel: [ 4826.655018] device vxlan_sys_4789 entered promiscuous mode
Aug 27 14:32:39 gtw01 kernel: [ 4826.744864] device qr-21204e23-35 entered promiscuous mode
Aug 27 14:32:39 gtw01 systemd-udevd[26076]: link_config: autonegotiation is unset or enabled, the speed and duplex are not writable.
Aug 27 14:32:39 gtw01 systemd-udevd[26076]: Could not generate persistent MAC address for qr-21204e23-35: No such file or directory
Aug 27 14:32:40 gtw01 dnsmasq[25833]: read /var/lib/neutron/dhcp/46035889-ac04-4501-9915-865dfb679523/addn_hosts - 3 addresses
Aug 27 14:32:40 gtw01 dnsmasq-dhcp[25833]: read /var/lib/neutron/dhcp/46035889-ac04-4501-9915-865dfb679523/host
Aug 27 14:32:40 gtw01 dnsmasq-dhcp[25833]: read /var/lib/neutron/dhcp/46035889-ac04-4501-9915-865dfb679523/opts
Aug 27 14:32:41 gtw01 dnsmasq[25833]: read /var/lib/neutron/dhcp/46035889-ac04-4501-9915-865dfb679523/addn_hosts - 3 addresses
Aug 27 14:32:41 gtw01 dnsmasq-dhcp[25833]: read /var/lib/neutron/dhcp/46035889-ac04-4501-9915-865dfb679523/host
Aug 27 14:32:41 gtw01 dnsmasq-dhcp[25833]: read /var/lib/neutron/dhcp/46035889-ac04-4501-9915-865dfb679523/opts
Aug 27 14:32:42 gtw01 dnsmasq[25833]: read /var/lib/neutron/dhcp/46035889-ac04-4501-9915-865dfb679523/addn_hosts - 3 addresses
Aug 27 14:32:42 gtw01 dnsmasq-dhcp[25833]: read /var/lib/neutron/dhcp/46035889-ac04-4501-9915-865dfb679523/host
Aug 27 14:32:42 gtw01 dnsmasq-dhcp[25833]: read /var/lib/neutron/dhcp/46035889-ac04-4501-9915-865dfb679523/opts
Aug 27 14:32:42 gtw01 kernel: [ 4829.971283] device vxlan_sys_4789 left promiscuous mode
Aug 27 14:32:43 gtw01 ovs-vswitchd: ovs|00039|netdev_tc_offloads(revalidator32)|ERR|dump_create: failed to get ifindex for vxlan-0a010005: No such device
Aug 27 14:32:43 gtw01 dnsmasq[25833]: read /var/lib/neutron/dhcp/46035889-ac04-4501-9915-865dfb679523/addn_hosts - 3 addresses
Aug 27 14:32:43 gtw01 dnsmasq-dhcp[25833]: read /var/lib/neutron/dhcp/46035889-ac04-4501-9915-865dfb679523/host
Aug 27 14:32:43 gtw01 dnsmasq-dhcp[25833]: read /var/lib/neutron/dhcp/46035889-ac04-4501-9915-865dfb679523/opts
Aug 27 14:32:43 gtw01 dnsmasq[25833]: read /var/lib/neutron/dhcp/46035889-ac04-4501-9915-865dfb679523/addn_hosts - 2 addresses
Aug 27 14:32:43 gtw01 dnsmasq-dhcp[25833]: read /var/lib/neutron/dhcp/46035889-ac04-4501-9915-865dfb679523/host
Aug 27 14:32:43 gtw01 dnsmasq-dhcp[25833]: read /var/lib/neutron/dhcp/46035889-ac04-4501-9915-865dfb679523/opts
Aug 27 14:32:48 gtw01 dnsmasq[25833]: read /var/lib/neutron/dhcp/46035889-ac04-4501-9915-865dfb679523/addn_hosts - 2 addresses
Aug 27 14:32:48 gtw01 dnsmasq-dhcp[25833]: read /var/lib/neutron/dhcp/46035889-ac04-4501-9915-865dfb679523/host
Aug 27 14:32:48 gtw01 dnsmasq-dhcp[25833]: read /var/lib/neutron/dhcp/46035889-ac04-4501-9915-865dfb679523/opts
Aug 27 14:32:49 gtw01 kernel: [ 4836.038921] device tapc3ace5c8-3e left promiscuous mode
Aug 27 14:32:51 gtw01 kernel: [ 4838.728781] device qg-7c8509db-a2 left promiscuous mode
Aug 27 14:32:54 gtw01 kernel: [ 4841.283847] device qr-21204e23-35 left promiscuous mode
Aug 27 14:33:10 gtw01 systemd-udevd[26589]: link_config: autonegotiation is unset or enabled, the speed and duplex are not writable.
Aug 27 14:33:10 gtw01 systemd-udevd[26589]: Could not generate persistent MAC address for tap1fcc8baa-a5: No such file or directory
Aug 27 14:33:10 gtw01 kernel: [ 4857.134912] device tap1fcc8baa-a5 entered promiscuous mode
Aug 27 14:33:10 gtw01 systemd-udevd[26589]: Process '/sbin/ip link set tap1fcc8baa-a5 txqueuelen 10000' failed with exit code 1.
Aug 27 14:33:10 gtw01 systemd-udevd[26665]: Process '/sbin/ip link set tap1fcc8baa-a5 txqueuelen 10000' failed with exit code 1.
Aug 27 14:33:10 gtw01 systemd-udevd[26687]: link_config: autonegotiation is unset or enabled, the speed and duplex are not writable.
Aug 27 14:33:10 gtw01 systemd-udevd[26687]: Could not generate persistent MAC address for qg-cc4bc301-50: No such file or directory
Aug 27 14:33:10 gtw01 kernel: [ 4857.691979] device qg-cc4bc301-50 entered promiscuous mode
Aug 27 14:33:13 gtw01 dnsmasq[26850]: started, version 2.79 cachesize 150
Aug 27 14:33:13 gtw01 dnsmasq[26850]: DNS service limited to local subnets
Aug 27 14:33:13 gtw01 dnsmasq[26850]: compile time options: IPv6 GNU-getopt DBus i18n IDN DHCP DHCPv6 no-Lua TFTP conntrack ipset auth DNSSEC loop-detect inotify
Aug 27 14:33:13 gtw01 dnsmasq[26850]: warning: no upstream servers configured
Aug 27 14:33:13 gtw01 dnsmasq-dhcp[26850]: DHCP, static leases only on 10.2.4.0, lease time 1h
Aug 27 14:33:13 gtw01 dnsmasq[26850]: read /var/lib/neutron/dhcp/a1bc7116-7dc0-4f41-b6d1-aaa3f87d73a1/addn_hosts - 1 addresses
Aug 27 14:33:13 gtw01 dnsmasq-dhcp[26850]: read /var/lib/neutron/dhcp/a1bc7116-7dc0-4f41-b6d1-aaa3f87d73a1/host
Aug 27 14:33:13 gtw01 dnsmasq-dhcp[26850]: read /var/lib/neutron/dhcp/a1bc7116-7dc0-4f41-b6d1-aaa3f87d73a1/opts
Aug 27 14:33:13 gtw01 dnsmasq[26850]: read /var/lib/neutron/dhcp/a1bc7116-7dc0-4f41-b6d1-aaa3f87d73a1/addn_hosts - 2 addresses
Aug 27 14:33:13 gtw01 dnsmasq-dhcp[26850]: read /var/lib/neutron/dhcp/a1bc7116-7dc0-4f41-b6d1-aaa3f87d73a1/host
Aug 27 14:33:13 gtw01 dnsmasq-dhcp[26850]: read /var/lib/neutron/dhcp/a1bc7116-7dc0-4f41-b6d1-aaa3f87d73a1/opts
Aug 27 14:33:15 gtw01 dnsmasq[26850]: read /var/lib/neutron/dhcp/a1bc7116-7dc0-4f41-b6d1-aaa3f87d73a1/addn_hosts - 2 addresses
Aug 27 14:33:15 gtw01 dnsmasq-dhcp[26850]: read /var/lib/neutron/dhcp/a1bc7116-7dc0-4f41-b6d1-aaa3f87d73a1/host
Aug 27 14:33:15 gtw01 dnsmasq-dhcp[26850]: read /var/lib/neutron/dhcp/a1bc7116-7dc0-4f41-b6d1-aaa3f87d73a1/opts
Aug 27 14:33:15 gtw01 dnsmasq[18559]: read /var/lib/neutron/dhcp/9d2cec56-e31c-4b33-bd65-0632674b2b7a/addn_hosts - 3 addresses
Aug 27 14:33:15 gtw01 dnsmasq-dhcp[18559]: read /var/lib/neutron/dhcp/9d2cec56-e31c-4b33-bd65-0632674b2b7a/host
Aug 27 14:33:15 gtw01 dnsmasq-dhcp[18559]: read /var/lib/neutron/dhcp/9d2cec56-e31c-4b33-bd65-0632674b2b7a/opts
Aug 27 14:33:16 gtw01 dnsmasq[26850]: read /var/lib/neutron/dhcp/a1bc7116-7dc0-4f41-b6d1-aaa3f87d73a1/addn_hosts - 2 addresses
Aug 27 14:33:16 gtw01 dnsmasq-dhcp[26850]: read /var/lib/neutron/dhcp/a1bc7116-7dc0-4f41-b6d1-aaa3f87d73a1/host
Aug 27 14:33:16 gtw01 dnsmasq-dhcp[26850]: read /var/lib/neutron/dhcp/a1bc7116-7dc0-4f41-b6d1-aaa3f87d73a1/opts
Aug 27 14:33:16 gtw01 dnsmasq[18559]: read /var/lib/neutron/dhcp/9d2cec56-e31c-4b33-bd65-0632674b2b7a/addn_hosts - 3 addresses
Aug 27 14:33:16 gtw01 dnsmasq-dhcp[18559]: read /var/lib/neutron/dhcp/9d2cec56-e31c-4b33-bd65-0632674b2b7a/host
Aug 27 14:33:16 gtw01 dnsmasq-dhcp[18559]: read /var/lib/neutron/dhcp/9d2cec56-e31c-4b33-bd65-0632674b2b7a/opts
Aug 27 14:33:16 gtw01 dnsmasq[26850]: read /var/lib/neutron/dhcp/a1bc7116-7dc0-4f41-b6d1-aaa3f87d73a1/addn_hosts - 2 addresses
Aug 27 14:33:16 gtw01 dnsmasq-dhcp[26850]: read /var/lib/neutron/dhcp/a1bc7116-7dc0-4f41-b6d1-aaa3f87d73a1/host
Aug 27 14:33:16 gtw01 dnsmasq-dhcp[26850]: read /var/lib/neutron/dhcp/a1bc7116-7dc0-4f41-b6d1-aaa3f87d73a1/opts
Aug 27 14:33:17 gtw01 dnsmasq[18559]: read /var/lib/neutron/dhcp/9d2cec56-e31c-4b33-bd65-0632674b2b7a/addn_hosts - 3 addresses
Aug 27 14:33:17 gtw01 dnsmasq-dhcp[18559]: read /var/lib/neutron/dhcp/9d2cec56-e31c-4b33-bd65-0632674b2b7a/host
Aug 27 14:33:17 gtw01 dnsmasq-dhcp[18559]: read /var/lib/neutron/dhcp/9d2cec56-e31c-4b33-bd65-0632674b2b7a/opts
Aug 27 14:33:18 gtw01 dnsmasq[26850]: read /var/lib/neutron/dhcp/a1bc7116-7dc0-4f41-b6d1-aaa3f87d73a1/addn_hosts - 2 addresses
Aug 27 14:33:18 gtw01 dnsmasq-dhcp[26850]: read /var/lib/neutron/dhcp/a1bc7116-7dc0-4f41-b6d1-aaa3f87d73a1/host
Aug 27 14:33:18 gtw01 dnsmasq-dhcp[26850]: read /var/lib/neutron/dhcp/a1bc7116-7dc0-4f41-b6d1-aaa3f87d73a1/opts
Aug 27 14:33:18 gtw01 dnsmasq[26850]: read /var/lib/neutron/dhcp/a1bc7116-7dc0-4f41-b6d1-aaa3f87d73a1/addn_hosts - 2 addresses
Aug 27 14:33:18 gtw01 dnsmasq-dhcp[26850]: read /var/lib/neutron/dhcp/a1bc7116-7dc0-4f41-b6d1-aaa3f87d73a1/host
Aug 27 14:33:18 gtw01 dnsmasq-dhcp[26850]: read /var/lib/neutron/dhcp/a1bc7116-7dc0-4f41-b6d1-aaa3f87d73a1/opts
Aug 27 14:33:19 gtw01 systemd-udevd[27070]: link_config: autonegotiation is unset or enabled, the speed and duplex are not writable.
Aug 27 14:33:19 gtw01 systemd-udevd[27070]: Could not generate persistent MAC address for vxlan_sys_4789: No such file or directory
Aug 27 14:33:19 gtw01 kernel: [ 4866.307290] device vxlan_sys_4789 entered promiscuous mode
Aug 27 14:33:19 gtw01 systemd-udevd[27111]: link_config: autonegotiation is unset or enabled, the speed and duplex are not writable.
Aug 27 14:33:19 gtw01 kernel: [ 4866.359452] device qr-838433f5-54 entered promiscuous mode
Aug 27 14:33:19 gtw01 systemd-udevd[27111]: Could not generate persistent MAC address for qr-838433f5-54: No such file or directory
Aug 27 14:33:19 gtw01 dnsmasq[26850]: read /var/lib/neutron/dhcp/a1bc7116-7dc0-4f41-b6d1-aaa3f87d73a1/addn_hosts - 2 addresses
Aug 27 14:33:19 gtw01 dnsmasq-dhcp[26850]: read /var/lib/neutron/dhcp/a1bc7116-7dc0-4f41-b6d1-aaa3f87d73a1/host
Aug 27 14:33:19 gtw01 dnsmasq-dhcp[26850]: read /var/lib/neutron/dhcp/a1bc7116-7dc0-4f41-b6d1-aaa3f87d73a1/opts
Aug 27 14:33:30 gtw01 dnsmasq-dhcp[18559]: DHCPDISCOVER(tapf43f44e1-04) fa:16:3e:b0:25:84
Aug 27 14:33:30 gtw01 dnsmasq-dhcp[18559]: DHCPOFFER(tapf43f44e1-04) 192.168.120.200 fa:16:3e:b0:25:84
Aug 27 14:33:30 gtw01 dnsmasq-dhcp[18559]: DHCPREQUEST(tapf43f44e1-04) 192.168.120.200 fa:16:3e:b0:25:84
Aug 27 14:33:30 gtw01 dnsmasq-dhcp[18559]: DHCPACK(tapf43f44e1-04) 192.168.120.200 fa:16:3e:b0:25:84 host-192-168-120-200
Aug 27 14:33:33 gtw01 kernel: [ 4879.984704] device vxlan_sys_4789 left promiscuous mode
Aug 27 14:33:33 gtw01 ovs-vswitchd: ovs|00041|netdev_tc_offloads(revalidator32)|ERR|dump_create: failed to get ifindex for vxlan-0a010006: No such device
Aug 27 14:33:33 gtw01 dnsmasq-dhcp[18559]: DHCPRELEASE(tapf43f44e1-04) 192.168.120.200 fa:16:3e:b0:25:84
Aug 27 14:33:33 gtw01 dnsmasq-dhcp[18559]: DHCPRELEASE(tapf43f44e1-04) 192.168.120.200 fa:16:3e:b0:25:84 unknown lease
Aug 27 14:33:34 gtw01 dnsmasq[18559]: read /var/lib/neutron/dhcp/9d2cec56-e31c-4b33-bd65-0632674b2b7a/addn_hosts - 2 addresses
Aug 27 14:33:34 gtw01 dnsmasq-dhcp[18559]: read /var/lib/neutron/dhcp/9d2cec56-e31c-4b33-bd65-0632674b2b7a/host
Aug 27 14:33:34 gtw01 dnsmasq-dhcp[18559]: read /var/lib/neutron/dhcp/9d2cec56-e31c-4b33-bd65-0632674b2b7a/opts
Aug 27 14:33:40 gtw01 dnsmasq[26850]: read /var/lib/neutron/dhcp/a1bc7116-7dc0-4f41-b6d1-aaa3f87d73a1/addn_hosts - 2 addresses
Aug 27 14:33:40 gtw01 dnsmasq-dhcp[26850]: read /var/lib/neutron/dhcp/a1bc7116-7dc0-4f41-b6d1-aaa3f87d73a1/host
Aug 27 14:33:40 gtw01 dnsmasq-dhcp[26850]: read /var/lib/neutron/dhcp/a1bc7116-7dc0-4f41-b6d1-aaa3f87d73a1/opts
Aug 27 14:33:41 gtw01 kernel: [ 4888.882144] device tap1fcc8baa-a5 left promiscuous mode
Aug 27 14:33:44 gtw01 kernel: [ 4891.337126] device qg-cc4bc301-50 left promiscuous mode
Aug 27 14:33:46 gtw01 kernel: [ 4893.803655] device qr-838433f5-54 left promiscuous mode
Aug 27 14:37:47 gtw01 dnsmasq[18559]: read /var/lib/neutron/dhcp/9d2cec56-e31c-4b33-bd65-0632674b2b7a/addn_hosts - 1 addresses
Aug 27 14:37:47 gtw01 dnsmasq-dhcp[18559]: read /var/lib/neutron/dhcp/9d2cec56-e31c-4b33-bd65-0632674b2b7a/host
Aug 27 14:37:47 gtw01 dnsmasq-dhcp[18559]: read /var/lib/neutron/dhcp/9d2cec56-e31c-4b33-bd65-0632674b2b7a/opts
Aug 27 14:37:49 gtw01 kernel: [ 5136.049235] device qr-5bc5398f-7b left promiscuous mode
Aug 27 14:37:51 gtw01 kernel: [ 5138.573403] device qg-fdb00bf9-89 left promiscuous mode
Aug 27 14:37:51 gtw01 kernel: [ 5138.848476] device tapf43f44e1-04 left promiscuous mode
Aug 27 14:38:02 gtw01 kernel: [ 5149.496963] device tap8737446b-fb entered promiscuous mode
Aug 27 14:38:02 gtw01 systemd-udevd[27827]: link_config: autonegotiation is unset or enabled, the speed and duplex are not writable.
Aug 27 14:38:02 gtw01 systemd-udevd[27827]: Could not generate persistent MAC address for tap8737446b-fb: No such file or directory
Aug 27 14:38:02 gtw01 systemd-udevd[27827]: Process '/sbin/ip link set tap8737446b-fb txqueuelen 10000' failed with exit code 1.
Aug 27 14:38:02 gtw01 systemd-udevd[27900]: Process '/sbin/ip link set tap8737446b-fb txqueuelen 10000' failed with exit code 1.
Aug 27 14:38:05 gtw01 kernel: [ 5152.275664] device qr-a6e291b5-bd entered promiscuous mode
Aug 27 14:38:05 gtw01 systemd-udevd[27983]: link_config: autonegotiation is unset or enabled, the speed and duplex are not writable.
Aug 27 14:38:05 gtw01 systemd-udevd[27983]: Could not generate persistent MAC address for qr-a6e291b5-bd: No such file or directory
Aug 27 14:38:05 gtw01 dnsmasq[28085]: started, version 2.79 cachesize 150
Aug 27 14:38:05 gtw01 dnsmasq[28085]: DNS service limited to local subnets
Aug 27 14:38:05 gtw01 dnsmasq[28085]: compile time options: IPv6 GNU-getopt DBus i18n IDN DHCP DHCPv6 no-Lua TFTP conntrack ipset auth DNSSEC loop-detect inotify
Aug 27 14:38:05 gtw01 dnsmasq[28085]: warning: no upstream servers configured
Aug 27 14:38:05 gtw01 dnsmasq-dhcp[28085]: DHCP, static leases only on 192.168.120.0, lease time 1h
Aug 27 14:38:05 gtw01 dnsmasq[28085]: read /var/lib/neutron/dhcp/66db1d17-7f4d-45d2-be75-f291eb507e7e/addn_hosts - 1 addresses
Aug 27 14:38:05 gtw01 dnsmasq-dhcp[28085]: read /var/lib/neutron/dhcp/66db1d17-7f4d-45d2-be75-f291eb507e7e/host
Aug 27 14:38:05 gtw01 dnsmasq-dhcp[28085]: read /var/lib/neutron/dhcp/66db1d17-7f4d-45d2-be75-f291eb507e7e/opts
Aug 27 14:38:06 gtw01 kernel: [ 5153.048322] device qg-290b53c8-b6 entered promiscuous mode
Aug 27 14:38:06 gtw01 systemd-udevd[28097]: link_config: autonegotiation is unset or enabled, the speed and duplex are not writable.
Aug 27 14:38:06 gtw01 systemd-udevd[28097]: Could not generate persistent MAC address for qg-290b53c8-b6: No such file or directory
Aug 27 14:38:06 gtw01 kernel: [ 5153.279468] IPv4: martian source 192.168.120.1 from 192.168.120.1, on dev qg-290b53c8-b6
Aug 27 14:38:06 gtw01 kernel: [ 5153.279472] ll header: 00000000: ff ff ff ff ff ff fa 16 3e be f9 35 08 06        ........>..5..
Aug 27 14:38:06 gtw01 dnsmasq[28085]: read /var/lib/neutron/dhcp/66db1d17-7f4d-45d2-be75-f291eb507e7e/addn_hosts - 2 addresses
Aug 27 14:38:06 gtw01 dnsmasq-dhcp[28085]: read /var/lib/neutron/dhcp/66db1d17-7f4d-45d2-be75-f291eb507e7e/host
Aug 27 14:38:06 gtw01 dnsmasq-dhcp[28085]: read /var/lib/neutron/dhcp/66db1d17-7f4d-45d2-be75-f291eb507e7e/opts
Aug 27 14:38:07 gtw01 dnsmasq[28085]: read /var/lib/neutron/dhcp/66db1d17-7f4d-45d2-be75-f291eb507e7e/addn_hosts - 2 addresses
Aug 27 14:38:07 gtw01 dnsmasq-dhcp[28085]: read /var/lib/neutron/dhcp/66db1d17-7f4d-45d2-be75-f291eb507e7e/host
Aug 27 14:38:07 gtw01 dnsmasq-dhcp[28085]: read /var/lib/neutron/dhcp/66db1d17-7f4d-45d2-be75-f291eb507e7e/opts
Aug 27 14:38:08 gtw01 dnsmasq[28085]: read /var/lib/neutron/dhcp/66db1d17-7f4d-45d2-be75-f291eb507e7e/addn_hosts - 2 addresses
Aug 27 14:38:08 gtw01 dnsmasq-dhcp[28085]: read /var/lib/neutron/dhcp/66db1d17-7f4d-45d2-be75-f291eb507e7e/host
Aug 27 14:38:08 gtw01 dnsmasq-dhcp[28085]: read /var/lib/neutron/dhcp/66db1d17-7f4d-45d2-be75-f291eb507e7e/opts
Aug 27 14:38:09 gtw01 kernel: [ 5156.027068] IPv4: martian source 192.168.120.1 from 192.168.120.1, on dev qg-290b53c8-b6
Aug 27 14:38:09 gtw01 kernel: [ 5156.027072] ll header: 00000000: ff ff ff ff ff ff fa 16 3e be f9 35 08 06        ........>..5..
Aug 27 14:38:09 gtw01 kernel: [ 5156.028145] IPv4: martian source 10.16.0.243 from 10.16.0.243, on dev qr-a6e291b5-bd
Aug 27 14:38:09 gtw01 kernel: [ 5156.028147] ll header: 00000000: ff ff ff ff ff ff fa 16 3e 9b 42 89 08 06        ........>.B...
Aug 27 14:38:09 gtw01 dnsmasq[28085]: read /var/lib/neutron/dhcp/66db1d17-7f4d-45d2-be75-f291eb507e7e/addn_hosts - 2 addresses
Aug 27 14:38:09 gtw01 dnsmasq-dhcp[28085]: read /var/lib/neutron/dhcp/66db1d17-7f4d-45d2-be75-f291eb507e7e/host
Aug 27 14:38:09 gtw01 dnsmasq-dhcp[28085]: read /var/lib/neutron/dhcp/66db1d17-7f4d-45d2-be75-f291eb507e7e/opts
Aug 27 14:38:10 gtw01 dnsmasq[28085]: read /var/lib/neutron/dhcp/66db1d17-7f4d-45d2-be75-f291eb507e7e/addn_hosts - 2 addresses
Aug 27 14:38:10 gtw01 dnsmasq-dhcp[28085]: read /var/lib/neutron/dhcp/66db1d17-7f4d-45d2-be75-f291eb507e7e/host
Aug 27 14:38:10 gtw01 dnsmasq-dhcp[28085]: read /var/lib/neutron/dhcp/66db1d17-7f4d-45d2-be75-f291eb507e7e/opts
Aug 27 14:38:14 gtw01 dnsmasq[28085]: read /var/lib/neutron/dhcp/66db1d17-7f4d-45d2-be75-f291eb507e7e/addn_hosts - 2 addresses
Aug 27 14:38:14 gtw01 dnsmasq-dhcp[28085]: read /var/lib/neutron/dhcp/66db1d17-7f4d-45d2-be75-f291eb507e7e/host
Aug 27 14:38:14 gtw01 dnsmasq-dhcp[28085]: read /var/lib/neutron/dhcp/66db1d17-7f4d-45d2-be75-f291eb507e7e/opts
Aug 27 14:38:15 gtw01 dnsmasq[28085]: read /var/lib/neutron/dhcp/66db1d17-7f4d-45d2-be75-f291eb507e7e/addn_hosts - 2 addresses
Aug 27 14:38:15 gtw01 dnsmasq-dhcp[28085]: read /var/lib/neutron/dhcp/66db1d17-7f4d-45d2-be75-f291eb507e7e/host
Aug 27 14:38:15 gtw01 dnsmasq-dhcp[28085]: read /var/lib/neutron/dhcp/66db1d17-7f4d-45d2-be75-f291eb507e7e/opts
Aug 27 14:38:56 gtw01 dnsmasq[28085]: read /var/lib/neutron/dhcp/66db1d17-7f4d-45d2-be75-f291eb507e7e/addn_hosts - 3 addresses
Aug 27 14:38:56 gtw01 dnsmasq-dhcp[28085]: read /var/lib/neutron/dhcp/66db1d17-7f4d-45d2-be75-f291eb507e7e/host
Aug 27 14:38:56 gtw01 dnsmasq-dhcp[28085]: read /var/lib/neutron/dhcp/66db1d17-7f4d-45d2-be75-f291eb507e7e/opts
Aug 27 14:38:57 gtw01 dnsmasq[28085]: read /var/lib/neutron/dhcp/66db1d17-7f4d-45d2-be75-f291eb507e7e/addn_hosts - 4 addresses
Aug 27 14:38:57 gtw01 dnsmasq-dhcp[28085]: read /var/lib/neutron/dhcp/66db1d17-7f4d-45d2-be75-f291eb507e7e/host
Aug 27 14:38:57 gtw01 dnsmasq-dhcp[28085]: read /var/lib/neutron/dhcp/66db1d17-7f4d-45d2-be75-f291eb507e7e/opts
Aug 27 14:38:58 gtw01 dnsmasq[28085]: read /var/lib/neutron/dhcp/66db1d17-7f4d-45d2-be75-f291eb507e7e/addn_hosts - 4 addresses
Aug 27 14:38:58 gtw01 dnsmasq-dhcp[28085]: read /var/lib/neutron/dhcp/66db1d17-7f4d-45d2-be75-f291eb507e7e/host
Aug 27 14:38:58 gtw01 dnsmasq-dhcp[28085]: read /var/lib/neutron/dhcp/66db1d17-7f4d-45d2-be75-f291eb507e7e/opts
Aug 27 14:38:59 gtw01 dnsmasq[28085]: read /var/lib/neutron/dhcp/66db1d17-7f4d-45d2-be75-f291eb507e7e/addn_hosts - 5 addresses
Aug 27 14:38:59 gtw01 dnsmasq-dhcp[28085]: read /var/lib/neutron/dhcp/66db1d17-7f4d-45d2-be75-f291eb507e7e/host
Aug 27 14:38:59 gtw01 dnsmasq-dhcp[28085]: read /var/lib/neutron/dhcp/66db1d17-7f4d-45d2-be75-f291eb507e7e/opts
Aug 27 14:39:00 gtw01 dnsmasq[28085]: read /var/lib/neutron/dhcp/66db1d17-7f4d-45d2-be75-f291eb507e7e/addn_hosts - 6 addresses
Aug 27 14:39:00 gtw01 dnsmasq-dhcp[28085]: read /var/lib/neutron/dhcp/66db1d17-7f4d-45d2-be75-f291eb507e7e/host
Aug 27 14:39:00 gtw01 dnsmasq-dhcp[28085]: read /var/lib/neutron/dhcp/66db1d17-7f4d-45d2-be75-f291eb507e7e/opts
Aug 27 14:39:01 gtw01 dnsmasq[28085]: read /var/lib/neutron/dhcp/66db1d17-7f4d-45d2-be75-f291eb507e7e/addn_hosts - 7 addresses
Aug 27 14:39:01 gtw01 dnsmasq-dhcp[28085]: read /var/lib/neutron/dhcp/66db1d17-7f4d-45d2-be75-f291eb507e7e/host
Aug 27 14:39:01 gtw01 dnsmasq-dhcp[28085]: read /var/lib/neutron/dhcp/66db1d17-7f4d-45d2-be75-f291eb507e7e/opts
Aug 27 14:39:02 gtw01 dnsmasq[28085]: read /var/lib/neutron/dhcp/66db1d17-7f4d-45d2-be75-f291eb507e7e/addn_hosts - 7 addresses
Aug 27 14:39:02 gtw01 dnsmasq-dhcp[28085]: read /var/lib/neutron/dhcp/66db1d17-7f4d-45d2-be75-f291eb507e7e/host
Aug 27 14:39:02 gtw01 dnsmasq-dhcp[28085]: read /var/lib/neutron/dhcp/66db1d17-7f4d-45d2-be75-f291eb507e7e/opts
Aug 27 14:39:03 gtw01 dnsmasq[28085]: read /var/lib/neutron/dhcp/66db1d17-7f4d-45d2-be75-f291eb507e7e/addn_hosts - 7 addresses
Aug 27 14:39:03 gtw01 dnsmasq-dhcp[28085]: read /var/lib/neutron/dhcp/66db1d17-7f4d-45d2-be75-f291eb507e7e/host
Aug 27 14:39:03 gtw01 dnsmasq-dhcp[28085]: read /var/lib/neutron/dhcp/66db1d17-7f4d-45d2-be75-f291eb507e7e/opts
Aug 27 14:39:03 gtw01 kernel: [ 5210.961008] device vxlan_sys_4789 entered promiscuous mode
Aug 27 14:39:03 gtw01 systemd-udevd[28672]: link_config: autonegotiation is unset or enabled, the speed and duplex are not writable.
Aug 27 14:39:03 gtw01 systemd-udevd[28672]: Could not generate persistent MAC address for vxlan_sys_4789: No such file or directory
Aug 27 14:39:04 gtw01 dnsmasq[28085]: read /var/lib/neutron/dhcp/66db1d17-7f4d-45d2-be75-f291eb507e7e/addn_hosts - 7 addresses
Aug 27 14:39:04 gtw01 dnsmasq-dhcp[28085]: read /var/lib/neutron/dhcp/66db1d17-7f4d-45d2-be75-f291eb507e7e/host
Aug 27 14:39:04 gtw01 dnsmasq-dhcp[28085]: read /var/lib/neutron/dhcp/66db1d17-7f4d-45d2-be75-f291eb507e7e/opts
Aug 27 14:39:05 gtw01 dnsmasq[28085]: read /var/lib/neutron/dhcp/66db1d17-7f4d-45d2-be75-f291eb507e7e/addn_hosts - 7 addresses
Aug 27 14:39:05 gtw01 dnsmasq-dhcp[28085]: read /var/lib/neutron/dhcp/66db1d17-7f4d-45d2-be75-f291eb507e7e/host
Aug 27 14:39:05 gtw01 dnsmasq-dhcp[28085]: read /var/lib/neutron/dhcp/66db1d17-7f4d-45d2-be75-f291eb507e7e/opts
Aug 27 14:39:05 gtw01 dnsmasq[28085]: read /var/lib/neutron/dhcp/66db1d17-7f4d-45d2-be75-f291eb507e7e/addn_hosts - 7 addresses
Aug 27 14:39:05 gtw01 dnsmasq-dhcp[28085]: read /var/lib/neutron/dhcp/66db1d17-7f4d-45d2-be75-f291eb507e7e/host
Aug 27 14:39:05 gtw01 dnsmasq-dhcp[28085]: read /var/lib/neutron/dhcp/66db1d17-7f4d-45d2-be75-f291eb507e7e/opts
Aug 27 14:39:06 gtw01 dnsmasq[28085]: read /var/lib/neutron/dhcp/66db1d17-7f4d-45d2-be75-f291eb507e7e/addn_hosts - 8 addresses
Aug 27 14:39:06 gtw01 dnsmasq-dhcp[28085]: read /var/lib/neutron/dhcp/66db1d17-7f4d-45d2-be75-f291eb507e7e/host
Aug 27 14:39:06 gtw01 dnsmasq-dhcp[28085]: read /var/lib/neutron/dhcp/66db1d17-7f4d-45d2-be75-f291eb507e7e/opts
Aug 27 14:39:07 gtw01 dnsmasq[28085]: read /var/lib/neutron/dhcp/66db1d17-7f4d-45d2-be75-f291eb507e7e/addn_hosts - 8 addresses
Aug 27 14:39:07 gtw01 dnsmasq-dhcp[28085]: read /var/lib/neutron/dhcp/66db1d17-7f4d-45d2-be75-f291eb507e7e/host
Aug 27 14:39:07 gtw01 dnsmasq-dhcp[28085]: read /var/lib/neutron/dhcp/66db1d17-7f4d-45d2-be75-f291eb507e7e/opts
Aug 27 14:39:08 gtw01 dnsmasq[28085]: read /var/lib/neutron/dhcp/66db1d17-7f4d-45d2-be75-f291eb507e7e/addn_hosts - 8 addresses
Aug 27 14:39:08 gtw01 dnsmasq-dhcp[28085]: read /var/lib/neutron/dhcp/66db1d17-7f4d-45d2-be75-f291eb507e7e/host
Aug 27 14:39:08 gtw01 dnsmasq-dhcp[28085]: read /var/lib/neutron/dhcp/66db1d17-7f4d-45d2-be75-f291eb507e7e/opts
Aug 27 14:39:09 gtw01 dnsmasq[28085]: read /var/lib/neutron/dhcp/66db1d17-7f4d-45d2-be75-f291eb507e7e/addn_hosts - 8 addresses
Aug 27 14:39:09 gtw01 dnsmasq-dhcp[28085]: read /var/lib/neutron/dhcp/66db1d17-7f4d-45d2-be75-f291eb507e7e/host
Aug 27 14:39:09 gtw01 dnsmasq-dhcp[28085]: read /var/lib/neutron/dhcp/66db1d17-7f4d-45d2-be75-f291eb507e7e/opts
Aug 27 14:39:10 gtw01 dnsmasq[28085]: read /var/lib/neutron/dhcp/66db1d17-7f4d-45d2-be75-f291eb507e7e/addn_hosts - 8 addresses
Aug 27 14:39:10 gtw01 dnsmasq-dhcp[28085]: read /var/lib/neutron/dhcp/66db1d17-7f4d-45d2-be75-f291eb507e7e/host
Aug 27 14:39:10 gtw01 dnsmasq-dhcp[28085]: read /var/lib/neutron/dhcp/66db1d17-7f4d-45d2-be75-f291eb507e7e/opts
Aug 27 14:39:11 gtw01 dnsmasq[28085]: read /var/lib/neutron/dhcp/66db1d17-7f4d-45d2-be75-f291eb507e7e/addn_hosts - 8 addresses
Aug 27 14:39:11 gtw01 dnsmasq-dhcp[28085]: read /var/lib/neutron/dhcp/66db1d17-7f4d-45d2-be75-f291eb507e7e/host
Aug 27 14:39:11 gtw01 dnsmasq-dhcp[28085]: read /var/lib/neutron/dhcp/66db1d17-7f4d-45d2-be75-f291eb507e7e/opts
Aug 27 14:39:12 gtw01 dnsmasq[28085]: read /var/lib/neutron/dhcp/66db1d17-7f4d-45d2-be75-f291eb507e7e/addn_hosts - 8 addresses
Aug 27 14:39:12 gtw01 dnsmasq-dhcp[28085]: read /var/lib/neutron/dhcp/66db1d17-7f4d-45d2-be75-f291eb507e7e/host
Aug 27 14:39:12 gtw01 dnsmasq-dhcp[28085]: read /var/lib/neutron/dhcp/66db1d17-7f4d-45d2-be75-f291eb507e7e/opts
Aug 27 14:39:13 gtw01 dnsmasq[28085]: read /var/lib/neutron/dhcp/66db1d17-7f4d-45d2-be75-f291eb507e7e/addn_hosts - 7 addresses
Aug 27 14:39:13 gtw01 dnsmasq-dhcp[28085]: read /var/lib/neutron/dhcp/66db1d17-7f4d-45d2-be75-f291eb507e7e/host
Aug 27 14:39:13 gtw01 dnsmasq-dhcp[28085]: read /var/lib/neutron/dhcp/66db1d17-7f4d-45d2-be75-f291eb507e7e/opts
Aug 27 14:39:13 gtw01 dnsmasq[28085]: read /var/lib/neutron/dhcp/66db1d17-7f4d-45d2-be75-f291eb507e7e/addn_hosts - 6 addresses
Aug 27 14:39:13 gtw01 dnsmasq-dhcp[28085]: read /var/lib/neutron/dhcp/66db1d17-7f4d-45d2-be75-f291eb507e7e/host
Aug 27 14:39:13 gtw01 dnsmasq-dhcp[28085]: read /var/lib/neutron/dhcp/66db1d17-7f4d-45d2-be75-f291eb507e7e/opts
Aug 27 14:39:14 gtw01 dnsmasq[28085]: read /var/lib/neutron/dhcp/66db1d17-7f4d-45d2-be75-f291eb507e7e/addn_hosts - 5 addresses
Aug 27 14:39:14 gtw01 dnsmasq-dhcp[28085]: read /var/lib/neutron/dhcp/66db1d17-7f4d-45d2-be75-f291eb507e7e/host
Aug 27 14:39:14 gtw01 dnsmasq-dhcp[28085]: read /var/lib/neutron/dhcp/66db1d17-7f4d-45d2-be75-f291eb507e7e/opts
Aug 27 14:39:15 gtw01 dnsmasq[28085]: read /var/lib/neutron/dhcp/66db1d17-7f4d-45d2-be75-f291eb507e7e/addn_hosts - 4 addresses
Aug 27 14:39:15 gtw01 dnsmasq-dhcp[28085]: read /var/lib/neutron/dhcp/66db1d17-7f4d-45d2-be75-f291eb507e7e/host
Aug 27 14:39:15 gtw01 dnsmasq-dhcp[28085]: read /var/lib/neutron/dhcp/66db1d17-7f4d-45d2-be75-f291eb507e7e/opts
Aug 27 14:39:16 gtw01 dnsmasq[28085]: read /var/lib/neutron/dhcp/66db1d17-7f4d-45d2-be75-f291eb507e7e/addn_hosts - 3 addresses
Aug 27 14:39:16 gtw01 dnsmasq-dhcp[28085]: read /var/lib/neutron/dhcp/66db1d17-7f4d-45d2-be75-f291eb507e7e/host
Aug 27 14:39:16 gtw01 dnsmasq-dhcp[28085]: read /var/lib/neutron/dhcp/66db1d17-7f4d-45d2-be75-f291eb507e7e/opts
Aug 27 14:39:18 gtw01 kernel: [ 5225.446165] device vxlan_sys_4789 left promiscuous mode
Aug 27 14:39:18 gtw01 ovs-vswitchd: ovs|00043|netdev_tc_offloads(revalidator32)|ERR|dump_create: failed to get ifindex for vxlan-0a010006: No such device
Aug 27 14:39:18 gtw01 dnsmasq[28085]: read /var/lib/neutron/dhcp/66db1d17-7f4d-45d2-be75-f291eb507e7e/addn_hosts - 2 addresses
Aug 27 14:39:18 gtw01 dnsmasq-dhcp[28085]: read /var/lib/neutron/dhcp/66db1d17-7f4d-45d2-be75-f291eb507e7e/host
Aug 27 14:39:18 gtw01 dnsmasq-dhcp[28085]: read /var/lib/neutron/dhcp/66db1d17-7f4d-45d2-be75-f291eb507e7e/opts
Aug 27 14:39:21 gtw01 kernel: [ 5228.138818] device tap0b028321-ee entered promiscuous mode
Aug 27 14:39:21 gtw01 systemd-udevd[29014]: link_config: autonegotiation is unset or enabled, the speed and duplex are not writable.
Aug 27 14:39:21 gtw01 systemd-udevd[29014]: Could not generate persistent MAC address for tap0b028321-ee: No such file or directory
Aug 27 14:39:21 gtw01 systemd-udevd[29014]: Process '/sbin/ip link set tap0b028321-ee txqueuelen 10000' failed with exit code 1.
Aug 27 14:39:21 gtw01 systemd-udevd[29088]: Process '/sbin/ip link set tap0b028321-ee txqueuelen 10000' failed with exit code 1.
Aug 27 14:39:23 gtw01 dnsmasq[28085]: read /var/lib/neutron/dhcp/66db1d17-7f4d-45d2-be75-f291eb507e7e/addn_hosts - 3 addresses
Aug 27 14:39:23 gtw01 dnsmasq-dhcp[28085]: read /var/lib/neutron/dhcp/66db1d17-7f4d-45d2-be75-f291eb507e7e/host
Aug 27 14:39:23 gtw01 dnsmasq-dhcp[28085]: read /var/lib/neutron/dhcp/66db1d17-7f4d-45d2-be75-f291eb507e7e/opts
Aug 27 14:39:24 gtw01 systemd-udevd[29194]: link_config: autonegotiation is unset or enabled, the speed and duplex are not writable.
Aug 27 14:39:24 gtw01 systemd-udevd[29194]: Could not generate persistent MAC address for qg-c1c92597-e9: No such file or directory
Aug 27 14:39:24 gtw01 kernel: [ 5231.071068] device qg-c1c92597-e9 entered promiscuous mode
Aug 27 14:39:24 gtw01 dnsmasq[29278]: started, version 2.79 cachesize 150
Aug 27 14:39:24 gtw01 dnsmasq[29278]: DNS service limited to local subnets
Aug 27 14:39:24 gtw01 dnsmasq[29278]: compile time options: IPv6 GNU-getopt DBus i18n IDN DHCP DHCPv6 no-Lua TFTP conntrack ipset auth DNSSEC loop-detect inotify
Aug 27 14:39:24 gtw01 dnsmasq[29278]: warning: no upstream servers configured
Aug 27 14:39:24 gtw01 dnsmasq-dhcp[29278]: DHCP, static leases only on 192.168.120.0, lease time 1h
Aug 27 14:39:24 gtw01 dnsmasq[29278]: read /var/lib/neutron/dhcp/83113090-eafa-40d9-b03c-6428fd29f8f4/addn_hosts - 1 addresses
Aug 27 14:39:24 gtw01 dnsmasq-dhcp[29278]: read /var/lib/neutron/dhcp/83113090-eafa-40d9-b03c-6428fd29f8f4/host
Aug 27 14:39:24 gtw01 dnsmasq-dhcp[29278]: read /var/lib/neutron/dhcp/83113090-eafa-40d9-b03c-6428fd29f8f4/opts
Aug 27 14:39:24 gtw01 dnsmasq[28085]: read /var/lib/neutron/dhcp/66db1d17-7f4d-45d2-be75-f291eb507e7e/addn_hosts - 3 addresses
Aug 27 14:39:24 gtw01 dnsmasq-dhcp[28085]: read /var/lib/neutron/dhcp/66db1d17-7f4d-45d2-be75-f291eb507e7e/host
Aug 27 14:39:24 gtw01 dnsmasq-dhcp[28085]: read /var/lib/neutron/dhcp/66db1d17-7f4d-45d2-be75-f291eb507e7e/opts
Aug 27 14:39:25 gtw01 dnsmasq[29278]: read /var/lib/neutron/dhcp/83113090-eafa-40d9-b03c-6428fd29f8f4/addn_hosts - 2 addresses
Aug 27 14:39:25 gtw01 dnsmasq-dhcp[29278]: read /var/lib/neutron/dhcp/83113090-eafa-40d9-b03c-6428fd29f8f4/host
Aug 27 14:39:25 gtw01 dnsmasq-dhcp[29278]: read /var/lib/neutron/dhcp/83113090-eafa-40d9-b03c-6428fd29f8f4/opts
Aug 27 14:39:25 gtw01 dnsmasq[28085]: read /var/lib/neutron/dhcp/66db1d17-7f4d-45d2-be75-f291eb507e7e/addn_hosts - 3 addresses
Aug 27 14:39:25 gtw01 dnsmasq-dhcp[28085]: read /var/lib/neutron/dhcp/66db1d17-7f4d-45d2-be75-f291eb507e7e/host
Aug 27 14:39:25 gtw01 dnsmasq-dhcp[28085]: read /var/lib/neutron/dhcp/66db1d17-7f4d-45d2-be75-f291eb507e7e/opts
Aug 27 14:39:26 gtw01 dnsmasq[29278]: read /var/lib/neutron/dhcp/83113090-eafa-40d9-b03c-6428fd29f8f4/addn_hosts - 2 addresses
Aug 27 14:39:26 gtw01 dnsmasq-dhcp[29278]: read /var/lib/neutron/dhcp/83113090-eafa-40d9-b03c-6428fd29f8f4/host
Aug 27 14:39:26 gtw01 dnsmasq-dhcp[29278]: read /var/lib/neutron/dhcp/83113090-eafa-40d9-b03c-6428fd29f8f4/opts
Aug 27 14:39:27 gtw01 dnsmasq[29278]: read /var/lib/neutron/dhcp/83113090-eafa-40d9-b03c-6428fd29f8f4/addn_hosts - 2 addresses
Aug 27 14:39:27 gtw01 dnsmasq-dhcp[29278]: read /var/lib/neutron/dhcp/83113090-eafa-40d9-b03c-6428fd29f8f4/host
Aug 27 14:39:27 gtw01 dnsmasq-dhcp[29278]: read /var/lib/neutron/dhcp/83113090-eafa-40d9-b03c-6428fd29f8f4/opts
Aug 27 14:39:28 gtw01 dnsmasq[29278]: read /var/lib/neutron/dhcp/83113090-eafa-40d9-b03c-6428fd29f8f4/addn_hosts - 2 addresses
Aug 27 14:39:28 gtw01 dnsmasq-dhcp[29278]: read /var/lib/neutron/dhcp/83113090-eafa-40d9-b03c-6428fd29f8f4/host
Aug 27 14:39:28 gtw01 dnsmasq-dhcp[29278]: read /var/lib/neutron/dhcp/83113090-eafa-40d9-b03c-6428fd29f8f4/opts
Aug 27 14:39:28 gtw01 systemd-udevd[29444]: link_config: autonegotiation is unset or enabled, the speed and duplex are not writable.
Aug 27 14:39:28 gtw01 systemd-udevd[29444]: Could not generate persistent MAC address for vxlan_sys_4789: No such file or directory
Aug 27 14:39:28 gtw01 kernel: [ 5235.367677] device vxlan_sys_4789 entered promiscuous mode
Aug 27 14:39:29 gtw01 dnsmasq[29278]: read /var/lib/neutron/dhcp/83113090-eafa-40d9-b03c-6428fd29f8f4/addn_hosts - 2 addresses
Aug 27 14:39:29 gtw01 dnsmasq-dhcp[29278]: read /var/lib/neutron/dhcp/83113090-eafa-40d9-b03c-6428fd29f8f4/host
Aug 27 14:39:29 gtw01 dnsmasq-dhcp[29278]: read /var/lib/neutron/dhcp/83113090-eafa-40d9-b03c-6428fd29f8f4/opts
Aug 27 14:39:32 gtw01 dnsmasq[29278]: read /var/lib/neutron/dhcp/83113090-eafa-40d9-b03c-6428fd29f8f4/addn_hosts - 2 addresses
Aug 27 14:39:32 gtw01 dnsmasq-dhcp[29278]: read /var/lib/neutron/dhcp/83113090-eafa-40d9-b03c-6428fd29f8f4/host
Aug 27 14:39:32 gtw01 dnsmasq-dhcp[29278]: read /var/lib/neutron/dhcp/83113090-eafa-40d9-b03c-6428fd29f8f4/opts
Aug 27 14:39:32 gtw01 kernel: [ 5239.625174] device qr-2884e4aa-7a entered promiscuous mode
Aug 27 14:39:32 gtw01 systemd-udevd[29593]: link_config: autonegotiation is unset or enabled, the speed and duplex are not writable.
Aug 27 14:39:32 gtw01 systemd-udevd[29593]: Could not generate persistent MAC address for qr-2884e4aa-7a: No such file or directory
Aug 27 14:39:33 gtw01 dnsmasq[29278]: read /var/lib/neutron/dhcp/83113090-eafa-40d9-b03c-6428fd29f8f4/addn_hosts - 2 addresses
Aug 27 14:39:33 gtw01 dnsmasq-dhcp[29278]: read /var/lib/neutron/dhcp/83113090-eafa-40d9-b03c-6428fd29f8f4/host
Aug 27 14:39:33 gtw01 dnsmasq-dhcp[29278]: read /var/lib/neutron/dhcp/83113090-eafa-40d9-b03c-6428fd29f8f4/opts
Aug 27 14:39:33 gtw01 kernel: [ 5240.814739] device vxlan_sys_4789 left promiscuous mode
Aug 27 14:39:33 gtw01 ovs-vswitchd: ovs|00045|netdev_tc_offloads(revalidator32)|ERR|dump_create: failed to get ifindex for vxlan-0a010006: No such device
Aug 27 14:39:34 gtw01 dnsmasq[29278]: read /var/lib/neutron/dhcp/83113090-eafa-40d9-b03c-6428fd29f8f4/addn_hosts - 3 addresses
Aug 27 14:39:34 gtw01 dnsmasq-dhcp[29278]: read /var/lib/neutron/dhcp/83113090-eafa-40d9-b03c-6428fd29f8f4/host
Aug 27 14:39:34 gtw01 dnsmasq-dhcp[29278]: read /var/lib/neutron/dhcp/83113090-eafa-40d9-b03c-6428fd29f8f4/opts
Aug 27 14:39:35 gtw01 dnsmasq[29278]: read /var/lib/neutron/dhcp/83113090-eafa-40d9-b03c-6428fd29f8f4/addn_hosts - 3 addresses
Aug 27 14:39:35 gtw01 dnsmasq-dhcp[29278]: read /var/lib/neutron/dhcp/83113090-eafa-40d9-b03c-6428fd29f8f4/host
Aug 27 14:39:35 gtw01 dnsmasq-dhcp[29278]: read /var/lib/neutron/dhcp/83113090-eafa-40d9-b03c-6428fd29f8f4/opts
Aug 27 14:39:36 gtw01 dnsmasq[29278]: read /var/lib/neutron/dhcp/83113090-eafa-40d9-b03c-6428fd29f8f4/addn_hosts - 3 addresses
Aug 27 14:39:36 gtw01 dnsmasq-dhcp[29278]: read /var/lib/neutron/dhcp/83113090-eafa-40d9-b03c-6428fd29f8f4/host
Aug 27 14:39:36 gtw01 dnsmasq-dhcp[29278]: read /var/lib/neutron/dhcp/83113090-eafa-40d9-b03c-6428fd29f8f4/opts
Aug 27 14:39:36 gtw01 dnsmasq[28085]: read /var/lib/neutron/dhcp/66db1d17-7f4d-45d2-be75-f291eb507e7e/addn_hosts - 2 addresses
Aug 27 14:39:36 gtw01 dnsmasq-dhcp[28085]: read /var/lib/neutron/dhcp/66db1d17-7f4d-45d2-be75-f291eb507e7e/host
Aug 27 14:39:36 gtw01 dnsmasq-dhcp[28085]: read /var/lib/neutron/dhcp/66db1d17-7f4d-45d2-be75-f291eb507e7e/opts
Aug 27 14:39:38 gtw01 systemd-udevd[29902]: link_config: autonegotiation is unset or enabled, the speed and duplex are not writable.
Aug 27 14:39:38 gtw01 systemd-udevd[29902]: Could not generate persistent MAC address for vxlan_sys_4789: No such file or directory
Aug 27 14:39:38 gtw01 kernel: [ 5245.715214] device vxlan_sys_4789 entered promiscuous mode
Aug 27 14:39:38 gtw01 systemd-udevd[29934]: link_config: autonegotiation is unset or enabled, the speed and duplex are not writable.
Aug 27 14:39:38 gtw01 systemd-udevd[29934]: Could not generate persistent MAC address for tap7d99277b-e8: No such file or directory
Aug 27 14:39:38 gtw01 kernel: [ 5245.748428] device tap7d99277b-e8 entered promiscuous mode
Aug 27 14:39:38 gtw01 systemd-udevd[29934]: Process '/sbin/ip link set tap7d99277b-e8 txqueuelen 10000' failed with exit code 1.
Aug 27 14:39:38 gtw01 systemd-udevd[30004]: Process '/sbin/ip link set tap7d99277b-e8 txqueuelen 10000' failed with exit code 1.
Aug 27 14:39:41 gtw01 dnsmasq[30140]: started, version 2.79 cachesize 150
Aug 27 14:39:41 gtw01 dnsmasq[30140]: DNS service limited to local subnets
Aug 27 14:39:41 gtw01 dnsmasq[30140]: compile time options: IPv6 GNU-getopt DBus i18n IDN DHCP DHCPv6 no-Lua TFTP conntrack ipset auth DNSSEC loop-detect inotify
Aug 27 14:39:41 gtw01 dnsmasq[30140]: warning: no upstream servers configured
Aug 27 14:39:41 gtw01 dnsmasq-dhcp[30140]: DHCP, static leases only on 192.168.120.0, lease time 1h
Aug 27 14:39:41 gtw01 dnsmasq[30140]: read /var/lib/neutron/dhcp/fc2e55fc-4668-4b32-a910-ba1092a22ea0/addn_hosts - 1 addresses
Aug 27 14:39:41 gtw01 dnsmasq-dhcp[30140]: read /var/lib/neutron/dhcp/fc2e55fc-4668-4b32-a910-ba1092a22ea0/host
Aug 27 14:39:41 gtw01 dnsmasq-dhcp[30140]: read /var/lib/neutron/dhcp/fc2e55fc-4668-4b32-a910-ba1092a22ea0/opts
Aug 27 14:39:42 gtw01 kernel: [ 5249.835014] device tap7d99277b-e8 left promiscuous mode
Aug 27 14:39:45 gtw01 kernel: [ 5252.245625] device tape3f827ca-80 entered promiscuous mode
Aug 27 14:39:45 gtw01 systemd-udevd[30248]: link_config: autonegotiation is unset or enabled, the speed and duplex are not writable.
Aug 27 14:39:45 gtw01 systemd-udevd[30248]: Could not generate persistent MAC address for tape3f827ca-80: No such file or directory
Aug 27 14:39:45 gtw01 systemd-udevd[30248]: Process '/sbin/ip link set tape3f827ca-80 txqueuelen 10000' failed with exit code 1.
Aug 27 14:39:45 gtw01 systemd-udevd[30324]: Process '/sbin/ip link set tape3f827ca-80 txqueuelen 10000' failed with exit code 1.
Aug 27 14:39:45 gtw01 systemd-udevd[30358]: link_config: autonegotiation is unset or enabled, the speed and duplex are not writable.
Aug 27 14:39:45 gtw01 systemd-udevd[30358]: Could not generate persistent MAC address for tap2baacc3a-e9: No such file or directory
Aug 27 14:39:45 gtw01 kernel: [ 5252.860789] device tap2baacc3a-e9 entered promiscuous mode
Aug 27 14:39:45 gtw01 systemd-udevd[30358]: Process '/sbin/ip link set tap2baacc3a-e9 txqueuelen 10000' failed with exit code 1.
Aug 27 14:39:45 gtw01 systemd-udevd[30358]: Process '/sbin/ip link set tap2baacc3a-e9 txqueuelen 10000' failed with exit code 1.
Aug 27 14:39:46 gtw01 systemd-udevd[30448]: link_config: autonegotiation is unset or enabled, the speed and duplex are not writable.
Aug 27 14:39:46 gtw01 systemd-udevd[30448]: Could not generate persistent MAC address for tapcbb6274d-87: No such file or directory
Aug 27 14:39:46 gtw01 kernel: [ 5253.069279] device tapcbb6274d-87 entered promiscuous mode
Aug 27 14:39:46 gtw01 systemd-udevd[30448]: Process '/sbin/ip link set tapcbb6274d-87 txqueuelen 10000' failed with exit code 1.
Aug 27 14:39:46 gtw01 systemd-udevd[30448]: Process '/sbin/ip link set tapcbb6274d-87 txqueuelen 10000' failed with exit code 1.
Aug 27 14:39:48 gtw01 systemd-udevd[30669]: link_config: autonegotiation is unset or enabled, the speed and duplex are not writable.
Aug 27 14:39:48 gtw01 systemd-udevd[30669]: Could not generate persistent MAC address for qg-5a8c99a1-c5: No such file or directory
Aug 27 14:39:48 gtw01 kernel: [ 5255.410840] device qg-5a8c99a1-c5 entered promiscuous mode
Aug 27 14:39:48 gtw01 dnsmasq[30775]: started, version 2.79 cachesize 150
Aug 27 14:39:48 gtw01 dnsmasq[30775]: DNS service limited to local subnets
Aug 27 14:39:48 gtw01 dnsmasq[30775]: compile time options: IPv6 GNU-getopt DBus i18n IDN DHCP DHCPv6 no-Lua TFTP conntrack ipset auth DNSSEC loop-detect inotify
Aug 27 14:39:48 gtw01 dnsmasq[30775]: warning: no upstream servers configured
Aug 27 14:39:48 gtw01 dnsmasq-dhcp[30775]: DHCP, static leases only on 192.168.120.0, lease time 1h
Aug 27 14:39:48 gtw01 dnsmasq[30775]: read /var/lib/neutron/dhcp/6b36077b-b370-4ab6-95f8-1894ee84215c/addn_hosts - 1 addresses
Aug 27 14:39:48 gtw01 dnsmasq-dhcp[30775]: read /var/lib/neutron/dhcp/6b36077b-b370-4ab6-95f8-1894ee84215c/host
Aug 27 14:39:48 gtw01 dnsmasq-dhcp[30775]: read /var/lib/neutron/dhcp/6b36077b-b370-4ab6-95f8-1894ee84215c/opts
Aug 27 14:39:49 gtw01 dnsmasq-dhcp[29278]: DHCPDISCOVER(tap0b028321-ee) fa:16:3e:4b:23:9e
Aug 27 14:39:49 gtw01 dnsmasq-dhcp[29278]: DHCPOFFER(tap0b028321-ee) 192.168.120.10 fa:16:3e:4b:23:9e
Aug 27 14:39:49 gtw01 dnsmasq-dhcp[29278]: DHCPREQUEST(tap0b028321-ee) 192.168.120.10 fa:16:3e:4b:23:9e
Aug 27 14:39:49 gtw01 dnsmasq-dhcp[29278]: DHCPACK(tap0b028321-ee) 192.168.120.10 fa:16:3e:4b:23:9e host-192-168-120-10
Aug 27 14:39:49 gtw01 systemd-udevd[30848]: link_config: autonegotiation is unset or enabled, the speed and duplex are not writable.
Aug 27 14:39:49 gtw01 systemd-udevd[30848]: Could not generate persistent MAC address for tap56aacf26-a3: No such file or directory
Aug 27 14:39:49 gtw01 kernel: [ 5256.931018] device tap56aacf26-a3 entered promiscuous mode
Aug 27 14:39:50 gtw01 dnsmasq[30923]: started, version 2.79 cachesize 150
Aug 27 14:39:50 gtw01 dnsmasq[30923]: DNS service limited to local subnets
Aug 27 14:39:50 gtw01 dnsmasq[30923]: compile time options: IPv6 GNU-getopt DBus i18n IDN DHCP DHCPv6 no-Lua TFTP conntrack ipset auth DNSSEC loop-detect inotify
Aug 27 14:39:50 gtw01 dnsmasq[30923]: warning: no upstream servers configured
Aug 27 14:39:50 gtw01 dnsmasq-dhcp[30923]: DHCP, static leases only on 192.168.121.0, lease time 1h
Aug 27 14:39:50 gtw01 dnsmasq[30923]: read /var/lib/neutron/dhcp/8ca9322c-e05a-47fd-b7f3-d03e9e65b912/addn_hosts - 1 addresses
Aug 27 14:39:50 gtw01 dnsmasq-dhcp[30923]: read /var/lib/neutron/dhcp/8ca9322c-e05a-47fd-b7f3-d03e9e65b912/host
Aug 27 14:39:50 gtw01 dnsmasq-dhcp[30923]: read /var/lib/neutron/dhcp/8ca9322c-e05a-47fd-b7f3-d03e9e65b912/opts
Aug 27 14:39:50 gtw01 systemd-udevd[30925]: Process '/sbin/ip link set tap56aacf26-a3 txqueuelen 10000' failed with exit code 1.
Aug 27 14:39:50 gtw01 dnsmasq[30775]: read /var/lib/neutron/dhcp/6b36077b-b370-4ab6-95f8-1894ee84215c/addn_hosts - 2 addresses
Aug 27 14:39:50 gtw01 dnsmasq-dhcp[30775]: read /var/lib/neutron/dhcp/6b36077b-b370-4ab6-95f8-1894ee84215c/host
Aug 27 14:39:50 gtw01 dnsmasq-dhcp[30775]: read /var/lib/neutron/dhcp/6b36077b-b370-4ab6-95f8-1894ee84215c/opts
Aug 27 14:39:50 gtw01 dnsmasq[30953]: started, version 2.79 cachesize 150
Aug 27 14:39:50 gtw01 dnsmasq[30953]: DNS service limited to local subnets
Aug 27 14:39:50 gtw01 dnsmasq[30953]: compile time options: IPv6 GNU-getopt DBus i18n IDN DHCP DHCPv6 no-Lua TFTP conntrack ipset auth DNSSEC loop-detect inotify
Aug 27 14:39:50 gtw01 dnsmasq[30953]: warning: no upstream servers configured
Aug 27 14:39:50 gtw01 dnsmasq-dhcp[30953]: DHCP, static leases only on 192.168.120.0, lease time 1h
Aug 27 14:39:50 gtw01 dnsmasq[30953]: read /var/lib/neutron/dhcp/a8066b66-0b65-4fdb-9391-c80f2e85cee7/addn_hosts - 1 addresses
Aug 27 14:39:50 gtw01 dnsmasq-dhcp[30953]: read /var/lib/neutron/dhcp/a8066b66-0b65-4fdb-9391-c80f2e85cee7/host
Aug 27 14:39:50 gtw01 dnsmasq-dhcp[30953]: read /var/lib/neutron/dhcp/a8066b66-0b65-4fdb-9391-c80f2e85cee7/opts
Aug 27 14:39:51 gtw01 dnsmasq[30923]: read /var/lib/neutron/dhcp/8ca9322c-e05a-47fd-b7f3-d03e9e65b912/addn_hosts - 2 addresses
Aug 27 14:39:51 gtw01 dnsmasq-dhcp[30923]: read /var/lib/neutron/dhcp/8ca9322c-e05a-47fd-b7f3-d03e9e65b912/host
Aug 27 14:39:51 gtw01 dnsmasq-dhcp[30923]: read /var/lib/neutron/dhcp/8ca9322c-e05a-47fd-b7f3-d03e9e65b912/opts
Aug 27 14:39:51 gtw01 dnsmasq[30953]: read /var/lib/neutron/dhcp/a8066b66-0b65-4fdb-9391-c80f2e85cee7/addn_hosts - 2 addresses
Aug 27 14:39:51 gtw01 dnsmasq-dhcp[30953]: read /var/lib/neutron/dhcp/a8066b66-0b65-4fdb-9391-c80f2e85cee7/host
Aug 27 14:39:51 gtw01 dnsmasq-dhcp[30953]: read /var/lib/neutron/dhcp/a8066b66-0b65-4fdb-9391-c80f2e85cee7/opts
Aug 27 14:39:51 gtw01 dnsmasq[30775]: read /var/lib/neutron/dhcp/6b36077b-b370-4ab6-95f8-1894ee84215c/addn_hosts - 2 addresses
Aug 27 14:39:51 gtw01 dnsmasq-dhcp[30775]: read /var/lib/neutron/dhcp/6b36077b-b370-4ab6-95f8-1894ee84215c/host
Aug 27 14:39:51 gtw01 dnsmasq-dhcp[30775]: read /var/lib/neutron/dhcp/6b36077b-b370-4ab6-95f8-1894ee84215c/opts
Aug 27 14:39:53 gtw01 dnsmasq[30923]: read /var/lib/neutron/dhcp/8ca9322c-e05a-47fd-b7f3-d03e9e65b912/addn_hosts - 2 addresses
Aug 27 14:39:53 gtw01 dnsmasq-dhcp[30923]: read /var/lib/neutron/dhcp/8ca9322c-e05a-47fd-b7f3-d03e9e65b912/host
Aug 27 14:39:53 gtw01 dnsmasq-dhcp[30923]: read /var/lib/neutron/dhcp/8ca9322c-e05a-47fd-b7f3-d03e9e65b912/opts
Aug 27 14:39:53 gtw01 dnsmasq[30775]: read /var/lib/neutron/dhcp/6b36077b-b370-4ab6-95f8-1894ee84215c/addn_hosts - 2 addresses
Aug 27 14:39:53 gtw01 dnsmasq-dhcp[30775]: read /var/lib/neutron/dhcp/6b36077b-b370-4ab6-95f8-1894ee84215c/host
Aug 27 14:39:53 gtw01 dnsmasq-dhcp[30775]: read /var/lib/neutron/dhcp/6b36077b-b370-4ab6-95f8-1894ee84215c/opts
Aug 27 14:39:53 gtw01 dnsmasq[30953]: read /var/lib/neutron/dhcp/a8066b66-0b65-4fdb-9391-c80f2e85cee7/addn_hosts - 2 addresses
Aug 27 14:39:53 gtw01 dnsmasq-dhcp[30953]: read /var/lib/neutron/dhcp/a8066b66-0b65-4fdb-9391-c80f2e85cee7/host
Aug 27 14:39:53 gtw01 dnsmasq-dhcp[30953]: read /var/lib/neutron/dhcp/a8066b66-0b65-4fdb-9391-c80f2e85cee7/opts
Aug 27 14:39:53 gtw01 dnsmasq[31174]: started, version 2.79 cachesize 150
Aug 27 14:39:53 gtw01 dnsmasq[31174]: DNS service limited to local subnets
Aug 27 14:39:53 gtw01 dnsmasq[31174]: compile time options: IPv6 GNU-getopt DBus i18n IDN DHCP DHCPv6 no-Lua TFTP conntrack ipset auth DNSSEC loop-detect inotify
Aug 27 14:39:53 gtw01 dnsmasq[31174]: warning: no upstream servers configured
Aug 27 14:39:53 gtw01 dnsmasq-dhcp[31174]: DHCP, static leases only on 192.168.120.0, lease time 1h
Aug 27 14:39:53 gtw01 dnsmasq[31174]: read /var/lib/neutron/dhcp/a01e67a2-20ab-4e3f-846c-4eb7348f362a/addn_hosts - 1 addresses
Aug 27 14:39:53 gtw01 dnsmasq-dhcp[31174]: read /var/lib/neutron/dhcp/a01e67a2-20ab-4e3f-846c-4eb7348f362a/host
Aug 27 14:39:53 gtw01 dnsmasq-dhcp[31174]: read /var/lib/neutron/dhcp/a01e67a2-20ab-4e3f-846c-4eb7348f362a/opts
Aug 27 14:39:54 gtw01 dnsmasq[30923]: read /var/lib/neutron/dhcp/8ca9322c-e05a-47fd-b7f3-d03e9e65b912/addn_hosts - 2 addresses
Aug 27 14:39:54 gtw01 dnsmasq-dhcp[30923]: read /var/lib/neutron/dhcp/8ca9322c-e05a-47fd-b7f3-d03e9e65b912/host
Aug 27 14:39:54 gtw01 dnsmasq-dhcp[30923]: read /var/lib/neutron/dhcp/8ca9322c-e05a-47fd-b7f3-d03e9e65b912/opts
Aug 27 14:39:54 gtw01 dnsmasq[30775]: read /var/lib/neutron/dhcp/6b36077b-b370-4ab6-95f8-1894ee84215c/addn_hosts - 2 addresses
Aug 27 14:39:54 gtw01 dnsmasq-dhcp[30775]: read /var/lib/neutron/dhcp/6b36077b-b370-4ab6-95f8-1894ee84215c/host
Aug 27 14:39:54 gtw01 dnsmasq-dhcp[30775]: read /var/lib/neutron/dhcp/6b36077b-b370-4ab6-95f8-1894ee84215c/opts
Aug 27 14:39:54 gtw01 dnsmasq[30953]: read /var/lib/neutron/dhcp/a8066b66-0b65-4fdb-9391-c80f2e85cee7/addn_hosts - 2 addresses
Aug 27 14:39:54 gtw01 dnsmasq-dhcp[30953]: read /var/lib/neutron/dhcp/a8066b66-0b65-4fdb-9391-c80f2e85cee7/host
Aug 27 14:39:54 gtw01 dnsmasq-dhcp[30953]: read /var/lib/neutron/dhcp/a8066b66-0b65-4fdb-9391-c80f2e85cee7/opts
Aug 27 14:39:55 gtw01 dnsmasq[31174]: read /var/lib/neutron/dhcp/a01e67a2-20ab-4e3f-846c-4eb7348f362a/addn_hosts - 1 addresses
Aug 27 14:39:55 gtw01 dnsmasq-dhcp[31174]: read /var/lib/neutron/dhcp/a01e67a2-20ab-4e3f-846c-4eb7348f362a/host
Aug 27 14:39:55 gtw01 dnsmasq-dhcp[31174]: read /var/lib/neutron/dhcp/a01e67a2-20ab-4e3f-846c-4eb7348f362a/opts
Aug 27 14:39:55 gtw01 dnsmasq[30923]: read /var/lib/neutron/dhcp/8ca9322c-e05a-47fd-b7f3-d03e9e65b912/addn_hosts - 2 addresses
Aug 27 14:39:55 gtw01 dnsmasq-dhcp[30923]: read /var/lib/neutron/dhcp/8ca9322c-e05a-47fd-b7f3-d03e9e65b912/host
Aug 27 14:39:55 gtw01 dnsmasq-dhcp[30923]: read /var/lib/neutron/dhcp/8ca9322c-e05a-47fd-b7f3-d03e9e65b912/opts
Aug 27 14:39:55 gtw01 dnsmasq[30775]: read /var/lib/neutron/dhcp/6b36077b-b370-4ab6-95f8-1894ee84215c/addn_hosts - 2 addresses
