Aug 27 13:56:26 gtw01 dnsmasq[27023]: started, version 2.79 cachesize 150
Aug 27 13:56:26 gtw01 dnsmasq[27023]: DNS service limited to local subnets
Aug 27 13:56:26 gtw01 dnsmasq[27023]: compile time options: IPv6 GNU-getopt DBus i18n IDN DHCP DHCPv6 no-Lua TFTP conntrack ipset auth DNSSEC loop-detect inotify
Aug 27 13:56:26 gtw01 dnsmasq[27023]: warning: no upstream servers configured
Aug 27 13:56:26 gtw01 dnsmasq-dhcp[27023]: DHCPv6, static leases only on 2003:0:0:1::, lease time 1h
Aug 27 13:56:26 gtw01 dnsmasq[27023]: read /var/lib/neutron/dhcp/08e73a79-746b-4012-adb6-c70d801f8448/addn_hosts - 1 addresses
Aug 27 13:56:26 gtw01 dnsmasq-dhcp[27023]: read /var/lib/neutron/dhcp/08e73a79-746b-4012-adb6-c70d801f8448/host
Aug 27 13:56:26 gtw01 dnsmasq-dhcp[27023]: read /var/lib/neutron/dhcp/08e73a79-746b-4012-adb6-c70d801f8448/opts
Aug 27 13:56:26 gtw01 kernel: [ 2653.326862] device tapfa9d1d66-82 left promiscuous mode
Aug 27 13:56:29 gtw01 dnsmasq[20411]: read /var/lib/neutron/dhcp/e58ee964-38d9-4281-9462-fc18933b8252/addn_hosts - 3 addresses
Aug 27 13:56:29 gtw01 dnsmasq-dhcp[20411]: read /var/lib/neutron/dhcp/e58ee964-38d9-4281-9462-fc18933b8252/host
Aug 27 13:56:29 gtw01 dnsmasq-dhcp[20411]: read /var/lib/neutron/dhcp/e58ee964-38d9-4281-9462-fc18933b8252/opts
Aug 27 13:56:30 gtw01 dnsmasq[20411]: read /var/lib/neutron/dhcp/e58ee964-38d9-4281-9462-fc18933b8252/addn_hosts - 3 addresses
Aug 27 13:56:30 gtw01 dnsmasq-dhcp[20411]: read /var/lib/neutron/dhcp/e58ee964-38d9-4281-9462-fc18933b8252/host
Aug 27 13:56:30 gtw01 dnsmasq-dhcp[20411]: read /var/lib/neutron/dhcp/e58ee964-38d9-4281-9462-fc18933b8252/opts
Aug 27 13:56:31 gtw01 dnsmasq[20411]: read /var/lib/neutron/dhcp/e58ee964-38d9-4281-9462-fc18933b8252/addn_hosts - 3 addresses
Aug 27 13:56:31 gtw01 dnsmasq-dhcp[20411]: read /var/lib/neutron/dhcp/e58ee964-38d9-4281-9462-fc18933b8252/host
Aug 27 13:56:31 gtw01 dnsmasq-dhcp[20411]: read /var/lib/neutron/dhcp/e58ee964-38d9-4281-9462-fc18933b8252/opts
Aug 27 13:56:32 gtw01 kernel: [ 2659.182158] device tap9c407905-77 entered promiscuous mode
Aug 27 13:56:32 gtw01 systemd-udevd[27139]: link_config: autonegotiation is unset or enabled, the speed and duplex are not writable.
Aug 27 13:56:32 gtw01 systemd-udevd[27139]: Could not generate persistent MAC address for tap9c407905-77: No such file or directory
Aug 27 13:56:32 gtw01 systemd-udevd[27139]: Process '/sbin/ip link set tap9c407905-77 txqueuelen 10000' failed with exit code 1.
Aug 27 13:56:32 gtw01 systemd-udevd[27213]: Process '/sbin/ip link set tap9c407905-77 txqueuelen 10000' failed with exit code 1.
Aug 27 13:56:34 gtw01 kernel: [ 2661.311423] device vxlan_sys_4789 entered promiscuous mode
Aug 27 13:56:34 gtw01 systemd-udevd[27272]: link_config: autonegotiation is unset or enabled, the speed and duplex are not writable.
Aug 27 13:56:34 gtw01 systemd-udevd[27272]: Could not generate persistent MAC address for vxlan_sys_4789: No such file or directory
Aug 27 13:56:35 gtw01 dnsmasq[27363]: started, version 2.79 cachesize 150
Aug 27 13:56:35 gtw01 dnsmasq[27363]: DNS service limited to local subnets
Aug 27 13:56:35 gtw01 dnsmasq[27363]: compile time options: IPv6 GNU-getopt DBus i18n IDN DHCP DHCPv6 no-Lua TFTP conntrack ipset auth DNSSEC loop-detect inotify
Aug 27 13:56:35 gtw01 dnsmasq[27363]: warning: no upstream servers configured
Aug 27 13:56:35 gtw01 dnsmasq-dhcp[27363]: DHCPv6, static leases only on 2003::, lease time 1h
Aug 27 13:56:35 gtw01 dnsmasq[27363]: read /var/lib/neutron/dhcp/db21a56a-0fab-4b8f-b517-cdc94bd44205/addn_hosts - 1 addresses
Aug 27 13:56:35 gtw01 dnsmasq-dhcp[27363]: read /var/lib/neutron/dhcp/db21a56a-0fab-4b8f-b517-cdc94bd44205/host
Aug 27 13:56:35 gtw01 dnsmasq-dhcp[27363]: read /var/lib/neutron/dhcp/db21a56a-0fab-4b8f-b517-cdc94bd44205/opts
Aug 27 13:56:35 gtw01 kernel: [ 2662.829778] device tap9c407905-77 left promiscuous mode
Aug 27 13:56:38 gtw01 kernel: [ 2665.404794] device vxlan_sys_4789 left promiscuous mode
Aug 27 13:56:38 gtw01 ovs-vswitchd: ovs|00018|netdev_tc_offloads(revalidator32)|ERR|dump_create: failed to get ifindex for vxlan-0a010005: No such device
Aug 27 13:56:38 gtw01 dnsmasq[20411]: read /var/lib/neutron/dhcp/e58ee964-38d9-4281-9462-fc18933b8252/addn_hosts - 2 addresses
Aug 27 13:56:38 gtw01 dnsmasq-dhcp[20411]: read /var/lib/neutron/dhcp/e58ee964-38d9-4281-9462-fc18933b8252/host
Aug 27 13:56:38 gtw01 dnsmasq-dhcp[20411]: read /var/lib/neutron/dhcp/e58ee964-38d9-4281-9462-fc18933b8252/opts
Aug 27 13:56:39 gtw01 systemd-udevd[27429]: link_config: autonegotiation is unset or enabled, the speed and duplex are not writable.
Aug 27 13:56:39 gtw01 systemd-udevd[27429]: Could not generate persistent MAC address for tap8d4901c7-7d: No such file or directory
Aug 27 13:56:39 gtw01 kernel: [ 2666.099284] device tap8d4901c7-7d entered promiscuous mode
Aug 27 13:56:39 gtw01 systemd-udevd[27429]: Process '/sbin/ip link set tap8d4901c7-7d txqueuelen 10000' failed with exit code 1.
Aug 27 13:56:39 gtw01 systemd-udevd[27508]: Process '/sbin/ip link set tap8d4901c7-7d txqueuelen 10000' failed with exit code 1.
Aug 27 13:56:42 gtw01 dnsmasq[27579]: started, version 2.79 cachesize 150
Aug 27 13:56:42 gtw01 dnsmasq[27579]: DNS service limited to local subnets
Aug 27 13:56:42 gtw01 dnsmasq[27579]: compile time options: IPv6 GNU-getopt DBus i18n IDN DHCP DHCPv6 no-Lua TFTP conntrack ipset auth DNSSEC loop-detect inotify
Aug 27 13:56:42 gtw01 dnsmasq[27579]: warning: no upstream servers configured
Aug 27 13:56:42 gtw01 dnsmasq-dhcp[27579]: DHCPv6, static leases only on 2003::, lease time 1h
Aug 27 13:56:42 gtw01 dnsmasq[27579]: read /var/lib/neutron/dhcp/308905fa-1d32-4b31-9eac-f650b2be56a7/addn_hosts - 1 addresses
Aug 27 13:56:42 gtw01 dnsmasq-dhcp[27579]: read /var/lib/neutron/dhcp/308905fa-1d32-4b31-9eac-f650b2be56a7/host
Aug 27 13:56:42 gtw01 dnsmasq-dhcp[27579]: read /var/lib/neutron/dhcp/308905fa-1d32-4b31-9eac-f650b2be56a7/opts
Aug 27 13:56:42 gtw01 kernel: [ 2669.451757] device tap8d4901c7-7d left promiscuous mode
Aug 27 13:56:44 gtw01 kernel: [ 2671.583250] device tap48e51d81-05 entered promiscuous mode
Aug 27 13:56:44 gtw01 systemd-udevd[27627]: link_config: autonegotiation is unset or enabled, the speed and duplex are not writable.
Aug 27 13:56:44 gtw01 systemd-udevd[27627]: Could not generate persistent MAC address for tap48e51d81-05: No such file or directory
Aug 27 13:56:44 gtw01 systemd-udevd[27627]: Process '/sbin/ip link set tap48e51d81-05 txqueuelen 10000' failed with exit code 1.
Aug 27 13:56:44 gtw01 systemd-udevd[27627]: Process '/sbin/ip link set tap48e51d81-05 txqueuelen 10000' failed with exit code 1.
Aug 27 13:56:47 gtw01 dnsmasq[27787]: started, version 2.79 cachesize 150
Aug 27 13:56:47 gtw01 dnsmasq[27787]: DNS service limited to local subnets
Aug 27 13:56:47 gtw01 dnsmasq[27787]: compile time options: IPv6 GNU-getopt DBus i18n IDN DHCP DHCPv6 no-Lua TFTP conntrack ipset auth DNSSEC loop-detect inotify
Aug 27 13:56:47 gtw01 dnsmasq[27787]: warning: no upstream servers configured
Aug 27 13:56:47 gtw01 dnsmasq-dhcp[27787]: DHCP, static leases only on 192.168.120.16, lease time 1h
Aug 27 13:56:47 gtw01 dnsmasq[27787]: read /var/lib/neutron/dhcp/f1c2173c-ec22-4a4a-b1e4-86bb3390f3c2/addn_hosts - 1 addresses
Aug 27 13:56:47 gtw01 dnsmasq-dhcp[27787]: read /var/lib/neutron/dhcp/f1c2173c-ec22-4a4a-b1e4-86bb3390f3c2/host
Aug 27 13:56:47 gtw01 dnsmasq-dhcp[27787]: read /var/lib/neutron/dhcp/f1c2173c-ec22-4a4a-b1e4-86bb3390f3c2/opts
Aug 27 13:56:48 gtw01 kernel: [ 2675.447330] device tap48e51d81-05 left promiscuous mode
Aug 27 13:56:52 gtw01 systemd-udevd[27837]: link_config: autonegotiation is unset or enabled, the speed and duplex are not writable.
Aug 27 13:56:52 gtw01 systemd-udevd[27837]: Could not generate persistent MAC address for tapae0338e0-3f: No such file or directory
Aug 27 13:56:52 gtw01 kernel: [ 2679.582146] device tapae0338e0-3f entered promiscuous mode
Aug 27 13:56:52 gtw01 systemd-udevd[27837]: Process '/sbin/ip link set tapae0338e0-3f txqueuelen 10000' failed with exit code 1.
Aug 27 13:56:52 gtw01 systemd-udevd[27837]: Process '/sbin/ip link set tapae0338e0-3f txqueuelen 10000' failed with exit code 1.
Aug 27 13:56:53 gtw01 kernel: [ 2680.712009] device tap16b6566d-7a entered promiscuous mode
Aug 27 13:56:53 gtw01 systemd-udevd[27960]: link_config: autonegotiation is unset or enabled, the speed and duplex are not writable.
Aug 27 13:56:53 gtw01 systemd-udevd[27960]: Could not generate persistent MAC address for tap16b6566d-7a: No such file or directory
Aug 27 13:56:53 gtw01 systemd-udevd[27960]: Process '/sbin/ip link set tap16b6566d-7a txqueuelen 10000' failed with exit code 1.
Aug 27 13:56:53 gtw01 systemd-udevd[27960]: Process '/sbin/ip link set tap16b6566d-7a txqueuelen 10000' failed with exit code 1.
Aug 27 13:56:56 gtw01 dnsmasq[28142]: started, version 2.79 cachesize 150
Aug 27 13:56:56 gtw01 dnsmasq[28142]: DNS service limited to local subnets
Aug 27 13:56:56 gtw01 dnsmasq[28142]: compile time options: IPv6 GNU-getopt DBus i18n IDN DHCP DHCPv6 no-Lua TFTP conntrack ipset auth DNSSEC loop-detect inotify
Aug 27 13:56:56 gtw01 dnsmasq[28142]: warning: no upstream servers configured
Aug 27 13:56:56 gtw01 dnsmasq-dhcp[28142]: DHCPv6, static leases only on 2003::, lease time 1h
Aug 27 13:56:56 gtw01 dnsmasq[28142]: read /var/lib/neutron/dhcp/428e62c1-1d50-4584-91bb-3da35adc65db/addn_hosts - 1 addresses
Aug 27 13:56:56 gtw01 dnsmasq-dhcp[28142]: read /var/lib/neutron/dhcp/428e62c1-1d50-4584-91bb-3da35adc65db/host
Aug 27 13:56:56 gtw01 dnsmasq-dhcp[28142]: read /var/lib/neutron/dhcp/428e62c1-1d50-4584-91bb-3da35adc65db/opts
Aug 27 13:56:56 gtw01 kernel: [ 2683.566993] device tapcc0ce63e-cc entered promiscuous mode
Aug 27 13:56:56 gtw01 systemd-udevd[28165]: link_config: autonegotiation is unset or enabled, the speed and duplex are not writable.
Aug 27 13:56:56 gtw01 systemd-udevd[28165]: Could not generate persistent MAC address for tapcc0ce63e-cc: No such file or directory
Aug 27 13:56:56 gtw01 systemd-udevd[28165]: Process '/sbin/ip link set tapcc0ce63e-cc txqueuelen 10000' failed with exit code 1.
Aug 27 13:56:56 gtw01 systemd-udevd[28165]: Process '/sbin/ip link set tapcc0ce63e-cc txqueuelen 10000' failed with exit code 1.
Aug 27 13:56:56 gtw01 dnsmasq[28142]: read /var/lib/neutron/dhcp/428e62c1-1d50-4584-91bb-3da35adc65db/addn_hosts - 2 addresses
Aug 27 13:56:56 gtw01 dnsmasq-dhcp[28142]: read /var/lib/neutron/dhcp/428e62c1-1d50-4584-91bb-3da35adc65db/host
Aug 27 13:56:56 gtw01 dnsmasq-dhcp[28142]: read /var/lib/neutron/dhcp/428e62c1-1d50-4584-91bb-3da35adc65db/opts
Aug 27 13:56:57 gtw01 dnsmasq[28270]: started, version 2.79 cachesize 150
Aug 27 13:56:57 gtw01 dnsmasq[28270]: DNS service limited to local subnets
Aug 27 13:56:57 gtw01 dnsmasq[28270]: compile time options: IPv6 GNU-getopt DBus i18n IDN DHCP DHCPv6 no-Lua TFTP conntrack ipset auth DNSSEC loop-detect inotify
Aug 27 13:56:57 gtw01 dnsmasq[28270]: warning: no upstream servers configured
Aug 27 13:56:57 gtw01 dnsmasq-dhcp[28270]: DHCPv6, static leases only on 2003:0:1::, lease time 1h
Aug 27 13:56:57 gtw01 dnsmasq[28270]: read /var/lib/neutron/dhcp/43b51c76-beba-44df-b147-010bd1cfca8d/addn_hosts - 1 addresses
Aug 27 13:56:57 gtw01 dnsmasq-dhcp[28270]: read /var/lib/neutron/dhcp/43b51c76-beba-44df-b147-010bd1cfca8d/host
Aug 27 13:56:57 gtw01 dnsmasq-dhcp[28270]: read /var/lib/neutron/dhcp/43b51c76-beba-44df-b147-010bd1cfca8d/opts
Aug 27 13:56:57 gtw01 dnsmasq[28142]: read /var/lib/neutron/dhcp/428e62c1-1d50-4584-91bb-3da35adc65db/addn_hosts - 2 addresses
Aug 27 13:56:57 gtw01 dnsmasq-dhcp[28142]: read /var/lib/neutron/dhcp/428e62c1-1d50-4584-91bb-3da35adc65db/host
Aug 27 13:56:57 gtw01 dnsmasq-dhcp[28142]: read /var/lib/neutron/dhcp/428e62c1-1d50-4584-91bb-3da35adc65db/opts
Aug 27 13:56:57 gtw01 systemd-udevd[28318]: link_config: autonegotiation is unset or enabled, the speed and duplex are not writable.
Aug 27 13:56:57 gtw01 systemd-udevd[28318]: Could not generate persistent MAC address for tap33b5d84a-5f: No such file or directory
Aug 27 13:56:57 gtw01 kernel: [ 2684.785291] device tap33b5d84a-5f entered promiscuous mode
Aug 27 13:56:57 gtw01 systemd-udevd[28318]: Process '/sbin/ip link set tap33b5d84a-5f txqueuelen 10000' failed with exit code 1.
Aug 27 13:56:57 gtw01 systemd-udevd[28397]: Process '/sbin/ip link set tap33b5d84a-5f txqueuelen 10000' failed with exit code 1.
Aug 27 13:56:58 gtw01 dnsmasq[28270]: read /var/lib/neutron/dhcp/43b51c76-beba-44df-b147-010bd1cfca8d/addn_hosts - 2 addresses
Aug 27 13:56:58 gtw01 dnsmasq-dhcp[28270]: read /var/lib/neutron/dhcp/43b51c76-beba-44df-b147-010bd1cfca8d/host
Aug 27 13:56:58 gtw01 dnsmasq-dhcp[28270]: read /var/lib/neutron/dhcp/43b51c76-beba-44df-b147-010bd1cfca8d/opts
Aug 27 13:56:58 gtw01 dnsmasq[28142]: read /var/lib/neutron/dhcp/428e62c1-1d50-4584-91bb-3da35adc65db/addn_hosts - 2 addresses
Aug 27 13:56:58 gtw01 dnsmasq-dhcp[28142]: read /var/lib/neutron/dhcp/428e62c1-1d50-4584-91bb-3da35adc65db/host
Aug 27 13:56:58 gtw01 dnsmasq-dhcp[28142]: read /var/lib/neutron/dhcp/428e62c1-1d50-4584-91bb-3da35adc65db/opts
Aug 27 13:56:59 gtw01 dnsmasq[28270]: read /var/lib/neutron/dhcp/43b51c76-beba-44df-b147-010bd1cfca8d/addn_hosts - 2 addresses
Aug 27 13:56:59 gtw01 dnsmasq-dhcp[28270]: read /var/lib/neutron/dhcp/43b51c76-beba-44df-b147-010bd1cfca8d/host
Aug 27 13:56:59 gtw01 dnsmasq-dhcp[28270]: read /var/lib/neutron/dhcp/43b51c76-beba-44df-b147-010bd1cfca8d/opts
Aug 27 13:56:59 gtw01 dnsmasq[28142]: read /var/lib/neutron/dhcp/428e62c1-1d50-4584-91bb-3da35adc65db/addn_hosts - 2 addresses
Aug 27 13:56:59 gtw01 dnsmasq-dhcp[28142]: read /var/lib/neutron/dhcp/428e62c1-1d50-4584-91bb-3da35adc65db/host
Aug 27 13:56:59 gtw01 dnsmasq-dhcp[28142]: read /var/lib/neutron/dhcp/428e62c1-1d50-4584-91bb-3da35adc65db/opts
Aug 27 13:57:00 gtw01 dnsmasq[28530]: started, version 2.79 cachesize 150
Aug 27 13:57:00 gtw01 dnsmasq[28530]: DNS service limited to local subnets
Aug 27 13:57:00 gtw01 dnsmasq[28530]: compile time options: IPv6 GNU-getopt DBus i18n IDN DHCP DHCPv6 no-Lua TFTP conntrack ipset auth DNSSEC loop-detect inotify
Aug 27 13:57:00 gtw01 dnsmasq[28530]: warning: no upstream servers configured
Aug 27 13:57:00 gtw01 dnsmasq-dhcp[28530]: DHCP, static leases only on 192.168.120.0, lease time 1h
Aug 27 13:57:00 gtw01 dnsmasq[28530]: read /var/lib/neutron/dhcp/ac603693-36e7-4662-a4bb-34ec381a323a/addn_hosts - 1 addresses
Aug 27 13:57:00 gtw01 dnsmasq-dhcp[28530]: read /var/lib/neutron/dhcp/ac603693-36e7-4662-a4bb-34ec381a323a/host
Aug 27 13:57:00 gtw01 dnsmasq-dhcp[28530]: read /var/lib/neutron/dhcp/ac603693-36e7-4662-a4bb-34ec381a323a/opts
Aug 27 13:57:00 gtw01 dnsmasq[28270]: read /var/lib/neutron/dhcp/43b51c76-beba-44df-b147-010bd1cfca8d/addn_hosts - 2 addresses
Aug 27 13:57:00 gtw01 dnsmasq-dhcp[28270]: read /var/lib/neutron/dhcp/43b51c76-beba-44df-b147-010bd1cfca8d/host
Aug 27 13:57:00 gtw01 dnsmasq-dhcp[28270]: read /var/lib/neutron/dhcp/43b51c76-beba-44df-b147-010bd1cfca8d/opts
Aug 27 13:57:00 gtw01 dnsmasq[28142]: read /var/lib/neutron/dhcp/428e62c1-1d50-4584-91bb-3da35adc65db/addn_hosts - 2 addresses
Aug 27 13:57:00 gtw01 dnsmasq-dhcp[28142]: read /var/lib/neutron/dhcp/428e62c1-1d50-4584-91bb-3da35adc65db/host
Aug 27 13:57:00 gtw01 dnsmasq-dhcp[28142]: read /var/lib/neutron/dhcp/428e62c1-1d50-4584-91bb-3da35adc65db/opts
Aug 27 13:57:01 gtw01 dnsmasq[28530]: read /var/lib/neutron/dhcp/ac603693-36e7-4662-a4bb-34ec381a323a/addn_hosts - 2 addresses
Aug 27 13:57:01 gtw01 dnsmasq-dhcp[28530]: read /var/lib/neutron/dhcp/ac603693-36e7-4662-a4bb-34ec381a323a/host
Aug 27 13:57:01 gtw01 dnsmasq-dhcp[28530]: read /var/lib/neutron/dhcp/ac603693-36e7-4662-a4bb-34ec381a323a/opts
Aug 27 13:57:01 gtw01 dnsmasq[28270]: read /var/lib/neutron/dhcp/43b51c76-beba-44df-b147-010bd1cfca8d/addn_hosts - 2 addresses
Aug 27 13:57:01 gtw01 dnsmasq-dhcp[28270]: read /var/lib/neutron/dhcp/43b51c76-beba-44df-b147-010bd1cfca8d/host
Aug 27 13:57:01 gtw01 dnsmasq-dhcp[28270]: read /var/lib/neutron/dhcp/43b51c76-beba-44df-b147-010bd1cfca8d/opts
Aug 27 13:57:01 gtw01 dnsmasq[28630]: started, version 2.79 cachesize 150
Aug 27 13:57:01 gtw01 dnsmasq[28630]: DNS service limited to local subnets
Aug 27 13:57:01 gtw01 dnsmasq[28630]: compile time options: IPv6 GNU-getopt DBus i18n IDN DHCP DHCPv6 no-Lua TFTP conntrack ipset auth DNSSEC loop-detect inotify
Aug 27 13:57:01 gtw01 dnsmasq[28630]: warning: no upstream servers configured
Aug 27 13:57:01 gtw01 dnsmasq-dhcp[28630]: DHCP, static leases only on 192.168.121.0, lease time 1h
Aug 27 13:57:01 gtw01 dnsmasq[28630]: read /var/lib/neutron/dhcp/7c0bea3a-fc47-43ba-9233-c307c4d63bf9/addn_hosts - 1 addresses
Aug 27 13:57:01 gtw01 dnsmasq-dhcp[28630]: read /var/lib/neutron/dhcp/7c0bea3a-fc47-43ba-9233-c307c4d63bf9/host
Aug 27 13:57:01 gtw01 dnsmasq-dhcp[28630]: read /var/lib/neutron/dhcp/7c0bea3a-fc47-43ba-9233-c307c4d63bf9/opts
Aug 27 13:57:01 gtw01 dnsmasq[28142]: read /var/lib/neutron/dhcp/428e62c1-1d50-4584-91bb-3da35adc65db/addn_hosts - 1 addresses
Aug 27 13:57:01 gtw01 dnsmasq-dhcp[28142]: read /var/lib/neutron/dhcp/428e62c1-1d50-4584-91bb-3da35adc65db/host
Aug 27 13:57:01 gtw01 dnsmasq-dhcp[28142]: read /var/lib/neutron/dhcp/428e62c1-1d50-4584-91bb-3da35adc65db/opts
Aug 27 13:57:02 gtw01 dnsmasq[28270]: read /var/lib/neutron/dhcp/43b51c76-beba-44df-b147-010bd1cfca8d/addn_hosts - 2 addresses
Aug 27 13:57:02 gtw01 dnsmasq-dhcp[28270]: read /var/lib/neutron/dhcp/43b51c76-beba-44df-b147-010bd1cfca8d/host
Aug 27 13:57:02 gtw01 dnsmasq-dhcp[28270]: read /var/lib/neutron/dhcp/43b51c76-beba-44df-b147-010bd1cfca8d/opts
Aug 27 13:57:02 gtw01 dnsmasq[28530]: read /var/lib/neutron/dhcp/ac603693-36e7-4662-a4bb-34ec381a323a/addn_hosts - 2 addresses
Aug 27 13:57:02 gtw01 dnsmasq-dhcp[28530]: read /var/lib/neutron/dhcp/ac603693-36e7-4662-a4bb-34ec381a323a/host
Aug 27 13:57:02 gtw01 dnsmasq-dhcp[28530]: read /var/lib/neutron/dhcp/ac603693-36e7-4662-a4bb-34ec381a323a/opts
Aug 27 13:57:02 gtw01 dnsmasq[28630]: read /var/lib/neutron/dhcp/7c0bea3a-fc47-43ba-9233-c307c4d63bf9/addn_hosts - 2 addresses
Aug 27 13:57:02 gtw01 dnsmasq-dhcp[28630]: read /var/lib/neutron/dhcp/7c0bea3a-fc47-43ba-9233-c307c4d63bf9/host
Aug 27 13:57:02 gtw01 dnsmasq-dhcp[28630]: read /var/lib/neutron/dhcp/7c0bea3a-fc47-43ba-9233-c307c4d63bf9/opts
Aug 27 13:57:03 gtw01 dnsmasq[28270]: read /var/lib/neutron/dhcp/43b51c76-beba-44df-b147-010bd1cfca8d/addn_hosts - 1 addresses
Aug 27 13:57:03 gtw01 dnsmasq-dhcp[28270]: read /var/lib/neutron/dhcp/43b51c76-beba-44df-b147-010bd1cfca8d/host
Aug 27 13:57:03 gtw01 dnsmasq-dhcp[28270]: read /var/lib/neutron/dhcp/43b51c76-beba-44df-b147-010bd1cfca8d/opts
Aug 27 13:57:03 gtw01 dnsmasq[28530]: read /var/lib/neutron/dhcp/ac603693-36e7-4662-a4bb-34ec381a323a/addn_hosts - 2 addresses
Aug 27 13:57:03 gtw01 dnsmasq-dhcp[28530]: read /var/lib/neutron/dhcp/ac603693-36e7-4662-a4bb-34ec381a323a/host
Aug 27 13:57:03 gtw01 dnsmasq-dhcp[28530]: read /var/lib/neutron/dhcp/ac603693-36e7-4662-a4bb-34ec381a323a/opts
Aug 27 13:57:04 gtw01 dnsmasq[28630]: read /var/lib/neutron/dhcp/7c0bea3a-fc47-43ba-9233-c307c4d63bf9/addn_hosts - 2 addresses
Aug 27 13:57:04 gtw01 dnsmasq-dhcp[28630]: read /var/lib/neutron/dhcp/7c0bea3a-fc47-43ba-9233-c307c4d63bf9/host
Aug 27 13:57:04 gtw01 dnsmasq-dhcp[28630]: read /var/lib/neutron/dhcp/7c0bea3a-fc47-43ba-9233-c307c4d63bf9/opts
Aug 27 13:57:04 gtw01 dnsmasq[28530]: read /var/lib/neutron/dhcp/ac603693-36e7-4662-a4bb-34ec381a323a/addn_hosts - 2 addresses
Aug 27 13:57:04 gtw01 dnsmasq-dhcp[28530]: read /var/lib/neutron/dhcp/ac603693-36e7-4662-a4bb-34ec381a323a/host
Aug 27 13:57:04 gtw01 dnsmasq-dhcp[28530]: read /var/lib/neutron/dhcp/ac603693-36e7-4662-a4bb-34ec381a323a/opts
Aug 27 13:57:04 gtw01 kernel: [ 2691.807346] device tap16b6566d-7a left promiscuous mode
Aug 27 13:57:05 gtw01 dnsmasq[28630]: read /var/lib/neutron/dhcp/7c0bea3a-fc47-43ba-9233-c307c4d63bf9/addn_hosts - 2 addresses
Aug 27 13:57:05 gtw01 dnsmasq-dhcp[28630]: read /var/lib/neutron/dhcp/7c0bea3a-fc47-43ba-9233-c307c4d63bf9/host
Aug 27 13:57:05 gtw01 dnsmasq-dhcp[28630]: read /var/lib/neutron/dhcp/7c0bea3a-fc47-43ba-9233-c307c4d63bf9/opts
Aug 27 13:57:05 gtw01 dnsmasq[28530]: read /var/lib/neutron/dhcp/ac603693-36e7-4662-a4bb-34ec381a323a/addn_hosts - 2 addresses
Aug 27 13:57:05 gtw01 dnsmasq-dhcp[28530]: read /var/lib/neutron/dhcp/ac603693-36e7-4662-a4bb-34ec381a323a/host
Aug 27 13:57:05 gtw01 dnsmasq-dhcp[28530]: read /var/lib/neutron/dhcp/ac603693-36e7-4662-a4bb-34ec381a323a/opts
Aug 27 13:57:05 gtw01 dnsmasq[28630]: read /var/lib/neutron/dhcp/7c0bea3a-fc47-43ba-9233-c307c4d63bf9/addn_hosts - 2 addresses
Aug 27 13:57:05 gtw01 dnsmasq-dhcp[28630]: read /var/lib/neutron/dhcp/7c0bea3a-fc47-43ba-9233-c307c4d63bf9/host
Aug 27 13:57:05 gtw01 dnsmasq-dhcp[28630]: read /var/lib/neutron/dhcp/7c0bea3a-fc47-43ba-9233-c307c4d63bf9/opts
Aug 27 13:57:06 gtw01 dnsmasq[28530]: read /var/lib/neutron/dhcp/ac603693-36e7-4662-a4bb-34ec381a323a/addn_hosts - 1 addresses
Aug 27 13:57:06 gtw01 dnsmasq-dhcp[28530]: read /var/lib/neutron/dhcp/ac603693-36e7-4662-a4bb-34ec381a323a/host
Aug 27 13:57:06 gtw01 dnsmasq-dhcp[28530]: read /var/lib/neutron/dhcp/ac603693-36e7-4662-a4bb-34ec381a323a/opts
Aug 27 13:57:06 gtw01 kernel: [ 2693.132555] device tapae0338e0-3f left promiscuous mode
Aug 27 13:57:06 gtw01 dnsmasq[28630]: read /var/lib/neutron/dhcp/7c0bea3a-fc47-43ba-9233-c307c4d63bf9/addn_hosts - 2 addresses
Aug 27 13:57:06 gtw01 dnsmasq-dhcp[28630]: read /var/lib/neutron/dhcp/7c0bea3a-fc47-43ba-9233-c307c4d63bf9/host
Aug 27 13:57:06 gtw01 dnsmasq-dhcp[28630]: read /var/lib/neutron/dhcp/7c0bea3a-fc47-43ba-9233-c307c4d63bf9/opts
Aug 27 13:57:07 gtw01 dnsmasq[28630]: read /var/lib/neutron/dhcp/7c0bea3a-fc47-43ba-9233-c307c4d63bf9/addn_hosts - 1 addresses
Aug 27 13:57:07 gtw01 dnsmasq-dhcp[28630]: read /var/lib/neutron/dhcp/7c0bea3a-fc47-43ba-9233-c307c4d63bf9/host
Aug 27 13:57:07 gtw01 dnsmasq-dhcp[28630]: read /var/lib/neutron/dhcp/7c0bea3a-fc47-43ba-9233-c307c4d63bf9/opts
Aug 27 13:57:09 gtw01 kernel: [ 2696.451898] device tap33b5d84a-5f left promiscuous mode
Aug 27 13:57:10 gtw01 kernel: [ 2697.029923] device tapcc0ce63e-cc left promiscuous mode
Aug 27 13:57:10 gtw01 systemd-udevd[28975]: link_config: autonegotiation is unset or enabled, the speed and duplex are not writable.
Aug 27 13:57:10 gtw01 systemd-udevd[28975]: Could not generate persistent MAC address for tapa2a93db4-c1: No such file or directory
Aug 27 13:57:10 gtw01 kernel: [ 2697.208495] device tapa2a93db4-c1 entered promiscuous mode
Aug 27 13:57:10 gtw01 systemd-udevd[28975]: Process '/sbin/ip link set tapa2a93db4-c1 txqueuelen 10000' failed with exit code 1.
Aug 27 13:57:10 gtw01 systemd-udevd[28975]: Process '/sbin/ip link set tapa2a93db4-c1 txqueuelen 10000' failed with exit code 1.
Aug 27 13:57:13 gtw01 dnsmasq[29135]: started, version 2.79 cachesize 150
Aug 27 13:57:13 gtw01 dnsmasq[29135]: DNS service limited to local subnets
Aug 27 13:57:13 gtw01 dnsmasq[29135]: compile time options: IPv6 GNU-getopt DBus i18n IDN DHCP DHCPv6 no-Lua TFTP conntrack ipset auth DNSSEC loop-detect inotify
Aug 27 13:57:13 gtw01 dnsmasq[29135]: warning: no upstream servers configured
Aug 27 13:57:13 gtw01 dnsmasq-dhcp[29135]: DHCPv6, static leases only on 2003::, lease time 1h
Aug 27 13:57:13 gtw01 dnsmasq[29135]: read /var/lib/neutron/dhcp/95a767b1-9bef-4846-a678-a813ea85a16b/addn_hosts - 1 addresses
Aug 27 13:57:13 gtw01 dnsmasq-dhcp[29135]: read /var/lib/neutron/dhcp/95a767b1-9bef-4846-a678-a813ea85a16b/host
Aug 27 13:57:13 gtw01 dnsmasq-dhcp[29135]: read /var/lib/neutron/dhcp/95a767b1-9bef-4846-a678-a813ea85a16b/opts
Aug 27 13:57:13 gtw01 dnsmasq[29135]: read /var/lib/neutron/dhcp/95a767b1-9bef-4846-a678-a813ea85a16b/addn_hosts - 1 addresses
Aug 27 13:57:13 gtw01 dnsmasq-dhcp[29135]: read /var/lib/neutron/dhcp/95a767b1-9bef-4846-a678-a813ea85a16b/host
Aug 27 13:57:13 gtw01 dnsmasq-dhcp[29135]: read /var/lib/neutron/dhcp/95a767b1-9bef-4846-a678-a813ea85a16b/opts
Aug 27 13:57:14 gtw01 kernel: [ 2701.132526] device tapc96e07dc-6a entered promiscuous mode
Aug 27 13:57:14 gtw01 systemd-udevd[29173]: link_config: autonegotiation is unset or enabled, the speed and duplex are not writable.
Aug 27 13:57:14 gtw01 systemd-udevd[29173]: Could not generate persistent MAC address for tapc96e07dc-6a: No such file or directory
Aug 27 13:57:14 gtw01 systemd-udevd[29173]: Process '/sbin/ip link set tapc96e07dc-6a txqueuelen 10000' failed with exit code 1.
Aug 27 13:57:14 gtw01 systemd-udevd[29252]: Process '/sbin/ip link set tapc96e07dc-6a txqueuelen 10000' failed with exit code 1.
Aug 27 13:57:14 gtw01 systemd-udevd[29287]: link_config: autonegotiation is unset or enabled, the speed and duplex are not writable.
Aug 27 13:57:14 gtw01 systemd-udevd[29287]: Could not generate persistent MAC address for tap6328a954-aa: No such file or directory
Aug 27 13:57:14 gtw01 kernel: [ 2701.677253] device tap6328a954-aa entered promiscuous mode
Aug 27 13:57:14 gtw01 systemd-udevd[29287]: Process '/sbin/ip link set tap6328a954-aa txqueuelen 10000' failed with exit code 1.
Aug 27 13:57:14 gtw01 systemd-udevd[29287]: Process '/sbin/ip link set tap6328a954-aa txqueuelen 10000' failed with exit code 1.
Aug 27 13:57:14 gtw01 dnsmasq[29135]: read /var/lib/neutron/dhcp/95a767b1-9bef-4846-a678-a813ea85a16b/addn_hosts - 1 addresses
Aug 27 13:57:14 gtw01 dnsmasq-dhcp[29135]: read /var/lib/neutron/dhcp/95a767b1-9bef-4846-a678-a813ea85a16b/host
Aug 27 13:57:14 gtw01 dnsmasq-dhcp[29135]: read /var/lib/neutron/dhcp/95a767b1-9bef-4846-a678-a813ea85a16b/opts
Aug 27 13:57:15 gtw01 dnsmasq[29135]: read /var/lib/neutron/dhcp/95a767b1-9bef-4846-a678-a813ea85a16b/addn_hosts - 2 addresses
Aug 27 13:57:15 gtw01 dnsmasq-dhcp[29135]: read /var/lib/neutron/dhcp/95a767b1-9bef-4846-a678-a813ea85a16b/host
Aug 27 13:57:15 gtw01 dnsmasq-dhcp[29135]: read /var/lib/neutron/dhcp/95a767b1-9bef-4846-a678-a813ea85a16b/opts
Aug 27 13:57:16 gtw01 kernel: [ 2703.981231] device tapa2a93db4-c1 left promiscuous mode
Aug 27 13:57:17 gtw01 dnsmasq[29509]: started, version 2.79 cachesize 150
Aug 27 13:57:17 gtw01 dnsmasq[29509]: DNS service limited to local subnets
Aug 27 13:57:17 gtw01 dnsmasq[29509]: compile time options: IPv6 GNU-getopt DBus i18n IDN DHCP DHCPv6 no-Lua TFTP conntrack ipset auth DNSSEC loop-detect inotify
Aug 27 13:57:17 gtw01 dnsmasq[29509]: warning: no upstream servers configured
Aug 27 13:57:17 gtw01 dnsmasq-dhcp[29509]: DHCP, static leases only on 192.168.120.0, lease time 1h
Aug 27 13:57:17 gtw01 dnsmasq[29509]: read /var/lib/neutron/dhcp/b7237867-e3c2-4b1d-b568-da0a45d4a3ce/addn_hosts - 1 addresses
Aug 27 13:57:17 gtw01 dnsmasq-dhcp[29509]: read /var/lib/neutron/dhcp/b7237867-e3c2-4b1d-b568-da0a45d4a3ce/host
Aug 27 13:57:17 gtw01 dnsmasq-dhcp[29509]: read /var/lib/neutron/dhcp/b7237867-e3c2-4b1d-b568-da0a45d4a3ce/opts
Aug 27 13:57:18 gtw01 dnsmasq[29531]: started, version 2.79 cachesize 150
Aug 27 13:57:18 gtw01 dnsmasq[29531]: DNS service limited to local subnets
Aug 27 13:57:18 gtw01 dnsmasq[29531]: compile time options: IPv6 GNU-getopt DBus i18n IDN DHCP DHCPv6 no-Lua TFTP conntrack ipset auth DNSSEC loop-detect inotify
Aug 27 13:57:18 gtw01 dnsmasq[29531]: warning: no upstream servers configured
Aug 27 13:57:18 gtw01 dnsmasq-dhcp[29531]: DHCP, static leases only on 192.168.120.0, lease time 1h
Aug 27 13:57:18 gtw01 dnsmasq[29531]: read /var/lib/neutron/dhcp/8f688363-5c82-4a68-a584-dbb8d437aa90/addn_hosts - 1 addresses
Aug 27 13:57:18 gtw01 dnsmasq-dhcp[29531]: read /var/lib/neutron/dhcp/8f688363-5c82-4a68-a584-dbb8d437aa90/host
Aug 27 13:57:18 gtw01 dnsmasq-dhcp[29531]: read /var/lib/neutron/dhcp/8f688363-5c82-4a68-a584-dbb8d437aa90/opts
Aug 27 13:57:18 gtw01 dnsmasq[29509]: read /var/lib/neutron/dhcp/b7237867-e3c2-4b1d-b568-da0a45d4a3ce/addn_hosts - 1 addresses
Aug 27 13:57:18 gtw01 dnsmasq-dhcp[29509]: read /var/lib/neutron/dhcp/b7237867-e3c2-4b1d-b568-da0a45d4a3ce/host
Aug 27 13:57:18 gtw01 dnsmasq-dhcp[29509]: read /var/lib/neutron/dhcp/b7237867-e3c2-4b1d-b568-da0a45d4a3ce/opts
Aug 27 13:57:18 gtw01 kernel: [ 2705.944587] device tap6328a954-aa left promiscuous mode
Aug 27 13:57:19 gtw01 dnsmasq[29509]: read /var/lib/neutron/dhcp/b7237867-e3c2-4b1d-b568-da0a45d4a3ce/addn_hosts - 1 addresses
Aug 27 13:57:19 gtw01 dnsmasq-dhcp[29509]: read /var/lib/neutron/dhcp/b7237867-e3c2-4b1d-b568-da0a45d4a3ce/host
Aug 27 13:57:19 gtw01 dnsmasq-dhcp[29509]: read /var/lib/neutron/dhcp/b7237867-e3c2-4b1d-b568-da0a45d4a3ce/opts
Aug 27 13:57:19 gtw01 systemd-udevd[29615]: link_config: autonegotiation is unset or enabled, the speed and duplex are not writable.
Aug 27 13:57:19 gtw01 systemd-udevd[29615]: Could not generate persistent MAC address for tap8da45d29-82: No such file or directory
Aug 27 13:57:19 gtw01 kernel: [ 2706.633202] device tap8da45d29-82 entered promiscuous mode
Aug 27 13:57:19 gtw01 systemd-udevd[29615]: Process '/sbin/ip link set tap8da45d29-82 txqueuelen 10000' failed with exit code 1.
Aug 27 13:57:19 gtw01 systemd-udevd[29615]: Process '/sbin/ip link set tap8da45d29-82 txqueuelen 10000' failed with exit code 1.
Aug 27 13:57:20 gtw01 systemd-udevd[29752]: link_config: autonegotiation is unset or enabled, the speed and duplex are not writable.
Aug 27 13:57:20 gtw01 systemd-udevd[29752]: Could not generate persistent MAC address for tape7fbf7c6-7c: No such file or directory
Aug 27 13:57:20 gtw01 kernel: [ 2707.732265] device tape7fbf7c6-7c entered promiscuous mode
Aug 27 13:57:20 gtw01 systemd-udevd[29752]: Process '/sbin/ip link set tape7fbf7c6-7c txqueuelen 10000' failed with exit code 1.
Aug 27 13:57:20 gtw01 kernel: [ 2707.825513] device tapc96e07dc-6a left promiscuous mode
Aug 27 13:57:20 gtw01 systemd-udevd[29828]: Process '/sbin/ip link set tape7fbf7c6-7c txqueuelen 10000' failed with exit code 1.
Aug 27 13:57:23 gtw01 dnsmasq[29926]: started, version 2.79 cachesize 150
Aug 27 13:57:23 gtw01 dnsmasq[29926]: DNS service limited to local subnets
Aug 27 13:57:23 gtw01 dnsmasq[29926]: compile time options: IPv6 GNU-getopt DBus i18n IDN DHCP DHCPv6 no-Lua TFTP conntrack ipset auth DNSSEC loop-detect inotify
Aug 27 13:57:23 gtw01 dnsmasq[29926]: warning: no upstream servers configured
Aug 27 13:57:23 gtw01 dnsmasq-dhcp[29926]: DHCP, static leases only on 192.168.120.0, lease time 1h
Aug 27 13:57:23 gtw01 dnsmasq[29926]: read /var/lib/neutron/dhcp/be0b5af2-c097-471a-8e2e-398e34297039/addn_hosts - 1 addresses
Aug 27 13:57:23 gtw01 dnsmasq-dhcp[29926]: read /var/lib/neutron/dhcp/be0b5af2-c097-471a-8e2e-398e34297039/host
Aug 27 13:57:23 gtw01 dnsmasq-dhcp[29926]: read /var/lib/neutron/dhcp/be0b5af2-c097-471a-8e2e-398e34297039/opts
Aug 27 13:57:23 gtw01 kernel: [ 2710.931207] device tap8da45d29-82 left promiscuous mode
Aug 27 13:57:24 gtw01 dnsmasq[29986]: started, version 2.79 cachesize 150
Aug 27 13:57:24 gtw01 dnsmasq[29986]: DNS service limited to local subnets
Aug 27 13:57:24 gtw01 dnsmasq[29986]: compile time options: IPv6 GNU-getopt DBus i18n IDN DHCP DHCPv6 no-Lua TFTP conntrack ipset auth DNSSEC loop-detect inotify
Aug 27 13:57:24 gtw01 dnsmasq[29986]: warning: no upstream servers configured
Aug 27 13:57:24 gtw01 dnsmasq-dhcp[29986]: DHCPv6, static leases only on 2003::, lease time 1h
Aug 27 13:57:24 gtw01 dnsmasq[29986]: read /var/lib/neutron/dhcp/8d159fe8-52b9-489e-85d5-09a67f1595e0/addn_hosts - 1 addresses
Aug 27 13:57:24 gtw01 dnsmasq-dhcp[29986]: read /var/lib/neutron/dhcp/8d159fe8-52b9-489e-85d5-09a67f1595e0/host
Aug 27 13:57:24 gtw01 dnsmasq-dhcp[29986]: read /var/lib/neutron/dhcp/8d159fe8-52b9-489e-85d5-09a67f1595e0/opts
Aug 27 13:57:24 gtw01 systemd-udevd[29994]: link_config: autonegotiation is unset or enabled, the speed and duplex are not writable.
Aug 27 13:57:24 gtw01 systemd-udevd[29994]: Could not generate persistent MAC address for tapc267e316-2d: No such file or directory
Aug 27 13:57:24 gtw01 kernel: [ 2711.204719] device tapc267e316-2d entered promiscuous mode
Aug 27 13:57:24 gtw01 systemd-udevd[29994]: Process '/sbin/ip link set tapc267e316-2d txqueuelen 10000' failed with exit code 1.
Aug 27 13:57:24 gtw01 systemd-udevd[29994]: Process '/sbin/ip link set tapc267e316-2d txqueuelen 10000' failed with exit code 1.
Aug 27 13:57:24 gtw01 dnsmasq[29986]: read /var/lib/neutron/dhcp/8d159fe8-52b9-489e-85d5-09a67f1595e0/addn_hosts - 0 addresses
Aug 27 13:57:24 gtw01 dnsmasq-dhcp[29986]: read /var/lib/neutron/dhcp/8d159fe8-52b9-489e-85d5-09a67f1595e0/host
Aug 27 13:57:24 gtw01 dnsmasq-dhcp[29986]: read /var/lib/neutron/dhcp/8d159fe8-52b9-489e-85d5-09a67f1595e0/opts
Aug 27 13:57:25 gtw01 kernel: [ 2712.637369] device tape7fbf7c6-7c left promiscuous mode
Aug 27 13:57:27 gtw01 dnsmasq[30175]: started, version 2.79 cachesize 150
Aug 27 13:57:27 gtw01 dnsmasq[30175]: DNS service limited to local subnets
Aug 27 13:57:27 gtw01 dnsmasq[30175]: compile time options: IPv6 GNU-getopt DBus i18n IDN DHCP DHCPv6 no-Lua TFTP conntrack ipset auth DNSSEC loop-detect inotify
Aug 27 13:57:27 gtw01 dnsmasq[30175]: warning: no upstream servers configured
Aug 27 13:57:27 gtw01 dnsmasq-dhcp[30175]: DHCP, static leases only on 192.168.120.0, lease time 1h
Aug 27 13:57:27 gtw01 dnsmasq[30175]: read /var/lib/neutron/dhcp/dc0c1602-8187-4515-8888-dda54ceac554/addn_hosts - 1 addresses
Aug 27 13:57:27 gtw01 dnsmasq-dhcp[30175]: read /var/lib/neutron/dhcp/dc0c1602-8187-4515-8888-dda54ceac554/host
Aug 27 13:57:27 gtw01 dnsmasq-dhcp[30175]: read /var/lib/neutron/dhcp/dc0c1602-8187-4515-8888-dda54ceac554/opts
Aug 27 13:57:28 gtw01 dnsmasq[30175]: read /var/lib/neutron/dhcp/dc0c1602-8187-4515-8888-dda54ceac554/addn_hosts - 1 addresses
Aug 27 13:57:28 gtw01 dnsmasq-dhcp[30175]: read /var/lib/neutron/dhcp/dc0c1602-8187-4515-8888-dda54ceac554/host
Aug 27 13:57:28 gtw01 dnsmasq-dhcp[30175]: read /var/lib/neutron/dhcp/dc0c1602-8187-4515-8888-dda54ceac554/opts
Aug 27 13:57:29 gtw01 dnsmasq[30175]: read /var/lib/neutron/dhcp/dc0c1602-8187-4515-8888-dda54ceac554/addn_hosts - 1 addresses
Aug 27 13:57:29 gtw01 dnsmasq-dhcp[30175]: read /var/lib/neutron/dhcp/dc0c1602-8187-4515-8888-dda54ceac554/host
Aug 27 13:57:29 gtw01 dnsmasq-dhcp[30175]: read /var/lib/neutron/dhcp/dc0c1602-8187-4515-8888-dda54ceac554/opts
Aug 27 13:57:30 gtw01 kernel: [ 2717.617221] device tapc267e316-2d left promiscuous mode
Aug 27 13:58:08 gtw01 dnsmasq[20411]: read /var/lib/neutron/dhcp/e58ee964-38d9-4281-9462-fc18933b8252/addn_hosts - 1 addresses
Aug 27 13:58:08 gtw01 dnsmasq-dhcp[20411]: read /var/lib/neutron/dhcp/e58ee964-38d9-4281-9462-fc18933b8252/host
Aug 27 13:58:08 gtw01 dnsmasq-dhcp[20411]: read /var/lib/neutron/dhcp/e58ee964-38d9-4281-9462-fc18933b8252/opts
Aug 27 13:58:09 gtw01 kernel: [ 2756.680647] device qr-820b62f3-6b left promiscuous mode
Aug 27 13:58:12 gtw01 kernel: [ 2759.202248] device qg-eaa9f497-48 left promiscuous mode
Aug 27 13:58:12 gtw01 kernel: [ 2759.563102] device tap6444232e-3d left promiscuous mode
Aug 27 13:58:35 gtw01 systemd-udevd[30435]: link_config: autonegotiation is unset or enabled, the speed and duplex are not writable.
Aug 27 13:58:35 gtw01 systemd-udevd[30435]: Could not generate persistent MAC address for tapad0349d7-24: No such file or directory
Aug 27 13:58:35 gtw01 kernel: [ 2782.513940] device tapad0349d7-24 entered promiscuous mode
Aug 27 13:58:35 gtw01 systemd-udevd[30435]: Process '/sbin/ip link set tapad0349d7-24 txqueuelen 10000' failed with exit code 1.
Aug 27 13:58:35 gtw01 systemd-udevd[30435]: Process '/sbin/ip link set tapad0349d7-24 txqueuelen 10000' failed with exit code 1.
Aug 27 13:58:38 gtw01 kernel: [ 2785.454461] device qr-00006ac6-9c entered promiscuous mode
Aug 27 13:58:38 gtw01 systemd-udevd[30601]: link_config: autonegotiation is unset or enabled, the speed and duplex are not writable.
Aug 27 13:58:38 gtw01 systemd-udevd[30601]: Could not generate persistent MAC address for qr-00006ac6-9c: No such file or directory
Aug 27 13:58:38 gtw01 dnsmasq[30682]: started, version 2.79 cachesize 150
Aug 27 13:58:38 gtw01 dnsmasq[30682]: DNS service limited to local subnets
Aug 27 13:58:38 gtw01 dnsmasq[30682]: compile time options: IPv6 GNU-getopt DBus i18n IDN DHCP DHCPv6 no-Lua TFTP conntrack ipset auth DNSSEC loop-detect inotify
Aug 27 13:58:38 gtw01 dnsmasq[30682]: warning: no upstream servers configured
Aug 27 13:58:38 gtw01 dnsmasq-dhcp[30682]: DHCP, static leases only on 192.168.120.0, lease time 1h
Aug 27 13:58:38 gtw01 dnsmasq[30682]: read /var/lib/neutron/dhcp/29432c83-9853-449b-8611-2ef397f86611/addn_hosts - 1 addresses
Aug 27 13:58:38 gtw01 dnsmasq-dhcp[30682]: read /var/lib/neutron/dhcp/29432c83-9853-449b-8611-2ef397f86611/host
Aug 27 13:58:38 gtw01 dnsmasq-dhcp[30682]: read /var/lib/neutron/dhcp/29432c83-9853-449b-8611-2ef397f86611/opts
Aug 27 13:58:39 gtw01 kernel: [ 2786.205113] device qg-525f1327-34 entered promiscuous mode
Aug 27 13:58:39 gtw01 systemd-udevd[30708]: link_config: autonegotiation is unset or enabled, the speed and duplex are not writable.
Aug 27 13:58:39 gtw01 systemd-udevd[30708]: Could not generate persistent MAC address for qg-525f1327-34: No such file or directory
Aug 27 13:58:39 gtw01 dnsmasq[30682]: read /var/lib/neutron/dhcp/29432c83-9853-449b-8611-2ef397f86611/addn_hosts - 2 addresses
Aug 27 13:58:39 gtw01 dnsmasq-dhcp[30682]: read /var/lib/neutron/dhcp/29432c83-9853-449b-8611-2ef397f86611/host
Aug 27 13:58:39 gtw01 dnsmasq-dhcp[30682]: read /var/lib/neutron/dhcp/29432c83-9853-449b-8611-2ef397f86611/opts
Aug 27 13:58:39 gtw01 kernel: [ 2786.485274] IPv4: martian source 192.168.120.1 from 192.168.120.1, on dev qg-525f1327-34
Aug 27 13:58:39 gtw01 kernel: [ 2786.485278] ll header: 00000000: ff ff ff ff ff ff fa 16 3e e3 49 9e 08 06        ........>.I...
Aug 27 13:58:40 gtw01 dnsmasq[30682]: read /var/lib/neutron/dhcp/29432c83-9853-449b-8611-2ef397f86611/addn_hosts - 2 addresses
Aug 27 13:58:40 gtw01 dnsmasq-dhcp[30682]: read /var/lib/neutron/dhcp/29432c83-9853-449b-8611-2ef397f86611/host
Aug 27 13:58:40 gtw01 dnsmasq-dhcp[30682]: read /var/lib/neutron/dhcp/29432c83-9853-449b-8611-2ef397f86611/opts
Aug 27 13:58:41 gtw01 dnsmasq[30682]: read /var/lib/neutron/dhcp/29432c83-9853-449b-8611-2ef397f86611/addn_hosts - 2 addresses
Aug 27 13:58:41 gtw01 dnsmasq-dhcp[30682]: read /var/lib/neutron/dhcp/29432c83-9853-449b-8611-2ef397f86611/host
Aug 27 13:58:41 gtw01 dnsmasq-dhcp[30682]: read /var/lib/neutron/dhcp/29432c83-9853-449b-8611-2ef397f86611/opts
Aug 27 13:58:42 gtw01 kernel: [ 2789.140995] IPv4: martian source 192.168.120.1 from 192.168.120.1, on dev qg-525f1327-34
Aug 27 13:58:42 gtw01 kernel: [ 2789.140998] ll header: 00000000: ff ff ff ff ff ff fa 16 3e e3 49 9e 08 06        ........>.I...
Aug 27 13:58:42 gtw01 kernel: [ 2789.289184] IPv4: martian source 10.16.0.193 from 10.16.0.193, on dev qr-00006ac6-9c
Aug 27 13:58:42 gtw01 kernel: [ 2789.289187] ll header: 00000000: ff ff ff ff ff ff fa 16 3e 08 f8 8d 08 06        ........>.....
Aug 27 13:58:42 gtw01 dnsmasq[30682]: read /var/lib/neutron/dhcp/29432c83-9853-449b-8611-2ef397f86611/addn_hosts - 2 addresses
Aug 27 13:58:42 gtw01 dnsmasq-dhcp[30682]: read /var/lib/neutron/dhcp/29432c83-9853-449b-8611-2ef397f86611/host
Aug 27 13:58:42 gtw01 dnsmasq-dhcp[30682]: read /var/lib/neutron/dhcp/29432c83-9853-449b-8611-2ef397f86611/opts
Aug 27 13:58:43 gtw01 dnsmasq[30682]: read /var/lib/neutron/dhcp/29432c83-9853-449b-8611-2ef397f86611/addn_hosts - 2 addresses
Aug 27 13:58:43 gtw01 dnsmasq-dhcp[30682]: read /var/lib/neutron/dhcp/29432c83-9853-449b-8611-2ef397f86611/host
Aug 27 13:58:43 gtw01 dnsmasq-dhcp[30682]: read /var/lib/neutron/dhcp/29432c83-9853-449b-8611-2ef397f86611/opts
Aug 27 13:58:47 gtw01 dnsmasq[30682]: read /var/lib/neutron/dhcp/29432c83-9853-449b-8611-2ef397f86611/addn_hosts - 2 addresses
Aug 27 13:58:47 gtw01 dnsmasq-dhcp[30682]: read /var/lib/neutron/dhcp/29432c83-9853-449b-8611-2ef397f86611/host
Aug 27 13:58:47 gtw01 dnsmasq-dhcp[30682]: read /var/lib/neutron/dhcp/29432c83-9853-449b-8611-2ef397f86611/opts
Aug 27 13:58:48 gtw01 dnsmasq[30682]: read /var/lib/neutron/dhcp/29432c83-9853-449b-8611-2ef397f86611/addn_hosts - 2 addresses
Aug 27 13:58:48 gtw01 dnsmasq-dhcp[30682]: read /var/lib/neutron/dhcp/29432c83-9853-449b-8611-2ef397f86611/host
Aug 27 13:58:48 gtw01 dnsmasq-dhcp[30682]: read /var/lib/neutron/dhcp/29432c83-9853-449b-8611-2ef397f86611/opts
Aug 27 13:59:31 gtw01 kernel: [ 2838.459760] device tap693b1fa3-ec entered promiscuous mode
Aug 27 13:59:31 gtw01 systemd-udevd[31176]: link_config: autonegotiation is unset or enabled, the speed and duplex are not writable.
Aug 27 13:59:31 gtw01 systemd-udevd[31176]: Could not generate persistent MAC address for tap693b1fa3-ec: No such file or directory
Aug 27 13:59:31 gtw01 systemd-udevd[31176]: Process '/sbin/ip link set tap693b1fa3-ec txqueuelen 10000' failed with exit code 1.
Aug 27 13:59:31 gtw01 systemd-udevd[31251]: Process '/sbin/ip link set tap693b1fa3-ec txqueuelen 10000' failed with exit code 1.
Aug 27 13:59:34 gtw01 kernel: [ 2841.116304] device tap596304eb-4f entered promiscuous mode
Aug 27 13:59:34 gtw01 systemd-udevd[31329]: link_config: autonegotiation is unset or enabled, the speed and duplex are not writable.
Aug 27 13:59:34 gtw01 systemd-udevd[31329]: Could not generate persistent MAC address for tap596304eb-4f: No such file or directory
Aug 27 13:59:34 gtw01 systemd-udevd[31329]: Process '/sbin/ip link set tap596304eb-4f txqueuelen 10000' failed with exit code 1.
Aug 27 13:59:34 gtw01 systemd-udevd[31329]: Process '/sbin/ip link set tap596304eb-4f txqueuelen 10000' failed with exit code 1.
Aug 27 13:59:34 gtw01 dnsmasq[31425]: started, version 2.79 cachesize 150
Aug 27 13:59:34 gtw01 dnsmasq[31425]: DNS service limited to local subnets
Aug 27 13:59:34 gtw01 dnsmasq[31425]: compile time options: IPv6 GNU-getopt DBus i18n IDN DHCP DHCPv6 no-Lua TFTP conntrack ipset auth DNSSEC loop-detect inotify
Aug 27 13:59:34 gtw01 dnsmasq[31425]: warning: no upstream servers configured
Aug 27 13:59:34 gtw01 dnsmasq-dhcp[31425]: DHCP, static leases only on 192.168.120.0, lease time 1h
Aug 27 13:59:34 gtw01 dnsmasq[31425]: read /var/lib/neutron/dhcp/0ac645b5-7b71-4cf2-b882-3ff839d20330/addn_hosts - 1 addresses
Aug 27 13:59:34 gtw01 dnsmasq-dhcp[31425]: read /var/lib/neutron/dhcp/0ac645b5-7b71-4cf2-b882-3ff839d20330/host
Aug 27 13:59:34 gtw01 dnsmasq-dhcp[31425]: read /var/lib/neutron/dhcp/0ac645b5-7b71-4cf2-b882-3ff839d20330/opts
Aug 27 13:59:35 gtw01 dnsmasq[31425]: read /var/lib/neutron/dhcp/0ac645b5-7b71-4cf2-b882-3ff839d20330/addn_hosts - 3 addresses
Aug 27 13:59:35 gtw01 dnsmasq-dhcp[31425]: read /var/lib/neutron/dhcp/0ac645b5-7b71-4cf2-b882-3ff839d20330/host
Aug 27 13:59:35 gtw01 dnsmasq-dhcp[31425]: read /var/lib/neutron/dhcp/0ac645b5-7b71-4cf2-b882-3ff839d20330/opts
Aug 27 13:59:35 gtw01 kernel: [ 2842.901408] device tap2d52c39f-3d entered promiscuous mode
Aug 27 13:59:35 gtw01 systemd-udevd[31480]: link_config: autonegotiation is unset or enabled, the speed and duplex are not writable.
Aug 27 13:59:35 gtw01 systemd-udevd[31480]: Could not generate persistent MAC address for tap2d52c39f-3d: No such file or directory
Aug 27 13:59:35 gtw01 systemd-udevd[31480]: Process '/sbin/ip link set tap2d52c39f-3d txqueuelen 10000' failed with exit code 1.
Aug 27 13:59:36 gtw01 systemd-udevd[31560]: Process '/sbin/ip link set tap2d52c39f-3d txqueuelen 10000' failed with exit code 1.
Aug 27 13:59:36 gtw01 dnsmasq[31425]: read /var/lib/neutron/dhcp/0ac645b5-7b71-4cf2-b882-3ff839d20330/addn_hosts - 3 addresses
Aug 27 13:59:36 gtw01 dnsmasq-dhcp[31425]: read /var/lib/neutron/dhcp/0ac645b5-7b71-4cf2-b882-3ff839d20330/host
Aug 27 13:59:36 gtw01 dnsmasq-dhcp[31425]: read /var/lib/neutron/dhcp/0ac645b5-7b71-4cf2-b882-3ff839d20330/opts
Aug 27 13:59:37 gtw01 dnsmasq[31647]: started, version 2.79 cachesize 150
Aug 27 13:59:37 gtw01 dnsmasq[31647]: DNS service limited to local subnets
Aug 27 13:59:37 gtw01 dnsmasq[31647]: compile time options: IPv6 GNU-getopt DBus i18n IDN DHCP DHCPv6 no-Lua TFTP conntrack ipset auth DNSSEC loop-detect inotify
Aug 27 13:59:37 gtw01 dnsmasq[31647]: warning: no upstream servers configured
Aug 27 13:59:37 gtw01 dnsmasq-dhcp[31647]: DHCP, static leases only on 192.168.120.0, lease time 1h
Aug 27 13:59:37 gtw01 dnsmasq[31647]: read /var/lib/neutron/dhcp/815df621-6696-4dfb-8596-9d5ae32a0704/addn_hosts - 1 addresses
Aug 27 13:59:37 gtw01 dnsmasq-dhcp[31647]: read /var/lib/neutron/dhcp/815df621-6696-4dfb-8596-9d5ae32a0704/host
Aug 27 13:59:37 gtw01 dnsmasq-dhcp[31647]: read /var/lib/neutron/dhcp/815df621-6696-4dfb-8596-9d5ae32a0704/opts
Aug 27 13:59:37 gtw01 dnsmasq[31425]: read /var/lib/neutron/dhcp/0ac645b5-7b71-4cf2-b882-3ff839d20330/addn_hosts - 3 addresses
Aug 27 13:59:37 gtw01 dnsmasq-dhcp[31425]: read /var/lib/neutron/dhcp/0ac645b5-7b71-4cf2-b882-3ff839d20330/host
Aug 27 13:59:37 gtw01 dnsmasq-dhcp[31425]: read /var/lib/neutron/dhcp/0ac645b5-7b71-4cf2-b882-3ff839d20330/opts
Aug 27 13:59:38 gtw01 dnsmasq[31647]: read /var/lib/neutron/dhcp/815df621-6696-4dfb-8596-9d5ae32a0704/addn_hosts - 1 addresses
Aug 27 13:59:38 gtw01 dnsmasq-dhcp[31647]: read /var/lib/neutron/dhcp/815df621-6696-4dfb-8596-9d5ae32a0704/host
Aug 27 13:59:38 gtw01 dnsmasq-dhcp[31647]: read /var/lib/neutron/dhcp/815df621-6696-4dfb-8596-9d5ae32a0704/opts
Aug 27 13:59:38 gtw01 dnsmasq[31425]: read /var/lib/neutron/dhcp/0ac645b5-7b71-4cf2-b882-3ff839d20330/addn_hosts - 3 addresses
Aug 27 13:59:38 gtw01 dnsmasq-dhcp[31425]: read /var/lib/neutron/dhcp/0ac645b5-7b71-4cf2-b882-3ff839d20330/host
Aug 27 13:59:38 gtw01 dnsmasq-dhcp[31425]: read /var/lib/neutron/dhcp/0ac645b5-7b71-4cf2-b882-3ff839d20330/opts
Aug 27 13:59:39 gtw01 dnsmasq[31647]: read /var/lib/neutron/dhcp/815df621-6696-4dfb-8596-9d5ae32a0704/addn_hosts - 1 addresses
Aug 27 13:59:39 gtw01 dnsmasq-dhcp[31647]: read /var/lib/neutron/dhcp/815df621-6696-4dfb-8596-9d5ae32a0704/host
Aug 27 13:59:39 gtw01 dnsmasq-dhcp[31647]: read /var/lib/neutron/dhcp/815df621-6696-4dfb-8596-9d5ae32a0704/opts
Aug 27 13:59:39 gtw01 dnsmasq[31741]: started, version 2.79 cachesize 150
Aug 27 13:59:39 gtw01 dnsmasq[31741]: DNS service limited to local subnets
Aug 27 13:59:39 gtw01 dnsmasq[31741]: compile time options: IPv6 GNU-getopt DBus i18n IDN DHCP DHCPv6 no-Lua TFTP conntrack ipset auth DNSSEC loop-detect inotify
Aug 27 13:59:39 gtw01 dnsmasq[31741]: warning: no upstream servers configured
Aug 27 13:59:39 gtw01 dnsmasq-dhcp[31741]: DHCP, static leases only on 192.168.120.0, lease time 1h
Aug 27 13:59:39 gtw01 dnsmasq[31741]: read /var/lib/neutron/dhcp/b0b876b7-59da-49f3-aabd-dabbef216478/addn_hosts - 1 addresses
Aug 27 13:59:39 gtw01 dnsmasq-dhcp[31741]: read /var/lib/neutron/dhcp/b0b876b7-59da-49f3-aabd-dabbef216478/host
Aug 27 13:59:39 gtw01 dnsmasq-dhcp[31741]: read /var/lib/neutron/dhcp/b0b876b7-59da-49f3-aabd-dabbef216478/opts
Aug 27 13:59:39 gtw01 dnsmasq[31425]: read /var/lib/neutron/dhcp/0ac645b5-7b71-4cf2-b882-3ff839d20330/addn_hosts - 3 addresses
Aug 27 13:59:39 gtw01 dnsmasq-dhcp[31425]: read /var/lib/neutron/dhcp/0ac645b5-7b71-4cf2-b882-3ff839d20330/host
Aug 27 13:59:39 gtw01 dnsmasq-dhcp[31425]: read /var/lib/neutron/dhcp/0ac645b5-7b71-4cf2-b882-3ff839d20330/opts
Aug 27 13:59:40 gtw01 dnsmasq[31647]: read /var/lib/neutron/dhcp/815df621-6696-4dfb-8596-9d5ae32a0704/addn_hosts - 2 addresses
Aug 27 13:59:40 gtw01 dnsmasq-dhcp[31647]: read /var/lib/neutron/dhcp/815df621-6696-4dfb-8596-9d5ae32a0704/host
Aug 27 13:59:40 gtw01 dnsmasq-dhcp[31647]: read /var/lib/neutron/dhcp/815df621-6696-4dfb-8596-9d5ae32a0704/opts
Aug 27 13:59:40 gtw01 kernel: [ 2847.167304] device tap2d52c39f-3d left promiscuous mode
Aug 27 13:59:40 gtw01 dnsmasq[31425]: read /var/lib/neutron/dhcp/0ac645b5-7b71-4cf2-b882-3ff839d20330/addn_hosts - 4 addresses
Aug 27 13:59:40 gtw01 dnsmasq-dhcp[31425]: read /var/lib/neutron/dhcp/0ac645b5-7b71-4cf2-b882-3ff839d20330/host
Aug 27 13:59:40 gtw01 dnsmasq-dhcp[31425]: read /var/lib/neutron/dhcp/0ac645b5-7b71-4cf2-b882-3ff839d20330/opts
Aug 27 13:59:41 gtw01 dnsmasq[31647]: read /var/lib/neutron/dhcp/815df621-6696-4dfb-8596-9d5ae32a0704/addn_hosts - 2 addresses
Aug 27 13:59:41 gtw01 dnsmasq-dhcp[31647]: read /var/lib/neutron/dhcp/815df621-6696-4dfb-8596-9d5ae32a0704/host
Aug 27 13:59:41 gtw01 dnsmasq-dhcp[31647]: read /var/lib/neutron/dhcp/815df621-6696-4dfb-8596-9d5ae32a0704/opts
Aug 27 13:59:41 gtw01 dnsmasq[31425]: read /var/lib/neutron/dhcp/0ac645b5-7b71-4cf2-b882-3ff839d20330/addn_hosts - 4 addresses
Aug 27 13:59:41 gtw01 dnsmasq-dhcp[31425]: read /var/lib/neutron/dhcp/0ac645b5-7b71-4cf2-b882-3ff839d20330/host
Aug 27 13:59:41 gtw01 dnsmasq-dhcp[31425]: read /var/lib/neutron/dhcp/0ac645b5-7b71-4cf2-b882-3ff839d20330/opts
Aug 27 13:59:42 gtw01 dnsmasq[31425]: read /var/lib/neutron/dhcp/0ac645b5-7b71-4cf2-b882-3ff839d20330/addn_hosts - 3 addresses
Aug 27 13:59:42 gtw01 dnsmasq-dhcp[31425]: read /var/lib/neutron/dhcp/0ac645b5-7b71-4cf2-b882-3ff839d20330/host
Aug 27 13:59:42 gtw01 dnsmasq-dhcp[31425]: read /var/lib/neutron/dhcp/0ac645b5-7b71-4cf2-b882-3ff839d20330/opts
Aug 27 13:59:42 gtw01 kernel: [ 2849.526171] device tap596304eb-4f left promiscuous mode
Aug 27 13:59:47 gtw01 dnsmasq[31425]: read /var/lib/neutron/dhcp/0ac645b5-7b71-4cf2-b882-3ff839d20330/addn_hosts - 2 addresses
Aug 27 13:59:47 gtw01 dnsmasq-dhcp[31425]: read /var/lib/neutron/dhcp/0ac645b5-7b71-4cf2-b882-3ff839d20330/host
Aug 27 13:59:47 gtw01 dnsmasq-dhcp[31425]: read /var/lib/neutron/dhcp/0ac645b5-7b71-4cf2-b882-3ff839d20330/opts
Aug 27 13:59:51 gtw01 dnsmasq[31425]: read /var/lib/neutron/dhcp/0ac645b5-7b71-4cf2-b882-3ff839d20330/addn_hosts - 1 addresses
Aug 27 13:59:51 gtw01 dnsmasq-dhcp[31425]: read /var/lib/neutron/dhcp/0ac645b5-7b71-4cf2-b882-3ff839d20330/host
Aug 27 13:59:51 gtw01 dnsmasq-dhcp[31425]: read /var/lib/neutron/dhcp/0ac645b5-7b71-4cf2-b882-3ff839d20330/opts
Aug 27 13:59:53 gtw01 kernel: [ 2860.848312] device tap693b1fa3-ec left promiscuous mode
Aug 27 14:00:05 gtw01 kernel: [ 2872.244184] device tap191cea4a-c0 entered promiscuous mode
Aug 27 14:00:05 gtw01 systemd-udevd[32069]: link_config: autonegotiation is unset or enabled, the speed and duplex are not writable.
