Aug 27 13:54:01 gtw01 dnsmasq[20411]: read /var/lib/neutron/dhcp/e58ee964-38d9-4281-9462-fc18933b8252/addn_hosts - 2 addresses
Aug 27 13:54:01 gtw01 dnsmasq-dhcp[20411]: read /var/lib/neutron/dhcp/e58ee964-38d9-4281-9462-fc18933b8252/host
Aug 27 13:54:01 gtw01 dnsmasq-dhcp[20411]: read /var/lib/neutron/dhcp/e58ee964-38d9-4281-9462-fc18933b8252/opts
Aug 27 13:54:02 gtw01 dnsmasq[20411]: read /var/lib/neutron/dhcp/e58ee964-38d9-4281-9462-fc18933b8252/addn_hosts - 2 addresses
Aug 27 13:54:02 gtw01 dnsmasq-dhcp[20411]: read /var/lib/neutron/dhcp/e58ee964-38d9-4281-9462-fc18933b8252/host
Aug 27 13:54:02 gtw01 dnsmasq-dhcp[20411]: read /var/lib/neutron/dhcp/e58ee964-38d9-4281-9462-fc18933b8252/opts
Aug 27 13:54:05 gtw01 dnsmasq[20411]: read /var/lib/neutron/dhcp/e58ee964-38d9-4281-9462-fc18933b8252/addn_hosts - 2 addresses
Aug 27 13:54:05 gtw01 dnsmasq-dhcp[20411]: read /var/lib/neutron/dhcp/e58ee964-38d9-4281-9462-fc18933b8252/host
Aug 27 13:54:05 gtw01 dnsmasq-dhcp[20411]: read /var/lib/neutron/dhcp/e58ee964-38d9-4281-9462-fc18933b8252/opts
Aug 27 13:54:06 gtw01 dnsmasq[20411]: read /var/lib/neutron/dhcp/e58ee964-38d9-4281-9462-fc18933b8252/addn_hosts - 2 addresses
Aug 27 13:54:06 gtw01 dnsmasq-dhcp[20411]: read /var/lib/neutron/dhcp/e58ee964-38d9-4281-9462-fc18933b8252/host
Aug 27 13:54:06 gtw01 dnsmasq-dhcp[20411]: read /var/lib/neutron/dhcp/e58ee964-38d9-4281-9462-fc18933b8252/opts
Aug 27 13:54:40 gtw01 systemd-udevd[20904]: link_config: autonegotiation is unset or enabled, the speed and duplex are not writable.
Aug 27 13:54:40 gtw01 systemd-udevd[20904]: Could not generate persistent MAC address for tap37df1a83-61: No such file or directory
Aug 27 13:54:40 gtw01 kernel: [ 2547.033213] device tap37df1a83-61 entered promiscuous mode
Aug 27 13:54:40 gtw01 systemd-udevd[20904]: Process '/sbin/ip link set tap37df1a83-61 txqueuelen 10000' failed with exit code 1.
Aug 27 13:54:40 gtw01 systemd-udevd[20982]: Process '/sbin/ip link set tap37df1a83-61 txqueuelen 10000' failed with exit code 1.
Aug 27 13:54:40 gtw01 kernel: [ 2547.266841] device tapcd23492c-d1 entered promiscuous mode
Aug 27 13:54:40 gtw01 systemd-udevd[20998]: link_config: autonegotiation is unset or enabled, the speed and duplex are not writable.
Aug 27 13:54:40 gtw01 systemd-udevd[20998]: Could not generate persistent MAC address for tapcd23492c-d1: No such file or directory
Aug 27 13:54:40 gtw01 systemd-udevd[20998]: Process '/sbin/ip link set tapcd23492c-d1 txqueuelen 10000' failed with exit code 1.
Aug 27 13:54:40 gtw01 systemd-udevd[20998]: Process '/sbin/ip link set tapcd23492c-d1 txqueuelen 10000' failed with exit code 1.
Aug 27 13:54:43 gtw01 kernel: [ 2550.021585] device qg-226ee60a-ef entered promiscuous mode
Aug 27 13:54:43 gtw01 systemd-udevd[21208]: link_config: autonegotiation is unset or enabled, the speed and duplex are not writable.
Aug 27 13:54:43 gtw01 systemd-udevd[21208]: Could not generate persistent MAC address for qg-226ee60a-ef: No such file or directory
Aug 27 13:54:43 gtw01 systemd-udevd[21323]: link_config: autonegotiation is unset or enabled, the speed and duplex are not writable.
Aug 27 13:54:43 gtw01 systemd-udevd[21323]: Could not generate persistent MAC address for qr-6aa050c8-09: No such file or directory
Aug 27 13:54:43 gtw01 kernel: [ 2550.662607] device qr-6aa050c8-09 entered promiscuous mode
Aug 27 13:54:43 gtw01 dnsmasq[21384]: started, version 2.79 cachesize 150
Aug 27 13:54:43 gtw01 dnsmasq[21384]: DNS service limited to local subnets
Aug 27 13:54:43 gtw01 dnsmasq[21384]: compile time options: IPv6 GNU-getopt DBus i18n IDN DHCP DHCPv6 no-Lua TFTP conntrack ipset auth DNSSEC loop-detect inotify
Aug 27 13:54:43 gtw01 dnsmasq[21384]: warning: no upstream servers configured
Aug 27 13:54:43 gtw01 dnsmasq-dhcp[21384]: DHCP, static leases only on 192.168.120.0, lease time 1h
Aug 27 13:54:43 gtw01 dnsmasq[21384]: read /var/lib/neutron/dhcp/534cbeff-aef3-4980-ac2a-2e1a6033db41/addn_hosts - 1 addresses
Aug 27 13:54:43 gtw01 dnsmasq-dhcp[21384]: read /var/lib/neutron/dhcp/534cbeff-aef3-4980-ac2a-2e1a6033db41/host
Aug 27 13:54:43 gtw01 dnsmasq-dhcp[21384]: read /var/lib/neutron/dhcp/534cbeff-aef3-4980-ac2a-2e1a6033db41/opts
Aug 27 13:54:44 gtw01 systemd-udevd[21427]: link_config: autonegotiation is unset or enabled, the speed and duplex are not writable.
Aug 27 13:54:44 gtw01 systemd-udevd[21427]: Could not generate persistent MAC address for tap78df6f8a-12: No such file or directory
Aug 27 13:54:44 gtw01 kernel: [ 2551.086560] device tap78df6f8a-12 entered promiscuous mode
Aug 27 13:54:44 gtw01 systemd-udevd[21427]: Process '/sbin/ip link set tap78df6f8a-12 txqueuelen 10000' failed with exit code 1.
Aug 27 13:54:44 gtw01 systemd-udevd[21513]: Process '/sbin/ip link set tap78df6f8a-12 txqueuelen 10000' failed with exit code 1.
Aug 27 13:54:44 gtw01 dnsmasq[21527]: started, version 2.79 cachesize 150
Aug 27 13:54:44 gtw01 dnsmasq[21527]: DNS service limited to local subnets
Aug 27 13:54:44 gtw01 dnsmasq[21527]: compile time options: IPv6 GNU-getopt DBus i18n IDN DHCP DHCPv6 no-Lua TFTP conntrack ipset auth DNSSEC loop-detect inotify
Aug 27 13:54:44 gtw01 dnsmasq[21527]: warning: no upstream servers configured
Aug 27 13:54:44 gtw01 dnsmasq-dhcp[21527]: DHCP, static leases only on 192.168.120.0, lease time 1h
Aug 27 13:54:44 gtw01 dnsmasq[21527]: read /var/lib/neutron/dhcp/cd777bfc-082b-43f1-87f6-10172e901537/addn_hosts - 1 addresses
Aug 27 13:54:44 gtw01 dnsmasq-dhcp[21527]: read /var/lib/neutron/dhcp/cd777bfc-082b-43f1-87f6-10172e901537/host
Aug 27 13:54:44 gtw01 dnsmasq-dhcp[21527]: read /var/lib/neutron/dhcp/cd777bfc-082b-43f1-87f6-10172e901537/opts
Aug 27 13:54:44 gtw01 kernel: [ 2551.737628] device qg-c74f3ae6-77 entered promiscuous mode
Aug 27 13:54:44 gtw01 systemd-udevd[21558]: link_config: autonegotiation is unset or enabled, the speed and duplex are not writable.
Aug 27 13:54:44 gtw01 systemd-udevd[21558]: Could not generate persistent MAC address for qg-c74f3ae6-77: No such file or directory
Aug 27 13:54:44 gtw01 dnsmasq[21384]: read /var/lib/neutron/dhcp/534cbeff-aef3-4980-ac2a-2e1a6033db41/addn_hosts - 2 addresses
Aug 27 13:54:44 gtw01 dnsmasq-dhcp[21384]: read /var/lib/neutron/dhcp/534cbeff-aef3-4980-ac2a-2e1a6033db41/host
Aug 27 13:54:44 gtw01 dnsmasq-dhcp[21384]: read /var/lib/neutron/dhcp/534cbeff-aef3-4980-ac2a-2e1a6033db41/opts
Aug 27 13:54:45 gtw01 kernel: [ 2552.121482] IPv4: martian source 192.168.120.1 from 192.168.120.1, on dev qg-c74f3ae6-77
Aug 27 13:54:45 gtw01 kernel: [ 2552.121485] ll header: 00000000: ff ff ff ff ff ff fa 16 3e 87 c5 55 08 06        ........>..U..
Aug 27 13:54:45 gtw01 dnsmasq[21527]: read /var/lib/neutron/dhcp/cd777bfc-082b-43f1-87f6-10172e901537/addn_hosts - 2 addresses
Aug 27 13:54:45 gtw01 dnsmasq-dhcp[21527]: read /var/lib/neutron/dhcp/cd777bfc-082b-43f1-87f6-10172e901537/host
Aug 27 13:54:45 gtw01 dnsmasq-dhcp[21527]: read /var/lib/neutron/dhcp/cd777bfc-082b-43f1-87f6-10172e901537/opts
Aug 27 13:54:46 gtw01 dnsmasq[21384]: read /var/lib/neutron/dhcp/534cbeff-aef3-4980-ac2a-2e1a6033db41/addn_hosts - 2 addresses
Aug 27 13:54:46 gtw01 dnsmasq-dhcp[21384]: read /var/lib/neutron/dhcp/534cbeff-aef3-4980-ac2a-2e1a6033db41/host
Aug 27 13:54:46 gtw01 dnsmasq-dhcp[21384]: read /var/lib/neutron/dhcp/534cbeff-aef3-4980-ac2a-2e1a6033db41/opts
Aug 27 13:54:47 gtw01 dnsmasq[21527]: read /var/lib/neutron/dhcp/cd777bfc-082b-43f1-87f6-10172e901537/addn_hosts - 2 addresses
Aug 27 13:54:47 gtw01 dnsmasq-dhcp[21527]: read /var/lib/neutron/dhcp/cd777bfc-082b-43f1-87f6-10172e901537/host
Aug 27 13:54:47 gtw01 dnsmasq-dhcp[21527]: read /var/lib/neutron/dhcp/cd777bfc-082b-43f1-87f6-10172e901537/opts
Aug 27 13:54:48 gtw01 kernel: [ 2554.986937] device qg-75f0c63c-58 entered promiscuous mode
Aug 27 13:54:48 gtw01 systemd-udevd[21835]: link_config: autonegotiation is unset or enabled, the speed and duplex are not writable.
Aug 27 13:54:48 gtw01 systemd-udevd[21835]: Could not generate persistent MAC address for qg-75f0c63c-58: No such file or directory
Aug 27 13:54:48 gtw01 dnsmasq[21384]: read /var/lib/neutron/dhcp/534cbeff-aef3-4980-ac2a-2e1a6033db41/addn_hosts - 2 addresses
Aug 27 13:54:48 gtw01 dnsmasq-dhcp[21384]: read /var/lib/neutron/dhcp/534cbeff-aef3-4980-ac2a-2e1a6033db41/host
Aug 27 13:54:48 gtw01 dnsmasq-dhcp[21384]: read /var/lib/neutron/dhcp/534cbeff-aef3-4980-ac2a-2e1a6033db41/opts
Aug 27 13:54:48 gtw01 kernel: [ 2555.389327] IPv4: martian source 192.168.120.1 from 192.168.120.1, on dev qg-c74f3ae6-77
Aug 27 13:54:48 gtw01 kernel: [ 2555.389330] ll header: 00000000: ff ff ff ff ff ff fa 16 3e 87 c5 55 08 06        ........>..U..
Aug 27 13:54:49 gtw01 dnsmasq[21527]: read /var/lib/neutron/dhcp/cd777bfc-082b-43f1-87f6-10172e901537/addn_hosts - 2 addresses
Aug 27 13:54:49 gtw01 dnsmasq-dhcp[21527]: read /var/lib/neutron/dhcp/cd777bfc-082b-43f1-87f6-10172e901537/host
Aug 27 13:54:49 gtw01 dnsmasq-dhcp[21527]: read /var/lib/neutron/dhcp/cd777bfc-082b-43f1-87f6-10172e901537/opts
Aug 27 13:54:49 gtw01 dnsmasq[21983]: started, version 2.79 cachesize 150
Aug 27 13:54:49 gtw01 dnsmasq[21983]: DNS service limited to local subnets
Aug 27 13:54:49 gtw01 dnsmasq[21983]: compile time options: IPv6 GNU-getopt DBus i18n IDN DHCP DHCPv6 no-Lua TFTP conntrack ipset auth DNSSEC loop-detect inotify
Aug 27 13:54:49 gtw01 dnsmasq[21983]: warning: no upstream servers configured
Aug 27 13:54:49 gtw01 dnsmasq-dhcp[21983]: DHCP, static leases only on 192.168.120.0, lease time 1h
Aug 27 13:54:49 gtw01 dnsmasq[21983]: read /var/lib/neutron/dhcp/d25dc98e-22db-4920-9657-dddbcdd9588c/addn_hosts - 1 addresses
Aug 27 13:54:49 gtw01 dnsmasq-dhcp[21983]: read /var/lib/neutron/dhcp/d25dc98e-22db-4920-9657-dddbcdd9588c/host
Aug 27 13:54:49 gtw01 dnsmasq-dhcp[21983]: read /var/lib/neutron/dhcp/d25dc98e-22db-4920-9657-dddbcdd9588c/opts
Aug 27 13:54:49 gtw01 dnsmasq[21384]: read /var/lib/neutron/dhcp/534cbeff-aef3-4980-ac2a-2e1a6033db41/addn_hosts - 2 addresses
Aug 27 13:54:49 gtw01 dnsmasq-dhcp[21384]: read /var/lib/neutron/dhcp/534cbeff-aef3-4980-ac2a-2e1a6033db41/host
Aug 27 13:54:49 gtw01 dnsmasq-dhcp[21384]: read /var/lib/neutron/dhcp/534cbeff-aef3-4980-ac2a-2e1a6033db41/opts
Aug 27 13:54:50 gtw01 dnsmasq[21527]: read /var/lib/neutron/dhcp/cd777bfc-082b-43f1-87f6-10172e901537/addn_hosts - 2 addresses
Aug 27 13:54:50 gtw01 dnsmasq-dhcp[21527]: read /var/lib/neutron/dhcp/cd777bfc-082b-43f1-87f6-10172e901537/host
Aug 27 13:54:50 gtw01 dnsmasq-dhcp[21527]: read /var/lib/neutron/dhcp/cd777bfc-082b-43f1-87f6-10172e901537/opts
Aug 27 13:54:50 gtw01 dnsmasq[21983]: read /var/lib/neutron/dhcp/d25dc98e-22db-4920-9657-dddbcdd9588c/addn_hosts - 2 addresses
Aug 27 13:54:50 gtw01 dnsmasq-dhcp[21983]: read /var/lib/neutron/dhcp/d25dc98e-22db-4920-9657-dddbcdd9588c/host
Aug 27 13:54:50 gtw01 dnsmasq-dhcp[21983]: read /var/lib/neutron/dhcp/d25dc98e-22db-4920-9657-dddbcdd9588c/opts
Aug 27 13:54:50 gtw01 dnsmasq[21384]: read /var/lib/neutron/dhcp/534cbeff-aef3-4980-ac2a-2e1a6033db41/addn_hosts - 3 addresses
Aug 27 13:54:50 gtw01 dnsmasq-dhcp[21384]: read /var/lib/neutron/dhcp/534cbeff-aef3-4980-ac2a-2e1a6033db41/host
Aug 27 13:54:50 gtw01 dnsmasq-dhcp[21384]: read /var/lib/neutron/dhcp/534cbeff-aef3-4980-ac2a-2e1a6033db41/opts
Aug 27 13:54:51 gtw01 dnsmasq[21527]: read /var/lib/neutron/dhcp/cd777bfc-082b-43f1-87f6-10172e901537/addn_hosts - 2 addresses
Aug 27 13:54:51 gtw01 dnsmasq-dhcp[21527]: read /var/lib/neutron/dhcp/cd777bfc-082b-43f1-87f6-10172e901537/host
Aug 27 13:54:51 gtw01 dnsmasq-dhcp[21527]: read /var/lib/neutron/dhcp/cd777bfc-082b-43f1-87f6-10172e901537/opts
Aug 27 13:54:52 gtw01 dnsmasq[21384]: read /var/lib/neutron/dhcp/534cbeff-aef3-4980-ac2a-2e1a6033db41/addn_hosts - 3 addresses
Aug 27 13:54:52 gtw01 dnsmasq-dhcp[21384]: read /var/lib/neutron/dhcp/534cbeff-aef3-4980-ac2a-2e1a6033db41/host
Aug 27 13:54:52 gtw01 dnsmasq-dhcp[21384]: read /var/lib/neutron/dhcp/534cbeff-aef3-4980-ac2a-2e1a6033db41/opts
Aug 27 13:54:52 gtw01 dnsmasq[21983]: read /var/lib/neutron/dhcp/d25dc98e-22db-4920-9657-dddbcdd9588c/addn_hosts - 2 addresses
Aug 27 13:54:52 gtw01 dnsmasq-dhcp[21983]: read /var/lib/neutron/dhcp/d25dc98e-22db-4920-9657-dddbcdd9588c/host
Aug 27 13:54:52 gtw01 dnsmasq-dhcp[21983]: read /var/lib/neutron/dhcp/d25dc98e-22db-4920-9657-dddbcdd9588c/opts
Aug 27 13:54:53 gtw01 dnsmasq[21384]: read /var/lib/neutron/dhcp/534cbeff-aef3-4980-ac2a-2e1a6033db41/addn_hosts - 3 addresses
Aug 27 13:54:53 gtw01 dnsmasq-dhcp[21384]: read /var/lib/neutron/dhcp/534cbeff-aef3-4980-ac2a-2e1a6033db41/host
Aug 27 13:54:53 gtw01 dnsmasq-dhcp[21384]: read /var/lib/neutron/dhcp/534cbeff-aef3-4980-ac2a-2e1a6033db41/opts
Aug 27 13:54:53 gtw01 dnsmasq[21983]: read /var/lib/neutron/dhcp/d25dc98e-22db-4920-9657-dddbcdd9588c/addn_hosts - 2 addresses
Aug 27 13:54:53 gtw01 dnsmasq-dhcp[21983]: read /var/lib/neutron/dhcp/d25dc98e-22db-4920-9657-dddbcdd9588c/host
Aug 27 13:54:53 gtw01 dnsmasq-dhcp[21983]: read /var/lib/neutron/dhcp/d25dc98e-22db-4920-9657-dddbcdd9588c/opts
Aug 27 13:54:54 gtw01 dnsmasq[21384]: read /var/lib/neutron/dhcp/534cbeff-aef3-4980-ac2a-2e1a6033db41/addn_hosts - 3 addresses
Aug 27 13:54:54 gtw01 dnsmasq-dhcp[21384]: read /var/lib/neutron/dhcp/534cbeff-aef3-4980-ac2a-2e1a6033db41/host
Aug 27 13:54:54 gtw01 dnsmasq-dhcp[21384]: read /var/lib/neutron/dhcp/534cbeff-aef3-4980-ac2a-2e1a6033db41/opts
Aug 27 13:54:54 gtw01 dnsmasq[21983]: read /var/lib/neutron/dhcp/d25dc98e-22db-4920-9657-dddbcdd9588c/addn_hosts - 2 addresses
Aug 27 13:54:54 gtw01 dnsmasq-dhcp[21983]: read /var/lib/neutron/dhcp/d25dc98e-22db-4920-9657-dddbcdd9588c/host
Aug 27 13:54:54 gtw01 dnsmasq-dhcp[21983]: read /var/lib/neutron/dhcp/d25dc98e-22db-4920-9657-dddbcdd9588c/opts
Aug 27 13:54:55 gtw01 systemd-udevd[22346]: link_config: autonegotiation is unset or enabled, the speed and duplex are not writable.
Aug 27 13:54:55 gtw01 systemd-udevd[22346]: Could not generate persistent MAC address for vxlan_sys_4789: No such file or directory
Aug 27 13:54:55 gtw01 kernel: [ 2562.202580] device vxlan_sys_4789 entered promiscuous mode
Aug 27 13:54:55 gtw01 dnsmasq[21983]: read /var/lib/neutron/dhcp/d25dc98e-22db-4920-9657-dddbcdd9588c/addn_hosts - 3 addresses
Aug 27 13:54:55 gtw01 dnsmasq-dhcp[21983]: read /var/lib/neutron/dhcp/d25dc98e-22db-4920-9657-dddbcdd9588c/host
Aug 27 13:54:55 gtw01 dnsmasq-dhcp[21983]: read /var/lib/neutron/dhcp/d25dc98e-22db-4920-9657-dddbcdd9588c/opts
Aug 27 13:54:55 gtw01 dnsmasq[21384]: read /var/lib/neutron/dhcp/534cbeff-aef3-4980-ac2a-2e1a6033db41/addn_hosts - 3 addresses
Aug 27 13:54:55 gtw01 dnsmasq-dhcp[21384]: read /var/lib/neutron/dhcp/534cbeff-aef3-4980-ac2a-2e1a6033db41/host
Aug 27 13:54:55 gtw01 dnsmasq-dhcp[21384]: read /var/lib/neutron/dhcp/534cbeff-aef3-4980-ac2a-2e1a6033db41/opts
Aug 27 13:54:56 gtw01 dnsmasq[21983]: read /var/lib/neutron/dhcp/d25dc98e-22db-4920-9657-dddbcdd9588c/addn_hosts - 3 addresses
Aug 27 13:54:56 gtw01 dnsmasq-dhcp[21983]: read /var/lib/neutron/dhcp/d25dc98e-22db-4920-9657-dddbcdd9588c/host
Aug 27 13:54:56 gtw01 dnsmasq-dhcp[21983]: read /var/lib/neutron/dhcp/d25dc98e-22db-4920-9657-dddbcdd9588c/opts
Aug 27 13:54:56 gtw01 dnsmasq[21384]: read /var/lib/neutron/dhcp/534cbeff-aef3-4980-ac2a-2e1a6033db41/addn_hosts - 3 addresses
Aug 27 13:54:56 gtw01 dnsmasq-dhcp[21384]: read /var/lib/neutron/dhcp/534cbeff-aef3-4980-ac2a-2e1a6033db41/host
Aug 27 13:54:56 gtw01 dnsmasq-dhcp[21384]: read /var/lib/neutron/dhcp/534cbeff-aef3-4980-ac2a-2e1a6033db41/opts
Aug 27 13:54:57 gtw01 kernel: [ 2564.206140] device qr-f22fa55f-b8 entered promiscuous mode
Aug 27 13:54:57 gtw01 systemd-udevd[22514]: link_config: autonegotiation is unset or enabled, the speed and duplex are not writable.
Aug 27 13:54:57 gtw01 systemd-udevd[22514]: Could not generate persistent MAC address for qr-f22fa55f-b8: No such file or directory
Aug 27 13:54:57 gtw01 dnsmasq[21983]: read /var/lib/neutron/dhcp/d25dc98e-22db-4920-9657-dddbcdd9588c/addn_hosts - 3 addresses
Aug 27 13:54:57 gtw01 dnsmasq-dhcp[21983]: read /var/lib/neutron/dhcp/d25dc98e-22db-4920-9657-dddbcdd9588c/host
Aug 27 13:54:57 gtw01 dnsmasq-dhcp[21983]: read /var/lib/neutron/dhcp/d25dc98e-22db-4920-9657-dddbcdd9588c/opts
Aug 27 13:54:58 gtw01 kernel: [ 2565.270149] IPv4: martian source 192.168.120.1 from 192.168.120.1, on dev qr-6aa050c8-09
Aug 27 13:54:58 gtw01 kernel: [ 2565.270154] ll header: 00000000: ff ff ff ff ff ff fa 16 3e 66 e3 81 08 06        ........>f....
Aug 27 13:54:58 gtw01 dnsmasq[21983]: read /var/lib/neutron/dhcp/d25dc98e-22db-4920-9657-dddbcdd9588c/addn_hosts - 3 addresses
Aug 27 13:54:58 gtw01 dnsmasq-dhcp[21983]: read /var/lib/neutron/dhcp/d25dc98e-22db-4920-9657-dddbcdd9588c/host
Aug 27 13:54:58 gtw01 dnsmasq-dhcp[21983]: read /var/lib/neutron/dhcp/d25dc98e-22db-4920-9657-dddbcdd9588c/opts
Aug 27 13:54:58 gtw01 dnsmasq[21527]: read /var/lib/neutron/dhcp/cd777bfc-082b-43f1-87f6-10172e901537/addn_hosts - 2 addresses
Aug 27 13:54:58 gtw01 dnsmasq-dhcp[21527]: read /var/lib/neutron/dhcp/cd777bfc-082b-43f1-87f6-10172e901537/host
Aug 27 13:54:58 gtw01 dnsmasq-dhcp[21527]: read /var/lib/neutron/dhcp/cd777bfc-082b-43f1-87f6-10172e901537/opts
Aug 27 13:54:59 gtw01 dnsmasq[21527]: read /var/lib/neutron/dhcp/cd777bfc-082b-43f1-87f6-10172e901537/addn_hosts - 2 addresses
Aug 27 13:54:59 gtw01 dnsmasq-dhcp[21527]: read /var/lib/neutron/dhcp/cd777bfc-082b-43f1-87f6-10172e901537/host
Aug 27 13:54:59 gtw01 dnsmasq-dhcp[21527]: read /var/lib/neutron/dhcp/cd777bfc-082b-43f1-87f6-10172e901537/opts
Aug 27 13:55:00 gtw01 systemd-udevd[22750]: link_config: autonegotiation is unset or enabled, the speed and duplex are not writable.
Aug 27 13:55:00 gtw01 systemd-udevd[22750]: Could not generate persistent MAC address for tapa57e6bbe-fa: No such file or directory
Aug 27 13:55:00 gtw01 kernel: [ 2567.092696] device tapa57e6bbe-fa entered promiscuous mode
Aug 27 13:55:00 gtw01 systemd-udevd[22750]: Process '/sbin/ip link set tapa57e6bbe-fa txqueuelen 10000' failed with exit code 1.
Aug 27 13:55:00 gtw01 systemd-udevd[22750]: Process '/sbin/ip link set tapa57e6bbe-fa txqueuelen 10000' failed with exit code 1.
Aug 27 13:55:00 gtw01 dnsmasq[21983]: read /var/lib/neutron/dhcp/d25dc98e-22db-4920-9657-dddbcdd9588c/addn_hosts - 3 addresses
Aug 27 13:55:00 gtw01 dnsmasq-dhcp[21983]: read /var/lib/neutron/dhcp/d25dc98e-22db-4920-9657-dddbcdd9588c/host
Aug 27 13:55:00 gtw01 dnsmasq-dhcp[21983]: read /var/lib/neutron/dhcp/d25dc98e-22db-4920-9657-dddbcdd9588c/opts
Aug 27 13:55:01 gtw01 dnsmasq[21527]: read /var/lib/neutron/dhcp/cd777bfc-082b-43f1-87f6-10172e901537/addn_hosts - 3 addresses
Aug 27 13:55:01 gtw01 dnsmasq-dhcp[21527]: read /var/lib/neutron/dhcp/cd777bfc-082b-43f1-87f6-10172e901537/host
Aug 27 13:55:01 gtw01 dnsmasq-dhcp[21527]: read /var/lib/neutron/dhcp/cd777bfc-082b-43f1-87f6-10172e901537/opts
Aug 27 13:55:01 gtw01 dnsmasq[21983]: read /var/lib/neutron/dhcp/d25dc98e-22db-4920-9657-dddbcdd9588c/addn_hosts - 3 addresses
Aug 27 13:55:01 gtw01 dnsmasq-dhcp[21983]: read /var/lib/neutron/dhcp/d25dc98e-22db-4920-9657-dddbcdd9588c/host
Aug 27 13:55:01 gtw01 dnsmasq-dhcp[21983]: read /var/lib/neutron/dhcp/d25dc98e-22db-4920-9657-dddbcdd9588c/opts
Aug 27 13:55:02 gtw01 systemd-udevd[22974]: link_config: autonegotiation is unset or enabled, the speed and duplex are not writable.
Aug 27 13:55:02 gtw01 systemd-udevd[22974]: Could not generate persistent MAC address for qr-af3df132-b6: No such file or directory
Aug 27 13:55:02 gtw01 kernel: [ 2569.269615] device qr-af3df132-b6 entered promiscuous mode
Aug 27 13:55:02 gtw01 dnsmasq[21527]: read /var/lib/neutron/dhcp/cd777bfc-082b-43f1-87f6-10172e901537/addn_hosts - 3 addresses
Aug 27 13:55:02 gtw01 dnsmasq-dhcp[21527]: read /var/lib/neutron/dhcp/cd777bfc-082b-43f1-87f6-10172e901537/host
Aug 27 13:55:02 gtw01 dnsmasq-dhcp[21527]: read /var/lib/neutron/dhcp/cd777bfc-082b-43f1-87f6-10172e901537/opts
Aug 27 13:55:03 gtw01 dnsmasq[21384]: read /var/lib/neutron/dhcp/534cbeff-aef3-4980-ac2a-2e1a6033db41/addn_hosts - 2 addresses
Aug 27 13:55:03 gtw01 dnsmasq-dhcp[21384]: read /var/lib/neutron/dhcp/534cbeff-aef3-4980-ac2a-2e1a6033db41/host
Aug 27 13:55:03 gtw01 dnsmasq-dhcp[21384]: read /var/lib/neutron/dhcp/534cbeff-aef3-4980-ac2a-2e1a6033db41/opts
Aug 27 13:55:03 gtw01 dnsmasq[21527]: read /var/lib/neutron/dhcp/cd777bfc-082b-43f1-87f6-10172e901537/addn_hosts - 3 addresses
Aug 27 13:55:03 gtw01 dnsmasq-dhcp[21527]: read /var/lib/neutron/dhcp/cd777bfc-082b-43f1-87f6-10172e901537/host
Aug 27 13:55:03 gtw01 dnsmasq-dhcp[21527]: read /var/lib/neutron/dhcp/cd777bfc-082b-43f1-87f6-10172e901537/opts
Aug 27 13:55:04 gtw01 kernel: [ 2571.169531] IPv4: martian source 192.168.120.1 from 192.168.120.1, on dev qr-6aa050c8-09
Aug 27 13:55:04 gtw01 kernel: [ 2571.169535] ll header: 00000000: ff ff ff ff ff ff fa 16 3e 83 45 4e 08 06        ........>.EN..
Aug 27 13:55:04 gtw01 dnsmasq[23222]: started, version 2.79 cachesize 150
Aug 27 13:55:04 gtw01 dnsmasq[23222]: DNS service limited to local subnets
Aug 27 13:55:04 gtw01 dnsmasq[23222]: compile time options: IPv6 GNU-getopt DBus i18n IDN DHCP DHCPv6 no-Lua TFTP conntrack ipset auth DNSSEC loop-detect inotify
Aug 27 13:55:04 gtw01 dnsmasq[23222]: warning: no upstream servers configured
Aug 27 13:55:04 gtw01 dnsmasq-dhcp[23222]: DHCP, static leases only on 192.168.120.0, lease time 1h
Aug 27 13:55:04 gtw01 dnsmasq[23222]: read /var/lib/neutron/dhcp/182a75e6-d6a5-4bdb-b818-8df9dd1d2aa1/addn_hosts - 1 addresses
Aug 27 13:55:04 gtw01 dnsmasq-dhcp[23222]: read /var/lib/neutron/dhcp/182a75e6-d6a5-4bdb-b818-8df9dd1d2aa1/host
Aug 27 13:55:04 gtw01 dnsmasq-dhcp[23222]: read /var/lib/neutron/dhcp/182a75e6-d6a5-4bdb-b818-8df9dd1d2aa1/opts
Aug 27 13:55:05 gtw01 dnsmasq[23222]: read /var/lib/neutron/dhcp/182a75e6-d6a5-4bdb-b818-8df9dd1d2aa1/addn_hosts - 2 addresses
Aug 27 13:55:05 gtw01 dnsmasq-dhcp[23222]: read /var/lib/neutron/dhcp/182a75e6-d6a5-4bdb-b818-8df9dd1d2aa1/host
Aug 27 13:55:05 gtw01 dnsmasq-dhcp[23222]: read /var/lib/neutron/dhcp/182a75e6-d6a5-4bdb-b818-8df9dd1d2aa1/opts
Aug 27 13:55:06 gtw01 kernel: [ 2573.360834] device qg-49b2eeca-7f entered promiscuous mode
Aug 27 13:55:06 gtw01 systemd-udevd[23316]: link_config: autonegotiation is unset or enabled, the speed and duplex are not writable.
Aug 27 13:55:06 gtw01 systemd-udevd[23316]: Could not generate persistent MAC address for qg-49b2eeca-7f: No such file or directory
Aug 27 13:55:06 gtw01 dnsmasq[21384]: read /var/lib/neutron/dhcp/534cbeff-aef3-4980-ac2a-2e1a6033db41/addn_hosts - 1 addresses
Aug 27 13:55:06 gtw01 dnsmasq-dhcp[21384]: read /var/lib/neutron/dhcp/534cbeff-aef3-4980-ac2a-2e1a6033db41/host
Aug 27 13:55:06 gtw01 dnsmasq-dhcp[21384]: read /var/lib/neutron/dhcp/534cbeff-aef3-4980-ac2a-2e1a6033db41/opts
Aug 27 13:55:07 gtw01 dnsmasq[23222]: read /var/lib/neutron/dhcp/182a75e6-d6a5-4bdb-b818-8df9dd1d2aa1/addn_hosts - 2 addresses
Aug 27 13:55:07 gtw01 dnsmasq-dhcp[23222]: read /var/lib/neutron/dhcp/182a75e6-d6a5-4bdb-b818-8df9dd1d2aa1/host
Aug 27 13:55:07 gtw01 dnsmasq-dhcp[23222]: read /var/lib/neutron/dhcp/182a75e6-d6a5-4bdb-b818-8df9dd1d2aa1/opts
Aug 27 13:55:07 gtw01 dnsmasq[23222]: read /var/lib/neutron/dhcp/182a75e6-d6a5-4bdb-b818-8df9dd1d2aa1/addn_hosts - 2 addresses
Aug 27 13:55:07 gtw01 dnsmasq-dhcp[23222]: read /var/lib/neutron/dhcp/182a75e6-d6a5-4bdb-b818-8df9dd1d2aa1/host
Aug 27 13:55:07 gtw01 dnsmasq-dhcp[23222]: read /var/lib/neutron/dhcp/182a75e6-d6a5-4bdb-b818-8df9dd1d2aa1/opts
Aug 27 13:55:08 gtw01 kernel: [ 2575.442605] device qr-f22fa55f-b8 left promiscuous mode
Aug 27 13:55:09 gtw01 dnsmasq[23222]: read /var/lib/neutron/dhcp/182a75e6-d6a5-4bdb-b818-8df9dd1d2aa1/addn_hosts - 2 addresses
Aug 27 13:55:09 gtw01 dnsmasq-dhcp[23222]: read /var/lib/neutron/dhcp/182a75e6-d6a5-4bdb-b818-8df9dd1d2aa1/host
Aug 27 13:55:09 gtw01 dnsmasq-dhcp[23222]: read /var/lib/neutron/dhcp/182a75e6-d6a5-4bdb-b818-8df9dd1d2aa1/opts
Aug 27 13:55:09 gtw01 kernel: [ 2576.435352] device qg-226ee60a-ef left promiscuous mode
Aug 27 13:55:10 gtw01 dnsmasq[23222]: read /var/lib/neutron/dhcp/182a75e6-d6a5-4bdb-b818-8df9dd1d2aa1/addn_hosts - 2 addresses
Aug 27 13:55:10 gtw01 dnsmasq-dhcp[23222]: read /var/lib/neutron/dhcp/182a75e6-d6a5-4bdb-b818-8df9dd1d2aa1/host
Aug 27 13:55:10 gtw01 dnsmasq-dhcp[23222]: read /var/lib/neutron/dhcp/182a75e6-d6a5-4bdb-b818-8df9dd1d2aa1/opts
Aug 27 13:55:12 gtw01 kernel: [ 2579.286227] device tap37df1a83-61 left promiscuous mode
Aug 27 13:55:12 gtw01 dnsmasq-dhcp[21983]: DHCPDISCOVER(tap78df6f8a-12) fa:16:3e:b3:fb:63
Aug 27 13:55:12 gtw01 dnsmasq-dhcp[21983]: DHCPOFFER(tap78df6f8a-12) 192.168.120.10 fa:16:3e:b3:fb:63
Aug 27 13:55:12 gtw01 dnsmasq-dhcp[21983]: DHCPREQUEST(tap78df6f8a-12) 192.168.120.10 fa:16:3e:b3:fb:63
Aug 27 13:55:12 gtw01 dnsmasq-dhcp[21983]: DHCPACK(tap78df6f8a-12) 192.168.120.10 fa:16:3e:b3:fb:63 host-192-168-120-10
Aug 27 13:55:12 gtw01 dnsmasq[23222]: read /var/lib/neutron/dhcp/182a75e6-d6a5-4bdb-b818-8df9dd1d2aa1/addn_hosts - 3 addresses
Aug 27 13:55:12 gtw01 dnsmasq-dhcp[23222]: read /var/lib/neutron/dhcp/182a75e6-d6a5-4bdb-b818-8df9dd1d2aa1/host
Aug 27 13:55:12 gtw01 dnsmasq-dhcp[23222]: read /var/lib/neutron/dhcp/182a75e6-d6a5-4bdb-b818-8df9dd1d2aa1/opts
Aug 27 13:55:12 gtw01 dnsmasq[21527]: read /var/lib/neutron/dhcp/cd777bfc-082b-43f1-87f6-10172e901537/addn_hosts - 2 addresses
Aug 27 13:55:12 gtw01 dnsmasq-dhcp[21527]: read /var/lib/neutron/dhcp/cd777bfc-082b-43f1-87f6-10172e901537/host
Aug 27 13:55:12 gtw01 dnsmasq-dhcp[21527]: read /var/lib/neutron/dhcp/cd777bfc-082b-43f1-87f6-10172e901537/opts
Aug 27 13:55:13 gtw01 dnsmasq[23222]: read /var/lib/neutron/dhcp/182a75e6-d6a5-4bdb-b818-8df9dd1d2aa1/addn_hosts - 3 addresses
Aug 27 13:55:13 gtw01 dnsmasq-dhcp[23222]: read /var/lib/neutron/dhcp/182a75e6-d6a5-4bdb-b818-8df9dd1d2aa1/host
Aug 27 13:55:13 gtw01 dnsmasq-dhcp[23222]: read /var/lib/neutron/dhcp/182a75e6-d6a5-4bdb-b818-8df9dd1d2aa1/opts
Aug 27 13:55:14 gtw01 dnsmasq[23222]: read /var/lib/neutron/dhcp/182a75e6-d6a5-4bdb-b818-8df9dd1d2aa1/addn_hosts - 3 addresses
Aug 27 13:55:14 gtw01 dnsmasq-dhcp[23222]: read /var/lib/neutron/dhcp/182a75e6-d6a5-4bdb-b818-8df9dd1d2aa1/host
Aug 27 13:55:14 gtw01 dnsmasq-dhcp[23222]: read /var/lib/neutron/dhcp/182a75e6-d6a5-4bdb-b818-8df9dd1d2aa1/opts
Aug 27 13:55:15 gtw01 dnsmasq[21983]: read /var/lib/neutron/dhcp/d25dc98e-22db-4920-9657-dddbcdd9588c/addn_hosts - 4 addresses
Aug 27 13:55:15 gtw01 dnsmasq-dhcp[21983]: read /var/lib/neutron/dhcp/d25dc98e-22db-4920-9657-dddbcdd9588c/host
Aug 27 13:55:15 gtw01 dnsmasq-dhcp[21983]: read /var/lib/neutron/dhcp/d25dc98e-22db-4920-9657-dddbcdd9588c/opts
Aug 27 13:55:17 gtw01 dnsmasq[23222]: read /var/lib/neutron/dhcp/182a75e6-d6a5-4bdb-b818-8df9dd1d2aa1/addn_hosts - 3 addresses
Aug 27 13:55:17 gtw01 dnsmasq-dhcp[23222]: read /var/lib/neutron/dhcp/182a75e6-d6a5-4bdb-b818-8df9dd1d2aa1/host
Aug 27 13:55:17 gtw01 dnsmasq-dhcp[23222]: read /var/lib/neutron/dhcp/182a75e6-d6a5-4bdb-b818-8df9dd1d2aa1/opts
Aug 27 13:55:18 gtw01 dnsmasq[23222]: read /var/lib/neutron/dhcp/182a75e6-d6a5-4bdb-b818-8df9dd1d2aa1/addn_hosts - 3 addresses
Aug 27 13:55:18 gtw01 dnsmasq-dhcp[23222]: read /var/lib/neutron/dhcp/182a75e6-d6a5-4bdb-b818-8df9dd1d2aa1/host
Aug 27 13:55:18 gtw01 dnsmasq-dhcp[23222]: read /var/lib/neutron/dhcp/182a75e6-d6a5-4bdb-b818-8df9dd1d2aa1/opts
Aug 27 13:55:18 gtw01 systemd-udevd[24041]: link_config: autonegotiation is unset or enabled, the speed and duplex are not writable.
Aug 27 13:55:18 gtw01 systemd-udevd[24041]: Could not generate persistent MAC address for qr-a3bfaa64-43: No such file or directory
Aug 27 13:55:18 gtw01 kernel: [ 2585.713573] device qr-a3bfaa64-43 entered promiscuous mode
Aug 27 13:55:19 gtw01 dnsmasq[21527]: read /var/lib/neutron/dhcp/cd777bfc-082b-43f1-87f6-10172e901537/addn_hosts - 1 addresses
Aug 27 13:55:19 gtw01 dnsmasq-dhcp[21527]: read /var/lib/neutron/dhcp/cd777bfc-082b-43f1-87f6-10172e901537/host
Aug 27 13:55:19 gtw01 dnsmasq-dhcp[21527]: read /var/lib/neutron/dhcp/cd777bfc-082b-43f1-87f6-10172e901537/opts
Aug 27 13:55:19 gtw01 kernel: [ 2586.825580] IPv4: martian source 192.168.120.1 from 192.168.120.1, on dev qr-6aa050c8-09
Aug 27 13:55:19 gtw01 kernel: [ 2586.825584] ll header: 00000000: ff ff ff ff ff ff fa 16 3e 59 cf 31 08 06        ........>Y.1..
Aug 27 13:55:20 gtw01 dnsmasq-dhcp[21983]: DHCPRELEASE(tap78df6f8a-12) 192.168.120.10 fa:16:3e:b3:fb:63
Aug 27 13:55:20 gtw01 dnsmasq-dhcp[21983]: DHCPRELEASE(tap78df6f8a-12) 192.168.120.10 fa:16:3e:b3:fb:63 unknown lease
Aug 27 13:55:20 gtw01 systemd-udevd[24236]: link_config: autonegotiation is unset or enabled, the speed and duplex are not writable.
Aug 27 13:55:20 gtw01 systemd-udevd[24236]: Could not generate persistent MAC address for tap296c6d26-cd: No such file or directory
Aug 27 13:55:20 gtw01 kernel: [ 2587.838130] device tap296c6d26-cd entered promiscuous mode
Aug 27 13:55:20 gtw01 systemd-udevd[24236]: Process '/sbin/ip link set tap296c6d26-cd txqueuelen 10000' failed with exit code 1.
Aug 27 13:55:20 gtw01 systemd-udevd[24314]: Process '/sbin/ip link set tap296c6d26-cd txqueuelen 10000' failed with exit code 1.
Aug 27 13:55:21 gtw01 dnsmasq[21983]: read /var/lib/neutron/dhcp/d25dc98e-22db-4920-9657-dddbcdd9588c/addn_hosts - 2 addresses
Aug 27 13:55:21 gtw01 dnsmasq-dhcp[21983]: read /var/lib/neutron/dhcp/d25dc98e-22db-4920-9657-dddbcdd9588c/host
Aug 27 13:55:21 gtw01 dnsmasq-dhcp[21983]: read /var/lib/neutron/dhcp/d25dc98e-22db-4920-9657-dddbcdd9588c/opts
Aug 27 13:55:22 gtw01 kernel: [ 2589.283041] device qr-6aa050c8-09 left promiscuous mode
Aug 27 13:55:23 gtw01 kernel: [ 2590.535995] device qg-c74f3ae6-77 left promiscuous mode
Aug 27 13:55:24 gtw01 dnsmasq[24532]: started, version 2.79 cachesize 150
Aug 27 13:55:24 gtw01 dnsmasq[24532]: DNS service limited to local subnets
Aug 27 13:55:24 gtw01 dnsmasq[24532]: compile time options: IPv6 GNU-getopt DBus i18n IDN DHCP DHCPv6 no-Lua TFTP conntrack ipset auth DNSSEC loop-detect inotify
Aug 27 13:55:24 gtw01 dnsmasq[24532]: warning: no upstream servers configured
Aug 27 13:55:24 gtw01 dnsmasq-dhcp[24532]: DHCP, static leases only on 192.168.120.0, lease time 1h
Aug 27 13:55:24 gtw01 dnsmasq[24532]: read /var/lib/neutron/dhcp/7fbe98c9-76ad-40f5-ba89-d311ef0a0f4d/addn_hosts - 1 addresses
Aug 27 13:55:24 gtw01 dnsmasq-dhcp[24532]: read /var/lib/neutron/dhcp/7fbe98c9-76ad-40f5-ba89-d311ef0a0f4d/host
Aug 27 13:55:24 gtw01 dnsmasq-dhcp[24532]: read /var/lib/neutron/dhcp/7fbe98c9-76ad-40f5-ba89-d311ef0a0f4d/opts
Aug 27 13:55:24 gtw01 dnsmasq[21983]: read /var/lib/neutron/dhcp/d25dc98e-22db-4920-9657-dddbcdd9588c/addn_hosts - 1 addresses
Aug 27 13:55:24 gtw01 dnsmasq-dhcp[21983]: read /var/lib/neutron/dhcp/d25dc98e-22db-4920-9657-dddbcdd9588c/host
Aug 27 13:55:24 gtw01 dnsmasq-dhcp[21983]: read /var/lib/neutron/dhcp/d25dc98e-22db-4920-9657-dddbcdd9588c/opts
Aug 27 13:55:25 gtw01 dnsmasq[24532]: read /var/lib/neutron/dhcp/7fbe98c9-76ad-40f5-ba89-d311ef0a0f4d/addn_hosts - 2 addresses
Aug 27 13:55:25 gtw01 dnsmasq-dhcp[24532]: read /var/lib/neutron/dhcp/7fbe98c9-76ad-40f5-ba89-d311ef0a0f4d/host
Aug 27 13:55:25 gtw01 dnsmasq-dhcp[24532]: read /var/lib/neutron/dhcp/7fbe98c9-76ad-40f5-ba89-d311ef0a0f4d/opts
Aug 27 13:55:25 gtw01 systemd-udevd[24626]: link_config: autonegotiation is unset or enabled, the speed and duplex are not writable.
Aug 27 13:55:25 gtw01 systemd-udevd[24626]: Could not generate persistent MAC address for qr-e4b010c5-2d: No such file or directory
Aug 27 13:55:25 gtw01 kernel: [ 2592.753432] device qr-e4b010c5-2d entered promiscuous mode
Aug 27 13:55:26 gtw01 kernel: [ 2592.989110] device tapcd23492c-d1 left promiscuous mode
Aug 27 13:55:26 gtw01 dnsmasq-dhcp[23222]: DHCPDISCOVER(tapa57e6bbe-fa) fa:16:3e:bf:06:63
Aug 27 13:55:26 gtw01 dnsmasq-dhcp[23222]: DHCPOFFER(tapa57e6bbe-fa) 192.168.120.14 fa:16:3e:bf:06:63
Aug 27 13:55:26 gtw01 dnsmasq-dhcp[23222]: DHCPREQUEST(tapa57e6bbe-fa) 192.168.120.14 fa:16:3e:bf:06:63
Aug 27 13:55:26 gtw01 dnsmasq-dhcp[23222]: DHCPACK(tapa57e6bbe-fa) 192.168.120.14 fa:16:3e:bf:06:63 host-192-168-120-14
Aug 27 13:55:26 gtw01 kernel: [ 2593.795856] device qg-542bb20a-26 entered promiscuous mode
Aug 27 13:55:26 gtw01 systemd-udevd[24763]: link_config: autonegotiation is unset or enabled, the speed and duplex are not writable.
Aug 27 13:55:26 gtw01 systemd-udevd[24763]: Could not generate persistent MAC address for qg-542bb20a-26: No such file or directory
Aug 27 13:55:26 gtw01 dnsmasq[24532]: read /var/lib/neutron/dhcp/7fbe98c9-76ad-40f5-ba89-d311ef0a0f4d/addn_hosts - 2 addresses
Aug 27 13:55:26 gtw01 dnsmasq-dhcp[24532]: read /var/lib/neutron/dhcp/7fbe98c9-76ad-40f5-ba89-d311ef0a0f4d/host
Aug 27 13:55:26 gtw01 dnsmasq-dhcp[24532]: read /var/lib/neutron/dhcp/7fbe98c9-76ad-40f5-ba89-d311ef0a0f4d/opts
Aug 27 13:55:27 gtw01 kernel: [ 2594.025414] IPv4: martian source 192.168.120.1 from 192.168.120.1, on dev qg-542bb20a-26
Aug 27 13:55:27 gtw01 kernel: [ 2594.025418] ll header: 00000000: ff ff ff ff ff ff fa 16 3e 78 2d d3 08 06        ........>x-...
Aug 27 13:55:27 gtw01 kernel: [ 2594.139934] device qr-af3df132-b6 left promiscuous mode
Aug 27 13:55:27 gtw01 dnsmasq[24532]: read /var/lib/neutron/dhcp/7fbe98c9-76ad-40f5-ba89-d311ef0a0f4d/addn_hosts - 2 addresses
Aug 27 13:55:27 gtw01 dnsmasq-dhcp[24532]: read /var/lib/neutron/dhcp/7fbe98c9-76ad-40f5-ba89-d311ef0a0f4d/host
Aug 27 13:55:27 gtw01 dnsmasq-dhcp[24532]: read /var/lib/neutron/dhcp/7fbe98c9-76ad-40f5-ba89-d311ef0a0f4d/opts
Aug 27 13:55:27 gtw01 kernel: [ 2594.949305] device qg-75f0c63c-58 left promiscuous mode
Aug 27 13:55:28 gtw01 dnsmasq[24532]: read /var/lib/neutron/dhcp/7fbe98c9-76ad-40f5-ba89-d311ef0a0f4d/addn_hosts - 2 addresses
Aug 27 13:55:28 gtw01 dnsmasq-dhcp[24532]: read /var/lib/neutron/dhcp/7fbe98c9-76ad-40f5-ba89-d311ef0a0f4d/host
Aug 27 13:55:28 gtw01 dnsmasq-dhcp[24532]: read /var/lib/neutron/dhcp/7fbe98c9-76ad-40f5-ba89-d311ef0a0f4d/opts
Aug 27 13:55:29 gtw01 dnsmasq[24532]: read /var/lib/neutron/dhcp/7fbe98c9-76ad-40f5-ba89-d311ef0a0f4d/addn_hosts - 2 addresses
Aug 27 13:55:29 gtw01 dnsmasq-dhcp[24532]: read /var/lib/neutron/dhcp/7fbe98c9-76ad-40f5-ba89-d311ef0a0f4d/host
Aug 27 13:55:29 gtw01 dnsmasq-dhcp[24532]: read /var/lib/neutron/dhcp/7fbe98c9-76ad-40f5-ba89-d311ef0a0f4d/opts
Aug 27 13:55:29 gtw01 kernel: [ 2596.745146] IPv4: martian source 192.168.120.1 from 192.168.120.1, on dev qg-542bb20a-26
Aug 27 13:55:29 gtw01 kernel: [ 2596.745149] ll header: 00000000: ff ff ff ff ff ff fa 16 3e 78 2d d3 08 06        ........>x-...
Aug 27 13:55:30 gtw01 kernel: [ 2597.025484] IPv4: martian source 10.16.0.146 from 10.16.0.146, on dev qr-e4b010c5-2d
Aug 27 13:55:30 gtw01 kernel: [ 2597.025487] ll header: 00000000: ff ff ff ff ff ff fa 16 3e 81 1d b5 08 06        ........>.....
Aug 27 13:55:30 gtw01 dnsmasq[24532]: read /var/lib/neutron/dhcp/7fbe98c9-76ad-40f5-ba89-d311ef0a0f4d/addn_hosts - 3 addresses
Aug 27 13:55:30 gtw01 dnsmasq-dhcp[24532]: read /var/lib/neutron/dhcp/7fbe98c9-76ad-40f5-ba89-d311ef0a0f4d/host
Aug 27 13:55:30 gtw01 dnsmasq-dhcp[24532]: read /var/lib/neutron/dhcp/7fbe98c9-76ad-40f5-ba89-d311ef0a0f4d/opts
Aug 27 13:55:30 gtw01 kernel: [ 2597.565481] device tap78df6f8a-12 left promiscuous mode
Aug 27 13:55:30 gtw01 kernel: [ 2597.626204] device vxlan_sys_4789 left promiscuous mode
Aug 27 13:55:30 gtw01 ovs-vswitchd: ovs|00009|netdev_tc_offloads(revalidator32)|ERR|dump_create: failed to get ifindex for vxlan-0a010006: No such device
Aug 27 13:55:31 gtw01 dnsmasq[24532]: read /var/lib/neutron/dhcp/7fbe98c9-76ad-40f5-ba89-d311ef0a0f4d/addn_hosts - 3 addresses
Aug 27 13:55:31 gtw01 dnsmasq-dhcp[24532]: read /var/lib/neutron/dhcp/7fbe98c9-76ad-40f5-ba89-d311ef0a0f4d/host
Aug 27 13:55:31 gtw01 dnsmasq-dhcp[24532]: read /var/lib/neutron/dhcp/7fbe98c9-76ad-40f5-ba89-d311ef0a0f4d/opts
Aug 27 13:55:32 gtw01 dnsmasq[24532]: read /var/lib/neutron/dhcp/7fbe98c9-76ad-40f5-ba89-d311ef0a0f4d/addn_hosts - 3 addresses
Aug 27 13:55:32 gtw01 dnsmasq-dhcp[24532]: read /var/lib/neutron/dhcp/7fbe98c9-76ad-40f5-ba89-d311ef0a0f4d/host
Aug 27 13:55:32 gtw01 dnsmasq-dhcp[24532]: read /var/lib/neutron/dhcp/7fbe98c9-76ad-40f5-ba89-d311ef0a0f4d/opts
Aug 27 13:55:32 gtw01 kernel: [ 2599.899252] device vxlan_sys_4789 entered promiscuous mode
Aug 27 13:55:32 gtw01 systemd-udevd[25185]: link_config: autonegotiation is unset or enabled, the speed and duplex are not writable.
Aug 27 13:55:32 gtw01 systemd-udevd[25185]: Could not generate persistent MAC address for vxlan_sys_4789: No such file or directory
Aug 27 13:55:35 gtw01 dnsmasq[24532]: read /var/lib/neutron/dhcp/7fbe98c9-76ad-40f5-ba89-d311ef0a0f4d/addn_hosts - 3 addresses
Aug 27 13:55:35 gtw01 dnsmasq-dhcp[24532]: read /var/lib/neutron/dhcp/7fbe98c9-76ad-40f5-ba89-d311ef0a0f4d/host
Aug 27 13:55:35 gtw01 dnsmasq-dhcp[24532]: read /var/lib/neutron/dhcp/7fbe98c9-76ad-40f5-ba89-d311ef0a0f4d/opts
Aug 27 13:55:36 gtw01 dnsmasq[24532]: read /var/lib/neutron/dhcp/7fbe98c9-76ad-40f5-ba89-d311ef0a0f4d/addn_hosts - 3 addresses
Aug 27 13:55:36 gtw01 dnsmasq-dhcp[24532]: read /var/lib/neutron/dhcp/7fbe98c9-76ad-40f5-ba89-d311ef0a0f4d/host
Aug 27 13:55:36 gtw01 dnsmasq-dhcp[24532]: read /var/lib/neutron/dhcp/7fbe98c9-76ad-40f5-ba89-d311ef0a0f4d/opts
Aug 27 13:55:40 gtw01 dnsmasq[24532]: read /var/lib/neutron/dhcp/7fbe98c9-76ad-40f5-ba89-d311ef0a0f4d/addn_hosts - 2 addresses
Aug 27 13:55:40 gtw01 dnsmasq-dhcp[24532]: read /var/lib/neutron/dhcp/7fbe98c9-76ad-40f5-ba89-d311ef0a0f4d/host
Aug 27 13:55:40 gtw01 dnsmasq-dhcp[24532]: read /var/lib/neutron/dhcp/7fbe98c9-76ad-40f5-ba89-d311ef0a0f4d/opts
Aug 27 13:55:41 gtw01 dnsmasq-dhcp[23222]: DHCPDISCOVER(tapa57e6bbe-fa) fa:16:3e:bf:06:63
Aug 27 13:55:41 gtw01 dnsmasq-dhcp[23222]: DHCPOFFER(tapa57e6bbe-fa) 192.168.120.14 fa:16:3e:bf:06:63
Aug 27 13:55:41 gtw01 dnsmasq-dhcp[23222]: DHCPREQUEST(tapa57e6bbe-fa) 192.168.120.14 fa:16:3e:bf:06:63
Aug 27 13:55:41 gtw01 dnsmasq-dhcp[23222]: DHCPACK(tapa57e6bbe-fa) 192.168.120.14 fa:16:3e:bf:06:63 host-192-168-120-14
Aug 27 13:55:43 gtw01 dnsmasq[24532]: read /var/lib/neutron/dhcp/7fbe98c9-76ad-40f5-ba89-d311ef0a0f4d/addn_hosts - 1 addresses
Aug 27 13:55:43 gtw01 dnsmasq-dhcp[24532]: read /var/lib/neutron/dhcp/7fbe98c9-76ad-40f5-ba89-d311ef0a0f4d/host
Aug 27 13:55:43 gtw01 dnsmasq-dhcp[24532]: read /var/lib/neutron/dhcp/7fbe98c9-76ad-40f5-ba89-d311ef0a0f4d/opts
Aug 27 13:55:45 gtw01 kernel: [ 2612.257675] device qr-e4b010c5-2d left promiscuous mode
Aug 27 13:55:45 gtw01 kernel: [ 2612.891512] device qg-542bb20a-26 left promiscuous mode
Aug 27 13:55:47 gtw01 kernel: [ 2614.841616] device vxlan_sys_4789 left promiscuous mode
Aug 27 13:55:47 gtw01 ovs-vswitchd: ovs|00016|netdev_tc_offloads(revalidator32)|ERR|dump_create: failed to get ifindex for vxlan-0a010005: No such device
Aug 27 13:55:47 gtw01 kernel: [ 2614.934780] device tap296c6d26-cd left promiscuous mode
Aug 27 13:55:49 gtw01 dnsmasq-dhcp[23222]: DHCPRELEASE(tapa57e6bbe-fa) 192.168.120.14 fa:16:3e:bf:06:63
Aug 27 13:55:49 gtw01 dnsmasq-dhcp[23222]: DHCPRELEASE(tapa57e6bbe-fa) 192.168.120.14 fa:16:3e:bf:06:63 unknown lease
Aug 27 13:55:50 gtw01 dnsmasq[23222]: read /var/lib/neutron/dhcp/182a75e6-d6a5-4bdb-b818-8df9dd1d2aa1/addn_hosts - 2 addresses
Aug 27 13:55:50 gtw01 dnsmasq-dhcp[23222]: read /var/lib/neutron/dhcp/182a75e6-d6a5-4bdb-b818-8df9dd1d2aa1/host
Aug 27 13:55:50 gtw01 dnsmasq-dhcp[23222]: read /var/lib/neutron/dhcp/182a75e6-d6a5-4bdb-b818-8df9dd1d2aa1/opts
Aug 27 13:55:53 gtw01 dnsmasq[23222]: read /var/lib/neutron/dhcp/182a75e6-d6a5-4bdb-b818-8df9dd1d2aa1/addn_hosts - 1 addresses
Aug 27 13:55:53 gtw01 dnsmasq-dhcp[23222]: read /var/lib/neutron/dhcp/182a75e6-d6a5-4bdb-b818-8df9dd1d2aa1/host
Aug 27 13:55:53 gtw01 dnsmasq-dhcp[23222]: read /var/lib/neutron/dhcp/182a75e6-d6a5-4bdb-b818-8df9dd1d2aa1/opts
Aug 27 13:55:55 gtw01 kernel: [ 2622.083646] device qr-a3bfaa64-43 left promiscuous mode
Aug 27 13:55:57 gtw01 kernel: [ 2624.698185] device qg-49b2eeca-7f left promiscuous mode
Aug 27 13:55:57 gtw01 kernel: [ 2624.875133] device tapa57e6bbe-fa left promiscuous mode
Aug 27 13:56:05 gtw01 kernel: [ 2632.255476] device tapf5418da0-0d entered promiscuous mode
Aug 27 13:56:05 gtw01 systemd-udevd[25884]: link_config: autonegotiation is unset or enabled, the speed and duplex are not writable.
Aug 27 13:56:05 gtw01 systemd-udevd[25884]: Could not generate persistent MAC address for tapf5418da0-0d: No such file or directory
Aug 27 13:56:05 gtw01 systemd-udevd[25884]: Process '/sbin/ip link set tapf5418da0-0d txqueuelen 10000' failed with exit code 1.
Aug 27 13:56:05 gtw01 systemd-udevd[25958]: Process '/sbin/ip link set tapf5418da0-0d txqueuelen 10000' failed with exit code 1.
Aug 27 13:56:07 gtw01 kernel: [ 2634.868709] device tape4cb58f3-ac entered promiscuous mode
Aug 27 13:56:07 gtw01 systemd-udevd[26039]: link_config: autonegotiation is unset or enabled, the speed and duplex are not writable.
Aug 27 13:56:07 gtw01 systemd-udevd[26039]: Could not generate persistent MAC address for tape4cb58f3-ac: No such file or directory
Aug 27 13:56:07 gtw01 systemd-udevd[26039]: Process '/sbin/ip link set tape4cb58f3-ac txqueuelen 10000' failed with exit code 1.
Aug 27 13:56:08 gtw01 systemd-udevd[26115]: Process '/sbin/ip link set tape4cb58f3-ac txqueuelen 10000' failed with exit code 1.
Aug 27 13:56:08 gtw01 dnsmasq[26142]: started, version 2.79 cachesize 150
Aug 27 13:56:08 gtw01 dnsmasq[26142]: DNS service limited to local subnets
Aug 27 13:56:08 gtw01 dnsmasq[26142]: compile time options: IPv6 GNU-getopt DBus i18n IDN DHCP DHCPv6 no-Lua TFTP conntrack ipset auth DNSSEC loop-detect inotify
Aug 27 13:56:08 gtw01 dnsmasq[26142]: warning: no upstream servers configured
Aug 27 13:56:08 gtw01 dnsmasq-dhcp[26142]: DHCP, static leases only on 192.168.120.240, lease time 1h
Aug 27 13:56:08 gtw01 dnsmasq[26142]: read /var/lib/neutron/dhcp/dc7cc902-76b0-4aea-b702-0d59f907dc5f/addn_hosts - 1 addresses
Aug 27 13:56:08 gtw01 dnsmasq-dhcp[26142]: read /var/lib/neutron/dhcp/dc7cc902-76b0-4aea-b702-0d59f907dc5f/host
Aug 27 13:56:08 gtw01 dnsmasq-dhcp[26142]: read /var/lib/neutron/dhcp/dc7cc902-76b0-4aea-b702-0d59f907dc5f/opts
Aug 27 13:56:09 gtw01 dnsmasq[26142]: read /var/lib/neutron/dhcp/dc7cc902-76b0-4aea-b702-0d59f907dc5f/addn_hosts - 1 addresses
Aug 27 13:56:09 gtw01 dnsmasq-dhcp[26142]: read /var/lib/neutron/dhcp/dc7cc902-76b0-4aea-b702-0d59f907dc5f/host
Aug 27 13:56:09 gtw01 dnsmasq-dhcp[26142]: read /var/lib/neutron/dhcp/dc7cc902-76b0-4aea-b702-0d59f907dc5f/opts
Aug 27 13:56:10 gtw01 dnsmasq[26142]: read /var/lib/neutron/dhcp/dc7cc902-76b0-4aea-b702-0d59f907dc5f/addn_hosts - 1 addresses
Aug 27 13:56:10 gtw01 dnsmasq-dhcp[26142]: read /var/lib/neutron/dhcp/dc7cc902-76b0-4aea-b702-0d59f907dc5f/host
Aug 27 13:56:10 gtw01 dnsmasq-dhcp[26142]: read /var/lib/neutron/dhcp/dc7cc902-76b0-4aea-b702-0d59f907dc5f/opts
Aug 27 13:56:10 gtw01 dnsmasq[26231]: started, version 2.79 cachesize 150
Aug 27 13:56:10 gtw01 dnsmasq[26231]: DNS service limited to local subnets
Aug 27 13:56:10 gtw01 dnsmasq[26231]: compile time options: IPv6 GNU-getopt DBus i18n IDN DHCP DHCPv6 no-Lua TFTP conntrack ipset auth DNSSEC loop-detect inotify
Aug 27 13:56:10 gtw01 dnsmasq[26231]: warning: no upstream servers configured
Aug 27 13:56:10 gtw01 dnsmasq-dhcp[26231]: DHCP, static leases only on 192.168.120.0, lease time 1h
Aug 27 13:56:10 gtw01 dnsmasq[26231]: read /var/lib/neutron/dhcp/d692d2b5-3865-4b0a-b58b-d71d4b61866a/addn_hosts - 1 addresses
Aug 27 13:56:10 gtw01 dnsmasq-dhcp[26231]: read /var/lib/neutron/dhcp/d692d2b5-3865-4b0a-b58b-d71d4b61866a/host
Aug 27 13:56:10 gtw01 dnsmasq-dhcp[26231]: read /var/lib/neutron/dhcp/d692d2b5-3865-4b0a-b58b-d71d4b61866a/opts
Aug 27 13:56:11 gtw01 kernel: [ 2638.545416] device tapf5418da0-0d left promiscuous mode
Aug 27 13:56:11 gtw01 kernel: [ 2638.830946] device tape4cb58f3-ac left promiscuous mode
Aug 27 13:56:15 gtw01 kernel: [ 2642.486215] device tape7e872fb-91 entered promiscuous mode
Aug 27 13:56:15 gtw01 systemd-udevd[26305]: link_config: autonegotiation is unset or enabled, the speed and duplex are not writable.
Aug 27 13:56:15 gtw01 systemd-udevd[26305]: Could not generate persistent MAC address for tape7e872fb-91: No such file or directory
Aug 27 13:56:15 gtw01 systemd-udevd[26305]: Process '/sbin/ip link set tape7e872fb-91 txqueuelen 10000' failed with exit code 1.
Aug 27 13:56:15 gtw01 systemd-udevd[26380]: Process '/sbin/ip link set tape7e872fb-91 txqueuelen 10000' failed with exit code 1.
Aug 27 13:56:17 gtw01 systemd-udevd[26457]: link_config: autonegotiation is unset or enabled, the speed and duplex are not writable.
Aug 27 13:56:17 gtw01 systemd-udevd[26457]: Could not generate persistent MAC address for tap25b8cbc8-ae: No such file or directory
Aug 27 13:56:17 gtw01 kernel: [ 2644.422099] device tap25b8cbc8-ae entered promiscuous mode
Aug 27 13:56:17 gtw01 systemd-udevd[26457]: Process '/sbin/ip link set tap25b8cbc8-ae txqueuelen 10000' failed with exit code 1.
Aug 27 13:56:17 gtw01 systemd-udevd[26457]: Process '/sbin/ip link set tap25b8cbc8-ae txqueuelen 10000' failed with exit code 1.
Aug 27 13:56:18 gtw01 dnsmasq[26583]: started, version 2.79 cachesize 150
Aug 27 13:56:18 gtw01 dnsmasq[26583]: DNS service limited to local subnets
Aug 27 13:56:18 gtw01 dnsmasq[26583]: compile time options: IPv6 GNU-getopt DBus i18n IDN DHCP DHCPv6 no-Lua TFTP conntrack ipset auth DNSSEC loop-detect inotify
Aug 27 13:56:18 gtw01 dnsmasq[26583]: warning: no upstream servers configured
Aug 27 13:56:18 gtw01 dnsmasq-dhcp[26583]: DHCPv6, static leases only on 2003:0:0:ffff::, lease time 1h
Aug 27 13:56:18 gtw01 dnsmasq[26583]: read /var/lib/neutron/dhcp/e6b53d06-66f5-44c0-9cc3-707909bf32a0/addn_hosts - 1 addresses
Aug 27 13:56:18 gtw01 dnsmasq-dhcp[26583]: read /var/lib/neutron/dhcp/e6b53d06-66f5-44c0-9cc3-707909bf32a0/host
Aug 27 13:56:18 gtw01 dnsmasq-dhcp[26583]: read /var/lib/neutron/dhcp/e6b53d06-66f5-44c0-9cc3-707909bf32a0/opts
Aug 27 13:56:19 gtw01 dnsmasq[26583]: read /var/lib/neutron/dhcp/e6b53d06-66f5-44c0-9cc3-707909bf32a0/addn_hosts - 1 addresses
Aug 27 13:56:19 gtw01 dnsmasq-dhcp[26583]: read /var/lib/neutron/dhcp/e6b53d06-66f5-44c0-9cc3-707909bf32a0/host
Aug 27 13:56:19 gtw01 dnsmasq-dhcp[26583]: read /var/lib/neutron/dhcp/e6b53d06-66f5-44c0-9cc3-707909bf32a0/opts
Aug 27 13:56:20 gtw01 dnsmasq[26583]: read /var/lib/neutron/dhcp/e6b53d06-66f5-44c0-9cc3-707909bf32a0/addn_hosts - 1 addresses
Aug 27 13:56:20 gtw01 dnsmasq-dhcp[26583]: read /var/lib/neutron/dhcp/e6b53d06-66f5-44c0-9cc3-707909bf32a0/host
Aug 27 13:56:20 gtw01 dnsmasq-dhcp[26583]: read /var/lib/neutron/dhcp/e6b53d06-66f5-44c0-9cc3-707909bf32a0/opts
Aug 27 13:56:20 gtw01 dnsmasq[26654]: started, version 2.79 cachesize 150
Aug 27 13:56:20 gtw01 dnsmasq[26654]: DNS service limited to local subnets
Aug 27 13:56:20 gtw01 dnsmasq[26654]: compile time options: IPv6 GNU-getopt DBus i18n IDN DHCP DHCPv6 no-Lua TFTP conntrack ipset auth DNSSEC loop-detect inotify
Aug 27 13:56:20 gtw01 dnsmasq[26654]: warning: no upstream servers configured
Aug 27 13:56:20 gtw01 dnsmasq-dhcp[26654]: DHCPv6, static leases only on 2003::, lease time 1h
Aug 27 13:56:20 gtw01 dnsmasq[26654]: read /var/lib/neutron/dhcp/ab634c99-644f-4cb5-83de-9d546be782e2/addn_hosts - 1 addresses
Aug 27 13:56:20 gtw01 dnsmasq-dhcp[26654]: read /var/lib/neutron/dhcp/ab634c99-644f-4cb5-83de-9d546be782e2/host
Aug 27 13:56:20 gtw01 dnsmasq-dhcp[26654]: read /var/lib/neutron/dhcp/ab634c99-644f-4cb5-83de-9d546be782e2/opts
Aug 27 13:56:20 gtw01 kernel: [ 2647.879022] device tap25b8cbc8-ae left promiscuous mode
Aug 27 13:56:21 gtw01 dnsmasq[26583]: read /var/lib/neutron/dhcp/e6b53d06-66f5-44c0-9cc3-707909bf32a0/addn_hosts - 1 addresses
Aug 27 13:56:21 gtw01 dnsmasq-dhcp[26583]: read /var/lib/neutron/dhcp/e6b53d06-66f5-44c0-9cc3-707909bf32a0/host
Aug 27 13:56:21 gtw01 dnsmasq-dhcp[26583]: read /var/lib/neutron/dhcp/e6b53d06-66f5-44c0-9cc3-707909bf32a0/opts
Aug 27 13:56:21 gtw01 systemd-udevd[26697]: link_config: autonegotiation is unset or enabled, the speed and duplex are not writable.
Aug 27 13:56:21 gtw01 systemd-udevd[26697]: Could not generate persistent MAC address for tap31abc787-31: No such file or directory
Aug 27 13:56:21 gtw01 kernel: [ 2648.799629] device tap31abc787-31 entered promiscuous mode
Aug 27 13:56:21 gtw01 systemd-udevd[26697]: Process '/sbin/ip link set tap31abc787-31 txqueuelen 10000' failed with exit code 1.
Aug 27 13:56:21 gtw01 systemd-udevd[26776]: Process '/sbin/ip link set tap31abc787-31 txqueuelen 10000' failed with exit code 1.
Aug 27 13:56:22 gtw01 kernel: [ 2649.373869] device tape7e872fb-91 left promiscuous mode
Aug 27 13:56:22 gtw01 kernel: [ 2649.914856] device tapfa9d1d66-82 entered promiscuous mode
Aug 27 13:56:22 gtw01 systemd-udevd[26830]: link_config: autonegotiation is unset or enabled, the speed and duplex are not writable.
Aug 27 13:56:22 gtw01 systemd-udevd[26830]: Could not generate persistent MAC address for tapfa9d1d66-82: No such file or directory
Aug 27 13:56:23 gtw01 systemd-udevd[26830]: Process '/sbin/ip link set tapfa9d1d66-82 txqueuelen 10000' failed with exit code 1.
Aug 27 13:56:23 gtw01 systemd-udevd[26830]: Process '/sbin/ip link set tapfa9d1d66-82 txqueuelen 10000' failed with exit code 1.
Aug 27 13:56:24 gtw01 dnsmasq[26985]: started, version 2.79 cachesize 150
Aug 27 13:56:24 gtw01 dnsmasq[26985]: DNS service limited to local subnets
Aug 27 13:56:24 gtw01 dnsmasq[26985]: compile time options: IPv6 GNU-getopt DBus i18n IDN DHCP DHCPv6 no-Lua TFTP conntrack ipset auth DNSSEC loop-detect inotify
Aug 27 13:56:24 gtw01 dnsmasq[26985]: warning: no upstream servers configured
Aug 27 13:56:24 gtw01 dnsmasq-dhcp[26985]: DHCPv6, static leases only on 2003::, lease time 1h
Aug 27 13:56:24 gtw01 dnsmasq[26985]: read /var/lib/neutron/dhcp/d9ed10bc-8a9b-42ea-878b-72b7c5332a93/addn_hosts - 1 addresses
Aug 27 13:56:24 gtw01 dnsmasq-dhcp[26985]: read /var/lib/neutron/dhcp/d9ed10bc-8a9b-42ea-878b-72b7c5332a93/host
Aug 27 13:56:24 gtw01 dnsmasq-dhcp[26985]: read /var/lib/neutron/dhcp/d9ed10bc-8a9b-42ea-878b-72b7c5332a93/opts
Aug 27 13:56:25 gtw01 kernel: [ 2652.463937] device tap31abc787-31 left promiscuous mode
