Aug 27 15:06:53 gtw01 systemd-udevd[9268]: link_config: autonegotiation is unset or enabled, the speed and duplex are not writable.
Aug 27 15:06:53 gtw01 systemd-udevd[9268]: Could not generate persistent MAC address for vxlan_sys_4789: No such file or directory
Aug 27 15:06:53 gtw01 dnsmasq[9044]: read /var/lib/neutron/dhcp/1475cc77-babf-4591-8cee-2b37b900b81d/addn_hosts - 2 addresses
Aug 27 15:06:53 gtw01 dnsmasq-dhcp[9044]: read /var/lib/neutron/dhcp/1475cc77-babf-4591-8cee-2b37b900b81d/host
Aug 27 15:06:53 gtw01 dnsmasq-dhcp[9044]: read /var/lib/neutron/dhcp/1475cc77-babf-4591-8cee-2b37b900b81d/opts
Aug 27 15:06:57 gtw01 dnsmasq[21246]: read /var/lib/neutron/dhcp/e7812da2-66f5-40d8-bf1a-d4907c506b9a/addn_hosts - 2 addresses
Aug 27 15:06:57 gtw01 dnsmasq-dhcp[21246]: read /var/lib/neutron/dhcp/e7812da2-66f5-40d8-bf1a-d4907c506b9a/host
Aug 27 15:06:57 gtw01 dnsmasq-dhcp[21246]: read /var/lib/neutron/dhcp/e7812da2-66f5-40d8-bf1a-d4907c506b9a/opts
Aug 27 15:06:59 gtw01 dnsmasq[21246]: read /var/lib/neutron/dhcp/e7812da2-66f5-40d8-bf1a-d4907c506b9a/addn_hosts - 3 addresses
Aug 27 15:06:59 gtw01 dnsmasq-dhcp[21246]: read /var/lib/neutron/dhcp/e7812da2-66f5-40d8-bf1a-d4907c506b9a/host
Aug 27 15:06:59 gtw01 dnsmasq-dhcp[21246]: read /var/lib/neutron/dhcp/e7812da2-66f5-40d8-bf1a-d4907c506b9a/opts
Aug 27 15:06:59 gtw01 systemd-udevd[9436]: link_config: autonegotiation is unset or enabled, the speed and duplex are not writable.
Aug 27 15:06:59 gtw01 systemd-udevd[9436]: Could not generate persistent MAC address for tapc7d80847-f5: No such file or directory
Aug 27 15:06:59 gtw01 kernel: [ 6886.772040] device tapc7d80847-f5 entered promiscuous mode
Aug 27 15:06:59 gtw01 systemd-udevd[9436]: Process '/sbin/ip link set tapc7d80847-f5 txqueuelen 10000' failed with exit code 1.
Aug 27 15:06:59 gtw01 systemd-udevd[9512]: Process '/sbin/ip link set tapc7d80847-f5 txqueuelen 10000' failed with exit code 1.
Aug 27 15:07:01 gtw01 dnsmasq[21246]: read /var/lib/neutron/dhcp/e7812da2-66f5-40d8-bf1a-d4907c506b9a/addn_hosts - 3 addresses
Aug 27 15:07:01 gtw01 dnsmasq-dhcp[21246]: read /var/lib/neutron/dhcp/e7812da2-66f5-40d8-bf1a-d4907c506b9a/host
Aug 27 15:07:01 gtw01 dnsmasq-dhcp[21246]: read /var/lib/neutron/dhcp/e7812da2-66f5-40d8-bf1a-d4907c506b9a/opts
Aug 27 15:07:02 gtw01 dnsmasq[21246]: read /var/lib/neutron/dhcp/e7812da2-66f5-40d8-bf1a-d4907c506b9a/addn_hosts - 4 addresses
Aug 27 15:07:02 gtw01 dnsmasq-dhcp[21246]: read /var/lib/neutron/dhcp/e7812da2-66f5-40d8-bf1a-d4907c506b9a/host
Aug 27 15:07:02 gtw01 dnsmasq-dhcp[21246]: read /var/lib/neutron/dhcp/e7812da2-66f5-40d8-bf1a-d4907c506b9a/opts
Aug 27 15:07:02 gtw01 dnsmasq[9001]: read /var/lib/neutron/dhcp/c4d614c4-dda5-4535-8fa9-4af49a4ab673/addn_hosts - 1 addresses
Aug 27 15:07:02 gtw01 dnsmasq-dhcp[9001]: read /var/lib/neutron/dhcp/c4d614c4-dda5-4535-8fa9-4af49a4ab673/host
Aug 27 15:07:02 gtw01 dnsmasq-dhcp[9001]: read /var/lib/neutron/dhcp/c4d614c4-dda5-4535-8fa9-4af49a4ab673/opts
Aug 27 15:07:02 gtw01 kernel: [ 6889.726977] device vxlan_sys_4789 left promiscuous mode
Aug 27 15:07:02 gtw01 ovs-vswitchd: ovs|00083|netdev_tc_offloads(revalidator32)|ERR|dump_create: failed to get ifindex for vxlan-0a010006: No such device
Aug 27 15:07:02 gtw01 dnsmasq[9044]: read /var/lib/neutron/dhcp/1475cc77-babf-4591-8cee-2b37b900b81d/addn_hosts - 1 addresses
Aug 27 15:07:02 gtw01 dnsmasq-dhcp[9044]: read /var/lib/neutron/dhcp/1475cc77-babf-4591-8cee-2b37b900b81d/host
Aug 27 15:07:02 gtw01 dnsmasq-dhcp[9044]: read /var/lib/neutron/dhcp/1475cc77-babf-4591-8cee-2b37b900b81d/opts
Aug 27 15:07:03 gtw01 kernel: [ 6890.043376] device qg-62e4cc42-cd entered promiscuous mode
Aug 27 15:07:03 gtw01 systemd-udevd[9671]: link_config: autonegotiation is unset or enabled, the speed and duplex are not writable.
Aug 27 15:07:03 gtw01 systemd-udevd[9671]: Could not generate persistent MAC address for qg-62e4cc42-cd: No such file or directory
Aug 27 15:07:03 gtw01 dnsmasq[21246]: read /var/lib/neutron/dhcp/e7812da2-66f5-40d8-bf1a-d4907c506b9a/addn_hosts - 4 addresses
Aug 27 15:07:03 gtw01 dnsmasq-dhcp[21246]: read /var/lib/neutron/dhcp/e7812da2-66f5-40d8-bf1a-d4907c506b9a/host
Aug 27 15:07:03 gtw01 dnsmasq-dhcp[21246]: read /var/lib/neutron/dhcp/e7812da2-66f5-40d8-bf1a-d4907c506b9a/opts
Aug 27 15:07:03 gtw01 dnsmasq[9745]: started, version 2.79 cachesize 150
Aug 27 15:07:03 gtw01 dnsmasq[9745]: DNS service limited to local subnets
Aug 27 15:07:03 gtw01 dnsmasq[9745]: compile time options: IPv6 GNU-getopt DBus i18n IDN DHCP DHCPv6 no-Lua TFTP conntrack ipset auth DNSSEC loop-detect inotify
Aug 27 15:07:03 gtw01 dnsmasq[9745]: warning: no upstream servers configured
Aug 27 15:07:03 gtw01 dnsmasq-dhcp[9745]: DHCP, static leases only on 192.168.120.0, lease time 1h
Aug 27 15:07:03 gtw01 dnsmasq[9745]: read /var/lib/neutron/dhcp/db7e4a0c-eae6-40a9-b454-cab8294e1526/addn_hosts - 1 addresses
Aug 27 15:07:03 gtw01 dnsmasq-dhcp[9745]: read /var/lib/neutron/dhcp/db7e4a0c-eae6-40a9-b454-cab8294e1526/host
Aug 27 15:07:03 gtw01 dnsmasq-dhcp[9745]: read /var/lib/neutron/dhcp/db7e4a0c-eae6-40a9-b454-cab8294e1526/opts
Aug 27 15:07:04 gtw01 dnsmasq[9745]: read /var/lib/neutron/dhcp/db7e4a0c-eae6-40a9-b454-cab8294e1526/addn_hosts - 2 addresses
Aug 27 15:07:04 gtw01 dnsmasq-dhcp[9745]: read /var/lib/neutron/dhcp/db7e4a0c-eae6-40a9-b454-cab8294e1526/host
Aug 27 15:07:04 gtw01 dnsmasq-dhcp[9745]: read /var/lib/neutron/dhcp/db7e4a0c-eae6-40a9-b454-cab8294e1526/opts
Aug 27 15:07:04 gtw01 dnsmasq[21246]: read /var/lib/neutron/dhcp/e7812da2-66f5-40d8-bf1a-d4907c506b9a/addn_hosts - 4 addresses
Aug 27 15:07:04 gtw01 dnsmasq-dhcp[21246]: read /var/lib/neutron/dhcp/e7812da2-66f5-40d8-bf1a-d4907c506b9a/host
Aug 27 15:07:04 gtw01 dnsmasq-dhcp[21246]: read /var/lib/neutron/dhcp/e7812da2-66f5-40d8-bf1a-d4907c506b9a/opts
Aug 27 15:07:05 gtw01 dnsmasq[21246]: read /var/lib/neutron/dhcp/e7812da2-66f5-40d8-bf1a-d4907c506b9a/addn_hosts - 4 addresses
Aug 27 15:07:05 gtw01 dnsmasq-dhcp[21246]: read /var/lib/neutron/dhcp/e7812da2-66f5-40d8-bf1a-d4907c506b9a/host
Aug 27 15:07:05 gtw01 dnsmasq-dhcp[21246]: read /var/lib/neutron/dhcp/e7812da2-66f5-40d8-bf1a-d4907c506b9a/opts
Aug 27 15:07:05 gtw01 dnsmasq[9745]: read /var/lib/neutron/dhcp/db7e4a0c-eae6-40a9-b454-cab8294e1526/addn_hosts - 2 addresses
Aug 27 15:07:05 gtw01 dnsmasq-dhcp[9745]: read /var/lib/neutron/dhcp/db7e4a0c-eae6-40a9-b454-cab8294e1526/host
Aug 27 15:07:05 gtw01 dnsmasq-dhcp[9745]: read /var/lib/neutron/dhcp/db7e4a0c-eae6-40a9-b454-cab8294e1526/opts
Aug 27 15:07:05 gtw01 kernel: [ 6892.695768] device vxlan_sys_4789 entered promiscuous mode
Aug 27 15:07:05 gtw01 systemd-udevd[9886]: link_config: autonegotiation is unset or enabled, the speed and duplex are not writable.
Aug 27 15:07:05 gtw01 systemd-udevd[9886]: Could not generate persistent MAC address for vxlan_sys_4789: No such file or directory
Aug 27 15:07:06 gtw01 dnsmasq[9745]: read /var/lib/neutron/dhcp/db7e4a0c-eae6-40a9-b454-cab8294e1526/addn_hosts - 2 addresses
Aug 27 15:07:06 gtw01 dnsmasq-dhcp[9745]: read /var/lib/neutron/dhcp/db7e4a0c-eae6-40a9-b454-cab8294e1526/host
Aug 27 15:07:06 gtw01 dnsmasq-dhcp[9745]: read /var/lib/neutron/dhcp/db7e4a0c-eae6-40a9-b454-cab8294e1526/opts
Aug 27 15:07:06 gtw01 kernel: [ 6893.917742] device tap80a6612b-0b left promiscuous mode
Aug 27 15:07:07 gtw01 dnsmasq[9745]: read /var/lib/neutron/dhcp/db7e4a0c-eae6-40a9-b454-cab8294e1526/addn_hosts - 2 addresses
Aug 27 15:07:07 gtw01 dnsmasq-dhcp[9745]: read /var/lib/neutron/dhcp/db7e4a0c-eae6-40a9-b454-cab8294e1526/host
Aug 27 15:07:07 gtw01 dnsmasq-dhcp[9745]: read /var/lib/neutron/dhcp/db7e4a0c-eae6-40a9-b454-cab8294e1526/opts
Aug 27 15:07:07 gtw01 dnsmasq[9745]: read /var/lib/neutron/dhcp/db7e4a0c-eae6-40a9-b454-cab8294e1526/addn_hosts - 2 addresses
Aug 27 15:07:07 gtw01 dnsmasq-dhcp[9745]: read /var/lib/neutron/dhcp/db7e4a0c-eae6-40a9-b454-cab8294e1526/host
Aug 27 15:07:07 gtw01 dnsmasq-dhcp[9745]: read /var/lib/neutron/dhcp/db7e4a0c-eae6-40a9-b454-cab8294e1526/opts
Aug 27 15:07:09 gtw01 dnsmasq[9745]: read /var/lib/neutron/dhcp/db7e4a0c-eae6-40a9-b454-cab8294e1526/addn_hosts - 3 addresses
Aug 27 15:07:09 gtw01 dnsmasq-dhcp[9745]: read /var/lib/neutron/dhcp/db7e4a0c-eae6-40a9-b454-cab8294e1526/host
Aug 27 15:07:09 gtw01 dnsmasq-dhcp[9745]: read /var/lib/neutron/dhcp/db7e4a0c-eae6-40a9-b454-cab8294e1526/opts
Aug 27 15:07:10 gtw01 dnsmasq[9745]: read /var/lib/neutron/dhcp/db7e4a0c-eae6-40a9-b454-cab8294e1526/addn_hosts - 3 addresses
Aug 27 15:07:10 gtw01 dnsmasq-dhcp[9745]: read /var/lib/neutron/dhcp/db7e4a0c-eae6-40a9-b454-cab8294e1526/host
Aug 27 15:07:10 gtw01 dnsmasq-dhcp[9745]: read /var/lib/neutron/dhcp/db7e4a0c-eae6-40a9-b454-cab8294e1526/opts
Aug 27 15:07:11 gtw01 kernel: [ 6898.223463] device taped26ad57-08 left promiscuous mode
Aug 27 15:07:11 gtw01 dnsmasq[9745]: read /var/lib/neutron/dhcp/db7e4a0c-eae6-40a9-b454-cab8294e1526/addn_hosts - 3 addresses
Aug 27 15:07:11 gtw01 dnsmasq-dhcp[9745]: read /var/lib/neutron/dhcp/db7e4a0c-eae6-40a9-b454-cab8294e1526/host
Aug 27 15:07:11 gtw01 dnsmasq-dhcp[9745]: read /var/lib/neutron/dhcp/db7e4a0c-eae6-40a9-b454-cab8294e1526/opts
Aug 27 15:07:12 gtw01 dnsmasq[21246]: read /var/lib/neutron/dhcp/e7812da2-66f5-40d8-bf1a-d4907c506b9a/addn_hosts - 3 addresses
Aug 27 15:07:12 gtw01 dnsmasq-dhcp[21246]: read /var/lib/neutron/dhcp/e7812da2-66f5-40d8-bf1a-d4907c506b9a/host
Aug 27 15:07:12 gtw01 dnsmasq-dhcp[21246]: read /var/lib/neutron/dhcp/e7812da2-66f5-40d8-bf1a-d4907c506b9a/opts
Aug 27 15:07:12 gtw01 dnsmasq[9745]: read /var/lib/neutron/dhcp/db7e4a0c-eae6-40a9-b454-cab8294e1526/addn_hosts - 3 addresses
Aug 27 15:07:12 gtw01 dnsmasq-dhcp[9745]: read /var/lib/neutron/dhcp/db7e4a0c-eae6-40a9-b454-cab8294e1526/host
Aug 27 15:07:12 gtw01 dnsmasq-dhcp[9745]: read /var/lib/neutron/dhcp/db7e4a0c-eae6-40a9-b454-cab8294e1526/opts
Aug 27 15:07:12 gtw01 systemd-udevd[10204]: link_config: autonegotiation is unset or enabled, the speed and duplex are not writable.
Aug 27 15:07:12 gtw01 systemd-udevd[10204]: Could not generate persistent MAC address for qr-c23537ab-6e: No such file or directory
Aug 27 15:07:12 gtw01 kernel: [ 6899.943143] device qr-c23537ab-6e entered promiscuous mode
Aug 27 15:07:13 gtw01 dnsmasq[9745]: read /var/lib/neutron/dhcp/db7e4a0c-eae6-40a9-b454-cab8294e1526/addn_hosts - 3 addresses
Aug 27 15:07:13 gtw01 dnsmasq-dhcp[9745]: read /var/lib/neutron/dhcp/db7e4a0c-eae6-40a9-b454-cab8294e1526/host
Aug 27 15:07:13 gtw01 dnsmasq-dhcp[9745]: read /var/lib/neutron/dhcp/db7e4a0c-eae6-40a9-b454-cab8294e1526/opts
Aug 27 15:07:15 gtw01 dnsmasq[7316]: read /var/lib/neutron/dhcp/47853dee-1f21-4e8f-ab0b-8f50a718ee17/addn_hosts - 1 addresses
Aug 27 15:07:15 gtw01 dnsmasq-dhcp[7316]: read /var/lib/neutron/dhcp/47853dee-1f21-4e8f-ab0b-8f50a718ee17/host
Aug 27 15:07:15 gtw01 dnsmasq-dhcp[7316]: read /var/lib/neutron/dhcp/47853dee-1f21-4e8f-ab0b-8f50a718ee17/opts
Aug 27 15:07:16 gtw01 kernel: [ 6903.919975] device qr-29d91896-03 left promiscuous mode
Aug 27 15:07:18 gtw01 dnsmasq-dhcp[21246]: DHCPDISCOVER(tape9a3cc68-02) fa:16:3e:53:54:7c
Aug 27 15:07:18 gtw01 dnsmasq-dhcp[21246]: DHCPOFFER(tape9a3cc68-02) 192.168.120.80 fa:16:3e:53:54:7c
Aug 27 15:07:18 gtw01 dnsmasq-dhcp[21246]: DHCPREQUEST(tape9a3cc68-02) 192.168.120.80 fa:16:3e:53:54:7c
Aug 27 15:07:18 gtw01 dnsmasq-dhcp[21246]: DHCPACK(tape9a3cc68-02) 192.168.120.80 fa:16:3e:53:54:7c host-192-168-120-80
Aug 27 15:07:19 gtw01 kernel: [ 6906.490400] device qg-157b6043-66 left promiscuous mode
Aug 27 15:07:20 gtw01 kernel: [ 6907.464535] device tap71fc4339-9f left promiscuous mode
Aug 27 15:07:20 gtw01 dnsmasq[21246]: read /var/lib/neutron/dhcp/e7812da2-66f5-40d8-bf1a-d4907c506b9a/addn_hosts - 4 addresses
Aug 27 15:07:20 gtw01 dnsmasq-dhcp[21246]: read /var/lib/neutron/dhcp/e7812da2-66f5-40d8-bf1a-d4907c506b9a/host
Aug 27 15:07:20 gtw01 dnsmasq-dhcp[21246]: read /var/lib/neutron/dhcp/e7812da2-66f5-40d8-bf1a-d4907c506b9a/opts
Aug 27 15:07:21 gtw01 dnsmasq[21246]: read /var/lib/neutron/dhcp/e7812da2-66f5-40d8-bf1a-d4907c506b9a/addn_hosts - 4 addresses
Aug 27 15:07:21 gtw01 dnsmasq-dhcp[21246]: read /var/lib/neutron/dhcp/e7812da2-66f5-40d8-bf1a-d4907c506b9a/host
Aug 27 15:07:21 gtw01 dnsmasq-dhcp[21246]: read /var/lib/neutron/dhcp/e7812da2-66f5-40d8-bf1a-d4907c506b9a/opts
Aug 27 15:07:22 gtw01 dnsmasq[21246]: read /var/lib/neutron/dhcp/e7812da2-66f5-40d8-bf1a-d4907c506b9a/addn_hosts - 4 addresses
Aug 27 15:07:22 gtw01 dnsmasq-dhcp[21246]: read /var/lib/neutron/dhcp/e7812da2-66f5-40d8-bf1a-d4907c506b9a/host
Aug 27 15:07:22 gtw01 dnsmasq-dhcp[21246]: read /var/lib/neutron/dhcp/e7812da2-66f5-40d8-bf1a-d4907c506b9a/opts
Aug 27 15:07:24 gtw01 dnsmasq-dhcp[21246]: DHCPRELEASE(tape9a3cc68-02) 192.168.120.80 fa:16:3e:53:54:7c
Aug 27 15:07:27 gtw01 systemd-udevd[10707]: link_config: autonegotiation is unset or enabled, the speed and duplex are not writable.
Aug 27 15:07:27 gtw01 systemd-udevd[10707]: Could not generate persistent MAC address for tap84e304db-c9: No such file or directory
Aug 27 15:07:27 gtw01 kernel: [ 6914.780065] device tap84e304db-c9 entered promiscuous mode
Aug 27 15:07:27 gtw01 systemd-udevd[10707]: Process '/sbin/ip link set tap84e304db-c9 txqueuelen 10000' failed with exit code 1.
Aug 27 15:07:27 gtw01 systemd-udevd[10780]: Process '/sbin/ip link set tap84e304db-c9 txqueuelen 10000' failed with exit code 1.
Aug 27 15:07:29 gtw01 dnsmasq-dhcp[9745]: DHCPDISCOVER(tapc7d80847-f5) fa:16:3e:fe:33:3a
Aug 27 15:07:29 gtw01 dnsmasq-dhcp[9745]: DHCPOFFER(tapc7d80847-f5) 192.168.120.13 fa:16:3e:fe:33:3a
Aug 27 15:07:29 gtw01 dnsmasq-dhcp[9745]: DHCPREQUEST(tapc7d80847-f5) 192.168.120.13 fa:16:3e:fe:33:3a
Aug 27 15:07:29 gtw01 dnsmasq-dhcp[9745]: DHCPACK(tapc7d80847-f5) 192.168.120.13 fa:16:3e:fe:33:3a host-192-168-120-13
Aug 27 15:07:30 gtw01 dnsmasq[21246]: read /var/lib/neutron/dhcp/e7812da2-66f5-40d8-bf1a-d4907c506b9a/addn_hosts - 4 addresses
Aug 27 15:07:30 gtw01 dnsmasq-dhcp[21246]: read /var/lib/neutron/dhcp/e7812da2-66f5-40d8-bf1a-d4907c506b9a/host
Aug 27 15:07:30 gtw01 dnsmasq-dhcp[21246]: read /var/lib/neutron/dhcp/e7812da2-66f5-40d8-bf1a-d4907c506b9a/opts
Aug 27 15:07:30 gtw01 dnsmasq[10867]: started, version 2.79 cachesize 150
Aug 27 15:07:30 gtw01 dnsmasq[10867]: DNS service limited to local subnets
Aug 27 15:07:30 gtw01 dnsmasq[10867]: compile time options: IPv6 GNU-getopt DBus i18n IDN DHCP DHCPv6 no-Lua TFTP conntrack ipset auth DNSSEC loop-detect inotify
Aug 27 15:07:30 gtw01 dnsmasq[10867]: warning: no upstream servers configured
Aug 27 15:07:30 gtw01 dnsmasq-dhcp[10867]: DHCP, static leases only on 192.168.120.0, lease time 1h
Aug 27 15:07:30 gtw01 dnsmasq[10867]: read /var/lib/neutron/dhcp/a8f96464-1535-417d-bcb2-eb91479f6f85/addn_hosts - 1 addresses
Aug 27 15:07:30 gtw01 dnsmasq-dhcp[10867]: read /var/lib/neutron/dhcp/a8f96464-1535-417d-bcb2-eb91479f6f85/host
Aug 27 15:07:30 gtw01 dnsmasq-dhcp[10867]: read /var/lib/neutron/dhcp/a8f96464-1535-417d-bcb2-eb91479f6f85/opts
Aug 27 15:07:31 gtw01 dnsmasq[10867]: read /var/lib/neutron/dhcp/a8f96464-1535-417d-bcb2-eb91479f6f85/addn_hosts - 2 addresses
Aug 27 15:07:31 gtw01 dnsmasq-dhcp[10867]: read /var/lib/neutron/dhcp/a8f96464-1535-417d-bcb2-eb91479f6f85/host
Aug 27 15:07:31 gtw01 dnsmasq-dhcp[10867]: read /var/lib/neutron/dhcp/a8f96464-1535-417d-bcb2-eb91479f6f85/opts
Aug 27 15:07:31 gtw01 dnsmasq[21246]: read /var/lib/neutron/dhcp/e7812da2-66f5-40d8-bf1a-d4907c506b9a/addn_hosts - 4 addresses
Aug 27 15:07:31 gtw01 dnsmasq-dhcp[21246]: read /var/lib/neutron/dhcp/e7812da2-66f5-40d8-bf1a-d4907c506b9a/host
Aug 27 15:07:31 gtw01 dnsmasq-dhcp[21246]: read /var/lib/neutron/dhcp/e7812da2-66f5-40d8-bf1a-d4907c506b9a/opts
Aug 27 15:07:31 gtw01 kernel: [ 6918.755207] device qg-33116193-81 entered promiscuous mode
Aug 27 15:07:31 gtw01 systemd-udevd[10913]: link_config: autonegotiation is unset or enabled, the speed and duplex are not writable.
Aug 27 15:07:31 gtw01 systemd-udevd[10913]: Could not generate persistent MAC address for qg-33116193-81: No such file or directory
Aug 27 15:07:32 gtw01 dnsmasq[10867]: read /var/lib/neutron/dhcp/a8f96464-1535-417d-bcb2-eb91479f6f85/addn_hosts - 2 addresses
Aug 27 15:07:32 gtw01 dnsmasq-dhcp[10867]: read /var/lib/neutron/dhcp/a8f96464-1535-417d-bcb2-eb91479f6f85/host
Aug 27 15:07:32 gtw01 dnsmasq-dhcp[10867]: read /var/lib/neutron/dhcp/a8f96464-1535-417d-bcb2-eb91479f6f85/opts
Aug 27 15:07:33 gtw01 dnsmasq[10867]: read /var/lib/neutron/dhcp/a8f96464-1535-417d-bcb2-eb91479f6f85/addn_hosts - 2 addresses
Aug 27 15:07:33 gtw01 dnsmasq-dhcp[10867]: read /var/lib/neutron/dhcp/a8f96464-1535-417d-bcb2-eb91479f6f85/host
Aug 27 15:07:33 gtw01 dnsmasq-dhcp[10867]: read /var/lib/neutron/dhcp/a8f96464-1535-417d-bcb2-eb91479f6f85/opts
Aug 27 15:07:34 gtw01 dnsmasq[10867]: read /var/lib/neutron/dhcp/a8f96464-1535-417d-bcb2-eb91479f6f85/addn_hosts - 2 addresses
Aug 27 15:07:34 gtw01 dnsmasq-dhcp[10867]: read /var/lib/neutron/dhcp/a8f96464-1535-417d-bcb2-eb91479f6f85/host
Aug 27 15:07:34 gtw01 dnsmasq-dhcp[10867]: read /var/lib/neutron/dhcp/a8f96464-1535-417d-bcb2-eb91479f6f85/opts
Aug 27 15:07:35 gtw01 dnsmasq[10867]: read /var/lib/neutron/dhcp/a8f96464-1535-417d-bcb2-eb91479f6f85/addn_hosts - 2 addresses
Aug 27 15:07:35 gtw01 dnsmasq-dhcp[10867]: read /var/lib/neutron/dhcp/a8f96464-1535-417d-bcb2-eb91479f6f85/host
Aug 27 15:07:35 gtw01 dnsmasq-dhcp[10867]: read /var/lib/neutron/dhcp/a8f96464-1535-417d-bcb2-eb91479f6f85/opts
Aug 27 15:07:36 gtw01 dnsmasq-dhcp[21246]: DHCPDISCOVER(tape9a3cc68-02) fa:16:3e:5b:99:c7
Aug 27 15:07:36 gtw01 dnsmasq-dhcp[21246]: DHCPOFFER(tape9a3cc68-02) 192.168.120.252 fa:16:3e:5b:99:c7
Aug 27 15:07:36 gtw01 dnsmasq-dhcp[21246]: DHCPREQUEST(tape9a3cc68-02) 192.168.120.252 fa:16:3e:5b:99:c7
Aug 27 15:07:36 gtw01 dnsmasq-dhcp[21246]: DHCPACK(tape9a3cc68-02) 192.168.120.252 fa:16:3e:5b:99:c7 host-192-168-120-252
Aug 27 15:07:38 gtw01 systemd-udevd[11209]: link_config: autonegotiation is unset or enabled, the speed and duplex are not writable.
Aug 27 15:07:38 gtw01 systemd-udevd[11209]: Could not generate persistent MAC address for tapee4bf0fd-59: No such file or directory
Aug 27 15:07:38 gtw01 kernel: [ 6925.447671] device tapee4bf0fd-59 entered promiscuous mode
Aug 27 15:07:38 gtw01 systemd-udevd[11209]: Process '/sbin/ip link set tapee4bf0fd-59 txqueuelen 10000' failed with exit code 1.
Aug 27 15:07:38 gtw01 systemd-udevd[11209]: Process '/sbin/ip link set tapee4bf0fd-59 txqueuelen 10000' failed with exit code 1.
Aug 27 15:07:40 gtw01 dnsmasq[9745]: read /var/lib/neutron/dhcp/db7e4a0c-eae6-40a9-b454-cab8294e1526/addn_hosts - 4 addresses
Aug 27 15:07:40 gtw01 dnsmasq-dhcp[9745]: read /var/lib/neutron/dhcp/db7e4a0c-eae6-40a9-b454-cab8294e1526/host
Aug 27 15:07:40 gtw01 dnsmasq-dhcp[9745]: read /var/lib/neutron/dhcp/db7e4a0c-eae6-40a9-b454-cab8294e1526/opts
Aug 27 15:07:40 gtw01 dnsmasq[10867]: read /var/lib/neutron/dhcp/a8f96464-1535-417d-bcb2-eb91479f6f85/addn_hosts - 2 addresses
Aug 27 15:07:40 gtw01 dnsmasq-dhcp[10867]: read /var/lib/neutron/dhcp/a8f96464-1535-417d-bcb2-eb91479f6f85/host
Aug 27 15:07:40 gtw01 dnsmasq-dhcp[10867]: read /var/lib/neutron/dhcp/a8f96464-1535-417d-bcb2-eb91479f6f85/opts
Aug 27 15:07:40 gtw01 dnsmasq[21246]: read /var/lib/neutron/dhcp/e7812da2-66f5-40d8-bf1a-d4907c506b9a/addn_hosts - 3 addresses
Aug 27 15:07:40 gtw01 dnsmasq-dhcp[21246]: read /var/lib/neutron/dhcp/e7812da2-66f5-40d8-bf1a-d4907c506b9a/host
Aug 27 15:07:40 gtw01 dnsmasq-dhcp[21246]: read /var/lib/neutron/dhcp/e7812da2-66f5-40d8-bf1a-d4907c506b9a/opts
Aug 27 15:07:41 gtw01 systemd-udevd[11405]: link_config: autonegotiation is unset or enabled, the speed and duplex are not writable.
Aug 27 15:07:41 gtw01 systemd-udevd[11405]: Could not generate persistent MAC address for qr-310bc592-ab: No such file or directory
Aug 27 15:07:41 gtw01 kernel: [ 6928.367865] device qr-310bc592-ab entered promiscuous mode
Aug 27 15:07:41 gtw01 dnsmasq[10867]: read /var/lib/neutron/dhcp/a8f96464-1535-417d-bcb2-eb91479f6f85/addn_hosts - 2 addresses
Aug 27 15:07:41 gtw01 dnsmasq-dhcp[10867]: read /var/lib/neutron/dhcp/a8f96464-1535-417d-bcb2-eb91479f6f85/host
Aug 27 15:07:41 gtw01 dnsmasq-dhcp[10867]: read /var/lib/neutron/dhcp/a8f96464-1535-417d-bcb2-eb91479f6f85/opts
Aug 27 15:07:41 gtw01 dnsmasq-dhcp[9745]: DHCPDISCOVER(tapc7d80847-f5) fa:16:3e:fe:33:3a
Aug 27 15:07:41 gtw01 dnsmasq-dhcp[9745]: DHCPOFFER(tapc7d80847-f5) 192.168.120.13 fa:16:3e:fe:33:3a
Aug 27 15:07:41 gtw01 dnsmasq-dhcp[9745]: DHCPREQUEST(tapc7d80847-f5) 192.168.120.13 fa:16:3e:fe:33:3a
Aug 27 15:07:41 gtw01 dnsmasq-dhcp[9745]: DHCPACK(tapc7d80847-f5) 192.168.120.13 fa:16:3e:fe:33:3a host-192-168-120-13
Aug 27 15:07:41 gtw01 dnsmasq[11520]: started, version 2.79 cachesize 150
Aug 27 15:07:41 gtw01 dnsmasq[11520]: DNS service limited to local subnets
Aug 27 15:07:41 gtw01 dnsmasq[11520]: compile time options: IPv6 GNU-getopt DBus i18n IDN DHCP DHCPv6 no-Lua TFTP conntrack ipset auth DNSSEC loop-detect inotify
Aug 27 15:07:41 gtw01 dnsmasq[11520]: warning: no upstream servers configured
Aug 27 15:07:41 gtw01 dnsmasq-dhcp[11520]: DHCP, static leases only on 10.10.10.0, lease time 1h
Aug 27 15:07:41 gtw01 dnsmasq[11520]: read /var/lib/neutron/dhcp/712b41cc-6284-4cc7-b369-1fe9da04cbbe/addn_hosts - 1 addresses
Aug 27 15:07:41 gtw01 dnsmasq-dhcp[11520]: read /var/lib/neutron/dhcp/712b41cc-6284-4cc7-b369-1fe9da04cbbe/host
Aug 27 15:07:41 gtw01 dnsmasq-dhcp[11520]: read /var/lib/neutron/dhcp/712b41cc-6284-4cc7-b369-1fe9da04cbbe/opts
Aug 27 15:07:41 gtw01 dnsmasq[9745]: read /var/lib/neutron/dhcp/db7e4a0c-eae6-40a9-b454-cab8294e1526/addn_hosts - 4 addresses
Aug 27 15:07:41 gtw01 dnsmasq-dhcp[9745]: read /var/lib/neutron/dhcp/db7e4a0c-eae6-40a9-b454-cab8294e1526/host
Aug 27 15:07:41 gtw01 dnsmasq-dhcp[9745]: read /var/lib/neutron/dhcp/db7e4a0c-eae6-40a9-b454-cab8294e1526/opts
Aug 27 15:07:42 gtw01 dnsmasq[11520]: read /var/lib/neutron/dhcp/712b41cc-6284-4cc7-b369-1fe9da04cbbe/addn_hosts - 1 addresses
Aug 27 15:07:42 gtw01 dnsmasq-dhcp[11520]: read /var/lib/neutron/dhcp/712b41cc-6284-4cc7-b369-1fe9da04cbbe/host
Aug 27 15:07:42 gtw01 dnsmasq-dhcp[11520]: read /var/lib/neutron/dhcp/712b41cc-6284-4cc7-b369-1fe9da04cbbe/opts
Aug 27 15:07:43 gtw01 dnsmasq[9745]: read /var/lib/neutron/dhcp/db7e4a0c-eae6-40a9-b454-cab8294e1526/addn_hosts - 4 addresses
Aug 27 15:07:43 gtw01 dnsmasq-dhcp[9745]: read /var/lib/neutron/dhcp/db7e4a0c-eae6-40a9-b454-cab8294e1526/host
Aug 27 15:07:43 gtw01 dnsmasq-dhcp[9745]: read /var/lib/neutron/dhcp/db7e4a0c-eae6-40a9-b454-cab8294e1526/opts
Aug 27 15:07:43 gtw01 dnsmasq[11520]: read /var/lib/neutron/dhcp/712b41cc-6284-4cc7-b369-1fe9da04cbbe/addn_hosts - 1 addresses
Aug 27 15:07:43 gtw01 dnsmasq-dhcp[11520]: read /var/lib/neutron/dhcp/712b41cc-6284-4cc7-b369-1fe9da04cbbe/host
Aug 27 15:07:43 gtw01 dnsmasq-dhcp[11520]: read /var/lib/neutron/dhcp/712b41cc-6284-4cc7-b369-1fe9da04cbbe/opts
Aug 27 15:07:44 gtw01 dnsmasq[21246]: read /var/lib/neutron/dhcp/e7812da2-66f5-40d8-bf1a-d4907c506b9a/addn_hosts - 4 addresses
Aug 27 15:07:44 gtw01 dnsmasq-dhcp[21246]: read /var/lib/neutron/dhcp/e7812da2-66f5-40d8-bf1a-d4907c506b9a/host
Aug 27 15:07:44 gtw01 dnsmasq-dhcp[21246]: read /var/lib/neutron/dhcp/e7812da2-66f5-40d8-bf1a-d4907c506b9a/opts
Aug 27 15:07:44 gtw01 dnsmasq[11520]: read /var/lib/neutron/dhcp/712b41cc-6284-4cc7-b369-1fe9da04cbbe/addn_hosts - 1 addresses
Aug 27 15:07:44 gtw01 dnsmasq-dhcp[11520]: read /var/lib/neutron/dhcp/712b41cc-6284-4cc7-b369-1fe9da04cbbe/host
Aug 27 15:07:44 gtw01 dnsmasq-dhcp[11520]: read /var/lib/neutron/dhcp/712b41cc-6284-4cc7-b369-1fe9da04cbbe/opts
Aug 27 15:07:45 gtw01 dnsmasq[21246]: read /var/lib/neutron/dhcp/e7812da2-66f5-40d8-bf1a-d4907c506b9a/addn_hosts - 4 addresses
Aug 27 15:07:45 gtw01 dnsmasq-dhcp[21246]: read /var/lib/neutron/dhcp/e7812da2-66f5-40d8-bf1a-d4907c506b9a/host
Aug 27 15:07:45 gtw01 dnsmasq-dhcp[21246]: read /var/lib/neutron/dhcp/e7812da2-66f5-40d8-bf1a-d4907c506b9a/opts
Aug 27 15:07:46 gtw01 dnsmasq[21246]: read /var/lib/neutron/dhcp/e7812da2-66f5-40d8-bf1a-d4907c506b9a/addn_hosts - 4 addresses
Aug 27 15:07:46 gtw01 dnsmasq-dhcp[21246]: read /var/lib/neutron/dhcp/e7812da2-66f5-40d8-bf1a-d4907c506b9a/host
Aug 27 15:07:46 gtw01 dnsmasq-dhcp[21246]: read /var/lib/neutron/dhcp/e7812da2-66f5-40d8-bf1a-d4907c506b9a/opts
Aug 27 15:07:46 gtw01 dnsmasq[10867]: read /var/lib/neutron/dhcp/a8f96464-1535-417d-bcb2-eb91479f6f85/addn_hosts - 3 addresses
Aug 27 15:07:46 gtw01 dnsmasq-dhcp[10867]: read /var/lib/neutron/dhcp/a8f96464-1535-417d-bcb2-eb91479f6f85/host
Aug 27 15:07:46 gtw01 dnsmasq-dhcp[10867]: read /var/lib/neutron/dhcp/a8f96464-1535-417d-bcb2-eb91479f6f85/opts
Aug 27 15:07:47 gtw01 dnsmasq[10867]: read /var/lib/neutron/dhcp/a8f96464-1535-417d-bcb2-eb91479f6f85/addn_hosts - 3 addresses
Aug 27 15:07:47 gtw01 dnsmasq-dhcp[10867]: read /var/lib/neutron/dhcp/a8f96464-1535-417d-bcb2-eb91479f6f85/host
Aug 27 15:07:47 gtw01 dnsmasq-dhcp[10867]: read /var/lib/neutron/dhcp/a8f96464-1535-417d-bcb2-eb91479f6f85/opts
Aug 27 15:07:47 gtw01 dnsmasq-dhcp[21246]: DHCPRELEASE(tape9a3cc68-02) 192.168.120.252 fa:16:3e:5b:99:c7
Aug 27 15:07:48 gtw01 dnsmasq-dhcp[21246]: DHCPRELEASE(tape9a3cc68-02) 192.168.120.252 fa:16:3e:5b:99:c7 unknown lease
Aug 27 15:07:48 gtw01 dnsmasq[10867]: read /var/lib/neutron/dhcp/a8f96464-1535-417d-bcb2-eb91479f6f85/addn_hosts - 3 addresses
Aug 27 15:07:48 gtw01 dnsmasq-dhcp[10867]: read /var/lib/neutron/dhcp/a8f96464-1535-417d-bcb2-eb91479f6f85/host
Aug 27 15:07:48 gtw01 dnsmasq-dhcp[10867]: read /var/lib/neutron/dhcp/a8f96464-1535-417d-bcb2-eb91479f6f85/opts
Aug 27 15:07:48 gtw01 dnsmasq[21246]: read /var/lib/neutron/dhcp/e7812da2-66f5-40d8-bf1a-d4907c506b9a/addn_hosts - 3 addresses
Aug 27 15:07:48 gtw01 dnsmasq-dhcp[21246]: read /var/lib/neutron/dhcp/e7812da2-66f5-40d8-bf1a-d4907c506b9a/host
Aug 27 15:07:48 gtw01 dnsmasq-dhcp[21246]: read /var/lib/neutron/dhcp/e7812da2-66f5-40d8-bf1a-d4907c506b9a/opts
Aug 27 15:07:54 gtw01 dnsmasq[21246]: read /var/lib/neutron/dhcp/e7812da2-66f5-40d8-bf1a-d4907c506b9a/addn_hosts - 2 addresses
Aug 27 15:07:54 gtw01 dnsmasq-dhcp[21246]: read /var/lib/neutron/dhcp/e7812da2-66f5-40d8-bf1a-d4907c506b9a/host
Aug 27 15:07:54 gtw01 dnsmasq-dhcp[21246]: read /var/lib/neutron/dhcp/e7812da2-66f5-40d8-bf1a-d4907c506b9a/opts
Aug 27 15:07:57 gtw01 dnsmasq-dhcp[9745]: DHCPDISCOVER(tapc7d80847-f5) fa:16:3e:f5:85:20
Aug 27 15:07:57 gtw01 dnsmasq-dhcp[9745]: DHCPOFFER(tapc7d80847-f5) 192.168.120.6 fa:16:3e:f5:85:20
Aug 27 15:07:57 gtw01 dnsmasq-dhcp[9745]: DHCPREQUEST(tapc7d80847-f5) 192.168.120.6 fa:16:3e:f5:85:20
Aug 27 15:07:57 gtw01 dnsmasq-dhcp[9745]: DHCPACK(tapc7d80847-f5) 192.168.120.6 fa:16:3e:f5:85:20 host-192-168-120-6
Aug 27 15:07:58 gtw01 dnsmasq[11520]: read /var/lib/neutron/dhcp/712b41cc-6284-4cc7-b369-1fe9da04cbbe/addn_hosts - 2 addresses
Aug 27 15:07:58 gtw01 dnsmasq-dhcp[11520]: read /var/lib/neutron/dhcp/712b41cc-6284-4cc7-b369-1fe9da04cbbe/host
Aug 27 15:07:58 gtw01 dnsmasq-dhcp[11520]: read /var/lib/neutron/dhcp/712b41cc-6284-4cc7-b369-1fe9da04cbbe/opts
Aug 27 15:07:59 gtw01 dnsmasq[11520]: read /var/lib/neutron/dhcp/712b41cc-6284-4cc7-b369-1fe9da04cbbe/addn_hosts - 2 addresses
Aug 27 15:07:59 gtw01 dnsmasq-dhcp[11520]: read /var/lib/neutron/dhcp/712b41cc-6284-4cc7-b369-1fe9da04cbbe/host
Aug 27 15:07:59 gtw01 dnsmasq-dhcp[11520]: read /var/lib/neutron/dhcp/712b41cc-6284-4cc7-b369-1fe9da04cbbe/opts
Aug 27 15:08:00 gtw01 dnsmasq[11520]: read /var/lib/neutron/dhcp/712b41cc-6284-4cc7-b369-1fe9da04cbbe/addn_hosts - 2 addresses
Aug 27 15:08:00 gtw01 dnsmasq-dhcp[11520]: read /var/lib/neutron/dhcp/712b41cc-6284-4cc7-b369-1fe9da04cbbe/host
Aug 27 15:08:00 gtw01 dnsmasq-dhcp[11520]: read /var/lib/neutron/dhcp/712b41cc-6284-4cc7-b369-1fe9da04cbbe/opts
Aug 27 15:08:05 gtw01 dnsmasq-dhcp[10867]: DHCPDISCOVER(tap84e304db-c9) fa:16:3e:b8:cd:95
Aug 27 15:08:05 gtw01 dnsmasq-dhcp[10867]: DHCPOFFER(tap84e304db-c9) 192.168.120.6 fa:16:3e:b8:cd:95
Aug 27 15:08:05 gtw01 dnsmasq-dhcp[10867]: DHCPREQUEST(tap84e304db-c9) 192.168.120.6 fa:16:3e:b8:cd:95
Aug 27 15:08:05 gtw01 dnsmasq-dhcp[10867]: DHCPACK(tap84e304db-c9) 192.168.120.6 fa:16:3e:b8:cd:95 host-192-168-120-6
Aug 27 15:08:08 gtw01 dnsmasq-dhcp[9745]: DHCPRELEASE(tapc7d80847-f5) 192.168.120.6 fa:16:3e:f5:85:20
Aug 27 15:08:15 gtw01 dnsmasq[11520]: read /var/lib/neutron/dhcp/712b41cc-6284-4cc7-b369-1fe9da04cbbe/addn_hosts - 1 addresses
Aug 27 15:08:15 gtw01 dnsmasq-dhcp[11520]: read /var/lib/neutron/dhcp/712b41cc-6284-4cc7-b369-1fe9da04cbbe/host
Aug 27 15:08:15 gtw01 dnsmasq-dhcp[11520]: read /var/lib/neutron/dhcp/712b41cc-6284-4cc7-b369-1fe9da04cbbe/opts
Aug 27 15:08:17 gtw01 dnsmasq[9745]: read /var/lib/neutron/dhcp/db7e4a0c-eae6-40a9-b454-cab8294e1526/addn_hosts - 5 addresses
Aug 27 15:08:17 gtw01 dnsmasq-dhcp[9745]: read /var/lib/neutron/dhcp/db7e4a0c-eae6-40a9-b454-cab8294e1526/host
Aug 27 15:08:17 gtw01 dnsmasq-dhcp[9745]: read /var/lib/neutron/dhcp/db7e4a0c-eae6-40a9-b454-cab8294e1526/opts
Aug 27 15:08:18 gtw01 dnsmasq-dhcp[10867]: DHCPRELEASE(tap84e304db-c9) 192.168.120.6 fa:16:3e:b8:cd:95
Aug 27 15:08:18 gtw01 dnsmasq[9745]: read /var/lib/neutron/dhcp/db7e4a0c-eae6-40a9-b454-cab8294e1526/addn_hosts - 5 addresses
Aug 27 15:08:18 gtw01 dnsmasq-dhcp[9745]: read /var/lib/neutron/dhcp/db7e4a0c-eae6-40a9-b454-cab8294e1526/host
Aug 27 15:08:18 gtw01 dnsmasq-dhcp[9745]: read /var/lib/neutron/dhcp/db7e4a0c-eae6-40a9-b454-cab8294e1526/opts
Aug 27 15:08:18 gtw01 dnsmasq-dhcp[10867]: DHCPRELEASE(tap84e304db-c9) 192.168.120.6 fa:16:3e:b8:cd:95 unknown lease
Aug 27 15:08:18 gtw01 dnsmasq[10867]: read /var/lib/neutron/dhcp/a8f96464-1535-417d-bcb2-eb91479f6f85/addn_hosts - 2 addresses
Aug 27 15:08:18 gtw01 dnsmasq-dhcp[10867]: read /var/lib/neutron/dhcp/a8f96464-1535-417d-bcb2-eb91479f6f85/host
Aug 27 15:08:18 gtw01 dnsmasq-dhcp[10867]: read /var/lib/neutron/dhcp/a8f96464-1535-417d-bcb2-eb91479f6f85/opts
Aug 27 15:08:19 gtw01 dnsmasq[9745]: read /var/lib/neutron/dhcp/db7e4a0c-eae6-40a9-b454-cab8294e1526/addn_hosts - 5 addresses
Aug 27 15:08:19 gtw01 dnsmasq-dhcp[9745]: read /var/lib/neutron/dhcp/db7e4a0c-eae6-40a9-b454-cab8294e1526/host
Aug 27 15:08:19 gtw01 dnsmasq-dhcp[9745]: read /var/lib/neutron/dhcp/db7e4a0c-eae6-40a9-b454-cab8294e1526/opts
Aug 27 15:08:23 gtw01 dnsmasq[21246]: read /var/lib/neutron/dhcp/e7812da2-66f5-40d8-bf1a-d4907c506b9a/addn_hosts - 3 addresses
Aug 27 15:08:23 gtw01 dnsmasq-dhcp[21246]: read /var/lib/neutron/dhcp/e7812da2-66f5-40d8-bf1a-d4907c506b9a/host
Aug 27 15:08:23 gtw01 dnsmasq-dhcp[21246]: read /var/lib/neutron/dhcp/e7812da2-66f5-40d8-bf1a-d4907c506b9a/opts
Aug 27 15:08:23 gtw01 kernel: [ 6970.646948] device tapee4bf0fd-59 left promiscuous mode
Aug 27 15:08:24 gtw01 dnsmasq[21246]: read /var/lib/neutron/dhcp/e7812da2-66f5-40d8-bf1a-d4907c506b9a/addn_hosts - 3 addresses
Aug 27 15:08:24 gtw01 dnsmasq-dhcp[21246]: read /var/lib/neutron/dhcp/e7812da2-66f5-40d8-bf1a-d4907c506b9a/host
Aug 27 15:08:24 gtw01 dnsmasq-dhcp[21246]: read /var/lib/neutron/dhcp/e7812da2-66f5-40d8-bf1a-d4907c506b9a/opts
Aug 27 15:08:24 gtw01 dnsmasq[21246]: read /var/lib/neutron/dhcp/e7812da2-66f5-40d8-bf1a-d4907c506b9a/addn_hosts - 3 addresses
Aug 27 15:08:24 gtw01 dnsmasq-dhcp[21246]: read /var/lib/neutron/dhcp/e7812da2-66f5-40d8-bf1a-d4907c506b9a/host
Aug 27 15:08:24 gtw01 dnsmasq-dhcp[21246]: read /var/lib/neutron/dhcp/e7812da2-66f5-40d8-bf1a-d4907c506b9a/opts
Aug 27 15:08:27 gtw01 dnsmasq-dhcp[9745]: DHCPRELEASE(tapc7d80847-f5) 192.168.120.13 fa:16:3e:fe:33:3a
Aug 27 15:08:28 gtw01 dnsmasq[10867]: read /var/lib/neutron/dhcp/a8f96464-1535-417d-bcb2-eb91479f6f85/addn_hosts - 1 addresses
Aug 27 15:08:28 gtw01 dnsmasq-dhcp[10867]: read /var/lib/neutron/dhcp/a8f96464-1535-417d-bcb2-eb91479f6f85/host
Aug 27 15:08:28 gtw01 dnsmasq-dhcp[10867]: read /var/lib/neutron/dhcp/a8f96464-1535-417d-bcb2-eb91479f6f85/opts
Aug 27 15:08:30 gtw01 kernel: [ 6977.354889] device qr-310bc592-ab left promiscuous mode
Aug 27 15:08:31 gtw01 kernel: [ 6977.993480] device qg-33116193-81 left promiscuous mode
Aug 27 15:08:32 gtw01 dnsmasq[21246]: read /var/lib/neutron/dhcp/e7812da2-66f5-40d8-bf1a-d4907c506b9a/addn_hosts - 2 addresses
Aug 27 15:08:32 gtw01 dnsmasq-dhcp[21246]: read /var/lib/neutron/dhcp/e7812da2-66f5-40d8-bf1a-d4907c506b9a/host
Aug 27 15:08:32 gtw01 dnsmasq-dhcp[21246]: read /var/lib/neutron/dhcp/e7812da2-66f5-40d8-bf1a-d4907c506b9a/opts
Aug 27 15:08:32 gtw01 dnsmasq-dhcp[9745]: DHCPDISCOVER(tapc7d80847-f5) fa:16:3e:f4:12:3d
Aug 27 15:08:32 gtw01 dnsmasq-dhcp[9745]: DHCPOFFER(tapc7d80847-f5) 192.168.120.11 fa:16:3e:f4:12:3d
Aug 27 15:08:32 gtw01 dnsmasq-dhcp[9745]: DHCPREQUEST(tapc7d80847-f5) 192.168.120.11 fa:16:3e:f4:12:3d
Aug 27 15:08:32 gtw01 dnsmasq-dhcp[9745]: DHCPACK(tapc7d80847-f5) 192.168.120.11 fa:16:3e:f4:12:3d host-192-168-120-11
Aug 27 15:08:33 gtw01 kernel: [ 6980.758155] device tap84e304db-c9 left promiscuous mode
Aug 27 15:08:42 gtw01 dnsmasq[21246]: read /var/lib/neutron/dhcp/e7812da2-66f5-40d8-bf1a-d4907c506b9a/addn_hosts - 3 addresses
Aug 27 15:08:42 gtw01 dnsmasq-dhcp[21246]: read /var/lib/neutron/dhcp/e7812da2-66f5-40d8-bf1a-d4907c506b9a/host
Aug 27 15:08:42 gtw01 dnsmasq-dhcp[21246]: read /var/lib/neutron/dhcp/e7812da2-66f5-40d8-bf1a-d4907c506b9a/opts
Aug 27 15:08:43 gtw01 dnsmasq[21246]: read /var/lib/neutron/dhcp/e7812da2-66f5-40d8-bf1a-d4907c506b9a/addn_hosts - 3 addresses
Aug 27 15:08:43 gtw01 dnsmasq-dhcp[21246]: read /var/lib/neutron/dhcp/e7812da2-66f5-40d8-bf1a-d4907c506b9a/host
Aug 27 15:08:43 gtw01 dnsmasq-dhcp[21246]: read /var/lib/neutron/dhcp/e7812da2-66f5-40d8-bf1a-d4907c506b9a/opts
Aug 27 15:08:44 gtw01 dnsmasq[21246]: read /var/lib/neutron/dhcp/e7812da2-66f5-40d8-bf1a-d4907c506b9a/addn_hosts - 3 addresses
Aug 27 15:08:44 gtw01 dnsmasq-dhcp[21246]: read /var/lib/neutron/dhcp/e7812da2-66f5-40d8-bf1a-d4907c506b9a/host
Aug 27 15:08:44 gtw01 dnsmasq-dhcp[21246]: read /var/lib/neutron/dhcp/e7812da2-66f5-40d8-bf1a-d4907c506b9a/opts
Aug 27 15:08:44 gtw01 systemd-udevd[12422]: link_config: autonegotiation is unset or enabled, the speed and duplex are not writable.
Aug 27 15:08:44 gtw01 systemd-udevd[12422]: Could not generate persistent MAC address for qg-f3785a1a-06: No such file or directory
Aug 27 15:08:44 gtw01 kernel: [ 6991.750269] device qg-f3785a1a-06 entered promiscuous mode
Aug 27 15:08:46 gtw01 dnsmasq-dhcp[9745]: DHCPDISCOVER(tapc7d80847-f5) fa:16:3e:fe:33:3a
Aug 27 15:08:46 gtw01 dnsmasq-dhcp[9745]: DHCPOFFER(tapc7d80847-f5) 192.168.120.13 fa:16:3e:fe:33:3a
Aug 27 15:08:46 gtw01 dnsmasq-dhcp[9745]: DHCPREQUEST(tapc7d80847-f5) 192.168.120.13 fa:16:3e:fe:33:3a
Aug 27 15:08:46 gtw01 dnsmasq-dhcp[9745]: DHCPACK(tapc7d80847-f5) 192.168.120.13 fa:16:3e:fe:33:3a host-192-168-120-13
Aug 27 15:08:49 gtw01 dnsmasq[21246]: read /var/lib/neutron/dhcp/e7812da2-66f5-40d8-bf1a-d4907c506b9a/addn_hosts - 2 addresses
Aug 27 15:08:49 gtw01 dnsmasq-dhcp[21246]: read /var/lib/neutron/dhcp/e7812da2-66f5-40d8-bf1a-d4907c506b9a/host
Aug 27 15:08:49 gtw01 dnsmasq-dhcp[21246]: read /var/lib/neutron/dhcp/e7812da2-66f5-40d8-bf1a-d4907c506b9a/opts
Aug 27 15:08:53 gtw01 kernel: [ 7000.740160] device qr-bc2ef6f3-5d entered promiscuous mode
Aug 27 15:08:53 gtw01 systemd-udevd[12659]: link_config: autonegotiation is unset or enabled, the speed and duplex are not writable.
Aug 27 15:08:53 gtw01 systemd-udevd[12659]: Could not generate persistent MAC address for qr-bc2ef6f3-5d: No such file or directory
Aug 27 15:08:59 gtw01 dnsmasq[21246]: read /var/lib/neutron/dhcp/e7812da2-66f5-40d8-bf1a-d4907c506b9a/addn_hosts - 3 addresses
Aug 27 15:08:59 gtw01 dnsmasq-dhcp[21246]: read /var/lib/neutron/dhcp/e7812da2-66f5-40d8-bf1a-d4907c506b9a/host
Aug 27 15:08:59 gtw01 dnsmasq-dhcp[21246]: read /var/lib/neutron/dhcp/e7812da2-66f5-40d8-bf1a-d4907c506b9a/opts
Aug 27 15:09:00 gtw01 dnsmasq[21246]: read /var/lib/neutron/dhcp/e7812da2-66f5-40d8-bf1a-d4907c506b9a/addn_hosts - 4 addresses
Aug 27 15:09:00 gtw01 dnsmasq-dhcp[21246]: read /var/lib/neutron/dhcp/e7812da2-66f5-40d8-bf1a-d4907c506b9a/host
Aug 27 15:09:00 gtw01 dnsmasq-dhcp[21246]: read /var/lib/neutron/dhcp/e7812da2-66f5-40d8-bf1a-d4907c506b9a/opts
Aug 27 15:09:00 gtw01 dnsmasq-dhcp[9745]: DHCPDISCOVER(tapc7d80847-f5) fa:16:3e:fe:33:3a
Aug 27 15:09:00 gtw01 dnsmasq-dhcp[9745]: DHCPOFFER(tapc7d80847-f5) 192.168.120.13 fa:16:3e:fe:33:3a
Aug 27 15:09:00 gtw01 dnsmasq-dhcp[9745]: DHCPREQUEST(tapc7d80847-f5) 192.168.120.13 fa:16:3e:fe:33:3a
Aug 27 15:09:00 gtw01 dnsmasq-dhcp[9745]: DHCPACK(tapc7d80847-f5) 192.168.120.13 fa:16:3e:fe:33:3a host-192-168-120-13
Aug 27 15:09:01 gtw01 dnsmasq[21246]: read /var/lib/neutron/dhcp/e7812da2-66f5-40d8-bf1a-d4907c506b9a/addn_hosts - 5 addresses
Aug 27 15:09:01 gtw01 dnsmasq-dhcp[21246]: read /var/lib/neutron/dhcp/e7812da2-66f5-40d8-bf1a-d4907c506b9a/host
Aug 27 15:09:01 gtw01 dnsmasq-dhcp[21246]: read /var/lib/neutron/dhcp/e7812da2-66f5-40d8-bf1a-d4907c506b9a/opts
Aug 27 15:09:02 gtw01 dnsmasq[21246]: read /var/lib/neutron/dhcp/e7812da2-66f5-40d8-bf1a-d4907c506b9a/addn_hosts - 5 addresses
Aug 27 15:09:02 gtw01 dnsmasq-dhcp[21246]: read /var/lib/neutron/dhcp/e7812da2-66f5-40d8-bf1a-d4907c506b9a/host
Aug 27 15:09:02 gtw01 dnsmasq-dhcp[21246]: read /var/lib/neutron/dhcp/e7812da2-66f5-40d8-bf1a-d4907c506b9a/opts
Aug 27 15:09:03 gtw01 dnsmasq[21246]: read /var/lib/neutron/dhcp/e7812da2-66f5-40d8-bf1a-d4907c506b9a/addn_hosts - 5 addresses
Aug 27 15:09:03 gtw01 dnsmasq-dhcp[21246]: read /var/lib/neutron/dhcp/e7812da2-66f5-40d8-bf1a-d4907c506b9a/host
Aug 27 15:09:03 gtw01 dnsmasq-dhcp[21246]: read /var/lib/neutron/dhcp/e7812da2-66f5-40d8-bf1a-d4907c506b9a/opts
Aug 27 15:09:04 gtw01 dnsmasq[21246]: read /var/lib/neutron/dhcp/e7812da2-66f5-40d8-bf1a-d4907c506b9a/addn_hosts - 5 addresses
Aug 27 15:09:04 gtw01 dnsmasq-dhcp[21246]: read /var/lib/neutron/dhcp/e7812da2-66f5-40d8-bf1a-d4907c506b9a/host
Aug 27 15:09:04 gtw01 dnsmasq-dhcp[21246]: read /var/lib/neutron/dhcp/e7812da2-66f5-40d8-bf1a-d4907c506b9a/opts
Aug 27 15:09:04 gtw01 dnsmasq[21246]: read /var/lib/neutron/dhcp/e7812da2-66f5-40d8-bf1a-d4907c506b9a/addn_hosts - 5 addresses
Aug 27 15:09:04 gtw01 dnsmasq-dhcp[21246]: read /var/lib/neutron/dhcp/e7812da2-66f5-40d8-bf1a-d4907c506b9a/host
Aug 27 15:09:04 gtw01 dnsmasq-dhcp[21246]: read /var/lib/neutron/dhcp/e7812da2-66f5-40d8-bf1a-d4907c506b9a/opts
Aug 27 15:09:06 gtw01 dnsmasq[21246]: read /var/lib/neutron/dhcp/e7812da2-66f5-40d8-bf1a-d4907c506b9a/addn_hosts - 5 addresses
Aug 27 15:09:06 gtw01 dnsmasq-dhcp[21246]: read /var/lib/neutron/dhcp/e7812da2-66f5-40d8-bf1a-d4907c506b9a/host
Aug 27 15:09:06 gtw01 dnsmasq-dhcp[21246]: read /var/lib/neutron/dhcp/e7812da2-66f5-40d8-bf1a-d4907c506b9a/opts
Aug 27 15:09:06 gtw01 dnsmasq[21246]: read /var/lib/neutron/dhcp/e7812da2-66f5-40d8-bf1a-d4907c506b9a/addn_hosts - 5 addresses
Aug 27 15:09:06 gtw01 dnsmasq-dhcp[21246]: read /var/lib/neutron/dhcp/e7812da2-66f5-40d8-bf1a-d4907c506b9a/host
Aug 27 15:09:06 gtw01 dnsmasq-dhcp[21246]: read /var/lib/neutron/dhcp/e7812da2-66f5-40d8-bf1a-d4907c506b9a/opts
Aug 27 15:09:08 gtw01 dnsmasq-dhcp[9745]: DHCPRELEASE(tapc7d80847-f5) 192.168.120.13 fa:16:3e:fe:33:3a
Aug 27 15:09:13 gtw01 dnsmasq[21246]: read /var/lib/neutron/dhcp/e7812da2-66f5-40d8-bf1a-d4907c506b9a/addn_hosts - 4 addresses
Aug 27 15:09:13 gtw01 dnsmasq-dhcp[21246]: read /var/lib/neutron/dhcp/e7812da2-66f5-40d8-bf1a-d4907c506b9a/host
Aug 27 15:09:13 gtw01 dnsmasq-dhcp[21246]: read /var/lib/neutron/dhcp/e7812da2-66f5-40d8-bf1a-d4907c506b9a/opts
Aug 27 15:09:18 gtw01 dnsmasq[21246]: read /var/lib/neutron/dhcp/e7812da2-66f5-40d8-bf1a-d4907c506b9a/addn_hosts - 3 addresses
Aug 27 15:09:18 gtw01 dnsmasq-dhcp[21246]: read /var/lib/neutron/dhcp/e7812da2-66f5-40d8-bf1a-d4907c506b9a/host
Aug 27 15:09:18 gtw01 dnsmasq-dhcp[21246]: read /var/lib/neutron/dhcp/e7812da2-66f5-40d8-bf1a-d4907c506b9a/opts
Aug 27 15:09:19 gtw01 dnsmasq[21246]: read /var/lib/neutron/dhcp/e7812da2-66f5-40d8-bf1a-d4907c506b9a/addn_hosts - 2 addresses
Aug 27 15:09:19 gtw01 dnsmasq-dhcp[21246]: read /var/lib/neutron/dhcp/e7812da2-66f5-40d8-bf1a-d4907c506b9a/host
Aug 27 15:09:19 gtw01 dnsmasq-dhcp[21246]: read /var/lib/neutron/dhcp/e7812da2-66f5-40d8-bf1a-d4907c506b9a/opts
Aug 27 15:09:24 gtw01 dnsmasq-dhcp[9745]: DHCPDISCOVER(tapc7d80847-f5) fa:16:3e:fe:33:3a
Aug 27 15:09:24 gtw01 dnsmasq-dhcp[9745]: DHCPOFFER(tapc7d80847-f5) 192.168.120.13 fa:16:3e:fe:33:3a
Aug 27 15:09:24 gtw01 dnsmasq-dhcp[9745]: DHCPREQUEST(tapc7d80847-f5) 192.168.120.13 fa:16:3e:fe:33:3a
Aug 27 15:09:24 gtw01 dnsmasq-dhcp[9745]: DHCPACK(tapc7d80847-f5) 192.168.120.13 fa:16:3e:fe:33:3a host-192-168-120-13
Aug 27 15:09:26 gtw01 dnsmasq[21246]: read /var/lib/neutron/dhcp/e7812da2-66f5-40d8-bf1a-d4907c506b9a/addn_hosts - 3 addresses
Aug 27 15:09:26 gtw01 dnsmasq-dhcp[21246]: read /var/lib/neutron/dhcp/e7812da2-66f5-40d8-bf1a-d4907c506b9a/host
Aug 27 15:09:26 gtw01 dnsmasq-dhcp[21246]: read /var/lib/neutron/dhcp/e7812da2-66f5-40d8-bf1a-d4907c506b9a/opts
Aug 27 15:09:27 gtw01 dnsmasq[21246]: read /var/lib/neutron/dhcp/e7812da2-66f5-40d8-bf1a-d4907c506b9a/addn_hosts - 4 addresses
Aug 27 15:09:27 gtw01 dnsmasq-dhcp[21246]: read /var/lib/neutron/dhcp/e7812da2-66f5-40d8-bf1a-d4907c506b9a/host
Aug 27 15:09:27 gtw01 dnsmasq-dhcp[21246]: read /var/lib/neutron/dhcp/e7812da2-66f5-40d8-bf1a-d4907c506b9a/opts
Aug 27 15:09:28 gtw01 dnsmasq[21246]: read /var/lib/neutron/dhcp/e7812da2-66f5-40d8-bf1a-d4907c506b9a/addn_hosts - 4 addresses
Aug 27 15:09:28 gtw01 dnsmasq-dhcp[21246]: read /var/lib/neutron/dhcp/e7812da2-66f5-40d8-bf1a-d4907c506b9a/host
Aug 27 15:09:28 gtw01 dnsmasq-dhcp[21246]: read /var/lib/neutron/dhcp/e7812da2-66f5-40d8-bf1a-d4907c506b9a/opts
Aug 27 15:09:29 gtw01 dnsmasq[21246]: read /var/lib/neutron/dhcp/e7812da2-66f5-40d8-bf1a-d4907c506b9a/addn_hosts - 4 addresses
Aug 27 15:09:29 gtw01 dnsmasq-dhcp[21246]: read /var/lib/neutron/dhcp/e7812da2-66f5-40d8-bf1a-d4907c506b9a/host
Aug 27 15:09:29 gtw01 dnsmasq-dhcp[21246]: read /var/lib/neutron/dhcp/e7812da2-66f5-40d8-bf1a-d4907c506b9a/opts
Aug 27 15:09:30 gtw01 dnsmasq[21246]: read /var/lib/neutron/dhcp/e7812da2-66f5-40d8-bf1a-d4907c506b9a/addn_hosts - 4 addresses
Aug 27 15:09:30 gtw01 dnsmasq-dhcp[21246]: read /var/lib/neutron/dhcp/e7812da2-66f5-40d8-bf1a-d4907c506b9a/host
Aug 27 15:09:30 gtw01 dnsmasq-dhcp[21246]: read /var/lib/neutron/dhcp/e7812da2-66f5-40d8-bf1a-d4907c506b9a/opts
Aug 27 15:09:31 gtw01 dnsmasq[21246]: read /var/lib/neutron/dhcp/e7812da2-66f5-40d8-bf1a-d4907c506b9a/addn_hosts - 4 addresses
Aug 27 15:09:31 gtw01 dnsmasq-dhcp[21246]: read /var/lib/neutron/dhcp/e7812da2-66f5-40d8-bf1a-d4907c506b9a/host
Aug 27 15:09:31 gtw01 dnsmasq-dhcp[21246]: read /var/lib/neutron/dhcp/e7812da2-66f5-40d8-bf1a-d4907c506b9a/opts
Aug 27 15:09:32 gtw01 dnsmasq-dhcp[9745]: DHCPRELEASE(tapc7d80847-f5) 192.168.120.13 fa:16:3e:fe:33:3a
Aug 27 15:09:32 gtw01 dnsmasq[21246]: read /var/lib/neutron/dhcp/e7812da2-66f5-40d8-bf1a-d4907c506b9a/addn_hosts - 3 addresses
Aug 27 15:09:32 gtw01 dnsmasq-dhcp[21246]: read /var/lib/neutron/dhcp/e7812da2-66f5-40d8-bf1a-d4907c506b9a/host
Aug 27 15:09:32 gtw01 dnsmasq-dhcp[21246]: read /var/lib/neutron/dhcp/e7812da2-66f5-40d8-bf1a-d4907c506b9a/opts
Aug 27 15:09:33 gtw01 dnsmasq[21246]: read /var/lib/neutron/dhcp/e7812da2-66f5-40d8-bf1a-d4907c506b9a/addn_hosts - 2 addresses
Aug 27 15:09:33 gtw01 dnsmasq-dhcp[21246]: read /var/lib/neutron/dhcp/e7812da2-66f5-40d8-bf1a-d4907c506b9a/host
Aug 27 15:09:33 gtw01 dnsmasq-dhcp[21246]: read /var/lib/neutron/dhcp/e7812da2-66f5-40d8-bf1a-d4907c506b9a/opts
Aug 27 15:09:35 gtw01 dnsmasq[21246]: read /var/lib/neutron/dhcp/e7812da2-66f5-40d8-bf1a-d4907c506b9a/addn_hosts - 3 addresses
Aug 27 15:09:35 gtw01 dnsmasq-dhcp[21246]: read /var/lib/neutron/dhcp/e7812da2-66f5-40d8-bf1a-d4907c506b9a/host
Aug 27 15:09:35 gtw01 dnsmasq-dhcp[21246]: read /var/lib/neutron/dhcp/e7812da2-66f5-40d8-bf1a-d4907c506b9a/opts
Aug 27 15:09:36 gtw01 dnsmasq[21246]: read /var/lib/neutron/dhcp/e7812da2-66f5-40d8-bf1a-d4907c506b9a/addn_hosts - 4 addresses
Aug 27 15:09:36 gtw01 dnsmasq-dhcp[21246]: read /var/lib/neutron/dhcp/e7812da2-66f5-40d8-bf1a-d4907c506b9a/host
Aug 27 15:09:36 gtw01 dnsmasq-dhcp[21246]: read /var/lib/neutron/dhcp/e7812da2-66f5-40d8-bf1a-d4907c506b9a/opts
Aug 27 15:09:37 gtw01 dnsmasq[21246]: read /var/lib/neutron/dhcp/e7812da2-66f5-40d8-bf1a-d4907c506b9a/addn_hosts - 4 addresses
Aug 27 15:09:37 gtw01 dnsmasq-dhcp[21246]: read /var/lib/neutron/dhcp/e7812da2-66f5-40d8-bf1a-d4907c506b9a/host
Aug 27 15:09:37 gtw01 dnsmasq-dhcp[21246]: read /var/lib/neutron/dhcp/e7812da2-66f5-40d8-bf1a-d4907c506b9a/opts
Aug 27 15:09:38 gtw01 dnsmasq[21246]: read /var/lib/neutron/dhcp/e7812da2-66f5-40d8-bf1a-d4907c506b9a/addn_hosts - 4 addresses
Aug 27 15:09:38 gtw01 dnsmasq-dhcp[21246]: read /var/lib/neutron/dhcp/e7812da2-66f5-40d8-bf1a-d4907c506b9a/host
Aug 27 15:09:38 gtw01 dnsmasq-dhcp[21246]: read /var/lib/neutron/dhcp/e7812da2-66f5-40d8-bf1a-d4907c506b9a/opts
Aug 27 15:09:39 gtw01 dnsmasq[21246]: read /var/lib/neutron/dhcp/e7812da2-66f5-40d8-bf1a-d4907c506b9a/addn_hosts - 4 addresses
Aug 27 15:09:39 gtw01 dnsmasq-dhcp[21246]: read /var/lib/neutron/dhcp/e7812da2-66f5-40d8-bf1a-d4907c506b9a/host
Aug 27 15:09:39 gtw01 dnsmasq-dhcp[21246]: read /var/lib/neutron/dhcp/e7812da2-66f5-40d8-bf1a-d4907c506b9a/opts
Aug 27 15:09:40 gtw01 dnsmasq[21246]: read /var/lib/neutron/dhcp/e7812da2-66f5-40d8-bf1a-d4907c506b9a/addn_hosts - 4 addresses
Aug 27 15:09:40 gtw01 dnsmasq-dhcp[21246]: read /var/lib/neutron/dhcp/e7812da2-66f5-40d8-bf1a-d4907c506b9a/host
Aug 27 15:09:40 gtw01 dnsmasq-dhcp[21246]: read /var/lib/neutron/dhcp/e7812da2-66f5-40d8-bf1a-d4907c506b9a/opts
Aug 27 15:09:45 gtw01 dnsmasq[21246]: read /var/lib/neutron/dhcp/e7812da2-66f5-40d8-bf1a-d4907c506b9a/addn_hosts - 3 addresses
Aug 27 15:09:45 gtw01 dnsmasq-dhcp[21246]: read /var/lib/neutron/dhcp/e7812da2-66f5-40d8-bf1a-d4907c506b9a/host
Aug 27 15:09:45 gtw01 dnsmasq-dhcp[21246]: read /var/lib/neutron/dhcp/e7812da2-66f5-40d8-bf1a-d4907c506b9a/opts
Aug 27 15:09:46 gtw01 dnsmasq[21246]: read /var/lib/neutron/dhcp/e7812da2-66f5-40d8-bf1a-d4907c506b9a/addn_hosts - 2 addresses
Aug 27 15:09:46 gtw01 dnsmasq-dhcp[21246]: read /var/lib/neutron/dhcp/e7812da2-66f5-40d8-bf1a-d4907c506b9a/host
Aug 27 15:09:46 gtw01 dnsmasq-dhcp[21246]: read /var/lib/neutron/dhcp/e7812da2-66f5-40d8-bf1a-d4907c506b9a/opts
Aug 27 15:09:47 gtw01 dnsmasq-dhcp[9745]: DHCPDISCOVER(tapc7d80847-f5) fa:16:3e:fe:33:3a
Aug 27 15:09:47 gtw01 dnsmasq-dhcp[9745]: DHCPOFFER(tapc7d80847-f5) 192.168.120.13 fa:16:3e:fe:33:3a
Aug 27 15:09:47 gtw01 dnsmasq-dhcp[9745]: DHCPREQUEST(tapc7d80847-f5) 192.168.120.13 fa:16:3e:fe:33:3a
Aug 27 15:09:47 gtw01 dnsmasq-dhcp[9745]: DHCPACK(tapc7d80847-f5) 192.168.120.13 fa:16:3e:fe:33:3a host-192-168-120-13
Aug 27 15:09:49 gtw01 dnsmasq-dhcp[9745]: DHCPRELEASE(tapc7d80847-f5) 192.168.120.13 fa:16:3e:fe:33:3a
Aug 27 15:10:10 gtw01 dnsmasq-dhcp[9745]: DHCPDISCOVER(tapc7d80847-f5) fa:16:3e:fe:33:3a
Aug 27 15:10:10 gtw01 dnsmasq-dhcp[9745]: DHCPOFFER(tapc7d80847-f5) 192.168.120.13 fa:16:3e:fe:33:3a
Aug 27 15:10:10 gtw01 dnsmasq-dhcp[9745]: DHCPREQUEST(tapc7d80847-f5) 192.168.120.13 fa:16:3e:fe:33:3a
Aug 27 15:10:10 gtw01 dnsmasq-dhcp[9745]: DHCPACK(tapc7d80847-f5) 192.168.120.13 fa:16:3e:fe:33:3a host-192-168-120-13
Aug 27 15:10:17 gtw01 kernel: [ 7084.466995] device qr-bc2ef6f3-5d left promiscuous mode
Aug 27 15:10:18 gtw01 kernel: [ 7085.202787] device qg-f3785a1a-06 left promiscuous mode
Aug 27 15:10:22 gtw01 dnsmasq-dhcp[9745]: DHCPRELEASE(tapc7d80847-f5) 192.168.120.13 fa:16:3e:fe:33:3a
Aug 27 15:10:25 gtw01 dnsmasq[21246]: read /var/lib/neutron/dhcp/e7812da2-66f5-40d8-bf1a-d4907c506b9a/addn_hosts - 3 addresses
Aug 27 15:10:25 gtw01 dnsmasq-dhcp[21246]: read /var/lib/neutron/dhcp/e7812da2-66f5-40d8-bf1a-d4907c506b9a/host
Aug 27 15:10:25 gtw01 dnsmasq-dhcp[21246]: read /var/lib/neutron/dhcp/e7812da2-66f5-40d8-bf1a-d4907c506b9a/opts
Aug 27 15:10:26 gtw01 dnsmasq[21246]: read /var/lib/neutron/dhcp/e7812da2-66f5-40d8-bf1a-d4907c506b9a/addn_hosts - 3 addresses
Aug 27 15:10:26 gtw01 dnsmasq-dhcp[21246]: read /var/lib/neutron/dhcp/e7812da2-66f5-40d8-bf1a-d4907c506b9a/host
Aug 27 15:10:26 gtw01 dnsmasq-dhcp[21246]: read /var/lib/neutron/dhcp/e7812da2-66f5-40d8-bf1a-d4907c506b9a/opts
Aug 27 15:10:27 gtw01 dnsmasq[21246]: read /var/lib/neutron/dhcp/e7812da2-66f5-40d8-bf1a-d4907c506b9a/addn_hosts - 3 addresses
Aug 27 15:10:27 gtw01 dnsmasq-dhcp[21246]: read /var/lib/neutron/dhcp/e7812da2-66f5-40d8-bf1a-d4907c506b9a/host
Aug 27 15:10:27 gtw01 dnsmasq-dhcp[21246]: read /var/lib/neutron/dhcp/e7812da2-66f5-40d8-bf1a-d4907c506b9a/opts
Aug 27 15:10:28 gtw01 dnsmasq[21246]: read /var/lib/neutron/dhcp/e7812da2-66f5-40d8-bf1a-d4907c506b9a/addn_hosts - 4 addresses
Aug 27 15:10:28 gtw01 dnsmasq-dhcp[21246]: read /var/lib/neutron/dhcp/e7812da2-66f5-40d8-bf1a-d4907c506b9a/host
Aug 27 15:10:28 gtw01 dnsmasq-dhcp[21246]: read /var/lib/neutron/dhcp/e7812da2-66f5-40d8-bf1a-d4907c506b9a/opts
Aug 27 15:10:29 gtw01 dnsmasq[21246]: read /var/lib/neutron/dhcp/e7812da2-66f5-40d8-bf1a-d4907c506b9a/addn_hosts - 4 addresses
Aug 27 15:10:29 gtw01 dnsmasq-dhcp[21246]: read /var/lib/neutron/dhcp/e7812da2-66f5-40d8-bf1a-d4907c506b9a/host
Aug 27 15:10:29 gtw01 dnsmasq-dhcp[21246]: read /var/lib/neutron/dhcp/e7812da2-66f5-40d8-bf1a-d4907c506b9a/opts
Aug 27 15:10:30 gtw01 dnsmasq[21246]: read /var/lib/neutron/dhcp/e7812da2-66f5-40d8-bf1a-d4907c506b9a/addn_hosts - 4 addresses
Aug 27 15:10:30 gtw01 dnsmasq-dhcp[21246]: read /var/lib/neutron/dhcp/e7812da2-66f5-40d8-bf1a-d4907c506b9a/host
Aug 27 15:10:30 gtw01 dnsmasq-dhcp[21246]: read /var/lib/neutron/dhcp/e7812da2-66f5-40d8-bf1a-d4907c506b9a/opts
Aug 27 15:10:35 gtw01 dnsmasq[9745]: read /var/lib/neutron/dhcp/db7e4a0c-eae6-40a9-b454-cab8294e1526/addn_hosts - 6 addresses
Aug 27 15:10:35 gtw01 dnsmasq-dhcp[9745]: read /var/lib/neutron/dhcp/db7e4a0c-eae6-40a9-b454-cab8294e1526/host
Aug 27 15:10:35 gtw01 dnsmasq-dhcp[9745]: read /var/lib/neutron/dhcp/db7e4a0c-eae6-40a9-b454-cab8294e1526/opts
Aug 27 15:10:35 gtw01 dnsmasq[21246]: read /var/lib/neutron/dhcp/e7812da2-66f5-40d8-bf1a-d4907c506b9a/addn_hosts - 3 addresses
