Jun  2 16:36:49 gtw01 dnsmasq-dhcp[29049]: read /var/lib/neutron/dhcp/ec03ae31-f5c7-4b37-a981-7e75164c3218/host
Jun  2 16:36:49 gtw01 dnsmasq-dhcp[29049]: read /var/lib/neutron/dhcp/ec03ae31-f5c7-4b37-a981-7e75164c3218/opts
Jun  2 16:36:49 gtw01 dnsmasq[28763]: read /var/lib/neutron/dhcp/8544770a-cd89-4513-9954-5727b33ba40a/addn_hosts - 5 addresses
Jun  2 16:36:49 gtw01 dnsmasq-dhcp[28763]: read /var/lib/neutron/dhcp/8544770a-cd89-4513-9954-5727b33ba40a/host
Jun  2 16:36:49 gtw01 dnsmasq-dhcp[28763]: read /var/lib/neutron/dhcp/8544770a-cd89-4513-9954-5727b33ba40a/opts
Jun  2 16:36:49 gtw01 kernel: [ 6951.920014] device tap7945dde4-ab left promiscuous mode
Jun  2 16:36:50 gtw01 dnsmasq[29049]: read /var/lib/neutron/dhcp/ec03ae31-f5c7-4b37-a981-7e75164c3218/addn_hosts - 2 addresses
Jun  2 16:36:50 gtw01 dnsmasq-dhcp[29049]: read /var/lib/neutron/dhcp/ec03ae31-f5c7-4b37-a981-7e75164c3218/host
Jun  2 16:36:50 gtw01 dnsmasq-dhcp[29049]: read /var/lib/neutron/dhcp/ec03ae31-f5c7-4b37-a981-7e75164c3218/opts
Jun  2 16:36:50 gtw01 dnsmasq[28763]: read /var/lib/neutron/dhcp/8544770a-cd89-4513-9954-5727b33ba40a/addn_hosts - 5 addresses
Jun  2 16:36:50 gtw01 dnsmasq-dhcp[28763]: read /var/lib/neutron/dhcp/8544770a-cd89-4513-9954-5727b33ba40a/host
Jun  2 16:36:50 gtw01 dnsmasq-dhcp[28763]: read /var/lib/neutron/dhcp/8544770a-cd89-4513-9954-5727b33ba40a/opts
Jun  2 16:36:51 gtw01 kernel: [ 6953.536105] device tap84f3ffac-ce left promiscuous mode
Jun  2 16:36:51 gtw01 dnsmasq[28763]: read /var/lib/neutron/dhcp/8544770a-cd89-4513-9954-5727b33ba40a/addn_hosts - 5 addresses
Jun  2 16:36:51 gtw01 dnsmasq-dhcp[28763]: read /var/lib/neutron/dhcp/8544770a-cd89-4513-9954-5727b33ba40a/host
Jun  2 16:36:51 gtw01 dnsmasq-dhcp[28763]: read /var/lib/neutron/dhcp/8544770a-cd89-4513-9954-5727b33ba40a/opts
Jun  2 16:36:52 gtw01 dnsmasq[28763]: read /var/lib/neutron/dhcp/8544770a-cd89-4513-9954-5727b33ba40a/addn_hosts - 5 addresses
Jun  2 16:36:52 gtw01 dnsmasq-dhcp[28763]: read /var/lib/neutron/dhcp/8544770a-cd89-4513-9954-5727b33ba40a/host
Jun  2 16:36:52 gtw01 dnsmasq-dhcp[28763]: read /var/lib/neutron/dhcp/8544770a-cd89-4513-9954-5727b33ba40a/opts
Jun  2 16:36:52 gtw01 dnsmasq-dhcp[23090]: DHCPRELEASE(tapc7e00961-36) 192.168.120.8 fa:16:3e:67:75:5c
Jun  2 16:36:53 gtw01 dnsmasq[28763]: read /var/lib/neutron/dhcp/8544770a-cd89-4513-9954-5727b33ba40a/addn_hosts - 6 addresses
Jun  2 16:36:53 gtw01 dnsmasq-dhcp[28763]: read /var/lib/neutron/dhcp/8544770a-cd89-4513-9954-5727b33ba40a/host
Jun  2 16:36:53 gtw01 dnsmasq-dhcp[28763]: read /var/lib/neutron/dhcp/8544770a-cd89-4513-9954-5727b33ba40a/opts
Jun  2 16:36:53 gtw01 kernel: [ 6956.132975] device tap0cce9203-99 entered promiscuous mode
Jun  2 16:36:53 gtw01 systemd-udevd[29282]: Could not generate persistent MAC address for tap0cce9203-99: No such file or directory
Jun  2 16:36:53 gtw01 systemd-udevd[29328]: Process '/sbin/ip link set tap0cce9203-99 txqueuelen 10000' failed with exit code 1.
Jun  2 16:36:54 gtw01 dnsmasq[28763]: read /var/lib/neutron/dhcp/8544770a-cd89-4513-9954-5727b33ba40a/addn_hosts - 6 addresses
Jun  2 16:36:54 gtw01 dnsmasq-dhcp[28763]: read /var/lib/neutron/dhcp/8544770a-cd89-4513-9954-5727b33ba40a/host
Jun  2 16:36:54 gtw01 dnsmasq-dhcp[28763]: read /var/lib/neutron/dhcp/8544770a-cd89-4513-9954-5727b33ba40a/opts
Jun  2 16:36:55 gtw01 dnsmasq[28763]: read /var/lib/neutron/dhcp/8544770a-cd89-4513-9954-5727b33ba40a/addn_hosts - 5 addresses
Jun  2 16:36:55 gtw01 dnsmasq-dhcp[28763]: read /var/lib/neutron/dhcp/8544770a-cd89-4513-9954-5727b33ba40a/host
Jun  2 16:36:55 gtw01 dnsmasq-dhcp[28763]: read /var/lib/neutron/dhcp/8544770a-cd89-4513-9954-5727b33ba40a/opts
Jun  2 16:36:56 gtw01 dnsmasq[28763]: read /var/lib/neutron/dhcp/8544770a-cd89-4513-9954-5727b33ba40a/addn_hosts - 4 addresses
Jun  2 16:36:56 gtw01 dnsmasq-dhcp[28763]: read /var/lib/neutron/dhcp/8544770a-cd89-4513-9954-5727b33ba40a/host
Jun  2 16:36:56 gtw01 dnsmasq-dhcp[28763]: read /var/lib/neutron/dhcp/8544770a-cd89-4513-9954-5727b33ba40a/opts
Jun  2 16:36:56 gtw01 systemd-udevd[29436]: Could not generate persistent MAC address for tap64fde65b-6e: No such file or directory
Jun  2 16:36:56 gtw01 kernel: [ 6958.689217] device tap64fde65b-6e entered promiscuous mode
Jun  2 16:36:56 gtw01 systemd-udevd[29483]: Process '/sbin/ip link set tap64fde65b-6e txqueuelen 10000' failed with exit code 1.
Jun  2 16:36:57 gtw01 dnsmasq[28763]: read /var/lib/neutron/dhcp/8544770a-cd89-4513-9954-5727b33ba40a/addn_hosts - 3 addresses
Jun  2 16:36:57 gtw01 dnsmasq-dhcp[28763]: read /var/lib/neutron/dhcp/8544770a-cd89-4513-9954-5727b33ba40a/host
Jun  2 16:36:57 gtw01 dnsmasq-dhcp[28763]: read /var/lib/neutron/dhcp/8544770a-cd89-4513-9954-5727b33ba40a/opts
Jun  2 16:36:57 gtw01 dnsmasq[29538]: started, version 2.80 cachesize 150
Jun  2 16:36:57 gtw01 dnsmasq[29538]: DNS service limited to local subnets
Jun  2 16:36:57 gtw01 dnsmasq[29538]: compile time options: IPv6 GNU-getopt DBus i18n IDN DHCP DHCPv6 no-Lua TFTP conntrack ipset auth DNSSEC loop-detect inotify dumpfile
Jun  2 16:36:57 gtw01 dnsmasq[29538]: warning: no upstream servers configured
Jun  2 16:36:57 gtw01 dnsmasq-dhcp[29538]: DHCPv6, static leases only on 2003::, lease time 1h
Jun  2 16:36:57 gtw01 dnsmasq[29538]: read /var/lib/neutron/dhcp/2acbde8c-df94-48f4-b416-74f6dc4c72f7/addn_hosts - 1 addresses
Jun  2 16:36:57 gtw01 dnsmasq-dhcp[29538]: read /var/lib/neutron/dhcp/2acbde8c-df94-48f4-b416-74f6dc4c72f7/host
Jun  2 16:36:57 gtw01 dnsmasq-dhcp[29538]: read /var/lib/neutron/dhcp/2acbde8c-df94-48f4-b416-74f6dc4c72f7/opts
Jun  2 16:36:58 gtw01 dnsmasq[29538]: read /var/lib/neutron/dhcp/2acbde8c-df94-48f4-b416-74f6dc4c72f7/addn_hosts - 2 addresses
Jun  2 16:36:58 gtw01 dnsmasq-dhcp[29538]: read /var/lib/neutron/dhcp/2acbde8c-df94-48f4-b416-74f6dc4c72f7/host
Jun  2 16:36:58 gtw01 dnsmasq-dhcp[29538]: read /var/lib/neutron/dhcp/2acbde8c-df94-48f4-b416-74f6dc4c72f7/opts
Jun  2 16:36:58 gtw01 kernel: [ 6960.999085] device tap6b2f9ee0-bc left promiscuous mode
Jun  2 16:36:59 gtw01 dnsmasq[29538]: read /var/lib/neutron/dhcp/2acbde8c-df94-48f4-b416-74f6dc4c72f7/addn_hosts - 2 addresses
Jun  2 16:36:59 gtw01 dnsmasq-dhcp[29538]: read /var/lib/neutron/dhcp/2acbde8c-df94-48f4-b416-74f6dc4c72f7/host
Jun  2 16:36:59 gtw01 dnsmasq-dhcp[29538]: read /var/lib/neutron/dhcp/2acbde8c-df94-48f4-b416-74f6dc4c72f7/opts
Jun  2 16:37:00 gtw01 dnsmasq[29628]: started, version 2.80 cachesize 150
Jun  2 16:37:00 gtw01 dnsmasq[29628]: DNS service limited to local subnets
Jun  2 16:37:00 gtw01 dnsmasq[29628]: compile time options: IPv6 GNU-getopt DBus i18n IDN DHCP DHCPv6 no-Lua TFTP conntrack ipset auth DNSSEC loop-detect inotify dumpfile
Jun  2 16:37:00 gtw01 dnsmasq[29628]: warning: no upstream servers configured
Jun  2 16:37:00 gtw01 dnsmasq-dhcp[29628]: DHCP, static leases only on 192.168.120.0, lease time 1h
Jun  2 16:37:00 gtw01 dnsmasq[29628]: read /var/lib/neutron/dhcp/24e297b0-c827-44bd-ba3e-af06253e0a74/addn_hosts - 1 addresses
Jun  2 16:37:00 gtw01 dnsmasq-dhcp[29628]: read /var/lib/neutron/dhcp/24e297b0-c827-44bd-ba3e-af06253e0a74/host
Jun  2 16:37:00 gtw01 dnsmasq-dhcp[29628]: read /var/lib/neutron/dhcp/24e297b0-c827-44bd-ba3e-af06253e0a74/opts
Jun  2 16:37:00 gtw01 haproxy-metadata-proxy-24e297b0-c827-44bd-ba3e-af06253e0a74[29636]: Proxy listener started.
Jun  2 16:37:00 gtw01 dnsmasq[29538]: read /var/lib/neutron/dhcp/2acbde8c-df94-48f4-b416-74f6dc4c72f7/addn_hosts - 2 addresses
Jun  2 16:37:00 gtw01 dnsmasq-dhcp[29538]: read /var/lib/neutron/dhcp/2acbde8c-df94-48f4-b416-74f6dc4c72f7/host
Jun  2 16:37:00 gtw01 dnsmasq-dhcp[29538]: read /var/lib/neutron/dhcp/2acbde8c-df94-48f4-b416-74f6dc4c72f7/opts
Jun  2 16:37:01 gtw01 dnsmasq[29628]: read /var/lib/neutron/dhcp/24e297b0-c827-44bd-ba3e-af06253e0a74/addn_hosts - 1 addresses
Jun  2 16:37:01 gtw01 dnsmasq-dhcp[29628]: read /var/lib/neutron/dhcp/24e297b0-c827-44bd-ba3e-af06253e0a74/host
Jun  2 16:37:01 gtw01 dnsmasq-dhcp[29628]: read /var/lib/neutron/dhcp/24e297b0-c827-44bd-ba3e-af06253e0a74/opts
Jun  2 16:37:01 gtw01 dnsmasq[29538]: read /var/lib/neutron/dhcp/2acbde8c-df94-48f4-b416-74f6dc4c72f7/addn_hosts - 2 addresses
Jun  2 16:37:01 gtw01 dnsmasq-dhcp[29538]: read /var/lib/neutron/dhcp/2acbde8c-df94-48f4-b416-74f6dc4c72f7/host
Jun  2 16:37:01 gtw01 dnsmasq-dhcp[29538]: read /var/lib/neutron/dhcp/2acbde8c-df94-48f4-b416-74f6dc4c72f7/opts
Jun  2 16:37:01 gtw01 dnsmasq[29628]: read /var/lib/neutron/dhcp/24e297b0-c827-44bd-ba3e-af06253e0a74/addn_hosts - 1 addresses
Jun  2 16:37:01 gtw01 dnsmasq-dhcp[29628]: read /var/lib/neutron/dhcp/24e297b0-c827-44bd-ba3e-af06253e0a74/host
Jun  2 16:37:01 gtw01 dnsmasq-dhcp[29628]: read /var/lib/neutron/dhcp/24e297b0-c827-44bd-ba3e-af06253e0a74/opts
Jun  2 16:37:02 gtw01 dnsmasq[29538]: read /var/lib/neutron/dhcp/2acbde8c-df94-48f4-b416-74f6dc4c72f7/addn_hosts - 2 addresses
Jun  2 16:37:02 gtw01 dnsmasq-dhcp[29538]: read /var/lib/neutron/dhcp/2acbde8c-df94-48f4-b416-74f6dc4c72f7/host
Jun  2 16:37:02 gtw01 dnsmasq-dhcp[29538]: read /var/lib/neutron/dhcp/2acbde8c-df94-48f4-b416-74f6dc4c72f7/opts
Jun  2 16:37:02 gtw01 dnsmasq[29628]: read /var/lib/neutron/dhcp/24e297b0-c827-44bd-ba3e-af06253e0a74/addn_hosts - 2 addresses
Jun  2 16:37:02 gtw01 dnsmasq-dhcp[29628]: read /var/lib/neutron/dhcp/24e297b0-c827-44bd-ba3e-af06253e0a74/host
Jun  2 16:37:02 gtw01 dnsmasq-dhcp[29628]: read /var/lib/neutron/dhcp/24e297b0-c827-44bd-ba3e-af06253e0a74/opts
Jun  2 16:37:03 gtw01 kernel: [ 6965.461626] device tap0cce9203-99 left promiscuous mode
Jun  2 16:37:03 gtw01 dnsmasq[29628]: read /var/lib/neutron/dhcp/24e297b0-c827-44bd-ba3e-af06253e0a74/addn_hosts - 2 addresses
Jun  2 16:37:03 gtw01 dnsmasq-dhcp[29628]: read /var/lib/neutron/dhcp/24e297b0-c827-44bd-ba3e-af06253e0a74/host
Jun  2 16:37:03 gtw01 dnsmasq-dhcp[29628]: read /var/lib/neutron/dhcp/24e297b0-c827-44bd-ba3e-af06253e0a74/opts
Jun  2 16:37:04 gtw01 kernel: [ 6967.106816] device tap64fde65b-6e left promiscuous mode
Jun  2 16:37:08 gtw01 systemd-udevd[29778]: Could not generate persistent MAC address for tap6b87f790-4d: No such file or directory
Jun  2 16:37:08 gtw01 kernel: [ 6970.992648] device tap6b87f790-4d entered promiscuous mode
Jun  2 16:37:08 gtw01 systemd-udevd[29823]: Process '/sbin/ip link set tap6b87f790-4d txqueuelen 10000' failed with exit code 1.
Jun  2 16:37:11 gtw01 dnsmasq[29887]: started, version 2.80 cachesize 150
Jun  2 16:37:11 gtw01 dnsmasq[29887]: DNS service limited to local subnets
Jun  2 16:37:11 gtw01 dnsmasq[29887]: compile time options: IPv6 GNU-getopt DBus i18n IDN DHCP DHCPv6 no-Lua TFTP conntrack ipset auth DNSSEC loop-detect inotify dumpfile
Jun  2 16:37:11 gtw01 dnsmasq[29887]: warning: no upstream servers configured
Jun  2 16:37:11 gtw01 dnsmasq-dhcp[29887]: DHCPv6, static leases only on 2003::, lease time 1h
Jun  2 16:37:11 gtw01 dnsmasq[29887]: read /var/lib/neutron/dhcp/b172e413-80b1-45da-8737-c5c0bae02bd1/addn_hosts - 1 addresses
Jun  2 16:37:11 gtw01 dnsmasq-dhcp[29887]: read /var/lib/neutron/dhcp/b172e413-80b1-45da-8737-c5c0bae02bd1/host
Jun  2 16:37:11 gtw01 dnsmasq-dhcp[29887]: read /var/lib/neutron/dhcp/b172e413-80b1-45da-8737-c5c0bae02bd1/opts
Jun  2 16:37:13 gtw01 kernel: [ 6976.114063] device tap60cbcfb6-a4 entered promiscuous mode
Jun  2 16:37:13 gtw01 systemd-udevd[29923]: Could not generate persistent MAC address for tap60cbcfb6-a4: No such file or directory
Jun  2 16:37:13 gtw01 systemd-udevd[29970]: Process '/sbin/ip link set tap60cbcfb6-a4 txqueuelen 10000' failed with exit code 1.
Jun  2 16:37:14 gtw01 dnsmasq[23090]: read /var/lib/neutron/dhcp/f29a5558-7b2c-4661-b892-bee54f1f68cb/addn_hosts - 6 addresses
Jun  2 16:37:14 gtw01 dnsmasq-dhcp[23090]: read /var/lib/neutron/dhcp/f29a5558-7b2c-4661-b892-bee54f1f68cb/host
Jun  2 16:37:14 gtw01 dnsmasq-dhcp[23090]: read /var/lib/neutron/dhcp/f29a5558-7b2c-4661-b892-bee54f1f68cb/opts
Jun  2 16:37:15 gtw01 dnsmasq[30066]: started, version 2.80 cachesize 150
Jun  2 16:37:15 gtw01 dnsmasq[30066]: DNS service limited to local subnets
Jun  2 16:37:15 gtw01 dnsmasq[30066]: compile time options: IPv6 GNU-getopt DBus i18n IDN DHCP DHCPv6 no-Lua TFTP conntrack ipset auth DNSSEC loop-detect inotify dumpfile
Jun  2 16:37:15 gtw01 dnsmasq[30066]: warning: no upstream servers configured
Jun  2 16:37:15 gtw01 dnsmasq-dhcp[30066]: DHCPv6, static leases only on 2003:0:0:1::, lease time 1h
Jun  2 16:37:15 gtw01 dnsmasq-dhcp[30066]: DHCPv6, static leases only on 2003::, lease time 1h
Jun  2 16:37:15 gtw01 dnsmasq[30066]: read /var/lib/neutron/dhcp/b172e413-80b1-45da-8737-c5c0bae02bd1/addn_hosts - 3 addresses
Jun  2 16:37:15 gtw01 dnsmasq-dhcp[30066]: read /var/lib/neutron/dhcp/b172e413-80b1-45da-8737-c5c0bae02bd1/host
Jun  2 16:37:15 gtw01 dnsmasq-dhcp[30066]: read /var/lib/neutron/dhcp/b172e413-80b1-45da-8737-c5c0bae02bd1/opts
Jun  2 16:37:16 gtw01 kernel: [ 6978.671068] device tap9989d522-b1 entered promiscuous mode
Jun  2 16:37:16 gtw01 systemd-udevd[30096]: Could not generate persistent MAC address for tap9989d522-b1: No such file or directory
Jun  2 16:37:16 gtw01 dnsmasq[30066]: read /var/lib/neutron/dhcp/b172e413-80b1-45da-8737-c5c0bae02bd1/addn_hosts - 3 addresses
Jun  2 16:37:16 gtw01 dnsmasq-dhcp[30066]: read /var/lib/neutron/dhcp/b172e413-80b1-45da-8737-c5c0bae02bd1/host
Jun  2 16:37:16 gtw01 dnsmasq-dhcp[30066]: read /var/lib/neutron/dhcp/b172e413-80b1-45da-8737-c5c0bae02bd1/opts
Jun  2 16:37:16 gtw01 systemd-udevd[30096]: Process '/sbin/ip link set tap9989d522-b1 txqueuelen 10000' failed with exit code 1.
Jun  2 16:37:17 gtw01 dnsmasq[30066]: read /var/lib/neutron/dhcp/b172e413-80b1-45da-8737-c5c0bae02bd1/addn_hosts - 3 addresses
Jun  2 16:37:17 gtw01 dnsmasq-dhcp[30066]: read /var/lib/neutron/dhcp/b172e413-80b1-45da-8737-c5c0bae02bd1/host
Jun  2 16:37:17 gtw01 dnsmasq-dhcp[30066]: read /var/lib/neutron/dhcp/b172e413-80b1-45da-8737-c5c0bae02bd1/opts
Jun  2 16:37:17 gtw01 dnsmasq[30208]: started, version 2.80 cachesize 150
Jun  2 16:37:17 gtw01 dnsmasq[30208]: DNS service limited to local subnets
Jun  2 16:37:17 gtw01 dnsmasq[30208]: compile time options: IPv6 GNU-getopt DBus i18n IDN DHCP DHCPv6 no-Lua TFTP conntrack ipset auth DNSSEC loop-detect inotify dumpfile
Jun  2 16:37:17 gtw01 dnsmasq[30208]: warning: no upstream servers configured
Jun  2 16:37:17 gtw01 dnsmasq-dhcp[30208]: DHCP, static leases only on 192.168.120.0, lease time 1h
Jun  2 16:37:17 gtw01 dnsmasq[30208]: read /var/lib/neutron/dhcp/9c35c7df-d087-4ae8-a1fb-1728cb993ebc/addn_hosts - 1 addresses
Jun  2 16:37:17 gtw01 dnsmasq-dhcp[30208]: read /var/lib/neutron/dhcp/9c35c7df-d087-4ae8-a1fb-1728cb993ebc/host
Jun  2 16:37:17 gtw01 dnsmasq-dhcp[30208]: read /var/lib/neutron/dhcp/9c35c7df-d087-4ae8-a1fb-1728cb993ebc/opts
Jun  2 16:37:17 gtw01 dnsmasq-dhcp[23090]: DHCPRELEASE(tapc7e00961-36) 192.168.120.10 fa:16:3e:82:14:3e
Jun  2 16:37:18 gtw01 haproxy-metadata-proxy-9c35c7df-d087-4ae8-a1fb-1728cb993ebc[30217]: Proxy listener started.
Jun  2 16:37:19 gtw01 dnsmasq[30208]: read /var/lib/neutron/dhcp/9c35c7df-d087-4ae8-a1fb-1728cb993ebc/addn_hosts - 1 addresses
Jun  2 16:37:19 gtw01 dnsmasq-dhcp[30208]: read /var/lib/neutron/dhcp/9c35c7df-d087-4ae8-a1fb-1728cb993ebc/host
Jun  2 16:37:19 gtw01 dnsmasq-dhcp[30208]: read /var/lib/neutron/dhcp/9c35c7df-d087-4ae8-a1fb-1728cb993ebc/opts
Jun  2 16:37:20 gtw01 dnsmasq[30306]: started, version 2.80 cachesize 150
Jun  2 16:37:20 gtw01 dnsmasq[30306]: DNS service limited to local subnets
Jun  2 16:37:20 gtw01 dnsmasq[30306]: compile time options: IPv6 GNU-getopt DBus i18n IDN DHCP DHCPv6 no-Lua TFTP conntrack ipset auth DNSSEC loop-detect inotify dumpfile
Jun  2 16:37:20 gtw01 dnsmasq[30306]: warning: no upstream servers configured
Jun  2 16:37:20 gtw01 dnsmasq-dhcp[30306]: DHCP, static leases only on 192.168.120.0, lease time 1h
Jun  2 16:37:20 gtw01 dnsmasq[30306]: read /var/lib/neutron/dhcp/c2fad2c3-9b53-4553-900b-cebb7e62d6d1/addn_hosts - 1 addresses
Jun  2 16:37:20 gtw01 dnsmasq-dhcp[30306]: read /var/lib/neutron/dhcp/c2fad2c3-9b53-4553-900b-cebb7e62d6d1/host
Jun  2 16:37:20 gtw01 dnsmasq-dhcp[30306]: read /var/lib/neutron/dhcp/c2fad2c3-9b53-4553-900b-cebb7e62d6d1/opts
Jun  2 16:37:20 gtw01 dnsmasq[30208]: read /var/lib/neutron/dhcp/9c35c7df-d087-4ae8-a1fb-1728cb993ebc/addn_hosts - 1 addresses
Jun  2 16:37:20 gtw01 dnsmasq-dhcp[30208]: read /var/lib/neutron/dhcp/9c35c7df-d087-4ae8-a1fb-1728cb993ebc/host
Jun  2 16:37:20 gtw01 dnsmasq-dhcp[30208]: read /var/lib/neutron/dhcp/9c35c7df-d087-4ae8-a1fb-1728cb993ebc/opts
Jun  2 16:37:20 gtw01 haproxy-metadata-proxy-c2fad2c3-9b53-4553-900b-cebb7e62d6d1[30315]: Proxy listener started.
Jun  2 16:37:21 gtw01 dnsmasq[30306]: read /var/lib/neutron/dhcp/c2fad2c3-9b53-4553-900b-cebb7e62d6d1/addn_hosts - 2 addresses
Jun  2 16:37:21 gtw01 dnsmasq-dhcp[30306]: read /var/lib/neutron/dhcp/c2fad2c3-9b53-4553-900b-cebb7e62d6d1/host
Jun  2 16:37:21 gtw01 dnsmasq-dhcp[30306]: read /var/lib/neutron/dhcp/c2fad2c3-9b53-4553-900b-cebb7e62d6d1/opts
Jun  2 16:37:21 gtw01 kernel: [ 6983.947555] device tap60cbcfb6-a4 left promiscuous mode
Jun  2 16:37:22 gtw01 dnsmasq[30375]: started, version 2.80 cachesize 150
Jun  2 16:37:22 gtw01 dnsmasq[30375]: DNS service limited to local subnets
Jun  2 16:37:22 gtw01 dnsmasq[30375]: compile time options: IPv6 GNU-getopt DBus i18n IDN DHCP DHCPv6 no-Lua TFTP conntrack ipset auth DNSSEC loop-detect inotify dumpfile
Jun  2 16:37:22 gtw01 dnsmasq[30375]: warning: no upstream servers configured
Jun  2 16:37:22 gtw01 dnsmasq-dhcp[30375]: DHCPv6, static leases only on 2003:0:0:1::, lease time 1h
Jun  2 16:37:22 gtw01 dnsmasq[30375]: read /var/lib/neutron/dhcp/b172e413-80b1-45da-8737-c5c0bae02bd1/addn_hosts - 1 addresses
Jun  2 16:37:22 gtw01 dnsmasq-dhcp[30375]: read /var/lib/neutron/dhcp/b172e413-80b1-45da-8737-c5c0bae02bd1/host
Jun  2 16:37:22 gtw01 dnsmasq-dhcp[30375]: read /var/lib/neutron/dhcp/b172e413-80b1-45da-8737-c5c0bae02bd1/opts
Jun  2 16:37:22 gtw01 dnsmasq[30306]: read /var/lib/neutron/dhcp/c2fad2c3-9b53-4553-900b-cebb7e62d6d1/addn_hosts - 2 addresses
Jun  2 16:37:22 gtw01 dnsmasq-dhcp[30306]: read /var/lib/neutron/dhcp/c2fad2c3-9b53-4553-900b-cebb7e62d6d1/host
Jun  2 16:37:22 gtw01 dnsmasq-dhcp[30306]: read /var/lib/neutron/dhcp/c2fad2c3-9b53-4553-900b-cebb7e62d6d1/opts
Jun  2 16:37:23 gtw01 dnsmasq[30306]: read /var/lib/neutron/dhcp/c2fad2c3-9b53-4553-900b-cebb7e62d6d1/addn_hosts - 2 addresses
Jun  2 16:37:23 gtw01 dnsmasq-dhcp[30306]: read /var/lib/neutron/dhcp/c2fad2c3-9b53-4553-900b-cebb7e62d6d1/host
Jun  2 16:37:23 gtw01 dnsmasq-dhcp[30306]: read /var/lib/neutron/dhcp/c2fad2c3-9b53-4553-900b-cebb7e62d6d1/opts
Jun  2 16:37:24 gtw01 dnsmasq[30306]: read /var/lib/neutron/dhcp/c2fad2c3-9b53-4553-900b-cebb7e62d6d1/addn_hosts - 2 addresses
Jun  2 16:37:24 gtw01 dnsmasq-dhcp[30306]: read /var/lib/neutron/dhcp/c2fad2c3-9b53-4553-900b-cebb7e62d6d1/host
Jun  2 16:37:24 gtw01 dnsmasq-dhcp[30306]: read /var/lib/neutron/dhcp/c2fad2c3-9b53-4553-900b-cebb7e62d6d1/opts
Jun  2 16:37:25 gtw01 dnsmasq[30306]: read /var/lib/neutron/dhcp/c2fad2c3-9b53-4553-900b-cebb7e62d6d1/addn_hosts - 2 addresses
Jun  2 16:37:25 gtw01 dnsmasq-dhcp[30306]: read /var/lib/neutron/dhcp/c2fad2c3-9b53-4553-900b-cebb7e62d6d1/host
Jun  2 16:37:25 gtw01 dnsmasq-dhcp[30306]: read /var/lib/neutron/dhcp/c2fad2c3-9b53-4553-900b-cebb7e62d6d1/opts
Jun  2 16:37:26 gtw01 dnsmasq[30491]: started, version 2.80 cachesize 150
Jun  2 16:37:26 gtw01 dnsmasq[30491]: DNS service limited to local subnets
Jun  2 16:37:26 gtw01 dnsmasq[30491]: compile time options: IPv6 GNU-getopt DBus i18n IDN DHCP DHCPv6 no-Lua TFTP conntrack ipset auth DNSSEC loop-detect inotify dumpfile
Jun  2 16:37:26 gtw01 dnsmasq[30491]: warning: no upstream servers configured
Jun  2 16:37:26 gtw01 dnsmasq-dhcp[30491]: DHCPv6, static leases only on 2003::, lease time 1h
Jun  2 16:37:26 gtw01 dnsmasq-dhcp[30491]: DHCPv6, static leases only on 2003:0:0:1::, lease time 1h
Jun  2 16:37:26 gtw01 dnsmasq[30491]: read /var/lib/neutron/dhcp/b172e413-80b1-45da-8737-c5c0bae02bd1/addn_hosts - 3 addresses
Jun  2 16:37:26 gtw01 dnsmasq-dhcp[30491]: read /var/lib/neutron/dhcp/b172e413-80b1-45da-8737-c5c0bae02bd1/host
Jun  2 16:37:26 gtw01 dnsmasq-dhcp[30491]: read /var/lib/neutron/dhcp/b172e413-80b1-45da-8737-c5c0bae02bd1/opts
Jun  2 16:37:26 gtw01 dnsmasq[30306]: read /var/lib/neutron/dhcp/c2fad2c3-9b53-4553-900b-cebb7e62d6d1/addn_hosts - 1 addresses
Jun  2 16:37:26 gtw01 dnsmasq-dhcp[30306]: read /var/lib/neutron/dhcp/c2fad2c3-9b53-4553-900b-cebb7e62d6d1/host
Jun  2 16:37:26 gtw01 dnsmasq-dhcp[30306]: read /var/lib/neutron/dhcp/c2fad2c3-9b53-4553-900b-cebb7e62d6d1/opts
Jun  2 16:37:27 gtw01 kernel: [ 6989.699978] device tap9989d522-b1 left promiscuous mode
Jun  2 16:37:30 gtw01 kernel: [ 6992.373647] device tapc015dd35-05 entered promiscuous mode
Jun  2 16:37:30 gtw01 systemd-udevd[30570]: Could not generate persistent MAC address for tapc015dd35-05: No such file or directory
Jun  2 16:37:30 gtw01 systemd-udevd[30616]: Process '/sbin/ip link set tapc015dd35-05 txqueuelen 10000' failed with exit code 1.
Jun  2 16:37:30 gtw01 dnsmasq[30642]: started, version 2.80 cachesize 150
Jun  2 16:37:30 gtw01 dnsmasq[30642]: DNS service limited to local subnets
Jun  2 16:37:30 gtw01 dnsmasq[30642]: compile time options: IPv6 GNU-getopt DBus i18n IDN DHCP DHCPv6 no-Lua TFTP conntrack ipset auth DNSSEC loop-detect inotify dumpfile
Jun  2 16:37:30 gtw01 dnsmasq[30642]: warning: no upstream servers configured
Jun  2 16:37:30 gtw01 dnsmasq-dhcp[30642]: DHCPv6, static leases only on 2003:0:0:2::, lease time 1h
Jun  2 16:37:30 gtw01 dnsmasq-dhcp[30642]: DHCPv6, static leases only on 2003::, lease time 1h
Jun  2 16:37:30 gtw01 dnsmasq-dhcp[30642]: DHCPv6, static leases only on 2003:0:0:1::, lease time 1h
Jun  2 16:37:30 gtw01 dnsmasq[30642]: read /var/lib/neutron/dhcp/b172e413-80b1-45da-8737-c5c0bae02bd1/addn_hosts - 3 addresses
Jun  2 16:37:30 gtw01 dnsmasq-dhcp[30642]: read /var/lib/neutron/dhcp/b172e413-80b1-45da-8737-c5c0bae02bd1/host
Jun  2 16:37:30 gtw01 dnsmasq-dhcp[30642]: read /var/lib/neutron/dhcp/b172e413-80b1-45da-8737-c5c0bae02bd1/opts
Jun  2 16:37:31 gtw01 dnsmasq[30642]: read /var/lib/neutron/dhcp/b172e413-80b1-45da-8737-c5c0bae02bd1/addn_hosts - 4 addresses
Jun  2 16:37:31 gtw01 dnsmasq-dhcp[30642]: read /var/lib/neutron/dhcp/b172e413-80b1-45da-8737-c5c0bae02bd1/host
Jun  2 16:37:31 gtw01 dnsmasq-dhcp[30642]: read /var/lib/neutron/dhcp/b172e413-80b1-45da-8737-c5c0bae02bd1/opts
Jun  2 16:37:31 gtw01 kernel: [ 6994.238923] device tapad38f17b-4f entered promiscuous mode
Jun  2 16:37:31 gtw01 systemd-udevd[30696]: Could not generate persistent MAC address for tapad38f17b-4f: No such file or directory
Jun  2 16:37:32 gtw01 systemd-udevd[30746]: Process '/sbin/ip link set tapad38f17b-4f txqueuelen 10000' failed with exit code 1.
Jun  2 16:37:33 gtw01 dnsmasq[30830]: started, version 2.80 cachesize 150
Jun  2 16:37:33 gtw01 dnsmasq[30830]: DNS service limited to local subnets
Jun  2 16:37:33 gtw01 dnsmasq[30830]: compile time options: IPv6 GNU-getopt DBus i18n IDN DHCP DHCPv6 no-Lua TFTP conntrack ipset auth DNSSEC loop-detect inotify dumpfile
Jun  2 16:37:33 gtw01 dnsmasq[30830]: warning: no upstream servers configured
Jun  2 16:37:33 gtw01 dnsmasq-dhcp[30830]: DHCP, static leases only on 192.168.120.0, lease time 1h
Jun  2 16:37:33 gtw01 dnsmasq[30830]: read /var/lib/neutron/dhcp/452164ba-7703-49ff-9c2a-9df704a22dd1/addn_hosts - 1 addresses
Jun  2 16:37:33 gtw01 dnsmasq-dhcp[30830]: read /var/lib/neutron/dhcp/452164ba-7703-49ff-9c2a-9df704a22dd1/host
Jun  2 16:37:33 gtw01 dnsmasq-dhcp[30830]: read /var/lib/neutron/dhcp/452164ba-7703-49ff-9c2a-9df704a22dd1/opts
Jun  2 16:37:33 gtw01 haproxy-metadata-proxy-452164ba-7703-49ff-9c2a-9df704a22dd1[30840]: Proxy listener started.
Jun  2 16:37:34 gtw01 dnsmasq[30830]: read /var/lib/neutron/dhcp/452164ba-7703-49ff-9c2a-9df704a22dd1/addn_hosts - 3 addresses
Jun  2 16:37:34 gtw01 dnsmasq-dhcp[30830]: read /var/lib/neutron/dhcp/452164ba-7703-49ff-9c2a-9df704a22dd1/host
Jun  2 16:37:34 gtw01 dnsmasq-dhcp[30830]: read /var/lib/neutron/dhcp/452164ba-7703-49ff-9c2a-9df704a22dd1/opts
Jun  2 16:37:35 gtw01 dnsmasq[30884]: started, version 2.80 cachesize 150
Jun  2 16:37:35 gtw01 dnsmasq[30884]: DNS service limited to local subnets
Jun  2 16:37:35 gtw01 dnsmasq[30884]: compile time options: IPv6 GNU-getopt DBus i18n IDN DHCP DHCPv6 no-Lua TFTP conntrack ipset auth DNSSEC loop-detect inotify dumpfile
Jun  2 16:37:35 gtw01 dnsmasq[30884]: warning: no upstream servers configured
Jun  2 16:37:35 gtw01 dnsmasq-dhcp[30884]: DHCPv6, static leases only on 2003:0:0:1::, lease time 1h
Jun  2 16:37:35 gtw01 dnsmasq[30884]: read /var/lib/neutron/dhcp/b172e413-80b1-45da-8737-c5c0bae02bd1/addn_hosts - 1 addresses
Jun  2 16:37:35 gtw01 dnsmasq-dhcp[30884]: read /var/lib/neutron/dhcp/b172e413-80b1-45da-8737-c5c0bae02bd1/host
Jun  2 16:37:35 gtw01 dnsmasq-dhcp[30884]: read /var/lib/neutron/dhcp/b172e413-80b1-45da-8737-c5c0bae02bd1/opts
Jun  2 16:37:35 gtw01 kernel: [ 6997.968179] device tap6b87f790-4d left promiscuous mode
Jun  2 16:37:35 gtw01 dnsmasq[30830]: read /var/lib/neutron/dhcp/452164ba-7703-49ff-9c2a-9df704a22dd1/addn_hosts - 3 addresses
Jun  2 16:37:35 gtw01 dnsmasq-dhcp[30830]: read /var/lib/neutron/dhcp/452164ba-7703-49ff-9c2a-9df704a22dd1/host
Jun  2 16:37:35 gtw01 dnsmasq-dhcp[30830]: read /var/lib/neutron/dhcp/452164ba-7703-49ff-9c2a-9df704a22dd1/opts
Jun  2 16:37:36 gtw01 dnsmasq[30921]: started, version 2.80 cachesize 150
Jun  2 16:37:36 gtw01 dnsmasq[30921]: DNS service limited to local subnets
Jun  2 16:37:36 gtw01 dnsmasq[30921]: compile time options: IPv6 GNU-getopt DBus i18n IDN DHCP DHCPv6 no-Lua TFTP conntrack ipset auth DNSSEC loop-detect inotify dumpfile
Jun  2 16:37:36 gtw01 dnsmasq[30921]: warning: no upstream servers configured
Jun  2 16:37:36 gtw01 dnsmasq-dhcp[30921]: DHCP, static leases only on 192.168.120.0, lease time 1h
Jun  2 16:37:36 gtw01 dnsmasq[30921]: read /var/lib/neutron/dhcp/0c8f6e5a-47cf-442b-9add-fbb70e77ae77/addn_hosts - 1 addresses
Jun  2 16:37:36 gtw01 dnsmasq-dhcp[30921]: read /var/lib/neutron/dhcp/0c8f6e5a-47cf-442b-9add-fbb70e77ae77/host
Jun  2 16:37:36 gtw01 dnsmasq-dhcp[30921]: read /var/lib/neutron/dhcp/0c8f6e5a-47cf-442b-9add-fbb70e77ae77/opts
Jun  2 16:37:36 gtw01 haproxy-metadata-proxy-0c8f6e5a-47cf-442b-9add-fbb70e77ae77[30929]: Proxy listener started.
Jun  2 16:37:36 gtw01 dnsmasq[30830]: read /var/lib/neutron/dhcp/452164ba-7703-49ff-9c2a-9df704a22dd1/addn_hosts - 3 addresses
Jun  2 16:37:36 gtw01 dnsmasq-dhcp[30830]: read /var/lib/neutron/dhcp/452164ba-7703-49ff-9c2a-9df704a22dd1/host
Jun  2 16:37:36 gtw01 dnsmasq-dhcp[30830]: read /var/lib/neutron/dhcp/452164ba-7703-49ff-9c2a-9df704a22dd1/opts
Jun  2 16:37:37 gtw01 dnsmasq[30921]: read /var/lib/neutron/dhcp/0c8f6e5a-47cf-442b-9add-fbb70e77ae77/addn_hosts - 2 addresses
Jun  2 16:37:37 gtw01 dnsmasq-dhcp[30921]: read /var/lib/neutron/dhcp/0c8f6e5a-47cf-442b-9add-fbb70e77ae77/host
Jun  2 16:37:37 gtw01 dnsmasq-dhcp[30921]: read /var/lib/neutron/dhcp/0c8f6e5a-47cf-442b-9add-fbb70e77ae77/opts
Jun  2 16:37:38 gtw01 dnsmasq[30830]: read /var/lib/neutron/dhcp/452164ba-7703-49ff-9c2a-9df704a22dd1/addn_hosts - 3 addresses
Jun  2 16:37:38 gtw01 dnsmasq-dhcp[30830]: read /var/lib/neutron/dhcp/452164ba-7703-49ff-9c2a-9df704a22dd1/host
Jun  2 16:37:38 gtw01 dnsmasq-dhcp[30830]: read /var/lib/neutron/dhcp/452164ba-7703-49ff-9c2a-9df704a22dd1/opts
Jun  2 16:37:38 gtw01 systemd-udevd[31002]: Could not generate persistent MAC address for tap601fe51a-8e: No such file or directory
Jun  2 16:37:38 gtw01 kernel: [ 7000.673598] device tap601fe51a-8e entered promiscuous mode
Jun  2 16:37:38 gtw01 systemd-udevd[31002]: Process '/sbin/ip link set tap601fe51a-8e txqueuelen 10000' failed with exit code 1.
Jun  2 16:37:38 gtw01 dnsmasq[30921]: read /var/lib/neutron/dhcp/0c8f6e5a-47cf-442b-9add-fbb70e77ae77/addn_hosts - 2 addresses
Jun  2 16:37:38 gtw01 dnsmasq-dhcp[30921]: read /var/lib/neutron/dhcp/0c8f6e5a-47cf-442b-9add-fbb70e77ae77/host
Jun  2 16:37:38 gtw01 dnsmasq-dhcp[30921]: read /var/lib/neutron/dhcp/0c8f6e5a-47cf-442b-9add-fbb70e77ae77/opts
Jun  2 16:37:39 gtw01 dnsmasq[30830]: read /var/lib/neutron/dhcp/452164ba-7703-49ff-9c2a-9df704a22dd1/addn_hosts - 3 addresses
Jun  2 16:37:39 gtw01 dnsmasq-dhcp[30830]: read /var/lib/neutron/dhcp/452164ba-7703-49ff-9c2a-9df704a22dd1/host
Jun  2 16:37:39 gtw01 dnsmasq-dhcp[30830]: read /var/lib/neutron/dhcp/452164ba-7703-49ff-9c2a-9df704a22dd1/opts
Jun  2 16:37:39 gtw01 dnsmasq[30921]: read /var/lib/neutron/dhcp/0c8f6e5a-47cf-442b-9add-fbb70e77ae77/addn_hosts - 2 addresses
Jun  2 16:37:39 gtw01 dnsmasq-dhcp[30921]: read /var/lib/neutron/dhcp/0c8f6e5a-47cf-442b-9add-fbb70e77ae77/host
Jun  2 16:37:39 gtw01 dnsmasq-dhcp[30921]: read /var/lib/neutron/dhcp/0c8f6e5a-47cf-442b-9add-fbb70e77ae77/opts
Jun  2 16:37:40 gtw01 dnsmasq[30830]: read /var/lib/neutron/dhcp/452164ba-7703-49ff-9c2a-9df704a22dd1/addn_hosts - 3 addresses
Jun  2 16:37:40 gtw01 dnsmasq-dhcp[30830]: read /var/lib/neutron/dhcp/452164ba-7703-49ff-9c2a-9df704a22dd1/host
Jun  2 16:37:40 gtw01 dnsmasq-dhcp[30830]: read /var/lib/neutron/dhcp/452164ba-7703-49ff-9c2a-9df704a22dd1/opts
Jun  2 16:37:40 gtw01 dnsmasq[30921]: read /var/lib/neutron/dhcp/0c8f6e5a-47cf-442b-9add-fbb70e77ae77/addn_hosts - 2 addresses
Jun  2 16:37:40 gtw01 dnsmasq-dhcp[30921]: read /var/lib/neutron/dhcp/0c8f6e5a-47cf-442b-9add-fbb70e77ae77/host
Jun  2 16:37:40 gtw01 dnsmasq-dhcp[30921]: read /var/lib/neutron/dhcp/0c8f6e5a-47cf-442b-9add-fbb70e77ae77/opts
Jun  2 16:37:41 gtw01 dnsmasq[23090]: read /var/lib/neutron/dhcp/f29a5558-7b2c-4661-b892-bee54f1f68cb/addn_hosts - 5 addresses
Jun  2 16:37:41 gtw01 dnsmasq-dhcp[23090]: read /var/lib/neutron/dhcp/f29a5558-7b2c-4661-b892-bee54f1f68cb/host
Jun  2 16:37:41 gtw01 dnsmasq-dhcp[23090]: read /var/lib/neutron/dhcp/f29a5558-7b2c-4661-b892-bee54f1f68cb/opts
Jun  2 16:37:42 gtw01 dnsmasq[30830]: read /var/lib/neutron/dhcp/452164ba-7703-49ff-9c2a-9df704a22dd1/addn_hosts - 2 addresses
Jun  2 16:37:42 gtw01 dnsmasq-dhcp[30830]: read /var/lib/neutron/dhcp/452164ba-7703-49ff-9c2a-9df704a22dd1/host
Jun  2 16:37:42 gtw01 dnsmasq-dhcp[30830]: read /var/lib/neutron/dhcp/452164ba-7703-49ff-9c2a-9df704a22dd1/opts
Jun  2 16:37:42 gtw01 dnsmasq[30921]: read /var/lib/neutron/dhcp/0c8f6e5a-47cf-442b-9add-fbb70e77ae77/addn_hosts - 2 addresses
Jun  2 16:37:42 gtw01 dnsmasq-dhcp[30921]: read /var/lib/neutron/dhcp/0c8f6e5a-47cf-442b-9add-fbb70e77ae77/host
Jun  2 16:37:42 gtw01 dnsmasq-dhcp[30921]: read /var/lib/neutron/dhcp/0c8f6e5a-47cf-442b-9add-fbb70e77ae77/opts
Jun  2 16:37:43 gtw01 dnsmasq[31240]: started, version 2.80 cachesize 150
Jun  2 16:37:43 gtw01 dnsmasq[31240]: DNS service limited to local subnets
Jun  2 16:37:43 gtw01 dnsmasq[31240]: compile time options: IPv6 GNU-getopt DBus i18n IDN DHCP DHCPv6 no-Lua TFTP conntrack ipset auth DNSSEC loop-detect inotify dumpfile
Jun  2 16:37:43 gtw01 dnsmasq[31240]: warning: no upstream servers configured
Jun  2 16:37:43 gtw01 dnsmasq-dhcp[31240]: DHCP, static leases only on 192.168.121.0, lease time 1h
Jun  2 16:37:43 gtw01 dnsmasq[31240]: read /var/lib/neutron/dhcp/141ed194-e5b9-46a0-a663-29048b5d5560/addn_hosts - 1 addresses
Jun  2 16:37:43 gtw01 dnsmasq-dhcp[31240]: read /var/lib/neutron/dhcp/141ed194-e5b9-46a0-a663-29048b5d5560/host
Jun  2 16:37:43 gtw01 dnsmasq-dhcp[31240]: read /var/lib/neutron/dhcp/141ed194-e5b9-46a0-a663-29048b5d5560/opts
Jun  2 16:37:43 gtw01 haproxy-metadata-proxy-141ed194-e5b9-46a0-a663-29048b5d5560[31250]: Proxy listener started.
Jun  2 16:37:43 gtw01 dnsmasq[30830]: read /var/lib/neutron/dhcp/452164ba-7703-49ff-9c2a-9df704a22dd1/addn_hosts - 1 addresses
Jun  2 16:37:43 gtw01 dnsmasq-dhcp[30830]: read /var/lib/neutron/dhcp/452164ba-7703-49ff-9c2a-9df704a22dd1/host
Jun  2 16:37:43 gtw01 dnsmasq-dhcp[30830]: read /var/lib/neutron/dhcp/452164ba-7703-49ff-9c2a-9df704a22dd1/opts
Jun  2 16:37:44 gtw01 kernel: [ 7006.469210] device tape5e50708-86 entered promiscuous mode
Jun  2 16:37:44 gtw01 systemd-udevd[31285]: Could not generate persistent MAC address for tape5e50708-86: No such file or directory
Jun  2 16:37:44 gtw01 systemd-udevd[31285]: Process '/sbin/ip link set tape5e50708-86 txqueuelen 10000' failed with exit code 1.
Jun  2 16:37:44 gtw01 dnsmasq[31240]: read /var/lib/neutron/dhcp/141ed194-e5b9-46a0-a663-29048b5d5560/addn_hosts - 2 addresses
Jun  2 16:37:44 gtw01 dnsmasq-dhcp[31240]: read /var/lib/neutron/dhcp/141ed194-e5b9-46a0-a663-29048b5d5560/host
Jun  2 16:37:44 gtw01 dnsmasq-dhcp[31240]: read /var/lib/neutron/dhcp/141ed194-e5b9-46a0-a663-29048b5d5560/opts
Jun  2 16:37:45 gtw01 dnsmasq[31240]: read /var/lib/neutron/dhcp/141ed194-e5b9-46a0-a663-29048b5d5560/addn_hosts - 2 addresses
Jun  2 16:37:45 gtw01 dnsmasq-dhcp[31240]: read /var/lib/neutron/dhcp/141ed194-e5b9-46a0-a663-29048b5d5560/host
Jun  2 16:37:45 gtw01 dnsmasq-dhcp[31240]: read /var/lib/neutron/dhcp/141ed194-e5b9-46a0-a663-29048b5d5560/opts
Jun  2 16:37:46 gtw01 dnsmasq[31240]: read /var/lib/neutron/dhcp/141ed194-e5b9-46a0-a663-29048b5d5560/addn_hosts - 2 addresses
Jun  2 16:37:46 gtw01 dnsmasq-dhcp[31240]: read /var/lib/neutron/dhcp/141ed194-e5b9-46a0-a663-29048b5d5560/host
Jun  2 16:37:46 gtw01 dnsmasq-dhcp[31240]: read /var/lib/neutron/dhcp/141ed194-e5b9-46a0-a663-29048b5d5560/opts
Jun  2 16:37:47 gtw01 dnsmasq[31240]: read /var/lib/neutron/dhcp/141ed194-e5b9-46a0-a663-29048b5d5560/addn_hosts - 2 addresses
Jun  2 16:37:47 gtw01 dnsmasq-dhcp[31240]: read /var/lib/neutron/dhcp/141ed194-e5b9-46a0-a663-29048b5d5560/host
Jun  2 16:37:47 gtw01 dnsmasq-dhcp[31240]: read /var/lib/neutron/dhcp/141ed194-e5b9-46a0-a663-29048b5d5560/opts
Jun  2 16:37:47 gtw01 dnsmasq[31450]: started, version 2.80 cachesize 150
Jun  2 16:37:47 gtw01 dnsmasq[31450]: DNS service limited to local subnets
Jun  2 16:37:47 gtw01 dnsmasq[31450]: compile time options: IPv6 GNU-getopt DBus i18n IDN DHCP DHCPv6 no-Lua TFTP conntrack ipset auth DNSSEC loop-detect inotify dumpfile
Jun  2 16:37:47 gtw01 dnsmasq[31450]: warning: no upstream servers configured
Jun  2 16:37:47 gtw01 dnsmasq-dhcp[31450]: DHCP, static leases only on 192.168.122.0, lease time 1h
Jun  2 16:37:47 gtw01 dnsmasq[31450]: read /var/lib/neutron/dhcp/557c41cd-4e6a-4b6a-855a-a7b0c430971d/addn_hosts - 1 addresses
Jun  2 16:37:47 gtw01 dnsmasq-dhcp[31450]: read /var/lib/neutron/dhcp/557c41cd-4e6a-4b6a-855a-a7b0c430971d/host
Jun  2 16:37:47 gtw01 dnsmasq-dhcp[31450]: read /var/lib/neutron/dhcp/557c41cd-4e6a-4b6a-855a-a7b0c430971d/opts
Jun  2 16:37:47 gtw01 dnsmasq-dhcp[23090]: DHCPRELEASE(tapc7e00961-36) 192.168.120.4 fa:16:3e:71:23:9b
Jun  2 16:37:47 gtw01 haproxy-metadata-proxy-557c41cd-4e6a-4b6a-855a-a7b0c430971d[31463]: Proxy listener started.
Jun  2 16:37:47 gtw01 dnsmasq-dhcp[23090]: DHCPRELEASE(tapc7e00961-36) 192.168.120.4 fa:16:3e:71:23:9b unknown lease
Jun  2 16:37:48 gtw01 dnsmasq[31240]: read /var/lib/neutron/dhcp/141ed194-e5b9-46a0-a663-29048b5d5560/addn_hosts - 2 addresses
Jun  2 16:37:48 gtw01 dnsmasq-dhcp[31240]: read /var/lib/neutron/dhcp/141ed194-e5b9-46a0-a663-29048b5d5560/host
Jun  2 16:37:48 gtw01 dnsmasq-dhcp[31240]: read /var/lib/neutron/dhcp/141ed194-e5b9-46a0-a663-29048b5d5560/opts
Jun  2 16:37:48 gtw01 dnsmasq[23090]: read /var/lib/neutron/dhcp/f29a5558-7b2c-4661-b892-bee54f1f68cb/addn_hosts - 4 addresses
Jun  2 16:37:48 gtw01 dnsmasq-dhcp[23090]: read /var/lib/neutron/dhcp/f29a5558-7b2c-4661-b892-bee54f1f68cb/host
Jun  2 16:37:48 gtw01 dnsmasq-dhcp[23090]: read /var/lib/neutron/dhcp/f29a5558-7b2c-4661-b892-bee54f1f68cb/opts
Jun  2 16:37:49 gtw01 kernel: [ 7011.639694] device tapc015dd35-05 left promiscuous mode
Jun  2 16:37:49 gtw01 dnsmasq[31450]: read /var/lib/neutron/dhcp/557c41cd-4e6a-4b6a-855a-a7b0c430971d/addn_hosts - 2 addresses
Jun  2 16:37:49 gtw01 dnsmasq-dhcp[31450]: read /var/lib/neutron/dhcp/557c41cd-4e6a-4b6a-855a-a7b0c430971d/host
Jun  2 16:37:49 gtw01 dnsmasq-dhcp[31450]: read /var/lib/neutron/dhcp/557c41cd-4e6a-4b6a-855a-a7b0c430971d/opts
Jun  2 16:37:50 gtw01 systemd-udevd[31548]: Could not generate persistent MAC address for tapd3befa2e-7c: No such file or directory
Jun  2 16:37:50 gtw01 kernel: [ 7012.509201] device tapd3befa2e-7c entered promiscuous mode
Jun  2 16:37:50 gtw01 systemd-udevd[31596]: Process '/sbin/ip link set tapd3befa2e-7c txqueuelen 10000' failed with exit code 1.
Jun  2 16:37:50 gtw01 dnsmasq[31450]: read /var/lib/neutron/dhcp/557c41cd-4e6a-4b6a-855a-a7b0c430971d/addn_hosts - 2 addresses
Jun  2 16:37:50 gtw01 dnsmasq-dhcp[31450]: read /var/lib/neutron/dhcp/557c41cd-4e6a-4b6a-855a-a7b0c430971d/host
Jun  2 16:37:50 gtw01 dnsmasq-dhcp[31450]: read /var/lib/neutron/dhcp/557c41cd-4e6a-4b6a-855a-a7b0c430971d/opts
Jun  2 16:37:51 gtw01 dnsmasq-dhcp[23090]: DHCPRELEASE(tapc7e00961-36) 192.168.120.5 fa:16:3e:b1:57:b0
Jun  2 16:37:51 gtw01 dnsmasq-dhcp[23090]: DHCPRELEASE(tapc7e00961-36) 192.168.120.5 fa:16:3e:b1:57:b0 unknown lease
Jun  2 16:37:51 gtw01 dnsmasq[31450]: read /var/lib/neutron/dhcp/557c41cd-4e6a-4b6a-855a-a7b0c430971d/addn_hosts - 2 addresses
Jun  2 16:37:51 gtw01 dnsmasq-dhcp[31450]: read /var/lib/neutron/dhcp/557c41cd-4e6a-4b6a-855a-a7b0c430971d/host
Jun  2 16:37:51 gtw01 dnsmasq-dhcp[31450]: read /var/lib/neutron/dhcp/557c41cd-4e6a-4b6a-855a-a7b0c430971d/opts
Jun  2 16:37:52 gtw01 dnsmasq[23090]: read /var/lib/neutron/dhcp/f29a5558-7b2c-4661-b892-bee54f1f68cb/addn_hosts - 3 addresses
Jun  2 16:37:52 gtw01 dnsmasq-dhcp[23090]: read /var/lib/neutron/dhcp/f29a5558-7b2c-4661-b892-bee54f1f68cb/host
Jun  2 16:37:52 gtw01 dnsmasq-dhcp[23090]: read /var/lib/neutron/dhcp/f29a5558-7b2c-4661-b892-bee54f1f68cb/opts
Jun  2 16:37:52 gtw01 dnsmasq[31450]: read /var/lib/neutron/dhcp/557c41cd-4e6a-4b6a-855a-a7b0c430971d/addn_hosts - 2 addresses
Jun  2 16:37:52 gtw01 dnsmasq-dhcp[31450]: read /var/lib/neutron/dhcp/557c41cd-4e6a-4b6a-855a-a7b0c430971d/host
Jun  2 16:37:52 gtw01 dnsmasq-dhcp[31450]: read /var/lib/neutron/dhcp/557c41cd-4e6a-4b6a-855a-a7b0c430971d/opts
Jun  2 16:37:53 gtw01 dnsmasq[31450]: read /var/lib/neutron/dhcp/557c41cd-4e6a-4b6a-855a-a7b0c430971d/addn_hosts - 2 addresses
Jun  2 16:37:53 gtw01 dnsmasq-dhcp[31450]: read /var/lib/neutron/dhcp/557c41cd-4e6a-4b6a-855a-a7b0c430971d/host
Jun  2 16:37:53 gtw01 dnsmasq-dhcp[31450]: read /var/lib/neutron/dhcp/557c41cd-4e6a-4b6a-855a-a7b0c430971d/opts
Jun  2 16:37:54 gtw01 dnsmasq[31744]: started, version 2.80 cachesize 150
Jun  2 16:37:54 gtw01 dnsmasq[31744]: DNS service limited to local subnets
Jun  2 16:37:54 gtw01 dnsmasq[31744]: compile time options: IPv6 GNU-getopt DBus i18n IDN DHCP DHCPv6 no-Lua TFTP conntrack ipset auth DNSSEC loop-detect inotify dumpfile
Jun  2 16:37:54 gtw01 dnsmasq[31744]: warning: no upstream servers configured
Jun  2 16:37:54 gtw01 dnsmasq-dhcp[31744]: DHCP, static leases only on 192.168.123.0, lease time 1h
Jun  2 16:37:54 gtw01 dnsmasq[31744]: read /var/lib/neutron/dhcp/1047a12d-77e0-4d1b-9f10-afef309173b3/addn_hosts - 1 addresses
Jun  2 16:37:54 gtw01 dnsmasq-dhcp[31744]: read /var/lib/neutron/dhcp/1047a12d-77e0-4d1b-9f10-afef309173b3/host
Jun  2 16:37:54 gtw01 dnsmasq-dhcp[31744]: read /var/lib/neutron/dhcp/1047a12d-77e0-4d1b-9f10-afef309173b3/opts
Jun  2 16:37:54 gtw01 haproxy-metadata-proxy-1047a12d-77e0-4d1b-9f10-afef309173b3[31753]: Proxy listener started.
Jun  2 16:37:54 gtw01 dnsmasq[23090]: read /var/lib/neutron/dhcp/f29a5558-7b2c-4661-b892-bee54f1f68cb/addn_hosts - 2 addresses
Jun  2 16:37:54 gtw01 dnsmasq-dhcp[23090]: read /var/lib/neutron/dhcp/f29a5558-7b2c-4661-b892-bee54f1f68cb/host
Jun  2 16:37:54 gtw01 dnsmasq-dhcp[23090]: read /var/lib/neutron/dhcp/f29a5558-7b2c-4661-b892-bee54f1f68cb/opts
Jun  2 16:37:55 gtw01 dnsmasq[31744]: read /var/lib/neutron/dhcp/1047a12d-77e0-4d1b-9f10-afef309173b3/addn_hosts - 2 addresses
Jun  2 16:37:55 gtw01 dnsmasq-dhcp[31744]: read /var/lib/neutron/dhcp/1047a12d-77e0-4d1b-9f10-afef309173b3/host
Jun  2 16:37:55 gtw01 dnsmasq-dhcp[31744]: read /var/lib/neutron/dhcp/1047a12d-77e0-4d1b-9f10-afef309173b3/opts
Jun  2 16:37:55 gtw01 systemd-udevd[31800]: Could not generate persistent MAC address for tap9bb12c40-ff: No such file or directory
Jun  2 16:37:55 gtw01 kernel: [ 7017.672983] device tap9bb12c40-ff entered promiscuous mode
Jun  2 16:37:55 gtw01 systemd-udevd[31800]: Process '/sbin/ip link set tap9bb12c40-ff txqueuelen 10000' failed with exit code 1.
Jun  2 16:37:55 gtw01 systemd-udevd[31800]: Process '/sbin/ip link set tap9bb12c40-ff txqueuelen 10000' failed with exit code 1.
Jun  2 16:37:56 gtw01 dnsmasq[31744]: read /var/lib/neutron/dhcp/1047a12d-77e0-4d1b-9f10-afef309173b3/addn_hosts - 2 addresses
Jun  2 16:37:56 gtw01 dnsmasq-dhcp[31744]: read /var/lib/neutron/dhcp/1047a12d-77e0-4d1b-9f10-afef309173b3/host
Jun  2 16:37:56 gtw01 dnsmasq-dhcp[31744]: read /var/lib/neutron/dhcp/1047a12d-77e0-4d1b-9f10-afef309173b3/opts
Jun  2 16:37:57 gtw01 dnsmasq[31744]: read /var/lib/neutron/dhcp/1047a12d-77e0-4d1b-9f10-afef309173b3/addn_hosts - 2 addresses
Jun  2 16:37:57 gtw01 dnsmasq-dhcp[31744]: read /var/lib/neutron/dhcp/1047a12d-77e0-4d1b-9f10-afef309173b3/host
Jun  2 16:37:57 gtw01 dnsmasq-dhcp[31744]: read /var/lib/neutron/dhcp/1047a12d-77e0-4d1b-9f10-afef309173b3/opts
Jun  2 16:37:57 gtw01 dnsmasq[31744]: read /var/lib/neutron/dhcp/1047a12d-77e0-4d1b-9f10-afef309173b3/addn_hosts - 2 addresses
Jun  2 16:37:57 gtw01 dnsmasq-dhcp[31744]: read /var/lib/neutron/dhcp/1047a12d-77e0-4d1b-9f10-afef309173b3/host
Jun  2 16:37:57 gtw01 dnsmasq-dhcp[31744]: read /var/lib/neutron/dhcp/1047a12d-77e0-4d1b-9f10-afef309173b3/opts
Jun  2 16:37:58 gtw01 dnsmasq[31967]: started, version 2.80 cachesize 150
Jun  2 16:37:58 gtw01 dnsmasq[31967]: DNS service limited to local subnets
Jun  2 16:37:58 gtw01 dnsmasq[31967]: compile time options: IPv6 GNU-getopt DBus i18n IDN DHCP DHCPv6 no-Lua TFTP conntrack ipset auth DNSSEC loop-detect inotify dumpfile
Jun  2 16:37:58 gtw01 dnsmasq[31967]: warning: no upstream servers configured
Jun  2 16:37:58 gtw01 dnsmasq-dhcp[31967]: DHCP, static leases only on 192.168.120.0, lease time 1h
Jun  2 16:37:58 gtw01 dnsmasq[31967]: read /var/lib/neutron/dhcp/d050eae2-9f02-435c-bb87-eb927835c419/addn_hosts - 1 addresses
Jun  2 16:37:58 gtw01 dnsmasq-dhcp[31967]: read /var/lib/neutron/dhcp/d050eae2-9f02-435c-bb87-eb927835c419/host
Jun  2 16:37:58 gtw01 dnsmasq-dhcp[31967]: read /var/lib/neutron/dhcp/d050eae2-9f02-435c-bb87-eb927835c419/opts
Jun  2 16:37:58 gtw01 haproxy-metadata-proxy-d050eae2-9f02-435c-bb87-eb927835c419[31975]: Proxy listener started.
Jun  2 16:37:58 gtw01 dnsmasq[31744]: read /var/lib/neutron/dhcp/1047a12d-77e0-4d1b-9f10-afef309173b3/addn_hosts - 2 addresses
Jun  2 16:37:58 gtw01 dnsmasq-dhcp[31744]: read /var/lib/neutron/dhcp/1047a12d-77e0-4d1b-9f10-afef309173b3/host
Jun  2 16:37:58 gtw01 dnsmasq-dhcp[31744]: read /var/lib/neutron/dhcp/1047a12d-77e0-4d1b-9f10-afef309173b3/opts
Jun  2 16:37:59 gtw01 kernel: [ 7022.141661] device tap9bb12c40-ff left promiscuous mode
Jun  2 16:38:00 gtw01 dnsmasq[31744]: read /var/lib/neutron/dhcp/1047a12d-77e0-4d1b-9f10-afef309173b3/addn_hosts - 1 addresses
Jun  2 16:38:00 gtw01 dnsmasq-dhcp[31744]: read /var/lib/neutron/dhcp/1047a12d-77e0-4d1b-9f10-afef309173b3/host
Jun  2 16:38:00 gtw01 dnsmasq-dhcp[31744]: read /var/lib/neutron/dhcp/1047a12d-77e0-4d1b-9f10-afef309173b3/opts
Jun  2 16:38:00 gtw01 dnsmasq[23090]: read /var/lib/neutron/dhcp/f29a5558-7b2c-4661-b892-bee54f1f68cb/addn_hosts - 1 addresses
Jun  2 16:38:00 gtw01 dnsmasq-dhcp[23090]: read /var/lib/neutron/dhcp/f29a5558-7b2c-4661-b892-bee54f1f68cb/host
Jun  2 16:38:00 gtw01 dnsmasq-dhcp[23090]: read /var/lib/neutron/dhcp/f29a5558-7b2c-4661-b892-bee54f1f68cb/opts
Jun  2 16:38:01 gtw01 kernel: [ 7024.230818] device tapd3befa2e-7c left promiscuous mode
Jun  2 16:38:04 gtw01 kernel: [ 7026.407691] device tapdea339d5-d9 entered promiscuous mode
Jun  2 16:38:04 gtw01 systemd-udevd[32057]: Could not generate persistent MAC address for tapdea339d5-d9: No such file or directory
Jun  2 16:38:04 gtw01 systemd-udevd[32102]: Process '/sbin/ip link set tapdea339d5-d9 txqueuelen 10000' failed with exit code 1.
Jun  2 16:38:05 gtw01 dnsmasq[31450]: read /var/lib/neutron/dhcp/557c41cd-4e6a-4b6a-855a-a7b0c430971d/addn_hosts - 1 addresses
Jun  2 16:38:05 gtw01 dnsmasq-dhcp[31450]: read /var/lib/neutron/dhcp/557c41cd-4e6a-4b6a-855a-a7b0c430971d/host
Jun  2 16:38:05 gtw01 dnsmasq-dhcp[31450]: read /var/lib/neutron/dhcp/557c41cd-4e6a-4b6a-855a-a7b0c430971d/opts
Jun  2 16:38:06 gtw01 kernel: [ 7028.680185] device tapc7e00961-36 left promiscuous mode
Jun  2 16:38:07 gtw01 dnsmasq[32201]: started, version 2.80 cachesize 150
Jun  2 16:38:07 gtw01 dnsmasq[32201]: DNS service limited to local subnets
Jun  2 16:38:07 gtw01 dnsmasq[32201]: compile time options: IPv6 GNU-getopt DBus i18n IDN DHCP DHCPv6 no-Lua TFTP conntrack ipset auth DNSSEC loop-detect inotify dumpfile
Jun  2 16:38:07 gtw01 dnsmasq[32201]: warning: no upstream servers configured
Jun  2 16:38:07 gtw01 dnsmasq-dhcp[32201]: DHCP, static leases only on 192.168.120.0, lease time 1h
Jun  2 16:38:07 gtw01 dnsmasq[32201]: read /var/lib/neutron/dhcp/7639189d-18d4-457c-8b22-3f74a7bc0d24/addn_hosts - 1 addresses
Jun  2 16:38:07 gtw01 dnsmasq-dhcp[32201]: read /var/lib/neutron/dhcp/7639189d-18d4-457c-8b22-3f74a7bc0d24/host
Jun  2 16:38:07 gtw01 dnsmasq-dhcp[32201]: read /var/lib/neutron/dhcp/7639189d-18d4-457c-8b22-3f74a7bc0d24/opts
Jun  2 16:38:07 gtw01 haproxy-metadata-proxy-7639189d-18d4-457c-8b22-3f74a7bc0d24[32211]: Proxy listener started.
Jun  2 16:38:07 gtw01 systemd-udevd[32223]: Could not generate persistent MAC address for tap3f04c364-05: No such file or directory
Jun  2 16:38:07 gtw01 kernel: [ 7030.158493] device tap3f04c364-05 entered promiscuous mode
Jun  2 16:38:07 gtw01 systemd-udevd[32268]: Process '/sbin/ip link set tap3f04c364-05 txqueuelen 10000' failed with exit code 1.
Jun  2 16:38:08 gtw01 kernel: [ 7030.850191] device tap0d449c10-78 entered promiscuous mode
Jun  2 16:38:08 gtw01 systemd-udevd[32307]: Could not generate persistent MAC address for tap0d449c10-78: No such file or directory
Jun  2 16:38:08 gtw01 systemd-udevd[32356]: Process '/sbin/ip link set tap0d449c10-78 txqueuelen 10000' failed with exit code 1.
Jun  2 16:38:08 gtw01 dnsmasq-dhcp[32201]: DHCPRELEASE(tapdea339d5-d9) 192.168.120.2 fa:16:3e:67:e6:1d
Jun  2 16:38:09 gtw01 dnsmasq[32201]: read /var/lib/neutron/dhcp/7639189d-18d4-457c-8b22-3f74a7bc0d24/addn_hosts - 0 addresses
Jun  2 16:38:09 gtw01 dnsmasq-dhcp[32201]: read /var/lib/neutron/dhcp/7639189d-18d4-457c-8b22-3f74a7bc0d24/host
Jun  2 16:38:09 gtw01 dnsmasq-dhcp[32201]: read /var/lib/neutron/dhcp/7639189d-18d4-457c-8b22-3f74a7bc0d24/opts
Jun  2 16:38:10 gtw01 kernel: [ 7032.670594] device tape5e50708-86 left promiscuous mode
Jun  2 16:38:11 gtw01 kernel: [ 7033.314643] device tapdea339d5-d9 left promiscuous mode
Jun  2 16:38:11 gtw01 dnsmasq[32486]: started, version 2.80 cachesize 150
Jun  2 16:38:11 gtw01 dnsmasq[32486]: DNS service limited to local subnets
Jun  2 16:38:11 gtw01 dnsmasq[32486]: compile time options: IPv6 GNU-getopt DBus i18n IDN DHCP DHCPv6 no-Lua TFTP conntrack ipset auth DNSSEC loop-detect inotify dumpfile
Jun  2 16:38:11 gtw01 dnsmasq[32486]: warning: no upstream servers configured
Jun  2 16:38:11 gtw01 dnsmasq-dhcp[32486]: DHCP, static leases only on 192.168.120.0, lease time 1h
Jun  2 16:38:11 gtw01 dnsmasq[32486]: read /var/lib/neutron/dhcp/324cd40d-2b16-4ed0-808f-1b03993d4049/addn_hosts - 1 addresses
Jun  2 16:38:11 gtw01 dnsmasq-dhcp[32486]: read /var/lib/neutron/dhcp/324cd40d-2b16-4ed0-808f-1b03993d4049/host
Jun  2 16:38:11 gtw01 dnsmasq-dhcp[32486]: read /var/lib/neutron/dhcp/324cd40d-2b16-4ed0-808f-1b03993d4049/opts
Jun  2 16:38:11 gtw01 haproxy-metadata-proxy-324cd40d-2b16-4ed0-808f-1b03993d4049[32493]: Proxy listener started.
Jun  2 16:38:12 gtw01 dnsmasq[32505]: started, version 2.80 cachesize 150
Jun  2 16:38:12 gtw01 dnsmasq[32505]: DNS service limited to local subnets
Jun  2 16:38:12 gtw01 dnsmasq[32505]: compile time options: IPv6 GNU-getopt DBus i18n IDN DHCP DHCPv6 no-Lua TFTP conntrack ipset auth DNSSEC loop-detect inotify dumpfile
Jun  2 16:38:12 gtw01 dnsmasq[32505]: warning: no upstream servers configured
Jun  2 16:38:12 gtw01 dnsmasq-dhcp[32505]: DHCP, static leases only on 192.168.120.16, lease time 1h
Jun  2 16:38:12 gtw01 dnsmasq[32505]: read /var/lib/neutron/dhcp/6122d744-d3a3-4c86-8ed3-df3a06a11e2b/addn_hosts - 1 addresses
Jun  2 16:38:12 gtw01 dnsmasq-dhcp[32505]: read /var/lib/neutron/dhcp/6122d744-d3a3-4c86-8ed3-df3a06a11e2b/host
Jun  2 16:38:12 gtw01 dnsmasq-dhcp[32505]: read /var/lib/neutron/dhcp/6122d744-d3a3-4c86-8ed3-df3a06a11e2b/opts
Jun  2 16:38:12 gtw01 haproxy-metadata-proxy-6122d744-d3a3-4c86-8ed3-df3a06a11e2b[32513]: Proxy listener started.
Jun  2 16:38:12 gtw01 kernel: [ 7034.949858] device tap3f04c364-05 left promiscuous mode
Jun  2 16:38:13 gtw01 kernel: [ 7035.630945] device tap0d449c10-78 left promiscuous mode
Jun  2 16:38:13 gtw01 dnsmasq[31240]: read /var/lib/neutron/dhcp/141ed194-e5b9-46a0-a663-29048b5d5560/addn_hosts - 1 addresses
Jun  2 16:38:13 gtw01 dnsmasq-dhcp[31240]: read /var/lib/neutron/dhcp/141ed194-e5b9-46a0-a663-29048b5d5560/host
Jun  2 16:38:13 gtw01 dnsmasq-dhcp[31240]: read /var/lib/neutron/dhcp/141ed194-e5b9-46a0-a663-29048b5d5560/opts
Jun  2 16:38:16 gtw01 kernel: [ 7039.075136] device tap601fe51a-8e left promiscuous mode
Jun  2 16:38:19 gtw01 dnsmasq[12701]: read /var/lib/neutron/dhcp/c59cf9c1-a00f-4a22-ae8e-4a7d939a403d/addn_hosts - 3 addresses
Jun  2 16:38:19 gtw01 dnsmasq-dhcp[12701]: read /var/lib/neutron/dhcp/c59cf9c1-a00f-4a22-ae8e-4a7d939a403d/host
Jun  2 16:38:19 gtw01 dnsmasq-dhcp[12701]: read /var/lib/neutron/dhcp/c59cf9c1-a00f-4a22-ae8e-4a7d939a403d/opts
Jun  2 16:38:19 gtw01 dnsmasq[30921]: read /var/lib/neutron/dhcp/0c8f6e5a-47cf-442b-9add-fbb70e77ae77/addn_hosts - 1 addresses
Jun  2 16:38:19 gtw01 dnsmasq-dhcp[30921]: read /var/lib/neutron/dhcp/0c8f6e5a-47cf-442b-9add-fbb70e77ae77/host
