Jun  2 15:37:32 gtw01 haproxy-metadata-proxy-272ab109-ab58-4817-a7f6-17ace5cec0ba[30164]: Proxy listener started.
Jun  2 15:37:32 gtw01 dnsmasq[29897]: read /var/lib/neutron/dhcp/ff854baa-d2c4-46e7-939b-35c6f97b2db6/addn_hosts - 2 addresses
Jun  2 15:37:32 gtw01 dnsmasq-dhcp[29897]: read /var/lib/neutron/dhcp/ff854baa-d2c4-46e7-939b-35c6f97b2db6/host
Jun  2 15:37:32 gtw01 dnsmasq-dhcp[29897]: read /var/lib/neutron/dhcp/ff854baa-d2c4-46e7-939b-35c6f97b2db6/opts
Jun  2 15:37:33 gtw01 dnsmasq[30230]: started, version 2.80 cachesize 150
Jun  2 15:37:33 gtw01 dnsmasq[30230]: DNS service limited to local subnets
Jun  2 15:37:33 gtw01 dnsmasq[30230]: compile time options: IPv6 GNU-getopt DBus i18n IDN DHCP DHCPv6 no-Lua TFTP conntrack ipset auth DNSSEC loop-detect inotify dumpfile
Jun  2 15:37:33 gtw01 dnsmasq[30230]: warning: no upstream servers configured
Jun  2 15:37:33 gtw01 dnsmasq-dhcp[30230]: DHCP, static leases only on 192.168.120.0, lease time 1h
Jun  2 15:37:33 gtw01 dnsmasq[30230]: read /var/lib/neutron/dhcp/ee13dced-ca5a-4f0b-87cf-3dc3537f1e34/addn_hosts - 1 addresses
Jun  2 15:37:33 gtw01 dnsmasq-dhcp[30230]: read /var/lib/neutron/dhcp/ee13dced-ca5a-4f0b-87cf-3dc3537f1e34/host
Jun  2 15:37:33 gtw01 dnsmasq-dhcp[30230]: read /var/lib/neutron/dhcp/ee13dced-ca5a-4f0b-87cf-3dc3537f1e34/opts
Jun  2 15:37:33 gtw01 dnsmasq[30151]: read /var/lib/neutron/dhcp/272ab109-ab58-4817-a7f6-17ace5cec0ba/addn_hosts - 2 addresses
Jun  2 15:37:33 gtw01 dnsmasq-dhcp[30151]: read /var/lib/neutron/dhcp/272ab109-ab58-4817-a7f6-17ace5cec0ba/host
Jun  2 15:37:33 gtw01 dnsmasq-dhcp[30151]: read /var/lib/neutron/dhcp/272ab109-ab58-4817-a7f6-17ace5cec0ba/opts
Jun  2 15:37:34 gtw01 haproxy-metadata-proxy-ee13dced-ca5a-4f0b-87cf-3dc3537f1e34[30258]: Proxy listener started.
Jun  2 15:37:34 gtw01 dnsmasq[29897]: read /var/lib/neutron/dhcp/ff854baa-d2c4-46e7-939b-35c6f97b2db6/addn_hosts - 2 addresses
Jun  2 15:37:34 gtw01 dnsmasq-dhcp[29897]: read /var/lib/neutron/dhcp/ff854baa-d2c4-46e7-939b-35c6f97b2db6/host
Jun  2 15:37:34 gtw01 dnsmasq-dhcp[29897]: read /var/lib/neutron/dhcp/ff854baa-d2c4-46e7-939b-35c6f97b2db6/opts
Jun  2 15:37:34 gtw01 kernel: [ 3396.650992] device tapc454b8f0-fd entered promiscuous mode
Jun  2 15:37:34 gtw01 systemd-udevd[30273]: Could not generate persistent MAC address for tapc454b8f0-fd: No such file or directory
Jun  2 15:37:34 gtw01 systemd-udevd[30326]: Process '/sbin/ip link set tapc454b8f0-fd txqueuelen 10000' failed with exit code 1.
Jun  2 15:37:35 gtw01 kernel: [ 3397.577052] device tap5425e0c3-53 left promiscuous mode
Jun  2 15:37:35 gtw01 dnsmasq[30383]: started, version 2.80 cachesize 150
Jun  2 15:37:35 gtw01 dnsmasq[30383]: DNS service limited to local subnets
Jun  2 15:37:35 gtw01 dnsmasq[30383]: compile time options: IPv6 GNU-getopt DBus i18n IDN DHCP DHCPv6 no-Lua TFTP conntrack ipset auth DNSSEC loop-detect inotify dumpfile
Jun  2 15:37:35 gtw01 dnsmasq[30383]: warning: no upstream servers configured
Jun  2 15:37:35 gtw01 dnsmasq-dhcp[30383]: DHCP, static leases only on 192.168.120.0, lease time 1h
Jun  2 15:37:35 gtw01 dnsmasq[30383]: read /var/lib/neutron/dhcp/fb9c5111-0e3a-437a-bd43-66eb0384f50c/addn_hosts - 1 addresses
Jun  2 15:37:35 gtw01 dnsmasq-dhcp[30383]: read /var/lib/neutron/dhcp/fb9c5111-0e3a-437a-bd43-66eb0384f50c/host
Jun  2 15:37:35 gtw01 dnsmasq-dhcp[30383]: read /var/lib/neutron/dhcp/fb9c5111-0e3a-437a-bd43-66eb0384f50c/opts
Jun  2 15:37:35 gtw01 dnsmasq[30151]: read /var/lib/neutron/dhcp/272ab109-ab58-4817-a7f6-17ace5cec0ba/addn_hosts - 2 addresses
Jun  2 15:37:35 gtw01 dnsmasq-dhcp[30151]: read /var/lib/neutron/dhcp/272ab109-ab58-4817-a7f6-17ace5cec0ba/host
Jun  2 15:37:35 gtw01 dnsmasq-dhcp[30151]: read /var/lib/neutron/dhcp/272ab109-ab58-4817-a7f6-17ace5cec0ba/opts
Jun  2 15:37:35 gtw01 haproxy-metadata-proxy-fb9c5111-0e3a-437a-bd43-66eb0384f50c[30397]: Proxy listener started.
Jun  2 15:37:36 gtw01 dnsmasq[29897]: read /var/lib/neutron/dhcp/ff854baa-d2c4-46e7-939b-35c6f97b2db6/addn_hosts - 2 addresses
Jun  2 15:37:36 gtw01 dnsmasq-dhcp[29897]: read /var/lib/neutron/dhcp/ff854baa-d2c4-46e7-939b-35c6f97b2db6/host
Jun  2 15:37:36 gtw01 dnsmasq-dhcp[29897]: read /var/lib/neutron/dhcp/ff854baa-d2c4-46e7-939b-35c6f97b2db6/opts
Jun  2 15:37:37 gtw01 dnsmasq[30383]: read /var/lib/neutron/dhcp/fb9c5111-0e3a-437a-bd43-66eb0384f50c/addn_hosts - 2 addresses
Jun  2 15:37:37 gtw01 dnsmasq-dhcp[30383]: read /var/lib/neutron/dhcp/fb9c5111-0e3a-437a-bd43-66eb0384f50c/host
Jun  2 15:37:37 gtw01 dnsmasq-dhcp[30383]: read /var/lib/neutron/dhcp/fb9c5111-0e3a-437a-bd43-66eb0384f50c/opts
Jun  2 15:37:37 gtw01 dnsmasq[30475]: started, version 2.80 cachesize 150
Jun  2 15:37:37 gtw01 dnsmasq[30475]: DNS service limited to local subnets
Jun  2 15:37:37 gtw01 dnsmasq[30475]: compile time options: IPv6 GNU-getopt DBus i18n IDN DHCP DHCPv6 no-Lua TFTP conntrack ipset auth DNSSEC loop-detect inotify dumpfile
Jun  2 15:37:37 gtw01 dnsmasq[30475]: warning: no upstream servers configured
Jun  2 15:37:37 gtw01 dnsmasq-dhcp[30475]: DHCP, static leases only on 192.168.120.64, lease time 1h
Jun  2 15:37:37 gtw01 dnsmasq[30475]: read /var/lib/neutron/dhcp/a5bc3c03-b855-4618-9933-0a152138aa55/addn_hosts - 1 addresses
Jun  2 15:37:37 gtw01 dnsmasq-dhcp[30475]: read /var/lib/neutron/dhcp/a5bc3c03-b855-4618-9933-0a152138aa55/host
Jun  2 15:37:37 gtw01 dnsmasq-dhcp[30475]: read /var/lib/neutron/dhcp/a5bc3c03-b855-4618-9933-0a152138aa55/opts
Jun  2 15:37:37 gtw01 dnsmasq[30151]: read /var/lib/neutron/dhcp/272ab109-ab58-4817-a7f6-17ace5cec0ba/addn_hosts - 2 addresses
Jun  2 15:37:37 gtw01 dnsmasq-dhcp[30151]: read /var/lib/neutron/dhcp/272ab109-ab58-4817-a7f6-17ace5cec0ba/host
Jun  2 15:37:37 gtw01 dnsmasq-dhcp[30151]: read /var/lib/neutron/dhcp/272ab109-ab58-4817-a7f6-17ace5cec0ba/opts
Jun  2 15:37:37 gtw01 haproxy-metadata-proxy-a5bc3c03-b855-4618-9933-0a152138aa55[30494]: Proxy listener started.
Jun  2 15:37:38 gtw01 kernel: [ 3401.019120] device tapdd617f14-c2 entered promiscuous mode
Jun  2 15:37:38 gtw01 systemd-udevd[30533]: Could not generate persistent MAC address for tapdd617f14-c2: No such file or directory
Jun  2 15:37:38 gtw01 systemd-udevd[30578]: Process '/sbin/ip link set tapdd617f14-c2 txqueuelen 10000' failed with exit code 1.
Jun  2 15:37:38 gtw01 dnsmasq[30383]: read /var/lib/neutron/dhcp/fb9c5111-0e3a-437a-bd43-66eb0384f50c/addn_hosts - 2 addresses
Jun  2 15:37:38 gtw01 dnsmasq-dhcp[30383]: read /var/lib/neutron/dhcp/fb9c5111-0e3a-437a-bd43-66eb0384f50c/host
Jun  2 15:37:38 gtw01 dnsmasq-dhcp[30383]: read /var/lib/neutron/dhcp/fb9c5111-0e3a-437a-bd43-66eb0384f50c/opts
Jun  2 15:37:39 gtw01 dnsmasq[30475]: read /var/lib/neutron/dhcp/a5bc3c03-b855-4618-9933-0a152138aa55/addn_hosts - 2 addresses
Jun  2 15:37:39 gtw01 dnsmasq-dhcp[30475]: read /var/lib/neutron/dhcp/a5bc3c03-b855-4618-9933-0a152138aa55/host
Jun  2 15:37:39 gtw01 dnsmasq-dhcp[30475]: read /var/lib/neutron/dhcp/a5bc3c03-b855-4618-9933-0a152138aa55/opts
Jun  2 15:37:39 gtw01 dnsmasq[30151]: read /var/lib/neutron/dhcp/272ab109-ab58-4817-a7f6-17ace5cec0ba/addn_hosts - 2 addresses
Jun  2 15:37:39 gtw01 dnsmasq-dhcp[30151]: read /var/lib/neutron/dhcp/272ab109-ab58-4817-a7f6-17ace5cec0ba/host
Jun  2 15:37:39 gtw01 dnsmasq-dhcp[30151]: read /var/lib/neutron/dhcp/272ab109-ab58-4817-a7f6-17ace5cec0ba/opts
Jun  2 15:37:40 gtw01 dnsmasq[30660]: started, version 2.80 cachesize 150
Jun  2 15:37:40 gtw01 dnsmasq[30660]: DNS service limited to local subnets
Jun  2 15:37:40 gtw01 dnsmasq[30660]: compile time options: IPv6 GNU-getopt DBus i18n IDN DHCP DHCPv6 no-Lua TFTP conntrack ipset auth DNSSEC loop-detect inotify dumpfile
Jun  2 15:37:40 gtw01 dnsmasq[30660]: warning: no upstream servers configured
Jun  2 15:37:40 gtw01 dnsmasq-dhcp[30660]: DHCP, static leases only on 192.168.120.80, lease time 1h
Jun  2 15:37:40 gtw01 dnsmasq[30660]: read /var/lib/neutron/dhcp/002ac041-1279-4e99-8dae-ea0572665d34/addn_hosts - 1 addresses
Jun  2 15:37:40 gtw01 dnsmasq-dhcp[30660]: read /var/lib/neutron/dhcp/002ac041-1279-4e99-8dae-ea0572665d34/host
Jun  2 15:37:40 gtw01 dnsmasq-dhcp[30660]: read /var/lib/neutron/dhcp/002ac041-1279-4e99-8dae-ea0572665d34/opts
Jun  2 15:37:40 gtw01 haproxy-metadata-proxy-002ac041-1279-4e99-8dae-ea0572665d34[30670]: Proxy listener started.
Jun  2 15:37:40 gtw01 dnsmasq[30383]: read /var/lib/neutron/dhcp/fb9c5111-0e3a-437a-bd43-66eb0384f50c/addn_hosts - 2 addresses
Jun  2 15:37:40 gtw01 dnsmasq-dhcp[30383]: read /var/lib/neutron/dhcp/fb9c5111-0e3a-437a-bd43-66eb0384f50c/host
Jun  2 15:37:40 gtw01 dnsmasq-dhcp[30383]: read /var/lib/neutron/dhcp/fb9c5111-0e3a-437a-bd43-66eb0384f50c/opts
Jun  2 15:37:41 gtw01 dnsmasq[30475]: read /var/lib/neutron/dhcp/a5bc3c03-b855-4618-9933-0a152138aa55/addn_hosts - 2 addresses
Jun  2 15:37:41 gtw01 dnsmasq-dhcp[30475]: read /var/lib/neutron/dhcp/a5bc3c03-b855-4618-9933-0a152138aa55/host
Jun  2 15:37:41 gtw01 dnsmasq-dhcp[30475]: read /var/lib/neutron/dhcp/a5bc3c03-b855-4618-9933-0a152138aa55/opts
Jun  2 15:37:41 gtw01 dnsmasq[30660]: read /var/lib/neutron/dhcp/002ac041-1279-4e99-8dae-ea0572665d34/addn_hosts - 2 addresses
Jun  2 15:37:41 gtw01 dnsmasq-dhcp[30660]: read /var/lib/neutron/dhcp/002ac041-1279-4e99-8dae-ea0572665d34/host
Jun  2 15:37:41 gtw01 dnsmasq-dhcp[30660]: read /var/lib/neutron/dhcp/002ac041-1279-4e99-8dae-ea0572665d34/opts
Jun  2 15:37:42 gtw01 dnsmasq[30383]: read /var/lib/neutron/dhcp/fb9c5111-0e3a-437a-bd43-66eb0384f50c/addn_hosts - 3 addresses
Jun  2 15:37:42 gtw01 dnsmasq-dhcp[30383]: read /var/lib/neutron/dhcp/fb9c5111-0e3a-437a-bd43-66eb0384f50c/host
Jun  2 15:37:42 gtw01 dnsmasq-dhcp[30383]: read /var/lib/neutron/dhcp/fb9c5111-0e3a-437a-bd43-66eb0384f50c/opts
Jun  2 15:37:42 gtw01 dnsmasq[29271]: read /var/lib/neutron/dhcp/4182917e-7eaf-47b5-bd47-0a64a921a6a7/addn_hosts - 1 addresses
Jun  2 15:37:42 gtw01 dnsmasq-dhcp[29271]: read /var/lib/neutron/dhcp/4182917e-7eaf-47b5-bd47-0a64a921a6a7/host
Jun  2 15:37:42 gtw01 dnsmasq-dhcp[29271]: read /var/lib/neutron/dhcp/4182917e-7eaf-47b5-bd47-0a64a921a6a7/opts
Jun  2 15:37:42 gtw01 dnsmasq[30475]: read /var/lib/neutron/dhcp/a5bc3c03-b855-4618-9933-0a152138aa55/addn_hosts - 2 addresses
Jun  2 15:37:42 gtw01 dnsmasq-dhcp[30475]: read /var/lib/neutron/dhcp/a5bc3c03-b855-4618-9933-0a152138aa55/host
Jun  2 15:37:42 gtw01 dnsmasq-dhcp[30475]: read /var/lib/neutron/dhcp/a5bc3c03-b855-4618-9933-0a152138aa55/opts
Jun  2 15:37:43 gtw01 dnsmasq[30812]: started, version 2.80 cachesize 150
Jun  2 15:37:43 gtw01 dnsmasq[30812]: DNS service limited to local subnets
Jun  2 15:37:43 gtw01 dnsmasq[30812]: compile time options: IPv6 GNU-getopt DBus i18n IDN DHCP DHCPv6 no-Lua TFTP conntrack ipset auth DNSSEC loop-detect inotify dumpfile
Jun  2 15:37:43 gtw01 dnsmasq[30812]: warning: no upstream servers configured
Jun  2 15:37:43 gtw01 dnsmasq-dhcp[30812]: DHCP, static leases only on 192.168.120.96, lease time 1h
Jun  2 15:37:43 gtw01 dnsmasq[30812]: read /var/lib/neutron/dhcp/1c3b0deb-5b0f-4f3f-b7c2-768cbd01fe6d/addn_hosts - 1 addresses
Jun  2 15:37:43 gtw01 dnsmasq-dhcp[30812]: read /var/lib/neutron/dhcp/1c3b0deb-5b0f-4f3f-b7c2-768cbd01fe6d/host
Jun  2 15:37:43 gtw01 dnsmasq-dhcp[30812]: read /var/lib/neutron/dhcp/1c3b0deb-5b0f-4f3f-b7c2-768cbd01fe6d/opts
Jun  2 15:37:43 gtw01 dnsmasq[30660]: read /var/lib/neutron/dhcp/002ac041-1279-4e99-8dae-ea0572665d34/addn_hosts - 2 addresses
Jun  2 15:37:43 gtw01 dnsmasq-dhcp[30660]: read /var/lib/neutron/dhcp/002ac041-1279-4e99-8dae-ea0572665d34/host
Jun  2 15:37:43 gtw01 dnsmasq-dhcp[30660]: read /var/lib/neutron/dhcp/002ac041-1279-4e99-8dae-ea0572665d34/opts
Jun  2 15:37:43 gtw01 dnsmasq[29450]: read /var/lib/neutron/dhcp/7e736574-dcc0-4055-8756-451db78e4b0d/addn_hosts - 1 addresses
Jun  2 15:37:43 gtw01 dnsmasq-dhcp[29450]: read /var/lib/neutron/dhcp/7e736574-dcc0-4055-8756-451db78e4b0d/host
Jun  2 15:37:43 gtw01 dnsmasq-dhcp[29450]: read /var/lib/neutron/dhcp/7e736574-dcc0-4055-8756-451db78e4b0d/opts
Jun  2 15:37:44 gtw01 dnsmasq[30383]: read /var/lib/neutron/dhcp/fb9c5111-0e3a-437a-bd43-66eb0384f50c/addn_hosts - 3 addresses
Jun  2 15:37:44 gtw01 dnsmasq-dhcp[30383]: read /var/lib/neutron/dhcp/fb9c5111-0e3a-437a-bd43-66eb0384f50c/host
Jun  2 15:37:44 gtw01 dnsmasq-dhcp[30383]: read /var/lib/neutron/dhcp/fb9c5111-0e3a-437a-bd43-66eb0384f50c/opts
Jun  2 15:37:44 gtw01 haproxy-metadata-proxy-1c3b0deb-5b0f-4f3f-b7c2-768cbd01fe6d[30833]: Proxy listener started.
Jun  2 15:37:44 gtw01 dnsmasq[29897]: read /var/lib/neutron/dhcp/ff854baa-d2c4-46e7-939b-35c6f97b2db6/addn_hosts - 1 addresses
Jun  2 15:37:44 gtw01 dnsmasq-dhcp[29897]: read /var/lib/neutron/dhcp/ff854baa-d2c4-46e7-939b-35c6f97b2db6/host
Jun  2 15:37:44 gtw01 dnsmasq-dhcp[29897]: read /var/lib/neutron/dhcp/ff854baa-d2c4-46e7-939b-35c6f97b2db6/opts
Jun  2 15:37:45 gtw01 dnsmasq[30475]: read /var/lib/neutron/dhcp/a5bc3c03-b855-4618-9933-0a152138aa55/addn_hosts - 2 addresses
Jun  2 15:37:45 gtw01 dnsmasq-dhcp[30475]: read /var/lib/neutron/dhcp/a5bc3c03-b855-4618-9933-0a152138aa55/host
Jun  2 15:37:45 gtw01 dnsmasq-dhcp[30475]: read /var/lib/neutron/dhcp/a5bc3c03-b855-4618-9933-0a152138aa55/opts
Jun  2 15:37:45 gtw01 dnsmasq[30812]: read /var/lib/neutron/dhcp/1c3b0deb-5b0f-4f3f-b7c2-768cbd01fe6d/addn_hosts - 2 addresses
Jun  2 15:37:45 gtw01 dnsmasq-dhcp[30812]: read /var/lib/neutron/dhcp/1c3b0deb-5b0f-4f3f-b7c2-768cbd01fe6d/host
Jun  2 15:37:45 gtw01 dnsmasq-dhcp[30812]: read /var/lib/neutron/dhcp/1c3b0deb-5b0f-4f3f-b7c2-768cbd01fe6d/opts
Jun  2 15:37:46 gtw01 dnsmasq[30660]: read /var/lib/neutron/dhcp/002ac041-1279-4e99-8dae-ea0572665d34/addn_hosts - 2 addresses
Jun  2 15:37:46 gtw01 dnsmasq-dhcp[30660]: read /var/lib/neutron/dhcp/002ac041-1279-4e99-8dae-ea0572665d34/host
Jun  2 15:37:46 gtw01 dnsmasq-dhcp[30660]: read /var/lib/neutron/dhcp/002ac041-1279-4e99-8dae-ea0572665d34/opts
Jun  2 15:37:46 gtw01 dnsmasq[30151]: read /var/lib/neutron/dhcp/272ab109-ab58-4817-a7f6-17ace5cec0ba/addn_hosts - 1 addresses
Jun  2 15:37:46 gtw01 dnsmasq-dhcp[30151]: read /var/lib/neutron/dhcp/272ab109-ab58-4817-a7f6-17ace5cec0ba/host
Jun  2 15:37:46 gtw01 dnsmasq-dhcp[30151]: read /var/lib/neutron/dhcp/272ab109-ab58-4817-a7f6-17ace5cec0ba/opts
Jun  2 15:37:46 gtw01 dnsmasq[30383]: read /var/lib/neutron/dhcp/fb9c5111-0e3a-437a-bd43-66eb0384f50c/addn_hosts - 3 addresses
Jun  2 15:37:46 gtw01 dnsmasq-dhcp[30383]: read /var/lib/neutron/dhcp/fb9c5111-0e3a-437a-bd43-66eb0384f50c/host
Jun  2 15:37:46 gtw01 dnsmasq-dhcp[30383]: read /var/lib/neutron/dhcp/fb9c5111-0e3a-437a-bd43-66eb0384f50c/opts
Jun  2 15:37:47 gtw01 kernel: [ 3409.707006] device tapaa626a00-da entered promiscuous mode
Jun  2 15:37:47 gtw01 systemd-udevd[30975]: Could not generate persistent MAC address for tapaa626a00-da: No such file or directory
Jun  2 15:37:47 gtw01 dnsmasq[30475]: read /var/lib/neutron/dhcp/a5bc3c03-b855-4618-9933-0a152138aa55/addn_hosts - 1 addresses
Jun  2 15:37:47 gtw01 dnsmasq-dhcp[30475]: read /var/lib/neutron/dhcp/a5bc3c03-b855-4618-9933-0a152138aa55/host
Jun  2 15:37:47 gtw01 dnsmasq-dhcp[30475]: read /var/lib/neutron/dhcp/a5bc3c03-b855-4618-9933-0a152138aa55/opts
Jun  2 15:37:47 gtw01 systemd-udevd[31026]: Process '/sbin/ip link set tapaa626a00-da txqueuelen 10000' failed with exit code 1.
Jun  2 15:37:48 gtw01 dnsmasq[30812]: read /var/lib/neutron/dhcp/1c3b0deb-5b0f-4f3f-b7c2-768cbd01fe6d/addn_hosts - 2 addresses
Jun  2 15:37:48 gtw01 dnsmasq-dhcp[30812]: read /var/lib/neutron/dhcp/1c3b0deb-5b0f-4f3f-b7c2-768cbd01fe6d/host
Jun  2 15:37:48 gtw01 dnsmasq-dhcp[30812]: read /var/lib/neutron/dhcp/1c3b0deb-5b0f-4f3f-b7c2-768cbd01fe6d/opts
Jun  2 15:37:48 gtw01 dnsmasq[30660]: read /var/lib/neutron/dhcp/002ac041-1279-4e99-8dae-ea0572665d34/addn_hosts - 2 addresses
Jun  2 15:37:48 gtw01 dnsmasq-dhcp[30660]: read /var/lib/neutron/dhcp/002ac041-1279-4e99-8dae-ea0572665d34/host
Jun  2 15:37:48 gtw01 dnsmasq-dhcp[30660]: read /var/lib/neutron/dhcp/002ac041-1279-4e99-8dae-ea0572665d34/opts
Jun  2 15:37:48 gtw01 dnsmasq[30383]: read /var/lib/neutron/dhcp/fb9c5111-0e3a-437a-bd43-66eb0384f50c/addn_hosts - 3 addresses
Jun  2 15:37:48 gtw01 dnsmasq-dhcp[30383]: read /var/lib/neutron/dhcp/fb9c5111-0e3a-437a-bd43-66eb0384f50c/host
Jun  2 15:37:48 gtw01 dnsmasq-dhcp[30383]: read /var/lib/neutron/dhcp/fb9c5111-0e3a-437a-bd43-66eb0384f50c/opts
Jun  2 15:37:49 gtw01 dnsmasq[30812]: read /var/lib/neutron/dhcp/1c3b0deb-5b0f-4f3f-b7c2-768cbd01fe6d/addn_hosts - 2 addresses
Jun  2 15:37:49 gtw01 dnsmasq-dhcp[30812]: read /var/lib/neutron/dhcp/1c3b0deb-5b0f-4f3f-b7c2-768cbd01fe6d/host
Jun  2 15:37:49 gtw01 dnsmasq-dhcp[30812]: read /var/lib/neutron/dhcp/1c3b0deb-5b0f-4f3f-b7c2-768cbd01fe6d/opts
Jun  2 15:37:49 gtw01 dnsmasq[30660]: read /var/lib/neutron/dhcp/002ac041-1279-4e99-8dae-ea0572665d34/addn_hosts - 2 addresses
Jun  2 15:37:49 gtw01 dnsmasq-dhcp[30660]: read /var/lib/neutron/dhcp/002ac041-1279-4e99-8dae-ea0572665d34/host
Jun  2 15:37:49 gtw01 dnsmasq-dhcp[30660]: read /var/lib/neutron/dhcp/002ac041-1279-4e99-8dae-ea0572665d34/opts
Jun  2 15:37:50 gtw01 kernel: [ 3412.323220] device tap3cf5fa56-fb left promiscuous mode
Jun  2 15:37:50 gtw01 dnsmasq[30383]: read /var/lib/neutron/dhcp/fb9c5111-0e3a-437a-bd43-66eb0384f50c/addn_hosts - 3 addresses
Jun  2 15:37:50 gtw01 dnsmasq-dhcp[30383]: read /var/lib/neutron/dhcp/fb9c5111-0e3a-437a-bd43-66eb0384f50c/host
Jun  2 15:37:50 gtw01 dnsmasq-dhcp[30383]: read /var/lib/neutron/dhcp/fb9c5111-0e3a-437a-bd43-66eb0384f50c/opts
Jun  2 15:37:51 gtw01 dnsmasq[30812]: read /var/lib/neutron/dhcp/1c3b0deb-5b0f-4f3f-b7c2-768cbd01fe6d/addn_hosts - 2 addresses
Jun  2 15:37:51 gtw01 dnsmasq-dhcp[30812]: read /var/lib/neutron/dhcp/1c3b0deb-5b0f-4f3f-b7c2-768cbd01fe6d/host
Jun  2 15:37:51 gtw01 dnsmasq-dhcp[30812]: read /var/lib/neutron/dhcp/1c3b0deb-5b0f-4f3f-b7c2-768cbd01fe6d/opts
Jun  2 15:37:51 gtw01 kernel: [ 3413.902258] device tap00a87d5b-65 left promiscuous mode
Jun  2 15:37:51 gtw01 dnsmasq[30660]: read /var/lib/neutron/dhcp/002ac041-1279-4e99-8dae-ea0572665d34/addn_hosts - 2 addresses
Jun  2 15:37:51 gtw01 dnsmasq-dhcp[30660]: read /var/lib/neutron/dhcp/002ac041-1279-4e99-8dae-ea0572665d34/host
Jun  2 15:37:51 gtw01 dnsmasq-dhcp[30660]: read /var/lib/neutron/dhcp/002ac041-1279-4e99-8dae-ea0572665d34/opts
Jun  2 15:37:51 gtw01 dnsmasq[30383]: read /var/lib/neutron/dhcp/fb9c5111-0e3a-437a-bd43-66eb0384f50c/addn_hosts - 3 addresses
Jun  2 15:37:51 gtw01 dnsmasq-dhcp[30383]: read /var/lib/neutron/dhcp/fb9c5111-0e3a-437a-bd43-66eb0384f50c/host
Jun  2 15:37:51 gtw01 dnsmasq-dhcp[30383]: read /var/lib/neutron/dhcp/fb9c5111-0e3a-437a-bd43-66eb0384f50c/opts
Jun  2 15:37:52 gtw01 dnsmasq[31274]: started, version 2.80 cachesize 150
Jun  2 15:37:52 gtw01 dnsmasq[31274]: DNS service limited to local subnets
Jun  2 15:37:52 gtw01 dnsmasq[31274]: compile time options: IPv6 GNU-getopt DBus i18n IDN DHCP DHCPv6 no-Lua TFTP conntrack ipset auth DNSSEC loop-detect inotify dumpfile
Jun  2 15:37:52 gtw01 dnsmasq[31274]: warning: no upstream servers configured
Jun  2 15:37:52 gtw01 dnsmasq-dhcp[31274]: DHCP, static leases only on 192.168.120.16, lease time 1h
Jun  2 15:37:52 gtw01 dnsmasq[31274]: read /var/lib/neutron/dhcp/3fb5e9a5-c60c-4eb2-a510-3cc18057566e/addn_hosts - 1 addresses
Jun  2 15:37:52 gtw01 dnsmasq-dhcp[31274]: read /var/lib/neutron/dhcp/3fb5e9a5-c60c-4eb2-a510-3cc18057566e/host
Jun  2 15:37:52 gtw01 dnsmasq-dhcp[31274]: read /var/lib/neutron/dhcp/3fb5e9a5-c60c-4eb2-a510-3cc18057566e/opts
Jun  2 15:37:53 gtw01 dnsmasq[30812]: read /var/lib/neutron/dhcp/1c3b0deb-5b0f-4f3f-b7c2-768cbd01fe6d/addn_hosts - 2 addresses
Jun  2 15:37:53 gtw01 dnsmasq-dhcp[30812]: read /var/lib/neutron/dhcp/1c3b0deb-5b0f-4f3f-b7c2-768cbd01fe6d/host
Jun  2 15:37:53 gtw01 dnsmasq-dhcp[30812]: read /var/lib/neutron/dhcp/1c3b0deb-5b0f-4f3f-b7c2-768cbd01fe6d/opts
Jun  2 15:37:53 gtw01 kernel: [ 3415.616628] device tap5f0f87ee-12 left promiscuous mode
Jun  2 15:37:53 gtw01 haproxy-metadata-proxy-3fb5e9a5-c60c-4eb2-a510-3cc18057566e[31293]: Proxy listener started.
Jun  2 15:37:53 gtw01 dnsmasq[30660]: read /var/lib/neutron/dhcp/002ac041-1279-4e99-8dae-ea0572665d34/addn_hosts - 2 addresses
Jun  2 15:37:53 gtw01 dnsmasq-dhcp[30660]: read /var/lib/neutron/dhcp/002ac041-1279-4e99-8dae-ea0572665d34/host
Jun  2 15:37:53 gtw01 dnsmasq-dhcp[30660]: read /var/lib/neutron/dhcp/002ac041-1279-4e99-8dae-ea0572665d34/opts
Jun  2 15:37:53 gtw01 dnsmasq[30383]: read /var/lib/neutron/dhcp/fb9c5111-0e3a-437a-bd43-66eb0384f50c/addn_hosts - 2 addresses
Jun  2 15:37:53 gtw01 dnsmasq-dhcp[30383]: read /var/lib/neutron/dhcp/fb9c5111-0e3a-437a-bd43-66eb0384f50c/host
Jun  2 15:37:53 gtw01 dnsmasq-dhcp[30383]: read /var/lib/neutron/dhcp/fb9c5111-0e3a-437a-bd43-66eb0384f50c/opts
Jun  2 15:37:54 gtw01 dnsmasq[31274]: read /var/lib/neutron/dhcp/3fb5e9a5-c60c-4eb2-a510-3cc18057566e/addn_hosts - 2 addresses
Jun  2 15:37:54 gtw01 dnsmasq-dhcp[31274]: read /var/lib/neutron/dhcp/3fb5e9a5-c60c-4eb2-a510-3cc18057566e/host
Jun  2 15:37:54 gtw01 dnsmasq-dhcp[31274]: read /var/lib/neutron/dhcp/3fb5e9a5-c60c-4eb2-a510-3cc18057566e/opts
Jun  2 15:37:54 gtw01 kernel: [ 3417.158867] device tapbc44834b-d5 left promiscuous mode
Jun  2 15:37:54 gtw01 dnsmasq[30660]: read /var/lib/neutron/dhcp/002ac041-1279-4e99-8dae-ea0572665d34/addn_hosts - 1 addresses
Jun  2 15:37:54 gtw01 dnsmasq-dhcp[30660]: read /var/lib/neutron/dhcp/002ac041-1279-4e99-8dae-ea0572665d34/host
Jun  2 15:37:54 gtw01 dnsmasq-dhcp[30660]: read /var/lib/neutron/dhcp/002ac041-1279-4e99-8dae-ea0572665d34/opts
Jun  2 15:37:54 gtw01 dnsmasq[30812]: read /var/lib/neutron/dhcp/1c3b0deb-5b0f-4f3f-b7c2-768cbd01fe6d/addn_hosts - 2 addresses
Jun  2 15:37:54 gtw01 dnsmasq-dhcp[30812]: read /var/lib/neutron/dhcp/1c3b0deb-5b0f-4f3f-b7c2-768cbd01fe6d/host
Jun  2 15:37:54 gtw01 dnsmasq-dhcp[30812]: read /var/lib/neutron/dhcp/1c3b0deb-5b0f-4f3f-b7c2-768cbd01fe6d/opts
Jun  2 15:37:55 gtw01 dnsmasq[30383]: read /var/lib/neutron/dhcp/fb9c5111-0e3a-437a-bd43-66eb0384f50c/addn_hosts - 1 addresses
Jun  2 15:37:55 gtw01 dnsmasq-dhcp[30383]: read /var/lib/neutron/dhcp/fb9c5111-0e3a-437a-bd43-66eb0384f50c/host
Jun  2 15:37:55 gtw01 dnsmasq-dhcp[30383]: read /var/lib/neutron/dhcp/fb9c5111-0e3a-437a-bd43-66eb0384f50c/opts
Jun  2 15:37:56 gtw01 dnsmasq[31274]: read /var/lib/neutron/dhcp/3fb5e9a5-c60c-4eb2-a510-3cc18057566e/addn_hosts - 2 addresses
Jun  2 15:37:56 gtw01 dnsmasq-dhcp[31274]: read /var/lib/neutron/dhcp/3fb5e9a5-c60c-4eb2-a510-3cc18057566e/host
Jun  2 15:37:56 gtw01 dnsmasq-dhcp[31274]: read /var/lib/neutron/dhcp/3fb5e9a5-c60c-4eb2-a510-3cc18057566e/opts
Jun  2 15:37:56 gtw01 kernel: [ 3418.495051] device tapeb0b4a21-d2 left promiscuous mode
Jun  2 15:37:56 gtw01 dnsmasq[30812]: read /var/lib/neutron/dhcp/1c3b0deb-5b0f-4f3f-b7c2-768cbd01fe6d/addn_hosts - 2 addresses
Jun  2 15:37:56 gtw01 dnsmasq-dhcp[30812]: read /var/lib/neutron/dhcp/1c3b0deb-5b0f-4f3f-b7c2-768cbd01fe6d/host
Jun  2 15:37:56 gtw01 dnsmasq-dhcp[30812]: read /var/lib/neutron/dhcp/1c3b0deb-5b0f-4f3f-b7c2-768cbd01fe6d/opts
Jun  2 15:37:56 gtw01 dnsmasq[31274]: read /var/lib/neutron/dhcp/3fb5e9a5-c60c-4eb2-a510-3cc18057566e/addn_hosts - 2 addresses
Jun  2 15:37:56 gtw01 dnsmasq-dhcp[31274]: read /var/lib/neutron/dhcp/3fb5e9a5-c60c-4eb2-a510-3cc18057566e/host
Jun  2 15:37:56 gtw01 dnsmasq-dhcp[31274]: read /var/lib/neutron/dhcp/3fb5e9a5-c60c-4eb2-a510-3cc18057566e/opts
Jun  2 15:37:57 gtw01 dnsmasq[30812]: read /var/lib/neutron/dhcp/1c3b0deb-5b0f-4f3f-b7c2-768cbd01fe6d/addn_hosts - 1 addresses
Jun  2 15:37:57 gtw01 dnsmasq-dhcp[30812]: read /var/lib/neutron/dhcp/1c3b0deb-5b0f-4f3f-b7c2-768cbd01fe6d/host
Jun  2 15:37:57 gtw01 dnsmasq-dhcp[30812]: read /var/lib/neutron/dhcp/1c3b0deb-5b0f-4f3f-b7c2-768cbd01fe6d/opts
Jun  2 15:37:57 gtw01 kernel: [ 3419.911141] device tapc454b8f0-fd left promiscuous mode
Jun  2 15:37:57 gtw01 dnsmasq[31274]: read /var/lib/neutron/dhcp/3fb5e9a5-c60c-4eb2-a510-3cc18057566e/addn_hosts - 2 addresses
Jun  2 15:37:57 gtw01 dnsmasq-dhcp[31274]: read /var/lib/neutron/dhcp/3fb5e9a5-c60c-4eb2-a510-3cc18057566e/host
Jun  2 15:37:57 gtw01 dnsmasq-dhcp[31274]: read /var/lib/neutron/dhcp/3fb5e9a5-c60c-4eb2-a510-3cc18057566e/opts
Jun  2 15:37:58 gtw01 kernel: [ 3420.723576] device tapa28ff592-29 entered promiscuous mode
Jun  2 15:37:58 gtw01 systemd-udevd[31511]: Could not generate persistent MAC address for tapa28ff592-29: No such file or directory
Jun  2 15:37:58 gtw01 systemd-udevd[31558]: Process '/sbin/ip link set tapa28ff592-29 txqueuelen 10000' failed with exit code 1.
Jun  2 15:37:58 gtw01 kernel: [ 3421.251418] device tapdd617f14-c2 left promiscuous mode
Jun  2 15:37:59 gtw01 dnsmasq[31274]: read /var/lib/neutron/dhcp/3fb5e9a5-c60c-4eb2-a510-3cc18057566e/addn_hosts - 2 addresses
Jun  2 15:37:59 gtw01 dnsmasq-dhcp[31274]: read /var/lib/neutron/dhcp/3fb5e9a5-c60c-4eb2-a510-3cc18057566e/host
Jun  2 15:37:59 gtw01 dnsmasq-dhcp[31274]: read /var/lib/neutron/dhcp/3fb5e9a5-c60c-4eb2-a510-3cc18057566e/opts
Jun  2 15:38:01 gtw01 dnsmasq[31644]: started, version 2.80 cachesize 150
Jun  2 15:38:01 gtw01 dnsmasq[31644]: DNS service limited to local subnets
Jun  2 15:38:01 gtw01 dnsmasq[31644]: compile time options: IPv6 GNU-getopt DBus i18n IDN DHCP DHCPv6 no-Lua TFTP conntrack ipset auth DNSSEC loop-detect inotify dumpfile
Jun  2 15:38:01 gtw01 dnsmasq[31644]: warning: no upstream servers configured
Jun  2 15:38:01 gtw01 dnsmasq-dhcp[31644]: DHCP, static leases only on 192.168.120.0, lease time 1h
Jun  2 15:38:01 gtw01 dnsmasq[31644]: read /var/lib/neutron/dhcp/a62a9282-dc88-4f92-aacf-46e692f5a512/addn_hosts - 1 addresses
Jun  2 15:38:01 gtw01 dnsmasq-dhcp[31644]: read /var/lib/neutron/dhcp/a62a9282-dc88-4f92-aacf-46e692f5a512/host
Jun  2 15:38:01 gtw01 dnsmasq-dhcp[31644]: read /var/lib/neutron/dhcp/a62a9282-dc88-4f92-aacf-46e692f5a512/opts
Jun  2 15:38:01 gtw01 haproxy-metadata-proxy-a62a9282-dc88-4f92-aacf-46e692f5a512[31648]: Proxy listener started.
Jun  2 15:38:02 gtw01 dnsmasq[31644]: read /var/lib/neutron/dhcp/a62a9282-dc88-4f92-aacf-46e692f5a512/addn_hosts - 3 addresses
Jun  2 15:38:02 gtw01 dnsmasq-dhcp[31644]: read /var/lib/neutron/dhcp/a62a9282-dc88-4f92-aacf-46e692f5a512/host
Jun  2 15:38:02 gtw01 dnsmasq-dhcp[31644]: read /var/lib/neutron/dhcp/a62a9282-dc88-4f92-aacf-46e692f5a512/opts
Jun  2 15:38:03 gtw01 dnsmasq[31644]: read /var/lib/neutron/dhcp/a62a9282-dc88-4f92-aacf-46e692f5a512/addn_hosts - 3 addresses
Jun  2 15:38:03 gtw01 dnsmasq-dhcp[31644]: read /var/lib/neutron/dhcp/a62a9282-dc88-4f92-aacf-46e692f5a512/host
Jun  2 15:38:03 gtw01 dnsmasq-dhcp[31644]: read /var/lib/neutron/dhcp/a62a9282-dc88-4f92-aacf-46e692f5a512/opts
Jun  2 15:38:03 gtw01 dnsmasq[31644]: read /var/lib/neutron/dhcp/a62a9282-dc88-4f92-aacf-46e692f5a512/addn_hosts - 3 addresses
Jun  2 15:38:03 gtw01 dnsmasq-dhcp[31644]: read /var/lib/neutron/dhcp/a62a9282-dc88-4f92-aacf-46e692f5a512/host
Jun  2 15:38:03 gtw01 dnsmasq-dhcp[31644]: read /var/lib/neutron/dhcp/a62a9282-dc88-4f92-aacf-46e692f5a512/opts
Jun  2 15:38:04 gtw01 dnsmasq[31644]: read /var/lib/neutron/dhcp/a62a9282-dc88-4f92-aacf-46e692f5a512/addn_hosts - 3 addresses
Jun  2 15:38:04 gtw01 dnsmasq-dhcp[31644]: read /var/lib/neutron/dhcp/a62a9282-dc88-4f92-aacf-46e692f5a512/host
Jun  2 15:38:04 gtw01 dnsmasq-dhcp[31644]: read /var/lib/neutron/dhcp/a62a9282-dc88-4f92-aacf-46e692f5a512/opts
Jun  2 15:38:05 gtw01 dnsmasq[31644]: read /var/lib/neutron/dhcp/a62a9282-dc88-4f92-aacf-46e692f5a512/addn_hosts - 3 addresses
Jun  2 15:38:05 gtw01 dnsmasq-dhcp[31644]: read /var/lib/neutron/dhcp/a62a9282-dc88-4f92-aacf-46e692f5a512/host
Jun  2 15:38:05 gtw01 dnsmasq-dhcp[31644]: read /var/lib/neutron/dhcp/a62a9282-dc88-4f92-aacf-46e692f5a512/opts
Jun  2 15:38:06 gtw01 dnsmasq[31644]: read /var/lib/neutron/dhcp/a62a9282-dc88-4f92-aacf-46e692f5a512/addn_hosts - 3 addresses
Jun  2 15:38:06 gtw01 dnsmasq-dhcp[31644]: read /var/lib/neutron/dhcp/a62a9282-dc88-4f92-aacf-46e692f5a512/host
Jun  2 15:38:06 gtw01 dnsmasq-dhcp[31644]: read /var/lib/neutron/dhcp/a62a9282-dc88-4f92-aacf-46e692f5a512/opts
Jun  2 15:38:07 gtw01 dnsmasq[31644]: read /var/lib/neutron/dhcp/a62a9282-dc88-4f92-aacf-46e692f5a512/addn_hosts - 2 addresses
Jun  2 15:38:07 gtw01 dnsmasq-dhcp[31644]: read /var/lib/neutron/dhcp/a62a9282-dc88-4f92-aacf-46e692f5a512/host
Jun  2 15:38:07 gtw01 dnsmasq-dhcp[31644]: read /var/lib/neutron/dhcp/a62a9282-dc88-4f92-aacf-46e692f5a512/opts
Jun  2 15:38:09 gtw01 dnsmasq[31644]: read /var/lib/neutron/dhcp/a62a9282-dc88-4f92-aacf-46e692f5a512/addn_hosts - 1 addresses
Jun  2 15:38:09 gtw01 dnsmasq-dhcp[31644]: read /var/lib/neutron/dhcp/a62a9282-dc88-4f92-aacf-46e692f5a512/host
Jun  2 15:38:09 gtw01 dnsmasq-dhcp[31644]: read /var/lib/neutron/dhcp/a62a9282-dc88-4f92-aacf-46e692f5a512/opts
Jun  2 15:38:13 gtw01 systemd-udevd[31805]: Could not generate persistent MAC address for tap66f1a89f-95: No such file or directory
Jun  2 15:38:13 gtw01 kernel: [ 3435.514229] device tap66f1a89f-95 entered promiscuous mode
Jun  2 15:38:13 gtw01 dnsmasq[29054]: read /var/lib/neutron/dhcp/bdc8068f-869a-4199-b4d0-dd8d0844a2b0/addn_hosts - 1 addresses
Jun  2 15:38:13 gtw01 dnsmasq-dhcp[29054]: read /var/lib/neutron/dhcp/bdc8068f-869a-4199-b4d0-dd8d0844a2b0/host
Jun  2 15:38:13 gtw01 dnsmasq-dhcp[29054]: read /var/lib/neutron/dhcp/bdc8068f-869a-4199-b4d0-dd8d0844a2b0/opts
Jun  2 15:38:13 gtw01 systemd-udevd[31852]: Process '/sbin/ip link set tap66f1a89f-95 txqueuelen 10000' failed with exit code 1.
Jun  2 15:38:14 gtw01 kernel: [ 3436.926959] device tapa28ff592-29 left promiscuous mode
Jun  2 15:38:16 gtw01 dnsmasq[31933]: started, version 2.80 cachesize 150
Jun  2 15:38:16 gtw01 dnsmasq[31933]: DNS service limited to local subnets
Jun  2 15:38:16 gtw01 dnsmasq[31933]: compile time options: IPv6 GNU-getopt DBus i18n IDN DHCP DHCPv6 no-Lua TFTP conntrack ipset auth DNSSEC loop-detect inotify dumpfile
Jun  2 15:38:16 gtw01 dnsmasq[31933]: warning: no upstream servers configured
Jun  2 15:38:16 gtw01 dnsmasq-dhcp[31933]: DHCP, static leases only on 192.168.120.0, lease time 1h
Jun  2 15:38:16 gtw01 dnsmasq[31933]: read /var/lib/neutron/dhcp/8802d406-e142-4a42-b07b-1673cfc47421/addn_hosts - 1 addresses
Jun  2 15:38:16 gtw01 dnsmasq-dhcp[31933]: read /var/lib/neutron/dhcp/8802d406-e142-4a42-b07b-1673cfc47421/host
Jun  2 15:38:16 gtw01 dnsmasq-dhcp[31933]: read /var/lib/neutron/dhcp/8802d406-e142-4a42-b07b-1673cfc47421/opts
Jun  2 15:38:16 gtw01 haproxy-metadata-proxy-8802d406-e142-4a42-b07b-1673cfc47421[31937]: Proxy listener started.
Jun  2 15:38:17 gtw01 dnsmasq[31933]: read /var/lib/neutron/dhcp/8802d406-e142-4a42-b07b-1673cfc47421/addn_hosts - 1 addresses
Jun  2 15:38:17 gtw01 dnsmasq-dhcp[31933]: read /var/lib/neutron/dhcp/8802d406-e142-4a42-b07b-1673cfc47421/host
Jun  2 15:38:17 gtw01 dnsmasq-dhcp[31933]: read /var/lib/neutron/dhcp/8802d406-e142-4a42-b07b-1673cfc47421/opts
Jun  2 15:38:18 gtw01 dnsmasq[31933]: read /var/lib/neutron/dhcp/8802d406-e142-4a42-b07b-1673cfc47421/addn_hosts - 1 addresses
Jun  2 15:38:18 gtw01 dnsmasq-dhcp[31933]: read /var/lib/neutron/dhcp/8802d406-e142-4a42-b07b-1673cfc47421/host
Jun  2 15:38:18 gtw01 dnsmasq-dhcp[31933]: read /var/lib/neutron/dhcp/8802d406-e142-4a42-b07b-1673cfc47421/opts
Jun  2 15:38:18 gtw01 systemd-udevd[31988]: Could not generate persistent MAC address for tapa8aa9125-36: No such file or directory
Jun  2 15:38:18 gtw01 kernel: [ 3440.615204] device tapa8aa9125-36 entered promiscuous mode
Jun  2 15:38:18 gtw01 systemd-udevd[31988]: Process '/sbin/ip link set tapa8aa9125-36 txqueuelen 10000' failed with exit code 1.
Jun  2 15:38:19 gtw01 kernel: [ 3441.606797] device tap66f1a89f-95 left promiscuous mode
Jun  2 15:38:21 gtw01 dnsmasq[32109]: started, version 2.80 cachesize 150
Jun  2 15:38:21 gtw01 dnsmasq[32109]: DNS service limited to local subnets
Jun  2 15:38:21 gtw01 dnsmasq[32109]: compile time options: IPv6 GNU-getopt DBus i18n IDN DHCP DHCPv6 no-Lua TFTP conntrack ipset auth DNSSEC loop-detect inotify dumpfile
Jun  2 15:38:21 gtw01 dnsmasq[32109]: warning: no upstream servers configured
Jun  2 15:38:21 gtw01 dnsmasq-dhcp[32109]: DHCPv6, static leases only on 2003:0:0:2::, lease time 1h
Jun  2 15:38:21 gtw01 dnsmasq[32109]: read /var/lib/neutron/dhcp/f45a6e9f-c407-465c-ac6d-7d07b93120ad/addn_hosts - 1 addresses
Jun  2 15:38:21 gtw01 dnsmasq-dhcp[32109]: read /var/lib/neutron/dhcp/f45a6e9f-c407-465c-ac6d-7d07b93120ad/host
Jun  2 15:38:21 gtw01 dnsmasq-dhcp[32109]: read /var/lib/neutron/dhcp/f45a6e9f-c407-465c-ac6d-7d07b93120ad/opts
Jun  2 15:38:22 gtw01 dnsmasq[32109]: read /var/lib/neutron/dhcp/f45a6e9f-c407-465c-ac6d-7d07b93120ad/addn_hosts - 2 addresses
Jun  2 15:38:22 gtw01 dnsmasq-dhcp[32109]: read /var/lib/neutron/dhcp/f45a6e9f-c407-465c-ac6d-7d07b93120ad/host
Jun  2 15:38:22 gtw01 dnsmasq-dhcp[32109]: read /var/lib/neutron/dhcp/f45a6e9f-c407-465c-ac6d-7d07b93120ad/opts
Jun  2 15:38:23 gtw01 dnsmasq[32109]: read /var/lib/neutron/dhcp/f45a6e9f-c407-465c-ac6d-7d07b93120ad/addn_hosts - 2 addresses
Jun  2 15:38:23 gtw01 dnsmasq-dhcp[32109]: read /var/lib/neutron/dhcp/f45a6e9f-c407-465c-ac6d-7d07b93120ad/host
Jun  2 15:38:23 gtw01 dnsmasq-dhcp[32109]: read /var/lib/neutron/dhcp/f45a6e9f-c407-465c-ac6d-7d07b93120ad/opts
Jun  2 15:38:24 gtw01 dnsmasq[32109]: read /var/lib/neutron/dhcp/f45a6e9f-c407-465c-ac6d-7d07b93120ad/addn_hosts - 2 addresses
Jun  2 15:38:24 gtw01 dnsmasq-dhcp[32109]: read /var/lib/neutron/dhcp/f45a6e9f-c407-465c-ac6d-7d07b93120ad/host
Jun  2 15:38:24 gtw01 dnsmasq-dhcp[32109]: read /var/lib/neutron/dhcp/f45a6e9f-c407-465c-ac6d-7d07b93120ad/opts
Jun  2 15:38:24 gtw01 dnsmasq[32109]: read /var/lib/neutron/dhcp/f45a6e9f-c407-465c-ac6d-7d07b93120ad/addn_hosts - 2 addresses
Jun  2 15:38:24 gtw01 dnsmasq-dhcp[32109]: read /var/lib/neutron/dhcp/f45a6e9f-c407-465c-ac6d-7d07b93120ad/host
Jun  2 15:38:24 gtw01 dnsmasq-dhcp[32109]: read /var/lib/neutron/dhcp/f45a6e9f-c407-465c-ac6d-7d07b93120ad/opts
Jun  2 15:38:25 gtw01 dnsmasq[32109]: read /var/lib/neutron/dhcp/f45a6e9f-c407-465c-ac6d-7d07b93120ad/addn_hosts - 2 addresses
Jun  2 15:38:25 gtw01 dnsmasq-dhcp[32109]: read /var/lib/neutron/dhcp/f45a6e9f-c407-465c-ac6d-7d07b93120ad/host
Jun  2 15:38:25 gtw01 dnsmasq-dhcp[32109]: read /var/lib/neutron/dhcp/f45a6e9f-c407-465c-ac6d-7d07b93120ad/opts
Jun  2 15:38:26 gtw01 dnsmasq[32109]: read /var/lib/neutron/dhcp/f45a6e9f-c407-465c-ac6d-7d07b93120ad/addn_hosts - 1 addresses
Jun  2 15:38:26 gtw01 dnsmasq-dhcp[32109]: read /var/lib/neutron/dhcp/f45a6e9f-c407-465c-ac6d-7d07b93120ad/host
Jun  2 15:38:26 gtw01 dnsmasq-dhcp[32109]: read /var/lib/neutron/dhcp/f45a6e9f-c407-465c-ac6d-7d07b93120ad/opts
Jun  2 15:38:35 gtw01 kernel: [ 3457.379396] device tap303da894-97 entered promiscuous mode
Jun  2 15:38:35 gtw01 systemd-udevd[32227]: Could not generate persistent MAC address for tap303da894-97: No such file or directory
Jun  2 15:38:35 gtw01 systemd-udevd[32273]: Process '/sbin/ip link set tap303da894-97 txqueuelen 10000' failed with exit code 1.
Jun  2 15:38:38 gtw01 dnsmasq[32336]: started, version 2.80 cachesize 150
Jun  2 15:38:38 gtw01 dnsmasq[32336]: DNS service limited to local subnets
Jun  2 15:38:38 gtw01 dnsmasq[32336]: compile time options: IPv6 GNU-getopt DBus i18n IDN DHCP DHCPv6 no-Lua TFTP conntrack ipset auth DNSSEC loop-detect inotify dumpfile
Jun  2 15:38:38 gtw01 dnsmasq[32336]: warning: no upstream servers configured
Jun  2 15:38:38 gtw01 dnsmasq-dhcp[32336]: DHCP, static leases only on 192.168.120.16, lease time 1h
Jun  2 15:38:38 gtw01 dnsmasq[32336]: read /var/lib/neutron/dhcp/d213ab60-685a-4d69-94dc-77b5b47dc5b4/addn_hosts - 1 addresses
Jun  2 15:38:38 gtw01 dnsmasq-dhcp[32336]: read /var/lib/neutron/dhcp/d213ab60-685a-4d69-94dc-77b5b47dc5b4/host
Jun  2 15:38:38 gtw01 dnsmasq-dhcp[32336]: read /var/lib/neutron/dhcp/d213ab60-685a-4d69-94dc-77b5b47dc5b4/opts
Jun  2 15:38:38 gtw01 haproxy-metadata-proxy-d213ab60-685a-4d69-94dc-77b5b47dc5b4[32340]: Proxy listener started.
Jun  2 15:38:39 gtw01 dnsmasq[32336]: read /var/lib/neutron/dhcp/d213ab60-685a-4d69-94dc-77b5b47dc5b4/addn_hosts - 1 addresses
Jun  2 15:38:39 gtw01 dnsmasq-dhcp[32336]: read /var/lib/neutron/dhcp/d213ab60-685a-4d69-94dc-77b5b47dc5b4/host
Jun  2 15:38:39 gtw01 dnsmasq-dhcp[32336]: read /var/lib/neutron/dhcp/d213ab60-685a-4d69-94dc-77b5b47dc5b4/opts
Jun  2 15:38:40 gtw01 dnsmasq[32336]: read /var/lib/neutron/dhcp/d213ab60-685a-4d69-94dc-77b5b47dc5b4/addn_hosts - 1 addresses
Jun  2 15:38:40 gtw01 dnsmasq-dhcp[32336]: read /var/lib/neutron/dhcp/d213ab60-685a-4d69-94dc-77b5b47dc5b4/host
Jun  2 15:38:40 gtw01 dnsmasq-dhcp[32336]: read /var/lib/neutron/dhcp/d213ab60-685a-4d69-94dc-77b5b47dc5b4/opts
Jun  2 15:38:40 gtw01 dnsmasq[32336]: read /var/lib/neutron/dhcp/d213ab60-685a-4d69-94dc-77b5b47dc5b4/addn_hosts - 2 addresses
Jun  2 15:38:40 gtw01 dnsmasq-dhcp[32336]: read /var/lib/neutron/dhcp/d213ab60-685a-4d69-94dc-77b5b47dc5b4/host
Jun  2 15:38:40 gtw01 dnsmasq-dhcp[32336]: read /var/lib/neutron/dhcp/d213ab60-685a-4d69-94dc-77b5b47dc5b4/opts
Jun  2 15:38:41 gtw01 dnsmasq[32336]: read /var/lib/neutron/dhcp/d213ab60-685a-4d69-94dc-77b5b47dc5b4/addn_hosts - 2 addresses
Jun  2 15:38:41 gtw01 dnsmasq-dhcp[32336]: read /var/lib/neutron/dhcp/d213ab60-685a-4d69-94dc-77b5b47dc5b4/host
Jun  2 15:38:41 gtw01 dnsmasq-dhcp[32336]: read /var/lib/neutron/dhcp/d213ab60-685a-4d69-94dc-77b5b47dc5b4/opts
Jun  2 15:38:43 gtw01 kernel: [ 3465.360312] device tap303da894-97 left promiscuous mode
Jun  2 15:38:47 gtw01 systemd-udevd[32436]: Could not generate persistent MAC address for tapf59e377b-b7: No such file or directory
Jun  2 15:38:47 gtw01 kernel: [ 3469.986193] device tapf59e377b-b7 entered promiscuous mode
Jun  2 15:38:47 gtw01 systemd-udevd[32481]: Process '/sbin/ip link set tapf59e377b-b7 txqueuelen 10000' failed with exit code 1.
Jun  2 15:38:50 gtw01 dnsmasq[31274]: read /var/lib/neutron/dhcp/3fb5e9a5-c60c-4eb2-a510-3cc18057566e/addn_hosts - 1 addresses
Jun  2 15:38:50 gtw01 dnsmasq-dhcp[31274]: read /var/lib/neutron/dhcp/3fb5e9a5-c60c-4eb2-a510-3cc18057566e/host
Jun  2 15:38:50 gtw01 dnsmasq-dhcp[31274]: read /var/lib/neutron/dhcp/3fb5e9a5-c60c-4eb2-a510-3cc18057566e/opts
Jun  2 15:38:50 gtw01 dnsmasq[32555]: started, version 2.80 cachesize 150
Jun  2 15:38:50 gtw01 dnsmasq[32555]: DNS service limited to local subnets
Jun  2 15:38:50 gtw01 dnsmasq[32555]: compile time options: IPv6 GNU-getopt DBus i18n IDN DHCP DHCPv6 no-Lua TFTP conntrack ipset auth DNSSEC loop-detect inotify dumpfile
Jun  2 15:38:50 gtw01 dnsmasq[32555]: warning: no upstream servers configured
Jun  2 15:38:50 gtw01 dnsmasq-dhcp[32555]: DHCP, static leases only on 192.168.120.32, lease time 1h
Jun  2 15:38:50 gtw01 dnsmasq[32555]: read /var/lib/neutron/dhcp/c926742c-5d66-4444-b8f4-fa81ba7aee77/addn_hosts - 1 addresses
Jun  2 15:38:50 gtw01 dnsmasq-dhcp[32555]: read /var/lib/neutron/dhcp/c926742c-5d66-4444-b8f4-fa81ba7aee77/host
Jun  2 15:38:50 gtw01 dnsmasq-dhcp[32555]: read /var/lib/neutron/dhcp/c926742c-5d66-4444-b8f4-fa81ba7aee77/opts
Jun  2 15:38:51 gtw01 haproxy-metadata-proxy-c926742c-5d66-4444-b8f4-fa81ba7aee77[32563]: Proxy listener started.
Jun  2 15:38:51 gtw01 dnsmasq[32555]: read /var/lib/neutron/dhcp/c926742c-5d66-4444-b8f4-fa81ba7aee77/addn_hosts - 2 addresses
Jun  2 15:38:51 gtw01 dnsmasq-dhcp[32555]: read /var/lib/neutron/dhcp/c926742c-5d66-4444-b8f4-fa81ba7aee77/host
Jun  2 15:38:51 gtw01 dnsmasq-dhcp[32555]: read /var/lib/neutron/dhcp/c926742c-5d66-4444-b8f4-fa81ba7aee77/opts
Jun  2 15:38:52 gtw01 dnsmasq[32555]: read /var/lib/neutron/dhcp/c926742c-5d66-4444-b8f4-fa81ba7aee77/addn_hosts - 2 addresses
Jun  2 15:38:52 gtw01 dnsmasq-dhcp[32555]: read /var/lib/neutron/dhcp/c926742c-5d66-4444-b8f4-fa81ba7aee77/host
Jun  2 15:38:52 gtw01 dnsmasq-dhcp[32555]: read /var/lib/neutron/dhcp/c926742c-5d66-4444-b8f4-fa81ba7aee77/opts
Jun  2 15:38:53 gtw01 kernel: [ 3475.890973] device tapf145adfe-6d left promiscuous mode
Jun  2 15:38:53 gtw01 dnsmasq[32555]: read /var/lib/neutron/dhcp/c926742c-5d66-4444-b8f4-fa81ba7aee77/addn_hosts - 2 addresses
Jun  2 15:38:53 gtw01 dnsmasq-dhcp[32555]: read /var/lib/neutron/dhcp/c926742c-5d66-4444-b8f4-fa81ba7aee77/host
Jun  2 15:38:53 gtw01 dnsmasq-dhcp[32555]: read /var/lib/neutron/dhcp/c926742c-5d66-4444-b8f4-fa81ba7aee77/opts
Jun  2 15:38:54 gtw01 dnsmasq[32555]: read /var/lib/neutron/dhcp/c926742c-5d66-4444-b8f4-fa81ba7aee77/addn_hosts - 2 addresses
Jun  2 15:38:54 gtw01 dnsmasq-dhcp[32555]: read /var/lib/neutron/dhcp/c926742c-5d66-4444-b8f4-fa81ba7aee77/host
Jun  2 15:38:54 gtw01 dnsmasq-dhcp[32555]: read /var/lib/neutron/dhcp/c926742c-5d66-4444-b8f4-fa81ba7aee77/opts
Jun  2 15:38:55 gtw01 dnsmasq[32555]: read /var/lib/neutron/dhcp/c926742c-5d66-4444-b8f4-fa81ba7aee77/addn_hosts - 2 addresses
Jun  2 15:38:55 gtw01 dnsmasq-dhcp[32555]: read /var/lib/neutron/dhcp/c926742c-5d66-4444-b8f4-fa81ba7aee77/host
Jun  2 15:38:55 gtw01 dnsmasq-dhcp[32555]: read /var/lib/neutron/dhcp/c926742c-5d66-4444-b8f4-fa81ba7aee77/opts
Jun  2 15:38:55 gtw01 kernel: [ 3477.945197] device tapce58d655-9c entered promiscuous mode
Jun  2 15:38:55 gtw01 systemd-udevd[32668]: Could not generate persistent MAC address for tapce58d655-9c: No such file or directory
Jun  2 15:38:55 gtw01 systemd-udevd[32713]: Process '/sbin/ip link set tapce58d655-9c txqueuelen 10000' failed with exit code 1.
Jun  2 15:38:56 gtw01 dnsmasq[32555]: read /var/lib/neutron/dhcp/c926742c-5d66-4444-b8f4-fa81ba7aee77/addn_hosts - 1 addresses
Jun  2 15:38:56 gtw01 dnsmasq-dhcp[32555]: read /var/lib/neutron/dhcp/c926742c-5d66-4444-b8f4-fa81ba7aee77/host
Jun  2 15:38:56 gtw01 dnsmasq-dhcp[32555]: read /var/lib/neutron/dhcp/c926742c-5d66-4444-b8f4-fa81ba7aee77/opts
Jun  2 15:38:56 gtw01 kernel: [ 3479.193588] device tap69393f90-88 left promiscuous mode
Jun  2 15:38:57 gtw01 kernel: [ 3480.206825] device tapf59e377b-b7 left promiscuous mode
Jun  2 15:38:58 gtw01 dnsmasq[346]: started, version 2.80 cachesize 150
Jun  2 15:38:58 gtw01 dnsmasq[346]: DNS service limited to local subnets
Jun  2 15:38:58 gtw01 dnsmasq[346]: compile time options: IPv6 GNU-getopt DBus i18n IDN DHCP DHCPv6 no-Lua TFTP conntrack ipset auth DNSSEC loop-detect inotify dumpfile
Jun  2 15:38:58 gtw01 dnsmasq[346]: warning: no upstream servers configured
Jun  2 15:38:58 gtw01 dnsmasq-dhcp[346]: DHCP, static leases only on 192.168.120.32, lease time 1h
Jun  2 15:38:58 gtw01 dnsmasq[346]: read /var/lib/neutron/dhcp/1ffd084c-28fd-4611-956b-460347e08ac2/addn_hosts - 1 addresses
Jun  2 15:38:58 gtw01 dnsmasq-dhcp[346]: read /var/lib/neutron/dhcp/1ffd084c-28fd-4611-956b-460347e08ac2/host
Jun  2 15:38:58 gtw01 dnsmasq-dhcp[346]: read /var/lib/neutron/dhcp/1ffd084c-28fd-4611-956b-460347e08ac2/opts
Jun  2 15:38:59 gtw01 haproxy-metadata-proxy-1ffd084c-28fd-4611-956b-460347e08ac2[350]: Proxy listener started.
Jun  2 15:38:59 gtw01 kernel: [ 3481.821044] device tapa8aa9125-36 left promiscuous mode
Jun  2 15:39:00 gtw01 dnsmasq[346]: read /var/lib/neutron/dhcp/1ffd084c-28fd-4611-956b-460347e08ac2/addn_hosts - 2 addresses
Jun  2 15:39:00 gtw01 dnsmasq-dhcp[346]: read /var/lib/neutron/dhcp/1ffd084c-28fd-4611-956b-460347e08ac2/host
Jun  2 15:39:00 gtw01 dnsmasq-dhcp[346]: read /var/lib/neutron/dhcp/1ffd084c-28fd-4611-956b-460347e08ac2/opts
Jun  2 15:39:00 gtw01 dnsmasq[346]: read /var/lib/neutron/dhcp/1ffd084c-28fd-4611-956b-460347e08ac2/addn_hosts - 2 addresses
Jun  2 15:39:00 gtw01 dnsmasq-dhcp[346]: read /var/lib/neutron/dhcp/1ffd084c-28fd-4611-956b-460347e08ac2/host
Jun  2 15:39:00 gtw01 dnsmasq-dhcp[346]: read /var/lib/neutron/dhcp/1ffd084c-28fd-4611-956b-460347e08ac2/opts
Jun  2 15:39:01 gtw01 dnsmasq[346]: read /var/lib/neutron/dhcp/1ffd084c-28fd-4611-956b-460347e08ac2/addn_hosts - 2 addresses
Jun  2 15:39:01 gtw01 dnsmasq-dhcp[346]: read /var/lib/neutron/dhcp/1ffd084c-28fd-4611-956b-460347e08ac2/host
Jun  2 15:39:01 gtw01 dnsmasq-dhcp[346]: read /var/lib/neutron/dhcp/1ffd084c-28fd-4611-956b-460347e08ac2/opts
Jun  2 15:39:02 gtw01 dnsmasq[346]: read /var/lib/neutron/dhcp/1ffd084c-28fd-4611-956b-460347e08ac2/addn_hosts - 2 addresses
Jun  2 15:39:02 gtw01 dnsmasq-dhcp[346]: read /var/lib/neutron/dhcp/1ffd084c-28fd-4611-956b-460347e08ac2/host
Jun  2 15:39:02 gtw01 dnsmasq-dhcp[346]: read /var/lib/neutron/dhcp/1ffd084c-28fd-4611-956b-460347e08ac2/opts
Jun  2 15:39:03 gtw01 dnsmasq[346]: read /var/lib/neutron/dhcp/1ffd084c-28fd-4611-956b-460347e08ac2/addn_hosts - 2 addresses
Jun  2 15:39:03 gtw01 dnsmasq-dhcp[346]: read /var/lib/neutron/dhcp/1ffd084c-28fd-4611-956b-460347e08ac2/host
Jun  2 15:39:03 gtw01 dnsmasq-dhcp[346]: read /var/lib/neutron/dhcp/1ffd084c-28fd-4611-956b-460347e08ac2/opts
Jun  2 15:39:04 gtw01 dnsmasq[346]: read /var/lib/neutron/dhcp/1ffd084c-28fd-4611-956b-460347e08ac2/addn_hosts - 1 addresses
Jun  2 15:39:04 gtw01 dnsmasq-dhcp[346]: read /var/lib/neutron/dhcp/1ffd084c-28fd-4611-956b-460347e08ac2/host
Jun  2 15:39:04 gtw01 dnsmasq-dhcp[346]: read /var/lib/neutron/dhcp/1ffd084c-28fd-4611-956b-460347e08ac2/opts
Jun  2 15:39:05 gtw01 systemd-udevd[481]: Could not generate persistent MAC address for tap91101893-39: No such file or directory
Jun  2 15:39:05 gtw01 kernel: [ 3487.430703] device tap91101893-39 entered promiscuous mode
Jun  2 15:39:05 gtw01 systemd-udevd[529]: Process '/sbin/ip link set tap91101893-39 txqueuelen 10000' failed with exit code 1.
Jun  2 15:39:08 gtw01 dnsmasq[597]: started, version 2.80 cachesize 150
Jun  2 15:39:08 gtw01 dnsmasq[597]: DNS service limited to local subnets
Jun  2 15:39:08 gtw01 dnsmasq[597]: compile time options: IPv6 GNU-getopt DBus i18n IDN DHCP DHCPv6 no-Lua TFTP conntrack ipset auth DNSSEC loop-detect inotify dumpfile
Jun  2 15:39:08 gtw01 dnsmasq[597]: warning: no upstream servers configured
Jun  2 15:39:08 gtw01 dnsmasq-dhcp[597]: DHCP, static leases only on 192.168.120.48, lease time 1h
Jun  2 15:39:08 gtw01 dnsmasq[597]: read /var/lib/neutron/dhcp/ee50fec9-2f58-43ab-99dd-734a1cc34199/addn_hosts - 1 addresses
Jun  2 15:39:08 gtw01 dnsmasq-dhcp[597]: read /var/lib/neutron/dhcp/ee50fec9-2f58-43ab-99dd-734a1cc34199/host
Jun  2 15:39:08 gtw01 dnsmasq-dhcp[597]: read /var/lib/neutron/dhcp/ee50fec9-2f58-43ab-99dd-734a1cc34199/opts
Jun  2 15:39:08 gtw01 haproxy-metadata-proxy-ee50fec9-2f58-43ab-99dd-734a1cc34199[601]: Proxy listener started.
Jun  2 15:39:08 gtw01 kernel: [ 3491.224387] device tap91101893-39 left promiscuous mode
Jun  2 15:39:13 gtw01 systemd-udevd[633]: Could not generate persistent MAC address for tap3c5976d4-23: No such file or directory
Jun  2 15:39:13 gtw01 kernel: [ 3495.845092] device tap3c5976d4-23 entered promiscuous mode
Jun  2 15:39:13 gtw01 systemd-udevd[677]: Process '/sbin/ip link set tap3c5976d4-23 txqueuelen 10000' failed with exit code 1.
Jun  2 15:39:14 gtw01 kernel: [ 3496.941701] device tapf72b69de-f1 entered promiscuous mode
Jun  2 15:39:14 gtw01 systemd-udevd[728]: Could not generate persistent MAC address for tapf72b69de-f1: No such file or directory
Jun  2 15:39:14 gtw01 systemd-udevd[773]: Process '/sbin/ip link set tapf72b69de-f1 txqueuelen 10000' failed with exit code 1.
Jun  2 15:39:16 gtw01 dnsmasq[859]: started, version 2.80 cachesize 150
Jun  2 15:39:16 gtw01 dnsmasq[859]: DNS service limited to local subnets
Jun  2 15:39:16 gtw01 dnsmasq[859]: compile time options: IPv6 GNU-getopt DBus i18n IDN DHCP DHCPv6 no-Lua TFTP conntrack ipset auth DNSSEC loop-detect inotify dumpfile
Jun  2 15:39:16 gtw01 dnsmasq[859]: warning: no upstream servers configured
Jun  2 15:39:16 gtw01 dnsmasq-dhcp[859]: DHCP, static leases only on 192.168.120.64, lease time 1h
Jun  2 15:39:16 gtw01 dnsmasq[859]: read /var/lib/neutron/dhcp/83fb8845-73b7-46a7-8896-9ccade2c4bce/addn_hosts - 1 addresses
Jun  2 15:39:16 gtw01 dnsmasq-dhcp[859]: read /var/lib/neutron/dhcp/83fb8845-73b7-46a7-8896-9ccade2c4bce/host
Jun  2 15:39:16 gtw01 dnsmasq-dhcp[859]: read /var/lib/neutron/dhcp/83fb8845-73b7-46a7-8896-9ccade2c4bce/opts
Jun  2 15:39:16 gtw01 haproxy-metadata-proxy-83fb8845-73b7-46a7-8896-9ccade2c4bce[866]: Proxy listener started.
Jun  2 15:39:17 gtw01 kernel: [ 3499.544049] device tap3c5976d4-23 left promiscuous mode
Jun  2 15:39:17 gtw01 dnsmasq[893]: started, version 2.80 cachesize 150
Jun  2 15:39:17 gtw01 dnsmasq[893]: DNS service limited to local subnets
Jun  2 15:39:17 gtw01 dnsmasq[893]: compile time options: IPv6 GNU-getopt DBus i18n IDN DHCP DHCPv6 no-Lua TFTP conntrack ipset auth DNSSEC loop-detect inotify dumpfile
Jun  2 15:39:17 gtw01 dnsmasq[893]: warning: no upstream servers configured
Jun  2 15:39:17 gtw01 dnsmasq-dhcp[893]: DHCP, static leases only on 192.168.120.0, lease time 1h
Jun  2 15:39:17 gtw01 dnsmasq[893]: read /var/lib/neutron/dhcp/6e43011c-10ce-4683-9eab-1cbcb1a41019/addn_hosts - 1 addresses
Jun  2 15:39:17 gtw01 dnsmasq-dhcp[893]: read /var/lib/neutron/dhcp/6e43011c-10ce-4683-9eab-1cbcb1a41019/host
Jun  2 15:39:17 gtw01 dnsmasq-dhcp[893]: read /var/lib/neutron/dhcp/6e43011c-10ce-4683-9eab-1cbcb1a41019/opts
Jun  2 15:39:17 gtw01 haproxy-metadata-proxy-6e43011c-10ce-4683-9eab-1cbcb1a41019[900]: Proxy listener started.
Jun  2 15:39:18 gtw01 kernel: [ 3500.755702] device tapf72b69de-f1 left promiscuous mode
Jun  2 15:39:18 gtw01 kernel: [ 3500.836880] device tap4a9a6830-c5 entered promiscuous mode
Jun  2 15:39:18 gtw01 systemd-udevd[928]: Could not generate persistent MAC address for tap4a9a6830-c5: No such file or directory
Jun  2 15:39:18 gtw01 systemd-udevd[928]: Process '/sbin/ip link set tap4a9a6830-c5 txqueuelen 10000' failed with exit code 1.
Jun  2 15:39:18 gtw01 systemd-udevd[928]: Process '/sbin/ip link set tap4a9a6830-c5 txqueuelen 10000' failed with exit code 1.
Jun  2 15:39:21 gtw01 dnsmasq[1044]: started, version 2.80 cachesize 150
Jun  2 15:39:21 gtw01 dnsmasq[1044]: DNS service limited to local subnets
Jun  2 15:39:21 gtw01 dnsmasq[1044]: compile time options: IPv6 GNU-getopt DBus i18n IDN DHCP DHCPv6 no-Lua TFTP conntrack ipset auth DNSSEC loop-detect inotify dumpfile
Jun  2 15:39:21 gtw01 dnsmasq[1044]: warning: no upstream servers configured
Jun  2 15:39:21 gtw01 dnsmasq-dhcp[1044]: DHCP, static leases only on 192.168.120.80, lease time 1h
