Jun  2 15:22:21 gtw01 dnsmasq[15649]: warning: no upstream servers configured
Jun  2 15:22:21 gtw01 dnsmasq-dhcp[15649]: DHCP, static leases only on 192.168.120.0, lease time 1h
Jun  2 15:22:21 gtw01 dnsmasq[15649]: read /var/lib/neutron/dhcp/a98edebe-550d-40b0-8536-c9e71f4faa80/addn_hosts - 1 addresses
Jun  2 15:22:21 gtw01 dnsmasq-dhcp[15649]: read /var/lib/neutron/dhcp/a98edebe-550d-40b0-8536-c9e71f4faa80/host
Jun  2 15:22:21 gtw01 dnsmasq-dhcp[15649]: read /var/lib/neutron/dhcp/a98edebe-550d-40b0-8536-c9e71f4faa80/opts
Jun  2 15:22:21 gtw01 haproxy-metadata-proxy-a98edebe-550d-40b0-8536-c9e71f4faa80[15653]: Proxy listener started.
Jun  2 15:22:22 gtw01 dnsmasq[15649]: read /var/lib/neutron/dhcp/a98edebe-550d-40b0-8536-c9e71f4faa80/addn_hosts - 2 addresses
Jun  2 15:22:22 gtw01 dnsmasq-dhcp[15649]: read /var/lib/neutron/dhcp/a98edebe-550d-40b0-8536-c9e71f4faa80/host
Jun  2 15:22:22 gtw01 dnsmasq-dhcp[15649]: read /var/lib/neutron/dhcp/a98edebe-550d-40b0-8536-c9e71f4faa80/opts
Jun  2 15:22:23 gtw01 dnsmasq[15649]: read /var/lib/neutron/dhcp/a98edebe-550d-40b0-8536-c9e71f4faa80/addn_hosts - 2 addresses
Jun  2 15:22:23 gtw01 dnsmasq-dhcp[15649]: read /var/lib/neutron/dhcp/a98edebe-550d-40b0-8536-c9e71f4faa80/host
Jun  2 15:22:23 gtw01 dnsmasq-dhcp[15649]: read /var/lib/neutron/dhcp/a98edebe-550d-40b0-8536-c9e71f4faa80/opts
Jun  2 15:22:23 gtw01 dnsmasq[15649]: read /var/lib/neutron/dhcp/a98edebe-550d-40b0-8536-c9e71f4faa80/addn_hosts - 2 addresses
Jun  2 15:22:23 gtw01 dnsmasq-dhcp[15649]: read /var/lib/neutron/dhcp/a98edebe-550d-40b0-8536-c9e71f4faa80/host
Jun  2 15:22:23 gtw01 dnsmasq-dhcp[15649]: read /var/lib/neutron/dhcp/a98edebe-550d-40b0-8536-c9e71f4faa80/opts
Jun  2 15:22:24 gtw01 dnsmasq[15649]: read /var/lib/neutron/dhcp/a98edebe-550d-40b0-8536-c9e71f4faa80/addn_hosts - 2 addresses
Jun  2 15:22:24 gtw01 dnsmasq-dhcp[15649]: read /var/lib/neutron/dhcp/a98edebe-550d-40b0-8536-c9e71f4faa80/host
Jun  2 15:22:24 gtw01 dnsmasq-dhcp[15649]: read /var/lib/neutron/dhcp/a98edebe-550d-40b0-8536-c9e71f4faa80/opts
Jun  2 15:22:25 gtw01 dnsmasq[15649]: read /var/lib/neutron/dhcp/a98edebe-550d-40b0-8536-c9e71f4faa80/addn_hosts - 2 addresses
Jun  2 15:22:25 gtw01 dnsmasq-dhcp[15649]: read /var/lib/neutron/dhcp/a98edebe-550d-40b0-8536-c9e71f4faa80/host
Jun  2 15:22:25 gtw01 dnsmasq-dhcp[15649]: read /var/lib/neutron/dhcp/a98edebe-550d-40b0-8536-c9e71f4faa80/opts
Jun  2 15:22:29 gtw01 dnsmasq[15649]: read /var/lib/neutron/dhcp/a98edebe-550d-40b0-8536-c9e71f4faa80/addn_hosts - 3 addresses
Jun  2 15:22:29 gtw01 dnsmasq-dhcp[15649]: read /var/lib/neutron/dhcp/a98edebe-550d-40b0-8536-c9e71f4faa80/host
Jun  2 15:22:29 gtw01 dnsmasq-dhcp[15649]: read /var/lib/neutron/dhcp/a98edebe-550d-40b0-8536-c9e71f4faa80/opts
Jun  2 15:22:30 gtw01 dnsmasq[15649]: read /var/lib/neutron/dhcp/a98edebe-550d-40b0-8536-c9e71f4faa80/addn_hosts - 3 addresses
Jun  2 15:22:30 gtw01 dnsmasq-dhcp[15649]: read /var/lib/neutron/dhcp/a98edebe-550d-40b0-8536-c9e71f4faa80/host
Jun  2 15:22:30 gtw01 dnsmasq-dhcp[15649]: read /var/lib/neutron/dhcp/a98edebe-550d-40b0-8536-c9e71f4faa80/opts
Jun  2 15:22:31 gtw01 dnsmasq[15649]: read /var/lib/neutron/dhcp/a98edebe-550d-40b0-8536-c9e71f4faa80/addn_hosts - 3 addresses
Jun  2 15:22:31 gtw01 dnsmasq-dhcp[15649]: read /var/lib/neutron/dhcp/a98edebe-550d-40b0-8536-c9e71f4faa80/host
Jun  2 15:22:31 gtw01 dnsmasq-dhcp[15649]: read /var/lib/neutron/dhcp/a98edebe-550d-40b0-8536-c9e71f4faa80/opts
Jun  2 15:22:46 gtw01 dnsmasq[15649]: read /var/lib/neutron/dhcp/a98edebe-550d-40b0-8536-c9e71f4faa80/addn_hosts - 4 addresses
Jun  2 15:22:46 gtw01 dnsmasq-dhcp[15649]: read /var/lib/neutron/dhcp/a98edebe-550d-40b0-8536-c9e71f4faa80/host
Jun  2 15:22:46 gtw01 dnsmasq-dhcp[15649]: read /var/lib/neutron/dhcp/a98edebe-550d-40b0-8536-c9e71f4faa80/opts
Jun  2 15:22:47 gtw01 dnsmasq[15649]: read /var/lib/neutron/dhcp/a98edebe-550d-40b0-8536-c9e71f4faa80/addn_hosts - 4 addresses
Jun  2 15:22:47 gtw01 dnsmasq-dhcp[15649]: read /var/lib/neutron/dhcp/a98edebe-550d-40b0-8536-c9e71f4faa80/host
Jun  2 15:22:47 gtw01 dnsmasq-dhcp[15649]: read /var/lib/neutron/dhcp/a98edebe-550d-40b0-8536-c9e71f4faa80/opts
Jun  2 15:22:48 gtw01 dnsmasq[15649]: read /var/lib/neutron/dhcp/a98edebe-550d-40b0-8536-c9e71f4faa80/addn_hosts - 4 addresses
Jun  2 15:22:48 gtw01 dnsmasq-dhcp[15649]: read /var/lib/neutron/dhcp/a98edebe-550d-40b0-8536-c9e71f4faa80/host
Jun  2 15:22:48 gtw01 dnsmasq-dhcp[15649]: read /var/lib/neutron/dhcp/a98edebe-550d-40b0-8536-c9e71f4faa80/opts
Jun  2 15:22:48 gtw01 dnsmasq-dhcp[15649]: DHCPDISCOVER(tap61784a52-c9) fa:16:3e:9d:00:b3
Jun  2 15:22:48 gtw01 dnsmasq-dhcp[15649]: DHCPOFFER(tap61784a52-c9) 192.168.120.4 fa:16:3e:9d:00:b3
Jun  2 15:22:48 gtw01 dnsmasq-dhcp[15649]: DHCPREQUEST(tap61784a52-c9) 192.168.120.4 fa:16:3e:9d:00:b3
Jun  2 15:22:48 gtw01 dnsmasq-dhcp[15649]: DHCPACK(tap61784a52-c9) 192.168.120.4 fa:16:3e:9d:00:b3 host-192-168-120-4
Jun  2 15:22:59 gtw01 dnsmasq-dhcp[15649]: DHCPDISCOVER(tap61784a52-c9) fa:16:3e:3b:2e:99
Jun  2 15:22:59 gtw01 dnsmasq-dhcp[15649]: DHCPOFFER(tap61784a52-c9) 192.168.120.9 fa:16:3e:3b:2e:99
Jun  2 15:22:59 gtw01 dnsmasq-dhcp[15649]: DHCPREQUEST(tap61784a52-c9) 192.168.120.9 fa:16:3e:3b:2e:99
Jun  2 15:22:59 gtw01 dnsmasq-dhcp[15649]: DHCPACK(tap61784a52-c9) 192.168.120.9 fa:16:3e:3b:2e:99 host-192-168-120-9
Jun  2 15:23:07 gtw01 dnsmasq-dhcp[15649]: DHCPRELEASE(tap61784a52-c9) 192.168.120.4 fa:16:3e:9d:00:b3
Jun  2 15:23:07 gtw01 dnsmasq-dhcp[15649]: DHCPRELEASE(tap61784a52-c9) 192.168.120.4 fa:16:3e:9d:00:b3 unknown lease
Jun  2 15:23:08 gtw01 dnsmasq[15649]: read /var/lib/neutron/dhcp/a98edebe-550d-40b0-8536-c9e71f4faa80/addn_hosts - 3 addresses
Jun  2 15:23:08 gtw01 dnsmasq-dhcp[15649]: read /var/lib/neutron/dhcp/a98edebe-550d-40b0-8536-c9e71f4faa80/host
Jun  2 15:23:08 gtw01 dnsmasq-dhcp[15649]: read /var/lib/neutron/dhcp/a98edebe-550d-40b0-8536-c9e71f4faa80/opts
Jun  2 15:23:11 gtw01 dnsmasq-dhcp[15649]: DHCPRELEASE(tap61784a52-c9) 192.168.120.9 fa:16:3e:3b:2e:99
Jun  2 15:23:11 gtw01 dnsmasq-dhcp[15649]: DHCPRELEASE(tap61784a52-c9) 192.168.120.9 fa:16:3e:3b:2e:99 unknown lease
Jun  2 15:23:12 gtw01 dnsmasq[15649]: read /var/lib/neutron/dhcp/a98edebe-550d-40b0-8536-c9e71f4faa80/addn_hosts - 2 addresses
Jun  2 15:23:12 gtw01 dnsmasq-dhcp[15649]: read /var/lib/neutron/dhcp/a98edebe-550d-40b0-8536-c9e71f4faa80/host
Jun  2 15:23:12 gtw01 dnsmasq-dhcp[15649]: read /var/lib/neutron/dhcp/a98edebe-550d-40b0-8536-c9e71f4faa80/opts
Jun  2 15:23:14 gtw01 dnsmasq[15649]: read /var/lib/neutron/dhcp/a98edebe-550d-40b0-8536-c9e71f4faa80/addn_hosts - 1 addresses
Jun  2 15:23:14 gtw01 dnsmasq-dhcp[15649]: read /var/lib/neutron/dhcp/a98edebe-550d-40b0-8536-c9e71f4faa80/host
Jun  2 15:23:14 gtw01 dnsmasq-dhcp[15649]: read /var/lib/neutron/dhcp/a98edebe-550d-40b0-8536-c9e71f4faa80/opts
Jun  2 15:23:19 gtw01 kernel: [ 2542.009111] device tap61784a52-c9 left promiscuous mode
Jun  2 15:23:29 gtw01 systemd-udevd[15926]: Could not generate persistent MAC address for tapc7218501-66: No such file or directory
Jun  2 15:23:29 gtw01 kernel: [ 2551.707860] device tapc7218501-66 entered promiscuous mode
Jun  2 15:23:29 gtw01 systemd-udevd[15972]: Process '/sbin/ip link set tapc7218501-66 txqueuelen 10000' failed with exit code 1.
Jun  2 15:23:32 gtw01 dnsmasq[16035]: started, version 2.80 cachesize 150
Jun  2 15:23:32 gtw01 dnsmasq[16035]: DNS service limited to local subnets
Jun  2 15:23:32 gtw01 dnsmasq[16035]: compile time options: IPv6 GNU-getopt DBus i18n IDN DHCP DHCPv6 no-Lua TFTP conntrack ipset auth DNSSEC loop-detect inotify dumpfile
Jun  2 15:23:32 gtw01 dnsmasq[16035]: warning: no upstream servers configured
Jun  2 15:23:32 gtw01 dnsmasq-dhcp[16035]: DHCP, static leases only on 192.168.120.0, lease time 1h
Jun  2 15:23:32 gtw01 dnsmasq[16035]: read /var/lib/neutron/dhcp/daa9aca4-5809-43de-8322-e542f9e20294/addn_hosts - 1 addresses
Jun  2 15:23:32 gtw01 dnsmasq-dhcp[16035]: read /var/lib/neutron/dhcp/daa9aca4-5809-43de-8322-e542f9e20294/host
Jun  2 15:23:32 gtw01 dnsmasq-dhcp[16035]: read /var/lib/neutron/dhcp/daa9aca4-5809-43de-8322-e542f9e20294/opts
Jun  2 15:23:32 gtw01 haproxy-metadata-proxy-daa9aca4-5809-43de-8322-e542f9e20294[16039]: Proxy listener started.
Jun  2 15:23:33 gtw01 dnsmasq[16035]: read /var/lib/neutron/dhcp/daa9aca4-5809-43de-8322-e542f9e20294/addn_hosts - 2 addresses
Jun  2 15:23:33 gtw01 dnsmasq-dhcp[16035]: read /var/lib/neutron/dhcp/daa9aca4-5809-43de-8322-e542f9e20294/host
Jun  2 15:23:33 gtw01 dnsmasq-dhcp[16035]: read /var/lib/neutron/dhcp/daa9aca4-5809-43de-8322-e542f9e20294/opts
Jun  2 15:23:34 gtw01 dnsmasq[16035]: read /var/lib/neutron/dhcp/daa9aca4-5809-43de-8322-e542f9e20294/addn_hosts - 2 addresses
Jun  2 15:23:34 gtw01 dnsmasq-dhcp[16035]: read /var/lib/neutron/dhcp/daa9aca4-5809-43de-8322-e542f9e20294/host
Jun  2 15:23:34 gtw01 dnsmasq-dhcp[16035]: read /var/lib/neutron/dhcp/daa9aca4-5809-43de-8322-e542f9e20294/opts
Jun  2 15:23:35 gtw01 dnsmasq[16035]: read /var/lib/neutron/dhcp/daa9aca4-5809-43de-8322-e542f9e20294/addn_hosts - 2 addresses
Jun  2 15:23:35 gtw01 dnsmasq-dhcp[16035]: read /var/lib/neutron/dhcp/daa9aca4-5809-43de-8322-e542f9e20294/host
Jun  2 15:23:35 gtw01 dnsmasq-dhcp[16035]: read /var/lib/neutron/dhcp/daa9aca4-5809-43de-8322-e542f9e20294/opts
Jun  2 15:23:36 gtw01 dnsmasq[16035]: read /var/lib/neutron/dhcp/daa9aca4-5809-43de-8322-e542f9e20294/addn_hosts - 2 addresses
Jun  2 15:23:36 gtw01 dnsmasq-dhcp[16035]: read /var/lib/neutron/dhcp/daa9aca4-5809-43de-8322-e542f9e20294/host
Jun  2 15:23:36 gtw01 dnsmasq-dhcp[16035]: read /var/lib/neutron/dhcp/daa9aca4-5809-43de-8322-e542f9e20294/opts
Jun  2 15:23:37 gtw01 dnsmasq[16035]: read /var/lib/neutron/dhcp/daa9aca4-5809-43de-8322-e542f9e20294/addn_hosts - 2 addresses
Jun  2 15:23:37 gtw01 dnsmasq-dhcp[16035]: read /var/lib/neutron/dhcp/daa9aca4-5809-43de-8322-e542f9e20294/host
Jun  2 15:23:37 gtw01 dnsmasq-dhcp[16035]: read /var/lib/neutron/dhcp/daa9aca4-5809-43de-8322-e542f9e20294/opts
Jun  2 15:23:38 gtw01 dnsmasq[16035]: read /var/lib/neutron/dhcp/daa9aca4-5809-43de-8322-e542f9e20294/addn_hosts - 3 addresses
Jun  2 15:23:38 gtw01 dnsmasq-dhcp[16035]: read /var/lib/neutron/dhcp/daa9aca4-5809-43de-8322-e542f9e20294/host
Jun  2 15:23:38 gtw01 dnsmasq-dhcp[16035]: read /var/lib/neutron/dhcp/daa9aca4-5809-43de-8322-e542f9e20294/opts
Jun  2 15:23:39 gtw01 dnsmasq[16035]: read /var/lib/neutron/dhcp/daa9aca4-5809-43de-8322-e542f9e20294/addn_hosts - 3 addresses
Jun  2 15:23:39 gtw01 dnsmasq-dhcp[16035]: read /var/lib/neutron/dhcp/daa9aca4-5809-43de-8322-e542f9e20294/host
Jun  2 15:23:39 gtw01 dnsmasq-dhcp[16035]: read /var/lib/neutron/dhcp/daa9aca4-5809-43de-8322-e542f9e20294/opts
Jun  2 15:23:39 gtw01 dnsmasq[16035]: read /var/lib/neutron/dhcp/daa9aca4-5809-43de-8322-e542f9e20294/addn_hosts - 3 addresses
Jun  2 15:23:39 gtw01 dnsmasq-dhcp[16035]: read /var/lib/neutron/dhcp/daa9aca4-5809-43de-8322-e542f9e20294/host
Jun  2 15:23:39 gtw01 dnsmasq-dhcp[16035]: read /var/lib/neutron/dhcp/daa9aca4-5809-43de-8322-e542f9e20294/opts
Jun  2 15:23:47 gtw01 dnsmasq[16035]: read /var/lib/neutron/dhcp/daa9aca4-5809-43de-8322-e542f9e20294/addn_hosts - 4 addresses
Jun  2 15:23:47 gtw01 dnsmasq-dhcp[16035]: read /var/lib/neutron/dhcp/daa9aca4-5809-43de-8322-e542f9e20294/host
Jun  2 15:23:47 gtw01 dnsmasq-dhcp[16035]: read /var/lib/neutron/dhcp/daa9aca4-5809-43de-8322-e542f9e20294/opts
Jun  2 15:23:48 gtw01 dnsmasq[16035]: read /var/lib/neutron/dhcp/daa9aca4-5809-43de-8322-e542f9e20294/addn_hosts - 4 addresses
Jun  2 15:23:48 gtw01 dnsmasq-dhcp[16035]: read /var/lib/neutron/dhcp/daa9aca4-5809-43de-8322-e542f9e20294/host
Jun  2 15:23:48 gtw01 dnsmasq-dhcp[16035]: read /var/lib/neutron/dhcp/daa9aca4-5809-43de-8322-e542f9e20294/opts
Jun  2 15:23:49 gtw01 dnsmasq[16035]: read /var/lib/neutron/dhcp/daa9aca4-5809-43de-8322-e542f9e20294/addn_hosts - 4 addresses
Jun  2 15:23:49 gtw01 dnsmasq-dhcp[16035]: read /var/lib/neutron/dhcp/daa9aca4-5809-43de-8322-e542f9e20294/host
Jun  2 15:23:49 gtw01 dnsmasq-dhcp[16035]: read /var/lib/neutron/dhcp/daa9aca4-5809-43de-8322-e542f9e20294/opts
Jun  2 15:23:51 gtw01 dnsmasq-dhcp[16035]: DHCPDISCOVER(tapc7218501-66) fa:16:3e:19:ac:36
Jun  2 15:23:51 gtw01 dnsmasq-dhcp[16035]: DHCPOFFER(tapc7218501-66) 192.168.120.3 fa:16:3e:19:ac:36
Jun  2 15:23:51 gtw01 dnsmasq-dhcp[16035]: DHCPREQUEST(tapc7218501-66) 192.168.120.3 fa:16:3e:19:ac:36
Jun  2 15:23:51 gtw01 dnsmasq-dhcp[16035]: DHCPACK(tapc7218501-66) 192.168.120.3 fa:16:3e:19:ac:36 host-192-168-120-3
Jun  2 15:24:01 gtw01 dnsmasq-dhcp[16035]: DHCPDISCOVER(tapc7218501-66) fa:16:3e:4d:93:3f
Jun  2 15:24:01 gtw01 dnsmasq-dhcp[16035]: DHCPOFFER(tapc7218501-66) 192.168.120.4 fa:16:3e:4d:93:3f
Jun  2 15:24:01 gtw01 dnsmasq-dhcp[16035]: DHCPREQUEST(tapc7218501-66) 192.168.120.4 fa:16:3e:4d:93:3f
Jun  2 15:24:01 gtw01 dnsmasq-dhcp[16035]: DHCPACK(tapc7218501-66) 192.168.120.4 fa:16:3e:4d:93:3f host-192-168-120-4
Jun  2 15:24:05 gtw01 dnsmasq-dhcp[16035]: DHCPRELEASE(tapc7218501-66) 192.168.120.3 fa:16:3e:19:ac:36
Jun  2 15:24:05 gtw01 dnsmasq-dhcp[16035]: DHCPRELEASE(tapc7218501-66) 192.168.120.3 fa:16:3e:19:ac:36 unknown lease
Jun  2 15:24:06 gtw01 dnsmasq[16035]: read /var/lib/neutron/dhcp/daa9aca4-5809-43de-8322-e542f9e20294/addn_hosts - 3 addresses
Jun  2 15:24:06 gtw01 dnsmasq-dhcp[16035]: read /var/lib/neutron/dhcp/daa9aca4-5809-43de-8322-e542f9e20294/host
Jun  2 15:24:06 gtw01 dnsmasq-dhcp[16035]: read /var/lib/neutron/dhcp/daa9aca4-5809-43de-8322-e542f9e20294/opts
Jun  2 15:24:08 gtw01 dnsmasq-dhcp[16035]: DHCPRELEASE(tapc7218501-66) 192.168.120.4 fa:16:3e:4d:93:3f
Jun  2 15:24:08 gtw01 dnsmasq-dhcp[16035]: DHCPRELEASE(tapc7218501-66) 192.168.120.4 fa:16:3e:4d:93:3f unknown lease
Jun  2 15:24:09 gtw01 dnsmasq[16035]: read /var/lib/neutron/dhcp/daa9aca4-5809-43de-8322-e542f9e20294/addn_hosts - 2 addresses
Jun  2 15:24:09 gtw01 dnsmasq-dhcp[16035]: read /var/lib/neutron/dhcp/daa9aca4-5809-43de-8322-e542f9e20294/host
Jun  2 15:24:09 gtw01 dnsmasq-dhcp[16035]: read /var/lib/neutron/dhcp/daa9aca4-5809-43de-8322-e542f9e20294/opts
Jun  2 15:24:11 gtw01 dnsmasq[16035]: read /var/lib/neutron/dhcp/daa9aca4-5809-43de-8322-e542f9e20294/addn_hosts - 1 addresses
Jun  2 15:24:11 gtw01 dnsmasq-dhcp[16035]: read /var/lib/neutron/dhcp/daa9aca4-5809-43de-8322-e542f9e20294/host
Jun  2 15:24:11 gtw01 dnsmasq-dhcp[16035]: read /var/lib/neutron/dhcp/daa9aca4-5809-43de-8322-e542f9e20294/opts
Jun  2 15:24:16 gtw01 kernel: [ 2598.601537] device tapc7218501-66 left promiscuous mode
Jun  2 15:24:25 gtw01 kernel: [ 2607.952481] device tapfcb562a6-ff entered promiscuous mode
Jun  2 15:24:25 gtw01 systemd-udevd[16311]: Could not generate persistent MAC address for tapfcb562a6-ff: No such file or directory
Jun  2 15:24:25 gtw01 systemd-udevd[16357]: Process '/sbin/ip link set tapfcb562a6-ff txqueuelen 10000' failed with exit code 1.
Jun  2 15:24:28 gtw01 dnsmasq[16421]: started, version 2.80 cachesize 150
Jun  2 15:24:28 gtw01 dnsmasq[16421]: DNS service limited to local subnets
Jun  2 15:24:28 gtw01 dnsmasq[16421]: compile time options: IPv6 GNU-getopt DBus i18n IDN DHCP DHCPv6 no-Lua TFTP conntrack ipset auth DNSSEC loop-detect inotify dumpfile
Jun  2 15:24:28 gtw01 dnsmasq[16421]: warning: no upstream servers configured
Jun  2 15:24:28 gtw01 dnsmasq-dhcp[16421]: DHCP, static leases only on 192.168.120.0, lease time 1h
Jun  2 15:24:28 gtw01 dnsmasq[16421]: read /var/lib/neutron/dhcp/bf041872-d1d2-46bc-9545-e224704d6eef/addn_hosts - 1 addresses
Jun  2 15:24:28 gtw01 dnsmasq-dhcp[16421]: read /var/lib/neutron/dhcp/bf041872-d1d2-46bc-9545-e224704d6eef/host
Jun  2 15:24:28 gtw01 dnsmasq-dhcp[16421]: read /var/lib/neutron/dhcp/bf041872-d1d2-46bc-9545-e224704d6eef/opts
Jun  2 15:24:29 gtw01 haproxy-metadata-proxy-bf041872-d1d2-46bc-9545-e224704d6eef[16425]: Proxy listener started.
Jun  2 15:24:29 gtw01 dnsmasq[16421]: read /var/lib/neutron/dhcp/bf041872-d1d2-46bc-9545-e224704d6eef/addn_hosts - 2 addresses
Jun  2 15:24:29 gtw01 dnsmasq-dhcp[16421]: read /var/lib/neutron/dhcp/bf041872-d1d2-46bc-9545-e224704d6eef/host
Jun  2 15:24:29 gtw01 dnsmasq-dhcp[16421]: read /var/lib/neutron/dhcp/bf041872-d1d2-46bc-9545-e224704d6eef/opts
Jun  2 15:24:30 gtw01 dnsmasq[16421]: read /var/lib/neutron/dhcp/bf041872-d1d2-46bc-9545-e224704d6eef/addn_hosts - 2 addresses
Jun  2 15:24:30 gtw01 dnsmasq-dhcp[16421]: read /var/lib/neutron/dhcp/bf041872-d1d2-46bc-9545-e224704d6eef/host
Jun  2 15:24:30 gtw01 dnsmasq-dhcp[16421]: read /var/lib/neutron/dhcp/bf041872-d1d2-46bc-9545-e224704d6eef/opts
Jun  2 15:24:31 gtw01 dnsmasq[16421]: read /var/lib/neutron/dhcp/bf041872-d1d2-46bc-9545-e224704d6eef/addn_hosts - 2 addresses
Jun  2 15:24:31 gtw01 dnsmasq-dhcp[16421]: read /var/lib/neutron/dhcp/bf041872-d1d2-46bc-9545-e224704d6eef/host
Jun  2 15:24:31 gtw01 dnsmasq-dhcp[16421]: read /var/lib/neutron/dhcp/bf041872-d1d2-46bc-9545-e224704d6eef/opts
Jun  2 15:24:32 gtw01 dnsmasq[16421]: read /var/lib/neutron/dhcp/bf041872-d1d2-46bc-9545-e224704d6eef/addn_hosts - 2 addresses
Jun  2 15:24:32 gtw01 dnsmasq-dhcp[16421]: read /var/lib/neutron/dhcp/bf041872-d1d2-46bc-9545-e224704d6eef/host
Jun  2 15:24:32 gtw01 dnsmasq-dhcp[16421]: read /var/lib/neutron/dhcp/bf041872-d1d2-46bc-9545-e224704d6eef/opts
Jun  2 15:24:33 gtw01 dnsmasq[16421]: read /var/lib/neutron/dhcp/bf041872-d1d2-46bc-9545-e224704d6eef/addn_hosts - 2 addresses
Jun  2 15:24:33 gtw01 dnsmasq-dhcp[16421]: read /var/lib/neutron/dhcp/bf041872-d1d2-46bc-9545-e224704d6eef/host
Jun  2 15:24:33 gtw01 dnsmasq-dhcp[16421]: read /var/lib/neutron/dhcp/bf041872-d1d2-46bc-9545-e224704d6eef/opts
Jun  2 15:24:34 gtw01 dnsmasq[16421]: read /var/lib/neutron/dhcp/bf041872-d1d2-46bc-9545-e224704d6eef/addn_hosts - 3 addresses
Jun  2 15:24:34 gtw01 dnsmasq-dhcp[16421]: read /var/lib/neutron/dhcp/bf041872-d1d2-46bc-9545-e224704d6eef/host
Jun  2 15:24:34 gtw01 dnsmasq-dhcp[16421]: read /var/lib/neutron/dhcp/bf041872-d1d2-46bc-9545-e224704d6eef/opts
Jun  2 15:24:35 gtw01 dnsmasq[16421]: read /var/lib/neutron/dhcp/bf041872-d1d2-46bc-9545-e224704d6eef/addn_hosts - 3 addresses
Jun  2 15:24:35 gtw01 dnsmasq-dhcp[16421]: read /var/lib/neutron/dhcp/bf041872-d1d2-46bc-9545-e224704d6eef/host
Jun  2 15:24:35 gtw01 dnsmasq-dhcp[16421]: read /var/lib/neutron/dhcp/bf041872-d1d2-46bc-9545-e224704d6eef/opts
Jun  2 15:24:36 gtw01 dnsmasq[16421]: read /var/lib/neutron/dhcp/bf041872-d1d2-46bc-9545-e224704d6eef/addn_hosts - 3 addresses
Jun  2 15:24:36 gtw01 dnsmasq-dhcp[16421]: read /var/lib/neutron/dhcp/bf041872-d1d2-46bc-9545-e224704d6eef/host
Jun  2 15:24:36 gtw01 dnsmasq-dhcp[16421]: read /var/lib/neutron/dhcp/bf041872-d1d2-46bc-9545-e224704d6eef/opts
Jun  2 15:24:48 gtw01 dnsmasq-dhcp[16421]: DHCPDISCOVER(tapfcb562a6-ff) fa:16:3e:ce:c9:55
Jun  2 15:24:48 gtw01 dnsmasq-dhcp[16421]: DHCPOFFER(tapfcb562a6-ff) 192.168.120.7 fa:16:3e:ce:c9:55
Jun  2 15:24:48 gtw01 dnsmasq-dhcp[16421]: DHCPREQUEST(tapfcb562a6-ff) 192.168.120.7 fa:16:3e:ce:c9:55
Jun  2 15:24:48 gtw01 dnsmasq-dhcp[16421]: DHCPACK(tapfcb562a6-ff) 192.168.120.7 fa:16:3e:ce:c9:55 host-192-168-120-7
Jun  2 15:25:07 gtw01 dnsmasq[16421]: read /var/lib/neutron/dhcp/bf041872-d1d2-46bc-9545-e224704d6eef/addn_hosts - 4 addresses
Jun  2 15:25:07 gtw01 dnsmasq-dhcp[16421]: read /var/lib/neutron/dhcp/bf041872-d1d2-46bc-9545-e224704d6eef/host
Jun  2 15:25:07 gtw01 dnsmasq-dhcp[16421]: read /var/lib/neutron/dhcp/bf041872-d1d2-46bc-9545-e224704d6eef/opts
Jun  2 15:25:08 gtw01 dnsmasq[16421]: read /var/lib/neutron/dhcp/bf041872-d1d2-46bc-9545-e224704d6eef/addn_hosts - 4 addresses
Jun  2 15:25:08 gtw01 dnsmasq-dhcp[16421]: read /var/lib/neutron/dhcp/bf041872-d1d2-46bc-9545-e224704d6eef/host
Jun  2 15:25:08 gtw01 dnsmasq-dhcp[16421]: read /var/lib/neutron/dhcp/bf041872-d1d2-46bc-9545-e224704d6eef/opts
Jun  2 15:25:08 gtw01 dnsmasq[16421]: read /var/lib/neutron/dhcp/bf041872-d1d2-46bc-9545-e224704d6eef/addn_hosts - 4 addresses
Jun  2 15:25:08 gtw01 dnsmasq-dhcp[16421]: read /var/lib/neutron/dhcp/bf041872-d1d2-46bc-9545-e224704d6eef/host
Jun  2 15:25:08 gtw01 dnsmasq-dhcp[16421]: read /var/lib/neutron/dhcp/bf041872-d1d2-46bc-9545-e224704d6eef/opts
Jun  2 15:25:21 gtw01 dnsmasq-dhcp[16421]: DHCPDISCOVER(tapfcb562a6-ff) fa:16:3e:f3:e8:98
Jun  2 15:25:21 gtw01 dnsmasq-dhcp[16421]: DHCPOFFER(tapfcb562a6-ff) 192.168.120.28 fa:16:3e:f3:e8:98
Jun  2 15:25:21 gtw01 dnsmasq-dhcp[16421]: DHCPREQUEST(tapfcb562a6-ff) 192.168.120.28 fa:16:3e:f3:e8:98
Jun  2 15:25:21 gtw01 dnsmasq-dhcp[16421]: DHCPACK(tapfcb562a6-ff) 192.168.120.28 fa:16:3e:f3:e8:98 host-192-168-120-28
Jun  2 15:26:03 gtw01 dnsmasq-dhcp[16421]: DHCPRELEASE(tapfcb562a6-ff) 192.168.120.7 fa:16:3e:ce:c9:55
Jun  2 15:26:03 gtw01 dnsmasq-dhcp[16421]: DHCPRELEASE(tapfcb562a6-ff) 192.168.120.7 fa:16:3e:ce:c9:55 unknown lease
Jun  2 15:26:04 gtw01 dnsmasq[16421]: read /var/lib/neutron/dhcp/bf041872-d1d2-46bc-9545-e224704d6eef/addn_hosts - 3 addresses
Jun  2 15:26:04 gtw01 dnsmasq-dhcp[16421]: read /var/lib/neutron/dhcp/bf041872-d1d2-46bc-9545-e224704d6eef/host
Jun  2 15:26:04 gtw01 dnsmasq-dhcp[16421]: read /var/lib/neutron/dhcp/bf041872-d1d2-46bc-9545-e224704d6eef/opts
Jun  2 15:26:10 gtw01 dnsmasq-dhcp[16421]: DHCPRELEASE(tapfcb562a6-ff) 192.168.120.28 fa:16:3e:f3:e8:98
Jun  2 15:26:11 gtw01 dnsmasq-dhcp[16421]: DHCPRELEASE(tapfcb562a6-ff) 192.168.120.28 fa:16:3e:f3:e8:98 unknown lease
Jun  2 15:26:11 gtw01 dnsmasq[16421]: read /var/lib/neutron/dhcp/bf041872-d1d2-46bc-9545-e224704d6eef/addn_hosts - 2 addresses
Jun  2 15:26:11 gtw01 dnsmasq-dhcp[16421]: read /var/lib/neutron/dhcp/bf041872-d1d2-46bc-9545-e224704d6eef/host
Jun  2 15:26:11 gtw01 dnsmasq-dhcp[16421]: read /var/lib/neutron/dhcp/bf041872-d1d2-46bc-9545-e224704d6eef/opts
Jun  2 15:26:13 gtw01 dnsmasq[16421]: read /var/lib/neutron/dhcp/bf041872-d1d2-46bc-9545-e224704d6eef/addn_hosts - 1 addresses
Jun  2 15:26:13 gtw01 dnsmasq-dhcp[16421]: read /var/lib/neutron/dhcp/bf041872-d1d2-46bc-9545-e224704d6eef/host
Jun  2 15:26:13 gtw01 dnsmasq-dhcp[16421]: read /var/lib/neutron/dhcp/bf041872-d1d2-46bc-9545-e224704d6eef/opts
Jun  2 15:26:18 gtw01 kernel: [ 2720.778219] device tapfcb562a6-ff left promiscuous mode
Jun  2 15:26:29 gtw01 kernel: [ 2731.736083] device tape6930f17-13 entered promiscuous mode
Jun  2 15:26:29 gtw01 systemd-udevd[16700]: Could not generate persistent MAC address for tape6930f17-13: No such file or directory
Jun  2 15:26:29 gtw01 systemd-udevd[16746]: Process '/sbin/ip link set tape6930f17-13 txqueuelen 10000' failed with exit code 1.
Jun  2 15:26:32 gtw01 dnsmasq[16809]: started, version 2.80 cachesize 150
Jun  2 15:26:32 gtw01 dnsmasq[16809]: DNS service limited to local subnets
Jun  2 15:26:32 gtw01 dnsmasq[16809]: compile time options: IPv6 GNU-getopt DBus i18n IDN DHCP DHCPv6 no-Lua TFTP conntrack ipset auth DNSSEC loop-detect inotify dumpfile
Jun  2 15:26:32 gtw01 dnsmasq[16809]: warning: no upstream servers configured
Jun  2 15:26:32 gtw01 dnsmasq-dhcp[16809]: DHCP, static leases only on 172.16.64.0, lease time 1h
Jun  2 15:26:32 gtw01 dnsmasq[16809]: read /var/lib/neutron/dhcp/9c62a5c0-4efe-40a5-abd3-dd2fc622157d/addn_hosts - 1 addresses
Jun  2 15:26:32 gtw01 dnsmasq-dhcp[16809]: read /var/lib/neutron/dhcp/9c62a5c0-4efe-40a5-abd3-dd2fc622157d/host
Jun  2 15:26:32 gtw01 dnsmasq-dhcp[16809]: read /var/lib/neutron/dhcp/9c62a5c0-4efe-40a5-abd3-dd2fc622157d/opts
Jun  2 15:26:32 gtw01 haproxy-metadata-proxy-9c62a5c0-4efe-40a5-abd3-dd2fc622157d[16813]: Proxy listener started.
Jun  2 15:26:33 gtw01 dnsmasq[16809]: read /var/lib/neutron/dhcp/9c62a5c0-4efe-40a5-abd3-dd2fc622157d/addn_hosts - 1 addresses
Jun  2 15:26:33 gtw01 dnsmasq-dhcp[16809]: read /var/lib/neutron/dhcp/9c62a5c0-4efe-40a5-abd3-dd2fc622157d/host
Jun  2 15:26:33 gtw01 dnsmasq-dhcp[16809]: read /var/lib/neutron/dhcp/9c62a5c0-4efe-40a5-abd3-dd2fc622157d/opts
Jun  2 15:26:34 gtw01 dnsmasq[16809]: read /var/lib/neutron/dhcp/9c62a5c0-4efe-40a5-abd3-dd2fc622157d/addn_hosts - 1 addresses
Jun  2 15:26:34 gtw01 dnsmasq-dhcp[16809]: read /var/lib/neutron/dhcp/9c62a5c0-4efe-40a5-abd3-dd2fc622157d/host
Jun  2 15:26:34 gtw01 dnsmasq-dhcp[16809]: read /var/lib/neutron/dhcp/9c62a5c0-4efe-40a5-abd3-dd2fc622157d/opts
Jun  2 15:26:35 gtw01 dnsmasq[16809]: read /var/lib/neutron/dhcp/9c62a5c0-4efe-40a5-abd3-dd2fc622157d/addn_hosts - 2 addresses
Jun  2 15:26:35 gtw01 dnsmasq-dhcp[16809]: read /var/lib/neutron/dhcp/9c62a5c0-4efe-40a5-abd3-dd2fc622157d/host
Jun  2 15:26:35 gtw01 dnsmasq-dhcp[16809]: read /var/lib/neutron/dhcp/9c62a5c0-4efe-40a5-abd3-dd2fc622157d/opts
Jun  2 15:26:36 gtw01 dnsmasq[16809]: read /var/lib/neutron/dhcp/9c62a5c0-4efe-40a5-abd3-dd2fc622157d/addn_hosts - 2 addresses
Jun  2 15:26:36 gtw01 dnsmasq-dhcp[16809]: read /var/lib/neutron/dhcp/9c62a5c0-4efe-40a5-abd3-dd2fc622157d/host
Jun  2 15:26:36 gtw01 dnsmasq-dhcp[16809]: read /var/lib/neutron/dhcp/9c62a5c0-4efe-40a5-abd3-dd2fc622157d/opts
Jun  2 15:26:37 gtw01 kernel: [ 2739.844443] device tape6930f17-13 left promiscuous mode
Jun  2 15:26:49 gtw01 systemd-udevd[16909]: Could not generate persistent MAC address for tapb9fc08e1-c8: No such file or directory
Jun  2 15:26:49 gtw01 kernel: [ 2751.856393] device tapb9fc08e1-c8 entered promiscuous mode
Jun  2 15:26:49 gtw01 systemd-udevd[16909]: Process '/sbin/ip link set tapb9fc08e1-c8 txqueuelen 10000' failed with exit code 1.
Jun  2 15:26:52 gtw01 dnsmasq[17017]: started, version 2.80 cachesize 150
Jun  2 15:26:52 gtw01 dnsmasq[17017]: DNS service limited to local subnets
Jun  2 15:26:52 gtw01 dnsmasq[17017]: compile time options: IPv6 GNU-getopt DBus i18n IDN DHCP DHCPv6 no-Lua TFTP conntrack ipset auth DNSSEC loop-detect inotify dumpfile
Jun  2 15:26:52 gtw01 dnsmasq[17017]: warning: no upstream servers configured
Jun  2 15:26:52 gtw01 dnsmasq-dhcp[17017]: DHCP, static leases only on 192.168.120.0, lease time 1h
Jun  2 15:26:52 gtw01 dnsmasq[17017]: read /var/lib/neutron/dhcp/ad7910ad-5d2a-45e1-872a-24b24d6d32e2/addn_hosts - 1 addresses
Jun  2 15:26:52 gtw01 dnsmasq-dhcp[17017]: read /var/lib/neutron/dhcp/ad7910ad-5d2a-45e1-872a-24b24d6d32e2/host
Jun  2 15:26:52 gtw01 dnsmasq-dhcp[17017]: read /var/lib/neutron/dhcp/ad7910ad-5d2a-45e1-872a-24b24d6d32e2/opts
Jun  2 15:26:52 gtw01 haproxy-metadata-proxy-ad7910ad-5d2a-45e1-872a-24b24d6d32e2[17021]: Proxy listener started.
Jun  2 15:26:53 gtw01 dnsmasq[17017]: read /var/lib/neutron/dhcp/ad7910ad-5d2a-45e1-872a-24b24d6d32e2/addn_hosts - 2 addresses
Jun  2 15:26:53 gtw01 dnsmasq-dhcp[17017]: read /var/lib/neutron/dhcp/ad7910ad-5d2a-45e1-872a-24b24d6d32e2/host
Jun  2 15:26:53 gtw01 dnsmasq-dhcp[17017]: read /var/lib/neutron/dhcp/ad7910ad-5d2a-45e1-872a-24b24d6d32e2/opts
Jun  2 15:26:54 gtw01 dnsmasq[17017]: read /var/lib/neutron/dhcp/ad7910ad-5d2a-45e1-872a-24b24d6d32e2/addn_hosts - 2 addresses
Jun  2 15:26:54 gtw01 dnsmasq-dhcp[17017]: read /var/lib/neutron/dhcp/ad7910ad-5d2a-45e1-872a-24b24d6d32e2/host
Jun  2 15:26:54 gtw01 dnsmasq-dhcp[17017]: read /var/lib/neutron/dhcp/ad7910ad-5d2a-45e1-872a-24b24d6d32e2/opts
Jun  2 15:26:55 gtw01 dnsmasq[17017]: read /var/lib/neutron/dhcp/ad7910ad-5d2a-45e1-872a-24b24d6d32e2/addn_hosts - 2 addresses
Jun  2 15:26:55 gtw01 dnsmasq-dhcp[17017]: read /var/lib/neutron/dhcp/ad7910ad-5d2a-45e1-872a-24b24d6d32e2/host
Jun  2 15:26:55 gtw01 dnsmasq-dhcp[17017]: read /var/lib/neutron/dhcp/ad7910ad-5d2a-45e1-872a-24b24d6d32e2/opts
Jun  2 15:26:56 gtw01 dnsmasq[17017]: read /var/lib/neutron/dhcp/ad7910ad-5d2a-45e1-872a-24b24d6d32e2/addn_hosts - 2 addresses
Jun  2 15:26:56 gtw01 dnsmasq-dhcp[17017]: read /var/lib/neutron/dhcp/ad7910ad-5d2a-45e1-872a-24b24d6d32e2/host
Jun  2 15:26:56 gtw01 dnsmasq-dhcp[17017]: read /var/lib/neutron/dhcp/ad7910ad-5d2a-45e1-872a-24b24d6d32e2/opts
Jun  2 15:26:57 gtw01 dnsmasq[17017]: read /var/lib/neutron/dhcp/ad7910ad-5d2a-45e1-872a-24b24d6d32e2/addn_hosts - 2 addresses
Jun  2 15:26:57 gtw01 dnsmasq-dhcp[17017]: read /var/lib/neutron/dhcp/ad7910ad-5d2a-45e1-872a-24b24d6d32e2/host
Jun  2 15:26:57 gtw01 dnsmasq-dhcp[17017]: read /var/lib/neutron/dhcp/ad7910ad-5d2a-45e1-872a-24b24d6d32e2/opts
Jun  2 15:27:33 gtw01 kernel: [ 2795.465295] device tap57b725bc-9c entered promiscuous mode
Jun  2 15:27:33 gtw01 systemd-udevd[17125]: Could not generate persistent MAC address for tap57b725bc-9c: No such file or directory
Jun  2 15:27:33 gtw01 systemd-udevd[17171]: Process '/sbin/ip link set tap57b725bc-9c txqueuelen 10000' failed with exit code 1.
Jun  2 15:27:34 gtw01 systemd-udevd[17213]: Could not generate persistent MAC address for tap81be6714-e5: No such file or directory
Jun  2 15:27:34 gtw01 kernel: [ 2796.295770] device tap81be6714-e5 entered promiscuous mode
Jun  2 15:27:34 gtw01 systemd-udevd[17259]: Process '/sbin/ip link set tap81be6714-e5 txqueuelen 10000' failed with exit code 1.
Jun  2 15:27:36 gtw01 dnsmasq[17348]: started, version 2.80 cachesize 150
Jun  2 15:27:36 gtw01 dnsmasq[17348]: DNS service limited to local subnets
Jun  2 15:27:36 gtw01 dnsmasq[17348]: compile time options: IPv6 GNU-getopt DBus i18n IDN DHCP DHCPv6 no-Lua TFTP conntrack ipset auth DNSSEC loop-detect inotify dumpfile
Jun  2 15:27:36 gtw01 dnsmasq[17348]: warning: no upstream servers configured
Jun  2 15:27:36 gtw01 dnsmasq-dhcp[17348]: DHCP, static leases only on 192.168.120.0, lease time 1h
Jun  2 15:27:36 gtw01 dnsmasq[17348]: read /var/lib/neutron/dhcp/5c4f2c28-442b-46a2-88db-fe6ee69a3e6c/addn_hosts - 1 addresses
Jun  2 15:27:36 gtw01 dnsmasq-dhcp[17348]: read /var/lib/neutron/dhcp/5c4f2c28-442b-46a2-88db-fe6ee69a3e6c/host
Jun  2 15:27:36 gtw01 dnsmasq-dhcp[17348]: read /var/lib/neutron/dhcp/5c4f2c28-442b-46a2-88db-fe6ee69a3e6c/opts
Jun  2 15:27:36 gtw01 haproxy-metadata-proxy-5c4f2c28-442b-46a2-88db-fe6ee69a3e6c[17356]: Proxy listener started.
Jun  2 15:27:36 gtw01 dnsmasq[17371]: started, version 2.80 cachesize 150
Jun  2 15:27:36 gtw01 dnsmasq[17371]: DNS service limited to local subnets
Jun  2 15:27:36 gtw01 dnsmasq[17371]: compile time options: IPv6 GNU-getopt DBus i18n IDN DHCP DHCPv6 no-Lua TFTP conntrack ipset auth DNSSEC loop-detect inotify dumpfile
Jun  2 15:27:36 gtw01 dnsmasq[17371]: warning: no upstream servers configured
Jun  2 15:27:36 gtw01 dnsmasq-dhcp[17371]: DHCP, static leases only on 192.168.120.0, lease time 1h
Jun  2 15:27:36 gtw01 dnsmasq[17371]: read /var/lib/neutron/dhcp/2c06b0e7-b12e-4f29-a291-d32ed56af985/addn_hosts - 1 addresses
Jun  2 15:27:36 gtw01 dnsmasq-dhcp[17371]: read /var/lib/neutron/dhcp/2c06b0e7-b12e-4f29-a291-d32ed56af985/host
Jun  2 15:27:36 gtw01 dnsmasq-dhcp[17371]: read /var/lib/neutron/dhcp/2c06b0e7-b12e-4f29-a291-d32ed56af985/opts
Jun  2 15:27:37 gtw01 haproxy-metadata-proxy-2c06b0e7-b12e-4f29-a291-d32ed56af985[17382]: Proxy listener started.
Jun  2 15:27:37 gtw01 dnsmasq[17348]: read /var/lib/neutron/dhcp/5c4f2c28-442b-46a2-88db-fe6ee69a3e6c/addn_hosts - 2 addresses
Jun  2 15:27:37 gtw01 dnsmasq-dhcp[17348]: read /var/lib/neutron/dhcp/5c4f2c28-442b-46a2-88db-fe6ee69a3e6c/host
Jun  2 15:27:37 gtw01 dnsmasq-dhcp[17348]: read /var/lib/neutron/dhcp/5c4f2c28-442b-46a2-88db-fe6ee69a3e6c/opts
Jun  2 15:27:37 gtw01 systemd-udevd[17413]: Could not generate persistent MAC address for tapc4599319-96: No such file or directory
Jun  2 15:27:37 gtw01 kernel: [ 2800.084122] device tapc4599319-96 entered promiscuous mode
Jun  2 15:27:37 gtw01 systemd-udevd[17460]: Process '/sbin/ip link set tapc4599319-96 txqueuelen 10000' failed with exit code 1.
Jun  2 15:27:38 gtw01 dnsmasq[17371]: read /var/lib/neutron/dhcp/2c06b0e7-b12e-4f29-a291-d32ed56af985/addn_hosts - 2 addresses
Jun  2 15:27:38 gtw01 dnsmasq-dhcp[17371]: read /var/lib/neutron/dhcp/2c06b0e7-b12e-4f29-a291-d32ed56af985/host
Jun  2 15:27:38 gtw01 dnsmasq-dhcp[17371]: read /var/lib/neutron/dhcp/2c06b0e7-b12e-4f29-a291-d32ed56af985/opts
Jun  2 15:27:38 gtw01 dnsmasq[17348]: read /var/lib/neutron/dhcp/5c4f2c28-442b-46a2-88db-fe6ee69a3e6c/addn_hosts - 2 addresses
Jun  2 15:27:38 gtw01 dnsmasq-dhcp[17348]: read /var/lib/neutron/dhcp/5c4f2c28-442b-46a2-88db-fe6ee69a3e6c/host
Jun  2 15:27:38 gtw01 dnsmasq-dhcp[17348]: read /var/lib/neutron/dhcp/5c4f2c28-442b-46a2-88db-fe6ee69a3e6c/opts
Jun  2 15:27:39 gtw01 dnsmasq[17371]: read /var/lib/neutron/dhcp/2c06b0e7-b12e-4f29-a291-d32ed56af985/addn_hosts - 2 addresses
Jun  2 15:27:39 gtw01 dnsmasq-dhcp[17371]: read /var/lib/neutron/dhcp/2c06b0e7-b12e-4f29-a291-d32ed56af985/host
Jun  2 15:27:39 gtw01 dnsmasq-dhcp[17371]: read /var/lib/neutron/dhcp/2c06b0e7-b12e-4f29-a291-d32ed56af985/opts
Jun  2 15:27:39 gtw01 dnsmasq[17348]: read /var/lib/neutron/dhcp/5c4f2c28-442b-46a2-88db-fe6ee69a3e6c/addn_hosts - 2 addresses
Jun  2 15:27:39 gtw01 dnsmasq-dhcp[17348]: read /var/lib/neutron/dhcp/5c4f2c28-442b-46a2-88db-fe6ee69a3e6c/host
Jun  2 15:27:39 gtw01 dnsmasq-dhcp[17348]: read /var/lib/neutron/dhcp/5c4f2c28-442b-46a2-88db-fe6ee69a3e6c/opts
Jun  2 15:27:40 gtw01 dnsmasq[17371]: read /var/lib/neutron/dhcp/2c06b0e7-b12e-4f29-a291-d32ed56af985/addn_hosts - 2 addresses
Jun  2 15:27:40 gtw01 dnsmasq-dhcp[17371]: read /var/lib/neutron/dhcp/2c06b0e7-b12e-4f29-a291-d32ed56af985/host
Jun  2 15:27:40 gtw01 dnsmasq-dhcp[17371]: read /var/lib/neutron/dhcp/2c06b0e7-b12e-4f29-a291-d32ed56af985/opts
Jun  2 15:27:40 gtw01 dnsmasq[17348]: read /var/lib/neutron/dhcp/5c4f2c28-442b-46a2-88db-fe6ee69a3e6c/addn_hosts - 2 addresses
Jun  2 15:27:40 gtw01 dnsmasq-dhcp[17348]: read /var/lib/neutron/dhcp/5c4f2c28-442b-46a2-88db-fe6ee69a3e6c/host
Jun  2 15:27:40 gtw01 dnsmasq-dhcp[17348]: read /var/lib/neutron/dhcp/5c4f2c28-442b-46a2-88db-fe6ee69a3e6c/opts
Jun  2 15:27:41 gtw01 dnsmasq[17371]: read /var/lib/neutron/dhcp/2c06b0e7-b12e-4f29-a291-d32ed56af985/addn_hosts - 2 addresses
Jun  2 15:27:41 gtw01 dnsmasq-dhcp[17371]: read /var/lib/neutron/dhcp/2c06b0e7-b12e-4f29-a291-d32ed56af985/host
Jun  2 15:27:41 gtw01 dnsmasq-dhcp[17371]: read /var/lib/neutron/dhcp/2c06b0e7-b12e-4f29-a291-d32ed56af985/opts
Jun  2 15:27:41 gtw01 dnsmasq[17631]: started, version 2.80 cachesize 150
Jun  2 15:27:41 gtw01 dnsmasq[17631]: DNS service limited to local subnets
Jun  2 15:27:41 gtw01 dnsmasq[17631]: compile time options: IPv6 GNU-getopt DBus i18n IDN DHCP DHCPv6 no-Lua TFTP conntrack ipset auth DNSSEC loop-detect inotify dumpfile
Jun  2 15:27:41 gtw01 dnsmasq[17631]: warning: no upstream servers configured
Jun  2 15:27:41 gtw01 dnsmasq-dhcp[17631]: DHCP, static leases only on 192.168.120.0, lease time 1h
Jun  2 15:27:41 gtw01 dnsmasq[17631]: read /var/lib/neutron/dhcp/eea79a59-7647-483d-b93a-88e88e4eb2e5/addn_hosts - 1 addresses
Jun  2 15:27:41 gtw01 dnsmasq-dhcp[17631]: read /var/lib/neutron/dhcp/eea79a59-7647-483d-b93a-88e88e4eb2e5/host
Jun  2 15:27:41 gtw01 dnsmasq-dhcp[17631]: read /var/lib/neutron/dhcp/eea79a59-7647-483d-b93a-88e88e4eb2e5/opts
Jun  2 15:27:41 gtw01 haproxy-metadata-proxy-eea79a59-7647-483d-b93a-88e88e4eb2e5[17643]: Proxy listener started.
Jun  2 15:27:41 gtw01 dnsmasq[17348]: read /var/lib/neutron/dhcp/5c4f2c28-442b-46a2-88db-fe6ee69a3e6c/addn_hosts - 2 addresses
Jun  2 15:27:41 gtw01 dnsmasq-dhcp[17348]: read /var/lib/neutron/dhcp/5c4f2c28-442b-46a2-88db-fe6ee69a3e6c/host
Jun  2 15:27:41 gtw01 dnsmasq-dhcp[17348]: read /var/lib/neutron/dhcp/5c4f2c28-442b-46a2-88db-fe6ee69a3e6c/opts
Jun  2 15:27:42 gtw01 dnsmasq[17371]: read /var/lib/neutron/dhcp/2c06b0e7-b12e-4f29-a291-d32ed56af985/addn_hosts - 2 addresses
Jun  2 15:27:42 gtw01 dnsmasq-dhcp[17371]: read /var/lib/neutron/dhcp/2c06b0e7-b12e-4f29-a291-d32ed56af985/host
Jun  2 15:27:42 gtw01 dnsmasq-dhcp[17371]: read /var/lib/neutron/dhcp/2c06b0e7-b12e-4f29-a291-d32ed56af985/opts
Jun  2 15:27:42 gtw01 dnsmasq[17631]: read /var/lib/neutron/dhcp/eea79a59-7647-483d-b93a-88e88e4eb2e5/addn_hosts - 2 addresses
Jun  2 15:27:42 gtw01 dnsmasq-dhcp[17631]: read /var/lib/neutron/dhcp/eea79a59-7647-483d-b93a-88e88e4eb2e5/host
Jun  2 15:27:42 gtw01 dnsmasq-dhcp[17631]: read /var/lib/neutron/dhcp/eea79a59-7647-483d-b93a-88e88e4eb2e5/opts
Jun  2 15:27:43 gtw01 dnsmasq[17631]: read /var/lib/neutron/dhcp/eea79a59-7647-483d-b93a-88e88e4eb2e5/addn_hosts - 2 addresses
Jun  2 15:27:43 gtw01 dnsmasq-dhcp[17631]: read /var/lib/neutron/dhcp/eea79a59-7647-483d-b93a-88e88e4eb2e5/host
Jun  2 15:27:43 gtw01 dnsmasq-dhcp[17631]: read /var/lib/neutron/dhcp/eea79a59-7647-483d-b93a-88e88e4eb2e5/opts
Jun  2 15:27:44 gtw01 dnsmasq[17631]: read /var/lib/neutron/dhcp/eea79a59-7647-483d-b93a-88e88e4eb2e5/addn_hosts - 2 addresses
Jun  2 15:27:44 gtw01 dnsmasq-dhcp[17631]: read /var/lib/neutron/dhcp/eea79a59-7647-483d-b93a-88e88e4eb2e5/host
Jun  2 15:27:44 gtw01 dnsmasq-dhcp[17631]: read /var/lib/neutron/dhcp/eea79a59-7647-483d-b93a-88e88e4eb2e5/opts
Jun  2 15:27:44 gtw01 dnsmasq[17348]: read /var/lib/neutron/dhcp/5c4f2c28-442b-46a2-88db-fe6ee69a3e6c/addn_hosts - 3 addresses
Jun  2 15:27:44 gtw01 dnsmasq-dhcp[17348]: read /var/lib/neutron/dhcp/5c4f2c28-442b-46a2-88db-fe6ee69a3e6c/host
Jun  2 15:27:44 gtw01 dnsmasq-dhcp[17348]: read /var/lib/neutron/dhcp/5c4f2c28-442b-46a2-88db-fe6ee69a3e6c/opts
Jun  2 15:27:44 gtw01 dnsmasq[17631]: read /var/lib/neutron/dhcp/eea79a59-7647-483d-b93a-88e88e4eb2e5/addn_hosts - 2 addresses
Jun  2 15:27:44 gtw01 dnsmasq-dhcp[17631]: read /var/lib/neutron/dhcp/eea79a59-7647-483d-b93a-88e88e4eb2e5/host
Jun  2 15:27:45 gtw01 dnsmasq-dhcp[17631]: read /var/lib/neutron/dhcp/eea79a59-7647-483d-b93a-88e88e4eb2e5/opts
Jun  2 15:27:45 gtw01 dnsmasq[17631]: read /var/lib/neutron/dhcp/eea79a59-7647-483d-b93a-88e88e4eb2e5/addn_hosts - 2 addresses
Jun  2 15:27:45 gtw01 dnsmasq-dhcp[17631]: read /var/lib/neutron/dhcp/eea79a59-7647-483d-b93a-88e88e4eb2e5/host
Jun  2 15:27:45 gtw01 dnsmasq-dhcp[17631]: read /var/lib/neutron/dhcp/eea79a59-7647-483d-b93a-88e88e4eb2e5/opts
Jun  2 15:27:46 gtw01 dnsmasq[17348]: read /var/lib/neutron/dhcp/5c4f2c28-442b-46a2-88db-fe6ee69a3e6c/addn_hosts - 3 addresses
Jun  2 15:27:46 gtw01 dnsmasq-dhcp[17348]: read /var/lib/neutron/dhcp/5c4f2c28-442b-46a2-88db-fe6ee69a3e6c/host
Jun  2 15:27:46 gtw01 dnsmasq-dhcp[17348]: read /var/lib/neutron/dhcp/5c4f2c28-442b-46a2-88db-fe6ee69a3e6c/opts
Jun  2 15:27:46 gtw01 dnsmasq[17348]: read /var/lib/neutron/dhcp/5c4f2c28-442b-46a2-88db-fe6ee69a3e6c/addn_hosts - 3 addresses
Jun  2 15:27:46 gtw01 dnsmasq-dhcp[17348]: read /var/lib/neutron/dhcp/5c4f2c28-442b-46a2-88db-fe6ee69a3e6c/host
Jun  2 15:27:46 gtw01 dnsmasq-dhcp[17348]: read /var/lib/neutron/dhcp/5c4f2c28-442b-46a2-88db-fe6ee69a3e6c/opts
Jun  2 15:27:48 gtw01 dnsmasq[17631]: read /var/lib/neutron/dhcp/eea79a59-7647-483d-b93a-88e88e4eb2e5/addn_hosts - 3 addresses
Jun  2 15:27:48 gtw01 dnsmasq-dhcp[17631]: read /var/lib/neutron/dhcp/eea79a59-7647-483d-b93a-88e88e4eb2e5/host
Jun  2 15:27:48 gtw01 dnsmasq-dhcp[17631]: read /var/lib/neutron/dhcp/eea79a59-7647-483d-b93a-88e88e4eb2e5/opts
Jun  2 15:27:48 gtw01 dnsmasq[17371]: read /var/lib/neutron/dhcp/2c06b0e7-b12e-4f29-a291-d32ed56af985/addn_hosts - 3 addresses
Jun  2 15:27:48 gtw01 dnsmasq-dhcp[17371]: read /var/lib/neutron/dhcp/2c06b0e7-b12e-4f29-a291-d32ed56af985/host
Jun  2 15:27:48 gtw01 dnsmasq-dhcp[17371]: read /var/lib/neutron/dhcp/2c06b0e7-b12e-4f29-a291-d32ed56af985/opts
Jun  2 15:27:49 gtw01 dnsmasq[17371]: read /var/lib/neutron/dhcp/2c06b0e7-b12e-4f29-a291-d32ed56af985/addn_hosts - 3 addresses
Jun  2 15:27:49 gtw01 dnsmasq-dhcp[17371]: read /var/lib/neutron/dhcp/2c06b0e7-b12e-4f29-a291-d32ed56af985/host
Jun  2 15:27:49 gtw01 dnsmasq-dhcp[17371]: read /var/lib/neutron/dhcp/2c06b0e7-b12e-4f29-a291-d32ed56af985/opts
Jun  2 15:27:49 gtw01 dnsmasq[17631]: read /var/lib/neutron/dhcp/eea79a59-7647-483d-b93a-88e88e4eb2e5/addn_hosts - 3 addresses
Jun  2 15:27:49 gtw01 dnsmasq-dhcp[17631]: read /var/lib/neutron/dhcp/eea79a59-7647-483d-b93a-88e88e4eb2e5/host
Jun  2 15:27:49 gtw01 dnsmasq-dhcp[17631]: read /var/lib/neutron/dhcp/eea79a59-7647-483d-b93a-88e88e4eb2e5/opts
Jun  2 15:27:50 gtw01 dnsmasq[17371]: read /var/lib/neutron/dhcp/2c06b0e7-b12e-4f29-a291-d32ed56af985/addn_hosts - 3 addresses
Jun  2 15:27:50 gtw01 dnsmasq-dhcp[17371]: read /var/lib/neutron/dhcp/2c06b0e7-b12e-4f29-a291-d32ed56af985/host
Jun  2 15:27:50 gtw01 dnsmasq-dhcp[17371]: read /var/lib/neutron/dhcp/2c06b0e7-b12e-4f29-a291-d32ed56af985/opts
Jun  2 15:27:50 gtw01 dnsmasq[17631]: read /var/lib/neutron/dhcp/eea79a59-7647-483d-b93a-88e88e4eb2e5/addn_hosts - 3 addresses
Jun  2 15:27:50 gtw01 dnsmasq-dhcp[17631]: read /var/lib/neutron/dhcp/eea79a59-7647-483d-b93a-88e88e4eb2e5/host
Jun  2 15:27:50 gtw01 dnsmasq-dhcp[17631]: read /var/lib/neutron/dhcp/eea79a59-7647-483d-b93a-88e88e4eb2e5/opts
Jun  2 15:27:55 gtw01 dnsmasq[17348]: read /var/lib/neutron/dhcp/5c4f2c28-442b-46a2-88db-fe6ee69a3e6c/addn_hosts - 2 addresses
Jun  2 15:27:55 gtw01 dnsmasq-dhcp[17348]: read /var/lib/neutron/dhcp/5c4f2c28-442b-46a2-88db-fe6ee69a3e6c/host
Jun  2 15:27:55 gtw01 dnsmasq-dhcp[17348]: read /var/lib/neutron/dhcp/5c4f2c28-442b-46a2-88db-fe6ee69a3e6c/opts
Jun  2 15:27:56 gtw01 kernel: [ 2819.000498] device tap6e3a05e4-18 entered promiscuous mode
Jun  2 15:27:56 gtw01 systemd-udevd[17933]: Could not generate persistent MAC address for tap6e3a05e4-18: No such file or directory
Jun  2 15:27:56 gtw01 systemd-udevd[17977]: Process '/sbin/ip link set tap6e3a05e4-18 txqueuelen 10000' failed with exit code 1.
Jun  2 15:27:59 gtw01 dnsmasq[18049]: started, version 2.80 cachesize 150
Jun  2 15:27:59 gtw01 dnsmasq[18049]: DNS service limited to local subnets
Jun  2 15:27:59 gtw01 dnsmasq[18049]: compile time options: IPv6 GNU-getopt DBus i18n IDN DHCP DHCPv6 no-Lua TFTP conntrack ipset auth DNSSEC loop-detect inotify dumpfile
Jun  2 15:27:59 gtw01 dnsmasq[18049]: warning: no upstream servers configured
Jun  2 15:27:59 gtw01 dnsmasq-dhcp[18049]: DHCP, static leases only on 192.168.120.0, lease time 1h
Jun  2 15:27:59 gtw01 dnsmasq[18049]: read /var/lib/neutron/dhcp/5f1fc660-1e3c-4e04-9603-420bb83088f5/addn_hosts - 1 addresses
Jun  2 15:27:59 gtw01 dnsmasq-dhcp[18049]: read /var/lib/neutron/dhcp/5f1fc660-1e3c-4e04-9603-420bb83088f5/host
Jun  2 15:27:59 gtw01 dnsmasq-dhcp[18049]: read /var/lib/neutron/dhcp/5f1fc660-1e3c-4e04-9603-420bb83088f5/opts
Jun  2 15:27:59 gtw01 dnsmasq[17348]: read /var/lib/neutron/dhcp/5c4f2c28-442b-46a2-88db-fe6ee69a3e6c/addn_hosts - 1 addresses
Jun  2 15:27:59 gtw01 dnsmasq-dhcp[17348]: read /var/lib/neutron/dhcp/5c4f2c28-442b-46a2-88db-fe6ee69a3e6c/host
Jun  2 15:27:59 gtw01 dnsmasq-dhcp[17348]: read /var/lib/neutron/dhcp/5c4f2c28-442b-46a2-88db-fe6ee69a3e6c/opts
Jun  2 15:27:59 gtw01 haproxy-metadata-proxy-5f1fc660-1e3c-4e04-9603-420bb83088f5[18057]: Proxy listener started.
Jun  2 15:28:00 gtw01 dnsmasq[18049]: read /var/lib/neutron/dhcp/5f1fc660-1e3c-4e04-9603-420bb83088f5/addn_hosts - 2 addresses
Jun  2 15:28:00 gtw01 dnsmasq-dhcp[18049]: read /var/lib/neutron/dhcp/5f1fc660-1e3c-4e04-9603-420bb83088f5/host
Jun  2 15:28:00 gtw01 dnsmasq-dhcp[18049]: read /var/lib/neutron/dhcp/5f1fc660-1e3c-4e04-9603-420bb83088f5/opts
Jun  2 15:28:01 gtw01 dnsmasq[18049]: read /var/lib/neutron/dhcp/5f1fc660-1e3c-4e04-9603-420bb83088f5/addn_hosts - 2 addresses
Jun  2 15:28:01 gtw01 dnsmasq-dhcp[18049]: read /var/lib/neutron/dhcp/5f1fc660-1e3c-4e04-9603-420bb83088f5/host
Jun  2 15:28:01 gtw01 dnsmasq-dhcp[18049]: read /var/lib/neutron/dhcp/5f1fc660-1e3c-4e04-9603-420bb83088f5/opts
Jun  2 15:28:01 gtw01 dnsmasq[17371]: read /var/lib/neutron/dhcp/2c06b0e7-b12e-4f29-a291-d32ed56af985/addn_hosts - 2 addresses
Jun  2 15:28:01 gtw01 dnsmasq-dhcp[17371]: read /var/lib/neutron/dhcp/2c06b0e7-b12e-4f29-a291-d32ed56af985/host
Jun  2 15:28:01 gtw01 dnsmasq-dhcp[17371]: read /var/lib/neutron/dhcp/2c06b0e7-b12e-4f29-a291-d32ed56af985/opts
Jun  2 15:28:02 gtw01 dnsmasq[18049]: read /var/lib/neutron/dhcp/5f1fc660-1e3c-4e04-9603-420bb83088f5/addn_hosts - 2 addresses
Jun  2 15:28:02 gtw01 dnsmasq-dhcp[18049]: read /var/lib/neutron/dhcp/5f1fc660-1e3c-4e04-9603-420bb83088f5/host
Jun  2 15:28:02 gtw01 dnsmasq-dhcp[18049]: read /var/lib/neutron/dhcp/5f1fc660-1e3c-4e04-9603-420bb83088f5/opts
Jun  2 15:28:02 gtw01 dnsmasq-dhcp[17631]: DHCPDISCOVER(tapc4599319-96) fa:16:3e:bb:ff:08
Jun  2 15:28:02 gtw01 dnsmasq-dhcp[17631]: DHCPOFFER(tapc4599319-96) 192.168.120.3 fa:16:3e:bb:ff:08
Jun  2 15:28:02 gtw01 dnsmasq-dhcp[17631]: DHCPREQUEST(tapc4599319-96) 192.168.120.3 fa:16:3e:bb:ff:08
Jun  2 15:28:02 gtw01 dnsmasq-dhcp[17631]: DHCPACK(tapc4599319-96) 192.168.120.3 fa:16:3e:bb:ff:08 host-192-168-120-3
Jun  2 15:28:02 gtw01 dnsmasq[18049]: read /var/lib/neutron/dhcp/5f1fc660-1e3c-4e04-9603-420bb83088f5/addn_hosts - 2 addresses
Jun  2 15:28:02 gtw01 dnsmasq-dhcp[18049]: read /var/lib/neutron/dhcp/5f1fc660-1e3c-4e04-9603-420bb83088f5/host
Jun  2 15:28:02 gtw01 dnsmasq-dhcp[18049]: read /var/lib/neutron/dhcp/5f1fc660-1e3c-4e04-9603-420bb83088f5/opts
Jun  2 15:28:03 gtw01 dnsmasq[18049]: read /var/lib/neutron/dhcp/5f1fc660-1e3c-4e04-9603-420bb83088f5/addn_hosts - 2 addresses
Jun  2 15:28:03 gtw01 dnsmasq-dhcp[18049]: read /var/lib/neutron/dhcp/5f1fc660-1e3c-4e04-9603-420bb83088f5/host
Jun  2 15:28:03 gtw01 dnsmasq-dhcp[18049]: read /var/lib/neutron/dhcp/5f1fc660-1e3c-4e04-9603-420bb83088f5/opts
Jun  2 15:28:04 gtw01 kernel: [ 2826.373088] device tap57b725bc-9c left promiscuous mode
Jun  2 15:28:06 gtw01 dnsmasq[18049]: read /var/lib/neutron/dhcp/5f1fc660-1e3c-4e04-9603-420bb83088f5/addn_hosts - 3 addresses
Jun  2 15:28:06 gtw01 dnsmasq-dhcp[18049]: read /var/lib/neutron/dhcp/5f1fc660-1e3c-4e04-9603-420bb83088f5/host
Jun  2 15:28:06 gtw01 dnsmasq-dhcp[18049]: read /var/lib/neutron/dhcp/5f1fc660-1e3c-4e04-9603-420bb83088f5/opts
Jun  2 15:28:06 gtw01 dnsmasq[17371]: read /var/lib/neutron/dhcp/2c06b0e7-b12e-4f29-a291-d32ed56af985/addn_hosts - 1 addresses
Jun  2 15:28:06 gtw01 dnsmasq-dhcp[17371]: read /var/lib/neutron/dhcp/2c06b0e7-b12e-4f29-a291-d32ed56af985/host
Jun  2 15:28:06 gtw01 dnsmasq-dhcp[17371]: read /var/lib/neutron/dhcp/2c06b0e7-b12e-4f29-a291-d32ed56af985/opts
Jun  2 15:28:07 gtw01 dnsmasq[18049]: read /var/lib/neutron/dhcp/5f1fc660-1e3c-4e04-9603-420bb83088f5/addn_hosts - 3 addresses
Jun  2 15:28:07 gtw01 dnsmasq-dhcp[18049]: read /var/lib/neutron/dhcp/5f1fc660-1e3c-4e04-9603-420bb83088f5/host
Jun  2 15:28:07 gtw01 dnsmasq-dhcp[18049]: read /var/lib/neutron/dhcp/5f1fc660-1e3c-4e04-9603-420bb83088f5/opts
Jun  2 15:28:08 gtw01 dnsmasq[17631]: read /var/lib/neutron/dhcp/eea79a59-7647-483d-b93a-88e88e4eb2e5/addn_hosts - 4 addresses
Jun  2 15:28:08 gtw01 dnsmasq-dhcp[17631]: read /var/lib/neutron/dhcp/eea79a59-7647-483d-b93a-88e88e4eb2e5/host
Jun  2 15:28:08 gtw01 dnsmasq-dhcp[17631]: read /var/lib/neutron/dhcp/eea79a59-7647-483d-b93a-88e88e4eb2e5/opts
Jun  2 15:28:08 gtw01 dnsmasq[18049]: read /var/lib/neutron/dhcp/5f1fc660-1e3c-4e04-9603-420bb83088f5/addn_hosts - 3 addresses
Jun  2 15:28:08 gtw01 dnsmasq-dhcp[18049]: read /var/lib/neutron/dhcp/5f1fc660-1e3c-4e04-9603-420bb83088f5/host
Jun  2 15:28:08 gtw01 dnsmasq-dhcp[18049]: read /var/lib/neutron/dhcp/5f1fc660-1e3c-4e04-9603-420bb83088f5/opts
Jun  2 15:28:11 gtw01 dnsmasq[17631]: read /var/lib/neutron/dhcp/eea79a59-7647-483d-b93a-88e88e4eb2e5/addn_hosts - 3 addresses
Jun  2 15:28:11 gtw01 dnsmasq-dhcp[17631]: read /var/lib/neutron/dhcp/eea79a59-7647-483d-b93a-88e88e4eb2e5/host
Jun  2 15:28:11 gtw01 dnsmasq-dhcp[17631]: read /var/lib/neutron/dhcp/eea79a59-7647-483d-b93a-88e88e4eb2e5/opts
Jun  2 15:28:12 gtw01 systemd-udevd[18293]: Could not generate persistent MAC address for tapc7435a0c-ae: No such file or directory
Jun  2 15:28:12 gtw01 kernel: [ 2834.744128] device tapc7435a0c-ae entered promiscuous mode
Jun  2 15:28:12 gtw01 systemd-udevd[18339]: Process '/sbin/ip link set tapc7435a0c-ae txqueuelen 10000' failed with exit code 1.
Jun  2 15:28:12 gtw01 kernel: [ 2834.818120] device tap81be6714-e5 left promiscuous mode
Jun  2 15:28:15 gtw01 dnsmasq-dhcp[17631]: DHCPRELEASE(tapc4599319-96) 192.168.120.3 fa:16:3e:bb:ff:08
Jun  2 15:28:15 gtw01 dnsmasq[18411]: started, version 2.80 cachesize 150
Jun  2 15:28:15 gtw01 dnsmasq[18411]: DNS service limited to local subnets
Jun  2 15:28:15 gtw01 dnsmasq[18411]: compile time options: IPv6 GNU-getopt DBus i18n IDN DHCP DHCPv6 no-Lua TFTP conntrack ipset auth DNSSEC loop-detect inotify dumpfile
Jun  2 15:28:15 gtw01 dnsmasq[18411]: warning: no upstream servers configured
Jun  2 15:28:15 gtw01 dnsmasq-dhcp[18411]: DHCP, static leases only on 192.168.120.0, lease time 1h
Jun  2 15:28:15 gtw01 dnsmasq[18411]: read /var/lib/neutron/dhcp/3e3d67ca-088e-41b7-bacf-d9cc4b009e89/addn_hosts - 1 addresses
Jun  2 15:28:15 gtw01 dnsmasq-dhcp[18411]: read /var/lib/neutron/dhcp/3e3d67ca-088e-41b7-bacf-d9cc4b009e89/host
Jun  2 15:28:15 gtw01 dnsmasq-dhcp[18411]: read /var/lib/neutron/dhcp/3e3d67ca-088e-41b7-bacf-d9cc4b009e89/opts
Jun  2 15:28:15 gtw01 dnsmasq-dhcp[17631]: DHCPRELEASE(tapc4599319-96) 192.168.120.3 fa:16:3e:bb:ff:08 unknown lease
Jun  2 15:28:15 gtw01 haproxy-metadata-proxy-3e3d67ca-088e-41b7-bacf-d9cc4b009e89[18415]: Proxy listener started.
Jun  2 15:28:16 gtw01 dnsmasq[17631]: read /var/lib/neutron/dhcp/eea79a59-7647-483d-b93a-88e88e4eb2e5/addn_hosts - 2 addresses
Jun  2 15:28:16 gtw01 dnsmasq-dhcp[17631]: read /var/lib/neutron/dhcp/eea79a59-7647-483d-b93a-88e88e4eb2e5/host
Jun  2 15:28:16 gtw01 dnsmasq-dhcp[17631]: read /var/lib/neutron/dhcp/eea79a59-7647-483d-b93a-88e88e4eb2e5/opts
Jun  2 15:28:16 gtw01 dnsmasq[18411]: read /var/lib/neutron/dhcp/3e3d67ca-088e-41b7-bacf-d9cc4b009e89/addn_hosts - 2 addresses
Jun  2 15:28:16 gtw01 dnsmasq-dhcp[18411]: read /var/lib/neutron/dhcp/3e3d67ca-088e-41b7-bacf-d9cc4b009e89/host
Jun  2 15:28:16 gtw01 dnsmasq-dhcp[18411]: read /var/lib/neutron/dhcp/3e3d67ca-088e-41b7-bacf-d9cc4b009e89/opts
Jun  2 15:28:17 gtw01 dnsmasq[18411]: read /var/lib/neutron/dhcp/3e3d67ca-088e-41b7-bacf-d9cc4b009e89/addn_hosts - 2 addresses
Jun  2 15:28:17 gtw01 dnsmasq-dhcp[18411]: read /var/lib/neutron/dhcp/3e3d67ca-088e-41b7-bacf-d9cc4b009e89/host
Jun  2 15:28:17 gtw01 dnsmasq-dhcp[18411]: read /var/lib/neutron/dhcp/3e3d67ca-088e-41b7-bacf-d9cc4b009e89/opts
Jun  2 15:28:18 gtw01 dnsmasq[18411]: read /var/lib/neutron/dhcp/3e3d67ca-088e-41b7-bacf-d9cc4b009e89/addn_hosts - 2 addresses
Jun  2 15:28:18 gtw01 dnsmasq-dhcp[18411]: read /var/lib/neutron/dhcp/3e3d67ca-088e-41b7-bacf-d9cc4b009e89/host
