Jun  2 16:09:02 gtw01 dnsmasq[6337]: read /var/lib/neutron/dhcp/f7931850-8c10-4945-ad1b-683403aee7ab/addn_hosts - 4 addresses
Jun  2 16:09:02 gtw01 dnsmasq-dhcp[6337]: read /var/lib/neutron/dhcp/f7931850-8c10-4945-ad1b-683403aee7ab/host
Jun  2 16:09:02 gtw01 dnsmasq-dhcp[6337]: read /var/lib/neutron/dhcp/f7931850-8c10-4945-ad1b-683403aee7ab/opts
Jun  2 16:09:06 gtw01 dnsmasq-dhcp[6337]: DHCPDISCOVER(tapdaf009ab-00) fa:16:3e:24:0d:bd
Jun  2 16:09:06 gtw01 dnsmasq-dhcp[6337]: DHCPOFFER(tapdaf009ab-00) 192.168.120.7 fa:16:3e:24:0d:bd
Jun  2 16:09:06 gtw01 dnsmasq-dhcp[6337]: DHCPREQUEST(tapdaf009ab-00) 192.168.120.7 fa:16:3e:24:0d:bd
Jun  2 16:09:06 gtw01 dnsmasq-dhcp[6337]: DHCPACK(tapdaf009ab-00) 192.168.120.7 fa:16:3e:24:0d:bd host-192-168-120-7
Jun  2 16:09:08 gtw01 dnsmasq[6337]: read /var/lib/neutron/dhcp/f7931850-8c10-4945-ad1b-683403aee7ab/addn_hosts - 3 addresses
Jun  2 16:09:08 gtw01 dnsmasq-dhcp[6337]: read /var/lib/neutron/dhcp/f7931850-8c10-4945-ad1b-683403aee7ab/host
Jun  2 16:09:08 gtw01 dnsmasq-dhcp[6337]: read /var/lib/neutron/dhcp/f7931850-8c10-4945-ad1b-683403aee7ab/opts
Jun  2 16:09:10 gtw01 dnsmasq-dhcp[6337]: DHCPRELEASE(tapdaf009ab-00) 192.168.120.7 fa:16:3e:24:0d:bd
Jun  2 16:09:10 gtw01 dnsmasq-dhcp[6337]: DHCPRELEASE(tapdaf009ab-00) 192.168.120.7 fa:16:3e:24:0d:bd unknown lease
Jun  2 16:09:11 gtw01 dnsmasq[6337]: read /var/lib/neutron/dhcp/f7931850-8c10-4945-ad1b-683403aee7ab/addn_hosts - 2 addresses
Jun  2 16:09:11 gtw01 dnsmasq-dhcp[6337]: read /var/lib/neutron/dhcp/f7931850-8c10-4945-ad1b-683403aee7ab/host
Jun  2 16:09:11 gtw01 dnsmasq-dhcp[6337]: read /var/lib/neutron/dhcp/f7931850-8c10-4945-ad1b-683403aee7ab/opts
Jun  2 16:09:12 gtw01 dnsmasq-dhcp[10688]: DHCPDISCOVER(tap7c979807-1e) fa:16:3e:85:33:f4
Jun  2 16:09:12 gtw01 dnsmasq-dhcp[10688]: DHCPOFFER(tap7c979807-1e) 192.168.120.5 fa:16:3e:85:33:f4
Jun  2 16:09:12 gtw01 dnsmasq-dhcp[10688]: DHCPREQUEST(tap7c979807-1e) 192.168.120.5 fa:16:3e:85:33:f4
Jun  2 16:09:12 gtw01 dnsmasq-dhcp[10688]: DHCPACK(tap7c979807-1e) 192.168.120.5 fa:16:3e:85:33:f4 host-192-168-120-5
Jun  2 16:09:15 gtw01 dnsmasq[6337]: read /var/lib/neutron/dhcp/f7931850-8c10-4945-ad1b-683403aee7ab/addn_hosts - 3 addresses
Jun  2 16:09:15 gtw01 dnsmasq-dhcp[6337]: read /var/lib/neutron/dhcp/f7931850-8c10-4945-ad1b-683403aee7ab/host
Jun  2 16:09:15 gtw01 dnsmasq-dhcp[6337]: read /var/lib/neutron/dhcp/f7931850-8c10-4945-ad1b-683403aee7ab/opts
Jun  2 16:09:16 gtw01 dnsmasq[6337]: read /var/lib/neutron/dhcp/f7931850-8c10-4945-ad1b-683403aee7ab/addn_hosts - 3 addresses
Jun  2 16:09:16 gtw01 dnsmasq-dhcp[6337]: read /var/lib/neutron/dhcp/f7931850-8c10-4945-ad1b-683403aee7ab/host
Jun  2 16:09:16 gtw01 dnsmasq-dhcp[6337]: read /var/lib/neutron/dhcp/f7931850-8c10-4945-ad1b-683403aee7ab/opts
Jun  2 16:09:17 gtw01 dnsmasq[6337]: read /var/lib/neutron/dhcp/f7931850-8c10-4945-ad1b-683403aee7ab/addn_hosts - 3 addresses
Jun  2 16:09:17 gtw01 dnsmasq-dhcp[6337]: read /var/lib/neutron/dhcp/f7931850-8c10-4945-ad1b-683403aee7ab/host
Jun  2 16:09:17 gtw01 dnsmasq-dhcp[6337]: read /var/lib/neutron/dhcp/f7931850-8c10-4945-ad1b-683403aee7ab/opts
Jun  2 16:09:23 gtw01 dnsmasq[6337]: read /var/lib/neutron/dhcp/f7931850-8c10-4945-ad1b-683403aee7ab/addn_hosts - 2 addresses
Jun  2 16:09:23 gtw01 dnsmasq-dhcp[6337]: read /var/lib/neutron/dhcp/f7931850-8c10-4945-ad1b-683403aee7ab/host
Jun  2 16:09:23 gtw01 dnsmasq-dhcp[6337]: read /var/lib/neutron/dhcp/f7931850-8c10-4945-ad1b-683403aee7ab/opts
Jun  2 16:09:27 gtw01 dnsmasq-dhcp[10688]: DHCPRELEASE(tap7c979807-1e) 192.168.120.5 fa:16:3e:85:33:f4
Jun  2 16:09:28 gtw01 dnsmasq[6337]: read /var/lib/neutron/dhcp/f7931850-8c10-4945-ad1b-683403aee7ab/addn_hosts - 3 addresses
Jun  2 16:09:28 gtw01 dnsmasq-dhcp[6337]: read /var/lib/neutron/dhcp/f7931850-8c10-4945-ad1b-683403aee7ab/host
Jun  2 16:09:28 gtw01 dnsmasq-dhcp[6337]: read /var/lib/neutron/dhcp/f7931850-8c10-4945-ad1b-683403aee7ab/opts
Jun  2 16:09:29 gtw01 dnsmasq[6337]: read /var/lib/neutron/dhcp/f7931850-8c10-4945-ad1b-683403aee7ab/addn_hosts - 3 addresses
Jun  2 16:09:29 gtw01 dnsmasq-dhcp[6337]: read /var/lib/neutron/dhcp/f7931850-8c10-4945-ad1b-683403aee7ab/host
Jun  2 16:09:29 gtw01 dnsmasq-dhcp[6337]: read /var/lib/neutron/dhcp/f7931850-8c10-4945-ad1b-683403aee7ab/opts
Jun  2 16:09:30 gtw01 dnsmasq[6337]: read /var/lib/neutron/dhcp/f7931850-8c10-4945-ad1b-683403aee7ab/addn_hosts - 3 addresses
Jun  2 16:09:30 gtw01 dnsmasq-dhcp[6337]: read /var/lib/neutron/dhcp/f7931850-8c10-4945-ad1b-683403aee7ab/host
Jun  2 16:09:30 gtw01 dnsmasq-dhcp[6337]: read /var/lib/neutron/dhcp/f7931850-8c10-4945-ad1b-683403aee7ab/opts
Jun  2 16:09:42 gtw01 dnsmasq-dhcp[6337]: DHCPDISCOVER(tapdaf009ab-00) fa:16:3e:c7:fe:c8
Jun  2 16:09:42 gtw01 dnsmasq-dhcp[6337]: DHCPOFFER(tapdaf009ab-00) 192.168.120.15 fa:16:3e:c7:fe:c8
Jun  2 16:09:42 gtw01 dnsmasq-dhcp[6337]: DHCPREQUEST(tapdaf009ab-00) 192.168.120.15 fa:16:3e:c7:fe:c8
Jun  2 16:09:42 gtw01 dnsmasq-dhcp[6337]: DHCPACK(tapdaf009ab-00) 192.168.120.15 fa:16:3e:c7:fe:c8 host-192-168-120-15
Jun  2 16:09:45 gtw01 dnsmasq-dhcp[6337]: DHCPRELEASE(tapdaf009ab-00) 192.168.120.15 fa:16:3e:c7:fe:c8
Jun  2 16:09:46 gtw01 dnsmasq-dhcp[10688]: DHCPDISCOVER(tap7c979807-1e) fa:16:3e:85:33:f4
Jun  2 16:09:46 gtw01 dnsmasq-dhcp[10688]: DHCPOFFER(tap7c979807-1e) 192.168.120.5 fa:16:3e:85:33:f4
Jun  2 16:09:46 gtw01 dnsmasq-dhcp[10688]: DHCPREQUEST(tap7c979807-1e) 192.168.120.5 fa:16:3e:85:33:f4
Jun  2 16:09:46 gtw01 dnsmasq-dhcp[10688]: DHCPACK(tap7c979807-1e) 192.168.120.5 fa:16:3e:85:33:f4 host-192-168-120-5
Jun  2 16:09:51 gtw01 dnsmasq[6337]: read /var/lib/neutron/dhcp/f7931850-8c10-4945-ad1b-683403aee7ab/addn_hosts - 2 addresses
Jun  2 16:09:51 gtw01 dnsmasq-dhcp[6337]: read /var/lib/neutron/dhcp/f7931850-8c10-4945-ad1b-683403aee7ab/host
Jun  2 16:09:51 gtw01 dnsmasq-dhcp[6337]: read /var/lib/neutron/dhcp/f7931850-8c10-4945-ad1b-683403aee7ab/opts
Jun  2 16:09:56 gtw01 dnsmasq-dhcp[10688]: DHCPRELEASE(tap7c979807-1e) 192.168.120.5 fa:16:3e:85:33:f4
Jun  2 16:10:07 gtw01 kernel: [ 5350.234584] device tap5d989f7b-19 entered promiscuous mode
Jun  2 16:10:07 gtw01 systemd-udevd[11108]: Could not generate persistent MAC address for tap5d989f7b-19: No such file or directory
Jun  2 16:10:08 gtw01 systemd-udevd[11154]: Process '/sbin/ip link set tap5d989f7b-19 txqueuelen 10000' failed with exit code 1.
Jun  2 16:10:11 gtw01 dnsmasq[11217]: started, version 2.80 cachesize 150
Jun  2 16:10:11 gtw01 dnsmasq[11217]: DNS service limited to local subnets
Jun  2 16:10:11 gtw01 dnsmasq[11217]: compile time options: IPv6 GNU-getopt DBus i18n IDN DHCP DHCPv6 no-Lua TFTP conntrack ipset auth DNSSEC loop-detect inotify dumpfile
Jun  2 16:10:11 gtw01 dnsmasq[11217]: warning: no upstream servers configured
Jun  2 16:10:11 gtw01 dnsmasq-dhcp[11217]: DHCP, static leases only on 192.168.120.240, lease time 1h
Jun  2 16:10:11 gtw01 dnsmasq[11217]: read /var/lib/neutron/dhcp/926519ed-c7f9-494f-bed5-678ee738ee46/addn_hosts - 1 addresses
Jun  2 16:10:11 gtw01 dnsmasq-dhcp[11217]: read /var/lib/neutron/dhcp/926519ed-c7f9-494f-bed5-678ee738ee46/host
Jun  2 16:10:11 gtw01 dnsmasq-dhcp[11217]: read /var/lib/neutron/dhcp/926519ed-c7f9-494f-bed5-678ee738ee46/opts
Jun  2 16:10:11 gtw01 haproxy-metadata-proxy-926519ed-c7f9-494f-bed5-678ee738ee46[11221]: Proxy listener started.
Jun  2 16:10:11 gtw01 dnsmasq[11217]: read /var/lib/neutron/dhcp/926519ed-c7f9-494f-bed5-678ee738ee46/addn_hosts - 1 addresses
Jun  2 16:10:11 gtw01 dnsmasq-dhcp[11217]: read /var/lib/neutron/dhcp/926519ed-c7f9-494f-bed5-678ee738ee46/host
Jun  2 16:10:11 gtw01 dnsmasq-dhcp[11217]: read /var/lib/neutron/dhcp/926519ed-c7f9-494f-bed5-678ee738ee46/opts
Jun  2 16:10:12 gtw01 dnsmasq[11217]: read /var/lib/neutron/dhcp/926519ed-c7f9-494f-bed5-678ee738ee46/addn_hosts - 1 addresses
Jun  2 16:10:12 gtw01 dnsmasq-dhcp[11217]: read /var/lib/neutron/dhcp/926519ed-c7f9-494f-bed5-678ee738ee46/host
Jun  2 16:10:12 gtw01 dnsmasq-dhcp[11217]: read /var/lib/neutron/dhcp/926519ed-c7f9-494f-bed5-678ee738ee46/opts
Jun  2 16:10:13 gtw01 dnsmasq-dhcp[10688]: DHCPDISCOVER(tap7c979807-1e) fa:16:3e:85:33:f4
Jun  2 16:10:13 gtw01 dnsmasq-dhcp[10688]: DHCPOFFER(tap7c979807-1e) 192.168.120.5 fa:16:3e:85:33:f4
Jun  2 16:10:13 gtw01 dnsmasq-dhcp[10688]: DHCPREQUEST(tap7c979807-1e) 192.168.120.5 fa:16:3e:85:33:f4
Jun  2 16:10:13 gtw01 dnsmasq-dhcp[10688]: DHCPACK(tap7c979807-1e) 192.168.120.5 fa:16:3e:85:33:f4 host-192-168-120-5
Jun  2 16:10:13 gtw01 dnsmasq[11217]: read /var/lib/neutron/dhcp/926519ed-c7f9-494f-bed5-678ee738ee46/addn_hosts - 1 addresses
Jun  2 16:10:13 gtw01 dnsmasq-dhcp[11217]: read /var/lib/neutron/dhcp/926519ed-c7f9-494f-bed5-678ee738ee46/host
Jun  2 16:10:13 gtw01 dnsmasq-dhcp[11217]: read /var/lib/neutron/dhcp/926519ed-c7f9-494f-bed5-678ee738ee46/opts
Jun  2 16:10:23 gtw01 dnsmasq-dhcp[10688]: DHCPRELEASE(tap7c979807-1e) 192.168.120.5 fa:16:3e:85:33:f4
Jun  2 16:10:23 gtw01 dnsmasq-dhcp[10688]: DHCPRELEASE(tap7c979807-1e) 192.168.120.5 fa:16:3e:85:33:f4 unknown lease
Jun  2 16:10:24 gtw01 dnsmasq[10688]: read /var/lib/neutron/dhcp/82e91f08-4d39-4ee7-8b11-4aaaa314a091/addn_hosts - 2 addresses
Jun  2 16:10:24 gtw01 dnsmasq-dhcp[10688]: read /var/lib/neutron/dhcp/82e91f08-4d39-4ee7-8b11-4aaaa314a091/host
Jun  2 16:10:24 gtw01 dnsmasq-dhcp[10688]: read /var/lib/neutron/dhcp/82e91f08-4d39-4ee7-8b11-4aaaa314a091/opts
Jun  2 16:10:32 gtw01 dnsmasq[10688]: read /var/lib/neutron/dhcp/82e91f08-4d39-4ee7-8b11-4aaaa314a091/addn_hosts - 3 addresses
Jun  2 16:10:32 gtw01 dnsmasq-dhcp[10688]: read /var/lib/neutron/dhcp/82e91f08-4d39-4ee7-8b11-4aaaa314a091/host
Jun  2 16:10:32 gtw01 dnsmasq-dhcp[10688]: read /var/lib/neutron/dhcp/82e91f08-4d39-4ee7-8b11-4aaaa314a091/opts
Jun  2 16:10:33 gtw01 dnsmasq[10688]: read /var/lib/neutron/dhcp/82e91f08-4d39-4ee7-8b11-4aaaa314a091/addn_hosts - 3 addresses
Jun  2 16:10:33 gtw01 dnsmasq-dhcp[10688]: read /var/lib/neutron/dhcp/82e91f08-4d39-4ee7-8b11-4aaaa314a091/host
Jun  2 16:10:33 gtw01 dnsmasq-dhcp[10688]: read /var/lib/neutron/dhcp/82e91f08-4d39-4ee7-8b11-4aaaa314a091/opts
Jun  2 16:10:34 gtw01 dnsmasq[10688]: read /var/lib/neutron/dhcp/82e91f08-4d39-4ee7-8b11-4aaaa314a091/addn_hosts - 3 addresses
Jun  2 16:10:34 gtw01 dnsmasq-dhcp[10688]: read /var/lib/neutron/dhcp/82e91f08-4d39-4ee7-8b11-4aaaa314a091/host
Jun  2 16:10:34 gtw01 dnsmasq-dhcp[10688]: read /var/lib/neutron/dhcp/82e91f08-4d39-4ee7-8b11-4aaaa314a091/opts
Jun  2 16:10:41 gtw01 systemd-udevd[11364]: Could not generate persistent MAC address for tap9e18a43d-74: No such file or directory
Jun  2 16:10:41 gtw01 kernel: [ 5384.142470] device tap9e18a43d-74 entered promiscuous mode
Jun  2 16:10:41 gtw01 systemd-udevd[11409]: Process '/sbin/ip link set tap9e18a43d-74 txqueuelen 10000' failed with exit code 1.
Jun  2 16:10:45 gtw01 dnsmasq[11474]: started, version 2.80 cachesize 150
Jun  2 16:10:45 gtw01 dnsmasq[11474]: DNS service limited to local subnets
Jun  2 16:10:45 gtw01 dnsmasq[11474]: compile time options: IPv6 GNU-getopt DBus i18n IDN DHCP DHCPv6 no-Lua TFTP conntrack ipset auth DNSSEC loop-detect inotify dumpfile
Jun  2 16:10:45 gtw01 dnsmasq[11474]: warning: no upstream servers configured
Jun  2 16:10:45 gtw01 dnsmasq-dhcp[11474]: DHCP, static leases only on 192.168.120.0, lease time 1h
Jun  2 16:10:45 gtw01 dnsmasq[11474]: read /var/lib/neutron/dhcp/a9de62c4-76a6-4239-afd6-edea03aab5a4/addn_hosts - 1 addresses
Jun  2 16:10:45 gtw01 dnsmasq-dhcp[11474]: read /var/lib/neutron/dhcp/a9de62c4-76a6-4239-afd6-edea03aab5a4/host
Jun  2 16:10:45 gtw01 dnsmasq-dhcp[11474]: read /var/lib/neutron/dhcp/a9de62c4-76a6-4239-afd6-edea03aab5a4/opts
Jun  2 16:10:45 gtw01 haproxy-metadata-proxy-a9de62c4-76a6-4239-afd6-edea03aab5a4[11478]: Proxy listener started.
Jun  2 16:10:45 gtw01 kernel: [ 5387.940618] device tap9e18a43d-74 left promiscuous mode
Jun  2 16:10:46 gtw01 dnsmasq-dhcp[10688]: DHCPDISCOVER(tap7c979807-1e) fa:16:3e:cf:b1:2e
Jun  2 16:10:46 gtw01 dnsmasq-dhcp[10688]: DHCPOFFER(tap7c979807-1e) 192.168.120.4 fa:16:3e:cf:b1:2e
Jun  2 16:10:46 gtw01 dnsmasq-dhcp[10688]: DHCPREQUEST(tap7c979807-1e) 192.168.120.4 fa:16:3e:cf:b1:2e
Jun  2 16:10:46 gtw01 dnsmasq-dhcp[10688]: DHCPACK(tap7c979807-1e) 192.168.120.4 fa:16:3e:cf:b1:2e host-192-168-120-4
Jun  2 16:10:53 gtw01 systemd-udevd[11510]: Could not generate persistent MAC address for tap89701845-a1: No such file or directory
Jun  2 16:10:53 gtw01 kernel: [ 5396.128646] device tap89701845-a1 entered promiscuous mode
Jun  2 16:10:53 gtw01 systemd-udevd[11510]: Process '/sbin/ip link set tap89701845-a1 txqueuelen 10000' failed with exit code 1.
Jun  2 16:10:56 gtw01 dnsmasq[11618]: started, version 2.80 cachesize 150
Jun  2 16:10:56 gtw01 dnsmasq[11618]: DNS service limited to local subnets
Jun  2 16:10:56 gtw01 dnsmasq[11618]: compile time options: IPv6 GNU-getopt DBus i18n IDN DHCP DHCPv6 no-Lua TFTP conntrack ipset auth DNSSEC loop-detect inotify dumpfile
Jun  2 16:10:56 gtw01 dnsmasq[11618]: warning: no upstream servers configured
Jun  2 16:10:56 gtw01 dnsmasq-dhcp[11618]: DHCP, static leases only on 192.168.120.0, lease time 1h
Jun  2 16:10:57 gtw01 dnsmasq[11618]: read /var/lib/neutron/dhcp/b91d311e-2208-44c2-9d16-e2c25bb82e65/addn_hosts - 1 addresses
Jun  2 16:10:57 gtw01 dnsmasq-dhcp[11618]: read /var/lib/neutron/dhcp/b91d311e-2208-44c2-9d16-e2c25bb82e65/host
Jun  2 16:10:57 gtw01 dnsmasq-dhcp[11618]: read /var/lib/neutron/dhcp/b91d311e-2208-44c2-9d16-e2c25bb82e65/opts
Jun  2 16:10:57 gtw01 haproxy-metadata-proxy-b91d311e-2208-44c2-9d16-e2c25bb82e65[11622]: Proxy listener started.
Jun  2 16:10:57 gtw01 kernel: [ 5399.903073] device tap89701845-a1 left promiscuous mode
Jun  2 16:10:58 gtw01 kernel: [ 5400.975968] device tap5d989f7b-19 left promiscuous mode
Jun  2 16:11:02 gtw01 dnsmasq-dhcp[10688]: DHCPRELEASE(tap7c979807-1e) 192.168.120.4 fa:16:3e:cf:b1:2e
Jun  2 16:11:02 gtw01 dnsmasq-dhcp[10688]: DHCPRELEASE(tap7c979807-1e) 192.168.120.4 fa:16:3e:cf:b1:2e unknown lease
Jun  2 16:11:03 gtw01 dnsmasq[10688]: read /var/lib/neutron/dhcp/82e91f08-4d39-4ee7-8b11-4aaaa314a091/addn_hosts - 2 addresses
Jun  2 16:11:03 gtw01 dnsmasq-dhcp[10688]: read /var/lib/neutron/dhcp/82e91f08-4d39-4ee7-8b11-4aaaa314a091/host
Jun  2 16:11:03 gtw01 dnsmasq-dhcp[10688]: read /var/lib/neutron/dhcp/82e91f08-4d39-4ee7-8b11-4aaaa314a091/opts
Jun  2 16:11:07 gtw01 kernel: [ 5410.117896] device tap8d32bd15-1c entered promiscuous mode
Jun  2 16:11:07 gtw01 systemd-udevd[11687]: Could not generate persistent MAC address for tap8d32bd15-1c: No such file or directory
Jun  2 16:11:07 gtw01 systemd-udevd[11733]: Process '/sbin/ip link set tap8d32bd15-1c txqueuelen 10000' failed with exit code 1.
Jun  2 16:11:09 gtw01 kernel: [ 5411.949866] device tap1c6275c6-5d entered promiscuous mode
Jun  2 16:11:09 gtw01 systemd-udevd[11794]: Could not generate persistent MAC address for tap1c6275c6-5d: No such file or directory
Jun  2 16:11:09 gtw01 systemd-udevd[11842]: Process '/sbin/ip link set tap1c6275c6-5d txqueuelen 10000' failed with exit code 1.
Jun  2 16:11:10 gtw01 systemd-udevd[11890]: Could not generate persistent MAC address for tap71d5b608-fe: No such file or directory
Jun  2 16:11:10 gtw01 kernel: [ 5412.872999] device tap71d5b608-fe entered promiscuous mode
Jun  2 16:11:10 gtw01 systemd-udevd[11890]: Process '/sbin/ip link set tap71d5b608-fe txqueuelen 10000' failed with exit code 1.
Jun  2 16:11:10 gtw01 systemd-udevd[11940]: Process '/sbin/ip link set tap71d5b608-fe txqueuelen 10000' failed with exit code 1.
Jun  2 16:11:11 gtw01 dnsmasq[10688]: read /var/lib/neutron/dhcp/82e91f08-4d39-4ee7-8b11-4aaaa314a091/addn_hosts - 1 addresses
Jun  2 16:11:11 gtw01 dnsmasq-dhcp[10688]: read /var/lib/neutron/dhcp/82e91f08-4d39-4ee7-8b11-4aaaa314a091/host
Jun  2 16:11:11 gtw01 dnsmasq-dhcp[10688]: read /var/lib/neutron/dhcp/82e91f08-4d39-4ee7-8b11-4aaaa314a091/opts
Jun  2 16:11:11 gtw01 dnsmasq[11993]: started, version 2.80 cachesize 150
Jun  2 16:11:11 gtw01 dnsmasq[11993]: DNS service limited to local subnets
Jun  2 16:11:11 gtw01 dnsmasq[11993]: compile time options: IPv6 GNU-getopt DBus i18n IDN DHCP DHCPv6 no-Lua TFTP conntrack ipset auth DNSSEC loop-detect inotify dumpfile
Jun  2 16:11:11 gtw01 dnsmasq[11993]: warning: no upstream servers configured
Jun  2 16:11:11 gtw01 dnsmasq-dhcp[11993]: DHCP, static leases only on 192.168.120.0, lease time 1h
Jun  2 16:11:11 gtw01 dnsmasq[11993]: read /var/lib/neutron/dhcp/a122976e-d2aa-499d-be1f-dad36aadb976/addn_hosts - 1 addresses
Jun  2 16:11:11 gtw01 dnsmasq-dhcp[11993]: read /var/lib/neutron/dhcp/a122976e-d2aa-499d-be1f-dad36aadb976/host
Jun  2 16:11:11 gtw01 dnsmasq-dhcp[11993]: read /var/lib/neutron/dhcp/a122976e-d2aa-499d-be1f-dad36aadb976/opts
Jun  2 16:11:12 gtw01 haproxy-metadata-proxy-a122976e-d2aa-499d-be1f-dad36aadb976[12011]: Proxy listener started.
Jun  2 16:11:13 gtw01 dnsmasq[11993]: read /var/lib/neutron/dhcp/a122976e-d2aa-499d-be1f-dad36aadb976/addn_hosts - 1 addresses
Jun  2 16:11:13 gtw01 dnsmasq-dhcp[11993]: read /var/lib/neutron/dhcp/a122976e-d2aa-499d-be1f-dad36aadb976/host
Jun  2 16:11:13 gtw01 dnsmasq-dhcp[11993]: read /var/lib/neutron/dhcp/a122976e-d2aa-499d-be1f-dad36aadb976/opts
Jun  2 16:11:13 gtw01 dnsmasq[12086]: started, version 2.80 cachesize 150
Jun  2 16:11:13 gtw01 dnsmasq[12086]: DNS service limited to local subnets
Jun  2 16:11:13 gtw01 dnsmasq[12086]: compile time options: IPv6 GNU-getopt DBus i18n IDN DHCP DHCPv6 no-Lua TFTP conntrack ipset auth DNSSEC loop-detect inotify dumpfile
Jun  2 16:11:13 gtw01 dnsmasq[12086]: warning: no upstream servers configured
Jun  2 16:11:13 gtw01 dnsmasq-dhcp[12086]: DHCP, static leases only on 192.168.120.0, lease time 1h
Jun  2 16:11:13 gtw01 dnsmasq[12086]: read /var/lib/neutron/dhcp/bf5eb00b-2022-4548-a366-81a15410b338/addn_hosts - 1 addresses
Jun  2 16:11:13 gtw01 dnsmasq-dhcp[12086]: read /var/lib/neutron/dhcp/bf5eb00b-2022-4548-a366-81a15410b338/host
Jun  2 16:11:13 gtw01 dnsmasq-dhcp[12086]: read /var/lib/neutron/dhcp/bf5eb00b-2022-4548-a366-81a15410b338/opts
Jun  2 16:11:14 gtw01 haproxy-metadata-proxy-bf5eb00b-2022-4548-a366-81a15410b338[12098]: Proxy listener started.
Jun  2 16:11:14 gtw01 dnsmasq[11993]: read /var/lib/neutron/dhcp/a122976e-d2aa-499d-be1f-dad36aadb976/addn_hosts - 1 addresses
Jun  2 16:11:14 gtw01 dnsmasq-dhcp[11993]: read /var/lib/neutron/dhcp/a122976e-d2aa-499d-be1f-dad36aadb976/host
Jun  2 16:11:14 gtw01 dnsmasq-dhcp[11993]: read /var/lib/neutron/dhcp/a122976e-d2aa-499d-be1f-dad36aadb976/opts
Jun  2 16:11:14 gtw01 dnsmasq[12119]: started, version 2.80 cachesize 150
Jun  2 16:11:14 gtw01 dnsmasq[12119]: DNS service limited to local subnets
Jun  2 16:11:14 gtw01 dnsmasq[12119]: compile time options: IPv6 GNU-getopt DBus i18n IDN DHCP DHCPv6 no-Lua TFTP conntrack ipset auth DNSSEC loop-detect inotify dumpfile
Jun  2 16:11:14 gtw01 dnsmasq[12119]: warning: no upstream servers configured
Jun  2 16:11:14 gtw01 dnsmasq-dhcp[12119]: DHCP, static leases only on 192.168.120.0, lease time 1h
Jun  2 16:11:14 gtw01 dnsmasq[12119]: read /var/lib/neutron/dhcp/992fa8eb-faf5-4d5d-9d17-517f748f6cfa/addn_hosts - 1 addresses
Jun  2 16:11:14 gtw01 dnsmasq-dhcp[12119]: read /var/lib/neutron/dhcp/992fa8eb-faf5-4d5d-9d17-517f748f6cfa/host
Jun  2 16:11:14 gtw01 dnsmasq-dhcp[12119]: read /var/lib/neutron/dhcp/992fa8eb-faf5-4d5d-9d17-517f748f6cfa/opts
Jun  2 16:11:15 gtw01 haproxy-metadata-proxy-992fa8eb-faf5-4d5d-9d17-517f748f6cfa[12130]: Proxy listener started.
Jun  2 16:11:15 gtw01 dnsmasq[12086]: read /var/lib/neutron/dhcp/bf5eb00b-2022-4548-a366-81a15410b338/addn_hosts - 1 addresses
Jun  2 16:11:15 gtw01 dnsmasq-dhcp[12086]: read /var/lib/neutron/dhcp/bf5eb00b-2022-4548-a366-81a15410b338/host
Jun  2 16:11:15 gtw01 dnsmasq-dhcp[12086]: read /var/lib/neutron/dhcp/bf5eb00b-2022-4548-a366-81a15410b338/opts
Jun  2 16:11:15 gtw01 dnsmasq[11993]: read /var/lib/neutron/dhcp/a122976e-d2aa-499d-be1f-dad36aadb976/addn_hosts - 1 addresses
Jun  2 16:11:15 gtw01 dnsmasq-dhcp[11993]: read /var/lib/neutron/dhcp/a122976e-d2aa-499d-be1f-dad36aadb976/host
Jun  2 16:11:15 gtw01 dnsmasq-dhcp[11993]: read /var/lib/neutron/dhcp/a122976e-d2aa-499d-be1f-dad36aadb976/opts
Jun  2 16:11:15 gtw01 kernel: [ 5418.216800] device tap7c979807-1e left promiscuous mode
Jun  2 16:11:16 gtw01 dnsmasq[12119]: read /var/lib/neutron/dhcp/992fa8eb-faf5-4d5d-9d17-517f748f6cfa/addn_hosts - 1 addresses
Jun  2 16:11:16 gtw01 dnsmasq-dhcp[12119]: read /var/lib/neutron/dhcp/992fa8eb-faf5-4d5d-9d17-517f748f6cfa/host
Jun  2 16:11:16 gtw01 dnsmasq-dhcp[12119]: read /var/lib/neutron/dhcp/992fa8eb-faf5-4d5d-9d17-517f748f6cfa/opts
Jun  2 16:11:16 gtw01 dnsmasq[12086]: read /var/lib/neutron/dhcp/bf5eb00b-2022-4548-a366-81a15410b338/addn_hosts - 1 addresses
Jun  2 16:11:16 gtw01 dnsmasq-dhcp[12086]: read /var/lib/neutron/dhcp/bf5eb00b-2022-4548-a366-81a15410b338/host
Jun  2 16:11:16 gtw01 dnsmasq-dhcp[12086]: read /var/lib/neutron/dhcp/bf5eb00b-2022-4548-a366-81a15410b338/opts
Jun  2 16:11:17 gtw01 dnsmasq[12119]: read /var/lib/neutron/dhcp/992fa8eb-faf5-4d5d-9d17-517f748f6cfa/addn_hosts - 1 addresses
Jun  2 16:11:17 gtw01 dnsmasq-dhcp[12119]: read /var/lib/neutron/dhcp/992fa8eb-faf5-4d5d-9d17-517f748f6cfa/host
Jun  2 16:11:17 gtw01 dnsmasq-dhcp[12119]: read /var/lib/neutron/dhcp/992fa8eb-faf5-4d5d-9d17-517f748f6cfa/opts
Jun  2 16:11:17 gtw01 dnsmasq[12086]: read /var/lib/neutron/dhcp/bf5eb00b-2022-4548-a366-81a15410b338/addn_hosts - 2 addresses
Jun  2 16:11:17 gtw01 dnsmasq-dhcp[12086]: read /var/lib/neutron/dhcp/bf5eb00b-2022-4548-a366-81a15410b338/host
Jun  2 16:11:17 gtw01 dnsmasq-dhcp[12086]: read /var/lib/neutron/dhcp/bf5eb00b-2022-4548-a366-81a15410b338/opts
Jun  2 16:11:18 gtw01 dnsmasq[12119]: read /var/lib/neutron/dhcp/992fa8eb-faf5-4d5d-9d17-517f748f6cfa/addn_hosts - 1 addresses
Jun  2 16:11:18 gtw01 dnsmasq-dhcp[12119]: read /var/lib/neutron/dhcp/992fa8eb-faf5-4d5d-9d17-517f748f6cfa/host
Jun  2 16:11:18 gtw01 dnsmasq-dhcp[12119]: read /var/lib/neutron/dhcp/992fa8eb-faf5-4d5d-9d17-517f748f6cfa/opts
Jun  2 16:11:18 gtw01 kernel: [ 5420.944968] device tape03c58dd-26 entered promiscuous mode
Jun  2 16:11:18 gtw01 systemd-udevd[12273]: Could not generate persistent MAC address for tape03c58dd-26: No such file or directory
Jun  2 16:11:18 gtw01 systemd-udevd[12318]: Process '/sbin/ip link set tape03c58dd-26 txqueuelen 10000' failed with exit code 1.
Jun  2 16:11:18 gtw01 dnsmasq[12086]: read /var/lib/neutron/dhcp/bf5eb00b-2022-4548-a366-81a15410b338/addn_hosts - 2 addresses
Jun  2 16:11:18 gtw01 dnsmasq-dhcp[12086]: read /var/lib/neutron/dhcp/bf5eb00b-2022-4548-a366-81a15410b338/host
Jun  2 16:11:18 gtw01 dnsmasq-dhcp[12086]: read /var/lib/neutron/dhcp/bf5eb00b-2022-4548-a366-81a15410b338/opts
Jun  2 16:11:19 gtw01 dnsmasq[11993]: read /var/lib/neutron/dhcp/a122976e-d2aa-499d-be1f-dad36aadb976/addn_hosts - 2 addresses
Jun  2 16:11:19 gtw01 dnsmasq-dhcp[11993]: read /var/lib/neutron/dhcp/a122976e-d2aa-499d-be1f-dad36aadb976/host
Jun  2 16:11:19 gtw01 dnsmasq-dhcp[11993]: read /var/lib/neutron/dhcp/a122976e-d2aa-499d-be1f-dad36aadb976/opts
Jun  2 16:11:20 gtw01 dnsmasq[12086]: read /var/lib/neutron/dhcp/bf5eb00b-2022-4548-a366-81a15410b338/addn_hosts - 2 addresses
Jun  2 16:11:20 gtw01 dnsmasq-dhcp[12086]: read /var/lib/neutron/dhcp/bf5eb00b-2022-4548-a366-81a15410b338/host
Jun  2 16:11:20 gtw01 dnsmasq-dhcp[12086]: read /var/lib/neutron/dhcp/bf5eb00b-2022-4548-a366-81a15410b338/opts
Jun  2 16:11:20 gtw01 dnsmasq[11993]: read /var/lib/neutron/dhcp/a122976e-d2aa-499d-be1f-dad36aadb976/addn_hosts - 2 addresses
Jun  2 16:11:20 gtw01 dnsmasq-dhcp[11993]: read /var/lib/neutron/dhcp/a122976e-d2aa-499d-be1f-dad36aadb976/host
Jun  2 16:11:20 gtw01 dnsmasq-dhcp[11993]: read /var/lib/neutron/dhcp/a122976e-d2aa-499d-be1f-dad36aadb976/opts
Jun  2 16:11:21 gtw01 dnsmasq[12086]: read /var/lib/neutron/dhcp/bf5eb00b-2022-4548-a366-81a15410b338/addn_hosts - 1 addresses
Jun  2 16:11:21 gtw01 dnsmasq-dhcp[12086]: read /var/lib/neutron/dhcp/bf5eb00b-2022-4548-a366-81a15410b338/host
Jun  2 16:11:21 gtw01 dnsmasq-dhcp[12086]: read /var/lib/neutron/dhcp/bf5eb00b-2022-4548-a366-81a15410b338/opts
Jun  2 16:11:22 gtw01 dnsmasq[11993]: read /var/lib/neutron/dhcp/a122976e-d2aa-499d-be1f-dad36aadb976/addn_hosts - 1 addresses
Jun  2 16:11:22 gtw01 dnsmasq-dhcp[11993]: read /var/lib/neutron/dhcp/a122976e-d2aa-499d-be1f-dad36aadb976/host
Jun  2 16:11:22 gtw01 dnsmasq-dhcp[11993]: read /var/lib/neutron/dhcp/a122976e-d2aa-499d-be1f-dad36aadb976/opts
Jun  2 16:11:22 gtw01 dnsmasq[12465]: started, version 2.80 cachesize 150
Jun  2 16:11:22 gtw01 dnsmasq[12465]: DNS service limited to local subnets
Jun  2 16:11:22 gtw01 dnsmasq[12465]: compile time options: IPv6 GNU-getopt DBus i18n IDN DHCP DHCPv6 no-Lua TFTP conntrack ipset auth DNSSEC loop-detect inotify dumpfile
Jun  2 16:11:22 gtw01 dnsmasq[12465]: warning: no upstream servers configured
Jun  2 16:11:22 gtw01 dnsmasq-dhcp[12465]: DHCP, static leases only on 192.168.121.0, lease time 1h
Jun  2 16:11:22 gtw01 dnsmasq[12465]: read /var/lib/neutron/dhcp/5f57f45a-7bfc-44dd-8419-f68154e982c8/addn_hosts - 1 addresses
Jun  2 16:11:22 gtw01 dnsmasq-dhcp[12465]: read /var/lib/neutron/dhcp/5f57f45a-7bfc-44dd-8419-f68154e982c8/host
Jun  2 16:11:22 gtw01 dnsmasq-dhcp[12465]: read /var/lib/neutron/dhcp/5f57f45a-7bfc-44dd-8419-f68154e982c8/opts
Jun  2 16:11:22 gtw01 haproxy-metadata-proxy-5f57f45a-7bfc-44dd-8419-f68154e982c8[12473]: Proxy listener started.
Jun  2 16:11:23 gtw01 dnsmasq[12465]: read /var/lib/neutron/dhcp/5f57f45a-7bfc-44dd-8419-f68154e982c8/addn_hosts - 1 addresses
Jun  2 16:11:23 gtw01 dnsmasq-dhcp[12465]: read /var/lib/neutron/dhcp/5f57f45a-7bfc-44dd-8419-f68154e982c8/host
Jun  2 16:11:23 gtw01 dnsmasq-dhcp[12465]: read /var/lib/neutron/dhcp/5f57f45a-7bfc-44dd-8419-f68154e982c8/opts
Jun  2 16:11:24 gtw01 dnsmasq[12465]: read /var/lib/neutron/dhcp/5f57f45a-7bfc-44dd-8419-f68154e982c8/addn_hosts - 1 addresses
Jun  2 16:11:24 gtw01 dnsmasq-dhcp[12465]: read /var/lib/neutron/dhcp/5f57f45a-7bfc-44dd-8419-f68154e982c8/host
Jun  2 16:11:24 gtw01 dnsmasq-dhcp[12465]: read /var/lib/neutron/dhcp/5f57f45a-7bfc-44dd-8419-f68154e982c8/opts
Jun  2 16:11:25 gtw01 kernel: [ 5427.349758] device tape03c58dd-26 left promiscuous mode
Jun  2 16:11:28 gtw01 kernel: [ 5430.611951] device tap71d5b608-fe left promiscuous mode
Jun  2 16:11:30 gtw01 kernel: [ 5432.287728] device tap1c6275c6-5d left promiscuous mode
Jun  2 16:11:33 gtw01 kernel: [ 5435.869272] device tap8d32bd15-1c left promiscuous mode
Jun  2 16:12:21 gtw01 dnsmasq[6337]: read /var/lib/neutron/dhcp/f7931850-8c10-4945-ad1b-683403aee7ab/addn_hosts - 1 addresses
Jun  2 16:12:21 gtw01 dnsmasq-dhcp[6337]: read /var/lib/neutron/dhcp/f7931850-8c10-4945-ad1b-683403aee7ab/host
Jun  2 16:12:21 gtw01 dnsmasq-dhcp[6337]: read /var/lib/neutron/dhcp/f7931850-8c10-4945-ad1b-683403aee7ab/opts
Jun  2 16:12:26 gtw01 kernel: [ 5488.740993] device tapdaf009ab-00 left promiscuous mode
Jun  2 16:12:36 gtw01 systemd-udevd[12592]: Could not generate persistent MAC address for tapc3506a28-f9: No such file or directory
Jun  2 16:12:36 gtw01 kernel: [ 5499.058676] device tapc3506a28-f9 entered promiscuous mode
Jun  2 16:12:36 gtw01 systemd-udevd[12639]: Process '/sbin/ip link set tapc3506a28-f9 txqueuelen 10000' failed with exit code 1.
Jun  2 16:12:39 gtw01 dnsmasq[12701]: started, version 2.80 cachesize 150
Jun  2 16:12:39 gtw01 dnsmasq[12701]: DNS service limited to local subnets
Jun  2 16:12:39 gtw01 dnsmasq[12701]: compile time options: IPv6 GNU-getopt DBus i18n IDN DHCP DHCPv6 no-Lua TFTP conntrack ipset auth DNSSEC loop-detect inotify dumpfile
Jun  2 16:12:39 gtw01 dnsmasq[12701]: warning: no upstream servers configured
Jun  2 16:12:39 gtw01 dnsmasq-dhcp[12701]: DHCP, static leases only on 192.168.120.0, lease time 1h
Jun  2 16:12:39 gtw01 dnsmasq[12701]: read /var/lib/neutron/dhcp/c59cf9c1-a00f-4a22-ae8e-4a7d939a403d/addn_hosts - 1 addresses
Jun  2 16:12:39 gtw01 dnsmasq-dhcp[12701]: read /var/lib/neutron/dhcp/c59cf9c1-a00f-4a22-ae8e-4a7d939a403d/host
Jun  2 16:12:39 gtw01 dnsmasq-dhcp[12701]: read /var/lib/neutron/dhcp/c59cf9c1-a00f-4a22-ae8e-4a7d939a403d/opts
Jun  2 16:12:40 gtw01 haproxy-metadata-proxy-c59cf9c1-a00f-4a22-ae8e-4a7d939a403d[12705]: Proxy listener started.
Jun  2 16:12:40 gtw01 dnsmasq[12701]: read /var/lib/neutron/dhcp/c59cf9c1-a00f-4a22-ae8e-4a7d939a403d/addn_hosts - 2 addresses
Jun  2 16:12:40 gtw01 dnsmasq-dhcp[12701]: read /var/lib/neutron/dhcp/c59cf9c1-a00f-4a22-ae8e-4a7d939a403d/host
Jun  2 16:12:40 gtw01 dnsmasq-dhcp[12701]: read /var/lib/neutron/dhcp/c59cf9c1-a00f-4a22-ae8e-4a7d939a403d/opts
Jun  2 16:12:41 gtw01 dnsmasq[12701]: read /var/lib/neutron/dhcp/c59cf9c1-a00f-4a22-ae8e-4a7d939a403d/addn_hosts - 2 addresses
Jun  2 16:12:41 gtw01 dnsmasq-dhcp[12701]: read /var/lib/neutron/dhcp/c59cf9c1-a00f-4a22-ae8e-4a7d939a403d/host
Jun  2 16:12:41 gtw01 dnsmasq-dhcp[12701]: read /var/lib/neutron/dhcp/c59cf9c1-a00f-4a22-ae8e-4a7d939a403d/opts
Jun  2 16:12:42 gtw01 dnsmasq[12701]: read /var/lib/neutron/dhcp/c59cf9c1-a00f-4a22-ae8e-4a7d939a403d/addn_hosts - 2 addresses
Jun  2 16:12:42 gtw01 dnsmasq-dhcp[12701]: read /var/lib/neutron/dhcp/c59cf9c1-a00f-4a22-ae8e-4a7d939a403d/host
Jun  2 16:12:42 gtw01 dnsmasq-dhcp[12701]: read /var/lib/neutron/dhcp/c59cf9c1-a00f-4a22-ae8e-4a7d939a403d/opts
Jun  2 16:12:43 gtw01 dnsmasq[12701]: read /var/lib/neutron/dhcp/c59cf9c1-a00f-4a22-ae8e-4a7d939a403d/addn_hosts - 2 addresses
Jun  2 16:12:43 gtw01 dnsmasq-dhcp[12701]: read /var/lib/neutron/dhcp/c59cf9c1-a00f-4a22-ae8e-4a7d939a403d/host
Jun  2 16:12:43 gtw01 dnsmasq-dhcp[12701]: read /var/lib/neutron/dhcp/c59cf9c1-a00f-4a22-ae8e-4a7d939a403d/opts
Jun  2 16:12:44 gtw01 dnsmasq[12701]: read /var/lib/neutron/dhcp/c59cf9c1-a00f-4a22-ae8e-4a7d939a403d/addn_hosts - 2 addresses
Jun  2 16:12:44 gtw01 dnsmasq-dhcp[12701]: read /var/lib/neutron/dhcp/c59cf9c1-a00f-4a22-ae8e-4a7d939a403d/host
Jun  2 16:12:44 gtw01 dnsmasq-dhcp[12701]: read /var/lib/neutron/dhcp/c59cf9c1-a00f-4a22-ae8e-4a7d939a403d/opts
Jun  2 16:13:31 gtw01 kernel: [ 5553.816387] device tap81e3982a-fe entered promiscuous mode
Jun  2 16:13:31 gtw01 systemd-udevd[12809]: Could not generate persistent MAC address for tap81e3982a-fe: No such file or directory
Jun  2 16:13:31 gtw01 systemd-udevd[12809]: Process '/sbin/ip link set tap81e3982a-fe txqueuelen 10000' failed with exit code 1.
Jun  2 16:13:31 gtw01 systemd-udevd[12809]: Process '/sbin/ip link set tap81e3982a-fe txqueuelen 10000' failed with exit code 1.
Jun  2 16:13:34 gtw01 dnsmasq[12922]: started, version 2.80 cachesize 150
Jun  2 16:13:34 gtw01 dnsmasq[12922]: DNS service limited to local subnets
Jun  2 16:13:34 gtw01 dnsmasq[12922]: compile time options: IPv6 GNU-getopt DBus i18n IDN DHCP DHCPv6 no-Lua TFTP conntrack ipset auth DNSSEC loop-detect inotify dumpfile
Jun  2 16:13:34 gtw01 dnsmasq[12922]: warning: no upstream servers configured
Jun  2 16:13:34 gtw01 dnsmasq-dhcp[12922]: DHCP, static leases only on 192.168.120.0, lease time 1h
Jun  2 16:13:34 gtw01 dnsmasq[12922]: read /var/lib/neutron/dhcp/493a4c9e-3558-42da-a0ee-c44c0159494c/addn_hosts - 1 addresses
Jun  2 16:13:34 gtw01 dnsmasq-dhcp[12922]: read /var/lib/neutron/dhcp/493a4c9e-3558-42da-a0ee-c44c0159494c/host
Jun  2 16:13:34 gtw01 dnsmasq-dhcp[12922]: read /var/lib/neutron/dhcp/493a4c9e-3558-42da-a0ee-c44c0159494c/opts
Jun  2 16:13:34 gtw01 haproxy-metadata-proxy-493a4c9e-3558-42da-a0ee-c44c0159494c[12926]: Proxy listener started.
Jun  2 16:13:35 gtw01 dnsmasq[12922]: read /var/lib/neutron/dhcp/493a4c9e-3558-42da-a0ee-c44c0159494c/addn_hosts - 2 addresses
Jun  2 16:13:35 gtw01 dnsmasq-dhcp[12922]: read /var/lib/neutron/dhcp/493a4c9e-3558-42da-a0ee-c44c0159494c/host
Jun  2 16:13:35 gtw01 dnsmasq-dhcp[12922]: read /var/lib/neutron/dhcp/493a4c9e-3558-42da-a0ee-c44c0159494c/opts
Jun  2 16:13:36 gtw01 dnsmasq[12701]: read /var/lib/neutron/dhcp/c59cf9c1-a00f-4a22-ae8e-4a7d939a403d/addn_hosts - 3 addresses
Jun  2 16:13:36 gtw01 dnsmasq-dhcp[12701]: read /var/lib/neutron/dhcp/c59cf9c1-a00f-4a22-ae8e-4a7d939a403d/host
Jun  2 16:13:36 gtw01 dnsmasq-dhcp[12701]: read /var/lib/neutron/dhcp/c59cf9c1-a00f-4a22-ae8e-4a7d939a403d/opts
Jun  2 16:13:36 gtw01 dnsmasq[12922]: read /var/lib/neutron/dhcp/493a4c9e-3558-42da-a0ee-c44c0159494c/addn_hosts - 2 addresses
Jun  2 16:13:36 gtw01 dnsmasq-dhcp[12922]: read /var/lib/neutron/dhcp/493a4c9e-3558-42da-a0ee-c44c0159494c/host
Jun  2 16:13:36 gtw01 dnsmasq-dhcp[12922]: read /var/lib/neutron/dhcp/493a4c9e-3558-42da-a0ee-c44c0159494c/opts
Jun  2 16:13:37 gtw01 dnsmasq[12922]: read /var/lib/neutron/dhcp/493a4c9e-3558-42da-a0ee-c44c0159494c/addn_hosts - 2 addresses
Jun  2 16:13:37 gtw01 dnsmasq-dhcp[12922]: read /var/lib/neutron/dhcp/493a4c9e-3558-42da-a0ee-c44c0159494c/host
Jun  2 16:13:37 gtw01 dnsmasq-dhcp[12922]: read /var/lib/neutron/dhcp/493a4c9e-3558-42da-a0ee-c44c0159494c/opts
Jun  2 16:13:38 gtw01 dnsmasq[12701]: read /var/lib/neutron/dhcp/c59cf9c1-a00f-4a22-ae8e-4a7d939a403d/addn_hosts - 3 addresses
Jun  2 16:13:38 gtw01 dnsmasq-dhcp[12701]: read /var/lib/neutron/dhcp/c59cf9c1-a00f-4a22-ae8e-4a7d939a403d/host
Jun  2 16:13:38 gtw01 dnsmasq-dhcp[12701]: read /var/lib/neutron/dhcp/c59cf9c1-a00f-4a22-ae8e-4a7d939a403d/opts
Jun  2 16:13:38 gtw01 dnsmasq[12922]: read /var/lib/neutron/dhcp/493a4c9e-3558-42da-a0ee-c44c0159494c/addn_hosts - 2 addresses
Jun  2 16:13:38 gtw01 dnsmasq-dhcp[12922]: read /var/lib/neutron/dhcp/493a4c9e-3558-42da-a0ee-c44c0159494c/host
Jun  2 16:13:38 gtw01 dnsmasq-dhcp[12922]: read /var/lib/neutron/dhcp/493a4c9e-3558-42da-a0ee-c44c0159494c/opts
Jun  2 16:13:39 gtw01 dnsmasq[12701]: read /var/lib/neutron/dhcp/c59cf9c1-a00f-4a22-ae8e-4a7d939a403d/addn_hosts - 3 addresses
Jun  2 16:13:39 gtw01 dnsmasq-dhcp[12701]: read /var/lib/neutron/dhcp/c59cf9c1-a00f-4a22-ae8e-4a7d939a403d/host
Jun  2 16:13:39 gtw01 dnsmasq-dhcp[12701]: read /var/lib/neutron/dhcp/c59cf9c1-a00f-4a22-ae8e-4a7d939a403d/opts
Jun  2 16:13:39 gtw01 dnsmasq[12922]: read /var/lib/neutron/dhcp/493a4c9e-3558-42da-a0ee-c44c0159494c/addn_hosts - 2 addresses
Jun  2 16:13:39 gtw01 dnsmasq-dhcp[12922]: read /var/lib/neutron/dhcp/493a4c9e-3558-42da-a0ee-c44c0159494c/host
Jun  2 16:13:39 gtw01 dnsmasq-dhcp[12922]: read /var/lib/neutron/dhcp/493a4c9e-3558-42da-a0ee-c44c0159494c/opts
Jun  2 16:13:40 gtw01 dnsmasq[12701]: read /var/lib/neutron/dhcp/c59cf9c1-a00f-4a22-ae8e-4a7d939a403d/addn_hosts - 4 addresses
Jun  2 16:13:40 gtw01 dnsmasq-dhcp[12701]: read /var/lib/neutron/dhcp/c59cf9c1-a00f-4a22-ae8e-4a7d939a403d/host
Jun  2 16:13:40 gtw01 dnsmasq-dhcp[12701]: read /var/lib/neutron/dhcp/c59cf9c1-a00f-4a22-ae8e-4a7d939a403d/opts
Jun  2 16:13:40 gtw01 kernel: [ 5563.007715] device tap1f8eb132-65 entered promiscuous mode
Jun  2 16:13:40 gtw01 systemd-udevd[13087]: Could not generate persistent MAC address for tap1f8eb132-65: No such file or directory
Jun  2 16:13:40 gtw01 systemd-udevd[13132]: Process '/sbin/ip link set tap1f8eb132-65 txqueuelen 10000' failed with exit code 1.
Jun  2 16:13:42 gtw01 dnsmasq[12701]: read /var/lib/neutron/dhcp/c59cf9c1-a00f-4a22-ae8e-4a7d939a403d/addn_hosts - 4 addresses
Jun  2 16:13:42 gtw01 dnsmasq-dhcp[12701]: read /var/lib/neutron/dhcp/c59cf9c1-a00f-4a22-ae8e-4a7d939a403d/host
Jun  2 16:13:42 gtw01 dnsmasq-dhcp[12701]: read /var/lib/neutron/dhcp/c59cf9c1-a00f-4a22-ae8e-4a7d939a403d/opts
Jun  2 16:13:43 gtw01 dnsmasq[12701]: read /var/lib/neutron/dhcp/c59cf9c1-a00f-4a22-ae8e-4a7d939a403d/addn_hosts - 4 addresses
Jun  2 16:13:43 gtw01 dnsmasq-dhcp[12701]: read /var/lib/neutron/dhcp/c59cf9c1-a00f-4a22-ae8e-4a7d939a403d/host
Jun  2 16:13:43 gtw01 dnsmasq-dhcp[12701]: read /var/lib/neutron/dhcp/c59cf9c1-a00f-4a22-ae8e-4a7d939a403d/opts
Jun  2 16:13:43 gtw01 dnsmasq[13236]: started, version 2.80 cachesize 150
Jun  2 16:13:43 gtw01 dnsmasq[13236]: DNS service limited to local subnets
Jun  2 16:13:43 gtw01 dnsmasq[13236]: compile time options: IPv6 GNU-getopt DBus i18n IDN DHCP DHCPv6 no-Lua TFTP conntrack ipset auth DNSSEC loop-detect inotify dumpfile
Jun  2 16:13:43 gtw01 dnsmasq[13236]: warning: no upstream servers configured
Jun  2 16:13:43 gtw01 dnsmasq-dhcp[13236]: DHCP, static leases only on 192.168.120.0, lease time 1h
Jun  2 16:13:43 gtw01 dnsmasq[13236]: read /var/lib/neutron/dhcp/f6644757-0c68-4bc5-bf5c-9f4e6a09b5e2/addn_hosts - 1 addresses
Jun  2 16:13:43 gtw01 dnsmasq-dhcp[13236]: read /var/lib/neutron/dhcp/f6644757-0c68-4bc5-bf5c-9f4e6a09b5e2/host
Jun  2 16:13:43 gtw01 dnsmasq-dhcp[13236]: read /var/lib/neutron/dhcp/f6644757-0c68-4bc5-bf5c-9f4e6a09b5e2/opts
Jun  2 16:13:44 gtw01 haproxy-metadata-proxy-f6644757-0c68-4bc5-bf5c-9f4e6a09b5e2[13240]: Proxy listener started.
Jun  2 16:13:44 gtw01 dnsmasq[13236]: read /var/lib/neutron/dhcp/f6644757-0c68-4bc5-bf5c-9f4e6a09b5e2/addn_hosts - 2 addresses
Jun  2 16:13:44 gtw01 dnsmasq-dhcp[13236]: read /var/lib/neutron/dhcp/f6644757-0c68-4bc5-bf5c-9f4e6a09b5e2/host
Jun  2 16:13:44 gtw01 dnsmasq-dhcp[13236]: read /var/lib/neutron/dhcp/f6644757-0c68-4bc5-bf5c-9f4e6a09b5e2/opts
Jun  2 16:13:45 gtw01 dnsmasq[13236]: read /var/lib/neutron/dhcp/f6644757-0c68-4bc5-bf5c-9f4e6a09b5e2/addn_hosts - 2 addresses
Jun  2 16:13:45 gtw01 dnsmasq-dhcp[13236]: read /var/lib/neutron/dhcp/f6644757-0c68-4bc5-bf5c-9f4e6a09b5e2/host
Jun  2 16:13:45 gtw01 dnsmasq-dhcp[13236]: read /var/lib/neutron/dhcp/f6644757-0c68-4bc5-bf5c-9f4e6a09b5e2/opts
Jun  2 16:13:46 gtw01 dnsmasq[13236]: read /var/lib/neutron/dhcp/f6644757-0c68-4bc5-bf5c-9f4e6a09b5e2/addn_hosts - 2 addresses
Jun  2 16:13:46 gtw01 dnsmasq-dhcp[13236]: read /var/lib/neutron/dhcp/f6644757-0c68-4bc5-bf5c-9f4e6a09b5e2/host
Jun  2 16:13:46 gtw01 dnsmasq-dhcp[13236]: read /var/lib/neutron/dhcp/f6644757-0c68-4bc5-bf5c-9f4e6a09b5e2/opts
Jun  2 16:13:47 gtw01 dnsmasq[13236]: read /var/lib/neutron/dhcp/f6644757-0c68-4bc5-bf5c-9f4e6a09b5e2/addn_hosts - 2 addresses
Jun  2 16:13:47 gtw01 dnsmasq-dhcp[13236]: read /var/lib/neutron/dhcp/f6644757-0c68-4bc5-bf5c-9f4e6a09b5e2/host
Jun  2 16:13:47 gtw01 dnsmasq-dhcp[13236]: read /var/lib/neutron/dhcp/f6644757-0c68-4bc5-bf5c-9f4e6a09b5e2/opts
Jun  2 16:13:48 gtw01 dnsmasq[13236]: read /var/lib/neutron/dhcp/f6644757-0c68-4bc5-bf5c-9f4e6a09b5e2/addn_hosts - 2 addresses
Jun  2 16:13:48 gtw01 dnsmasq-dhcp[13236]: read /var/lib/neutron/dhcp/f6644757-0c68-4bc5-bf5c-9f4e6a09b5e2/host
Jun  2 16:13:48 gtw01 dnsmasq-dhcp[13236]: read /var/lib/neutron/dhcp/f6644757-0c68-4bc5-bf5c-9f4e6a09b5e2/opts
Jun  2 16:13:51 gtw01 dnsmasq[12701]: read /var/lib/neutron/dhcp/c59cf9c1-a00f-4a22-ae8e-4a7d939a403d/addn_hosts - 3 addresses
Jun  2 16:13:51 gtw01 dnsmasq-dhcp[12701]: read /var/lib/neutron/dhcp/c59cf9c1-a00f-4a22-ae8e-4a7d939a403d/host
Jun  2 16:13:51 gtw01 dnsmasq-dhcp[12701]: read /var/lib/neutron/dhcp/c59cf9c1-a00f-4a22-ae8e-4a7d939a403d/opts
Jun  2 16:13:52 gtw01 dnsmasq[12701]: read /var/lib/neutron/dhcp/c59cf9c1-a00f-4a22-ae8e-4a7d939a403d/addn_hosts - 2 addresses
Jun  2 16:13:52 gtw01 dnsmasq-dhcp[12701]: read /var/lib/neutron/dhcp/c59cf9c1-a00f-4a22-ae8e-4a7d939a403d/host
Jun  2 16:13:52 gtw01 dnsmasq-dhcp[12701]: read /var/lib/neutron/dhcp/c59cf9c1-a00f-4a22-ae8e-4a7d939a403d/opts
Jun  2 16:13:55 gtw01 dnsmasq[12922]: read /var/lib/neutron/dhcp/493a4c9e-3558-42da-a0ee-c44c0159494c/addn_hosts - 3 addresses
Jun  2 16:13:55 gtw01 dnsmasq-dhcp[12922]: read /var/lib/neutron/dhcp/493a4c9e-3558-42da-a0ee-c44c0159494c/host
Jun  2 16:13:55 gtw01 dnsmasq-dhcp[12922]: read /var/lib/neutron/dhcp/493a4c9e-3558-42da-a0ee-c44c0159494c/opts
Jun  2 16:13:56 gtw01 dnsmasq[12922]: read /var/lib/neutron/dhcp/493a4c9e-3558-42da-a0ee-c44c0159494c/addn_hosts - 3 addresses
Jun  2 16:13:56 gtw01 dnsmasq-dhcp[12922]: read /var/lib/neutron/dhcp/493a4c9e-3558-42da-a0ee-c44c0159494c/host
Jun  2 16:13:56 gtw01 dnsmasq-dhcp[12922]: read /var/lib/neutron/dhcp/493a4c9e-3558-42da-a0ee-c44c0159494c/opts
Jun  2 16:13:56 gtw01 dnsmasq[12922]: read /var/lib/neutron/dhcp/493a4c9e-3558-42da-a0ee-c44c0159494c/addn_hosts - 3 addresses
Jun  2 16:13:56 gtw01 dnsmasq-dhcp[12922]: read /var/lib/neutron/dhcp/493a4c9e-3558-42da-a0ee-c44c0159494c/host
Jun  2 16:13:56 gtw01 dnsmasq-dhcp[12922]: read /var/lib/neutron/dhcp/493a4c9e-3558-42da-a0ee-c44c0159494c/opts
Jun  2 16:13:58 gtw01 dnsmasq[12701]: read /var/lib/neutron/dhcp/c59cf9c1-a00f-4a22-ae8e-4a7d939a403d/addn_hosts - 3 addresses
Jun  2 16:13:58 gtw01 dnsmasq-dhcp[12701]: read /var/lib/neutron/dhcp/c59cf9c1-a00f-4a22-ae8e-4a7d939a403d/host
Jun  2 16:13:58 gtw01 dnsmasq-dhcp[12701]: read /var/lib/neutron/dhcp/c59cf9c1-a00f-4a22-ae8e-4a7d939a403d/opts
Jun  2 16:13:59 gtw01 dnsmasq[12701]: read /var/lib/neutron/dhcp/c59cf9c1-a00f-4a22-ae8e-4a7d939a403d/addn_hosts - 3 addresses
Jun  2 16:13:59 gtw01 dnsmasq-dhcp[12701]: read /var/lib/neutron/dhcp/c59cf9c1-a00f-4a22-ae8e-4a7d939a403d/host
Jun  2 16:13:59 gtw01 dnsmasq-dhcp[12701]: read /var/lib/neutron/dhcp/c59cf9c1-a00f-4a22-ae8e-4a7d939a403d/opts
Jun  2 16:14:00 gtw01 dnsmasq[12701]: read /var/lib/neutron/dhcp/c59cf9c1-a00f-4a22-ae8e-4a7d939a403d/addn_hosts - 3 addresses
Jun  2 16:14:00 gtw01 dnsmasq-dhcp[12701]: read /var/lib/neutron/dhcp/c59cf9c1-a00f-4a22-ae8e-4a7d939a403d/host
Jun  2 16:14:00 gtw01 dnsmasq-dhcp[12701]: read /var/lib/neutron/dhcp/c59cf9c1-a00f-4a22-ae8e-4a7d939a403d/opts
Jun  2 16:14:06 gtw01 dnsmasq[12701]: read /var/lib/neutron/dhcp/c59cf9c1-a00f-4a22-ae8e-4a7d939a403d/addn_hosts - 2 addresses
Jun  2 16:14:06 gtw01 dnsmasq-dhcp[12701]: read /var/lib/neutron/dhcp/c59cf9c1-a00f-4a22-ae8e-4a7d939a403d/host
Jun  2 16:14:06 gtw01 dnsmasq-dhcp[12701]: read /var/lib/neutron/dhcp/c59cf9c1-a00f-4a22-ae8e-4a7d939a403d/opts
Jun  2 16:14:09 gtw01 dnsmasq-dhcp[12922]: DHCPDISCOVER(tap81e3982a-fe) fa:16:3e:7f:d9:c2
Jun  2 16:14:09 gtw01 dnsmasq-dhcp[12922]: DHCPOFFER(tap81e3982a-fe) 192.168.120.3 fa:16:3e:7f:d9:c2
Jun  2 16:14:09 gtw01 dnsmasq-dhcp[12922]: DHCPREQUEST(tap81e3982a-fe) 192.168.120.3 fa:16:3e:7f:d9:c2
Jun  2 16:14:09 gtw01 dnsmasq-dhcp[12922]: DHCPACK(tap81e3982a-fe) 192.168.120.3 fa:16:3e:7f:d9:c2 host-192-168-120-3
Jun  2 16:14:13 gtw01 dnsmasq-dhcp[12922]: DHCPRELEASE(tap81e3982a-fe) 192.168.120.3 fa:16:3e:7f:d9:c2
Jun  2 16:14:13 gtw01 dnsmasq-dhcp[12922]: DHCPRELEASE(tap81e3982a-fe) 192.168.120.3 fa:16:3e:7f:d9:c2 unknown lease
Jun  2 16:14:14 gtw01 dnsmasq[12922]: read /var/lib/neutron/dhcp/493a4c9e-3558-42da-a0ee-c44c0159494c/addn_hosts - 2 addresses
Jun  2 16:14:14 gtw01 dnsmasq-dhcp[12922]: read /var/lib/neutron/dhcp/493a4c9e-3558-42da-a0ee-c44c0159494c/host
Jun  2 16:14:14 gtw01 dnsmasq-dhcp[12922]: read /var/lib/neutron/dhcp/493a4c9e-3558-42da-a0ee-c44c0159494c/opts
Jun  2 16:14:15 gtw01 dnsmasq[12701]: read /var/lib/neutron/dhcp/c59cf9c1-a00f-4a22-ae8e-4a7d939a403d/addn_hosts - 3 addresses
Jun  2 16:14:15 gtw01 dnsmasq-dhcp[12701]: read /var/lib/neutron/dhcp/c59cf9c1-a00f-4a22-ae8e-4a7d939a403d/host
Jun  2 16:14:15 gtw01 dnsmasq-dhcp[12701]: read /var/lib/neutron/dhcp/c59cf9c1-a00f-4a22-ae8e-4a7d939a403d/opts
Jun  2 16:14:15 gtw01 dnsmasq[12922]: read /var/lib/neutron/dhcp/493a4c9e-3558-42da-a0ee-c44c0159494c/addn_hosts - 3 addresses
Jun  2 16:14:15 gtw01 dnsmasq-dhcp[12922]: read /var/lib/neutron/dhcp/493a4c9e-3558-42da-a0ee-c44c0159494c/host
Jun  2 16:14:15 gtw01 dnsmasq-dhcp[12922]: read /var/lib/neutron/dhcp/493a4c9e-3558-42da-a0ee-c44c0159494c/opts
Jun  2 16:14:16 gtw01 dnsmasq[12701]: read /var/lib/neutron/dhcp/c59cf9c1-a00f-4a22-ae8e-4a7d939a403d/addn_hosts - 3 addresses
Jun  2 16:14:16 gtw01 dnsmasq-dhcp[12701]: read /var/lib/neutron/dhcp/c59cf9c1-a00f-4a22-ae8e-4a7d939a403d/host
Jun  2 16:14:16 gtw01 dnsmasq-dhcp[12701]: read /var/lib/neutron/dhcp/c59cf9c1-a00f-4a22-ae8e-4a7d939a403d/opts
Jun  2 16:14:17 gtw01 dnsmasq[12922]: read /var/lib/neutron/dhcp/493a4c9e-3558-42da-a0ee-c44c0159494c/addn_hosts - 3 addresses
Jun  2 16:14:17 gtw01 dnsmasq-dhcp[12922]: read /var/lib/neutron/dhcp/493a4c9e-3558-42da-a0ee-c44c0159494c/host
Jun  2 16:14:17 gtw01 dnsmasq-dhcp[12922]: read /var/lib/neutron/dhcp/493a4c9e-3558-42da-a0ee-c44c0159494c/opts
Jun  2 16:14:17 gtw01 dnsmasq[12701]: read /var/lib/neutron/dhcp/c59cf9c1-a00f-4a22-ae8e-4a7d939a403d/addn_hosts - 3 addresses
Jun  2 16:14:17 gtw01 dnsmasq-dhcp[12701]: read /var/lib/neutron/dhcp/c59cf9c1-a00f-4a22-ae8e-4a7d939a403d/host
Jun  2 16:14:17 gtw01 dnsmasq-dhcp[12701]: read /var/lib/neutron/dhcp/c59cf9c1-a00f-4a22-ae8e-4a7d939a403d/opts
Jun  2 16:14:18 gtw01 dnsmasq[12922]: read /var/lib/neutron/dhcp/493a4c9e-3558-42da-a0ee-c44c0159494c/addn_hosts - 3 addresses
Jun  2 16:14:18 gtw01 dnsmasq-dhcp[12922]: read /var/lib/neutron/dhcp/493a4c9e-3558-42da-a0ee-c44c0159494c/host
Jun  2 16:14:18 gtw01 dnsmasq-dhcp[12922]: read /var/lib/neutron/dhcp/493a4c9e-3558-42da-a0ee-c44c0159494c/opts
Jun  2 16:14:26 gtw01 dnsmasq[12701]: read /var/lib/neutron/dhcp/c59cf9c1-a00f-4a22-ae8e-4a7d939a403d/addn_hosts - 4 addresses
Jun  2 16:14:26 gtw01 dnsmasq-dhcp[12701]: read /var/lib/neutron/dhcp/c59cf9c1-a00f-4a22-ae8e-4a7d939a403d/host
Jun  2 16:14:26 gtw01 dnsmasq-dhcp[12701]: read /var/lib/neutron/dhcp/c59cf9c1-a00f-4a22-ae8e-4a7d939a403d/opts
Jun  2 16:14:27 gtw01 dnsmasq[12701]: read /var/lib/neutron/dhcp/c59cf9c1-a00f-4a22-ae8e-4a7d939a403d/addn_hosts - 4 addresses
Jun  2 16:14:27 gtw01 dnsmasq-dhcp[12701]: read /var/lib/neutron/dhcp/c59cf9c1-a00f-4a22-ae8e-4a7d939a403d/host
Jun  2 16:14:27 gtw01 dnsmasq-dhcp[12701]: read /var/lib/neutron/dhcp/c59cf9c1-a00f-4a22-ae8e-4a7d939a403d/opts
Jun  2 16:14:27 gtw01 dnsmasq[12701]: read /var/lib/neutron/dhcp/c59cf9c1-a00f-4a22-ae8e-4a7d939a403d/addn_hosts - 4 addresses
Jun  2 16:14:28 gtw01 dnsmasq-dhcp[12701]: read /var/lib/neutron/dhcp/c59cf9c1-a00f-4a22-ae8e-4a7d939a403d/host
Jun  2 16:14:28 gtw01 dnsmasq-dhcp[12701]: read /var/lib/neutron/dhcp/c59cf9c1-a00f-4a22-ae8e-4a7d939a403d/opts
Jun  2 16:14:29 gtw01 dnsmasq-dhcp[12701]: DHCPDISCOVER(tapc3506a28-f9) fa:16:3e:78:e3:33
Jun  2 16:14:29 gtw01 dnsmasq-dhcp[12701]: DHCPOFFER(tapc3506a28-f9) 192.168.120.12 fa:16:3e:78:e3:33
Jun  2 16:14:29 gtw01 dnsmasq-dhcp[12701]: DHCPREQUEST(tapc3506a28-f9) 192.168.120.12 fa:16:3e:78:e3:33
Jun  2 16:14:29 gtw01 dnsmasq-dhcp[12701]: DHCPACK(tapc3506a28-f9) 192.168.120.12 fa:16:3e:78:e3:33 host-192-168-120-12
Jun  2 16:14:31 gtw01 dnsmasq-dhcp[12922]: DHCPDISCOVER(tap81e3982a-fe) fa:16:3e:2a:a2:e4
Jun  2 16:14:31 gtw01 dnsmasq-dhcp[12922]: DHCPOFFER(tap81e3982a-fe) 192.168.120.10 fa:16:3e:2a:a2:e4
Jun  2 16:14:31 gtw01 dnsmasq-dhcp[12922]: DHCPREQUEST(tap81e3982a-fe) 192.168.120.10 fa:16:3e:2a:a2:e4
Jun  2 16:14:31 gtw01 dnsmasq-dhcp[12922]: DHCPACK(tap81e3982a-fe) 192.168.120.10 fa:16:3e:2a:a2:e4 host-192-168-120-10
Jun  2 16:14:34 gtw01 dnsmasq-dhcp[12922]: DHCPRELEASE(tap81e3982a-fe) 192.168.120.10 fa:16:3e:2a:a2:e4
Jun  2 16:14:34 gtw01 dnsmasq-dhcp[12922]: DHCPRELEASE(tap81e3982a-fe) 192.168.120.10 fa:16:3e:2a:a2:e4 unknown lease
Jun  2 16:14:35 gtw01 dnsmasq[12922]: read /var/lib/neutron/dhcp/493a4c9e-3558-42da-a0ee-c44c0159494c/addn_hosts - 2 addresses
Jun  2 16:14:35 gtw01 dnsmasq-dhcp[12922]: read /var/lib/neutron/dhcp/493a4c9e-3558-42da-a0ee-c44c0159494c/host
Jun  2 16:14:35 gtw01 dnsmasq-dhcp[12922]: read /var/lib/neutron/dhcp/493a4c9e-3558-42da-a0ee-c44c0159494c/opts
Jun  2 16:14:35 gtw01 dnsmasq[12701]: read /var/lib/neutron/dhcp/c59cf9c1-a00f-4a22-ae8e-4a7d939a403d/addn_hosts - 3 addresses
Jun  2 16:14:35 gtw01 dnsmasq-dhcp[12701]: read /var/lib/neutron/dhcp/c59cf9c1-a00f-4a22-ae8e-4a7d939a403d/host
Jun  2 16:14:35 gtw01 dnsmasq-dhcp[12701]: read /var/lib/neutron/dhcp/c59cf9c1-a00f-4a22-ae8e-4a7d939a403d/opts
Jun  2 16:14:38 gtw01 dnsmasq-dhcp[12701]: DHCPRELEASE(tapc3506a28-f9) 192.168.120.12 fa:16:3e:78:e3:33
Jun  2 16:14:39 gtw01 dnsmasq-dhcp[12701]: DHCPRELEASE(tapc3506a28-f9) 192.168.120.12 fa:16:3e:78:e3:33 unknown lease
Jun  2 16:14:39 gtw01 dnsmasq[13236]: read /var/lib/neutron/dhcp/f6644757-0c68-4bc5-bf5c-9f4e6a09b5e2/addn_hosts - 1 addresses
Jun  2 16:14:39 gtw01 dnsmasq-dhcp[13236]: read /var/lib/neutron/dhcp/f6644757-0c68-4bc5-bf5c-9f4e6a09b5e2/host
Jun  2 16:14:39 gtw01 dnsmasq-dhcp[13236]: read /var/lib/neutron/dhcp/f6644757-0c68-4bc5-bf5c-9f4e6a09b5e2/opts
Jun  2 16:14:39 gtw01 dnsmasq[12701]: read /var/lib/neutron/dhcp/c59cf9c1-a00f-4a22-ae8e-4a7d939a403d/addn_hosts - 2 addresses
Jun  2 16:14:39 gtw01 dnsmasq-dhcp[12701]: read /var/lib/neutron/dhcp/c59cf9c1-a00f-4a22-ae8e-4a7d939a403d/host
Jun  2 16:14:39 gtw01 dnsmasq-dhcp[12701]: read /var/lib/neutron/dhcp/c59cf9c1-a00f-4a22-ae8e-4a7d939a403d/opts
Jun  2 16:14:43 gtw01 kernel: [ 5626.108764] device tap1f8eb132-65 left promiscuous mode
Jun  2 16:14:47 gtw01 dnsmasq[12922]: read /var/lib/neutron/dhcp/493a4c9e-3558-42da-a0ee-c44c0159494c/addn_hosts - 1 addresses
Jun  2 16:14:47 gtw01 dnsmasq-dhcp[12922]: read /var/lib/neutron/dhcp/493a4c9e-3558-42da-a0ee-c44c0159494c/host
Jun  2 16:14:47 gtw01 dnsmasq-dhcp[12922]: read /var/lib/neutron/dhcp/493a4c9e-3558-42da-a0ee-c44c0159494c/opts
Jun  2 16:14:52 gtw01 dnsmasq[12701]: read /var/lib/neutron/dhcp/c59cf9c1-a00f-4a22-ae8e-4a7d939a403d/addn_hosts - 3 addresses
Jun  2 16:14:52 gtw01 dnsmasq-dhcp[12701]: read /var/lib/neutron/dhcp/c59cf9c1-a00f-4a22-ae8e-4a7d939a403d/host
Jun  2 16:14:52 gtw01 dnsmasq-dhcp[12701]: read /var/lib/neutron/dhcp/c59cf9c1-a00f-4a22-ae8e-4a7d939a403d/opts
Jun  2 16:14:52 gtw01 kernel: [ 5634.755688] device tap81e3982a-fe left promiscuous mode
Jun  2 16:14:53 gtw01 dnsmasq[12701]: read /var/lib/neutron/dhcp/c59cf9c1-a00f-4a22-ae8e-4a7d939a403d/addn_hosts - 3 addresses
Jun  2 16:14:53 gtw01 dnsmasq-dhcp[12701]: read /var/lib/neutron/dhcp/c59cf9c1-a00f-4a22-ae8e-4a7d939a403d/host
Jun  2 16:14:53 gtw01 dnsmasq-dhcp[12701]: read /var/lib/neutron/dhcp/c59cf9c1-a00f-4a22-ae8e-4a7d939a403d/opts
Jun  2 16:14:54 gtw01 dnsmasq[12701]: read /var/lib/neutron/dhcp/c59cf9c1-a00f-4a22-ae8e-4a7d939a403d/addn_hosts - 3 addresses
Jun  2 16:14:54 gtw01 dnsmasq-dhcp[12701]: read /var/lib/neutron/dhcp/c59cf9c1-a00f-4a22-ae8e-4a7d939a403d/host
Jun  2 16:14:54 gtw01 dnsmasq-dhcp[12701]: read /var/lib/neutron/dhcp/c59cf9c1-a00f-4a22-ae8e-4a7d939a403d/opts
