Jun  2 18:24:47 gtw01 dnsmasq[12808]: LOUD WARNING: listening on 1.1.1.26 may accept requests via interfaces other than tap8ae0f709-4f
Jun  2 18:24:47 gtw01 dnsmasq[12808]: LOUD WARNING: use --bind-dynamic rather than --bind-interfaces to avoid DNS amplification attacks via these interface(s)
Jun  2 18:24:47 gtw01 dnsmasq[12808]: warning: no upstream servers configured
Jun  2 18:24:47 gtw01 dnsmasq-dhcp[12808]: DHCP, static leases only on 1.1.1.24, lease time 1h
Jun  2 18:24:47 gtw01 dnsmasq[12808]: read /var/lib/neutron/dhcp/6ae686ab-1798-4e34-b7dd-780b8526793a/addn_hosts - 1 addresses
Jun  2 18:24:47 gtw01 dnsmasq-dhcp[12808]: read /var/lib/neutron/dhcp/6ae686ab-1798-4e34-b7dd-780b8526793a/host
Jun  2 18:24:47 gtw01 dnsmasq-dhcp[12808]: read /var/lib/neutron/dhcp/6ae686ab-1798-4e34-b7dd-780b8526793a/opts
Jun  2 18:24:48 gtw01 haproxy-metadata-proxy-6ae686ab-1798-4e34-b7dd-780b8526793a[12812]: Proxy listener started.
Jun  2 18:24:48 gtw01 kernel: [13431.036013] device tap8ae0f709-4f left promiscuous mode
Jun  2 18:28:48 gtw01 kernel: [13670.799788] device tap76836922-d0 entered promiscuous mode
Jun  2 18:28:48 gtw01 systemd-udevd[12845]: Could not generate persistent MAC address for tap76836922-d0: No such file or directory
Jun  2 18:28:48 gtw01 systemd-udevd[12890]: Process '/sbin/ip link set tap76836922-d0 txqueuelen 10000' failed with exit code 1.
Jun  2 18:28:49 gtw01 kernel: [13671.718408] device tapdb23200e-e1 entered promiscuous mode
Jun  2 18:28:49 gtw01 systemd-udevd[12933]: Could not generate persistent MAC address for tapdb23200e-e1: No such file or directory
Jun  2 18:28:49 gtw01 systemd-udevd[12978]: Process '/sbin/ip link set tapdb23200e-e1 txqueuelen 10000' failed with exit code 1.
Jun  2 18:28:51 gtw01 kernel: [13673.882429] device tapef7c0e06-85 entered promiscuous mode
Jun  2 18:28:51 gtw01 systemd-udevd[13074]: Could not generate persistent MAC address for tapef7c0e06-85: No such file or directory
Jun  2 18:28:51 gtw01 systemd-udevd[13119]: Process '/sbin/ip link set tapef7c0e06-85 txqueuelen 10000' failed with exit code 1.
Jun  2 18:28:52 gtw01 dnsmasq[13154]: started, version 2.80 cachesize 150
Jun  2 18:28:52 gtw01 dnsmasq[13154]: DNS service limited to local subnets
Jun  2 18:28:52 gtw01 dnsmasq[13154]: compile time options: IPv6 GNU-getopt DBus i18n IDN DHCP DHCPv6 no-Lua TFTP conntrack ipset auth DNSSEC loop-detect inotify dumpfile
Jun  2 18:28:52 gtw01 dnsmasq[13154]: warning: no upstream servers configured
Jun  2 18:28:52 gtw01 dnsmasq-dhcp[13154]: DHCP, static leases only on 10.2.72.0, lease time 1h
Jun  2 18:28:52 gtw01 dnsmasq[13154]: read /var/lib/neutron/dhcp/b03611fb-d5e4-4a37-ac50-70de13364826/addn_hosts - 1 addresses
Jun  2 18:28:52 gtw01 dnsmasq-dhcp[13154]: read /var/lib/neutron/dhcp/b03611fb-d5e4-4a37-ac50-70de13364826/host
Jun  2 18:28:52 gtw01 dnsmasq-dhcp[13154]: read /var/lib/neutron/dhcp/b03611fb-d5e4-4a37-ac50-70de13364826/opts
Jun  2 18:28:52 gtw01 haproxy-metadata-proxy-b03611fb-d5e4-4a37-ac50-70de13364826[13163]: Proxy listener started.
Jun  2 18:28:53 gtw01 dnsmasq[13154]: read /var/lib/neutron/dhcp/b03611fb-d5e4-4a37-ac50-70de13364826/addn_hosts - 4 addresses
Jun  2 18:28:53 gtw01 dnsmasq-dhcp[13154]: read /var/lib/neutron/dhcp/b03611fb-d5e4-4a37-ac50-70de13364826/host
Jun  2 18:28:53 gtw01 dnsmasq-dhcp[13154]: read /var/lib/neutron/dhcp/b03611fb-d5e4-4a37-ac50-70de13364826/opts
Jun  2 18:28:53 gtw01 dnsmasq[13204]: started, version 2.80 cachesize 150
Jun  2 18:28:53 gtw01 dnsmasq[13204]: DNS service limited to local subnets
Jun  2 18:28:53 gtw01 dnsmasq[13204]: compile time options: IPv6 GNU-getopt DBus i18n IDN DHCP DHCPv6 no-Lua TFTP conntrack ipset auth DNSSEC loop-detect inotify dumpfile
Jun  2 18:28:53 gtw01 dnsmasq[13204]: warning: no upstream servers configured
Jun  2 18:28:53 gtw01 dnsmasq-dhcp[13204]: DHCP, static leases only on 10.2.73.0, lease time 1h
Jun  2 18:28:53 gtw01 dnsmasq[13204]: read /var/lib/neutron/dhcp/b1c01e91-04da-4185-99ea-45d906cb72be/addn_hosts - 1 addresses
Jun  2 18:28:53 gtw01 dnsmasq-dhcp[13204]: read /var/lib/neutron/dhcp/b1c01e91-04da-4185-99ea-45d906cb72be/host
Jun  2 18:28:53 gtw01 dnsmasq-dhcp[13204]: read /var/lib/neutron/dhcp/b1c01e91-04da-4185-99ea-45d906cb72be/opts
Jun  2 18:28:53 gtw01 haproxy-metadata-proxy-b1c01e91-04da-4185-99ea-45d906cb72be[13218]: Proxy listener started.
Jun  2 18:28:54 gtw01 dnsmasq[13154]: read /var/lib/neutron/dhcp/b03611fb-d5e4-4a37-ac50-70de13364826/addn_hosts - 4 addresses
Jun  2 18:28:54 gtw01 dnsmasq-dhcp[13154]: read /var/lib/neutron/dhcp/b03611fb-d5e4-4a37-ac50-70de13364826/host
Jun  2 18:28:54 gtw01 dnsmasq-dhcp[13154]: read /var/lib/neutron/dhcp/b03611fb-d5e4-4a37-ac50-70de13364826/opts
Jun  2 18:28:54 gtw01 dnsmasq[13204]: read /var/lib/neutron/dhcp/b1c01e91-04da-4185-99ea-45d906cb72be/addn_hosts - 1 addresses
Jun  2 18:28:54 gtw01 dnsmasq-dhcp[13204]: read /var/lib/neutron/dhcp/b1c01e91-04da-4185-99ea-45d906cb72be/host
Jun  2 18:28:54 gtw01 dnsmasq-dhcp[13204]: read /var/lib/neutron/dhcp/b1c01e91-04da-4185-99ea-45d906cb72be/opts
Jun  2 18:28:55 gtw01 dnsmasq[13281]: started, version 2.80 cachesize 150
Jun  2 18:28:55 gtw01 dnsmasq[13281]: DNS service limited to local subnets
Jun  2 18:28:55 gtw01 dnsmasq[13281]: compile time options: IPv6 GNU-getopt DBus i18n IDN DHCP DHCPv6 no-Lua TFTP conntrack ipset auth DNSSEC loop-detect inotify dumpfile
Jun  2 18:28:55 gtw01 dnsmasq[13281]: warning: no upstream servers configured
Jun  2 18:28:55 gtw01 dnsmasq-dhcp[13281]: DHCP, static leases only on 10.2.74.0, lease time 1h
Jun  2 18:28:55 gtw01 dnsmasq[13281]: read /var/lib/neutron/dhcp/3e261a80-cc2b-4c2e-a498-de18eb592b6d/addn_hosts - 1 addresses
Jun  2 18:28:55 gtw01 dnsmasq-dhcp[13281]: read /var/lib/neutron/dhcp/3e261a80-cc2b-4c2e-a498-de18eb592b6d/host
Jun  2 18:28:55 gtw01 dnsmasq-dhcp[13281]: read /var/lib/neutron/dhcp/3e261a80-cc2b-4c2e-a498-de18eb592b6d/opts
Jun  2 18:28:55 gtw01 haproxy-metadata-proxy-3e261a80-cc2b-4c2e-a498-de18eb592b6d[13289]: Proxy listener started.
Jun  2 18:28:55 gtw01 dnsmasq[13154]: read /var/lib/neutron/dhcp/b03611fb-d5e4-4a37-ac50-70de13364826/addn_hosts - 4 addresses
Jun  2 18:28:55 gtw01 dnsmasq-dhcp[13154]: read /var/lib/neutron/dhcp/b03611fb-d5e4-4a37-ac50-70de13364826/host
Jun  2 18:28:55 gtw01 dnsmasq-dhcp[13154]: read /var/lib/neutron/dhcp/b03611fb-d5e4-4a37-ac50-70de13364826/opts
Jun  2 18:28:55 gtw01 dnsmasq[13204]: read /var/lib/neutron/dhcp/b1c01e91-04da-4185-99ea-45d906cb72be/addn_hosts - 1 addresses
Jun  2 18:28:55 gtw01 dnsmasq-dhcp[13204]: read /var/lib/neutron/dhcp/b1c01e91-04da-4185-99ea-45d906cb72be/host
Jun  2 18:28:55 gtw01 dnsmasq-dhcp[13204]: read /var/lib/neutron/dhcp/b1c01e91-04da-4185-99ea-45d906cb72be/opts
Jun  2 18:28:56 gtw01 dnsmasq[13281]: read /var/lib/neutron/dhcp/3e261a80-cc2b-4c2e-a498-de18eb592b6d/addn_hosts - 7 addresses
Jun  2 18:28:56 gtw01 dnsmasq-dhcp[13281]: read /var/lib/neutron/dhcp/3e261a80-cc2b-4c2e-a498-de18eb592b6d/host
Jun  2 18:28:56 gtw01 dnsmasq-dhcp[13281]: read /var/lib/neutron/dhcp/3e261a80-cc2b-4c2e-a498-de18eb592b6d/opts
Jun  2 18:28:57 gtw01 dnsmasq[13154]: read /var/lib/neutron/dhcp/b03611fb-d5e4-4a37-ac50-70de13364826/addn_hosts - 4 addresses
Jun  2 18:28:57 gtw01 dnsmasq-dhcp[13154]: read /var/lib/neutron/dhcp/b03611fb-d5e4-4a37-ac50-70de13364826/host
Jun  2 18:28:57 gtw01 dnsmasq-dhcp[13154]: read /var/lib/neutron/dhcp/b03611fb-d5e4-4a37-ac50-70de13364826/opts
Jun  2 18:28:57 gtw01 dnsmasq[13204]: read /var/lib/neutron/dhcp/b1c01e91-04da-4185-99ea-45d906cb72be/addn_hosts - 1 addresses
Jun  2 18:28:57 gtw01 dnsmasq-dhcp[13204]: read /var/lib/neutron/dhcp/b1c01e91-04da-4185-99ea-45d906cb72be/host
Jun  2 18:28:57 gtw01 dnsmasq-dhcp[13204]: read /var/lib/neutron/dhcp/b1c01e91-04da-4185-99ea-45d906cb72be/opts
Jun  2 18:28:57 gtw01 dnsmasq[13281]: read /var/lib/neutron/dhcp/3e261a80-cc2b-4c2e-a498-de18eb592b6d/addn_hosts - 7 addresses
Jun  2 18:28:57 gtw01 dnsmasq-dhcp[13281]: read /var/lib/neutron/dhcp/3e261a80-cc2b-4c2e-a498-de18eb592b6d/host
Jun  2 18:28:57 gtw01 dnsmasq-dhcp[13281]: read /var/lib/neutron/dhcp/3e261a80-cc2b-4c2e-a498-de18eb592b6d/opts
Jun  2 18:28:58 gtw01 dnsmasq[13154]: read /var/lib/neutron/dhcp/b03611fb-d5e4-4a37-ac50-70de13364826/addn_hosts - 4 addresses
Jun  2 18:28:58 gtw01 dnsmasq-dhcp[13154]: read /var/lib/neutron/dhcp/b03611fb-d5e4-4a37-ac50-70de13364826/host
Jun  2 18:28:58 gtw01 dnsmasq-dhcp[13154]: read /var/lib/neutron/dhcp/b03611fb-d5e4-4a37-ac50-70de13364826/opts
Jun  2 18:28:58 gtw01 dnsmasq[13204]: read /var/lib/neutron/dhcp/b1c01e91-04da-4185-99ea-45d906cb72be/addn_hosts - 2 addresses
Jun  2 18:28:58 gtw01 dnsmasq-dhcp[13204]: read /var/lib/neutron/dhcp/b1c01e91-04da-4185-99ea-45d906cb72be/host
Jun  2 18:28:58 gtw01 dnsmasq-dhcp[13204]: read /var/lib/neutron/dhcp/b1c01e91-04da-4185-99ea-45d906cb72be/opts
Jun  2 18:28:59 gtw01 dnsmasq[13281]: read /var/lib/neutron/dhcp/3e261a80-cc2b-4c2e-a498-de18eb592b6d/addn_hosts - 7 addresses
Jun  2 18:28:59 gtw01 dnsmasq-dhcp[13281]: read /var/lib/neutron/dhcp/3e261a80-cc2b-4c2e-a498-de18eb592b6d/host
Jun  2 18:28:59 gtw01 dnsmasq-dhcp[13281]: read /var/lib/neutron/dhcp/3e261a80-cc2b-4c2e-a498-de18eb592b6d/opts
Jun  2 18:28:59 gtw01 dnsmasq[13154]: read /var/lib/neutron/dhcp/b03611fb-d5e4-4a37-ac50-70de13364826/addn_hosts - 5 addresses
Jun  2 18:28:59 gtw01 dnsmasq-dhcp[13154]: read /var/lib/neutron/dhcp/b03611fb-d5e4-4a37-ac50-70de13364826/host
Jun  2 18:28:59 gtw01 dnsmasq-dhcp[13154]: read /var/lib/neutron/dhcp/b03611fb-d5e4-4a37-ac50-70de13364826/opts
Jun  2 18:28:59 gtw01 dnsmasq[13204]: read /var/lib/neutron/dhcp/b1c01e91-04da-4185-99ea-45d906cb72be/addn_hosts - 3 addresses
Jun  2 18:28:59 gtw01 dnsmasq-dhcp[13204]: read /var/lib/neutron/dhcp/b1c01e91-04da-4185-99ea-45d906cb72be/host
Jun  2 18:28:59 gtw01 dnsmasq-dhcp[13204]: read /var/lib/neutron/dhcp/b1c01e91-04da-4185-99ea-45d906cb72be/opts
Jun  2 18:29:00 gtw01 dnsmasq[13281]: read /var/lib/neutron/dhcp/3e261a80-cc2b-4c2e-a498-de18eb592b6d/addn_hosts - 7 addresses
Jun  2 18:29:00 gtw01 dnsmasq-dhcp[13281]: read /var/lib/neutron/dhcp/3e261a80-cc2b-4c2e-a498-de18eb592b6d/host
Jun  2 18:29:00 gtw01 dnsmasq-dhcp[13281]: read /var/lib/neutron/dhcp/3e261a80-cc2b-4c2e-a498-de18eb592b6d/opts
Jun  2 18:29:00 gtw01 dnsmasq[13154]: read /var/lib/neutron/dhcp/b03611fb-d5e4-4a37-ac50-70de13364826/addn_hosts - 6 addresses
Jun  2 18:29:00 gtw01 dnsmasq-dhcp[13154]: read /var/lib/neutron/dhcp/b03611fb-d5e4-4a37-ac50-70de13364826/host
Jun  2 18:29:00 gtw01 dnsmasq-dhcp[13154]: read /var/lib/neutron/dhcp/b03611fb-d5e4-4a37-ac50-70de13364826/opts
Jun  2 18:29:01 gtw01 dnsmasq[13281]: read /var/lib/neutron/dhcp/3e261a80-cc2b-4c2e-a498-de18eb592b6d/addn_hosts - 7 addresses
Jun  2 18:29:01 gtw01 dnsmasq-dhcp[13281]: read /var/lib/neutron/dhcp/3e261a80-cc2b-4c2e-a498-de18eb592b6d/host
Jun  2 18:29:01 gtw01 dnsmasq-dhcp[13281]: read /var/lib/neutron/dhcp/3e261a80-cc2b-4c2e-a498-de18eb592b6d/opts
Jun  2 18:29:01 gtw01 dnsmasq[13154]: read /var/lib/neutron/dhcp/b03611fb-d5e4-4a37-ac50-70de13364826/addn_hosts - 7 addresses
Jun  2 18:29:01 gtw01 dnsmasq-dhcp[13154]: read /var/lib/neutron/dhcp/b03611fb-d5e4-4a37-ac50-70de13364826/host
Jun  2 18:29:01 gtw01 dnsmasq-dhcp[13154]: read /var/lib/neutron/dhcp/b03611fb-d5e4-4a37-ac50-70de13364826/opts
Jun  2 18:29:02 gtw01 dnsmasq[13281]: read /var/lib/neutron/dhcp/3e261a80-cc2b-4c2e-a498-de18eb592b6d/addn_hosts - 7 addresses
Jun  2 18:29:02 gtw01 dnsmasq-dhcp[13281]: read /var/lib/neutron/dhcp/3e261a80-cc2b-4c2e-a498-de18eb592b6d/host
Jun  2 18:29:02 gtw01 dnsmasq-dhcp[13281]: read /var/lib/neutron/dhcp/3e261a80-cc2b-4c2e-a498-de18eb592b6d/opts
Jun  2 18:29:02 gtw01 dnsmasq[13154]: read /var/lib/neutron/dhcp/b03611fb-d5e4-4a37-ac50-70de13364826/addn_hosts - 8 addresses
Jun  2 18:29:02 gtw01 dnsmasq-dhcp[13154]: read /var/lib/neutron/dhcp/b03611fb-d5e4-4a37-ac50-70de13364826/host
Jun  2 18:29:02 gtw01 dnsmasq-dhcp[13154]: read /var/lib/neutron/dhcp/b03611fb-d5e4-4a37-ac50-70de13364826/opts
Jun  2 18:29:03 gtw01 dnsmasq[13281]: read /var/lib/neutron/dhcp/3e261a80-cc2b-4c2e-a498-de18eb592b6d/addn_hosts - 7 addresses
Jun  2 18:29:03 gtw01 dnsmasq-dhcp[13281]: read /var/lib/neutron/dhcp/3e261a80-cc2b-4c2e-a498-de18eb592b6d/host
Jun  2 18:29:03 gtw01 dnsmasq-dhcp[13281]: read /var/lib/neutron/dhcp/3e261a80-cc2b-4c2e-a498-de18eb592b6d/opts
Jun  2 18:29:03 gtw01 dnsmasq[13154]: read /var/lib/neutron/dhcp/b03611fb-d5e4-4a37-ac50-70de13364826/addn_hosts - 9 addresses
Jun  2 18:29:03 gtw01 dnsmasq-dhcp[13154]: read /var/lib/neutron/dhcp/b03611fb-d5e4-4a37-ac50-70de13364826/host
Jun  2 18:29:03 gtw01 dnsmasq-dhcp[13154]: read /var/lib/neutron/dhcp/b03611fb-d5e4-4a37-ac50-70de13364826/opts
Jun  2 18:29:03 gtw01 dnsmasq[13281]: read /var/lib/neutron/dhcp/3e261a80-cc2b-4c2e-a498-de18eb592b6d/addn_hosts - 7 addresses
Jun  2 18:29:03 gtw01 dnsmasq-dhcp[13281]: read /var/lib/neutron/dhcp/3e261a80-cc2b-4c2e-a498-de18eb592b6d/host
Jun  2 18:29:03 gtw01 dnsmasq-dhcp[13281]: read /var/lib/neutron/dhcp/3e261a80-cc2b-4c2e-a498-de18eb592b6d/opts
Jun  2 18:29:04 gtw01 dnsmasq[13154]: read /var/lib/neutron/dhcp/b03611fb-d5e4-4a37-ac50-70de13364826/addn_hosts - 10 addresses
Jun  2 18:29:04 gtw01 dnsmasq-dhcp[13154]: read /var/lib/neutron/dhcp/b03611fb-d5e4-4a37-ac50-70de13364826/host
Jun  2 18:29:04 gtw01 dnsmasq-dhcp[13154]: read /var/lib/neutron/dhcp/b03611fb-d5e4-4a37-ac50-70de13364826/opts
Jun  2 18:29:04 gtw01 dnsmasq[13281]: read /var/lib/neutron/dhcp/3e261a80-cc2b-4c2e-a498-de18eb592b6d/addn_hosts - 7 addresses
Jun  2 18:29:04 gtw01 dnsmasq-dhcp[13281]: read /var/lib/neutron/dhcp/3e261a80-cc2b-4c2e-a498-de18eb592b6d/host
Jun  2 18:29:04 gtw01 dnsmasq-dhcp[13281]: read /var/lib/neutron/dhcp/3e261a80-cc2b-4c2e-a498-de18eb592b6d/opts
Jun  2 18:29:05 gtw01 dnsmasq[13154]: read /var/lib/neutron/dhcp/b03611fb-d5e4-4a37-ac50-70de13364826/addn_hosts - 11 addresses
Jun  2 18:29:05 gtw01 dnsmasq-dhcp[13154]: read /var/lib/neutron/dhcp/b03611fb-d5e4-4a37-ac50-70de13364826/host
Jun  2 18:29:05 gtw01 dnsmasq-dhcp[13154]: read /var/lib/neutron/dhcp/b03611fb-d5e4-4a37-ac50-70de13364826/opts
Jun  2 18:29:06 gtw01 dnsmasq[13154]: read /var/lib/neutron/dhcp/b03611fb-d5e4-4a37-ac50-70de13364826/addn_hosts - 12 addresses
Jun  2 18:29:06 gtw01 dnsmasq-dhcp[13154]: read /var/lib/neutron/dhcp/b03611fb-d5e4-4a37-ac50-70de13364826/host
Jun  2 18:29:06 gtw01 dnsmasq-dhcp[13154]: read /var/lib/neutron/dhcp/b03611fb-d5e4-4a37-ac50-70de13364826/opts
Jun  2 18:29:07 gtw01 dnsmasq[13154]: read /var/lib/neutron/dhcp/b03611fb-d5e4-4a37-ac50-70de13364826/addn_hosts - 13 addresses
Jun  2 18:29:07 gtw01 dnsmasq-dhcp[13154]: read /var/lib/neutron/dhcp/b03611fb-d5e4-4a37-ac50-70de13364826/host
Jun  2 18:29:07 gtw01 dnsmasq-dhcp[13154]: read /var/lib/neutron/dhcp/b03611fb-d5e4-4a37-ac50-70de13364826/opts
Jun  2 18:29:07 gtw01 dnsmasq[13154]: read /var/lib/neutron/dhcp/b03611fb-d5e4-4a37-ac50-70de13364826/addn_hosts - 13 addresses
Jun  2 18:29:07 gtw01 dnsmasq-dhcp[13154]: read /var/lib/neutron/dhcp/b03611fb-d5e4-4a37-ac50-70de13364826/host
Jun  2 18:29:07 gtw01 dnsmasq-dhcp[13154]: read /var/lib/neutron/dhcp/b03611fb-d5e4-4a37-ac50-70de13364826/opts
Jun  2 18:29:11 gtw01 dnsmasq[13154]: read /var/lib/neutron/dhcp/b03611fb-d5e4-4a37-ac50-70de13364826/addn_hosts - 12 addresses
Jun  2 18:29:11 gtw01 dnsmasq-dhcp[13154]: read /var/lib/neutron/dhcp/b03611fb-d5e4-4a37-ac50-70de13364826/host
Jun  2 18:29:11 gtw01 dnsmasq-dhcp[13154]: read /var/lib/neutron/dhcp/b03611fb-d5e4-4a37-ac50-70de13364826/opts
Jun  2 18:29:12 gtw01 dnsmasq[13154]: read /var/lib/neutron/dhcp/b03611fb-d5e4-4a37-ac50-70de13364826/addn_hosts - 11 addresses
Jun  2 18:29:12 gtw01 dnsmasq-dhcp[13154]: read /var/lib/neutron/dhcp/b03611fb-d5e4-4a37-ac50-70de13364826/host
Jun  2 18:29:12 gtw01 dnsmasq-dhcp[13154]: read /var/lib/neutron/dhcp/b03611fb-d5e4-4a37-ac50-70de13364826/opts
Jun  2 18:29:14 gtw01 dnsmasq[13154]: read /var/lib/neutron/dhcp/b03611fb-d5e4-4a37-ac50-70de13364826/addn_hosts - 10 addresses
Jun  2 18:29:14 gtw01 dnsmasq-dhcp[13154]: read /var/lib/neutron/dhcp/b03611fb-d5e4-4a37-ac50-70de13364826/host
Jun  2 18:29:14 gtw01 dnsmasq-dhcp[13154]: read /var/lib/neutron/dhcp/b03611fb-d5e4-4a37-ac50-70de13364826/opts
Jun  2 18:29:15 gtw01 dnsmasq[13204]: read /var/lib/neutron/dhcp/b1c01e91-04da-4185-99ea-45d906cb72be/addn_hosts - 2 addresses
Jun  2 18:29:15 gtw01 dnsmasq-dhcp[13204]: read /var/lib/neutron/dhcp/b1c01e91-04da-4185-99ea-45d906cb72be/host
Jun  2 18:29:15 gtw01 dnsmasq-dhcp[13204]: read /var/lib/neutron/dhcp/b1c01e91-04da-4185-99ea-45d906cb72be/opts
Jun  2 18:29:15 gtw01 dnsmasq[13281]: read /var/lib/neutron/dhcp/3e261a80-cc2b-4c2e-a498-de18eb592b6d/addn_hosts - 6 addresses
Jun  2 18:29:15 gtw01 dnsmasq-dhcp[13281]: read /var/lib/neutron/dhcp/3e261a80-cc2b-4c2e-a498-de18eb592b6d/host
Jun  2 18:29:15 gtw01 dnsmasq-dhcp[13281]: read /var/lib/neutron/dhcp/3e261a80-cc2b-4c2e-a498-de18eb592b6d/opts
Jun  2 18:29:15 gtw01 dnsmasq[13154]: read /var/lib/neutron/dhcp/b03611fb-d5e4-4a37-ac50-70de13364826/addn_hosts - 9 addresses
Jun  2 18:29:15 gtw01 dnsmasq-dhcp[13154]: read /var/lib/neutron/dhcp/b03611fb-d5e4-4a37-ac50-70de13364826/host
Jun  2 18:29:15 gtw01 dnsmasq-dhcp[13154]: read /var/lib/neutron/dhcp/b03611fb-d5e4-4a37-ac50-70de13364826/opts
Jun  2 18:29:16 gtw01 dnsmasq[13281]: read /var/lib/neutron/dhcp/3e261a80-cc2b-4c2e-a498-de18eb592b6d/addn_hosts - 5 addresses
Jun  2 18:29:16 gtw01 dnsmasq-dhcp[13281]: read /var/lib/neutron/dhcp/3e261a80-cc2b-4c2e-a498-de18eb592b6d/host
Jun  2 18:29:16 gtw01 dnsmasq-dhcp[13281]: read /var/lib/neutron/dhcp/3e261a80-cc2b-4c2e-a498-de18eb592b6d/opts
Jun  2 18:29:16 gtw01 dnsmasq[13154]: read /var/lib/neutron/dhcp/b03611fb-d5e4-4a37-ac50-70de13364826/addn_hosts - 8 addresses
Jun  2 18:29:16 gtw01 dnsmasq-dhcp[13154]: read /var/lib/neutron/dhcp/b03611fb-d5e4-4a37-ac50-70de13364826/host
Jun  2 18:29:16 gtw01 dnsmasq-dhcp[13154]: read /var/lib/neutron/dhcp/b03611fb-d5e4-4a37-ac50-70de13364826/opts
Jun  2 18:29:17 gtw01 dnsmasq[13281]: read /var/lib/neutron/dhcp/3e261a80-cc2b-4c2e-a498-de18eb592b6d/addn_hosts - 4 addresses
Jun  2 18:29:17 gtw01 dnsmasq-dhcp[13281]: read /var/lib/neutron/dhcp/3e261a80-cc2b-4c2e-a498-de18eb592b6d/host
Jun  2 18:29:17 gtw01 dnsmasq-dhcp[13281]: read /var/lib/neutron/dhcp/3e261a80-cc2b-4c2e-a498-de18eb592b6d/opts
Jun  2 18:29:17 gtw01 dnsmasq[13154]: read /var/lib/neutron/dhcp/b03611fb-d5e4-4a37-ac50-70de13364826/addn_hosts - 7 addresses
Jun  2 18:29:17 gtw01 dnsmasq-dhcp[13154]: read /var/lib/neutron/dhcp/b03611fb-d5e4-4a37-ac50-70de13364826/host
Jun  2 18:29:17 gtw01 dnsmasq-dhcp[13154]: read /var/lib/neutron/dhcp/b03611fb-d5e4-4a37-ac50-70de13364826/opts
Jun  2 18:29:18 gtw01 dnsmasq[13204]: read /var/lib/neutron/dhcp/b1c01e91-04da-4185-99ea-45d906cb72be/addn_hosts - 1 addresses
Jun  2 18:29:18 gtw01 dnsmasq-dhcp[13204]: read /var/lib/neutron/dhcp/b1c01e91-04da-4185-99ea-45d906cb72be/host
Jun  2 18:29:18 gtw01 dnsmasq-dhcp[13204]: read /var/lib/neutron/dhcp/b1c01e91-04da-4185-99ea-45d906cb72be/opts
Jun  2 18:29:18 gtw01 dnsmasq[13281]: read /var/lib/neutron/dhcp/3e261a80-cc2b-4c2e-a498-de18eb592b6d/addn_hosts - 3 addresses
Jun  2 18:29:18 gtw01 dnsmasq-dhcp[13281]: read /var/lib/neutron/dhcp/3e261a80-cc2b-4c2e-a498-de18eb592b6d/host
Jun  2 18:29:18 gtw01 dnsmasq-dhcp[13281]: read /var/lib/neutron/dhcp/3e261a80-cc2b-4c2e-a498-de18eb592b6d/opts
Jun  2 18:29:18 gtw01 dnsmasq[13154]: read /var/lib/neutron/dhcp/b03611fb-d5e4-4a37-ac50-70de13364826/addn_hosts - 6 addresses
Jun  2 18:29:18 gtw01 dnsmasq-dhcp[13154]: read /var/lib/neutron/dhcp/b03611fb-d5e4-4a37-ac50-70de13364826/host
Jun  2 18:29:18 gtw01 dnsmasq-dhcp[13154]: read /var/lib/neutron/dhcp/b03611fb-d5e4-4a37-ac50-70de13364826/opts
Jun  2 18:29:19 gtw01 dnsmasq[13281]: read /var/lib/neutron/dhcp/3e261a80-cc2b-4c2e-a498-de18eb592b6d/addn_hosts - 2 addresses
Jun  2 18:29:19 gtw01 dnsmasq-dhcp[13281]: read /var/lib/neutron/dhcp/3e261a80-cc2b-4c2e-a498-de18eb592b6d/host
Jun  2 18:29:19 gtw01 dnsmasq-dhcp[13281]: read /var/lib/neutron/dhcp/3e261a80-cc2b-4c2e-a498-de18eb592b6d/opts
Jun  2 18:29:19 gtw01 dnsmasq[13154]: read /var/lib/neutron/dhcp/b03611fb-d5e4-4a37-ac50-70de13364826/addn_hosts - 5 addresses
Jun  2 18:29:19 gtw01 dnsmasq-dhcp[13154]: read /var/lib/neutron/dhcp/b03611fb-d5e4-4a37-ac50-70de13364826/host
Jun  2 18:29:19 gtw01 dnsmasq-dhcp[13154]: read /var/lib/neutron/dhcp/b03611fb-d5e4-4a37-ac50-70de13364826/opts
Jun  2 18:29:20 gtw01 dnsmasq[13281]: read /var/lib/neutron/dhcp/3e261a80-cc2b-4c2e-a498-de18eb592b6d/addn_hosts - 1 addresses
Jun  2 18:29:20 gtw01 dnsmasq-dhcp[13281]: read /var/lib/neutron/dhcp/3e261a80-cc2b-4c2e-a498-de18eb592b6d/host
Jun  2 18:29:20 gtw01 dnsmasq-dhcp[13281]: read /var/lib/neutron/dhcp/3e261a80-cc2b-4c2e-a498-de18eb592b6d/opts
Jun  2 18:29:20 gtw01 dnsmasq[13154]: read /var/lib/neutron/dhcp/b03611fb-d5e4-4a37-ac50-70de13364826/addn_hosts - 4 addresses
Jun  2 18:29:20 gtw01 dnsmasq-dhcp[13154]: read /var/lib/neutron/dhcp/b03611fb-d5e4-4a37-ac50-70de13364826/host
Jun  2 18:29:20 gtw01 dnsmasq-dhcp[13154]: read /var/lib/neutron/dhcp/b03611fb-d5e4-4a37-ac50-70de13364826/opts
Jun  2 18:29:21 gtw01 dnsmasq[13154]: read /var/lib/neutron/dhcp/b03611fb-d5e4-4a37-ac50-70de13364826/addn_hosts - 3 addresses
Jun  2 18:29:21 gtw01 dnsmasq-dhcp[13154]: read /var/lib/neutron/dhcp/b03611fb-d5e4-4a37-ac50-70de13364826/host
Jun  2 18:29:21 gtw01 dnsmasq-dhcp[13154]: read /var/lib/neutron/dhcp/b03611fb-d5e4-4a37-ac50-70de13364826/opts
Jun  2 18:29:22 gtw01 dnsmasq[13154]: read /var/lib/neutron/dhcp/b03611fb-d5e4-4a37-ac50-70de13364826/addn_hosts - 2 addresses
Jun  2 18:29:22 gtw01 dnsmasq-dhcp[13154]: read /var/lib/neutron/dhcp/b03611fb-d5e4-4a37-ac50-70de13364826/host
Jun  2 18:29:22 gtw01 dnsmasq-dhcp[13154]: read /var/lib/neutron/dhcp/b03611fb-d5e4-4a37-ac50-70de13364826/opts
Jun  2 18:29:23 gtw01 dnsmasq[13154]: read /var/lib/neutron/dhcp/b03611fb-d5e4-4a37-ac50-70de13364826/addn_hosts - 1 addresses
Jun  2 18:29:23 gtw01 dnsmasq-dhcp[13154]: read /var/lib/neutron/dhcp/b03611fb-d5e4-4a37-ac50-70de13364826/host
Jun  2 18:29:23 gtw01 dnsmasq-dhcp[13154]: read /var/lib/neutron/dhcp/b03611fb-d5e4-4a37-ac50-70de13364826/opts
Jun  2 18:29:27 gtw01 dnsmasq[13204]: read /var/lib/neutron/dhcp/b1c01e91-04da-4185-99ea-45d906cb72be/addn_hosts - 1 addresses
Jun  2 18:29:27 gtw01 dnsmasq-dhcp[13204]: read /var/lib/neutron/dhcp/b1c01e91-04da-4185-99ea-45d906cb72be/host
Jun  2 18:29:27 gtw01 dnsmasq-dhcp[13204]: read /var/lib/neutron/dhcp/b1c01e91-04da-4185-99ea-45d906cb72be/opts
Jun  2 18:29:28 gtw01 kernel: [13710.827393] device tapdb23200e-e1 left promiscuous mode
Jun  2 18:29:31 gtw01 dnsmasq[13281]: read /var/lib/neutron/dhcp/3e261a80-cc2b-4c2e-a498-de18eb592b6d/addn_hosts - 1 addresses
Jun  2 18:29:31 gtw01 dnsmasq-dhcp[13281]: read /var/lib/neutron/dhcp/3e261a80-cc2b-4c2e-a498-de18eb592b6d/host
Jun  2 18:29:31 gtw01 dnsmasq-dhcp[13281]: read /var/lib/neutron/dhcp/3e261a80-cc2b-4c2e-a498-de18eb592b6d/opts
Jun  2 18:29:32 gtw01 kernel: [13714.434760] device tapef7c0e06-85 left promiscuous mode
Jun  2 18:29:34 gtw01 dnsmasq[13154]: read /var/lib/neutron/dhcp/b03611fb-d5e4-4a37-ac50-70de13364826/addn_hosts - 1 addresses
Jun  2 18:29:34 gtw01 dnsmasq-dhcp[13154]: read /var/lib/neutron/dhcp/b03611fb-d5e4-4a37-ac50-70de13364826/host
Jun  2 18:29:34 gtw01 dnsmasq-dhcp[13154]: read /var/lib/neutron/dhcp/b03611fb-d5e4-4a37-ac50-70de13364826/opts
Jun  2 18:29:35 gtw01 kernel: [13717.952254] device tap76836922-d0 left promiscuous mode
Jun  2 18:29:57 gtw01 kernel: [13739.460211] device tapcc161b5d-69 entered promiscuous mode
Jun  2 18:29:57 gtw01 systemd-udevd[14124]: Could not generate persistent MAC address for tapcc161b5d-69: No such file or directory
Jun  2 18:29:57 gtw01 systemd-udevd[14124]: Process '/sbin/ip link set tapcc161b5d-69 txqueuelen 10000' failed with exit code 1.
Jun  2 18:29:58 gtw01 kernel: [13740.866250] device tap2de446a8-97 entered promiscuous mode
Jun  2 18:29:58 gtw01 systemd-udevd[14227]: Could not generate persistent MAC address for tap2de446a8-97: No such file or directory
Jun  2 18:29:58 gtw01 systemd-udevd[14227]: Process '/sbin/ip link set tap2de446a8-97 txqueuelen 10000' failed with exit code 1.
Jun  2 18:29:59 gtw01 kernel: [13741.714619] device tap3e5b4afe-dd entered promiscuous mode
Jun  2 18:29:59 gtw01 systemd-udevd[14325]: Could not generate persistent MAC address for tap3e5b4afe-dd: No such file or directory
Jun  2 18:29:59 gtw01 systemd-udevd[14371]: Process '/sbin/ip link set tap3e5b4afe-dd txqueuelen 10000' failed with exit code 1.
Jun  2 18:29:59 gtw01 kernel: [13742.236662] device tapfd01d761-e1 entered promiscuous mode
Jun  2 18:29:59 gtw01 systemd-udevd[14403]: Could not generate persistent MAC address for tapfd01d761-e1: No such file or directory
Jun  2 18:30:00 gtw01 systemd-udevd[14448]: Process '/sbin/ip link set tapfd01d761-e1 txqueuelen 10000' failed with exit code 1.
Jun  2 18:30:01 gtw01 dnsmasq[14527]: started, version 2.80 cachesize 150
Jun  2 18:30:01 gtw01 dnsmasq[14527]: DNS service limited to local subnets
Jun  2 18:30:01 gtw01 dnsmasq[14527]: compile time options: IPv6 GNU-getopt DBus i18n IDN DHCP DHCPv6 no-Lua TFTP conntrack ipset auth DNSSEC loop-detect inotify dumpfile
Jun  2 18:30:01 gtw01 dnsmasq[14527]: warning: no upstream servers configured
Jun  2 18:30:01 gtw01 dnsmasq-dhcp[14527]: DHCP, static leases only on 10.2.75.0, lease time 1h
Jun  2 18:30:01 gtw01 dnsmasq[14527]: read /var/lib/neutron/dhcp/326be14f-17a8-4aa7-be63-ecc564f05a48/addn_hosts - 1 addresses
Jun  2 18:30:01 gtw01 dnsmasq-dhcp[14527]: read /var/lib/neutron/dhcp/326be14f-17a8-4aa7-be63-ecc564f05a48/host
Jun  2 18:30:01 gtw01 dnsmasq-dhcp[14527]: read /var/lib/neutron/dhcp/326be14f-17a8-4aa7-be63-ecc564f05a48/opts
Jun  2 18:30:02 gtw01 haproxy-metadata-proxy-326be14f-17a8-4aa7-be63-ecc564f05a48[14542]: Proxy listener started.
Jun  2 18:30:03 gtw01 dnsmasq[14602]: started, version 2.80 cachesize 150
Jun  2 18:30:03 gtw01 dnsmasq[14602]: DNS service limited to local subnets
Jun  2 18:30:03 gtw01 dnsmasq[14602]: compile time options: IPv6 GNU-getopt DBus i18n IDN DHCP DHCPv6 no-Lua TFTP conntrack ipset auth DNSSEC loop-detect inotify dumpfile
Jun  2 18:30:03 gtw01 dnsmasq[14602]: warning: no upstream servers configured
Jun  2 18:30:03 gtw01 dnsmasq-dhcp[14602]: DHCP, static leases only on 10.2.78.0, lease time 1h
Jun  2 18:30:03 gtw01 dnsmasq[14602]: read /var/lib/neutron/dhcp/7d9cd79f-948a-433e-838f-828171f07111/addn_hosts - 1 addresses
Jun  2 18:30:03 gtw01 dnsmasq-dhcp[14602]: read /var/lib/neutron/dhcp/7d9cd79f-948a-433e-838f-828171f07111/host
Jun  2 18:30:03 gtw01 dnsmasq-dhcp[14602]: read /var/lib/neutron/dhcp/7d9cd79f-948a-433e-838f-828171f07111/opts
Jun  2 18:30:03 gtw01 haproxy-metadata-proxy-7d9cd79f-948a-433e-838f-828171f07111[14617]: Proxy listener started.
Jun  2 18:30:04 gtw01 dnsmasq[14640]: started, version 2.80 cachesize 150
Jun  2 18:30:04 gtw01 dnsmasq[14640]: DNS service limited to local subnets
Jun  2 18:30:04 gtw01 dnsmasq[14640]: compile time options: IPv6 GNU-getopt DBus i18n IDN DHCP DHCPv6 no-Lua TFTP conntrack ipset auth DNSSEC loop-detect inotify dumpfile
Jun  2 18:30:04 gtw01 dnsmasq[14640]: warning: no upstream servers configured
Jun  2 18:30:04 gtw01 dnsmasq-dhcp[14640]: DHCP, static leases only on 10.2.76.0, lease time 1h
Jun  2 18:30:04 gtw01 dnsmasq[14640]: read /var/lib/neutron/dhcp/31b8a2c2-40d8-4949-ba41-d0512b96210a/addn_hosts - 1 addresses
Jun  2 18:30:04 gtw01 dnsmasq-dhcp[14640]: read /var/lib/neutron/dhcp/31b8a2c2-40d8-4949-ba41-d0512b96210a/host
Jun  2 18:30:04 gtw01 dnsmasq-dhcp[14640]: read /var/lib/neutron/dhcp/31b8a2c2-40d8-4949-ba41-d0512b96210a/opts
Jun  2 18:30:04 gtw01 dnsmasq[14662]: started, version 2.80 cachesize 150
Jun  2 18:30:04 gtw01 dnsmasq[14662]: DNS service limited to local subnets
Jun  2 18:30:04 gtw01 dnsmasq[14662]: compile time options: IPv6 GNU-getopt DBus i18n IDN DHCP DHCPv6 no-Lua TFTP conntrack ipset auth DNSSEC loop-detect inotify dumpfile
Jun  2 18:30:04 gtw01 dnsmasq[14662]: warning: no upstream servers configured
Jun  2 18:30:04 gtw01 dnsmasq-dhcp[14662]: DHCP, static leases only on 10.2.77.0, lease time 1h
Jun  2 18:30:04 gtw01 dnsmasq[14662]: read /var/lib/neutron/dhcp/309c0356-be4d-4356-853e-17c2254d2efa/addn_hosts - 1 addresses
Jun  2 18:30:04 gtw01 dnsmasq-dhcp[14662]: read /var/lib/neutron/dhcp/309c0356-be4d-4356-853e-17c2254d2efa/host
Jun  2 18:30:04 gtw01 dnsmasq-dhcp[14662]: read /var/lib/neutron/dhcp/309c0356-be4d-4356-853e-17c2254d2efa/opts
Jun  2 18:30:04 gtw01 haproxy-metadata-proxy-31b8a2c2-40d8-4949-ba41-d0512b96210a[14660]: Proxy listener started.
Jun  2 18:30:05 gtw01 haproxy-metadata-proxy-309c0356-be4d-4356-853e-17c2254d2efa[14672]: Proxy listener started.
Jun  2 18:30:06 gtw01 dnsmasq[14724]: started, version 2.80 cachesize 150
Jun  2 18:30:06 gtw01 dnsmasq[14724]: DNS service limited to local subnets
Jun  2 18:30:06 gtw01 dnsmasq[14724]: compile time options: IPv6 GNU-getopt DBus i18n IDN DHCP DHCPv6 no-Lua TFTP conntrack ipset auth DNSSEC loop-detect inotify dumpfile
Jun  2 18:30:06 gtw01 dnsmasq[14724]: warning: no upstream servers configured
Jun  2 18:30:06 gtw01 dnsmasq-dhcp[14724]: DHCP, static leases only on 10.2.79.0, lease time 1h
Jun  2 18:30:06 gtw01 dnsmasq-dhcp[14724]: DHCP, static leases only on 10.2.75.0, lease time 1h
Jun  2 18:30:06 gtw01 dnsmasq[14724]: read /var/lib/neutron/dhcp/326be14f-17a8-4aa7-be63-ecc564f05a48/addn_hosts - 2 addresses
Jun  2 18:30:06 gtw01 dnsmasq-dhcp[14724]: read /var/lib/neutron/dhcp/326be14f-17a8-4aa7-be63-ecc564f05a48/host
Jun  2 18:30:06 gtw01 dnsmasq-dhcp[14724]: read /var/lib/neutron/dhcp/326be14f-17a8-4aa7-be63-ecc564f05a48/opts
Jun  2 18:30:07 gtw01 dnsmasq[14724]: read /var/lib/neutron/dhcp/326be14f-17a8-4aa7-be63-ecc564f05a48/addn_hosts - 3 addresses
Jun  2 18:30:07 gtw01 dnsmasq-dhcp[14724]: read /var/lib/neutron/dhcp/326be14f-17a8-4aa7-be63-ecc564f05a48/host
Jun  2 18:30:07 gtw01 dnsmasq-dhcp[14724]: read /var/lib/neutron/dhcp/326be14f-17a8-4aa7-be63-ecc564f05a48/opts
Jun  2 18:30:08 gtw01 dnsmasq[14817]: started, version 2.80 cachesize 150
Jun  2 18:30:08 gtw01 dnsmasq[14817]: DNS service limited to local subnets
Jun  2 18:30:08 gtw01 dnsmasq[14817]: compile time options: IPv6 GNU-getopt DBus i18n IDN DHCP DHCPv6 no-Lua TFTP conntrack ipset auth DNSSEC loop-detect inotify dumpfile
Jun  2 18:30:08 gtw01 dnsmasq[14817]: warning: no upstream servers configured
Jun  2 18:30:08 gtw01 dnsmasq-dhcp[14817]: DHCP, static leases only on 10.2.81.0, lease time 1h
Jun  2 18:30:08 gtw01 dnsmasq-dhcp[14817]: DHCP, static leases only on 10.2.78.0, lease time 1h
Jun  2 18:30:08 gtw01 dnsmasq[14817]: read /var/lib/neutron/dhcp/7d9cd79f-948a-433e-838f-828171f07111/addn_hosts - 2 addresses
Jun  2 18:30:08 gtw01 dnsmasq-dhcp[14817]: read /var/lib/neutron/dhcp/7d9cd79f-948a-433e-838f-828171f07111/host
Jun  2 18:30:08 gtw01 dnsmasq-dhcp[14817]: read /var/lib/neutron/dhcp/7d9cd79f-948a-433e-838f-828171f07111/opts
Jun  2 18:30:09 gtw01 dnsmasq[14724]: read /var/lib/neutron/dhcp/326be14f-17a8-4aa7-be63-ecc564f05a48/addn_hosts - 3 addresses
Jun  2 18:30:09 gtw01 dnsmasq-dhcp[14724]: read /var/lib/neutron/dhcp/326be14f-17a8-4aa7-be63-ecc564f05a48/host
Jun  2 18:30:09 gtw01 dnsmasq-dhcp[14724]: read /var/lib/neutron/dhcp/326be14f-17a8-4aa7-be63-ecc564f05a48/opts
Jun  2 18:30:09 gtw01 dnsmasq[14817]: read /var/lib/neutron/dhcp/7d9cd79f-948a-433e-838f-828171f07111/addn_hosts - 3 addresses
Jun  2 18:30:09 gtw01 dnsmasq-dhcp[14817]: read /var/lib/neutron/dhcp/7d9cd79f-948a-433e-838f-828171f07111/host
Jun  2 18:30:09 gtw01 dnsmasq-dhcp[14817]: read /var/lib/neutron/dhcp/7d9cd79f-948a-433e-838f-828171f07111/opts
Jun  2 18:30:09 gtw01 dnsmasq[14872]: started, version 2.80 cachesize 150
Jun  2 18:30:09 gtw01 dnsmasq[14872]: DNS service limited to local subnets
Jun  2 18:30:09 gtw01 dnsmasq[14872]: compile time options: IPv6 GNU-getopt DBus i18n IDN DHCP DHCPv6 no-Lua TFTP conntrack ipset auth DNSSEC loop-detect inotify dumpfile
Jun  2 18:30:09 gtw01 dnsmasq[14872]: warning: no upstream servers configured
Jun  2 18:30:09 gtw01 dnsmasq-dhcp[14872]: DHCP, static leases only on 10.2.80.0, lease time 1h
Jun  2 18:30:09 gtw01 dnsmasq-dhcp[14872]: DHCP, static leases only on 10.2.76.0, lease time 1h
Jun  2 18:30:09 gtw01 dnsmasq[14872]: read /var/lib/neutron/dhcp/31b8a2c2-40d8-4949-ba41-d0512b96210a/addn_hosts - 3 addresses
Jun  2 18:30:09 gtw01 dnsmasq-dhcp[14872]: read /var/lib/neutron/dhcp/31b8a2c2-40d8-4949-ba41-d0512b96210a/host
Jun  2 18:30:09 gtw01 dnsmasq-dhcp[14872]: read /var/lib/neutron/dhcp/31b8a2c2-40d8-4949-ba41-d0512b96210a/opts
Jun  2 18:30:10 gtw01 dnsmasq[14724]: read /var/lib/neutron/dhcp/326be14f-17a8-4aa7-be63-ecc564f05a48/addn_hosts - 3 addresses
Jun  2 18:30:10 gtw01 dnsmasq-dhcp[14724]: read /var/lib/neutron/dhcp/326be14f-17a8-4aa7-be63-ecc564f05a48/host
Jun  2 18:30:10 gtw01 dnsmasq-dhcp[14724]: read /var/lib/neutron/dhcp/326be14f-17a8-4aa7-be63-ecc564f05a48/opts
Jun  2 18:30:10 gtw01 dnsmasq[14872]: read /var/lib/neutron/dhcp/31b8a2c2-40d8-4949-ba41-d0512b96210a/addn_hosts - 3 addresses
Jun  2 18:30:10 gtw01 dnsmasq-dhcp[14872]: read /var/lib/neutron/dhcp/31b8a2c2-40d8-4949-ba41-d0512b96210a/host
Jun  2 18:30:10 gtw01 dnsmasq-dhcp[14872]: read /var/lib/neutron/dhcp/31b8a2c2-40d8-4949-ba41-d0512b96210a/opts
Jun  2 18:30:10 gtw01 dnsmasq[14917]: started, version 2.80 cachesize 150
Jun  2 18:30:10 gtw01 dnsmasq[14917]: DNS service limited to local subnets
Jun  2 18:30:10 gtw01 dnsmasq[14917]: compile time options: IPv6 GNU-getopt DBus i18n IDN DHCP DHCPv6 no-Lua TFTP conntrack ipset auth DNSSEC loop-detect inotify dumpfile
Jun  2 18:30:10 gtw01 dnsmasq[14917]: warning: no upstream servers configured
Jun  2 18:30:10 gtw01 dnsmasq-dhcp[14917]: DHCP, static leases only on 10.2.77.0, lease time 1h
Jun  2 18:30:10 gtw01 dnsmasq-dhcp[14917]: DHCP, static leases only on 10.2.82.0, lease time 1h
Jun  2 18:30:10 gtw01 dnsmasq[14917]: read /var/lib/neutron/dhcp/309c0356-be4d-4356-853e-17c2254d2efa/addn_hosts - 2 addresses
Jun  2 18:30:10 gtw01 dnsmasq-dhcp[14917]: read /var/lib/neutron/dhcp/309c0356-be4d-4356-853e-17c2254d2efa/host
Jun  2 18:30:10 gtw01 dnsmasq-dhcp[14917]: read /var/lib/neutron/dhcp/309c0356-be4d-4356-853e-17c2254d2efa/opts
Jun  2 18:30:10 gtw01 dnsmasq[14817]: read /var/lib/neutron/dhcp/7d9cd79f-948a-433e-838f-828171f07111/addn_hosts - 3 addresses
Jun  2 18:30:10 gtw01 dnsmasq-dhcp[14817]: read /var/lib/neutron/dhcp/7d9cd79f-948a-433e-838f-828171f07111/host
Jun  2 18:30:10 gtw01 dnsmasq-dhcp[14817]: read /var/lib/neutron/dhcp/7d9cd79f-948a-433e-838f-828171f07111/opts
Jun  2 18:30:11 gtw01 dnsmasq[14917]: read /var/lib/neutron/dhcp/309c0356-be4d-4356-853e-17c2254d2efa/addn_hosts - 3 addresses
Jun  2 18:30:11 gtw01 dnsmasq-dhcp[14917]: read /var/lib/neutron/dhcp/309c0356-be4d-4356-853e-17c2254d2efa/host
Jun  2 18:30:11 gtw01 dnsmasq-dhcp[14917]: read /var/lib/neutron/dhcp/309c0356-be4d-4356-853e-17c2254d2efa/opts
Jun  2 18:30:12 gtw01 dnsmasq[14872]: read /var/lib/neutron/dhcp/31b8a2c2-40d8-4949-ba41-d0512b96210a/addn_hosts - 3 addresses
Jun  2 18:30:12 gtw01 dnsmasq-dhcp[14872]: read /var/lib/neutron/dhcp/31b8a2c2-40d8-4949-ba41-d0512b96210a/host
Jun  2 18:30:12 gtw01 dnsmasq-dhcp[14872]: read /var/lib/neutron/dhcp/31b8a2c2-40d8-4949-ba41-d0512b96210a/opts
Jun  2 18:30:12 gtw01 dnsmasq[14817]: read /var/lib/neutron/dhcp/7d9cd79f-948a-433e-838f-828171f07111/addn_hosts - 3 addresses
Jun  2 18:30:12 gtw01 dnsmasq-dhcp[14817]: read /var/lib/neutron/dhcp/7d9cd79f-948a-433e-838f-828171f07111/host
Jun  2 18:30:12 gtw01 dnsmasq-dhcp[14817]: read /var/lib/neutron/dhcp/7d9cd79f-948a-433e-838f-828171f07111/opts
Jun  2 18:30:12 gtw01 dnsmasq[14724]: read /var/lib/neutron/dhcp/326be14f-17a8-4aa7-be63-ecc564f05a48/addn_hosts - 3 addresses
Jun  2 18:30:12 gtw01 dnsmasq-dhcp[14724]: read /var/lib/neutron/dhcp/326be14f-17a8-4aa7-be63-ecc564f05a48/host
Jun  2 18:30:12 gtw01 dnsmasq-dhcp[14724]: read /var/lib/neutron/dhcp/326be14f-17a8-4aa7-be63-ecc564f05a48/opts
Jun  2 18:30:13 gtw01 dnsmasq[14917]: read /var/lib/neutron/dhcp/309c0356-be4d-4356-853e-17c2254d2efa/addn_hosts - 3 addresses
Jun  2 18:30:13 gtw01 dnsmasq-dhcp[14917]: read /var/lib/neutron/dhcp/309c0356-be4d-4356-853e-17c2254d2efa/host
Jun  2 18:30:13 gtw01 dnsmasq-dhcp[14917]: read /var/lib/neutron/dhcp/309c0356-be4d-4356-853e-17c2254d2efa/opts
Jun  2 18:30:13 gtw01 dnsmasq[14872]: read /var/lib/neutron/dhcp/31b8a2c2-40d8-4949-ba41-d0512b96210a/addn_hosts - 3 addresses
Jun  2 18:30:13 gtw01 dnsmasq-dhcp[14872]: read /var/lib/neutron/dhcp/31b8a2c2-40d8-4949-ba41-d0512b96210a/host
Jun  2 18:30:13 gtw01 dnsmasq-dhcp[14872]: read /var/lib/neutron/dhcp/31b8a2c2-40d8-4949-ba41-d0512b96210a/opts
Jun  2 18:30:14 gtw01 dnsmasq[14817]: read /var/lib/neutron/dhcp/7d9cd79f-948a-433e-838f-828171f07111/addn_hosts - 3 addresses
Jun  2 18:30:14 gtw01 dnsmasq-dhcp[14817]: read /var/lib/neutron/dhcp/7d9cd79f-948a-433e-838f-828171f07111/host
Jun  2 18:30:14 gtw01 dnsmasq-dhcp[14817]: read /var/lib/neutron/dhcp/7d9cd79f-948a-433e-838f-828171f07111/opts
Jun  2 18:30:14 gtw01 dnsmasq[14917]: read /var/lib/neutron/dhcp/309c0356-be4d-4356-853e-17c2254d2efa/addn_hosts - 3 addresses
Jun  2 18:30:14 gtw01 dnsmasq-dhcp[14917]: read /var/lib/neutron/dhcp/309c0356-be4d-4356-853e-17c2254d2efa/host
Jun  2 18:30:14 gtw01 dnsmasq-dhcp[14917]: read /var/lib/neutron/dhcp/309c0356-be4d-4356-853e-17c2254d2efa/opts
Jun  2 18:30:14 gtw01 dnsmasq[14872]: read /var/lib/neutron/dhcp/31b8a2c2-40d8-4949-ba41-d0512b96210a/addn_hosts - 3 addresses
Jun  2 18:30:14 gtw01 dnsmasq-dhcp[14872]: read /var/lib/neutron/dhcp/31b8a2c2-40d8-4949-ba41-d0512b96210a/host
Jun  2 18:30:14 gtw01 dnsmasq-dhcp[14872]: read /var/lib/neutron/dhcp/31b8a2c2-40d8-4949-ba41-d0512b96210a/opts
Jun  2 18:30:15 gtw01 dnsmasq[14917]: read /var/lib/neutron/dhcp/309c0356-be4d-4356-853e-17c2254d2efa/addn_hosts - 3 addresses
Jun  2 18:30:15 gtw01 dnsmasq-dhcp[14917]: read /var/lib/neutron/dhcp/309c0356-be4d-4356-853e-17c2254d2efa/host
Jun  2 18:30:15 gtw01 dnsmasq-dhcp[14917]: read /var/lib/neutron/dhcp/309c0356-be4d-4356-853e-17c2254d2efa/opts
Jun  2 18:30:17 gtw01 dnsmasq[14872]: read /var/lib/neutron/dhcp/31b8a2c2-40d8-4949-ba41-d0512b96210a/addn_hosts - 4 addresses
Jun  2 18:30:17 gtw01 dnsmasq-dhcp[14872]: read /var/lib/neutron/dhcp/31b8a2c2-40d8-4949-ba41-d0512b96210a/host
Jun  2 18:30:17 gtw01 dnsmasq-dhcp[14872]: read /var/lib/neutron/dhcp/31b8a2c2-40d8-4949-ba41-d0512b96210a/opts
Jun  2 18:30:18 gtw01 dnsmasq[14724]: read /var/lib/neutron/dhcp/326be14f-17a8-4aa7-be63-ecc564f05a48/addn_hosts - 4 addresses
Jun  2 18:30:18 gtw01 dnsmasq-dhcp[14724]: read /var/lib/neutron/dhcp/326be14f-17a8-4aa7-be63-ecc564f05a48/host
Jun  2 18:30:18 gtw01 dnsmasq-dhcp[14724]: read /var/lib/neutron/dhcp/326be14f-17a8-4aa7-be63-ecc564f05a48/opts
Jun  2 18:30:18 gtw01 dnsmasq[14817]: read /var/lib/neutron/dhcp/7d9cd79f-948a-433e-838f-828171f07111/addn_hosts - 4 addresses
Jun  2 18:30:18 gtw01 dnsmasq-dhcp[14817]: read /var/lib/neutron/dhcp/7d9cd79f-948a-433e-838f-828171f07111/host
Jun  2 18:30:18 gtw01 dnsmasq-dhcp[14817]: read /var/lib/neutron/dhcp/7d9cd79f-948a-433e-838f-828171f07111/opts
Jun  2 18:30:20 gtw01 dnsmasq[14917]: read /var/lib/neutron/dhcp/309c0356-be4d-4356-853e-17c2254d2efa/addn_hosts - 4 addresses
Jun  2 18:30:20 gtw01 dnsmasq-dhcp[14917]: read /var/lib/neutron/dhcp/309c0356-be4d-4356-853e-17c2254d2efa/host
Jun  2 18:30:20 gtw01 dnsmasq-dhcp[14917]: read /var/lib/neutron/dhcp/309c0356-be4d-4356-853e-17c2254d2efa/opts
Jun  2 18:30:21 gtw01 dnsmasq[14724]: read /var/lib/neutron/dhcp/326be14f-17a8-4aa7-be63-ecc564f05a48/addn_hosts - 4 addresses
Jun  2 18:30:21 gtw01 dnsmasq-dhcp[14724]: read /var/lib/neutron/dhcp/326be14f-17a8-4aa7-be63-ecc564f05a48/host
Jun  2 18:30:21 gtw01 dnsmasq-dhcp[14724]: read /var/lib/neutron/dhcp/326be14f-17a8-4aa7-be63-ecc564f05a48/opts
Jun  2 18:30:22 gtw01 dnsmasq[14872]: read /var/lib/neutron/dhcp/31b8a2c2-40d8-4949-ba41-d0512b96210a/addn_hosts - 4 addresses
Jun  2 18:30:22 gtw01 dnsmasq-dhcp[14872]: read /var/lib/neutron/dhcp/31b8a2c2-40d8-4949-ba41-d0512b96210a/host
Jun  2 18:30:22 gtw01 dnsmasq-dhcp[14872]: read /var/lib/neutron/dhcp/31b8a2c2-40d8-4949-ba41-d0512b96210a/opts
Jun  2 18:30:24 gtw01 dnsmasq[14817]: read /var/lib/neutron/dhcp/7d9cd79f-948a-433e-838f-828171f07111/addn_hosts - 4 addresses
Jun  2 18:30:24 gtw01 dnsmasq-dhcp[14817]: read /var/lib/neutron/dhcp/7d9cd79f-948a-433e-838f-828171f07111/host
Jun  2 18:30:24 gtw01 dnsmasq-dhcp[14817]: read /var/lib/neutron/dhcp/7d9cd79f-948a-433e-838f-828171f07111/opts
Jun  2 18:30:24 gtw01 dnsmasq[14917]: read /var/lib/neutron/dhcp/309c0356-be4d-4356-853e-17c2254d2efa/addn_hosts - 4 addresses
Jun  2 18:30:24 gtw01 dnsmasq-dhcp[14917]: read /var/lib/neutron/dhcp/309c0356-be4d-4356-853e-17c2254d2efa/host
Jun  2 18:30:24 gtw01 dnsmasq-dhcp[14917]: read /var/lib/neutron/dhcp/309c0356-be4d-4356-853e-17c2254d2efa/opts
Jun  2 18:30:29 gtw01 kernel: [13771.527687] device tapc8e15cab-ea entered promiscuous mode
Jun  2 18:30:29 gtw01 systemd-udevd[15251]: Could not generate persistent MAC address for tapc8e15cab-ea: No such file or directory
Jun  2 18:30:29 gtw01 systemd-udevd[15299]: Process '/sbin/ip link set tapc8e15cab-ea txqueuelen 10000' failed with exit code 1.
Jun  2 18:30:30 gtw01 kernel: [13772.596285] device tap82cbdba9-b4 entered promiscuous mode
Jun  2 18:30:30 gtw01 systemd-udevd[15350]: Could not generate persistent MAC address for tap82cbdba9-b4: No such file or directory
Jun  2 18:30:30 gtw01 systemd-udevd[15401]: Process '/sbin/ip link set tap82cbdba9-b4 txqueuelen 10000' failed with exit code 1.
Jun  2 18:30:30 gtw01 kernel: [13773.136902] device tap5338f5d9-2a entered promiscuous mode
Jun  2 18:30:30 gtw01 systemd-udevd[15430]: Could not generate persistent MAC address for tap5338f5d9-2a: No such file or directory
Jun  2 18:30:31 gtw01 systemd-udevd[15480]: Process '/sbin/ip link set tap5338f5d9-2a txqueuelen 10000' failed with exit code 1.
Jun  2 18:30:31 gtw01 systemd-udevd[15524]: Could not generate persistent MAC address for tap245a05b5-9a: No such file or directory
Jun  2 18:30:31 gtw01 kernel: [13773.980973] device tap245a05b5-9a entered promiscuous mode
Jun  2 18:30:31 gtw01 systemd-udevd[15577]: Process '/sbin/ip link set tap245a05b5-9a txqueuelen 10000' failed with exit code 1.
Jun  2 18:30:34 gtw01 dnsmasq[15693]: started, version 2.80 cachesize 150
Jun  2 18:30:34 gtw01 dnsmasq[15693]: DNS service limited to local subnets
Jun  2 18:30:34 gtw01 dnsmasq[15693]: compile time options: IPv6 GNU-getopt DBus i18n IDN DHCP DHCPv6 no-Lua TFTP conntrack ipset auth DNSSEC loop-detect inotify dumpfile
Jun  2 18:30:34 gtw01 dnsmasq[15693]: warning: no upstream servers configured
Jun  2 18:30:34 gtw01 dnsmasq-dhcp[15693]: DHCP, static leases only on 10.2.83.0, lease time 1h
Jun  2 18:30:34 gtw01 dnsmasq[15693]: read /var/lib/neutron/dhcp/49bff5aa-b89f-4f67-9ea1-61b4225fc89d/addn_hosts - 1 addresses
Jun  2 18:30:34 gtw01 dnsmasq-dhcp[15693]: read /var/lib/neutron/dhcp/49bff5aa-b89f-4f67-9ea1-61b4225fc89d/host
Jun  2 18:30:34 gtw01 dnsmasq-dhcp[15693]: read /var/lib/neutron/dhcp/49bff5aa-b89f-4f67-9ea1-61b4225fc89d/opts
Jun  2 18:30:34 gtw01 haproxy-metadata-proxy-49bff5aa-b89f-4f67-9ea1-61b4225fc89d[15708]: Proxy listener started.
Jun  2 18:30:35 gtw01 dnsmasq[15734]: started, version 2.80 cachesize 150
Jun  2 18:30:35 gtw01 dnsmasq[15734]: DNS service limited to local subnets
Jun  2 18:30:35 gtw01 dnsmasq[15734]: compile time options: IPv6 GNU-getopt DBus i18n IDN DHCP DHCPv6 no-Lua TFTP conntrack ipset auth DNSSEC loop-detect inotify dumpfile
Jun  2 18:30:35 gtw01 dnsmasq[15734]: warning: no upstream servers configured
Jun  2 18:30:35 gtw01 dnsmasq-dhcp[15734]: DHCP, static leases only on 10.2.85.0, lease time 1h
Jun  2 18:30:35 gtw01 dnsmasq[15734]: read /var/lib/neutron/dhcp/4e1d77d2-fd3c-4db2-a2ba-95cb226f8845/addn_hosts - 1 addresses
Jun  2 18:30:35 gtw01 dnsmasq-dhcp[15734]: read /var/lib/neutron/dhcp/4e1d77d2-fd3c-4db2-a2ba-95cb226f8845/host
Jun  2 18:30:35 gtw01 dnsmasq-dhcp[15734]: read /var/lib/neutron/dhcp/4e1d77d2-fd3c-4db2-a2ba-95cb226f8845/opts
Jun  2 18:30:35 gtw01 haproxy-metadata-proxy-4e1d77d2-fd3c-4db2-a2ba-95cb226f8845[15750]: Proxy listener started.
Jun  2 18:30:35 gtw01 dnsmasq[15753]: started, version 2.80 cachesize 150
Jun  2 18:30:35 gtw01 dnsmasq[15753]: DNS service limited to local subnets
Jun  2 18:30:35 gtw01 dnsmasq[15753]: compile time options: IPv6 GNU-getopt DBus i18n IDN DHCP DHCPv6 no-Lua TFTP conntrack ipset auth DNSSEC loop-detect inotify dumpfile
Jun  2 18:30:35 gtw01 dnsmasq[15753]: warning: no upstream servers configured
Jun  2 18:30:35 gtw01 dnsmasq-dhcp[15753]: DHCP, static leases only on 10.2.84.0, lease time 1h
Jun  2 18:30:35 gtw01 dnsmasq[15753]: read /var/lib/neutron/dhcp/9ab08ba8-3cf5-4791-8f77-a10922dc9de9/addn_hosts - 1 addresses
Jun  2 18:30:35 gtw01 dnsmasq-dhcp[15753]: read /var/lib/neutron/dhcp/9ab08ba8-3cf5-4791-8f77-a10922dc9de9/host
Jun  2 18:30:35 gtw01 dnsmasq-dhcp[15753]: read /var/lib/neutron/dhcp/9ab08ba8-3cf5-4791-8f77-a10922dc9de9/opts
Jun  2 18:30:36 gtw01 haproxy-metadata-proxy-9ab08ba8-3cf5-4791-8f77-a10922dc9de9[15761]: Proxy listener started.
Jun  2 18:30:36 gtw01 dnsmasq[15769]: started, version 2.80 cachesize 150
Jun  2 18:30:36 gtw01 dnsmasq[15769]: DNS service limited to local subnets
Jun  2 18:30:36 gtw01 dnsmasq[15769]: compile time options: IPv6 GNU-getopt DBus i18n IDN DHCP DHCPv6 no-Lua TFTP conntrack ipset auth DNSSEC loop-detect inotify dumpfile
Jun  2 18:30:36 gtw01 dnsmasq[15769]: warning: no upstream servers configured
Jun  2 18:30:36 gtw01 dnsmasq-dhcp[15769]: DHCP, static leases only on 10.2.87.0, lease time 1h
Jun  2 18:30:36 gtw01 dnsmasq[15769]: read /var/lib/neutron/dhcp/bdb95e4f-77a8-4722-b02d-542838a65279/addn_hosts - 1 addresses
Jun  2 18:30:36 gtw01 dnsmasq-dhcp[15769]: read /var/lib/neutron/dhcp/bdb95e4f-77a8-4722-b02d-542838a65279/host
Jun  2 18:30:36 gtw01 dnsmasq-dhcp[15769]: read /var/lib/neutron/dhcp/bdb95e4f-77a8-4722-b02d-542838a65279/opts
Jun  2 18:30:36 gtw01 haproxy-metadata-proxy-bdb95e4f-77a8-4722-b02d-542838a65279[15778]: Proxy listener started.
Jun  2 18:30:40 gtw01 dnsmasq[15946]: started, version 2.80 cachesize 150
Jun  2 18:30:40 gtw01 dnsmasq[15946]: DNS service limited to local subnets
Jun  2 18:30:40 gtw01 dnsmasq[15946]: compile time options: IPv6 GNU-getopt DBus i18n IDN DHCP DHCPv6 no-Lua TFTP conntrack ipset auth DNSSEC loop-detect inotify dumpfile
Jun  2 18:30:40 gtw01 dnsmasq[15946]: warning: no upstream servers configured
Jun  2 18:30:40 gtw01 dnsmasq-dhcp[15946]: DHCP, static leases only on 10.2.83.0, lease time 1h
Jun  2 18:30:40 gtw01 dnsmasq-dhcp[15946]: DHCP, static leases only on 10.2.86.0, lease time 1h
Jun  2 18:30:40 gtw01 dnsmasq[15946]: read /var/lib/neutron/dhcp/49bff5aa-b89f-4f67-9ea1-61b4225fc89d/addn_hosts - 4 addresses
Jun  2 18:30:40 gtw01 dnsmasq-dhcp[15946]: read /var/lib/neutron/dhcp/49bff5aa-b89f-4f67-9ea1-61b4225fc89d/host
Jun  2 18:30:40 gtw01 dnsmasq-dhcp[15946]: read /var/lib/neutron/dhcp/49bff5aa-b89f-4f67-9ea1-61b4225fc89d/opts
Jun  2 18:30:41 gtw01 kernel: [13783.570249] device tapbcd0f1a0-84 entered promiscuous mode
Jun  2 18:30:41 gtw01 systemd-udevd[15979]: Could not generate persistent MAC address for tapbcd0f1a0-84: No such file or directory
Jun  2 18:30:41 gtw01 systemd-udevd[16025]: Process '/sbin/ip link set tapbcd0f1a0-84 txqueuelen 10000' failed with exit code 1.
Jun  2 18:30:41 gtw01 kernel: [13784.030343] device tap7947b832-b5 entered promiscuous mode
Jun  2 18:30:41 gtw01 systemd-udevd[16055]: Could not generate persistent MAC address for tap7947b832-b5: No such file or directory
Jun  2 18:30:41 gtw01 systemd-udevd[16107]: Process '/sbin/ip link set tap7947b832-b5 txqueuelen 10000' failed with exit code 1.
Jun  2 18:30:42 gtw01 dnsmasq[15946]: read /var/lib/neutron/dhcp/49bff5aa-b89f-4f67-9ea1-61b4225fc89d/addn_hosts - 4 addresses
Jun  2 18:30:42 gtw01 dnsmasq-dhcp[15946]: read /var/lib/neutron/dhcp/49bff5aa-b89f-4f67-9ea1-61b4225fc89d/host
Jun  2 18:30:42 gtw01 dnsmasq-dhcp[15946]: read /var/lib/neutron/dhcp/49bff5aa-b89f-4f67-9ea1-61b4225fc89d/opts
Jun  2 18:30:42 gtw01 dnsmasq[16138]: started, version 2.80 cachesize 150
Jun  2 18:30:42 gtw01 dnsmasq[16138]: DNS service limited to local subnets
Jun  2 18:30:42 gtw01 dnsmasq[16138]: compile time options: IPv6 GNU-getopt DBus i18n IDN DHCP DHCPv6 no-Lua TFTP conntrack ipset auth DNSSEC loop-detect inotify dumpfile
Jun  2 18:30:42 gtw01 dnsmasq[16138]: warning: no upstream servers configured
Jun  2 18:30:42 gtw01 dnsmasq-dhcp[16138]: DHCP, static leases only on 10.2.88.0, lease time 1h
Jun  2 18:30:42 gtw01 dnsmasq-dhcp[16138]: DHCP, static leases only on 10.2.84.0, lease time 1h
Jun  2 18:30:42 gtw01 dnsmasq[16138]: read /var/lib/neutron/dhcp/9ab08ba8-3cf5-4791-8f77-a10922dc9de9/addn_hosts - 4 addresses
Jun  2 18:30:42 gtw01 dnsmasq-dhcp[16138]: read /var/lib/neutron/dhcp/9ab08ba8-3cf5-4791-8f77-a10922dc9de9/host
Jun  2 18:30:42 gtw01 dnsmasq-dhcp[16138]: read /var/lib/neutron/dhcp/9ab08ba8-3cf5-4791-8f77-a10922dc9de9/opts
Jun  2 18:30:42 gtw01 dnsmasq[16153]: started, version 2.80 cachesize 150
Jun  2 18:30:42 gtw01 dnsmasq[16153]: DNS service limited to local subnets
Jun  2 18:30:42 gtw01 dnsmasq[16153]: compile time options: IPv6 GNU-getopt DBus i18n IDN DHCP DHCPv6 no-Lua TFTP conntrack ipset auth DNSSEC loop-detect inotify dumpfile
Jun  2 18:30:42 gtw01 dnsmasq[16153]: warning: no upstream servers configured
Jun  2 18:30:42 gtw01 dnsmasq-dhcp[16153]: DHCP, static leases only on 10.2.90.0, lease time 1h
Jun  2 18:30:42 gtw01 dnsmasq-dhcp[16153]: DHCP, static leases only on 10.2.87.0, lease time 1h
Jun  2 18:30:42 gtw01 dnsmasq[16153]: read /var/lib/neutron/dhcp/bdb95e4f-77a8-4722-b02d-542838a65279/addn_hosts - 4 addresses
Jun  2 18:30:42 gtw01 dnsmasq-dhcp[16153]: read /var/lib/neutron/dhcp/bdb95e4f-77a8-4722-b02d-542838a65279/host
