Jun  2 18:17:05 gtw01 dnsmasq[3026]: LOUD WARNING: listening on 1.19.0.2 may accept requests via interfaces other than tap9d7c9e78-7e
Jun  2 18:17:05 gtw01 dnsmasq[3026]: LOUD WARNING: use --bind-dynamic rather than --bind-interfaces to avoid DNS amplification attacks via these interface(s)
Jun  2 18:17:05 gtw01 dnsmasq[3026]: warning: no upstream servers configured
Jun  2 18:17:05 gtw01 dnsmasq-dhcp[3026]: DHCP, static leases only on 1.19.0.0, lease time 1h
Jun  2 18:17:05 gtw01 dnsmasq[3026]: read /var/lib/neutron/dhcp/f9f6e883-f6f8-48e4-ae76-123b59fdc73b/addn_hosts - 1 addresses
Jun  2 18:17:05 gtw01 dnsmasq-dhcp[3026]: read /var/lib/neutron/dhcp/f9f6e883-f6f8-48e4-ae76-123b59fdc73b/host
Jun  2 18:17:05 gtw01 dnsmasq-dhcp[3026]: read /var/lib/neutron/dhcp/f9f6e883-f6f8-48e4-ae76-123b59fdc73b/opts
Jun  2 18:17:05 gtw01 haproxy-metadata-proxy-0a967a12-d73e-4d73-91f6-689fff6518bf[3037]: Proxy listener started.
Jun  2 18:17:05 gtw01 haproxy-metadata-proxy-f9f6e883-f6f8-48e4-ae76-123b59fdc73b[3054]: Proxy listener started.
Jun  2 18:17:06 gtw01 kernel: [12969.203560] device tap9d7c9e78-7e left promiscuous mode
Jun  2 18:17:07 gtw01 kernel: [12969.318155] device tapca61a715-48 left promiscuous mode
Jun  2 18:17:08 gtw01 dnsmasq[3172]: started, version 2.80 cachesize 150
Jun  2 18:17:08 gtw01 dnsmasq[3172]: DNS service limited to local subnets
Jun  2 18:17:08 gtw01 dnsmasq[3172]: compile time options: IPv6 GNU-getopt DBus i18n IDN DHCP DHCPv6 no-Lua TFTP conntrack ipset auth DNSSEC loop-detect inotify dumpfile
Jun  2 18:17:08 gtw01 dnsmasq[3172]: LOUD WARNING: listening on 1.21.0.2 may accept requests via interfaces other than tapaae88cb5-44
Jun  2 18:17:08 gtw01 dnsmasq[3172]: LOUD WARNING: use --bind-dynamic rather than --bind-interfaces to avoid DNS amplification attacks via these interface(s)
Jun  2 18:17:08 gtw01 dnsmasq[3172]: warning: no upstream servers configured
Jun  2 18:17:08 gtw01 dnsmasq-dhcp[3172]: DHCP, static leases only on 1.21.0.0, lease time 1h
Jun  2 18:17:08 gtw01 dnsmasq[3172]: read /var/lib/neutron/dhcp/13bbcb02-8aca-4b4c-89b7-9ee312cbf146/addn_hosts - 1 addresses
Jun  2 18:17:08 gtw01 dnsmasq-dhcp[3172]: read /var/lib/neutron/dhcp/13bbcb02-8aca-4b4c-89b7-9ee312cbf146/host
Jun  2 18:17:08 gtw01 dnsmasq-dhcp[3172]: read /var/lib/neutron/dhcp/13bbcb02-8aca-4b4c-89b7-9ee312cbf146/opts
Jun  2 18:17:08 gtw01 dnsmasq[3180]: started, version 2.80 cachesize 150
Jun  2 18:17:08 gtw01 dnsmasq[3180]: DNS service limited to local subnets
Jun  2 18:17:08 gtw01 dnsmasq[3180]: compile time options: IPv6 GNU-getopt DBus i18n IDN DHCP DHCPv6 no-Lua TFTP conntrack ipset auth DNSSEC loop-detect inotify dumpfile
Jun  2 18:17:08 gtw01 dnsmasq[3180]: LOUD WARNING: listening on 1.22.0.2 may accept requests via interfaces other than tap37fd8e4d-cd
Jun  2 18:17:08 gtw01 dnsmasq[3180]: LOUD WARNING: use --bind-dynamic rather than --bind-interfaces to avoid DNS amplification attacks via these interface(s)
Jun  2 18:17:08 gtw01 dnsmasq[3180]: warning: no upstream servers configured
Jun  2 18:17:08 gtw01 dnsmasq-dhcp[3180]: DHCP, static leases only on 1.22.0.0, lease time 1h
Jun  2 18:17:08 gtw01 dnsmasq[3180]: read /var/lib/neutron/dhcp/627b4adb-5512-45d7-b92c-30f26a30e198/addn_hosts - 1 addresses
Jun  2 18:17:08 gtw01 dnsmasq-dhcp[3180]: read /var/lib/neutron/dhcp/627b4adb-5512-45d7-b92c-30f26a30e198/host
Jun  2 18:17:08 gtw01 dnsmasq-dhcp[3180]: read /var/lib/neutron/dhcp/627b4adb-5512-45d7-b92c-30f26a30e198/opts
Jun  2 18:17:08 gtw01 haproxy-metadata-proxy-13bbcb02-8aca-4b4c-89b7-9ee312cbf146[3188]: Proxy listener started.
Jun  2 18:17:08 gtw01 haproxy-metadata-proxy-627b4adb-5512-45d7-b92c-30f26a30e198[3192]: Proxy listener started.
Jun  2 18:17:08 gtw01 dnsmasq[3217]: started, version 2.80 cachesize 150
Jun  2 18:17:08 gtw01 dnsmasq[3217]: DNS service limited to local subnets
Jun  2 18:17:08 gtw01 dnsmasq[3217]: compile time options: IPv6 GNU-getopt DBus i18n IDN DHCP DHCPv6 no-Lua TFTP conntrack ipset auth DNSSEC loop-detect inotify dumpfile
Jun  2 18:17:08 gtw01 dnsmasq[3217]: LOUD WARNING: listening on 1.23.0.2 may accept requests via interfaces other than tap08b7cd8e-58
Jun  2 18:17:08 gtw01 dnsmasq[3217]: LOUD WARNING: use --bind-dynamic rather than --bind-interfaces to avoid DNS amplification attacks via these interface(s)
Jun  2 18:17:08 gtw01 dnsmasq[3217]: warning: no upstream servers configured
Jun  2 18:17:08 gtw01 dnsmasq-dhcp[3217]: DHCP, static leases only on 1.23.0.0, lease time 1h
Jun  2 18:17:08 gtw01 dnsmasq[3217]: read /var/lib/neutron/dhcp/94f9d655-0e81-4d95-94e0-a3e87db4db8e/addn_hosts - 1 addresses
Jun  2 18:17:08 gtw01 dnsmasq-dhcp[3217]: read /var/lib/neutron/dhcp/94f9d655-0e81-4d95-94e0-a3e87db4db8e/host
Jun  2 18:17:08 gtw01 dnsmasq-dhcp[3217]: read /var/lib/neutron/dhcp/94f9d655-0e81-4d95-94e0-a3e87db4db8e/opts
Jun  2 18:17:09 gtw01 kernel: [12971.513932] device tapaae88cb5-44 left promiscuous mode
Jun  2 18:17:09 gtw01 dnsmasq[3231]: started, version 2.80 cachesize 150
Jun  2 18:17:09 gtw01 dnsmasq[3231]: DNS service limited to local subnets
Jun  2 18:17:09 gtw01 dnsmasq[3231]: compile time options: IPv6 GNU-getopt DBus i18n IDN DHCP DHCPv6 no-Lua TFTP conntrack ipset auth DNSSEC loop-detect inotify dumpfile
Jun  2 18:17:09 gtw01 dnsmasq[3231]: LOUD WARNING: listening on 1.24.0.2 may accept requests via interfaces other than tap584dd326-82
Jun  2 18:17:09 gtw01 dnsmasq[3231]: LOUD WARNING: use --bind-dynamic rather than --bind-interfaces to avoid DNS amplification attacks via these interface(s)
Jun  2 18:17:09 gtw01 dnsmasq[3231]: warning: no upstream servers configured
Jun  2 18:17:09 gtw01 dnsmasq-dhcp[3231]: DHCP, static leases only on 1.24.0.0, lease time 1h
Jun  2 18:17:09 gtw01 dnsmasq[3231]: read /var/lib/neutron/dhcp/73533117-4e36-454d-a3b1-d9f4a85d80f9/addn_hosts - 1 addresses
Jun  2 18:17:09 gtw01 dnsmasq-dhcp[3231]: read /var/lib/neutron/dhcp/73533117-4e36-454d-a3b1-d9f4a85d80f9/host
Jun  2 18:17:09 gtw01 dnsmasq-dhcp[3231]: read /var/lib/neutron/dhcp/73533117-4e36-454d-a3b1-d9f4a85d80f9/opts
Jun  2 18:17:09 gtw01 haproxy-metadata-proxy-94f9d655-0e81-4d95-94e0-a3e87db4db8e[3234]: Proxy listener started.
Jun  2 18:17:09 gtw01 kernel: [12971.645649] device tap37fd8e4d-cd left promiscuous mode
Jun  2 18:17:09 gtw01 haproxy-metadata-proxy-73533117-4e36-454d-a3b1-d9f4a85d80f9[3239]: Proxy listener started.
Jun  2 18:17:10 gtw01 kernel: [12972.316616] device tap08b7cd8e-58 left promiscuous mode
Jun  2 18:17:10 gtw01 kernel: [12972.805606] device tap584dd326-82 left promiscuous mode
Jun  2 18:18:23 gtw01 systemd-udevd[3279]: Could not generate persistent MAC address for tapefa02743-36: No such file or directory
Jun  2 18:18:23 gtw01 kernel: [13045.966422] device tapefa02743-36 entered promiscuous mode
Jun  2 18:18:23 gtw01 systemd-udevd[3279]: Process '/sbin/ip link set tapefa02743-36 txqueuelen 10000' failed with exit code 1.
Jun  2 18:18:24 gtw01 kernel: [13047.215021] device tapdf366273-03 entered promiscuous mode
Jun  2 18:18:24 gtw01 systemd-udevd[3372]: Could not generate persistent MAC address for tapdf366273-03: No such file or directory
Jun  2 18:18:25 gtw01 systemd-udevd[3418]: Process '/sbin/ip link set tapdf366273-03 txqueuelen 10000' failed with exit code 1.
Jun  2 18:18:26 gtw01 kernel: [13048.757033] device tapcd2aee3e-3a entered promiscuous mode
Jun  2 18:18:26 gtw01 systemd-udevd[3489]: Could not generate persistent MAC address for tapcd2aee3e-3a: No such file or directory
Jun  2 18:18:26 gtw01 systemd-udevd[3537]: Process '/sbin/ip link set tapcd2aee3e-3a txqueuelen 10000' failed with exit code 1.
Jun  2 18:18:27 gtw01 dnsmasq[3584]: started, version 2.80 cachesize 150
Jun  2 18:18:27 gtw01 dnsmasq[3584]: DNS service limited to local subnets
Jun  2 18:18:27 gtw01 dnsmasq[3584]: compile time options: IPv6 GNU-getopt DBus i18n IDN DHCP DHCPv6 no-Lua TFTP conntrack ipset auth DNSSEC loop-detect inotify dumpfile
Jun  2 18:18:27 gtw01 dnsmasq[3584]: warning: no upstream servers configured
Jun  2 18:18:27 gtw01 dnsmasq-dhcp[3584]: DHCP, static leases only on 10.2.23.0, lease time 1h
Jun  2 18:18:27 gtw01 dnsmasq[3584]: read /var/lib/neutron/dhcp/e6388069-fbe8-43b3-957a-1ca82ed2491e/addn_hosts - 1 addresses
Jun  2 18:18:27 gtw01 dnsmasq-dhcp[3584]: read /var/lib/neutron/dhcp/e6388069-fbe8-43b3-957a-1ca82ed2491e/host
Jun  2 18:18:27 gtw01 dnsmasq-dhcp[3584]: read /var/lib/neutron/dhcp/e6388069-fbe8-43b3-957a-1ca82ed2491e/opts
Jun  2 18:18:27 gtw01 haproxy-metadata-proxy-e6388069-fbe8-43b3-957a-1ca82ed2491e[3595]: Proxy listener started.
Jun  2 18:18:28 gtw01 dnsmasq[3584]: read /var/lib/neutron/dhcp/e6388069-fbe8-43b3-957a-1ca82ed2491e/addn_hosts - 1 addresses
Jun  2 18:18:28 gtw01 dnsmasq-dhcp[3584]: read /var/lib/neutron/dhcp/e6388069-fbe8-43b3-957a-1ca82ed2491e/host
Jun  2 18:18:28 gtw01 dnsmasq-dhcp[3584]: read /var/lib/neutron/dhcp/e6388069-fbe8-43b3-957a-1ca82ed2491e/opts
Jun  2 18:18:29 gtw01 dnsmasq[3648]: started, version 2.80 cachesize 150
Jun  2 18:18:29 gtw01 dnsmasq[3648]: DNS service limited to local subnets
Jun  2 18:18:29 gtw01 dnsmasq[3648]: compile time options: IPv6 GNU-getopt DBus i18n IDN DHCP DHCPv6 no-Lua TFTP conntrack ipset auth DNSSEC loop-detect inotify dumpfile
Jun  2 18:18:29 gtw01 dnsmasq[3648]: warning: no upstream servers configured
Jun  2 18:18:29 gtw01 dnsmasq-dhcp[3648]: DHCP, static leases only on 10.2.24.0, lease time 1h
Jun  2 18:18:29 gtw01 dnsmasq[3648]: read /var/lib/neutron/dhcp/4221041f-57c0-45e5-9407-235767864771/addn_hosts - 1 addresses
Jun  2 18:18:29 gtw01 dnsmasq-dhcp[3648]: read /var/lib/neutron/dhcp/4221041f-57c0-45e5-9407-235767864771/host
Jun  2 18:18:29 gtw01 dnsmasq-dhcp[3648]: read /var/lib/neutron/dhcp/4221041f-57c0-45e5-9407-235767864771/opts
Jun  2 18:18:29 gtw01 haproxy-metadata-proxy-4221041f-57c0-45e5-9407-235767864771[3659]: Proxy listener started.
Jun  2 18:18:29 gtw01 dnsmasq[3584]: read /var/lib/neutron/dhcp/e6388069-fbe8-43b3-957a-1ca82ed2491e/addn_hosts - 1 addresses
Jun  2 18:18:29 gtw01 dnsmasq-dhcp[3584]: read /var/lib/neutron/dhcp/e6388069-fbe8-43b3-957a-1ca82ed2491e/host
Jun  2 18:18:29 gtw01 dnsmasq-dhcp[3584]: read /var/lib/neutron/dhcp/e6388069-fbe8-43b3-957a-1ca82ed2491e/opts
Jun  2 18:18:30 gtw01 dnsmasq[3696]: started, version 2.80 cachesize 150
Jun  2 18:18:30 gtw01 dnsmasq[3696]: DNS service limited to local subnets
Jun  2 18:18:30 gtw01 dnsmasq[3696]: compile time options: IPv6 GNU-getopt DBus i18n IDN DHCP DHCPv6 no-Lua TFTP conntrack ipset auth DNSSEC loop-detect inotify dumpfile
Jun  2 18:18:30 gtw01 dnsmasq[3696]: warning: no upstream servers configured
Jun  2 18:18:30 gtw01 dnsmasq-dhcp[3696]: DHCP, static leases only on 10.2.25.0, lease time 1h
Jun  2 18:18:30 gtw01 dnsmasq[3696]: read /var/lib/neutron/dhcp/63f12173-7b7a-4b13-93f0-5cb99f82da20/addn_hosts - 1 addresses
Jun  2 18:18:30 gtw01 dnsmasq-dhcp[3696]: read /var/lib/neutron/dhcp/63f12173-7b7a-4b13-93f0-5cb99f82da20/host
Jun  2 18:18:30 gtw01 dnsmasq-dhcp[3696]: read /var/lib/neutron/dhcp/63f12173-7b7a-4b13-93f0-5cb99f82da20/opts
Jun  2 18:18:30 gtw01 dnsmasq[3648]: read /var/lib/neutron/dhcp/4221041f-57c0-45e5-9407-235767864771/addn_hosts - 1 addresses
Jun  2 18:18:30 gtw01 dnsmasq-dhcp[3648]: read /var/lib/neutron/dhcp/4221041f-57c0-45e5-9407-235767864771/host
Jun  2 18:18:30 gtw01 dnsmasq-dhcp[3648]: read /var/lib/neutron/dhcp/4221041f-57c0-45e5-9407-235767864771/opts
Jun  2 18:18:30 gtw01 haproxy-metadata-proxy-63f12173-7b7a-4b13-93f0-5cb99f82da20[3708]: Proxy listener started.
Jun  2 18:18:31 gtw01 dnsmasq[3584]: read /var/lib/neutron/dhcp/e6388069-fbe8-43b3-957a-1ca82ed2491e/addn_hosts - 2 addresses
Jun  2 18:18:31 gtw01 dnsmasq-dhcp[3584]: read /var/lib/neutron/dhcp/e6388069-fbe8-43b3-957a-1ca82ed2491e/host
Jun  2 18:18:31 gtw01 dnsmasq-dhcp[3584]: read /var/lib/neutron/dhcp/e6388069-fbe8-43b3-957a-1ca82ed2491e/opts
Jun  2 18:18:31 gtw01 dnsmasq[3648]: read /var/lib/neutron/dhcp/4221041f-57c0-45e5-9407-235767864771/addn_hosts - 1 addresses
Jun  2 18:18:31 gtw01 dnsmasq-dhcp[3648]: read /var/lib/neutron/dhcp/4221041f-57c0-45e5-9407-235767864771/host
Jun  2 18:18:31 gtw01 dnsmasq-dhcp[3648]: read /var/lib/neutron/dhcp/4221041f-57c0-45e5-9407-235767864771/opts
Jun  2 18:18:32 gtw01 dnsmasq[3584]: read /var/lib/neutron/dhcp/e6388069-fbe8-43b3-957a-1ca82ed2491e/addn_hosts - 3 addresses
Jun  2 18:18:32 gtw01 dnsmasq-dhcp[3584]: read /var/lib/neutron/dhcp/e6388069-fbe8-43b3-957a-1ca82ed2491e/host
Jun  2 18:18:32 gtw01 dnsmasq-dhcp[3584]: read /var/lib/neutron/dhcp/e6388069-fbe8-43b3-957a-1ca82ed2491e/opts
Jun  2 18:18:32 gtw01 dnsmasq[3696]: read /var/lib/neutron/dhcp/63f12173-7b7a-4b13-93f0-5cb99f82da20/addn_hosts - 3 addresses
Jun  2 18:18:32 gtw01 dnsmasq-dhcp[3696]: read /var/lib/neutron/dhcp/63f12173-7b7a-4b13-93f0-5cb99f82da20/host
Jun  2 18:18:32 gtw01 dnsmasq-dhcp[3696]: read /var/lib/neutron/dhcp/63f12173-7b7a-4b13-93f0-5cb99f82da20/opts
Jun  2 18:18:32 gtw01 dnsmasq[3648]: read /var/lib/neutron/dhcp/4221041f-57c0-45e5-9407-235767864771/addn_hosts - 2 addresses
Jun  2 18:18:32 gtw01 dnsmasq-dhcp[3648]: read /var/lib/neutron/dhcp/4221041f-57c0-45e5-9407-235767864771/host
Jun  2 18:18:32 gtw01 dnsmasq-dhcp[3648]: read /var/lib/neutron/dhcp/4221041f-57c0-45e5-9407-235767864771/opts
Jun  2 18:18:33 gtw01 dnsmasq[3584]: read /var/lib/neutron/dhcp/e6388069-fbe8-43b3-957a-1ca82ed2491e/addn_hosts - 3 addresses
Jun  2 18:18:33 gtw01 dnsmasq-dhcp[3584]: read /var/lib/neutron/dhcp/e6388069-fbe8-43b3-957a-1ca82ed2491e/host
Jun  2 18:18:33 gtw01 dnsmasq-dhcp[3584]: read /var/lib/neutron/dhcp/e6388069-fbe8-43b3-957a-1ca82ed2491e/opts
Jun  2 18:18:33 gtw01 dnsmasq[3696]: read /var/lib/neutron/dhcp/63f12173-7b7a-4b13-93f0-5cb99f82da20/addn_hosts - 3 addresses
Jun  2 18:18:33 gtw01 dnsmasq-dhcp[3696]: read /var/lib/neutron/dhcp/63f12173-7b7a-4b13-93f0-5cb99f82da20/host
Jun  2 18:18:33 gtw01 dnsmasq-dhcp[3696]: read /var/lib/neutron/dhcp/63f12173-7b7a-4b13-93f0-5cb99f82da20/opts
Jun  2 18:18:33 gtw01 dnsmasq[3648]: read /var/lib/neutron/dhcp/4221041f-57c0-45e5-9407-235767864771/addn_hosts - 3 addresses
Jun  2 18:18:33 gtw01 dnsmasq-dhcp[3648]: read /var/lib/neutron/dhcp/4221041f-57c0-45e5-9407-235767864771/host
Jun  2 18:18:33 gtw01 dnsmasq-dhcp[3648]: read /var/lib/neutron/dhcp/4221041f-57c0-45e5-9407-235767864771/opts
Jun  2 18:18:34 gtw01 dnsmasq[3696]: read /var/lib/neutron/dhcp/63f12173-7b7a-4b13-93f0-5cb99f82da20/addn_hosts - 3 addresses
Jun  2 18:18:34 gtw01 dnsmasq-dhcp[3696]: read /var/lib/neutron/dhcp/63f12173-7b7a-4b13-93f0-5cb99f82da20/host
Jun  2 18:18:34 gtw01 dnsmasq-dhcp[3696]: read /var/lib/neutron/dhcp/63f12173-7b7a-4b13-93f0-5cb99f82da20/opts
Jun  2 18:18:34 gtw01 dnsmasq[3584]: read /var/lib/neutron/dhcp/e6388069-fbe8-43b3-957a-1ca82ed2491e/addn_hosts - 2 addresses
Jun  2 18:18:34 gtw01 dnsmasq-dhcp[3584]: read /var/lib/neutron/dhcp/e6388069-fbe8-43b3-957a-1ca82ed2491e/host
Jun  2 18:18:34 gtw01 dnsmasq-dhcp[3584]: read /var/lib/neutron/dhcp/e6388069-fbe8-43b3-957a-1ca82ed2491e/opts
Jun  2 18:18:35 gtw01 dnsmasq[3648]: read /var/lib/neutron/dhcp/4221041f-57c0-45e5-9407-235767864771/addn_hosts - 4 addresses
Jun  2 18:18:35 gtw01 dnsmasq-dhcp[3648]: read /var/lib/neutron/dhcp/4221041f-57c0-45e5-9407-235767864771/host
Jun  2 18:18:35 gtw01 dnsmasq-dhcp[3648]: read /var/lib/neutron/dhcp/4221041f-57c0-45e5-9407-235767864771/opts
Jun  2 18:18:35 gtw01 dnsmasq[3696]: read /var/lib/neutron/dhcp/63f12173-7b7a-4b13-93f0-5cb99f82da20/addn_hosts - 3 addresses
Jun  2 18:18:35 gtw01 dnsmasq-dhcp[3696]: read /var/lib/neutron/dhcp/63f12173-7b7a-4b13-93f0-5cb99f82da20/host
Jun  2 18:18:35 gtw01 dnsmasq-dhcp[3696]: read /var/lib/neutron/dhcp/63f12173-7b7a-4b13-93f0-5cb99f82da20/opts
Jun  2 18:18:35 gtw01 dnsmasq[3584]: read /var/lib/neutron/dhcp/e6388069-fbe8-43b3-957a-1ca82ed2491e/addn_hosts - 1 addresses
Jun  2 18:18:35 gtw01 dnsmasq-dhcp[3584]: read /var/lib/neutron/dhcp/e6388069-fbe8-43b3-957a-1ca82ed2491e/host
Jun  2 18:18:35 gtw01 dnsmasq-dhcp[3584]: read /var/lib/neutron/dhcp/e6388069-fbe8-43b3-957a-1ca82ed2491e/opts
Jun  2 18:18:36 gtw01 dnsmasq[3648]: read /var/lib/neutron/dhcp/4221041f-57c0-45e5-9407-235767864771/addn_hosts - 5 addresses
Jun  2 18:18:36 gtw01 dnsmasq-dhcp[3648]: read /var/lib/neutron/dhcp/4221041f-57c0-45e5-9407-235767864771/host
Jun  2 18:18:36 gtw01 dnsmasq-dhcp[3648]: read /var/lib/neutron/dhcp/4221041f-57c0-45e5-9407-235767864771/opts
Jun  2 18:18:36 gtw01 dnsmasq[3696]: read /var/lib/neutron/dhcp/63f12173-7b7a-4b13-93f0-5cb99f82da20/addn_hosts - 3 addresses
Jun  2 18:18:36 gtw01 dnsmasq-dhcp[3696]: read /var/lib/neutron/dhcp/63f12173-7b7a-4b13-93f0-5cb99f82da20/host
Jun  2 18:18:36 gtw01 dnsmasq-dhcp[3696]: read /var/lib/neutron/dhcp/63f12173-7b7a-4b13-93f0-5cb99f82da20/opts
Jun  2 18:18:37 gtw01 dnsmasq[3648]: read /var/lib/neutron/dhcp/4221041f-57c0-45e5-9407-235767864771/addn_hosts - 6 addresses
Jun  2 18:18:37 gtw01 dnsmasq-dhcp[3648]: read /var/lib/neutron/dhcp/4221041f-57c0-45e5-9407-235767864771/host
Jun  2 18:18:37 gtw01 dnsmasq-dhcp[3648]: read /var/lib/neutron/dhcp/4221041f-57c0-45e5-9407-235767864771/opts
Jun  2 18:18:37 gtw01 dnsmasq[3696]: read /var/lib/neutron/dhcp/63f12173-7b7a-4b13-93f0-5cb99f82da20/addn_hosts - 2 addresses
Jun  2 18:18:37 gtw01 dnsmasq-dhcp[3696]: read /var/lib/neutron/dhcp/63f12173-7b7a-4b13-93f0-5cb99f82da20/host
Jun  2 18:18:37 gtw01 dnsmasq-dhcp[3696]: read /var/lib/neutron/dhcp/63f12173-7b7a-4b13-93f0-5cb99f82da20/opts
Jun  2 18:18:38 gtw01 dnsmasq[3648]: read /var/lib/neutron/dhcp/4221041f-57c0-45e5-9407-235767864771/addn_hosts - 7 addresses
Jun  2 18:18:38 gtw01 dnsmasq-dhcp[3648]: read /var/lib/neutron/dhcp/4221041f-57c0-45e5-9407-235767864771/host
Jun  2 18:18:38 gtw01 dnsmasq-dhcp[3648]: read /var/lib/neutron/dhcp/4221041f-57c0-45e5-9407-235767864771/opts
Jun  2 18:18:38 gtw01 dnsmasq[3696]: read /var/lib/neutron/dhcp/63f12173-7b7a-4b13-93f0-5cb99f82da20/addn_hosts - 1 addresses
Jun  2 18:18:38 gtw01 dnsmasq-dhcp[3696]: read /var/lib/neutron/dhcp/63f12173-7b7a-4b13-93f0-5cb99f82da20/host
Jun  2 18:18:38 gtw01 dnsmasq-dhcp[3696]: read /var/lib/neutron/dhcp/63f12173-7b7a-4b13-93f0-5cb99f82da20/opts
Jun  2 18:18:39 gtw01 dnsmasq[3648]: read /var/lib/neutron/dhcp/4221041f-57c0-45e5-9407-235767864771/addn_hosts - 7 addresses
Jun  2 18:18:39 gtw01 dnsmasq-dhcp[3648]: read /var/lib/neutron/dhcp/4221041f-57c0-45e5-9407-235767864771/host
Jun  2 18:18:39 gtw01 dnsmasq-dhcp[3648]: read /var/lib/neutron/dhcp/4221041f-57c0-45e5-9407-235767864771/opts
Jun  2 18:18:40 gtw01 dnsmasq[3648]: read /var/lib/neutron/dhcp/4221041f-57c0-45e5-9407-235767864771/addn_hosts - 6 addresses
Jun  2 18:18:40 gtw01 dnsmasq-dhcp[3648]: read /var/lib/neutron/dhcp/4221041f-57c0-45e5-9407-235767864771/host
Jun  2 18:18:40 gtw01 dnsmasq-dhcp[3648]: read /var/lib/neutron/dhcp/4221041f-57c0-45e5-9407-235767864771/opts
Jun  2 18:18:41 gtw01 dnsmasq[3648]: read /var/lib/neutron/dhcp/4221041f-57c0-45e5-9407-235767864771/addn_hosts - 5 addresses
Jun  2 18:18:41 gtw01 dnsmasq-dhcp[3648]: read /var/lib/neutron/dhcp/4221041f-57c0-45e5-9407-235767864771/host
Jun  2 18:18:41 gtw01 dnsmasq-dhcp[3648]: read /var/lib/neutron/dhcp/4221041f-57c0-45e5-9407-235767864771/opts
Jun  2 18:18:42 gtw01 dnsmasq[3648]: read /var/lib/neutron/dhcp/4221041f-57c0-45e5-9407-235767864771/addn_hosts - 4 addresses
Jun  2 18:18:42 gtw01 dnsmasq-dhcp[3648]: read /var/lib/neutron/dhcp/4221041f-57c0-45e5-9407-235767864771/host
Jun  2 18:18:42 gtw01 dnsmasq-dhcp[3648]: read /var/lib/neutron/dhcp/4221041f-57c0-45e5-9407-235767864771/opts
Jun  2 18:18:42 gtw01 dnsmasq[3648]: read /var/lib/neutron/dhcp/4221041f-57c0-45e5-9407-235767864771/addn_hosts - 3 addresses
Jun  2 18:18:42 gtw01 dnsmasq-dhcp[3648]: read /var/lib/neutron/dhcp/4221041f-57c0-45e5-9407-235767864771/host
Jun  2 18:18:42 gtw01 dnsmasq-dhcp[3648]: read /var/lib/neutron/dhcp/4221041f-57c0-45e5-9407-235767864771/opts
Jun  2 18:18:43 gtw01 dnsmasq[3648]: read /var/lib/neutron/dhcp/4221041f-57c0-45e5-9407-235767864771/addn_hosts - 2 addresses
Jun  2 18:18:43 gtw01 dnsmasq-dhcp[3648]: read /var/lib/neutron/dhcp/4221041f-57c0-45e5-9407-235767864771/host
Jun  2 18:18:43 gtw01 dnsmasq-dhcp[3648]: read /var/lib/neutron/dhcp/4221041f-57c0-45e5-9407-235767864771/opts
Jun  2 18:18:44 gtw01 dnsmasq[3648]: read /var/lib/neutron/dhcp/4221041f-57c0-45e5-9407-235767864771/addn_hosts - 1 addresses
Jun  2 18:18:44 gtw01 dnsmasq-dhcp[3648]: read /var/lib/neutron/dhcp/4221041f-57c0-45e5-9407-235767864771/host
Jun  2 18:18:44 gtw01 dnsmasq-dhcp[3648]: read /var/lib/neutron/dhcp/4221041f-57c0-45e5-9407-235767864771/opts
Jun  2 18:18:51 gtw01 dnsmasq[3696]: read /var/lib/neutron/dhcp/63f12173-7b7a-4b13-93f0-5cb99f82da20/addn_hosts - 1 addresses
Jun  2 18:18:51 gtw01 dnsmasq-dhcp[3696]: read /var/lib/neutron/dhcp/63f12173-7b7a-4b13-93f0-5cb99f82da20/host
Jun  2 18:18:51 gtw01 dnsmasq-dhcp[3696]: read /var/lib/neutron/dhcp/63f12173-7b7a-4b13-93f0-5cb99f82da20/opts
Jun  2 18:18:52 gtw01 kernel: [13074.732520] device tapcd2aee3e-3a left promiscuous mode
Jun  2 18:18:55 gtw01 dnsmasq[3648]: read /var/lib/neutron/dhcp/4221041f-57c0-45e5-9407-235767864771/addn_hosts - 1 addresses
Jun  2 18:18:55 gtw01 dnsmasq-dhcp[3648]: read /var/lib/neutron/dhcp/4221041f-57c0-45e5-9407-235767864771/host
Jun  2 18:18:55 gtw01 dnsmasq-dhcp[3648]: read /var/lib/neutron/dhcp/4221041f-57c0-45e5-9407-235767864771/opts
Jun  2 18:18:56 gtw01 kernel: [13078.761061] device tapdf366273-03 left promiscuous mode
Jun  2 18:18:59 gtw01 dnsmasq[3584]: read /var/lib/neutron/dhcp/e6388069-fbe8-43b3-957a-1ca82ed2491e/addn_hosts - 1 addresses
Jun  2 18:18:59 gtw01 dnsmasq-dhcp[3584]: read /var/lib/neutron/dhcp/e6388069-fbe8-43b3-957a-1ca82ed2491e/host
Jun  2 18:18:59 gtw01 dnsmasq-dhcp[3584]: read /var/lib/neutron/dhcp/e6388069-fbe8-43b3-957a-1ca82ed2491e/opts
Jun  2 18:19:00 gtw01 kernel: [13082.365028] device tapefa02743-36 left promiscuous mode
Jun  2 18:19:18 gtw01 systemd-udevd[4227]: Could not generate persistent MAC address for tapd10b2c6a-73: No such file or directory
Jun  2 18:19:18 gtw01 kernel: [13101.019115] device tapd10b2c6a-73 entered promiscuous mode
Jun  2 18:19:18 gtw01 systemd-udevd[4271]: Process '/sbin/ip link set tapd10b2c6a-73 txqueuelen 10000' failed with exit code 1.
Jun  2 18:19:20 gtw01 kernel: [13102.283356] device tapd1d6fe2f-32 entered promiscuous mode
Jun  2 18:19:20 gtw01 systemd-udevd[4327]: Could not generate persistent MAC address for tapd1d6fe2f-32: No such file or directory
Jun  2 18:19:20 gtw01 systemd-udevd[4373]: Process '/sbin/ip link set tapd1d6fe2f-32 txqueuelen 10000' failed with exit code 1.
Jun  2 18:19:20 gtw01 kernel: [13103.071315] device tap0cc98704-33 entered promiscuous mode
Jun  2 18:19:20 gtw01 systemd-udevd[4419]: Could not generate persistent MAC address for tap0cc98704-33: No such file or directory
Jun  2 18:19:20 gtw01 systemd-udevd[4466]: Process '/sbin/ip link set tap0cc98704-33 txqueuelen 10000' failed with exit code 1.
Jun  2 18:19:21 gtw01 kernel: [13103.851548] device tap73fffa72-01 entered promiscuous mode
Jun  2 18:19:21 gtw01 systemd-udevd[4509]: Could not generate persistent MAC address for tap73fffa72-01: No such file or directory
Jun  2 18:19:21 gtw01 systemd-udevd[4557]: Process '/sbin/ip link set tap73fffa72-01 txqueuelen 10000' failed with exit code 1.
Jun  2 18:19:23 gtw01 dnsmasq[4643]: started, version 2.80 cachesize 150
Jun  2 18:19:23 gtw01 dnsmasq[4643]: DNS service limited to local subnets
Jun  2 18:19:23 gtw01 dnsmasq[4643]: compile time options: IPv6 GNU-getopt DBus i18n IDN DHCP DHCPv6 no-Lua TFTP conntrack ipset auth DNSSEC loop-detect inotify dumpfile
Jun  2 18:19:23 gtw01 dnsmasq[4643]: LOUD WARNING: listening on 1.1.0.110 may accept requests via interfaces other than tapd10b2c6a-73
Jun  2 18:19:23 gtw01 dnsmasq[4643]: LOUD WARNING: use --bind-dynamic rather than --bind-interfaces to avoid DNS amplification attacks via these interface(s)
Jun  2 18:19:23 gtw01 dnsmasq[4643]: warning: no upstream servers configured
Jun  2 18:19:23 gtw01 dnsmasq-dhcp[4643]: DHCP, static leases only on 1.1.0.108, lease time 1h
Jun  2 18:19:23 gtw01 dnsmasq[4643]: read /var/lib/neutron/dhcp/3061e97d-3a13-46d7-99b7-503586fffe15/addn_hosts - 1 addresses
Jun  2 18:19:23 gtw01 dnsmasq-dhcp[4643]: read /var/lib/neutron/dhcp/3061e97d-3a13-46d7-99b7-503586fffe15/host
Jun  2 18:19:23 gtw01 dnsmasq-dhcp[4643]: read /var/lib/neutron/dhcp/3061e97d-3a13-46d7-99b7-503586fffe15/opts
Jun  2 18:19:23 gtw01 haproxy-metadata-proxy-3061e97d-3a13-46d7-99b7-503586fffe15[4655]: Proxy listener started.
Jun  2 18:19:25 gtw01 dnsmasq[4643]: read /var/lib/neutron/dhcp/3061e97d-3a13-46d7-99b7-503586fffe15/addn_hosts - 1 addresses
Jun  2 18:19:25 gtw01 dnsmasq-dhcp[4643]: read /var/lib/neutron/dhcp/3061e97d-3a13-46d7-99b7-503586fffe15/host
Jun  2 18:19:25 gtw01 dnsmasq-dhcp[4643]: read /var/lib/neutron/dhcp/3061e97d-3a13-46d7-99b7-503586fffe15/opts
Jun  2 18:19:25 gtw01 dnsmasq[4719]: started, version 2.80 cachesize 150
Jun  2 18:19:25 gtw01 dnsmasq[4719]: DNS service limited to local subnets
Jun  2 18:19:25 gtw01 dnsmasq[4719]: compile time options: IPv6 GNU-getopt DBus i18n IDN DHCP DHCPv6 no-Lua TFTP conntrack ipset auth DNSSEC loop-detect inotify dumpfile
Jun  2 18:19:25 gtw01 dnsmasq[4719]: LOUD WARNING: listening on 1.1.0.118 may accept requests via interfaces other than tapd1d6fe2f-32
Jun  2 18:19:25 gtw01 dnsmasq[4719]: LOUD WARNING: use --bind-dynamic rather than --bind-interfaces to avoid DNS amplification attacks via these interface(s)
Jun  2 18:19:25 gtw01 dnsmasq[4719]: warning: no upstream servers configured
Jun  2 18:19:25 gtw01 dnsmasq-dhcp[4719]: DHCP, static leases only on 1.1.0.116, lease time 1h
Jun  2 18:19:25 gtw01 dnsmasq[4719]: read /var/lib/neutron/dhcp/2589dbb3-be94-4b33-a27c-09620af3ab22/addn_hosts - 1 addresses
Jun  2 18:19:25 gtw01 dnsmasq-dhcp[4719]: read /var/lib/neutron/dhcp/2589dbb3-be94-4b33-a27c-09620af3ab22/host
Jun  2 18:19:25 gtw01 dnsmasq-dhcp[4719]: read /var/lib/neutron/dhcp/2589dbb3-be94-4b33-a27c-09620af3ab22/opts
Jun  2 18:19:25 gtw01 dnsmasq[4736]: started, version 2.80 cachesize 150
Jun  2 18:19:25 gtw01 haproxy-metadata-proxy-2589dbb3-be94-4b33-a27c-09620af3ab22[4733]: Proxy listener started.
Jun  2 18:19:25 gtw01 dnsmasq[4736]: DNS service limited to local subnets
Jun  2 18:19:25 gtw01 dnsmasq[4736]: compile time options: IPv6 GNU-getopt DBus i18n IDN DHCP DHCPv6 no-Lua TFTP conntrack ipset auth DNSSEC loop-detect inotify dumpfile
Jun  2 18:19:25 gtw01 dnsmasq[4736]: LOUD WARNING: listening on 1.1.0.106 may accept requests via interfaces other than tap0cc98704-33
Jun  2 18:19:25 gtw01 dnsmasq[4736]: LOUD WARNING: use --bind-dynamic rather than --bind-interfaces to avoid DNS amplification attacks via these interface(s)
Jun  2 18:19:25 gtw01 dnsmasq[4736]: warning: no upstream servers configured
Jun  2 18:19:25 gtw01 dnsmasq-dhcp[4736]: DHCP, static leases only on 1.1.0.104, lease time 1h
Jun  2 18:19:25 gtw01 dnsmasq[4736]: read /var/lib/neutron/dhcp/55457db7-4d1b-437d-8397-face9abfe9b5/addn_hosts - 1 addresses
Jun  2 18:19:25 gtw01 dnsmasq-dhcp[4736]: read /var/lib/neutron/dhcp/55457db7-4d1b-437d-8397-face9abfe9b5/host
Jun  2 18:19:25 gtw01 dnsmasq-dhcp[4736]: read /var/lib/neutron/dhcp/55457db7-4d1b-437d-8397-face9abfe9b5/opts
Jun  2 18:19:26 gtw01 haproxy-metadata-proxy-55457db7-4d1b-437d-8397-face9abfe9b5[4748]: Proxy listener started.
Jun  2 18:19:26 gtw01 dnsmasq[4643]: read /var/lib/neutron/dhcp/3061e97d-3a13-46d7-99b7-503586fffe15/addn_hosts - 1 addresses
Jun  2 18:19:26 gtw01 dnsmasq-dhcp[4643]: read /var/lib/neutron/dhcp/3061e97d-3a13-46d7-99b7-503586fffe15/host
Jun  2 18:19:26 gtw01 dnsmasq-dhcp[4643]: read /var/lib/neutron/dhcp/3061e97d-3a13-46d7-99b7-503586fffe15/opts
Jun  2 18:19:26 gtw01 dnsmasq[4766]: started, version 2.80 cachesize 150
Jun  2 18:19:26 gtw01 dnsmasq[4766]: DNS service limited to local subnets
Jun  2 18:19:26 gtw01 dnsmasq[4766]: compile time options: IPv6 GNU-getopt DBus i18n IDN DHCP DHCPv6 no-Lua TFTP conntrack ipset auth DNSSEC loop-detect inotify dumpfile
Jun  2 18:19:26 gtw01 dnsmasq[4766]: LOUD WARNING: listening on 1.1.0.114 may accept requests via interfaces other than tap73fffa72-01
Jun  2 18:19:26 gtw01 dnsmasq[4766]: LOUD WARNING: use --bind-dynamic rather than --bind-interfaces to avoid DNS amplification attacks via these interface(s)
Jun  2 18:19:26 gtw01 dnsmasq[4766]: warning: no upstream servers configured
Jun  2 18:19:26 gtw01 dnsmasq-dhcp[4766]: DHCP, static leases only on 1.1.0.112, lease time 1h
Jun  2 18:19:26 gtw01 dnsmasq[4766]: read /var/lib/neutron/dhcp/b4c759d4-d0cd-4106-a500-96f681a5dfc8/addn_hosts - 1 addresses
Jun  2 18:19:26 gtw01 dnsmasq-dhcp[4766]: read /var/lib/neutron/dhcp/b4c759d4-d0cd-4106-a500-96f681a5dfc8/host
Jun  2 18:19:26 gtw01 dnsmasq-dhcp[4766]: read /var/lib/neutron/dhcp/b4c759d4-d0cd-4106-a500-96f681a5dfc8/opts
Jun  2 18:19:26 gtw01 haproxy-metadata-proxy-b4c759d4-d0cd-4106-a500-96f681a5dfc8[4783]: Proxy listener started.
Jun  2 18:19:26 gtw01 dnsmasq[4719]: read /var/lib/neutron/dhcp/2589dbb3-be94-4b33-a27c-09620af3ab22/addn_hosts - 2 addresses
Jun  2 18:19:26 gtw01 dnsmasq-dhcp[4719]: read /var/lib/neutron/dhcp/2589dbb3-be94-4b33-a27c-09620af3ab22/host
Jun  2 18:19:26 gtw01 dnsmasq-dhcp[4719]: read /var/lib/neutron/dhcp/2589dbb3-be94-4b33-a27c-09620af3ab22/opts
Jun  2 18:19:26 gtw01 dnsmasq[4736]: read /var/lib/neutron/dhcp/55457db7-4d1b-437d-8397-face9abfe9b5/addn_hosts - 1 addresses
Jun  2 18:19:26 gtw01 dnsmasq-dhcp[4736]: read /var/lib/neutron/dhcp/55457db7-4d1b-437d-8397-face9abfe9b5/host
Jun  2 18:19:26 gtw01 dnsmasq-dhcp[4736]: read /var/lib/neutron/dhcp/55457db7-4d1b-437d-8397-face9abfe9b5/opts
Jun  2 18:19:28 gtw01 dnsmasq[4643]: read /var/lib/neutron/dhcp/3061e97d-3a13-46d7-99b7-503586fffe15/addn_hosts - 2 addresses
Jun  2 18:19:28 gtw01 dnsmasq-dhcp[4643]: read /var/lib/neutron/dhcp/3061e97d-3a13-46d7-99b7-503586fffe15/host
Jun  2 18:19:28 gtw01 dnsmasq-dhcp[4643]: read /var/lib/neutron/dhcp/3061e97d-3a13-46d7-99b7-503586fffe15/opts
Jun  2 18:19:28 gtw01 dnsmasq[4766]: read /var/lib/neutron/dhcp/b4c759d4-d0cd-4106-a500-96f681a5dfc8/addn_hosts - 1 addresses
Jun  2 18:19:28 gtw01 dnsmasq-dhcp[4766]: read /var/lib/neutron/dhcp/b4c759d4-d0cd-4106-a500-96f681a5dfc8/host
Jun  2 18:19:28 gtw01 dnsmasq-dhcp[4766]: read /var/lib/neutron/dhcp/b4c759d4-d0cd-4106-a500-96f681a5dfc8/opts
Jun  2 18:19:28 gtw01 dnsmasq[4736]: read /var/lib/neutron/dhcp/55457db7-4d1b-437d-8397-face9abfe9b5/addn_hosts - 2 addresses
Jun  2 18:19:28 gtw01 dnsmasq-dhcp[4736]: read /var/lib/neutron/dhcp/55457db7-4d1b-437d-8397-face9abfe9b5/host
Jun  2 18:19:28 gtw01 dnsmasq-dhcp[4736]: read /var/lib/neutron/dhcp/55457db7-4d1b-437d-8397-face9abfe9b5/opts
Jun  2 18:19:29 gtw01 dnsmasq[4719]: read /var/lib/neutron/dhcp/2589dbb3-be94-4b33-a27c-09620af3ab22/addn_hosts - 2 addresses
Jun  2 18:19:29 gtw01 dnsmasq-dhcp[4719]: read /var/lib/neutron/dhcp/2589dbb3-be94-4b33-a27c-09620af3ab22/host
Jun  2 18:19:29 gtw01 dnsmasq-dhcp[4719]: read /var/lib/neutron/dhcp/2589dbb3-be94-4b33-a27c-09620af3ab22/opts
Jun  2 18:19:29 gtw01 systemd-udevd[4891]: Could not generate persistent MAC address for tap5060853d-a4: No such file or directory
Jun  2 18:19:29 gtw01 kernel: [13111.463661] device tap5060853d-a4 entered promiscuous mode
Jun  2 18:19:29 gtw01 systemd-udevd[4944]: Could not generate persistent MAC address for tap118eb0f9-13: No such file or directory
Jun  2 18:19:29 gtw01 kernel: [13111.631562] device tap118eb0f9-13 entered promiscuous mode
Jun  2 18:19:29 gtw01 systemd-udevd[4966]: Process '/sbin/ip link set tap5060853d-a4 txqueuelen 10000' failed with exit code 1.
Jun  2 18:19:29 gtw01 systemd-udevd[5009]: Process '/sbin/ip link set tap118eb0f9-13 txqueuelen 10000' failed with exit code 1.
Jun  2 18:19:30 gtw01 dnsmasq[4643]: read /var/lib/neutron/dhcp/3061e97d-3a13-46d7-99b7-503586fffe15/addn_hosts - 2 addresses
Jun  2 18:19:30 gtw01 dnsmasq-dhcp[4643]: read /var/lib/neutron/dhcp/3061e97d-3a13-46d7-99b7-503586fffe15/host
Jun  2 18:19:30 gtw01 dnsmasq-dhcp[4643]: read /var/lib/neutron/dhcp/3061e97d-3a13-46d7-99b7-503586fffe15/opts
Jun  2 18:19:30 gtw01 dnsmasq[4766]: read /var/lib/neutron/dhcp/b4c759d4-d0cd-4106-a500-96f681a5dfc8/addn_hosts - 1 addresses
Jun  2 18:19:30 gtw01 dnsmasq-dhcp[4766]: read /var/lib/neutron/dhcp/b4c759d4-d0cd-4106-a500-96f681a5dfc8/host
Jun  2 18:19:30 gtw01 dnsmasq-dhcp[4766]: read /var/lib/neutron/dhcp/b4c759d4-d0cd-4106-a500-96f681a5dfc8/opts
Jun  2 18:19:31 gtw01 dnsmasq[4736]: read /var/lib/neutron/dhcp/55457db7-4d1b-437d-8397-face9abfe9b5/addn_hosts - 2 addresses
Jun  2 18:19:31 gtw01 dnsmasq-dhcp[4736]: read /var/lib/neutron/dhcp/55457db7-4d1b-437d-8397-face9abfe9b5/host
Jun  2 18:19:31 gtw01 dnsmasq-dhcp[4736]: read /var/lib/neutron/dhcp/55457db7-4d1b-437d-8397-face9abfe9b5/opts
Jun  2 18:19:31 gtw01 dnsmasq[4719]: read /var/lib/neutron/dhcp/2589dbb3-be94-4b33-a27c-09620af3ab22/addn_hosts - 2 addresses
Jun  2 18:19:31 gtw01 dnsmasq-dhcp[4719]: read /var/lib/neutron/dhcp/2589dbb3-be94-4b33-a27c-09620af3ab22/host
Jun  2 18:19:31 gtw01 dnsmasq-dhcp[4719]: read /var/lib/neutron/dhcp/2589dbb3-be94-4b33-a27c-09620af3ab22/opts
Jun  2 18:19:32 gtw01 dnsmasq[4643]: read /var/lib/neutron/dhcp/3061e97d-3a13-46d7-99b7-503586fffe15/addn_hosts - 2 addresses
Jun  2 18:19:32 gtw01 dnsmasq-dhcp[4643]: read /var/lib/neutron/dhcp/3061e97d-3a13-46d7-99b7-503586fffe15/host
Jun  2 18:19:32 gtw01 dnsmasq-dhcp[4643]: read /var/lib/neutron/dhcp/3061e97d-3a13-46d7-99b7-503586fffe15/opts
Jun  2 18:19:32 gtw01 dnsmasq[4766]: read /var/lib/neutron/dhcp/b4c759d4-d0cd-4106-a500-96f681a5dfc8/addn_hosts - 2 addresses
Jun  2 18:19:32 gtw01 dnsmasq-dhcp[4766]: read /var/lib/neutron/dhcp/b4c759d4-d0cd-4106-a500-96f681a5dfc8/host
Jun  2 18:19:32 gtw01 dnsmasq-dhcp[4766]: read /var/lib/neutron/dhcp/b4c759d4-d0cd-4106-a500-96f681a5dfc8/opts
Jun  2 18:19:33 gtw01 dnsmasq[4736]: read /var/lib/neutron/dhcp/55457db7-4d1b-437d-8397-face9abfe9b5/addn_hosts - 2 addresses
Jun  2 18:19:33 gtw01 dnsmasq-dhcp[4736]: read /var/lib/neutron/dhcp/55457db7-4d1b-437d-8397-face9abfe9b5/host
Jun  2 18:19:33 gtw01 dnsmasq-dhcp[4736]: read /var/lib/neutron/dhcp/55457db7-4d1b-437d-8397-face9abfe9b5/opts
Jun  2 18:19:33 gtw01 dnsmasq[4719]: read /var/lib/neutron/dhcp/2589dbb3-be94-4b33-a27c-09620af3ab22/addn_hosts - 2 addresses
Jun  2 18:19:33 gtw01 dnsmasq-dhcp[4719]: read /var/lib/neutron/dhcp/2589dbb3-be94-4b33-a27c-09620af3ab22/host
Jun  2 18:19:33 gtw01 dnsmasq-dhcp[4719]: read /var/lib/neutron/dhcp/2589dbb3-be94-4b33-a27c-09620af3ab22/opts
Jun  2 18:19:35 gtw01 dnsmasq[4643]: read /var/lib/neutron/dhcp/3061e97d-3a13-46d7-99b7-503586fffe15/addn_hosts - 1 addresses
Jun  2 18:19:35 gtw01 dnsmasq-dhcp[4643]: read /var/lib/neutron/dhcp/3061e97d-3a13-46d7-99b7-503586fffe15/host
Jun  2 18:19:35 gtw01 dnsmasq-dhcp[4643]: read /var/lib/neutron/dhcp/3061e97d-3a13-46d7-99b7-503586fffe15/opts
Jun  2 18:19:35 gtw01 dnsmasq[4766]: read /var/lib/neutron/dhcp/b4c759d4-d0cd-4106-a500-96f681a5dfc8/addn_hosts - 2 addresses
Jun  2 18:19:35 gtw01 dnsmasq-dhcp[4766]: read /var/lib/neutron/dhcp/b4c759d4-d0cd-4106-a500-96f681a5dfc8/host
Jun  2 18:19:35 gtw01 dnsmasq-dhcp[4766]: read /var/lib/neutron/dhcp/b4c759d4-d0cd-4106-a500-96f681a5dfc8/opts
Jun  2 18:19:35 gtw01 dnsmasq[4736]: read /var/lib/neutron/dhcp/55457db7-4d1b-437d-8397-face9abfe9b5/addn_hosts - 2 addresses
Jun  2 18:19:35 gtw01 dnsmasq-dhcp[4736]: read /var/lib/neutron/dhcp/55457db7-4d1b-437d-8397-face9abfe9b5/host
Jun  2 18:19:35 gtw01 dnsmasq-dhcp[4736]: read /var/lib/neutron/dhcp/55457db7-4d1b-437d-8397-face9abfe9b5/opts
Jun  2 18:19:36 gtw01 dnsmasq[4719]: read /var/lib/neutron/dhcp/2589dbb3-be94-4b33-a27c-09620af3ab22/addn_hosts - 2 addresses
Jun  2 18:19:36 gtw01 dnsmasq-dhcp[4719]: read /var/lib/neutron/dhcp/2589dbb3-be94-4b33-a27c-09620af3ab22/host
Jun  2 18:19:36 gtw01 dnsmasq-dhcp[4719]: read /var/lib/neutron/dhcp/2589dbb3-be94-4b33-a27c-09620af3ab22/opts
Jun  2 18:19:36 gtw01 dnsmasq[5334]: started, version 2.80 cachesize 150
Jun  2 18:19:36 gtw01 dnsmasq[5334]: DNS service limited to local subnets
Jun  2 18:19:36 gtw01 dnsmasq[5334]: compile time options: IPv6 GNU-getopt DBus i18n IDN DHCP DHCPv6 no-Lua TFTP conntrack ipset auth DNSSEC loop-detect inotify dumpfile
Jun  2 18:19:36 gtw01 dnsmasq[5334]: LOUD WARNING: listening on 1.1.0.122 may accept requests via interfaces other than tap5060853d-a4
Jun  2 18:19:36 gtw01 dnsmasq[5334]: LOUD WARNING: use --bind-dynamic rather than --bind-interfaces to avoid DNS amplification attacks via these interface(s)
Jun  2 18:19:36 gtw01 dnsmasq[5334]: warning: no upstream servers configured
Jun  2 18:19:36 gtw01 dnsmasq-dhcp[5334]: DHCP, static leases only on 1.1.0.120, lease time 1h
Jun  2 18:19:36 gtw01 dnsmasq[5334]: read /var/lib/neutron/dhcp/27170a40-e313-470a-b7eb-fc8409879560/addn_hosts - 1 addresses
Jun  2 18:19:36 gtw01 dnsmasq-dhcp[5334]: read /var/lib/neutron/dhcp/27170a40-e313-470a-b7eb-fc8409879560/host
Jun  2 18:19:36 gtw01 dnsmasq-dhcp[5334]: read /var/lib/neutron/dhcp/27170a40-e313-470a-b7eb-fc8409879560/opts
Jun  2 18:19:37 gtw01 systemd-udevd[5353]: Could not generate persistent MAC address for tapd0bca87a-cb: No such file or directory
Jun  2 18:19:37 gtw01 kernel: [13119.503273] device tapd0bca87a-cb entered promiscuous mode
Jun  2 18:19:37 gtw01 systemd-udevd[5399]: Process '/sbin/ip link set tapd0bca87a-cb txqueuelen 10000' failed with exit code 1.
Jun  2 18:19:37 gtw01 haproxy-metadata-proxy-27170a40-e313-470a-b7eb-fc8409879560[5422]: Proxy listener started.
Jun  2 18:19:37 gtw01 kernel: [13119.967239] device tap46815ffb-d4 entered promiscuous mode
Jun  2 18:19:37 gtw01 systemd-udevd[5431]: Could not generate persistent MAC address for tap46815ffb-d4: No such file or directory
Jun  2 18:19:37 gtw01 systemd-udevd[5477]: Process '/sbin/ip link set tap46815ffb-d4 txqueuelen 10000' failed with exit code 1.
Jun  2 18:19:38 gtw01 dnsmasq[5501]: started, version 2.80 cachesize 150
Jun  2 18:19:38 gtw01 dnsmasq[5501]: DNS service limited to local subnets
Jun  2 18:19:38 gtw01 dnsmasq[5501]: compile time options: IPv6 GNU-getopt DBus i18n IDN DHCP DHCPv6 no-Lua TFTP conntrack ipset auth DNSSEC loop-detect inotify dumpfile
Jun  2 18:19:38 gtw01 dnsmasq[5501]: LOUD WARNING: listening on 1.1.0.126 may accept requests via interfaces other than tap118eb0f9-13
Jun  2 18:19:38 gtw01 dnsmasq[5501]: LOUD WARNING: use --bind-dynamic rather than --bind-interfaces to avoid DNS amplification attacks via these interface(s)
Jun  2 18:19:38 gtw01 dnsmasq[5501]: warning: no upstream servers configured
Jun  2 18:19:38 gtw01 dnsmasq-dhcp[5501]: DHCP, static leases only on 1.1.0.124, lease time 1h
Jun  2 18:19:38 gtw01 dnsmasq[5501]: read /var/lib/neutron/dhcp/7ca3afe2-21a8-4fec-aef3-75ee2bbadba0/addn_hosts - 1 addresses
Jun  2 18:19:38 gtw01 dnsmasq-dhcp[5501]: read /var/lib/neutron/dhcp/7ca3afe2-21a8-4fec-aef3-75ee2bbadba0/host
Jun  2 18:19:38 gtw01 dnsmasq-dhcp[5501]: read /var/lib/neutron/dhcp/7ca3afe2-21a8-4fec-aef3-75ee2bbadba0/opts
Jun  2 18:19:38 gtw01 dnsmasq[4766]: read /var/lib/neutron/dhcp/b4c759d4-d0cd-4106-a500-96f681a5dfc8/addn_hosts - 2 addresses
Jun  2 18:19:38 gtw01 dnsmasq-dhcp[4766]: read /var/lib/neutron/dhcp/b4c759d4-d0cd-4106-a500-96f681a5dfc8/host
Jun  2 18:19:38 gtw01 dnsmasq-dhcp[4766]: read /var/lib/neutron/dhcp/b4c759d4-d0cd-4106-a500-96f681a5dfc8/opts
Jun  2 18:19:38 gtw01 haproxy-metadata-proxy-7ca3afe2-21a8-4fec-aef3-75ee2bbadba0[5533]: Proxy listener started.
Jun  2 18:19:38 gtw01 dnsmasq[4736]: read /var/lib/neutron/dhcp/55457db7-4d1b-437d-8397-face9abfe9b5/addn_hosts - 1 addresses
Jun  2 18:19:38 gtw01 dnsmasq-dhcp[4736]: read /var/lib/neutron/dhcp/55457db7-4d1b-437d-8397-face9abfe9b5/host
Jun  2 18:19:38 gtw01 dnsmasq-dhcp[4736]: read /var/lib/neutron/dhcp/55457db7-4d1b-437d-8397-face9abfe9b5/opts
Jun  2 18:19:39 gtw01 dnsmasq[4719]: read /var/lib/neutron/dhcp/2589dbb3-be94-4b33-a27c-09620af3ab22/addn_hosts - 1 addresses
Jun  2 18:19:39 gtw01 dnsmasq-dhcp[4719]: read /var/lib/neutron/dhcp/2589dbb3-be94-4b33-a27c-09620af3ab22/host
Jun  2 18:19:39 gtw01 dnsmasq-dhcp[4719]: read /var/lib/neutron/dhcp/2589dbb3-be94-4b33-a27c-09620af3ab22/opts
Jun  2 18:19:39 gtw01 dnsmasq[5334]: read /var/lib/neutron/dhcp/27170a40-e313-470a-b7eb-fc8409879560/addn_hosts - 1 addresses
Jun  2 18:19:39 gtw01 dnsmasq-dhcp[5334]: read /var/lib/neutron/dhcp/27170a40-e313-470a-b7eb-fc8409879560/host
Jun  2 18:19:39 gtw01 dnsmasq-dhcp[5334]: read /var/lib/neutron/dhcp/27170a40-e313-470a-b7eb-fc8409879560/opts
Jun  2 18:19:40 gtw01 dnsmasq[5501]: read /var/lib/neutron/dhcp/7ca3afe2-21a8-4fec-aef3-75ee2bbadba0/addn_hosts - 1 addresses
Jun  2 18:19:40 gtw01 dnsmasq-dhcp[5501]: read /var/lib/neutron/dhcp/7ca3afe2-21a8-4fec-aef3-75ee2bbadba0/host
Jun  2 18:19:40 gtw01 dnsmasq-dhcp[5501]: read /var/lib/neutron/dhcp/7ca3afe2-21a8-4fec-aef3-75ee2bbadba0/opts
Jun  2 18:19:41 gtw01 dnsmasq[4766]: read /var/lib/neutron/dhcp/b4c759d4-d0cd-4106-a500-96f681a5dfc8/addn_hosts - 1 addresses
Jun  2 18:19:41 gtw01 dnsmasq-dhcp[4766]: read /var/lib/neutron/dhcp/b4c759d4-d0cd-4106-a500-96f681a5dfc8/host
Jun  2 18:19:41 gtw01 dnsmasq-dhcp[4766]: read /var/lib/neutron/dhcp/b4c759d4-d0cd-4106-a500-96f681a5dfc8/opts
Jun  2 18:19:41 gtw01 kernel: [13123.627194] device tap87c01f23-ff entered promiscuous mode
Jun  2 18:19:41 gtw01 systemd-udevd[5659]: Could not generate persistent MAC address for tap87c01f23-ff: No such file or directory
Jun  2 18:19:41 gtw01 systemd-udevd[5712]: Process '/sbin/ip link set tap87c01f23-ff txqueuelen 10000' failed with exit code 1.
Jun  2 18:19:41 gtw01 dnsmasq[5334]: read /var/lib/neutron/dhcp/27170a40-e313-470a-b7eb-fc8409879560/addn_hosts - 1 addresses
Jun  2 18:19:41 gtw01 dnsmasq-dhcp[5334]: read /var/lib/neutron/dhcp/27170a40-e313-470a-b7eb-fc8409879560/host
Jun  2 18:19:41 gtw01 dnsmasq-dhcp[5334]: read /var/lib/neutron/dhcp/27170a40-e313-470a-b7eb-fc8409879560/opts
Jun  2 18:19:42 gtw01 dnsmasq[5501]: read /var/lib/neutron/dhcp/7ca3afe2-21a8-4fec-aef3-75ee2bbadba0/addn_hosts - 1 addresses
Jun  2 18:19:42 gtw01 dnsmasq-dhcp[5501]: read /var/lib/neutron/dhcp/7ca3afe2-21a8-4fec-aef3-75ee2bbadba0/host
Jun  2 18:19:42 gtw01 dnsmasq-dhcp[5501]: read /var/lib/neutron/dhcp/7ca3afe2-21a8-4fec-aef3-75ee2bbadba0/opts
Jun  2 18:19:43 gtw01 kernel: [13125.751271] device tapc19ef28f-7c entered promiscuous mode
Jun  2 18:19:43 gtw01 systemd-udevd[5822]: Could not generate persistent MAC address for tapc19ef28f-7c: No such file or directory
Jun  2 18:19:43 gtw01 systemd-udevd[5875]: Process '/sbin/ip link set tapc19ef28f-7c txqueuelen 10000' failed with exit code 1.
Jun  2 18:19:44 gtw01 dnsmasq[5334]: read /var/lib/neutron/dhcp/27170a40-e313-470a-b7eb-fc8409879560/addn_hosts - 2 addresses
Jun  2 18:19:44 gtw01 dnsmasq-dhcp[5334]: read /var/lib/neutron/dhcp/27170a40-e313-470a-b7eb-fc8409879560/host
Jun  2 18:19:44 gtw01 dnsmasq-dhcp[5334]: read /var/lib/neutron/dhcp/27170a40-e313-470a-b7eb-fc8409879560/opts
Jun  2 18:19:44 gtw01 dnsmasq[5911]: started, version 2.80 cachesize 150
Jun  2 18:19:44 gtw01 dnsmasq[5911]: DNS service limited to local subnets
Jun  2 18:19:44 gtw01 dnsmasq[5911]: compile time options: IPv6 GNU-getopt DBus i18n IDN DHCP DHCPv6 no-Lua TFTP conntrack ipset auth DNSSEC loop-detect inotify dumpfile
Jun  2 18:19:44 gtw01 dnsmasq[5911]: LOUD WARNING: listening on 1.1.0.134 may accept requests via interfaces other than tapd0bca87a-cb
Jun  2 18:19:44 gtw01 dnsmasq[5911]: LOUD WARNING: use --bind-dynamic rather than --bind-interfaces to avoid DNS amplification attacks via these interface(s)
Jun  2 18:19:44 gtw01 dnsmasq[5911]: warning: no upstream servers configured
Jun  2 18:19:44 gtw01 dnsmasq-dhcp[5911]: DHCP, static leases only on 1.1.0.132, lease time 1h
Jun  2 18:19:44 gtw01 dnsmasq[5911]: read /var/lib/neutron/dhcp/04bcc21f-1b17-45c9-b123-f36f98bab9ff/addn_hosts - 1 addresses
Jun  2 18:19:44 gtw01 dnsmasq-dhcp[5911]: read /var/lib/neutron/dhcp/04bcc21f-1b17-45c9-b123-f36f98bab9ff/host
Jun  2 18:19:44 gtw01 dnsmasq-dhcp[5911]: read /var/lib/neutron/dhcp/04bcc21f-1b17-45c9-b123-f36f98bab9ff/opts
Jun  2 18:19:44 gtw01 dnsmasq[5501]: read /var/lib/neutron/dhcp/7ca3afe2-21a8-4fec-aef3-75ee2bbadba0/addn_hosts - 2 addresses
Jun  2 18:19:44 gtw01 dnsmasq-dhcp[5501]: read /var/lib/neutron/dhcp/7ca3afe2-21a8-4fec-aef3-75ee2bbadba0/host
Jun  2 18:19:44 gtw01 dnsmasq-dhcp[5501]: read /var/lib/neutron/dhcp/7ca3afe2-21a8-4fec-aef3-75ee2bbadba0/opts
Jun  2 18:19:44 gtw01 haproxy-metadata-proxy-04bcc21f-1b17-45c9-b123-f36f98bab9ff[5941]: Proxy listener started.
Jun  2 18:19:45 gtw01 dnsmasq[5957]: started, version 2.80 cachesize 150
Jun  2 18:19:45 gtw01 dnsmasq[5957]: DNS service limited to local subnets
Jun  2 18:19:45 gtw01 dnsmasq[5957]: compile time options: IPv6 GNU-getopt DBus i18n IDN DHCP DHCPv6 no-Lua TFTP conntrack ipset auth DNSSEC loop-detect inotify dumpfile
Jun  2 18:19:45 gtw01 dnsmasq[5957]: LOUD WARNING: listening on 1.1.0.130 may accept requests via interfaces other than tap46815ffb-d4
Jun  2 18:19:45 gtw01 dnsmasq[5957]: LOUD WARNING: use --bind-dynamic rather than --bind-interfaces to avoid DNS amplification attacks via these interface(s)
Jun  2 18:19:45 gtw01 dnsmasq[5957]: warning: no upstream servers configured
Jun  2 18:19:45 gtw01 dnsmasq-dhcp[5957]: DHCP, static leases only on 1.1.0.128, lease time 1h
Jun  2 18:19:45 gtw01 dnsmasq[5957]: read /var/lib/neutron/dhcp/347c5c69-379a-4bd6-92fa-9bbf98dc4074/addn_hosts - 1 addresses
Jun  2 18:19:45 gtw01 dnsmasq-dhcp[5957]: read /var/lib/neutron/dhcp/347c5c69-379a-4bd6-92fa-9bbf98dc4074/host
Jun  2 18:19:45 gtw01 dnsmasq-dhcp[5957]: read /var/lib/neutron/dhcp/347c5c69-379a-4bd6-92fa-9bbf98dc4074/opts
Jun  2 18:19:45 gtw01 haproxy-metadata-proxy-347c5c69-379a-4bd6-92fa-9bbf98dc4074[5985]: Proxy listener started.
Jun  2 18:19:45 gtw01 dnsmasq[5911]: read /var/lib/neutron/dhcp/04bcc21f-1b17-45c9-b123-f36f98bab9ff/addn_hosts - 1 addresses
Jun  2 18:19:45 gtw01 dnsmasq-dhcp[5911]: read /var/lib/neutron/dhcp/04bcc21f-1b17-45c9-b123-f36f98bab9ff/host
Jun  2 18:19:45 gtw01 dnsmasq-dhcp[5911]: read /var/lib/neutron/dhcp/04bcc21f-1b17-45c9-b123-f36f98bab9ff/opts
Jun  2 18:19:46 gtw01 dnsmasq[5334]: read /var/lib/neutron/dhcp/27170a40-e313-470a-b7eb-fc8409879560/addn_hosts - 2 addresses
Jun  2 18:19:46 gtw01 dnsmasq-dhcp[5334]: read /var/lib/neutron/dhcp/27170a40-e313-470a-b7eb-fc8409879560/host
Jun  2 18:19:46 gtw01 dnsmasq-dhcp[5334]: read /var/lib/neutron/dhcp/27170a40-e313-470a-b7eb-fc8409879560/opts
Jun  2 18:19:46 gtw01 dnsmasq[5501]: read /var/lib/neutron/dhcp/7ca3afe2-21a8-4fec-aef3-75ee2bbadba0/addn_hosts - 2 addresses
Jun  2 18:19:46 gtw01 dnsmasq-dhcp[5501]: read /var/lib/neutron/dhcp/7ca3afe2-21a8-4fec-aef3-75ee2bbadba0/host
Jun  2 18:19:46 gtw01 dnsmasq-dhcp[5501]: read /var/lib/neutron/dhcp/7ca3afe2-21a8-4fec-aef3-75ee2bbadba0/opts
Jun  2 18:19:47 gtw01 dnsmasq[5957]: read /var/lib/neutron/dhcp/347c5c69-379a-4bd6-92fa-9bbf98dc4074/addn_hosts - 1 addresses
Jun  2 18:19:47 gtw01 dnsmasq-dhcp[5957]: read /var/lib/neutron/dhcp/347c5c69-379a-4bd6-92fa-9bbf98dc4074/host
Jun  2 18:19:47 gtw01 dnsmasq-dhcp[5957]: read /var/lib/neutron/dhcp/347c5c69-379a-4bd6-92fa-9bbf98dc4074/opts
Jun  2 18:19:47 gtw01 dnsmasq[6095]: started, version 2.80 cachesize 150
Jun  2 18:19:47 gtw01 dnsmasq[6095]: DNS service limited to local subnets
Jun  2 18:19:47 gtw01 dnsmasq[6095]: compile time options: IPv6 GNU-getopt DBus i18n IDN DHCP DHCPv6 no-Lua TFTP conntrack ipset auth DNSSEC loop-detect inotify dumpfile
Jun  2 18:19:47 gtw01 dnsmasq[6095]: LOUD WARNING: listening on 1.1.0.138 may accept requests via interfaces other than tap87c01f23-ff
Jun  2 18:19:47 gtw01 dnsmasq[6095]: LOUD WARNING: use --bind-dynamic rather than --bind-interfaces to avoid DNS amplification attacks via these interface(s)
Jun  2 18:19:47 gtw01 dnsmasq[6095]: warning: no upstream servers configured
Jun  2 18:19:47 gtw01 dnsmasq-dhcp[6095]: DHCP, static leases only on 1.1.0.136, lease time 1h
Jun  2 18:19:48 gtw01 dnsmasq[6095]: read /var/lib/neutron/dhcp/12093c09-4257-4eae-89ca-decdd1c5f44a/addn_hosts - 2 addresses
Jun  2 18:19:48 gtw01 dnsmasq-dhcp[6095]: read /var/lib/neutron/dhcp/12093c09-4257-4eae-89ca-decdd1c5f44a/host
Jun  2 18:19:48 gtw01 dnsmasq-dhcp[6095]: read /var/lib/neutron/dhcp/12093c09-4257-4eae-89ca-decdd1c5f44a/opts
Jun  2 18:19:48 gtw01 dnsmasq[5911]: read /var/lib/neutron/dhcp/04bcc21f-1b17-45c9-b123-f36f98bab9ff/addn_hosts - 1 addresses
Jun  2 18:19:48 gtw01 dnsmasq-dhcp[5911]: read /var/lib/neutron/dhcp/04bcc21f-1b17-45c9-b123-f36f98bab9ff/host
Jun  2 18:19:48 gtw01 dnsmasq-dhcp[5911]: read /var/lib/neutron/dhcp/04bcc21f-1b17-45c9-b123-f36f98bab9ff/opts
Jun  2 18:19:48 gtw01 haproxy-metadata-proxy-12093c09-4257-4eae-89ca-decdd1c5f44a[6111]: Proxy listener started.
Jun  2 18:19:48 gtw01 dnsmasq[5334]: read /var/lib/neutron/dhcp/27170a40-e313-470a-b7eb-fc8409879560/addn_hosts - 2 addresses
Jun  2 18:19:48 gtw01 dnsmasq-dhcp[5334]: read /var/lib/neutron/dhcp/27170a40-e313-470a-b7eb-fc8409879560/host
Jun  2 18:19:48 gtw01 dnsmasq-dhcp[5334]: read /var/lib/neutron/dhcp/27170a40-e313-470a-b7eb-fc8409879560/opts
Jun  2 18:19:48 gtw01 dnsmasq[5501]: read /var/lib/neutron/dhcp/7ca3afe2-21a8-4fec-aef3-75ee2bbadba0/addn_hosts - 2 addresses
Jun  2 18:19:48 gtw01 dnsmasq-dhcp[5501]: read /var/lib/neutron/dhcp/7ca3afe2-21a8-4fec-aef3-75ee2bbadba0/host
Jun  2 18:19:48 gtw01 dnsmasq-dhcp[5501]: read /var/lib/neutron/dhcp/7ca3afe2-21a8-4fec-aef3-75ee2bbadba0/opts
Jun  2 18:19:48 gtw01 dnsmasq[5957]: read /var/lib/neutron/dhcp/347c5c69-379a-4bd6-92fa-9bbf98dc4074/addn_hosts - 1 addresses
Jun  2 18:19:48 gtw01 dnsmasq-dhcp[5957]: read /var/lib/neutron/dhcp/347c5c69-379a-4bd6-92fa-9bbf98dc4074/host
Jun  2 18:19:48 gtw01 dnsmasq-dhcp[5957]: read /var/lib/neutron/dhcp/347c5c69-379a-4bd6-92fa-9bbf98dc4074/opts
Jun  2 18:19:49 gtw01 dnsmasq-dhcp[6095]: DHCPRELEASE(tap87c01f23-ff) 1.1.0.137 fa:16:3e:82:3c:eb
Jun  2 18:19:49 gtw01 dnsmasq[6185]: started, version 2.80 cachesize 150
