Jun  2 17:19:18 gtw01 dnsmasq[20004]: started, version 2.80 cachesize 150
Jun  2 17:19:18 gtw01 dnsmasq[20004]: DNS service limited to local subnets
Jun  2 17:19:18 gtw01 dnsmasq[20004]: compile time options: IPv6 GNU-getopt DBus i18n IDN DHCP DHCPv6 no-Lua TFTP conntrack ipset auth DNSSEC loop-detect inotify dumpfile
Jun  2 17:19:18 gtw01 dnsmasq[20004]: warning: no upstream servers configured
Jun  2 17:19:18 gtw01 dnsmasq-dhcp[20004]: DHCP, static leases only on 192.168.120.0, lease time 1h
Jun  2 17:19:18 gtw01 dnsmasq[20004]: read /var/lib/neutron/dhcp/70a529e3-ba76-4eec-9ac6-2e656366d480/addn_hosts - 1 addresses
Jun  2 17:19:18 gtw01 dnsmasq-dhcp[20004]: read /var/lib/neutron/dhcp/70a529e3-ba76-4eec-9ac6-2e656366d480/host
Jun  2 17:19:18 gtw01 dnsmasq-dhcp[20004]: read /var/lib/neutron/dhcp/70a529e3-ba76-4eec-9ac6-2e656366d480/opts
Jun  2 17:19:19 gtw01 dnsmasq[20018]: started, version 2.80 cachesize 150
Jun  2 17:19:19 gtw01 dnsmasq[20018]: DNS service limited to local subnets
Jun  2 17:19:19 gtw01 dnsmasq[20018]: compile time options: IPv6 GNU-getopt DBus i18n IDN DHCP DHCPv6 no-Lua TFTP conntrack ipset auth DNSSEC loop-detect inotify dumpfile
Jun  2 17:19:19 gtw01 dnsmasq[20018]: warning: no upstream servers configured
Jun  2 17:19:19 gtw01 dnsmasq-dhcp[20018]: DHCP, static leases only on 192.168.120.0, lease time 1h
Jun  2 17:19:19 gtw01 dnsmasq[20018]: read /var/lib/neutron/dhcp/ff48427f-b9d8-4794-ac12-3b0eea27fd16/addn_hosts - 1 addresses
Jun  2 17:19:19 gtw01 dnsmasq-dhcp[20018]: read /var/lib/neutron/dhcp/ff48427f-b9d8-4794-ac12-3b0eea27fd16/host
Jun  2 17:19:19 gtw01 dnsmasq-dhcp[20018]: read /var/lib/neutron/dhcp/ff48427f-b9d8-4794-ac12-3b0eea27fd16/opts
Jun  2 17:19:19 gtw01 haproxy-metadata-proxy-70a529e3-ba76-4eec-9ac6-2e656366d480[20036]: Proxy listener started.
Jun  2 17:19:19 gtw01 haproxy-metadata-proxy-ff48427f-b9d8-4794-ac12-3b0eea27fd16[20044]: Proxy listener started.
Jun  2 17:19:19 gtw01 dnsmasq[19297]: read /var/lib/neutron/dhcp/9556e9e4-a47c-4412-8499-85aceb21ffba/addn_hosts - 2 addresses
Jun  2 17:19:19 gtw01 dnsmasq-dhcp[19297]: read /var/lib/neutron/dhcp/9556e9e4-a47c-4412-8499-85aceb21ffba/host
Jun  2 17:19:19 gtw01 dnsmasq-dhcp[19297]: read /var/lib/neutron/dhcp/9556e9e4-a47c-4412-8499-85aceb21ffba/opts
Jun  2 17:19:20 gtw01 dnsmasq[19764]: read /var/lib/neutron/dhcp/4682a31a-5152-4f02-a8a3-0e28dc825582/addn_hosts - 2 addresses
Jun  2 17:19:20 gtw01 dnsmasq-dhcp[19764]: read /var/lib/neutron/dhcp/4682a31a-5152-4f02-a8a3-0e28dc825582/host
Jun  2 17:19:20 gtw01 dnsmasq-dhcp[19764]: read /var/lib/neutron/dhcp/4682a31a-5152-4f02-a8a3-0e28dc825582/opts
Jun  2 17:19:20 gtw01 dnsmasq[19848]: read /var/lib/neutron/dhcp/09e2dbec-31ec-4c74-9d14-419832e54bce/addn_hosts - 2 addresses
Jun  2 17:19:20 gtw01 dnsmasq-dhcp[19848]: read /var/lib/neutron/dhcp/09e2dbec-31ec-4c74-9d14-419832e54bce/host
Jun  2 17:19:20 gtw01 dnsmasq-dhcp[19848]: read /var/lib/neutron/dhcp/09e2dbec-31ec-4c74-9d14-419832e54bce/opts
Jun  2 17:19:21 gtw01 dnsmasq[20004]: read /var/lib/neutron/dhcp/70a529e3-ba76-4eec-9ac6-2e656366d480/addn_hosts - 2 addresses
Jun  2 17:19:21 gtw01 dnsmasq-dhcp[20004]: read /var/lib/neutron/dhcp/70a529e3-ba76-4eec-9ac6-2e656366d480/host
Jun  2 17:19:21 gtw01 dnsmasq-dhcp[20004]: read /var/lib/neutron/dhcp/70a529e3-ba76-4eec-9ac6-2e656366d480/opts
Jun  2 17:19:21 gtw01 dnsmasq[20018]: read /var/lib/neutron/dhcp/ff48427f-b9d8-4794-ac12-3b0eea27fd16/addn_hosts - 2 addresses
Jun  2 17:19:21 gtw01 dnsmasq-dhcp[20018]: read /var/lib/neutron/dhcp/ff48427f-b9d8-4794-ac12-3b0eea27fd16/host
Jun  2 17:19:21 gtw01 dnsmasq-dhcp[20018]: read /var/lib/neutron/dhcp/ff48427f-b9d8-4794-ac12-3b0eea27fd16/opts
Jun  2 17:19:22 gtw01 dnsmasq[20147]: started, version 2.80 cachesize 150
Jun  2 17:19:22 gtw01 dnsmasq[20147]: DNS service limited to local subnets
Jun  2 17:19:22 gtw01 dnsmasq[20147]: compile time options: IPv6 GNU-getopt DBus i18n IDN DHCP DHCPv6 no-Lua TFTP conntrack ipset auth DNSSEC loop-detect inotify dumpfile
Jun  2 17:19:22 gtw01 dnsmasq[20147]: warning: no upstream servers configured
Jun  2 17:19:22 gtw01 dnsmasq-dhcp[20147]: DHCP, static leases only on 192.168.120.0, lease time 1h
Jun  2 17:19:22 gtw01 dnsmasq[20147]: read /var/lib/neutron/dhcp/aa1fb9cc-203c-47ca-ba3d-377d9808bd6b/addn_hosts - 1 addresses
Jun  2 17:19:22 gtw01 dnsmasq-dhcp[20147]: read /var/lib/neutron/dhcp/aa1fb9cc-203c-47ca-ba3d-377d9808bd6b/host
Jun  2 17:19:22 gtw01 dnsmasq-dhcp[20147]: read /var/lib/neutron/dhcp/aa1fb9cc-203c-47ca-ba3d-377d9808bd6b/opts
Jun  2 17:19:22 gtw01 haproxy-metadata-proxy-aa1fb9cc-203c-47ca-ba3d-377d9808bd6b[20174]: Proxy listener started.
Jun  2 17:19:23 gtw01 dnsmasq[19764]: read /var/lib/neutron/dhcp/4682a31a-5152-4f02-a8a3-0e28dc825582/addn_hosts - 2 addresses
Jun  2 17:19:23 gtw01 dnsmasq-dhcp[19764]: read /var/lib/neutron/dhcp/4682a31a-5152-4f02-a8a3-0e28dc825582/host
Jun  2 17:19:23 gtw01 dnsmasq-dhcp[19764]: read /var/lib/neutron/dhcp/4682a31a-5152-4f02-a8a3-0e28dc825582/opts
Jun  2 17:19:23 gtw01 dnsmasq[19848]: read /var/lib/neutron/dhcp/09e2dbec-31ec-4c74-9d14-419832e54bce/addn_hosts - 2 addresses
Jun  2 17:19:23 gtw01 dnsmasq-dhcp[19848]: read /var/lib/neutron/dhcp/09e2dbec-31ec-4c74-9d14-419832e54bce/host
Jun  2 17:19:23 gtw01 dnsmasq-dhcp[19848]: read /var/lib/neutron/dhcp/09e2dbec-31ec-4c74-9d14-419832e54bce/opts
Jun  2 17:19:23 gtw01 dnsmasq[20201]: started, version 2.80 cachesize 150
Jun  2 17:19:23 gtw01 dnsmasq[20201]: DNS service limited to local subnets
Jun  2 17:19:23 gtw01 dnsmasq[20201]: compile time options: IPv6 GNU-getopt DBus i18n IDN DHCP DHCPv6 no-Lua TFTP conntrack ipset auth DNSSEC loop-detect inotify dumpfile
Jun  2 17:19:23 gtw01 dnsmasq[20201]: warning: no upstream servers configured
Jun  2 17:19:23 gtw01 dnsmasq-dhcp[20201]: DHCP, static leases only on 192.168.120.0, lease time 1h
Jun  2 17:19:23 gtw01 dnsmasq[20201]: read /var/lib/neutron/dhcp/52a0d923-08e8-46cc-931f-3faf68107045/addn_hosts - 1 addresses
Jun  2 17:19:23 gtw01 dnsmasq-dhcp[20201]: read /var/lib/neutron/dhcp/52a0d923-08e8-46cc-931f-3faf68107045/host
Jun  2 17:19:23 gtw01 dnsmasq-dhcp[20201]: read /var/lib/neutron/dhcp/52a0d923-08e8-46cc-931f-3faf68107045/opts
Jun  2 17:19:23 gtw01 systemd-udevd[20220]: Could not generate persistent MAC address for tapfca06af0-37: No such file or directory
Jun  2 17:19:23 gtw01 kernel: [ 9505.913504] device tapfca06af0-37 entered promiscuous mode
Jun  2 17:19:23 gtw01 dnsmasq[20004]: read /var/lib/neutron/dhcp/70a529e3-ba76-4eec-9ac6-2e656366d480/addn_hosts - 2 addresses
Jun  2 17:19:23 gtw01 dnsmasq-dhcp[20004]: read /var/lib/neutron/dhcp/70a529e3-ba76-4eec-9ac6-2e656366d480/host
Jun  2 17:19:23 gtw01 dnsmasq-dhcp[20004]: read /var/lib/neutron/dhcp/70a529e3-ba76-4eec-9ac6-2e656366d480/opts
Jun  2 17:19:23 gtw01 systemd-udevd[20278]: Process '/sbin/ip link set tapfca06af0-37 txqueuelen 10000' failed with exit code 1.
Jun  2 17:19:24 gtw01 haproxy-metadata-proxy-52a0d923-08e8-46cc-931f-3faf68107045[20299]: Proxy listener started.
Jun  2 17:19:24 gtw01 dnsmasq[20018]: read /var/lib/neutron/dhcp/ff48427f-b9d8-4794-ac12-3b0eea27fd16/addn_hosts - 2 addresses
Jun  2 17:19:24 gtw01 dnsmasq-dhcp[20018]: read /var/lib/neutron/dhcp/ff48427f-b9d8-4794-ac12-3b0eea27fd16/host
Jun  2 17:19:24 gtw01 dnsmasq-dhcp[20018]: read /var/lib/neutron/dhcp/ff48427f-b9d8-4794-ac12-3b0eea27fd16/opts
Jun  2 17:19:24 gtw01 dnsmasq[20147]: read /var/lib/neutron/dhcp/aa1fb9cc-203c-47ca-ba3d-377d9808bd6b/addn_hosts - 2 addresses
Jun  2 17:19:24 gtw01 dnsmasq-dhcp[20147]: read /var/lib/neutron/dhcp/aa1fb9cc-203c-47ca-ba3d-377d9808bd6b/host
Jun  2 17:19:24 gtw01 dnsmasq-dhcp[20147]: read /var/lib/neutron/dhcp/aa1fb9cc-203c-47ca-ba3d-377d9808bd6b/opts
Jun  2 17:19:25 gtw01 dnsmasq[19764]: read /var/lib/neutron/dhcp/4682a31a-5152-4f02-a8a3-0e28dc825582/addn_hosts - 2 addresses
Jun  2 17:19:25 gtw01 dnsmasq-dhcp[19764]: read /var/lib/neutron/dhcp/4682a31a-5152-4f02-a8a3-0e28dc825582/host
Jun  2 17:19:25 gtw01 dnsmasq-dhcp[19764]: read /var/lib/neutron/dhcp/4682a31a-5152-4f02-a8a3-0e28dc825582/opts
Jun  2 17:19:25 gtw01 dnsmasq[20201]: read /var/lib/neutron/dhcp/52a0d923-08e8-46cc-931f-3faf68107045/addn_hosts - 2 addresses
Jun  2 17:19:25 gtw01 dnsmasq-dhcp[20201]: read /var/lib/neutron/dhcp/52a0d923-08e8-46cc-931f-3faf68107045/host
Jun  2 17:19:25 gtw01 dnsmasq-dhcp[20201]: read /var/lib/neutron/dhcp/52a0d923-08e8-46cc-931f-3faf68107045/opts
Jun  2 17:19:26 gtw01 systemd-udevd[20399]: Could not generate persistent MAC address for tapcc470dbc-1b: No such file or directory
Jun  2 17:19:26 gtw01 kernel: [ 9508.673526] device tapcc470dbc-1b entered promiscuous mode
Jun  2 17:19:26 gtw01 systemd-udevd[20448]: Process '/sbin/ip link set tapcc470dbc-1b txqueuelen 10000' failed with exit code 1.
Jun  2 17:19:26 gtw01 dnsmasq[20004]: read /var/lib/neutron/dhcp/70a529e3-ba76-4eec-9ac6-2e656366d480/addn_hosts - 2 addresses
Jun  2 17:19:26 gtw01 dnsmasq-dhcp[20004]: read /var/lib/neutron/dhcp/70a529e3-ba76-4eec-9ac6-2e656366d480/host
Jun  2 17:19:26 gtw01 dnsmasq-dhcp[20004]: read /var/lib/neutron/dhcp/70a529e3-ba76-4eec-9ac6-2e656366d480/opts
Jun  2 17:19:27 gtw01 dnsmasq[20018]: read /var/lib/neutron/dhcp/ff48427f-b9d8-4794-ac12-3b0eea27fd16/addn_hosts - 2 addresses
Jun  2 17:19:27 gtw01 dnsmasq-dhcp[20018]: read /var/lib/neutron/dhcp/ff48427f-b9d8-4794-ac12-3b0eea27fd16/host
Jun  2 17:19:27 gtw01 dnsmasq-dhcp[20018]: read /var/lib/neutron/dhcp/ff48427f-b9d8-4794-ac12-3b0eea27fd16/opts
Jun  2 17:19:27 gtw01 dnsmasq[20147]: read /var/lib/neutron/dhcp/aa1fb9cc-203c-47ca-ba3d-377d9808bd6b/addn_hosts - 2 addresses
Jun  2 17:19:27 gtw01 dnsmasq-dhcp[20147]: read /var/lib/neutron/dhcp/aa1fb9cc-203c-47ca-ba3d-377d9808bd6b/host
Jun  2 17:19:27 gtw01 dnsmasq-dhcp[20147]: read /var/lib/neutron/dhcp/aa1fb9cc-203c-47ca-ba3d-377d9808bd6b/opts
Jun  2 17:19:28 gtw01 dnsmasq[19764]: read /var/lib/neutron/dhcp/4682a31a-5152-4f02-a8a3-0e28dc825582/addn_hosts - 2 addresses
Jun  2 17:19:28 gtw01 dnsmasq-dhcp[19764]: read /var/lib/neutron/dhcp/4682a31a-5152-4f02-a8a3-0e28dc825582/host
Jun  2 17:19:28 gtw01 dnsmasq-dhcp[19764]: read /var/lib/neutron/dhcp/4682a31a-5152-4f02-a8a3-0e28dc825582/opts
Jun  2 17:19:28 gtw01 dnsmasq[20201]: read /var/lib/neutron/dhcp/52a0d923-08e8-46cc-931f-3faf68107045/addn_hosts - 2 addresses
Jun  2 17:19:28 gtw01 dnsmasq-dhcp[20201]: read /var/lib/neutron/dhcp/52a0d923-08e8-46cc-931f-3faf68107045/host
Jun  2 17:19:28 gtw01 dnsmasq-dhcp[20201]: read /var/lib/neutron/dhcp/52a0d923-08e8-46cc-931f-3faf68107045/opts
Jun  2 17:19:29 gtw01 dnsmasq[20004]: read /var/lib/neutron/dhcp/70a529e3-ba76-4eec-9ac6-2e656366d480/addn_hosts - 2 addresses
Jun  2 17:19:29 gtw01 dnsmasq-dhcp[20004]: read /var/lib/neutron/dhcp/70a529e3-ba76-4eec-9ac6-2e656366d480/host
Jun  2 17:19:29 gtw01 dnsmasq-dhcp[20004]: read /var/lib/neutron/dhcp/70a529e3-ba76-4eec-9ac6-2e656366d480/opts
Jun  2 17:19:29 gtw01 dnsmasq[20018]: read /var/lib/neutron/dhcp/ff48427f-b9d8-4794-ac12-3b0eea27fd16/addn_hosts - 2 addresses
Jun  2 17:19:29 gtw01 dnsmasq-dhcp[20018]: read /var/lib/neutron/dhcp/ff48427f-b9d8-4794-ac12-3b0eea27fd16/host
Jun  2 17:19:29 gtw01 dnsmasq-dhcp[20018]: read /var/lib/neutron/dhcp/ff48427f-b9d8-4794-ac12-3b0eea27fd16/opts
Jun  2 17:19:30 gtw01 systemd-udevd[20648]: Could not generate persistent MAC address for tapa3ebc8a3-a8: No such file or directory
Jun  2 17:19:30 gtw01 kernel: [ 9512.869542] device tapa3ebc8a3-a8 entered promiscuous mode
Jun  2 17:19:30 gtw01 systemd-udevd[20698]: Process '/sbin/ip link set tapa3ebc8a3-a8 txqueuelen 10000' failed with exit code 1.
Jun  2 17:19:31 gtw01 dnsmasq[20733]: started, version 2.80 cachesize 150
Jun  2 17:19:31 gtw01 dnsmasq[20733]: DNS service limited to local subnets
Jun  2 17:19:31 gtw01 dnsmasq[20733]: compile time options: IPv6 GNU-getopt DBus i18n IDN DHCP DHCPv6 no-Lua TFTP conntrack ipset auth DNSSEC loop-detect inotify dumpfile
Jun  2 17:19:31 gtw01 dnsmasq[20733]: warning: no upstream servers configured
Jun  2 17:19:31 gtw01 dnsmasq-dhcp[20733]: DHCP, static leases only on 192.168.120.0, lease time 1h
Jun  2 17:19:31 gtw01 dnsmasq[20733]: read /var/lib/neutron/dhcp/a1989696-3f62-47f8-9668-554cfb5cac98/addn_hosts - 1 addresses
Jun  2 17:19:31 gtw01 dnsmasq-dhcp[20733]: read /var/lib/neutron/dhcp/a1989696-3f62-47f8-9668-554cfb5cac98/host
Jun  2 17:19:31 gtw01 dnsmasq-dhcp[20733]: read /var/lib/neutron/dhcp/a1989696-3f62-47f8-9668-554cfb5cac98/opts
Jun  2 17:19:31 gtw01 haproxy-metadata-proxy-a1989696-3f62-47f8-9668-554cfb5cac98[20747]: Proxy listener started.
Jun  2 17:19:31 gtw01 dnsmasq[20004]: read /var/lib/neutron/dhcp/70a529e3-ba76-4eec-9ac6-2e656366d480/addn_hosts - 2 addresses
Jun  2 17:19:31 gtw01 dnsmasq-dhcp[20004]: read /var/lib/neutron/dhcp/70a529e3-ba76-4eec-9ac6-2e656366d480/host
Jun  2 17:19:31 gtw01 dnsmasq-dhcp[20004]: read /var/lib/neutron/dhcp/70a529e3-ba76-4eec-9ac6-2e656366d480/opts
Jun  2 17:19:31 gtw01 dnsmasq[18737]: read /var/lib/neutron/dhcp/50e8818b-fbac-4cf8-9ac7-2bb93043f196/addn_hosts - 3 addresses
Jun  2 17:19:31 gtw01 dnsmasq-dhcp[18737]: read /var/lib/neutron/dhcp/50e8818b-fbac-4cf8-9ac7-2bb93043f196/host
Jun  2 17:19:31 gtw01 dnsmasq-dhcp[18737]: read /var/lib/neutron/dhcp/50e8818b-fbac-4cf8-9ac7-2bb93043f196/opts
Jun  2 17:19:33 gtw01 dnsmasq[20820]: started, version 2.80 cachesize 150
Jun  2 17:19:33 gtw01 dnsmasq[20820]: DNS service limited to local subnets
Jun  2 17:19:33 gtw01 dnsmasq[20820]: compile time options: IPv6 GNU-getopt DBus i18n IDN DHCP DHCPv6 no-Lua TFTP conntrack ipset auth DNSSEC loop-detect inotify dumpfile
Jun  2 17:19:33 gtw01 dnsmasq[20820]: warning: no upstream servers configured
Jun  2 17:19:33 gtw01 dnsmasq-dhcp[20820]: DHCP, static leases only on 192.168.120.0, lease time 1h
Jun  2 17:19:33 gtw01 dnsmasq[20820]: read /var/lib/neutron/dhcp/edbfe802-96fc-4b44-bcd0-b9cd7e88e8f5/addn_hosts - 1 addresses
Jun  2 17:19:33 gtw01 dnsmasq-dhcp[20820]: read /var/lib/neutron/dhcp/edbfe802-96fc-4b44-bcd0-b9cd7e88e8f5/host
Jun  2 17:19:33 gtw01 dnsmasq-dhcp[20820]: read /var/lib/neutron/dhcp/edbfe802-96fc-4b44-bcd0-b9cd7e88e8f5/opts
Jun  2 17:19:33 gtw01 dnsmasq[20733]: read /var/lib/neutron/dhcp/a1989696-3f62-47f8-9668-554cfb5cac98/addn_hosts - 2 addresses
Jun  2 17:19:33 gtw01 dnsmasq-dhcp[20733]: read /var/lib/neutron/dhcp/a1989696-3f62-47f8-9668-554cfb5cac98/host
Jun  2 17:19:33 gtw01 dnsmasq-dhcp[20733]: read /var/lib/neutron/dhcp/a1989696-3f62-47f8-9668-554cfb5cac98/opts
Jun  2 17:19:33 gtw01 haproxy-metadata-proxy-edbfe802-96fc-4b44-bcd0-b9cd7e88e8f5[20846]: Proxy listener started.
Jun  2 17:19:33 gtw01 dnsmasq[19848]: read /var/lib/neutron/dhcp/09e2dbec-31ec-4c74-9d14-419832e54bce/addn_hosts - 2 addresses
Jun  2 17:19:33 gtw01 dnsmasq-dhcp[19848]: read /var/lib/neutron/dhcp/09e2dbec-31ec-4c74-9d14-419832e54bce/host
Jun  2 17:19:33 gtw01 dnsmasq-dhcp[19848]: read /var/lib/neutron/dhcp/09e2dbec-31ec-4c74-9d14-419832e54bce/opts
Jun  2 17:19:34 gtw01 kernel: [ 9516.851433] device tap3d2603ed-1b entered promiscuous mode
Jun  2 17:19:34 gtw01 systemd-udevd[20892]: Could not generate persistent MAC address for tap3d2603ed-1b: No such file or directory
Jun  2 17:19:34 gtw01 systemd-udevd[20938]: Process '/sbin/ip link set tap3d2603ed-1b txqueuelen 10000' failed with exit code 1.
Jun  2 17:19:35 gtw01 kernel: [ 9517.618408] device tap426175cd-b2 entered promiscuous mode
Jun  2 17:19:35 gtw01 systemd-udevd[20987]: Could not generate persistent MAC address for tap426175cd-b2: No such file or directory
Jun  2 17:19:35 gtw01 systemd-udevd[21036]: Process '/sbin/ip link set tap426175cd-b2 txqueuelen 10000' failed with exit code 1.
Jun  2 17:19:35 gtw01 systemd-udevd[21053]: Could not generate persistent MAC address for tap15e7ecd4-b8: No such file or directory
Jun  2 17:19:35 gtw01 kernel: [ 9517.781702] device tap15e7ecd4-b8 entered promiscuous mode
Jun  2 17:19:35 gtw01 dnsmasq[20820]: read /var/lib/neutron/dhcp/edbfe802-96fc-4b44-bcd0-b9cd7e88e8f5/addn_hosts - 2 addresses
Jun  2 17:19:35 gtw01 dnsmasq-dhcp[20820]: read /var/lib/neutron/dhcp/edbfe802-96fc-4b44-bcd0-b9cd7e88e8f5/host
Jun  2 17:19:35 gtw01 dnsmasq-dhcp[20820]: read /var/lib/neutron/dhcp/edbfe802-96fc-4b44-bcd0-b9cd7e88e8f5/opts
Jun  2 17:19:35 gtw01 systemd-udevd[21111]: Process '/sbin/ip link set tap15e7ecd4-b8 txqueuelen 10000' failed with exit code 1.
Jun  2 17:19:36 gtw01 dnsmasq[19297]: read /var/lib/neutron/dhcp/9556e9e4-a47c-4412-8499-85aceb21ffba/addn_hosts - 2 addresses
Jun  2 17:19:36 gtw01 dnsmasq-dhcp[19297]: read /var/lib/neutron/dhcp/9556e9e4-a47c-4412-8499-85aceb21ffba/host
Jun  2 17:19:36 gtw01 dnsmasq-dhcp[19297]: read /var/lib/neutron/dhcp/9556e9e4-a47c-4412-8499-85aceb21ffba/opts
Jun  2 17:19:37 gtw01 dnsmasq[21183]: started, version 2.80 cachesize 150
Jun  2 17:19:37 gtw01 dnsmasq[21183]: DNS service limited to local subnets
Jun  2 17:19:37 gtw01 dnsmasq[21183]: compile time options: IPv6 GNU-getopt DBus i18n IDN DHCP DHCPv6 no-Lua TFTP conntrack ipset auth DNSSEC loop-detect inotify dumpfile
Jun  2 17:19:37 gtw01 dnsmasq[21183]: warning: no upstream servers configured
Jun  2 17:19:37 gtw01 dnsmasq-dhcp[21183]: DHCP, static leases only on 192.168.120.0, lease time 1h
Jun  2 17:19:37 gtw01 dnsmasq[21183]: read /var/lib/neutron/dhcp/54696f57-ce0f-43ee-aef6-56cfade7489e/addn_hosts - 1 addresses
Jun  2 17:19:37 gtw01 dnsmasq-dhcp[21183]: read /var/lib/neutron/dhcp/54696f57-ce0f-43ee-aef6-56cfade7489e/host
Jun  2 17:19:37 gtw01 dnsmasq-dhcp[21183]: read /var/lib/neutron/dhcp/54696f57-ce0f-43ee-aef6-56cfade7489e/opts
Jun  2 17:19:37 gtw01 haproxy-metadata-proxy-54696f57-ce0f-43ee-aef6-56cfade7489e[21216]: Proxy listener started.
Jun  2 17:19:38 gtw01 systemd-udevd[21241]: Could not generate persistent MAC address for tap4019c51d-4c: No such file or directory
Jun  2 17:19:38 gtw01 kernel: [ 9520.501610] device tap4019c51d-4c entered promiscuous mode
Jun  2 17:19:38 gtw01 dnsmasq[20018]: read /var/lib/neutron/dhcp/ff48427f-b9d8-4794-ac12-3b0eea27fd16/addn_hosts - 2 addresses
Jun  2 17:19:38 gtw01 dnsmasq-dhcp[20018]: read /var/lib/neutron/dhcp/ff48427f-b9d8-4794-ac12-3b0eea27fd16/host
Jun  2 17:19:38 gtw01 dnsmasq-dhcp[20018]: read /var/lib/neutron/dhcp/ff48427f-b9d8-4794-ac12-3b0eea27fd16/opts
Jun  2 17:19:38 gtw01 systemd-udevd[21292]: Process '/sbin/ip link set tap4019c51d-4c txqueuelen 10000' failed with exit code 1.
Jun  2 17:19:39 gtw01 dnsmasq[19848]: read /var/lib/neutron/dhcp/09e2dbec-31ec-4c74-9d14-419832e54bce/addn_hosts - 2 addresses
Jun  2 17:19:39 gtw01 dnsmasq-dhcp[19848]: read /var/lib/neutron/dhcp/09e2dbec-31ec-4c74-9d14-419832e54bce/host
Jun  2 17:19:39 gtw01 dnsmasq-dhcp[19848]: read /var/lib/neutron/dhcp/09e2dbec-31ec-4c74-9d14-419832e54bce/opts
Jun  2 17:19:40 gtw01 dnsmasq[21183]: read /var/lib/neutron/dhcp/54696f57-ce0f-43ee-aef6-56cfade7489e/addn_hosts - 2 addresses
Jun  2 17:19:40 gtw01 dnsmasq-dhcp[21183]: read /var/lib/neutron/dhcp/54696f57-ce0f-43ee-aef6-56cfade7489e/host
Jun  2 17:19:40 gtw01 dnsmasq-dhcp[21183]: read /var/lib/neutron/dhcp/54696f57-ce0f-43ee-aef6-56cfade7489e/opts
Jun  2 17:19:40 gtw01 systemd-udevd[21403]: Could not generate persistent MAC address for tap18b8a310-8c: No such file or directory
Jun  2 17:19:40 gtw01 kernel: [ 9522.585696] device tap18b8a310-8c entered promiscuous mode
Jun  2 17:19:40 gtw01 systemd-udevd[21455]: Process '/sbin/ip link set tap18b8a310-8c txqueuelen 10000' failed with exit code 1.
Jun  2 17:19:41 gtw01 dnsmasq[20733]: read /var/lib/neutron/dhcp/a1989696-3f62-47f8-9668-554cfb5cac98/addn_hosts - 2 addresses
Jun  2 17:19:41 gtw01 dnsmasq-dhcp[20733]: read /var/lib/neutron/dhcp/a1989696-3f62-47f8-9668-554cfb5cac98/host
Jun  2 17:19:41 gtw01 dnsmasq-dhcp[20733]: read /var/lib/neutron/dhcp/a1989696-3f62-47f8-9668-554cfb5cac98/opts
Jun  2 17:19:42 gtw01 dnsmasq[20201]: read /var/lib/neutron/dhcp/52a0d923-08e8-46cc-931f-3faf68107045/addn_hosts - 2 addresses
Jun  2 17:19:42 gtw01 dnsmasq-dhcp[20201]: read /var/lib/neutron/dhcp/52a0d923-08e8-46cc-931f-3faf68107045/host
Jun  2 17:19:42 gtw01 dnsmasq-dhcp[20201]: read /var/lib/neutron/dhcp/52a0d923-08e8-46cc-931f-3faf68107045/opts
Jun  2 17:19:43 gtw01 dnsmasq[20147]: read /var/lib/neutron/dhcp/aa1fb9cc-203c-47ca-ba3d-377d9808bd6b/addn_hosts - 2 addresses
Jun  2 17:19:43 gtw01 dnsmasq-dhcp[20147]: read /var/lib/neutron/dhcp/aa1fb9cc-203c-47ca-ba3d-377d9808bd6b/host
Jun  2 17:19:43 gtw01 dnsmasq-dhcp[20147]: read /var/lib/neutron/dhcp/aa1fb9cc-203c-47ca-ba3d-377d9808bd6b/opts
Jun  2 17:19:43 gtw01 dnsmasq[20733]: read /var/lib/neutron/dhcp/a1989696-3f62-47f8-9668-554cfb5cac98/addn_hosts - 2 addresses
Jun  2 17:19:43 gtw01 dnsmasq-dhcp[20733]: read /var/lib/neutron/dhcp/a1989696-3f62-47f8-9668-554cfb5cac98/host
Jun  2 17:19:43 gtw01 dnsmasq-dhcp[20733]: read /var/lib/neutron/dhcp/a1989696-3f62-47f8-9668-554cfb5cac98/opts
Jun  2 17:19:44 gtw01 dnsmasq[21621]: started, version 2.80 cachesize 150
Jun  2 17:19:44 gtw01 dnsmasq[21621]: DNS service limited to local subnets
Jun  2 17:19:44 gtw01 dnsmasq[21621]: compile time options: IPv6 GNU-getopt DBus i18n IDN DHCP DHCPv6 no-Lua TFTP conntrack ipset auth DNSSEC loop-detect inotify dumpfile
Jun  2 17:19:44 gtw01 dnsmasq[21621]: warning: no upstream servers configured
Jun  2 17:19:44 gtw01 dnsmasq-dhcp[21621]: DHCP, static leases only on 192.168.120.0, lease time 1h
Jun  2 17:19:44 gtw01 dnsmasq[21621]: read /var/lib/neutron/dhcp/4fd2026d-72c3-4592-8b3c-ab9d4d07cc24/addn_hosts - 1 addresses
Jun  2 17:19:44 gtw01 dnsmasq-dhcp[21621]: read /var/lib/neutron/dhcp/4fd2026d-72c3-4592-8b3c-ab9d4d07cc24/host
Jun  2 17:19:44 gtw01 dnsmasq-dhcp[21621]: read /var/lib/neutron/dhcp/4fd2026d-72c3-4592-8b3c-ab9d4d07cc24/opts
Jun  2 17:19:44 gtw01 dnsmasq[21634]: started, version 2.80 cachesize 150
Jun  2 17:19:44 gtw01 dnsmasq[21634]: DNS service limited to local subnets
Jun  2 17:19:44 gtw01 dnsmasq[21634]: compile time options: IPv6 GNU-getopt DBus i18n IDN DHCP DHCPv6 no-Lua TFTP conntrack ipset auth DNSSEC loop-detect inotify dumpfile
Jun  2 17:19:44 gtw01 dnsmasq[21634]: warning: no upstream servers configured
Jun  2 17:19:44 gtw01 dnsmasq-dhcp[21634]: DHCP, static leases only on 192.168.120.0, lease time 1h
Jun  2 17:19:44 gtw01 dnsmasq[21634]: read /var/lib/neutron/dhcp/60dfd224-8f4a-478c-8573-857f6c324143/addn_hosts - 1 addresses
Jun  2 17:19:44 gtw01 dnsmasq-dhcp[21634]: read /var/lib/neutron/dhcp/60dfd224-8f4a-478c-8573-857f6c324143/host
Jun  2 17:19:44 gtw01 dnsmasq-dhcp[21634]: read /var/lib/neutron/dhcp/60dfd224-8f4a-478c-8573-857f6c324143/opts
Jun  2 17:19:44 gtw01 dnsmasq[21639]: started, version 2.80 cachesize 150
Jun  2 17:19:44 gtw01 dnsmasq[21639]: DNS service limited to local subnets
Jun  2 17:19:44 gtw01 dnsmasq[21639]: compile time options: IPv6 GNU-getopt DBus i18n IDN DHCP DHCPv6 no-Lua TFTP conntrack ipset auth DNSSEC loop-detect inotify dumpfile
Jun  2 17:19:44 gtw01 dnsmasq[21639]: warning: no upstream servers configured
Jun  2 17:19:44 gtw01 dnsmasq-dhcp[21639]: DHCP, static leases only on 192.168.120.0, lease time 1h
Jun  2 17:19:44 gtw01 dnsmasq[21639]: read /var/lib/neutron/dhcp/ac48c086-877a-4a00-a933-2821818b6b17/addn_hosts - 1 addresses
Jun  2 17:19:44 gtw01 dnsmasq-dhcp[21639]: read /var/lib/neutron/dhcp/ac48c086-877a-4a00-a933-2821818b6b17/host
Jun  2 17:19:44 gtw01 dnsmasq-dhcp[21639]: read /var/lib/neutron/dhcp/ac48c086-877a-4a00-a933-2821818b6b17/opts
Jun  2 17:19:44 gtw01 haproxy-metadata-proxy-4fd2026d-72c3-4592-8b3c-ab9d4d07cc24[21651]: Proxy listener started.
Jun  2 17:19:45 gtw01 haproxy-metadata-proxy-60dfd224-8f4a-478c-8573-857f6c324143[21669]: Proxy listener started.
Jun  2 17:19:45 gtw01 haproxy-metadata-proxy-ac48c086-877a-4a00-a933-2821818b6b17[21675]: Proxy listener started.
Jun  2 17:19:45 gtw01 dnsmasq[20820]: read /var/lib/neutron/dhcp/edbfe802-96fc-4b44-bcd0-b9cd7e88e8f5/addn_hosts - 2 addresses
Jun  2 17:19:45 gtw01 dnsmasq-dhcp[20820]: read /var/lib/neutron/dhcp/edbfe802-96fc-4b44-bcd0-b9cd7e88e8f5/host
Jun  2 17:19:45 gtw01 dnsmasq-dhcp[20820]: read /var/lib/neutron/dhcp/edbfe802-96fc-4b44-bcd0-b9cd7e88e8f5/opts
Jun  2 17:19:45 gtw01 dnsmasq[20201]: read /var/lib/neutron/dhcp/52a0d923-08e8-46cc-931f-3faf68107045/addn_hosts - 2 addresses
Jun  2 17:19:45 gtw01 dnsmasq-dhcp[20201]: read /var/lib/neutron/dhcp/52a0d923-08e8-46cc-931f-3faf68107045/host
Jun  2 17:19:45 gtw01 dnsmasq-dhcp[20201]: read /var/lib/neutron/dhcp/52a0d923-08e8-46cc-931f-3faf68107045/opts
Jun  2 17:19:46 gtw01 dnsmasq[20733]: read /var/lib/neutron/dhcp/a1989696-3f62-47f8-9668-554cfb5cac98/addn_hosts - 2 addresses
Jun  2 17:19:46 gtw01 dnsmasq-dhcp[20733]: read /var/lib/neutron/dhcp/a1989696-3f62-47f8-9668-554cfb5cac98/host
Jun  2 17:19:46 gtw01 dnsmasq-dhcp[20733]: read /var/lib/neutron/dhcp/a1989696-3f62-47f8-9668-554cfb5cac98/opts
Jun  2 17:19:46 gtw01 dnsmasq[21621]: read /var/lib/neutron/dhcp/4fd2026d-72c3-4592-8b3c-ab9d4d07cc24/addn_hosts - 2 addresses
Jun  2 17:19:46 gtw01 dnsmasq-dhcp[21621]: read /var/lib/neutron/dhcp/4fd2026d-72c3-4592-8b3c-ab9d4d07cc24/host
Jun  2 17:19:46 gtw01 dnsmasq-dhcp[21621]: read /var/lib/neutron/dhcp/4fd2026d-72c3-4592-8b3c-ab9d4d07cc24/opts
Jun  2 17:19:47 gtw01 dnsmasq[21761]: started, version 2.80 cachesize 150
Jun  2 17:19:47 gtw01 dnsmasq[21761]: DNS service limited to local subnets
Jun  2 17:19:47 gtw01 dnsmasq[21761]: compile time options: IPv6 GNU-getopt DBus i18n IDN DHCP DHCPv6 no-Lua TFTP conntrack ipset auth DNSSEC loop-detect inotify dumpfile
Jun  2 17:19:47 gtw01 dnsmasq[21761]: warning: no upstream servers configured
Jun  2 17:19:47 gtw01 dnsmasq-dhcp[21761]: DHCP, static leases only on 192.168.120.0, lease time 1h
Jun  2 17:19:47 gtw01 dnsmasq[21761]: read /var/lib/neutron/dhcp/110bb7f2-b9c6-4590-87a5-821c09abf7fb/addn_hosts - 1 addresses
Jun  2 17:19:47 gtw01 dnsmasq-dhcp[21761]: read /var/lib/neutron/dhcp/110bb7f2-b9c6-4590-87a5-821c09abf7fb/host
Jun  2 17:19:47 gtw01 dnsmasq-dhcp[21761]: read /var/lib/neutron/dhcp/110bb7f2-b9c6-4590-87a5-821c09abf7fb/opts
Jun  2 17:19:47 gtw01 dnsmasq[21634]: read /var/lib/neutron/dhcp/60dfd224-8f4a-478c-8573-857f6c324143/addn_hosts - 2 addresses
Jun  2 17:19:47 gtw01 dnsmasq-dhcp[21634]: read /var/lib/neutron/dhcp/60dfd224-8f4a-478c-8573-857f6c324143/host
Jun  2 17:19:47 gtw01 dnsmasq-dhcp[21634]: read /var/lib/neutron/dhcp/60dfd224-8f4a-478c-8573-857f6c324143/opts
Jun  2 17:19:47 gtw01 dnsmasq[21639]: read /var/lib/neutron/dhcp/ac48c086-877a-4a00-a933-2821818b6b17/addn_hosts - 2 addresses
Jun  2 17:19:47 gtw01 dnsmasq-dhcp[21639]: read /var/lib/neutron/dhcp/ac48c086-877a-4a00-a933-2821818b6b17/host
Jun  2 17:19:47 gtw01 dnsmasq-dhcp[21639]: read /var/lib/neutron/dhcp/ac48c086-877a-4a00-a933-2821818b6b17/opts
Jun  2 17:19:47 gtw01 haproxy-metadata-proxy-110bb7f2-b9c6-4590-87a5-821c09abf7fb[21789]: Proxy listener started.
Jun  2 17:19:47 gtw01 dnsmasq[20147]: read /var/lib/neutron/dhcp/aa1fb9cc-203c-47ca-ba3d-377d9808bd6b/addn_hosts - 2 addresses
Jun  2 17:19:47 gtw01 dnsmasq-dhcp[20147]: read /var/lib/neutron/dhcp/aa1fb9cc-203c-47ca-ba3d-377d9808bd6b/host
Jun  2 17:19:47 gtw01 dnsmasq-dhcp[20147]: read /var/lib/neutron/dhcp/aa1fb9cc-203c-47ca-ba3d-377d9808bd6b/opts
Jun  2 17:19:48 gtw01 dnsmasq[21183]: read /var/lib/neutron/dhcp/54696f57-ce0f-43ee-aef6-56cfade7489e/addn_hosts - 2 addresses
Jun  2 17:19:48 gtw01 dnsmasq-dhcp[21183]: read /var/lib/neutron/dhcp/54696f57-ce0f-43ee-aef6-56cfade7489e/host
Jun  2 17:19:48 gtw01 dnsmasq-dhcp[21183]: read /var/lib/neutron/dhcp/54696f57-ce0f-43ee-aef6-56cfade7489e/opts
Jun  2 17:19:49 gtw01 dnsmasq[21849]: started, version 2.80 cachesize 150
Jun  2 17:19:49 gtw01 dnsmasq[21849]: DNS service limited to local subnets
Jun  2 17:19:49 gtw01 dnsmasq[21849]: compile time options: IPv6 GNU-getopt DBus i18n IDN DHCP DHCPv6 no-Lua TFTP conntrack ipset auth DNSSEC loop-detect inotify dumpfile
Jun  2 17:19:49 gtw01 dnsmasq[21849]: warning: no upstream servers configured
Jun  2 17:19:49 gtw01 dnsmasq-dhcp[21849]: DHCP, static leases only on 192.168.120.0, lease time 1h
Jun  2 17:19:49 gtw01 dnsmasq[21849]: read /var/lib/neutron/dhcp/7e03e806-cf3a-499a-b5b0-5ba1516bf700/addn_hosts - 1 addresses
Jun  2 17:19:49 gtw01 dnsmasq-dhcp[21849]: read /var/lib/neutron/dhcp/7e03e806-cf3a-499a-b5b0-5ba1516bf700/host
Jun  2 17:19:49 gtw01 dnsmasq-dhcp[21849]: read /var/lib/neutron/dhcp/7e03e806-cf3a-499a-b5b0-5ba1516bf700/opts
Jun  2 17:19:49 gtw01 dnsmasq[21761]: read /var/lib/neutron/dhcp/110bb7f2-b9c6-4590-87a5-821c09abf7fb/addn_hosts - 2 addresses
Jun  2 17:19:49 gtw01 dnsmasq-dhcp[21761]: read /var/lib/neutron/dhcp/110bb7f2-b9c6-4590-87a5-821c09abf7fb/host
Jun  2 17:19:49 gtw01 dnsmasq-dhcp[21761]: read /var/lib/neutron/dhcp/110bb7f2-b9c6-4590-87a5-821c09abf7fb/opts
Jun  2 17:19:49 gtw01 haproxy-metadata-proxy-7e03e806-cf3a-499a-b5b0-5ba1516bf700[21878]: Proxy listener started.
Jun  2 17:19:50 gtw01 dnsmasq[21621]: read /var/lib/neutron/dhcp/4fd2026d-72c3-4592-8b3c-ab9d4d07cc24/addn_hosts - 2 addresses
Jun  2 17:19:50 gtw01 dnsmasq-dhcp[21621]: read /var/lib/neutron/dhcp/4fd2026d-72c3-4592-8b3c-ab9d4d07cc24/host
Jun  2 17:19:50 gtw01 dnsmasq-dhcp[21621]: read /var/lib/neutron/dhcp/4fd2026d-72c3-4592-8b3c-ab9d4d07cc24/opts
Jun  2 17:19:50 gtw01 dnsmasq[21634]: read /var/lib/neutron/dhcp/60dfd224-8f4a-478c-8573-857f6c324143/addn_hosts - 2 addresses
Jun  2 17:19:50 gtw01 dnsmasq-dhcp[21634]: read /var/lib/neutron/dhcp/60dfd224-8f4a-478c-8573-857f6c324143/host
Jun  2 17:19:50 gtw01 dnsmasq-dhcp[21634]: read /var/lib/neutron/dhcp/60dfd224-8f4a-478c-8573-857f6c324143/opts
Jun  2 17:19:50 gtw01 dnsmasq[21639]: read /var/lib/neutron/dhcp/ac48c086-877a-4a00-a933-2821818b6b17/addn_hosts - 2 addresses
Jun  2 17:19:50 gtw01 dnsmasq-dhcp[21639]: read /var/lib/neutron/dhcp/ac48c086-877a-4a00-a933-2821818b6b17/host
Jun  2 17:19:50 gtw01 dnsmasq-dhcp[21639]: read /var/lib/neutron/dhcp/ac48c086-877a-4a00-a933-2821818b6b17/opts
Jun  2 17:19:50 gtw01 dnsmasq[20820]: read /var/lib/neutron/dhcp/edbfe802-96fc-4b44-bcd0-b9cd7e88e8f5/addn_hosts - 2 addresses
Jun  2 17:19:50 gtw01 dnsmasq-dhcp[20820]: read /var/lib/neutron/dhcp/edbfe802-96fc-4b44-bcd0-b9cd7e88e8f5/host
Jun  2 17:19:50 gtw01 dnsmasq-dhcp[20820]: read /var/lib/neutron/dhcp/edbfe802-96fc-4b44-bcd0-b9cd7e88e8f5/opts
Jun  2 17:19:50 gtw01 dnsmasq[19764]: read /var/lib/neutron/dhcp/4682a31a-5152-4f02-a8a3-0e28dc825582/addn_hosts - 3 addresses
Jun  2 17:19:50 gtw01 dnsmasq-dhcp[19764]: read /var/lib/neutron/dhcp/4682a31a-5152-4f02-a8a3-0e28dc825582/host
Jun  2 17:19:50 gtw01 dnsmasq-dhcp[19764]: read /var/lib/neutron/dhcp/4682a31a-5152-4f02-a8a3-0e28dc825582/opts
Jun  2 17:19:51 gtw01 dnsmasq[21849]: read /var/lib/neutron/dhcp/7e03e806-cf3a-499a-b5b0-5ba1516bf700/addn_hosts - 2 addresses
Jun  2 17:19:51 gtw01 dnsmasq-dhcp[21849]: read /var/lib/neutron/dhcp/7e03e806-cf3a-499a-b5b0-5ba1516bf700/host
Jun  2 17:19:51 gtw01 dnsmasq-dhcp[21849]: read /var/lib/neutron/dhcp/7e03e806-cf3a-499a-b5b0-5ba1516bf700/opts
Jun  2 17:19:52 gtw01 dnsmasq[21183]: read /var/lib/neutron/dhcp/54696f57-ce0f-43ee-aef6-56cfade7489e/addn_hosts - 2 addresses
Jun  2 17:19:52 gtw01 dnsmasq-dhcp[21183]: read /var/lib/neutron/dhcp/54696f57-ce0f-43ee-aef6-56cfade7489e/host
Jun  2 17:19:52 gtw01 dnsmasq-dhcp[21183]: read /var/lib/neutron/dhcp/54696f57-ce0f-43ee-aef6-56cfade7489e/opts
Jun  2 17:19:52 gtw01 dnsmasq[21761]: read /var/lib/neutron/dhcp/110bb7f2-b9c6-4590-87a5-821c09abf7fb/addn_hosts - 2 addresses
Jun  2 17:19:52 gtw01 dnsmasq-dhcp[21761]: read /var/lib/neutron/dhcp/110bb7f2-b9c6-4590-87a5-821c09abf7fb/host
Jun  2 17:19:52 gtw01 dnsmasq-dhcp[21761]: read /var/lib/neutron/dhcp/110bb7f2-b9c6-4590-87a5-821c09abf7fb/opts
Jun  2 17:19:53 gtw01 dnsmasq[20820]: read /var/lib/neutron/dhcp/edbfe802-96fc-4b44-bcd0-b9cd7e88e8f5/addn_hosts - 2 addresses
Jun  2 17:19:53 gtw01 dnsmasq-dhcp[20820]: read /var/lib/neutron/dhcp/edbfe802-96fc-4b44-bcd0-b9cd7e88e8f5/host
Jun  2 17:19:53 gtw01 dnsmasq-dhcp[20820]: read /var/lib/neutron/dhcp/edbfe802-96fc-4b44-bcd0-b9cd7e88e8f5/opts
Jun  2 17:19:53 gtw01 dnsmasq[21634]: read /var/lib/neutron/dhcp/60dfd224-8f4a-478c-8573-857f6c324143/addn_hosts - 2 addresses
Jun  2 17:19:53 gtw01 dnsmasq-dhcp[21634]: read /var/lib/neutron/dhcp/60dfd224-8f4a-478c-8573-857f6c324143/host
Jun  2 17:19:53 gtw01 dnsmasq-dhcp[21634]: read /var/lib/neutron/dhcp/60dfd224-8f4a-478c-8573-857f6c324143/opts
Jun  2 17:19:53 gtw01 dnsmasq[21621]: read /var/lib/neutron/dhcp/4fd2026d-72c3-4592-8b3c-ab9d4d07cc24/addn_hosts - 2 addresses
Jun  2 17:19:53 gtw01 dnsmasq-dhcp[21621]: read /var/lib/neutron/dhcp/4fd2026d-72c3-4592-8b3c-ab9d4d07cc24/host
Jun  2 17:19:53 gtw01 dnsmasq-dhcp[21621]: read /var/lib/neutron/dhcp/4fd2026d-72c3-4592-8b3c-ab9d4d07cc24/opts
Jun  2 17:19:53 gtw01 dnsmasq[21639]: read /var/lib/neutron/dhcp/ac48c086-877a-4a00-a933-2821818b6b17/addn_hosts - 2 addresses
Jun  2 17:19:53 gtw01 dnsmasq-dhcp[21639]: read /var/lib/neutron/dhcp/ac48c086-877a-4a00-a933-2821818b6b17/host
Jun  2 17:19:53 gtw01 dnsmasq-dhcp[21639]: read /var/lib/neutron/dhcp/ac48c086-877a-4a00-a933-2821818b6b17/opts
Jun  2 17:19:54 gtw01 kernel: [ 9536.824781] device tapcf11ce4b-50 left promiscuous mode
Jun  2 17:19:54 gtw01 dnsmasq[21849]: read /var/lib/neutron/dhcp/7e03e806-cf3a-499a-b5b0-5ba1516bf700/addn_hosts - 2 addresses
Jun  2 17:19:54 gtw01 dnsmasq-dhcp[21849]: read /var/lib/neutron/dhcp/7e03e806-cf3a-499a-b5b0-5ba1516bf700/host
Jun  2 17:19:54 gtw01 dnsmasq-dhcp[21849]: read /var/lib/neutron/dhcp/7e03e806-cf3a-499a-b5b0-5ba1516bf700/opts
Jun  2 17:19:54 gtw01 dnsmasq[21183]: read /var/lib/neutron/dhcp/54696f57-ce0f-43ee-aef6-56cfade7489e/addn_hosts - 2 addresses
Jun  2 17:19:54 gtw01 dnsmasq-dhcp[21183]: read /var/lib/neutron/dhcp/54696f57-ce0f-43ee-aef6-56cfade7489e/host
Jun  2 17:19:54 gtw01 dnsmasq-dhcp[21183]: read /var/lib/neutron/dhcp/54696f57-ce0f-43ee-aef6-56cfade7489e/opts
Jun  2 17:19:55 gtw01 dnsmasq[21761]: read /var/lib/neutron/dhcp/110bb7f2-b9c6-4590-87a5-821c09abf7fb/addn_hosts - 2 addresses
Jun  2 17:19:55 gtw01 dnsmasq-dhcp[21761]: read /var/lib/neutron/dhcp/110bb7f2-b9c6-4590-87a5-821c09abf7fb/host
Jun  2 17:19:55 gtw01 dnsmasq-dhcp[21761]: read /var/lib/neutron/dhcp/110bb7f2-b9c6-4590-87a5-821c09abf7fb/opts
Jun  2 17:19:56 gtw01 dnsmasq[21634]: read /var/lib/neutron/dhcp/60dfd224-8f4a-478c-8573-857f6c324143/addn_hosts - 2 addresses
Jun  2 17:19:56 gtw01 dnsmasq-dhcp[21634]: read /var/lib/neutron/dhcp/60dfd224-8f4a-478c-8573-857f6c324143/host
Jun  2 17:19:56 gtw01 dnsmasq-dhcp[21634]: read /var/lib/neutron/dhcp/60dfd224-8f4a-478c-8573-857f6c324143/opts
Jun  2 17:19:56 gtw01 dnsmasq[21621]: read /var/lib/neutron/dhcp/4fd2026d-72c3-4592-8b3c-ab9d4d07cc24/addn_hosts - 2 addresses
Jun  2 17:19:56 gtw01 dnsmasq-dhcp[21621]: read /var/lib/neutron/dhcp/4fd2026d-72c3-4592-8b3c-ab9d4d07cc24/host
Jun  2 17:19:56 gtw01 dnsmasq-dhcp[21621]: read /var/lib/neutron/dhcp/4fd2026d-72c3-4592-8b3c-ab9d4d07cc24/opts
Jun  2 17:19:56 gtw01 dnsmasq[21639]: read /var/lib/neutron/dhcp/ac48c086-877a-4a00-a933-2821818b6b17/addn_hosts - 2 addresses
Jun  2 17:19:56 gtw01 dnsmasq-dhcp[21639]: read /var/lib/neutron/dhcp/ac48c086-877a-4a00-a933-2821818b6b17/host
Jun  2 17:19:56 gtw01 dnsmasq-dhcp[21639]: read /var/lib/neutron/dhcp/ac48c086-877a-4a00-a933-2821818b6b17/opts
Jun  2 17:19:56 gtw01 kernel: [ 9539.061483] device tap6bf40ff0-7d left promiscuous mode
Jun  2 17:19:56 gtw01 kernel: [ 9539.074396] device tap4f10b96d-1f left promiscuous mode
Jun  2 17:19:57 gtw01 dnsmasq[21849]: read /var/lib/neutron/dhcp/7e03e806-cf3a-499a-b5b0-5ba1516bf700/addn_hosts - 2 addresses
Jun  2 17:19:57 gtw01 dnsmasq-dhcp[21849]: read /var/lib/neutron/dhcp/7e03e806-cf3a-499a-b5b0-5ba1516bf700/host
Jun  2 17:19:57 gtw01 dnsmasq-dhcp[21849]: read /var/lib/neutron/dhcp/7e03e806-cf3a-499a-b5b0-5ba1516bf700/opts
Jun  2 17:19:57 gtw01 dnsmasq[20147]: read /var/lib/neutron/dhcp/aa1fb9cc-203c-47ca-ba3d-377d9808bd6b/addn_hosts - 2 addresses
Jun  2 17:19:57 gtw01 dnsmasq-dhcp[20147]: read /var/lib/neutron/dhcp/aa1fb9cc-203c-47ca-ba3d-377d9808bd6b/host
Jun  2 17:19:57 gtw01 dnsmasq-dhcp[20147]: read /var/lib/neutron/dhcp/aa1fb9cc-203c-47ca-ba3d-377d9808bd6b/opts
Jun  2 17:19:58 gtw01 dnsmasq[20201]: read /var/lib/neutron/dhcp/52a0d923-08e8-46cc-931f-3faf68107045/addn_hosts - 2 addresses
Jun  2 17:19:58 gtw01 dnsmasq-dhcp[20201]: read /var/lib/neutron/dhcp/52a0d923-08e8-46cc-931f-3faf68107045/host
Jun  2 17:19:58 gtw01 dnsmasq-dhcp[20201]: read /var/lib/neutron/dhcp/52a0d923-08e8-46cc-931f-3faf68107045/opts
Jun  2 17:19:58 gtw01 dnsmasq[18737]: read /var/lib/neutron/dhcp/50e8818b-fbac-4cf8-9ac7-2bb93043f196/addn_hosts - 3 addresses
Jun  2 17:19:58 gtw01 dnsmasq-dhcp[18737]: read /var/lib/neutron/dhcp/50e8818b-fbac-4cf8-9ac7-2bb93043f196/host
Jun  2 17:19:58 gtw01 dnsmasq-dhcp[18737]: read /var/lib/neutron/dhcp/50e8818b-fbac-4cf8-9ac7-2bb93043f196/opts
Jun  2 17:19:58 gtw01 dnsmasq[21761]: read /var/lib/neutron/dhcp/110bb7f2-b9c6-4590-87a5-821c09abf7fb/addn_hosts - 2 addresses
Jun  2 17:19:58 gtw01 dnsmasq-dhcp[21761]: read /var/lib/neutron/dhcp/110bb7f2-b9c6-4590-87a5-821c09abf7fb/host
Jun  2 17:19:58 gtw01 dnsmasq-dhcp[21761]: read /var/lib/neutron/dhcp/110bb7f2-b9c6-4590-87a5-821c09abf7fb/opts
Jun  2 17:19:59 gtw01 dnsmasq[20733]: read /var/lib/neutron/dhcp/a1989696-3f62-47f8-9668-554cfb5cac98/addn_hosts - 2 addresses
Jun  2 17:19:59 gtw01 dnsmasq-dhcp[20733]: read /var/lib/neutron/dhcp/a1989696-3f62-47f8-9668-554cfb5cac98/host
Jun  2 17:19:59 gtw01 dnsmasq-dhcp[20733]: read /var/lib/neutron/dhcp/a1989696-3f62-47f8-9668-554cfb5cac98/opts
Jun  2 17:19:59 gtw01 kernel: [ 9541.780584] device tap03485e37-b7 left promiscuous mode
Jun  2 17:19:59 gtw01 dnsmasq[20820]: read /var/lib/neutron/dhcp/edbfe802-96fc-4b44-bcd0-b9cd7e88e8f5/addn_hosts - 2 addresses
Jun  2 17:19:59 gtw01 dnsmasq-dhcp[20820]: read /var/lib/neutron/dhcp/edbfe802-96fc-4b44-bcd0-b9cd7e88e8f5/host
Jun  2 17:19:59 gtw01 dnsmasq-dhcp[20820]: read /var/lib/neutron/dhcp/edbfe802-96fc-4b44-bcd0-b9cd7e88e8f5/opts
Jun  2 17:20:00 gtw01 dnsmasq[21849]: read /var/lib/neutron/dhcp/7e03e806-cf3a-499a-b5b0-5ba1516bf700/addn_hosts - 2 addresses
Jun  2 17:20:00 gtw01 dnsmasq-dhcp[21849]: read /var/lib/neutron/dhcp/7e03e806-cf3a-499a-b5b0-5ba1516bf700/host
Jun  2 17:20:00 gtw01 dnsmasq-dhcp[21849]: read /var/lib/neutron/dhcp/7e03e806-cf3a-499a-b5b0-5ba1516bf700/opts
Jun  2 17:20:00 gtw01 dnsmasq[20147]: read /var/lib/neutron/dhcp/aa1fb9cc-203c-47ca-ba3d-377d9808bd6b/addn_hosts - 3 addresses
Jun  2 17:20:00 gtw01 dnsmasq-dhcp[20147]: read /var/lib/neutron/dhcp/aa1fb9cc-203c-47ca-ba3d-377d9808bd6b/host
Jun  2 17:20:00 gtw01 dnsmasq-dhcp[20147]: read /var/lib/neutron/dhcp/aa1fb9cc-203c-47ca-ba3d-377d9808bd6b/opts
Jun  2 17:20:01 gtw01 dnsmasq[21183]: read /var/lib/neutron/dhcp/54696f57-ce0f-43ee-aef6-56cfade7489e/addn_hosts - 2 addresses
Jun  2 17:20:01 gtw01 dnsmasq-dhcp[21183]: read /var/lib/neutron/dhcp/54696f57-ce0f-43ee-aef6-56cfade7489e/host
Jun  2 17:20:01 gtw01 dnsmasq-dhcp[21183]: read /var/lib/neutron/dhcp/54696f57-ce0f-43ee-aef6-56cfade7489e/opts
Jun  2 17:20:01 gtw01 kernel: [ 9543.814739] device tapcf0ab6c3-4d left promiscuous mode
Jun  2 17:20:01 gtw01 dnsmasq[18737]: read /var/lib/neutron/dhcp/50e8818b-fbac-4cf8-9ac7-2bb93043f196/addn_hosts - 3 addresses
Jun  2 17:20:01 gtw01 dnsmasq-dhcp[18737]: read /var/lib/neutron/dhcp/50e8818b-fbac-4cf8-9ac7-2bb93043f196/host
Jun  2 17:20:01 gtw01 dnsmasq-dhcp[18737]: read /var/lib/neutron/dhcp/50e8818b-fbac-4cf8-9ac7-2bb93043f196/opts
Jun  2 17:20:01 gtw01 dnsmasq[21621]: read /var/lib/neutron/dhcp/4fd2026d-72c3-4592-8b3c-ab9d4d07cc24/addn_hosts - 2 addresses
Jun  2 17:20:01 gtw01 dnsmasq-dhcp[21621]: read /var/lib/neutron/dhcp/4fd2026d-72c3-4592-8b3c-ab9d4d07cc24/host
Jun  2 17:20:01 gtw01 dnsmasq-dhcp[21621]: read /var/lib/neutron/dhcp/4fd2026d-72c3-4592-8b3c-ab9d4d07cc24/opts
Jun  2 17:20:02 gtw01 dnsmasq[21639]: read /var/lib/neutron/dhcp/ac48c086-877a-4a00-a933-2821818b6b17/addn_hosts - 2 addresses
Jun  2 17:20:02 gtw01 dnsmasq-dhcp[21639]: read /var/lib/neutron/dhcp/ac48c086-877a-4a00-a933-2821818b6b17/host
Jun  2 17:20:02 gtw01 dnsmasq-dhcp[21639]: read /var/lib/neutron/dhcp/ac48c086-877a-4a00-a933-2821818b6b17/opts
Jun  2 17:20:02 gtw01 dnsmasq[21634]: read /var/lib/neutron/dhcp/60dfd224-8f4a-478c-8573-857f6c324143/addn_hosts - 2 addresses
Jun  2 17:20:02 gtw01 dnsmasq-dhcp[21634]: read /var/lib/neutron/dhcp/60dfd224-8f4a-478c-8573-857f6c324143/host
Jun  2 17:20:02 gtw01 dnsmasq-dhcp[21634]: read /var/lib/neutron/dhcp/60dfd224-8f4a-478c-8573-857f6c324143/opts
Jun  2 17:20:03 gtw01 dnsmasq[21761]: read /var/lib/neutron/dhcp/110bb7f2-b9c6-4590-87a5-821c09abf7fb/addn_hosts - 2 addresses
Jun  2 17:20:03 gtw01 dnsmasq-dhcp[21761]: read /var/lib/neutron/dhcp/110bb7f2-b9c6-4590-87a5-821c09abf7fb/host
Jun  2 17:20:03 gtw01 dnsmasq-dhcp[21761]: read /var/lib/neutron/dhcp/110bb7f2-b9c6-4590-87a5-821c09abf7fb/opts
Jun  2 17:20:03 gtw01 dnsmasq[21849]: read /var/lib/neutron/dhcp/7e03e806-cf3a-499a-b5b0-5ba1516bf700/addn_hosts - 2 addresses
Jun  2 17:20:03 gtw01 dnsmasq-dhcp[21849]: read /var/lib/neutron/dhcp/7e03e806-cf3a-499a-b5b0-5ba1516bf700/host
Jun  2 17:20:03 gtw01 dnsmasq-dhcp[21849]: read /var/lib/neutron/dhcp/7e03e806-cf3a-499a-b5b0-5ba1516bf700/opts
Jun  2 17:20:03 gtw01 dnsmasq[19764]: read /var/lib/neutron/dhcp/4682a31a-5152-4f02-a8a3-0e28dc825582/addn_hosts - 3 addresses
Jun  2 17:20:03 gtw01 dnsmasq-dhcp[19764]: read /var/lib/neutron/dhcp/4682a31a-5152-4f02-a8a3-0e28dc825582/host
Jun  2 17:20:03 gtw01 dnsmasq-dhcp[19764]: read /var/lib/neutron/dhcp/4682a31a-5152-4f02-a8a3-0e28dc825582/opts
Jun  2 17:20:04 gtw01 dnsmasq[20147]: read /var/lib/neutron/dhcp/aa1fb9cc-203c-47ca-ba3d-377d9808bd6b/addn_hosts - 3 addresses
Jun  2 17:20:04 gtw01 dnsmasq-dhcp[20147]: read /var/lib/neutron/dhcp/aa1fb9cc-203c-47ca-ba3d-377d9808bd6b/host
Jun  2 17:20:04 gtw01 dnsmasq-dhcp[20147]: read /var/lib/neutron/dhcp/aa1fb9cc-203c-47ca-ba3d-377d9808bd6b/opts
Jun  2 17:20:04 gtw01 dnsmasq[18737]: read /var/lib/neutron/dhcp/50e8818b-fbac-4cf8-9ac7-2bb93043f196/addn_hosts - 2 addresses
Jun  2 17:20:04 gtw01 dnsmasq-dhcp[18737]: read /var/lib/neutron/dhcp/50e8818b-fbac-4cf8-9ac7-2bb93043f196/host
Jun  2 17:20:04 gtw01 dnsmasq-dhcp[18737]: read /var/lib/neutron/dhcp/50e8818b-fbac-4cf8-9ac7-2bb93043f196/opts
Jun  2 17:20:05 gtw01 dnsmasq[20201]: read /var/lib/neutron/dhcp/52a0d923-08e8-46cc-931f-3faf68107045/addn_hosts - 1 addresses
Jun  2 17:20:05 gtw01 dnsmasq-dhcp[20201]: read /var/lib/neutron/dhcp/52a0d923-08e8-46cc-931f-3faf68107045/host
Jun  2 17:20:05 gtw01 dnsmasq-dhcp[20201]: read /var/lib/neutron/dhcp/52a0d923-08e8-46cc-931f-3faf68107045/opts
Jun  2 17:20:05 gtw01 dnsmasq[21639]: read /var/lib/neutron/dhcp/ac48c086-877a-4a00-a933-2821818b6b17/addn_hosts - 1 addresses
Jun  2 17:20:05 gtw01 dnsmasq-dhcp[21639]: read /var/lib/neutron/dhcp/ac48c086-877a-4a00-a933-2821818b6b17/host
Jun  2 17:20:05 gtw01 dnsmasq-dhcp[21639]: read /var/lib/neutron/dhcp/ac48c086-877a-4a00-a933-2821818b6b17/opts
Jun  2 17:20:06 gtw01 dnsmasq[20820]: read /var/lib/neutron/dhcp/edbfe802-96fc-4b44-bcd0-b9cd7e88e8f5/addn_hosts - 1 addresses
Jun  2 17:20:06 gtw01 dnsmasq-dhcp[20820]: read /var/lib/neutron/dhcp/edbfe802-96fc-4b44-bcd0-b9cd7e88e8f5/host
Jun  2 17:20:06 gtw01 dnsmasq-dhcp[20820]: read /var/lib/neutron/dhcp/edbfe802-96fc-4b44-bcd0-b9cd7e88e8f5/opts
Jun  2 17:20:06 gtw01 dnsmasq[21634]: read /var/lib/neutron/dhcp/60dfd224-8f4a-478c-8573-857f6c324143/addn_hosts - 1 addresses
Jun  2 17:20:06 gtw01 dnsmasq-dhcp[21634]: read /var/lib/neutron/dhcp/60dfd224-8f4a-478c-8573-857f6c324143/host
Jun  2 17:20:06 gtw01 dnsmasq-dhcp[21634]: read /var/lib/neutron/dhcp/60dfd224-8f4a-478c-8573-857f6c324143/opts
Jun  2 17:20:06 gtw01 dnsmasq[20147]: read /var/lib/neutron/dhcp/aa1fb9cc-203c-47ca-ba3d-377d9808bd6b/addn_hosts - 3 addresses
Jun  2 17:20:06 gtw01 dnsmasq-dhcp[20147]: read /var/lib/neutron/dhcp/aa1fb9cc-203c-47ca-ba3d-377d9808bd6b/host
Jun  2 17:20:06 gtw01 dnsmasq-dhcp[20147]: read /var/lib/neutron/dhcp/aa1fb9cc-203c-47ca-ba3d-377d9808bd6b/opts
Jun  2 17:20:06 gtw01 dnsmasq[19764]: read /var/lib/neutron/dhcp/4682a31a-5152-4f02-a8a3-0e28dc825582/addn_hosts - 3 addresses
Jun  2 17:20:06 gtw01 dnsmasq-dhcp[19764]: read /var/lib/neutron/dhcp/4682a31a-5152-4f02-a8a3-0e28dc825582/host
Jun  2 17:20:06 gtw01 dnsmasq-dhcp[19764]: read /var/lib/neutron/dhcp/4682a31a-5152-4f02-a8a3-0e28dc825582/opts
Jun  2 17:20:07 gtw01 dnsmasq[21621]: read /var/lib/neutron/dhcp/4fd2026d-72c3-4592-8b3c-ab9d4d07cc24/addn_hosts - 1 addresses
Jun  2 17:20:07 gtw01 dnsmasq-dhcp[21621]: read /var/lib/neutron/dhcp/4fd2026d-72c3-4592-8b3c-ab9d4d07cc24/host
Jun  2 17:20:07 gtw01 dnsmasq-dhcp[21621]: read /var/lib/neutron/dhcp/4fd2026d-72c3-4592-8b3c-ab9d4d07cc24/opts
Jun  2 17:20:07 gtw01 dnsmasq[21183]: read /var/lib/neutron/dhcp/54696f57-ce0f-43ee-aef6-56cfade7489e/addn_hosts - 1 addresses
Jun  2 17:20:07 gtw01 dnsmasq-dhcp[21183]: read /var/lib/neutron/dhcp/54696f57-ce0f-43ee-aef6-56cfade7489e/host
Jun  2 17:20:07 gtw01 dnsmasq-dhcp[21183]: read /var/lib/neutron/dhcp/54696f57-ce0f-43ee-aef6-56cfade7489e/opts
Jun  2 17:20:08 gtw01 kernel: [ 9550.825756] device tap426175cd-b2 left promiscuous mode
Jun  2 17:20:08 gtw01 dnsmasq[19764]: read /var/lib/neutron/dhcp/4682a31a-5152-4f02-a8a3-0e28dc825582/addn_hosts - 2 addresses
Jun  2 17:20:08 gtw01 dnsmasq-dhcp[19764]: read /var/lib/neutron/dhcp/4682a31a-5152-4f02-a8a3-0e28dc825582/host
Jun  2 17:20:08 gtw01 dnsmasq-dhcp[19764]: read /var/lib/neutron/dhcp/4682a31a-5152-4f02-a8a3-0e28dc825582/opts
Jun  2 17:20:08 gtw01 kernel: [ 9551.044740] device tap54f07fcb-d6 left promiscuous mode
Jun  2 17:20:09 gtw01 kernel: [ 9551.531964] device tap15e7ecd4-b8 left promiscuous mode
Jun  2 17:20:10 gtw01 dnsmasq[20733]: read /var/lib/neutron/dhcp/a1989696-3f62-47f8-9668-554cfb5cac98/addn_hosts - 1 addresses
Jun  2 17:20:10 gtw01 dnsmasq-dhcp[20733]: read /var/lib/neutron/dhcp/a1989696-3f62-47f8-9668-554cfb5cac98/host
Jun  2 17:20:10 gtw01 dnsmasq-dhcp[20733]: read /var/lib/neutron/dhcp/a1989696-3f62-47f8-9668-554cfb5cac98/opts
Jun  2 17:20:14 gtw01 dnsmasq[21761]: read /var/lib/neutron/dhcp/110bb7f2-b9c6-4590-87a5-821c09abf7fb/addn_hosts - 1 addresses
Jun  2 17:20:14 gtw01 dnsmasq-dhcp[21761]: read /var/lib/neutron/dhcp/110bb7f2-b9c6-4590-87a5-821c09abf7fb/host
Jun  2 17:20:14 gtw01 dnsmasq-dhcp[21761]: read /var/lib/neutron/dhcp/110bb7f2-b9c6-4590-87a5-821c09abf7fb/opts
Jun  2 17:20:15 gtw01 kernel: [ 9557.768776] device tapa3ebc8a3-a8 left promiscuous mode
Jun  2 17:20:15 gtw01 kernel: [ 9557.786260] device tapcc470dbc-1b left promiscuous mode
Jun  2 17:20:15 gtw01 kernel: [ 9557.874956] device tapfca06af0-37 left promiscuous mode
Jun  2 17:20:16 gtw01 dnsmasq-dhcp[20147]: DHCPDISCOVER(tapf9d8198c-1b) fa:16:3e:97:7a:0c
Jun  2 17:20:16 gtw01 dnsmasq-dhcp[20147]: DHCPOFFER(tapf9d8198c-1b) 192.168.120.3 fa:16:3e:97:7a:0c
Jun  2 17:20:16 gtw01 dnsmasq-dhcp[20147]: DHCPREQUEST(tapf9d8198c-1b) 192.168.120.3 fa:16:3e:97:7a:0c
Jun  2 17:20:16 gtw01 dnsmasq-dhcp[20147]: DHCPACK(tapf9d8198c-1b) 192.168.120.3 fa:16:3e:97:7a:0c host-192-168-120-3
Jun  2 17:20:18 gtw01 kernel: [ 9561.138603] device tap3d2603ed-1b left promiscuous mode
Jun  2 17:20:20 gtw01 dnsmasq[19764]: read /var/lib/neutron/dhcp/4682a31a-5152-4f02-a8a3-0e28dc825582/addn_hosts - 1 addresses
Jun  2 17:20:20 gtw01 dnsmasq-dhcp[19764]: read /var/lib/neutron/dhcp/4682a31a-5152-4f02-a8a3-0e28dc825582/host
Jun  2 17:20:20 gtw01 dnsmasq-dhcp[19764]: read /var/lib/neutron/dhcp/4682a31a-5152-4f02-a8a3-0e28dc825582/opts
Jun  2 17:20:22 gtw01 kernel: [ 9565.079011] device tap4019c51d-4c left promiscuous mode
Jun  2 17:20:24 gtw01 kernel: [ 9566.502367] device tap0eeb8e2e-e6 left promiscuous mode
Jun  2 17:20:25 gtw01 dnsmasq-dhcp[20147]: DHCPRELEASE(tapf9d8198c-1b) 192.168.120.3 fa:16:3e:97:7a:0c
Jun  2 17:20:25 gtw01 dnsmasq-dhcp[20147]: DHCPRELEASE(tapf9d8198c-1b) 192.168.120.3 fa:16:3e:97:7a:0c unknown lease
Jun  2 17:20:26 gtw01 dnsmasq[20147]: read /var/lib/neutron/dhcp/aa1fb9cc-203c-47ca-ba3d-377d9808bd6b/addn_hosts - 2 addresses
Jun  2 17:20:26 gtw01 dnsmasq-dhcp[20147]: read /var/lib/neutron/dhcp/aa1fb9cc-203c-47ca-ba3d-377d9808bd6b/host
Jun  2 17:20:26 gtw01 dnsmasq-dhcp[20147]: read /var/lib/neutron/dhcp/aa1fb9cc-203c-47ca-ba3d-377d9808bd6b/opts
Jun  2 17:20:29 gtw01 dnsmasq[21849]: read /var/lib/neutron/dhcp/7e03e806-cf3a-499a-b5b0-5ba1516bf700/addn_hosts - 1 addresses
Jun  2 17:20:29 gtw01 dnsmasq-dhcp[21849]: read /var/lib/neutron/dhcp/7e03e806-cf3a-499a-b5b0-5ba1516bf700/host
Jun  2 17:20:29 gtw01 dnsmasq-dhcp[21849]: read /var/lib/neutron/dhcp/7e03e806-cf3a-499a-b5b0-5ba1516bf700/opts
Jun  2 17:20:33 gtw01 kernel: [ 9575.713445] device tap18b8a310-8c left promiscuous mode
Jun  2 17:20:37 gtw01 dnsmasq[20147]: read /var/lib/neutron/dhcp/aa1fb9cc-203c-47ca-ba3d-377d9808bd6b/addn_hosts - 1 addresses
Jun  2 17:20:37 gtw01 dnsmasq-dhcp[20147]: read /var/lib/neutron/dhcp/aa1fb9cc-203c-47ca-ba3d-377d9808bd6b/host
Jun  2 17:20:37 gtw01 dnsmasq-dhcp[20147]: read /var/lib/neutron/dhcp/aa1fb9cc-203c-47ca-ba3d-377d9808bd6b/opts
Jun  2 17:20:42 gtw01 kernel: [ 9584.450506] device tapf9d8198c-1b left promiscuous mode
Jun  2 17:20:56 gtw01 dnsmasq[18737]: read /var/lib/neutron/dhcp/50e8818b-fbac-4cf8-9ac7-2bb93043f196/addn_hosts - 1 addresses
Jun  2 17:20:56 gtw01 dnsmasq-dhcp[18737]: read /var/lib/neutron/dhcp/50e8818b-fbac-4cf8-9ac7-2bb93043f196/host
Jun  2 17:20:56 gtw01 dnsmasq-dhcp[18737]: read /var/lib/neutron/dhcp/50e8818b-fbac-4cf8-9ac7-2bb93043f196/opts
Jun  2 17:21:01 gtw01 kernel: [ 9603.584188] device tape345ddff-7b left promiscuous mode
Jun  2 17:21:17 gtw01 kernel: [ 9619.701119] device tap59ae715a-d7 entered promiscuous mode
Jun  2 17:21:17 gtw01 systemd-udevd[22889]: Could not generate persistent MAC address for tap59ae715a-d7: No such file or directory
Jun  2 17:21:17 gtw01 systemd-udevd[22934]: Process '/sbin/ip link set tap59ae715a-d7 txqueuelen 10000' failed with exit code 1.
Jun  2 17:21:20 gtw01 dnsmasq[22999]: started, version 2.80 cachesize 150
