Jun  2 17:13:29 gtw01 dnsmasq-dhcp[15799]: read /var/lib/neutron/dhcp/a5780274-972f-4f14-9827-739c0cf580c6/opts
Jun  2 17:13:31 gtw01 dnsmasq[15425]: read /var/lib/neutron/dhcp/94beb396-c8d4-436d-a67d-438c807e8f50/addn_hosts - 7 addresses
Jun  2 17:13:31 gtw01 dnsmasq-dhcp[15425]: read /var/lib/neutron/dhcp/94beb396-c8d4-436d-a67d-438c807e8f50/host
Jun  2 17:13:31 gtw01 dnsmasq-dhcp[15425]: read /var/lib/neutron/dhcp/94beb396-c8d4-436d-a67d-438c807e8f50/opts
Jun  2 17:13:32 gtw01 dnsmasq[16547]: read /var/lib/neutron/dhcp/66b74de3-4a1e-4278-9e4b-de06e4becaf0/addn_hosts - 2 addresses
Jun  2 17:13:32 gtw01 dnsmasq-dhcp[16547]: read /var/lib/neutron/dhcp/66b74de3-4a1e-4278-9e4b-de06e4becaf0/host
Jun  2 17:13:32 gtw01 dnsmasq-dhcp[16547]: read /var/lib/neutron/dhcp/66b74de3-4a1e-4278-9e4b-de06e4becaf0/opts
Jun  2 17:13:33 gtw01 dnsmasq[15829]: read /var/lib/neutron/dhcp/924c0373-ed3c-417a-90a6-d590dab1bf11/addn_hosts - 2 addresses
Jun  2 17:13:33 gtw01 dnsmasq-dhcp[15829]: read /var/lib/neutron/dhcp/924c0373-ed3c-417a-90a6-d590dab1bf11/host
Jun  2 17:13:33 gtw01 dnsmasq-dhcp[15829]: read /var/lib/neutron/dhcp/924c0373-ed3c-417a-90a6-d590dab1bf11/opts
Jun  2 17:13:33 gtw01 dnsmasq[15799]: read /var/lib/neutron/dhcp/a5780274-972f-4f14-9827-739c0cf580c6/addn_hosts - 1 addresses
Jun  2 17:13:33 gtw01 dnsmasq-dhcp[15799]: read /var/lib/neutron/dhcp/a5780274-972f-4f14-9827-739c0cf580c6/host
Jun  2 17:13:33 gtw01 dnsmasq-dhcp[15799]: read /var/lib/neutron/dhcp/a5780274-972f-4f14-9827-739c0cf580c6/opts
Jun  2 17:13:36 gtw01 dnsmasq[15829]: read /var/lib/neutron/dhcp/924c0373-ed3c-417a-90a6-d590dab1bf11/addn_hosts - 1 addresses
Jun  2 17:13:36 gtw01 dnsmasq-dhcp[15829]: read /var/lib/neutron/dhcp/924c0373-ed3c-417a-90a6-d590dab1bf11/host
Jun  2 17:13:36 gtw01 dnsmasq-dhcp[15829]: read /var/lib/neutron/dhcp/924c0373-ed3c-417a-90a6-d590dab1bf11/opts
Jun  2 17:13:37 gtw01 dnsmasq[15799]: read /var/lib/neutron/dhcp/a5780274-972f-4f14-9827-739c0cf580c6/addn_hosts - 2 addresses
Jun  2 17:13:37 gtw01 dnsmasq-dhcp[15799]: read /var/lib/neutron/dhcp/a5780274-972f-4f14-9827-739c0cf580c6/host
Jun  2 17:13:37 gtw01 dnsmasq-dhcp[15799]: read /var/lib/neutron/dhcp/a5780274-972f-4f14-9827-739c0cf580c6/opts
Jun  2 17:13:37 gtw01 dnsmasq[15425]: read /var/lib/neutron/dhcp/94beb396-c8d4-436d-a67d-438c807e8f50/addn_hosts - 9 addresses
Jun  2 17:13:37 gtw01 dnsmasq-dhcp[15425]: read /var/lib/neutron/dhcp/94beb396-c8d4-436d-a67d-438c807e8f50/host
Jun  2 17:13:37 gtw01 dnsmasq-dhcp[15425]: read /var/lib/neutron/dhcp/94beb396-c8d4-436d-a67d-438c807e8f50/opts
Jun  2 17:13:38 gtw01 dnsmasq[15799]: read /var/lib/neutron/dhcp/a5780274-972f-4f14-9827-739c0cf580c6/addn_hosts - 2 addresses
Jun  2 17:13:38 gtw01 dnsmasq-dhcp[15799]: read /var/lib/neutron/dhcp/a5780274-972f-4f14-9827-739c0cf580c6/host
Jun  2 17:13:38 gtw01 dnsmasq-dhcp[15799]: read /var/lib/neutron/dhcp/a5780274-972f-4f14-9827-739c0cf580c6/opts
Jun  2 17:13:39 gtw01 dnsmasq[16875]: started, version 2.80 cachesize 150
Jun  2 17:13:39 gtw01 dnsmasq[16875]: DNS service limited to local subnets
Jun  2 17:13:39 gtw01 dnsmasq[16875]: compile time options: IPv6 GNU-getopt DBus i18n IDN DHCP DHCPv6 no-Lua TFTP conntrack ipset auth DNSSEC loop-detect inotify dumpfile
Jun  2 17:13:39 gtw01 dnsmasq[16875]: warning: no upstream servers configured
Jun  2 17:13:39 gtw01 dnsmasq-dhcp[16875]: DHCP, static leases only on 192.168.120.0, lease time 1h
Jun  2 17:13:39 gtw01 dnsmasq[16875]: read /var/lib/neutron/dhcp/66b74de3-4a1e-4278-9e4b-de06e4becaf0/addn_hosts - 1 addresses
Jun  2 17:13:39 gtw01 dnsmasq-dhcp[16875]: read /var/lib/neutron/dhcp/66b74de3-4a1e-4278-9e4b-de06e4becaf0/host
Jun  2 17:13:39 gtw01 dnsmasq-dhcp[16875]: read /var/lib/neutron/dhcp/66b74de3-4a1e-4278-9e4b-de06e4becaf0/opts
Jun  2 17:13:40 gtw01 dnsmasq[15829]: read /var/lib/neutron/dhcp/924c0373-ed3c-417a-90a6-d590dab1bf11/addn_hosts - 2 addresses
Jun  2 17:13:40 gtw01 dnsmasq-dhcp[15829]: read /var/lib/neutron/dhcp/924c0373-ed3c-417a-90a6-d590dab1bf11/host
Jun  2 17:13:40 gtw01 dnsmasq-dhcp[15829]: read /var/lib/neutron/dhcp/924c0373-ed3c-417a-90a6-d590dab1bf11/opts
Jun  2 17:13:40 gtw01 kernel: [ 9162.770285] device tap53277a90-f2 left promiscuous mode
Jun  2 17:13:41 gtw01 dnsmasq[15425]: read /var/lib/neutron/dhcp/94beb396-c8d4-436d-a67d-438c807e8f50/addn_hosts - 10 addresses
Jun  2 17:13:41 gtw01 dnsmasq-dhcp[15425]: read /var/lib/neutron/dhcp/94beb396-c8d4-436d-a67d-438c807e8f50/host
Jun  2 17:13:41 gtw01 dnsmasq-dhcp[15425]: read /var/lib/neutron/dhcp/94beb396-c8d4-436d-a67d-438c807e8f50/opts
Jun  2 17:13:44 gtw01 dnsmasq[15425]: read /var/lib/neutron/dhcp/94beb396-c8d4-436d-a67d-438c807e8f50/addn_hosts - 11 addresses
Jun  2 17:13:44 gtw01 dnsmasq-dhcp[15425]: read /var/lib/neutron/dhcp/94beb396-c8d4-436d-a67d-438c807e8f50/host
Jun  2 17:13:44 gtw01 dnsmasq-dhcp[15425]: read /var/lib/neutron/dhcp/94beb396-c8d4-436d-a67d-438c807e8f50/opts
Jun  2 17:13:44 gtw01 dnsmasq[15799]: read /var/lib/neutron/dhcp/a5780274-972f-4f14-9827-739c0cf580c6/addn_hosts - 1 addresses
Jun  2 17:13:44 gtw01 dnsmasq-dhcp[15799]: read /var/lib/neutron/dhcp/a5780274-972f-4f14-9827-739c0cf580c6/host
Jun  2 17:13:44 gtw01 dnsmasq-dhcp[15799]: read /var/lib/neutron/dhcp/a5780274-972f-4f14-9827-739c0cf580c6/opts
Jun  2 17:13:44 gtw01 dnsmasq[15829]: read /var/lib/neutron/dhcp/924c0373-ed3c-417a-90a6-d590dab1bf11/addn_hosts - 1 addresses
Jun  2 17:13:44 gtw01 dnsmasq-dhcp[15829]: read /var/lib/neutron/dhcp/924c0373-ed3c-417a-90a6-d590dab1bf11/host
Jun  2 17:13:44 gtw01 dnsmasq-dhcp[15829]: read /var/lib/neutron/dhcp/924c0373-ed3c-417a-90a6-d590dab1bf11/opts
Jun  2 17:13:45 gtw01 dnsmasq[15425]: read /var/lib/neutron/dhcp/94beb396-c8d4-436d-a67d-438c807e8f50/addn_hosts - 12 addresses
Jun  2 17:13:45 gtw01 dnsmasq-dhcp[15425]: read /var/lib/neutron/dhcp/94beb396-c8d4-436d-a67d-438c807e8f50/host
Jun  2 17:13:45 gtw01 dnsmasq-dhcp[15425]: read /var/lib/neutron/dhcp/94beb396-c8d4-436d-a67d-438c807e8f50/opts
Jun  2 17:13:47 gtw01 kernel: [ 9169.870359] device tap7b5378c8-bb left promiscuous mode
Jun  2 17:13:47 gtw01 dnsmasq[15425]: read /var/lib/neutron/dhcp/94beb396-c8d4-436d-a67d-438c807e8f50/addn_hosts - 11 addresses
Jun  2 17:13:47 gtw01 dnsmasq-dhcp[15425]: read /var/lib/neutron/dhcp/94beb396-c8d4-436d-a67d-438c807e8f50/host
Jun  2 17:13:47 gtw01 dnsmasq-dhcp[15425]: read /var/lib/neutron/dhcp/94beb396-c8d4-436d-a67d-438c807e8f50/opts
Jun  2 17:13:50 gtw01 dnsmasq[15425]: read /var/lib/neutron/dhcp/94beb396-c8d4-436d-a67d-438c807e8f50/addn_hosts - 12 addresses
Jun  2 17:13:50 gtw01 dnsmasq-dhcp[15425]: read /var/lib/neutron/dhcp/94beb396-c8d4-436d-a67d-438c807e8f50/host
Jun  2 17:13:50 gtw01 dnsmasq-dhcp[15425]: read /var/lib/neutron/dhcp/94beb396-c8d4-436d-a67d-438c807e8f50/opts
Jun  2 17:13:51 gtw01 dnsmasq[15425]: read /var/lib/neutron/dhcp/94beb396-c8d4-436d-a67d-438c807e8f50/addn_hosts - 12 addresses
Jun  2 17:13:51 gtw01 dnsmasq-dhcp[15425]: read /var/lib/neutron/dhcp/94beb396-c8d4-436d-a67d-438c807e8f50/host
Jun  2 17:13:51 gtw01 dnsmasq-dhcp[15425]: read /var/lib/neutron/dhcp/94beb396-c8d4-436d-a67d-438c807e8f50/opts
Jun  2 17:13:52 gtw01 systemd-udevd[17059]: Could not generate persistent MAC address for tap68f1aadf-5b: No such file or directory
Jun  2 17:13:52 gtw01 kernel: [ 9174.317178] device tap68f1aadf-5b entered promiscuous mode
Jun  2 17:13:52 gtw01 systemd-udevd[17105]: Process '/sbin/ip link set tap68f1aadf-5b txqueuelen 10000' failed with exit code 1.
Jun  2 17:13:53 gtw01 dnsmasq[15425]: read /var/lib/neutron/dhcp/94beb396-c8d4-436d-a67d-438c807e8f50/addn_hosts - 13 addresses
Jun  2 17:13:53 gtw01 dnsmasq-dhcp[15425]: read /var/lib/neutron/dhcp/94beb396-c8d4-436d-a67d-438c807e8f50/host
Jun  2 17:13:53 gtw01 dnsmasq-dhcp[15425]: read /var/lib/neutron/dhcp/94beb396-c8d4-436d-a67d-438c807e8f50/opts
Jun  2 17:13:54 gtw01 dnsmasq[17184]: started, version 2.80 cachesize 150
Jun  2 17:13:54 gtw01 dnsmasq[17184]: DNS service limited to local subnets
Jun  2 17:13:54 gtw01 dnsmasq[17184]: compile time options: IPv6 GNU-getopt DBus i18n IDN DHCP DHCPv6 no-Lua TFTP conntrack ipset auth DNSSEC loop-detect inotify dumpfile
Jun  2 17:13:54 gtw01 dnsmasq[17184]: warning: no upstream servers configured
Jun  2 17:13:54 gtw01 dnsmasq-dhcp[17184]: DHCP, static leases only on 192.168.120.0, lease time 1h
Jun  2 17:13:54 gtw01 dnsmasq[17184]: read /var/lib/neutron/dhcp/43cbe1ef-f1ed-47bd-9fe4-a8e5a5b0cafe/addn_hosts - 1 addresses
Jun  2 17:13:54 gtw01 dnsmasq-dhcp[17184]: read /var/lib/neutron/dhcp/43cbe1ef-f1ed-47bd-9fe4-a8e5a5b0cafe/host
Jun  2 17:13:54 gtw01 dnsmasq-dhcp[17184]: read /var/lib/neutron/dhcp/43cbe1ef-f1ed-47bd-9fe4-a8e5a5b0cafe/opts
Jun  2 17:13:55 gtw01 haproxy-metadata-proxy-43cbe1ef-f1ed-47bd-9fe4-a8e5a5b0cafe[17188]: Proxy listener started.
Jun  2 17:13:56 gtw01 dnsmasq[17184]: read /var/lib/neutron/dhcp/43cbe1ef-f1ed-47bd-9fe4-a8e5a5b0cafe/addn_hosts - 1 addresses
Jun  2 17:13:56 gtw01 dnsmasq-dhcp[17184]: read /var/lib/neutron/dhcp/43cbe1ef-f1ed-47bd-9fe4-a8e5a5b0cafe/host
Jun  2 17:13:56 gtw01 dnsmasq-dhcp[17184]: read /var/lib/neutron/dhcp/43cbe1ef-f1ed-47bd-9fe4-a8e5a5b0cafe/opts
Jun  2 17:13:56 gtw01 dnsmasq[17184]: read /var/lib/neutron/dhcp/43cbe1ef-f1ed-47bd-9fe4-a8e5a5b0cafe/addn_hosts - 1 addresses
Jun  2 17:13:56 gtw01 dnsmasq-dhcp[17184]: read /var/lib/neutron/dhcp/43cbe1ef-f1ed-47bd-9fe4-a8e5a5b0cafe/host
Jun  2 17:13:56 gtw01 dnsmasq-dhcp[17184]: read /var/lib/neutron/dhcp/43cbe1ef-f1ed-47bd-9fe4-a8e5a5b0cafe/opts
Jun  2 17:13:57 gtw01 dnsmasq[17184]: read /var/lib/neutron/dhcp/43cbe1ef-f1ed-47bd-9fe4-a8e5a5b0cafe/addn_hosts - 2 addresses
Jun  2 17:13:57 gtw01 dnsmasq-dhcp[17184]: read /var/lib/neutron/dhcp/43cbe1ef-f1ed-47bd-9fe4-a8e5a5b0cafe/host
Jun  2 17:13:57 gtw01 dnsmasq-dhcp[17184]: read /var/lib/neutron/dhcp/43cbe1ef-f1ed-47bd-9fe4-a8e5a5b0cafe/opts
Jun  2 17:13:57 gtw01 dnsmasq[15425]: read /var/lib/neutron/dhcp/94beb396-c8d4-436d-a67d-438c807e8f50/addn_hosts - 13 addresses
Jun  2 17:13:57 gtw01 dnsmasq-dhcp[15425]: read /var/lib/neutron/dhcp/94beb396-c8d4-436d-a67d-438c807e8f50/host
Jun  2 17:13:57 gtw01 dnsmasq-dhcp[15425]: read /var/lib/neutron/dhcp/94beb396-c8d4-436d-a67d-438c807e8f50/opts
Jun  2 17:13:58 gtw01 dnsmasq[17184]: read /var/lib/neutron/dhcp/43cbe1ef-f1ed-47bd-9fe4-a8e5a5b0cafe/addn_hosts - 2 addresses
Jun  2 17:13:58 gtw01 dnsmasq-dhcp[17184]: read /var/lib/neutron/dhcp/43cbe1ef-f1ed-47bd-9fe4-a8e5a5b0cafe/host
Jun  2 17:13:58 gtw01 dnsmasq-dhcp[17184]: read /var/lib/neutron/dhcp/43cbe1ef-f1ed-47bd-9fe4-a8e5a5b0cafe/opts
Jun  2 17:13:59 gtw01 dnsmasq[15425]: read /var/lib/neutron/dhcp/94beb396-c8d4-436d-a67d-438c807e8f50/addn_hosts - 13 addresses
Jun  2 17:13:59 gtw01 dnsmasq-dhcp[15425]: read /var/lib/neutron/dhcp/94beb396-c8d4-436d-a67d-438c807e8f50/host
Jun  2 17:13:59 gtw01 dnsmasq-dhcp[15425]: read /var/lib/neutron/dhcp/94beb396-c8d4-436d-a67d-438c807e8f50/opts
Jun  2 17:13:59 gtw01 dnsmasq[17184]: read /var/lib/neutron/dhcp/43cbe1ef-f1ed-47bd-9fe4-a8e5a5b0cafe/addn_hosts - 2 addresses
Jun  2 17:13:59 gtw01 dnsmasq-dhcp[17184]: read /var/lib/neutron/dhcp/43cbe1ef-f1ed-47bd-9fe4-a8e5a5b0cafe/host
Jun  2 17:13:59 gtw01 dnsmasq-dhcp[17184]: read /var/lib/neutron/dhcp/43cbe1ef-f1ed-47bd-9fe4-a8e5a5b0cafe/opts
Jun  2 17:14:00 gtw01 dnsmasq[17184]: read /var/lib/neutron/dhcp/43cbe1ef-f1ed-47bd-9fe4-a8e5a5b0cafe/addn_hosts - 1 addresses
Jun  2 17:14:00 gtw01 dnsmasq-dhcp[17184]: read /var/lib/neutron/dhcp/43cbe1ef-f1ed-47bd-9fe4-a8e5a5b0cafe/host
Jun  2 17:14:00 gtw01 dnsmasq-dhcp[17184]: read /var/lib/neutron/dhcp/43cbe1ef-f1ed-47bd-9fe4-a8e5a5b0cafe/opts
Jun  2 17:14:00 gtw01 dnsmasq[15425]: read /var/lib/neutron/dhcp/94beb396-c8d4-436d-a67d-438c807e8f50/addn_hosts - 14 addresses
Jun  2 17:14:00 gtw01 dnsmasq-dhcp[15425]: read /var/lib/neutron/dhcp/94beb396-c8d4-436d-a67d-438c807e8f50/host
Jun  2 17:14:00 gtw01 dnsmasq-dhcp[15425]: read /var/lib/neutron/dhcp/94beb396-c8d4-436d-a67d-438c807e8f50/opts
Jun  2 17:14:01 gtw01 dnsmasq[15425]: read /var/lib/neutron/dhcp/94beb396-c8d4-436d-a67d-438c807e8f50/addn_hosts - 14 addresses
Jun  2 17:14:01 gtw01 dnsmasq-dhcp[15425]: read /var/lib/neutron/dhcp/94beb396-c8d4-436d-a67d-438c807e8f50/host
Jun  2 17:14:01 gtw01 dnsmasq-dhcp[15425]: read /var/lib/neutron/dhcp/94beb396-c8d4-436d-a67d-438c807e8f50/opts
Jun  2 17:14:02 gtw01 dnsmasq[15425]: read /var/lib/neutron/dhcp/94beb396-c8d4-436d-a67d-438c807e8f50/addn_hosts - 15 addresses
Jun  2 17:14:02 gtw01 dnsmasq-dhcp[15425]: read /var/lib/neutron/dhcp/94beb396-c8d4-436d-a67d-438c807e8f50/host
Jun  2 17:14:02 gtw01 dnsmasq-dhcp[15425]: read /var/lib/neutron/dhcp/94beb396-c8d4-436d-a67d-438c807e8f50/opts
Jun  2 17:14:03 gtw01 dnsmasq[15425]: read /var/lib/neutron/dhcp/94beb396-c8d4-436d-a67d-438c807e8f50/addn_hosts - 15 addresses
Jun  2 17:14:03 gtw01 dnsmasq-dhcp[15425]: read /var/lib/neutron/dhcp/94beb396-c8d4-436d-a67d-438c807e8f50/host
Jun  2 17:14:03 gtw01 dnsmasq-dhcp[15425]: read /var/lib/neutron/dhcp/94beb396-c8d4-436d-a67d-438c807e8f50/opts
Jun  2 17:14:04 gtw01 dnsmasq[15425]: read /var/lib/neutron/dhcp/94beb396-c8d4-436d-a67d-438c807e8f50/addn_hosts - 15 addresses
Jun  2 17:14:04 gtw01 dnsmasq-dhcp[15425]: read /var/lib/neutron/dhcp/94beb396-c8d4-436d-a67d-438c807e8f50/host
Jun  2 17:14:04 gtw01 dnsmasq-dhcp[15425]: read /var/lib/neutron/dhcp/94beb396-c8d4-436d-a67d-438c807e8f50/opts
Jun  2 17:14:05 gtw01 dnsmasq[15425]: read /var/lib/neutron/dhcp/94beb396-c8d4-436d-a67d-438c807e8f50/addn_hosts - 15 addresses
Jun  2 17:14:05 gtw01 dnsmasq-dhcp[15425]: read /var/lib/neutron/dhcp/94beb396-c8d4-436d-a67d-438c807e8f50/host
Jun  2 17:14:05 gtw01 dnsmasq-dhcp[15425]: read /var/lib/neutron/dhcp/94beb396-c8d4-436d-a67d-438c807e8f50/opts
Jun  2 17:14:05 gtw01 dnsmasq[15829]: read /var/lib/neutron/dhcp/924c0373-ed3c-417a-90a6-d590dab1bf11/addn_hosts - 2 addresses
Jun  2 17:14:05 gtw01 dnsmasq-dhcp[15829]: read /var/lib/neutron/dhcp/924c0373-ed3c-417a-90a6-d590dab1bf11/host
Jun  2 17:14:05 gtw01 dnsmasq-dhcp[15829]: read /var/lib/neutron/dhcp/924c0373-ed3c-417a-90a6-d590dab1bf11/opts
Jun  2 17:14:06 gtw01 dnsmasq[15425]: read /var/lib/neutron/dhcp/94beb396-c8d4-436d-a67d-438c807e8f50/addn_hosts - 16 addresses
Jun  2 17:14:06 gtw01 dnsmasq-dhcp[15425]: read /var/lib/neutron/dhcp/94beb396-c8d4-436d-a67d-438c807e8f50/host
Jun  2 17:14:06 gtw01 dnsmasq-dhcp[15425]: read /var/lib/neutron/dhcp/94beb396-c8d4-436d-a67d-438c807e8f50/opts
Jun  2 17:14:07 gtw01 dnsmasq[15425]: read /var/lib/neutron/dhcp/94beb396-c8d4-436d-a67d-438c807e8f50/addn_hosts - 16 addresses
Jun  2 17:14:07 gtw01 dnsmasq-dhcp[15425]: read /var/lib/neutron/dhcp/94beb396-c8d4-436d-a67d-438c807e8f50/host
Jun  2 17:14:07 gtw01 dnsmasq-dhcp[15425]: read /var/lib/neutron/dhcp/94beb396-c8d4-436d-a67d-438c807e8f50/opts
Jun  2 17:14:08 gtw01 dnsmasq[15829]: read /var/lib/neutron/dhcp/924c0373-ed3c-417a-90a6-d590dab1bf11/addn_hosts - 1 addresses
Jun  2 17:14:08 gtw01 dnsmasq-dhcp[15829]: read /var/lib/neutron/dhcp/924c0373-ed3c-417a-90a6-d590dab1bf11/host
Jun  2 17:14:08 gtw01 dnsmasq-dhcp[15829]: read /var/lib/neutron/dhcp/924c0373-ed3c-417a-90a6-d590dab1bf11/opts
Jun  2 17:14:09 gtw01 dnsmasq[15425]: read /var/lib/neutron/dhcp/94beb396-c8d4-436d-a67d-438c807e8f50/addn_hosts - 16 addresses
Jun  2 17:14:09 gtw01 dnsmasq-dhcp[15425]: read /var/lib/neutron/dhcp/94beb396-c8d4-436d-a67d-438c807e8f50/host
Jun  2 17:14:09 gtw01 dnsmasq-dhcp[15425]: read /var/lib/neutron/dhcp/94beb396-c8d4-436d-a67d-438c807e8f50/opts
Jun  2 17:14:10 gtw01 dnsmasq[15829]: read /var/lib/neutron/dhcp/924c0373-ed3c-417a-90a6-d590dab1bf11/addn_hosts - 2 addresses
Jun  2 17:14:10 gtw01 dnsmasq-dhcp[15829]: read /var/lib/neutron/dhcp/924c0373-ed3c-417a-90a6-d590dab1bf11/host
Jun  2 17:14:10 gtw01 dnsmasq-dhcp[15829]: read /var/lib/neutron/dhcp/924c0373-ed3c-417a-90a6-d590dab1bf11/opts
Jun  2 17:14:11 gtw01 dnsmasq[15425]: read /var/lib/neutron/dhcp/94beb396-c8d4-436d-a67d-438c807e8f50/addn_hosts - 16 addresses
Jun  2 17:14:11 gtw01 dnsmasq-dhcp[15425]: read /var/lib/neutron/dhcp/94beb396-c8d4-436d-a67d-438c807e8f50/host
Jun  2 17:14:11 gtw01 dnsmasq-dhcp[15425]: read /var/lib/neutron/dhcp/94beb396-c8d4-436d-a67d-438c807e8f50/opts
Jun  2 17:14:12 gtw01 dnsmasq[15425]: read /var/lib/neutron/dhcp/94beb396-c8d4-436d-a67d-438c807e8f50/addn_hosts - 17 addresses
Jun  2 17:14:12 gtw01 dnsmasq-dhcp[15425]: read /var/lib/neutron/dhcp/94beb396-c8d4-436d-a67d-438c807e8f50/host
Jun  2 17:14:12 gtw01 dnsmasq-dhcp[15425]: read /var/lib/neutron/dhcp/94beb396-c8d4-436d-a67d-438c807e8f50/opts
Jun  2 17:14:13 gtw01 dnsmasq[15829]: read /var/lib/neutron/dhcp/924c0373-ed3c-417a-90a6-d590dab1bf11/addn_hosts - 1 addresses
Jun  2 17:14:13 gtw01 dnsmasq-dhcp[15829]: read /var/lib/neutron/dhcp/924c0373-ed3c-417a-90a6-d590dab1bf11/host
Jun  2 17:14:13 gtw01 dnsmasq-dhcp[15829]: read /var/lib/neutron/dhcp/924c0373-ed3c-417a-90a6-d590dab1bf11/opts
Jun  2 17:14:13 gtw01 dnsmasq[15425]: read /var/lib/neutron/dhcp/94beb396-c8d4-436d-a67d-438c807e8f50/addn_hosts - 17 addresses
Jun  2 17:14:13 gtw01 dnsmasq-dhcp[15425]: read /var/lib/neutron/dhcp/94beb396-c8d4-436d-a67d-438c807e8f50/host
Jun  2 17:14:13 gtw01 dnsmasq-dhcp[15425]: read /var/lib/neutron/dhcp/94beb396-c8d4-436d-a67d-438c807e8f50/opts
Jun  2 17:14:15 gtw01 dnsmasq[15425]: read /var/lib/neutron/dhcp/94beb396-c8d4-436d-a67d-438c807e8f50/addn_hosts - 17 addresses
Jun  2 17:14:15 gtw01 dnsmasq-dhcp[15425]: read /var/lib/neutron/dhcp/94beb396-c8d4-436d-a67d-438c807e8f50/host
Jun  2 17:14:15 gtw01 dnsmasq-dhcp[15425]: read /var/lib/neutron/dhcp/94beb396-c8d4-436d-a67d-438c807e8f50/opts
Jun  2 17:14:16 gtw01 dnsmasq[15425]: read /var/lib/neutron/dhcp/94beb396-c8d4-436d-a67d-438c807e8f50/addn_hosts - 17 addresses
Jun  2 17:14:16 gtw01 dnsmasq-dhcp[15425]: read /var/lib/neutron/dhcp/94beb396-c8d4-436d-a67d-438c807e8f50/host
Jun  2 17:14:16 gtw01 dnsmasq-dhcp[15425]: read /var/lib/neutron/dhcp/94beb396-c8d4-436d-a67d-438c807e8f50/opts
Jun  2 17:14:17 gtw01 dnsmasq[15829]: read /var/lib/neutron/dhcp/924c0373-ed3c-417a-90a6-d590dab1bf11/addn_hosts - 2 addresses
Jun  2 17:14:17 gtw01 dnsmasq-dhcp[15829]: read /var/lib/neutron/dhcp/924c0373-ed3c-417a-90a6-d590dab1bf11/host
Jun  2 17:14:17 gtw01 dnsmasq-dhcp[15829]: read /var/lib/neutron/dhcp/924c0373-ed3c-417a-90a6-d590dab1bf11/opts
Jun  2 17:14:18 gtw01 dnsmasq[15425]: read /var/lib/neutron/dhcp/94beb396-c8d4-436d-a67d-438c807e8f50/addn_hosts - 16 addresses
Jun  2 17:14:18 gtw01 dnsmasq-dhcp[15425]: read /var/lib/neutron/dhcp/94beb396-c8d4-436d-a67d-438c807e8f50/host
Jun  2 17:14:18 gtw01 dnsmasq-dhcp[15425]: read /var/lib/neutron/dhcp/94beb396-c8d4-436d-a67d-438c807e8f50/opts
Jun  2 17:14:19 gtw01 dnsmasq[15829]: read /var/lib/neutron/dhcp/924c0373-ed3c-417a-90a6-d590dab1bf11/addn_hosts - 1 addresses
Jun  2 17:14:19 gtw01 dnsmasq-dhcp[15829]: read /var/lib/neutron/dhcp/924c0373-ed3c-417a-90a6-d590dab1bf11/host
Jun  2 17:14:19 gtw01 dnsmasq-dhcp[15829]: read /var/lib/neutron/dhcp/924c0373-ed3c-417a-90a6-d590dab1bf11/opts
Jun  2 17:14:20 gtw01 dnsmasq[15425]: read /var/lib/neutron/dhcp/94beb396-c8d4-436d-a67d-438c807e8f50/addn_hosts - 15 addresses
Jun  2 17:14:20 gtw01 dnsmasq-dhcp[15425]: read /var/lib/neutron/dhcp/94beb396-c8d4-436d-a67d-438c807e8f50/host
Jun  2 17:14:20 gtw01 dnsmasq-dhcp[15425]: read /var/lib/neutron/dhcp/94beb396-c8d4-436d-a67d-438c807e8f50/opts
Jun  2 17:14:21 gtw01 dnsmasq[15425]: read /var/lib/neutron/dhcp/94beb396-c8d4-436d-a67d-438c807e8f50/addn_hosts - 14 addresses
Jun  2 17:14:21 gtw01 dnsmasq-dhcp[15425]: read /var/lib/neutron/dhcp/94beb396-c8d4-436d-a67d-438c807e8f50/host
Jun  2 17:14:21 gtw01 dnsmasq-dhcp[15425]: read /var/lib/neutron/dhcp/94beb396-c8d4-436d-a67d-438c807e8f50/opts
Jun  2 17:14:22 gtw01 dnsmasq[15425]: read /var/lib/neutron/dhcp/94beb396-c8d4-436d-a67d-438c807e8f50/addn_hosts - 13 addresses
Jun  2 17:14:22 gtw01 dnsmasq-dhcp[15425]: read /var/lib/neutron/dhcp/94beb396-c8d4-436d-a67d-438c807e8f50/host
Jun  2 17:14:22 gtw01 dnsmasq-dhcp[15425]: read /var/lib/neutron/dhcp/94beb396-c8d4-436d-a67d-438c807e8f50/opts
Jun  2 17:14:22 gtw01 kernel: [ 9204.959262] device tap68f1aadf-5b left promiscuous mode
Jun  2 17:14:23 gtw01 dnsmasq[15425]: read /var/lib/neutron/dhcp/94beb396-c8d4-436d-a67d-438c807e8f50/addn_hosts - 12 addresses
Jun  2 17:14:23 gtw01 dnsmasq-dhcp[15425]: read /var/lib/neutron/dhcp/94beb396-c8d4-436d-a67d-438c807e8f50/host
Jun  2 17:14:23 gtw01 dnsmasq-dhcp[15425]: read /var/lib/neutron/dhcp/94beb396-c8d4-436d-a67d-438c807e8f50/opts
Jun  2 17:14:23 gtw01 dnsmasq[15425]: read /var/lib/neutron/dhcp/94beb396-c8d4-436d-a67d-438c807e8f50/addn_hosts - 11 addresses
Jun  2 17:14:23 gtw01 dnsmasq-dhcp[15425]: read /var/lib/neutron/dhcp/94beb396-c8d4-436d-a67d-438c807e8f50/host
Jun  2 17:14:23 gtw01 dnsmasq-dhcp[15425]: read /var/lib/neutron/dhcp/94beb396-c8d4-436d-a67d-438c807e8f50/opts
Jun  2 17:14:24 gtw01 dnsmasq[15425]: read /var/lib/neutron/dhcp/94beb396-c8d4-436d-a67d-438c807e8f50/addn_hosts - 10 addresses
Jun  2 17:14:24 gtw01 dnsmasq-dhcp[15425]: read /var/lib/neutron/dhcp/94beb396-c8d4-436d-a67d-438c807e8f50/host
Jun  2 17:14:24 gtw01 dnsmasq-dhcp[15425]: read /var/lib/neutron/dhcp/94beb396-c8d4-436d-a67d-438c807e8f50/opts
Jun  2 17:14:25 gtw01 dnsmasq[15425]: read /var/lib/neutron/dhcp/94beb396-c8d4-436d-a67d-438c807e8f50/addn_hosts - 9 addresses
Jun  2 17:14:25 gtw01 dnsmasq-dhcp[15425]: read /var/lib/neutron/dhcp/94beb396-c8d4-436d-a67d-438c807e8f50/host
Jun  2 17:14:25 gtw01 dnsmasq-dhcp[15425]: read /var/lib/neutron/dhcp/94beb396-c8d4-436d-a67d-438c807e8f50/opts
Jun  2 17:14:26 gtw01 dnsmasq[15425]: read /var/lib/neutron/dhcp/94beb396-c8d4-436d-a67d-438c807e8f50/addn_hosts - 7 addresses
Jun  2 17:14:26 gtw01 dnsmasq-dhcp[15425]: read /var/lib/neutron/dhcp/94beb396-c8d4-436d-a67d-438c807e8f50/host
Jun  2 17:14:26 gtw01 dnsmasq-dhcp[15425]: read /var/lib/neutron/dhcp/94beb396-c8d4-436d-a67d-438c807e8f50/opts
Jun  2 17:14:27 gtw01 dnsmasq[15425]: read /var/lib/neutron/dhcp/94beb396-c8d4-436d-a67d-438c807e8f50/addn_hosts - 6 addresses
Jun  2 17:14:27 gtw01 dnsmasq-dhcp[15425]: read /var/lib/neutron/dhcp/94beb396-c8d4-436d-a67d-438c807e8f50/host
Jun  2 17:14:27 gtw01 dnsmasq-dhcp[15425]: read /var/lib/neutron/dhcp/94beb396-c8d4-436d-a67d-438c807e8f50/opts
Jun  2 17:14:27 gtw01 kernel: [ 9209.917841] device tap23eec03d-eb left promiscuous mode
Jun  2 17:14:28 gtw01 dnsmasq[15425]: read /var/lib/neutron/dhcp/94beb396-c8d4-436d-a67d-438c807e8f50/addn_hosts - 5 addresses
Jun  2 17:14:28 gtw01 dnsmasq-dhcp[15425]: read /var/lib/neutron/dhcp/94beb396-c8d4-436d-a67d-438c807e8f50/host
Jun  2 17:14:28 gtw01 dnsmasq-dhcp[15425]: read /var/lib/neutron/dhcp/94beb396-c8d4-436d-a67d-438c807e8f50/opts
Jun  2 17:14:29 gtw01 dnsmasq[15425]: read /var/lib/neutron/dhcp/94beb396-c8d4-436d-a67d-438c807e8f50/addn_hosts - 4 addresses
Jun  2 17:14:29 gtw01 dnsmasq-dhcp[15425]: read /var/lib/neutron/dhcp/94beb396-c8d4-436d-a67d-438c807e8f50/host
Jun  2 17:14:29 gtw01 dnsmasq-dhcp[15425]: read /var/lib/neutron/dhcp/94beb396-c8d4-436d-a67d-438c807e8f50/opts
Jun  2 17:14:30 gtw01 dnsmasq[15425]: read /var/lib/neutron/dhcp/94beb396-c8d4-436d-a67d-438c807e8f50/addn_hosts - 3 addresses
Jun  2 17:14:30 gtw01 dnsmasq-dhcp[15425]: read /var/lib/neutron/dhcp/94beb396-c8d4-436d-a67d-438c807e8f50/host
Jun  2 17:14:30 gtw01 dnsmasq-dhcp[15425]: read /var/lib/neutron/dhcp/94beb396-c8d4-436d-a67d-438c807e8f50/opts
Jun  2 17:14:31 gtw01 dnsmasq[15425]: read /var/lib/neutron/dhcp/94beb396-c8d4-436d-a67d-438c807e8f50/addn_hosts - 2 addresses
Jun  2 17:14:31 gtw01 dnsmasq-dhcp[15425]: read /var/lib/neutron/dhcp/94beb396-c8d4-436d-a67d-438c807e8f50/host
Jun  2 17:14:31 gtw01 dnsmasq-dhcp[15425]: read /var/lib/neutron/dhcp/94beb396-c8d4-436d-a67d-438c807e8f50/opts
Jun  2 17:14:32 gtw01 dnsmasq[15425]: read /var/lib/neutron/dhcp/94beb396-c8d4-436d-a67d-438c807e8f50/addn_hosts - 1 addresses
Jun  2 17:14:32 gtw01 dnsmasq-dhcp[15425]: read /var/lib/neutron/dhcp/94beb396-c8d4-436d-a67d-438c807e8f50/host
Jun  2 17:14:32 gtw01 dnsmasq-dhcp[15425]: read /var/lib/neutron/dhcp/94beb396-c8d4-436d-a67d-438c807e8f50/opts
Jun  2 17:14:32 gtw01 kernel: [ 9214.559043] device tapfc7775bf-2e left promiscuous mode
Jun  2 17:14:33 gtw01 kernel: [ 9215.598977] device tap9bfe0c61-95 left promiscuous mode
Jun  2 17:14:48 gtw01 dnsmasq[15132]: read /var/lib/neutron/dhcp/e5952cfc-06ea-45db-a77d-ad192d45677e/addn_hosts - 1 addresses
Jun  2 17:14:48 gtw01 dnsmasq-dhcp[15132]: read /var/lib/neutron/dhcp/e5952cfc-06ea-45db-a77d-ad192d45677e/host
Jun  2 17:14:48 gtw01 dnsmasq-dhcp[15132]: read /var/lib/neutron/dhcp/e5952cfc-06ea-45db-a77d-ad192d45677e/opts
Jun  2 17:14:53 gtw01 kernel: [ 9235.923077] device tap5113f221-4a left promiscuous mode
Jun  2 17:15:04 gtw01 systemd-udevd[17961]: Could not generate persistent MAC address for tapce7659bf-f4: No such file or directory
Jun  2 17:15:04 gtw01 kernel: [ 9246.613206] device tapce7659bf-f4 entered promiscuous mode
Jun  2 17:15:04 gtw01 systemd-udevd[18006]: Process '/sbin/ip link set tapce7659bf-f4 txqueuelen 10000' failed with exit code 1.
Jun  2 17:15:07 gtw01 dnsmasq[18070]: started, version 2.80 cachesize 150
Jun  2 17:15:07 gtw01 dnsmasq[18070]: DNS service limited to local subnets
Jun  2 17:15:07 gtw01 dnsmasq[18070]: compile time options: IPv6 GNU-getopt DBus i18n IDN DHCP DHCPv6 no-Lua TFTP conntrack ipset auth DNSSEC loop-detect inotify dumpfile
Jun  2 17:15:07 gtw01 dnsmasq[18070]: warning: no upstream servers configured
Jun  2 17:15:07 gtw01 dnsmasq-dhcp[18070]: DHCP, static leases only on 192.168.120.0, lease time 1h
Jun  2 17:15:07 gtw01 dnsmasq[18070]: read /var/lib/neutron/dhcp/537793a9-795f-4562-90cd-f0df644d9c8a/addn_hosts - 1 addresses
Jun  2 17:15:07 gtw01 dnsmasq-dhcp[18070]: read /var/lib/neutron/dhcp/537793a9-795f-4562-90cd-f0df644d9c8a/host
Jun  2 17:15:07 gtw01 dnsmasq-dhcp[18070]: read /var/lib/neutron/dhcp/537793a9-795f-4562-90cd-f0df644d9c8a/opts
Jun  2 17:15:07 gtw01 haproxy-metadata-proxy-537793a9-795f-4562-90cd-f0df644d9c8a[18074]: Proxy listener started.
Jun  2 17:15:08 gtw01 dnsmasq[18070]: read /var/lib/neutron/dhcp/537793a9-795f-4562-90cd-f0df644d9c8a/addn_hosts - 2 addresses
Jun  2 17:15:08 gtw01 dnsmasq-dhcp[18070]: read /var/lib/neutron/dhcp/537793a9-795f-4562-90cd-f0df644d9c8a/host
Jun  2 17:15:08 gtw01 dnsmasq-dhcp[18070]: read /var/lib/neutron/dhcp/537793a9-795f-4562-90cd-f0df644d9c8a/opts
Jun  2 17:15:09 gtw01 dnsmasq[18070]: read /var/lib/neutron/dhcp/537793a9-795f-4562-90cd-f0df644d9c8a/addn_hosts - 2 addresses
Jun  2 17:15:09 gtw01 dnsmasq-dhcp[18070]: read /var/lib/neutron/dhcp/537793a9-795f-4562-90cd-f0df644d9c8a/host
Jun  2 17:15:09 gtw01 dnsmasq-dhcp[18070]: read /var/lib/neutron/dhcp/537793a9-795f-4562-90cd-f0df644d9c8a/opts
Jun  2 17:15:10 gtw01 dnsmasq[18070]: read /var/lib/neutron/dhcp/537793a9-795f-4562-90cd-f0df644d9c8a/addn_hosts - 2 addresses
Jun  2 17:15:10 gtw01 dnsmasq-dhcp[18070]: read /var/lib/neutron/dhcp/537793a9-795f-4562-90cd-f0df644d9c8a/host
Jun  2 17:15:10 gtw01 dnsmasq-dhcp[18070]: read /var/lib/neutron/dhcp/537793a9-795f-4562-90cd-f0df644d9c8a/opts
Jun  2 17:15:11 gtw01 dnsmasq[18070]: read /var/lib/neutron/dhcp/537793a9-795f-4562-90cd-f0df644d9c8a/addn_hosts - 2 addresses
Jun  2 17:15:11 gtw01 dnsmasq-dhcp[18070]: read /var/lib/neutron/dhcp/537793a9-795f-4562-90cd-f0df644d9c8a/host
Jun  2 17:15:11 gtw01 dnsmasq-dhcp[18070]: read /var/lib/neutron/dhcp/537793a9-795f-4562-90cd-f0df644d9c8a/opts
Jun  2 17:15:12 gtw01 dnsmasq[18070]: read /var/lib/neutron/dhcp/537793a9-795f-4562-90cd-f0df644d9c8a/addn_hosts - 2 addresses
Jun  2 17:15:12 gtw01 dnsmasq-dhcp[18070]: read /var/lib/neutron/dhcp/537793a9-795f-4562-90cd-f0df644d9c8a/host
Jun  2 17:15:12 gtw01 dnsmasq-dhcp[18070]: read /var/lib/neutron/dhcp/537793a9-795f-4562-90cd-f0df644d9c8a/opts
Jun  2 17:15:54 gtw01 kernel: [ 9296.828549] device tap1ca7b1c9-0e entered promiscuous mode
Jun  2 17:15:54 gtw01 systemd-udevd[18178]: Could not generate persistent MAC address for tap1ca7b1c9-0e: No such file or directory
Jun  2 17:15:54 gtw01 systemd-udevd[18178]: Process '/sbin/ip link set tap1ca7b1c9-0e txqueuelen 10000' failed with exit code 1.
Jun  2 17:15:54 gtw01 systemd-udevd[18178]: Process '/sbin/ip link set tap1ca7b1c9-0e txqueuelen 10000' failed with exit code 1.
Jun  2 17:15:57 gtw01 dnsmasq[18290]: started, version 2.80 cachesize 150
Jun  2 17:15:57 gtw01 dnsmasq[18290]: DNS service limited to local subnets
Jun  2 17:15:57 gtw01 dnsmasq[18290]: compile time options: IPv6 GNU-getopt DBus i18n IDN DHCP DHCPv6 no-Lua TFTP conntrack ipset auth DNSSEC loop-detect inotify dumpfile
Jun  2 17:15:57 gtw01 dnsmasq[18290]: warning: no upstream servers configured
Jun  2 17:15:57 gtw01 dnsmasq-dhcp[18290]: DHCP, static leases only on 192.168.120.0, lease time 1h
Jun  2 17:15:57 gtw01 dnsmasq[18290]: read /var/lib/neutron/dhcp/d83adb32-2b92-4be6-a6b8-e503ed8ed1f4/addn_hosts - 1 addresses
Jun  2 17:15:57 gtw01 dnsmasq-dhcp[18290]: read /var/lib/neutron/dhcp/d83adb32-2b92-4be6-a6b8-e503ed8ed1f4/host
Jun  2 17:15:57 gtw01 dnsmasq-dhcp[18290]: read /var/lib/neutron/dhcp/d83adb32-2b92-4be6-a6b8-e503ed8ed1f4/opts
Jun  2 17:15:57 gtw01 haproxy-metadata-proxy-d83adb32-2b92-4be6-a6b8-e503ed8ed1f4[18294]: Proxy listener started.
Jun  2 17:15:58 gtw01 dnsmasq[18290]: read /var/lib/neutron/dhcp/d83adb32-2b92-4be6-a6b8-e503ed8ed1f4/addn_hosts - 2 addresses
Jun  2 17:15:58 gtw01 dnsmasq-dhcp[18290]: read /var/lib/neutron/dhcp/d83adb32-2b92-4be6-a6b8-e503ed8ed1f4/host
Jun  2 17:15:58 gtw01 dnsmasq-dhcp[18290]: read /var/lib/neutron/dhcp/d83adb32-2b92-4be6-a6b8-e503ed8ed1f4/opts
Jun  2 17:15:59 gtw01 dnsmasq[18290]: read /var/lib/neutron/dhcp/d83adb32-2b92-4be6-a6b8-e503ed8ed1f4/addn_hosts - 2 addresses
Jun  2 17:15:59 gtw01 dnsmasq-dhcp[18290]: read /var/lib/neutron/dhcp/d83adb32-2b92-4be6-a6b8-e503ed8ed1f4/host
Jun  2 17:15:59 gtw01 dnsmasq-dhcp[18290]: read /var/lib/neutron/dhcp/d83adb32-2b92-4be6-a6b8-e503ed8ed1f4/opts
Jun  2 17:16:00 gtw01 dnsmasq[18290]: read /var/lib/neutron/dhcp/d83adb32-2b92-4be6-a6b8-e503ed8ed1f4/addn_hosts - 2 addresses
Jun  2 17:16:00 gtw01 dnsmasq-dhcp[18290]: read /var/lib/neutron/dhcp/d83adb32-2b92-4be6-a6b8-e503ed8ed1f4/host
Jun  2 17:16:00 gtw01 dnsmasq-dhcp[18290]: read /var/lib/neutron/dhcp/d83adb32-2b92-4be6-a6b8-e503ed8ed1f4/opts
Jun  2 17:16:00 gtw01 dnsmasq[18290]: read /var/lib/neutron/dhcp/d83adb32-2b92-4be6-a6b8-e503ed8ed1f4/addn_hosts - 2 addresses
Jun  2 17:16:00 gtw01 dnsmasq-dhcp[18290]: read /var/lib/neutron/dhcp/d83adb32-2b92-4be6-a6b8-e503ed8ed1f4/host
Jun  2 17:16:00 gtw01 dnsmasq-dhcp[18290]: read /var/lib/neutron/dhcp/d83adb32-2b92-4be6-a6b8-e503ed8ed1f4/opts
Jun  2 17:16:01 gtw01 dnsmasq[18290]: read /var/lib/neutron/dhcp/d83adb32-2b92-4be6-a6b8-e503ed8ed1f4/addn_hosts - 2 addresses
Jun  2 17:16:01 gtw01 dnsmasq-dhcp[18290]: read /var/lib/neutron/dhcp/d83adb32-2b92-4be6-a6b8-e503ed8ed1f4/host
Jun  2 17:16:01 gtw01 dnsmasq-dhcp[18290]: read /var/lib/neutron/dhcp/d83adb32-2b92-4be6-a6b8-e503ed8ed1f4/opts
Jun  2 17:16:02 gtw01 dnsmasq[18290]: read /var/lib/neutron/dhcp/d83adb32-2b92-4be6-a6b8-e503ed8ed1f4/addn_hosts - 3 addresses
Jun  2 17:16:02 gtw01 dnsmasq-dhcp[18290]: read /var/lib/neutron/dhcp/d83adb32-2b92-4be6-a6b8-e503ed8ed1f4/host
Jun  2 17:16:02 gtw01 dnsmasq-dhcp[18290]: read /var/lib/neutron/dhcp/d83adb32-2b92-4be6-a6b8-e503ed8ed1f4/opts
Jun  2 17:16:12 gtw01 dnsmasq[18290]: read /var/lib/neutron/dhcp/d83adb32-2b92-4be6-a6b8-e503ed8ed1f4/addn_hosts - 4 addresses
Jun  2 17:16:12 gtw01 dnsmasq-dhcp[18290]: read /var/lib/neutron/dhcp/d83adb32-2b92-4be6-a6b8-e503ed8ed1f4/host
Jun  2 17:16:12 gtw01 dnsmasq-dhcp[18290]: read /var/lib/neutron/dhcp/d83adb32-2b92-4be6-a6b8-e503ed8ed1f4/opts
Jun  2 17:16:14 gtw01 dnsmasq[18290]: read /var/lib/neutron/dhcp/d83adb32-2b92-4be6-a6b8-e503ed8ed1f4/addn_hosts - 4 addresses
Jun  2 17:16:14 gtw01 dnsmasq-dhcp[18290]: read /var/lib/neutron/dhcp/d83adb32-2b92-4be6-a6b8-e503ed8ed1f4/host
Jun  2 17:16:14 gtw01 dnsmasq-dhcp[18290]: read /var/lib/neutron/dhcp/d83adb32-2b92-4be6-a6b8-e503ed8ed1f4/opts
Jun  2 17:16:15 gtw01 dnsmasq[18290]: read /var/lib/neutron/dhcp/d83adb32-2b92-4be6-a6b8-e503ed8ed1f4/addn_hosts - 4 addresses
Jun  2 17:16:15 gtw01 dnsmasq-dhcp[18290]: read /var/lib/neutron/dhcp/d83adb32-2b92-4be6-a6b8-e503ed8ed1f4/host
Jun  2 17:16:15 gtw01 dnsmasq-dhcp[18290]: read /var/lib/neutron/dhcp/d83adb32-2b92-4be6-a6b8-e503ed8ed1f4/opts
Jun  2 17:16:21 gtw01 dnsmasq[18290]: read /var/lib/neutron/dhcp/d83adb32-2b92-4be6-a6b8-e503ed8ed1f4/addn_hosts - 4 addresses
Jun  2 17:16:21 gtw01 dnsmasq-dhcp[18290]: read /var/lib/neutron/dhcp/d83adb32-2b92-4be6-a6b8-e503ed8ed1f4/host
Jun  2 17:16:21 gtw01 dnsmasq-dhcp[18290]: read /var/lib/neutron/dhcp/d83adb32-2b92-4be6-a6b8-e503ed8ed1f4/opts
Jun  2 17:16:22 gtw01 dnsmasq[18290]: read /var/lib/neutron/dhcp/d83adb32-2b92-4be6-a6b8-e503ed8ed1f4/addn_hosts - 4 addresses
Jun  2 17:16:22 gtw01 dnsmasq-dhcp[18290]: read /var/lib/neutron/dhcp/d83adb32-2b92-4be6-a6b8-e503ed8ed1f4/host
Jun  2 17:16:22 gtw01 dnsmasq-dhcp[18290]: read /var/lib/neutron/dhcp/d83adb32-2b92-4be6-a6b8-e503ed8ed1f4/opts
Jun  2 17:16:27 gtw01 dnsmasq-dhcp[18290]: DHCPDISCOVER(tap1ca7b1c9-0e) fa:16:3e:11:4b:0b
Jun  2 17:16:27 gtw01 dnsmasq-dhcp[18290]: DHCPOFFER(tap1ca7b1c9-0e) 192.168.120.6 fa:16:3e:11:4b:0b
Jun  2 17:16:27 gtw01 dnsmasq-dhcp[18290]: DHCPREQUEST(tap1ca7b1c9-0e) 192.168.120.6 fa:16:3e:11:4b:0b
Jun  2 17:16:27 gtw01 dnsmasq-dhcp[18290]: DHCPACK(tap1ca7b1c9-0e) 192.168.120.6 fa:16:3e:11:4b:0b host-192-168-120-6
Jun  2 17:16:33 gtw01 dnsmasq-dhcp[18290]: DHCPDISCOVER(tap1ca7b1c9-0e) fa:16:3e:25:23:bc
Jun  2 17:16:33 gtw01 dnsmasq-dhcp[18290]: DHCPOFFER(tap1ca7b1c9-0e) 192.168.120.3 fa:16:3e:25:23:bc
Jun  2 17:16:33 gtw01 dnsmasq-dhcp[18290]: DHCPREQUEST(tap1ca7b1c9-0e) 192.168.120.3 fa:16:3e:25:23:bc
Jun  2 17:16:33 gtw01 dnsmasq-dhcp[18290]: DHCPACK(tap1ca7b1c9-0e) 192.168.120.3 fa:16:3e:25:23:bc host-192-168-120-3
Jun  2 17:16:50 gtw01 dnsmasq[18290]: read /var/lib/neutron/dhcp/d83adb32-2b92-4be6-a6b8-e503ed8ed1f4/addn_hosts - 4 addresses
Jun  2 17:16:50 gtw01 dnsmasq-dhcp[18290]: read /var/lib/neutron/dhcp/d83adb32-2b92-4be6-a6b8-e503ed8ed1f4/host
Jun  2 17:16:50 gtw01 dnsmasq-dhcp[18290]: read /var/lib/neutron/dhcp/d83adb32-2b92-4be6-a6b8-e503ed8ed1f4/opts
Jun  2 17:16:54 gtw01 dnsmasq[18290]: read /var/lib/neutron/dhcp/d83adb32-2b92-4be6-a6b8-e503ed8ed1f4/addn_hosts - 4 addresses
Jun  2 17:16:54 gtw01 dnsmasq-dhcp[18290]: read /var/lib/neutron/dhcp/d83adb32-2b92-4be6-a6b8-e503ed8ed1f4/host
Jun  2 17:16:54 gtw01 dnsmasq-dhcp[18290]: read /var/lib/neutron/dhcp/d83adb32-2b92-4be6-a6b8-e503ed8ed1f4/opts
Jun  2 17:17:01 gtw01 CRON[18507]: (root) CMD (   cd / && run-parts --report /etc/cron.hourly)
Jun  2 17:17:03 gtw01 dnsmasq[18290]: read /var/lib/neutron/dhcp/d83adb32-2b92-4be6-a6b8-e503ed8ed1f4/addn_hosts - 3 addresses
Jun  2 17:17:03 gtw01 dnsmasq-dhcp[18290]: read /var/lib/neutron/dhcp/d83adb32-2b92-4be6-a6b8-e503ed8ed1f4/host
Jun  2 17:17:03 gtw01 dnsmasq-dhcp[18290]: read /var/lib/neutron/dhcp/d83adb32-2b92-4be6-a6b8-e503ed8ed1f4/opts
Jun  2 17:17:07 gtw01 dnsmasq-dhcp[18290]: DHCPRELEASE(tap1ca7b1c9-0e) 192.168.120.6 fa:16:3e:11:4b:0b
Jun  2 17:17:07 gtw01 dnsmasq-dhcp[18290]: DHCPRELEASE(tap1ca7b1c9-0e) 192.168.120.6 fa:16:3e:11:4b:0b unknown lease
Jun  2 17:17:08 gtw01 dnsmasq[18290]: read /var/lib/neutron/dhcp/d83adb32-2b92-4be6-a6b8-e503ed8ed1f4/addn_hosts - 2 addresses
Jun  2 17:17:08 gtw01 dnsmasq-dhcp[18290]: read /var/lib/neutron/dhcp/d83adb32-2b92-4be6-a6b8-e503ed8ed1f4/host
Jun  2 17:17:08 gtw01 dnsmasq-dhcp[18290]: read /var/lib/neutron/dhcp/d83adb32-2b92-4be6-a6b8-e503ed8ed1f4/opts
Jun  2 17:17:08 gtw01 dnsmasq-dhcp[18290]: DHCPRELEASE(tap1ca7b1c9-0e) 192.168.120.3 fa:16:3e:25:23:bc
Jun  2 17:17:09 gtw01 dnsmasq-dhcp[18290]: DHCPRELEASE(tap1ca7b1c9-0e) 192.168.120.3 fa:16:3e:25:23:bc unknown lease
Jun  2 17:17:09 gtw01 dnsmasq[18290]: read /var/lib/neutron/dhcp/d83adb32-2b92-4be6-a6b8-e503ed8ed1f4/addn_hosts - 1 addresses
Jun  2 17:17:09 gtw01 dnsmasq-dhcp[18290]: read /var/lib/neutron/dhcp/d83adb32-2b92-4be6-a6b8-e503ed8ed1f4/host
Jun  2 17:17:09 gtw01 dnsmasq-dhcp[18290]: read /var/lib/neutron/dhcp/d83adb32-2b92-4be6-a6b8-e503ed8ed1f4/opts
Jun  2 17:17:13 gtw01 kernel: [ 9376.149572] device tap1ca7b1c9-0e left promiscuous mode
Jun  2 17:17:47 gtw01 dnsmasq[18070]: read /var/lib/neutron/dhcp/537793a9-795f-4562-90cd-f0df644d9c8a/addn_hosts - 1 addresses
Jun  2 17:17:47 gtw01 dnsmasq-dhcp[18070]: read /var/lib/neutron/dhcp/537793a9-795f-4562-90cd-f0df644d9c8a/host
Jun  2 17:17:47 gtw01 dnsmasq-dhcp[18070]: read /var/lib/neutron/dhcp/537793a9-795f-4562-90cd-f0df644d9c8a/opts
Jun  2 17:17:53 gtw01 kernel: [ 9415.317791] device tapce7659bf-f4 left promiscuous mode
Jun  2 17:18:12 gtw01 systemd-udevd[18629]: Could not generate persistent MAC address for tape345ddff-7b: No such file or directory
Jun  2 17:18:12 gtw01 kernel: [ 9434.861930] device tape345ddff-7b entered promiscuous mode
Jun  2 17:18:12 gtw01 systemd-udevd[18629]: Process '/sbin/ip link set tape345ddff-7b txqueuelen 10000' failed with exit code 1.
Jun  2 17:18:15 gtw01 dnsmasq[18737]: started, version 2.80 cachesize 150
Jun  2 17:18:15 gtw01 dnsmasq[18737]: DNS service limited to local subnets
Jun  2 17:18:15 gtw01 dnsmasq[18737]: compile time options: IPv6 GNU-getopt DBus i18n IDN DHCP DHCPv6 no-Lua TFTP conntrack ipset auth DNSSEC loop-detect inotify dumpfile
Jun  2 17:18:15 gtw01 dnsmasq[18737]: warning: no upstream servers configured
Jun  2 17:18:15 gtw01 dnsmasq-dhcp[18737]: DHCP, static leases only on 192.168.120.0, lease time 1h
Jun  2 17:18:15 gtw01 dnsmasq[18737]: read /var/lib/neutron/dhcp/50e8818b-fbac-4cf8-9ac7-2bb93043f196/addn_hosts - 1 addresses
Jun  2 17:18:15 gtw01 dnsmasq-dhcp[18737]: read /var/lib/neutron/dhcp/50e8818b-fbac-4cf8-9ac7-2bb93043f196/host
Jun  2 17:18:15 gtw01 dnsmasq-dhcp[18737]: read /var/lib/neutron/dhcp/50e8818b-fbac-4cf8-9ac7-2bb93043f196/opts
Jun  2 17:18:16 gtw01 haproxy-metadata-proxy-50e8818b-fbac-4cf8-9ac7-2bb93043f196[18741]: Proxy listener started.
Jun  2 17:18:16 gtw01 dnsmasq[18737]: read /var/lib/neutron/dhcp/50e8818b-fbac-4cf8-9ac7-2bb93043f196/addn_hosts - 2 addresses
Jun  2 17:18:16 gtw01 dnsmasq-dhcp[18737]: read /var/lib/neutron/dhcp/50e8818b-fbac-4cf8-9ac7-2bb93043f196/host
Jun  2 17:18:16 gtw01 dnsmasq-dhcp[18737]: read /var/lib/neutron/dhcp/50e8818b-fbac-4cf8-9ac7-2bb93043f196/opts
Jun  2 17:18:17 gtw01 dnsmasq[18737]: read /var/lib/neutron/dhcp/50e8818b-fbac-4cf8-9ac7-2bb93043f196/addn_hosts - 2 addresses
Jun  2 17:18:17 gtw01 dnsmasq-dhcp[18737]: read /var/lib/neutron/dhcp/50e8818b-fbac-4cf8-9ac7-2bb93043f196/host
Jun  2 17:18:17 gtw01 dnsmasq-dhcp[18737]: read /var/lib/neutron/dhcp/50e8818b-fbac-4cf8-9ac7-2bb93043f196/opts
Jun  2 17:18:18 gtw01 dnsmasq[18737]: read /var/lib/neutron/dhcp/50e8818b-fbac-4cf8-9ac7-2bb93043f196/addn_hosts - 2 addresses
Jun  2 17:18:18 gtw01 dnsmasq-dhcp[18737]: read /var/lib/neutron/dhcp/50e8818b-fbac-4cf8-9ac7-2bb93043f196/host
Jun  2 17:18:18 gtw01 dnsmasq-dhcp[18737]: read /var/lib/neutron/dhcp/50e8818b-fbac-4cf8-9ac7-2bb93043f196/opts
Jun  2 17:18:19 gtw01 dnsmasq[18737]: read /var/lib/neutron/dhcp/50e8818b-fbac-4cf8-9ac7-2bb93043f196/addn_hosts - 2 addresses
Jun  2 17:18:19 gtw01 dnsmasq-dhcp[18737]: read /var/lib/neutron/dhcp/50e8818b-fbac-4cf8-9ac7-2bb93043f196/host
Jun  2 17:18:19 gtw01 dnsmasq-dhcp[18737]: read /var/lib/neutron/dhcp/50e8818b-fbac-4cf8-9ac7-2bb93043f196/opts
Jun  2 17:18:20 gtw01 dnsmasq[18737]: read /var/lib/neutron/dhcp/50e8818b-fbac-4cf8-9ac7-2bb93043f196/addn_hosts - 2 addresses
Jun  2 17:18:20 gtw01 dnsmasq-dhcp[18737]: read /var/lib/neutron/dhcp/50e8818b-fbac-4cf8-9ac7-2bb93043f196/host
Jun  2 17:18:20 gtw01 dnsmasq-dhcp[18737]: read /var/lib/neutron/dhcp/50e8818b-fbac-4cf8-9ac7-2bb93043f196/opts
Jun  2 17:19:02 gtw01 kernel: [ 9484.702324] device tap6bf40ff0-7d entered promiscuous mode
Jun  2 17:19:02 gtw01 systemd-udevd[18845]: Could not generate persistent MAC address for tap6bf40ff0-7d: No such file or directory
Jun  2 17:19:02 gtw01 systemd-udevd[18891]: Process '/sbin/ip link set tap6bf40ff0-7d txqueuelen 10000' failed with exit code 1.
Jun  2 17:19:04 gtw01 systemd-udevd[18964]: Could not generate persistent MAC address for tap4f10b96d-1f: No such file or directory
Jun  2 17:19:04 gtw01 kernel: [ 9486.991449] device tap4f10b96d-1f entered promiscuous mode
Jun  2 17:19:04 gtw01 systemd-udevd[18964]: Process '/sbin/ip link set tap4f10b96d-1f txqueuelen 10000' failed with exit code 1.
Jun  2 17:19:05 gtw01 dnsmasq[19044]: started, version 2.80 cachesize 150
Jun  2 17:19:05 gtw01 dnsmasq[19044]: DNS service limited to local subnets
Jun  2 17:19:05 gtw01 dnsmasq[19044]: compile time options: IPv6 GNU-getopt DBus i18n IDN DHCP DHCPv6 no-Lua TFTP conntrack ipset auth DNSSEC loop-detect inotify dumpfile
Jun  2 17:19:05 gtw01 dnsmasq[19044]: warning: no upstream servers configured
Jun  2 17:19:05 gtw01 dnsmasq-dhcp[19044]: DHCP, static leases only on 192.168.120.0, lease time 1h
Jun  2 17:19:05 gtw01 dnsmasq[19044]: read /var/lib/neutron/dhcp/037d7994-9d6e-4b96-bb04-2608bb5d6b75/addn_hosts - 1 addresses
Jun  2 17:19:05 gtw01 dnsmasq-dhcp[19044]: read /var/lib/neutron/dhcp/037d7994-9d6e-4b96-bb04-2608bb5d6b75/host
Jun  2 17:19:05 gtw01 dnsmasq-dhcp[19044]: read /var/lib/neutron/dhcp/037d7994-9d6e-4b96-bb04-2608bb5d6b75/opts
Jun  2 17:19:05 gtw01 haproxy-metadata-proxy-037d7994-9d6e-4b96-bb04-2608bb5d6b75[19052]: Proxy listener started.
Jun  2 17:19:06 gtw01 dnsmasq[19044]: read /var/lib/neutron/dhcp/037d7994-9d6e-4b96-bb04-2608bb5d6b75/addn_hosts - 1 addresses
Jun  2 17:19:06 gtw01 dnsmasq-dhcp[19044]: read /var/lib/neutron/dhcp/037d7994-9d6e-4b96-bb04-2608bb5d6b75/host
Jun  2 17:19:06 gtw01 dnsmasq-dhcp[19044]: read /var/lib/neutron/dhcp/037d7994-9d6e-4b96-bb04-2608bb5d6b75/opts
Jun  2 17:19:07 gtw01 systemd-udevd[19130]: Could not generate persistent MAC address for tap0eeb8e2e-e6: No such file or directory
Jun  2 17:19:07 gtw01 kernel: [ 9489.821537] device tap0eeb8e2e-e6 entered promiscuous mode
Jun  2 17:19:07 gtw01 systemd-udevd[19178]: Process '/sbin/ip link set tap0eeb8e2e-e6 txqueuelen 10000' failed with exit code 1.
Jun  2 17:19:08 gtw01 systemd-udevd[19213]: Could not generate persistent MAC address for tap03485e37-b7: No such file or directory
Jun  2 17:19:08 gtw01 kernel: [ 9490.425874] device tap03485e37-b7 entered promiscuous mode
Jun  2 17:19:08 gtw01 systemd-udevd[19257]: Process '/sbin/ip link set tap03485e37-b7 txqueuelen 10000' failed with exit code 1.
Jun  2 17:19:08 gtw01 dnsmasq[19044]: read /var/lib/neutron/dhcp/037d7994-9d6e-4b96-bb04-2608bb5d6b75/addn_hosts - 1 addresses
Jun  2 17:19:08 gtw01 dnsmasq-dhcp[19044]: read /var/lib/neutron/dhcp/037d7994-9d6e-4b96-bb04-2608bb5d6b75/host
Jun  2 17:19:08 gtw01 dnsmasq-dhcp[19044]: read /var/lib/neutron/dhcp/037d7994-9d6e-4b96-bb04-2608bb5d6b75/opts
Jun  2 17:19:08 gtw01 dnsmasq[19297]: started, version 2.80 cachesize 150
Jun  2 17:19:08 gtw01 dnsmasq[19297]: DNS service limited to local subnets
Jun  2 17:19:08 gtw01 dnsmasq[19297]: compile time options: IPv6 GNU-getopt DBus i18n IDN DHCP DHCPv6 no-Lua TFTP conntrack ipset auth DNSSEC loop-detect inotify dumpfile
Jun  2 17:19:08 gtw01 dnsmasq[19297]: warning: no upstream servers configured
Jun  2 17:19:08 gtw01 dnsmasq-dhcp[19297]: DHCP, static leases only on 192.168.120.0, lease time 1h
Jun  2 17:19:08 gtw01 dnsmasq[19297]: read /var/lib/neutron/dhcp/9556e9e4-a47c-4412-8499-85aceb21ffba/addn_hosts - 1 addresses
Jun  2 17:19:08 gtw01 dnsmasq-dhcp[19297]: read /var/lib/neutron/dhcp/9556e9e4-a47c-4412-8499-85aceb21ffba/host
Jun  2 17:19:08 gtw01 dnsmasq-dhcp[19297]: read /var/lib/neutron/dhcp/9556e9e4-a47c-4412-8499-85aceb21ffba/opts
Jun  2 17:19:09 gtw01 haproxy-metadata-proxy-9556e9e4-a47c-4412-8499-85aceb21ffba[19327]: Proxy listener started.
Jun  2 17:19:10 gtw01 dnsmasq[19044]: read /var/lib/neutron/dhcp/037d7994-9d6e-4b96-bb04-2608bb5d6b75/addn_hosts - 1 addresses
Jun  2 17:19:10 gtw01 dnsmasq-dhcp[19044]: read /var/lib/neutron/dhcp/037d7994-9d6e-4b96-bb04-2608bb5d6b75/host
Jun  2 17:19:10 gtw01 dnsmasq-dhcp[19044]: read /var/lib/neutron/dhcp/037d7994-9d6e-4b96-bb04-2608bb5d6b75/opts
Jun  2 17:19:10 gtw01 systemd-udevd[19372]: Could not generate persistent MAC address for tapcf11ce4b-50: No such file or directory
Jun  2 17:19:10 gtw01 kernel: [ 9492.558954] device tapcf11ce4b-50 entered promiscuous mode
Jun  2 17:19:10 gtw01 kernel: [ 9492.597978] device tapcf0ab6c3-4d entered promiscuous mode
Jun  2 17:19:10 gtw01 systemd-udevd[19406]: Could not generate persistent MAC address for tapcf0ab6c3-4d: No such file or directory
Jun  2 17:19:10 gtw01 systemd-udevd[19434]: Process '/sbin/ip link set tapcf11ce4b-50 txqueuelen 10000' failed with exit code 1.
Jun  2 17:19:10 gtw01 systemd-udevd[19484]: Process '/sbin/ip link set tapcf0ab6c3-4d txqueuelen 10000' failed with exit code 1.
Jun  2 17:19:11 gtw01 dnsmasq[19297]: read /var/lib/neutron/dhcp/9556e9e4-a47c-4412-8499-85aceb21ffba/addn_hosts - 2 addresses
Jun  2 17:19:11 gtw01 dnsmasq-dhcp[19297]: read /var/lib/neutron/dhcp/9556e9e4-a47c-4412-8499-85aceb21ffba/host
Jun  2 17:19:11 gtw01 dnsmasq-dhcp[19297]: read /var/lib/neutron/dhcp/9556e9e4-a47c-4412-8499-85aceb21ffba/opts
Jun  2 17:19:12 gtw01 dnsmasq[19044]: read /var/lib/neutron/dhcp/037d7994-9d6e-4b96-bb04-2608bb5d6b75/addn_hosts - 2 addresses
Jun  2 17:19:12 gtw01 dnsmasq-dhcp[19044]: read /var/lib/neutron/dhcp/037d7994-9d6e-4b96-bb04-2608bb5d6b75/host
Jun  2 17:19:12 gtw01 dnsmasq-dhcp[19044]: read /var/lib/neutron/dhcp/037d7994-9d6e-4b96-bb04-2608bb5d6b75/opts
Jun  2 17:19:12 gtw01 kernel: [ 9495.257440] device tapf9d8198c-1b entered promiscuous mode
Jun  2 17:19:12 gtw01 systemd-udevd[19619]: Could not generate persistent MAC address for tapf9d8198c-1b: No such file or directory
Jun  2 17:19:13 gtw01 systemd-udevd[19680]: Process '/sbin/ip link set tapf9d8198c-1b txqueuelen 10000' failed with exit code 1.
Jun  2 17:19:14 gtw01 systemd-udevd[19766]: Could not generate persistent MAC address for tap54f07fcb-d6: No such file or directory
Jun  2 17:19:14 gtw01 kernel: [ 9497.137549] device tap54f07fcb-d6 entered promiscuous mode
Jun  2 17:19:14 gtw01 dnsmasq[19764]: started, version 2.80 cachesize 150
Jun  2 17:19:14 gtw01 dnsmasq[19764]: DNS service limited to local subnets
Jun  2 17:19:14 gtw01 dnsmasq[19764]: compile time options: IPv6 GNU-getopt DBus i18n IDN DHCP DHCPv6 no-Lua TFTP conntrack ipset auth DNSSEC loop-detect inotify dumpfile
Jun  2 17:19:14 gtw01 dnsmasq[19764]: warning: no upstream servers configured
Jun  2 17:19:14 gtw01 dnsmasq-dhcp[19764]: DHCP, static leases only on 192.168.120.0, lease time 1h
Jun  2 17:19:14 gtw01 dnsmasq[19764]: read /var/lib/neutron/dhcp/4682a31a-5152-4f02-a8a3-0e28dc825582/addn_hosts - 1 addresses
Jun  2 17:19:14 gtw01 dnsmasq-dhcp[19764]: read /var/lib/neutron/dhcp/4682a31a-5152-4f02-a8a3-0e28dc825582/host
Jun  2 17:19:14 gtw01 dnsmasq-dhcp[19764]: read /var/lib/neutron/dhcp/4682a31a-5152-4f02-a8a3-0e28dc825582/opts
Jun  2 17:19:14 gtw01 dnsmasq[19297]: read /var/lib/neutron/dhcp/9556e9e4-a47c-4412-8499-85aceb21ffba/addn_hosts - 2 addresses
Jun  2 17:19:14 gtw01 dnsmasq-dhcp[19297]: read /var/lib/neutron/dhcp/9556e9e4-a47c-4412-8499-85aceb21ffba/host
Jun  2 17:19:14 gtw01 dnsmasq-dhcp[19297]: read /var/lib/neutron/dhcp/9556e9e4-a47c-4412-8499-85aceb21ffba/opts
Jun  2 17:19:15 gtw01 systemd-udevd[19832]: Process '/sbin/ip link set tap54f07fcb-d6 txqueuelen 10000' failed with exit code 1.
Jun  2 17:19:15 gtw01 dnsmasq[19848]: started, version 2.80 cachesize 150
Jun  2 17:19:15 gtw01 dnsmasq[19848]: DNS service limited to local subnets
Jun  2 17:19:15 gtw01 dnsmasq[19848]: compile time options: IPv6 GNU-getopt DBus i18n IDN DHCP DHCPv6 no-Lua TFTP conntrack ipset auth DNSSEC loop-detect inotify dumpfile
Jun  2 17:19:15 gtw01 dnsmasq[19848]: warning: no upstream servers configured
Jun  2 17:19:15 gtw01 dnsmasq-dhcp[19848]: DHCP, static leases only on 192.168.120.0, lease time 1h
Jun  2 17:19:15 gtw01 dnsmasq[19848]: read /var/lib/neutron/dhcp/09e2dbec-31ec-4c74-9d14-419832e54bce/addn_hosts - 1 addresses
Jun  2 17:19:15 gtw01 dnsmasq-dhcp[19848]: read /var/lib/neutron/dhcp/09e2dbec-31ec-4c74-9d14-419832e54bce/host
Jun  2 17:19:15 gtw01 dnsmasq-dhcp[19848]: read /var/lib/neutron/dhcp/09e2dbec-31ec-4c74-9d14-419832e54bce/opts
Jun  2 17:19:15 gtw01 haproxy-metadata-proxy-4682a31a-5152-4f02-a8a3-0e28dc825582[19852]: Proxy listener started.
Jun  2 17:19:15 gtw01 dnsmasq[19044]: read /var/lib/neutron/dhcp/037d7994-9d6e-4b96-bb04-2608bb5d6b75/addn_hosts - 2 addresses
Jun  2 17:19:15 gtw01 dnsmasq-dhcp[19044]: read /var/lib/neutron/dhcp/037d7994-9d6e-4b96-bb04-2608bb5d6b75/host
Jun  2 17:19:15 gtw01 dnsmasq-dhcp[19044]: read /var/lib/neutron/dhcp/037d7994-9d6e-4b96-bb04-2608bb5d6b75/opts
Jun  2 17:19:16 gtw01 haproxy-metadata-proxy-09e2dbec-31ec-4c74-9d14-419832e54bce[19886]: Proxy listener started.
Jun  2 17:19:17 gtw01 dnsmasq[19297]: read /var/lib/neutron/dhcp/9556e9e4-a47c-4412-8499-85aceb21ffba/addn_hosts - 2 addresses
Jun  2 17:19:17 gtw01 dnsmasq-dhcp[19297]: read /var/lib/neutron/dhcp/9556e9e4-a47c-4412-8499-85aceb21ffba/host
Jun  2 17:19:17 gtw01 dnsmasq-dhcp[19297]: read /var/lib/neutron/dhcp/9556e9e4-a47c-4412-8499-85aceb21ffba/opts
Jun  2 17:19:17 gtw01 dnsmasq[19764]: read /var/lib/neutron/dhcp/4682a31a-5152-4f02-a8a3-0e28dc825582/addn_hosts - 2 addresses
Jun  2 17:19:17 gtw01 dnsmasq-dhcp[19764]: read /var/lib/neutron/dhcp/4682a31a-5152-4f02-a8a3-0e28dc825582/host
Jun  2 17:19:17 gtw01 dnsmasq-dhcp[19764]: read /var/lib/neutron/dhcp/4682a31a-5152-4f02-a8a3-0e28dc825582/opts
Jun  2 17:19:18 gtw01 dnsmasq[19848]: read /var/lib/neutron/dhcp/09e2dbec-31ec-4c74-9d14-419832e54bce/addn_hosts - 2 addresses
Jun  2 17:19:18 gtw01 dnsmasq-dhcp[19848]: read /var/lib/neutron/dhcp/09e2dbec-31ec-4c74-9d14-419832e54bce/host
Jun  2 17:19:18 gtw01 dnsmasq-dhcp[19848]: read /var/lib/neutron/dhcp/09e2dbec-31ec-4c74-9d14-419832e54bce/opts
