Jun  2 18:23:16 gtw01 dnsmasq-dhcp[9176]: read /var/lib/neutron/dhcp/06aca243-d372-4851-9d0d-e3380962e9b3/opts
Jun  2 18:23:16 gtw01 kernel: [13338.887024] device tap81a3151a-21 entered promiscuous mode
Jun  2 18:23:16 gtw01 systemd-udevd[9712]: Could not generate persistent MAC address for tap81a3151a-21: No such file or directory
Jun  2 18:23:16 gtw01 systemd-udevd[9764]: Process '/sbin/ip link set tap81a3151a-21 txqueuelen 10000' failed with exit code 1.
Jun  2 18:23:17 gtw01 kernel: [13339.852057] device tapeb956462-6f entered promiscuous mode
Jun  2 18:23:17 gtw01 systemd-udevd[9811]: Could not generate persistent MAC address for tapeb956462-6f: No such file or directory
Jun  2 18:23:17 gtw01 dnsmasq[9868]: started, version 2.80 cachesize 150
Jun  2 18:23:17 gtw01 dnsmasq[9868]: DNS service limited to local subnets
Jun  2 18:23:17 gtw01 dnsmasq[9868]: compile time options: IPv6 GNU-getopt DBus i18n IDN DHCP DHCPv6 no-Lua TFTP conntrack ipset auth DNSSEC loop-detect inotify dumpfile
Jun  2 18:23:17 gtw01 dnsmasq[9868]: LOUD WARNING: listening on 1.1.0.226 may accept requests via interfaces other than tap330dcd45-96
Jun  2 18:23:17 gtw01 dnsmasq[9868]: LOUD WARNING: use --bind-dynamic rather than --bind-interfaces to avoid DNS amplification attacks via these interface(s)
Jun  2 18:23:17 gtw01 dnsmasq[9868]: warning: no upstream servers configured
Jun  2 18:23:17 gtw01 dnsmasq-dhcp[9868]: DHCP, static leases only on 1.1.0.224, lease time 1h
Jun  2 18:23:17 gtw01 dnsmasq[9868]: read /var/lib/neutron/dhcp/066a4dd4-7c93-4d55-97f3-38a06eb76a08/addn_hosts - 1 addresses
Jun  2 18:23:17 gtw01 dnsmasq-dhcp[9868]: read /var/lib/neutron/dhcp/066a4dd4-7c93-4d55-97f3-38a06eb76a08/host
Jun  2 18:23:17 gtw01 dnsmasq-dhcp[9868]: read /var/lib/neutron/dhcp/066a4dd4-7c93-4d55-97f3-38a06eb76a08/opts
Jun  2 18:23:17 gtw01 systemd-udevd[9872]: Process '/sbin/ip link set tapeb956462-6f txqueuelen 10000' failed with exit code 1.
Jun  2 18:23:18 gtw01 dnsmasq[9538]: read /var/lib/neutron/dhcp/e3a1460f-3558-4450-8551-fa48e40df76a/addn_hosts - 2 addresses
Jun  2 18:23:18 gtw01 dnsmasq-dhcp[9538]: read /var/lib/neutron/dhcp/e3a1460f-3558-4450-8551-fa48e40df76a/host
Jun  2 18:23:18 gtw01 dnsmasq-dhcp[9538]: read /var/lib/neutron/dhcp/e3a1460f-3558-4450-8551-fa48e40df76a/opts
Jun  2 18:23:18 gtw01 dnsmasq[9372]: read /var/lib/neutron/dhcp/102d8153-70eb-4eda-b490-0beb19c01399/addn_hosts - 2 addresses
Jun  2 18:23:18 gtw01 dnsmasq-dhcp[9372]: read /var/lib/neutron/dhcp/102d8153-70eb-4eda-b490-0beb19c01399/host
Jun  2 18:23:18 gtw01 dnsmasq-dhcp[9372]: read /var/lib/neutron/dhcp/102d8153-70eb-4eda-b490-0beb19c01399/opts
Jun  2 18:23:18 gtw01 dnsmasq[9405]: read /var/lib/neutron/dhcp/bb6e6345-9deb-419c-8bad-720722870f7d/addn_hosts - 2 addresses
Jun  2 18:23:18 gtw01 dnsmasq-dhcp[9405]: read /var/lib/neutron/dhcp/bb6e6345-9deb-419c-8bad-720722870f7d/host
Jun  2 18:23:18 gtw01 dnsmasq-dhcp[9405]: read /var/lib/neutron/dhcp/bb6e6345-9deb-419c-8bad-720722870f7d/opts
Jun  2 18:23:18 gtw01 haproxy-metadata-proxy-066a4dd4-7c93-4d55-97f3-38a06eb76a08[9912]: Proxy listener started.
Jun  2 18:23:19 gtw01 dnsmasq[9176]: read /var/lib/neutron/dhcp/06aca243-d372-4851-9d0d-e3380962e9b3/addn_hosts - 2 addresses
Jun  2 18:23:19 gtw01 dnsmasq-dhcp[9176]: read /var/lib/neutron/dhcp/06aca243-d372-4851-9d0d-e3380962e9b3/host
Jun  2 18:23:19 gtw01 dnsmasq-dhcp[9176]: read /var/lib/neutron/dhcp/06aca243-d372-4851-9d0d-e3380962e9b3/opts
Jun  2 18:23:19 gtw01 dnsmasq[9971]: started, version 2.80 cachesize 150
Jun  2 18:23:19 gtw01 dnsmasq[9971]: DNS service limited to local subnets
Jun  2 18:23:19 gtw01 dnsmasq[9971]: compile time options: IPv6 GNU-getopt DBus i18n IDN DHCP DHCPv6 no-Lua TFTP conntrack ipset auth DNSSEC loop-detect inotify dumpfile
Jun  2 18:23:19 gtw01 dnsmasq[9971]: LOUD WARNING: listening on 1.1.0.230 may accept requests via interfaces other than tap866f756b-33
Jun  2 18:23:19 gtw01 dnsmasq[9971]: LOUD WARNING: use --bind-dynamic rather than --bind-interfaces to avoid DNS amplification attacks via these interface(s)
Jun  2 18:23:19 gtw01 dnsmasq[9971]: warning: no upstream servers configured
Jun  2 18:23:19 gtw01 dnsmasq-dhcp[9971]: DHCP, static leases only on 1.1.0.228, lease time 1h
Jun  2 18:23:19 gtw01 dnsmasq[9971]: read /var/lib/neutron/dhcp/0c52f3e9-f99e-48bc-aa48-50d3278d1897/addn_hosts - 1 addresses
Jun  2 18:23:19 gtw01 dnsmasq-dhcp[9971]: read /var/lib/neutron/dhcp/0c52f3e9-f99e-48bc-aa48-50d3278d1897/host
Jun  2 18:23:19 gtw01 dnsmasq-dhcp[9971]: read /var/lib/neutron/dhcp/0c52f3e9-f99e-48bc-aa48-50d3278d1897/opts
Jun  2 18:23:20 gtw01 dnsmasq[9868]: read /var/lib/neutron/dhcp/066a4dd4-7c93-4d55-97f3-38a06eb76a08/addn_hosts - 2 addresses
Jun  2 18:23:20 gtw01 dnsmasq-dhcp[9868]: read /var/lib/neutron/dhcp/066a4dd4-7c93-4d55-97f3-38a06eb76a08/host
Jun  2 18:23:20 gtw01 dnsmasq-dhcp[9868]: read /var/lib/neutron/dhcp/066a4dd4-7c93-4d55-97f3-38a06eb76a08/opts
Jun  2 18:23:20 gtw01 haproxy-metadata-proxy-0c52f3e9-f99e-48bc-aa48-50d3278d1897[10005]: Proxy listener started.
Jun  2 18:23:20 gtw01 dnsmasq[9372]: read /var/lib/neutron/dhcp/102d8153-70eb-4eda-b490-0beb19c01399/addn_hosts - 2 addresses
Jun  2 18:23:20 gtw01 dnsmasq-dhcp[9372]: read /var/lib/neutron/dhcp/102d8153-70eb-4eda-b490-0beb19c01399/host
Jun  2 18:23:20 gtw01 dnsmasq-dhcp[9372]: read /var/lib/neutron/dhcp/102d8153-70eb-4eda-b490-0beb19c01399/opts
Jun  2 18:23:20 gtw01 dnsmasq[9538]: read /var/lib/neutron/dhcp/e3a1460f-3558-4450-8551-fa48e40df76a/addn_hosts - 2 addresses
Jun  2 18:23:20 gtw01 dnsmasq-dhcp[9538]: read /var/lib/neutron/dhcp/e3a1460f-3558-4450-8551-fa48e40df76a/host
Jun  2 18:23:20 gtw01 dnsmasq-dhcp[9538]: read /var/lib/neutron/dhcp/e3a1460f-3558-4450-8551-fa48e40df76a/opts
Jun  2 18:23:21 gtw01 dnsmasq[9405]: read /var/lib/neutron/dhcp/bb6e6345-9deb-419c-8bad-720722870f7d/addn_hosts - 2 addresses
Jun  2 18:23:21 gtw01 dnsmasq-dhcp[9405]: read /var/lib/neutron/dhcp/bb6e6345-9deb-419c-8bad-720722870f7d/host
Jun  2 18:23:21 gtw01 dnsmasq-dhcp[9405]: read /var/lib/neutron/dhcp/bb6e6345-9deb-419c-8bad-720722870f7d/opts
Jun  2 18:23:22 gtw01 dnsmasq[9971]: read /var/lib/neutron/dhcp/0c52f3e9-f99e-48bc-aa48-50d3278d1897/addn_hosts - 2 addresses
Jun  2 18:23:22 gtw01 dnsmasq-dhcp[9971]: read /var/lib/neutron/dhcp/0c52f3e9-f99e-48bc-aa48-50d3278d1897/host
Jun  2 18:23:22 gtw01 dnsmasq-dhcp[9971]: read /var/lib/neutron/dhcp/0c52f3e9-f99e-48bc-aa48-50d3278d1897/opts
Jun  2 18:23:22 gtw01 dnsmasq[9372]: read /var/lib/neutron/dhcp/102d8153-70eb-4eda-b490-0beb19c01399/addn_hosts - 2 addresses
Jun  2 18:23:22 gtw01 dnsmasq-dhcp[9372]: read /var/lib/neutron/dhcp/102d8153-70eb-4eda-b490-0beb19c01399/host
Jun  2 18:23:22 gtw01 dnsmasq-dhcp[9372]: read /var/lib/neutron/dhcp/102d8153-70eb-4eda-b490-0beb19c01399/opts
Jun  2 18:23:23 gtw01 dnsmasq[9868]: read /var/lib/neutron/dhcp/066a4dd4-7c93-4d55-97f3-38a06eb76a08/addn_hosts - 2 addresses
Jun  2 18:23:23 gtw01 dnsmasq-dhcp[9868]: read /var/lib/neutron/dhcp/066a4dd4-7c93-4d55-97f3-38a06eb76a08/host
Jun  2 18:23:23 gtw01 dnsmasq-dhcp[9868]: read /var/lib/neutron/dhcp/066a4dd4-7c93-4d55-97f3-38a06eb76a08/opts
Jun  2 18:23:23 gtw01 dnsmasq[9538]: read /var/lib/neutron/dhcp/e3a1460f-3558-4450-8551-fa48e40df76a/addn_hosts - 2 addresses
Jun  2 18:23:23 gtw01 dnsmasq-dhcp[9538]: read /var/lib/neutron/dhcp/e3a1460f-3558-4450-8551-fa48e40df76a/host
Jun  2 18:23:23 gtw01 dnsmasq-dhcp[9538]: read /var/lib/neutron/dhcp/e3a1460f-3558-4450-8551-fa48e40df76a/opts
Jun  2 18:23:23 gtw01 dnsmasq[9405]: read /var/lib/neutron/dhcp/bb6e6345-9deb-419c-8bad-720722870f7d/addn_hosts - 2 addresses
Jun  2 18:23:23 gtw01 dnsmasq-dhcp[9405]: read /var/lib/neutron/dhcp/bb6e6345-9deb-419c-8bad-720722870f7d/host
Jun  2 18:23:23 gtw01 dnsmasq-dhcp[9405]: read /var/lib/neutron/dhcp/bb6e6345-9deb-419c-8bad-720722870f7d/opts
Jun  2 18:23:24 gtw01 dnsmasq[9971]: read /var/lib/neutron/dhcp/0c52f3e9-f99e-48bc-aa48-50d3278d1897/addn_hosts - 2 addresses
Jun  2 18:23:24 gtw01 dnsmasq-dhcp[9971]: read /var/lib/neutron/dhcp/0c52f3e9-f99e-48bc-aa48-50d3278d1897/host
Jun  2 18:23:24 gtw01 dnsmasq-dhcp[9971]: read /var/lib/neutron/dhcp/0c52f3e9-f99e-48bc-aa48-50d3278d1897/opts
Jun  2 18:23:25 gtw01 systemd-udevd[10212]: Could not generate persistent MAC address for tap7efa6f6c-d0: No such file or directory
Jun  2 18:23:25 gtw01 kernel: [13347.358790] device tap7efa6f6c-d0 entered promiscuous mode
Jun  2 18:23:25 gtw01 systemd-udevd[10258]: Process '/sbin/ip link set tap7efa6f6c-d0 txqueuelen 10000' failed with exit code 1.
Jun  2 18:23:25 gtw01 dnsmasq[10288]: started, version 2.80 cachesize 150
Jun  2 18:23:25 gtw01 dnsmasq[10288]: DNS service limited to local subnets
Jun  2 18:23:25 gtw01 dnsmasq[10288]: compile time options: IPv6 GNU-getopt DBus i18n IDN DHCP DHCPv6 no-Lua TFTP conntrack ipset auth DNSSEC loop-detect inotify dumpfile
Jun  2 18:23:25 gtw01 dnsmasq[10288]: LOUD WARNING: listening on 1.1.0.238 may accept requests via interfaces other than tap81a3151a-21
Jun  2 18:23:25 gtw01 dnsmasq[10288]: LOUD WARNING: use --bind-dynamic rather than --bind-interfaces to avoid DNS amplification attacks via these interface(s)
Jun  2 18:23:25 gtw01 dnsmasq[10288]: warning: no upstream servers configured
Jun  2 18:23:25 gtw01 dnsmasq-dhcp[10288]: DHCP, static leases only on 1.1.0.236, lease time 1h
Jun  2 18:23:25 gtw01 dnsmasq[10288]: read /var/lib/neutron/dhcp/348f7790-3689-466c-b4ac-418e25f9a935/addn_hosts - 1 addresses
Jun  2 18:23:25 gtw01 dnsmasq-dhcp[10288]: read /var/lib/neutron/dhcp/348f7790-3689-466c-b4ac-418e25f9a935/host
Jun  2 18:23:25 gtw01 dnsmasq-dhcp[10288]: read /var/lib/neutron/dhcp/348f7790-3689-466c-b4ac-418e25f9a935/opts
Jun  2 18:23:25 gtw01 dnsmasq[9868]: read /var/lib/neutron/dhcp/066a4dd4-7c93-4d55-97f3-38a06eb76a08/addn_hosts - 2 addresses
Jun  2 18:23:25 gtw01 dnsmasq-dhcp[9868]: read /var/lib/neutron/dhcp/066a4dd4-7c93-4d55-97f3-38a06eb76a08/host
Jun  2 18:23:25 gtw01 dnsmasq-dhcp[9868]: read /var/lib/neutron/dhcp/066a4dd4-7c93-4d55-97f3-38a06eb76a08/opts
Jun  2 18:23:26 gtw01 haproxy-metadata-proxy-348f7790-3689-466c-b4ac-418e25f9a935[10313]: Proxy listener started.
Jun  2 18:23:26 gtw01 dnsmasq[9538]: read /var/lib/neutron/dhcp/e3a1460f-3558-4450-8551-fa48e40df76a/addn_hosts - 2 addresses
Jun  2 18:23:26 gtw01 dnsmasq-dhcp[9538]: read /var/lib/neutron/dhcp/e3a1460f-3558-4450-8551-fa48e40df76a/host
Jun  2 18:23:26 gtw01 dnsmasq-dhcp[9538]: read /var/lib/neutron/dhcp/e3a1460f-3558-4450-8551-fa48e40df76a/opts
Jun  2 18:23:26 gtw01 dnsmasq[10335]: started, version 2.80 cachesize 150
Jun  2 18:23:26 gtw01 dnsmasq[10335]: DNS service limited to local subnets
Jun  2 18:23:26 gtw01 dnsmasq[10335]: compile time options: IPv6 GNU-getopt DBus i18n IDN DHCP DHCPv6 no-Lua TFTP conntrack ipset auth DNSSEC loop-detect inotify dumpfile
Jun  2 18:23:26 gtw01 dnsmasq[10335]: LOUD WARNING: listening on 1.1.0.234 may accept requests via interfaces other than tapeb956462-6f
Jun  2 18:23:26 gtw01 dnsmasq[10335]: LOUD WARNING: use --bind-dynamic rather than --bind-interfaces to avoid DNS amplification attacks via these interface(s)
Jun  2 18:23:26 gtw01 dnsmasq[10335]: warning: no upstream servers configured
Jun  2 18:23:26 gtw01 dnsmasq-dhcp[10335]: DHCP, static leases only on 1.1.0.232, lease time 1h
Jun  2 18:23:26 gtw01 dnsmasq[10335]: read /var/lib/neutron/dhcp/2fc2727d-620c-4e58-81ca-9d5ce2ef1f70/addn_hosts - 1 addresses
Jun  2 18:23:26 gtw01 dnsmasq-dhcp[10335]: read /var/lib/neutron/dhcp/2fc2727d-620c-4e58-81ca-9d5ce2ef1f70/host
Jun  2 18:23:26 gtw01 dnsmasq-dhcp[10335]: read /var/lib/neutron/dhcp/2fc2727d-620c-4e58-81ca-9d5ce2ef1f70/opts
Jun  2 18:23:27 gtw01 haproxy-metadata-proxy-2fc2727d-620c-4e58-81ca-9d5ce2ef1f70[10365]: Proxy listener started.
Jun  2 18:23:27 gtw01 dnsmasq[9971]: read /var/lib/neutron/dhcp/0c52f3e9-f99e-48bc-aa48-50d3278d1897/addn_hosts - 2 addresses
Jun  2 18:23:27 gtw01 dnsmasq-dhcp[9971]: read /var/lib/neutron/dhcp/0c52f3e9-f99e-48bc-aa48-50d3278d1897/host
Jun  2 18:23:27 gtw01 dnsmasq-dhcp[9971]: read /var/lib/neutron/dhcp/0c52f3e9-f99e-48bc-aa48-50d3278d1897/opts
Jun  2 18:23:27 gtw01 dnsmasq[10288]: read /var/lib/neutron/dhcp/348f7790-3689-466c-b4ac-418e25f9a935/addn_hosts - 2 addresses
Jun  2 18:23:27 gtw01 dnsmasq-dhcp[10288]: read /var/lib/neutron/dhcp/348f7790-3689-466c-b4ac-418e25f9a935/host
Jun  2 18:23:27 gtw01 dnsmasq-dhcp[10288]: read /var/lib/neutron/dhcp/348f7790-3689-466c-b4ac-418e25f9a935/opts
Jun  2 18:23:27 gtw01 kernel: [13350.038937] device tap7c09ffaf-b6 entered promiscuous mode
Jun  2 18:23:27 gtw01 systemd-udevd[10393]: Could not generate persistent MAC address for tap7c09ffaf-b6: No such file or directory
Jun  2 18:23:27 gtw01 systemd-udevd[10438]: Process '/sbin/ip link set tap7c09ffaf-b6 txqueuelen 10000' failed with exit code 1.
Jun  2 18:23:28 gtw01 dnsmasq[9868]: read /var/lib/neutron/dhcp/066a4dd4-7c93-4d55-97f3-38a06eb76a08/addn_hosts - 2 addresses
Jun  2 18:23:28 gtw01 dnsmasq-dhcp[9868]: read /var/lib/neutron/dhcp/066a4dd4-7c93-4d55-97f3-38a06eb76a08/host
Jun  2 18:23:28 gtw01 dnsmasq-dhcp[9868]: read /var/lib/neutron/dhcp/066a4dd4-7c93-4d55-97f3-38a06eb76a08/opts
Jun  2 18:23:28 gtw01 dnsmasq[10335]: read /var/lib/neutron/dhcp/2fc2727d-620c-4e58-81ca-9d5ce2ef1f70/addn_hosts - 2 addresses
Jun  2 18:23:28 gtw01 dnsmasq-dhcp[10335]: read /var/lib/neutron/dhcp/2fc2727d-620c-4e58-81ca-9d5ce2ef1f70/host
Jun  2 18:23:28 gtw01 dnsmasq-dhcp[10335]: read /var/lib/neutron/dhcp/2fc2727d-620c-4e58-81ca-9d5ce2ef1f70/opts
Jun  2 18:23:29 gtw01 dnsmasq[10288]: read /var/lib/neutron/dhcp/348f7790-3689-466c-b4ac-418e25f9a935/addn_hosts - 2 addresses
Jun  2 18:23:29 gtw01 dnsmasq-dhcp[10288]: read /var/lib/neutron/dhcp/348f7790-3689-466c-b4ac-418e25f9a935/host
Jun  2 18:23:29 gtw01 dnsmasq-dhcp[10288]: read /var/lib/neutron/dhcp/348f7790-3689-466c-b4ac-418e25f9a935/opts
Jun  2 18:23:29 gtw01 dnsmasq[9971]: read /var/lib/neutron/dhcp/0c52f3e9-f99e-48bc-aa48-50d3278d1897/addn_hosts - 2 addresses
Jun  2 18:23:29 gtw01 dnsmasq-dhcp[9971]: read /var/lib/neutron/dhcp/0c52f3e9-f99e-48bc-aa48-50d3278d1897/host
Jun  2 18:23:29 gtw01 dnsmasq-dhcp[9971]: read /var/lib/neutron/dhcp/0c52f3e9-f99e-48bc-aa48-50d3278d1897/opts
Jun  2 18:23:30 gtw01 dnsmasq[9868]: read /var/lib/neutron/dhcp/066a4dd4-7c93-4d55-97f3-38a06eb76a08/addn_hosts - 2 addresses
Jun  2 18:23:30 gtw01 dnsmasq-dhcp[9868]: read /var/lib/neutron/dhcp/066a4dd4-7c93-4d55-97f3-38a06eb76a08/host
Jun  2 18:23:30 gtw01 dnsmasq-dhcp[9868]: read /var/lib/neutron/dhcp/066a4dd4-7c93-4d55-97f3-38a06eb76a08/opts
Jun  2 18:23:31 gtw01 dnsmasq[10335]: read /var/lib/neutron/dhcp/2fc2727d-620c-4e58-81ca-9d5ce2ef1f70/addn_hosts - 2 addresses
Jun  2 18:23:31 gtw01 dnsmasq-dhcp[10335]: read /var/lib/neutron/dhcp/2fc2727d-620c-4e58-81ca-9d5ce2ef1f70/host
Jun  2 18:23:31 gtw01 dnsmasq-dhcp[10335]: read /var/lib/neutron/dhcp/2fc2727d-620c-4e58-81ca-9d5ce2ef1f70/opts
Jun  2 18:23:31 gtw01 dnsmasq[10630]: started, version 2.80 cachesize 150
Jun  2 18:23:31 gtw01 dnsmasq[10630]: DNS service limited to local subnets
Jun  2 18:23:31 gtw01 dnsmasq[10630]: compile time options: IPv6 GNU-getopt DBus i18n IDN DHCP DHCPv6 no-Lua TFTP conntrack ipset auth DNSSEC loop-detect inotify dumpfile
Jun  2 18:23:31 gtw01 dnsmasq[10630]: LOUD WARNING: listening on 1.1.0.246 may accept requests via interfaces other than tap7efa6f6c-d0
Jun  2 18:23:31 gtw01 dnsmasq[10630]: LOUD WARNING: use --bind-dynamic rather than --bind-interfaces to avoid DNS amplification attacks via these interface(s)
Jun  2 18:23:31 gtw01 dnsmasq[10630]: warning: no upstream servers configured
Jun  2 18:23:31 gtw01 dnsmasq-dhcp[10630]: DHCP, static leases only on 1.1.0.244, lease time 1h
Jun  2 18:23:31 gtw01 dnsmasq[10630]: read /var/lib/neutron/dhcp/18f53841-2e04-4431-85e8-cb546ffd2062/addn_hosts - 2 addresses
Jun  2 18:23:31 gtw01 dnsmasq-dhcp[10630]: read /var/lib/neutron/dhcp/18f53841-2e04-4431-85e8-cb546ffd2062/host
Jun  2 18:23:31 gtw01 dnsmasq-dhcp[10630]: read /var/lib/neutron/dhcp/18f53841-2e04-4431-85e8-cb546ffd2062/opts
Jun  2 18:23:32 gtw01 dnsmasq[9971]: read /var/lib/neutron/dhcp/0c52f3e9-f99e-48bc-aa48-50d3278d1897/addn_hosts - 2 addresses
Jun  2 18:23:32 gtw01 dnsmasq-dhcp[9971]: read /var/lib/neutron/dhcp/0c52f3e9-f99e-48bc-aa48-50d3278d1897/host
Jun  2 18:23:32 gtw01 dnsmasq-dhcp[9971]: read /var/lib/neutron/dhcp/0c52f3e9-f99e-48bc-aa48-50d3278d1897/opts
Jun  2 18:23:32 gtw01 dnsmasq[10288]: read /var/lib/neutron/dhcp/348f7790-3689-466c-b4ac-418e25f9a935/addn_hosts - 2 addresses
Jun  2 18:23:32 gtw01 dnsmasq-dhcp[10288]: read /var/lib/neutron/dhcp/348f7790-3689-466c-b4ac-418e25f9a935/host
Jun  2 18:23:32 gtw01 dnsmasq-dhcp[10288]: read /var/lib/neutron/dhcp/348f7790-3689-466c-b4ac-418e25f9a935/opts
Jun  2 18:23:32 gtw01 haproxy-metadata-proxy-18f53841-2e04-4431-85e8-cb546ffd2062[10658]: Proxy listener started.
Jun  2 18:23:33 gtw01 dnsmasq[10335]: read /var/lib/neutron/dhcp/2fc2727d-620c-4e58-81ca-9d5ce2ef1f70/addn_hosts - 2 addresses
Jun  2 18:23:33 gtw01 dnsmasq-dhcp[10335]: read /var/lib/neutron/dhcp/2fc2727d-620c-4e58-81ca-9d5ce2ef1f70/host
Jun  2 18:23:33 gtw01 dnsmasq-dhcp[10335]: read /var/lib/neutron/dhcp/2fc2727d-620c-4e58-81ca-9d5ce2ef1f70/opts
Jun  2 18:23:33 gtw01 dnsmasq[9372]: read /var/lib/neutron/dhcp/102d8153-70eb-4eda-b490-0beb19c01399/addn_hosts - 1 addresses
Jun  2 18:23:33 gtw01 dnsmasq-dhcp[9372]: read /var/lib/neutron/dhcp/102d8153-70eb-4eda-b490-0beb19c01399/host
Jun  2 18:23:33 gtw01 dnsmasq-dhcp[9372]: read /var/lib/neutron/dhcp/102d8153-70eb-4eda-b490-0beb19c01399/opts
Jun  2 18:23:33 gtw01 dnsmasq[9868]: read /var/lib/neutron/dhcp/066a4dd4-7c93-4d55-97f3-38a06eb76a08/addn_hosts - 1 addresses
Jun  2 18:23:33 gtw01 dnsmasq-dhcp[9868]: read /var/lib/neutron/dhcp/066a4dd4-7c93-4d55-97f3-38a06eb76a08/host
Jun  2 18:23:33 gtw01 dnsmasq-dhcp[9868]: read /var/lib/neutron/dhcp/066a4dd4-7c93-4d55-97f3-38a06eb76a08/opts
Jun  2 18:23:33 gtw01 dnsmasq[9405]: read /var/lib/neutron/dhcp/bb6e6345-9deb-419c-8bad-720722870f7d/addn_hosts - 1 addresses
Jun  2 18:23:33 gtw01 dnsmasq-dhcp[9405]: read /var/lib/neutron/dhcp/bb6e6345-9deb-419c-8bad-720722870f7d/host
Jun  2 18:23:33 gtw01 dnsmasq-dhcp[9405]: read /var/lib/neutron/dhcp/bb6e6345-9deb-419c-8bad-720722870f7d/opts
Jun  2 18:23:34 gtw01 dnsmasq[10630]: read /var/lib/neutron/dhcp/18f53841-2e04-4431-85e8-cb546ffd2062/addn_hosts - 2 addresses
Jun  2 18:23:34 gtw01 dnsmasq-dhcp[10630]: read /var/lib/neutron/dhcp/18f53841-2e04-4431-85e8-cb546ffd2062/host
Jun  2 18:23:34 gtw01 dnsmasq-dhcp[10630]: read /var/lib/neutron/dhcp/18f53841-2e04-4431-85e8-cb546ffd2062/opts
Jun  2 18:23:34 gtw01 dnsmasq[9971]: read /var/lib/neutron/dhcp/0c52f3e9-f99e-48bc-aa48-50d3278d1897/addn_hosts - 1 addresses
Jun  2 18:23:34 gtw01 dnsmasq-dhcp[9971]: read /var/lib/neutron/dhcp/0c52f3e9-f99e-48bc-aa48-50d3278d1897/host
Jun  2 18:23:34 gtw01 dnsmasq-dhcp[9971]: read /var/lib/neutron/dhcp/0c52f3e9-f99e-48bc-aa48-50d3278d1897/opts
Jun  2 18:23:35 gtw01 dnsmasq[10288]: read /var/lib/neutron/dhcp/348f7790-3689-466c-b4ac-418e25f9a935/addn_hosts - 2 addresses
Jun  2 18:23:35 gtw01 dnsmasq-dhcp[10288]: read /var/lib/neutron/dhcp/348f7790-3689-466c-b4ac-418e25f9a935/host
Jun  2 18:23:35 gtw01 dnsmasq-dhcp[10288]: read /var/lib/neutron/dhcp/348f7790-3689-466c-b4ac-418e25f9a935/opts
Jun  2 18:23:35 gtw01 dnsmasq[10788]: started, version 2.80 cachesize 150
Jun  2 18:23:35 gtw01 dnsmasq[10788]: DNS service limited to local subnets
Jun  2 18:23:35 gtw01 dnsmasq[10788]: compile time options: IPv6 GNU-getopt DBus i18n IDN DHCP DHCPv6 no-Lua TFTP conntrack ipset auth DNSSEC loop-detect inotify dumpfile
Jun  2 18:23:35 gtw01 dnsmasq[10788]: LOUD WARNING: listening on 1.1.0.242 may accept requests via interfaces other than tap7c09ffaf-b6
Jun  2 18:23:35 gtw01 dnsmasq[10788]: LOUD WARNING: use --bind-dynamic rather than --bind-interfaces to avoid DNS amplification attacks via these interface(s)
Jun  2 18:23:35 gtw01 dnsmasq[10788]: warning: no upstream servers configured
Jun  2 18:23:35 gtw01 dnsmasq-dhcp[10788]: DHCP, static leases only on 1.1.0.240, lease time 1h
Jun  2 18:23:35 gtw01 dnsmasq[10788]: read /var/lib/neutron/dhcp/a6992e28-0e12-4c73-947a-bd01bc45eb40/addn_hosts - 2 addresses
Jun  2 18:23:35 gtw01 dnsmasq-dhcp[10788]: read /var/lib/neutron/dhcp/a6992e28-0e12-4c73-947a-bd01bc45eb40/host
Jun  2 18:23:35 gtw01 dnsmasq-dhcp[10788]: read /var/lib/neutron/dhcp/a6992e28-0e12-4c73-947a-bd01bc45eb40/opts
Jun  2 18:23:36 gtw01 dnsmasq[10335]: read /var/lib/neutron/dhcp/2fc2727d-620c-4e58-81ca-9d5ce2ef1f70/addn_hosts - 2 addresses
Jun  2 18:23:36 gtw01 dnsmasq-dhcp[10335]: read /var/lib/neutron/dhcp/2fc2727d-620c-4e58-81ca-9d5ce2ef1f70/host
Jun  2 18:23:36 gtw01 dnsmasq-dhcp[10335]: read /var/lib/neutron/dhcp/2fc2727d-620c-4e58-81ca-9d5ce2ef1f70/opts
Jun  2 18:23:36 gtw01 haproxy-metadata-proxy-a6992e28-0e12-4c73-947a-bd01bc45eb40[10819]: Proxy listener started.
Jun  2 18:23:36 gtw01 dnsmasq[9176]: read /var/lib/neutron/dhcp/06aca243-d372-4851-9d0d-e3380962e9b3/addn_hosts - 1 addresses
Jun  2 18:23:36 gtw01 dnsmasq-dhcp[9176]: read /var/lib/neutron/dhcp/06aca243-d372-4851-9d0d-e3380962e9b3/host
Jun  2 18:23:36 gtw01 dnsmasq-dhcp[9176]: read /var/lib/neutron/dhcp/06aca243-d372-4851-9d0d-e3380962e9b3/opts
Jun  2 18:23:36 gtw01 dnsmasq[9538]: read /var/lib/neutron/dhcp/e3a1460f-3558-4450-8551-fa48e40df76a/addn_hosts - 1 addresses
Jun  2 18:23:36 gtw01 dnsmasq-dhcp[9538]: read /var/lib/neutron/dhcp/e3a1460f-3558-4450-8551-fa48e40df76a/host
Jun  2 18:23:36 gtw01 dnsmasq-dhcp[9538]: read /var/lib/neutron/dhcp/e3a1460f-3558-4450-8551-fa48e40df76a/opts
Jun  2 18:23:36 gtw01 dnsmasq[10630]: read /var/lib/neutron/dhcp/18f53841-2e04-4431-85e8-cb546ffd2062/addn_hosts - 2 addresses
Jun  2 18:23:36 gtw01 dnsmasq-dhcp[10630]: read /var/lib/neutron/dhcp/18f53841-2e04-4431-85e8-cb546ffd2062/host
Jun  2 18:23:36 gtw01 dnsmasq-dhcp[10630]: read /var/lib/neutron/dhcp/18f53841-2e04-4431-85e8-cb546ffd2062/opts
Jun  2 18:23:37 gtw01 dnsmasq-dhcp[10788]: DHCPRELEASE(tap7c09ffaf-b6) 1.1.0.241 fa:16:3e:45:2e:10
Jun  2 18:23:37 gtw01 dnsmasq[10288]: read /var/lib/neutron/dhcp/348f7790-3689-466c-b4ac-418e25f9a935/addn_hosts - 2 addresses
Jun  2 18:23:37 gtw01 dnsmasq-dhcp[10288]: read /var/lib/neutron/dhcp/348f7790-3689-466c-b4ac-418e25f9a935/host
Jun  2 18:23:37 gtw01 dnsmasq-dhcp[10288]: read /var/lib/neutron/dhcp/348f7790-3689-466c-b4ac-418e25f9a935/opts
Jun  2 18:23:38 gtw01 dnsmasq[10335]: read /var/lib/neutron/dhcp/2fc2727d-620c-4e58-81ca-9d5ce2ef1f70/addn_hosts - 2 addresses
Jun  2 18:23:38 gtw01 dnsmasq-dhcp[10335]: read /var/lib/neutron/dhcp/2fc2727d-620c-4e58-81ca-9d5ce2ef1f70/host
Jun  2 18:23:38 gtw01 dnsmasq-dhcp[10335]: read /var/lib/neutron/dhcp/2fc2727d-620c-4e58-81ca-9d5ce2ef1f70/opts
Jun  2 18:23:38 gtw01 dnsmasq[10788]: read /var/lib/neutron/dhcp/a6992e28-0e12-4c73-947a-bd01bc45eb40/addn_hosts - 1 addresses
Jun  2 18:23:38 gtw01 dnsmasq-dhcp[10788]: read /var/lib/neutron/dhcp/a6992e28-0e12-4c73-947a-bd01bc45eb40/host
Jun  2 18:23:38 gtw01 dnsmasq-dhcp[10788]: read /var/lib/neutron/dhcp/a6992e28-0e12-4c73-947a-bd01bc45eb40/opts
Jun  2 18:23:38 gtw01 dnsmasq[10630]: read /var/lib/neutron/dhcp/18f53841-2e04-4431-85e8-cb546ffd2062/addn_hosts - 2 addresses
Jun  2 18:23:38 gtw01 dnsmasq-dhcp[10630]: read /var/lib/neutron/dhcp/18f53841-2e04-4431-85e8-cb546ffd2062/host
Jun  2 18:23:38 gtw01 dnsmasq-dhcp[10630]: read /var/lib/neutron/dhcp/18f53841-2e04-4431-85e8-cb546ffd2062/opts
Jun  2 18:23:39 gtw01 dnsmasq[10288]: read /var/lib/neutron/dhcp/348f7790-3689-466c-b4ac-418e25f9a935/addn_hosts - 1 addresses
Jun  2 18:23:39 gtw01 dnsmasq-dhcp[10288]: read /var/lib/neutron/dhcp/348f7790-3689-466c-b4ac-418e25f9a935/host
Jun  2 18:23:39 gtw01 dnsmasq-dhcp[10288]: read /var/lib/neutron/dhcp/348f7790-3689-466c-b4ac-418e25f9a935/opts
Jun  2 18:23:39 gtw01 dnsmasq[10335]: read /var/lib/neutron/dhcp/2fc2727d-620c-4e58-81ca-9d5ce2ef1f70/addn_hosts - 1 addresses
Jun  2 18:23:39 gtw01 dnsmasq-dhcp[10335]: read /var/lib/neutron/dhcp/2fc2727d-620c-4e58-81ca-9d5ce2ef1f70/host
Jun  2 18:23:39 gtw01 dnsmasq-dhcp[10335]: read /var/lib/neutron/dhcp/2fc2727d-620c-4e58-81ca-9d5ce2ef1f70/opts
Jun  2 18:23:39 gtw01 dnsmasq[10788]: read /var/lib/neutron/dhcp/a6992e28-0e12-4c73-947a-bd01bc45eb40/addn_hosts - 2 addresses
Jun  2 18:23:39 gtw01 dnsmasq-dhcp[10788]: read /var/lib/neutron/dhcp/a6992e28-0e12-4c73-947a-bd01bc45eb40/host
Jun  2 18:23:39 gtw01 dnsmasq-dhcp[10788]: read /var/lib/neutron/dhcp/a6992e28-0e12-4c73-947a-bd01bc45eb40/opts
Jun  2 18:23:39 gtw01 dnsmasq[10630]: read /var/lib/neutron/dhcp/18f53841-2e04-4431-85e8-cb546ffd2062/addn_hosts - 2 addresses
Jun  2 18:23:39 gtw01 dnsmasq-dhcp[10630]: read /var/lib/neutron/dhcp/18f53841-2e04-4431-85e8-cb546ffd2062/host
Jun  2 18:23:39 gtw01 dnsmasq-dhcp[10630]: read /var/lib/neutron/dhcp/18f53841-2e04-4431-85e8-cb546ffd2062/opts
Jun  2 18:23:40 gtw01 dnsmasq[10788]: read /var/lib/neutron/dhcp/a6992e28-0e12-4c73-947a-bd01bc45eb40/addn_hosts - 2 addresses
Jun  2 18:23:40 gtw01 dnsmasq-dhcp[10788]: read /var/lib/neutron/dhcp/a6992e28-0e12-4c73-947a-bd01bc45eb40/host
Jun  2 18:23:40 gtw01 dnsmasq-dhcp[10788]: read /var/lib/neutron/dhcp/a6992e28-0e12-4c73-947a-bd01bc45eb40/opts
Jun  2 18:23:40 gtw01 dnsmasq[10630]: read /var/lib/neutron/dhcp/18f53841-2e04-4431-85e8-cb546ffd2062/addn_hosts - 2 addresses
Jun  2 18:23:40 gtw01 dnsmasq-dhcp[10630]: read /var/lib/neutron/dhcp/18f53841-2e04-4431-85e8-cb546ffd2062/host
Jun  2 18:23:40 gtw01 dnsmasq-dhcp[10630]: read /var/lib/neutron/dhcp/18f53841-2e04-4431-85e8-cb546ffd2062/opts
Jun  2 18:23:41 gtw01 dnsmasq-dhcp[10630]: DHCPRELEASE(tap7efa6f6c-d0) 1.1.0.245 fa:16:3e:05:43:ff
Jun  2 18:23:41 gtw01 dnsmasq[10788]: read /var/lib/neutron/dhcp/a6992e28-0e12-4c73-947a-bd01bc45eb40/addn_hosts - 2 addresses
Jun  2 18:23:41 gtw01 dnsmasq-dhcp[10788]: read /var/lib/neutron/dhcp/a6992e28-0e12-4c73-947a-bd01bc45eb40/host
Jun  2 18:23:41 gtw01 dnsmasq-dhcp[10788]: read /var/lib/neutron/dhcp/a6992e28-0e12-4c73-947a-bd01bc45eb40/opts
Jun  2 18:23:42 gtw01 dnsmasq[10630]: read /var/lib/neutron/dhcp/18f53841-2e04-4431-85e8-cb546ffd2062/addn_hosts - 1 addresses
Jun  2 18:23:42 gtw01 dnsmasq-dhcp[10630]: read /var/lib/neutron/dhcp/18f53841-2e04-4431-85e8-cb546ffd2062/host
Jun  2 18:23:42 gtw01 dnsmasq-dhcp[10630]: read /var/lib/neutron/dhcp/18f53841-2e04-4431-85e8-cb546ffd2062/opts
Jun  2 18:23:42 gtw01 dnsmasq[10788]: read /var/lib/neutron/dhcp/a6992e28-0e12-4c73-947a-bd01bc45eb40/addn_hosts - 2 addresses
Jun  2 18:23:42 gtw01 dnsmasq-dhcp[10788]: read /var/lib/neutron/dhcp/a6992e28-0e12-4c73-947a-bd01bc45eb40/host
Jun  2 18:23:42 gtw01 dnsmasq-dhcp[10788]: read /var/lib/neutron/dhcp/a6992e28-0e12-4c73-947a-bd01bc45eb40/opts
Jun  2 18:23:43 gtw01 kernel: [13365.406374] device tap81a3151a-21 left promiscuous mode
Jun  2 18:23:43 gtw01 dnsmasq[10788]: read /var/lib/neutron/dhcp/a6992e28-0e12-4c73-947a-bd01bc45eb40/addn_hosts - 1 addresses
Jun  2 18:23:43 gtw01 dnsmasq-dhcp[10788]: read /var/lib/neutron/dhcp/a6992e28-0e12-4c73-947a-bd01bc45eb40/host
Jun  2 18:23:43 gtw01 dnsmasq-dhcp[10788]: read /var/lib/neutron/dhcp/a6992e28-0e12-4c73-947a-bd01bc45eb40/opts
Jun  2 18:23:44 gtw01 kernel: [13366.522142] device tap866f756b-33 left promiscuous mode
Jun  2 18:23:44 gtw01 kernel: [13366.895086] device tape3b18440-c9 left promiscuous mode
Jun  2 18:23:44 gtw01 kernel: [13367.169442] device tape92c190b-c8 left promiscuous mode
Jun  2 18:23:46 gtw01 kernel: [13368.371182] device tap330dcd45-96 left promiscuous mode
Jun  2 18:23:46 gtw01 kernel: [13368.727371] device tapa189ba7f-36 left promiscuous mode
Jun  2 18:23:46 gtw01 kernel: [13369.075352] device tap7c09ffaf-b6 left promiscuous mode
Jun  2 18:23:47 gtw01 kernel: [13369.410790] device tap7efa6f6c-d0 left promiscuous mode
Jun  2 18:23:47 gtw01 kernel: [13369.661391] device tap0380e0bc-23 left promiscuous mode
Jun  2 18:23:47 gtw01 kernel: [13370.085048] device tapeb956462-6f left promiscuous mode
Jun  2 18:24:23 gtw01 kernel: [13405.526730] device tapad79c4a3-78 entered promiscuous mode
Jun  2 18:24:23 gtw01 systemd-udevd[11214]: Could not generate persistent MAC address for tapad79c4a3-78: No such file or directory
Jun  2 18:24:23 gtw01 systemd-udevd[11260]: Process '/sbin/ip link set tapad79c4a3-78 txqueuelen 10000' failed with exit code 1.
Jun  2 18:24:23 gtw01 kernel: [13405.722781] device tap9b9ebb8e-31 entered promiscuous mode
Jun  2 18:24:23 gtw01 systemd-udevd[11279]: Could not generate persistent MAC address for tap9b9ebb8e-31: No such file or directory
Jun  2 18:24:23 gtw01 systemd-udevd[11324]: Process '/sbin/ip link set tap9b9ebb8e-31 txqueuelen 10000' failed with exit code 1.
Jun  2 18:24:25 gtw01 kernel: [13407.491253] device tap164fb95e-f7 entered promiscuous mode
Jun  2 18:24:25 gtw01 systemd-udevd[11412]: Could not generate persistent MAC address for tap164fb95e-f7: No such file or directory
Jun  2 18:24:25 gtw01 kernel: [13407.570180] device tap678c94e2-95 entered promiscuous mode
Jun  2 18:24:25 gtw01 systemd-udevd[11463]: Could not generate persistent MAC address for tap678c94e2-95: No such file or directory
Jun  2 18:24:25 gtw01 systemd-udevd[11461]: Process '/sbin/ip link set tap164fb95e-f7 txqueuelen 10000' failed with exit code 1.
Jun  2 18:24:25 gtw01 systemd-udevd[11526]: Process '/sbin/ip link set tap678c94e2-95 txqueuelen 10000' failed with exit code 1.
Jun  2 18:24:26 gtw01 kernel: [13409.002714] device tapc91e608e-8f entered promiscuous mode
Jun  2 18:24:26 gtw01 systemd-udevd[11598]: Could not generate persistent MAC address for tapc91e608e-8f: No such file or directory
Jun  2 18:24:26 gtw01 systemd-udevd[11645]: Process '/sbin/ip link set tapc91e608e-8f txqueuelen 10000' failed with exit code 1.
Jun  2 18:24:29 gtw01 dnsmasq[11786]: started, version 2.80 cachesize 150
Jun  2 18:24:29 gtw01 dnsmasq[11786]: DNS service limited to local subnets
Jun  2 18:24:29 gtw01 dnsmasq[11786]: compile time options: IPv6 GNU-getopt DBus i18n IDN DHCP DHCPv6 no-Lua TFTP conntrack ipset auth DNSSEC loop-detect inotify dumpfile
Jun  2 18:24:29 gtw01 dnsmasq[11786]: LOUD WARNING: listening on 1.1.0.250 may accept requests via interfaces other than tapad79c4a3-78
Jun  2 18:24:29 gtw01 dnsmasq[11786]: LOUD WARNING: use --bind-dynamic rather than --bind-interfaces to avoid DNS amplification attacks via these interface(s)
Jun  2 18:24:29 gtw01 dnsmasq[11786]: warning: no upstream servers configured
Jun  2 18:24:29 gtw01 dnsmasq-dhcp[11786]: DHCP, static leases only on 1.1.0.248, lease time 1h
Jun  2 18:24:29 gtw01 dnsmasq[11786]: read /var/lib/neutron/dhcp/a20b8484-697e-4fbe-b556-1729683b1313/addn_hosts - 1 addresses
Jun  2 18:24:29 gtw01 dnsmasq-dhcp[11786]: read /var/lib/neutron/dhcp/a20b8484-697e-4fbe-b556-1729683b1313/host
Jun  2 18:24:29 gtw01 dnsmasq-dhcp[11786]: read /var/lib/neutron/dhcp/a20b8484-697e-4fbe-b556-1729683b1313/opts
Jun  2 18:24:29 gtw01 dnsmasq[11794]: started, version 2.80 cachesize 150
Jun  2 18:24:29 gtw01 dnsmasq[11794]: DNS service limited to local subnets
Jun  2 18:24:29 gtw01 dnsmasq[11794]: compile time options: IPv6 GNU-getopt DBus i18n IDN DHCP DHCPv6 no-Lua TFTP conntrack ipset auth DNSSEC loop-detect inotify dumpfile
Jun  2 18:24:29 gtw01 dnsmasq[11794]: LOUD WARNING: listening on 1.1.0.254 may accept requests via interfaces other than tap9b9ebb8e-31
Jun  2 18:24:29 gtw01 dnsmasq[11794]: LOUD WARNING: use --bind-dynamic rather than --bind-interfaces to avoid DNS amplification attacks via these interface(s)
Jun  2 18:24:29 gtw01 dnsmasq[11794]: warning: no upstream servers configured
Jun  2 18:24:29 gtw01 dnsmasq-dhcp[11794]: DHCP, static leases only on 1.1.0.252, lease time 1h
Jun  2 18:24:29 gtw01 dnsmasq[11794]: read /var/lib/neutron/dhcp/388f0694-c588-44c0-8998-79a41306cb5c/addn_hosts - 1 addresses
Jun  2 18:24:29 gtw01 dnsmasq-dhcp[11794]: read /var/lib/neutron/dhcp/388f0694-c588-44c0-8998-79a41306cb5c/host
Jun  2 18:24:29 gtw01 dnsmasq-dhcp[11794]: read /var/lib/neutron/dhcp/388f0694-c588-44c0-8998-79a41306cb5c/opts
Jun  2 18:24:29 gtw01 kernel: [13412.088932] device tapa27546c7-71 entered promiscuous mode
Jun  2 18:24:29 gtw01 systemd-udevd[11813]: Could not generate persistent MAC address for tapa27546c7-71: No such file or directory
Jun  2 18:24:29 gtw01 kernel: [13412.154670] device tap0472c3ec-d4 entered promiscuous mode
Jun  2 18:24:29 gtw01 systemd-udevd[11861]: Could not generate persistent MAC address for tap0472c3ec-d4: No such file or directory
Jun  2 18:24:29 gtw01 systemd-udevd[11882]: Process '/sbin/ip link set tapa27546c7-71 txqueuelen 10000' failed with exit code 1.
Jun  2 18:24:30 gtw01 haproxy-metadata-proxy-a20b8484-697e-4fbe-b556-1729683b1313[11923]: Proxy listener started.
Jun  2 18:24:30 gtw01 haproxy-metadata-proxy-388f0694-c588-44c0-8998-79a41306cb5c[11927]: Proxy listener started.
Jun  2 18:24:30 gtw01 systemd-udevd[11934]: Process '/sbin/ip link set tap0472c3ec-d4 txqueuelen 10000' failed with exit code 1.
Jun  2 18:24:30 gtw01 kernel: [13412.910852] device tap42008f07-1c entered promiscuous mode
Jun  2 18:24:30 gtw01 systemd-udevd[11970]: Could not generate persistent MAC address for tap42008f07-1c: No such file or directory
Jun  2 18:24:30 gtw01 systemd-udevd[12025]: Process '/sbin/ip link set tap42008f07-1c txqueuelen 10000' failed with exit code 1.
Jun  2 18:24:31 gtw01 dnsmasq[11786]: read /var/lib/neutron/dhcp/a20b8484-697e-4fbe-b556-1729683b1313/addn_hosts - 1 addresses
Jun  2 18:24:31 gtw01 dnsmasq-dhcp[11786]: read /var/lib/neutron/dhcp/a20b8484-697e-4fbe-b556-1729683b1313/host
Jun  2 18:24:31 gtw01 dnsmasq-dhcp[11786]: read /var/lib/neutron/dhcp/a20b8484-697e-4fbe-b556-1729683b1313/opts
Jun  2 18:24:31 gtw01 dnsmasq[11794]: read /var/lib/neutron/dhcp/388f0694-c588-44c0-8998-79a41306cb5c/addn_hosts - 1 addresses
Jun  2 18:24:31 gtw01 dnsmasq-dhcp[11794]: read /var/lib/neutron/dhcp/388f0694-c588-44c0-8998-79a41306cb5c/host
Jun  2 18:24:31 gtw01 dnsmasq-dhcp[11794]: read /var/lib/neutron/dhcp/388f0694-c588-44c0-8998-79a41306cb5c/opts
Jun  2 18:24:32 gtw01 dnsmasq[12098]: started, version 2.80 cachesize 150
Jun  2 18:24:32 gtw01 dnsmasq[12098]: DNS service limited to local subnets
Jun  2 18:24:32 gtw01 dnsmasq[12098]: compile time options: IPv6 GNU-getopt DBus i18n IDN DHCP DHCPv6 no-Lua TFTP conntrack ipset auth DNSSEC loop-detect inotify dumpfile
Jun  2 18:24:32 gtw01 dnsmasq[12098]: LOUD WARNING: listening on 1.1.1.2 may accept requests via interfaces other than tap164fb95e-f7
Jun  2 18:24:32 gtw01 dnsmasq[12098]: LOUD WARNING: use --bind-dynamic rather than --bind-interfaces to avoid DNS amplification attacks via these interface(s)
Jun  2 18:24:32 gtw01 dnsmasq[12098]: warning: no upstream servers configured
Jun  2 18:24:32 gtw01 dnsmasq-dhcp[12098]: DHCP, static leases only on 1.1.1.0, lease time 1h
Jun  2 18:24:32 gtw01 dnsmasq[12098]: read /var/lib/neutron/dhcp/53923efe-a1c3-4274-9993-0e019903c0d7/addn_hosts - 1 addresses
Jun  2 18:24:32 gtw01 dnsmasq-dhcp[12098]: read /var/lib/neutron/dhcp/53923efe-a1c3-4274-9993-0e019903c0d7/host
Jun  2 18:24:32 gtw01 dnsmasq-dhcp[12098]: read /var/lib/neutron/dhcp/53923efe-a1c3-4274-9993-0e019903c0d7/opts
Jun  2 18:24:32 gtw01 haproxy-metadata-proxy-53923efe-a1c3-4274-9993-0e019903c0d7[12125]: Proxy listener started.
Jun  2 18:24:33 gtw01 dnsmasq[12159]: started, version 2.80 cachesize 150
Jun  2 18:24:33 gtw01 dnsmasq[12159]: DNS service limited to local subnets
Jun  2 18:24:33 gtw01 dnsmasq[12159]: compile time options: IPv6 GNU-getopt DBus i18n IDN DHCP DHCPv6 no-Lua TFTP conntrack ipset auth DNSSEC loop-detect inotify dumpfile
Jun  2 18:24:33 gtw01 dnsmasq[12159]: LOUD WARNING: listening on 1.1.1.6 may accept requests via interfaces other than tap678c94e2-95
Jun  2 18:24:33 gtw01 dnsmasq[12159]: LOUD WARNING: use --bind-dynamic rather than --bind-interfaces to avoid DNS amplification attacks via these interface(s)
Jun  2 18:24:33 gtw01 dnsmasq[12159]: warning: no upstream servers configured
Jun  2 18:24:33 gtw01 dnsmasq-dhcp[12159]: DHCP, static leases only on 1.1.1.4, lease time 1h
Jun  2 18:24:33 gtw01 dnsmasq[12159]: read /var/lib/neutron/dhcp/71deacba-0e9d-45ff-906f-47870cedc173/addn_hosts - 1 addresses
Jun  2 18:24:33 gtw01 dnsmasq-dhcp[12159]: read /var/lib/neutron/dhcp/71deacba-0e9d-45ff-906f-47870cedc173/host
Jun  2 18:24:33 gtw01 dnsmasq-dhcp[12159]: read /var/lib/neutron/dhcp/71deacba-0e9d-45ff-906f-47870cedc173/opts
Jun  2 18:24:34 gtw01 dnsmasq[11794]: read /var/lib/neutron/dhcp/388f0694-c588-44c0-8998-79a41306cb5c/addn_hosts - 1 addresses
Jun  2 18:24:34 gtw01 dnsmasq-dhcp[11794]: read /var/lib/neutron/dhcp/388f0694-c588-44c0-8998-79a41306cb5c/host
Jun  2 18:24:34 gtw01 dnsmasq-dhcp[11794]: read /var/lib/neutron/dhcp/388f0694-c588-44c0-8998-79a41306cb5c/opts
Jun  2 18:24:34 gtw01 haproxy-metadata-proxy-71deacba-0e9d-45ff-906f-47870cedc173[12204]: Proxy listener started.
Jun  2 18:24:34 gtw01 dnsmasq[11786]: read /var/lib/neutron/dhcp/a20b8484-697e-4fbe-b556-1729683b1313/addn_hosts - 1 addresses
Jun  2 18:24:34 gtw01 dnsmasq-dhcp[11786]: read /var/lib/neutron/dhcp/a20b8484-697e-4fbe-b556-1729683b1313/host
Jun  2 18:24:34 gtw01 dnsmasq-dhcp[11786]: read /var/lib/neutron/dhcp/a20b8484-697e-4fbe-b556-1729683b1313/opts
Jun  2 18:24:34 gtw01 dnsmasq[12098]: read /var/lib/neutron/dhcp/53923efe-a1c3-4274-9993-0e019903c0d7/addn_hosts - 1 addresses
Jun  2 18:24:34 gtw01 dnsmasq-dhcp[12098]: read /var/lib/neutron/dhcp/53923efe-a1c3-4274-9993-0e019903c0d7/host
Jun  2 18:24:34 gtw01 dnsmasq-dhcp[12098]: read /var/lib/neutron/dhcp/53923efe-a1c3-4274-9993-0e019903c0d7/opts
Jun  2 18:24:34 gtw01 dnsmasq[12230]: started, version 2.80 cachesize 150
Jun  2 18:24:34 gtw01 dnsmasq[12230]: DNS service limited to local subnets
Jun  2 18:24:34 gtw01 dnsmasq[12230]: compile time options: IPv6 GNU-getopt DBus i18n IDN DHCP DHCPv6 no-Lua TFTP conntrack ipset auth DNSSEC loop-detect inotify dumpfile
Jun  2 18:24:34 gtw01 dnsmasq[12230]: LOUD WARNING: listening on 1.1.1.10 may accept requests via interfaces other than tapc91e608e-8f
Jun  2 18:24:34 gtw01 dnsmasq[12230]: LOUD WARNING: use --bind-dynamic rather than --bind-interfaces to avoid DNS amplification attacks via these interface(s)
Jun  2 18:24:34 gtw01 dnsmasq[12230]: warning: no upstream servers configured
Jun  2 18:24:34 gtw01 dnsmasq-dhcp[12230]: DHCP, static leases only on 1.1.1.8, lease time 1h
Jun  2 18:24:34 gtw01 dnsmasq[12230]: read /var/lib/neutron/dhcp/d1c42d91-32ef-461e-8069-014876907028/addn_hosts - 1 addresses
Jun  2 18:24:34 gtw01 dnsmasq-dhcp[12230]: read /var/lib/neutron/dhcp/d1c42d91-32ef-461e-8069-014876907028/host
Jun  2 18:24:34 gtw01 dnsmasq-dhcp[12230]: read /var/lib/neutron/dhcp/d1c42d91-32ef-461e-8069-014876907028/opts
Jun  2 18:24:35 gtw01 haproxy-metadata-proxy-d1c42d91-32ef-461e-8069-014876907028[12266]: Proxy listener started.
Jun  2 18:24:36 gtw01 dnsmasq[12159]: read /var/lib/neutron/dhcp/71deacba-0e9d-45ff-906f-47870cedc173/addn_hosts - 1 addresses
Jun  2 18:24:36 gtw01 dnsmasq-dhcp[12159]: read /var/lib/neutron/dhcp/71deacba-0e9d-45ff-906f-47870cedc173/host
Jun  2 18:24:36 gtw01 dnsmasq-dhcp[12159]: read /var/lib/neutron/dhcp/71deacba-0e9d-45ff-906f-47870cedc173/opts
Jun  2 18:24:37 gtw01 dnsmasq[11786]: read /var/lib/neutron/dhcp/a20b8484-697e-4fbe-b556-1729683b1313/addn_hosts - 1 addresses
Jun  2 18:24:37 gtw01 dnsmasq-dhcp[11786]: read /var/lib/neutron/dhcp/a20b8484-697e-4fbe-b556-1729683b1313/host
Jun  2 18:24:37 gtw01 dnsmasq-dhcp[11786]: read /var/lib/neutron/dhcp/a20b8484-697e-4fbe-b556-1729683b1313/opts
Jun  2 18:24:37 gtw01 dnsmasq[12230]: read /var/lib/neutron/dhcp/d1c42d91-32ef-461e-8069-014876907028/addn_hosts - 1 addresses
Jun  2 18:24:37 gtw01 dnsmasq-dhcp[12230]: read /var/lib/neutron/dhcp/d1c42d91-32ef-461e-8069-014876907028/host
Jun  2 18:24:37 gtw01 dnsmasq-dhcp[12230]: read /var/lib/neutron/dhcp/d1c42d91-32ef-461e-8069-014876907028/opts
Jun  2 18:24:37 gtw01 dnsmasq[11794]: read /var/lib/neutron/dhcp/388f0694-c588-44c0-8998-79a41306cb5c/addn_hosts - 1 addresses
Jun  2 18:24:37 gtw01 dnsmasq-dhcp[11794]: read /var/lib/neutron/dhcp/388f0694-c588-44c0-8998-79a41306cb5c/host
Jun  2 18:24:37 gtw01 dnsmasq-dhcp[11794]: read /var/lib/neutron/dhcp/388f0694-c588-44c0-8998-79a41306cb5c/opts
Jun  2 18:24:37 gtw01 dnsmasq[12098]: read /var/lib/neutron/dhcp/53923efe-a1c3-4274-9993-0e019903c0d7/addn_hosts - 1 addresses
Jun  2 18:24:37 gtw01 dnsmasq-dhcp[12098]: read /var/lib/neutron/dhcp/53923efe-a1c3-4274-9993-0e019903c0d7/host
Jun  2 18:24:37 gtw01 dnsmasq-dhcp[12098]: read /var/lib/neutron/dhcp/53923efe-a1c3-4274-9993-0e019903c0d7/opts
Jun  2 18:24:38 gtw01 dnsmasq[12393]: started, version 2.80 cachesize 150
Jun  2 18:24:38 gtw01 dnsmasq[12393]: DNS service limited to local subnets
Jun  2 18:24:38 gtw01 dnsmasq[12393]: compile time options: IPv6 GNU-getopt DBus i18n IDN DHCP DHCPv6 no-Lua TFTP conntrack ipset auth DNSSEC loop-detect inotify dumpfile
Jun  2 18:24:38 gtw01 dnsmasq[12393]: LOUD WARNING: listening on 1.1.1.18 may accept requests via interfaces other than tapa27546c7-71
Jun  2 18:24:38 gtw01 dnsmasq[12393]: LOUD WARNING: use --bind-dynamic rather than --bind-interfaces to avoid DNS amplification attacks via these interface(s)
Jun  2 18:24:38 gtw01 dnsmasq[12393]: warning: no upstream servers configured
Jun  2 18:24:38 gtw01 dnsmasq-dhcp[12393]: DHCP, static leases only on 1.1.1.16, lease time 1h
Jun  2 18:24:38 gtw01 dnsmasq[12393]: read /var/lib/neutron/dhcp/809124ae-d349-431a-9247-b8d63858171d/addn_hosts - 1 addresses
Jun  2 18:24:38 gtw01 dnsmasq-dhcp[12393]: read /var/lib/neutron/dhcp/809124ae-d349-431a-9247-b8d63858171d/host
Jun  2 18:24:38 gtw01 dnsmasq-dhcp[12393]: read /var/lib/neutron/dhcp/809124ae-d349-431a-9247-b8d63858171d/opts
Jun  2 18:24:39 gtw01 dnsmasq[12159]: read /var/lib/neutron/dhcp/71deacba-0e9d-45ff-906f-47870cedc173/addn_hosts - 1 addresses
Jun  2 18:24:39 gtw01 dnsmasq-dhcp[12159]: read /var/lib/neutron/dhcp/71deacba-0e9d-45ff-906f-47870cedc173/host
Jun  2 18:24:39 gtw01 dnsmasq-dhcp[12159]: read /var/lib/neutron/dhcp/71deacba-0e9d-45ff-906f-47870cedc173/opts
Jun  2 18:24:39 gtw01 dnsmasq[12418]: started, version 2.80 cachesize 150
Jun  2 18:24:39 gtw01 dnsmasq[12418]: DNS service limited to local subnets
Jun  2 18:24:39 gtw01 dnsmasq[12418]: compile time options: IPv6 GNU-getopt DBus i18n IDN DHCP DHCPv6 no-Lua TFTP conntrack ipset auth DNSSEC loop-detect inotify dumpfile
Jun  2 18:24:39 gtw01 dnsmasq[12418]: LOUD WARNING: listening on 1.1.1.14 may accept requests via interfaces other than tap0472c3ec-d4
Jun  2 18:24:39 gtw01 dnsmasq[12418]: LOUD WARNING: use --bind-dynamic rather than --bind-interfaces to avoid DNS amplification attacks via these interface(s)
Jun  2 18:24:39 gtw01 dnsmasq[12418]: warning: no upstream servers configured
Jun  2 18:24:39 gtw01 dnsmasq-dhcp[12418]: DHCP, static leases only on 1.1.1.12, lease time 1h
Jun  2 18:24:39 gtw01 dnsmasq[12418]: read /var/lib/neutron/dhcp/c3258abd-def5-4505-8c51-5483e20b6ce0/addn_hosts - 1 addresses
Jun  2 18:24:39 gtw01 dnsmasq-dhcp[12418]: read /var/lib/neutron/dhcp/c3258abd-def5-4505-8c51-5483e20b6ce0/host
Jun  2 18:24:39 gtw01 dnsmasq-dhcp[12418]: read /var/lib/neutron/dhcp/c3258abd-def5-4505-8c51-5483e20b6ce0/opts
Jun  2 18:24:39 gtw01 haproxy-metadata-proxy-809124ae-d349-431a-9247-b8d63858171d[12423]: Proxy listener started.
Jun  2 18:24:39 gtw01 dnsmasq[12436]: started, version 2.80 cachesize 150
Jun  2 18:24:39 gtw01 dnsmasq[12436]: DNS service limited to local subnets
Jun  2 18:24:39 gtw01 dnsmasq[12436]: compile time options: IPv6 GNU-getopt DBus i18n IDN DHCP DHCPv6 no-Lua TFTP conntrack ipset auth DNSSEC loop-detect inotify dumpfile
Jun  2 18:24:39 gtw01 dnsmasq[12436]: LOUD WARNING: listening on 1.1.1.22 may accept requests via interfaces other than tap42008f07-1c
Jun  2 18:24:39 gtw01 dnsmasq[12436]: LOUD WARNING: use --bind-dynamic rather than --bind-interfaces to avoid DNS amplification attacks via these interface(s)
Jun  2 18:24:39 gtw01 dnsmasq[12436]: warning: no upstream servers configured
Jun  2 18:24:39 gtw01 dnsmasq-dhcp[12436]: DHCP, static leases only on 1.1.1.20, lease time 1h
Jun  2 18:24:39 gtw01 dnsmasq[12436]: read /var/lib/neutron/dhcp/0f798b8f-0eed-4999-a9a0-4ea533d90f35/addn_hosts - 1 addresses
Jun  2 18:24:39 gtw01 dnsmasq-dhcp[12436]: read /var/lib/neutron/dhcp/0f798b8f-0eed-4999-a9a0-4ea533d90f35/host
Jun  2 18:24:39 gtw01 dnsmasq-dhcp[12436]: read /var/lib/neutron/dhcp/0f798b8f-0eed-4999-a9a0-4ea533d90f35/opts
Jun  2 18:24:39 gtw01 dnsmasq[12098]: read /var/lib/neutron/dhcp/53923efe-a1c3-4274-9993-0e019903c0d7/addn_hosts - 1 addresses
Jun  2 18:24:39 gtw01 dnsmasq-dhcp[12098]: read /var/lib/neutron/dhcp/53923efe-a1c3-4274-9993-0e019903c0d7/host
Jun  2 18:24:39 gtw01 dnsmasq-dhcp[12098]: read /var/lib/neutron/dhcp/53923efe-a1c3-4274-9993-0e019903c0d7/opts
Jun  2 18:24:39 gtw01 haproxy-metadata-proxy-c3258abd-def5-4505-8c51-5483e20b6ce0[12444]: Proxy listener started.
Jun  2 18:24:39 gtw01 dnsmasq[12230]: read /var/lib/neutron/dhcp/d1c42d91-32ef-461e-8069-014876907028/addn_hosts - 1 addresses
Jun  2 18:24:39 gtw01 dnsmasq-dhcp[12230]: read /var/lib/neutron/dhcp/d1c42d91-32ef-461e-8069-014876907028/host
Jun  2 18:24:39 gtw01 dnsmasq-dhcp[12230]: read /var/lib/neutron/dhcp/d1c42d91-32ef-461e-8069-014876907028/opts
Jun  2 18:24:39 gtw01 haproxy-metadata-proxy-0f798b8f-0eed-4999-a9a0-4ea533d90f35[12454]: Proxy listener started.
Jun  2 18:24:40 gtw01 dnsmasq[12393]: read /var/lib/neutron/dhcp/809124ae-d349-431a-9247-b8d63858171d/addn_hosts - 1 addresses
Jun  2 18:24:40 gtw01 dnsmasq-dhcp[12393]: read /var/lib/neutron/dhcp/809124ae-d349-431a-9247-b8d63858171d/host
Jun  2 18:24:40 gtw01 dnsmasq-dhcp[12393]: read /var/lib/neutron/dhcp/809124ae-d349-431a-9247-b8d63858171d/opts
Jun  2 18:24:40 gtw01 dnsmasq[12159]: read /var/lib/neutron/dhcp/71deacba-0e9d-45ff-906f-47870cedc173/addn_hosts - 1 addresses
Jun  2 18:24:40 gtw01 dnsmasq-dhcp[12159]: read /var/lib/neutron/dhcp/71deacba-0e9d-45ff-906f-47870cedc173/host
Jun  2 18:24:40 gtw01 dnsmasq-dhcp[12159]: read /var/lib/neutron/dhcp/71deacba-0e9d-45ff-906f-47870cedc173/opts
Jun  2 18:24:41 gtw01 dnsmasq[12436]: read /var/lib/neutron/dhcp/0f798b8f-0eed-4999-a9a0-4ea533d90f35/addn_hosts - 1 addresses
Jun  2 18:24:41 gtw01 dnsmasq-dhcp[12436]: read /var/lib/neutron/dhcp/0f798b8f-0eed-4999-a9a0-4ea533d90f35/host
Jun  2 18:24:41 gtw01 dnsmasq-dhcp[12436]: read /var/lib/neutron/dhcp/0f798b8f-0eed-4999-a9a0-4ea533d90f35/opts
Jun  2 18:24:41 gtw01 dnsmasq[12418]: read /var/lib/neutron/dhcp/c3258abd-def5-4505-8c51-5483e20b6ce0/addn_hosts - 1 addresses
Jun  2 18:24:41 gtw01 dnsmasq-dhcp[12418]: read /var/lib/neutron/dhcp/c3258abd-def5-4505-8c51-5483e20b6ce0/host
Jun  2 18:24:41 gtw01 dnsmasq-dhcp[12418]: read /var/lib/neutron/dhcp/c3258abd-def5-4505-8c51-5483e20b6ce0/opts
Jun  2 18:24:41 gtw01 dnsmasq[12230]: read /var/lib/neutron/dhcp/d1c42d91-32ef-461e-8069-014876907028/addn_hosts - 1 addresses
Jun  2 18:24:41 gtw01 dnsmasq-dhcp[12230]: read /var/lib/neutron/dhcp/d1c42d91-32ef-461e-8069-014876907028/host
Jun  2 18:24:41 gtw01 dnsmasq-dhcp[12230]: read /var/lib/neutron/dhcp/d1c42d91-32ef-461e-8069-014876907028/opts
Jun  2 18:24:42 gtw01 dnsmasq[12393]: read /var/lib/neutron/dhcp/809124ae-d349-431a-9247-b8d63858171d/addn_hosts - 1 addresses
Jun  2 18:24:42 gtw01 dnsmasq-dhcp[12393]: read /var/lib/neutron/dhcp/809124ae-d349-431a-9247-b8d63858171d/host
Jun  2 18:24:42 gtw01 dnsmasq-dhcp[12393]: read /var/lib/neutron/dhcp/809124ae-d349-431a-9247-b8d63858171d/opts
Jun  2 18:24:43 gtw01 dnsmasq[12436]: read /var/lib/neutron/dhcp/0f798b8f-0eed-4999-a9a0-4ea533d90f35/addn_hosts - 1 addresses
Jun  2 18:24:43 gtw01 dnsmasq-dhcp[12436]: read /var/lib/neutron/dhcp/0f798b8f-0eed-4999-a9a0-4ea533d90f35/host
Jun  2 18:24:43 gtw01 dnsmasq-dhcp[12436]: read /var/lib/neutron/dhcp/0f798b8f-0eed-4999-a9a0-4ea533d90f35/opts
Jun  2 18:24:43 gtw01 kernel: [13425.734877] device tap9b9ebb8e-31 left promiscuous mode
Jun  2 18:24:43 gtw01 kernel: [13425.859721] device tap8ae0f709-4f entered promiscuous mode
Jun  2 18:24:43 gtw01 systemd-udevd[12618]: Could not generate persistent MAC address for tap8ae0f709-4f: No such file or directory
Jun  2 18:24:43 gtw01 systemd-udevd[12663]: Process '/sbin/ip link set tap8ae0f709-4f txqueuelen 10000' failed with exit code 1.
Jun  2 18:24:43 gtw01 dnsmasq[12418]: read /var/lib/neutron/dhcp/c3258abd-def5-4505-8c51-5483e20b6ce0/addn_hosts - 1 addresses
Jun  2 18:24:43 gtw01 dnsmasq-dhcp[12418]: read /var/lib/neutron/dhcp/c3258abd-def5-4505-8c51-5483e20b6ce0/host
Jun  2 18:24:43 gtw01 dnsmasq-dhcp[12418]: read /var/lib/neutron/dhcp/c3258abd-def5-4505-8c51-5483e20b6ce0/opts
Jun  2 18:24:44 gtw01 kernel: [13426.326280] device tapad79c4a3-78 left promiscuous mode
Jun  2 18:24:44 gtw01 dnsmasq[12393]: read /var/lib/neutron/dhcp/809124ae-d349-431a-9247-b8d63858171d/addn_hosts - 1 addresses
Jun  2 18:24:44 gtw01 dnsmasq-dhcp[12393]: read /var/lib/neutron/dhcp/809124ae-d349-431a-9247-b8d63858171d/host
Jun  2 18:24:44 gtw01 dnsmasq-dhcp[12393]: read /var/lib/neutron/dhcp/809124ae-d349-431a-9247-b8d63858171d/opts
Jun  2 18:24:45 gtw01 kernel: [13427.418081] device tapc91e608e-8f left promiscuous mode
Jun  2 18:24:45 gtw01 kernel: [13427.990433] device tap164fb95e-f7 left promiscuous mode
Jun  2 18:24:45 gtw01 kernel: [13428.085005] device tap42008f07-1c left promiscuous mode
Jun  2 18:24:45 gtw01 kernel: [13428.216102] device tap678c94e2-95 left promiscuous mode
Jun  2 18:24:46 gtw01 kernel: [13428.300343] device tap0472c3ec-d4 left promiscuous mode
Jun  2 18:24:46 gtw01 kernel: [13428.323220] device tapa27546c7-71 left promiscuous mode
Jun  2 18:24:47 gtw01 dnsmasq[12808]: started, version 2.80 cachesize 150
Jun  2 18:24:47 gtw01 dnsmasq[12808]: DNS service limited to local subnets
Jun  2 18:24:47 gtw01 dnsmasq[12808]: compile time options: IPv6 GNU-getopt DBus i18n IDN DHCP DHCPv6 no-Lua TFTP conntrack ipset auth DNSSEC loop-detect inotify dumpfile
