Jun  2 16:25:01 gtw01 dnsmasq-dhcp[20861]: read /var/lib/neutron/dhcp/539bbc3c-905b-49e5-a7da-88f6a60c7a67/host
Jun  2 16:25:01 gtw01 dnsmasq-dhcp[20861]: read /var/lib/neutron/dhcp/539bbc3c-905b-49e5-a7da-88f6a60c7a67/opts
Jun  2 16:25:01 gtw01 dnsmasq[20795]: read /var/lib/neutron/dhcp/2d98e09d-5bee-44f0-bf8c-e10aa22eec38/addn_hosts - 3 addresses
Jun  2 16:25:01 gtw01 dnsmasq-dhcp[20795]: read /var/lib/neutron/dhcp/2d98e09d-5bee-44f0-bf8c-e10aa22eec38/host
Jun  2 16:25:01 gtw01 dnsmasq-dhcp[20795]: read /var/lib/neutron/dhcp/2d98e09d-5bee-44f0-bf8c-e10aa22eec38/opts
Jun  2 16:25:02 gtw01 dnsmasq[20795]: read /var/lib/neutron/dhcp/2d98e09d-5bee-44f0-bf8c-e10aa22eec38/addn_hosts - 3 addresses
Jun  2 16:25:02 gtw01 dnsmasq-dhcp[20795]: read /var/lib/neutron/dhcp/2d98e09d-5bee-44f0-bf8c-e10aa22eec38/host
Jun  2 16:25:02 gtw01 dnsmasq-dhcp[20795]: read /var/lib/neutron/dhcp/2d98e09d-5bee-44f0-bf8c-e10aa22eec38/opts
Jun  2 16:25:02 gtw01 dnsmasq[20861]: read /var/lib/neutron/dhcp/539bbc3c-905b-49e5-a7da-88f6a60c7a67/addn_hosts - 2 addresses
Jun  2 16:25:02 gtw01 dnsmasq-dhcp[20861]: read /var/lib/neutron/dhcp/539bbc3c-905b-49e5-a7da-88f6a60c7a67/host
Jun  2 16:25:02 gtw01 dnsmasq-dhcp[20861]: read /var/lib/neutron/dhcp/539bbc3c-905b-49e5-a7da-88f6a60c7a67/opts
Jun  2 16:25:03 gtw01 dnsmasq[20861]: read /var/lib/neutron/dhcp/539bbc3c-905b-49e5-a7da-88f6a60c7a67/addn_hosts - 2 addresses
Jun  2 16:25:03 gtw01 dnsmasq-dhcp[20861]: read /var/lib/neutron/dhcp/539bbc3c-905b-49e5-a7da-88f6a60c7a67/host
Jun  2 16:25:03 gtw01 dnsmasq-dhcp[20861]: read /var/lib/neutron/dhcp/539bbc3c-905b-49e5-a7da-88f6a60c7a67/opts
Jun  2 16:25:04 gtw01 dnsmasq[20795]: read /var/lib/neutron/dhcp/2d98e09d-5bee-44f0-bf8c-e10aa22eec38/addn_hosts - 3 addresses
Jun  2 16:25:04 gtw01 dnsmasq-dhcp[20795]: read /var/lib/neutron/dhcp/2d98e09d-5bee-44f0-bf8c-e10aa22eec38/host
Jun  2 16:25:04 gtw01 dnsmasq-dhcp[20795]: read /var/lib/neutron/dhcp/2d98e09d-5bee-44f0-bf8c-e10aa22eec38/opts
Jun  2 16:25:05 gtw01 dnsmasq[20795]: read /var/lib/neutron/dhcp/2d98e09d-5bee-44f0-bf8c-e10aa22eec38/addn_hosts - 3 addresses
Jun  2 16:25:05 gtw01 dnsmasq-dhcp[20795]: read /var/lib/neutron/dhcp/2d98e09d-5bee-44f0-bf8c-e10aa22eec38/host
Jun  2 16:25:05 gtw01 dnsmasq-dhcp[20795]: read /var/lib/neutron/dhcp/2d98e09d-5bee-44f0-bf8c-e10aa22eec38/opts
Jun  2 16:25:07 gtw01 dnsmasq[12701]: read /var/lib/neutron/dhcp/c59cf9c1-a00f-4a22-ae8e-4a7d939a403d/addn_hosts - 4 addresses
Jun  2 16:25:07 gtw01 dnsmasq-dhcp[12701]: read /var/lib/neutron/dhcp/c59cf9c1-a00f-4a22-ae8e-4a7d939a403d/host
Jun  2 16:25:07 gtw01 dnsmasq-dhcp[12701]: read /var/lib/neutron/dhcp/c59cf9c1-a00f-4a22-ae8e-4a7d939a403d/opts
Jun  2 16:25:08 gtw01 dnsmasq[12701]: read /var/lib/neutron/dhcp/c59cf9c1-a00f-4a22-ae8e-4a7d939a403d/addn_hosts - 4 addresses
Jun  2 16:25:08 gtw01 dnsmasq-dhcp[12701]: read /var/lib/neutron/dhcp/c59cf9c1-a00f-4a22-ae8e-4a7d939a403d/host
Jun  2 16:25:08 gtw01 dnsmasq-dhcp[12701]: read /var/lib/neutron/dhcp/c59cf9c1-a00f-4a22-ae8e-4a7d939a403d/opts
Jun  2 16:25:09 gtw01 dnsmasq[12701]: read /var/lib/neutron/dhcp/c59cf9c1-a00f-4a22-ae8e-4a7d939a403d/addn_hosts - 4 addresses
Jun  2 16:25:09 gtw01 dnsmasq-dhcp[12701]: read /var/lib/neutron/dhcp/c59cf9c1-a00f-4a22-ae8e-4a7d939a403d/host
Jun  2 16:25:09 gtw01 dnsmasq-dhcp[12701]: read /var/lib/neutron/dhcp/c59cf9c1-a00f-4a22-ae8e-4a7d939a403d/opts
Jun  2 16:25:15 gtw01 dnsmasq[20861]: read /var/lib/neutron/dhcp/539bbc3c-905b-49e5-a7da-88f6a60c7a67/addn_hosts - 1 addresses
Jun  2 16:25:15 gtw01 dnsmasq-dhcp[20861]: read /var/lib/neutron/dhcp/539bbc3c-905b-49e5-a7da-88f6a60c7a67/host
Jun  2 16:25:15 gtw01 dnsmasq-dhcp[20861]: read /var/lib/neutron/dhcp/539bbc3c-905b-49e5-a7da-88f6a60c7a67/opts
Jun  2 16:25:16 gtw01 dnsmasq[20795]: read /var/lib/neutron/dhcp/2d98e09d-5bee-44f0-bf8c-e10aa22eec38/addn_hosts - 2 addresses
Jun  2 16:25:16 gtw01 dnsmasq-dhcp[20795]: read /var/lib/neutron/dhcp/2d98e09d-5bee-44f0-bf8c-e10aa22eec38/host
Jun  2 16:25:16 gtw01 dnsmasq-dhcp[20795]: read /var/lib/neutron/dhcp/2d98e09d-5bee-44f0-bf8c-e10aa22eec38/opts
Jun  2 16:25:17 gtw01 dnsmasq[20795]: read /var/lib/neutron/dhcp/2d98e09d-5bee-44f0-bf8c-e10aa22eec38/addn_hosts - 1 addresses
Jun  2 16:25:17 gtw01 dnsmasq-dhcp[20795]: read /var/lib/neutron/dhcp/2d98e09d-5bee-44f0-bf8c-e10aa22eec38/host
Jun  2 16:25:17 gtw01 dnsmasq-dhcp[20795]: read /var/lib/neutron/dhcp/2d98e09d-5bee-44f0-bf8c-e10aa22eec38/opts
Jun  2 16:25:19 gtw01 kernel: [ 6262.150038] device tap90d064a2-d1 left promiscuous mode
Jun  2 16:25:20 gtw01 dnsmasq[12701]: read /var/lib/neutron/dhcp/c59cf9c1-a00f-4a22-ae8e-4a7d939a403d/addn_hosts - 3 addresses
Jun  2 16:25:20 gtw01 dnsmasq-dhcp[12701]: read /var/lib/neutron/dhcp/c59cf9c1-a00f-4a22-ae8e-4a7d939a403d/host
Jun  2 16:25:20 gtw01 dnsmasq-dhcp[12701]: read /var/lib/neutron/dhcp/c59cf9c1-a00f-4a22-ae8e-4a7d939a403d/opts
Jun  2 16:25:23 gtw01 kernel: [ 6265.667702] device tapb3cdeba6-72 left promiscuous mode
Jun  2 16:25:29 gtw01 kernel: [ 6271.794153] device tap25de3eef-8c entered promiscuous mode
Jun  2 16:25:29 gtw01 systemd-udevd[21240]: Could not generate persistent MAC address for tap25de3eef-8c: No such file or directory
Jun  2 16:25:29 gtw01 systemd-udevd[21285]: Process '/sbin/ip link set tap25de3eef-8c txqueuelen 10000' failed with exit code 1.
Jun  2 16:25:30 gtw01 dnsmasq[12701]: read /var/lib/neutron/dhcp/c59cf9c1-a00f-4a22-ae8e-4a7d939a403d/addn_hosts - 4 addresses
Jun  2 16:25:30 gtw01 dnsmasq-dhcp[12701]: read /var/lib/neutron/dhcp/c59cf9c1-a00f-4a22-ae8e-4a7d939a403d/host
Jun  2 16:25:30 gtw01 dnsmasq-dhcp[12701]: read /var/lib/neutron/dhcp/c59cf9c1-a00f-4a22-ae8e-4a7d939a403d/opts
Jun  2 16:25:30 gtw01 kernel: [ 6273.211375] device tap08405b09-dd entered promiscuous mode
Jun  2 16:25:30 gtw01 systemd-udevd[21348]: Could not generate persistent MAC address for tap08405b09-dd: No such file or directory
Jun  2 16:25:31 gtw01 systemd-udevd[21393]: Process '/sbin/ip link set tap08405b09-dd txqueuelen 10000' failed with exit code 1.
Jun  2 16:25:31 gtw01 dnsmasq[12701]: read /var/lib/neutron/dhcp/c59cf9c1-a00f-4a22-ae8e-4a7d939a403d/addn_hosts - 4 addresses
Jun  2 16:25:31 gtw01 dnsmasq-dhcp[12701]: read /var/lib/neutron/dhcp/c59cf9c1-a00f-4a22-ae8e-4a7d939a403d/host
Jun  2 16:25:31 gtw01 dnsmasq-dhcp[12701]: read /var/lib/neutron/dhcp/c59cf9c1-a00f-4a22-ae8e-4a7d939a403d/opts
Jun  2 16:25:32 gtw01 dnsmasq[12701]: read /var/lib/neutron/dhcp/c59cf9c1-a00f-4a22-ae8e-4a7d939a403d/addn_hosts - 4 addresses
Jun  2 16:25:32 gtw01 dnsmasq-dhcp[12701]: read /var/lib/neutron/dhcp/c59cf9c1-a00f-4a22-ae8e-4a7d939a403d/host
Jun  2 16:25:32 gtw01 dnsmasq-dhcp[12701]: read /var/lib/neutron/dhcp/c59cf9c1-a00f-4a22-ae8e-4a7d939a403d/opts
Jun  2 16:25:33 gtw01 dnsmasq[21507]: started, version 2.80 cachesize 150
Jun  2 16:25:33 gtw01 dnsmasq[21507]: DNS service limited to local subnets
Jun  2 16:25:33 gtw01 dnsmasq[21507]: compile time options: IPv6 GNU-getopt DBus i18n IDN DHCP DHCPv6 no-Lua TFTP conntrack ipset auth DNSSEC loop-detect inotify dumpfile
Jun  2 16:25:33 gtw01 dnsmasq[21507]: LOUD WARNING: listening on 19.80.0.2 may accept requests via interfaces other than tap25de3eef-8c
Jun  2 16:25:33 gtw01 dnsmasq[21507]: LOUD WARNING: use --bind-dynamic rather than --bind-interfaces to avoid DNS amplification attacks via these interface(s)
Jun  2 16:25:33 gtw01 dnsmasq[21507]: warning: no upstream servers configured
Jun  2 16:25:33 gtw01 dnsmasq-dhcp[21507]: DHCP, static leases only on 19.80.0.0, lease time 1h
Jun  2 16:25:33 gtw01 dnsmasq[21507]: read /var/lib/neutron/dhcp/1a752b70-2703-4135-ba76-a59e7e7d5ce2/addn_hosts - 1 addresses
Jun  2 16:25:33 gtw01 dnsmasq-dhcp[21507]: read /var/lib/neutron/dhcp/1a752b70-2703-4135-ba76-a59e7e7d5ce2/host
Jun  2 16:25:33 gtw01 dnsmasq-dhcp[21507]: read /var/lib/neutron/dhcp/1a752b70-2703-4135-ba76-a59e7e7d5ce2/opts
Jun  2 16:25:33 gtw01 haproxy-metadata-proxy-1a752b70-2703-4135-ba76-a59e7e7d5ce2[21515]: Proxy listener started.
Jun  2 16:25:34 gtw01 dnsmasq[21507]: read /var/lib/neutron/dhcp/1a752b70-2703-4135-ba76-a59e7e7d5ce2/addn_hosts - 2 addresses
Jun  2 16:25:34 gtw01 dnsmasq-dhcp[21507]: read /var/lib/neutron/dhcp/1a752b70-2703-4135-ba76-a59e7e7d5ce2/host
Jun  2 16:25:34 gtw01 dnsmasq-dhcp[21507]: read /var/lib/neutron/dhcp/1a752b70-2703-4135-ba76-a59e7e7d5ce2/opts
Jun  2 16:25:34 gtw01 dnsmasq[21542]: started, version 2.80 cachesize 150
Jun  2 16:25:34 gtw01 dnsmasq[21542]: DNS service limited to local subnets
Jun  2 16:25:34 gtw01 dnsmasq[21542]: compile time options: IPv6 GNU-getopt DBus i18n IDN DHCP DHCPv6 no-Lua TFTP conntrack ipset auth DNSSEC loop-detect inotify dumpfile
Jun  2 16:25:34 gtw01 dnsmasq[21542]: LOUD WARNING: listening on 19.86.0.2 may accept requests via interfaces other than tap08405b09-dd
Jun  2 16:25:34 gtw01 dnsmasq[21542]: LOUD WARNING: use --bind-dynamic rather than --bind-interfaces to avoid DNS amplification attacks via these interface(s)
Jun  2 16:25:34 gtw01 dnsmasq[21542]: warning: no upstream servers configured
Jun  2 16:25:34 gtw01 dnsmasq-dhcp[21542]: DHCP, static leases only on 19.86.0.0, lease time 1h
Jun  2 16:25:34 gtw01 dnsmasq[21542]: read /var/lib/neutron/dhcp/9fd816d9-245a-4715-b314-328fbdb124a7/addn_hosts - 1 addresses
Jun  2 16:25:34 gtw01 dnsmasq-dhcp[21542]: read /var/lib/neutron/dhcp/9fd816d9-245a-4715-b314-328fbdb124a7/host
Jun  2 16:25:34 gtw01 dnsmasq-dhcp[21542]: read /var/lib/neutron/dhcp/9fd816d9-245a-4715-b314-328fbdb124a7/opts
Jun  2 16:25:34 gtw01 haproxy-metadata-proxy-9fd816d9-245a-4715-b314-328fbdb124a7[21549]: Proxy listener started.
Jun  2 16:25:35 gtw01 dnsmasq[21507]: read /var/lib/neutron/dhcp/1a752b70-2703-4135-ba76-a59e7e7d5ce2/addn_hosts - 2 addresses
Jun  2 16:25:35 gtw01 dnsmasq-dhcp[21507]: read /var/lib/neutron/dhcp/1a752b70-2703-4135-ba76-a59e7e7d5ce2/host
Jun  2 16:25:35 gtw01 dnsmasq-dhcp[21507]: read /var/lib/neutron/dhcp/1a752b70-2703-4135-ba76-a59e7e7d5ce2/opts
Jun  2 16:25:35 gtw01 dnsmasq[21542]: read /var/lib/neutron/dhcp/9fd816d9-245a-4715-b314-328fbdb124a7/addn_hosts - 2 addresses
Jun  2 16:25:35 gtw01 dnsmasq-dhcp[21542]: read /var/lib/neutron/dhcp/9fd816d9-245a-4715-b314-328fbdb124a7/host
Jun  2 16:25:35 gtw01 dnsmasq-dhcp[21542]: read /var/lib/neutron/dhcp/9fd816d9-245a-4715-b314-328fbdb124a7/opts
Jun  2 16:25:36 gtw01 dnsmasq[21507]: read /var/lib/neutron/dhcp/1a752b70-2703-4135-ba76-a59e7e7d5ce2/addn_hosts - 2 addresses
Jun  2 16:25:36 gtw01 dnsmasq-dhcp[21507]: read /var/lib/neutron/dhcp/1a752b70-2703-4135-ba76-a59e7e7d5ce2/host
Jun  2 16:25:36 gtw01 dnsmasq-dhcp[21507]: read /var/lib/neutron/dhcp/1a752b70-2703-4135-ba76-a59e7e7d5ce2/opts
Jun  2 16:25:36 gtw01 dnsmasq[21542]: read /var/lib/neutron/dhcp/9fd816d9-245a-4715-b314-328fbdb124a7/addn_hosts - 2 addresses
Jun  2 16:25:36 gtw01 dnsmasq-dhcp[21542]: read /var/lib/neutron/dhcp/9fd816d9-245a-4715-b314-328fbdb124a7/host
Jun  2 16:25:36 gtw01 dnsmasq-dhcp[21542]: read /var/lib/neutron/dhcp/9fd816d9-245a-4715-b314-328fbdb124a7/opts
Jun  2 16:25:37 gtw01 dnsmasq[12701]: read /var/lib/neutron/dhcp/c59cf9c1-a00f-4a22-ae8e-4a7d939a403d/addn_hosts - 3 addresses
Jun  2 16:25:37 gtw01 dnsmasq-dhcp[12701]: read /var/lib/neutron/dhcp/c59cf9c1-a00f-4a22-ae8e-4a7d939a403d/host
Jun  2 16:25:37 gtw01 dnsmasq-dhcp[12701]: read /var/lib/neutron/dhcp/c59cf9c1-a00f-4a22-ae8e-4a7d939a403d/opts
Jun  2 16:25:37 gtw01 dnsmasq[21507]: read /var/lib/neutron/dhcp/1a752b70-2703-4135-ba76-a59e7e7d5ce2/addn_hosts - 2 addresses
Jun  2 16:25:37 gtw01 dnsmasq-dhcp[21507]: read /var/lib/neutron/dhcp/1a752b70-2703-4135-ba76-a59e7e7d5ce2/host
Jun  2 16:25:37 gtw01 dnsmasq-dhcp[21507]: read /var/lib/neutron/dhcp/1a752b70-2703-4135-ba76-a59e7e7d5ce2/opts
Jun  2 16:25:37 gtw01 dnsmasq[21542]: read /var/lib/neutron/dhcp/9fd816d9-245a-4715-b314-328fbdb124a7/addn_hosts - 2 addresses
Jun  2 16:25:37 gtw01 dnsmasq-dhcp[21542]: read /var/lib/neutron/dhcp/9fd816d9-245a-4715-b314-328fbdb124a7/host
Jun  2 16:25:37 gtw01 dnsmasq-dhcp[21542]: read /var/lib/neutron/dhcp/9fd816d9-245a-4715-b314-328fbdb124a7/opts
Jun  2 16:25:38 gtw01 dnsmasq[21507]: read /var/lib/neutron/dhcp/1a752b70-2703-4135-ba76-a59e7e7d5ce2/addn_hosts - 2 addresses
Jun  2 16:25:38 gtw01 dnsmasq-dhcp[21507]: read /var/lib/neutron/dhcp/1a752b70-2703-4135-ba76-a59e7e7d5ce2/host
Jun  2 16:25:38 gtw01 dnsmasq-dhcp[21507]: read /var/lib/neutron/dhcp/1a752b70-2703-4135-ba76-a59e7e7d5ce2/opts
Jun  2 16:25:38 gtw01 dnsmasq[21542]: read /var/lib/neutron/dhcp/9fd816d9-245a-4715-b314-328fbdb124a7/addn_hosts - 2 addresses
Jun  2 16:25:38 gtw01 dnsmasq-dhcp[21542]: read /var/lib/neutron/dhcp/9fd816d9-245a-4715-b314-328fbdb124a7/host
Jun  2 16:25:38 gtw01 dnsmasq-dhcp[21542]: read /var/lib/neutron/dhcp/9fd816d9-245a-4715-b314-328fbdb124a7/opts
Jun  2 16:25:39 gtw01 dnsmasq[21507]: read /var/lib/neutron/dhcp/1a752b70-2703-4135-ba76-a59e7e7d5ce2/addn_hosts - 2 addresses
Jun  2 16:25:39 gtw01 dnsmasq-dhcp[21507]: read /var/lib/neutron/dhcp/1a752b70-2703-4135-ba76-a59e7e7d5ce2/host
Jun  2 16:25:39 gtw01 dnsmasq-dhcp[21507]: read /var/lib/neutron/dhcp/1a752b70-2703-4135-ba76-a59e7e7d5ce2/opts
Jun  2 16:25:39 gtw01 dnsmasq[21542]: read /var/lib/neutron/dhcp/9fd816d9-245a-4715-b314-328fbdb124a7/addn_hosts - 2 addresses
Jun  2 16:25:39 gtw01 dnsmasq-dhcp[21542]: read /var/lib/neutron/dhcp/9fd816d9-245a-4715-b314-328fbdb124a7/host
Jun  2 16:25:39 gtw01 dnsmasq-dhcp[21542]: read /var/lib/neutron/dhcp/9fd816d9-245a-4715-b314-328fbdb124a7/opts
Jun  2 16:25:40 gtw01 dnsmasq[21542]: read /var/lib/neutron/dhcp/9fd816d9-245a-4715-b314-328fbdb124a7/addn_hosts - 2 addresses
Jun  2 16:25:40 gtw01 dnsmasq-dhcp[21542]: read /var/lib/neutron/dhcp/9fd816d9-245a-4715-b314-328fbdb124a7/host
Jun  2 16:25:40 gtw01 dnsmasq-dhcp[21542]: read /var/lib/neutron/dhcp/9fd816d9-245a-4715-b314-328fbdb124a7/opts
Jun  2 16:25:44 gtw01 dnsmasq[21542]: read /var/lib/neutron/dhcp/9fd816d9-245a-4715-b314-328fbdb124a7/addn_hosts - 1 addresses
Jun  2 16:25:44 gtw01 dnsmasq-dhcp[21542]: read /var/lib/neutron/dhcp/9fd816d9-245a-4715-b314-328fbdb124a7/host
Jun  2 16:25:44 gtw01 dnsmasq-dhcp[21542]: read /var/lib/neutron/dhcp/9fd816d9-245a-4715-b314-328fbdb124a7/opts
Jun  2 16:25:45 gtw01 systemd-udevd[21786]: Could not generate persistent MAC address for tapc45a040d-5e: No such file or directory
Jun  2 16:25:45 gtw01 kernel: [ 6287.733792] device tapc45a040d-5e entered promiscuous mode
Jun  2 16:25:45 gtw01 systemd-udevd[21831]: Process '/sbin/ip link set tapc45a040d-5e txqueuelen 10000' failed with exit code 1.
Jun  2 16:25:45 gtw01 dnsmasq[21507]: read /var/lib/neutron/dhcp/1a752b70-2703-4135-ba76-a59e7e7d5ce2/addn_hosts - 1 addresses
Jun  2 16:25:45 gtw01 dnsmasq-dhcp[21507]: read /var/lib/neutron/dhcp/1a752b70-2703-4135-ba76-a59e7e7d5ce2/host
Jun  2 16:25:45 gtw01 dnsmasq-dhcp[21507]: read /var/lib/neutron/dhcp/1a752b70-2703-4135-ba76-a59e7e7d5ce2/opts
Jun  2 16:25:48 gtw01 dnsmasq[21908]: started, version 2.80 cachesize 150
Jun  2 16:25:48 gtw01 dnsmasq[21908]: DNS service limited to local subnets
Jun  2 16:25:48 gtw01 dnsmasq[21908]: compile time options: IPv6 GNU-getopt DBus i18n IDN DHCP DHCPv6 no-Lua TFTP conntrack ipset auth DNSSEC loop-detect inotify dumpfile
Jun  2 16:25:48 gtw01 dnsmasq[21908]: warning: no upstream servers configured
Jun  2 16:25:48 gtw01 dnsmasq-dhcp[21908]: DHCP, static leases only on 192.168.120.0, lease time 1h
Jun  2 16:25:48 gtw01 dnsmasq[21908]: read /var/lib/neutron/dhcp/d351a1e5-d1a0-492e-aa76-28261ca656d4/addn_hosts - 1 addresses
Jun  2 16:25:48 gtw01 dnsmasq-dhcp[21908]: read /var/lib/neutron/dhcp/d351a1e5-d1a0-492e-aa76-28261ca656d4/host
Jun  2 16:25:48 gtw01 dnsmasq-dhcp[21908]: read /var/lib/neutron/dhcp/d351a1e5-d1a0-492e-aa76-28261ca656d4/opts
Jun  2 16:25:48 gtw01 haproxy-metadata-proxy-d351a1e5-d1a0-492e-aa76-28261ca656d4[21912]: Proxy listener started.
Jun  2 16:25:50 gtw01 kernel: [ 6292.322415] device tap08405b09-dd left promiscuous mode
Jun  2 16:25:50 gtw01 dnsmasq[21908]: read /var/lib/neutron/dhcp/d351a1e5-d1a0-492e-aa76-28261ca656d4/addn_hosts - 1 addresses
Jun  2 16:25:50 gtw01 dnsmasq-dhcp[21908]: read /var/lib/neutron/dhcp/d351a1e5-d1a0-492e-aa76-28261ca656d4/host
Jun  2 16:25:50 gtw01 dnsmasq-dhcp[21908]: read /var/lib/neutron/dhcp/d351a1e5-d1a0-492e-aa76-28261ca656d4/opts
Jun  2 16:25:51 gtw01 dnsmasq[21908]: read /var/lib/neutron/dhcp/d351a1e5-d1a0-492e-aa76-28261ca656d4/addn_hosts - 1 addresses
Jun  2 16:25:51 gtw01 dnsmasq-dhcp[21908]: read /var/lib/neutron/dhcp/d351a1e5-d1a0-492e-aa76-28261ca656d4/host
Jun  2 16:25:51 gtw01 dnsmasq-dhcp[21908]: read /var/lib/neutron/dhcp/d351a1e5-d1a0-492e-aa76-28261ca656d4/opts
Jun  2 16:25:51 gtw01 dnsmasq[21908]: read /var/lib/neutron/dhcp/d351a1e5-d1a0-492e-aa76-28261ca656d4/addn_hosts - 2 addresses
Jun  2 16:25:51 gtw01 dnsmasq-dhcp[21908]: read /var/lib/neutron/dhcp/d351a1e5-d1a0-492e-aa76-28261ca656d4/host
Jun  2 16:25:51 gtw01 dnsmasq-dhcp[21908]: read /var/lib/neutron/dhcp/d351a1e5-d1a0-492e-aa76-28261ca656d4/opts
Jun  2 16:25:52 gtw01 dnsmasq[21908]: read /var/lib/neutron/dhcp/d351a1e5-d1a0-492e-aa76-28261ca656d4/addn_hosts - 3 addresses
Jun  2 16:25:52 gtw01 dnsmasq-dhcp[21908]: read /var/lib/neutron/dhcp/d351a1e5-d1a0-492e-aa76-28261ca656d4/host
Jun  2 16:25:52 gtw01 dnsmasq-dhcp[21908]: read /var/lib/neutron/dhcp/d351a1e5-d1a0-492e-aa76-28261ca656d4/opts
Jun  2 16:25:53 gtw01 dnsmasq[21908]: read /var/lib/neutron/dhcp/d351a1e5-d1a0-492e-aa76-28261ca656d4/addn_hosts - 3 addresses
Jun  2 16:25:53 gtw01 dnsmasq-dhcp[21908]: read /var/lib/neutron/dhcp/d351a1e5-d1a0-492e-aa76-28261ca656d4/host
Jun  2 16:25:53 gtw01 dnsmasq-dhcp[21908]: read /var/lib/neutron/dhcp/d351a1e5-d1a0-492e-aa76-28261ca656d4/opts
Jun  2 16:25:54 gtw01 dnsmasq[21908]: read /var/lib/neutron/dhcp/d351a1e5-d1a0-492e-aa76-28261ca656d4/addn_hosts - 3 addresses
Jun  2 16:25:54 gtw01 dnsmasq-dhcp[21908]: read /var/lib/neutron/dhcp/d351a1e5-d1a0-492e-aa76-28261ca656d4/host
Jun  2 16:25:54 gtw01 dnsmasq-dhcp[21908]: read /var/lib/neutron/dhcp/d351a1e5-d1a0-492e-aa76-28261ca656d4/opts
Jun  2 16:25:55 gtw01 kernel: [ 6297.371461] device tap25de3eef-8c left promiscuous mode
Jun  2 16:25:55 gtw01 dnsmasq[21908]: read /var/lib/neutron/dhcp/d351a1e5-d1a0-492e-aa76-28261ca656d4/addn_hosts - 4 addresses
Jun  2 16:25:55 gtw01 dnsmasq-dhcp[21908]: read /var/lib/neutron/dhcp/d351a1e5-d1a0-492e-aa76-28261ca656d4/host
Jun  2 16:25:55 gtw01 dnsmasq-dhcp[21908]: read /var/lib/neutron/dhcp/d351a1e5-d1a0-492e-aa76-28261ca656d4/opts
Jun  2 16:25:56 gtw01 dnsmasq[21908]: read /var/lib/neutron/dhcp/d351a1e5-d1a0-492e-aa76-28261ca656d4/addn_hosts - 4 addresses
Jun  2 16:25:56 gtw01 dnsmasq-dhcp[21908]: read /var/lib/neutron/dhcp/d351a1e5-d1a0-492e-aa76-28261ca656d4/host
Jun  2 16:25:56 gtw01 dnsmasq-dhcp[21908]: read /var/lib/neutron/dhcp/d351a1e5-d1a0-492e-aa76-28261ca656d4/opts
Jun  2 16:25:57 gtw01 dnsmasq[12701]: read /var/lib/neutron/dhcp/c59cf9c1-a00f-4a22-ae8e-4a7d939a403d/addn_hosts - 2 addresses
Jun  2 16:25:57 gtw01 dnsmasq-dhcp[12701]: read /var/lib/neutron/dhcp/c59cf9c1-a00f-4a22-ae8e-4a7d939a403d/host
Jun  2 16:25:57 gtw01 dnsmasq-dhcp[12701]: read /var/lib/neutron/dhcp/c59cf9c1-a00f-4a22-ae8e-4a7d939a403d/opts
Jun  2 16:25:57 gtw01 dnsmasq[21908]: read /var/lib/neutron/dhcp/d351a1e5-d1a0-492e-aa76-28261ca656d4/addn_hosts - 4 addresses
Jun  2 16:25:57 gtw01 dnsmasq-dhcp[21908]: read /var/lib/neutron/dhcp/d351a1e5-d1a0-492e-aa76-28261ca656d4/host
Jun  2 16:25:57 gtw01 dnsmasq-dhcp[21908]: read /var/lib/neutron/dhcp/d351a1e5-d1a0-492e-aa76-28261ca656d4/opts
Jun  2 16:25:58 gtw01 dnsmasq[21908]: read /var/lib/neutron/dhcp/d351a1e5-d1a0-492e-aa76-28261ca656d4/addn_hosts - 4 addresses
Jun  2 16:25:58 gtw01 dnsmasq-dhcp[21908]: read /var/lib/neutron/dhcp/d351a1e5-d1a0-492e-aa76-28261ca656d4/host
Jun  2 16:25:58 gtw01 dnsmasq-dhcp[21908]: read /var/lib/neutron/dhcp/d351a1e5-d1a0-492e-aa76-28261ca656d4/opts
Jun  2 16:25:59 gtw01 dnsmasq[21908]: read /var/lib/neutron/dhcp/d351a1e5-d1a0-492e-aa76-28261ca656d4/addn_hosts - 4 addresses
Jun  2 16:25:59 gtw01 dnsmasq-dhcp[21908]: read /var/lib/neutron/dhcp/d351a1e5-d1a0-492e-aa76-28261ca656d4/host
Jun  2 16:25:59 gtw01 dnsmasq-dhcp[21908]: read /var/lib/neutron/dhcp/d351a1e5-d1a0-492e-aa76-28261ca656d4/opts
Jun  2 16:26:00 gtw01 dnsmasq[21908]: read /var/lib/neutron/dhcp/d351a1e5-d1a0-492e-aa76-28261ca656d4/addn_hosts - 4 addresses
Jun  2 16:26:00 gtw01 dnsmasq-dhcp[21908]: read /var/lib/neutron/dhcp/d351a1e5-d1a0-492e-aa76-28261ca656d4/host
Jun  2 16:26:00 gtw01 dnsmasq-dhcp[21908]: read /var/lib/neutron/dhcp/d351a1e5-d1a0-492e-aa76-28261ca656d4/opts
Jun  2 16:26:02 gtw01 dnsmasq[12701]: read /var/lib/neutron/dhcp/c59cf9c1-a00f-4a22-ae8e-4a7d939a403d/addn_hosts - 3 addresses
Jun  2 16:26:02 gtw01 dnsmasq-dhcp[12701]: read /var/lib/neutron/dhcp/c59cf9c1-a00f-4a22-ae8e-4a7d939a403d/host
Jun  2 16:26:02 gtw01 dnsmasq-dhcp[12701]: read /var/lib/neutron/dhcp/c59cf9c1-a00f-4a22-ae8e-4a7d939a403d/opts
Jun  2 16:26:02 gtw01 dnsmasq[20467]: read /var/lib/neutron/dhcp/6f457663-4878-466a-a2d3-791841154c69/addn_hosts - 1 addresses
Jun  2 16:26:02 gtw01 dnsmasq-dhcp[20467]: read /var/lib/neutron/dhcp/6f457663-4878-466a-a2d3-791841154c69/host
Jun  2 16:26:02 gtw01 dnsmasq-dhcp[20467]: read /var/lib/neutron/dhcp/6f457663-4878-466a-a2d3-791841154c69/opts
Jun  2 16:26:04 gtw01 dnsmasq[12701]: read /var/lib/neutron/dhcp/c59cf9c1-a00f-4a22-ae8e-4a7d939a403d/addn_hosts - 3 addresses
Jun  2 16:26:04 gtw01 dnsmasq-dhcp[12701]: read /var/lib/neutron/dhcp/c59cf9c1-a00f-4a22-ae8e-4a7d939a403d/host
Jun  2 16:26:04 gtw01 dnsmasq-dhcp[12701]: read /var/lib/neutron/dhcp/c59cf9c1-a00f-4a22-ae8e-4a7d939a403d/opts
Jun  2 16:26:04 gtw01 dnsmasq-dhcp[21908]: DHCPDISCOVER(tapc45a040d-5e) fa:16:3e:94:e7:6f
Jun  2 16:26:04 gtw01 dnsmasq-dhcp[21908]: DHCPOFFER(tapc45a040d-5e) 192.168.120.3 fa:16:3e:94:e7:6f
Jun  2 16:26:04 gtw01 dnsmasq-dhcp[21908]: DHCPREQUEST(tapc45a040d-5e) 192.168.120.3 fa:16:3e:94:e7:6f
Jun  2 16:26:04 gtw01 dnsmasq-dhcp[21908]: DHCPACK(tapc45a040d-5e) 192.168.120.3 fa:16:3e:94:e7:6f host-192-168-120-3
Jun  2 16:26:05 gtw01 dnsmasq[12701]: read /var/lib/neutron/dhcp/c59cf9c1-a00f-4a22-ae8e-4a7d939a403d/addn_hosts - 3 addresses
Jun  2 16:26:05 gtw01 dnsmasq-dhcp[12701]: read /var/lib/neutron/dhcp/c59cf9c1-a00f-4a22-ae8e-4a7d939a403d/host
Jun  2 16:26:05 gtw01 dnsmasq-dhcp[12701]: read /var/lib/neutron/dhcp/c59cf9c1-a00f-4a22-ae8e-4a7d939a403d/opts
Jun  2 16:26:08 gtw01 kernel: [ 6310.784102] device tap5633513d-fb left promiscuous mode
Jun  2 16:26:08 gtw01 dnsmasq-dhcp[21908]: DHCPDISCOVER(tapc45a040d-5e) fa:16:3e:ec:b3:ea
Jun  2 16:26:08 gtw01 dnsmasq-dhcp[21908]: DHCPOFFER(tapc45a040d-5e) 192.168.120.4 fa:16:3e:ec:b3:ea
Jun  2 16:26:08 gtw01 dnsmasq-dhcp[21908]: DHCPREQUEST(tapc45a040d-5e) 192.168.120.4 fa:16:3e:ec:b3:ea
Jun  2 16:26:08 gtw01 dnsmasq-dhcp[21908]: DHCPACK(tapc45a040d-5e) 192.168.120.4 fa:16:3e:ec:b3:ea host-192-168-120-4
Jun  2 16:26:11 gtw01 dnsmasq-dhcp[21908]: DHCPDISCOVER(tapc45a040d-5e) fa:16:3e:e2:22:ea
Jun  2 16:26:11 gtw01 dnsmasq-dhcp[21908]: DHCPOFFER(tapc45a040d-5e) 192.168.120.5 fa:16:3e:e2:22:ea
Jun  2 16:26:11 gtw01 dnsmasq-dhcp[21908]: DHCPREQUEST(tapc45a040d-5e) 192.168.120.5 fa:16:3e:e2:22:ea
Jun  2 16:26:11 gtw01 dnsmasq-dhcp[21908]: DHCPACK(tapc45a040d-5e) 192.168.120.5 fa:16:3e:e2:22:ea host-192-168-120-5
Jun  2 16:26:16 gtw01 systemd-udevd[22234]: Could not generate persistent MAC address for tapd5f12825-8f: No such file or directory
Jun  2 16:26:16 gtw01 kernel: [ 6319.249577] device tapd5f12825-8f entered promiscuous mode
Jun  2 16:26:17 gtw01 systemd-udevd[22280]: Process '/sbin/ip link set tapd5f12825-8f txqueuelen 10000' failed with exit code 1.
Jun  2 16:26:17 gtw01 dnsmasq-dhcp[12701]: DHCPDISCOVER(tapc3506a28-f9) fa:16:3e:72:f4:6e
Jun  2 16:26:17 gtw01 dnsmasq-dhcp[12701]: DHCPOFFER(tapc3506a28-f9) 192.168.120.15 fa:16:3e:72:f4:6e
Jun  2 16:26:17 gtw01 dnsmasq-dhcp[12701]: DHCPREQUEST(tapc3506a28-f9) 192.168.120.15 fa:16:3e:72:f4:6e
Jun  2 16:26:17 gtw01 dnsmasq-dhcp[12701]: DHCPACK(tapc3506a28-f9) 192.168.120.15 fa:16:3e:72:f4:6e host-192-168-120-15
Jun  2 16:26:20 gtw01 dnsmasq[22342]: started, version 2.80 cachesize 150
Jun  2 16:26:20 gtw01 dnsmasq[22342]: DNS service limited to local subnets
Jun  2 16:26:20 gtw01 dnsmasq[22342]: compile time options: IPv6 GNU-getopt DBus i18n IDN DHCP DHCPv6 no-Lua TFTP conntrack ipset auth DNSSEC loop-detect inotify dumpfile
Jun  2 16:26:20 gtw01 dnsmasq[22342]: warning: no upstream servers configured
Jun  2 16:26:20 gtw01 dnsmasq-dhcp[22342]: DHCP, static leases only on 192.168.120.0, lease time 1h
Jun  2 16:26:20 gtw01 dnsmasq[22342]: read /var/lib/neutron/dhcp/5889270a-a871-40f2-a49b-cf0a32fc56c9/addn_hosts - 1 addresses
Jun  2 16:26:20 gtw01 dnsmasq-dhcp[22342]: read /var/lib/neutron/dhcp/5889270a-a871-40f2-a49b-cf0a32fc56c9/host
Jun  2 16:26:20 gtw01 dnsmasq-dhcp[22342]: read /var/lib/neutron/dhcp/5889270a-a871-40f2-a49b-cf0a32fc56c9/opts
Jun  2 16:26:20 gtw01 haproxy-metadata-proxy-5889270a-a871-40f2-a49b-cf0a32fc56c9[22346]: Proxy listener started.
Jun  2 16:26:20 gtw01 dnsmasq-dhcp[12701]: DHCPRELEASE(tapc3506a28-f9) 192.168.120.15 fa:16:3e:72:f4:6e
Jun  2 16:26:20 gtw01 dnsmasq[22342]: read /var/lib/neutron/dhcp/5889270a-a871-40f2-a49b-cf0a32fc56c9/addn_hosts - 2 addresses
Jun  2 16:26:20 gtw01 dnsmasq-dhcp[22342]: read /var/lib/neutron/dhcp/5889270a-a871-40f2-a49b-cf0a32fc56c9/host
Jun  2 16:26:20 gtw01 dnsmasq-dhcp[22342]: read /var/lib/neutron/dhcp/5889270a-a871-40f2-a49b-cf0a32fc56c9/opts
Jun  2 16:26:21 gtw01 dnsmasq[22342]: read /var/lib/neutron/dhcp/5889270a-a871-40f2-a49b-cf0a32fc56c9/addn_hosts - 2 addresses
Jun  2 16:26:21 gtw01 dnsmasq-dhcp[22342]: read /var/lib/neutron/dhcp/5889270a-a871-40f2-a49b-cf0a32fc56c9/host
Jun  2 16:26:21 gtw01 dnsmasq-dhcp[22342]: read /var/lib/neutron/dhcp/5889270a-a871-40f2-a49b-cf0a32fc56c9/opts
Jun  2 16:26:22 gtw01 dnsmasq[22342]: read /var/lib/neutron/dhcp/5889270a-a871-40f2-a49b-cf0a32fc56c9/addn_hosts - 2 addresses
Jun  2 16:26:22 gtw01 dnsmasq-dhcp[22342]: read /var/lib/neutron/dhcp/5889270a-a871-40f2-a49b-cf0a32fc56c9/host
Jun  2 16:26:22 gtw01 dnsmasq-dhcp[22342]: read /var/lib/neutron/dhcp/5889270a-a871-40f2-a49b-cf0a32fc56c9/opts
Jun  2 16:26:22 gtw01 systemd-udevd[22412]: Could not generate persistent MAC address for tap6fa0a612-64: No such file or directory
Jun  2 16:26:22 gtw01 kernel: [ 6325.253827] device tap6fa0a612-64 entered promiscuous mode
Jun  2 16:26:23 gtw01 systemd-udevd[22412]: Process '/sbin/ip link set tap6fa0a612-64 txqueuelen 10000' failed with exit code 1.
Jun  2 16:26:23 gtw01 dnsmasq[22342]: read /var/lib/neutron/dhcp/5889270a-a871-40f2-a49b-cf0a32fc56c9/addn_hosts - 2 addresses
Jun  2 16:26:23 gtw01 dnsmasq-dhcp[22342]: read /var/lib/neutron/dhcp/5889270a-a871-40f2-a49b-cf0a32fc56c9/host
Jun  2 16:26:23 gtw01 dnsmasq-dhcp[22342]: read /var/lib/neutron/dhcp/5889270a-a871-40f2-a49b-cf0a32fc56c9/opts
Jun  2 16:26:24 gtw01 dnsmasq[22342]: read /var/lib/neutron/dhcp/5889270a-a871-40f2-a49b-cf0a32fc56c9/addn_hosts - 2 addresses
Jun  2 16:26:24 gtw01 dnsmasq-dhcp[22342]: read /var/lib/neutron/dhcp/5889270a-a871-40f2-a49b-cf0a32fc56c9/host
Jun  2 16:26:24 gtw01 dnsmasq-dhcp[22342]: read /var/lib/neutron/dhcp/5889270a-a871-40f2-a49b-cf0a32fc56c9/opts
Jun  2 16:26:25 gtw01 dnsmasq[22557]: started, version 2.80 cachesize 150
Jun  2 16:26:25 gtw01 dnsmasq[22557]: DNS service limited to local subnets
Jun  2 16:26:25 gtw01 dnsmasq[22557]: compile time options: IPv6 GNU-getopt DBus i18n IDN DHCP DHCPv6 no-Lua TFTP conntrack ipset auth DNSSEC loop-detect inotify dumpfile
Jun  2 16:26:25 gtw01 dnsmasq[22557]: warning: no upstream servers configured
Jun  2 16:26:25 gtw01 dnsmasq-dhcp[22557]: DHCP, static leases only on 10.10.10.0, lease time 1h
Jun  2 16:26:25 gtw01 dnsmasq[22557]: read /var/lib/neutron/dhcp/54cf465d-ade8-4f31-8faa-915d1001e424/addn_hosts - 1 addresses
Jun  2 16:26:25 gtw01 dnsmasq-dhcp[22557]: read /var/lib/neutron/dhcp/54cf465d-ade8-4f31-8faa-915d1001e424/host
Jun  2 16:26:25 gtw01 dnsmasq-dhcp[22557]: read /var/lib/neutron/dhcp/54cf465d-ade8-4f31-8faa-915d1001e424/opts
Jun  2 16:26:26 gtw01 haproxy-metadata-proxy-54cf465d-ade8-4f31-8faa-915d1001e424[22561]: Proxy listener started.
Jun  2 16:26:26 gtw01 dnsmasq[22557]: read /var/lib/neutron/dhcp/54cf465d-ade8-4f31-8faa-915d1001e424/addn_hosts - 1 addresses
Jun  2 16:26:26 gtw01 dnsmasq-dhcp[22557]: read /var/lib/neutron/dhcp/54cf465d-ade8-4f31-8faa-915d1001e424/host
Jun  2 16:26:26 gtw01 dnsmasq-dhcp[22557]: read /var/lib/neutron/dhcp/54cf465d-ade8-4f31-8faa-915d1001e424/opts
Jun  2 16:26:27 gtw01 dnsmasq[22557]: read /var/lib/neutron/dhcp/54cf465d-ade8-4f31-8faa-915d1001e424/addn_hosts - 1 addresses
Jun  2 16:26:27 gtw01 dnsmasq-dhcp[22557]: read /var/lib/neutron/dhcp/54cf465d-ade8-4f31-8faa-915d1001e424/host
Jun  2 16:26:27 gtw01 dnsmasq-dhcp[22557]: read /var/lib/neutron/dhcp/54cf465d-ade8-4f31-8faa-915d1001e424/opts
Jun  2 16:26:28 gtw01 dnsmasq[12701]: read /var/lib/neutron/dhcp/c59cf9c1-a00f-4a22-ae8e-4a7d939a403d/addn_hosts - 4 addresses
Jun  2 16:26:28 gtw01 dnsmasq-dhcp[12701]: read /var/lib/neutron/dhcp/c59cf9c1-a00f-4a22-ae8e-4a7d939a403d/host
Jun  2 16:26:28 gtw01 dnsmasq-dhcp[12701]: read /var/lib/neutron/dhcp/c59cf9c1-a00f-4a22-ae8e-4a7d939a403d/opts
Jun  2 16:26:28 gtw01 dnsmasq[22557]: read /var/lib/neutron/dhcp/54cf465d-ade8-4f31-8faa-915d1001e424/addn_hosts - 1 addresses
Jun  2 16:26:28 gtw01 dnsmasq-dhcp[22557]: read /var/lib/neutron/dhcp/54cf465d-ade8-4f31-8faa-915d1001e424/host
Jun  2 16:26:28 gtw01 dnsmasq-dhcp[22557]: read /var/lib/neutron/dhcp/54cf465d-ade8-4f31-8faa-915d1001e424/opts
Jun  2 16:26:29 gtw01 dnsmasq[12701]: read /var/lib/neutron/dhcp/c59cf9c1-a00f-4a22-ae8e-4a7d939a403d/addn_hosts - 4 addresses
Jun  2 16:26:29 gtw01 dnsmasq-dhcp[12701]: read /var/lib/neutron/dhcp/c59cf9c1-a00f-4a22-ae8e-4a7d939a403d/host
Jun  2 16:26:29 gtw01 dnsmasq-dhcp[12701]: read /var/lib/neutron/dhcp/c59cf9c1-a00f-4a22-ae8e-4a7d939a403d/opts
Jun  2 16:26:30 gtw01 dnsmasq[12701]: read /var/lib/neutron/dhcp/c59cf9c1-a00f-4a22-ae8e-4a7d939a403d/addn_hosts - 4 addresses
Jun  2 16:26:30 gtw01 dnsmasq-dhcp[12701]: read /var/lib/neutron/dhcp/c59cf9c1-a00f-4a22-ae8e-4a7d939a403d/host
Jun  2 16:26:30 gtw01 dnsmasq-dhcp[12701]: read /var/lib/neutron/dhcp/c59cf9c1-a00f-4a22-ae8e-4a7d939a403d/opts
Jun  2 16:26:31 gtw01 dnsmasq[22342]: read /var/lib/neutron/dhcp/5889270a-a871-40f2-a49b-cf0a32fc56c9/addn_hosts - 3 addresses
Jun  2 16:26:31 gtw01 dnsmasq-dhcp[22342]: read /var/lib/neutron/dhcp/5889270a-a871-40f2-a49b-cf0a32fc56c9/host
Jun  2 16:26:31 gtw01 dnsmasq-dhcp[22342]: read /var/lib/neutron/dhcp/5889270a-a871-40f2-a49b-cf0a32fc56c9/opts
Jun  2 16:26:32 gtw01 dnsmasq[22342]: read /var/lib/neutron/dhcp/5889270a-a871-40f2-a49b-cf0a32fc56c9/addn_hosts - 3 addresses
Jun  2 16:26:32 gtw01 dnsmasq-dhcp[22342]: read /var/lib/neutron/dhcp/5889270a-a871-40f2-a49b-cf0a32fc56c9/host
Jun  2 16:26:32 gtw01 dnsmasq-dhcp[22342]: read /var/lib/neutron/dhcp/5889270a-a871-40f2-a49b-cf0a32fc56c9/opts
Jun  2 16:26:33 gtw01 dnsmasq[22342]: read /var/lib/neutron/dhcp/5889270a-a871-40f2-a49b-cf0a32fc56c9/addn_hosts - 3 addresses
Jun  2 16:26:33 gtw01 dnsmasq-dhcp[22342]: read /var/lib/neutron/dhcp/5889270a-a871-40f2-a49b-cf0a32fc56c9/host
Jun  2 16:26:33 gtw01 dnsmasq-dhcp[22342]: read /var/lib/neutron/dhcp/5889270a-a871-40f2-a49b-cf0a32fc56c9/opts
Jun  2 16:26:37 gtw01 dnsmasq-dhcp[21908]: DHCPRELEASE(tapc45a040d-5e) 192.168.120.3 fa:16:3e:94:e7:6f
Jun  2 16:26:39 gtw01 dnsmasq[12701]: read /var/lib/neutron/dhcp/c59cf9c1-a00f-4a22-ae8e-4a7d939a403d/addn_hosts - 3 addresses
Jun  2 16:26:39 gtw01 dnsmasq-dhcp[12701]: read /var/lib/neutron/dhcp/c59cf9c1-a00f-4a22-ae8e-4a7d939a403d/host
Jun  2 16:26:39 gtw01 dnsmasq-dhcp[12701]: read /var/lib/neutron/dhcp/c59cf9c1-a00f-4a22-ae8e-4a7d939a403d/opts
Jun  2 16:26:39 gtw01 dnsmasq[22557]: read /var/lib/neutron/dhcp/54cf465d-ade8-4f31-8faa-915d1001e424/addn_hosts - 2 addresses
Jun  2 16:26:39 gtw01 dnsmasq-dhcp[22557]: read /var/lib/neutron/dhcp/54cf465d-ade8-4f31-8faa-915d1001e424/host
Jun  2 16:26:39 gtw01 dnsmasq-dhcp[22557]: read /var/lib/neutron/dhcp/54cf465d-ade8-4f31-8faa-915d1001e424/opts
Jun  2 16:26:41 gtw01 dnsmasq[22557]: read /var/lib/neutron/dhcp/54cf465d-ade8-4f31-8faa-915d1001e424/addn_hosts - 2 addresses
Jun  2 16:26:41 gtw01 dnsmasq-dhcp[22557]: read /var/lib/neutron/dhcp/54cf465d-ade8-4f31-8faa-915d1001e424/host
Jun  2 16:26:41 gtw01 dnsmasq-dhcp[22557]: read /var/lib/neutron/dhcp/54cf465d-ade8-4f31-8faa-915d1001e424/opts
Jun  2 16:26:42 gtw01 dnsmasq[22557]: read /var/lib/neutron/dhcp/54cf465d-ade8-4f31-8faa-915d1001e424/addn_hosts - 2 addresses
Jun  2 16:26:42 gtw01 dnsmasq-dhcp[22557]: read /var/lib/neutron/dhcp/54cf465d-ade8-4f31-8faa-915d1001e424/host
Jun  2 16:26:42 gtw01 dnsmasq-dhcp[22557]: read /var/lib/neutron/dhcp/54cf465d-ade8-4f31-8faa-915d1001e424/opts
Jun  2 16:26:47 gtw01 dnsmasq-dhcp[22342]: DHCPDISCOVER(tapd5f12825-8f) fa:16:3e:78:77:5e
Jun  2 16:26:47 gtw01 dnsmasq-dhcp[22342]: DHCPOFFER(tapd5f12825-8f) 192.168.120.4 fa:16:3e:78:77:5e
Jun  2 16:26:47 gtw01 dnsmasq-dhcp[22342]: DHCPREQUEST(tapd5f12825-8f) 192.168.120.4 fa:16:3e:78:77:5e
Jun  2 16:26:47 gtw01 dnsmasq-dhcp[22342]: DHCPACK(tapd5f12825-8f) 192.168.120.4 fa:16:3e:78:77:5e host-192-168-120-4
Jun  2 16:26:48 gtw01 dnsmasq[12701]: read /var/lib/neutron/dhcp/c59cf9c1-a00f-4a22-ae8e-4a7d939a403d/addn_hosts - 4 addresses
Jun  2 16:26:48 gtw01 dnsmasq-dhcp[12701]: read /var/lib/neutron/dhcp/c59cf9c1-a00f-4a22-ae8e-4a7d939a403d/host
Jun  2 16:26:48 gtw01 dnsmasq-dhcp[12701]: read /var/lib/neutron/dhcp/c59cf9c1-a00f-4a22-ae8e-4a7d939a403d/opts
Jun  2 16:26:49 gtw01 dnsmasq[12701]: read /var/lib/neutron/dhcp/c59cf9c1-a00f-4a22-ae8e-4a7d939a403d/addn_hosts - 4 addresses
Jun  2 16:26:49 gtw01 dnsmasq-dhcp[12701]: read /var/lib/neutron/dhcp/c59cf9c1-a00f-4a22-ae8e-4a7d939a403d/host
Jun  2 16:26:49 gtw01 dnsmasq-dhcp[12701]: read /var/lib/neutron/dhcp/c59cf9c1-a00f-4a22-ae8e-4a7d939a403d/opts
Jun  2 16:26:50 gtw01 dnsmasq[12701]: read /var/lib/neutron/dhcp/c59cf9c1-a00f-4a22-ae8e-4a7d939a403d/addn_hosts - 4 addresses
Jun  2 16:26:50 gtw01 dnsmasq-dhcp[12701]: read /var/lib/neutron/dhcp/c59cf9c1-a00f-4a22-ae8e-4a7d939a403d/host
Jun  2 16:26:50 gtw01 dnsmasq-dhcp[12701]: read /var/lib/neutron/dhcp/c59cf9c1-a00f-4a22-ae8e-4a7d939a403d/opts
Jun  2 16:26:51 gtw01 dnsmasq-dhcp[21908]: DHCPRELEASE(tapc45a040d-5e) 192.168.120.5 fa:16:3e:e2:22:ea
Jun  2 16:26:51 gtw01 dnsmasq-dhcp[21908]: DHCPRELEASE(tapc45a040d-5e) 192.168.120.5 fa:16:3e:e2:22:ea unknown lease
Jun  2 16:26:52 gtw01 dnsmasq[21908]: read /var/lib/neutron/dhcp/d351a1e5-d1a0-492e-aa76-28261ca656d4/addn_hosts - 3 addresses
Jun  2 16:26:52 gtw01 dnsmasq-dhcp[21908]: read /var/lib/neutron/dhcp/d351a1e5-d1a0-492e-aa76-28261ca656d4/host
Jun  2 16:26:52 gtw01 dnsmasq-dhcp[21908]: read /var/lib/neutron/dhcp/d351a1e5-d1a0-492e-aa76-28261ca656d4/opts
Jun  2 16:26:52 gtw01 haproxy-metadata-proxy-5889270a-a871-40f2-a49b-cf0a32fc56c9[22347]: 192.168.120.4:45946 [02/Jun/2019:16:26:51.055] listener listener/metadata 2/0/2/1057/1061 200 2287 - - ---- 1/1/0/1/0 0/0 "GET /openstack/latest/meta_data.json HTTP/1.1"
Jun  2 16:26:53 gtw01 dnsmasq-dhcp[21908]: DHCPRELEASE(tapc45a040d-5e) 192.168.120.4 fa:16:3e:ec:b3:ea
Jun  2 16:26:53 gtw01 dnsmasq-dhcp[21908]: DHCPRELEASE(tapc45a040d-5e) 192.168.120.4 fa:16:3e:ec:b3:ea unknown lease
Jun  2 16:26:54 gtw01 dnsmasq[21908]: read /var/lib/neutron/dhcp/d351a1e5-d1a0-492e-aa76-28261ca656d4/addn_hosts - 2 addresses
Jun  2 16:26:54 gtw01 dnsmasq-dhcp[21908]: read /var/lib/neutron/dhcp/d351a1e5-d1a0-492e-aa76-28261ca656d4/host
Jun  2 16:26:54 gtw01 dnsmasq-dhcp[21908]: read /var/lib/neutron/dhcp/d351a1e5-d1a0-492e-aa76-28261ca656d4/opts
Jun  2 16:26:56 gtw01 dnsmasq[21908]: read /var/lib/neutron/dhcp/d351a1e5-d1a0-492e-aa76-28261ca656d4/addn_hosts - 1 addresses
Jun  2 16:26:56 gtw01 dnsmasq-dhcp[21908]: read /var/lib/neutron/dhcp/d351a1e5-d1a0-492e-aa76-28261ca656d4/host
Jun  2 16:26:56 gtw01 dnsmasq-dhcp[21908]: read /var/lib/neutron/dhcp/d351a1e5-d1a0-492e-aa76-28261ca656d4/opts
Jun  2 16:26:57 gtw01 dnsmasq[22557]: read /var/lib/neutron/dhcp/54cf465d-ade8-4f31-8faa-915d1001e424/addn_hosts - 1 addresses
Jun  2 16:26:57 gtw01 dnsmasq-dhcp[22557]: read /var/lib/neutron/dhcp/54cf465d-ade8-4f31-8faa-915d1001e424/host
Jun  2 16:26:57 gtw01 dnsmasq-dhcp[22557]: read /var/lib/neutron/dhcp/54cf465d-ade8-4f31-8faa-915d1001e424/opts
Jun  2 16:27:00 gtw01 kernel: [ 6362.284822] device tapc45a040d-5e left promiscuous mode
Jun  2 16:27:00 gtw01 dnsmasq-dhcp[22342]: DHCPRELEASE(tapd5f12825-8f) 192.168.120.4 fa:16:3e:78:77:5e
Jun  2 16:27:00 gtw01 dnsmasq-dhcp[22342]: DHCPRELEASE(tapd5f12825-8f) 192.168.120.4 fa:16:3e:78:77:5e unknown lease
Jun  2 16:27:01 gtw01 dnsmasq[22342]: read /var/lib/neutron/dhcp/5889270a-a871-40f2-a49b-cf0a32fc56c9/addn_hosts - 2 addresses
Jun  2 16:27:01 gtw01 dnsmasq-dhcp[22342]: read /var/lib/neutron/dhcp/5889270a-a871-40f2-a49b-cf0a32fc56c9/host
Jun  2 16:27:01 gtw01 dnsmasq-dhcp[22342]: read /var/lib/neutron/dhcp/5889270a-a871-40f2-a49b-cf0a32fc56c9/opts
Jun  2 16:27:02 gtw01 dnsmasq-dhcp[12701]: DHCPDISCOVER(tapc3506a28-f9) fa:16:3e:1a:a5:9b
Jun  2 16:27:02 gtw01 dnsmasq-dhcp[12701]: DHCPOFFER(tapc3506a28-f9) 192.168.120.3 fa:16:3e:1a:a5:9b
Jun  2 16:27:02 gtw01 dnsmasq-dhcp[12701]: DHCPREQUEST(tapc3506a28-f9) 192.168.120.3 fa:16:3e:1a:a5:9b
Jun  2 16:27:02 gtw01 dnsmasq-dhcp[12701]: DHCPACK(tapc3506a28-f9) 192.168.120.3 fa:16:3e:1a:a5:9b host-192-168-120-3
Jun  2 16:27:04 gtw01 dnsmasq-dhcp[12701]: DHCPRELEASE(tapc3506a28-f9) 192.168.120.3 fa:16:3e:1a:a5:9b
Jun  2 16:27:04 gtw01 kernel: [ 6366.700861] device tap6fa0a612-64 left promiscuous mode
Jun  2 16:27:08 gtw01 kernel: [ 6370.900826] device tapc7e00961-36 entered promiscuous mode
Jun  2 16:27:08 gtw01 systemd-udevd[22964]: Could not generate persistent MAC address for tapc7e00961-36: No such file or directory
Jun  2 16:27:08 gtw01 systemd-udevd[23009]: Process '/sbin/ip link set tapc7e00961-36 txqueuelen 10000' failed with exit code 1.
Jun  2 16:27:09 gtw01 dnsmasq[22342]: read /var/lib/neutron/dhcp/5889270a-a871-40f2-a49b-cf0a32fc56c9/addn_hosts - 1 addresses
Jun  2 16:27:09 gtw01 dnsmasq-dhcp[22342]: read /var/lib/neutron/dhcp/5889270a-a871-40f2-a49b-cf0a32fc56c9/host
Jun  2 16:27:09 gtw01 dnsmasq-dhcp[22342]: read /var/lib/neutron/dhcp/5889270a-a871-40f2-a49b-cf0a32fc56c9/opts
Jun  2 16:27:11 gtw01 dnsmasq[23090]: started, version 2.80 cachesize 150
Jun  2 16:27:11 gtw01 dnsmasq[23090]: DNS service limited to local subnets
Jun  2 16:27:11 gtw01 dnsmasq[23090]: compile time options: IPv6 GNU-getopt DBus i18n IDN DHCP DHCPv6 no-Lua TFTP conntrack ipset auth DNSSEC loop-detect inotify dumpfile
Jun  2 16:27:11 gtw01 dnsmasq[23090]: warning: no upstream servers configured
Jun  2 16:27:11 gtw01 dnsmasq-dhcp[23090]: DHCP, static leases only on 192.168.120.0, lease time 1h
Jun  2 16:27:11 gtw01 dnsmasq[23090]: read /var/lib/neutron/dhcp/f29a5558-7b2c-4661-b892-bee54f1f68cb/addn_hosts - 1 addresses
Jun  2 16:27:11 gtw01 dnsmasq-dhcp[23090]: read /var/lib/neutron/dhcp/f29a5558-7b2c-4661-b892-bee54f1f68cb/host
Jun  2 16:27:11 gtw01 dnsmasq-dhcp[23090]: read /var/lib/neutron/dhcp/f29a5558-7b2c-4661-b892-bee54f1f68cb/opts
Jun  2 16:27:12 gtw01 haproxy-metadata-proxy-f29a5558-7b2c-4661-b892-bee54f1f68cb[23094]: Proxy listener started.
Jun  2 16:27:12 gtw01 dnsmasq[23090]: read /var/lib/neutron/dhcp/f29a5558-7b2c-4661-b892-bee54f1f68cb/addn_hosts - 2 addresses
Jun  2 16:27:12 gtw01 dnsmasq-dhcp[23090]: read /var/lib/neutron/dhcp/f29a5558-7b2c-4661-b892-bee54f1f68cb/host
Jun  2 16:27:12 gtw01 dnsmasq-dhcp[23090]: read /var/lib/neutron/dhcp/f29a5558-7b2c-4661-b892-bee54f1f68cb/opts
Jun  2 16:27:13 gtw01 kernel: [ 6375.901810] device tapd5f12825-8f left promiscuous mode
Jun  2 16:27:13 gtw01 dnsmasq[23090]: read /var/lib/neutron/dhcp/f29a5558-7b2c-4661-b892-bee54f1f68cb/addn_hosts - 2 addresses
Jun  2 16:27:13 gtw01 dnsmasq-dhcp[23090]: read /var/lib/neutron/dhcp/f29a5558-7b2c-4661-b892-bee54f1f68cb/host
Jun  2 16:27:13 gtw01 dnsmasq-dhcp[23090]: read /var/lib/neutron/dhcp/f29a5558-7b2c-4661-b892-bee54f1f68cb/opts
Jun  2 16:27:14 gtw01 dnsmasq[23090]: read /var/lib/neutron/dhcp/f29a5558-7b2c-4661-b892-bee54f1f68cb/addn_hosts - 2 addresses
Jun  2 16:27:14 gtw01 dnsmasq-dhcp[23090]: read /var/lib/neutron/dhcp/f29a5558-7b2c-4661-b892-bee54f1f68cb/host
Jun  2 16:27:14 gtw01 dnsmasq-dhcp[23090]: read /var/lib/neutron/dhcp/f29a5558-7b2c-4661-b892-bee54f1f68cb/opts
Jun  2 16:27:15 gtw01 dnsmasq[23090]: read /var/lib/neutron/dhcp/f29a5558-7b2c-4661-b892-bee54f1f68cb/addn_hosts - 2 addresses
Jun  2 16:27:15 gtw01 dnsmasq-dhcp[23090]: read /var/lib/neutron/dhcp/f29a5558-7b2c-4661-b892-bee54f1f68cb/host
Jun  2 16:27:15 gtw01 dnsmasq-dhcp[23090]: read /var/lib/neutron/dhcp/f29a5558-7b2c-4661-b892-bee54f1f68cb/opts
Jun  2 16:27:16 gtw01 dnsmasq[23090]: read /var/lib/neutron/dhcp/f29a5558-7b2c-4661-b892-bee54f1f68cb/addn_hosts - 2 addresses
Jun  2 16:27:16 gtw01 dnsmasq-dhcp[23090]: read /var/lib/neutron/dhcp/f29a5558-7b2c-4661-b892-bee54f1f68cb/host
Jun  2 16:27:16 gtw01 dnsmasq-dhcp[23090]: read /var/lib/neutron/dhcp/f29a5558-7b2c-4661-b892-bee54f1f68cb/opts
Jun  2 16:27:19 gtw01 dnsmasq[23090]: read /var/lib/neutron/dhcp/f29a5558-7b2c-4661-b892-bee54f1f68cb/addn_hosts - 3 addresses
Jun  2 16:27:19 gtw01 dnsmasq-dhcp[23090]: read /var/lib/neutron/dhcp/f29a5558-7b2c-4661-b892-bee54f1f68cb/host
Jun  2 16:27:19 gtw01 dnsmasq-dhcp[23090]: read /var/lib/neutron/dhcp/f29a5558-7b2c-4661-b892-bee54f1f68cb/opts
Jun  2 16:27:20 gtw01 dnsmasq[23090]: read /var/lib/neutron/dhcp/f29a5558-7b2c-4661-b892-bee54f1f68cb/addn_hosts - 3 addresses
Jun  2 16:27:20 gtw01 dnsmasq-dhcp[23090]: read /var/lib/neutron/dhcp/f29a5558-7b2c-4661-b892-bee54f1f68cb/host
Jun  2 16:27:20 gtw01 dnsmasq-dhcp[23090]: read /var/lib/neutron/dhcp/f29a5558-7b2c-4661-b892-bee54f1f68cb/opts
Jun  2 16:27:21 gtw01 dnsmasq[23090]: read /var/lib/neutron/dhcp/f29a5558-7b2c-4661-b892-bee54f1f68cb/addn_hosts - 3 addresses
Jun  2 16:27:21 gtw01 dnsmasq-dhcp[23090]: read /var/lib/neutron/dhcp/f29a5558-7b2c-4661-b892-bee54f1f68cb/host
Jun  2 16:27:21 gtw01 dnsmasq-dhcp[23090]: read /var/lib/neutron/dhcp/f29a5558-7b2c-4661-b892-bee54f1f68cb/opts
Jun  2 16:27:22 gtw01 dnsmasq[12701]: read /var/lib/neutron/dhcp/c59cf9c1-a00f-4a22-ae8e-4a7d939a403d/addn_hosts - 5 addresses
Jun  2 16:27:22 gtw01 dnsmasq-dhcp[12701]: read /var/lib/neutron/dhcp/c59cf9c1-a00f-4a22-ae8e-4a7d939a403d/host
Jun  2 16:27:22 gtw01 dnsmasq-dhcp[12701]: read /var/lib/neutron/dhcp/c59cf9c1-a00f-4a22-ae8e-4a7d939a403d/opts
Jun  2 16:27:23 gtw01 dnsmasq[12701]: read /var/lib/neutron/dhcp/c59cf9c1-a00f-4a22-ae8e-4a7d939a403d/addn_hosts - 5 addresses
Jun  2 16:27:23 gtw01 dnsmasq-dhcp[12701]: read /var/lib/neutron/dhcp/c59cf9c1-a00f-4a22-ae8e-4a7d939a403d/host
Jun  2 16:27:23 gtw01 dnsmasq-dhcp[12701]: read /var/lib/neutron/dhcp/c59cf9c1-a00f-4a22-ae8e-4a7d939a403d/opts
Jun  2 16:27:24 gtw01 dnsmasq[12701]: read /var/lib/neutron/dhcp/c59cf9c1-a00f-4a22-ae8e-4a7d939a403d/addn_hosts - 5 addresses
Jun  2 16:27:24 gtw01 dnsmasq-dhcp[12701]: read /var/lib/neutron/dhcp/c59cf9c1-a00f-4a22-ae8e-4a7d939a403d/host
Jun  2 16:27:24 gtw01 dnsmasq-dhcp[12701]: read /var/lib/neutron/dhcp/c59cf9c1-a00f-4a22-ae8e-4a7d939a403d/opts
Jun  2 16:27:29 gtw01 dnsmasq[12701]: read /var/lib/neutron/dhcp/c59cf9c1-a00f-4a22-ae8e-4a7d939a403d/addn_hosts - 4 addresses
Jun  2 16:27:29 gtw01 dnsmasq-dhcp[12701]: read /var/lib/neutron/dhcp/c59cf9c1-a00f-4a22-ae8e-4a7d939a403d/host
Jun  2 16:27:29 gtw01 dnsmasq-dhcp[12701]: read /var/lib/neutron/dhcp/c59cf9c1-a00f-4a22-ae8e-4a7d939a403d/opts
Jun  2 16:27:30 gtw01 dnsmasq[12701]: read /var/lib/neutron/dhcp/c59cf9c1-a00f-4a22-ae8e-4a7d939a403d/addn_hosts - 3 addresses
Jun  2 16:27:30 gtw01 dnsmasq-dhcp[12701]: read /var/lib/neutron/dhcp/c59cf9c1-a00f-4a22-ae8e-4a7d939a403d/host
Jun  2 16:27:30 gtw01 dnsmasq-dhcp[12701]: read /var/lib/neutron/dhcp/c59cf9c1-a00f-4a22-ae8e-4a7d939a403d/opts
Jun  2 16:27:32 gtw01 dnsmasq[12701]: read /var/lib/neutron/dhcp/c59cf9c1-a00f-4a22-ae8e-4a7d939a403d/addn_hosts - 4 addresses
Jun  2 16:27:32 gtw01 dnsmasq-dhcp[12701]: read /var/lib/neutron/dhcp/c59cf9c1-a00f-4a22-ae8e-4a7d939a403d/host
Jun  2 16:27:32 gtw01 dnsmasq-dhcp[12701]: read /var/lib/neutron/dhcp/c59cf9c1-a00f-4a22-ae8e-4a7d939a403d/opts
Jun  2 16:27:33 gtw01 dnsmasq[12701]: read /var/lib/neutron/dhcp/c59cf9c1-a00f-4a22-ae8e-4a7d939a403d/addn_hosts - 4 addresses
Jun  2 16:27:33 gtw01 dnsmasq-dhcp[12701]: read /var/lib/neutron/dhcp/c59cf9c1-a00f-4a22-ae8e-4a7d939a403d/host
Jun  2 16:27:33 gtw01 dnsmasq-dhcp[12701]: read /var/lib/neutron/dhcp/c59cf9c1-a00f-4a22-ae8e-4a7d939a403d/opts
Jun  2 16:27:34 gtw01 dnsmasq[12701]: read /var/lib/neutron/dhcp/c59cf9c1-a00f-4a22-ae8e-4a7d939a403d/addn_hosts - 4 addresses
Jun  2 16:27:34 gtw01 dnsmasq-dhcp[12701]: read /var/lib/neutron/dhcp/c59cf9c1-a00f-4a22-ae8e-4a7d939a403d/host
Jun  2 16:27:34 gtw01 dnsmasq-dhcp[12701]: read /var/lib/neutron/dhcp/c59cf9c1-a00f-4a22-ae8e-4a7d939a403d/opts
Jun  2 16:27:40 gtw01 dnsmasq-dhcp[23090]: DHCPDISCOVER(tapc7e00961-36) fa:16:3e:8c:45:50
Jun  2 16:27:40 gtw01 dnsmasq-dhcp[23090]: DHCPOFFER(tapc7e00961-36) 192.168.120.3 fa:16:3e:8c:45:50
Jun  2 16:27:40 gtw01 dnsmasq-dhcp[23090]: DHCPREQUEST(tapc7e00961-36) 192.168.120.3 fa:16:3e:8c:45:50
Jun  2 16:27:40 gtw01 dnsmasq-dhcp[23090]: DHCPACK(tapc7e00961-36) 192.168.120.3 fa:16:3e:8c:45:50 host-192-168-120-3
Jun  2 16:27:41 gtw01 dnsmasq[12701]: read /var/lib/neutron/dhcp/c59cf9c1-a00f-4a22-ae8e-4a7d939a403d/addn_hosts - 5 addresses
Jun  2 16:27:41 gtw01 dnsmasq-dhcp[12701]: read /var/lib/neutron/dhcp/c59cf9c1-a00f-4a22-ae8e-4a7d939a403d/host
Jun  2 16:27:41 gtw01 dnsmasq-dhcp[12701]: read /var/lib/neutron/dhcp/c59cf9c1-a00f-4a22-ae8e-4a7d939a403d/opts
Jun  2 16:27:42 gtw01 dnsmasq[12701]: read /var/lib/neutron/dhcp/c59cf9c1-a00f-4a22-ae8e-4a7d939a403d/addn_hosts - 6 addresses
Jun  2 16:27:42 gtw01 dnsmasq-dhcp[12701]: read /var/lib/neutron/dhcp/c59cf9c1-a00f-4a22-ae8e-4a7d939a403d/host
Jun  2 16:27:42 gtw01 dnsmasq-dhcp[12701]: read /var/lib/neutron/dhcp/c59cf9c1-a00f-4a22-ae8e-4a7d939a403d/opts
Jun  2 16:27:43 gtw01 dnsmasq[12701]: read /var/lib/neutron/dhcp/c59cf9c1-a00f-4a22-ae8e-4a7d939a403d/addn_hosts - 6 addresses
Jun  2 16:27:43 gtw01 dnsmasq-dhcp[12701]: read /var/lib/neutron/dhcp/c59cf9c1-a00f-4a22-ae8e-4a7d939a403d/host
Jun  2 16:27:43 gtw01 dnsmasq-dhcp[12701]: read /var/lib/neutron/dhcp/c59cf9c1-a00f-4a22-ae8e-4a7d939a403d/opts
Jun  2 16:27:44 gtw01 dnsmasq[12701]: read /var/lib/neutron/dhcp/c59cf9c1-a00f-4a22-ae8e-4a7d939a403d/addn_hosts - 7 addresses
Jun  2 16:27:44 gtw01 dnsmasq-dhcp[12701]: read /var/lib/neutron/dhcp/c59cf9c1-a00f-4a22-ae8e-4a7d939a403d/host
Jun  2 16:27:44 gtw01 dnsmasq-dhcp[12701]: read /var/lib/neutron/dhcp/c59cf9c1-a00f-4a22-ae8e-4a7d939a403d/opts
Jun  2 16:27:45 gtw01 dnsmasq[12701]: read /var/lib/neutron/dhcp/c59cf9c1-a00f-4a22-ae8e-4a7d939a403d/addn_hosts - 7 addresses
Jun  2 16:27:45 gtw01 dnsmasq-dhcp[12701]: read /var/lib/neutron/dhcp/c59cf9c1-a00f-4a22-ae8e-4a7d939a403d/host
Jun  2 16:27:45 gtw01 dnsmasq-dhcp[12701]: read /var/lib/neutron/dhcp/c59cf9c1-a00f-4a22-ae8e-4a7d939a403d/opts
Jun  2 16:27:45 gtw01 dnsmasq-dhcp[12701]: DHCPDISCOVER(tapc3506a28-f9) fa:16:3e:af:30:b5
Jun  2 16:27:45 gtw01 dnsmasq-dhcp[12701]: DHCPOFFER(tapc3506a28-f9) 192.168.120.8 fa:16:3e:af:30:b5
Jun  2 16:27:45 gtw01 dnsmasq-dhcp[12701]: DHCPREQUEST(tapc3506a28-f9) 192.168.120.8 fa:16:3e:af:30:b5
Jun  2 16:27:45 gtw01 dnsmasq-dhcp[12701]: DHCPACK(tapc3506a28-f9) 192.168.120.8 fa:16:3e:af:30:b5 host-192-168-120-8
Jun  2 16:27:46 gtw01 dnsmasq[12701]: read /var/lib/neutron/dhcp/c59cf9c1-a00f-4a22-ae8e-4a7d939a403d/addn_hosts - 7 addresses
Jun  2 16:27:46 gtw01 dnsmasq-dhcp[12701]: read /var/lib/neutron/dhcp/c59cf9c1-a00f-4a22-ae8e-4a7d939a403d/host
Jun  2 16:27:46 gtw01 dnsmasq-dhcp[12701]: read /var/lib/neutron/dhcp/c59cf9c1-a00f-4a22-ae8e-4a7d939a403d/opts
Jun  2 16:27:47 gtw01 dnsmasq[12701]: read /var/lib/neutron/dhcp/c59cf9c1-a00f-4a22-ae8e-4a7d939a403d/addn_hosts - 7 addresses
Jun  2 16:27:47 gtw01 dnsmasq-dhcp[12701]: read /var/lib/neutron/dhcp/c59cf9c1-a00f-4a22-ae8e-4a7d939a403d/host
Jun  2 16:27:47 gtw01 dnsmasq-dhcp[12701]: read /var/lib/neutron/dhcp/c59cf9c1-a00f-4a22-ae8e-4a7d939a403d/opts
Jun  2 16:27:47 gtw01 dnsmasq[12701]: read /var/lib/neutron/dhcp/c59cf9c1-a00f-4a22-ae8e-4a7d939a403d/addn_hosts - 7 addresses
Jun  2 16:27:47 gtw01 dnsmasq-dhcp[12701]: read /var/lib/neutron/dhcp/c59cf9c1-a00f-4a22-ae8e-4a7d939a403d/host
Jun  2 16:27:47 gtw01 dnsmasq-dhcp[12701]: read /var/lib/neutron/dhcp/c59cf9c1-a00f-4a22-ae8e-4a7d939a403d/opts
Jun  2 16:27:48 gtw01 dnsmasq[12701]: read /var/lib/neutron/dhcp/c59cf9c1-a00f-4a22-ae8e-4a7d939a403d/addn_hosts - 7 addresses
Jun  2 16:27:48 gtw01 dnsmasq-dhcp[12701]: read /var/lib/neutron/dhcp/c59cf9c1-a00f-4a22-ae8e-4a7d939a403d/host
Jun  2 16:27:48 gtw01 dnsmasq-dhcp[12701]: read /var/lib/neutron/dhcp/c59cf9c1-a00f-4a22-ae8e-4a7d939a403d/opts
Jun  2 16:27:52 gtw01 dnsmasq-dhcp[12701]: DHCPRELEASE(tapc3506a28-f9) 192.168.120.8 fa:16:3e:af:30:b5
Jun  2 16:27:53 gtw01 dnsmasq[12701]: read /var/lib/neutron/dhcp/c59cf9c1-a00f-4a22-ae8e-4a7d939a403d/addn_hosts - 6 addresses
Jun  2 16:27:53 gtw01 dnsmasq-dhcp[12701]: read /var/lib/neutron/dhcp/c59cf9c1-a00f-4a22-ae8e-4a7d939a403d/host
Jun  2 16:27:53 gtw01 dnsmasq-dhcp[12701]: read /var/lib/neutron/dhcp/c59cf9c1-a00f-4a22-ae8e-4a7d939a403d/opts
Jun  2 16:27:58 gtw01 dnsmasq[12701]: read /var/lib/neutron/dhcp/c59cf9c1-a00f-4a22-ae8e-4a7d939a403d/addn_hosts - 5 addresses
Jun  2 16:27:58 gtw01 dnsmasq-dhcp[12701]: read /var/lib/neutron/dhcp/c59cf9c1-a00f-4a22-ae8e-4a7d939a403d/host
Jun  2 16:27:58 gtw01 dnsmasq-dhcp[12701]: read /var/lib/neutron/dhcp/c59cf9c1-a00f-4a22-ae8e-4a7d939a403d/opts
Jun  2 16:27:59 gtw01 dnsmasq[12701]: read /var/lib/neutron/dhcp/c59cf9c1-a00f-4a22-ae8e-4a7d939a403d/addn_hosts - 4 addresses
