Jun  2 17:08:25 gtw01 dnsmasq-dhcp[13539]: DHCPDISCOVER(tapad65ff37-d6) fa:16:3e:d1:c0:64
Jun  2 17:08:25 gtw01 dnsmasq-dhcp[13539]: DHCPOFFER(tapad65ff37-d6) 192.168.120.5 fa:16:3e:d1:c0:64
Jun  2 17:08:25 gtw01 dnsmasq-dhcp[13539]: DHCPREQUEST(tapad65ff37-d6) 192.168.120.5 fa:16:3e:d1:c0:64
Jun  2 17:08:25 gtw01 dnsmasq-dhcp[13539]: DHCPACK(tapad65ff37-d6) 192.168.120.5 fa:16:3e:d1:c0:64 host-192-168-120-5
Jun  2 17:08:28 gtw01 haproxy-metadata-proxy-21d8b606-06d1-4399-b0f9-e4b4c6265bcf[13544]: 192.168.120.5:41462 [02/Jun/2019:17:08:28.403] listener listener/metadata 0/0/0/561/561 200 147 - - ---- 1/1/0/1/0 0/0 "GET /latest/meta-data/public-ipv4 HTTP/1.1"
Jun  2 17:08:29 gtw01 haproxy-metadata-proxy-21d8b606-06d1-4399-b0f9-e4b4c6265bcf[13544]: 192.168.120.5:41464 [02/Jun/2019:17:08:29.117] listener listener/metadata 2/0/0/376/378 200 134 - - ---- 1/1/0/1/0 0/0 "POST /openstack/2013-10-17/password HTTP/1.1"
Jun  2 17:08:32 gtw01 dnsmasq-dhcp[13539]: DHCPRELEASE(tapad65ff37-d6) 192.168.120.5 fa:16:3e:d1:c0:64
Jun  2 17:08:32 gtw01 dnsmasq-dhcp[13539]: DHCPRELEASE(tapad65ff37-d6) 192.168.120.5 fa:16:3e:d1:c0:64 unknown lease
Jun  2 17:08:33 gtw01 dnsmasq[13539]: read /var/lib/neutron/dhcp/21d8b606-06d1-4399-b0f9-e4b4c6265bcf/addn_hosts - 2 addresses
Jun  2 17:08:33 gtw01 dnsmasq-dhcp[13539]: read /var/lib/neutron/dhcp/21d8b606-06d1-4399-b0f9-e4b4c6265bcf/host
Jun  2 17:08:33 gtw01 dnsmasq-dhcp[13539]: read /var/lib/neutron/dhcp/21d8b606-06d1-4399-b0f9-e4b4c6265bcf/opts
Jun  2 17:08:37 gtw01 dnsmasq[13539]: read /var/lib/neutron/dhcp/21d8b606-06d1-4399-b0f9-e4b4c6265bcf/addn_hosts - 1 addresses
Jun  2 17:08:37 gtw01 dnsmasq-dhcp[13539]: read /var/lib/neutron/dhcp/21d8b606-06d1-4399-b0f9-e4b4c6265bcf/host
Jun  2 17:08:37 gtw01 dnsmasq-dhcp[13539]: read /var/lib/neutron/dhcp/21d8b606-06d1-4399-b0f9-e4b4c6265bcf/opts
Jun  2 17:08:42 gtw01 kernel: [ 8864.521413] device tapad65ff37-d6 left promiscuous mode
Jun  2 17:08:50 gtw01 kernel: [ 8872.807605] device tapdbc23e6a-b9 entered promiscuous mode
Jun  2 17:08:50 gtw01 systemd-udevd[13747]: Could not generate persistent MAC address for tapdbc23e6a-b9: No such file or directory
Jun  2 17:08:50 gtw01 systemd-udevd[13794]: Process '/sbin/ip link set tapdbc23e6a-b9 txqueuelen 10000' failed with exit code 1.
Jun  2 17:08:53 gtw01 dnsmasq[13858]: started, version 2.80 cachesize 150
Jun  2 17:08:53 gtw01 dnsmasq[13858]: DNS service limited to local subnets
Jun  2 17:08:53 gtw01 dnsmasq[13858]: compile time options: IPv6 GNU-getopt DBus i18n IDN DHCP DHCPv6 no-Lua TFTP conntrack ipset auth DNSSEC loop-detect inotify dumpfile
Jun  2 17:08:53 gtw01 dnsmasq[13858]: warning: no upstream servers configured
Jun  2 17:08:53 gtw01 dnsmasq-dhcp[13858]: DHCP, static leases only on 192.168.120.0, lease time 1h
Jun  2 17:08:53 gtw01 dnsmasq[13858]: read /var/lib/neutron/dhcp/eeeb4bdb-139c-43c3-bf3d-33f0d5edc88e/addn_hosts - 1 addresses
Jun  2 17:08:53 gtw01 dnsmasq-dhcp[13858]: read /var/lib/neutron/dhcp/eeeb4bdb-139c-43c3-bf3d-33f0d5edc88e/host
Jun  2 17:08:53 gtw01 dnsmasq-dhcp[13858]: read /var/lib/neutron/dhcp/eeeb4bdb-139c-43c3-bf3d-33f0d5edc88e/opts
Jun  2 17:08:54 gtw01 haproxy-metadata-proxy-eeeb4bdb-139c-43c3-bf3d-33f0d5edc88e[13862]: Proxy listener started.
Jun  2 17:08:54 gtw01 dnsmasq[13858]: read /var/lib/neutron/dhcp/eeeb4bdb-139c-43c3-bf3d-33f0d5edc88e/addn_hosts - 2 addresses
Jun  2 17:08:54 gtw01 dnsmasq-dhcp[13858]: read /var/lib/neutron/dhcp/eeeb4bdb-139c-43c3-bf3d-33f0d5edc88e/host
Jun  2 17:08:54 gtw01 dnsmasq-dhcp[13858]: read /var/lib/neutron/dhcp/eeeb4bdb-139c-43c3-bf3d-33f0d5edc88e/opts
Jun  2 17:08:55 gtw01 dnsmasq[13858]: read /var/lib/neutron/dhcp/eeeb4bdb-139c-43c3-bf3d-33f0d5edc88e/addn_hosts - 2 addresses
Jun  2 17:08:55 gtw01 dnsmasq-dhcp[13858]: read /var/lib/neutron/dhcp/eeeb4bdb-139c-43c3-bf3d-33f0d5edc88e/host
Jun  2 17:08:55 gtw01 dnsmasq-dhcp[13858]: read /var/lib/neutron/dhcp/eeeb4bdb-139c-43c3-bf3d-33f0d5edc88e/opts
Jun  2 17:08:56 gtw01 dnsmasq[13858]: read /var/lib/neutron/dhcp/eeeb4bdb-139c-43c3-bf3d-33f0d5edc88e/addn_hosts - 2 addresses
Jun  2 17:08:56 gtw01 dnsmasq-dhcp[13858]: read /var/lib/neutron/dhcp/eeeb4bdb-139c-43c3-bf3d-33f0d5edc88e/host
Jun  2 17:08:56 gtw01 dnsmasq-dhcp[13858]: read /var/lib/neutron/dhcp/eeeb4bdb-139c-43c3-bf3d-33f0d5edc88e/opts
Jun  2 17:08:57 gtw01 kernel: [ 8879.492615] device tap83404108-07 entered promiscuous mode
Jun  2 17:08:57 gtw01 systemd-udevd[13937]: Could not generate persistent MAC address for tap83404108-07: No such file or directory
Jun  2 17:08:57 gtw01 systemd-udevd[13937]: Process '/sbin/ip link set tap83404108-07 txqueuelen 10000' failed with exit code 1.
Jun  2 17:08:57 gtw01 systemd-udevd[13937]: Process '/sbin/ip link set tap83404108-07 txqueuelen 10000' failed with exit code 1.
Jun  2 17:08:57 gtw01 dnsmasq[13858]: read /var/lib/neutron/dhcp/eeeb4bdb-139c-43c3-bf3d-33f0d5edc88e/addn_hosts - 2 addresses
Jun  2 17:08:57 gtw01 dnsmasq-dhcp[13858]: read /var/lib/neutron/dhcp/eeeb4bdb-139c-43c3-bf3d-33f0d5edc88e/host
Jun  2 17:08:57 gtw01 dnsmasq-dhcp[13858]: read /var/lib/neutron/dhcp/eeeb4bdb-139c-43c3-bf3d-33f0d5edc88e/opts
Jun  2 17:08:58 gtw01 dnsmasq[13858]: read /var/lib/neutron/dhcp/eeeb4bdb-139c-43c3-bf3d-33f0d5edc88e/addn_hosts - 2 addresses
Jun  2 17:08:58 gtw01 dnsmasq-dhcp[13858]: read /var/lib/neutron/dhcp/eeeb4bdb-139c-43c3-bf3d-33f0d5edc88e/host
Jun  2 17:08:58 gtw01 dnsmasq-dhcp[13858]: read /var/lib/neutron/dhcp/eeeb4bdb-139c-43c3-bf3d-33f0d5edc88e/opts
Jun  2 17:09:00 gtw01 dnsmasq[14080]: started, version 2.80 cachesize 150
Jun  2 17:09:00 gtw01 dnsmasq[14080]: DNS service limited to local subnets
Jun  2 17:09:00 gtw01 dnsmasq[14080]: compile time options: IPv6 GNU-getopt DBus i18n IDN DHCP DHCPv6 no-Lua TFTP conntrack ipset auth DNSSEC loop-detect inotify dumpfile
Jun  2 17:09:00 gtw01 dnsmasq[14080]: warning: no upstream servers configured
Jun  2 17:09:00 gtw01 dnsmasq-dhcp[14080]: DHCP, static leases only on 192.168.120.0, lease time 1h
Jun  2 17:09:00 gtw01 dnsmasq[14080]: read /var/lib/neutron/dhcp/1135685b-e0bc-4ede-96d2-12f532d604bf/addn_hosts - 1 addresses
Jun  2 17:09:00 gtw01 dnsmasq-dhcp[14080]: read /var/lib/neutron/dhcp/1135685b-e0bc-4ede-96d2-12f532d604bf/host
Jun  2 17:09:00 gtw01 dnsmasq-dhcp[14080]: read /var/lib/neutron/dhcp/1135685b-e0bc-4ede-96d2-12f532d604bf/opts
Jun  2 17:09:00 gtw01 haproxy-metadata-proxy-1135685b-e0bc-4ede-96d2-12f532d604bf[14084]: Proxy listener started.
Jun  2 17:09:01 gtw01 dnsmasq[14080]: read /var/lib/neutron/dhcp/1135685b-e0bc-4ede-96d2-12f532d604bf/addn_hosts - 2 addresses
Jun  2 17:09:01 gtw01 dnsmasq-dhcp[14080]: read /var/lib/neutron/dhcp/1135685b-e0bc-4ede-96d2-12f532d604bf/host
Jun  2 17:09:01 gtw01 dnsmasq-dhcp[14080]: read /var/lib/neutron/dhcp/1135685b-e0bc-4ede-96d2-12f532d604bf/opts
Jun  2 17:09:02 gtw01 dnsmasq[14080]: read /var/lib/neutron/dhcp/1135685b-e0bc-4ede-96d2-12f532d604bf/addn_hosts - 2 addresses
Jun  2 17:09:02 gtw01 dnsmasq-dhcp[14080]: read /var/lib/neutron/dhcp/1135685b-e0bc-4ede-96d2-12f532d604bf/host
Jun  2 17:09:02 gtw01 dnsmasq-dhcp[14080]: read /var/lib/neutron/dhcp/1135685b-e0bc-4ede-96d2-12f532d604bf/opts
Jun  2 17:09:03 gtw01 dnsmasq[14080]: read /var/lib/neutron/dhcp/1135685b-e0bc-4ede-96d2-12f532d604bf/addn_hosts - 2 addresses
Jun  2 17:09:03 gtw01 dnsmasq-dhcp[14080]: read /var/lib/neutron/dhcp/1135685b-e0bc-4ede-96d2-12f532d604bf/host
Jun  2 17:09:03 gtw01 dnsmasq-dhcp[14080]: read /var/lib/neutron/dhcp/1135685b-e0bc-4ede-96d2-12f532d604bf/opts
Jun  2 17:09:03 gtw01 dnsmasq[13858]: read /var/lib/neutron/dhcp/eeeb4bdb-139c-43c3-bf3d-33f0d5edc88e/addn_hosts - 3 addresses
Jun  2 17:09:03 gtw01 dnsmasq-dhcp[13858]: read /var/lib/neutron/dhcp/eeeb4bdb-139c-43c3-bf3d-33f0d5edc88e/host
Jun  2 17:09:03 gtw01 dnsmasq-dhcp[13858]: read /var/lib/neutron/dhcp/eeeb4bdb-139c-43c3-bf3d-33f0d5edc88e/opts
Jun  2 17:09:04 gtw01 dnsmasq[14080]: read /var/lib/neutron/dhcp/1135685b-e0bc-4ede-96d2-12f532d604bf/addn_hosts - 2 addresses
Jun  2 17:09:04 gtw01 dnsmasq-dhcp[14080]: read /var/lib/neutron/dhcp/1135685b-e0bc-4ede-96d2-12f532d604bf/host
Jun  2 17:09:04 gtw01 dnsmasq-dhcp[14080]: read /var/lib/neutron/dhcp/1135685b-e0bc-4ede-96d2-12f532d604bf/opts
Jun  2 17:09:04 gtw01 dnsmasq[13858]: read /var/lib/neutron/dhcp/eeeb4bdb-139c-43c3-bf3d-33f0d5edc88e/addn_hosts - 3 addresses
Jun  2 17:09:04 gtw01 dnsmasq-dhcp[13858]: read /var/lib/neutron/dhcp/eeeb4bdb-139c-43c3-bf3d-33f0d5edc88e/host
Jun  2 17:09:04 gtw01 dnsmasq-dhcp[13858]: read /var/lib/neutron/dhcp/eeeb4bdb-139c-43c3-bf3d-33f0d5edc88e/opts
Jun  2 17:09:05 gtw01 dnsmasq[14080]: read /var/lib/neutron/dhcp/1135685b-e0bc-4ede-96d2-12f532d604bf/addn_hosts - 2 addresses
Jun  2 17:09:05 gtw01 dnsmasq-dhcp[14080]: read /var/lib/neutron/dhcp/1135685b-e0bc-4ede-96d2-12f532d604bf/host
Jun  2 17:09:05 gtw01 dnsmasq-dhcp[14080]: read /var/lib/neutron/dhcp/1135685b-e0bc-4ede-96d2-12f532d604bf/opts
Jun  2 17:09:05 gtw01 dnsmasq[13858]: read /var/lib/neutron/dhcp/eeeb4bdb-139c-43c3-bf3d-33f0d5edc88e/addn_hosts - 3 addresses
Jun  2 17:09:05 gtw01 dnsmasq-dhcp[13858]: read /var/lib/neutron/dhcp/eeeb4bdb-139c-43c3-bf3d-33f0d5edc88e/host
Jun  2 17:09:05 gtw01 dnsmasq-dhcp[13858]: read /var/lib/neutron/dhcp/eeeb4bdb-139c-43c3-bf3d-33f0d5edc88e/opts
Jun  2 17:09:11 gtw01 dnsmasq[13858]: read /var/lib/neutron/dhcp/eeeb4bdb-139c-43c3-bf3d-33f0d5edc88e/addn_hosts - 4 addresses
Jun  2 17:09:11 gtw01 dnsmasq-dhcp[13858]: read /var/lib/neutron/dhcp/eeeb4bdb-139c-43c3-bf3d-33f0d5edc88e/host
Jun  2 17:09:11 gtw01 dnsmasq-dhcp[13858]: read /var/lib/neutron/dhcp/eeeb4bdb-139c-43c3-bf3d-33f0d5edc88e/opts
Jun  2 17:09:12 gtw01 dnsmasq[13858]: read /var/lib/neutron/dhcp/eeeb4bdb-139c-43c3-bf3d-33f0d5edc88e/addn_hosts - 4 addresses
Jun  2 17:09:12 gtw01 dnsmasq-dhcp[13858]: read /var/lib/neutron/dhcp/eeeb4bdb-139c-43c3-bf3d-33f0d5edc88e/host
Jun  2 17:09:12 gtw01 dnsmasq-dhcp[13858]: read /var/lib/neutron/dhcp/eeeb4bdb-139c-43c3-bf3d-33f0d5edc88e/opts
Jun  2 17:09:13 gtw01 dnsmasq[13858]: read /var/lib/neutron/dhcp/eeeb4bdb-139c-43c3-bf3d-33f0d5edc88e/addn_hosts - 4 addresses
Jun  2 17:09:13 gtw01 dnsmasq-dhcp[13858]: read /var/lib/neutron/dhcp/eeeb4bdb-139c-43c3-bf3d-33f0d5edc88e/host
Jun  2 17:09:13 gtw01 dnsmasq-dhcp[13858]: read /var/lib/neutron/dhcp/eeeb4bdb-139c-43c3-bf3d-33f0d5edc88e/opts
Jun  2 17:09:17 gtw01 dnsmasq-dhcp[13858]: DHCPDISCOVER(tapdbc23e6a-b9) fa:16:3e:0d:cf:2d
Jun  2 17:09:17 gtw01 dnsmasq-dhcp[13858]: DHCPOFFER(tapdbc23e6a-b9) 192.168.120.5 fa:16:3e:0d:cf:2d
Jun  2 17:09:17 gtw01 dnsmasq-dhcp[13858]: DHCPREQUEST(tapdbc23e6a-b9) 192.168.120.5 fa:16:3e:0d:cf:2d
Jun  2 17:09:17 gtw01 dnsmasq-dhcp[13858]: DHCPACK(tapdbc23e6a-b9) 192.168.120.5 fa:16:3e:0d:cf:2d host-192-168-120-5
Jun  2 17:09:18 gtw01 dnsmasq[13858]: read /var/lib/neutron/dhcp/eeeb4bdb-139c-43c3-bf3d-33f0d5edc88e/addn_hosts - 3 addresses
Jun  2 17:09:18 gtw01 dnsmasq-dhcp[13858]: read /var/lib/neutron/dhcp/eeeb4bdb-139c-43c3-bf3d-33f0d5edc88e/host
Jun  2 17:09:18 gtw01 dnsmasq-dhcp[13858]: read /var/lib/neutron/dhcp/eeeb4bdb-139c-43c3-bf3d-33f0d5edc88e/opts
Jun  2 17:09:20 gtw01 dnsmasq-dhcp[13858]: DHCPRELEASE(tapdbc23e6a-b9) 192.168.120.5 fa:16:3e:0d:cf:2d
Jun  2 17:09:20 gtw01 dnsmasq-dhcp[13858]: DHCPRELEASE(tapdbc23e6a-b9) 192.168.120.5 fa:16:3e:0d:cf:2d unknown lease
Jun  2 17:09:21 gtw01 dnsmasq[13858]: read /var/lib/neutron/dhcp/eeeb4bdb-139c-43c3-bf3d-33f0d5edc88e/addn_hosts - 2 addresses
Jun  2 17:09:21 gtw01 dnsmasq-dhcp[13858]: read /var/lib/neutron/dhcp/eeeb4bdb-139c-43c3-bf3d-33f0d5edc88e/host
Jun  2 17:09:21 gtw01 dnsmasq-dhcp[13858]: read /var/lib/neutron/dhcp/eeeb4bdb-139c-43c3-bf3d-33f0d5edc88e/opts
Jun  2 17:09:23 gtw01 dnsmasq[14080]: read /var/lib/neutron/dhcp/1135685b-e0bc-4ede-96d2-12f532d604bf/addn_hosts - 1 addresses
Jun  2 17:09:23 gtw01 dnsmasq-dhcp[14080]: read /var/lib/neutron/dhcp/1135685b-e0bc-4ede-96d2-12f532d604bf/host
Jun  2 17:09:23 gtw01 dnsmasq-dhcp[14080]: read /var/lib/neutron/dhcp/1135685b-e0bc-4ede-96d2-12f532d604bf/opts
Jun  2 17:09:29 gtw01 kernel: [ 8911.319899] device tap83404108-07 left promiscuous mode
Jun  2 17:09:32 gtw01 dnsmasq[13858]: read /var/lib/neutron/dhcp/eeeb4bdb-139c-43c3-bf3d-33f0d5edc88e/addn_hosts - 1 addresses
Jun  2 17:09:32 gtw01 dnsmasq-dhcp[13858]: read /var/lib/neutron/dhcp/eeeb4bdb-139c-43c3-bf3d-33f0d5edc88e/host
Jun  2 17:09:32 gtw01 dnsmasq-dhcp[13858]: read /var/lib/neutron/dhcp/eeeb4bdb-139c-43c3-bf3d-33f0d5edc88e/opts
Jun  2 17:09:37 gtw01 kernel: [ 8919.480290] device tapdbc23e6a-b9 left promiscuous mode
Jun  2 17:09:45 gtw01 kernel: [ 8928.088766] device tapb5f65c23-42 entered promiscuous mode
Jun  2 17:09:45 gtw01 systemd-udevd[14374]: Could not generate persistent MAC address for tapb5f65c23-42: No such file or directory
Jun  2 17:09:45 gtw01 systemd-udevd[14419]: Process '/sbin/ip link set tapb5f65c23-42 txqueuelen 10000' failed with exit code 1.
Jun  2 17:09:48 gtw01 dnsmasq[14483]: started, version 2.80 cachesize 150
Jun  2 17:09:48 gtw01 dnsmasq[14483]: DNS service limited to local subnets
Jun  2 17:09:48 gtw01 dnsmasq[14483]: compile time options: IPv6 GNU-getopt DBus i18n IDN DHCP DHCPv6 no-Lua TFTP conntrack ipset auth DNSSEC loop-detect inotify dumpfile
Jun  2 17:09:48 gtw01 dnsmasq[14483]: warning: no upstream servers configured
Jun  2 17:09:48 gtw01 dnsmasq-dhcp[14483]: DHCP, static leases only on 192.168.120.0, lease time 1h
Jun  2 17:09:48 gtw01 dnsmasq[14483]: read /var/lib/neutron/dhcp/5ad11ba6-0932-4f2b-bff3-99c597a1a883/addn_hosts - 1 addresses
Jun  2 17:09:48 gtw01 dnsmasq-dhcp[14483]: read /var/lib/neutron/dhcp/5ad11ba6-0932-4f2b-bff3-99c597a1a883/host
Jun  2 17:09:48 gtw01 dnsmasq-dhcp[14483]: read /var/lib/neutron/dhcp/5ad11ba6-0932-4f2b-bff3-99c597a1a883/opts
Jun  2 17:09:49 gtw01 haproxy-metadata-proxy-5ad11ba6-0932-4f2b-bff3-99c597a1a883[14487]: Proxy listener started.
Jun  2 17:09:49 gtw01 dnsmasq[14483]: read /var/lib/neutron/dhcp/5ad11ba6-0932-4f2b-bff3-99c597a1a883/addn_hosts - 2 addresses
Jun  2 17:09:49 gtw01 dnsmasq-dhcp[14483]: read /var/lib/neutron/dhcp/5ad11ba6-0932-4f2b-bff3-99c597a1a883/host
Jun  2 17:09:49 gtw01 dnsmasq-dhcp[14483]: read /var/lib/neutron/dhcp/5ad11ba6-0932-4f2b-bff3-99c597a1a883/opts
Jun  2 17:09:50 gtw01 dnsmasq[14483]: read /var/lib/neutron/dhcp/5ad11ba6-0932-4f2b-bff3-99c597a1a883/addn_hosts - 2 addresses
Jun  2 17:09:50 gtw01 dnsmasq-dhcp[14483]: read /var/lib/neutron/dhcp/5ad11ba6-0932-4f2b-bff3-99c597a1a883/host
Jun  2 17:09:50 gtw01 dnsmasq-dhcp[14483]: read /var/lib/neutron/dhcp/5ad11ba6-0932-4f2b-bff3-99c597a1a883/opts
Jun  2 17:09:51 gtw01 dnsmasq[14483]: read /var/lib/neutron/dhcp/5ad11ba6-0932-4f2b-bff3-99c597a1a883/addn_hosts - 2 addresses
Jun  2 17:09:51 gtw01 dnsmasq-dhcp[14483]: read /var/lib/neutron/dhcp/5ad11ba6-0932-4f2b-bff3-99c597a1a883/host
Jun  2 17:09:51 gtw01 dnsmasq-dhcp[14483]: read /var/lib/neutron/dhcp/5ad11ba6-0932-4f2b-bff3-99c597a1a883/opts
Jun  2 17:09:52 gtw01 kernel: [ 8934.308834] device tapfa955a08-1f entered promiscuous mode
Jun  2 17:09:52 gtw01 systemd-udevd[14557]: Could not generate persistent MAC address for tapfa955a08-1f: No such file or directory
Jun  2 17:09:52 gtw01 systemd-udevd[14602]: Process '/sbin/ip link set tapfa955a08-1f txqueuelen 10000' failed with exit code 1.
Jun  2 17:09:52 gtw01 dnsmasq[14483]: read /var/lib/neutron/dhcp/5ad11ba6-0932-4f2b-bff3-99c597a1a883/addn_hosts - 2 addresses
Jun  2 17:09:52 gtw01 dnsmasq-dhcp[14483]: read /var/lib/neutron/dhcp/5ad11ba6-0932-4f2b-bff3-99c597a1a883/host
Jun  2 17:09:52 gtw01 dnsmasq-dhcp[14483]: read /var/lib/neutron/dhcp/5ad11ba6-0932-4f2b-bff3-99c597a1a883/opts
Jun  2 17:09:53 gtw01 dnsmasq[14483]: read /var/lib/neutron/dhcp/5ad11ba6-0932-4f2b-bff3-99c597a1a883/addn_hosts - 2 addresses
Jun  2 17:09:53 gtw01 dnsmasq-dhcp[14483]: read /var/lib/neutron/dhcp/5ad11ba6-0932-4f2b-bff3-99c597a1a883/host
Jun  2 17:09:53 gtw01 dnsmasq-dhcp[14483]: read /var/lib/neutron/dhcp/5ad11ba6-0932-4f2b-bff3-99c597a1a883/opts
Jun  2 17:09:55 gtw01 dnsmasq[14700]: started, version 2.80 cachesize 150
Jun  2 17:09:55 gtw01 dnsmasq[14700]: DNS service limited to local subnets
Jun  2 17:09:55 gtw01 dnsmasq[14700]: compile time options: IPv6 GNU-getopt DBus i18n IDN DHCP DHCPv6 no-Lua TFTP conntrack ipset auth DNSSEC loop-detect inotify dumpfile
Jun  2 17:09:55 gtw01 dnsmasq[14700]: warning: no upstream servers configured
Jun  2 17:09:55 gtw01 dnsmasq-dhcp[14700]: DHCP, static leases only on 192.168.120.0, lease time 1h
Jun  2 17:09:55 gtw01 dnsmasq[14700]: read /var/lib/neutron/dhcp/49335c93-1d31-4385-8ef0-528f76ab2610/addn_hosts - 1 addresses
Jun  2 17:09:55 gtw01 dnsmasq-dhcp[14700]: read /var/lib/neutron/dhcp/49335c93-1d31-4385-8ef0-528f76ab2610/host
Jun  2 17:09:55 gtw01 dnsmasq-dhcp[14700]: read /var/lib/neutron/dhcp/49335c93-1d31-4385-8ef0-528f76ab2610/opts
Jun  2 17:09:55 gtw01 haproxy-metadata-proxy-49335c93-1d31-4385-8ef0-528f76ab2610[14704]: Proxy listener started.
Jun  2 17:09:56 gtw01 dnsmasq[14700]: read /var/lib/neutron/dhcp/49335c93-1d31-4385-8ef0-528f76ab2610/addn_hosts - 2 addresses
Jun  2 17:09:56 gtw01 dnsmasq-dhcp[14700]: read /var/lib/neutron/dhcp/49335c93-1d31-4385-8ef0-528f76ab2610/host
Jun  2 17:09:56 gtw01 dnsmasq-dhcp[14700]: read /var/lib/neutron/dhcp/49335c93-1d31-4385-8ef0-528f76ab2610/opts
Jun  2 17:09:57 gtw01 dnsmasq[14700]: read /var/lib/neutron/dhcp/49335c93-1d31-4385-8ef0-528f76ab2610/addn_hosts - 2 addresses
Jun  2 17:09:57 gtw01 dnsmasq-dhcp[14700]: read /var/lib/neutron/dhcp/49335c93-1d31-4385-8ef0-528f76ab2610/host
Jun  2 17:09:57 gtw01 dnsmasq-dhcp[14700]: read /var/lib/neutron/dhcp/49335c93-1d31-4385-8ef0-528f76ab2610/opts
Jun  2 17:09:58 gtw01 dnsmasq[14700]: read /var/lib/neutron/dhcp/49335c93-1d31-4385-8ef0-528f76ab2610/addn_hosts - 2 addresses
Jun  2 17:09:58 gtw01 dnsmasq-dhcp[14700]: read /var/lib/neutron/dhcp/49335c93-1d31-4385-8ef0-528f76ab2610/host
Jun  2 17:09:58 gtw01 dnsmasq-dhcp[14700]: read /var/lib/neutron/dhcp/49335c93-1d31-4385-8ef0-528f76ab2610/opts
Jun  2 17:09:59 gtw01 dnsmasq[14700]: read /var/lib/neutron/dhcp/49335c93-1d31-4385-8ef0-528f76ab2610/addn_hosts - 2 addresses
Jun  2 17:09:59 gtw01 dnsmasq-dhcp[14700]: read /var/lib/neutron/dhcp/49335c93-1d31-4385-8ef0-528f76ab2610/host
Jun  2 17:09:59 gtw01 dnsmasq-dhcp[14700]: read /var/lib/neutron/dhcp/49335c93-1d31-4385-8ef0-528f76ab2610/opts
Jun  2 17:10:00 gtw01 dnsmasq[14700]: read /var/lib/neutron/dhcp/49335c93-1d31-4385-8ef0-528f76ab2610/addn_hosts - 2 addresses
Jun  2 17:10:00 gtw01 dnsmasq-dhcp[14700]: read /var/lib/neutron/dhcp/49335c93-1d31-4385-8ef0-528f76ab2610/host
Jun  2 17:10:00 gtw01 dnsmasq-dhcp[14700]: read /var/lib/neutron/dhcp/49335c93-1d31-4385-8ef0-528f76ab2610/opts
Jun  2 17:10:05 gtw01 dnsmasq[14483]: read /var/lib/neutron/dhcp/5ad11ba6-0932-4f2b-bff3-99c597a1a883/addn_hosts - 3 addresses
Jun  2 17:10:05 gtw01 dnsmasq-dhcp[14483]: read /var/lib/neutron/dhcp/5ad11ba6-0932-4f2b-bff3-99c597a1a883/host
Jun  2 17:10:05 gtw01 dnsmasq-dhcp[14483]: read /var/lib/neutron/dhcp/5ad11ba6-0932-4f2b-bff3-99c597a1a883/opts
Jun  2 17:10:05 gtw01 dnsmasq[14483]: read /var/lib/neutron/dhcp/5ad11ba6-0932-4f2b-bff3-99c597a1a883/addn_hosts - 3 addresses
Jun  2 17:10:05 gtw01 dnsmasq-dhcp[14483]: read /var/lib/neutron/dhcp/5ad11ba6-0932-4f2b-bff3-99c597a1a883/host
Jun  2 17:10:05 gtw01 dnsmasq-dhcp[14483]: read /var/lib/neutron/dhcp/5ad11ba6-0932-4f2b-bff3-99c597a1a883/opts
Jun  2 17:10:06 gtw01 dnsmasq[14483]: read /var/lib/neutron/dhcp/5ad11ba6-0932-4f2b-bff3-99c597a1a883/addn_hosts - 3 addresses
Jun  2 17:10:06 gtw01 dnsmasq-dhcp[14483]: read /var/lib/neutron/dhcp/5ad11ba6-0932-4f2b-bff3-99c597a1a883/host
Jun  2 17:10:06 gtw01 dnsmasq-dhcp[14483]: read /var/lib/neutron/dhcp/5ad11ba6-0932-4f2b-bff3-99c597a1a883/opts
Jun  2 17:10:18 gtw01 dnsmasq[14483]: read /var/lib/neutron/dhcp/5ad11ba6-0932-4f2b-bff3-99c597a1a883/addn_hosts - 4 addresses
Jun  2 17:10:18 gtw01 dnsmasq-dhcp[14483]: read /var/lib/neutron/dhcp/5ad11ba6-0932-4f2b-bff3-99c597a1a883/host
Jun  2 17:10:18 gtw01 dnsmasq-dhcp[14483]: read /var/lib/neutron/dhcp/5ad11ba6-0932-4f2b-bff3-99c597a1a883/opts
Jun  2 17:10:19 gtw01 dnsmasq[14483]: read /var/lib/neutron/dhcp/5ad11ba6-0932-4f2b-bff3-99c597a1a883/addn_hosts - 4 addresses
Jun  2 17:10:19 gtw01 dnsmasq-dhcp[14483]: read /var/lib/neutron/dhcp/5ad11ba6-0932-4f2b-bff3-99c597a1a883/host
Jun  2 17:10:19 gtw01 dnsmasq-dhcp[14483]: read /var/lib/neutron/dhcp/5ad11ba6-0932-4f2b-bff3-99c597a1a883/opts
Jun  2 17:10:19 gtw01 dnsmasq[14483]: read /var/lib/neutron/dhcp/5ad11ba6-0932-4f2b-bff3-99c597a1a883/addn_hosts - 4 addresses
Jun  2 17:10:19 gtw01 dnsmasq-dhcp[14483]: read /var/lib/neutron/dhcp/5ad11ba6-0932-4f2b-bff3-99c597a1a883/host
Jun  2 17:10:19 gtw01 dnsmasq-dhcp[14483]: read /var/lib/neutron/dhcp/5ad11ba6-0932-4f2b-bff3-99c597a1a883/opts
Jun  2 17:10:20 gtw01 dnsmasq-dhcp[14483]: DHCPDISCOVER(tapb5f65c23-42) fa:16:3e:3d:b8:80
Jun  2 17:10:20 gtw01 dnsmasq-dhcp[14483]: DHCPOFFER(tapb5f65c23-42) 192.168.120.4 fa:16:3e:3d:b8:80
Jun  2 17:10:20 gtw01 dnsmasq-dhcp[14483]: DHCPREQUEST(tapb5f65c23-42) 192.168.120.4 fa:16:3e:3d:b8:80
Jun  2 17:10:20 gtw01 dnsmasq-dhcp[14483]: DHCPACK(tapb5f65c23-42) 192.168.120.4 fa:16:3e:3d:b8:80 host-192-168-120-4
Jun  2 17:10:38 gtw01 dnsmasq[14483]: read /var/lib/neutron/dhcp/5ad11ba6-0932-4f2b-bff3-99c597a1a883/addn_hosts - 3 addresses
Jun  2 17:10:38 gtw01 dnsmasq-dhcp[14483]: read /var/lib/neutron/dhcp/5ad11ba6-0932-4f2b-bff3-99c597a1a883/host
Jun  2 17:10:38 gtw01 dnsmasq-dhcp[14483]: read /var/lib/neutron/dhcp/5ad11ba6-0932-4f2b-bff3-99c597a1a883/opts
Jun  2 17:10:44 gtw01 dnsmasq-dhcp[14483]: DHCPRELEASE(tapb5f65c23-42) 192.168.120.4 fa:16:3e:3d:b8:80
Jun  2 17:10:44 gtw01 dnsmasq-dhcp[14483]: DHCPRELEASE(tapb5f65c23-42) 192.168.120.4 fa:16:3e:3d:b8:80 unknown lease
Jun  2 17:10:45 gtw01 dnsmasq[14483]: read /var/lib/neutron/dhcp/5ad11ba6-0932-4f2b-bff3-99c597a1a883/addn_hosts - 2 addresses
Jun  2 17:10:45 gtw01 dnsmasq-dhcp[14483]: read /var/lib/neutron/dhcp/5ad11ba6-0932-4f2b-bff3-99c597a1a883/host
Jun  2 17:10:45 gtw01 dnsmasq-dhcp[14483]: read /var/lib/neutron/dhcp/5ad11ba6-0932-4f2b-bff3-99c597a1a883/opts
Jun  2 17:10:50 gtw01 dnsmasq[14700]: read /var/lib/neutron/dhcp/49335c93-1d31-4385-8ef0-528f76ab2610/addn_hosts - 1 addresses
Jun  2 17:10:50 gtw01 dnsmasq-dhcp[14700]: read /var/lib/neutron/dhcp/49335c93-1d31-4385-8ef0-528f76ab2610/host
Jun  2 17:10:50 gtw01 dnsmasq-dhcp[14700]: read /var/lib/neutron/dhcp/49335c93-1d31-4385-8ef0-528f76ab2610/opts
Jun  2 17:10:55 gtw01 kernel: [ 8997.604850] device tapfa955a08-1f left promiscuous mode
Jun  2 17:10:59 gtw01 dnsmasq[14483]: read /var/lib/neutron/dhcp/5ad11ba6-0932-4f2b-bff3-99c597a1a883/addn_hosts - 1 addresses
Jun  2 17:10:59 gtw01 dnsmasq-dhcp[14483]: read /var/lib/neutron/dhcp/5ad11ba6-0932-4f2b-bff3-99c597a1a883/host
Jun  2 17:10:59 gtw01 dnsmasq-dhcp[14483]: read /var/lib/neutron/dhcp/5ad11ba6-0932-4f2b-bff3-99c597a1a883/opts
Jun  2 17:11:03 gtw01 kernel: [ 9006.067407] device tapb5f65c23-42 left promiscuous mode
Jun  2 17:11:21 gtw01 dnsmasq[11041]: read /var/lib/neutron/dhcp/b6d63212-d0d3-4691-890a-f8b9f0a9965b/addn_hosts - 1 addresses
Jun  2 17:11:21 gtw01 dnsmasq-dhcp[11041]: read /var/lib/neutron/dhcp/b6d63212-d0d3-4691-890a-f8b9f0a9965b/host
Jun  2 17:11:21 gtw01 dnsmasq-dhcp[11041]: read /var/lib/neutron/dhcp/b6d63212-d0d3-4691-890a-f8b9f0a9965b/opts
Jun  2 17:11:26 gtw01 kernel: [ 9028.455660] device tapb149265b-1d left promiscuous mode
Jun  2 17:11:37 gtw01 kernel: [ 9040.000624] device tap5113f221-4a entered promiscuous mode
Jun  2 17:11:37 gtw01 systemd-udevd[15020]: Could not generate persistent MAC address for tap5113f221-4a: No such file or directory
Jun  2 17:11:37 gtw01 systemd-udevd[15020]: Process '/sbin/ip link set tap5113f221-4a txqueuelen 10000' failed with exit code 1.
Jun  2 17:11:37 gtw01 systemd-udevd[15020]: Process '/sbin/ip link set tap5113f221-4a txqueuelen 10000' failed with exit code 1.
Jun  2 17:11:40 gtw01 dnsmasq[15132]: started, version 2.80 cachesize 150
Jun  2 17:11:40 gtw01 dnsmasq[15132]: DNS service limited to local subnets
Jun  2 17:11:40 gtw01 dnsmasq[15132]: compile time options: IPv6 GNU-getopt DBus i18n IDN DHCP DHCPv6 no-Lua TFTP conntrack ipset auth DNSSEC loop-detect inotify dumpfile
Jun  2 17:11:40 gtw01 dnsmasq[15132]: warning: no upstream servers configured
Jun  2 17:11:40 gtw01 dnsmasq-dhcp[15132]: DHCP, static leases only on 192.168.120.0, lease time 1h
Jun  2 17:11:40 gtw01 dnsmasq[15132]: read /var/lib/neutron/dhcp/e5952cfc-06ea-45db-a77d-ad192d45677e/addn_hosts - 1 addresses
Jun  2 17:11:40 gtw01 dnsmasq-dhcp[15132]: read /var/lib/neutron/dhcp/e5952cfc-06ea-45db-a77d-ad192d45677e/host
Jun  2 17:11:40 gtw01 dnsmasq-dhcp[15132]: read /var/lib/neutron/dhcp/e5952cfc-06ea-45db-a77d-ad192d45677e/opts
Jun  2 17:11:40 gtw01 haproxy-metadata-proxy-e5952cfc-06ea-45db-a77d-ad192d45677e[15136]: Proxy listener started.
Jun  2 17:11:41 gtw01 dnsmasq[15132]: read /var/lib/neutron/dhcp/e5952cfc-06ea-45db-a77d-ad192d45677e/addn_hosts - 2 addresses
Jun  2 17:11:41 gtw01 dnsmasq-dhcp[15132]: read /var/lib/neutron/dhcp/e5952cfc-06ea-45db-a77d-ad192d45677e/host
Jun  2 17:11:41 gtw01 dnsmasq-dhcp[15132]: read /var/lib/neutron/dhcp/e5952cfc-06ea-45db-a77d-ad192d45677e/opts
Jun  2 17:11:42 gtw01 dnsmasq[15132]: read /var/lib/neutron/dhcp/e5952cfc-06ea-45db-a77d-ad192d45677e/addn_hosts - 2 addresses
Jun  2 17:11:42 gtw01 dnsmasq-dhcp[15132]: read /var/lib/neutron/dhcp/e5952cfc-06ea-45db-a77d-ad192d45677e/host
Jun  2 17:11:42 gtw01 dnsmasq-dhcp[15132]: read /var/lib/neutron/dhcp/e5952cfc-06ea-45db-a77d-ad192d45677e/opts
Jun  2 17:11:43 gtw01 dnsmasq[15132]: read /var/lib/neutron/dhcp/e5952cfc-06ea-45db-a77d-ad192d45677e/addn_hosts - 2 addresses
Jun  2 17:11:43 gtw01 dnsmasq-dhcp[15132]: read /var/lib/neutron/dhcp/e5952cfc-06ea-45db-a77d-ad192d45677e/host
Jun  2 17:11:43 gtw01 dnsmasq-dhcp[15132]: read /var/lib/neutron/dhcp/e5952cfc-06ea-45db-a77d-ad192d45677e/opts
Jun  2 17:11:44 gtw01 dnsmasq[15132]: read /var/lib/neutron/dhcp/e5952cfc-06ea-45db-a77d-ad192d45677e/addn_hosts - 2 addresses
Jun  2 17:11:44 gtw01 dnsmasq-dhcp[15132]: read /var/lib/neutron/dhcp/e5952cfc-06ea-45db-a77d-ad192d45677e/host
Jun  2 17:11:44 gtw01 dnsmasq-dhcp[15132]: read /var/lib/neutron/dhcp/e5952cfc-06ea-45db-a77d-ad192d45677e/opts
Jun  2 17:11:45 gtw01 dnsmasq[15132]: read /var/lib/neutron/dhcp/e5952cfc-06ea-45db-a77d-ad192d45677e/addn_hosts - 2 addresses
Jun  2 17:11:45 gtw01 dnsmasq-dhcp[15132]: read /var/lib/neutron/dhcp/e5952cfc-06ea-45db-a77d-ad192d45677e/host
Jun  2 17:11:45 gtw01 dnsmasq-dhcp[15132]: read /var/lib/neutron/dhcp/e5952cfc-06ea-45db-a77d-ad192d45677e/opts
Jun  2 17:12:44 gtw01 kernel: [ 9107.120257] device tap9bfe0c61-95 entered promiscuous mode
Jun  2 17:12:44 gtw01 systemd-udevd[15241]: Could not generate persistent MAC address for tap9bfe0c61-95: No such file or directory
Jun  2 17:12:44 gtw01 systemd-udevd[15286]: Process '/sbin/ip link set tap9bfe0c61-95 txqueuelen 10000' failed with exit code 1.
Jun  2 17:12:47 gtw01 systemd-udevd[15379]: Could not generate persistent MAC address for tap53277a90-f2: No such file or directory
Jun  2 17:12:47 gtw01 kernel: [ 9110.090423] device tap53277a90-f2 entered promiscuous mode
Jun  2 17:12:47 gtw01 dnsmasq[15425]: started, version 2.80 cachesize 150
Jun  2 17:12:47 gtw01 dnsmasq[15425]: DNS service limited to local subnets
Jun  2 17:12:47 gtw01 dnsmasq[15425]: compile time options: IPv6 GNU-getopt DBus i18n IDN DHCP DHCPv6 no-Lua TFTP conntrack ipset auth DNSSEC loop-detect inotify dumpfile
Jun  2 17:12:47 gtw01 dnsmasq[15425]: warning: no upstream servers configured
Jun  2 17:12:47 gtw01 dnsmasq-dhcp[15425]: DHCP, static leases only on 192.168.120.0, lease time 1h
Jun  2 17:12:47 gtw01 dnsmasq[15425]: read /var/lib/neutron/dhcp/94beb396-c8d4-436d-a67d-438c807e8f50/addn_hosts - 1 addresses
Jun  2 17:12:47 gtw01 dnsmasq-dhcp[15425]: read /var/lib/neutron/dhcp/94beb396-c8d4-436d-a67d-438c807e8f50/host
Jun  2 17:12:47 gtw01 dnsmasq-dhcp[15425]: read /var/lib/neutron/dhcp/94beb396-c8d4-436d-a67d-438c807e8f50/opts
Jun  2 17:12:47 gtw01 systemd-udevd[15428]: Process '/sbin/ip link set tap53277a90-f2 txqueuelen 10000' failed with exit code 1.
Jun  2 17:12:48 gtw01 haproxy-metadata-proxy-94beb396-c8d4-436d-a67d-438c807e8f50[15449]: Proxy listener started.
Jun  2 17:12:48 gtw01 kernel: [ 9110.638108] device tap7b5378c8-bb entered promiscuous mode
Jun  2 17:12:48 gtw01 systemd-udevd[15465]: Could not generate persistent MAC address for tap7b5378c8-bb: No such file or directory
Jun  2 17:12:48 gtw01 systemd-udevd[15465]: Process '/sbin/ip link set tap7b5378c8-bb txqueuelen 10000' failed with exit code 1.
Jun  2 17:12:49 gtw01 dnsmasq[15425]: read /var/lib/neutron/dhcp/94beb396-c8d4-436d-a67d-438c807e8f50/addn_hosts - 2 addresses
Jun  2 17:12:49 gtw01 dnsmasq-dhcp[15425]: read /var/lib/neutron/dhcp/94beb396-c8d4-436d-a67d-438c807e8f50/host
Jun  2 17:12:49 gtw01 dnsmasq-dhcp[15425]: read /var/lib/neutron/dhcp/94beb396-c8d4-436d-a67d-438c807e8f50/opts
Jun  2 17:12:49 gtw01 systemd-udevd[15574]: Could not generate persistent MAC address for tapfc7775bf-2e: No such file or directory
Jun  2 17:12:49 gtw01 kernel: [ 9111.678179] device tapfc7775bf-2e entered promiscuous mode
Jun  2 17:12:49 gtw01 systemd-udevd[15620]: Process '/sbin/ip link set tapfc7775bf-2e txqueuelen 10000' failed with exit code 1.
Jun  2 17:12:50 gtw01 dnsmasq[15425]: read /var/lib/neutron/dhcp/94beb396-c8d4-436d-a67d-438c807e8f50/addn_hosts - 2 addresses
Jun  2 17:12:50 gtw01 dnsmasq-dhcp[15425]: read /var/lib/neutron/dhcp/94beb396-c8d4-436d-a67d-438c807e8f50/host
Jun  2 17:12:50 gtw01 dnsmasq-dhcp[15425]: read /var/lib/neutron/dhcp/94beb396-c8d4-436d-a67d-438c807e8f50/opts
Jun  2 17:12:51 gtw01 dnsmasq[15425]: read /var/lib/neutron/dhcp/94beb396-c8d4-436d-a67d-438c807e8f50/addn_hosts - 2 addresses
Jun  2 17:12:51 gtw01 dnsmasq-dhcp[15425]: read /var/lib/neutron/dhcp/94beb396-c8d4-436d-a67d-438c807e8f50/host
Jun  2 17:12:51 gtw01 dnsmasq-dhcp[15425]: read /var/lib/neutron/dhcp/94beb396-c8d4-436d-a67d-438c807e8f50/opts
Jun  2 17:12:52 gtw01 dnsmasq[15765]: started, version 2.80 cachesize 150
Jun  2 17:12:52 gtw01 dnsmasq[15765]: DNS service limited to local subnets
Jun  2 17:12:52 gtw01 dnsmasq[15765]: compile time options: IPv6 GNU-getopt DBus i18n IDN DHCP DHCPv6 no-Lua TFTP conntrack ipset auth DNSSEC loop-detect inotify dumpfile
Jun  2 17:12:52 gtw01 dnsmasq[15765]: warning: no upstream servers configured
Jun  2 17:12:52 gtw01 dnsmasq-dhcp[15765]: DHCP, static leases only on 192.168.120.0, lease time 1h
Jun  2 17:12:52 gtw01 dnsmasq[15765]: read /var/lib/neutron/dhcp/66b74de3-4a1e-4278-9e4b-de06e4becaf0/addn_hosts - 1 addresses
Jun  2 17:12:52 gtw01 dnsmasq-dhcp[15765]: read /var/lib/neutron/dhcp/66b74de3-4a1e-4278-9e4b-de06e4becaf0/host
Jun  2 17:12:52 gtw01 dnsmasq-dhcp[15765]: read /var/lib/neutron/dhcp/66b74de3-4a1e-4278-9e4b-de06e4becaf0/opts
Jun  2 17:12:52 gtw01 haproxy-metadata-proxy-66b74de3-4a1e-4278-9e4b-de06e4becaf0[15777]: Proxy listener started.
Jun  2 17:12:52 gtw01 dnsmasq[15799]: started, version 2.80 cachesize 150
Jun  2 17:12:52 gtw01 dnsmasq[15799]: DNS service limited to local subnets
Jun  2 17:12:52 gtw01 dnsmasq[15799]: compile time options: IPv6 GNU-getopt DBus i18n IDN DHCP DHCPv6 no-Lua TFTP conntrack ipset auth DNSSEC loop-detect inotify dumpfile
Jun  2 17:12:52 gtw01 dnsmasq[15799]: warning: no upstream servers configured
Jun  2 17:12:52 gtw01 dnsmasq-dhcp[15799]: DHCP, static leases only on 192.168.120.0, lease time 1h
Jun  2 17:12:52 gtw01 dnsmasq[15799]: read /var/lib/neutron/dhcp/a5780274-972f-4f14-9827-739c0cf580c6/addn_hosts - 1 addresses
Jun  2 17:12:52 gtw01 dnsmasq-dhcp[15799]: read /var/lib/neutron/dhcp/a5780274-972f-4f14-9827-739c0cf580c6/host
Jun  2 17:12:52 gtw01 dnsmasq-dhcp[15799]: read /var/lib/neutron/dhcp/a5780274-972f-4f14-9827-739c0cf580c6/opts
Jun  2 17:12:53 gtw01 dnsmasq[15425]: read /var/lib/neutron/dhcp/94beb396-c8d4-436d-a67d-438c807e8f50/addn_hosts - 2 addresses
Jun  2 17:12:53 gtw01 dnsmasq-dhcp[15425]: read /var/lib/neutron/dhcp/94beb396-c8d4-436d-a67d-438c807e8f50/host
Jun  2 17:12:53 gtw01 dnsmasq-dhcp[15425]: read /var/lib/neutron/dhcp/94beb396-c8d4-436d-a67d-438c807e8f50/opts
Jun  2 17:12:53 gtw01 haproxy-metadata-proxy-a5780274-972f-4f14-9827-739c0cf580c6[15809]: Proxy listener started.
Jun  2 17:12:53 gtw01 dnsmasq[15765]: read /var/lib/neutron/dhcp/66b74de3-4a1e-4278-9e4b-de06e4becaf0/addn_hosts - 1 addresses
Jun  2 17:12:53 gtw01 dnsmasq-dhcp[15765]: read /var/lib/neutron/dhcp/66b74de3-4a1e-4278-9e4b-de06e4becaf0/host
Jun  2 17:12:53 gtw01 dnsmasq-dhcp[15765]: read /var/lib/neutron/dhcp/66b74de3-4a1e-4278-9e4b-de06e4becaf0/opts
Jun  2 17:12:53 gtw01 dnsmasq[15829]: started, version 2.80 cachesize 150
Jun  2 17:12:53 gtw01 dnsmasq[15829]: DNS service limited to local subnets
Jun  2 17:12:53 gtw01 dnsmasq[15829]: compile time options: IPv6 GNU-getopt DBus i18n IDN DHCP DHCPv6 no-Lua TFTP conntrack ipset auth DNSSEC loop-detect inotify dumpfile
Jun  2 17:12:53 gtw01 dnsmasq[15829]: warning: no upstream servers configured
Jun  2 17:12:53 gtw01 dnsmasq-dhcp[15829]: DHCP, static leases only on 192.168.120.0, lease time 1h
Jun  2 17:12:53 gtw01 dnsmasq[15829]: read /var/lib/neutron/dhcp/924c0373-ed3c-417a-90a6-d590dab1bf11/addn_hosts - 1 addresses
Jun  2 17:12:53 gtw01 dnsmasq-dhcp[15829]: read /var/lib/neutron/dhcp/924c0373-ed3c-417a-90a6-d590dab1bf11/host
Jun  2 17:12:53 gtw01 dnsmasq-dhcp[15829]: read /var/lib/neutron/dhcp/924c0373-ed3c-417a-90a6-d590dab1bf11/opts
Jun  2 17:12:53 gtw01 haproxy-metadata-proxy-924c0373-ed3c-417a-90a6-d590dab1bf11[15840]: Proxy listener started.
Jun  2 17:12:54 gtw01 dnsmasq[15799]: read /var/lib/neutron/dhcp/a5780274-972f-4f14-9827-739c0cf580c6/addn_hosts - 1 addresses
Jun  2 17:12:54 gtw01 dnsmasq-dhcp[15799]: read /var/lib/neutron/dhcp/a5780274-972f-4f14-9827-739c0cf580c6/host
Jun  2 17:12:54 gtw01 dnsmasq-dhcp[15799]: read /var/lib/neutron/dhcp/a5780274-972f-4f14-9827-739c0cf580c6/opts
Jun  2 17:12:54 gtw01 dnsmasq[15765]: read /var/lib/neutron/dhcp/66b74de3-4a1e-4278-9e4b-de06e4becaf0/addn_hosts - 1 addresses
Jun  2 17:12:54 gtw01 dnsmasq-dhcp[15765]: read /var/lib/neutron/dhcp/66b74de3-4a1e-4278-9e4b-de06e4becaf0/host
Jun  2 17:12:54 gtw01 dnsmasq-dhcp[15765]: read /var/lib/neutron/dhcp/66b74de3-4a1e-4278-9e4b-de06e4becaf0/opts
Jun  2 17:12:54 gtw01 dnsmasq[15829]: read /var/lib/neutron/dhcp/924c0373-ed3c-417a-90a6-d590dab1bf11/addn_hosts - 1 addresses
Jun  2 17:12:54 gtw01 dnsmasq-dhcp[15829]: read /var/lib/neutron/dhcp/924c0373-ed3c-417a-90a6-d590dab1bf11/host
Jun  2 17:12:54 gtw01 dnsmasq-dhcp[15829]: read /var/lib/neutron/dhcp/924c0373-ed3c-417a-90a6-d590dab1bf11/opts
Jun  2 17:12:55 gtw01 dnsmasq[15799]: read /var/lib/neutron/dhcp/a5780274-972f-4f14-9827-739c0cf580c6/addn_hosts - 1 addresses
Jun  2 17:12:55 gtw01 dnsmasq-dhcp[15799]: read /var/lib/neutron/dhcp/a5780274-972f-4f14-9827-739c0cf580c6/host
Jun  2 17:12:55 gtw01 dnsmasq-dhcp[15799]: read /var/lib/neutron/dhcp/a5780274-972f-4f14-9827-739c0cf580c6/opts
Jun  2 17:12:55 gtw01 dnsmasq[15765]: read /var/lib/neutron/dhcp/66b74de3-4a1e-4278-9e4b-de06e4becaf0/addn_hosts - 1 addresses
Jun  2 17:12:55 gtw01 dnsmasq-dhcp[15765]: read /var/lib/neutron/dhcp/66b74de3-4a1e-4278-9e4b-de06e4becaf0/host
Jun  2 17:12:55 gtw01 dnsmasq-dhcp[15765]: read /var/lib/neutron/dhcp/66b74de3-4a1e-4278-9e4b-de06e4becaf0/opts
Jun  2 17:12:55 gtw01 dnsmasq[15829]: read /var/lib/neutron/dhcp/924c0373-ed3c-417a-90a6-d590dab1bf11/addn_hosts - 1 addresses
Jun  2 17:12:55 gtw01 dnsmasq-dhcp[15829]: read /var/lib/neutron/dhcp/924c0373-ed3c-417a-90a6-d590dab1bf11/host
Jun  2 17:12:55 gtw01 dnsmasq-dhcp[15829]: read /var/lib/neutron/dhcp/924c0373-ed3c-417a-90a6-d590dab1bf11/opts
Jun  2 17:12:56 gtw01 dnsmasq[15799]: read /var/lib/neutron/dhcp/a5780274-972f-4f14-9827-739c0cf580c6/addn_hosts - 1 addresses
Jun  2 17:12:56 gtw01 dnsmasq-dhcp[15799]: read /var/lib/neutron/dhcp/a5780274-972f-4f14-9827-739c0cf580c6/host
Jun  2 17:12:56 gtw01 dnsmasq-dhcp[15799]: read /var/lib/neutron/dhcp/a5780274-972f-4f14-9827-739c0cf580c6/opts
Jun  2 17:12:56 gtw01 dnsmasq[15829]: read /var/lib/neutron/dhcp/924c0373-ed3c-417a-90a6-d590dab1bf11/addn_hosts - 1 addresses
Jun  2 17:12:56 gtw01 dnsmasq-dhcp[15829]: read /var/lib/neutron/dhcp/924c0373-ed3c-417a-90a6-d590dab1bf11/host
Jun  2 17:12:56 gtw01 dnsmasq-dhcp[15829]: read /var/lib/neutron/dhcp/924c0373-ed3c-417a-90a6-d590dab1bf11/opts
Jun  2 17:12:58 gtw01 dnsmasq[15425]: read /var/lib/neutron/dhcp/94beb396-c8d4-436d-a67d-438c807e8f50/addn_hosts - 3 addresses
Jun  2 17:12:58 gtw01 dnsmasq-dhcp[15425]: read /var/lib/neutron/dhcp/94beb396-c8d4-436d-a67d-438c807e8f50/host
Jun  2 17:12:58 gtw01 dnsmasq-dhcp[15425]: read /var/lib/neutron/dhcp/94beb396-c8d4-436d-a67d-438c807e8f50/opts
Jun  2 17:12:59 gtw01 dnsmasq[15799]: read /var/lib/neutron/dhcp/a5780274-972f-4f14-9827-739c0cf580c6/addn_hosts - 2 addresses
Jun  2 17:12:59 gtw01 dnsmasq-dhcp[15799]: read /var/lib/neutron/dhcp/a5780274-972f-4f14-9827-739c0cf580c6/host
Jun  2 17:12:59 gtw01 dnsmasq-dhcp[15799]: read /var/lib/neutron/dhcp/a5780274-972f-4f14-9827-739c0cf580c6/opts
Jun  2 17:13:00 gtw01 kernel: [ 9122.456713] device tap23eec03d-eb entered promiscuous mode
Jun  2 17:13:00 gtw01 systemd-udevd[16047]: Could not generate persistent MAC address for tap23eec03d-eb: No such file or directory
Jun  2 17:13:00 gtw01 systemd-udevd[16094]: Process '/sbin/ip link set tap23eec03d-eb txqueuelen 10000' failed with exit code 1.
Jun  2 17:13:00 gtw01 dnsmasq[15799]: read /var/lib/neutron/dhcp/a5780274-972f-4f14-9827-739c0cf580c6/addn_hosts - 2 addresses
Jun  2 17:13:00 gtw01 dnsmasq-dhcp[15799]: read /var/lib/neutron/dhcp/a5780274-972f-4f14-9827-739c0cf580c6/host
Jun  2 17:13:00 gtw01 dnsmasq-dhcp[15799]: read /var/lib/neutron/dhcp/a5780274-972f-4f14-9827-739c0cf580c6/opts
Jun  2 17:13:02 gtw01 dnsmasq[16184]: started, version 2.80 cachesize 150
Jun  2 17:13:02 gtw01 dnsmasq[16184]: DNS service limited to local subnets
Jun  2 17:13:02 gtw01 dnsmasq[16184]: compile time options: IPv6 GNU-getopt DBus i18n IDN DHCP DHCPv6 no-Lua TFTP conntrack ipset auth DNSSEC loop-detect inotify dumpfile
Jun  2 17:13:02 gtw01 dnsmasq[16184]: warning: no upstream servers configured
Jun  2 17:13:02 gtw01 dnsmasq-dhcp[16184]: DHCP, static leases only on 192.168.120.0, lease time 1h
Jun  2 17:13:02 gtw01 dnsmasq-dhcp[16184]: DHCP, static leases only on 192.168.120.16, lease time 1h
Jun  2 17:13:02 gtw01 dnsmasq[16184]: read /var/lib/neutron/dhcp/66b74de3-4a1e-4278-9e4b-de06e4becaf0/addn_hosts - 2 addresses
Jun  2 17:13:02 gtw01 dnsmasq-dhcp[16184]: read /var/lib/neutron/dhcp/66b74de3-4a1e-4278-9e4b-de06e4becaf0/host
Jun  2 17:13:02 gtw01 dnsmasq-dhcp[16184]: read /var/lib/neutron/dhcp/66b74de3-4a1e-4278-9e4b-de06e4becaf0/opts
Jun  2 17:13:02 gtw01 dnsmasq[16184]: read /var/lib/neutron/dhcp/66b74de3-4a1e-4278-9e4b-de06e4becaf0/addn_hosts - 2 addresses
Jun  2 17:13:02 gtw01 dnsmasq-dhcp[16184]: read /var/lib/neutron/dhcp/66b74de3-4a1e-4278-9e4b-de06e4becaf0/host
Jun  2 17:13:02 gtw01 dnsmasq-dhcp[16184]: read /var/lib/neutron/dhcp/66b74de3-4a1e-4278-9e4b-de06e4becaf0/opts
Jun  2 17:13:03 gtw01 dnsmasq[16224]: started, version 2.80 cachesize 150
Jun  2 17:13:03 gtw01 dnsmasq[16224]: DNS service limited to local subnets
Jun  2 17:13:03 gtw01 dnsmasq[16224]: compile time options: IPv6 GNU-getopt DBus i18n IDN DHCP DHCPv6 no-Lua TFTP conntrack ipset auth DNSSEC loop-detect inotify dumpfile
Jun  2 17:13:03 gtw01 dnsmasq[16224]: warning: no upstream servers configured
Jun  2 17:13:03 gtw01 dnsmasq-dhcp[16224]: DHCP, static leases only on 192.168.120.0, lease time 1h
Jun  2 17:13:03 gtw01 dnsmasq[16224]: read /var/lib/neutron/dhcp/a32b0aef-f1ff-4da2-9f8d-c7179f4ec162/addn_hosts - 1 addresses
Jun  2 17:13:03 gtw01 dnsmasq-dhcp[16224]: read /var/lib/neutron/dhcp/a32b0aef-f1ff-4da2-9f8d-c7179f4ec162/host
Jun  2 17:13:03 gtw01 dnsmasq-dhcp[16224]: read /var/lib/neutron/dhcp/a32b0aef-f1ff-4da2-9f8d-c7179f4ec162/opts
Jun  2 17:13:03 gtw01 haproxy-metadata-proxy-a32b0aef-f1ff-4da2-9f8d-c7179f4ec162[16228]: Proxy listener started.
Jun  2 17:13:04 gtw01 dnsmasq[16224]: read /var/lib/neutron/dhcp/a32b0aef-f1ff-4da2-9f8d-c7179f4ec162/addn_hosts - 2 addresses
Jun  2 17:13:04 gtw01 dnsmasq-dhcp[16224]: read /var/lib/neutron/dhcp/a32b0aef-f1ff-4da2-9f8d-c7179f4ec162/host
Jun  2 17:13:04 gtw01 dnsmasq-dhcp[16224]: read /var/lib/neutron/dhcp/a32b0aef-f1ff-4da2-9f8d-c7179f4ec162/opts
Jun  2 17:13:05 gtw01 dnsmasq[16224]: read /var/lib/neutron/dhcp/a32b0aef-f1ff-4da2-9f8d-c7179f4ec162/addn_hosts - 2 addresses
Jun  2 17:13:05 gtw01 dnsmasq-dhcp[16224]: read /var/lib/neutron/dhcp/a32b0aef-f1ff-4da2-9f8d-c7179f4ec162/host
Jun  2 17:13:05 gtw01 dnsmasq-dhcp[16224]: read /var/lib/neutron/dhcp/a32b0aef-f1ff-4da2-9f8d-c7179f4ec162/opts
Jun  2 17:13:06 gtw01 dnsmasq[16224]: read /var/lib/neutron/dhcp/a32b0aef-f1ff-4da2-9f8d-c7179f4ec162/addn_hosts - 2 addresses
Jun  2 17:13:06 gtw01 dnsmasq-dhcp[16224]: read /var/lib/neutron/dhcp/a32b0aef-f1ff-4da2-9f8d-c7179f4ec162/host
Jun  2 17:13:06 gtw01 dnsmasq-dhcp[16224]: read /var/lib/neutron/dhcp/a32b0aef-f1ff-4da2-9f8d-c7179f4ec162/opts
Jun  2 17:13:06 gtw01 dnsmasq[16224]: read /var/lib/neutron/dhcp/a32b0aef-f1ff-4da2-9f8d-c7179f4ec162/addn_hosts - 2 addresses
Jun  2 17:13:06 gtw01 dnsmasq-dhcp[16224]: read /var/lib/neutron/dhcp/a32b0aef-f1ff-4da2-9f8d-c7179f4ec162/host
Jun  2 17:13:06 gtw01 dnsmasq-dhcp[16224]: read /var/lib/neutron/dhcp/a32b0aef-f1ff-4da2-9f8d-c7179f4ec162/opts
Jun  2 17:13:07 gtw01 dnsmasq[15799]: read /var/lib/neutron/dhcp/a5780274-972f-4f14-9827-739c0cf580c6/addn_hosts - 1 addresses
Jun  2 17:13:07 gtw01 dnsmasq-dhcp[15799]: read /var/lib/neutron/dhcp/a5780274-972f-4f14-9827-739c0cf580c6/host
Jun  2 17:13:07 gtw01 dnsmasq-dhcp[15799]: read /var/lib/neutron/dhcp/a5780274-972f-4f14-9827-739c0cf580c6/opts
Jun  2 17:13:07 gtw01 dnsmasq[16360]: started, version 2.80 cachesize 150
Jun  2 17:13:07 gtw01 dnsmasq[16360]: DNS service limited to local subnets
Jun  2 17:13:07 gtw01 dnsmasq[16360]: compile time options: IPv6 GNU-getopt DBus i18n IDN DHCP DHCPv6 no-Lua TFTP conntrack ipset auth DNSSEC loop-detect inotify dumpfile
Jun  2 17:13:07 gtw01 dnsmasq[16360]: warning: no upstream servers configured
Jun  2 17:13:07 gtw01 dnsmasq-dhcp[16360]: DHCP, static leases only on 192.168.120.0, lease time 1h
Jun  2 17:13:07 gtw01 dnsmasq-dhcp[16360]: DHCP, static leases only on 192.168.120.32, lease time 1h
Jun  2 17:13:07 gtw01 dnsmasq-dhcp[16360]: DHCP, static leases only on 192.168.120.16, lease time 1h
Jun  2 17:13:07 gtw01 dnsmasq[16360]: read /var/lib/neutron/dhcp/66b74de3-4a1e-4278-9e4b-de06e4becaf0/addn_hosts - 3 addresses
Jun  2 17:13:07 gtw01 dnsmasq-dhcp[16360]: read /var/lib/neutron/dhcp/66b74de3-4a1e-4278-9e4b-de06e4becaf0/host
Jun  2 17:13:07 gtw01 dnsmasq-dhcp[16360]: read /var/lib/neutron/dhcp/66b74de3-4a1e-4278-9e4b-de06e4becaf0/opts
Jun  2 17:13:07 gtw01 dnsmasq[16224]: read /var/lib/neutron/dhcp/a32b0aef-f1ff-4da2-9f8d-c7179f4ec162/addn_hosts - 2 addresses
Jun  2 17:13:07 gtw01 dnsmasq-dhcp[16224]: read /var/lib/neutron/dhcp/a32b0aef-f1ff-4da2-9f8d-c7179f4ec162/host
Jun  2 17:13:07 gtw01 dnsmasq-dhcp[16224]: read /var/lib/neutron/dhcp/a32b0aef-f1ff-4da2-9f8d-c7179f4ec162/opts
Jun  2 17:13:08 gtw01 dnsmasq[16360]: read /var/lib/neutron/dhcp/66b74de3-4a1e-4278-9e4b-de06e4becaf0/addn_hosts - 3 addresses
Jun  2 17:13:08 gtw01 dnsmasq-dhcp[16360]: read /var/lib/neutron/dhcp/66b74de3-4a1e-4278-9e4b-de06e4becaf0/host
Jun  2 17:13:08 gtw01 dnsmasq-dhcp[16360]: read /var/lib/neutron/dhcp/66b74de3-4a1e-4278-9e4b-de06e4becaf0/opts
Jun  2 17:13:09 gtw01 dnsmasq[15425]: read /var/lib/neutron/dhcp/94beb396-c8d4-436d-a67d-438c807e8f50/addn_hosts - 4 addresses
Jun  2 17:13:09 gtw01 dnsmasq-dhcp[15425]: read /var/lib/neutron/dhcp/94beb396-c8d4-436d-a67d-438c807e8f50/host
Jun  2 17:13:09 gtw01 dnsmasq-dhcp[15425]: read /var/lib/neutron/dhcp/94beb396-c8d4-436d-a67d-438c807e8f50/opts
Jun  2 17:13:11 gtw01 dnsmasq[15799]: read /var/lib/neutron/dhcp/a5780274-972f-4f14-9827-739c0cf580c6/addn_hosts - 2 addresses
Jun  2 17:13:11 gtw01 dnsmasq-dhcp[15799]: read /var/lib/neutron/dhcp/a5780274-972f-4f14-9827-739c0cf580c6/host
Jun  2 17:13:11 gtw01 dnsmasq-dhcp[15799]: read /var/lib/neutron/dhcp/a5780274-972f-4f14-9827-739c0cf580c6/opts
Jun  2 17:13:12 gtw01 dnsmasq[16224]: read /var/lib/neutron/dhcp/a32b0aef-f1ff-4da2-9f8d-c7179f4ec162/addn_hosts - 1 addresses
Jun  2 17:13:12 gtw01 dnsmasq-dhcp[16224]: read /var/lib/neutron/dhcp/a32b0aef-f1ff-4da2-9f8d-c7179f4ec162/host
Jun  2 17:13:12 gtw01 dnsmasq-dhcp[16224]: read /var/lib/neutron/dhcp/a32b0aef-f1ff-4da2-9f8d-c7179f4ec162/opts
Jun  2 17:13:12 gtw01 dnsmasq[15799]: read /var/lib/neutron/dhcp/a5780274-972f-4f14-9827-739c0cf580c6/addn_hosts - 2 addresses
Jun  2 17:13:12 gtw01 dnsmasq-dhcp[15799]: read /var/lib/neutron/dhcp/a5780274-972f-4f14-9827-739c0cf580c6/host
Jun  2 17:13:12 gtw01 dnsmasq-dhcp[15799]: read /var/lib/neutron/dhcp/a5780274-972f-4f14-9827-739c0cf580c6/opts
Jun  2 17:13:15 gtw01 dnsmasq[16501]: started, version 2.80 cachesize 150
Jun  2 17:13:15 gtw01 dnsmasq[16501]: DNS service limited to local subnets
Jun  2 17:13:15 gtw01 dnsmasq[16501]: compile time options: IPv6 GNU-getopt DBus i18n IDN DHCP DHCPv6 no-Lua TFTP conntrack ipset auth DNSSEC loop-detect inotify dumpfile
Jun  2 17:13:15 gtw01 dnsmasq[16501]: warning: no upstream servers configured
Jun  2 17:13:15 gtw01 dnsmasq-dhcp[16501]: DHCP, static leases only on 192.168.120.0, lease time 1h
Jun  2 17:13:15 gtw01 dnsmasq-dhcp[16501]: DHCP, static leases only on 192.168.120.16, lease time 1h
Jun  2 17:13:15 gtw01 dnsmasq[16501]: read /var/lib/neutron/dhcp/66b74de3-4a1e-4278-9e4b-de06e4becaf0/addn_hosts - 2 addresses
Jun  2 17:13:15 gtw01 dnsmasq-dhcp[16501]: read /var/lib/neutron/dhcp/66b74de3-4a1e-4278-9e4b-de06e4becaf0/host
Jun  2 17:13:15 gtw01 dnsmasq-dhcp[16501]: read /var/lib/neutron/dhcp/66b74de3-4a1e-4278-9e4b-de06e4becaf0/opts
Jun  2 17:13:18 gtw01 dnsmasq[16547]: started, version 2.80 cachesize 150
Jun  2 17:13:18 gtw01 dnsmasq[16547]: DNS service limited to local subnets
Jun  2 17:13:18 gtw01 dnsmasq[16547]: compile time options: IPv6 GNU-getopt DBus i18n IDN DHCP DHCPv6 no-Lua TFTP conntrack ipset auth DNSSEC loop-detect inotify dumpfile
Jun  2 17:13:18 gtw01 dnsmasq[16547]: warning: no upstream servers configured
Jun  2 17:13:18 gtw01 dnsmasq-dhcp[16547]: DHCP, static leases only on 192.168.120.0, lease time 1h
Jun  2 17:13:18 gtw01 dnsmasq-dhcp[16547]: DHCP, static leases only on 192.168.120.16, lease time 1h
Jun  2 17:13:18 gtw01 dnsmasq[16547]: read /var/lib/neutron/dhcp/66b74de3-4a1e-4278-9e4b-de06e4becaf0/addn_hosts - 2 addresses
Jun  2 17:13:18 gtw01 dnsmasq-dhcp[16547]: read /var/lib/neutron/dhcp/66b74de3-4a1e-4278-9e4b-de06e4becaf0/host
Jun  2 17:13:18 gtw01 dnsmasq-dhcp[16547]: read /var/lib/neutron/dhcp/66b74de3-4a1e-4278-9e4b-de06e4becaf0/opts
Jun  2 17:13:19 gtw01 dnsmasq[15799]: read /var/lib/neutron/dhcp/a5780274-972f-4f14-9827-739c0cf580c6/addn_hosts - 1 addresses
Jun  2 17:13:19 gtw01 dnsmasq-dhcp[15799]: read /var/lib/neutron/dhcp/a5780274-972f-4f14-9827-739c0cf580c6/host
Jun  2 17:13:19 gtw01 dnsmasq-dhcp[15799]: read /var/lib/neutron/dhcp/a5780274-972f-4f14-9827-739c0cf580c6/opts
Jun  2 17:13:19 gtw01 dnsmasq[15425]: read /var/lib/neutron/dhcp/94beb396-c8d4-436d-a67d-438c807e8f50/addn_hosts - 5 addresses
Jun  2 17:13:19 gtw01 dnsmasq-dhcp[15425]: read /var/lib/neutron/dhcp/94beb396-c8d4-436d-a67d-438c807e8f50/host
Jun  2 17:13:19 gtw01 dnsmasq-dhcp[15425]: read /var/lib/neutron/dhcp/94beb396-c8d4-436d-a67d-438c807e8f50/opts
Jun  2 17:13:20 gtw01 dnsmasq[15425]: read /var/lib/neutron/dhcp/94beb396-c8d4-436d-a67d-438c807e8f50/addn_hosts - 5 addresses
Jun  2 17:13:20 gtw01 dnsmasq-dhcp[15425]: read /var/lib/neutron/dhcp/94beb396-c8d4-436d-a67d-438c807e8f50/host
Jun  2 17:13:20 gtw01 dnsmasq-dhcp[15425]: read /var/lib/neutron/dhcp/94beb396-c8d4-436d-a67d-438c807e8f50/opts
Jun  2 17:13:20 gtw01 dnsmasq[15799]: read /var/lib/neutron/dhcp/a5780274-972f-4f14-9827-739c0cf580c6/addn_hosts - 2 addresses
Jun  2 17:13:20 gtw01 dnsmasq-dhcp[15799]: read /var/lib/neutron/dhcp/a5780274-972f-4f14-9827-739c0cf580c6/host
Jun  2 17:13:20 gtw01 dnsmasq-dhcp[15799]: read /var/lib/neutron/dhcp/a5780274-972f-4f14-9827-739c0cf580c6/opts
Jun  2 17:13:22 gtw01 dnsmasq[15799]: read /var/lib/neutron/dhcp/a5780274-972f-4f14-9827-739c0cf580c6/addn_hosts - 2 addresses
Jun  2 17:13:22 gtw01 dnsmasq-dhcp[15799]: read /var/lib/neutron/dhcp/a5780274-972f-4f14-9827-739c0cf580c6/host
Jun  2 17:13:22 gtw01 dnsmasq-dhcp[15799]: read /var/lib/neutron/dhcp/a5780274-972f-4f14-9827-739c0cf580c6/opts
Jun  2 17:13:25 gtw01 dnsmasq[15799]: read /var/lib/neutron/dhcp/a5780274-972f-4f14-9827-739c0cf580c6/addn_hosts - 1 addresses
Jun  2 17:13:25 gtw01 dnsmasq-dhcp[15799]: read /var/lib/neutron/dhcp/a5780274-972f-4f14-9827-739c0cf580c6/host
Jun  2 17:13:25 gtw01 dnsmasq-dhcp[15799]: read /var/lib/neutron/dhcp/a5780274-972f-4f14-9827-739c0cf580c6/opts
Jun  2 17:13:26 gtw01 dnsmasq[15425]: read /var/lib/neutron/dhcp/94beb396-c8d4-436d-a67d-438c807e8f50/addn_hosts - 6 addresses
Jun  2 17:13:26 gtw01 dnsmasq-dhcp[15425]: read /var/lib/neutron/dhcp/94beb396-c8d4-436d-a67d-438c807e8f50/host
Jun  2 17:13:26 gtw01 dnsmasq-dhcp[15425]: read /var/lib/neutron/dhcp/94beb396-c8d4-436d-a67d-438c807e8f50/opts
Jun  2 17:13:29 gtw01 dnsmasq[15799]: read /var/lib/neutron/dhcp/a5780274-972f-4f14-9827-739c0cf580c6/addn_hosts - 2 addresses
Jun  2 17:13:29 gtw01 dnsmasq-dhcp[15799]: read /var/lib/neutron/dhcp/a5780274-972f-4f14-9827-739c0cf580c6/host
Jun  2 17:13:29 gtw01 dnsmasq-dhcp[15799]: read /var/lib/neutron/dhcp/a5780274-972f-4f14-9827-739c0cf580c6/opts
Jun  2 17:13:29 gtw01 dnsmasq[15799]: read /var/lib/neutron/dhcp/a5780274-972f-4f14-9827-739c0cf580c6/addn_hosts - 2 addresses
Jun  2 17:13:29 gtw01 dnsmasq-dhcp[15799]: read /var/lib/neutron/dhcp/a5780274-972f-4f14-9827-739c0cf580c6/host
