Jun  2 15:35:44 gtw01 systemd-udevd[26657]: Process '/sbin/ip link set tap23dc5054-a4 txqueuelen 10000' failed with exit code 1.
Jun  2 15:35:45 gtw01 haproxy-metadata-proxy-cabc950e-6606-43fc-8543-849ee0b3268b[26675]: Proxy listener started.
Jun  2 15:35:46 gtw01 dnsmasq[26605]: read /var/lib/neutron/dhcp/cabc950e-6606-43fc-8543-849ee0b3268b/addn_hosts - 1 addresses
Jun  2 15:35:46 gtw01 dnsmasq-dhcp[26605]: read /var/lib/neutron/dhcp/cabc950e-6606-43fc-8543-849ee0b3268b/host
Jun  2 15:35:46 gtw01 dnsmasq-dhcp[26605]: read /var/lib/neutron/dhcp/cabc950e-6606-43fc-8543-849ee0b3268b/opts
Jun  2 15:35:46 gtw01 dnsmasq[26713]: started, version 2.80 cachesize 150
Jun  2 15:35:46 gtw01 dnsmasq[26713]: DNS service limited to local subnets
Jun  2 15:35:46 gtw01 dnsmasq[26713]: compile time options: IPv6 GNU-getopt DBus i18n IDN DHCP DHCPv6 no-Lua TFTP conntrack ipset auth DNSSEC loop-detect inotify dumpfile
Jun  2 15:35:46 gtw01 dnsmasq[26713]: warning: no upstream servers configured
Jun  2 15:35:46 gtw01 dnsmasq-dhcp[26713]: DHCP, static leases only on 192.168.120.16, lease time 1h
Jun  2 15:35:46 gtw01 dnsmasq[26713]: read /var/lib/neutron/dhcp/b36aaedc-d6bf-42a0-b5a1-a4007a22ae3d/addn_hosts - 1 addresses
Jun  2 15:35:46 gtw01 dnsmasq-dhcp[26713]: read /var/lib/neutron/dhcp/b36aaedc-d6bf-42a0-b5a1-a4007a22ae3d/host
Jun  2 15:35:46 gtw01 dnsmasq-dhcp[26713]: read /var/lib/neutron/dhcp/b36aaedc-d6bf-42a0-b5a1-a4007a22ae3d/opts
Jun  2 15:35:46 gtw01 haproxy-metadata-proxy-b36aaedc-d6bf-42a0-b5a1-a4007a22ae3d[26726]: Proxy listener started.
Jun  2 15:35:47 gtw01 kernel: [ 3289.751334] device tap128536f7-ec entered promiscuous mode
Jun  2 15:35:47 gtw01 systemd-udevd[26775]: Could not generate persistent MAC address for tap128536f7-ec: No such file or directory
Jun  2 15:35:47 gtw01 systemd-udevd[26823]: Process '/sbin/ip link set tap128536f7-ec txqueuelen 10000' failed with exit code 1.
Jun  2 15:35:47 gtw01 dnsmasq[26605]: read /var/lib/neutron/dhcp/cabc950e-6606-43fc-8543-849ee0b3268b/addn_hosts - 1 addresses
Jun  2 15:35:47 gtw01 dnsmasq-dhcp[26605]: read /var/lib/neutron/dhcp/cabc950e-6606-43fc-8543-849ee0b3268b/host
Jun  2 15:35:47 gtw01 dnsmasq-dhcp[26605]: read /var/lib/neutron/dhcp/cabc950e-6606-43fc-8543-849ee0b3268b/opts
Jun  2 15:35:47 gtw01 dnsmasq[26713]: read /var/lib/neutron/dhcp/b36aaedc-d6bf-42a0-b5a1-a4007a22ae3d/addn_hosts - 1 addresses
Jun  2 15:35:47 gtw01 dnsmasq-dhcp[26713]: read /var/lib/neutron/dhcp/b36aaedc-d6bf-42a0-b5a1-a4007a22ae3d/host
Jun  2 15:35:47 gtw01 dnsmasq-dhcp[26713]: read /var/lib/neutron/dhcp/b36aaedc-d6bf-42a0-b5a1-a4007a22ae3d/opts
Jun  2 15:35:49 gtw01 dnsmasq[26605]: read /var/lib/neutron/dhcp/cabc950e-6606-43fc-8543-849ee0b3268b/addn_hosts - 1 addresses
Jun  2 15:35:49 gtw01 dnsmasq-dhcp[26605]: read /var/lib/neutron/dhcp/cabc950e-6606-43fc-8543-849ee0b3268b/host
Jun  2 15:35:49 gtw01 dnsmasq-dhcp[26605]: read /var/lib/neutron/dhcp/cabc950e-6606-43fc-8543-849ee0b3268b/opts
Jun  2 15:35:49 gtw01 kernel: [ 3291.773020] device tap5e6958cf-cd entered promiscuous mode
Jun  2 15:35:49 gtw01 systemd-udevd[26925]: Could not generate persistent MAC address for tap5e6958cf-cd: No such file or directory
Jun  2 15:35:49 gtw01 systemd-udevd[26971]: Process '/sbin/ip link set tap5e6958cf-cd txqueuelen 10000' failed with exit code 1.
Jun  2 15:35:49 gtw01 dnsmasq[26713]: read /var/lib/neutron/dhcp/b36aaedc-d6bf-42a0-b5a1-a4007a22ae3d/addn_hosts - 1 addresses
Jun  2 15:35:49 gtw01 dnsmasq-dhcp[26713]: read /var/lib/neutron/dhcp/b36aaedc-d6bf-42a0-b5a1-a4007a22ae3d/host
Jun  2 15:35:49 gtw01 dnsmasq-dhcp[26713]: read /var/lib/neutron/dhcp/b36aaedc-d6bf-42a0-b5a1-a4007a22ae3d/opts
Jun  2 15:35:49 gtw01 dnsmasq[26993]: started, version 2.80 cachesize 150
Jun  2 15:35:49 gtw01 dnsmasq[26993]: DNS service limited to local subnets
Jun  2 15:35:49 gtw01 dnsmasq[26993]: compile time options: IPv6 GNU-getopt DBus i18n IDN DHCP DHCPv6 no-Lua TFTP conntrack ipset auth DNSSEC loop-detect inotify dumpfile
Jun  2 15:35:49 gtw01 dnsmasq[26993]: warning: no upstream servers configured
Jun  2 15:35:49 gtw01 dnsmasq-dhcp[26993]: DHCP, static leases only on 192.168.120.32, lease time 1h
Jun  2 15:35:49 gtw01 dnsmasq[26993]: read /var/lib/neutron/dhcp/00604f28-952a-4e4f-8568-ed31e5b80d4d/addn_hosts - 1 addresses
Jun  2 15:35:49 gtw01 dnsmasq-dhcp[26993]: read /var/lib/neutron/dhcp/00604f28-952a-4e4f-8568-ed31e5b80d4d/host
Jun  2 15:35:49 gtw01 dnsmasq-dhcp[26993]: read /var/lib/neutron/dhcp/00604f28-952a-4e4f-8568-ed31e5b80d4d/opts
Jun  2 15:35:50 gtw01 haproxy-metadata-proxy-00604f28-952a-4e4f-8568-ed31e5b80d4d[27011]: Proxy listener started.
Jun  2 15:35:51 gtw01 dnsmasq[26713]: read /var/lib/neutron/dhcp/b36aaedc-d6bf-42a0-b5a1-a4007a22ae3d/addn_hosts - 1 addresses
Jun  2 15:35:51 gtw01 dnsmasq-dhcp[26713]: read /var/lib/neutron/dhcp/b36aaedc-d6bf-42a0-b5a1-a4007a22ae3d/host
Jun  2 15:35:51 gtw01 dnsmasq-dhcp[26713]: read /var/lib/neutron/dhcp/b36aaedc-d6bf-42a0-b5a1-a4007a22ae3d/opts
Jun  2 15:35:51 gtw01 dnsmasq[26993]: read /var/lib/neutron/dhcp/00604f28-952a-4e4f-8568-ed31e5b80d4d/addn_hosts - 1 addresses
Jun  2 15:35:51 gtw01 dnsmasq-dhcp[26993]: read /var/lib/neutron/dhcp/00604f28-952a-4e4f-8568-ed31e5b80d4d/host
Jun  2 15:35:51 gtw01 dnsmasq-dhcp[26993]: read /var/lib/neutron/dhcp/00604f28-952a-4e4f-8568-ed31e5b80d4d/opts
Jun  2 15:35:51 gtw01 kernel: [ 3294.005244] device tap18141742-6a left promiscuous mode
Jun  2 15:35:52 gtw01 dnsmasq[27118]: started, version 2.80 cachesize 150
Jun  2 15:35:52 gtw01 dnsmasq[27118]: DNS service limited to local subnets
Jun  2 15:35:52 gtw01 dnsmasq[27118]: compile time options: IPv6 GNU-getopt DBus i18n IDN DHCP DHCPv6 no-Lua TFTP conntrack ipset auth DNSSEC loop-detect inotify dumpfile
Jun  2 15:35:52 gtw01 dnsmasq[27118]: warning: no upstream servers configured
Jun  2 15:35:52 gtw01 dnsmasq-dhcp[27118]: DHCP, static leases only on 192.168.120.48, lease time 1h
Jun  2 15:35:52 gtw01 dnsmasq[27118]: read /var/lib/neutron/dhcp/2f8cfa17-74f8-4028-86ac-4fb9a46066ae/addn_hosts - 1 addresses
Jun  2 15:35:52 gtw01 dnsmasq-dhcp[27118]: read /var/lib/neutron/dhcp/2f8cfa17-74f8-4028-86ac-4fb9a46066ae/host
Jun  2 15:35:52 gtw01 dnsmasq-dhcp[27118]: read /var/lib/neutron/dhcp/2f8cfa17-74f8-4028-86ac-4fb9a46066ae/opts
Jun  2 15:35:52 gtw01 haproxy-metadata-proxy-2f8cfa17-74f8-4028-86ac-4fb9a46066ae[27129]: Proxy listener started.
Jun  2 15:35:52 gtw01 dnsmasq[26993]: read /var/lib/neutron/dhcp/00604f28-952a-4e4f-8568-ed31e5b80d4d/addn_hosts - 1 addresses
Jun  2 15:35:52 gtw01 dnsmasq-dhcp[26993]: read /var/lib/neutron/dhcp/00604f28-952a-4e4f-8568-ed31e5b80d4d/host
Jun  2 15:35:52 gtw01 dnsmasq-dhcp[26993]: read /var/lib/neutron/dhcp/00604f28-952a-4e4f-8568-ed31e5b80d4d/opts
Jun  2 15:35:53 gtw01 kernel: [ 3295.631247] device tap49ba12d8-00 left promiscuous mode
Jun  2 15:35:53 gtw01 dnsmasq[27118]: read /var/lib/neutron/dhcp/2f8cfa17-74f8-4028-86ac-4fb9a46066ae/addn_hosts - 1 addresses
Jun  2 15:35:53 gtw01 dnsmasq-dhcp[27118]: read /var/lib/neutron/dhcp/2f8cfa17-74f8-4028-86ac-4fb9a46066ae/host
Jun  2 15:35:53 gtw01 dnsmasq-dhcp[27118]: read /var/lib/neutron/dhcp/2f8cfa17-74f8-4028-86ac-4fb9a46066ae/opts
Jun  2 15:35:53 gtw01 dnsmasq[27182]: started, version 2.80 cachesize 150
Jun  2 15:35:53 gtw01 dnsmasq[27182]: DNS service limited to local subnets
Jun  2 15:35:53 gtw01 dnsmasq[27182]: compile time options: IPv6 GNU-getopt DBus i18n IDN DHCP DHCPv6 no-Lua TFTP conntrack ipset auth DNSSEC loop-detect inotify dumpfile
Jun  2 15:35:53 gtw01 dnsmasq[27182]: warning: no upstream servers configured
Jun  2 15:35:53 gtw01 dnsmasq-dhcp[27182]: DHCP, static leases only on 192.168.120.64, lease time 1h
Jun  2 15:35:53 gtw01 dnsmasq[27182]: read /var/lib/neutron/dhcp/a80c5868-b72a-44c2-8fb3-4d9b924af6c6/addn_hosts - 1 addresses
Jun  2 15:35:54 gtw01 dnsmasq-dhcp[27182]: read /var/lib/neutron/dhcp/a80c5868-b72a-44c2-8fb3-4d9b924af6c6/host
Jun  2 15:35:54 gtw01 dnsmasq-dhcp[27182]: read /var/lib/neutron/dhcp/a80c5868-b72a-44c2-8fb3-4d9b924af6c6/opts
Jun  2 15:35:54 gtw01 dnsmasq[26993]: read /var/lib/neutron/dhcp/00604f28-952a-4e4f-8568-ed31e5b80d4d/addn_hosts - 1 addresses
Jun  2 15:35:54 gtw01 dnsmasq-dhcp[26993]: read /var/lib/neutron/dhcp/00604f28-952a-4e4f-8568-ed31e5b80d4d/host
Jun  2 15:35:54 gtw01 dnsmasq-dhcp[26993]: read /var/lib/neutron/dhcp/00604f28-952a-4e4f-8568-ed31e5b80d4d/opts
Jun  2 15:35:54 gtw01 haproxy-metadata-proxy-a80c5868-b72a-44c2-8fb3-4d9b924af6c6[27195]: Proxy listener started.
Jun  2 15:35:54 gtw01 dnsmasq[27118]: read /var/lib/neutron/dhcp/2f8cfa17-74f8-4028-86ac-4fb9a46066ae/addn_hosts - 1 addresses
Jun  2 15:35:54 gtw01 dnsmasq-dhcp[27118]: read /var/lib/neutron/dhcp/2f8cfa17-74f8-4028-86ac-4fb9a46066ae/host
Jun  2 15:35:54 gtw01 dnsmasq-dhcp[27118]: read /var/lib/neutron/dhcp/2f8cfa17-74f8-4028-86ac-4fb9a46066ae/opts
Jun  2 15:35:55 gtw01 dnsmasq[27118]: read /var/lib/neutron/dhcp/2f8cfa17-74f8-4028-86ac-4fb9a46066ae/addn_hosts - 1 addresses
Jun  2 15:35:55 gtw01 dnsmasq-dhcp[27118]: read /var/lib/neutron/dhcp/2f8cfa17-74f8-4028-86ac-4fb9a46066ae/host
Jun  2 15:35:55 gtw01 dnsmasq-dhcp[27118]: read /var/lib/neutron/dhcp/2f8cfa17-74f8-4028-86ac-4fb9a46066ae/opts
Jun  2 15:35:56 gtw01 kernel: [ 3298.381091] device tap23dc5054-a4 left promiscuous mode
Jun  2 15:35:56 gtw01 dnsmasq[27182]: read /var/lib/neutron/dhcp/a80c5868-b72a-44c2-8fb3-4d9b924af6c6/addn_hosts - 1 addresses
Jun  2 15:35:56 gtw01 dnsmasq-dhcp[27182]: read /var/lib/neutron/dhcp/a80c5868-b72a-44c2-8fb3-4d9b924af6c6/host
Jun  2 15:35:56 gtw01 dnsmasq-dhcp[27182]: read /var/lib/neutron/dhcp/a80c5868-b72a-44c2-8fb3-4d9b924af6c6/opts
Jun  2 15:35:56 gtw01 kernel: [ 3298.664631] device tapd0c0f9e2-d0 entered promiscuous mode
Jun  2 15:35:56 gtw01 systemd-udevd[27275]: Could not generate persistent MAC address for tapd0c0f9e2-d0: No such file or directory
Jun  2 15:35:56 gtw01 systemd-udevd[27322]: Process '/sbin/ip link set tapd0c0f9e2-d0 txqueuelen 10000' failed with exit code 1.
Jun  2 15:35:57 gtw01 dnsmasq[27182]: read /var/lib/neutron/dhcp/a80c5868-b72a-44c2-8fb3-4d9b924af6c6/addn_hosts - 1 addresses
Jun  2 15:35:57 gtw01 dnsmasq-dhcp[27182]: read /var/lib/neutron/dhcp/a80c5868-b72a-44c2-8fb3-4d9b924af6c6/host
Jun  2 15:35:57 gtw01 dnsmasq-dhcp[27182]: read /var/lib/neutron/dhcp/a80c5868-b72a-44c2-8fb3-4d9b924af6c6/opts
Jun  2 15:35:57 gtw01 kernel: [ 3299.812648] device tap128536f7-ec left promiscuous mode
Jun  2 15:35:58 gtw01 dnsmasq[27182]: read /var/lib/neutron/dhcp/a80c5868-b72a-44c2-8fb3-4d9b924af6c6/addn_hosts - 1 addresses
Jun  2 15:35:58 gtw01 dnsmasq-dhcp[27182]: read /var/lib/neutron/dhcp/a80c5868-b72a-44c2-8fb3-4d9b924af6c6/host
Jun  2 15:35:58 gtw01 dnsmasq-dhcp[27182]: read /var/lib/neutron/dhcp/a80c5868-b72a-44c2-8fb3-4d9b924af6c6/opts
Jun  2 15:35:59 gtw01 kernel: [ 3301.535794] device tap5e6958cf-cd left promiscuous mode
Jun  2 15:35:59 gtw01 dnsmasq[27439]: started, version 2.80 cachesize 150
Jun  2 15:35:59 gtw01 dnsmasq[27439]: DNS service limited to local subnets
Jun  2 15:35:59 gtw01 dnsmasq[27439]: compile time options: IPv6 GNU-getopt DBus i18n IDN DHCP DHCPv6 no-Lua TFTP conntrack ipset auth DNSSEC loop-detect inotify dumpfile
Jun  2 15:35:59 gtw01 dnsmasq[27439]: warning: no upstream servers configured
Jun  2 15:35:59 gtw01 dnsmasq-dhcp[27439]: DHCP, static leases only on 192.168.120.0, lease time 1h
Jun  2 15:35:59 gtw01 dnsmasq[27439]: read /var/lib/neutron/dhcp/77f9e200-3a6d-4be1-b460-cb3dc2ca90b1/addn_hosts - 1 addresses
Jun  2 15:35:59 gtw01 dnsmasq-dhcp[27439]: read /var/lib/neutron/dhcp/77f9e200-3a6d-4be1-b460-cb3dc2ca90b1/host
Jun  2 15:35:59 gtw01 dnsmasq-dhcp[27439]: read /var/lib/neutron/dhcp/77f9e200-3a6d-4be1-b460-cb3dc2ca90b1/opts
Jun  2 15:35:59 gtw01 haproxy-metadata-proxy-77f9e200-3a6d-4be1-b460-cb3dc2ca90b1[27443]: Proxy listener started.
Jun  2 15:36:00 gtw01 dnsmasq[27439]: read /var/lib/neutron/dhcp/77f9e200-3a6d-4be1-b460-cb3dc2ca90b1/addn_hosts - 3 addresses
Jun  2 15:36:00 gtw01 dnsmasq-dhcp[27439]: read /var/lib/neutron/dhcp/77f9e200-3a6d-4be1-b460-cb3dc2ca90b1/host
Jun  2 15:36:00 gtw01 dnsmasq-dhcp[27439]: read /var/lib/neutron/dhcp/77f9e200-3a6d-4be1-b460-cb3dc2ca90b1/opts
Jun  2 15:36:01 gtw01 dnsmasq[27439]: read /var/lib/neutron/dhcp/77f9e200-3a6d-4be1-b460-cb3dc2ca90b1/addn_hosts - 3 addresses
Jun  2 15:36:01 gtw01 dnsmasq-dhcp[27439]: read /var/lib/neutron/dhcp/77f9e200-3a6d-4be1-b460-cb3dc2ca90b1/host
Jun  2 15:36:01 gtw01 dnsmasq-dhcp[27439]: read /var/lib/neutron/dhcp/77f9e200-3a6d-4be1-b460-cb3dc2ca90b1/opts
Jun  2 15:36:02 gtw01 dnsmasq[27439]: read /var/lib/neutron/dhcp/77f9e200-3a6d-4be1-b460-cb3dc2ca90b1/addn_hosts - 3 addresses
Jun  2 15:36:02 gtw01 dnsmasq-dhcp[27439]: read /var/lib/neutron/dhcp/77f9e200-3a6d-4be1-b460-cb3dc2ca90b1/host
Jun  2 15:36:02 gtw01 dnsmasq-dhcp[27439]: read /var/lib/neutron/dhcp/77f9e200-3a6d-4be1-b460-cb3dc2ca90b1/opts
Jun  2 15:36:03 gtw01 dnsmasq[27439]: read /var/lib/neutron/dhcp/77f9e200-3a6d-4be1-b460-cb3dc2ca90b1/addn_hosts - 3 addresses
Jun  2 15:36:03 gtw01 dnsmasq-dhcp[27439]: read /var/lib/neutron/dhcp/77f9e200-3a6d-4be1-b460-cb3dc2ca90b1/host
Jun  2 15:36:03 gtw01 dnsmasq-dhcp[27439]: read /var/lib/neutron/dhcp/77f9e200-3a6d-4be1-b460-cb3dc2ca90b1/opts
Jun  2 15:36:04 gtw01 dnsmasq[27439]: read /var/lib/neutron/dhcp/77f9e200-3a6d-4be1-b460-cb3dc2ca90b1/addn_hosts - 3 addresses
Jun  2 15:36:04 gtw01 dnsmasq-dhcp[27439]: read /var/lib/neutron/dhcp/77f9e200-3a6d-4be1-b460-cb3dc2ca90b1/host
Jun  2 15:36:04 gtw01 dnsmasq-dhcp[27439]: read /var/lib/neutron/dhcp/77f9e200-3a6d-4be1-b460-cb3dc2ca90b1/opts
Jun  2 15:36:05 gtw01 dnsmasq[27439]: read /var/lib/neutron/dhcp/77f9e200-3a6d-4be1-b460-cb3dc2ca90b1/addn_hosts - 4 addresses
Jun  2 15:36:05 gtw01 dnsmasq-dhcp[27439]: read /var/lib/neutron/dhcp/77f9e200-3a6d-4be1-b460-cb3dc2ca90b1/host
Jun  2 15:36:05 gtw01 dnsmasq-dhcp[27439]: read /var/lib/neutron/dhcp/77f9e200-3a6d-4be1-b460-cb3dc2ca90b1/opts
Jun  2 15:36:05 gtw01 dnsmasq[27439]: read /var/lib/neutron/dhcp/77f9e200-3a6d-4be1-b460-cb3dc2ca90b1/addn_hosts - 4 addresses
Jun  2 15:36:05 gtw01 dnsmasq-dhcp[27439]: read /var/lib/neutron/dhcp/77f9e200-3a6d-4be1-b460-cb3dc2ca90b1/host
Jun  2 15:36:05 gtw01 dnsmasq-dhcp[27439]: read /var/lib/neutron/dhcp/77f9e200-3a6d-4be1-b460-cb3dc2ca90b1/opts
Jun  2 15:36:24 gtw01 dnsmasq[27439]: read /var/lib/neutron/dhcp/77f9e200-3a6d-4be1-b460-cb3dc2ca90b1/addn_hosts - 3 addresses
Jun  2 15:36:24 gtw01 dnsmasq-dhcp[27439]: read /var/lib/neutron/dhcp/77f9e200-3a6d-4be1-b460-cb3dc2ca90b1/host
Jun  2 15:36:24 gtw01 dnsmasq-dhcp[27439]: read /var/lib/neutron/dhcp/77f9e200-3a6d-4be1-b460-cb3dc2ca90b1/opts
Jun  2 15:36:27 gtw01 dnsmasq[27439]: read /var/lib/neutron/dhcp/77f9e200-3a6d-4be1-b460-cb3dc2ca90b1/addn_hosts - 2 addresses
Jun  2 15:36:27 gtw01 dnsmasq-dhcp[27439]: read /var/lib/neutron/dhcp/77f9e200-3a6d-4be1-b460-cb3dc2ca90b1/host
Jun  2 15:36:27 gtw01 dnsmasq-dhcp[27439]: read /var/lib/neutron/dhcp/77f9e200-3a6d-4be1-b460-cb3dc2ca90b1/opts
Jun  2 15:36:28 gtw01 dnsmasq[27439]: read /var/lib/neutron/dhcp/77f9e200-3a6d-4be1-b460-cb3dc2ca90b1/addn_hosts - 1 addresses
Jun  2 15:36:28 gtw01 dnsmasq-dhcp[27439]: read /var/lib/neutron/dhcp/77f9e200-3a6d-4be1-b460-cb3dc2ca90b1/host
Jun  2 15:36:28 gtw01 dnsmasq-dhcp[27439]: read /var/lib/neutron/dhcp/77f9e200-3a6d-4be1-b460-cb3dc2ca90b1/opts
Jun  2 15:36:30 gtw01 kernel: [ 3332.431186] device tapd0c0f9e2-d0 left promiscuous mode
Jun  2 15:36:32 gtw01 kernel: [ 3334.393932] device tap2c3228cf-0d entered promiscuous mode
Jun  2 15:36:32 gtw01 systemd-udevd[27636]: Could not generate persistent MAC address for tap2c3228cf-0d: No such file or directory
Jun  2 15:36:32 gtw01 systemd-udevd[27681]: Process '/sbin/ip link set tap2c3228cf-0d txqueuelen 10000' failed with exit code 1.
Jun  2 15:36:34 gtw01 dnsmasq[27745]: started, version 2.80 cachesize 150
Jun  2 15:36:34 gtw01 dnsmasq[27745]: DNS service limited to local subnets
Jun  2 15:36:34 gtw01 dnsmasq[27745]: compile time options: IPv6 GNU-getopt DBus i18n IDN DHCP DHCPv6 no-Lua TFTP conntrack ipset auth DNSSEC loop-detect inotify dumpfile
Jun  2 15:36:34 gtw01 dnsmasq[27745]: warning: no upstream servers configured
Jun  2 15:36:34 gtw01 dnsmasq-dhcp[27745]: DHCP, static leases only on 192.168.120.0, lease time 1h
Jun  2 15:36:34 gtw01 dnsmasq[27745]: read /var/lib/neutron/dhcp/85b9ca59-c389-4358-8b05-903092759045/addn_hosts - 1 addresses
Jun  2 15:36:34 gtw01 dnsmasq-dhcp[27745]: read /var/lib/neutron/dhcp/85b9ca59-c389-4358-8b05-903092759045/host
Jun  2 15:36:34 gtw01 dnsmasq-dhcp[27745]: read /var/lib/neutron/dhcp/85b9ca59-c389-4358-8b05-903092759045/opts
Jun  2 15:36:35 gtw01 haproxy-metadata-proxy-85b9ca59-c389-4358-8b05-903092759045[27749]: Proxy listener started.
Jun  2 15:36:35 gtw01 dnsmasq[27745]: read /var/lib/neutron/dhcp/85b9ca59-c389-4358-8b05-903092759045/addn_hosts - 5 addresses
Jun  2 15:36:35 gtw01 dnsmasq-dhcp[27745]: read /var/lib/neutron/dhcp/85b9ca59-c389-4358-8b05-903092759045/host
Jun  2 15:36:35 gtw01 dnsmasq-dhcp[27745]: read /var/lib/neutron/dhcp/85b9ca59-c389-4358-8b05-903092759045/opts
Jun  2 15:36:36 gtw01 dnsmasq[27745]: read /var/lib/neutron/dhcp/85b9ca59-c389-4358-8b05-903092759045/addn_hosts - 5 addresses
Jun  2 15:36:36 gtw01 dnsmasq-dhcp[27745]: read /var/lib/neutron/dhcp/85b9ca59-c389-4358-8b05-903092759045/host
Jun  2 15:36:36 gtw01 dnsmasq-dhcp[27745]: read /var/lib/neutron/dhcp/85b9ca59-c389-4358-8b05-903092759045/opts
Jun  2 15:36:37 gtw01 dnsmasq[27745]: read /var/lib/neutron/dhcp/85b9ca59-c389-4358-8b05-903092759045/addn_hosts - 5 addresses
Jun  2 15:36:37 gtw01 dnsmasq-dhcp[27745]: read /var/lib/neutron/dhcp/85b9ca59-c389-4358-8b05-903092759045/host
Jun  2 15:36:37 gtw01 dnsmasq-dhcp[27745]: read /var/lib/neutron/dhcp/85b9ca59-c389-4358-8b05-903092759045/opts
Jun  2 15:36:38 gtw01 dnsmasq[27745]: read /var/lib/neutron/dhcp/85b9ca59-c389-4358-8b05-903092759045/addn_hosts - 5 addresses
Jun  2 15:36:38 gtw01 dnsmasq-dhcp[27745]: read /var/lib/neutron/dhcp/85b9ca59-c389-4358-8b05-903092759045/host
Jun  2 15:36:38 gtw01 dnsmasq-dhcp[27745]: read /var/lib/neutron/dhcp/85b9ca59-c389-4358-8b05-903092759045/opts
Jun  2 15:36:39 gtw01 dnsmasq[27745]: read /var/lib/neutron/dhcp/85b9ca59-c389-4358-8b05-903092759045/addn_hosts - 5 addresses
Jun  2 15:36:39 gtw01 dnsmasq-dhcp[27745]: read /var/lib/neutron/dhcp/85b9ca59-c389-4358-8b05-903092759045/host
Jun  2 15:36:39 gtw01 dnsmasq-dhcp[27745]: read /var/lib/neutron/dhcp/85b9ca59-c389-4358-8b05-903092759045/opts
Jun  2 15:36:39 gtw01 dnsmasq[27745]: read /var/lib/neutron/dhcp/85b9ca59-c389-4358-8b05-903092759045/addn_hosts - 5 addresses
Jun  2 15:36:39 gtw01 dnsmasq-dhcp[27745]: read /var/lib/neutron/dhcp/85b9ca59-c389-4358-8b05-903092759045/host
Jun  2 15:36:39 gtw01 dnsmasq-dhcp[27745]: read /var/lib/neutron/dhcp/85b9ca59-c389-4358-8b05-903092759045/opts
Jun  2 15:36:40 gtw01 dnsmasq[27745]: read /var/lib/neutron/dhcp/85b9ca59-c389-4358-8b05-903092759045/addn_hosts - 6 addresses
Jun  2 15:36:40 gtw01 dnsmasq-dhcp[27745]: read /var/lib/neutron/dhcp/85b9ca59-c389-4358-8b05-903092759045/host
Jun  2 15:36:40 gtw01 dnsmasq-dhcp[27745]: read /var/lib/neutron/dhcp/85b9ca59-c389-4358-8b05-903092759045/opts
Jun  2 15:36:41 gtw01 dnsmasq[27745]: read /var/lib/neutron/dhcp/85b9ca59-c389-4358-8b05-903092759045/addn_hosts - 7 addresses
Jun  2 15:36:41 gtw01 dnsmasq-dhcp[27745]: read /var/lib/neutron/dhcp/85b9ca59-c389-4358-8b05-903092759045/host
Jun  2 15:36:41 gtw01 dnsmasq-dhcp[27745]: read /var/lib/neutron/dhcp/85b9ca59-c389-4358-8b05-903092759045/opts
Jun  2 15:36:42 gtw01 dnsmasq[27745]: read /var/lib/neutron/dhcp/85b9ca59-c389-4358-8b05-903092759045/addn_hosts - 7 addresses
Jun  2 15:36:42 gtw01 dnsmasq-dhcp[27745]: read /var/lib/neutron/dhcp/85b9ca59-c389-4358-8b05-903092759045/host
Jun  2 15:36:42 gtw01 dnsmasq-dhcp[27745]: read /var/lib/neutron/dhcp/85b9ca59-c389-4358-8b05-903092759045/opts
Jun  2 15:36:43 gtw01 dnsmasq[27745]: read /var/lib/neutron/dhcp/85b9ca59-c389-4358-8b05-903092759045/addn_hosts - 7 addresses
Jun  2 15:36:43 gtw01 dnsmasq-dhcp[27745]: read /var/lib/neutron/dhcp/85b9ca59-c389-4358-8b05-903092759045/host
Jun  2 15:36:43 gtw01 dnsmasq-dhcp[27745]: read /var/lib/neutron/dhcp/85b9ca59-c389-4358-8b05-903092759045/opts
Jun  2 15:36:44 gtw01 dnsmasq[27745]: read /var/lib/neutron/dhcp/85b9ca59-c389-4358-8b05-903092759045/addn_hosts - 7 addresses
Jun  2 15:36:44 gtw01 dnsmasq-dhcp[27745]: read /var/lib/neutron/dhcp/85b9ca59-c389-4358-8b05-903092759045/host
Jun  2 15:36:44 gtw01 dnsmasq-dhcp[27745]: read /var/lib/neutron/dhcp/85b9ca59-c389-4358-8b05-903092759045/opts
Jun  2 15:36:44 gtw01 dnsmasq[27745]: read /var/lib/neutron/dhcp/85b9ca59-c389-4358-8b05-903092759045/addn_hosts - 7 addresses
Jun  2 15:36:44 gtw01 dnsmasq-dhcp[27745]: read /var/lib/neutron/dhcp/85b9ca59-c389-4358-8b05-903092759045/host
Jun  2 15:36:44 gtw01 dnsmasq-dhcp[27745]: read /var/lib/neutron/dhcp/85b9ca59-c389-4358-8b05-903092759045/opts
Jun  2 15:36:45 gtw01 dnsmasq[27745]: read /var/lib/neutron/dhcp/85b9ca59-c389-4358-8b05-903092759045/addn_hosts - 6 addresses
Jun  2 15:36:45 gtw01 dnsmasq-dhcp[27745]: read /var/lib/neutron/dhcp/85b9ca59-c389-4358-8b05-903092759045/host
Jun  2 15:36:45 gtw01 dnsmasq-dhcp[27745]: read /var/lib/neutron/dhcp/85b9ca59-c389-4358-8b05-903092759045/opts
Jun  2 15:36:46 gtw01 dnsmasq[27745]: read /var/lib/neutron/dhcp/85b9ca59-c389-4358-8b05-903092759045/addn_hosts - 5 addresses
Jun  2 15:36:46 gtw01 dnsmasq-dhcp[27745]: read /var/lib/neutron/dhcp/85b9ca59-c389-4358-8b05-903092759045/host
Jun  2 15:36:46 gtw01 dnsmasq-dhcp[27745]: read /var/lib/neutron/dhcp/85b9ca59-c389-4358-8b05-903092759045/opts
Jun  2 15:36:47 gtw01 dnsmasq[27745]: read /var/lib/neutron/dhcp/85b9ca59-c389-4358-8b05-903092759045/addn_hosts - 4 addresses
Jun  2 15:36:47 gtw01 dnsmasq-dhcp[27745]: read /var/lib/neutron/dhcp/85b9ca59-c389-4358-8b05-903092759045/host
Jun  2 15:36:47 gtw01 dnsmasq-dhcp[27745]: read /var/lib/neutron/dhcp/85b9ca59-c389-4358-8b05-903092759045/opts
Jun  2 15:36:48 gtw01 dnsmasq[27745]: read /var/lib/neutron/dhcp/85b9ca59-c389-4358-8b05-903092759045/addn_hosts - 3 addresses
Jun  2 15:36:48 gtw01 dnsmasq-dhcp[27745]: read /var/lib/neutron/dhcp/85b9ca59-c389-4358-8b05-903092759045/host
Jun  2 15:36:48 gtw01 dnsmasq-dhcp[27745]: read /var/lib/neutron/dhcp/85b9ca59-c389-4358-8b05-903092759045/opts
Jun  2 15:36:48 gtw01 kernel: [ 3350.911094] device tapf145adfe-6d entered promiscuous mode
Jun  2 15:36:48 gtw01 systemd-udevd[28037]: Could not generate persistent MAC address for tapf145adfe-6d: No such file or directory
Jun  2 15:36:48 gtw01 systemd-udevd[28083]: Process '/sbin/ip link set tapf145adfe-6d txqueuelen 10000' failed with exit code 1.
Jun  2 15:36:48 gtw01 kernel: [ 3351.137717] device tap170a42fe-e5 entered promiscuous mode
Jun  2 15:36:48 gtw01 systemd-udevd[28106]: Could not generate persistent MAC address for tap170a42fe-e5: No such file or directory
Jun  2 15:36:48 gtw01 systemd-udevd[28106]: Process '/sbin/ip link set tap170a42fe-e5 txqueuelen 10000' failed with exit code 1.
Jun  2 15:36:49 gtw01 kernel: [ 3352.268002] device tap2c3228cf-0d left promiscuous mode
Jun  2 15:36:50 gtw01 kernel: [ 3352.695076] device tap7e3792b9-d6 entered promiscuous mode
Jun  2 15:36:50 gtw01 systemd-udevd[28228]: Could not generate persistent MAC address for tap7e3792b9-d6: No such file or directory
Jun  2 15:36:50 gtw01 systemd-udevd[28228]: Process '/sbin/ip link set tap7e3792b9-d6 txqueuelen 10000' failed with exit code 1.
Jun  2 15:36:52 gtw01 dnsmasq[28370]: started, version 2.80 cachesize 150
Jun  2 15:36:52 gtw01 dnsmasq[28370]: DNS service limited to local subnets
Jun  2 15:36:52 gtw01 dnsmasq[28370]: compile time options: IPv6 GNU-getopt DBus i18n IDN DHCP DHCPv6 no-Lua TFTP conntrack ipset auth DNSSEC loop-detect inotify dumpfile
Jun  2 15:36:52 gtw01 dnsmasq[28370]: warning: no upstream servers configured
Jun  2 15:36:52 gtw01 dnsmasq-dhcp[28370]: DHCPv6, static leases only on 2003::, lease time 1h
Jun  2 15:36:52 gtw01 dnsmasq[28370]: read /var/lib/neutron/dhcp/31610b84-6592-48eb-8c4f-2ed31a80c4aa/addn_hosts - 1 addresses
Jun  2 15:36:52 gtw01 dnsmasq-dhcp[28370]: read /var/lib/neutron/dhcp/31610b84-6592-48eb-8c4f-2ed31a80c4aa/host
Jun  2 15:36:52 gtw01 dnsmasq-dhcp[28370]: read /var/lib/neutron/dhcp/31610b84-6592-48eb-8c4f-2ed31a80c4aa/opts
Jun  2 15:36:52 gtw01 dnsmasq[28373]: started, version 2.80 cachesize 150
Jun  2 15:36:52 gtw01 dnsmasq[28373]: DNS service limited to local subnets
Jun  2 15:36:52 gtw01 dnsmasq[28373]: compile time options: IPv6 GNU-getopt DBus i18n IDN DHCP DHCPv6 no-Lua TFTP conntrack ipset auth DNSSEC loop-detect inotify dumpfile
Jun  2 15:36:52 gtw01 dnsmasq[28373]: warning: no upstream servers configured
Jun  2 15:36:52 gtw01 dnsmasq-dhcp[28373]: DHCPv6, static leases only on 2003::, lease time 1h
Jun  2 15:36:52 gtw01 dnsmasq[28373]: read /var/lib/neutron/dhcp/b80cb612-a060-4f3a-acc1-b655349c4c84/addn_hosts - 1 addresses
Jun  2 15:36:52 gtw01 dnsmasq-dhcp[28373]: read /var/lib/neutron/dhcp/b80cb612-a060-4f3a-acc1-b655349c4c84/host
Jun  2 15:36:52 gtw01 dnsmasq-dhcp[28373]: read /var/lib/neutron/dhcp/b80cb612-a060-4f3a-acc1-b655349c4c84/opts
Jun  2 15:36:53 gtw01 dnsmasq[28373]: read /var/lib/neutron/dhcp/b80cb612-a060-4f3a-acc1-b655349c4c84/addn_hosts - 3 addresses
Jun  2 15:36:53 gtw01 dnsmasq-dhcp[28373]: read /var/lib/neutron/dhcp/b80cb612-a060-4f3a-acc1-b655349c4c84/host
Jun  2 15:36:53 gtw01 dnsmasq-dhcp[28373]: read /var/lib/neutron/dhcp/b80cb612-a060-4f3a-acc1-b655349c4c84/opts
Jun  2 15:36:53 gtw01 dnsmasq[28370]: read /var/lib/neutron/dhcp/31610b84-6592-48eb-8c4f-2ed31a80c4aa/addn_hosts - 5 addresses
Jun  2 15:36:53 gtw01 dnsmasq-dhcp[28370]: read /var/lib/neutron/dhcp/31610b84-6592-48eb-8c4f-2ed31a80c4aa/host
Jun  2 15:36:53 gtw01 dnsmasq-dhcp[28370]: read /var/lib/neutron/dhcp/31610b84-6592-48eb-8c4f-2ed31a80c4aa/opts
Jun  2 15:36:54 gtw01 dnsmasq[28438]: started, version 2.80 cachesize 150
Jun  2 15:36:54 gtw01 dnsmasq[28438]: DNS service limited to local subnets
Jun  2 15:36:54 gtw01 dnsmasq[28438]: compile time options: IPv6 GNU-getopt DBus i18n IDN DHCP DHCPv6 no-Lua TFTP conntrack ipset auth DNSSEC loop-detect inotify dumpfile
Jun  2 15:36:54 gtw01 dnsmasq[28438]: warning: no upstream servers configured
Jun  2 15:36:54 gtw01 dnsmasq-dhcp[28438]: DHCP, static leases only on 192.168.120.0, lease time 1h
Jun  2 15:36:54 gtw01 dnsmasq[28438]: read /var/lib/neutron/dhcp/b62f110d-5952-4d6d-8602-52be9a3ce4e8/addn_hosts - 1 addresses
Jun  2 15:36:54 gtw01 dnsmasq-dhcp[28438]: read /var/lib/neutron/dhcp/b62f110d-5952-4d6d-8602-52be9a3ce4e8/host
Jun  2 15:36:54 gtw01 dnsmasq-dhcp[28438]: read /var/lib/neutron/dhcp/b62f110d-5952-4d6d-8602-52be9a3ce4e8/opts
Jun  2 15:36:54 gtw01 haproxy-metadata-proxy-b62f110d-5952-4d6d-8602-52be9a3ce4e8[28449]: Proxy listener started.
Jun  2 15:36:54 gtw01 dnsmasq[28373]: read /var/lib/neutron/dhcp/b80cb612-a060-4f3a-acc1-b655349c4c84/addn_hosts - 3 addresses
Jun  2 15:36:54 gtw01 dnsmasq-dhcp[28373]: read /var/lib/neutron/dhcp/b80cb612-a060-4f3a-acc1-b655349c4c84/host
Jun  2 15:36:54 gtw01 dnsmasq-dhcp[28373]: read /var/lib/neutron/dhcp/b80cb612-a060-4f3a-acc1-b655349c4c84/opts
Jun  2 15:36:54 gtw01 dnsmasq[28370]: read /var/lib/neutron/dhcp/31610b84-6592-48eb-8c4f-2ed31a80c4aa/addn_hosts - 5 addresses
Jun  2 15:36:54 gtw01 dnsmasq-dhcp[28370]: read /var/lib/neutron/dhcp/31610b84-6592-48eb-8c4f-2ed31a80c4aa/host
Jun  2 15:36:54 gtw01 dnsmasq-dhcp[28370]: read /var/lib/neutron/dhcp/31610b84-6592-48eb-8c4f-2ed31a80c4aa/opts
Jun  2 15:36:55 gtw01 dnsmasq[28373]: read /var/lib/neutron/dhcp/b80cb612-a060-4f3a-acc1-b655349c4c84/addn_hosts - 3 addresses
Jun  2 15:36:55 gtw01 dnsmasq-dhcp[28373]: read /var/lib/neutron/dhcp/b80cb612-a060-4f3a-acc1-b655349c4c84/host
Jun  2 15:36:55 gtw01 dnsmasq-dhcp[28373]: read /var/lib/neutron/dhcp/b80cb612-a060-4f3a-acc1-b655349c4c84/opts
Jun  2 15:36:55 gtw01 dnsmasq[28370]: read /var/lib/neutron/dhcp/31610b84-6592-48eb-8c4f-2ed31a80c4aa/addn_hosts - 5 addresses
Jun  2 15:36:55 gtw01 dnsmasq-dhcp[28370]: read /var/lib/neutron/dhcp/31610b84-6592-48eb-8c4f-2ed31a80c4aa/host
Jun  2 15:36:55 gtw01 dnsmasq-dhcp[28370]: read /var/lib/neutron/dhcp/31610b84-6592-48eb-8c4f-2ed31a80c4aa/opts
Jun  2 15:36:56 gtw01 dnsmasq[28373]: read /var/lib/neutron/dhcp/b80cb612-a060-4f3a-acc1-b655349c4c84/addn_hosts - 3 addresses
Jun  2 15:36:56 gtw01 dnsmasq-dhcp[28373]: read /var/lib/neutron/dhcp/b80cb612-a060-4f3a-acc1-b655349c4c84/host
Jun  2 15:36:56 gtw01 dnsmasq-dhcp[28373]: read /var/lib/neutron/dhcp/b80cb612-a060-4f3a-acc1-b655349c4c84/opts
Jun  2 15:36:56 gtw01 dnsmasq[28370]: read /var/lib/neutron/dhcp/31610b84-6592-48eb-8c4f-2ed31a80c4aa/addn_hosts - 5 addresses
Jun  2 15:36:56 gtw01 dnsmasq-dhcp[28370]: read /var/lib/neutron/dhcp/31610b84-6592-48eb-8c4f-2ed31a80c4aa/host
Jun  2 15:36:56 gtw01 dnsmasq-dhcp[28370]: read /var/lib/neutron/dhcp/31610b84-6592-48eb-8c4f-2ed31a80c4aa/opts
Jun  2 15:36:57 gtw01 dnsmasq[28373]: read /var/lib/neutron/dhcp/b80cb612-a060-4f3a-acc1-b655349c4c84/addn_hosts - 3 addresses
Jun  2 15:36:57 gtw01 dnsmasq-dhcp[28373]: read /var/lib/neutron/dhcp/b80cb612-a060-4f3a-acc1-b655349c4c84/host
Jun  2 15:36:57 gtw01 dnsmasq-dhcp[28373]: read /var/lib/neutron/dhcp/b80cb612-a060-4f3a-acc1-b655349c4c84/opts
Jun  2 15:36:57 gtw01 dnsmasq[28370]: read /var/lib/neutron/dhcp/31610b84-6592-48eb-8c4f-2ed31a80c4aa/addn_hosts - 5 addresses
Jun  2 15:36:57 gtw01 dnsmasq-dhcp[28370]: read /var/lib/neutron/dhcp/31610b84-6592-48eb-8c4f-2ed31a80c4aa/host
Jun  2 15:36:57 gtw01 dnsmasq-dhcp[28370]: read /var/lib/neutron/dhcp/31610b84-6592-48eb-8c4f-2ed31a80c4aa/opts
Jun  2 15:36:58 gtw01 dnsmasq[28373]: read /var/lib/neutron/dhcp/b80cb612-a060-4f3a-acc1-b655349c4c84/addn_hosts - 3 addresses
Jun  2 15:36:58 gtw01 dnsmasq-dhcp[28373]: read /var/lib/neutron/dhcp/b80cb612-a060-4f3a-acc1-b655349c4c84/host
Jun  2 15:36:58 gtw01 dnsmasq-dhcp[28373]: read /var/lib/neutron/dhcp/b80cb612-a060-4f3a-acc1-b655349c4c84/opts
Jun  2 15:36:58 gtw01 dnsmasq[28370]: read /var/lib/neutron/dhcp/31610b84-6592-48eb-8c4f-2ed31a80c4aa/addn_hosts - 5 addresses
Jun  2 15:36:58 gtw01 dnsmasq-dhcp[28370]: read /var/lib/neutron/dhcp/31610b84-6592-48eb-8c4f-2ed31a80c4aa/host
Jun  2 15:36:58 gtw01 dnsmasq-dhcp[28370]: read /var/lib/neutron/dhcp/31610b84-6592-48eb-8c4f-2ed31a80c4aa/opts
Jun  2 15:36:59 gtw01 dnsmasq[28657]: started, version 2.80 cachesize 150
Jun  2 15:36:59 gtw01 dnsmasq[28657]: DNS service limited to local subnets
Jun  2 15:36:59 gtw01 dnsmasq[28657]: compile time options: IPv6 GNU-getopt DBus i18n IDN DHCP DHCPv6 no-Lua TFTP conntrack ipset auth DNSSEC loop-detect inotify dumpfile
Jun  2 15:36:59 gtw01 dnsmasq[28657]: warning: no upstream servers configured
Jun  2 15:36:59 gtw01 dnsmasq-dhcp[28657]: DHCP, static leases only on 192.168.120.0, lease time 1h
Jun  2 15:36:59 gtw01 dnsmasq-dhcp[28657]: DHCP, static leases only on 192.168.120.16, lease time 1h
Jun  2 15:36:59 gtw01 dnsmasq[28657]: read /var/lib/neutron/dhcp/b62f110d-5952-4d6d-8602-52be9a3ce4e8/addn_hosts - 5 addresses
Jun  2 15:36:59 gtw01 dnsmasq-dhcp[28657]: read /var/lib/neutron/dhcp/b62f110d-5952-4d6d-8602-52be9a3ce4e8/host
Jun  2 15:36:59 gtw01 dnsmasq-dhcp[28657]: read /var/lib/neutron/dhcp/b62f110d-5952-4d6d-8602-52be9a3ce4e8/opts
Jun  2 15:36:59 gtw01 dnsmasq[28370]: read /var/lib/neutron/dhcp/31610b84-6592-48eb-8c4f-2ed31a80c4aa/addn_hosts - 6 addresses
Jun  2 15:36:59 gtw01 dnsmasq-dhcp[28370]: read /var/lib/neutron/dhcp/31610b84-6592-48eb-8c4f-2ed31a80c4aa/host
Jun  2 15:36:59 gtw01 dnsmasq-dhcp[28370]: read /var/lib/neutron/dhcp/31610b84-6592-48eb-8c4f-2ed31a80c4aa/opts
Jun  2 15:36:59 gtw01 dnsmasq[28373]: read /var/lib/neutron/dhcp/b80cb612-a060-4f3a-acc1-b655349c4c84/addn_hosts - 3 addresses
Jun  2 15:36:59 gtw01 dnsmasq-dhcp[28373]: read /var/lib/neutron/dhcp/b80cb612-a060-4f3a-acc1-b655349c4c84/host
Jun  2 15:36:59 gtw01 dnsmasq-dhcp[28373]: read /var/lib/neutron/dhcp/b80cb612-a060-4f3a-acc1-b655349c4c84/opts
Jun  2 15:37:00 gtw01 dnsmasq-dhcp[28657]: DHCPRELEASE(tap7e3792b9-d6) 192.168.120.4 fa:16:3e:1e:50:47
Jun  2 15:37:00 gtw01 dnsmasq-dhcp[28657]: DHCPRELEASE(tap7e3792b9-d6) 192.168.120.10 fa:16:3e:1e:50:47
Jun  2 15:37:00 gtw01 dnsmasq-dhcp[28657]: DHCPRELEASE(tap7e3792b9-d6) 192.168.120.23 fa:16:3e:cb:e4:40
Jun  2 15:37:00 gtw01 dnsmasq[28370]: read /var/lib/neutron/dhcp/31610b84-6592-48eb-8c4f-2ed31a80c4aa/addn_hosts - 7 addresses
Jun  2 15:37:00 gtw01 dnsmasq-dhcp[28370]: read /var/lib/neutron/dhcp/31610b84-6592-48eb-8c4f-2ed31a80c4aa/host
Jun  2 15:37:00 gtw01 dnsmasq-dhcp[28370]: read /var/lib/neutron/dhcp/31610b84-6592-48eb-8c4f-2ed31a80c4aa/opts
Jun  2 15:37:00 gtw01 dnsmasq[28373]: read /var/lib/neutron/dhcp/b80cb612-a060-4f3a-acc1-b655349c4c84/addn_hosts - 3 addresses
Jun  2 15:37:00 gtw01 dnsmasq-dhcp[28373]: read /var/lib/neutron/dhcp/b80cb612-a060-4f3a-acc1-b655349c4c84/host
Jun  2 15:37:00 gtw01 dnsmasq-dhcp[28373]: read /var/lib/neutron/dhcp/b80cb612-a060-4f3a-acc1-b655349c4c84/opts
Jun  2 15:37:01 gtw01 dnsmasq[28657]: read /var/lib/neutron/dhcp/b62f110d-5952-4d6d-8602-52be9a3ce4e8/addn_hosts - 4 addresses
Jun  2 15:37:01 gtw01 dnsmasq-dhcp[28657]: read /var/lib/neutron/dhcp/b62f110d-5952-4d6d-8602-52be9a3ce4e8/host
Jun  2 15:37:01 gtw01 dnsmasq-dhcp[28657]: read /var/lib/neutron/dhcp/b62f110d-5952-4d6d-8602-52be9a3ce4e8/opts
Jun  2 15:37:01 gtw01 dnsmasq[28370]: read /var/lib/neutron/dhcp/31610b84-6592-48eb-8c4f-2ed31a80c4aa/addn_hosts - 7 addresses
Jun  2 15:37:01 gtw01 dnsmasq-dhcp[28370]: read /var/lib/neutron/dhcp/31610b84-6592-48eb-8c4f-2ed31a80c4aa/host
Jun  2 15:37:01 gtw01 dnsmasq-dhcp[28370]: read /var/lib/neutron/dhcp/31610b84-6592-48eb-8c4f-2ed31a80c4aa/opts
Jun  2 15:37:01 gtw01 dnsmasq[28373]: read /var/lib/neutron/dhcp/b80cb612-a060-4f3a-acc1-b655349c4c84/addn_hosts - 3 addresses
Jun  2 15:37:01 gtw01 dnsmasq-dhcp[28373]: read /var/lib/neutron/dhcp/b80cb612-a060-4f3a-acc1-b655349c4c84/host
Jun  2 15:37:01 gtw01 dnsmasq-dhcp[28373]: read /var/lib/neutron/dhcp/b80cb612-a060-4f3a-acc1-b655349c4c84/opts
Jun  2 15:37:02 gtw01 dnsmasq[28370]: read /var/lib/neutron/dhcp/31610b84-6592-48eb-8c4f-2ed31a80c4aa/addn_hosts - 7 addresses
Jun  2 15:37:02 gtw01 dnsmasq[28657]: read /var/lib/neutron/dhcp/b62f110d-5952-4d6d-8602-52be9a3ce4e8/addn_hosts - 2 addresses
Jun  2 15:37:02 gtw01 dnsmasq-dhcp[28657]: read /var/lib/neutron/dhcp/b62f110d-5952-4d6d-8602-52be9a3ce4e8/host
Jun  2 15:37:02 gtw01 dnsmasq-dhcp[28370]: read /var/lib/neutron/dhcp/31610b84-6592-48eb-8c4f-2ed31a80c4aa/host
Jun  2 15:37:02 gtw01 dnsmasq-dhcp[28657]: read /var/lib/neutron/dhcp/b62f110d-5952-4d6d-8602-52be9a3ce4e8/opts
Jun  2 15:37:02 gtw01 dnsmasq-dhcp[28370]: read /var/lib/neutron/dhcp/31610b84-6592-48eb-8c4f-2ed31a80c4aa/opts
Jun  2 15:37:03 gtw01 dnsmasq[28373]: read /var/lib/neutron/dhcp/b80cb612-a060-4f3a-acc1-b655349c4c84/addn_hosts - 2 addresses
Jun  2 15:37:03 gtw01 dnsmasq-dhcp[28373]: read /var/lib/neutron/dhcp/b80cb612-a060-4f3a-acc1-b655349c4c84/host
Jun  2 15:37:03 gtw01 dnsmasq-dhcp[28373]: read /var/lib/neutron/dhcp/b80cb612-a060-4f3a-acc1-b655349c4c84/opts
Jun  2 15:37:03 gtw01 dnsmasq[28370]: read /var/lib/neutron/dhcp/31610b84-6592-48eb-8c4f-2ed31a80c4aa/addn_hosts - 7 addresses
Jun  2 15:37:03 gtw01 dnsmasq-dhcp[28370]: read /var/lib/neutron/dhcp/31610b84-6592-48eb-8c4f-2ed31a80c4aa/host
Jun  2 15:37:03 gtw01 dnsmasq-dhcp[28370]: read /var/lib/neutron/dhcp/31610b84-6592-48eb-8c4f-2ed31a80c4aa/opts
Jun  2 15:37:04 gtw01 dnsmasq[28373]: read /var/lib/neutron/dhcp/b80cb612-a060-4f3a-acc1-b655349c4c84/addn_hosts - 1 addresses
Jun  2 15:37:04 gtw01 dnsmasq-dhcp[28373]: read /var/lib/neutron/dhcp/b80cb612-a060-4f3a-acc1-b655349c4c84/host
Jun  2 15:37:04 gtw01 dnsmasq-dhcp[28373]: read /var/lib/neutron/dhcp/b80cb612-a060-4f3a-acc1-b655349c4c84/opts
Jun  2 15:37:04 gtw01 kernel: [ 3367.260643] device tap170a42fe-e5 left promiscuous mode
Jun  2 15:37:06 gtw01 dnsmasq[28915]: started, version 2.80 cachesize 150
Jun  2 15:37:06 gtw01 dnsmasq[28915]: DNS service limited to local subnets
Jun  2 15:37:06 gtw01 dnsmasq[28915]: compile time options: IPv6 GNU-getopt DBus i18n IDN DHCP DHCPv6 no-Lua TFTP conntrack ipset auth DNSSEC loop-detect inotify dumpfile
Jun  2 15:37:06 gtw01 dnsmasq[28915]: warning: no upstream servers configured
Jun  2 15:37:06 gtw01 dnsmasq-dhcp[28915]: DHCP, static leases only on 192.168.120.16, lease time 1h
Jun  2 15:37:06 gtw01 dnsmasq[28915]: read /var/lib/neutron/dhcp/b62f110d-5952-4d6d-8602-52be9a3ce4e8/addn_hosts - 1 addresses
Jun  2 15:37:06 gtw01 dnsmasq-dhcp[28915]: read /var/lib/neutron/dhcp/b62f110d-5952-4d6d-8602-52be9a3ce4e8/host
Jun  2 15:37:06 gtw01 dnsmasq-dhcp[28915]: read /var/lib/neutron/dhcp/b62f110d-5952-4d6d-8602-52be9a3ce4e8/opts
Jun  2 15:37:06 gtw01 kernel: [ 3369.005098] device tap7e3792b9-d6 left promiscuous mode
Jun  2 15:37:09 gtw01 kernel: [ 3371.344341] device tap69393f90-88 entered promiscuous mode
Jun  2 15:37:09 gtw01 systemd-udevd[28946]: Could not generate persistent MAC address for tap69393f90-88: No such file or directory
Jun  2 15:37:09 gtw01 systemd-udevd[28946]: Process '/sbin/ip link set tap69393f90-88 txqueuelen 10000' failed with exit code 1.
Jun  2 15:37:11 gtw01 dnsmasq[29054]: started, version 2.80 cachesize 150
Jun  2 15:37:11 gtw01 dnsmasq[29054]: DNS service limited to local subnets
Jun  2 15:37:11 gtw01 dnsmasq[29054]: compile time options: IPv6 GNU-getopt DBus i18n IDN DHCP DHCPv6 no-Lua TFTP conntrack ipset auth DNSSEC loop-detect inotify dumpfile
Jun  2 15:37:11 gtw01 dnsmasq[29054]: warning: no upstream servers configured
Jun  2 15:37:11 gtw01 dnsmasq-dhcp[29054]: DHCPv6, static leases only on 2003:0:0:1::, lease time 1h
Jun  2 15:37:11 gtw01 dnsmasq[29054]: read /var/lib/neutron/dhcp/bdc8068f-869a-4199-b4d0-dd8d0844a2b0/addn_hosts - 1 addresses
Jun  2 15:37:11 gtw01 dnsmasq-dhcp[29054]: read /var/lib/neutron/dhcp/bdc8068f-869a-4199-b4d0-dd8d0844a2b0/host
Jun  2 15:37:11 gtw01 dnsmasq-dhcp[29054]: read /var/lib/neutron/dhcp/bdc8068f-869a-4199-b4d0-dd8d0844a2b0/opts
Jun  2 15:37:13 gtw01 dnsmasq[29054]: read /var/lib/neutron/dhcp/bdc8068f-869a-4199-b4d0-dd8d0844a2b0/addn_hosts - 2 addresses
Jun  2 15:37:13 gtw01 dnsmasq-dhcp[29054]: read /var/lib/neutron/dhcp/bdc8068f-869a-4199-b4d0-dd8d0844a2b0/host
Jun  2 15:37:13 gtw01 dnsmasq-dhcp[29054]: read /var/lib/neutron/dhcp/bdc8068f-869a-4199-b4d0-dd8d0844a2b0/opts
Jun  2 15:37:13 gtw01 kernel: [ 3375.899407] device tap3cf5fa56-fb entered promiscuous mode
Jun  2 15:37:13 gtw01 systemd-udevd[29095]: Could not generate persistent MAC address for tap3cf5fa56-fb: No such file or directory
Jun  2 15:37:13 gtw01 systemd-udevd[29095]: Process '/sbin/ip link set tap3cf5fa56-fb txqueuelen 10000' failed with exit code 1.
Jun  2 15:37:13 gtw01 dnsmasq[29054]: read /var/lib/neutron/dhcp/bdc8068f-869a-4199-b4d0-dd8d0844a2b0/addn_hosts - 2 addresses
Jun  2 15:37:13 gtw01 dnsmasq-dhcp[29054]: read /var/lib/neutron/dhcp/bdc8068f-869a-4199-b4d0-dd8d0844a2b0/host
Jun  2 15:37:13 gtw01 dnsmasq-dhcp[29054]: read /var/lib/neutron/dhcp/bdc8068f-869a-4199-b4d0-dd8d0844a2b0/opts
Jun  2 15:37:14 gtw01 dnsmasq[29054]: read /var/lib/neutron/dhcp/bdc8068f-869a-4199-b4d0-dd8d0844a2b0/addn_hosts - 2 addresses
Jun  2 15:37:14 gtw01 dnsmasq-dhcp[29054]: read /var/lib/neutron/dhcp/bdc8068f-869a-4199-b4d0-dd8d0844a2b0/host
Jun  2 15:37:14 gtw01 dnsmasq-dhcp[29054]: read /var/lib/neutron/dhcp/bdc8068f-869a-4199-b4d0-dd8d0844a2b0/opts
Jun  2 15:37:15 gtw01 dnsmasq[29054]: read /var/lib/neutron/dhcp/bdc8068f-869a-4199-b4d0-dd8d0844a2b0/addn_hosts - 2 addresses
Jun  2 15:37:15 gtw01 dnsmasq-dhcp[29054]: read /var/lib/neutron/dhcp/bdc8068f-869a-4199-b4d0-dd8d0844a2b0/host
Jun  2 15:37:15 gtw01 dnsmasq-dhcp[29054]: read /var/lib/neutron/dhcp/bdc8068f-869a-4199-b4d0-dd8d0844a2b0/opts
Jun  2 15:37:16 gtw01 dnsmasq[29054]: read /var/lib/neutron/dhcp/bdc8068f-869a-4199-b4d0-dd8d0844a2b0/addn_hosts - 2 addresses
Jun  2 15:37:16 gtw01 dnsmasq[29271]: started, version 2.80 cachesize 150
Jun  2 15:37:16 gtw01 dnsmasq[29271]: DNS service limited to local subnets
Jun  2 15:37:16 gtw01 dnsmasq[29271]: compile time options: IPv6 GNU-getopt DBus i18n IDN DHCP DHCPv6 no-Lua TFTP conntrack ipset auth DNSSEC loop-detect inotify dumpfile
Jun  2 15:37:16 gtw01 dnsmasq[29271]: warning: no upstream servers configured
Jun  2 15:37:16 gtw01 dnsmasq-dhcp[29271]: DHCP, static leases only on 192.168.120.0, lease time 1h
Jun  2 15:37:16 gtw01 dnsmasq-dhcp[29054]: read /var/lib/neutron/dhcp/bdc8068f-869a-4199-b4d0-dd8d0844a2b0/host
Jun  2 15:37:16 gtw01 dnsmasq-dhcp[29054]: read /var/lib/neutron/dhcp/bdc8068f-869a-4199-b4d0-dd8d0844a2b0/opts
Jun  2 15:37:16 gtw01 dnsmasq[29271]: read /var/lib/neutron/dhcp/4182917e-7eaf-47b5-bd47-0a64a921a6a7/addn_hosts - 1 addresses
Jun  2 15:37:16 gtw01 dnsmasq-dhcp[29271]: read /var/lib/neutron/dhcp/4182917e-7eaf-47b5-bd47-0a64a921a6a7/host
Jun  2 15:37:16 gtw01 dnsmasq-dhcp[29271]: read /var/lib/neutron/dhcp/4182917e-7eaf-47b5-bd47-0a64a921a6a7/opts
Jun  2 15:37:16 gtw01 kernel: [ 3379.171154] device tap00a87d5b-65 entered promiscuous mode
Jun  2 15:37:16 gtw01 systemd-udevd[29282]: Could not generate persistent MAC address for tap00a87d5b-65: No such file or directory
Jun  2 15:37:16 gtw01 systemd-udevd[29328]: Process '/sbin/ip link set tap00a87d5b-65 txqueuelen 10000' failed with exit code 1.
Jun  2 15:37:17 gtw01 haproxy-metadata-proxy-4182917e-7eaf-47b5-bd47-0a64a921a6a7[29349]: Proxy listener started.
Jun  2 15:37:17 gtw01 dnsmasq[29271]: read /var/lib/neutron/dhcp/4182917e-7eaf-47b5-bd47-0a64a921a6a7/addn_hosts - 2 addresses
Jun  2 15:37:17 gtw01 dnsmasq-dhcp[29271]: read /var/lib/neutron/dhcp/4182917e-7eaf-47b5-bd47-0a64a921a6a7/host
Jun  2 15:37:17 gtw01 dnsmasq-dhcp[29271]: read /var/lib/neutron/dhcp/4182917e-7eaf-47b5-bd47-0a64a921a6a7/opts
Jun  2 15:37:18 gtw01 dnsmasq[29271]: read /var/lib/neutron/dhcp/4182917e-7eaf-47b5-bd47-0a64a921a6a7/addn_hosts - 2 addresses
Jun  2 15:37:18 gtw01 dnsmasq-dhcp[29271]: read /var/lib/neutron/dhcp/4182917e-7eaf-47b5-bd47-0a64a921a6a7/host
Jun  2 15:37:18 gtw01 dnsmasq-dhcp[29271]: read /var/lib/neutron/dhcp/4182917e-7eaf-47b5-bd47-0a64a921a6a7/opts
Jun  2 15:37:19 gtw01 dnsmasq[29271]: read /var/lib/neutron/dhcp/4182917e-7eaf-47b5-bd47-0a64a921a6a7/addn_hosts - 2 addresses
Jun  2 15:37:19 gtw01 dnsmasq-dhcp[29271]: read /var/lib/neutron/dhcp/4182917e-7eaf-47b5-bd47-0a64a921a6a7/host
Jun  2 15:37:19 gtw01 dnsmasq-dhcp[29271]: read /var/lib/neutron/dhcp/4182917e-7eaf-47b5-bd47-0a64a921a6a7/opts
Jun  2 15:37:19 gtw01 dnsmasq[29450]: started, version 2.80 cachesize 150
Jun  2 15:37:19 gtw01 dnsmasq[29450]: DNS service limited to local subnets
Jun  2 15:37:19 gtw01 dnsmasq[29450]: compile time options: IPv6 GNU-getopt DBus i18n IDN DHCP DHCPv6 no-Lua TFTP conntrack ipset auth DNSSEC loop-detect inotify dumpfile
Jun  2 15:37:19 gtw01 dnsmasq[29450]: warning: no upstream servers configured
Jun  2 15:37:19 gtw01 dnsmasq-dhcp[29450]: DHCP, static leases only on 192.168.120.16, lease time 1h
Jun  2 15:37:19 gtw01 dnsmasq[29450]: read /var/lib/neutron/dhcp/7e736574-dcc0-4055-8756-451db78e4b0d/addn_hosts - 1 addresses
Jun  2 15:37:19 gtw01 dnsmasq-dhcp[29450]: read /var/lib/neutron/dhcp/7e736574-dcc0-4055-8756-451db78e4b0d/host
Jun  2 15:37:19 gtw01 dnsmasq-dhcp[29450]: read /var/lib/neutron/dhcp/7e736574-dcc0-4055-8756-451db78e4b0d/opts
Jun  2 15:37:20 gtw01 haproxy-metadata-proxy-7e736574-dcc0-4055-8756-451db78e4b0d[29458]: Proxy listener started.
Jun  2 15:37:20 gtw01 dnsmasq[29271]: read /var/lib/neutron/dhcp/4182917e-7eaf-47b5-bd47-0a64a921a6a7/addn_hosts - 2 addresses
Jun  2 15:37:20 gtw01 dnsmasq-dhcp[29271]: read /var/lib/neutron/dhcp/4182917e-7eaf-47b5-bd47-0a64a921a6a7/host
Jun  2 15:37:20 gtw01 dnsmasq-dhcp[29271]: read /var/lib/neutron/dhcp/4182917e-7eaf-47b5-bd47-0a64a921a6a7/opts
Jun  2 15:37:20 gtw01 dnsmasq[29450]: read /var/lib/neutron/dhcp/7e736574-dcc0-4055-8756-451db78e4b0d/addn_hosts - 2 addresses
Jun  2 15:37:20 gtw01 dnsmasq-dhcp[29450]: read /var/lib/neutron/dhcp/7e736574-dcc0-4055-8756-451db78e4b0d/host
Jun  2 15:37:20 gtw01 dnsmasq-dhcp[29450]: read /var/lib/neutron/dhcp/7e736574-dcc0-4055-8756-451db78e4b0d/opts
Jun  2 15:37:21 gtw01 dnsmasq[29450]: read /var/lib/neutron/dhcp/7e736574-dcc0-4055-8756-451db78e4b0d/addn_hosts - 2 addresses
Jun  2 15:37:21 gtw01 dnsmasq-dhcp[29450]: read /var/lib/neutron/dhcp/7e736574-dcc0-4055-8756-451db78e4b0d/host
Jun  2 15:37:21 gtw01 dnsmasq-dhcp[29450]: read /var/lib/neutron/dhcp/7e736574-dcc0-4055-8756-451db78e4b0d/opts
Jun  2 15:37:22 gtw01 dnsmasq[29450]: read /var/lib/neutron/dhcp/7e736574-dcc0-4055-8756-451db78e4b0d/addn_hosts - 3 addresses
Jun  2 15:37:22 gtw01 dnsmasq-dhcp[29450]: read /var/lib/neutron/dhcp/7e736574-dcc0-4055-8756-451db78e4b0d/host
Jun  2 15:37:22 gtw01 dnsmasq-dhcp[29450]: read /var/lib/neutron/dhcp/7e736574-dcc0-4055-8756-451db78e4b0d/opts
Jun  2 15:37:23 gtw01 dnsmasq[29450]: read /var/lib/neutron/dhcp/7e736574-dcc0-4055-8756-451db78e4b0d/addn_hosts - 3 addresses
Jun  2 15:37:23 gtw01 dnsmasq-dhcp[29450]: read /var/lib/neutron/dhcp/7e736574-dcc0-4055-8756-451db78e4b0d/host
Jun  2 15:37:23 gtw01 dnsmasq-dhcp[29450]: read /var/lib/neutron/dhcp/7e736574-dcc0-4055-8756-451db78e4b0d/opts
Jun  2 15:37:23 gtw01 dnsmasq[29450]: read /var/lib/neutron/dhcp/7e736574-dcc0-4055-8756-451db78e4b0d/addn_hosts - 3 addresses
Jun  2 15:37:23 gtw01 dnsmasq-dhcp[29450]: read /var/lib/neutron/dhcp/7e736574-dcc0-4055-8756-451db78e4b0d/host
Jun  2 15:37:23 gtw01 dnsmasq-dhcp[29450]: read /var/lib/neutron/dhcp/7e736574-dcc0-4055-8756-451db78e4b0d/opts
Jun  2 15:37:24 gtw01 dnsmasq[29450]: read /var/lib/neutron/dhcp/7e736574-dcc0-4055-8756-451db78e4b0d/addn_hosts - 2 addresses
Jun  2 15:37:24 gtw01 dnsmasq-dhcp[29450]: read /var/lib/neutron/dhcp/7e736574-dcc0-4055-8756-451db78e4b0d/host
Jun  2 15:37:24 gtw01 dnsmasq-dhcp[29450]: read /var/lib/neutron/dhcp/7e736574-dcc0-4055-8756-451db78e4b0d/opts
Jun  2 15:37:25 gtw01 kernel: [ 3387.814729] device tap5f0f87ee-12 entered promiscuous mode
Jun  2 15:37:25 gtw01 systemd-udevd[29591]: Could not generate persistent MAC address for tap5f0f87ee-12: No such file or directory
Jun  2 15:37:25 gtw01 systemd-udevd[29637]: Process '/sbin/ip link set tap5f0f87ee-12 txqueuelen 10000' failed with exit code 1.
Jun  2 15:37:27 gtw01 kernel: [ 3389.514194] device tapbc44834b-d5 entered promiscuous mode
Jun  2 15:37:27 gtw01 systemd-udevd[29697]: Could not generate persistent MAC address for tapbc44834b-d5: No such file or directory
Jun  2 15:37:27 gtw01 systemd-udevd[29697]: Process '/sbin/ip link set tapbc44834b-d5 txqueuelen 10000' failed with exit code 1.
Jun  2 15:37:28 gtw01 kernel: [ 3390.495859] device tap5425e0c3-53 entered promiscuous mode
Jun  2 15:37:28 gtw01 systemd-udevd[29800]: Could not generate persistent MAC address for tap5425e0c3-53: No such file or directory
Jun  2 15:37:28 gtw01 systemd-udevd[29846]: Process '/sbin/ip link set tap5425e0c3-53 txqueuelen 10000' failed with exit code 1.
Jun  2 15:37:29 gtw01 dnsmasq[29897]: started, version 2.80 cachesize 150
Jun  2 15:37:29 gtw01 dnsmasq[29897]: DNS service limited to local subnets
Jun  2 15:37:29 gtw01 dnsmasq[29897]: compile time options: IPv6 GNU-getopt DBus i18n IDN DHCP DHCPv6 no-Lua TFTP conntrack ipset auth DNSSEC loop-detect inotify dumpfile
Jun  2 15:37:29 gtw01 dnsmasq[29897]: warning: no upstream servers configured
Jun  2 15:37:29 gtw01 dnsmasq-dhcp[29897]: DHCP, static leases only on 192.168.120.32, lease time 1h
Jun  2 15:37:29 gtw01 dnsmasq[29897]: read /var/lib/neutron/dhcp/ff854baa-d2c4-46e7-939b-35c6f97b2db6/addn_hosts - 1 addresses
Jun  2 15:37:29 gtw01 dnsmasq-dhcp[29897]: read /var/lib/neutron/dhcp/ff854baa-d2c4-46e7-939b-35c6f97b2db6/host
Jun  2 15:37:29 gtw01 dnsmasq-dhcp[29897]: read /var/lib/neutron/dhcp/ff854baa-d2c4-46e7-939b-35c6f97b2db6/opts
Jun  2 15:37:29 gtw01 haproxy-metadata-proxy-ff854baa-d2c4-46e7-939b-35c6f97b2db6[29915]: Proxy listener started.
Jun  2 15:37:29 gtw01 kernel: [ 3391.878979] device tapa10b2d0c-27 entered promiscuous mode
Jun  2 15:37:29 gtw01 systemd-udevd[29928]: Could not generate persistent MAC address for tapa10b2d0c-27: No such file or directory
Jun  2 15:37:29 gtw01 systemd-udevd[29928]: Process '/sbin/ip link set tapa10b2d0c-27 txqueuelen 10000' failed with exit code 1.
Jun  2 15:37:30 gtw01 dnsmasq[29897]: read /var/lib/neutron/dhcp/ff854baa-d2c4-46e7-939b-35c6f97b2db6/addn_hosts - 2 addresses
Jun  2 15:37:30 gtw01 dnsmasq-dhcp[29897]: read /var/lib/neutron/dhcp/ff854baa-d2c4-46e7-939b-35c6f97b2db6/host
Jun  2 15:37:30 gtw01 dnsmasq-dhcp[29897]: read /var/lib/neutron/dhcp/ff854baa-d2c4-46e7-939b-35c6f97b2db6/opts
Jun  2 15:37:31 gtw01 systemd-udevd[30075]: Could not generate persistent MAC address for tapeb0b4a21-d2: No such file or directory
Jun  2 15:37:31 gtw01 kernel: [ 3393.770960] device tapeb0b4a21-d2 entered promiscuous mode
Jun  2 15:37:31 gtw01 systemd-udevd[30127]: Process '/sbin/ip link set tapeb0b4a21-d2 txqueuelen 10000' failed with exit code 1.
Jun  2 15:37:31 gtw01 dnsmasq[30151]: started, version 2.80 cachesize 150
Jun  2 15:37:31 gtw01 dnsmasq[30151]: DNS service limited to local subnets
Jun  2 15:37:31 gtw01 dnsmasq[30151]: compile time options: IPv6 GNU-getopt DBus i18n IDN DHCP DHCPv6 no-Lua TFTP conntrack ipset auth DNSSEC loop-detect inotify dumpfile
Jun  2 15:37:31 gtw01 dnsmasq[30151]: warning: no upstream servers configured
Jun  2 15:37:31 gtw01 dnsmasq-dhcp[30151]: DHCP, static leases only on 192.168.120.48, lease time 1h
Jun  2 15:37:31 gtw01 dnsmasq[30151]: read /var/lib/neutron/dhcp/272ab109-ab58-4817-a7f6-17ace5cec0ba/addn_hosts - 1 addresses
Jun  2 15:37:31 gtw01 dnsmasq-dhcp[30151]: read /var/lib/neutron/dhcp/272ab109-ab58-4817-a7f6-17ace5cec0ba/host
Jun  2 15:37:31 gtw01 dnsmasq-dhcp[30151]: read /var/lib/neutron/dhcp/272ab109-ab58-4817-a7f6-17ace5cec0ba/opts
