Jun  2 17:37:49 gtw01 dnsmasq-dhcp[22999]: read /var/lib/neutron/dhcp/04ab7524-800f-4016-b341-d23d30fd1524/opts
Jun  2 17:37:50 gtw01 dnsmasq[22999]: read /var/lib/neutron/dhcp/04ab7524-800f-4016-b341-d23d30fd1524/addn_hosts - 6 addresses
Jun  2 17:37:50 gtw01 dnsmasq-dhcp[22999]: read /var/lib/neutron/dhcp/04ab7524-800f-4016-b341-d23d30fd1524/host
Jun  2 17:37:50 gtw01 dnsmasq-dhcp[22999]: read /var/lib/neutron/dhcp/04ab7524-800f-4016-b341-d23d30fd1524/opts
Jun  2 17:37:50 gtw01 dnsmasq[22999]: read /var/lib/neutron/dhcp/04ab7524-800f-4016-b341-d23d30fd1524/addn_hosts - 6 addresses
Jun  2 17:37:50 gtw01 dnsmasq-dhcp[22999]: read /var/lib/neutron/dhcp/04ab7524-800f-4016-b341-d23d30fd1524/host
Jun  2 17:37:50 gtw01 dnsmasq-dhcp[22999]: read /var/lib/neutron/dhcp/04ab7524-800f-4016-b341-d23d30fd1524/opts
Jun  2 17:37:51 gtw01 dnsmasq[22999]: read /var/lib/neutron/dhcp/04ab7524-800f-4016-b341-d23d30fd1524/addn_hosts - 6 addresses
Jun  2 17:37:51 gtw01 dnsmasq-dhcp[22999]: read /var/lib/neutron/dhcp/04ab7524-800f-4016-b341-d23d30fd1524/host
Jun  2 17:37:51 gtw01 dnsmasq-dhcp[22999]: read /var/lib/neutron/dhcp/04ab7524-800f-4016-b341-d23d30fd1524/opts
Jun  2 17:37:52 gtw01 dnsmasq[22999]: read /var/lib/neutron/dhcp/04ab7524-800f-4016-b341-d23d30fd1524/addn_hosts - 6 addresses
Jun  2 17:37:52 gtw01 dnsmasq-dhcp[22999]: read /var/lib/neutron/dhcp/04ab7524-800f-4016-b341-d23d30fd1524/host
Jun  2 17:37:52 gtw01 dnsmasq-dhcp[22999]: read /var/lib/neutron/dhcp/04ab7524-800f-4016-b341-d23d30fd1524/opts
Jun  2 17:37:58 gtw01 dnsmasq-dhcp[22999]: DHCPDISCOVER(tap59ae715a-d7) fa:16:3e:5a:79:09
Jun  2 17:37:58 gtw01 dnsmasq-dhcp[22999]: DHCPOFFER(tap59ae715a-d7) 192.168.120.6 fa:16:3e:5a:79:09
Jun  2 17:37:58 gtw01 dnsmasq-dhcp[22999]: DHCPREQUEST(tap59ae715a-d7) 192.168.120.6 fa:16:3e:5a:79:09
Jun  2 17:37:58 gtw01 dnsmasq-dhcp[22999]: DHCPACK(tap59ae715a-d7) 192.168.120.6 fa:16:3e:5a:79:09 host-192-168-120-6
Jun  2 17:37:59 gtw01 dnsmasq-dhcp[22999]: DHCPDISCOVER(tap59ae715a-d7) fa:16:3e:75:cd:b6
Jun  2 17:37:59 gtw01 dnsmasq-dhcp[22999]: DHCPOFFER(tap59ae715a-d7) 192.168.120.10 fa:16:3e:75:cd:b6
Jun  2 17:37:59 gtw01 dnsmasq-dhcp[22999]: DHCPREQUEST(tap59ae715a-d7) 192.168.120.10 fa:16:3e:75:cd:b6
Jun  2 17:37:59 gtw01 dnsmasq-dhcp[22999]: DHCPACK(tap59ae715a-d7) 192.168.120.10 fa:16:3e:75:cd:b6 host-192-168-120-10
Jun  2 17:38:04 gtw01 dnsmasq-dhcp[22999]: DHCPDISCOVER(tap59ae715a-d7) fa:16:3e:fb:37:28
Jun  2 17:38:04 gtw01 dnsmasq-dhcp[22999]: DHCPOFFER(tap59ae715a-d7) 192.168.120.15 fa:16:3e:fb:37:28
Jun  2 17:38:04 gtw01 dnsmasq-dhcp[22999]: DHCPREQUEST(tap59ae715a-d7) 192.168.120.15 fa:16:3e:fb:37:28
Jun  2 17:38:04 gtw01 dnsmasq-dhcp[22999]: DHCPACK(tap59ae715a-d7) 192.168.120.15 fa:16:3e:fb:37:28 host-192-168-120-15
Jun  2 17:38:05 gtw01 dnsmasq-dhcp[22999]: DHCPDISCOVER(tap59ae715a-d7) fa:16:3e:d4:3c:5d
Jun  2 17:38:05 gtw01 dnsmasq-dhcp[22999]: DHCPOFFER(tap59ae715a-d7) 192.168.120.3 fa:16:3e:d4:3c:5d
Jun  2 17:38:05 gtw01 dnsmasq-dhcp[22999]: DHCPREQUEST(tap59ae715a-d7) 192.168.120.3 fa:16:3e:d4:3c:5d
Jun  2 17:38:05 gtw01 dnsmasq-dhcp[22999]: DHCPACK(tap59ae715a-d7) 192.168.120.3 fa:16:3e:d4:3c:5d host-192-168-120-3
Jun  2 17:38:06 gtw01 dnsmasq-dhcp[22999]: DHCPRELEASE(tap59ae715a-d7) 192.168.120.10 fa:16:3e:75:cd:b6
Jun  2 17:38:07 gtw01 dnsmasq-dhcp[22999]: DHCPRELEASE(tap59ae715a-d7) 192.168.120.10 fa:16:3e:75:cd:b6 unknown lease
Jun  2 17:38:07 gtw01 dnsmasq[22999]: read /var/lib/neutron/dhcp/04ab7524-800f-4016-b341-d23d30fd1524/addn_hosts - 5 addresses
Jun  2 17:38:07 gtw01 dnsmasq-dhcp[22999]: read /var/lib/neutron/dhcp/04ab7524-800f-4016-b341-d23d30fd1524/host
Jun  2 17:38:07 gtw01 dnsmasq-dhcp[22999]: read /var/lib/neutron/dhcp/04ab7524-800f-4016-b341-d23d30fd1524/opts
Jun  2 17:38:08 gtw01 dnsmasq-dhcp[22999]: DHCPRELEASE(tap59ae715a-d7) 192.168.120.6 fa:16:3e:5a:79:09
Jun  2 17:38:08 gtw01 dnsmasq-dhcp[22999]: DHCPRELEASE(tap59ae715a-d7) 192.168.120.6 fa:16:3e:5a:79:09 unknown lease
Jun  2 17:38:09 gtw01 dnsmasq[22999]: read /var/lib/neutron/dhcp/04ab7524-800f-4016-b341-d23d30fd1524/addn_hosts - 4 addresses
Jun  2 17:38:09 gtw01 dnsmasq-dhcp[22999]: read /var/lib/neutron/dhcp/04ab7524-800f-4016-b341-d23d30fd1524/host
Jun  2 17:38:09 gtw01 dnsmasq-dhcp[22999]: read /var/lib/neutron/dhcp/04ab7524-800f-4016-b341-d23d30fd1524/opts
Jun  2 17:38:12 gtw01 dnsmasq-dhcp[22999]: DHCPRELEASE(tap59ae715a-d7) 192.168.120.15 fa:16:3e:fb:37:28
Jun  2 17:38:12 gtw01 dnsmasq-dhcp[22999]: DHCPRELEASE(tap59ae715a-d7) 192.168.120.15 fa:16:3e:fb:37:28 unknown lease
Jun  2 17:38:13 gtw01 dnsmasq[22999]: read /var/lib/neutron/dhcp/04ab7524-800f-4016-b341-d23d30fd1524/addn_hosts - 3 addresses
Jun  2 17:38:13 gtw01 dnsmasq-dhcp[22999]: read /var/lib/neutron/dhcp/04ab7524-800f-4016-b341-d23d30fd1524/host
Jun  2 17:38:13 gtw01 dnsmasq-dhcp[22999]: read /var/lib/neutron/dhcp/04ab7524-800f-4016-b341-d23d30fd1524/opts
Jun  2 17:38:13 gtw01 dnsmasq-dhcp[22999]: DHCPRELEASE(tap59ae715a-d7) 192.168.120.3 fa:16:3e:d4:3c:5d
Jun  2 17:38:14 gtw01 dnsmasq-dhcp[22999]: DHCPRELEASE(tap59ae715a-d7) 192.168.120.3 fa:16:3e:d4:3c:5d unknown lease
Jun  2 17:38:14 gtw01 dnsmasq[22999]: read /var/lib/neutron/dhcp/04ab7524-800f-4016-b341-d23d30fd1524/addn_hosts - 2 addresses
Jun  2 17:38:14 gtw01 dnsmasq-dhcp[22999]: read /var/lib/neutron/dhcp/04ab7524-800f-4016-b341-d23d30fd1524/host
Jun  2 17:38:14 gtw01 dnsmasq-dhcp[22999]: read /var/lib/neutron/dhcp/04ab7524-800f-4016-b341-d23d30fd1524/opts
Jun  2 17:38:16 gtw01 dnsmasq[22999]: read /var/lib/neutron/dhcp/04ab7524-800f-4016-b341-d23d30fd1524/addn_hosts - 3 addresses
Jun  2 17:38:16 gtw01 dnsmasq-dhcp[22999]: read /var/lib/neutron/dhcp/04ab7524-800f-4016-b341-d23d30fd1524/host
Jun  2 17:38:16 gtw01 dnsmasq-dhcp[22999]: read /var/lib/neutron/dhcp/04ab7524-800f-4016-b341-d23d30fd1524/opts
Jun  2 17:38:17 gtw01 dnsmasq[22999]: read /var/lib/neutron/dhcp/04ab7524-800f-4016-b341-d23d30fd1524/addn_hosts - 4 addresses
Jun  2 17:38:17 gtw01 dnsmasq-dhcp[22999]: read /var/lib/neutron/dhcp/04ab7524-800f-4016-b341-d23d30fd1524/host
Jun  2 17:38:17 gtw01 dnsmasq-dhcp[22999]: read /var/lib/neutron/dhcp/04ab7524-800f-4016-b341-d23d30fd1524/opts
Jun  2 17:38:18 gtw01 dnsmasq[22999]: read /var/lib/neutron/dhcp/04ab7524-800f-4016-b341-d23d30fd1524/addn_hosts - 4 addresses
Jun  2 17:38:18 gtw01 dnsmasq-dhcp[22999]: read /var/lib/neutron/dhcp/04ab7524-800f-4016-b341-d23d30fd1524/host
Jun  2 17:38:18 gtw01 dnsmasq-dhcp[22999]: read /var/lib/neutron/dhcp/04ab7524-800f-4016-b341-d23d30fd1524/opts
Jun  2 17:38:19 gtw01 dnsmasq[22999]: read /var/lib/neutron/dhcp/04ab7524-800f-4016-b341-d23d30fd1524/addn_hosts - 4 addresses
Jun  2 17:38:19 gtw01 dnsmasq-dhcp[22999]: read /var/lib/neutron/dhcp/04ab7524-800f-4016-b341-d23d30fd1524/host
Jun  2 17:38:19 gtw01 dnsmasq-dhcp[22999]: read /var/lib/neutron/dhcp/04ab7524-800f-4016-b341-d23d30fd1524/opts
Jun  2 17:38:20 gtw01 dnsmasq[22999]: read /var/lib/neutron/dhcp/04ab7524-800f-4016-b341-d23d30fd1524/addn_hosts - 4 addresses
Jun  2 17:38:20 gtw01 dnsmasq-dhcp[22999]: read /var/lib/neutron/dhcp/04ab7524-800f-4016-b341-d23d30fd1524/host
Jun  2 17:38:20 gtw01 dnsmasq-dhcp[22999]: read /var/lib/neutron/dhcp/04ab7524-800f-4016-b341-d23d30fd1524/opts
Jun  2 17:38:21 gtw01 dnsmasq[22999]: read /var/lib/neutron/dhcp/04ab7524-800f-4016-b341-d23d30fd1524/addn_hosts - 4 addresses
Jun  2 17:38:21 gtw01 dnsmasq-dhcp[22999]: read /var/lib/neutron/dhcp/04ab7524-800f-4016-b341-d23d30fd1524/host
Jun  2 17:38:21 gtw01 dnsmasq-dhcp[22999]: read /var/lib/neutron/dhcp/04ab7524-800f-4016-b341-d23d30fd1524/opts
Jun  2 17:38:30 gtw01 dnsmasq-dhcp[22999]: DHCPDISCOVER(tap59ae715a-d7) fa:16:3e:58:6b:fd
Jun  2 17:38:30 gtw01 dnsmasq-dhcp[22999]: DHCPOFFER(tap59ae715a-d7) 192.168.120.4 fa:16:3e:58:6b:fd
Jun  2 17:38:30 gtw01 dnsmasq-dhcp[22999]: DHCPREQUEST(tap59ae715a-d7) 192.168.120.4 fa:16:3e:58:6b:fd
Jun  2 17:38:30 gtw01 dnsmasq-dhcp[22999]: DHCPACK(tap59ae715a-d7) 192.168.120.4 fa:16:3e:58:6b:fd host-192-168-120-4
Jun  2 17:38:32 gtw01 dnsmasq-dhcp[22999]: DHCPDISCOVER(tap59ae715a-d7) fa:16:3e:01:36:6b
Jun  2 17:38:32 gtw01 dnsmasq-dhcp[22999]: DHCPOFFER(tap59ae715a-d7) 192.168.120.13 fa:16:3e:01:36:6b
Jun  2 17:38:32 gtw01 dnsmasq-dhcp[22999]: DHCPREQUEST(tap59ae715a-d7) 192.168.120.13 fa:16:3e:01:36:6b
Jun  2 17:38:32 gtw01 dnsmasq-dhcp[22999]: DHCPACK(tap59ae715a-d7) 192.168.120.13 fa:16:3e:01:36:6b host-192-168-120-13
Jun  2 17:38:38 gtw01 dnsmasq-dhcp[22999]: DHCPRELEASE(tap59ae715a-d7) 192.168.120.4 fa:16:3e:58:6b:fd
Jun  2 17:38:38 gtw01 dnsmasq-dhcp[22999]: DHCPRELEASE(tap59ae715a-d7) 192.168.120.4 fa:16:3e:58:6b:fd unknown lease
Jun  2 17:38:39 gtw01 dnsmasq[22999]: read /var/lib/neutron/dhcp/04ab7524-800f-4016-b341-d23d30fd1524/addn_hosts - 3 addresses
Jun  2 17:38:39 gtw01 dnsmasq-dhcp[22999]: read /var/lib/neutron/dhcp/04ab7524-800f-4016-b341-d23d30fd1524/host
Jun  2 17:38:39 gtw01 dnsmasq-dhcp[22999]: read /var/lib/neutron/dhcp/04ab7524-800f-4016-b341-d23d30fd1524/opts
Jun  2 17:38:39 gtw01 dnsmasq-dhcp[22999]: DHCPRELEASE(tap59ae715a-d7) 192.168.120.13 fa:16:3e:01:36:6b
Jun  2 17:38:40 gtw01 dnsmasq-dhcp[22999]: DHCPRELEASE(tap59ae715a-d7) 192.168.120.13 fa:16:3e:01:36:6b unknown lease
Jun  2 17:38:40 gtw01 dnsmasq[22999]: read /var/lib/neutron/dhcp/04ab7524-800f-4016-b341-d23d30fd1524/addn_hosts - 2 addresses
Jun  2 17:38:40 gtw01 dnsmasq-dhcp[22999]: read /var/lib/neutron/dhcp/04ab7524-800f-4016-b341-d23d30fd1524/host
Jun  2 17:38:40 gtw01 dnsmasq-dhcp[22999]: read /var/lib/neutron/dhcp/04ab7524-800f-4016-b341-d23d30fd1524/opts
Jun  2 17:43:55 gtw01 salt-minion[5643]: [INFO    ] Running scheduled job: __mine_interval
Jun  2 17:55:17 gtw01 kernel: [11660.194586] device tap328fa150-3d entered promiscuous mode
Jun  2 17:55:17 gtw01 systemd-udevd[27074]: Could not generate persistent MAC address for tap328fa150-3d: No such file or directory
Jun  2 17:55:17 gtw01 systemd-udevd[27119]: Process '/sbin/ip link set tap328fa150-3d txqueuelen 10000' failed with exit code 1.
Jun  2 17:55:19 gtw01 systemd-udevd[27189]: Could not generate persistent MAC address for tap2f875641-28: No such file or directory
Jun  2 17:55:19 gtw01 kernel: [11662.117944] device tap2f875641-28 entered promiscuous mode
Jun  2 17:55:20 gtw01 systemd-udevd[27244]: Process '/sbin/ip link set tap2f875641-28 txqueuelen 10000' failed with exit code 1.
Jun  2 17:55:20 gtw01 kernel: [11663.214670] device tap2f5baf8b-26 entered promiscuous mode
Jun  2 17:55:20 gtw01 systemd-udevd[27297]: Could not generate persistent MAC address for tap2f5baf8b-26: No such file or directory
Jun  2 17:55:20 gtw01 kernel: [11663.233924] device tap40495853-55 entered promiscuous mode
Jun  2 17:55:20 gtw01 systemd-udevd[27319]: Could not generate persistent MAC address for tap40495853-55: No such file or directory
Jun  2 17:55:21 gtw01 systemd-udevd[27374]: Process '/sbin/ip link set tap2f5baf8b-26 txqueuelen 10000' failed with exit code 1.
Jun  2 17:55:21 gtw01 systemd-udevd[27403]: Process '/sbin/ip link set tap40495853-55 txqueuelen 10000' failed with exit code 1.
Jun  2 17:55:22 gtw01 dnsmasq[27454]: started, version 2.80 cachesize 150
Jun  2 17:55:22 gtw01 dnsmasq[27454]: DNS service limited to local subnets
Jun  2 17:55:22 gtw01 dnsmasq[27454]: compile time options: IPv6 GNU-getopt DBus i18n IDN DHCP DHCPv6 no-Lua TFTP conntrack ipset auth DNSSEC loop-detect inotify dumpfile
Jun  2 17:55:22 gtw01 dnsmasq[27454]: LOUD WARNING: listening on 11.11.11.2 may accept requests via interfaces other than tap328fa150-3d
Jun  2 17:55:22 gtw01 dnsmasq[27454]: LOUD WARNING: use --bind-dynamic rather than --bind-interfaces to avoid DNS amplification attacks via these interface(s)
Jun  2 17:55:22 gtw01 dnsmasq[27454]: warning: no upstream servers configured
Jun  2 17:55:22 gtw01 dnsmasq-dhcp[27454]: DHCP, static leases only on 11.11.11.0, lease time 1h
Jun  2 17:55:22 gtw01 dnsmasq[27454]: read /var/lib/neutron/dhcp/e95c8142-03a8-484f-b939-2fd5f32d4c3f/addn_hosts - 1 addresses
Jun  2 17:55:22 gtw01 dnsmasq-dhcp[27454]: read /var/lib/neutron/dhcp/e95c8142-03a8-484f-b939-2fd5f32d4c3f/host
Jun  2 17:55:22 gtw01 dnsmasq-dhcp[27454]: read /var/lib/neutron/dhcp/e95c8142-03a8-484f-b939-2fd5f32d4c3f/opts
Jun  2 17:55:22 gtw01 haproxy-metadata-proxy-e95c8142-03a8-484f-b939-2fd5f32d4c3f[27470]: Proxy listener started.
Jun  2 17:55:24 gtw01 dnsmasq[27454]: read /var/lib/neutron/dhcp/e95c8142-03a8-484f-b939-2fd5f32d4c3f/addn_hosts - 3 addresses
Jun  2 17:55:24 gtw01 dnsmasq-dhcp[27454]: read /var/lib/neutron/dhcp/e95c8142-03a8-484f-b939-2fd5f32d4c3f/host
Jun  2 17:55:24 gtw01 dnsmasq-dhcp[27454]: read /var/lib/neutron/dhcp/e95c8142-03a8-484f-b939-2fd5f32d4c3f/opts
Jun  2 17:55:24 gtw01 dnsmasq[27554]: started, version 2.80 cachesize 150
Jun  2 17:55:24 gtw01 dnsmasq[27554]: DNS service limited to local subnets
Jun  2 17:55:24 gtw01 dnsmasq[27554]: compile time options: IPv6 GNU-getopt DBus i18n IDN DHCP DHCPv6 no-Lua TFTP conntrack ipset auth DNSSEC loop-detect inotify dumpfile
Jun  2 17:55:24 gtw01 dnsmasq[27554]: LOUD WARNING: listening on 11.11.11.2 may accept requests via interfaces other than tap2f875641-28
Jun  2 17:55:24 gtw01 dnsmasq[27554]: LOUD WARNING: use --bind-dynamic rather than --bind-interfaces to avoid DNS amplification attacks via these interface(s)
Jun  2 17:55:24 gtw01 dnsmasq[27554]: warning: no upstream servers configured
Jun  2 17:55:24 gtw01 dnsmasq-dhcp[27554]: DHCP, static leases only on 11.11.11.0, lease time 1h
Jun  2 17:55:24 gtw01 dnsmasq[27554]: read /var/lib/neutron/dhcp/ad4c9a34-d38d-4262-879a-84cdabf2d7b4/addn_hosts - 1 addresses
Jun  2 17:55:24 gtw01 dnsmasq-dhcp[27554]: read /var/lib/neutron/dhcp/ad4c9a34-d38d-4262-879a-84cdabf2d7b4/host
Jun  2 17:55:24 gtw01 dnsmasq-dhcp[27554]: read /var/lib/neutron/dhcp/ad4c9a34-d38d-4262-879a-84cdabf2d7b4/opts
Jun  2 17:55:24 gtw01 haproxy-metadata-proxy-ad4c9a34-d38d-4262-879a-84cdabf2d7b4[27566]: Proxy listener started.
Jun  2 17:55:25 gtw01 dnsmasq[27609]: started, version 2.80 cachesize 150
Jun  2 17:55:25 gtw01 dnsmasq[27609]: DNS service limited to local subnets
Jun  2 17:55:25 gtw01 dnsmasq[27609]: compile time options: IPv6 GNU-getopt DBus i18n IDN DHCP DHCPv6 no-Lua TFTP conntrack ipset auth DNSSEC loop-detect inotify dumpfile
Jun  2 17:55:25 gtw01 dnsmasq[27609]: LOUD WARNING: listening on 11.11.11.2 may accept requests via interfaces other than tap2f5baf8b-26
Jun  2 17:55:25 gtw01 dnsmasq[27609]: LOUD WARNING: use --bind-dynamic rather than --bind-interfaces to avoid DNS amplification attacks via these interface(s)
Jun  2 17:55:25 gtw01 dnsmasq[27609]: warning: no upstream servers configured
Jun  2 17:55:25 gtw01 dnsmasq-dhcp[27609]: DHCP, static leases only on 11.11.11.0, lease time 1h
Jun  2 17:55:25 gtw01 dnsmasq[27609]: read /var/lib/neutron/dhcp/451d7a02-5e20-452b-bf42-f3c8a6037a62/addn_hosts - 1 addresses
Jun  2 17:55:25 gtw01 dnsmasq-dhcp[27609]: read /var/lib/neutron/dhcp/451d7a02-5e20-452b-bf42-f3c8a6037a62/host
Jun  2 17:55:25 gtw01 dnsmasq-dhcp[27609]: read /var/lib/neutron/dhcp/451d7a02-5e20-452b-bf42-f3c8a6037a62/opts
Jun  2 17:55:25 gtw01 dnsmasq[27454]: read /var/lib/neutron/dhcp/e95c8142-03a8-484f-b939-2fd5f32d4c3f/addn_hosts - 3 addresses
Jun  2 17:55:25 gtw01 dnsmasq-dhcp[27454]: read /var/lib/neutron/dhcp/e95c8142-03a8-484f-b939-2fd5f32d4c3f/host
Jun  2 17:55:25 gtw01 dnsmasq-dhcp[27454]: read /var/lib/neutron/dhcp/e95c8142-03a8-484f-b939-2fd5f32d4c3f/opts
Jun  2 17:55:25 gtw01 dnsmasq[27620]: started, version 2.80 cachesize 150
Jun  2 17:55:25 gtw01 dnsmasq[27620]: DNS service limited to local subnets
Jun  2 17:55:25 gtw01 dnsmasq[27620]: compile time options: IPv6 GNU-getopt DBus i18n IDN DHCP DHCPv6 no-Lua TFTP conntrack ipset auth DNSSEC loop-detect inotify dumpfile
Jun  2 17:55:25 gtw01 dnsmasq[27620]: LOUD WARNING: listening on 11.11.11.2 may accept requests via interfaces other than tap40495853-55
Jun  2 17:55:25 gtw01 dnsmasq[27620]: LOUD WARNING: use --bind-dynamic rather than --bind-interfaces to avoid DNS amplification attacks via these interface(s)
Jun  2 17:55:25 gtw01 dnsmasq[27620]: warning: no upstream servers configured
Jun  2 17:55:25 gtw01 dnsmasq-dhcp[27620]: DHCP, static leases only on 11.11.11.0, lease time 1h
Jun  2 17:55:25 gtw01 dnsmasq[27620]: read /var/lib/neutron/dhcp/b365dbcc-6e1c-4793-9fc7-7be8ae2498fb/addn_hosts - 1 addresses
Jun  2 17:55:25 gtw01 dnsmasq-dhcp[27620]: read /var/lib/neutron/dhcp/b365dbcc-6e1c-4793-9fc7-7be8ae2498fb/host
Jun  2 17:55:25 gtw01 dnsmasq-dhcp[27620]: read /var/lib/neutron/dhcp/b365dbcc-6e1c-4793-9fc7-7be8ae2498fb/opts
Jun  2 17:55:25 gtw01 dnsmasq[27554]: read /var/lib/neutron/dhcp/ad4c9a34-d38d-4262-879a-84cdabf2d7b4/addn_hosts - 3 addresses
Jun  2 17:55:25 gtw01 dnsmasq-dhcp[27554]: read /var/lib/neutron/dhcp/ad4c9a34-d38d-4262-879a-84cdabf2d7b4/host
Jun  2 17:55:25 gtw01 dnsmasq-dhcp[27554]: read /var/lib/neutron/dhcp/ad4c9a34-d38d-4262-879a-84cdabf2d7b4/opts
Jun  2 17:55:26 gtw01 haproxy-metadata-proxy-451d7a02-5e20-452b-bf42-f3c8a6037a62[27628]: Proxy listener started.
Jun  2 17:55:26 gtw01 haproxy-metadata-proxy-b365dbcc-6e1c-4793-9fc7-7be8ae2498fb[27634]: Proxy listener started.
Jun  2 17:55:26 gtw01 dnsmasq[27454]: read /var/lib/neutron/dhcp/e95c8142-03a8-484f-b939-2fd5f32d4c3f/addn_hosts - 3 addresses
Jun  2 17:55:26 gtw01 dnsmasq-dhcp[27454]: read /var/lib/neutron/dhcp/e95c8142-03a8-484f-b939-2fd5f32d4c3f/host
Jun  2 17:55:26 gtw01 dnsmasq-dhcp[27454]: read /var/lib/neutron/dhcp/e95c8142-03a8-484f-b939-2fd5f32d4c3f/opts
Jun  2 17:55:26 gtw01 dnsmasq[27609]: read /var/lib/neutron/dhcp/451d7a02-5e20-452b-bf42-f3c8a6037a62/addn_hosts - 3 addresses
Jun  2 17:55:26 gtw01 dnsmasq-dhcp[27609]: read /var/lib/neutron/dhcp/451d7a02-5e20-452b-bf42-f3c8a6037a62/host
Jun  2 17:55:26 gtw01 dnsmasq-dhcp[27609]: read /var/lib/neutron/dhcp/451d7a02-5e20-452b-bf42-f3c8a6037a62/opts
Jun  2 17:55:27 gtw01 dnsmasq[27554]: read /var/lib/neutron/dhcp/ad4c9a34-d38d-4262-879a-84cdabf2d7b4/addn_hosts - 3 addresses
Jun  2 17:55:27 gtw01 dnsmasq-dhcp[27554]: read /var/lib/neutron/dhcp/ad4c9a34-d38d-4262-879a-84cdabf2d7b4/host
Jun  2 17:55:27 gtw01 dnsmasq-dhcp[27554]: read /var/lib/neutron/dhcp/ad4c9a34-d38d-4262-879a-84cdabf2d7b4/opts
Jun  2 17:55:27 gtw01 dnsmasq[27620]: read /var/lib/neutron/dhcp/b365dbcc-6e1c-4793-9fc7-7be8ae2498fb/addn_hosts - 3 addresses
Jun  2 17:55:27 gtw01 dnsmasq-dhcp[27620]: read /var/lib/neutron/dhcp/b365dbcc-6e1c-4793-9fc7-7be8ae2498fb/host
Jun  2 17:55:27 gtw01 dnsmasq-dhcp[27620]: read /var/lib/neutron/dhcp/b365dbcc-6e1c-4793-9fc7-7be8ae2498fb/opts
Jun  2 17:55:28 gtw01 dnsmasq[27454]: read /var/lib/neutron/dhcp/e95c8142-03a8-484f-b939-2fd5f32d4c3f/addn_hosts - 3 addresses
Jun  2 17:55:28 gtw01 dnsmasq-dhcp[27454]: read /var/lib/neutron/dhcp/e95c8142-03a8-484f-b939-2fd5f32d4c3f/host
Jun  2 17:55:28 gtw01 dnsmasq-dhcp[27454]: read /var/lib/neutron/dhcp/e95c8142-03a8-484f-b939-2fd5f32d4c3f/opts
Jun  2 17:55:28 gtw01 dnsmasq[27609]: read /var/lib/neutron/dhcp/451d7a02-5e20-452b-bf42-f3c8a6037a62/addn_hosts - 3 addresses
Jun  2 17:55:28 gtw01 dnsmasq-dhcp[27609]: read /var/lib/neutron/dhcp/451d7a02-5e20-452b-bf42-f3c8a6037a62/host
Jun  2 17:55:28 gtw01 dnsmasq-dhcp[27609]: read /var/lib/neutron/dhcp/451d7a02-5e20-452b-bf42-f3c8a6037a62/opts
Jun  2 17:55:28 gtw01 dnsmasq[27554]: read /var/lib/neutron/dhcp/ad4c9a34-d38d-4262-879a-84cdabf2d7b4/addn_hosts - 3 addresses
Jun  2 17:55:28 gtw01 dnsmasq-dhcp[27554]: read /var/lib/neutron/dhcp/ad4c9a34-d38d-4262-879a-84cdabf2d7b4/host
Jun  2 17:55:28 gtw01 dnsmasq-dhcp[27554]: read /var/lib/neutron/dhcp/ad4c9a34-d38d-4262-879a-84cdabf2d7b4/opts
Jun  2 17:55:28 gtw01 dnsmasq[27620]: read /var/lib/neutron/dhcp/b365dbcc-6e1c-4793-9fc7-7be8ae2498fb/addn_hosts - 3 addresses
Jun  2 17:55:28 gtw01 dnsmasq-dhcp[27620]: read /var/lib/neutron/dhcp/b365dbcc-6e1c-4793-9fc7-7be8ae2498fb/host
Jun  2 17:55:28 gtw01 dnsmasq-dhcp[27620]: read /var/lib/neutron/dhcp/b365dbcc-6e1c-4793-9fc7-7be8ae2498fb/opts
Jun  2 17:55:30 gtw01 dnsmasq[27609]: read /var/lib/neutron/dhcp/451d7a02-5e20-452b-bf42-f3c8a6037a62/addn_hosts - 3 addresses
Jun  2 17:55:30 gtw01 dnsmasq-dhcp[27609]: read /var/lib/neutron/dhcp/451d7a02-5e20-452b-bf42-f3c8a6037a62/host
Jun  2 17:55:30 gtw01 dnsmasq-dhcp[27609]: read /var/lib/neutron/dhcp/451d7a02-5e20-452b-bf42-f3c8a6037a62/opts
Jun  2 17:55:30 gtw01 dnsmasq[27454]: read /var/lib/neutron/dhcp/e95c8142-03a8-484f-b939-2fd5f32d4c3f/addn_hosts - 3 addresses
Jun  2 17:55:30 gtw01 dnsmasq-dhcp[27454]: read /var/lib/neutron/dhcp/e95c8142-03a8-484f-b939-2fd5f32d4c3f/host
Jun  2 17:55:30 gtw01 dnsmasq-dhcp[27454]: read /var/lib/neutron/dhcp/e95c8142-03a8-484f-b939-2fd5f32d4c3f/opts
Jun  2 17:55:30 gtw01 dnsmasq[27554]: read /var/lib/neutron/dhcp/ad4c9a34-d38d-4262-879a-84cdabf2d7b4/addn_hosts - 3 addresses
Jun  2 17:55:30 gtw01 dnsmasq-dhcp[27554]: read /var/lib/neutron/dhcp/ad4c9a34-d38d-4262-879a-84cdabf2d7b4/host
Jun  2 17:55:30 gtw01 dnsmasq-dhcp[27554]: read /var/lib/neutron/dhcp/ad4c9a34-d38d-4262-879a-84cdabf2d7b4/opts
Jun  2 17:55:30 gtw01 dnsmasq[27620]: read /var/lib/neutron/dhcp/b365dbcc-6e1c-4793-9fc7-7be8ae2498fb/addn_hosts - 3 addresses
Jun  2 17:55:30 gtw01 dnsmasq-dhcp[27620]: read /var/lib/neutron/dhcp/b365dbcc-6e1c-4793-9fc7-7be8ae2498fb/host
Jun  2 17:55:30 gtw01 dnsmasq-dhcp[27620]: read /var/lib/neutron/dhcp/b365dbcc-6e1c-4793-9fc7-7be8ae2498fb/opts
Jun  2 17:55:31 gtw01 dnsmasq[27609]: read /var/lib/neutron/dhcp/451d7a02-5e20-452b-bf42-f3c8a6037a62/addn_hosts - 3 addresses
Jun  2 17:55:31 gtw01 dnsmasq-dhcp[27609]: read /var/lib/neutron/dhcp/451d7a02-5e20-452b-bf42-f3c8a6037a62/host
Jun  2 17:55:31 gtw01 dnsmasq-dhcp[27609]: read /var/lib/neutron/dhcp/451d7a02-5e20-452b-bf42-f3c8a6037a62/opts
Jun  2 17:55:31 gtw01 dnsmasq[27454]: read /var/lib/neutron/dhcp/e95c8142-03a8-484f-b939-2fd5f32d4c3f/addn_hosts - 3 addresses
Jun  2 17:55:31 gtw01 dnsmasq-dhcp[27454]: read /var/lib/neutron/dhcp/e95c8142-03a8-484f-b939-2fd5f32d4c3f/host
Jun  2 17:55:31 gtw01 dnsmasq-dhcp[27454]: read /var/lib/neutron/dhcp/e95c8142-03a8-484f-b939-2fd5f32d4c3f/opts
Jun  2 17:55:31 gtw01 dnsmasq[27554]: read /var/lib/neutron/dhcp/ad4c9a34-d38d-4262-879a-84cdabf2d7b4/addn_hosts - 3 addresses
Jun  2 17:55:31 gtw01 dnsmasq-dhcp[27554]: read /var/lib/neutron/dhcp/ad4c9a34-d38d-4262-879a-84cdabf2d7b4/host
Jun  2 17:55:31 gtw01 dnsmasq-dhcp[27554]: read /var/lib/neutron/dhcp/ad4c9a34-d38d-4262-879a-84cdabf2d7b4/opts
Jun  2 17:55:32 gtw01 dnsmasq[27620]: read /var/lib/neutron/dhcp/b365dbcc-6e1c-4793-9fc7-7be8ae2498fb/addn_hosts - 3 addresses
Jun  2 17:55:32 gtw01 dnsmasq-dhcp[27620]: read /var/lib/neutron/dhcp/b365dbcc-6e1c-4793-9fc7-7be8ae2498fb/host
Jun  2 17:55:32 gtw01 dnsmasq-dhcp[27620]: read /var/lib/neutron/dhcp/b365dbcc-6e1c-4793-9fc7-7be8ae2498fb/opts
Jun  2 17:55:32 gtw01 dnsmasq[27609]: read /var/lib/neutron/dhcp/451d7a02-5e20-452b-bf42-f3c8a6037a62/addn_hosts - 3 addresses
Jun  2 17:55:32 gtw01 dnsmasq-dhcp[27609]: read /var/lib/neutron/dhcp/451d7a02-5e20-452b-bf42-f3c8a6037a62/host
Jun  2 17:55:32 gtw01 dnsmasq-dhcp[27609]: read /var/lib/neutron/dhcp/451d7a02-5e20-452b-bf42-f3c8a6037a62/opts
Jun  2 17:55:33 gtw01 dnsmasq[27454]: read /var/lib/neutron/dhcp/e95c8142-03a8-484f-b939-2fd5f32d4c3f/addn_hosts - 3 addresses
Jun  2 17:55:33 gtw01 dnsmasq-dhcp[27454]: read /var/lib/neutron/dhcp/e95c8142-03a8-484f-b939-2fd5f32d4c3f/host
Jun  2 17:55:33 gtw01 dnsmasq-dhcp[27454]: read /var/lib/neutron/dhcp/e95c8142-03a8-484f-b939-2fd5f32d4c3f/opts
Jun  2 17:55:33 gtw01 dnsmasq[27554]: read /var/lib/neutron/dhcp/ad4c9a34-d38d-4262-879a-84cdabf2d7b4/addn_hosts - 3 addresses
Jun  2 17:55:33 gtw01 dnsmasq-dhcp[27554]: read /var/lib/neutron/dhcp/ad4c9a34-d38d-4262-879a-84cdabf2d7b4/host
Jun  2 17:55:33 gtw01 dnsmasq-dhcp[27554]: read /var/lib/neutron/dhcp/ad4c9a34-d38d-4262-879a-84cdabf2d7b4/opts
Jun  2 17:55:33 gtw01 dnsmasq[27620]: read /var/lib/neutron/dhcp/b365dbcc-6e1c-4793-9fc7-7be8ae2498fb/addn_hosts - 3 addresses
Jun  2 17:55:33 gtw01 dnsmasq-dhcp[27620]: read /var/lib/neutron/dhcp/b365dbcc-6e1c-4793-9fc7-7be8ae2498fb/host
Jun  2 17:55:33 gtw01 dnsmasq-dhcp[27620]: read /var/lib/neutron/dhcp/b365dbcc-6e1c-4793-9fc7-7be8ae2498fb/opts
Jun  2 17:55:34 gtw01 dnsmasq[27609]: read /var/lib/neutron/dhcp/451d7a02-5e20-452b-bf42-f3c8a6037a62/addn_hosts - 3 addresses
Jun  2 17:55:34 gtw01 dnsmasq-dhcp[27609]: read /var/lib/neutron/dhcp/451d7a02-5e20-452b-bf42-f3c8a6037a62/host
Jun  2 17:55:34 gtw01 dnsmasq-dhcp[27609]: read /var/lib/neutron/dhcp/451d7a02-5e20-452b-bf42-f3c8a6037a62/opts
Jun  2 17:55:34 gtw01 dnsmasq[27554]: read /var/lib/neutron/dhcp/ad4c9a34-d38d-4262-879a-84cdabf2d7b4/addn_hosts - 3 addresses
Jun  2 17:55:34 gtw01 dnsmasq-dhcp[27554]: read /var/lib/neutron/dhcp/ad4c9a34-d38d-4262-879a-84cdabf2d7b4/host
Jun  2 17:55:34 gtw01 dnsmasq-dhcp[27554]: read /var/lib/neutron/dhcp/ad4c9a34-d38d-4262-879a-84cdabf2d7b4/opts
Jun  2 17:55:34 gtw01 dnsmasq[27454]: read /var/lib/neutron/dhcp/e95c8142-03a8-484f-b939-2fd5f32d4c3f/addn_hosts - 3 addresses
Jun  2 17:55:34 gtw01 dnsmasq-dhcp[27454]: read /var/lib/neutron/dhcp/e95c8142-03a8-484f-b939-2fd5f32d4c3f/host
Jun  2 17:55:34 gtw01 dnsmasq-dhcp[27454]: read /var/lib/neutron/dhcp/e95c8142-03a8-484f-b939-2fd5f32d4c3f/opts
Jun  2 17:55:35 gtw01 dnsmasq[27620]: read /var/lib/neutron/dhcp/b365dbcc-6e1c-4793-9fc7-7be8ae2498fb/addn_hosts - 3 addresses
Jun  2 17:55:35 gtw01 dnsmasq-dhcp[27620]: read /var/lib/neutron/dhcp/b365dbcc-6e1c-4793-9fc7-7be8ae2498fb/host
Jun  2 17:55:35 gtw01 dnsmasq-dhcp[27620]: read /var/lib/neutron/dhcp/b365dbcc-6e1c-4793-9fc7-7be8ae2498fb/opts
Jun  2 17:55:35 gtw01 dnsmasq[27609]: read /var/lib/neutron/dhcp/451d7a02-5e20-452b-bf42-f3c8a6037a62/addn_hosts - 3 addresses
Jun  2 17:55:35 gtw01 dnsmasq-dhcp[27609]: read /var/lib/neutron/dhcp/451d7a02-5e20-452b-bf42-f3c8a6037a62/host
Jun  2 17:55:35 gtw01 dnsmasq-dhcp[27609]: read /var/lib/neutron/dhcp/451d7a02-5e20-452b-bf42-f3c8a6037a62/opts
Jun  2 17:55:35 gtw01 dnsmasq[27554]: read /var/lib/neutron/dhcp/ad4c9a34-d38d-4262-879a-84cdabf2d7b4/addn_hosts - 3 addresses
Jun  2 17:55:35 gtw01 dnsmasq-dhcp[27554]: read /var/lib/neutron/dhcp/ad4c9a34-d38d-4262-879a-84cdabf2d7b4/host
Jun  2 17:55:35 gtw01 dnsmasq-dhcp[27554]: read /var/lib/neutron/dhcp/ad4c9a34-d38d-4262-879a-84cdabf2d7b4/opts
Jun  2 17:55:36 gtw01 dnsmasq[27620]: read /var/lib/neutron/dhcp/b365dbcc-6e1c-4793-9fc7-7be8ae2498fb/addn_hosts - 3 addresses
Jun  2 17:55:36 gtw01 dnsmasq-dhcp[27620]: read /var/lib/neutron/dhcp/b365dbcc-6e1c-4793-9fc7-7be8ae2498fb/host
Jun  2 17:55:36 gtw01 dnsmasq-dhcp[27620]: read /var/lib/neutron/dhcp/b365dbcc-6e1c-4793-9fc7-7be8ae2498fb/opts
Jun  2 17:55:36 gtw01 dnsmasq[27609]: read /var/lib/neutron/dhcp/451d7a02-5e20-452b-bf42-f3c8a6037a62/addn_hosts - 3 addresses
Jun  2 17:55:36 gtw01 dnsmasq-dhcp[27609]: read /var/lib/neutron/dhcp/451d7a02-5e20-452b-bf42-f3c8a6037a62/host
Jun  2 17:55:36 gtw01 dnsmasq-dhcp[27609]: read /var/lib/neutron/dhcp/451d7a02-5e20-452b-bf42-f3c8a6037a62/opts
Jun  2 17:55:37 gtw01 dnsmasq[27454]: read /var/lib/neutron/dhcp/e95c8142-03a8-484f-b939-2fd5f32d4c3f/addn_hosts - 3 addresses
Jun  2 17:55:37 gtw01 dnsmasq-dhcp[27454]: read /var/lib/neutron/dhcp/e95c8142-03a8-484f-b939-2fd5f32d4c3f/host
Jun  2 17:55:37 gtw01 dnsmasq-dhcp[27454]: read /var/lib/neutron/dhcp/e95c8142-03a8-484f-b939-2fd5f32d4c3f/opts
Jun  2 17:55:37 gtw01 dnsmasq[27620]: read /var/lib/neutron/dhcp/b365dbcc-6e1c-4793-9fc7-7be8ae2498fb/addn_hosts - 3 addresses
Jun  2 17:55:37 gtw01 dnsmasq-dhcp[27620]: read /var/lib/neutron/dhcp/b365dbcc-6e1c-4793-9fc7-7be8ae2498fb/host
Jun  2 17:55:37 gtw01 dnsmasq-dhcp[27620]: read /var/lib/neutron/dhcp/b365dbcc-6e1c-4793-9fc7-7be8ae2498fb/opts
Jun  2 17:55:38 gtw01 dnsmasq[27454]: read /var/lib/neutron/dhcp/e95c8142-03a8-484f-b939-2fd5f32d4c3f/addn_hosts - 2 addresses
Jun  2 17:55:38 gtw01 dnsmasq-dhcp[27454]: read /var/lib/neutron/dhcp/e95c8142-03a8-484f-b939-2fd5f32d4c3f/host
Jun  2 17:55:38 gtw01 dnsmasq-dhcp[27454]: read /var/lib/neutron/dhcp/e95c8142-03a8-484f-b939-2fd5f32d4c3f/opts
Jun  2 17:55:39 gtw01 dnsmasq[27454]: read /var/lib/neutron/dhcp/e95c8142-03a8-484f-b939-2fd5f32d4c3f/addn_hosts - 1 addresses
Jun  2 17:55:39 gtw01 dnsmasq-dhcp[27454]: read /var/lib/neutron/dhcp/e95c8142-03a8-484f-b939-2fd5f32d4c3f/host
Jun  2 17:55:39 gtw01 dnsmasq-dhcp[27454]: read /var/lib/neutron/dhcp/e95c8142-03a8-484f-b939-2fd5f32d4c3f/opts
Jun  2 17:55:41 gtw01 dnsmasq[27554]: read /var/lib/neutron/dhcp/ad4c9a34-d38d-4262-879a-84cdabf2d7b4/addn_hosts - 2 addresses
Jun  2 17:55:41 gtw01 dnsmasq-dhcp[27554]: read /var/lib/neutron/dhcp/ad4c9a34-d38d-4262-879a-84cdabf2d7b4/host
Jun  2 17:55:41 gtw01 dnsmasq-dhcp[27554]: read /var/lib/neutron/dhcp/ad4c9a34-d38d-4262-879a-84cdabf2d7b4/opts
Jun  2 17:55:42 gtw01 dnsmasq[27620]: read /var/lib/neutron/dhcp/b365dbcc-6e1c-4793-9fc7-7be8ae2498fb/addn_hosts - 3 addresses
Jun  2 17:55:42 gtw01 dnsmasq-dhcp[27620]: read /var/lib/neutron/dhcp/b365dbcc-6e1c-4793-9fc7-7be8ae2498fb/host
Jun  2 17:55:42 gtw01 dnsmasq-dhcp[27620]: read /var/lib/neutron/dhcp/b365dbcc-6e1c-4793-9fc7-7be8ae2498fb/opts
Jun  2 17:55:42 gtw01 dnsmasq[27609]: read /var/lib/neutron/dhcp/451d7a02-5e20-452b-bf42-f3c8a6037a62/addn_hosts - 3 addresses
Jun  2 17:55:42 gtw01 dnsmasq-dhcp[27609]: read /var/lib/neutron/dhcp/451d7a02-5e20-452b-bf42-f3c8a6037a62/host
Jun  2 17:55:42 gtw01 dnsmasq-dhcp[27609]: read /var/lib/neutron/dhcp/451d7a02-5e20-452b-bf42-f3c8a6037a62/opts
Jun  2 17:55:43 gtw01 dnsmasq[27554]: read /var/lib/neutron/dhcp/ad4c9a34-d38d-4262-879a-84cdabf2d7b4/addn_hosts - 2 addresses
Jun  2 17:55:43 gtw01 dnsmasq-dhcp[27554]: read /var/lib/neutron/dhcp/ad4c9a34-d38d-4262-879a-84cdabf2d7b4/host
Jun  2 17:55:43 gtw01 dnsmasq-dhcp[27554]: read /var/lib/neutron/dhcp/ad4c9a34-d38d-4262-879a-84cdabf2d7b4/opts
Jun  2 17:55:44 gtw01 kernel: [11686.830653] device tap328fa150-3d left promiscuous mode
Jun  2 17:55:44 gtw01 dnsmasq[27609]: read /var/lib/neutron/dhcp/451d7a02-5e20-452b-bf42-f3c8a6037a62/addn_hosts - 2 addresses
Jun  2 17:55:44 gtw01 dnsmasq-dhcp[27609]: read /var/lib/neutron/dhcp/451d7a02-5e20-452b-bf42-f3c8a6037a62/host
Jun  2 17:55:44 gtw01 dnsmasq-dhcp[27609]: read /var/lib/neutron/dhcp/451d7a02-5e20-452b-bf42-f3c8a6037a62/opts
Jun  2 17:55:45 gtw01 dnsmasq[27554]: read /var/lib/neutron/dhcp/ad4c9a34-d38d-4262-879a-84cdabf2d7b4/addn_hosts - 1 addresses
Jun  2 17:55:45 gtw01 dnsmasq-dhcp[27554]: read /var/lib/neutron/dhcp/ad4c9a34-d38d-4262-879a-84cdabf2d7b4/host
Jun  2 17:55:45 gtw01 dnsmasq-dhcp[27554]: read /var/lib/neutron/dhcp/ad4c9a34-d38d-4262-879a-84cdabf2d7b4/opts
Jun  2 17:55:45 gtw01 dnsmasq[27620]: read /var/lib/neutron/dhcp/b365dbcc-6e1c-4793-9fc7-7be8ae2498fb/addn_hosts - 2 addresses
Jun  2 17:55:45 gtw01 dnsmasq-dhcp[27620]: read /var/lib/neutron/dhcp/b365dbcc-6e1c-4793-9fc7-7be8ae2498fb/host
Jun  2 17:55:45 gtw01 dnsmasq-dhcp[27620]: read /var/lib/neutron/dhcp/b365dbcc-6e1c-4793-9fc7-7be8ae2498fb/opts
Jun  2 17:55:46 gtw01 dnsmasq[27620]: read /var/lib/neutron/dhcp/b365dbcc-6e1c-4793-9fc7-7be8ae2498fb/addn_hosts - 1 addresses
Jun  2 17:55:46 gtw01 dnsmasq-dhcp[27620]: read /var/lib/neutron/dhcp/b365dbcc-6e1c-4793-9fc7-7be8ae2498fb/host
Jun  2 17:55:46 gtw01 dnsmasq-dhcp[27620]: read /var/lib/neutron/dhcp/b365dbcc-6e1c-4793-9fc7-7be8ae2498fb/opts
Jun  2 17:55:46 gtw01 dnsmasq[27609]: read /var/lib/neutron/dhcp/451d7a02-5e20-452b-bf42-f3c8a6037a62/addn_hosts - 1 addresses
Jun  2 17:55:46 gtw01 dnsmasq-dhcp[27609]: read /var/lib/neutron/dhcp/451d7a02-5e20-452b-bf42-f3c8a6037a62/host
Jun  2 17:55:46 gtw01 dnsmasq-dhcp[27609]: read /var/lib/neutron/dhcp/451d7a02-5e20-452b-bf42-f3c8a6037a62/opts
Jun  2 17:55:50 gtw01 kernel: [11692.464786] device tap2f5baf8b-26 left promiscuous mode
Jun  2 17:55:50 gtw01 kernel: [11693.117189] device tap40495853-55 left promiscuous mode
Jun  2 17:55:51 gtw01 kernel: [11693.435009] device tap2f875641-28 left promiscuous mode
Jun  2 17:55:57 gtw01 systemd-udevd[28356]: Could not generate persistent MAC address for tapeb555481-47: No such file or directory
Jun  2 17:55:57 gtw01 kernel: [11699.513259] device tapeb555481-47 entered promiscuous mode
Jun  2 17:55:57 gtw01 systemd-udevd[28356]: Process '/sbin/ip link set tapeb555481-47 txqueuelen 10000' failed with exit code 1.
Jun  2 17:55:57 gtw01 systemd-udevd[28356]: Process '/sbin/ip link set tapeb555481-47 txqueuelen 10000' failed with exit code 1.
Jun  2 17:56:00 gtw01 dnsmasq[28469]: started, version 2.80 cachesize 150
Jun  2 17:56:00 gtw01 dnsmasq[28469]: DNS service limited to local subnets
Jun  2 17:56:00 gtw01 dnsmasq[28469]: compile time options: IPv6 GNU-getopt DBus i18n IDN DHCP DHCPv6 no-Lua TFTP conntrack ipset auth DNSSEC loop-detect inotify dumpfile
Jun  2 17:56:00 gtw01 dnsmasq[28469]: LOUD WARNING: listening on 11.11.11.2 may accept requests via interfaces other than tapeb555481-47
Jun  2 17:56:00 gtw01 dnsmasq[28469]: LOUD WARNING: use --bind-dynamic rather than --bind-interfaces to avoid DNS amplification attacks via these interface(s)
Jun  2 17:56:00 gtw01 dnsmasq[28469]: warning: no upstream servers configured
Jun  2 17:56:00 gtw01 dnsmasq-dhcp[28469]: DHCP, static leases only on 11.11.11.0, lease time 1h
Jun  2 17:56:00 gtw01 dnsmasq[28469]: read /var/lib/neutron/dhcp/ff552ab0-dd7d-4bcc-bc22-d37a886141e7/addn_hosts - 1 addresses
Jun  2 17:56:00 gtw01 dnsmasq-dhcp[28469]: read /var/lib/neutron/dhcp/ff552ab0-dd7d-4bcc-bc22-d37a886141e7/host
Jun  2 17:56:00 gtw01 dnsmasq-dhcp[28469]: read /var/lib/neutron/dhcp/ff552ab0-dd7d-4bcc-bc22-d37a886141e7/opts
Jun  2 17:56:00 gtw01 haproxy-metadata-proxy-ff552ab0-dd7d-4bcc-bc22-d37a886141e7[28473]: Proxy listener started.
Jun  2 17:56:01 gtw01 dnsmasq[28469]: read /var/lib/neutron/dhcp/ff552ab0-dd7d-4bcc-bc22-d37a886141e7/addn_hosts - 3 addresses
Jun  2 17:56:01 gtw01 dnsmasq-dhcp[28469]: read /var/lib/neutron/dhcp/ff552ab0-dd7d-4bcc-bc22-d37a886141e7/host
Jun  2 17:56:01 gtw01 dnsmasq-dhcp[28469]: read /var/lib/neutron/dhcp/ff552ab0-dd7d-4bcc-bc22-d37a886141e7/opts
Jun  2 17:56:02 gtw01 dnsmasq[28469]: read /var/lib/neutron/dhcp/ff552ab0-dd7d-4bcc-bc22-d37a886141e7/addn_hosts - 3 addresses
Jun  2 17:56:02 gtw01 dnsmasq-dhcp[28469]: read /var/lib/neutron/dhcp/ff552ab0-dd7d-4bcc-bc22-d37a886141e7/host
Jun  2 17:56:02 gtw01 dnsmasq-dhcp[28469]: read /var/lib/neutron/dhcp/ff552ab0-dd7d-4bcc-bc22-d37a886141e7/opts
Jun  2 17:56:03 gtw01 dnsmasq[28469]: read /var/lib/neutron/dhcp/ff552ab0-dd7d-4bcc-bc22-d37a886141e7/addn_hosts - 3 addresses
Jun  2 17:56:03 gtw01 dnsmasq-dhcp[28469]: read /var/lib/neutron/dhcp/ff552ab0-dd7d-4bcc-bc22-d37a886141e7/host
Jun  2 17:56:03 gtw01 dnsmasq-dhcp[28469]: read /var/lib/neutron/dhcp/ff552ab0-dd7d-4bcc-bc22-d37a886141e7/opts
Jun  2 17:56:03 gtw01 dnsmasq[28469]: read /var/lib/neutron/dhcp/ff552ab0-dd7d-4bcc-bc22-d37a886141e7/addn_hosts - 3 addresses
Jun  2 17:56:03 gtw01 dnsmasq-dhcp[28469]: read /var/lib/neutron/dhcp/ff552ab0-dd7d-4bcc-bc22-d37a886141e7/host
Jun  2 17:56:03 gtw01 dnsmasq-dhcp[28469]: read /var/lib/neutron/dhcp/ff552ab0-dd7d-4bcc-bc22-d37a886141e7/opts
Jun  2 17:56:04 gtw01 dnsmasq[28469]: read /var/lib/neutron/dhcp/ff552ab0-dd7d-4bcc-bc22-d37a886141e7/addn_hosts - 3 addresses
Jun  2 17:56:04 gtw01 dnsmasq-dhcp[28469]: read /var/lib/neutron/dhcp/ff552ab0-dd7d-4bcc-bc22-d37a886141e7/host
Jun  2 17:56:04 gtw01 dnsmasq-dhcp[28469]: read /var/lib/neutron/dhcp/ff552ab0-dd7d-4bcc-bc22-d37a886141e7/opts
Jun  2 17:56:05 gtw01 dnsmasq[28469]: read /var/lib/neutron/dhcp/ff552ab0-dd7d-4bcc-bc22-d37a886141e7/addn_hosts - 3 addresses
Jun  2 17:56:05 gtw01 dnsmasq-dhcp[28469]: read /var/lib/neutron/dhcp/ff552ab0-dd7d-4bcc-bc22-d37a886141e7/host
Jun  2 17:56:05 gtw01 dnsmasq-dhcp[28469]: read /var/lib/neutron/dhcp/ff552ab0-dd7d-4bcc-bc22-d37a886141e7/opts
Jun  2 17:56:06 gtw01 kernel: [11708.837673] device tapd3345c22-d5 entered promiscuous mode
Jun  2 17:56:06 gtw01 systemd-udevd[28618]: Could not generate persistent MAC address for tapd3345c22-d5: No such file or directory
Jun  2 17:56:06 gtw01 systemd-udevd[28665]: Process '/sbin/ip link set tapd3345c22-d5 txqueuelen 10000' failed with exit code 1.
Jun  2 17:56:06 gtw01 kernel: [11709.093625] device tap0d08cd3e-50 entered promiscuous mode
Jun  2 17:56:06 gtw01 systemd-udevd[28689]: Could not generate persistent MAC address for tap0d08cd3e-50: No such file or directory
Jun  2 17:56:06 gtw01 systemd-udevd[28735]: Process '/sbin/ip link set tap0d08cd3e-50 txqueuelen 10000' failed with exit code 1.
Jun  2 17:56:06 gtw01 dnsmasq[28469]: read /var/lib/neutron/dhcp/ff552ab0-dd7d-4bcc-bc22-d37a886141e7/addn_hosts - 3 addresses
Jun  2 17:56:06 gtw01 dnsmasq-dhcp[28469]: read /var/lib/neutron/dhcp/ff552ab0-dd7d-4bcc-bc22-d37a886141e7/host
Jun  2 17:56:06 gtw01 dnsmasq-dhcp[28469]: read /var/lib/neutron/dhcp/ff552ab0-dd7d-4bcc-bc22-d37a886141e7/opts
Jun  2 17:56:07 gtw01 kernel: [11709.801622] device tapd3c345af-34 entered promiscuous mode
Jun  2 17:56:07 gtw01 systemd-udevd[28776]: Could not generate persistent MAC address for tapd3c345af-34: No such file or directory
Jun  2 17:56:07 gtw01 systemd-udevd[28776]: Process '/sbin/ip link set tapd3c345af-34 txqueuelen 10000' failed with exit code 1.
Jun  2 17:56:07 gtw01 systemd-udevd[28776]: Process '/sbin/ip link set tapd3c345af-34 txqueuelen 10000' failed with exit code 1.
Jun  2 17:56:08 gtw01 dnsmasq[28469]: read /var/lib/neutron/dhcp/ff552ab0-dd7d-4bcc-bc22-d37a886141e7/addn_hosts - 3 addresses
Jun  2 17:56:08 gtw01 dnsmasq-dhcp[28469]: read /var/lib/neutron/dhcp/ff552ab0-dd7d-4bcc-bc22-d37a886141e7/host
Jun  2 17:56:08 gtw01 dnsmasq-dhcp[28469]: read /var/lib/neutron/dhcp/ff552ab0-dd7d-4bcc-bc22-d37a886141e7/opts
Jun  2 17:56:10 gtw01 dnsmasq[28984]: started, version 2.80 cachesize 150
Jun  2 17:56:10 gtw01 dnsmasq[28984]: DNS service limited to local subnets
Jun  2 17:56:10 gtw01 dnsmasq[28984]: compile time options: IPv6 GNU-getopt DBus i18n IDN DHCP DHCPv6 no-Lua TFTP conntrack ipset auth DNSSEC loop-detect inotify dumpfile
Jun  2 17:56:10 gtw01 dnsmasq[28984]: LOUD WARNING: listening on 11.11.11.2 may accept requests via interfaces other than tap0d08cd3e-50
Jun  2 17:56:10 gtw01 dnsmasq[28984]: LOUD WARNING: use --bind-dynamic rather than --bind-interfaces to avoid DNS amplification attacks via these interface(s)
Jun  2 17:56:10 gtw01 dnsmasq[28984]: warning: no upstream servers configured
Jun  2 17:56:10 gtw01 dnsmasq-dhcp[28984]: DHCP, static leases only on 11.11.11.0, lease time 1h
Jun  2 17:56:10 gtw01 dnsmasq[28984]: read /var/lib/neutron/dhcp/b0fb8cf7-6a11-4ddb-a81e-b34df20ddc46/addn_hosts - 1 addresses
Jun  2 17:56:10 gtw01 dnsmasq-dhcp[28984]: read /var/lib/neutron/dhcp/b0fb8cf7-6a11-4ddb-a81e-b34df20ddc46/host
Jun  2 17:56:10 gtw01 dnsmasq-dhcp[28984]: read /var/lib/neutron/dhcp/b0fb8cf7-6a11-4ddb-a81e-b34df20ddc46/opts
Jun  2 17:56:10 gtw01 dnsmasq[28985]: started, version 2.80 cachesize 150
Jun  2 17:56:10 gtw01 dnsmasq[28985]: DNS service limited to local subnets
Jun  2 17:56:10 gtw01 dnsmasq[28985]: compile time options: IPv6 GNU-getopt DBus i18n IDN DHCP DHCPv6 no-Lua TFTP conntrack ipset auth DNSSEC loop-detect inotify dumpfile
Jun  2 17:56:10 gtw01 dnsmasq[28985]: LOUD WARNING: listening on 11.11.11.2 may accept requests via interfaces other than tapd3345c22-d5
Jun  2 17:56:10 gtw01 dnsmasq[28985]: LOUD WARNING: use --bind-dynamic rather than --bind-interfaces to avoid DNS amplification attacks via these interface(s)
Jun  2 17:56:10 gtw01 dnsmasq[28985]: warning: no upstream servers configured
Jun  2 17:56:10 gtw01 dnsmasq-dhcp[28985]: DHCP, static leases only on 11.11.11.0, lease time 1h
Jun  2 17:56:10 gtw01 dnsmasq[28985]: read /var/lib/neutron/dhcp/9bcca71c-6d02-4acf-89c1-ad4f98bbd4f7/addn_hosts - 1 addresses
Jun  2 17:56:10 gtw01 dnsmasq-dhcp[28985]: read /var/lib/neutron/dhcp/9bcca71c-6d02-4acf-89c1-ad4f98bbd4f7/host
Jun  2 17:56:10 gtw01 dnsmasq-dhcp[28985]: read /var/lib/neutron/dhcp/9bcca71c-6d02-4acf-89c1-ad4f98bbd4f7/opts
Jun  2 17:56:11 gtw01 haproxy-metadata-proxy-b0fb8cf7-6a11-4ddb-a81e-b34df20ddc46[28996]: Proxy listener started.
Jun  2 17:56:11 gtw01 haproxy-metadata-proxy-9bcca71c-6d02-4acf-89c1-ad4f98bbd4f7[28998]: Proxy listener started.
Jun  2 17:56:11 gtw01 dnsmasq[29007]: started, version 2.80 cachesize 150
Jun  2 17:56:11 gtw01 dnsmasq[29007]: DNS service limited to local subnets
Jun  2 17:56:11 gtw01 dnsmasq[29007]: compile time options: IPv6 GNU-getopt DBus i18n IDN DHCP DHCPv6 no-Lua TFTP conntrack ipset auth DNSSEC loop-detect inotify dumpfile
Jun  2 17:56:11 gtw01 dnsmasq[29007]: LOUD WARNING: listening on 11.11.11.2 may accept requests via interfaces other than tapd3c345af-34
Jun  2 17:56:11 gtw01 dnsmasq[29007]: LOUD WARNING: use --bind-dynamic rather than --bind-interfaces to avoid DNS amplification attacks via these interface(s)
Jun  2 17:56:11 gtw01 dnsmasq[29007]: warning: no upstream servers configured
Jun  2 17:56:11 gtw01 dnsmasq-dhcp[29007]: DHCP, static leases only on 11.11.11.0, lease time 1h
Jun  2 17:56:11 gtw01 dnsmasq[29007]: read /var/lib/neutron/dhcp/df3ad1a0-d51e-4e23-8bad-3aeb6ae20d03/addn_hosts - 1 addresses
Jun  2 17:56:11 gtw01 dnsmasq-dhcp[29007]: read /var/lib/neutron/dhcp/df3ad1a0-d51e-4e23-8bad-3aeb6ae20d03/host
Jun  2 17:56:11 gtw01 dnsmasq-dhcp[29007]: read /var/lib/neutron/dhcp/df3ad1a0-d51e-4e23-8bad-3aeb6ae20d03/opts
Jun  2 17:56:11 gtw01 haproxy-metadata-proxy-df3ad1a0-d51e-4e23-8bad-3aeb6ae20d03[29011]: Proxy listener started.
Jun  2 17:56:12 gtw01 dnsmasq[28985]: read /var/lib/neutron/dhcp/9bcca71c-6d02-4acf-89c1-ad4f98bbd4f7/addn_hosts - 2 addresses
Jun  2 17:56:12 gtw01 dnsmasq-dhcp[28985]: read /var/lib/neutron/dhcp/9bcca71c-6d02-4acf-89c1-ad4f98bbd4f7/host
Jun  2 17:56:12 gtw01 dnsmasq-dhcp[28985]: read /var/lib/neutron/dhcp/9bcca71c-6d02-4acf-89c1-ad4f98bbd4f7/opts
Jun  2 17:56:12 gtw01 dnsmasq[28984]: read /var/lib/neutron/dhcp/b0fb8cf7-6a11-4ddb-a81e-b34df20ddc46/addn_hosts - 3 addresses
Jun  2 17:56:12 gtw01 dnsmasq-dhcp[28984]: read /var/lib/neutron/dhcp/b0fb8cf7-6a11-4ddb-a81e-b34df20ddc46/host
Jun  2 17:56:12 gtw01 dnsmasq-dhcp[28984]: read /var/lib/neutron/dhcp/b0fb8cf7-6a11-4ddb-a81e-b34df20ddc46/opts
Jun  2 17:56:12 gtw01 dnsmasq[29007]: read /var/lib/neutron/dhcp/df3ad1a0-d51e-4e23-8bad-3aeb6ae20d03/addn_hosts - 3 addresses
Jun  2 17:56:12 gtw01 dnsmasq-dhcp[29007]: read /var/lib/neutron/dhcp/df3ad1a0-d51e-4e23-8bad-3aeb6ae20d03/host
Jun  2 17:56:12 gtw01 dnsmasq-dhcp[29007]: read /var/lib/neutron/dhcp/df3ad1a0-d51e-4e23-8bad-3aeb6ae20d03/opts
Jun  2 17:56:13 gtw01 dnsmasq[28985]: read /var/lib/neutron/dhcp/9bcca71c-6d02-4acf-89c1-ad4f98bbd4f7/addn_hosts - 2 addresses
Jun  2 17:56:13 gtw01 dnsmasq-dhcp[28985]: read /var/lib/neutron/dhcp/9bcca71c-6d02-4acf-89c1-ad4f98bbd4f7/host
Jun  2 17:56:13 gtw01 dnsmasq-dhcp[28985]: read /var/lib/neutron/dhcp/9bcca71c-6d02-4acf-89c1-ad4f98bbd4f7/opts
Jun  2 17:56:13 gtw01 dnsmasq[28984]: read /var/lib/neutron/dhcp/b0fb8cf7-6a11-4ddb-a81e-b34df20ddc46/addn_hosts - 3 addresses
Jun  2 17:56:13 gtw01 dnsmasq-dhcp[28984]: read /var/lib/neutron/dhcp/b0fb8cf7-6a11-4ddb-a81e-b34df20ddc46/host
Jun  2 17:56:13 gtw01 dnsmasq-dhcp[28984]: read /var/lib/neutron/dhcp/b0fb8cf7-6a11-4ddb-a81e-b34df20ddc46/opts
Jun  2 17:56:13 gtw01 dnsmasq[29007]: read /var/lib/neutron/dhcp/df3ad1a0-d51e-4e23-8bad-3aeb6ae20d03/addn_hosts - 3 addresses
Jun  2 17:56:13 gtw01 dnsmasq-dhcp[29007]: read /var/lib/neutron/dhcp/df3ad1a0-d51e-4e23-8bad-3aeb6ae20d03/host
Jun  2 17:56:13 gtw01 dnsmasq-dhcp[29007]: read /var/lib/neutron/dhcp/df3ad1a0-d51e-4e23-8bad-3aeb6ae20d03/opts
Jun  2 17:56:14 gtw01 dnsmasq[28985]: read /var/lib/neutron/dhcp/9bcca71c-6d02-4acf-89c1-ad4f98bbd4f7/addn_hosts - 2 addresses
Jun  2 17:56:14 gtw01 dnsmasq-dhcp[28985]: read /var/lib/neutron/dhcp/9bcca71c-6d02-4acf-89c1-ad4f98bbd4f7/host
Jun  2 17:56:14 gtw01 dnsmasq-dhcp[28985]: read /var/lib/neutron/dhcp/9bcca71c-6d02-4acf-89c1-ad4f98bbd4f7/opts
Jun  2 17:56:14 gtw01 dnsmasq[28984]: read /var/lib/neutron/dhcp/b0fb8cf7-6a11-4ddb-a81e-b34df20ddc46/addn_hosts - 3 addresses
Jun  2 17:56:14 gtw01 dnsmasq-dhcp[28984]: read /var/lib/neutron/dhcp/b0fb8cf7-6a11-4ddb-a81e-b34df20ddc46/host
Jun  2 17:56:14 gtw01 dnsmasq-dhcp[28984]: read /var/lib/neutron/dhcp/b0fb8cf7-6a11-4ddb-a81e-b34df20ddc46/opts
Jun  2 17:56:14 gtw01 dnsmasq[29007]: read /var/lib/neutron/dhcp/df3ad1a0-d51e-4e23-8bad-3aeb6ae20d03/addn_hosts - 3 addresses
Jun  2 17:56:14 gtw01 dnsmasq-dhcp[29007]: read /var/lib/neutron/dhcp/df3ad1a0-d51e-4e23-8bad-3aeb6ae20d03/host
Jun  2 17:56:14 gtw01 dnsmasq-dhcp[29007]: read /var/lib/neutron/dhcp/df3ad1a0-d51e-4e23-8bad-3aeb6ae20d03/opts
Jun  2 17:56:15 gtw01 dnsmasq[28985]: read /var/lib/neutron/dhcp/9bcca71c-6d02-4acf-89c1-ad4f98bbd4f7/addn_hosts - 2 addresses
Jun  2 17:56:15 gtw01 dnsmasq-dhcp[28985]: read /var/lib/neutron/dhcp/9bcca71c-6d02-4acf-89c1-ad4f98bbd4f7/host
Jun  2 17:56:15 gtw01 dnsmasq-dhcp[28985]: read /var/lib/neutron/dhcp/9bcca71c-6d02-4acf-89c1-ad4f98bbd4f7/opts
Jun  2 17:56:15 gtw01 dnsmasq[28984]: read /var/lib/neutron/dhcp/b0fb8cf7-6a11-4ddb-a81e-b34df20ddc46/addn_hosts - 3 addresses
Jun  2 17:56:15 gtw01 dnsmasq-dhcp[28984]: read /var/lib/neutron/dhcp/b0fb8cf7-6a11-4ddb-a81e-b34df20ddc46/host
Jun  2 17:56:15 gtw01 dnsmasq-dhcp[28984]: read /var/lib/neutron/dhcp/b0fb8cf7-6a11-4ddb-a81e-b34df20ddc46/opts
Jun  2 17:56:16 gtw01 dnsmasq[29007]: read /var/lib/neutron/dhcp/df3ad1a0-d51e-4e23-8bad-3aeb6ae20d03/addn_hosts - 3 addresses
Jun  2 17:56:16 gtw01 dnsmasq-dhcp[29007]: read /var/lib/neutron/dhcp/df3ad1a0-d51e-4e23-8bad-3aeb6ae20d03/host
Jun  2 17:56:16 gtw01 dnsmasq-dhcp[29007]: read /var/lib/neutron/dhcp/df3ad1a0-d51e-4e23-8bad-3aeb6ae20d03/opts
Jun  2 17:56:16 gtw01 dnsmasq[28985]: read /var/lib/neutron/dhcp/9bcca71c-6d02-4acf-89c1-ad4f98bbd4f7/addn_hosts - 3 addresses
Jun  2 17:56:16 gtw01 dnsmasq-dhcp[28985]: read /var/lib/neutron/dhcp/9bcca71c-6d02-4acf-89c1-ad4f98bbd4f7/host
Jun  2 17:56:16 gtw01 dnsmasq-dhcp[28985]: read /var/lib/neutron/dhcp/9bcca71c-6d02-4acf-89c1-ad4f98bbd4f7/opts
Jun  2 17:56:17 gtw01 dnsmasq[28984]: read /var/lib/neutron/dhcp/b0fb8cf7-6a11-4ddb-a81e-b34df20ddc46/addn_hosts - 3 addresses
Jun  2 17:56:17 gtw01 dnsmasq-dhcp[28984]: read /var/lib/neutron/dhcp/b0fb8cf7-6a11-4ddb-a81e-b34df20ddc46/host
Jun  2 17:56:17 gtw01 dnsmasq-dhcp[28984]: read /var/lib/neutron/dhcp/b0fb8cf7-6a11-4ddb-a81e-b34df20ddc46/opts
Jun  2 17:56:17 gtw01 dnsmasq[29007]: read /var/lib/neutron/dhcp/df3ad1a0-d51e-4e23-8bad-3aeb6ae20d03/addn_hosts - 3 addresses
Jun  2 17:56:17 gtw01 dnsmasq-dhcp[29007]: read /var/lib/neutron/dhcp/df3ad1a0-d51e-4e23-8bad-3aeb6ae20d03/host
Jun  2 17:56:17 gtw01 dnsmasq-dhcp[29007]: read /var/lib/neutron/dhcp/df3ad1a0-d51e-4e23-8bad-3aeb6ae20d03/opts
Jun  2 17:56:17 gtw01 dnsmasq[28469]: read /var/lib/neutron/dhcp/ff552ab0-dd7d-4bcc-bc22-d37a886141e7/addn_hosts - 3 addresses
Jun  2 17:56:17 gtw01 dnsmasq-dhcp[28469]: read /var/lib/neutron/dhcp/ff552ab0-dd7d-4bcc-bc22-d37a886141e7/host
Jun  2 17:56:17 gtw01 dnsmasq-dhcp[28469]: read /var/lib/neutron/dhcp/ff552ab0-dd7d-4bcc-bc22-d37a886141e7/opts
Jun  2 17:56:18 gtw01 dnsmasq[28985]: read /var/lib/neutron/dhcp/9bcca71c-6d02-4acf-89c1-ad4f98bbd4f7/addn_hosts - 3 addresses
Jun  2 17:56:18 gtw01 dnsmasq-dhcp[28985]: read /var/lib/neutron/dhcp/9bcca71c-6d02-4acf-89c1-ad4f98bbd4f7/host
Jun  2 17:56:18 gtw01 dnsmasq-dhcp[28985]: read /var/lib/neutron/dhcp/9bcca71c-6d02-4acf-89c1-ad4f98bbd4f7/opts
Jun  2 17:56:18 gtw01 dnsmasq[29007]: read /var/lib/neutron/dhcp/df3ad1a0-d51e-4e23-8bad-3aeb6ae20d03/addn_hosts - 3 addresses
Jun  2 17:56:18 gtw01 dnsmasq-dhcp[29007]: read /var/lib/neutron/dhcp/df3ad1a0-d51e-4e23-8bad-3aeb6ae20d03/host
Jun  2 17:56:18 gtw01 dnsmasq-dhcp[29007]: read /var/lib/neutron/dhcp/df3ad1a0-d51e-4e23-8bad-3aeb6ae20d03/opts
Jun  2 17:56:18 gtw01 dnsmasq[28984]: read /var/lib/neutron/dhcp/b0fb8cf7-6a11-4ddb-a81e-b34df20ddc46/addn_hosts - 3 addresses
Jun  2 17:56:18 gtw01 dnsmasq-dhcp[28984]: read /var/lib/neutron/dhcp/b0fb8cf7-6a11-4ddb-a81e-b34df20ddc46/host
Jun  2 17:56:18 gtw01 dnsmasq-dhcp[28984]: read /var/lib/neutron/dhcp/b0fb8cf7-6a11-4ddb-a81e-b34df20ddc46/opts
Jun  2 17:56:19 gtw01 dnsmasq[28469]: read /var/lib/neutron/dhcp/ff552ab0-dd7d-4bcc-bc22-d37a886141e7/addn_hosts - 2 addresses
Jun  2 17:56:19 gtw01 dnsmasq-dhcp[28469]: read /var/lib/neutron/dhcp/ff552ab0-dd7d-4bcc-bc22-d37a886141e7/host
Jun  2 17:56:19 gtw01 dnsmasq-dhcp[28469]: read /var/lib/neutron/dhcp/ff552ab0-dd7d-4bcc-bc22-d37a886141e7/opts
Jun  2 17:56:19 gtw01 dnsmasq[28985]: read /var/lib/neutron/dhcp/9bcca71c-6d02-4acf-89c1-ad4f98bbd4f7/addn_hosts - 3 addresses
Jun  2 17:56:19 gtw01 dnsmasq-dhcp[28985]: read /var/lib/neutron/dhcp/9bcca71c-6d02-4acf-89c1-ad4f98bbd4f7/host
Jun  2 17:56:19 gtw01 dnsmasq-dhcp[28985]: read /var/lib/neutron/dhcp/9bcca71c-6d02-4acf-89c1-ad4f98bbd4f7/opts
Jun  2 17:56:20 gtw01 dnsmasq[29007]: read /var/lib/neutron/dhcp/df3ad1a0-d51e-4e23-8bad-3aeb6ae20d03/addn_hosts - 3 addresses
Jun  2 17:56:20 gtw01 dnsmasq-dhcp[29007]: read /var/lib/neutron/dhcp/df3ad1a0-d51e-4e23-8bad-3aeb6ae20d03/host
Jun  2 17:56:20 gtw01 dnsmasq-dhcp[29007]: read /var/lib/neutron/dhcp/df3ad1a0-d51e-4e23-8bad-3aeb6ae20d03/opts
Jun  2 17:56:20 gtw01 dnsmasq[28984]: read /var/lib/neutron/dhcp/b0fb8cf7-6a11-4ddb-a81e-b34df20ddc46/addn_hosts - 3 addresses
Jun  2 17:56:20 gtw01 dnsmasq-dhcp[28984]: read /var/lib/neutron/dhcp/b0fb8cf7-6a11-4ddb-a81e-b34df20ddc46/host
Jun  2 17:56:20 gtw01 dnsmasq-dhcp[28984]: read /var/lib/neutron/dhcp/b0fb8cf7-6a11-4ddb-a81e-b34df20ddc46/opts
Jun  2 17:56:20 gtw01 dnsmasq[28469]: read /var/lib/neutron/dhcp/ff552ab0-dd7d-4bcc-bc22-d37a886141e7/addn_hosts - 1 addresses
Jun  2 17:56:20 gtw01 dnsmasq-dhcp[28469]: read /var/lib/neutron/dhcp/ff552ab0-dd7d-4bcc-bc22-d37a886141e7/host
Jun  2 17:56:20 gtw01 dnsmasq-dhcp[28469]: read /var/lib/neutron/dhcp/ff552ab0-dd7d-4bcc-bc22-d37a886141e7/opts
Jun  2 17:56:20 gtw01 dnsmasq[28985]: read /var/lib/neutron/dhcp/9bcca71c-6d02-4acf-89c1-ad4f98bbd4f7/addn_hosts - 3 addresses
