Jun  2 18:14:56 gtw01 dnsmasq-dhcp[31394]: read /var/lib/neutron/dhcp/f37704cf-91aa-4f6b-83fa-37802706a9b7/opts
Jun  2 18:15:01 gtw01 dnsmasq[31457]: read /var/lib/neutron/dhcp/316aa113-53fc-42f9-a2df-09aec647741d/addn_hosts - 3 addresses
Jun  2 18:15:01 gtw01 dnsmasq-dhcp[31457]: read /var/lib/neutron/dhcp/316aa113-53fc-42f9-a2df-09aec647741d/host
Jun  2 18:15:01 gtw01 dnsmasq-dhcp[31457]: read /var/lib/neutron/dhcp/316aa113-53fc-42f9-a2df-09aec647741d/opts
Jun  2 18:15:02 gtw01 dnsmasq[31394]: read /var/lib/neutron/dhcp/f37704cf-91aa-4f6b-83fa-37802706a9b7/addn_hosts - 4 addresses
Jun  2 18:15:02 gtw01 dnsmasq-dhcp[31394]: read /var/lib/neutron/dhcp/f37704cf-91aa-4f6b-83fa-37802706a9b7/host
Jun  2 18:15:02 gtw01 dnsmasq-dhcp[31394]: read /var/lib/neutron/dhcp/f37704cf-91aa-4f6b-83fa-37802706a9b7/opts
Jun  2 18:15:02 gtw01 dnsmasq[31457]: read /var/lib/neutron/dhcp/316aa113-53fc-42f9-a2df-09aec647741d/addn_hosts - 2 addresses
Jun  2 18:15:02 gtw01 dnsmasq-dhcp[31457]: read /var/lib/neutron/dhcp/316aa113-53fc-42f9-a2df-09aec647741d/host
Jun  2 18:15:02 gtw01 dnsmasq-dhcp[31457]: read /var/lib/neutron/dhcp/316aa113-53fc-42f9-a2df-09aec647741d/opts
Jun  2 18:15:02 gtw01 dnsmasq[31323]: read /var/lib/neutron/dhcp/843d97dd-298b-40bb-b329-e200e17fd29d/addn_hosts - 3 addresses
Jun  2 18:15:02 gtw01 dnsmasq-dhcp[31323]: read /var/lib/neutron/dhcp/843d97dd-298b-40bb-b329-e200e17fd29d/host
Jun  2 18:15:02 gtw01 dnsmasq-dhcp[31323]: read /var/lib/neutron/dhcp/843d97dd-298b-40bb-b329-e200e17fd29d/opts
Jun  2 18:15:03 gtw01 dnsmasq[31394]: read /var/lib/neutron/dhcp/f37704cf-91aa-4f6b-83fa-37802706a9b7/addn_hosts - 3 addresses
Jun  2 18:15:03 gtw01 dnsmasq-dhcp[31394]: read /var/lib/neutron/dhcp/f37704cf-91aa-4f6b-83fa-37802706a9b7/host
Jun  2 18:15:03 gtw01 dnsmasq-dhcp[31394]: read /var/lib/neutron/dhcp/f37704cf-91aa-4f6b-83fa-37802706a9b7/opts
Jun  2 18:15:03 gtw01 dnsmasq[31457]: read /var/lib/neutron/dhcp/316aa113-53fc-42f9-a2df-09aec647741d/addn_hosts - 1 addresses
Jun  2 18:15:03 gtw01 dnsmasq-dhcp[31457]: read /var/lib/neutron/dhcp/316aa113-53fc-42f9-a2df-09aec647741d/host
Jun  2 18:15:03 gtw01 dnsmasq-dhcp[31457]: read /var/lib/neutron/dhcp/316aa113-53fc-42f9-a2df-09aec647741d/opts
Jun  2 18:15:03 gtw01 dnsmasq[31323]: read /var/lib/neutron/dhcp/843d97dd-298b-40bb-b329-e200e17fd29d/addn_hosts - 2 addresses
Jun  2 18:15:03 gtw01 dnsmasq-dhcp[31323]: read /var/lib/neutron/dhcp/843d97dd-298b-40bb-b329-e200e17fd29d/host
Jun  2 18:15:03 gtw01 dnsmasq-dhcp[31323]: read /var/lib/neutron/dhcp/843d97dd-298b-40bb-b329-e200e17fd29d/opts
Jun  2 18:15:04 gtw01 dnsmasq[31394]: read /var/lib/neutron/dhcp/f37704cf-91aa-4f6b-83fa-37802706a9b7/addn_hosts - 2 addresses
Jun  2 18:15:04 gtw01 dnsmasq-dhcp[31394]: read /var/lib/neutron/dhcp/f37704cf-91aa-4f6b-83fa-37802706a9b7/host
Jun  2 18:15:04 gtw01 dnsmasq-dhcp[31394]: read /var/lib/neutron/dhcp/f37704cf-91aa-4f6b-83fa-37802706a9b7/opts
Jun  2 18:15:04 gtw01 dnsmasq[31323]: read /var/lib/neutron/dhcp/843d97dd-298b-40bb-b329-e200e17fd29d/addn_hosts - 1 addresses
Jun  2 18:15:04 gtw01 dnsmasq-dhcp[31323]: read /var/lib/neutron/dhcp/843d97dd-298b-40bb-b329-e200e17fd29d/host
Jun  2 18:15:04 gtw01 dnsmasq-dhcp[31323]: read /var/lib/neutron/dhcp/843d97dd-298b-40bb-b329-e200e17fd29d/opts
Jun  2 18:15:04 gtw01 dnsmasq[31394]: read /var/lib/neutron/dhcp/f37704cf-91aa-4f6b-83fa-37802706a9b7/addn_hosts - 1 addresses
Jun  2 18:15:04 gtw01 dnsmasq-dhcp[31394]: read /var/lib/neutron/dhcp/f37704cf-91aa-4f6b-83fa-37802706a9b7/host
Jun  2 18:15:04 gtw01 dnsmasq-dhcp[31394]: read /var/lib/neutron/dhcp/f37704cf-91aa-4f6b-83fa-37802706a9b7/opts
Jun  2 18:15:13 gtw01 dnsmasq[31323]: read /var/lib/neutron/dhcp/843d97dd-298b-40bb-b329-e200e17fd29d/addn_hosts - 1 addresses
Jun  2 18:15:13 gtw01 dnsmasq-dhcp[31323]: read /var/lib/neutron/dhcp/843d97dd-298b-40bb-b329-e200e17fd29d/host
Jun  2 18:15:13 gtw01 dnsmasq-dhcp[31323]: read /var/lib/neutron/dhcp/843d97dd-298b-40bb-b329-e200e17fd29d/opts
Jun  2 18:15:14 gtw01 kernel: [12856.381504] device tapa1b512f0-c6 left promiscuous mode
Jun  2 18:15:16 gtw01 dnsmasq[31394]: read /var/lib/neutron/dhcp/f37704cf-91aa-4f6b-83fa-37802706a9b7/addn_hosts - 1 addresses
Jun  2 18:15:16 gtw01 dnsmasq-dhcp[31394]: read /var/lib/neutron/dhcp/f37704cf-91aa-4f6b-83fa-37802706a9b7/host
Jun  2 18:15:16 gtw01 dnsmasq-dhcp[31394]: read /var/lib/neutron/dhcp/f37704cf-91aa-4f6b-83fa-37802706a9b7/opts
Jun  2 18:15:17 gtw01 kernel: [12859.788767] device tapead13706-98 left promiscuous mode
Jun  2 18:15:20 gtw01 dnsmasq[31457]: read /var/lib/neutron/dhcp/316aa113-53fc-42f9-a2df-09aec647741d/addn_hosts - 1 addresses
Jun  2 18:15:20 gtw01 dnsmasq-dhcp[31457]: read /var/lib/neutron/dhcp/316aa113-53fc-42f9-a2df-09aec647741d/host
Jun  2 18:15:20 gtw01 dnsmasq-dhcp[31457]: read /var/lib/neutron/dhcp/316aa113-53fc-42f9-a2df-09aec647741d/opts
Jun  2 18:15:21 gtw01 kernel: [12863.386679] device tapa7f23183-10 left promiscuous mode
Jun  2 18:15:39 gtw01 kernel: [12881.405232] device tap305c360f-53 entered promiscuous mode
Jun  2 18:15:39 gtw01 systemd-udevd[32130]: Could not generate persistent MAC address for tap305c360f-53: No such file or directory
Jun  2 18:15:39 gtw01 systemd-udevd[32175]: Process '/sbin/ip link set tap305c360f-53 txqueuelen 10000' failed with exit code 1.
Jun  2 18:15:40 gtw01 systemd-udevd[32234]: Could not generate persistent MAC address for tap62d33354-74: No such file or directory
Jun  2 18:15:40 gtw01 kernel: [12882.564058] device tap62d33354-74 entered promiscuous mode
Jun  2 18:15:40 gtw01 systemd-udevd[32279]: Process '/sbin/ip link set tap62d33354-74 txqueuelen 10000' failed with exit code 1.
Jun  2 18:15:41 gtw01 kernel: [12883.269981] device tapb479c8aa-ec entered promiscuous mode
Jun  2 18:15:41 gtw01 systemd-udevd[32328]: Could not generate persistent MAC address for tapb479c8aa-ec: No such file or directory
Jun  2 18:15:41 gtw01 systemd-udevd[32374]: Process '/sbin/ip link set tapb479c8aa-ec txqueuelen 10000' failed with exit code 1.
Jun  2 18:15:41 gtw01 kernel: [12883.524876] device tap8deddbac-7e entered promiscuous mode
Jun  2 18:15:41 gtw01 systemd-udevd[32404]: Could not generate persistent MAC address for tap8deddbac-7e: No such file or directory
Jun  2 18:15:41 gtw01 systemd-udevd[32449]: Process '/sbin/ip link set tap8deddbac-7e txqueuelen 10000' failed with exit code 1.
Jun  2 18:15:43 gtw01 dnsmasq[32580]: started, version 2.80 cachesize 150
Jun  2 18:15:43 gtw01 dnsmasq[32580]: DNS service limited to local subnets
Jun  2 18:15:43 gtw01 dnsmasq[32580]: compile time options: IPv6 GNU-getopt DBus i18n IDN DHCP DHCPv6 no-Lua TFTP conntrack ipset auth DNSSEC loop-detect inotify dumpfile
Jun  2 18:15:43 gtw01 dnsmasq[32580]: LOUD WARNING: listening on 1.1.0.14 may accept requests via interfaces other than tap305c360f-53
Jun  2 18:15:43 gtw01 dnsmasq[32580]: LOUD WARNING: use --bind-dynamic rather than --bind-interfaces to avoid DNS amplification attacks via these interface(s)
Jun  2 18:15:43 gtw01 dnsmasq[32580]: warning: no upstream servers configured
Jun  2 18:15:43 gtw01 dnsmasq-dhcp[32580]: DHCP, static leases only on 1.1.0.12, lease time 1h
Jun  2 18:15:43 gtw01 dnsmasq[32580]: read /var/lib/neutron/dhcp/46deacc8-0959-45fd-9693-f69e9f2d5a86/addn_hosts - 1 addresses
Jun  2 18:15:43 gtw01 dnsmasq-dhcp[32580]: read /var/lib/neutron/dhcp/46deacc8-0959-45fd-9693-f69e9f2d5a86/host
Jun  2 18:15:43 gtw01 dnsmasq-dhcp[32580]: read /var/lib/neutron/dhcp/46deacc8-0959-45fd-9693-f69e9f2d5a86/opts
Jun  2 18:15:44 gtw01 haproxy-metadata-proxy-46deacc8-0959-45fd-9693-f69e9f2d5a86[32591]: Proxy listener started.
Jun  2 18:15:44 gtw01 dnsmasq[32629]: started, version 2.80 cachesize 150
Jun  2 18:15:44 gtw01 dnsmasq[32629]: DNS service limited to local subnets
Jun  2 18:15:44 gtw01 dnsmasq[32629]: compile time options: IPv6 GNU-getopt DBus i18n IDN DHCP DHCPv6 no-Lua TFTP conntrack ipset auth DNSSEC loop-detect inotify dumpfile
Jun  2 18:15:44 gtw01 dnsmasq[32629]: LOUD WARNING: listening on 1.1.0.18 may accept requests via interfaces other than tap62d33354-74
Jun  2 18:15:44 gtw01 dnsmasq[32629]: LOUD WARNING: use --bind-dynamic rather than --bind-interfaces to avoid DNS amplification attacks via these interface(s)
Jun  2 18:15:44 gtw01 dnsmasq[32629]: warning: no upstream servers configured
Jun  2 18:15:44 gtw01 dnsmasq-dhcp[32629]: DHCP, static leases only on 1.1.0.16, lease time 1h
Jun  2 18:15:44 gtw01 dnsmasq[32629]: read /var/lib/neutron/dhcp/7a3409fb-2c45-48f0-ad74-89f1284b4196/addn_hosts - 1 addresses
Jun  2 18:15:44 gtw01 dnsmasq-dhcp[32629]: read /var/lib/neutron/dhcp/7a3409fb-2c45-48f0-ad74-89f1284b4196/host
Jun  2 18:15:44 gtw01 dnsmasq-dhcp[32629]: read /var/lib/neutron/dhcp/7a3409fb-2c45-48f0-ad74-89f1284b4196/opts
Jun  2 18:15:45 gtw01 haproxy-metadata-proxy-7a3409fb-2c45-48f0-ad74-89f1284b4196[32641]: Proxy listener started.
Jun  2 18:15:45 gtw01 dnsmasq[32580]: read /var/lib/neutron/dhcp/46deacc8-0959-45fd-9693-f69e9f2d5a86/addn_hosts - 2 addresses
Jun  2 18:15:45 gtw01 dnsmasq-dhcp[32580]: read /var/lib/neutron/dhcp/46deacc8-0959-45fd-9693-f69e9f2d5a86/host
Jun  2 18:15:45 gtw01 dnsmasq-dhcp[32580]: read /var/lib/neutron/dhcp/46deacc8-0959-45fd-9693-f69e9f2d5a86/opts
Jun  2 18:15:45 gtw01 dnsmasq[32671]: started, version 2.80 cachesize 150
Jun  2 18:15:45 gtw01 dnsmasq[32671]: DNS service limited to local subnets
Jun  2 18:15:45 gtw01 dnsmasq[32671]: compile time options: IPv6 GNU-getopt DBus i18n IDN DHCP DHCPv6 no-Lua TFTP conntrack ipset auth DNSSEC loop-detect inotify dumpfile
Jun  2 18:15:45 gtw01 dnsmasq[32671]: LOUD WARNING: listening on 1.1.0.26 may accept requests via interfaces other than tapb479c8aa-ec
Jun  2 18:15:45 gtw01 dnsmasq[32671]: LOUD WARNING: use --bind-dynamic rather than --bind-interfaces to avoid DNS amplification attacks via these interface(s)
Jun  2 18:15:45 gtw01 dnsmasq[32671]: warning: no upstream servers configured
Jun  2 18:15:45 gtw01 dnsmasq-dhcp[32671]: DHCP, static leases only on 1.1.0.24, lease time 1h
Jun  2 18:15:45 gtw01 dnsmasq[32671]: read /var/lib/neutron/dhcp/7b0a4ba8-fe57-4d1e-a947-d86c01789297/addn_hosts - 1 addresses
Jun  2 18:15:45 gtw01 dnsmasq-dhcp[32671]: read /var/lib/neutron/dhcp/7b0a4ba8-fe57-4d1e-a947-d86c01789297/host
Jun  2 18:15:45 gtw01 dnsmasq-dhcp[32671]: read /var/lib/neutron/dhcp/7b0a4ba8-fe57-4d1e-a947-d86c01789297/opts
Jun  2 18:15:46 gtw01 dnsmasq[32688]: started, version 2.80 cachesize 150
Jun  2 18:15:46 gtw01 dnsmasq[32688]: DNS service limited to local subnets
Jun  2 18:15:46 gtw01 dnsmasq[32688]: compile time options: IPv6 GNU-getopt DBus i18n IDN DHCP DHCPv6 no-Lua TFTP conntrack ipset auth DNSSEC loop-detect inotify dumpfile
Jun  2 18:15:46 gtw01 dnsmasq[32688]: LOUD WARNING: listening on 1.1.0.22 may accept requests via interfaces other than tap8deddbac-7e
Jun  2 18:15:46 gtw01 dnsmasq[32688]: LOUD WARNING: use --bind-dynamic rather than --bind-interfaces to avoid DNS amplification attacks via these interface(s)
Jun  2 18:15:46 gtw01 dnsmasq[32688]: warning: no upstream servers configured
Jun  2 18:15:46 gtw01 dnsmasq-dhcp[32688]: DHCP, static leases only on 1.1.0.20, lease time 1h
Jun  2 18:15:46 gtw01 dnsmasq[32688]: read /var/lib/neutron/dhcp/13cc7273-7808-427c-a9d6-5a1cb0105921/addn_hosts - 1 addresses
Jun  2 18:15:46 gtw01 dnsmasq-dhcp[32688]: read /var/lib/neutron/dhcp/13cc7273-7808-427c-a9d6-5a1cb0105921/host
Jun  2 18:15:46 gtw01 dnsmasq-dhcp[32688]: read /var/lib/neutron/dhcp/13cc7273-7808-427c-a9d6-5a1cb0105921/opts
Jun  2 18:15:46 gtw01 haproxy-metadata-proxy-7b0a4ba8-fe57-4d1e-a947-d86c01789297[32697]: Proxy listener started.
Jun  2 18:15:46 gtw01 haproxy-metadata-proxy-13cc7273-7808-427c-a9d6-5a1cb0105921[32711]: Proxy listener started.
Jun  2 18:15:46 gtw01 dnsmasq[32629]: read /var/lib/neutron/dhcp/7a3409fb-2c45-48f0-ad74-89f1284b4196/addn_hosts - 2 addresses
Jun  2 18:15:46 gtw01 dnsmasq-dhcp[32629]: read /var/lib/neutron/dhcp/7a3409fb-2c45-48f0-ad74-89f1284b4196/host
Jun  2 18:15:46 gtw01 dnsmasq-dhcp[32629]: read /var/lib/neutron/dhcp/7a3409fb-2c45-48f0-ad74-89f1284b4196/opts
Jun  2 18:15:47 gtw01 systemd-udevd[32733]: Could not generate persistent MAC address for tap6aa624ea-79: No such file or directory
Jun  2 18:15:47 gtw01 kernel: [12889.364208] device tap6aa624ea-79 entered promiscuous mode
Jun  2 18:15:47 gtw01 kernel: [12889.515161] device tap4fe165ff-31 entered promiscuous mode
Jun  2 18:15:47 gtw01 systemd-udevd[320]: Could not generate persistent MAC address for tap4fe165ff-31: No such file or directory
Jun  2 18:15:47 gtw01 systemd-udevd[318]: Process '/sbin/ip link set tap6aa624ea-79 txqueuelen 10000' failed with exit code 1.
Jun  2 18:15:47 gtw01 systemd-udevd[382]: Process '/sbin/ip link set tap4fe165ff-31 txqueuelen 10000' failed with exit code 1.
Jun  2 18:15:47 gtw01 dnsmasq[32580]: read /var/lib/neutron/dhcp/46deacc8-0959-45fd-9693-f69e9f2d5a86/addn_hosts - 2 addresses
Jun  2 18:15:47 gtw01 dnsmasq-dhcp[32580]: read /var/lib/neutron/dhcp/46deacc8-0959-45fd-9693-f69e9f2d5a86/host
Jun  2 18:15:47 gtw01 dnsmasq-dhcp[32580]: read /var/lib/neutron/dhcp/46deacc8-0959-45fd-9693-f69e9f2d5a86/opts
Jun  2 18:15:47 gtw01 dnsmasq[32671]: read /var/lib/neutron/dhcp/7b0a4ba8-fe57-4d1e-a947-d86c01789297/addn_hosts - 2 addresses
Jun  2 18:15:47 gtw01 dnsmasq-dhcp[32671]: read /var/lib/neutron/dhcp/7b0a4ba8-fe57-4d1e-a947-d86c01789297/host
Jun  2 18:15:47 gtw01 dnsmasq-dhcp[32671]: read /var/lib/neutron/dhcp/7b0a4ba8-fe57-4d1e-a947-d86c01789297/opts
Jun  2 18:15:48 gtw01 dnsmasq[32688]: read /var/lib/neutron/dhcp/13cc7273-7808-427c-a9d6-5a1cb0105921/addn_hosts - 2 addresses
Jun  2 18:15:48 gtw01 dnsmasq-dhcp[32688]: read /var/lib/neutron/dhcp/13cc7273-7808-427c-a9d6-5a1cb0105921/host
Jun  2 18:15:48 gtw01 dnsmasq-dhcp[32688]: read /var/lib/neutron/dhcp/13cc7273-7808-427c-a9d6-5a1cb0105921/opts
Jun  2 18:15:49 gtw01 dnsmasq[32629]: read /var/lib/neutron/dhcp/7a3409fb-2c45-48f0-ad74-89f1284b4196/addn_hosts - 2 addresses
Jun  2 18:15:49 gtw01 dnsmasq-dhcp[32629]: read /var/lib/neutron/dhcp/7a3409fb-2c45-48f0-ad74-89f1284b4196/host
Jun  2 18:15:49 gtw01 dnsmasq-dhcp[32629]: read /var/lib/neutron/dhcp/7a3409fb-2c45-48f0-ad74-89f1284b4196/opts
Jun  2 18:15:50 gtw01 dnsmasq[32580]: read /var/lib/neutron/dhcp/46deacc8-0959-45fd-9693-f69e9f2d5a86/addn_hosts - 2 addresses
Jun  2 18:15:50 gtw01 dnsmasq-dhcp[32580]: read /var/lib/neutron/dhcp/46deacc8-0959-45fd-9693-f69e9f2d5a86/host
Jun  2 18:15:50 gtw01 dnsmasq-dhcp[32580]: read /var/lib/neutron/dhcp/46deacc8-0959-45fd-9693-f69e9f2d5a86/opts
Jun  2 18:15:50 gtw01 kernel: [12893.232133] device tap867f97ef-d3 entered promiscuous mode
Jun  2 18:15:50 gtw01 systemd-udevd[559]: Could not generate persistent MAC address for tap867f97ef-d3: No such file or directory
Jun  2 18:15:51 gtw01 dnsmasq[32671]: read /var/lib/neutron/dhcp/7b0a4ba8-fe57-4d1e-a947-d86c01789297/addn_hosts - 2 addresses
Jun  2 18:15:51 gtw01 dnsmasq-dhcp[32671]: read /var/lib/neutron/dhcp/7b0a4ba8-fe57-4d1e-a947-d86c01789297/host
Jun  2 18:15:51 gtw01 dnsmasq-dhcp[32671]: read /var/lib/neutron/dhcp/7b0a4ba8-fe57-4d1e-a947-d86c01789297/opts
Jun  2 18:15:51 gtw01 systemd-udevd[625]: Process '/sbin/ip link set tap867f97ef-d3 txqueuelen 10000' failed with exit code 1.
Jun  2 18:15:51 gtw01 dnsmasq[32688]: read /var/lib/neutron/dhcp/13cc7273-7808-427c-a9d6-5a1cb0105921/addn_hosts - 2 addresses
Jun  2 18:15:51 gtw01 dnsmasq-dhcp[32688]: read /var/lib/neutron/dhcp/13cc7273-7808-427c-a9d6-5a1cb0105921/host
Jun  2 18:15:51 gtw01 dnsmasq-dhcp[32688]: read /var/lib/neutron/dhcp/13cc7273-7808-427c-a9d6-5a1cb0105921/opts
Jun  2 18:15:52 gtw01 kernel: [12894.393507] device tap4d68d415-57 entered promiscuous mode
Jun  2 18:15:52 gtw01 systemd-udevd[673]: Could not generate persistent MAC address for tap4d68d415-57: No such file or directory
Jun  2 18:15:52 gtw01 dnsmasq[32629]: read /var/lib/neutron/dhcp/7a3409fb-2c45-48f0-ad74-89f1284b4196/addn_hosts - 2 addresses
Jun  2 18:15:52 gtw01 dnsmasq-dhcp[32629]: read /var/lib/neutron/dhcp/7a3409fb-2c45-48f0-ad74-89f1284b4196/host
Jun  2 18:15:52 gtw01 dnsmasq-dhcp[32629]: read /var/lib/neutron/dhcp/7a3409fb-2c45-48f0-ad74-89f1284b4196/opts
Jun  2 18:15:52 gtw01 systemd-udevd[731]: Process '/sbin/ip link set tap4d68d415-57 txqueuelen 10000' failed with exit code 1.
Jun  2 18:15:52 gtw01 dnsmasq[32580]: read /var/lib/neutron/dhcp/46deacc8-0959-45fd-9693-f69e9f2d5a86/addn_hosts - 2 addresses
Jun  2 18:15:52 gtw01 dnsmasq-dhcp[32580]: read /var/lib/neutron/dhcp/46deacc8-0959-45fd-9693-f69e9f2d5a86/host
Jun  2 18:15:52 gtw01 dnsmasq-dhcp[32580]: read /var/lib/neutron/dhcp/46deacc8-0959-45fd-9693-f69e9f2d5a86/opts
Jun  2 18:15:54 gtw01 dnsmasq[32671]: read /var/lib/neutron/dhcp/7b0a4ba8-fe57-4d1e-a947-d86c01789297/addn_hosts - 2 addresses
Jun  2 18:15:54 gtw01 dnsmasq-dhcp[32671]: read /var/lib/neutron/dhcp/7b0a4ba8-fe57-4d1e-a947-d86c01789297/host
Jun  2 18:15:54 gtw01 dnsmasq-dhcp[32671]: read /var/lib/neutron/dhcp/7b0a4ba8-fe57-4d1e-a947-d86c01789297/opts
Jun  2 18:15:54 gtw01 dnsmasq[32688]: read /var/lib/neutron/dhcp/13cc7273-7808-427c-a9d6-5a1cb0105921/addn_hosts - 2 addresses
Jun  2 18:15:54 gtw01 dnsmasq-dhcp[32688]: read /var/lib/neutron/dhcp/13cc7273-7808-427c-a9d6-5a1cb0105921/host
Jun  2 18:15:54 gtw01 dnsmasq-dhcp[32688]: read /var/lib/neutron/dhcp/13cc7273-7808-427c-a9d6-5a1cb0105921/opts
Jun  2 18:15:55 gtw01 dnsmasq[32629]: read /var/lib/neutron/dhcp/7a3409fb-2c45-48f0-ad74-89f1284b4196/addn_hosts - 2 addresses
Jun  2 18:15:55 gtw01 dnsmasq-dhcp[32629]: read /var/lib/neutron/dhcp/7a3409fb-2c45-48f0-ad74-89f1284b4196/host
Jun  2 18:15:55 gtw01 dnsmasq-dhcp[32629]: read /var/lib/neutron/dhcp/7a3409fb-2c45-48f0-ad74-89f1284b4196/opts
Jun  2 18:15:55 gtw01 dnsmasq[872]: started, version 2.80 cachesize 150
Jun  2 18:15:55 gtw01 dnsmasq[872]: DNS service limited to local subnets
Jun  2 18:15:55 gtw01 dnsmasq[872]: compile time options: IPv6 GNU-getopt DBus i18n IDN DHCP DHCPv6 no-Lua TFTP conntrack ipset auth DNSSEC loop-detect inotify dumpfile
Jun  2 18:15:55 gtw01 dnsmasq[872]: LOUD WARNING: listening on 1.1.0.30 may accept requests via interfaces other than tap6aa624ea-79
Jun  2 18:15:55 gtw01 dnsmasq[872]: LOUD WARNING: use --bind-dynamic rather than --bind-interfaces to avoid DNS amplification attacks via these interface(s)
Jun  2 18:15:55 gtw01 dnsmasq[872]: warning: no upstream servers configured
Jun  2 18:15:55 gtw01 dnsmasq-dhcp[872]: DHCP, static leases only on 1.1.0.28, lease time 1h
Jun  2 18:15:55 gtw01 dnsmasq[872]: read /var/lib/neutron/dhcp/0de05572-cf4f-48e1-b02a-3bf97a934546/addn_hosts - 1 addresses
Jun  2 18:15:55 gtw01 dnsmasq-dhcp[872]: read /var/lib/neutron/dhcp/0de05572-cf4f-48e1-b02a-3bf97a934546/host
Jun  2 18:15:55 gtw01 dnsmasq-dhcp[872]: read /var/lib/neutron/dhcp/0de05572-cf4f-48e1-b02a-3bf97a934546/opts
Jun  2 18:15:55 gtw01 dnsmasq[32580]: read /var/lib/neutron/dhcp/46deacc8-0959-45fd-9693-f69e9f2d5a86/addn_hosts - 2 addresses
Jun  2 18:15:55 gtw01 dnsmasq-dhcp[32580]: read /var/lib/neutron/dhcp/46deacc8-0959-45fd-9693-f69e9f2d5a86/host
Jun  2 18:15:55 gtw01 dnsmasq-dhcp[32580]: read /var/lib/neutron/dhcp/46deacc8-0959-45fd-9693-f69e9f2d5a86/opts
Jun  2 18:15:56 gtw01 haproxy-metadata-proxy-0de05572-cf4f-48e1-b02a-3bf97a934546[897]: Proxy listener started.
Jun  2 18:15:56 gtw01 dnsmasq[905]: started, version 2.80 cachesize 150
Jun  2 18:15:56 gtw01 dnsmasq[905]: DNS service limited to local subnets
Jun  2 18:15:56 gtw01 dnsmasq[905]: compile time options: IPv6 GNU-getopt DBus i18n IDN DHCP DHCPv6 no-Lua TFTP conntrack ipset auth DNSSEC loop-detect inotify dumpfile
Jun  2 18:15:56 gtw01 dnsmasq[905]: LOUD WARNING: listening on 1.1.0.34 may accept requests via interfaces other than tap4fe165ff-31
Jun  2 18:15:56 gtw01 dnsmasq[905]: LOUD WARNING: use --bind-dynamic rather than --bind-interfaces to avoid DNS amplification attacks via these interface(s)
Jun  2 18:15:56 gtw01 dnsmasq[905]: warning: no upstream servers configured
Jun  2 18:15:56 gtw01 dnsmasq-dhcp[905]: DHCP, static leases only on 1.1.0.32, lease time 1h
Jun  2 18:15:56 gtw01 dnsmasq[905]: read /var/lib/neutron/dhcp/a94f70da-a5bf-4d73-9bc2-90553f2c3609/addn_hosts - 1 addresses
Jun  2 18:15:56 gtw01 dnsmasq-dhcp[905]: read /var/lib/neutron/dhcp/a94f70da-a5bf-4d73-9bc2-90553f2c3609/host
Jun  2 18:15:56 gtw01 dnsmasq-dhcp[905]: read /var/lib/neutron/dhcp/a94f70da-a5bf-4d73-9bc2-90553f2c3609/opts
Jun  2 18:15:56 gtw01 haproxy-metadata-proxy-a94f70da-a5bf-4d73-9bc2-90553f2c3609[935]: Proxy listener started.
Jun  2 18:15:57 gtw01 dnsmasq[32671]: read /var/lib/neutron/dhcp/7b0a4ba8-fe57-4d1e-a947-d86c01789297/addn_hosts - 2 addresses
Jun  2 18:15:57 gtw01 dnsmasq-dhcp[32671]: read /var/lib/neutron/dhcp/7b0a4ba8-fe57-4d1e-a947-d86c01789297/host
Jun  2 18:15:57 gtw01 dnsmasq-dhcp[32671]: read /var/lib/neutron/dhcp/7b0a4ba8-fe57-4d1e-a947-d86c01789297/opts
Jun  2 18:15:57 gtw01 dnsmasq[32688]: read /var/lib/neutron/dhcp/13cc7273-7808-427c-a9d6-5a1cb0105921/addn_hosts - 2 addresses
Jun  2 18:15:57 gtw01 dnsmasq-dhcp[32688]: read /var/lib/neutron/dhcp/13cc7273-7808-427c-a9d6-5a1cb0105921/host
Jun  2 18:15:57 gtw01 dnsmasq-dhcp[32688]: read /var/lib/neutron/dhcp/13cc7273-7808-427c-a9d6-5a1cb0105921/opts
Jun  2 18:15:57 gtw01 dnsmasq[872]: read /var/lib/neutron/dhcp/0de05572-cf4f-48e1-b02a-3bf97a934546/addn_hosts - 2 addresses
Jun  2 18:15:57 gtw01 dnsmasq-dhcp[872]: read /var/lib/neutron/dhcp/0de05572-cf4f-48e1-b02a-3bf97a934546/host
Jun  2 18:15:57 gtw01 dnsmasq-dhcp[872]: read /var/lib/neutron/dhcp/0de05572-cf4f-48e1-b02a-3bf97a934546/opts
Jun  2 18:15:58 gtw01 dnsmasq[32629]: read /var/lib/neutron/dhcp/7a3409fb-2c45-48f0-ad74-89f1284b4196/addn_hosts - 2 addresses
Jun  2 18:15:58 gtw01 dnsmasq-dhcp[32629]: read /var/lib/neutron/dhcp/7a3409fb-2c45-48f0-ad74-89f1284b4196/host
Jun  2 18:15:58 gtw01 dnsmasq-dhcp[32629]: read /var/lib/neutron/dhcp/7a3409fb-2c45-48f0-ad74-89f1284b4196/opts
Jun  2 18:15:58 gtw01 dnsmasq[905]: read /var/lib/neutron/dhcp/a94f70da-a5bf-4d73-9bc2-90553f2c3609/addn_hosts - 2 addresses
Jun  2 18:15:58 gtw01 dnsmasq-dhcp[905]: read /var/lib/neutron/dhcp/a94f70da-a5bf-4d73-9bc2-90553f2c3609/host
Jun  2 18:15:58 gtw01 dnsmasq-dhcp[905]: read /var/lib/neutron/dhcp/a94f70da-a5bf-4d73-9bc2-90553f2c3609/opts
Jun  2 18:15:59 gtw01 dnsmasq[32671]: read /var/lib/neutron/dhcp/7b0a4ba8-fe57-4d1e-a947-d86c01789297/addn_hosts - 2 addresses
Jun  2 18:15:59 gtw01 dnsmasq-dhcp[32671]: read /var/lib/neutron/dhcp/7b0a4ba8-fe57-4d1e-a947-d86c01789297/host
Jun  2 18:15:59 gtw01 dnsmasq-dhcp[32671]: read /var/lib/neutron/dhcp/7b0a4ba8-fe57-4d1e-a947-d86c01789297/opts
Jun  2 18:15:59 gtw01 dnsmasq[32688]: read /var/lib/neutron/dhcp/13cc7273-7808-427c-a9d6-5a1cb0105921/addn_hosts - 2 addresses
Jun  2 18:15:59 gtw01 dnsmasq-dhcp[32688]: read /var/lib/neutron/dhcp/13cc7273-7808-427c-a9d6-5a1cb0105921/host
Jun  2 18:15:59 gtw01 dnsmasq-dhcp[32688]: read /var/lib/neutron/dhcp/13cc7273-7808-427c-a9d6-5a1cb0105921/opts
Jun  2 18:16:00 gtw01 dnsmasq[872]: read /var/lib/neutron/dhcp/0de05572-cf4f-48e1-b02a-3bf97a934546/addn_hosts - 2 addresses
Jun  2 18:16:00 gtw01 dnsmasq-dhcp[872]: read /var/lib/neutron/dhcp/0de05572-cf4f-48e1-b02a-3bf97a934546/host
Jun  2 18:16:00 gtw01 dnsmasq-dhcp[872]: read /var/lib/neutron/dhcp/0de05572-cf4f-48e1-b02a-3bf97a934546/opts
Jun  2 18:16:00 gtw01 dnsmasq[1097]: started, version 2.80 cachesize 150
Jun  2 18:16:00 gtw01 dnsmasq[1097]: DNS service limited to local subnets
Jun  2 18:16:00 gtw01 dnsmasq[1097]: compile time options: IPv6 GNU-getopt DBus i18n IDN DHCP DHCPv6 no-Lua TFTP conntrack ipset auth DNSSEC loop-detect inotify dumpfile
Jun  2 18:16:00 gtw01 dnsmasq[1097]: LOUD WARNING: listening on 1.1.0.38 may accept requests via interfaces other than tap867f97ef-d3
Jun  2 18:16:00 gtw01 dnsmasq[1097]: LOUD WARNING: use --bind-dynamic rather than --bind-interfaces to avoid DNS amplification attacks via these interface(s)
Jun  2 18:16:00 gtw01 dnsmasq[1097]: warning: no upstream servers configured
Jun  2 18:16:00 gtw01 dnsmasq-dhcp[1097]: DHCP, static leases only on 1.1.0.36, lease time 1h
Jun  2 18:16:00 gtw01 dnsmasq[1097]: read /var/lib/neutron/dhcp/7f31f064-5e78-45d6-bbdd-f5ee19a2c9ad/addn_hosts - 1 addresses
Jun  2 18:16:00 gtw01 dnsmasq-dhcp[1097]: read /var/lib/neutron/dhcp/7f31f064-5e78-45d6-bbdd-f5ee19a2c9ad/host
Jun  2 18:16:00 gtw01 dnsmasq-dhcp[1097]: read /var/lib/neutron/dhcp/7f31f064-5e78-45d6-bbdd-f5ee19a2c9ad/opts
Jun  2 18:16:00 gtw01 dnsmasq[1113]: started, version 2.80 cachesize 150
Jun  2 18:16:00 gtw01 dnsmasq[1113]: DNS service limited to local subnets
Jun  2 18:16:00 gtw01 dnsmasq[1113]: compile time options: IPv6 GNU-getopt DBus i18n IDN DHCP DHCPv6 no-Lua TFTP conntrack ipset auth DNSSEC loop-detect inotify dumpfile
Jun  2 18:16:00 gtw01 dnsmasq[1113]: LOUD WARNING: listening on 1.1.0.42 may accept requests via interfaces other than tap4d68d415-57
Jun  2 18:16:00 gtw01 dnsmasq[1113]: LOUD WARNING: use --bind-dynamic rather than --bind-interfaces to avoid DNS amplification attacks via these interface(s)
Jun  2 18:16:00 gtw01 dnsmasq[1113]: warning: no upstream servers configured
Jun  2 18:16:00 gtw01 dnsmasq-dhcp[1113]: DHCP, static leases only on 1.1.0.40, lease time 1h
Jun  2 18:16:00 gtw01 dnsmasq[1113]: read /var/lib/neutron/dhcp/96aa4c32-a00f-4f8d-b174-5722dc35c7bc/addn_hosts - 1 addresses
Jun  2 18:16:00 gtw01 dnsmasq-dhcp[1113]: read /var/lib/neutron/dhcp/96aa4c32-a00f-4f8d-b174-5722dc35c7bc/host
Jun  2 18:16:00 gtw01 dnsmasq-dhcp[1113]: read /var/lib/neutron/dhcp/96aa4c32-a00f-4f8d-b174-5722dc35c7bc/opts
Jun  2 18:16:00 gtw01 dnsmasq[905]: read /var/lib/neutron/dhcp/a94f70da-a5bf-4d73-9bc2-90553f2c3609/addn_hosts - 2 addresses
Jun  2 18:16:00 gtw01 dnsmasq-dhcp[905]: read /var/lib/neutron/dhcp/a94f70da-a5bf-4d73-9bc2-90553f2c3609/host
Jun  2 18:16:00 gtw01 dnsmasq-dhcp[905]: read /var/lib/neutron/dhcp/a94f70da-a5bf-4d73-9bc2-90553f2c3609/opts
Jun  2 18:16:00 gtw01 haproxy-metadata-proxy-7f31f064-5e78-45d6-bbdd-f5ee19a2c9ad[1128]: Proxy listener started.
Jun  2 18:16:01 gtw01 haproxy-metadata-proxy-96aa4c32-a00f-4f8d-b174-5722dc35c7bc[1141]: Proxy listener started.
Jun  2 18:16:01 gtw01 kernel: [12903.535855] device tap3d4c14ce-6f entered promiscuous mode
Jun  2 18:16:01 gtw01 systemd-udevd[1149]: Could not generate persistent MAC address for tap3d4c14ce-6f: No such file or directory
Jun  2 18:16:01 gtw01 systemd-udevd[1196]: Process '/sbin/ip link set tap3d4c14ce-6f txqueuelen 10000' failed with exit code 1.
Jun  2 18:16:02 gtw01 dnsmasq[1097]: read /var/lib/neutron/dhcp/7f31f064-5e78-45d6-bbdd-f5ee19a2c9ad/addn_hosts - 2 addresses
Jun  2 18:16:02 gtw01 dnsmasq-dhcp[1097]: read /var/lib/neutron/dhcp/7f31f064-5e78-45d6-bbdd-f5ee19a2c9ad/host
Jun  2 18:16:02 gtw01 dnsmasq-dhcp[1097]: read /var/lib/neutron/dhcp/7f31f064-5e78-45d6-bbdd-f5ee19a2c9ad/opts
Jun  2 18:16:02 gtw01 dnsmasq[1113]: read /var/lib/neutron/dhcp/96aa4c32-a00f-4f8d-b174-5722dc35c7bc/addn_hosts - 2 addresses
Jun  2 18:16:02 gtw01 dnsmasq-dhcp[1113]: read /var/lib/neutron/dhcp/96aa4c32-a00f-4f8d-b174-5722dc35c7bc/host
Jun  2 18:16:02 gtw01 dnsmasq-dhcp[1113]: read /var/lib/neutron/dhcp/96aa4c32-a00f-4f8d-b174-5722dc35c7bc/opts
Jun  2 18:16:02 gtw01 dnsmasq[872]: read /var/lib/neutron/dhcp/0de05572-cf4f-48e1-b02a-3bf97a934546/addn_hosts - 2 addresses
Jun  2 18:16:02 gtw01 dnsmasq-dhcp[872]: read /var/lib/neutron/dhcp/0de05572-cf4f-48e1-b02a-3bf97a934546/host
Jun  2 18:16:02 gtw01 dnsmasq-dhcp[872]: read /var/lib/neutron/dhcp/0de05572-cf4f-48e1-b02a-3bf97a934546/opts
Jun  2 18:16:03 gtw01 dnsmasq[905]: read /var/lib/neutron/dhcp/a94f70da-a5bf-4d73-9bc2-90553f2c3609/addn_hosts - 2 addresses
Jun  2 18:16:03 gtw01 dnsmasq-dhcp[905]: read /var/lib/neutron/dhcp/a94f70da-a5bf-4d73-9bc2-90553f2c3609/host
Jun  2 18:16:03 gtw01 dnsmasq-dhcp[905]: read /var/lib/neutron/dhcp/a94f70da-a5bf-4d73-9bc2-90553f2c3609/opts
Jun  2 18:16:03 gtw01 kernel: [12905.455679] device tapd2a991e5-e3 entered promiscuous mode
Jun  2 18:16:03 gtw01 systemd-udevd[1293]: Could not generate persistent MAC address for tapd2a991e5-e3: No such file or directory
Jun  2 18:16:03 gtw01 systemd-udevd[1341]: Process '/sbin/ip link set tapd2a991e5-e3 txqueuelen 10000' failed with exit code 1.
Jun  2 18:16:04 gtw01 dnsmasq[1113]: read /var/lib/neutron/dhcp/96aa4c32-a00f-4f8d-b174-5722dc35c7bc/addn_hosts - 2 addresses
Jun  2 18:16:04 gtw01 dnsmasq-dhcp[1113]: read /var/lib/neutron/dhcp/96aa4c32-a00f-4f8d-b174-5722dc35c7bc/host
Jun  2 18:16:04 gtw01 dnsmasq-dhcp[1113]: read /var/lib/neutron/dhcp/96aa4c32-a00f-4f8d-b174-5722dc35c7bc/opts
Jun  2 18:16:04 gtw01 dnsmasq[1097]: read /var/lib/neutron/dhcp/7f31f064-5e78-45d6-bbdd-f5ee19a2c9ad/addn_hosts - 2 addresses
Jun  2 18:16:04 gtw01 dnsmasq-dhcp[1097]: read /var/lib/neutron/dhcp/7f31f064-5e78-45d6-bbdd-f5ee19a2c9ad/host
Jun  2 18:16:04 gtw01 dnsmasq-dhcp[1097]: read /var/lib/neutron/dhcp/7f31f064-5e78-45d6-bbdd-f5ee19a2c9ad/opts
Jun  2 18:16:04 gtw01 dnsmasq[872]: read /var/lib/neutron/dhcp/0de05572-cf4f-48e1-b02a-3bf97a934546/addn_hosts - 2 addresses
Jun  2 18:16:04 gtw01 dnsmasq-dhcp[872]: read /var/lib/neutron/dhcp/0de05572-cf4f-48e1-b02a-3bf97a934546/host
Jun  2 18:16:04 gtw01 dnsmasq-dhcp[872]: read /var/lib/neutron/dhcp/0de05572-cf4f-48e1-b02a-3bf97a934546/opts
Jun  2 18:16:05 gtw01 dnsmasq[905]: read /var/lib/neutron/dhcp/a94f70da-a5bf-4d73-9bc2-90553f2c3609/addn_hosts - 2 addresses
Jun  2 18:16:05 gtw01 dnsmasq-dhcp[905]: read /var/lib/neutron/dhcp/a94f70da-a5bf-4d73-9bc2-90553f2c3609/host
Jun  2 18:16:05 gtw01 dnsmasq-dhcp[905]: read /var/lib/neutron/dhcp/a94f70da-a5bf-4d73-9bc2-90553f2c3609/opts
Jun  2 18:16:06 gtw01 dnsmasq[1113]: read /var/lib/neutron/dhcp/96aa4c32-a00f-4f8d-b174-5722dc35c7bc/addn_hosts - 2 addresses
Jun  2 18:16:06 gtw01 dnsmasq-dhcp[1113]: read /var/lib/neutron/dhcp/96aa4c32-a00f-4f8d-b174-5722dc35c7bc/host
Jun  2 18:16:06 gtw01 dnsmasq-dhcp[1113]: read /var/lib/neutron/dhcp/96aa4c32-a00f-4f8d-b174-5722dc35c7bc/opts
Jun  2 18:16:06 gtw01 dnsmasq[1097]: read /var/lib/neutron/dhcp/7f31f064-5e78-45d6-bbdd-f5ee19a2c9ad/addn_hosts - 2 addresses
Jun  2 18:16:06 gtw01 dnsmasq-dhcp[1097]: read /var/lib/neutron/dhcp/7f31f064-5e78-45d6-bbdd-f5ee19a2c9ad/host
Jun  2 18:16:06 gtw01 dnsmasq-dhcp[1097]: read /var/lib/neutron/dhcp/7f31f064-5e78-45d6-bbdd-f5ee19a2c9ad/opts
Jun  2 18:16:07 gtw01 dnsmasq[872]: read /var/lib/neutron/dhcp/0de05572-cf4f-48e1-b02a-3bf97a934546/addn_hosts - 2 addresses
Jun  2 18:16:07 gtw01 dnsmasq-dhcp[872]: read /var/lib/neutron/dhcp/0de05572-cf4f-48e1-b02a-3bf97a934546/host
Jun  2 18:16:07 gtw01 dnsmasq-dhcp[872]: read /var/lib/neutron/dhcp/0de05572-cf4f-48e1-b02a-3bf97a934546/opts
Jun  2 18:16:07 gtw01 dnsmasq[905]: read /var/lib/neutron/dhcp/a94f70da-a5bf-4d73-9bc2-90553f2c3609/addn_hosts - 2 addresses
Jun  2 18:16:07 gtw01 dnsmasq-dhcp[905]: read /var/lib/neutron/dhcp/a94f70da-a5bf-4d73-9bc2-90553f2c3609/host
Jun  2 18:16:07 gtw01 dnsmasq-dhcp[905]: read /var/lib/neutron/dhcp/a94f70da-a5bf-4d73-9bc2-90553f2c3609/opts
Jun  2 18:16:08 gtw01 dnsmasq[1573]: started, version 2.80 cachesize 150
Jun  2 18:16:08 gtw01 dnsmasq[1573]: DNS service limited to local subnets
Jun  2 18:16:08 gtw01 dnsmasq[1573]: compile time options: IPv6 GNU-getopt DBus i18n IDN DHCP DHCPv6 no-Lua TFTP conntrack ipset auth DNSSEC loop-detect inotify dumpfile
Jun  2 18:16:08 gtw01 dnsmasq[1573]: LOUD WARNING: listening on 1.1.0.46 may accept requests via interfaces other than tap3d4c14ce-6f
Jun  2 18:16:08 gtw01 dnsmasq[1573]: LOUD WARNING: use --bind-dynamic rather than --bind-interfaces to avoid DNS amplification attacks via these interface(s)
Jun  2 18:16:08 gtw01 dnsmasq[1573]: warning: no upstream servers configured
Jun  2 18:16:08 gtw01 dnsmasq-dhcp[1573]: DHCP, static leases only on 1.1.0.44, lease time 1h
Jun  2 18:16:08 gtw01 dnsmasq[1573]: read /var/lib/neutron/dhcp/e0e84130-2afc-475e-a3fc-46bd600e06ba/addn_hosts - 2 addresses
Jun  2 18:16:08 gtw01 dnsmasq-dhcp[1573]: read /var/lib/neutron/dhcp/e0e84130-2afc-475e-a3fc-46bd600e06ba/host
Jun  2 18:16:08 gtw01 dnsmasq-dhcp[1573]: read /var/lib/neutron/dhcp/e0e84130-2afc-475e-a3fc-46bd600e06ba/opts
Jun  2 18:16:08 gtw01 haproxy-metadata-proxy-e0e84130-2afc-475e-a3fc-46bd600e06ba[1598]: Proxy listener started.
Jun  2 18:16:08 gtw01 dnsmasq[1113]: read /var/lib/neutron/dhcp/96aa4c32-a00f-4f8d-b174-5722dc35c7bc/addn_hosts - 2 addresses
Jun  2 18:16:08 gtw01 dnsmasq-dhcp[1113]: read /var/lib/neutron/dhcp/96aa4c32-a00f-4f8d-b174-5722dc35c7bc/host
Jun  2 18:16:08 gtw01 dnsmasq-dhcp[1113]: read /var/lib/neutron/dhcp/96aa4c32-a00f-4f8d-b174-5722dc35c7bc/opts
Jun  2 18:16:09 gtw01 dnsmasq[1097]: read /var/lib/neutron/dhcp/7f31f064-5e78-45d6-bbdd-f5ee19a2c9ad/addn_hosts - 2 addresses
Jun  2 18:16:09 gtw01 dnsmasq-dhcp[1097]: read /var/lib/neutron/dhcp/7f31f064-5e78-45d6-bbdd-f5ee19a2c9ad/host
Jun  2 18:16:09 gtw01 dnsmasq-dhcp[1097]: read /var/lib/neutron/dhcp/7f31f064-5e78-45d6-bbdd-f5ee19a2c9ad/opts
Jun  2 18:16:09 gtw01 dnsmasq[872]: read /var/lib/neutron/dhcp/0de05572-cf4f-48e1-b02a-3bf97a934546/addn_hosts - 1 addresses
Jun  2 18:16:09 gtw01 dnsmasq-dhcp[872]: read /var/lib/neutron/dhcp/0de05572-cf4f-48e1-b02a-3bf97a934546/host
Jun  2 18:16:09 gtw01 dnsmasq-dhcp[872]: read /var/lib/neutron/dhcp/0de05572-cf4f-48e1-b02a-3bf97a934546/opts
Jun  2 18:16:09 gtw01 dnsmasq-dhcp[1573]: DHCPRELEASE(tap3d4c14ce-6f) 1.1.0.45 fa:16:3e:31:b4:58
Jun  2 18:16:10 gtw01 dnsmasq[32671]: read /var/lib/neutron/dhcp/7b0a4ba8-fe57-4d1e-a947-d86c01789297/addn_hosts - 1 addresses
Jun  2 18:16:10 gtw01 dnsmasq-dhcp[32671]: read /var/lib/neutron/dhcp/7b0a4ba8-fe57-4d1e-a947-d86c01789297/host
Jun  2 18:16:10 gtw01 dnsmasq-dhcp[32671]: read /var/lib/neutron/dhcp/7b0a4ba8-fe57-4d1e-a947-d86c01789297/opts
Jun  2 18:16:10 gtw01 dnsmasq[1667]: started, version 2.80 cachesize 150
Jun  2 18:16:10 gtw01 dnsmasq[1667]: DNS service limited to local subnets
Jun  2 18:16:10 gtw01 dnsmasq[1667]: compile time options: IPv6 GNU-getopt DBus i18n IDN DHCP DHCPv6 no-Lua TFTP conntrack ipset auth DNSSEC loop-detect inotify dumpfile
Jun  2 18:16:10 gtw01 dnsmasq[1667]: LOUD WARNING: listening on 1.1.0.50 may accept requests via interfaces other than tapd2a991e5-e3
Jun  2 18:16:10 gtw01 dnsmasq[1667]: LOUD WARNING: use --bind-dynamic rather than --bind-interfaces to avoid DNS amplification attacks via these interface(s)
Jun  2 18:16:10 gtw01 dnsmasq[1667]: warning: no upstream servers configured
Jun  2 18:16:10 gtw01 dnsmasq-dhcp[1667]: DHCP, static leases only on 1.1.0.48, lease time 1h
Jun  2 18:16:10 gtw01 dnsmasq[1667]: read /var/lib/neutron/dhcp/48fdd5f9-ce8f-49a3-b947-0b01e456740d/addn_hosts - 2 addresses
Jun  2 18:16:10 gtw01 dnsmasq-dhcp[1667]: read /var/lib/neutron/dhcp/48fdd5f9-ce8f-49a3-b947-0b01e456740d/host
Jun  2 18:16:10 gtw01 dnsmasq-dhcp[1667]: read /var/lib/neutron/dhcp/48fdd5f9-ce8f-49a3-b947-0b01e456740d/opts
Jun  2 18:16:11 gtw01 dnsmasq[905]: read /var/lib/neutron/dhcp/a94f70da-a5bf-4d73-9bc2-90553f2c3609/addn_hosts - 1 addresses
Jun  2 18:16:11 gtw01 dnsmasq-dhcp[905]: read /var/lib/neutron/dhcp/a94f70da-a5bf-4d73-9bc2-90553f2c3609/host
Jun  2 18:16:11 gtw01 dnsmasq-dhcp[905]: read /var/lib/neutron/dhcp/a94f70da-a5bf-4d73-9bc2-90553f2c3609/opts
Jun  2 18:16:11 gtw01 haproxy-metadata-proxy-48fdd5f9-ce8f-49a3-b947-0b01e456740d[1703]: Proxy listener started.
Jun  2 18:16:11 gtw01 dnsmasq[32629]: read /var/lib/neutron/dhcp/7a3409fb-2c45-48f0-ad74-89f1284b4196/addn_hosts - 1 addresses
Jun  2 18:16:11 gtw01 dnsmasq-dhcp[32629]: read /var/lib/neutron/dhcp/7a3409fb-2c45-48f0-ad74-89f1284b4196/host
Jun  2 18:16:11 gtw01 dnsmasq-dhcp[32629]: read /var/lib/neutron/dhcp/7a3409fb-2c45-48f0-ad74-89f1284b4196/opts
Jun  2 18:16:11 gtw01 dnsmasq[1097]: read /var/lib/neutron/dhcp/7f31f064-5e78-45d6-bbdd-f5ee19a2c9ad/addn_hosts - 2 addresses
Jun  2 18:16:11 gtw01 dnsmasq-dhcp[1097]: read /var/lib/neutron/dhcp/7f31f064-5e78-45d6-bbdd-f5ee19a2c9ad/host
Jun  2 18:16:11 gtw01 dnsmasq-dhcp[1097]: read /var/lib/neutron/dhcp/7f31f064-5e78-45d6-bbdd-f5ee19a2c9ad/opts
Jun  2 18:16:11 gtw01 dnsmasq[1113]: read /var/lib/neutron/dhcp/96aa4c32-a00f-4f8d-b174-5722dc35c7bc/addn_hosts - 2 addresses
Jun  2 18:16:11 gtw01 dnsmasq-dhcp[1113]: read /var/lib/neutron/dhcp/96aa4c32-a00f-4f8d-b174-5722dc35c7bc/host
Jun  2 18:16:11 gtw01 dnsmasq-dhcp[1113]: read /var/lib/neutron/dhcp/96aa4c32-a00f-4f8d-b174-5722dc35c7bc/opts
Jun  2 18:16:11 gtw01 dnsmasq[1573]: read /var/lib/neutron/dhcp/e0e84130-2afc-475e-a3fc-46bd600e06ba/addn_hosts - 1 addresses
Jun  2 18:16:11 gtw01 dnsmasq-dhcp[1573]: read /var/lib/neutron/dhcp/e0e84130-2afc-475e-a3fc-46bd600e06ba/host
Jun  2 18:16:11 gtw01 dnsmasq-dhcp[1573]: read /var/lib/neutron/dhcp/e0e84130-2afc-475e-a3fc-46bd600e06ba/opts
Jun  2 18:16:12 gtw01 dnsmasq[32688]: read /var/lib/neutron/dhcp/13cc7273-7808-427c-a9d6-5a1cb0105921/addn_hosts - 1 addresses
Jun  2 18:16:12 gtw01 dnsmasq-dhcp[32688]: read /var/lib/neutron/dhcp/13cc7273-7808-427c-a9d6-5a1cb0105921/host
Jun  2 18:16:12 gtw01 dnsmasq-dhcp[32688]: read /var/lib/neutron/dhcp/13cc7273-7808-427c-a9d6-5a1cb0105921/opts
Jun  2 18:16:12 gtw01 dnsmasq-dhcp[1667]: DHCPRELEASE(tapd2a991e5-e3) 1.1.0.49 fa:16:3e:4e:a7:74
Jun  2 18:16:12 gtw01 dnsmasq[32580]: read /var/lib/neutron/dhcp/46deacc8-0959-45fd-9693-f69e9f2d5a86/addn_hosts - 1 addresses
Jun  2 18:16:12 gtw01 dnsmasq-dhcp[32580]: read /var/lib/neutron/dhcp/46deacc8-0959-45fd-9693-f69e9f2d5a86/host
Jun  2 18:16:12 gtw01 dnsmasq-dhcp[32580]: read /var/lib/neutron/dhcp/46deacc8-0959-45fd-9693-f69e9f2d5a86/opts
Jun  2 18:16:13 gtw01 dnsmasq[1667]: read /var/lib/neutron/dhcp/48fdd5f9-ce8f-49a3-b947-0b01e456740d/addn_hosts - 1 addresses
Jun  2 18:16:13 gtw01 dnsmasq-dhcp[1667]: read /var/lib/neutron/dhcp/48fdd5f9-ce8f-49a3-b947-0b01e456740d/host
Jun  2 18:16:13 gtw01 dnsmasq-dhcp[1667]: read /var/lib/neutron/dhcp/48fdd5f9-ce8f-49a3-b947-0b01e456740d/opts
Jun  2 18:16:13 gtw01 dnsmasq[1573]: read /var/lib/neutron/dhcp/e0e84130-2afc-475e-a3fc-46bd600e06ba/addn_hosts - 2 addresses
Jun  2 18:16:13 gtw01 dnsmasq-dhcp[1573]: read /var/lib/neutron/dhcp/e0e84130-2afc-475e-a3fc-46bd600e06ba/host
Jun  2 18:16:13 gtw01 dnsmasq-dhcp[1573]: read /var/lib/neutron/dhcp/e0e84130-2afc-475e-a3fc-46bd600e06ba/opts
Jun  2 18:16:13 gtw01 dnsmasq[1113]: read /var/lib/neutron/dhcp/96aa4c32-a00f-4f8d-b174-5722dc35c7bc/addn_hosts - 1 addresses
Jun  2 18:16:13 gtw01 dnsmasq-dhcp[1113]: read /var/lib/neutron/dhcp/96aa4c32-a00f-4f8d-b174-5722dc35c7bc/host
Jun  2 18:16:13 gtw01 dnsmasq-dhcp[1113]: read /var/lib/neutron/dhcp/96aa4c32-a00f-4f8d-b174-5722dc35c7bc/opts
Jun  2 18:16:14 gtw01 dnsmasq[1097]: read /var/lib/neutron/dhcp/7f31f064-5e78-45d6-bbdd-f5ee19a2c9ad/addn_hosts - 1 addresses
Jun  2 18:16:14 gtw01 dnsmasq-dhcp[1097]: read /var/lib/neutron/dhcp/7f31f064-5e78-45d6-bbdd-f5ee19a2c9ad/host
Jun  2 18:16:14 gtw01 dnsmasq-dhcp[1097]: read /var/lib/neutron/dhcp/7f31f064-5e78-45d6-bbdd-f5ee19a2c9ad/opts
Jun  2 18:16:14 gtw01 dnsmasq[1667]: read /var/lib/neutron/dhcp/48fdd5f9-ce8f-49a3-b947-0b01e456740d/addn_hosts - 2 addresses
Jun  2 18:16:14 gtw01 dnsmasq-dhcp[1667]: read /var/lib/neutron/dhcp/48fdd5f9-ce8f-49a3-b947-0b01e456740d/host
Jun  2 18:16:14 gtw01 dnsmasq-dhcp[1667]: read /var/lib/neutron/dhcp/48fdd5f9-ce8f-49a3-b947-0b01e456740d/opts
Jun  2 18:16:14 gtw01 dnsmasq[1573]: read /var/lib/neutron/dhcp/e0e84130-2afc-475e-a3fc-46bd600e06ba/addn_hosts - 2 addresses
Jun  2 18:16:14 gtw01 dnsmasq-dhcp[1573]: read /var/lib/neutron/dhcp/e0e84130-2afc-475e-a3fc-46bd600e06ba/host
Jun  2 18:16:14 gtw01 dnsmasq-dhcp[1573]: read /var/lib/neutron/dhcp/e0e84130-2afc-475e-a3fc-46bd600e06ba/opts
Jun  2 18:16:15 gtw01 dnsmasq[1667]: read /var/lib/neutron/dhcp/48fdd5f9-ce8f-49a3-b947-0b01e456740d/addn_hosts - 2 addresses
Jun  2 18:16:15 gtw01 dnsmasq-dhcp[1667]: read /var/lib/neutron/dhcp/48fdd5f9-ce8f-49a3-b947-0b01e456740d/host
Jun  2 18:16:15 gtw01 dnsmasq-dhcp[1667]: read /var/lib/neutron/dhcp/48fdd5f9-ce8f-49a3-b947-0b01e456740d/opts
Jun  2 18:16:15 gtw01 dnsmasq[1573]: read /var/lib/neutron/dhcp/e0e84130-2afc-475e-a3fc-46bd600e06ba/addn_hosts - 2 addresses
Jun  2 18:16:15 gtw01 dnsmasq-dhcp[1573]: read /var/lib/neutron/dhcp/e0e84130-2afc-475e-a3fc-46bd600e06ba/host
Jun  2 18:16:15 gtw01 dnsmasq-dhcp[1573]: read /var/lib/neutron/dhcp/e0e84130-2afc-475e-a3fc-46bd600e06ba/opts
Jun  2 18:16:16 gtw01 dnsmasq[1667]: read /var/lib/neutron/dhcp/48fdd5f9-ce8f-49a3-b947-0b01e456740d/addn_hosts - 2 addresses
Jun  2 18:16:16 gtw01 dnsmasq-dhcp[1667]: read /var/lib/neutron/dhcp/48fdd5f9-ce8f-49a3-b947-0b01e456740d/host
Jun  2 18:16:16 gtw01 dnsmasq-dhcp[1667]: read /var/lib/neutron/dhcp/48fdd5f9-ce8f-49a3-b947-0b01e456740d/opts
Jun  2 18:16:16 gtw01 dnsmasq[1573]: read /var/lib/neutron/dhcp/e0e84130-2afc-475e-a3fc-46bd600e06ba/addn_hosts - 2 addresses
Jun  2 18:16:16 gtw01 dnsmasq-dhcp[1573]: read /var/lib/neutron/dhcp/e0e84130-2afc-475e-a3fc-46bd600e06ba/host
Jun  2 18:16:16 gtw01 dnsmasq-dhcp[1573]: read /var/lib/neutron/dhcp/e0e84130-2afc-475e-a3fc-46bd600e06ba/opts
Jun  2 18:16:17 gtw01 dnsmasq[1667]: read /var/lib/neutron/dhcp/48fdd5f9-ce8f-49a3-b947-0b01e456740d/addn_hosts - 2 addresses
Jun  2 18:16:17 gtw01 dnsmasq-dhcp[1667]: read /var/lib/neutron/dhcp/48fdd5f9-ce8f-49a3-b947-0b01e456740d/host
Jun  2 18:16:17 gtw01 dnsmasq-dhcp[1667]: read /var/lib/neutron/dhcp/48fdd5f9-ce8f-49a3-b947-0b01e456740d/opts
Jun  2 18:16:17 gtw01 dnsmasq[1573]: read /var/lib/neutron/dhcp/e0e84130-2afc-475e-a3fc-46bd600e06ba/addn_hosts - 1 addresses
Jun  2 18:16:17 gtw01 dnsmasq-dhcp[1573]: read /var/lib/neutron/dhcp/e0e84130-2afc-475e-a3fc-46bd600e06ba/host
Jun  2 18:16:17 gtw01 dnsmasq-dhcp[1573]: read /var/lib/neutron/dhcp/e0e84130-2afc-475e-a3fc-46bd600e06ba/opts
Jun  2 18:16:18 gtw01 dnsmasq[1667]: read /var/lib/neutron/dhcp/48fdd5f9-ce8f-49a3-b947-0b01e456740d/addn_hosts - 1 addresses
Jun  2 18:16:18 gtw01 dnsmasq-dhcp[1667]: read /var/lib/neutron/dhcp/48fdd5f9-ce8f-49a3-b947-0b01e456740d/host
Jun  2 18:16:18 gtw01 dnsmasq-dhcp[1667]: read /var/lib/neutron/dhcp/48fdd5f9-ce8f-49a3-b947-0b01e456740d/opts
Jun  2 18:16:18 gtw01 kernel: [12921.008877] device tap867f97ef-d3 left promiscuous mode
Jun  2 18:16:19 gtw01 kernel: [12921.314979] device tapb479c8aa-ec left promiscuous mode
Jun  2 18:16:19 gtw01 kernel: [12922.031838] device tap3d4c14ce-6f left promiscuous mode
Jun  2 18:16:19 gtw01 kernel: [12922.051867] device tapd2a991e5-e3 left promiscuous mode
Jun  2 18:16:20 gtw01 kernel: [12922.726491] device tap8deddbac-7e left promiscuous mode
Jun  2 18:16:20 gtw01 kernel: [12922.739754] device tap6aa624ea-79 left promiscuous mode
Jun  2 18:16:21 gtw01 kernel: [12923.454800] device tap305c360f-53 left promiscuous mode
Jun  2 18:16:21 gtw01 kernel: [12923.726507] device tap4fe165ff-31 left promiscuous mode
Jun  2 18:16:21 gtw01 kernel: [12924.164252] device tap62d33354-74 left promiscuous mode
Jun  2 18:16:21 gtw01 kernel: [12924.249975] device tap4d68d415-57 left promiscuous mode
Jun  2 18:16:55 gtw01 kernel: [12957.899604] device tapfabfc5b1-f4 entered promiscuous mode
Jun  2 18:16:55 gtw01 systemd-udevd[2121]: Could not generate persistent MAC address for tapfabfc5b1-f4: No such file or directory
Jun  2 18:16:55 gtw01 systemd-udevd[2167]: Process '/sbin/ip link set tapfabfc5b1-f4 txqueuelen 10000' failed with exit code 1.
Jun  2 18:16:55 gtw01 kernel: [12958.253071] device tapa1cd3b8e-d2 entered promiscuous mode
Jun  2 18:16:55 gtw01 systemd-udevd[2198]: Could not generate persistent MAC address for tapa1cd3b8e-d2: No such file or directory
Jun  2 18:16:56 gtw01 systemd-udevd[2244]: Process '/sbin/ip link set tapa1cd3b8e-d2 txqueuelen 10000' failed with exit code 1.
Jun  2 18:16:57 gtw01 systemd-udevd[2333]: Could not generate persistent MAC address for tapca61a715-48: No such file or directory
Jun  2 18:16:57 gtw01 kernel: [12960.027548] device tapca61a715-48 entered promiscuous mode
Jun  2 18:16:57 gtw01 systemd-udevd[2381]: Process '/sbin/ip link set tapca61a715-48 txqueuelen 10000' failed with exit code 1.
Jun  2 18:16:58 gtw01 systemd-udevd[2410]: Could not generate persistent MAC address for tap9d7c9e78-7e: No such file or directory
Jun  2 18:16:58 gtw01 kernel: [12960.384089] device tap9d7c9e78-7e entered promiscuous mode
Jun  2 18:16:58 gtw01 systemd-udevd[2455]: Process '/sbin/ip link set tap9d7c9e78-7e txqueuelen 10000' failed with exit code 1.
Jun  2 18:17:00 gtw01 dnsmasq[2557]: started, version 2.80 cachesize 150
Jun  2 18:17:00 gtw01 dnsmasq[2557]: DNS service limited to local subnets
Jun  2 18:17:00 gtw01 dnsmasq[2557]: compile time options: IPv6 GNU-getopt DBus i18n IDN DHCP DHCPv6 no-Lua TFTP conntrack ipset auth DNSSEC loop-detect inotify dumpfile
Jun  2 18:17:00 gtw01 dnsmasq[2557]: LOUD WARNING: listening on 1.18.0.2 may accept requests via interfaces other than tapfabfc5b1-f4
Jun  2 18:17:00 gtw01 dnsmasq[2557]: LOUD WARNING: use --bind-dynamic rather than --bind-interfaces to avoid DNS amplification attacks via these interface(s)
Jun  2 18:17:00 gtw01 dnsmasq[2557]: warning: no upstream servers configured
Jun  2 18:17:00 gtw01 dnsmasq-dhcp[2557]: DHCP, static leases only on 1.18.0.0, lease time 1h
Jun  2 18:17:00 gtw01 dnsmasq[2557]: read /var/lib/neutron/dhcp/68032099-9845-4548-9760-3a599ef07fe7/addn_hosts - 1 addresses
Jun  2 18:17:00 gtw01 dnsmasq-dhcp[2557]: read /var/lib/neutron/dhcp/68032099-9845-4548-9760-3a599ef07fe7/host
Jun  2 18:17:00 gtw01 dnsmasq-dhcp[2557]: read /var/lib/neutron/dhcp/68032099-9845-4548-9760-3a599ef07fe7/opts
Jun  2 18:17:00 gtw01 haproxy-metadata-proxy-68032099-9845-4548-9760-3a599ef07fe7[2591]: Proxy listener started.
Jun  2 18:17:01 gtw01 dnsmasq[2605]: started, version 2.80 cachesize 150
Jun  2 18:17:01 gtw01 dnsmasq[2605]: DNS service limited to local subnets
Jun  2 18:17:01 gtw01 dnsmasq[2605]: compile time options: IPv6 GNU-getopt DBus i18n IDN DHCP DHCPv6 no-Lua TFTP conntrack ipset auth DNSSEC loop-detect inotify dumpfile
Jun  2 18:17:01 gtw01 dnsmasq[2605]: LOUD WARNING: listening on 1.17.0.2 may accept requests via interfaces other than tapa1cd3b8e-d2
Jun  2 18:17:01 gtw01 dnsmasq[2605]: LOUD WARNING: use --bind-dynamic rather than --bind-interfaces to avoid DNS amplification attacks via these interface(s)
Jun  2 18:17:01 gtw01 dnsmasq[2605]: warning: no upstream servers configured
Jun  2 18:17:01 gtw01 dnsmasq-dhcp[2605]: DHCP, static leases only on 1.17.0.0, lease time 1h
Jun  2 18:17:01 gtw01 dnsmasq[2605]: read /var/lib/neutron/dhcp/53938bca-5cac-4bc6-af5d-7c7f632c8cf9/addn_hosts - 1 addresses
Jun  2 18:17:01 gtw01 dnsmasq-dhcp[2605]: read /var/lib/neutron/dhcp/53938bca-5cac-4bc6-af5d-7c7f632c8cf9/host
Jun  2 18:17:01 gtw01 dnsmasq-dhcp[2605]: read /var/lib/neutron/dhcp/53938bca-5cac-4bc6-af5d-7c7f632c8cf9/opts
Jun  2 18:17:01 gtw01 CRON[2622]: (root) CMD (   cd / && run-parts --report /etc/cron.hourly)
Jun  2 18:17:01 gtw01 haproxy-metadata-proxy-53938bca-5cac-4bc6-af5d-7c7f632c8cf9[2643]: Proxy listener started.
Jun  2 18:17:01 gtw01 kernel: [12964.211597] device tapaae88cb5-44 entered promiscuous mode
Jun  2 18:17:01 gtw01 systemd-udevd[2655]: Could not generate persistent MAC address for tapaae88cb5-44: No such file or directory
Jun  2 18:17:02 gtw01 systemd-udevd[2702]: Process '/sbin/ip link set tapaae88cb5-44 txqueuelen 10000' failed with exit code 1.
Jun  2 18:17:02 gtw01 kernel: [12964.879640] device tap37fd8e4d-cd entered promiscuous mode
Jun  2 18:17:02 gtw01 systemd-udevd[2742]: Could not generate persistent MAC address for tap37fd8e4d-cd: No such file or directory
Jun  2 18:17:02 gtw01 kernel: [12964.919559] device tapfabfc5b1-f4 left promiscuous mode
Jun  2 18:17:02 gtw01 kernel: [12965.083585] device tap08b7cd8e-58 entered promiscuous mode
Jun  2 18:17:02 gtw01 systemd-udevd[2798]: Could not generate persistent MAC address for tap08b7cd8e-58: No such file or directory
Jun  2 18:17:02 gtw01 systemd-udevd[2819]: Process '/sbin/ip link set tap37fd8e4d-cd txqueuelen 10000' failed with exit code 1.
Jun  2 18:17:03 gtw01 systemd-udevd[2867]: Process '/sbin/ip link set tap08b7cd8e-58 txqueuelen 10000' failed with exit code 1.
Jun  2 18:17:03 gtw01 kernel: [12965.446973] device tap584dd326-82 entered promiscuous mode
Jun  2 18:17:03 gtw01 systemd-udevd[2882]: Could not generate persistent MAC address for tap584dd326-82: No such file or directory
Jun  2 18:17:03 gtw01 kernel: [12965.654730] device tapa1cd3b8e-d2 left promiscuous mode
Jun  2 18:17:03 gtw01 systemd-udevd[2936]: Process '/sbin/ip link set tap584dd326-82 txqueuelen 10000' failed with exit code 1.
Jun  2 18:17:04 gtw01 dnsmasq[3016]: started, version 2.80 cachesize 150
Jun  2 18:17:04 gtw01 dnsmasq[3016]: DNS service limited to local subnets
Jun  2 18:17:04 gtw01 dnsmasq[3016]: compile time options: IPv6 GNU-getopt DBus i18n IDN DHCP DHCPv6 no-Lua TFTP conntrack ipset auth DNSSEC loop-detect inotify dumpfile
Jun  2 18:17:04 gtw01 dnsmasq[3016]: LOUD WARNING: listening on 1.20.0.2 may accept requests via interfaces other than tapca61a715-48
Jun  2 18:17:04 gtw01 dnsmasq[3016]: LOUD WARNING: use --bind-dynamic rather than --bind-interfaces to avoid DNS amplification attacks via these interface(s)
Jun  2 18:17:04 gtw01 dnsmasq[3016]: warning: no upstream servers configured
Jun  2 18:17:04 gtw01 dnsmasq-dhcp[3016]: DHCP, static leases only on 1.20.0.0, lease time 1h
Jun  2 18:17:04 gtw01 dnsmasq[3016]: read /var/lib/neutron/dhcp/0a967a12-d73e-4d73-91f6-689fff6518bf/addn_hosts - 1 addresses
Jun  2 18:17:04 gtw01 dnsmasq-dhcp[3016]: read /var/lib/neutron/dhcp/0a967a12-d73e-4d73-91f6-689fff6518bf/host
Jun  2 18:17:04 gtw01 dnsmasq-dhcp[3016]: read /var/lib/neutron/dhcp/0a967a12-d73e-4d73-91f6-689fff6518bf/opts
Jun  2 18:17:05 gtw01 dnsmasq[3026]: started, version 2.80 cachesize 150
Jun  2 18:17:05 gtw01 dnsmasq[3026]: DNS service limited to local subnets
Jun  2 18:17:05 gtw01 dnsmasq[3026]: compile time options: IPv6 GNU-getopt DBus i18n IDN DHCP DHCPv6 no-Lua TFTP conntrack ipset auth DNSSEC loop-detect inotify dumpfile
