Jun  2 16:06:18 gtw01 dnsmasq[7712]: read /var/lib/neutron/dhcp/797874f3-f4ea-4c78-8992-52434b45b5be/addn_hosts - 2 addresses
Jun  2 16:06:18 gtw01 dnsmasq-dhcp[7712]: read /var/lib/neutron/dhcp/797874f3-f4ea-4c78-8992-52434b45b5be/host
Jun  2 16:06:18 gtw01 dnsmasq-dhcp[7712]: read /var/lib/neutron/dhcp/797874f3-f4ea-4c78-8992-52434b45b5be/opts
Jun  2 16:06:19 gtw01 dnsmasq[8098]: started, version 2.80 cachesize 150
Jun  2 16:06:19 gtw01 dnsmasq[8098]: DNS service limited to local subnets
Jun  2 16:06:19 gtw01 dnsmasq[8098]: compile time options: IPv6 GNU-getopt DBus i18n IDN DHCP DHCPv6 no-Lua TFTP conntrack ipset auth DNSSEC loop-detect inotify dumpfile
Jun  2 16:06:19 gtw01 dnsmasq[8098]: warning: no upstream servers configured
Jun  2 16:06:19 gtw01 dnsmasq-dhcp[8098]: DHCP, static leases only on 192.168.120.0, lease time 1h
Jun  2 16:06:19 gtw01 dnsmasq[8098]: read /var/lib/neutron/dhcp/651b0b74-a644-4c25-b47c-a7133d6e47aa/addn_hosts - 1 addresses
Jun  2 16:06:19 gtw01 dnsmasq-dhcp[8098]: read /var/lib/neutron/dhcp/651b0b74-a644-4c25-b47c-a7133d6e47aa/host
Jun  2 16:06:19 gtw01 dnsmasq-dhcp[8098]: read /var/lib/neutron/dhcp/651b0b74-a644-4c25-b47c-a7133d6e47aa/opts
Jun  2 16:06:19 gtw01 haproxy-metadata-proxy-651b0b74-a644-4c25-b47c-a7133d6e47aa[8110]: Proxy listener started.
Jun  2 16:06:19 gtw01 kernel: [ 5121.918595] device tap8a8c8806-11 left promiscuous mode
Jun  2 16:06:19 gtw01 dnsmasq[7712]: read /var/lib/neutron/dhcp/797874f3-f4ea-4c78-8992-52434b45b5be/addn_hosts - 3 addresses
Jun  2 16:06:19 gtw01 dnsmasq-dhcp[7712]: read /var/lib/neutron/dhcp/797874f3-f4ea-4c78-8992-52434b45b5be/host
Jun  2 16:06:19 gtw01 dnsmasq-dhcp[7712]: read /var/lib/neutron/dhcp/797874f3-f4ea-4c78-8992-52434b45b5be/opts
Jun  2 16:06:20 gtw01 dnsmasq-dhcp[6987]: DHCPRELEASE(tapda7e3dae-e9) 192.168.120.4 fa:16:3e:8f:14:16
Jun  2 16:06:20 gtw01 dnsmasq[8098]: read /var/lib/neutron/dhcp/651b0b74-a644-4c25-b47c-a7133d6e47aa/addn_hosts - 1 addresses
Jun  2 16:06:20 gtw01 dnsmasq-dhcp[8098]: read /var/lib/neutron/dhcp/651b0b74-a644-4c25-b47c-a7133d6e47aa/host
Jun  2 16:06:20 gtw01 dnsmasq-dhcp[8098]: read /var/lib/neutron/dhcp/651b0b74-a644-4c25-b47c-a7133d6e47aa/opts
Jun  2 16:06:20 gtw01 dnsmasq-dhcp[6987]: DHCPRELEASE(tapda7e3dae-e9) 192.168.120.4 fa:16:3e:8f:14:16 unknown lease
Jun  2 16:06:20 gtw01 dnsmasq[7712]: read /var/lib/neutron/dhcp/797874f3-f4ea-4c78-8992-52434b45b5be/addn_hosts - 3 addresses
Jun  2 16:06:20 gtw01 dnsmasq-dhcp[7712]: read /var/lib/neutron/dhcp/797874f3-f4ea-4c78-8992-52434b45b5be/host
Jun  2 16:06:20 gtw01 dnsmasq-dhcp[7712]: read /var/lib/neutron/dhcp/797874f3-f4ea-4c78-8992-52434b45b5be/opts
Jun  2 16:06:21 gtw01 kernel: [ 5123.477739] device tap736aa057-06 left promiscuous mode
Jun  2 16:06:21 gtw01 dnsmasq[6987]: read /var/lib/neutron/dhcp/b261e52b-c27e-43b1-a1c0-c445b36601f7/addn_hosts - 2 addresses
Jun  2 16:06:21 gtw01 dnsmasq-dhcp[6987]: read /var/lib/neutron/dhcp/b261e52b-c27e-43b1-a1c0-c445b36601f7/host
Jun  2 16:06:21 gtw01 dnsmasq-dhcp[6987]: read /var/lib/neutron/dhcp/b261e52b-c27e-43b1-a1c0-c445b36601f7/opts
Jun  2 16:06:21 gtw01 dnsmasq[8098]: read /var/lib/neutron/dhcp/651b0b74-a644-4c25-b47c-a7133d6e47aa/addn_hosts - 1 addresses
Jun  2 16:06:21 gtw01 dnsmasq-dhcp[8098]: read /var/lib/neutron/dhcp/651b0b74-a644-4c25-b47c-a7133d6e47aa/host
Jun  2 16:06:21 gtw01 dnsmasq-dhcp[8098]: read /var/lib/neutron/dhcp/651b0b74-a644-4c25-b47c-a7133d6e47aa/opts
Jun  2 16:06:22 gtw01 dnsmasq[7712]: read /var/lib/neutron/dhcp/797874f3-f4ea-4c78-8992-52434b45b5be/addn_hosts - 3 addresses
Jun  2 16:06:22 gtw01 dnsmasq-dhcp[7712]: read /var/lib/neutron/dhcp/797874f3-f4ea-4c78-8992-52434b45b5be/host
Jun  2 16:06:22 gtw01 dnsmasq-dhcp[7712]: read /var/lib/neutron/dhcp/797874f3-f4ea-4c78-8992-52434b45b5be/opts
Jun  2 16:06:22 gtw01 dnsmasq[8098]: read /var/lib/neutron/dhcp/651b0b74-a644-4c25-b47c-a7133d6e47aa/addn_hosts - 2 addresses
Jun  2 16:06:22 gtw01 dnsmasq-dhcp[8098]: read /var/lib/neutron/dhcp/651b0b74-a644-4c25-b47c-a7133d6e47aa/host
Jun  2 16:06:22 gtw01 dnsmasq-dhcp[8098]: read /var/lib/neutron/dhcp/651b0b74-a644-4c25-b47c-a7133d6e47aa/opts
Jun  2 16:06:23 gtw01 dnsmasq[8098]: read /var/lib/neutron/dhcp/651b0b74-a644-4c25-b47c-a7133d6e47aa/addn_hosts - 2 addresses
Jun  2 16:06:23 gtw01 dnsmasq-dhcp[8098]: read /var/lib/neutron/dhcp/651b0b74-a644-4c25-b47c-a7133d6e47aa/host
Jun  2 16:06:23 gtw01 dnsmasq-dhcp[8098]: read /var/lib/neutron/dhcp/651b0b74-a644-4c25-b47c-a7133d6e47aa/opts
Jun  2 16:06:25 gtw01 kernel: [ 5127.349721] device tap5f5237a4-8f left promiscuous mode
Jun  2 16:06:26 gtw01 dnsmasq[6987]: read /var/lib/neutron/dhcp/b261e52b-c27e-43b1-a1c0-c445b36601f7/addn_hosts - 1 addresses
Jun  2 16:06:26 gtw01 dnsmasq-dhcp[6987]: read /var/lib/neutron/dhcp/b261e52b-c27e-43b1-a1c0-c445b36601f7/host
Jun  2 16:06:26 gtw01 dnsmasq-dhcp[6987]: read /var/lib/neutron/dhcp/b261e52b-c27e-43b1-a1c0-c445b36601f7/opts
Jun  2 16:06:27 gtw01 kernel: [ 5129.906715] device tap1c3de054-62 entered promiscuous mode
Jun  2 16:06:27 gtw01 systemd-udevd[8300]: Could not generate persistent MAC address for tap1c3de054-62: No such file or directory
Jun  2 16:06:27 gtw01 systemd-udevd[8300]: Process '/sbin/ip link set tap1c3de054-62 txqueuelen 10000' failed with exit code 1.
Jun  2 16:06:27 gtw01 systemd-udevd[8300]: Process '/sbin/ip link set tap1c3de054-62 txqueuelen 10000' failed with exit code 1.
Jun  2 16:06:30 gtw01 dnsmasq[8414]: started, version 2.80 cachesize 150
Jun  2 16:06:30 gtw01 dnsmasq[8414]: DNS service limited to local subnets
Jun  2 16:06:30 gtw01 dnsmasq[8414]: compile time options: IPv6 GNU-getopt DBus i18n IDN DHCP DHCPv6 no-Lua TFTP conntrack ipset auth DNSSEC loop-detect inotify dumpfile
Jun  2 16:06:30 gtw01 dnsmasq[8414]: warning: no upstream servers configured
Jun  2 16:06:30 gtw01 dnsmasq-dhcp[8414]: DHCP, static leases only on 192.168.120.0, lease time 1h
Jun  2 16:06:30 gtw01 dnsmasq[8414]: read /var/lib/neutron/dhcp/1066c8ae-325b-47b4-8927-3a5b998f0755/addn_hosts - 1 addresses
Jun  2 16:06:30 gtw01 dnsmasq-dhcp[8414]: read /var/lib/neutron/dhcp/1066c8ae-325b-47b4-8927-3a5b998f0755/host
Jun  2 16:06:30 gtw01 dnsmasq-dhcp[8414]: read /var/lib/neutron/dhcp/1066c8ae-325b-47b4-8927-3a5b998f0755/opts
Jun  2 16:06:31 gtw01 haproxy-metadata-proxy-1066c8ae-325b-47b4-8927-3a5b998f0755[8418]: Proxy listener started.
Jun  2 16:06:31 gtw01 kernel: [ 5133.783882] device tapda7e3dae-e9 left promiscuous mode
Jun  2 16:06:31 gtw01 dnsmasq[8414]: read /var/lib/neutron/dhcp/1066c8ae-325b-47b4-8927-3a5b998f0755/addn_hosts - 2 addresses
Jun  2 16:06:31 gtw01 dnsmasq-dhcp[8414]: read /var/lib/neutron/dhcp/1066c8ae-325b-47b4-8927-3a5b998f0755/host
Jun  2 16:06:31 gtw01 dnsmasq-dhcp[8414]: read /var/lib/neutron/dhcp/1066c8ae-325b-47b4-8927-3a5b998f0755/opts
Jun  2 16:06:32 gtw01 dnsmasq[8414]: read /var/lib/neutron/dhcp/1066c8ae-325b-47b4-8927-3a5b998f0755/addn_hosts - 2 addresses
Jun  2 16:06:32 gtw01 dnsmasq-dhcp[8414]: read /var/lib/neutron/dhcp/1066c8ae-325b-47b4-8927-3a5b998f0755/host
Jun  2 16:06:32 gtw01 dnsmasq-dhcp[8414]: read /var/lib/neutron/dhcp/1066c8ae-325b-47b4-8927-3a5b998f0755/opts
Jun  2 16:06:33 gtw01 dnsmasq[8414]: read /var/lib/neutron/dhcp/1066c8ae-325b-47b4-8927-3a5b998f0755/addn_hosts - 2 addresses
Jun  2 16:06:33 gtw01 dnsmasq-dhcp[8414]: read /var/lib/neutron/dhcp/1066c8ae-325b-47b4-8927-3a5b998f0755/host
Jun  2 16:06:33 gtw01 dnsmasq-dhcp[8414]: read /var/lib/neutron/dhcp/1066c8ae-325b-47b4-8927-3a5b998f0755/opts
Jun  2 16:06:34 gtw01 dnsmasq-dhcp[7712]: DHCPDISCOVER(tap66b8119d-77) fa:16:3e:db:8c:78
Jun  2 16:06:34 gtw01 dnsmasq-dhcp[7712]: DHCPOFFER(tap66b8119d-77) 192.168.120.6 fa:16:3e:db:8c:78
Jun  2 16:06:34 gtw01 dnsmasq-dhcp[7712]: DHCPREQUEST(tap66b8119d-77) 192.168.120.6 fa:16:3e:db:8c:78
Jun  2 16:06:34 gtw01 dnsmasq-dhcp[7712]: DHCPACK(tap66b8119d-77) 192.168.120.6 fa:16:3e:db:8c:78 host-192-168-120-6
Jun  2 16:06:34 gtw01 dnsmasq[8414]: read /var/lib/neutron/dhcp/1066c8ae-325b-47b4-8927-3a5b998f0755/addn_hosts - 2 addresses
Jun  2 16:06:34 gtw01 dnsmasq-dhcp[8414]: read /var/lib/neutron/dhcp/1066c8ae-325b-47b4-8927-3a5b998f0755/host
Jun  2 16:06:34 gtw01 dnsmasq-dhcp[8414]: read /var/lib/neutron/dhcp/1066c8ae-325b-47b4-8927-3a5b998f0755/opts
Jun  2 16:06:35 gtw01 dnsmasq[8414]: read /var/lib/neutron/dhcp/1066c8ae-325b-47b4-8927-3a5b998f0755/addn_hosts - 2 addresses
Jun  2 16:06:35 gtw01 dnsmasq-dhcp[8414]: read /var/lib/neutron/dhcp/1066c8ae-325b-47b4-8927-3a5b998f0755/host
Jun  2 16:06:35 gtw01 dnsmasq-dhcp[8414]: read /var/lib/neutron/dhcp/1066c8ae-325b-47b4-8927-3a5b998f0755/opts
Jun  2 16:06:36 gtw01 dnsmasq[8414]: read /var/lib/neutron/dhcp/1066c8ae-325b-47b4-8927-3a5b998f0755/addn_hosts - 2 addresses
Jun  2 16:06:36 gtw01 dnsmasq-dhcp[8414]: read /var/lib/neutron/dhcp/1066c8ae-325b-47b4-8927-3a5b998f0755/host
Jun  2 16:06:36 gtw01 dnsmasq-dhcp[8414]: read /var/lib/neutron/dhcp/1066c8ae-325b-47b4-8927-3a5b998f0755/opts
Jun  2 16:06:37 gtw01 kernel: [ 5139.551603] device tap1c3de054-62 left promiscuous mode
Jun  2 16:06:39 gtw01 dnsmasq-dhcp[7712]: DHCPRELEASE(tap66b8119d-77) 192.168.120.6 fa:16:3e:db:8c:78
Jun  2 16:06:40 gtw01 kernel: [ 5143.167946] device tap562da4dd-3d entered promiscuous mode
Jun  2 16:06:40 gtw01 systemd-udevd[8559]: Could not generate persistent MAC address for tap562da4dd-3d: No such file or directory
Jun  2 16:06:40 gtw01 systemd-udevd[8605]: Process '/sbin/ip link set tap562da4dd-3d txqueuelen 10000' failed with exit code 1.
Jun  2 16:06:41 gtw01 kernel: [ 5143.829227] device tapc485d5c6-7c entered promiscuous mode
Jun  2 16:06:41 gtw01 systemd-udevd[8641]: Could not generate persistent MAC address for tapc485d5c6-7c: No such file or directory
Jun  2 16:06:41 gtw01 systemd-udevd[8687]: Process '/sbin/ip link set tapc485d5c6-7c txqueuelen 10000' failed with exit code 1.
Jun  2 16:06:44 gtw01 dnsmasq[8779]: started, version 2.80 cachesize 150
Jun  2 16:06:44 gtw01 dnsmasq[8779]: DNS service limited to local subnets
Jun  2 16:06:44 gtw01 dnsmasq[8779]: compile time options: IPv6 GNU-getopt DBus i18n IDN DHCP DHCPv6 no-Lua TFTP conntrack ipset auth DNSSEC loop-detect inotify dumpfile
Jun  2 16:06:44 gtw01 dnsmasq[8779]: warning: no upstream servers configured
Jun  2 16:06:44 gtw01 dnsmasq-dhcp[8779]: DHCP, static leases only on 192.168.120.0, lease time 1h
Jun  2 16:06:44 gtw01 dnsmasq[8779]: read /var/lib/neutron/dhcp/412a0fdf-fd78-4d9f-8b87-a74a5a6816f1/addn_hosts - 1 addresses
Jun  2 16:06:44 gtw01 dnsmasq-dhcp[8779]: read /var/lib/neutron/dhcp/412a0fdf-fd78-4d9f-8b87-a74a5a6816f1/host
Jun  2 16:06:44 gtw01 dnsmasq-dhcp[8779]: read /var/lib/neutron/dhcp/412a0fdf-fd78-4d9f-8b87-a74a5a6816f1/opts
Jun  2 16:06:44 gtw01 haproxy-metadata-proxy-412a0fdf-fd78-4d9f-8b87-a74a5a6816f1[8787]: Proxy listener started.
Jun  2 16:06:44 gtw01 dnsmasq[8803]: started, version 2.80 cachesize 150
Jun  2 16:06:44 gtw01 dnsmasq[8803]: DNS service limited to local subnets
Jun  2 16:06:44 gtw01 dnsmasq[8803]: compile time options: IPv6 GNU-getopt DBus i18n IDN DHCP DHCPv6 no-Lua TFTP conntrack ipset auth DNSSEC loop-detect inotify dumpfile
Jun  2 16:06:44 gtw01 dnsmasq[8803]: warning: no upstream servers configured
Jun  2 16:06:44 gtw01 dnsmasq-dhcp[8803]: DHCP, static leases only on 192.168.120.0, lease time 1h
Jun  2 16:06:44 gtw01 dnsmasq[8803]: read /var/lib/neutron/dhcp/717bff99-523d-426a-8b9e-42a4c79583d7/addn_hosts - 1 addresses
Jun  2 16:06:44 gtw01 dnsmasq-dhcp[8803]: read /var/lib/neutron/dhcp/717bff99-523d-426a-8b9e-42a4c79583d7/host
Jun  2 16:06:44 gtw01 dnsmasq-dhcp[8803]: read /var/lib/neutron/dhcp/717bff99-523d-426a-8b9e-42a4c79583d7/opts
Jun  2 16:06:45 gtw01 haproxy-metadata-proxy-717bff99-523d-426a-8b9e-42a4c79583d7[8810]: Proxy listener started.
Jun  2 16:06:45 gtw01 dnsmasq[8779]: read /var/lib/neutron/dhcp/412a0fdf-fd78-4d9f-8b87-a74a5a6816f1/addn_hosts - 2 addresses
Jun  2 16:06:45 gtw01 dnsmasq-dhcp[8779]: read /var/lib/neutron/dhcp/412a0fdf-fd78-4d9f-8b87-a74a5a6816f1/host
Jun  2 16:06:45 gtw01 dnsmasq-dhcp[8779]: read /var/lib/neutron/dhcp/412a0fdf-fd78-4d9f-8b87-a74a5a6816f1/opts
Jun  2 16:06:45 gtw01 dnsmasq[8803]: read /var/lib/neutron/dhcp/717bff99-523d-426a-8b9e-42a4c79583d7/addn_hosts - 1 addresses
Jun  2 16:06:45 gtw01 dnsmasq-dhcp[8803]: read /var/lib/neutron/dhcp/717bff99-523d-426a-8b9e-42a4c79583d7/host
Jun  2 16:06:45 gtw01 dnsmasq-dhcp[8803]: read /var/lib/neutron/dhcp/717bff99-523d-426a-8b9e-42a4c79583d7/opts
Jun  2 16:06:45 gtw01 dnsmasq[8779]: read /var/lib/neutron/dhcp/412a0fdf-fd78-4d9f-8b87-a74a5a6816f1/addn_hosts - 2 addresses
Jun  2 16:06:45 gtw01 dnsmasq-dhcp[8779]: read /var/lib/neutron/dhcp/412a0fdf-fd78-4d9f-8b87-a74a5a6816f1/host
Jun  2 16:06:45 gtw01 dnsmasq-dhcp[8779]: read /var/lib/neutron/dhcp/412a0fdf-fd78-4d9f-8b87-a74a5a6816f1/opts
Jun  2 16:06:46 gtw01 dnsmasq[8803]: read /var/lib/neutron/dhcp/717bff99-523d-426a-8b9e-42a4c79583d7/addn_hosts - 1 addresses
Jun  2 16:06:46 gtw01 dnsmasq-dhcp[8803]: read /var/lib/neutron/dhcp/717bff99-523d-426a-8b9e-42a4c79583d7/host
Jun  2 16:06:46 gtw01 dnsmasq-dhcp[8803]: read /var/lib/neutron/dhcp/717bff99-523d-426a-8b9e-42a4c79583d7/opts
Jun  2 16:06:46 gtw01 dnsmasq[8779]: read /var/lib/neutron/dhcp/412a0fdf-fd78-4d9f-8b87-a74a5a6816f1/addn_hosts - 2 addresses
Jun  2 16:06:46 gtw01 dnsmasq-dhcp[8779]: read /var/lib/neutron/dhcp/412a0fdf-fd78-4d9f-8b87-a74a5a6816f1/host
Jun  2 16:06:46 gtw01 dnsmasq-dhcp[8779]: read /var/lib/neutron/dhcp/412a0fdf-fd78-4d9f-8b87-a74a5a6816f1/opts
Jun  2 16:06:47 gtw01 dnsmasq[8803]: read /var/lib/neutron/dhcp/717bff99-523d-426a-8b9e-42a4c79583d7/addn_hosts - 2 addresses
Jun  2 16:06:47 gtw01 dnsmasq-dhcp[8803]: read /var/lib/neutron/dhcp/717bff99-523d-426a-8b9e-42a4c79583d7/host
Jun  2 16:06:47 gtw01 dnsmasq-dhcp[8803]: read /var/lib/neutron/dhcp/717bff99-523d-426a-8b9e-42a4c79583d7/opts
Jun  2 16:06:47 gtw01 dnsmasq[8779]: read /var/lib/neutron/dhcp/412a0fdf-fd78-4d9f-8b87-a74a5a6816f1/addn_hosts - 2 addresses
Jun  2 16:06:47 gtw01 dnsmasq-dhcp[8779]: read /var/lib/neutron/dhcp/412a0fdf-fd78-4d9f-8b87-a74a5a6816f1/host
Jun  2 16:06:47 gtw01 dnsmasq-dhcp[8779]: read /var/lib/neutron/dhcp/412a0fdf-fd78-4d9f-8b87-a74a5a6816f1/opts
Jun  2 16:06:48 gtw01 dnsmasq[8803]: read /var/lib/neutron/dhcp/717bff99-523d-426a-8b9e-42a4c79583d7/addn_hosts - 2 addresses
Jun  2 16:06:48 gtw01 dnsmasq-dhcp[8803]: read /var/lib/neutron/dhcp/717bff99-523d-426a-8b9e-42a4c79583d7/host
Jun  2 16:06:48 gtw01 dnsmasq-dhcp[8803]: read /var/lib/neutron/dhcp/717bff99-523d-426a-8b9e-42a4c79583d7/opts
Jun  2 16:06:48 gtw01 dnsmasq[8779]: read /var/lib/neutron/dhcp/412a0fdf-fd78-4d9f-8b87-a74a5a6816f1/addn_hosts - 2 addresses
Jun  2 16:06:48 gtw01 dnsmasq-dhcp[8779]: read /var/lib/neutron/dhcp/412a0fdf-fd78-4d9f-8b87-a74a5a6816f1/host
Jun  2 16:06:48 gtw01 dnsmasq-dhcp[8779]: read /var/lib/neutron/dhcp/412a0fdf-fd78-4d9f-8b87-a74a5a6816f1/opts
Jun  2 16:06:49 gtw01 kernel: [ 5151.926780] device tapc485d5c6-7c left promiscuous mode
Jun  2 16:06:54 gtw01 dnsmasq[8779]: read /var/lib/neutron/dhcp/412a0fdf-fd78-4d9f-8b87-a74a5a6816f1/addn_hosts - 3 addresses
Jun  2 16:06:54 gtw01 dnsmasq-dhcp[8779]: read /var/lib/neutron/dhcp/412a0fdf-fd78-4d9f-8b87-a74a5a6816f1/host
Jun  2 16:06:54 gtw01 dnsmasq-dhcp[8779]: read /var/lib/neutron/dhcp/412a0fdf-fd78-4d9f-8b87-a74a5a6816f1/opts
Jun  2 16:06:55 gtw01 dnsmasq[8779]: read /var/lib/neutron/dhcp/412a0fdf-fd78-4d9f-8b87-a74a5a6816f1/addn_hosts - 3 addresses
Jun  2 16:06:55 gtw01 dnsmasq-dhcp[8779]: read /var/lib/neutron/dhcp/412a0fdf-fd78-4d9f-8b87-a74a5a6816f1/host
Jun  2 16:06:55 gtw01 dnsmasq-dhcp[8779]: read /var/lib/neutron/dhcp/412a0fdf-fd78-4d9f-8b87-a74a5a6816f1/opts
Jun  2 16:06:56 gtw01 dnsmasq[8779]: read /var/lib/neutron/dhcp/412a0fdf-fd78-4d9f-8b87-a74a5a6816f1/addn_hosts - 3 addresses
Jun  2 16:06:56 gtw01 dnsmasq-dhcp[8779]: read /var/lib/neutron/dhcp/412a0fdf-fd78-4d9f-8b87-a74a5a6816f1/host
Jun  2 16:06:56 gtw01 dnsmasq-dhcp[8779]: read /var/lib/neutron/dhcp/412a0fdf-fd78-4d9f-8b87-a74a5a6816f1/opts
Jun  2 16:06:56 gtw01 dnsmasq-dhcp[7712]: DHCPDISCOVER(tap66b8119d-77) fa:16:3e:db:8c:78
Jun  2 16:06:56 gtw01 dnsmasq-dhcp[7712]: DHCPOFFER(tap66b8119d-77) 192.168.120.6 fa:16:3e:db:8c:78
Jun  2 16:06:56 gtw01 dnsmasq-dhcp[7712]: DHCPREQUEST(tap66b8119d-77) 192.168.120.6 fa:16:3e:db:8c:78
Jun  2 16:06:56 gtw01 dnsmasq-dhcp[7712]: DHCPACK(tap66b8119d-77) 192.168.120.6 fa:16:3e:db:8c:78 host-192-168-120-6
Jun  2 16:06:58 gtw01 kernel: [ 5160.672795] device tapfd506632-76 entered promiscuous mode
Jun  2 16:06:58 gtw01 systemd-udevd[9026]: Could not generate persistent MAC address for tapfd506632-76: No such file or directory
Jun  2 16:06:58 gtw01 systemd-udevd[9026]: Process '/sbin/ip link set tapfd506632-76 txqueuelen 10000' failed with exit code 1.
Jun  2 16:07:01 gtw01 dnsmasq[9135]: started, version 2.80 cachesize 150
Jun  2 16:07:01 gtw01 dnsmasq[9135]: DNS service limited to local subnets
Jun  2 16:07:01 gtw01 dnsmasq[9135]: compile time options: IPv6 GNU-getopt DBus i18n IDN DHCP DHCPv6 no-Lua TFTP conntrack ipset auth DNSSEC loop-detect inotify dumpfile
Jun  2 16:07:01 gtw01 dnsmasq[9135]: warning: no upstream servers configured
Jun  2 16:07:01 gtw01 dnsmasq-dhcp[9135]: DHCP, static leases only on 192.168.120.0, lease time 1h
Jun  2 16:07:01 gtw01 dnsmasq[9135]: read /var/lib/neutron/dhcp/3d55336f-a4e0-45ba-b321-b326e3d9fa72/addn_hosts - 1 addresses
Jun  2 16:07:01 gtw01 dnsmasq-dhcp[9135]: read /var/lib/neutron/dhcp/3d55336f-a4e0-45ba-b321-b326e3d9fa72/host
Jun  2 16:07:01 gtw01 dnsmasq-dhcp[9135]: read /var/lib/neutron/dhcp/3d55336f-a4e0-45ba-b321-b326e3d9fa72/opts
Jun  2 16:07:01 gtw01 haproxy-metadata-proxy-3d55336f-a4e0-45ba-b321-b326e3d9fa72[9139]: Proxy listener started.
Jun  2 16:07:02 gtw01 dnsmasq[9135]: read /var/lib/neutron/dhcp/3d55336f-a4e0-45ba-b321-b326e3d9fa72/addn_hosts - 2 addresses
Jun  2 16:07:02 gtw01 dnsmasq-dhcp[9135]: read /var/lib/neutron/dhcp/3d55336f-a4e0-45ba-b321-b326e3d9fa72/host
Jun  2 16:07:02 gtw01 dnsmasq-dhcp[9135]: read /var/lib/neutron/dhcp/3d55336f-a4e0-45ba-b321-b326e3d9fa72/opts
Jun  2 16:07:02 gtw01 kernel: [ 5165.108358] device tapec2a1717-ca entered promiscuous mode
Jun  2 16:07:02 gtw01 systemd-udevd[9173]: Could not generate persistent MAC address for tapec2a1717-ca: No such file or directory
Jun  2 16:07:02 gtw01 systemd-udevd[9218]: Process '/sbin/ip link set tapec2a1717-ca txqueuelen 10000' failed with exit code 1.
Jun  2 16:07:03 gtw01 dnsmasq[9135]: read /var/lib/neutron/dhcp/3d55336f-a4e0-45ba-b321-b326e3d9fa72/addn_hosts - 2 addresses
Jun  2 16:07:03 gtw01 dnsmasq-dhcp[9135]: read /var/lib/neutron/dhcp/3d55336f-a4e0-45ba-b321-b326e3d9fa72/host
Jun  2 16:07:03 gtw01 dnsmasq-dhcp[9135]: read /var/lib/neutron/dhcp/3d55336f-a4e0-45ba-b321-b326e3d9fa72/opts
Jun  2 16:07:04 gtw01 dnsmasq[9135]: read /var/lib/neutron/dhcp/3d55336f-a4e0-45ba-b321-b326e3d9fa72/addn_hosts - 2 addresses
Jun  2 16:07:04 gtw01 dnsmasq-dhcp[9135]: read /var/lib/neutron/dhcp/3d55336f-a4e0-45ba-b321-b326e3d9fa72/host
Jun  2 16:07:04 gtw01 dnsmasq-dhcp[9135]: read /var/lib/neutron/dhcp/3d55336f-a4e0-45ba-b321-b326e3d9fa72/opts
Jun  2 16:07:05 gtw01 dnsmasq[9135]: read /var/lib/neutron/dhcp/3d55336f-a4e0-45ba-b321-b326e3d9fa72/addn_hosts - 2 addresses
Jun  2 16:07:05 gtw01 dnsmasq-dhcp[9135]: read /var/lib/neutron/dhcp/3d55336f-a4e0-45ba-b321-b326e3d9fa72/host
Jun  2 16:07:05 gtw01 dnsmasq-dhcp[9135]: read /var/lib/neutron/dhcp/3d55336f-a4e0-45ba-b321-b326e3d9fa72/opts
Jun  2 16:07:05 gtw01 dnsmasq[9334]: started, version 2.80 cachesize 150
Jun  2 16:07:05 gtw01 dnsmasq[9334]: DNS service limited to local subnets
Jun  2 16:07:05 gtw01 dnsmasq[9334]: compile time options: IPv6 GNU-getopt DBus i18n IDN DHCP DHCPv6 no-Lua TFTP conntrack ipset auth DNSSEC loop-detect inotify dumpfile
Jun  2 16:07:05 gtw01 dnsmasq[9334]: warning: no upstream servers configured
Jun  2 16:07:05 gtw01 dnsmasq-dhcp[9334]: DHCP, static leases only on 192.168.121.0, lease time 1h
Jun  2 16:07:05 gtw01 dnsmasq[9334]: read /var/lib/neutron/dhcp/621b2eeb-097e-4ae1-8fc5-72debb930ae3/addn_hosts - 1 addresses
Jun  2 16:07:05 gtw01 dnsmasq-dhcp[9334]: read /var/lib/neutron/dhcp/621b2eeb-097e-4ae1-8fc5-72debb930ae3/host
Jun  2 16:07:05 gtw01 dnsmasq-dhcp[9334]: read /var/lib/neutron/dhcp/621b2eeb-097e-4ae1-8fc5-72debb930ae3/opts
Jun  2 16:07:06 gtw01 haproxy-metadata-proxy-621b2eeb-097e-4ae1-8fc5-72debb930ae3[9341]: Proxy listener started.
Jun  2 16:07:06 gtw01 dnsmasq[9135]: read /var/lib/neutron/dhcp/3d55336f-a4e0-45ba-b321-b326e3d9fa72/addn_hosts - 2 addresses
Jun  2 16:07:06 gtw01 dnsmasq-dhcp[9135]: read /var/lib/neutron/dhcp/3d55336f-a4e0-45ba-b321-b326e3d9fa72/host
Jun  2 16:07:06 gtw01 dnsmasq-dhcp[9135]: read /var/lib/neutron/dhcp/3d55336f-a4e0-45ba-b321-b326e3d9fa72/opts
Jun  2 16:07:06 gtw01 dnsmasq[9334]: read /var/lib/neutron/dhcp/621b2eeb-097e-4ae1-8fc5-72debb930ae3/addn_hosts - 2 addresses
Jun  2 16:07:06 gtw01 dnsmasq-dhcp[9334]: read /var/lib/neutron/dhcp/621b2eeb-097e-4ae1-8fc5-72debb930ae3/host
Jun  2 16:07:06 gtw01 dnsmasq-dhcp[9334]: read /var/lib/neutron/dhcp/621b2eeb-097e-4ae1-8fc5-72debb930ae3/opts
Jun  2 16:07:07 gtw01 dnsmasq[9334]: read /var/lib/neutron/dhcp/621b2eeb-097e-4ae1-8fc5-72debb930ae3/addn_hosts - 2 addresses
Jun  2 16:07:07 gtw01 dnsmasq-dhcp[9334]: read /var/lib/neutron/dhcp/621b2eeb-097e-4ae1-8fc5-72debb930ae3/host
Jun  2 16:07:07 gtw01 dnsmasq-dhcp[9334]: read /var/lib/neutron/dhcp/621b2eeb-097e-4ae1-8fc5-72debb930ae3/opts
Jun  2 16:07:08 gtw01 systemd-udevd[9406]: Could not generate persistent MAC address for tap272498df-8a: No such file or directory
Jun  2 16:07:08 gtw01 kernel: [ 5170.308603] device tap272498df-8a entered promiscuous mode
Jun  2 16:07:08 gtw01 systemd-udevd[9453]: Process '/sbin/ip link set tap272498df-8a txqueuelen 10000' failed with exit code 1.
Jun  2 16:07:08 gtw01 dnsmasq[9334]: read /var/lib/neutron/dhcp/621b2eeb-097e-4ae1-8fc5-72debb930ae3/addn_hosts - 2 addresses
Jun  2 16:07:08 gtw01 dnsmasq-dhcp[9334]: read /var/lib/neutron/dhcp/621b2eeb-097e-4ae1-8fc5-72debb930ae3/host
Jun  2 16:07:08 gtw01 dnsmasq-dhcp[9334]: read /var/lib/neutron/dhcp/621b2eeb-097e-4ae1-8fc5-72debb930ae3/opts
Jun  2 16:07:09 gtw01 dnsmasq-dhcp[8779]: DHCPDISCOVER(tap562da4dd-3d) fa:16:3e:2a:83:20
Jun  2 16:07:09 gtw01 dnsmasq-dhcp[8779]: DHCPOFFER(tap562da4dd-3d) 192.168.120.3 fa:16:3e:2a:83:20
Jun  2 16:07:09 gtw01 dnsmasq-dhcp[8779]: DHCPREQUEST(tap562da4dd-3d) 192.168.120.3 fa:16:3e:2a:83:20
Jun  2 16:07:09 gtw01 dnsmasq-dhcp[8779]: DHCPACK(tap562da4dd-3d) 192.168.120.3 fa:16:3e:2a:83:20 host-192-168-120-3
Jun  2 16:07:09 gtw01 dnsmasq[9334]: read /var/lib/neutron/dhcp/621b2eeb-097e-4ae1-8fc5-72debb930ae3/addn_hosts - 2 addresses
Jun  2 16:07:09 gtw01 dnsmasq-dhcp[9334]: read /var/lib/neutron/dhcp/621b2eeb-097e-4ae1-8fc5-72debb930ae3/host
Jun  2 16:07:09 gtw01 dnsmasq-dhcp[9334]: read /var/lib/neutron/dhcp/621b2eeb-097e-4ae1-8fc5-72debb930ae3/opts
Jun  2 16:07:10 gtw01 dnsmasq[9334]: read /var/lib/neutron/dhcp/621b2eeb-097e-4ae1-8fc5-72debb930ae3/addn_hosts - 2 addresses
Jun  2 16:07:10 gtw01 dnsmasq-dhcp[9334]: read /var/lib/neutron/dhcp/621b2eeb-097e-4ae1-8fc5-72debb930ae3/host
Jun  2 16:07:10 gtw01 dnsmasq-dhcp[9334]: read /var/lib/neutron/dhcp/621b2eeb-097e-4ae1-8fc5-72debb930ae3/opts
Jun  2 16:07:11 gtw01 dnsmasq[9567]: started, version 2.80 cachesize 150
Jun  2 16:07:11 gtw01 dnsmasq[9567]: DNS service limited to local subnets
Jun  2 16:07:11 gtw01 dnsmasq[9567]: compile time options: IPv6 GNU-getopt DBus i18n IDN DHCP DHCPv6 no-Lua TFTP conntrack ipset auth DNSSEC loop-detect inotify dumpfile
Jun  2 16:07:11 gtw01 dnsmasq[9567]: warning: no upstream servers configured
Jun  2 16:07:11 gtw01 dnsmasq-dhcp[9567]: DHCP, static leases only on 192.168.122.0, lease time 1h
Jun  2 16:07:11 gtw01 dnsmasq[9567]: read /var/lib/neutron/dhcp/419e3a3b-e9f2-4d01-aad1-cb530f77980a/addn_hosts - 1 addresses
Jun  2 16:07:11 gtw01 dnsmasq-dhcp[9567]: read /var/lib/neutron/dhcp/419e3a3b-e9f2-4d01-aad1-cb530f77980a/host
Jun  2 16:07:11 gtw01 dnsmasq-dhcp[9567]: read /var/lib/neutron/dhcp/419e3a3b-e9f2-4d01-aad1-cb530f77980a/opts
Jun  2 16:07:11 gtw01 haproxy-metadata-proxy-419e3a3b-e9f2-4d01-aad1-cb530f77980a[9572]: Proxy listener started.
Jun  2 16:07:12 gtw01 dnsmasq[9567]: read /var/lib/neutron/dhcp/419e3a3b-e9f2-4d01-aad1-cb530f77980a/addn_hosts - 2 addresses
Jun  2 16:07:12 gtw01 dnsmasq-dhcp[9567]: read /var/lib/neutron/dhcp/419e3a3b-e9f2-4d01-aad1-cb530f77980a/host
Jun  2 16:07:12 gtw01 dnsmasq-dhcp[9567]: read /var/lib/neutron/dhcp/419e3a3b-e9f2-4d01-aad1-cb530f77980a/opts
Jun  2 16:07:12 gtw01 kernel: [ 5174.474949] device tapb1f2b6a3-f5 entered promiscuous mode
Jun  2 16:07:12 gtw01 systemd-udevd[9602]: Could not generate persistent MAC address for tapb1f2b6a3-f5: No such file or directory
Jun  2 16:07:12 gtw01 dnsmasq-dhcp[7712]: DHCPDISCOVER(tap66b8119d-77) fa:16:3e:db:8c:78
Jun  2 16:07:12 gtw01 dnsmasq-dhcp[7712]: DHCPOFFER(tap66b8119d-77) 192.168.120.6 fa:16:3e:db:8c:78
Jun  2 16:07:12 gtw01 dnsmasq-dhcp[7712]: DHCPREQUEST(tap66b8119d-77) 192.168.120.6 fa:16:3e:db:8c:78
Jun  2 16:07:12 gtw01 dnsmasq-dhcp[7712]: DHCPACK(tap66b8119d-77) 192.168.120.6 fa:16:3e:db:8c:78 host-192-168-120-6
Jun  2 16:07:12 gtw01 systemd-udevd[9602]: Process '/sbin/ip link set tapb1f2b6a3-f5 txqueuelen 10000' failed with exit code 1.
Jun  2 16:07:13 gtw01 dnsmasq[9567]: read /var/lib/neutron/dhcp/419e3a3b-e9f2-4d01-aad1-cb530f77980a/addn_hosts - 2 addresses
Jun  2 16:07:13 gtw01 dnsmasq-dhcp[9567]: read /var/lib/neutron/dhcp/419e3a3b-e9f2-4d01-aad1-cb530f77980a/host
Jun  2 16:07:13 gtw01 dnsmasq-dhcp[9567]: read /var/lib/neutron/dhcp/419e3a3b-e9f2-4d01-aad1-cb530f77980a/opts
Jun  2 16:07:14 gtw01 dnsmasq[9567]: read /var/lib/neutron/dhcp/419e3a3b-e9f2-4d01-aad1-cb530f77980a/addn_hosts - 2 addresses
Jun  2 16:07:14 gtw01 dnsmasq-dhcp[9567]: read /var/lib/neutron/dhcp/419e3a3b-e9f2-4d01-aad1-cb530f77980a/host
Jun  2 16:07:14 gtw01 dnsmasq-dhcp[9567]: read /var/lib/neutron/dhcp/419e3a3b-e9f2-4d01-aad1-cb530f77980a/opts
Jun  2 16:07:14 gtw01 dnsmasq[9567]: read /var/lib/neutron/dhcp/419e3a3b-e9f2-4d01-aad1-cb530f77980a/addn_hosts - 2 addresses
Jun  2 16:07:14 gtw01 dnsmasq-dhcp[9567]: read /var/lib/neutron/dhcp/419e3a3b-e9f2-4d01-aad1-cb530f77980a/host
Jun  2 16:07:14 gtw01 dnsmasq-dhcp[9567]: read /var/lib/neutron/dhcp/419e3a3b-e9f2-4d01-aad1-cb530f77980a/opts
Jun  2 16:07:15 gtw01 dnsmasq[9767]: started, version 2.80 cachesize 150
Jun  2 16:07:15 gtw01 dnsmasq[9767]: DNS service limited to local subnets
Jun  2 16:07:15 gtw01 dnsmasq[9767]: compile time options: IPv6 GNU-getopt DBus i18n IDN DHCP DHCPv6 no-Lua TFTP conntrack ipset auth DNSSEC loop-detect inotify dumpfile
Jun  2 16:07:15 gtw01 dnsmasq[9767]: warning: no upstream servers configured
Jun  2 16:07:15 gtw01 dnsmasq-dhcp[9767]: DHCP, static leases only on 192.168.123.0, lease time 1h
Jun  2 16:07:15 gtw01 dnsmasq[9767]: read /var/lib/neutron/dhcp/185e969c-d70d-4c59-8b7f-da9b686ca797/addn_hosts - 1 addresses
Jun  2 16:07:15 gtw01 dnsmasq-dhcp[9767]: read /var/lib/neutron/dhcp/185e969c-d70d-4c59-8b7f-da9b686ca797/host
Jun  2 16:07:15 gtw01 dnsmasq-dhcp[9767]: read /var/lib/neutron/dhcp/185e969c-d70d-4c59-8b7f-da9b686ca797/opts
Jun  2 16:07:15 gtw01 dnsmasq-dhcp[8779]: DHCPRELEASE(tap562da4dd-3d) 192.168.120.3 fa:16:3e:2a:83:20
Jun  2 16:07:15 gtw01 haproxy-metadata-proxy-185e969c-d70d-4c59-8b7f-da9b686ca797[9777]: Proxy listener started.
Jun  2 16:07:15 gtw01 dnsmasq-dhcp[8779]: DHCPRELEASE(tap562da4dd-3d) 192.168.120.3 fa:16:3e:2a:83:20 unknown lease
Jun  2 16:07:16 gtw01 dnsmasq[9567]: read /var/lib/neutron/dhcp/419e3a3b-e9f2-4d01-aad1-cb530f77980a/addn_hosts - 2 addresses
Jun  2 16:07:16 gtw01 dnsmasq-dhcp[9567]: read /var/lib/neutron/dhcp/419e3a3b-e9f2-4d01-aad1-cb530f77980a/host
Jun  2 16:07:16 gtw01 dnsmasq-dhcp[9567]: read /var/lib/neutron/dhcp/419e3a3b-e9f2-4d01-aad1-cb530f77980a/opts
Jun  2 16:07:16 gtw01 dnsmasq[8779]: read /var/lib/neutron/dhcp/412a0fdf-fd78-4d9f-8b87-a74a5a6816f1/addn_hosts - 2 addresses
Jun  2 16:07:16 gtw01 dnsmasq-dhcp[8779]: read /var/lib/neutron/dhcp/412a0fdf-fd78-4d9f-8b87-a74a5a6816f1/host
Jun  2 16:07:16 gtw01 dnsmasq-dhcp[8779]: read /var/lib/neutron/dhcp/412a0fdf-fd78-4d9f-8b87-a74a5a6816f1/opts
Jun  2 16:07:16 gtw01 dnsmasq[9767]: read /var/lib/neutron/dhcp/185e969c-d70d-4c59-8b7f-da9b686ca797/addn_hosts - 2 addresses
Jun  2 16:07:16 gtw01 dnsmasq-dhcp[9767]: read /var/lib/neutron/dhcp/185e969c-d70d-4c59-8b7f-da9b686ca797/host
Jun  2 16:07:16 gtw01 dnsmasq-dhcp[9767]: read /var/lib/neutron/dhcp/185e969c-d70d-4c59-8b7f-da9b686ca797/opts
Jun  2 16:07:17 gtw01 dnsmasq[9767]: read /var/lib/neutron/dhcp/185e969c-d70d-4c59-8b7f-da9b686ca797/addn_hosts - 2 addresses
Jun  2 16:07:17 gtw01 dnsmasq-dhcp[9767]: read /var/lib/neutron/dhcp/185e969c-d70d-4c59-8b7f-da9b686ca797/host
Jun  2 16:07:17 gtw01 dnsmasq-dhcp[9767]: read /var/lib/neutron/dhcp/185e969c-d70d-4c59-8b7f-da9b686ca797/opts
Jun  2 16:07:18 gtw01 dnsmasq[9767]: read /var/lib/neutron/dhcp/185e969c-d70d-4c59-8b7f-da9b686ca797/addn_hosts - 2 addresses
Jun  2 16:07:18 gtw01 dnsmasq-dhcp[9767]: read /var/lib/neutron/dhcp/185e969c-d70d-4c59-8b7f-da9b686ca797/host
Jun  2 16:07:18 gtw01 dnsmasq-dhcp[9767]: read /var/lib/neutron/dhcp/185e969c-d70d-4c59-8b7f-da9b686ca797/opts
Jun  2 16:07:19 gtw01 dnsmasq[8779]: read /var/lib/neutron/dhcp/412a0fdf-fd78-4d9f-8b87-a74a5a6816f1/addn_hosts - 1 addresses
Jun  2 16:07:19 gtw01 dnsmasq-dhcp[8779]: read /var/lib/neutron/dhcp/412a0fdf-fd78-4d9f-8b87-a74a5a6816f1/host
Jun  2 16:07:19 gtw01 dnsmasq-dhcp[8779]: read /var/lib/neutron/dhcp/412a0fdf-fd78-4d9f-8b87-a74a5a6816f1/opts
Jun  2 16:07:19 gtw01 dnsmasq[9767]: read /var/lib/neutron/dhcp/185e969c-d70d-4c59-8b7f-da9b686ca797/addn_hosts - 2 addresses
Jun  2 16:07:19 gtw01 dnsmasq-dhcp[9767]: read /var/lib/neutron/dhcp/185e969c-d70d-4c59-8b7f-da9b686ca797/host
Jun  2 16:07:19 gtw01 dnsmasq-dhcp[9767]: read /var/lib/neutron/dhcp/185e969c-d70d-4c59-8b7f-da9b686ca797/opts
Jun  2 16:07:20 gtw01 kernel: [ 5183.033500] device tapb1f2b6a3-f5 left promiscuous mode
Jun  2 16:07:20 gtw01 dnsmasq-dhcp[7712]: DHCPRELEASE(tap66b8119d-77) 192.168.120.6 fa:16:3e:db:8c:78
Jun  2 16:07:24 gtw01 kernel: [ 5186.277112] device tap562da4dd-3d left promiscuous mode
Jun  2 16:07:24 gtw01 dnsmasq[9567]: read /var/lib/neutron/dhcp/419e3a3b-e9f2-4d01-aad1-cb530f77980a/addn_hosts - 1 addresses
Jun  2 16:07:24 gtw01 dnsmasq-dhcp[9567]: read /var/lib/neutron/dhcp/419e3a3b-e9f2-4d01-aad1-cb530f77980a/host
Jun  2 16:07:24 gtw01 dnsmasq-dhcp[9567]: read /var/lib/neutron/dhcp/419e3a3b-e9f2-4d01-aad1-cb530f77980a/opts
Jun  2 16:07:26 gtw01 kernel: [ 5189.255268] device tap272498df-8a left promiscuous mode
Jun  2 16:07:30 gtw01 dnsmasq[9334]: read /var/lib/neutron/dhcp/621b2eeb-097e-4ae1-8fc5-72debb930ae3/addn_hosts - 1 addresses
Jun  2 16:07:30 gtw01 dnsmasq-dhcp[9334]: read /var/lib/neutron/dhcp/621b2eeb-097e-4ae1-8fc5-72debb930ae3/host
Jun  2 16:07:30 gtw01 dnsmasq-dhcp[9334]: read /var/lib/neutron/dhcp/621b2eeb-097e-4ae1-8fc5-72debb930ae3/opts
Jun  2 16:07:32 gtw01 systemd-udevd[9973]: Could not generate persistent MAC address for tap2868421a-08: No such file or directory
Jun  2 16:07:32 gtw01 kernel: [ 5194.640460] device tap2868421a-08 entered promiscuous mode
Jun  2 16:07:32 gtw01 systemd-udevd[10018]: Process '/sbin/ip link set tap2868421a-08 txqueuelen 10000' failed with exit code 1.
Jun  2 16:07:33 gtw01 kernel: [ 5195.331462] device tapec2a1717-ca left promiscuous mode
Jun  2 16:07:35 gtw01 dnsmasq[10090]: started, version 2.80 cachesize 150
Jun  2 16:07:35 gtw01 dnsmasq[10090]: DNS service limited to local subnets
Jun  2 16:07:35 gtw01 dnsmasq[10090]: compile time options: IPv6 GNU-getopt DBus i18n IDN DHCP DHCPv6 no-Lua TFTP conntrack ipset auth DNSSEC loop-detect inotify dumpfile
Jun  2 16:07:35 gtw01 dnsmasq[10090]: warning: no upstream servers configured
Jun  2 16:07:35 gtw01 dnsmasq-dhcp[10090]: DHCP, static leases only on 192.168.120.0, lease time 1h
Jun  2 16:07:35 gtw01 dnsmasq[10090]: read /var/lib/neutron/dhcp/c61f14ad-7b00-4d14-97ac-47d3c7380aca/addn_hosts - 1 addresses
Jun  2 16:07:35 gtw01 dnsmasq-dhcp[10090]: read /var/lib/neutron/dhcp/c61f14ad-7b00-4d14-97ac-47d3c7380aca/host
Jun  2 16:07:35 gtw01 dnsmasq-dhcp[10090]: read /var/lib/neutron/dhcp/c61f14ad-7b00-4d14-97ac-47d3c7380aca/opts
Jun  2 16:07:35 gtw01 haproxy-metadata-proxy-c61f14ad-7b00-4d14-97ac-47d3c7380aca[10094]: Proxy listener started.
Jun  2 16:07:36 gtw01 dnsmasq[10090]: read /var/lib/neutron/dhcp/c61f14ad-7b00-4d14-97ac-47d3c7380aca/addn_hosts - 1 addresses
Jun  2 16:07:36 gtw01 dnsmasq-dhcp[10090]: read /var/lib/neutron/dhcp/c61f14ad-7b00-4d14-97ac-47d3c7380aca/host
Jun  2 16:07:36 gtw01 dnsmasq-dhcp[10090]: read /var/lib/neutron/dhcp/c61f14ad-7b00-4d14-97ac-47d3c7380aca/opts
Jun  2 16:07:37 gtw01 dnsmasq-dhcp[7712]: DHCPDISCOVER(tap66b8119d-77) fa:16:3e:db:8c:78
Jun  2 16:07:37 gtw01 dnsmasq-dhcp[7712]: DHCPOFFER(tap66b8119d-77) 192.168.120.6 fa:16:3e:db:8c:78
Jun  2 16:07:37 gtw01 dnsmasq-dhcp[7712]: DHCPREQUEST(tap66b8119d-77) 192.168.120.6 fa:16:3e:db:8c:78
Jun  2 16:07:37 gtw01 dnsmasq-dhcp[7712]: DHCPACK(tap66b8119d-77) 192.168.120.6 fa:16:3e:db:8c:78 host-192-168-120-6
Jun  2 16:07:37 gtw01 dnsmasq[9135]: read /var/lib/neutron/dhcp/3d55336f-a4e0-45ba-b321-b326e3d9fa72/addn_hosts - 1 addresses
Jun  2 16:07:37 gtw01 dnsmasq-dhcp[9135]: read /var/lib/neutron/dhcp/3d55336f-a4e0-45ba-b321-b326e3d9fa72/host
Jun  2 16:07:37 gtw01 dnsmasq-dhcp[9135]: read /var/lib/neutron/dhcp/3d55336f-a4e0-45ba-b321-b326e3d9fa72/opts
Jun  2 16:07:37 gtw01 dnsmasq[10090]: read /var/lib/neutron/dhcp/c61f14ad-7b00-4d14-97ac-47d3c7380aca/addn_hosts - 1 addresses
Jun  2 16:07:37 gtw01 dnsmasq-dhcp[10090]: read /var/lib/neutron/dhcp/c61f14ad-7b00-4d14-97ac-47d3c7380aca/host
Jun  2 16:07:37 gtw01 dnsmasq-dhcp[10090]: read /var/lib/neutron/dhcp/c61f14ad-7b00-4d14-97ac-47d3c7380aca/opts
Jun  2 16:07:38 gtw01 dnsmasq[10090]: read /var/lib/neutron/dhcp/c61f14ad-7b00-4d14-97ac-47d3c7380aca/addn_hosts - 2 addresses
Jun  2 16:07:38 gtw01 dnsmasq-dhcp[10090]: read /var/lib/neutron/dhcp/c61f14ad-7b00-4d14-97ac-47d3c7380aca/host
Jun  2 16:07:38 gtw01 dnsmasq-dhcp[10090]: read /var/lib/neutron/dhcp/c61f14ad-7b00-4d14-97ac-47d3c7380aca/opts
Jun  2 16:07:39 gtw01 dnsmasq[10090]: read /var/lib/neutron/dhcp/c61f14ad-7b00-4d14-97ac-47d3c7380aca/addn_hosts - 3 addresses
Jun  2 16:07:39 gtw01 dnsmasq-dhcp[10090]: read /var/lib/neutron/dhcp/c61f14ad-7b00-4d14-97ac-47d3c7380aca/host
Jun  2 16:07:39 gtw01 dnsmasq-dhcp[10090]: read /var/lib/neutron/dhcp/c61f14ad-7b00-4d14-97ac-47d3c7380aca/opts
Jun  2 16:07:40 gtw01 dnsmasq[10090]: read /var/lib/neutron/dhcp/c61f14ad-7b00-4d14-97ac-47d3c7380aca/addn_hosts - 3 addresses
Jun  2 16:07:40 gtw01 dnsmasq-dhcp[10090]: read /var/lib/neutron/dhcp/c61f14ad-7b00-4d14-97ac-47d3c7380aca/host
Jun  2 16:07:40 gtw01 dnsmasq-dhcp[10090]: read /var/lib/neutron/dhcp/c61f14ad-7b00-4d14-97ac-47d3c7380aca/opts
Jun  2 16:07:40 gtw01 kernel: [ 5203.262514] device tapfd506632-76 left promiscuous mode
Jun  2 16:07:41 gtw01 dnsmasq[10090]: read /var/lib/neutron/dhcp/c61f14ad-7b00-4d14-97ac-47d3c7380aca/addn_hosts - 4 addresses
Jun  2 16:07:41 gtw01 dnsmasq-dhcp[10090]: read /var/lib/neutron/dhcp/c61f14ad-7b00-4d14-97ac-47d3c7380aca/host
Jun  2 16:07:41 gtw01 dnsmasq-dhcp[10090]: read /var/lib/neutron/dhcp/c61f14ad-7b00-4d14-97ac-47d3c7380aca/opts
Jun  2 16:07:42 gtw01 dnsmasq[10090]: read /var/lib/neutron/dhcp/c61f14ad-7b00-4d14-97ac-47d3c7380aca/addn_hosts - 4 addresses
Jun  2 16:07:42 gtw01 dnsmasq-dhcp[10090]: read /var/lib/neutron/dhcp/c61f14ad-7b00-4d14-97ac-47d3c7380aca/host
Jun  2 16:07:42 gtw01 dnsmasq-dhcp[10090]: read /var/lib/neutron/dhcp/c61f14ad-7b00-4d14-97ac-47d3c7380aca/opts
Jun  2 16:07:43 gtw01 dnsmasq[10090]: read /var/lib/neutron/dhcp/c61f14ad-7b00-4d14-97ac-47d3c7380aca/addn_hosts - 4 addresses
Jun  2 16:07:43 gtw01 dnsmasq-dhcp[10090]: read /var/lib/neutron/dhcp/c61f14ad-7b00-4d14-97ac-47d3c7380aca/host
Jun  2 16:07:43 gtw01 dnsmasq-dhcp[10090]: read /var/lib/neutron/dhcp/c61f14ad-7b00-4d14-97ac-47d3c7380aca/opts
Jun  2 16:07:43 gtw01 dnsmasq[10090]: read /var/lib/neutron/dhcp/c61f14ad-7b00-4d14-97ac-47d3c7380aca/addn_hosts - 4 addresses
Jun  2 16:07:43 gtw01 dnsmasq-dhcp[10090]: read /var/lib/neutron/dhcp/c61f14ad-7b00-4d14-97ac-47d3c7380aca/host
Jun  2 16:07:43 gtw01 dnsmasq-dhcp[10090]: read /var/lib/neutron/dhcp/c61f14ad-7b00-4d14-97ac-47d3c7380aca/opts
Jun  2 16:07:44 gtw01 dnsmasq[10090]: read /var/lib/neutron/dhcp/c61f14ad-7b00-4d14-97ac-47d3c7380aca/addn_hosts - 4 addresses
Jun  2 16:07:44 gtw01 dnsmasq-dhcp[10090]: read /var/lib/neutron/dhcp/c61f14ad-7b00-4d14-97ac-47d3c7380aca/host
Jun  2 16:07:44 gtw01 dnsmasq-dhcp[10090]: read /var/lib/neutron/dhcp/c61f14ad-7b00-4d14-97ac-47d3c7380aca/opts
Jun  2 16:07:45 gtw01 dnsmasq[10090]: read /var/lib/neutron/dhcp/c61f14ad-7b00-4d14-97ac-47d3c7380aca/addn_hosts - 4 addresses
Jun  2 16:07:45 gtw01 dnsmasq-dhcp[10090]: read /var/lib/neutron/dhcp/c61f14ad-7b00-4d14-97ac-47d3c7380aca/host
Jun  2 16:07:45 gtw01 dnsmasq-dhcp[10090]: read /var/lib/neutron/dhcp/c61f14ad-7b00-4d14-97ac-47d3c7380aca/opts
Jun  2 16:07:46 gtw01 dnsmasq-dhcp[7712]: DHCPRELEASE(tap66b8119d-77) 192.168.120.6 fa:16:3e:db:8c:78
Jun  2 16:07:46 gtw01 dnsmasq[10090]: read /var/lib/neutron/dhcp/c61f14ad-7b00-4d14-97ac-47d3c7380aca/addn_hosts - 4 addresses
Jun  2 16:07:46 gtw01 dnsmasq-dhcp[10090]: read /var/lib/neutron/dhcp/c61f14ad-7b00-4d14-97ac-47d3c7380aca/host
Jun  2 16:07:46 gtw01 dnsmasq-dhcp[10090]: read /var/lib/neutron/dhcp/c61f14ad-7b00-4d14-97ac-47d3c7380aca/opts
Jun  2 16:07:51 gtw01 dnsmasq[10090]: read /var/lib/neutron/dhcp/c61f14ad-7b00-4d14-97ac-47d3c7380aca/addn_hosts - 3 addresses
Jun  2 16:07:51 gtw01 dnsmasq-dhcp[10090]: read /var/lib/neutron/dhcp/c61f14ad-7b00-4d14-97ac-47d3c7380aca/host
Jun  2 16:07:51 gtw01 dnsmasq-dhcp[10090]: read /var/lib/neutron/dhcp/c61f14ad-7b00-4d14-97ac-47d3c7380aca/opts
Jun  2 16:07:54 gtw01 dnsmasq-dhcp[10090]: DHCPDISCOVER(tap2868421a-08) fa:16:3e:50:1b:db
Jun  2 16:07:54 gtw01 dnsmasq-dhcp[10090]: DHCPOFFER(tap2868421a-08) 192.168.120.3 fa:16:3e:50:1b:db
Jun  2 16:07:54 gtw01 dnsmasq-dhcp[10090]: DHCPREQUEST(tap2868421a-08) 192.168.120.3 fa:16:3e:50:1b:db
Jun  2 16:07:54 gtw01 dnsmasq-dhcp[10090]: DHCPACK(tap2868421a-08) 192.168.120.3 fa:16:3e:50:1b:db host-192-168-120-3
Jun  2 16:07:55 gtw01 dnsmasq[10090]: read /var/lib/neutron/dhcp/c61f14ad-7b00-4d14-97ac-47d3c7380aca/addn_hosts - 2 addresses
Jun  2 16:07:55 gtw01 dnsmasq-dhcp[10090]: read /var/lib/neutron/dhcp/c61f14ad-7b00-4d14-97ac-47d3c7380aca/host
Jun  2 16:07:55 gtw01 dnsmasq-dhcp[10090]: read /var/lib/neutron/dhcp/c61f14ad-7b00-4d14-97ac-47d3c7380aca/opts
Jun  2 16:07:57 gtw01 dnsmasq-dhcp[10090]: DHCPRELEASE(tap2868421a-08) 192.168.120.3 fa:16:3e:50:1b:db
Jun  2 16:07:57 gtw01 dnsmasq-dhcp[10090]: DHCPRELEASE(tap2868421a-08) 192.168.120.3 fa:16:3e:50:1b:db unknown lease
Jun  2 16:07:58 gtw01 dnsmasq[10090]: read /var/lib/neutron/dhcp/c61f14ad-7b00-4d14-97ac-47d3c7380aca/addn_hosts - 1 addresses
Jun  2 16:07:58 gtw01 dnsmasq-dhcp[10090]: read /var/lib/neutron/dhcp/c61f14ad-7b00-4d14-97ac-47d3c7380aca/host
Jun  2 16:07:58 gtw01 dnsmasq-dhcp[10090]: read /var/lib/neutron/dhcp/c61f14ad-7b00-4d14-97ac-47d3c7380aca/opts
Jun  2 16:08:00 gtw01 kernel: [ 5222.323490] device tap2868421a-08 left promiscuous mode
Jun  2 16:08:03 gtw01 dnsmasq-dhcp[7712]: DHCPDISCOVER(tap66b8119d-77) fa:16:3e:db:8c:78
Jun  2 16:08:03 gtw01 dnsmasq-dhcp[7712]: DHCPOFFER(tap66b8119d-77) 192.168.120.6 fa:16:3e:db:8c:78
Jun  2 16:08:03 gtw01 dnsmasq-dhcp[7712]: DHCPREQUEST(tap66b8119d-77) 192.168.120.6 fa:16:3e:db:8c:78
Jun  2 16:08:03 gtw01 dnsmasq-dhcp[7712]: DHCPACK(tap66b8119d-77) 192.168.120.6 fa:16:3e:db:8c:78 host-192-168-120-6
Jun  2 16:08:05 gtw01 dnsmasq-dhcp[7712]: DHCPRELEASE(tap66b8119d-77) 192.168.120.6 fa:16:3e:db:8c:78
Jun  2 16:08:09 gtw01 dnsmasq[6337]: read /var/lib/neutron/dhcp/f7931850-8c10-4945-ad1b-683403aee7ab/addn_hosts - 3 addresses
Jun  2 16:08:09 gtw01 dnsmasq-dhcp[6337]: read /var/lib/neutron/dhcp/f7931850-8c10-4945-ad1b-683403aee7ab/host
Jun  2 16:08:09 gtw01 dnsmasq-dhcp[6337]: read /var/lib/neutron/dhcp/f7931850-8c10-4945-ad1b-683403aee7ab/opts
Jun  2 16:08:10 gtw01 dnsmasq[6337]: read /var/lib/neutron/dhcp/f7931850-8c10-4945-ad1b-683403aee7ab/addn_hosts - 3 addresses
Jun  2 16:08:10 gtw01 dnsmasq-dhcp[6337]: read /var/lib/neutron/dhcp/f7931850-8c10-4945-ad1b-683403aee7ab/host
Jun  2 16:08:10 gtw01 dnsmasq-dhcp[6337]: read /var/lib/neutron/dhcp/f7931850-8c10-4945-ad1b-683403aee7ab/opts
Jun  2 16:08:10 gtw01 dnsmasq[6337]: read /var/lib/neutron/dhcp/f7931850-8c10-4945-ad1b-683403aee7ab/addn_hosts - 3 addresses
Jun  2 16:08:10 gtw01 dnsmasq-dhcp[6337]: read /var/lib/neutron/dhcp/f7931850-8c10-4945-ad1b-683403aee7ab/host
Jun  2 16:08:10 gtw01 dnsmasq-dhcp[6337]: read /var/lib/neutron/dhcp/f7931850-8c10-4945-ad1b-683403aee7ab/opts
Jun  2 16:08:17 gtw01 dnsmasq[7712]: read /var/lib/neutron/dhcp/797874f3-f4ea-4c78-8992-52434b45b5be/addn_hosts - 2 addresses
Jun  2 16:08:17 gtw01 dnsmasq-dhcp[7712]: read /var/lib/neutron/dhcp/797874f3-f4ea-4c78-8992-52434b45b5be/host
Jun  2 16:08:17 gtw01 dnsmasq-dhcp[7712]: read /var/lib/neutron/dhcp/797874f3-f4ea-4c78-8992-52434b45b5be/opts
Jun  2 16:08:21 gtw01 dnsmasq[7712]: read /var/lib/neutron/dhcp/797874f3-f4ea-4c78-8992-52434b45b5be/addn_hosts - 1 addresses
Jun  2 16:08:21 gtw01 dnsmasq-dhcp[7712]: read /var/lib/neutron/dhcp/797874f3-f4ea-4c78-8992-52434b45b5be/host
Jun  2 16:08:21 gtw01 dnsmasq-dhcp[7712]: read /var/lib/neutron/dhcp/797874f3-f4ea-4c78-8992-52434b45b5be/opts
Jun  2 16:08:23 gtw01 dnsmasq-dhcp[6337]: DHCPDISCOVER(tapdaf009ab-00) fa:16:3e:64:6e:ee
Jun  2 16:08:23 gtw01 dnsmasq-dhcp[6337]: DHCPOFFER(tapdaf009ab-00) 192.168.120.12 fa:16:3e:64:6e:ee
Jun  2 16:08:23 gtw01 dnsmasq-dhcp[6337]: DHCPREQUEST(tapdaf009ab-00) 192.168.120.12 fa:16:3e:64:6e:ee
Jun  2 16:08:23 gtw01 dnsmasq-dhcp[6337]: DHCPACK(tapdaf009ab-00) 192.168.120.12 fa:16:3e:64:6e:ee host-192-168-120-12
Jun  2 16:08:27 gtw01 kernel: [ 5249.300178] device tap66b8119d-77 left promiscuous mode
Jun  2 16:08:33 gtw01 dnsmasq-dhcp[6337]: DHCPRELEASE(tapdaf009ab-00) 192.168.120.12 fa:16:3e:64:6e:ee
Jun  2 16:08:34 gtw01 dnsmasq-dhcp[6337]: DHCPRELEASE(tapdaf009ab-00) 192.168.120.12 fa:16:3e:64:6e:ee unknown lease
Jun  2 16:08:34 gtw01 dnsmasq[6337]: read /var/lib/neutron/dhcp/f7931850-8c10-4945-ad1b-683403aee7ab/addn_hosts - 2 addresses
Jun  2 16:08:34 gtw01 dnsmasq-dhcp[6337]: read /var/lib/neutron/dhcp/f7931850-8c10-4945-ad1b-683403aee7ab/host
Jun  2 16:08:34 gtw01 dnsmasq-dhcp[6337]: read /var/lib/neutron/dhcp/f7931850-8c10-4945-ad1b-683403aee7ab/opts
Jun  2 16:08:39 gtw01 dnsmasq[6337]: read /var/lib/neutron/dhcp/f7931850-8c10-4945-ad1b-683403aee7ab/addn_hosts - 3 addresses
Jun  2 16:08:39 gtw01 dnsmasq-dhcp[6337]: read /var/lib/neutron/dhcp/f7931850-8c10-4945-ad1b-683403aee7ab/host
Jun  2 16:08:39 gtw01 dnsmasq-dhcp[6337]: read /var/lib/neutron/dhcp/f7931850-8c10-4945-ad1b-683403aee7ab/opts
Jun  2 16:08:40 gtw01 dnsmasq[6337]: read /var/lib/neutron/dhcp/f7931850-8c10-4945-ad1b-683403aee7ab/addn_hosts - 3 addresses
Jun  2 16:08:40 gtw01 dnsmasq-dhcp[6337]: read /var/lib/neutron/dhcp/f7931850-8c10-4945-ad1b-683403aee7ab/host
Jun  2 16:08:40 gtw01 dnsmasq-dhcp[6337]: read /var/lib/neutron/dhcp/f7931850-8c10-4945-ad1b-683403aee7ab/opts
Jun  2 16:08:41 gtw01 dnsmasq[6337]: read /var/lib/neutron/dhcp/f7931850-8c10-4945-ad1b-683403aee7ab/addn_hosts - 3 addresses
Jun  2 16:08:41 gtw01 dnsmasq-dhcp[6337]: read /var/lib/neutron/dhcp/f7931850-8c10-4945-ad1b-683403aee7ab/host
Jun  2 16:08:41 gtw01 dnsmasq-dhcp[6337]: read /var/lib/neutron/dhcp/f7931850-8c10-4945-ad1b-683403aee7ab/opts
Jun  2 16:08:46 gtw01 kernel: [ 5269.116077] device tap7c979807-1e entered promiscuous mode
Jun  2 16:08:46 gtw01 systemd-udevd[10562]: Could not generate persistent MAC address for tap7c979807-1e: No such file or directory
Jun  2 16:08:46 gtw01 systemd-udevd[10608]: Process '/sbin/ip link set tap7c979807-1e txqueuelen 10000' failed with exit code 1.
Jun  2 16:08:48 gtw01 dnsmasq[6337]: read /var/lib/neutron/dhcp/f7931850-8c10-4945-ad1b-683403aee7ab/addn_hosts - 2 addresses
Jun  2 16:08:48 gtw01 dnsmasq-dhcp[6337]: read /var/lib/neutron/dhcp/f7931850-8c10-4945-ad1b-683403aee7ab/host
Jun  2 16:08:48 gtw01 dnsmasq-dhcp[6337]: read /var/lib/neutron/dhcp/f7931850-8c10-4945-ad1b-683403aee7ab/opts
Jun  2 16:08:50 gtw01 dnsmasq[10688]: started, version 2.80 cachesize 150
Jun  2 16:08:50 gtw01 dnsmasq[10688]: DNS service limited to local subnets
Jun  2 16:08:50 gtw01 dnsmasq[10688]: compile time options: IPv6 GNU-getopt DBus i18n IDN DHCP DHCPv6 no-Lua TFTP conntrack ipset auth DNSSEC loop-detect inotify dumpfile
Jun  2 16:08:50 gtw01 dnsmasq[10688]: warning: no upstream servers configured
Jun  2 16:08:50 gtw01 dnsmasq-dhcp[10688]: DHCP, static leases only on 192.168.120.0, lease time 1h
Jun  2 16:08:50 gtw01 dnsmasq[10688]: read /var/lib/neutron/dhcp/82e91f08-4d39-4ee7-8b11-4aaaa314a091/addn_hosts - 1 addresses
Jun  2 16:08:50 gtw01 dnsmasq-dhcp[10688]: read /var/lib/neutron/dhcp/82e91f08-4d39-4ee7-8b11-4aaaa314a091/host
Jun  2 16:08:50 gtw01 dnsmasq-dhcp[10688]: read /var/lib/neutron/dhcp/82e91f08-4d39-4ee7-8b11-4aaaa314a091/opts
Jun  2 16:08:50 gtw01 haproxy-metadata-proxy-82e91f08-4d39-4ee7-8b11-4aaaa314a091[10692]: Proxy listener started.
Jun  2 16:08:50 gtw01 dnsmasq[10688]: read /var/lib/neutron/dhcp/82e91f08-4d39-4ee7-8b11-4aaaa314a091/addn_hosts - 2 addresses
Jun  2 16:08:50 gtw01 dnsmasq-dhcp[10688]: read /var/lib/neutron/dhcp/82e91f08-4d39-4ee7-8b11-4aaaa314a091/host
Jun  2 16:08:50 gtw01 dnsmasq-dhcp[10688]: read /var/lib/neutron/dhcp/82e91f08-4d39-4ee7-8b11-4aaaa314a091/opts
Jun  2 16:08:51 gtw01 dnsmasq[10688]: read /var/lib/neutron/dhcp/82e91f08-4d39-4ee7-8b11-4aaaa314a091/addn_hosts - 2 addresses
Jun  2 16:08:51 gtw01 dnsmasq-dhcp[10688]: read /var/lib/neutron/dhcp/82e91f08-4d39-4ee7-8b11-4aaaa314a091/host
Jun  2 16:08:51 gtw01 dnsmasq-dhcp[10688]: read /var/lib/neutron/dhcp/82e91f08-4d39-4ee7-8b11-4aaaa314a091/opts
Jun  2 16:08:52 gtw01 dnsmasq[6337]: read /var/lib/neutron/dhcp/f7931850-8c10-4945-ad1b-683403aee7ab/addn_hosts - 3 addresses
Jun  2 16:08:52 gtw01 dnsmasq-dhcp[6337]: read /var/lib/neutron/dhcp/f7931850-8c10-4945-ad1b-683403aee7ab/host
Jun  2 16:08:52 gtw01 dnsmasq-dhcp[6337]: read /var/lib/neutron/dhcp/f7931850-8c10-4945-ad1b-683403aee7ab/opts
Jun  2 16:08:52 gtw01 dnsmasq[10688]: read /var/lib/neutron/dhcp/82e91f08-4d39-4ee7-8b11-4aaaa314a091/addn_hosts - 2 addresses
Jun  2 16:08:52 gtw01 dnsmasq-dhcp[10688]: read /var/lib/neutron/dhcp/82e91f08-4d39-4ee7-8b11-4aaaa314a091/host
Jun  2 16:08:52 gtw01 dnsmasq-dhcp[10688]: read /var/lib/neutron/dhcp/82e91f08-4d39-4ee7-8b11-4aaaa314a091/opts
Jun  2 16:08:53 gtw01 dnsmasq[6337]: read /var/lib/neutron/dhcp/f7931850-8c10-4945-ad1b-683403aee7ab/addn_hosts - 3 addresses
Jun  2 16:08:53 gtw01 dnsmasq-dhcp[6337]: read /var/lib/neutron/dhcp/f7931850-8c10-4945-ad1b-683403aee7ab/host
Jun  2 16:08:53 gtw01 dnsmasq-dhcp[6337]: read /var/lib/neutron/dhcp/f7931850-8c10-4945-ad1b-683403aee7ab/opts
Jun  2 16:08:53 gtw01 dnsmasq[10688]: read /var/lib/neutron/dhcp/82e91f08-4d39-4ee7-8b11-4aaaa314a091/addn_hosts - 2 addresses
Jun  2 16:08:53 gtw01 dnsmasq-dhcp[10688]: read /var/lib/neutron/dhcp/82e91f08-4d39-4ee7-8b11-4aaaa314a091/host
Jun  2 16:08:53 gtw01 dnsmasq-dhcp[10688]: read /var/lib/neutron/dhcp/82e91f08-4d39-4ee7-8b11-4aaaa314a091/opts
Jun  2 16:08:54 gtw01 dnsmasq[6337]: read /var/lib/neutron/dhcp/f7931850-8c10-4945-ad1b-683403aee7ab/addn_hosts - 3 addresses
Jun  2 16:08:54 gtw01 dnsmasq-dhcp[6337]: read /var/lib/neutron/dhcp/f7931850-8c10-4945-ad1b-683403aee7ab/host
Jun  2 16:08:54 gtw01 dnsmasq-dhcp[6337]: read /var/lib/neutron/dhcp/f7931850-8c10-4945-ad1b-683403aee7ab/opts
Jun  2 16:08:54 gtw01 dnsmasq[10688]: read /var/lib/neutron/dhcp/82e91f08-4d39-4ee7-8b11-4aaaa314a091/addn_hosts - 2 addresses
Jun  2 16:08:54 gtw01 dnsmasq-dhcp[10688]: read /var/lib/neutron/dhcp/82e91f08-4d39-4ee7-8b11-4aaaa314a091/host
Jun  2 16:08:54 gtw01 dnsmasq-dhcp[10688]: read /var/lib/neutron/dhcp/82e91f08-4d39-4ee7-8b11-4aaaa314a091/opts
Jun  2 16:08:57 gtw01 dnsmasq[10688]: read /var/lib/neutron/dhcp/82e91f08-4d39-4ee7-8b11-4aaaa314a091/addn_hosts - 3 addresses
Jun  2 16:08:57 gtw01 dnsmasq-dhcp[10688]: read /var/lib/neutron/dhcp/82e91f08-4d39-4ee7-8b11-4aaaa314a091/host
Jun  2 16:08:57 gtw01 dnsmasq-dhcp[10688]: read /var/lib/neutron/dhcp/82e91f08-4d39-4ee7-8b11-4aaaa314a091/opts
Jun  2 16:08:58 gtw01 dnsmasq[10688]: read /var/lib/neutron/dhcp/82e91f08-4d39-4ee7-8b11-4aaaa314a091/addn_hosts - 3 addresses
Jun  2 16:08:58 gtw01 dnsmasq-dhcp[10688]: read /var/lib/neutron/dhcp/82e91f08-4d39-4ee7-8b11-4aaaa314a091/host
Jun  2 16:08:58 gtw01 dnsmasq-dhcp[10688]: read /var/lib/neutron/dhcp/82e91f08-4d39-4ee7-8b11-4aaaa314a091/opts
Jun  2 16:08:59 gtw01 dnsmasq[10688]: read /var/lib/neutron/dhcp/82e91f08-4d39-4ee7-8b11-4aaaa314a091/addn_hosts - 3 addresses
Jun  2 16:08:59 gtw01 dnsmasq-dhcp[10688]: read /var/lib/neutron/dhcp/82e91f08-4d39-4ee7-8b11-4aaaa314a091/host
Jun  2 16:08:59 gtw01 dnsmasq-dhcp[10688]: read /var/lib/neutron/dhcp/82e91f08-4d39-4ee7-8b11-4aaaa314a091/opts
Jun  2 16:09:00 gtw01 dnsmasq[6337]: read /var/lib/neutron/dhcp/f7931850-8c10-4945-ad1b-683403aee7ab/addn_hosts - 4 addresses
Jun  2 16:09:00 gtw01 dnsmasq-dhcp[6337]: read /var/lib/neutron/dhcp/f7931850-8c10-4945-ad1b-683403aee7ab/host
Jun  2 16:09:00 gtw01 dnsmasq-dhcp[6337]: read /var/lib/neutron/dhcp/f7931850-8c10-4945-ad1b-683403aee7ab/opts
Jun  2 16:09:01 gtw01 dnsmasq[6337]: read /var/lib/neutron/dhcp/f7931850-8c10-4945-ad1b-683403aee7ab/addn_hosts - 4 addresses
Jun  2 16:09:01 gtw01 dnsmasq-dhcp[6337]: read /var/lib/neutron/dhcp/f7931850-8c10-4945-ad1b-683403aee7ab/host
Jun  2 16:09:01 gtw01 dnsmasq-dhcp[6337]: read /var/lib/neutron/dhcp/f7931850-8c10-4945-ad1b-683403aee7ab/opts
