Jun  2 17:56:20 gtw01 dnsmasq-dhcp[28985]: read /var/lib/neutron/dhcp/9bcca71c-6d02-4acf-89c1-ad4f98bbd4f7/host
Jun  2 17:56:20 gtw01 dnsmasq-dhcp[28985]: read /var/lib/neutron/dhcp/9bcca71c-6d02-4acf-89c1-ad4f98bbd4f7/opts
Jun  2 17:56:21 gtw01 dnsmasq[29007]: read /var/lib/neutron/dhcp/df3ad1a0-d51e-4e23-8bad-3aeb6ae20d03/addn_hosts - 3 addresses
Jun  2 17:56:21 gtw01 dnsmasq-dhcp[29007]: read /var/lib/neutron/dhcp/df3ad1a0-d51e-4e23-8bad-3aeb6ae20d03/host
Jun  2 17:56:21 gtw01 dnsmasq-dhcp[29007]: read /var/lib/neutron/dhcp/df3ad1a0-d51e-4e23-8bad-3aeb6ae20d03/opts
Jun  2 17:56:21 gtw01 dnsmasq[28984]: read /var/lib/neutron/dhcp/b0fb8cf7-6a11-4ddb-a81e-b34df20ddc46/addn_hosts - 3 addresses
Jun  2 17:56:21 gtw01 dnsmasq-dhcp[28984]: read /var/lib/neutron/dhcp/b0fb8cf7-6a11-4ddb-a81e-b34df20ddc46/host
Jun  2 17:56:21 gtw01 dnsmasq-dhcp[28984]: read /var/lib/neutron/dhcp/b0fb8cf7-6a11-4ddb-a81e-b34df20ddc46/opts
Jun  2 17:56:22 gtw01 dnsmasq[28985]: read /var/lib/neutron/dhcp/9bcca71c-6d02-4acf-89c1-ad4f98bbd4f7/addn_hosts - 3 addresses
Jun  2 17:56:22 gtw01 dnsmasq-dhcp[28985]: read /var/lib/neutron/dhcp/9bcca71c-6d02-4acf-89c1-ad4f98bbd4f7/host
Jun  2 17:56:22 gtw01 dnsmasq-dhcp[28985]: read /var/lib/neutron/dhcp/9bcca71c-6d02-4acf-89c1-ad4f98bbd4f7/opts
Jun  2 17:56:22 gtw01 kernel: [11725.099452] device tapeb555481-47 left promiscuous mode
Jun  2 17:56:23 gtw01 dnsmasq[28985]: read /var/lib/neutron/dhcp/9bcca71c-6d02-4acf-89c1-ad4f98bbd4f7/addn_hosts - 2 addresses
Jun  2 17:56:23 gtw01 dnsmasq-dhcp[28985]: read /var/lib/neutron/dhcp/9bcca71c-6d02-4acf-89c1-ad4f98bbd4f7/host
Jun  2 17:56:23 gtw01 dnsmasq-dhcp[28985]: read /var/lib/neutron/dhcp/9bcca71c-6d02-4acf-89c1-ad4f98bbd4f7/opts
Jun  2 17:56:25 gtw01 dnsmasq[29007]: read /var/lib/neutron/dhcp/df3ad1a0-d51e-4e23-8bad-3aeb6ae20d03/addn_hosts - 2 addresses
Jun  2 17:56:25 gtw01 dnsmasq-dhcp[29007]: read /var/lib/neutron/dhcp/df3ad1a0-d51e-4e23-8bad-3aeb6ae20d03/host
Jun  2 17:56:25 gtw01 dnsmasq-dhcp[29007]: read /var/lib/neutron/dhcp/df3ad1a0-d51e-4e23-8bad-3aeb6ae20d03/opts
Jun  2 17:56:25 gtw01 dnsmasq[28985]: read /var/lib/neutron/dhcp/9bcca71c-6d02-4acf-89c1-ad4f98bbd4f7/addn_hosts - 1 addresses
Jun  2 17:56:25 gtw01 dnsmasq-dhcp[28985]: read /var/lib/neutron/dhcp/9bcca71c-6d02-4acf-89c1-ad4f98bbd4f7/host
Jun  2 17:56:25 gtw01 dnsmasq-dhcp[28985]: read /var/lib/neutron/dhcp/9bcca71c-6d02-4acf-89c1-ad4f98bbd4f7/opts
Jun  2 17:56:27 gtw01 dnsmasq[29007]: read /var/lib/neutron/dhcp/df3ad1a0-d51e-4e23-8bad-3aeb6ae20d03/addn_hosts - 2 addresses
Jun  2 17:56:27 gtw01 dnsmasq-dhcp[29007]: read /var/lib/neutron/dhcp/df3ad1a0-d51e-4e23-8bad-3aeb6ae20d03/host
Jun  2 17:56:27 gtw01 dnsmasq-dhcp[29007]: read /var/lib/neutron/dhcp/df3ad1a0-d51e-4e23-8bad-3aeb6ae20d03/opts
Jun  2 17:56:29 gtw01 dnsmasq[29007]: read /var/lib/neutron/dhcp/df3ad1a0-d51e-4e23-8bad-3aeb6ae20d03/addn_hosts - 1 addresses
Jun  2 17:56:29 gtw01 dnsmasq-dhcp[29007]: read /var/lib/neutron/dhcp/df3ad1a0-d51e-4e23-8bad-3aeb6ae20d03/host
Jun  2 17:56:29 gtw01 dnsmasq-dhcp[29007]: read /var/lib/neutron/dhcp/df3ad1a0-d51e-4e23-8bad-3aeb6ae20d03/opts
Jun  2 17:56:30 gtw01 kernel: [11732.490415] device tapd3345c22-d5 left promiscuous mode
Jun  2 17:56:30 gtw01 dnsmasq[28984]: read /var/lib/neutron/dhcp/b0fb8cf7-6a11-4ddb-a81e-b34df20ddc46/addn_hosts - 3 addresses
Jun  2 17:56:30 gtw01 dnsmasq-dhcp[28984]: read /var/lib/neutron/dhcp/b0fb8cf7-6a11-4ddb-a81e-b34df20ddc46/host
Jun  2 17:56:30 gtw01 dnsmasq-dhcp[28984]: read /var/lib/neutron/dhcp/b0fb8cf7-6a11-4ddb-a81e-b34df20ddc46/opts
Jun  2 17:56:31 gtw01 dnsmasq[28984]: read /var/lib/neutron/dhcp/b0fb8cf7-6a11-4ddb-a81e-b34df20ddc46/addn_hosts - 2 addresses
Jun  2 17:56:31 gtw01 dnsmasq-dhcp[28984]: read /var/lib/neutron/dhcp/b0fb8cf7-6a11-4ddb-a81e-b34df20ddc46/host
Jun  2 17:56:31 gtw01 dnsmasq-dhcp[28984]: read /var/lib/neutron/dhcp/b0fb8cf7-6a11-4ddb-a81e-b34df20ddc46/opts
Jun  2 17:56:32 gtw01 dnsmasq[28984]: read /var/lib/neutron/dhcp/b0fb8cf7-6a11-4ddb-a81e-b34df20ddc46/addn_hosts - 1 addresses
Jun  2 17:56:32 gtw01 dnsmasq-dhcp[28984]: read /var/lib/neutron/dhcp/b0fb8cf7-6a11-4ddb-a81e-b34df20ddc46/host
Jun  2 17:56:32 gtw01 dnsmasq-dhcp[28984]: read /var/lib/neutron/dhcp/b0fb8cf7-6a11-4ddb-a81e-b34df20ddc46/opts
Jun  2 17:56:34 gtw01 kernel: [11736.501236] device tapd3c345af-34 left promiscuous mode
Jun  2 17:56:36 gtw01 kernel: [11738.930789] device tap0d08cd3e-50 left promiscuous mode
Jun  2 17:56:38 gtw01 systemd-udevd[29647]: Could not generate persistent MAC address for tap1ea2e376-02: No such file or directory
Jun  2 17:56:38 gtw01 kernel: [11740.844428] device tap1ea2e376-02 entered promiscuous mode
Jun  2 17:56:38 gtw01 systemd-udevd[29647]: Process '/sbin/ip link set tap1ea2e376-02 txqueuelen 10000' failed with exit code 1.
Jun  2 17:56:41 gtw01 dnsmasq[29755]: started, version 2.80 cachesize 150
Jun  2 17:56:41 gtw01 dnsmasq[29755]: DNS service limited to local subnets
Jun  2 17:56:41 gtw01 dnsmasq[29755]: compile time options: IPv6 GNU-getopt DBus i18n IDN DHCP DHCPv6 no-Lua TFTP conntrack ipset auth DNSSEC loop-detect inotify dumpfile
Jun  2 17:56:41 gtw01 dnsmasq[29755]: LOUD WARNING: listening on 11.11.11.2 may accept requests via interfaces other than tap1ea2e376-02
Jun  2 17:56:41 gtw01 dnsmasq[29755]: LOUD WARNING: use --bind-dynamic rather than --bind-interfaces to avoid DNS amplification attacks via these interface(s)
Jun  2 17:56:41 gtw01 dnsmasq[29755]: warning: no upstream servers configured
Jun  2 17:56:41 gtw01 dnsmasq-dhcp[29755]: DHCP, static leases only on 11.11.11.0, lease time 1h
Jun  2 17:56:41 gtw01 dnsmasq[29755]: read /var/lib/neutron/dhcp/0d6f7e24-1bc4-4d51-8e02-e46994cef8e9/addn_hosts - 1 addresses
Jun  2 17:56:41 gtw01 dnsmasq-dhcp[29755]: read /var/lib/neutron/dhcp/0d6f7e24-1bc4-4d51-8e02-e46994cef8e9/host
Jun  2 17:56:41 gtw01 dnsmasq-dhcp[29755]: read /var/lib/neutron/dhcp/0d6f7e24-1bc4-4d51-8e02-e46994cef8e9/opts
Jun  2 17:56:41 gtw01 haproxy-metadata-proxy-0d6f7e24-1bc4-4d51-8e02-e46994cef8e9[29759]: Proxy listener started.
Jun  2 17:56:42 gtw01 dnsmasq[29755]: read /var/lib/neutron/dhcp/0d6f7e24-1bc4-4d51-8e02-e46994cef8e9/addn_hosts - 3 addresses
Jun  2 17:56:42 gtw01 dnsmasq-dhcp[29755]: read /var/lib/neutron/dhcp/0d6f7e24-1bc4-4d51-8e02-e46994cef8e9/host
Jun  2 17:56:42 gtw01 dnsmasq-dhcp[29755]: read /var/lib/neutron/dhcp/0d6f7e24-1bc4-4d51-8e02-e46994cef8e9/opts
Jun  2 17:56:43 gtw01 systemd-udevd[29802]: Could not generate persistent MAC address for tap2fdd787a-94: No such file or directory
Jun  2 17:56:43 gtw01 kernel: [11745.841104] device tap2fdd787a-94 entered promiscuous mode
Jun  2 17:56:43 gtw01 systemd-udevd[29849]: Process '/sbin/ip link set tap2fdd787a-94 txqueuelen 10000' failed with exit code 1.
Jun  2 17:56:43 gtw01 dnsmasq[29755]: read /var/lib/neutron/dhcp/0d6f7e24-1bc4-4d51-8e02-e46994cef8e9/addn_hosts - 3 addresses
Jun  2 17:56:43 gtw01 dnsmasq-dhcp[29755]: read /var/lib/neutron/dhcp/0d6f7e24-1bc4-4d51-8e02-e46994cef8e9/host
Jun  2 17:56:43 gtw01 dnsmasq-dhcp[29755]: read /var/lib/neutron/dhcp/0d6f7e24-1bc4-4d51-8e02-e46994cef8e9/opts
Jun  2 17:56:44 gtw01 dnsmasq[29755]: read /var/lib/neutron/dhcp/0d6f7e24-1bc4-4d51-8e02-e46994cef8e9/addn_hosts - 3 addresses
Jun  2 17:56:44 gtw01 dnsmasq-dhcp[29755]: read /var/lib/neutron/dhcp/0d6f7e24-1bc4-4d51-8e02-e46994cef8e9/host
Jun  2 17:56:44 gtw01 dnsmasq-dhcp[29755]: read /var/lib/neutron/dhcp/0d6f7e24-1bc4-4d51-8e02-e46994cef8e9/opts
Jun  2 17:56:45 gtw01 dnsmasq[29755]: read /var/lib/neutron/dhcp/0d6f7e24-1bc4-4d51-8e02-e46994cef8e9/addn_hosts - 3 addresses
Jun  2 17:56:45 gtw01 dnsmasq-dhcp[29755]: read /var/lib/neutron/dhcp/0d6f7e24-1bc4-4d51-8e02-e46994cef8e9/host
Jun  2 17:56:45 gtw01 dnsmasq-dhcp[29755]: read /var/lib/neutron/dhcp/0d6f7e24-1bc4-4d51-8e02-e46994cef8e9/opts
Jun  2 17:56:46 gtw01 dnsmasq[29755]: read /var/lib/neutron/dhcp/0d6f7e24-1bc4-4d51-8e02-e46994cef8e9/addn_hosts - 3 addresses
Jun  2 17:56:46 gtw01 dnsmasq-dhcp[29755]: read /var/lib/neutron/dhcp/0d6f7e24-1bc4-4d51-8e02-e46994cef8e9/host
Jun  2 17:56:46 gtw01 dnsmasq-dhcp[29755]: read /var/lib/neutron/dhcp/0d6f7e24-1bc4-4d51-8e02-e46994cef8e9/opts
Jun  2 17:56:46 gtw01 dnsmasq[29966]: started, version 2.80 cachesize 150
Jun  2 17:56:46 gtw01 dnsmasq[29966]: DNS service limited to local subnets
Jun  2 17:56:46 gtw01 dnsmasq[29966]: compile time options: IPv6 GNU-getopt DBus i18n IDN DHCP DHCPv6 no-Lua TFTP conntrack ipset auth DNSSEC loop-detect inotify dumpfile
Jun  2 17:56:46 gtw01 dnsmasq[29966]: LOUD WARNING: listening on 11.11.11.2 may accept requests via interfaces other than tap2fdd787a-94
Jun  2 17:56:46 gtw01 dnsmasq[29966]: LOUD WARNING: use --bind-dynamic rather than --bind-interfaces to avoid DNS amplification attacks via these interface(s)
Jun  2 17:56:46 gtw01 dnsmasq[29966]: warning: no upstream servers configured
Jun  2 17:56:46 gtw01 dnsmasq-dhcp[29966]: DHCP, static leases only on 11.11.11.0, lease time 1h
Jun  2 17:56:46 gtw01 dnsmasq[29966]: read /var/lib/neutron/dhcp/30f3b955-d795-4b97-89cf-b3bac8f4ed20/addn_hosts - 1 addresses
Jun  2 17:56:46 gtw01 dnsmasq-dhcp[29966]: read /var/lib/neutron/dhcp/30f3b955-d795-4b97-89cf-b3bac8f4ed20/host
Jun  2 17:56:46 gtw01 dnsmasq-dhcp[29966]: read /var/lib/neutron/dhcp/30f3b955-d795-4b97-89cf-b3bac8f4ed20/opts
Jun  2 17:56:47 gtw01 haproxy-metadata-proxy-30f3b955-d795-4b97-89cf-b3bac8f4ed20[29974]: Proxy listener started.
Jun  2 17:56:47 gtw01 dnsmasq[29755]: read /var/lib/neutron/dhcp/0d6f7e24-1bc4-4d51-8e02-e46994cef8e9/addn_hosts - 3 addresses
Jun  2 17:56:47 gtw01 dnsmasq-dhcp[29755]: read /var/lib/neutron/dhcp/0d6f7e24-1bc4-4d51-8e02-e46994cef8e9/host
Jun  2 17:56:47 gtw01 dnsmasq-dhcp[29755]: read /var/lib/neutron/dhcp/0d6f7e24-1bc4-4d51-8e02-e46994cef8e9/opts
Jun  2 17:56:47 gtw01 dnsmasq[29966]: read /var/lib/neutron/dhcp/30f3b955-d795-4b97-89cf-b3bac8f4ed20/addn_hosts - 3 addresses
Jun  2 17:56:47 gtw01 dnsmasq-dhcp[29966]: read /var/lib/neutron/dhcp/30f3b955-d795-4b97-89cf-b3bac8f4ed20/host
Jun  2 17:56:47 gtw01 dnsmasq-dhcp[29966]: read /var/lib/neutron/dhcp/30f3b955-d795-4b97-89cf-b3bac8f4ed20/opts
Jun  2 17:56:48 gtw01 dnsmasq[29755]: read /var/lib/neutron/dhcp/0d6f7e24-1bc4-4d51-8e02-e46994cef8e9/addn_hosts - 3 addresses
Jun  2 17:56:48 gtw01 dnsmasq-dhcp[29755]: read /var/lib/neutron/dhcp/0d6f7e24-1bc4-4d51-8e02-e46994cef8e9/host
Jun  2 17:56:48 gtw01 dnsmasq-dhcp[29755]: read /var/lib/neutron/dhcp/0d6f7e24-1bc4-4d51-8e02-e46994cef8e9/opts
Jun  2 17:56:48 gtw01 dnsmasq[29966]: read /var/lib/neutron/dhcp/30f3b955-d795-4b97-89cf-b3bac8f4ed20/addn_hosts - 3 addresses
Jun  2 17:56:48 gtw01 dnsmasq-dhcp[29966]: read /var/lib/neutron/dhcp/30f3b955-d795-4b97-89cf-b3bac8f4ed20/host
Jun  2 17:56:48 gtw01 dnsmasq-dhcp[29966]: read /var/lib/neutron/dhcp/30f3b955-d795-4b97-89cf-b3bac8f4ed20/opts
Jun  2 17:56:49 gtw01 dnsmasq[29755]: read /var/lib/neutron/dhcp/0d6f7e24-1bc4-4d51-8e02-e46994cef8e9/addn_hosts - 3 addresses
Jun  2 17:56:49 gtw01 dnsmasq-dhcp[29755]: read /var/lib/neutron/dhcp/0d6f7e24-1bc4-4d51-8e02-e46994cef8e9/host
Jun  2 17:56:49 gtw01 dnsmasq-dhcp[29755]: read /var/lib/neutron/dhcp/0d6f7e24-1bc4-4d51-8e02-e46994cef8e9/opts
Jun  2 17:56:49 gtw01 dnsmasq[29966]: read /var/lib/neutron/dhcp/30f3b955-d795-4b97-89cf-b3bac8f4ed20/addn_hosts - 3 addresses
Jun  2 17:56:49 gtw01 dnsmasq-dhcp[29966]: read /var/lib/neutron/dhcp/30f3b955-d795-4b97-89cf-b3bac8f4ed20/host
Jun  2 17:56:49 gtw01 dnsmasq-dhcp[29966]: read /var/lib/neutron/dhcp/30f3b955-d795-4b97-89cf-b3bac8f4ed20/opts
Jun  2 17:56:50 gtw01 dnsmasq[29966]: read /var/lib/neutron/dhcp/30f3b955-d795-4b97-89cf-b3bac8f4ed20/addn_hosts - 3 addresses
Jun  2 17:56:50 gtw01 dnsmasq-dhcp[29966]: read /var/lib/neutron/dhcp/30f3b955-d795-4b97-89cf-b3bac8f4ed20/host
Jun  2 17:56:50 gtw01 dnsmasq-dhcp[29966]: read /var/lib/neutron/dhcp/30f3b955-d795-4b97-89cf-b3bac8f4ed20/opts
Jun  2 17:56:50 gtw01 dnsmasq[29755]: read /var/lib/neutron/dhcp/0d6f7e24-1bc4-4d51-8e02-e46994cef8e9/addn_hosts - 3 addresses
Jun  2 17:56:50 gtw01 dnsmasq-dhcp[29755]: read /var/lib/neutron/dhcp/0d6f7e24-1bc4-4d51-8e02-e46994cef8e9/host
Jun  2 17:56:50 gtw01 dnsmasq-dhcp[29755]: read /var/lib/neutron/dhcp/0d6f7e24-1bc4-4d51-8e02-e46994cef8e9/opts
Jun  2 17:56:51 gtw01 dnsmasq[29966]: read /var/lib/neutron/dhcp/30f3b955-d795-4b97-89cf-b3bac8f4ed20/addn_hosts - 3 addresses
Jun  2 17:56:51 gtw01 dnsmasq-dhcp[29966]: read /var/lib/neutron/dhcp/30f3b955-d795-4b97-89cf-b3bac8f4ed20/host
Jun  2 17:56:51 gtw01 dnsmasq-dhcp[29966]: read /var/lib/neutron/dhcp/30f3b955-d795-4b97-89cf-b3bac8f4ed20/opts
Jun  2 17:56:51 gtw01 dnsmasq[29755]: read /var/lib/neutron/dhcp/0d6f7e24-1bc4-4d51-8e02-e46994cef8e9/addn_hosts - 2 addresses
Jun  2 17:56:51 gtw01 dnsmasq-dhcp[29755]: read /var/lib/neutron/dhcp/0d6f7e24-1bc4-4d51-8e02-e46994cef8e9/host
Jun  2 17:56:51 gtw01 dnsmasq-dhcp[29755]: read /var/lib/neutron/dhcp/0d6f7e24-1bc4-4d51-8e02-e46994cef8e9/opts
Jun  2 17:56:52 gtw01 dnsmasq[29966]: read /var/lib/neutron/dhcp/30f3b955-d795-4b97-89cf-b3bac8f4ed20/addn_hosts - 3 addresses
Jun  2 17:56:52 gtw01 dnsmasq-dhcp[29966]: read /var/lib/neutron/dhcp/30f3b955-d795-4b97-89cf-b3bac8f4ed20/host
Jun  2 17:56:52 gtw01 dnsmasq-dhcp[29966]: read /var/lib/neutron/dhcp/30f3b955-d795-4b97-89cf-b3bac8f4ed20/opts
Jun  2 17:56:53 gtw01 dnsmasq[29755]: read /var/lib/neutron/dhcp/0d6f7e24-1bc4-4d51-8e02-e46994cef8e9/addn_hosts - 1 addresses
Jun  2 17:56:53 gtw01 dnsmasq-dhcp[29755]: read /var/lib/neutron/dhcp/0d6f7e24-1bc4-4d51-8e02-e46994cef8e9/host
Jun  2 17:56:53 gtw01 dnsmasq-dhcp[29755]: read /var/lib/neutron/dhcp/0d6f7e24-1bc4-4d51-8e02-e46994cef8e9/opts
Jun  2 17:56:53 gtw01 dnsmasq[29966]: read /var/lib/neutron/dhcp/30f3b955-d795-4b97-89cf-b3bac8f4ed20/addn_hosts - 3 addresses
Jun  2 17:56:53 gtw01 dnsmasq-dhcp[29966]: read /var/lib/neutron/dhcp/30f3b955-d795-4b97-89cf-b3bac8f4ed20/host
Jun  2 17:56:53 gtw01 dnsmasq-dhcp[29966]: read /var/lib/neutron/dhcp/30f3b955-d795-4b97-89cf-b3bac8f4ed20/opts
Jun  2 17:56:54 gtw01 dnsmasq[29966]: read /var/lib/neutron/dhcp/30f3b955-d795-4b97-89cf-b3bac8f4ed20/addn_hosts - 3 addresses
Jun  2 17:56:54 gtw01 dnsmasq-dhcp[29966]: read /var/lib/neutron/dhcp/30f3b955-d795-4b97-89cf-b3bac8f4ed20/host
Jun  2 17:56:54 gtw01 dnsmasq-dhcp[29966]: read /var/lib/neutron/dhcp/30f3b955-d795-4b97-89cf-b3bac8f4ed20/opts
Jun  2 17:56:55 gtw01 kernel: [11757.712528] device tap1ea2e376-02 left promiscuous mode
Jun  2 17:56:56 gtw01 dnsmasq[29966]: read /var/lib/neutron/dhcp/30f3b955-d795-4b97-89cf-b3bac8f4ed20/addn_hosts - 2 addresses
Jun  2 17:56:56 gtw01 dnsmasq-dhcp[29966]: read /var/lib/neutron/dhcp/30f3b955-d795-4b97-89cf-b3bac8f4ed20/host
Jun  2 17:56:56 gtw01 dnsmasq-dhcp[29966]: read /var/lib/neutron/dhcp/30f3b955-d795-4b97-89cf-b3bac8f4ed20/opts
Jun  2 17:56:57 gtw01 dnsmasq[29966]: read /var/lib/neutron/dhcp/30f3b955-d795-4b97-89cf-b3bac8f4ed20/addn_hosts - 2 addresses
Jun  2 17:56:57 gtw01 dnsmasq-dhcp[29966]: read /var/lib/neutron/dhcp/30f3b955-d795-4b97-89cf-b3bac8f4ed20/host
Jun  2 17:56:57 gtw01 dnsmasq-dhcp[29966]: read /var/lib/neutron/dhcp/30f3b955-d795-4b97-89cf-b3bac8f4ed20/opts
Jun  2 17:56:59 gtw01 dnsmasq[29966]: read /var/lib/neutron/dhcp/30f3b955-d795-4b97-89cf-b3bac8f4ed20/addn_hosts - 1 addresses
Jun  2 17:56:59 gtw01 dnsmasq-dhcp[29966]: read /var/lib/neutron/dhcp/30f3b955-d795-4b97-89cf-b3bac8f4ed20/host
Jun  2 17:56:59 gtw01 dnsmasq-dhcp[29966]: read /var/lib/neutron/dhcp/30f3b955-d795-4b97-89cf-b3bac8f4ed20/opts
Jun  2 17:57:01 gtw01 kernel: [11764.035474] device tap2fdd787a-94 left promiscuous mode
Jun  2 17:57:40 gtw01 dnsmasq[22999]: read /var/lib/neutron/dhcp/04ab7524-800f-4016-b341-d23d30fd1524/addn_hosts - 3 addresses
Jun  2 17:57:40 gtw01 dnsmasq-dhcp[22999]: read /var/lib/neutron/dhcp/04ab7524-800f-4016-b341-d23d30fd1524/host
Jun  2 17:57:40 gtw01 dnsmasq-dhcp[22999]: read /var/lib/neutron/dhcp/04ab7524-800f-4016-b341-d23d30fd1524/opts
Jun  2 17:57:41 gtw01 dnsmasq[22999]: read /var/lib/neutron/dhcp/04ab7524-800f-4016-b341-d23d30fd1524/addn_hosts - 4 addresses
Jun  2 17:57:41 gtw01 dnsmasq-dhcp[22999]: read /var/lib/neutron/dhcp/04ab7524-800f-4016-b341-d23d30fd1524/host
Jun  2 17:57:41 gtw01 dnsmasq-dhcp[22999]: read /var/lib/neutron/dhcp/04ab7524-800f-4016-b341-d23d30fd1524/opts
Jun  2 17:57:42 gtw01 dnsmasq[22999]: read /var/lib/neutron/dhcp/04ab7524-800f-4016-b341-d23d30fd1524/addn_hosts - 4 addresses
Jun  2 17:57:42 gtw01 dnsmasq-dhcp[22999]: read /var/lib/neutron/dhcp/04ab7524-800f-4016-b341-d23d30fd1524/host
Jun  2 17:57:42 gtw01 dnsmasq-dhcp[22999]: read /var/lib/neutron/dhcp/04ab7524-800f-4016-b341-d23d30fd1524/opts
Jun  2 17:57:43 gtw01 dnsmasq[22999]: read /var/lib/neutron/dhcp/04ab7524-800f-4016-b341-d23d30fd1524/addn_hosts - 5 addresses
Jun  2 17:57:43 gtw01 dnsmasq-dhcp[22999]: read /var/lib/neutron/dhcp/04ab7524-800f-4016-b341-d23d30fd1524/host
Jun  2 17:57:43 gtw01 dnsmasq-dhcp[22999]: read /var/lib/neutron/dhcp/04ab7524-800f-4016-b341-d23d30fd1524/opts
Jun  2 17:57:44 gtw01 dnsmasq[22999]: read /var/lib/neutron/dhcp/04ab7524-800f-4016-b341-d23d30fd1524/addn_hosts - 6 addresses
Jun  2 17:57:44 gtw01 dnsmasq-dhcp[22999]: read /var/lib/neutron/dhcp/04ab7524-800f-4016-b341-d23d30fd1524/host
Jun  2 17:57:44 gtw01 dnsmasq-dhcp[22999]: read /var/lib/neutron/dhcp/04ab7524-800f-4016-b341-d23d30fd1524/opts
Jun  2 17:57:45 gtw01 dnsmasq[22999]: read /var/lib/neutron/dhcp/04ab7524-800f-4016-b341-d23d30fd1524/addn_hosts - 6 addresses
Jun  2 17:57:45 gtw01 dnsmasq-dhcp[22999]: read /var/lib/neutron/dhcp/04ab7524-800f-4016-b341-d23d30fd1524/host
Jun  2 17:57:45 gtw01 dnsmasq-dhcp[22999]: read /var/lib/neutron/dhcp/04ab7524-800f-4016-b341-d23d30fd1524/opts
Jun  2 17:57:46 gtw01 dnsmasq[22999]: read /var/lib/neutron/dhcp/04ab7524-800f-4016-b341-d23d30fd1524/addn_hosts - 6 addresses
Jun  2 17:57:46 gtw01 dnsmasq-dhcp[22999]: read /var/lib/neutron/dhcp/04ab7524-800f-4016-b341-d23d30fd1524/host
Jun  2 17:57:46 gtw01 dnsmasq-dhcp[22999]: read /var/lib/neutron/dhcp/04ab7524-800f-4016-b341-d23d30fd1524/opts
Jun  2 17:57:47 gtw01 dnsmasq[22999]: read /var/lib/neutron/dhcp/04ab7524-800f-4016-b341-d23d30fd1524/addn_hosts - 6 addresses
Jun  2 17:57:47 gtw01 dnsmasq-dhcp[22999]: read /var/lib/neutron/dhcp/04ab7524-800f-4016-b341-d23d30fd1524/host
Jun  2 17:57:47 gtw01 dnsmasq-dhcp[22999]: read /var/lib/neutron/dhcp/04ab7524-800f-4016-b341-d23d30fd1524/opts
Jun  2 17:57:47 gtw01 dnsmasq[22999]: read /var/lib/neutron/dhcp/04ab7524-800f-4016-b341-d23d30fd1524/addn_hosts - 6 addresses
Jun  2 17:57:47 gtw01 dnsmasq-dhcp[22999]: read /var/lib/neutron/dhcp/04ab7524-800f-4016-b341-d23d30fd1524/host
Jun  2 17:57:47 gtw01 dnsmasq-dhcp[22999]: read /var/lib/neutron/dhcp/04ab7524-800f-4016-b341-d23d30fd1524/opts
Jun  2 17:57:48 gtw01 dnsmasq[22999]: read /var/lib/neutron/dhcp/04ab7524-800f-4016-b341-d23d30fd1524/addn_hosts - 6 addresses
Jun  2 17:57:48 gtw01 dnsmasq-dhcp[22999]: read /var/lib/neutron/dhcp/04ab7524-800f-4016-b341-d23d30fd1524/host
Jun  2 17:57:48 gtw01 dnsmasq-dhcp[22999]: read /var/lib/neutron/dhcp/04ab7524-800f-4016-b341-d23d30fd1524/opts
Jun  2 17:57:49 gtw01 dnsmasq[22999]: read /var/lib/neutron/dhcp/04ab7524-800f-4016-b341-d23d30fd1524/addn_hosts - 6 addresses
Jun  2 17:57:49 gtw01 dnsmasq-dhcp[22999]: read /var/lib/neutron/dhcp/04ab7524-800f-4016-b341-d23d30fd1524/host
Jun  2 17:57:49 gtw01 dnsmasq-dhcp[22999]: read /var/lib/neutron/dhcp/04ab7524-800f-4016-b341-d23d30fd1524/opts
Jun  2 17:57:50 gtw01 dnsmasq[22999]: read /var/lib/neutron/dhcp/04ab7524-800f-4016-b341-d23d30fd1524/addn_hosts - 6 addresses
Jun  2 17:57:50 gtw01 dnsmasq-dhcp[22999]: read /var/lib/neutron/dhcp/04ab7524-800f-4016-b341-d23d30fd1524/host
Jun  2 17:57:50 gtw01 dnsmasq-dhcp[22999]: read /var/lib/neutron/dhcp/04ab7524-800f-4016-b341-d23d30fd1524/opts
Jun  2 17:58:00 gtw01 dnsmasq-dhcp[22999]: DHCPDISCOVER(tap59ae715a-d7) fa:16:3e:c7:3b:75
Jun  2 17:58:00 gtw01 dnsmasq-dhcp[22999]: DHCPOFFER(tap59ae715a-d7) 192.168.120.4 fa:16:3e:c7:3b:75
Jun  2 17:58:00 gtw01 dnsmasq-dhcp[22999]: DHCPDISCOVER(tap59ae715a-d7) fa:16:3e:36:7e:50
Jun  2 17:58:00 gtw01 dnsmasq-dhcp[22999]: DHCPOFFER(tap59ae715a-d7) 192.168.120.3 fa:16:3e:36:7e:50
Jun  2 17:58:00 gtw01 dnsmasq-dhcp[22999]: DHCPREQUEST(tap59ae715a-d7) 192.168.120.3 fa:16:3e:36:7e:50
Jun  2 17:58:00 gtw01 dnsmasq-dhcp[22999]: DHCPACK(tap59ae715a-d7) 192.168.120.3 fa:16:3e:36:7e:50 host-192-168-120-3
Jun  2 17:58:00 gtw01 dnsmasq-dhcp[22999]: DHCPREQUEST(tap59ae715a-d7) 192.168.120.4 fa:16:3e:c7:3b:75
Jun  2 17:58:00 gtw01 dnsmasq-dhcp[22999]: DHCPACK(tap59ae715a-d7) 192.168.120.4 fa:16:3e:c7:3b:75 host-192-168-120-4
Jun  2 17:58:01 gtw01 dnsmasq-dhcp[22999]: DHCPDISCOVER(tap59ae715a-d7) fa:16:3e:da:6a:8c
Jun  2 17:58:01 gtw01 dnsmasq-dhcp[22999]: DHCPOFFER(tap59ae715a-d7) 192.168.120.11 fa:16:3e:da:6a:8c
Jun  2 17:58:01 gtw01 dnsmasq-dhcp[22999]: DHCPREQUEST(tap59ae715a-d7) 192.168.120.11 fa:16:3e:da:6a:8c
Jun  2 17:58:01 gtw01 dnsmasq-dhcp[22999]: DHCPACK(tap59ae715a-d7) 192.168.120.11 fa:16:3e:da:6a:8c host-192-168-120-11
Jun  2 17:58:05 gtw01 dnsmasq-dhcp[22999]: DHCPDISCOVER(tap59ae715a-d7) fa:16:3e:b6:15:49
Jun  2 17:58:05 gtw01 dnsmasq-dhcp[22999]: DHCPOFFER(tap59ae715a-d7) 192.168.120.6 fa:16:3e:b6:15:49
Jun  2 17:58:05 gtw01 dnsmasq-dhcp[22999]: DHCPREQUEST(tap59ae715a-d7) 192.168.120.6 fa:16:3e:b6:15:49
Jun  2 17:58:05 gtw01 dnsmasq-dhcp[22999]: DHCPACK(tap59ae715a-d7) 192.168.120.6 fa:16:3e:b6:15:49 host-192-168-120-6
Jun  2 17:58:06 gtw01 dnsmasq-dhcp[22999]: DHCPRELEASE(tap59ae715a-d7) 192.168.120.4 fa:16:3e:c7:3b:75
Jun  2 17:58:07 gtw01 dnsmasq-dhcp[22999]: DHCPRELEASE(tap59ae715a-d7) 192.168.120.4 fa:16:3e:c7:3b:75 unknown lease
Jun  2 17:58:07 gtw01 dnsmasq[22999]: read /var/lib/neutron/dhcp/04ab7524-800f-4016-b341-d23d30fd1524/addn_hosts - 5 addresses
Jun  2 17:58:07 gtw01 dnsmasq-dhcp[22999]: read /var/lib/neutron/dhcp/04ab7524-800f-4016-b341-d23d30fd1524/host
Jun  2 17:58:07 gtw01 dnsmasq-dhcp[22999]: read /var/lib/neutron/dhcp/04ab7524-800f-4016-b341-d23d30fd1524/opts
Jun  2 17:58:08 gtw01 dnsmasq-dhcp[22999]: DHCPRELEASE(tap59ae715a-d7) 192.168.120.3 fa:16:3e:36:7e:50
Jun  2 17:58:08 gtw01 dnsmasq-dhcp[22999]: DHCPRELEASE(tap59ae715a-d7) 192.168.120.3 fa:16:3e:36:7e:50 unknown lease
Jun  2 17:58:09 gtw01 dnsmasq[22999]: read /var/lib/neutron/dhcp/04ab7524-800f-4016-b341-d23d30fd1524/addn_hosts - 4 addresses
Jun  2 17:58:09 gtw01 dnsmasq-dhcp[22999]: read /var/lib/neutron/dhcp/04ab7524-800f-4016-b341-d23d30fd1524/host
Jun  2 17:58:09 gtw01 dnsmasq-dhcp[22999]: read /var/lib/neutron/dhcp/04ab7524-800f-4016-b341-d23d30fd1524/opts
Jun  2 17:58:10 gtw01 dnsmasq-dhcp[22999]: DHCPRELEASE(tap59ae715a-d7) 192.168.120.11 fa:16:3e:da:6a:8c
Jun  2 17:58:10 gtw01 dnsmasq-dhcp[22999]: DHCPRELEASE(tap59ae715a-d7) 192.168.120.11 fa:16:3e:da:6a:8c unknown lease
Jun  2 17:58:11 gtw01 dnsmasq[22999]: read /var/lib/neutron/dhcp/04ab7524-800f-4016-b341-d23d30fd1524/addn_hosts - 3 addresses
Jun  2 17:58:11 gtw01 dnsmasq-dhcp[22999]: read /var/lib/neutron/dhcp/04ab7524-800f-4016-b341-d23d30fd1524/host
Jun  2 17:58:11 gtw01 dnsmasq-dhcp[22999]: read /var/lib/neutron/dhcp/04ab7524-800f-4016-b341-d23d30fd1524/opts
Jun  2 17:58:11 gtw01 dnsmasq-dhcp[22999]: DHCPRELEASE(tap59ae715a-d7) 192.168.120.6 fa:16:3e:b6:15:49
Jun  2 17:58:11 gtw01 dnsmasq-dhcp[22999]: DHCPRELEASE(tap59ae715a-d7) 192.168.120.6 fa:16:3e:b6:15:49 unknown lease
Jun  2 17:58:12 gtw01 dnsmasq[22999]: read /var/lib/neutron/dhcp/04ab7524-800f-4016-b341-d23d30fd1524/addn_hosts - 2 addresses
Jun  2 17:58:12 gtw01 dnsmasq-dhcp[22999]: read /var/lib/neutron/dhcp/04ab7524-800f-4016-b341-d23d30fd1524/host
Jun  2 17:58:12 gtw01 dnsmasq-dhcp[22999]: read /var/lib/neutron/dhcp/04ab7524-800f-4016-b341-d23d30fd1524/opts
Jun  2 17:58:17 gtw01 dnsmasq[22999]: read /var/lib/neutron/dhcp/04ab7524-800f-4016-b341-d23d30fd1524/addn_hosts - 3 addresses
Jun  2 17:58:17 gtw01 dnsmasq-dhcp[22999]: read /var/lib/neutron/dhcp/04ab7524-800f-4016-b341-d23d30fd1524/host
Jun  2 17:58:17 gtw01 dnsmasq-dhcp[22999]: read /var/lib/neutron/dhcp/04ab7524-800f-4016-b341-d23d30fd1524/opts
Jun  2 17:58:18 gtw01 dnsmasq[22999]: read /var/lib/neutron/dhcp/04ab7524-800f-4016-b341-d23d30fd1524/addn_hosts - 3 addresses
Jun  2 17:58:18 gtw01 dnsmasq-dhcp[22999]: read /var/lib/neutron/dhcp/04ab7524-800f-4016-b341-d23d30fd1524/host
Jun  2 17:58:18 gtw01 dnsmasq-dhcp[22999]: read /var/lib/neutron/dhcp/04ab7524-800f-4016-b341-d23d30fd1524/opts
Jun  2 17:58:20 gtw01 dnsmasq[22999]: read /var/lib/neutron/dhcp/04ab7524-800f-4016-b341-d23d30fd1524/addn_hosts - 3 addresses
Jun  2 17:58:20 gtw01 dnsmasq-dhcp[22999]: read /var/lib/neutron/dhcp/04ab7524-800f-4016-b341-d23d30fd1524/host
Jun  2 17:58:20 gtw01 dnsmasq-dhcp[22999]: read /var/lib/neutron/dhcp/04ab7524-800f-4016-b341-d23d30fd1524/opts
Jun  2 17:58:21 gtw01 dnsmasq[22999]: read /var/lib/neutron/dhcp/04ab7524-800f-4016-b341-d23d30fd1524/addn_hosts - 4 addresses
Jun  2 17:58:21 gtw01 dnsmasq-dhcp[22999]: read /var/lib/neutron/dhcp/04ab7524-800f-4016-b341-d23d30fd1524/host
Jun  2 17:58:21 gtw01 dnsmasq-dhcp[22999]: read /var/lib/neutron/dhcp/04ab7524-800f-4016-b341-d23d30fd1524/opts
Jun  2 17:58:22 gtw01 dnsmasq[22999]: read /var/lib/neutron/dhcp/04ab7524-800f-4016-b341-d23d30fd1524/addn_hosts - 5 addresses
Jun  2 17:58:22 gtw01 dnsmasq-dhcp[22999]: read /var/lib/neutron/dhcp/04ab7524-800f-4016-b341-d23d30fd1524/host
Jun  2 17:58:22 gtw01 dnsmasq-dhcp[22999]: read /var/lib/neutron/dhcp/04ab7524-800f-4016-b341-d23d30fd1524/opts
Jun  2 17:58:23 gtw01 dnsmasq[22999]: read /var/lib/neutron/dhcp/04ab7524-800f-4016-b341-d23d30fd1524/addn_hosts - 5 addresses
Jun  2 17:58:23 gtw01 dnsmasq-dhcp[22999]: read /var/lib/neutron/dhcp/04ab7524-800f-4016-b341-d23d30fd1524/host
Jun  2 17:58:23 gtw01 dnsmasq-dhcp[22999]: read /var/lib/neutron/dhcp/04ab7524-800f-4016-b341-d23d30fd1524/opts
Jun  2 17:58:24 gtw01 dnsmasq[22999]: read /var/lib/neutron/dhcp/04ab7524-800f-4016-b341-d23d30fd1524/addn_hosts - 6 addresses
Jun  2 17:58:24 gtw01 dnsmasq-dhcp[22999]: read /var/lib/neutron/dhcp/04ab7524-800f-4016-b341-d23d30fd1524/host
Jun  2 17:58:24 gtw01 dnsmasq-dhcp[22999]: read /var/lib/neutron/dhcp/04ab7524-800f-4016-b341-d23d30fd1524/opts
Jun  2 17:58:25 gtw01 dnsmasq[22999]: read /var/lib/neutron/dhcp/04ab7524-800f-4016-b341-d23d30fd1524/addn_hosts - 6 addresses
Jun  2 17:58:25 gtw01 dnsmasq-dhcp[22999]: read /var/lib/neutron/dhcp/04ab7524-800f-4016-b341-d23d30fd1524/host
Jun  2 17:58:25 gtw01 dnsmasq-dhcp[22999]: read /var/lib/neutron/dhcp/04ab7524-800f-4016-b341-d23d30fd1524/opts
Jun  2 17:58:26 gtw01 dnsmasq[22999]: read /var/lib/neutron/dhcp/04ab7524-800f-4016-b341-d23d30fd1524/addn_hosts - 6 addresses
Jun  2 17:58:26 gtw01 dnsmasq-dhcp[22999]: read /var/lib/neutron/dhcp/04ab7524-800f-4016-b341-d23d30fd1524/host
Jun  2 17:58:26 gtw01 dnsmasq-dhcp[22999]: read /var/lib/neutron/dhcp/04ab7524-800f-4016-b341-d23d30fd1524/opts
Jun  2 17:58:27 gtw01 dnsmasq[22999]: read /var/lib/neutron/dhcp/04ab7524-800f-4016-b341-d23d30fd1524/addn_hosts - 6 addresses
Jun  2 17:58:27 gtw01 dnsmasq-dhcp[22999]: read /var/lib/neutron/dhcp/04ab7524-800f-4016-b341-d23d30fd1524/host
Jun  2 17:58:27 gtw01 dnsmasq-dhcp[22999]: read /var/lib/neutron/dhcp/04ab7524-800f-4016-b341-d23d30fd1524/opts
Jun  2 17:58:28 gtw01 dnsmasq[22999]: read /var/lib/neutron/dhcp/04ab7524-800f-4016-b341-d23d30fd1524/addn_hosts - 6 addresses
Jun  2 17:58:28 gtw01 dnsmasq-dhcp[22999]: read /var/lib/neutron/dhcp/04ab7524-800f-4016-b341-d23d30fd1524/host
Jun  2 17:58:28 gtw01 dnsmasq-dhcp[22999]: read /var/lib/neutron/dhcp/04ab7524-800f-4016-b341-d23d30fd1524/opts
Jun  2 17:58:29 gtw01 dnsmasq[22999]: read /var/lib/neutron/dhcp/04ab7524-800f-4016-b341-d23d30fd1524/addn_hosts - 6 addresses
Jun  2 17:58:29 gtw01 dnsmasq-dhcp[22999]: read /var/lib/neutron/dhcp/04ab7524-800f-4016-b341-d23d30fd1524/host
Jun  2 17:58:29 gtw01 dnsmasq-dhcp[22999]: read /var/lib/neutron/dhcp/04ab7524-800f-4016-b341-d23d30fd1524/opts
Jun  2 17:58:36 gtw01 dnsmasq-dhcp[22999]: DHCPDISCOVER(tap59ae715a-d7) fa:16:3e:a5:2c:05
Jun  2 17:58:36 gtw01 dnsmasq-dhcp[22999]: DHCPOFFER(tap59ae715a-d7) 192.168.120.11 fa:16:3e:a5:2c:05
Jun  2 17:58:36 gtw01 dnsmasq-dhcp[22999]: DHCPREQUEST(tap59ae715a-d7) 192.168.120.11 fa:16:3e:a5:2c:05
Jun  2 17:58:36 gtw01 dnsmasq-dhcp[22999]: DHCPACK(tap59ae715a-d7) 192.168.120.11 fa:16:3e:a5:2c:05 host-192-168-120-11
Jun  2 17:58:39 gtw01 dnsmasq-dhcp[22999]: DHCPDISCOVER(tap59ae715a-d7) fa:16:3e:e3:ee:0e
Jun  2 17:58:39 gtw01 dnsmasq-dhcp[22999]: DHCPOFFER(tap59ae715a-d7) 192.168.120.15 fa:16:3e:e3:ee:0e
Jun  2 17:58:39 gtw01 dnsmasq-dhcp[22999]: DHCPREQUEST(tap59ae715a-d7) 192.168.120.15 fa:16:3e:e3:ee:0e
Jun  2 17:58:39 gtw01 dnsmasq-dhcp[22999]: DHCPACK(tap59ae715a-d7) 192.168.120.15 fa:16:3e:e3:ee:0e host-192-168-120-15
Jun  2 17:58:40 gtw01 dnsmasq-dhcp[22999]: DHCPRELEASE(tap59ae715a-d7) 192.168.120.11 fa:16:3e:a5:2c:05
Jun  2 17:58:40 gtw01 dnsmasq-dhcp[22999]: DHCPRELEASE(tap59ae715a-d7) 192.168.120.11 fa:16:3e:a5:2c:05 unknown lease
Jun  2 17:58:40 gtw01 dnsmasq-dhcp[22999]: DHCPDISCOVER(tap59ae715a-d7) fa:16:3e:d2:1b:60
Jun  2 17:58:40 gtw01 dnsmasq-dhcp[22999]: DHCPOFFER(tap59ae715a-d7) 192.168.120.9 fa:16:3e:d2:1b:60
Jun  2 17:58:40 gtw01 dnsmasq-dhcp[22999]: DHCPREQUEST(tap59ae715a-d7) 192.168.120.9 fa:16:3e:d2:1b:60
Jun  2 17:58:40 gtw01 dnsmasq-dhcp[22999]: DHCPACK(tap59ae715a-d7) 192.168.120.9 fa:16:3e:d2:1b:60 host-192-168-120-9
Jun  2 17:58:41 gtw01 dnsmasq[22999]: read /var/lib/neutron/dhcp/04ab7524-800f-4016-b341-d23d30fd1524/addn_hosts - 5 addresses
Jun  2 17:58:41 gtw01 dnsmasq-dhcp[22999]: read /var/lib/neutron/dhcp/04ab7524-800f-4016-b341-d23d30fd1524/host
Jun  2 17:58:41 gtw01 dnsmasq-dhcp[22999]: read /var/lib/neutron/dhcp/04ab7524-800f-4016-b341-d23d30fd1524/opts
Jun  2 17:58:41 gtw01 dnsmasq-dhcp[22999]: DHCPDISCOVER(tap59ae715a-d7) fa:16:3e:03:00:21
Jun  2 17:58:41 gtw01 dnsmasq-dhcp[22999]: DHCPOFFER(tap59ae715a-d7) 192.168.120.4 fa:16:3e:03:00:21
Jun  2 17:58:41 gtw01 dnsmasq-dhcp[22999]: DHCPREQUEST(tap59ae715a-d7) 192.168.120.4 fa:16:3e:03:00:21
Jun  2 17:58:41 gtw01 dnsmasq-dhcp[22999]: DHCPACK(tap59ae715a-d7) 192.168.120.4 fa:16:3e:03:00:21 host-192-168-120-4
Jun  2 17:58:46 gtw01 dnsmasq-dhcp[22999]: DHCPRELEASE(tap59ae715a-d7) 192.168.120.4 fa:16:3e:03:00:21
Jun  2 17:58:47 gtw01 dnsmasq-dhcp[22999]: DHCPRELEASE(tap59ae715a-d7) 192.168.120.4 fa:16:3e:03:00:21 unknown lease
Jun  2 17:58:47 gtw01 dnsmasq[22999]: read /var/lib/neutron/dhcp/04ab7524-800f-4016-b341-d23d30fd1524/addn_hosts - 4 addresses
Jun  2 17:58:47 gtw01 dnsmasq-dhcp[22999]: read /var/lib/neutron/dhcp/04ab7524-800f-4016-b341-d23d30fd1524/host
Jun  2 17:58:47 gtw01 dnsmasq-dhcp[22999]: read /var/lib/neutron/dhcp/04ab7524-800f-4016-b341-d23d30fd1524/opts
Jun  2 17:58:48 gtw01 dnsmasq-dhcp[22999]: DHCPRELEASE(tap59ae715a-d7) 192.168.120.9 fa:16:3e:d2:1b:60
Jun  2 17:58:48 gtw01 dnsmasq-dhcp[22999]: DHCPRELEASE(tap59ae715a-d7) 192.168.120.9 fa:16:3e:d2:1b:60 unknown lease
Jun  2 17:58:49 gtw01 dnsmasq[22999]: read /var/lib/neutron/dhcp/04ab7524-800f-4016-b341-d23d30fd1524/addn_hosts - 3 addresses
Jun  2 17:58:49 gtw01 dnsmasq-dhcp[22999]: read /var/lib/neutron/dhcp/04ab7524-800f-4016-b341-d23d30fd1524/host
Jun  2 17:58:49 gtw01 dnsmasq-dhcp[22999]: read /var/lib/neutron/dhcp/04ab7524-800f-4016-b341-d23d30fd1524/opts
Jun  2 17:58:50 gtw01 dnsmasq-dhcp[22999]: DHCPRELEASE(tap59ae715a-d7) 192.168.120.15 fa:16:3e:e3:ee:0e
Jun  2 17:58:50 gtw01 dnsmasq-dhcp[22999]: DHCPRELEASE(tap59ae715a-d7) 192.168.120.15 fa:16:3e:e3:ee:0e unknown lease
Jun  2 17:58:51 gtw01 dnsmasq[22999]: read /var/lib/neutron/dhcp/04ab7524-800f-4016-b341-d23d30fd1524/addn_hosts - 2 addresses
Jun  2 17:58:51 gtw01 dnsmasq-dhcp[22999]: read /var/lib/neutron/dhcp/04ab7524-800f-4016-b341-d23d30fd1524/host
Jun  2 17:58:51 gtw01 dnsmasq-dhcp[22999]: read /var/lib/neutron/dhcp/04ab7524-800f-4016-b341-d23d30fd1524/opts
Jun  2 17:58:52 gtw01 dnsmasq[22999]: read /var/lib/neutron/dhcp/04ab7524-800f-4016-b341-d23d30fd1524/addn_hosts - 3 addresses
Jun  2 17:58:52 gtw01 dnsmasq-dhcp[22999]: read /var/lib/neutron/dhcp/04ab7524-800f-4016-b341-d23d30fd1524/host
Jun  2 17:58:52 gtw01 dnsmasq-dhcp[22999]: read /var/lib/neutron/dhcp/04ab7524-800f-4016-b341-d23d30fd1524/opts
Jun  2 17:58:53 gtw01 dnsmasq[22999]: read /var/lib/neutron/dhcp/04ab7524-800f-4016-b341-d23d30fd1524/addn_hosts - 3 addresses
Jun  2 17:58:53 gtw01 dnsmasq-dhcp[22999]: read /var/lib/neutron/dhcp/04ab7524-800f-4016-b341-d23d30fd1524/host
Jun  2 17:58:53 gtw01 dnsmasq-dhcp[22999]: read /var/lib/neutron/dhcp/04ab7524-800f-4016-b341-d23d30fd1524/opts
Jun  2 17:58:54 gtw01 dnsmasq[22999]: read /var/lib/neutron/dhcp/04ab7524-800f-4016-b341-d23d30fd1524/addn_hosts - 3 addresses
Jun  2 17:58:54 gtw01 dnsmasq-dhcp[22999]: read /var/lib/neutron/dhcp/04ab7524-800f-4016-b341-d23d30fd1524/host
Jun  2 17:58:54 gtw01 dnsmasq-dhcp[22999]: read /var/lib/neutron/dhcp/04ab7524-800f-4016-b341-d23d30fd1524/opts
Jun  2 17:58:58 gtw01 dnsmasq[22999]: read /var/lib/neutron/dhcp/04ab7524-800f-4016-b341-d23d30fd1524/addn_hosts - 4 addresses
Jun  2 17:58:58 gtw01 dnsmasq-dhcp[22999]: read /var/lib/neutron/dhcp/04ab7524-800f-4016-b341-d23d30fd1524/host
Jun  2 17:58:58 gtw01 dnsmasq-dhcp[22999]: read /var/lib/neutron/dhcp/04ab7524-800f-4016-b341-d23d30fd1524/opts
Jun  2 17:58:59 gtw01 dnsmasq[22999]: read /var/lib/neutron/dhcp/04ab7524-800f-4016-b341-d23d30fd1524/addn_hosts - 4 addresses
Jun  2 17:58:59 gtw01 dnsmasq-dhcp[22999]: read /var/lib/neutron/dhcp/04ab7524-800f-4016-b341-d23d30fd1524/host
Jun  2 17:58:59 gtw01 dnsmasq-dhcp[22999]: read /var/lib/neutron/dhcp/04ab7524-800f-4016-b341-d23d30fd1524/opts
Jun  2 17:59:00 gtw01 dnsmasq[22999]: read /var/lib/neutron/dhcp/04ab7524-800f-4016-b341-d23d30fd1524/addn_hosts - 4 addresses
Jun  2 17:59:00 gtw01 dnsmasq-dhcp[22999]: read /var/lib/neutron/dhcp/04ab7524-800f-4016-b341-d23d30fd1524/host
Jun  2 17:59:00 gtw01 dnsmasq-dhcp[22999]: read /var/lib/neutron/dhcp/04ab7524-800f-4016-b341-d23d30fd1524/opts
Jun  2 17:59:05 gtw01 dnsmasq-dhcp[22999]: DHCPDISCOVER(tap59ae715a-d7) fa:16:3e:71:72:25
Jun  2 17:59:05 gtw01 dnsmasq-dhcp[22999]: DHCPOFFER(tap59ae715a-d7) 192.168.120.9 fa:16:3e:71:72:25
Jun  2 17:59:05 gtw01 dnsmasq-dhcp[22999]: DHCPREQUEST(tap59ae715a-d7) 192.168.120.9 fa:16:3e:71:72:25
Jun  2 17:59:05 gtw01 dnsmasq-dhcp[22999]: DHCPACK(tap59ae715a-d7) 192.168.120.9 fa:16:3e:71:72:25 host-192-168-120-9
Jun  2 17:59:08 gtw01 dnsmasq-dhcp[22999]: DHCPRELEASE(tap59ae715a-d7) 192.168.120.9 fa:16:3e:71:72:25
Jun  2 17:59:08 gtw01 dnsmasq-dhcp[22999]: DHCPRELEASE(tap59ae715a-d7) 192.168.120.9 fa:16:3e:71:72:25 unknown lease
Jun  2 17:59:09 gtw01 dnsmasq[22999]: read /var/lib/neutron/dhcp/04ab7524-800f-4016-b341-d23d30fd1524/addn_hosts - 3 addresses
Jun  2 17:59:09 gtw01 dnsmasq-dhcp[22999]: read /var/lib/neutron/dhcp/04ab7524-800f-4016-b341-d23d30fd1524/host
Jun  2 17:59:09 gtw01 dnsmasq-dhcp[22999]: read /var/lib/neutron/dhcp/04ab7524-800f-4016-b341-d23d30fd1524/opts
Jun  2 17:59:13 gtw01 dnsmasq-dhcp[22999]: DHCPDISCOVER(tap59ae715a-d7) fa:16:3e:12:ed:5a
Jun  2 17:59:13 gtw01 dnsmasq-dhcp[22999]: DHCPOFFER(tap59ae715a-d7) 192.168.120.26 fa:16:3e:12:ed:5a
Jun  2 17:59:13 gtw01 dnsmasq-dhcp[22999]: DHCPREQUEST(tap59ae715a-d7) 192.168.120.26 fa:16:3e:12:ed:5a
Jun  2 17:59:13 gtw01 dnsmasq-dhcp[22999]: DHCPACK(tap59ae715a-d7) 192.168.120.26 fa:16:3e:12:ed:5a host-192-168-120-26
Jun  2 17:59:17 gtw01 dnsmasq-dhcp[22999]: DHCPRELEASE(tap59ae715a-d7) 192.168.120.26 fa:16:3e:12:ed:5a
Jun  2 17:59:17 gtw01 dnsmasq-dhcp[22999]: DHCPRELEASE(tap59ae715a-d7) 192.168.120.26 fa:16:3e:12:ed:5a unknown lease
Jun  2 17:59:18 gtw01 dnsmasq[22999]: read /var/lib/neutron/dhcp/04ab7524-800f-4016-b341-d23d30fd1524/addn_hosts - 2 addresses
Jun  2 17:59:18 gtw01 dnsmasq-dhcp[22999]: read /var/lib/neutron/dhcp/04ab7524-800f-4016-b341-d23d30fd1524/host
Jun  2 17:59:18 gtw01 dnsmasq-dhcp[22999]: read /var/lib/neutron/dhcp/04ab7524-800f-4016-b341-d23d30fd1524/opts
Jun  2 18:14:38 gtw01 systemd-udevd[31021]: Could not generate persistent MAC address for tapa1b512f0-c6: No such file or directory
Jun  2 18:14:38 gtw01 kernel: [12820.721147] device tapa1b512f0-c6 entered promiscuous mode
Jun  2 18:14:38 gtw01 systemd-udevd[31068]: Process '/sbin/ip link set tapa1b512f0-c6 txqueuelen 10000' failed with exit code 1.
Jun  2 18:14:40 gtw01 systemd-udevd[31119]: Could not generate persistent MAC address for tapead13706-98: No such file or directory
Jun  2 18:14:40 gtw01 kernel: [12822.331367] device tapead13706-98 entered promiscuous mode
Jun  2 18:14:40 gtw01 systemd-udevd[31165]: Process '/sbin/ip link set tapead13706-98 txqueuelen 10000' failed with exit code 1.
Jun  2 18:14:41 gtw01 systemd-udevd[31234]: Could not generate persistent MAC address for tapa7f23183-10: No such file or directory
Jun  2 18:14:41 gtw01 kernel: [12823.767831] device tapa7f23183-10 entered promiscuous mode
Jun  2 18:14:41 gtw01 systemd-udevd[31283]: Process '/sbin/ip link set tapa7f23183-10 txqueuelen 10000' failed with exit code 1.
Jun  2 18:14:42 gtw01 dnsmasq[31323]: started, version 2.80 cachesize 150
Jun  2 18:14:42 gtw01 dnsmasq[31323]: DNS service limited to local subnets
Jun  2 18:14:42 gtw01 dnsmasq[31323]: compile time options: IPv6 GNU-getopt DBus i18n IDN DHCP DHCPv6 no-Lua TFTP conntrack ipset auth DNSSEC loop-detect inotify dumpfile
Jun  2 18:14:42 gtw01 dnsmasq[31323]: warning: no upstream servers configured
Jun  2 18:14:42 gtw01 dnsmasq-dhcp[31323]: DHCP, static leases only on 10.2.0.0, lease time 1h
Jun  2 18:14:42 gtw01 dnsmasq[31323]: read /var/lib/neutron/dhcp/843d97dd-298b-40bb-b329-e200e17fd29d/addn_hosts - 1 addresses
Jun  2 18:14:42 gtw01 dnsmasq-dhcp[31323]: read /var/lib/neutron/dhcp/843d97dd-298b-40bb-b329-e200e17fd29d/host
Jun  2 18:14:42 gtw01 dnsmasq-dhcp[31323]: read /var/lib/neutron/dhcp/843d97dd-298b-40bb-b329-e200e17fd29d/opts
Jun  2 18:14:42 gtw01 haproxy-metadata-proxy-843d97dd-298b-40bb-b329-e200e17fd29d[31331]: Proxy listener started.
Jun  2 18:14:43 gtw01 dnsmasq[31323]: read /var/lib/neutron/dhcp/843d97dd-298b-40bb-b329-e200e17fd29d/addn_hosts - 3 addresses
Jun  2 18:14:43 gtw01 dnsmasq-dhcp[31323]: read /var/lib/neutron/dhcp/843d97dd-298b-40bb-b329-e200e17fd29d/host
Jun  2 18:14:43 gtw01 dnsmasq-dhcp[31323]: read /var/lib/neutron/dhcp/843d97dd-298b-40bb-b329-e200e17fd29d/opts
Jun  2 18:14:43 gtw01 dnsmasq[31394]: started, version 2.80 cachesize 150
Jun  2 18:14:43 gtw01 dnsmasq[31394]: DNS service limited to local subnets
Jun  2 18:14:43 gtw01 dnsmasq[31394]: compile time options: IPv6 GNU-getopt DBus i18n IDN DHCP DHCPv6 no-Lua TFTP conntrack ipset auth DNSSEC loop-detect inotify dumpfile
Jun  2 18:14:43 gtw01 dnsmasq[31394]: warning: no upstream servers configured
Jun  2 18:14:43 gtw01 dnsmasq-dhcp[31394]: DHCP, static leases only on 10.2.1.0, lease time 1h
Jun  2 18:14:43 gtw01 dnsmasq[31394]: read /var/lib/neutron/dhcp/f37704cf-91aa-4f6b-83fa-37802706a9b7/addn_hosts - 1 addresses
Jun  2 18:14:43 gtw01 dnsmasq-dhcp[31394]: read /var/lib/neutron/dhcp/f37704cf-91aa-4f6b-83fa-37802706a9b7/host
Jun  2 18:14:43 gtw01 dnsmasq-dhcp[31394]: read /var/lib/neutron/dhcp/f37704cf-91aa-4f6b-83fa-37802706a9b7/opts
Jun  2 18:14:44 gtw01 haproxy-metadata-proxy-f37704cf-91aa-4f6b-83fa-37802706a9b7[31405]: Proxy listener started.
Jun  2 18:14:44 gtw01 dnsmasq[31323]: read /var/lib/neutron/dhcp/843d97dd-298b-40bb-b329-e200e17fd29d/addn_hosts - 3 addresses
Jun  2 18:14:44 gtw01 dnsmasq-dhcp[31323]: read /var/lib/neutron/dhcp/843d97dd-298b-40bb-b329-e200e17fd29d/host
Jun  2 18:14:44 gtw01 dnsmasq-dhcp[31323]: read /var/lib/neutron/dhcp/843d97dd-298b-40bb-b329-e200e17fd29d/opts
Jun  2 18:14:45 gtw01 dnsmasq[31394]: read /var/lib/neutron/dhcp/f37704cf-91aa-4f6b-83fa-37802706a9b7/addn_hosts - 3 addresses
Jun  2 18:14:45 gtw01 dnsmasq-dhcp[31394]: read /var/lib/neutron/dhcp/f37704cf-91aa-4f6b-83fa-37802706a9b7/host
Jun  2 18:14:45 gtw01 dnsmasq-dhcp[31394]: read /var/lib/neutron/dhcp/f37704cf-91aa-4f6b-83fa-37802706a9b7/opts
Jun  2 18:14:45 gtw01 dnsmasq[31457]: started, version 2.80 cachesize 150
Jun  2 18:14:45 gtw01 dnsmasq[31457]: DNS service limited to local subnets
Jun  2 18:14:45 gtw01 dnsmasq[31457]: compile time options: IPv6 GNU-getopt DBus i18n IDN DHCP DHCPv6 no-Lua TFTP conntrack ipset auth DNSSEC loop-detect inotify dumpfile
Jun  2 18:14:45 gtw01 dnsmasq[31457]: warning: no upstream servers configured
Jun  2 18:14:45 gtw01 dnsmasq-dhcp[31457]: DHCP, static leases only on 10.2.2.0, lease time 1h
Jun  2 18:14:45 gtw01 dnsmasq[31457]: read /var/lib/neutron/dhcp/316aa113-53fc-42f9-a2df-09aec647741d/addn_hosts - 1 addresses
Jun  2 18:14:45 gtw01 dnsmasq-dhcp[31457]: read /var/lib/neutron/dhcp/316aa113-53fc-42f9-a2df-09aec647741d/host
Jun  2 18:14:45 gtw01 dnsmasq-dhcp[31457]: read /var/lib/neutron/dhcp/316aa113-53fc-42f9-a2df-09aec647741d/opts
Jun  2 18:14:45 gtw01 dnsmasq[31323]: read /var/lib/neutron/dhcp/843d97dd-298b-40bb-b329-e200e17fd29d/addn_hosts - 3 addresses
Jun  2 18:14:45 gtw01 dnsmasq-dhcp[31323]: read /var/lib/neutron/dhcp/843d97dd-298b-40bb-b329-e200e17fd29d/host
Jun  2 18:14:45 gtw01 dnsmasq-dhcp[31323]: read /var/lib/neutron/dhcp/843d97dd-298b-40bb-b329-e200e17fd29d/opts
Jun  2 18:14:45 gtw01 haproxy-metadata-proxy-316aa113-53fc-42f9-a2df-09aec647741d[31468]: Proxy listener started.
Jun  2 18:14:46 gtw01 dnsmasq[31394]: read /var/lib/neutron/dhcp/f37704cf-91aa-4f6b-83fa-37802706a9b7/addn_hosts - 3 addresses
Jun  2 18:14:46 gtw01 dnsmasq-dhcp[31394]: read /var/lib/neutron/dhcp/f37704cf-91aa-4f6b-83fa-37802706a9b7/host
Jun  2 18:14:46 gtw01 dnsmasq-dhcp[31394]: read /var/lib/neutron/dhcp/f37704cf-91aa-4f6b-83fa-37802706a9b7/opts
Jun  2 18:14:46 gtw01 dnsmasq[31323]: read /var/lib/neutron/dhcp/843d97dd-298b-40bb-b329-e200e17fd29d/addn_hosts - 3 addresses
Jun  2 18:14:46 gtw01 dnsmasq-dhcp[31323]: read /var/lib/neutron/dhcp/843d97dd-298b-40bb-b329-e200e17fd29d/host
Jun  2 18:14:46 gtw01 dnsmasq-dhcp[31323]: read /var/lib/neutron/dhcp/843d97dd-298b-40bb-b329-e200e17fd29d/opts
Jun  2 18:14:46 gtw01 dnsmasq[31457]: read /var/lib/neutron/dhcp/316aa113-53fc-42f9-a2df-09aec647741d/addn_hosts - 2 addresses
Jun  2 18:14:46 gtw01 dnsmasq-dhcp[31457]: read /var/lib/neutron/dhcp/316aa113-53fc-42f9-a2df-09aec647741d/host
Jun  2 18:14:46 gtw01 dnsmasq-dhcp[31457]: read /var/lib/neutron/dhcp/316aa113-53fc-42f9-a2df-09aec647741d/opts
Jun  2 18:14:47 gtw01 dnsmasq[31394]: read /var/lib/neutron/dhcp/f37704cf-91aa-4f6b-83fa-37802706a9b7/addn_hosts - 3 addresses
Jun  2 18:14:47 gtw01 dnsmasq-dhcp[31394]: read /var/lib/neutron/dhcp/f37704cf-91aa-4f6b-83fa-37802706a9b7/host
Jun  2 18:14:47 gtw01 dnsmasq-dhcp[31394]: read /var/lib/neutron/dhcp/f37704cf-91aa-4f6b-83fa-37802706a9b7/opts
Jun  2 18:14:47 gtw01 dnsmasq[31323]: read /var/lib/neutron/dhcp/843d97dd-298b-40bb-b329-e200e17fd29d/addn_hosts - 3 addresses
Jun  2 18:14:47 gtw01 dnsmasq-dhcp[31323]: read /var/lib/neutron/dhcp/843d97dd-298b-40bb-b329-e200e17fd29d/host
Jun  2 18:14:47 gtw01 dnsmasq-dhcp[31323]: read /var/lib/neutron/dhcp/843d97dd-298b-40bb-b329-e200e17fd29d/opts
Jun  2 18:14:48 gtw01 dnsmasq[31457]: read /var/lib/neutron/dhcp/316aa113-53fc-42f9-a2df-09aec647741d/addn_hosts - 2 addresses
Jun  2 18:14:48 gtw01 dnsmasq-dhcp[31457]: read /var/lib/neutron/dhcp/316aa113-53fc-42f9-a2df-09aec647741d/host
Jun  2 18:14:48 gtw01 dnsmasq-dhcp[31457]: read /var/lib/neutron/dhcp/316aa113-53fc-42f9-a2df-09aec647741d/opts
Jun  2 18:14:48 gtw01 dnsmasq[31394]: read /var/lib/neutron/dhcp/f37704cf-91aa-4f6b-83fa-37802706a9b7/addn_hosts - 3 addresses
Jun  2 18:14:48 gtw01 dnsmasq-dhcp[31394]: read /var/lib/neutron/dhcp/f37704cf-91aa-4f6b-83fa-37802706a9b7/host
Jun  2 18:14:48 gtw01 dnsmasq-dhcp[31394]: read /var/lib/neutron/dhcp/f37704cf-91aa-4f6b-83fa-37802706a9b7/opts
Jun  2 18:14:49 gtw01 dnsmasq[31323]: read /var/lib/neutron/dhcp/843d97dd-298b-40bb-b329-e200e17fd29d/addn_hosts - 4 addresses
Jun  2 18:14:49 gtw01 dnsmasq-dhcp[31323]: read /var/lib/neutron/dhcp/843d97dd-298b-40bb-b329-e200e17fd29d/host
Jun  2 18:14:49 gtw01 dnsmasq-dhcp[31323]: read /var/lib/neutron/dhcp/843d97dd-298b-40bb-b329-e200e17fd29d/opts
Jun  2 18:14:49 gtw01 dnsmasq[31457]: read /var/lib/neutron/dhcp/316aa113-53fc-42f9-a2df-09aec647741d/addn_hosts - 2 addresses
Jun  2 18:14:49 gtw01 dnsmasq-dhcp[31457]: read /var/lib/neutron/dhcp/316aa113-53fc-42f9-a2df-09aec647741d/host
Jun  2 18:14:49 gtw01 dnsmasq-dhcp[31457]: read /var/lib/neutron/dhcp/316aa113-53fc-42f9-a2df-09aec647741d/opts
Jun  2 18:14:50 gtw01 dnsmasq[31394]: read /var/lib/neutron/dhcp/f37704cf-91aa-4f6b-83fa-37802706a9b7/addn_hosts - 4 addresses
Jun  2 18:14:50 gtw01 dnsmasq-dhcp[31394]: read /var/lib/neutron/dhcp/f37704cf-91aa-4f6b-83fa-37802706a9b7/host
Jun  2 18:14:50 gtw01 dnsmasq-dhcp[31394]: read /var/lib/neutron/dhcp/f37704cf-91aa-4f6b-83fa-37802706a9b7/opts
Jun  2 18:14:50 gtw01 dnsmasq[31323]: read /var/lib/neutron/dhcp/843d97dd-298b-40bb-b329-e200e17fd29d/addn_hosts - 4 addresses
Jun  2 18:14:50 gtw01 dnsmasq-dhcp[31323]: read /var/lib/neutron/dhcp/843d97dd-298b-40bb-b329-e200e17fd29d/host
Jun  2 18:14:50 gtw01 dnsmasq-dhcp[31323]: read /var/lib/neutron/dhcp/843d97dd-298b-40bb-b329-e200e17fd29d/opts
Jun  2 18:14:50 gtw01 dnsmasq[31457]: read /var/lib/neutron/dhcp/316aa113-53fc-42f9-a2df-09aec647741d/addn_hosts - 3 addresses
Jun  2 18:14:50 gtw01 dnsmasq-dhcp[31457]: read /var/lib/neutron/dhcp/316aa113-53fc-42f9-a2df-09aec647741d/host
Jun  2 18:14:50 gtw01 dnsmasq-dhcp[31457]: read /var/lib/neutron/dhcp/316aa113-53fc-42f9-a2df-09aec647741d/opts
Jun  2 18:14:51 gtw01 dnsmasq[31394]: read /var/lib/neutron/dhcp/f37704cf-91aa-4f6b-83fa-37802706a9b7/addn_hosts - 5 addresses
Jun  2 18:14:51 gtw01 dnsmasq-dhcp[31394]: read /var/lib/neutron/dhcp/f37704cf-91aa-4f6b-83fa-37802706a9b7/host
Jun  2 18:14:51 gtw01 dnsmasq-dhcp[31394]: read /var/lib/neutron/dhcp/f37704cf-91aa-4f6b-83fa-37802706a9b7/opts
Jun  2 18:14:51 gtw01 dnsmasq[31323]: read /var/lib/neutron/dhcp/843d97dd-298b-40bb-b329-e200e17fd29d/addn_hosts - 4 addresses
Jun  2 18:14:51 gtw01 dnsmasq-dhcp[31323]: read /var/lib/neutron/dhcp/843d97dd-298b-40bb-b329-e200e17fd29d/host
Jun  2 18:14:51 gtw01 dnsmasq-dhcp[31323]: read /var/lib/neutron/dhcp/843d97dd-298b-40bb-b329-e200e17fd29d/opts
Jun  2 18:14:52 gtw01 dnsmasq[31457]: read /var/lib/neutron/dhcp/316aa113-53fc-42f9-a2df-09aec647741d/addn_hosts - 4 addresses
Jun  2 18:14:52 gtw01 dnsmasq-dhcp[31457]: read /var/lib/neutron/dhcp/316aa113-53fc-42f9-a2df-09aec647741d/host
Jun  2 18:14:52 gtw01 dnsmasq-dhcp[31457]: read /var/lib/neutron/dhcp/316aa113-53fc-42f9-a2df-09aec647741d/opts
Jun  2 18:14:52 gtw01 dnsmasq[31394]: read /var/lib/neutron/dhcp/f37704cf-91aa-4f6b-83fa-37802706a9b7/addn_hosts - 5 addresses
Jun  2 18:14:52 gtw01 dnsmasq-dhcp[31394]: read /var/lib/neutron/dhcp/f37704cf-91aa-4f6b-83fa-37802706a9b7/host
Jun  2 18:14:52 gtw01 dnsmasq-dhcp[31394]: read /var/lib/neutron/dhcp/f37704cf-91aa-4f6b-83fa-37802706a9b7/opts
Jun  2 18:14:52 gtw01 dnsmasq[31323]: read /var/lib/neutron/dhcp/843d97dd-298b-40bb-b329-e200e17fd29d/addn_hosts - 4 addresses
Jun  2 18:14:52 gtw01 dnsmasq-dhcp[31323]: read /var/lib/neutron/dhcp/843d97dd-298b-40bb-b329-e200e17fd29d/host
Jun  2 18:14:52 gtw01 dnsmasq-dhcp[31323]: read /var/lib/neutron/dhcp/843d97dd-298b-40bb-b329-e200e17fd29d/opts
Jun  2 18:14:53 gtw01 dnsmasq[31457]: read /var/lib/neutron/dhcp/316aa113-53fc-42f9-a2df-09aec647741d/addn_hosts - 4 addresses
Jun  2 18:14:53 gtw01 dnsmasq-dhcp[31457]: read /var/lib/neutron/dhcp/316aa113-53fc-42f9-a2df-09aec647741d/host
Jun  2 18:14:53 gtw01 dnsmasq-dhcp[31457]: read /var/lib/neutron/dhcp/316aa113-53fc-42f9-a2df-09aec647741d/opts
Jun  2 18:14:53 gtw01 dnsmasq[31394]: read /var/lib/neutron/dhcp/f37704cf-91aa-4f6b-83fa-37802706a9b7/addn_hosts - 5 addresses
Jun  2 18:14:53 gtw01 dnsmasq-dhcp[31394]: read /var/lib/neutron/dhcp/f37704cf-91aa-4f6b-83fa-37802706a9b7/host
Jun  2 18:14:53 gtw01 dnsmasq-dhcp[31394]: read /var/lib/neutron/dhcp/f37704cf-91aa-4f6b-83fa-37802706a9b7/opts
Jun  2 18:14:54 gtw01 dnsmasq[31457]: read /var/lib/neutron/dhcp/316aa113-53fc-42f9-a2df-09aec647741d/addn_hosts - 4 addresses
Jun  2 18:14:54 gtw01 dnsmasq-dhcp[31457]: read /var/lib/neutron/dhcp/316aa113-53fc-42f9-a2df-09aec647741d/host
Jun  2 18:14:54 gtw01 dnsmasq-dhcp[31457]: read /var/lib/neutron/dhcp/316aa113-53fc-42f9-a2df-09aec647741d/opts
Jun  2 18:14:54 gtw01 dnsmasq[31394]: read /var/lib/neutron/dhcp/f37704cf-91aa-4f6b-83fa-37802706a9b7/addn_hosts - 5 addresses
Jun  2 18:14:54 gtw01 dnsmasq-dhcp[31394]: read /var/lib/neutron/dhcp/f37704cf-91aa-4f6b-83fa-37802706a9b7/host
Jun  2 18:14:54 gtw01 dnsmasq-dhcp[31394]: read /var/lib/neutron/dhcp/f37704cf-91aa-4f6b-83fa-37802706a9b7/opts
Jun  2 18:14:55 gtw01 dnsmasq[31457]: read /var/lib/neutron/dhcp/316aa113-53fc-42f9-a2df-09aec647741d/addn_hosts - 4 addresses
Jun  2 18:14:55 gtw01 dnsmasq-dhcp[31457]: read /var/lib/neutron/dhcp/316aa113-53fc-42f9-a2df-09aec647741d/host
Jun  2 18:14:55 gtw01 dnsmasq-dhcp[31457]: read /var/lib/neutron/dhcp/316aa113-53fc-42f9-a2df-09aec647741d/opts
Jun  2 18:14:55 gtw01 dnsmasq[31394]: read /var/lib/neutron/dhcp/f37704cf-91aa-4f6b-83fa-37802706a9b7/addn_hosts - 5 addresses
Jun  2 18:14:55 gtw01 dnsmasq-dhcp[31394]: read /var/lib/neutron/dhcp/f37704cf-91aa-4f6b-83fa-37802706a9b7/host
Jun  2 18:14:55 gtw01 dnsmasq-dhcp[31394]: read /var/lib/neutron/dhcp/f37704cf-91aa-4f6b-83fa-37802706a9b7/opts
Jun  2 18:14:55 gtw01 dnsmasq[31457]: read /var/lib/neutron/dhcp/316aa113-53fc-42f9-a2df-09aec647741d/addn_hosts - 4 addresses
Jun  2 18:14:55 gtw01 dnsmasq-dhcp[31457]: read /var/lib/neutron/dhcp/316aa113-53fc-42f9-a2df-09aec647741d/host
Jun  2 18:14:55 gtw01 dnsmasq-dhcp[31457]: read /var/lib/neutron/dhcp/316aa113-53fc-42f9-a2df-09aec647741d/opts
Jun  2 18:14:56 gtw01 dnsmasq[31394]: read /var/lib/neutron/dhcp/f37704cf-91aa-4f6b-83fa-37802706a9b7/addn_hosts - 5 addresses
Jun  2 18:14:56 gtw01 dnsmasq-dhcp[31394]: read /var/lib/neutron/dhcp/f37704cf-91aa-4f6b-83fa-37802706a9b7/host
