Jun  2 16:38:19 gtw01 dnsmasq-dhcp[30921]: read /var/lib/neutron/dhcp/0c8f6e5a-47cf-442b-9add-fbb70e77ae77/opts
Jun  2 16:38:20 gtw01 dnsmasq[12701]: read /var/lib/neutron/dhcp/c59cf9c1-a00f-4a22-ae8e-4a7d939a403d/addn_hosts - 3 addresses
Jun  2 16:38:20 gtw01 dnsmasq-dhcp[12701]: read /var/lib/neutron/dhcp/c59cf9c1-a00f-4a22-ae8e-4a7d939a403d/host
Jun  2 16:38:20 gtw01 dnsmasq-dhcp[12701]: read /var/lib/neutron/dhcp/c59cf9c1-a00f-4a22-ae8e-4a7d939a403d/opts
Jun  2 16:38:21 gtw01 dnsmasq[12701]: read /var/lib/neutron/dhcp/c59cf9c1-a00f-4a22-ae8e-4a7d939a403d/addn_hosts - 3 addresses
Jun  2 16:38:21 gtw01 dnsmasq-dhcp[12701]: read /var/lib/neutron/dhcp/c59cf9c1-a00f-4a22-ae8e-4a7d939a403d/host
Jun  2 16:38:21 gtw01 dnsmasq-dhcp[12701]: read /var/lib/neutron/dhcp/c59cf9c1-a00f-4a22-ae8e-4a7d939a403d/opts
Jun  2 16:38:23 gtw01 kernel: [ 7045.649508] device tapfd8a3f40-6c entered promiscuous mode
Jun  2 16:38:23 gtw01 systemd-udevd[32644]: Could not generate persistent MAC address for tapfd8a3f40-6c: No such file or directory
Jun  2 16:38:23 gtw01 kernel: [ 7045.697537] device tapad38f17b-4f left promiscuous mode
Jun  2 16:38:23 gtw01 systemd-udevd[32689]: Process '/sbin/ip link set tapfd8a3f40-6c txqueuelen 10000' failed with exit code 1.
Jun  2 16:38:26 gtw01 dnsmasq[32753]: started, version 2.80 cachesize 150
Jun  2 16:38:26 gtw01 dnsmasq[32753]: DNS service limited to local subnets
Jun  2 16:38:26 gtw01 dnsmasq[32753]: compile time options: IPv6 GNU-getopt DBus i18n IDN DHCP DHCPv6 no-Lua TFTP conntrack ipset auth DNSSEC loop-detect inotify dumpfile
Jun  2 16:38:26 gtw01 dnsmasq[32753]: warning: no upstream servers configured
Jun  2 16:38:26 gtw01 dnsmasq-dhcp[32753]: DHCP, static leases only on 192.168.120.0, lease time 1h
Jun  2 16:38:26 gtw01 dnsmasq[32753]: read /var/lib/neutron/dhcp/0aedfa39-4df7-4355-92f2-1cad5752681c/addn_hosts - 1 addresses
Jun  2 16:38:26 gtw01 dnsmasq-dhcp[32753]: read /var/lib/neutron/dhcp/0aedfa39-4df7-4355-92f2-1cad5752681c/host
Jun  2 16:38:26 gtw01 dnsmasq-dhcp[32753]: read /var/lib/neutron/dhcp/0aedfa39-4df7-4355-92f2-1cad5752681c/opts
Jun  2 16:38:26 gtw01 haproxy-metadata-proxy-0aedfa39-4df7-4355-92f2-1cad5752681c[32757]: Proxy listener started.
Jun  2 16:38:28 gtw01 kernel: [ 7050.510643] device tapbd2461d8-ae entered promiscuous mode
Jun  2 16:38:28 gtw01 systemd-udevd[317]: Could not generate persistent MAC address for tapbd2461d8-ae: No such file or directory
Jun  2 16:38:28 gtw01 systemd-udevd[317]: Process '/sbin/ip link set tapbd2461d8-ae txqueuelen 10000' failed with exit code 1.
Jun  2 16:38:30 gtw01 kernel: [ 7052.543565] device tap902cf379-43 entered promiscuous mode
Jun  2 16:38:30 gtw01 systemd-udevd[468]: Could not generate persistent MAC address for tap902cf379-43: No such file or directory
Jun  2 16:38:30 gtw01 systemd-udevd[520]: Process '/sbin/ip link set tap902cf379-43 txqueuelen 10000' failed with exit code 1.
Jun  2 16:38:30 gtw01 dnsmasq[546]: started, version 2.80 cachesize 150
Jun  2 16:38:30 gtw01 dnsmasq[546]: DNS service limited to local subnets
Jun  2 16:38:30 gtw01 dnsmasq[546]: compile time options: IPv6 GNU-getopt DBus i18n IDN DHCP DHCPv6 no-Lua TFTP conntrack ipset auth DNSSEC loop-detect inotify dumpfile
Jun  2 16:38:30 gtw01 dnsmasq[546]: warning: no upstream servers configured
Jun  2 16:38:30 gtw01 dnsmasq-dhcp[546]: DHCP, static leases only on 192.168.120.16, lease time 1h
Jun  2 16:38:30 gtw01 dnsmasq-dhcp[546]: DHCP, static leases only on 192.168.120.0, lease time 1h
Jun  2 16:38:30 gtw01 dnsmasq[546]: read /var/lib/neutron/dhcp/0aedfa39-4df7-4355-92f2-1cad5752681c/addn_hosts - 4 addresses
Jun  2 16:38:30 gtw01 dnsmasq-dhcp[546]: read /var/lib/neutron/dhcp/0aedfa39-4df7-4355-92f2-1cad5752681c/host
Jun  2 16:38:30 gtw01 dnsmasq-dhcp[546]: read /var/lib/neutron/dhcp/0aedfa39-4df7-4355-92f2-1cad5752681c/opts
Jun  2 16:38:31 gtw01 systemd-udevd[590]: Could not generate persistent MAC address for tapc27ccc0c-3e: No such file or directory
Jun  2 16:38:31 gtw01 kernel: [ 7053.917929] device tapc27ccc0c-3e entered promiscuous mode
Jun  2 16:38:31 gtw01 systemd-udevd[637]: Process '/sbin/ip link set tapc27ccc0c-3e txqueuelen 10000' failed with exit code 1.
Jun  2 16:38:32 gtw01 dnsmasq[692]: started, version 2.80 cachesize 150
Jun  2 16:38:32 gtw01 dnsmasq[692]: DNS service limited to local subnets
Jun  2 16:38:32 gtw01 dnsmasq[692]: compile time options: IPv6 GNU-getopt DBus i18n IDN DHCP DHCPv6 no-Lua TFTP conntrack ipset auth DNSSEC loop-detect inotify dumpfile
Jun  2 16:38:32 gtw01 dnsmasq[692]: warning: no upstream servers configured
Jun  2 16:38:32 gtw01 dnsmasq-dhcp[692]: DHCPv6, static leases only on 2003::, lease time 1h
Jun  2 16:38:32 gtw01 dnsmasq[692]: read /var/lib/neutron/dhcp/c762a238-d024-48ed-b3e8-b2f31c737f3a/addn_hosts - 1 addresses
Jun  2 16:38:32 gtw01 dnsmasq-dhcp[692]: read /var/lib/neutron/dhcp/c762a238-d024-48ed-b3e8-b2f31c737f3a/host
Jun  2 16:38:32 gtw01 dnsmasq-dhcp[692]: read /var/lib/neutron/dhcp/c762a238-d024-48ed-b3e8-b2f31c737f3a/opts
Jun  2 16:38:33 gtw01 dnsmasq[692]: read /var/lib/neutron/dhcp/c762a238-d024-48ed-b3e8-b2f31c737f3a/addn_hosts - 1 addresses
Jun  2 16:38:33 gtw01 dnsmasq-dhcp[692]: read /var/lib/neutron/dhcp/c762a238-d024-48ed-b3e8-b2f31c737f3a/host
Jun  2 16:38:33 gtw01 dnsmasq-dhcp[692]: read /var/lib/neutron/dhcp/c762a238-d024-48ed-b3e8-b2f31c737f3a/opts
Jun  2 16:38:34 gtw01 dnsmasq[783]: started, version 2.80 cachesize 150
Jun  2 16:38:34 gtw01 dnsmasq[783]: DNS service limited to local subnets
Jun  2 16:38:34 gtw01 dnsmasq[783]: compile time options: IPv6 GNU-getopt DBus i18n IDN DHCP DHCPv6 no-Lua TFTP conntrack ipset auth DNSSEC loop-detect inotify dumpfile
Jun  2 16:38:34 gtw01 dnsmasq[783]: warning: no upstream servers configured
Jun  2 16:38:34 gtw01 dnsmasq-dhcp[783]: DHCP, static leases only on 192.168.120.0, lease time 1h
Jun  2 16:38:34 gtw01 dnsmasq[783]: read /var/lib/neutron/dhcp/0aedfa39-4df7-4355-92f2-1cad5752681c/addn_hosts - 1 addresses
Jun  2 16:38:34 gtw01 dnsmasq-dhcp[783]: read /var/lib/neutron/dhcp/0aedfa39-4df7-4355-92f2-1cad5752681c/host
Jun  2 16:38:34 gtw01 dnsmasq-dhcp[783]: read /var/lib/neutron/dhcp/0aedfa39-4df7-4355-92f2-1cad5752681c/opts
Jun  2 16:38:35 gtw01 dnsmasq[814]: started, version 2.80 cachesize 150
Jun  2 16:38:35 gtw01 dnsmasq[814]: DNS service limited to local subnets
Jun  2 16:38:35 gtw01 dnsmasq[814]: compile time options: IPv6 GNU-getopt DBus i18n IDN DHCP DHCPv6 no-Lua TFTP conntrack ipset auth DNSSEC loop-detect inotify dumpfile
Jun  2 16:38:35 gtw01 dnsmasq[814]: warning: no upstream servers configured
Jun  2 16:38:35 gtw01 dnsmasq-dhcp[814]: DHCPv6, static leases only on 2003::, lease time 1h
Jun  2 16:38:35 gtw01 dnsmasq[814]: read /var/lib/neutron/dhcp/65705e13-e8ef-4e3e-ba7c-884d9f57069e/addn_hosts - 1 addresses
Jun  2 16:38:35 gtw01 dnsmasq-dhcp[814]: read /var/lib/neutron/dhcp/65705e13-e8ef-4e3e-ba7c-884d9f57069e/host
Jun  2 16:38:35 gtw01 dnsmasq-dhcp[814]: read /var/lib/neutron/dhcp/65705e13-e8ef-4e3e-ba7c-884d9f57069e/opts
Jun  2 16:38:35 gtw01 dnsmasq[692]: read /var/lib/neutron/dhcp/c762a238-d024-48ed-b3e8-b2f31c737f3a/addn_hosts - 1 addresses
Jun  2 16:38:35 gtw01 dnsmasq-dhcp[692]: read /var/lib/neutron/dhcp/c762a238-d024-48ed-b3e8-b2f31c737f3a/host
Jun  2 16:38:35 gtw01 dnsmasq-dhcp[692]: read /var/lib/neutron/dhcp/c762a238-d024-48ed-b3e8-b2f31c737f3a/opts
Jun  2 16:38:35 gtw01 kernel: [ 7057.821671] device tapfd8a3f40-6c left promiscuous mode
Jun  2 16:38:36 gtw01 dnsmasq[12701]: read /var/lib/neutron/dhcp/c59cf9c1-a00f-4a22-ae8e-4a7d939a403d/addn_hosts - 2 addresses
Jun  2 16:38:36 gtw01 dnsmasq-dhcp[12701]: read /var/lib/neutron/dhcp/c59cf9c1-a00f-4a22-ae8e-4a7d939a403d/host
Jun  2 16:38:36 gtw01 dnsmasq-dhcp[12701]: read /var/lib/neutron/dhcp/c59cf9c1-a00f-4a22-ae8e-4a7d939a403d/opts
Jun  2 16:38:36 gtw01 dnsmasq[814]: read /var/lib/neutron/dhcp/65705e13-e8ef-4e3e-ba7c-884d9f57069e/addn_hosts - 1 addresses
Jun  2 16:38:36 gtw01 dnsmasq-dhcp[814]: read /var/lib/neutron/dhcp/65705e13-e8ef-4e3e-ba7c-884d9f57069e/host
Jun  2 16:38:36 gtw01 dnsmasq-dhcp[814]: read /var/lib/neutron/dhcp/65705e13-e8ef-4e3e-ba7c-884d9f57069e/opts
Jun  2 16:38:36 gtw01 dnsmasq[871]: started, version 2.80 cachesize 150
Jun  2 16:38:36 gtw01 dnsmasq[871]: DNS service limited to local subnets
Jun  2 16:38:36 gtw01 dnsmasq[871]: compile time options: IPv6 GNU-getopt DBus i18n IDN DHCP DHCPv6 no-Lua TFTP conntrack ipset auth DNSSEC loop-detect inotify dumpfile
Jun  2 16:38:36 gtw01 dnsmasq[871]: warning: no upstream servers configured
Jun  2 16:38:36 gtw01 dnsmasq-dhcp[871]: DHCPv6, static leases only on 2003::, lease time 1h
Jun  2 16:38:36 gtw01 dnsmasq[871]: read /var/lib/neutron/dhcp/6358a672-d37c-4601-b4e0-f49d180812d4/addn_hosts - 1 addresses
Jun  2 16:38:36 gtw01 dnsmasq-dhcp[871]: read /var/lib/neutron/dhcp/6358a672-d37c-4601-b4e0-f49d180812d4/host
Jun  2 16:38:36 gtw01 dnsmasq-dhcp[871]: read /var/lib/neutron/dhcp/6358a672-d37c-4601-b4e0-f49d180812d4/opts
Jun  2 16:38:36 gtw01 dnsmasq[692]: read /var/lib/neutron/dhcp/c762a238-d024-48ed-b3e8-b2f31c737f3a/addn_hosts - 1 addresses
Jun  2 16:38:36 gtw01 dnsmasq-dhcp[692]: read /var/lib/neutron/dhcp/c762a238-d024-48ed-b3e8-b2f31c737f3a/host
Jun  2 16:38:36 gtw01 dnsmasq-dhcp[692]: read /var/lib/neutron/dhcp/c762a238-d024-48ed-b3e8-b2f31c737f3a/opts
Jun  2 16:38:37 gtw01 dnsmasq[871]: read /var/lib/neutron/dhcp/6358a672-d37c-4601-b4e0-f49d180812d4/addn_hosts - 1 addresses
Jun  2 16:38:37 gtw01 dnsmasq-dhcp[871]: read /var/lib/neutron/dhcp/6358a672-d37c-4601-b4e0-f49d180812d4/host
Jun  2 16:38:37 gtw01 dnsmasq-dhcp[871]: read /var/lib/neutron/dhcp/6358a672-d37c-4601-b4e0-f49d180812d4/opts
Jun  2 16:38:37 gtw01 dnsmasq[814]: read /var/lib/neutron/dhcp/65705e13-e8ef-4e3e-ba7c-884d9f57069e/addn_hosts - 1 addresses
Jun  2 16:38:37 gtw01 dnsmasq-dhcp[814]: read /var/lib/neutron/dhcp/65705e13-e8ef-4e3e-ba7c-884d9f57069e/host
Jun  2 16:38:37 gtw01 dnsmasq-dhcp[814]: read /var/lib/neutron/dhcp/65705e13-e8ef-4e3e-ba7c-884d9f57069e/opts
Jun  2 16:38:38 gtw01 dnsmasq[871]: read /var/lib/neutron/dhcp/6358a672-d37c-4601-b4e0-f49d180812d4/addn_hosts - 1 addresses
Jun  2 16:38:38 gtw01 dnsmasq-dhcp[871]: read /var/lib/neutron/dhcp/6358a672-d37c-4601-b4e0-f49d180812d4/host
Jun  2 16:38:38 gtw01 dnsmasq-dhcp[871]: read /var/lib/neutron/dhcp/6358a672-d37c-4601-b4e0-f49d180812d4/opts
Jun  2 16:38:38 gtw01 dnsmasq[814]: read /var/lib/neutron/dhcp/65705e13-e8ef-4e3e-ba7c-884d9f57069e/addn_hosts - 2 addresses
Jun  2 16:38:38 gtw01 dnsmasq-dhcp[814]: read /var/lib/neutron/dhcp/65705e13-e8ef-4e3e-ba7c-884d9f57069e/host
Jun  2 16:38:38 gtw01 dnsmasq-dhcp[814]: read /var/lib/neutron/dhcp/65705e13-e8ef-4e3e-ba7c-884d9f57069e/opts
Jun  2 16:38:39 gtw01 dnsmasq[871]: read /var/lib/neutron/dhcp/6358a672-d37c-4601-b4e0-f49d180812d4/addn_hosts - 1 addresses
Jun  2 16:38:39 gtw01 dnsmasq-dhcp[871]: read /var/lib/neutron/dhcp/6358a672-d37c-4601-b4e0-f49d180812d4/host
Jun  2 16:38:39 gtw01 dnsmasq-dhcp[871]: read /var/lib/neutron/dhcp/6358a672-d37c-4601-b4e0-f49d180812d4/opts
Jun  2 16:38:39 gtw01 dnsmasq[814]: read /var/lib/neutron/dhcp/65705e13-e8ef-4e3e-ba7c-884d9f57069e/addn_hosts - 2 addresses
Jun  2 16:38:39 gtw01 dnsmasq-dhcp[814]: read /var/lib/neutron/dhcp/65705e13-e8ef-4e3e-ba7c-884d9f57069e/host
Jun  2 16:38:39 gtw01 dnsmasq-dhcp[814]: read /var/lib/neutron/dhcp/65705e13-e8ef-4e3e-ba7c-884d9f57069e/opts
Jun  2 16:38:40 gtw01 kernel: [ 7062.761985] device tap425d1c03-a1 entered promiscuous mode
Jun  2 16:38:40 gtw01 systemd-udevd[1007]: Could not generate persistent MAC address for tap425d1c03-a1: No such file or directory
Jun  2 16:38:40 gtw01 systemd-udevd[1053]: Process '/sbin/ip link set tap425d1c03-a1 txqueuelen 10000' failed with exit code 1.
Jun  2 16:38:40 gtw01 dnsmasq[814]: read /var/lib/neutron/dhcp/65705e13-e8ef-4e3e-ba7c-884d9f57069e/addn_hosts - 2 addresses
Jun  2 16:38:40 gtw01 dnsmasq-dhcp[814]: read /var/lib/neutron/dhcp/65705e13-e8ef-4e3e-ba7c-884d9f57069e/host
Jun  2 16:38:40 gtw01 dnsmasq-dhcp[814]: read /var/lib/neutron/dhcp/65705e13-e8ef-4e3e-ba7c-884d9f57069e/opts
Jun  2 16:38:41 gtw01 systemd-udevd[1119]: Could not generate persistent MAC address for tap6264314c-f6: No such file or directory
Jun  2 16:38:41 gtw01 kernel: [ 7064.152648] device tap6264314c-f6 entered promiscuous mode
Jun  2 16:38:41 gtw01 systemd-udevd[1119]: Process '/sbin/ip link set tap6264314c-f6 txqueuelen 10000' failed with exit code 1.
Jun  2 16:38:42 gtw01 dnsmasq[814]: read /var/lib/neutron/dhcp/65705e13-e8ef-4e3e-ba7c-884d9f57069e/addn_hosts - 1 addresses
Jun  2 16:38:42 gtw01 dnsmasq-dhcp[814]: read /var/lib/neutron/dhcp/65705e13-e8ef-4e3e-ba7c-884d9f57069e/host
Jun  2 16:38:42 gtw01 dnsmasq-dhcp[814]: read /var/lib/neutron/dhcp/65705e13-e8ef-4e3e-ba7c-884d9f57069e/opts
Jun  2 16:38:42 gtw01 dnsmasq[692]: read /var/lib/neutron/dhcp/c762a238-d024-48ed-b3e8-b2f31c737f3a/addn_hosts - 2 addresses
Jun  2 16:38:42 gtw01 dnsmasq-dhcp[692]: read /var/lib/neutron/dhcp/c762a238-d024-48ed-b3e8-b2f31c737f3a/host
Jun  2 16:38:42 gtw01 dnsmasq-dhcp[692]: read /var/lib/neutron/dhcp/c762a238-d024-48ed-b3e8-b2f31c737f3a/opts
Jun  2 16:38:44 gtw01 dnsmasq[692]: read /var/lib/neutron/dhcp/c762a238-d024-48ed-b3e8-b2f31c737f3a/addn_hosts - 2 addresses
Jun  2 16:38:44 gtw01 dnsmasq-dhcp[692]: read /var/lib/neutron/dhcp/c762a238-d024-48ed-b3e8-b2f31c737f3a/host
Jun  2 16:38:44 gtw01 dnsmasq-dhcp[692]: read /var/lib/neutron/dhcp/c762a238-d024-48ed-b3e8-b2f31c737f3a/opts
Jun  2 16:38:44 gtw01 dnsmasq[1286]: started, version 2.80 cachesize 150
Jun  2 16:38:44 gtw01 dnsmasq[1286]: DNS service limited to local subnets
Jun  2 16:38:44 gtw01 dnsmasq[1286]: compile time options: IPv6 GNU-getopt DBus i18n IDN DHCP DHCPv6 no-Lua TFTP conntrack ipset auth DNSSEC loop-detect inotify dumpfile
Jun  2 16:38:44 gtw01 dnsmasq[1286]: warning: no upstream servers configured
Jun  2 16:38:44 gtw01 dnsmasq-dhcp[1286]: DHCP, static leases only on 192.168.120.0, lease time 1h
Jun  2 16:38:44 gtw01 dnsmasq[1286]: read /var/lib/neutron/dhcp/d2ad8854-80db-4156-8667-99e61c1f70f1/addn_hosts - 1 addresses
Jun  2 16:38:44 gtw01 dnsmasq-dhcp[1286]: read /var/lib/neutron/dhcp/d2ad8854-80db-4156-8667-99e61c1f70f1/host
Jun  2 16:38:44 gtw01 dnsmasq-dhcp[1286]: read /var/lib/neutron/dhcp/d2ad8854-80db-4156-8667-99e61c1f70f1/opts
Jun  2 16:38:44 gtw01 haproxy-metadata-proxy-d2ad8854-80db-4156-8667-99e61c1f70f1[1294]: Proxy listener started.
Jun  2 16:38:45 gtw01 kernel: [ 7067.774171] device tap425d1c03-a1 left promiscuous mode
Jun  2 16:38:45 gtw01 dnsmasq[1324]: started, version 2.80 cachesize 150
Jun  2 16:38:45 gtw01 dnsmasq[1324]: DNS service limited to local subnets
Jun  2 16:38:45 gtw01 dnsmasq[1324]: compile time options: IPv6 GNU-getopt DBus i18n IDN DHCP DHCPv6 no-Lua TFTP conntrack ipset auth DNSSEC loop-detect inotify dumpfile
Jun  2 16:38:45 gtw01 dnsmasq[1324]: warning: no upstream servers configured
Jun  2 16:38:45 gtw01 dnsmasq-dhcp[1324]: DHCPv6, static leases only on 2003:0:1::, lease time 1h
Jun  2 16:38:45 gtw01 dnsmasq[1324]: read /var/lib/neutron/dhcp/46b744ee-7703-4dd0-a7b6-afd150d63d2a/addn_hosts - 1 addresses
Jun  2 16:38:45 gtw01 dnsmasq-dhcp[1324]: read /var/lib/neutron/dhcp/46b744ee-7703-4dd0-a7b6-afd150d63d2a/host
Jun  2 16:38:45 gtw01 dnsmasq-dhcp[1324]: read /var/lib/neutron/dhcp/46b744ee-7703-4dd0-a7b6-afd150d63d2a/opts
Jun  2 16:38:46 gtw01 dnsmasq[692]: read /var/lib/neutron/dhcp/c762a238-d024-48ed-b3e8-b2f31c737f3a/addn_hosts - 1 addresses
Jun  2 16:38:46 gtw01 dnsmasq-dhcp[692]: read /var/lib/neutron/dhcp/c762a238-d024-48ed-b3e8-b2f31c737f3a/host
Jun  2 16:38:46 gtw01 dnsmasq-dhcp[692]: read /var/lib/neutron/dhcp/c762a238-d024-48ed-b3e8-b2f31c737f3a/opts
Jun  2 16:38:46 gtw01 dnsmasq[1324]: read /var/lib/neutron/dhcp/46b744ee-7703-4dd0-a7b6-afd150d63d2a/addn_hosts - 1 addresses
Jun  2 16:38:46 gtw01 dnsmasq-dhcp[1324]: read /var/lib/neutron/dhcp/46b744ee-7703-4dd0-a7b6-afd150d63d2a/host
Jun  2 16:38:46 gtw01 dnsmasq-dhcp[1324]: read /var/lib/neutron/dhcp/46b744ee-7703-4dd0-a7b6-afd150d63d2a/opts
Jun  2 16:38:47 gtw01 dnsmasq[1324]: read /var/lib/neutron/dhcp/46b744ee-7703-4dd0-a7b6-afd150d63d2a/addn_hosts - 1 addresses
Jun  2 16:38:47 gtw01 dnsmasq-dhcp[1324]: read /var/lib/neutron/dhcp/46b744ee-7703-4dd0-a7b6-afd150d63d2a/host
Jun  2 16:38:47 gtw01 dnsmasq-dhcp[1324]: read /var/lib/neutron/dhcp/46b744ee-7703-4dd0-a7b6-afd150d63d2a/opts
Jun  2 16:38:48 gtw01 dnsmasq[1324]: read /var/lib/neutron/dhcp/46b744ee-7703-4dd0-a7b6-afd150d63d2a/addn_hosts - 1 addresses
Jun  2 16:38:48 gtw01 dnsmasq-dhcp[1324]: read /var/lib/neutron/dhcp/46b744ee-7703-4dd0-a7b6-afd150d63d2a/host
Jun  2 16:38:48 gtw01 dnsmasq-dhcp[1324]: read /var/lib/neutron/dhcp/46b744ee-7703-4dd0-a7b6-afd150d63d2a/opts
Jun  2 16:38:49 gtw01 kernel: [ 7071.912408] device tap6264314c-f6 left promiscuous mode
Jun  2 16:38:51 gtw01 systemd-udevd[1416]: Could not generate persistent MAC address for tap9a1767e3-60: No such file or directory
Jun  2 16:38:51 gtw01 kernel: [ 7074.189929] device tap9a1767e3-60 entered promiscuous mode
Jun  2 16:38:51 gtw01 systemd-udevd[1463]: Process '/sbin/ip link set tap9a1767e3-60 txqueuelen 10000' failed with exit code 1.
Jun  2 16:38:53 gtw01 kernel: [ 7075.404904] device tapc27ccc0c-3e left promiscuous mode
Jun  2 16:38:54 gtw01 kernel: [ 7076.919897] device tap902cf379-43 left promiscuous mode
Jun  2 16:38:54 gtw01 dnsmasq[1541]: started, version 2.80 cachesize 150
Jun  2 16:38:54 gtw01 dnsmasq[1541]: DNS service limited to local subnets
Jun  2 16:38:54 gtw01 dnsmasq[1541]: compile time options: IPv6 GNU-getopt DBus i18n IDN DHCP DHCPv6 no-Lua TFTP conntrack ipset auth DNSSEC loop-detect inotify dumpfile
Jun  2 16:38:54 gtw01 dnsmasq[1541]: warning: no upstream servers configured
Jun  2 16:38:54 gtw01 dnsmasq-dhcp[1541]: DHCP, static leases only on 192.168.120.0, lease time 1h
Jun  2 16:38:54 gtw01 dnsmasq[1541]: read /var/lib/neutron/dhcp/5b0b1f1b-36f1-45d8-b1a7-b109cc76885f/addn_hosts - 1 addresses
Jun  2 16:38:54 gtw01 dnsmasq-dhcp[1541]: read /var/lib/neutron/dhcp/5b0b1f1b-36f1-45d8-b1a7-b109cc76885f/host
Jun  2 16:38:54 gtw01 dnsmasq-dhcp[1541]: read /var/lib/neutron/dhcp/5b0b1f1b-36f1-45d8-b1a7-b109cc76885f/opts
Jun  2 16:38:55 gtw01 haproxy-metadata-proxy-5b0b1f1b-36f1-45d8-b1a7-b109cc76885f[1545]: Proxy listener started.
Jun  2 16:38:56 gtw01 dnsmasq[1541]: read /var/lib/neutron/dhcp/5b0b1f1b-36f1-45d8-b1a7-b109cc76885f/addn_hosts - 2 addresses
Jun  2 16:38:56 gtw01 dnsmasq-dhcp[1541]: read /var/lib/neutron/dhcp/5b0b1f1b-36f1-45d8-b1a7-b109cc76885f/host
Jun  2 16:38:56 gtw01 dnsmasq-dhcp[1541]: read /var/lib/neutron/dhcp/5b0b1f1b-36f1-45d8-b1a7-b109cc76885f/opts
Jun  2 16:38:56 gtw01 dnsmasq[1541]: read /var/lib/neutron/dhcp/5b0b1f1b-36f1-45d8-b1a7-b109cc76885f/addn_hosts - 2 addresses
Jun  2 16:38:56 gtw01 dnsmasq-dhcp[1541]: read /var/lib/neutron/dhcp/5b0b1f1b-36f1-45d8-b1a7-b109cc76885f/host
Jun  2 16:38:56 gtw01 dnsmasq-dhcp[1541]: read /var/lib/neutron/dhcp/5b0b1f1b-36f1-45d8-b1a7-b109cc76885f/opts
Jun  2 16:38:57 gtw01 dnsmasq[1541]: read /var/lib/neutron/dhcp/5b0b1f1b-36f1-45d8-b1a7-b109cc76885f/addn_hosts - 2 addresses
Jun  2 16:38:57 gtw01 dnsmasq-dhcp[1541]: read /var/lib/neutron/dhcp/5b0b1f1b-36f1-45d8-b1a7-b109cc76885f/host
Jun  2 16:38:57 gtw01 dnsmasq-dhcp[1541]: read /var/lib/neutron/dhcp/5b0b1f1b-36f1-45d8-b1a7-b109cc76885f/opts
Jun  2 16:38:58 gtw01 dnsmasq[1541]: read /var/lib/neutron/dhcp/5b0b1f1b-36f1-45d8-b1a7-b109cc76885f/addn_hosts - 3 addresses
Jun  2 16:38:58 gtw01 dnsmasq-dhcp[1541]: read /var/lib/neutron/dhcp/5b0b1f1b-36f1-45d8-b1a7-b109cc76885f/host
Jun  2 16:38:58 gtw01 dnsmasq-dhcp[1541]: read /var/lib/neutron/dhcp/5b0b1f1b-36f1-45d8-b1a7-b109cc76885f/opts
Jun  2 16:38:59 gtw01 dnsmasq[1541]: read /var/lib/neutron/dhcp/5b0b1f1b-36f1-45d8-b1a7-b109cc76885f/addn_hosts - 3 addresses
Jun  2 16:38:59 gtw01 dnsmasq-dhcp[1541]: read /var/lib/neutron/dhcp/5b0b1f1b-36f1-45d8-b1a7-b109cc76885f/host
Jun  2 16:38:59 gtw01 dnsmasq-dhcp[1541]: read /var/lib/neutron/dhcp/5b0b1f1b-36f1-45d8-b1a7-b109cc76885f/opts
Jun  2 16:38:59 gtw01 kernel: [ 7082.088694] device tapbd2461d8-ae left promiscuous mode
Jun  2 16:39:00 gtw01 kernel: [ 7083.026384] device tap9a1767e3-60 left promiscuous mode
Jun  2 16:39:04 gtw01 systemd-udevd[1661]: Could not generate persistent MAC address for tap52bb567a-f6: No such file or directory
Jun  2 16:39:04 gtw01 kernel: [ 7087.124431] device tap52bb567a-f6 entered promiscuous mode
Jun  2 16:39:04 gtw01 systemd-udevd[1711]: Process '/sbin/ip link set tap52bb567a-f6 txqueuelen 10000' failed with exit code 1.
Jun  2 16:39:07 gtw01 dnsmasq[1774]: started, version 2.80 cachesize 150
Jun  2 16:39:07 gtw01 dnsmasq[1774]: DNS service limited to local subnets
Jun  2 16:39:07 gtw01 dnsmasq[1774]: compile time options: IPv6 GNU-getopt DBus i18n IDN DHCP DHCPv6 no-Lua TFTP conntrack ipset auth DNSSEC loop-detect inotify dumpfile
Jun  2 16:39:07 gtw01 dnsmasq[1774]: warning: no upstream servers configured
Jun  2 16:39:07 gtw01 dnsmasq-dhcp[1774]: DHCP, static leases only on 192.168.120.0, lease time 1h
Jun  2 16:39:07 gtw01 dnsmasq[1774]: read /var/lib/neutron/dhcp/18ccaf64-6368-41c2-b15f-556141fc7943/addn_hosts - 1 addresses
Jun  2 16:39:07 gtw01 dnsmasq-dhcp[1774]: read /var/lib/neutron/dhcp/18ccaf64-6368-41c2-b15f-556141fc7943/host
Jun  2 16:39:07 gtw01 dnsmasq-dhcp[1774]: read /var/lib/neutron/dhcp/18ccaf64-6368-41c2-b15f-556141fc7943/opts
Jun  2 16:39:08 gtw01 haproxy-metadata-proxy-18ccaf64-6368-41c2-b15f-556141fc7943[1778]: Proxy listener started.
Jun  2 16:39:08 gtw01 dnsmasq[1774]: read /var/lib/neutron/dhcp/18ccaf64-6368-41c2-b15f-556141fc7943/addn_hosts - 2 addresses
Jun  2 16:39:08 gtw01 dnsmasq-dhcp[1774]: read /var/lib/neutron/dhcp/18ccaf64-6368-41c2-b15f-556141fc7943/host
Jun  2 16:39:08 gtw01 dnsmasq-dhcp[1774]: read /var/lib/neutron/dhcp/18ccaf64-6368-41c2-b15f-556141fc7943/opts
Jun  2 16:39:09 gtw01 dnsmasq[1774]: read /var/lib/neutron/dhcp/18ccaf64-6368-41c2-b15f-556141fc7943/addn_hosts - 2 addresses
Jun  2 16:39:09 gtw01 dnsmasq-dhcp[1774]: read /var/lib/neutron/dhcp/18ccaf64-6368-41c2-b15f-556141fc7943/host
Jun  2 16:39:09 gtw01 dnsmasq-dhcp[1774]: read /var/lib/neutron/dhcp/18ccaf64-6368-41c2-b15f-556141fc7943/opts
Jun  2 16:39:10 gtw01 dnsmasq[1774]: read /var/lib/neutron/dhcp/18ccaf64-6368-41c2-b15f-556141fc7943/addn_hosts - 2 addresses
Jun  2 16:39:10 gtw01 dnsmasq-dhcp[1774]: read /var/lib/neutron/dhcp/18ccaf64-6368-41c2-b15f-556141fc7943/host
Jun  2 16:39:10 gtw01 dnsmasq-dhcp[1774]: read /var/lib/neutron/dhcp/18ccaf64-6368-41c2-b15f-556141fc7943/opts
Jun  2 16:39:11 gtw01 dnsmasq[1774]: read /var/lib/neutron/dhcp/18ccaf64-6368-41c2-b15f-556141fc7943/addn_hosts - 2 addresses
Jun  2 16:39:11 gtw01 dnsmasq-dhcp[1774]: read /var/lib/neutron/dhcp/18ccaf64-6368-41c2-b15f-556141fc7943/host
Jun  2 16:39:11 gtw01 dnsmasq-dhcp[1774]: read /var/lib/neutron/dhcp/18ccaf64-6368-41c2-b15f-556141fc7943/opts
Jun  2 16:39:11 gtw01 kernel: [ 7094.170206] device tapabb3d830-5d entered promiscuous mode
Jun  2 16:39:11 gtw01 systemd-udevd[1862]: Could not generate persistent MAC address for tapabb3d830-5d: No such file or directory
Jun  2 16:39:11 gtw01 systemd-udevd[1908]: Process '/sbin/ip link set tapabb3d830-5d txqueuelen 10000' failed with exit code 1.
Jun  2 16:39:12 gtw01 dnsmasq[1774]: read /var/lib/neutron/dhcp/18ccaf64-6368-41c2-b15f-556141fc7943/addn_hosts - 2 addresses
Jun  2 16:39:12 gtw01 dnsmasq-dhcp[1774]: read /var/lib/neutron/dhcp/18ccaf64-6368-41c2-b15f-556141fc7943/host
Jun  2 16:39:12 gtw01 dnsmasq-dhcp[1774]: read /var/lib/neutron/dhcp/18ccaf64-6368-41c2-b15f-556141fc7943/opts
Jun  2 16:39:13 gtw01 systemd-udevd[1979]: Could not generate persistent MAC address for tap9bfb8860-60: No such file or directory
Jun  2 16:39:13 gtw01 kernel: [ 7095.696582] device tap9bfb8860-60 entered promiscuous mode
Jun  2 16:39:13 gtw01 systemd-udevd[1979]: Process '/sbin/ip link set tap9bfb8860-60 txqueuelen 10000' failed with exit code 1.
Jun  2 16:39:13 gtw01 dnsmasq[1774]: read /var/lib/neutron/dhcp/18ccaf64-6368-41c2-b15f-556141fc7943/addn_hosts - 2 addresses
Jun  2 16:39:13 gtw01 dnsmasq-dhcp[1774]: read /var/lib/neutron/dhcp/18ccaf64-6368-41c2-b15f-556141fc7943/host
Jun  2 16:39:13 gtw01 dnsmasq-dhcp[1774]: read /var/lib/neutron/dhcp/18ccaf64-6368-41c2-b15f-556141fc7943/opts
Jun  2 16:39:15 gtw01 kernel: [ 7098.054787] device tap52bb567a-f6 left promiscuous mode
Jun  2 16:39:15 gtw01 dnsmasq[2146]: started, version 2.80 cachesize 150
Jun  2 16:39:15 gtw01 dnsmasq[2146]: DNS service limited to local subnets
Jun  2 16:39:15 gtw01 dnsmasq[2146]: compile time options: IPv6 GNU-getopt DBus i18n IDN DHCP DHCPv6 no-Lua TFTP conntrack ipset auth DNSSEC loop-detect inotify dumpfile
Jun  2 16:39:15 gtw01 dnsmasq[2146]: warning: no upstream servers configured
Jun  2 16:39:15 gtw01 dnsmasq-dhcp[2146]: DHCP, static leases only on 192.168.120.0, lease time 1h
Jun  2 16:39:15 gtw01 dnsmasq[2146]: read /var/lib/neutron/dhcp/285e25e8-3482-48eb-9227-17dbfe1f392c/addn_hosts - 1 addresses
Jun  2 16:39:15 gtw01 dnsmasq-dhcp[2146]: read /var/lib/neutron/dhcp/285e25e8-3482-48eb-9227-17dbfe1f392c/host
Jun  2 16:39:15 gtw01 dnsmasq-dhcp[2146]: read /var/lib/neutron/dhcp/285e25e8-3482-48eb-9227-17dbfe1f392c/opts
Jun  2 16:39:16 gtw01 haproxy-metadata-proxy-285e25e8-3482-48eb-9227-17dbfe1f392c[2159]: Proxy listener started.
Jun  2 16:39:16 gtw01 kernel: [ 7098.567590] device tap086be76a-22 entered promiscuous mode
Jun  2 16:39:16 gtw01 systemd-udevd[2169]: Could not generate persistent MAC address for tap086be76a-22: No such file or directory
Jun  2 16:39:16 gtw01 systemd-udevd[2223]: Process '/sbin/ip link set tap086be76a-22 txqueuelen 10000' failed with exit code 1.
Jun  2 16:39:17 gtw01 dnsmasq[2146]: read /var/lib/neutron/dhcp/285e25e8-3482-48eb-9227-17dbfe1f392c/addn_hosts - 1 addresses
Jun  2 16:39:17 gtw01 dnsmasq-dhcp[2146]: read /var/lib/neutron/dhcp/285e25e8-3482-48eb-9227-17dbfe1f392c/host
Jun  2 16:39:17 gtw01 dnsmasq-dhcp[2146]: read /var/lib/neutron/dhcp/285e25e8-3482-48eb-9227-17dbfe1f392c/opts
Jun  2 16:39:17 gtw01 dnsmasq[2280]: started, version 2.80 cachesize 150
Jun  2 16:39:17 gtw01 dnsmasq[2280]: DNS service limited to local subnets
Jun  2 16:39:17 gtw01 dnsmasq[2280]: compile time options: IPv6 GNU-getopt DBus i18n IDN DHCP DHCPv6 no-Lua TFTP conntrack ipset auth DNSSEC loop-detect inotify dumpfile
Jun  2 16:39:17 gtw01 dnsmasq[2280]: warning: no upstream servers configured
Jun  2 16:39:17 gtw01 dnsmasq-dhcp[2280]: DHCP, static leases only on 192.168.120.0, lease time 1h
Jun  2 16:39:17 gtw01 dnsmasq[2280]: read /var/lib/neutron/dhcp/beb66efd-1ce9-46ce-a06d-c326ecd9c264/addn_hosts - 1 addresses
Jun  2 16:39:17 gtw01 dnsmasq-dhcp[2280]: read /var/lib/neutron/dhcp/beb66efd-1ce9-46ce-a06d-c326ecd9c264/host
Jun  2 16:39:17 gtw01 dnsmasq-dhcp[2280]: read /var/lib/neutron/dhcp/beb66efd-1ce9-46ce-a06d-c326ecd9c264/opts
Jun  2 16:39:17 gtw01 haproxy-metadata-proxy-beb66efd-1ce9-46ce-a06d-c326ecd9c264[2291]: Proxy listener started.
Jun  2 16:39:18 gtw01 dnsmasq[2146]: read /var/lib/neutron/dhcp/285e25e8-3482-48eb-9227-17dbfe1f392c/addn_hosts - 1 addresses
Jun  2 16:39:18 gtw01 dnsmasq-dhcp[2146]: read /var/lib/neutron/dhcp/285e25e8-3482-48eb-9227-17dbfe1f392c/host
Jun  2 16:39:18 gtw01 dnsmasq-dhcp[2146]: read /var/lib/neutron/dhcp/285e25e8-3482-48eb-9227-17dbfe1f392c/opts
Jun  2 16:39:19 gtw01 dnsmasq[2280]: read /var/lib/neutron/dhcp/beb66efd-1ce9-46ce-a06d-c326ecd9c264/addn_hosts - 2 addresses
Jun  2 16:39:19 gtw01 dnsmasq-dhcp[2280]: read /var/lib/neutron/dhcp/beb66efd-1ce9-46ce-a06d-c326ecd9c264/host
Jun  2 16:39:19 gtw01 dnsmasq-dhcp[2280]: read /var/lib/neutron/dhcp/beb66efd-1ce9-46ce-a06d-c326ecd9c264/opts
Jun  2 16:39:19 gtw01 dnsmasq[2146]: read /var/lib/neutron/dhcp/285e25e8-3482-48eb-9227-17dbfe1f392c/addn_hosts - 1 addresses
Jun  2 16:39:19 gtw01 dnsmasq-dhcp[2146]: read /var/lib/neutron/dhcp/285e25e8-3482-48eb-9227-17dbfe1f392c/host
Jun  2 16:39:19 gtw01 dnsmasq-dhcp[2146]: read /var/lib/neutron/dhcp/285e25e8-3482-48eb-9227-17dbfe1f392c/opts
Jun  2 16:39:20 gtw01 kernel: [ 7102.325494] device tapafa8b869-d5 entered promiscuous mode
Jun  2 16:39:20 gtw01 systemd-udevd[2388]: Could not generate persistent MAC address for tapafa8b869-d5: No such file or directory
Jun  2 16:39:20 gtw01 systemd-udevd[2388]: Process '/sbin/ip link set tapafa8b869-d5 txqueuelen 10000' failed with exit code 1.
Jun  2 16:39:20 gtw01 dnsmasq[2280]: read /var/lib/neutron/dhcp/beb66efd-1ce9-46ce-a06d-c326ecd9c264/addn_hosts - 2 addresses
Jun  2 16:39:20 gtw01 dnsmasq-dhcp[2280]: read /var/lib/neutron/dhcp/beb66efd-1ce9-46ce-a06d-c326ecd9c264/host
Jun  2 16:39:20 gtw01 dnsmasq-dhcp[2280]: read /var/lib/neutron/dhcp/beb66efd-1ce9-46ce-a06d-c326ecd9c264/opts
Jun  2 16:39:20 gtw01 dnsmasq[2469]: started, version 2.80 cachesize 150
Jun  2 16:39:20 gtw01 dnsmasq[2469]: DNS service limited to local subnets
Jun  2 16:39:20 gtw01 dnsmasq[2469]: compile time options: IPv6 GNU-getopt DBus i18n IDN DHCP DHCPv6 no-Lua TFTP conntrack ipset auth DNSSEC loop-detect inotify dumpfile
Jun  2 16:39:20 gtw01 dnsmasq[2469]: warning: no upstream servers configured
Jun  2 16:39:20 gtw01 dnsmasq-dhcp[2469]: DHCP, static leases only on 192.168.120.0, lease time 1h
Jun  2 16:39:20 gtw01 dnsmasq[2469]: read /var/lib/neutron/dhcp/bec4bfd6-9d8a-4866-a990-7d2a5c79ea30/addn_hosts - 1 addresses
Jun  2 16:39:20 gtw01 dnsmasq-dhcp[2469]: read /var/lib/neutron/dhcp/bec4bfd6-9d8a-4866-a990-7d2a5c79ea30/host
Jun  2 16:39:20 gtw01 dnsmasq-dhcp[2469]: read /var/lib/neutron/dhcp/bec4bfd6-9d8a-4866-a990-7d2a5c79ea30/opts
Jun  2 16:39:21 gtw01 haproxy-metadata-proxy-bec4bfd6-9d8a-4866-a990-7d2a5c79ea30[2480]: Proxy listener started.
Jun  2 16:39:21 gtw01 dnsmasq[2280]: read /var/lib/neutron/dhcp/beb66efd-1ce9-46ce-a06d-c326ecd9c264/addn_hosts - 2 addresses
Jun  2 16:39:21 gtw01 dnsmasq-dhcp[2280]: read /var/lib/neutron/dhcp/beb66efd-1ce9-46ce-a06d-c326ecd9c264/host
Jun  2 16:39:21 gtw01 dnsmasq-dhcp[2280]: read /var/lib/neutron/dhcp/beb66efd-1ce9-46ce-a06d-c326ecd9c264/opts
Jun  2 16:39:21 gtw01 dnsmasq[2469]: read /var/lib/neutron/dhcp/bec4bfd6-9d8a-4866-a990-7d2a5c79ea30/addn_hosts - 1 addresses
Jun  2 16:39:21 gtw01 dnsmasq-dhcp[2469]: read /var/lib/neutron/dhcp/bec4bfd6-9d8a-4866-a990-7d2a5c79ea30/host
Jun  2 16:39:21 gtw01 dnsmasq-dhcp[2469]: read /var/lib/neutron/dhcp/bec4bfd6-9d8a-4866-a990-7d2a5c79ea30/opts
Jun  2 16:39:23 gtw01 dnsmasq[2280]: read /var/lib/neutron/dhcp/beb66efd-1ce9-46ce-a06d-c326ecd9c264/addn_hosts - 2 addresses
Jun  2 16:39:23 gtw01 dnsmasq-dhcp[2280]: read /var/lib/neutron/dhcp/beb66efd-1ce9-46ce-a06d-c326ecd9c264/host
Jun  2 16:39:23 gtw01 dnsmasq-dhcp[2280]: read /var/lib/neutron/dhcp/beb66efd-1ce9-46ce-a06d-c326ecd9c264/opts
Jun  2 16:39:23 gtw01 dnsmasq[2469]: read /var/lib/neutron/dhcp/bec4bfd6-9d8a-4866-a990-7d2a5c79ea30/addn_hosts - 1 addresses
Jun  2 16:39:23 gtw01 dnsmasq-dhcp[2469]: read /var/lib/neutron/dhcp/bec4bfd6-9d8a-4866-a990-7d2a5c79ea30/host
Jun  2 16:39:23 gtw01 dnsmasq-dhcp[2469]: read /var/lib/neutron/dhcp/bec4bfd6-9d8a-4866-a990-7d2a5c79ea30/opts
Jun  2 16:39:24 gtw01 dnsmasq[2604]: started, version 2.80 cachesize 150
Jun  2 16:39:24 gtw01 dnsmasq[2604]: DNS service limited to local subnets
Jun  2 16:39:24 gtw01 dnsmasq[2604]: compile time options: IPv6 GNU-getopt DBus i18n IDN DHCP DHCPv6 no-Lua TFTP conntrack ipset auth DNSSEC loop-detect inotify dumpfile
Jun  2 16:39:24 gtw01 dnsmasq[2604]: warning: no upstream servers configured
Jun  2 16:39:24 gtw01 dnsmasq-dhcp[2604]: DHCP, static leases only on 192.168.120.0, lease time 1h
Jun  2 16:39:24 gtw01 dnsmasq[2604]: read /var/lib/neutron/dhcp/d28b4cb0-8ef5-4f2f-be40-3dd1259452f2/addn_hosts - 1 addresses
Jun  2 16:39:24 gtw01 dnsmasq-dhcp[2604]: read /var/lib/neutron/dhcp/d28b4cb0-8ef5-4f2f-be40-3dd1259452f2/host
Jun  2 16:39:24 gtw01 dnsmasq-dhcp[2604]: read /var/lib/neutron/dhcp/d28b4cb0-8ef5-4f2f-be40-3dd1259452f2/opts
Jun  2 16:39:24 gtw01 dnsmasq[2280]: read /var/lib/neutron/dhcp/beb66efd-1ce9-46ce-a06d-c326ecd9c264/addn_hosts - 2 addresses
Jun  2 16:39:24 gtw01 dnsmasq-dhcp[2280]: read /var/lib/neutron/dhcp/beb66efd-1ce9-46ce-a06d-c326ecd9c264/host
Jun  2 16:39:24 gtw01 dnsmasq-dhcp[2280]: read /var/lib/neutron/dhcp/beb66efd-1ce9-46ce-a06d-c326ecd9c264/opts
Jun  2 16:39:24 gtw01 dnsmasq[2469]: read /var/lib/neutron/dhcp/bec4bfd6-9d8a-4866-a990-7d2a5c79ea30/addn_hosts - 1 addresses
Jun  2 16:39:24 gtw01 dnsmasq-dhcp[2469]: read /var/lib/neutron/dhcp/bec4bfd6-9d8a-4866-a990-7d2a5c79ea30/host
Jun  2 16:39:24 gtw01 dnsmasq-dhcp[2469]: read /var/lib/neutron/dhcp/bec4bfd6-9d8a-4866-a990-7d2a5c79ea30/opts
Jun  2 16:39:24 gtw01 haproxy-metadata-proxy-d28b4cb0-8ef5-4f2f-be40-3dd1259452f2[2618]: Proxy listener started.
Jun  2 16:39:25 gtw01 kernel: [ 7108.129465] device tapc6e52335-f1 entered promiscuous mode
Jun  2 16:39:25 gtw01 systemd-udevd[2668]: Could not generate persistent MAC address for tapc6e52335-f1: No such file or directory
Jun  2 16:39:25 gtw01 dnsmasq[2280]: read /var/lib/neutron/dhcp/beb66efd-1ce9-46ce-a06d-c326ecd9c264/addn_hosts - 1 addresses
Jun  2 16:39:25 gtw01 dnsmasq-dhcp[2280]: read /var/lib/neutron/dhcp/beb66efd-1ce9-46ce-a06d-c326ecd9c264/host
Jun  2 16:39:25 gtw01 dnsmasq-dhcp[2280]: read /var/lib/neutron/dhcp/beb66efd-1ce9-46ce-a06d-c326ecd9c264/opts
Jun  2 16:39:25 gtw01 systemd-udevd[2715]: Process '/sbin/ip link set tapc6e52335-f1 txqueuelen 10000' failed with exit code 1.
Jun  2 16:39:25 gtw01 dnsmasq[2146]: read /var/lib/neutron/dhcp/285e25e8-3482-48eb-9227-17dbfe1f392c/addn_hosts - 2 addresses
Jun  2 16:39:25 gtw01 dnsmasq-dhcp[2146]: read /var/lib/neutron/dhcp/285e25e8-3482-48eb-9227-17dbfe1f392c/host
Jun  2 16:39:25 gtw01 dnsmasq-dhcp[2146]: read /var/lib/neutron/dhcp/285e25e8-3482-48eb-9227-17dbfe1f392c/opts
Jun  2 16:39:26 gtw01 kernel: [ 7108.719054] device tapafa8b869-d5 left promiscuous mode
Jun  2 16:39:27 gtw01 dnsmasq[2146]: read /var/lib/neutron/dhcp/285e25e8-3482-48eb-9227-17dbfe1f392c/addn_hosts - 2 addresses
Jun  2 16:39:27 gtw01 dnsmasq-dhcp[2146]: read /var/lib/neutron/dhcp/285e25e8-3482-48eb-9227-17dbfe1f392c/host
Jun  2 16:39:27 gtw01 dnsmasq-dhcp[2146]: read /var/lib/neutron/dhcp/285e25e8-3482-48eb-9227-17dbfe1f392c/opts
Jun  2 16:39:28 gtw01 kernel: [ 7110.668809] device tapafa8b869-d5 entered promiscuous mode
Jun  2 16:39:28 gtw01 systemd-udevd[2810]: Could not generate persistent MAC address for tapafa8b869-d5: No such file or directory
Jun  2 16:39:28 gtw01 systemd-udevd[2859]: Process '/sbin/ip link set tapafa8b869-d5 txqueuelen 10000' failed with exit code 1.
Jun  2 16:39:29 gtw01 dnsmasq[2908]: started, version 2.80 cachesize 150
Jun  2 16:39:29 gtw01 dnsmasq[2908]: DNS service limited to local subnets
Jun  2 16:39:29 gtw01 dnsmasq[2908]: compile time options: IPv6 GNU-getopt DBus i18n IDN DHCP DHCPv6 no-Lua TFTP conntrack ipset auth DNSSEC loop-detect inotify dumpfile
Jun  2 16:39:29 gtw01 dnsmasq[2908]: warning: no upstream servers configured
Jun  2 16:39:29 gtw01 dnsmasq-dhcp[2908]: DHCP, static leases only on 192.168.121.0, lease time 1h
Jun  2 16:39:29 gtw01 dnsmasq[2908]: read /var/lib/neutron/dhcp/9a5b55c2-5b45-4e2f-8212-7b4c9213ae44/addn_hosts - 1 addresses
Jun  2 16:39:29 gtw01 dnsmasq-dhcp[2908]: read /var/lib/neutron/dhcp/9a5b55c2-5b45-4e2f-8212-7b4c9213ae44/host
Jun  2 16:39:29 gtw01 dnsmasq-dhcp[2908]: read /var/lib/neutron/dhcp/9a5b55c2-5b45-4e2f-8212-7b4c9213ae44/opts
Jun  2 16:39:29 gtw01 haproxy-metadata-proxy-9a5b55c2-5b45-4e2f-8212-7b4c9213ae44[2919]: Proxy listener started.
Jun  2 16:39:30 gtw01 dnsmasq[2146]: read /var/lib/neutron/dhcp/285e25e8-3482-48eb-9227-17dbfe1f392c/addn_hosts - 1 addresses
Jun  2 16:39:30 gtw01 dnsmasq-dhcp[2146]: read /var/lib/neutron/dhcp/285e25e8-3482-48eb-9227-17dbfe1f392c/host
Jun  2 16:39:30 gtw01 dnsmasq-dhcp[2146]: read /var/lib/neutron/dhcp/285e25e8-3482-48eb-9227-17dbfe1f392c/opts
Jun  2 16:39:30 gtw01 dnsmasq[2908]: read /var/lib/neutron/dhcp/9a5b55c2-5b45-4e2f-8212-7b4c9213ae44/addn_hosts - 1 addresses
Jun  2 16:39:30 gtw01 dnsmasq-dhcp[2908]: read /var/lib/neutron/dhcp/9a5b55c2-5b45-4e2f-8212-7b4c9213ae44/host
Jun  2 16:39:30 gtw01 dnsmasq-dhcp[2908]: read /var/lib/neutron/dhcp/9a5b55c2-5b45-4e2f-8212-7b4c9213ae44/opts
Jun  2 16:39:31 gtw01 dnsmasq[2965]: started, version 2.80 cachesize 150
Jun  2 16:39:31 gtw01 dnsmasq[2965]: DNS service limited to local subnets
Jun  2 16:39:31 gtw01 dnsmasq[2965]: compile time options: IPv6 GNU-getopt DBus i18n IDN DHCP DHCPv6 no-Lua TFTP conntrack ipset auth DNSSEC loop-detect inotify dumpfile
Jun  2 16:39:31 gtw01 dnsmasq[2965]: warning: no upstream servers configured
Jun  2 16:39:31 gtw01 dnsmasq-dhcp[2965]: DHCP, static leases only on 192.168.120.16, lease time 1h
Jun  2 16:39:31 gtw01 dnsmasq-dhcp[2965]: DHCP, static leases only on 192.168.120.0, lease time 1h
Jun  2 16:39:31 gtw01 dnsmasq[2965]: read /var/lib/neutron/dhcp/d28b4cb0-8ef5-4f2f-be40-3dd1259452f2/addn_hosts - 2 addresses
Jun  2 16:39:31 gtw01 dnsmasq-dhcp[2965]: read /var/lib/neutron/dhcp/d28b4cb0-8ef5-4f2f-be40-3dd1259452f2/host
Jun  2 16:39:31 gtw01 dnsmasq-dhcp[2965]: read /var/lib/neutron/dhcp/d28b4cb0-8ef5-4f2f-be40-3dd1259452f2/opts
Jun  2 16:39:31 gtw01 dnsmasq[2908]: read /var/lib/neutron/dhcp/9a5b55c2-5b45-4e2f-8212-7b4c9213ae44/addn_hosts - 1 addresses
Jun  2 16:39:31 gtw01 dnsmasq-dhcp[2908]: read /var/lib/neutron/dhcp/9a5b55c2-5b45-4e2f-8212-7b4c9213ae44/host
Jun  2 16:39:31 gtw01 dnsmasq-dhcp[2908]: read /var/lib/neutron/dhcp/9a5b55c2-5b45-4e2f-8212-7b4c9213ae44/opts
Jun  2 16:39:32 gtw01 dnsmasq[2908]: read /var/lib/neutron/dhcp/9a5b55c2-5b45-4e2f-8212-7b4c9213ae44/addn_hosts - 1 addresses
Jun  2 16:39:32 gtw01 dnsmasq-dhcp[2908]: read /var/lib/neutron/dhcp/9a5b55c2-5b45-4e2f-8212-7b4c9213ae44/host
Jun  2 16:39:32 gtw01 dnsmasq-dhcp[2908]: read /var/lib/neutron/dhcp/9a5b55c2-5b45-4e2f-8212-7b4c9213ae44/opts
Jun  2 16:39:33 gtw01 kernel: [ 7116.154376] device tapc6e52335-f1 left promiscuous mode
Jun  2 16:39:34 gtw01 dnsmasq[3059]: started, version 2.80 cachesize 150
Jun  2 16:39:34 gtw01 dnsmasq[3059]: DNS service limited to local subnets
Jun  2 16:39:34 gtw01 dnsmasq[3059]: compile time options: IPv6 GNU-getopt DBus i18n IDN DHCP DHCPv6 no-Lua TFTP conntrack ipset auth DNSSEC loop-detect inotify dumpfile
Jun  2 16:39:34 gtw01 dnsmasq[3059]: warning: no upstream servers configured
Jun  2 16:39:34 gtw01 dnsmasq-dhcp[3059]: DHCP, static leases only on 192.168.120.32, lease time 1h
Jun  2 16:39:34 gtw01 dnsmasq-dhcp[3059]: DHCP, static leases only on 192.168.120.16, lease time 1h
Jun  2 16:39:34 gtw01 dnsmasq-dhcp[3059]: DHCP, static leases only on 192.168.120.0, lease time 1h
Jun  2 16:39:34 gtw01 dnsmasq[3059]: read /var/lib/neutron/dhcp/d28b4cb0-8ef5-4f2f-be40-3dd1259452f2/addn_hosts - 4 addresses
Jun  2 16:39:34 gtw01 dnsmasq-dhcp[3059]: read /var/lib/neutron/dhcp/d28b4cb0-8ef5-4f2f-be40-3dd1259452f2/host
Jun  2 16:39:34 gtw01 dnsmasq-dhcp[3059]: read /var/lib/neutron/dhcp/d28b4cb0-8ef5-4f2f-be40-3dd1259452f2/opts
Jun  2 16:39:34 gtw01 dnsmasq[3059]: read /var/lib/neutron/dhcp/d28b4cb0-8ef5-4f2f-be40-3dd1259452f2/addn_hosts - 5 addresses
Jun  2 16:39:34 gtw01 dnsmasq-dhcp[3059]: read /var/lib/neutron/dhcp/d28b4cb0-8ef5-4f2f-be40-3dd1259452f2/host
Jun  2 16:39:34 gtw01 dnsmasq-dhcp[3059]: read /var/lib/neutron/dhcp/d28b4cb0-8ef5-4f2f-be40-3dd1259452f2/opts
Jun  2 16:39:35 gtw01 dnsmasq-dhcp[3059]: DHCPRELEASE(tapafa8b869-d5) 192.168.120.36 fa:16:3e:05:7b:74
Jun  2 16:39:36 gtw01 kernel: [ 7118.609496] device tap086be76a-22 left promiscuous mode
Jun  2 16:39:36 gtw01 dnsmasq[3059]: read /var/lib/neutron/dhcp/d28b4cb0-8ef5-4f2f-be40-3dd1259452f2/addn_hosts - 5 addresses
Jun  2 16:39:36 gtw01 dnsmasq-dhcp[3059]: read /var/lib/neutron/dhcp/d28b4cb0-8ef5-4f2f-be40-3dd1259452f2/host
Jun  2 16:39:36 gtw01 dnsmasq-dhcp[3059]: read /var/lib/neutron/dhcp/d28b4cb0-8ef5-4f2f-be40-3dd1259452f2/opts
Jun  2 16:39:38 gtw01 kernel: [ 7120.299463] device tapafa8b869-d5 left promiscuous mode
Jun  2 16:39:38 gtw01 kernel: [ 7120.518703] device tap9bfb8860-60 left promiscuous mode
Jun  2 16:39:38 gtw01 systemd-udevd[3135]: Could not generate persistent MAC address for tapafa8b869-d5: No such file or directory
Jun  2 16:39:38 gtw01 kernel: [ 7121.160808] device tapafa8b869-d5 entered promiscuous mode
Jun  2 16:39:38 gtw01 systemd-udevd[3180]: Process '/sbin/ip link set tapafa8b869-d5 txqueuelen 10000' failed with exit code 1.
Jun  2 16:39:41 gtw01 dnsmasq[3236]: started, version 2.80 cachesize 150
Jun  2 16:39:41 gtw01 dnsmasq[3236]: DNS service limited to local subnets
Jun  2 16:39:41 gtw01 dnsmasq[3236]: compile time options: IPv6 GNU-getopt DBus i18n IDN DHCP DHCPv6 no-Lua TFTP conntrack ipset auth DNSSEC loop-detect inotify dumpfile
Jun  2 16:39:41 gtw01 dnsmasq[3236]: warning: no upstream servers configured
Jun  2 16:39:41 gtw01 dnsmasq-dhcp[3236]: DHCP, static leases only on 192.168.120.16, lease time 1h
Jun  2 16:39:41 gtw01 dnsmasq[3236]: read /var/lib/neutron/dhcp/d28b4cb0-8ef5-4f2f-be40-3dd1259452f2/addn_hosts - 1 addresses
Jun  2 16:39:41 gtw01 dnsmasq-dhcp[3236]: read /var/lib/neutron/dhcp/d28b4cb0-8ef5-4f2f-be40-3dd1259452f2/host
Jun  2 16:39:41 gtw01 dnsmasq-dhcp[3236]: read /var/lib/neutron/dhcp/d28b4cb0-8ef5-4f2f-be40-3dd1259452f2/opts
Jun  2 16:39:41 gtw01 kernel: [ 7124.141475] device tapafa8b869-d5 left promiscuous mode
Jun  2 16:39:42 gtw01 kernel: [ 7124.714081] device tapabb3d830-5d left promiscuous mode
Jun  2 16:39:52 gtw01 kernel: [ 7134.318189] device tapd46289ef-d7 entered promiscuous mode
Jun  2 16:39:52 gtw01 systemd-udevd[3279]: Could not generate persistent MAC address for tapd46289ef-d7: No such file or directory
Jun  2 16:39:52 gtw01 systemd-udevd[3279]: Process '/sbin/ip link set tapd46289ef-d7 txqueuelen 10000' failed with exit code 1.
Jun  2 16:39:52 gtw01 kernel: [ 7135.010396] device tapafb0ab6e-58 entered promiscuous mode
Jun  2 16:39:52 gtw01 systemd-udevd[3360]: Could not generate persistent MAC address for tapafb0ab6e-58: No such file or directory
Jun  2 16:39:52 gtw01 systemd-udevd[3360]: Process '/sbin/ip link set tapafb0ab6e-58 txqueuelen 10000' failed with exit code 1.
Jun  2 16:39:55 gtw01 dnsmasq[3497]: started, version 2.80 cachesize 150
Jun  2 16:39:55 gtw01 dnsmasq[3497]: DNS service limited to local subnets
Jun  2 16:39:55 gtw01 dnsmasq[3497]: compile time options: IPv6 GNU-getopt DBus i18n IDN DHCP DHCPv6 no-Lua TFTP conntrack ipset auth DNSSEC loop-detect inotify dumpfile
Jun  2 16:39:55 gtw01 dnsmasq[3497]: warning: no upstream servers configured
Jun  2 16:39:55 gtw01 dnsmasq-dhcp[3497]: DHCPv6, static leases only on 2003::, lease time 1h
Jun  2 16:39:55 gtw01 dnsmasq[3497]: read /var/lib/neutron/dhcp/a2e4abfe-0d14-48b6-92f6-e9e9e02934be/addn_hosts - 1 addresses
Jun  2 16:39:55 gtw01 dnsmasq-dhcp[3497]: read /var/lib/neutron/dhcp/a2e4abfe-0d14-48b6-92f6-e9e9e02934be/host
Jun  2 16:39:55 gtw01 dnsmasq-dhcp[3497]: read /var/lib/neutron/dhcp/a2e4abfe-0d14-48b6-92f6-e9e9e02934be/opts
Jun  2 16:39:56 gtw01 dnsmasq[3519]: started, version 2.80 cachesize 150
Jun  2 16:39:56 gtw01 dnsmasq[3519]: DNS service limited to local subnets
Jun  2 16:39:56 gtw01 dnsmasq[3519]: compile time options: IPv6 GNU-getopt DBus i18n IDN DHCP DHCPv6 no-Lua TFTP conntrack ipset auth DNSSEC loop-detect inotify dumpfile
Jun  2 16:39:56 gtw01 dnsmasq[3519]: warning: no upstream servers configured
Jun  2 16:39:56 gtw01 dnsmasq-dhcp[3519]: DHCPv6, static leases only on 2003:0:1::, lease time 1h
Jun  2 16:39:56 gtw01 dnsmasq[3519]: read /var/lib/neutron/dhcp/9c05c141-a84b-482c-93c7-de9bc9a9f501/addn_hosts - 1 addresses
Jun  2 16:39:56 gtw01 dnsmasq-dhcp[3519]: read /var/lib/neutron/dhcp/9c05c141-a84b-482c-93c7-de9bc9a9f501/host
Jun  2 16:39:56 gtw01 dnsmasq-dhcp[3519]: read /var/lib/neutron/dhcp/9c05c141-a84b-482c-93c7-de9bc9a9f501/opts
Jun  2 16:39:56 gtw01 dnsmasq[3497]: read /var/lib/neutron/dhcp/a2e4abfe-0d14-48b6-92f6-e9e9e02934be/addn_hosts - 2 addresses
Jun  2 16:39:56 gtw01 dnsmasq-dhcp[3497]: read /var/lib/neutron/dhcp/a2e4abfe-0d14-48b6-92f6-e9e9e02934be/host
Jun  2 16:39:56 gtw01 dnsmasq-dhcp[3497]: read /var/lib/neutron/dhcp/a2e4abfe-0d14-48b6-92f6-e9e9e02934be/opts
Jun  2 16:39:56 gtw01 dnsmasq[3519]: read /var/lib/neutron/dhcp/9c05c141-a84b-482c-93c7-de9bc9a9f501/addn_hosts - 2 addresses
Jun  2 16:39:56 gtw01 dnsmasq-dhcp[3519]: read /var/lib/neutron/dhcp/9c05c141-a84b-482c-93c7-de9bc9a9f501/host
Jun  2 16:39:56 gtw01 dnsmasq-dhcp[3519]: read /var/lib/neutron/dhcp/9c05c141-a84b-482c-93c7-de9bc9a9f501/opts
Jun  2 16:39:57 gtw01 dnsmasq[3497]: read /var/lib/neutron/dhcp/a2e4abfe-0d14-48b6-92f6-e9e9e02934be/addn_hosts - 2 addresses
Jun  2 16:39:57 gtw01 dnsmasq-dhcp[3497]: read /var/lib/neutron/dhcp/a2e4abfe-0d14-48b6-92f6-e9e9e02934be/host
Jun  2 16:39:57 gtw01 dnsmasq-dhcp[3497]: read /var/lib/neutron/dhcp/a2e4abfe-0d14-48b6-92f6-e9e9e02934be/opts
Jun  2 16:39:57 gtw01 dnsmasq[3519]: read /var/lib/neutron/dhcp/9c05c141-a84b-482c-93c7-de9bc9a9f501/addn_hosts - 2 addresses
Jun  2 16:39:57 gtw01 dnsmasq-dhcp[3519]: read /var/lib/neutron/dhcp/9c05c141-a84b-482c-93c7-de9bc9a9f501/host
Jun  2 16:39:57 gtw01 dnsmasq-dhcp[3519]: read /var/lib/neutron/dhcp/9c05c141-a84b-482c-93c7-de9bc9a9f501/opts
Jun  2 16:39:57 gtw01 dnsmasq[3497]: read /var/lib/neutron/dhcp/a2e4abfe-0d14-48b6-92f6-e9e9e02934be/addn_hosts - 2 addresses
Jun  2 16:39:57 gtw01 dnsmasq-dhcp[3497]: read /var/lib/neutron/dhcp/a2e4abfe-0d14-48b6-92f6-e9e9e02934be/host
Jun  2 16:39:57 gtw01 dnsmasq-dhcp[3497]: read /var/lib/neutron/dhcp/a2e4abfe-0d14-48b6-92f6-e9e9e02934be/opts
Jun  2 16:39:58 gtw01 dnsmasq[3519]: read /var/lib/neutron/dhcp/9c05c141-a84b-482c-93c7-de9bc9a9f501/addn_hosts - 2 addresses
Jun  2 16:39:58 gtw01 dnsmasq-dhcp[3519]: read /var/lib/neutron/dhcp/9c05c141-a84b-482c-93c7-de9bc9a9f501/host
Jun  2 16:39:58 gtw01 dnsmasq-dhcp[3519]: read /var/lib/neutron/dhcp/9c05c141-a84b-482c-93c7-de9bc9a9f501/opts
Jun  2 16:39:58 gtw01 dnsmasq[3497]: read /var/lib/neutron/dhcp/a2e4abfe-0d14-48b6-92f6-e9e9e02934be/addn_hosts - 2 addresses
Jun  2 16:39:58 gtw01 dnsmasq-dhcp[3497]: read /var/lib/neutron/dhcp/a2e4abfe-0d14-48b6-92f6-e9e9e02934be/host
Jun  2 16:39:58 gtw01 dnsmasq-dhcp[3497]: read /var/lib/neutron/dhcp/a2e4abfe-0d14-48b6-92f6-e9e9e02934be/opts
Jun  2 16:39:59 gtw01 dnsmasq[3519]: read /var/lib/neutron/dhcp/9c05c141-a84b-482c-93c7-de9bc9a9f501/addn_hosts - 2 addresses
Jun  2 16:39:59 gtw01 dnsmasq-dhcp[3519]: read /var/lib/neutron/dhcp/9c05c141-a84b-482c-93c7-de9bc9a9f501/host
Jun  2 16:39:59 gtw01 dnsmasq-dhcp[3519]: read /var/lib/neutron/dhcp/9c05c141-a84b-482c-93c7-de9bc9a9f501/opts
Jun  2 16:39:59 gtw01 dnsmasq[3497]: read /var/lib/neutron/dhcp/a2e4abfe-0d14-48b6-92f6-e9e9e02934be/addn_hosts - 2 addresses
Jun  2 16:39:59 gtw01 dnsmasq-dhcp[3497]: read /var/lib/neutron/dhcp/a2e4abfe-0d14-48b6-92f6-e9e9e02934be/host
Jun  2 16:39:59 gtw01 dnsmasq-dhcp[3497]: read /var/lib/neutron/dhcp/a2e4abfe-0d14-48b6-92f6-e9e9e02934be/opts
Jun  2 16:40:00 gtw01 dnsmasq[3519]: read /var/lib/neutron/dhcp/9c05c141-a84b-482c-93c7-de9bc9a9f501/addn_hosts - 2 addresses
Jun  2 16:40:00 gtw01 dnsmasq-dhcp[3519]: read /var/lib/neutron/dhcp/9c05c141-a84b-482c-93c7-de9bc9a9f501/host
Jun  2 16:40:00 gtw01 dnsmasq-dhcp[3519]: read /var/lib/neutron/dhcp/9c05c141-a84b-482c-93c7-de9bc9a9f501/opts
Jun  2 16:40:01 gtw01 dnsmasq[3519]: read /var/lib/neutron/dhcp/9c05c141-a84b-482c-93c7-de9bc9a9f501/addn_hosts - 1 addresses
Jun  2 16:40:01 gtw01 dnsmasq-dhcp[3519]: read /var/lib/neutron/dhcp/9c05c141-a84b-482c-93c7-de9bc9a9f501/host
Jun  2 16:40:01 gtw01 dnsmasq-dhcp[3519]: read /var/lib/neutron/dhcp/9c05c141-a84b-482c-93c7-de9bc9a9f501/opts
Jun  2 16:40:02 gtw01 dnsmasq[3497]: read /var/lib/neutron/dhcp/a2e4abfe-0d14-48b6-92f6-e9e9e02934be/addn_hosts - 1 addresses
Jun  2 16:40:02 gtw01 dnsmasq-dhcp[3497]: read /var/lib/neutron/dhcp/a2e4abfe-0d14-48b6-92f6-e9e9e02934be/host
Jun  2 16:40:02 gtw01 dnsmasq-dhcp[3497]: read /var/lib/neutron/dhcp/a2e4abfe-0d14-48b6-92f6-e9e9e02934be/opts
Jun  2 16:40:05 gtw01 kernel: [ 7147.970499] device tapafb0ab6e-58 left promiscuous mode
Jun  2 16:40:07 gtw01 kernel: [ 7149.707605] device tapd46289ef-d7 left promiscuous mode
Jun  2 16:40:12 gtw01 kernel: [ 7154.885896] device tap54b91fe8-6d entered promiscuous mode
Jun  2 16:40:12 gtw01 systemd-udevd[3737]: Could not generate persistent MAC address for tap54b91fe8-6d: No such file or directory
Jun  2 16:40:12 gtw01 systemd-udevd[3783]: Process '/sbin/ip link set tap54b91fe8-6d txqueuelen 10000' failed with exit code 1.
Jun  2 16:40:15 gtw01 dnsmasq[3846]: started, version 2.80 cachesize 150
Jun  2 16:40:15 gtw01 dnsmasq[3846]: DNS service limited to local subnets
Jun  2 16:40:15 gtw01 dnsmasq[3846]: compile time options: IPv6 GNU-getopt DBus i18n IDN DHCP DHCPv6 no-Lua TFTP conntrack ipset auth DNSSEC loop-detect inotify dumpfile
Jun  2 16:40:15 gtw01 dnsmasq[3846]: warning: no upstream servers configured
Jun  2 16:40:15 gtw01 dnsmasq-dhcp[3846]: DHCPv6, static leases only on 2003::, lease time 1h
Jun  2 16:40:15 gtw01 dnsmasq[3846]: read /var/lib/neutron/dhcp/6e8a6b09-0c20-437d-baec-e3b589ef0945/addn_hosts - 1 addresses
Jun  2 16:40:15 gtw01 dnsmasq-dhcp[3846]: read /var/lib/neutron/dhcp/6e8a6b09-0c20-437d-baec-e3b589ef0945/host
Jun  2 16:40:15 gtw01 dnsmasq-dhcp[3846]: read /var/lib/neutron/dhcp/6e8a6b09-0c20-437d-baec-e3b589ef0945/opts
Jun  2 16:40:16 gtw01 dnsmasq[3846]: read /var/lib/neutron/dhcp/6e8a6b09-0c20-437d-baec-e3b589ef0945/addn_hosts - 2 addresses
Jun  2 16:40:16 gtw01 dnsmasq-dhcp[3846]: read /var/lib/neutron/dhcp/6e8a6b09-0c20-437d-baec-e3b589ef0945/host
Jun  2 16:40:16 gtw01 dnsmasq-dhcp[3846]: read /var/lib/neutron/dhcp/6e8a6b09-0c20-437d-baec-e3b589ef0945/opts
Jun  2 16:40:17 gtw01 dnsmasq[3846]: read /var/lib/neutron/dhcp/6e8a6b09-0c20-437d-baec-e3b589ef0945/addn_hosts - 2 addresses
Jun  2 16:40:17 gtw01 dnsmasq-dhcp[3846]: read /var/lib/neutron/dhcp/6e8a6b09-0c20-437d-baec-e3b589ef0945/host
