Jun  2 16:22:25 gtw01 dnsmasq-dhcp[18313]: read /var/lib/neutron/dhcp/d9dbccfc-75f1-4192-af0f-9f2343507a14/host
Jun  2 16:22:25 gtw01 dnsmasq-dhcp[18313]: read /var/lib/neutron/dhcp/d9dbccfc-75f1-4192-af0f-9f2343507a14/opts
Jun  2 16:22:25 gtw01 dnsmasq[17695]: read /var/lib/neutron/dhcp/ef271d8d-7da3-4324-8c5c-15635b681210/addn_hosts - 4 addresses
Jun  2 16:22:25 gtw01 dnsmasq-dhcp[17695]: read /var/lib/neutron/dhcp/ef271d8d-7da3-4324-8c5c-15635b681210/host
Jun  2 16:22:25 gtw01 dnsmasq-dhcp[17695]: read /var/lib/neutron/dhcp/ef271d8d-7da3-4324-8c5c-15635b681210/opts
Jun  2 16:22:26 gtw01 dnsmasq[18595]: started, version 2.80 cachesize 150
Jun  2 16:22:26 gtw01 dnsmasq[18595]: DNS service limited to local subnets
Jun  2 16:22:26 gtw01 dnsmasq[18595]: compile time options: IPv6 GNU-getopt DBus i18n IDN DHCP DHCPv6 no-Lua TFTP conntrack ipset auth DNSSEC loop-detect inotify dumpfile
Jun  2 16:22:26 gtw01 dnsmasq[18595]: warning: no upstream servers configured
Jun  2 16:22:26 gtw01 dnsmasq-dhcp[18595]: DHCP, static leases only on 192.168.120.0, lease time 1h
Jun  2 16:22:26 gtw01 dnsmasq[18595]: read /var/lib/neutron/dhcp/97c6b923-36d5-4419-b593-6662d279e204/addn_hosts - 1 addresses
Jun  2 16:22:26 gtw01 dnsmasq-dhcp[18595]: read /var/lib/neutron/dhcp/97c6b923-36d5-4419-b593-6662d279e204/host
Jun  2 16:22:26 gtw01 dnsmasq-dhcp[18595]: read /var/lib/neutron/dhcp/97c6b923-36d5-4419-b593-6662d279e204/opts
Jun  2 16:22:26 gtw01 haproxy-metadata-proxy-97c6b923-36d5-4419-b593-6662d279e204[18604]: Proxy listener started.
Jun  2 16:22:27 gtw01 dnsmasq[18595]: read /var/lib/neutron/dhcp/97c6b923-36d5-4419-b593-6662d279e204/addn_hosts - 2 addresses
Jun  2 16:22:27 gtw01 dnsmasq-dhcp[18595]: read /var/lib/neutron/dhcp/97c6b923-36d5-4419-b593-6662d279e204/host
Jun  2 16:22:27 gtw01 dnsmasq-dhcp[18595]: read /var/lib/neutron/dhcp/97c6b923-36d5-4419-b593-6662d279e204/opts
Jun  2 16:22:28 gtw01 dnsmasq[18595]: read /var/lib/neutron/dhcp/97c6b923-36d5-4419-b593-6662d279e204/addn_hosts - 2 addresses
Jun  2 16:22:28 gtw01 dnsmasq-dhcp[18595]: read /var/lib/neutron/dhcp/97c6b923-36d5-4419-b593-6662d279e204/host
Jun  2 16:22:28 gtw01 dnsmasq-dhcp[18595]: read /var/lib/neutron/dhcp/97c6b923-36d5-4419-b593-6662d279e204/opts
Jun  2 16:22:28 gtw01 dnsmasq[18595]: read /var/lib/neutron/dhcp/97c6b923-36d5-4419-b593-6662d279e204/addn_hosts - 2 addresses
Jun  2 16:22:28 gtw01 dnsmasq-dhcp[18595]: read /var/lib/neutron/dhcp/97c6b923-36d5-4419-b593-6662d279e204/host
Jun  2 16:22:28 gtw01 dnsmasq-dhcp[18595]: read /var/lib/neutron/dhcp/97c6b923-36d5-4419-b593-6662d279e204/opts
Jun  2 16:22:29 gtw01 dnsmasq[18595]: read /var/lib/neutron/dhcp/97c6b923-36d5-4419-b593-6662d279e204/addn_hosts - 2 addresses
Jun  2 16:22:29 gtw01 dnsmasq-dhcp[18595]: read /var/lib/neutron/dhcp/97c6b923-36d5-4419-b593-6662d279e204/host
Jun  2 16:22:29 gtw01 dnsmasq-dhcp[18595]: read /var/lib/neutron/dhcp/97c6b923-36d5-4419-b593-6662d279e204/opts
Jun  2 16:22:30 gtw01 dnsmasq[17695]: read /var/lib/neutron/dhcp/ef271d8d-7da3-4324-8c5c-15635b681210/addn_hosts - 3 addresses
Jun  2 16:22:30 gtw01 dnsmasq-dhcp[17695]: read /var/lib/neutron/dhcp/ef271d8d-7da3-4324-8c5c-15635b681210/host
Jun  2 16:22:30 gtw01 dnsmasq-dhcp[17695]: read /var/lib/neutron/dhcp/ef271d8d-7da3-4324-8c5c-15635b681210/opts
Jun  2 16:22:30 gtw01 dnsmasq[18595]: read /var/lib/neutron/dhcp/97c6b923-36d5-4419-b593-6662d279e204/addn_hosts - 2 addresses
Jun  2 16:22:30 gtw01 dnsmasq-dhcp[18595]: read /var/lib/neutron/dhcp/97c6b923-36d5-4419-b593-6662d279e204/host
Jun  2 16:22:30 gtw01 dnsmasq-dhcp[18595]: read /var/lib/neutron/dhcp/97c6b923-36d5-4419-b593-6662d279e204/opts
Jun  2 16:22:31 gtw01 dnsmasq[18313]: read /var/lib/neutron/dhcp/d9dbccfc-75f1-4192-af0f-9f2343507a14/addn_hosts - 3 addresses
Jun  2 16:22:31 gtw01 dnsmasq-dhcp[18313]: read /var/lib/neutron/dhcp/d9dbccfc-75f1-4192-af0f-9f2343507a14/host
Jun  2 16:22:31 gtw01 dnsmasq-dhcp[18313]: read /var/lib/neutron/dhcp/d9dbccfc-75f1-4192-af0f-9f2343507a14/opts
Jun  2 16:22:33 gtw01 dnsmasq[18595]: read /var/lib/neutron/dhcp/97c6b923-36d5-4419-b593-6662d279e204/addn_hosts - 3 addresses
Jun  2 16:22:33 gtw01 dnsmasq-dhcp[18595]: read /var/lib/neutron/dhcp/97c6b923-36d5-4419-b593-6662d279e204/host
Jun  2 16:22:33 gtw01 dnsmasq-dhcp[18595]: read /var/lib/neutron/dhcp/97c6b923-36d5-4419-b593-6662d279e204/opts
Jun  2 16:22:33 gtw01 dnsmasq[18313]: read /var/lib/neutron/dhcp/d9dbccfc-75f1-4192-af0f-9f2343507a14/addn_hosts - 3 addresses
Jun  2 16:22:33 gtw01 dnsmasq-dhcp[18313]: read /var/lib/neutron/dhcp/d9dbccfc-75f1-4192-af0f-9f2343507a14/host
Jun  2 16:22:33 gtw01 dnsmasq-dhcp[18313]: read /var/lib/neutron/dhcp/d9dbccfc-75f1-4192-af0f-9f2343507a14/opts
Jun  2 16:22:33 gtw01 dnsmasq-dhcp[17695]: DHCPRELEASE(tap6794554d-b5) 192.168.120.3 fa:16:3e:d0:3c:6e
Jun  2 16:22:34 gtw01 dnsmasq-dhcp[17695]: DHCPRELEASE(tap6794554d-b5) 192.168.120.3 fa:16:3e:d0:3c:6e unknown lease
Jun  2 16:22:34 gtw01 dnsmasq[12701]: read /var/lib/neutron/dhcp/c59cf9c1-a00f-4a22-ae8e-4a7d939a403d/addn_hosts - 3 addresses
Jun  2 16:22:34 gtw01 dnsmasq-dhcp[12701]: read /var/lib/neutron/dhcp/c59cf9c1-a00f-4a22-ae8e-4a7d939a403d/host
Jun  2 16:22:34 gtw01 dnsmasq-dhcp[12701]: read /var/lib/neutron/dhcp/c59cf9c1-a00f-4a22-ae8e-4a7d939a403d/opts
Jun  2 16:22:34 gtw01 dnsmasq[18313]: read /var/lib/neutron/dhcp/d9dbccfc-75f1-4192-af0f-9f2343507a14/addn_hosts - 3 addresses
Jun  2 16:22:34 gtw01 dnsmasq-dhcp[18313]: read /var/lib/neutron/dhcp/d9dbccfc-75f1-4192-af0f-9f2343507a14/host
Jun  2 16:22:34 gtw01 dnsmasq-dhcp[18313]: read /var/lib/neutron/dhcp/d9dbccfc-75f1-4192-af0f-9f2343507a14/opts
Jun  2 16:22:35 gtw01 dnsmasq[17695]: read /var/lib/neutron/dhcp/ef271d8d-7da3-4324-8c5c-15635b681210/addn_hosts - 2 addresses
Jun  2 16:22:35 gtw01 dnsmasq-dhcp[17695]: read /var/lib/neutron/dhcp/ef271d8d-7da3-4324-8c5c-15635b681210/host
Jun  2 16:22:35 gtw01 dnsmasq-dhcp[17695]: read /var/lib/neutron/dhcp/ef271d8d-7da3-4324-8c5c-15635b681210/opts
Jun  2 16:22:35 gtw01 dnsmasq[18595]: read /var/lib/neutron/dhcp/97c6b923-36d5-4419-b593-6662d279e204/addn_hosts - 3 addresses
Jun  2 16:22:35 gtw01 dnsmasq-dhcp[18595]: read /var/lib/neutron/dhcp/97c6b923-36d5-4419-b593-6662d279e204/host
Jun  2 16:22:35 gtw01 dnsmasq-dhcp[18595]: read /var/lib/neutron/dhcp/97c6b923-36d5-4419-b593-6662d279e204/opts
Jun  2 16:22:36 gtw01 dnsmasq[12701]: read /var/lib/neutron/dhcp/c59cf9c1-a00f-4a22-ae8e-4a7d939a403d/addn_hosts - 3 addresses
Jun  2 16:22:36 gtw01 dnsmasq-dhcp[12701]: read /var/lib/neutron/dhcp/c59cf9c1-a00f-4a22-ae8e-4a7d939a403d/host
Jun  2 16:22:36 gtw01 dnsmasq-dhcp[12701]: read /var/lib/neutron/dhcp/c59cf9c1-a00f-4a22-ae8e-4a7d939a403d/opts
Jun  2 16:22:36 gtw01 dnsmasq[18595]: read /var/lib/neutron/dhcp/97c6b923-36d5-4419-b593-6662d279e204/addn_hosts - 3 addresses
Jun  2 16:22:36 gtw01 dnsmasq-dhcp[18595]: read /var/lib/neutron/dhcp/97c6b923-36d5-4419-b593-6662d279e204/host
Jun  2 16:22:36 gtw01 dnsmasq-dhcp[18595]: read /var/lib/neutron/dhcp/97c6b923-36d5-4419-b593-6662d279e204/opts
Jun  2 16:22:37 gtw01 dnsmasq[12701]: read /var/lib/neutron/dhcp/c59cf9c1-a00f-4a22-ae8e-4a7d939a403d/addn_hosts - 3 addresses
Jun  2 16:22:37 gtw01 dnsmasq-dhcp[12701]: read /var/lib/neutron/dhcp/c59cf9c1-a00f-4a22-ae8e-4a7d939a403d/host
Jun  2 16:22:37 gtw01 dnsmasq-dhcp[12701]: read /var/lib/neutron/dhcp/c59cf9c1-a00f-4a22-ae8e-4a7d939a403d/opts
Jun  2 16:22:46 gtw01 dnsmasq[12701]: read /var/lib/neutron/dhcp/c59cf9c1-a00f-4a22-ae8e-4a7d939a403d/addn_hosts - 2 addresses
Jun  2 16:22:46 gtw01 dnsmasq-dhcp[12701]: read /var/lib/neutron/dhcp/c59cf9c1-a00f-4a22-ae8e-4a7d939a403d/host
Jun  2 16:22:46 gtw01 dnsmasq-dhcp[12701]: read /var/lib/neutron/dhcp/c59cf9c1-a00f-4a22-ae8e-4a7d939a403d/opts
Jun  2 16:22:46 gtw01 dnsmasq[17695]: read /var/lib/neutron/dhcp/ef271d8d-7da3-4324-8c5c-15635b681210/addn_hosts - 3 addresses
Jun  2 16:22:46 gtw01 dnsmasq-dhcp[17695]: read /var/lib/neutron/dhcp/ef271d8d-7da3-4324-8c5c-15635b681210/host
Jun  2 16:22:46 gtw01 dnsmasq-dhcp[17695]: read /var/lib/neutron/dhcp/ef271d8d-7da3-4324-8c5c-15635b681210/opts
Jun  2 16:22:47 gtw01 dnsmasq[17695]: read /var/lib/neutron/dhcp/ef271d8d-7da3-4324-8c5c-15635b681210/addn_hosts - 3 addresses
Jun  2 16:22:47 gtw01 dnsmasq-dhcp[17695]: read /var/lib/neutron/dhcp/ef271d8d-7da3-4324-8c5c-15635b681210/host
Jun  2 16:22:47 gtw01 dnsmasq-dhcp[17695]: read /var/lib/neutron/dhcp/ef271d8d-7da3-4324-8c5c-15635b681210/opts
Jun  2 16:22:48 gtw01 dnsmasq[17695]: read /var/lib/neutron/dhcp/ef271d8d-7da3-4324-8c5c-15635b681210/addn_hosts - 3 addresses
Jun  2 16:22:48 gtw01 dnsmasq-dhcp[17695]: read /var/lib/neutron/dhcp/ef271d8d-7da3-4324-8c5c-15635b681210/host
Jun  2 16:22:48 gtw01 dnsmasq-dhcp[17695]: read /var/lib/neutron/dhcp/ef271d8d-7da3-4324-8c5c-15635b681210/opts
Jun  2 16:22:50 gtw01 dnsmasq-dhcp[18313]: DHCPDISCOVER(tap897f7db9-b8) fa:16:3e:fb:c0:a8
Jun  2 16:22:50 gtw01 dnsmasq-dhcp[18313]: DHCPOFFER(tap897f7db9-b8) 192.168.120.4 fa:16:3e:fb:c0:a8
Jun  2 16:22:50 gtw01 dnsmasq-dhcp[18313]: DHCPREQUEST(tap897f7db9-b8) 192.168.120.4 fa:16:3e:fb:c0:a8
Jun  2 16:22:50 gtw01 dnsmasq-dhcp[18313]: DHCPACK(tap897f7db9-b8) 192.168.120.4 fa:16:3e:fb:c0:a8 host-192-168-120-4
Jun  2 16:22:50 gtw01 dnsmasq-dhcp[18595]: DHCPDISCOVER(tapc773b572-84) fa:16:3e:65:b1:57
Jun  2 16:22:50 gtw01 dnsmasq-dhcp[18595]: DHCPOFFER(tapc773b572-84) 192.168.120.7 fa:16:3e:65:b1:57
Jun  2 16:22:50 gtw01 dnsmasq-dhcp[18595]: DHCPREQUEST(tapc773b572-84) 192.168.120.7 fa:16:3e:65:b1:57
Jun  2 16:22:50 gtw01 dnsmasq-dhcp[18595]: DHCPACK(tapc773b572-84) 192.168.120.7 fa:16:3e:65:b1:57 host-192-168-120-7
Jun  2 16:22:54 gtw01 dnsmasq[12701]: read /var/lib/neutron/dhcp/c59cf9c1-a00f-4a22-ae8e-4a7d939a403d/addn_hosts - 3 addresses
Jun  2 16:22:54 gtw01 dnsmasq-dhcp[12701]: read /var/lib/neutron/dhcp/c59cf9c1-a00f-4a22-ae8e-4a7d939a403d/host
Jun  2 16:22:54 gtw01 dnsmasq-dhcp[12701]: read /var/lib/neutron/dhcp/c59cf9c1-a00f-4a22-ae8e-4a7d939a403d/opts
Jun  2 16:22:57 gtw01 dnsmasq[12701]: read /var/lib/neutron/dhcp/c59cf9c1-a00f-4a22-ae8e-4a7d939a403d/addn_hosts - 3 addresses
Jun  2 16:22:57 gtw01 dnsmasq-dhcp[12701]: read /var/lib/neutron/dhcp/c59cf9c1-a00f-4a22-ae8e-4a7d939a403d/host
Jun  2 16:22:57 gtw01 dnsmasq-dhcp[12701]: read /var/lib/neutron/dhcp/c59cf9c1-a00f-4a22-ae8e-4a7d939a403d/opts
Jun  2 16:22:57 gtw01 dnsmasq-dhcp[18313]: DHCPRELEASE(tap897f7db9-b8) 192.168.120.4 fa:16:3e:fb:c0:a8
Jun  2 16:22:57 gtw01 dnsmasq-dhcp[18313]: DHCPRELEASE(tap897f7db9-b8) 192.168.120.4 fa:16:3e:fb:c0:a8 unknown lease
Jun  2 16:22:58 gtw01 dnsmasq[12701]: read /var/lib/neutron/dhcp/c59cf9c1-a00f-4a22-ae8e-4a7d939a403d/addn_hosts - 3 addresses
Jun  2 16:22:58 gtw01 dnsmasq-dhcp[12701]: read /var/lib/neutron/dhcp/c59cf9c1-a00f-4a22-ae8e-4a7d939a403d/host
Jun  2 16:22:58 gtw01 dnsmasq-dhcp[12701]: read /var/lib/neutron/dhcp/c59cf9c1-a00f-4a22-ae8e-4a7d939a403d/opts
Jun  2 16:22:58 gtw01 dnsmasq[18313]: read /var/lib/neutron/dhcp/d9dbccfc-75f1-4192-af0f-9f2343507a14/addn_hosts - 2 addresses
Jun  2 16:22:58 gtw01 dnsmasq-dhcp[18313]: read /var/lib/neutron/dhcp/d9dbccfc-75f1-4192-af0f-9f2343507a14/host
Jun  2 16:22:58 gtw01 dnsmasq-dhcp[18313]: read /var/lib/neutron/dhcp/d9dbccfc-75f1-4192-af0f-9f2343507a14/opts
Jun  2 16:23:00 gtw01 dnsmasq-dhcp[17695]: DHCPDISCOVER(tap6794554d-b5) fa:16:3e:44:b7:f1
Jun  2 16:23:00 gtw01 dnsmasq-dhcp[17695]: DHCPOFFER(tap6794554d-b5) 192.168.120.6 fa:16:3e:44:b7:f1
Jun  2 16:23:00 gtw01 dnsmasq-dhcp[17695]: DHCPREQUEST(tap6794554d-b5) 192.168.120.6 fa:16:3e:44:b7:f1
Jun  2 16:23:00 gtw01 dnsmasq-dhcp[17695]: DHCPACK(tap6794554d-b5) 192.168.120.6 fa:16:3e:44:b7:f1 host-192-168-120-6
Jun  2 16:23:02 gtw01 dnsmasq[18313]: read /var/lib/neutron/dhcp/d9dbccfc-75f1-4192-af0f-9f2343507a14/addn_hosts - 1 addresses
Jun  2 16:23:02 gtw01 dnsmasq-dhcp[18313]: read /var/lib/neutron/dhcp/d9dbccfc-75f1-4192-af0f-9f2343507a14/host
Jun  2 16:23:02 gtw01 dnsmasq-dhcp[18313]: read /var/lib/neutron/dhcp/d9dbccfc-75f1-4192-af0f-9f2343507a14/opts
Jun  2 16:23:04 gtw01 dnsmasq-dhcp[18595]: DHCPRELEASE(tapc773b572-84) 192.168.120.7 fa:16:3e:65:b1:57
Jun  2 16:23:04 gtw01 dnsmasq-dhcp[18595]: DHCPRELEASE(tapc773b572-84) 192.168.120.7 fa:16:3e:65:b1:57 unknown lease
Jun  2 16:23:05 gtw01 dnsmasq[17695]: read /var/lib/neutron/dhcp/ef271d8d-7da3-4324-8c5c-15635b681210/addn_hosts - 4 addresses
Jun  2 16:23:05 gtw01 dnsmasq-dhcp[17695]: read /var/lib/neutron/dhcp/ef271d8d-7da3-4324-8c5c-15635b681210/host
Jun  2 16:23:05 gtw01 dnsmasq-dhcp[17695]: read /var/lib/neutron/dhcp/ef271d8d-7da3-4324-8c5c-15635b681210/opts
Jun  2 16:23:05 gtw01 dnsmasq[18595]: read /var/lib/neutron/dhcp/97c6b923-36d5-4419-b593-6662d279e204/addn_hosts - 2 addresses
Jun  2 16:23:05 gtw01 dnsmasq-dhcp[18595]: read /var/lib/neutron/dhcp/97c6b923-36d5-4419-b593-6662d279e204/host
Jun  2 16:23:05 gtw01 dnsmasq-dhcp[18595]: read /var/lib/neutron/dhcp/97c6b923-36d5-4419-b593-6662d279e204/opts
Jun  2 16:23:06 gtw01 dnsmasq[17695]: read /var/lib/neutron/dhcp/ef271d8d-7da3-4324-8c5c-15635b681210/addn_hosts - 4 addresses
Jun  2 16:23:06 gtw01 dnsmasq-dhcp[17695]: read /var/lib/neutron/dhcp/ef271d8d-7da3-4324-8c5c-15635b681210/host
Jun  2 16:23:06 gtw01 dnsmasq-dhcp[17695]: read /var/lib/neutron/dhcp/ef271d8d-7da3-4324-8c5c-15635b681210/opts
Jun  2 16:23:06 gtw01 dnsmasq[18595]: read /var/lib/neutron/dhcp/97c6b923-36d5-4419-b593-6662d279e204/addn_hosts - 1 addresses
Jun  2 16:23:06 gtw01 dnsmasq-dhcp[18595]: read /var/lib/neutron/dhcp/97c6b923-36d5-4419-b593-6662d279e204/host
Jun  2 16:23:06 gtw01 dnsmasq-dhcp[18595]: read /var/lib/neutron/dhcp/97c6b923-36d5-4419-b593-6662d279e204/opts
Jun  2 16:23:06 gtw01 dnsmasq[17695]: read /var/lib/neutron/dhcp/ef271d8d-7da3-4324-8c5c-15635b681210/addn_hosts - 4 addresses
Jun  2 16:23:06 gtw01 dnsmasq-dhcp[17695]: read /var/lib/neutron/dhcp/ef271d8d-7da3-4324-8c5c-15635b681210/host
Jun  2 16:23:06 gtw01 dnsmasq-dhcp[17695]: read /var/lib/neutron/dhcp/ef271d8d-7da3-4324-8c5c-15635b681210/opts
Jun  2 16:23:07 gtw01 kernel: [ 6130.119236] device tap897f7db9-b8 left promiscuous mode
Jun  2 16:23:10 gtw01 dnsmasq-dhcp[12701]: DHCPDISCOVER(tapc3506a28-f9) fa:16:3e:1f:25:cc
Jun  2 16:23:10 gtw01 dnsmasq-dhcp[12701]: DHCPOFFER(tapc3506a28-f9) 192.168.120.9 fa:16:3e:1f:25:cc
Jun  2 16:23:10 gtw01 dnsmasq-dhcp[12701]: DHCPREQUEST(tapc3506a28-f9) 192.168.120.9 fa:16:3e:1f:25:cc
Jun  2 16:23:10 gtw01 dnsmasq-dhcp[12701]: DHCPACK(tapc3506a28-f9) 192.168.120.9 fa:16:3e:1f:25:cc host-192-168-120-9
Jun  2 16:23:10 gtw01 dnsmasq[17695]: read /var/lib/neutron/dhcp/ef271d8d-7da3-4324-8c5c-15635b681210/addn_hosts - 5 addresses
Jun  2 16:23:10 gtw01 dnsmasq-dhcp[17695]: read /var/lib/neutron/dhcp/ef271d8d-7da3-4324-8c5c-15635b681210/host
Jun  2 16:23:10 gtw01 dnsmasq-dhcp[17695]: read /var/lib/neutron/dhcp/ef271d8d-7da3-4324-8c5c-15635b681210/opts
Jun  2 16:23:11 gtw01 kernel: [ 6133.812951] device tapc773b572-84 left promiscuous mode
Jun  2 16:23:12 gtw01 dnsmasq[17695]: read /var/lib/neutron/dhcp/ef271d8d-7da3-4324-8c5c-15635b681210/addn_hosts - 5 addresses
Jun  2 16:23:12 gtw01 dnsmasq-dhcp[17695]: read /var/lib/neutron/dhcp/ef271d8d-7da3-4324-8c5c-15635b681210/host
Jun  2 16:23:12 gtw01 dnsmasq-dhcp[17695]: read /var/lib/neutron/dhcp/ef271d8d-7da3-4324-8c5c-15635b681210/opts
Jun  2 16:23:13 gtw01 dnsmasq[17695]: read /var/lib/neutron/dhcp/ef271d8d-7da3-4324-8c5c-15635b681210/addn_hosts - 5 addresses
Jun  2 16:23:13 gtw01 dnsmasq-dhcp[17695]: read /var/lib/neutron/dhcp/ef271d8d-7da3-4324-8c5c-15635b681210/host
Jun  2 16:23:13 gtw01 dnsmasq-dhcp[17695]: read /var/lib/neutron/dhcp/ef271d8d-7da3-4324-8c5c-15635b681210/opts
Jun  2 16:23:16 gtw01 kernel: [ 6138.731762] device tap464b2081-5d entered promiscuous mode
Jun  2 16:23:16 gtw01 systemd-udevd[19199]: Could not generate persistent MAC address for tap464b2081-5d: No such file or directory
Jun  2 16:23:16 gtw01 systemd-udevd[19244]: Process '/sbin/ip link set tap464b2081-5d txqueuelen 10000' failed with exit code 1.
Jun  2 16:23:17 gtw01 dnsmasq[17695]: read /var/lib/neutron/dhcp/ef271d8d-7da3-4324-8c5c-15635b681210/addn_hosts - 4 addresses
Jun  2 16:23:17 gtw01 dnsmasq-dhcp[17695]: read /var/lib/neutron/dhcp/ef271d8d-7da3-4324-8c5c-15635b681210/host
Jun  2 16:23:17 gtw01 dnsmasq-dhcp[17695]: read /var/lib/neutron/dhcp/ef271d8d-7da3-4324-8c5c-15635b681210/opts
Jun  2 16:23:18 gtw01 dnsmasq[17695]: read /var/lib/neutron/dhcp/ef271d8d-7da3-4324-8c5c-15635b681210/addn_hosts - 3 addresses
Jun  2 16:23:18 gtw01 dnsmasq-dhcp[17695]: read /var/lib/neutron/dhcp/ef271d8d-7da3-4324-8c5c-15635b681210/host
Jun  2 16:23:18 gtw01 dnsmasq-dhcp[17695]: read /var/lib/neutron/dhcp/ef271d8d-7da3-4324-8c5c-15635b681210/opts
Jun  2 16:23:19 gtw01 dnsmasq[19341]: started, version 2.80 cachesize 150
Jun  2 16:23:19 gtw01 dnsmasq[19341]: DNS service limited to local subnets
Jun  2 16:23:19 gtw01 dnsmasq[19341]: compile time options: IPv6 GNU-getopt DBus i18n IDN DHCP DHCPv6 no-Lua TFTP conntrack ipset auth DNSSEC loop-detect inotify dumpfile
Jun  2 16:23:19 gtw01 dnsmasq[19341]: warning: no upstream servers configured
Jun  2 16:23:19 gtw01 dnsmasq-dhcp[19341]: DHCP, static leases only on 192.168.120.0, lease time 1h
Jun  2 16:23:19 gtw01 dnsmasq[19341]: read /var/lib/neutron/dhcp/c6482fa8-c21a-4628-abc0-2930e50bb085/addn_hosts - 1 addresses
Jun  2 16:23:19 gtw01 dnsmasq-dhcp[19341]: read /var/lib/neutron/dhcp/c6482fa8-c21a-4628-abc0-2930e50bb085/host
Jun  2 16:23:19 gtw01 dnsmasq-dhcp[19341]: read /var/lib/neutron/dhcp/c6482fa8-c21a-4628-abc0-2930e50bb085/opts
Jun  2 16:23:19 gtw01 haproxy-metadata-proxy-c6482fa8-c21a-4628-abc0-2930e50bb085[19345]: Proxy listener started.
Jun  2 16:23:20 gtw01 dnsmasq-dhcp[12701]: DHCPRELEASE(tapc3506a28-f9) 192.168.120.9 fa:16:3e:1f:25:cc
Jun  2 16:23:20 gtw01 dnsmasq[19341]: read /var/lib/neutron/dhcp/c6482fa8-c21a-4628-abc0-2930e50bb085/addn_hosts - 2 addresses
Jun  2 16:23:20 gtw01 dnsmasq-dhcp[19341]: read /var/lib/neutron/dhcp/c6482fa8-c21a-4628-abc0-2930e50bb085/host
Jun  2 16:23:20 gtw01 dnsmasq-dhcp[19341]: read /var/lib/neutron/dhcp/c6482fa8-c21a-4628-abc0-2930e50bb085/opts
Jun  2 16:23:20 gtw01 dnsmasq-dhcp[12701]: DHCPRELEASE(tapc3506a28-f9) 192.168.120.9 fa:16:3e:1f:25:cc unknown lease
Jun  2 16:23:20 gtw01 dnsmasq-dhcp[17695]: DHCPRELEASE(tap6794554d-b5) 192.168.120.6 fa:16:3e:44:b7:f1
Jun  2 16:23:21 gtw01 dnsmasq-dhcp[17695]: DHCPRELEASE(tap6794554d-b5) 192.168.120.6 fa:16:3e:44:b7:f1 unknown lease
Jun  2 16:23:21 gtw01 dnsmasq[12701]: read /var/lib/neutron/dhcp/c59cf9c1-a00f-4a22-ae8e-4a7d939a403d/addn_hosts - 2 addresses
Jun  2 16:23:21 gtw01 dnsmasq-dhcp[12701]: read /var/lib/neutron/dhcp/c59cf9c1-a00f-4a22-ae8e-4a7d939a403d/host
Jun  2 16:23:21 gtw01 dnsmasq-dhcp[12701]: read /var/lib/neutron/dhcp/c59cf9c1-a00f-4a22-ae8e-4a7d939a403d/opts
Jun  2 16:23:21 gtw01 dnsmasq[19341]: read /var/lib/neutron/dhcp/c6482fa8-c21a-4628-abc0-2930e50bb085/addn_hosts - 2 addresses
Jun  2 16:23:21 gtw01 dnsmasq-dhcp[19341]: read /var/lib/neutron/dhcp/c6482fa8-c21a-4628-abc0-2930e50bb085/host
Jun  2 16:23:21 gtw01 dnsmasq-dhcp[19341]: read /var/lib/neutron/dhcp/c6482fa8-c21a-4628-abc0-2930e50bb085/opts
Jun  2 16:23:21 gtw01 dnsmasq[17695]: read /var/lib/neutron/dhcp/ef271d8d-7da3-4324-8c5c-15635b681210/addn_hosts - 2 addresses
Jun  2 16:23:21 gtw01 dnsmasq-dhcp[17695]: read /var/lib/neutron/dhcp/ef271d8d-7da3-4324-8c5c-15635b681210/host
Jun  2 16:23:21 gtw01 dnsmasq-dhcp[17695]: read /var/lib/neutron/dhcp/ef271d8d-7da3-4324-8c5c-15635b681210/opts
Jun  2 16:23:22 gtw01 dnsmasq[19341]: read /var/lib/neutron/dhcp/c6482fa8-c21a-4628-abc0-2930e50bb085/addn_hosts - 2 addresses
Jun  2 16:23:22 gtw01 dnsmasq-dhcp[19341]: read /var/lib/neutron/dhcp/c6482fa8-c21a-4628-abc0-2930e50bb085/host
Jun  2 16:23:22 gtw01 dnsmasq-dhcp[19341]: read /var/lib/neutron/dhcp/c6482fa8-c21a-4628-abc0-2930e50bb085/opts
Jun  2 16:23:23 gtw01 dnsmasq[19341]: read /var/lib/neutron/dhcp/c6482fa8-c21a-4628-abc0-2930e50bb085/addn_hosts - 2 addresses
Jun  2 16:23:23 gtw01 dnsmasq-dhcp[19341]: read /var/lib/neutron/dhcp/c6482fa8-c21a-4628-abc0-2930e50bb085/host
Jun  2 16:23:23 gtw01 dnsmasq-dhcp[19341]: read /var/lib/neutron/dhcp/c6482fa8-c21a-4628-abc0-2930e50bb085/opts
Jun  2 16:23:24 gtw01 dnsmasq[19341]: read /var/lib/neutron/dhcp/c6482fa8-c21a-4628-abc0-2930e50bb085/addn_hosts - 2 addresses
Jun  2 16:23:24 gtw01 dnsmasq-dhcp[19341]: read /var/lib/neutron/dhcp/c6482fa8-c21a-4628-abc0-2930e50bb085/host
Jun  2 16:23:24 gtw01 dnsmasq-dhcp[19341]: read /var/lib/neutron/dhcp/c6482fa8-c21a-4628-abc0-2930e50bb085/opts
Jun  2 16:23:25 gtw01 dnsmasq[12701]: read /var/lib/neutron/dhcp/c59cf9c1-a00f-4a22-ae8e-4a7d939a403d/addn_hosts - 3 addresses
Jun  2 16:23:25 gtw01 dnsmasq-dhcp[12701]: read /var/lib/neutron/dhcp/c59cf9c1-a00f-4a22-ae8e-4a7d939a403d/host
Jun  2 16:23:25 gtw01 dnsmasq-dhcp[12701]: read /var/lib/neutron/dhcp/c59cf9c1-a00f-4a22-ae8e-4a7d939a403d/opts
Jun  2 16:23:27 gtw01 dnsmasq[17695]: read /var/lib/neutron/dhcp/ef271d8d-7da3-4324-8c5c-15635b681210/addn_hosts - 3 addresses
Jun  2 16:23:27 gtw01 dnsmasq-dhcp[17695]: read /var/lib/neutron/dhcp/ef271d8d-7da3-4324-8c5c-15635b681210/host
Jun  2 16:23:27 gtw01 dnsmasq-dhcp[17695]: read /var/lib/neutron/dhcp/ef271d8d-7da3-4324-8c5c-15635b681210/opts
Jun  2 16:23:27 gtw01 dnsmasq[12701]: read /var/lib/neutron/dhcp/c59cf9c1-a00f-4a22-ae8e-4a7d939a403d/addn_hosts - 3 addresses
Jun  2 16:23:27 gtw01 dnsmasq-dhcp[12701]: read /var/lib/neutron/dhcp/c59cf9c1-a00f-4a22-ae8e-4a7d939a403d/host
Jun  2 16:23:27 gtw01 dnsmasq-dhcp[12701]: read /var/lib/neutron/dhcp/c59cf9c1-a00f-4a22-ae8e-4a7d939a403d/opts
Jun  2 16:23:28 gtw01 dnsmasq[12701]: read /var/lib/neutron/dhcp/c59cf9c1-a00f-4a22-ae8e-4a7d939a403d/addn_hosts - 3 addresses
Jun  2 16:23:28 gtw01 dnsmasq-dhcp[12701]: read /var/lib/neutron/dhcp/c59cf9c1-a00f-4a22-ae8e-4a7d939a403d/host
Jun  2 16:23:28 gtw01 dnsmasq-dhcp[12701]: read /var/lib/neutron/dhcp/c59cf9c1-a00f-4a22-ae8e-4a7d939a403d/opts
Jun  2 16:23:29 gtw01 dnsmasq[19341]: read /var/lib/neutron/dhcp/c6482fa8-c21a-4628-abc0-2930e50bb085/addn_hosts - 3 addresses
Jun  2 16:23:29 gtw01 dnsmasq-dhcp[19341]: read /var/lib/neutron/dhcp/c6482fa8-c21a-4628-abc0-2930e50bb085/host
Jun  2 16:23:29 gtw01 dnsmasq-dhcp[19341]: read /var/lib/neutron/dhcp/c6482fa8-c21a-4628-abc0-2930e50bb085/opts
Jun  2 16:23:30 gtw01 dnsmasq[19341]: read /var/lib/neutron/dhcp/c6482fa8-c21a-4628-abc0-2930e50bb085/addn_hosts - 3 addresses
Jun  2 16:23:30 gtw01 dnsmasq-dhcp[19341]: read /var/lib/neutron/dhcp/c6482fa8-c21a-4628-abc0-2930e50bb085/host
Jun  2 16:23:30 gtw01 dnsmasq-dhcp[19341]: read /var/lib/neutron/dhcp/c6482fa8-c21a-4628-abc0-2930e50bb085/opts
Jun  2 16:23:31 gtw01 dnsmasq[19341]: read /var/lib/neutron/dhcp/c6482fa8-c21a-4628-abc0-2930e50bb085/addn_hosts - 3 addresses
Jun  2 16:23:31 gtw01 dnsmasq-dhcp[19341]: read /var/lib/neutron/dhcp/c6482fa8-c21a-4628-abc0-2930e50bb085/host
Jun  2 16:23:31 gtw01 dnsmasq-dhcp[19341]: read /var/lib/neutron/dhcp/c6482fa8-c21a-4628-abc0-2930e50bb085/opts
Jun  2 16:23:34 gtw01 dnsmasq[17695]: read /var/lib/neutron/dhcp/ef271d8d-7da3-4324-8c5c-15635b681210/addn_hosts - 4 addresses
Jun  2 16:23:34 gtw01 dnsmasq-dhcp[17695]: read /var/lib/neutron/dhcp/ef271d8d-7da3-4324-8c5c-15635b681210/host
Jun  2 16:23:34 gtw01 dnsmasq-dhcp[17695]: read /var/lib/neutron/dhcp/ef271d8d-7da3-4324-8c5c-15635b681210/opts
Jun  2 16:23:36 gtw01 dnsmasq[12701]: read /var/lib/neutron/dhcp/c59cf9c1-a00f-4a22-ae8e-4a7d939a403d/addn_hosts - 2 addresses
Jun  2 16:23:36 gtw01 dnsmasq-dhcp[12701]: read /var/lib/neutron/dhcp/c59cf9c1-a00f-4a22-ae8e-4a7d939a403d/host
Jun  2 16:23:36 gtw01 dnsmasq-dhcp[12701]: read /var/lib/neutron/dhcp/c59cf9c1-a00f-4a22-ae8e-4a7d939a403d/opts
Jun  2 16:23:37 gtw01 dnsmasq[17695]: read /var/lib/neutron/dhcp/ef271d8d-7da3-4324-8c5c-15635b681210/addn_hosts - 4 addresses
Jun  2 16:23:37 gtw01 dnsmasq-dhcp[17695]: read /var/lib/neutron/dhcp/ef271d8d-7da3-4324-8c5c-15635b681210/host
Jun  2 16:23:37 gtw01 dnsmasq-dhcp[17695]: read /var/lib/neutron/dhcp/ef271d8d-7da3-4324-8c5c-15635b681210/opts
Jun  2 16:23:38 gtw01 dnsmasq[17695]: read /var/lib/neutron/dhcp/ef271d8d-7da3-4324-8c5c-15635b681210/addn_hosts - 4 addresses
Jun  2 16:23:38 gtw01 dnsmasq-dhcp[17695]: read /var/lib/neutron/dhcp/ef271d8d-7da3-4324-8c5c-15635b681210/host
Jun  2 16:23:38 gtw01 dnsmasq-dhcp[17695]: read /var/lib/neutron/dhcp/ef271d8d-7da3-4324-8c5c-15635b681210/opts
Jun  2 16:23:43 gtw01 dnsmasq[12701]: read /var/lib/neutron/dhcp/c59cf9c1-a00f-4a22-ae8e-4a7d939a403d/addn_hosts - 3 addresses
Jun  2 16:23:43 gtw01 dnsmasq-dhcp[12701]: read /var/lib/neutron/dhcp/c59cf9c1-a00f-4a22-ae8e-4a7d939a403d/host
Jun  2 16:23:43 gtw01 dnsmasq-dhcp[12701]: read /var/lib/neutron/dhcp/c59cf9c1-a00f-4a22-ae8e-4a7d939a403d/opts
Jun  2 16:23:44 gtw01 dnsmasq[12701]: read /var/lib/neutron/dhcp/c59cf9c1-a00f-4a22-ae8e-4a7d939a403d/addn_hosts - 3 addresses
Jun  2 16:23:44 gtw01 dnsmasq-dhcp[12701]: read /var/lib/neutron/dhcp/c59cf9c1-a00f-4a22-ae8e-4a7d939a403d/host
Jun  2 16:23:44 gtw01 dnsmasq-dhcp[12701]: read /var/lib/neutron/dhcp/c59cf9c1-a00f-4a22-ae8e-4a7d939a403d/opts
Jun  2 16:23:44 gtw01 dnsmasq-dhcp[19341]: DHCPDISCOVER(tap464b2081-5d) fa:16:3e:7a:05:ae
Jun  2 16:23:44 gtw01 dnsmasq-dhcp[19341]: DHCPOFFER(tap464b2081-5d) 192.168.120.7 fa:16:3e:7a:05:ae
Jun  2 16:23:44 gtw01 dnsmasq-dhcp[19341]: DHCPREQUEST(tap464b2081-5d) 192.168.120.7 fa:16:3e:7a:05:ae
Jun  2 16:23:44 gtw01 dnsmasq-dhcp[19341]: DHCPACK(tap464b2081-5d) 192.168.120.7 fa:16:3e:7a:05:ae host-192-168-120-7
Jun  2 16:23:44 gtw01 dnsmasq[12701]: read /var/lib/neutron/dhcp/c59cf9c1-a00f-4a22-ae8e-4a7d939a403d/addn_hosts - 3 addresses
Jun  2 16:23:44 gtw01 dnsmasq-dhcp[12701]: read /var/lib/neutron/dhcp/c59cf9c1-a00f-4a22-ae8e-4a7d939a403d/host
Jun  2 16:23:44 gtw01 dnsmasq-dhcp[12701]: read /var/lib/neutron/dhcp/c59cf9c1-a00f-4a22-ae8e-4a7d939a403d/opts
Jun  2 16:23:50 gtw01 dnsmasq[17695]: read /var/lib/neutron/dhcp/ef271d8d-7da3-4324-8c5c-15635b681210/addn_hosts - 5 addresses
Jun  2 16:23:50 gtw01 dnsmasq-dhcp[17695]: read /var/lib/neutron/dhcp/ef271d8d-7da3-4324-8c5c-15635b681210/host
Jun  2 16:23:50 gtw01 dnsmasq-dhcp[17695]: read /var/lib/neutron/dhcp/ef271d8d-7da3-4324-8c5c-15635b681210/opts
Jun  2 16:23:51 gtw01 dnsmasq[17695]: read /var/lib/neutron/dhcp/ef271d8d-7da3-4324-8c5c-15635b681210/addn_hosts - 5 addresses
Jun  2 16:23:51 gtw01 dnsmasq-dhcp[17695]: read /var/lib/neutron/dhcp/ef271d8d-7da3-4324-8c5c-15635b681210/host
Jun  2 16:23:51 gtw01 dnsmasq-dhcp[17695]: read /var/lib/neutron/dhcp/ef271d8d-7da3-4324-8c5c-15635b681210/opts
Jun  2 16:23:51 gtw01 dnsmasq-dhcp[17695]: DHCPDISCOVER(tap6794554d-b5) fa:16:3e:8f:85:1e
Jun  2 16:23:51 gtw01 dnsmasq-dhcp[17695]: DHCPOFFER(tap6794554d-b5) 192.168.120.12 fa:16:3e:8f:85:1e
Jun  2 16:23:51 gtw01 dnsmasq-dhcp[17695]: DHCPREQUEST(tap6794554d-b5) 192.168.120.12 fa:16:3e:8f:85:1e
Jun  2 16:23:51 gtw01 dnsmasq-dhcp[17695]: DHCPACK(tap6794554d-b5) 192.168.120.12 fa:16:3e:8f:85:1e host-192-168-120-12
Jun  2 16:23:51 gtw01 dnsmasq-dhcp[19341]: DHCPRELEASE(tap464b2081-5d) 192.168.120.7 fa:16:3e:7a:05:ae
Jun  2 16:23:51 gtw01 dnsmasq-dhcp[19341]: DHCPRELEASE(tap464b2081-5d) 192.168.120.7 fa:16:3e:7a:05:ae unknown lease
Jun  2 16:23:52 gtw01 dnsmasq[17695]: read /var/lib/neutron/dhcp/ef271d8d-7da3-4324-8c5c-15635b681210/addn_hosts - 5 addresses
Jun  2 16:23:52 gtw01 dnsmasq-dhcp[17695]: read /var/lib/neutron/dhcp/ef271d8d-7da3-4324-8c5c-15635b681210/host
Jun  2 16:23:52 gtw01 dnsmasq-dhcp[17695]: read /var/lib/neutron/dhcp/ef271d8d-7da3-4324-8c5c-15635b681210/opts
Jun  2 16:23:52 gtw01 dnsmasq[19341]: read /var/lib/neutron/dhcp/c6482fa8-c21a-4628-abc0-2930e50bb085/addn_hosts - 2 addresses
Jun  2 16:23:52 gtw01 dnsmasq-dhcp[19341]: read /var/lib/neutron/dhcp/c6482fa8-c21a-4628-abc0-2930e50bb085/host
Jun  2 16:23:52 gtw01 dnsmasq-dhcp[19341]: read /var/lib/neutron/dhcp/c6482fa8-c21a-4628-abc0-2930e50bb085/opts
Jun  2 16:23:56 gtw01 dnsmasq[19341]: read /var/lib/neutron/dhcp/c6482fa8-c21a-4628-abc0-2930e50bb085/addn_hosts - 1 addresses
Jun  2 16:23:56 gtw01 dnsmasq-dhcp[19341]: read /var/lib/neutron/dhcp/c6482fa8-c21a-4628-abc0-2930e50bb085/host
Jun  2 16:23:56 gtw01 dnsmasq-dhcp[19341]: read /var/lib/neutron/dhcp/c6482fa8-c21a-4628-abc0-2930e50bb085/opts
Jun  2 16:23:57 gtw01 dnsmasq-dhcp[12701]: DHCPDISCOVER(tapc3506a28-f9) fa:16:3e:df:32:9a
Jun  2 16:23:57 gtw01 dnsmasq-dhcp[12701]: DHCPOFFER(tapc3506a28-f9) 192.168.120.20 fa:16:3e:df:32:9a
Jun  2 16:23:57 gtw01 dnsmasq-dhcp[12701]: DHCPREQUEST(tapc3506a28-f9) 192.168.120.20 fa:16:3e:df:32:9a
Jun  2 16:23:57 gtw01 dnsmasq-dhcp[12701]: DHCPACK(tapc3506a28-f9) 192.168.120.20 fa:16:3e:df:32:9a host-192-168-120-20
Jun  2 16:24:01 gtw01 kernel: [ 6184.070741] device tap464b2081-5d left promiscuous mode
Jun  2 16:24:02 gtw01 dnsmasq-dhcp[12701]: DHCPRELEASE(tapc3506a28-f9) 192.168.120.20 fa:16:3e:df:32:9a
Jun  2 16:24:04 gtw01 dnsmasq-dhcp[17695]: DHCPDISCOVER(tap6794554d-b5) fa:16:3e:a3:74:07
Jun  2 16:24:04 gtw01 dnsmasq-dhcp[17695]: DHCPOFFER(tap6794554d-b5) 192.168.120.4 fa:16:3e:a3:74:07
Jun  2 16:24:04 gtw01 dnsmasq-dhcp[17695]: DHCPREQUEST(tap6794554d-b5) 192.168.120.4 fa:16:3e:a3:74:07
Jun  2 16:24:04 gtw01 dnsmasq-dhcp[17695]: DHCPACK(tap6794554d-b5) 192.168.120.4 fa:16:3e:a3:74:07 host-192-168-120-4
Jun  2 16:24:06 gtw01 dnsmasq[17695]: read /var/lib/neutron/dhcp/ef271d8d-7da3-4324-8c5c-15635b681210/addn_hosts - 5 addresses
Jun  2 16:24:06 gtw01 dnsmasq-dhcp[17695]: read /var/lib/neutron/dhcp/ef271d8d-7da3-4324-8c5c-15635b681210/host
Jun  2 16:24:06 gtw01 dnsmasq-dhcp[17695]: read /var/lib/neutron/dhcp/ef271d8d-7da3-4324-8c5c-15635b681210/opts
Jun  2 16:24:07 gtw01 dnsmasq[17695]: read /var/lib/neutron/dhcp/ef271d8d-7da3-4324-8c5c-15635b681210/addn_hosts - 5 addresses
Jun  2 16:24:07 gtw01 dnsmasq-dhcp[17695]: read /var/lib/neutron/dhcp/ef271d8d-7da3-4324-8c5c-15635b681210/host
Jun  2 16:24:07 gtw01 dnsmasq-dhcp[17695]: read /var/lib/neutron/dhcp/ef271d8d-7da3-4324-8c5c-15635b681210/opts
Jun  2 16:24:10 gtw01 systemd-udevd[19850]: Could not generate persistent MAC address for tap43c1ef51-f8: No such file or directory
Jun  2 16:24:10 gtw01 kernel: [ 6192.730690] device tap43c1ef51-f8 entered promiscuous mode
Jun  2 16:24:10 gtw01 systemd-udevd[19897]: Process '/sbin/ip link set tap43c1ef51-f8 txqueuelen 10000' failed with exit code 1.
Jun  2 16:24:12 gtw01 dnsmasq[17695]: read /var/lib/neutron/dhcp/ef271d8d-7da3-4324-8c5c-15635b681210/addn_hosts - 5 addresses
Jun  2 16:24:12 gtw01 dnsmasq-dhcp[17695]: read /var/lib/neutron/dhcp/ef271d8d-7da3-4324-8c5c-15635b681210/host
Jun  2 16:24:12 gtw01 dnsmasq-dhcp[17695]: read /var/lib/neutron/dhcp/ef271d8d-7da3-4324-8c5c-15635b681210/opts
Jun  2 16:24:13 gtw01 dnsmasq[19977]: started, version 2.80 cachesize 150
Jun  2 16:24:13 gtw01 dnsmasq[19977]: DNS service limited to local subnets
Jun  2 16:24:13 gtw01 dnsmasq[19977]: compile time options: IPv6 GNU-getopt DBus i18n IDN DHCP DHCPv6 no-Lua TFTP conntrack ipset auth DNSSEC loop-detect inotify dumpfile
Jun  2 16:24:13 gtw01 dnsmasq[19977]: warning: no upstream servers configured
Jun  2 16:24:13 gtw01 dnsmasq-dhcp[19977]: DHCP, static leases only on 192.168.120.0, lease time 1h
Jun  2 16:24:13 gtw01 dnsmasq[19977]: read /var/lib/neutron/dhcp/90829c94-493a-4137-b04c-c60759318750/addn_hosts - 1 addresses
Jun  2 16:24:13 gtw01 dnsmasq-dhcp[19977]: read /var/lib/neutron/dhcp/90829c94-493a-4137-b04c-c60759318750/host
Jun  2 16:24:13 gtw01 dnsmasq-dhcp[19977]: read /var/lib/neutron/dhcp/90829c94-493a-4137-b04c-c60759318750/opts
Jun  2 16:24:13 gtw01 haproxy-metadata-proxy-90829c94-493a-4137-b04c-c60759318750[19981]: Proxy listener started.
Jun  2 16:24:14 gtw01 dnsmasq[17695]: read /var/lib/neutron/dhcp/ef271d8d-7da3-4324-8c5c-15635b681210/addn_hosts - 5 addresses
Jun  2 16:24:14 gtw01 dnsmasq-dhcp[17695]: read /var/lib/neutron/dhcp/ef271d8d-7da3-4324-8c5c-15635b681210/host
Jun  2 16:24:14 gtw01 dnsmasq-dhcp[17695]: read /var/lib/neutron/dhcp/ef271d8d-7da3-4324-8c5c-15635b681210/opts
Jun  2 16:24:14 gtw01 dnsmasq[19977]: read /var/lib/neutron/dhcp/90829c94-493a-4137-b04c-c60759318750/addn_hosts - 2 addresses
Jun  2 16:24:14 gtw01 dnsmasq-dhcp[19977]: read /var/lib/neutron/dhcp/90829c94-493a-4137-b04c-c60759318750/host
Jun  2 16:24:14 gtw01 dnsmasq-dhcp[19977]: read /var/lib/neutron/dhcp/90829c94-493a-4137-b04c-c60759318750/opts
Jun  2 16:24:15 gtw01 dnsmasq[17695]: read /var/lib/neutron/dhcp/ef271d8d-7da3-4324-8c5c-15635b681210/addn_hosts - 5 addresses
Jun  2 16:24:15 gtw01 dnsmasq-dhcp[17695]: read /var/lib/neutron/dhcp/ef271d8d-7da3-4324-8c5c-15635b681210/host
Jun  2 16:24:15 gtw01 dnsmasq-dhcp[17695]: read /var/lib/neutron/dhcp/ef271d8d-7da3-4324-8c5c-15635b681210/opts
Jun  2 16:24:15 gtw01 dnsmasq[19977]: read /var/lib/neutron/dhcp/90829c94-493a-4137-b04c-c60759318750/addn_hosts - 2 addresses
Jun  2 16:24:15 gtw01 dnsmasq-dhcp[19977]: read /var/lib/neutron/dhcp/90829c94-493a-4137-b04c-c60759318750/host
Jun  2 16:24:15 gtw01 dnsmasq-dhcp[19977]: read /var/lib/neutron/dhcp/90829c94-493a-4137-b04c-c60759318750/opts
Jun  2 16:24:16 gtw01 dnsmasq[19977]: read /var/lib/neutron/dhcp/90829c94-493a-4137-b04c-c60759318750/addn_hosts - 2 addresses
Jun  2 16:24:16 gtw01 dnsmasq-dhcp[19977]: read /var/lib/neutron/dhcp/90829c94-493a-4137-b04c-c60759318750/host
Jun  2 16:24:16 gtw01 dnsmasq-dhcp[19977]: read /var/lib/neutron/dhcp/90829c94-493a-4137-b04c-c60759318750/opts
Jun  2 16:24:16 gtw01 dnsmasq[12701]: read /var/lib/neutron/dhcp/c59cf9c1-a00f-4a22-ae8e-4a7d939a403d/addn_hosts - 2 addresses
Jun  2 16:24:16 gtw01 dnsmasq-dhcp[12701]: read /var/lib/neutron/dhcp/c59cf9c1-a00f-4a22-ae8e-4a7d939a403d/host
Jun  2 16:24:16 gtw01 dnsmasq-dhcp[12701]: read /var/lib/neutron/dhcp/c59cf9c1-a00f-4a22-ae8e-4a7d939a403d/opts
Jun  2 16:24:17 gtw01 dnsmasq[19977]: read /var/lib/neutron/dhcp/90829c94-493a-4137-b04c-c60759318750/addn_hosts - 2 addresses
Jun  2 16:24:17 gtw01 dnsmasq-dhcp[19977]: read /var/lib/neutron/dhcp/90829c94-493a-4137-b04c-c60759318750/host
Jun  2 16:24:17 gtw01 dnsmasq-dhcp[19977]: read /var/lib/neutron/dhcp/90829c94-493a-4137-b04c-c60759318750/opts
Jun  2 16:24:18 gtw01 dnsmasq[19977]: read /var/lib/neutron/dhcp/90829c94-493a-4137-b04c-c60759318750/addn_hosts - 2 addresses
Jun  2 16:24:18 gtw01 dnsmasq-dhcp[19977]: read /var/lib/neutron/dhcp/90829c94-493a-4137-b04c-c60759318750/host
Jun  2 16:24:18 gtw01 dnsmasq-dhcp[19977]: read /var/lib/neutron/dhcp/90829c94-493a-4137-b04c-c60759318750/opts
Jun  2 16:24:19 gtw01 dnsmasq[17695]: read /var/lib/neutron/dhcp/ef271d8d-7da3-4324-8c5c-15635b681210/addn_hosts - 5 addresses
Jun  2 16:24:19 gtw01 dnsmasq-dhcp[17695]: read /var/lib/neutron/dhcp/ef271d8d-7da3-4324-8c5c-15635b681210/host
Jun  2 16:24:19 gtw01 dnsmasq-dhcp[17695]: read /var/lib/neutron/dhcp/ef271d8d-7da3-4324-8c5c-15635b681210/opts
Jun  2 16:24:20 gtw01 dnsmasq[19977]: read /var/lib/neutron/dhcp/90829c94-493a-4137-b04c-c60759318750/addn_hosts - 3 addresses
Jun  2 16:24:20 gtw01 dnsmasq-dhcp[19977]: read /var/lib/neutron/dhcp/90829c94-493a-4137-b04c-c60759318750/host
Jun  2 16:24:20 gtw01 dnsmasq-dhcp[19977]: read /var/lib/neutron/dhcp/90829c94-493a-4137-b04c-c60759318750/opts
Jun  2 16:24:21 gtw01 dnsmasq[19977]: read /var/lib/neutron/dhcp/90829c94-493a-4137-b04c-c60759318750/addn_hosts - 3 addresses
Jun  2 16:24:21 gtw01 dnsmasq-dhcp[19977]: read /var/lib/neutron/dhcp/90829c94-493a-4137-b04c-c60759318750/host
Jun  2 16:24:21 gtw01 dnsmasq-dhcp[19977]: read /var/lib/neutron/dhcp/90829c94-493a-4137-b04c-c60759318750/opts
Jun  2 16:24:22 gtw01 dnsmasq-dhcp[17695]: DHCPRELEASE(tap6794554d-b5) 192.168.120.4 fa:16:3e:a3:74:07
Jun  2 16:24:22 gtw01 dnsmasq-dhcp[17695]: DHCPRELEASE(tap6794554d-b5) 192.168.120.4 fa:16:3e:a3:74:07 unknown lease
Jun  2 16:24:22 gtw01 dnsmasq[19977]: read /var/lib/neutron/dhcp/90829c94-493a-4137-b04c-c60759318750/addn_hosts - 3 addresses
Jun  2 16:24:22 gtw01 dnsmasq-dhcp[19977]: read /var/lib/neutron/dhcp/90829c94-493a-4137-b04c-c60759318750/host
Jun  2 16:24:22 gtw01 dnsmasq-dhcp[19977]: read /var/lib/neutron/dhcp/90829c94-493a-4137-b04c-c60759318750/opts
Jun  2 16:24:23 gtw01 dnsmasq[17695]: read /var/lib/neutron/dhcp/ef271d8d-7da3-4324-8c5c-15635b681210/addn_hosts - 4 addresses
Jun  2 16:24:23 gtw01 dnsmasq-dhcp[17695]: read /var/lib/neutron/dhcp/ef271d8d-7da3-4324-8c5c-15635b681210/host
Jun  2 16:24:23 gtw01 dnsmasq-dhcp[17695]: read /var/lib/neutron/dhcp/ef271d8d-7da3-4324-8c5c-15635b681210/opts
Jun  2 16:24:25 gtw01 dnsmasq-dhcp[17695]: DHCPRELEASE(tap6794554d-b5) 192.168.120.12 fa:16:3e:8f:85:1e
Jun  2 16:24:25 gtw01 dnsmasq-dhcp[17695]: DHCPRELEASE(tap6794554d-b5) 192.168.120.12 fa:16:3e:8f:85:1e unknown lease
Jun  2 16:24:26 gtw01 dnsmasq[17695]: read /var/lib/neutron/dhcp/ef271d8d-7da3-4324-8c5c-15635b681210/addn_hosts - 3 addresses
Jun  2 16:24:26 gtw01 dnsmasq-dhcp[17695]: read /var/lib/neutron/dhcp/ef271d8d-7da3-4324-8c5c-15635b681210/host
Jun  2 16:24:26 gtw01 dnsmasq-dhcp[17695]: read /var/lib/neutron/dhcp/ef271d8d-7da3-4324-8c5c-15635b681210/opts
Jun  2 16:24:29 gtw01 dnsmasq[12701]: read /var/lib/neutron/dhcp/c59cf9c1-a00f-4a22-ae8e-4a7d939a403d/addn_hosts - 3 addresses
Jun  2 16:24:29 gtw01 dnsmasq-dhcp[12701]: read /var/lib/neutron/dhcp/c59cf9c1-a00f-4a22-ae8e-4a7d939a403d/host
Jun  2 16:24:29 gtw01 dnsmasq-dhcp[12701]: read /var/lib/neutron/dhcp/c59cf9c1-a00f-4a22-ae8e-4a7d939a403d/opts
Jun  2 16:24:29 gtw01 dnsmasq[17695]: read /var/lib/neutron/dhcp/ef271d8d-7da3-4324-8c5c-15635b681210/addn_hosts - 2 addresses
Jun  2 16:24:29 gtw01 dnsmasq-dhcp[17695]: read /var/lib/neutron/dhcp/ef271d8d-7da3-4324-8c5c-15635b681210/host
Jun  2 16:24:29 gtw01 dnsmasq-dhcp[17695]: read /var/lib/neutron/dhcp/ef271d8d-7da3-4324-8c5c-15635b681210/opts
Jun  2 16:24:30 gtw01 dnsmasq[12701]: read /var/lib/neutron/dhcp/c59cf9c1-a00f-4a22-ae8e-4a7d939a403d/addn_hosts - 3 addresses
Jun  2 16:24:30 gtw01 dnsmasq-dhcp[12701]: read /var/lib/neutron/dhcp/c59cf9c1-a00f-4a22-ae8e-4a7d939a403d/host
Jun  2 16:24:30 gtw01 dnsmasq-dhcp[12701]: read /var/lib/neutron/dhcp/c59cf9c1-a00f-4a22-ae8e-4a7d939a403d/opts
Jun  2 16:24:31 gtw01 dnsmasq[12701]: read /var/lib/neutron/dhcp/c59cf9c1-a00f-4a22-ae8e-4a7d939a403d/addn_hosts - 3 addresses
Jun  2 16:24:31 gtw01 dnsmasq-dhcp[12701]: read /var/lib/neutron/dhcp/c59cf9c1-a00f-4a22-ae8e-4a7d939a403d/host
Jun  2 16:24:31 gtw01 dnsmasq-dhcp[12701]: read /var/lib/neutron/dhcp/c59cf9c1-a00f-4a22-ae8e-4a7d939a403d/opts
Jun  2 16:24:32 gtw01 dnsmasq[17695]: read /var/lib/neutron/dhcp/ef271d8d-7da3-4324-8c5c-15635b681210/addn_hosts - 1 addresses
Jun  2 16:24:32 gtw01 dnsmasq-dhcp[17695]: read /var/lib/neutron/dhcp/ef271d8d-7da3-4324-8c5c-15635b681210/host
Jun  2 16:24:32 gtw01 dnsmasq-dhcp[17695]: read /var/lib/neutron/dhcp/ef271d8d-7da3-4324-8c5c-15635b681210/opts
Jun  2 16:24:35 gtw01 dnsmasq-dhcp[19977]: DHCPDISCOVER(tap43c1ef51-f8) fa:16:3e:00:6b:30
Jun  2 16:24:35 gtw01 dnsmasq-dhcp[19977]: DHCPOFFER(tap43c1ef51-f8) 192.168.120.4 fa:16:3e:00:6b:30
Jun  2 16:24:35 gtw01 dnsmasq-dhcp[19977]: DHCPREQUEST(tap43c1ef51-f8) 192.168.120.4 fa:16:3e:00:6b:30
Jun  2 16:24:35 gtw01 dnsmasq-dhcp[19977]: DHCPACK(tap43c1ef51-f8) 192.168.120.4 fa:16:3e:00:6b:30 host-192-168-120-4
Jun  2 16:24:37 gtw01 kernel: [ 6219.503424] device tap6794554d-b5 left promiscuous mode
Jun  2 16:24:43 gtw01 dnsmasq-dhcp[12701]: DHCPDISCOVER(tapc3506a28-f9) fa:16:3e:8e:6f:75
Jun  2 16:24:43 gtw01 dnsmasq-dhcp[12701]: DHCPOFFER(tapc3506a28-f9) 192.168.120.6 fa:16:3e:8e:6f:75
Jun  2 16:24:43 gtw01 dnsmasq-dhcp[12701]: DHCPREQUEST(tapc3506a28-f9) 192.168.120.6 fa:16:3e:8e:6f:75
Jun  2 16:24:43 gtw01 dnsmasq-dhcp[12701]: DHCPACK(tapc3506a28-f9) 192.168.120.6 fa:16:3e:8e:6f:75 host-192-168-120-6
Jun  2 16:24:45 gtw01 systemd-udevd[20334]: Could not generate persistent MAC address for tap5633513d-fb: No such file or directory
Jun  2 16:24:45 gtw01 kernel: [ 6227.710831] device tap5633513d-fb entered promiscuous mode
Jun  2 16:24:45 gtw01 systemd-udevd[20380]: Process '/sbin/ip link set tap5633513d-fb txqueuelen 10000' failed with exit code 1.
Jun  2 16:24:45 gtw01 dnsmasq-dhcp[12701]: DHCPRELEASE(tapc3506a28-f9) 192.168.120.6 fa:16:3e:8e:6f:75
Jun  2 16:24:46 gtw01 dnsmasq-dhcp[19977]: DHCPRELEASE(tap43c1ef51-f8) 192.168.120.4 fa:16:3e:00:6b:30
Jun  2 16:24:47 gtw01 dnsmasq-dhcp[19977]: DHCPRELEASE(tap43c1ef51-f8) 192.168.120.4 fa:16:3e:00:6b:30 unknown lease
Jun  2 16:24:47 gtw01 dnsmasq[19977]: read /var/lib/neutron/dhcp/90829c94-493a-4137-b04c-c60759318750/addn_hosts - 2 addresses
Jun  2 16:24:47 gtw01 dnsmasq-dhcp[19977]: read /var/lib/neutron/dhcp/90829c94-493a-4137-b04c-c60759318750/host
Jun  2 16:24:47 gtw01 dnsmasq-dhcp[19977]: read /var/lib/neutron/dhcp/90829c94-493a-4137-b04c-c60759318750/opts
Jun  2 16:24:48 gtw01 dnsmasq[20467]: started, version 2.80 cachesize 150
Jun  2 16:24:48 gtw01 dnsmasq[20467]: DNS service limited to local subnets
Jun  2 16:24:48 gtw01 dnsmasq[20467]: compile time options: IPv6 GNU-getopt DBus i18n IDN DHCP DHCPv6 no-Lua TFTP conntrack ipset auth DNSSEC loop-detect inotify dumpfile
Jun  2 16:24:48 gtw01 dnsmasq[20467]: warning: no upstream servers configured
Jun  2 16:24:48 gtw01 dnsmasq-dhcp[20467]: DHCP, static leases only on 192.168.120.0, lease time 1h
Jun  2 16:24:48 gtw01 dnsmasq[20467]: read /var/lib/neutron/dhcp/6f457663-4878-466a-a2d3-791841154c69/addn_hosts - 1 addresses
Jun  2 16:24:48 gtw01 dnsmasq-dhcp[20467]: read /var/lib/neutron/dhcp/6f457663-4878-466a-a2d3-791841154c69/host
Jun  2 16:24:48 gtw01 dnsmasq-dhcp[20467]: read /var/lib/neutron/dhcp/6f457663-4878-466a-a2d3-791841154c69/opts
Jun  2 16:24:48 gtw01 haproxy-metadata-proxy-6f457663-4878-466a-a2d3-791841154c69[20471]: Proxy listener started.
Jun  2 16:24:50 gtw01 dnsmasq[20467]: read /var/lib/neutron/dhcp/6f457663-4878-466a-a2d3-791841154c69/addn_hosts - 2 addresses
Jun  2 16:24:50 gtw01 dnsmasq-dhcp[20467]: read /var/lib/neutron/dhcp/6f457663-4878-466a-a2d3-791841154c69/host
Jun  2 16:24:50 gtw01 dnsmasq-dhcp[20467]: read /var/lib/neutron/dhcp/6f457663-4878-466a-a2d3-791841154c69/opts
Jun  2 16:24:51 gtw01 dnsmasq[20467]: read /var/lib/neutron/dhcp/6f457663-4878-466a-a2d3-791841154c69/addn_hosts - 2 addresses
Jun  2 16:24:51 gtw01 dnsmasq-dhcp[20467]: read /var/lib/neutron/dhcp/6f457663-4878-466a-a2d3-791841154c69/host
Jun  2 16:24:51 gtw01 dnsmasq-dhcp[20467]: read /var/lib/neutron/dhcp/6f457663-4878-466a-a2d3-791841154c69/opts
Jun  2 16:24:51 gtw01 kernel: [ 6233.944649] device tapb3cdeba6-72 entered promiscuous mode
Jun  2 16:24:51 gtw01 systemd-udevd[20529]: Could not generate persistent MAC address for tapb3cdeba6-72: No such file or directory
Jun  2 16:24:51 gtw01 systemd-udevd[20529]: Process '/sbin/ip link set tapb3cdeba6-72 txqueuelen 10000' failed with exit code 1.
Jun  2 16:24:52 gtw01 dnsmasq[19977]: read /var/lib/neutron/dhcp/90829c94-493a-4137-b04c-c60759318750/addn_hosts - 1 addresses
Jun  2 16:24:52 gtw01 dnsmasq-dhcp[19977]: read /var/lib/neutron/dhcp/90829c94-493a-4137-b04c-c60759318750/host
Jun  2 16:24:52 gtw01 dnsmasq-dhcp[19977]: read /var/lib/neutron/dhcp/90829c94-493a-4137-b04c-c60759318750/opts
Jun  2 16:24:52 gtw01 dnsmasq[20467]: read /var/lib/neutron/dhcp/6f457663-4878-466a-a2d3-791841154c69/addn_hosts - 2 addresses
Jun  2 16:24:52 gtw01 dnsmasq-dhcp[20467]: read /var/lib/neutron/dhcp/6f457663-4878-466a-a2d3-791841154c69/host
Jun  2 16:24:52 gtw01 dnsmasq-dhcp[20467]: read /var/lib/neutron/dhcp/6f457663-4878-466a-a2d3-791841154c69/opts
Jun  2 16:24:53 gtw01 dnsmasq[20467]: read /var/lib/neutron/dhcp/6f457663-4878-466a-a2d3-791841154c69/addn_hosts - 2 addresses
Jun  2 16:24:53 gtw01 dnsmasq-dhcp[20467]: read /var/lib/neutron/dhcp/6f457663-4878-466a-a2d3-791841154c69/host
Jun  2 16:24:53 gtw01 dnsmasq-dhcp[20467]: read /var/lib/neutron/dhcp/6f457663-4878-466a-a2d3-791841154c69/opts
Jun  2 16:24:53 gtw01 kernel: [ 6236.071639] device tap90d064a2-d1 entered promiscuous mode
Jun  2 16:24:53 gtw01 systemd-udevd[20668]: Could not generate persistent MAC address for tap90d064a2-d1: No such file or directory
Jun  2 16:24:53 gtw01 systemd-udevd[20716]: Process '/sbin/ip link set tap90d064a2-d1 txqueuelen 10000' failed with exit code 1.
Jun  2 16:24:54 gtw01 dnsmasq[20467]: read /var/lib/neutron/dhcp/6f457663-4878-466a-a2d3-791841154c69/addn_hosts - 2 addresses
Jun  2 16:24:54 gtw01 dnsmasq-dhcp[20467]: read /var/lib/neutron/dhcp/6f457663-4878-466a-a2d3-791841154c69/host
Jun  2 16:24:54 gtw01 dnsmasq-dhcp[20467]: read /var/lib/neutron/dhcp/6f457663-4878-466a-a2d3-791841154c69/opts
Jun  2 16:24:55 gtw01 dnsmasq[20795]: started, version 2.80 cachesize 150
Jun  2 16:24:55 gtw01 dnsmasq[20795]: DNS service limited to local subnets
Jun  2 16:24:55 gtw01 dnsmasq[20795]: compile time options: IPv6 GNU-getopt DBus i18n IDN DHCP DHCPv6 no-Lua TFTP conntrack ipset auth DNSSEC loop-detect inotify dumpfile
Jun  2 16:24:55 gtw01 dnsmasq[20795]: LOUD WARNING: listening on 19.80.0.2 may accept requests via interfaces other than tapb3cdeba6-72
Jun  2 16:24:55 gtw01 dnsmasq[20795]: LOUD WARNING: use --bind-dynamic rather than --bind-interfaces to avoid DNS amplification attacks via these interface(s)
Jun  2 16:24:55 gtw01 dnsmasq[20795]: warning: no upstream servers configured
Jun  2 16:24:55 gtw01 dnsmasq-dhcp[20795]: DHCP, static leases only on 19.80.0.0, lease time 1h
Jun  2 16:24:55 gtw01 dnsmasq[20795]: read /var/lib/neutron/dhcp/2d98e09d-5bee-44f0-bf8c-e10aa22eec38/addn_hosts - 1 addresses
Jun  2 16:24:55 gtw01 dnsmasq-dhcp[20795]: read /var/lib/neutron/dhcp/2d98e09d-5bee-44f0-bf8c-e10aa22eec38/host
Jun  2 16:24:55 gtw01 dnsmasq-dhcp[20795]: read /var/lib/neutron/dhcp/2d98e09d-5bee-44f0-bf8c-e10aa22eec38/opts
Jun  2 16:24:55 gtw01 haproxy-metadata-proxy-2d98e09d-5bee-44f0-bf8c-e10aa22eec38[20803]: Proxy listener started.
Jun  2 16:24:56 gtw01 dnsmasq[20795]: read /var/lib/neutron/dhcp/2d98e09d-5bee-44f0-bf8c-e10aa22eec38/addn_hosts - 1 addresses
Jun  2 16:24:56 gtw01 dnsmasq-dhcp[20795]: read /var/lib/neutron/dhcp/2d98e09d-5bee-44f0-bf8c-e10aa22eec38/host
Jun  2 16:24:56 gtw01 dnsmasq-dhcp[20795]: read /var/lib/neutron/dhcp/2d98e09d-5bee-44f0-bf8c-e10aa22eec38/opts
Jun  2 16:24:57 gtw01 kernel: [ 6239.773197] device tap43c1ef51-f8 left promiscuous mode
Jun  2 16:24:57 gtw01 dnsmasq[20861]: started, version 2.80 cachesize 150
Jun  2 16:24:57 gtw01 dnsmasq[20861]: DNS service limited to local subnets
Jun  2 16:24:57 gtw01 dnsmasq[20861]: compile time options: IPv6 GNU-getopt DBus i18n IDN DHCP DHCPv6 no-Lua TFTP conntrack ipset auth DNSSEC loop-detect inotify dumpfile
Jun  2 16:24:57 gtw01 dnsmasq[20861]: LOUD WARNING: listening on 19.86.0.2 may accept requests via interfaces other than tap90d064a2-d1
Jun  2 16:24:57 gtw01 dnsmasq[20861]: LOUD WARNING: use --bind-dynamic rather than --bind-interfaces to avoid DNS amplification attacks via these interface(s)
Jun  2 16:24:57 gtw01 dnsmasq[20861]: warning: no upstream servers configured
Jun  2 16:24:57 gtw01 dnsmasq-dhcp[20861]: DHCP, static leases only on 19.86.0.0, lease time 1h
Jun  2 16:24:57 gtw01 dnsmasq[20861]: read /var/lib/neutron/dhcp/539bbc3c-905b-49e5-a7da-88f6a60c7a67/addn_hosts - 1 addresses
Jun  2 16:24:57 gtw01 dnsmasq-dhcp[20861]: read /var/lib/neutron/dhcp/539bbc3c-905b-49e5-a7da-88f6a60c7a67/host
Jun  2 16:24:57 gtw01 dnsmasq-dhcp[20861]: read /var/lib/neutron/dhcp/539bbc3c-905b-49e5-a7da-88f6a60c7a67/opts
Jun  2 16:24:57 gtw01 haproxy-metadata-proxy-539bbc3c-905b-49e5-a7da-88f6a60c7a67[20869]: Proxy listener started.
Jun  2 16:24:57 gtw01 dnsmasq[20795]: read /var/lib/neutron/dhcp/2d98e09d-5bee-44f0-bf8c-e10aa22eec38/addn_hosts - 1 addresses
Jun  2 16:24:57 gtw01 dnsmasq-dhcp[20795]: read /var/lib/neutron/dhcp/2d98e09d-5bee-44f0-bf8c-e10aa22eec38/host
Jun  2 16:24:57 gtw01 dnsmasq-dhcp[20795]: read /var/lib/neutron/dhcp/2d98e09d-5bee-44f0-bf8c-e10aa22eec38/opts
Jun  2 16:24:58 gtw01 dnsmasq[20861]: read /var/lib/neutron/dhcp/539bbc3c-905b-49e5-a7da-88f6a60c7a67/addn_hosts - 1 addresses
Jun  2 16:24:58 gtw01 dnsmasq-dhcp[20861]: read /var/lib/neutron/dhcp/539bbc3c-905b-49e5-a7da-88f6a60c7a67/host
Jun  2 16:24:58 gtw01 dnsmasq-dhcp[20861]: read /var/lib/neutron/dhcp/539bbc3c-905b-49e5-a7da-88f6a60c7a67/opts
Jun  2 16:24:58 gtw01 dnsmasq[20795]: read /var/lib/neutron/dhcp/2d98e09d-5bee-44f0-bf8c-e10aa22eec38/addn_hosts - 2 addresses
Jun  2 16:24:58 gtw01 dnsmasq-dhcp[20795]: read /var/lib/neutron/dhcp/2d98e09d-5bee-44f0-bf8c-e10aa22eec38/host
Jun  2 16:24:58 gtw01 dnsmasq-dhcp[20795]: read /var/lib/neutron/dhcp/2d98e09d-5bee-44f0-bf8c-e10aa22eec38/opts
Jun  2 16:24:59 gtw01 dnsmasq[20861]: read /var/lib/neutron/dhcp/539bbc3c-905b-49e5-a7da-88f6a60c7a67/addn_hosts - 1 addresses
Jun  2 16:24:59 gtw01 dnsmasq-dhcp[20861]: read /var/lib/neutron/dhcp/539bbc3c-905b-49e5-a7da-88f6a60c7a67/host
Jun  2 16:24:59 gtw01 dnsmasq-dhcp[20861]: read /var/lib/neutron/dhcp/539bbc3c-905b-49e5-a7da-88f6a60c7a67/opts
Jun  2 16:24:59 gtw01 dnsmasq[20795]: read /var/lib/neutron/dhcp/2d98e09d-5bee-44f0-bf8c-e10aa22eec38/addn_hosts - 2 addresses
Jun  2 16:24:59 gtw01 dnsmasq-dhcp[20795]: read /var/lib/neutron/dhcp/2d98e09d-5bee-44f0-bf8c-e10aa22eec38/host
Jun  2 16:24:59 gtw01 dnsmasq-dhcp[20795]: read /var/lib/neutron/dhcp/2d98e09d-5bee-44f0-bf8c-e10aa22eec38/opts
Jun  2 16:25:00 gtw01 dnsmasq[20861]: read /var/lib/neutron/dhcp/539bbc3c-905b-49e5-a7da-88f6a60c7a67/addn_hosts - 2 addresses
Jun  2 16:25:00 gtw01 dnsmasq-dhcp[20861]: read /var/lib/neutron/dhcp/539bbc3c-905b-49e5-a7da-88f6a60c7a67/host
Jun  2 16:25:00 gtw01 dnsmasq-dhcp[20861]: read /var/lib/neutron/dhcp/539bbc3c-905b-49e5-a7da-88f6a60c7a67/opts
Jun  2 16:25:00 gtw01 dnsmasq[20795]: read /var/lib/neutron/dhcp/2d98e09d-5bee-44f0-bf8c-e10aa22eec38/addn_hosts - 3 addresses
Jun  2 16:25:00 gtw01 dnsmasq-dhcp[20795]: read /var/lib/neutron/dhcp/2d98e09d-5bee-44f0-bf8c-e10aa22eec38/host
Jun  2 16:25:00 gtw01 dnsmasq-dhcp[20795]: read /var/lib/neutron/dhcp/2d98e09d-5bee-44f0-bf8c-e10aa22eec38/opts
Jun  2 16:25:01 gtw01 dnsmasq[20861]: read /var/lib/neutron/dhcp/539bbc3c-905b-49e5-a7da-88f6a60c7a67/addn_hosts - 2 addresses
