Jun  2 18:19:49 gtw01 dnsmasq[6185]: DNS service limited to local subnets
Jun  2 18:19:49 gtw01 dnsmasq[6185]: compile time options: IPv6 GNU-getopt DBus i18n IDN DHCP DHCPv6 no-Lua TFTP conntrack ipset auth DNSSEC loop-detect inotify dumpfile
Jun  2 18:19:49 gtw01 dnsmasq[6185]: LOUD WARNING: listening on 1.1.0.142 may accept requests via interfaces other than tapc19ef28f-7c
Jun  2 18:19:49 gtw01 dnsmasq[6185]: LOUD WARNING: use --bind-dynamic rather than --bind-interfaces to avoid DNS amplification attacks via these interface(s)
Jun  2 18:19:49 gtw01 dnsmasq[6185]: warning: no upstream servers configured
Jun  2 18:19:49 gtw01 dnsmasq-dhcp[6185]: DHCP, static leases only on 1.1.0.140, lease time 1h
Jun  2 18:19:49 gtw01 dnsmasq[6185]: read /var/lib/neutron/dhcp/81441034-0391-4d58-8f0a-7bc3d81f24b4/addn_hosts - 1 addresses
Jun  2 18:19:49 gtw01 dnsmasq-dhcp[6185]: read /var/lib/neutron/dhcp/81441034-0391-4d58-8f0a-7bc3d81f24b4/host
Jun  2 18:19:49 gtw01 dnsmasq-dhcp[6185]: read /var/lib/neutron/dhcp/81441034-0391-4d58-8f0a-7bc3d81f24b4/opts
Jun  2 18:19:50 gtw01 dnsmasq[5911]: read /var/lib/neutron/dhcp/04bcc21f-1b17-45c9-b123-f36f98bab9ff/addn_hosts - 2 addresses
Jun  2 18:19:50 gtw01 dnsmasq-dhcp[5911]: read /var/lib/neutron/dhcp/04bcc21f-1b17-45c9-b123-f36f98bab9ff/host
Jun  2 18:19:50 gtw01 dnsmasq-dhcp[5911]: read /var/lib/neutron/dhcp/04bcc21f-1b17-45c9-b123-f36f98bab9ff/opts
Jun  2 18:19:50 gtw01 dnsmasq[6095]: read /var/lib/neutron/dhcp/12093c09-4257-4eae-89ca-decdd1c5f44a/addn_hosts - 1 addresses
Jun  2 18:19:50 gtw01 dnsmasq-dhcp[6095]: read /var/lib/neutron/dhcp/12093c09-4257-4eae-89ca-decdd1c5f44a/host
Jun  2 18:19:50 gtw01 dnsmasq-dhcp[6095]: read /var/lib/neutron/dhcp/12093c09-4257-4eae-89ca-decdd1c5f44a/opts
Jun  2 18:19:50 gtw01 haproxy-metadata-proxy-81441034-0391-4d58-8f0a-7bc3d81f24b4[6209]: Proxy listener started.
Jun  2 18:19:50 gtw01 dnsmasq[5334]: read /var/lib/neutron/dhcp/27170a40-e313-470a-b7eb-fc8409879560/addn_hosts - 1 addresses
Jun  2 18:19:50 gtw01 dnsmasq-dhcp[5334]: read /var/lib/neutron/dhcp/27170a40-e313-470a-b7eb-fc8409879560/host
Jun  2 18:19:50 gtw01 dnsmasq-dhcp[5334]: read /var/lib/neutron/dhcp/27170a40-e313-470a-b7eb-fc8409879560/opts
Jun  2 18:19:50 gtw01 dnsmasq[5501]: read /var/lib/neutron/dhcp/7ca3afe2-21a8-4fec-aef3-75ee2bbadba0/addn_hosts - 1 addresses
Jun  2 18:19:50 gtw01 dnsmasq-dhcp[5501]: read /var/lib/neutron/dhcp/7ca3afe2-21a8-4fec-aef3-75ee2bbadba0/host
Jun  2 18:19:50 gtw01 dnsmasq-dhcp[5501]: read /var/lib/neutron/dhcp/7ca3afe2-21a8-4fec-aef3-75ee2bbadba0/opts
Jun  2 18:19:50 gtw01 dnsmasq[5957]: read /var/lib/neutron/dhcp/347c5c69-379a-4bd6-92fa-9bbf98dc4074/addn_hosts - 2 addresses
Jun  2 18:19:50 gtw01 dnsmasq-dhcp[5957]: read /var/lib/neutron/dhcp/347c5c69-379a-4bd6-92fa-9bbf98dc4074/host
Jun  2 18:19:50 gtw01 dnsmasq-dhcp[5957]: read /var/lib/neutron/dhcp/347c5c69-379a-4bd6-92fa-9bbf98dc4074/opts
Jun  2 18:19:51 gtw01 dnsmasq[6185]: read /var/lib/neutron/dhcp/81441034-0391-4d58-8f0a-7bc3d81f24b4/addn_hosts - 1 addresses
Jun  2 18:19:51 gtw01 dnsmasq-dhcp[6185]: read /var/lib/neutron/dhcp/81441034-0391-4d58-8f0a-7bc3d81f24b4/host
Jun  2 18:19:51 gtw01 dnsmasq-dhcp[6185]: read /var/lib/neutron/dhcp/81441034-0391-4d58-8f0a-7bc3d81f24b4/opts
Jun  2 18:19:52 gtw01 dnsmasq[5911]: read /var/lib/neutron/dhcp/04bcc21f-1b17-45c9-b123-f36f98bab9ff/addn_hosts - 2 addresses
Jun  2 18:19:52 gtw01 dnsmasq-dhcp[5911]: read /var/lib/neutron/dhcp/04bcc21f-1b17-45c9-b123-f36f98bab9ff/host
Jun  2 18:19:52 gtw01 dnsmasq-dhcp[5911]: read /var/lib/neutron/dhcp/04bcc21f-1b17-45c9-b123-f36f98bab9ff/opts
Jun  2 18:19:52 gtw01 dnsmasq[6095]: read /var/lib/neutron/dhcp/12093c09-4257-4eae-89ca-decdd1c5f44a/addn_hosts - 2 addresses
Jun  2 18:19:52 gtw01 dnsmasq-dhcp[6095]: read /var/lib/neutron/dhcp/12093c09-4257-4eae-89ca-decdd1c5f44a/host
Jun  2 18:19:52 gtw01 dnsmasq-dhcp[6095]: read /var/lib/neutron/dhcp/12093c09-4257-4eae-89ca-decdd1c5f44a/opts
Jun  2 18:19:52 gtw01 dnsmasq[5957]: read /var/lib/neutron/dhcp/347c5c69-379a-4bd6-92fa-9bbf98dc4074/addn_hosts - 2 addresses
Jun  2 18:19:52 gtw01 dnsmasq-dhcp[5957]: read /var/lib/neutron/dhcp/347c5c69-379a-4bd6-92fa-9bbf98dc4074/host
Jun  2 18:19:52 gtw01 dnsmasq-dhcp[5957]: read /var/lib/neutron/dhcp/347c5c69-379a-4bd6-92fa-9bbf98dc4074/opts
Jun  2 18:19:53 gtw01 dnsmasq[6185]: read /var/lib/neutron/dhcp/81441034-0391-4d58-8f0a-7bc3d81f24b4/addn_hosts - 2 addresses
Jun  2 18:19:53 gtw01 dnsmasq-dhcp[6185]: read /var/lib/neutron/dhcp/81441034-0391-4d58-8f0a-7bc3d81f24b4/host
Jun  2 18:19:53 gtw01 dnsmasq-dhcp[6185]: read /var/lib/neutron/dhcp/81441034-0391-4d58-8f0a-7bc3d81f24b4/opts
Jun  2 18:19:53 gtw01 dnsmasq[5911]: read /var/lib/neutron/dhcp/04bcc21f-1b17-45c9-b123-f36f98bab9ff/addn_hosts - 2 addresses
Jun  2 18:19:53 gtw01 dnsmasq-dhcp[5911]: read /var/lib/neutron/dhcp/04bcc21f-1b17-45c9-b123-f36f98bab9ff/host
Jun  2 18:19:53 gtw01 dnsmasq-dhcp[5911]: read /var/lib/neutron/dhcp/04bcc21f-1b17-45c9-b123-f36f98bab9ff/opts
Jun  2 18:19:53 gtw01 dnsmasq[6095]: read /var/lib/neutron/dhcp/12093c09-4257-4eae-89ca-decdd1c5f44a/addn_hosts - 2 addresses
Jun  2 18:19:53 gtw01 dnsmasq-dhcp[6095]: read /var/lib/neutron/dhcp/12093c09-4257-4eae-89ca-decdd1c5f44a/host
Jun  2 18:19:53 gtw01 dnsmasq-dhcp[6095]: read /var/lib/neutron/dhcp/12093c09-4257-4eae-89ca-decdd1c5f44a/opts
Jun  2 18:19:54 gtw01 dnsmasq[5957]: read /var/lib/neutron/dhcp/347c5c69-379a-4bd6-92fa-9bbf98dc4074/addn_hosts - 2 addresses
Jun  2 18:19:54 gtw01 dnsmasq-dhcp[5957]: read /var/lib/neutron/dhcp/347c5c69-379a-4bd6-92fa-9bbf98dc4074/host
Jun  2 18:19:54 gtw01 dnsmasq-dhcp[5957]: read /var/lib/neutron/dhcp/347c5c69-379a-4bd6-92fa-9bbf98dc4074/opts
Jun  2 18:19:54 gtw01 dnsmasq[6185]: read /var/lib/neutron/dhcp/81441034-0391-4d58-8f0a-7bc3d81f24b4/addn_hosts - 2 addresses
Jun  2 18:19:54 gtw01 dnsmasq-dhcp[6185]: read /var/lib/neutron/dhcp/81441034-0391-4d58-8f0a-7bc3d81f24b4/host
Jun  2 18:19:54 gtw01 dnsmasq-dhcp[6185]: read /var/lib/neutron/dhcp/81441034-0391-4d58-8f0a-7bc3d81f24b4/opts
Jun  2 18:19:55 gtw01 dnsmasq[5911]: read /var/lib/neutron/dhcp/04bcc21f-1b17-45c9-b123-f36f98bab9ff/addn_hosts - 1 addresses
Jun  2 18:19:55 gtw01 dnsmasq-dhcp[5911]: read /var/lib/neutron/dhcp/04bcc21f-1b17-45c9-b123-f36f98bab9ff/host
Jun  2 18:19:55 gtw01 dnsmasq-dhcp[5911]: read /var/lib/neutron/dhcp/04bcc21f-1b17-45c9-b123-f36f98bab9ff/opts
Jun  2 18:19:55 gtw01 kernel: [13137.967426] device tapd1d6fe2f-32 left promiscuous mode
Jun  2 18:19:55 gtw01 kernel: [13138.080542] device tap118eb0f9-13 left promiscuous mode
Jun  2 18:19:55 gtw01 dnsmasq[6095]: read /var/lib/neutron/dhcp/12093c09-4257-4eae-89ca-decdd1c5f44a/addn_hosts - 2 addresses
Jun  2 18:19:55 gtw01 dnsmasq-dhcp[6095]: read /var/lib/neutron/dhcp/12093c09-4257-4eae-89ca-decdd1c5f44a/host
Jun  2 18:19:55 gtw01 dnsmasq-dhcp[6095]: read /var/lib/neutron/dhcp/12093c09-4257-4eae-89ca-decdd1c5f44a/opts
Jun  2 18:19:56 gtw01 kernel: [13138.773574] device tap73fffa72-01 left promiscuous mode
Jun  2 18:19:56 gtw01 kernel: [13138.837419] device tap46815ffb-d4 left promiscuous mode
Jun  2 18:19:56 gtw01 kernel: [13139.251255] device tapd10b2c6a-73 left promiscuous mode
Jun  2 18:19:57 gtw01 kernel: [13139.378716] device tapc19ef28f-7c left promiscuous mode
Jun  2 18:19:57 gtw01 dnsmasq[6095]: read /var/lib/neutron/dhcp/12093c09-4257-4eae-89ca-decdd1c5f44a/addn_hosts - 2 addresses
Jun  2 18:19:57 gtw01 dnsmasq-dhcp[6095]: read /var/lib/neutron/dhcp/12093c09-4257-4eae-89ca-decdd1c5f44a/host
Jun  2 18:19:57 gtw01 dnsmasq-dhcp[6095]: read /var/lib/neutron/dhcp/12093c09-4257-4eae-89ca-decdd1c5f44a/opts
Jun  2 18:19:57 gtw01 kernel: [13139.672653] device tap0cc98704-33 left promiscuous mode
Jun  2 18:19:58 gtw01 kernel: [13140.471260] device tap5060853d-a4 left promiscuous mode
Jun  2 18:19:58 gtw01 kernel: [13140.851595] device tap87c01f23-ff left promiscuous mode
Jun  2 18:19:58 gtw01 kernel: [13140.937660] device tapd0bca87a-cb left promiscuous mode
Jun  2 18:20:25 gtw01 systemd-udevd[6550]: Could not generate persistent MAC address for tapbd25d145-88: No such file or directory
Jun  2 18:20:25 gtw01 kernel: [13167.771826] device tapbd25d145-88 entered promiscuous mode
Jun  2 18:20:25 gtw01 systemd-udevd[6594]: Process '/sbin/ip link set tapbd25d145-88 txqueuelen 10000' failed with exit code 1.
Jun  2 18:20:26 gtw01 systemd-udevd[6642]: Could not generate persistent MAC address for tap8b10c2ae-c8: No such file or directory
Jun  2 18:20:26 gtw01 kernel: [13168.943131] device tap8b10c2ae-c8 entered promiscuous mode
Jun  2 18:20:26 gtw01 systemd-udevd[6689]: Process '/sbin/ip link set tap8b10c2ae-c8 txqueuelen 10000' failed with exit code 1.
Jun  2 18:20:28 gtw01 systemd-udevd[6771]: Could not generate persistent MAC address for tap0cc69415-6e: No such file or directory
Jun  2 18:20:28 gtw01 kernel: [13170.771239] device tap0cc69415-6e entered promiscuous mode
Jun  2 18:20:28 gtw01 systemd-udevd[6818]: Process '/sbin/ip link set tap0cc69415-6e txqueuelen 10000' failed with exit code 1.
Jun  2 18:20:29 gtw01 dnsmasq[6859]: started, version 2.80 cachesize 150
Jun  2 18:20:29 gtw01 dnsmasq[6859]: DNS service limited to local subnets
Jun  2 18:20:29 gtw01 dnsmasq[6859]: compile time options: IPv6 GNU-getopt DBus i18n IDN DHCP DHCPv6 no-Lua TFTP conntrack ipset auth DNSSEC loop-detect inotify dumpfile
Jun  2 18:20:29 gtw01 dnsmasq[6859]: warning: no upstream servers configured
Jun  2 18:20:29 gtw01 dnsmasq-dhcp[6859]: DHCP, static leases only on 10.2.36.0, lease time 1h
Jun  2 18:20:29 gtw01 dnsmasq[6859]: read /var/lib/neutron/dhcp/8755a029-4316-4b5d-8eed-c86b51def49a/addn_hosts - 1 addresses
Jun  2 18:20:29 gtw01 dnsmasq-dhcp[6859]: read /var/lib/neutron/dhcp/8755a029-4316-4b5d-8eed-c86b51def49a/host
Jun  2 18:20:29 gtw01 dnsmasq-dhcp[6859]: read /var/lib/neutron/dhcp/8755a029-4316-4b5d-8eed-c86b51def49a/opts
Jun  2 18:20:29 gtw01 haproxy-metadata-proxy-8755a029-4316-4b5d-8eed-c86b51def49a[6866]: Proxy listener started.
Jun  2 18:20:30 gtw01 dnsmasq[6907]: started, version 2.80 cachesize 150
Jun  2 18:20:30 gtw01 dnsmasq[6907]: DNS service limited to local subnets
Jun  2 18:20:30 gtw01 dnsmasq[6907]: compile time options: IPv6 GNU-getopt DBus i18n IDN DHCP DHCPv6 no-Lua TFTP conntrack ipset auth DNSSEC loop-detect inotify dumpfile
Jun  2 18:20:30 gtw01 dnsmasq[6907]: warning: no upstream servers configured
Jun  2 18:20:30 gtw01 dnsmasq-dhcp[6907]: DHCP, static leases only on 10.2.37.0, lease time 1h
Jun  2 18:20:30 gtw01 dnsmasq[6907]: read /var/lib/neutron/dhcp/fa5764ad-7848-465f-8c43-327ad9620759/addn_hosts - 1 addresses
Jun  2 18:20:30 gtw01 dnsmasq-dhcp[6907]: read /var/lib/neutron/dhcp/fa5764ad-7848-465f-8c43-327ad9620759/host
Jun  2 18:20:30 gtw01 dnsmasq-dhcp[6907]: read /var/lib/neutron/dhcp/fa5764ad-7848-465f-8c43-327ad9620759/opts
Jun  2 18:20:30 gtw01 haproxy-metadata-proxy-fa5764ad-7848-465f-8c43-327ad9620759[6919]: Proxy listener started.
Jun  2 18:20:30 gtw01 kernel: [13173.176503] device tapbd25d145-88 left promiscuous mode
Jun  2 18:20:32 gtw01 dnsmasq[6948]: started, version 2.80 cachesize 150
Jun  2 18:20:32 gtw01 dnsmasq[6948]: DNS service limited to local subnets
Jun  2 18:20:32 gtw01 dnsmasq[6948]: compile time options: IPv6 GNU-getopt DBus i18n IDN DHCP DHCPv6 no-Lua TFTP conntrack ipset auth DNSSEC loop-detect inotify dumpfile
Jun  2 18:20:32 gtw01 dnsmasq[6948]: warning: no upstream servers configured
Jun  2 18:20:32 gtw01 dnsmasq-dhcp[6948]: DHCP, static leases only on 10.2.38.0, lease time 1h
Jun  2 18:20:32 gtw01 dnsmasq[6948]: read /var/lib/neutron/dhcp/c5e670a8-fe18-4ffc-ba23-b302ceb81002/addn_hosts - 1 addresses
Jun  2 18:20:32 gtw01 dnsmasq-dhcp[6948]: read /var/lib/neutron/dhcp/c5e670a8-fe18-4ffc-ba23-b302ceb81002/host
Jun  2 18:20:32 gtw01 dnsmasq-dhcp[6948]: read /var/lib/neutron/dhcp/c5e670a8-fe18-4ffc-ba23-b302ceb81002/opts
Jun  2 18:20:32 gtw01 haproxy-metadata-proxy-c5e670a8-fe18-4ffc-ba23-b302ceb81002[6956]: Proxy listener started.
Jun  2 18:20:32 gtw01 kernel: [13174.756589] device tapbd25d145-88 entered promiscuous mode
Jun  2 18:20:32 gtw01 systemd-udevd[6966]: Could not generate persistent MAC address for tapbd25d145-88: No such file or directory
Jun  2 18:20:32 gtw01 systemd-udevd[7011]: Process '/sbin/ip link set tapbd25d145-88 txqueuelen 10000' failed with exit code 1.
Jun  2 18:20:33 gtw01 kernel: [13175.975342] device tap0cc69415-6e left promiscuous mode
Jun  2 18:20:35 gtw01 dnsmasq[7114]: started, version 2.80 cachesize 150
Jun  2 18:20:35 gtw01 dnsmasq[7114]: DNS service limited to local subnets
Jun  2 18:20:35 gtw01 dnsmasq[7114]: compile time options: IPv6 GNU-getopt DBus i18n IDN DHCP DHCPv6 no-Lua TFTP conntrack ipset auth DNSSEC loop-detect inotify dumpfile
Jun  2 18:20:35 gtw01 dnsmasq[7114]: LOUD WARNING: listening on 1.1.0.158 may accept requests via interfaces other than tapbd25d145-88
Jun  2 18:20:35 gtw01 dnsmasq[7114]: LOUD WARNING: use --bind-dynamic rather than --bind-interfaces to avoid DNS amplification attacks via these interface(s)
Jun  2 18:20:35 gtw01 dnsmasq[7114]: warning: no upstream servers configured
Jun  2 18:20:35 gtw01 dnsmasq-dhcp[7114]: DHCP, static leases only on 1.1.0.156, lease time 1h
Jun  2 18:20:35 gtw01 dnsmasq-dhcp[7114]: DHCP, static leases only on 10.2.36.0, lease time 1h
Jun  2 18:20:35 gtw01 dnsmasq[7114]: read /var/lib/neutron/dhcp/8755a029-4316-4b5d-8eed-c86b51def49a/addn_hosts - 2 addresses
Jun  2 18:20:35 gtw01 dnsmasq-dhcp[7114]: read /var/lib/neutron/dhcp/8755a029-4316-4b5d-8eed-c86b51def49a/host
Jun  2 18:20:35 gtw01 dnsmasq-dhcp[7114]: read /var/lib/neutron/dhcp/8755a029-4316-4b5d-8eed-c86b51def49a/opts
Jun  2 18:20:35 gtw01 dnsmasq[7122]: started, version 2.80 cachesize 150
Jun  2 18:20:35 gtw01 dnsmasq[7122]: DNS service limited to local subnets
Jun  2 18:20:35 gtw01 dnsmasq[7122]: compile time options: IPv6 GNU-getopt DBus i18n IDN DHCP DHCPv6 no-Lua TFTP conntrack ipset auth DNSSEC loop-detect inotify dumpfile
Jun  2 18:20:35 gtw01 dnsmasq[7122]: LOUD WARNING: listening on 1.1.0.162 may accept requests via interfaces other than tap8b10c2ae-c8
Jun  2 18:20:35 gtw01 dnsmasq[7122]: LOUD WARNING: use --bind-dynamic rather than --bind-interfaces to avoid DNS amplification attacks via these interface(s)
Jun  2 18:20:35 gtw01 dnsmasq[7122]: warning: no upstream servers configured
Jun  2 18:20:35 gtw01 dnsmasq-dhcp[7122]: DHCP, static leases only on 1.1.0.160, lease time 1h
Jun  2 18:20:35 gtw01 dnsmasq-dhcp[7122]: DHCP, static leases only on 10.2.37.0, lease time 1h
Jun  2 18:20:35 gtw01 dnsmasq[7122]: read /var/lib/neutron/dhcp/fa5764ad-7848-465f-8c43-327ad9620759/addn_hosts - 2 addresses
Jun  2 18:20:35 gtw01 dnsmasq-dhcp[7122]: read /var/lib/neutron/dhcp/fa5764ad-7848-465f-8c43-327ad9620759/host
Jun  2 18:20:35 gtw01 dnsmasq-dhcp[7122]: read /var/lib/neutron/dhcp/fa5764ad-7848-465f-8c43-327ad9620759/opts
Jun  2 18:20:35 gtw01 kernel: [13178.261787] device tap0cc69415-6e entered promiscuous mode
Jun  2 18:20:36 gtw01 systemd-udevd[7147]: Could not generate persistent MAC address for tap0cc69415-6e: No such file or directory
Jun  2 18:20:36 gtw01 systemd-udevd[7194]: Process '/sbin/ip link set tap0cc69415-6e txqueuelen 10000' failed with exit code 1.
Jun  2 18:20:37 gtw01 kernel: [13179.647413] device tap8b10c2ae-c8 left promiscuous mode
Jun  2 18:20:38 gtw01 dnsmasq[7299]: started, version 2.80 cachesize 150
Jun  2 18:20:38 gtw01 dnsmasq[7299]: DNS service limited to local subnets
Jun  2 18:20:38 gtw01 dnsmasq[7299]: compile time options: IPv6 GNU-getopt DBus i18n IDN DHCP DHCPv6 no-Lua TFTP conntrack ipset auth DNSSEC loop-detect inotify dumpfile
Jun  2 18:20:38 gtw01 dnsmasq[7299]: warning: no upstream servers configured
Jun  2 18:20:38 gtw01 dnsmasq-dhcp[7299]: DHCP, static leases only on 10.2.36.0, lease time 1h
Jun  2 18:20:38 gtw01 dnsmasq[7299]: read /var/lib/neutron/dhcp/8755a029-4316-4b5d-8eed-c86b51def49a/addn_hosts - 1 addresses
Jun  2 18:20:38 gtw01 dnsmasq-dhcp[7299]: read /var/lib/neutron/dhcp/8755a029-4316-4b5d-8eed-c86b51def49a/host
Jun  2 18:20:38 gtw01 dnsmasq-dhcp[7299]: read /var/lib/neutron/dhcp/8755a029-4316-4b5d-8eed-c86b51def49a/opts
Jun  2 18:20:38 gtw01 kernel: [13180.648586] device tap8b10c2ae-c8 entered promiscuous mode
Jun  2 18:20:38 gtw01 systemd-udevd[7308]: Could not generate persistent MAC address for tap8b10c2ae-c8: No such file or directory
Jun  2 18:20:38 gtw01 systemd-udevd[7353]: Process '/sbin/ip link set tap8b10c2ae-c8 txqueuelen 10000' failed with exit code 1.
Jun  2 18:20:38 gtw01 dnsmasq[7383]: started, version 2.80 cachesize 150
Jun  2 18:20:38 gtw01 dnsmasq[7383]: DNS service limited to local subnets
Jun  2 18:20:38 gtw01 dnsmasq[7383]: compile time options: IPv6 GNU-getopt DBus i18n IDN DHCP DHCPv6 no-Lua TFTP conntrack ipset auth DNSSEC loop-detect inotify dumpfile
Jun  2 18:20:38 gtw01 dnsmasq[7383]: LOUD WARNING: listening on 1.1.0.178 may accept requests via interfaces other than tap0cc69415-6e
Jun  2 18:20:38 gtw01 dnsmasq[7383]: LOUD WARNING: use --bind-dynamic rather than --bind-interfaces to avoid DNS amplification attacks via these interface(s)
Jun  2 18:20:38 gtw01 dnsmasq[7383]: warning: no upstream servers configured
Jun  2 18:20:38 gtw01 dnsmasq-dhcp[7383]: DHCP, static leases only on 10.2.38.0, lease time 1h
Jun  2 18:20:38 gtw01 dnsmasq-dhcp[7383]: DHCP, static leases only on 1.1.0.176, lease time 1h
Jun  2 18:20:38 gtw01 dnsmasq[7383]: read /var/lib/neutron/dhcp/c5e670a8-fe18-4ffc-ba23-b302ceb81002/addn_hosts - 2 addresses
Jun  2 18:20:38 gtw01 dnsmasq-dhcp[7383]: read /var/lib/neutron/dhcp/c5e670a8-fe18-4ffc-ba23-b302ceb81002/host
Jun  2 18:20:38 gtw01 dnsmasq-dhcp[7383]: read /var/lib/neutron/dhcp/c5e670a8-fe18-4ffc-ba23-b302ceb81002/opts
Jun  2 18:20:39 gtw01 kernel: [13181.791102] device tapbd25d145-88 left promiscuous mode
Jun  2 18:20:40 gtw01 dnsmasq[7463]: started, version 2.80 cachesize 150
Jun  2 18:20:40 gtw01 dnsmasq[7463]: DNS service limited to local subnets
Jun  2 18:20:40 gtw01 dnsmasq[7463]: compile time options: IPv6 GNU-getopt DBus i18n IDN DHCP DHCPv6 no-Lua TFTP conntrack ipset auth DNSSEC loop-detect inotify dumpfile
Jun  2 18:20:40 gtw01 dnsmasq[7463]: warning: no upstream servers configured
Jun  2 18:20:40 gtw01 dnsmasq-dhcp[7463]: DHCP, static leases only on 10.2.37.0, lease time 1h
Jun  2 18:20:40 gtw01 dnsmasq[7463]: read /var/lib/neutron/dhcp/fa5764ad-7848-465f-8c43-327ad9620759/addn_hosts - 1 addresses
Jun  2 18:20:40 gtw01 dnsmasq-dhcp[7463]: read /var/lib/neutron/dhcp/fa5764ad-7848-465f-8c43-327ad9620759/host
Jun  2 18:20:40 gtw01 dnsmasq-dhcp[7463]: read /var/lib/neutron/dhcp/fa5764ad-7848-465f-8c43-327ad9620759/opts
Jun  2 18:20:41 gtw01 dnsmasq[7463]: read /var/lib/neutron/dhcp/fa5764ad-7848-465f-8c43-327ad9620759/addn_hosts - 1 addresses
Jun  2 18:20:41 gtw01 dnsmasq-dhcp[7463]: read /var/lib/neutron/dhcp/fa5764ad-7848-465f-8c43-327ad9620759/host
Jun  2 18:20:41 gtw01 dnsmasq-dhcp[7463]: read /var/lib/neutron/dhcp/fa5764ad-7848-465f-8c43-327ad9620759/opts
Jun  2 18:20:41 gtw01 dnsmasq[7503]: started, version 2.80 cachesize 150
Jun  2 18:20:41 gtw01 dnsmasq[7503]: DNS service limited to local subnets
Jun  2 18:20:41 gtw01 dnsmasq[7503]: compile time options: IPv6 GNU-getopt DBus i18n IDN DHCP DHCPv6 no-Lua TFTP conntrack ipset auth DNSSEC loop-detect inotify dumpfile
Jun  2 18:20:41 gtw01 dnsmasq[7503]: warning: no upstream servers configured
Jun  2 18:20:41 gtw01 dnsmasq-dhcp[7503]: DHCP, static leases only on 10.2.38.0, lease time 1h
Jun  2 18:20:41 gtw01 dnsmasq[7503]: read /var/lib/neutron/dhcp/c5e670a8-fe18-4ffc-ba23-b302ceb81002/addn_hosts - 1 addresses
Jun  2 18:20:41 gtw01 dnsmasq-dhcp[7503]: read /var/lib/neutron/dhcp/c5e670a8-fe18-4ffc-ba23-b302ceb81002/host
Jun  2 18:20:41 gtw01 dnsmasq-dhcp[7503]: read /var/lib/neutron/dhcp/c5e670a8-fe18-4ffc-ba23-b302ceb81002/opts
Jun  2 18:20:42 gtw01 dnsmasq[7463]: read /var/lib/neutron/dhcp/fa5764ad-7848-465f-8c43-327ad9620759/addn_hosts - 1 addresses
Jun  2 18:20:42 gtw01 dnsmasq-dhcp[7463]: read /var/lib/neutron/dhcp/fa5764ad-7848-465f-8c43-327ad9620759/host
Jun  2 18:20:42 gtw01 dnsmasq-dhcp[7463]: read /var/lib/neutron/dhcp/fa5764ad-7848-465f-8c43-327ad9620759/opts
Jun  2 18:20:42 gtw01 dnsmasq[7503]: read /var/lib/neutron/dhcp/c5e670a8-fe18-4ffc-ba23-b302ceb81002/addn_hosts - 1 addresses
Jun  2 18:20:42 gtw01 dnsmasq-dhcp[7503]: read /var/lib/neutron/dhcp/c5e670a8-fe18-4ffc-ba23-b302ceb81002/host
Jun  2 18:20:42 gtw01 dnsmasq-dhcp[7503]: read /var/lib/neutron/dhcp/c5e670a8-fe18-4ffc-ba23-b302ceb81002/opts
Jun  2 18:20:43 gtw01 dnsmasq[7503]: read /var/lib/neutron/dhcp/c5e670a8-fe18-4ffc-ba23-b302ceb81002/addn_hosts - 1 addresses
Jun  2 18:20:43 gtw01 dnsmasq-dhcp[7503]: read /var/lib/neutron/dhcp/c5e670a8-fe18-4ffc-ba23-b302ceb81002/host
Jun  2 18:20:43 gtw01 dnsmasq-dhcp[7503]: read /var/lib/neutron/dhcp/c5e670a8-fe18-4ffc-ba23-b302ceb81002/opts
Jun  2 18:20:44 gtw01 dnsmasq[7503]: read /var/lib/neutron/dhcp/c5e670a8-fe18-4ffc-ba23-b302ceb81002/addn_hosts - 1 addresses
Jun  2 18:20:44 gtw01 dnsmasq-dhcp[7503]: read /var/lib/neutron/dhcp/c5e670a8-fe18-4ffc-ba23-b302ceb81002/host
Jun  2 18:20:44 gtw01 dnsmasq-dhcp[7503]: read /var/lib/neutron/dhcp/c5e670a8-fe18-4ffc-ba23-b302ceb81002/opts
Jun  2 18:20:58 gtw01 dnsmasq[7503]: read /var/lib/neutron/dhcp/c5e670a8-fe18-4ffc-ba23-b302ceb81002/addn_hosts - 1 addresses
Jun  2 18:20:58 gtw01 dnsmasq-dhcp[7503]: read /var/lib/neutron/dhcp/c5e670a8-fe18-4ffc-ba23-b302ceb81002/host
Jun  2 18:20:58 gtw01 dnsmasq-dhcp[7503]: read /var/lib/neutron/dhcp/c5e670a8-fe18-4ffc-ba23-b302ceb81002/opts
Jun  2 18:20:59 gtw01 kernel: [13201.349370] device tap0cc69415-6e left promiscuous mode
Jun  2 18:21:00 gtw01 kernel: [13202.823308] device tapbd25d145-88 entered promiscuous mode
Jun  2 18:21:00 gtw01 systemd-udevd[7614]: Could not generate persistent MAC address for tapbd25d145-88: No such file or directory
Jun  2 18:21:00 gtw01 systemd-udevd[7659]: Process '/sbin/ip link set tapbd25d145-88 txqueuelen 10000' failed with exit code 1.
Jun  2 18:21:02 gtw01 dnsmasq[7737]: started, version 2.80 cachesize 150
Jun  2 18:21:02 gtw01 dnsmasq[7737]: DNS service limited to local subnets
Jun  2 18:21:02 gtw01 dnsmasq[7737]: compile time options: IPv6 GNU-getopt DBus i18n IDN DHCP DHCPv6 no-Lua TFTP conntrack ipset auth DNSSEC loop-detect inotify dumpfile
Jun  2 18:21:02 gtw01 dnsmasq[7737]: warning: no upstream servers configured
Jun  2 18:21:02 gtw01 dnsmasq-dhcp[7737]: DHCP, static leases only on 10.2.37.0, lease time 1h
Jun  2 18:21:02 gtw01 dnsmasq[7737]: read /var/lib/neutron/dhcp/fa5764ad-7848-465f-8c43-327ad9620759/addn_hosts - 1 addresses
Jun  2 18:21:02 gtw01 dnsmasq-dhcp[7737]: read /var/lib/neutron/dhcp/fa5764ad-7848-465f-8c43-327ad9620759/host
Jun  2 18:21:02 gtw01 dnsmasq-dhcp[7737]: read /var/lib/neutron/dhcp/fa5764ad-7848-465f-8c43-327ad9620759/opts
Jun  2 18:21:03 gtw01 dnsmasq[7750]: started, version 2.80 cachesize 150
Jun  2 18:21:03 gtw01 dnsmasq[7750]: DNS service limited to local subnets
Jun  2 18:21:03 gtw01 dnsmasq[7750]: compile time options: IPv6 GNU-getopt DBus i18n IDN DHCP DHCPv6 no-Lua TFTP conntrack ipset auth DNSSEC loop-detect inotify dumpfile
Jun  2 18:21:03 gtw01 dnsmasq[7750]: warning: no upstream servers configured
Jun  2 18:21:03 gtw01 dnsmasq-dhcp[7750]: DHCP, static leases only on 10.2.36.0, lease time 1h
Jun  2 18:21:03 gtw01 dnsmasq[7750]: read /var/lib/neutron/dhcp/8755a029-4316-4b5d-8eed-c86b51def49a/addn_hosts - 1 addresses
Jun  2 18:21:03 gtw01 dnsmasq-dhcp[7750]: read /var/lib/neutron/dhcp/8755a029-4316-4b5d-8eed-c86b51def49a/host
Jun  2 18:21:03 gtw01 dnsmasq-dhcp[7750]: read /var/lib/neutron/dhcp/8755a029-4316-4b5d-8eed-c86b51def49a/opts
Jun  2 18:21:03 gtw01 dnsmasq[7750]: read /var/lib/neutron/dhcp/8755a029-4316-4b5d-8eed-c86b51def49a/addn_hosts - 1 addresses
Jun  2 18:21:03 gtw01 dnsmasq-dhcp[7750]: read /var/lib/neutron/dhcp/8755a029-4316-4b5d-8eed-c86b51def49a/host
Jun  2 18:21:03 gtw01 dnsmasq-dhcp[7750]: read /var/lib/neutron/dhcp/8755a029-4316-4b5d-8eed-c86b51def49a/opts
Jun  2 18:21:04 gtw01 kernel: [13206.602878] device tapbd25d145-88 left promiscuous mode
Jun  2 18:21:05 gtw01 dnsmasq[7737]: read /var/lib/neutron/dhcp/fa5764ad-7848-465f-8c43-327ad9620759/addn_hosts - 1 addresses
Jun  2 18:21:05 gtw01 dnsmasq-dhcp[7737]: read /var/lib/neutron/dhcp/fa5764ad-7848-465f-8c43-327ad9620759/host
Jun  2 18:21:05 gtw01 dnsmasq-dhcp[7737]: read /var/lib/neutron/dhcp/fa5764ad-7848-465f-8c43-327ad9620759/opts
Jun  2 18:21:06 gtw01 kernel: [13208.364247] device tap8b10c2ae-c8 left promiscuous mode
Jun  2 18:22:04 gtw01 kernel: [13266.823047] device tapd933a21b-7a entered promiscuous mode
Jun  2 18:22:04 gtw01 systemd-udevd[7823]: Could not generate persistent MAC address for tapd933a21b-7a: No such file or directory
Jun  2 18:22:04 gtw01 systemd-udevd[7823]: Process '/sbin/ip link set tapd933a21b-7a txqueuelen 10000' failed with exit code 1.
Jun  2 18:22:06 gtw01 kernel: [13268.286808] device tapaa1b8c75-60 entered promiscuous mode
Jun  2 18:22:06 gtw01 systemd-udevd[7916]: Could not generate persistent MAC address for tapaa1b8c75-60: No such file or directory
Jun  2 18:22:06 gtw01 systemd-udevd[7962]: Process '/sbin/ip link set tapaa1b8c75-60 txqueuelen 10000' failed with exit code 1.
Jun  2 18:22:07 gtw01 kernel: [13269.635526] device tap87de8a39-9e entered promiscuous mode
Jun  2 18:22:07 gtw01 systemd-udevd[8031]: Could not generate persistent MAC address for tap87de8a39-9e: No such file or directory
Jun  2 18:22:07 gtw01 systemd-udevd[8078]: Process '/sbin/ip link set tap87de8a39-9e txqueuelen 10000' failed with exit code 1.
Jun  2 18:22:08 gtw01 dnsmasq[8126]: started, version 2.80 cachesize 150
Jun  2 18:22:08 gtw01 dnsmasq[8126]: DNS service limited to local subnets
Jun  2 18:22:08 gtw01 dnsmasq[8126]: compile time options: IPv6 GNU-getopt DBus i18n IDN DHCP DHCPv6 no-Lua TFTP conntrack ipset auth DNSSEC loop-detect inotify dumpfile
Jun  2 18:22:08 gtw01 dnsmasq[8126]: warning: no upstream servers configured
Jun  2 18:22:08 gtw01 dnsmasq-dhcp[8126]: DHCP, static leases only on 10.2.49.0, lease time 1h
Jun  2 18:22:08 gtw01 dnsmasq[8126]: read /var/lib/neutron/dhcp/991f0ae7-5197-4f42-b35d-5b7ee453f8a4/addn_hosts - 1 addresses
Jun  2 18:22:08 gtw01 dnsmasq-dhcp[8126]: read /var/lib/neutron/dhcp/991f0ae7-5197-4f42-b35d-5b7ee453f8a4/host
Jun  2 18:22:08 gtw01 dnsmasq-dhcp[8126]: read /var/lib/neutron/dhcp/991f0ae7-5197-4f42-b35d-5b7ee453f8a4/opts
Jun  2 18:22:08 gtw01 haproxy-metadata-proxy-991f0ae7-5197-4f42-b35d-5b7ee453f8a4[8136]: Proxy listener started.
Jun  2 18:22:09 gtw01 dnsmasq[8126]: read /var/lib/neutron/dhcp/991f0ae7-5197-4f42-b35d-5b7ee453f8a4/addn_hosts - 3 addresses
Jun  2 18:22:09 gtw01 dnsmasq-dhcp[8126]: read /var/lib/neutron/dhcp/991f0ae7-5197-4f42-b35d-5b7ee453f8a4/host
Jun  2 18:22:09 gtw01 dnsmasq-dhcp[8126]: read /var/lib/neutron/dhcp/991f0ae7-5197-4f42-b35d-5b7ee453f8a4/opts
Jun  2 18:22:09 gtw01 dnsmasq[8189]: started, version 2.80 cachesize 150
Jun  2 18:22:09 gtw01 dnsmasq[8189]: DNS service limited to local subnets
Jun  2 18:22:09 gtw01 dnsmasq[8189]: compile time options: IPv6 GNU-getopt DBus i18n IDN DHCP DHCPv6 no-Lua TFTP conntrack ipset auth DNSSEC loop-detect inotify dumpfile
Jun  2 18:22:09 gtw01 dnsmasq[8189]: warning: no upstream servers configured
Jun  2 18:22:09 gtw01 dnsmasq-dhcp[8189]: DHCP, static leases only on 10.2.50.0, lease time 1h
Jun  2 18:22:09 gtw01 dnsmasq[8189]: read /var/lib/neutron/dhcp/a89e7d5c-1864-4951-ba9c-3b3cf485782d/addn_hosts - 1 addresses
Jun  2 18:22:09 gtw01 dnsmasq-dhcp[8189]: read /var/lib/neutron/dhcp/a89e7d5c-1864-4951-ba9c-3b3cf485782d/host
Jun  2 18:22:09 gtw01 dnsmasq-dhcp[8189]: read /var/lib/neutron/dhcp/a89e7d5c-1864-4951-ba9c-3b3cf485782d/opts
Jun  2 18:22:10 gtw01 haproxy-metadata-proxy-a89e7d5c-1864-4951-ba9c-3b3cf485782d[8201]: Proxy listener started.
Jun  2 18:22:10 gtw01 dnsmasq[8126]: read /var/lib/neutron/dhcp/991f0ae7-5197-4f42-b35d-5b7ee453f8a4/addn_hosts - 3 addresses
Jun  2 18:22:10 gtw01 dnsmasq-dhcp[8126]: read /var/lib/neutron/dhcp/991f0ae7-5197-4f42-b35d-5b7ee453f8a4/host
Jun  2 18:22:10 gtw01 dnsmasq-dhcp[8126]: read /var/lib/neutron/dhcp/991f0ae7-5197-4f42-b35d-5b7ee453f8a4/opts
Jun  2 18:22:11 gtw01 dnsmasq[8246]: started, version 2.80 cachesize 150
Jun  2 18:22:11 gtw01 dnsmasq[8189]: read /var/lib/neutron/dhcp/a89e7d5c-1864-4951-ba9c-3b3cf485782d/addn_hosts - 4 addresses
Jun  2 18:22:11 gtw01 dnsmasq-dhcp[8189]: read /var/lib/neutron/dhcp/a89e7d5c-1864-4951-ba9c-3b3cf485782d/host
Jun  2 18:22:11 gtw01 dnsmasq-dhcp[8189]: read /var/lib/neutron/dhcp/a89e7d5c-1864-4951-ba9c-3b3cf485782d/opts
Jun  2 18:22:11 gtw01 dnsmasq[8246]: DNS service limited to local subnets
Jun  2 18:22:11 gtw01 dnsmasq[8246]: compile time options: IPv6 GNU-getopt DBus i18n IDN DHCP DHCPv6 no-Lua TFTP conntrack ipset auth DNSSEC loop-detect inotify dumpfile
Jun  2 18:22:11 gtw01 dnsmasq[8246]: warning: no upstream servers configured
Jun  2 18:22:11 gtw01 dnsmasq-dhcp[8246]: DHCP, static leases only on 10.2.51.0, lease time 1h
Jun  2 18:22:11 gtw01 dnsmasq[8246]: read /var/lib/neutron/dhcp/f0c21026-2b14-44a3-9055-496e23f01755/addn_hosts - 1 addresses
Jun  2 18:22:11 gtw01 dnsmasq-dhcp[8246]: read /var/lib/neutron/dhcp/f0c21026-2b14-44a3-9055-496e23f01755/host
Jun  2 18:22:11 gtw01 dnsmasq-dhcp[8246]: read /var/lib/neutron/dhcp/f0c21026-2b14-44a3-9055-496e23f01755/opts
Jun  2 18:22:11 gtw01 haproxy-metadata-proxy-f0c21026-2b14-44a3-9055-496e23f01755[8257]: Proxy listener started.
Jun  2 18:22:11 gtw01 dnsmasq[8126]: read /var/lib/neutron/dhcp/991f0ae7-5197-4f42-b35d-5b7ee453f8a4/addn_hosts - 3 addresses
Jun  2 18:22:11 gtw01 dnsmasq-dhcp[8126]: read /var/lib/neutron/dhcp/991f0ae7-5197-4f42-b35d-5b7ee453f8a4/host
Jun  2 18:22:11 gtw01 dnsmasq-dhcp[8126]: read /var/lib/neutron/dhcp/991f0ae7-5197-4f42-b35d-5b7ee453f8a4/opts
Jun  2 18:22:12 gtw01 dnsmasq[8246]: read /var/lib/neutron/dhcp/f0c21026-2b14-44a3-9055-496e23f01755/addn_hosts - 2 addresses
Jun  2 18:22:12 gtw01 dnsmasq-dhcp[8246]: read /var/lib/neutron/dhcp/f0c21026-2b14-44a3-9055-496e23f01755/host
Jun  2 18:22:12 gtw01 dnsmasq-dhcp[8246]: read /var/lib/neutron/dhcp/f0c21026-2b14-44a3-9055-496e23f01755/opts
Jun  2 18:22:12 gtw01 dnsmasq[8189]: read /var/lib/neutron/dhcp/a89e7d5c-1864-4951-ba9c-3b3cf485782d/addn_hosts - 4 addresses
Jun  2 18:22:12 gtw01 dnsmasq-dhcp[8189]: read /var/lib/neutron/dhcp/a89e7d5c-1864-4951-ba9c-3b3cf485782d/host
Jun  2 18:22:12 gtw01 dnsmasq-dhcp[8189]: read /var/lib/neutron/dhcp/a89e7d5c-1864-4951-ba9c-3b3cf485782d/opts
Jun  2 18:22:12 gtw01 dnsmasq[8126]: read /var/lib/neutron/dhcp/991f0ae7-5197-4f42-b35d-5b7ee453f8a4/addn_hosts - 3 addresses
Jun  2 18:22:12 gtw01 dnsmasq-dhcp[8126]: read /var/lib/neutron/dhcp/991f0ae7-5197-4f42-b35d-5b7ee453f8a4/host
Jun  2 18:22:12 gtw01 dnsmasq-dhcp[8126]: read /var/lib/neutron/dhcp/991f0ae7-5197-4f42-b35d-5b7ee453f8a4/opts
Jun  2 18:22:13 gtw01 dnsmasq[8189]: read /var/lib/neutron/dhcp/a89e7d5c-1864-4951-ba9c-3b3cf485782d/addn_hosts - 4 addresses
Jun  2 18:22:13 gtw01 dnsmasq-dhcp[8189]: read /var/lib/neutron/dhcp/a89e7d5c-1864-4951-ba9c-3b3cf485782d/host
Jun  2 18:22:13 gtw01 dnsmasq-dhcp[8189]: read /var/lib/neutron/dhcp/a89e7d5c-1864-4951-ba9c-3b3cf485782d/opts
Jun  2 18:22:13 gtw01 dnsmasq[8246]: read /var/lib/neutron/dhcp/f0c21026-2b14-44a3-9055-496e23f01755/addn_hosts - 2 addresses
Jun  2 18:22:13 gtw01 dnsmasq-dhcp[8246]: read /var/lib/neutron/dhcp/f0c21026-2b14-44a3-9055-496e23f01755/host
Jun  2 18:22:13 gtw01 dnsmasq-dhcp[8246]: read /var/lib/neutron/dhcp/f0c21026-2b14-44a3-9055-496e23f01755/opts
Jun  2 18:22:14 gtw01 dnsmasq[8126]: read /var/lib/neutron/dhcp/991f0ae7-5197-4f42-b35d-5b7ee453f8a4/addn_hosts - 4 addresses
Jun  2 18:22:14 gtw01 dnsmasq-dhcp[8126]: read /var/lib/neutron/dhcp/991f0ae7-5197-4f42-b35d-5b7ee453f8a4/host
Jun  2 18:22:14 gtw01 dnsmasq-dhcp[8126]: read /var/lib/neutron/dhcp/991f0ae7-5197-4f42-b35d-5b7ee453f8a4/opts
Jun  2 18:22:14 gtw01 dnsmasq[8189]: read /var/lib/neutron/dhcp/a89e7d5c-1864-4951-ba9c-3b3cf485782d/addn_hosts - 4 addresses
Jun  2 18:22:14 gtw01 dnsmasq-dhcp[8189]: read /var/lib/neutron/dhcp/a89e7d5c-1864-4951-ba9c-3b3cf485782d/host
Jun  2 18:22:14 gtw01 dnsmasq-dhcp[8189]: read /var/lib/neutron/dhcp/a89e7d5c-1864-4951-ba9c-3b3cf485782d/opts
Jun  2 18:22:15 gtw01 dnsmasq[8246]: read /var/lib/neutron/dhcp/f0c21026-2b14-44a3-9055-496e23f01755/addn_hosts - 2 addresses
Jun  2 18:22:15 gtw01 dnsmasq-dhcp[8246]: read /var/lib/neutron/dhcp/f0c21026-2b14-44a3-9055-496e23f01755/host
Jun  2 18:22:15 gtw01 dnsmasq-dhcp[8246]: read /var/lib/neutron/dhcp/f0c21026-2b14-44a3-9055-496e23f01755/opts
Jun  2 18:22:15 gtw01 dnsmasq[8126]: read /var/lib/neutron/dhcp/991f0ae7-5197-4f42-b35d-5b7ee453f8a4/addn_hosts - 5 addresses
Jun  2 18:22:15 gtw01 dnsmasq-dhcp[8126]: read /var/lib/neutron/dhcp/991f0ae7-5197-4f42-b35d-5b7ee453f8a4/host
Jun  2 18:22:15 gtw01 dnsmasq-dhcp[8126]: read /var/lib/neutron/dhcp/991f0ae7-5197-4f42-b35d-5b7ee453f8a4/opts
Jun  2 18:22:15 gtw01 dnsmasq[8189]: read /var/lib/neutron/dhcp/a89e7d5c-1864-4951-ba9c-3b3cf485782d/addn_hosts - 4 addresses
Jun  2 18:22:15 gtw01 dnsmasq-dhcp[8189]: read /var/lib/neutron/dhcp/a89e7d5c-1864-4951-ba9c-3b3cf485782d/host
Jun  2 18:22:15 gtw01 dnsmasq-dhcp[8189]: read /var/lib/neutron/dhcp/a89e7d5c-1864-4951-ba9c-3b3cf485782d/opts
Jun  2 18:22:16 gtw01 dnsmasq[8126]: read /var/lib/neutron/dhcp/991f0ae7-5197-4f42-b35d-5b7ee453f8a4/addn_hosts - 6 addresses
Jun  2 18:22:16 gtw01 dnsmasq-dhcp[8126]: read /var/lib/neutron/dhcp/991f0ae7-5197-4f42-b35d-5b7ee453f8a4/host
Jun  2 18:22:16 gtw01 dnsmasq-dhcp[8126]: read /var/lib/neutron/dhcp/991f0ae7-5197-4f42-b35d-5b7ee453f8a4/opts
Jun  2 18:22:16 gtw01 dnsmasq[8246]: read /var/lib/neutron/dhcp/f0c21026-2b14-44a3-9055-496e23f01755/addn_hosts - 2 addresses
Jun  2 18:22:16 gtw01 dnsmasq-dhcp[8246]: read /var/lib/neutron/dhcp/f0c21026-2b14-44a3-9055-496e23f01755/host
Jun  2 18:22:16 gtw01 dnsmasq-dhcp[8246]: read /var/lib/neutron/dhcp/f0c21026-2b14-44a3-9055-496e23f01755/opts
Jun  2 18:22:16 gtw01 dnsmasq[8189]: read /var/lib/neutron/dhcp/a89e7d5c-1864-4951-ba9c-3b3cf485782d/addn_hosts - 5 addresses
Jun  2 18:22:16 gtw01 dnsmasq-dhcp[8189]: read /var/lib/neutron/dhcp/a89e7d5c-1864-4951-ba9c-3b3cf485782d/host
Jun  2 18:22:16 gtw01 dnsmasq-dhcp[8189]: read /var/lib/neutron/dhcp/a89e7d5c-1864-4951-ba9c-3b3cf485782d/opts
Jun  2 18:22:17 gtw01 dnsmasq[8126]: read /var/lib/neutron/dhcp/991f0ae7-5197-4f42-b35d-5b7ee453f8a4/addn_hosts - 6 addresses
Jun  2 18:22:17 gtw01 dnsmasq-dhcp[8126]: read /var/lib/neutron/dhcp/991f0ae7-5197-4f42-b35d-5b7ee453f8a4/host
Jun  2 18:22:17 gtw01 dnsmasq-dhcp[8126]: read /var/lib/neutron/dhcp/991f0ae7-5197-4f42-b35d-5b7ee453f8a4/opts
Jun  2 18:22:17 gtw01 dnsmasq[8189]: read /var/lib/neutron/dhcp/a89e7d5c-1864-4951-ba9c-3b3cf485782d/addn_hosts - 5 addresses
Jun  2 18:22:17 gtw01 dnsmasq-dhcp[8189]: read /var/lib/neutron/dhcp/a89e7d5c-1864-4951-ba9c-3b3cf485782d/host
Jun  2 18:22:17 gtw01 dnsmasq-dhcp[8189]: read /var/lib/neutron/dhcp/a89e7d5c-1864-4951-ba9c-3b3cf485782d/opts
Jun  2 18:22:25 gtw01 dnsmasq[8189]: read /var/lib/neutron/dhcp/a89e7d5c-1864-4951-ba9c-3b3cf485782d/addn_hosts - 4 addresses
Jun  2 18:22:25 gtw01 dnsmasq-dhcp[8189]: read /var/lib/neutron/dhcp/a89e7d5c-1864-4951-ba9c-3b3cf485782d/host
Jun  2 18:22:25 gtw01 dnsmasq-dhcp[8189]: read /var/lib/neutron/dhcp/a89e7d5c-1864-4951-ba9c-3b3cf485782d/opts
Jun  2 18:22:25 gtw01 dnsmasq[8126]: read /var/lib/neutron/dhcp/991f0ae7-5197-4f42-b35d-5b7ee453f8a4/addn_hosts - 5 addresses
Jun  2 18:22:25 gtw01 dnsmasq-dhcp[8126]: read /var/lib/neutron/dhcp/991f0ae7-5197-4f42-b35d-5b7ee453f8a4/host
Jun  2 18:22:25 gtw01 dnsmasq-dhcp[8126]: read /var/lib/neutron/dhcp/991f0ae7-5197-4f42-b35d-5b7ee453f8a4/opts
Jun  2 18:22:26 gtw01 dnsmasq[8126]: read /var/lib/neutron/dhcp/991f0ae7-5197-4f42-b35d-5b7ee453f8a4/addn_hosts - 4 addresses
Jun  2 18:22:26 gtw01 dnsmasq-dhcp[8126]: read /var/lib/neutron/dhcp/991f0ae7-5197-4f42-b35d-5b7ee453f8a4/host
Jun  2 18:22:26 gtw01 dnsmasq-dhcp[8126]: read /var/lib/neutron/dhcp/991f0ae7-5197-4f42-b35d-5b7ee453f8a4/opts
Jun  2 18:22:26 gtw01 dnsmasq[8189]: read /var/lib/neutron/dhcp/a89e7d5c-1864-4951-ba9c-3b3cf485782d/addn_hosts - 3 addresses
Jun  2 18:22:26 gtw01 dnsmasq-dhcp[8189]: read /var/lib/neutron/dhcp/a89e7d5c-1864-4951-ba9c-3b3cf485782d/host
Jun  2 18:22:26 gtw01 dnsmasq-dhcp[8189]: read /var/lib/neutron/dhcp/a89e7d5c-1864-4951-ba9c-3b3cf485782d/opts
Jun  2 18:22:27 gtw01 dnsmasq[8126]: read /var/lib/neutron/dhcp/991f0ae7-5197-4f42-b35d-5b7ee453f8a4/addn_hosts - 3 addresses
Jun  2 18:22:27 gtw01 dnsmasq-dhcp[8126]: read /var/lib/neutron/dhcp/991f0ae7-5197-4f42-b35d-5b7ee453f8a4/host
Jun  2 18:22:27 gtw01 dnsmasq-dhcp[8126]: read /var/lib/neutron/dhcp/991f0ae7-5197-4f42-b35d-5b7ee453f8a4/opts
Jun  2 18:22:27 gtw01 dnsmasq[8246]: read /var/lib/neutron/dhcp/f0c21026-2b14-44a3-9055-496e23f01755/addn_hosts - 1 addresses
Jun  2 18:22:27 gtw01 dnsmasq-dhcp[8246]: read /var/lib/neutron/dhcp/f0c21026-2b14-44a3-9055-496e23f01755/host
Jun  2 18:22:27 gtw01 dnsmasq-dhcp[8246]: read /var/lib/neutron/dhcp/f0c21026-2b14-44a3-9055-496e23f01755/opts
Jun  2 18:22:27 gtw01 dnsmasq[8189]: read /var/lib/neutron/dhcp/a89e7d5c-1864-4951-ba9c-3b3cf485782d/addn_hosts - 2 addresses
Jun  2 18:22:27 gtw01 dnsmasq-dhcp[8189]: read /var/lib/neutron/dhcp/a89e7d5c-1864-4951-ba9c-3b3cf485782d/host
Jun  2 18:22:27 gtw01 dnsmasq-dhcp[8189]: read /var/lib/neutron/dhcp/a89e7d5c-1864-4951-ba9c-3b3cf485782d/opts
Jun  2 18:22:28 gtw01 dnsmasq[8126]: read /var/lib/neutron/dhcp/991f0ae7-5197-4f42-b35d-5b7ee453f8a4/addn_hosts - 2 addresses
Jun  2 18:22:28 gtw01 dnsmasq-dhcp[8126]: read /var/lib/neutron/dhcp/991f0ae7-5197-4f42-b35d-5b7ee453f8a4/host
Jun  2 18:22:28 gtw01 dnsmasq-dhcp[8126]: read /var/lib/neutron/dhcp/991f0ae7-5197-4f42-b35d-5b7ee453f8a4/opts
Jun  2 18:22:28 gtw01 dnsmasq[8189]: read /var/lib/neutron/dhcp/a89e7d5c-1864-4951-ba9c-3b3cf485782d/addn_hosts - 1 addresses
Jun  2 18:22:28 gtw01 dnsmasq-dhcp[8189]: read /var/lib/neutron/dhcp/a89e7d5c-1864-4951-ba9c-3b3cf485782d/host
Jun  2 18:22:28 gtw01 dnsmasq-dhcp[8189]: read /var/lib/neutron/dhcp/a89e7d5c-1864-4951-ba9c-3b3cf485782d/opts
Jun  2 18:22:29 gtw01 dnsmasq[8126]: read /var/lib/neutron/dhcp/991f0ae7-5197-4f42-b35d-5b7ee453f8a4/addn_hosts - 1 addresses
Jun  2 18:22:29 gtw01 dnsmasq-dhcp[8126]: read /var/lib/neutron/dhcp/991f0ae7-5197-4f42-b35d-5b7ee453f8a4/host
Jun  2 18:22:29 gtw01 dnsmasq-dhcp[8126]: read /var/lib/neutron/dhcp/991f0ae7-5197-4f42-b35d-5b7ee453f8a4/opts
Jun  2 18:22:37 gtw01 dnsmasq[8126]: read /var/lib/neutron/dhcp/991f0ae7-5197-4f42-b35d-5b7ee453f8a4/addn_hosts - 1 addresses
Jun  2 18:22:37 gtw01 dnsmasq-dhcp[8126]: read /var/lib/neutron/dhcp/991f0ae7-5197-4f42-b35d-5b7ee453f8a4/host
Jun  2 18:22:37 gtw01 dnsmasq-dhcp[8126]: read /var/lib/neutron/dhcp/991f0ae7-5197-4f42-b35d-5b7ee453f8a4/opts
Jun  2 18:22:38 gtw01 kernel: [13300.736250] device tapd933a21b-7a left promiscuous mode
Jun  2 18:22:41 gtw01 dnsmasq[8189]: read /var/lib/neutron/dhcp/a89e7d5c-1864-4951-ba9c-3b3cf485782d/addn_hosts - 1 addresses
Jun  2 18:22:41 gtw01 dnsmasq-dhcp[8189]: read /var/lib/neutron/dhcp/a89e7d5c-1864-4951-ba9c-3b3cf485782d/host
Jun  2 18:22:41 gtw01 dnsmasq-dhcp[8189]: read /var/lib/neutron/dhcp/a89e7d5c-1864-4951-ba9c-3b3cf485782d/opts
Jun  2 18:22:41 gtw01 kernel: [13304.223779] device tapaa1b8c75-60 left promiscuous mode
Jun  2 18:22:44 gtw01 dnsmasq[8246]: read /var/lib/neutron/dhcp/f0c21026-2b14-44a3-9055-496e23f01755/addn_hosts - 1 addresses
Jun  2 18:22:44 gtw01 dnsmasq-dhcp[8246]: read /var/lib/neutron/dhcp/f0c21026-2b14-44a3-9055-496e23f01755/host
Jun  2 18:22:44 gtw01 dnsmasq-dhcp[8246]: read /var/lib/neutron/dhcp/f0c21026-2b14-44a3-9055-496e23f01755/opts
Jun  2 18:22:45 gtw01 kernel: [13307.837338] device tap87de8a39-9e left promiscuous mode
Jun  2 18:23:03 gtw01 systemd-udevd[8771]: Could not generate persistent MAC address for tape3b18440-c9: No such file or directory
Jun  2 18:23:03 gtw01 kernel: [13325.402573] device tape3b18440-c9 entered promiscuous mode
Jun  2 18:23:03 gtw01 systemd-udevd[8816]: Process '/sbin/ip link set tape3b18440-c9 txqueuelen 10000' failed with exit code 1.
Jun  2 18:23:04 gtw01 kernel: [13326.901190] device tape92c190b-c8 entered promiscuous mode
Jun  2 18:23:04 gtw01 systemd-udevd[8876]: Could not generate persistent MAC address for tape92c190b-c8: No such file or directory
Jun  2 18:23:04 gtw01 systemd-udevd[8926]: Process '/sbin/ip link set tape92c190b-c8 txqueuelen 10000' failed with exit code 1.
Jun  2 18:23:05 gtw01 systemd-udevd[8976]: Could not generate persistent MAC address for tap0380e0bc-23: No such file or directory
Jun  2 18:23:05 gtw01 kernel: [13327.735088] device tap0380e0bc-23 entered promiscuous mode
Jun  2 18:23:05 gtw01 systemd-udevd[9022]: Process '/sbin/ip link set tap0380e0bc-23 txqueuelen 10000' failed with exit code 1.
Jun  2 18:23:06 gtw01 kernel: [13328.414622] device tapa189ba7f-36 entered promiscuous mode
Jun  2 18:23:06 gtw01 systemd-udevd[9065]: Could not generate persistent MAC address for tapa189ba7f-36: No such file or directory
Jun  2 18:23:06 gtw01 systemd-udevd[9120]: Process '/sbin/ip link set tapa189ba7f-36 txqueuelen 10000' failed with exit code 1.
Jun  2 18:23:07 gtw01 dnsmasq[9176]: started, version 2.80 cachesize 150
Jun  2 18:23:07 gtw01 dnsmasq[9176]: DNS service limited to local subnets
Jun  2 18:23:07 gtw01 dnsmasq[9176]: compile time options: IPv6 GNU-getopt DBus i18n IDN DHCP DHCPv6 no-Lua TFTP conntrack ipset auth DNSSEC loop-detect inotify dumpfile
Jun  2 18:23:07 gtw01 dnsmasq[9176]: LOUD WARNING: listening on 1.1.0.210 may accept requests via interfaces other than tape3b18440-c9
Jun  2 18:23:07 gtw01 dnsmasq[9176]: LOUD WARNING: use --bind-dynamic rather than --bind-interfaces to avoid DNS amplification attacks via these interface(s)
Jun  2 18:23:07 gtw01 dnsmasq[9176]: warning: no upstream servers configured
Jun  2 18:23:07 gtw01 dnsmasq-dhcp[9176]: DHCP, static leases only on 1.1.0.208, lease time 1h
Jun  2 18:23:07 gtw01 dnsmasq[9176]: read /var/lib/neutron/dhcp/06aca243-d372-4851-9d0d-e3380962e9b3/addn_hosts - 1 addresses
Jun  2 18:23:07 gtw01 dnsmasq-dhcp[9176]: read /var/lib/neutron/dhcp/06aca243-d372-4851-9d0d-e3380962e9b3/host
Jun  2 18:23:07 gtw01 dnsmasq-dhcp[9176]: read /var/lib/neutron/dhcp/06aca243-d372-4851-9d0d-e3380962e9b3/opts
Jun  2 18:23:08 gtw01 haproxy-metadata-proxy-06aca243-d372-4851-9d0d-e3380962e9b3[9194]: Proxy listener started.
Jun  2 18:23:09 gtw01 dnsmasq[9176]: read /var/lib/neutron/dhcp/06aca243-d372-4851-9d0d-e3380962e9b3/addn_hosts - 2 addresses
Jun  2 18:23:09 gtw01 dnsmasq-dhcp[9176]: read /var/lib/neutron/dhcp/06aca243-d372-4851-9d0d-e3380962e9b3/host
Jun  2 18:23:09 gtw01 dnsmasq-dhcp[9176]: read /var/lib/neutron/dhcp/06aca243-d372-4851-9d0d-e3380962e9b3/opts
Jun  2 18:23:09 gtw01 systemd-udevd[9282]: Could not generate persistent MAC address for tap330dcd45-96: No such file or directory
Jun  2 18:23:09 gtw01 kernel: [13332.119930] device tap330dcd45-96 entered promiscuous mode
Jun  2 18:23:10 gtw01 systemd-udevd[9337]: Process '/sbin/ip link set tap330dcd45-96 txqueuelen 10000' failed with exit code 1.
Jun  2 18:23:10 gtw01 dnsmasq[9372]: started, version 2.80 cachesize 150
Jun  2 18:23:10 gtw01 dnsmasq[9372]: DNS service limited to local subnets
Jun  2 18:23:10 gtw01 dnsmasq[9372]: compile time options: IPv6 GNU-getopt DBus i18n IDN DHCP DHCPv6 no-Lua TFTP conntrack ipset auth DNSSEC loop-detect inotify dumpfile
Jun  2 18:23:10 gtw01 dnsmasq[9372]: LOUD WARNING: listening on 1.1.0.214 may accept requests via interfaces other than tape92c190b-c8
Jun  2 18:23:10 gtw01 dnsmasq[9372]: LOUD WARNING: use --bind-dynamic rather than --bind-interfaces to avoid DNS amplification attacks via these interface(s)
Jun  2 18:23:10 gtw01 dnsmasq[9372]: warning: no upstream servers configured
Jun  2 18:23:10 gtw01 dnsmasq-dhcp[9372]: DHCP, static leases only on 1.1.0.212, lease time 1h
Jun  2 18:23:10 gtw01 dnsmasq[9372]: read /var/lib/neutron/dhcp/102d8153-70eb-4eda-b490-0beb19c01399/addn_hosts - 1 addresses
Jun  2 18:23:10 gtw01 dnsmasq-dhcp[9372]: read /var/lib/neutron/dhcp/102d8153-70eb-4eda-b490-0beb19c01399/host
Jun  2 18:23:10 gtw01 dnsmasq-dhcp[9372]: read /var/lib/neutron/dhcp/102d8153-70eb-4eda-b490-0beb19c01399/opts
Jun  2 18:23:10 gtw01 haproxy-metadata-proxy-102d8153-70eb-4eda-b490-0beb19c01399[9391]: Proxy listener started.
Jun  2 18:23:11 gtw01 dnsmasq[9405]: started, version 2.80 cachesize 150
Jun  2 18:23:11 gtw01 dnsmasq[9405]: DNS service limited to local subnets
Jun  2 18:23:11 gtw01 dnsmasq[9405]: compile time options: IPv6 GNU-getopt DBus i18n IDN DHCP DHCPv6 no-Lua TFTP conntrack ipset auth DNSSEC loop-detect inotify dumpfile
Jun  2 18:23:11 gtw01 dnsmasq[9405]: LOUD WARNING: listening on 1.1.0.222 may accept requests via interfaces other than tap0380e0bc-23
Jun  2 18:23:11 gtw01 dnsmasq[9405]: LOUD WARNING: use --bind-dynamic rather than --bind-interfaces to avoid DNS amplification attacks via these interface(s)
Jun  2 18:23:11 gtw01 dnsmasq[9405]: warning: no upstream servers configured
Jun  2 18:23:11 gtw01 dnsmasq-dhcp[9405]: DHCP, static leases only on 1.1.0.220, lease time 1h
Jun  2 18:23:11 gtw01 dnsmasq[9405]: read /var/lib/neutron/dhcp/bb6e6345-9deb-419c-8bad-720722870f7d/addn_hosts - 1 addresses
Jun  2 18:23:11 gtw01 dnsmasq-dhcp[9405]: read /var/lib/neutron/dhcp/bb6e6345-9deb-419c-8bad-720722870f7d/host
Jun  2 18:23:11 gtw01 dnsmasq-dhcp[9405]: read /var/lib/neutron/dhcp/bb6e6345-9deb-419c-8bad-720722870f7d/opts
Jun  2 18:23:11 gtw01 systemd-udevd[9419]: Could not generate persistent MAC address for tap866f756b-33: No such file or directory
Jun  2 18:23:11 gtw01 kernel: [13333.747320] device tap866f756b-33 entered promiscuous mode
Jun  2 18:23:11 gtw01 systemd-udevd[9419]: Process '/sbin/ip link set tap866f756b-33 txqueuelen 10000' failed with exit code 1.
Jun  2 18:23:11 gtw01 haproxy-metadata-proxy-bb6e6345-9deb-419c-8bad-720722870f7d[9475]: Proxy listener started.
Jun  2 18:23:11 gtw01 dnsmasq[9176]: read /var/lib/neutron/dhcp/06aca243-d372-4851-9d0d-e3380962e9b3/addn_hosts - 2 addresses
Jun  2 18:23:11 gtw01 dnsmasq-dhcp[9176]: read /var/lib/neutron/dhcp/06aca243-d372-4851-9d0d-e3380962e9b3/host
Jun  2 18:23:11 gtw01 dnsmasq-dhcp[9176]: read /var/lib/neutron/dhcp/06aca243-d372-4851-9d0d-e3380962e9b3/opts
Jun  2 18:23:12 gtw01 dnsmasq[9372]: read /var/lib/neutron/dhcp/102d8153-70eb-4eda-b490-0beb19c01399/addn_hosts - 2 addresses
Jun  2 18:23:12 gtw01 dnsmasq-dhcp[9372]: read /var/lib/neutron/dhcp/102d8153-70eb-4eda-b490-0beb19c01399/host
Jun  2 18:23:12 gtw01 dnsmasq-dhcp[9372]: read /var/lib/neutron/dhcp/102d8153-70eb-4eda-b490-0beb19c01399/opts
Jun  2 18:23:12 gtw01 dnsmasq[9538]: started, version 2.80 cachesize 150
Jun  2 18:23:12 gtw01 dnsmasq[9538]: DNS service limited to local subnets
Jun  2 18:23:12 gtw01 dnsmasq[9538]: compile time options: IPv6 GNU-getopt DBus i18n IDN DHCP DHCPv6 no-Lua TFTP conntrack ipset auth DNSSEC loop-detect inotify dumpfile
Jun  2 18:23:12 gtw01 dnsmasq[9538]: LOUD WARNING: listening on 1.1.0.218 may accept requests via interfaces other than tapa189ba7f-36
Jun  2 18:23:12 gtw01 dnsmasq[9538]: LOUD WARNING: use --bind-dynamic rather than --bind-interfaces to avoid DNS amplification attacks via these interface(s)
Jun  2 18:23:12 gtw01 dnsmasq[9538]: warning: no upstream servers configured
Jun  2 18:23:12 gtw01 dnsmasq-dhcp[9538]: DHCP, static leases only on 1.1.0.216, lease time 1h
Jun  2 18:23:12 gtw01 dnsmasq[9538]: read /var/lib/neutron/dhcp/e3a1460f-3558-4450-8551-fa48e40df76a/addn_hosts - 1 addresses
Jun  2 18:23:12 gtw01 dnsmasq-dhcp[9538]: read /var/lib/neutron/dhcp/e3a1460f-3558-4450-8551-fa48e40df76a/host
Jun  2 18:23:12 gtw01 dnsmasq-dhcp[9538]: read /var/lib/neutron/dhcp/e3a1460f-3558-4450-8551-fa48e40df76a/opts
Jun  2 18:23:13 gtw01 dnsmasq[9405]: read /var/lib/neutron/dhcp/bb6e6345-9deb-419c-8bad-720722870f7d/addn_hosts - 2 addresses
Jun  2 18:23:13 gtw01 dnsmasq-dhcp[9405]: read /var/lib/neutron/dhcp/bb6e6345-9deb-419c-8bad-720722870f7d/host
Jun  2 18:23:13 gtw01 dnsmasq-dhcp[9405]: read /var/lib/neutron/dhcp/bb6e6345-9deb-419c-8bad-720722870f7d/opts
Jun  2 18:23:13 gtw01 haproxy-metadata-proxy-e3a1460f-3558-4450-8551-fa48e40df76a[9559]: Proxy listener started.
Jun  2 18:23:13 gtw01 dnsmasq[9176]: read /var/lib/neutron/dhcp/06aca243-d372-4851-9d0d-e3380962e9b3/addn_hosts - 2 addresses
Jun  2 18:23:13 gtw01 dnsmasq-dhcp[9176]: read /var/lib/neutron/dhcp/06aca243-d372-4851-9d0d-e3380962e9b3/host
Jun  2 18:23:13 gtw01 dnsmasq-dhcp[9176]: read /var/lib/neutron/dhcp/06aca243-d372-4851-9d0d-e3380962e9b3/opts
Jun  2 18:23:15 gtw01 dnsmasq[9538]: read /var/lib/neutron/dhcp/e3a1460f-3558-4450-8551-fa48e40df76a/addn_hosts - 2 addresses
Jun  2 18:23:15 gtw01 dnsmasq-dhcp[9538]: read /var/lib/neutron/dhcp/e3a1460f-3558-4450-8551-fa48e40df76a/host
Jun  2 18:23:15 gtw01 dnsmasq-dhcp[9538]: read /var/lib/neutron/dhcp/e3a1460f-3558-4450-8551-fa48e40df76a/opts
Jun  2 18:23:15 gtw01 dnsmasq[9372]: read /var/lib/neutron/dhcp/102d8153-70eb-4eda-b490-0beb19c01399/addn_hosts - 2 addresses
Jun  2 18:23:15 gtw01 dnsmasq-dhcp[9372]: read /var/lib/neutron/dhcp/102d8153-70eb-4eda-b490-0beb19c01399/host
Jun  2 18:23:15 gtw01 dnsmasq-dhcp[9372]: read /var/lib/neutron/dhcp/102d8153-70eb-4eda-b490-0beb19c01399/opts
Jun  2 18:23:15 gtw01 dnsmasq[9405]: read /var/lib/neutron/dhcp/bb6e6345-9deb-419c-8bad-720722870f7d/addn_hosts - 2 addresses
Jun  2 18:23:15 gtw01 dnsmasq-dhcp[9405]: read /var/lib/neutron/dhcp/bb6e6345-9deb-419c-8bad-720722870f7d/host
Jun  2 18:23:15 gtw01 dnsmasq-dhcp[9405]: read /var/lib/neutron/dhcp/bb6e6345-9deb-419c-8bad-720722870f7d/opts
Jun  2 18:23:16 gtw01 dnsmasq[9176]: read /var/lib/neutron/dhcp/06aca243-d372-4851-9d0d-e3380962e9b3/addn_hosts - 2 addresses
Jun  2 18:23:16 gtw01 dnsmasq-dhcp[9176]: read /var/lib/neutron/dhcp/06aca243-d372-4851-9d0d-e3380962e9b3/host
