Jun  2 16:18:27 gtw01 dnsmasq-dhcp[15889]: read /var/lib/neutron/dhcp/31b97583-693e-4b11-994e-494119e0e5d4/opts
Jun  2 16:18:29 gtw01 dnsmasq-dhcp[12701]: DHCPDISCOVER(tapc3506a28-f9) fa:16:3e:9c:60:55
Jun  2 16:18:29 gtw01 dnsmasq-dhcp[12701]: DHCPOFFER(tapc3506a28-f9) 192.168.120.28 fa:16:3e:9c:60:55
Jun  2 16:18:29 gtw01 dnsmasq-dhcp[12701]: DHCPREQUEST(tapc3506a28-f9) 192.168.120.28 fa:16:3e:9c:60:55
Jun  2 16:18:29 gtw01 dnsmasq-dhcp[12701]: DHCPACK(tapc3506a28-f9) 192.168.120.28 fa:16:3e:9c:60:55 host-192-168-120-28
Jun  2 16:18:29 gtw01 kernel: [ 5852.026289] device tap03ec51f3-f6 left promiscuous mode
Jun  2 16:18:33 gtw01 dnsmasq-dhcp[12701]: DHCPRELEASE(tapc3506a28-f9) 192.168.120.15 fa:16:3e:61:c7:1c
Jun  2 16:18:41 gtw01 dnsmasq[12701]: read /var/lib/neutron/dhcp/c59cf9c1-a00f-4a22-ae8e-4a7d939a403d/addn_hosts - 11 addresses
Jun  2 16:18:41 gtw01 dnsmasq-dhcp[12701]: read /var/lib/neutron/dhcp/c59cf9c1-a00f-4a22-ae8e-4a7d939a403d/host
Jun  2 16:18:41 gtw01 dnsmasq-dhcp[12701]: read /var/lib/neutron/dhcp/c59cf9c1-a00f-4a22-ae8e-4a7d939a403d/opts
Jun  2 16:18:42 gtw01 dnsmasq[12701]: read /var/lib/neutron/dhcp/c59cf9c1-a00f-4a22-ae8e-4a7d939a403d/addn_hosts - 11 addresses
Jun  2 16:18:42 gtw01 dnsmasq-dhcp[12701]: read /var/lib/neutron/dhcp/c59cf9c1-a00f-4a22-ae8e-4a7d939a403d/host
Jun  2 16:18:42 gtw01 dnsmasq-dhcp[12701]: read /var/lib/neutron/dhcp/c59cf9c1-a00f-4a22-ae8e-4a7d939a403d/opts
Jun  2 16:18:44 gtw01 dnsmasq-dhcp[12701]: DHCPDISCOVER(tapc3506a28-f9) fa:16:3e:b9:51:3c
Jun  2 16:18:44 gtw01 dnsmasq-dhcp[12701]: DHCPOFFER(tapc3506a28-f9) 192.168.120.3 fa:16:3e:b9:51:3c
Jun  2 16:18:44 gtw01 dnsmasq-dhcp[12701]: DHCPREQUEST(tapc3506a28-f9) 192.168.120.3 fa:16:3e:b9:51:3c
Jun  2 16:18:44 gtw01 dnsmasq-dhcp[12701]: DHCPACK(tapc3506a28-f9) 192.168.120.3 fa:16:3e:b9:51:3c host-192-168-120-3
Jun  2 16:18:55 gtw01 dnsmasq[12701]: read /var/lib/neutron/dhcp/c59cf9c1-a00f-4a22-ae8e-4a7d939a403d/addn_hosts - 12 addresses
Jun  2 16:18:55 gtw01 dnsmasq-dhcp[12701]: read /var/lib/neutron/dhcp/c59cf9c1-a00f-4a22-ae8e-4a7d939a403d/host
Jun  2 16:18:55 gtw01 dnsmasq-dhcp[12701]: read /var/lib/neutron/dhcp/c59cf9c1-a00f-4a22-ae8e-4a7d939a403d/opts
Jun  2 16:18:56 gtw01 dnsmasq[12701]: read /var/lib/neutron/dhcp/c59cf9c1-a00f-4a22-ae8e-4a7d939a403d/addn_hosts - 12 addresses
Jun  2 16:18:56 gtw01 dnsmasq-dhcp[12701]: read /var/lib/neutron/dhcp/c59cf9c1-a00f-4a22-ae8e-4a7d939a403d/host
Jun  2 16:18:56 gtw01 dnsmasq-dhcp[12701]: read /var/lib/neutron/dhcp/c59cf9c1-a00f-4a22-ae8e-4a7d939a403d/opts
Jun  2 16:18:57 gtw01 dnsmasq[12701]: read /var/lib/neutron/dhcp/c59cf9c1-a00f-4a22-ae8e-4a7d939a403d/addn_hosts - 12 addresses
Jun  2 16:18:57 gtw01 dnsmasq-dhcp[12701]: read /var/lib/neutron/dhcp/c59cf9c1-a00f-4a22-ae8e-4a7d939a403d/host
Jun  2 16:18:57 gtw01 dnsmasq-dhcp[12701]: read /var/lib/neutron/dhcp/c59cf9c1-a00f-4a22-ae8e-4a7d939a403d/opts
Jun  2 16:19:01 gtw01 dnsmasq[12701]: read /var/lib/neutron/dhcp/c59cf9c1-a00f-4a22-ae8e-4a7d939a403d/addn_hosts - 12 addresses
Jun  2 16:19:01 gtw01 dnsmasq-dhcp[12701]: read /var/lib/neutron/dhcp/c59cf9c1-a00f-4a22-ae8e-4a7d939a403d/host
Jun  2 16:19:01 gtw01 dnsmasq-dhcp[12701]: read /var/lib/neutron/dhcp/c59cf9c1-a00f-4a22-ae8e-4a7d939a403d/opts
Jun  2 16:19:02 gtw01 dnsmasq[12701]: read /var/lib/neutron/dhcp/c59cf9c1-a00f-4a22-ae8e-4a7d939a403d/addn_hosts - 12 addresses
Jun  2 16:19:02 gtw01 dnsmasq-dhcp[12701]: read /var/lib/neutron/dhcp/c59cf9c1-a00f-4a22-ae8e-4a7d939a403d/host
Jun  2 16:19:02 gtw01 dnsmasq-dhcp[12701]: read /var/lib/neutron/dhcp/c59cf9c1-a00f-4a22-ae8e-4a7d939a403d/opts
Jun  2 16:19:05 gtw01 dnsmasq-dhcp[12701]: DHCPRELEASE(tapc3506a28-f9) 192.168.120.28 fa:16:3e:9c:60:55
Jun  2 16:19:05 gtw01 dnsmasq-dhcp[12701]: DHCPRELEASE(tapc3506a28-f9) 192.168.120.28 fa:16:3e:9c:60:55 unknown lease
Jun  2 16:19:06 gtw01 dnsmasq[12701]: read /var/lib/neutron/dhcp/c59cf9c1-a00f-4a22-ae8e-4a7d939a403d/addn_hosts - 11 addresses
Jun  2 16:19:06 gtw01 dnsmasq-dhcp[12701]: read /var/lib/neutron/dhcp/c59cf9c1-a00f-4a22-ae8e-4a7d939a403d/host
Jun  2 16:19:06 gtw01 dnsmasq-dhcp[12701]: read /var/lib/neutron/dhcp/c59cf9c1-a00f-4a22-ae8e-4a7d939a403d/opts
Jun  2 16:19:08 gtw01 dnsmasq-dhcp[12701]: DHCPRELEASE(tapc3506a28-f9) 192.168.120.3 fa:16:3e:b9:51:3c
Jun  2 16:19:08 gtw01 dnsmasq-dhcp[12701]: DHCPRELEASE(tapc3506a28-f9) 192.168.120.3 fa:16:3e:b9:51:3c unknown lease
Jun  2 16:19:09 gtw01 dnsmasq[12701]: read /var/lib/neutron/dhcp/c59cf9c1-a00f-4a22-ae8e-4a7d939a403d/addn_hosts - 10 addresses
Jun  2 16:19:09 gtw01 dnsmasq-dhcp[12701]: read /var/lib/neutron/dhcp/c59cf9c1-a00f-4a22-ae8e-4a7d939a403d/host
Jun  2 16:19:09 gtw01 dnsmasq-dhcp[12701]: read /var/lib/neutron/dhcp/c59cf9c1-a00f-4a22-ae8e-4a7d939a403d/opts
Jun  2 16:19:10 gtw01 dnsmasq[12701]: read /var/lib/neutron/dhcp/c59cf9c1-a00f-4a22-ae8e-4a7d939a403d/addn_hosts - 9 addresses
Jun  2 16:19:10 gtw01 dnsmasq-dhcp[12701]: read /var/lib/neutron/dhcp/c59cf9c1-a00f-4a22-ae8e-4a7d939a403d/host
Jun  2 16:19:10 gtw01 dnsmasq-dhcp[12701]: read /var/lib/neutron/dhcp/c59cf9c1-a00f-4a22-ae8e-4a7d939a403d/opts
Jun  2 16:19:13 gtw01 dnsmasq[12701]: read /var/lib/neutron/dhcp/c59cf9c1-a00f-4a22-ae8e-4a7d939a403d/addn_hosts - 10 addresses
Jun  2 16:19:13 gtw01 dnsmasq-dhcp[12701]: read /var/lib/neutron/dhcp/c59cf9c1-a00f-4a22-ae8e-4a7d939a403d/host
Jun  2 16:19:13 gtw01 dnsmasq-dhcp[12701]: read /var/lib/neutron/dhcp/c59cf9c1-a00f-4a22-ae8e-4a7d939a403d/opts
Jun  2 16:19:14 gtw01 dnsmasq[12701]: read /var/lib/neutron/dhcp/c59cf9c1-a00f-4a22-ae8e-4a7d939a403d/addn_hosts - 10 addresses
Jun  2 16:19:14 gtw01 dnsmasq-dhcp[12701]: read /var/lib/neutron/dhcp/c59cf9c1-a00f-4a22-ae8e-4a7d939a403d/host
Jun  2 16:19:14 gtw01 dnsmasq-dhcp[12701]: read /var/lib/neutron/dhcp/c59cf9c1-a00f-4a22-ae8e-4a7d939a403d/opts
Jun  2 16:19:15 gtw01 dnsmasq[12701]: read /var/lib/neutron/dhcp/c59cf9c1-a00f-4a22-ae8e-4a7d939a403d/addn_hosts - 10 addresses
Jun  2 16:19:15 gtw01 dnsmasq-dhcp[12701]: read /var/lib/neutron/dhcp/c59cf9c1-a00f-4a22-ae8e-4a7d939a403d/host
Jun  2 16:19:15 gtw01 dnsmasq-dhcp[12701]: read /var/lib/neutron/dhcp/c59cf9c1-a00f-4a22-ae8e-4a7d939a403d/opts
Jun  2 16:19:26 gtw01 dnsmasq-dhcp[12701]: DHCPDISCOVER(tapc3506a28-f9) fa:16:3e:e5:c6:5e
Jun  2 16:19:26 gtw01 dnsmasq-dhcp[12701]: DHCPOFFER(tapc3506a28-f9) 192.168.120.19 fa:16:3e:e5:c6:5e
Jun  2 16:19:26 gtw01 dnsmasq-dhcp[12701]: DHCPREQUEST(tapc3506a28-f9) 192.168.120.19 fa:16:3e:e5:c6:5e
Jun  2 16:19:26 gtw01 dnsmasq-dhcp[12701]: DHCPACK(tapc3506a28-f9) 192.168.120.19 fa:16:3e:e5:c6:5e host-192-168-120-19
Jun  2 16:19:27 gtw01 dnsmasq-dhcp[12701]: DHCPDISCOVER(tapc3506a28-f9) fa:16:3e:17:2f:69
Jun  2 16:19:27 gtw01 dnsmasq-dhcp[12701]: DHCPOFFER(tapc3506a28-f9) 192.168.120.13 fa:16:3e:17:2f:69
Jun  2 16:19:27 gtw01 dnsmasq-dhcp[12701]: DHCPREQUEST(tapc3506a28-f9) 192.168.120.13 fa:16:3e:17:2f:69
Jun  2 16:19:27 gtw01 dnsmasq-dhcp[12701]: DHCPACK(tapc3506a28-f9) 192.168.120.13 fa:16:3e:17:2f:69 host-192-168-120-13
Jun  2 16:19:29 gtw01 dnsmasq-dhcp[12701]: DHCPRELEASE(tapc3506a28-f9) 192.168.120.19 fa:16:3e:e5:c6:5e
Jun  2 16:19:29 gtw01 dnsmasq-dhcp[12701]: DHCPRELEASE(tapc3506a28-f9) 192.168.120.13 fa:16:3e:17:2f:69
Jun  2 16:19:37 gtw01 dnsmasq[12701]: read /var/lib/neutron/dhcp/c59cf9c1-a00f-4a22-ae8e-4a7d939a403d/addn_hosts - 9 addresses
Jun  2 16:19:37 gtw01 dnsmasq-dhcp[12701]: read /var/lib/neutron/dhcp/c59cf9c1-a00f-4a22-ae8e-4a7d939a403d/host
Jun  2 16:19:37 gtw01 dnsmasq-dhcp[12701]: read /var/lib/neutron/dhcp/c59cf9c1-a00f-4a22-ae8e-4a7d939a403d/opts
Jun  2 16:19:41 gtw01 dnsmasq[12701]: read /var/lib/neutron/dhcp/c59cf9c1-a00f-4a22-ae8e-4a7d939a403d/addn_hosts - 10 addresses
Jun  2 16:19:41 gtw01 dnsmasq-dhcp[12701]: read /var/lib/neutron/dhcp/c59cf9c1-a00f-4a22-ae8e-4a7d939a403d/host
Jun  2 16:19:41 gtw01 dnsmasq-dhcp[12701]: read /var/lib/neutron/dhcp/c59cf9c1-a00f-4a22-ae8e-4a7d939a403d/opts
Jun  2 16:19:42 gtw01 dnsmasq[12701]: read /var/lib/neutron/dhcp/c59cf9c1-a00f-4a22-ae8e-4a7d939a403d/addn_hosts - 10 addresses
Jun  2 16:19:42 gtw01 dnsmasq-dhcp[12701]: read /var/lib/neutron/dhcp/c59cf9c1-a00f-4a22-ae8e-4a7d939a403d/host
Jun  2 16:19:42 gtw01 dnsmasq-dhcp[12701]: read /var/lib/neutron/dhcp/c59cf9c1-a00f-4a22-ae8e-4a7d939a403d/opts
Jun  2 16:19:43 gtw01 dnsmasq[12701]: read /var/lib/neutron/dhcp/c59cf9c1-a00f-4a22-ae8e-4a7d939a403d/addn_hosts - 10 addresses
Jun  2 16:19:43 gtw01 dnsmasq-dhcp[12701]: read /var/lib/neutron/dhcp/c59cf9c1-a00f-4a22-ae8e-4a7d939a403d/host
Jun  2 16:19:43 gtw01 dnsmasq-dhcp[12701]: read /var/lib/neutron/dhcp/c59cf9c1-a00f-4a22-ae8e-4a7d939a403d/opts
Jun  2 16:19:55 gtw01 dnsmasq[12701]: read /var/lib/neutron/dhcp/c59cf9c1-a00f-4a22-ae8e-4a7d939a403d/addn_hosts - 9 addresses
Jun  2 16:19:55 gtw01 dnsmasq-dhcp[12701]: read /var/lib/neutron/dhcp/c59cf9c1-a00f-4a22-ae8e-4a7d939a403d/host
Jun  2 16:19:55 gtw01 dnsmasq-dhcp[12701]: read /var/lib/neutron/dhcp/c59cf9c1-a00f-4a22-ae8e-4a7d939a403d/opts
Jun  2 16:19:56 gtw01 dnsmasq[12701]: read /var/lib/neutron/dhcp/c59cf9c1-a00f-4a22-ae8e-4a7d939a403d/addn_hosts - 10 addresses
Jun  2 16:19:56 gtw01 dnsmasq-dhcp[12701]: read /var/lib/neutron/dhcp/c59cf9c1-a00f-4a22-ae8e-4a7d939a403d/host
Jun  2 16:19:56 gtw01 dnsmasq-dhcp[12701]: read /var/lib/neutron/dhcp/c59cf9c1-a00f-4a22-ae8e-4a7d939a403d/opts
Jun  2 16:19:57 gtw01 dnsmasq[12701]: read /var/lib/neutron/dhcp/c59cf9c1-a00f-4a22-ae8e-4a7d939a403d/addn_hosts - 10 addresses
Jun  2 16:19:57 gtw01 dnsmasq-dhcp[12701]: read /var/lib/neutron/dhcp/c59cf9c1-a00f-4a22-ae8e-4a7d939a403d/host
Jun  2 16:19:57 gtw01 dnsmasq-dhcp[12701]: read /var/lib/neutron/dhcp/c59cf9c1-a00f-4a22-ae8e-4a7d939a403d/opts
Jun  2 16:19:58 gtw01 dnsmasq[12701]: read /var/lib/neutron/dhcp/c59cf9c1-a00f-4a22-ae8e-4a7d939a403d/addn_hosts - 10 addresses
Jun  2 16:19:58 gtw01 dnsmasq-dhcp[12701]: read /var/lib/neutron/dhcp/c59cf9c1-a00f-4a22-ae8e-4a7d939a403d/host
Jun  2 16:19:58 gtw01 dnsmasq-dhcp[12701]: read /var/lib/neutron/dhcp/c59cf9c1-a00f-4a22-ae8e-4a7d939a403d/opts
Jun  2 16:20:04 gtw01 dnsmasq[12701]: read /var/lib/neutron/dhcp/c59cf9c1-a00f-4a22-ae8e-4a7d939a403d/addn_hosts - 9 addresses
Jun  2 16:20:04 gtw01 dnsmasq-dhcp[12701]: read /var/lib/neutron/dhcp/c59cf9c1-a00f-4a22-ae8e-4a7d939a403d/host
Jun  2 16:20:04 gtw01 dnsmasq-dhcp[12701]: read /var/lib/neutron/dhcp/c59cf9c1-a00f-4a22-ae8e-4a7d939a403d/opts
Jun  2 16:20:08 gtw01 dnsmasq[12701]: read /var/lib/neutron/dhcp/c59cf9c1-a00f-4a22-ae8e-4a7d939a403d/addn_hosts - 8 addresses
Jun  2 16:20:08 gtw01 dnsmasq-dhcp[12701]: read /var/lib/neutron/dhcp/c59cf9c1-a00f-4a22-ae8e-4a7d939a403d/host
Jun  2 16:20:08 gtw01 dnsmasq-dhcp[12701]: read /var/lib/neutron/dhcp/c59cf9c1-a00f-4a22-ae8e-4a7d939a403d/opts
Jun  2 16:20:11 gtw01 dnsmasq[12701]: read /var/lib/neutron/dhcp/c59cf9c1-a00f-4a22-ae8e-4a7d939a403d/addn_hosts - 7 addresses
Jun  2 16:20:11 gtw01 dnsmasq-dhcp[12701]: read /var/lib/neutron/dhcp/c59cf9c1-a00f-4a22-ae8e-4a7d939a403d/host
Jun  2 16:20:11 gtw01 dnsmasq-dhcp[12701]: read /var/lib/neutron/dhcp/c59cf9c1-a00f-4a22-ae8e-4a7d939a403d/opts
Jun  2 16:20:14 gtw01 dnsmasq-dhcp[12701]: DHCPRELEASE(tapc3506a28-f9) 192.168.120.8 fa:16:3e:ac:e8:d4
Jun  2 16:20:14 gtw01 dnsmasq-dhcp[12701]: DHCPRELEASE(tapc3506a28-f9) 192.168.120.8 fa:16:3e:ac:e8:d4 unknown lease
Jun  2 16:20:15 gtw01 dnsmasq[12701]: read /var/lib/neutron/dhcp/c59cf9c1-a00f-4a22-ae8e-4a7d939a403d/addn_hosts - 6 addresses
Jun  2 16:20:15 gtw01 dnsmasq-dhcp[12701]: read /var/lib/neutron/dhcp/c59cf9c1-a00f-4a22-ae8e-4a7d939a403d/host
Jun  2 16:20:15 gtw01 dnsmasq-dhcp[12701]: read /var/lib/neutron/dhcp/c59cf9c1-a00f-4a22-ae8e-4a7d939a403d/opts
Jun  2 16:20:15 gtw01 dnsmasq[12701]: read /var/lib/neutron/dhcp/c59cf9c1-a00f-4a22-ae8e-4a7d939a403d/addn_hosts - 7 addresses
Jun  2 16:20:15 gtw01 dnsmasq-dhcp[12701]: read /var/lib/neutron/dhcp/c59cf9c1-a00f-4a22-ae8e-4a7d939a403d/host
Jun  2 16:20:15 gtw01 dnsmasq-dhcp[12701]: read /var/lib/neutron/dhcp/c59cf9c1-a00f-4a22-ae8e-4a7d939a403d/opts
Jun  2 16:20:16 gtw01 dnsmasq[12701]: read /var/lib/neutron/dhcp/c59cf9c1-a00f-4a22-ae8e-4a7d939a403d/addn_hosts - 7 addresses
Jun  2 16:20:16 gtw01 dnsmasq-dhcp[12701]: read /var/lib/neutron/dhcp/c59cf9c1-a00f-4a22-ae8e-4a7d939a403d/host
Jun  2 16:20:16 gtw01 dnsmasq-dhcp[12701]: read /var/lib/neutron/dhcp/c59cf9c1-a00f-4a22-ae8e-4a7d939a403d/opts
Jun  2 16:20:17 gtw01 dnsmasq[12701]: read /var/lib/neutron/dhcp/c59cf9c1-a00f-4a22-ae8e-4a7d939a403d/addn_hosts - 7 addresses
Jun  2 16:20:17 gtw01 dnsmasq-dhcp[12701]: read /var/lib/neutron/dhcp/c59cf9c1-a00f-4a22-ae8e-4a7d939a403d/host
Jun  2 16:20:17 gtw01 dnsmasq-dhcp[12701]: read /var/lib/neutron/dhcp/c59cf9c1-a00f-4a22-ae8e-4a7d939a403d/opts
Jun  2 16:20:18 gtw01 dnsmasq-dhcp[12701]: DHCPRELEASE(tapc3506a28-f9) 192.168.120.10 fa:16:3e:34:5f:11
Jun  2 16:20:18 gtw01 dnsmasq-dhcp[12701]: DHCPRELEASE(tapc3506a28-f9) 192.168.120.10 fa:16:3e:34:5f:11 unknown lease
Jun  2 16:20:19 gtw01 dnsmasq[12701]: read /var/lib/neutron/dhcp/c59cf9c1-a00f-4a22-ae8e-4a7d939a403d/addn_hosts - 6 addresses
Jun  2 16:20:19 gtw01 dnsmasq-dhcp[12701]: read /var/lib/neutron/dhcp/c59cf9c1-a00f-4a22-ae8e-4a7d939a403d/host
Jun  2 16:20:19 gtw01 dnsmasq-dhcp[12701]: read /var/lib/neutron/dhcp/c59cf9c1-a00f-4a22-ae8e-4a7d939a403d/opts
Jun  2 16:20:21 gtw01 dnsmasq[12701]: read /var/lib/neutron/dhcp/c59cf9c1-a00f-4a22-ae8e-4a7d939a403d/addn_hosts - 5 addresses
Jun  2 16:20:21 gtw01 dnsmasq-dhcp[12701]: read /var/lib/neutron/dhcp/c59cf9c1-a00f-4a22-ae8e-4a7d939a403d/host
Jun  2 16:20:21 gtw01 dnsmasq-dhcp[12701]: read /var/lib/neutron/dhcp/c59cf9c1-a00f-4a22-ae8e-4a7d939a403d/opts
Jun  2 16:20:31 gtw01 dnsmasq[12701]: read /var/lib/neutron/dhcp/c59cf9c1-a00f-4a22-ae8e-4a7d939a403d/addn_hosts - 6 addresses
Jun  2 16:20:31 gtw01 dnsmasq-dhcp[12701]: read /var/lib/neutron/dhcp/c59cf9c1-a00f-4a22-ae8e-4a7d939a403d/host
Jun  2 16:20:31 gtw01 dnsmasq-dhcp[12701]: read /var/lib/neutron/dhcp/c59cf9c1-a00f-4a22-ae8e-4a7d939a403d/opts
Jun  2 16:20:33 gtw01 dnsmasq[12701]: read /var/lib/neutron/dhcp/c59cf9c1-a00f-4a22-ae8e-4a7d939a403d/addn_hosts - 6 addresses
Jun  2 16:20:33 gtw01 dnsmasq-dhcp[12701]: read /var/lib/neutron/dhcp/c59cf9c1-a00f-4a22-ae8e-4a7d939a403d/host
Jun  2 16:20:33 gtw01 dnsmasq-dhcp[12701]: read /var/lib/neutron/dhcp/c59cf9c1-a00f-4a22-ae8e-4a7d939a403d/opts
Jun  2 16:20:34 gtw01 dnsmasq[12701]: read /var/lib/neutron/dhcp/c59cf9c1-a00f-4a22-ae8e-4a7d939a403d/addn_hosts - 6 addresses
Jun  2 16:20:34 gtw01 dnsmasq-dhcp[12701]: read /var/lib/neutron/dhcp/c59cf9c1-a00f-4a22-ae8e-4a7d939a403d/host
Jun  2 16:20:34 gtw01 dnsmasq-dhcp[12701]: read /var/lib/neutron/dhcp/c59cf9c1-a00f-4a22-ae8e-4a7d939a403d/opts
Jun  2 16:20:37 gtw01 dnsmasq[12701]: read /var/lib/neutron/dhcp/c59cf9c1-a00f-4a22-ae8e-4a7d939a403d/addn_hosts - 7 addresses
Jun  2 16:20:37 gtw01 dnsmasq-dhcp[12701]: read /var/lib/neutron/dhcp/c59cf9c1-a00f-4a22-ae8e-4a7d939a403d/host
Jun  2 16:20:37 gtw01 dnsmasq-dhcp[12701]: read /var/lib/neutron/dhcp/c59cf9c1-a00f-4a22-ae8e-4a7d939a403d/opts
Jun  2 16:20:38 gtw01 dnsmasq[12701]: read /var/lib/neutron/dhcp/c59cf9c1-a00f-4a22-ae8e-4a7d939a403d/addn_hosts - 7 addresses
Jun  2 16:20:38 gtw01 dnsmasq-dhcp[12701]: read /var/lib/neutron/dhcp/c59cf9c1-a00f-4a22-ae8e-4a7d939a403d/host
Jun  2 16:20:38 gtw01 dnsmasq-dhcp[12701]: read /var/lib/neutron/dhcp/c59cf9c1-a00f-4a22-ae8e-4a7d939a403d/opts
Jun  2 16:20:39 gtw01 dnsmasq[12701]: read /var/lib/neutron/dhcp/c59cf9c1-a00f-4a22-ae8e-4a7d939a403d/addn_hosts - 7 addresses
Jun  2 16:20:39 gtw01 dnsmasq-dhcp[12701]: read /var/lib/neutron/dhcp/c59cf9c1-a00f-4a22-ae8e-4a7d939a403d/host
Jun  2 16:20:39 gtw01 dnsmasq-dhcp[12701]: read /var/lib/neutron/dhcp/c59cf9c1-a00f-4a22-ae8e-4a7d939a403d/opts
Jun  2 16:20:42 gtw01 dnsmasq[12701]: read /var/lib/neutron/dhcp/c59cf9c1-a00f-4a22-ae8e-4a7d939a403d/addn_hosts - 8 addresses
Jun  2 16:20:42 gtw01 dnsmasq-dhcp[12701]: read /var/lib/neutron/dhcp/c59cf9c1-a00f-4a22-ae8e-4a7d939a403d/host
Jun  2 16:20:42 gtw01 dnsmasq-dhcp[12701]: read /var/lib/neutron/dhcp/c59cf9c1-a00f-4a22-ae8e-4a7d939a403d/opts
Jun  2 16:20:43 gtw01 dnsmasq[12701]: read /var/lib/neutron/dhcp/c59cf9c1-a00f-4a22-ae8e-4a7d939a403d/addn_hosts - 8 addresses
Jun  2 16:20:43 gtw01 dnsmasq-dhcp[12701]: read /var/lib/neutron/dhcp/c59cf9c1-a00f-4a22-ae8e-4a7d939a403d/host
Jun  2 16:20:43 gtw01 dnsmasq-dhcp[12701]: read /var/lib/neutron/dhcp/c59cf9c1-a00f-4a22-ae8e-4a7d939a403d/opts
Jun  2 16:20:44 gtw01 systemd-udevd[16661]: Could not generate persistent MAC address for tap096087d7-21: No such file or directory
Jun  2 16:20:44 gtw01 kernel: [ 5986.386585] device tap096087d7-21 entered promiscuous mode
Jun  2 16:20:44 gtw01 systemd-udevd[16706]: Process '/sbin/ip link set tap096087d7-21 txqueuelen 10000' failed with exit code 1.
Jun  2 16:20:44 gtw01 dnsmasq[12701]: read /var/lib/neutron/dhcp/c59cf9c1-a00f-4a22-ae8e-4a7d939a403d/addn_hosts - 8 addresses
Jun  2 16:20:44 gtw01 dnsmasq-dhcp[12701]: read /var/lib/neutron/dhcp/c59cf9c1-a00f-4a22-ae8e-4a7d939a403d/host
Jun  2 16:20:44 gtw01 dnsmasq-dhcp[12701]: read /var/lib/neutron/dhcp/c59cf9c1-a00f-4a22-ae8e-4a7d939a403d/opts
Jun  2 16:20:47 gtw01 dnsmasq[16788]: started, version 2.80 cachesize 150
Jun  2 16:20:47 gtw01 dnsmasq[16788]: DNS service limited to local subnets
Jun  2 16:20:47 gtw01 dnsmasq[16788]: compile time options: IPv6 GNU-getopt DBus i18n IDN DHCP DHCPv6 no-Lua TFTP conntrack ipset auth DNSSEC loop-detect inotify dumpfile
Jun  2 16:20:47 gtw01 dnsmasq[16788]: warning: no upstream servers configured
Jun  2 16:20:47 gtw01 dnsmasq-dhcp[16788]: DHCP, static leases only on 192.168.120.0, lease time 1h
Jun  2 16:20:47 gtw01 dnsmasq[16788]: read /var/lib/neutron/dhcp/005b0665-3646-45eb-80be-2a1cd855ad3e/addn_hosts - 1 addresses
Jun  2 16:20:47 gtw01 dnsmasq-dhcp[16788]: read /var/lib/neutron/dhcp/005b0665-3646-45eb-80be-2a1cd855ad3e/host
Jun  2 16:20:47 gtw01 dnsmasq-dhcp[16788]: read /var/lib/neutron/dhcp/005b0665-3646-45eb-80be-2a1cd855ad3e/opts
Jun  2 16:20:47 gtw01 haproxy-metadata-proxy-005b0665-3646-45eb-80be-2a1cd855ad3e[16792]: Proxy listener started.
Jun  2 16:20:47 gtw01 dnsmasq-dhcp[12701]: DHCPDISCOVER(tapc3506a28-f9) fa:16:3e:17:2f:69
Jun  2 16:20:47 gtw01 dnsmasq-dhcp[12701]: DHCPOFFER(tapc3506a28-f9) 192.168.120.13 fa:16:3e:17:2f:69
Jun  2 16:20:47 gtw01 dnsmasq-dhcp[12701]: DHCPREQUEST(tapc3506a28-f9) 192.168.120.13 fa:16:3e:17:2f:69
Jun  2 16:20:47 gtw01 dnsmasq-dhcp[12701]: DHCPACK(tapc3506a28-f9) 192.168.120.13 fa:16:3e:17:2f:69 host-192-168-120-13
Jun  2 16:20:48 gtw01 dnsmasq[16788]: read /var/lib/neutron/dhcp/005b0665-3646-45eb-80be-2a1cd855ad3e/addn_hosts - 2 addresses
Jun  2 16:20:48 gtw01 dnsmasq-dhcp[16788]: read /var/lib/neutron/dhcp/005b0665-3646-45eb-80be-2a1cd855ad3e/host
Jun  2 16:20:48 gtw01 dnsmasq-dhcp[16788]: read /var/lib/neutron/dhcp/005b0665-3646-45eb-80be-2a1cd855ad3e/opts
Jun  2 16:20:49 gtw01 dnsmasq[12701]: read /var/lib/neutron/dhcp/c59cf9c1-a00f-4a22-ae8e-4a7d939a403d/addn_hosts - 7 addresses
Jun  2 16:20:49 gtw01 dnsmasq-dhcp[12701]: read /var/lib/neutron/dhcp/c59cf9c1-a00f-4a22-ae8e-4a7d939a403d/host
Jun  2 16:20:49 gtw01 dnsmasq-dhcp[12701]: read /var/lib/neutron/dhcp/c59cf9c1-a00f-4a22-ae8e-4a7d939a403d/opts
Jun  2 16:20:49 gtw01 dnsmasq[16788]: read /var/lib/neutron/dhcp/005b0665-3646-45eb-80be-2a1cd855ad3e/addn_hosts - 2 addresses
Jun  2 16:20:49 gtw01 dnsmasq-dhcp[16788]: read /var/lib/neutron/dhcp/005b0665-3646-45eb-80be-2a1cd855ad3e/host
Jun  2 16:20:49 gtw01 dnsmasq-dhcp[16788]: read /var/lib/neutron/dhcp/005b0665-3646-45eb-80be-2a1cd855ad3e/opts
Jun  2 16:20:50 gtw01 dnsmasq[16788]: read /var/lib/neutron/dhcp/005b0665-3646-45eb-80be-2a1cd855ad3e/addn_hosts - 2 addresses
Jun  2 16:20:50 gtw01 dnsmasq-dhcp[16788]: read /var/lib/neutron/dhcp/005b0665-3646-45eb-80be-2a1cd855ad3e/host
Jun  2 16:20:50 gtw01 dnsmasq-dhcp[16788]: read /var/lib/neutron/dhcp/005b0665-3646-45eb-80be-2a1cd855ad3e/opts
Jun  2 16:20:50 gtw01 dnsmasq[16788]: read /var/lib/neutron/dhcp/005b0665-3646-45eb-80be-2a1cd855ad3e/addn_hosts - 2 addresses
Jun  2 16:20:50 gtw01 dnsmasq-dhcp[16788]: read /var/lib/neutron/dhcp/005b0665-3646-45eb-80be-2a1cd855ad3e/host
Jun  2 16:20:50 gtw01 dnsmasq-dhcp[16788]: read /var/lib/neutron/dhcp/005b0665-3646-45eb-80be-2a1cd855ad3e/opts
Jun  2 16:20:51 gtw01 dnsmasq[16788]: read /var/lib/neutron/dhcp/005b0665-3646-45eb-80be-2a1cd855ad3e/addn_hosts - 2 addresses
Jun  2 16:20:51 gtw01 dnsmasq-dhcp[16788]: read /var/lib/neutron/dhcp/005b0665-3646-45eb-80be-2a1cd855ad3e/host
Jun  2 16:20:51 gtw01 dnsmasq-dhcp[16788]: read /var/lib/neutron/dhcp/005b0665-3646-45eb-80be-2a1cd855ad3e/opts
Jun  2 16:20:52 gtw01 dnsmasq[12701]: read /var/lib/neutron/dhcp/c59cf9c1-a00f-4a22-ae8e-4a7d939a403d/addn_hosts - 6 addresses
Jun  2 16:20:52 gtw01 dnsmasq-dhcp[12701]: read /var/lib/neutron/dhcp/c59cf9c1-a00f-4a22-ae8e-4a7d939a403d/host
Jun  2 16:20:52 gtw01 dnsmasq-dhcp[12701]: read /var/lib/neutron/dhcp/c59cf9c1-a00f-4a22-ae8e-4a7d939a403d/opts
Jun  2 16:20:52 gtw01 dnsmasq-dhcp[12701]: DHCPDISCOVER(tapc3506a28-f9) fa:16:3e:71:98:54
Jun  2 16:20:52 gtw01 dnsmasq-dhcp[12701]: DHCPOFFER(tapc3506a28-f9) 192.168.120.16 fa:16:3e:71:98:54
Jun  2 16:20:52 gtw01 dnsmasq-dhcp[12701]: DHCPREQUEST(tapc3506a28-f9) 192.168.120.16 fa:16:3e:71:98:54
Jun  2 16:20:52 gtw01 dnsmasq-dhcp[12701]: DHCPACK(tapc3506a28-f9) 192.168.120.16 fa:16:3e:71:98:54 host-192-168-120-16
Jun  2 16:20:54 gtw01 dnsmasq-dhcp[12701]: DHCPRELEASE(tapc3506a28-f9) 192.168.120.9 fa:16:3e:b2:e3:f5
Jun  2 16:20:54 gtw01 dnsmasq-dhcp[12701]: DHCPRELEASE(tapc3506a28-f9) 192.168.120.9 fa:16:3e:b2:e3:f5 unknown lease
Jun  2 16:20:55 gtw01 dnsmasq[12701]: read /var/lib/neutron/dhcp/c59cf9c1-a00f-4a22-ae8e-4a7d939a403d/addn_hosts - 5 addresses
Jun  2 16:20:55 gtw01 dnsmasq-dhcp[12701]: read /var/lib/neutron/dhcp/c59cf9c1-a00f-4a22-ae8e-4a7d939a403d/host
Jun  2 16:20:55 gtw01 dnsmasq-dhcp[12701]: read /var/lib/neutron/dhcp/c59cf9c1-a00f-4a22-ae8e-4a7d939a403d/opts
Jun  2 16:20:55 gtw01 dnsmasq-dhcp[12701]: DHCPRELEASE(tapc3506a28-f9) 192.168.120.16 fa:16:3e:71:98:54
Jun  2 16:20:56 gtw01 dnsmasq-dhcp[12701]: DHCPRELEASE(tapc3506a28-f9) 192.168.120.16 fa:16:3e:71:98:54 unknown lease
Jun  2 16:20:56 gtw01 dnsmasq[16788]: read /var/lib/neutron/dhcp/005b0665-3646-45eb-80be-2a1cd855ad3e/addn_hosts - 3 addresses
Jun  2 16:20:56 gtw01 dnsmasq-dhcp[16788]: read /var/lib/neutron/dhcp/005b0665-3646-45eb-80be-2a1cd855ad3e/host
Jun  2 16:20:56 gtw01 dnsmasq-dhcp[16788]: read /var/lib/neutron/dhcp/005b0665-3646-45eb-80be-2a1cd855ad3e/opts
Jun  2 16:20:56 gtw01 dnsmasq[12701]: read /var/lib/neutron/dhcp/c59cf9c1-a00f-4a22-ae8e-4a7d939a403d/addn_hosts - 4 addresses
Jun  2 16:20:56 gtw01 dnsmasq-dhcp[12701]: read /var/lib/neutron/dhcp/c59cf9c1-a00f-4a22-ae8e-4a7d939a403d/host
Jun  2 16:20:56 gtw01 dnsmasq-dhcp[12701]: read /var/lib/neutron/dhcp/c59cf9c1-a00f-4a22-ae8e-4a7d939a403d/opts
Jun  2 16:20:57 gtw01 dnsmasq[16788]: read /var/lib/neutron/dhcp/005b0665-3646-45eb-80be-2a1cd855ad3e/addn_hosts - 3 addresses
Jun  2 16:20:57 gtw01 dnsmasq-dhcp[16788]: read /var/lib/neutron/dhcp/005b0665-3646-45eb-80be-2a1cd855ad3e/host
Jun  2 16:20:57 gtw01 dnsmasq-dhcp[16788]: read /var/lib/neutron/dhcp/005b0665-3646-45eb-80be-2a1cd855ad3e/opts
Jun  2 16:20:57 gtw01 dnsmasq-dhcp[12701]: DHCPRELEASE(tapc3506a28-f9) 192.168.120.17 fa:16:3e:62:45:81
Jun  2 16:20:57 gtw01 dnsmasq-dhcp[12701]: DHCPRELEASE(tapc3506a28-f9) 192.168.120.17 fa:16:3e:62:45:81 unknown lease
Jun  2 16:20:58 gtw01 dnsmasq[16788]: read /var/lib/neutron/dhcp/005b0665-3646-45eb-80be-2a1cd855ad3e/addn_hosts - 3 addresses
Jun  2 16:20:58 gtw01 dnsmasq-dhcp[16788]: read /var/lib/neutron/dhcp/005b0665-3646-45eb-80be-2a1cd855ad3e/host
Jun  2 16:20:58 gtw01 dnsmasq-dhcp[16788]: read /var/lib/neutron/dhcp/005b0665-3646-45eb-80be-2a1cd855ad3e/opts
Jun  2 16:20:58 gtw01 dnsmasq[12701]: read /var/lib/neutron/dhcp/c59cf9c1-a00f-4a22-ae8e-4a7d939a403d/addn_hosts - 3 addresses
Jun  2 16:20:58 gtw01 dnsmasq-dhcp[12701]: read /var/lib/neutron/dhcp/c59cf9c1-a00f-4a22-ae8e-4a7d939a403d/host
Jun  2 16:20:58 gtw01 dnsmasq-dhcp[12701]: read /var/lib/neutron/dhcp/c59cf9c1-a00f-4a22-ae8e-4a7d939a403d/opts
Jun  2 16:20:59 gtw01 dnsmasq[12701]: read /var/lib/neutron/dhcp/c59cf9c1-a00f-4a22-ae8e-4a7d939a403d/addn_hosts - 4 addresses
Jun  2 16:20:59 gtw01 dnsmasq-dhcp[12701]: read /var/lib/neutron/dhcp/c59cf9c1-a00f-4a22-ae8e-4a7d939a403d/host
Jun  2 16:20:59 gtw01 dnsmasq-dhcp[12701]: read /var/lib/neutron/dhcp/c59cf9c1-a00f-4a22-ae8e-4a7d939a403d/opts
Jun  2 16:21:00 gtw01 dnsmasq[12701]: read /var/lib/neutron/dhcp/c59cf9c1-a00f-4a22-ae8e-4a7d939a403d/addn_hosts - 4 addresses
Jun  2 16:21:00 gtw01 dnsmasq-dhcp[12701]: read /var/lib/neutron/dhcp/c59cf9c1-a00f-4a22-ae8e-4a7d939a403d/host
Jun  2 16:21:00 gtw01 dnsmasq-dhcp[12701]: read /var/lib/neutron/dhcp/c59cf9c1-a00f-4a22-ae8e-4a7d939a403d/opts
Jun  2 16:21:01 gtw01 dnsmasq[12701]: read /var/lib/neutron/dhcp/c59cf9c1-a00f-4a22-ae8e-4a7d939a403d/addn_hosts - 4 addresses
Jun  2 16:21:01 gtw01 dnsmasq-dhcp[12701]: read /var/lib/neutron/dhcp/c59cf9c1-a00f-4a22-ae8e-4a7d939a403d/host
Jun  2 16:21:01 gtw01 dnsmasq-dhcp[12701]: read /var/lib/neutron/dhcp/c59cf9c1-a00f-4a22-ae8e-4a7d939a403d/opts
Jun  2 16:21:01 gtw01 dnsmasq-dhcp[12701]: DHCPRELEASE(tapc3506a28-f9) 192.168.120.13 fa:16:3e:17:2f:69
Jun  2 16:21:02 gtw01 dnsmasq-dhcp[12701]: DHCPRELEASE(tapc3506a28-f9) 192.168.120.13 fa:16:3e:17:2f:69 unknown lease
Jun  2 16:21:02 gtw01 dnsmasq[12701]: read /var/lib/neutron/dhcp/c59cf9c1-a00f-4a22-ae8e-4a7d939a403d/addn_hosts - 3 addresses
Jun  2 16:21:02 gtw01 dnsmasq-dhcp[12701]: read /var/lib/neutron/dhcp/c59cf9c1-a00f-4a22-ae8e-4a7d939a403d/host
Jun  2 16:21:02 gtw01 dnsmasq-dhcp[12701]: read /var/lib/neutron/dhcp/c59cf9c1-a00f-4a22-ae8e-4a7d939a403d/opts
Jun  2 16:21:09 gtw01 dnsmasq-dhcp[16788]: DHCPDISCOVER(tap096087d7-21) fa:16:3e:38:45:27
Jun  2 16:21:09 gtw01 dnsmasq-dhcp[16788]: DHCPOFFER(tap096087d7-21) 192.168.120.5 fa:16:3e:38:45:27
Jun  2 16:21:09 gtw01 dnsmasq-dhcp[16788]: DHCPREQUEST(tap096087d7-21) 192.168.120.5 fa:16:3e:38:45:27
Jun  2 16:21:09 gtw01 dnsmasq-dhcp[16788]: DHCPACK(tap096087d7-21) 192.168.120.5 fa:16:3e:38:45:27 host-192-168-120-5
Jun  2 16:21:13 gtw01 dnsmasq[12701]: read /var/lib/neutron/dhcp/c59cf9c1-a00f-4a22-ae8e-4a7d939a403d/addn_hosts - 2 addresses
Jun  2 16:21:13 gtw01 dnsmasq-dhcp[12701]: read /var/lib/neutron/dhcp/c59cf9c1-a00f-4a22-ae8e-4a7d939a403d/host
Jun  2 16:21:13 gtw01 dnsmasq-dhcp[12701]: read /var/lib/neutron/dhcp/c59cf9c1-a00f-4a22-ae8e-4a7d939a403d/opts
Jun  2 16:21:14 gtw01 dnsmasq[16788]: read /var/lib/neutron/dhcp/005b0665-3646-45eb-80be-2a1cd855ad3e/addn_hosts - 4 addresses
Jun  2 16:21:14 gtw01 dnsmasq-dhcp[16788]: read /var/lib/neutron/dhcp/005b0665-3646-45eb-80be-2a1cd855ad3e/host
Jun  2 16:21:14 gtw01 dnsmasq-dhcp[16788]: read /var/lib/neutron/dhcp/005b0665-3646-45eb-80be-2a1cd855ad3e/opts
Jun  2 16:21:18 gtw01 dnsmasq[16788]: read /var/lib/neutron/dhcp/005b0665-3646-45eb-80be-2a1cd855ad3e/addn_hosts - 3 addresses
Jun  2 16:21:18 gtw01 dnsmasq-dhcp[16788]: read /var/lib/neutron/dhcp/005b0665-3646-45eb-80be-2a1cd855ad3e/host
Jun  2 16:21:18 gtw01 dnsmasq-dhcp[16788]: read /var/lib/neutron/dhcp/005b0665-3646-45eb-80be-2a1cd855ad3e/opts
Jun  2 16:21:19 gtw01 dnsmasq[12701]: read /var/lib/neutron/dhcp/c59cf9c1-a00f-4a22-ae8e-4a7d939a403d/addn_hosts - 3 addresses
Jun  2 16:21:19 gtw01 dnsmasq-dhcp[12701]: read /var/lib/neutron/dhcp/c59cf9c1-a00f-4a22-ae8e-4a7d939a403d/host
Jun  2 16:21:19 gtw01 dnsmasq-dhcp[12701]: read /var/lib/neutron/dhcp/c59cf9c1-a00f-4a22-ae8e-4a7d939a403d/opts
Jun  2 16:21:20 gtw01 dnsmasq[12701]: read /var/lib/neutron/dhcp/c59cf9c1-a00f-4a22-ae8e-4a7d939a403d/addn_hosts - 3 addresses
Jun  2 16:21:20 gtw01 dnsmasq-dhcp[12701]: read /var/lib/neutron/dhcp/c59cf9c1-a00f-4a22-ae8e-4a7d939a403d/host
Jun  2 16:21:20 gtw01 dnsmasq-dhcp[12701]: read /var/lib/neutron/dhcp/c59cf9c1-a00f-4a22-ae8e-4a7d939a403d/opts
Jun  2 16:21:21 gtw01 dnsmasq[12701]: read /var/lib/neutron/dhcp/c59cf9c1-a00f-4a22-ae8e-4a7d939a403d/addn_hosts - 3 addresses
Jun  2 16:21:21 gtw01 dnsmasq-dhcp[12701]: read /var/lib/neutron/dhcp/c59cf9c1-a00f-4a22-ae8e-4a7d939a403d/host
Jun  2 16:21:21 gtw01 dnsmasq-dhcp[12701]: read /var/lib/neutron/dhcp/c59cf9c1-a00f-4a22-ae8e-4a7d939a403d/opts
Jun  2 16:21:24 gtw01 dnsmasq-dhcp[16788]: DHCPRELEASE(tap096087d7-21) 192.168.120.5 fa:16:3e:38:45:27
Jun  2 16:21:24 gtw01 dnsmasq[12701]: read /var/lib/neutron/dhcp/c59cf9c1-a00f-4a22-ae8e-4a7d939a403d/addn_hosts - 4 addresses
Jun  2 16:21:24 gtw01 dnsmasq-dhcp[12701]: read /var/lib/neutron/dhcp/c59cf9c1-a00f-4a22-ae8e-4a7d939a403d/host
Jun  2 16:21:24 gtw01 dnsmasq-dhcp[12701]: read /var/lib/neutron/dhcp/c59cf9c1-a00f-4a22-ae8e-4a7d939a403d/opts
Jun  2 16:21:25 gtw01 dnsmasq-dhcp[16788]: DHCPRELEASE(tap096087d7-21) 192.168.120.5 fa:16:3e:38:45:27 unknown lease
Jun  2 16:21:25 gtw01 dnsmasq[16788]: read /var/lib/neutron/dhcp/005b0665-3646-45eb-80be-2a1cd855ad3e/addn_hosts - 2 addresses
Jun  2 16:21:25 gtw01 dnsmasq-dhcp[16788]: read /var/lib/neutron/dhcp/005b0665-3646-45eb-80be-2a1cd855ad3e/host
Jun  2 16:21:25 gtw01 dnsmasq-dhcp[16788]: read /var/lib/neutron/dhcp/005b0665-3646-45eb-80be-2a1cd855ad3e/opts
Jun  2 16:21:26 gtw01 dnsmasq[12701]: read /var/lib/neutron/dhcp/c59cf9c1-a00f-4a22-ae8e-4a7d939a403d/addn_hosts - 4 addresses
Jun  2 16:21:26 gtw01 dnsmasq-dhcp[12701]: read /var/lib/neutron/dhcp/c59cf9c1-a00f-4a22-ae8e-4a7d939a403d/host
Jun  2 16:21:26 gtw01 dnsmasq-dhcp[12701]: read /var/lib/neutron/dhcp/c59cf9c1-a00f-4a22-ae8e-4a7d939a403d/opts
Jun  2 16:21:26 gtw01 kernel: [ 6029.259236] device tapfdf11d52-72 entered promiscuous mode
Jun  2 16:21:26 gtw01 systemd-udevd[17277]: Could not generate persistent MAC address for tapfdf11d52-72: No such file or directory
Jun  2 16:21:27 gtw01 systemd-udevd[17277]: Process '/sbin/ip link set tapfdf11d52-72 txqueuelen 10000' failed with exit code 1.
Jun  2 16:21:27 gtw01 dnsmasq[12701]: read /var/lib/neutron/dhcp/c59cf9c1-a00f-4a22-ae8e-4a7d939a403d/addn_hosts - 4 addresses
Jun  2 16:21:27 gtw01 dnsmasq-dhcp[12701]: read /var/lib/neutron/dhcp/c59cf9c1-a00f-4a22-ae8e-4a7d939a403d/host
Jun  2 16:21:27 gtw01 dnsmasq-dhcp[12701]: read /var/lib/neutron/dhcp/c59cf9c1-a00f-4a22-ae8e-4a7d939a403d/opts
Jun  2 16:21:29 gtw01 dnsmasq[12701]: read /var/lib/neutron/dhcp/c59cf9c1-a00f-4a22-ae8e-4a7d939a403d/addn_hosts - 3 addresses
Jun  2 16:21:29 gtw01 dnsmasq-dhcp[12701]: read /var/lib/neutron/dhcp/c59cf9c1-a00f-4a22-ae8e-4a7d939a403d/host
Jun  2 16:21:29 gtw01 dnsmasq-dhcp[12701]: read /var/lib/neutron/dhcp/c59cf9c1-a00f-4a22-ae8e-4a7d939a403d/opts
Jun  2 16:21:30 gtw01 dnsmasq[17417]: started, version 2.80 cachesize 150
Jun  2 16:21:30 gtw01 dnsmasq[17417]: DNS service limited to local subnets
Jun  2 16:21:30 gtw01 dnsmasq[17417]: compile time options: IPv6 GNU-getopt DBus i18n IDN DHCP DHCPv6 no-Lua TFTP conntrack ipset auth DNSSEC loop-detect inotify dumpfile
Jun  2 16:21:30 gtw01 dnsmasq[17417]: warning: no upstream servers configured
Jun  2 16:21:30 gtw01 dnsmasq-dhcp[17417]: DHCP, static leases only on 192.168.120.0, lease time 1h
Jun  2 16:21:30 gtw01 dnsmasq[17417]: read /var/lib/neutron/dhcp/6c8f6313-6ba4-4ef8-a45a-d152f6965585/addn_hosts - 1 addresses
Jun  2 16:21:30 gtw01 dnsmasq-dhcp[17417]: read /var/lib/neutron/dhcp/6c8f6313-6ba4-4ef8-a45a-d152f6965585/host
Jun  2 16:21:30 gtw01 dnsmasq-dhcp[17417]: read /var/lib/neutron/dhcp/6c8f6313-6ba4-4ef8-a45a-d152f6965585/opts
Jun  2 16:21:30 gtw01 dnsmasq[16788]: read /var/lib/neutron/dhcp/005b0665-3646-45eb-80be-2a1cd855ad3e/addn_hosts - 1 addresses
Jun  2 16:21:30 gtw01 dnsmasq-dhcp[16788]: read /var/lib/neutron/dhcp/005b0665-3646-45eb-80be-2a1cd855ad3e/host
Jun  2 16:21:30 gtw01 dnsmasq-dhcp[16788]: read /var/lib/neutron/dhcp/005b0665-3646-45eb-80be-2a1cd855ad3e/opts
Jun  2 16:21:30 gtw01 haproxy-metadata-proxy-6c8f6313-6ba4-4ef8-a45a-d152f6965585[17425]: Proxy listener started.
Jun  2 16:21:31 gtw01 dnsmasq[17417]: read /var/lib/neutron/dhcp/6c8f6313-6ba4-4ef8-a45a-d152f6965585/addn_hosts - 2 addresses
Jun  2 16:21:31 gtw01 dnsmasq-dhcp[17417]: read /var/lib/neutron/dhcp/6c8f6313-6ba4-4ef8-a45a-d152f6965585/host
Jun  2 16:21:31 gtw01 dnsmasq-dhcp[17417]: read /var/lib/neutron/dhcp/6c8f6313-6ba4-4ef8-a45a-d152f6965585/opts
Jun  2 16:21:32 gtw01 dnsmasq[17417]: read /var/lib/neutron/dhcp/6c8f6313-6ba4-4ef8-a45a-d152f6965585/addn_hosts - 2 addresses
Jun  2 16:21:32 gtw01 dnsmasq-dhcp[17417]: read /var/lib/neutron/dhcp/6c8f6313-6ba4-4ef8-a45a-d152f6965585/host
Jun  2 16:21:32 gtw01 dnsmasq-dhcp[17417]: read /var/lib/neutron/dhcp/6c8f6313-6ba4-4ef8-a45a-d152f6965585/opts
Jun  2 16:21:33 gtw01 dnsmasq[12701]: read /var/lib/neutron/dhcp/c59cf9c1-a00f-4a22-ae8e-4a7d939a403d/addn_hosts - 2 addresses
Jun  2 16:21:33 gtw01 dnsmasq-dhcp[12701]: read /var/lib/neutron/dhcp/c59cf9c1-a00f-4a22-ae8e-4a7d939a403d/host
Jun  2 16:21:33 gtw01 dnsmasq-dhcp[12701]: read /var/lib/neutron/dhcp/c59cf9c1-a00f-4a22-ae8e-4a7d939a403d/opts
Jun  2 16:21:33 gtw01 dnsmasq[17417]: read /var/lib/neutron/dhcp/6c8f6313-6ba4-4ef8-a45a-d152f6965585/addn_hosts - 2 addresses
Jun  2 16:21:33 gtw01 dnsmasq-dhcp[17417]: read /var/lib/neutron/dhcp/6c8f6313-6ba4-4ef8-a45a-d152f6965585/host
Jun  2 16:21:33 gtw01 dnsmasq-dhcp[17417]: read /var/lib/neutron/dhcp/6c8f6313-6ba4-4ef8-a45a-d152f6965585/opts
Jun  2 16:21:34 gtw01 dnsmasq[17417]: read /var/lib/neutron/dhcp/6c8f6313-6ba4-4ef8-a45a-d152f6965585/addn_hosts - 2 addresses
Jun  2 16:21:34 gtw01 dnsmasq-dhcp[17417]: read /var/lib/neutron/dhcp/6c8f6313-6ba4-4ef8-a45a-d152f6965585/host
Jun  2 16:21:34 gtw01 dnsmasq-dhcp[17417]: read /var/lib/neutron/dhcp/6c8f6313-6ba4-4ef8-a45a-d152f6965585/opts
Jun  2 16:21:35 gtw01 dnsmasq[17417]: read /var/lib/neutron/dhcp/6c8f6313-6ba4-4ef8-a45a-d152f6965585/addn_hosts - 2 addresses
Jun  2 16:21:35 gtw01 dnsmasq-dhcp[17417]: read /var/lib/neutron/dhcp/6c8f6313-6ba4-4ef8-a45a-d152f6965585/host
Jun  2 16:21:35 gtw01 dnsmasq-dhcp[17417]: read /var/lib/neutron/dhcp/6c8f6313-6ba4-4ef8-a45a-d152f6965585/opts
Jun  2 16:21:35 gtw01 kernel: [ 6037.528071] device tap096087d7-21 left promiscuous mode
Jun  2 16:21:35 gtw01 dnsmasq[17417]: read /var/lib/neutron/dhcp/6c8f6313-6ba4-4ef8-a45a-d152f6965585/addn_hosts - 1 addresses
Jun  2 16:21:35 gtw01 dnsmasq-dhcp[17417]: read /var/lib/neutron/dhcp/6c8f6313-6ba4-4ef8-a45a-d152f6965585/host
Jun  2 16:21:35 gtw01 dnsmasq-dhcp[17417]: read /var/lib/neutron/dhcp/6c8f6313-6ba4-4ef8-a45a-d152f6965585/opts
Jun  2 16:21:38 gtw01 kernel: [ 6040.850538] device tapfdf11d52-72 left promiscuous mode
Jun  2 16:21:45 gtw01 kernel: [ 6047.931660] device tap6794554d-b5 entered promiscuous mode
Jun  2 16:21:45 gtw01 systemd-udevd[17586]: Could not generate persistent MAC address for tap6794554d-b5: No such file or directory
Jun  2 16:21:45 gtw01 systemd-udevd[17631]: Process '/sbin/ip link set tap6794554d-b5 txqueuelen 10000' failed with exit code 1.
Jun  2 16:21:48 gtw01 dnsmasq[17695]: started, version 2.80 cachesize 150
Jun  2 16:21:48 gtw01 dnsmasq[17695]: DNS service limited to local subnets
Jun  2 16:21:48 gtw01 dnsmasq[17695]: compile time options: IPv6 GNU-getopt DBus i18n IDN DHCP DHCPv6 no-Lua TFTP conntrack ipset auth DNSSEC loop-detect inotify dumpfile
Jun  2 16:21:48 gtw01 dnsmasq[17695]: warning: no upstream servers configured
Jun  2 16:21:48 gtw01 dnsmasq-dhcp[17695]: DHCP, static leases only on 192.168.120.0, lease time 1h
Jun  2 16:21:48 gtw01 dnsmasq[17695]: read /var/lib/neutron/dhcp/ef271d8d-7da3-4324-8c5c-15635b681210/addn_hosts - 1 addresses
Jun  2 16:21:48 gtw01 dnsmasq-dhcp[17695]: read /var/lib/neutron/dhcp/ef271d8d-7da3-4324-8c5c-15635b681210/host
Jun  2 16:21:48 gtw01 dnsmasq-dhcp[17695]: read /var/lib/neutron/dhcp/ef271d8d-7da3-4324-8c5c-15635b681210/opts
Jun  2 16:21:48 gtw01 haproxy-metadata-proxy-ef271d8d-7da3-4324-8c5c-15635b681210[17699]: Proxy listener started.
Jun  2 16:21:49 gtw01 dnsmasq[17695]: read /var/lib/neutron/dhcp/ef271d8d-7da3-4324-8c5c-15635b681210/addn_hosts - 2 addresses
Jun  2 16:21:49 gtw01 dnsmasq-dhcp[17695]: read /var/lib/neutron/dhcp/ef271d8d-7da3-4324-8c5c-15635b681210/host
Jun  2 16:21:49 gtw01 dnsmasq-dhcp[17695]: read /var/lib/neutron/dhcp/ef271d8d-7da3-4324-8c5c-15635b681210/opts
Jun  2 16:21:50 gtw01 kernel: [ 6052.383012] device tap95206142-2a entered promiscuous mode
Jun  2 16:21:50 gtw01 systemd-udevd[17734]: Could not generate persistent MAC address for tap95206142-2a: No such file or directory
Jun  2 16:21:50 gtw01 systemd-udevd[17782]: Process '/sbin/ip link set tap95206142-2a txqueuelen 10000' failed with exit code 1.
Jun  2 16:21:50 gtw01 dnsmasq[17695]: read /var/lib/neutron/dhcp/ef271d8d-7da3-4324-8c5c-15635b681210/addn_hosts - 2 addresses
Jun  2 16:21:50 gtw01 dnsmasq-dhcp[17695]: read /var/lib/neutron/dhcp/ef271d8d-7da3-4324-8c5c-15635b681210/host
Jun  2 16:21:50 gtw01 dnsmasq-dhcp[17695]: read /var/lib/neutron/dhcp/ef271d8d-7da3-4324-8c5c-15635b681210/opts
Jun  2 16:21:51 gtw01 dnsmasq[12701]: read /var/lib/neutron/dhcp/c59cf9c1-a00f-4a22-ae8e-4a7d939a403d/addn_hosts - 3 addresses
Jun  2 16:21:51 gtw01 dnsmasq-dhcp[12701]: read /var/lib/neutron/dhcp/c59cf9c1-a00f-4a22-ae8e-4a7d939a403d/host
Jun  2 16:21:51 gtw01 dnsmasq-dhcp[12701]: read /var/lib/neutron/dhcp/c59cf9c1-a00f-4a22-ae8e-4a7d939a403d/opts
Jun  2 16:21:52 gtw01 dnsmasq[17695]: read /var/lib/neutron/dhcp/ef271d8d-7da3-4324-8c5c-15635b681210/addn_hosts - 2 addresses
Jun  2 16:21:52 gtw01 dnsmasq-dhcp[17695]: read /var/lib/neutron/dhcp/ef271d8d-7da3-4324-8c5c-15635b681210/host
Jun  2 16:21:52 gtw01 dnsmasq-dhcp[17695]: read /var/lib/neutron/dhcp/ef271d8d-7da3-4324-8c5c-15635b681210/opts
Jun  2 16:21:52 gtw01 dnsmasq[12701]: read /var/lib/neutron/dhcp/c59cf9c1-a00f-4a22-ae8e-4a7d939a403d/addn_hosts - 3 addresses
Jun  2 16:21:52 gtw01 dnsmasq-dhcp[12701]: read /var/lib/neutron/dhcp/c59cf9c1-a00f-4a22-ae8e-4a7d939a403d/host
Jun  2 16:21:52 gtw01 dnsmasq-dhcp[12701]: read /var/lib/neutron/dhcp/c59cf9c1-a00f-4a22-ae8e-4a7d939a403d/opts
Jun  2 16:21:53 gtw01 dnsmasq[17695]: read /var/lib/neutron/dhcp/ef271d8d-7da3-4324-8c5c-15635b681210/addn_hosts - 2 addresses
Jun  2 16:21:53 gtw01 dnsmasq-dhcp[17695]: read /var/lib/neutron/dhcp/ef271d8d-7da3-4324-8c5c-15635b681210/host
Jun  2 16:21:53 gtw01 dnsmasq-dhcp[17695]: read /var/lib/neutron/dhcp/ef271d8d-7da3-4324-8c5c-15635b681210/opts
Jun  2 16:21:53 gtw01 dnsmasq[12701]: read /var/lib/neutron/dhcp/c59cf9c1-a00f-4a22-ae8e-4a7d939a403d/addn_hosts - 3 addresses
Jun  2 16:21:53 gtw01 dnsmasq-dhcp[12701]: read /var/lib/neutron/dhcp/c59cf9c1-a00f-4a22-ae8e-4a7d939a403d/host
Jun  2 16:21:53 gtw01 dnsmasq-dhcp[12701]: read /var/lib/neutron/dhcp/c59cf9c1-a00f-4a22-ae8e-4a7d939a403d/opts
Jun  2 16:21:54 gtw01 dnsmasq[17948]: started, version 2.80 cachesize 150
Jun  2 16:21:54 gtw01 dnsmasq[17948]: DNS service limited to local subnets
Jun  2 16:21:54 gtw01 dnsmasq[17948]: compile time options: IPv6 GNU-getopt DBus i18n IDN DHCP DHCPv6 no-Lua TFTP conntrack ipset auth DNSSEC loop-detect inotify dumpfile
Jun  2 16:21:54 gtw01 dnsmasq[17948]: warning: no upstream servers configured
Jun  2 16:21:54 gtw01 dnsmasq-dhcp[17948]: DHCP, static leases only on 192.168.120.0, lease time 1h
Jun  2 16:21:54 gtw01 dnsmasq[17948]: read /var/lib/neutron/dhcp/c3cfa47b-b7bc-4e51-8b35-a0356674b169/addn_hosts - 1 addresses
Jun  2 16:21:54 gtw01 dnsmasq-dhcp[17948]: read /var/lib/neutron/dhcp/c3cfa47b-b7bc-4e51-8b35-a0356674b169/host
Jun  2 16:21:54 gtw01 dnsmasq-dhcp[17948]: read /var/lib/neutron/dhcp/c3cfa47b-b7bc-4e51-8b35-a0356674b169/opts
Jun  2 16:21:54 gtw01 dnsmasq[17695]: read /var/lib/neutron/dhcp/ef271d8d-7da3-4324-8c5c-15635b681210/addn_hosts - 2 addresses
Jun  2 16:21:54 gtw01 dnsmasq-dhcp[17695]: read /var/lib/neutron/dhcp/ef271d8d-7da3-4324-8c5c-15635b681210/host
Jun  2 16:21:54 gtw01 dnsmasq-dhcp[17695]: read /var/lib/neutron/dhcp/ef271d8d-7da3-4324-8c5c-15635b681210/opts
Jun  2 16:21:54 gtw01 haproxy-metadata-proxy-c3cfa47b-b7bc-4e51-8b35-a0356674b169[17958]: Proxy listener started.
Jun  2 16:21:55 gtw01 dnsmasq[17948]: read /var/lib/neutron/dhcp/c3cfa47b-b7bc-4e51-8b35-a0356674b169/addn_hosts - 2 addresses
Jun  2 16:21:55 gtw01 dnsmasq-dhcp[17948]: read /var/lib/neutron/dhcp/c3cfa47b-b7bc-4e51-8b35-a0356674b169/host
Jun  2 16:21:55 gtw01 dnsmasq-dhcp[17948]: read /var/lib/neutron/dhcp/c3cfa47b-b7bc-4e51-8b35-a0356674b169/opts
Jun  2 16:21:56 gtw01 dnsmasq[17948]: read /var/lib/neutron/dhcp/c3cfa47b-b7bc-4e51-8b35-a0356674b169/addn_hosts - 2 addresses
Jun  2 16:21:56 gtw01 dnsmasq-dhcp[17948]: read /var/lib/neutron/dhcp/c3cfa47b-b7bc-4e51-8b35-a0356674b169/host
Jun  2 16:21:56 gtw01 dnsmasq-dhcp[17948]: read /var/lib/neutron/dhcp/c3cfa47b-b7bc-4e51-8b35-a0356674b169/opts
Jun  2 16:21:57 gtw01 dnsmasq[17948]: read /var/lib/neutron/dhcp/c3cfa47b-b7bc-4e51-8b35-a0356674b169/addn_hosts - 2 addresses
Jun  2 16:21:57 gtw01 dnsmasq-dhcp[17948]: read /var/lib/neutron/dhcp/c3cfa47b-b7bc-4e51-8b35-a0356674b169/host
Jun  2 16:21:57 gtw01 dnsmasq-dhcp[17948]: read /var/lib/neutron/dhcp/c3cfa47b-b7bc-4e51-8b35-a0356674b169/opts
Jun  2 16:21:58 gtw01 dnsmasq[17948]: read /var/lib/neutron/dhcp/c3cfa47b-b7bc-4e51-8b35-a0356674b169/addn_hosts - 2 addresses
Jun  2 16:21:58 gtw01 dnsmasq-dhcp[17948]: read /var/lib/neutron/dhcp/c3cfa47b-b7bc-4e51-8b35-a0356674b169/host
Jun  2 16:21:58 gtw01 dnsmasq-dhcp[17948]: read /var/lib/neutron/dhcp/c3cfa47b-b7bc-4e51-8b35-a0356674b169/opts
Jun  2 16:21:58 gtw01 dnsmasq[17695]: read /var/lib/neutron/dhcp/ef271d8d-7da3-4324-8c5c-15635b681210/addn_hosts - 3 addresses
Jun  2 16:21:58 gtw01 dnsmasq-dhcp[17695]: read /var/lib/neutron/dhcp/ef271d8d-7da3-4324-8c5c-15635b681210/host
Jun  2 16:21:58 gtw01 dnsmasq-dhcp[17695]: read /var/lib/neutron/dhcp/ef271d8d-7da3-4324-8c5c-15635b681210/opts
Jun  2 16:21:59 gtw01 dnsmasq[17948]: read /var/lib/neutron/dhcp/c3cfa47b-b7bc-4e51-8b35-a0356674b169/addn_hosts - 2 addresses
Jun  2 16:21:59 gtw01 dnsmasq-dhcp[17948]: read /var/lib/neutron/dhcp/c3cfa47b-b7bc-4e51-8b35-a0356674b169/host
Jun  2 16:21:59 gtw01 dnsmasq-dhcp[17948]: read /var/lib/neutron/dhcp/c3cfa47b-b7bc-4e51-8b35-a0356674b169/opts
Jun  2 16:21:59 gtw01 dnsmasq[17695]: read /var/lib/neutron/dhcp/ef271d8d-7da3-4324-8c5c-15635b681210/addn_hosts - 3 addresses
Jun  2 16:21:59 gtw01 dnsmasq-dhcp[17695]: read /var/lib/neutron/dhcp/ef271d8d-7da3-4324-8c5c-15635b681210/host
Jun  2 16:21:59 gtw01 dnsmasq-dhcp[17695]: read /var/lib/neutron/dhcp/ef271d8d-7da3-4324-8c5c-15635b681210/opts
Jun  2 16:22:00 gtw01 dnsmasq[17695]: read /var/lib/neutron/dhcp/ef271d8d-7da3-4324-8c5c-15635b681210/addn_hosts - 3 addresses
Jun  2 16:22:00 gtw01 dnsmasq-dhcp[17695]: read /var/lib/neutron/dhcp/ef271d8d-7da3-4324-8c5c-15635b681210/host
Jun  2 16:22:00 gtw01 dnsmasq-dhcp[17695]: read /var/lib/neutron/dhcp/ef271d8d-7da3-4324-8c5c-15635b681210/opts
Jun  2 16:22:00 gtw01 dnsmasq[12701]: read /var/lib/neutron/dhcp/c59cf9c1-a00f-4a22-ae8e-4a7d939a403d/addn_hosts - 2 addresses
Jun  2 16:22:00 gtw01 dnsmasq-dhcp[12701]: read /var/lib/neutron/dhcp/c59cf9c1-a00f-4a22-ae8e-4a7d939a403d/host
Jun  2 16:22:00 gtw01 dnsmasq-dhcp[12701]: read /var/lib/neutron/dhcp/c59cf9c1-a00f-4a22-ae8e-4a7d939a403d/opts
Jun  2 16:22:06 gtw01 dnsmasq[12701]: read /var/lib/neutron/dhcp/c59cf9c1-a00f-4a22-ae8e-4a7d939a403d/addn_hosts - 3 addresses
Jun  2 16:22:06 gtw01 dnsmasq-dhcp[12701]: read /var/lib/neutron/dhcp/c59cf9c1-a00f-4a22-ae8e-4a7d939a403d/host
Jun  2 16:22:06 gtw01 dnsmasq-dhcp[12701]: read /var/lib/neutron/dhcp/c59cf9c1-a00f-4a22-ae8e-4a7d939a403d/opts
Jun  2 16:22:07 gtw01 dnsmasq[12701]: read /var/lib/neutron/dhcp/c59cf9c1-a00f-4a22-ae8e-4a7d939a403d/addn_hosts - 3 addresses
Jun  2 16:22:07 gtw01 dnsmasq-dhcp[12701]: read /var/lib/neutron/dhcp/c59cf9c1-a00f-4a22-ae8e-4a7d939a403d/host
Jun  2 16:22:07 gtw01 dnsmasq-dhcp[12701]: read /var/lib/neutron/dhcp/c59cf9c1-a00f-4a22-ae8e-4a7d939a403d/opts
Jun  2 16:22:08 gtw01 dnsmasq[12701]: read /var/lib/neutron/dhcp/c59cf9c1-a00f-4a22-ae8e-4a7d939a403d/addn_hosts - 3 addresses
Jun  2 16:22:08 gtw01 dnsmasq-dhcp[12701]: read /var/lib/neutron/dhcp/c59cf9c1-a00f-4a22-ae8e-4a7d939a403d/host
Jun  2 16:22:08 gtw01 dnsmasq-dhcp[12701]: read /var/lib/neutron/dhcp/c59cf9c1-a00f-4a22-ae8e-4a7d939a403d/opts
Jun  2 16:22:08 gtw01 dnsmasq[17948]: read /var/lib/neutron/dhcp/c3cfa47b-b7bc-4e51-8b35-a0356674b169/addn_hosts - 1 addresses
Jun  2 16:22:08 gtw01 dnsmasq-dhcp[17948]: read /var/lib/neutron/dhcp/c3cfa47b-b7bc-4e51-8b35-a0356674b169/host
Jun  2 16:22:08 gtw01 dnsmasq-dhcp[17948]: read /var/lib/neutron/dhcp/c3cfa47b-b7bc-4e51-8b35-a0356674b169/opts
Jun  2 16:22:11 gtw01 dnsmasq-dhcp[17695]: DHCPDISCOVER(tap6794554d-b5) fa:16:3e:d0:3c:6e
Jun  2 16:22:11 gtw01 dnsmasq-dhcp[17695]: DHCPOFFER(tap6794554d-b5) 192.168.120.3 fa:16:3e:d0:3c:6e
Jun  2 16:22:11 gtw01 dnsmasq-dhcp[17695]: DHCPREQUEST(tap6794554d-b5) 192.168.120.3 fa:16:3e:d0:3c:6e
Jun  2 16:22:11 gtw01 dnsmasq-dhcp[17695]: DHCPACK(tap6794554d-b5) 192.168.120.3 fa:16:3e:d0:3c:6e host-192-168-120-3
Jun  2 16:22:13 gtw01 kernel: [ 6075.604128] device tap95206142-2a left promiscuous mode
Jun  2 16:22:16 gtw01 kernel: [ 6078.669102] device tap897f7db9-b8 entered promiscuous mode
Jun  2 16:22:16 gtw01 systemd-udevd[18204]: Could not generate persistent MAC address for tap897f7db9-b8: No such file or directory
Jun  2 16:22:16 gtw01 systemd-udevd[18250]: Process '/sbin/ip link set tap897f7db9-b8 txqueuelen 10000' failed with exit code 1.
Jun  2 16:22:19 gtw01 dnsmasq[18313]: started, version 2.80 cachesize 150
Jun  2 16:22:19 gtw01 dnsmasq[18313]: DNS service limited to local subnets
Jun  2 16:22:19 gtw01 dnsmasq[18313]: compile time options: IPv6 GNU-getopt DBus i18n IDN DHCP DHCPv6 no-Lua TFTP conntrack ipset auth DNSSEC loop-detect inotify dumpfile
Jun  2 16:22:19 gtw01 dnsmasq[18313]: warning: no upstream servers configured
Jun  2 16:22:19 gtw01 dnsmasq-dhcp[18313]: DHCP, static leases only on 192.168.120.0, lease time 1h
Jun  2 16:22:19 gtw01 dnsmasq[18313]: read /var/lib/neutron/dhcp/d9dbccfc-75f1-4192-af0f-9f2343507a14/addn_hosts - 1 addresses
Jun  2 16:22:19 gtw01 dnsmasq-dhcp[18313]: read /var/lib/neutron/dhcp/d9dbccfc-75f1-4192-af0f-9f2343507a14/host
Jun  2 16:22:19 gtw01 dnsmasq-dhcp[18313]: read /var/lib/neutron/dhcp/d9dbccfc-75f1-4192-af0f-9f2343507a14/opts
Jun  2 16:22:19 gtw01 haproxy-metadata-proxy-d9dbccfc-75f1-4192-af0f-9f2343507a14[18317]: Proxy listener started.
Jun  2 16:22:19 gtw01 dnsmasq-dhcp[12701]: DHCPDISCOVER(tapc3506a28-f9) fa:16:3e:4c:59:06
Jun  2 16:22:19 gtw01 dnsmasq-dhcp[12701]: DHCPOFFER(tapc3506a28-f9) 192.168.120.5 fa:16:3e:4c:59:06
Jun  2 16:22:19 gtw01 dnsmasq-dhcp[12701]: DHCPREQUEST(tapc3506a28-f9) 192.168.120.5 fa:16:3e:4c:59:06
Jun  2 16:22:19 gtw01 dnsmasq-dhcp[12701]: DHCPACK(tapc3506a28-f9) 192.168.120.5 fa:16:3e:4c:59:06 host-192-168-120-5
Jun  2 16:22:20 gtw01 dnsmasq[18313]: read /var/lib/neutron/dhcp/d9dbccfc-75f1-4192-af0f-9f2343507a14/addn_hosts - 2 addresses
Jun  2 16:22:20 gtw01 dnsmasq-dhcp[18313]: read /var/lib/neutron/dhcp/d9dbccfc-75f1-4192-af0f-9f2343507a14/host
Jun  2 16:22:20 gtw01 dnsmasq-dhcp[18313]: read /var/lib/neutron/dhcp/d9dbccfc-75f1-4192-af0f-9f2343507a14/opts
Jun  2 16:22:21 gtw01 systemd-udevd[18362]: Could not generate persistent MAC address for tapc773b572-84: No such file or directory
Jun  2 16:22:21 gtw01 kernel: [ 6083.746496] device tapc773b572-84 entered promiscuous mode
Jun  2 16:22:21 gtw01 systemd-udevd[18362]: Process '/sbin/ip link set tapc773b572-84 txqueuelen 10000' failed with exit code 1.
Jun  2 16:22:21 gtw01 dnsmasq[18313]: read /var/lib/neutron/dhcp/d9dbccfc-75f1-4192-af0f-9f2343507a14/addn_hosts - 2 addresses
Jun  2 16:22:21 gtw01 dnsmasq-dhcp[18313]: read /var/lib/neutron/dhcp/d9dbccfc-75f1-4192-af0f-9f2343507a14/host
Jun  2 16:22:21 gtw01 dnsmasq-dhcp[18313]: read /var/lib/neutron/dhcp/d9dbccfc-75f1-4192-af0f-9f2343507a14/opts
Jun  2 16:22:22 gtw01 dnsmasq[18313]: read /var/lib/neutron/dhcp/d9dbccfc-75f1-4192-af0f-9f2343507a14/addn_hosts - 2 addresses
Jun  2 16:22:22 gtw01 dnsmasq-dhcp[18313]: read /var/lib/neutron/dhcp/d9dbccfc-75f1-4192-af0f-9f2343507a14/host
Jun  2 16:22:22 gtw01 dnsmasq-dhcp[18313]: read /var/lib/neutron/dhcp/d9dbccfc-75f1-4192-af0f-9f2343507a14/opts
Jun  2 16:22:22 gtw01 dnsmasq[17695]: read /var/lib/neutron/dhcp/ef271d8d-7da3-4324-8c5c-15635b681210/addn_hosts - 4 addresses
Jun  2 16:22:22 gtw01 dnsmasq-dhcp[17695]: read /var/lib/neutron/dhcp/ef271d8d-7da3-4324-8c5c-15635b681210/host
Jun  2 16:22:22 gtw01 dnsmasq-dhcp[17695]: read /var/lib/neutron/dhcp/ef271d8d-7da3-4324-8c5c-15635b681210/opts
Jun  2 16:22:23 gtw01 dnsmasq-dhcp[12701]: DHCPRELEASE(tapc3506a28-f9) 192.168.120.5 fa:16:3e:4c:59:06
Jun  2 16:22:23 gtw01 dnsmasq[18313]: read /var/lib/neutron/dhcp/d9dbccfc-75f1-4192-af0f-9f2343507a14/addn_hosts - 2 addresses
Jun  2 16:22:23 gtw01 dnsmasq-dhcp[18313]: read /var/lib/neutron/dhcp/d9dbccfc-75f1-4192-af0f-9f2343507a14/host
Jun  2 16:22:23 gtw01 dnsmasq-dhcp[18313]: read /var/lib/neutron/dhcp/d9dbccfc-75f1-4192-af0f-9f2343507a14/opts
Jun  2 16:22:24 gtw01 dnsmasq-dhcp[12701]: DHCPRELEASE(tapc3506a28-f9) 192.168.120.5 fa:16:3e:4c:59:06 unknown lease
Jun  2 16:22:24 gtw01 dnsmasq[17695]: read /var/lib/neutron/dhcp/ef271d8d-7da3-4324-8c5c-15635b681210/addn_hosts - 4 addresses
Jun  2 16:22:24 gtw01 dnsmasq-dhcp[17695]: read /var/lib/neutron/dhcp/ef271d8d-7da3-4324-8c5c-15635b681210/host
Jun  2 16:22:24 gtw01 dnsmasq-dhcp[17695]: read /var/lib/neutron/dhcp/ef271d8d-7da3-4324-8c5c-15635b681210/opts
Jun  2 16:22:25 gtw01 dnsmasq[12701]: read /var/lib/neutron/dhcp/c59cf9c1-a00f-4a22-ae8e-4a7d939a403d/addn_hosts - 2 addresses
Jun  2 16:22:25 gtw01 dnsmasq-dhcp[12701]: read /var/lib/neutron/dhcp/c59cf9c1-a00f-4a22-ae8e-4a7d939a403d/host
Jun  2 16:22:25 gtw01 dnsmasq-dhcp[12701]: read /var/lib/neutron/dhcp/c59cf9c1-a00f-4a22-ae8e-4a7d939a403d/opts
Jun  2 16:22:25 gtw01 dnsmasq[18313]: read /var/lib/neutron/dhcp/d9dbccfc-75f1-4192-af0f-9f2343507a14/addn_hosts - 2 addresses
