Mar 16 05:45:43 gtw01 dnsmasq[10046]: read /var/lib/neutron/dhcp/e7a19090-c8e6-436a-b525-422c9a25c7c5/addn_hosts - 3 addresses
Mar 16 05:45:43 gtw01 dnsmasq-dhcp[10046]: read /var/lib/neutron/dhcp/e7a19090-c8e6-436a-b525-422c9a25c7c5/host
Mar 16 05:45:43 gtw01 dnsmasq-dhcp[10046]: read /var/lib/neutron/dhcp/e7a19090-c8e6-436a-b525-422c9a25c7c5/opts
Mar 16 05:45:44 gtw01 dnsmasq[10046]: read /var/lib/neutron/dhcp/e7a19090-c8e6-436a-b525-422c9a25c7c5/addn_hosts - 3 addresses
Mar 16 05:45:44 gtw01 dnsmasq-dhcp[10046]: read /var/lib/neutron/dhcp/e7a19090-c8e6-436a-b525-422c9a25c7c5/host
Mar 16 05:45:44 gtw01 dnsmasq-dhcp[10046]: read /var/lib/neutron/dhcp/e7a19090-c8e6-436a-b525-422c9a25c7c5/opts
Mar 16 05:45:52 gtw01 dnsmasq[10046]: read /var/lib/neutron/dhcp/e7a19090-c8e6-436a-b525-422c9a25c7c5/addn_hosts - 2 addresses
Mar 16 05:45:52 gtw01 dnsmasq-dhcp[10046]: read /var/lib/neutron/dhcp/e7a19090-c8e6-436a-b525-422c9a25c7c5/host
Mar 16 05:45:52 gtw01 dnsmasq-dhcp[10046]: read /var/lib/neutron/dhcp/e7a19090-c8e6-436a-b525-422c9a25c7c5/opts
Mar 16 05:46:07 gtw01 systemd-udevd[14021]: Could not generate persistent MAC address for tap66bc5f8c-29: No such file or directory
Mar 16 05:46:07 gtw01 kernel: [ 5780.224545] device tap66bc5f8c-29 entered promiscuous mode
Mar 16 05:46:11 gtw01 dnsmasq[14145]: started, version 2.78 cachesize 150
Mar 16 05:46:11 gtw01 dnsmasq[14145]: DNS service limited to local subnets
Mar 16 05:46:11 gtw01 dnsmasq[14145]: compile time options: IPv6 GNU-getopt DBus i18n IDN DHCP DHCPv6 no-Lua TFTP conntrack ipset auth DNSSEC loop-detect inotify
Mar 16 05:46:11 gtw01 dnsmasq[14145]: warning: no upstream servers configured
Mar 16 05:46:11 gtw01 dnsmasq-dhcp[14145]: DHCP, static leases only on 10.2.3.0, lease time 1h
Mar 16 05:46:11 gtw01 dnsmasq[14145]: read /var/lib/neutron/dhcp/b7d363f4-6219-4cfe-9b84-192e4ca392de/addn_hosts - 1 addresses
Mar 16 05:46:11 gtw01 dnsmasq-dhcp[14145]: read /var/lib/neutron/dhcp/b7d363f4-6219-4cfe-9b84-192e4ca392de/host
Mar 16 05:46:11 gtw01 dnsmasq-dhcp[14145]: read /var/lib/neutron/dhcp/b7d363f4-6219-4cfe-9b84-192e4ca392de/opts
Mar 16 05:46:11 gtw01 haproxy-metadata-proxy-b7d363f4-6219-4cfe-9b84-192e4ca392de[14149]: Proxy listener started.
Mar 16 05:46:12 gtw01 dnsmasq[14145]: read /var/lib/neutron/dhcp/b7d363f4-6219-4cfe-9b84-192e4ca392de/addn_hosts - 2 addresses
Mar 16 05:46:12 gtw01 dnsmasq-dhcp[14145]: read /var/lib/neutron/dhcp/b7d363f4-6219-4cfe-9b84-192e4ca392de/host
Mar 16 05:46:12 gtw01 dnsmasq-dhcp[14145]: read /var/lib/neutron/dhcp/b7d363f4-6219-4cfe-9b84-192e4ca392de/opts
Mar 16 05:46:13 gtw01 dnsmasq[14145]: read /var/lib/neutron/dhcp/b7d363f4-6219-4cfe-9b84-192e4ca392de/addn_hosts - 2 addresses
Mar 16 05:46:13 gtw01 dnsmasq-dhcp[14145]: read /var/lib/neutron/dhcp/b7d363f4-6219-4cfe-9b84-192e4ca392de/host
Mar 16 05:46:13 gtw01 dnsmasq-dhcp[14145]: read /var/lib/neutron/dhcp/b7d363f4-6219-4cfe-9b84-192e4ca392de/opts
Mar 16 05:46:13 gtw01 dnsmasq[14145]: read /var/lib/neutron/dhcp/b7d363f4-6219-4cfe-9b84-192e4ca392de/addn_hosts - 3 addresses
Mar 16 05:46:13 gtw01 dnsmasq-dhcp[14145]: read /var/lib/neutron/dhcp/b7d363f4-6219-4cfe-9b84-192e4ca392de/host
Mar 16 05:46:13 gtw01 dnsmasq-dhcp[14145]: read /var/lib/neutron/dhcp/b7d363f4-6219-4cfe-9b84-192e4ca392de/opts
Mar 16 05:46:14 gtw01 dnsmasq[14145]: read /var/lib/neutron/dhcp/b7d363f4-6219-4cfe-9b84-192e4ca392de/addn_hosts - 3 addresses
Mar 16 05:46:14 gtw01 dnsmasq-dhcp[14145]: read /var/lib/neutron/dhcp/b7d363f4-6219-4cfe-9b84-192e4ca392de/host
Mar 16 05:46:14 gtw01 dnsmasq-dhcp[14145]: read /var/lib/neutron/dhcp/b7d363f4-6219-4cfe-9b84-192e4ca392de/opts
Mar 16 05:46:15 gtw01 dnsmasq[14145]: read /var/lib/neutron/dhcp/b7d363f4-6219-4cfe-9b84-192e4ca392de/addn_hosts - 3 addresses
Mar 16 05:46:15 gtw01 dnsmasq-dhcp[14145]: read /var/lib/neutron/dhcp/b7d363f4-6219-4cfe-9b84-192e4ca392de/host
Mar 16 05:46:15 gtw01 dnsmasq-dhcp[14145]: read /var/lib/neutron/dhcp/b7d363f4-6219-4cfe-9b84-192e4ca392de/opts
Mar 16 05:46:23 gtw01 dnsmasq[14145]: read /var/lib/neutron/dhcp/b7d363f4-6219-4cfe-9b84-192e4ca392de/addn_hosts - 2 addresses
Mar 16 05:46:23 gtw01 dnsmasq-dhcp[14145]: read /var/lib/neutron/dhcp/b7d363f4-6219-4cfe-9b84-192e4ca392de/host
Mar 16 05:46:23 gtw01 dnsmasq-dhcp[14145]: read /var/lib/neutron/dhcp/b7d363f4-6219-4cfe-9b84-192e4ca392de/opts
Mar 16 05:46:30 gtw01 kernel: [ 5802.837123] device tapb3b97a82-54 entered promiscuous mode
Mar 16 05:46:30 gtw01 systemd-udevd[14265]: Could not generate persistent MAC address for tapb3b97a82-54: No such file or directory
Mar 16 05:46:32 gtw01 kernel: [ 5804.710575] device tap66bc5f8c-29 left promiscuous mode
Mar 16 05:46:32 gtw01 dnsmasq[14382]: started, version 2.78 cachesize 150
Mar 16 05:46:32 gtw01 dnsmasq[14382]: DNS service limited to local subnets
Mar 16 05:46:32 gtw01 dnsmasq[14382]: compile time options: IPv6 GNU-getopt DBus i18n IDN DHCP DHCPv6 no-Lua TFTP conntrack ipset auth DNSSEC loop-detect inotify
Mar 16 05:46:32 gtw01 dnsmasq[14382]: warning: no upstream servers configured
Mar 16 05:46:32 gtw01 dnsmasq-dhcp[14382]: DHCP, static leases only on 10.2.3.0, lease time 1h
Mar 16 05:46:32 gtw01 dnsmasq[14382]: read /var/lib/neutron/dhcp/b7d363f4-6219-4cfe-9b84-192e4ca392de/addn_hosts - 3 addresses
Mar 16 05:46:32 gtw01 dnsmasq-dhcp[14382]: read /var/lib/neutron/dhcp/b7d363f4-6219-4cfe-9b84-192e4ca392de/host
Mar 16 05:46:32 gtw01 dnsmasq-dhcp[14382]: read /var/lib/neutron/dhcp/b7d363f4-6219-4cfe-9b84-192e4ca392de/opts
Mar 16 05:46:33 gtw01 dnsmasq[14382]: read /var/lib/neutron/dhcp/b7d363f4-6219-4cfe-9b84-192e4ca392de/addn_hosts - 3 addresses
Mar 16 05:46:33 gtw01 dnsmasq-dhcp[14382]: read /var/lib/neutron/dhcp/b7d363f4-6219-4cfe-9b84-192e4ca392de/host
Mar 16 05:46:33 gtw01 dnsmasq-dhcp[14382]: read /var/lib/neutron/dhcp/b7d363f4-6219-4cfe-9b84-192e4ca392de/opts
Mar 16 05:46:34 gtw01 kernel: [ 5806.643412] device tapb3b97a82-54 left promiscuous mode
Mar 16 05:46:51 gtw01 kernel: [ 5823.723590] device tapfc9f48f8-15 entered promiscuous mode
Mar 16 05:46:51 gtw01 systemd-udevd[14430]: Could not generate persistent MAC address for tapfc9f48f8-15: No such file or directory
Mar 16 05:46:54 gtw01 dnsmasq[14556]: started, version 2.78 cachesize 150
Mar 16 05:46:54 gtw01 dnsmasq[14556]: DNS service limited to local subnets
Mar 16 05:46:54 gtw01 dnsmasq[14556]: compile time options: IPv6 GNU-getopt DBus i18n IDN DHCP DHCPv6 no-Lua TFTP conntrack ipset auth DNSSEC loop-detect inotify
Mar 16 05:46:54 gtw01 dnsmasq[14556]: warning: no upstream servers configured
Mar 16 05:46:54 gtw01 dnsmasq-dhcp[14556]: DHCP, static leases only on 10.2.4.0, lease time 1h
Mar 16 05:46:54 gtw01 dnsmasq[14556]: read /var/lib/neutron/dhcp/566e2a84-c82a-453d-a303-a72f78b99a6e/addn_hosts - 1 addresses
Mar 16 05:46:54 gtw01 dnsmasq-dhcp[14556]: read /var/lib/neutron/dhcp/566e2a84-c82a-453d-a303-a72f78b99a6e/host
Mar 16 05:46:54 gtw01 dnsmasq-dhcp[14556]: read /var/lib/neutron/dhcp/566e2a84-c82a-453d-a303-a72f78b99a6e/opts
Mar 16 05:46:54 gtw01 haproxy-metadata-proxy-566e2a84-c82a-453d-a303-a72f78b99a6e[14560]: Proxy listener started.
Mar 16 05:46:55 gtw01 dnsmasq[14556]: read /var/lib/neutron/dhcp/566e2a84-c82a-453d-a303-a72f78b99a6e/addn_hosts - 2 addresses
Mar 16 05:46:55 gtw01 dnsmasq-dhcp[14556]: read /var/lib/neutron/dhcp/566e2a84-c82a-453d-a303-a72f78b99a6e/host
Mar 16 05:46:55 gtw01 dnsmasq-dhcp[14556]: read /var/lib/neutron/dhcp/566e2a84-c82a-453d-a303-a72f78b99a6e/opts
Mar 16 05:46:57 gtw01 dnsmasq[10046]: read /var/lib/neutron/dhcp/e7a19090-c8e6-436a-b525-422c9a25c7c5/addn_hosts - 3 addresses
Mar 16 05:46:57 gtw01 dnsmasq-dhcp[10046]: read /var/lib/neutron/dhcp/e7a19090-c8e6-436a-b525-422c9a25c7c5/host
Mar 16 05:46:57 gtw01 dnsmasq-dhcp[10046]: read /var/lib/neutron/dhcp/e7a19090-c8e6-436a-b525-422c9a25c7c5/opts
Mar 16 05:46:58 gtw01 dnsmasq[10046]: read /var/lib/neutron/dhcp/e7a19090-c8e6-436a-b525-422c9a25c7c5/addn_hosts - 3 addresses
Mar 16 05:46:58 gtw01 dnsmasq-dhcp[10046]: read /var/lib/neutron/dhcp/e7a19090-c8e6-436a-b525-422c9a25c7c5/host
Mar 16 05:46:58 gtw01 dnsmasq-dhcp[10046]: read /var/lib/neutron/dhcp/e7a19090-c8e6-436a-b525-422c9a25c7c5/opts
Mar 16 05:46:59 gtw01 dnsmasq[10046]: read /var/lib/neutron/dhcp/e7a19090-c8e6-436a-b525-422c9a25c7c5/addn_hosts - 3 addresses
Mar 16 05:46:59 gtw01 dnsmasq-dhcp[10046]: read /var/lib/neutron/dhcp/e7a19090-c8e6-436a-b525-422c9a25c7c5/host
Mar 16 05:46:59 gtw01 dnsmasq-dhcp[10046]: read /var/lib/neutron/dhcp/e7a19090-c8e6-436a-b525-422c9a25c7c5/opts
Mar 16 05:47:05 gtw01 dnsmasq[14671]: started, version 2.78 cachesize 150
Mar 16 05:47:05 gtw01 dnsmasq[14671]: DNS service limited to local subnets
Mar 16 05:47:05 gtw01 dnsmasq[14671]: compile time options: IPv6 GNU-getopt DBus i18n IDN DHCP DHCPv6 no-Lua TFTP conntrack ipset auth DNSSEC loop-detect inotify
Mar 16 05:47:05 gtw01 dnsmasq[14671]: warning: no upstream servers configured
Mar 16 05:47:05 gtw01 dnsmasq-dhcp[14671]: DHCP, static leases only on 10.2.4.0, lease time 1h
Mar 16 05:47:05 gtw01 dnsmasq[14671]: read /var/lib/neutron/dhcp/566e2a84-c82a-453d-a303-a72f78b99a6e/addn_hosts - 2 addresses
Mar 16 05:47:05 gtw01 dnsmasq-dhcp[14671]: read /var/lib/neutron/dhcp/566e2a84-c82a-453d-a303-a72f78b99a6e/host
Mar 16 05:47:05 gtw01 dnsmasq-dhcp[14671]: read /var/lib/neutron/dhcp/566e2a84-c82a-453d-a303-a72f78b99a6e/opts
Mar 16 05:47:14 gtw01 dnsmasq[10046]: read /var/lib/neutron/dhcp/e7a19090-c8e6-436a-b525-422c9a25c7c5/addn_hosts - 2 addresses
Mar 16 05:47:14 gtw01 dnsmasq-dhcp[10046]: read /var/lib/neutron/dhcp/e7a19090-c8e6-436a-b525-422c9a25c7c5/host
Mar 16 05:47:14 gtw01 dnsmasq-dhcp[10046]: read /var/lib/neutron/dhcp/e7a19090-c8e6-436a-b525-422c9a25c7c5/opts
Mar 16 05:47:21 gtw01 dnsmasq[14671]: read /var/lib/neutron/dhcp/566e2a84-c82a-453d-a303-a72f78b99a6e/addn_hosts - 2 addresses
Mar 16 05:47:21 gtw01 dnsmasq-dhcp[14671]: read /var/lib/neutron/dhcp/566e2a84-c82a-453d-a303-a72f78b99a6e/host
Mar 16 05:47:21 gtw01 dnsmasq-dhcp[14671]: read /var/lib/neutron/dhcp/566e2a84-c82a-453d-a303-a72f78b99a6e/opts
Mar 16 05:47:22 gtw01 kernel: [ 5855.205863] device tapfc9f48f8-15 left promiscuous mode
Mar 16 05:48:56 gtw01 dnsmasq-dhcp[10046]: DHCPRELEASE(tap77a6a7f2-e3) 192.168.120.1 fa:16:3e:b1:9e:65
Mar 16 05:48:57 gtw01 dnsmasq[10046]: read /var/lib/neutron/dhcp/e7a19090-c8e6-436a-b525-422c9a25c7c5/addn_hosts - 1 addresses
Mar 16 05:48:57 gtw01 dnsmasq-dhcp[10046]: read /var/lib/neutron/dhcp/e7a19090-c8e6-436a-b525-422c9a25c7c5/host
Mar 16 05:48:57 gtw01 dnsmasq-dhcp[10046]: read /var/lib/neutron/dhcp/e7a19090-c8e6-436a-b525-422c9a25c7c5/opts
Mar 16 05:49:01 gtw01 kernel: [ 5954.221074] device tap77a6a7f2-e3 left promiscuous mode
Mar 16 05:49:13 gtw01 kernel: [ 5965.550366] device tap16bc0e92-06 entered promiscuous mode
Mar 16 05:49:13 gtw01 systemd-udevd[14765]: Could not generate persistent MAC address for tap16bc0e92-06: No such file or directory
Mar 16 05:49:16 gtw01 dnsmasq[14890]: started, version 2.78 cachesize 150
Mar 16 05:49:16 gtw01 dnsmasq[14890]: DNS service limited to local subnets
Mar 16 05:49:16 gtw01 dnsmasq[14890]: compile time options: IPv6 GNU-getopt DBus i18n IDN DHCP DHCPv6 no-Lua TFTP conntrack ipset auth DNSSEC loop-detect inotify
Mar 16 05:49:16 gtw01 dnsmasq[14890]: warning: no upstream servers configured
Mar 16 05:49:16 gtw01 dnsmasq-dhcp[14890]: DHCP, static leases only on 192.168.120.0, lease time 1h
Mar 16 05:49:16 gtw01 dnsmasq[14890]: read /var/lib/neutron/dhcp/26033897-71d3-4b7f-9f44-4ed35ce9bdf5/addn_hosts - 1 addresses
Mar 16 05:49:16 gtw01 dnsmasq-dhcp[14890]: read /var/lib/neutron/dhcp/26033897-71d3-4b7f-9f44-4ed35ce9bdf5/host
Mar 16 05:49:16 gtw01 dnsmasq-dhcp[14890]: read /var/lib/neutron/dhcp/26033897-71d3-4b7f-9f44-4ed35ce9bdf5/opts
Mar 16 05:49:16 gtw01 haproxy-metadata-proxy-26033897-71d3-4b7f-9f44-4ed35ce9bdf5[14894]: Proxy listener started.
Mar 16 05:49:17 gtw01 dnsmasq[14890]: read /var/lib/neutron/dhcp/26033897-71d3-4b7f-9f44-4ed35ce9bdf5/addn_hosts - 2 addresses
Mar 16 05:49:17 gtw01 dnsmasq-dhcp[14890]: read /var/lib/neutron/dhcp/26033897-71d3-4b7f-9f44-4ed35ce9bdf5/host
Mar 16 05:49:17 gtw01 dnsmasq-dhcp[14890]: read /var/lib/neutron/dhcp/26033897-71d3-4b7f-9f44-4ed35ce9bdf5/opts
Mar 16 05:49:18 gtw01 dnsmasq[14890]: read /var/lib/neutron/dhcp/26033897-71d3-4b7f-9f44-4ed35ce9bdf5/addn_hosts - 2 addresses
Mar 16 05:49:18 gtw01 dnsmasq-dhcp[14890]: read /var/lib/neutron/dhcp/26033897-71d3-4b7f-9f44-4ed35ce9bdf5/host
Mar 16 05:49:18 gtw01 dnsmasq-dhcp[14890]: read /var/lib/neutron/dhcp/26033897-71d3-4b7f-9f44-4ed35ce9bdf5/opts
Mar 16 05:49:38 gtw01 dnsmasq[14973]: started, version 2.78 cachesize 150
Mar 16 05:49:38 gtw01 dnsmasq[14973]: DNS service limited to local subnets
Mar 16 05:49:38 gtw01 dnsmasq[14973]: compile time options: IPv6 GNU-getopt DBus i18n IDN DHCP DHCPv6 no-Lua TFTP conntrack ipset auth DNSSEC loop-detect inotify
Mar 16 05:49:38 gtw01 dnsmasq[14973]: warning: no upstream servers configured
Mar 16 05:49:38 gtw01 dnsmasq-dhcp[14973]: DHCP, static leases only on 192.168.120.0, lease time 1h
Mar 16 05:49:38 gtw01 dnsmasq[14973]: read /var/lib/neutron/dhcp/26033897-71d3-4b7f-9f44-4ed35ce9bdf5/addn_hosts - 2 addresses
Mar 16 05:49:38 gtw01 dnsmasq-dhcp[14973]: read /var/lib/neutron/dhcp/26033897-71d3-4b7f-9f44-4ed35ce9bdf5/host
Mar 16 05:49:38 gtw01 dnsmasq-dhcp[14973]: read /var/lib/neutron/dhcp/26033897-71d3-4b7f-9f44-4ed35ce9bdf5/opts
Mar 16 05:50:03 gtw01 systemd-udevd[14996]: Could not generate persistent MAC address for tapc61f2b92-0a: No such file or directory
Mar 16 05:50:03 gtw01 kernel: [ 6015.758297] device tapc61f2b92-0a entered promiscuous mode
Mar 16 05:50:06 gtw01 dnsmasq[15127]: started, version 2.78 cachesize 150
Mar 16 05:50:06 gtw01 dnsmasq[15127]: DNS service limited to local subnets
Mar 16 05:50:06 gtw01 dnsmasq[15127]: compile time options: IPv6 GNU-getopt DBus i18n IDN DHCP DHCPv6 no-Lua TFTP conntrack ipset auth DNSSEC loop-detect inotify
Mar 16 05:50:06 gtw01 dnsmasq[15127]: warning: no upstream servers configured
Mar 16 05:50:06 gtw01 dnsmasq-dhcp[15127]: DHCP, static leases only on 192.168.120.0, lease time 1h
Mar 16 05:50:06 gtw01 dnsmasq[15127]: read /var/lib/neutron/dhcp/0d5a8511-54aa-4692-9c0a-839fe21f6eee/addn_hosts - 1 addresses
Mar 16 05:50:06 gtw01 dnsmasq-dhcp[15127]: read /var/lib/neutron/dhcp/0d5a8511-54aa-4692-9c0a-839fe21f6eee/host
Mar 16 05:50:06 gtw01 dnsmasq-dhcp[15127]: read /var/lib/neutron/dhcp/0d5a8511-54aa-4692-9c0a-839fe21f6eee/opts
Mar 16 05:50:06 gtw01 dnsmasq[14973]: read /var/lib/neutron/dhcp/26033897-71d3-4b7f-9f44-4ed35ce9bdf5/addn_hosts - 3 addresses
Mar 16 05:50:06 gtw01 dnsmasq-dhcp[14973]: read /var/lib/neutron/dhcp/26033897-71d3-4b7f-9f44-4ed35ce9bdf5/host
Mar 16 05:50:06 gtw01 dnsmasq-dhcp[14973]: read /var/lib/neutron/dhcp/26033897-71d3-4b7f-9f44-4ed35ce9bdf5/opts
Mar 16 05:50:06 gtw01 haproxy-metadata-proxy-0d5a8511-54aa-4692-9c0a-839fe21f6eee[15135]: Proxy listener started.
Mar 16 05:50:07 gtw01 dnsmasq[15127]: read /var/lib/neutron/dhcp/0d5a8511-54aa-4692-9c0a-839fe21f6eee/addn_hosts - 2 addresses
Mar 16 05:50:07 gtw01 dnsmasq-dhcp[15127]: read /var/lib/neutron/dhcp/0d5a8511-54aa-4692-9c0a-839fe21f6eee/host
Mar 16 05:50:07 gtw01 dnsmasq-dhcp[15127]: read /var/lib/neutron/dhcp/0d5a8511-54aa-4692-9c0a-839fe21f6eee/opts
Mar 16 05:50:08 gtw01 dnsmasq[15127]: read /var/lib/neutron/dhcp/0d5a8511-54aa-4692-9c0a-839fe21f6eee/addn_hosts - 2 addresses
Mar 16 05:50:08 gtw01 dnsmasq-dhcp[15127]: read /var/lib/neutron/dhcp/0d5a8511-54aa-4692-9c0a-839fe21f6eee/host
Mar 16 05:50:08 gtw01 dnsmasq-dhcp[15127]: read /var/lib/neutron/dhcp/0d5a8511-54aa-4692-9c0a-839fe21f6eee/opts
Mar 16 05:50:08 gtw01 systemd-udevd[15192]: Could not generate persistent MAC address for tap2dfbb4cf-ae: No such file or directory
Mar 16 05:50:08 gtw01 kernel: [ 6020.982733] device tap2dfbb4cf-ae entered promiscuous mode
Mar 16 05:50:09 gtw01 dnsmasq[14973]: read /var/lib/neutron/dhcp/26033897-71d3-4b7f-9f44-4ed35ce9bdf5/addn_hosts - 3 addresses
Mar 16 05:50:09 gtw01 dnsmasq-dhcp[14973]: read /var/lib/neutron/dhcp/26033897-71d3-4b7f-9f44-4ed35ce9bdf5/host
Mar 16 05:50:09 gtw01 dnsmasq-dhcp[14973]: read /var/lib/neutron/dhcp/26033897-71d3-4b7f-9f44-4ed35ce9bdf5/opts
Mar 16 05:50:10 gtw01 dnsmasq[14973]: read /var/lib/neutron/dhcp/26033897-71d3-4b7f-9f44-4ed35ce9bdf5/addn_hosts - 3 addresses
Mar 16 05:50:10 gtw01 dnsmasq-dhcp[14973]: read /var/lib/neutron/dhcp/26033897-71d3-4b7f-9f44-4ed35ce9bdf5/host
Mar 16 05:50:10 gtw01 dnsmasq-dhcp[14973]: read /var/lib/neutron/dhcp/26033897-71d3-4b7f-9f44-4ed35ce9bdf5/opts
Mar 16 05:50:11 gtw01 dnsmasq[15356]: started, version 2.78 cachesize 150
Mar 16 05:50:11 gtw01 dnsmasq[15356]: DNS service limited to local subnets
Mar 16 05:50:11 gtw01 dnsmasq[15356]: compile time options: IPv6 GNU-getopt DBus i18n IDN DHCP DHCPv6 no-Lua TFTP conntrack ipset auth DNSSEC loop-detect inotify
Mar 16 05:50:11 gtw01 dnsmasq[15356]: warning: no upstream servers configured
Mar 16 05:50:11 gtw01 dnsmasq-dhcp[15356]: DHCP, static leases only on 192.168.120.0, lease time 1h
Mar 16 05:50:11 gtw01 dnsmasq[15356]: read /var/lib/neutron/dhcp/358332e6-e045-4228-9afb-fc5b1d0c7284/addn_hosts - 1 addresses
Mar 16 05:50:11 gtw01 dnsmasq-dhcp[15356]: read /var/lib/neutron/dhcp/358332e6-e045-4228-9afb-fc5b1d0c7284/host
Mar 16 05:50:11 gtw01 dnsmasq-dhcp[15356]: read /var/lib/neutron/dhcp/358332e6-e045-4228-9afb-fc5b1d0c7284/opts
Mar 16 05:50:12 gtw01 haproxy-metadata-proxy-358332e6-e045-4228-9afb-fc5b1d0c7284[15363]: Proxy listener started.
Mar 16 05:50:12 gtw01 dnsmasq[14973]: read /var/lib/neutron/dhcp/26033897-71d3-4b7f-9f44-4ed35ce9bdf5/addn_hosts - 4 addresses
Mar 16 05:50:12 gtw01 dnsmasq-dhcp[14973]: read /var/lib/neutron/dhcp/26033897-71d3-4b7f-9f44-4ed35ce9bdf5/host
Mar 16 05:50:12 gtw01 dnsmasq-dhcp[14973]: read /var/lib/neutron/dhcp/26033897-71d3-4b7f-9f44-4ed35ce9bdf5/opts
Mar 16 05:50:13 gtw01 dnsmasq[15356]: read /var/lib/neutron/dhcp/358332e6-e045-4228-9afb-fc5b1d0c7284/addn_hosts - 1 addresses
Mar 16 05:50:13 gtw01 dnsmasq-dhcp[15356]: read /var/lib/neutron/dhcp/358332e6-e045-4228-9afb-fc5b1d0c7284/host
Mar 16 05:50:13 gtw01 dnsmasq-dhcp[15356]: read /var/lib/neutron/dhcp/358332e6-e045-4228-9afb-fc5b1d0c7284/opts
Mar 16 05:50:14 gtw01 dnsmasq[14973]: read /var/lib/neutron/dhcp/26033897-71d3-4b7f-9f44-4ed35ce9bdf5/addn_hosts - 4 addresses
Mar 16 05:50:14 gtw01 dnsmasq-dhcp[14973]: read /var/lib/neutron/dhcp/26033897-71d3-4b7f-9f44-4ed35ce9bdf5/host
Mar 16 05:50:14 gtw01 dnsmasq-dhcp[14973]: read /var/lib/neutron/dhcp/26033897-71d3-4b7f-9f44-4ed35ce9bdf5/opts
Mar 16 05:50:17 gtw01 dnsmasq[15452]: started, version 2.78 cachesize 150
Mar 16 05:50:17 gtw01 dnsmasq[15452]: DNS service limited to local subnets
Mar 16 05:50:17 gtw01 dnsmasq[15452]: compile time options: IPv6 GNU-getopt DBus i18n IDN DHCP DHCPv6 no-Lua TFTP conntrack ipset auth DNSSEC loop-detect inotify
Mar 16 05:50:17 gtw01 dnsmasq[15452]: warning: no upstream servers configured
Mar 16 05:50:17 gtw01 dnsmasq-dhcp[15452]: DHCP, static leases only on 192.168.120.0, lease time 1h
Mar 16 05:50:17 gtw01 dnsmasq[15452]: read /var/lib/neutron/dhcp/0d5a8511-54aa-4692-9c0a-839fe21f6eee/addn_hosts - 2 addresses
Mar 16 05:50:17 gtw01 dnsmasq-dhcp[15452]: read /var/lib/neutron/dhcp/0d5a8511-54aa-4692-9c0a-839fe21f6eee/host
Mar 16 05:50:17 gtw01 dnsmasq-dhcp[15452]: read /var/lib/neutron/dhcp/0d5a8511-54aa-4692-9c0a-839fe21f6eee/opts
Mar 16 05:50:18 gtw01 dnsmasq[14973]: read /var/lib/neutron/dhcp/26033897-71d3-4b7f-9f44-4ed35ce9bdf5/addn_hosts - 4 addresses
Mar 16 05:50:18 gtw01 dnsmasq-dhcp[14973]: read /var/lib/neutron/dhcp/26033897-71d3-4b7f-9f44-4ed35ce9bdf5/host
Mar 16 05:50:18 gtw01 dnsmasq-dhcp[14973]: read /var/lib/neutron/dhcp/26033897-71d3-4b7f-9f44-4ed35ce9bdf5/opts
Mar 16 05:50:18 gtw01 dnsmasq[15356]: read /var/lib/neutron/dhcp/358332e6-e045-4228-9afb-fc5b1d0c7284/addn_hosts - 2 addresses
Mar 16 05:50:18 gtw01 dnsmasq-dhcp[15356]: read /var/lib/neutron/dhcp/358332e6-e045-4228-9afb-fc5b1d0c7284/host
Mar 16 05:50:18 gtw01 dnsmasq-dhcp[15356]: read /var/lib/neutron/dhcp/358332e6-e045-4228-9afb-fc5b1d0c7284/opts
Mar 16 05:50:19 gtw01 dnsmasq[15356]: read /var/lib/neutron/dhcp/358332e6-e045-4228-9afb-fc5b1d0c7284/addn_hosts - 2 addresses
Mar 16 05:50:19 gtw01 dnsmasq-dhcp[15356]: read /var/lib/neutron/dhcp/358332e6-e045-4228-9afb-fc5b1d0c7284/host
Mar 16 05:50:19 gtw01 dnsmasq-dhcp[15356]: read /var/lib/neutron/dhcp/358332e6-e045-4228-9afb-fc5b1d0c7284/opts
Mar 16 05:50:19 gtw01 dnsmasq[15356]: read /var/lib/neutron/dhcp/358332e6-e045-4228-9afb-fc5b1d0c7284/addn_hosts - 2 addresses
Mar 16 05:50:19 gtw01 dnsmasq-dhcp[15356]: read /var/lib/neutron/dhcp/358332e6-e045-4228-9afb-fc5b1d0c7284/host
Mar 16 05:50:19 gtw01 dnsmasq-dhcp[15356]: read /var/lib/neutron/dhcp/358332e6-e045-4228-9afb-fc5b1d0c7284/opts
Mar 16 05:50:20 gtw01 dnsmasq[15452]: read /var/lib/neutron/dhcp/0d5a8511-54aa-4692-9c0a-839fe21f6eee/addn_hosts - 3 addresses
Mar 16 05:50:20 gtw01 dnsmasq-dhcp[15452]: read /var/lib/neutron/dhcp/0d5a8511-54aa-4692-9c0a-839fe21f6eee/host
Mar 16 05:50:20 gtw01 dnsmasq-dhcp[15452]: read /var/lib/neutron/dhcp/0d5a8511-54aa-4692-9c0a-839fe21f6eee/opts
Mar 16 05:50:20 gtw01 dnsmasq[15356]: read /var/lib/neutron/dhcp/358332e6-e045-4228-9afb-fc5b1d0c7284/addn_hosts - 3 addresses
Mar 16 05:50:20 gtw01 dnsmasq-dhcp[15356]: read /var/lib/neutron/dhcp/358332e6-e045-4228-9afb-fc5b1d0c7284/host
Mar 16 05:50:20 gtw01 dnsmasq-dhcp[15356]: read /var/lib/neutron/dhcp/358332e6-e045-4228-9afb-fc5b1d0c7284/opts
Mar 16 05:50:21 gtw01 dnsmasq[15356]: read /var/lib/neutron/dhcp/358332e6-e045-4228-9afb-fc5b1d0c7284/addn_hosts - 4 addresses
Mar 16 05:50:21 gtw01 dnsmasq-dhcp[15356]: read /var/lib/neutron/dhcp/358332e6-e045-4228-9afb-fc5b1d0c7284/host
Mar 16 05:50:21 gtw01 dnsmasq-dhcp[15356]: read /var/lib/neutron/dhcp/358332e6-e045-4228-9afb-fc5b1d0c7284/opts
Mar 16 05:50:22 gtw01 dnsmasq[15356]: read /var/lib/neutron/dhcp/358332e6-e045-4228-9afb-fc5b1d0c7284/addn_hosts - 4 addresses
Mar 16 05:50:22 gtw01 dnsmasq-dhcp[15356]: read /var/lib/neutron/dhcp/358332e6-e045-4228-9afb-fc5b1d0c7284/host
Mar 16 05:50:22 gtw01 dnsmasq-dhcp[15356]: read /var/lib/neutron/dhcp/358332e6-e045-4228-9afb-fc5b1d0c7284/opts
Mar 16 05:50:22 gtw01 dnsmasq[15452]: read /var/lib/neutron/dhcp/0d5a8511-54aa-4692-9c0a-839fe21f6eee/addn_hosts - 3 addresses
Mar 16 05:50:22 gtw01 dnsmasq-dhcp[15452]: read /var/lib/neutron/dhcp/0d5a8511-54aa-4692-9c0a-839fe21f6eee/host
Mar 16 05:50:22 gtw01 dnsmasq-dhcp[15452]: read /var/lib/neutron/dhcp/0d5a8511-54aa-4692-9c0a-839fe21f6eee/opts
Mar 16 05:50:23 gtw01 dnsmasq[14973]: read /var/lib/neutron/dhcp/26033897-71d3-4b7f-9f44-4ed35ce9bdf5/addn_hosts - 3 addresses
Mar 16 05:50:23 gtw01 dnsmasq-dhcp[14973]: read /var/lib/neutron/dhcp/26033897-71d3-4b7f-9f44-4ed35ce9bdf5/host
Mar 16 05:50:23 gtw01 dnsmasq-dhcp[14973]: read /var/lib/neutron/dhcp/26033897-71d3-4b7f-9f44-4ed35ce9bdf5/opts
Mar 16 05:50:23 gtw01 dnsmasq[15356]: read /var/lib/neutron/dhcp/358332e6-e045-4228-9afb-fc5b1d0c7284/addn_hosts - 4 addresses
Mar 16 05:50:23 gtw01 dnsmasq-dhcp[15356]: read /var/lib/neutron/dhcp/358332e6-e045-4228-9afb-fc5b1d0c7284/host
Mar 16 05:50:23 gtw01 dnsmasq-dhcp[15356]: read /var/lib/neutron/dhcp/358332e6-e045-4228-9afb-fc5b1d0c7284/opts
Mar 16 05:50:24 gtw01 dnsmasq[15452]: read /var/lib/neutron/dhcp/0d5a8511-54aa-4692-9c0a-839fe21f6eee/addn_hosts - 3 addresses
Mar 16 05:50:24 gtw01 dnsmasq-dhcp[15452]: read /var/lib/neutron/dhcp/0d5a8511-54aa-4692-9c0a-839fe21f6eee/host
Mar 16 05:50:24 gtw01 dnsmasq-dhcp[15452]: read /var/lib/neutron/dhcp/0d5a8511-54aa-4692-9c0a-839fe21f6eee/opts
Mar 16 05:50:24 gtw01 dnsmasq[15356]: read /var/lib/neutron/dhcp/358332e6-e045-4228-9afb-fc5b1d0c7284/addn_hosts - 4 addresses
Mar 16 05:50:24 gtw01 dnsmasq-dhcp[15356]: read /var/lib/neutron/dhcp/358332e6-e045-4228-9afb-fc5b1d0c7284/host
Mar 16 05:50:24 gtw01 dnsmasq-dhcp[15356]: read /var/lib/neutron/dhcp/358332e6-e045-4228-9afb-fc5b1d0c7284/opts
Mar 16 05:50:25 gtw01 dnsmasq[15356]: read /var/lib/neutron/dhcp/358332e6-e045-4228-9afb-fc5b1d0c7284/addn_hosts - 4 addresses
Mar 16 05:50:25 gtw01 dnsmasq-dhcp[15356]: read /var/lib/neutron/dhcp/358332e6-e045-4228-9afb-fc5b1d0c7284/host
Mar 16 05:50:25 gtw01 dnsmasq-dhcp[15356]: read /var/lib/neutron/dhcp/358332e6-e045-4228-9afb-fc5b1d0c7284/opts
Mar 16 05:50:27 gtw01 dnsmasq[14973]: read /var/lib/neutron/dhcp/26033897-71d3-4b7f-9f44-4ed35ce9bdf5/addn_hosts - 2 addresses
Mar 16 05:50:27 gtw01 dnsmasq-dhcp[14973]: read /var/lib/neutron/dhcp/26033897-71d3-4b7f-9f44-4ed35ce9bdf5/host
Mar 16 05:50:27 gtw01 dnsmasq-dhcp[14973]: read /var/lib/neutron/dhcp/26033897-71d3-4b7f-9f44-4ed35ce9bdf5/opts
Mar 16 05:50:32 gtw01 dnsmasq-dhcp[15356]: DHCPDISCOVER(tap2dfbb4cf-ae) fa:16:3e:cc:4a:b2
Mar 16 05:50:32 gtw01 dnsmasq-dhcp[15356]: DHCPOFFER(tap2dfbb4cf-ae) 192.168.120.5 fa:16:3e:cc:4a:b2
Mar 16 05:50:32 gtw01 dnsmasq-dhcp[15356]: DHCPREQUEST(tap2dfbb4cf-ae) 192.168.120.5 fa:16:3e:cc:4a:b2
Mar 16 05:50:32 gtw01 dnsmasq-dhcp[15356]: DHCPACK(tap2dfbb4cf-ae) 192.168.120.5 fa:16:3e:cc:4a:b2 host-192-168-120-5
Mar 16 05:50:36 gtw01 dnsmasq[14973]: read /var/lib/neutron/dhcp/26033897-71d3-4b7f-9f44-4ed35ce9bdf5/addn_hosts - 3 addresses
Mar 16 05:50:36 gtw01 dnsmasq-dhcp[14973]: read /var/lib/neutron/dhcp/26033897-71d3-4b7f-9f44-4ed35ce9bdf5/host
Mar 16 05:50:36 gtw01 dnsmasq-dhcp[14973]: read /var/lib/neutron/dhcp/26033897-71d3-4b7f-9f44-4ed35ce9bdf5/opts
Mar 16 05:50:37 gtw01 dnsmasq[14973]: read /var/lib/neutron/dhcp/26033897-71d3-4b7f-9f44-4ed35ce9bdf5/addn_hosts - 4 addresses
Mar 16 05:50:37 gtw01 dnsmasq-dhcp[14973]: read /var/lib/neutron/dhcp/26033897-71d3-4b7f-9f44-4ed35ce9bdf5/host
Mar 16 05:50:37 gtw01 dnsmasq-dhcp[14973]: read /var/lib/neutron/dhcp/26033897-71d3-4b7f-9f44-4ed35ce9bdf5/opts
Mar 16 05:50:38 gtw01 dnsmasq[14973]: read /var/lib/neutron/dhcp/26033897-71d3-4b7f-9f44-4ed35ce9bdf5/addn_hosts - 4 addresses
Mar 16 05:50:38 gtw01 dnsmasq-dhcp[14973]: read /var/lib/neutron/dhcp/26033897-71d3-4b7f-9f44-4ed35ce9bdf5/host
Mar 16 05:50:38 gtw01 dnsmasq-dhcp[14973]: read /var/lib/neutron/dhcp/26033897-71d3-4b7f-9f44-4ed35ce9bdf5/opts
Mar 16 05:50:38 gtw01 dnsmasq[14973]: read /var/lib/neutron/dhcp/26033897-71d3-4b7f-9f44-4ed35ce9bdf5/addn_hosts - 4 addresses
Mar 16 05:50:38 gtw01 dnsmasq-dhcp[14973]: read /var/lib/neutron/dhcp/26033897-71d3-4b7f-9f44-4ed35ce9bdf5/host
Mar 16 05:50:38 gtw01 dnsmasq-dhcp[14973]: read /var/lib/neutron/dhcp/26033897-71d3-4b7f-9f44-4ed35ce9bdf5/opts
Mar 16 05:50:39 gtw01 dnsmasq-dhcp[15356]: DHCPRELEASE(tap2dfbb4cf-ae) 192.168.120.5 fa:16:3e:cc:4a:b2
Mar 16 05:50:39 gtw01 dnsmasq[14973]: read /var/lib/neutron/dhcp/26033897-71d3-4b7f-9f44-4ed35ce9bdf5/addn_hosts - 5 addresses
Mar 16 05:50:39 gtw01 dnsmasq-dhcp[14973]: read /var/lib/neutron/dhcp/26033897-71d3-4b7f-9f44-4ed35ce9bdf5/host
Mar 16 05:50:39 gtw01 dnsmasq-dhcp[14973]: read /var/lib/neutron/dhcp/26033897-71d3-4b7f-9f44-4ed35ce9bdf5/opts
Mar 16 05:50:40 gtw01 dnsmasq[15356]: read /var/lib/neutron/dhcp/358332e6-e045-4228-9afb-fc5b1d0c7284/addn_hosts - 3 addresses
Mar 16 05:50:40 gtw01 dnsmasq-dhcp[15356]: read /var/lib/neutron/dhcp/358332e6-e045-4228-9afb-fc5b1d0c7284/host
Mar 16 05:50:40 gtw01 dnsmasq-dhcp[15356]: read /var/lib/neutron/dhcp/358332e6-e045-4228-9afb-fc5b1d0c7284/opts
Mar 16 05:50:40 gtw01 dnsmasq[14973]: read /var/lib/neutron/dhcp/26033897-71d3-4b7f-9f44-4ed35ce9bdf5/addn_hosts - 5 addresses
Mar 16 05:50:40 gtw01 dnsmasq-dhcp[14973]: read /var/lib/neutron/dhcp/26033897-71d3-4b7f-9f44-4ed35ce9bdf5/host
Mar 16 05:50:40 gtw01 dnsmasq-dhcp[14973]: read /var/lib/neutron/dhcp/26033897-71d3-4b7f-9f44-4ed35ce9bdf5/opts
Mar 16 05:50:41 gtw01 dnsmasq[14973]: read /var/lib/neutron/dhcp/26033897-71d3-4b7f-9f44-4ed35ce9bdf5/addn_hosts - 6 addresses
Mar 16 05:50:41 gtw01 dnsmasq-dhcp[14973]: read /var/lib/neutron/dhcp/26033897-71d3-4b7f-9f44-4ed35ce9bdf5/host
Mar 16 05:50:41 gtw01 dnsmasq-dhcp[14973]: read /var/lib/neutron/dhcp/26033897-71d3-4b7f-9f44-4ed35ce9bdf5/opts
Mar 16 05:50:41 gtw01 dnsmasq-dhcp[15452]: DHCPDISCOVER(tapc61f2b92-0a) fa:16:3e:3b:20:04
Mar 16 05:50:41 gtw01 dnsmasq-dhcp[15452]: DHCPOFFER(tapc61f2b92-0a) 192.168.120.5 fa:16:3e:3b:20:04
Mar 16 05:50:41 gtw01 dnsmasq-dhcp[15452]: DHCPREQUEST(tapc61f2b92-0a) 192.168.120.5 fa:16:3e:3b:20:04
Mar 16 05:50:41 gtw01 dnsmasq-dhcp[15452]: DHCPACK(tapc61f2b92-0a) 192.168.120.5 fa:16:3e:3b:20:04 host-192-168-120-5
Mar 16 05:50:42 gtw01 dnsmasq[14973]: read /var/lib/neutron/dhcp/26033897-71d3-4b7f-9f44-4ed35ce9bdf5/addn_hosts - 6 addresses
Mar 16 05:50:42 gtw01 dnsmasq-dhcp[14973]: read /var/lib/neutron/dhcp/26033897-71d3-4b7f-9f44-4ed35ce9bdf5/host
Mar 16 05:50:42 gtw01 dnsmasq-dhcp[14973]: read /var/lib/neutron/dhcp/26033897-71d3-4b7f-9f44-4ed35ce9bdf5/opts
Mar 16 05:50:42 gtw01 dnsmasq[15356]: read /var/lib/neutron/dhcp/358332e6-e045-4228-9afb-fc5b1d0c7284/addn_hosts - 2 addresses
Mar 16 05:50:42 gtw01 dnsmasq-dhcp[15356]: read /var/lib/neutron/dhcp/358332e6-e045-4228-9afb-fc5b1d0c7284/host
Mar 16 05:50:42 gtw01 dnsmasq-dhcp[15356]: read /var/lib/neutron/dhcp/358332e6-e045-4228-9afb-fc5b1d0c7284/opts
Mar 16 05:50:43 gtw01 dnsmasq[14973]: read /var/lib/neutron/dhcp/26033897-71d3-4b7f-9f44-4ed35ce9bdf5/addn_hosts - 6 addresses
Mar 16 05:50:43 gtw01 dnsmasq-dhcp[14973]: read /var/lib/neutron/dhcp/26033897-71d3-4b7f-9f44-4ed35ce9bdf5/host
Mar 16 05:50:43 gtw01 dnsmasq-dhcp[14973]: read /var/lib/neutron/dhcp/26033897-71d3-4b7f-9f44-4ed35ce9bdf5/opts
Mar 16 05:50:44 gtw01 dnsmasq[14973]: read /var/lib/neutron/dhcp/26033897-71d3-4b7f-9f44-4ed35ce9bdf5/addn_hosts - 6 addresses
Mar 16 05:50:44 gtw01 dnsmasq-dhcp[14973]: read /var/lib/neutron/dhcp/26033897-71d3-4b7f-9f44-4ed35ce9bdf5/host
Mar 16 05:50:44 gtw01 dnsmasq-dhcp[14973]: read /var/lib/neutron/dhcp/26033897-71d3-4b7f-9f44-4ed35ce9bdf5/opts
Mar 16 05:50:45 gtw01 dnsmasq[14973]: read /var/lib/neutron/dhcp/26033897-71d3-4b7f-9f44-4ed35ce9bdf5/addn_hosts - 6 addresses
Mar 16 05:50:45 gtw01 dnsmasq-dhcp[14973]: read /var/lib/neutron/dhcp/26033897-71d3-4b7f-9f44-4ed35ce9bdf5/host
Mar 16 05:50:45 gtw01 dnsmasq-dhcp[14973]: read /var/lib/neutron/dhcp/26033897-71d3-4b7f-9f44-4ed35ce9bdf5/opts
Mar 16 05:50:45 gtw01 dnsmasq[15356]: read /var/lib/neutron/dhcp/358332e6-e045-4228-9afb-fc5b1d0c7284/addn_hosts - 1 addresses
Mar 16 05:50:45 gtw01 dnsmasq-dhcp[15356]: read /var/lib/neutron/dhcp/358332e6-e045-4228-9afb-fc5b1d0c7284/host
Mar 16 05:50:45 gtw01 dnsmasq-dhcp[15356]: read /var/lib/neutron/dhcp/358332e6-e045-4228-9afb-fc5b1d0c7284/opts
Mar 16 05:50:45 gtw01 dnsmasq[14973]: read /var/lib/neutron/dhcp/26033897-71d3-4b7f-9f44-4ed35ce9bdf5/addn_hosts - 6 addresses
Mar 16 05:50:45 gtw01 dnsmasq-dhcp[14973]: read /var/lib/neutron/dhcp/26033897-71d3-4b7f-9f44-4ed35ce9bdf5/host
Mar 16 05:50:45 gtw01 dnsmasq-dhcp[14973]: read /var/lib/neutron/dhcp/26033897-71d3-4b7f-9f44-4ed35ce9bdf5/opts
Mar 16 05:50:46 gtw01 dnsmasq-dhcp[15452]: DHCPRELEASE(tapc61f2b92-0a) 192.168.120.5 fa:16:3e:3b:20:04
Mar 16 05:50:46 gtw01 dnsmasq-dhcp[15452]: DHCPRELEASE(tapc61f2b92-0a) 192.168.120.5 fa:16:3e:3b:20:04 unknown lease
Mar 16 05:50:47 gtw01 dnsmasq[15452]: read /var/lib/neutron/dhcp/0d5a8511-54aa-4692-9c0a-839fe21f6eee/addn_hosts - 2 addresses
Mar 16 05:50:47 gtw01 dnsmasq-dhcp[15452]: read /var/lib/neutron/dhcp/0d5a8511-54aa-4692-9c0a-839fe21f6eee/host
Mar 16 05:50:47 gtw01 dnsmasq-dhcp[15452]: read /var/lib/neutron/dhcp/0d5a8511-54aa-4692-9c0a-839fe21f6eee/opts
Mar 16 05:50:50 gtw01 dnsmasq[16008]: started, version 2.78 cachesize 150
Mar 16 05:50:50 gtw01 dnsmasq[16008]: DNS service limited to local subnets
Mar 16 05:50:50 gtw01 dnsmasq[16008]: compile time options: IPv6 GNU-getopt DBus i18n IDN DHCP DHCPv6 no-Lua TFTP conntrack ipset auth DNSSEC loop-detect inotify
Mar 16 05:50:50 gtw01 dnsmasq[16008]: warning: no upstream servers configured
Mar 16 05:50:50 gtw01 dnsmasq-dhcp[16008]: DHCP, static leases only on 192.168.120.0, lease time 1h
Mar 16 05:50:50 gtw01 dnsmasq[16008]: read /var/lib/neutron/dhcp/0d5a8511-54aa-4692-9c0a-839fe21f6eee/addn_hosts - 2 addresses
Mar 16 05:50:50 gtw01 dnsmasq-dhcp[16008]: read /var/lib/neutron/dhcp/0d5a8511-54aa-4692-9c0a-839fe21f6eee/host
Mar 16 05:50:50 gtw01 dnsmasq-dhcp[16008]: read /var/lib/neutron/dhcp/0d5a8511-54aa-4692-9c0a-839fe21f6eee/opts
Mar 16 05:50:50 gtw01 dnsmasq-dhcp[16008]: DHCPRELEASE(tapc61f2b92-0a) 192.168.120.1 fa:16:3e:73:cc:c4
Mar 16 05:50:51 gtw01 kernel: [ 6063.357774] device tap2dfbb4cf-ae left promiscuous mode
Mar 16 05:50:51 gtw01 dnsmasq[16008]: read /var/lib/neutron/dhcp/0d5a8511-54aa-4692-9c0a-839fe21f6eee/addn_hosts - 1 addresses
Mar 16 05:50:51 gtw01 dnsmasq-dhcp[16008]: read /var/lib/neutron/dhcp/0d5a8511-54aa-4692-9c0a-839fe21f6eee/host
Mar 16 05:50:51 gtw01 dnsmasq-dhcp[16008]: read /var/lib/neutron/dhcp/0d5a8511-54aa-4692-9c0a-839fe21f6eee/opts
Mar 16 05:50:51 gtw01 dnsmasq-dhcp[14973]: DHCPDISCOVER(tap16bc0e92-06) fa:16:3e:cb:d0:14
Mar 16 05:50:51 gtw01 dnsmasq-dhcp[14973]: DHCPOFFER(tap16bc0e92-06) 192.168.120.5 fa:16:3e:cb:d0:14
Mar 16 05:50:51 gtw01 dnsmasq-dhcp[14973]: DHCPREQUEST(tap16bc0e92-06) 192.168.120.5 fa:16:3e:cb:d0:14
Mar 16 05:50:51 gtw01 dnsmasq-dhcp[14973]: DHCPACK(tap16bc0e92-06) 192.168.120.5 fa:16:3e:cb:d0:14 host-192-168-120-5
Mar 16 05:50:53 gtw01 dnsmasq-dhcp[14973]: DHCPRELEASE(tap16bc0e92-06) 192.168.120.5 fa:16:3e:cb:d0:14
Mar 16 05:50:53 gtw01 dnsmasq[14973]: read /var/lib/neutron/dhcp/26033897-71d3-4b7f-9f44-4ed35ce9bdf5/addn_hosts - 5 addresses
Mar 16 05:50:53 gtw01 dnsmasq-dhcp[14973]: read /var/lib/neutron/dhcp/26033897-71d3-4b7f-9f44-4ed35ce9bdf5/host
Mar 16 05:50:53 gtw01 dnsmasq-dhcp[14973]: read /var/lib/neutron/dhcp/26033897-71d3-4b7f-9f44-4ed35ce9bdf5/opts
Mar 16 05:50:56 gtw01 kernel: [ 6068.385697] device tapc61f2b92-0a left promiscuous mode
Mar 16 05:50:59 gtw01 dnsmasq[14973]: read /var/lib/neutron/dhcp/26033897-71d3-4b7f-9f44-4ed35ce9bdf5/addn_hosts - 4 addresses
Mar 16 05:50:59 gtw01 dnsmasq-dhcp[14973]: read /var/lib/neutron/dhcp/26033897-71d3-4b7f-9f44-4ed35ce9bdf5/host
Mar 16 05:50:59 gtw01 dnsmasq-dhcp[14973]: read /var/lib/neutron/dhcp/26033897-71d3-4b7f-9f44-4ed35ce9bdf5/opts
Mar 16 05:51:00 gtw01 dnsmasq[14973]: read /var/lib/neutron/dhcp/26033897-71d3-4b7f-9f44-4ed35ce9bdf5/addn_hosts - 3 addresses
Mar 16 05:51:00 gtw01 dnsmasq-dhcp[14973]: read /var/lib/neutron/dhcp/26033897-71d3-4b7f-9f44-4ed35ce9bdf5/host
Mar 16 05:51:00 gtw01 dnsmasq-dhcp[14973]: read /var/lib/neutron/dhcp/26033897-71d3-4b7f-9f44-4ed35ce9bdf5/opts
Mar 16 05:51:01 gtw01 dnsmasq[14973]: read /var/lib/neutron/dhcp/26033897-71d3-4b7f-9f44-4ed35ce9bdf5/addn_hosts - 2 addresses
Mar 16 05:51:01 gtw01 dnsmasq-dhcp[14973]: read /var/lib/neutron/dhcp/26033897-71d3-4b7f-9f44-4ed35ce9bdf5/host
Mar 16 05:51:01 gtw01 dnsmasq-dhcp[14973]: read /var/lib/neutron/dhcp/26033897-71d3-4b7f-9f44-4ed35ce9bdf5/opts
Mar 16 05:51:02 gtw01 dnsmasq[14973]: read /var/lib/neutron/dhcp/26033897-71d3-4b7f-9f44-4ed35ce9bdf5/addn_hosts - 3 addresses
Mar 16 05:51:02 gtw01 dnsmasq-dhcp[14973]: read /var/lib/neutron/dhcp/26033897-71d3-4b7f-9f44-4ed35ce9bdf5/host
Mar 16 05:51:02 gtw01 dnsmasq-dhcp[14973]: read /var/lib/neutron/dhcp/26033897-71d3-4b7f-9f44-4ed35ce9bdf5/opts
Mar 16 05:51:03 gtw01 dnsmasq[14973]: read /var/lib/neutron/dhcp/26033897-71d3-4b7f-9f44-4ed35ce9bdf5/addn_hosts - 3 addresses
Mar 16 05:51:03 gtw01 dnsmasq-dhcp[14973]: read /var/lib/neutron/dhcp/26033897-71d3-4b7f-9f44-4ed35ce9bdf5/host
Mar 16 05:51:03 gtw01 dnsmasq-dhcp[14973]: read /var/lib/neutron/dhcp/26033897-71d3-4b7f-9f44-4ed35ce9bdf5/opts
Mar 16 05:51:04 gtw01 dnsmasq[14973]: read /var/lib/neutron/dhcp/26033897-71d3-4b7f-9f44-4ed35ce9bdf5/addn_hosts - 3 addresses
Mar 16 05:51:04 gtw01 dnsmasq-dhcp[14973]: read /var/lib/neutron/dhcp/26033897-71d3-4b7f-9f44-4ed35ce9bdf5/host
Mar 16 05:51:04 gtw01 dnsmasq-dhcp[14973]: read /var/lib/neutron/dhcp/26033897-71d3-4b7f-9f44-4ed35ce9bdf5/opts
Mar 16 05:51:05 gtw01 kernel: [ 6077.713086] device tape9e1d8c9-97 entered promiscuous mode
Mar 16 05:51:05 gtw01 systemd-udevd[16184]: Could not generate persistent MAC address for tape9e1d8c9-97: No such file or directory
Mar 16 05:51:08 gtw01 dnsmasq[16308]: started, version 2.78 cachesize 150
Mar 16 05:51:08 gtw01 dnsmasq[16308]: DNS service limited to local subnets
Mar 16 05:51:08 gtw01 dnsmasq[16308]: compile time options: IPv6 GNU-getopt DBus i18n IDN DHCP DHCPv6 no-Lua TFTP conntrack ipset auth DNSSEC loop-detect inotify
Mar 16 05:51:08 gtw01 dnsmasq[16308]: warning: no upstream servers configured
Mar 16 05:51:08 gtw01 dnsmasq-dhcp[16308]: DHCP, static leases only on 192.168.120.0, lease time 1h
Mar 16 05:51:08 gtw01 dnsmasq[16308]: read /var/lib/neutron/dhcp/0206dcf5-6670-4ef6-8510-6025fad7b10e/addn_hosts - 1 addresses
Mar 16 05:51:08 gtw01 dnsmasq-dhcp[16308]: read /var/lib/neutron/dhcp/0206dcf5-6670-4ef6-8510-6025fad7b10e/host
Mar 16 05:51:08 gtw01 dnsmasq-dhcp[16308]: read /var/lib/neutron/dhcp/0206dcf5-6670-4ef6-8510-6025fad7b10e/opts
Mar 16 05:51:08 gtw01 haproxy-metadata-proxy-0206dcf5-6670-4ef6-8510-6025fad7b10e[16312]: Proxy listener started.
Mar 16 05:51:09 gtw01 dnsmasq[16308]: read /var/lib/neutron/dhcp/0206dcf5-6670-4ef6-8510-6025fad7b10e/addn_hosts - 2 addresses
Mar 16 05:51:09 gtw01 dnsmasq-dhcp[16308]: read /var/lib/neutron/dhcp/0206dcf5-6670-4ef6-8510-6025fad7b10e/host
Mar 16 05:51:09 gtw01 dnsmasq-dhcp[16308]: read /var/lib/neutron/dhcp/0206dcf5-6670-4ef6-8510-6025fad7b10e/opts
Mar 16 05:51:12 gtw01 dnsmasq[14973]: read /var/lib/neutron/dhcp/26033897-71d3-4b7f-9f44-4ed35ce9bdf5/addn_hosts - 4 addresses
Mar 16 05:51:12 gtw01 dnsmasq-dhcp[14973]: read /var/lib/neutron/dhcp/26033897-71d3-4b7f-9f44-4ed35ce9bdf5/host
Mar 16 05:51:12 gtw01 dnsmasq-dhcp[14973]: read /var/lib/neutron/dhcp/26033897-71d3-4b7f-9f44-4ed35ce9bdf5/opts
Mar 16 05:51:14 gtw01 dnsmasq[14973]: read /var/lib/neutron/dhcp/26033897-71d3-4b7f-9f44-4ed35ce9bdf5/addn_hosts - 3 addresses
Mar 16 05:51:14 gtw01 dnsmasq-dhcp[14973]: read /var/lib/neutron/dhcp/26033897-71d3-4b7f-9f44-4ed35ce9bdf5/host
Mar 16 05:51:14 gtw01 dnsmasq-dhcp[14973]: read /var/lib/neutron/dhcp/26033897-71d3-4b7f-9f44-4ed35ce9bdf5/opts
Mar 16 05:51:15 gtw01 dnsmasq[14973]: read /var/lib/neutron/dhcp/26033897-71d3-4b7f-9f44-4ed35ce9bdf5/addn_hosts - 3 addresses
Mar 16 05:51:15 gtw01 dnsmasq-dhcp[14973]: read /var/lib/neutron/dhcp/26033897-71d3-4b7f-9f44-4ed35ce9bdf5/host
Mar 16 05:51:15 gtw01 dnsmasq-dhcp[14973]: read /var/lib/neutron/dhcp/26033897-71d3-4b7f-9f44-4ed35ce9bdf5/opts
Mar 16 05:51:15 gtw01 dnsmasq[16308]: read /var/lib/neutron/dhcp/0206dcf5-6670-4ef6-8510-6025fad7b10e/addn_hosts - 3 addresses
Mar 16 05:51:15 gtw01 dnsmasq-dhcp[16308]: read /var/lib/neutron/dhcp/0206dcf5-6670-4ef6-8510-6025fad7b10e/host
Mar 16 05:51:15 gtw01 dnsmasq-dhcp[16308]: read /var/lib/neutron/dhcp/0206dcf5-6670-4ef6-8510-6025fad7b10e/opts
Mar 16 05:51:16 gtw01 dnsmasq[14973]: read /var/lib/neutron/dhcp/26033897-71d3-4b7f-9f44-4ed35ce9bdf5/addn_hosts - 3 addresses
Mar 16 05:51:16 gtw01 dnsmasq-dhcp[14973]: read /var/lib/neutron/dhcp/26033897-71d3-4b7f-9f44-4ed35ce9bdf5/host
Mar 16 05:51:16 gtw01 dnsmasq-dhcp[14973]: read /var/lib/neutron/dhcp/26033897-71d3-4b7f-9f44-4ed35ce9bdf5/opts
Mar 16 05:51:16 gtw01 dnsmasq[16308]: read /var/lib/neutron/dhcp/0206dcf5-6670-4ef6-8510-6025fad7b10e/addn_hosts - 3 addresses
Mar 16 05:51:16 gtw01 dnsmasq-dhcp[16308]: read /var/lib/neutron/dhcp/0206dcf5-6670-4ef6-8510-6025fad7b10e/host
Mar 16 05:51:16 gtw01 dnsmasq-dhcp[16308]: read /var/lib/neutron/dhcp/0206dcf5-6670-4ef6-8510-6025fad7b10e/opts
Mar 16 05:51:17 gtw01 dnsmasq[16308]: read /var/lib/neutron/dhcp/0206dcf5-6670-4ef6-8510-6025fad7b10e/addn_hosts - 3 addresses
Mar 16 05:51:17 gtw01 dnsmasq-dhcp[16308]: read /var/lib/neutron/dhcp/0206dcf5-6670-4ef6-8510-6025fad7b10e/host
Mar 16 05:51:17 gtw01 dnsmasq-dhcp[16308]: read /var/lib/neutron/dhcp/0206dcf5-6670-4ef6-8510-6025fad7b10e/opts
Mar 16 05:51:18 gtw01 systemd-udevd[16463]: Could not generate persistent MAC address for tapa8a20406-a6: No such file or directory
Mar 16 05:51:18 gtw01 kernel: [ 6090.800515] device tapa8a20406-a6 entered promiscuous mode
Mar 16 05:51:21 gtw01 dnsmasq[16587]: started, version 2.78 cachesize 150
Mar 16 05:51:21 gtw01 dnsmasq[16587]: DNS service limited to local subnets
Mar 16 05:51:21 gtw01 dnsmasq[16587]: compile time options: IPv6 GNU-getopt DBus i18n IDN DHCP DHCPv6 no-Lua TFTP conntrack ipset auth DNSSEC loop-detect inotify
Mar 16 05:51:21 gtw01 dnsmasq[16587]: warning: no upstream servers configured
Mar 16 05:51:21 gtw01 dnsmasq-dhcp[16587]: DHCP, static leases only on 192.168.120.240, lease time 1h
Mar 16 05:51:21 gtw01 dnsmasq[16587]: read /var/lib/neutron/dhcp/10607a13-3129-4d0f-a80d-bb5e7c95fc9c/addn_hosts - 1 addresses
Mar 16 05:51:21 gtw01 dnsmasq-dhcp[16587]: read /var/lib/neutron/dhcp/10607a13-3129-4d0f-a80d-bb5e7c95fc9c/host
Mar 16 05:51:21 gtw01 dnsmasq-dhcp[16587]: read /var/lib/neutron/dhcp/10607a13-3129-4d0f-a80d-bb5e7c95fc9c/opts
Mar 16 05:51:21 gtw01 haproxy-metadata-proxy-10607a13-3129-4d0f-a80d-bb5e7c95fc9c[16591]: Proxy listener started.
Mar 16 05:51:22 gtw01 dnsmasq[16587]: read /var/lib/neutron/dhcp/10607a13-3129-4d0f-a80d-bb5e7c95fc9c/addn_hosts - 1 addresses
Mar 16 05:51:22 gtw01 dnsmasq-dhcp[16587]: read /var/lib/neutron/dhcp/10607a13-3129-4d0f-a80d-bb5e7c95fc9c/host
Mar 16 05:51:22 gtw01 dnsmasq-dhcp[16587]: read /var/lib/neutron/dhcp/10607a13-3129-4d0f-a80d-bb5e7c95fc9c/opts
Mar 16 05:51:23 gtw01 systemd-udevd[16638]: Could not generate persistent MAC address for tap69c01408-11: No such file or directory
Mar 16 05:51:23 gtw01 kernel: [ 6095.636255] device tap69c01408-11 entered promiscuous mode
Mar 16 05:51:23 gtw01 dnsmasq[16587]: read /var/lib/neutron/dhcp/10607a13-3129-4d0f-a80d-bb5e7c95fc9c/addn_hosts - 1 addresses
Mar 16 05:51:23 gtw01 dnsmasq-dhcp[16587]: read /var/lib/neutron/dhcp/10607a13-3129-4d0f-a80d-bb5e7c95fc9c/host
Mar 16 05:51:23 gtw01 dnsmasq-dhcp[16587]: read /var/lib/neutron/dhcp/10607a13-3129-4d0f-a80d-bb5e7c95fc9c/opts
Mar 16 05:51:26 gtw01 dnsmasq[16771]: started, version 2.78 cachesize 150
Mar 16 05:51:26 gtw01 dnsmasq[16771]: DNS service limited to local subnets
Mar 16 05:51:26 gtw01 dnsmasq[16771]: compile time options: IPv6 GNU-getopt DBus i18n IDN DHCP DHCPv6 no-Lua TFTP conntrack ipset auth DNSSEC loop-detect inotify
Mar 16 05:51:26 gtw01 dnsmasq[16771]: warning: no upstream servers configured
Mar 16 05:51:26 gtw01 dnsmasq-dhcp[16771]: DHCP, static leases only on 192.168.120.0, lease time 1h
Mar 16 05:51:26 gtw01 dnsmasq[16771]: read /var/lib/neutron/dhcp/86646ed6-818e-4e12-aa51-caa9f7e47c8c/addn_hosts - 1 addresses
Mar 16 05:51:26 gtw01 dnsmasq-dhcp[16771]: read /var/lib/neutron/dhcp/86646ed6-818e-4e12-aa51-caa9f7e47c8c/host
Mar 16 05:51:26 gtw01 dnsmasq-dhcp[16771]: read /var/lib/neutron/dhcp/86646ed6-818e-4e12-aa51-caa9f7e47c8c/opts
Mar 16 05:51:26 gtw01 haproxy-metadata-proxy-86646ed6-818e-4e12-aa51-caa9f7e47c8c[16775]: Proxy listener started.
Mar 16 05:51:27 gtw01 dnsmasq[16771]: read /var/lib/neutron/dhcp/86646ed6-818e-4e12-aa51-caa9f7e47c8c/addn_hosts - 2 addresses
Mar 16 05:51:27 gtw01 dnsmasq-dhcp[16771]: read /var/lib/neutron/dhcp/86646ed6-818e-4e12-aa51-caa9f7e47c8c/host
Mar 16 05:51:27 gtw01 dnsmasq-dhcp[16771]: read /var/lib/neutron/dhcp/86646ed6-818e-4e12-aa51-caa9f7e47c8c/opts
Mar 16 05:51:29 gtw01 dnsmasq-dhcp[14973]: DHCPDISCOVER(tap16bc0e92-06) fa:16:3e:c7:8b:dd
Mar 16 05:51:29 gtw01 dnsmasq-dhcp[14973]: DHCPOFFER(tap16bc0e92-06) 192.168.120.6 fa:16:3e:c7:8b:dd
Mar 16 05:51:29 gtw01 dnsmasq-dhcp[14973]: DHCPREQUEST(tap16bc0e92-06) 192.168.120.6 fa:16:3e:c7:8b:dd
Mar 16 05:51:29 gtw01 dnsmasq-dhcp[14973]: DHCPACK(tap16bc0e92-06) 192.168.120.6 fa:16:3e:c7:8b:dd host-192-168-120-6
Mar 16 05:51:30 gtw01 dnsmasq[16838]: started, version 2.78 cachesize 150
Mar 16 05:51:30 gtw01 dnsmasq[16838]: DNS service limited to local subnets
Mar 16 05:51:30 gtw01 dnsmasq[16838]: compile time options: IPv6 GNU-getopt DBus i18n IDN DHCP DHCPv6 no-Lua TFTP conntrack ipset auth DNSSEC loop-detect inotify
Mar 16 05:51:30 gtw01 dnsmasq[16838]: warning: no upstream servers configured
Mar 16 05:51:30 gtw01 dnsmasq-dhcp[16838]: DHCP, static leases only on 192.168.120.0, lease time 1h
Mar 16 05:51:30 gtw01 dnsmasq[16838]: read /var/lib/neutron/dhcp/0206dcf5-6670-4ef6-8510-6025fad7b10e/addn_hosts - 3 addresses
Mar 16 05:51:30 gtw01 dnsmasq-dhcp[16838]: read /var/lib/neutron/dhcp/0206dcf5-6670-4ef6-8510-6025fad7b10e/host
Mar 16 05:51:30 gtw01 dnsmasq-dhcp[16838]: read /var/lib/neutron/dhcp/0206dcf5-6670-4ef6-8510-6025fad7b10e/opts
Mar 16 05:51:31 gtw01 dnsmasq-dhcp[16838]: DHCPDISCOVER(tape9e1d8c9-97) fa:16:3e:a6:f9:bb
Mar 16 05:51:31 gtw01 dnsmasq-dhcp[16838]: DHCPOFFER(tape9e1d8c9-97) 192.168.120.3 fa:16:3e:a6:f9:bb
Mar 16 05:51:31 gtw01 dnsmasq-dhcp[16838]: DHCPREQUEST(tape9e1d8c9-97) 192.168.120.3 fa:16:3e:a6:f9:bb
Mar 16 05:51:31 gtw01 dnsmasq-dhcp[16838]: DHCPACK(tape9e1d8c9-97) 192.168.120.3 fa:16:3e:a6:f9:bb host-192-168-120-3
Mar 16 05:51:32 gtw01 dnsmasq[16771]: read /var/lib/neutron/dhcp/86646ed6-818e-4e12-aa51-caa9f7e47c8c/addn_hosts - 3 addresses
Mar 16 05:51:32 gtw01 dnsmasq-dhcp[16771]: read /var/lib/neutron/dhcp/86646ed6-818e-4e12-aa51-caa9f7e47c8c/host
Mar 16 05:51:32 gtw01 dnsmasq-dhcp[16771]: read /var/lib/neutron/dhcp/86646ed6-818e-4e12-aa51-caa9f7e47c8c/opts
Mar 16 05:51:33 gtw01 dnsmasq[16771]: read /var/lib/neutron/dhcp/86646ed6-818e-4e12-aa51-caa9f7e47c8c/addn_hosts - 3 addresses
Mar 16 05:51:33 gtw01 dnsmasq-dhcp[16771]: read /var/lib/neutron/dhcp/86646ed6-818e-4e12-aa51-caa9f7e47c8c/host
Mar 16 05:51:33 gtw01 dnsmasq-dhcp[16771]: read /var/lib/neutron/dhcp/86646ed6-818e-4e12-aa51-caa9f7e47c8c/opts
Mar 16 05:51:34 gtw01 dnsmasq[16771]: read /var/lib/neutron/dhcp/86646ed6-818e-4e12-aa51-caa9f7e47c8c/addn_hosts - 3 addresses
Mar 16 05:51:34 gtw01 dnsmasq-dhcp[16771]: read /var/lib/neutron/dhcp/86646ed6-818e-4e12-aa51-caa9f7e47c8c/host
Mar 16 05:51:34 gtw01 dnsmasq-dhcp[16771]: read /var/lib/neutron/dhcp/86646ed6-818e-4e12-aa51-caa9f7e47c8c/opts
Mar 16 05:51:36 gtw01 systemd-udevd[16907]: Could not generate persistent MAC address for tapbc1aafff-e8: No such file or directory
Mar 16 05:51:36 gtw01 kernel: [ 6108.358451] device tapbc1aafff-e8 entered promiscuous mode
Mar 16 05:51:39 gtw01 dnsmasq[17033]: started, version 2.78 cachesize 150
Mar 16 05:51:39 gtw01 dnsmasq[17033]: DNS service limited to local subnets
Mar 16 05:51:39 gtw01 dnsmasq[17033]: compile time options: IPv6 GNU-getopt DBus i18n IDN DHCP DHCPv6 no-Lua TFTP conntrack ipset auth DNSSEC loop-detect inotify
Mar 16 05:51:39 gtw01 dnsmasq[17033]: warning: no upstream servers configured
Mar 16 05:51:39 gtw01 dnsmasq-dhcp[17033]: DHCP, static leases only on 192.168.120.0, lease time 1h
Mar 16 05:51:39 gtw01 dnsmasq[17033]: read /var/lib/neutron/dhcp/be37bc2b-fcf0-4bc5-b30f-be4b7fb6b13f/addn_hosts - 1 addresses
Mar 16 05:51:39 gtw01 dnsmasq-dhcp[17033]: read /var/lib/neutron/dhcp/be37bc2b-fcf0-4bc5-b30f-be4b7fb6b13f/host
Mar 16 05:51:39 gtw01 dnsmasq-dhcp[17033]: read /var/lib/neutron/dhcp/be37bc2b-fcf0-4bc5-b30f-be4b7fb6b13f/opts
Mar 16 05:51:39 gtw01 haproxy-metadata-proxy-be37bc2b-fcf0-4bc5-b30f-be4b7fb6b13f[17037]: Proxy listener started.
Mar 16 05:51:39 gtw01 dnsmasq[17033]: read /var/lib/neutron/dhcp/be37bc2b-fcf0-4bc5-b30f-be4b7fb6b13f/addn_hosts - 1 addresses
Mar 16 05:51:39 gtw01 dnsmasq-dhcp[17033]: read /var/lib/neutron/dhcp/be37bc2b-fcf0-4bc5-b30f-be4b7fb6b13f/host
Mar 16 05:51:39 gtw01 dnsmasq-dhcp[17033]: read /var/lib/neutron/dhcp/be37bc2b-fcf0-4bc5-b30f-be4b7fb6b13f/opts
Mar 16 05:51:40 gtw01 kernel: [ 6112.743973] device tapbc1aafff-e8 left promiscuous mode
Mar 16 05:51:42 gtw01 dnsmasq-dhcp[16838]: DHCPRELEASE(tape9e1d8c9-97) 192.168.120.3 fa:16:3e:a6:f9:bb
Mar 16 05:51:42 gtw01 dnsmasq-dhcp[14973]: DHCPRELEASE(tap16bc0e92-06) 192.168.120.6 fa:16:3e:c7:8b:dd
Mar 16 05:51:43 gtw01 dnsmasq-dhcp[16838]: DHCPRELEASE(tape9e1d8c9-97) 192.168.120.3 fa:16:3e:a6:f9:bb unknown lease
Mar 16 05:51:43 gtw01 dnsmasq-dhcp[14973]: DHCPRELEASE(tap16bc0e92-06) 192.168.120.6 fa:16:3e:c7:8b:dd unknown lease
Mar 16 05:51:43 gtw01 dnsmasq[16838]: read /var/lib/neutron/dhcp/0206dcf5-6670-4ef6-8510-6025fad7b10e/addn_hosts - 2 addresses
Mar 16 05:51:43 gtw01 dnsmasq-dhcp[16838]: read /var/lib/neutron/dhcp/0206dcf5-6670-4ef6-8510-6025fad7b10e/host
Mar 16 05:51:43 gtw01 dnsmasq-dhcp[16838]: read /var/lib/neutron/dhcp/0206dcf5-6670-4ef6-8510-6025fad7b10e/opts
Mar 16 05:51:43 gtw01 dnsmasq[14973]: read /var/lib/neutron/dhcp/26033897-71d3-4b7f-9f44-4ed35ce9bdf5/addn_hosts - 2 addresses
Mar 16 05:51:43 gtw01 dnsmasq-dhcp[14973]: read /var/lib/neutron/dhcp/26033897-71d3-4b7f-9f44-4ed35ce9bdf5/host
Mar 16 05:51:43 gtw01 dnsmasq-dhcp[14973]: read /var/lib/neutron/dhcp/26033897-71d3-4b7f-9f44-4ed35ce9bdf5/opts
Mar 16 05:51:47 gtw01 dnsmasq-dhcp[16838]: DHCPRELEASE(tape9e1d8c9-97) 192.168.120.1 fa:16:3e:91:4e:03
Mar 16 05:51:47 gtw01 dnsmasq-dhcp[16771]: DHCPDISCOVER(tap69c01408-11) fa:16:3e:fc:f0:39
Mar 16 05:51:47 gtw01 dnsmasq-dhcp[16771]: DHCPOFFER(tap69c01408-11) 192.168.120.4 fa:16:3e:fc:f0:39
Mar 16 05:51:47 gtw01 dnsmasq-dhcp[16771]: DHCPREQUEST(tap69c01408-11) 192.168.120.4 fa:16:3e:fc:f0:39
Mar 16 05:51:47 gtw01 dnsmasq-dhcp[16771]: DHCPACK(tap69c01408-11) 192.168.120.4 fa:16:3e:fc:f0:39 host-192-168-120-4
Mar 16 05:51:47 gtw01 dnsmasq[16838]: read /var/lib/neutron/dhcp/0206dcf5-6670-4ef6-8510-6025fad7b10e/addn_hosts - 1 addresses
Mar 16 05:51:47 gtw01 dnsmasq-dhcp[16838]: read /var/lib/neutron/dhcp/0206dcf5-6670-4ef6-8510-6025fad7b10e/host
Mar 16 05:51:47 gtw01 dnsmasq-dhcp[16838]: read /var/lib/neutron/dhcp/0206dcf5-6670-4ef6-8510-6025fad7b10e/opts
Mar 16 05:51:51 gtw01 kernel: [ 6124.252986] device tape9e1d8c9-97 left promiscuous mode
Mar 16 05:52:01 gtw01 systemd-udevd[17163]: Could not generate persistent MAC address for tap880835db-7a: No such file or directory
Mar 16 05:52:01 gtw01 kernel: [ 6134.100703] device tap880835db-7a entered promiscuous mode
Mar 16 05:52:04 gtw01 dnsmasq[17287]: started, version 2.78 cachesize 150
