Mar 16 06:02:00 gtw01 dnsmasq-dhcp[21349]: DHCPREQUEST(tap4b184906-3a) 192.168.120.10 fa:16:3e:24:6e:17
Mar 16 06:02:00 gtw01 dnsmasq-dhcp[21349]: DHCPACK(tap4b184906-3a) 192.168.120.10 fa:16:3e:24:6e:17 host-192-168-120-10
Mar 16 06:02:00 gtw01 dnsmasq[21349]: read /var/lib/neutron/dhcp/61f4f97b-dd89-411c-83a6-0aacb0cf4893/addn_hosts - 13 addresses
Mar 16 06:02:00 gtw01 dnsmasq-dhcp[21349]: read /var/lib/neutron/dhcp/61f4f97b-dd89-411c-83a6-0aacb0cf4893/host
Mar 16 06:02:00 gtw01 dnsmasq-dhcp[21349]: read /var/lib/neutron/dhcp/61f4f97b-dd89-411c-83a6-0aacb0cf4893/opts
Mar 16 06:02:01 gtw01 dnsmasq-dhcp[21349]: DHCPRELEASE(tap4b184906-3a) 192.168.120.10 fa:16:3e:24:6e:17
Mar 16 06:02:01 gtw01 dnsmasq[21349]: read /var/lib/neutron/dhcp/61f4f97b-dd89-411c-83a6-0aacb0cf4893/addn_hosts - 13 addresses
Mar 16 06:02:01 gtw01 dnsmasq-dhcp[21349]: read /var/lib/neutron/dhcp/61f4f97b-dd89-411c-83a6-0aacb0cf4893/host
Mar 16 06:02:01 gtw01 dnsmasq-dhcp[21349]: read /var/lib/neutron/dhcp/61f4f97b-dd89-411c-83a6-0aacb0cf4893/opts
Mar 16 06:02:02 gtw01 dnsmasq[21349]: read /var/lib/neutron/dhcp/61f4f97b-dd89-411c-83a6-0aacb0cf4893/addn_hosts - 13 addresses
Mar 16 06:02:02 gtw01 dnsmasq-dhcp[21349]: read /var/lib/neutron/dhcp/61f4f97b-dd89-411c-83a6-0aacb0cf4893/host
Mar 16 06:02:02 gtw01 dnsmasq-dhcp[21349]: read /var/lib/neutron/dhcp/61f4f97b-dd89-411c-83a6-0aacb0cf4893/opts
Mar 16 06:02:04 gtw01 dnsmasq[21349]: read /var/lib/neutron/dhcp/61f4f97b-dd89-411c-83a6-0aacb0cf4893/addn_hosts - 14 addresses
Mar 16 06:02:04 gtw01 dnsmasq-dhcp[21349]: read /var/lib/neutron/dhcp/61f4f97b-dd89-411c-83a6-0aacb0cf4893/host
Mar 16 06:02:04 gtw01 dnsmasq-dhcp[21349]: read /var/lib/neutron/dhcp/61f4f97b-dd89-411c-83a6-0aacb0cf4893/opts
Mar 16 06:02:05 gtw01 dnsmasq[21349]: read /var/lib/neutron/dhcp/61f4f97b-dd89-411c-83a6-0aacb0cf4893/addn_hosts - 14 addresses
Mar 16 06:02:05 gtw01 dnsmasq-dhcp[21349]: read /var/lib/neutron/dhcp/61f4f97b-dd89-411c-83a6-0aacb0cf4893/host
Mar 16 06:02:05 gtw01 dnsmasq-dhcp[21349]: read /var/lib/neutron/dhcp/61f4f97b-dd89-411c-83a6-0aacb0cf4893/opts
Mar 16 06:02:06 gtw01 dnsmasq[21349]: read /var/lib/neutron/dhcp/61f4f97b-dd89-411c-83a6-0aacb0cf4893/addn_hosts - 14 addresses
Mar 16 06:02:06 gtw01 dnsmasq-dhcp[21349]: read /var/lib/neutron/dhcp/61f4f97b-dd89-411c-83a6-0aacb0cf4893/host
Mar 16 06:02:06 gtw01 dnsmasq-dhcp[21349]: read /var/lib/neutron/dhcp/61f4f97b-dd89-411c-83a6-0aacb0cf4893/opts
Mar 16 06:02:09 gtw01 dnsmasq[21349]: read /var/lib/neutron/dhcp/61f4f97b-dd89-411c-83a6-0aacb0cf4893/addn_hosts - 13 addresses
Mar 16 06:02:09 gtw01 dnsmasq-dhcp[21349]: read /var/lib/neutron/dhcp/61f4f97b-dd89-411c-83a6-0aacb0cf4893/host
Mar 16 06:02:09 gtw01 dnsmasq-dhcp[21349]: read /var/lib/neutron/dhcp/61f4f97b-dd89-411c-83a6-0aacb0cf4893/opts
Mar 16 06:02:10 gtw01 dnsmasq-dhcp[21349]: DHCPDISCOVER(tap4b184906-3a) fa:16:3e:95:4b:2b
Mar 16 06:02:10 gtw01 dnsmasq-dhcp[21349]: DHCPOFFER(tap4b184906-3a) 192.168.120.23 fa:16:3e:95:4b:2b
Mar 16 06:02:10 gtw01 dnsmasq-dhcp[21349]: DHCPREQUEST(tap4b184906-3a) 192.168.120.23 fa:16:3e:95:4b:2b
Mar 16 06:02:10 gtw01 dnsmasq-dhcp[21349]: DHCPACK(tap4b184906-3a) 192.168.120.23 fa:16:3e:95:4b:2b host-192-168-120-23
Mar 16 06:02:10 gtw01 dnsmasq[21349]: read /var/lib/neutron/dhcp/61f4f97b-dd89-411c-83a6-0aacb0cf4893/addn_hosts - 12 addresses
Mar 16 06:02:10 gtw01 dnsmasq-dhcp[21349]: read /var/lib/neutron/dhcp/61f4f97b-dd89-411c-83a6-0aacb0cf4893/host
Mar 16 06:02:10 gtw01 dnsmasq-dhcp[21349]: read /var/lib/neutron/dhcp/61f4f97b-dd89-411c-83a6-0aacb0cf4893/opts
Mar 16 06:02:13 gtw01 dnsmasq-dhcp[21349]: DHCPRELEASE(tap4b184906-3a) 192.168.120.23 fa:16:3e:95:4b:2b
Mar 16 06:02:14 gtw01 dnsmasq[21349]: read /var/lib/neutron/dhcp/61f4f97b-dd89-411c-83a6-0aacb0cf4893/addn_hosts - 11 addresses
Mar 16 06:02:14 gtw01 dnsmasq-dhcp[21349]: read /var/lib/neutron/dhcp/61f4f97b-dd89-411c-83a6-0aacb0cf4893/host
Mar 16 06:02:14 gtw01 dnsmasq-dhcp[21349]: read /var/lib/neutron/dhcp/61f4f97b-dd89-411c-83a6-0aacb0cf4893/opts
Mar 16 06:02:14 gtw01 dnsmasq[21349]: read /var/lib/neutron/dhcp/61f4f97b-dd89-411c-83a6-0aacb0cf4893/addn_hosts - 10 addresses
Mar 16 06:02:14 gtw01 dnsmasq-dhcp[21349]: read /var/lib/neutron/dhcp/61f4f97b-dd89-411c-83a6-0aacb0cf4893/host
Mar 16 06:02:14 gtw01 dnsmasq-dhcp[21349]: read /var/lib/neutron/dhcp/61f4f97b-dd89-411c-83a6-0aacb0cf4893/opts
Mar 16 06:02:18 gtw01 dnsmasq[21349]: read /var/lib/neutron/dhcp/61f4f97b-dd89-411c-83a6-0aacb0cf4893/addn_hosts - 9 addresses
Mar 16 06:02:18 gtw01 dnsmasq-dhcp[21349]: read /var/lib/neutron/dhcp/61f4f97b-dd89-411c-83a6-0aacb0cf4893/host
Mar 16 06:02:18 gtw01 dnsmasq-dhcp[21349]: read /var/lib/neutron/dhcp/61f4f97b-dd89-411c-83a6-0aacb0cf4893/opts
Mar 16 06:02:19 gtw01 dnsmasq-dhcp[21349]: DHCPDISCOVER(tap4b184906-3a) fa:16:3e:9b:e2:fc
Mar 16 06:02:19 gtw01 dnsmasq-dhcp[21349]: DHCPOFFER(tap4b184906-3a) 192.168.120.13 fa:16:3e:9b:e2:fc
Mar 16 06:02:19 gtw01 dnsmasq-dhcp[21349]: DHCPREQUEST(tap4b184906-3a) 192.168.120.13 fa:16:3e:9b:e2:fc
Mar 16 06:02:19 gtw01 dnsmasq-dhcp[21349]: DHCPACK(tap4b184906-3a) 192.168.120.13 fa:16:3e:9b:e2:fc host-192-168-120-13
Mar 16 06:02:26 gtw01 dnsmasq-dhcp[21349]: DHCPRELEASE(tap4b184906-3a) 192.168.120.13 fa:16:3e:9b:e2:fc
Mar 16 06:02:30 gtw01 dnsmasq[21349]: read /var/lib/neutron/dhcp/61f4f97b-dd89-411c-83a6-0aacb0cf4893/addn_hosts - 9 addresses
Mar 16 06:02:30 gtw01 dnsmasq-dhcp[21349]: read /var/lib/neutron/dhcp/61f4f97b-dd89-411c-83a6-0aacb0cf4893/host
Mar 16 06:02:30 gtw01 dnsmasq-dhcp[21349]: read /var/lib/neutron/dhcp/61f4f97b-dd89-411c-83a6-0aacb0cf4893/opts
Mar 16 06:02:31 gtw01 dnsmasq[21349]: read /var/lib/neutron/dhcp/61f4f97b-dd89-411c-83a6-0aacb0cf4893/addn_hosts - 9 addresses
Mar 16 06:02:31 gtw01 dnsmasq-dhcp[21349]: read /var/lib/neutron/dhcp/61f4f97b-dd89-411c-83a6-0aacb0cf4893/host
Mar 16 06:02:31 gtw01 dnsmasq-dhcp[21349]: read /var/lib/neutron/dhcp/61f4f97b-dd89-411c-83a6-0aacb0cf4893/opts
Mar 16 06:02:38 gtw01 dnsmasq[21349]: read /var/lib/neutron/dhcp/61f4f97b-dd89-411c-83a6-0aacb0cf4893/addn_hosts - 9 addresses
Mar 16 06:02:38 gtw01 dnsmasq-dhcp[21349]: read /var/lib/neutron/dhcp/61f4f97b-dd89-411c-83a6-0aacb0cf4893/host
Mar 16 06:02:38 gtw01 dnsmasq-dhcp[21349]: read /var/lib/neutron/dhcp/61f4f97b-dd89-411c-83a6-0aacb0cf4893/opts
Mar 16 06:02:39 gtw01 dnsmasq[21349]: read /var/lib/neutron/dhcp/61f4f97b-dd89-411c-83a6-0aacb0cf4893/addn_hosts - 9 addresses
Mar 16 06:02:39 gtw01 dnsmasq-dhcp[21349]: read /var/lib/neutron/dhcp/61f4f97b-dd89-411c-83a6-0aacb0cf4893/host
Mar 16 06:02:39 gtw01 dnsmasq-dhcp[21349]: read /var/lib/neutron/dhcp/61f4f97b-dd89-411c-83a6-0aacb0cf4893/opts
Mar 16 06:02:40 gtw01 kernel: [ 6772.961943] device tap2ce493dd-9d entered promiscuous mode
Mar 16 06:02:40 gtw01 systemd-udevd[23470]: Could not generate persistent MAC address for tap2ce493dd-9d: No such file or directory
Mar 16 06:02:43 gtw01 dnsmasq[23595]: started, version 2.78 cachesize 150
Mar 16 06:02:43 gtw01 dnsmasq[23595]: DNS service limited to local subnets
Mar 16 06:02:43 gtw01 dnsmasq[23595]: compile time options: IPv6 GNU-getopt DBus i18n IDN DHCP DHCPv6 no-Lua TFTP conntrack ipset auth DNSSEC loop-detect inotify
Mar 16 06:02:43 gtw01 dnsmasq[23595]: warning: no upstream servers configured
Mar 16 06:02:43 gtw01 dnsmasq-dhcp[23595]: DHCP, static leases only on 192.168.120.0, lease time 1h
Mar 16 06:02:43 gtw01 dnsmasq[23595]: read /var/lib/neutron/dhcp/31e44f7d-ffc1-4326-8c7f-533d79236087/addn_hosts - 1 addresses
Mar 16 06:02:43 gtw01 dnsmasq-dhcp[23595]: read /var/lib/neutron/dhcp/31e44f7d-ffc1-4326-8c7f-533d79236087/host
Mar 16 06:02:43 gtw01 dnsmasq-dhcp[23595]: read /var/lib/neutron/dhcp/31e44f7d-ffc1-4326-8c7f-533d79236087/opts
Mar 16 06:02:43 gtw01 haproxy-metadata-proxy-31e44f7d-ffc1-4326-8c7f-533d79236087[23599]: Proxy listener started.
Mar 16 06:02:44 gtw01 dnsmasq[23595]: read /var/lib/neutron/dhcp/31e44f7d-ffc1-4326-8c7f-533d79236087/addn_hosts - 2 addresses
Mar 16 06:02:44 gtw01 dnsmasq-dhcp[23595]: read /var/lib/neutron/dhcp/31e44f7d-ffc1-4326-8c7f-533d79236087/host
Mar 16 06:02:44 gtw01 dnsmasq-dhcp[23595]: read /var/lib/neutron/dhcp/31e44f7d-ffc1-4326-8c7f-533d79236087/opts
Mar 16 06:02:45 gtw01 dnsmasq[21349]: read /var/lib/neutron/dhcp/61f4f97b-dd89-411c-83a6-0aacb0cf4893/addn_hosts - 8 addresses
Mar 16 06:02:45 gtw01 dnsmasq-dhcp[21349]: read /var/lib/neutron/dhcp/61f4f97b-dd89-411c-83a6-0aacb0cf4893/host
Mar 16 06:02:45 gtw01 dnsmasq-dhcp[21349]: read /var/lib/neutron/dhcp/61f4f97b-dd89-411c-83a6-0aacb0cf4893/opts
Mar 16 06:02:48 gtw01 dnsmasq[21349]: read /var/lib/neutron/dhcp/61f4f97b-dd89-411c-83a6-0aacb0cf4893/addn_hosts - 7 addresses
Mar 16 06:02:48 gtw01 dnsmasq-dhcp[21349]: read /var/lib/neutron/dhcp/61f4f97b-dd89-411c-83a6-0aacb0cf4893/host
Mar 16 06:02:48 gtw01 dnsmasq-dhcp[21349]: read /var/lib/neutron/dhcp/61f4f97b-dd89-411c-83a6-0aacb0cf4893/opts
Mar 16 06:02:48 gtw01 dnsmasq[23595]: read /var/lib/neutron/dhcp/31e44f7d-ffc1-4326-8c7f-533d79236087/addn_hosts - 1 addresses
Mar 16 06:02:48 gtw01 dnsmasq-dhcp[23595]: read /var/lib/neutron/dhcp/31e44f7d-ffc1-4326-8c7f-533d79236087/host
Mar 16 06:02:48 gtw01 dnsmasq-dhcp[23595]: read /var/lib/neutron/dhcp/31e44f7d-ffc1-4326-8c7f-533d79236087/opts
Mar 16 06:02:51 gtw01 dnsmasq[21349]: read /var/lib/neutron/dhcp/61f4f97b-dd89-411c-83a6-0aacb0cf4893/addn_hosts - 6 addresses
Mar 16 06:02:51 gtw01 dnsmasq-dhcp[21349]: read /var/lib/neutron/dhcp/61f4f97b-dd89-411c-83a6-0aacb0cf4893/host
Mar 16 06:02:51 gtw01 dnsmasq-dhcp[21349]: read /var/lib/neutron/dhcp/61f4f97b-dd89-411c-83a6-0aacb0cf4893/opts
Mar 16 06:02:53 gtw01 kernel: [ 6785.858415] device tap2ce493dd-9d left promiscuous mode
Mar 16 06:02:53 gtw01 dnsmasq[21349]: read /var/lib/neutron/dhcp/61f4f97b-dd89-411c-83a6-0aacb0cf4893/addn_hosts - 5 addresses
Mar 16 06:02:53 gtw01 dnsmasq-dhcp[21349]: read /var/lib/neutron/dhcp/61f4f97b-dd89-411c-83a6-0aacb0cf4893/host
Mar 16 06:02:53 gtw01 dnsmasq-dhcp[21349]: read /var/lib/neutron/dhcp/61f4f97b-dd89-411c-83a6-0aacb0cf4893/opts
Mar 16 06:02:55 gtw01 dnsmasq-dhcp[21349]: DHCPDISCOVER(tap4b184906-3a) fa:16:3e:aa:33:3d
Mar 16 06:02:55 gtw01 dnsmasq-dhcp[21349]: DHCPOFFER(tap4b184906-3a) 192.168.120.4 fa:16:3e:aa:33:3d
Mar 16 06:02:55 gtw01 dnsmasq-dhcp[21349]: DHCPREQUEST(tap4b184906-3a) 192.168.120.4 fa:16:3e:aa:33:3d
Mar 16 06:02:55 gtw01 dnsmasq-dhcp[21349]: DHCPACK(tap4b184906-3a) 192.168.120.4 fa:16:3e:aa:33:3d host-192-168-120-4
Mar 16 06:02:57 gtw01 dnsmasq-dhcp[21349]: DHCPRELEASE(tap4b184906-3a) 192.168.120.4 fa:16:3e:aa:33:3d
Mar 16 06:03:05 gtw01 dnsmasq[21349]: read /var/lib/neutron/dhcp/61f4f97b-dd89-411c-83a6-0aacb0cf4893/addn_hosts - 6 addresses
Mar 16 06:03:05 gtw01 dnsmasq-dhcp[21349]: read /var/lib/neutron/dhcp/61f4f97b-dd89-411c-83a6-0aacb0cf4893/host
Mar 16 06:03:05 gtw01 dnsmasq-dhcp[21349]: read /var/lib/neutron/dhcp/61f4f97b-dd89-411c-83a6-0aacb0cf4893/opts
Mar 16 06:03:06 gtw01 dnsmasq[21349]: read /var/lib/neutron/dhcp/61f4f97b-dd89-411c-83a6-0aacb0cf4893/addn_hosts - 6 addresses
Mar 16 06:03:06 gtw01 dnsmasq-dhcp[21349]: read /var/lib/neutron/dhcp/61f4f97b-dd89-411c-83a6-0aacb0cf4893/host
Mar 16 06:03:06 gtw01 dnsmasq-dhcp[21349]: read /var/lib/neutron/dhcp/61f4f97b-dd89-411c-83a6-0aacb0cf4893/opts
Mar 16 06:03:07 gtw01 dnsmasq[21349]: read /var/lib/neutron/dhcp/61f4f97b-dd89-411c-83a6-0aacb0cf4893/addn_hosts - 6 addresses
Mar 16 06:03:07 gtw01 dnsmasq-dhcp[21349]: read /var/lib/neutron/dhcp/61f4f97b-dd89-411c-83a6-0aacb0cf4893/host
Mar 16 06:03:07 gtw01 dnsmasq-dhcp[21349]: read /var/lib/neutron/dhcp/61f4f97b-dd89-411c-83a6-0aacb0cf4893/opts
Mar 16 06:03:08 gtw01 dnsmasq[21349]: read /var/lib/neutron/dhcp/61f4f97b-dd89-411c-83a6-0aacb0cf4893/addn_hosts - 7 addresses
Mar 16 06:03:08 gtw01 dnsmasq-dhcp[21349]: read /var/lib/neutron/dhcp/61f4f97b-dd89-411c-83a6-0aacb0cf4893/host
Mar 16 06:03:08 gtw01 dnsmasq-dhcp[21349]: read /var/lib/neutron/dhcp/61f4f97b-dd89-411c-83a6-0aacb0cf4893/opts
Mar 16 06:03:09 gtw01 dnsmasq[21349]: read /var/lib/neutron/dhcp/61f4f97b-dd89-411c-83a6-0aacb0cf4893/addn_hosts - 7 addresses
Mar 16 06:03:09 gtw01 dnsmasq-dhcp[21349]: read /var/lib/neutron/dhcp/61f4f97b-dd89-411c-83a6-0aacb0cf4893/host
Mar 16 06:03:09 gtw01 dnsmasq-dhcp[21349]: read /var/lib/neutron/dhcp/61f4f97b-dd89-411c-83a6-0aacb0cf4893/opts
Mar 16 06:03:10 gtw01 dnsmasq[21349]: read /var/lib/neutron/dhcp/61f4f97b-dd89-411c-83a6-0aacb0cf4893/addn_hosts - 7 addresses
Mar 16 06:03:10 gtw01 dnsmasq-dhcp[21349]: read /var/lib/neutron/dhcp/61f4f97b-dd89-411c-83a6-0aacb0cf4893/host
Mar 16 06:03:10 gtw01 dnsmasq-dhcp[21349]: read /var/lib/neutron/dhcp/61f4f97b-dd89-411c-83a6-0aacb0cf4893/opts
Mar 16 06:03:12 gtw01 dnsmasq[21349]: read /var/lib/neutron/dhcp/61f4f97b-dd89-411c-83a6-0aacb0cf4893/addn_hosts - 8 addresses
Mar 16 06:03:12 gtw01 dnsmasq-dhcp[21349]: read /var/lib/neutron/dhcp/61f4f97b-dd89-411c-83a6-0aacb0cf4893/host
Mar 16 06:03:12 gtw01 dnsmasq-dhcp[21349]: read /var/lib/neutron/dhcp/61f4f97b-dd89-411c-83a6-0aacb0cf4893/opts
Mar 16 06:03:13 gtw01 dnsmasq[21349]: read /var/lib/neutron/dhcp/61f4f97b-dd89-411c-83a6-0aacb0cf4893/addn_hosts - 8 addresses
Mar 16 06:03:13 gtw01 dnsmasq-dhcp[21349]: read /var/lib/neutron/dhcp/61f4f97b-dd89-411c-83a6-0aacb0cf4893/host
Mar 16 06:03:13 gtw01 dnsmasq-dhcp[21349]: read /var/lib/neutron/dhcp/61f4f97b-dd89-411c-83a6-0aacb0cf4893/opts
Mar 16 06:03:14 gtw01 dnsmasq[21349]: read /var/lib/neutron/dhcp/61f4f97b-dd89-411c-83a6-0aacb0cf4893/addn_hosts - 8 addresses
Mar 16 06:03:14 gtw01 dnsmasq-dhcp[21349]: read /var/lib/neutron/dhcp/61f4f97b-dd89-411c-83a6-0aacb0cf4893/host
Mar 16 06:03:14 gtw01 dnsmasq-dhcp[21349]: read /var/lib/neutron/dhcp/61f4f97b-dd89-411c-83a6-0aacb0cf4893/opts
Mar 16 06:03:14 gtw01 dnsmasq[21349]: read /var/lib/neutron/dhcp/61f4f97b-dd89-411c-83a6-0aacb0cf4893/addn_hosts - 7 addresses
Mar 16 06:03:14 gtw01 dnsmasq-dhcp[21349]: read /var/lib/neutron/dhcp/61f4f97b-dd89-411c-83a6-0aacb0cf4893/host
Mar 16 06:03:14 gtw01 dnsmasq-dhcp[21349]: read /var/lib/neutron/dhcp/61f4f97b-dd89-411c-83a6-0aacb0cf4893/opts
Mar 16 06:03:23 gtw01 dnsmasq-dhcp[21349]: DHCPDISCOVER(tap4b184906-3a) fa:16:3e:98:02:5d
Mar 16 06:03:23 gtw01 dnsmasq-dhcp[21349]: DHCPOFFER(tap4b184906-3a) 192.168.120.5 fa:16:3e:98:02:5d
Mar 16 06:03:23 gtw01 dnsmasq-dhcp[21349]: DHCPREQUEST(tap4b184906-3a) 192.168.120.5 fa:16:3e:98:02:5d
Mar 16 06:03:23 gtw01 dnsmasq-dhcp[21349]: DHCPACK(tap4b184906-3a) 192.168.120.5 fa:16:3e:98:02:5d host-192-168-120-5
Mar 16 06:03:24 gtw01 kernel: [ 6816.331398] device tapf675230b-ee entered promiscuous mode
Mar 16 06:03:24 gtw01 systemd-udevd[23888]: Could not generate persistent MAC address for tapf675230b-ee: No such file or directory
Mar 16 06:03:27 gtw01 dnsmasq[24013]: started, version 2.78 cachesize 150
Mar 16 06:03:27 gtw01 dnsmasq[24013]: DNS service limited to local subnets
Mar 16 06:03:27 gtw01 dnsmasq[24013]: compile time options: IPv6 GNU-getopt DBus i18n IDN DHCP DHCPv6 no-Lua TFTP conntrack ipset auth DNSSEC loop-detect inotify
Mar 16 06:03:27 gtw01 dnsmasq[24013]: warning: no upstream servers configured
Mar 16 06:03:27 gtw01 dnsmasq-dhcp[24013]: DHCP, static leases only on 192.168.120.0, lease time 1h
Mar 16 06:03:27 gtw01 dnsmasq[24013]: read /var/lib/neutron/dhcp/f01a2470-893d-427f-b302-a4958180692c/addn_hosts - 1 addresses
Mar 16 06:03:27 gtw01 dnsmasq-dhcp[24013]: read /var/lib/neutron/dhcp/f01a2470-893d-427f-b302-a4958180692c/host
Mar 16 06:03:27 gtw01 dnsmasq-dhcp[24013]: read /var/lib/neutron/dhcp/f01a2470-893d-427f-b302-a4958180692c/opts
Mar 16 06:03:27 gtw01 haproxy-metadata-proxy-f01a2470-893d-427f-b302-a4958180692c[24017]: Proxy listener started.
Mar 16 06:03:28 gtw01 dnsmasq-dhcp[21349]: DHCPRELEASE(tap4b184906-3a) 192.168.120.5 fa:16:3e:98:02:5d
Mar 16 06:03:28 gtw01 dnsmasq[24013]: read /var/lib/neutron/dhcp/f01a2470-893d-427f-b302-a4958180692c/addn_hosts - 2 addresses
Mar 16 06:03:28 gtw01 dnsmasq-dhcp[24013]: read /var/lib/neutron/dhcp/f01a2470-893d-427f-b302-a4958180692c/host
Mar 16 06:03:28 gtw01 dnsmasq-dhcp[24013]: read /var/lib/neutron/dhcp/f01a2470-893d-427f-b302-a4958180692c/opts
Mar 16 06:03:28 gtw01 dnsmasq[21349]: read /var/lib/neutron/dhcp/61f4f97b-dd89-411c-83a6-0aacb0cf4893/addn_hosts - 6 addresses
Mar 16 06:03:28 gtw01 dnsmasq-dhcp[21349]: read /var/lib/neutron/dhcp/61f4f97b-dd89-411c-83a6-0aacb0cf4893/host
Mar 16 06:03:28 gtw01 dnsmasq-dhcp[21349]: read /var/lib/neutron/dhcp/61f4f97b-dd89-411c-83a6-0aacb0cf4893/opts
Mar 16 06:03:29 gtw01 dnsmasq[24013]: read /var/lib/neutron/dhcp/f01a2470-893d-427f-b302-a4958180692c/addn_hosts - 2 addresses
Mar 16 06:03:29 gtw01 dnsmasq-dhcp[24013]: read /var/lib/neutron/dhcp/f01a2470-893d-427f-b302-a4958180692c/host
Mar 16 06:03:29 gtw01 dnsmasq-dhcp[24013]: read /var/lib/neutron/dhcp/f01a2470-893d-427f-b302-a4958180692c/opts
Mar 16 06:03:29 gtw01 dnsmasq[21349]: read /var/lib/neutron/dhcp/61f4f97b-dd89-411c-83a6-0aacb0cf4893/addn_hosts - 7 addresses
Mar 16 06:03:29 gtw01 dnsmasq-dhcp[21349]: read /var/lib/neutron/dhcp/61f4f97b-dd89-411c-83a6-0aacb0cf4893/host
Mar 16 06:03:29 gtw01 dnsmasq-dhcp[21349]: read /var/lib/neutron/dhcp/61f4f97b-dd89-411c-83a6-0aacb0cf4893/opts
Mar 16 06:03:30 gtw01 dnsmasq[21349]: read /var/lib/neutron/dhcp/61f4f97b-dd89-411c-83a6-0aacb0cf4893/addn_hosts - 7 addresses
Mar 16 06:03:30 gtw01 dnsmasq-dhcp[21349]: read /var/lib/neutron/dhcp/61f4f97b-dd89-411c-83a6-0aacb0cf4893/host
Mar 16 06:03:30 gtw01 dnsmasq-dhcp[21349]: read /var/lib/neutron/dhcp/61f4f97b-dd89-411c-83a6-0aacb0cf4893/opts
Mar 16 06:03:31 gtw01 dnsmasq[21349]: read /var/lib/neutron/dhcp/61f4f97b-dd89-411c-83a6-0aacb0cf4893/addn_hosts - 7 addresses
Mar 16 06:03:31 gtw01 dnsmasq-dhcp[21349]: read /var/lib/neutron/dhcp/61f4f97b-dd89-411c-83a6-0aacb0cf4893/host
Mar 16 06:03:31 gtw01 dnsmasq-dhcp[21349]: read /var/lib/neutron/dhcp/61f4f97b-dd89-411c-83a6-0aacb0cf4893/opts
Mar 16 06:03:33 gtw01 dnsmasq[21349]: read /var/lib/neutron/dhcp/61f4f97b-dd89-411c-83a6-0aacb0cf4893/addn_hosts - 6 addresses
Mar 16 06:03:33 gtw01 dnsmasq-dhcp[21349]: read /var/lib/neutron/dhcp/61f4f97b-dd89-411c-83a6-0aacb0cf4893/host
Mar 16 06:03:33 gtw01 dnsmasq-dhcp[21349]: read /var/lib/neutron/dhcp/61f4f97b-dd89-411c-83a6-0aacb0cf4893/opts
Mar 16 06:03:43 gtw01 dnsmasq-dhcp[21349]: DHCPDISCOVER(tap4b184906-3a) fa:16:3e:50:5b:5b
Mar 16 06:03:43 gtw01 dnsmasq-dhcp[21349]: DHCPOFFER(tap4b184906-3a) 192.168.120.12 fa:16:3e:50:5b:5b
Mar 16 06:03:43 gtw01 dnsmasq-dhcp[21349]: DHCPREQUEST(tap4b184906-3a) 192.168.120.12 fa:16:3e:50:5b:5b
Mar 16 06:03:43 gtw01 dnsmasq-dhcp[21349]: DHCPACK(tap4b184906-3a) 192.168.120.12 fa:16:3e:50:5b:5b host-192-168-120-12
Mar 16 06:03:45 gtw01 dnsmasq-dhcp[21349]: DHCPRELEASE(tap4b184906-3a) 192.168.120.12 fa:16:3e:50:5b:5b
Mar 16 06:03:47 gtw01 systemd-udevd[24157]: Could not generate persistent MAC address for tap4fd09f3a-64: No such file or directory
Mar 16 06:03:47 gtw01 kernel: [ 6839.971559] device tap4fd09f3a-64 entered promiscuous mode
Mar 16 06:03:48 gtw01 dnsmasq[24013]: read /var/lib/neutron/dhcp/f01a2470-893d-427f-b302-a4958180692c/addn_hosts - 1 addresses
Mar 16 06:03:48 gtw01 dnsmasq-dhcp[24013]: read /var/lib/neutron/dhcp/f01a2470-893d-427f-b302-a4958180692c/host
Mar 16 06:03:48 gtw01 dnsmasq-dhcp[24013]: read /var/lib/neutron/dhcp/f01a2470-893d-427f-b302-a4958180692c/opts
Mar 16 06:03:50 gtw01 dnsmasq[24299]: started, version 2.78 cachesize 150
Mar 16 06:03:50 gtw01 dnsmasq[24299]: DNS service limited to local subnets
Mar 16 06:03:50 gtw01 dnsmasq[24299]: compile time options: IPv6 GNU-getopt DBus i18n IDN DHCP DHCPv6 no-Lua TFTP conntrack ipset auth DNSSEC loop-detect inotify
Mar 16 06:03:50 gtw01 dnsmasq[24299]: warning: no upstream servers configured
Mar 16 06:03:50 gtw01 dnsmasq-dhcp[24299]: DHCP, static leases only on 192.168.120.0, lease time 1h
Mar 16 06:03:50 gtw01 dnsmasq[24299]: read /var/lib/neutron/dhcp/bc60cfe0-0394-4c2d-9122-91970ca1a5d3/addn_hosts - 1 addresses
Mar 16 06:03:50 gtw01 dnsmasq-dhcp[24299]: read /var/lib/neutron/dhcp/bc60cfe0-0394-4c2d-9122-91970ca1a5d3/host
Mar 16 06:03:50 gtw01 dnsmasq-dhcp[24299]: read /var/lib/neutron/dhcp/bc60cfe0-0394-4c2d-9122-91970ca1a5d3/opts
Mar 16 06:03:51 gtw01 haproxy-metadata-proxy-bc60cfe0-0394-4c2d-9122-91970ca1a5d3[24303]: Proxy listener started.
Mar 16 06:03:51 gtw01 dnsmasq[24299]: read /var/lib/neutron/dhcp/bc60cfe0-0394-4c2d-9122-91970ca1a5d3/addn_hosts - 2 addresses
Mar 16 06:03:51 gtw01 dnsmasq-dhcp[24299]: read /var/lib/neutron/dhcp/bc60cfe0-0394-4c2d-9122-91970ca1a5d3/host
Mar 16 06:03:51 gtw01 dnsmasq-dhcp[24299]: read /var/lib/neutron/dhcp/bc60cfe0-0394-4c2d-9122-91970ca1a5d3/opts
Mar 16 06:03:53 gtw01 kernel: [ 6845.731738] device tapf675230b-ee left promiscuous mode
Mar 16 06:03:56 gtw01 dnsmasq[24375]: started, version 2.78 cachesize 150
Mar 16 06:03:56 gtw01 dnsmasq[24375]: DNS service limited to local subnets
Mar 16 06:03:56 gtw01 dnsmasq[24375]: compile time options: IPv6 GNU-getopt DBus i18n IDN DHCP DHCPv6 no-Lua TFTP conntrack ipset auth DNSSEC loop-detect inotify
Mar 16 06:03:56 gtw01 dnsmasq[24375]: warning: no upstream servers configured
Mar 16 06:03:56 gtw01 dnsmasq-dhcp[24375]: DHCP, static leases only on 192.168.120.0, lease time 1h
Mar 16 06:03:56 gtw01 dnsmasq[24375]: read /var/lib/neutron/dhcp/bc60cfe0-0394-4c2d-9122-91970ca1a5d3/addn_hosts - 2 addresses
Mar 16 06:03:56 gtw01 dnsmasq-dhcp[24375]: read /var/lib/neutron/dhcp/bc60cfe0-0394-4c2d-9122-91970ca1a5d3/host
Mar 16 06:03:56 gtw01 dnsmasq-dhcp[24375]: read /var/lib/neutron/dhcp/bc60cfe0-0394-4c2d-9122-91970ca1a5d3/opts
Mar 16 06:03:57 gtw01 dnsmasq[21349]: read /var/lib/neutron/dhcp/61f4f97b-dd89-411c-83a6-0aacb0cf4893/addn_hosts - 5 addresses
Mar 16 06:03:57 gtw01 dnsmasq-dhcp[21349]: read /var/lib/neutron/dhcp/61f4f97b-dd89-411c-83a6-0aacb0cf4893/host
Mar 16 06:03:57 gtw01 dnsmasq-dhcp[21349]: read /var/lib/neutron/dhcp/61f4f97b-dd89-411c-83a6-0aacb0cf4893/opts
Mar 16 06:03:57 gtw01 dnsmasq[24375]: read /var/lib/neutron/dhcp/bc60cfe0-0394-4c2d-9122-91970ca1a5d3/addn_hosts - 3 addresses
Mar 16 06:03:57 gtw01 dnsmasq-dhcp[24375]: read /var/lib/neutron/dhcp/bc60cfe0-0394-4c2d-9122-91970ca1a5d3/host
Mar 16 06:03:57 gtw01 dnsmasq-dhcp[24375]: read /var/lib/neutron/dhcp/bc60cfe0-0394-4c2d-9122-91970ca1a5d3/opts
Mar 16 06:03:58 gtw01 dnsmasq[21349]: read /var/lib/neutron/dhcp/61f4f97b-dd89-411c-83a6-0aacb0cf4893/addn_hosts - 6 addresses
Mar 16 06:03:58 gtw01 dnsmasq-dhcp[21349]: read /var/lib/neutron/dhcp/61f4f97b-dd89-411c-83a6-0aacb0cf4893/host
Mar 16 06:03:58 gtw01 dnsmasq-dhcp[21349]: read /var/lib/neutron/dhcp/61f4f97b-dd89-411c-83a6-0aacb0cf4893/opts
Mar 16 06:03:58 gtw01 dnsmasq[24375]: read /var/lib/neutron/dhcp/bc60cfe0-0394-4c2d-9122-91970ca1a5d3/addn_hosts - 3 addresses
Mar 16 06:03:58 gtw01 dnsmasq-dhcp[24375]: read /var/lib/neutron/dhcp/bc60cfe0-0394-4c2d-9122-91970ca1a5d3/host
Mar 16 06:03:58 gtw01 dnsmasq-dhcp[24375]: read /var/lib/neutron/dhcp/bc60cfe0-0394-4c2d-9122-91970ca1a5d3/opts
Mar 16 06:03:59 gtw01 dnsmasq[21349]: read /var/lib/neutron/dhcp/61f4f97b-dd89-411c-83a6-0aacb0cf4893/addn_hosts - 6 addresses
Mar 16 06:03:59 gtw01 dnsmasq-dhcp[21349]: read /var/lib/neutron/dhcp/61f4f97b-dd89-411c-83a6-0aacb0cf4893/host
Mar 16 06:03:59 gtw01 dnsmasq-dhcp[21349]: read /var/lib/neutron/dhcp/61f4f97b-dd89-411c-83a6-0aacb0cf4893/opts
Mar 16 06:03:59 gtw01 dnsmasq[24375]: read /var/lib/neutron/dhcp/bc60cfe0-0394-4c2d-9122-91970ca1a5d3/addn_hosts - 3 addresses
Mar 16 06:03:59 gtw01 dnsmasq-dhcp[24375]: read /var/lib/neutron/dhcp/bc60cfe0-0394-4c2d-9122-91970ca1a5d3/host
Mar 16 06:03:59 gtw01 dnsmasq-dhcp[24375]: read /var/lib/neutron/dhcp/bc60cfe0-0394-4c2d-9122-91970ca1a5d3/opts
Mar 16 06:04:00 gtw01 dnsmasq[21349]: read /var/lib/neutron/dhcp/61f4f97b-dd89-411c-83a6-0aacb0cf4893/addn_hosts - 6 addresses
Mar 16 06:04:00 gtw01 dnsmasq-dhcp[21349]: read /var/lib/neutron/dhcp/61f4f97b-dd89-411c-83a6-0aacb0cf4893/host
Mar 16 06:04:00 gtw01 dnsmasq-dhcp[21349]: read /var/lib/neutron/dhcp/61f4f97b-dd89-411c-83a6-0aacb0cf4893/opts
Mar 16 06:04:03 gtw01 systemd-udevd[24509]: Could not generate persistent MAC address for tap461bd0f5-51: No such file or directory
Mar 16 06:04:03 gtw01 kernel: [ 6856.224645] device tap461bd0f5-51 entered promiscuous mode
Mar 16 06:04:06 gtw01 dnsmasq[24634]: started, version 2.78 cachesize 150
Mar 16 06:04:06 gtw01 dnsmasq[24634]: DNS service limited to local subnets
Mar 16 06:04:06 gtw01 dnsmasq[24634]: compile time options: IPv6 GNU-getopt DBus i18n IDN DHCP DHCPv6 no-Lua TFTP conntrack ipset auth DNSSEC loop-detect inotify
Mar 16 06:04:06 gtw01 dnsmasq[24634]: warning: no upstream servers configured
Mar 16 06:04:06 gtw01 dnsmasq-dhcp[24634]: DHCP, static leases only on 192.168.120.0, lease time 1h
Mar 16 06:04:06 gtw01 dnsmasq[24634]: read /var/lib/neutron/dhcp/f81e1100-43af-4b39-982e-395a9e40331e/addn_hosts - 1 addresses
Mar 16 06:04:06 gtw01 dnsmasq-dhcp[24634]: read /var/lib/neutron/dhcp/f81e1100-43af-4b39-982e-395a9e40331e/host
Mar 16 06:04:06 gtw01 dnsmasq-dhcp[24634]: read /var/lib/neutron/dhcp/f81e1100-43af-4b39-982e-395a9e40331e/opts
Mar 16 06:04:07 gtw01 haproxy-metadata-proxy-f81e1100-43af-4b39-982e-395a9e40331e[24638]: Proxy listener started.
Mar 16 06:04:07 gtw01 dnsmasq[24634]: read /var/lib/neutron/dhcp/f81e1100-43af-4b39-982e-395a9e40331e/addn_hosts - 2 addresses
Mar 16 06:04:07 gtw01 dnsmasq-dhcp[24634]: read /var/lib/neutron/dhcp/f81e1100-43af-4b39-982e-395a9e40331e/host
Mar 16 06:04:07 gtw01 dnsmasq-dhcp[24634]: read /var/lib/neutron/dhcp/f81e1100-43af-4b39-982e-395a9e40331e/opts
Mar 16 06:04:08 gtw01 dnsmasq[24634]: read /var/lib/neutron/dhcp/f81e1100-43af-4b39-982e-395a9e40331e/addn_hosts - 2 addresses
Mar 16 06:04:08 gtw01 dnsmasq-dhcp[24634]: read /var/lib/neutron/dhcp/f81e1100-43af-4b39-982e-395a9e40331e/host
Mar 16 06:04:08 gtw01 dnsmasq-dhcp[24634]: read /var/lib/neutron/dhcp/f81e1100-43af-4b39-982e-395a9e40331e/opts
Mar 16 06:04:10 gtw01 dnsmasq[21349]: read /var/lib/neutron/dhcp/61f4f97b-dd89-411c-83a6-0aacb0cf4893/addn_hosts - 5 addresses
Mar 16 06:04:10 gtw01 dnsmasq-dhcp[21349]: read /var/lib/neutron/dhcp/61f4f97b-dd89-411c-83a6-0aacb0cf4893/host
Mar 16 06:04:10 gtw01 dnsmasq-dhcp[21349]: read /var/lib/neutron/dhcp/61f4f97b-dd89-411c-83a6-0aacb0cf4893/opts
Mar 16 06:04:11 gtw01 dnsmasq[21349]: read /var/lib/neutron/dhcp/61f4f97b-dd89-411c-83a6-0aacb0cf4893/addn_hosts - 6 addresses
Mar 16 06:04:11 gtw01 dnsmasq-dhcp[21349]: read /var/lib/neutron/dhcp/61f4f97b-dd89-411c-83a6-0aacb0cf4893/host
Mar 16 06:04:11 gtw01 dnsmasq-dhcp[21349]: read /var/lib/neutron/dhcp/61f4f97b-dd89-411c-83a6-0aacb0cf4893/opts
Mar 16 06:04:11 gtw01 dnsmasq[24375]: read /var/lib/neutron/dhcp/bc60cfe0-0394-4c2d-9122-91970ca1a5d3/addn_hosts - 4 addresses
Mar 16 06:04:11 gtw01 dnsmasq-dhcp[24375]: read /var/lib/neutron/dhcp/bc60cfe0-0394-4c2d-9122-91970ca1a5d3/host
Mar 16 06:04:11 gtw01 dnsmasq-dhcp[24375]: read /var/lib/neutron/dhcp/bc60cfe0-0394-4c2d-9122-91970ca1a5d3/opts
Mar 16 06:04:12 gtw01 dnsmasq[24375]: read /var/lib/neutron/dhcp/bc60cfe0-0394-4c2d-9122-91970ca1a5d3/addn_hosts - 4 addresses
Mar 16 06:04:12 gtw01 dnsmasq-dhcp[24375]: read /var/lib/neutron/dhcp/bc60cfe0-0394-4c2d-9122-91970ca1a5d3/host
Mar 16 06:04:12 gtw01 dnsmasq-dhcp[24375]: read /var/lib/neutron/dhcp/bc60cfe0-0394-4c2d-9122-91970ca1a5d3/opts
Mar 16 06:04:12 gtw01 dnsmasq[24634]: read /var/lib/neutron/dhcp/f81e1100-43af-4b39-982e-395a9e40331e/addn_hosts - 1 addresses
Mar 16 06:04:12 gtw01 dnsmasq-dhcp[24634]: read /var/lib/neutron/dhcp/f81e1100-43af-4b39-982e-395a9e40331e/host
Mar 16 06:04:12 gtw01 dnsmasq-dhcp[24634]: read /var/lib/neutron/dhcp/f81e1100-43af-4b39-982e-395a9e40331e/opts
Mar 16 06:04:13 gtw01 dnsmasq[21349]: read /var/lib/neutron/dhcp/61f4f97b-dd89-411c-83a6-0aacb0cf4893/addn_hosts - 6 addresses
Mar 16 06:04:13 gtw01 dnsmasq-dhcp[21349]: read /var/lib/neutron/dhcp/61f4f97b-dd89-411c-83a6-0aacb0cf4893/host
Mar 16 06:04:13 gtw01 dnsmasq-dhcp[21349]: read /var/lib/neutron/dhcp/61f4f97b-dd89-411c-83a6-0aacb0cf4893/opts
Mar 16 06:04:13 gtw01 dnsmasq-dhcp[24375]: DHCPDISCOVER(tap4fd09f3a-64) fa:16:3e:4e:de:42
Mar 16 06:04:13 gtw01 dnsmasq-dhcp[24375]: DHCPOFFER(tap4fd09f3a-64) 192.168.120.3 fa:16:3e:4e:de:42
Mar 16 06:04:13 gtw01 dnsmasq-dhcp[24375]: DHCPREQUEST(tap4fd09f3a-64) 192.168.120.3 fa:16:3e:4e:de:42
Mar 16 06:04:13 gtw01 dnsmasq-dhcp[24375]: DHCPACK(tap4fd09f3a-64) 192.168.120.3 fa:16:3e:4e:de:42 host-192-168-120-3
Mar 16 06:04:13 gtw01 dnsmasq[24375]: read /var/lib/neutron/dhcp/bc60cfe0-0394-4c2d-9122-91970ca1a5d3/addn_hosts - 4 addresses
Mar 16 06:04:13 gtw01 dnsmasq-dhcp[24375]: read /var/lib/neutron/dhcp/bc60cfe0-0394-4c2d-9122-91970ca1a5d3/host
Mar 16 06:04:13 gtw01 dnsmasq-dhcp[24375]: read /var/lib/neutron/dhcp/bc60cfe0-0394-4c2d-9122-91970ca1a5d3/opts
Mar 16 06:04:13 gtw01 dnsmasq-dhcp[21349]: DHCPDISCOVER(tap4b184906-3a) fa:16:3e:aa:33:3d
Mar 16 06:04:13 gtw01 dnsmasq-dhcp[21349]: DHCPOFFER(tap4b184906-3a) 192.168.120.4 fa:16:3e:aa:33:3d
Mar 16 06:04:13 gtw01 dnsmasq-dhcp[21349]: DHCPREQUEST(tap4b184906-3a) 192.168.120.4 fa:16:3e:aa:33:3d
Mar 16 06:04:13 gtw01 dnsmasq-dhcp[21349]: DHCPACK(tap4b184906-3a) 192.168.120.4 fa:16:3e:aa:33:3d host-192-168-120-4
Mar 16 06:04:14 gtw01 dnsmasq-dhcp[21349]: DHCPRELEASE(tap4b184906-3a) 192.168.120.4 fa:16:3e:aa:33:3d
Mar 16 06:04:15 gtw01 dnsmasq[21349]: read /var/lib/neutron/dhcp/61f4f97b-dd89-411c-83a6-0aacb0cf4893/addn_hosts - 6 addresses
Mar 16 06:04:15 gtw01 dnsmasq-dhcp[21349]: read /var/lib/neutron/dhcp/61f4f97b-dd89-411c-83a6-0aacb0cf4893/host
Mar 16 06:04:15 gtw01 dnsmasq-dhcp[21349]: read /var/lib/neutron/dhcp/61f4f97b-dd89-411c-83a6-0aacb0cf4893/opts
Mar 16 06:04:15 gtw01 dnsmasq[21349]: read /var/lib/neutron/dhcp/61f4f97b-dd89-411c-83a6-0aacb0cf4893/addn_hosts - 7 addresses
Mar 16 06:04:15 gtw01 dnsmasq-dhcp[21349]: read /var/lib/neutron/dhcp/61f4f97b-dd89-411c-83a6-0aacb0cf4893/host
Mar 16 06:04:15 gtw01 dnsmasq-dhcp[21349]: read /var/lib/neutron/dhcp/61f4f97b-dd89-411c-83a6-0aacb0cf4893/opts
Mar 16 06:04:16 gtw01 dnsmasq[21349]: read /var/lib/neutron/dhcp/61f4f97b-dd89-411c-83a6-0aacb0cf4893/addn_hosts - 7 addresses
Mar 16 06:04:16 gtw01 dnsmasq-dhcp[21349]: read /var/lib/neutron/dhcp/61f4f97b-dd89-411c-83a6-0aacb0cf4893/host
Mar 16 06:04:16 gtw01 dnsmasq-dhcp[21349]: read /var/lib/neutron/dhcp/61f4f97b-dd89-411c-83a6-0aacb0cf4893/opts
Mar 16 06:04:17 gtw01 dnsmasq[21349]: read /var/lib/neutron/dhcp/61f4f97b-dd89-411c-83a6-0aacb0cf4893/addn_hosts - 7 addresses
Mar 16 06:04:17 gtw01 dnsmasq-dhcp[21349]: read /var/lib/neutron/dhcp/61f4f97b-dd89-411c-83a6-0aacb0cf4893/host
Mar 16 06:04:17 gtw01 dnsmasq-dhcp[21349]: read /var/lib/neutron/dhcp/61f4f97b-dd89-411c-83a6-0aacb0cf4893/opts
Mar 16 06:04:19 gtw01 kernel: [ 6871.353895] device tap461bd0f5-51 left promiscuous mode
Mar 16 06:04:23 gtw01 dnsmasq[21349]: read /var/lib/neutron/dhcp/61f4f97b-dd89-411c-83a6-0aacb0cf4893/addn_hosts - 6 addresses
Mar 16 06:04:23 gtw01 dnsmasq-dhcp[21349]: read /var/lib/neutron/dhcp/61f4f97b-dd89-411c-83a6-0aacb0cf4893/host
Mar 16 06:04:23 gtw01 dnsmasq-dhcp[21349]: read /var/lib/neutron/dhcp/61f4f97b-dd89-411c-83a6-0aacb0cf4893/opts
Mar 16 06:04:25 gtw01 dnsmasq[21349]: read /var/lib/neutron/dhcp/61f4f97b-dd89-411c-83a6-0aacb0cf4893/addn_hosts - 5 addresses
Mar 16 06:04:25 gtw01 dnsmasq-dhcp[21349]: read /var/lib/neutron/dhcp/61f4f97b-dd89-411c-83a6-0aacb0cf4893/host
Mar 16 06:04:25 gtw01 dnsmasq-dhcp[21349]: read /var/lib/neutron/dhcp/61f4f97b-dd89-411c-83a6-0aacb0cf4893/opts
Mar 16 06:04:26 gtw01 dnsmasq-dhcp[24375]: DHCPDISCOVER(tap4fd09f3a-64) fa:16:3e:49:fc:03
Mar 16 06:04:26 gtw01 dnsmasq-dhcp[24375]: DHCPOFFER(tap4fd09f3a-64) 192.168.120.7 fa:16:3e:49:fc:03
Mar 16 06:04:26 gtw01 dnsmasq-dhcp[24375]: DHCPREQUEST(tap4fd09f3a-64) 192.168.120.7 fa:16:3e:49:fc:03
Mar 16 06:04:26 gtw01 dnsmasq-dhcp[24375]: DHCPACK(tap4fd09f3a-64) 192.168.120.7 fa:16:3e:49:fc:03 host-192-168-120-7
Mar 16 06:04:27 gtw01 dnsmasq[21349]: read /var/lib/neutron/dhcp/61f4f97b-dd89-411c-83a6-0aacb0cf4893/addn_hosts - 4 addresses
Mar 16 06:04:27 gtw01 dnsmasq-dhcp[21349]: read /var/lib/neutron/dhcp/61f4f97b-dd89-411c-83a6-0aacb0cf4893/host
Mar 16 06:04:27 gtw01 dnsmasq-dhcp[21349]: read /var/lib/neutron/dhcp/61f4f97b-dd89-411c-83a6-0aacb0cf4893/opts
Mar 16 06:04:30 gtw01 dnsmasq-dhcp[24375]: DHCPRELEASE(tap4fd09f3a-64) 192.168.120.7 fa:16:3e:49:fc:03
Mar 16 06:04:30 gtw01 dnsmasq-dhcp[24375]: DHCPRELEASE(tap4fd09f3a-64) 192.168.120.7 fa:16:3e:49:fc:03 unknown lease
Mar 16 06:04:30 gtw01 dnsmasq-dhcp[24375]: DHCPRELEASE(tap4fd09f3a-64) 192.168.120.3 fa:16:3e:4e:de:42
Mar 16 06:04:31 gtw01 dnsmasq[24375]: read /var/lib/neutron/dhcp/bc60cfe0-0394-4c2d-9122-91970ca1a5d3/addn_hosts - 3 addresses
Mar 16 06:04:31 gtw01 dnsmasq-dhcp[24375]: read /var/lib/neutron/dhcp/bc60cfe0-0394-4c2d-9122-91970ca1a5d3/host
Mar 16 06:04:31 gtw01 dnsmasq-dhcp[24375]: read /var/lib/neutron/dhcp/bc60cfe0-0394-4c2d-9122-91970ca1a5d3/opts
Mar 16 06:04:32 gtw01 dnsmasq[21349]: read /var/lib/neutron/dhcp/61f4f97b-dd89-411c-83a6-0aacb0cf4893/addn_hosts - 3 addresses
Mar 16 06:04:32 gtw01 dnsmasq-dhcp[21349]: read /var/lib/neutron/dhcp/61f4f97b-dd89-411c-83a6-0aacb0cf4893/host
Mar 16 06:04:32 gtw01 dnsmasq-dhcp[21349]: read /var/lib/neutron/dhcp/61f4f97b-dd89-411c-83a6-0aacb0cf4893/opts
Mar 16 06:04:35 gtw01 dnsmasq[21349]: read /var/lib/neutron/dhcp/61f4f97b-dd89-411c-83a6-0aacb0cf4893/addn_hosts - 2 addresses
Mar 16 06:04:35 gtw01 dnsmasq-dhcp[21349]: read /var/lib/neutron/dhcp/61f4f97b-dd89-411c-83a6-0aacb0cf4893/host
Mar 16 06:04:35 gtw01 dnsmasq-dhcp[21349]: read /var/lib/neutron/dhcp/61f4f97b-dd89-411c-83a6-0aacb0cf4893/opts
Mar 16 06:04:37 gtw01 dnsmasq[21349]: read /var/lib/neutron/dhcp/61f4f97b-dd89-411c-83a6-0aacb0cf4893/addn_hosts - 3 addresses
Mar 16 06:04:37 gtw01 dnsmasq-dhcp[21349]: read /var/lib/neutron/dhcp/61f4f97b-dd89-411c-83a6-0aacb0cf4893/host
Mar 16 06:04:37 gtw01 dnsmasq-dhcp[21349]: read /var/lib/neutron/dhcp/61f4f97b-dd89-411c-83a6-0aacb0cf4893/opts
Mar 16 06:04:39 gtw01 dnsmasq[24375]: read /var/lib/neutron/dhcp/bc60cfe0-0394-4c2d-9122-91970ca1a5d3/addn_hosts - 2 addresses
Mar 16 06:04:39 gtw01 dnsmasq-dhcp[24375]: read /var/lib/neutron/dhcp/bc60cfe0-0394-4c2d-9122-91970ca1a5d3/host
Mar 16 06:04:39 gtw01 dnsmasq-dhcp[24375]: read /var/lib/neutron/dhcp/bc60cfe0-0394-4c2d-9122-91970ca1a5d3/opts
Mar 16 06:04:39 gtw01 dnsmasq[21349]: read /var/lib/neutron/dhcp/61f4f97b-dd89-411c-83a6-0aacb0cf4893/addn_hosts - 3 addresses
Mar 16 06:04:39 gtw01 dnsmasq-dhcp[21349]: read /var/lib/neutron/dhcp/61f4f97b-dd89-411c-83a6-0aacb0cf4893/host
Mar 16 06:04:39 gtw01 dnsmasq-dhcp[21349]: read /var/lib/neutron/dhcp/61f4f97b-dd89-411c-83a6-0aacb0cf4893/opts
Mar 16 06:04:40 gtw01 dnsmasq[21349]: read /var/lib/neutron/dhcp/61f4f97b-dd89-411c-83a6-0aacb0cf4893/addn_hosts - 3 addresses
Mar 16 06:04:40 gtw01 dnsmasq-dhcp[21349]: read /var/lib/neutron/dhcp/61f4f97b-dd89-411c-83a6-0aacb0cf4893/host
Mar 16 06:04:40 gtw01 dnsmasq-dhcp[21349]: read /var/lib/neutron/dhcp/61f4f97b-dd89-411c-83a6-0aacb0cf4893/opts
Mar 16 06:04:41 gtw01 dnsmasq-dhcp[24375]: DHCPRELEASE(tap4fd09f3a-64) 192.168.120.1 fa:16:3e:ab:19:89
Mar 16 06:04:42 gtw01 dnsmasq[24375]: read /var/lib/neutron/dhcp/bc60cfe0-0394-4c2d-9122-91970ca1a5d3/addn_hosts - 1 addresses
Mar 16 06:04:42 gtw01 dnsmasq-dhcp[24375]: read /var/lib/neutron/dhcp/bc60cfe0-0394-4c2d-9122-91970ca1a5d3/host
Mar 16 06:04:42 gtw01 dnsmasq-dhcp[24375]: read /var/lib/neutron/dhcp/bc60cfe0-0394-4c2d-9122-91970ca1a5d3/opts
Mar 16 06:04:42 gtw01 systemd-udevd[25071]: Could not generate persistent MAC address for tap5a9e76ce-95: No such file or directory
Mar 16 06:04:42 gtw01 kernel: [ 6894.977244] device tap5a9e76ce-95 entered promiscuous mode
Mar 16 06:04:44 gtw01 kernel: [ 6896.794115] device tapd560a0dc-14 entered promiscuous mode
Mar 16 06:04:44 gtw01 systemd-udevd[25197]: Could not generate persistent MAC address for tapd560a0dc-14: No such file or directory
Mar 16 06:04:45 gtw01 dnsmasq[25309]: started, version 2.78 cachesize 150
Mar 16 06:04:45 gtw01 dnsmasq[25309]: DNS service limited to local subnets
Mar 16 06:04:45 gtw01 dnsmasq[25309]: compile time options: IPv6 GNU-getopt DBus i18n IDN DHCP DHCPv6 no-Lua TFTP conntrack ipset auth DNSSEC loop-detect inotify
Mar 16 06:04:45 gtw01 dnsmasq[25309]: warning: no upstream servers configured
Mar 16 06:04:45 gtw01 dnsmasq-dhcp[25309]: DHCP, static leases only on 192.168.120.0, lease time 1h
Mar 16 06:04:45 gtw01 dnsmasq[25309]: read /var/lib/neutron/dhcp/49f21049-059f-4890-9fc0-a80da3e63b4a/addn_hosts - 1 addresses
Mar 16 06:04:45 gtw01 dnsmasq-dhcp[25309]: read /var/lib/neutron/dhcp/49f21049-059f-4890-9fc0-a80da3e63b4a/host
Mar 16 06:04:45 gtw01 dnsmasq-dhcp[25309]: read /var/lib/neutron/dhcp/49f21049-059f-4890-9fc0-a80da3e63b4a/opts
Mar 16 06:04:45 gtw01 haproxy-metadata-proxy-49f21049-059f-4890-9fc0-a80da3e63b4a[25316]: Proxy listener started.
Mar 16 06:04:46 gtw01 dnsmasq[25309]: read /var/lib/neutron/dhcp/49f21049-059f-4890-9fc0-a80da3e63b4a/addn_hosts - 2 addresses
Mar 16 06:04:46 gtw01 dnsmasq-dhcp[25309]: read /var/lib/neutron/dhcp/49f21049-059f-4890-9fc0-a80da3e63b4a/host
Mar 16 06:04:46 gtw01 dnsmasq-dhcp[25309]: read /var/lib/neutron/dhcp/49f21049-059f-4890-9fc0-a80da3e63b4a/opts
Mar 16 06:04:47 gtw01 dnsmasq[25372]: started, version 2.78 cachesize 150
Mar 16 06:04:47 gtw01 dnsmasq[25372]: DNS service limited to local subnets
Mar 16 06:04:47 gtw01 dnsmasq[25372]: compile time options: IPv6 GNU-getopt DBus i18n IDN DHCP DHCPv6 no-Lua TFTP conntrack ipset auth DNSSEC loop-detect inotify
Mar 16 06:04:47 gtw01 dnsmasq[25372]: warning: no upstream servers configured
Mar 16 06:04:47 gtw01 dnsmasq-dhcp[25372]: DHCP, static leases only on 192.168.120.0, lease time 1h
Mar 16 06:04:47 gtw01 dnsmasq[25372]: read /var/lib/neutron/dhcp/e517d586-d21f-47fe-ad86-f17ac44ee0c7/addn_hosts - 1 addresses
Mar 16 06:04:47 gtw01 dnsmasq-dhcp[25372]: read /var/lib/neutron/dhcp/e517d586-d21f-47fe-ad86-f17ac44ee0c7/host
Mar 16 06:04:47 gtw01 dnsmasq-dhcp[25372]: read /var/lib/neutron/dhcp/e517d586-d21f-47fe-ad86-f17ac44ee0c7/opts
Mar 16 06:04:47 gtw01 kernel: [ 6900.111916] device tap4fd09f3a-64 left promiscuous mode
Mar 16 06:04:47 gtw01 haproxy-metadata-proxy-e517d586-d21f-47fe-ad86-f17ac44ee0c7[25381]: Proxy listener started.
Mar 16 06:04:48 gtw01 dnsmasq[21349]: read /var/lib/neutron/dhcp/61f4f97b-dd89-411c-83a6-0aacb0cf4893/addn_hosts - 2 addresses
Mar 16 06:04:48 gtw01 dnsmasq-dhcp[21349]: read /var/lib/neutron/dhcp/61f4f97b-dd89-411c-83a6-0aacb0cf4893/host
Mar 16 06:04:48 gtw01 dnsmasq-dhcp[21349]: read /var/lib/neutron/dhcp/61f4f97b-dd89-411c-83a6-0aacb0cf4893/opts
Mar 16 06:04:48 gtw01 dnsmasq[25372]: read /var/lib/neutron/dhcp/e517d586-d21f-47fe-ad86-f17ac44ee0c7/addn_hosts - 2 addresses
Mar 16 06:04:48 gtw01 dnsmasq-dhcp[25372]: read /var/lib/neutron/dhcp/e517d586-d21f-47fe-ad86-f17ac44ee0c7/host
Mar 16 06:04:48 gtw01 dnsmasq-dhcp[25372]: read /var/lib/neutron/dhcp/e517d586-d21f-47fe-ad86-f17ac44ee0c7/opts
Mar 16 06:04:49 gtw01 kernel: [ 6901.979906] device tap41eaaede-a2 entered promiscuous mode
Mar 16 06:04:49 gtw01 systemd-udevd[25444]: Could not generate persistent MAC address for tap41eaaede-a2: No such file or directory
Mar 16 06:04:49 gtw01 dnsmasq[25372]: read /var/lib/neutron/dhcp/e517d586-d21f-47fe-ad86-f17ac44ee0c7/addn_hosts - 2 addresses
Mar 16 06:04:49 gtw01 dnsmasq-dhcp[25372]: read /var/lib/neutron/dhcp/e517d586-d21f-47fe-ad86-f17ac44ee0c7/host
Mar 16 06:04:49 gtw01 dnsmasq-dhcp[25372]: read /var/lib/neutron/dhcp/e517d586-d21f-47fe-ad86-f17ac44ee0c7/opts
Mar 16 06:04:50 gtw01 kernel: [ 6902.730497] device tap1245f5eb-8f entered promiscuous mode
Mar 16 06:04:50 gtw01 systemd-udevd[25551]: Could not generate persistent MAC address for tap1245f5eb-8f: No such file or directory
Mar 16 06:04:53 gtw01 dnsmasq[25709]: started, version 2.78 cachesize 150
Mar 16 06:04:53 gtw01 dnsmasq[25709]: DNS service limited to local subnets
Mar 16 06:04:53 gtw01 dnsmasq[25709]: compile time options: IPv6 GNU-getopt DBus i18n IDN DHCP DHCPv6 no-Lua TFTP conntrack ipset auth DNSSEC loop-detect inotify
Mar 16 06:04:53 gtw01 dnsmasq[25709]: LOUD WARNING: listening on 19.80.0.2 may accept requests via interfaces other than tap41eaaede-a2
Mar 16 06:04:53 gtw01 dnsmasq[25709]: LOUD WARNING: use --bind-dynamic rather than --bind-interfaces to avoid DNS amplification attacks via these interface(s)
Mar 16 06:04:53 gtw01 dnsmasq[25709]: warning: no upstream servers configured
Mar 16 06:04:53 gtw01 dnsmasq-dhcp[25709]: DHCP, static leases only on 19.80.0.0, lease time 1h
Mar 16 06:04:53 gtw01 dnsmasq[25709]: read /var/lib/neutron/dhcp/ab053ca9-087a-4053-bcba-704a4207d291/addn_hosts - 1 addresses
Mar 16 06:04:53 gtw01 dnsmasq-dhcp[25709]: read /var/lib/neutron/dhcp/ab053ca9-087a-4053-bcba-704a4207d291/host
Mar 16 06:04:53 gtw01 dnsmasq-dhcp[25709]: read /var/lib/neutron/dhcp/ab053ca9-087a-4053-bcba-704a4207d291/opts
Mar 16 06:04:53 gtw01 haproxy-metadata-proxy-ab053ca9-087a-4053-bcba-704a4207d291[25717]: Proxy listener started.
Mar 16 06:04:53 gtw01 dnsmasq[25725]: started, version 2.78 cachesize 150
Mar 16 06:04:53 gtw01 dnsmasq[25725]: DNS service limited to local subnets
Mar 16 06:04:53 gtw01 dnsmasq[25725]: compile time options: IPv6 GNU-getopt DBus i18n IDN DHCP DHCPv6 no-Lua TFTP conntrack ipset auth DNSSEC loop-detect inotify
Mar 16 06:04:53 gtw01 dnsmasq[25725]: LOUD WARNING: listening on 19.86.0.2 may accept requests via interfaces other than tap1245f5eb-8f
Mar 16 06:04:53 gtw01 dnsmasq[25725]: LOUD WARNING: use --bind-dynamic rather than --bind-interfaces to avoid DNS amplification attacks via these interface(s)
Mar 16 06:04:53 gtw01 dnsmasq[25725]: warning: no upstream servers configured
Mar 16 06:04:53 gtw01 dnsmasq-dhcp[25725]: DHCP, static leases only on 19.86.0.0, lease time 1h
Mar 16 06:04:53 gtw01 dnsmasq[25725]: read /var/lib/neutron/dhcp/3928525b-9963-49c4-a02c-3036366b549a/addn_hosts - 1 addresses
Mar 16 06:04:53 gtw01 dnsmasq-dhcp[25725]: read /var/lib/neutron/dhcp/3928525b-9963-49c4-a02c-3036366b549a/host
Mar 16 06:04:53 gtw01 dnsmasq-dhcp[25725]: read /var/lib/neutron/dhcp/3928525b-9963-49c4-a02c-3036366b549a/opts
Mar 16 06:04:53 gtw01 haproxy-metadata-proxy-3928525b-9963-49c4-a02c-3036366b549a[25729]: Proxy listener started.
Mar 16 06:04:54 gtw01 dnsmasq[25709]: read /var/lib/neutron/dhcp/ab053ca9-087a-4053-bcba-704a4207d291/addn_hosts - 2 addresses
Mar 16 06:04:54 gtw01 dnsmasq-dhcp[25709]: read /var/lib/neutron/dhcp/ab053ca9-087a-4053-bcba-704a4207d291/host
Mar 16 06:04:54 gtw01 dnsmasq-dhcp[25709]: read /var/lib/neutron/dhcp/ab053ca9-087a-4053-bcba-704a4207d291/opts
Mar 16 06:04:54 gtw01 dnsmasq[25725]: read /var/lib/neutron/dhcp/3928525b-9963-49c4-a02c-3036366b549a/addn_hosts - 2 addresses
Mar 16 06:04:54 gtw01 dnsmasq-dhcp[25725]: read /var/lib/neutron/dhcp/3928525b-9963-49c4-a02c-3036366b549a/host
Mar 16 06:04:54 gtw01 dnsmasq-dhcp[25725]: read /var/lib/neutron/dhcp/3928525b-9963-49c4-a02c-3036366b549a/opts
Mar 16 06:04:55 gtw01 dnsmasq[25725]: read /var/lib/neutron/dhcp/3928525b-9963-49c4-a02c-3036366b549a/addn_hosts - 2 addresses
Mar 16 06:04:55 gtw01 dnsmasq-dhcp[25725]: read /var/lib/neutron/dhcp/3928525b-9963-49c4-a02c-3036366b549a/host
Mar 16 06:04:55 gtw01 dnsmasq-dhcp[25725]: read /var/lib/neutron/dhcp/3928525b-9963-49c4-a02c-3036366b549a/opts
Mar 16 06:04:56 gtw01 dnsmasq[25709]: read /var/lib/neutron/dhcp/ab053ca9-087a-4053-bcba-704a4207d291/addn_hosts - 3 addresses
Mar 16 06:04:56 gtw01 dnsmasq-dhcp[25709]: read /var/lib/neutron/dhcp/ab053ca9-087a-4053-bcba-704a4207d291/host
Mar 16 06:04:56 gtw01 dnsmasq-dhcp[25709]: read /var/lib/neutron/dhcp/ab053ca9-087a-4053-bcba-704a4207d291/opts
Mar 16 06:04:57 gtw01 dnsmasq[25709]: read /var/lib/neutron/dhcp/ab053ca9-087a-4053-bcba-704a4207d291/addn_hosts - 3 addresses
Mar 16 06:04:57 gtw01 dnsmasq-dhcp[25709]: read /var/lib/neutron/dhcp/ab053ca9-087a-4053-bcba-704a4207d291/host
Mar 16 06:04:57 gtw01 dnsmasq-dhcp[25709]: read /var/lib/neutron/dhcp/ab053ca9-087a-4053-bcba-704a4207d291/opts
Mar 16 06:04:58 gtw01 dnsmasq[25709]: read /var/lib/neutron/dhcp/ab053ca9-087a-4053-bcba-704a4207d291/addn_hosts - 3 addresses
Mar 16 06:04:58 gtw01 dnsmasq-dhcp[25709]: read /var/lib/neutron/dhcp/ab053ca9-087a-4053-bcba-704a4207d291/host
Mar 16 06:04:58 gtw01 dnsmasq-dhcp[25709]: read /var/lib/neutron/dhcp/ab053ca9-087a-4053-bcba-704a4207d291/opts
Mar 16 06:04:58 gtw01 kernel: [ 6910.779799] device tap5aa28e52-86 entered promiscuous mode
Mar 16 06:04:58 gtw01 systemd-udevd[25846]: Could not generate persistent MAC address for tap5aa28e52-86: No such file or directory
Mar 16 06:04:59 gtw01 dnsmasq[25725]: read /var/lib/neutron/dhcp/3928525b-9963-49c4-a02c-3036366b549a/addn_hosts - 2 addresses
Mar 16 06:04:59 gtw01 dnsmasq-dhcp[25725]: read /var/lib/neutron/dhcp/3928525b-9963-49c4-a02c-3036366b549a/host
Mar 16 06:04:59 gtw01 dnsmasq-dhcp[25725]: read /var/lib/neutron/dhcp/3928525b-9963-49c4-a02c-3036366b549a/opts
Mar 16 06:05:00 gtw01 dnsmasq[21349]: read /var/lib/neutron/dhcp/61f4f97b-dd89-411c-83a6-0aacb0cf4893/addn_hosts - 3 addresses
Mar 16 06:05:00 gtw01 dnsmasq-dhcp[21349]: read /var/lib/neutron/dhcp/61f4f97b-dd89-411c-83a6-0aacb0cf4893/host
Mar 16 06:05:00 gtw01 dnsmasq-dhcp[21349]: read /var/lib/neutron/dhcp/61f4f97b-dd89-411c-83a6-0aacb0cf4893/opts
Mar 16 06:05:00 gtw01 dnsmasq[25725]: read /var/lib/neutron/dhcp/3928525b-9963-49c4-a02c-3036366b549a/addn_hosts - 2 addresses
Mar 16 06:05:00 gtw01 dnsmasq-dhcp[25725]: read /var/lib/neutron/dhcp/3928525b-9963-49c4-a02c-3036366b549a/host
Mar 16 06:05:00 gtw01 dnsmasq-dhcp[25725]: read /var/lib/neutron/dhcp/3928525b-9963-49c4-a02c-3036366b549a/opts
Mar 16 06:05:01 gtw01 dnsmasq[25709]: read /var/lib/neutron/dhcp/ab053ca9-087a-4053-bcba-704a4207d291/addn_hosts - 3 addresses
Mar 16 06:05:01 gtw01 dnsmasq-dhcp[25709]: read /var/lib/neutron/dhcp/ab053ca9-087a-4053-bcba-704a4207d291/host
Mar 16 06:05:01 gtw01 dnsmasq-dhcp[25709]: read /var/lib/neutron/dhcp/ab053ca9-087a-4053-bcba-704a4207d291/opts
Mar 16 06:05:02 gtw01 dnsmasq[21349]: read /var/lib/neutron/dhcp/61f4f97b-dd89-411c-83a6-0aacb0cf4893/addn_hosts - 3 addresses
Mar 16 06:05:02 gtw01 dnsmasq-dhcp[21349]: read /var/lib/neutron/dhcp/61f4f97b-dd89-411c-83a6-0aacb0cf4893/host
Mar 16 06:05:02 gtw01 dnsmasq-dhcp[21349]: read /var/lib/neutron/dhcp/61f4f97b-dd89-411c-83a6-0aacb0cf4893/opts
Mar 16 06:05:02 gtw01 dnsmasq[26039]: started, version 2.78 cachesize 150
Mar 16 06:05:02 gtw01 dnsmasq[26039]: DNS service limited to local subnets
Mar 16 06:05:02 gtw01 dnsmasq[26039]: compile time options: IPv6 GNU-getopt DBus i18n IDN DHCP DHCPv6 no-Lua TFTP conntrack ipset auth DNSSEC loop-detect inotify
Mar 16 06:05:02 gtw01 dnsmasq[26039]: warning: no upstream servers configured
Mar 16 06:05:02 gtw01 dnsmasq-dhcp[26039]: DHCP, static leases only on 192.168.120.0, lease time 1h
Mar 16 06:05:02 gtw01 dnsmasq[26039]: read /var/lib/neutron/dhcp/7124809a-889f-4d36-853e-38cf24f201f6/addn_hosts - 1 addresses
Mar 16 06:05:02 gtw01 dnsmasq-dhcp[26039]: read /var/lib/neutron/dhcp/7124809a-889f-4d36-853e-38cf24f201f6/host
Mar 16 06:05:02 gtw01 dnsmasq-dhcp[26039]: read /var/lib/neutron/dhcp/7124809a-889f-4d36-853e-38cf24f201f6/opts
Mar 16 06:05:02 gtw01 haproxy-metadata-proxy-7124809a-889f-4d36-853e-38cf24f201f6[26056]: Proxy listener started.
Mar 16 06:05:02 gtw01 dnsmasq[25372]: read /var/lib/neutron/dhcp/e517d586-d21f-47fe-ad86-f17ac44ee0c7/addn_hosts - 1 addresses
Mar 16 06:05:02 gtw01 dnsmasq-dhcp[25372]: read /var/lib/neutron/dhcp/e517d586-d21f-47fe-ad86-f17ac44ee0c7/host
Mar 16 06:05:02 gtw01 dnsmasq-dhcp[25372]: read /var/lib/neutron/dhcp/e517d586-d21f-47fe-ad86-f17ac44ee0c7/opts
Mar 16 06:05:03 gtw01 dnsmasq[25709]: read /var/lib/neutron/dhcp/ab053ca9-087a-4053-bcba-704a4207d291/addn_hosts - 3 addresses
Mar 16 06:05:03 gtw01 dnsmasq-dhcp[25709]: read /var/lib/neutron/dhcp/ab053ca9-087a-4053-bcba-704a4207d291/host
Mar 16 06:05:03 gtw01 dnsmasq-dhcp[25709]: read /var/lib/neutron/dhcp/ab053ca9-087a-4053-bcba-704a4207d291/opts
Mar 16 06:05:03 gtw01 dnsmasq[26039]: read /var/lib/neutron/dhcp/7124809a-889f-4d36-853e-38cf24f201f6/addn_hosts - 2 addresses
Mar 16 06:05:03 gtw01 dnsmasq-dhcp[26039]: read /var/lib/neutron/dhcp/7124809a-889f-4d36-853e-38cf24f201f6/host
Mar 16 06:05:03 gtw01 dnsmasq-dhcp[26039]: read /var/lib/neutron/dhcp/7124809a-889f-4d36-853e-38cf24f201f6/opts
Mar 16 06:05:03 gtw01 dnsmasq[21349]: read /var/lib/neutron/dhcp/61f4f97b-dd89-411c-83a6-0aacb0cf4893/addn_hosts - 3 addresses
Mar 16 06:05:03 gtw01 dnsmasq-dhcp[21349]: read /var/lib/neutron/dhcp/61f4f97b-dd89-411c-83a6-0aacb0cf4893/host
Mar 16 06:05:03 gtw01 dnsmasq-dhcp[21349]: read /var/lib/neutron/dhcp/61f4f97b-dd89-411c-83a6-0aacb0cf4893/opts
Mar 16 06:05:04 gtw01 dnsmasq[26039]: read /var/lib/neutron/dhcp/7124809a-889f-4d36-853e-38cf24f201f6/addn_hosts - 2 addresses
Mar 16 06:05:04 gtw01 dnsmasq-dhcp[26039]: read /var/lib/neutron/dhcp/7124809a-889f-4d36-853e-38cf24f201f6/host
Mar 16 06:05:04 gtw01 dnsmasq-dhcp[26039]: read /var/lib/neutron/dhcp/7124809a-889f-4d36-853e-38cf24f201f6/opts
Mar 16 06:05:08 gtw01 dnsmasq[26302]: started, version 2.78 cachesize 150
Mar 16 06:05:08 gtw01 dnsmasq[26302]: DNS service limited to local subnets
Mar 16 06:05:08 gtw01 dnsmasq[26302]: compile time options: IPv6 GNU-getopt DBus i18n IDN DHCP DHCPv6 no-Lua TFTP conntrack ipset auth DNSSEC loop-detect inotify
Mar 16 06:05:08 gtw01 dnsmasq[26302]: LOUD WARNING: listening on 19.86.0.2 may accept requests via interfaces other than tap1245f5eb-8f
Mar 16 06:05:08 gtw01 dnsmasq[26302]: LOUD WARNING: use --bind-dynamic rather than --bind-interfaces to avoid DNS amplification attacks via these interface(s)
Mar 16 06:05:08 gtw01 dnsmasq[26302]: warning: no upstream servers configured
Mar 16 06:05:08 gtw01 dnsmasq-dhcp[26302]: DHCP, static leases only on 19.86.0.0, lease time 1h
Mar 16 06:05:08 gtw01 dnsmasq[26302]: read /var/lib/neutron/dhcp/3928525b-9963-49c4-a02c-3036366b549a/addn_hosts - 2 addresses
