Mar 16 08:31:53 gtw01 dnsmasq[27930]: read /var/lib/neutron/dhcp/41d909d9-4eff-464f-9e97-b49e57ebb6db/addn_hosts - 4 addresses
Mar 16 08:31:53 gtw01 dnsmasq-dhcp[27930]: read /var/lib/neutron/dhcp/41d909d9-4eff-464f-9e97-b49e57ebb6db/host
Mar 16 08:31:53 gtw01 dnsmasq-dhcp[27930]: read /var/lib/neutron/dhcp/41d909d9-4eff-464f-9e97-b49e57ebb6db/opts
Mar 16 08:31:53 gtw01 dnsmasq-dhcp[27927]: DHCPRELEASE(tapf80301ef-02) 10.2.87.6 fa:16:3e:33:cf:91
Mar 16 08:31:54 gtw01 dnsmasq[27927]: read /var/lib/neutron/dhcp/7c502c95-37b9-4723-9b02-c7aae771b2b6/addn_hosts - 9 addresses
Mar 16 08:31:54 gtw01 dnsmasq-dhcp[27927]: read /var/lib/neutron/dhcp/7c502c95-37b9-4723-9b02-c7aae771b2b6/host
Mar 16 08:31:54 gtw01 dnsmasq-dhcp[27927]: read /var/lib/neutron/dhcp/7c502c95-37b9-4723-9b02-c7aae771b2b6/opts
Mar 16 08:31:54 gtw01 dnsmasq-dhcp[27927]: DHCPRELEASE(tapf80301ef-02) 10.2.87.8 fa:16:3e:4a:33:ad
Mar 16 08:31:55 gtw01 dnsmasq[27927]: read /var/lib/neutron/dhcp/7c502c95-37b9-4723-9b02-c7aae771b2b6/addn_hosts - 8 addresses
Mar 16 08:31:55 gtw01 dnsmasq-dhcp[27927]: read /var/lib/neutron/dhcp/7c502c95-37b9-4723-9b02-c7aae771b2b6/host
Mar 16 08:31:55 gtw01 dnsmasq-dhcp[27927]: read /var/lib/neutron/dhcp/7c502c95-37b9-4723-9b02-c7aae771b2b6/opts
Mar 16 08:31:56 gtw01 dnsmasq-dhcp[27927]: DHCPRELEASE(tapf80301ef-02) 10.2.87.4 fa:16:3e:fc:2a:bc
Mar 16 08:31:56 gtw01 dnsmasq-dhcp[27930]: DHCPRELEASE(tapfb40f3f5-81) 10.2.89.3 fa:16:3e:a9:01:39
Mar 16 08:31:57 gtw01 dnsmasq-dhcp[27922]: DHCPRELEASE(tap8330de3c-d3) 10.2.88.13 fa:16:3e:71:73:50
Mar 16 08:31:57 gtw01 dnsmasq[27927]: read /var/lib/neutron/dhcp/7c502c95-37b9-4723-9b02-c7aae771b2b6/addn_hosts - 7 addresses
Mar 16 08:31:57 gtw01 dnsmasq-dhcp[27927]: read /var/lib/neutron/dhcp/7c502c95-37b9-4723-9b02-c7aae771b2b6/host
Mar 16 08:31:57 gtw01 dnsmasq-dhcp[27927]: read /var/lib/neutron/dhcp/7c502c95-37b9-4723-9b02-c7aae771b2b6/opts
Mar 16 08:31:57 gtw01 dnsmasq[27930]: read /var/lib/neutron/dhcp/41d909d9-4eff-464f-9e97-b49e57ebb6db/addn_hosts - 3 addresses
Mar 16 08:31:57 gtw01 dnsmasq-dhcp[27930]: read /var/lib/neutron/dhcp/41d909d9-4eff-464f-9e97-b49e57ebb6db/host
Mar 16 08:31:57 gtw01 dnsmasq-dhcp[27930]: read /var/lib/neutron/dhcp/41d909d9-4eff-464f-9e97-b49e57ebb6db/opts
Mar 16 08:31:57 gtw01 dnsmasq[27922]: read /var/lib/neutron/dhcp/2a754254-f45e-4c48-bc64-12f1f9876b59/addn_hosts - 11 addresses
Mar 16 08:31:57 gtw01 dnsmasq-dhcp[27922]: read /var/lib/neutron/dhcp/2a754254-f45e-4c48-bc64-12f1f9876b59/host
Mar 16 08:31:57 gtw01 dnsmasq-dhcp[27922]: read /var/lib/neutron/dhcp/2a754254-f45e-4c48-bc64-12f1f9876b59/opts
Mar 16 08:31:58 gtw01 dnsmasq-dhcp[27927]: DHCPRELEASE(tapf80301ef-02) 10.2.87.10 fa:16:3e:ef:ff:d4
Mar 16 08:31:58 gtw01 dnsmasq-dhcp[27922]: DHCPRELEASE(tap8330de3c-d3) 10.2.88.8 fa:16:3e:35:00:47
Mar 16 08:31:58 gtw01 dnsmasq[27927]: read /var/lib/neutron/dhcp/7c502c95-37b9-4723-9b02-c7aae771b2b6/addn_hosts - 6 addresses
Mar 16 08:31:58 gtw01 dnsmasq-dhcp[27927]: read /var/lib/neutron/dhcp/7c502c95-37b9-4723-9b02-c7aae771b2b6/host
Mar 16 08:31:58 gtw01 dnsmasq-dhcp[27927]: read /var/lib/neutron/dhcp/7c502c95-37b9-4723-9b02-c7aae771b2b6/opts
Mar 16 08:31:59 gtw01 dnsmasq[27922]: read /var/lib/neutron/dhcp/2a754254-f45e-4c48-bc64-12f1f9876b59/addn_hosts - 10 addresses
Mar 16 08:31:59 gtw01 dnsmasq-dhcp[27922]: read /var/lib/neutron/dhcp/2a754254-f45e-4c48-bc64-12f1f9876b59/host
Mar 16 08:31:59 gtw01 dnsmasq-dhcp[27922]: read /var/lib/neutron/dhcp/2a754254-f45e-4c48-bc64-12f1f9876b59/opts
Mar 16 08:31:59 gtw01 dnsmasq-dhcp[27927]: DHCPRELEASE(tapf80301ef-02) 10.2.87.7 fa:16:3e:d4:83:88
Mar 16 08:31:59 gtw01 dnsmasq-dhcp[27930]: DHCPRELEASE(tapfb40f3f5-81) 10.2.89.4 fa:16:3e:bc:77:2b
Mar 16 08:32:00 gtw01 dnsmasq-dhcp[27922]: DHCPRELEASE(tap8330de3c-d3) 10.2.88.20 fa:16:3e:4d:e7:82
Mar 16 08:32:00 gtw01 dnsmasq[27927]: read /var/lib/neutron/dhcp/7c502c95-37b9-4723-9b02-c7aae771b2b6/addn_hosts - 5 addresses
Mar 16 08:32:00 gtw01 dnsmasq-dhcp[27927]: read /var/lib/neutron/dhcp/7c502c95-37b9-4723-9b02-c7aae771b2b6/host
Mar 16 08:32:00 gtw01 dnsmasq-dhcp[27927]: read /var/lib/neutron/dhcp/7c502c95-37b9-4723-9b02-c7aae771b2b6/opts
Mar 16 08:32:00 gtw01 dnsmasq[27930]: read /var/lib/neutron/dhcp/41d909d9-4eff-464f-9e97-b49e57ebb6db/addn_hosts - 2 addresses
Mar 16 08:32:00 gtw01 dnsmasq-dhcp[27930]: read /var/lib/neutron/dhcp/41d909d9-4eff-464f-9e97-b49e57ebb6db/host
Mar 16 08:32:00 gtw01 dnsmasq-dhcp[27930]: read /var/lib/neutron/dhcp/41d909d9-4eff-464f-9e97-b49e57ebb6db/opts
Mar 16 08:32:01 gtw01 dnsmasq-dhcp[27927]: DHCPRELEASE(tapf80301ef-02) 10.2.87.25 fa:16:3e:26:8f:ef
Mar 16 08:32:01 gtw01 dnsmasq[27922]: read /var/lib/neutron/dhcp/2a754254-f45e-4c48-bc64-12f1f9876b59/addn_hosts - 9 addresses
Mar 16 08:32:01 gtw01 dnsmasq-dhcp[27922]: read /var/lib/neutron/dhcp/2a754254-f45e-4c48-bc64-12f1f9876b59/host
Mar 16 08:32:01 gtw01 dnsmasq-dhcp[27922]: read /var/lib/neutron/dhcp/2a754254-f45e-4c48-bc64-12f1f9876b59/opts
Mar 16 08:32:01 gtw01 dnsmasq[27927]: read /var/lib/neutron/dhcp/7c502c95-37b9-4723-9b02-c7aae771b2b6/addn_hosts - 4 addresses
Mar 16 08:32:01 gtw01 dnsmasq-dhcp[27927]: read /var/lib/neutron/dhcp/7c502c95-37b9-4723-9b02-c7aae771b2b6/host
Mar 16 08:32:01 gtw01 dnsmasq-dhcp[27927]: read /var/lib/neutron/dhcp/7c502c95-37b9-4723-9b02-c7aae771b2b6/opts
Mar 16 08:32:01 gtw01 dnsmasq-dhcp[27922]: DHCPRELEASE(tap8330de3c-d3) 10.2.88.14 fa:16:3e:e6:6d:10
Mar 16 08:32:02 gtw01 dnsmasq-dhcp[27927]: DHCPRELEASE(tapf80301ef-02) 10.2.87.20 fa:16:3e:67:43:07
Mar 16 08:32:02 gtw01 dnsmasq[27922]: read /var/lib/neutron/dhcp/2a754254-f45e-4c48-bc64-12f1f9876b59/addn_hosts - 8 addresses
Mar 16 08:32:02 gtw01 dnsmasq-dhcp[27922]: read /var/lib/neutron/dhcp/2a754254-f45e-4c48-bc64-12f1f9876b59/host
Mar 16 08:32:02 gtw01 dnsmasq-dhcp[27922]: read /var/lib/neutron/dhcp/2a754254-f45e-4c48-bc64-12f1f9876b59/opts
Mar 16 08:32:03 gtw01 dnsmasq[27927]: read /var/lib/neutron/dhcp/7c502c95-37b9-4723-9b02-c7aae771b2b6/addn_hosts - 3 addresses
Mar 16 08:32:03 gtw01 dnsmasq-dhcp[27927]: read /var/lib/neutron/dhcp/7c502c95-37b9-4723-9b02-c7aae771b2b6/host
Mar 16 08:32:03 gtw01 dnsmasq-dhcp[27927]: read /var/lib/neutron/dhcp/7c502c95-37b9-4723-9b02-c7aae771b2b6/opts
Mar 16 08:32:03 gtw01 dnsmasq-dhcp[27922]: DHCPRELEASE(tap8330de3c-d3) 10.2.88.27 fa:16:3e:b0:0b:2c
Mar 16 08:32:03 gtw01 dnsmasq-dhcp[27927]: DHCPRELEASE(tapf80301ef-02) 10.2.87.19 fa:16:3e:b5:90:a9
Mar 16 08:32:04 gtw01 dnsmasq[27922]: read /var/lib/neutron/dhcp/2a754254-f45e-4c48-bc64-12f1f9876b59/addn_hosts - 7 addresses
Mar 16 08:32:04 gtw01 dnsmasq-dhcp[27922]: read /var/lib/neutron/dhcp/2a754254-f45e-4c48-bc64-12f1f9876b59/host
Mar 16 08:32:04 gtw01 dnsmasq-dhcp[27922]: read /var/lib/neutron/dhcp/2a754254-f45e-4c48-bc64-12f1f9876b59/opts
Mar 16 08:32:04 gtw01 dnsmasq[27927]: read /var/lib/neutron/dhcp/7c502c95-37b9-4723-9b02-c7aae771b2b6/addn_hosts - 2 addresses
Mar 16 08:32:04 gtw01 dnsmasq-dhcp[27927]: read /var/lib/neutron/dhcp/7c502c95-37b9-4723-9b02-c7aae771b2b6/host
Mar 16 08:32:04 gtw01 dnsmasq-dhcp[27927]: read /var/lib/neutron/dhcp/7c502c95-37b9-4723-9b02-c7aae771b2b6/opts
Mar 16 08:32:04 gtw01 dnsmasq-dhcp[27922]: DHCPRELEASE(tap8330de3c-d3) 10.2.88.18 fa:16:3e:07:a3:79
Mar 16 08:32:05 gtw01 dnsmasq[27922]: read /var/lib/neutron/dhcp/2a754254-f45e-4c48-bc64-12f1f9876b59/addn_hosts - 6 addresses
Mar 16 08:32:05 gtw01 dnsmasq-dhcp[27922]: read /var/lib/neutron/dhcp/2a754254-f45e-4c48-bc64-12f1f9876b59/host
Mar 16 08:32:05 gtw01 dnsmasq-dhcp[27922]: read /var/lib/neutron/dhcp/2a754254-f45e-4c48-bc64-12f1f9876b59/opts
Mar 16 08:32:06 gtw01 dnsmasq-dhcp[27922]: DHCPRELEASE(tap8330de3c-d3) 10.2.88.5 fa:16:3e:e5:89:34
Mar 16 08:32:07 gtw01 dnsmasq[27922]: read /var/lib/neutron/dhcp/2a754254-f45e-4c48-bc64-12f1f9876b59/addn_hosts - 5 addresses
Mar 16 08:32:07 gtw01 dnsmasq-dhcp[27922]: read /var/lib/neutron/dhcp/2a754254-f45e-4c48-bc64-12f1f9876b59/host
Mar 16 08:32:07 gtw01 dnsmasq-dhcp[27922]: read /var/lib/neutron/dhcp/2a754254-f45e-4c48-bc64-12f1f9876b59/opts
Mar 16 08:32:07 gtw01 dnsmasq-dhcp[27922]: DHCPRELEASE(tap8330de3c-d3) 10.2.88.11 fa:16:3e:4c:9b:99
Mar 16 08:32:08 gtw01 dnsmasq[27922]: read /var/lib/neutron/dhcp/2a754254-f45e-4c48-bc64-12f1f9876b59/addn_hosts - 4 addresses
Mar 16 08:32:08 gtw01 dnsmasq-dhcp[27922]: read /var/lib/neutron/dhcp/2a754254-f45e-4c48-bc64-12f1f9876b59/host
Mar 16 08:32:08 gtw01 dnsmasq-dhcp[27922]: read /var/lib/neutron/dhcp/2a754254-f45e-4c48-bc64-12f1f9876b59/opts
Mar 16 08:32:09 gtw01 dnsmasq-dhcp[27922]: DHCPRELEASE(tap8330de3c-d3) 10.2.88.17 fa:16:3e:ed:ee:7a
Mar 16 08:32:09 gtw01 dnsmasq[27922]: read /var/lib/neutron/dhcp/2a754254-f45e-4c48-bc64-12f1f9876b59/addn_hosts - 3 addresses
Mar 16 08:32:09 gtw01 dnsmasq-dhcp[27922]: read /var/lib/neutron/dhcp/2a754254-f45e-4c48-bc64-12f1f9876b59/host
Mar 16 08:32:09 gtw01 dnsmasq-dhcp[27922]: read /var/lib/neutron/dhcp/2a754254-f45e-4c48-bc64-12f1f9876b59/opts
Mar 16 08:32:10 gtw01 dnsmasq[27930]: read /var/lib/neutron/dhcp/41d909d9-4eff-464f-9e97-b49e57ebb6db/addn_hosts - 2 addresses
Mar 16 08:32:10 gtw01 dnsmasq-dhcp[27930]: read /var/lib/neutron/dhcp/41d909d9-4eff-464f-9e97-b49e57ebb6db/host
Mar 16 08:32:10 gtw01 dnsmasq-dhcp[27930]: read /var/lib/neutron/dhcp/41d909d9-4eff-464f-9e97-b49e57ebb6db/opts
Mar 16 08:32:10 gtw01 dnsmasq-dhcp[27922]: DHCPRELEASE(tap8330de3c-d3) 10.2.88.22 fa:16:3e:69:4b:43
Mar 16 08:32:10 gtw01 kernel: [15743.414163] device tapfb40f3f5-81 left promiscuous mode
Mar 16 08:32:11 gtw01 dnsmasq[27922]: read /var/lib/neutron/dhcp/2a754254-f45e-4c48-bc64-12f1f9876b59/addn_hosts - 2 addresses
Mar 16 08:32:11 gtw01 dnsmasq-dhcp[27922]: read /var/lib/neutron/dhcp/2a754254-f45e-4c48-bc64-12f1f9876b59/host
Mar 16 08:32:11 gtw01 dnsmasq-dhcp[27922]: read /var/lib/neutron/dhcp/2a754254-f45e-4c48-bc64-12f1f9876b59/opts
Mar 16 08:32:18 gtw01 dnsmasq[27922]: read /var/lib/neutron/dhcp/2a754254-f45e-4c48-bc64-12f1f9876b59/addn_hosts - 2 addresses
Mar 16 08:32:18 gtw01 dnsmasq-dhcp[27922]: read /var/lib/neutron/dhcp/2a754254-f45e-4c48-bc64-12f1f9876b59/host
Mar 16 08:32:18 gtw01 dnsmasq-dhcp[27922]: read /var/lib/neutron/dhcp/2a754254-f45e-4c48-bc64-12f1f9876b59/opts
Mar 16 08:32:19 gtw01 kernel: [15752.086486] device tap8330de3c-d3 left promiscuous mode
Mar 16 08:32:27 gtw01 dnsmasq[27927]: read /var/lib/neutron/dhcp/7c502c95-37b9-4723-9b02-c7aae771b2b6/addn_hosts - 2 addresses
Mar 16 08:32:27 gtw01 dnsmasq-dhcp[27927]: read /var/lib/neutron/dhcp/7c502c95-37b9-4723-9b02-c7aae771b2b6/host
Mar 16 08:32:27 gtw01 dnsmasq-dhcp[27927]: read /var/lib/neutron/dhcp/7c502c95-37b9-4723-9b02-c7aae771b2b6/opts
Mar 16 08:32:28 gtw01 kernel: [15760.728960] device tapf80301ef-02 left promiscuous mode
Mar 16 08:32:53 gtw01 kernel: [15785.665766] device tap89b36bfa-60 entered promiscuous mode
Mar 16 08:32:53 gtw01 systemd-udevd[28426]: Could not generate persistent MAC address for tap89b36bfa-60: No such file or directory
Mar 16 08:32:56 gtw01 dnsmasq[28551]: started, version 2.78 cachesize 150
Mar 16 08:32:56 gtw01 dnsmasq[28551]: DNS service limited to local subnets
Mar 16 08:32:56 gtw01 dnsmasq[28551]: compile time options: IPv6 GNU-getopt DBus i18n IDN DHCP DHCPv6 no-Lua TFTP conntrack ipset auth DNSSEC loop-detect inotify
Mar 16 08:32:56 gtw01 dnsmasq[28551]: warning: no upstream servers configured
Mar 16 08:32:56 gtw01 dnsmasq-dhcp[28551]: DHCP, static leases only on 10.2.90.0, lease time 1h
Mar 16 08:32:56 gtw01 dnsmasq[28551]: read /var/lib/neutron/dhcp/cc0b6bfa-4a26-4468-a371-dffb1559f241/addn_hosts - 1 addresses
Mar 16 08:32:56 gtw01 dnsmasq-dhcp[28551]: read /var/lib/neutron/dhcp/cc0b6bfa-4a26-4468-a371-dffb1559f241/host
Mar 16 08:32:56 gtw01 dnsmasq-dhcp[28551]: read /var/lib/neutron/dhcp/cc0b6bfa-4a26-4468-a371-dffb1559f241/opts
Mar 16 08:32:56 gtw01 haproxy-metadata-proxy-cc0b6bfa-4a26-4468-a371-dffb1559f241[28555]: Proxy listener started.
Mar 16 08:32:57 gtw01 dnsmasq[28551]: read /var/lib/neutron/dhcp/cc0b6bfa-4a26-4468-a371-dffb1559f241/addn_hosts - 2 addresses
Mar 16 08:32:57 gtw01 dnsmasq-dhcp[28551]: read /var/lib/neutron/dhcp/cc0b6bfa-4a26-4468-a371-dffb1559f241/host
Mar 16 08:32:57 gtw01 dnsmasq-dhcp[28551]: read /var/lib/neutron/dhcp/cc0b6bfa-4a26-4468-a371-dffb1559f241/opts
Mar 16 08:32:57 gtw01 kernel: [15790.167806] device tapa001e716-60 entered promiscuous mode
Mar 16 08:32:57 gtw01 systemd-udevd[28594]: Could not generate persistent MAC address for tapa001e716-60: No such file or directory
Mar 16 08:33:00 gtw01 dnsmasq[28722]: started, version 2.78 cachesize 150
Mar 16 08:33:00 gtw01 dnsmasq[28722]: DNS service limited to local subnets
Mar 16 08:33:00 gtw01 dnsmasq[28722]: compile time options: IPv6 GNU-getopt DBus i18n IDN DHCP DHCPv6 no-Lua TFTP conntrack ipset auth DNSSEC loop-detect inotify
Mar 16 08:33:00 gtw01 dnsmasq[28722]: warning: no upstream servers configured
Mar 16 08:33:00 gtw01 dnsmasq-dhcp[28722]: DHCP, static leases only on 10.2.91.0, lease time 1h
Mar 16 08:33:00 gtw01 dnsmasq[28722]: read /var/lib/neutron/dhcp/55a3e97e-8526-4a1b-a779-6bd1c3d7cba3/addn_hosts - 1 addresses
Mar 16 08:33:00 gtw01 dnsmasq-dhcp[28722]: read /var/lib/neutron/dhcp/55a3e97e-8526-4a1b-a779-6bd1c3d7cba3/host
Mar 16 08:33:00 gtw01 dnsmasq-dhcp[28722]: read /var/lib/neutron/dhcp/55a3e97e-8526-4a1b-a779-6bd1c3d7cba3/opts
Mar 16 08:33:01 gtw01 haproxy-metadata-proxy-55a3e97e-8526-4a1b-a779-6bd1c3d7cba3[28726]: Proxy listener started.
Mar 16 08:33:01 gtw01 dnsmasq[28722]: read /var/lib/neutron/dhcp/55a3e97e-8526-4a1b-a779-6bd1c3d7cba3/addn_hosts - 2 addresses
Mar 16 08:33:01 gtw01 dnsmasq-dhcp[28722]: read /var/lib/neutron/dhcp/55a3e97e-8526-4a1b-a779-6bd1c3d7cba3/host
Mar 16 08:33:01 gtw01 dnsmasq-dhcp[28722]: read /var/lib/neutron/dhcp/55a3e97e-8526-4a1b-a779-6bd1c3d7cba3/opts
Mar 16 08:33:03 gtw01 kernel: [15795.601157] device tape211dbf1-5e entered promiscuous mode
Mar 16 08:33:03 gtw01 systemd-udevd[28765]: Could not generate persistent MAC address for tape211dbf1-5e: No such file or directory
Mar 16 08:33:06 gtw01 dnsmasq[28893]: started, version 2.78 cachesize 150
Mar 16 08:33:06 gtw01 dnsmasq[28893]: DNS service limited to local subnets
Mar 16 08:33:06 gtw01 dnsmasq[28893]: compile time options: IPv6 GNU-getopt DBus i18n IDN DHCP DHCPv6 no-Lua TFTP conntrack ipset auth DNSSEC loop-detect inotify
Mar 16 08:33:06 gtw01 dnsmasq[28893]: warning: no upstream servers configured
Mar 16 08:33:06 gtw01 dnsmasq-dhcp[28893]: DHCP, static leases only on 10.2.92.0, lease time 1h
Mar 16 08:33:06 gtw01 dnsmasq[28893]: read /var/lib/neutron/dhcp/a41a39e8-b3a3-4384-a8e6-8cc21e517a59/addn_hosts - 1 addresses
Mar 16 08:33:06 gtw01 dnsmasq-dhcp[28893]: read /var/lib/neutron/dhcp/a41a39e8-b3a3-4384-a8e6-8cc21e517a59/host
Mar 16 08:33:06 gtw01 dnsmasq-dhcp[28893]: read /var/lib/neutron/dhcp/a41a39e8-b3a3-4384-a8e6-8cc21e517a59/opts
Mar 16 08:33:06 gtw01 haproxy-metadata-proxy-a41a39e8-b3a3-4384-a8e6-8cc21e517a59[28902]: Proxy listener started.
Mar 16 08:33:06 gtw01 kernel: [15799.475834] device tapd2b7832b-5d entered promiscuous mode
Mar 16 08:33:06 gtw01 systemd-udevd[28917]: Could not generate persistent MAC address for tapd2b7832b-5d: No such file or directory
Mar 16 08:33:07 gtw01 dnsmasq[28893]: read /var/lib/neutron/dhcp/a41a39e8-b3a3-4384-a8e6-8cc21e517a59/addn_hosts - 2 addresses
Mar 16 08:33:07 gtw01 dnsmasq-dhcp[28893]: read /var/lib/neutron/dhcp/a41a39e8-b3a3-4384-a8e6-8cc21e517a59/host
Mar 16 08:33:07 gtw01 dnsmasq-dhcp[28893]: read /var/lib/neutron/dhcp/a41a39e8-b3a3-4384-a8e6-8cc21e517a59/opts
Mar 16 08:33:08 gtw01 dnsmasq[28893]: read /var/lib/neutron/dhcp/a41a39e8-b3a3-4384-a8e6-8cc21e517a59/addn_hosts - 2 addresses
Mar 16 08:33:08 gtw01 dnsmasq-dhcp[28893]: read /var/lib/neutron/dhcp/a41a39e8-b3a3-4384-a8e6-8cc21e517a59/host
Mar 16 08:33:08 gtw01 dnsmasq-dhcp[28893]: read /var/lib/neutron/dhcp/a41a39e8-b3a3-4384-a8e6-8cc21e517a59/opts
Mar 16 08:33:09 gtw01 systemd-udevd[29088]: Could not generate persistent MAC address for tap66ac9e16-28: No such file or directory
Mar 16 08:33:09 gtw01 kernel: [15801.887995] device tap66ac9e16-28 entered promiscuous mode
Mar 16 08:33:09 gtw01 systemd-udevd[29181]: Could not generate persistent MAC address for tapa11d0242-46: No such file or directory
Mar 16 08:33:09 gtw01 kernel: [15802.209256] device tapa11d0242-46 entered promiscuous mode
Mar 16 08:33:10 gtw01 kernel: [15803.060219] device tap2df663cc-1e entered promiscuous mode
Mar 16 08:33:10 gtw01 systemd-udevd[29286]: Could not generate persistent MAC address for tap2df663cc-1e: No such file or directory
Mar 16 08:33:11 gtw01 dnsmasq[29393]: started, version 2.78 cachesize 150
Mar 16 08:33:11 gtw01 dnsmasq[29393]: DNS service limited to local subnets
Mar 16 08:33:11 gtw01 dnsmasq[29393]: compile time options: IPv6 GNU-getopt DBus i18n IDN DHCP DHCPv6 no-Lua TFTP conntrack ipset auth DNSSEC loop-detect inotify
Mar 16 08:33:11 gtw01 dnsmasq[29393]: warning: no upstream servers configured
Mar 16 08:33:11 gtw01 dnsmasq-dhcp[29393]: DHCP, static leases only on 10.2.93.0, lease time 1h
Mar 16 08:33:11 gtw01 dnsmasq[29393]: read /var/lib/neutron/dhcp/8f225f6c-ddee-48a1-83b5-d0703491a06a/addn_hosts - 1 addresses
Mar 16 08:33:11 gtw01 dnsmasq-dhcp[29393]: read /var/lib/neutron/dhcp/8f225f6c-ddee-48a1-83b5-d0703491a06a/host
Mar 16 08:33:11 gtw01 dnsmasq-dhcp[29393]: read /var/lib/neutron/dhcp/8f225f6c-ddee-48a1-83b5-d0703491a06a/opts
Mar 16 08:33:11 gtw01 haproxy-metadata-proxy-8f225f6c-ddee-48a1-83b5-d0703491a06a[29402]: Proxy listener started.
Mar 16 08:33:14 gtw01 dnsmasq[29529]: started, version 2.78 cachesize 150
Mar 16 08:33:14 gtw01 dnsmasq[29529]: DNS service limited to local subnets
Mar 16 08:33:14 gtw01 dnsmasq[29529]: compile time options: IPv6 GNU-getopt DBus i18n IDN DHCP DHCPv6 no-Lua TFTP conntrack ipset auth DNSSEC loop-detect inotify
Mar 16 08:33:14 gtw01 dnsmasq[29529]: warning: no upstream servers configured
Mar 16 08:33:14 gtw01 dnsmasq-dhcp[29529]: DHCP, static leases only on 10.2.94.0, lease time 1h
Mar 16 08:33:14 gtw01 dnsmasq[29529]: read /var/lib/neutron/dhcp/6fa9e942-3813-4cb3-b273-89f634ce46c8/addn_hosts - 1 addresses
Mar 16 08:33:14 gtw01 dnsmasq-dhcp[29529]: read /var/lib/neutron/dhcp/6fa9e942-3813-4cb3-b273-89f634ce46c8/host
Mar 16 08:33:14 gtw01 dnsmasq-dhcp[29529]: read /var/lib/neutron/dhcp/6fa9e942-3813-4cb3-b273-89f634ce46c8/opts
Mar 16 08:33:14 gtw01 dnsmasq[29533]: started, version 2.78 cachesize 150
Mar 16 08:33:14 gtw01 dnsmasq[29533]: DNS service limited to local subnets
Mar 16 08:33:14 gtw01 dnsmasq[29533]: compile time options: IPv6 GNU-getopt DBus i18n IDN DHCP DHCPv6 no-Lua TFTP conntrack ipset auth DNSSEC loop-detect inotify
Mar 16 08:33:14 gtw01 dnsmasq[29533]: warning: no upstream servers configured
Mar 16 08:33:14 gtw01 dnsmasq-dhcp[29533]: DHCP, static leases only on 10.2.95.0, lease time 1h
Mar 16 08:33:14 gtw01 dnsmasq[29533]: read /var/lib/neutron/dhcp/dd3694c5-1adf-4c4a-984d-328014710c66/addn_hosts - 1 addresses
Mar 16 08:33:14 gtw01 dnsmasq-dhcp[29533]: read /var/lib/neutron/dhcp/dd3694c5-1adf-4c4a-984d-328014710c66/host
Mar 16 08:33:14 gtw01 dnsmasq-dhcp[29533]: read /var/lib/neutron/dhcp/dd3694c5-1adf-4c4a-984d-328014710c66/opts
Mar 16 08:33:14 gtw01 haproxy-metadata-proxy-6fa9e942-3813-4cb3-b273-89f634ce46c8[29543]: Proxy listener started.
Mar 16 08:33:14 gtw01 haproxy-metadata-proxy-dd3694c5-1adf-4c4a-984d-328014710c66[29550]: Proxy listener started.
Mar 16 08:33:15 gtw01 dnsmasq[29572]: started, version 2.78 cachesize 150
Mar 16 08:33:15 gtw01 dnsmasq[29572]: DNS service limited to local subnets
Mar 16 08:33:15 gtw01 dnsmasq[29572]: compile time options: IPv6 GNU-getopt DBus i18n IDN DHCP DHCPv6 no-Lua TFTP conntrack ipset auth DNSSEC loop-detect inotify
Mar 16 08:33:15 gtw01 dnsmasq[29572]: warning: no upstream servers configured
Mar 16 08:33:15 gtw01 dnsmasq-dhcp[29572]: DHCP, static leases only on 10.2.97.0, lease time 1h
Mar 16 08:33:15 gtw01 dnsmasq[29572]: read /var/lib/neutron/dhcp/6479a68c-cd4f-450b-86f5-e69dc4f96ab9/addn_hosts - 1 addresses
Mar 16 08:33:15 gtw01 dnsmasq-dhcp[29572]: read /var/lib/neutron/dhcp/6479a68c-cd4f-450b-86f5-e69dc4f96ab9/host
Mar 16 08:33:15 gtw01 dnsmasq-dhcp[29572]: read /var/lib/neutron/dhcp/6479a68c-cd4f-450b-86f5-e69dc4f96ab9/opts
Mar 16 08:33:15 gtw01 haproxy-metadata-proxy-6479a68c-cd4f-450b-86f5-e69dc4f96ab9[29587]: Proxy listener started.
Mar 16 08:33:16 gtw01 systemd-udevd[29616]: Could not generate persistent MAC address for tap61db063b-83: No such file or directory
Mar 16 08:33:16 gtw01 kernel: [15808.680124] device tap61db063b-83 entered promiscuous mode
Mar 16 08:33:16 gtw01 dnsmasq[29712]: started, version 2.78 cachesize 150
Mar 16 08:33:16 gtw01 dnsmasq[29712]: DNS service limited to local subnets
Mar 16 08:33:16 gtw01 dnsmasq[29712]: compile time options: IPv6 GNU-getopt DBus i18n IDN DHCP DHCPv6 no-Lua TFTP conntrack ipset auth DNSSEC loop-detect inotify
Mar 16 08:33:16 gtw01 dnsmasq[29712]: warning: no upstream servers configured
Mar 16 08:33:16 gtw01 dnsmasq-dhcp[29712]: DHCP, static leases only on 10.2.93.0, lease time 1h
Mar 16 08:33:16 gtw01 dnsmasq-dhcp[29712]: DHCP, static leases only on 10.2.96.0, lease time 1h
Mar 16 08:33:16 gtw01 dnsmasq[29712]: read /var/lib/neutron/dhcp/8f225f6c-ddee-48a1-83b5-d0703491a06a/addn_hosts - 4 addresses
Mar 16 08:33:16 gtw01 dnsmasq-dhcp[29712]: read /var/lib/neutron/dhcp/8f225f6c-ddee-48a1-83b5-d0703491a06a/host
Mar 16 08:33:16 gtw01 dnsmasq-dhcp[29712]: read /var/lib/neutron/dhcp/8f225f6c-ddee-48a1-83b5-d0703491a06a/opts
Mar 16 08:33:17 gtw01 dnsmasq[29712]: read /var/lib/neutron/dhcp/8f225f6c-ddee-48a1-83b5-d0703491a06a/addn_hosts - 4 addresses
Mar 16 08:33:17 gtw01 dnsmasq-dhcp[29712]: read /var/lib/neutron/dhcp/8f225f6c-ddee-48a1-83b5-d0703491a06a/host
Mar 16 08:33:17 gtw01 dnsmasq-dhcp[29712]: read /var/lib/neutron/dhcp/8f225f6c-ddee-48a1-83b5-d0703491a06a/opts
Mar 16 08:33:19 gtw01 dnsmasq[29712]: read /var/lib/neutron/dhcp/8f225f6c-ddee-48a1-83b5-d0703491a06a/addn_hosts - 4 addresses
Mar 16 08:33:19 gtw01 dnsmasq-dhcp[29712]: read /var/lib/neutron/dhcp/8f225f6c-ddee-48a1-83b5-d0703491a06a/host
Mar 16 08:33:19 gtw01 dnsmasq-dhcp[29712]: read /var/lib/neutron/dhcp/8f225f6c-ddee-48a1-83b5-d0703491a06a/opts
Mar 16 08:33:20 gtw01 dnsmasq[29880]: started, version 2.78 cachesize 150
Mar 16 08:33:20 gtw01 dnsmasq[29880]: DNS service limited to local subnets
Mar 16 08:33:20 gtw01 dnsmasq[29880]: compile time options: IPv6 GNU-getopt DBus i18n IDN DHCP DHCPv6 no-Lua TFTP conntrack ipset auth DNSSEC loop-detect inotify
Mar 16 08:33:20 gtw01 dnsmasq[29880]: warning: no upstream servers configured
Mar 16 08:33:20 gtw01 dnsmasq-dhcp[29880]: DHCP, static leases only on 10.2.99.0, lease time 1h
Mar 16 08:33:20 gtw01 dnsmasq-dhcp[29880]: DHCP, static leases only on 10.2.95.0, lease time 1h
Mar 16 08:33:20 gtw01 dnsmasq[29880]: read /var/lib/neutron/dhcp/dd3694c5-1adf-4c4a-984d-328014710c66/addn_hosts - 3 addresses
Mar 16 08:33:20 gtw01 dnsmasq-dhcp[29880]: read /var/lib/neutron/dhcp/dd3694c5-1adf-4c4a-984d-328014710c66/host
Mar 16 08:33:20 gtw01 dnsmasq-dhcp[29880]: read /var/lib/neutron/dhcp/dd3694c5-1adf-4c4a-984d-328014710c66/opts
Mar 16 08:33:20 gtw01 dnsmasq[29893]: started, version 2.78 cachesize 150
Mar 16 08:33:20 gtw01 dnsmasq[29893]: DNS service limited to local subnets
Mar 16 08:33:20 gtw01 dnsmasq[29893]: compile time options: IPv6 GNU-getopt DBus i18n IDN DHCP DHCPv6 no-Lua TFTP conntrack ipset auth DNSSEC loop-detect inotify
Mar 16 08:33:20 gtw01 dnsmasq[29893]: warning: no upstream servers configured
Mar 16 08:33:20 gtw01 dnsmasq-dhcp[29893]: DHCP, static leases only on 10.2.98.0, lease time 1h
Mar 16 08:33:20 gtw01 dnsmasq-dhcp[29893]: DHCP, static leases only on 10.2.94.0, lease time 1h
Mar 16 08:33:20 gtw01 dnsmasq[29893]: read /var/lib/neutron/dhcp/6fa9e942-3813-4cb3-b273-89f634ce46c8/addn_hosts - 3 addresses
Mar 16 08:33:20 gtw01 dnsmasq-dhcp[29893]: read /var/lib/neutron/dhcp/6fa9e942-3813-4cb3-b273-89f634ce46c8/host
Mar 16 08:33:20 gtw01 dnsmasq-dhcp[29893]: read /var/lib/neutron/dhcp/6fa9e942-3813-4cb3-b273-89f634ce46c8/opts
Mar 16 08:33:21 gtw01 dnsmasq[29880]: read /var/lib/neutron/dhcp/dd3694c5-1adf-4c4a-984d-328014710c66/addn_hosts - 3 addresses
Mar 16 08:33:21 gtw01 dnsmasq-dhcp[29880]: read /var/lib/neutron/dhcp/dd3694c5-1adf-4c4a-984d-328014710c66/host
Mar 16 08:33:21 gtw01 dnsmasq-dhcp[29880]: read /var/lib/neutron/dhcp/dd3694c5-1adf-4c4a-984d-328014710c66/opts
Mar 16 08:33:21 gtw01 dnsmasq[29893]: read /var/lib/neutron/dhcp/6fa9e942-3813-4cb3-b273-89f634ce46c8/addn_hosts - 4 addresses
Mar 16 08:33:21 gtw01 dnsmasq-dhcp[29893]: read /var/lib/neutron/dhcp/6fa9e942-3813-4cb3-b273-89f634ce46c8/host
Mar 16 08:33:21 gtw01 dnsmasq-dhcp[29893]: read /var/lib/neutron/dhcp/6fa9e942-3813-4cb3-b273-89f634ce46c8/opts
Mar 16 08:33:21 gtw01 dnsmasq[29944]: started, version 2.78 cachesize 150
Mar 16 08:33:21 gtw01 dnsmasq[29944]: DNS service limited to local subnets
Mar 16 08:33:21 gtw01 dnsmasq[29944]: compile time options: IPv6 GNU-getopt DBus i18n IDN DHCP DHCPv6 no-Lua TFTP conntrack ipset auth DNSSEC loop-detect inotify
Mar 16 08:33:21 gtw01 dnsmasq[29944]: warning: no upstream servers configured
Mar 16 08:33:21 gtw01 dnsmasq-dhcp[29944]: DHCP, static leases only on 10.2.97.0, lease time 1h
Mar 16 08:33:21 gtw01 dnsmasq-dhcp[29944]: DHCP, static leases only on 10.2.100.0, lease time 1h
Mar 16 08:33:21 gtw01 dnsmasq[29944]: read /var/lib/neutron/dhcp/6479a68c-cd4f-450b-86f5-e69dc4f96ab9/addn_hosts - 3 addresses
Mar 16 08:33:21 gtw01 dnsmasq-dhcp[29944]: read /var/lib/neutron/dhcp/6479a68c-cd4f-450b-86f5-e69dc4f96ab9/host
Mar 16 08:33:21 gtw01 dnsmasq-dhcp[29944]: read /var/lib/neutron/dhcp/6479a68c-cd4f-450b-86f5-e69dc4f96ab9/opts
Mar 16 08:33:21 gtw01 dnsmasq[29955]: started, version 2.78 cachesize 150
Mar 16 08:33:21 gtw01 dnsmasq[29955]: DNS service limited to local subnets
Mar 16 08:33:21 gtw01 dnsmasq[29955]: compile time options: IPv6 GNU-getopt DBus i18n IDN DHCP DHCPv6 no-Lua TFTP conntrack ipset auth DNSSEC loop-detect inotify
Mar 16 08:33:21 gtw01 dnsmasq[29955]: warning: no upstream servers configured
Mar 16 08:33:21 gtw01 dnsmasq-dhcp[29955]: DHCP, static leases only on 10.2.101.0, lease time 1h
Mar 16 08:33:21 gtw01 dnsmasq[29955]: read /var/lib/neutron/dhcp/cef8e25e-3863-447c-8aaa-229f3ef31237/addn_hosts - 1 addresses
Mar 16 08:33:21 gtw01 dnsmasq-dhcp[29955]: read /var/lib/neutron/dhcp/cef8e25e-3863-447c-8aaa-229f3ef31237/host
Mar 16 08:33:21 gtw01 dnsmasq-dhcp[29955]: read /var/lib/neutron/dhcp/cef8e25e-3863-447c-8aaa-229f3ef31237/opts
Mar 16 08:33:22 gtw01 haproxy-metadata-proxy-cef8e25e-3863-447c-8aaa-229f3ef31237[29970]: Proxy listener started.
Mar 16 08:33:22 gtw01 dnsmasq[29944]: read /var/lib/neutron/dhcp/6479a68c-cd4f-450b-86f5-e69dc4f96ab9/addn_hosts - 3 addresses
Mar 16 08:33:22 gtw01 dnsmasq-dhcp[29944]: read /var/lib/neutron/dhcp/6479a68c-cd4f-450b-86f5-e69dc4f96ab9/host
Mar 16 08:33:22 gtw01 dnsmasq-dhcp[29944]: read /var/lib/neutron/dhcp/6479a68c-cd4f-450b-86f5-e69dc4f96ab9/opts
Mar 16 08:33:22 gtw01 dnsmasq[29880]: read /var/lib/neutron/dhcp/dd3694c5-1adf-4c4a-984d-328014710c66/addn_hosts - 3 addresses
Mar 16 08:33:22 gtw01 dnsmasq-dhcp[29880]: read /var/lib/neutron/dhcp/dd3694c5-1adf-4c4a-984d-328014710c66/host
Mar 16 08:33:22 gtw01 dnsmasq-dhcp[29880]: read /var/lib/neutron/dhcp/dd3694c5-1adf-4c4a-984d-328014710c66/opts
Mar 16 08:33:22 gtw01 dnsmasq[29893]: read /var/lib/neutron/dhcp/6fa9e942-3813-4cb3-b273-89f634ce46c8/addn_hosts - 4 addresses
Mar 16 08:33:22 gtw01 dnsmasq-dhcp[29893]: read /var/lib/neutron/dhcp/6fa9e942-3813-4cb3-b273-89f634ce46c8/host
Mar 16 08:33:22 gtw01 dnsmasq-dhcp[29893]: read /var/lib/neutron/dhcp/6fa9e942-3813-4cb3-b273-89f634ce46c8/opts
Mar 16 08:33:23 gtw01 dnsmasq[29944]: read /var/lib/neutron/dhcp/6479a68c-cd4f-450b-86f5-e69dc4f96ab9/addn_hosts - 3 addresses
Mar 16 08:33:23 gtw01 dnsmasq-dhcp[29944]: read /var/lib/neutron/dhcp/6479a68c-cd4f-450b-86f5-e69dc4f96ab9/host
Mar 16 08:33:23 gtw01 dnsmasq-dhcp[29944]: read /var/lib/neutron/dhcp/6479a68c-cd4f-450b-86f5-e69dc4f96ab9/opts
Mar 16 08:33:24 gtw01 dnsmasq[29880]: read /var/lib/neutron/dhcp/dd3694c5-1adf-4c4a-984d-328014710c66/addn_hosts - 4 addresses
Mar 16 08:33:24 gtw01 dnsmasq-dhcp[29880]: read /var/lib/neutron/dhcp/dd3694c5-1adf-4c4a-984d-328014710c66/host
Mar 16 08:33:24 gtw01 dnsmasq-dhcp[29880]: read /var/lib/neutron/dhcp/dd3694c5-1adf-4c4a-984d-328014710c66/opts
Mar 16 08:33:24 gtw01 kernel: [15817.108259] device tap83e9b84c-ac entered promiscuous mode
Mar 16 08:33:24 gtw01 systemd-udevd[30070]: Could not generate persistent MAC address for tap83e9b84c-ac: No such file or directory
Mar 16 08:33:25 gtw01 dnsmasq[29944]: read /var/lib/neutron/dhcp/6479a68c-cd4f-450b-86f5-e69dc4f96ab9/addn_hosts - 4 addresses
Mar 16 08:33:25 gtw01 dnsmasq-dhcp[29944]: read /var/lib/neutron/dhcp/6479a68c-cd4f-450b-86f5-e69dc4f96ab9/host
Mar 16 08:33:25 gtw01 dnsmasq-dhcp[29944]: read /var/lib/neutron/dhcp/6479a68c-cd4f-450b-86f5-e69dc4f96ab9/opts
Mar 16 08:33:27 gtw01 dnsmasq[30254]: started, version 2.78 cachesize 150
Mar 16 08:33:27 gtw01 dnsmasq[30254]: DNS service limited to local subnets
Mar 16 08:33:27 gtw01 dnsmasq[30254]: compile time options: IPv6 GNU-getopt DBus i18n IDN DHCP DHCPv6 no-Lua TFTP conntrack ipset auth DNSSEC loop-detect inotify
Mar 16 08:33:27 gtw01 dnsmasq[30254]: warning: no upstream servers configured
Mar 16 08:33:27 gtw01 dnsmasq-dhcp[30254]: DHCP, static leases only on 10.2.101.0, lease time 1h
Mar 16 08:33:27 gtw01 dnsmasq-dhcp[30254]: DHCP, static leases only on 10.2.102.0, lease time 1h
Mar 16 08:33:27 gtw01 dnsmasq[30254]: read /var/lib/neutron/dhcp/cef8e25e-3863-447c-8aaa-229f3ef31237/addn_hosts - 4 addresses
Mar 16 08:33:27 gtw01 dnsmasq-dhcp[30254]: read /var/lib/neutron/dhcp/cef8e25e-3863-447c-8aaa-229f3ef31237/host
Mar 16 08:33:27 gtw01 dnsmasq-dhcp[30254]: read /var/lib/neutron/dhcp/cef8e25e-3863-447c-8aaa-229f3ef31237/opts
Mar 16 08:33:28 gtw01 dnsmasq[30272]: started, version 2.78 cachesize 150
Mar 16 08:33:28 gtw01 dnsmasq[30272]: DNS service limited to local subnets
Mar 16 08:33:28 gtw01 dnsmasq[30272]: compile time options: IPv6 GNU-getopt DBus i18n IDN DHCP DHCPv6 no-Lua TFTP conntrack ipset auth DNSSEC loop-detect inotify
Mar 16 08:33:28 gtw01 dnsmasq[30272]: warning: no upstream servers configured
Mar 16 08:33:28 gtw01 dnsmasq-dhcp[30272]: DHCP, static leases only on 10.2.103.0, lease time 1h
Mar 16 08:33:28 gtw01 dnsmasq[30272]: read /var/lib/neutron/dhcp/468d2701-a078-4919-ab28-2733c3e3e746/addn_hosts - 1 addresses
Mar 16 08:33:28 gtw01 dnsmasq-dhcp[30272]: read /var/lib/neutron/dhcp/468d2701-a078-4919-ab28-2733c3e3e746/host
Mar 16 08:33:28 gtw01 dnsmasq-dhcp[30272]: read /var/lib/neutron/dhcp/468d2701-a078-4919-ab28-2733c3e3e746/opts
Mar 16 08:33:28 gtw01 dnsmasq[30254]: read /var/lib/neutron/dhcp/cef8e25e-3863-447c-8aaa-229f3ef31237/addn_hosts - 4 addresses
Mar 16 08:33:28 gtw01 dnsmasq-dhcp[30254]: read /var/lib/neutron/dhcp/cef8e25e-3863-447c-8aaa-229f3ef31237/host
Mar 16 08:33:28 gtw01 dnsmasq-dhcp[30254]: read /var/lib/neutron/dhcp/cef8e25e-3863-447c-8aaa-229f3ef31237/opts
Mar 16 08:33:28 gtw01 haproxy-metadata-proxy-468d2701-a078-4919-ab28-2733c3e3e746[30280]: Proxy listener started.
Mar 16 08:33:29 gtw01 dnsmasq[30254]: read /var/lib/neutron/dhcp/cef8e25e-3863-447c-8aaa-229f3ef31237/addn_hosts - 4 addresses
Mar 16 08:33:29 gtw01 dnsmasq-dhcp[30254]: read /var/lib/neutron/dhcp/cef8e25e-3863-447c-8aaa-229f3ef31237/host
Mar 16 08:33:29 gtw01 dnsmasq-dhcp[30254]: read /var/lib/neutron/dhcp/cef8e25e-3863-447c-8aaa-229f3ef31237/opts
Mar 16 08:33:32 gtw01 systemd-udevd[30329]: Could not generate persistent MAC address for tapd23c8693-2d: No such file or directory
Mar 16 08:33:32 gtw01 kernel: [15824.628529] device tapd23c8693-2d entered promiscuous mode
Mar 16 08:33:33 gtw01 systemd-udevd[30464]: Could not generate persistent MAC address for tap1bfe7efa-52: No such file or directory
Mar 16 08:33:33 gtw01 kernel: [15825.784468] device tap1bfe7efa-52 entered promiscuous mode
Mar 16 08:33:34 gtw01 systemd-udevd[30569]: Could not generate persistent MAC address for tapa8432a2b-b0: No such file or directory
Mar 16 08:33:34 gtw01 kernel: [15826.531913] device tapa8432a2b-b0 entered promiscuous mode
Mar 16 08:33:35 gtw01 dnsmasq[30720]: started, version 2.78 cachesize 150
Mar 16 08:33:35 gtw01 dnsmasq[30720]: DNS service limited to local subnets
Mar 16 08:33:35 gtw01 dnsmasq[30720]: compile time options: IPv6 GNU-getopt DBus i18n IDN DHCP DHCPv6 no-Lua TFTP conntrack ipset auth DNSSEC loop-detect inotify
Mar 16 08:33:35 gtw01 dnsmasq[30720]: warning: no upstream servers configured
Mar 16 08:33:35 gtw01 dnsmasq-dhcp[30720]: DHCP, static leases only on 10.2.104.0, lease time 1h
Mar 16 08:33:35 gtw01 dnsmasq-dhcp[30720]: DHCP, static leases only on 10.2.103.0, lease time 1h
Mar 16 08:33:35 gtw01 dnsmasq[30720]: read /var/lib/neutron/dhcp/468d2701-a078-4919-ab28-2733c3e3e746/addn_hosts - 4 addresses
Mar 16 08:33:35 gtw01 dnsmasq-dhcp[30720]: read /var/lib/neutron/dhcp/468d2701-a078-4919-ab28-2733c3e3e746/host
Mar 16 08:33:35 gtw01 dnsmasq-dhcp[30720]: read /var/lib/neutron/dhcp/468d2701-a078-4919-ab28-2733c3e3e746/opts
Mar 16 08:33:36 gtw01 systemd-udevd[30731]: Could not generate persistent MAC address for tap55ebb21f-bc: No such file or directory
Mar 16 08:33:36 gtw01 kernel: [15828.492538] device tap55ebb21f-bc entered promiscuous mode
Mar 16 08:33:36 gtw01 dnsmasq[30720]: read /var/lib/neutron/dhcp/468d2701-a078-4919-ab28-2733c3e3e746/addn_hosts - 4 addresses
Mar 16 08:33:36 gtw01 dnsmasq-dhcp[30720]: read /var/lib/neutron/dhcp/468d2701-a078-4919-ab28-2733c3e3e746/host
Mar 16 08:33:37 gtw01 dnsmasq-dhcp[30720]: read /var/lib/neutron/dhcp/468d2701-a078-4919-ab28-2733c3e3e746/opts
Mar 16 08:33:37 gtw01 dnsmasq[30880]: started, version 2.78 cachesize 150
Mar 16 08:33:37 gtw01 dnsmasq[30880]: DNS service limited to local subnets
Mar 16 08:33:37 gtw01 dnsmasq[30880]: compile time options: IPv6 GNU-getopt DBus i18n IDN DHCP DHCPv6 no-Lua TFTP conntrack ipset auth DNSSEC loop-detect inotify
Mar 16 08:33:37 gtw01 dnsmasq[30880]: warning: no upstream servers configured
Mar 16 08:33:37 gtw01 dnsmasq-dhcp[30880]: DHCP, static leases only on 10.2.105.0, lease time 1h
Mar 16 08:33:37 gtw01 dnsmasq[30880]: read /var/lib/neutron/dhcp/f84d807b-c8ac-40cb-8817-dc564ecbacb1/addn_hosts - 1 addresses
Mar 16 08:33:37 gtw01 dnsmasq-dhcp[30880]: read /var/lib/neutron/dhcp/f84d807b-c8ac-40cb-8817-dc564ecbacb1/host
Mar 16 08:33:37 gtw01 dnsmasq-dhcp[30880]: read /var/lib/neutron/dhcp/f84d807b-c8ac-40cb-8817-dc564ecbacb1/opts
Mar 16 08:33:38 gtw01 haproxy-metadata-proxy-f84d807b-c8ac-40cb-8817-dc564ecbacb1[30900]: Proxy listener started.
Mar 16 08:33:38 gtw01 dnsmasq[30720]: read /var/lib/neutron/dhcp/468d2701-a078-4919-ab28-2733c3e3e746/addn_hosts - 4 addresses
Mar 16 08:33:38 gtw01 dnsmasq-dhcp[30720]: read /var/lib/neutron/dhcp/468d2701-a078-4919-ab28-2733c3e3e746/host
Mar 16 08:33:38 gtw01 dnsmasq-dhcp[30720]: read /var/lib/neutron/dhcp/468d2701-a078-4919-ab28-2733c3e3e746/opts
Mar 16 08:33:39 gtw01 dnsmasq[30940]: started, version 2.78 cachesize 150
Mar 16 08:33:39 gtw01 dnsmasq[30940]: DNS service limited to local subnets
Mar 16 08:33:39 gtw01 dnsmasq[30940]: compile time options: IPv6 GNU-getopt DBus i18n IDN DHCP DHCPv6 no-Lua TFTP conntrack ipset auth DNSSEC loop-detect inotify
Mar 16 08:33:39 gtw01 dnsmasq[30940]: warning: no upstream servers configured
Mar 16 08:33:39 gtw01 dnsmasq-dhcp[30940]: DHCP, static leases only on 10.2.106.0, lease time 1h
Mar 16 08:33:39 gtw01 dnsmasq[30940]: read /var/lib/neutron/dhcp/a8255ccd-b8c9-44dd-8afc-bcce28ce5ad3/addn_hosts - 1 addresses
Mar 16 08:33:39 gtw01 dnsmasq-dhcp[30940]: read /var/lib/neutron/dhcp/a8255ccd-b8c9-44dd-8afc-bcce28ce5ad3/host
Mar 16 08:33:39 gtw01 dnsmasq-dhcp[30940]: read /var/lib/neutron/dhcp/a8255ccd-b8c9-44dd-8afc-bcce28ce5ad3/opts
Mar 16 08:33:39 gtw01 haproxy-metadata-proxy-a8255ccd-b8c9-44dd-8afc-bcce28ce5ad3[30953]: Proxy listener started.
Mar 16 08:33:39 gtw01 dnsmasq[30976]: started, version 2.78 cachesize 150
Mar 16 08:33:39 gtw01 dnsmasq[30976]: DNS service limited to local subnets
Mar 16 08:33:39 gtw01 dnsmasq[30976]: compile time options: IPv6 GNU-getopt DBus i18n IDN DHCP DHCPv6 no-Lua TFTP conntrack ipset auth DNSSEC loop-detect inotify
Mar 16 08:33:39 gtw01 dnsmasq[30976]: warning: no upstream servers configured
Mar 16 08:33:39 gtw01 dnsmasq-dhcp[30976]: DHCP, static leases only on 10.2.108.0, lease time 1h
Mar 16 08:33:39 gtw01 dnsmasq[30976]: read /var/lib/neutron/dhcp/496399a6-dd74-44cb-93a1-6976ec97fff5/addn_hosts - 1 addresses
Mar 16 08:33:39 gtw01 dnsmasq-dhcp[30976]: read /var/lib/neutron/dhcp/496399a6-dd74-44cb-93a1-6976ec97fff5/host
Mar 16 08:33:39 gtw01 dnsmasq-dhcp[30976]: read /var/lib/neutron/dhcp/496399a6-dd74-44cb-93a1-6976ec97fff5/opts
Mar 16 08:33:40 gtw01 haproxy-metadata-proxy-496399a6-dd74-44cb-93a1-6976ec97fff5[30994]: Proxy listener started.
Mar 16 08:33:41 gtw01 dnsmasq[31038]: started, version 2.78 cachesize 150
Mar 16 08:33:41 gtw01 dnsmasq[31038]: DNS service limited to local subnets
Mar 16 08:33:41 gtw01 dnsmasq[31038]: compile time options: IPv6 GNU-getopt DBus i18n IDN DHCP DHCPv6 no-Lua TFTP conntrack ipset auth DNSSEC loop-detect inotify
Mar 16 08:33:41 gtw01 dnsmasq[31038]: warning: no upstream servers configured
Mar 16 08:33:41 gtw01 dnsmasq-dhcp[31038]: DHCP, static leases only on 10.2.111.0, lease time 1h
Mar 16 08:33:41 gtw01 dnsmasq[31038]: read /var/lib/neutron/dhcp/f8cbd8b5-bbfb-4d82-905b-7fcbe14ad527/addn_hosts - 1 addresses
Mar 16 08:33:41 gtw01 dnsmasq-dhcp[31038]: read /var/lib/neutron/dhcp/f8cbd8b5-bbfb-4d82-905b-7fcbe14ad527/host
Mar 16 08:33:41 gtw01 dnsmasq-dhcp[31038]: read /var/lib/neutron/dhcp/f8cbd8b5-bbfb-4d82-905b-7fcbe14ad527/opts
Mar 16 08:33:41 gtw01 haproxy-metadata-proxy-f8cbd8b5-bbfb-4d82-905b-7fcbe14ad527[31047]: Proxy listener started.
Mar 16 08:33:42 gtw01 dnsmasq[31086]: started, version 2.78 cachesize 150
Mar 16 08:33:42 gtw01 dnsmasq[31086]: DNS service limited to local subnets
Mar 16 08:33:42 gtw01 dnsmasq[31086]: compile time options: IPv6 GNU-getopt DBus i18n IDN DHCP DHCPv6 no-Lua TFTP conntrack ipset auth DNSSEC loop-detect inotify
Mar 16 08:33:42 gtw01 dnsmasq[31086]: warning: no upstream servers configured
Mar 16 08:33:42 gtw01 dnsmasq-dhcp[31086]: DHCP, static leases only on 10.2.107.0, lease time 1h
Mar 16 08:33:42 gtw01 dnsmasq-dhcp[31086]: DHCP, static leases only on 10.2.105.0, lease time 1h
Mar 16 08:33:42 gtw01 dnsmasq[31086]: read /var/lib/neutron/dhcp/f84d807b-c8ac-40cb-8817-dc564ecbacb1/addn_hosts - 4 addresses
Mar 16 08:33:42 gtw01 dnsmasq-dhcp[31086]: read /var/lib/neutron/dhcp/f84d807b-c8ac-40cb-8817-dc564ecbacb1/host
Mar 16 08:33:42 gtw01 dnsmasq-dhcp[31086]: read /var/lib/neutron/dhcp/f84d807b-c8ac-40cb-8817-dc564ecbacb1/opts
Mar 16 08:33:43 gtw01 dnsmasq[31086]: read /var/lib/neutron/dhcp/f84d807b-c8ac-40cb-8817-dc564ecbacb1/addn_hosts - 4 addresses
Mar 16 08:33:43 gtw01 dnsmasq-dhcp[31086]: read /var/lib/neutron/dhcp/f84d807b-c8ac-40cb-8817-dc564ecbacb1/host
Mar 16 08:33:43 gtw01 dnsmasq-dhcp[31086]: read /var/lib/neutron/dhcp/f84d807b-c8ac-40cb-8817-dc564ecbacb1/opts
Mar 16 08:33:44 gtw01 dnsmasq[31191]: started, version 2.78 cachesize 150
Mar 16 08:33:44 gtw01 dnsmasq[31191]: DNS service limited to local subnets
Mar 16 08:33:44 gtw01 dnsmasq[31191]: compile time options: IPv6 GNU-getopt DBus i18n IDN DHCP DHCPv6 no-Lua TFTP conntrack ipset auth DNSSEC loop-detect inotify
Mar 16 08:33:44 gtw01 dnsmasq[31191]: warning: no upstream servers configured
Mar 16 08:33:44 gtw01 dnsmasq-dhcp[31191]: DHCP, static leases only on 10.2.106.0, lease time 1h
Mar 16 08:33:44 gtw01 dnsmasq-dhcp[31191]: DHCP, static leases only on 10.2.109.0, lease time 1h
Mar 16 08:33:44 gtw01 dnsmasq[31191]: read /var/lib/neutron/dhcp/a8255ccd-b8c9-44dd-8afc-bcce28ce5ad3/addn_hosts - 4 addresses
Mar 16 08:33:44 gtw01 dnsmasq-dhcp[31191]: read /var/lib/neutron/dhcp/a8255ccd-b8c9-44dd-8afc-bcce28ce5ad3/host
Mar 16 08:33:44 gtw01 dnsmasq-dhcp[31191]: read /var/lib/neutron/dhcp/a8255ccd-b8c9-44dd-8afc-bcce28ce5ad3/opts
Mar 16 08:33:44 gtw01 dnsmasq[31086]: read /var/lib/neutron/dhcp/f84d807b-c8ac-40cb-8817-dc564ecbacb1/addn_hosts - 4 addresses
Mar 16 08:33:44 gtw01 dnsmasq-dhcp[31086]: read /var/lib/neutron/dhcp/f84d807b-c8ac-40cb-8817-dc564ecbacb1/host
Mar 16 08:33:44 gtw01 dnsmasq-dhcp[31086]: read /var/lib/neutron/dhcp/f84d807b-c8ac-40cb-8817-dc564ecbacb1/opts
Mar 16 08:33:44 gtw01 dnsmasq[31203]: started, version 2.78 cachesize 150
Mar 16 08:33:44 gtw01 dnsmasq[31203]: DNS service limited to local subnets
Mar 16 08:33:44 gtw01 dnsmasq[31203]: compile time options: IPv6 GNU-getopt DBus i18n IDN DHCP DHCPv6 no-Lua TFTP conntrack ipset auth DNSSEC loop-detect inotify
Mar 16 08:33:44 gtw01 dnsmasq[31203]: warning: no upstream servers configured
Mar 16 08:33:44 gtw01 dnsmasq-dhcp[31203]: DHCP, static leases only on 10.2.110.0, lease time 1h
Mar 16 08:33:44 gtw01 dnsmasq-dhcp[31203]: DHCP, static leases only on 10.2.108.0, lease time 1h
Mar 16 08:33:44 gtw01 dnsmasq[31203]: read /var/lib/neutron/dhcp/496399a6-dd74-44cb-93a1-6976ec97fff5/addn_hosts - 4 addresses
Mar 16 08:33:44 gtw01 dnsmasq-dhcp[31203]: read /var/lib/neutron/dhcp/496399a6-dd74-44cb-93a1-6976ec97fff5/host
Mar 16 08:33:44 gtw01 dnsmasq-dhcp[31203]: read /var/lib/neutron/dhcp/496399a6-dd74-44cb-93a1-6976ec97fff5/opts
Mar 16 08:33:45 gtw01 dnsmasq[31191]: read /var/lib/neutron/dhcp/a8255ccd-b8c9-44dd-8afc-bcce28ce5ad3/addn_hosts - 4 addresses
Mar 16 08:33:45 gtw01 dnsmasq-dhcp[31191]: read /var/lib/neutron/dhcp/a8255ccd-b8c9-44dd-8afc-bcce28ce5ad3/host
Mar 16 08:33:45 gtw01 dnsmasq-dhcp[31191]: read /var/lib/neutron/dhcp/a8255ccd-b8c9-44dd-8afc-bcce28ce5ad3/opts
Mar 16 08:33:45 gtw01 dnsmasq[31203]: read /var/lib/neutron/dhcp/496399a6-dd74-44cb-93a1-6976ec97fff5/addn_hosts - 4 addresses
Mar 16 08:33:45 gtw01 dnsmasq-dhcp[31203]: read /var/lib/neutron/dhcp/496399a6-dd74-44cb-93a1-6976ec97fff5/host
Mar 16 08:33:45 gtw01 dnsmasq-dhcp[31203]: read /var/lib/neutron/dhcp/496399a6-dd74-44cb-93a1-6976ec97fff5/opts
Mar 16 08:33:45 gtw01 dnsmasq[31251]: started, version 2.78 cachesize 150
Mar 16 08:33:45 gtw01 dnsmasq[31251]: DNS service limited to local subnets
Mar 16 08:33:45 gtw01 dnsmasq[31251]: compile time options: IPv6 GNU-getopt DBus i18n IDN DHCP DHCPv6 no-Lua TFTP conntrack ipset auth DNSSEC loop-detect inotify
Mar 16 08:33:45 gtw01 dnsmasq[31251]: warning: no upstream servers configured
Mar 16 08:33:45 gtw01 dnsmasq-dhcp[31251]: DHCP, static leases only on 10.2.112.0, lease time 1h
Mar 16 08:33:45 gtw01 dnsmasq-dhcp[31251]: DHCP, static leases only on 10.2.111.0, lease time 1h
Mar 16 08:33:45 gtw01 dnsmasq[31251]: read /var/lib/neutron/dhcp/f8cbd8b5-bbfb-4d82-905b-7fcbe14ad527/addn_hosts - 4 addresses
Mar 16 08:33:45 gtw01 dnsmasq-dhcp[31251]: read /var/lib/neutron/dhcp/f8cbd8b5-bbfb-4d82-905b-7fcbe14ad527/host
Mar 16 08:33:45 gtw01 dnsmasq-dhcp[31251]: read /var/lib/neutron/dhcp/f8cbd8b5-bbfb-4d82-905b-7fcbe14ad527/opts
Mar 16 08:33:46 gtw01 dnsmasq[31191]: read /var/lib/neutron/dhcp/a8255ccd-b8c9-44dd-8afc-bcce28ce5ad3/addn_hosts - 4 addresses
Mar 16 08:33:46 gtw01 dnsmasq[31251]: read /var/lib/neutron/dhcp/f8cbd8b5-bbfb-4d82-905b-7fcbe14ad527/addn_hosts - 4 addresses
Mar 16 08:33:46 gtw01 dnsmasq-dhcp[31251]: read /var/lib/neutron/dhcp/f8cbd8b5-bbfb-4d82-905b-7fcbe14ad527/host
Mar 16 08:33:46 gtw01 dnsmasq-dhcp[31251]: read /var/lib/neutron/dhcp/f8cbd8b5-bbfb-4d82-905b-7fcbe14ad527/opts
Mar 16 08:33:46 gtw01 dnsmasq-dhcp[31191]: read /var/lib/neutron/dhcp/a8255ccd-b8c9-44dd-8afc-bcce28ce5ad3/host
Mar 16 08:33:46 gtw01 dnsmasq-dhcp[31191]: read /var/lib/neutron/dhcp/a8255ccd-b8c9-44dd-8afc-bcce28ce5ad3/opts
Mar 16 08:33:46 gtw01 dnsmasq[31203]: read /var/lib/neutron/dhcp/496399a6-dd74-44cb-93a1-6976ec97fff5/addn_hosts - 4 addresses
Mar 16 08:33:46 gtw01 dnsmasq-dhcp[31203]: read /var/lib/neutron/dhcp/496399a6-dd74-44cb-93a1-6976ec97fff5/host
Mar 16 08:33:46 gtw01 dnsmasq-dhcp[31203]: read /var/lib/neutron/dhcp/496399a6-dd74-44cb-93a1-6976ec97fff5/opts
Mar 16 08:33:47 gtw01 dnsmasq[31251]: read /var/lib/neutron/dhcp/f8cbd8b5-bbfb-4d82-905b-7fcbe14ad527/addn_hosts - 4 addresses
Mar 16 08:33:47 gtw01 dnsmasq-dhcp[31251]: read /var/lib/neutron/dhcp/f8cbd8b5-bbfb-4d82-905b-7fcbe14ad527/host
Mar 16 08:33:47 gtw01 dnsmasq-dhcp[31251]: read /var/lib/neutron/dhcp/f8cbd8b5-bbfb-4d82-905b-7fcbe14ad527/opts
Mar 16 08:33:51 gtw01 dnsmasq[31479]: started, version 2.78 cachesize 150
Mar 16 08:33:51 gtw01 dnsmasq[31479]: DNS service limited to local subnets
Mar 16 08:33:51 gtw01 dnsmasq[31479]: compile time options: IPv6 GNU-getopt DBus i18n IDN DHCP DHCPv6 no-Lua TFTP conntrack ipset auth DNSSEC loop-detect inotify
Mar 16 08:33:51 gtw01 dnsmasq[31479]: warning: no upstream servers configured
Mar 16 08:33:51 gtw01 dnsmasq-dhcp[31479]: DHCP, static leases only on 10.2.97.0, lease time 1h
Mar 16 08:33:51 gtw01 dnsmasq-dhcp[31479]: DHCP, static leases only on 10.2.100.0, lease time 1h
Mar 16 08:33:51 gtw01 dnsmasq[31479]: read /var/lib/neutron/dhcp/6479a68c-cd4f-450b-86f5-e69dc4f96ab9/addn_hosts - 4 addresses
Mar 16 08:33:51 gtw01 dnsmasq-dhcp[31479]: read /var/lib/neutron/dhcp/6479a68c-cd4f-450b-86f5-e69dc4f96ab9/host
Mar 16 08:33:51 gtw01 dnsmasq-dhcp[31479]: read /var/lib/neutron/dhcp/6479a68c-cd4f-450b-86f5-e69dc4f96ab9/opts
Mar 16 08:33:52 gtw01 dnsmasq[31505]: started, version 2.78 cachesize 150
Mar 16 08:33:52 gtw01 dnsmasq[31505]: DNS service limited to local subnets
Mar 16 08:33:52 gtw01 dnsmasq[31505]: compile time options: IPv6 GNU-getopt DBus i18n IDN DHCP DHCPv6 no-Lua TFTP conntrack ipset auth DNSSEC loop-detect inotify
Mar 16 08:33:52 gtw01 dnsmasq[31505]: warning: no upstream servers configured
Mar 16 08:33:52 gtw01 dnsmasq-dhcp[31505]: DHCP, static leases only on 10.2.91.0, lease time 1h
Mar 16 08:33:52 gtw01 dnsmasq[31505]: read /var/lib/neutron/dhcp/55a3e97e-8526-4a1b-a779-6bd1c3d7cba3/addn_hosts - 2 addresses
Mar 16 08:33:52 gtw01 dnsmasq-dhcp[31505]: read /var/lib/neutron/dhcp/55a3e97e-8526-4a1b-a779-6bd1c3d7cba3/host
Mar 16 08:33:52 gtw01 dnsmasq-dhcp[31505]: read /var/lib/neutron/dhcp/55a3e97e-8526-4a1b-a779-6bd1c3d7cba3/opts
Mar 16 08:33:52 gtw01 dnsmasq[31509]: started, version 2.78 cachesize 150
Mar 16 08:33:52 gtw01 dnsmasq[31509]: DNS service limited to local subnets
Mar 16 08:33:52 gtw01 dnsmasq[31509]: compile time options: IPv6 GNU-getopt DBus i18n IDN DHCP DHCPv6 no-Lua TFTP conntrack ipset auth DNSSEC loop-detect inotify
Mar 16 08:33:52 gtw01 dnsmasq[31509]: warning: no upstream servers configured
Mar 16 08:33:52 gtw01 dnsmasq-dhcp[31509]: DHCP, static leases only on 10.2.93.0, lease time 1h
Mar 16 08:33:52 gtw01 dnsmasq-dhcp[31509]: DHCP, static leases only on 10.2.96.0, lease time 1h
Mar 16 08:33:52 gtw01 dnsmasq[31509]: read /var/lib/neutron/dhcp/8f225f6c-ddee-48a1-83b5-d0703491a06a/addn_hosts - 4 addresses
Mar 16 08:33:52 gtw01 dnsmasq-dhcp[31509]: read /var/lib/neutron/dhcp/8f225f6c-ddee-48a1-83b5-d0703491a06a/host
Mar 16 08:33:52 gtw01 dnsmasq-dhcp[31509]: read /var/lib/neutron/dhcp/8f225f6c-ddee-48a1-83b5-d0703491a06a/opts
Mar 16 08:33:52 gtw01 dnsmasq[31522]: started, version 2.78 cachesize 150
Mar 16 08:33:52 gtw01 dnsmasq[31522]: DNS service limited to local subnets
Mar 16 08:33:52 gtw01 dnsmasq[31522]: compile time options: IPv6 GNU-getopt DBus i18n IDN DHCP DHCPv6 no-Lua TFTP conntrack ipset auth DNSSEC loop-detect inotify
Mar 16 08:33:52 gtw01 dnsmasq[31522]: warning: no upstream servers configured
Mar 16 08:33:52 gtw01 dnsmasq-dhcp[31522]: DHCP, static leases only on 10.2.98.0, lease time 1h
Mar 16 08:33:52 gtw01 dnsmasq-dhcp[31522]: DHCP, static leases only on 10.2.94.0, lease time 1h
Mar 16 08:33:52 gtw01 dnsmasq[31522]: read /var/lib/neutron/dhcp/6fa9e942-3813-4cb3-b273-89f634ce46c8/addn_hosts - 4 addresses
Mar 16 08:33:52 gtw01 dnsmasq-dhcp[31522]: read /var/lib/neutron/dhcp/6fa9e942-3813-4cb3-b273-89f634ce46c8/host
Mar 16 08:33:52 gtw01 dnsmasq-dhcp[31522]: read /var/lib/neutron/dhcp/6fa9e942-3813-4cb3-b273-89f634ce46c8/opts
Mar 16 08:33:54 gtw01 dnsmasq[31622]: started, version 2.78 cachesize 150
Mar 16 08:33:54 gtw01 dnsmasq[31622]: DNS service limited to local subnets
Mar 16 08:33:54 gtw01 dnsmasq[31622]: compile time options: IPv6 GNU-getopt DBus i18n IDN DHCP DHCPv6 no-Lua TFTP conntrack ipset auth DNSSEC loop-detect inotify
Mar 16 08:33:54 gtw01 dnsmasq[31622]: warning: no upstream servers configured
Mar 16 08:33:54 gtw01 dnsmasq-dhcp[31622]: DHCP, static leases only on 10.2.92.0, lease time 1h
Mar 16 08:33:54 gtw01 dnsmasq[31622]: read /var/lib/neutron/dhcp/a41a39e8-b3a3-4384-a8e6-8cc21e517a59/addn_hosts - 2 addresses
Mar 16 08:33:54 gtw01 dnsmasq-dhcp[31622]: read /var/lib/neutron/dhcp/a41a39e8-b3a3-4384-a8e6-8cc21e517a59/host
Mar 16 08:33:54 gtw01 dnsmasq-dhcp[31622]: read /var/lib/neutron/dhcp/a41a39e8-b3a3-4384-a8e6-8cc21e517a59/opts
Mar 16 08:33:55 gtw01 dnsmasq[31639]: started, version 2.78 cachesize 150
Mar 16 08:33:55 gtw01 dnsmasq[31639]: DNS service limited to local subnets
Mar 16 08:33:55 gtw01 dnsmasq[31639]: compile time options: IPv6 GNU-getopt DBus i18n IDN DHCP DHCPv6 no-Lua TFTP conntrack ipset auth DNSSEC loop-detect inotify
Mar 16 08:33:55 gtw01 dnsmasq[31639]: warning: no upstream servers configured
Mar 16 08:33:55 gtw01 dnsmasq-dhcp[31639]: DHCP, static leases only on 10.2.90.0, lease time 1h
Mar 16 08:33:55 gtw01 dnsmasq[31639]: read /var/lib/neutron/dhcp/cc0b6bfa-4a26-4468-a371-dffb1559f241/addn_hosts - 2 addresses
Mar 16 08:33:55 gtw01 dnsmasq-dhcp[31639]: read /var/lib/neutron/dhcp/cc0b6bfa-4a26-4468-a371-dffb1559f241/host
Mar 16 08:33:55 gtw01 dnsmasq-dhcp[31639]: read /var/lib/neutron/dhcp/cc0b6bfa-4a26-4468-a371-dffb1559f241/opts
Mar 16 08:33:55 gtw01 dnsmasq[31643]: started, version 2.78 cachesize 150
Mar 16 08:33:55 gtw01 dnsmasq[31643]: DNS service limited to local subnets
