Mar 16 06:05:08 gtw01 dnsmasq-dhcp[26302]: read /var/lib/neutron/dhcp/3928525b-9963-49c4-a02c-3036366b549a/host
Mar 16 06:05:08 gtw01 dnsmasq-dhcp[26302]: read /var/lib/neutron/dhcp/3928525b-9963-49c4-a02c-3036366b549a/opts
Mar 16 06:05:09 gtw01 dnsmasq[26314]: started, version 2.78 cachesize 150
Mar 16 06:05:09 gtw01 dnsmasq[26314]: DNS service limited to local subnets
Mar 16 06:05:09 gtw01 dnsmasq[26314]: compile time options: IPv6 GNU-getopt DBus i18n IDN DHCP DHCPv6 no-Lua TFTP conntrack ipset auth DNSSEC loop-detect inotify
Mar 16 06:05:09 gtw01 dnsmasq[26314]: warning: no upstream servers configured
Mar 16 06:05:09 gtw01 dnsmasq-dhcp[26314]: DHCP, static leases only on 192.168.120.0, lease time 1h
Mar 16 06:05:09 gtw01 dnsmasq[26314]: read /var/lib/neutron/dhcp/49f21049-059f-4890-9fc0-a80da3e63b4a/addn_hosts - 2 addresses
Mar 16 06:05:09 gtw01 dnsmasq-dhcp[26314]: read /var/lib/neutron/dhcp/49f21049-059f-4890-9fc0-a80da3e63b4a/host
Mar 16 06:05:09 gtw01 dnsmasq-dhcp[26314]: read /var/lib/neutron/dhcp/49f21049-059f-4890-9fc0-a80da3e63b4a/opts
Mar 16 06:05:09 gtw01 dnsmasq[26318]: started, version 2.78 cachesize 150
Mar 16 06:05:09 gtw01 dnsmasq[26318]: DNS service limited to local subnets
Mar 16 06:05:09 gtw01 dnsmasq[26318]: compile time options: IPv6 GNU-getopt DBus i18n IDN DHCP DHCPv6 no-Lua TFTP conntrack ipset auth DNSSEC loop-detect inotify
Mar 16 06:05:09 gtw01 dnsmasq[26318]: LOUD WARNING: listening on 19.80.0.2 may accept requests via interfaces other than tap41eaaede-a2
Mar 16 06:05:09 gtw01 dnsmasq[26318]: LOUD WARNING: use --bind-dynamic rather than --bind-interfaces to avoid DNS amplification attacks via these interface(s)
Mar 16 06:05:09 gtw01 dnsmasq[26318]: warning: no upstream servers configured
Mar 16 06:05:09 gtw01 dnsmasq-dhcp[26318]: DHCP, static leases only on 19.80.0.0, lease time 1h
Mar 16 06:05:09 gtw01 dnsmasq[26318]: read /var/lib/neutron/dhcp/ab053ca9-087a-4053-bcba-704a4207d291/addn_hosts - 3 addresses
Mar 16 06:05:09 gtw01 dnsmasq-dhcp[26318]: read /var/lib/neutron/dhcp/ab053ca9-087a-4053-bcba-704a4207d291/host
Mar 16 06:05:09 gtw01 dnsmasq-dhcp[26318]: read /var/lib/neutron/dhcp/ab053ca9-087a-4053-bcba-704a4207d291/opts
Mar 16 06:05:09 gtw01 dnsmasq[26322]: started, version 2.78 cachesize 150
Mar 16 06:05:09 gtw01 dnsmasq[26322]: DNS service limited to local subnets
Mar 16 06:05:09 gtw01 dnsmasq[26322]: compile time options: IPv6 GNU-getopt DBus i18n IDN DHCP DHCPv6 no-Lua TFTP conntrack ipset auth DNSSEC loop-detect inotify
Mar 16 06:05:09 gtw01 dnsmasq[26322]: warning: no upstream servers configured
Mar 16 06:05:09 gtw01 dnsmasq-dhcp[26322]: DHCP, static leases only on 192.168.120.0, lease time 1h
Mar 16 06:05:09 gtw01 dnsmasq[26322]: read /var/lib/neutron/dhcp/e517d586-d21f-47fe-ad86-f17ac44ee0c7/addn_hosts - 1 addresses
Mar 16 06:05:09 gtw01 dnsmasq-dhcp[26322]: read /var/lib/neutron/dhcp/e517d586-d21f-47fe-ad86-f17ac44ee0c7/host
Mar 16 06:05:09 gtw01 dnsmasq-dhcp[26322]: read /var/lib/neutron/dhcp/e517d586-d21f-47fe-ad86-f17ac44ee0c7/opts
Mar 16 06:05:09 gtw01 kernel: [ 6921.897507] device tapd560a0dc-14 left promiscuous mode
Mar 16 06:05:09 gtw01 dnsmasq[26039]: read /var/lib/neutron/dhcp/7124809a-889f-4d36-853e-38cf24f201f6/addn_hosts - 3 addresses
Mar 16 06:05:09 gtw01 dnsmasq-dhcp[26039]: read /var/lib/neutron/dhcp/7124809a-889f-4d36-853e-38cf24f201f6/host
Mar 16 06:05:09 gtw01 dnsmasq-dhcp[26039]: read /var/lib/neutron/dhcp/7124809a-889f-4d36-853e-38cf24f201f6/opts
Mar 16 06:05:10 gtw01 dnsmasq[26039]: read /var/lib/neutron/dhcp/7124809a-889f-4d36-853e-38cf24f201f6/addn_hosts - 3 addresses
Mar 16 06:05:10 gtw01 dnsmasq-dhcp[26039]: read /var/lib/neutron/dhcp/7124809a-889f-4d36-853e-38cf24f201f6/host
Mar 16 06:05:10 gtw01 dnsmasq-dhcp[26039]: read /var/lib/neutron/dhcp/7124809a-889f-4d36-853e-38cf24f201f6/opts
Mar 16 06:05:11 gtw01 dnsmasq[26039]: read /var/lib/neutron/dhcp/7124809a-889f-4d36-853e-38cf24f201f6/addn_hosts - 3 addresses
Mar 16 06:05:11 gtw01 dnsmasq-dhcp[26039]: read /var/lib/neutron/dhcp/7124809a-889f-4d36-853e-38cf24f201f6/host
Mar 16 06:05:11 gtw01 dnsmasq-dhcp[26039]: read /var/lib/neutron/dhcp/7124809a-889f-4d36-853e-38cf24f201f6/opts
Mar 16 06:05:15 gtw01 dnsmasq-dhcp[26318]: DHCPRELEASE(tap41eaaede-a2) 19.80.0.9 fa:16:3e:9a:b1:b5
Mar 16 06:05:16 gtw01 dnsmasq[26318]: read /var/lib/neutron/dhcp/ab053ca9-087a-4053-bcba-704a4207d291/addn_hosts - 2 addresses
Mar 16 06:05:16 gtw01 dnsmasq-dhcp[26318]: read /var/lib/neutron/dhcp/ab053ca9-087a-4053-bcba-704a4207d291/host
Mar 16 06:05:16 gtw01 dnsmasq-dhcp[26318]: read /var/lib/neutron/dhcp/ab053ca9-087a-4053-bcba-704a4207d291/opts
Mar 16 06:05:16 gtw01 dnsmasq[21349]: read /var/lib/neutron/dhcp/61f4f97b-dd89-411c-83a6-0aacb0cf4893/addn_hosts - 2 addresses
Mar 16 06:05:16 gtw01 dnsmasq-dhcp[21349]: read /var/lib/neutron/dhcp/61f4f97b-dd89-411c-83a6-0aacb0cf4893/host
Mar 16 06:05:16 gtw01 dnsmasq-dhcp[21349]: read /var/lib/neutron/dhcp/61f4f97b-dd89-411c-83a6-0aacb0cf4893/opts
Mar 16 06:05:16 gtw01 dnsmasq-dhcp[26302]: DHCPRELEASE(tap1245f5eb-8f) 19.86.0.13 fa:16:3e:b2:6e:39
Mar 16 06:05:17 gtw01 dnsmasq[26302]: read /var/lib/neutron/dhcp/3928525b-9963-49c4-a02c-3036366b549a/addn_hosts - 1 addresses
Mar 16 06:05:17 gtw01 dnsmasq-dhcp[26302]: read /var/lib/neutron/dhcp/3928525b-9963-49c4-a02c-3036366b549a/host
Mar 16 06:05:17 gtw01 dnsmasq-dhcp[26302]: read /var/lib/neutron/dhcp/3928525b-9963-49c4-a02c-3036366b549a/opts
Mar 16 06:05:18 gtw01 dnsmasq-dhcp[26318]: DHCPRELEASE(tap41eaaede-a2) 19.80.0.20 fa:16:3e:54:4d:85
Mar 16 06:05:19 gtw01 dnsmasq[26318]: read /var/lib/neutron/dhcp/ab053ca9-087a-4053-bcba-704a4207d291/addn_hosts - 1 addresses
Mar 16 06:05:19 gtw01 dnsmasq-dhcp[26318]: read /var/lib/neutron/dhcp/ab053ca9-087a-4053-bcba-704a4207d291/host
Mar 16 06:05:19 gtw01 dnsmasq-dhcp[26318]: read /var/lib/neutron/dhcp/ab053ca9-087a-4053-bcba-704a4207d291/opts
Mar 16 06:05:19 gtw01 dnsmasq[21349]: read /var/lib/neutron/dhcp/61f4f97b-dd89-411c-83a6-0aacb0cf4893/addn_hosts - 3 addresses
Mar 16 06:05:19 gtw01 dnsmasq-dhcp[21349]: read /var/lib/neutron/dhcp/61f4f97b-dd89-411c-83a6-0aacb0cf4893/host
Mar 16 06:05:19 gtw01 dnsmasq-dhcp[21349]: read /var/lib/neutron/dhcp/61f4f97b-dd89-411c-83a6-0aacb0cf4893/opts
Mar 16 06:05:21 gtw01 dnsmasq[21349]: read /var/lib/neutron/dhcp/61f4f97b-dd89-411c-83a6-0aacb0cf4893/addn_hosts - 3 addresses
Mar 16 06:05:21 gtw01 dnsmasq-dhcp[21349]: read /var/lib/neutron/dhcp/61f4f97b-dd89-411c-83a6-0aacb0cf4893/host
Mar 16 06:05:21 gtw01 dnsmasq-dhcp[21349]: read /var/lib/neutron/dhcp/61f4f97b-dd89-411c-83a6-0aacb0cf4893/opts
Mar 16 06:05:22 gtw01 dnsmasq[21349]: read /var/lib/neutron/dhcp/61f4f97b-dd89-411c-83a6-0aacb0cf4893/addn_hosts - 3 addresses
Mar 16 06:05:22 gtw01 dnsmasq-dhcp[21349]: read /var/lib/neutron/dhcp/61f4f97b-dd89-411c-83a6-0aacb0cf4893/host
Mar 16 06:05:22 gtw01 dnsmasq-dhcp[21349]: read /var/lib/neutron/dhcp/61f4f97b-dd89-411c-83a6-0aacb0cf4893/opts
Mar 16 06:05:22 gtw01 kernel: [ 6935.267377] device tap1245f5eb-8f left promiscuous mode
Mar 16 06:05:23 gtw01 dnsmasq-dhcp[26039]: DHCPDISCOVER(tap5aa28e52-86) fa:16:3e:e6:2a:73
Mar 16 06:05:23 gtw01 dnsmasq-dhcp[26039]: DHCPOFFER(tap5aa28e52-86) 192.168.120.5 fa:16:3e:e6:2a:73
Mar 16 06:05:23 gtw01 dnsmasq-dhcp[26039]: DHCPREQUEST(tap5aa28e52-86) 192.168.120.5 fa:16:3e:e6:2a:73
Mar 16 06:05:23 gtw01 dnsmasq-dhcp[26039]: DHCPACK(tap5aa28e52-86) 192.168.120.5 fa:16:3e:e6:2a:73 host-192-168-120-5
Mar 16 06:05:26 gtw01 dnsmasq[21349]: read /var/lib/neutron/dhcp/61f4f97b-dd89-411c-83a6-0aacb0cf4893/addn_hosts - 4 addresses
Mar 16 06:05:26 gtw01 dnsmasq-dhcp[21349]: read /var/lib/neutron/dhcp/61f4f97b-dd89-411c-83a6-0aacb0cf4893/host
Mar 16 06:05:26 gtw01 dnsmasq-dhcp[21349]: read /var/lib/neutron/dhcp/61f4f97b-dd89-411c-83a6-0aacb0cf4893/opts
Mar 16 06:05:27 gtw01 dnsmasq[21349]: read /var/lib/neutron/dhcp/61f4f97b-dd89-411c-83a6-0aacb0cf4893/addn_hosts - 4 addresses
Mar 16 06:05:27 gtw01 dnsmasq-dhcp[21349]: read /var/lib/neutron/dhcp/61f4f97b-dd89-411c-83a6-0aacb0cf4893/host
Mar 16 06:05:27 gtw01 dnsmasq-dhcp[21349]: read /var/lib/neutron/dhcp/61f4f97b-dd89-411c-83a6-0aacb0cf4893/opts
Mar 16 06:05:28 gtw01 dnsmasq[21349]: read /var/lib/neutron/dhcp/61f4f97b-dd89-411c-83a6-0aacb0cf4893/addn_hosts - 4 addresses
Mar 16 06:05:28 gtw01 dnsmasq-dhcp[21349]: read /var/lib/neutron/dhcp/61f4f97b-dd89-411c-83a6-0aacb0cf4893/host
Mar 16 06:05:28 gtw01 dnsmasq-dhcp[21349]: read /var/lib/neutron/dhcp/61f4f97b-dd89-411c-83a6-0aacb0cf4893/opts
Mar 16 06:05:28 gtw01 kernel: [ 6940.957878] device tap41eaaede-a2 left promiscuous mode
Mar 16 06:05:35 gtw01 kernel: [ 6947.778522] device tapf8efbce8-75 entered promiscuous mode
Mar 16 06:05:35 gtw01 systemd-udevd[26594]: Could not generate persistent MAC address for tapf8efbce8-75: No such file or directory
Mar 16 06:05:36 gtw01 kernel: [ 6948.482988] device tap448d4a7e-49 entered promiscuous mode
Mar 16 06:05:36 gtw01 systemd-udevd[26699]: Could not generate persistent MAC address for tap448d4a7e-49: No such file or directory
Mar 16 06:05:36 gtw01 dnsmasq-dhcp[26039]: DHCPRELEASE(tap5aa28e52-86) 192.168.120.5 fa:16:3e:e6:2a:73
Mar 16 06:05:36 gtw01 dnsmasq[21349]: read /var/lib/neutron/dhcp/61f4f97b-dd89-411c-83a6-0aacb0cf4893/addn_hosts - 3 addresses
Mar 16 06:05:36 gtw01 dnsmasq-dhcp[21349]: read /var/lib/neutron/dhcp/61f4f97b-dd89-411c-83a6-0aacb0cf4893/host
Mar 16 06:05:36 gtw01 dnsmasq-dhcp[21349]: read /var/lib/neutron/dhcp/61f4f97b-dd89-411c-83a6-0aacb0cf4893/opts
Mar 16 06:05:36 gtw01 dnsmasq-dhcp[26039]: DHCPRELEASE(tap5aa28e52-86) 192.168.120.5 fa:16:3e:e6:2a:73 unknown lease
Mar 16 06:05:37 gtw01 dnsmasq[26039]: read /var/lib/neutron/dhcp/7124809a-889f-4d36-853e-38cf24f201f6/addn_hosts - 2 addresses
Mar 16 06:05:37 gtw01 dnsmasq-dhcp[26039]: read /var/lib/neutron/dhcp/7124809a-889f-4d36-853e-38cf24f201f6/host
Mar 16 06:05:37 gtw01 dnsmasq-dhcp[26039]: read /var/lib/neutron/dhcp/7124809a-889f-4d36-853e-38cf24f201f6/opts
Mar 16 06:05:38 gtw01 dnsmasq[21349]: read /var/lib/neutron/dhcp/61f4f97b-dd89-411c-83a6-0aacb0cf4893/addn_hosts - 2 addresses
Mar 16 06:05:38 gtw01 dnsmasq-dhcp[21349]: read /var/lib/neutron/dhcp/61f4f97b-dd89-411c-83a6-0aacb0cf4893/host
Mar 16 06:05:38 gtw01 dnsmasq-dhcp[21349]: read /var/lib/neutron/dhcp/61f4f97b-dd89-411c-83a6-0aacb0cf4893/opts
Mar 16 06:05:39 gtw01 dnsmasq[26039]: read /var/lib/neutron/dhcp/7124809a-889f-4d36-853e-38cf24f201f6/addn_hosts - 1 addresses
Mar 16 06:05:39 gtw01 dnsmasq-dhcp[26039]: read /var/lib/neutron/dhcp/7124809a-889f-4d36-853e-38cf24f201f6/host
Mar 16 06:05:39 gtw01 dnsmasq-dhcp[26039]: read /var/lib/neutron/dhcp/7124809a-889f-4d36-853e-38cf24f201f6/opts
Mar 16 06:05:39 gtw01 dnsmasq[26915]: started, version 2.78 cachesize 150
Mar 16 06:05:39 gtw01 dnsmasq[26915]: DNS service limited to local subnets
Mar 16 06:05:39 gtw01 dnsmasq[26915]: compile time options: IPv6 GNU-getopt DBus i18n IDN DHCP DHCPv6 no-Lua TFTP conntrack ipset auth DNSSEC loop-detect inotify
Mar 16 06:05:39 gtw01 dnsmasq[26915]: LOUD WARNING: listening on 19.80.0.2 may accept requests via interfaces other than tapf8efbce8-75
Mar 16 06:05:39 gtw01 dnsmasq[26915]: LOUD WARNING: use --bind-dynamic rather than --bind-interfaces to avoid DNS amplification attacks via these interface(s)
Mar 16 06:05:39 gtw01 dnsmasq[26915]: warning: no upstream servers configured
Mar 16 06:05:39 gtw01 dnsmasq-dhcp[26915]: DHCP, static leases only on 19.80.0.0, lease time 1h
Mar 16 06:05:39 gtw01 dnsmasq[26915]: read /var/lib/neutron/dhcp/e2c12889-aaa5-4b31-a372-670674a871c7/addn_hosts - 1 addresses
Mar 16 06:05:39 gtw01 dnsmasq-dhcp[26915]: read /var/lib/neutron/dhcp/e2c12889-aaa5-4b31-a372-670674a871c7/host
Mar 16 06:05:39 gtw01 dnsmasq-dhcp[26915]: read /var/lib/neutron/dhcp/e2c12889-aaa5-4b31-a372-670674a871c7/opts
Mar 16 06:05:39 gtw01 haproxy-metadata-proxy-e2c12889-aaa5-4b31-a372-670674a871c7[26926]: Proxy listener started.
Mar 16 06:05:40 gtw01 dnsmasq[26941]: started, version 2.78 cachesize 150
Mar 16 06:05:40 gtw01 dnsmasq[26941]: DNS service limited to local subnets
Mar 16 06:05:40 gtw01 dnsmasq[26941]: compile time options: IPv6 GNU-getopt DBus i18n IDN DHCP DHCPv6 no-Lua TFTP conntrack ipset auth DNSSEC loop-detect inotify
Mar 16 06:05:40 gtw01 dnsmasq[26941]: LOUD WARNING: listening on 19.86.0.2 may accept requests via interfaces other than tap448d4a7e-49
Mar 16 06:05:40 gtw01 dnsmasq[26941]: LOUD WARNING: use --bind-dynamic rather than --bind-interfaces to avoid DNS amplification attacks via these interface(s)
Mar 16 06:05:40 gtw01 dnsmasq[26941]: warning: no upstream servers configured
Mar 16 06:05:40 gtw01 dnsmasq-dhcp[26941]: DHCP, static leases only on 19.86.0.0, lease time 1h
Mar 16 06:05:40 gtw01 dnsmasq[26941]: read /var/lib/neutron/dhcp/fff8c6b1-ac23-441d-9e41-eca88ddd07c9/addn_hosts - 1 addresses
Mar 16 06:05:40 gtw01 dnsmasq-dhcp[26941]: read /var/lib/neutron/dhcp/fff8c6b1-ac23-441d-9e41-eca88ddd07c9/host
Mar 16 06:05:40 gtw01 dnsmasq-dhcp[26941]: read /var/lib/neutron/dhcp/fff8c6b1-ac23-441d-9e41-eca88ddd07c9/opts
Mar 16 06:05:40 gtw01 haproxy-metadata-proxy-fff8c6b1-ac23-441d-9e41-eca88ddd07c9[26949]: Proxy listener started.
Mar 16 06:05:40 gtw01 dnsmasq[26915]: read /var/lib/neutron/dhcp/e2c12889-aaa5-4b31-a372-670674a871c7/addn_hosts - 2 addresses
Mar 16 06:05:40 gtw01 dnsmasq-dhcp[26915]: read /var/lib/neutron/dhcp/e2c12889-aaa5-4b31-a372-670674a871c7/host
Mar 16 06:05:40 gtw01 dnsmasq-dhcp[26915]: read /var/lib/neutron/dhcp/e2c12889-aaa5-4b31-a372-670674a871c7/opts
Mar 16 06:05:41 gtw01 dnsmasq[26941]: read /var/lib/neutron/dhcp/fff8c6b1-ac23-441d-9e41-eca88ddd07c9/addn_hosts - 2 addresses
Mar 16 06:05:41 gtw01 dnsmasq-dhcp[26941]: read /var/lib/neutron/dhcp/fff8c6b1-ac23-441d-9e41-eca88ddd07c9/host
Mar 16 06:05:41 gtw01 dnsmasq-dhcp[26941]: read /var/lib/neutron/dhcp/fff8c6b1-ac23-441d-9e41-eca88ddd07c9/opts
Mar 16 06:05:41 gtw01 dnsmasq[26915]: read /var/lib/neutron/dhcp/e2c12889-aaa5-4b31-a372-670674a871c7/addn_hosts - 2 addresses
Mar 16 06:05:41 gtw01 dnsmasq-dhcp[26915]: read /var/lib/neutron/dhcp/e2c12889-aaa5-4b31-a372-670674a871c7/host
Mar 16 06:05:41 gtw01 dnsmasq-dhcp[26915]: read /var/lib/neutron/dhcp/e2c12889-aaa5-4b31-a372-670674a871c7/opts
Mar 16 06:05:42 gtw01 dnsmasq[26941]: read /var/lib/neutron/dhcp/fff8c6b1-ac23-441d-9e41-eca88ddd07c9/addn_hosts - 2 addresses
Mar 16 06:05:42 gtw01 dnsmasq-dhcp[26941]: read /var/lib/neutron/dhcp/fff8c6b1-ac23-441d-9e41-eca88ddd07c9/host
Mar 16 06:05:42 gtw01 dnsmasq-dhcp[26941]: read /var/lib/neutron/dhcp/fff8c6b1-ac23-441d-9e41-eca88ddd07c9/opts
Mar 16 06:05:42 gtw01 dnsmasq[26915]: read /var/lib/neutron/dhcp/e2c12889-aaa5-4b31-a372-670674a871c7/addn_hosts - 2 addresses
Mar 16 06:05:42 gtw01 dnsmasq-dhcp[26915]: read /var/lib/neutron/dhcp/e2c12889-aaa5-4b31-a372-670674a871c7/host
Mar 16 06:05:42 gtw01 dnsmasq-dhcp[26915]: read /var/lib/neutron/dhcp/e2c12889-aaa5-4b31-a372-670674a871c7/opts
Mar 16 06:05:42 gtw01 dnsmasq[26941]: read /var/lib/neutron/dhcp/fff8c6b1-ac23-441d-9e41-eca88ddd07c9/addn_hosts - 2 addresses
Mar 16 06:05:42 gtw01 dnsmasq-dhcp[26941]: read /var/lib/neutron/dhcp/fff8c6b1-ac23-441d-9e41-eca88ddd07c9/host
Mar 16 06:05:42 gtw01 dnsmasq-dhcp[26941]: read /var/lib/neutron/dhcp/fff8c6b1-ac23-441d-9e41-eca88ddd07c9/opts
Mar 16 06:05:43 gtw01 dnsmasq[26915]: read /var/lib/neutron/dhcp/e2c12889-aaa5-4b31-a372-670674a871c7/addn_hosts - 2 addresses
Mar 16 06:05:43 gtw01 dnsmasq-dhcp[26915]: read /var/lib/neutron/dhcp/e2c12889-aaa5-4b31-a372-670674a871c7/host
Mar 16 06:05:43 gtw01 dnsmasq-dhcp[26915]: read /var/lib/neutron/dhcp/e2c12889-aaa5-4b31-a372-670674a871c7/opts
Mar 16 06:05:43 gtw01 dnsmasq[26941]: read /var/lib/neutron/dhcp/fff8c6b1-ac23-441d-9e41-eca88ddd07c9/addn_hosts - 2 addresses
Mar 16 06:05:43 gtw01 dnsmasq-dhcp[26941]: read /var/lib/neutron/dhcp/fff8c6b1-ac23-441d-9e41-eca88ddd07c9/host
Mar 16 06:05:43 gtw01 dnsmasq-dhcp[26941]: read /var/lib/neutron/dhcp/fff8c6b1-ac23-441d-9e41-eca88ddd07c9/opts
Mar 16 06:05:44 gtw01 dnsmasq[21349]: read /var/lib/neutron/dhcp/61f4f97b-dd89-411c-83a6-0aacb0cf4893/addn_hosts - 3 addresses
Mar 16 06:05:44 gtw01 dnsmasq-dhcp[21349]: read /var/lib/neutron/dhcp/61f4f97b-dd89-411c-83a6-0aacb0cf4893/host
Mar 16 06:05:44 gtw01 dnsmasq-dhcp[21349]: read /var/lib/neutron/dhcp/61f4f97b-dd89-411c-83a6-0aacb0cf4893/opts
Mar 16 06:05:45 gtw01 kernel: [ 6957.337574] device tap5aa28e52-86 left promiscuous mode
Mar 16 06:05:45 gtw01 dnsmasq[21349]: read /var/lib/neutron/dhcp/61f4f97b-dd89-411c-83a6-0aacb0cf4893/addn_hosts - 3 addresses
Mar 16 06:05:45 gtw01 dnsmasq-dhcp[21349]: read /var/lib/neutron/dhcp/61f4f97b-dd89-411c-83a6-0aacb0cf4893/host
Mar 16 06:05:45 gtw01 dnsmasq-dhcp[21349]: read /var/lib/neutron/dhcp/61f4f97b-dd89-411c-83a6-0aacb0cf4893/opts
Mar 16 06:05:46 gtw01 dnsmasq[21349]: read /var/lib/neutron/dhcp/61f4f97b-dd89-411c-83a6-0aacb0cf4893/addn_hosts - 3 addresses
Mar 16 06:05:46 gtw01 dnsmasq-dhcp[21349]: read /var/lib/neutron/dhcp/61f4f97b-dd89-411c-83a6-0aacb0cf4893/host
Mar 16 06:05:46 gtw01 dnsmasq-dhcp[21349]: read /var/lib/neutron/dhcp/61f4f97b-dd89-411c-83a6-0aacb0cf4893/opts
Mar 16 06:05:53 gtw01 dnsmasq[21349]: read /var/lib/neutron/dhcp/61f4f97b-dd89-411c-83a6-0aacb0cf4893/addn_hosts - 2 addresses
Mar 16 06:05:53 gtw01 dnsmasq-dhcp[21349]: read /var/lib/neutron/dhcp/61f4f97b-dd89-411c-83a6-0aacb0cf4893/host
Mar 16 06:05:53 gtw01 dnsmasq-dhcp[21349]: read /var/lib/neutron/dhcp/61f4f97b-dd89-411c-83a6-0aacb0cf4893/opts
Mar 16 06:05:54 gtw01 dnsmasq[26915]: read /var/lib/neutron/dhcp/e2c12889-aaa5-4b31-a372-670674a871c7/addn_hosts - 1 addresses
Mar 16 06:05:54 gtw01 dnsmasq-dhcp[26915]: read /var/lib/neutron/dhcp/e2c12889-aaa5-4b31-a372-670674a871c7/host
Mar 16 06:05:54 gtw01 dnsmasq-dhcp[26915]: read /var/lib/neutron/dhcp/e2c12889-aaa5-4b31-a372-670674a871c7/opts
Mar 16 06:05:54 gtw01 dnsmasq[26941]: read /var/lib/neutron/dhcp/fff8c6b1-ac23-441d-9e41-eca88ddd07c9/addn_hosts - 1 addresses
Mar 16 06:05:54 gtw01 dnsmasq-dhcp[26941]: read /var/lib/neutron/dhcp/fff8c6b1-ac23-441d-9e41-eca88ddd07c9/host
Mar 16 06:05:54 gtw01 dnsmasq-dhcp[26941]: read /var/lib/neutron/dhcp/fff8c6b1-ac23-441d-9e41-eca88ddd07c9/opts
Mar 16 06:05:57 gtw01 kernel: [ 6970.289717] device tap448d4a7e-49 left promiscuous mode
Mar 16 06:06:03 gtw01 kernel: [ 6975.622706] device tapf8efbce8-75 left promiscuous mode
Mar 16 06:06:07 gtw01 dnsmasq[21349]: read /var/lib/neutron/dhcp/61f4f97b-dd89-411c-83a6-0aacb0cf4893/addn_hosts - 3 addresses
Mar 16 06:06:07 gtw01 dnsmasq-dhcp[21349]: read /var/lib/neutron/dhcp/61f4f97b-dd89-411c-83a6-0aacb0cf4893/host
Mar 16 06:06:07 gtw01 dnsmasq-dhcp[21349]: read /var/lib/neutron/dhcp/61f4f97b-dd89-411c-83a6-0aacb0cf4893/opts
Mar 16 06:06:08 gtw01 dnsmasq[21349]: read /var/lib/neutron/dhcp/61f4f97b-dd89-411c-83a6-0aacb0cf4893/addn_hosts - 4 addresses
Mar 16 06:06:08 gtw01 dnsmasq-dhcp[21349]: read /var/lib/neutron/dhcp/61f4f97b-dd89-411c-83a6-0aacb0cf4893/host
Mar 16 06:06:08 gtw01 dnsmasq-dhcp[21349]: read /var/lib/neutron/dhcp/61f4f97b-dd89-411c-83a6-0aacb0cf4893/opts
Mar 16 06:06:09 gtw01 kernel: [ 6981.359812] device tapfa9576de-e1 entered promiscuous mode
Mar 16 06:06:09 gtw01 systemd-udevd[27244]: Could not generate persistent MAC address for tapfa9576de-e1: No such file or directory
Mar 16 06:06:09 gtw01 dnsmasq[21349]: read /var/lib/neutron/dhcp/61f4f97b-dd89-411c-83a6-0aacb0cf4893/addn_hosts - 4 addresses
Mar 16 06:06:09 gtw01 dnsmasq-dhcp[21349]: read /var/lib/neutron/dhcp/61f4f97b-dd89-411c-83a6-0aacb0cf4893/host
Mar 16 06:06:09 gtw01 dnsmasq-dhcp[21349]: read /var/lib/neutron/dhcp/61f4f97b-dd89-411c-83a6-0aacb0cf4893/opts
Mar 16 06:06:10 gtw01 dnsmasq-dhcp[26314]: DHCPRELEASE(tap5a9e76ce-95) 192.168.120.1 fa:16:3e:28:63:ad
Mar 16 06:06:10 gtw01 dnsmasq[21349]: read /var/lib/neutron/dhcp/61f4f97b-dd89-411c-83a6-0aacb0cf4893/addn_hosts - 4 addresses
Mar 16 06:06:10 gtw01 dnsmasq-dhcp[21349]: read /var/lib/neutron/dhcp/61f4f97b-dd89-411c-83a6-0aacb0cf4893/host
Mar 16 06:06:10 gtw01 dnsmasq-dhcp[21349]: read /var/lib/neutron/dhcp/61f4f97b-dd89-411c-83a6-0aacb0cf4893/opts
Mar 16 06:06:11 gtw01 dnsmasq[26314]: read /var/lib/neutron/dhcp/49f21049-059f-4890-9fc0-a80da3e63b4a/addn_hosts - 1 addresses
Mar 16 06:06:11 gtw01 dnsmasq-dhcp[26314]: read /var/lib/neutron/dhcp/49f21049-059f-4890-9fc0-a80da3e63b4a/host
Mar 16 06:06:11 gtw01 dnsmasq-dhcp[26314]: read /var/lib/neutron/dhcp/49f21049-059f-4890-9fc0-a80da3e63b4a/opts
Mar 16 06:06:11 gtw01 dnsmasq[21349]: read /var/lib/neutron/dhcp/61f4f97b-dd89-411c-83a6-0aacb0cf4893/addn_hosts - 4 addresses
Mar 16 06:06:11 gtw01 dnsmasq-dhcp[21349]: read /var/lib/neutron/dhcp/61f4f97b-dd89-411c-83a6-0aacb0cf4893/host
Mar 16 06:06:11 gtw01 dnsmasq-dhcp[21349]: read /var/lib/neutron/dhcp/61f4f97b-dd89-411c-83a6-0aacb0cf4893/opts
Mar 16 06:06:12 gtw01 dnsmasq[27444]: started, version 2.78 cachesize 150
Mar 16 06:06:12 gtw01 dnsmasq[27444]: DNS service limited to local subnets
Mar 16 06:06:12 gtw01 dnsmasq[27444]: compile time options: IPv6 GNU-getopt DBus i18n IDN DHCP DHCPv6 no-Lua TFTP conntrack ipset auth DNSSEC loop-detect inotify
Mar 16 06:06:12 gtw01 dnsmasq[27444]: warning: no upstream servers configured
Mar 16 06:06:12 gtw01 dnsmasq-dhcp[27444]: DHCP, static leases only on 192.168.120.0, lease time 1h
Mar 16 06:06:12 gtw01 dnsmasq[27444]: read /var/lib/neutron/dhcp/a6ae36d1-ab58-4da9-83bd-db2f8ea8cbac/addn_hosts - 1 addresses
Mar 16 06:06:12 gtw01 dnsmasq-dhcp[27444]: read /var/lib/neutron/dhcp/a6ae36d1-ab58-4da9-83bd-db2f8ea8cbac/host
Mar 16 06:06:12 gtw01 dnsmasq-dhcp[27444]: read /var/lib/neutron/dhcp/a6ae36d1-ab58-4da9-83bd-db2f8ea8cbac/opts
Mar 16 06:06:12 gtw01 haproxy-metadata-proxy-a6ae36d1-ab58-4da9-83bd-db2f8ea8cbac[27452]: Proxy listener started.
Mar 16 06:06:12 gtw01 dnsmasq[21349]: read /var/lib/neutron/dhcp/61f4f97b-dd89-411c-83a6-0aacb0cf4893/addn_hosts - 4 addresses
Mar 16 06:06:12 gtw01 dnsmasq-dhcp[21349]: read /var/lib/neutron/dhcp/61f4f97b-dd89-411c-83a6-0aacb0cf4893/host
Mar 16 06:06:12 gtw01 dnsmasq-dhcp[21349]: read /var/lib/neutron/dhcp/61f4f97b-dd89-411c-83a6-0aacb0cf4893/opts
Mar 16 06:06:13 gtw01 dnsmasq[27444]: read /var/lib/neutron/dhcp/a6ae36d1-ab58-4da9-83bd-db2f8ea8cbac/addn_hosts - 2 addresses
Mar 16 06:06:13 gtw01 dnsmasq-dhcp[27444]: read /var/lib/neutron/dhcp/a6ae36d1-ab58-4da9-83bd-db2f8ea8cbac/host
Mar 16 06:06:13 gtw01 dnsmasq-dhcp[27444]: read /var/lib/neutron/dhcp/a6ae36d1-ab58-4da9-83bd-db2f8ea8cbac/opts
Mar 16 06:06:14 gtw01 dnsmasq[27444]: read /var/lib/neutron/dhcp/a6ae36d1-ab58-4da9-83bd-db2f8ea8cbac/addn_hosts - 2 addresses
Mar 16 06:06:14 gtw01 dnsmasq-dhcp[27444]: read /var/lib/neutron/dhcp/a6ae36d1-ab58-4da9-83bd-db2f8ea8cbac/host
Mar 16 06:06:14 gtw01 dnsmasq-dhcp[27444]: read /var/lib/neutron/dhcp/a6ae36d1-ab58-4da9-83bd-db2f8ea8cbac/opts
Mar 16 06:06:16 gtw01 kernel: [ 6988.838965] device tap5a9e76ce-95 left promiscuous mode
Mar 16 06:06:19 gtw01 dnsmasq[27550]: started, version 2.78 cachesize 150
Mar 16 06:06:19 gtw01 dnsmasq[27550]: DNS service limited to local subnets
Mar 16 06:06:19 gtw01 dnsmasq[27550]: compile time options: IPv6 GNU-getopt DBus i18n IDN DHCP DHCPv6 no-Lua TFTP conntrack ipset auth DNSSEC loop-detect inotify
Mar 16 06:06:19 gtw01 dnsmasq[27550]: warning: no upstream servers configured
Mar 16 06:06:19 gtw01 dnsmasq-dhcp[27550]: DHCP, static leases only on 192.168.120.0, lease time 1h
Mar 16 06:06:19 gtw01 dnsmasq[27550]: read /var/lib/neutron/dhcp/a6ae36d1-ab58-4da9-83bd-db2f8ea8cbac/addn_hosts - 2 addresses
Mar 16 06:06:19 gtw01 dnsmasq-dhcp[27550]: read /var/lib/neutron/dhcp/a6ae36d1-ab58-4da9-83bd-db2f8ea8cbac/host
Mar 16 06:06:19 gtw01 dnsmasq-dhcp[27550]: read /var/lib/neutron/dhcp/a6ae36d1-ab58-4da9-83bd-db2f8ea8cbac/opts
Mar 16 06:06:23 gtw01 dnsmasq[27550]: read /var/lib/neutron/dhcp/a6ae36d1-ab58-4da9-83bd-db2f8ea8cbac/addn_hosts - 3 addresses
Mar 16 06:06:23 gtw01 dnsmasq-dhcp[27550]: read /var/lib/neutron/dhcp/a6ae36d1-ab58-4da9-83bd-db2f8ea8cbac/host
Mar 16 06:06:23 gtw01 dnsmasq-dhcp[27550]: read /var/lib/neutron/dhcp/a6ae36d1-ab58-4da9-83bd-db2f8ea8cbac/opts
Mar 16 06:06:23 gtw01 dnsmasq[27550]: read /var/lib/neutron/dhcp/a6ae36d1-ab58-4da9-83bd-db2f8ea8cbac/addn_hosts - 3 addresses
Mar 16 06:06:23 gtw01 dnsmasq-dhcp[27550]: read /var/lib/neutron/dhcp/a6ae36d1-ab58-4da9-83bd-db2f8ea8cbac/host
Mar 16 06:06:23 gtw01 dnsmasq-dhcp[27550]: read /var/lib/neutron/dhcp/a6ae36d1-ab58-4da9-83bd-db2f8ea8cbac/opts
Mar 16 06:06:24 gtw01 dnsmasq[27550]: read /var/lib/neutron/dhcp/a6ae36d1-ab58-4da9-83bd-db2f8ea8cbac/addn_hosts - 3 addresses
Mar 16 06:06:24 gtw01 dnsmasq-dhcp[27550]: read /var/lib/neutron/dhcp/a6ae36d1-ab58-4da9-83bd-db2f8ea8cbac/host
Mar 16 06:06:24 gtw01 dnsmasq-dhcp[27550]: read /var/lib/neutron/dhcp/a6ae36d1-ab58-4da9-83bd-db2f8ea8cbac/opts
Mar 16 06:06:25 gtw01 kernel: [ 6998.239174] device tap5230a468-73 entered promiscuous mode
Mar 16 06:06:25 gtw01 systemd-udevd[27620]: Could not generate persistent MAC address for tap5230a468-73: No such file or directory
Mar 16 06:06:28 gtw01 dnsmasq-dhcp[21349]: DHCPDISCOVER(tap4b184906-3a) fa:16:3e:93:3c:99
Mar 16 06:06:28 gtw01 dnsmasq-dhcp[21349]: DHCPOFFER(tap4b184906-3a) 192.168.120.12 fa:16:3e:93:3c:99
Mar 16 06:06:28 gtw01 dnsmasq-dhcp[21349]: DHCPREQUEST(tap4b184906-3a) 192.168.120.12 fa:16:3e:93:3c:99
Mar 16 06:06:28 gtw01 dnsmasq-dhcp[21349]: DHCPACK(tap4b184906-3a) 192.168.120.12 fa:16:3e:93:3c:99 host-192-168-120-12
Mar 16 06:06:28 gtw01 dnsmasq-dhcp[21349]: DHCPRELEASE(tap4b184906-3a) 192.168.120.12 fa:16:3e:93:3c:99
Mar 16 06:06:29 gtw01 dnsmasq[27748]: started, version 2.78 cachesize 150
Mar 16 06:06:29 gtw01 dnsmasq[27748]: DNS service limited to local subnets
Mar 16 06:06:29 gtw01 dnsmasq[27748]: compile time options: IPv6 GNU-getopt DBus i18n IDN DHCP DHCPv6 no-Lua TFTP conntrack ipset auth DNSSEC loop-detect inotify
Mar 16 06:06:29 gtw01 dnsmasq[27748]: warning: no upstream servers configured
Mar 16 06:06:29 gtw01 dnsmasq-dhcp[27748]: DHCP, static leases only on 192.168.120.0, lease time 1h
Mar 16 06:06:29 gtw01 dnsmasq[27748]: read /var/lib/neutron/dhcp/23850d0e-e31b-4770-9caa-e2399fcbbde4/addn_hosts - 1 addresses
Mar 16 06:06:29 gtw01 dnsmasq-dhcp[27748]: read /var/lib/neutron/dhcp/23850d0e-e31b-4770-9caa-e2399fcbbde4/host
Mar 16 06:06:29 gtw01 dnsmasq-dhcp[27748]: read /var/lib/neutron/dhcp/23850d0e-e31b-4770-9caa-e2399fcbbde4/opts
Mar 16 06:06:29 gtw01 dnsmasq-dhcp[21349]: DHCPDISCOVER(tap4b184906-3a) fa:16:3e:9c:f4:65
Mar 16 06:06:29 gtw01 dnsmasq-dhcp[21349]: DHCPOFFER(tap4b184906-3a) 192.168.120.16 fa:16:3e:9c:f4:65
Mar 16 06:06:29 gtw01 dnsmasq-dhcp[21349]: DHCPREQUEST(tap4b184906-3a) 192.168.120.16 fa:16:3e:9c:f4:65
Mar 16 06:06:29 gtw01 dnsmasq-dhcp[21349]: DHCPACK(tap4b184906-3a) 192.168.120.16 fa:16:3e:9c:f4:65 host-192-168-120-16
Mar 16 06:06:29 gtw01 haproxy-metadata-proxy-23850d0e-e31b-4770-9caa-e2399fcbbde4[27752]: Proxy listener started.
Mar 16 06:06:29 gtw01 dnsmasq[21349]: read /var/lib/neutron/dhcp/61f4f97b-dd89-411c-83a6-0aacb0cf4893/addn_hosts - 5 addresses
Mar 16 06:06:29 gtw01 dnsmasq-dhcp[21349]: read /var/lib/neutron/dhcp/61f4f97b-dd89-411c-83a6-0aacb0cf4893/host
Mar 16 06:06:29 gtw01 dnsmasq-dhcp[21349]: read /var/lib/neutron/dhcp/61f4f97b-dd89-411c-83a6-0aacb0cf4893/opts
Mar 16 06:06:30 gtw01 dnsmasq[27748]: read /var/lib/neutron/dhcp/23850d0e-e31b-4770-9caa-e2399fcbbde4/addn_hosts - 2 addresses
Mar 16 06:06:30 gtw01 dnsmasq-dhcp[27748]: read /var/lib/neutron/dhcp/23850d0e-e31b-4770-9caa-e2399fcbbde4/host
Mar 16 06:06:30 gtw01 dnsmasq-dhcp[27748]: read /var/lib/neutron/dhcp/23850d0e-e31b-4770-9caa-e2399fcbbde4/opts
Mar 16 06:06:30 gtw01 dnsmasq-dhcp[21349]: DHCPRELEASE(tap4b184906-3a) 192.168.120.16 fa:16:3e:9c:f4:65
Mar 16 06:06:31 gtw01 dnsmasq[21349]: read /var/lib/neutron/dhcp/61f4f97b-dd89-411c-83a6-0aacb0cf4893/addn_hosts - 6 addresses
Mar 16 06:06:31 gtw01 dnsmasq-dhcp[21349]: read /var/lib/neutron/dhcp/61f4f97b-dd89-411c-83a6-0aacb0cf4893/host
Mar 16 06:06:31 gtw01 dnsmasq-dhcp[21349]: read /var/lib/neutron/dhcp/61f4f97b-dd89-411c-83a6-0aacb0cf4893/opts
Mar 16 06:06:32 gtw01 dnsmasq[21349]: read /var/lib/neutron/dhcp/61f4f97b-dd89-411c-83a6-0aacb0cf4893/addn_hosts - 6 addresses
Mar 16 06:06:32 gtw01 dnsmasq-dhcp[21349]: read /var/lib/neutron/dhcp/61f4f97b-dd89-411c-83a6-0aacb0cf4893/host
Mar 16 06:06:32 gtw01 dnsmasq-dhcp[21349]: read /var/lib/neutron/dhcp/61f4f97b-dd89-411c-83a6-0aacb0cf4893/opts
Mar 16 06:06:32 gtw01 dnsmasq[21349]: read /var/lib/neutron/dhcp/61f4f97b-dd89-411c-83a6-0aacb0cf4893/addn_hosts - 7 addresses
Mar 16 06:06:32 gtw01 dnsmasq-dhcp[21349]: read /var/lib/neutron/dhcp/61f4f97b-dd89-411c-83a6-0aacb0cf4893/host
Mar 16 06:06:32 gtw01 dnsmasq-dhcp[21349]: read /var/lib/neutron/dhcp/61f4f97b-dd89-411c-83a6-0aacb0cf4893/opts
Mar 16 06:06:33 gtw01 dnsmasq[21349]: read /var/lib/neutron/dhcp/61f4f97b-dd89-411c-83a6-0aacb0cf4893/addn_hosts - 7 addresses
Mar 16 06:06:33 gtw01 dnsmasq-dhcp[21349]: read /var/lib/neutron/dhcp/61f4f97b-dd89-411c-83a6-0aacb0cf4893/host
Mar 16 06:06:33 gtw01 dnsmasq-dhcp[21349]: read /var/lib/neutron/dhcp/61f4f97b-dd89-411c-83a6-0aacb0cf4893/opts
Mar 16 06:06:34 gtw01 dnsmasq[21349]: read /var/lib/neutron/dhcp/61f4f97b-dd89-411c-83a6-0aacb0cf4893/addn_hosts - 7 addresses
Mar 16 06:06:34 gtw01 dnsmasq-dhcp[21349]: read /var/lib/neutron/dhcp/61f4f97b-dd89-411c-83a6-0aacb0cf4893/host
Mar 16 06:06:34 gtw01 dnsmasq-dhcp[21349]: read /var/lib/neutron/dhcp/61f4f97b-dd89-411c-83a6-0aacb0cf4893/opts
Mar 16 06:06:35 gtw01 dnsmasq[21349]: read /var/lib/neutron/dhcp/61f4f97b-dd89-411c-83a6-0aacb0cf4893/addn_hosts - 7 addresses
Mar 16 06:06:35 gtw01 dnsmasq-dhcp[21349]: read /var/lib/neutron/dhcp/61f4f97b-dd89-411c-83a6-0aacb0cf4893/host
Mar 16 06:06:35 gtw01 dnsmasq-dhcp[21349]: read /var/lib/neutron/dhcp/61f4f97b-dd89-411c-83a6-0aacb0cf4893/opts
Mar 16 06:06:36 gtw01 dnsmasq[21349]: read /var/lib/neutron/dhcp/61f4f97b-dd89-411c-83a6-0aacb0cf4893/addn_hosts - 7 addresses
Mar 16 06:06:36 gtw01 dnsmasq-dhcp[21349]: read /var/lib/neutron/dhcp/61f4f97b-dd89-411c-83a6-0aacb0cf4893/host
Mar 16 06:06:36 gtw01 dnsmasq-dhcp[21349]: read /var/lib/neutron/dhcp/61f4f97b-dd89-411c-83a6-0aacb0cf4893/opts
Mar 16 06:06:37 gtw01 dnsmasq[21349]: read /var/lib/neutron/dhcp/61f4f97b-dd89-411c-83a6-0aacb0cf4893/addn_hosts - 7 addresses
Mar 16 06:06:37 gtw01 dnsmasq-dhcp[21349]: read /var/lib/neutron/dhcp/61f4f97b-dd89-411c-83a6-0aacb0cf4893/host
Mar 16 06:06:37 gtw01 dnsmasq-dhcp[21349]: read /var/lib/neutron/dhcp/61f4f97b-dd89-411c-83a6-0aacb0cf4893/opts
Mar 16 06:06:38 gtw01 dnsmasq[21349]: read /var/lib/neutron/dhcp/61f4f97b-dd89-411c-83a6-0aacb0cf4893/addn_hosts - 6 addresses
Mar 16 06:06:38 gtw01 dnsmasq-dhcp[21349]: read /var/lib/neutron/dhcp/61f4f97b-dd89-411c-83a6-0aacb0cf4893/host
Mar 16 06:06:38 gtw01 dnsmasq-dhcp[21349]: read /var/lib/neutron/dhcp/61f4f97b-dd89-411c-83a6-0aacb0cf4893/opts
Mar 16 06:06:39 gtw01 dnsmasq-dhcp[27550]: DHCPDISCOVER(tapfa9576de-e1) fa:16:3e:70:f6:09
Mar 16 06:06:39 gtw01 dnsmasq-dhcp[27550]: DHCPOFFER(tapfa9576de-e1) 192.168.120.7 fa:16:3e:70:f6:09
Mar 16 06:06:39 gtw01 dnsmasq-dhcp[27550]: DHCPREQUEST(tapfa9576de-e1) 192.168.120.7 fa:16:3e:70:f6:09
Mar 16 06:06:39 gtw01 dnsmasq-dhcp[27550]: DHCPACK(tapfa9576de-e1) 192.168.120.7 fa:16:3e:70:f6:09 host-192-168-120-7
Mar 16 06:06:42 gtw01 dnsmasq[27748]: read /var/lib/neutron/dhcp/23850d0e-e31b-4770-9caa-e2399fcbbde4/addn_hosts - 3 addresses
Mar 16 06:06:42 gtw01 dnsmasq-dhcp[27748]: read /var/lib/neutron/dhcp/23850d0e-e31b-4770-9caa-e2399fcbbde4/host
Mar 16 06:06:42 gtw01 dnsmasq-dhcp[27748]: read /var/lib/neutron/dhcp/23850d0e-e31b-4770-9caa-e2399fcbbde4/opts
Mar 16 06:06:43 gtw01 dnsmasq[21349]: read /var/lib/neutron/dhcp/61f4f97b-dd89-411c-83a6-0aacb0cf4893/addn_hosts - 5 addresses
Mar 16 06:06:43 gtw01 dnsmasq-dhcp[21349]: read /var/lib/neutron/dhcp/61f4f97b-dd89-411c-83a6-0aacb0cf4893/host
Mar 16 06:06:43 gtw01 dnsmasq-dhcp[21349]: read /var/lib/neutron/dhcp/61f4f97b-dd89-411c-83a6-0aacb0cf4893/opts
Mar 16 06:06:43 gtw01 dnsmasq[27748]: read /var/lib/neutron/dhcp/23850d0e-e31b-4770-9caa-e2399fcbbde4/addn_hosts - 3 addresses
Mar 16 06:06:43 gtw01 dnsmasq-dhcp[27748]: read /var/lib/neutron/dhcp/23850d0e-e31b-4770-9caa-e2399fcbbde4/host
Mar 16 06:06:43 gtw01 dnsmasq-dhcp[27748]: read /var/lib/neutron/dhcp/23850d0e-e31b-4770-9caa-e2399fcbbde4/opts
Mar 16 06:06:44 gtw01 dnsmasq-dhcp[21349]: DHCPDISCOVER(tap4b184906-3a) fa:16:3e:af:94:64
Mar 16 06:06:44 gtw01 dnsmasq-dhcp[21349]: DHCPOFFER(tap4b184906-3a) 192.168.120.8 fa:16:3e:af:94:64
Mar 16 06:06:44 gtw01 dnsmasq-dhcp[21349]: DHCPREQUEST(tap4b184906-3a) 192.168.120.8 fa:16:3e:af:94:64
Mar 16 06:06:44 gtw01 dnsmasq-dhcp[21349]: DHCPACK(tap4b184906-3a) 192.168.120.8 fa:16:3e:af:94:64 host-192-168-120-8
Mar 16 06:06:44 gtw01 dnsmasq[21349]: read /var/lib/neutron/dhcp/61f4f97b-dd89-411c-83a6-0aacb0cf4893/addn_hosts - 4 addresses
Mar 16 06:06:44 gtw01 dnsmasq-dhcp[21349]: read /var/lib/neutron/dhcp/61f4f97b-dd89-411c-83a6-0aacb0cf4893/host
Mar 16 06:06:44 gtw01 dnsmasq-dhcp[21349]: read /var/lib/neutron/dhcp/61f4f97b-dd89-411c-83a6-0aacb0cf4893/opts
Mar 16 06:06:45 gtw01 dnsmasq[27748]: read /var/lib/neutron/dhcp/23850d0e-e31b-4770-9caa-e2399fcbbde4/addn_hosts - 3 addresses
Mar 16 06:06:45 gtw01 dnsmasq-dhcp[27748]: read /var/lib/neutron/dhcp/23850d0e-e31b-4770-9caa-e2399fcbbde4/host
Mar 16 06:06:45 gtw01 dnsmasq-dhcp[27748]: read /var/lib/neutron/dhcp/23850d0e-e31b-4770-9caa-e2399fcbbde4/opts
Mar 16 06:06:52 gtw01 dnsmasq[28061]: started, version 2.78 cachesize 150
Mar 16 06:06:52 gtw01 dnsmasq[28061]: DNS service limited to local subnets
Mar 16 06:06:52 gtw01 dnsmasq[28061]: compile time options: IPv6 GNU-getopt DBus i18n IDN DHCP DHCPv6 no-Lua TFTP conntrack ipset auth DNSSEC loop-detect inotify
Mar 16 06:06:52 gtw01 dnsmasq[28061]: warning: no upstream servers configured
Mar 16 06:06:52 gtw01 dnsmasq-dhcp[28061]: DHCP, static leases only on 192.168.120.0, lease time 1h
Mar 16 06:06:52 gtw01 dnsmasq[28061]: read /var/lib/neutron/dhcp/23850d0e-e31b-4770-9caa-e2399fcbbde4/addn_hosts - 3 addresses
Mar 16 06:06:52 gtw01 dnsmasq-dhcp[28061]: read /var/lib/neutron/dhcp/23850d0e-e31b-4770-9caa-e2399fcbbde4/host
Mar 16 06:06:52 gtw01 dnsmasq-dhcp[28061]: read /var/lib/neutron/dhcp/23850d0e-e31b-4770-9caa-e2399fcbbde4/opts
Mar 16 06:06:52 gtw01 dnsmasq-dhcp[21349]: DHCPRELEASE(tap4b184906-3a) 192.168.120.8 fa:16:3e:af:94:64
Mar 16 06:06:52 gtw01 dnsmasq-dhcp[27550]: DHCPRELEASE(tapfa9576de-e1) 192.168.120.7 fa:16:3e:70:f6:09
Mar 16 06:06:53 gtw01 dnsmasq[21349]: read /var/lib/neutron/dhcp/61f4f97b-dd89-411c-83a6-0aacb0cf4893/addn_hosts - 3 addresses
Mar 16 06:06:53 gtw01 dnsmasq-dhcp[21349]: read /var/lib/neutron/dhcp/61f4f97b-dd89-411c-83a6-0aacb0cf4893/host
Mar 16 06:06:53 gtw01 dnsmasq-dhcp[21349]: read /var/lib/neutron/dhcp/61f4f97b-dd89-411c-83a6-0aacb0cf4893/opts
Mar 16 06:06:53 gtw01 dnsmasq[27550]: read /var/lib/neutron/dhcp/a6ae36d1-ab58-4da9-83bd-db2f8ea8cbac/addn_hosts - 4 addresses
Mar 16 06:06:53 gtw01 dnsmasq-dhcp[27550]: read /var/lib/neutron/dhcp/a6ae36d1-ab58-4da9-83bd-db2f8ea8cbac/host
Mar 16 06:06:53 gtw01 dnsmasq-dhcp[27550]: read /var/lib/neutron/dhcp/a6ae36d1-ab58-4da9-83bd-db2f8ea8cbac/opts
Mar 16 06:06:53 gtw01 dnsmasq[21349]: read /var/lib/neutron/dhcp/61f4f97b-dd89-411c-83a6-0aacb0cf4893/addn_hosts - 2 addresses
Mar 16 06:06:53 gtw01 dnsmasq-dhcp[21349]: read /var/lib/neutron/dhcp/61f4f97b-dd89-411c-83a6-0aacb0cf4893/host
Mar 16 06:06:53 gtw01 dnsmasq-dhcp[21349]: read /var/lib/neutron/dhcp/61f4f97b-dd89-411c-83a6-0aacb0cf4893/opts
Mar 16 06:06:54 gtw01 dnsmasq[27550]: read /var/lib/neutron/dhcp/a6ae36d1-ab58-4da9-83bd-db2f8ea8cbac/addn_hosts - 4 addresses
Mar 16 06:06:54 gtw01 dnsmasq-dhcp[27550]: read /var/lib/neutron/dhcp/a6ae36d1-ab58-4da9-83bd-db2f8ea8cbac/host
Mar 16 06:06:54 gtw01 dnsmasq-dhcp[27550]: read /var/lib/neutron/dhcp/a6ae36d1-ab58-4da9-83bd-db2f8ea8cbac/opts
Mar 16 06:06:54 gtw01 dnsmasq[27550]: read /var/lib/neutron/dhcp/a6ae36d1-ab58-4da9-83bd-db2f8ea8cbac/addn_hosts - 4 addresses
Mar 16 06:06:54 gtw01 dnsmasq-dhcp[27550]: read /var/lib/neutron/dhcp/a6ae36d1-ab58-4da9-83bd-db2f8ea8cbac/host
Mar 16 06:06:54 gtw01 dnsmasq-dhcp[27550]: read /var/lib/neutron/dhcp/a6ae36d1-ab58-4da9-83bd-db2f8ea8cbac/opts
Mar 16 06:06:57 gtw01 dnsmasq[27550]: read /var/lib/neutron/dhcp/a6ae36d1-ab58-4da9-83bd-db2f8ea8cbac/addn_hosts - 3 addresses
Mar 16 06:06:57 gtw01 dnsmasq-dhcp[27550]: read /var/lib/neutron/dhcp/a6ae36d1-ab58-4da9-83bd-db2f8ea8cbac/host
Mar 16 06:06:57 gtw01 dnsmasq-dhcp[27550]: read /var/lib/neutron/dhcp/a6ae36d1-ab58-4da9-83bd-db2f8ea8cbac/opts
Mar 16 06:06:58 gtw01 dnsmasq-dhcp[28061]: DHCPDISCOVER(tap5230a468-73) fa:16:3e:85:23:1c
Mar 16 06:06:58 gtw01 dnsmasq-dhcp[28061]: DHCPOFFER(tap5230a468-73) 192.168.120.3 fa:16:3e:85:23:1c
Mar 16 06:06:58 gtw01 dnsmasq-dhcp[28061]: DHCPREQUEST(tap5230a468-73) 192.168.120.3 fa:16:3e:85:23:1c
Mar 16 06:06:58 gtw01 dnsmasq-dhcp[28061]: DHCPACK(tap5230a468-73) 192.168.120.3 fa:16:3e:85:23:1c host-192-168-120-3
Mar 16 06:07:02 gtw01 dnsmasq[27550]: read /var/lib/neutron/dhcp/a6ae36d1-ab58-4da9-83bd-db2f8ea8cbac/addn_hosts - 2 addresses
Mar 16 06:07:02 gtw01 dnsmasq-dhcp[27550]: read /var/lib/neutron/dhcp/a6ae36d1-ab58-4da9-83bd-db2f8ea8cbac/host
Mar 16 06:07:02 gtw01 dnsmasq-dhcp[27550]: read /var/lib/neutron/dhcp/a6ae36d1-ab58-4da9-83bd-db2f8ea8cbac/opts
Mar 16 06:07:02 gtw01 dnsmasq[21349]: read /var/lib/neutron/dhcp/61f4f97b-dd89-411c-83a6-0aacb0cf4893/addn_hosts - 3 addresses
Mar 16 06:07:02 gtw01 dnsmasq-dhcp[21349]: read /var/lib/neutron/dhcp/61f4f97b-dd89-411c-83a6-0aacb0cf4893/host
Mar 16 06:07:02 gtw01 dnsmasq-dhcp[21349]: read /var/lib/neutron/dhcp/61f4f97b-dd89-411c-83a6-0aacb0cf4893/opts
Mar 16 06:07:04 gtw01 dnsmasq[21349]: read /var/lib/neutron/dhcp/61f4f97b-dd89-411c-83a6-0aacb0cf4893/addn_hosts - 3 addresses
Mar 16 06:07:04 gtw01 dnsmasq-dhcp[21349]: read /var/lib/neutron/dhcp/61f4f97b-dd89-411c-83a6-0aacb0cf4893/host
Mar 16 06:07:04 gtw01 dnsmasq-dhcp[21349]: read /var/lib/neutron/dhcp/61f4f97b-dd89-411c-83a6-0aacb0cf4893/opts
Mar 16 06:07:04 gtw01 dnsmasq-dhcp[28061]: DHCPRELEASE(tap5230a468-73) 192.168.120.3 fa:16:3e:85:23:1c
Mar 16 06:07:05 gtw01 dnsmasq[28061]: read /var/lib/neutron/dhcp/23850d0e-e31b-4770-9caa-e2399fcbbde4/addn_hosts - 4 addresses
Mar 16 06:07:05 gtw01 dnsmasq-dhcp[28061]: read /var/lib/neutron/dhcp/23850d0e-e31b-4770-9caa-e2399fcbbde4/host
Mar 16 06:07:05 gtw01 dnsmasq-dhcp[28061]: read /var/lib/neutron/dhcp/23850d0e-e31b-4770-9caa-e2399fcbbde4/opts
Mar 16 06:07:06 gtw01 dnsmasq[21349]: read /var/lib/neutron/dhcp/61f4f97b-dd89-411c-83a6-0aacb0cf4893/addn_hosts - 3 addresses
Mar 16 06:07:06 gtw01 dnsmasq-dhcp[21349]: read /var/lib/neutron/dhcp/61f4f97b-dd89-411c-83a6-0aacb0cf4893/host
Mar 16 06:07:06 gtw01 dnsmasq-dhcp[21349]: read /var/lib/neutron/dhcp/61f4f97b-dd89-411c-83a6-0aacb0cf4893/opts
Mar 16 06:07:10 gtw01 dnsmasq[28061]: read /var/lib/neutron/dhcp/23850d0e-e31b-4770-9caa-e2399fcbbde4/addn_hosts - 2 addresses
Mar 16 06:07:10 gtw01 dnsmasq-dhcp[28061]: read /var/lib/neutron/dhcp/23850d0e-e31b-4770-9caa-e2399fcbbde4/host
Mar 16 06:07:10 gtw01 dnsmasq-dhcp[28061]: read /var/lib/neutron/dhcp/23850d0e-e31b-4770-9caa-e2399fcbbde4/opts
Mar 16 06:07:13 gtw01 dnsmasq[27550]: read /var/lib/neutron/dhcp/a6ae36d1-ab58-4da9-83bd-db2f8ea8cbac/addn_hosts - 3 addresses
Mar 16 06:07:13 gtw01 dnsmasq-dhcp[27550]: read /var/lib/neutron/dhcp/a6ae36d1-ab58-4da9-83bd-db2f8ea8cbac/host
Mar 16 06:07:13 gtw01 dnsmasq-dhcp[27550]: read /var/lib/neutron/dhcp/a6ae36d1-ab58-4da9-83bd-db2f8ea8cbac/opts
Mar 16 06:07:14 gtw01 dnsmasq[27550]: read /var/lib/neutron/dhcp/a6ae36d1-ab58-4da9-83bd-db2f8ea8cbac/addn_hosts - 3 addresses
Mar 16 06:07:14 gtw01 dnsmasq-dhcp[27550]: read /var/lib/neutron/dhcp/a6ae36d1-ab58-4da9-83bd-db2f8ea8cbac/host
Mar 16 06:07:14 gtw01 dnsmasq-dhcp[27550]: read /var/lib/neutron/dhcp/a6ae36d1-ab58-4da9-83bd-db2f8ea8cbac/opts
Mar 16 06:07:15 gtw01 dnsmasq-dhcp[28061]: DHCPRELEASE(tap5230a468-73) 192.168.120.1 fa:16:3e:73:aa:ae
Mar 16 06:07:15 gtw01 dnsmasq[27550]: read /var/lib/neutron/dhcp/a6ae36d1-ab58-4da9-83bd-db2f8ea8cbac/addn_hosts - 3 addresses
Mar 16 06:07:15 gtw01 dnsmasq-dhcp[27550]: read /var/lib/neutron/dhcp/a6ae36d1-ab58-4da9-83bd-db2f8ea8cbac/host
Mar 16 06:07:15 gtw01 dnsmasq-dhcp[27550]: read /var/lib/neutron/dhcp/a6ae36d1-ab58-4da9-83bd-db2f8ea8cbac/opts
Mar 16 06:07:15 gtw01 dnsmasq[28061]: read /var/lib/neutron/dhcp/23850d0e-e31b-4770-9caa-e2399fcbbde4/addn_hosts - 1 addresses
Mar 16 06:07:15 gtw01 dnsmasq-dhcp[28061]: read /var/lib/neutron/dhcp/23850d0e-e31b-4770-9caa-e2399fcbbde4/host
Mar 16 06:07:15 gtw01 dnsmasq-dhcp[28061]: read /var/lib/neutron/dhcp/23850d0e-e31b-4770-9caa-e2399fcbbde4/opts
Mar 16 06:07:19 gtw01 dnsmasq[21349]: read /var/lib/neutron/dhcp/61f4f97b-dd89-411c-83a6-0aacb0cf4893/addn_hosts - 4 addresses
Mar 16 06:07:19 gtw01 dnsmasq-dhcp[21349]: read /var/lib/neutron/dhcp/61f4f97b-dd89-411c-83a6-0aacb0cf4893/host
Mar 16 06:07:19 gtw01 dnsmasq-dhcp[21349]: read /var/lib/neutron/dhcp/61f4f97b-dd89-411c-83a6-0aacb0cf4893/opts
Mar 16 06:07:20 gtw01 kernel: [ 7052.951560] device tap5230a468-73 left promiscuous mode
Mar 16 06:07:22 gtw01 dnsmasq[21349]: read /var/lib/neutron/dhcp/61f4f97b-dd89-411c-83a6-0aacb0cf4893/addn_hosts - 4 addresses
Mar 16 06:07:22 gtw01 dnsmasq-dhcp[21349]: read /var/lib/neutron/dhcp/61f4f97b-dd89-411c-83a6-0aacb0cf4893/host
Mar 16 06:07:22 gtw01 dnsmasq-dhcp[21349]: read /var/lib/neutron/dhcp/61f4f97b-dd89-411c-83a6-0aacb0cf4893/opts
Mar 16 06:07:22 gtw01 dnsmasq-dhcp[21349]: DHCPDISCOVER(tap4b184906-3a) fa:16:3e:21:57:1f
Mar 16 06:07:22 gtw01 dnsmasq-dhcp[21349]: DHCPOFFER(tap4b184906-3a) 192.168.120.13 fa:16:3e:21:57:1f
Mar 16 06:07:22 gtw01 dnsmasq-dhcp[21349]: DHCPREQUEST(tap4b184906-3a) 192.168.120.13 fa:16:3e:21:57:1f
Mar 16 06:07:22 gtw01 dnsmasq-dhcp[21349]: DHCPACK(tap4b184906-3a) 192.168.120.13 fa:16:3e:21:57:1f host-192-168-120-13
Mar 16 06:07:23 gtw01 dnsmasq-dhcp[21349]: DHCPRELEASE(tap4b184906-3a) 192.168.120.13 fa:16:3e:21:57:1f
Mar 16 06:07:24 gtw01 dnsmasq[21349]: read /var/lib/neutron/dhcp/61f4f97b-dd89-411c-83a6-0aacb0cf4893/addn_hosts - 4 addresses
Mar 16 06:07:24 gtw01 dnsmasq-dhcp[21349]: read /var/lib/neutron/dhcp/61f4f97b-dd89-411c-83a6-0aacb0cf4893/host
Mar 16 06:07:24 gtw01 dnsmasq-dhcp[21349]: read /var/lib/neutron/dhcp/61f4f97b-dd89-411c-83a6-0aacb0cf4893/opts
Mar 16 06:07:29 gtw01 dnsmasq-dhcp[27550]: DHCPDISCOVER(tapfa9576de-e1) fa:16:3e:3a:ce:04
Mar 16 06:07:29 gtw01 dnsmasq-dhcp[27550]: DHCPOFFER(tapfa9576de-e1) 192.168.120.5 fa:16:3e:3a:ce:04
Mar 16 06:07:29 gtw01 dnsmasq-dhcp[27550]: DHCPREQUEST(tapfa9576de-e1) 192.168.120.5 fa:16:3e:3a:ce:04
Mar 16 06:07:29 gtw01 dnsmasq-dhcp[27550]: DHCPACK(tapfa9576de-e1) 192.168.120.5 fa:16:3e:3a:ce:04 host-192-168-120-5
Mar 16 06:07:29 gtw01 kernel: [ 7061.919872] device tap9626f7b2-c3 entered promiscuous mode
Mar 16 06:07:29 gtw01 systemd-udevd[28416]: Could not generate persistent MAC address for tap9626f7b2-c3: No such file or directory
Mar 16 06:07:31 gtw01 dnsmasq[21349]: read /var/lib/neutron/dhcp/61f4f97b-dd89-411c-83a6-0aacb0cf4893/addn_hosts - 3 addresses
Mar 16 06:07:31 gtw01 dnsmasq-dhcp[21349]: read /var/lib/neutron/dhcp/61f4f97b-dd89-411c-83a6-0aacb0cf4893/host
Mar 16 06:07:31 gtw01 dnsmasq-dhcp[21349]: read /var/lib/neutron/dhcp/61f4f97b-dd89-411c-83a6-0aacb0cf4893/opts
Mar 16 06:07:32 gtw01 dnsmasq[28557]: started, version 2.78 cachesize 150
Mar 16 06:07:32 gtw01 dnsmasq[28557]: DNS service limited to local subnets
Mar 16 06:07:32 gtw01 dnsmasq[28557]: compile time options: IPv6 GNU-getopt DBus i18n IDN DHCP DHCPv6 no-Lua TFTP conntrack ipset auth DNSSEC loop-detect inotify
Mar 16 06:07:32 gtw01 dnsmasq[28557]: warning: no upstream servers configured
Mar 16 06:07:32 gtw01 dnsmasq-dhcp[28557]: DHCP, static leases only on 192.168.120.0, lease time 1h
Mar 16 06:07:32 gtw01 dnsmasq[28557]: read /var/lib/neutron/dhcp/0005043a-b7f0-4699-a666-5531c45424a0/addn_hosts - 1 addresses
Mar 16 06:07:32 gtw01 dnsmasq-dhcp[28557]: read /var/lib/neutron/dhcp/0005043a-b7f0-4699-a666-5531c45424a0/host
Mar 16 06:07:32 gtw01 dnsmasq-dhcp[28557]: read /var/lib/neutron/dhcp/0005043a-b7f0-4699-a666-5531c45424a0/opts
Mar 16 06:07:32 gtw01 haproxy-metadata-proxy-0005043a-b7f0-4699-a666-5531c45424a0[28561]: Proxy listener started.
Mar 16 06:07:33 gtw01 dnsmasq[28557]: read /var/lib/neutron/dhcp/0005043a-b7f0-4699-a666-5531c45424a0/addn_hosts - 2 addresses
Mar 16 06:07:33 gtw01 dnsmasq-dhcp[28557]: read /var/lib/neutron/dhcp/0005043a-b7f0-4699-a666-5531c45424a0/host
Mar 16 06:07:33 gtw01 dnsmasq-dhcp[28557]: read /var/lib/neutron/dhcp/0005043a-b7f0-4699-a666-5531c45424a0/opts
Mar 16 06:07:34 gtw01 dnsmasq[28557]: read /var/lib/neutron/dhcp/0005043a-b7f0-4699-a666-5531c45424a0/addn_hosts - 2 addresses
Mar 16 06:07:34 gtw01 dnsmasq-dhcp[28557]: read /var/lib/neutron/dhcp/0005043a-b7f0-4699-a666-5531c45424a0/host
Mar 16 06:07:34 gtw01 dnsmasq-dhcp[28557]: read /var/lib/neutron/dhcp/0005043a-b7f0-4699-a666-5531c45424a0/opts
Mar 16 06:07:35 gtw01 dnsmasq[21349]: read /var/lib/neutron/dhcp/61f4f97b-dd89-411c-83a6-0aacb0cf4893/addn_hosts - 4 addresses
Mar 16 06:07:35 gtw01 dnsmasq-dhcp[21349]: read /var/lib/neutron/dhcp/61f4f97b-dd89-411c-83a6-0aacb0cf4893/host
Mar 16 06:07:35 gtw01 dnsmasq-dhcp[21349]: read /var/lib/neutron/dhcp/61f4f97b-dd89-411c-83a6-0aacb0cf4893/opts
Mar 16 06:07:36 gtw01 dnsmasq[21349]: read /var/lib/neutron/dhcp/61f4f97b-dd89-411c-83a6-0aacb0cf4893/addn_hosts - 4 addresses
Mar 16 06:07:36 gtw01 dnsmasq-dhcp[21349]: read /var/lib/neutron/dhcp/61f4f97b-dd89-411c-83a6-0aacb0cf4893/host
Mar 16 06:07:36 gtw01 dnsmasq-dhcp[21349]: read /var/lib/neutron/dhcp/61f4f97b-dd89-411c-83a6-0aacb0cf4893/opts
Mar 16 06:07:37 gtw01 dnsmasq[21349]: read /var/lib/neutron/dhcp/61f4f97b-dd89-411c-83a6-0aacb0cf4893/addn_hosts - 4 addresses
Mar 16 06:07:37 gtw01 dnsmasq-dhcp[21349]: read /var/lib/neutron/dhcp/61f4f97b-dd89-411c-83a6-0aacb0cf4893/host
Mar 16 06:07:37 gtw01 dnsmasq-dhcp[21349]: read /var/lib/neutron/dhcp/61f4f97b-dd89-411c-83a6-0aacb0cf4893/opts
Mar 16 06:07:40 gtw01 dnsmasq-dhcp[27550]: DHCPRELEASE(tapfa9576de-e1) 192.168.120.5 fa:16:3e:3a:ce:04
Mar 16 06:07:41 gtw01 dnsmasq[27550]: read /var/lib/neutron/dhcp/a6ae36d1-ab58-4da9-83bd-db2f8ea8cbac/addn_hosts - 4 addresses
Mar 16 06:07:41 gtw01 dnsmasq-dhcp[27550]: read /var/lib/neutron/dhcp/a6ae36d1-ab58-4da9-83bd-db2f8ea8cbac/host
Mar 16 06:07:41 gtw01 dnsmasq-dhcp[27550]: read /var/lib/neutron/dhcp/a6ae36d1-ab58-4da9-83bd-db2f8ea8cbac/opts
Mar 16 06:07:42 gtw01 dnsmasq[27550]: read /var/lib/neutron/dhcp/a6ae36d1-ab58-4da9-83bd-db2f8ea8cbac/addn_hosts - 4 addresses
Mar 16 06:07:42 gtw01 dnsmasq-dhcp[27550]: read /var/lib/neutron/dhcp/a6ae36d1-ab58-4da9-83bd-db2f8ea8cbac/host
Mar 16 06:07:42 gtw01 dnsmasq-dhcp[27550]: read /var/lib/neutron/dhcp/a6ae36d1-ab58-4da9-83bd-db2f8ea8cbac/opts
Mar 16 06:07:42 gtw01 dnsmasq[28557]: read /var/lib/neutron/dhcp/0005043a-b7f0-4699-a666-5531c45424a0/addn_hosts - 3 addresses
Mar 16 06:07:42 gtw01 dnsmasq-dhcp[28557]: read /var/lib/neutron/dhcp/0005043a-b7f0-4699-a666-5531c45424a0/host
Mar 16 06:07:42 gtw01 dnsmasq-dhcp[28557]: read /var/lib/neutron/dhcp/0005043a-b7f0-4699-a666-5531c45424a0/opts
Mar 16 06:07:43 gtw01 dnsmasq[27550]: read /var/lib/neutron/dhcp/a6ae36d1-ab58-4da9-83bd-db2f8ea8cbac/addn_hosts - 4 addresses
Mar 16 06:07:43 gtw01 dnsmasq-dhcp[27550]: read /var/lib/neutron/dhcp/a6ae36d1-ab58-4da9-83bd-db2f8ea8cbac/host
Mar 16 06:07:43 gtw01 dnsmasq-dhcp[27550]: read /var/lib/neutron/dhcp/a6ae36d1-ab58-4da9-83bd-db2f8ea8cbac/opts
Mar 16 06:07:43 gtw01 dnsmasq[21349]: read /var/lib/neutron/dhcp/61f4f97b-dd89-411c-83a6-0aacb0cf4893/addn_hosts - 3 addresses
Mar 16 06:07:43 gtw01 dnsmasq-dhcp[21349]: read /var/lib/neutron/dhcp/61f4f97b-dd89-411c-83a6-0aacb0cf4893/host
Mar 16 06:07:43 gtw01 dnsmasq-dhcp[21349]: read /var/lib/neutron/dhcp/61f4f97b-dd89-411c-83a6-0aacb0cf4893/opts
Mar 16 06:07:44 gtw01 dnsmasq[28557]: read /var/lib/neutron/dhcp/0005043a-b7f0-4699-a666-5531c45424a0/addn_hosts - 3 addresses
Mar 16 06:07:44 gtw01 dnsmasq-dhcp[28557]: read /var/lib/neutron/dhcp/0005043a-b7f0-4699-a666-5531c45424a0/host
Mar 16 06:07:44 gtw01 dnsmasq-dhcp[28557]: read /var/lib/neutron/dhcp/0005043a-b7f0-4699-a666-5531c45424a0/opts
Mar 16 06:07:45 gtw01 dnsmasq[28557]: read /var/lib/neutron/dhcp/0005043a-b7f0-4699-a666-5531c45424a0/addn_hosts - 3 addresses
Mar 16 06:07:45 gtw01 dnsmasq-dhcp[28557]: read /var/lib/neutron/dhcp/0005043a-b7f0-4699-a666-5531c45424a0/host
Mar 16 06:07:45 gtw01 dnsmasq-dhcp[28557]: read /var/lib/neutron/dhcp/0005043a-b7f0-4699-a666-5531c45424a0/opts
Mar 16 06:07:47 gtw01 dnsmasq[27550]: read /var/lib/neutron/dhcp/a6ae36d1-ab58-4da9-83bd-db2f8ea8cbac/addn_hosts - 5 addresses
Mar 16 06:07:47 gtw01 dnsmasq-dhcp[27550]: read /var/lib/neutron/dhcp/a6ae36d1-ab58-4da9-83bd-db2f8ea8cbac/host
Mar 16 06:07:47 gtw01 dnsmasq-dhcp[27550]: read /var/lib/neutron/dhcp/a6ae36d1-ab58-4da9-83bd-db2f8ea8cbac/opts
Mar 16 06:07:48 gtw01 dnsmasq[21349]: read /var/lib/neutron/dhcp/61f4f97b-dd89-411c-83a6-0aacb0cf4893/addn_hosts - 4 addresses
Mar 16 06:07:48 gtw01 dnsmasq-dhcp[21349]: read /var/lib/neutron/dhcp/61f4f97b-dd89-411c-83a6-0aacb0cf4893/host
Mar 16 06:07:48 gtw01 dnsmasq-dhcp[21349]: read /var/lib/neutron/dhcp/61f4f97b-dd89-411c-83a6-0aacb0cf4893/opts
Mar 16 06:07:49 gtw01 dnsmasq[27550]: read /var/lib/neutron/dhcp/a6ae36d1-ab58-4da9-83bd-db2f8ea8cbac/addn_hosts - 5 addresses
Mar 16 06:07:49 gtw01 dnsmasq-dhcp[27550]: read /var/lib/neutron/dhcp/a6ae36d1-ab58-4da9-83bd-db2f8ea8cbac/host
Mar 16 06:07:49 gtw01 dnsmasq-dhcp[27550]: read /var/lib/neutron/dhcp/a6ae36d1-ab58-4da9-83bd-db2f8ea8cbac/opts
Mar 16 06:07:49 gtw01 dnsmasq[21349]: read /var/lib/neutron/dhcp/61f4f97b-dd89-411c-83a6-0aacb0cf4893/addn_hosts - 4 addresses
Mar 16 06:07:49 gtw01 dnsmasq-dhcp[21349]: read /var/lib/neutron/dhcp/61f4f97b-dd89-411c-83a6-0aacb0cf4893/host
