Mar 16 05:04:50 gtw01 dnsmasq[29598]: read /var/lib/neutron/dhcp/00546d41-752d-41da-8a74-aea11ec2a224/addn_hosts - 2 addresses
Mar 16 05:04:50 gtw01 dnsmasq-dhcp[29598]: read /var/lib/neutron/dhcp/00546d41-752d-41da-8a74-aea11ec2a224/host
Mar 16 05:04:50 gtw01 dnsmasq-dhcp[29598]: read /var/lib/neutron/dhcp/00546d41-752d-41da-8a74-aea11ec2a224/opts
Mar 16 05:04:51 gtw01 dnsmasq[29598]: read /var/lib/neutron/dhcp/00546d41-752d-41da-8a74-aea11ec2a224/addn_hosts - 1 addresses
Mar 16 05:04:51 gtw01 dnsmasq-dhcp[29598]: read /var/lib/neutron/dhcp/00546d41-752d-41da-8a74-aea11ec2a224/host
Mar 16 05:04:51 gtw01 dnsmasq-dhcp[29598]: read /var/lib/neutron/dhcp/00546d41-752d-41da-8a74-aea11ec2a224/opts
Mar 16 05:04:52 gtw01 kernel: [ 3304.685668] device tap843bcd83-c4 left promiscuous mode
Mar 16 05:04:57 gtw01 kernel: [ 3309.816201] device tap659cac9d-2a entered promiscuous mode
Mar 16 05:04:57 gtw01 systemd-udevd[29747]: Could not generate persistent MAC address for tap659cac9d-2a: No such file or directory
Mar 16 05:05:00 gtw01 dnsmasq[29871]: started, version 2.78 cachesize 150
Mar 16 05:05:00 gtw01 dnsmasq[29871]: DNS service limited to local subnets
Mar 16 05:05:00 gtw01 dnsmasq[29871]: compile time options: IPv6 GNU-getopt DBus i18n IDN DHCP DHCPv6 no-Lua TFTP conntrack ipset auth DNSSEC loop-detect inotify
Mar 16 05:05:00 gtw01 dnsmasq[29871]: warning: no upstream servers configured
Mar 16 05:05:00 gtw01 dnsmasq-dhcp[29871]: DHCPv6, static leases only on 2003::, lease time 1h
Mar 16 05:05:00 gtw01 dnsmasq[29871]: read /var/lib/neutron/dhcp/d2ccf2db-c027-4cb9-9b02-dd709f8b0218/addn_hosts - 1 addresses
Mar 16 05:05:00 gtw01 dnsmasq-dhcp[29871]: read /var/lib/neutron/dhcp/d2ccf2db-c027-4cb9-9b02-dd709f8b0218/host
Mar 16 05:05:00 gtw01 dnsmasq-dhcp[29871]: read /var/lib/neutron/dhcp/d2ccf2db-c027-4cb9-9b02-dd709f8b0218/opts
Mar 16 05:05:00 gtw01 kernel: [ 3313.203712] device tap659cac9d-2a left promiscuous mode
Mar 16 05:05:05 gtw01 systemd-udevd[29898]: Could not generate persistent MAC address for tap55f34eee-c7: No such file or directory
Mar 16 05:05:05 gtw01 kernel: [ 3317.403553] device tap55f34eee-c7 entered promiscuous mode
Mar 16 05:05:08 gtw01 dnsmasq[30022]: started, version 2.78 cachesize 150
Mar 16 05:05:08 gtw01 dnsmasq[30022]: DNS service limited to local subnets
Mar 16 05:05:08 gtw01 dnsmasq[30022]: compile time options: IPv6 GNU-getopt DBus i18n IDN DHCP DHCPv6 no-Lua TFTP conntrack ipset auth DNSSEC loop-detect inotify
Mar 16 05:05:08 gtw01 dnsmasq[30022]: warning: no upstream servers configured
Mar 16 05:05:08 gtw01 dnsmasq-dhcp[30022]: DHCP, static leases only on 192.168.120.0, lease time 1h
Mar 16 05:05:08 gtw01 dnsmasq[30022]: read /var/lib/neutron/dhcp/9847d7a0-5b6e-4b69-a7a2-5546d18bdc78/addn_hosts - 1 addresses
Mar 16 05:05:08 gtw01 dnsmasq-dhcp[30022]: read /var/lib/neutron/dhcp/9847d7a0-5b6e-4b69-a7a2-5546d18bdc78/host
Mar 16 05:05:08 gtw01 dnsmasq-dhcp[30022]: read /var/lib/neutron/dhcp/9847d7a0-5b6e-4b69-a7a2-5546d18bdc78/opts
Mar 16 05:05:08 gtw01 haproxy-metadata-proxy-9847d7a0-5b6e-4b69-a7a2-5546d18bdc78[30026]: Proxy listener started.
Mar 16 05:05:08 gtw01 dnsmasq-dhcp[30022]: DHCPRELEASE(tap55f34eee-c7) 192.168.120.2 fa:16:3e:fb:51:bc
Mar 16 05:05:09 gtw01 dnsmasq[30022]: read /var/lib/neutron/dhcp/9847d7a0-5b6e-4b69-a7a2-5546d18bdc78/addn_hosts - 0 addresses
Mar 16 05:05:09 gtw01 dnsmasq-dhcp[30022]: read /var/lib/neutron/dhcp/9847d7a0-5b6e-4b69-a7a2-5546d18bdc78/host
Mar 16 05:05:09 gtw01 dnsmasq-dhcp[30022]: read /var/lib/neutron/dhcp/9847d7a0-5b6e-4b69-a7a2-5546d18bdc78/opts
Mar 16 05:05:10 gtw01 dnsmasq[30022]: read /var/lib/neutron/dhcp/9847d7a0-5b6e-4b69-a7a2-5546d18bdc78/addn_hosts - 1 addresses
Mar 16 05:05:10 gtw01 dnsmasq-dhcp[30022]: read /var/lib/neutron/dhcp/9847d7a0-5b6e-4b69-a7a2-5546d18bdc78/host
Mar 16 05:05:10 gtw01 dnsmasq-dhcp[30022]: read /var/lib/neutron/dhcp/9847d7a0-5b6e-4b69-a7a2-5546d18bdc78/opts
Mar 16 05:05:11 gtw01 dnsmasq[30022]: read /var/lib/neutron/dhcp/9847d7a0-5b6e-4b69-a7a2-5546d18bdc78/addn_hosts - 1 addresses
Mar 16 05:05:11 gtw01 dnsmasq-dhcp[30022]: read /var/lib/neutron/dhcp/9847d7a0-5b6e-4b69-a7a2-5546d18bdc78/host
Mar 16 05:05:11 gtw01 dnsmasq-dhcp[30022]: read /var/lib/neutron/dhcp/9847d7a0-5b6e-4b69-a7a2-5546d18bdc78/opts
Mar 16 05:05:12 gtw01 dnsmasq[30022]: read /var/lib/neutron/dhcp/9847d7a0-5b6e-4b69-a7a2-5546d18bdc78/addn_hosts - 0 addresses
Mar 16 05:05:12 gtw01 dnsmasq-dhcp[30022]: read /var/lib/neutron/dhcp/9847d7a0-5b6e-4b69-a7a2-5546d18bdc78/host
Mar 16 05:05:12 gtw01 dnsmasq-dhcp[30022]: read /var/lib/neutron/dhcp/9847d7a0-5b6e-4b69-a7a2-5546d18bdc78/opts
Mar 16 05:05:13 gtw01 kernel: [ 3325.324603] device tap04348a43-97 entered promiscuous mode
Mar 16 05:05:13 gtw01 systemd-udevd[30124]: Could not generate persistent MAC address for tap04348a43-97: No such file or directory
Mar 16 05:05:13 gtw01 dnsmasq[30022]: read /var/lib/neutron/dhcp/9847d7a0-5b6e-4b69-a7a2-5546d18bdc78/addn_hosts - 0 addresses
Mar 16 05:05:13 gtw01 dnsmasq-dhcp[30022]: read /var/lib/neutron/dhcp/9847d7a0-5b6e-4b69-a7a2-5546d18bdc78/host
Mar 16 05:05:13 gtw01 dnsmasq-dhcp[30022]: read /var/lib/neutron/dhcp/9847d7a0-5b6e-4b69-a7a2-5546d18bdc78/opts
Mar 16 05:05:13 gtw01 kernel: [ 3326.044939] device tap55f34eee-c7 left promiscuous mode
Mar 16 05:05:16 gtw01 dnsmasq[30265]: started, version 2.78 cachesize 150
Mar 16 05:05:16 gtw01 dnsmasq[30265]: DNS service limited to local subnets
Mar 16 05:05:16 gtw01 dnsmasq[30265]: compile time options: IPv6 GNU-getopt DBus i18n IDN DHCP DHCPv6 no-Lua TFTP conntrack ipset auth DNSSEC loop-detect inotify
Mar 16 05:05:16 gtw01 dnsmasq[30265]: warning: no upstream servers configured
Mar 16 05:05:16 gtw01 dnsmasq-dhcp[30265]: DHCP, static leases only on 192.168.120.0, lease time 1h
Mar 16 05:05:16 gtw01 dnsmasq[30265]: read /var/lib/neutron/dhcp/6a00d852-06ac-4ac6-a0db-2d24ae02ca6a/addn_hosts - 1 addresses
Mar 16 05:05:16 gtw01 dnsmasq-dhcp[30265]: read /var/lib/neutron/dhcp/6a00d852-06ac-4ac6-a0db-2d24ae02ca6a/host
Mar 16 05:05:16 gtw01 dnsmasq-dhcp[30265]: read /var/lib/neutron/dhcp/6a00d852-06ac-4ac6-a0db-2d24ae02ca6a/opts
Mar 16 05:05:16 gtw01 haproxy-metadata-proxy-6a00d852-06ac-4ac6-a0db-2d24ae02ca6a[30272]: Proxy listener started.
Mar 16 05:05:17 gtw01 kernel: [ 3329.482421] device tapa7aba706-d2 entered promiscuous mode
Mar 16 05:05:17 gtw01 systemd-udevd[30309]: Could not generate persistent MAC address for tapa7aba706-d2: No such file or directory
Mar 16 05:05:17 gtw01 systemd-udevd[30394]: Could not generate persistent MAC address for tap4cad9922-6c: No such file or directory
Mar 16 05:05:17 gtw01 kernel: [ 3329.712979] device tap4cad9922-6c entered promiscuous mode
Mar 16 05:05:17 gtw01 dnsmasq[30265]: read /var/lib/neutron/dhcp/6a00d852-06ac-4ac6-a0db-2d24ae02ca6a/addn_hosts - 2 addresses
Mar 16 05:05:17 gtw01 dnsmasq-dhcp[30265]: read /var/lib/neutron/dhcp/6a00d852-06ac-4ac6-a0db-2d24ae02ca6a/host
Mar 16 05:05:17 gtw01 dnsmasq-dhcp[30265]: read /var/lib/neutron/dhcp/6a00d852-06ac-4ac6-a0db-2d24ae02ca6a/opts
Mar 16 05:05:18 gtw01 dnsmasq[30265]: read /var/lib/neutron/dhcp/6a00d852-06ac-4ac6-a0db-2d24ae02ca6a/addn_hosts - 2 addresses
Mar 16 05:05:18 gtw01 dnsmasq-dhcp[30265]: read /var/lib/neutron/dhcp/6a00d852-06ac-4ac6-a0db-2d24ae02ca6a/host
Mar 16 05:05:18 gtw01 dnsmasq-dhcp[30265]: read /var/lib/neutron/dhcp/6a00d852-06ac-4ac6-a0db-2d24ae02ca6a/opts
Mar 16 05:05:20 gtw01 dnsmasq[30590]: started, version 2.78 cachesize 150
Mar 16 05:05:20 gtw01 dnsmasq[30590]: DNS service limited to local subnets
Mar 16 05:05:20 gtw01 dnsmasq[30590]: compile time options: IPv6 GNU-getopt DBus i18n IDN DHCP DHCPv6 no-Lua TFTP conntrack ipset auth DNSSEC loop-detect inotify
Mar 16 05:05:20 gtw01 dnsmasq[30590]: warning: no upstream servers configured
Mar 16 05:05:20 gtw01 dnsmasq-dhcp[30590]: DHCP, static leases only on 192.168.120.0, lease time 1h
Mar 16 05:05:20 gtw01 dnsmasq[30590]: read /var/lib/neutron/dhcp/35942a30-8d91-4adf-ab61-8a84c15ef931/addn_hosts - 1 addresses
Mar 16 05:05:20 gtw01 dnsmasq-dhcp[30590]: read /var/lib/neutron/dhcp/35942a30-8d91-4adf-ab61-8a84c15ef931/host
Mar 16 05:05:20 gtw01 dnsmasq-dhcp[30590]: read /var/lib/neutron/dhcp/35942a30-8d91-4adf-ab61-8a84c15ef931/opts
Mar 16 05:05:20 gtw01 dnsmasq[30597]: started, version 2.78 cachesize 150
Mar 16 05:05:20 gtw01 dnsmasq[30597]: DNS service limited to local subnets
Mar 16 05:05:20 gtw01 dnsmasq[30597]: compile time options: IPv6 GNU-getopt DBus i18n IDN DHCP DHCPv6 no-Lua TFTP conntrack ipset auth DNSSEC loop-detect inotify
Mar 16 05:05:20 gtw01 dnsmasq[30597]: warning: no upstream servers configured
Mar 16 05:05:20 gtw01 dnsmasq-dhcp[30597]: DHCP, static leases only on 192.168.120.16, lease time 1h
Mar 16 05:05:20 gtw01 dnsmasq[30597]: read /var/lib/neutron/dhcp/694b6be2-dbda-413e-b348-9e705fcd6902/addn_hosts - 1 addresses
Mar 16 05:05:20 gtw01 dnsmasq-dhcp[30597]: read /var/lib/neutron/dhcp/694b6be2-dbda-413e-b348-9e705fcd6902/host
Mar 16 05:05:20 gtw01 dnsmasq-dhcp[30597]: read /var/lib/neutron/dhcp/694b6be2-dbda-413e-b348-9e705fcd6902/opts
Mar 16 05:05:20 gtw01 haproxy-metadata-proxy-35942a30-8d91-4adf-ab61-8a84c15ef931[30599]: Proxy listener started.
Mar 16 05:05:21 gtw01 haproxy-metadata-proxy-694b6be2-dbda-413e-b348-9e705fcd6902[30603]: Proxy listener started.
Mar 16 05:05:21 gtw01 kernel: [ 3333.768903] device tapa7aba706-d2 left promiscuous mode
Mar 16 05:05:21 gtw01 dnsmasq[30597]: read /var/lib/neutron/dhcp/694b6be2-dbda-413e-b348-9e705fcd6902/addn_hosts - 2 addresses
Mar 16 05:05:21 gtw01 dnsmasq-dhcp[30597]: read /var/lib/neutron/dhcp/694b6be2-dbda-413e-b348-9e705fcd6902/host
Mar 16 05:05:21 gtw01 dnsmasq-dhcp[30597]: read /var/lib/neutron/dhcp/694b6be2-dbda-413e-b348-9e705fcd6902/opts
Mar 16 05:05:22 gtw01 dnsmasq[30597]: read /var/lib/neutron/dhcp/694b6be2-dbda-413e-b348-9e705fcd6902/addn_hosts - 3 addresses
Mar 16 05:05:22 gtw01 dnsmasq-dhcp[30597]: read /var/lib/neutron/dhcp/694b6be2-dbda-413e-b348-9e705fcd6902/host
Mar 16 05:05:22 gtw01 dnsmasq-dhcp[30597]: read /var/lib/neutron/dhcp/694b6be2-dbda-413e-b348-9e705fcd6902/opts
Mar 16 05:05:23 gtw01 dnsmasq[30597]: read /var/lib/neutron/dhcp/694b6be2-dbda-413e-b348-9e705fcd6902/addn_hosts - 3 addresses
Mar 16 05:05:23 gtw01 dnsmasq-dhcp[30597]: read /var/lib/neutron/dhcp/694b6be2-dbda-413e-b348-9e705fcd6902/host
Mar 16 05:05:23 gtw01 dnsmasq-dhcp[30597]: read /var/lib/neutron/dhcp/694b6be2-dbda-413e-b348-9e705fcd6902/opts
Mar 16 05:05:24 gtw01 dnsmasq[30597]: read /var/lib/neutron/dhcp/694b6be2-dbda-413e-b348-9e705fcd6902/addn_hosts - 2 addresses
Mar 16 05:05:24 gtw01 dnsmasq-dhcp[30597]: read /var/lib/neutron/dhcp/694b6be2-dbda-413e-b348-9e705fcd6902/host
Mar 16 05:05:24 gtw01 dnsmasq-dhcp[30597]: read /var/lib/neutron/dhcp/694b6be2-dbda-413e-b348-9e705fcd6902/opts
Mar 16 05:05:25 gtw01 kernel: [ 3337.712052] device tap4b2fb375-b1 entered promiscuous mode
Mar 16 05:05:25 gtw01 systemd-udevd[30699]: Could not generate persistent MAC address for tap4b2fb375-b1: No such file or directory
Mar 16 05:05:27 gtw01 systemd-udevd[30834]: Could not generate persistent MAC address for tap16cd7a8f-e7: No such file or directory
Mar 16 05:05:27 gtw01 kernel: [ 3340.235979] device tap16cd7a8f-e7 entered promiscuous mode
Mar 16 05:05:28 gtw01 dnsmasq[30924]: started, version 2.78 cachesize 150
Mar 16 05:05:28 gtw01 dnsmasq[30924]: DNS service limited to local subnets
Mar 16 05:05:28 gtw01 dnsmasq[30924]: compile time options: IPv6 GNU-getopt DBus i18n IDN DHCP DHCPv6 no-Lua TFTP conntrack ipset auth DNSSEC loop-detect inotify
Mar 16 05:05:28 gtw01 dnsmasq[30924]: warning: no upstream servers configured
Mar 16 05:05:28 gtw01 dnsmasq-dhcp[30924]: DHCP, static leases only on 192.168.120.32, lease time 1h
Mar 16 05:05:28 gtw01 dnsmasq[30924]: read /var/lib/neutron/dhcp/5549331c-2f37-4c1b-adb1-0955740b632d/addn_hosts - 1 addresses
Mar 16 05:05:28 gtw01 dnsmasq-dhcp[30924]: read /var/lib/neutron/dhcp/5549331c-2f37-4c1b-adb1-0955740b632d/host
Mar 16 05:05:28 gtw01 dnsmasq-dhcp[30924]: read /var/lib/neutron/dhcp/5549331c-2f37-4c1b-adb1-0955740b632d/opts
Mar 16 05:05:28 gtw01 haproxy-metadata-proxy-5549331c-2f37-4c1b-adb1-0955740b632d[30929]: Proxy listener started.
Mar 16 05:05:29 gtw01 dnsmasq[30924]: read /var/lib/neutron/dhcp/5549331c-2f37-4c1b-adb1-0955740b632d/addn_hosts - 2 addresses
Mar 16 05:05:29 gtw01 dnsmasq-dhcp[30924]: read /var/lib/neutron/dhcp/5549331c-2f37-4c1b-adb1-0955740b632d/host
Mar 16 05:05:29 gtw01 dnsmasq-dhcp[30924]: read /var/lib/neutron/dhcp/5549331c-2f37-4c1b-adb1-0955740b632d/opts
Mar 16 05:05:31 gtw01 systemd-udevd[31010]: Could not generate persistent MAC address for tapfe3543d1-b3: No such file or directory
Mar 16 05:05:31 gtw01 kernel: [ 3343.511939] device tapfe3543d1-b3 entered promiscuous mode
Mar 16 05:05:31 gtw01 dnsmasq[31070]: started, version 2.78 cachesize 150
Mar 16 05:05:31 gtw01 dnsmasq[31070]: DNS service limited to local subnets
Mar 16 05:05:31 gtw01 dnsmasq[31070]: compile time options: IPv6 GNU-getopt DBus i18n IDN DHCP DHCPv6 no-Lua TFTP conntrack ipset auth DNSSEC loop-detect inotify
Mar 16 05:05:31 gtw01 dnsmasq[31070]: warning: no upstream servers configured
Mar 16 05:05:31 gtw01 dnsmasq-dhcp[31070]: DHCP, static leases only on 192.168.120.48, lease time 1h
Mar 16 05:05:31 gtw01 dnsmasq[31070]: read /var/lib/neutron/dhcp/f7455d78-1064-4ff7-8261-dff292cf6575/addn_hosts - 1 addresses
Mar 16 05:05:31 gtw01 dnsmasq-dhcp[31070]: read /var/lib/neutron/dhcp/f7455d78-1064-4ff7-8261-dff292cf6575/host
Mar 16 05:05:31 gtw01 dnsmasq-dhcp[31070]: read /var/lib/neutron/dhcp/f7455d78-1064-4ff7-8261-dff292cf6575/opts
Mar 16 05:05:31 gtw01 haproxy-metadata-proxy-f7455d78-1064-4ff7-8261-dff292cf6575[31091]: Proxy listener started.
Mar 16 05:05:32 gtw01 dnsmasq[31070]: read /var/lib/neutron/dhcp/f7455d78-1064-4ff7-8261-dff292cf6575/addn_hosts - 2 addresses
Mar 16 05:05:32 gtw01 dnsmasq-dhcp[31070]: read /var/lib/neutron/dhcp/f7455d78-1064-4ff7-8261-dff292cf6575/host
Mar 16 05:05:32 gtw01 dnsmasq-dhcp[31070]: read /var/lib/neutron/dhcp/f7455d78-1064-4ff7-8261-dff292cf6575/opts
Mar 16 05:05:34 gtw01 kernel: [ 3346.498238] device tap23ab8b07-76 entered promiscuous mode
Mar 16 05:05:34 gtw01 systemd-udevd[31183]: Could not generate persistent MAC address for tap23ab8b07-76: No such file or directory
Mar 16 05:05:34 gtw01 dnsmasq[31269]: started, version 2.78 cachesize 150
Mar 16 05:05:34 gtw01 dnsmasq[31269]: DNS service limited to local subnets
Mar 16 05:05:34 gtw01 dnsmasq[31269]: compile time options: IPv6 GNU-getopt DBus i18n IDN DHCP DHCPv6 no-Lua TFTP conntrack ipset auth DNSSEC loop-detect inotify
Mar 16 05:05:34 gtw01 dnsmasq[31269]: warning: no upstream servers configured
Mar 16 05:05:34 gtw01 dnsmasq-dhcp[31269]: DHCP, static leases only on 192.168.120.64, lease time 1h
Mar 16 05:05:34 gtw01 dnsmasq[31269]: read /var/lib/neutron/dhcp/c3684310-c46c-4ec0-883d-8decb945b405/addn_hosts - 1 addresses
Mar 16 05:05:34 gtw01 dnsmasq-dhcp[31269]: read /var/lib/neutron/dhcp/c3684310-c46c-4ec0-883d-8decb945b405/host
Mar 16 05:05:34 gtw01 dnsmasq-dhcp[31269]: read /var/lib/neutron/dhcp/c3684310-c46c-4ec0-883d-8decb945b405/opts
Mar 16 05:05:34 gtw01 kernel: [ 3346.989198] device tap23260fad-2e entered promiscuous mode
Mar 16 05:05:34 gtw01 systemd-udevd[31279]: Could not generate persistent MAC address for tap23260fad-2e: No such file or directory
Mar 16 05:05:34 gtw01 haproxy-metadata-proxy-c3684310-c46c-4ec0-883d-8decb945b405[31356]: Proxy listener started.
Mar 16 05:05:35 gtw01 dnsmasq[31269]: read /var/lib/neutron/dhcp/c3684310-c46c-4ec0-883d-8decb945b405/addn_hosts - 2 addresses
Mar 16 05:05:35 gtw01 dnsmasq-dhcp[31269]: read /var/lib/neutron/dhcp/c3684310-c46c-4ec0-883d-8decb945b405/host
Mar 16 05:05:35 gtw01 dnsmasq-dhcp[31269]: read /var/lib/neutron/dhcp/c3684310-c46c-4ec0-883d-8decb945b405/opts
Mar 16 05:05:36 gtw01 dnsmasq[31269]: read /var/lib/neutron/dhcp/c3684310-c46c-4ec0-883d-8decb945b405/addn_hosts - 2 addresses
Mar 16 05:05:36 gtw01 dnsmasq-dhcp[31269]: read /var/lib/neutron/dhcp/c3684310-c46c-4ec0-883d-8decb945b405/host
Mar 16 05:05:36 gtw01 dnsmasq-dhcp[31269]: read /var/lib/neutron/dhcp/c3684310-c46c-4ec0-883d-8decb945b405/opts
Mar 16 05:05:38 gtw01 dnsmasq[31483]: started, version 2.78 cachesize 150
Mar 16 05:05:38 gtw01 dnsmasq[31483]: DNS service limited to local subnets
Mar 16 05:05:38 gtw01 dnsmasq[31483]: compile time options: IPv6 GNU-getopt DBus i18n IDN DHCP DHCPv6 no-Lua TFTP conntrack ipset auth DNSSEC loop-detect inotify
Mar 16 05:05:38 gtw01 dnsmasq[31483]: warning: no upstream servers configured
Mar 16 05:05:38 gtw01 dnsmasq-dhcp[31483]: DHCPv6, static leases only on 2003::, lease time 1h
Mar 16 05:05:38 gtw01 dnsmasq[31483]: read /var/lib/neutron/dhcp/4364e05b-c002-4753-aafc-6102706d90b4/addn_hosts - 1 addresses
Mar 16 05:05:38 gtw01 dnsmasq-dhcp[31483]: read /var/lib/neutron/dhcp/4364e05b-c002-4753-aafc-6102706d90b4/host
Mar 16 05:05:38 gtw01 dnsmasq-dhcp[31483]: read /var/lib/neutron/dhcp/4364e05b-c002-4753-aafc-6102706d90b4/opts
Mar 16 05:05:38 gtw01 dnsmasq[31486]: started, version 2.78 cachesize 150
Mar 16 05:05:38 gtw01 dnsmasq[31486]: DNS service limited to local subnets
Mar 16 05:05:38 gtw01 dnsmasq[31486]: compile time options: IPv6 GNU-getopt DBus i18n IDN DHCP DHCPv6 no-Lua TFTP conntrack ipset auth DNSSEC loop-detect inotify
Mar 16 05:05:38 gtw01 dnsmasq[31486]: warning: no upstream servers configured
Mar 16 05:05:38 gtw01 dnsmasq-dhcp[31486]: DHCP, static leases only on 192.168.120.80, lease time 1h
Mar 16 05:05:38 gtw01 dnsmasq[31486]: read /var/lib/neutron/dhcp/51f02fd4-72ef-46b1-8517-95bb559887e0/addn_hosts - 1 addresses
Mar 16 05:05:38 gtw01 dnsmasq-dhcp[31486]: read /var/lib/neutron/dhcp/51f02fd4-72ef-46b1-8517-95bb559887e0/host
Mar 16 05:05:38 gtw01 dnsmasq-dhcp[31486]: read /var/lib/neutron/dhcp/51f02fd4-72ef-46b1-8517-95bb559887e0/opts
Mar 16 05:05:38 gtw01 haproxy-metadata-proxy-51f02fd4-72ef-46b1-8517-95bb559887e0[31490]: Proxy listener started.
Mar 16 05:05:38 gtw01 dnsmasq[31483]: read /var/lib/neutron/dhcp/4364e05b-c002-4753-aafc-6102706d90b4/addn_hosts - 2 addresses
Mar 16 05:05:38 gtw01 dnsmasq-dhcp[31483]: read /var/lib/neutron/dhcp/4364e05b-c002-4753-aafc-6102706d90b4/host
Mar 16 05:05:38 gtw01 dnsmasq-dhcp[31483]: read /var/lib/neutron/dhcp/4364e05b-c002-4753-aafc-6102706d90b4/opts
Mar 16 05:05:39 gtw01 dnsmasq[31486]: read /var/lib/neutron/dhcp/51f02fd4-72ef-46b1-8517-95bb559887e0/addn_hosts - 2 addresses
Mar 16 05:05:39 gtw01 dnsmasq-dhcp[31486]: read /var/lib/neutron/dhcp/51f02fd4-72ef-46b1-8517-95bb559887e0/host
Mar 16 05:05:39 gtw01 dnsmasq-dhcp[31486]: read /var/lib/neutron/dhcp/51f02fd4-72ef-46b1-8517-95bb559887e0/opts
Mar 16 05:05:39 gtw01 dnsmasq[31483]: read /var/lib/neutron/dhcp/4364e05b-c002-4753-aafc-6102706d90b4/addn_hosts - 2 addresses
Mar 16 05:05:39 gtw01 dnsmasq-dhcp[31483]: read /var/lib/neutron/dhcp/4364e05b-c002-4753-aafc-6102706d90b4/host
Mar 16 05:05:39 gtw01 dnsmasq-dhcp[31483]: read /var/lib/neutron/dhcp/4364e05b-c002-4753-aafc-6102706d90b4/opts
Mar 16 05:05:40 gtw01 dnsmasq[31486]: read /var/lib/neutron/dhcp/51f02fd4-72ef-46b1-8517-95bb559887e0/addn_hosts - 2 addresses
Mar 16 05:05:40 gtw01 dnsmasq-dhcp[31486]: read /var/lib/neutron/dhcp/51f02fd4-72ef-46b1-8517-95bb559887e0/host
Mar 16 05:05:40 gtw01 dnsmasq-dhcp[31486]: read /var/lib/neutron/dhcp/51f02fd4-72ef-46b1-8517-95bb559887e0/opts
Mar 16 05:05:40 gtw01 kernel: [ 3353.213629] device tap5b1191b0-64 entered promiscuous mode
Mar 16 05:05:40 gtw01 systemd-udevd[31584]: Could not generate persistent MAC address for tap5b1191b0-64: No such file or directory
Mar 16 05:05:40 gtw01 dnsmasq[31483]: read /var/lib/neutron/dhcp/4364e05b-c002-4753-aafc-6102706d90b4/addn_hosts - 3 addresses
Mar 16 05:05:40 gtw01 dnsmasq-dhcp[31483]: read /var/lib/neutron/dhcp/4364e05b-c002-4753-aafc-6102706d90b4/host
Mar 16 05:05:40 gtw01 dnsmasq-dhcp[31483]: read /var/lib/neutron/dhcp/4364e05b-c002-4753-aafc-6102706d90b4/opts
Mar 16 05:05:41 gtw01 dnsmasq[31486]: read /var/lib/neutron/dhcp/51f02fd4-72ef-46b1-8517-95bb559887e0/addn_hosts - 2 addresses
Mar 16 05:05:41 gtw01 dnsmasq-dhcp[31486]: read /var/lib/neutron/dhcp/51f02fd4-72ef-46b1-8517-95bb559887e0/host
Mar 16 05:05:41 gtw01 dnsmasq-dhcp[31486]: read /var/lib/neutron/dhcp/51f02fd4-72ef-46b1-8517-95bb559887e0/opts
Mar 16 05:05:42 gtw01 dnsmasq[31483]: read /var/lib/neutron/dhcp/4364e05b-c002-4753-aafc-6102706d90b4/addn_hosts - 2 addresses
Mar 16 05:05:42 gtw01 dnsmasq-dhcp[31483]: read /var/lib/neutron/dhcp/4364e05b-c002-4753-aafc-6102706d90b4/host
Mar 16 05:05:42 gtw01 dnsmasq-dhcp[31483]: read /var/lib/neutron/dhcp/4364e05b-c002-4753-aafc-6102706d90b4/opts
Mar 16 05:05:43 gtw01 dnsmasq[31483]: read /var/lib/neutron/dhcp/4364e05b-c002-4753-aafc-6102706d90b4/addn_hosts - 3 addresses
Mar 16 05:05:43 gtw01 dnsmasq-dhcp[31483]: read /var/lib/neutron/dhcp/4364e05b-c002-4753-aafc-6102706d90b4/host
Mar 16 05:05:43 gtw01 dnsmasq-dhcp[31483]: read /var/lib/neutron/dhcp/4364e05b-c002-4753-aafc-6102706d90b4/opts
Mar 16 05:05:43 gtw01 kernel: [ 3355.775710] device tap51115348-f5 entered promiscuous mode
Mar 16 05:05:43 gtw01 systemd-udevd[31765]: Could not generate persistent MAC address for tap51115348-f5: No such file or directory
Mar 16 05:05:44 gtw01 dnsmasq[31483]: read /var/lib/neutron/dhcp/4364e05b-c002-4753-aafc-6102706d90b4/addn_hosts - 3 addresses
Mar 16 05:05:44 gtw01 dnsmasq-dhcp[31483]: read /var/lib/neutron/dhcp/4364e05b-c002-4753-aafc-6102706d90b4/host
Mar 16 05:05:44 gtw01 dnsmasq-dhcp[31483]: read /var/lib/neutron/dhcp/4364e05b-c002-4753-aafc-6102706d90b4/opts
Mar 16 05:05:44 gtw01 dnsmasq[31895]: started, version 2.78 cachesize 150
Mar 16 05:05:44 gtw01 dnsmasq[31895]: DNS service limited to local subnets
Mar 16 05:05:44 gtw01 dnsmasq[31895]: compile time options: IPv6 GNU-getopt DBus i18n IDN DHCP DHCPv6 no-Lua TFTP conntrack ipset auth DNSSEC loop-detect inotify
Mar 16 05:05:44 gtw01 dnsmasq[31895]: warning: no upstream servers configured
Mar 16 05:05:44 gtw01 dnsmasq-dhcp[31895]: DHCP, static leases only on 192.168.120.96, lease time 1h
Mar 16 05:05:44 gtw01 dnsmasq[31895]: read /var/lib/neutron/dhcp/f1991090-9cc7-4c32-973d-2fef39e8a82e/addn_hosts - 1 addresses
Mar 16 05:05:44 gtw01 dnsmasq-dhcp[31895]: read /var/lib/neutron/dhcp/f1991090-9cc7-4c32-973d-2fef39e8a82e/host
Mar 16 05:05:44 gtw01 dnsmasq-dhcp[31895]: read /var/lib/neutron/dhcp/f1991090-9cc7-4c32-973d-2fef39e8a82e/opts
Mar 16 05:05:45 gtw01 haproxy-metadata-proxy-f1991090-9cc7-4c32-973d-2fef39e8a82e[31909]: Proxy listener started.
Mar 16 05:05:45 gtw01 dnsmasq[30265]: read /var/lib/neutron/dhcp/6a00d852-06ac-4ac6-a0db-2d24ae02ca6a/addn_hosts - 1 addresses
Mar 16 05:05:45 gtw01 dnsmasq-dhcp[30265]: read /var/lib/neutron/dhcp/6a00d852-06ac-4ac6-a0db-2d24ae02ca6a/host
Mar 16 05:05:45 gtw01 dnsmasq-dhcp[30265]: read /var/lib/neutron/dhcp/6a00d852-06ac-4ac6-a0db-2d24ae02ca6a/opts
Mar 16 05:05:45 gtw01 dnsmasq[31483]: read /var/lib/neutron/dhcp/4364e05b-c002-4753-aafc-6102706d90b4/addn_hosts - 2 addresses
Mar 16 05:05:45 gtw01 dnsmasq-dhcp[31483]: read /var/lib/neutron/dhcp/4364e05b-c002-4753-aafc-6102706d90b4/host
Mar 16 05:05:45 gtw01 dnsmasq-dhcp[31483]: read /var/lib/neutron/dhcp/4364e05b-c002-4753-aafc-6102706d90b4/opts
Mar 16 05:05:46 gtw01 dnsmasq[31895]: read /var/lib/neutron/dhcp/f1991090-9cc7-4c32-973d-2fef39e8a82e/addn_hosts - 2 addresses
Mar 16 05:05:46 gtw01 dnsmasq-dhcp[31895]: read /var/lib/neutron/dhcp/f1991090-9cc7-4c32-973d-2fef39e8a82e/host
Mar 16 05:05:46 gtw01 dnsmasq-dhcp[31895]: read /var/lib/neutron/dhcp/f1991090-9cc7-4c32-973d-2fef39e8a82e/opts
Mar 16 05:05:46 gtw01 dnsmasq[30597]: read /var/lib/neutron/dhcp/694b6be2-dbda-413e-b348-9e705fcd6902/addn_hosts - 1 addresses
Mar 16 05:05:46 gtw01 dnsmasq-dhcp[30597]: read /var/lib/neutron/dhcp/694b6be2-dbda-413e-b348-9e705fcd6902/host
Mar 16 05:05:46 gtw01 dnsmasq-dhcp[30597]: read /var/lib/neutron/dhcp/694b6be2-dbda-413e-b348-9e705fcd6902/opts
Mar 16 05:05:47 gtw01 dnsmasq[31483]: read /var/lib/neutron/dhcp/4364e05b-c002-4753-aafc-6102706d90b4/addn_hosts - 3 addresses
Mar 16 05:05:47 gtw01 dnsmasq-dhcp[31483]: read /var/lib/neutron/dhcp/4364e05b-c002-4753-aafc-6102706d90b4/host
Mar 16 05:05:47 gtw01 dnsmasq-dhcp[31483]: read /var/lib/neutron/dhcp/4364e05b-c002-4753-aafc-6102706d90b4/opts
Mar 16 05:05:47 gtw01 dnsmasq[30924]: read /var/lib/neutron/dhcp/5549331c-2f37-4c1b-adb1-0955740b632d/addn_hosts - 1 addresses
Mar 16 05:05:47 gtw01 dnsmasq-dhcp[30924]: read /var/lib/neutron/dhcp/5549331c-2f37-4c1b-adb1-0955740b632d/host
Mar 16 05:05:47 gtw01 dnsmasq-dhcp[30924]: read /var/lib/neutron/dhcp/5549331c-2f37-4c1b-adb1-0955740b632d/opts
Mar 16 05:05:48 gtw01 dnsmasq[31070]: read /var/lib/neutron/dhcp/f7455d78-1064-4ff7-8261-dff292cf6575/addn_hosts - 1 addresses
Mar 16 05:05:48 gtw01 dnsmasq-dhcp[31070]: read /var/lib/neutron/dhcp/f7455d78-1064-4ff7-8261-dff292cf6575/host
Mar 16 05:05:48 gtw01 dnsmasq-dhcp[31070]: read /var/lib/neutron/dhcp/f7455d78-1064-4ff7-8261-dff292cf6575/opts
Mar 16 05:05:48 gtw01 dnsmasq[32052]: started, version 2.78 cachesize 150
Mar 16 05:05:48 gtw01 dnsmasq[32052]: DNS service limited to local subnets
Mar 16 05:05:48 gtw01 dnsmasq[32052]: compile time options: IPv6 GNU-getopt DBus i18n IDN DHCP DHCPv6 no-Lua TFTP conntrack ipset auth DNSSEC loop-detect inotify
Mar 16 05:05:48 gtw01 dnsmasq[32052]: warning: no upstream servers configured
Mar 16 05:05:48 gtw01 dnsmasq-dhcp[32052]: DHCP, static leases only on 192.168.120.32, lease time 1h
Mar 16 05:05:48 gtw01 dnsmasq[32052]: read /var/lib/neutron/dhcp/83fbb9d2-2788-494c-9fc9-686c33c7fa47/addn_hosts - 1 addresses
Mar 16 05:05:48 gtw01 dnsmasq-dhcp[32052]: read /var/lib/neutron/dhcp/83fbb9d2-2788-494c-9fc9-686c33c7fa47/host
Mar 16 05:05:48 gtw01 dnsmasq-dhcp[32052]: read /var/lib/neutron/dhcp/83fbb9d2-2788-494c-9fc9-686c33c7fa47/opts
Mar 16 05:05:48 gtw01 dnsmasq[31895]: read /var/lib/neutron/dhcp/f1991090-9cc7-4c32-973d-2fef39e8a82e/addn_hosts - 2 addresses
Mar 16 05:05:48 gtw01 dnsmasq-dhcp[31895]: read /var/lib/neutron/dhcp/f1991090-9cc7-4c32-973d-2fef39e8a82e/host
Mar 16 05:05:48 gtw01 dnsmasq-dhcp[31895]: read /var/lib/neutron/dhcp/f1991090-9cc7-4c32-973d-2fef39e8a82e/opts
Mar 16 05:05:49 gtw01 dnsmasq[31483]: read /var/lib/neutron/dhcp/4364e05b-c002-4753-aafc-6102706d90b4/addn_hosts - 3 addresses
Mar 16 05:05:49 gtw01 dnsmasq-dhcp[31483]: read /var/lib/neutron/dhcp/4364e05b-c002-4753-aafc-6102706d90b4/host
Mar 16 05:05:49 gtw01 dnsmasq-dhcp[31483]: read /var/lib/neutron/dhcp/4364e05b-c002-4753-aafc-6102706d90b4/opts
Mar 16 05:05:49 gtw01 haproxy-metadata-proxy-83fbb9d2-2788-494c-9fc9-686c33c7fa47[32071]: Proxy listener started.
Mar 16 05:05:49 gtw01 dnsmasq[31269]: read /var/lib/neutron/dhcp/c3684310-c46c-4ec0-883d-8decb945b405/addn_hosts - 1 addresses
Mar 16 05:05:49 gtw01 dnsmasq-dhcp[31269]: read /var/lib/neutron/dhcp/c3684310-c46c-4ec0-883d-8decb945b405/host
Mar 16 05:05:49 gtw01 dnsmasq-dhcp[31269]: read /var/lib/neutron/dhcp/c3684310-c46c-4ec0-883d-8decb945b405/opts
Mar 16 05:05:50 gtw01 dnsmasq[32052]: read /var/lib/neutron/dhcp/83fbb9d2-2788-494c-9fc9-686c33c7fa47/addn_hosts - 1 addresses
Mar 16 05:05:50 gtw01 dnsmasq-dhcp[32052]: read /var/lib/neutron/dhcp/83fbb9d2-2788-494c-9fc9-686c33c7fa47/host
Mar 16 05:05:50 gtw01 dnsmasq-dhcp[32052]: read /var/lib/neutron/dhcp/83fbb9d2-2788-494c-9fc9-686c33c7fa47/opts
Mar 16 05:05:50 gtw01 dnsmasq[31486]: read /var/lib/neutron/dhcp/51f02fd4-72ef-46b1-8517-95bb559887e0/addn_hosts - 1 addresses
Mar 16 05:05:50 gtw01 dnsmasq-dhcp[31486]: read /var/lib/neutron/dhcp/51f02fd4-72ef-46b1-8517-95bb559887e0/host
Mar 16 05:05:50 gtw01 dnsmasq-dhcp[31486]: read /var/lib/neutron/dhcp/51f02fd4-72ef-46b1-8517-95bb559887e0/opts
Mar 16 05:05:51 gtw01 kernel: [ 3363.317648] device tap35ef263d-4b entered promiscuous mode
Mar 16 05:05:51 gtw01 systemd-udevd[32160]: Could not generate persistent MAC address for tap35ef263d-4b: No such file or directory
Mar 16 05:05:51 gtw01 dnsmasq[31483]: read /var/lib/neutron/dhcp/4364e05b-c002-4753-aafc-6102706d90b4/addn_hosts - 2 addresses
Mar 16 05:05:51 gtw01 dnsmasq-dhcp[31483]: read /var/lib/neutron/dhcp/4364e05b-c002-4753-aafc-6102706d90b4/host
Mar 16 05:05:51 gtw01 dnsmasq-dhcp[31483]: read /var/lib/neutron/dhcp/4364e05b-c002-4753-aafc-6102706d90b4/opts
Mar 16 05:05:51 gtw01 dnsmasq[31895]: read /var/lib/neutron/dhcp/f1991090-9cc7-4c32-973d-2fef39e8a82e/addn_hosts - 1 addresses
Mar 16 05:05:51 gtw01 dnsmasq-dhcp[31895]: read /var/lib/neutron/dhcp/f1991090-9cc7-4c32-973d-2fef39e8a82e/host
Mar 16 05:05:51 gtw01 dnsmasq-dhcp[31895]: read /var/lib/neutron/dhcp/f1991090-9cc7-4c32-973d-2fef39e8a82e/opts
Mar 16 05:05:51 gtw01 kernel: [ 3364.030633] device tap51115348-f5 left promiscuous mode
Mar 16 05:05:52 gtw01 dnsmasq[31483]: read /var/lib/neutron/dhcp/4364e05b-c002-4753-aafc-6102706d90b4/addn_hosts - 3 addresses
Mar 16 05:05:52 gtw01 dnsmasq-dhcp[31483]: read /var/lib/neutron/dhcp/4364e05b-c002-4753-aafc-6102706d90b4/host
Mar 16 05:05:52 gtw01 dnsmasq-dhcp[31483]: read /var/lib/neutron/dhcp/4364e05b-c002-4753-aafc-6102706d90b4/opts
Mar 16 05:05:53 gtw01 kernel: [ 3365.317088] device tap04348a43-97 left promiscuous mode
Mar 16 05:05:53 gtw01 kernel: [ 3365.545693] device tap084c0603-fc entered promiscuous mode
Mar 16 05:05:53 gtw01 systemd-udevd[32327]: Could not generate persistent MAC address for tap084c0603-fc: No such file or directory
Mar 16 05:05:54 gtw01 dnsmasq[31483]: read /var/lib/neutron/dhcp/4364e05b-c002-4753-aafc-6102706d90b4/addn_hosts - 4 addresses
Mar 16 05:05:54 gtw01 dnsmasq-dhcp[31483]: read /var/lib/neutron/dhcp/4364e05b-c002-4753-aafc-6102706d90b4/host
Mar 16 05:05:54 gtw01 dnsmasq-dhcp[31483]: read /var/lib/neutron/dhcp/4364e05b-c002-4753-aafc-6102706d90b4/opts
Mar 16 05:05:55 gtw01 dnsmasq[31483]: read /var/lib/neutron/dhcp/4364e05b-c002-4753-aafc-6102706d90b4/addn_hosts - 4 addresses
Mar 16 05:05:55 gtw01 dnsmasq-dhcp[31483]: read /var/lib/neutron/dhcp/4364e05b-c002-4753-aafc-6102706d90b4/host
Mar 16 05:05:55 gtw01 dnsmasq-dhcp[31483]: read /var/lib/neutron/dhcp/4364e05b-c002-4753-aafc-6102706d90b4/opts
Mar 16 05:05:55 gtw01 dnsmasq[32490]: started, version 2.78 cachesize 150
Mar 16 05:05:55 gtw01 dnsmasq[32490]: DNS service limited to local subnets
Mar 16 05:05:55 gtw01 dnsmasq[32490]: compile time options: IPv6 GNU-getopt DBus i18n IDN DHCP DHCPv6 no-Lua TFTP conntrack ipset auth DNSSEC loop-detect inotify
Mar 16 05:05:55 gtw01 dnsmasq[32490]: warning: no upstream servers configured
Mar 16 05:05:55 gtw01 dnsmasq-dhcp[32490]: DHCP, static leases only on 192.168.120.48, lease time 1h
Mar 16 05:05:55 gtw01 dnsmasq[32490]: read /var/lib/neutron/dhcp/b80f13c0-cbb7-44e8-8377-cf2ab7b3be03/addn_hosts - 1 addresses
Mar 16 05:05:55 gtw01 dnsmasq-dhcp[32490]: read /var/lib/neutron/dhcp/b80f13c0-cbb7-44e8-8377-cf2ab7b3be03/host
Mar 16 05:05:55 gtw01 dnsmasq-dhcp[32490]: read /var/lib/neutron/dhcp/b80f13c0-cbb7-44e8-8377-cf2ab7b3be03/opts
Mar 16 05:05:55 gtw01 kernel: [ 3367.949613] device tap4cad9922-6c left promiscuous mode
Mar 16 05:05:55 gtw01 haproxy-metadata-proxy-b80f13c0-cbb7-44e8-8377-cf2ab7b3be03[32506]: Proxy listener started.
Mar 16 05:05:56 gtw01 dnsmasq[32490]: read /var/lib/neutron/dhcp/b80f13c0-cbb7-44e8-8377-cf2ab7b3be03/addn_hosts - 1 addresses
Mar 16 05:05:56 gtw01 dnsmasq-dhcp[32490]: read /var/lib/neutron/dhcp/b80f13c0-cbb7-44e8-8377-cf2ab7b3be03/host
Mar 16 05:05:56 gtw01 dnsmasq-dhcp[32490]: read /var/lib/neutron/dhcp/b80f13c0-cbb7-44e8-8377-cf2ab7b3be03/opts
Mar 16 05:05:56 gtw01 dnsmasq[31483]: read /var/lib/neutron/dhcp/4364e05b-c002-4753-aafc-6102706d90b4/addn_hosts - 3 addresses
Mar 16 05:05:56 gtw01 dnsmasq-dhcp[31483]: read /var/lib/neutron/dhcp/4364e05b-c002-4753-aafc-6102706d90b4/host
Mar 16 05:05:56 gtw01 dnsmasq-dhcp[31483]: read /var/lib/neutron/dhcp/4364e05b-c002-4753-aafc-6102706d90b4/opts
Mar 16 05:05:57 gtw01 kernel: [ 3369.833175] device tap4b2fb375-b1 left promiscuous mode
Mar 16 05:05:57 gtw01 kernel: [ 3370.073748] device tap35ef263d-4b left promiscuous mode
Mar 16 05:05:57 gtw01 dnsmasq[32596]: started, version 2.78 cachesize 150
Mar 16 05:05:57 gtw01 dnsmasq[32596]: DNS service limited to local subnets
Mar 16 05:05:57 gtw01 dnsmasq[32596]: compile time options: IPv6 GNU-getopt DBus i18n IDN DHCP DHCPv6 no-Lua TFTP conntrack ipset auth DNSSEC loop-detect inotify
Mar 16 05:05:57 gtw01 dnsmasq[32596]: warning: no upstream servers configured
Mar 16 05:05:57 gtw01 dnsmasq-dhcp[32596]: DHCP, static leases only on 192.168.120.0, lease time 1h
Mar 16 05:05:57 gtw01 dnsmasq[32596]: read /var/lib/neutron/dhcp/c2374a7a-32ff-4c0e-ab1d-07e5e65d78f4/addn_hosts - 1 addresses
Mar 16 05:05:57 gtw01 dnsmasq-dhcp[32596]: read /var/lib/neutron/dhcp/c2374a7a-32ff-4c0e-ab1d-07e5e65d78f4/host
Mar 16 05:05:57 gtw01 dnsmasq-dhcp[32596]: read /var/lib/neutron/dhcp/c2374a7a-32ff-4c0e-ab1d-07e5e65d78f4/opts
Mar 16 05:05:58 gtw01 kernel: [ 3370.445814] device tap2d983169-61 entered promiscuous mode
Mar 16 05:05:58 gtw01 systemd-udevd[32615]: Could not generate persistent MAC address for tap2d983169-61: No such file or directory
Mar 16 05:05:58 gtw01 haproxy-metadata-proxy-c2374a7a-32ff-4c0e-ab1d-07e5e65d78f4[32686]: Proxy listener started.
Mar 16 05:05:58 gtw01 dnsmasq[31483]: read /var/lib/neutron/dhcp/4364e05b-c002-4753-aafc-6102706d90b4/addn_hosts - 2 addresses
Mar 16 05:05:58 gtw01 dnsmasq-dhcp[31483]: read /var/lib/neutron/dhcp/4364e05b-c002-4753-aafc-6102706d90b4/host
Mar 16 05:05:58 gtw01 dnsmasq-dhcp[31483]: read /var/lib/neutron/dhcp/4364e05b-c002-4753-aafc-6102706d90b4/opts
Mar 16 05:05:58 gtw01 kernel: [ 3371.235962] device tap16cd7a8f-e7 left promiscuous mode
Mar 16 05:05:59 gtw01 dnsmasq[32596]: read /var/lib/neutron/dhcp/c2374a7a-32ff-4c0e-ab1d-07e5e65d78f4/addn_hosts - 2 addresses
Mar 16 05:05:59 gtw01 dnsmasq-dhcp[32596]: read /var/lib/neutron/dhcp/c2374a7a-32ff-4c0e-ab1d-07e5e65d78f4/host
Mar 16 05:05:59 gtw01 dnsmasq-dhcp[32596]: read /var/lib/neutron/dhcp/c2374a7a-32ff-4c0e-ab1d-07e5e65d78f4/opts
Mar 16 05:05:59 gtw01 dnsmasq[31483]: read /var/lib/neutron/dhcp/4364e05b-c002-4753-aafc-6102706d90b4/addn_hosts - 1 addresses
Mar 16 05:05:59 gtw01 dnsmasq-dhcp[31483]: read /var/lib/neutron/dhcp/4364e05b-c002-4753-aafc-6102706d90b4/host
Mar 16 05:05:59 gtw01 dnsmasq-dhcp[31483]: read /var/lib/neutron/dhcp/4364e05b-c002-4753-aafc-6102706d90b4/opts
Mar 16 05:06:00 gtw01 dnsmasq[32596]: read /var/lib/neutron/dhcp/c2374a7a-32ff-4c0e-ab1d-07e5e65d78f4/addn_hosts - 2 addresses
Mar 16 05:06:00 gtw01 dnsmasq-dhcp[32596]: read /var/lib/neutron/dhcp/c2374a7a-32ff-4c0e-ab1d-07e5e65d78f4/host
Mar 16 05:06:00 gtw01 dnsmasq-dhcp[32596]: read /var/lib/neutron/dhcp/c2374a7a-32ff-4c0e-ab1d-07e5e65d78f4/opts
Mar 16 05:06:00 gtw01 kernel: [ 3372.779988] device tapfe3543d1-b3 left promiscuous mode
Mar 16 05:06:01 gtw01 kernel: [ 3373.435435] device tap23ab8b07-76 left promiscuous mode
Mar 16 05:06:01 gtw01 dnsmasq[32596]: read /var/lib/neutron/dhcp/c2374a7a-32ff-4c0e-ab1d-07e5e65d78f4/addn_hosts - 1 addresses
Mar 16 05:06:01 gtw01 dnsmasq-dhcp[32596]: read /var/lib/neutron/dhcp/c2374a7a-32ff-4c0e-ab1d-07e5e65d78f4/host
Mar 16 05:06:01 gtw01 dnsmasq-dhcp[32596]: read /var/lib/neutron/dhcp/c2374a7a-32ff-4c0e-ab1d-07e5e65d78f4/opts
Mar 16 05:06:02 gtw01 dnsmasq[384]: started, version 2.78 cachesize 150
Mar 16 05:06:02 gtw01 dnsmasq[384]: DNS service limited to local subnets
Mar 16 05:06:02 gtw01 dnsmasq[384]: compile time options: IPv6 GNU-getopt DBus i18n IDN DHCP DHCPv6 no-Lua TFTP conntrack ipset auth DNSSEC loop-detect inotify
Mar 16 05:06:02 gtw01 dnsmasq[384]: warning: no upstream servers configured
Mar 16 05:06:02 gtw01 dnsmasq-dhcp[384]: DHCP, static leases only on 192.168.120.64, lease time 1h
Mar 16 05:06:02 gtw01 dnsmasq[384]: read /var/lib/neutron/dhcp/50d7e8fc-98a4-4041-8f7e-f3ebb820dfb9/addn_hosts - 1 addresses
Mar 16 05:06:02 gtw01 dnsmasq-dhcp[384]: read /var/lib/neutron/dhcp/50d7e8fc-98a4-4041-8f7e-f3ebb820dfb9/host
Mar 16 05:06:02 gtw01 dnsmasq-dhcp[384]: read /var/lib/neutron/dhcp/50d7e8fc-98a4-4041-8f7e-f3ebb820dfb9/opts
Mar 16 05:06:02 gtw01 kernel: [ 3374.613468] device tap084c0603-fc left promiscuous mode
Mar 16 05:06:02 gtw01 haproxy-metadata-proxy-50d7e8fc-98a4-4041-8f7e-f3ebb820dfb9[401]: Proxy listener started.
Mar 16 05:06:02 gtw01 kernel: [ 3375.121930] device tap4eca1782-12 entered promiscuous mode
Mar 16 05:06:02 gtw01 systemd-udevd[417]: Could not generate persistent MAC address for tap4eca1782-12: No such file or directory
Mar 16 05:06:02 gtw01 kernel: [ 3375.235010] device tap23260fad-2e left promiscuous mode
Mar 16 05:06:03 gtw01 dnsmasq[384]: read /var/lib/neutron/dhcp/50d7e8fc-98a4-4041-8f7e-f3ebb820dfb9/addn_hosts - 1 addresses
Mar 16 05:06:03 gtw01 dnsmasq-dhcp[384]: read /var/lib/neutron/dhcp/50d7e8fc-98a4-4041-8f7e-f3ebb820dfb9/host
Mar 16 05:06:03 gtw01 dnsmasq-dhcp[384]: read /var/lib/neutron/dhcp/50d7e8fc-98a4-4041-8f7e-f3ebb820dfb9/opts
Mar 16 05:06:04 gtw01 kernel: [ 3376.252747] device tap2d983169-61 left promiscuous mode
Mar 16 05:06:04 gtw01 kernel: [ 3376.468733] device tap5b1191b0-64 left promiscuous mode
Mar 16 05:06:06 gtw01 dnsmasq[593]: started, version 2.78 cachesize 150
Mar 16 05:06:06 gtw01 dnsmasq[593]: DNS service limited to local subnets
Mar 16 05:06:06 gtw01 dnsmasq[593]: compile time options: IPv6 GNU-getopt DBus i18n IDN DHCP DHCPv6 no-Lua TFTP conntrack ipset auth DNSSEC loop-detect inotify
Mar 16 05:06:06 gtw01 dnsmasq[593]: warning: no upstream servers configured
Mar 16 05:06:06 gtw01 dnsmasq-dhcp[593]: DHCP, static leases only on 192.168.120.80, lease time 1h
Mar 16 05:06:06 gtw01 dnsmasq[593]: read /var/lib/neutron/dhcp/2f9f868c-7c48-4f60-b6c9-0f1ec62bec61/addn_hosts - 1 addresses
Mar 16 05:06:06 gtw01 dnsmasq-dhcp[593]: read /var/lib/neutron/dhcp/2f9f868c-7c48-4f60-b6c9-0f1ec62bec61/host
Mar 16 05:06:06 gtw01 dnsmasq-dhcp[593]: read /var/lib/neutron/dhcp/2f9f868c-7c48-4f60-b6c9-0f1ec62bec61/opts
Mar 16 05:06:06 gtw01 kernel: [ 3378.557359] device tap2923b92a-51 entered promiscuous mode
Mar 16 05:06:06 gtw01 systemd-udevd[603]: Could not generate persistent MAC address for tap2923b92a-51: No such file or directory
Mar 16 05:06:06 gtw01 haproxy-metadata-proxy-2f9f868c-7c48-4f60-b6c9-0f1ec62bec61[677]: Proxy listener started.
Mar 16 05:06:06 gtw01 dnsmasq[593]: read /var/lib/neutron/dhcp/2f9f868c-7c48-4f60-b6c9-0f1ec62bec61/addn_hosts - 1 addresses
Mar 16 05:06:06 gtw01 dnsmasq-dhcp[593]: read /var/lib/neutron/dhcp/2f9f868c-7c48-4f60-b6c9-0f1ec62bec61/host
Mar 16 05:06:06 gtw01 dnsmasq-dhcp[593]: read /var/lib/neutron/dhcp/2f9f868c-7c48-4f60-b6c9-0f1ec62bec61/opts
Mar 16 05:06:07 gtw01 kernel: [ 3380.133956] device tap83e932d3-04 entered promiscuous mode
Mar 16 05:06:07 gtw01 systemd-udevd[743]: Could not generate persistent MAC address for tap83e932d3-04: No such file or directory
Mar 16 05:06:08 gtw01 kernel: [ 3380.306301] device tap4eca1782-12 left promiscuous mode
Mar 16 05:06:08 gtw01 kernel: [ 3380.917999] device tapcc09317d-68 entered promiscuous mode
Mar 16 05:06:08 gtw01 systemd-udevd[853]: Could not generate persistent MAC address for tapcc09317d-68: No such file or directory
Mar 16 05:06:10 gtw01 dnsmasq[987]: started, version 2.78 cachesize 150
Mar 16 05:06:10 gtw01 dnsmasq[987]: DNS service limited to local subnets
Mar 16 05:06:10 gtw01 dnsmasq[987]: compile time options: IPv6 GNU-getopt DBus i18n IDN DHCP DHCPv6 no-Lua TFTP conntrack ipset auth DNSSEC loop-detect inotify
Mar 16 05:06:10 gtw01 dnsmasq[987]: warning: no upstream servers configured
Mar 16 05:06:10 gtw01 dnsmasq-dhcp[987]: DHCP, static leases only on 192.168.120.0, lease time 1h
Mar 16 05:06:10 gtw01 dnsmasq[987]: read /var/lib/neutron/dhcp/7abc2a54-ef96-4ad6-a6be-fb50f33d3e48/addn_hosts - 1 addresses
Mar 16 05:06:10 gtw01 dnsmasq-dhcp[987]: read /var/lib/neutron/dhcp/7abc2a54-ef96-4ad6-a6be-fb50f33d3e48/host
Mar 16 05:06:10 gtw01 dnsmasq-dhcp[987]: read /var/lib/neutron/dhcp/7abc2a54-ef96-4ad6-a6be-fb50f33d3e48/opts
Mar 16 05:06:10 gtw01 haproxy-metadata-proxy-7abc2a54-ef96-4ad6-a6be-fb50f33d3e48[998]: Proxy listener started.
Mar 16 05:06:11 gtw01 dnsmasq[1045]: started, version 2.78 cachesize 150
Mar 16 05:06:11 gtw01 dnsmasq[1045]: DNS service limited to local subnets
Mar 16 05:06:11 gtw01 dnsmasq[1045]: compile time options: IPv6 GNU-getopt DBus i18n IDN DHCP DHCPv6 no-Lua TFTP conntrack ipset auth DNSSEC loop-detect inotify
Mar 16 05:06:11 gtw01 dnsmasq[1045]: warning: no upstream servers configured
Mar 16 05:06:11 gtw01 dnsmasq-dhcp[1045]: DHCPv6, static leases only on 2003::, lease time 1h
Mar 16 05:06:11 gtw01 dnsmasq[1045]: read /var/lib/neutron/dhcp/084b7094-1e57-4eaf-b730-3e2e3e89b33e/addn_hosts - 1 addresses
Mar 16 05:06:11 gtw01 dnsmasq-dhcp[1045]: read /var/lib/neutron/dhcp/084b7094-1e57-4eaf-b730-3e2e3e89b33e/host
Mar 16 05:06:11 gtw01 dnsmasq-dhcp[1045]: read /var/lib/neutron/dhcp/084b7094-1e57-4eaf-b730-3e2e3e89b33e/opts
Mar 16 05:06:12 gtw01 dnsmasq[1061]: started, version 2.78 cachesize 150
Mar 16 05:06:12 gtw01 dnsmasq[1061]: DNS service limited to local subnets
Mar 16 05:06:12 gtw01 dnsmasq[1061]: compile time options: IPv6 GNU-getopt DBus i18n IDN DHCP DHCPv6 no-Lua TFTP conntrack ipset auth DNSSEC loop-detect inotify
Mar 16 05:06:12 gtw01 dnsmasq[1061]: warning: no upstream servers configured
Mar 16 05:06:12 gtw01 dnsmasq-dhcp[1061]: DHCP, static leases only on 192.168.120.96, lease time 1h
Mar 16 05:06:12 gtw01 dnsmasq[1061]: read /var/lib/neutron/dhcp/b8578f64-8a69-4ed4-a8ab-b9d54d07f707/addn_hosts - 1 addresses
Mar 16 05:06:12 gtw01 dnsmasq-dhcp[1061]: read /var/lib/neutron/dhcp/b8578f64-8a69-4ed4-a8ab-b9d54d07f707/host
Mar 16 05:06:12 gtw01 dnsmasq-dhcp[1061]: read /var/lib/neutron/dhcp/b8578f64-8a69-4ed4-a8ab-b9d54d07f707/opts
Mar 16 05:06:12 gtw01 dnsmasq[1045]: read /var/lib/neutron/dhcp/084b7094-1e57-4eaf-b730-3e2e3e89b33e/addn_hosts - 0 addresses
Mar 16 05:06:12 gtw01 dnsmasq-dhcp[1045]: read /var/lib/neutron/dhcp/084b7094-1e57-4eaf-b730-3e2e3e89b33e/host
Mar 16 05:06:12 gtw01 dnsmasq-dhcp[1045]: read /var/lib/neutron/dhcp/084b7094-1e57-4eaf-b730-3e2e3e89b33e/opts
Mar 16 05:06:12 gtw01 haproxy-metadata-proxy-b8578f64-8a69-4ed4-a8ab-b9d54d07f707[1070]: Proxy listener started.
Mar 16 05:06:12 gtw01 dnsmasq[1061]: read /var/lib/neutron/dhcp/b8578f64-8a69-4ed4-a8ab-b9d54d07f707/addn_hosts - 1 addresses
Mar 16 05:06:12 gtw01 dnsmasq-dhcp[1061]: read /var/lib/neutron/dhcp/b8578f64-8a69-4ed4-a8ab-b9d54d07f707/host
Mar 16 05:06:12 gtw01 dnsmasq-dhcp[1061]: read /var/lib/neutron/dhcp/b8578f64-8a69-4ed4-a8ab-b9d54d07f707/opts
Mar 16 05:06:13 gtw01 dnsmasq[1045]: read /var/lib/neutron/dhcp/084b7094-1e57-4eaf-b730-3e2e3e89b33e/addn_hosts - 1 addresses
Mar 16 05:06:13 gtw01 dnsmasq-dhcp[1045]: read /var/lib/neutron/dhcp/084b7094-1e57-4eaf-b730-3e2e3e89b33e/host
Mar 16 05:06:13 gtw01 dnsmasq-dhcp[1045]: read /var/lib/neutron/dhcp/084b7094-1e57-4eaf-b730-3e2e3e89b33e/opts
Mar 16 05:06:13 gtw01 kernel: [ 3386.170138] device tapcc09317d-68 left promiscuous mode
Mar 16 05:06:14 gtw01 kernel: [ 3386.876392] device tapb4c5c29d-6c entered promiscuous mode
Mar 16 05:06:14 gtw01 systemd-udevd[1171]: Could not generate persistent MAC address for tapb4c5c29d-6c: No such file or directory
Mar 16 05:06:14 gtw01 dnsmasq[1045]: read /var/lib/neutron/dhcp/084b7094-1e57-4eaf-b730-3e2e3e89b33e/addn_hosts - 2 addresses
Mar 16 05:06:14 gtw01 dnsmasq-dhcp[1045]: read /var/lib/neutron/dhcp/084b7094-1e57-4eaf-b730-3e2e3e89b33e/host
Mar 16 05:06:14 gtw01 dnsmasq-dhcp[1045]: read /var/lib/neutron/dhcp/084b7094-1e57-4eaf-b730-3e2e3e89b33e/opts
Mar 16 05:06:15 gtw01 dnsmasq[1045]: read /var/lib/neutron/dhcp/084b7094-1e57-4eaf-b730-3e2e3e89b33e/addn_hosts - 1 addresses
Mar 16 05:06:15 gtw01 dnsmasq-dhcp[1045]: read /var/lib/neutron/dhcp/084b7094-1e57-4eaf-b730-3e2e3e89b33e/host
Mar 16 05:06:15 gtw01 dnsmasq-dhcp[1045]: read /var/lib/neutron/dhcp/084b7094-1e57-4eaf-b730-3e2e3e89b33e/opts
Mar 16 05:06:16 gtw01 dnsmasq[1316]: started, version 2.78 cachesize 150
Mar 16 05:06:16 gtw01 dnsmasq[1316]: DNS service limited to local subnets
Mar 16 05:06:16 gtw01 dnsmasq[1316]: compile time options: IPv6 GNU-getopt DBus i18n IDN DHCP DHCPv6 no-Lua TFTP conntrack ipset auth DNSSEC loop-detect inotify
Mar 16 05:06:16 gtw01 dnsmasq[1316]: warning: no upstream servers configured
Mar 16 05:06:16 gtw01 dnsmasq-dhcp[1316]: DHCP, static leases only on 192.168.120.0, lease time 1h
Mar 16 05:06:16 gtw01 dnsmasq-dhcp[1316]: DHCP, static leases only on 192.168.120.16, lease time 1h
Mar 16 05:06:16 gtw01 dnsmasq[1316]: read /var/lib/neutron/dhcp/7abc2a54-ef96-4ad6-a6be-fb50f33d3e48/addn_hosts - 5 addresses
Mar 16 05:06:16 gtw01 dnsmasq-dhcp[1316]: read /var/lib/neutron/dhcp/7abc2a54-ef96-4ad6-a6be-fb50f33d3e48/host
Mar 16 05:06:16 gtw01 dnsmasq-dhcp[1316]: read /var/lib/neutron/dhcp/7abc2a54-ef96-4ad6-a6be-fb50f33d3e48/opts
Mar 16 05:06:16 gtw01 dnsmasq[1045]: read /var/lib/neutron/dhcp/084b7094-1e57-4eaf-b730-3e2e3e89b33e/addn_hosts - 1 addresses
Mar 16 05:06:16 gtw01 dnsmasq-dhcp[1045]: read /var/lib/neutron/dhcp/084b7094-1e57-4eaf-b730-3e2e3e89b33e/host
Mar 16 05:06:16 gtw01 dnsmasq-dhcp[1045]: read /var/lib/neutron/dhcp/084b7094-1e57-4eaf-b730-3e2e3e89b33e/opts
Mar 16 05:06:17 gtw01 dnsmasq[1316]: read /var/lib/neutron/dhcp/7abc2a54-ef96-4ad6-a6be-fb50f33d3e48/addn_hosts - 5 addresses
Mar 16 05:06:17 gtw01 dnsmasq-dhcp[1316]: read /var/lib/neutron/dhcp/7abc2a54-ef96-4ad6-a6be-fb50f33d3e48/host
Mar 16 05:06:17 gtw01 dnsmasq-dhcp[1316]: read /var/lib/neutron/dhcp/7abc2a54-ef96-4ad6-a6be-fb50f33d3e48/opts
Mar 16 05:06:18 gtw01 dnsmasq[1045]: read /var/lib/neutron/dhcp/084b7094-1e57-4eaf-b730-3e2e3e89b33e/addn_hosts - 0 addresses
Mar 16 05:06:18 gtw01 dnsmasq-dhcp[1045]: read /var/lib/neutron/dhcp/084b7094-1e57-4eaf-b730-3e2e3e89b33e/host
Mar 16 05:06:18 gtw01 dnsmasq-dhcp[1045]: read /var/lib/neutron/dhcp/084b7094-1e57-4eaf-b730-3e2e3e89b33e/opts
Mar 16 05:06:18 gtw01 dnsmasq-dhcp[1316]: DHCPRELEASE(tap2923b92a-51) 192.168.120.4 fa:16:3e:6c:f0:62
Mar 16 05:06:18 gtw01 dnsmasq[1402]: started, version 2.78 cachesize 150
Mar 16 05:06:18 gtw01 dnsmasq[1402]: DNS service limited to local subnets
Mar 16 05:06:18 gtw01 dnsmasq[1402]: compile time options: IPv6 GNU-getopt DBus i18n IDN DHCP DHCPv6 no-Lua TFTP conntrack ipset auth DNSSEC loop-detect inotify
Mar 16 05:06:18 gtw01 dnsmasq[1402]: warning: no upstream servers configured
Mar 16 05:06:18 gtw01 dnsmasq-dhcp[1402]: DHCP, static leases only on 192.168.120.112, lease time 1h
Mar 16 05:06:18 gtw01 dnsmasq[1402]: read /var/lib/neutron/dhcp/6875ec8f-2b1f-4059-b48f-1e2e90d38bc5/addn_hosts - 1 addresses
Mar 16 05:06:18 gtw01 dnsmasq-dhcp[1402]: read /var/lib/neutron/dhcp/6875ec8f-2b1f-4059-b48f-1e2e90d38bc5/host
Mar 16 05:06:18 gtw01 dnsmasq-dhcp[1402]: read /var/lib/neutron/dhcp/6875ec8f-2b1f-4059-b48f-1e2e90d38bc5/opts
Mar 16 05:06:18 gtw01 dnsmasq-dhcp[1316]: DHCPRELEASE(tap2923b92a-51) 192.168.120.22 fa:16:3e:f0:13:c0
Mar 16 05:06:18 gtw01 haproxy-metadata-proxy-6875ec8f-2b1f-4059-b48f-1e2e90d38bc5[1414]: Proxy listener started.
Mar 16 05:06:18 gtw01 dnsmasq-dhcp[1316]: DHCPRELEASE(tap2923b92a-51) 192.168.120.3 fa:16:3e:6c:f0:62
Mar 16 05:06:19 gtw01 dnsmasq[1045]: read /var/lib/neutron/dhcp/084b7094-1e57-4eaf-b730-3e2e3e89b33e/addn_hosts - 0 addresses
Mar 16 05:06:19 gtw01 dnsmasq-dhcp[1045]: read /var/lib/neutron/dhcp/084b7094-1e57-4eaf-b730-3e2e3e89b33e/host
Mar 16 05:06:19 gtw01 dnsmasq-dhcp[1045]: read /var/lib/neutron/dhcp/084b7094-1e57-4eaf-b730-3e2e3e89b33e/opts
Mar 16 05:06:19 gtw01 kernel: [ 3391.771257] device tapb4c5c29d-6c left promiscuous mode
Mar 16 05:06:19 gtw01 dnsmasq[1316]: read /var/lib/neutron/dhcp/7abc2a54-ef96-4ad6-a6be-fb50f33d3e48/addn_hosts - 2 addresses
Mar 16 05:06:19 gtw01 dnsmasq-dhcp[1316]: read /var/lib/neutron/dhcp/7abc2a54-ef96-4ad6-a6be-fb50f33d3e48/host
Mar 16 05:06:19 gtw01 dnsmasq-dhcp[1316]: read /var/lib/neutron/dhcp/7abc2a54-ef96-4ad6-a6be-fb50f33d3e48/opts
Mar 16 05:06:19 gtw01 kernel: [ 3392.173624] device tap83e932d3-04 left promiscuous mode
Mar 16 05:06:20 gtw01 dnsmasq[1316]: read /var/lib/neutron/dhcp/7abc2a54-ef96-4ad6-a6be-fb50f33d3e48/addn_hosts - 3 addresses
Mar 16 05:06:20 gtw01 dnsmasq-dhcp[1316]: read /var/lib/neutron/dhcp/7abc2a54-ef96-4ad6-a6be-fb50f33d3e48/host
Mar 16 05:06:20 gtw01 dnsmasq-dhcp[1316]: read /var/lib/neutron/dhcp/7abc2a54-ef96-4ad6-a6be-fb50f33d3e48/opts
Mar 16 05:06:22 gtw01 kernel: [ 3394.581212] device tap2923b92a-51 left promiscuous mode
Mar 16 05:06:22 gtw01 kernel: [ 3394.769537] device tapdb1cc93e-63 entered promiscuous mode
Mar 16 05:06:22 gtw01 systemd-udevd[1505]: Could not generate persistent MAC address for tapdb1cc93e-63: No such file or directory
Mar 16 05:06:24 gtw01 kernel: [ 3396.335342] device tap99d8e7a5-e5 entered promiscuous mode
Mar 16 05:06:24 gtw01 systemd-udevd[1619]: Could not generate persistent MAC address for tap99d8e7a5-e5: No such file or directory
Mar 16 05:06:25 gtw01 dnsmasq[1743]: started, version 2.78 cachesize 150
Mar 16 05:06:25 gtw01 dnsmasq[1743]: DNS service limited to local subnets
Mar 16 05:06:25 gtw01 dnsmasq[1743]: compile time options: IPv6 GNU-getopt DBus i18n IDN DHCP DHCPv6 no-Lua TFTP conntrack ipset auth DNSSEC loop-detect inotify
Mar 16 05:06:25 gtw01 dnsmasq[1743]: warning: no upstream servers configured
Mar 16 05:06:25 gtw01 dnsmasq-dhcp[1743]: DHCP, static leases only on 192.168.120.128, lease time 1h
Mar 16 05:06:25 gtw01 dnsmasq[1743]: read /var/lib/neutron/dhcp/e90560ef-d995-4049-8158-8ce1f1c6c6b1/addn_hosts - 1 addresses
Mar 16 05:06:25 gtw01 dnsmasq-dhcp[1743]: read /var/lib/neutron/dhcp/e90560ef-d995-4049-8158-8ce1f1c6c6b1/host
Mar 16 05:06:25 gtw01 dnsmasq-dhcp[1743]: read /var/lib/neutron/dhcp/e90560ef-d995-4049-8158-8ce1f1c6c6b1/opts
Mar 16 05:06:25 gtw01 haproxy-metadata-proxy-e90560ef-d995-4049-8158-8ce1f1c6c6b1[1751]: Proxy listener started.
Mar 16 05:06:26 gtw01 dnsmasq[1743]: read /var/lib/neutron/dhcp/e90560ef-d995-4049-8158-8ce1f1c6c6b1/addn_hosts - 1 addresses
