Mar 16 07:34:00 gtw01 dnsmasq[644]: read /var/lib/neutron/dhcp/e61cfe99-9e6c-459b-b4f3-ce7e305d6791/addn_hosts - 6 addresses
Mar 16 07:34:00 gtw01 dnsmasq-dhcp[644]: read /var/lib/neutron/dhcp/e61cfe99-9e6c-459b-b4f3-ce7e305d6791/host
Mar 16 07:34:00 gtw01 dnsmasq-dhcp[644]: read /var/lib/neutron/dhcp/e61cfe99-9e6c-459b-b4f3-ce7e305d6791/opts
Mar 16 07:34:01 gtw01 dnsmasq[644]: read /var/lib/neutron/dhcp/e61cfe99-9e6c-459b-b4f3-ce7e305d6791/addn_hosts - 6 addresses
Mar 16 07:34:01 gtw01 dnsmasq-dhcp[644]: read /var/lib/neutron/dhcp/e61cfe99-9e6c-459b-b4f3-ce7e305d6791/host
Mar 16 07:34:01 gtw01 dnsmasq-dhcp[644]: read /var/lib/neutron/dhcp/e61cfe99-9e6c-459b-b4f3-ce7e305d6791/opts
Mar 16 07:34:01 gtw01 dnsmasq[644]: read /var/lib/neutron/dhcp/e61cfe99-9e6c-459b-b4f3-ce7e305d6791/addn_hosts - 6 addresses
Mar 16 07:34:01 gtw01 dnsmasq-dhcp[644]: read /var/lib/neutron/dhcp/e61cfe99-9e6c-459b-b4f3-ce7e305d6791/host
Mar 16 07:34:01 gtw01 dnsmasq-dhcp[644]: read /var/lib/neutron/dhcp/e61cfe99-9e6c-459b-b4f3-ce7e305d6791/opts
Mar 16 07:34:02 gtw01 dnsmasq[644]: read /var/lib/neutron/dhcp/e61cfe99-9e6c-459b-b4f3-ce7e305d6791/addn_hosts - 6 addresses
Mar 16 07:34:02 gtw01 dnsmasq-dhcp[644]: read /var/lib/neutron/dhcp/e61cfe99-9e6c-459b-b4f3-ce7e305d6791/host
Mar 16 07:34:02 gtw01 dnsmasq-dhcp[644]: read /var/lib/neutron/dhcp/e61cfe99-9e6c-459b-b4f3-ce7e305d6791/opts
Mar 16 07:34:03 gtw01 dnsmasq[644]: read /var/lib/neutron/dhcp/e61cfe99-9e6c-459b-b4f3-ce7e305d6791/addn_hosts - 6 addresses
Mar 16 07:34:03 gtw01 dnsmasq-dhcp[644]: read /var/lib/neutron/dhcp/e61cfe99-9e6c-459b-b4f3-ce7e305d6791/host
Mar 16 07:34:03 gtw01 dnsmasq-dhcp[644]: read /var/lib/neutron/dhcp/e61cfe99-9e6c-459b-b4f3-ce7e305d6791/opts
Mar 16 07:34:04 gtw01 dnsmasq[644]: read /var/lib/neutron/dhcp/e61cfe99-9e6c-459b-b4f3-ce7e305d6791/addn_hosts - 6 addresses
Mar 16 07:34:04 gtw01 dnsmasq-dhcp[644]: read /var/lib/neutron/dhcp/e61cfe99-9e6c-459b-b4f3-ce7e305d6791/host
Mar 16 07:34:04 gtw01 dnsmasq-dhcp[644]: read /var/lib/neutron/dhcp/e61cfe99-9e6c-459b-b4f3-ce7e305d6791/opts
Mar 16 07:34:05 gtw01 dnsmasq[644]: read /var/lib/neutron/dhcp/e61cfe99-9e6c-459b-b4f3-ce7e305d6791/addn_hosts - 6 addresses
Mar 16 07:34:05 gtw01 dnsmasq-dhcp[644]: read /var/lib/neutron/dhcp/e61cfe99-9e6c-459b-b4f3-ce7e305d6791/host
Mar 16 07:34:05 gtw01 dnsmasq-dhcp[644]: read /var/lib/neutron/dhcp/e61cfe99-9e6c-459b-b4f3-ce7e305d6791/opts
Mar 16 07:34:21 gtw01 dnsmasq-dhcp[644]: DHCPDISCOVER(tap91eed691-b6) fa:16:3e:b8:e8:10
Mar 16 07:34:21 gtw01 dnsmasq-dhcp[644]: DHCPOFFER(tap91eed691-b6) 192.168.120.10 fa:16:3e:b8:e8:10
Mar 16 07:34:21 gtw01 dnsmasq-dhcp[644]: DHCPREQUEST(tap91eed691-b6) 192.168.120.10 fa:16:3e:b8:e8:10
Mar 16 07:34:21 gtw01 dnsmasq-dhcp[644]: DHCPACK(tap91eed691-b6) 192.168.120.10 fa:16:3e:b8:e8:10 host-192-168-120-10
Mar 16 07:34:21 gtw01 dnsmasq-dhcp[644]: DHCPDISCOVER(tap91eed691-b6) fa:16:3e:95:ac:bb
Mar 16 07:34:21 gtw01 dnsmasq-dhcp[644]: DHCPOFFER(tap91eed691-b6) 192.168.120.3 fa:16:3e:95:ac:bb
Mar 16 07:34:21 gtw01 dnsmasq-dhcp[644]: DHCPREQUEST(tap91eed691-b6) 192.168.120.3 fa:16:3e:95:ac:bb
Mar 16 07:34:21 gtw01 dnsmasq-dhcp[644]: DHCPACK(tap91eed691-b6) 192.168.120.3 fa:16:3e:95:ac:bb host-192-168-120-3
Mar 16 07:34:21 gtw01 dnsmasq-dhcp[644]: DHCPDISCOVER(tap91eed691-b6) fa:16:3e:65:0f:d6
Mar 16 07:34:21 gtw01 dnsmasq-dhcp[644]: DHCPOFFER(tap91eed691-b6) 192.168.120.5 fa:16:3e:65:0f:d6
Mar 16 07:34:21 gtw01 dnsmasq-dhcp[644]: DHCPREQUEST(tap91eed691-b6) 192.168.120.5 fa:16:3e:65:0f:d6
Mar 16 07:34:21 gtw01 dnsmasq-dhcp[644]: DHCPACK(tap91eed691-b6) 192.168.120.5 fa:16:3e:65:0f:d6 host-192-168-120-5
Mar 16 07:34:21 gtw01 dnsmasq-dhcp[644]: DHCPDISCOVER(tap91eed691-b6) fa:16:3e:af:b4:99
Mar 16 07:34:21 gtw01 dnsmasq-dhcp[644]: DHCPOFFER(tap91eed691-b6) 192.168.120.4 fa:16:3e:af:b4:99
Mar 16 07:34:21 gtw01 dnsmasq-dhcp[644]: DHCPREQUEST(tap91eed691-b6) 192.168.120.4 fa:16:3e:af:b4:99
Mar 16 07:34:21 gtw01 dnsmasq-dhcp[644]: DHCPACK(tap91eed691-b6) 192.168.120.4 fa:16:3e:af:b4:99 host-192-168-120-4
Mar 16 07:34:27 gtw01 dnsmasq-dhcp[644]: DHCPRELEASE(tap91eed691-b6) 192.168.120.3 fa:16:3e:95:ac:bb
Mar 16 07:34:27 gtw01 dnsmasq-dhcp[644]: DHCPRELEASE(tap91eed691-b6) 192.168.120.10 fa:16:3e:b8:e8:10
Mar 16 07:34:27 gtw01 dnsmasq-dhcp[644]: DHCPRELEASE(tap91eed691-b6) 192.168.120.4 fa:16:3e:af:b4:99
Mar 16 07:34:27 gtw01 dnsmasq-dhcp[644]: DHCPRELEASE(tap91eed691-b6) 192.168.120.10 fa:16:3e:b8:e8:10 unknown lease
Mar 16 07:34:27 gtw01 dnsmasq-dhcp[644]: DHCPRELEASE(tap91eed691-b6) 192.168.120.5 fa:16:3e:65:0f:d6
Mar 16 07:34:28 gtw01 dnsmasq[644]: read /var/lib/neutron/dhcp/e61cfe99-9e6c-459b-b4f3-ce7e305d6791/addn_hosts - 5 addresses
Mar 16 07:34:28 gtw01 dnsmasq-dhcp[644]: read /var/lib/neutron/dhcp/e61cfe99-9e6c-459b-b4f3-ce7e305d6791/host
Mar 16 07:34:28 gtw01 dnsmasq-dhcp[644]: read /var/lib/neutron/dhcp/e61cfe99-9e6c-459b-b4f3-ce7e305d6791/opts
Mar 16 07:34:29 gtw01 dnsmasq[644]: read /var/lib/neutron/dhcp/e61cfe99-9e6c-459b-b4f3-ce7e305d6791/addn_hosts - 4 addresses
Mar 16 07:34:29 gtw01 dnsmasq-dhcp[644]: read /var/lib/neutron/dhcp/e61cfe99-9e6c-459b-b4f3-ce7e305d6791/host
Mar 16 07:34:29 gtw01 dnsmasq-dhcp[644]: read /var/lib/neutron/dhcp/e61cfe99-9e6c-459b-b4f3-ce7e305d6791/opts
Mar 16 07:34:31 gtw01 dnsmasq[644]: read /var/lib/neutron/dhcp/e61cfe99-9e6c-459b-b4f3-ce7e305d6791/addn_hosts - 3 addresses
Mar 16 07:34:31 gtw01 dnsmasq-dhcp[644]: read /var/lib/neutron/dhcp/e61cfe99-9e6c-459b-b4f3-ce7e305d6791/host
Mar 16 07:34:31 gtw01 dnsmasq-dhcp[644]: read /var/lib/neutron/dhcp/e61cfe99-9e6c-459b-b4f3-ce7e305d6791/opts
Mar 16 07:34:32 gtw01 dnsmasq[644]: read /var/lib/neutron/dhcp/e61cfe99-9e6c-459b-b4f3-ce7e305d6791/addn_hosts - 2 addresses
Mar 16 07:34:32 gtw01 dnsmasq-dhcp[644]: read /var/lib/neutron/dhcp/e61cfe99-9e6c-459b-b4f3-ce7e305d6791/host
Mar 16 07:34:32 gtw01 dnsmasq-dhcp[644]: read /var/lib/neutron/dhcp/e61cfe99-9e6c-459b-b4f3-ce7e305d6791/opts
Mar 16 07:34:37 gtw01 dnsmasq[644]: read /var/lib/neutron/dhcp/e61cfe99-9e6c-459b-b4f3-ce7e305d6791/addn_hosts - 3 addresses
Mar 16 07:34:37 gtw01 dnsmasq-dhcp[644]: read /var/lib/neutron/dhcp/e61cfe99-9e6c-459b-b4f3-ce7e305d6791/host
Mar 16 07:34:37 gtw01 dnsmasq-dhcp[644]: read /var/lib/neutron/dhcp/e61cfe99-9e6c-459b-b4f3-ce7e305d6791/opts
Mar 16 07:34:38 gtw01 dnsmasq[644]: read /var/lib/neutron/dhcp/e61cfe99-9e6c-459b-b4f3-ce7e305d6791/addn_hosts - 3 addresses
Mar 16 07:34:38 gtw01 dnsmasq-dhcp[644]: read /var/lib/neutron/dhcp/e61cfe99-9e6c-459b-b4f3-ce7e305d6791/host
Mar 16 07:34:38 gtw01 dnsmasq-dhcp[644]: read /var/lib/neutron/dhcp/e61cfe99-9e6c-459b-b4f3-ce7e305d6791/opts
Mar 16 07:34:39 gtw01 dnsmasq[644]: read /var/lib/neutron/dhcp/e61cfe99-9e6c-459b-b4f3-ce7e305d6791/addn_hosts - 4 addresses
Mar 16 07:34:39 gtw01 dnsmasq-dhcp[644]: read /var/lib/neutron/dhcp/e61cfe99-9e6c-459b-b4f3-ce7e305d6791/host
Mar 16 07:34:39 gtw01 dnsmasq-dhcp[644]: read /var/lib/neutron/dhcp/e61cfe99-9e6c-459b-b4f3-ce7e305d6791/opts
Mar 16 07:34:40 gtw01 dnsmasq[644]: read /var/lib/neutron/dhcp/e61cfe99-9e6c-459b-b4f3-ce7e305d6791/addn_hosts - 4 addresses
Mar 16 07:34:40 gtw01 dnsmasq-dhcp[644]: read /var/lib/neutron/dhcp/e61cfe99-9e6c-459b-b4f3-ce7e305d6791/host
Mar 16 07:34:40 gtw01 dnsmasq-dhcp[644]: read /var/lib/neutron/dhcp/e61cfe99-9e6c-459b-b4f3-ce7e305d6791/opts
Mar 16 07:34:42 gtw01 dnsmasq[644]: read /var/lib/neutron/dhcp/e61cfe99-9e6c-459b-b4f3-ce7e305d6791/addn_hosts - 4 addresses
Mar 16 07:34:42 gtw01 dnsmasq-dhcp[644]: read /var/lib/neutron/dhcp/e61cfe99-9e6c-459b-b4f3-ce7e305d6791/host
Mar 16 07:34:42 gtw01 dnsmasq-dhcp[644]: read /var/lib/neutron/dhcp/e61cfe99-9e6c-459b-b4f3-ce7e305d6791/opts
Mar 16 07:34:43 gtw01 dnsmasq[644]: read /var/lib/neutron/dhcp/e61cfe99-9e6c-459b-b4f3-ce7e305d6791/addn_hosts - 5 addresses
Mar 16 07:34:43 gtw01 dnsmasq-dhcp[644]: read /var/lib/neutron/dhcp/e61cfe99-9e6c-459b-b4f3-ce7e305d6791/host
Mar 16 07:34:43 gtw01 dnsmasq-dhcp[644]: read /var/lib/neutron/dhcp/e61cfe99-9e6c-459b-b4f3-ce7e305d6791/opts
Mar 16 07:34:44 gtw01 dnsmasq[644]: read /var/lib/neutron/dhcp/e61cfe99-9e6c-459b-b4f3-ce7e305d6791/addn_hosts - 5 addresses
Mar 16 07:34:44 gtw01 dnsmasq-dhcp[644]: read /var/lib/neutron/dhcp/e61cfe99-9e6c-459b-b4f3-ce7e305d6791/host
Mar 16 07:34:44 gtw01 dnsmasq-dhcp[644]: read /var/lib/neutron/dhcp/e61cfe99-9e6c-459b-b4f3-ce7e305d6791/opts
Mar 16 07:34:44 gtw01 dnsmasq[644]: read /var/lib/neutron/dhcp/e61cfe99-9e6c-459b-b4f3-ce7e305d6791/addn_hosts - 5 addresses
Mar 16 07:34:44 gtw01 dnsmasq-dhcp[644]: read /var/lib/neutron/dhcp/e61cfe99-9e6c-459b-b4f3-ce7e305d6791/host
Mar 16 07:34:44 gtw01 dnsmasq-dhcp[644]: read /var/lib/neutron/dhcp/e61cfe99-9e6c-459b-b4f3-ce7e305d6791/opts
Mar 16 07:34:45 gtw01 dnsmasq[644]: read /var/lib/neutron/dhcp/e61cfe99-9e6c-459b-b4f3-ce7e305d6791/addn_hosts - 6 addresses
Mar 16 07:34:45 gtw01 dnsmasq-dhcp[644]: read /var/lib/neutron/dhcp/e61cfe99-9e6c-459b-b4f3-ce7e305d6791/host
Mar 16 07:34:45 gtw01 dnsmasq-dhcp[644]: read /var/lib/neutron/dhcp/e61cfe99-9e6c-459b-b4f3-ce7e305d6791/opts
Mar 16 07:34:46 gtw01 dnsmasq[644]: read /var/lib/neutron/dhcp/e61cfe99-9e6c-459b-b4f3-ce7e305d6791/addn_hosts - 6 addresses
Mar 16 07:34:46 gtw01 dnsmasq-dhcp[644]: read /var/lib/neutron/dhcp/e61cfe99-9e6c-459b-b4f3-ce7e305d6791/host
Mar 16 07:34:46 gtw01 dnsmasq-dhcp[644]: read /var/lib/neutron/dhcp/e61cfe99-9e6c-459b-b4f3-ce7e305d6791/opts
Mar 16 07:34:47 gtw01 dnsmasq[644]: read /var/lib/neutron/dhcp/e61cfe99-9e6c-459b-b4f3-ce7e305d6791/addn_hosts - 6 addresses
Mar 16 07:34:47 gtw01 dnsmasq-dhcp[644]: read /var/lib/neutron/dhcp/e61cfe99-9e6c-459b-b4f3-ce7e305d6791/host
Mar 16 07:34:47 gtw01 dnsmasq-dhcp[644]: read /var/lib/neutron/dhcp/e61cfe99-9e6c-459b-b4f3-ce7e305d6791/opts
Mar 16 07:34:48 gtw01 dnsmasq[644]: read /var/lib/neutron/dhcp/e61cfe99-9e6c-459b-b4f3-ce7e305d6791/addn_hosts - 6 addresses
Mar 16 07:34:48 gtw01 dnsmasq-dhcp[644]: read /var/lib/neutron/dhcp/e61cfe99-9e6c-459b-b4f3-ce7e305d6791/host
Mar 16 07:34:48 gtw01 dnsmasq-dhcp[644]: read /var/lib/neutron/dhcp/e61cfe99-9e6c-459b-b4f3-ce7e305d6791/opts
Mar 16 07:34:57 gtw01 dnsmasq-dhcp[644]: DHCPDISCOVER(tap91eed691-b6) fa:16:3e:79:8a:49
Mar 16 07:34:57 gtw01 dnsmasq-dhcp[644]: DHCPOFFER(tap91eed691-b6) 192.168.120.7 fa:16:3e:79:8a:49
Mar 16 07:34:57 gtw01 dnsmasq-dhcp[644]: DHCPREQUEST(tap91eed691-b6) 192.168.120.7 fa:16:3e:79:8a:49
Mar 16 07:34:57 gtw01 dnsmasq-dhcp[644]: DHCPACK(tap91eed691-b6) 192.168.120.7 fa:16:3e:79:8a:49 host-192-168-120-7
Mar 16 07:34:59 gtw01 dnsmasq-dhcp[644]: DHCPDISCOVER(tap91eed691-b6) fa:16:3e:31:15:da
Mar 16 07:34:59 gtw01 dnsmasq-dhcp[644]: DHCPOFFER(tap91eed691-b6) 192.168.120.9 fa:16:3e:31:15:da
Mar 16 07:34:59 gtw01 dnsmasq-dhcp[644]: DHCPREQUEST(tap91eed691-b6) 192.168.120.9 fa:16:3e:31:15:da
Mar 16 07:34:59 gtw01 dnsmasq-dhcp[644]: DHCPACK(tap91eed691-b6) 192.168.120.9 fa:16:3e:31:15:da host-192-168-120-9
Mar 16 07:34:59 gtw01 dnsmasq-dhcp[644]: DHCPDISCOVER(tap91eed691-b6) fa:16:3e:23:f2:48
Mar 16 07:34:59 gtw01 dnsmasq-dhcp[644]: DHCPOFFER(tap91eed691-b6) 192.168.120.11 fa:16:3e:23:f2:48
Mar 16 07:34:59 gtw01 dnsmasq-dhcp[644]: DHCPREQUEST(tap91eed691-b6) 192.168.120.11 fa:16:3e:23:f2:48
Mar 16 07:34:59 gtw01 dnsmasq-dhcp[644]: DHCPACK(tap91eed691-b6) 192.168.120.11 fa:16:3e:23:f2:48 host-192-168-120-11
Mar 16 07:35:00 gtw01 dnsmasq-dhcp[644]: DHCPDISCOVER(tap91eed691-b6) fa:16:3e:a2:cc:cf
Mar 16 07:35:00 gtw01 dnsmasq-dhcp[644]: DHCPOFFER(tap91eed691-b6) 192.168.120.3 fa:16:3e:a2:cc:cf
Mar 16 07:35:00 gtw01 dnsmasq-dhcp[644]: DHCPREQUEST(tap91eed691-b6) 192.168.120.3 fa:16:3e:a2:cc:cf
Mar 16 07:35:00 gtw01 dnsmasq-dhcp[644]: DHCPACK(tap91eed691-b6) 192.168.120.3 fa:16:3e:a2:cc:cf host-192-168-120-3
Mar 16 07:35:05 gtw01 dnsmasq-dhcp[644]: DHCPRELEASE(tap91eed691-b6) 192.168.120.7 fa:16:3e:79:8a:49
Mar 16 07:35:06 gtw01 dnsmasq-dhcp[644]: DHCPRELEASE(tap91eed691-b6) 192.168.120.7 fa:16:3e:79:8a:49 unknown lease
Mar 16 07:35:06 gtw01 dnsmasq-dhcp[644]: DHCPRELEASE(tap91eed691-b6) 192.168.120.3 fa:16:3e:a2:cc:cf
Mar 16 07:35:06 gtw01 dnsmasq-dhcp[644]: DHCPRELEASE(tap91eed691-b6) 192.168.120.11 fa:16:3e:23:f2:48
Mar 16 07:35:06 gtw01 dnsmasq-dhcp[644]: DHCPRELEASE(tap91eed691-b6) 192.168.120.9 fa:16:3e:31:15:da
Mar 16 07:35:07 gtw01 dnsmasq[644]: read /var/lib/neutron/dhcp/e61cfe99-9e6c-459b-b4f3-ce7e305d6791/addn_hosts - 5 addresses
Mar 16 07:35:07 gtw01 dnsmasq-dhcp[644]: read /var/lib/neutron/dhcp/e61cfe99-9e6c-459b-b4f3-ce7e305d6791/host
Mar 16 07:35:07 gtw01 dnsmasq-dhcp[644]: read /var/lib/neutron/dhcp/e61cfe99-9e6c-459b-b4f3-ce7e305d6791/opts
Mar 16 07:35:08 gtw01 dnsmasq[644]: read /var/lib/neutron/dhcp/e61cfe99-9e6c-459b-b4f3-ce7e305d6791/addn_hosts - 4 addresses
Mar 16 07:35:08 gtw01 dnsmasq-dhcp[644]: read /var/lib/neutron/dhcp/e61cfe99-9e6c-459b-b4f3-ce7e305d6791/host
Mar 16 07:35:08 gtw01 dnsmasq-dhcp[644]: read /var/lib/neutron/dhcp/e61cfe99-9e6c-459b-b4f3-ce7e305d6791/opts
Mar 16 07:35:09 gtw01 dnsmasq[644]: read /var/lib/neutron/dhcp/e61cfe99-9e6c-459b-b4f3-ce7e305d6791/addn_hosts - 3 addresses
Mar 16 07:35:09 gtw01 dnsmasq-dhcp[644]: read /var/lib/neutron/dhcp/e61cfe99-9e6c-459b-b4f3-ce7e305d6791/host
Mar 16 07:35:09 gtw01 dnsmasq-dhcp[644]: read /var/lib/neutron/dhcp/e61cfe99-9e6c-459b-b4f3-ce7e305d6791/opts
Mar 16 07:35:10 gtw01 dnsmasq[644]: read /var/lib/neutron/dhcp/e61cfe99-9e6c-459b-b4f3-ce7e305d6791/addn_hosts - 2 addresses
Mar 16 07:35:10 gtw01 dnsmasq-dhcp[644]: read /var/lib/neutron/dhcp/e61cfe99-9e6c-459b-b4f3-ce7e305d6791/host
Mar 16 07:35:10 gtw01 dnsmasq-dhcp[644]: read /var/lib/neutron/dhcp/e61cfe99-9e6c-459b-b4f3-ce7e305d6791/opts
Mar 16 07:35:15 gtw01 dnsmasq[644]: read /var/lib/neutron/dhcp/e61cfe99-9e6c-459b-b4f3-ce7e305d6791/addn_hosts - 3 addresses
Mar 16 07:35:15 gtw01 dnsmasq-dhcp[644]: read /var/lib/neutron/dhcp/e61cfe99-9e6c-459b-b4f3-ce7e305d6791/host
Mar 16 07:35:15 gtw01 dnsmasq-dhcp[644]: read /var/lib/neutron/dhcp/e61cfe99-9e6c-459b-b4f3-ce7e305d6791/opts
Mar 16 07:35:16 gtw01 dnsmasq[644]: read /var/lib/neutron/dhcp/e61cfe99-9e6c-459b-b4f3-ce7e305d6791/addn_hosts - 3 addresses
Mar 16 07:35:16 gtw01 dnsmasq-dhcp[644]: read /var/lib/neutron/dhcp/e61cfe99-9e6c-459b-b4f3-ce7e305d6791/host
Mar 16 07:35:16 gtw01 dnsmasq-dhcp[644]: read /var/lib/neutron/dhcp/e61cfe99-9e6c-459b-b4f3-ce7e305d6791/opts
Mar 16 07:35:17 gtw01 dnsmasq[644]: read /var/lib/neutron/dhcp/e61cfe99-9e6c-459b-b4f3-ce7e305d6791/addn_hosts - 3 addresses
Mar 16 07:35:17 gtw01 dnsmasq-dhcp[644]: read /var/lib/neutron/dhcp/e61cfe99-9e6c-459b-b4f3-ce7e305d6791/host
Mar 16 07:35:17 gtw01 dnsmasq-dhcp[644]: read /var/lib/neutron/dhcp/e61cfe99-9e6c-459b-b4f3-ce7e305d6791/opts
Mar 16 07:35:18 gtw01 dnsmasq[644]: read /var/lib/neutron/dhcp/e61cfe99-9e6c-459b-b4f3-ce7e305d6791/addn_hosts - 4 addresses
Mar 16 07:35:18 gtw01 dnsmasq-dhcp[644]: read /var/lib/neutron/dhcp/e61cfe99-9e6c-459b-b4f3-ce7e305d6791/host
Mar 16 07:35:18 gtw01 dnsmasq-dhcp[644]: read /var/lib/neutron/dhcp/e61cfe99-9e6c-459b-b4f3-ce7e305d6791/opts
Mar 16 07:35:19 gtw01 dnsmasq[644]: read /var/lib/neutron/dhcp/e61cfe99-9e6c-459b-b4f3-ce7e305d6791/addn_hosts - 4 addresses
Mar 16 07:35:19 gtw01 dnsmasq-dhcp[644]: read /var/lib/neutron/dhcp/e61cfe99-9e6c-459b-b4f3-ce7e305d6791/host
Mar 16 07:35:19 gtw01 dnsmasq-dhcp[644]: read /var/lib/neutron/dhcp/e61cfe99-9e6c-459b-b4f3-ce7e305d6791/opts
Mar 16 07:35:20 gtw01 dnsmasq[644]: read /var/lib/neutron/dhcp/e61cfe99-9e6c-459b-b4f3-ce7e305d6791/addn_hosts - 4 addresses
Mar 16 07:35:20 gtw01 dnsmasq-dhcp[644]: read /var/lib/neutron/dhcp/e61cfe99-9e6c-459b-b4f3-ce7e305d6791/host
Mar 16 07:35:20 gtw01 dnsmasq-dhcp[644]: read /var/lib/neutron/dhcp/e61cfe99-9e6c-459b-b4f3-ce7e305d6791/opts
Mar 16 07:35:30 gtw01 dnsmasq-dhcp[644]: DHCPDISCOVER(tap91eed691-b6) fa:16:3e:7d:b3:d5
Mar 16 07:35:30 gtw01 dnsmasq-dhcp[644]: DHCPOFFER(tap91eed691-b6) 192.168.120.6 fa:16:3e:7d:b3:d5
Mar 16 07:35:30 gtw01 dnsmasq-dhcp[644]: DHCPREQUEST(tap91eed691-b6) 192.168.120.6 fa:16:3e:7d:b3:d5
Mar 16 07:35:30 gtw01 dnsmasq-dhcp[644]: DHCPACK(tap91eed691-b6) 192.168.120.6 fa:16:3e:7d:b3:d5 host-192-168-120-6
Mar 16 07:35:32 gtw01 dnsmasq-dhcp[644]: DHCPDISCOVER(tap91eed691-b6) fa:16:3e:f4:e4:6d
Mar 16 07:35:32 gtw01 dnsmasq-dhcp[644]: DHCPOFFER(tap91eed691-b6) 192.168.120.17 fa:16:3e:f4:e4:6d
Mar 16 07:35:32 gtw01 dnsmasq-dhcp[644]: DHCPREQUEST(tap91eed691-b6) 192.168.120.17 fa:16:3e:f4:e4:6d
Mar 16 07:35:32 gtw01 dnsmasq-dhcp[644]: DHCPACK(tap91eed691-b6) 192.168.120.17 fa:16:3e:f4:e4:6d host-192-168-120-17
Mar 16 07:35:37 gtw01 dnsmasq-dhcp[644]: DHCPRELEASE(tap91eed691-b6) 192.168.120.6 fa:16:3e:7d:b3:d5
Mar 16 07:35:37 gtw01 dnsmasq-dhcp[644]: DHCPRELEASE(tap91eed691-b6) 192.168.120.17 fa:16:3e:f4:e4:6d
Mar 16 07:35:37 gtw01 dnsmasq-dhcp[644]: DHCPRELEASE(tap91eed691-b6) 192.168.120.6 fa:16:3e:7d:b3:d5 unknown lease
Mar 16 07:35:38 gtw01 dnsmasq[644]: read /var/lib/neutron/dhcp/e61cfe99-9e6c-459b-b4f3-ce7e305d6791/addn_hosts - 3 addresses
Mar 16 07:35:38 gtw01 dnsmasq-dhcp[644]: read /var/lib/neutron/dhcp/e61cfe99-9e6c-459b-b4f3-ce7e305d6791/host
Mar 16 07:35:38 gtw01 dnsmasq-dhcp[644]: read /var/lib/neutron/dhcp/e61cfe99-9e6c-459b-b4f3-ce7e305d6791/opts
Mar 16 07:35:40 gtw01 dnsmasq[644]: read /var/lib/neutron/dhcp/e61cfe99-9e6c-459b-b4f3-ce7e305d6791/addn_hosts - 2 addresses
Mar 16 07:35:40 gtw01 dnsmasq-dhcp[644]: read /var/lib/neutron/dhcp/e61cfe99-9e6c-459b-b4f3-ce7e305d6791/host
Mar 16 07:35:40 gtw01 dnsmasq-dhcp[644]: read /var/lib/neutron/dhcp/e61cfe99-9e6c-459b-b4f3-ce7e305d6791/opts
Mar 16 07:52:04 gtw01 kernel: [13336.569854] device tapb92f5a87-8e entered promiscuous mode
Mar 16 07:52:04 gtw01 systemd-udevd[4176]: Could not generate persistent MAC address for tapb92f5a87-8e: No such file or directory
Mar 16 07:52:04 gtw01 kernel: [13336.861769] device tapd4111b2a-ad entered promiscuous mode
Mar 16 07:52:04 gtw01 systemd-udevd[4265]: Could not generate persistent MAC address for tapd4111b2a-ad: No such file or directory
Mar 16 07:52:04 gtw01 kernel: [13337.277832] device tapb497b5cd-36 entered promiscuous mode
Mar 16 07:52:04 gtw01 systemd-udevd[4357]: Could not generate persistent MAC address for tapb497b5cd-36: No such file or directory
Mar 16 07:52:05 gtw01 kernel: [13337.950910] device tape886ad27-ed entered promiscuous mode
Mar 16 07:52:05 gtw01 systemd-udevd[4457]: Could not generate persistent MAC address for tape886ad27-ed: No such file or directory
Mar 16 07:52:08 gtw01 dnsmasq[4686]: started, version 2.78 cachesize 150
Mar 16 07:52:08 gtw01 dnsmasq[4686]: DNS service limited to local subnets
Mar 16 07:52:08 gtw01 dnsmasq[4686]: compile time options: IPv6 GNU-getopt DBus i18n IDN DHCP DHCPv6 no-Lua TFTP conntrack ipset auth DNSSEC loop-detect inotify
Mar 16 07:52:08 gtw01 dnsmasq[4686]: LOUD WARNING: listening on 11.11.11.2 may accept requests via interfaces other than tapb92f5a87-8e
Mar 16 07:52:08 gtw01 dnsmasq[4686]: LOUD WARNING: use --bind-dynamic rather than --bind-interfaces to avoid DNS amplification attacks via these interface(s)
Mar 16 07:52:08 gtw01 dnsmasq[4686]: warning: no upstream servers configured
Mar 16 07:52:08 gtw01 dnsmasq-dhcp[4686]: DHCP, static leases only on 11.11.11.0, lease time 1h
Mar 16 07:52:08 gtw01 dnsmasq[4686]: read /var/lib/neutron/dhcp/e898e06b-9d2f-4cb4-838f-a18129b3be04/addn_hosts - 1 addresses
Mar 16 07:52:08 gtw01 dnsmasq-dhcp[4686]: read /var/lib/neutron/dhcp/e898e06b-9d2f-4cb4-838f-a18129b3be04/host
Mar 16 07:52:08 gtw01 dnsmasq-dhcp[4686]: read /var/lib/neutron/dhcp/e898e06b-9d2f-4cb4-838f-a18129b3be04/opts
Mar 16 07:52:09 gtw01 dnsmasq[4696]: started, version 2.78 cachesize 150
Mar 16 07:52:09 gtw01 dnsmasq[4696]: DNS service limited to local subnets
Mar 16 07:52:09 gtw01 dnsmasq[4696]: compile time options: IPv6 GNU-getopt DBus i18n IDN DHCP DHCPv6 no-Lua TFTP conntrack ipset auth DNSSEC loop-detect inotify
Mar 16 07:52:09 gtw01 dnsmasq[4696]: LOUD WARNING: listening on 11.11.11.2 may accept requests via interfaces other than tapd4111b2a-ad
Mar 16 07:52:09 gtw01 dnsmasq[4696]: LOUD WARNING: use --bind-dynamic rather than --bind-interfaces to avoid DNS amplification attacks via these interface(s)
Mar 16 07:52:09 gtw01 dnsmasq[4696]: warning: no upstream servers configured
Mar 16 07:52:09 gtw01 dnsmasq-dhcp[4696]: DHCP, static leases only on 11.11.11.0, lease time 1h
Mar 16 07:52:09 gtw01 dnsmasq[4696]: read /var/lib/neutron/dhcp/be095c9e-aa1d-4435-b5f8-48bf71769a5f/addn_hosts - 1 addresses
Mar 16 07:52:09 gtw01 dnsmasq-dhcp[4696]: read /var/lib/neutron/dhcp/be095c9e-aa1d-4435-b5f8-48bf71769a5f/host
Mar 16 07:52:09 gtw01 dnsmasq-dhcp[4696]: read /var/lib/neutron/dhcp/be095c9e-aa1d-4435-b5f8-48bf71769a5f/opts
Mar 16 07:52:09 gtw01 haproxy-metadata-proxy-e898e06b-9d2f-4cb4-838f-a18129b3be04[4703]: Proxy listener started.
Mar 16 07:52:09 gtw01 haproxy-metadata-proxy-be095c9e-aa1d-4435-b5f8-48bf71769a5f[4709]: Proxy listener started.
Mar 16 07:52:09 gtw01 dnsmasq[4717]: started, version 2.78 cachesize 150
Mar 16 07:52:09 gtw01 dnsmasq[4717]: DNS service limited to local subnets
Mar 16 07:52:09 gtw01 dnsmasq[4717]: compile time options: IPv6 GNU-getopt DBus i18n IDN DHCP DHCPv6 no-Lua TFTP conntrack ipset auth DNSSEC loop-detect inotify
Mar 16 07:52:09 gtw01 dnsmasq[4717]: LOUD WARNING: listening on 11.11.11.2 may accept requests via interfaces other than tapb497b5cd-36
Mar 16 07:52:09 gtw01 dnsmasq[4717]: LOUD WARNING: use --bind-dynamic rather than --bind-interfaces to avoid DNS amplification attacks via these interface(s)
Mar 16 07:52:09 gtw01 dnsmasq[4717]: warning: no upstream servers configured
Mar 16 07:52:09 gtw01 dnsmasq-dhcp[4717]: DHCP, static leases only on 11.11.11.0, lease time 1h
Mar 16 07:52:09 gtw01 dnsmasq[4717]: read /var/lib/neutron/dhcp/27db5455-621f-409c-8b67-39d715a2cd31/addn_hosts - 1 addresses
Mar 16 07:52:09 gtw01 dnsmasq-dhcp[4717]: read /var/lib/neutron/dhcp/27db5455-621f-409c-8b67-39d715a2cd31/host
Mar 16 07:52:09 gtw01 dnsmasq-dhcp[4717]: read /var/lib/neutron/dhcp/27db5455-621f-409c-8b67-39d715a2cd31/opts
Mar 16 07:52:09 gtw01 haproxy-metadata-proxy-27db5455-621f-409c-8b67-39d715a2cd31[4727]: Proxy listener started.
Mar 16 07:52:09 gtw01 dnsmasq[4736]: started, version 2.78 cachesize 150
Mar 16 07:52:09 gtw01 dnsmasq[4736]: DNS service limited to local subnets
Mar 16 07:52:09 gtw01 dnsmasq[4736]: compile time options: IPv6 GNU-getopt DBus i18n IDN DHCP DHCPv6 no-Lua TFTP conntrack ipset auth DNSSEC loop-detect inotify
Mar 16 07:52:09 gtw01 dnsmasq[4736]: LOUD WARNING: listening on 11.11.11.2 may accept requests via interfaces other than tape886ad27-ed
Mar 16 07:52:09 gtw01 dnsmasq[4736]: LOUD WARNING: use --bind-dynamic rather than --bind-interfaces to avoid DNS amplification attacks via these interface(s)
Mar 16 07:52:09 gtw01 dnsmasq[4736]: warning: no upstream servers configured
Mar 16 07:52:09 gtw01 dnsmasq-dhcp[4736]: DHCP, static leases only on 11.11.11.0, lease time 1h
Mar 16 07:52:09 gtw01 dnsmasq[4736]: read /var/lib/neutron/dhcp/01793d4b-aab1-413e-92bd-c9656ecf624f/addn_hosts - 1 addresses
Mar 16 07:52:09 gtw01 dnsmasq-dhcp[4736]: read /var/lib/neutron/dhcp/01793d4b-aab1-413e-92bd-c9656ecf624f/host
Mar 16 07:52:09 gtw01 dnsmasq-dhcp[4736]: read /var/lib/neutron/dhcp/01793d4b-aab1-413e-92bd-c9656ecf624f/opts
Mar 16 07:52:10 gtw01 dnsmasq[4686]: read /var/lib/neutron/dhcp/e898e06b-9d2f-4cb4-838f-a18129b3be04/addn_hosts - 3 addresses
Mar 16 07:52:10 gtw01 dnsmasq-dhcp[4686]: read /var/lib/neutron/dhcp/e898e06b-9d2f-4cb4-838f-a18129b3be04/host
Mar 16 07:52:10 gtw01 dnsmasq-dhcp[4686]: read /var/lib/neutron/dhcp/e898e06b-9d2f-4cb4-838f-a18129b3be04/opts
Mar 16 07:52:10 gtw01 haproxy-metadata-proxy-01793d4b-aab1-413e-92bd-c9656ecf624f[4749]: Proxy listener started.
Mar 16 07:52:10 gtw01 dnsmasq[4696]: read /var/lib/neutron/dhcp/be095c9e-aa1d-4435-b5f8-48bf71769a5f/addn_hosts - 3 addresses
Mar 16 07:52:10 gtw01 dnsmasq-dhcp[4696]: read /var/lib/neutron/dhcp/be095c9e-aa1d-4435-b5f8-48bf71769a5f/host
Mar 16 07:52:10 gtw01 dnsmasq-dhcp[4696]: read /var/lib/neutron/dhcp/be095c9e-aa1d-4435-b5f8-48bf71769a5f/opts
Mar 16 07:52:10 gtw01 dnsmasq[4717]: read /var/lib/neutron/dhcp/27db5455-621f-409c-8b67-39d715a2cd31/addn_hosts - 3 addresses
Mar 16 07:52:10 gtw01 dnsmasq-dhcp[4717]: read /var/lib/neutron/dhcp/27db5455-621f-409c-8b67-39d715a2cd31/host
Mar 16 07:52:10 gtw01 dnsmasq-dhcp[4717]: read /var/lib/neutron/dhcp/27db5455-621f-409c-8b67-39d715a2cd31/opts
Mar 16 07:52:11 gtw01 dnsmasq[4686]: read /var/lib/neutron/dhcp/e898e06b-9d2f-4cb4-838f-a18129b3be04/addn_hosts - 3 addresses
Mar 16 07:52:11 gtw01 dnsmasq-dhcp[4686]: read /var/lib/neutron/dhcp/e898e06b-9d2f-4cb4-838f-a18129b3be04/host
Mar 16 07:52:11 gtw01 dnsmasq-dhcp[4686]: read /var/lib/neutron/dhcp/e898e06b-9d2f-4cb4-838f-a18129b3be04/opts
Mar 16 07:52:11 gtw01 dnsmasq[4736]: read /var/lib/neutron/dhcp/01793d4b-aab1-413e-92bd-c9656ecf624f/addn_hosts - 3 addresses
Mar 16 07:52:11 gtw01 dnsmasq-dhcp[4736]: read /var/lib/neutron/dhcp/01793d4b-aab1-413e-92bd-c9656ecf624f/host
Mar 16 07:52:11 gtw01 dnsmasq-dhcp[4736]: read /var/lib/neutron/dhcp/01793d4b-aab1-413e-92bd-c9656ecf624f/opts
Mar 16 07:52:11 gtw01 dnsmasq[4696]: read /var/lib/neutron/dhcp/be095c9e-aa1d-4435-b5f8-48bf71769a5f/addn_hosts - 3 addresses
Mar 16 07:52:11 gtw01 dnsmasq-dhcp[4696]: read /var/lib/neutron/dhcp/be095c9e-aa1d-4435-b5f8-48bf71769a5f/host
Mar 16 07:52:11 gtw01 dnsmasq-dhcp[4696]: read /var/lib/neutron/dhcp/be095c9e-aa1d-4435-b5f8-48bf71769a5f/opts
Mar 16 07:52:12 gtw01 dnsmasq[4717]: read /var/lib/neutron/dhcp/27db5455-621f-409c-8b67-39d715a2cd31/addn_hosts - 3 addresses
Mar 16 07:52:12 gtw01 dnsmasq-dhcp[4717]: read /var/lib/neutron/dhcp/27db5455-621f-409c-8b67-39d715a2cd31/host
Mar 16 07:52:12 gtw01 dnsmasq-dhcp[4717]: read /var/lib/neutron/dhcp/27db5455-621f-409c-8b67-39d715a2cd31/opts
Mar 16 07:52:12 gtw01 dnsmasq[4736]: read /var/lib/neutron/dhcp/01793d4b-aab1-413e-92bd-c9656ecf624f/addn_hosts - 3 addresses
Mar 16 07:52:12 gtw01 dnsmasq-dhcp[4736]: read /var/lib/neutron/dhcp/01793d4b-aab1-413e-92bd-c9656ecf624f/host
Mar 16 07:52:12 gtw01 dnsmasq-dhcp[4736]: read /var/lib/neutron/dhcp/01793d4b-aab1-413e-92bd-c9656ecf624f/opts
Mar 16 07:52:16 gtw01 dnsmasq[4686]: read /var/lib/neutron/dhcp/e898e06b-9d2f-4cb4-838f-a18129b3be04/addn_hosts - 3 addresses
Mar 16 07:52:16 gtw01 dnsmasq-dhcp[4686]: read /var/lib/neutron/dhcp/e898e06b-9d2f-4cb4-838f-a18129b3be04/host
Mar 16 07:52:16 gtw01 dnsmasq-dhcp[4686]: read /var/lib/neutron/dhcp/e898e06b-9d2f-4cb4-838f-a18129b3be04/opts
Mar 16 07:52:16 gtw01 dnsmasq[4736]: read /var/lib/neutron/dhcp/01793d4b-aab1-413e-92bd-c9656ecf624f/addn_hosts - 3 addresses
Mar 16 07:52:16 gtw01 dnsmasq-dhcp[4736]: read /var/lib/neutron/dhcp/01793d4b-aab1-413e-92bd-c9656ecf624f/host
Mar 16 07:52:16 gtw01 dnsmasq-dhcp[4736]: read /var/lib/neutron/dhcp/01793d4b-aab1-413e-92bd-c9656ecf624f/opts
Mar 16 07:52:17 gtw01 dnsmasq[4717]: read /var/lib/neutron/dhcp/27db5455-621f-409c-8b67-39d715a2cd31/addn_hosts - 3 addresses
Mar 16 07:52:17 gtw01 dnsmasq-dhcp[4717]: read /var/lib/neutron/dhcp/27db5455-621f-409c-8b67-39d715a2cd31/host
Mar 16 07:52:17 gtw01 dnsmasq-dhcp[4717]: read /var/lib/neutron/dhcp/27db5455-621f-409c-8b67-39d715a2cd31/opts
Mar 16 07:52:17 gtw01 dnsmasq[4686]: read /var/lib/neutron/dhcp/e898e06b-9d2f-4cb4-838f-a18129b3be04/addn_hosts - 3 addresses
Mar 16 07:52:17 gtw01 dnsmasq-dhcp[4686]: read /var/lib/neutron/dhcp/e898e06b-9d2f-4cb4-838f-a18129b3be04/host
Mar 16 07:52:17 gtw01 dnsmasq-dhcp[4686]: read /var/lib/neutron/dhcp/e898e06b-9d2f-4cb4-838f-a18129b3be04/opts
Mar 16 07:52:18 gtw01 dnsmasq[4696]: read /var/lib/neutron/dhcp/be095c9e-aa1d-4435-b5f8-48bf71769a5f/addn_hosts - 3 addresses
Mar 16 07:52:18 gtw01 dnsmasq-dhcp[4696]: read /var/lib/neutron/dhcp/be095c9e-aa1d-4435-b5f8-48bf71769a5f/host
Mar 16 07:52:18 gtw01 dnsmasq-dhcp[4696]: read /var/lib/neutron/dhcp/be095c9e-aa1d-4435-b5f8-48bf71769a5f/opts
Mar 16 07:52:18 gtw01 dnsmasq[4736]: read /var/lib/neutron/dhcp/01793d4b-aab1-413e-92bd-c9656ecf624f/addn_hosts - 3 addresses
Mar 16 07:52:18 gtw01 dnsmasq-dhcp[4736]: read /var/lib/neutron/dhcp/01793d4b-aab1-413e-92bd-c9656ecf624f/host
Mar 16 07:52:18 gtw01 dnsmasq-dhcp[4736]: read /var/lib/neutron/dhcp/01793d4b-aab1-413e-92bd-c9656ecf624f/opts
Mar 16 07:52:18 gtw01 dnsmasq[4717]: read /var/lib/neutron/dhcp/27db5455-621f-409c-8b67-39d715a2cd31/addn_hosts - 3 addresses
Mar 16 07:52:18 gtw01 dnsmasq-dhcp[4717]: read /var/lib/neutron/dhcp/27db5455-621f-409c-8b67-39d715a2cd31/host
Mar 16 07:52:18 gtw01 dnsmasq-dhcp[4717]: read /var/lib/neutron/dhcp/27db5455-621f-409c-8b67-39d715a2cd31/opts
Mar 16 07:52:19 gtw01 dnsmasq[4696]: read /var/lib/neutron/dhcp/be095c9e-aa1d-4435-b5f8-48bf71769a5f/addn_hosts - 3 addresses
Mar 16 07:52:19 gtw01 dnsmasq-dhcp[4696]: read /var/lib/neutron/dhcp/be095c9e-aa1d-4435-b5f8-48bf71769a5f/host
Mar 16 07:52:19 gtw01 dnsmasq-dhcp[4696]: read /var/lib/neutron/dhcp/be095c9e-aa1d-4435-b5f8-48bf71769a5f/opts
Mar 16 07:52:27 gtw01 dnsmasq[4686]: read /var/lib/neutron/dhcp/e898e06b-9d2f-4cb4-838f-a18129b3be04/addn_hosts - 2 addresses
Mar 16 07:52:27 gtw01 dnsmasq-dhcp[4686]: read /var/lib/neutron/dhcp/e898e06b-9d2f-4cb4-838f-a18129b3be04/host
Mar 16 07:52:27 gtw01 dnsmasq-dhcp[4686]: read /var/lib/neutron/dhcp/e898e06b-9d2f-4cb4-838f-a18129b3be04/opts
Mar 16 07:52:28 gtw01 dnsmasq[4686]: read /var/lib/neutron/dhcp/e898e06b-9d2f-4cb4-838f-a18129b3be04/addn_hosts - 2 addresses
Mar 16 07:52:28 gtw01 dnsmasq-dhcp[4686]: read /var/lib/neutron/dhcp/e898e06b-9d2f-4cb4-838f-a18129b3be04/host
Mar 16 07:52:28 gtw01 dnsmasq-dhcp[4686]: read /var/lib/neutron/dhcp/e898e06b-9d2f-4cb4-838f-a18129b3be04/opts
Mar 16 07:52:32 gtw01 dnsmasq[5191]: started, version 2.78 cachesize 150
Mar 16 07:52:32 gtw01 dnsmasq[5191]: DNS service limited to local subnets
Mar 16 07:52:32 gtw01 dnsmasq[5191]: compile time options: IPv6 GNU-getopt DBus i18n IDN DHCP DHCPv6 no-Lua TFTP conntrack ipset auth DNSSEC loop-detect inotify
Mar 16 07:52:32 gtw01 dnsmasq[5191]: LOUD WARNING: listening on 11.11.11.2 may accept requests via interfaces other than tape886ad27-ed
Mar 16 07:52:32 gtw01 dnsmasq[5191]: LOUD WARNING: use --bind-dynamic rather than --bind-interfaces to avoid DNS amplification attacks via these interface(s)
Mar 16 07:52:32 gtw01 dnsmasq[5191]: warning: no upstream servers configured
Mar 16 07:52:32 gtw01 dnsmasq-dhcp[5191]: DHCP, static leases only on 11.11.11.0, lease time 1h
Mar 16 07:52:32 gtw01 dnsmasq[5191]: read /var/lib/neutron/dhcp/01793d4b-aab1-413e-92bd-c9656ecf624f/addn_hosts - 3 addresses
Mar 16 07:52:32 gtw01 dnsmasq-dhcp[5191]: read /var/lib/neutron/dhcp/01793d4b-aab1-413e-92bd-c9656ecf624f/host
Mar 16 07:52:32 gtw01 dnsmasq-dhcp[5191]: read /var/lib/neutron/dhcp/01793d4b-aab1-413e-92bd-c9656ecf624f/opts
Mar 16 07:52:33 gtw01 dnsmasq[5200]: started, version 2.78 cachesize 150
Mar 16 07:52:33 gtw01 dnsmasq[5200]: DNS service limited to local subnets
Mar 16 07:52:33 gtw01 dnsmasq[5200]: compile time options: IPv6 GNU-getopt DBus i18n IDN DHCP DHCPv6 no-Lua TFTP conntrack ipset auth DNSSEC loop-detect inotify
Mar 16 07:52:33 gtw01 dnsmasq[5200]: LOUD WARNING: listening on 11.11.11.2 may accept requests via interfaces other than tapb92f5a87-8e
Mar 16 07:52:33 gtw01 dnsmasq[5200]: LOUD WARNING: use --bind-dynamic rather than --bind-interfaces to avoid DNS amplification attacks via these interface(s)
Mar 16 07:52:33 gtw01 dnsmasq[5200]: warning: no upstream servers configured
Mar 16 07:52:33 gtw01 dnsmasq-dhcp[5200]: DHCP, static leases only on 11.11.11.0, lease time 1h
Mar 16 07:52:33 gtw01 dnsmasq[5200]: read /var/lib/neutron/dhcp/e898e06b-9d2f-4cb4-838f-a18129b3be04/addn_hosts - 2 addresses
Mar 16 07:52:33 gtw01 dnsmasq-dhcp[5200]: read /var/lib/neutron/dhcp/e898e06b-9d2f-4cb4-838f-a18129b3be04/host
Mar 16 07:52:33 gtw01 dnsmasq-dhcp[5200]: read /var/lib/neutron/dhcp/e898e06b-9d2f-4cb4-838f-a18129b3be04/opts
Mar 16 07:52:33 gtw01 dnsmasq[5202]: started, version 2.78 cachesize 150
Mar 16 07:52:33 gtw01 dnsmasq[5202]: DNS service limited to local subnets
Mar 16 07:52:33 gtw01 dnsmasq[5202]: compile time options: IPv6 GNU-getopt DBus i18n IDN DHCP DHCPv6 no-Lua TFTP conntrack ipset auth DNSSEC loop-detect inotify
Mar 16 07:52:33 gtw01 dnsmasq[5202]: LOUD WARNING: listening on 11.11.11.2 may accept requests via interfaces other than tapb497b5cd-36
Mar 16 07:52:33 gtw01 dnsmasq[5202]: LOUD WARNING: use --bind-dynamic rather than --bind-interfaces to avoid DNS amplification attacks via these interface(s)
Mar 16 07:52:33 gtw01 dnsmasq[5202]: warning: no upstream servers configured
Mar 16 07:52:33 gtw01 dnsmasq-dhcp[5202]: DHCP, static leases only on 11.11.11.0, lease time 1h
Mar 16 07:52:33 gtw01 dnsmasq[5202]: read /var/lib/neutron/dhcp/27db5455-621f-409c-8b67-39d715a2cd31/addn_hosts - 3 addresses
Mar 16 07:52:33 gtw01 dnsmasq-dhcp[5202]: read /var/lib/neutron/dhcp/27db5455-621f-409c-8b67-39d715a2cd31/host
Mar 16 07:52:33 gtw01 dnsmasq-dhcp[5202]: read /var/lib/neutron/dhcp/27db5455-621f-409c-8b67-39d715a2cd31/opts
Mar 16 07:52:33 gtw01 dnsmasq[5206]: started, version 2.78 cachesize 150
Mar 16 07:52:33 gtw01 dnsmasq[5206]: DNS service limited to local subnets
Mar 16 07:52:33 gtw01 dnsmasq[5206]: compile time options: IPv6 GNU-getopt DBus i18n IDN DHCP DHCPv6 no-Lua TFTP conntrack ipset auth DNSSEC loop-detect inotify
Mar 16 07:52:33 gtw01 dnsmasq[5206]: LOUD WARNING: listening on 11.11.11.2 may accept requests via interfaces other than tapd4111b2a-ad
Mar 16 07:52:33 gtw01 dnsmasq[5206]: LOUD WARNING: use --bind-dynamic rather than --bind-interfaces to avoid DNS amplification attacks via these interface(s)
Mar 16 07:52:33 gtw01 dnsmasq[5206]: warning: no upstream servers configured
Mar 16 07:52:33 gtw01 dnsmasq-dhcp[5206]: DHCP, static leases only on 11.11.11.0, lease time 1h
Mar 16 07:52:33 gtw01 dnsmasq[5206]: read /var/lib/neutron/dhcp/be095c9e-aa1d-4435-b5f8-48bf71769a5f/addn_hosts - 3 addresses
Mar 16 07:52:33 gtw01 dnsmasq-dhcp[5206]: read /var/lib/neutron/dhcp/be095c9e-aa1d-4435-b5f8-48bf71769a5f/host
Mar 16 07:52:33 gtw01 dnsmasq-dhcp[5206]: read /var/lib/neutron/dhcp/be095c9e-aa1d-4435-b5f8-48bf71769a5f/opts
Mar 16 07:52:33 gtw01 dnsmasq-dhcp[5200]: DHCPRELEASE(tapb92f5a87-8e) 11.11.11.8 fa:16:3e:14:6e:22
Mar 16 07:52:33 gtw01 dnsmasq-dhcp[5191]: DHCPRELEASE(tape886ad27-ed) 11.11.11.1 fa:16:3e:25:e4:ee
Mar 16 07:52:33 gtw01 dnsmasq-dhcp[5202]: DHCPRELEASE(tapb497b5cd-36) 11.11.11.1 fa:16:3e:3c:88:23
Mar 16 07:52:33 gtw01 dnsmasq[5206]: read /var/lib/neutron/dhcp/be095c9e-aa1d-4435-b5f8-48bf71769a5f/addn_hosts - 3 addresses
Mar 16 07:52:33 gtw01 dnsmasq-dhcp[5206]: read /var/lib/neutron/dhcp/be095c9e-aa1d-4435-b5f8-48bf71769a5f/host
Mar 16 07:52:33 gtw01 dnsmasq-dhcp[5206]: read /var/lib/neutron/dhcp/be095c9e-aa1d-4435-b5f8-48bf71769a5f/opts
Mar 16 07:52:34 gtw01 dnsmasq[5191]: read /var/lib/neutron/dhcp/01793d4b-aab1-413e-92bd-c9656ecf624f/addn_hosts - 2 addresses
Mar 16 07:52:34 gtw01 dnsmasq-dhcp[5191]: read /var/lib/neutron/dhcp/01793d4b-aab1-413e-92bd-c9656ecf624f/host
Mar 16 07:52:34 gtw01 dnsmasq-dhcp[5191]: read /var/lib/neutron/dhcp/01793d4b-aab1-413e-92bd-c9656ecf624f/opts
Mar 16 07:52:34 gtw01 dnsmasq[5202]: read /var/lib/neutron/dhcp/27db5455-621f-409c-8b67-39d715a2cd31/addn_hosts - 2 addresses
Mar 16 07:52:34 gtw01 dnsmasq-dhcp[5202]: read /var/lib/neutron/dhcp/27db5455-621f-409c-8b67-39d715a2cd31/host
Mar 16 07:52:34 gtw01 dnsmasq-dhcp[5202]: read /var/lib/neutron/dhcp/27db5455-621f-409c-8b67-39d715a2cd31/opts
Mar 16 07:52:34 gtw01 dnsmasq[5200]: read /var/lib/neutron/dhcp/e898e06b-9d2f-4cb4-838f-a18129b3be04/addn_hosts - 1 addresses
Mar 16 07:52:34 gtw01 dnsmasq-dhcp[5200]: read /var/lib/neutron/dhcp/e898e06b-9d2f-4cb4-838f-a18129b3be04/host
Mar 16 07:52:34 gtw01 dnsmasq-dhcp[5200]: read /var/lib/neutron/dhcp/e898e06b-9d2f-4cb4-838f-a18129b3be04/opts
Mar 16 07:52:35 gtw01 dnsmasq-dhcp[5206]: DHCPRELEASE(tapd4111b2a-ad) 11.11.11.1 fa:16:3e:87:7e:2c
Mar 16 07:52:35 gtw01 dnsmasq[5191]: read /var/lib/neutron/dhcp/01793d4b-aab1-413e-92bd-c9656ecf624f/addn_hosts - 2 addresses
Mar 16 07:52:35 gtw01 dnsmasq-dhcp[5191]: read /var/lib/neutron/dhcp/01793d4b-aab1-413e-92bd-c9656ecf624f/host
Mar 16 07:52:35 gtw01 dnsmasq-dhcp[5191]: read /var/lib/neutron/dhcp/01793d4b-aab1-413e-92bd-c9656ecf624f/opts
Mar 16 07:52:35 gtw01 dnsmasq[5206]: read /var/lib/neutron/dhcp/be095c9e-aa1d-4435-b5f8-48bf71769a5f/addn_hosts - 2 addresses
Mar 16 07:52:35 gtw01 dnsmasq-dhcp[5206]: read /var/lib/neutron/dhcp/be095c9e-aa1d-4435-b5f8-48bf71769a5f/host
Mar 16 07:52:35 gtw01 dnsmasq-dhcp[5206]: read /var/lib/neutron/dhcp/be095c9e-aa1d-4435-b5f8-48bf71769a5f/opts
Mar 16 07:52:36 gtw01 dnsmasq[5202]: read /var/lib/neutron/dhcp/27db5455-621f-409c-8b67-39d715a2cd31/addn_hosts - 2 addresses
Mar 16 07:52:36 gtw01 dnsmasq-dhcp[5202]: read /var/lib/neutron/dhcp/27db5455-621f-409c-8b67-39d715a2cd31/host
Mar 16 07:52:36 gtw01 dnsmasq-dhcp[5202]: read /var/lib/neutron/dhcp/27db5455-621f-409c-8b67-39d715a2cd31/opts
Mar 16 07:52:36 gtw01 kernel: [13369.089695] device tapb92f5a87-8e left promiscuous mode
Mar 16 07:52:36 gtw01 dnsmasq-dhcp[5191]: DHCPRELEASE(tape886ad27-ed) 11.11.11.28 fa:16:3e:eb:d3:4d
Mar 16 07:52:37 gtw01 dnsmasq-dhcp[5206]: DHCPRELEASE(tapd4111b2a-ad) 11.11.11.11 fa:16:3e:48:d7:f8
Mar 16 07:52:37 gtw01 dnsmasq-dhcp[5202]: DHCPRELEASE(tapb497b5cd-36) 11.11.11.29 fa:16:3e:ae:35:d8
Mar 16 07:52:37 gtw01 dnsmasq[5191]: read /var/lib/neutron/dhcp/01793d4b-aab1-413e-92bd-c9656ecf624f/addn_hosts - 1 addresses
Mar 16 07:52:37 gtw01 dnsmasq-dhcp[5191]: read /var/lib/neutron/dhcp/01793d4b-aab1-413e-92bd-c9656ecf624f/host
Mar 16 07:52:37 gtw01 dnsmasq-dhcp[5191]: read /var/lib/neutron/dhcp/01793d4b-aab1-413e-92bd-c9656ecf624f/opts
Mar 16 07:52:37 gtw01 dnsmasq[5206]: read /var/lib/neutron/dhcp/be095c9e-aa1d-4435-b5f8-48bf71769a5f/addn_hosts - 1 addresses
Mar 16 07:52:37 gtw01 dnsmasq-dhcp[5206]: read /var/lib/neutron/dhcp/be095c9e-aa1d-4435-b5f8-48bf71769a5f/host
Mar 16 07:52:37 gtw01 dnsmasq-dhcp[5206]: read /var/lib/neutron/dhcp/be095c9e-aa1d-4435-b5f8-48bf71769a5f/opts
Mar 16 07:52:38 gtw01 dnsmasq[5202]: read /var/lib/neutron/dhcp/27db5455-621f-409c-8b67-39d715a2cd31/addn_hosts - 1 addresses
Mar 16 07:52:38 gtw01 dnsmasq-dhcp[5202]: read /var/lib/neutron/dhcp/27db5455-621f-409c-8b67-39d715a2cd31/host
Mar 16 07:52:38 gtw01 dnsmasq-dhcp[5202]: read /var/lib/neutron/dhcp/27db5455-621f-409c-8b67-39d715a2cd31/opts
Mar 16 07:52:39 gtw01 kernel: [13371.835965] device tapd4111b2a-ad left promiscuous mode
Mar 16 07:52:40 gtw01 kernel: [13373.059620] device tape886ad27-ed left promiscuous mode
Mar 16 07:52:41 gtw01 kernel: [13373.903944] device tapb497b5cd-36 left promiscuous mode
Mar 16 07:52:49 gtw01 kernel: [13381.814195] device tapbfeb6c70-47 entered promiscuous mode
Mar 16 07:52:49 gtw01 systemd-udevd[5451]: Could not generate persistent MAC address for tapbfeb6c70-47: No such file or directory
Mar 16 07:52:52 gtw01 dnsmasq[5576]: started, version 2.78 cachesize 150
Mar 16 07:52:52 gtw01 dnsmasq[5576]: DNS service limited to local subnets
Mar 16 07:52:52 gtw01 dnsmasq[5576]: compile time options: IPv6 GNU-getopt DBus i18n IDN DHCP DHCPv6 no-Lua TFTP conntrack ipset auth DNSSEC loop-detect inotify
Mar 16 07:52:52 gtw01 dnsmasq[5576]: LOUD WARNING: listening on 11.11.11.2 may accept requests via interfaces other than tapbfeb6c70-47
Mar 16 07:52:52 gtw01 dnsmasq[5576]: LOUD WARNING: use --bind-dynamic rather than --bind-interfaces to avoid DNS amplification attacks via these interface(s)
Mar 16 07:52:52 gtw01 dnsmasq[5576]: warning: no upstream servers configured
Mar 16 07:52:52 gtw01 dnsmasq-dhcp[5576]: DHCP, static leases only on 11.11.11.0, lease time 1h
Mar 16 07:52:52 gtw01 dnsmasq[5576]: read /var/lib/neutron/dhcp/de2c87db-892c-436c-a011-1413e80ea12c/addn_hosts - 1 addresses
Mar 16 07:52:52 gtw01 dnsmasq-dhcp[5576]: read /var/lib/neutron/dhcp/de2c87db-892c-436c-a011-1413e80ea12c/host
Mar 16 07:52:52 gtw01 dnsmasq-dhcp[5576]: read /var/lib/neutron/dhcp/de2c87db-892c-436c-a011-1413e80ea12c/opts
Mar 16 07:52:52 gtw01 haproxy-metadata-proxy-de2c87db-892c-436c-a011-1413e80ea12c[5580]: Proxy listener started.
Mar 16 07:52:53 gtw01 kernel: [13386.343198] device tapc6611c77-03 entered promiscuous mode
Mar 16 07:52:53 gtw01 systemd-udevd[5609]: Could not generate persistent MAC address for tapc6611c77-03: No such file or directory
Mar 16 07:52:53 gtw01 dnsmasq[5576]: read /var/lib/neutron/dhcp/de2c87db-892c-436c-a011-1413e80ea12c/addn_hosts - 3 addresses
Mar 16 07:52:53 gtw01 dnsmasq-dhcp[5576]: read /var/lib/neutron/dhcp/de2c87db-892c-436c-a011-1413e80ea12c/host
Mar 16 07:52:53 gtw01 dnsmasq-dhcp[5576]: read /var/lib/neutron/dhcp/de2c87db-892c-436c-a011-1413e80ea12c/opts
Mar 16 07:52:55 gtw01 kernel: [13387.767203] device tap02295c8d-4f entered promiscuous mode
Mar 16 07:52:55 gtw01 systemd-udevd[5729]: Could not generate persistent MAC address for tap02295c8d-4f: No such file or directory
Mar 16 07:52:56 gtw01 dnsmasq[5576]: read /var/lib/neutron/dhcp/de2c87db-892c-436c-a011-1413e80ea12c/addn_hosts - 3 addresses
Mar 16 07:52:56 gtw01 dnsmasq-dhcp[5576]: read /var/lib/neutron/dhcp/de2c87db-892c-436c-a011-1413e80ea12c/host
Mar 16 07:52:56 gtw01 dnsmasq-dhcp[5576]: read /var/lib/neutron/dhcp/de2c87db-892c-436c-a011-1413e80ea12c/opts
Mar 16 07:52:57 gtw01 kernel: [13389.722771] device tap2f6ebae3-a7 entered promiscuous mode
Mar 16 07:52:57 gtw01 systemd-udevd[5883]: Could not generate persistent MAC address for tap2f6ebae3-a7: No such file or directory
Mar 16 07:52:57 gtw01 dnsmasq[5981]: started, version 2.78 cachesize 150
Mar 16 07:52:57 gtw01 dnsmasq[5981]: DNS service limited to local subnets
Mar 16 07:52:57 gtw01 dnsmasq[5981]: compile time options: IPv6 GNU-getopt DBus i18n IDN DHCP DHCPv6 no-Lua TFTP conntrack ipset auth DNSSEC loop-detect inotify
Mar 16 07:52:57 gtw01 dnsmasq[5981]: LOUD WARNING: listening on 11.11.11.2 may accept requests via interfaces other than tapc6611c77-03
Mar 16 07:52:57 gtw01 dnsmasq[5981]: LOUD WARNING: use --bind-dynamic rather than --bind-interfaces to avoid DNS amplification attacks via these interface(s)
Mar 16 07:52:57 gtw01 dnsmasq[5981]: warning: no upstream servers configured
Mar 16 07:52:57 gtw01 dnsmasq-dhcp[5981]: DHCP, static leases only on 11.11.11.0, lease time 1h
Mar 16 07:52:57 gtw01 dnsmasq[5981]: read /var/lib/neutron/dhcp/39c7700b-3263-42d4-a91a-4dbac7a65d1a/addn_hosts - 1 addresses
Mar 16 07:52:57 gtw01 dnsmasq-dhcp[5981]: read /var/lib/neutron/dhcp/39c7700b-3263-42d4-a91a-4dbac7a65d1a/host
Mar 16 07:52:57 gtw01 dnsmasq-dhcp[5981]: read /var/lib/neutron/dhcp/39c7700b-3263-42d4-a91a-4dbac7a65d1a/opts
Mar 16 07:52:58 gtw01 haproxy-metadata-proxy-39c7700b-3263-42d4-a91a-4dbac7a65d1a[5992]: Proxy listener started.
Mar 16 07:52:58 gtw01 dnsmasq[5576]: read /var/lib/neutron/dhcp/de2c87db-892c-436c-a011-1413e80ea12c/addn_hosts - 3 addresses
Mar 16 07:52:58 gtw01 dnsmasq-dhcp[5576]: read /var/lib/neutron/dhcp/de2c87db-892c-436c-a011-1413e80ea12c/host
Mar 16 07:52:58 gtw01 dnsmasq-dhcp[5576]: read /var/lib/neutron/dhcp/de2c87db-892c-436c-a011-1413e80ea12c/opts
Mar 16 07:52:59 gtw01 dnsmasq[5981]: read /var/lib/neutron/dhcp/39c7700b-3263-42d4-a91a-4dbac7a65d1a/addn_hosts - 3 addresses
Mar 16 07:52:59 gtw01 dnsmasq-dhcp[5981]: read /var/lib/neutron/dhcp/39c7700b-3263-42d4-a91a-4dbac7a65d1a/host
Mar 16 07:52:59 gtw01 dnsmasq-dhcp[5981]: read /var/lib/neutron/dhcp/39c7700b-3263-42d4-a91a-4dbac7a65d1a/opts
Mar 16 07:52:59 gtw01 dnsmasq[6060]: started, version 2.78 cachesize 150
Mar 16 07:52:59 gtw01 dnsmasq[6060]: DNS service limited to local subnets
Mar 16 07:52:59 gtw01 dnsmasq[6060]: compile time options: IPv6 GNU-getopt DBus i18n IDN DHCP DHCPv6 no-Lua TFTP conntrack ipset auth DNSSEC loop-detect inotify
Mar 16 07:52:59 gtw01 dnsmasq[6060]: LOUD WARNING: listening on 11.11.11.2 may accept requests via interfaces other than tap02295c8d-4f
Mar 16 07:52:59 gtw01 dnsmasq[6060]: LOUD WARNING: use --bind-dynamic rather than --bind-interfaces to avoid DNS amplification attacks via these interface(s)
Mar 16 07:52:59 gtw01 dnsmasq[6060]: warning: no upstream servers configured
Mar 16 07:52:59 gtw01 dnsmasq-dhcp[6060]: DHCP, static leases only on 11.11.11.0, lease time 1h
Mar 16 07:52:59 gtw01 dnsmasq[6060]: read /var/lib/neutron/dhcp/ce1924b6-80fe-4220-8f31-773c86773105/addn_hosts - 1 addresses
Mar 16 07:52:59 gtw01 dnsmasq-dhcp[6060]: read /var/lib/neutron/dhcp/ce1924b6-80fe-4220-8f31-773c86773105/host
Mar 16 07:52:59 gtw01 dnsmasq-dhcp[6060]: read /var/lib/neutron/dhcp/ce1924b6-80fe-4220-8f31-773c86773105/opts
Mar 16 07:52:59 gtw01 haproxy-metadata-proxy-ce1924b6-80fe-4220-8f31-773c86773105[6072]: Proxy listener started.
Mar 16 07:53:00 gtw01 dnsmasq[5981]: read /var/lib/neutron/dhcp/39c7700b-3263-42d4-a91a-4dbac7a65d1a/addn_hosts - 3 addresses
Mar 16 07:53:00 gtw01 dnsmasq-dhcp[5981]: read /var/lib/neutron/dhcp/39c7700b-3263-42d4-a91a-4dbac7a65d1a/host
Mar 16 07:53:00 gtw01 dnsmasq-dhcp[5981]: read /var/lib/neutron/dhcp/39c7700b-3263-42d4-a91a-4dbac7a65d1a/opts
Mar 16 07:53:01 gtw01 dnsmasq[6116]: started, version 2.78 cachesize 150
Mar 16 07:53:01 gtw01 dnsmasq[6116]: DNS service limited to local subnets
Mar 16 07:53:01 gtw01 dnsmasq[6116]: compile time options: IPv6 GNU-getopt DBus i18n IDN DHCP DHCPv6 no-Lua TFTP conntrack ipset auth DNSSEC loop-detect inotify
Mar 16 07:53:01 gtw01 dnsmasq[6116]: LOUD WARNING: listening on 11.11.11.2 may accept requests via interfaces other than tap2f6ebae3-a7
Mar 16 07:53:01 gtw01 dnsmasq[6116]: LOUD WARNING: use --bind-dynamic rather than --bind-interfaces to avoid DNS amplification attacks via these interface(s)
Mar 16 07:53:01 gtw01 dnsmasq[6116]: warning: no upstream servers configured
Mar 16 07:53:01 gtw01 dnsmasq-dhcp[6116]: DHCP, static leases only on 11.11.11.0, lease time 1h
Mar 16 07:53:01 gtw01 dnsmasq[6116]: read /var/lib/neutron/dhcp/e4a9ccda-4d59-4e3a-b640-8b9956d513b2/addn_hosts - 1 addresses
Mar 16 07:53:01 gtw01 dnsmasq-dhcp[6116]: read /var/lib/neutron/dhcp/e4a9ccda-4d59-4e3a-b640-8b9956d513b2/host
Mar 16 07:53:01 gtw01 dnsmasq-dhcp[6116]: read /var/lib/neutron/dhcp/e4a9ccda-4d59-4e3a-b640-8b9956d513b2/opts
Mar 16 07:53:01 gtw01 dnsmasq[6060]: read /var/lib/neutron/dhcp/ce1924b6-80fe-4220-8f31-773c86773105/addn_hosts - 3 addresses
Mar 16 07:53:01 gtw01 dnsmasq-dhcp[6060]: read /var/lib/neutron/dhcp/ce1924b6-80fe-4220-8f31-773c86773105/host
Mar 16 07:53:01 gtw01 dnsmasq-dhcp[6060]: read /var/lib/neutron/dhcp/ce1924b6-80fe-4220-8f31-773c86773105/opts
Mar 16 07:53:01 gtw01 haproxy-metadata-proxy-e4a9ccda-4d59-4e3a-b640-8b9956d513b2[6124]: Proxy listener started.
Mar 16 07:53:02 gtw01 dnsmasq[6116]: read /var/lib/neutron/dhcp/e4a9ccda-4d59-4e3a-b640-8b9956d513b2/addn_hosts - 2 addresses
Mar 16 07:53:02 gtw01 dnsmasq-dhcp[6116]: read /var/lib/neutron/dhcp/e4a9ccda-4d59-4e3a-b640-8b9956d513b2/host
Mar 16 07:53:02 gtw01 dnsmasq-dhcp[6116]: read /var/lib/neutron/dhcp/e4a9ccda-4d59-4e3a-b640-8b9956d513b2/opts
Mar 16 07:53:02 gtw01 dnsmasq[6060]: read /var/lib/neutron/dhcp/ce1924b6-80fe-4220-8f31-773c86773105/addn_hosts - 3 addresses
Mar 16 07:53:02 gtw01 dnsmasq-dhcp[6060]: read /var/lib/neutron/dhcp/ce1924b6-80fe-4220-8f31-773c86773105/host
Mar 16 07:53:02 gtw01 dnsmasq-dhcp[6060]: read /var/lib/neutron/dhcp/ce1924b6-80fe-4220-8f31-773c86773105/opts
Mar 16 07:53:02 gtw01 dnsmasq[5981]: read /var/lib/neutron/dhcp/39c7700b-3263-42d4-a91a-4dbac7a65d1a/addn_hosts - 3 addresses
Mar 16 07:53:02 gtw01 dnsmasq-dhcp[5981]: read /var/lib/neutron/dhcp/39c7700b-3263-42d4-a91a-4dbac7a65d1a/host
Mar 16 07:53:02 gtw01 dnsmasq-dhcp[5981]: read /var/lib/neutron/dhcp/39c7700b-3263-42d4-a91a-4dbac7a65d1a/opts
Mar 16 07:53:03 gtw01 dnsmasq[6116]: read /var/lib/neutron/dhcp/e4a9ccda-4d59-4e3a-b640-8b9956d513b2/addn_hosts - 2 addresses
Mar 16 07:53:03 gtw01 dnsmasq-dhcp[6116]: read /var/lib/neutron/dhcp/e4a9ccda-4d59-4e3a-b640-8b9956d513b2/host
Mar 16 07:53:03 gtw01 dnsmasq-dhcp[6116]: read /var/lib/neutron/dhcp/e4a9ccda-4d59-4e3a-b640-8b9956d513b2/opts
Mar 16 07:53:03 gtw01 dnsmasq[6060]: read /var/lib/neutron/dhcp/ce1924b6-80fe-4220-8f31-773c86773105/addn_hosts - 3 addresses
Mar 16 07:53:03 gtw01 dnsmasq-dhcp[6060]: read /var/lib/neutron/dhcp/ce1924b6-80fe-4220-8f31-773c86773105/host
Mar 16 07:53:03 gtw01 dnsmasq-dhcp[6060]: read /var/lib/neutron/dhcp/ce1924b6-80fe-4220-8f31-773c86773105/opts
Mar 16 07:53:04 gtw01 dnsmasq[5981]: read /var/lib/neutron/dhcp/39c7700b-3263-42d4-a91a-4dbac7a65d1a/addn_hosts - 3 addresses
Mar 16 07:53:04 gtw01 dnsmasq-dhcp[5981]: read /var/lib/neutron/dhcp/39c7700b-3263-42d4-a91a-4dbac7a65d1a/host
Mar 16 07:53:04 gtw01 dnsmasq-dhcp[5981]: read /var/lib/neutron/dhcp/39c7700b-3263-42d4-a91a-4dbac7a65d1a/opts
Mar 16 07:53:04 gtw01 dnsmasq[6116]: read /var/lib/neutron/dhcp/e4a9ccda-4d59-4e3a-b640-8b9956d513b2/addn_hosts - 2 addresses
Mar 16 07:53:04 gtw01 dnsmasq-dhcp[6116]: read /var/lib/neutron/dhcp/e4a9ccda-4d59-4e3a-b640-8b9956d513b2/host
Mar 16 07:53:04 gtw01 dnsmasq-dhcp[6116]: read /var/lib/neutron/dhcp/e4a9ccda-4d59-4e3a-b640-8b9956d513b2/opts
Mar 16 07:53:05 gtw01 dnsmasq[6060]: read /var/lib/neutron/dhcp/ce1924b6-80fe-4220-8f31-773c86773105/addn_hosts - 3 addresses
Mar 16 07:53:05 gtw01 dnsmasq-dhcp[6060]: read /var/lib/neutron/dhcp/ce1924b6-80fe-4220-8f31-773c86773105/host
Mar 16 07:53:05 gtw01 dnsmasq-dhcp[6060]: read /var/lib/neutron/dhcp/ce1924b6-80fe-4220-8f31-773c86773105/opts
Mar 16 07:53:05 gtw01 dnsmasq[6116]: read /var/lib/neutron/dhcp/e4a9ccda-4d59-4e3a-b640-8b9956d513b2/addn_hosts - 2 addresses
Mar 16 07:53:05 gtw01 dnsmasq-dhcp[6116]: read /var/lib/neutron/dhcp/e4a9ccda-4d59-4e3a-b640-8b9956d513b2/host
Mar 16 07:53:05 gtw01 dnsmasq-dhcp[6116]: read /var/lib/neutron/dhcp/e4a9ccda-4d59-4e3a-b640-8b9956d513b2/opts
Mar 16 07:53:06 gtw01 dnsmasq[6116]: read /var/lib/neutron/dhcp/e4a9ccda-4d59-4e3a-b640-8b9956d513b2/addn_hosts - 3 addresses
Mar 16 07:53:06 gtw01 dnsmasq-dhcp[6116]: read /var/lib/neutron/dhcp/e4a9ccda-4d59-4e3a-b640-8b9956d513b2/host
