Mar 16 07:09:03 gtw01 dnsmasq-dhcp[26942]: read /var/lib/neutron/dhcp/48e2cd70-733f-404b-a357-6f6374be945b/host
Mar 16 07:09:03 gtw01 dnsmasq-dhcp[26942]: read /var/lib/neutron/dhcp/48e2cd70-733f-404b-a357-6f6374be945b/opts
Mar 16 07:09:03 gtw01 dnsmasq[26950]: read /var/lib/neutron/dhcp/9d342fc4-7603-40cf-b092-81f05da3851f/addn_hosts - 2 addresses
Mar 16 07:09:03 gtw01 dnsmasq-dhcp[26950]: read /var/lib/neutron/dhcp/9d342fc4-7603-40cf-b092-81f05da3851f/host
Mar 16 07:09:03 gtw01 dnsmasq-dhcp[26950]: read /var/lib/neutron/dhcp/9d342fc4-7603-40cf-b092-81f05da3851f/opts
Mar 16 07:09:04 gtw01 dnsmasq[26942]: read /var/lib/neutron/dhcp/48e2cd70-733f-404b-a357-6f6374be945b/addn_hosts - 15 addresses
Mar 16 07:09:04 gtw01 dnsmasq-dhcp[26942]: read /var/lib/neutron/dhcp/48e2cd70-733f-404b-a357-6f6374be945b/host
Mar 16 07:09:04 gtw01 dnsmasq-dhcp[26942]: read /var/lib/neutron/dhcp/48e2cd70-733f-404b-a357-6f6374be945b/opts
Mar 16 07:09:05 gtw01 dnsmasq[26942]: read /var/lib/neutron/dhcp/48e2cd70-733f-404b-a357-6f6374be945b/addn_hosts - 15 addresses
Mar 16 07:09:05 gtw01 dnsmasq-dhcp[26942]: read /var/lib/neutron/dhcp/48e2cd70-733f-404b-a357-6f6374be945b/host
Mar 16 07:09:05 gtw01 dnsmasq-dhcp[26942]: read /var/lib/neutron/dhcp/48e2cd70-733f-404b-a357-6f6374be945b/opts
Mar 16 07:09:05 gtw01 dnsmasq[26950]: read /var/lib/neutron/dhcp/9d342fc4-7603-40cf-b092-81f05da3851f/addn_hosts - 1 addresses
Mar 16 07:09:05 gtw01 dnsmasq-dhcp[26950]: read /var/lib/neutron/dhcp/9d342fc4-7603-40cf-b092-81f05da3851f/host
Mar 16 07:09:05 gtw01 dnsmasq-dhcp[26950]: read /var/lib/neutron/dhcp/9d342fc4-7603-40cf-b092-81f05da3851f/opts
Mar 16 07:09:06 gtw01 dnsmasq[26942]: read /var/lib/neutron/dhcp/48e2cd70-733f-404b-a357-6f6374be945b/addn_hosts - 16 addresses
Mar 16 07:09:06 gtw01 dnsmasq-dhcp[26942]: read /var/lib/neutron/dhcp/48e2cd70-733f-404b-a357-6f6374be945b/host
Mar 16 07:09:06 gtw01 dnsmasq-dhcp[26942]: read /var/lib/neutron/dhcp/48e2cd70-733f-404b-a357-6f6374be945b/opts
Mar 16 07:09:08 gtw01 dnsmasq[26942]: read /var/lib/neutron/dhcp/48e2cd70-733f-404b-a357-6f6374be945b/addn_hosts - 16 addresses
Mar 16 07:09:08 gtw01 dnsmasq-dhcp[26942]: read /var/lib/neutron/dhcp/48e2cd70-733f-404b-a357-6f6374be945b/host
Mar 16 07:09:08 gtw01 dnsmasq-dhcp[26942]: read /var/lib/neutron/dhcp/48e2cd70-733f-404b-a357-6f6374be945b/opts
Mar 16 07:09:08 gtw01 dnsmasq[26950]: read /var/lib/neutron/dhcp/9d342fc4-7603-40cf-b092-81f05da3851f/addn_hosts - 2 addresses
Mar 16 07:09:08 gtw01 dnsmasq-dhcp[26950]: read /var/lib/neutron/dhcp/9d342fc4-7603-40cf-b092-81f05da3851f/host
Mar 16 07:09:08 gtw01 dnsmasq-dhcp[26950]: read /var/lib/neutron/dhcp/9d342fc4-7603-40cf-b092-81f05da3851f/opts
Mar 16 07:09:09 gtw01 dnsmasq[26942]: read /var/lib/neutron/dhcp/48e2cd70-733f-404b-a357-6f6374be945b/addn_hosts - 16 addresses
Mar 16 07:09:09 gtw01 dnsmasq-dhcp[26942]: read /var/lib/neutron/dhcp/48e2cd70-733f-404b-a357-6f6374be945b/host
Mar 16 07:09:09 gtw01 dnsmasq-dhcp[26942]: read /var/lib/neutron/dhcp/48e2cd70-733f-404b-a357-6f6374be945b/opts
Mar 16 07:09:10 gtw01 dnsmasq[26950]: read /var/lib/neutron/dhcp/9d342fc4-7603-40cf-b092-81f05da3851f/addn_hosts - 1 addresses
Mar 16 07:09:10 gtw01 dnsmasq-dhcp[26950]: read /var/lib/neutron/dhcp/9d342fc4-7603-40cf-b092-81f05da3851f/host
Mar 16 07:09:10 gtw01 dnsmasq-dhcp[26950]: read /var/lib/neutron/dhcp/9d342fc4-7603-40cf-b092-81f05da3851f/opts
Mar 16 07:09:11 gtw01 dnsmasq[26942]: read /var/lib/neutron/dhcp/48e2cd70-733f-404b-a357-6f6374be945b/addn_hosts - 16 addresses
Mar 16 07:09:11 gtw01 dnsmasq-dhcp[26942]: read /var/lib/neutron/dhcp/48e2cd70-733f-404b-a357-6f6374be945b/host
Mar 16 07:09:11 gtw01 dnsmasq-dhcp[26942]: read /var/lib/neutron/dhcp/48e2cd70-733f-404b-a357-6f6374be945b/opts
Mar 16 07:09:12 gtw01 dnsmasq[26942]: read /var/lib/neutron/dhcp/48e2cd70-733f-404b-a357-6f6374be945b/addn_hosts - 17 addresses
Mar 16 07:09:12 gtw01 dnsmasq-dhcp[26942]: read /var/lib/neutron/dhcp/48e2cd70-733f-404b-a357-6f6374be945b/host
Mar 16 07:09:12 gtw01 dnsmasq-dhcp[26942]: read /var/lib/neutron/dhcp/48e2cd70-733f-404b-a357-6f6374be945b/opts
Mar 16 07:09:14 gtw01 dnsmasq[26950]: read /var/lib/neutron/dhcp/9d342fc4-7603-40cf-b092-81f05da3851f/addn_hosts - 2 addresses
Mar 16 07:09:14 gtw01 dnsmasq-dhcp[26950]: read /var/lib/neutron/dhcp/9d342fc4-7603-40cf-b092-81f05da3851f/host
Mar 16 07:09:14 gtw01 dnsmasq-dhcp[26950]: read /var/lib/neutron/dhcp/9d342fc4-7603-40cf-b092-81f05da3851f/opts
Mar 16 07:09:14 gtw01 dnsmasq[26942]: read /var/lib/neutron/dhcp/48e2cd70-733f-404b-a357-6f6374be945b/addn_hosts - 17 addresses
Mar 16 07:09:14 gtw01 dnsmasq-dhcp[26942]: read /var/lib/neutron/dhcp/48e2cd70-733f-404b-a357-6f6374be945b/host
Mar 16 07:09:14 gtw01 dnsmasq-dhcp[26942]: read /var/lib/neutron/dhcp/48e2cd70-733f-404b-a357-6f6374be945b/opts
Mar 16 07:09:16 gtw01 dnsmasq-dhcp[26942]: DHCPRELEASE(tap2519f534-0c) 192.168.120.7 fa:16:3e:27:3e:64
Mar 16 07:09:16 gtw01 dnsmasq[26950]: read /var/lib/neutron/dhcp/9d342fc4-7603-40cf-b092-81f05da3851f/addn_hosts - 1 addresses
Mar 16 07:09:16 gtw01 dnsmasq-dhcp[26950]: read /var/lib/neutron/dhcp/9d342fc4-7603-40cf-b092-81f05da3851f/host
Mar 16 07:09:16 gtw01 dnsmasq-dhcp[26950]: read /var/lib/neutron/dhcp/9d342fc4-7603-40cf-b092-81f05da3851f/opts
Mar 16 07:09:17 gtw01 dnsmasq[26942]: read /var/lib/neutron/dhcp/48e2cd70-733f-404b-a357-6f6374be945b/addn_hosts - 17 addresses
Mar 16 07:09:17 gtw01 dnsmasq-dhcp[26942]: read /var/lib/neutron/dhcp/48e2cd70-733f-404b-a357-6f6374be945b/host
Mar 16 07:09:17 gtw01 dnsmasq-dhcp[26942]: read /var/lib/neutron/dhcp/48e2cd70-733f-404b-a357-6f6374be945b/opts
Mar 16 07:09:17 gtw01 dnsmasq[26942]: read /var/lib/neutron/dhcp/48e2cd70-733f-404b-a357-6f6374be945b/addn_hosts - 17 addresses
Mar 16 07:09:17 gtw01 dnsmasq-dhcp[26942]: read /var/lib/neutron/dhcp/48e2cd70-733f-404b-a357-6f6374be945b/host
Mar 16 07:09:17 gtw01 dnsmasq-dhcp[26942]: read /var/lib/neutron/dhcp/48e2cd70-733f-404b-a357-6f6374be945b/opts
Mar 16 07:09:19 gtw01 kernel: [10772.225377] device tapf43bf5cc-ef left promiscuous mode
Mar 16 07:09:20 gtw01 dnsmasq[26942]: read /var/lib/neutron/dhcp/48e2cd70-733f-404b-a357-6f6374be945b/addn_hosts - 16 addresses
Mar 16 07:09:20 gtw01 dnsmasq-dhcp[26942]: read /var/lib/neutron/dhcp/48e2cd70-733f-404b-a357-6f6374be945b/host
Mar 16 07:09:20 gtw01 dnsmasq-dhcp[26942]: read /var/lib/neutron/dhcp/48e2cd70-733f-404b-a357-6f6374be945b/opts
Mar 16 07:09:21 gtw01 dnsmasq[26942]: read /var/lib/neutron/dhcp/48e2cd70-733f-404b-a357-6f6374be945b/addn_hosts - 15 addresses
Mar 16 07:09:21 gtw01 dnsmasq-dhcp[26942]: read /var/lib/neutron/dhcp/48e2cd70-733f-404b-a357-6f6374be945b/host
Mar 16 07:09:21 gtw01 dnsmasq-dhcp[26942]: read /var/lib/neutron/dhcp/48e2cd70-733f-404b-a357-6f6374be945b/opts
Mar 16 07:09:22 gtw01 dnsmasq[26942]: read /var/lib/neutron/dhcp/48e2cd70-733f-404b-a357-6f6374be945b/addn_hosts - 14 addresses
Mar 16 07:09:22 gtw01 dnsmasq-dhcp[26942]: read /var/lib/neutron/dhcp/48e2cd70-733f-404b-a357-6f6374be945b/host
Mar 16 07:09:22 gtw01 dnsmasq-dhcp[26942]: read /var/lib/neutron/dhcp/48e2cd70-733f-404b-a357-6f6374be945b/opts
Mar 16 07:09:23 gtw01 dnsmasq[26942]: read /var/lib/neutron/dhcp/48e2cd70-733f-404b-a357-6f6374be945b/addn_hosts - 13 addresses
Mar 16 07:09:23 gtw01 dnsmasq-dhcp[26942]: read /var/lib/neutron/dhcp/48e2cd70-733f-404b-a357-6f6374be945b/host
Mar 16 07:09:23 gtw01 dnsmasq-dhcp[26942]: read /var/lib/neutron/dhcp/48e2cd70-733f-404b-a357-6f6374be945b/opts
Mar 16 07:09:24 gtw01 dnsmasq[26942]: read /var/lib/neutron/dhcp/48e2cd70-733f-404b-a357-6f6374be945b/addn_hosts - 12 addresses
Mar 16 07:09:24 gtw01 dnsmasq-dhcp[26942]: read /var/lib/neutron/dhcp/48e2cd70-733f-404b-a357-6f6374be945b/host
Mar 16 07:09:24 gtw01 dnsmasq-dhcp[26942]: read /var/lib/neutron/dhcp/48e2cd70-733f-404b-a357-6f6374be945b/opts
Mar 16 07:09:24 gtw01 kernel: [10777.187595] device tap0d8d0779-83 left promiscuous mode
Mar 16 07:09:25 gtw01 dnsmasq[26942]: read /var/lib/neutron/dhcp/48e2cd70-733f-404b-a357-6f6374be945b/addn_hosts - 11 addresses
Mar 16 07:09:25 gtw01 dnsmasq-dhcp[26942]: read /var/lib/neutron/dhcp/48e2cd70-733f-404b-a357-6f6374be945b/host
Mar 16 07:09:25 gtw01 dnsmasq-dhcp[26942]: read /var/lib/neutron/dhcp/48e2cd70-733f-404b-a357-6f6374be945b/opts
Mar 16 07:09:26 gtw01 dnsmasq[26942]: read /var/lib/neutron/dhcp/48e2cd70-733f-404b-a357-6f6374be945b/addn_hosts - 10 addresses
Mar 16 07:09:26 gtw01 dnsmasq-dhcp[26942]: read /var/lib/neutron/dhcp/48e2cd70-733f-404b-a357-6f6374be945b/host
Mar 16 07:09:26 gtw01 dnsmasq-dhcp[26942]: read /var/lib/neutron/dhcp/48e2cd70-733f-404b-a357-6f6374be945b/opts
Mar 16 07:09:26 gtw01 dnsmasq[26942]: read /var/lib/neutron/dhcp/48e2cd70-733f-404b-a357-6f6374be945b/addn_hosts - 9 addresses
Mar 16 07:09:26 gtw01 dnsmasq-dhcp[26942]: read /var/lib/neutron/dhcp/48e2cd70-733f-404b-a357-6f6374be945b/host
Mar 16 07:09:26 gtw01 dnsmasq-dhcp[26942]: read /var/lib/neutron/dhcp/48e2cd70-733f-404b-a357-6f6374be945b/opts
Mar 16 07:09:27 gtw01 dnsmasq[26942]: read /var/lib/neutron/dhcp/48e2cd70-733f-404b-a357-6f6374be945b/addn_hosts - 7 addresses
Mar 16 07:09:27 gtw01 dnsmasq-dhcp[26942]: read /var/lib/neutron/dhcp/48e2cd70-733f-404b-a357-6f6374be945b/host
Mar 16 07:09:27 gtw01 dnsmasq-dhcp[26942]: read /var/lib/neutron/dhcp/48e2cd70-733f-404b-a357-6f6374be945b/opts
Mar 16 07:09:28 gtw01 dnsmasq[26942]: read /var/lib/neutron/dhcp/48e2cd70-733f-404b-a357-6f6374be945b/addn_hosts - 6 addresses
Mar 16 07:09:28 gtw01 dnsmasq-dhcp[26942]: read /var/lib/neutron/dhcp/48e2cd70-733f-404b-a357-6f6374be945b/host
Mar 16 07:09:28 gtw01 dnsmasq-dhcp[26942]: read /var/lib/neutron/dhcp/48e2cd70-733f-404b-a357-6f6374be945b/opts
Mar 16 07:09:29 gtw01 dnsmasq[26942]: read /var/lib/neutron/dhcp/48e2cd70-733f-404b-a357-6f6374be945b/addn_hosts - 5 addresses
Mar 16 07:09:29 gtw01 dnsmasq-dhcp[26942]: read /var/lib/neutron/dhcp/48e2cd70-733f-404b-a357-6f6374be945b/host
Mar 16 07:09:29 gtw01 dnsmasq-dhcp[26942]: read /var/lib/neutron/dhcp/48e2cd70-733f-404b-a357-6f6374be945b/opts
Mar 16 07:09:30 gtw01 kernel: [10782.510584] device tapeb629dc2-66 left promiscuous mode
Mar 16 07:09:30 gtw01 dnsmasq-dhcp[26942]: DHCPRELEASE(tap2519f534-0c) 192.168.120.8 fa:16:3e:ed:6e:3f
Mar 16 07:09:31 gtw01 dnsmasq[26942]: read /var/lib/neutron/dhcp/48e2cd70-733f-404b-a357-6f6374be945b/addn_hosts - 4 addresses
Mar 16 07:09:31 gtw01 dnsmasq-dhcp[26942]: read /var/lib/neutron/dhcp/48e2cd70-733f-404b-a357-6f6374be945b/host
Mar 16 07:09:31 gtw01 dnsmasq-dhcp[26942]: read /var/lib/neutron/dhcp/48e2cd70-733f-404b-a357-6f6374be945b/opts
Mar 16 07:09:31 gtw01 dnsmasq-dhcp[26942]: DHCPRELEASE(tap2519f534-0c) 192.168.120.12 fa:16:3e:20:6a:83
Mar 16 07:09:32 gtw01 dnsmasq[26942]: read /var/lib/neutron/dhcp/48e2cd70-733f-404b-a357-6f6374be945b/addn_hosts - 3 addresses
Mar 16 07:09:32 gtw01 dnsmasq-dhcp[26942]: read /var/lib/neutron/dhcp/48e2cd70-733f-404b-a357-6f6374be945b/host
Mar 16 07:09:32 gtw01 dnsmasq-dhcp[26942]: read /var/lib/neutron/dhcp/48e2cd70-733f-404b-a357-6f6374be945b/opts
Mar 16 07:09:33 gtw01 dnsmasq-dhcp[26942]: DHCPRELEASE(tap2519f534-0c) 192.168.120.10 fa:16:3e:f0:f8:a5
Mar 16 07:09:34 gtw01 dnsmasq[26942]: read /var/lib/neutron/dhcp/48e2cd70-733f-404b-a357-6f6374be945b/addn_hosts - 2 addresses
Mar 16 07:09:34 gtw01 dnsmasq-dhcp[26942]: read /var/lib/neutron/dhcp/48e2cd70-733f-404b-a357-6f6374be945b/host
Mar 16 07:09:34 gtw01 dnsmasq-dhcp[26942]: read /var/lib/neutron/dhcp/48e2cd70-733f-404b-a357-6f6374be945b/opts
Mar 16 07:09:35 gtw01 dnsmasq[26942]: read /var/lib/neutron/dhcp/48e2cd70-733f-404b-a357-6f6374be945b/addn_hosts - 1 addresses
Mar 16 07:09:35 gtw01 dnsmasq-dhcp[26942]: read /var/lib/neutron/dhcp/48e2cd70-733f-404b-a357-6f6374be945b/host
Mar 16 07:09:35 gtw01 dnsmasq-dhcp[26942]: read /var/lib/neutron/dhcp/48e2cd70-733f-404b-a357-6f6374be945b/opts
Mar 16 07:09:36 gtw01 kernel: [10788.639152] device tap2519f534-0c left promiscuous mode
Mar 16 07:09:48 gtw01 dnsmasq-dhcp[25454]: DHCPRELEASE(tap931fe504-ea) 192.168.120.1 fa:16:3e:9b:34:39
Mar 16 07:09:49 gtw01 dnsmasq[25454]: read /var/lib/neutron/dhcp/a06963ff-6b96-4088-ba57-8e204bd00aaf/addn_hosts - 1 addresses
Mar 16 07:09:49 gtw01 dnsmasq-dhcp[25454]: read /var/lib/neutron/dhcp/a06963ff-6b96-4088-ba57-8e204bd00aaf/host
Mar 16 07:09:49 gtw01 dnsmasq-dhcp[25454]: read /var/lib/neutron/dhcp/a06963ff-6b96-4088-ba57-8e204bd00aaf/opts
Mar 16 07:09:53 gtw01 kernel: [10805.767115] device tap931fe504-ea left promiscuous mode
Mar 16 07:10:04 gtw01 systemd-udevd[28322]: Could not generate persistent MAC address for tap04cdbcce-af: No such file or directory
Mar 16 07:10:04 gtw01 kernel: [10816.788141] device tap04cdbcce-af entered promiscuous mode
Mar 16 07:10:07 gtw01 dnsmasq[28446]: started, version 2.78 cachesize 150
Mar 16 07:10:07 gtw01 dnsmasq[28446]: DNS service limited to local subnets
Mar 16 07:10:07 gtw01 dnsmasq[28446]: compile time options: IPv6 GNU-getopt DBus i18n IDN DHCP DHCPv6 no-Lua TFTP conntrack ipset auth DNSSEC loop-detect inotify
Mar 16 07:10:07 gtw01 dnsmasq[28446]: warning: no upstream servers configured
Mar 16 07:10:07 gtw01 dnsmasq-dhcp[28446]: DHCP, static leases only on 192.168.120.0, lease time 1h
Mar 16 07:10:07 gtw01 dnsmasq[28446]: read /var/lib/neutron/dhcp/07e6d677-ab22-4beb-bc73-2142701df1f5/addn_hosts - 1 addresses
Mar 16 07:10:07 gtw01 dnsmasq-dhcp[28446]: read /var/lib/neutron/dhcp/07e6d677-ab22-4beb-bc73-2142701df1f5/host
Mar 16 07:10:07 gtw01 dnsmasq-dhcp[28446]: read /var/lib/neutron/dhcp/07e6d677-ab22-4beb-bc73-2142701df1f5/opts
Mar 16 07:10:07 gtw01 haproxy-metadata-proxy-07e6d677-ab22-4beb-bc73-2142701df1f5[28450]: Proxy listener started.
Mar 16 07:10:08 gtw01 dnsmasq[28446]: read /var/lib/neutron/dhcp/07e6d677-ab22-4beb-bc73-2142701df1f5/addn_hosts - 2 addresses
Mar 16 07:10:08 gtw01 dnsmasq-dhcp[28446]: read /var/lib/neutron/dhcp/07e6d677-ab22-4beb-bc73-2142701df1f5/host
Mar 16 07:10:08 gtw01 dnsmasq-dhcp[28446]: read /var/lib/neutron/dhcp/07e6d677-ab22-4beb-bc73-2142701df1f5/opts
Mar 16 07:10:09 gtw01 dnsmasq[28446]: read /var/lib/neutron/dhcp/07e6d677-ab22-4beb-bc73-2142701df1f5/addn_hosts - 2 addresses
Mar 16 07:10:09 gtw01 dnsmasq-dhcp[28446]: read /var/lib/neutron/dhcp/07e6d677-ab22-4beb-bc73-2142701df1f5/host
Mar 16 07:10:09 gtw01 dnsmasq-dhcp[28446]: read /var/lib/neutron/dhcp/07e6d677-ab22-4beb-bc73-2142701df1f5/opts
Mar 16 07:10:42 gtw01 dnsmasq[28529]: started, version 2.78 cachesize 150
Mar 16 07:10:42 gtw01 dnsmasq[28529]: DNS service limited to local subnets
Mar 16 07:10:42 gtw01 dnsmasq[28529]: compile time options: IPv6 GNU-getopt DBus i18n IDN DHCP DHCPv6 no-Lua TFTP conntrack ipset auth DNSSEC loop-detect inotify
Mar 16 07:10:42 gtw01 dnsmasq[28529]: warning: no upstream servers configured
Mar 16 07:10:42 gtw01 dnsmasq-dhcp[28529]: DHCP, static leases only on 192.168.120.0, lease time 1h
Mar 16 07:10:42 gtw01 dnsmasq[28529]: read /var/lib/neutron/dhcp/07e6d677-ab22-4beb-bc73-2142701df1f5/addn_hosts - 2 addresses
Mar 16 07:10:42 gtw01 dnsmasq-dhcp[28529]: read /var/lib/neutron/dhcp/07e6d677-ab22-4beb-bc73-2142701df1f5/host
Mar 16 07:10:42 gtw01 dnsmasq-dhcp[28529]: read /var/lib/neutron/dhcp/07e6d677-ab22-4beb-bc73-2142701df1f5/opts
Mar 16 07:10:55 gtw01 kernel: [10867.587644] device tap3224e16c-51 entered promiscuous mode
Mar 16 07:10:55 gtw01 systemd-udevd[28551]: Could not generate persistent MAC address for tap3224e16c-51: No such file or directory
Mar 16 07:10:58 gtw01 dnsmasq[28676]: started, version 2.78 cachesize 150
Mar 16 07:10:58 gtw01 dnsmasq[28676]: DNS service limited to local subnets
Mar 16 07:10:58 gtw01 dnsmasq[28676]: compile time options: IPv6 GNU-getopt DBus i18n IDN DHCP DHCPv6 no-Lua TFTP conntrack ipset auth DNSSEC loop-detect inotify
Mar 16 07:10:58 gtw01 dnsmasq[28676]: warning: no upstream servers configured
Mar 16 07:10:58 gtw01 dnsmasq-dhcp[28676]: DHCP, static leases only on 192.168.120.0, lease time 1h
Mar 16 07:10:58 gtw01 dnsmasq[28676]: read /var/lib/neutron/dhcp/72533516-ae54-4199-a4eb-2d599d185ac5/addn_hosts - 1 addresses
Mar 16 07:10:58 gtw01 dnsmasq-dhcp[28676]: read /var/lib/neutron/dhcp/72533516-ae54-4199-a4eb-2d599d185ac5/host
Mar 16 07:10:58 gtw01 dnsmasq-dhcp[28676]: read /var/lib/neutron/dhcp/72533516-ae54-4199-a4eb-2d599d185ac5/opts
Mar 16 07:10:58 gtw01 haproxy-metadata-proxy-72533516-ae54-4199-a4eb-2d599d185ac5[28681]: Proxy listener started.
Mar 16 07:10:59 gtw01 dnsmasq[28676]: read /var/lib/neutron/dhcp/72533516-ae54-4199-a4eb-2d599d185ac5/addn_hosts - 2 addresses
Mar 16 07:10:59 gtw01 dnsmasq-dhcp[28676]: read /var/lib/neutron/dhcp/72533516-ae54-4199-a4eb-2d599d185ac5/host
Mar 16 07:10:59 gtw01 dnsmasq-dhcp[28676]: read /var/lib/neutron/dhcp/72533516-ae54-4199-a4eb-2d599d185ac5/opts
Mar 16 07:11:02 gtw01 dnsmasq[28676]: read /var/lib/neutron/dhcp/72533516-ae54-4199-a4eb-2d599d185ac5/addn_hosts - 3 addresses
Mar 16 07:11:02 gtw01 dnsmasq-dhcp[28676]: read /var/lib/neutron/dhcp/72533516-ae54-4199-a4eb-2d599d185ac5/host
Mar 16 07:11:02 gtw01 dnsmasq-dhcp[28676]: read /var/lib/neutron/dhcp/72533516-ae54-4199-a4eb-2d599d185ac5/opts
Mar 16 07:11:09 gtw01 dnsmasq[28676]: read /var/lib/neutron/dhcp/72533516-ae54-4199-a4eb-2d599d185ac5/addn_hosts - 4 addresses
Mar 16 07:11:09 gtw01 dnsmasq-dhcp[28676]: read /var/lib/neutron/dhcp/72533516-ae54-4199-a4eb-2d599d185ac5/host
Mar 16 07:11:09 gtw01 dnsmasq-dhcp[28676]: read /var/lib/neutron/dhcp/72533516-ae54-4199-a4eb-2d599d185ac5/opts
Mar 16 07:11:11 gtw01 dnsmasq[28676]: read /var/lib/neutron/dhcp/72533516-ae54-4199-a4eb-2d599d185ac5/addn_hosts - 4 addresses
Mar 16 07:11:11 gtw01 dnsmasq-dhcp[28676]: read /var/lib/neutron/dhcp/72533516-ae54-4199-a4eb-2d599d185ac5/host
Mar 16 07:11:11 gtw01 dnsmasq-dhcp[28676]: read /var/lib/neutron/dhcp/72533516-ae54-4199-a4eb-2d599d185ac5/opts
Mar 16 07:11:12 gtw01 dnsmasq[28676]: read /var/lib/neutron/dhcp/72533516-ae54-4199-a4eb-2d599d185ac5/addn_hosts - 4 addresses
Mar 16 07:11:12 gtw01 dnsmasq-dhcp[28676]: read /var/lib/neutron/dhcp/72533516-ae54-4199-a4eb-2d599d185ac5/host
Mar 16 07:11:12 gtw01 dnsmasq-dhcp[28676]: read /var/lib/neutron/dhcp/72533516-ae54-4199-a4eb-2d599d185ac5/opts
Mar 16 07:11:15 gtw01 dnsmasq[28808]: started, version 2.78 cachesize 150
Mar 16 07:11:15 gtw01 dnsmasq[28808]: DNS service limited to local subnets
Mar 16 07:11:15 gtw01 dnsmasq[28808]: compile time options: IPv6 GNU-getopt DBus i18n IDN DHCP DHCPv6 no-Lua TFTP conntrack ipset auth DNSSEC loop-detect inotify
Mar 16 07:11:15 gtw01 dnsmasq[28808]: warning: no upstream servers configured
Mar 16 07:11:15 gtw01 dnsmasq-dhcp[28808]: DHCP, static leases only on 192.168.120.0, lease time 1h
Mar 16 07:11:15 gtw01 dnsmasq[28808]: read /var/lib/neutron/dhcp/72533516-ae54-4199-a4eb-2d599d185ac5/addn_hosts - 4 addresses
Mar 16 07:11:15 gtw01 dnsmasq-dhcp[28808]: read /var/lib/neutron/dhcp/72533516-ae54-4199-a4eb-2d599d185ac5/host
Mar 16 07:11:15 gtw01 dnsmasq-dhcp[28808]: read /var/lib/neutron/dhcp/72533516-ae54-4199-a4eb-2d599d185ac5/opts
Mar 16 07:11:19 gtw01 dnsmasq[28808]: read /var/lib/neutron/dhcp/72533516-ae54-4199-a4eb-2d599d185ac5/addn_hosts - 4 addresses
Mar 16 07:11:19 gtw01 dnsmasq-dhcp[28808]: read /var/lib/neutron/dhcp/72533516-ae54-4199-a4eb-2d599d185ac5/host
Mar 16 07:11:19 gtw01 dnsmasq-dhcp[28808]: read /var/lib/neutron/dhcp/72533516-ae54-4199-a4eb-2d599d185ac5/opts
Mar 16 07:11:20 gtw01 dnsmasq[28808]: read /var/lib/neutron/dhcp/72533516-ae54-4199-a4eb-2d599d185ac5/addn_hosts - 4 addresses
Mar 16 07:11:20 gtw01 dnsmasq-dhcp[28808]: read /var/lib/neutron/dhcp/72533516-ae54-4199-a4eb-2d599d185ac5/host
Mar 16 07:11:20 gtw01 dnsmasq-dhcp[28808]: read /var/lib/neutron/dhcp/72533516-ae54-4199-a4eb-2d599d185ac5/opts
Mar 16 07:11:26 gtw01 dnsmasq-dhcp[28808]: DHCPDISCOVER(tap3224e16c-51) fa:16:3e:29:eb:1c
Mar 16 07:11:26 gtw01 dnsmasq-dhcp[28808]: DHCPOFFER(tap3224e16c-51) 192.168.120.3 fa:16:3e:29:eb:1c
Mar 16 07:11:26 gtw01 dnsmasq-dhcp[28808]: DHCPREQUEST(tap3224e16c-51) 192.168.120.3 fa:16:3e:29:eb:1c
Mar 16 07:11:26 gtw01 dnsmasq-dhcp[28808]: DHCPACK(tap3224e16c-51) 192.168.120.3 fa:16:3e:29:eb:1c host-192-168-120-3
Mar 16 07:11:33 gtw01 dnsmasq-dhcp[28808]: DHCPDISCOVER(tap3224e16c-51) fa:16:3e:50:6a:1f
Mar 16 07:11:33 gtw01 dnsmasq-dhcp[28808]: DHCPOFFER(tap3224e16c-51) 192.168.120.4 fa:16:3e:50:6a:1f
Mar 16 07:11:33 gtw01 dnsmasq-dhcp[28808]: DHCPREQUEST(tap3224e16c-51) 192.168.120.4 fa:16:3e:50:6a:1f
Mar 16 07:11:33 gtw01 dnsmasq-dhcp[28808]: DHCPACK(tap3224e16c-51) 192.168.120.4 fa:16:3e:50:6a:1f host-192-168-120-4
Mar 16 07:11:50 gtw01 dnsmasq-dhcp[28808]: DHCPRELEASE(tap3224e16c-51) 192.168.120.4 fa:16:3e:50:6a:1f
Mar 16 07:11:50 gtw01 dnsmasq-dhcp[28808]: DHCPRELEASE(tap3224e16c-51) 192.168.120.3 fa:16:3e:29:eb:1c
Mar 16 07:11:51 gtw01 dnsmasq[28808]: read /var/lib/neutron/dhcp/72533516-ae54-4199-a4eb-2d599d185ac5/addn_hosts - 4 addresses
Mar 16 07:11:51 gtw01 dnsmasq-dhcp[28808]: read /var/lib/neutron/dhcp/72533516-ae54-4199-a4eb-2d599d185ac5/host
Mar 16 07:11:51 gtw01 dnsmasq-dhcp[28808]: read /var/lib/neutron/dhcp/72533516-ae54-4199-a4eb-2d599d185ac5/opts
Mar 16 07:11:55 gtw01 dnsmasq[28808]: read /var/lib/neutron/dhcp/72533516-ae54-4199-a4eb-2d599d185ac5/addn_hosts - 4 addresses
Mar 16 07:11:55 gtw01 dnsmasq-dhcp[28808]: read /var/lib/neutron/dhcp/72533516-ae54-4199-a4eb-2d599d185ac5/host
Mar 16 07:11:55 gtw01 dnsmasq-dhcp[28808]: read /var/lib/neutron/dhcp/72533516-ae54-4199-a4eb-2d599d185ac5/opts
Mar 16 07:12:02 gtw01 dnsmasq-dhcp[28808]: DHCPRELEASE(tap3224e16c-51) 192.168.120.1 fa:16:3e:58:1e:22
Mar 16 07:12:02 gtw01 dnsmasq[28808]: read /var/lib/neutron/dhcp/72533516-ae54-4199-a4eb-2d599d185ac5/addn_hosts - 3 addresses
Mar 16 07:12:02 gtw01 dnsmasq-dhcp[28808]: read /var/lib/neutron/dhcp/72533516-ae54-4199-a4eb-2d599d185ac5/host
Mar 16 07:12:02 gtw01 dnsmasq-dhcp[28808]: read /var/lib/neutron/dhcp/72533516-ae54-4199-a4eb-2d599d185ac5/opts
Mar 16 07:12:06 gtw01 dnsmasq[28808]: read /var/lib/neutron/dhcp/72533516-ae54-4199-a4eb-2d599d185ac5/addn_hosts - 2 addresses
Mar 16 07:12:06 gtw01 dnsmasq-dhcp[28808]: read /var/lib/neutron/dhcp/72533516-ae54-4199-a4eb-2d599d185ac5/host
Mar 16 07:12:06 gtw01 dnsmasq-dhcp[28808]: read /var/lib/neutron/dhcp/72533516-ae54-4199-a4eb-2d599d185ac5/opts
Mar 16 07:12:07 gtw01 dnsmasq[28808]: read /var/lib/neutron/dhcp/72533516-ae54-4199-a4eb-2d599d185ac5/addn_hosts - 1 addresses
Mar 16 07:12:07 gtw01 dnsmasq-dhcp[28808]: read /var/lib/neutron/dhcp/72533516-ae54-4199-a4eb-2d599d185ac5/host
Mar 16 07:12:07 gtw01 dnsmasq-dhcp[28808]: read /var/lib/neutron/dhcp/72533516-ae54-4199-a4eb-2d599d185ac5/opts
Mar 16 07:12:12 gtw01 kernel: [10944.965620] device tap3224e16c-51 left promiscuous mode
Mar 16 07:12:31 gtw01 salt-minion[11822]: [INFO    ] Running scheduled job: __mine_interval
Mar 16 07:13:16 gtw01 dnsmasq-dhcp[28529]: DHCPRELEASE(tap04cdbcce-af) 192.168.120.1 fa:16:3e:9d:81:29
Mar 16 07:13:17 gtw01 dnsmasq[28529]: read /var/lib/neutron/dhcp/07e6d677-ab22-4beb-bc73-2142701df1f5/addn_hosts - 1 addresses
Mar 16 07:13:17 gtw01 dnsmasq-dhcp[28529]: read /var/lib/neutron/dhcp/07e6d677-ab22-4beb-bc73-2142701df1f5/host
Mar 16 07:13:17 gtw01 dnsmasq-dhcp[28529]: read /var/lib/neutron/dhcp/07e6d677-ab22-4beb-bc73-2142701df1f5/opts
Mar 16 07:13:21 gtw01 kernel: [11014.215356] device tap04cdbcce-af left promiscuous mode
Mar 16 07:13:41 gtw01 systemd-udevd[29003]: Could not generate persistent MAC address for tapb42dc487-f8: No such file or directory
Mar 16 07:13:41 gtw01 kernel: [11033.967383] device tapb42dc487-f8 entered promiscuous mode
Mar 16 07:13:44 gtw01 dnsmasq[29128]: started, version 2.78 cachesize 150
Mar 16 07:13:44 gtw01 dnsmasq[29128]: DNS service limited to local subnets
Mar 16 07:13:44 gtw01 dnsmasq[29128]: compile time options: IPv6 GNU-getopt DBus i18n IDN DHCP DHCPv6 no-Lua TFTP conntrack ipset auth DNSSEC loop-detect inotify
Mar 16 07:13:44 gtw01 dnsmasq[29128]: warning: no upstream servers configured
Mar 16 07:13:44 gtw01 dnsmasq-dhcp[29128]: DHCP, static leases only on 192.168.120.0, lease time 1h
Mar 16 07:13:44 gtw01 dnsmasq[29128]: read /var/lib/neutron/dhcp/c51be8cf-e576-4f7d-b0c2-2814edd269e5/addn_hosts - 1 addresses
Mar 16 07:13:44 gtw01 dnsmasq-dhcp[29128]: read /var/lib/neutron/dhcp/c51be8cf-e576-4f7d-b0c2-2814edd269e5/host
Mar 16 07:13:44 gtw01 dnsmasq-dhcp[29128]: read /var/lib/neutron/dhcp/c51be8cf-e576-4f7d-b0c2-2814edd269e5/opts
Mar 16 07:13:44 gtw01 haproxy-metadata-proxy-c51be8cf-e576-4f7d-b0c2-2814edd269e5[29132]: Proxy listener started.
Mar 16 07:13:45 gtw01 dnsmasq[29128]: read /var/lib/neutron/dhcp/c51be8cf-e576-4f7d-b0c2-2814edd269e5/addn_hosts - 2 addresses
Mar 16 07:13:45 gtw01 dnsmasq-dhcp[29128]: read /var/lib/neutron/dhcp/c51be8cf-e576-4f7d-b0c2-2814edd269e5/host
Mar 16 07:13:45 gtw01 dnsmasq-dhcp[29128]: read /var/lib/neutron/dhcp/c51be8cf-e576-4f7d-b0c2-2814edd269e5/opts
Mar 16 07:13:46 gtw01 dnsmasq[29128]: read /var/lib/neutron/dhcp/c51be8cf-e576-4f7d-b0c2-2814edd269e5/addn_hosts - 2 addresses
Mar 16 07:13:46 gtw01 dnsmasq-dhcp[29128]: read /var/lib/neutron/dhcp/c51be8cf-e576-4f7d-b0c2-2814edd269e5/host
Mar 16 07:13:46 gtw01 dnsmasq-dhcp[29128]: read /var/lib/neutron/dhcp/c51be8cf-e576-4f7d-b0c2-2814edd269e5/opts
Mar 16 07:13:49 gtw01 dnsmasq[29211]: started, version 2.78 cachesize 150
Mar 16 07:13:49 gtw01 dnsmasq[29211]: DNS service limited to local subnets
Mar 16 07:13:49 gtw01 dnsmasq[29211]: compile time options: IPv6 GNU-getopt DBus i18n IDN DHCP DHCPv6 no-Lua TFTP conntrack ipset auth DNSSEC loop-detect inotify
Mar 16 07:13:49 gtw01 dnsmasq[29211]: warning: no upstream servers configured
Mar 16 07:13:49 gtw01 dnsmasq-dhcp[29211]: DHCP, static leases only on 192.168.120.0, lease time 1h
Mar 16 07:13:49 gtw01 dnsmasq[29211]: read /var/lib/neutron/dhcp/c51be8cf-e576-4f7d-b0c2-2814edd269e5/addn_hosts - 2 addresses
Mar 16 07:13:49 gtw01 dnsmasq-dhcp[29211]: read /var/lib/neutron/dhcp/c51be8cf-e576-4f7d-b0c2-2814edd269e5/host
Mar 16 07:13:49 gtw01 dnsmasq-dhcp[29211]: read /var/lib/neutron/dhcp/c51be8cf-e576-4f7d-b0c2-2814edd269e5/opts
Mar 16 07:14:21 gtw01 dnsmasq[29258]: started, version 2.78 cachesize 150
Mar 16 07:14:21 gtw01 dnsmasq[29258]: DNS service limited to local subnets
Mar 16 07:14:21 gtw01 dnsmasq[29258]: compile time options: IPv6 GNU-getopt DBus i18n IDN DHCP DHCPv6 no-Lua TFTP conntrack ipset auth DNSSEC loop-detect inotify
Mar 16 07:14:21 gtw01 dnsmasq[29258]: warning: no upstream servers configured
Mar 16 07:14:21 gtw01 dnsmasq-dhcp[29258]: DHCP, static leases only on 192.168.120.0, lease time 1h
Mar 16 07:14:21 gtw01 dnsmasq[29258]: read /var/lib/neutron/dhcp/c51be8cf-e576-4f7d-b0c2-2814edd269e5/addn_hosts - 2 addresses
Mar 16 07:14:21 gtw01 dnsmasq-dhcp[29258]: read /var/lib/neutron/dhcp/c51be8cf-e576-4f7d-b0c2-2814edd269e5/host
Mar 16 07:14:21 gtw01 dnsmasq-dhcp[29258]: read /var/lib/neutron/dhcp/c51be8cf-e576-4f7d-b0c2-2814edd269e5/opts
Mar 16 07:14:30 gtw01 kernel: [11082.578538] device tap8ec1eb03-e3 entered promiscuous mode
Mar 16 07:14:30 gtw01 systemd-udevd[29280]: Could not generate persistent MAC address for tap8ec1eb03-e3: No such file or directory
Mar 16 07:14:33 gtw01 dnsmasq[29404]: started, version 2.78 cachesize 150
Mar 16 07:14:33 gtw01 dnsmasq[29404]: DNS service limited to local subnets
Mar 16 07:14:33 gtw01 dnsmasq[29404]: compile time options: IPv6 GNU-getopt DBus i18n IDN DHCP DHCPv6 no-Lua TFTP conntrack ipset auth DNSSEC loop-detect inotify
Mar 16 07:14:33 gtw01 dnsmasq[29404]: warning: no upstream servers configured
Mar 16 07:14:33 gtw01 dnsmasq-dhcp[29404]: DHCP, static leases only on 192.168.120.0, lease time 1h
Mar 16 07:14:33 gtw01 dnsmasq[29404]: read /var/lib/neutron/dhcp/f6c30d14-66aa-41a1-8fbe-0a4f0440e193/addn_hosts - 1 addresses
Mar 16 07:14:33 gtw01 dnsmasq-dhcp[29404]: read /var/lib/neutron/dhcp/f6c30d14-66aa-41a1-8fbe-0a4f0440e193/host
Mar 16 07:14:33 gtw01 dnsmasq-dhcp[29404]: read /var/lib/neutron/dhcp/f6c30d14-66aa-41a1-8fbe-0a4f0440e193/opts
Mar 16 07:14:33 gtw01 haproxy-metadata-proxy-f6c30d14-66aa-41a1-8fbe-0a4f0440e193[29408]: Proxy listener started.
Mar 16 07:14:34 gtw01 dnsmasq[29404]: read /var/lib/neutron/dhcp/f6c30d14-66aa-41a1-8fbe-0a4f0440e193/addn_hosts - 2 addresses
Mar 16 07:14:34 gtw01 dnsmasq-dhcp[29404]: read /var/lib/neutron/dhcp/f6c30d14-66aa-41a1-8fbe-0a4f0440e193/host
Mar 16 07:14:34 gtw01 dnsmasq-dhcp[29404]: read /var/lib/neutron/dhcp/f6c30d14-66aa-41a1-8fbe-0a4f0440e193/opts
Mar 16 07:14:35 gtw01 dnsmasq[29404]: read /var/lib/neutron/dhcp/f6c30d14-66aa-41a1-8fbe-0a4f0440e193/addn_hosts - 2 addresses
Mar 16 07:14:35 gtw01 dnsmasq-dhcp[29404]: read /var/lib/neutron/dhcp/f6c30d14-66aa-41a1-8fbe-0a4f0440e193/host
Mar 16 07:14:35 gtw01 dnsmasq-dhcp[29404]: read /var/lib/neutron/dhcp/f6c30d14-66aa-41a1-8fbe-0a4f0440e193/opts
Mar 16 07:14:37 gtw01 systemd-udevd[29469]: Could not generate persistent MAC address for tapf5e5bb7c-ba: No such file or directory
Mar 16 07:14:37 gtw01 kernel: [11090.077529] device tapf5e5bb7c-ba entered promiscuous mode
Mar 16 07:14:38 gtw01 kernel: [11090.753431] device tap126f2927-52 entered promiscuous mode
Mar 16 07:14:38 gtw01 systemd-udevd[29565]: Could not generate persistent MAC address for tap126f2927-52: No such file or directory
Mar 16 07:14:40 gtw01 kernel: [11092.881022] device tap69c80c50-9a entered promiscuous mode
Mar 16 07:14:40 gtw01 systemd-udevd[29740]: Could not generate persistent MAC address for tap69c80c50-9a: No such file or directory
Mar 16 07:14:40 gtw01 kernel: [11092.974577] device tap0c80df5b-7e entered promiscuous mode
Mar 16 07:14:40 gtw01 systemd-udevd[29813]: Could not generate persistent MAC address for tap0c80df5b-7e: No such file or directory
Mar 16 07:14:40 gtw01 kernel: [11093.145532] device tap02218a60-ff entered promiscuous mode
Mar 16 07:14:40 gtw01 systemd-udevd[29888]: Could not generate persistent MAC address for tap02218a60-ff: No such file or directory
Mar 16 07:14:41 gtw01 systemd-udevd[30016]: Could not generate persistent MAC address for tapf7e77508-be: No such file or directory
Mar 16 07:14:41 gtw01 kernel: [11094.097500] device tapf7e77508-be entered promiscuous mode
Mar 16 07:14:42 gtw01 systemd-udevd[30130]: Could not generate persistent MAC address for tapccff2360-68: No such file or directory
Mar 16 07:14:42 gtw01 kernel: [11094.981504] device tapccff2360-68 entered promiscuous mode
Mar 16 07:14:44 gtw01 kernel: [11096.669128] device tape01a2b95-fa entered promiscuous mode
Mar 16 07:14:44 gtw01 systemd-udevd[30274]: Could not generate persistent MAC address for tape01a2b95-fa: No such file or directory
Mar 16 07:14:44 gtw01 dnsmasq[30313]: started, version 2.78 cachesize 150
Mar 16 07:14:44 gtw01 dnsmasq[30313]: DNS service limited to local subnets
Mar 16 07:14:44 gtw01 dnsmasq[30313]: compile time options: IPv6 GNU-getopt DBus i18n IDN DHCP DHCPv6 no-Lua TFTP conntrack ipset auth DNSSEC loop-detect inotify
Mar 16 07:14:44 gtw01 dnsmasq[30313]: warning: no upstream servers configured
Mar 16 07:14:44 gtw01 dnsmasq-dhcp[30313]: DHCP, static leases only on 192.168.120.0, lease time 1h
Mar 16 07:14:44 gtw01 dnsmasq[30313]: read /var/lib/neutron/dhcp/ebc0745b-d829-4ecd-a559-bfed75b210d7/addn_hosts - 1 addresses
Mar 16 07:14:44 gtw01 dnsmasq-dhcp[30313]: read /var/lib/neutron/dhcp/ebc0745b-d829-4ecd-a559-bfed75b210d7/host
Mar 16 07:14:44 gtw01 dnsmasq-dhcp[30313]: read /var/lib/neutron/dhcp/ebc0745b-d829-4ecd-a559-bfed75b210d7/opts
Mar 16 07:14:44 gtw01 haproxy-metadata-proxy-ebc0745b-d829-4ecd-a559-bfed75b210d7[30374]: Proxy listener started.
Mar 16 07:14:46 gtw01 dnsmasq[30456]: started, version 2.78 cachesize 150
Mar 16 07:14:46 gtw01 dnsmasq[30456]: DNS service limited to local subnets
Mar 16 07:14:46 gtw01 dnsmasq[30456]: compile time options: IPv6 GNU-getopt DBus i18n IDN DHCP DHCPv6 no-Lua TFTP conntrack ipset auth DNSSEC loop-detect inotify
Mar 16 07:14:46 gtw01 dnsmasq[30456]: warning: no upstream servers configured
Mar 16 07:14:46 gtw01 dnsmasq-dhcp[30456]: DHCP, static leases only on 192.168.120.0, lease time 1h
Mar 16 07:14:46 gtw01 dnsmasq[30456]: read /var/lib/neutron/dhcp/8f6439f0-a9ce-4aab-9354-cc9befe36d64/addn_hosts - 1 addresses
Mar 16 07:14:46 gtw01 dnsmasq-dhcp[30456]: read /var/lib/neutron/dhcp/8f6439f0-a9ce-4aab-9354-cc9befe36d64/host
Mar 16 07:14:46 gtw01 dnsmasq-dhcp[30456]: read /var/lib/neutron/dhcp/8f6439f0-a9ce-4aab-9354-cc9befe36d64/opts
Mar 16 07:14:46 gtw01 dnsmasq[29258]: read /var/lib/neutron/dhcp/c51be8cf-e576-4f7d-b0c2-2814edd269e5/addn_hosts - 3 addresses
Mar 16 07:14:46 gtw01 dnsmasq-dhcp[29258]: read /var/lib/neutron/dhcp/c51be8cf-e576-4f7d-b0c2-2814edd269e5/host
Mar 16 07:14:46 gtw01 dnsmasq-dhcp[29258]: read /var/lib/neutron/dhcp/c51be8cf-e576-4f7d-b0c2-2814edd269e5/opts
Mar 16 07:14:47 gtw01 haproxy-metadata-proxy-8f6439f0-a9ce-4aab-9354-cc9befe36d64[30488]: Proxy listener started.
Mar 16 07:14:47 gtw01 dnsmasq[30313]: read /var/lib/neutron/dhcp/ebc0745b-d829-4ecd-a559-bfed75b210d7/addn_hosts - 1 addresses
Mar 16 07:14:47 gtw01 dnsmasq-dhcp[30313]: read /var/lib/neutron/dhcp/ebc0745b-d829-4ecd-a559-bfed75b210d7/host
Mar 16 07:14:47 gtw01 dnsmasq-dhcp[30313]: read /var/lib/neutron/dhcp/ebc0745b-d829-4ecd-a559-bfed75b210d7/opts
Mar 16 07:14:49 gtw01 dnsmasq[30456]: read /var/lib/neutron/dhcp/8f6439f0-a9ce-4aab-9354-cc9befe36d64/addn_hosts - 2 addresses
Mar 16 07:14:49 gtw01 dnsmasq-dhcp[30456]: read /var/lib/neutron/dhcp/8f6439f0-a9ce-4aab-9354-cc9befe36d64/host
Mar 16 07:14:49 gtw01 dnsmasq-dhcp[30456]: read /var/lib/neutron/dhcp/8f6439f0-a9ce-4aab-9354-cc9befe36d64/opts
Mar 16 07:14:50 gtw01 dnsmasq[30610]: started, version 2.78 cachesize 150
Mar 16 07:14:50 gtw01 dnsmasq[30610]: DNS service limited to local subnets
Mar 16 07:14:50 gtw01 dnsmasq[30610]: compile time options: IPv6 GNU-getopt DBus i18n IDN DHCP DHCPv6 no-Lua TFTP conntrack ipset auth DNSSEC loop-detect inotify
Mar 16 07:14:50 gtw01 dnsmasq[30610]: warning: no upstream servers configured
Mar 16 07:14:50 gtw01 dnsmasq-dhcp[30610]: DHCP, static leases only on 192.168.120.0, lease time 1h
Mar 16 07:14:50 gtw01 dnsmasq[30610]: read /var/lib/neutron/dhcp/82faba5e-65aa-4010-ad96-b859574768cd/addn_hosts - 1 addresses
Mar 16 07:14:50 gtw01 dnsmasq-dhcp[30610]: read /var/lib/neutron/dhcp/82faba5e-65aa-4010-ad96-b859574768cd/host
Mar 16 07:14:50 gtw01 dnsmasq-dhcp[30610]: read /var/lib/neutron/dhcp/82faba5e-65aa-4010-ad96-b859574768cd/opts
Mar 16 07:14:50 gtw01 dnsmasq[30313]: read /var/lib/neutron/dhcp/ebc0745b-d829-4ecd-a559-bfed75b210d7/addn_hosts - 2 addresses
Mar 16 07:14:50 gtw01 dnsmasq-dhcp[30313]: read /var/lib/neutron/dhcp/ebc0745b-d829-4ecd-a559-bfed75b210d7/host
Mar 16 07:14:50 gtw01 dnsmasq-dhcp[30313]: read /var/lib/neutron/dhcp/ebc0745b-d829-4ecd-a559-bfed75b210d7/opts
Mar 16 07:14:50 gtw01 dnsmasq[30653]: started, version 2.78 cachesize 150
Mar 16 07:14:50 gtw01 dnsmasq[30653]: DNS service limited to local subnets
Mar 16 07:14:50 gtw01 dnsmasq[30653]: compile time options: IPv6 GNU-getopt DBus i18n IDN DHCP DHCPv6 no-Lua TFTP conntrack ipset auth DNSSEC loop-detect inotify
Mar 16 07:14:50 gtw01 dnsmasq[30653]: warning: no upstream servers configured
Mar 16 07:14:50 gtw01 dnsmasq-dhcp[30653]: DHCP, static leases only on 192.168.120.0, lease time 1h
Mar 16 07:14:50 gtw01 dnsmasq[30653]: read /var/lib/neutron/dhcp/9a3d37f0-9b9e-4449-814b-4a8df172dc76/addn_hosts - 1 addresses
Mar 16 07:14:50 gtw01 dnsmasq-dhcp[30653]: read /var/lib/neutron/dhcp/9a3d37f0-9b9e-4449-814b-4a8df172dc76/host
Mar 16 07:14:50 gtw01 dnsmasq-dhcp[30653]: read /var/lib/neutron/dhcp/9a3d37f0-9b9e-4449-814b-4a8df172dc76/opts
Mar 16 07:14:51 gtw01 haproxy-metadata-proxy-82faba5e-65aa-4010-ad96-b859574768cd[30662]: Proxy listener started.
Mar 16 07:14:51 gtw01 dnsmasq[29258]: read /var/lib/neutron/dhcp/c51be8cf-e576-4f7d-b0c2-2814edd269e5/addn_hosts - 3 addresses
Mar 16 07:14:51 gtw01 dnsmasq-dhcp[29258]: read /var/lib/neutron/dhcp/c51be8cf-e576-4f7d-b0c2-2814edd269e5/host
Mar 16 07:14:51 gtw01 dnsmasq-dhcp[29258]: read /var/lib/neutron/dhcp/c51be8cf-e576-4f7d-b0c2-2814edd269e5/opts
Mar 16 07:14:51 gtw01 dnsmasq[30683]: started, version 2.78 cachesize 150
Mar 16 07:14:51 gtw01 dnsmasq[30683]: DNS service limited to local subnets
Mar 16 07:14:51 gtw01 dnsmasq[30683]: compile time options: IPv6 GNU-getopt DBus i18n IDN DHCP DHCPv6 no-Lua TFTP conntrack ipset auth DNSSEC loop-detect inotify
Mar 16 07:14:51 gtw01 dnsmasq[30683]: warning: no upstream servers configured
Mar 16 07:14:51 gtw01 dnsmasq-dhcp[30683]: DHCP, static leases only on 192.168.120.0, lease time 1h
Mar 16 07:14:51 gtw01 dnsmasq[30683]: read /var/lib/neutron/dhcp/f16e2d58-dc62-48d9-82e0-7ede9ca129de/addn_hosts - 1 addresses
Mar 16 07:14:51 gtw01 dnsmasq-dhcp[30683]: read /var/lib/neutron/dhcp/f16e2d58-dc62-48d9-82e0-7ede9ca129de/host
Mar 16 07:14:51 gtw01 dnsmasq-dhcp[30683]: read /var/lib/neutron/dhcp/f16e2d58-dc62-48d9-82e0-7ede9ca129de/opts
Mar 16 07:14:51 gtw01 haproxy-metadata-proxy-9a3d37f0-9b9e-4449-814b-4a8df172dc76[30686]: Proxy listener started.
Mar 16 07:14:52 gtw01 dnsmasq[30711]: started, version 2.78 cachesize 150
Mar 16 07:14:52 gtw01 dnsmasq[30711]: DNS service limited to local subnets
Mar 16 07:14:52 gtw01 dnsmasq[30711]: compile time options: IPv6 GNU-getopt DBus i18n IDN DHCP DHCPv6 no-Lua TFTP conntrack ipset auth DNSSEC loop-detect inotify
Mar 16 07:14:52 gtw01 dnsmasq[30711]: warning: no upstream servers configured
Mar 16 07:14:52 gtw01 dnsmasq-dhcp[30711]: DHCP, static leases only on 192.168.120.0, lease time 1h
Mar 16 07:14:52 gtw01 dnsmasq[30711]: read /var/lib/neutron/dhcp/81bb8aa2-3885-4b93-b102-96098bfe8d30/addn_hosts - 1 addresses
Mar 16 07:14:52 gtw01 dnsmasq-dhcp[30711]: read /var/lib/neutron/dhcp/81bb8aa2-3885-4b93-b102-96098bfe8d30/host
Mar 16 07:14:52 gtw01 dnsmasq-dhcp[30711]: read /var/lib/neutron/dhcp/81bb8aa2-3885-4b93-b102-96098bfe8d30/opts
Mar 16 07:14:52 gtw01 haproxy-metadata-proxy-f16e2d58-dc62-48d9-82e0-7ede9ca129de[30718]: Proxy listener started.
Mar 16 07:14:53 gtw01 dnsmasq[30747]: started, version 2.78 cachesize 150
Mar 16 07:14:53 gtw01 dnsmasq[30747]: DNS service limited to local subnets
Mar 16 07:14:53 gtw01 dnsmasq[30747]: compile time options: IPv6 GNU-getopt DBus i18n IDN DHCP DHCPv6 no-Lua TFTP conntrack ipset auth DNSSEC loop-detect inotify
Mar 16 07:14:53 gtw01 dnsmasq[30747]: warning: no upstream servers configured
Mar 16 07:14:53 gtw01 dnsmasq-dhcp[30747]: DHCP, static leases only on 192.168.120.0, lease time 1h
Mar 16 07:14:53 gtw01 dnsmasq[30747]: read /var/lib/neutron/dhcp/6c630ca5-c2dc-42a5-8dd5-f805baaeaeb4/addn_hosts - 1 addresses
Mar 16 07:14:53 gtw01 dnsmasq-dhcp[30747]: read /var/lib/neutron/dhcp/6c630ca5-c2dc-42a5-8dd5-f805baaeaeb4/host
Mar 16 07:14:53 gtw01 dnsmasq-dhcp[30747]: read /var/lib/neutron/dhcp/6c630ca5-c2dc-42a5-8dd5-f805baaeaeb4/opts
Mar 16 07:14:53 gtw01 haproxy-metadata-proxy-81bb8aa2-3885-4b93-b102-96098bfe8d30[30751]: Proxy listener started.
Mar 16 07:14:53 gtw01 systemd-udevd[30766]: Could not generate persistent MAC address for tapc65ddf5d-df: No such file or directory
Mar 16 07:14:53 gtw01 kernel: [11105.861352] device tapc65ddf5d-df entered promiscuous mode
Mar 16 07:14:53 gtw01 dnsmasq[30456]: read /var/lib/neutron/dhcp/8f6439f0-a9ce-4aab-9354-cc9befe36d64/addn_hosts - 2 addresses
Mar 16 07:14:53 gtw01 dnsmasq-dhcp[30456]: read /var/lib/neutron/dhcp/8f6439f0-a9ce-4aab-9354-cc9befe36d64/host
Mar 16 07:14:53 gtw01 dnsmasq-dhcp[30456]: read /var/lib/neutron/dhcp/8f6439f0-a9ce-4aab-9354-cc9befe36d64/opts
Mar 16 07:14:53 gtw01 kernel: [11106.229359] device tapeb678513-9e entered promiscuous mode
Mar 16 07:14:53 gtw01 haproxy-metadata-proxy-6c630ca5-c2dc-42a5-8dd5-f805baaeaeb4[30847]: Proxy listener started.
Mar 16 07:14:53 gtw01 systemd-udevd[30852]: Could not generate persistent MAC address for tapeb678513-9e: No such file or directory
Mar 16 07:14:54 gtw01 dnsmasq[30653]: read /var/lib/neutron/dhcp/9a3d37f0-9b9e-4449-814b-4a8df172dc76/addn_hosts - 2 addresses
Mar 16 07:14:54 gtw01 dnsmasq-dhcp[30653]: read /var/lib/neutron/dhcp/9a3d37f0-9b9e-4449-814b-4a8df172dc76/host
Mar 16 07:14:54 gtw01 dnsmasq-dhcp[30653]: read /var/lib/neutron/dhcp/9a3d37f0-9b9e-4449-814b-4a8df172dc76/opts
Mar 16 07:14:54 gtw01 dnsmasq[30610]: read /var/lib/neutron/dhcp/82faba5e-65aa-4010-ad96-b859574768cd/addn_hosts - 2 addresses
Mar 16 07:14:54 gtw01 dnsmasq-dhcp[30610]: read /var/lib/neutron/dhcp/82faba5e-65aa-4010-ad96-b859574768cd/host
Mar 16 07:14:54 gtw01 dnsmasq-dhcp[30610]: read /var/lib/neutron/dhcp/82faba5e-65aa-4010-ad96-b859574768cd/opts
Mar 16 07:14:54 gtw01 dnsmasq[30969]: started, version 2.78 cachesize 150
Mar 16 07:14:54 gtw01 dnsmasq[30969]: DNS service limited to local subnets
Mar 16 07:14:54 gtw01 dnsmasq[30969]: compile time options: IPv6 GNU-getopt DBus i18n IDN DHCP DHCPv6 no-Lua TFTP conntrack ipset auth DNSSEC loop-detect inotify
Mar 16 07:14:54 gtw01 dnsmasq[30969]: warning: no upstream servers configured
Mar 16 07:14:54 gtw01 dnsmasq-dhcp[30969]: DHCP, static leases only on 192.168.120.0, lease time 1h
Mar 16 07:14:54 gtw01 dnsmasq[30969]: read /var/lib/neutron/dhcp/64b9a32d-955b-4ede-a487-43c968fb94c6/addn_hosts - 1 addresses
Mar 16 07:14:54 gtw01 dnsmasq-dhcp[30969]: read /var/lib/neutron/dhcp/64b9a32d-955b-4ede-a487-43c968fb94c6/host
Mar 16 07:14:54 gtw01 dnsmasq-dhcp[30969]: read /var/lib/neutron/dhcp/64b9a32d-955b-4ede-a487-43c968fb94c6/opts
Mar 16 07:14:55 gtw01 dnsmasq[29258]: read /var/lib/neutron/dhcp/c51be8cf-e576-4f7d-b0c2-2814edd269e5/addn_hosts - 3 addresses
Mar 16 07:14:55 gtw01 dnsmasq-dhcp[29258]: read /var/lib/neutron/dhcp/c51be8cf-e576-4f7d-b0c2-2814edd269e5/host
Mar 16 07:14:55 gtw01 dnsmasq-dhcp[29258]: read /var/lib/neutron/dhcp/c51be8cf-e576-4f7d-b0c2-2814edd269e5/opts
Mar 16 07:14:55 gtw01 dnsmasq[30683]: read /var/lib/neutron/dhcp/f16e2d58-dc62-48d9-82e0-7ede9ca129de/addn_hosts - 2 addresses
Mar 16 07:14:55 gtw01 dnsmasq-dhcp[30683]: read /var/lib/neutron/dhcp/f16e2d58-dc62-48d9-82e0-7ede9ca129de/host
Mar 16 07:14:55 gtw01 dnsmasq-dhcp[30683]: read /var/lib/neutron/dhcp/f16e2d58-dc62-48d9-82e0-7ede9ca129de/opts
Mar 16 07:14:55 gtw01 dnsmasq[30711]: read /var/lib/neutron/dhcp/81bb8aa2-3885-4b93-b102-96098bfe8d30/addn_hosts - 2 addresses
Mar 16 07:14:55 gtw01 dnsmasq-dhcp[30711]: read /var/lib/neutron/dhcp/81bb8aa2-3885-4b93-b102-96098bfe8d30/host
Mar 16 07:14:55 gtw01 dnsmasq-dhcp[30711]: read /var/lib/neutron/dhcp/81bb8aa2-3885-4b93-b102-96098bfe8d30/opts
Mar 16 07:14:55 gtw01 haproxy-metadata-proxy-64b9a32d-955b-4ede-a487-43c968fb94c6[31000]: Proxy listener started.
Mar 16 07:14:56 gtw01 dnsmasq[30747]: read /var/lib/neutron/dhcp/6c630ca5-c2dc-42a5-8dd5-f805baaeaeb4/addn_hosts - 2 addresses
Mar 16 07:14:56 gtw01 dnsmasq-dhcp[30747]: read /var/lib/neutron/dhcp/6c630ca5-c2dc-42a5-8dd5-f805baaeaeb4/host
Mar 16 07:14:56 gtw01 dnsmasq-dhcp[30747]: read /var/lib/neutron/dhcp/6c630ca5-c2dc-42a5-8dd5-f805baaeaeb4/opts
Mar 16 07:14:57 gtw01 dnsmasq[30653]: read /var/lib/neutron/dhcp/9a3d37f0-9b9e-4449-814b-4a8df172dc76/addn_hosts - 2 addresses
Mar 16 07:14:57 gtw01 dnsmasq-dhcp[30653]: read /var/lib/neutron/dhcp/9a3d37f0-9b9e-4449-814b-4a8df172dc76/host
Mar 16 07:14:57 gtw01 dnsmasq-dhcp[30653]: read /var/lib/neutron/dhcp/9a3d37f0-9b9e-4449-814b-4a8df172dc76/opts
Mar 16 07:14:57 gtw01 dnsmasq[30969]: read /var/lib/neutron/dhcp/64b9a32d-955b-4ede-a487-43c968fb94c6/addn_hosts - 2 addresses
Mar 16 07:14:57 gtw01 dnsmasq-dhcp[30969]: read /var/lib/neutron/dhcp/64b9a32d-955b-4ede-a487-43c968fb94c6/host
Mar 16 07:14:57 gtw01 dnsmasq-dhcp[30969]: read /var/lib/neutron/dhcp/64b9a32d-955b-4ede-a487-43c968fb94c6/opts
Mar 16 07:14:58 gtw01 dnsmasq[30683]: read /var/lib/neutron/dhcp/f16e2d58-dc62-48d9-82e0-7ede9ca129de/addn_hosts - 2 addresses
Mar 16 07:14:58 gtw01 dnsmasq-dhcp[30683]: read /var/lib/neutron/dhcp/f16e2d58-dc62-48d9-82e0-7ede9ca129de/host
Mar 16 07:14:58 gtw01 dnsmasq-dhcp[30683]: read /var/lib/neutron/dhcp/f16e2d58-dc62-48d9-82e0-7ede9ca129de/opts
Mar 16 07:14:58 gtw01 dnsmasq[30711]: read /var/lib/neutron/dhcp/81bb8aa2-3885-4b93-b102-96098bfe8d30/addn_hosts - 2 addresses
Mar 16 07:14:58 gtw01 dnsmasq-dhcp[30711]: read /var/lib/neutron/dhcp/81bb8aa2-3885-4b93-b102-96098bfe8d30/host
Mar 16 07:14:58 gtw01 dnsmasq-dhcp[30711]: read /var/lib/neutron/dhcp/81bb8aa2-3885-4b93-b102-96098bfe8d30/opts
Mar 16 07:14:59 gtw01 systemd-udevd[31155]: Could not generate persistent MAC address for tap03535b95-c7: No such file or directory
Mar 16 07:14:59 gtw01 kernel: [11111.505389] device tap03535b95-c7 entered promiscuous mode
Mar 16 07:14:59 gtw01 dnsmasq[30747]: read /var/lib/neutron/dhcp/6c630ca5-c2dc-42a5-8dd5-f805baaeaeb4/addn_hosts - 2 addresses
Mar 16 07:14:59 gtw01 dnsmasq-dhcp[30747]: read /var/lib/neutron/dhcp/6c630ca5-c2dc-42a5-8dd5-f805baaeaeb4/host
Mar 16 07:14:59 gtw01 dnsmasq-dhcp[30747]: read /var/lib/neutron/dhcp/6c630ca5-c2dc-42a5-8dd5-f805baaeaeb4/opts
Mar 16 07:15:00 gtw01 dnsmasq[30969]: read /var/lib/neutron/dhcp/64b9a32d-955b-4ede-a487-43c968fb94c6/addn_hosts - 2 addresses
Mar 16 07:15:00 gtw01 dnsmasq-dhcp[30969]: read /var/lib/neutron/dhcp/64b9a32d-955b-4ede-a487-43c968fb94c6/host
Mar 16 07:15:00 gtw01 dnsmasq-dhcp[30969]: read /var/lib/neutron/dhcp/64b9a32d-955b-4ede-a487-43c968fb94c6/opts
Mar 16 07:15:02 gtw01 kernel: [11114.964851] device tapaa152153-f1 entered promiscuous mode
Mar 16 07:15:02 gtw01 systemd-udevd[31382]: Could not generate persistent MAC address for tapaa152153-f1: No such file or directory
Mar 16 07:15:02 gtw01 dnsmasq[31468]: started, version 2.78 cachesize 150
Mar 16 07:15:02 gtw01 dnsmasq[31468]: DNS service limited to local subnets
Mar 16 07:15:02 gtw01 dnsmasq[31468]: compile time options: IPv6 GNU-getopt DBus i18n IDN DHCP DHCPv6 no-Lua TFTP conntrack ipset auth DNSSEC loop-detect inotify
Mar 16 07:15:02 gtw01 dnsmasq[31468]: warning: no upstream servers configured
Mar 16 07:15:02 gtw01 dnsmasq-dhcp[31468]: DHCP, static leases only on 192.168.120.0, lease time 1h
Mar 16 07:15:02 gtw01 dnsmasq[31468]: read /var/lib/neutron/dhcp/b8d76041-6006-4715-b3ae-109403ac8195/addn_hosts - 1 addresses
Mar 16 07:15:02 gtw01 dnsmasq-dhcp[31468]: read /var/lib/neutron/dhcp/b8d76041-6006-4715-b3ae-109403ac8195/host
Mar 16 07:15:02 gtw01 dnsmasq-dhcp[31468]: read /var/lib/neutron/dhcp/b8d76041-6006-4715-b3ae-109403ac8195/opts
Mar 16 07:15:03 gtw01 kernel: [11115.773548] device tap2ff58c1e-10 entered promiscuous mode
Mar 16 07:15:03 gtw01 systemd-udevd[31494]: Could not generate persistent MAC address for tap2ff58c1e-10: No such file or directory
Mar 16 07:15:03 gtw01 kernel: [11115.801594] device tapb19af6e1-71 entered promiscuous mode
Mar 16 07:15:03 gtw01 systemd-udevd[31526]: Could not generate persistent MAC address for tapb19af6e1-71: No such file or directory
Mar 16 07:15:03 gtw01 haproxy-metadata-proxy-b8d76041-6006-4715-b3ae-109403ac8195[31578]: Proxy listener started.
Mar 16 07:15:04 gtw01 dnsmasq[31674]: started, version 2.78 cachesize 150
Mar 16 07:15:04 gtw01 dnsmasq[31674]: DNS service limited to local subnets
Mar 16 07:15:04 gtw01 dnsmasq[31674]: compile time options: IPv6 GNU-getopt DBus i18n IDN DHCP DHCPv6 no-Lua TFTP conntrack ipset auth DNSSEC loop-detect inotify
Mar 16 07:15:04 gtw01 dnsmasq[31674]: warning: no upstream servers configured
Mar 16 07:15:04 gtw01 dnsmasq-dhcp[31674]: DHCP, static leases only on 192.168.120.0, lease time 1h
Mar 16 07:15:04 gtw01 dnsmasq[31674]: read /var/lib/neutron/dhcp/5124e1bd-26ed-4592-9956-6235a142cd18/addn_hosts - 1 addresses
Mar 16 07:15:04 gtw01 dnsmasq-dhcp[31674]: read /var/lib/neutron/dhcp/5124e1bd-26ed-4592-9956-6235a142cd18/host
Mar 16 07:15:04 gtw01 dnsmasq-dhcp[31674]: read /var/lib/neutron/dhcp/5124e1bd-26ed-4592-9956-6235a142cd18/opts
Mar 16 07:15:04 gtw01 systemd-udevd[31686]: Could not generate persistent MAC address for tap05d9ad33-58: No such file or directory
Mar 16 07:15:04 gtw01 kernel: [11116.711565] device tap05d9ad33-58 entered promiscuous mode
Mar 16 07:15:04 gtw01 haproxy-metadata-proxy-5124e1bd-26ed-4592-9956-6235a142cd18[31772]: Proxy listener started.
Mar 16 07:15:04 gtw01 dnsmasq[31468]: read /var/lib/neutron/dhcp/b8d76041-6006-4715-b3ae-109403ac8195/addn_hosts - 2 addresses
Mar 16 07:15:04 gtw01 dnsmasq-dhcp[31468]: read /var/lib/neutron/dhcp/b8d76041-6006-4715-b3ae-109403ac8195/host
Mar 16 07:15:04 gtw01 dnsmasq-dhcp[31468]: read /var/lib/neutron/dhcp/b8d76041-6006-4715-b3ae-109403ac8195/opts
Mar 16 07:15:06 gtw01 dnsmasq[31863]: started, version 2.78 cachesize 150
Mar 16 07:15:06 gtw01 dnsmasq[31863]: DNS service limited to local subnets
Mar 16 07:15:06 gtw01 dnsmasq[31863]: compile time options: IPv6 GNU-getopt DBus i18n IDN DHCP DHCPv6 no-Lua TFTP conntrack ipset auth DNSSEC loop-detect inotify
Mar 16 07:15:06 gtw01 dnsmasq[31863]: warning: no upstream servers configured
Mar 16 07:15:06 gtw01 dnsmasq-dhcp[31863]: DHCP, static leases only on 192.168.120.0, lease time 1h
Mar 16 07:15:06 gtw01 dnsmasq[31863]: read /var/lib/neutron/dhcp/a927c05b-6999-4369-bf41-3c6e12b50fce/addn_hosts - 1 addresses
Mar 16 07:15:06 gtw01 dnsmasq-dhcp[31863]: read /var/lib/neutron/dhcp/a927c05b-6999-4369-bf41-3c6e12b50fce/host
Mar 16 07:15:06 gtw01 dnsmasq-dhcp[31863]: read /var/lib/neutron/dhcp/a927c05b-6999-4369-bf41-3c6e12b50fce/opts
Mar 16 07:15:06 gtw01 dnsmasq[31674]: read /var/lib/neutron/dhcp/5124e1bd-26ed-4592-9956-6235a142cd18/addn_hosts - 2 addresses
Mar 16 07:15:06 gtw01 dnsmasq-dhcp[31674]: read /var/lib/neutron/dhcp/5124e1bd-26ed-4592-9956-6235a142cd18/host
Mar 16 07:15:06 gtw01 dnsmasq-dhcp[31674]: read /var/lib/neutron/dhcp/5124e1bd-26ed-4592-9956-6235a142cd18/opts
Mar 16 07:15:07 gtw01 haproxy-metadata-proxy-a927c05b-6999-4369-bf41-3c6e12b50fce[31892]: Proxy listener started.
Mar 16 07:15:07 gtw01 dnsmasq[30683]: read /var/lib/neutron/dhcp/f16e2d58-dc62-48d9-82e0-7ede9ca129de/addn_hosts - 1 addresses
Mar 16 07:15:07 gtw01 dnsmasq-dhcp[30683]: read /var/lib/neutron/dhcp/f16e2d58-dc62-48d9-82e0-7ede9ca129de/host
Mar 16 07:15:07 gtw01 dnsmasq-dhcp[30683]: read /var/lib/neutron/dhcp/f16e2d58-dc62-48d9-82e0-7ede9ca129de/opts
