Mar 16 06:16:26 gtw01 dnsmasq-dhcp[2407]: read /var/lib/neutron/dhcp/3897efa5-2069-44da-8712-b94773a702c2/host
Mar 16 06:16:26 gtw01 dnsmasq-dhcp[2407]: read /var/lib/neutron/dhcp/3897efa5-2069-44da-8712-b94773a702c2/opts
Mar 16 06:16:29 gtw01 systemd-udevd[2503]: Could not generate persistent MAC address for tapcb841808-94: No such file or directory
Mar 16 06:16:29 gtw01 kernel: [ 7601.505975] device tapcb841808-94 entered promiscuous mode
Mar 16 06:16:29 gtw01 dnsmasq[2587]: started, version 2.78 cachesize 150
Mar 16 06:16:29 gtw01 dnsmasq[2587]: DNS service limited to local subnets
Mar 16 06:16:29 gtw01 dnsmasq[2587]: compile time options: IPv6 GNU-getopt DBus i18n IDN DHCP DHCPv6 no-Lua TFTP conntrack ipset auth DNSSEC loop-detect inotify
Mar 16 06:16:29 gtw01 dnsmasq[2587]: warning: no upstream servers configured
Mar 16 06:16:29 gtw01 dnsmasq-dhcp[2587]: DHCPv6, static leases only on 2003:0:0:1::, lease time 1h
Mar 16 06:16:29 gtw01 dnsmasq[2587]: read /var/lib/neutron/dhcp/3897efa5-2069-44da-8712-b94773a702c2/addn_hosts - 1 addresses
Mar 16 06:16:29 gtw01 dnsmasq-dhcp[2587]: read /var/lib/neutron/dhcp/3897efa5-2069-44da-8712-b94773a702c2/host
Mar 16 06:16:29 gtw01 dnsmasq-dhcp[2587]: read /var/lib/neutron/dhcp/3897efa5-2069-44da-8712-b94773a702c2/opts
Mar 16 06:16:29 gtw01 dnsmasq[2587]: read /var/lib/neutron/dhcp/3897efa5-2069-44da-8712-b94773a702c2/addn_hosts - 3 addresses
Mar 16 06:16:29 gtw01 dnsmasq-dhcp[2587]: read /var/lib/neutron/dhcp/3897efa5-2069-44da-8712-b94773a702c2/host
Mar 16 06:16:29 gtw01 dnsmasq-dhcp[2587]: read /var/lib/neutron/dhcp/3897efa5-2069-44da-8712-b94773a702c2/opts
Mar 16 06:16:30 gtw01 dnsmasq[2587]: read /var/lib/neutron/dhcp/3897efa5-2069-44da-8712-b94773a702c2/addn_hosts - 1 addresses
Mar 16 06:16:30 gtw01 dnsmasq-dhcp[2587]: read /var/lib/neutron/dhcp/3897efa5-2069-44da-8712-b94773a702c2/host
Mar 16 06:16:30 gtw01 dnsmasq-dhcp[2587]: read /var/lib/neutron/dhcp/3897efa5-2069-44da-8712-b94773a702c2/opts
Mar 16 06:16:31 gtw01 dnsmasq[2587]: read /var/lib/neutron/dhcp/3897efa5-2069-44da-8712-b94773a702c2/addn_hosts - 1 addresses
Mar 16 06:16:31 gtw01 dnsmasq-dhcp[2587]: read /var/lib/neutron/dhcp/3897efa5-2069-44da-8712-b94773a702c2/host
Mar 16 06:16:31 gtw01 dnsmasq-dhcp[2587]: read /var/lib/neutron/dhcp/3897efa5-2069-44da-8712-b94773a702c2/opts
Mar 16 06:16:32 gtw01 dnsmasq[2695]: started, version 2.78 cachesize 150
Mar 16 06:16:32 gtw01 dnsmasq[2695]: DNS service limited to local subnets
Mar 16 06:16:32 gtw01 dnsmasq[2695]: compile time options: IPv6 GNU-getopt DBus i18n IDN DHCP DHCPv6 no-Lua TFTP conntrack ipset auth DNSSEC loop-detect inotify
Mar 16 06:16:32 gtw01 dnsmasq[2695]: warning: no upstream servers configured
Mar 16 06:16:32 gtw01 dnsmasq-dhcp[2695]: DHCP, static leases only on 192.168.120.0, lease time 1h
Mar 16 06:16:32 gtw01 dnsmasq[2695]: read /var/lib/neutron/dhcp/60404cd8-e253-478a-bed4-a99efa90d6c9/addn_hosts - 1 addresses
Mar 16 06:16:32 gtw01 dnsmasq-dhcp[2695]: read /var/lib/neutron/dhcp/60404cd8-e253-478a-bed4-a99efa90d6c9/host
Mar 16 06:16:32 gtw01 dnsmasq-dhcp[2695]: read /var/lib/neutron/dhcp/60404cd8-e253-478a-bed4-a99efa90d6c9/opts
Mar 16 06:16:32 gtw01 haproxy-metadata-proxy-60404cd8-e253-478a-bed4-a99efa90d6c9[2699]: Proxy listener started.
Mar 16 06:16:33 gtw01 dnsmasq[2695]: read /var/lib/neutron/dhcp/60404cd8-e253-478a-bed4-a99efa90d6c9/addn_hosts - 2 addresses
Mar 16 06:16:33 gtw01 dnsmasq-dhcp[2695]: read /var/lib/neutron/dhcp/60404cd8-e253-478a-bed4-a99efa90d6c9/host
Mar 16 06:16:33 gtw01 dnsmasq-dhcp[2695]: read /var/lib/neutron/dhcp/60404cd8-e253-478a-bed4-a99efa90d6c9/opts
Mar 16 06:16:34 gtw01 dnsmasq[2695]: read /var/lib/neutron/dhcp/60404cd8-e253-478a-bed4-a99efa90d6c9/addn_hosts - 3 addresses
Mar 16 06:16:34 gtw01 dnsmasq-dhcp[2695]: read /var/lib/neutron/dhcp/60404cd8-e253-478a-bed4-a99efa90d6c9/host
Mar 16 06:16:34 gtw01 dnsmasq-dhcp[2695]: read /var/lib/neutron/dhcp/60404cd8-e253-478a-bed4-a99efa90d6c9/opts
Mar 16 06:16:35 gtw01 dnsmasq[2784]: started, version 2.78 cachesize 150
Mar 16 06:16:35 gtw01 dnsmasq[2784]: DNS service limited to local subnets
Mar 16 06:16:35 gtw01 dnsmasq[2784]: compile time options: IPv6 GNU-getopt DBus i18n IDN DHCP DHCPv6 no-Lua TFTP conntrack ipset auth DNSSEC loop-detect inotify
Mar 16 06:16:35 gtw01 dnsmasq[2784]: warning: no upstream servers configured
Mar 16 06:16:35 gtw01 dnsmasq-dhcp[2784]: DHCPv6, static leases only on 2003::, lease time 1h
Mar 16 06:16:35 gtw01 dnsmasq-dhcp[2784]: DHCPv6, static leases only on 2003:0:0:1::, lease time 1h
Mar 16 06:16:35 gtw01 dnsmasq[2784]: read /var/lib/neutron/dhcp/3897efa5-2069-44da-8712-b94773a702c2/addn_hosts - 4 addresses
Mar 16 06:16:35 gtw01 dnsmasq-dhcp[2784]: read /var/lib/neutron/dhcp/3897efa5-2069-44da-8712-b94773a702c2/host
Mar 16 06:16:35 gtw01 dnsmasq-dhcp[2784]: read /var/lib/neutron/dhcp/3897efa5-2069-44da-8712-b94773a702c2/opts
Mar 16 06:16:36 gtw01 dnsmasq[2784]: read /var/lib/neutron/dhcp/3897efa5-2069-44da-8712-b94773a702c2/addn_hosts - 1 addresses
Mar 16 06:16:36 gtw01 dnsmasq-dhcp[2784]: read /var/lib/neutron/dhcp/3897efa5-2069-44da-8712-b94773a702c2/host
Mar 16 06:16:36 gtw01 dnsmasq-dhcp[2784]: read /var/lib/neutron/dhcp/3897efa5-2069-44da-8712-b94773a702c2/opts
Mar 16 06:16:39 gtw01 dnsmasq-dhcp[1234]: DHCPRELEASE(tap3e5de217-e8) 192.168.120.3 fa:16:3e:a8:53:20
Mar 16 06:16:39 gtw01 dnsmasq-dhcp[1234]: DHCPRELEASE(tap3e5de217-e8) 192.168.120.3 fa:16:3e:a8:53:20 unknown lease
Mar 16 06:16:39 gtw01 dnsmasq-dhcp[1234]: DHCPRELEASE(tap3e5de217-e8) 192.168.120.5 fa:16:3e:78:7c:6c
Mar 16 06:16:39 gtw01 dnsmasq[2869]: started, version 2.78 cachesize 150
Mar 16 06:16:39 gtw01 dnsmasq[2869]: DNS service limited to local subnets
Mar 16 06:16:39 gtw01 dnsmasq[2869]: compile time options: IPv6 GNU-getopt DBus i18n IDN DHCP DHCPv6 no-Lua TFTP conntrack ipset auth DNSSEC loop-detect inotify
Mar 16 06:16:39 gtw01 dnsmasq[2869]: warning: no upstream servers configured
Mar 16 06:16:39 gtw01 dnsmasq-dhcp[2869]: DHCPv6, static leases only on 2003::, lease time 1h
Mar 16 06:16:39 gtw01 dnsmasq[2869]: read /var/lib/neutron/dhcp/3897efa5-2069-44da-8712-b94773a702c2/addn_hosts - 1 addresses
Mar 16 06:16:39 gtw01 dnsmasq-dhcp[2869]: read /var/lib/neutron/dhcp/3897efa5-2069-44da-8712-b94773a702c2/host
Mar 16 06:16:39 gtw01 dnsmasq-dhcp[2869]: read /var/lib/neutron/dhcp/3897efa5-2069-44da-8712-b94773a702c2/opts
Mar 16 06:16:40 gtw01 dnsmasq[1234]: read /var/lib/neutron/dhcp/1b93a524-ef03-44f3-8624-c6b6578490af/addn_hosts - 3 addresses
Mar 16 06:16:40 gtw01 dnsmasq-dhcp[1234]: read /var/lib/neutron/dhcp/1b93a524-ef03-44f3-8624-c6b6578490af/host
Mar 16 06:16:40 gtw01 dnsmasq-dhcp[1234]: read /var/lib/neutron/dhcp/1b93a524-ef03-44f3-8624-c6b6578490af/opts
Mar 16 06:16:40 gtw01 dnsmasq[2869]: read /var/lib/neutron/dhcp/3897efa5-2069-44da-8712-b94773a702c2/addn_hosts - 3 addresses
Mar 16 06:16:40 gtw01 dnsmasq-dhcp[2869]: read /var/lib/neutron/dhcp/3897efa5-2069-44da-8712-b94773a702c2/host
Mar 16 06:16:40 gtw01 dnsmasq-dhcp[2869]: read /var/lib/neutron/dhcp/3897efa5-2069-44da-8712-b94773a702c2/opts
Mar 16 06:16:41 gtw01 dnsmasq[2869]: read /var/lib/neutron/dhcp/3897efa5-2069-44da-8712-b94773a702c2/addn_hosts - 1 addresses
Mar 16 06:16:41 gtw01 dnsmasq-dhcp[2869]: read /var/lib/neutron/dhcp/3897efa5-2069-44da-8712-b94773a702c2/host
Mar 16 06:16:41 gtw01 dnsmasq-dhcp[2869]: read /var/lib/neutron/dhcp/3897efa5-2069-44da-8712-b94773a702c2/opts
Mar 16 06:16:42 gtw01 dnsmasq[2869]: read /var/lib/neutron/dhcp/3897efa5-2069-44da-8712-b94773a702c2/addn_hosts - 1 addresses
Mar 16 06:16:42 gtw01 dnsmasq-dhcp[2869]: read /var/lib/neutron/dhcp/3897efa5-2069-44da-8712-b94773a702c2/host
Mar 16 06:16:42 gtw01 dnsmasq-dhcp[2869]: read /var/lib/neutron/dhcp/3897efa5-2069-44da-8712-b94773a702c2/opts
Mar 16 06:16:42 gtw01 dnsmasq-dhcp[1234]: DHCPDISCOVER(tap3e5de217-e8) fa:16:3e:92:2e:a6
Mar 16 06:16:42 gtw01 dnsmasq-dhcp[1234]: DHCPOFFER(tap3e5de217-e8) 192.168.120.8 fa:16:3e:92:2e:a6
Mar 16 06:16:42 gtw01 dnsmasq-dhcp[1234]: DHCPREQUEST(tap3e5de217-e8) 192.168.120.8 fa:16:3e:92:2e:a6
Mar 16 06:16:42 gtw01 dnsmasq-dhcp[1234]: DHCPACK(tap3e5de217-e8) 192.168.120.8 fa:16:3e:92:2e:a6 host-192-168-120-8
Mar 16 06:16:42 gtw01 dnsmasq-dhcp[1234]: DHCPRELEASE(tap3e5de217-e8) 192.168.120.8 fa:16:3e:92:2e:a6
Mar 16 06:16:43 gtw01 dnsmasq[1234]: read /var/lib/neutron/dhcp/1b93a524-ef03-44f3-8624-c6b6578490af/addn_hosts - 2 addresses
Mar 16 06:16:43 gtw01 dnsmasq-dhcp[1234]: read /var/lib/neutron/dhcp/1b93a524-ef03-44f3-8624-c6b6578490af/host
Mar 16 06:16:43 gtw01 dnsmasq-dhcp[1234]: read /var/lib/neutron/dhcp/1b93a524-ef03-44f3-8624-c6b6578490af/opts
Mar 16 06:16:46 gtw01 dnsmasq[3013]: started, version 2.78 cachesize 150
Mar 16 06:16:46 gtw01 dnsmasq[3013]: DNS service limited to local subnets
Mar 16 06:16:46 gtw01 dnsmasq[3013]: compile time options: IPv6 GNU-getopt DBus i18n IDN DHCP DHCPv6 no-Lua TFTP conntrack ipset auth DNSSEC loop-detect inotify
Mar 16 06:16:46 gtw01 dnsmasq[3013]: warning: no upstream servers configured
Mar 16 06:16:46 gtw01 dnsmasq-dhcp[3013]: DHCPv6, static leases only on 2003::, lease time 1h
Mar 16 06:16:46 gtw01 dnsmasq[3013]: read /var/lib/neutron/dhcp/3897efa5-2069-44da-8712-b94773a702c2/addn_hosts - 2 addresses
Mar 16 06:16:46 gtw01 dnsmasq-dhcp[3013]: read /var/lib/neutron/dhcp/3897efa5-2069-44da-8712-b94773a702c2/host
Mar 16 06:16:46 gtw01 dnsmasq-dhcp[3013]: read /var/lib/neutron/dhcp/3897efa5-2069-44da-8712-b94773a702c2/opts
Mar 16 06:16:47 gtw01 dnsmasq[3013]: read /var/lib/neutron/dhcp/3897efa5-2069-44da-8712-b94773a702c2/addn_hosts - 1 addresses
Mar 16 06:16:47 gtw01 dnsmasq-dhcp[3013]: read /var/lib/neutron/dhcp/3897efa5-2069-44da-8712-b94773a702c2/host
Mar 16 06:16:47 gtw01 dnsmasq-dhcp[3013]: read /var/lib/neutron/dhcp/3897efa5-2069-44da-8712-b94773a702c2/opts
Mar 16 06:16:47 gtw01 dnsmasq[1234]: read /var/lib/neutron/dhcp/1b93a524-ef03-44f3-8624-c6b6578490af/addn_hosts - 1 addresses
Mar 16 06:16:47 gtw01 dnsmasq-dhcp[1234]: read /var/lib/neutron/dhcp/1b93a524-ef03-44f3-8624-c6b6578490af/host
Mar 16 06:16:47 gtw01 dnsmasq-dhcp[1234]: read /var/lib/neutron/dhcp/1b93a524-ef03-44f3-8624-c6b6578490af/opts
Mar 16 06:16:48 gtw01 dnsmasq[2695]: read /var/lib/neutron/dhcp/60404cd8-e253-478a-bed4-a99efa90d6c9/addn_hosts - 2 addresses
Mar 16 06:16:48 gtw01 dnsmasq-dhcp[2695]: read /var/lib/neutron/dhcp/60404cd8-e253-478a-bed4-a99efa90d6c9/host
Mar 16 06:16:48 gtw01 dnsmasq-dhcp[2695]: read /var/lib/neutron/dhcp/60404cd8-e253-478a-bed4-a99efa90d6c9/opts
Mar 16 06:16:50 gtw01 kernel: [ 7622.423235] device tap3e5de217-e8 left promiscuous mode
Mar 16 06:16:50 gtw01 dnsmasq[2695]: read /var/lib/neutron/dhcp/60404cd8-e253-478a-bed4-a99efa90d6c9/addn_hosts - 1 addresses
Mar 16 06:16:50 gtw01 dnsmasq-dhcp[2695]: read /var/lib/neutron/dhcp/60404cd8-e253-478a-bed4-a99efa90d6c9/host
Mar 16 06:16:50 gtw01 dnsmasq-dhcp[2695]: read /var/lib/neutron/dhcp/60404cd8-e253-478a-bed4-a99efa90d6c9/opts
Mar 16 06:16:50 gtw01 dnsmasq[3140]: started, version 2.78 cachesize 150
Mar 16 06:16:50 gtw01 dnsmasq[3140]: DNS service limited to local subnets
Mar 16 06:16:50 gtw01 dnsmasq[3140]: compile time options: IPv6 GNU-getopt DBus i18n IDN DHCP DHCPv6 no-Lua TFTP conntrack ipset auth DNSSEC loop-detect inotify
Mar 16 06:16:50 gtw01 dnsmasq[3140]: warning: no upstream servers configured
Mar 16 06:16:50 gtw01 dnsmasq-dhcp[3140]: DHCPv6, static leases only on 2003::, lease time 1h
Mar 16 06:16:50 gtw01 dnsmasq[3140]: read /var/lib/neutron/dhcp/3897efa5-2069-44da-8712-b94773a702c2/addn_hosts - 1 addresses
Mar 16 06:16:50 gtw01 dnsmasq-dhcp[3140]: read /var/lib/neutron/dhcp/3897efa5-2069-44da-8712-b94773a702c2/host
Mar 16 06:16:50 gtw01 dnsmasq-dhcp[3140]: read /var/lib/neutron/dhcp/3897efa5-2069-44da-8712-b94773a702c2/opts
Mar 16 06:16:51 gtw01 dnsmasq[3140]: read /var/lib/neutron/dhcp/3897efa5-2069-44da-8712-b94773a702c2/addn_hosts - 3 addresses
Mar 16 06:16:51 gtw01 dnsmasq-dhcp[3140]: read /var/lib/neutron/dhcp/3897efa5-2069-44da-8712-b94773a702c2/host
Mar 16 06:16:51 gtw01 dnsmasq-dhcp[3140]: read /var/lib/neutron/dhcp/3897efa5-2069-44da-8712-b94773a702c2/opts
Mar 16 06:16:51 gtw01 dnsmasq[3140]: read /var/lib/neutron/dhcp/3897efa5-2069-44da-8712-b94773a702c2/addn_hosts - 1 addresses
Mar 16 06:16:51 gtw01 dnsmasq-dhcp[3140]: read /var/lib/neutron/dhcp/3897efa5-2069-44da-8712-b94773a702c2/host
Mar 16 06:16:51 gtw01 dnsmasq-dhcp[3140]: read /var/lib/neutron/dhcp/3897efa5-2069-44da-8712-b94773a702c2/opts
Mar 16 06:16:52 gtw01 dnsmasq[3140]: read /var/lib/neutron/dhcp/3897efa5-2069-44da-8712-b94773a702c2/addn_hosts - 1 addresses
Mar 16 06:16:52 gtw01 dnsmasq-dhcp[3140]: read /var/lib/neutron/dhcp/3897efa5-2069-44da-8712-b94773a702c2/host
Mar 16 06:16:52 gtw01 dnsmasq-dhcp[3140]: read /var/lib/neutron/dhcp/3897efa5-2069-44da-8712-b94773a702c2/opts
Mar 16 06:16:54 gtw01 kernel: [ 7626.817128] device tapcb841808-94 left promiscuous mode
Mar 16 06:16:56 gtw01 dnsmasq[3247]: started, version 2.78 cachesize 150
Mar 16 06:16:56 gtw01 dnsmasq[3247]: DNS service limited to local subnets
Mar 16 06:16:56 gtw01 dnsmasq[3247]: compile time options: IPv6 GNU-getopt DBus i18n IDN DHCP DHCPv6 no-Lua TFTP conntrack ipset auth DNSSEC loop-detect inotify
Mar 16 06:16:56 gtw01 dnsmasq[3247]: warning: no upstream servers configured
Mar 16 06:16:56 gtw01 dnsmasq-dhcp[3247]: DHCPv6, static leases only on 2003:0:0:1::, lease time 1h
Mar 16 06:16:56 gtw01 dnsmasq-dhcp[3247]: DHCPv6, static leases only on 2003::, lease time 1h
Mar 16 06:16:56 gtw01 dnsmasq[3247]: read /var/lib/neutron/dhcp/3897efa5-2069-44da-8712-b94773a702c2/addn_hosts - 4 addresses
Mar 16 06:16:56 gtw01 dnsmasq-dhcp[3247]: read /var/lib/neutron/dhcp/3897efa5-2069-44da-8712-b94773a702c2/host
Mar 16 06:16:56 gtw01 dnsmasq-dhcp[3247]: read /var/lib/neutron/dhcp/3897efa5-2069-44da-8712-b94773a702c2/opts
Mar 16 06:16:59 gtw01 systemd-udevd[3306]: Could not generate persistent MAC address for tapcb0b692a-a2: No such file or directory
Mar 16 06:16:59 gtw01 kernel: [ 7631.398603] device tapcb0b692a-a2 entered promiscuous mode
Mar 16 06:17:00 gtw01 dnsmasq[3409]: started, version 2.78 cachesize 150
Mar 16 06:17:00 gtw01 dnsmasq[3409]: DNS service limited to local subnets
Mar 16 06:17:00 gtw01 dnsmasq[3409]: compile time options: IPv6 GNU-getopt DBus i18n IDN DHCP DHCPv6 no-Lua TFTP conntrack ipset auth DNSSEC loop-detect inotify
Mar 16 06:17:00 gtw01 dnsmasq[3409]: warning: no upstream servers configured
Mar 16 06:17:00 gtw01 dnsmasq-dhcp[3409]: DHCPv6, static leases only on 2003:0:0:1::, lease time 1h
Mar 16 06:17:00 gtw01 dnsmasq[3409]: read /var/lib/neutron/dhcp/3897efa5-2069-44da-8712-b94773a702c2/addn_hosts - 1 addresses
Mar 16 06:17:00 gtw01 dnsmasq-dhcp[3409]: read /var/lib/neutron/dhcp/3897efa5-2069-44da-8712-b94773a702c2/host
Mar 16 06:17:00 gtw01 dnsmasq-dhcp[3409]: read /var/lib/neutron/dhcp/3897efa5-2069-44da-8712-b94773a702c2/opts
Mar 16 06:17:00 gtw01 kernel: [ 7632.891870] device tape74ba18e-56 left promiscuous mode
Mar 16 06:17:01 gtw01 CRON[3449]: (root) CMD (   cd / && run-parts --report /etc/cron.hourly)
Mar 16 06:17:02 gtw01 dnsmasq[3457]: started, version 2.78 cachesize 150
Mar 16 06:17:02 gtw01 dnsmasq[3457]: DNS service limited to local subnets
Mar 16 06:17:02 gtw01 dnsmasq[3457]: compile time options: IPv6 GNU-getopt DBus i18n IDN DHCP DHCPv6 no-Lua TFTP conntrack ipset auth DNSSEC loop-detect inotify
Mar 16 06:17:02 gtw01 dnsmasq[3457]: warning: no upstream servers configured
Mar 16 06:17:02 gtw01 dnsmasq-dhcp[3457]: DHCP, static leases only on 192.168.120.0, lease time 1h
Mar 16 06:17:02 gtw01 dnsmasq[3457]: read /var/lib/neutron/dhcp/273c875b-f71c-4422-aa9d-27542fa2ee60/addn_hosts - 1 addresses
Mar 16 06:17:02 gtw01 dnsmasq-dhcp[3457]: read /var/lib/neutron/dhcp/273c875b-f71c-4422-aa9d-27542fa2ee60/host
Mar 16 06:17:02 gtw01 dnsmasq-dhcp[3457]: read /var/lib/neutron/dhcp/273c875b-f71c-4422-aa9d-27542fa2ee60/opts
Mar 16 06:17:02 gtw01 haproxy-metadata-proxy-273c875b-f71c-4422-aa9d-27542fa2ee60[3461]: Proxy listener started.
Mar 16 06:17:03 gtw01 dnsmasq[3457]: read /var/lib/neutron/dhcp/273c875b-f71c-4422-aa9d-27542fa2ee60/addn_hosts - 2 addresses
Mar 16 06:17:03 gtw01 dnsmasq-dhcp[3457]: read /var/lib/neutron/dhcp/273c875b-f71c-4422-aa9d-27542fa2ee60/host
Mar 16 06:17:03 gtw01 dnsmasq-dhcp[3457]: read /var/lib/neutron/dhcp/273c875b-f71c-4422-aa9d-27542fa2ee60/opts
Mar 16 06:17:10 gtw01 dnsmasq[3457]: read /var/lib/neutron/dhcp/273c875b-f71c-4422-aa9d-27542fa2ee60/addn_hosts - 3 addresses
Mar 16 06:17:10 gtw01 dnsmasq-dhcp[3457]: read /var/lib/neutron/dhcp/273c875b-f71c-4422-aa9d-27542fa2ee60/host
Mar 16 06:17:10 gtw01 dnsmasq-dhcp[3457]: read /var/lib/neutron/dhcp/273c875b-f71c-4422-aa9d-27542fa2ee60/opts
Mar 16 06:17:11 gtw01 dnsmasq[3457]: read /var/lib/neutron/dhcp/273c875b-f71c-4422-aa9d-27542fa2ee60/addn_hosts - 3 addresses
Mar 16 06:17:11 gtw01 dnsmasq-dhcp[3457]: read /var/lib/neutron/dhcp/273c875b-f71c-4422-aa9d-27542fa2ee60/host
Mar 16 06:17:11 gtw01 dnsmasq-dhcp[3457]: read /var/lib/neutron/dhcp/273c875b-f71c-4422-aa9d-27542fa2ee60/opts
Mar 16 06:17:12 gtw01 dnsmasq[3457]: read /var/lib/neutron/dhcp/273c875b-f71c-4422-aa9d-27542fa2ee60/addn_hosts - 3 addresses
Mar 16 06:17:12 gtw01 dnsmasq-dhcp[3457]: read /var/lib/neutron/dhcp/273c875b-f71c-4422-aa9d-27542fa2ee60/host
Mar 16 06:17:12 gtw01 dnsmasq-dhcp[3457]: read /var/lib/neutron/dhcp/273c875b-f71c-4422-aa9d-27542fa2ee60/opts
Mar 16 06:17:21 gtw01 systemd-udevd[3548]: Could not generate persistent MAC address for tap13495d14-a4: No such file or directory
Mar 16 06:17:21 gtw01 kernel: [ 7654.329102] device tap13495d14-a4 entered promiscuous mode
Mar 16 06:17:22 gtw01 kernel: [ 7655.276288] device tap9a26bf8a-e2 entered promiscuous mode
Mar 16 06:17:22 gtw01 systemd-udevd[3653]: Could not generate persistent MAC address for tap9a26bf8a-e2: No such file or directory
Mar 16 06:17:25 gtw01 dnsmasq[3802]: started, version 2.78 cachesize 150
Mar 16 06:17:25 gtw01 dnsmasq[3802]: DNS service limited to local subnets
Mar 16 06:17:25 gtw01 dnsmasq[3802]: compile time options: IPv6 GNU-getopt DBus i18n IDN DHCP DHCPv6 no-Lua TFTP conntrack ipset auth DNSSEC loop-detect inotify
Mar 16 06:17:25 gtw01 dnsmasq[3802]: warning: no upstream servers configured
Mar 16 06:17:25 gtw01 dnsmasq-dhcp[3802]: DHCP, static leases only on 192.168.120.0, lease time 1h
Mar 16 06:17:25 gtw01 dnsmasq[3802]: read /var/lib/neutron/dhcp/a3b4c384-177f-4fa9-9a45-c49083c37b82/addn_hosts - 1 addresses
Mar 16 06:17:25 gtw01 dnsmasq-dhcp[3802]: read /var/lib/neutron/dhcp/a3b4c384-177f-4fa9-9a45-c49083c37b82/host
Mar 16 06:17:25 gtw01 dnsmasq-dhcp[3802]: read /var/lib/neutron/dhcp/a3b4c384-177f-4fa9-9a45-c49083c37b82/opts
Mar 16 06:17:25 gtw01 haproxy-metadata-proxy-a3b4c384-177f-4fa9-9a45-c49083c37b82[3810]: Proxy listener started.
Mar 16 06:17:26 gtw01 dnsmasq[3826]: started, version 2.78 cachesize 150
Mar 16 06:17:26 gtw01 dnsmasq[3826]: DNS service limited to local subnets
Mar 16 06:17:26 gtw01 dnsmasq[3826]: compile time options: IPv6 GNU-getopt DBus i18n IDN DHCP DHCPv6 no-Lua TFTP conntrack ipset auth DNSSEC loop-detect inotify
Mar 16 06:17:26 gtw01 dnsmasq[3826]: warning: no upstream servers configured
Mar 16 06:17:26 gtw01 dnsmasq-dhcp[3826]: DHCP, static leases only on 192.168.120.16, lease time 1h
Mar 16 06:17:26 gtw01 dnsmasq[3826]: read /var/lib/neutron/dhcp/8db21070-f514-425c-9ef5-0184d47a5fd3/addn_hosts - 1 addresses
Mar 16 06:17:26 gtw01 dnsmasq-dhcp[3826]: read /var/lib/neutron/dhcp/8db21070-f514-425c-9ef5-0184d47a5fd3/host
Mar 16 06:17:26 gtw01 dnsmasq-dhcp[3826]: read /var/lib/neutron/dhcp/8db21070-f514-425c-9ef5-0184d47a5fd3/opts
Mar 16 06:17:26 gtw01 haproxy-metadata-proxy-8db21070-f514-425c-9ef5-0184d47a5fd3[3834]: Proxy listener started.
Mar 16 06:17:26 gtw01 kernel: [ 7658.678077] device tap13495d14-a4 left promiscuous mode
Mar 16 06:17:26 gtw01 kernel: [ 7659.333657] device tap9a26bf8a-e2 left promiscuous mode
Mar 16 06:17:31 gtw01 dnsmasq-dhcp[3457]: DHCPDISCOVER(tapcb0b692a-a2) fa:16:3e:90:6c:86
Mar 16 06:17:31 gtw01 dnsmasq-dhcp[3457]: DHCPOFFER(tapcb0b692a-a2) 192.168.120.5 fa:16:3e:90:6c:86
Mar 16 06:17:31 gtw01 dnsmasq-dhcp[3457]: DHCPREQUEST(tapcb0b692a-a2) 192.168.120.5 fa:16:3e:90:6c:86
Mar 16 06:17:31 gtw01 dnsmasq-dhcp[3457]: DHCPACK(tapcb0b692a-a2) 192.168.120.5 fa:16:3e:90:6c:86 host-192-168-120-5
Mar 16 06:17:36 gtw01 dnsmasq[3891]: started, version 2.78 cachesize 150
Mar 16 06:17:36 gtw01 dnsmasq[3891]: DNS service limited to local subnets
Mar 16 06:17:36 gtw01 dnsmasq[3891]: compile time options: IPv6 GNU-getopt DBus i18n IDN DHCP DHCPv6 no-Lua TFTP conntrack ipset auth DNSSEC loop-detect inotify
Mar 16 06:17:36 gtw01 dnsmasq[3891]: warning: no upstream servers configured
Mar 16 06:17:36 gtw01 dnsmasq-dhcp[3891]: DHCP, static leases only on 192.168.120.0, lease time 1h
Mar 16 06:17:36 gtw01 dnsmasq[3891]: read /var/lib/neutron/dhcp/273c875b-f71c-4422-aa9d-27542fa2ee60/addn_hosts - 3 addresses
Mar 16 06:17:36 gtw01 dnsmasq-dhcp[3891]: read /var/lib/neutron/dhcp/273c875b-f71c-4422-aa9d-27542fa2ee60/host
Mar 16 06:17:36 gtw01 dnsmasq-dhcp[3891]: read /var/lib/neutron/dhcp/273c875b-f71c-4422-aa9d-27542fa2ee60/opts
Mar 16 06:17:41 gtw01 kernel: [ 7674.255091] device tap1fee0bc6-90 entered promiscuous mode
Mar 16 06:17:41 gtw01 systemd-udevd[3913]: Could not generate persistent MAC address for tap1fee0bc6-90: No such file or directory
Mar 16 06:17:43 gtw01 kernel: [ 7675.621969] device tape8ed7ab4-b0 entered promiscuous mode
Mar 16 06:17:43 gtw01 systemd-udevd[4024]: Could not generate persistent MAC address for tape8ed7ab4-b0: No such file or directory
Mar 16 06:17:45 gtw01 kernel: [ 7677.635447] device tap2a6966b1-a8 entered promiscuous mode
Mar 16 06:17:45 gtw01 systemd-udevd[4179]: Could not generate persistent MAC address for tap2a6966b1-a8: No such file or directory
Mar 16 06:17:45 gtw01 dnsmasq[4257]: started, version 2.78 cachesize 150
Mar 16 06:17:45 gtw01 dnsmasq[4257]: DNS service limited to local subnets
Mar 16 06:17:45 gtw01 dnsmasq[4257]: compile time options: IPv6 GNU-getopt DBus i18n IDN DHCP DHCPv6 no-Lua TFTP conntrack ipset auth DNSSEC loop-detect inotify
Mar 16 06:17:45 gtw01 dnsmasq[4257]: warning: no upstream servers configured
Mar 16 06:17:45 gtw01 dnsmasq-dhcp[4257]: DHCPv6, static leases only on 2003::, lease time 1h
Mar 16 06:17:45 gtw01 dnsmasq[4257]: read /var/lib/neutron/dhcp/b3da3307-2a81-4ad7-9cf3-3e504eb2a804/addn_hosts - 1 addresses
Mar 16 06:17:45 gtw01 dnsmasq-dhcp[4257]: read /var/lib/neutron/dhcp/b3da3307-2a81-4ad7-9cf3-3e504eb2a804/host
Mar 16 06:17:45 gtw01 dnsmasq-dhcp[4257]: read /var/lib/neutron/dhcp/b3da3307-2a81-4ad7-9cf3-3e504eb2a804/opts
Mar 16 06:17:46 gtw01 dnsmasq[4257]: read /var/lib/neutron/dhcp/b3da3307-2a81-4ad7-9cf3-3e504eb2a804/addn_hosts - 1 addresses
Mar 16 06:17:46 gtw01 dnsmasq-dhcp[4257]: read /var/lib/neutron/dhcp/b3da3307-2a81-4ad7-9cf3-3e504eb2a804/host
Mar 16 06:17:46 gtw01 dnsmasq-dhcp[4257]: read /var/lib/neutron/dhcp/b3da3307-2a81-4ad7-9cf3-3e504eb2a804/opts
Mar 16 06:17:46 gtw01 dnsmasq[4308]: started, version 2.78 cachesize 150
Mar 16 06:17:46 gtw01 dnsmasq[4308]: DNS service limited to local subnets
Mar 16 06:17:46 gtw01 dnsmasq[4308]: compile time options: IPv6 GNU-getopt DBus i18n IDN DHCP DHCPv6 no-Lua TFTP conntrack ipset auth DNSSEC loop-detect inotify
Mar 16 06:17:46 gtw01 dnsmasq[4308]: warning: no upstream servers configured
Mar 16 06:17:46 gtw01 dnsmasq-dhcp[4308]: DHCPv6, static leases only on 2003:0:0:ffff::, lease time 1h
Mar 16 06:17:46 gtw01 dnsmasq[4308]: read /var/lib/neutron/dhcp/79976da4-cc2f-43f2-ab5e-e7cf1a6e2355/addn_hosts - 1 addresses
Mar 16 06:17:46 gtw01 dnsmasq-dhcp[4308]: read /var/lib/neutron/dhcp/79976da4-cc2f-43f2-ab5e-e7cf1a6e2355/host
Mar 16 06:17:46 gtw01 dnsmasq-dhcp[4308]: read /var/lib/neutron/dhcp/79976da4-cc2f-43f2-ab5e-e7cf1a6e2355/opts
Mar 16 06:17:47 gtw01 dnsmasq[4257]: read /var/lib/neutron/dhcp/b3da3307-2a81-4ad7-9cf3-3e504eb2a804/addn_hosts - 2 addresses
Mar 16 06:17:47 gtw01 dnsmasq-dhcp[4257]: read /var/lib/neutron/dhcp/b3da3307-2a81-4ad7-9cf3-3e504eb2a804/host
Mar 16 06:17:47 gtw01 dnsmasq-dhcp[4257]: read /var/lib/neutron/dhcp/b3da3307-2a81-4ad7-9cf3-3e504eb2a804/opts
Mar 16 06:17:47 gtw01 dnsmasq[4308]: read /var/lib/neutron/dhcp/79976da4-cc2f-43f2-ab5e-e7cf1a6e2355/addn_hosts - 1 addresses
Mar 16 06:17:47 gtw01 dnsmasq-dhcp[4308]: read /var/lib/neutron/dhcp/79976da4-cc2f-43f2-ab5e-e7cf1a6e2355/host
Mar 16 06:17:47 gtw01 dnsmasq-dhcp[4308]: read /var/lib/neutron/dhcp/79976da4-cc2f-43f2-ab5e-e7cf1a6e2355/opts
Mar 16 06:17:48 gtw01 dnsmasq[4257]: read /var/lib/neutron/dhcp/b3da3307-2a81-4ad7-9cf3-3e504eb2a804/addn_hosts - 2 addresses
Mar 16 06:17:48 gtw01 dnsmasq-dhcp[4257]: read /var/lib/neutron/dhcp/b3da3307-2a81-4ad7-9cf3-3e504eb2a804/host
Mar 16 06:17:48 gtw01 dnsmasq-dhcp[4257]: read /var/lib/neutron/dhcp/b3da3307-2a81-4ad7-9cf3-3e504eb2a804/opts
Mar 16 06:17:49 gtw01 dnsmasq[4399]: started, version 2.78 cachesize 150
Mar 16 06:17:49 gtw01 dnsmasq[4399]: DNS service limited to local subnets
Mar 16 06:17:49 gtw01 dnsmasq[4399]: compile time options: IPv6 GNU-getopt DBus i18n IDN DHCP DHCPv6 no-Lua TFTP conntrack ipset auth DNSSEC loop-detect inotify
Mar 16 06:17:49 gtw01 dnsmasq[4399]: warning: no upstream servers configured
Mar 16 06:17:49 gtw01 dnsmasq-dhcp[4399]: DHCP, static leases only on 192.168.120.0, lease time 1h
Mar 16 06:17:49 gtw01 dnsmasq[4399]: read /var/lib/neutron/dhcp/a0a22360-c7f0-47dc-9b41-a9d80a1df9e3/addn_hosts - 1 addresses
Mar 16 06:17:49 gtw01 dnsmasq-dhcp[4399]: read /var/lib/neutron/dhcp/a0a22360-c7f0-47dc-9b41-a9d80a1df9e3/host
Mar 16 06:17:49 gtw01 dnsmasq-dhcp[4399]: read /var/lib/neutron/dhcp/a0a22360-c7f0-47dc-9b41-a9d80a1df9e3/opts
Mar 16 06:17:49 gtw01 dnsmasq[4308]: read /var/lib/neutron/dhcp/79976da4-cc2f-43f2-ab5e-e7cf1a6e2355/addn_hosts - 1 addresses
Mar 16 06:17:49 gtw01 dnsmasq-dhcp[4308]: read /var/lib/neutron/dhcp/79976da4-cc2f-43f2-ab5e-e7cf1a6e2355/host
Mar 16 06:17:49 gtw01 dnsmasq-dhcp[4308]: read /var/lib/neutron/dhcp/79976da4-cc2f-43f2-ab5e-e7cf1a6e2355/opts
Mar 16 06:17:49 gtw01 haproxy-metadata-proxy-a0a22360-c7f0-47dc-9b41-a9d80a1df9e3[4411]: Proxy listener started.
Mar 16 06:17:49 gtw01 dnsmasq[4257]: read /var/lib/neutron/dhcp/b3da3307-2a81-4ad7-9cf3-3e504eb2a804/addn_hosts - 3 addresses
Mar 16 06:17:49 gtw01 dnsmasq-dhcp[4257]: read /var/lib/neutron/dhcp/b3da3307-2a81-4ad7-9cf3-3e504eb2a804/host
Mar 16 06:17:49 gtw01 dnsmasq-dhcp[4257]: read /var/lib/neutron/dhcp/b3da3307-2a81-4ad7-9cf3-3e504eb2a804/opts
Mar 16 06:17:50 gtw01 dnsmasq[3891]: read /var/lib/neutron/dhcp/273c875b-f71c-4422-aa9d-27542fa2ee60/addn_hosts - 4 addresses
Mar 16 06:17:50 gtw01 dnsmasq-dhcp[3891]: read /var/lib/neutron/dhcp/273c875b-f71c-4422-aa9d-27542fa2ee60/host
Mar 16 06:17:50 gtw01 dnsmasq-dhcp[3891]: read /var/lib/neutron/dhcp/273c875b-f71c-4422-aa9d-27542fa2ee60/opts
Mar 16 06:17:50 gtw01 dnsmasq[4399]: read /var/lib/neutron/dhcp/a0a22360-c7f0-47dc-9b41-a9d80a1df9e3/addn_hosts - 3 addresses
Mar 16 06:17:50 gtw01 dnsmasq-dhcp[4399]: read /var/lib/neutron/dhcp/a0a22360-c7f0-47dc-9b41-a9d80a1df9e3/host
Mar 16 06:17:50 gtw01 dnsmasq-dhcp[4399]: read /var/lib/neutron/dhcp/a0a22360-c7f0-47dc-9b41-a9d80a1df9e3/opts
Mar 16 06:17:51 gtw01 dnsmasq[4257]: read /var/lib/neutron/dhcp/b3da3307-2a81-4ad7-9cf3-3e504eb2a804/addn_hosts - 2 addresses
Mar 16 06:17:51 gtw01 dnsmasq-dhcp[4257]: read /var/lib/neutron/dhcp/b3da3307-2a81-4ad7-9cf3-3e504eb2a804/host
Mar 16 06:17:51 gtw01 dnsmasq-dhcp[4257]: read /var/lib/neutron/dhcp/b3da3307-2a81-4ad7-9cf3-3e504eb2a804/opts
Mar 16 06:17:51 gtw01 dnsmasq[3891]: read /var/lib/neutron/dhcp/273c875b-f71c-4422-aa9d-27542fa2ee60/addn_hosts - 4 addresses
Mar 16 06:17:51 gtw01 dnsmasq-dhcp[3891]: read /var/lib/neutron/dhcp/273c875b-f71c-4422-aa9d-27542fa2ee60/host
Mar 16 06:17:51 gtw01 dnsmasq-dhcp[3891]: read /var/lib/neutron/dhcp/273c875b-f71c-4422-aa9d-27542fa2ee60/opts
Mar 16 06:17:51 gtw01 dnsmasq[4399]: read /var/lib/neutron/dhcp/a0a22360-c7f0-47dc-9b41-a9d80a1df9e3/addn_hosts - 3 addresses
Mar 16 06:17:51 gtw01 dnsmasq-dhcp[4399]: read /var/lib/neutron/dhcp/a0a22360-c7f0-47dc-9b41-a9d80a1df9e3/host
Mar 16 06:17:51 gtw01 dnsmasq-dhcp[4399]: read /var/lib/neutron/dhcp/a0a22360-c7f0-47dc-9b41-a9d80a1df9e3/opts
Mar 16 06:17:52 gtw01 dnsmasq[4257]: read /var/lib/neutron/dhcp/b3da3307-2a81-4ad7-9cf3-3e504eb2a804/addn_hosts - 2 addresses
Mar 16 06:17:52 gtw01 dnsmasq-dhcp[4257]: read /var/lib/neutron/dhcp/b3da3307-2a81-4ad7-9cf3-3e504eb2a804/host
Mar 16 06:17:52 gtw01 dnsmasq-dhcp[4257]: read /var/lib/neutron/dhcp/b3da3307-2a81-4ad7-9cf3-3e504eb2a804/opts
Mar 16 06:17:52 gtw01 dnsmasq-dhcp[3891]: DHCPDISCOVER(tapcb0b692a-a2) fa:16:3e:90:6c:86
Mar 16 06:17:52 gtw01 dnsmasq-dhcp[3891]: DHCPOFFER(tapcb0b692a-a2) 192.168.120.5 fa:16:3e:90:6c:86
Mar 16 06:17:52 gtw01 dnsmasq-dhcp[3891]: DHCPREQUEST(tapcb0b692a-a2) 192.168.120.5 fa:16:3e:90:6c:86
Mar 16 06:17:52 gtw01 dnsmasq-dhcp[3891]: DHCPACK(tapcb0b692a-a2) 192.168.120.5 fa:16:3e:90:6c:86 host-192-168-120-5
Mar 16 06:17:52 gtw01 dnsmasq[3891]: read /var/lib/neutron/dhcp/273c875b-f71c-4422-aa9d-27542fa2ee60/addn_hosts - 4 addresses
Mar 16 06:17:52 gtw01 dnsmasq-dhcp[3891]: read /var/lib/neutron/dhcp/273c875b-f71c-4422-aa9d-27542fa2ee60/host
Mar 16 06:17:52 gtw01 dnsmasq-dhcp[3891]: read /var/lib/neutron/dhcp/273c875b-f71c-4422-aa9d-27542fa2ee60/opts
Mar 16 06:17:52 gtw01 dnsmasq[4399]: read /var/lib/neutron/dhcp/a0a22360-c7f0-47dc-9b41-a9d80a1df9e3/addn_hosts - 4 addresses
Mar 16 06:17:52 gtw01 dnsmasq-dhcp[4399]: read /var/lib/neutron/dhcp/a0a22360-c7f0-47dc-9b41-a9d80a1df9e3/host
Mar 16 06:17:52 gtw01 dnsmasq-dhcp[4399]: read /var/lib/neutron/dhcp/a0a22360-c7f0-47dc-9b41-a9d80a1df9e3/opts
Mar 16 06:17:53 gtw01 dnsmasq[4257]: read /var/lib/neutron/dhcp/b3da3307-2a81-4ad7-9cf3-3e504eb2a804/addn_hosts - 1 addresses
Mar 16 06:17:53 gtw01 dnsmasq-dhcp[4257]: read /var/lib/neutron/dhcp/b3da3307-2a81-4ad7-9cf3-3e504eb2a804/host
Mar 16 06:17:53 gtw01 dnsmasq-dhcp[4257]: read /var/lib/neutron/dhcp/b3da3307-2a81-4ad7-9cf3-3e504eb2a804/opts
Mar 16 06:17:53 gtw01 dnsmasq[4399]: read /var/lib/neutron/dhcp/a0a22360-c7f0-47dc-9b41-a9d80a1df9e3/addn_hosts - 3 addresses
Mar 16 06:17:53 gtw01 dnsmasq-dhcp[4399]: read /var/lib/neutron/dhcp/a0a22360-c7f0-47dc-9b41-a9d80a1df9e3/host
Mar 16 06:17:53 gtw01 dnsmasq-dhcp[4399]: read /var/lib/neutron/dhcp/a0a22360-c7f0-47dc-9b41-a9d80a1df9e3/opts
Mar 16 06:17:54 gtw01 kernel: [ 7686.380668] device tap1fee0bc6-90 left promiscuous mode
Mar 16 06:17:54 gtw01 dnsmasq[4399]: read /var/lib/neutron/dhcp/a0a22360-c7f0-47dc-9b41-a9d80a1df9e3/addn_hosts - 3 addresses
Mar 16 06:17:54 gtw01 dnsmasq-dhcp[4399]: read /var/lib/neutron/dhcp/a0a22360-c7f0-47dc-9b41-a9d80a1df9e3/host
Mar 16 06:17:54 gtw01 dnsmasq-dhcp[4399]: read /var/lib/neutron/dhcp/a0a22360-c7f0-47dc-9b41-a9d80a1df9e3/opts
Mar 16 06:17:55 gtw01 dnsmasq[4399]: read /var/lib/neutron/dhcp/a0a22360-c7f0-47dc-9b41-a9d80a1df9e3/addn_hosts - 2 addresses
Mar 16 06:17:55 gtw01 dnsmasq-dhcp[4399]: read /var/lib/neutron/dhcp/a0a22360-c7f0-47dc-9b41-a9d80a1df9e3/host
Mar 16 06:17:55 gtw01 dnsmasq-dhcp[4399]: read /var/lib/neutron/dhcp/a0a22360-c7f0-47dc-9b41-a9d80a1df9e3/opts
Mar 16 06:17:55 gtw01 systemd-udevd[4644]: Could not generate persistent MAC address for tap7c6f9b50-48: No such file or directory
Mar 16 06:17:55 gtw01 kernel: [ 7688.034555] device tap7c6f9b50-48 entered promiscuous mode
Mar 16 06:17:56 gtw01 dnsmasq[4399]: read /var/lib/neutron/dhcp/a0a22360-c7f0-47dc-9b41-a9d80a1df9e3/addn_hosts - 3 addresses
Mar 16 06:17:56 gtw01 dnsmasq-dhcp[4399]: read /var/lib/neutron/dhcp/a0a22360-c7f0-47dc-9b41-a9d80a1df9e3/host
Mar 16 06:17:56 gtw01 dnsmasq-dhcp[4399]: read /var/lib/neutron/dhcp/a0a22360-c7f0-47dc-9b41-a9d80a1df9e3/opts
Mar 16 06:17:57 gtw01 dnsmasq[4399]: read /var/lib/neutron/dhcp/a0a22360-c7f0-47dc-9b41-a9d80a1df9e3/addn_hosts - 3 addresses
Mar 16 06:17:57 gtw01 dnsmasq-dhcp[4399]: read /var/lib/neutron/dhcp/a0a22360-c7f0-47dc-9b41-a9d80a1df9e3/host
Mar 16 06:17:57 gtw01 dnsmasq-dhcp[4399]: read /var/lib/neutron/dhcp/a0a22360-c7f0-47dc-9b41-a9d80a1df9e3/opts
Mar 16 06:17:58 gtw01 dnsmasq[4399]: read /var/lib/neutron/dhcp/a0a22360-c7f0-47dc-9b41-a9d80a1df9e3/addn_hosts - 2 addresses
Mar 16 06:17:58 gtw01 dnsmasq-dhcp[4399]: read /var/lib/neutron/dhcp/a0a22360-c7f0-47dc-9b41-a9d80a1df9e3/host
Mar 16 06:17:58 gtw01 dnsmasq-dhcp[4399]: read /var/lib/neutron/dhcp/a0a22360-c7f0-47dc-9b41-a9d80a1df9e3/opts
Mar 16 06:17:58 gtw01 systemd-udevd[4829]: Could not generate persistent MAC address for tap483860b7-8e: No such file or directory
Mar 16 06:17:58 gtw01 kernel: [ 7691.015926] device tap483860b7-8e entered promiscuous mode
Mar 16 06:17:59 gtw01 dnsmasq[4923]: started, version 2.78 cachesize 150
Mar 16 06:17:59 gtw01 dnsmasq[4923]: DNS service limited to local subnets
Mar 16 06:17:59 gtw01 dnsmasq[4923]: compile time options: IPv6 GNU-getopt DBus i18n IDN DHCP DHCPv6 no-Lua TFTP conntrack ipset auth DNSSEC loop-detect inotify
Mar 16 06:17:59 gtw01 dnsmasq[4923]: warning: no upstream servers configured
Mar 16 06:17:59 gtw01 dnsmasq-dhcp[4923]: DHCPv6, static leases only on 2003::, lease time 1h
Mar 16 06:17:59 gtw01 dnsmasq[4923]: read /var/lib/neutron/dhcp/7844a2e4-2f79-4232-956d-2cbbfb4e3720/addn_hosts - 1 addresses
Mar 16 06:17:59 gtw01 dnsmasq-dhcp[4923]: read /var/lib/neutron/dhcp/7844a2e4-2f79-4232-956d-2cbbfb4e3720/host
Mar 16 06:17:59 gtw01 dnsmasq-dhcp[4923]: read /var/lib/neutron/dhcp/7844a2e4-2f79-4232-956d-2cbbfb4e3720/opts
Mar 16 06:17:59 gtw01 dnsmasq[4399]: read /var/lib/neutron/dhcp/a0a22360-c7f0-47dc-9b41-a9d80a1df9e3/addn_hosts - 3 addresses
Mar 16 06:17:59 gtw01 dnsmasq-dhcp[4399]: read /var/lib/neutron/dhcp/a0a22360-c7f0-47dc-9b41-a9d80a1df9e3/host
Mar 16 06:17:59 gtw01 dnsmasq-dhcp[4399]: read /var/lib/neutron/dhcp/a0a22360-c7f0-47dc-9b41-a9d80a1df9e3/opts
Mar 16 06:18:00 gtw01 dnsmasq[4923]: read /var/lib/neutron/dhcp/7844a2e4-2f79-4232-956d-2cbbfb4e3720/addn_hosts - 1 addresses
Mar 16 06:18:00 gtw01 dnsmasq-dhcp[4923]: read /var/lib/neutron/dhcp/7844a2e4-2f79-4232-956d-2cbbfb4e3720/host
Mar 16 06:18:00 gtw01 dnsmasq-dhcp[4923]: read /var/lib/neutron/dhcp/7844a2e4-2f79-4232-956d-2cbbfb4e3720/opts
Mar 16 06:18:00 gtw01 dnsmasq[4399]: read /var/lib/neutron/dhcp/a0a22360-c7f0-47dc-9b41-a9d80a1df9e3/addn_hosts - 4 addresses
Mar 16 06:18:00 gtw01 dnsmasq-dhcp[4399]: read /var/lib/neutron/dhcp/a0a22360-c7f0-47dc-9b41-a9d80a1df9e3/host
Mar 16 06:18:00 gtw01 dnsmasq-dhcp[4399]: read /var/lib/neutron/dhcp/a0a22360-c7f0-47dc-9b41-a9d80a1df9e3/opts
Mar 16 06:18:01 gtw01 dnsmasq[4399]: read /var/lib/neutron/dhcp/a0a22360-c7f0-47dc-9b41-a9d80a1df9e3/addn_hosts - 4 addresses
Mar 16 06:18:01 gtw01 dnsmasq-dhcp[4399]: read /var/lib/neutron/dhcp/a0a22360-c7f0-47dc-9b41-a9d80a1df9e3/host
Mar 16 06:18:01 gtw01 dnsmasq-dhcp[4399]: read /var/lib/neutron/dhcp/a0a22360-c7f0-47dc-9b41-a9d80a1df9e3/opts
Mar 16 06:18:02 gtw01 dnsmasq[5032]: started, version 2.78 cachesize 150
Mar 16 06:18:02 gtw01 dnsmasq[5032]: DNS service limited to local subnets
Mar 16 06:18:02 gtw01 dnsmasq[5032]: compile time options: IPv6 GNU-getopt DBus i18n IDN DHCP DHCPv6 no-Lua TFTP conntrack ipset auth DNSSEC loop-detect inotify
Mar 16 06:18:02 gtw01 dnsmasq[5032]: warning: no upstream servers configured
Mar 16 06:18:02 gtw01 dnsmasq-dhcp[5032]: DHCP, static leases only on 192.168.120.0, lease time 1h
Mar 16 06:18:02 gtw01 dnsmasq[5032]: read /var/lib/neutron/dhcp/19546818-82c5-4ca5-878c-ce233957096c/addn_hosts - 1 addresses
Mar 16 06:18:02 gtw01 dnsmasq-dhcp[5032]: read /var/lib/neutron/dhcp/19546818-82c5-4ca5-878c-ce233957096c/host
Mar 16 06:18:02 gtw01 dnsmasq-dhcp[5032]: read /var/lib/neutron/dhcp/19546818-82c5-4ca5-878c-ce233957096c/opts
Mar 16 06:18:02 gtw01 haproxy-metadata-proxy-19546818-82c5-4ca5-878c-ce233957096c[5039]: Proxy listener started.
Mar 16 06:18:02 gtw01 dnsmasq[4399]: read /var/lib/neutron/dhcp/a0a22360-c7f0-47dc-9b41-a9d80a1df9e3/addn_hosts - 3 addresses
Mar 16 06:18:02 gtw01 dnsmasq-dhcp[4399]: read /var/lib/neutron/dhcp/a0a22360-c7f0-47dc-9b41-a9d80a1df9e3/host
Mar 16 06:18:02 gtw01 dnsmasq-dhcp[4399]: read /var/lib/neutron/dhcp/a0a22360-c7f0-47dc-9b41-a9d80a1df9e3/opts
Mar 16 06:18:03 gtw01 dnsmasq[5032]: read /var/lib/neutron/dhcp/19546818-82c5-4ca5-878c-ce233957096c/addn_hosts - 1 addresses
Mar 16 06:18:03 gtw01 dnsmasq-dhcp[5032]: read /var/lib/neutron/dhcp/19546818-82c5-4ca5-878c-ce233957096c/host
Mar 16 06:18:03 gtw01 dnsmasq-dhcp[5032]: read /var/lib/neutron/dhcp/19546818-82c5-4ca5-878c-ce233957096c/opts
Mar 16 06:18:03 gtw01 dnsmasq[4399]: read /var/lib/neutron/dhcp/a0a22360-c7f0-47dc-9b41-a9d80a1df9e3/addn_hosts - 2 addresses
Mar 16 06:18:03 gtw01 dnsmasq-dhcp[4399]: read /var/lib/neutron/dhcp/a0a22360-c7f0-47dc-9b41-a9d80a1df9e3/host
Mar 16 06:18:03 gtw01 dnsmasq-dhcp[4399]: read /var/lib/neutron/dhcp/a0a22360-c7f0-47dc-9b41-a9d80a1df9e3/opts
Mar 16 06:18:04 gtw01 systemd-udevd[5115]: Could not generate persistent MAC address for tape3ee2b39-a6: No such file or directory
Mar 16 06:18:04 gtw01 kernel: [ 7696.619734] device tape3ee2b39-a6 entered promiscuous mode
Mar 16 06:18:04 gtw01 dnsmasq[5032]: read /var/lib/neutron/dhcp/19546818-82c5-4ca5-878c-ce233957096c/addn_hosts - 2 addresses
Mar 16 06:18:04 gtw01 dnsmasq-dhcp[5032]: read /var/lib/neutron/dhcp/19546818-82c5-4ca5-878c-ce233957096c/host
Mar 16 06:18:04 gtw01 dnsmasq-dhcp[5032]: read /var/lib/neutron/dhcp/19546818-82c5-4ca5-878c-ce233957096c/opts
Mar 16 06:18:04 gtw01 dnsmasq-dhcp[3891]: DHCPDISCOVER(tapcb0b692a-a2) fa:16:3e:26:2b:41
Mar 16 06:18:04 gtw01 dnsmasq-dhcp[3891]: DHCPOFFER(tapcb0b692a-a2) 192.168.120.12 fa:16:3e:26:2b:41
Mar 16 06:18:04 gtw01 dnsmasq-dhcp[3891]: DHCPREQUEST(tapcb0b692a-a2) 192.168.120.12 fa:16:3e:26:2b:41
Mar 16 06:18:04 gtw01 dnsmasq-dhcp[3891]: DHCPACK(tapcb0b692a-a2) 192.168.120.12 fa:16:3e:26:2b:41 host-192-168-120-12
Mar 16 06:18:04 gtw01 dnsmasq[4399]: read /var/lib/neutron/dhcp/a0a22360-c7f0-47dc-9b41-a9d80a1df9e3/addn_hosts - 1 addresses
Mar 16 06:18:04 gtw01 dnsmasq-dhcp[4399]: read /var/lib/neutron/dhcp/a0a22360-c7f0-47dc-9b41-a9d80a1df9e3/host
Mar 16 06:18:04 gtw01 dnsmasq-dhcp[4399]: read /var/lib/neutron/dhcp/a0a22360-c7f0-47dc-9b41-a9d80a1df9e3/opts
Mar 16 06:18:05 gtw01 dnsmasq[5032]: read /var/lib/neutron/dhcp/19546818-82c5-4ca5-878c-ce233957096c/addn_hosts - 3 addresses
Mar 16 06:18:05 gtw01 dnsmasq-dhcp[5032]: read /var/lib/neutron/dhcp/19546818-82c5-4ca5-878c-ce233957096c/host
Mar 16 06:18:05 gtw01 dnsmasq-dhcp[5032]: read /var/lib/neutron/dhcp/19546818-82c5-4ca5-878c-ce233957096c/opts
Mar 16 06:18:06 gtw01 kernel: [ 7698.489763] device tap2a6966b1-a8 left promiscuous mode
Mar 16 06:18:06 gtw01 dnsmasq[5032]: read /var/lib/neutron/dhcp/19546818-82c5-4ca5-878c-ce233957096c/addn_hosts - 2 addresses
Mar 16 06:18:06 gtw01 dnsmasq-dhcp[5032]: read /var/lib/neutron/dhcp/19546818-82c5-4ca5-878c-ce233957096c/host
Mar 16 06:18:06 gtw01 dnsmasq-dhcp[5032]: read /var/lib/neutron/dhcp/19546818-82c5-4ca5-878c-ce233957096c/opts
Mar 16 06:18:07 gtw01 dnsmasq[5032]: read /var/lib/neutron/dhcp/19546818-82c5-4ca5-878c-ce233957096c/addn_hosts - 2 addresses
Mar 16 06:18:07 gtw01 dnsmasq-dhcp[5032]: read /var/lib/neutron/dhcp/19546818-82c5-4ca5-878c-ce233957096c/host
Mar 16 06:18:07 gtw01 dnsmasq-dhcp[5032]: read /var/lib/neutron/dhcp/19546818-82c5-4ca5-878c-ce233957096c/opts
Mar 16 06:18:07 gtw01 dnsmasq[5320]: started, version 2.78 cachesize 150
Mar 16 06:18:07 gtw01 dnsmasq[5320]: DNS service limited to local subnets
Mar 16 06:18:07 gtw01 dnsmasq[5320]: compile time options: IPv6 GNU-getopt DBus i18n IDN DHCP DHCPv6 no-Lua TFTP conntrack ipset auth DNSSEC loop-detect inotify
Mar 16 06:18:07 gtw01 dnsmasq[5320]: warning: no upstream servers configured
Mar 16 06:18:07 gtw01 dnsmasq-dhcp[5320]: DHCPv6, static leases only on 2003::, lease time 1h
Mar 16 06:18:07 gtw01 dnsmasq[5320]: read /var/lib/neutron/dhcp/f617475a-92a4-4b3d-a1b4-efee24923702/addn_hosts - 1 addresses
Mar 16 06:18:07 gtw01 dnsmasq-dhcp[5320]: read /var/lib/neutron/dhcp/f617475a-92a4-4b3d-a1b4-efee24923702/host
Mar 16 06:18:07 gtw01 dnsmasq-dhcp[5320]: read /var/lib/neutron/dhcp/f617475a-92a4-4b3d-a1b4-efee24923702/opts
Mar 16 06:18:08 gtw01 dnsmasq[5032]: read /var/lib/neutron/dhcp/19546818-82c5-4ca5-878c-ce233957096c/addn_hosts - 1 addresses
Mar 16 06:18:08 gtw01 dnsmasq-dhcp[5032]: read /var/lib/neutron/dhcp/19546818-82c5-4ca5-878c-ce233957096c/host
Mar 16 06:18:08 gtw01 dnsmasq-dhcp[5032]: read /var/lib/neutron/dhcp/19546818-82c5-4ca5-878c-ce233957096c/opts
Mar 16 06:18:08 gtw01 dnsmasq[5320]: read /var/lib/neutron/dhcp/f617475a-92a4-4b3d-a1b4-efee24923702/addn_hosts - 1 addresses
Mar 16 06:18:08 gtw01 dnsmasq-dhcp[5320]: read /var/lib/neutron/dhcp/f617475a-92a4-4b3d-a1b4-efee24923702/host
Mar 16 06:18:08 gtw01 dnsmasq-dhcp[5320]: read /var/lib/neutron/dhcp/f617475a-92a4-4b3d-a1b4-efee24923702/opts
Mar 16 06:18:09 gtw01 kernel: [ 7701.394119] device tap483860b7-8e left promiscuous mode
Mar 16 06:18:11 gtw01 dnsmasq[5451]: started, version 2.78 cachesize 150
Mar 16 06:18:11 gtw01 dnsmasq[5451]: DNS service limited to local subnets
Mar 16 06:18:11 gtw01 dnsmasq[5451]: compile time options: IPv6 GNU-getopt DBus i18n IDN DHCP DHCPv6 no-Lua TFTP conntrack ipset auth DNSSEC loop-detect inotify
Mar 16 06:18:11 gtw01 dnsmasq[5451]: warning: no upstream servers configured
Mar 16 06:18:11 gtw01 dnsmasq-dhcp[5451]: DHCPv6, static leases only on 2003::, lease time 1h
Mar 16 06:18:11 gtw01 dnsmasq[5451]: read /var/lib/neutron/dhcp/7844a2e4-2f79-4232-956d-2cbbfb4e3720/addn_hosts - 1 addresses
Mar 16 06:18:11 gtw01 dnsmasq-dhcp[5451]: read /var/lib/neutron/dhcp/7844a2e4-2f79-4232-956d-2cbbfb4e3720/host
Mar 16 06:18:11 gtw01 dnsmasq-dhcp[5451]: read /var/lib/neutron/dhcp/7844a2e4-2f79-4232-956d-2cbbfb4e3720/opts
Mar 16 06:18:11 gtw01 dnsmasq[5454]: started, version 2.78 cachesize 150
Mar 16 06:18:11 gtw01 dnsmasq[5454]: DNS service limited to local subnets
Mar 16 06:18:11 gtw01 dnsmasq[5454]: compile time options: IPv6 GNU-getopt DBus i18n IDN DHCP DHCPv6 no-Lua TFTP conntrack ipset auth DNSSEC loop-detect inotify
Mar 16 06:18:11 gtw01 dnsmasq[5454]: warning: no upstream servers configured
Mar 16 06:18:11 gtw01 dnsmasq-dhcp[5454]: DHCPv6, static leases only on 2003:0:0:ffff::, lease time 1h
Mar 16 06:18:11 gtw01 dnsmasq[5454]: read /var/lib/neutron/dhcp/79976da4-cc2f-43f2-ab5e-e7cf1a6e2355/addn_hosts - 1 addresses
Mar 16 06:18:11 gtw01 dnsmasq-dhcp[5454]: read /var/lib/neutron/dhcp/79976da4-cc2f-43f2-ab5e-e7cf1a6e2355/host
Mar 16 06:18:11 gtw01 dnsmasq-dhcp[5454]: read /var/lib/neutron/dhcp/79976da4-cc2f-43f2-ab5e-e7cf1a6e2355/opts
Mar 16 06:18:14 gtw01 kernel: [ 7707.271424] device tap1f6ec540-51 entered promiscuous mode
Mar 16 06:18:14 gtw01 systemd-udevd[5476]: Could not generate persistent MAC address for tap1f6ec540-51: No such file or directory
Mar 16 06:18:16 gtw01 dnsmasq-dhcp[3891]: DHCPRELEASE(tapcb0b692a-a2) 192.168.120.12 fa:16:3e:26:2b:41
Mar 16 06:18:18 gtw01 dnsmasq[5600]: started, version 2.78 cachesize 150
Mar 16 06:18:18 gtw01 dnsmasq[5600]: DNS service limited to local subnets
Mar 16 06:18:18 gtw01 dnsmasq[5600]: compile time options: IPv6 GNU-getopt DBus i18n IDN DHCP DHCPv6 no-Lua TFTP conntrack ipset auth DNSSEC loop-detect inotify
Mar 16 06:18:18 gtw01 dnsmasq[5600]: warning: no upstream servers configured
Mar 16 06:18:18 gtw01 dnsmasq-dhcp[5600]: DHCP, static leases only on 192.168.120.0, lease time 1h
Mar 16 06:18:18 gtw01 dnsmasq[5600]: read /var/lib/neutron/dhcp/cd6a2480-d367-4065-a9bb-eb04714c494e/addn_hosts - 1 addresses
Mar 16 06:18:18 gtw01 dnsmasq-dhcp[5600]: read /var/lib/neutron/dhcp/cd6a2480-d367-4065-a9bb-eb04714c494e/host
Mar 16 06:18:18 gtw01 dnsmasq-dhcp[5600]: read /var/lib/neutron/dhcp/cd6a2480-d367-4065-a9bb-eb04714c494e/opts
Mar 16 06:18:18 gtw01 haproxy-metadata-proxy-cd6a2480-d367-4065-a9bb-eb04714c494e[5604]: Proxy listener started.
Mar 16 06:18:18 gtw01 dnsmasq[5600]: read /var/lib/neutron/dhcp/cd6a2480-d367-4065-a9bb-eb04714c494e/addn_hosts - 3 addresses
Mar 16 06:18:18 gtw01 dnsmasq-dhcp[5600]: read /var/lib/neutron/dhcp/cd6a2480-d367-4065-a9bb-eb04714c494e/host
Mar 16 06:18:18 gtw01 dnsmasq-dhcp[5600]: read /var/lib/neutron/dhcp/cd6a2480-d367-4065-a9bb-eb04714c494e/opts
Mar 16 06:18:19 gtw01 dnsmasq[5600]: read /var/lib/neutron/dhcp/cd6a2480-d367-4065-a9bb-eb04714c494e/addn_hosts - 3 addresses
Mar 16 06:18:19 gtw01 dnsmasq-dhcp[5600]: read /var/lib/neutron/dhcp/cd6a2480-d367-4065-a9bb-eb04714c494e/host
Mar 16 06:18:19 gtw01 dnsmasq-dhcp[5600]: read /var/lib/neutron/dhcp/cd6a2480-d367-4065-a9bb-eb04714c494e/opts
Mar 16 06:18:20 gtw01 systemd-udevd[5658]: Could not generate persistent MAC address for tap890b2d7a-eb: No such file or directory
Mar 16 06:18:20 gtw01 kernel: [ 7713.184809] device tap890b2d7a-eb entered promiscuous mode
Mar 16 06:18:23 gtw01 dnsmasq[5783]: started, version 2.78 cachesize 150
Mar 16 06:18:23 gtw01 dnsmasq[5783]: DNS service limited to local subnets
Mar 16 06:18:23 gtw01 dnsmasq[5783]: compile time options: IPv6 GNU-getopt DBus i18n IDN DHCP DHCPv6 no-Lua TFTP conntrack ipset auth DNSSEC loop-detect inotify
Mar 16 06:18:23 gtw01 dnsmasq[5783]: warning: no upstream servers configured
Mar 16 06:18:23 gtw01 dnsmasq-dhcp[5783]: DHCPv6, static leases only on 2003::, lease time 1h
Mar 16 06:18:23 gtw01 dnsmasq[5783]: read /var/lib/neutron/dhcp/c8bda202-c9d8-455c-8edf-72c0863fd44f/addn_hosts - 1 addresses
Mar 16 06:18:23 gtw01 dnsmasq-dhcp[5783]: read /var/lib/neutron/dhcp/c8bda202-c9d8-455c-8edf-72c0863fd44f/host
Mar 16 06:18:23 gtw01 dnsmasq-dhcp[5783]: read /var/lib/neutron/dhcp/c8bda202-c9d8-455c-8edf-72c0863fd44f/opts
Mar 16 06:18:25 gtw01 kernel: [ 7717.743571] device tape44c9799-e5 entered promiscuous mode
Mar 16 06:18:25 gtw01 systemd-udevd[5811]: Could not generate persistent MAC address for tape44c9799-e5: No such file or directory
Mar 16 06:18:26 gtw01 dnsmasq-dhcp[3891]: DHCPRELEASE(tapcb0b692a-a2) 192.168.120.5 fa:16:3e:90:6c:86
Mar 16 06:18:26 gtw01 dnsmasq[5600]: read /var/lib/neutron/dhcp/cd6a2480-d367-4065-a9bb-eb04714c494e/addn_hosts - 2 addresses
Mar 16 06:18:26 gtw01 dnsmasq-dhcp[5600]: read /var/lib/neutron/dhcp/cd6a2480-d367-4065-a9bb-eb04714c494e/host
Mar 16 06:18:26 gtw01 dnsmasq-dhcp[5600]: read /var/lib/neutron/dhcp/cd6a2480-d367-4065-a9bb-eb04714c494e/opts
Mar 16 06:18:27 gtw01 dnsmasq[3891]: read /var/lib/neutron/dhcp/273c875b-f71c-4422-aa9d-27542fa2ee60/addn_hosts - 5 addresses
Mar 16 06:18:27 gtw01 dnsmasq-dhcp[3891]: read /var/lib/neutron/dhcp/273c875b-f71c-4422-aa9d-27542fa2ee60/host
Mar 16 06:18:27 gtw01 dnsmasq-dhcp[3891]: read /var/lib/neutron/dhcp/273c875b-f71c-4422-aa9d-27542fa2ee60/opts
Mar 16 06:18:27 gtw01 dnsmasq[5984]: started, version 2.78 cachesize 150
Mar 16 06:18:27 gtw01 dnsmasq[5984]: DNS service limited to local subnets
Mar 16 06:18:27 gtw01 dnsmasq[5984]: compile time options: IPv6 GNU-getopt DBus i18n IDN DHCP DHCPv6 no-Lua TFTP conntrack ipset auth DNSSEC loop-detect inotify
Mar 16 06:18:27 gtw01 dnsmasq[5984]: warning: no upstream servers configured
Mar 16 06:18:27 gtw01 dnsmasq-dhcp[5984]: DHCP, static leases only on 192.168.120.0, lease time 1h
Mar 16 06:18:27 gtw01 dnsmasq-dhcp[5984]: DHCPv6, static leases only on 2003::, lease time 1h
Mar 16 06:18:27 gtw01 dnsmasq[5984]: read /var/lib/neutron/dhcp/c8bda202-c9d8-455c-8edf-72c0863fd44f/addn_hosts - 2 addresses
Mar 16 06:18:27 gtw01 dnsmasq-dhcp[5984]: read /var/lib/neutron/dhcp/c8bda202-c9d8-455c-8edf-72c0863fd44f/host
Mar 16 06:18:27 gtw01 dnsmasq-dhcp[5984]: read /var/lib/neutron/dhcp/c8bda202-c9d8-455c-8edf-72c0863fd44f/opts
Mar 16 06:18:28 gtw01 haproxy-metadata-proxy-c8bda202-c9d8-455c-8edf-72c0863fd44f[5995]: Proxy listener started.
Mar 16 06:18:28 gtw01 dnsmasq[5600]: read /var/lib/neutron/dhcp/cd6a2480-d367-4065-a9bb-eb04714c494e/addn_hosts - 1 addresses
Mar 16 06:18:28 gtw01 dnsmasq-dhcp[5600]: read /var/lib/neutron/dhcp/cd6a2480-d367-4065-a9bb-eb04714c494e/host
Mar 16 06:18:28 gtw01 dnsmasq-dhcp[5600]: read /var/lib/neutron/dhcp/cd6a2480-d367-4065-a9bb-eb04714c494e/opts
Mar 16 06:18:29 gtw01 dnsmasq[5984]: read /var/lib/neutron/dhcp/c8bda202-c9d8-455c-8edf-72c0863fd44f/addn_hosts - 2 addresses
Mar 16 06:18:29 gtw01 dnsmasq-dhcp[5984]: read /var/lib/neutron/dhcp/c8bda202-c9d8-455c-8edf-72c0863fd44f/host
Mar 16 06:18:29 gtw01 dnsmasq-dhcp[5984]: read /var/lib/neutron/dhcp/c8bda202-c9d8-455c-8edf-72c0863fd44f/opts
Mar 16 06:18:29 gtw01 dnsmasq[3891]: read /var/lib/neutron/dhcp/273c875b-f71c-4422-aa9d-27542fa2ee60/addn_hosts - 5 addresses
Mar 16 06:18:29 gtw01 dnsmasq-dhcp[3891]: read /var/lib/neutron/dhcp/273c875b-f71c-4422-aa9d-27542fa2ee60/host
Mar 16 06:18:29 gtw01 dnsmasq-dhcp[3891]: read /var/lib/neutron/dhcp/273c875b-f71c-4422-aa9d-27542fa2ee60/opts
Mar 16 06:18:29 gtw01 dnsmasq[6067]: started, version 2.78 cachesize 150
Mar 16 06:18:29 gtw01 dnsmasq[6067]: DNS service limited to local subnets
Mar 16 06:18:29 gtw01 dnsmasq[6067]: compile time options: IPv6 GNU-getopt DBus i18n IDN DHCP DHCPv6 no-Lua TFTP conntrack ipset auth DNSSEC loop-detect inotify
Mar 16 06:18:29 gtw01 dnsmasq[6067]: warning: no upstream servers configured
Mar 16 06:18:29 gtw01 dnsmasq-dhcp[6067]: DHCPv6, static leases only on 2003::, lease time 1h
Mar 16 06:18:29 gtw01 dnsmasq[6067]: read /var/lib/neutron/dhcp/315f60f8-73b3-4dcc-b7f9-5360a643c5c7/addn_hosts - 1 addresses
Mar 16 06:18:29 gtw01 dnsmasq-dhcp[6067]: read /var/lib/neutron/dhcp/315f60f8-73b3-4dcc-b7f9-5360a643c5c7/host
Mar 16 06:18:29 gtw01 dnsmasq-dhcp[6067]: read /var/lib/neutron/dhcp/315f60f8-73b3-4dcc-b7f9-5360a643c5c7/opts
Mar 16 06:18:30 gtw01 dnsmasq[5984]: read /var/lib/neutron/dhcp/c8bda202-c9d8-455c-8edf-72c0863fd44f/addn_hosts - 2 addresses
Mar 16 06:18:30 gtw01 dnsmasq-dhcp[5984]: read /var/lib/neutron/dhcp/c8bda202-c9d8-455c-8edf-72c0863fd44f/host
Mar 16 06:18:30 gtw01 dnsmasq-dhcp[5984]: read /var/lib/neutron/dhcp/c8bda202-c9d8-455c-8edf-72c0863fd44f/opts
