Mar 16 08:20:54 gtw01 dnsmasq-dhcp[20236]: read /var/lib/neutron/dhcp/f19610a9-a806-44e7-aea8-2e56f1465994/host
Mar 16 08:20:54 gtw01 dnsmasq-dhcp[20236]: read /var/lib/neutron/dhcp/f19610a9-a806-44e7-aea8-2e56f1465994/opts
Mar 16 08:20:54 gtw01 dnsmasq[20240]: started, version 2.78 cachesize 150
Mar 16 08:20:54 gtw01 dnsmasq[20240]: DNS service limited to local subnets
Mar 16 08:20:54 gtw01 dnsmasq[20240]: compile time options: IPv6 GNU-getopt DBus i18n IDN DHCP DHCPv6 no-Lua TFTP conntrack ipset auth DNSSEC loop-detect inotify
Mar 16 08:20:54 gtw01 dnsmasq[20240]: warning: no upstream servers configured
Mar 16 08:20:54 gtw01 dnsmasq-dhcp[20240]: DHCP, static leases only on 10.2.46.0, lease time 1h
Mar 16 08:20:54 gtw01 dnsmasq[20240]: read /var/lib/neutron/dhcp/88a32339-a2ea-40d9-897b-53b4ae1198a2/addn_hosts - 2 addresses
Mar 16 08:20:54 gtw01 dnsmasq-dhcp[20240]: read /var/lib/neutron/dhcp/88a32339-a2ea-40d9-897b-53b4ae1198a2/host
Mar 16 08:20:54 gtw01 dnsmasq-dhcp[20240]: read /var/lib/neutron/dhcp/88a32339-a2ea-40d9-897b-53b4ae1198a2/opts
Mar 16 08:21:04 gtw01 dnsmasq[20236]: read /var/lib/neutron/dhcp/f19610a9-a806-44e7-aea8-2e56f1465994/addn_hosts - 2 addresses
Mar 16 08:21:04 gtw01 dnsmasq-dhcp[20236]: read /var/lib/neutron/dhcp/f19610a9-a806-44e7-aea8-2e56f1465994/host
Mar 16 08:21:04 gtw01 dnsmasq-dhcp[20236]: read /var/lib/neutron/dhcp/f19610a9-a806-44e7-aea8-2e56f1465994/opts
Mar 16 08:21:05 gtw01 kernel: [15078.015399] device tap35e0d67d-73 left promiscuous mode
Mar 16 08:21:13 gtw01 dnsmasq[20233]: read /var/lib/neutron/dhcp/b6f891c3-9999-463c-bac4-4cad03a9dcf9/addn_hosts - 2 addresses
Mar 16 08:21:13 gtw01 dnsmasq-dhcp[20233]: read /var/lib/neutron/dhcp/b6f891c3-9999-463c-bac4-4cad03a9dcf9/host
Mar 16 08:21:13 gtw01 dnsmasq-dhcp[20233]: read /var/lib/neutron/dhcp/b6f891c3-9999-463c-bac4-4cad03a9dcf9/opts
Mar 16 08:21:13 gtw01 kernel: [15086.393850] device tap17bbbc4f-f7 left promiscuous mode
Mar 16 08:21:21 gtw01 dnsmasq[20240]: read /var/lib/neutron/dhcp/88a32339-a2ea-40d9-897b-53b4ae1198a2/addn_hosts - 2 addresses
Mar 16 08:21:21 gtw01 dnsmasq-dhcp[20240]: read /var/lib/neutron/dhcp/88a32339-a2ea-40d9-897b-53b4ae1198a2/host
Mar 16 08:21:21 gtw01 dnsmasq-dhcp[20240]: read /var/lib/neutron/dhcp/88a32339-a2ea-40d9-897b-53b4ae1198a2/opts
Mar 16 08:21:22 gtw01 kernel: [15095.357079] device tapcd65d73c-9a left promiscuous mode
Mar 16 08:21:26 gtw01 kernel: [15099.369693] device tapcd65d73c-9a entered promiscuous mode
Mar 16 08:21:26 gtw01 systemd-udevd[20337]: Could not generate persistent MAC address for tapcd65d73c-9a: No such file or directory
Mar 16 08:21:30 gtw01 dnsmasq[20462]: started, version 2.78 cachesize 150
Mar 16 08:21:30 gtw01 dnsmasq[20462]: DNS service limited to local subnets
Mar 16 08:21:30 gtw01 dnsmasq[20462]: compile time options: IPv6 GNU-getopt DBus i18n IDN DHCP DHCPv6 no-Lua TFTP conntrack ipset auth DNSSEC loop-detect inotify
Mar 16 08:21:30 gtw01 dnsmasq[20462]: warning: no upstream servers configured
Mar 16 08:21:30 gtw01 dnsmasq-dhcp[20462]: DHCP, static leases only on 10.2.46.0, lease time 1h
Mar 16 08:21:30 gtw01 dnsmasq[20462]: read /var/lib/neutron/dhcp/88a32339-a2ea-40d9-897b-53b4ae1198a2/addn_hosts - 1 addresses
Mar 16 08:21:30 gtw01 dnsmasq-dhcp[20462]: read /var/lib/neutron/dhcp/88a32339-a2ea-40d9-897b-53b4ae1198a2/host
Mar 16 08:21:30 gtw01 dnsmasq-dhcp[20462]: read /var/lib/neutron/dhcp/88a32339-a2ea-40d9-897b-53b4ae1198a2/opts
Mar 16 08:21:30 gtw01 haproxy-metadata-proxy-88a32339-a2ea-40d9-897b-53b4ae1198a2[20466]: Proxy listener started.
Mar 16 08:21:30 gtw01 dnsmasq[20462]: read /var/lib/neutron/dhcp/88a32339-a2ea-40d9-897b-53b4ae1198a2/addn_hosts - 1 addresses
Mar 16 08:21:30 gtw01 dnsmasq-dhcp[20462]: read /var/lib/neutron/dhcp/88a32339-a2ea-40d9-897b-53b4ae1198a2/host
Mar 16 08:21:30 gtw01 dnsmasq-dhcp[20462]: read /var/lib/neutron/dhcp/88a32339-a2ea-40d9-897b-53b4ae1198a2/opts
Mar 16 08:21:31 gtw01 kernel: [15104.069842] device tapcd65d73c-9a left promiscuous mode
Mar 16 08:22:26 gtw01 kernel: [15158.777733] device tap497b45d9-2a entered promiscuous mode
Mar 16 08:22:26 gtw01 systemd-udevd[20514]: Could not generate persistent MAC address for tap497b45d9-2a: No such file or directory
Mar 16 08:22:29 gtw01 dnsmasq[20639]: started, version 2.78 cachesize 150
Mar 16 08:22:29 gtw01 dnsmasq[20639]: DNS service limited to local subnets
Mar 16 08:22:29 gtw01 dnsmasq[20639]: compile time options: IPv6 GNU-getopt DBus i18n IDN DHCP DHCPv6 no-Lua TFTP conntrack ipset auth DNSSEC loop-detect inotify
Mar 16 08:22:29 gtw01 dnsmasq[20639]: warning: no upstream servers configured
Mar 16 08:22:29 gtw01 dnsmasq-dhcp[20639]: DHCP, static leases only on 10.2.58.0, lease time 1h
Mar 16 08:22:29 gtw01 dnsmasq[20639]: read /var/lib/neutron/dhcp/bfebcea3-991d-44c3-94df-eb769afe9f64/addn_hosts - 1 addresses
Mar 16 08:22:29 gtw01 dnsmasq-dhcp[20639]: read /var/lib/neutron/dhcp/bfebcea3-991d-44c3-94df-eb769afe9f64/host
Mar 16 08:22:29 gtw01 dnsmasq-dhcp[20639]: read /var/lib/neutron/dhcp/bfebcea3-991d-44c3-94df-eb769afe9f64/opts
Mar 16 08:22:29 gtw01 haproxy-metadata-proxy-bfebcea3-991d-44c3-94df-eb769afe9f64[20643]: Proxy listener started.
Mar 16 08:22:30 gtw01 dnsmasq[20639]: read /var/lib/neutron/dhcp/bfebcea3-991d-44c3-94df-eb769afe9f64/addn_hosts - 2 addresses
Mar 16 08:22:30 gtw01 dnsmasq-dhcp[20639]: read /var/lib/neutron/dhcp/bfebcea3-991d-44c3-94df-eb769afe9f64/host
Mar 16 08:22:30 gtw01 dnsmasq-dhcp[20639]: read /var/lib/neutron/dhcp/bfebcea3-991d-44c3-94df-eb769afe9f64/opts
Mar 16 08:22:30 gtw01 systemd-udevd[20680]: Could not generate persistent MAC address for tape680b8e0-b1: No such file or directory
Mar 16 08:22:30 gtw01 kernel: [15163.443699] device tape680b8e0-b1 entered promiscuous mode
Mar 16 08:22:31 gtw01 dnsmasq[20639]: read /var/lib/neutron/dhcp/bfebcea3-991d-44c3-94df-eb769afe9f64/addn_hosts - 2 addresses
Mar 16 08:22:31 gtw01 dnsmasq-dhcp[20639]: read /var/lib/neutron/dhcp/bfebcea3-991d-44c3-94df-eb769afe9f64/host
Mar 16 08:22:31 gtw01 dnsmasq-dhcp[20639]: read /var/lib/neutron/dhcp/bfebcea3-991d-44c3-94df-eb769afe9f64/opts
Mar 16 08:22:34 gtw01 dnsmasq[20822]: started, version 2.78 cachesize 150
Mar 16 08:22:34 gtw01 dnsmasq[20822]: DNS service limited to local subnets
Mar 16 08:22:34 gtw01 dnsmasq[20822]: compile time options: IPv6 GNU-getopt DBus i18n IDN DHCP DHCPv6 no-Lua TFTP conntrack ipset auth DNSSEC loop-detect inotify
Mar 16 08:22:34 gtw01 dnsmasq[20822]: warning: no upstream servers configured
Mar 16 08:22:34 gtw01 dnsmasq-dhcp[20822]: DHCP, static leases only on 10.2.59.0, lease time 1h
Mar 16 08:22:34 gtw01 dnsmasq[20822]: read /var/lib/neutron/dhcp/ce80452d-e881-4a7f-9e68-bee66003dde4/addn_hosts - 1 addresses
Mar 16 08:22:34 gtw01 dnsmasq-dhcp[20822]: read /var/lib/neutron/dhcp/ce80452d-e881-4a7f-9e68-bee66003dde4/host
Mar 16 08:22:34 gtw01 dnsmasq-dhcp[20822]: read /var/lib/neutron/dhcp/ce80452d-e881-4a7f-9e68-bee66003dde4/opts
Mar 16 08:22:34 gtw01 haproxy-metadata-proxy-ce80452d-e881-4a7f-9e68-bee66003dde4[20826]: Proxy listener started.
Mar 16 08:22:35 gtw01 dnsmasq[20822]: read /var/lib/neutron/dhcp/ce80452d-e881-4a7f-9e68-bee66003dde4/addn_hosts - 2 addresses
Mar 16 08:22:35 gtw01 dnsmasq-dhcp[20822]: read /var/lib/neutron/dhcp/ce80452d-e881-4a7f-9e68-bee66003dde4/host
Mar 16 08:22:35 gtw01 dnsmasq-dhcp[20822]: read /var/lib/neutron/dhcp/ce80452d-e881-4a7f-9e68-bee66003dde4/opts
Mar 16 08:22:36 gtw01 systemd-udevd[20872]: Could not generate persistent MAC address for tapc7d0c546-e3: No such file or directory
Mar 16 08:22:36 gtw01 kernel: [15168.597430] device tapc7d0c546-e3 entered promiscuous mode
Mar 16 08:22:36 gtw01 dnsmasq[20822]: read /var/lib/neutron/dhcp/ce80452d-e881-4a7f-9e68-bee66003dde4/addn_hosts - 2 addresses
Mar 16 08:22:36 gtw01 dnsmasq-dhcp[20822]: read /var/lib/neutron/dhcp/ce80452d-e881-4a7f-9e68-bee66003dde4/host
Mar 16 08:22:36 gtw01 dnsmasq-dhcp[20822]: read /var/lib/neutron/dhcp/ce80452d-e881-4a7f-9e68-bee66003dde4/opts
Mar 16 08:22:38 gtw01 dnsmasq[20639]: read /var/lib/neutron/dhcp/bfebcea3-991d-44c3-94df-eb769afe9f64/addn_hosts - 3 addresses
Mar 16 08:22:38 gtw01 dnsmasq-dhcp[20639]: read /var/lib/neutron/dhcp/bfebcea3-991d-44c3-94df-eb769afe9f64/host
Mar 16 08:22:38 gtw01 dnsmasq-dhcp[20639]: read /var/lib/neutron/dhcp/bfebcea3-991d-44c3-94df-eb769afe9f64/opts
Mar 16 08:22:39 gtw01 dnsmasq[21021]: started, version 2.78 cachesize 150
Mar 16 08:22:39 gtw01 dnsmasq[21021]: DNS service limited to local subnets
Mar 16 08:22:39 gtw01 dnsmasq[21021]: compile time options: IPv6 GNU-getopt DBus i18n IDN DHCP DHCPv6 no-Lua TFTP conntrack ipset auth DNSSEC loop-detect inotify
Mar 16 08:22:39 gtw01 dnsmasq[21021]: warning: no upstream servers configured
Mar 16 08:22:39 gtw01 dnsmasq-dhcp[21021]: DHCP, static leases only on 10.2.60.0, lease time 1h
Mar 16 08:22:39 gtw01 dnsmasq[21021]: read /var/lib/neutron/dhcp/7fdc93f7-c082-428b-a0fc-d73a00c3ac36/addn_hosts - 1 addresses
Mar 16 08:22:39 gtw01 dnsmasq-dhcp[21021]: read /var/lib/neutron/dhcp/7fdc93f7-c082-428b-a0fc-d73a00c3ac36/host
Mar 16 08:22:39 gtw01 dnsmasq-dhcp[21021]: read /var/lib/neutron/dhcp/7fdc93f7-c082-428b-a0fc-d73a00c3ac36/opts
Mar 16 08:22:39 gtw01 haproxy-metadata-proxy-7fdc93f7-c082-428b-a0fc-d73a00c3ac36[21025]: Proxy listener started.
Mar 16 08:22:40 gtw01 dnsmasq[21021]: read /var/lib/neutron/dhcp/7fdc93f7-c082-428b-a0fc-d73a00c3ac36/addn_hosts - 3 addresses
Mar 16 08:22:40 gtw01 dnsmasq-dhcp[21021]: read /var/lib/neutron/dhcp/7fdc93f7-c082-428b-a0fc-d73a00c3ac36/host
Mar 16 08:22:40 gtw01 dnsmasq-dhcp[21021]: read /var/lib/neutron/dhcp/7fdc93f7-c082-428b-a0fc-d73a00c3ac36/opts
Mar 16 08:22:40 gtw01 dnsmasq[20639]: read /var/lib/neutron/dhcp/bfebcea3-991d-44c3-94df-eb769afe9f64/addn_hosts - 4 addresses
Mar 16 08:22:40 gtw01 dnsmasq-dhcp[20639]: read /var/lib/neutron/dhcp/bfebcea3-991d-44c3-94df-eb769afe9f64/host
Mar 16 08:22:40 gtw01 dnsmasq-dhcp[20639]: read /var/lib/neutron/dhcp/bfebcea3-991d-44c3-94df-eb769afe9f64/opts
Mar 16 08:22:40 gtw01 dnsmasq[20822]: read /var/lib/neutron/dhcp/ce80452d-e881-4a7f-9e68-bee66003dde4/addn_hosts - 3 addresses
Mar 16 08:22:40 gtw01 dnsmasq-dhcp[20822]: read /var/lib/neutron/dhcp/ce80452d-e881-4a7f-9e68-bee66003dde4/host
Mar 16 08:22:40 gtw01 dnsmasq-dhcp[20822]: read /var/lib/neutron/dhcp/ce80452d-e881-4a7f-9e68-bee66003dde4/opts
Mar 16 08:22:41 gtw01 dnsmasq[21021]: read /var/lib/neutron/dhcp/7fdc93f7-c082-428b-a0fc-d73a00c3ac36/addn_hosts - 4 addresses
Mar 16 08:22:41 gtw01 dnsmasq-dhcp[21021]: read /var/lib/neutron/dhcp/7fdc93f7-c082-428b-a0fc-d73a00c3ac36/host
Mar 16 08:22:41 gtw01 dnsmasq-dhcp[21021]: read /var/lib/neutron/dhcp/7fdc93f7-c082-428b-a0fc-d73a00c3ac36/opts
Mar 16 08:22:42 gtw01 dnsmasq[21021]: read /var/lib/neutron/dhcp/7fdc93f7-c082-428b-a0fc-d73a00c3ac36/addn_hosts - 5 addresses
Mar 16 08:22:42 gtw01 dnsmasq-dhcp[21021]: read /var/lib/neutron/dhcp/7fdc93f7-c082-428b-a0fc-d73a00c3ac36/host
Mar 16 08:22:42 gtw01 dnsmasq-dhcp[21021]: read /var/lib/neutron/dhcp/7fdc93f7-c082-428b-a0fc-d73a00c3ac36/opts
Mar 16 08:22:42 gtw01 dnsmasq[20822]: read /var/lib/neutron/dhcp/ce80452d-e881-4a7f-9e68-bee66003dde4/addn_hosts - 4 addresses
Mar 16 08:22:42 gtw01 dnsmasq-dhcp[20822]: read /var/lib/neutron/dhcp/ce80452d-e881-4a7f-9e68-bee66003dde4/host
Mar 16 08:22:42 gtw01 dnsmasq-dhcp[20822]: read /var/lib/neutron/dhcp/ce80452d-e881-4a7f-9e68-bee66003dde4/opts
Mar 16 08:22:43 gtw01 dnsmasq[20639]: read /var/lib/neutron/dhcp/bfebcea3-991d-44c3-94df-eb769afe9f64/addn_hosts - 5 addresses
Mar 16 08:22:43 gtw01 dnsmasq-dhcp[20639]: read /var/lib/neutron/dhcp/bfebcea3-991d-44c3-94df-eb769afe9f64/host
Mar 16 08:22:43 gtw01 dnsmasq-dhcp[20639]: read /var/lib/neutron/dhcp/bfebcea3-991d-44c3-94df-eb769afe9f64/opts
Mar 16 08:22:43 gtw01 dnsmasq[21021]: read /var/lib/neutron/dhcp/7fdc93f7-c082-428b-a0fc-d73a00c3ac36/addn_hosts - 6 addresses
Mar 16 08:22:43 gtw01 dnsmasq-dhcp[21021]: read /var/lib/neutron/dhcp/7fdc93f7-c082-428b-a0fc-d73a00c3ac36/host
Mar 16 08:22:43 gtw01 dnsmasq-dhcp[21021]: read /var/lib/neutron/dhcp/7fdc93f7-c082-428b-a0fc-d73a00c3ac36/opts
Mar 16 08:22:46 gtw01 dnsmasq[21200]: started, version 2.78 cachesize 150
Mar 16 08:22:46 gtw01 dnsmasq[21200]: DNS service limited to local subnets
Mar 16 08:22:46 gtw01 dnsmasq[21200]: compile time options: IPv6 GNU-getopt DBus i18n IDN DHCP DHCPv6 no-Lua TFTP conntrack ipset auth DNSSEC loop-detect inotify
Mar 16 08:22:46 gtw01 dnsmasq[21200]: warning: no upstream servers configured
Mar 16 08:22:46 gtw01 dnsmasq-dhcp[21200]: DHCP, static leases only on 10.2.58.0, lease time 1h
Mar 16 08:22:46 gtw01 dnsmasq[21200]: read /var/lib/neutron/dhcp/bfebcea3-991d-44c3-94df-eb769afe9f64/addn_hosts - 5 addresses
Mar 16 08:22:46 gtw01 dnsmasq-dhcp[21200]: read /var/lib/neutron/dhcp/bfebcea3-991d-44c3-94df-eb769afe9f64/host
Mar 16 08:22:46 gtw01 dnsmasq-dhcp[21200]: read /var/lib/neutron/dhcp/bfebcea3-991d-44c3-94df-eb769afe9f64/opts
Mar 16 08:22:47 gtw01 dnsmasq[20822]: read /var/lib/neutron/dhcp/ce80452d-e881-4a7f-9e68-bee66003dde4/addn_hosts - 5 addresses
Mar 16 08:22:47 gtw01 dnsmasq-dhcp[20822]: read /var/lib/neutron/dhcp/ce80452d-e881-4a7f-9e68-bee66003dde4/host
Mar 16 08:22:47 gtw01 dnsmasq-dhcp[20822]: read /var/lib/neutron/dhcp/ce80452d-e881-4a7f-9e68-bee66003dde4/opts
Mar 16 08:22:57 gtw01 dnsmasq[20822]: read /var/lib/neutron/dhcp/ce80452d-e881-4a7f-9e68-bee66003dde4/addn_hosts - 4 addresses
Mar 16 08:22:57 gtw01 dnsmasq-dhcp[20822]: read /var/lib/neutron/dhcp/ce80452d-e881-4a7f-9e68-bee66003dde4/host
Mar 16 08:22:57 gtw01 dnsmasq-dhcp[20822]: read /var/lib/neutron/dhcp/ce80452d-e881-4a7f-9e68-bee66003dde4/opts
Mar 16 08:22:57 gtw01 dnsmasq-dhcp[21200]: DHCPRELEASE(tap497b45d9-2a) 10.2.58.8 fa:16:3e:d3:ea:4d
Mar 16 08:22:58 gtw01 dnsmasq[21200]: read /var/lib/neutron/dhcp/bfebcea3-991d-44c3-94df-eb769afe9f64/addn_hosts - 4 addresses
Mar 16 08:22:58 gtw01 dnsmasq-dhcp[21200]: read /var/lib/neutron/dhcp/bfebcea3-991d-44c3-94df-eb769afe9f64/host
Mar 16 08:22:58 gtw01 dnsmasq-dhcp[21200]: read /var/lib/neutron/dhcp/bfebcea3-991d-44c3-94df-eb769afe9f64/opts
Mar 16 08:22:59 gtw01 dnsmasq[21021]: read /var/lib/neutron/dhcp/7fdc93f7-c082-428b-a0fc-d73a00c3ac36/addn_hosts - 5 addresses
Mar 16 08:22:59 gtw01 dnsmasq-dhcp[21021]: read /var/lib/neutron/dhcp/7fdc93f7-c082-428b-a0fc-d73a00c3ac36/host
Mar 16 08:22:59 gtw01 dnsmasq-dhcp[21021]: read /var/lib/neutron/dhcp/7fdc93f7-c082-428b-a0fc-d73a00c3ac36/opts
Mar 16 08:22:59 gtw01 dnsmasq[20822]: read /var/lib/neutron/dhcp/ce80452d-e881-4a7f-9e68-bee66003dde4/addn_hosts - 3 addresses
Mar 16 08:22:59 gtw01 dnsmasq-dhcp[20822]: read /var/lib/neutron/dhcp/ce80452d-e881-4a7f-9e68-bee66003dde4/host
Mar 16 08:22:59 gtw01 dnsmasq-dhcp[20822]: read /var/lib/neutron/dhcp/ce80452d-e881-4a7f-9e68-bee66003dde4/opts
Mar 16 08:22:59 gtw01 dnsmasq-dhcp[21200]: DHCPRELEASE(tap497b45d9-2a) 10.2.58.11 fa:16:3e:c3:2d:44
Mar 16 08:23:00 gtw01 dnsmasq[21021]: read /var/lib/neutron/dhcp/7fdc93f7-c082-428b-a0fc-d73a00c3ac36/addn_hosts - 4 addresses
Mar 16 08:23:00 gtw01 dnsmasq-dhcp[21021]: read /var/lib/neutron/dhcp/7fdc93f7-c082-428b-a0fc-d73a00c3ac36/host
Mar 16 08:23:00 gtw01 dnsmasq-dhcp[21021]: read /var/lib/neutron/dhcp/7fdc93f7-c082-428b-a0fc-d73a00c3ac36/opts
Mar 16 08:23:00 gtw01 dnsmasq[21200]: read /var/lib/neutron/dhcp/bfebcea3-991d-44c3-94df-eb769afe9f64/addn_hosts - 3 addresses
Mar 16 08:23:00 gtw01 dnsmasq-dhcp[21200]: read /var/lib/neutron/dhcp/bfebcea3-991d-44c3-94df-eb769afe9f64/host
Mar 16 08:23:00 gtw01 dnsmasq-dhcp[21200]: read /var/lib/neutron/dhcp/bfebcea3-991d-44c3-94df-eb769afe9f64/opts
Mar 16 08:23:00 gtw01 dnsmasq[20822]: read /var/lib/neutron/dhcp/ce80452d-e881-4a7f-9e68-bee66003dde4/addn_hosts - 2 addresses
Mar 16 08:23:00 gtw01 dnsmasq-dhcp[20822]: read /var/lib/neutron/dhcp/ce80452d-e881-4a7f-9e68-bee66003dde4/host
Mar 16 08:23:00 gtw01 dnsmasq-dhcp[20822]: read /var/lib/neutron/dhcp/ce80452d-e881-4a7f-9e68-bee66003dde4/opts
Mar 16 08:23:01 gtw01 dnsmasq-dhcp[21200]: DHCPRELEASE(tap497b45d9-2a) 10.2.58.16 fa:16:3e:9f:98:48
Mar 16 08:23:01 gtw01 dnsmasq[21021]: read /var/lib/neutron/dhcp/7fdc93f7-c082-428b-a0fc-d73a00c3ac36/addn_hosts - 3 addresses
Mar 16 08:23:01 gtw01 dnsmasq-dhcp[21021]: read /var/lib/neutron/dhcp/7fdc93f7-c082-428b-a0fc-d73a00c3ac36/host
Mar 16 08:23:01 gtw01 dnsmasq-dhcp[21021]: read /var/lib/neutron/dhcp/7fdc93f7-c082-428b-a0fc-d73a00c3ac36/opts
Mar 16 08:23:01 gtw01 dnsmasq[21200]: read /var/lib/neutron/dhcp/bfebcea3-991d-44c3-94df-eb769afe9f64/addn_hosts - 2 addresses
Mar 16 08:23:01 gtw01 dnsmasq-dhcp[21200]: read /var/lib/neutron/dhcp/bfebcea3-991d-44c3-94df-eb769afe9f64/host
Mar 16 08:23:01 gtw01 dnsmasq-dhcp[21200]: read /var/lib/neutron/dhcp/bfebcea3-991d-44c3-94df-eb769afe9f64/opts
Mar 16 08:23:02 gtw01 dnsmasq[21021]: read /var/lib/neutron/dhcp/7fdc93f7-c082-428b-a0fc-d73a00c3ac36/addn_hosts - 2 addresses
Mar 16 08:23:02 gtw01 dnsmasq-dhcp[21021]: read /var/lib/neutron/dhcp/7fdc93f7-c082-428b-a0fc-d73a00c3ac36/host
Mar 16 08:23:02 gtw01 dnsmasq-dhcp[21021]: read /var/lib/neutron/dhcp/7fdc93f7-c082-428b-a0fc-d73a00c3ac36/opts
Mar 16 08:23:11 gtw01 dnsmasq[21200]: read /var/lib/neutron/dhcp/bfebcea3-991d-44c3-94df-eb769afe9f64/addn_hosts - 2 addresses
Mar 16 08:23:11 gtw01 dnsmasq-dhcp[21200]: read /var/lib/neutron/dhcp/bfebcea3-991d-44c3-94df-eb769afe9f64/host
Mar 16 08:23:11 gtw01 dnsmasq-dhcp[21200]: read /var/lib/neutron/dhcp/bfebcea3-991d-44c3-94df-eb769afe9f64/opts
Mar 16 08:23:12 gtw01 kernel: [15205.198418] device tap497b45d9-2a left promiscuous mode
Mar 16 08:23:19 gtw01 dnsmasq[21503]: started, version 2.78 cachesize 150
Mar 16 08:23:19 gtw01 dnsmasq[21503]: DNS service limited to local subnets
Mar 16 08:23:19 gtw01 dnsmasq[21503]: compile time options: IPv6 GNU-getopt DBus i18n IDN DHCP DHCPv6 no-Lua TFTP conntrack ipset auth DNSSEC loop-detect inotify
Mar 16 08:23:19 gtw01 dnsmasq[21503]: warning: no upstream servers configured
Mar 16 08:23:19 gtw01 dnsmasq-dhcp[21503]: DHCP, static leases only on 10.2.60.0, lease time 1h
Mar 16 08:23:19 gtw01 dnsmasq[21503]: read /var/lib/neutron/dhcp/7fdc93f7-c082-428b-a0fc-d73a00c3ac36/addn_hosts - 2 addresses
Mar 16 08:23:19 gtw01 dnsmasq-dhcp[21503]: read /var/lib/neutron/dhcp/7fdc93f7-c082-428b-a0fc-d73a00c3ac36/host
Mar 16 08:23:19 gtw01 dnsmasq-dhcp[21503]: read /var/lib/neutron/dhcp/7fdc93f7-c082-428b-a0fc-d73a00c3ac36/opts
Mar 16 08:23:19 gtw01 dnsmasq[21506]: started, version 2.78 cachesize 150
Mar 16 08:23:19 gtw01 dnsmasq[21506]: DNS service limited to local subnets
Mar 16 08:23:19 gtw01 dnsmasq[21506]: compile time options: IPv6 GNU-getopt DBus i18n IDN DHCP DHCPv6 no-Lua TFTP conntrack ipset auth DNSSEC loop-detect inotify
Mar 16 08:23:19 gtw01 dnsmasq[21506]: warning: no upstream servers configured
Mar 16 08:23:19 gtw01 dnsmasq-dhcp[21506]: DHCP, static leases only on 10.2.59.0, lease time 1h
Mar 16 08:23:19 gtw01 dnsmasq[21506]: read /var/lib/neutron/dhcp/ce80452d-e881-4a7f-9e68-bee66003dde4/addn_hosts - 2 addresses
Mar 16 08:23:19 gtw01 dnsmasq-dhcp[21506]: read /var/lib/neutron/dhcp/ce80452d-e881-4a7f-9e68-bee66003dde4/host
Mar 16 08:23:19 gtw01 dnsmasq-dhcp[21506]: read /var/lib/neutron/dhcp/ce80452d-e881-4a7f-9e68-bee66003dde4/opts
Mar 16 08:23:20 gtw01 dnsmasq[21506]: read /var/lib/neutron/dhcp/ce80452d-e881-4a7f-9e68-bee66003dde4/addn_hosts - 2 addresses
Mar 16 08:23:20 gtw01 dnsmasq-dhcp[21506]: read /var/lib/neutron/dhcp/ce80452d-e881-4a7f-9e68-bee66003dde4/host
Mar 16 08:23:20 gtw01 dnsmasq-dhcp[21506]: read /var/lib/neutron/dhcp/ce80452d-e881-4a7f-9e68-bee66003dde4/opts
Mar 16 08:23:20 gtw01 kernel: [15213.338286] device tape680b8e0-b1 left promiscuous mode
Mar 16 08:23:28 gtw01 dnsmasq[21503]: read /var/lib/neutron/dhcp/7fdc93f7-c082-428b-a0fc-d73a00c3ac36/addn_hosts - 2 addresses
Mar 16 08:23:28 gtw01 dnsmasq-dhcp[21503]: read /var/lib/neutron/dhcp/7fdc93f7-c082-428b-a0fc-d73a00c3ac36/host
Mar 16 08:23:28 gtw01 dnsmasq-dhcp[21503]: read /var/lib/neutron/dhcp/7fdc93f7-c082-428b-a0fc-d73a00c3ac36/opts
Mar 16 08:23:29 gtw01 kernel: [15222.278994] device tapc7d0c546-e3 left promiscuous mode
Mar 16 08:23:54 gtw01 systemd-udevd[21578]: Could not generate persistent MAC address for tap6a50ea01-b1: No such file or directory
Mar 16 08:23:54 gtw01 kernel: [15247.449158] device tap6a50ea01-b1 entered promiscuous mode
Mar 16 08:23:58 gtw01 dnsmasq[21702]: started, version 2.78 cachesize 150
Mar 16 08:23:58 gtw01 dnsmasq[21702]: DNS service limited to local subnets
Mar 16 08:23:58 gtw01 dnsmasq[21702]: compile time options: IPv6 GNU-getopt DBus i18n IDN DHCP DHCPv6 no-Lua TFTP conntrack ipset auth DNSSEC loop-detect inotify
Mar 16 08:23:58 gtw01 dnsmasq[21702]: warning: no upstream servers configured
Mar 16 08:23:58 gtw01 dnsmasq-dhcp[21702]: DHCP, static leases only on 10.2.61.0, lease time 1h
Mar 16 08:23:58 gtw01 dnsmasq[21702]: read /var/lib/neutron/dhcp/b699f7a5-cb90-4860-b9fc-0f61c8c2d940/addn_hosts - 1 addresses
Mar 16 08:23:58 gtw01 dnsmasq-dhcp[21702]: read /var/lib/neutron/dhcp/b699f7a5-cb90-4860-b9fc-0f61c8c2d940/host
Mar 16 08:23:58 gtw01 dnsmasq-dhcp[21702]: read /var/lib/neutron/dhcp/b699f7a5-cb90-4860-b9fc-0f61c8c2d940/opts
Mar 16 08:23:58 gtw01 haproxy-metadata-proxy-b699f7a5-cb90-4860-b9fc-0f61c8c2d940[21706]: Proxy listener started.
Mar 16 08:23:59 gtw01 dnsmasq[21702]: read /var/lib/neutron/dhcp/b699f7a5-cb90-4860-b9fc-0f61c8c2d940/addn_hosts - 2 addresses
Mar 16 08:23:59 gtw01 dnsmasq-dhcp[21702]: read /var/lib/neutron/dhcp/b699f7a5-cb90-4860-b9fc-0f61c8c2d940/host
Mar 16 08:23:59 gtw01 dnsmasq-dhcp[21702]: read /var/lib/neutron/dhcp/b699f7a5-cb90-4860-b9fc-0f61c8c2d940/opts
Mar 16 08:23:59 gtw01 kernel: [15251.980880] device tapb78b6c51-41 entered promiscuous mode
Mar 16 08:23:59 gtw01 systemd-udevd[21741]: Could not generate persistent MAC address for tapb78b6c51-41: No such file or directory
Mar 16 08:24:02 gtw01 dnsmasq[21869]: started, version 2.78 cachesize 150
Mar 16 08:24:02 gtw01 dnsmasq[21869]: DNS service limited to local subnets
Mar 16 08:24:02 gtw01 dnsmasq[21869]: compile time options: IPv6 GNU-getopt DBus i18n IDN DHCP DHCPv6 no-Lua TFTP conntrack ipset auth DNSSEC loop-detect inotify
Mar 16 08:24:02 gtw01 dnsmasq[21869]: warning: no upstream servers configured
Mar 16 08:24:02 gtw01 dnsmasq-dhcp[21869]: DHCP, static leases only on 10.2.62.0, lease time 1h
Mar 16 08:24:02 gtw01 dnsmasq[21869]: read /var/lib/neutron/dhcp/cef0e146-0aee-4ac9-8d33-46bd95402895/addn_hosts - 1 addresses
Mar 16 08:24:02 gtw01 dnsmasq-dhcp[21869]: read /var/lib/neutron/dhcp/cef0e146-0aee-4ac9-8d33-46bd95402895/host
Mar 16 08:24:02 gtw01 dnsmasq-dhcp[21869]: read /var/lib/neutron/dhcp/cef0e146-0aee-4ac9-8d33-46bd95402895/opts
Mar 16 08:24:03 gtw01 haproxy-metadata-proxy-cef0e146-0aee-4ac9-8d33-46bd95402895[21873]: Proxy listener started.
Mar 16 08:24:03 gtw01 dnsmasq[21869]: read /var/lib/neutron/dhcp/cef0e146-0aee-4ac9-8d33-46bd95402895/addn_hosts - 2 addresses
Mar 16 08:24:03 gtw01 dnsmasq-dhcp[21869]: read /var/lib/neutron/dhcp/cef0e146-0aee-4ac9-8d33-46bd95402895/host
Mar 16 08:24:03 gtw01 dnsmasq-dhcp[21869]: read /var/lib/neutron/dhcp/cef0e146-0aee-4ac9-8d33-46bd95402895/opts
Mar 16 08:24:04 gtw01 systemd-udevd[21919]: Could not generate persistent MAC address for tapdcdbcbd1-58: No such file or directory
Mar 16 08:24:04 gtw01 kernel: [15257.012725] device tapdcdbcbd1-58 entered promiscuous mode
Mar 16 08:24:04 gtw01 dnsmasq[21869]: read /var/lib/neutron/dhcp/cef0e146-0aee-4ac9-8d33-46bd95402895/addn_hosts - 2 addresses
Mar 16 08:24:04 gtw01 dnsmasq-dhcp[21869]: read /var/lib/neutron/dhcp/cef0e146-0aee-4ac9-8d33-46bd95402895/host
Mar 16 08:24:04 gtw01 dnsmasq-dhcp[21869]: read /var/lib/neutron/dhcp/cef0e146-0aee-4ac9-8d33-46bd95402895/opts
Mar 16 08:24:07 gtw01 dnsmasq[22052]: started, version 2.78 cachesize 150
Mar 16 08:24:07 gtw01 dnsmasq[22052]: DNS service limited to local subnets
Mar 16 08:24:07 gtw01 dnsmasq[22052]: compile time options: IPv6 GNU-getopt DBus i18n IDN DHCP DHCPv6 no-Lua TFTP conntrack ipset auth DNSSEC loop-detect inotify
Mar 16 08:24:07 gtw01 dnsmasq[22052]: warning: no upstream servers configured
Mar 16 08:24:07 gtw01 dnsmasq-dhcp[22052]: DHCP, static leases only on 10.2.63.0, lease time 1h
Mar 16 08:24:07 gtw01 dnsmasq[22052]: read /var/lib/neutron/dhcp/bc3f1333-85c9-4fa7-9159-53946968c381/addn_hosts - 1 addresses
Mar 16 08:24:07 gtw01 dnsmasq-dhcp[22052]: read /var/lib/neutron/dhcp/bc3f1333-85c9-4fa7-9159-53946968c381/host
Mar 16 08:24:07 gtw01 dnsmasq-dhcp[22052]: read /var/lib/neutron/dhcp/bc3f1333-85c9-4fa7-9159-53946968c381/opts
Mar 16 08:24:08 gtw01 haproxy-metadata-proxy-bc3f1333-85c9-4fa7-9159-53946968c381[22056]: Proxy listener started.
Mar 16 08:24:08 gtw01 dnsmasq[22052]: read /var/lib/neutron/dhcp/bc3f1333-85c9-4fa7-9159-53946968c381/addn_hosts - 2 addresses
Mar 16 08:24:08 gtw01 dnsmasq-dhcp[22052]: read /var/lib/neutron/dhcp/bc3f1333-85c9-4fa7-9159-53946968c381/host
Mar 16 08:24:08 gtw01 dnsmasq-dhcp[22052]: read /var/lib/neutron/dhcp/bc3f1333-85c9-4fa7-9159-53946968c381/opts
Mar 16 08:24:09 gtw01 kernel: [15262.032388] device tapd9b5d5a9-5d entered promiscuous mode
Mar 16 08:24:09 gtw01 systemd-udevd[22095]: Could not generate persistent MAC address for tapd9b5d5a9-5d: No such file or directory
Mar 16 08:24:11 gtw01 kernel: [15264.418486] device tapf5c5c2df-48 entered promiscuous mode
Mar 16 08:24:11 gtw01 systemd-udevd[22244]: Could not generate persistent MAC address for tapf5c5c2df-48: No such file or directory
Mar 16 08:24:12 gtw01 systemd-udevd[22331]: Could not generate persistent MAC address for tapec2d1951-20: No such file or directory
Mar 16 08:24:12 gtw01 kernel: [15264.706539] device tapec2d1951-20 entered promiscuous mode
Mar 16 08:24:12 gtw01 kernel: [15265.106540] device tap393793e5-ee entered promiscuous mode
Mar 16 08:24:12 gtw01 systemd-udevd[22422]: Could not generate persistent MAC address for tap393793e5-ee: No such file or directory
Mar 16 08:24:13 gtw01 dnsmasq[22533]: started, version 2.78 cachesize 150
Mar 16 08:24:13 gtw01 dnsmasq[22533]: DNS service limited to local subnets
Mar 16 08:24:13 gtw01 dnsmasq[22533]: compile time options: IPv6 GNU-getopt DBus i18n IDN DHCP DHCPv6 no-Lua TFTP conntrack ipset auth DNSSEC loop-detect inotify
Mar 16 08:24:13 gtw01 dnsmasq[22533]: LOUD WARNING: listening on 1.1.1.2 may accept requests via interfaces other than tapd9b5d5a9-5d
Mar 16 08:24:13 gtw01 dnsmasq[22533]: LOUD WARNING: use --bind-dynamic rather than --bind-interfaces to avoid DNS amplification attacks via these interface(s)
Mar 16 08:24:13 gtw01 dnsmasq[22533]: warning: no upstream servers configured
Mar 16 08:24:13 gtw01 dnsmasq-dhcp[22533]: DHCP, static leases only on 1.1.1.0, lease time 1h
Mar 16 08:24:13 gtw01 dnsmasq[22533]: read /var/lib/neutron/dhcp/9989f787-c166-437b-bef2-83662679d1cc/addn_hosts - 1 addresses
Mar 16 08:24:13 gtw01 dnsmasq-dhcp[22533]: read /var/lib/neutron/dhcp/9989f787-c166-437b-bef2-83662679d1cc/host
Mar 16 08:24:13 gtw01 dnsmasq-dhcp[22533]: read /var/lib/neutron/dhcp/9989f787-c166-437b-bef2-83662679d1cc/opts
Mar 16 08:24:13 gtw01 haproxy-metadata-proxy-9989f787-c166-437b-bef2-83662679d1cc[22544]: Proxy listener started.
Mar 16 08:24:14 gtw01 dnsmasq[22533]: read /var/lib/neutron/dhcp/9989f787-c166-437b-bef2-83662679d1cc/addn_hosts - 2 addresses
Mar 16 08:24:14 gtw01 dnsmasq-dhcp[22533]: read /var/lib/neutron/dhcp/9989f787-c166-437b-bef2-83662679d1cc/host
Mar 16 08:24:14 gtw01 dnsmasq-dhcp[22533]: read /var/lib/neutron/dhcp/9989f787-c166-437b-bef2-83662679d1cc/opts
Mar 16 08:24:16 gtw01 systemd-udevd[22658]: Could not generate persistent MAC address for tap848ab98f-49: No such file or directory
Mar 16 08:24:16 gtw01 kernel: [15268.714584] device tap848ab98f-49 entered promiscuous mode
Mar 16 08:24:16 gtw01 dnsmasq[22533]: read /var/lib/neutron/dhcp/9989f787-c166-437b-bef2-83662679d1cc/addn_hosts - 2 addresses
Mar 16 08:24:16 gtw01 dnsmasq-dhcp[22533]: read /var/lib/neutron/dhcp/9989f787-c166-437b-bef2-83662679d1cc/host
Mar 16 08:24:16 gtw01 dnsmasq-dhcp[22533]: read /var/lib/neutron/dhcp/9989f787-c166-437b-bef2-83662679d1cc/opts
Mar 16 08:24:17 gtw01 dnsmasq[22781]: started, version 2.78 cachesize 150
Mar 16 08:24:17 gtw01 dnsmasq[22781]: DNS service limited to local subnets
Mar 16 08:24:17 gtw01 dnsmasq[22781]: compile time options: IPv6 GNU-getopt DBus i18n IDN DHCP DHCPv6 no-Lua TFTP conntrack ipset auth DNSSEC loop-detect inotify
Mar 16 08:24:17 gtw01 dnsmasq[22781]: LOUD WARNING: listening on 1.1.1.10 may accept requests via interfaces other than tapf5c5c2df-48
Mar 16 08:24:17 gtw01 dnsmasq[22781]: LOUD WARNING: use --bind-dynamic rather than --bind-interfaces to avoid DNS amplification attacks via these interface(s)
Mar 16 08:24:17 gtw01 dnsmasq[22781]: warning: no upstream servers configured
Mar 16 08:24:17 gtw01 dnsmasq-dhcp[22781]: DHCP, static leases only on 1.1.1.8, lease time 1h
Mar 16 08:24:17 gtw01 dnsmasq[22781]: read /var/lib/neutron/dhcp/4f736b58-a13d-439e-aecc-9f747d5c75b6/addn_hosts - 1 addresses
Mar 16 08:24:17 gtw01 dnsmasq-dhcp[22781]: read /var/lib/neutron/dhcp/4f736b58-a13d-439e-aecc-9f747d5c75b6/host
Mar 16 08:24:17 gtw01 dnsmasq-dhcp[22781]: read /var/lib/neutron/dhcp/4f736b58-a13d-439e-aecc-9f747d5c75b6/opts
Mar 16 08:24:17 gtw01 dnsmasq[22799]: started, version 2.78 cachesize 150
Mar 16 08:24:17 gtw01 dnsmasq[22799]: DNS service limited to local subnets
Mar 16 08:24:17 gtw01 dnsmasq[22799]: compile time options: IPv6 GNU-getopt DBus i18n IDN DHCP DHCPv6 no-Lua TFTP conntrack ipset auth DNSSEC loop-detect inotify
Mar 16 08:24:17 gtw01 dnsmasq[22799]: LOUD WARNING: listening on 1.1.1.6 may accept requests via interfaces other than tapec2d1951-20
Mar 16 08:24:17 gtw01 dnsmasq[22799]: LOUD WARNING: use --bind-dynamic rather than --bind-interfaces to avoid DNS amplification attacks via these interface(s)
Mar 16 08:24:17 gtw01 dnsmasq[22799]: warning: no upstream servers configured
Mar 16 08:24:17 gtw01 dnsmasq-dhcp[22799]: DHCP, static leases only on 1.1.1.4, lease time 1h
Mar 16 08:24:17 gtw01 dnsmasq[22799]: read /var/lib/neutron/dhcp/fa8d695b-c71f-4b8a-973e-147f47a74ed4/addn_hosts - 1 addresses
Mar 16 08:24:17 gtw01 dnsmasq-dhcp[22799]: read /var/lib/neutron/dhcp/fa8d695b-c71f-4b8a-973e-147f47a74ed4/host
Mar 16 08:24:17 gtw01 dnsmasq-dhcp[22799]: read /var/lib/neutron/dhcp/fa8d695b-c71f-4b8a-973e-147f47a74ed4/opts
Mar 16 08:24:17 gtw01 haproxy-metadata-proxy-4f736b58-a13d-439e-aecc-9f747d5c75b6[22801]: Proxy listener started.
Mar 16 08:24:18 gtw01 dnsmasq[22807]: started, version 2.78 cachesize 150
Mar 16 08:24:18 gtw01 dnsmasq[22807]: DNS service limited to local subnets
Mar 16 08:24:18 gtw01 dnsmasq[22807]: compile time options: IPv6 GNU-getopt DBus i18n IDN DHCP DHCPv6 no-Lua TFTP conntrack ipset auth DNSSEC loop-detect inotify
Mar 16 08:24:18 gtw01 dnsmasq[22807]: LOUD WARNING: listening on 1.1.1.14 may accept requests via interfaces other than tap393793e5-ee
Mar 16 08:24:18 gtw01 dnsmasq[22807]: LOUD WARNING: use --bind-dynamic rather than --bind-interfaces to avoid DNS amplification attacks via these interface(s)
Mar 16 08:24:18 gtw01 dnsmasq[22807]: warning: no upstream servers configured
Mar 16 08:24:18 gtw01 dnsmasq-dhcp[22807]: DHCP, static leases only on 1.1.1.12, lease time 1h
Mar 16 08:24:18 gtw01 dnsmasq[22807]: read /var/lib/neutron/dhcp/c389bd15-b744-428d-b966-1fcf0d80fdac/addn_hosts - 1 addresses
Mar 16 08:24:18 gtw01 dnsmasq-dhcp[22807]: read /var/lib/neutron/dhcp/c389bd15-b744-428d-b966-1fcf0d80fdac/host
Mar 16 08:24:18 gtw01 dnsmasq-dhcp[22807]: read /var/lib/neutron/dhcp/c389bd15-b744-428d-b966-1fcf0d80fdac/opts
Mar 16 08:24:18 gtw01 haproxy-metadata-proxy-fa8d695b-c71f-4b8a-973e-147f47a74ed4[22812]: Proxy listener started.
Mar 16 08:24:18 gtw01 haproxy-metadata-proxy-c389bd15-b744-428d-b966-1fcf0d80fdac[22819]: Proxy listener started.
Mar 16 08:24:18 gtw01 dnsmasq[22781]: read /var/lib/neutron/dhcp/4f736b58-a13d-439e-aecc-9f747d5c75b6/addn_hosts - 2 addresses
Mar 16 08:24:18 gtw01 dnsmasq-dhcp[22781]: read /var/lib/neutron/dhcp/4f736b58-a13d-439e-aecc-9f747d5c75b6/host
Mar 16 08:24:18 gtw01 dnsmasq-dhcp[22781]: read /var/lib/neutron/dhcp/4f736b58-a13d-439e-aecc-9f747d5c75b6/opts
Mar 16 08:24:19 gtw01 dnsmasq[22799]: read /var/lib/neutron/dhcp/fa8d695b-c71f-4b8a-973e-147f47a74ed4/addn_hosts - 2 addresses
Mar 16 08:24:19 gtw01 dnsmasq-dhcp[22799]: read /var/lib/neutron/dhcp/fa8d695b-c71f-4b8a-973e-147f47a74ed4/host
Mar 16 08:24:19 gtw01 dnsmasq-dhcp[22799]: read /var/lib/neutron/dhcp/fa8d695b-c71f-4b8a-973e-147f47a74ed4/opts
Mar 16 08:24:19 gtw01 dnsmasq[22807]: read /var/lib/neutron/dhcp/c389bd15-b744-428d-b966-1fcf0d80fdac/addn_hosts - 2 addresses
Mar 16 08:24:19 gtw01 dnsmasq-dhcp[22807]: read /var/lib/neutron/dhcp/c389bd15-b744-428d-b966-1fcf0d80fdac/host
Mar 16 08:24:19 gtw01 dnsmasq-dhcp[22807]: read /var/lib/neutron/dhcp/c389bd15-b744-428d-b966-1fcf0d80fdac/opts
Mar 16 08:24:20 gtw01 systemd-udevd[22906]: Could not generate persistent MAC address for tap14b34fe9-db: No such file or directory
Mar 16 08:24:20 gtw01 kernel: [15272.794551] device tap14b34fe9-db entered promiscuous mode
Mar 16 08:24:21 gtw01 dnsmasq[22799]: read /var/lib/neutron/dhcp/fa8d695b-c71f-4b8a-973e-147f47a74ed4/addn_hosts - 2 addresses
Mar 16 08:24:21 gtw01 dnsmasq-dhcp[22799]: read /var/lib/neutron/dhcp/fa8d695b-c71f-4b8a-973e-147f47a74ed4/host
Mar 16 08:24:21 gtw01 dnsmasq-dhcp[22799]: read /var/lib/neutron/dhcp/fa8d695b-c71f-4b8a-973e-147f47a74ed4/opts
Mar 16 08:24:21 gtw01 dnsmasq[22807]: read /var/lib/neutron/dhcp/c389bd15-b744-428d-b966-1fcf0d80fdac/addn_hosts - 2 addresses
Mar 16 08:24:21 gtw01 dnsmasq-dhcp[22807]: read /var/lib/neutron/dhcp/c389bd15-b744-428d-b966-1fcf0d80fdac/host
Mar 16 08:24:21 gtw01 dnsmasq-dhcp[22807]: read /var/lib/neutron/dhcp/c389bd15-b744-428d-b966-1fcf0d80fdac/opts
Mar 16 08:24:21 gtw01 dnsmasq[23030]: started, version 2.78 cachesize 150
Mar 16 08:24:21 gtw01 dnsmasq[23030]: DNS service limited to local subnets
Mar 16 08:24:21 gtw01 dnsmasq[23030]: compile time options: IPv6 GNU-getopt DBus i18n IDN DHCP DHCPv6 no-Lua TFTP conntrack ipset auth DNSSEC loop-detect inotify
Mar 16 08:24:21 gtw01 dnsmasq[23030]: LOUD WARNING: listening on 1.1.1.18 may accept requests via interfaces other than tap848ab98f-49
Mar 16 08:24:21 gtw01 dnsmasq[23030]: LOUD WARNING: use --bind-dynamic rather than --bind-interfaces to avoid DNS amplification attacks via these interface(s)
Mar 16 08:24:21 gtw01 dnsmasq[23030]: warning: no upstream servers configured
Mar 16 08:24:21 gtw01 dnsmasq-dhcp[23030]: DHCP, static leases only on 1.1.1.16, lease time 1h
Mar 16 08:24:21 gtw01 dnsmasq[23030]: read /var/lib/neutron/dhcp/aa2863a7-6e6b-4704-81f4-d60a1afc88e4/addn_hosts - 1 addresses
Mar 16 08:24:21 gtw01 dnsmasq-dhcp[23030]: read /var/lib/neutron/dhcp/aa2863a7-6e6b-4704-81f4-d60a1afc88e4/host
Mar 16 08:24:21 gtw01 dnsmasq-dhcp[23030]: read /var/lib/neutron/dhcp/aa2863a7-6e6b-4704-81f4-d60a1afc88e4/opts
Mar 16 08:24:21 gtw01 haproxy-metadata-proxy-aa2863a7-6e6b-4704-81f4-d60a1afc88e4[23045]: Proxy listener started.
Mar 16 08:24:23 gtw01 dnsmasq[23030]: read /var/lib/neutron/dhcp/aa2863a7-6e6b-4704-81f4-d60a1afc88e4/addn_hosts - 2 addresses
Mar 16 08:24:23 gtw01 dnsmasq-dhcp[23030]: read /var/lib/neutron/dhcp/aa2863a7-6e6b-4704-81f4-d60a1afc88e4/host
Mar 16 08:24:23 gtw01 dnsmasq-dhcp[23030]: read /var/lib/neutron/dhcp/aa2863a7-6e6b-4704-81f4-d60a1afc88e4/opts
Mar 16 08:24:24 gtw01 systemd-udevd[23148]: Could not generate persistent MAC address for tap3d68a0da-f6: No such file or directory
Mar 16 08:24:24 gtw01 kernel: [15277.104395] device tap3d68a0da-f6 entered promiscuous mode
Mar 16 08:24:24 gtw01 kernel: [15277.137950] device tap5f33a4eb-fe entered promiscuous mode
Mar 16 08:24:24 gtw01 systemd-udevd[23186]: Could not generate persistent MAC address for tap5f33a4eb-fe: No such file or directory
Mar 16 08:24:25 gtw01 systemd-udevd[23323]: Could not generate persistent MAC address for tap008ec7f9-b1: No such file or directory
Mar 16 08:24:25 gtw01 kernel: [15277.738010] device tap008ec7f9-b1 entered promiscuous mode
Mar 16 08:24:25 gtw01 dnsmasq[23400]: started, version 2.78 cachesize 150
Mar 16 08:24:25 gtw01 dnsmasq[23400]: DNS service limited to local subnets
Mar 16 08:24:25 gtw01 dnsmasq[23400]: compile time options: IPv6 GNU-getopt DBus i18n IDN DHCP DHCPv6 no-Lua TFTP conntrack ipset auth DNSSEC loop-detect inotify
Mar 16 08:24:25 gtw01 dnsmasq[23400]: LOUD WARNING: listening on 1.1.1.22 may accept requests via interfaces other than tap14b34fe9-db
Mar 16 08:24:25 gtw01 dnsmasq[23400]: LOUD WARNING: use --bind-dynamic rather than --bind-interfaces to avoid DNS amplification attacks via these interface(s)
Mar 16 08:24:25 gtw01 dnsmasq[23400]: warning: no upstream servers configured
Mar 16 08:24:25 gtw01 dnsmasq-dhcp[23400]: DHCP, static leases only on 1.1.1.20, lease time 1h
Mar 16 08:24:25 gtw01 dnsmasq[23400]: read /var/lib/neutron/dhcp/0c8c696b-197d-4624-9e19-f134b7457fe5/addn_hosts - 1 addresses
Mar 16 08:24:25 gtw01 dnsmasq-dhcp[23400]: read /var/lib/neutron/dhcp/0c8c696b-197d-4624-9e19-f134b7457fe5/host
Mar 16 08:24:25 gtw01 dnsmasq-dhcp[23400]: read /var/lib/neutron/dhcp/0c8c696b-197d-4624-9e19-f134b7457fe5/opts
Mar 16 08:24:25 gtw01 haproxy-metadata-proxy-0c8c696b-197d-4624-9e19-f134b7457fe5[23420]: Proxy listener started.
Mar 16 08:24:26 gtw01 kernel: [15278.533429] device tapa7247fce-fc entered promiscuous mode
Mar 16 08:24:26 gtw01 systemd-udevd[23431]: Could not generate persistent MAC address for tapa7247fce-fc: No such file or directory
Mar 16 08:24:27 gtw01 dnsmasq[23400]: read /var/lib/neutron/dhcp/0c8c696b-197d-4624-9e19-f134b7457fe5/addn_hosts - 2 addresses
Mar 16 08:24:27 gtw01 dnsmasq-dhcp[23400]: read /var/lib/neutron/dhcp/0c8c696b-197d-4624-9e19-f134b7457fe5/host
Mar 16 08:24:27 gtw01 dnsmasq-dhcp[23400]: read /var/lib/neutron/dhcp/0c8c696b-197d-4624-9e19-f134b7457fe5/opts
Mar 16 08:24:28 gtw01 dnsmasq[23400]: read /var/lib/neutron/dhcp/0c8c696b-197d-4624-9e19-f134b7457fe5/addn_hosts - 2 addresses
Mar 16 08:24:28 gtw01 dnsmasq-dhcp[23400]: read /var/lib/neutron/dhcp/0c8c696b-197d-4624-9e19-f134b7457fe5/host
Mar 16 08:24:28 gtw01 dnsmasq-dhcp[23400]: read /var/lib/neutron/dhcp/0c8c696b-197d-4624-9e19-f134b7457fe5/opts
Mar 16 08:24:30 gtw01 dnsmasq[23691]: started, version 2.78 cachesize 150
Mar 16 08:24:30 gtw01 dnsmasq[23691]: DNS service limited to local subnets
Mar 16 08:24:30 gtw01 dnsmasq[23691]: compile time options: IPv6 GNU-getopt DBus i18n IDN DHCP DHCPv6 no-Lua TFTP conntrack ipset auth DNSSEC loop-detect inotify
Mar 16 08:24:30 gtw01 dnsmasq[23691]: LOUD WARNING: listening on 1.1.1.30 may accept requests via interfaces other than tap3d68a0da-f6
Mar 16 08:24:30 gtw01 dnsmasq[23691]: LOUD WARNING: use --bind-dynamic rather than --bind-interfaces to avoid DNS amplification attacks via these interface(s)
Mar 16 08:24:30 gtw01 dnsmasq[23691]: warning: no upstream servers configured
Mar 16 08:24:30 gtw01 dnsmasq-dhcp[23691]: DHCP, static leases only on 1.1.1.28, lease time 1h
Mar 16 08:24:30 gtw01 dnsmasq[23691]: read /var/lib/neutron/dhcp/8f214aa9-9795-41ab-b4be-df6603b8853b/addn_hosts - 1 addresses
Mar 16 08:24:30 gtw01 dnsmasq-dhcp[23691]: read /var/lib/neutron/dhcp/8f214aa9-9795-41ab-b4be-df6603b8853b/host
Mar 16 08:24:30 gtw01 dnsmasq-dhcp[23691]: read /var/lib/neutron/dhcp/8f214aa9-9795-41ab-b4be-df6603b8853b/opts
Mar 16 08:24:30 gtw01 haproxy-metadata-proxy-8f214aa9-9795-41ab-b4be-df6603b8853b[23707]: Proxy listener started.
Mar 16 08:24:30 gtw01 dnsmasq[23714]: started, version 2.78 cachesize 150
Mar 16 08:24:30 gtw01 dnsmasq[23714]: DNS service limited to local subnets
Mar 16 08:24:30 gtw01 dnsmasq[23714]: compile time options: IPv6 GNU-getopt DBus i18n IDN DHCP DHCPv6 no-Lua TFTP conntrack ipset auth DNSSEC loop-detect inotify
Mar 16 08:24:30 gtw01 dnsmasq[23714]: LOUD WARNING: listening on 1.1.1.34 may accept requests via interfaces other than tap008ec7f9-b1
Mar 16 08:24:30 gtw01 dnsmasq[23714]: LOUD WARNING: use --bind-dynamic rather than --bind-interfaces to avoid DNS amplification attacks via these interface(s)
Mar 16 08:24:30 gtw01 dnsmasq[23714]: warning: no upstream servers configured
Mar 16 08:24:30 gtw01 dnsmasq-dhcp[23714]: DHCP, static leases only on 1.1.1.32, lease time 1h
Mar 16 08:24:30 gtw01 dnsmasq[23714]: read /var/lib/neutron/dhcp/9a467ada-14d8-49b9-8707-dbd154c78860/addn_hosts - 1 addresses
Mar 16 08:24:30 gtw01 dnsmasq-dhcp[23714]: read /var/lib/neutron/dhcp/9a467ada-14d8-49b9-8707-dbd154c78860/host
Mar 16 08:24:30 gtw01 dnsmasq-dhcp[23714]: read /var/lib/neutron/dhcp/9a467ada-14d8-49b9-8707-dbd154c78860/opts
Mar 16 08:24:30 gtw01 dnsmasq[23717]: started, version 2.78 cachesize 150
Mar 16 08:24:30 gtw01 dnsmasq[23717]: DNS service limited to local subnets
Mar 16 08:24:30 gtw01 dnsmasq[23717]: compile time options: IPv6 GNU-getopt DBus i18n IDN DHCP DHCPv6 no-Lua TFTP conntrack ipset auth DNSSEC loop-detect inotify
Mar 16 08:24:30 gtw01 dnsmasq[23717]: LOUD WARNING: listening on 1.1.1.26 may accept requests via interfaces other than tap5f33a4eb-fe
Mar 16 08:24:30 gtw01 dnsmasq[23717]: LOUD WARNING: use --bind-dynamic rather than --bind-interfaces to avoid DNS amplification attacks via these interface(s)
Mar 16 08:24:30 gtw01 dnsmasq[23717]: warning: no upstream servers configured
Mar 16 08:24:30 gtw01 dnsmasq-dhcp[23717]: DHCP, static leases only on 1.1.1.24, lease time 1h
Mar 16 08:24:30 gtw01 dnsmasq[23717]: read /var/lib/neutron/dhcp/e9617779-eb54-43ad-8445-5759bfaadc11/addn_hosts - 1 addresses
Mar 16 08:24:30 gtw01 dnsmasq-dhcp[23717]: read /var/lib/neutron/dhcp/e9617779-eb54-43ad-8445-5759bfaadc11/host
Mar 16 08:24:30 gtw01 dnsmasq-dhcp[23717]: read /var/lib/neutron/dhcp/e9617779-eb54-43ad-8445-5759bfaadc11/opts
Mar 16 08:24:30 gtw01 haproxy-metadata-proxy-9a467ada-14d8-49b9-8707-dbd154c78860[23725]: Proxy listener started.
Mar 16 08:24:31 gtw01 haproxy-metadata-proxy-e9617779-eb54-43ad-8445-5759bfaadc11[23732]: Proxy listener started.
Mar 16 08:24:31 gtw01 dnsmasq[23748]: started, version 2.78 cachesize 150
Mar 16 08:24:31 gtw01 dnsmasq[23748]: DNS service limited to local subnets
Mar 16 08:24:31 gtw01 dnsmasq[23748]: compile time options: IPv6 GNU-getopt DBus i18n IDN DHCP DHCPv6 no-Lua TFTP conntrack ipset auth DNSSEC loop-detect inotify
Mar 16 08:24:31 gtw01 dnsmasq[23748]: LOUD WARNING: listening on 1.1.1.38 may accept requests via interfaces other than tapa7247fce-fc
Mar 16 08:24:31 gtw01 dnsmasq[23748]: LOUD WARNING: use --bind-dynamic rather than --bind-interfaces to avoid DNS amplification attacks via these interface(s)
Mar 16 08:24:31 gtw01 dnsmasq[23748]: warning: no upstream servers configured
Mar 16 08:24:31 gtw01 dnsmasq-dhcp[23748]: DHCP, static leases only on 1.1.1.36, lease time 1h
Mar 16 08:24:31 gtw01 dnsmasq[23748]: read /var/lib/neutron/dhcp/26200a08-cc1e-4971-a04d-8aa5ed5aadf5/addn_hosts - 1 addresses
Mar 16 08:24:31 gtw01 dnsmasq-dhcp[23748]: read /var/lib/neutron/dhcp/26200a08-cc1e-4971-a04d-8aa5ed5aadf5/host
Mar 16 08:24:31 gtw01 dnsmasq-dhcp[23748]: read /var/lib/neutron/dhcp/26200a08-cc1e-4971-a04d-8aa5ed5aadf5/opts
Mar 16 08:24:31 gtw01 dnsmasq[23691]: read /var/lib/neutron/dhcp/8f214aa9-9795-41ab-b4be-df6603b8853b/addn_hosts - 2 addresses
Mar 16 08:24:31 gtw01 dnsmasq-dhcp[23691]: read /var/lib/neutron/dhcp/8f214aa9-9795-41ab-b4be-df6603b8853b/host
Mar 16 08:24:31 gtw01 dnsmasq-dhcp[23691]: read /var/lib/neutron/dhcp/8f214aa9-9795-41ab-b4be-df6603b8853b/opts
Mar 16 08:24:31 gtw01 haproxy-metadata-proxy-26200a08-cc1e-4971-a04d-8aa5ed5aadf5[23763]: Proxy listener started.
Mar 16 08:24:31 gtw01 dnsmasq[23714]: read /var/lib/neutron/dhcp/9a467ada-14d8-49b9-8707-dbd154c78860/addn_hosts - 2 addresses
Mar 16 08:24:31 gtw01 dnsmasq-dhcp[23714]: read /var/lib/neutron/dhcp/9a467ada-14d8-49b9-8707-dbd154c78860/host
Mar 16 08:24:31 gtw01 dnsmasq-dhcp[23714]: read /var/lib/neutron/dhcp/9a467ada-14d8-49b9-8707-dbd154c78860/opts
Mar 16 08:24:32 gtw01 dnsmasq[23717]: read /var/lib/neutron/dhcp/e9617779-eb54-43ad-8445-5759bfaadc11/addn_hosts - 2 addresses
Mar 16 08:24:32 gtw01 dnsmasq-dhcp[23717]: read /var/lib/neutron/dhcp/e9617779-eb54-43ad-8445-5759bfaadc11/host
Mar 16 08:24:32 gtw01 dnsmasq-dhcp[23717]: read /var/lib/neutron/dhcp/e9617779-eb54-43ad-8445-5759bfaadc11/opts
Mar 16 08:24:32 gtw01 dnsmasq[23748]: read /var/lib/neutron/dhcp/26200a08-cc1e-4971-a04d-8aa5ed5aadf5/addn_hosts - 2 addresses
Mar 16 08:24:32 gtw01 dnsmasq-dhcp[23748]: read /var/lib/neutron/dhcp/26200a08-cc1e-4971-a04d-8aa5ed5aadf5/host
Mar 16 08:24:32 gtw01 dnsmasq-dhcp[23748]: read /var/lib/neutron/dhcp/26200a08-cc1e-4971-a04d-8aa5ed5aadf5/opts
Mar 16 08:24:33 gtw01 dnsmasq[23714]: read /var/lib/neutron/dhcp/9a467ada-14d8-49b9-8707-dbd154c78860/addn_hosts - 2 addresses
Mar 16 08:24:33 gtw01 dnsmasq-dhcp[23714]: read /var/lib/neutron/dhcp/9a467ada-14d8-49b9-8707-dbd154c78860/host
Mar 16 08:24:33 gtw01 dnsmasq-dhcp[23714]: read /var/lib/neutron/dhcp/9a467ada-14d8-49b9-8707-dbd154c78860/opts
Mar 16 08:24:33 gtw01 dnsmasq[23717]: read /var/lib/neutron/dhcp/e9617779-eb54-43ad-8445-5759bfaadc11/addn_hosts - 2 addresses
Mar 16 08:24:33 gtw01 dnsmasq-dhcp[23717]: read /var/lib/neutron/dhcp/e9617779-eb54-43ad-8445-5759bfaadc11/host
Mar 16 08:24:33 gtw01 dnsmasq-dhcp[23717]: read /var/lib/neutron/dhcp/e9617779-eb54-43ad-8445-5759bfaadc11/opts
Mar 16 08:24:33 gtw01 dnsmasq[23748]: read /var/lib/neutron/dhcp/26200a08-cc1e-4971-a04d-8aa5ed5aadf5/addn_hosts - 2 addresses
Mar 16 08:24:33 gtw01 dnsmasq-dhcp[23748]: read /var/lib/neutron/dhcp/26200a08-cc1e-4971-a04d-8aa5ed5aadf5/host
Mar 16 08:24:33 gtw01 dnsmasq-dhcp[23748]: read /var/lib/neutron/dhcp/26200a08-cc1e-4971-a04d-8aa5ed5aadf5/opts
Mar 16 08:24:38 gtw01 dnsmasq[24027]: started, version 2.78 cachesize 150
Mar 16 08:24:38 gtw01 dnsmasq[24027]: DNS service limited to local subnets
Mar 16 08:24:38 gtw01 dnsmasq[24027]: compile time options: IPv6 GNU-getopt DBus i18n IDN DHCP DHCPv6 no-Lua TFTP conntrack ipset auth DNSSEC loop-detect inotify
Mar 16 08:24:38 gtw01 dnsmasq[24027]: warning: no upstream servers configured
Mar 16 08:24:38 gtw01 dnsmasq-dhcp[24027]: DHCP, static leases only on 10.2.61.0, lease time 1h
Mar 16 08:24:38 gtw01 dnsmasq[24027]: read /var/lib/neutron/dhcp/b699f7a5-cb90-4860-b9fc-0f61c8c2d940/addn_hosts - 2 addresses
Mar 16 08:24:38 gtw01 dnsmasq-dhcp[24027]: read /var/lib/neutron/dhcp/b699f7a5-cb90-4860-b9fc-0f61c8c2d940/host
Mar 16 08:24:38 gtw01 dnsmasq-dhcp[24027]: read /var/lib/neutron/dhcp/b699f7a5-cb90-4860-b9fc-0f61c8c2d940/opts
Mar 16 08:24:38 gtw01 dnsmasq[24034]: started, version 2.78 cachesize 150
Mar 16 08:24:38 gtw01 dnsmasq[24034]: DNS service limited to local subnets
Mar 16 08:24:38 gtw01 dnsmasq[24034]: compile time options: IPv6 GNU-getopt DBus i18n IDN DHCP DHCPv6 no-Lua TFTP conntrack ipset auth DNSSEC loop-detect inotify
Mar 16 08:24:38 gtw01 dnsmasq[24034]: LOUD WARNING: listening on 1.1.1.2 may accept requests via interfaces other than tapd9b5d5a9-5d
Mar 16 08:24:38 gtw01 dnsmasq[24034]: LOUD WARNING: use --bind-dynamic rather than --bind-interfaces to avoid DNS amplification attacks via these interface(s)
Mar 16 08:24:38 gtw01 dnsmasq[24034]: warning: no upstream servers configured
Mar 16 08:24:38 gtw01 dnsmasq-dhcp[24034]: DHCP, static leases only on 1.1.1.0, lease time 1h
Mar 16 08:24:38 gtw01 dnsmasq[24034]: read /var/lib/neutron/dhcp/9989f787-c166-437b-bef2-83662679d1cc/addn_hosts - 2 addresses
Mar 16 08:24:38 gtw01 dnsmasq-dhcp[24034]: read /var/lib/neutron/dhcp/9989f787-c166-437b-bef2-83662679d1cc/host
Mar 16 08:24:38 gtw01 dnsmasq-dhcp[24034]: read /var/lib/neutron/dhcp/9989f787-c166-437b-bef2-83662679d1cc/opts
Mar 16 08:24:38 gtw01 dnsmasq[24039]: started, version 2.78 cachesize 150
Mar 16 08:24:38 gtw01 dnsmasq[24039]: DNS service limited to local subnets
Mar 16 08:24:38 gtw01 dnsmasq[24039]: compile time options: IPv6 GNU-getopt DBus i18n IDN DHCP DHCPv6 no-Lua TFTP conntrack ipset auth DNSSEC loop-detect inotify
Mar 16 08:24:38 gtw01 dnsmasq[24039]: warning: no upstream servers configured
Mar 16 08:24:38 gtw01 dnsmasq-dhcp[24039]: DHCP, static leases only on 10.2.63.0, lease time 1h
Mar 16 08:24:38 gtw01 dnsmasq[24039]: read /var/lib/neutron/dhcp/bc3f1333-85c9-4fa7-9159-53946968c381/addn_hosts - 2 addresses
Mar 16 08:24:38 gtw01 dnsmasq-dhcp[24039]: read /var/lib/neutron/dhcp/bc3f1333-85c9-4fa7-9159-53946968c381/host
Mar 16 08:24:38 gtw01 dnsmasq-dhcp[24039]: read /var/lib/neutron/dhcp/bc3f1333-85c9-4fa7-9159-53946968c381/opts
Mar 16 08:24:38 gtw01 dnsmasq[24042]: started, version 2.78 cachesize 150
Mar 16 08:24:38 gtw01 dnsmasq[24042]: DNS service limited to local subnets
Mar 16 08:24:38 gtw01 dnsmasq[24042]: compile time options: IPv6 GNU-getopt DBus i18n IDN DHCP DHCPv6 no-Lua TFTP conntrack ipset auth DNSSEC loop-detect inotify
Mar 16 08:24:38 gtw01 dnsmasq[24042]: LOUD WARNING: listening on 1.1.1.10 may accept requests via interfaces other than tapf5c5c2df-48
Mar 16 08:24:38 gtw01 dnsmasq[24042]: LOUD WARNING: use --bind-dynamic rather than --bind-interfaces to avoid DNS amplification attacks via these interface(s)
Mar 16 08:24:38 gtw01 dnsmasq[24042]: warning: no upstream servers configured
Mar 16 08:24:38 gtw01 dnsmasq-dhcp[24042]: DHCP, static leases only on 1.1.1.8, lease time 1h
Mar 16 08:24:38 gtw01 dnsmasq[24042]: read /var/lib/neutron/dhcp/4f736b58-a13d-439e-aecc-9f747d5c75b6/addn_hosts - 2 addresses
Mar 16 08:24:38 gtw01 dnsmasq-dhcp[24042]: read /var/lib/neutron/dhcp/4f736b58-a13d-439e-aecc-9f747d5c75b6/host
Mar 16 08:24:38 gtw01 dnsmasq-dhcp[24042]: read /var/lib/neutron/dhcp/4f736b58-a13d-439e-aecc-9f747d5c75b6/opts
Mar 16 08:24:40 gtw01 dnsmasq[24084]: started, version 2.78 cachesize 150
Mar 16 08:24:40 gtw01 dnsmasq[24084]: DNS service limited to local subnets
Mar 16 08:24:40 gtw01 dnsmasq[24084]: compile time options: IPv6 GNU-getopt DBus i18n IDN DHCP DHCPv6 no-Lua TFTP conntrack ipset auth DNSSEC loop-detect inotify
Mar 16 08:24:40 gtw01 dnsmasq[24084]: warning: no upstream servers configured
