Mar 16 08:24:40 gtw01 dnsmasq-dhcp[24084]: DHCP, static leases only on 10.2.62.0, lease time 1h
Mar 16 08:24:40 gtw01 dnsmasq[24084]: read /var/lib/neutron/dhcp/cef0e146-0aee-4ac9-8d33-46bd95402895/addn_hosts - 2 addresses
Mar 16 08:24:40 gtw01 dnsmasq-dhcp[24084]: read /var/lib/neutron/dhcp/cef0e146-0aee-4ac9-8d33-46bd95402895/host
Mar 16 08:24:40 gtw01 dnsmasq-dhcp[24084]: read /var/lib/neutron/dhcp/cef0e146-0aee-4ac9-8d33-46bd95402895/opts
Mar 16 08:24:42 gtw01 dnsmasq-dhcp[24034]: DHCPRELEASE(tapd9b5d5a9-5d) 1.1.1.1 fa:16:3e:48:21:05
Mar 16 08:24:43 gtw01 dnsmasq[23030]: read /var/lib/neutron/dhcp/aa2863a7-6e6b-4704-81f4-d60a1afc88e4/addn_hosts - 1 addresses
Mar 16 08:24:43 gtw01 dnsmasq-dhcp[23030]: read /var/lib/neutron/dhcp/aa2863a7-6e6b-4704-81f4-d60a1afc88e4/host
Mar 16 08:24:43 gtw01 dnsmasq-dhcp[23030]: read /var/lib/neutron/dhcp/aa2863a7-6e6b-4704-81f4-d60a1afc88e4/opts
Mar 16 08:24:43 gtw01 dnsmasq[23400]: read /var/lib/neutron/dhcp/0c8c696b-197d-4624-9e19-f134b7457fe5/addn_hosts - 1 addresses
Mar 16 08:24:43 gtw01 dnsmasq-dhcp[23400]: read /var/lib/neutron/dhcp/0c8c696b-197d-4624-9e19-f134b7457fe5/host
Mar 16 08:24:43 gtw01 dnsmasq-dhcp[23400]: read /var/lib/neutron/dhcp/0c8c696b-197d-4624-9e19-f134b7457fe5/opts
Mar 16 08:24:43 gtw01 dnsmasq[24034]: read /var/lib/neutron/dhcp/9989f787-c166-437b-bef2-83662679d1cc/addn_hosts - 1 addresses
Mar 16 08:24:43 gtw01 dnsmasq-dhcp[24034]: read /var/lib/neutron/dhcp/9989f787-c166-437b-bef2-83662679d1cc/host
Mar 16 08:24:43 gtw01 dnsmasq-dhcp[24034]: read /var/lib/neutron/dhcp/9989f787-c166-437b-bef2-83662679d1cc/opts
Mar 16 08:24:44 gtw01 dnsmasq[23691]: read /var/lib/neutron/dhcp/8f214aa9-9795-41ab-b4be-df6603b8853b/addn_hosts - 1 addresses
Mar 16 08:24:44 gtw01 dnsmasq-dhcp[23691]: read /var/lib/neutron/dhcp/8f214aa9-9795-41ab-b4be-df6603b8853b/host
Mar 16 08:24:44 gtw01 dnsmasq-dhcp[23691]: read /var/lib/neutron/dhcp/8f214aa9-9795-41ab-b4be-df6603b8853b/opts
Mar 16 08:24:45 gtw01 dnsmasq[22807]: read /var/lib/neutron/dhcp/c389bd15-b744-428d-b966-1fcf0d80fdac/addn_hosts - 1 addresses
Mar 16 08:24:45 gtw01 dnsmasq-dhcp[22807]: read /var/lib/neutron/dhcp/c389bd15-b744-428d-b966-1fcf0d80fdac/host
Mar 16 08:24:45 gtw01 dnsmasq-dhcp[22807]: read /var/lib/neutron/dhcp/c389bd15-b744-428d-b966-1fcf0d80fdac/opts
Mar 16 08:24:45 gtw01 dnsmasq[23714]: read /var/lib/neutron/dhcp/9a467ada-14d8-49b9-8707-dbd154c78860/addn_hosts - 1 addresses
Mar 16 08:24:45 gtw01 dnsmasq-dhcp[23714]: read /var/lib/neutron/dhcp/9a467ada-14d8-49b9-8707-dbd154c78860/host
Mar 16 08:24:45 gtw01 dnsmasq-dhcp[23714]: read /var/lib/neutron/dhcp/9a467ada-14d8-49b9-8707-dbd154c78860/opts
Mar 16 08:24:46 gtw01 dnsmasq[22799]: read /var/lib/neutron/dhcp/fa8d695b-c71f-4b8a-973e-147f47a74ed4/addn_hosts - 1 addresses
Mar 16 08:24:46 gtw01 dnsmasq-dhcp[22799]: read /var/lib/neutron/dhcp/fa8d695b-c71f-4b8a-973e-147f47a74ed4/host
Mar 16 08:24:46 gtw01 dnsmasq-dhcp[22799]: read /var/lib/neutron/dhcp/fa8d695b-c71f-4b8a-973e-147f47a74ed4/opts
Mar 16 08:24:47 gtw01 dnsmasq-dhcp[24042]: DHCPRELEASE(tapf5c5c2df-48) 1.1.1.9 fa:16:3e:31:19:20
Mar 16 08:24:47 gtw01 dnsmasq[23748]: read /var/lib/neutron/dhcp/26200a08-cc1e-4971-a04d-8aa5ed5aadf5/addn_hosts - 1 addresses
Mar 16 08:24:47 gtw01 dnsmasq-dhcp[23748]: read /var/lib/neutron/dhcp/26200a08-cc1e-4971-a04d-8aa5ed5aadf5/host
Mar 16 08:24:47 gtw01 dnsmasq-dhcp[23748]: read /var/lib/neutron/dhcp/26200a08-cc1e-4971-a04d-8aa5ed5aadf5/opts
Mar 16 08:24:47 gtw01 dnsmasq[23717]: read /var/lib/neutron/dhcp/e9617779-eb54-43ad-8445-5759bfaadc11/addn_hosts - 1 addresses
Mar 16 08:24:47 gtw01 dnsmasq-dhcp[23717]: read /var/lib/neutron/dhcp/e9617779-eb54-43ad-8445-5759bfaadc11/host
Mar 16 08:24:47 gtw01 dnsmasq-dhcp[23717]: read /var/lib/neutron/dhcp/e9617779-eb54-43ad-8445-5759bfaadc11/opts
Mar 16 08:24:48 gtw01 dnsmasq[24042]: read /var/lib/neutron/dhcp/4f736b58-a13d-439e-aecc-9f747d5c75b6/addn_hosts - 1 addresses
Mar 16 08:24:48 gtw01 dnsmasq-dhcp[24042]: read /var/lib/neutron/dhcp/4f736b58-a13d-439e-aecc-9f747d5c75b6/host
Mar 16 08:24:48 gtw01 dnsmasq-dhcp[24042]: read /var/lib/neutron/dhcp/4f736b58-a13d-439e-aecc-9f747d5c75b6/opts
Mar 16 08:24:57 gtw01 kernel: [15309.935283] device tapd9b5d5a9-5d left promiscuous mode
Mar 16 08:24:57 gtw01 kernel: [15310.029603] device tap848ab98f-49 left promiscuous mode
Mar 16 08:24:57 gtw01 kernel: [15310.144249] device tapa7247fce-fc left promiscuous mode
Mar 16 08:24:57 gtw01 kernel: [15310.288114] device tapec2d1951-20 left promiscuous mode
Mar 16 08:24:58 gtw01 kernel: [15310.814885] device tapf5c5c2df-48 left promiscuous mode
Mar 16 08:24:58 gtw01 kernel: [15311.473658] device tap008ec7f9-b1 left promiscuous mode
Mar 16 08:24:59 gtw01 kernel: [15311.801849] device tap3d68a0da-f6 left promiscuous mode
Mar 16 08:24:59 gtw01 kernel: [15312.284276] device tap393793e5-ee left promiscuous mode
Mar 16 08:25:00 gtw01 kernel: [15312.694923] device tap14b34fe9-db left promiscuous mode
Mar 16 08:25:00 gtw01 kernel: [15312.970438] device tap5f33a4eb-fe left promiscuous mode
Mar 16 08:25:20 gtw01 dnsmasq[24039]: read /var/lib/neutron/dhcp/bc3f1333-85c9-4fa7-9159-53946968c381/addn_hosts - 2 addresses
Mar 16 08:25:20 gtw01 dnsmasq-dhcp[24039]: read /var/lib/neutron/dhcp/bc3f1333-85c9-4fa7-9159-53946968c381/host
Mar 16 08:25:20 gtw01 dnsmasq-dhcp[24039]: read /var/lib/neutron/dhcp/bc3f1333-85c9-4fa7-9159-53946968c381/opts
Mar 16 08:25:21 gtw01 kernel: [15334.072559] device tapdcdbcbd1-58 left promiscuous mode
Mar 16 08:25:29 gtw01 dnsmasq[24084]: read /var/lib/neutron/dhcp/cef0e146-0aee-4ac9-8d33-46bd95402895/addn_hosts - 2 addresses
Mar 16 08:25:29 gtw01 dnsmasq-dhcp[24084]: read /var/lib/neutron/dhcp/cef0e146-0aee-4ac9-8d33-46bd95402895/host
Mar 16 08:25:29 gtw01 dnsmasq-dhcp[24084]: read /var/lib/neutron/dhcp/cef0e146-0aee-4ac9-8d33-46bd95402895/opts
Mar 16 08:25:30 gtw01 kernel: [15342.593034] device tapb78b6c51-41 left promiscuous mode
Mar 16 08:25:37 gtw01 dnsmasq[24027]: read /var/lib/neutron/dhcp/b699f7a5-cb90-4860-b9fc-0f61c8c2d940/addn_hosts - 2 addresses
Mar 16 08:25:37 gtw01 dnsmasq-dhcp[24027]: read /var/lib/neutron/dhcp/b699f7a5-cb90-4860-b9fc-0f61c8c2d940/host
Mar 16 08:25:37 gtw01 dnsmasq-dhcp[24027]: read /var/lib/neutron/dhcp/b699f7a5-cb90-4860-b9fc-0f61c8c2d940/opts
Mar 16 08:25:38 gtw01 kernel: [15351.027343] device tap6a50ea01-b1 left promiscuous mode
Mar 16 08:26:03 gtw01 kernel: [15375.722050] device tap6f39489c-16 entered promiscuous mode
Mar 16 08:26:03 gtw01 systemd-udevd[24432]: Could not generate persistent MAC address for tap6f39489c-16: No such file or directory
Mar 16 08:26:06 gtw01 dnsmasq[24556]: started, version 2.78 cachesize 150
Mar 16 08:26:06 gtw01 dnsmasq[24556]: DNS service limited to local subnets
Mar 16 08:26:06 gtw01 dnsmasq[24556]: compile time options: IPv6 GNU-getopt DBus i18n IDN DHCP DHCPv6 no-Lua TFTP conntrack ipset auth DNSSEC loop-detect inotify
Mar 16 08:26:06 gtw01 dnsmasq[24556]: warning: no upstream servers configured
Mar 16 08:26:06 gtw01 dnsmasq-dhcp[24556]: DHCP, static leases only on 10.2.74.0, lease time 1h
Mar 16 08:26:06 gtw01 dnsmasq[24556]: read /var/lib/neutron/dhcp/e98c9db7-b3f8-4bcd-97ad-273095e0ded7/addn_hosts - 1 addresses
Mar 16 08:26:06 gtw01 dnsmasq-dhcp[24556]: read /var/lib/neutron/dhcp/e98c9db7-b3f8-4bcd-97ad-273095e0ded7/host
Mar 16 08:26:06 gtw01 dnsmasq-dhcp[24556]: read /var/lib/neutron/dhcp/e98c9db7-b3f8-4bcd-97ad-273095e0ded7/opts
Mar 16 08:26:06 gtw01 haproxy-metadata-proxy-e98c9db7-b3f8-4bcd-97ad-273095e0ded7[24560]: Proxy listener started.
Mar 16 08:26:07 gtw01 dnsmasq[24556]: read /var/lib/neutron/dhcp/e98c9db7-b3f8-4bcd-97ad-273095e0ded7/addn_hosts - 2 addresses
Mar 16 08:26:07 gtw01 dnsmasq-dhcp[24556]: read /var/lib/neutron/dhcp/e98c9db7-b3f8-4bcd-97ad-273095e0ded7/host
Mar 16 08:26:07 gtw01 dnsmasq-dhcp[24556]: read /var/lib/neutron/dhcp/e98c9db7-b3f8-4bcd-97ad-273095e0ded7/opts
Mar 16 08:26:08 gtw01 dnsmasq[24556]: read /var/lib/neutron/dhcp/e98c9db7-b3f8-4bcd-97ad-273095e0ded7/addn_hosts - 2 addresses
Mar 16 08:26:08 gtw01 dnsmasq-dhcp[24556]: read /var/lib/neutron/dhcp/e98c9db7-b3f8-4bcd-97ad-273095e0ded7/host
Mar 16 08:26:08 gtw01 dnsmasq-dhcp[24556]: read /var/lib/neutron/dhcp/e98c9db7-b3f8-4bcd-97ad-273095e0ded7/opts
Mar 16 08:26:08 gtw01 systemd-udevd[24609]: Could not generate persistent MAC address for tap7ebb21a9-4f: No such file or directory
Mar 16 08:26:08 gtw01 kernel: [15380.923741] device tap7ebb21a9-4f entered promiscuous mode
Mar 16 08:26:11 gtw01 dnsmasq[24740]: started, version 2.78 cachesize 150
Mar 16 08:26:11 gtw01 dnsmasq[24740]: DNS service limited to local subnets
Mar 16 08:26:11 gtw01 dnsmasq[24740]: compile time options: IPv6 GNU-getopt DBus i18n IDN DHCP DHCPv6 no-Lua TFTP conntrack ipset auth DNSSEC loop-detect inotify
Mar 16 08:26:11 gtw01 dnsmasq[24740]: warning: no upstream servers configured
Mar 16 08:26:11 gtw01 dnsmasq-dhcp[24740]: DHCP, static leases only on 10.2.75.0, lease time 1h
Mar 16 08:26:11 gtw01 dnsmasq[24740]: read /var/lib/neutron/dhcp/9cfc8e15-7afc-423d-a7e4-d50966dcb6a9/addn_hosts - 1 addresses
Mar 16 08:26:11 gtw01 dnsmasq-dhcp[24740]: read /var/lib/neutron/dhcp/9cfc8e15-7afc-423d-a7e4-d50966dcb6a9/host
Mar 16 08:26:11 gtw01 dnsmasq-dhcp[24740]: read /var/lib/neutron/dhcp/9cfc8e15-7afc-423d-a7e4-d50966dcb6a9/opts
Mar 16 08:26:11 gtw01 haproxy-metadata-proxy-9cfc8e15-7afc-423d-a7e4-d50966dcb6a9[24744]: Proxy listener started.
Mar 16 08:26:12 gtw01 dnsmasq[24740]: read /var/lib/neutron/dhcp/9cfc8e15-7afc-423d-a7e4-d50966dcb6a9/addn_hosts - 2 addresses
Mar 16 08:26:12 gtw01 dnsmasq-dhcp[24740]: read /var/lib/neutron/dhcp/9cfc8e15-7afc-423d-a7e4-d50966dcb6a9/host
Mar 16 08:26:12 gtw01 dnsmasq-dhcp[24740]: read /var/lib/neutron/dhcp/9cfc8e15-7afc-423d-a7e4-d50966dcb6a9/opts
Mar 16 08:26:12 gtw01 kernel: [15385.234213] device tap634972c4-01 entered promiscuous mode
Mar 16 08:26:12 gtw01 systemd-udevd[24777]: Could not generate persistent MAC address for tap634972c4-01: No such file or directory
Mar 16 08:26:13 gtw01 dnsmasq[24740]: read /var/lib/neutron/dhcp/9cfc8e15-7afc-423d-a7e4-d50966dcb6a9/addn_hosts - 2 addresses
Mar 16 08:26:13 gtw01 dnsmasq-dhcp[24740]: read /var/lib/neutron/dhcp/9cfc8e15-7afc-423d-a7e4-d50966dcb6a9/host
Mar 16 08:26:13 gtw01 dnsmasq-dhcp[24740]: read /var/lib/neutron/dhcp/9cfc8e15-7afc-423d-a7e4-d50966dcb6a9/opts
Mar 16 08:26:15 gtw01 dnsmasq[24923]: started, version 2.78 cachesize 150
Mar 16 08:26:15 gtw01 dnsmasq[24923]: DNS service limited to local subnets
Mar 16 08:26:15 gtw01 dnsmasq[24923]: compile time options: IPv6 GNU-getopt DBus i18n IDN DHCP DHCPv6 no-Lua TFTP conntrack ipset auth DNSSEC loop-detect inotify
Mar 16 08:26:15 gtw01 dnsmasq[24923]: warning: no upstream servers configured
Mar 16 08:26:15 gtw01 dnsmasq-dhcp[24923]: DHCP, static leases only on 10.2.76.0, lease time 1h
Mar 16 08:26:15 gtw01 dnsmasq[24923]: read /var/lib/neutron/dhcp/56cdb0fb-e613-4ed0-a212-4901df8418c9/addn_hosts - 1 addresses
Mar 16 08:26:15 gtw01 dnsmasq-dhcp[24923]: read /var/lib/neutron/dhcp/56cdb0fb-e613-4ed0-a212-4901df8418c9/host
Mar 16 08:26:15 gtw01 dnsmasq-dhcp[24923]: read /var/lib/neutron/dhcp/56cdb0fb-e613-4ed0-a212-4901df8418c9/opts
Mar 16 08:26:16 gtw01 haproxy-metadata-proxy-56cdb0fb-e613-4ed0-a212-4901df8418c9[24927]: Proxy listener started.
Mar 16 08:26:18 gtw01 kernel: [15390.808724] device tap41f8db2c-4a entered promiscuous mode
Mar 16 08:26:18 gtw01 systemd-udevd[24965]: Could not generate persistent MAC address for tap41f8db2c-4a: No such file or directory
Mar 16 08:26:18 gtw01 dnsmasq[24923]: read /var/lib/neutron/dhcp/56cdb0fb-e613-4ed0-a212-4901df8418c9/addn_hosts - 2 addresses
Mar 16 08:26:18 gtw01 dnsmasq-dhcp[24923]: read /var/lib/neutron/dhcp/56cdb0fb-e613-4ed0-a212-4901df8418c9/host
Mar 16 08:26:18 gtw01 dnsmasq-dhcp[24923]: read /var/lib/neutron/dhcp/56cdb0fb-e613-4ed0-a212-4901df8418c9/opts
Mar 16 08:26:18 gtw01 systemd-udevd[25064]: Could not generate persistent MAC address for tap97f81064-6c: No such file or directory
Mar 16 08:26:18 gtw01 kernel: [15391.464761] device tap97f81064-6c entered promiscuous mode
Mar 16 08:26:21 gtw01 kernel: [15394.000732] device tape9563e94-8f entered promiscuous mode
Mar 16 08:26:21 gtw01 systemd-udevd[25251]: Could not generate persistent MAC address for tape9563e94-8f: No such file or directory
Mar 16 08:26:22 gtw01 kernel: [15394.802689] device tapa9c8e776-a9 entered promiscuous mode
Mar 16 08:26:22 gtw01 systemd-udevd[25368]: Could not generate persistent MAC address for tapa9c8e776-a9: No such file or directory
Mar 16 08:26:22 gtw01 kernel: [15394.948764] device tap4b1426d7-1c entered promiscuous mode
Mar 16 08:26:22 gtw01 systemd-udevd[25438]: Could not generate persistent MAC address for tap4b1426d7-1c: No such file or directory
Mar 16 08:26:23 gtw01 kernel: [15395.889698] device tap0e180400-c0 entered promiscuous mode
Mar 16 08:26:23 gtw01 systemd-udevd[25564]: Could not generate persistent MAC address for tap0e180400-c0: No such file or directory
Mar 16 08:26:23 gtw01 systemd-udevd[25643]: Could not generate persistent MAC address for tap94bb97da-4c: No such file or directory
Mar 16 08:26:23 gtw01 kernel: [15396.221118] device tap94bb97da-4c entered promiscuous mode
Mar 16 08:26:23 gtw01 kernel: [15396.269337] device tap3aa5004c-46 entered promiscuous mode
Mar 16 08:26:23 gtw01 systemd-udevd[25693]: Could not generate persistent MAC address for tap3aa5004c-46: No such file or directory
Mar 16 08:26:25 gtw01 dnsmasq[25845]: started, version 2.78 cachesize 150
Mar 16 08:26:25 gtw01 dnsmasq[25845]: DNS service limited to local subnets
Mar 16 08:26:25 gtw01 dnsmasq[25845]: compile time options: IPv6 GNU-getopt DBus i18n IDN DHCP DHCPv6 no-Lua TFTP conntrack ipset auth DNSSEC loop-detect inotify
Mar 16 08:26:25 gtw01 dnsmasq[25845]: LOUD WARNING: listening on 1.1.1.62 may accept requests via interfaces other than tap41f8db2c-4a
Mar 16 08:26:25 gtw01 dnsmasq[25845]: LOUD WARNING: use --bind-dynamic rather than --bind-interfaces to avoid DNS amplification attacks via these interface(s)
Mar 16 08:26:25 gtw01 dnsmasq[25845]: warning: no upstream servers configured
Mar 16 08:26:25 gtw01 dnsmasq-dhcp[25845]: DHCP, static leases only on 1.1.1.60, lease time 1h
Mar 16 08:26:25 gtw01 dnsmasq[25845]: read /var/lib/neutron/dhcp/a103ecba-f87a-4054-a8ce-b82b50d3b4e7/addn_hosts - 1 addresses
Mar 16 08:26:25 gtw01 dnsmasq-dhcp[25845]: read /var/lib/neutron/dhcp/a103ecba-f87a-4054-a8ce-b82b50d3b4e7/host
Mar 16 08:26:25 gtw01 dnsmasq-dhcp[25845]: read /var/lib/neutron/dhcp/a103ecba-f87a-4054-a8ce-b82b50d3b4e7/opts
Mar 16 08:26:25 gtw01 haproxy-metadata-proxy-a103ecba-f87a-4054-a8ce-b82b50d3b4e7[25879]: Proxy listener started.
Mar 16 08:26:27 gtw01 kernel: [15399.522903] device tapa628ae51-de entered promiscuous mode
Mar 16 08:26:27 gtw01 systemd-udevd[25942]: Could not generate persistent MAC address for tapa628ae51-de: No such file or directory
Mar 16 08:26:27 gtw01 systemd-udevd[25989]: Could not generate persistent MAC address for tap53a35393-8c: No such file or directory
Mar 16 08:26:27 gtw01 kernel: [15399.564796] device tap53a35393-8c entered promiscuous mode
Mar 16 08:26:27 gtw01 dnsmasq[26086]: started, version 2.78 cachesize 150
Mar 16 08:26:27 gtw01 dnsmasq[26086]: DNS service limited to local subnets
Mar 16 08:26:27 gtw01 dnsmasq[26086]: compile time options: IPv6 GNU-getopt DBus i18n IDN DHCP DHCPv6 no-Lua TFTP conntrack ipset auth DNSSEC loop-detect inotify
Mar 16 08:26:27 gtw01 dnsmasq[26086]: LOUD WARNING: listening on 1.1.1.58 may accept requests via interfaces other than tap97f81064-6c
Mar 16 08:26:27 gtw01 dnsmasq[26086]: LOUD WARNING: use --bind-dynamic rather than --bind-interfaces to avoid DNS amplification attacks via these interface(s)
Mar 16 08:26:27 gtw01 dnsmasq[26086]: warning: no upstream servers configured
Mar 16 08:26:27 gtw01 dnsmasq-dhcp[26086]: DHCP, static leases only on 1.1.1.56, lease time 1h
Mar 16 08:26:27 gtw01 dnsmasq[26086]: read /var/lib/neutron/dhcp/2c385ab5-111e-4768-8f32-4c2f984231ce/addn_hosts - 1 addresses
Mar 16 08:26:27 gtw01 dnsmasq-dhcp[26086]: read /var/lib/neutron/dhcp/2c385ab5-111e-4768-8f32-4c2f984231ce/host
Mar 16 08:26:27 gtw01 dnsmasq-dhcp[26086]: read /var/lib/neutron/dhcp/2c385ab5-111e-4768-8f32-4c2f984231ce/opts
Mar 16 08:26:27 gtw01 dnsmasq[25845]: read /var/lib/neutron/dhcp/a103ecba-f87a-4054-a8ce-b82b50d3b4e7/addn_hosts - 1 addresses
Mar 16 08:26:27 gtw01 dnsmasq-dhcp[25845]: read /var/lib/neutron/dhcp/a103ecba-f87a-4054-a8ce-b82b50d3b4e7/host
Mar 16 08:26:27 gtw01 dnsmasq-dhcp[25845]: read /var/lib/neutron/dhcp/a103ecba-f87a-4054-a8ce-b82b50d3b4e7/opts
Mar 16 08:26:28 gtw01 haproxy-metadata-proxy-2c385ab5-111e-4768-8f32-4c2f984231ce[26135]: Proxy listener started.
Mar 16 08:26:30 gtw01 dnsmasq[26086]: read /var/lib/neutron/dhcp/2c385ab5-111e-4768-8f32-4c2f984231ce/addn_hosts - 1 addresses
Mar 16 08:26:30 gtw01 dnsmasq-dhcp[26086]: read /var/lib/neutron/dhcp/2c385ab5-111e-4768-8f32-4c2f984231ce/host
Mar 16 08:26:30 gtw01 dnsmasq-dhcp[26086]: read /var/lib/neutron/dhcp/2c385ab5-111e-4768-8f32-4c2f984231ce/opts
Mar 16 08:26:31 gtw01 dnsmasq[25845]: read /var/lib/neutron/dhcp/a103ecba-f87a-4054-a8ce-b82b50d3b4e7/addn_hosts - 1 addresses
Mar 16 08:26:31 gtw01 dnsmasq-dhcp[25845]: read /var/lib/neutron/dhcp/a103ecba-f87a-4054-a8ce-b82b50d3b4e7/host
Mar 16 08:26:31 gtw01 dnsmasq-dhcp[25845]: read /var/lib/neutron/dhcp/a103ecba-f87a-4054-a8ce-b82b50d3b4e7/opts
Mar 16 08:26:32 gtw01 dnsmasq[26330]: started, version 2.78 cachesize 150
Mar 16 08:26:32 gtw01 dnsmasq[26330]: DNS service limited to local subnets
Mar 16 08:26:32 gtw01 dnsmasq[26330]: compile time options: IPv6 GNU-getopt DBus i18n IDN DHCP DHCPv6 no-Lua TFTP conntrack ipset auth DNSSEC loop-detect inotify
Mar 16 08:26:32 gtw01 dnsmasq[26330]: LOUD WARNING: listening on 1.1.1.54 may accept requests via interfaces other than tape9563e94-8f
Mar 16 08:26:32 gtw01 dnsmasq[26330]: LOUD WARNING: use --bind-dynamic rather than --bind-interfaces to avoid DNS amplification attacks via these interface(s)
Mar 16 08:26:32 gtw01 dnsmasq[26330]: warning: no upstream servers configured
Mar 16 08:26:32 gtw01 dnsmasq-dhcp[26330]: DHCP, static leases only on 1.1.1.52, lease time 1h
Mar 16 08:26:32 gtw01 dnsmasq[26330]: read /var/lib/neutron/dhcp/cdabae7b-fe5c-40e0-baa9-798e5d21e21f/addn_hosts - 1 addresses
Mar 16 08:26:32 gtw01 dnsmasq-dhcp[26330]: read /var/lib/neutron/dhcp/cdabae7b-fe5c-40e0-baa9-798e5d21e21f/host
Mar 16 08:26:32 gtw01 dnsmasq-dhcp[26330]: read /var/lib/neutron/dhcp/cdabae7b-fe5c-40e0-baa9-798e5d21e21f/opts
Mar 16 08:26:32 gtw01 haproxy-metadata-proxy-cdabae7b-fe5c-40e0-baa9-798e5d21e21f[26359]: Proxy listener started.
Mar 16 08:26:33 gtw01 dnsmasq[26377]: started, version 2.78 cachesize 150
Mar 16 08:26:33 gtw01 dnsmasq[26377]: DNS service limited to local subnets
Mar 16 08:26:33 gtw01 dnsmasq[26377]: compile time options: IPv6 GNU-getopt DBus i18n IDN DHCP DHCPv6 no-Lua TFTP conntrack ipset auth DNSSEC loop-detect inotify
Mar 16 08:26:33 gtw01 dnsmasq[26377]: LOUD WARNING: listening on 1.1.1.66 may accept requests via interfaces other than tapa9c8e776-a9
Mar 16 08:26:33 gtw01 dnsmasq[26377]: LOUD WARNING: use --bind-dynamic rather than --bind-interfaces to avoid DNS amplification attacks via these interface(s)
Mar 16 08:26:33 gtw01 dnsmasq[26377]: warning: no upstream servers configured
Mar 16 08:26:33 gtw01 dnsmasq-dhcp[26377]: DHCP, static leases only on 1.1.1.64, lease time 1h
Mar 16 08:26:33 gtw01 dnsmasq[26377]: read /var/lib/neutron/dhcp/80e05efc-3fe3-43d5-ab5a-1d97e4d84c76/addn_hosts - 1 addresses
Mar 16 08:26:33 gtw01 dnsmasq-dhcp[26377]: read /var/lib/neutron/dhcp/80e05efc-3fe3-43d5-ab5a-1d97e4d84c76/host
Mar 16 08:26:33 gtw01 dnsmasq-dhcp[26377]: read /var/lib/neutron/dhcp/80e05efc-3fe3-43d5-ab5a-1d97e4d84c76/opts
Mar 16 08:26:33 gtw01 dnsmasq[26396]: started, version 2.78 cachesize 150
Mar 16 08:26:33 gtw01 dnsmasq[26396]: DNS service limited to local subnets
Mar 16 08:26:33 gtw01 dnsmasq[26396]: compile time options: IPv6 GNU-getopt DBus i18n IDN DHCP DHCPv6 no-Lua TFTP conntrack ipset auth DNSSEC loop-detect inotify
Mar 16 08:26:33 gtw01 dnsmasq[26396]: LOUD WARNING: listening on 1.1.1.70 may accept requests via interfaces other than tap4b1426d7-1c
Mar 16 08:26:33 gtw01 dnsmasq[26396]: LOUD WARNING: use --bind-dynamic rather than --bind-interfaces to avoid DNS amplification attacks via these interface(s)
Mar 16 08:26:33 gtw01 dnsmasq[26396]: warning: no upstream servers configured
Mar 16 08:26:33 gtw01 dnsmasq-dhcp[26396]: DHCP, static leases only on 1.1.1.68, lease time 1h
Mar 16 08:26:33 gtw01 dnsmasq[26396]: read /var/lib/neutron/dhcp/da09918d-62f6-42ee-b432-724b46c5f0a5/addn_hosts - 1 addresses
Mar 16 08:26:33 gtw01 dnsmasq-dhcp[26396]: read /var/lib/neutron/dhcp/da09918d-62f6-42ee-b432-724b46c5f0a5/host
Mar 16 08:26:33 gtw01 dnsmasq-dhcp[26396]: read /var/lib/neutron/dhcp/da09918d-62f6-42ee-b432-724b46c5f0a5/opts
Mar 16 08:26:34 gtw01 haproxy-metadata-proxy-80e05efc-3fe3-43d5-ab5a-1d97e4d84c76[26417]: Proxy listener started.
Mar 16 08:26:34 gtw01 haproxy-metadata-proxy-da09918d-62f6-42ee-b432-724b46c5f0a5[26427]: Proxy listener started.
Mar 16 08:26:34 gtw01 dnsmasq[26086]: read /var/lib/neutron/dhcp/2c385ab5-111e-4768-8f32-4c2f984231ce/addn_hosts - 1 addresses
Mar 16 08:26:34 gtw01 dnsmasq-dhcp[26086]: read /var/lib/neutron/dhcp/2c385ab5-111e-4768-8f32-4c2f984231ce/host
Mar 16 08:26:34 gtw01 dnsmasq-dhcp[26086]: read /var/lib/neutron/dhcp/2c385ab5-111e-4768-8f32-4c2f984231ce/opts
Mar 16 08:26:34 gtw01 dnsmasq[26452]: started, version 2.78 cachesize 150
Mar 16 08:26:34 gtw01 dnsmasq[26452]: DNS service limited to local subnets
Mar 16 08:26:34 gtw01 dnsmasq[26452]: compile time options: IPv6 GNU-getopt DBus i18n IDN DHCP DHCPv6 no-Lua TFTP conntrack ipset auth DNSSEC loop-detect inotify
Mar 16 08:26:34 gtw01 dnsmasq[26452]: LOUD WARNING: listening on 1.1.1.74 may accept requests via interfaces other than tap0e180400-c0
Mar 16 08:26:34 gtw01 dnsmasq[26452]: LOUD WARNING: use --bind-dynamic rather than --bind-interfaces to avoid DNS amplification attacks via these interface(s)
Mar 16 08:26:34 gtw01 dnsmasq[26452]: warning: no upstream servers configured
Mar 16 08:26:34 gtw01 dnsmasq-dhcp[26452]: DHCP, static leases only on 1.1.1.72, lease time 1h
Mar 16 08:26:34 gtw01 dnsmasq[26452]: read /var/lib/neutron/dhcp/d866a98f-8e4b-4a80-9802-8b82c46bf4ab/addn_hosts - 1 addresses
Mar 16 08:26:34 gtw01 dnsmasq-dhcp[26452]: read /var/lib/neutron/dhcp/d866a98f-8e4b-4a80-9802-8b82c46bf4ab/host
Mar 16 08:26:34 gtw01 dnsmasq-dhcp[26452]: read /var/lib/neutron/dhcp/d866a98f-8e4b-4a80-9802-8b82c46bf4ab/opts
Mar 16 08:26:34 gtw01 dnsmasq[26330]: read /var/lib/neutron/dhcp/cdabae7b-fe5c-40e0-baa9-798e5d21e21f/addn_hosts - 1 addresses
Mar 16 08:26:34 gtw01 dnsmasq-dhcp[26330]: read /var/lib/neutron/dhcp/cdabae7b-fe5c-40e0-baa9-798e5d21e21f/host
Mar 16 08:26:34 gtw01 dnsmasq-dhcp[26330]: read /var/lib/neutron/dhcp/cdabae7b-fe5c-40e0-baa9-798e5d21e21f/opts
Mar 16 08:26:35 gtw01 dnsmasq[26467]: started, version 2.78 cachesize 150
Mar 16 08:26:35 gtw01 dnsmasq[26467]: DNS service limited to local subnets
Mar 16 08:26:35 gtw01 dnsmasq[26467]: compile time options: IPv6 GNU-getopt DBus i18n IDN DHCP DHCPv6 no-Lua TFTP conntrack ipset auth DNSSEC loop-detect inotify
Mar 16 08:26:35 gtw01 dnsmasq[26467]: LOUD WARNING: listening on 1.1.1.78 may accept requests via interfaces other than tap3aa5004c-46
Mar 16 08:26:35 gtw01 dnsmasq[26467]: LOUD WARNING: use --bind-dynamic rather than --bind-interfaces to avoid DNS amplification attacks via these interface(s)
Mar 16 08:26:35 gtw01 dnsmasq[26467]: warning: no upstream servers configured
Mar 16 08:26:35 gtw01 dnsmasq-dhcp[26467]: DHCP, static leases only on 1.1.1.76, lease time 1h
Mar 16 08:26:35 gtw01 dnsmasq[26467]: read /var/lib/neutron/dhcp/502114d9-8497-437f-aaf1-35c1e56b223e/addn_hosts - 1 addresses
Mar 16 08:26:35 gtw01 dnsmasq-dhcp[26467]: read /var/lib/neutron/dhcp/502114d9-8497-437f-aaf1-35c1e56b223e/host
Mar 16 08:26:35 gtw01 dnsmasq-dhcp[26467]: read /var/lib/neutron/dhcp/502114d9-8497-437f-aaf1-35c1e56b223e/opts
Mar 16 08:26:35 gtw01 dnsmasq[26474]: started, version 2.78 cachesize 150
Mar 16 08:26:35 gtw01 dnsmasq[26474]: DNS service limited to local subnets
Mar 16 08:26:35 gtw01 dnsmasq[26474]: compile time options: IPv6 GNU-getopt DBus i18n IDN DHCP DHCPv6 no-Lua TFTP conntrack ipset auth DNSSEC loop-detect inotify
Mar 16 08:26:35 gtw01 dnsmasq[26474]: LOUD WARNING: listening on 1.1.1.82 may accept requests via interfaces other than tap94bb97da-4c
Mar 16 08:26:35 gtw01 dnsmasq[26474]: LOUD WARNING: use --bind-dynamic rather than --bind-interfaces to avoid DNS amplification attacks via these interface(s)
Mar 16 08:26:35 gtw01 dnsmasq[26474]: warning: no upstream servers configured
Mar 16 08:26:35 gtw01 dnsmasq-dhcp[26474]: DHCP, static leases only on 1.1.1.80, lease time 1h
Mar 16 08:26:35 gtw01 dnsmasq[26474]: read /var/lib/neutron/dhcp/de679e31-e9a0-4614-844b-439d86fe77c7/addn_hosts - 1 addresses
Mar 16 08:26:35 gtw01 dnsmasq-dhcp[26474]: read /var/lib/neutron/dhcp/de679e31-e9a0-4614-844b-439d86fe77c7/host
Mar 16 08:26:35 gtw01 dnsmasq-dhcp[26474]: read /var/lib/neutron/dhcp/de679e31-e9a0-4614-844b-439d86fe77c7/opts
Mar 16 08:26:35 gtw01 haproxy-metadata-proxy-d866a98f-8e4b-4a80-9802-8b82c46bf4ab[26484]: Proxy listener started.
Mar 16 08:26:36 gtw01 haproxy-metadata-proxy-502114d9-8497-437f-aaf1-35c1e56b223e[26501]: Proxy listener started.
Mar 16 08:26:36 gtw01 haproxy-metadata-proxy-de679e31-e9a0-4614-844b-439d86fe77c7[26505]: Proxy listener started.
Mar 16 08:26:36 gtw01 dnsmasq[26377]: read /var/lib/neutron/dhcp/80e05efc-3fe3-43d5-ab5a-1d97e4d84c76/addn_hosts - 1 addresses
Mar 16 08:26:36 gtw01 dnsmasq-dhcp[26377]: read /var/lib/neutron/dhcp/80e05efc-3fe3-43d5-ab5a-1d97e4d84c76/host
Mar 16 08:26:36 gtw01 dnsmasq-dhcp[26377]: read /var/lib/neutron/dhcp/80e05efc-3fe3-43d5-ab5a-1d97e4d84c76/opts
Mar 16 08:26:36 gtw01 dnsmasq[26396]: read /var/lib/neutron/dhcp/da09918d-62f6-42ee-b432-724b46c5f0a5/addn_hosts - 1 addresses
Mar 16 08:26:36 gtw01 dnsmasq-dhcp[26396]: read /var/lib/neutron/dhcp/da09918d-62f6-42ee-b432-724b46c5f0a5/host
Mar 16 08:26:36 gtw01 dnsmasq-dhcp[26396]: read /var/lib/neutron/dhcp/da09918d-62f6-42ee-b432-724b46c5f0a5/opts
Mar 16 08:26:37 gtw01 dnsmasq[26452]: read /var/lib/neutron/dhcp/d866a98f-8e4b-4a80-9802-8b82c46bf4ab/addn_hosts - 1 addresses
Mar 16 08:26:37 gtw01 dnsmasq-dhcp[26452]: read /var/lib/neutron/dhcp/d866a98f-8e4b-4a80-9802-8b82c46bf4ab/host
Mar 16 08:26:37 gtw01 dnsmasq-dhcp[26452]: read /var/lib/neutron/dhcp/d866a98f-8e4b-4a80-9802-8b82c46bf4ab/opts
Mar 16 08:26:37 gtw01 dnsmasq[26330]: read /var/lib/neutron/dhcp/cdabae7b-fe5c-40e0-baa9-798e5d21e21f/addn_hosts - 1 addresses
Mar 16 08:26:37 gtw01 dnsmasq-dhcp[26330]: read /var/lib/neutron/dhcp/cdabae7b-fe5c-40e0-baa9-798e5d21e21f/host
Mar 16 08:26:37 gtw01 dnsmasq-dhcp[26330]: read /var/lib/neutron/dhcp/cdabae7b-fe5c-40e0-baa9-798e5d21e21f/opts
Mar 16 08:26:37 gtw01 dnsmasq[26467]: read /var/lib/neutron/dhcp/502114d9-8497-437f-aaf1-35c1e56b223e/addn_hosts - 1 addresses
Mar 16 08:26:37 gtw01 dnsmasq-dhcp[26467]: read /var/lib/neutron/dhcp/502114d9-8497-437f-aaf1-35c1e56b223e/host
Mar 16 08:26:37 gtw01 dnsmasq-dhcp[26467]: read /var/lib/neutron/dhcp/502114d9-8497-437f-aaf1-35c1e56b223e/opts
Mar 16 08:26:38 gtw01 dnsmasq[26586]: started, version 2.78 cachesize 150
Mar 16 08:26:38 gtw01 dnsmasq[26586]: DNS service limited to local subnets
Mar 16 08:26:38 gtw01 dnsmasq[26586]: compile time options: IPv6 GNU-getopt DBus i18n IDN DHCP DHCPv6 no-Lua TFTP conntrack ipset auth DNSSEC loop-detect inotify
Mar 16 08:26:38 gtw01 dnsmasq[26586]: LOUD WARNING: listening on 1.1.1.90 may accept requests via interfaces other than tap53a35393-8c
Mar 16 08:26:38 gtw01 dnsmasq[26586]: LOUD WARNING: use --bind-dynamic rather than --bind-interfaces to avoid DNS amplification attacks via these interface(s)
Mar 16 08:26:38 gtw01 dnsmasq[26586]: warning: no upstream servers configured
Mar 16 08:26:38 gtw01 dnsmasq-dhcp[26586]: DHCP, static leases only on 1.1.1.88, lease time 1h
Mar 16 08:26:38 gtw01 dnsmasq[26586]: read /var/lib/neutron/dhcp/9aab787b-c685-40c7-a7f2-6ccf226f7963/addn_hosts - 1 addresses
Mar 16 08:26:38 gtw01 dnsmasq-dhcp[26586]: read /var/lib/neutron/dhcp/9aab787b-c685-40c7-a7f2-6ccf226f7963/host
Mar 16 08:26:38 gtw01 dnsmasq-dhcp[26586]: read /var/lib/neutron/dhcp/9aab787b-c685-40c7-a7f2-6ccf226f7963/opts
Mar 16 08:26:38 gtw01 dnsmasq[26474]: read /var/lib/neutron/dhcp/de679e31-e9a0-4614-844b-439d86fe77c7/addn_hosts - 1 addresses
Mar 16 08:26:38 gtw01 dnsmasq-dhcp[26474]: read /var/lib/neutron/dhcp/de679e31-e9a0-4614-844b-439d86fe77c7/host
Mar 16 08:26:38 gtw01 dnsmasq-dhcp[26474]: read /var/lib/neutron/dhcp/de679e31-e9a0-4614-844b-439d86fe77c7/opts
Mar 16 08:26:38 gtw01 dnsmasq[26597]: started, version 2.78 cachesize 150
Mar 16 08:26:38 gtw01 dnsmasq[26597]: DNS service limited to local subnets
Mar 16 08:26:38 gtw01 dnsmasq[26597]: compile time options: IPv6 GNU-getopt DBus i18n IDN DHCP DHCPv6 no-Lua TFTP conntrack ipset auth DNSSEC loop-detect inotify
Mar 16 08:26:38 gtw01 dnsmasq[26597]: LOUD WARNING: listening on 1.1.1.86 may accept requests via interfaces other than tapa628ae51-de
Mar 16 08:26:38 gtw01 dnsmasq[26597]: LOUD WARNING: use --bind-dynamic rather than --bind-interfaces to avoid DNS amplification attacks via these interface(s)
Mar 16 08:26:38 gtw01 dnsmasq[26597]: warning: no upstream servers configured
Mar 16 08:26:38 gtw01 dnsmasq-dhcp[26597]: DHCP, static leases only on 1.1.1.84, lease time 1h
Mar 16 08:26:38 gtw01 dnsmasq[26597]: read /var/lib/neutron/dhcp/7541a539-6386-4933-901d-757ca5299fbb/addn_hosts - 1 addresses
Mar 16 08:26:38 gtw01 dnsmasq-dhcp[26597]: read /var/lib/neutron/dhcp/7541a539-6386-4933-901d-757ca5299fbb/host
Mar 16 08:26:38 gtw01 dnsmasq-dhcp[26597]: read /var/lib/neutron/dhcp/7541a539-6386-4933-901d-757ca5299fbb/opts
Mar 16 08:26:38 gtw01 haproxy-metadata-proxy-9aab787b-c685-40c7-a7f2-6ccf226f7963[26620]: Proxy listener started.
Mar 16 08:26:39 gtw01 haproxy-metadata-proxy-7541a539-6386-4933-901d-757ca5299fbb[26628]: Proxy listener started.
Mar 16 08:26:39 gtw01 dnsmasq[26377]: read /var/lib/neutron/dhcp/80e05efc-3fe3-43d5-ab5a-1d97e4d84c76/addn_hosts - 1 addresses
Mar 16 08:26:39 gtw01 dnsmasq-dhcp[26377]: read /var/lib/neutron/dhcp/80e05efc-3fe3-43d5-ab5a-1d97e4d84c76/host
Mar 16 08:26:39 gtw01 dnsmasq-dhcp[26377]: read /var/lib/neutron/dhcp/80e05efc-3fe3-43d5-ab5a-1d97e4d84c76/opts
Mar 16 08:26:39 gtw01 dnsmasq-dhcp[26586]: DHCPRELEASE(tap53a35393-8c) 1.1.1.90 fa:16:3e:ff:a6:e2
Mar 16 08:26:40 gtw01 dnsmasq[26396]: read /var/lib/neutron/dhcp/da09918d-62f6-42ee-b432-724b46c5f0a5/addn_hosts - 1 addresses
Mar 16 08:26:40 gtw01 dnsmasq-dhcp[26396]: read /var/lib/neutron/dhcp/da09918d-62f6-42ee-b432-724b46c5f0a5/host
Mar 16 08:26:40 gtw01 dnsmasq-dhcp[26396]: read /var/lib/neutron/dhcp/da09918d-62f6-42ee-b432-724b46c5f0a5/opts
Mar 16 08:26:40 gtw01 dnsmasq[26452]: read /var/lib/neutron/dhcp/d866a98f-8e4b-4a80-9802-8b82c46bf4ab/addn_hosts - 1 addresses
Mar 16 08:26:40 gtw01 dnsmasq-dhcp[26452]: read /var/lib/neutron/dhcp/d866a98f-8e4b-4a80-9802-8b82c46bf4ab/host
Mar 16 08:26:40 gtw01 dnsmasq-dhcp[26452]: read /var/lib/neutron/dhcp/d866a98f-8e4b-4a80-9802-8b82c46bf4ab/opts
Mar 16 08:26:40 gtw01 kernel: [15413.236402] device tapa628ae51-de left promiscuous mode
Mar 16 08:26:40 gtw01 dnsmasq[26467]: read /var/lib/neutron/dhcp/502114d9-8497-437f-aaf1-35c1e56b223e/addn_hosts - 1 addresses
Mar 16 08:26:40 gtw01 dnsmasq-dhcp[26467]: read /var/lib/neutron/dhcp/502114d9-8497-437f-aaf1-35c1e56b223e/host
Mar 16 08:26:40 gtw01 dnsmasq-dhcp[26467]: read /var/lib/neutron/dhcp/502114d9-8497-437f-aaf1-35c1e56b223e/opts
Mar 16 08:26:41 gtw01 dnsmasq[26474]: read /var/lib/neutron/dhcp/de679e31-e9a0-4614-844b-439d86fe77c7/addn_hosts - 1 addresses
Mar 16 08:26:41 gtw01 dnsmasq-dhcp[26474]: read /var/lib/neutron/dhcp/de679e31-e9a0-4614-844b-439d86fe77c7/host
Mar 16 08:26:41 gtw01 dnsmasq-dhcp[26474]: read /var/lib/neutron/dhcp/de679e31-e9a0-4614-844b-439d86fe77c7/opts
Mar 16 08:26:41 gtw01 dnsmasq[26586]: read /var/lib/neutron/dhcp/9aab787b-c685-40c7-a7f2-6ccf226f7963/addn_hosts - 0 addresses
Mar 16 08:26:41 gtw01 dnsmasq-dhcp[26586]: read /var/lib/neutron/dhcp/9aab787b-c685-40c7-a7f2-6ccf226f7963/host
Mar 16 08:26:41 gtw01 dnsmasq-dhcp[26586]: read /var/lib/neutron/dhcp/9aab787b-c685-40c7-a7f2-6ccf226f7963/opts
Mar 16 08:26:42 gtw01 kernel: [15414.957424] device tapa9c8e776-a9 left promiscuous mode
Mar 16 08:26:43 gtw01 kernel: [15415.484184] device tape9563e94-8f left promiscuous mode
Mar 16 08:26:43 gtw01 kernel: [15415.512264] device tap41f8db2c-4a left promiscuous mode
Mar 16 08:26:43 gtw01 kernel: [15415.534236] device tap0e180400-c0 left promiscuous mode
Mar 16 08:26:43 gtw01 kernel: [15415.607241] device tap4b1426d7-1c left promiscuous mode
Mar 16 08:26:43 gtw01 kernel: [15415.625582] device tap97f81064-6c left promiscuous mode
Mar 16 08:26:43 gtw01 kernel: [15416.000798] device tap3aa5004c-46 left promiscuous mode
Mar 16 08:26:43 gtw01 kernel: [15416.138507] device tap94bb97da-4c left promiscuous mode
Mar 16 08:26:43 gtw01 dnsmasq[26586]: read /var/lib/neutron/dhcp/9aab787b-c685-40c7-a7f2-6ccf226f7963/addn_hosts - 0 addresses
Mar 16 08:26:43 gtw01 dnsmasq-dhcp[26586]: read /var/lib/neutron/dhcp/9aab787b-c685-40c7-a7f2-6ccf226f7963/host
Mar 16 08:26:43 gtw01 dnsmasq-dhcp[26586]: read /var/lib/neutron/dhcp/9aab787b-c685-40c7-a7f2-6ccf226f7963/opts
Mar 16 08:26:45 gtw01 kernel: [15417.581269] device tap53a35393-8c left promiscuous mode
Mar 16 08:26:48 gtw01 dnsmasq[26874]: started, version 2.78 cachesize 150
Mar 16 08:26:48 gtw01 dnsmasq[26874]: DNS service limited to local subnets
Mar 16 08:26:48 gtw01 dnsmasq[26874]: compile time options: IPv6 GNU-getopt DBus i18n IDN DHCP DHCPv6 no-Lua TFTP conntrack ipset auth DNSSEC loop-detect inotify
Mar 16 08:26:48 gtw01 dnsmasq[26874]: warning: no upstream servers configured
Mar 16 08:26:48 gtw01 dnsmasq-dhcp[26874]: DHCP, static leases only on 10.2.74.0, lease time 1h
Mar 16 08:26:48 gtw01 dnsmasq[26874]: read /var/lib/neutron/dhcp/e98c9db7-b3f8-4bcd-97ad-273095e0ded7/addn_hosts - 2 addresses
Mar 16 08:26:48 gtw01 dnsmasq-dhcp[26874]: read /var/lib/neutron/dhcp/e98c9db7-b3f8-4bcd-97ad-273095e0ded7/host
Mar 16 08:26:48 gtw01 dnsmasq-dhcp[26874]: read /var/lib/neutron/dhcp/e98c9db7-b3f8-4bcd-97ad-273095e0ded7/opts
Mar 16 08:26:56 gtw01 dnsmasq[24740]: read /var/lib/neutron/dhcp/9cfc8e15-7afc-423d-a7e4-d50966dcb6a9/addn_hosts - 2 addresses
Mar 16 08:26:56 gtw01 dnsmasq-dhcp[24740]: read /var/lib/neutron/dhcp/9cfc8e15-7afc-423d-a7e4-d50966dcb6a9/host
Mar 16 08:26:56 gtw01 dnsmasq-dhcp[24740]: read /var/lib/neutron/dhcp/9cfc8e15-7afc-423d-a7e4-d50966dcb6a9/opts
Mar 16 08:26:57 gtw01 kernel: [15429.753800] device tap7ebb21a9-4f left promiscuous mode
Mar 16 08:27:05 gtw01 dnsmasq[26874]: read /var/lib/neutron/dhcp/e98c9db7-b3f8-4bcd-97ad-273095e0ded7/addn_hosts - 2 addresses
Mar 16 08:27:05 gtw01 dnsmasq-dhcp[26874]: read /var/lib/neutron/dhcp/e98c9db7-b3f8-4bcd-97ad-273095e0ded7/host
Mar 16 08:27:05 gtw01 dnsmasq-dhcp[26874]: read /var/lib/neutron/dhcp/e98c9db7-b3f8-4bcd-97ad-273095e0ded7/opts
Mar 16 08:27:06 gtw01 kernel: [15438.911397] device tap6f39489c-16 left promiscuous mode
Mar 16 08:27:13 gtw01 dnsmasq[24923]: read /var/lib/neutron/dhcp/56cdb0fb-e613-4ed0-a212-4901df8418c9/addn_hosts - 2 addresses
Mar 16 08:27:13 gtw01 dnsmasq-dhcp[24923]: read /var/lib/neutron/dhcp/56cdb0fb-e613-4ed0-a212-4901df8418c9/host
Mar 16 08:27:13 gtw01 dnsmasq-dhcp[24923]: read /var/lib/neutron/dhcp/56cdb0fb-e613-4ed0-a212-4901df8418c9/opts
Mar 16 08:27:14 gtw01 kernel: [15447.383359] device tap634972c4-01 left promiscuous mode
Mar 16 08:31:19 gtw01 kernel: [15691.552295] device tapf80301ef-02 entered promiscuous mode
Mar 16 08:31:19 gtw01 systemd-udevd[26976]: Could not generate persistent MAC address for tapf80301ef-02: No such file or directory
Mar 16 08:31:22 gtw01 dnsmasq[27100]: started, version 2.78 cachesize 150
Mar 16 08:31:22 gtw01 dnsmasq[27100]: DNS service limited to local subnets
Mar 16 08:31:22 gtw01 dnsmasq[27100]: compile time options: IPv6 GNU-getopt DBus i18n IDN DHCP DHCPv6 no-Lua TFTP conntrack ipset auth DNSSEC loop-detect inotify
Mar 16 08:31:22 gtw01 dnsmasq[27100]: warning: no upstream servers configured
Mar 16 08:31:22 gtw01 dnsmasq-dhcp[27100]: DHCP, static leases only on 10.2.87.0, lease time 1h
Mar 16 08:31:22 gtw01 dnsmasq[27100]: read /var/lib/neutron/dhcp/7c502c95-37b9-4723-9b02-c7aae771b2b6/addn_hosts - 1 addresses
Mar 16 08:31:22 gtw01 dnsmasq-dhcp[27100]: read /var/lib/neutron/dhcp/7c502c95-37b9-4723-9b02-c7aae771b2b6/host
Mar 16 08:31:22 gtw01 dnsmasq-dhcp[27100]: read /var/lib/neutron/dhcp/7c502c95-37b9-4723-9b02-c7aae771b2b6/opts
Mar 16 08:31:22 gtw01 haproxy-metadata-proxy-7c502c95-37b9-4723-9b02-c7aae771b2b6[27104]: Proxy listener started.
Mar 16 08:31:23 gtw01 dnsmasq[27100]: read /var/lib/neutron/dhcp/7c502c95-37b9-4723-9b02-c7aae771b2b6/addn_hosts - 2 addresses
Mar 16 08:31:23 gtw01 dnsmasq-dhcp[27100]: read /var/lib/neutron/dhcp/7c502c95-37b9-4723-9b02-c7aae771b2b6/host
Mar 16 08:31:23 gtw01 dnsmasq-dhcp[27100]: read /var/lib/neutron/dhcp/7c502c95-37b9-4723-9b02-c7aae771b2b6/opts
Mar 16 08:31:24 gtw01 dnsmasq[27100]: read /var/lib/neutron/dhcp/7c502c95-37b9-4723-9b02-c7aae771b2b6/addn_hosts - 2 addresses
Mar 16 08:31:24 gtw01 dnsmasq-dhcp[27100]: read /var/lib/neutron/dhcp/7c502c95-37b9-4723-9b02-c7aae771b2b6/host
Mar 16 08:31:24 gtw01 dnsmasq-dhcp[27100]: read /var/lib/neutron/dhcp/7c502c95-37b9-4723-9b02-c7aae771b2b6/opts
Mar 16 08:31:24 gtw01 systemd-udevd[27153]: Could not generate persistent MAC address for tap8330de3c-d3: No such file or directory
Mar 16 08:31:24 gtw01 kernel: [15696.647493] device tap8330de3c-d3 entered promiscuous mode
Mar 16 08:31:27 gtw01 dnsmasq[27283]: started, version 2.78 cachesize 150
Mar 16 08:31:27 gtw01 dnsmasq[27283]: DNS service limited to local subnets
Mar 16 08:31:27 gtw01 dnsmasq[27283]: compile time options: IPv6 GNU-getopt DBus i18n IDN DHCP DHCPv6 no-Lua TFTP conntrack ipset auth DNSSEC loop-detect inotify
Mar 16 08:31:27 gtw01 dnsmasq[27283]: warning: no upstream servers configured
Mar 16 08:31:27 gtw01 dnsmasq-dhcp[27283]: DHCP, static leases only on 10.2.88.0, lease time 1h
Mar 16 08:31:27 gtw01 dnsmasq[27283]: read /var/lib/neutron/dhcp/2a754254-f45e-4c48-bc64-12f1f9876b59/addn_hosts - 1 addresses
Mar 16 08:31:27 gtw01 dnsmasq-dhcp[27283]: read /var/lib/neutron/dhcp/2a754254-f45e-4c48-bc64-12f1f9876b59/host
Mar 16 08:31:27 gtw01 dnsmasq-dhcp[27283]: read /var/lib/neutron/dhcp/2a754254-f45e-4c48-bc64-12f1f9876b59/opts
Mar 16 08:31:27 gtw01 haproxy-metadata-proxy-2a754254-f45e-4c48-bc64-12f1f9876b59[27287]: Proxy listener started.
Mar 16 08:31:28 gtw01 dnsmasq[27283]: read /var/lib/neutron/dhcp/2a754254-f45e-4c48-bc64-12f1f9876b59/addn_hosts - 2 addresses
Mar 16 08:31:28 gtw01 dnsmasq-dhcp[27283]: read /var/lib/neutron/dhcp/2a754254-f45e-4c48-bc64-12f1f9876b59/host
Mar 16 08:31:28 gtw01 dnsmasq-dhcp[27283]: read /var/lib/neutron/dhcp/2a754254-f45e-4c48-bc64-12f1f9876b59/opts
Mar 16 08:31:28 gtw01 kernel: [15701.323217] device tapfb40f3f5-81 entered promiscuous mode
Mar 16 08:31:28 gtw01 systemd-udevd[27328]: Could not generate persistent MAC address for tapfb40f3f5-81: No such file or directory
Mar 16 08:31:29 gtw01 dnsmasq[27283]: read /var/lib/neutron/dhcp/2a754254-f45e-4c48-bc64-12f1f9876b59/addn_hosts - 2 addresses
Mar 16 08:31:29 gtw01 dnsmasq-dhcp[27283]: read /var/lib/neutron/dhcp/2a754254-f45e-4c48-bc64-12f1f9876b59/host
Mar 16 08:31:29 gtw01 dnsmasq-dhcp[27283]: read /var/lib/neutron/dhcp/2a754254-f45e-4c48-bc64-12f1f9876b59/opts
Mar 16 08:31:31 gtw01 dnsmasq[27283]: read /var/lib/neutron/dhcp/2a754254-f45e-4c48-bc64-12f1f9876b59/addn_hosts - 3 addresses
Mar 16 08:31:31 gtw01 dnsmasq-dhcp[27283]: read /var/lib/neutron/dhcp/2a754254-f45e-4c48-bc64-12f1f9876b59/host
Mar 16 08:31:31 gtw01 dnsmasq-dhcp[27283]: read /var/lib/neutron/dhcp/2a754254-f45e-4c48-bc64-12f1f9876b59/opts
Mar 16 08:31:31 gtw01 dnsmasq[27100]: read /var/lib/neutron/dhcp/7c502c95-37b9-4723-9b02-c7aae771b2b6/addn_hosts - 3 addresses
Mar 16 08:31:31 gtw01 dnsmasq-dhcp[27100]: read /var/lib/neutron/dhcp/7c502c95-37b9-4723-9b02-c7aae771b2b6/host
Mar 16 08:31:31 gtw01 dnsmasq-dhcp[27100]: read /var/lib/neutron/dhcp/7c502c95-37b9-4723-9b02-c7aae771b2b6/opts
Mar 16 08:31:32 gtw01 dnsmasq[27503]: started, version 2.78 cachesize 150
Mar 16 08:31:32 gtw01 dnsmasq[27503]: DNS service limited to local subnets
Mar 16 08:31:32 gtw01 dnsmasq[27503]: compile time options: IPv6 GNU-getopt DBus i18n IDN DHCP DHCPv6 no-Lua TFTP conntrack ipset auth DNSSEC loop-detect inotify
Mar 16 08:31:32 gtw01 dnsmasq[27503]: warning: no upstream servers configured
Mar 16 08:31:32 gtw01 dnsmasq-dhcp[27503]: DHCP, static leases only on 10.2.89.0, lease time 1h
Mar 16 08:31:32 gtw01 dnsmasq[27503]: read /var/lib/neutron/dhcp/41d909d9-4eff-464f-9e97-b49e57ebb6db/addn_hosts - 1 addresses
Mar 16 08:31:32 gtw01 dnsmasq-dhcp[27503]: read /var/lib/neutron/dhcp/41d909d9-4eff-464f-9e97-b49e57ebb6db/host
Mar 16 08:31:32 gtw01 dnsmasq-dhcp[27503]: read /var/lib/neutron/dhcp/41d909d9-4eff-464f-9e97-b49e57ebb6db/opts
Mar 16 08:31:32 gtw01 dnsmasq[27283]: read /var/lib/neutron/dhcp/2a754254-f45e-4c48-bc64-12f1f9876b59/addn_hosts - 4 addresses
Mar 16 08:31:32 gtw01 dnsmasq-dhcp[27283]: read /var/lib/neutron/dhcp/2a754254-f45e-4c48-bc64-12f1f9876b59/host
Mar 16 08:31:32 gtw01 dnsmasq-dhcp[27283]: read /var/lib/neutron/dhcp/2a754254-f45e-4c48-bc64-12f1f9876b59/opts
Mar 16 08:31:32 gtw01 haproxy-metadata-proxy-41d909d9-4eff-464f-9e97-b49e57ebb6db[27511]: Proxy listener started.
Mar 16 08:31:32 gtw01 dnsmasq[27100]: read /var/lib/neutron/dhcp/7c502c95-37b9-4723-9b02-c7aae771b2b6/addn_hosts - 4 addresses
Mar 16 08:31:32 gtw01 dnsmasq-dhcp[27100]: read /var/lib/neutron/dhcp/7c502c95-37b9-4723-9b02-c7aae771b2b6/host
Mar 16 08:31:32 gtw01 dnsmasq-dhcp[27100]: read /var/lib/neutron/dhcp/7c502c95-37b9-4723-9b02-c7aae771b2b6/opts
Mar 16 08:31:33 gtw01 dnsmasq[27503]: read /var/lib/neutron/dhcp/41d909d9-4eff-464f-9e97-b49e57ebb6db/addn_hosts - 4 addresses
Mar 16 08:31:33 gtw01 dnsmasq-dhcp[27503]: read /var/lib/neutron/dhcp/41d909d9-4eff-464f-9e97-b49e57ebb6db/host
Mar 16 08:31:33 gtw01 dnsmasq-dhcp[27503]: read /var/lib/neutron/dhcp/41d909d9-4eff-464f-9e97-b49e57ebb6db/opts
Mar 16 08:31:33 gtw01 dnsmasq[27283]: read /var/lib/neutron/dhcp/2a754254-f45e-4c48-bc64-12f1f9876b59/addn_hosts - 5 addresses
Mar 16 08:31:33 gtw01 dnsmasq-dhcp[27283]: read /var/lib/neutron/dhcp/2a754254-f45e-4c48-bc64-12f1f9876b59/host
Mar 16 08:31:33 gtw01 dnsmasq-dhcp[27283]: read /var/lib/neutron/dhcp/2a754254-f45e-4c48-bc64-12f1f9876b59/opts
Mar 16 08:31:34 gtw01 dnsmasq[27503]: read /var/lib/neutron/dhcp/41d909d9-4eff-464f-9e97-b49e57ebb6db/addn_hosts - 4 addresses
Mar 16 08:31:34 gtw01 dnsmasq-dhcp[27503]: read /var/lib/neutron/dhcp/41d909d9-4eff-464f-9e97-b49e57ebb6db/host
Mar 16 08:31:34 gtw01 dnsmasq-dhcp[27503]: read /var/lib/neutron/dhcp/41d909d9-4eff-464f-9e97-b49e57ebb6db/opts
Mar 16 08:31:34 gtw01 dnsmasq[27283]: read /var/lib/neutron/dhcp/2a754254-f45e-4c48-bc64-12f1f9876b59/addn_hosts - 6 addresses
Mar 16 08:31:34 gtw01 dnsmasq-dhcp[27283]: read /var/lib/neutron/dhcp/2a754254-f45e-4c48-bc64-12f1f9876b59/host
Mar 16 08:31:34 gtw01 dnsmasq-dhcp[27283]: read /var/lib/neutron/dhcp/2a754254-f45e-4c48-bc64-12f1f9876b59/opts
Mar 16 08:31:34 gtw01 dnsmasq[27100]: read /var/lib/neutron/dhcp/7c502c95-37b9-4723-9b02-c7aae771b2b6/addn_hosts - 5 addresses
Mar 16 08:31:34 gtw01 dnsmasq-dhcp[27100]: read /var/lib/neutron/dhcp/7c502c95-37b9-4723-9b02-c7aae771b2b6/host
Mar 16 08:31:34 gtw01 dnsmasq-dhcp[27100]: read /var/lib/neutron/dhcp/7c502c95-37b9-4723-9b02-c7aae771b2b6/opts
Mar 16 08:31:35 gtw01 dnsmasq[27283]: read /var/lib/neutron/dhcp/2a754254-f45e-4c48-bc64-12f1f9876b59/addn_hosts - 7 addresses
Mar 16 08:31:35 gtw01 dnsmasq-dhcp[27283]: read /var/lib/neutron/dhcp/2a754254-f45e-4c48-bc64-12f1f9876b59/host
Mar 16 08:31:35 gtw01 dnsmasq-dhcp[27283]: read /var/lib/neutron/dhcp/2a754254-f45e-4c48-bc64-12f1f9876b59/opts
Mar 16 08:31:35 gtw01 dnsmasq[27100]: read /var/lib/neutron/dhcp/7c502c95-37b9-4723-9b02-c7aae771b2b6/addn_hosts - 6 addresses
Mar 16 08:31:35 gtw01 dnsmasq-dhcp[27100]: read /var/lib/neutron/dhcp/7c502c95-37b9-4723-9b02-c7aae771b2b6/host
Mar 16 08:31:35 gtw01 dnsmasq-dhcp[27100]: read /var/lib/neutron/dhcp/7c502c95-37b9-4723-9b02-c7aae771b2b6/opts
Mar 16 08:31:36 gtw01 dnsmasq[27283]: read /var/lib/neutron/dhcp/2a754254-f45e-4c48-bc64-12f1f9876b59/addn_hosts - 8 addresses
Mar 16 08:31:36 gtw01 dnsmasq-dhcp[27283]: read /var/lib/neutron/dhcp/2a754254-f45e-4c48-bc64-12f1f9876b59/host
Mar 16 08:31:36 gtw01 dnsmasq-dhcp[27283]: read /var/lib/neutron/dhcp/2a754254-f45e-4c48-bc64-12f1f9876b59/opts
Mar 16 08:31:36 gtw01 dnsmasq[27100]: read /var/lib/neutron/dhcp/7c502c95-37b9-4723-9b02-c7aae771b2b6/addn_hosts - 7 addresses
Mar 16 08:31:36 gtw01 dnsmasq-dhcp[27100]: read /var/lib/neutron/dhcp/7c502c95-37b9-4723-9b02-c7aae771b2b6/host
Mar 16 08:31:36 gtw01 dnsmasq-dhcp[27100]: read /var/lib/neutron/dhcp/7c502c95-37b9-4723-9b02-c7aae771b2b6/opts
Mar 16 08:31:37 gtw01 dnsmasq[27283]: read /var/lib/neutron/dhcp/2a754254-f45e-4c48-bc64-12f1f9876b59/addn_hosts - 9 addresses
Mar 16 08:31:37 gtw01 dnsmasq-dhcp[27283]: read /var/lib/neutron/dhcp/2a754254-f45e-4c48-bc64-12f1f9876b59/host
Mar 16 08:31:37 gtw01 dnsmasq-dhcp[27283]: read /var/lib/neutron/dhcp/2a754254-f45e-4c48-bc64-12f1f9876b59/opts
Mar 16 08:31:37 gtw01 dnsmasq[27100]: read /var/lib/neutron/dhcp/7c502c95-37b9-4723-9b02-c7aae771b2b6/addn_hosts - 8 addresses
Mar 16 08:31:37 gtw01 dnsmasq-dhcp[27100]: read /var/lib/neutron/dhcp/7c502c95-37b9-4723-9b02-c7aae771b2b6/host
Mar 16 08:31:37 gtw01 dnsmasq-dhcp[27100]: read /var/lib/neutron/dhcp/7c502c95-37b9-4723-9b02-c7aae771b2b6/opts
Mar 16 08:31:38 gtw01 dnsmasq[27283]: read /var/lib/neutron/dhcp/2a754254-f45e-4c48-bc64-12f1f9876b59/addn_hosts - 10 addresses
Mar 16 08:31:38 gtw01 dnsmasq-dhcp[27283]: read /var/lib/neutron/dhcp/2a754254-f45e-4c48-bc64-12f1f9876b59/host
Mar 16 08:31:38 gtw01 dnsmasq-dhcp[27283]: read /var/lib/neutron/dhcp/2a754254-f45e-4c48-bc64-12f1f9876b59/opts
Mar 16 08:31:38 gtw01 dnsmasq[27100]: read /var/lib/neutron/dhcp/7c502c95-37b9-4723-9b02-c7aae771b2b6/addn_hosts - 9 addresses
Mar 16 08:31:38 gtw01 dnsmasq-dhcp[27100]: read /var/lib/neutron/dhcp/7c502c95-37b9-4723-9b02-c7aae771b2b6/host
Mar 16 08:31:38 gtw01 dnsmasq-dhcp[27100]: read /var/lib/neutron/dhcp/7c502c95-37b9-4723-9b02-c7aae771b2b6/opts
Mar 16 08:31:39 gtw01 dnsmasq[27283]: read /var/lib/neutron/dhcp/2a754254-f45e-4c48-bc64-12f1f9876b59/addn_hosts - 11 addresses
Mar 16 08:31:39 gtw01 dnsmasq-dhcp[27283]: read /var/lib/neutron/dhcp/2a754254-f45e-4c48-bc64-12f1f9876b59/host
Mar 16 08:31:39 gtw01 dnsmasq-dhcp[27283]: read /var/lib/neutron/dhcp/2a754254-f45e-4c48-bc64-12f1f9876b59/opts
Mar 16 08:31:39 gtw01 dnsmasq[27100]: read /var/lib/neutron/dhcp/7c502c95-37b9-4723-9b02-c7aae771b2b6/addn_hosts - 10 addresses
Mar 16 08:31:39 gtw01 dnsmasq-dhcp[27100]: read /var/lib/neutron/dhcp/7c502c95-37b9-4723-9b02-c7aae771b2b6/host
Mar 16 08:31:39 gtw01 dnsmasq-dhcp[27100]: read /var/lib/neutron/dhcp/7c502c95-37b9-4723-9b02-c7aae771b2b6/opts
Mar 16 08:31:39 gtw01 dnsmasq[27283]: read /var/lib/neutron/dhcp/2a754254-f45e-4c48-bc64-12f1f9876b59/addn_hosts - 12 addresses
Mar 16 08:31:39 gtw01 dnsmasq-dhcp[27283]: read /var/lib/neutron/dhcp/2a754254-f45e-4c48-bc64-12f1f9876b59/host
Mar 16 08:31:39 gtw01 dnsmasq-dhcp[27283]: read /var/lib/neutron/dhcp/2a754254-f45e-4c48-bc64-12f1f9876b59/opts
Mar 16 08:31:53 gtw01 dnsmasq[27922]: started, version 2.78 cachesize 150
Mar 16 08:31:53 gtw01 dnsmasq[27922]: DNS service limited to local subnets
Mar 16 08:31:53 gtw01 dnsmasq[27922]: compile time options: IPv6 GNU-getopt DBus i18n IDN DHCP DHCPv6 no-Lua TFTP conntrack ipset auth DNSSEC loop-detect inotify
Mar 16 08:31:53 gtw01 dnsmasq[27922]: warning: no upstream servers configured
Mar 16 08:31:53 gtw01 dnsmasq-dhcp[27922]: DHCP, static leases only on 10.2.88.0, lease time 1h
Mar 16 08:31:53 gtw01 dnsmasq[27922]: read /var/lib/neutron/dhcp/2a754254-f45e-4c48-bc64-12f1f9876b59/addn_hosts - 12 addresses
Mar 16 08:31:53 gtw01 dnsmasq-dhcp[27922]: read /var/lib/neutron/dhcp/2a754254-f45e-4c48-bc64-12f1f9876b59/host
Mar 16 08:31:53 gtw01 dnsmasq-dhcp[27922]: read /var/lib/neutron/dhcp/2a754254-f45e-4c48-bc64-12f1f9876b59/opts
Mar 16 08:31:53 gtw01 dnsmasq[27927]: started, version 2.78 cachesize 150
Mar 16 08:31:53 gtw01 dnsmasq[27927]: DNS service limited to local subnets
Mar 16 08:31:53 gtw01 dnsmasq[27927]: compile time options: IPv6 GNU-getopt DBus i18n IDN DHCP DHCPv6 no-Lua TFTP conntrack ipset auth DNSSEC loop-detect inotify
Mar 16 08:31:53 gtw01 dnsmasq[27927]: warning: no upstream servers configured
Mar 16 08:31:53 gtw01 dnsmasq-dhcp[27927]: DHCP, static leases only on 10.2.87.0, lease time 1h
Mar 16 08:31:53 gtw01 dnsmasq[27927]: read /var/lib/neutron/dhcp/7c502c95-37b9-4723-9b02-c7aae771b2b6/addn_hosts - 10 addresses
Mar 16 08:31:53 gtw01 dnsmasq-dhcp[27927]: read /var/lib/neutron/dhcp/7c502c95-37b9-4723-9b02-c7aae771b2b6/host
Mar 16 08:31:53 gtw01 dnsmasq-dhcp[27927]: read /var/lib/neutron/dhcp/7c502c95-37b9-4723-9b02-c7aae771b2b6/opts
Mar 16 08:31:53 gtw01 dnsmasq[27930]: started, version 2.78 cachesize 150
Mar 16 08:31:53 gtw01 dnsmasq[27930]: DNS service limited to local subnets
Mar 16 08:31:53 gtw01 dnsmasq[27930]: compile time options: IPv6 GNU-getopt DBus i18n IDN DHCP DHCPv6 no-Lua TFTP conntrack ipset auth DNSSEC loop-detect inotify
Mar 16 08:31:53 gtw01 dnsmasq[27930]: warning: no upstream servers configured
Mar 16 08:31:53 gtw01 dnsmasq-dhcp[27930]: DHCP, static leases only on 10.2.89.0, lease time 1h
