Mar 16 06:07:49 gtw01 dnsmasq-dhcp[21349]: read /var/lib/neutron/dhcp/61f4f97b-dd89-411c-83a6-0aacb0cf4893/opts
Mar 16 06:07:50 gtw01 dnsmasq[27550]: read /var/lib/neutron/dhcp/a6ae36d1-ab58-4da9-83bd-db2f8ea8cbac/addn_hosts - 5 addresses
Mar 16 06:07:50 gtw01 dnsmasq-dhcp[27550]: read /var/lib/neutron/dhcp/a6ae36d1-ab58-4da9-83bd-db2f8ea8cbac/host
Mar 16 06:07:50 gtw01 dnsmasq-dhcp[27550]: read /var/lib/neutron/dhcp/a6ae36d1-ab58-4da9-83bd-db2f8ea8cbac/opts
Mar 16 06:07:50 gtw01 dnsmasq[21349]: read /var/lib/neutron/dhcp/61f4f97b-dd89-411c-83a6-0aacb0cf4893/addn_hosts - 4 addresses
Mar 16 06:07:50 gtw01 dnsmasq-dhcp[21349]: read /var/lib/neutron/dhcp/61f4f97b-dd89-411c-83a6-0aacb0cf4893/host
Mar 16 06:07:50 gtw01 dnsmasq-dhcp[21349]: read /var/lib/neutron/dhcp/61f4f97b-dd89-411c-83a6-0aacb0cf4893/opts
Mar 16 06:07:55 gtw01 dnsmasq[28901]: started, version 2.78 cachesize 150
Mar 16 06:07:55 gtw01 dnsmasq[28901]: DNS service limited to local subnets
Mar 16 06:07:55 gtw01 dnsmasq[28901]: compile time options: IPv6 GNU-getopt DBus i18n IDN DHCP DHCPv6 no-Lua TFTP conntrack ipset auth DNSSEC loop-detect inotify
Mar 16 06:07:55 gtw01 dnsmasq[28901]: warning: no upstream servers configured
Mar 16 06:07:55 gtw01 dnsmasq-dhcp[28901]: DHCP, static leases only on 192.168.120.0, lease time 1h
Mar 16 06:07:55 gtw01 dnsmasq[28901]: read /var/lib/neutron/dhcp/0005043a-b7f0-4699-a666-5531c45424a0/addn_hosts - 3 addresses
Mar 16 06:07:55 gtw01 dnsmasq-dhcp[28901]: read /var/lib/neutron/dhcp/0005043a-b7f0-4699-a666-5531c45424a0/host
Mar 16 06:07:55 gtw01 dnsmasq-dhcp[28901]: read /var/lib/neutron/dhcp/0005043a-b7f0-4699-a666-5531c45424a0/opts
Mar 16 06:07:56 gtw01 dnsmasq[27550]: read /var/lib/neutron/dhcp/a6ae36d1-ab58-4da9-83bd-db2f8ea8cbac/addn_hosts - 4 addresses
Mar 16 06:07:56 gtw01 dnsmasq-dhcp[27550]: read /var/lib/neutron/dhcp/a6ae36d1-ab58-4da9-83bd-db2f8ea8cbac/host
Mar 16 06:07:56 gtw01 dnsmasq-dhcp[27550]: read /var/lib/neutron/dhcp/a6ae36d1-ab58-4da9-83bd-db2f8ea8cbac/opts
Mar 16 06:07:58 gtw01 dnsmasq[27550]: read /var/lib/neutron/dhcp/a6ae36d1-ab58-4da9-83bd-db2f8ea8cbac/addn_hosts - 3 addresses
Mar 16 06:07:58 gtw01 dnsmasq-dhcp[27550]: read /var/lib/neutron/dhcp/a6ae36d1-ab58-4da9-83bd-db2f8ea8cbac/host
Mar 16 06:07:58 gtw01 dnsmasq-dhcp[27550]: read /var/lib/neutron/dhcp/a6ae36d1-ab58-4da9-83bd-db2f8ea8cbac/opts
Mar 16 06:07:59 gtw01 dnsmasq[21349]: read /var/lib/neutron/dhcp/61f4f97b-dd89-411c-83a6-0aacb0cf4893/addn_hosts - 5 addresses
Mar 16 06:07:59 gtw01 dnsmasq-dhcp[21349]: read /var/lib/neutron/dhcp/61f4f97b-dd89-411c-83a6-0aacb0cf4893/host
Mar 16 06:07:59 gtw01 dnsmasq-dhcp[21349]: read /var/lib/neutron/dhcp/61f4f97b-dd89-411c-83a6-0aacb0cf4893/opts
Mar 16 06:08:00 gtw01 dnsmasq[21349]: read /var/lib/neutron/dhcp/61f4f97b-dd89-411c-83a6-0aacb0cf4893/addn_hosts - 5 addresses
Mar 16 06:08:00 gtw01 dnsmasq-dhcp[28901]: DHCPDISCOVER(tap9626f7b2-c3) fa:16:3e:be:5e:cb
Mar 16 06:08:00 gtw01 dnsmasq-dhcp[28901]: DHCPOFFER(tap9626f7b2-c3) 192.168.120.6 fa:16:3e:be:5e:cb
Mar 16 06:08:00 gtw01 dnsmasq-dhcp[21349]: read /var/lib/neutron/dhcp/61f4f97b-dd89-411c-83a6-0aacb0cf4893/host
Mar 16 06:08:00 gtw01 dnsmasq-dhcp[21349]: read /var/lib/neutron/dhcp/61f4f97b-dd89-411c-83a6-0aacb0cf4893/opts
Mar 16 06:08:00 gtw01 dnsmasq-dhcp[28901]: DHCPREQUEST(tap9626f7b2-c3) 192.168.120.6 fa:16:3e:be:5e:cb
Mar 16 06:08:00 gtw01 dnsmasq-dhcp[28901]: DHCPACK(tap9626f7b2-c3) 192.168.120.6 fa:16:3e:be:5e:cb host-192-168-120-6
Mar 16 06:08:01 gtw01 dnsmasq[21349]: read /var/lib/neutron/dhcp/61f4f97b-dd89-411c-83a6-0aacb0cf4893/addn_hosts - 5 addresses
Mar 16 06:08:01 gtw01 dnsmasq-dhcp[21349]: read /var/lib/neutron/dhcp/61f4f97b-dd89-411c-83a6-0aacb0cf4893/host
Mar 16 06:08:01 gtw01 dnsmasq-dhcp[21349]: read /var/lib/neutron/dhcp/61f4f97b-dd89-411c-83a6-0aacb0cf4893/opts
Mar 16 06:08:02 gtw01 dnsmasq[27550]: read /var/lib/neutron/dhcp/a6ae36d1-ab58-4da9-83bd-db2f8ea8cbac/addn_hosts - 2 addresses
Mar 16 06:08:02 gtw01 dnsmasq-dhcp[27550]: read /var/lib/neutron/dhcp/a6ae36d1-ab58-4da9-83bd-db2f8ea8cbac/host
Mar 16 06:08:02 gtw01 dnsmasq-dhcp[27550]: read /var/lib/neutron/dhcp/a6ae36d1-ab58-4da9-83bd-db2f8ea8cbac/opts
Mar 16 06:08:02 gtw01 dnsmasq-dhcp[21349]: DHCPDISCOVER(tap4b184906-3a) fa:16:3e:61:51:49
Mar 16 06:08:02 gtw01 dnsmasq-dhcp[21349]: DHCPOFFER(tap4b184906-3a) 192.168.120.3 fa:16:3e:61:51:49
Mar 16 06:08:02 gtw01 dnsmasq-dhcp[21349]: DHCPREQUEST(tap4b184906-3a) 192.168.120.3 fa:16:3e:61:51:49
Mar 16 06:08:02 gtw01 dnsmasq-dhcp[21349]: DHCPACK(tap4b184906-3a) 192.168.120.3 fa:16:3e:61:51:49 host-192-168-120-3
Mar 16 06:08:05 gtw01 dnsmasq[27550]: read /var/lib/neutron/dhcp/a6ae36d1-ab58-4da9-83bd-db2f8ea8cbac/addn_hosts - 3 addresses
Mar 16 06:08:05 gtw01 dnsmasq-dhcp[27550]: read /var/lib/neutron/dhcp/a6ae36d1-ab58-4da9-83bd-db2f8ea8cbac/host
Mar 16 06:08:05 gtw01 dnsmasq-dhcp[27550]: read /var/lib/neutron/dhcp/a6ae36d1-ab58-4da9-83bd-db2f8ea8cbac/opts
Mar 16 06:08:08 gtw01 dnsmasq-dhcp[21349]: DHCPRELEASE(tap4b184906-3a) 192.168.120.3 fa:16:3e:61:51:49
Mar 16 06:08:09 gtw01 dnsmasq[21349]: read /var/lib/neutron/dhcp/61f4f97b-dd89-411c-83a6-0aacb0cf4893/addn_hosts - 6 addresses
Mar 16 06:08:09 gtw01 dnsmasq-dhcp[21349]: read /var/lib/neutron/dhcp/61f4f97b-dd89-411c-83a6-0aacb0cf4893/host
Mar 16 06:08:09 gtw01 dnsmasq-dhcp[21349]: read /var/lib/neutron/dhcp/61f4f97b-dd89-411c-83a6-0aacb0cf4893/opts
Mar 16 06:08:10 gtw01 dnsmasq[21349]: read /var/lib/neutron/dhcp/61f4f97b-dd89-411c-83a6-0aacb0cf4893/addn_hosts - 5 addresses
Mar 16 06:08:10 gtw01 dnsmasq-dhcp[21349]: read /var/lib/neutron/dhcp/61f4f97b-dd89-411c-83a6-0aacb0cf4893/host
Mar 16 06:08:10 gtw01 dnsmasq-dhcp[21349]: read /var/lib/neutron/dhcp/61f4f97b-dd89-411c-83a6-0aacb0cf4893/opts
Mar 16 06:08:10 gtw01 dnsmasq[21349]: read /var/lib/neutron/dhcp/61f4f97b-dd89-411c-83a6-0aacb0cf4893/addn_hosts - 5 addresses
Mar 16 06:08:10 gtw01 dnsmasq-dhcp[21349]: read /var/lib/neutron/dhcp/61f4f97b-dd89-411c-83a6-0aacb0cf4893/host
Mar 16 06:08:10 gtw01 dnsmasq-dhcp[21349]: read /var/lib/neutron/dhcp/61f4f97b-dd89-411c-83a6-0aacb0cf4893/opts
Mar 16 06:08:11 gtw01 dnsmasq-dhcp[28901]: DHCPRELEASE(tap9626f7b2-c3) 192.168.120.6 fa:16:3e:be:5e:cb
Mar 16 06:08:11 gtw01 dnsmasq-dhcp[28901]: DHCPRELEASE(tap9626f7b2-c3) 192.168.120.6 fa:16:3e:be:5e:cb unknown lease
Mar 16 06:08:11 gtw01 dnsmasq[21349]: read /var/lib/neutron/dhcp/61f4f97b-dd89-411c-83a6-0aacb0cf4893/addn_hosts - 5 addresses
Mar 16 06:08:11 gtw01 dnsmasq-dhcp[21349]: read /var/lib/neutron/dhcp/61f4f97b-dd89-411c-83a6-0aacb0cf4893/host
Mar 16 06:08:11 gtw01 dnsmasq-dhcp[21349]: read /var/lib/neutron/dhcp/61f4f97b-dd89-411c-83a6-0aacb0cf4893/opts
Mar 16 06:08:12 gtw01 dnsmasq[28901]: read /var/lib/neutron/dhcp/0005043a-b7f0-4699-a666-5531c45424a0/addn_hosts - 2 addresses
Mar 16 06:08:12 gtw01 dnsmasq-dhcp[28901]: read /var/lib/neutron/dhcp/0005043a-b7f0-4699-a666-5531c45424a0/host
Mar 16 06:08:12 gtw01 dnsmasq-dhcp[28901]: read /var/lib/neutron/dhcp/0005043a-b7f0-4699-a666-5531c45424a0/opts
Mar 16 06:08:12 gtw01 dnsmasq[21349]: read /var/lib/neutron/dhcp/61f4f97b-dd89-411c-83a6-0aacb0cf4893/addn_hosts - 4 addresses
Mar 16 06:08:12 gtw01 dnsmasq-dhcp[21349]: read /var/lib/neutron/dhcp/61f4f97b-dd89-411c-83a6-0aacb0cf4893/host
Mar 16 06:08:12 gtw01 dnsmasq-dhcp[21349]: read /var/lib/neutron/dhcp/61f4f97b-dd89-411c-83a6-0aacb0cf4893/opts
Mar 16 06:08:13 gtw01 dnsmasq[27550]: read /var/lib/neutron/dhcp/a6ae36d1-ab58-4da9-83bd-db2f8ea8cbac/addn_hosts - 4 addresses
Mar 16 06:08:13 gtw01 dnsmasq-dhcp[27550]: read /var/lib/neutron/dhcp/a6ae36d1-ab58-4da9-83bd-db2f8ea8cbac/host
Mar 16 06:08:13 gtw01 dnsmasq-dhcp[27550]: read /var/lib/neutron/dhcp/a6ae36d1-ab58-4da9-83bd-db2f8ea8cbac/opts
Mar 16 06:08:15 gtw01 dnsmasq[27550]: read /var/lib/neutron/dhcp/a6ae36d1-ab58-4da9-83bd-db2f8ea8cbac/addn_hosts - 4 addresses
Mar 16 06:08:15 gtw01 dnsmasq-dhcp[27550]: read /var/lib/neutron/dhcp/a6ae36d1-ab58-4da9-83bd-db2f8ea8cbac/host
Mar 16 06:08:15 gtw01 dnsmasq-dhcp[27550]: read /var/lib/neutron/dhcp/a6ae36d1-ab58-4da9-83bd-db2f8ea8cbac/opts
Mar 16 06:08:15 gtw01 dnsmasq[27550]: read /var/lib/neutron/dhcp/a6ae36d1-ab58-4da9-83bd-db2f8ea8cbac/addn_hosts - 4 addresses
Mar 16 06:08:15 gtw01 dnsmasq-dhcp[27550]: read /var/lib/neutron/dhcp/a6ae36d1-ab58-4da9-83bd-db2f8ea8cbac/host
Mar 16 06:08:15 gtw01 dnsmasq-dhcp[27550]: read /var/lib/neutron/dhcp/a6ae36d1-ab58-4da9-83bd-db2f8ea8cbac/opts
Mar 16 06:08:16 gtw01 dnsmasq-dhcp[28901]: DHCPRELEASE(tap9626f7b2-c3) 192.168.120.1 fa:16:3e:c9:9b:74
Mar 16 06:08:17 gtw01 dnsmasq[28901]: read /var/lib/neutron/dhcp/0005043a-b7f0-4699-a666-5531c45424a0/addn_hosts - 1 addresses
Mar 16 06:08:17 gtw01 dnsmasq-dhcp[28901]: read /var/lib/neutron/dhcp/0005043a-b7f0-4699-a666-5531c45424a0/host
Mar 16 06:08:17 gtw01 dnsmasq-dhcp[28901]: read /var/lib/neutron/dhcp/0005043a-b7f0-4699-a666-5531c45424a0/opts
Mar 16 06:08:18 gtw01 dnsmasq[21349]: read /var/lib/neutron/dhcp/61f4f97b-dd89-411c-83a6-0aacb0cf4893/addn_hosts - 3 addresses
Mar 16 06:08:18 gtw01 dnsmasq-dhcp[21349]: read /var/lib/neutron/dhcp/61f4f97b-dd89-411c-83a6-0aacb0cf4893/host
Mar 16 06:08:18 gtw01 dnsmasq-dhcp[21349]: read /var/lib/neutron/dhcp/61f4f97b-dd89-411c-83a6-0aacb0cf4893/opts
Mar 16 06:08:19 gtw01 dnsmasq[21349]: read /var/lib/neutron/dhcp/61f4f97b-dd89-411c-83a6-0aacb0cf4893/addn_hosts - 4 addresses
Mar 16 06:08:19 gtw01 dnsmasq-dhcp[21349]: read /var/lib/neutron/dhcp/61f4f97b-dd89-411c-83a6-0aacb0cf4893/host
Mar 16 06:08:19 gtw01 dnsmasq-dhcp[21349]: read /var/lib/neutron/dhcp/61f4f97b-dd89-411c-83a6-0aacb0cf4893/opts
Mar 16 06:08:20 gtw01 dnsmasq[21349]: read /var/lib/neutron/dhcp/61f4f97b-dd89-411c-83a6-0aacb0cf4893/addn_hosts - 4 addresses
Mar 16 06:08:20 gtw01 dnsmasq-dhcp[21349]: read /var/lib/neutron/dhcp/61f4f97b-dd89-411c-83a6-0aacb0cf4893/host
Mar 16 06:08:20 gtw01 dnsmasq-dhcp[21349]: read /var/lib/neutron/dhcp/61f4f97b-dd89-411c-83a6-0aacb0cf4893/opts
Mar 16 06:08:21 gtw01 dnsmasq[21349]: read /var/lib/neutron/dhcp/61f4f97b-dd89-411c-83a6-0aacb0cf4893/addn_hosts - 4 addresses
Mar 16 06:08:21 gtw01 dnsmasq-dhcp[21349]: read /var/lib/neutron/dhcp/61f4f97b-dd89-411c-83a6-0aacb0cf4893/host
Mar 16 06:08:21 gtw01 dnsmasq-dhcp[21349]: read /var/lib/neutron/dhcp/61f4f97b-dd89-411c-83a6-0aacb0cf4893/opts
Mar 16 06:08:22 gtw01 kernel: [ 7114.623469] device tap9626f7b2-c3 left promiscuous mode
Mar 16 06:08:23 gtw01 dnsmasq[21349]: read /var/lib/neutron/dhcp/61f4f97b-dd89-411c-83a6-0aacb0cf4893/addn_hosts - 5 addresses
Mar 16 06:08:23 gtw01 dnsmasq-dhcp[21349]: read /var/lib/neutron/dhcp/61f4f97b-dd89-411c-83a6-0aacb0cf4893/host
Mar 16 06:08:23 gtw01 dnsmasq-dhcp[21349]: read /var/lib/neutron/dhcp/61f4f97b-dd89-411c-83a6-0aacb0cf4893/opts
Mar 16 06:08:25 gtw01 dnsmasq[21349]: read /var/lib/neutron/dhcp/61f4f97b-dd89-411c-83a6-0aacb0cf4893/addn_hosts - 5 addresses
Mar 16 06:08:25 gtw01 dnsmasq-dhcp[21349]: read /var/lib/neutron/dhcp/61f4f97b-dd89-411c-83a6-0aacb0cf4893/host
Mar 16 06:08:25 gtw01 dnsmasq-dhcp[21349]: read /var/lib/neutron/dhcp/61f4f97b-dd89-411c-83a6-0aacb0cf4893/opts
Mar 16 06:08:26 gtw01 dnsmasq[21349]: read /var/lib/neutron/dhcp/61f4f97b-dd89-411c-83a6-0aacb0cf4893/addn_hosts - 5 addresses
Mar 16 06:08:26 gtw01 dnsmasq-dhcp[21349]: read /var/lib/neutron/dhcp/61f4f97b-dd89-411c-83a6-0aacb0cf4893/host
Mar 16 06:08:26 gtw01 dnsmasq-dhcp[21349]: read /var/lib/neutron/dhcp/61f4f97b-dd89-411c-83a6-0aacb0cf4893/opts
Mar 16 06:08:29 gtw01 dnsmasq[21349]: read /var/lib/neutron/dhcp/61f4f97b-dd89-411c-83a6-0aacb0cf4893/addn_hosts - 4 addresses
Mar 16 06:08:29 gtw01 dnsmasq-dhcp[21349]: read /var/lib/neutron/dhcp/61f4f97b-dd89-411c-83a6-0aacb0cf4893/host
Mar 16 06:08:29 gtw01 dnsmasq-dhcp[21349]: read /var/lib/neutron/dhcp/61f4f97b-dd89-411c-83a6-0aacb0cf4893/opts
Mar 16 06:08:29 gtw01 dnsmasq[27550]: read /var/lib/neutron/dhcp/a6ae36d1-ab58-4da9-83bd-db2f8ea8cbac/addn_hosts - 5 addresses
Mar 16 06:08:29 gtw01 dnsmasq-dhcp[27550]: read /var/lib/neutron/dhcp/a6ae36d1-ab58-4da9-83bd-db2f8ea8cbac/host
Mar 16 06:08:29 gtw01 dnsmasq-dhcp[27550]: read /var/lib/neutron/dhcp/a6ae36d1-ab58-4da9-83bd-db2f8ea8cbac/opts
Mar 16 06:08:30 gtw01 dnsmasq[27550]: read /var/lib/neutron/dhcp/a6ae36d1-ab58-4da9-83bd-db2f8ea8cbac/addn_hosts - 5 addresses
Mar 16 06:08:30 gtw01 dnsmasq-dhcp[27550]: read /var/lib/neutron/dhcp/a6ae36d1-ab58-4da9-83bd-db2f8ea8cbac/host
Mar 16 06:08:30 gtw01 dnsmasq-dhcp[27550]: read /var/lib/neutron/dhcp/a6ae36d1-ab58-4da9-83bd-db2f8ea8cbac/opts
Mar 16 06:08:30 gtw01 dnsmasq-dhcp[27550]: DHCPDISCOVER(tapfa9576de-e1) fa:16:3e:71:6a:e5
Mar 16 06:08:30 gtw01 dnsmasq-dhcp[27550]: DHCPOFFER(tapfa9576de-e1) 192.168.120.4 fa:16:3e:71:6a:e5
Mar 16 06:08:30 gtw01 dnsmasq-dhcp[27550]: DHCPREQUEST(tapfa9576de-e1) 192.168.120.4 fa:16:3e:71:6a:e5
Mar 16 06:08:30 gtw01 dnsmasq-dhcp[27550]: DHCPACK(tapfa9576de-e1) 192.168.120.4 fa:16:3e:71:6a:e5 host-192-168-120-4
Mar 16 06:08:31 gtw01 dnsmasq[27550]: read /var/lib/neutron/dhcp/a6ae36d1-ab58-4da9-83bd-db2f8ea8cbac/addn_hosts - 5 addresses
Mar 16 06:08:31 gtw01 dnsmasq-dhcp[27550]: read /var/lib/neutron/dhcp/a6ae36d1-ab58-4da9-83bd-db2f8ea8cbac/host
Mar 16 06:08:31 gtw01 dnsmasq-dhcp[27550]: read /var/lib/neutron/dhcp/a6ae36d1-ab58-4da9-83bd-db2f8ea8cbac/opts
Mar 16 06:08:32 gtw01 kernel: [ 7124.749385] device tap476b6598-32 entered promiscuous mode
Mar 16 06:08:32 gtw01 systemd-udevd[29396]: Could not generate persistent MAC address for tap476b6598-32: No such file or directory
Mar 16 06:08:34 gtw01 dnsmasq[21349]: read /var/lib/neutron/dhcp/61f4f97b-dd89-411c-83a6-0aacb0cf4893/addn_hosts - 5 addresses
Mar 16 06:08:34 gtw01 dnsmasq-dhcp[21349]: read /var/lib/neutron/dhcp/61f4f97b-dd89-411c-83a6-0aacb0cf4893/host
Mar 16 06:08:34 gtw01 dnsmasq-dhcp[21349]: read /var/lib/neutron/dhcp/61f4f97b-dd89-411c-83a6-0aacb0cf4893/opts
Mar 16 06:08:35 gtw01 dnsmasq[21349]: read /var/lib/neutron/dhcp/61f4f97b-dd89-411c-83a6-0aacb0cf4893/addn_hosts - 5 addresses
Mar 16 06:08:35 gtw01 dnsmasq-dhcp[21349]: read /var/lib/neutron/dhcp/61f4f97b-dd89-411c-83a6-0aacb0cf4893/host
Mar 16 06:08:35 gtw01 dnsmasq-dhcp[21349]: read /var/lib/neutron/dhcp/61f4f97b-dd89-411c-83a6-0aacb0cf4893/opts
Mar 16 06:08:35 gtw01 dnsmasq[29547]: started, version 2.78 cachesize 150
Mar 16 06:08:35 gtw01 dnsmasq[29547]: DNS service limited to local subnets
Mar 16 06:08:35 gtw01 dnsmasq[29547]: compile time options: IPv6 GNU-getopt DBus i18n IDN DHCP DHCPv6 no-Lua TFTP conntrack ipset auth DNSSEC loop-detect inotify
Mar 16 06:08:35 gtw01 dnsmasq[29547]: warning: no upstream servers configured
Mar 16 06:08:35 gtw01 dnsmasq-dhcp[29547]: DHCP, static leases only on 192.168.120.0, lease time 1h
Mar 16 06:08:35 gtw01 dnsmasq[29547]: read /var/lib/neutron/dhcp/91c1227c-de60-412b-99b8-58c9a83ae11d/addn_hosts - 1 addresses
Mar 16 06:08:35 gtw01 dnsmasq-dhcp[29547]: read /var/lib/neutron/dhcp/91c1227c-de60-412b-99b8-58c9a83ae11d/host
Mar 16 06:08:35 gtw01 dnsmasq-dhcp[29547]: read /var/lib/neutron/dhcp/91c1227c-de60-412b-99b8-58c9a83ae11d/opts
Mar 16 06:08:35 gtw01 haproxy-metadata-proxy-91c1227c-de60-412b-99b8-58c9a83ae11d[29554]: Proxy listener started.
Mar 16 06:08:36 gtw01 dnsmasq[21349]: read /var/lib/neutron/dhcp/61f4f97b-dd89-411c-83a6-0aacb0cf4893/addn_hosts - 5 addresses
Mar 16 06:08:36 gtw01 dnsmasq-dhcp[21349]: read /var/lib/neutron/dhcp/61f4f97b-dd89-411c-83a6-0aacb0cf4893/host
Mar 16 06:08:36 gtw01 dnsmasq-dhcp[21349]: read /var/lib/neutron/dhcp/61f4f97b-dd89-411c-83a6-0aacb0cf4893/opts
Mar 16 06:08:36 gtw01 dnsmasq[29547]: read /var/lib/neutron/dhcp/91c1227c-de60-412b-99b8-58c9a83ae11d/addn_hosts - 2 addresses
Mar 16 06:08:36 gtw01 dnsmasq-dhcp[29547]: read /var/lib/neutron/dhcp/91c1227c-de60-412b-99b8-58c9a83ae11d/host
Mar 16 06:08:36 gtw01 dnsmasq-dhcp[29547]: read /var/lib/neutron/dhcp/91c1227c-de60-412b-99b8-58c9a83ae11d/opts
Mar 16 06:08:37 gtw01 dnsmasq[29547]: read /var/lib/neutron/dhcp/91c1227c-de60-412b-99b8-58c9a83ae11d/addn_hosts - 2 addresses
Mar 16 06:08:37 gtw01 dnsmasq-dhcp[29547]: read /var/lib/neutron/dhcp/91c1227c-de60-412b-99b8-58c9a83ae11d/host
Mar 16 06:08:37 gtw01 dnsmasq-dhcp[29547]: read /var/lib/neutron/dhcp/91c1227c-de60-412b-99b8-58c9a83ae11d/opts
Mar 16 06:08:41 gtw01 dnsmasq[29547]: read /var/lib/neutron/dhcp/91c1227c-de60-412b-99b8-58c9a83ae11d/addn_hosts - 3 addresses
Mar 16 06:08:41 gtw01 dnsmasq-dhcp[29547]: read /var/lib/neutron/dhcp/91c1227c-de60-412b-99b8-58c9a83ae11d/host
Mar 16 06:08:41 gtw01 dnsmasq-dhcp[29547]: read /var/lib/neutron/dhcp/91c1227c-de60-412b-99b8-58c9a83ae11d/opts
Mar 16 06:08:42 gtw01 dnsmasq[21349]: read /var/lib/neutron/dhcp/61f4f97b-dd89-411c-83a6-0aacb0cf4893/addn_hosts - 4 addresses
Mar 16 06:08:42 gtw01 dnsmasq-dhcp[21349]: read /var/lib/neutron/dhcp/61f4f97b-dd89-411c-83a6-0aacb0cf4893/host
Mar 16 06:08:42 gtw01 dnsmasq-dhcp[21349]: read /var/lib/neutron/dhcp/61f4f97b-dd89-411c-83a6-0aacb0cf4893/opts
Mar 16 06:08:42 gtw01 dnsmasq[29547]: read /var/lib/neutron/dhcp/91c1227c-de60-412b-99b8-58c9a83ae11d/addn_hosts - 3 addresses
Mar 16 06:08:42 gtw01 dnsmasq-dhcp[29547]: read /var/lib/neutron/dhcp/91c1227c-de60-412b-99b8-58c9a83ae11d/host
Mar 16 06:08:42 gtw01 dnsmasq-dhcp[29547]: read /var/lib/neutron/dhcp/91c1227c-de60-412b-99b8-58c9a83ae11d/opts
Mar 16 06:08:43 gtw01 dnsmasq[29547]: read /var/lib/neutron/dhcp/91c1227c-de60-412b-99b8-58c9a83ae11d/addn_hosts - 3 addresses
Mar 16 06:08:43 gtw01 dnsmasq-dhcp[29547]: read /var/lib/neutron/dhcp/91c1227c-de60-412b-99b8-58c9a83ae11d/host
Mar 16 06:08:43 gtw01 dnsmasq-dhcp[29547]: read /var/lib/neutron/dhcp/91c1227c-de60-412b-99b8-58c9a83ae11d/opts
Mar 16 06:08:45 gtw01 dnsmasq-dhcp[27550]: DHCPDISCOVER(tapfa9576de-e1) fa:16:3e:a3:92:f0
Mar 16 06:08:45 gtw01 dnsmasq-dhcp[27550]: DHCPOFFER(tapfa9576de-e1) 192.168.120.5 fa:16:3e:a3:92:f0
Mar 16 06:08:45 gtw01 dnsmasq-dhcp[27550]: DHCPREQUEST(tapfa9576de-e1) 192.168.120.5 fa:16:3e:a3:92:f0
Mar 16 06:08:45 gtw01 dnsmasq-dhcp[27550]: DHCPACK(tapfa9576de-e1) 192.168.120.5 fa:16:3e:a3:92:f0 host-192-168-120-5
Mar 16 06:08:48 gtw01 dnsmasq-dhcp[21349]: DHCPDISCOVER(tap4b184906-3a) fa:16:3e:fe:f6:03
Mar 16 06:08:48 gtw01 dnsmasq-dhcp[21349]: DHCPOFFER(tap4b184906-3a) 192.168.120.7 fa:16:3e:fe:f6:03
Mar 16 06:08:48 gtw01 dnsmasq-dhcp[21349]: DHCPREQUEST(tap4b184906-3a) 192.168.120.7 fa:16:3e:fe:f6:03
Mar 16 06:08:48 gtw01 dnsmasq-dhcp[21349]: DHCPACK(tap4b184906-3a) 192.168.120.7 fa:16:3e:fe:f6:03 host-192-168-120-7
Mar 16 06:08:49 gtw01 dnsmasq-dhcp[21349]: DHCPRELEASE(tap4b184906-3a) 192.168.120.7 fa:16:3e:fe:f6:03
Mar 16 06:08:49 gtw01 dnsmasq-dhcp[27550]: DHCPRELEASE(tapfa9576de-e1) 192.168.120.4 fa:16:3e:71:6a:e5
Mar 16 06:08:50 gtw01 dnsmasq-dhcp[27550]: DHCPRELEASE(tapfa9576de-e1) 192.168.120.5 fa:16:3e:a3:92:f0
Mar 16 06:08:50 gtw01 dnsmasq[21349]: read /var/lib/neutron/dhcp/61f4f97b-dd89-411c-83a6-0aacb0cf4893/addn_hosts - 5 addresses
Mar 16 06:08:50 gtw01 dnsmasq-dhcp[21349]: read /var/lib/neutron/dhcp/61f4f97b-dd89-411c-83a6-0aacb0cf4893/host
Mar 16 06:08:50 gtw01 dnsmasq-dhcp[21349]: read /var/lib/neutron/dhcp/61f4f97b-dd89-411c-83a6-0aacb0cf4893/opts
Mar 16 06:08:50 gtw01 dnsmasq[27550]: read /var/lib/neutron/dhcp/a6ae36d1-ab58-4da9-83bd-db2f8ea8cbac/addn_hosts - 5 addresses
Mar 16 06:08:50 gtw01 dnsmasq-dhcp[27550]: read /var/lib/neutron/dhcp/a6ae36d1-ab58-4da9-83bd-db2f8ea8cbac/host
Mar 16 06:08:50 gtw01 dnsmasq-dhcp[27550]: read /var/lib/neutron/dhcp/a6ae36d1-ab58-4da9-83bd-db2f8ea8cbac/opts
Mar 16 06:08:51 gtw01 dnsmasq[21349]: read /var/lib/neutron/dhcp/61f4f97b-dd89-411c-83a6-0aacb0cf4893/addn_hosts - 5 addresses
Mar 16 06:08:51 gtw01 dnsmasq-dhcp[21349]: read /var/lib/neutron/dhcp/61f4f97b-dd89-411c-83a6-0aacb0cf4893/host
Mar 16 06:08:51 gtw01 dnsmasq-dhcp[21349]: read /var/lib/neutron/dhcp/61f4f97b-dd89-411c-83a6-0aacb0cf4893/opts
Mar 16 06:08:51 gtw01 dnsmasq[27550]: read /var/lib/neutron/dhcp/a6ae36d1-ab58-4da9-83bd-db2f8ea8cbac/addn_hosts - 5 addresses
Mar 16 06:08:51 gtw01 dnsmasq-dhcp[27550]: read /var/lib/neutron/dhcp/a6ae36d1-ab58-4da9-83bd-db2f8ea8cbac/host
Mar 16 06:08:51 gtw01 dnsmasq-dhcp[27550]: read /var/lib/neutron/dhcp/a6ae36d1-ab58-4da9-83bd-db2f8ea8cbac/opts
Mar 16 06:08:52 gtw01 dnsmasq[21349]: read /var/lib/neutron/dhcp/61f4f97b-dd89-411c-83a6-0aacb0cf4893/addn_hosts - 5 addresses
Mar 16 06:08:52 gtw01 dnsmasq-dhcp[21349]: read /var/lib/neutron/dhcp/61f4f97b-dd89-411c-83a6-0aacb0cf4893/host
Mar 16 06:08:52 gtw01 dnsmasq-dhcp[21349]: read /var/lib/neutron/dhcp/61f4f97b-dd89-411c-83a6-0aacb0cf4893/opts
Mar 16 06:08:54 gtw01 dnsmasq[27550]: read /var/lib/neutron/dhcp/a6ae36d1-ab58-4da9-83bd-db2f8ea8cbac/addn_hosts - 5 addresses
Mar 16 06:08:54 gtw01 dnsmasq-dhcp[27550]: read /var/lib/neutron/dhcp/a6ae36d1-ab58-4da9-83bd-db2f8ea8cbac/host
Mar 16 06:08:54 gtw01 dnsmasq-dhcp[27550]: read /var/lib/neutron/dhcp/a6ae36d1-ab58-4da9-83bd-db2f8ea8cbac/opts
Mar 16 06:08:58 gtw01 dnsmasq[29820]: started, version 2.78 cachesize 150
Mar 16 06:08:58 gtw01 dnsmasq[29820]: DNS service limited to local subnets
Mar 16 06:08:58 gtw01 dnsmasq[29820]: compile time options: IPv6 GNU-getopt DBus i18n IDN DHCP DHCPv6 no-Lua TFTP conntrack ipset auth DNSSEC loop-detect inotify
Mar 16 06:08:58 gtw01 dnsmasq[29820]: warning: no upstream servers configured
Mar 16 06:08:58 gtw01 dnsmasq-dhcp[29820]: DHCP, static leases only on 192.168.120.0, lease time 1h
Mar 16 06:08:58 gtw01 dnsmasq[29820]: read /var/lib/neutron/dhcp/91c1227c-de60-412b-99b8-58c9a83ae11d/addn_hosts - 3 addresses
Mar 16 06:08:58 gtw01 dnsmasq-dhcp[29820]: read /var/lib/neutron/dhcp/91c1227c-de60-412b-99b8-58c9a83ae11d/host
Mar 16 06:08:58 gtw01 dnsmasq-dhcp[29820]: read /var/lib/neutron/dhcp/91c1227c-de60-412b-99b8-58c9a83ae11d/opts
Mar 16 06:08:58 gtw01 dnsmasq[21349]: read /var/lib/neutron/dhcp/61f4f97b-dd89-411c-83a6-0aacb0cf4893/addn_hosts - 4 addresses
Mar 16 06:08:58 gtw01 dnsmasq-dhcp[21349]: read /var/lib/neutron/dhcp/61f4f97b-dd89-411c-83a6-0aacb0cf4893/host
Mar 16 06:08:58 gtw01 dnsmasq-dhcp[21349]: read /var/lib/neutron/dhcp/61f4f97b-dd89-411c-83a6-0aacb0cf4893/opts
Mar 16 06:08:58 gtw01 dnsmasq[27550]: read /var/lib/neutron/dhcp/a6ae36d1-ab58-4da9-83bd-db2f8ea8cbac/addn_hosts - 5 addresses
Mar 16 06:08:58 gtw01 dnsmasq-dhcp[27550]: read /var/lib/neutron/dhcp/a6ae36d1-ab58-4da9-83bd-db2f8ea8cbac/host
Mar 16 06:08:58 gtw01 dnsmasq-dhcp[27550]: read /var/lib/neutron/dhcp/a6ae36d1-ab58-4da9-83bd-db2f8ea8cbac/opts
Mar 16 06:08:59 gtw01 dnsmasq[27550]: read /var/lib/neutron/dhcp/a6ae36d1-ab58-4da9-83bd-db2f8ea8cbac/addn_hosts - 5 addresses
Mar 16 06:08:59 gtw01 dnsmasq-dhcp[27550]: read /var/lib/neutron/dhcp/a6ae36d1-ab58-4da9-83bd-db2f8ea8cbac/host
Mar 16 06:08:59 gtw01 dnsmasq-dhcp[27550]: read /var/lib/neutron/dhcp/a6ae36d1-ab58-4da9-83bd-db2f8ea8cbac/opts
Mar 16 06:09:00 gtw01 dnsmasq[21349]: read /var/lib/neutron/dhcp/61f4f97b-dd89-411c-83a6-0aacb0cf4893/addn_hosts - 3 addresses
Mar 16 06:09:00 gtw01 dnsmasq-dhcp[21349]: read /var/lib/neutron/dhcp/61f4f97b-dd89-411c-83a6-0aacb0cf4893/host
Mar 16 06:09:00 gtw01 dnsmasq-dhcp[21349]: read /var/lib/neutron/dhcp/61f4f97b-dd89-411c-83a6-0aacb0cf4893/opts
Mar 16 06:09:00 gtw01 dnsmasq[21349]: read /var/lib/neutron/dhcp/61f4f97b-dd89-411c-83a6-0aacb0cf4893/addn_hosts - 2 addresses
Mar 16 06:09:00 gtw01 dnsmasq-dhcp[21349]: read /var/lib/neutron/dhcp/61f4f97b-dd89-411c-83a6-0aacb0cf4893/host
Mar 16 06:09:00 gtw01 dnsmasq-dhcp[21349]: read /var/lib/neutron/dhcp/61f4f97b-dd89-411c-83a6-0aacb0cf4893/opts
Mar 16 06:09:01 gtw01 dnsmasq[27550]: read /var/lib/neutron/dhcp/a6ae36d1-ab58-4da9-83bd-db2f8ea8cbac/addn_hosts - 5 addresses
Mar 16 06:09:01 gtw01 dnsmasq-dhcp[27550]: read /var/lib/neutron/dhcp/a6ae36d1-ab58-4da9-83bd-db2f8ea8cbac/host
Mar 16 06:09:01 gtw01 dnsmasq-dhcp[27550]: read /var/lib/neutron/dhcp/a6ae36d1-ab58-4da9-83bd-db2f8ea8cbac/opts
Mar 16 06:09:04 gtw01 dnsmasq[27550]: read /var/lib/neutron/dhcp/a6ae36d1-ab58-4da9-83bd-db2f8ea8cbac/addn_hosts - 4 addresses
Mar 16 06:09:04 gtw01 dnsmasq-dhcp[27550]: read /var/lib/neutron/dhcp/a6ae36d1-ab58-4da9-83bd-db2f8ea8cbac/host
Mar 16 06:09:04 gtw01 dnsmasq-dhcp[27550]: read /var/lib/neutron/dhcp/a6ae36d1-ab58-4da9-83bd-db2f8ea8cbac/opts
Mar 16 06:09:05 gtw01 dnsmasq[21349]: read /var/lib/neutron/dhcp/61f4f97b-dd89-411c-83a6-0aacb0cf4893/addn_hosts - 3 addresses
Mar 16 06:09:05 gtw01 dnsmasq-dhcp[21349]: read /var/lib/neutron/dhcp/61f4f97b-dd89-411c-83a6-0aacb0cf4893/host
Mar 16 06:09:05 gtw01 dnsmasq-dhcp[21349]: read /var/lib/neutron/dhcp/61f4f97b-dd89-411c-83a6-0aacb0cf4893/opts
Mar 16 06:09:06 gtw01 dnsmasq[21349]: read /var/lib/neutron/dhcp/61f4f97b-dd89-411c-83a6-0aacb0cf4893/addn_hosts - 3 addresses
Mar 16 06:09:06 gtw01 dnsmasq-dhcp[21349]: read /var/lib/neutron/dhcp/61f4f97b-dd89-411c-83a6-0aacb0cf4893/host
Mar 16 06:09:06 gtw01 dnsmasq-dhcp[21349]: read /var/lib/neutron/dhcp/61f4f97b-dd89-411c-83a6-0aacb0cf4893/opts
Mar 16 06:09:07 gtw01 dnsmasq[21349]: read /var/lib/neutron/dhcp/61f4f97b-dd89-411c-83a6-0aacb0cf4893/addn_hosts - 3 addresses
Mar 16 06:09:07 gtw01 dnsmasq-dhcp[21349]: read /var/lib/neutron/dhcp/61f4f97b-dd89-411c-83a6-0aacb0cf4893/host
Mar 16 06:09:07 gtw01 dnsmasq-dhcp[21349]: read /var/lib/neutron/dhcp/61f4f97b-dd89-411c-83a6-0aacb0cf4893/opts
Mar 16 06:09:08 gtw01 dnsmasq[27550]: read /var/lib/neutron/dhcp/a6ae36d1-ab58-4da9-83bd-db2f8ea8cbac/addn_hosts - 3 addresses
Mar 16 06:09:08 gtw01 dnsmasq-dhcp[27550]: read /var/lib/neutron/dhcp/a6ae36d1-ab58-4da9-83bd-db2f8ea8cbac/host
Mar 16 06:09:08 gtw01 dnsmasq-dhcp[27550]: read /var/lib/neutron/dhcp/a6ae36d1-ab58-4da9-83bd-db2f8ea8cbac/opts
Mar 16 06:09:10 gtw01 dnsmasq[21349]: read /var/lib/neutron/dhcp/61f4f97b-dd89-411c-83a6-0aacb0cf4893/addn_hosts - 4 addresses
Mar 16 06:09:10 gtw01 dnsmasq-dhcp[21349]: read /var/lib/neutron/dhcp/61f4f97b-dd89-411c-83a6-0aacb0cf4893/host
Mar 16 06:09:10 gtw01 dnsmasq-dhcp[21349]: read /var/lib/neutron/dhcp/61f4f97b-dd89-411c-83a6-0aacb0cf4893/opts
Mar 16 06:09:11 gtw01 dnsmasq[21349]: read /var/lib/neutron/dhcp/61f4f97b-dd89-411c-83a6-0aacb0cf4893/addn_hosts - 4 addresses
Mar 16 06:09:11 gtw01 dnsmasq-dhcp[21349]: read /var/lib/neutron/dhcp/61f4f97b-dd89-411c-83a6-0aacb0cf4893/host
Mar 16 06:09:11 gtw01 dnsmasq-dhcp[21349]: read /var/lib/neutron/dhcp/61f4f97b-dd89-411c-83a6-0aacb0cf4893/opts
Mar 16 06:09:12 gtw01 dnsmasq[27550]: read /var/lib/neutron/dhcp/a6ae36d1-ab58-4da9-83bd-db2f8ea8cbac/addn_hosts - 2 addresses
Mar 16 06:09:12 gtw01 dnsmasq-dhcp[27550]: read /var/lib/neutron/dhcp/a6ae36d1-ab58-4da9-83bd-db2f8ea8cbac/host
Mar 16 06:09:12 gtw01 dnsmasq-dhcp[27550]: read /var/lib/neutron/dhcp/a6ae36d1-ab58-4da9-83bd-db2f8ea8cbac/opts
Mar 16 06:09:12 gtw01 dnsmasq[21349]: read /var/lib/neutron/dhcp/61f4f97b-dd89-411c-83a6-0aacb0cf4893/addn_hosts - 4 addresses
Mar 16 06:09:12 gtw01 dnsmasq-dhcp[21349]: read /var/lib/neutron/dhcp/61f4f97b-dd89-411c-83a6-0aacb0cf4893/host
Mar 16 06:09:12 gtw01 dnsmasq-dhcp[21349]: read /var/lib/neutron/dhcp/61f4f97b-dd89-411c-83a6-0aacb0cf4893/opts
Mar 16 06:09:14 gtw01 dnsmasq-dhcp[27550]: DHCPRELEASE(tapfa9576de-e1) 192.168.120.1 fa:16:3e:5c:2d:39
Mar 16 06:09:15 gtw01 dnsmasq[27550]: read /var/lib/neutron/dhcp/a6ae36d1-ab58-4da9-83bd-db2f8ea8cbac/addn_hosts - 1 addresses
Mar 16 06:09:15 gtw01 dnsmasq-dhcp[27550]: read /var/lib/neutron/dhcp/a6ae36d1-ab58-4da9-83bd-db2f8ea8cbac/host
Mar 16 06:09:15 gtw01 dnsmasq-dhcp[27550]: read /var/lib/neutron/dhcp/a6ae36d1-ab58-4da9-83bd-db2f8ea8cbac/opts
Mar 16 06:09:18 gtw01 kernel: [ 7171.026712] device tapfa9576de-e1 left promiscuous mode
Mar 16 06:09:18 gtw01 dnsmasq[21349]: read /var/lib/neutron/dhcp/61f4f97b-dd89-411c-83a6-0aacb0cf4893/addn_hosts - 3 addresses
Mar 16 06:09:18 gtw01 dnsmasq-dhcp[21349]: read /var/lib/neutron/dhcp/61f4f97b-dd89-411c-83a6-0aacb0cf4893/host
Mar 16 06:09:18 gtw01 dnsmasq-dhcp[21349]: read /var/lib/neutron/dhcp/61f4f97b-dd89-411c-83a6-0aacb0cf4893/opts
Mar 16 06:09:21 gtw01 dnsmasq-dhcp[21349]: DHCPDISCOVER(tap4b184906-3a) fa:16:3e:46:16:65
Mar 16 06:09:21 gtw01 dnsmasq-dhcp[21349]: DHCPOFFER(tap4b184906-3a) 192.168.120.17 fa:16:3e:46:16:65
Mar 16 06:09:21 gtw01 dnsmasq-dhcp[21349]: DHCPREQUEST(tap4b184906-3a) 192.168.120.17 fa:16:3e:46:16:65
Mar 16 06:09:21 gtw01 dnsmasq-dhcp[21349]: DHCPACK(tap4b184906-3a) 192.168.120.17 fa:16:3e:46:16:65 host-192-168-120-17
Mar 16 06:09:26 gtw01 kernel: [ 7179.230418] device tap0114efe4-69 entered promiscuous mode
Mar 16 06:09:26 gtw01 systemd-udevd[30127]: Could not generate persistent MAC address for tap0114efe4-69: No such file or directory
Mar 16 06:09:30 gtw01 dnsmasq[30253]: started, version 2.78 cachesize 150
Mar 16 06:09:30 gtw01 dnsmasq[30253]: DNS service limited to local subnets
Mar 16 06:09:30 gtw01 dnsmasq[30253]: compile time options: IPv6 GNU-getopt DBus i18n IDN DHCP DHCPv6 no-Lua TFTP conntrack ipset auth DNSSEC loop-detect inotify
Mar 16 06:09:30 gtw01 dnsmasq[30253]: warning: no upstream servers configured
Mar 16 06:09:30 gtw01 dnsmasq-dhcp[30253]: DHCP, static leases only on 192.168.120.0, lease time 1h
Mar 16 06:09:30 gtw01 dnsmasq[30253]: read /var/lib/neutron/dhcp/eb8c3c60-1ac0-4aa3-a976-45d2cadef2a6/addn_hosts - 1 addresses
Mar 16 06:09:30 gtw01 dnsmasq-dhcp[30253]: read /var/lib/neutron/dhcp/eb8c3c60-1ac0-4aa3-a976-45d2cadef2a6/host
Mar 16 06:09:30 gtw01 dnsmasq-dhcp[30253]: read /var/lib/neutron/dhcp/eb8c3c60-1ac0-4aa3-a976-45d2cadef2a6/opts
Mar 16 06:09:30 gtw01 haproxy-metadata-proxy-eb8c3c60-1ac0-4aa3-a976-45d2cadef2a6[30257]: Proxy listener started.
Mar 16 06:09:30 gtw01 dnsmasq[30253]: read /var/lib/neutron/dhcp/eb8c3c60-1ac0-4aa3-a976-45d2cadef2a6/addn_hosts - 2 addresses
Mar 16 06:09:30 gtw01 dnsmasq-dhcp[30253]: read /var/lib/neutron/dhcp/eb8c3c60-1ac0-4aa3-a976-45d2cadef2a6/host
Mar 16 06:09:30 gtw01 dnsmasq-dhcp[30253]: read /var/lib/neutron/dhcp/eb8c3c60-1ac0-4aa3-a976-45d2cadef2a6/opts
Mar 16 06:09:31 gtw01 dnsmasq[30253]: read /var/lib/neutron/dhcp/eb8c3c60-1ac0-4aa3-a976-45d2cadef2a6/addn_hosts - 2 addresses
Mar 16 06:09:31 gtw01 dnsmasq-dhcp[30253]: read /var/lib/neutron/dhcp/eb8c3c60-1ac0-4aa3-a976-45d2cadef2a6/host
Mar 16 06:09:31 gtw01 dnsmasq-dhcp[30253]: read /var/lib/neutron/dhcp/eb8c3c60-1ac0-4aa3-a976-45d2cadef2a6/opts
Mar 16 06:09:33 gtw01 dnsmasq-dhcp[21349]: DHCPRELEASE(tap4b184906-3a) 192.168.120.17 fa:16:3e:46:16:65
Mar 16 06:09:38 gtw01 dnsmasq[21349]: read /var/lib/neutron/dhcp/61f4f97b-dd89-411c-83a6-0aacb0cf4893/addn_hosts - 2 addresses
Mar 16 06:09:38 gtw01 dnsmasq-dhcp[21349]: read /var/lib/neutron/dhcp/61f4f97b-dd89-411c-83a6-0aacb0cf4893/host
Mar 16 06:09:38 gtw01 dnsmasq-dhcp[21349]: read /var/lib/neutron/dhcp/61f4f97b-dd89-411c-83a6-0aacb0cf4893/opts
Mar 16 06:09:42 gtw01 dnsmasq[30253]: read /var/lib/neutron/dhcp/eb8c3c60-1ac0-4aa3-a976-45d2cadef2a6/addn_hosts - 3 addresses
Mar 16 06:09:42 gtw01 dnsmasq-dhcp[30253]: read /var/lib/neutron/dhcp/eb8c3c60-1ac0-4aa3-a976-45d2cadef2a6/host
Mar 16 06:09:42 gtw01 dnsmasq-dhcp[30253]: read /var/lib/neutron/dhcp/eb8c3c60-1ac0-4aa3-a976-45d2cadef2a6/opts
Mar 16 06:09:43 gtw01 dnsmasq[30253]: read /var/lib/neutron/dhcp/eb8c3c60-1ac0-4aa3-a976-45d2cadef2a6/addn_hosts - 3 addresses
Mar 16 06:09:43 gtw01 dnsmasq-dhcp[30253]: read /var/lib/neutron/dhcp/eb8c3c60-1ac0-4aa3-a976-45d2cadef2a6/host
Mar 16 06:09:43 gtw01 dnsmasq-dhcp[30253]: read /var/lib/neutron/dhcp/eb8c3c60-1ac0-4aa3-a976-45d2cadef2a6/opts
Mar 16 06:09:44 gtw01 dnsmasq[30253]: read /var/lib/neutron/dhcp/eb8c3c60-1ac0-4aa3-a976-45d2cadef2a6/addn_hosts - 3 addresses
Mar 16 06:09:44 gtw01 dnsmasq-dhcp[30253]: read /var/lib/neutron/dhcp/eb8c3c60-1ac0-4aa3-a976-45d2cadef2a6/host
Mar 16 06:09:44 gtw01 dnsmasq-dhcp[30253]: read /var/lib/neutron/dhcp/eb8c3c60-1ac0-4aa3-a976-45d2cadef2a6/opts
Mar 16 06:09:45 gtw01 dnsmasq[21349]: read /var/lib/neutron/dhcp/61f4f97b-dd89-411c-83a6-0aacb0cf4893/addn_hosts - 3 addresses
Mar 16 06:09:45 gtw01 dnsmasq-dhcp[21349]: read /var/lib/neutron/dhcp/61f4f97b-dd89-411c-83a6-0aacb0cf4893/host
Mar 16 06:09:45 gtw01 dnsmasq-dhcp[21349]: read /var/lib/neutron/dhcp/61f4f97b-dd89-411c-83a6-0aacb0cf4893/opts
Mar 16 06:09:46 gtw01 dnsmasq[21349]: read /var/lib/neutron/dhcp/61f4f97b-dd89-411c-83a6-0aacb0cf4893/addn_hosts - 3 addresses
Mar 16 06:09:46 gtw01 dnsmasq-dhcp[21349]: read /var/lib/neutron/dhcp/61f4f97b-dd89-411c-83a6-0aacb0cf4893/host
Mar 16 06:09:46 gtw01 dnsmasq-dhcp[21349]: read /var/lib/neutron/dhcp/61f4f97b-dd89-411c-83a6-0aacb0cf4893/opts
Mar 16 06:09:47 gtw01 dnsmasq[21349]: read /var/lib/neutron/dhcp/61f4f97b-dd89-411c-83a6-0aacb0cf4893/addn_hosts - 3 addresses
Mar 16 06:09:47 gtw01 dnsmasq-dhcp[21349]: read /var/lib/neutron/dhcp/61f4f97b-dd89-411c-83a6-0aacb0cf4893/host
Mar 16 06:09:47 gtw01 dnsmasq-dhcp[21349]: read /var/lib/neutron/dhcp/61f4f97b-dd89-411c-83a6-0aacb0cf4893/opts
Mar 16 06:09:56 gtw01 dnsmasq[21349]: read /var/lib/neutron/dhcp/61f4f97b-dd89-411c-83a6-0aacb0cf4893/addn_hosts - 2 addresses
Mar 16 06:09:56 gtw01 dnsmasq-dhcp[21349]: read /var/lib/neutron/dhcp/61f4f97b-dd89-411c-83a6-0aacb0cf4893/host
Mar 16 06:09:56 gtw01 dnsmasq-dhcp[21349]: read /var/lib/neutron/dhcp/61f4f97b-dd89-411c-83a6-0aacb0cf4893/opts
Mar 16 06:09:57 gtw01 dnsmasq-dhcp[29820]: DHCPDISCOVER(tap476b6598-32) fa:16:3e:48:f8:3d
Mar 16 06:09:57 gtw01 dnsmasq-dhcp[29820]: DHCPOFFER(tap476b6598-32) 192.168.120.6 fa:16:3e:48:f8:3d
Mar 16 06:09:57 gtw01 dnsmasq-dhcp[29820]: DHCPREQUEST(tap476b6598-32) 192.168.120.6 fa:16:3e:48:f8:3d
Mar 16 06:09:57 gtw01 dnsmasq-dhcp[29820]: DHCPACK(tap476b6598-32) 192.168.120.6 fa:16:3e:48:f8:3d host-192-168-120-6
Mar 16 06:10:00 gtw01 dnsmasq-dhcp[30253]: DHCPDISCOVER(tap0114efe4-69) fa:16:3e:b6:bb:0f
Mar 16 06:10:00 gtw01 dnsmasq-dhcp[30253]: DHCPOFFER(tap0114efe4-69) 192.168.120.4 fa:16:3e:b6:bb:0f
Mar 16 06:10:00 gtw01 dnsmasq-dhcp[30253]: DHCPREQUEST(tap0114efe4-69) 192.168.120.4 fa:16:3e:b6:bb:0f
Mar 16 06:10:00 gtw01 dnsmasq-dhcp[30253]: DHCPACK(tap0114efe4-69) 192.168.120.4 fa:16:3e:b6:bb:0f host-192-168-120-4
Mar 16 06:10:02 gtw01 dnsmasq-dhcp[29820]: DHCPRELEASE(tap476b6598-32) 192.168.120.6 fa:16:3e:48:f8:3d
Mar 16 06:10:02 gtw01 dnsmasq-dhcp[29820]: DHCPRELEASE(tap476b6598-32) 192.168.120.6 fa:16:3e:48:f8:3d unknown lease
Mar 16 06:10:02 gtw01 dnsmasq[21349]: read /var/lib/neutron/dhcp/61f4f97b-dd89-411c-83a6-0aacb0cf4893/addn_hosts - 3 addresses
Mar 16 06:10:02 gtw01 dnsmasq-dhcp[21349]: read /var/lib/neutron/dhcp/61f4f97b-dd89-411c-83a6-0aacb0cf4893/host
Mar 16 06:10:02 gtw01 dnsmasq-dhcp[21349]: read /var/lib/neutron/dhcp/61f4f97b-dd89-411c-83a6-0aacb0cf4893/opts
Mar 16 06:10:03 gtw01 dnsmasq[29820]: read /var/lib/neutron/dhcp/91c1227c-de60-412b-99b8-58c9a83ae11d/addn_hosts - 2 addresses
Mar 16 06:10:03 gtw01 dnsmasq-dhcp[29820]: read /var/lib/neutron/dhcp/91c1227c-de60-412b-99b8-58c9a83ae11d/host
Mar 16 06:10:03 gtw01 dnsmasq-dhcp[29820]: read /var/lib/neutron/dhcp/91c1227c-de60-412b-99b8-58c9a83ae11d/opts
Mar 16 06:10:03 gtw01 dnsmasq[21349]: read /var/lib/neutron/dhcp/61f4f97b-dd89-411c-83a6-0aacb0cf4893/addn_hosts - 3 addresses
Mar 16 06:10:03 gtw01 dnsmasq-dhcp[21349]: read /var/lib/neutron/dhcp/61f4f97b-dd89-411c-83a6-0aacb0cf4893/host
Mar 16 06:10:03 gtw01 dnsmasq-dhcp[21349]: read /var/lib/neutron/dhcp/61f4f97b-dd89-411c-83a6-0aacb0cf4893/opts
Mar 16 06:10:04 gtw01 dnsmasq[21349]: read /var/lib/neutron/dhcp/61f4f97b-dd89-411c-83a6-0aacb0cf4893/addn_hosts - 3 addresses
Mar 16 06:10:04 gtw01 dnsmasq-dhcp[21349]: read /var/lib/neutron/dhcp/61f4f97b-dd89-411c-83a6-0aacb0cf4893/host
Mar 16 06:10:04 gtw01 dnsmasq-dhcp[21349]: read /var/lib/neutron/dhcp/61f4f97b-dd89-411c-83a6-0aacb0cf4893/opts
Mar 16 06:10:07 gtw01 dnsmasq[30537]: started, version 2.78 cachesize 150
Mar 16 06:10:07 gtw01 dnsmasq[30537]: DNS service limited to local subnets
Mar 16 06:10:07 gtw01 dnsmasq[30537]: compile time options: IPv6 GNU-getopt DBus i18n IDN DHCP DHCPv6 no-Lua TFTP conntrack ipset auth DNSSEC loop-detect inotify
Mar 16 06:10:07 gtw01 dnsmasq[30537]: warning: no upstream servers configured
Mar 16 06:10:07 gtw01 dnsmasq-dhcp[30537]: DHCP, static leases only on 192.168.120.0, lease time 1h
Mar 16 06:10:07 gtw01 dnsmasq[30537]: read /var/lib/neutron/dhcp/eb8c3c60-1ac0-4aa3-a976-45d2cadef2a6/addn_hosts - 3 addresses
Mar 16 06:10:07 gtw01 dnsmasq-dhcp[30537]: read /var/lib/neutron/dhcp/eb8c3c60-1ac0-4aa3-a976-45d2cadef2a6/host
Mar 16 06:10:07 gtw01 dnsmasq-dhcp[30537]: read /var/lib/neutron/dhcp/eb8c3c60-1ac0-4aa3-a976-45d2cadef2a6/opts
Mar 16 06:10:07 gtw01 dnsmasq-dhcp[29820]: DHCPRELEASE(tap476b6598-32) 192.168.120.1 fa:16:3e:8a:f7:ee
Mar 16 06:10:08 gtw01 dnsmasq[29820]: read /var/lib/neutron/dhcp/91c1227c-de60-412b-99b8-58c9a83ae11d/addn_hosts - 1 addresses
Mar 16 06:10:08 gtw01 dnsmasq-dhcp[29820]: read /var/lib/neutron/dhcp/91c1227c-de60-412b-99b8-58c9a83ae11d/host
Mar 16 06:10:08 gtw01 dnsmasq-dhcp[29820]: read /var/lib/neutron/dhcp/91c1227c-de60-412b-99b8-58c9a83ae11d/opts
Mar 16 06:10:11 gtw01 dnsmasq-dhcp[30537]: DHCPRELEASE(tap0114efe4-69) 192.168.120.4 fa:16:3e:b6:bb:0f
Mar 16 06:10:12 gtw01 dnsmasq[30537]: read /var/lib/neutron/dhcp/eb8c3c60-1ac0-4aa3-a976-45d2cadef2a6/addn_hosts - 2 addresses
Mar 16 06:10:12 gtw01 dnsmasq-dhcp[30537]: read /var/lib/neutron/dhcp/eb8c3c60-1ac0-4aa3-a976-45d2cadef2a6/host
Mar 16 06:10:12 gtw01 dnsmasq-dhcp[30537]: read /var/lib/neutron/dhcp/eb8c3c60-1ac0-4aa3-a976-45d2cadef2a6/opts
Mar 16 06:10:12 gtw01 kernel: [ 7225.316023] device tap476b6598-32 left promiscuous mode
Mar 16 06:10:17 gtw01 dnsmasq-dhcp[21349]: DHCPDISCOVER(tap4b184906-3a) fa:16:3e:fc:2a:37
Mar 16 06:10:17 gtw01 dnsmasq-dhcp[21349]: DHCPOFFER(tap4b184906-3a) 192.168.120.18 fa:16:3e:fc:2a:37
Mar 16 06:10:17 gtw01 dnsmasq-dhcp[21349]: DHCPREQUEST(tap4b184906-3a) 192.168.120.18 fa:16:3e:fc:2a:37
Mar 16 06:10:17 gtw01 dnsmasq-dhcp[21349]: DHCPACK(tap4b184906-3a) 192.168.120.18 fa:16:3e:fc:2a:37 host-192-168-120-18
Mar 16 06:10:18 gtw01 dnsmasq-dhcp[30537]: DHCPRELEASE(tap0114efe4-69) 192.168.120.1 fa:16:3e:0e:84:d7
Mar 16 06:10:18 gtw01 dnsmasq[30537]: read /var/lib/neutron/dhcp/eb8c3c60-1ac0-4aa3-a976-45d2cadef2a6/addn_hosts - 1 addresses
Mar 16 06:10:18 gtw01 dnsmasq-dhcp[30537]: read /var/lib/neutron/dhcp/eb8c3c60-1ac0-4aa3-a976-45d2cadef2a6/host
Mar 16 06:10:18 gtw01 dnsmasq-dhcp[30537]: read /var/lib/neutron/dhcp/eb8c3c60-1ac0-4aa3-a976-45d2cadef2a6/opts
Mar 16 06:10:20 gtw01 dnsmasq-dhcp[21349]: DHCPRELEASE(tap4b184906-3a) 192.168.120.18 fa:16:3e:fc:2a:37
Mar 16 06:10:24 gtw01 kernel: [ 7236.872233] device tap0114efe4-69 left promiscuous mode
Mar 16 06:10:24 gtw01 dnsmasq[21349]: read /var/lib/neutron/dhcp/61f4f97b-dd89-411c-83a6-0aacb0cf4893/addn_hosts - 4 addresses
Mar 16 06:10:24 gtw01 dnsmasq-dhcp[21349]: read /var/lib/neutron/dhcp/61f4f97b-dd89-411c-83a6-0aacb0cf4893/host
Mar 16 06:10:24 gtw01 dnsmasq-dhcp[21349]: read /var/lib/neutron/dhcp/61f4f97b-dd89-411c-83a6-0aacb0cf4893/opts
Mar 16 06:10:25 gtw01 dnsmasq[21349]: read /var/lib/neutron/dhcp/61f4f97b-dd89-411c-83a6-0aacb0cf4893/addn_hosts - 4 addresses
Mar 16 06:10:25 gtw01 dnsmasq-dhcp[21349]: read /var/lib/neutron/dhcp/61f4f97b-dd89-411c-83a6-0aacb0cf4893/host
Mar 16 06:10:25 gtw01 dnsmasq-dhcp[21349]: read /var/lib/neutron/dhcp/61f4f97b-dd89-411c-83a6-0aacb0cf4893/opts
Mar 16 06:10:26 gtw01 dnsmasq[21349]: read /var/lib/neutron/dhcp/61f4f97b-dd89-411c-83a6-0aacb0cf4893/addn_hosts - 4 addresses
Mar 16 06:10:26 gtw01 dnsmasq-dhcp[21349]: read /var/lib/neutron/dhcp/61f4f97b-dd89-411c-83a6-0aacb0cf4893/host
Mar 16 06:10:26 gtw01 dnsmasq-dhcp[21349]: read /var/lib/neutron/dhcp/61f4f97b-dd89-411c-83a6-0aacb0cf4893/opts
Mar 16 06:10:33 gtw01 dnsmasq[21349]: read /var/lib/neutron/dhcp/61f4f97b-dd89-411c-83a6-0aacb0cf4893/addn_hosts - 3 addresses
Mar 16 06:10:33 gtw01 dnsmasq-dhcp[21349]: read /var/lib/neutron/dhcp/61f4f97b-dd89-411c-83a6-0aacb0cf4893/host
Mar 16 06:10:33 gtw01 dnsmasq-dhcp[21349]: read /var/lib/neutron/dhcp/61f4f97b-dd89-411c-83a6-0aacb0cf4893/opts
Mar 16 06:10:35 gtw01 dnsmasq[21349]: read /var/lib/neutron/dhcp/61f4f97b-dd89-411c-83a6-0aacb0cf4893/addn_hosts - 4 addresses
Mar 16 06:10:35 gtw01 dnsmasq-dhcp[21349]: read /var/lib/neutron/dhcp/61f4f97b-dd89-411c-83a6-0aacb0cf4893/host
Mar 16 06:10:35 gtw01 dnsmasq-dhcp[21349]: read /var/lib/neutron/dhcp/61f4f97b-dd89-411c-83a6-0aacb0cf4893/opts
Mar 16 06:10:36 gtw01 dnsmasq[21349]: read /var/lib/neutron/dhcp/61f4f97b-dd89-411c-83a6-0aacb0cf4893/addn_hosts - 4 addresses
Mar 16 06:10:36 gtw01 dnsmasq-dhcp[21349]: read /var/lib/neutron/dhcp/61f4f97b-dd89-411c-83a6-0aacb0cf4893/host
Mar 16 06:10:36 gtw01 dnsmasq-dhcp[21349]: read /var/lib/neutron/dhcp/61f4f97b-dd89-411c-83a6-0aacb0cf4893/opts
Mar 16 06:10:36 gtw01 dnsmasq[21349]: read /var/lib/neutron/dhcp/61f4f97b-dd89-411c-83a6-0aacb0cf4893/addn_hosts - 4 addresses
Mar 16 06:10:36 gtw01 dnsmasq-dhcp[21349]: read /var/lib/neutron/dhcp/61f4f97b-dd89-411c-83a6-0aacb0cf4893/host
Mar 16 06:10:36 gtw01 dnsmasq-dhcp[21349]: read /var/lib/neutron/dhcp/61f4f97b-dd89-411c-83a6-0aacb0cf4893/opts
Mar 16 06:10:40 gtw01 dnsmasq-dhcp[21349]: DHCPDISCOVER(tap4b184906-3a) fa:16:3e:f6:06:c7
Mar 16 06:10:40 gtw01 dnsmasq-dhcp[21349]: DHCPOFFER(tap4b184906-3a) 192.168.120.3 fa:16:3e:f6:06:c7
Mar 16 06:10:40 gtw01 dnsmasq-dhcp[21349]: DHCPREQUEST(tap4b184906-3a) 192.168.120.3 fa:16:3e:f6:06:c7
Mar 16 06:10:40 gtw01 dnsmasq-dhcp[21349]: DHCPACK(tap4b184906-3a) 192.168.120.3 fa:16:3e:f6:06:c7 host-192-168-120-3
Mar 16 06:10:42 gtw01 dnsmasq-dhcp[21349]: DHCPRELEASE(tap4b184906-3a) 192.168.120.3 fa:16:3e:f6:06:c7
Mar 16 06:10:42 gtw01 dnsmasq[21349]: read /var/lib/neutron/dhcp/61f4f97b-dd89-411c-83a6-0aacb0cf4893/addn_hosts - 3 addresses
Mar 16 06:10:42 gtw01 dnsmasq-dhcp[21349]: read /var/lib/neutron/dhcp/61f4f97b-dd89-411c-83a6-0aacb0cf4893/host
Mar 16 06:10:42 gtw01 dnsmasq-dhcp[21349]: read /var/lib/neutron/dhcp/61f4f97b-dd89-411c-83a6-0aacb0cf4893/opts
Mar 16 06:10:54 gtw01 dnsmasq[21349]: read /var/lib/neutron/dhcp/61f4f97b-dd89-411c-83a6-0aacb0cf4893/addn_hosts - 4 addresses
Mar 16 06:10:54 gtw01 dnsmasq-dhcp[21349]: read /var/lib/neutron/dhcp/61f4f97b-dd89-411c-83a6-0aacb0cf4893/host
Mar 16 06:10:54 gtw01 dnsmasq-dhcp[21349]: read /var/lib/neutron/dhcp/61f4f97b-dd89-411c-83a6-0aacb0cf4893/opts
Mar 16 06:10:55 gtw01 dnsmasq[21349]: read /var/lib/neutron/dhcp/61f4f97b-dd89-411c-83a6-0aacb0cf4893/addn_hosts - 5 addresses
Mar 16 06:10:55 gtw01 dnsmasq-dhcp[21349]: read /var/lib/neutron/dhcp/61f4f97b-dd89-411c-83a6-0aacb0cf4893/host
Mar 16 06:10:55 gtw01 dnsmasq-dhcp[21349]: read /var/lib/neutron/dhcp/61f4f97b-dd89-411c-83a6-0aacb0cf4893/opts
Mar 16 06:10:56 gtw01 dnsmasq[21349]: read /var/lib/neutron/dhcp/61f4f97b-dd89-411c-83a6-0aacb0cf4893/addn_hosts - 5 addresses
Mar 16 06:10:56 gtw01 dnsmasq-dhcp[21349]: read /var/lib/neutron/dhcp/61f4f97b-dd89-411c-83a6-0aacb0cf4893/host
Mar 16 06:10:56 gtw01 dnsmasq-dhcp[21349]: read /var/lib/neutron/dhcp/61f4f97b-dd89-411c-83a6-0aacb0cf4893/opts
Mar 16 06:10:57 gtw01 dnsmasq[21349]: read /var/lib/neutron/dhcp/61f4f97b-dd89-411c-83a6-0aacb0cf4893/addn_hosts - 5 addresses
Mar 16 06:10:57 gtw01 dnsmasq-dhcp[21349]: read /var/lib/neutron/dhcp/61f4f97b-dd89-411c-83a6-0aacb0cf4893/host
Mar 16 06:10:57 gtw01 dnsmasq-dhcp[21349]: read /var/lib/neutron/dhcp/61f4f97b-dd89-411c-83a6-0aacb0cf4893/opts
Mar 16 06:10:58 gtw01 dnsmasq[21349]: read /var/lib/neutron/dhcp/61f4f97b-dd89-411c-83a6-0aacb0cf4893/addn_hosts - 5 addresses
Mar 16 06:10:58 gtw01 dnsmasq-dhcp[21349]: read /var/lib/neutron/dhcp/61f4f97b-dd89-411c-83a6-0aacb0cf4893/host
Mar 16 06:10:58 gtw01 dnsmasq-dhcp[21349]: read /var/lib/neutron/dhcp/61f4f97b-dd89-411c-83a6-0aacb0cf4893/opts
Mar 16 06:10:58 gtw01 dnsmasq[21349]: read /var/lib/neutron/dhcp/61f4f97b-dd89-411c-83a6-0aacb0cf4893/addn_hosts - 5 addresses
Mar 16 06:10:58 gtw01 dnsmasq-dhcp[21349]: read /var/lib/neutron/dhcp/61f4f97b-dd89-411c-83a6-0aacb0cf4893/host
Mar 16 06:10:58 gtw01 dnsmasq-dhcp[21349]: read /var/lib/neutron/dhcp/61f4f97b-dd89-411c-83a6-0aacb0cf4893/opts
Mar 16 06:11:04 gtw01 dnsmasq[21349]: read /var/lib/neutron/dhcp/61f4f97b-dd89-411c-83a6-0aacb0cf4893/addn_hosts - 4 addresses
Mar 16 06:11:04 gtw01 dnsmasq-dhcp[21349]: read /var/lib/neutron/dhcp/61f4f97b-dd89-411c-83a6-0aacb0cf4893/host
Mar 16 06:11:04 gtw01 dnsmasq-dhcp[21349]: read /var/lib/neutron/dhcp/61f4f97b-dd89-411c-83a6-0aacb0cf4893/opts
Mar 16 06:11:06 gtw01 dnsmasq[21349]: read /var/lib/neutron/dhcp/61f4f97b-dd89-411c-83a6-0aacb0cf4893/addn_hosts - 3 addresses
Mar 16 06:11:06 gtw01 dnsmasq-dhcp[21349]: read /var/lib/neutron/dhcp/61f4f97b-dd89-411c-83a6-0aacb0cf4893/host
Mar 16 06:11:06 gtw01 dnsmasq-dhcp[21349]: read /var/lib/neutron/dhcp/61f4f97b-dd89-411c-83a6-0aacb0cf4893/opts
Mar 16 06:11:09 gtw01 dnsmasq[21349]: read /var/lib/neutron/dhcp/61f4f97b-dd89-411c-83a6-0aacb0cf4893/addn_hosts - 4 addresses
Mar 16 06:11:09 gtw01 dnsmasq-dhcp[21349]: read /var/lib/neutron/dhcp/61f4f97b-dd89-411c-83a6-0aacb0cf4893/host
Mar 16 06:11:09 gtw01 dnsmasq-dhcp[21349]: read /var/lib/neutron/dhcp/61f4f97b-dd89-411c-83a6-0aacb0cf4893/opts
Mar 16 06:11:10 gtw01 dnsmasq[21349]: read /var/lib/neutron/dhcp/61f4f97b-dd89-411c-83a6-0aacb0cf4893/addn_hosts - 5 addresses
Mar 16 06:11:10 gtw01 dnsmasq-dhcp[21349]: read /var/lib/neutron/dhcp/61f4f97b-dd89-411c-83a6-0aacb0cf4893/host
Mar 16 06:11:10 gtw01 dnsmasq-dhcp[21349]: read /var/lib/neutron/dhcp/61f4f97b-dd89-411c-83a6-0aacb0cf4893/opts
Mar 16 06:11:10 gtw01 dnsmasq[21349]: read /var/lib/neutron/dhcp/61f4f97b-dd89-411c-83a6-0aacb0cf4893/addn_hosts - 5 addresses
Mar 16 06:11:10 gtw01 dnsmasq-dhcp[21349]: read /var/lib/neutron/dhcp/61f4f97b-dd89-411c-83a6-0aacb0cf4893/host
Mar 16 06:11:10 gtw01 dnsmasq-dhcp[21349]: read /var/lib/neutron/dhcp/61f4f97b-dd89-411c-83a6-0aacb0cf4893/opts
Mar 16 06:11:11 gtw01 dnsmasq[21349]: read /var/lib/neutron/dhcp/61f4f97b-dd89-411c-83a6-0aacb0cf4893/addn_hosts - 5 addresses
Mar 16 06:11:11 gtw01 dnsmasq-dhcp[21349]: read /var/lib/neutron/dhcp/61f4f97b-dd89-411c-83a6-0aacb0cf4893/host
Mar 16 06:11:11 gtw01 dnsmasq-dhcp[21349]: read /var/lib/neutron/dhcp/61f4f97b-dd89-411c-83a6-0aacb0cf4893/opts
Mar 16 06:11:12 gtw01 dnsmasq[21349]: read /var/lib/neutron/dhcp/61f4f97b-dd89-411c-83a6-0aacb0cf4893/addn_hosts - 5 addresses
Mar 16 06:11:12 gtw01 dnsmasq-dhcp[21349]: read /var/lib/neutron/dhcp/61f4f97b-dd89-411c-83a6-0aacb0cf4893/host
Mar 16 06:11:12 gtw01 dnsmasq-dhcp[21349]: read /var/lib/neutron/dhcp/61f4f97b-dd89-411c-83a6-0aacb0cf4893/opts
Mar 16 06:11:13 gtw01 dnsmasq[21349]: read /var/lib/neutron/dhcp/61f4f97b-dd89-411c-83a6-0aacb0cf4893/addn_hosts - 5 addresses
Mar 16 06:11:13 gtw01 dnsmasq-dhcp[21349]: read /var/lib/neutron/dhcp/61f4f97b-dd89-411c-83a6-0aacb0cf4893/host
Mar 16 06:11:13 gtw01 dnsmasq-dhcp[21349]: read /var/lib/neutron/dhcp/61f4f97b-dd89-411c-83a6-0aacb0cf4893/opts
Mar 16 06:11:21 gtw01 dnsmasq[21349]: read /var/lib/neutron/dhcp/61f4f97b-dd89-411c-83a6-0aacb0cf4893/addn_hosts - 4 addresses
Mar 16 06:11:21 gtw01 dnsmasq-dhcp[21349]: read /var/lib/neutron/dhcp/61f4f97b-dd89-411c-83a6-0aacb0cf4893/host
Mar 16 06:11:21 gtw01 dnsmasq-dhcp[21349]: read /var/lib/neutron/dhcp/61f4f97b-dd89-411c-83a6-0aacb0cf4893/opts
Mar 16 06:11:22 gtw01 dnsmasq[21349]: read /var/lib/neutron/dhcp/61f4f97b-dd89-411c-83a6-0aacb0cf4893/addn_hosts - 3 addresses
Mar 16 06:11:22 gtw01 dnsmasq-dhcp[21349]: read /var/lib/neutron/dhcp/61f4f97b-dd89-411c-83a6-0aacb0cf4893/host
Mar 16 06:11:22 gtw01 dnsmasq-dhcp[21349]: read /var/lib/neutron/dhcp/61f4f97b-dd89-411c-83a6-0aacb0cf4893/opts
Mar 16 06:11:51 gtw01 dnsmasq[21349]: read /var/lib/neutron/dhcp/61f4f97b-dd89-411c-83a6-0aacb0cf4893/addn_hosts - 2 addresses
Mar 16 06:11:51 gtw01 dnsmasq-dhcp[21349]: read /var/lib/neutron/dhcp/61f4f97b-dd89-411c-83a6-0aacb0cf4893/host
Mar 16 06:11:51 gtw01 dnsmasq-dhcp[21349]: read /var/lib/neutron/dhcp/61f4f97b-dd89-411c-83a6-0aacb0cf4893/opts
Mar 16 06:11:54 gtw01 dnsmasq[21349]: read /var/lib/neutron/dhcp/61f4f97b-dd89-411c-83a6-0aacb0cf4893/addn_hosts - 3 addresses
Mar 16 06:11:54 gtw01 dnsmasq-dhcp[21349]: read /var/lib/neutron/dhcp/61f4f97b-dd89-411c-83a6-0aacb0cf4893/host
Mar 16 06:11:54 gtw01 dnsmasq-dhcp[21349]: read /var/lib/neutron/dhcp/61f4f97b-dd89-411c-83a6-0aacb0cf4893/opts
Mar 16 06:11:55 gtw01 dnsmasq[21349]: read /var/lib/neutron/dhcp/61f4f97b-dd89-411c-83a6-0aacb0cf4893/addn_hosts - 3 addresses
Mar 16 06:11:55 gtw01 dnsmasq-dhcp[21349]: read /var/lib/neutron/dhcp/61f4f97b-dd89-411c-83a6-0aacb0cf4893/host
Mar 16 06:11:55 gtw01 dnsmasq-dhcp[21349]: read /var/lib/neutron/dhcp/61f4f97b-dd89-411c-83a6-0aacb0cf4893/opts
Mar 16 06:11:56 gtw01 dnsmasq[21349]: read /var/lib/neutron/dhcp/61f4f97b-dd89-411c-83a6-0aacb0cf4893/addn_hosts - 3 addresses
Mar 16 06:11:56 gtw01 dnsmasq-dhcp[21349]: read /var/lib/neutron/dhcp/61f4f97b-dd89-411c-83a6-0aacb0cf4893/host
Mar 16 06:11:56 gtw01 dnsmasq-dhcp[21349]: read /var/lib/neutron/dhcp/61f4f97b-dd89-411c-83a6-0aacb0cf4893/opts
Mar 16 06:12:01 gtw01 dnsmasq[21349]: read /var/lib/neutron/dhcp/61f4f97b-dd89-411c-83a6-0aacb0cf4893/addn_hosts - 4 addresses
Mar 16 06:12:01 gtw01 dnsmasq-dhcp[21349]: read /var/lib/neutron/dhcp/61f4f97b-dd89-411c-83a6-0aacb0cf4893/host
Mar 16 06:12:01 gtw01 dnsmasq-dhcp[21349]: read /var/lib/neutron/dhcp/61f4f97b-dd89-411c-83a6-0aacb0cf4893/opts
Mar 16 06:12:02 gtw01 dnsmasq[21349]: read /var/lib/neutron/dhcp/61f4f97b-dd89-411c-83a6-0aacb0cf4893/addn_hosts - 4 addresses
Mar 16 06:12:02 gtw01 dnsmasq-dhcp[21349]: read /var/lib/neutron/dhcp/61f4f97b-dd89-411c-83a6-0aacb0cf4893/host
Mar 16 06:12:02 gtw01 dnsmasq-dhcp[21349]: read /var/lib/neutron/dhcp/61f4f97b-dd89-411c-83a6-0aacb0cf4893/opts
Mar 16 06:12:03 gtw01 dnsmasq[21349]: read /var/lib/neutron/dhcp/61f4f97b-dd89-411c-83a6-0aacb0cf4893/addn_hosts - 4 addresses
Mar 16 06:12:03 gtw01 dnsmasq-dhcp[21349]: read /var/lib/neutron/dhcp/61f4f97b-dd89-411c-83a6-0aacb0cf4893/host
Mar 16 06:12:03 gtw01 dnsmasq-dhcp[21349]: read /var/lib/neutron/dhcp/61f4f97b-dd89-411c-83a6-0aacb0cf4893/opts
Mar 16 06:12:09 gtw01 dnsmasq-dhcp[21349]: DHCPDISCOVER(tap4b184906-3a) fa:16:3e:e3:0c:de
Mar 16 06:12:09 gtw01 dnsmasq-dhcp[21349]: DHCPOFFER(tap4b184906-3a) 192.168.120.10 fa:16:3e:e3:0c:de
