Apr 21 20:10:57 mas01 named[3326]: automatic empty zone: 71.100.IN-ADDR.ARPA
Apr 21 20:10:57 mas01 named[3326]: automatic empty zone: 72.100.IN-ADDR.ARPA
Apr 21 20:10:57 mas01 named[3326]: automatic empty zone: 73.100.IN-ADDR.ARPA
Apr 21 20:10:57 mas01 named[3326]: automatic empty zone: 74.100.IN-ADDR.ARPA
Apr 21 20:10:57 mas01 named[3326]: automatic empty zone: 75.100.IN-ADDR.ARPA
Apr 21 20:10:57 mas01 named[3326]: automatic empty zone: 76.100.IN-ADDR.ARPA
Apr 21 20:10:57 mas01 named[3326]: automatic empty zone: 77.100.IN-ADDR.ARPA
Apr 21 20:10:57 mas01 named[3326]: automatic empty zone: 78.100.IN-ADDR.ARPA
Apr 21 20:10:57 mas01 named[3326]: automatic empty zone: 79.100.IN-ADDR.ARPA
Apr 21 20:10:57 mas01 named[3326]: automatic empty zone: 80.100.IN-ADDR.ARPA
Apr 21 20:10:57 mas01 named[3326]: automatic empty zone: 81.100.IN-ADDR.ARPA
Apr 21 20:10:57 mas01 named[3326]: automatic empty zone: 82.100.IN-ADDR.ARPA
Apr 21 20:10:57 mas01 named[3326]: automatic empty zone: 83.100.IN-ADDR.ARPA
Apr 21 20:10:57 mas01 named[3326]: automatic empty zone: 84.100.IN-ADDR.ARPA
Apr 21 20:10:57 mas01 named[3326]: automatic empty zone: 85.100.IN-ADDR.ARPA
Apr 21 20:10:57 mas01 named[3326]: automatic empty zone: 86.100.IN-ADDR.ARPA
Apr 21 20:10:57 mas01 named[3326]: automatic empty zone: 87.100.IN-ADDR.ARPA
Apr 21 20:10:57 mas01 named[3326]: automatic empty zone: 88.100.IN-ADDR.ARPA
Apr 21 20:10:57 mas01 named[3326]: automatic empty zone: 89.100.IN-ADDR.ARPA
Apr 21 20:10:57 mas01 named[3326]: automatic empty zone: 90.100.IN-ADDR.ARPA
Apr 21 20:10:57 mas01 named[3326]: automatic empty zone: 91.100.IN-ADDR.ARPA
Apr 21 20:10:57 mas01 named[3326]: automatic empty zone: 92.100.IN-ADDR.ARPA
Apr 21 20:10:57 mas01 named[3326]: automatic empty zone: 93.100.IN-ADDR.ARPA
Apr 21 20:10:57 mas01 named[3326]: automatic empty zone: 94.100.IN-ADDR.ARPA
Apr 21 20:10:57 mas01 named[3326]: automatic empty zone: 95.100.IN-ADDR.ARPA
Apr 21 20:10:57 mas01 named[3326]: automatic empty zone: 96.100.IN-ADDR.ARPA
Apr 21 20:10:57 mas01 named[3326]: automatic empty zone: 97.100.IN-ADDR.ARPA
Apr 21 20:10:57 mas01 named[3326]: automatic empty zone: 98.100.IN-ADDR.ARPA
Apr 21 20:10:57 mas01 named[3326]: automatic empty zone: 99.100.IN-ADDR.ARPA
Apr 21 20:10:57 mas01 named[3326]: automatic empty zone: 100.100.IN-ADDR.ARPA
Apr 21 20:10:57 mas01 named[3326]: automatic empty zone: 101.100.IN-ADDR.ARPA
Apr 21 20:10:57 mas01 named[3326]: automatic empty zone: 102.100.IN-ADDR.ARPA
Apr 21 20:10:57 mas01 named[3326]: automatic empty zone: 103.100.IN-ADDR.ARPA
Apr 21 20:10:57 mas01 named[3326]: automatic empty zone: 104.100.IN-ADDR.ARPA
Apr 21 20:10:57 mas01 named[3326]: automatic empty zone: 105.100.IN-ADDR.ARPA
Apr 21 20:10:57 mas01 named[3326]: automatic empty zone: 106.100.IN-ADDR.ARPA
Apr 21 20:10:57 mas01 named[3326]: automatic empty zone: 107.100.IN-ADDR.ARPA
Apr 21 20:10:57 mas01 named[3326]: automatic empty zone: 108.100.IN-ADDR.ARPA
Apr 21 20:10:57 mas01 named[3326]: automatic empty zone: 109.100.IN-ADDR.ARPA
Apr 21 20:10:57 mas01 named[3326]: automatic empty zone: 110.100.IN-ADDR.ARPA
Apr 21 20:10:57 mas01 named[3326]: automatic empty zone: 111.100.IN-ADDR.ARPA
Apr 21 20:10:57 mas01 named[3326]: automatic empty zone: 112.100.IN-ADDR.ARPA
Apr 21 20:10:57 mas01 named[3326]: automatic empty zone: 113.100.IN-ADDR.ARPA
Apr 21 20:10:57 mas01 named[3326]: automatic empty zone: 114.100.IN-ADDR.ARPA
Apr 21 20:10:57 mas01 named[3326]: automatic empty zone: 115.100.IN-ADDR.ARPA
Apr 21 20:10:57 mas01 named[3326]: automatic empty zone: 116.100.IN-ADDR.ARPA
Apr 21 20:10:57 mas01 named[3326]: automatic empty zone: 117.100.IN-ADDR.ARPA
Apr 21 20:10:57 mas01 named[3326]: automatic empty zone: 118.100.IN-ADDR.ARPA
Apr 21 20:10:57 mas01 named[3326]: automatic empty zone: 119.100.IN-ADDR.ARPA
Apr 21 20:10:57 mas01 named[3326]: automatic empty zone: 120.100.IN-ADDR.ARPA
Apr 21 20:10:57 mas01 named[3326]: automatic empty zone: 121.100.IN-ADDR.ARPA
Apr 21 20:10:57 mas01 named[3326]: automatic empty zone: 122.100.IN-ADDR.ARPA
Apr 21 20:10:57 mas01 named[3326]: automatic empty zone: 123.100.IN-ADDR.ARPA
Apr 21 20:10:57 mas01 named[3326]: automatic empty zone: 124.100.IN-ADDR.ARPA
Apr 21 20:10:57 mas01 named[3326]: automatic empty zone: 125.100.IN-ADDR.ARPA
Apr 21 20:10:57 mas01 named[3326]: automatic empty zone: 126.100.IN-ADDR.ARPA
Apr 21 20:10:57 mas01 named[3326]: automatic empty zone: 127.100.IN-ADDR.ARPA
Apr 21 20:10:57 mas01 named[3326]: automatic empty zone: 254.169.IN-ADDR.ARPA
Apr 21 20:10:57 mas01 named[3326]: automatic empty zone: 2.0.192.IN-ADDR.ARPA
Apr 21 20:10:57 mas01 named[3326]: automatic empty zone: 100.51.198.IN-ADDR.ARPA
Apr 21 20:10:57 mas01 named[3326]: automatic empty zone: 113.0.203.IN-ADDR.ARPA
Apr 21 20:10:57 mas01 named[3326]: automatic empty zone: 255.255.255.255.IN-ADDR.ARPA
Apr 21 20:10:57 mas01 named[3326]: automatic empty zone: 0.0.0.0.0.0.0.0.0.0.0.0.0.0.0.0.0.0.0.0.0.0.0.0.0.0.0.0.0.0.0.0.IP6.ARPA
Apr 21 20:10:57 mas01 named[3326]: automatic empty zone: 1.0.0.0.0.0.0.0.0.0.0.0.0.0.0.0.0.0.0.0.0.0.0.0.0.0.0.0.0.0.0.0.IP6.ARPA
Apr 21 20:10:57 mas01 named[3326]: automatic empty zone: D.F.IP6.ARPA
Apr 21 20:10:57 mas01 named[3326]: automatic empty zone: 8.E.F.IP6.ARPA
Apr 21 20:10:57 mas01 named[3326]: automatic empty zone: 9.E.F.IP6.ARPA
Apr 21 20:10:57 mas01 named[3326]: automatic empty zone: A.E.F.IP6.ARPA
Apr 21 20:10:57 mas01 named[3326]: automatic empty zone: B.E.F.IP6.ARPA
Apr 21 20:10:57 mas01 named[3326]: automatic empty zone: 8.B.D.0.1.0.0.2.IP6.ARPA
Apr 21 20:10:57 mas01 named[3326]: automatic empty zone: EMPTY.AS112.ARPA
Apr 21 20:10:57 mas01 named[3326]: configuring command channel from '/etc/bind/rndc.key'
Apr 21 20:10:57 mas01 named[3326]: reloading configuration succeeded
Apr 21 20:10:57 mas01 named[3326]: reloading zones succeeded
Apr 21 20:10:57 mas01 named[3326]: zone 4.167.10.in-addr.arpa/IN: loaded serial 16
Apr 21 20:10:57 mas01 named[3326]: zone 0.20.10.in-addr.arpa/IN: loaded serial 16
Apr 21 20:10:57 mas01 named[3326]: all zones loaded
Apr 21 20:10:57 mas01 named[3326]: zone maas/IN: loaded serial 16
Apr 21 20:10:57 mas01 named[3326]: running
Apr 21 20:10:57 mas01 named[3326]: zone 11.168.192.in-addr.arpa/IN: loaded serial 16
Apr 21 20:10:59 mas01 sh[3045]: 2019-04-21 20:10:59 provisioningserver.rackdservices.tftp: [info] ubuntu/amd64/hwe-16.04/xenial/daily/boot-initrd requested by 00:25:b5:a0:00:6a
Apr 21 20:11:01 mas01 sh[3398]: 2019-04-21 20:11:01 maasserver.region_controller: [info] Reloaded DNS configuration; ip 192.168.11.42 connected to cmp002 on eth0
Apr 21 20:11:02 mas01 sh[3411]: 2019-04-21 20:11:02 regiond: [info] 10.20.0.3 GET /MAAS/rpc/ HTTP/1.0 --> 200 OK (referrer: -; agent: provisioningserver.rpc.clusterservice.ClusterClientService)
Apr 21 20:11:02 mas01 salt-minion[6690]: [INFO    ] User sudo_ubuntu Executing command saltutil.find_job with jid 20190421201102830146
Apr 21 20:11:02 mas01 salt-minion[6690]: [INFO    ] Starting a new job with PID 7000
Apr 21 20:11:02 mas01 salt-minion[6690]: [INFO    ] Returning information for job: 20190421201102830146
Apr 21 20:11:13 mas01 dhcpd[6048]: DHCPDISCOVER from 00:25:b5:a0:00:5a via eth2
Apr 21 20:11:13 mas01 dhcpd[6048]: DHCPOFFER on 192.168.11.38 to 00:25:b5:a0:00:5a (cmp001) via eth2
Apr 21 20:11:13 mas01 dhcpd[6048]: execute_statement argv[0] = /usr/sbin/maas-dhcp-helper
Apr 21 20:11:13 mas01 dhcpd[6048]: execute_statement argv[1] = notify
Apr 21 20:11:13 mas01 dhcpd[6048]: execute_statement argv[2] = --action
Apr 21 20:11:13 mas01 dhcpd[6048]: execute_statement argv[3] = commit
Apr 21 20:11:13 mas01 dhcpd[6048]: execute_statement argv[4] = --mac
Apr 21 20:11:13 mas01 dhcpd[6048]: execute_statement argv[5] = 0:25:b5:a0:0:5a
Apr 21 20:11:13 mas01 dhcpd[6048]: execute_statement argv[6] = --ip-family
Apr 21 20:11:13 mas01 dhcpd[6048]: execute_statement argv[7] = ipv4
Apr 21 20:11:13 mas01 dhcpd[6048]: execute_statement argv[8] = --ip
Apr 21 20:11:13 mas01 dhcpd[6048]: execute_statement argv[9] = 192.168.11.38
Apr 21 20:11:13 mas01 dhcpd[6048]: execute_statement argv[10] = --lease-time
Apr 21 20:11:13 mas01 dhcpd[6048]: execute_statement argv[11] = 600
Apr 21 20:11:13 mas01 dhcpd[6048]: execute_statement argv[12] = --hostname
Apr 21 20:11:13 mas01 dhcpd[6048]: execute_statement argv[13] = cmp001
Apr 21 20:11:13 mas01 dhcpd[6048]: execute_statement argv[14] = --socket
Apr 21 20:11:13 mas01 dhcpd[6048]: execute_statement argv[15] = /var/lib/maas/dhcpd.sock
Apr 21 20:11:13 mas01 dhcpd[6048]: DHCPREQUEST for 192.168.11.38 (192.168.11.3) from 00:25:b5:a0:00:5a (cmp001) via eth2
Apr 21 20:11:13 mas01 dhcpd[6048]: DHCPACK on 192.168.11.38 to 00:25:b5:a0:00:5a (cmp001) via eth2
Apr 21 20:11:13 mas01 dhcpd[6048]: DHCPDISCOVER from 00:25:b5:a0:00:4a via eth2
Apr 21 20:11:13 mas01 dhcpd[6048]: DHCPOFFER on 192.168.11.40 to 00:25:b5:a0:00:4a (kvm03) via eth2
Apr 21 20:11:13 mas01 dhcpd[6048]: DHCPDISCOVER from 00:25:b5:a0:00:3a via eth2
Apr 21 20:11:13 mas01 dhcpd[6048]: DHCPOFFER on 192.168.11.41 to 00:25:b5:a0:00:3a (kvm02) via eth2
Apr 21 20:11:13 mas01 dhcpd[6048]: DHCPDISCOVER from 00:25:b5:a0:00:2a via eth2
Apr 21 20:11:13 mas01 dhcpd[6048]: DHCPOFFER on 192.168.11.39 to 00:25:b5:a0:00:2a (kvm01) via eth2
Apr 21 20:11:13 mas01 dhcpd[6048]: execute_statement argv[0] = /usr/sbin/maas-dhcp-helper
Apr 21 20:11:13 mas01 dhcpd[6048]: execute_statement argv[1] = notify
Apr 21 20:11:13 mas01 dhcpd[6048]: execute_statement argv[2] = --action
Apr 21 20:11:13 mas01 dhcpd[6048]: execute_statement argv[3] = commit
Apr 21 20:11:13 mas01 dhcpd[6048]: execute_statement argv[4] = --mac
Apr 21 20:11:13 mas01 dhcpd[6048]: execute_statement argv[5] = 0:25:b5:a0:0:4a
Apr 21 20:11:13 mas01 dhcpd[6048]: execute_statement argv[6] = --ip-family
Apr 21 20:11:13 mas01 dhcpd[6048]: execute_statement argv[7] = ipv4
Apr 21 20:11:13 mas01 dhcpd[6048]: execute_statement argv[8] = --ip
Apr 21 20:11:13 mas01 dhcpd[6048]: execute_statement argv[9] = 192.168.11.40
Apr 21 20:11:13 mas01 dhcpd[6048]: execute_statement argv[10] = --lease-time
Apr 21 20:11:13 mas01 dhcpd[6048]: execute_statement argv[11] = 600
Apr 21 20:11:13 mas01 dhcpd[6048]: execute_statement argv[12] = --hostname
Apr 21 20:11:13 mas01 dhcpd[6048]: execute_statement argv[13] = kvm03
Apr 21 20:11:13 mas01 dhcpd[6048]: execute_statement argv[14] = --socket
Apr 21 20:11:13 mas01 dhcpd[6048]: execute_statement argv[15] = /var/lib/maas/dhcpd.sock
Apr 21 20:11:13 mas01 sh[3411]: 2019-04-21 20:11:13 maasserver.rpc.leases: [info] Lease update: commit for 192.168.11.38 on 0:25:b5:a0:0:5a at 2019-04-21 20:11:13 (lease time: 600s) (hostname: cmp001)
Apr 21 20:11:13 mas01 dhcpd[6048]: DHCPREQUEST for 192.168.11.40 (192.168.11.3) from 00:25:b5:a0:00:4a (kvm03) via eth2
Apr 21 20:11:13 mas01 dhcpd[6048]: DHCPACK on 192.168.11.40 to 00:25:b5:a0:00:4a (kvm03) via eth2
Apr 21 20:11:13 mas01 dhcpd[6048]: execute_statement argv[0] = /usr/sbin/maas-dhcp-helper
Apr 21 20:11:13 mas01 dhcpd[6048]: execute_statement argv[1] = notify
Apr 21 20:11:13 mas01 dhcpd[6048]: execute_statement argv[2] = --action
Apr 21 20:11:13 mas01 dhcpd[6048]: execute_statement argv[3] = commit
Apr 21 20:11:13 mas01 dhcpd[6048]: execute_statement argv[4] = --mac
Apr 21 20:11:13 mas01 dhcpd[6048]: execute_statement argv[5] = 0:25:b5:a0:0:3a
Apr 21 20:11:13 mas01 dhcpd[6048]: execute_statement argv[6] = --ip-family
Apr 21 20:11:13 mas01 dhcpd[6048]: execute_statement argv[7] = ipv4
Apr 21 20:11:13 mas01 dhcpd[6048]: execute_statement argv[8] = --ip
Apr 21 20:11:13 mas01 dhcpd[6048]: execute_statement argv[9] = 192.168.11.41
Apr 21 20:11:13 mas01 dhcpd[6048]: execute_statement argv[10] = --lease-time
Apr 21 20:11:13 mas01 dhcpd[6048]: execute_statement argv[11] = 600
Apr 21 20:11:13 mas01 dhcpd[6048]: execute_statement argv[12] = --hostname
Apr 21 20:11:13 mas01 dhcpd[6048]: execute_statement argv[13] = kvm02
Apr 21 20:11:13 mas01 dhcpd[6048]: execute_statement argv[14] = --socket
Apr 21 20:11:13 mas01 dhcpd[6048]: execute_statement argv[15] = /var/lib/maas/dhcpd.sock
Apr 21 20:11:13 mas01 dhcpd[6048]: DHCPREQUEST for 192.168.11.41 (192.168.11.3) from 00:25:b5:a0:00:3a (kvm02) via eth2
Apr 21 20:11:13 mas01 dhcpd[6048]: DHCPACK on 192.168.11.41 to 00:25:b5:a0:00:3a (kvm02) via eth2
Apr 21 20:11:13 mas01 sh[3416]: 2019-04-21 20:11:13 maasserver.rpc.leases: [info] Lease update: commit for 192.168.11.40 on 0:25:b5:a0:0:4a at 2019-04-21 20:11:13 (lease time: 600s) (hostname: kvm03)
Apr 21 20:11:13 mas01 dhcpd[6048]: execute_statement argv[0] = /usr/sbin/maas-dhcp-helper
Apr 21 20:11:13 mas01 dhcpd[6048]: execute_statement argv[1] = notify
Apr 21 20:11:13 mas01 dhcpd[6048]: execute_statement argv[2] = --action
Apr 21 20:11:13 mas01 dhcpd[6048]: execute_statement argv[3] = commit
Apr 21 20:11:13 mas01 dhcpd[6048]: execute_statement argv[4] = --mac
Apr 21 20:11:13 mas01 dhcpd[6048]: execute_statement argv[5] = 0:25:b5:a0:0:2a
Apr 21 20:11:13 mas01 dhcpd[6048]: execute_statement argv[6] = --ip-family
Apr 21 20:11:13 mas01 dhcpd[6048]: execute_statement argv[7] = ipv4
Apr 21 20:11:13 mas01 dhcpd[6048]: execute_statement argv[8] = --ip
Apr 21 20:11:13 mas01 dhcpd[6048]: execute_statement argv[9] = 192.168.11.39
Apr 21 20:11:13 mas01 dhcpd[6048]: execute_statement argv[10] = --lease-time
Apr 21 20:11:13 mas01 dhcpd[6048]: execute_statement argv[11] = 600
Apr 21 20:11:13 mas01 dhcpd[6048]: execute_statement argv[12] = --hostname
Apr 21 20:11:13 mas01 dhcpd[6048]: execute_statement argv[13] = kvm01
Apr 21 20:11:13 mas01 dhcpd[6048]: execute_statement argv[14] = --socket
Apr 21 20:11:13 mas01 dhcpd[6048]: execute_statement argv[15] = /var/lib/maas/dhcpd.sock
Apr 21 20:11:13 mas01 dhcpd[6048]: DHCPREQUEST for 192.168.11.39 (192.168.11.3) from 00:25:b5:a0:00:2a (kvm01) via eth2
Apr 21 20:11:13 mas01 dhcpd[6048]: DHCPACK on 192.168.11.39 to 00:25:b5:a0:00:2a (kvm01) via eth2
Apr 21 20:11:13 mas01 dhcpd[6048]: DHCPDISCOVER from 00:25:b5:a0:00:6a via eth2
Apr 21 20:11:13 mas01 dhcpd[6048]: DHCPOFFER on 192.168.11.42 to 00:25:b5:a0:00:6a (cmp002) via eth2
Apr 21 20:11:13 mas01 dhcpd[6048]: execute_statement argv[0] = /usr/sbin/maas-dhcp-helper
Apr 21 20:11:13 mas01 dhcpd[6048]: execute_statement argv[1] = notify
Apr 21 20:11:13 mas01 dhcpd[6048]: execute_statement argv[2] = --action
Apr 21 20:11:13 mas01 dhcpd[6048]: execute_statement argv[3] = commit
Apr 21 20:11:13 mas01 dhcpd[6048]: execute_statement argv[4] = --mac
Apr 21 20:11:13 mas01 dhcpd[6048]: execute_statement argv[5] = 0:25:b5:a0:0:6a
Apr 21 20:11:13 mas01 dhcpd[6048]: execute_statement argv[6] = --ip-family
Apr 21 20:11:13 mas01 dhcpd[6048]: execute_statement argv[7] = ipv4
Apr 21 20:11:13 mas01 dhcpd[6048]: execute_statement argv[8] = --ip
Apr 21 20:11:13 mas01 dhcpd[6048]: execute_statement argv[9] = 192.168.11.42
Apr 21 20:11:13 mas01 dhcpd[6048]: execute_statement argv[10] = --lease-time
Apr 21 20:11:13 mas01 dhcpd[6048]: execute_statement argv[11] = 600
Apr 21 20:11:13 mas01 dhcpd[6048]: execute_statement argv[12] = --hostname
Apr 21 20:11:13 mas01 dhcpd[6048]: execute_statement argv[13] = cmp002
Apr 21 20:11:13 mas01 dhcpd[6048]: execute_statement argv[14] = --socket
Apr 21 20:11:13 mas01 dhcpd[6048]: execute_statement argv[15] = /var/lib/maas/dhcpd.sock
Apr 21 20:11:13 mas01 sh[3410]: 2019-04-21 20:11:13 maasserver.rpc.leases: [info] Lease update: commit for 192.168.11.41 on 0:25:b5:a0:0:3a at 2019-04-21 20:11:13 (lease time: 600s) (hostname: kvm02)
Apr 21 20:11:13 mas01 dhcpd[6048]: DHCPREQUEST for 192.168.11.42 (192.168.11.3) from 00:25:b5:a0:00:6a (cmp002) via eth2
Apr 21 20:11:13 mas01 dhcpd[6048]: DHCPACK on 192.168.11.42 to 00:25:b5:a0:00:6a (cmp002) via eth2
Apr 21 20:11:13 mas01 sh[3416]: 2019-04-21 20:11:13 maasserver.rpc.leases: [info] Lease update: commit for 192.168.11.39 on 0:25:b5:a0:0:2a at 2019-04-21 20:11:13 (lease time: 600s) (hostname: kvm01)
Apr 21 20:11:13 mas01 sh[3416]: 2019-04-21 20:11:13 maasserver.rpc.leases: [info] Lease update: commit for 192.168.11.42 on 0:25:b5:a0:0:6a at 2019-04-21 20:11:13 (lease time: 600s) (hostname: cmp002)
Apr 21 20:11:14 mas01 sh[3045]: 2019-04-21 20:11:14 rackd: [info] 192.168.11.38 GET /images/ubuntu/amd64/hwe-16.04/xenial/daily/squashfs HTTP/1.1 --> 200 OK (referrer: -; agent: Wget)
Apr 21 20:11:14 mas01 sh[3045]: 2019-04-21 20:11:14 rackd: [info] 192.168.11.40 GET /images/ubuntu/amd64/hwe-16.04/xenial/daily/squashfs HTTP/1.1 --> 200 OK (referrer: -; agent: Wget)
Apr 21 20:11:14 mas01 sh[3045]: 2019-04-21 20:11:14 rackd: [info] 192.168.11.41 GET /images/ubuntu/amd64/hwe-16.04/xenial/daily/squashfs HTTP/1.1 --> 200 OK (referrer: -; agent: Wget)
Apr 21 20:11:14 mas01 sh[3045]: 2019-04-21 20:11:14 rackd: [info] 192.168.11.39 GET /images/ubuntu/amd64/hwe-16.04/xenial/daily/squashfs HTTP/1.1 --> 200 OK (referrer: -; agent: Wget)
Apr 21 20:11:14 mas01 sh[3045]: 2019-04-21 20:11:14 rackd: [info] 192.168.11.42 GET /images/ubuntu/amd64/hwe-16.04/xenial/daily/squashfs HTTP/1.1 --> 200 OK (referrer: -; agent: Wget)
Apr 21 20:11:17 mas01 sh[3416]: 2019-04-21 20:11:17 regiond: [info] 192.168.11.38 GET /MAAS/metadata/latest/by-id/x6retc/?op=get_preseed HTTP/1.1 --> 200 OK (referrer: -; agent: Cloud-Init/18.5-45-g3554ffe8-0ubuntu1~16.04.1)
Apr 21 20:11:17 mas01 sh[3416]: 2019-04-21 20:11:17 regiond: [info] 192.168.11.41 GET /MAAS/metadata/latest/by-id/td7346/?op=get_preseed HTTP/1.1 --> 200 OK (referrer: -; agent: Cloud-Init/18.5-45-g3554ffe8-0ubuntu1~16.04.1)
Apr 21 20:11:17 mas01 sh[3411]: 2019-04-21 20:11:17 regiond: [info] 192.168.11.40 GET /MAAS/metadata/latest/by-id/dh3k7e/?op=get_preseed HTTP/1.1 --> 200 OK (referrer: -; agent: Cloud-Init/18.5-45-g3554ffe8-0ubuntu1~16.04.1)
Apr 21 20:11:17 mas01 sh[3398]: 2019-04-21 20:11:17 regiond: [info] 192.168.11.42 GET /MAAS/metadata/latest/by-id/pyffh7/?op=get_preseed HTTP/1.1 --> 200 OK (referrer: -; agent: Cloud-Init/18.5-45-g3554ffe8-0ubuntu1~16.04.1)
Apr 21 20:11:17 mas01 sh[3410]: 2019-04-21 20:11:17 regiond: [info] 192.168.11.38 POST /MAAS/metadata/status/x6retc HTTP/1.1 --> 204 NO_CONTENT (referrer: -; agent: python-requests/2.9.1)
Apr 21 20:11:17 mas01 sh[3411]: 2019-04-21 20:11:17 regiond: [info] 192.168.11.38 POST /MAAS/metadata/status/x6retc HTTP/1.1 --> 204 NO_CONTENT (referrer: -; agent: python-requests/2.9.1)
Apr 21 20:11:17 mas01 sh[3411]: 2019-04-21 20:11:17 regiond: [info] 192.168.11.40 POST /MAAS/metadata/status/dh3k7e HTTP/1.1 --> 204 NO_CONTENT (referrer: -; agent: python-requests/2.9.1)
Apr 21 20:11:17 mas01 sh[3398]: 2019-04-21 20:11:17 regiond: [info] 192.168.11.42 POST /MAAS/metadata/status/pyffh7 HTTP/1.1 --> 204 NO_CONTENT (referrer: -; agent: python-requests/2.9.1)
Apr 21 20:11:17 mas01 sh[3411]: 2019-04-21 20:11:17 regiond: [info] 192.168.11.40 POST /MAAS/metadata/status/dh3k7e HTTP/1.1 --> 204 NO_CONTENT (referrer: -; agent: python-requests/2.9.1)
Apr 21 20:11:17 mas01 sh[3410]: 2019-04-21 20:11:17 regiond: [info] 192.168.11.42 POST /MAAS/metadata/status/pyffh7 HTTP/1.1 --> 204 NO_CONTENT (referrer: -; agent: python-requests/2.9.1)
Apr 21 20:11:17 mas01 sh[3411]: 2019-04-21 20:11:17 regiond: [info] 192.168.11.41 POST /MAAS/metadata/status/td7346 HTTP/1.1 --> 204 NO_CONTENT (referrer: -; agent: python-requests/2.9.1)
Apr 21 20:11:17 mas01 sh[3411]: 2019-04-21 20:11:17 regiond: [info] 192.168.11.41 POST /MAAS/metadata/status/td7346 HTTP/1.1 --> 204 NO_CONTENT (referrer: -; agent: python-requests/2.9.1)
Apr 21 20:11:17 mas01 sh[3410]: 2019-04-21 20:11:17 regiond: [info] 192.168.11.39 GET /MAAS/metadata/latest/by-id/xb7xcq/?op=get_preseed HTTP/1.1 --> 200 OK (referrer: -; agent: Cloud-Init/18.5-45-g3554ffe8-0ubuntu1~16.04.1)
Apr 21 20:11:17 mas01 sh[3411]: 2019-04-21 20:11:17 regiond: [info] 192.168.11.39 POST /MAAS/metadata/status/xb7xcq HTTP/1.1 --> 204 NO_CONTENT (referrer: -; agent: python-requests/2.9.1)
Apr 21 20:11:17 mas01 sh[3416]: 2019-04-21 20:11:17 regiond: [info] 192.168.11.39 POST /MAAS/metadata/status/xb7xcq HTTP/1.1 --> 204 NO_CONTENT (referrer: -; agent: python-requests/2.9.1)
Apr 21 20:11:17 mas01 sh[3411]: 2019-04-21 20:11:17 regiond: [info] 192.168.11.38 POST /MAAS/metadata/status/x6retc HTTP/1.1 --> 204 NO_CONTENT (referrer: -; agent: python-requests/2.9.1)
Apr 21 20:11:17 mas01 sh[3416]: 2019-04-21 20:11:17 regiond: [info] 192.168.11.42 POST /MAAS/metadata/status/pyffh7 HTTP/1.1 --> 204 NO_CONTENT (referrer: -; agent: python-requests/2.9.1)
Apr 21 20:11:17 mas01 sh[3416]: 2019-04-21 20:11:17 regiond: [info] 192.168.11.41 POST /MAAS/metadata/status/td7346 HTTP/1.1 --> 204 NO_CONTENT (referrer: -; agent: python-requests/2.9.1)
Apr 21 20:11:17 mas01 sh[3416]: 2019-04-21 20:11:17 regiond: [info] 192.168.11.40 POST /MAAS/metadata/status/dh3k7e HTTP/1.1 --> 204 NO_CONTENT (referrer: -; agent: python-requests/2.9.1)
Apr 21 20:11:17 mas01 sh[3410]: 2019-04-21 20:11:17 regiond: [info] 192.168.11.39 POST /MAAS/metadata/status/xb7xcq HTTP/1.1 --> 204 NO_CONTENT (referrer: -; agent: python-requests/2.9.1)
Apr 21 20:11:17 mas01 sh[3410]: 2019-04-21 20:11:17 regiond: [info] 192.168.11.38 GET /MAAS/metadata/latest/by-id/x6retc/?op=get_preseed HTTP/1.1 --> 200 OK (referrer: -; agent: Cloud-Init/18.5-45-g3554ffe8-0ubuntu1~16.04.1)
Apr 21 20:11:17 mas01 sh[3416]: 2019-04-21 20:11:17 regiond: [info] 192.168.11.38 POST /MAAS/metadata/status/x6retc HTTP/1.1 --> 204 NO_CONTENT (referrer: -; agent: python-requests/2.9.1)
Apr 21 20:11:17 mas01 sh[3398]: 2019-04-21 20:11:17 regiond: [info] 192.168.11.42 GET /MAAS/metadata/latest/by-id/pyffh7/?op=get_preseed HTTP/1.1 --> 200 OK (referrer: -; agent: Cloud-Init/18.5-45-g3554ffe8-0ubuntu1~16.04.1)
Apr 21 20:11:17 mas01 sh[3416]: 2019-04-21 20:11:17 regiond: [info] 192.168.11.40 GET /MAAS/metadata/latest/by-id/dh3k7e/?op=get_preseed HTTP/1.1 --> 200 OK (referrer: -; agent: Cloud-Init/18.5-45-g3554ffe8-0ubuntu1~16.04.1)
Apr 21 20:11:17 mas01 sh[3411]: 2019-04-21 20:11:17 regiond: [info] 192.168.11.38 POST /MAAS/metadata/status/x6retc HTTP/1.1 --> 204 NO_CONTENT (referrer: -; agent: python-requests/2.9.1)
Apr 21 20:11:17 mas01 sh[3411]: 2019-04-21 20:11:17 regiond: [info] 192.168.11.41 GET /MAAS/metadata/latest/by-id/td7346/?op=get_preseed HTTP/1.1 --> 200 OK (referrer: -; agent: Cloud-Init/18.5-45-g3554ffe8-0ubuntu1~16.04.1)
Apr 21 20:11:17 mas01 sh[3398]: 2019-04-21 20:11:17 regiond: [info] 192.168.11.38 POST /MAAS/metadata/status/x6retc HTTP/1.1 --> 204 NO_CONTENT (referrer: -; agent: python-requests/2.9.1)
Apr 21 20:11:18 mas01 sh[3416]: 2019-04-21 20:11:18 regiond: [info] 192.168.11.42 POST /MAAS/metadata/status/pyffh7 HTTP/1.1 --> 204 NO_CONTENT (referrer: -; agent: python-requests/2.9.1)
Apr 21 20:11:18 mas01 sh[3398]: 2019-04-21 20:11:18 regiond: [info] 192.168.11.40 POST /MAAS/metadata/status/dh3k7e HTTP/1.1 --> 204 NO_CONTENT (referrer: -; agent: python-requests/2.9.1)
Apr 21 20:11:18 mas01 sh[3416]: 2019-04-21 20:11:18 regiond: [info] 192.168.11.42 POST /MAAS/metadata/status/pyffh7 HTTP/1.1 --> 204 NO_CONTENT (referrer: -; agent: python-requests/2.9.1)
Apr 21 20:11:18 mas01 sh[3398]: 2019-04-21 20:11:18 regiond: [info] 192.168.11.40 POST /MAAS/metadata/status/dh3k7e HTTP/1.1 --> 204 NO_CONTENT (referrer: -; agent: python-requests/2.9.1)
Apr 21 20:11:18 mas01 sh[3411]: 2019-04-21 20:11:18 regiond: [info] 192.168.11.41 POST /MAAS/metadata/status/td7346 HTTP/1.1 --> 204 NO_CONTENT (referrer: -; agent: python-requests/2.9.1)
Apr 21 20:11:18 mas01 sh[3398]: 2019-04-21 20:11:18 regiond: [info] 192.168.11.41 POST /MAAS/metadata/status/td7346 HTTP/1.1 --> 204 NO_CONTENT (referrer: -; agent: python-requests/2.9.1)
Apr 21 20:11:18 mas01 sh[3410]: 2019-04-21 20:11:18 regiond: [info] 192.168.11.42 POST /MAAS/metadata/status/pyffh7 HTTP/1.1 --> 204 NO_CONTENT (referrer: -; agent: python-requests/2.9.1)
Apr 21 20:11:18 mas01 sh[3416]: 2019-04-21 20:11:18 regiond: [info] 192.168.11.40 POST /MAAS/metadata/status/dh3k7e HTTP/1.1 --> 204 NO_CONTENT (referrer: -; agent: python-requests/2.9.1)
Apr 21 20:11:18 mas01 sh[3410]: 2019-04-21 20:11:18 regiond: [info] 192.168.11.39 GET /MAAS/metadata/latest/by-id/xb7xcq/?op=get_preseed HTTP/1.1 --> 200 OK (referrer: -; agent: Cloud-Init/18.5-45-g3554ffe8-0ubuntu1~16.04.1)
Apr 21 20:11:18 mas01 sh[3410]: 2019-04-21 20:11:18 regiond: [info] 192.168.11.41 POST /MAAS/metadata/status/td7346 HTTP/1.1 --> 204 NO_CONTENT (referrer: -; agent: python-requests/2.9.1)
Apr 21 20:11:18 mas01 sh[3410]: 2019-04-21 20:11:18 regiond: [info] 192.168.11.38 GET /MAAS/metadata/2012-03-01/meta-data/instance-id HTTP/1.1 --> 200 OK (referrer: -; agent: Cloud-Init/18.5-45-g3554ffe8-0ubuntu1~16.04.1)
Apr 21 20:11:18 mas01 sh[3398]: 2019-04-21 20:11:18 regiond: [info] 192.168.11.42 GET /MAAS/metadata/2012-03-01/meta-data/instance-id HTTP/1.1 --> 200 OK (referrer: -; agent: Cloud-Init/18.5-45-g3554ffe8-0ubuntu1~16.04.1)
Apr 21 20:11:18 mas01 sh[3411]: 2019-04-21 20:11:18 regiond: [info] 192.168.11.40 GET /MAAS/metadata/2012-03-01/meta-data/instance-id HTTP/1.1 --> 200 OK (referrer: -; agent: Cloud-Init/18.5-45-g3554ffe8-0ubuntu1~16.04.1)
Apr 21 20:11:18 mas01 sh[3411]: 2019-04-21 20:11:18 regiond: [info] 192.168.11.39 POST /MAAS/metadata/status/xb7xcq HTTP/1.1 --> 204 NO_CONTENT (referrer: -; agent: python-requests/2.9.1)
Apr 21 20:11:18 mas01 sh[3416]: 2019-04-21 20:11:18 regiond: [info] 192.168.11.41 GET /MAAS/metadata/2012-03-01/meta-data/instance-id HTTP/1.1 --> 200 OK (referrer: -; agent: Cloud-Init/18.5-45-g3554ffe8-0ubuntu1~16.04.1)
Apr 21 20:11:18 mas01 sh[3411]: 2019-04-21 20:11:18 regiond: [info] 192.168.11.39 POST /MAAS/metadata/status/xb7xcq HTTP/1.1 --> 204 NO_CONTENT (referrer: -; agent: python-requests/2.9.1)
Apr 21 20:11:18 mas01 sh[3416]: 2019-04-21 20:11:18 regiond: [info] 192.168.11.38 GET /MAAS/metadata/2012-03-01/meta-data/instance-id HTTP/1.1 --> 200 OK (referrer: -; agent: python-requests/2.9.1)
Apr 21 20:11:18 mas01 sh[3410]: 2019-04-21 20:11:18 regiond: [info] 192.168.11.39 POST /MAAS/metadata/status/xb7xcq HTTP/1.1 --> 204 NO_CONTENT (referrer: -; agent: python-requests/2.9.1)
Apr 21 20:11:18 mas01 sh[3416]: 2019-04-21 20:11:18 regiond: [info] 192.168.11.42 GET /MAAS/metadata/2012-03-01/meta-data/instance-id HTTP/1.1 --> 200 OK (referrer: -; agent: python-requests/2.9.1)
Apr 21 20:11:18 mas01 sh[3411]: 2019-04-21 20:11:18 regiond: [info] 192.168.11.40 GET /MAAS/metadata/2012-03-01/meta-data/instance-id HTTP/1.1 --> 200 OK (referrer: -; agent: python-requests/2.9.1)
Apr 21 20:11:18 mas01 sh[3416]: 2019-04-21 20:11:18 regiond: [info] 192.168.11.41 GET /MAAS/metadata/2012-03-01/meta-data/instance-id HTTP/1.1 --> 200 OK (referrer: -; agent: python-requests/2.9.1)
Apr 21 20:11:18 mas01 sh[3410]: 2019-04-21 20:11:18 regiond: [info] 192.168.11.39 GET /MAAS/metadata/2012-03-01/meta-data/instance-id HTTP/1.1 --> 200 OK (referrer: -; agent: Cloud-Init/18.5-45-g3554ffe8-0ubuntu1~16.04.1)
Apr 21 20:11:18 mas01 sh[3411]: 2019-04-21 20:11:18 regiond: [info] 192.168.11.38 GET /MAAS/metadata/2012-03-01/meta-data/local-hostname HTTP/1.1 --> 200 OK (referrer: -; agent: python-requests/2.9.1)
Apr 21 20:11:18 mas01 sh[3398]: 2019-04-21 20:11:18 regiond: [info] 192.168.11.42 GET /MAAS/metadata/2012-03-01/meta-data/local-hostname HTTP/1.1 --> 200 OK (referrer: -; agent: python-requests/2.9.1)
Apr 21 20:11:18 mas01 sh[3410]: 2019-04-21 20:11:18 regiond: [info] 192.168.11.40 GET /MAAS/metadata/2012-03-01/meta-data/local-hostname HTTP/1.1 --> 200 OK (referrer: -; agent: python-requests/2.9.1)
Apr 21 20:11:18 mas01 sh[3411]: 2019-04-21 20:11:18 regiond: [info] 192.168.11.41 GET /MAAS/metadata/2012-03-01/meta-data/local-hostname HTTP/1.1 --> 200 OK (referrer: -; agent: python-requests/2.9.1)
Apr 21 20:11:18 mas01 sh[3398]: 2019-04-21 20:11:18 regiond: [info] 192.168.11.39 GET /MAAS/metadata/2012-03-01/meta-data/instance-id HTTP/1.1 --> 200 OK (referrer: -; agent: python-requests/2.9.1)
Apr 21 20:11:18 mas01 sh[3410]: 2019-04-21 20:11:18 regiond: [info] 192.168.11.38 GET /MAAS/metadata/2012-03-01/meta-data/public-keys HTTP/1.1 --> 200 OK (referrer: -; agent: python-requests/2.9.1)
Apr 21 20:11:18 mas01 sh[3398]: 2019-04-21 20:11:18 regiond: [info] 192.168.11.42 GET /MAAS/metadata/2012-03-01/meta-data/public-keys HTTP/1.1 --> 200 OK (referrer: -; agent: python-requests/2.9.1)
Apr 21 20:11:18 mas01 sh[3398]: 2019-04-21 20:11:18 regiond: [info] 192.168.11.40 GET /MAAS/metadata/2012-03-01/meta-data/public-keys HTTP/1.1 --> 200 OK (referrer: -; agent: python-requests/2.9.1)
Apr 21 20:11:18 mas01 sh[3416]: 2019-04-21 20:11:18 regiond: [info] 192.168.11.41 GET /MAAS/metadata/2012-03-01/meta-data/public-keys HTTP/1.1 --> 200 OK (referrer: -; agent: python-requests/2.9.1)
Apr 21 20:11:18 mas01 sh[3411]: 2019-04-21 20:11:18 regiond: [info] 192.168.11.38 GET /MAAS/metadata/2012-03-01/meta-data/vendor-data HTTP/1.1 --> 200 OK (referrer: -; agent: python-requests/2.9.1)
Apr 21 20:11:18 mas01 sh[3416]: 2019-04-21 20:11:18 regiond: [info] 192.168.11.39 GET /MAAS/metadata/2012-03-01/meta-data/local-hostname HTTP/1.1 --> 200 OK (referrer: -; agent: python-requests/2.9.1)
Apr 21 20:11:18 mas01 sh[3416]: 2019-04-21 20:11:18 regiond: [info] 192.168.11.42 GET /MAAS/metadata/2012-03-01/meta-data/vendor-data HTTP/1.1 --> 200 OK (referrer: -; agent: python-requests/2.9.1)
Apr 21 20:11:18 mas01 sh[3410]: 2019-04-21 20:11:18 regiond: [info] 192.168.11.41 GET /MAAS/metadata/2012-03-01/meta-data/vendor-data HTTP/1.1 --> 200 OK (referrer: -; agent: python-requests/2.9.1)
Apr 21 20:11:18 mas01 sh[3411]: 2019-04-21 20:11:18 regiond: [info] 192.168.11.40 GET /MAAS/metadata/2012-03-01/meta-data/vendor-data HTTP/1.1 --> 200 OK (referrer: -; agent: python-requests/2.9.1)
Apr 21 20:11:18 mas01 sh[3411]: 2019-04-21 20:11:18 regiond: [info] 192.168.11.38 GET /MAAS/metadata/2012-03-01/user-data HTTP/1.1 --> 200 OK (referrer: -; agent: python-requests/2.9.1)
Apr 21 20:11:18 mas01 sh[3410]: 2019-04-21 20:11:18 regiond: [info] 192.168.11.38 POST /MAAS/metadata/status/x6retc HTTP/1.1 --> 204 NO_CONTENT (referrer: -; agent: python-requests/2.9.1)
Apr 21 20:11:18 mas01 sh[3398]: 2019-04-21 20:11:18 regiond: [info] 192.168.11.42 GET /MAAS/metadata/2012-03-01/user-data HTTP/1.1 --> 200 OK (referrer: -; agent: python-requests/2.9.1)
Apr 21 20:11:18 mas01 sh[3416]: 2019-04-21 20:11:18 regiond: [info] 192.168.11.42 POST /MAAS/metadata/status/pyffh7 HTTP/1.1 --> 204 NO_CONTENT (referrer: -; agent: python-requests/2.9.1)
Apr 21 20:11:18 mas01 sh[3411]: 2019-04-21 20:11:18 regiond: [info] 192.168.11.41 GET /MAAS/metadata/2012-03-01/user-data HTTP/1.1 --> 200 OK (referrer: -; agent: python-requests/2.9.1)
Apr 21 20:11:18 mas01 sh[3411]: 2019-04-21 20:11:18 regiond: [info] 192.168.11.41 POST /MAAS/metadata/status/td7346 HTTP/1.1 --> 204 NO_CONTENT (referrer: -; agent: python-requests/2.9.1)
Apr 21 20:11:18 mas01 sh[3416]: 2019-04-21 20:11:18 regiond: [info] 192.168.11.40 GET /MAAS/metadata/2012-03-01/user-data HTTP/1.1 --> 200 OK (referrer: -; agent: python-requests/2.9.1)
Apr 21 20:11:18 mas01 sh[3411]: 2019-04-21 20:11:18 regiond: [info] 192.168.11.40 POST /MAAS/metadata/status/dh3k7e HTTP/1.1 --> 204 NO_CONTENT (referrer: -; agent: python-requests/2.9.1)
Apr 21 20:11:18 mas01 sh[3410]: 2019-04-21 20:11:18 regiond: [info] 192.168.11.39 GET /MAAS/metadata/2012-03-01/meta-data/vendor-data HTTP/1.1 --> 200 OK (referrer: -; agent: python-requests/2.9.1)
Apr 21 20:11:18 mas01 sh[3411]: 2019-04-21 20:11:18 regiond: [info] 192.168.11.38 POST /MAAS/metadata/status/x6retc HTTP/1.1 --> 204 NO_CONTENT (referrer: -; agent: python-requests/2.9.1)
Apr 21 20:11:18 mas01 sh[3416]: 2019-04-21 20:11:18 regiond: [info] 192.168.11.39 GET /MAAS/metadata/2012-03-01/user-data HTTP/1.1 --> 200 OK (referrer: -; agent: python-requests/2.9.1)
Apr 21 20:11:18 mas01 sh[3398]: 2019-04-21 20:11:18 regiond: [info] 192.168.11.38 POST /MAAS/metadata/status/x6retc HTTP/1.1 --> 204 NO_CONTENT (referrer: -; agent: python-requests/2.9.1)
Apr 21 20:11:18 mas01 sh[3416]: 2019-04-21 20:11:18 regiond: [info] 192.168.11.39 POST /MAAS/metadata/status/xb7xcq HTTP/1.1 --> 204 NO_CONTENT (referrer: -; agent: python-requests/2.9.1)
Apr 21 20:11:18 mas01 sh[3416]: 2019-04-21 20:11:18 regiond: [info] 192.168.11.42 POST /MAAS/metadata/status/pyffh7 HTTP/1.1 --> 204 NO_CONTENT (referrer: -; agent: python-requests/2.9.1)
Apr 21 20:11:18 mas01 sh[3398]: 2019-04-21 20:11:18 regiond: [info] 192.168.11.41 POST /MAAS/metadata/status/td7346 HTTP/1.1 --> 204 NO_CONTENT (referrer: -; agent: python-requests/2.9.1)
Apr 21 20:11:18 mas01 sh[3398]: 2019-04-21 20:11:18 regiond: [info] 192.168.11.42 POST /MAAS/metadata/status/pyffh7 HTTP/1.1 --> 204 NO_CONTENT (referrer: -; agent: python-requests/2.9.1)
Apr 21 20:11:18 mas01 sh[3398]: 2019-04-21 20:11:18 regiond: [info] 192.168.11.41 POST /MAAS/metadata/status/td7346 HTTP/1.1 --> 204 NO_CONTENT (referrer: -; agent: python-requests/2.9.1)
Apr 21 20:11:18 mas01 sh[3416]: 2019-04-21 20:11:18 regiond: [info] 192.168.11.38 POST /MAAS/metadata/status/x6retc HTTP/1.1 --> 204 NO_CONTENT (referrer: -; agent: python-requests/2.9.1)
Apr 21 20:11:18 mas01 sh[3410]: 2019-04-21 20:11:18 regiond: [info] 192.168.11.40 POST /MAAS/metadata/status/dh3k7e HTTP/1.1 --> 204 NO_CONTENT (referrer: -; agent: python-requests/2.9.1)
Apr 21 20:11:18 mas01 sh[3411]: 2019-04-21 20:11:18 regiond: [info] 192.168.11.40 POST /MAAS/metadata/status/dh3k7e HTTP/1.1 --> 204 NO_CONTENT (referrer: -; agent: python-requests/2.9.1)
Apr 21 20:11:18 mas01 sh[3411]: 2019-04-21 20:11:18 regiond: [info] 192.168.11.38 POST /MAAS/metadata/status/x6retc HTTP/1.1 --> 204 NO_CONTENT (referrer: -; agent: python-requests/2.9.1)
Apr 21 20:11:18 mas01 sh[3411]: message repeated 2 times: [ 2019-04-21 20:11:18 regiond: [info] 192.168.11.38 POST /MAAS/metadata/status/x6retc HTTP/1.1 --> 204 NO_CONTENT (referrer: -; agent: python-requests/2.9.1)]
Apr 21 20:11:18 mas01 sh[3398]: 2019-04-21 20:11:18 regiond: [info] 192.168.11.41 POST /MAAS/metadata/status/td7346 HTTP/1.1 --> 204 NO_CONTENT (referrer: -; agent: python-requests/2.9.1)
Apr 21 20:11:18 mas01 sh[3398]: 2019-04-21 20:11:18 regiond: [info] 192.168.11.42 POST /MAAS/metadata/status/pyffh7 HTTP/1.1 --> 204 NO_CONTENT (referrer: -; agent: python-requests/2.9.1)
Apr 21 20:11:18 mas01 sh[3410]: 2019-04-21 20:11:18 regiond: [info] 192.168.11.41 POST /MAAS/metadata/status/td7346 HTTP/1.1 --> 204 NO_CONTENT (referrer: -; agent: python-requests/2.9.1)
Apr 21 20:11:18 mas01 sh[3410]: 2019-04-21 20:11:18 regiond: [info] 192.168.11.42 POST /MAAS/metadata/status/pyffh7 HTTP/1.1 --> 204 NO_CONTENT (referrer: -; agent: python-requests/2.9.1)
Apr 21 20:11:18 mas01 sh[3411]: 2019-04-21 20:11:18 regiond: [info] 192.168.11.41 POST /MAAS/metadata/status/td7346 HTTP/1.1 --> 204 NO_CONTENT (referrer: -; agent: python-requests/2.9.1)
Apr 21 20:11:18 mas01 sh[3398]: 2019-04-21 20:11:18 regiond: [info] 192.168.11.40 POST /MAAS/metadata/status/dh3k7e HTTP/1.1 --> 204 NO_CONTENT (referrer: -; agent: python-requests/2.9.1)
Apr 21 20:11:18 mas01 sh[3398]: 2019-04-21 20:11:18 regiond: [info] 192.168.11.42 POST /MAAS/metadata/status/pyffh7 HTTP/1.1 --> 204 NO_CONTENT (referrer: -; agent: python-requests/2.9.1)
Apr 21 20:11:18 mas01 sh[3410]: 2019-04-21 20:11:18 regiond: [info] 192.168.11.41 POST /MAAS/metadata/status/td7346 HTTP/1.1 --> 204 NO_CONTENT (referrer: -; agent: python-requests/2.9.1)
Apr 21 20:11:18 mas01 sh[3416]: 2019-04-21 20:11:18 regiond: [info] 192.168.11.40 POST /MAAS/metadata/status/dh3k7e HTTP/1.1 --> 204 NO_CONTENT (referrer: -; agent: python-requests/2.9.1)
Apr 21 20:11:18 mas01 sh[3398]: 2019-04-21 20:11:18 regiond: [info] 192.168.11.42 POST /MAAS/metadata/status/pyffh7 HTTP/1.1 --> 204 NO_CONTENT (referrer: -; agent: python-requests/2.9.1)
Apr 21 20:11:18 mas01 sh[3416]: 2019-04-21 20:11:18 regiond: [info] 192.168.11.40 POST /MAAS/metadata/status/dh3k7e HTTP/1.1 --> 204 NO_CONTENT (referrer: -; agent: python-requests/2.9.1)
Apr 21 20:11:18 mas01 sh[3398]: 2019-04-21 20:11:18 regiond: [info] 192.168.11.39 POST /MAAS/metadata/status/xb7xcq HTTP/1.1 --> 204 NO_CONTENT (referrer: -; agent: python-requests/2.9.1)
Apr 21 20:11:18 mas01 sh[3410]: 2019-04-21 20:11:18 regiond: [info] 192.168.11.39 POST /MAAS/metadata/status/xb7xcq HTTP/1.1 --> 204 NO_CONTENT (referrer: -; agent: python-requests/2.9.1)
Apr 21 20:11:18 mas01 sh[3398]: 2019-04-21 20:11:18 regiond: [info] 192.168.11.40 POST /MAAS/metadata/status/dh3k7e HTTP/1.1 --> 204 NO_CONTENT (referrer: -; agent: python-requests/2.9.1)
Apr 21 20:11:18 mas01 sh[3411]: 2019-04-21 20:11:18 regiond: [info] 192.168.11.38 POST /MAAS/metadata/status/x6retc HTTP/1.1 --> 204 NO_CONTENT (referrer: -; agent: python-requests/2.9.1)
Apr 21 20:11:18 mas01 sh[3398]: 2019-04-21 20:11:18 regiond: [info] 192.168.11.38 POST /MAAS/metadata/status/x6retc HTTP/1.1 --> 204 NO_CONTENT (referrer: -; agent: python-requests/2.9.1)
Apr 21 20:11:18 mas01 sh[3410]: 2019-04-21 20:11:18 regiond: [info] 192.168.11.41 POST /MAAS/metadata/status/td7346 HTTP/1.1 --> 204 NO_CONTENT (referrer: -; agent: python-requests/2.9.1)
Apr 21 20:11:18 mas01 sh[3398]: 2019-04-21 20:11:18 regiond: [info] 192.168.11.41 POST /MAAS/metadata/status/td7346 HTTP/1.1 --> 204 NO_CONTENT (referrer: -; agent: python-requests/2.9.1)
Apr 21 20:11:18 mas01 sh[3398]: 2019-04-21 20:11:18 regiond: [info] 192.168.11.42 POST /MAAS/metadata/status/pyffh7 HTTP/1.1 --> 204 NO_CONTENT (referrer: -; agent: python-requests/2.9.1)
Apr 21 20:11:18 mas01 sh[3411]: 2019-04-21 20:11:18 regiond: [info] 192.168.11.39 POST /MAAS/metadata/status/xb7xcq HTTP/1.1 --> 204 NO_CONTENT (referrer: -; agent: python-requests/2.9.1)
Apr 21 20:11:18 mas01 sh[3398]: 2019-04-21 20:11:18 regiond: [info] 192.168.11.42 POST /MAAS/metadata/status/pyffh7 HTTP/1.1 --> 204 NO_CONTENT (referrer: -; agent: python-requests/2.9.1)
Apr 21 20:11:18 mas01 sh[3410]: 2019-04-21 20:11:18 regiond: [info] 192.168.11.40 POST /MAAS/metadata/status/dh3k7e HTTP/1.1 --> 204 NO_CONTENT (referrer: -; agent: python-requests/2.9.1)
Apr 21 20:11:18 mas01 sh[3410]: 2019-04-21 20:11:18 regiond: [info] 192.168.11.39 POST /MAAS/metadata/status/xb7xcq HTTP/1.1 --> 204 NO_CONTENT (referrer: -; agent: python-requests/2.9.1)
Apr 21 20:11:18 mas01 sh[3398]: 2019-04-21 20:11:18 regiond: [info] 192.168.11.40 POST /MAAS/metadata/status/dh3k7e HTTP/1.1 --> 204 NO_CONTENT (referrer: -; agent: python-requests/2.9.1)
Apr 21 20:11:18 mas01 sh[3398]: 2019-04-21 20:11:18 regiond: [info] 192.168.11.39 POST /MAAS/metadata/status/xb7xcq HTTP/1.1 --> 204 NO_CONTENT (referrer: -; agent: python-requests/2.9.1)
Apr 21 20:11:18 mas01 sh[3411]: 2019-04-21 20:11:18 regiond: [info] 192.168.11.39 POST /MAAS/metadata/status/xb7xcq HTTP/1.1 --> 204 NO_CONTENT (referrer: -; agent: python-requests/2.9.1)
Apr 21 20:11:18 mas01 sh[3411]: 2019-04-21 20:11:18 regiond: [info] 192.168.11.38 POST /MAAS/metadata/status/x6retc HTTP/1.1 --> 204 NO_CONTENT (referrer: -; agent: python-requests/2.9.1)
Apr 21 20:11:18 mas01 sh[3416]: 2019-04-21 20:11:18 regiond: [info] 192.168.11.38 POST /MAAS/metadata/status/x6retc HTTP/1.1 --> 204 NO_CONTENT (referrer: -; agent: python-requests/2.9.1)
Apr 21 20:11:18 mas01 sh[3416]: message repeated 2 times: [ 2019-04-21 20:11:18 regiond: [info] 192.168.11.38 POST /MAAS/metadata/status/x6retc HTTP/1.1 --> 204 NO_CONTENT (referrer: -; agent: python-requests/2.9.1)]
Apr 21 20:11:18 mas01 sh[3411]: 2019-04-21 20:11:18 regiond: [info] 192.168.11.38 POST /MAAS/metadata/status/x6retc HTTP/1.1 --> 204 NO_CONTENT (referrer: -; agent: python-requests/2.9.1)
Apr 21 20:11:18 mas01 sh[3410]: 2019-04-21 20:11:18 regiond: [info] 192.168.11.38 POST /MAAS/metadata/status/x6retc HTTP/1.1 --> 204 NO_CONTENT (referrer: -; agent: python-requests/2.9.1)
Apr 21 20:11:18 mas01 sh[3398]: 2019-04-21 20:11:18 regiond: [info] 192.168.11.41 POST /MAAS/metadata/status/td7346 HTTP/1.1 --> 204 NO_CONTENT (referrer: -; agent: python-requests/2.9.1)
Apr 21 20:11:18 mas01 sh[3416]: 2019-04-21 20:11:18 regiond: [info] 192.168.11.41 POST /MAAS/metadata/status/td7346 HTTP/1.1 --> 204 NO_CONTENT (referrer: -; agent: python-requests/2.9.1)
Apr 21 20:11:18 mas01 sh[3410]: 2019-04-21 20:11:18 regiond: [info] 192.168.11.42 POST /MAAS/metadata/status/pyffh7 HTTP/1.1 --> 204 NO_CONTENT (referrer: -; agent: python-requests/2.9.1)
Apr 21 20:11:18 mas01 sh[3416]: 2019-04-21 20:11:18 regiond: [info] 192.168.11.38 POST /MAAS/metadata/status/x6retc HTTP/1.1 --> 204 NO_CONTENT (referrer: -; agent: python-requests/2.9.1)
Apr 21 20:11:18 mas01 sh[3410]: 2019-04-21 20:11:18 regiond: [info] 192.168.11.42 POST /MAAS/metadata/status/pyffh7 HTTP/1.1 --> 204 NO_CONTENT (referrer: -; agent: python-requests/2.9.1)
Apr 21 20:11:18 mas01 sh[3411]: 2019-04-21 20:11:18 regiond: [info] 192.168.11.41 POST /MAAS/metadata/status/td7346 HTTP/1.1 --> 204 NO_CONTENT (referrer: -; agent: python-requests/2.9.1)
Apr 21 20:11:18 mas01 sh[3411]: 2019-04-21 20:11:18 regiond: [info] 192.168.11.38 POST /MAAS/metadata/status/x6retc HTTP/1.1 --> 204 NO_CONTENT (referrer: -; agent: python-requests/2.9.1)
Apr 21 20:11:18 mas01 sh[3410]: 2019-04-21 20:11:18 regiond: [info] 192.168.11.42 POST /MAAS/metadata/status/pyffh7 HTTP/1.1 --> 204 NO_CONTENT (referrer: -; agent: python-requests/2.9.1)
Apr 21 20:11:18 mas01 sh[3398]: 2019-04-21 20:11:18 regiond: [info] 192.168.11.41 POST /MAAS/metadata/status/td7346 HTTP/1.1 --> 204 NO_CONTENT (referrer: -; agent: python-requests/2.9.1)
Apr 21 20:11:18 mas01 sh[3398]: 2019-04-21 20:11:18 regiond: [info] 192.168.11.38 POST /MAAS/metadata/status/x6retc HTTP/1.1 --> 204 NO_CONTENT (referrer: -; agent: python-requests/2.9.1)
Apr 21 20:11:18 mas01 sh[3398]: 2019-04-21 20:11:18 regiond: [info] 192.168.11.40 POST /MAAS/metadata/status/dh3k7e HTTP/1.1 --> 204 NO_CONTENT (referrer: -; agent: python-requests/2.9.1)
Apr 21 20:11:18 mas01 sh[3416]: 2019-04-21 20:11:18 regiond: [info] 192.168.11.41 POST /MAAS/metadata/status/td7346 HTTP/1.1 --> 204 NO_CONTENT (referrer: -; agent: python-requests/2.9.1)
Apr 21 20:11:18 mas01 sh[3411]: 2019-04-21 20:11:18 regiond: [info] 192.168.11.42 POST /MAAS/metadata/status/pyffh7 HTTP/1.1 --> 204 NO_CONTENT (referrer: -; agent: python-requests/2.9.1)
Apr 21 20:11:18 mas01 sh[3411]: 2019-04-21 20:11:18 regiond: [info] 192.168.11.40 POST /MAAS/metadata/status/dh3k7e HTTP/1.1 --> 204 NO_CONTENT (referrer: -; agent: python-requests/2.9.1)
Apr 21 20:11:18 mas01 sh[3410]: 2019-04-21 20:11:18 regiond: [info] 192.168.11.42 POST /MAAS/metadata/status/pyffh7 HTTP/1.1 --> 204 NO_CONTENT (referrer: -; agent: python-requests/2.9.1)
Apr 21 20:11:18 mas01 sh[3411]: 2019-04-21 20:11:18 regiond: [info] 192.168.11.41 POST /MAAS/metadata/status/td7346 HTTP/1.1 --> 204 NO_CONTENT (referrer: -; agent: python-requests/2.9.1)
Apr 21 20:11:18 mas01 sh[3411]: 2019-04-21 20:11:18 regiond: [info] 192.168.11.40 POST /MAAS/metadata/status/dh3k7e HTTP/1.1 --> 204 NO_CONTENT (referrer: -; agent: python-requests/2.9.1)
Apr 21 20:11:18 mas01 sh[3416]: 2019-04-21 20:11:18 regiond: [info] 192.168.11.42 POST /MAAS/metadata/status/pyffh7 HTTP/1.1 --> 204 NO_CONTENT (referrer: -; agent: python-requests/2.9.1)
Apr 21 20:11:18 mas01 sh[3416]: 2019-04-21 20:11:18 regiond: [info] 192.168.11.41 POST /MAAS/metadata/status/td7346 HTTP/1.1 --> 204 NO_CONTENT (referrer: -; agent: python-requests/2.9.1)
Apr 21 20:11:18 mas01 sh[3398]: 2019-04-21 20:11:18 regiond: [info] 192.168.11.40 POST /MAAS/metadata/status/dh3k7e HTTP/1.1 --> 204 NO_CONTENT (referrer: -; agent: python-requests/2.9.1)
Apr 21 20:11:18 mas01 sh[3416]: 2019-04-21 20:11:18 regiond: [info] 192.168.11.42 POST /MAAS/metadata/status/pyffh7 HTTP/1.1 --> 204 NO_CONTENT (referrer: -; agent: python-requests/2.9.1)
Apr 21 20:11:18 mas01 sh[3411]: 2019-04-21 20:11:18 regiond: [info] 192.168.11.39 POST /MAAS/metadata/status/xb7xcq HTTP/1.1 --> 204 NO_CONTENT (referrer: -; agent: python-requests/2.9.1)
Apr 21 20:11:18 mas01 sh[3411]: 2019-04-21 20:11:18 regiond: [info] 192.168.11.41 POST /MAAS/metadata/status/td7346 HTTP/1.1 --> 204 NO_CONTENT (referrer: -; agent: python-requests/2.9.1)
Apr 21 20:11:18 mas01 sh[3398]: 2019-04-21 20:11:18 regiond: [info] 192.168.11.40 POST /MAAS/metadata/status/dh3k7e HTTP/1.1 --> 204 NO_CONTENT (referrer: -; agent: python-requests/2.9.1)
Apr 21 20:11:18 mas01 sh[3411]: 2019-04-21 20:11:18 regiond: [info] 192.168.11.42 POST /MAAS/metadata/status/pyffh7 HTTP/1.1 --> 204 NO_CONTENT (referrer: -; agent: python-requests/2.9.1)
Apr 21 20:11:18 mas01 sh[3416]: 2019-04-21 20:11:18 regiond: [info] 192.168.11.41 POST /MAAS/metadata/status/td7346 HTTP/1.1 --> 204 NO_CONTENT (referrer: -; agent: python-requests/2.9.1)
Apr 21 20:11:18 mas01 sh[3398]: 2019-04-21 20:11:18 regiond: [info] 192.168.11.40 POST /MAAS/metadata/status/dh3k7e HTTP/1.1 --> 204 NO_CONTENT (referrer: -; agent: python-requests/2.9.1)
Apr 21 20:11:18 mas01 sh[3416]: 2019-04-21 20:11:18 regiond: [info] 192.168.11.38 POST /MAAS/metadata/status/x6retc HTTP/1.1 --> 204 NO_CONTENT (referrer: -; agent: python-requests/2.9.1)
Apr 21 20:11:18 mas01 sh[3411]: 2019-04-21 20:11:18 regiond: [info] 192.168.11.39 POST /MAAS/metadata/status/xb7xcq HTTP/1.1 --> 204 NO_CONTENT (referrer: -; agent: python-requests/2.9.1)
Apr 21 20:11:18 mas01 sh[3398]: 2019-04-21 20:11:18 regiond: [info] 192.168.11.42 POST /MAAS/metadata/status/pyffh7 HTTP/1.1 --> 204 NO_CONTENT (referrer: -; agent: python-requests/2.9.1)
Apr 21 20:11:18 mas01 sh[3416]: 2019-04-21 20:11:18 regiond: [info] 192.168.11.40 POST /MAAS/metadata/status/dh3k7e HTTP/1.1 --> 204 NO_CONTENT (referrer: -; agent: python-requests/2.9.1)
Apr 21 20:11:18 mas01 sh[3398]: 2019-04-21 20:11:18 regiond: [info] 192.168.11.38 POST /MAAS/metadata/status/x6retc HTTP/1.1 --> 204 NO_CONTENT (referrer: -; agent: python-requests/2.9.1)
Apr 21 20:11:18 mas01 sh[3398]: 2019-04-21 20:11:18 regiond: [info] 192.168.11.40 POST /MAAS/metadata/status/dh3k7e HTTP/1.1 --> 204 NO_CONTENT (referrer: -; agent: python-requests/2.9.1)
Apr 21 20:11:18 mas01 sh[3416]: 2019-04-21 20:11:18 regiond: [info] 192.168.11.40 POST /MAAS/metadata/status/dh3k7e HTTP/1.1 --> 204 NO_CONTENT (referrer: -; agent: python-requests/2.9.1)
Apr 21 20:11:18 mas01 sh[3410]: 2019-04-21 20:11:18 regiond: [info] 192.168.11.38 POST /MAAS/metadata/status/x6retc HTTP/1.1 --> 204 NO_CONTENT (referrer: -; agent: python-requests/2.9.1)
Apr 21 20:11:18 mas01 sh[3410]: 2019-04-21 20:11:18 regiond: [info] 192.168.11.41 POST /MAAS/metadata/status/td7346 HTTP/1.1 --> 204 NO_CONTENT (referrer: -; agent: python-requests/2.9.1)
Apr 21 20:11:18 mas01 sh[3416]: 2019-04-21 20:11:18 regiond: [info] 192.168.11.38 POST /MAAS/metadata/status/x6retc HTTP/1.1 --> 204 NO_CONTENT (referrer: -; agent: python-requests/2.9.1)
Apr 21 20:11:18 mas01 sh[3410]: 2019-04-21 20:11:18 regiond: [info] 192.168.11.41 POST /MAAS/metadata/status/td7346 HTTP/1.1 --> 204 NO_CONTENT (referrer: -; agent: python-requests/2.9.1)
Apr 21 20:11:18 mas01 sh[3411]: 2019-04-21 20:11:18 regiond: [info] 192.168.11.42 POST /MAAS/metadata/status/pyffh7 HTTP/1.1 --> 204 NO_CONTENT (referrer: -; agent: python-requests/2.9.1)
Apr 21 20:11:18 mas01 sh[3410]: 2019-04-21 20:11:18 regiond: [info] 192.168.11.38 POST /MAAS/metadata/status/x6retc HTTP/1.1 --> 204 NO_CONTENT (referrer: -; agent: python-requests/2.9.1)
Apr 21 20:11:18 mas01 sh[3398]: 2019-04-21 20:11:18 regiond: [info] 192.168.11.42 POST /MAAS/metadata/status/pyffh7 HTTP/1.1 --> 204 NO_CONTENT (referrer: -; agent: python-requests/2.9.1)
Apr 21 20:11:18 mas01 sh[3416]: 2019-04-21 20:11:18 regiond: [info] 192.168.11.38 POST /MAAS/metadata/status/x6retc HTTP/1.1 --> 204 NO_CONTENT (referrer: -; agent: python-requests/2.9.1)
Apr 21 20:11:18 mas01 sh[3411]: 2019-04-21 20:11:18 regiond: [info] 192.168.11.40 POST /MAAS/metadata/status/dh3k7e HTTP/1.1 --> 204 NO_CONTENT (referrer: -; agent: python-requests/2.9.1)
Apr 21 20:11:18 mas01 sh[3411]: 2019-04-21 20:11:18 regiond: [info] 192.168.11.38 POST /MAAS/metadata/status/x6retc HTTP/1.1 --> 204 NO_CONTENT (referrer: -; agent: python-requests/2.9.1)
Apr 21 20:11:18 mas01 sh[3410]: 2019-04-21 20:11:18 regiond: [info] 192.168.11.41 POST /MAAS/metadata/status/td7346 HTTP/1.1 --> 204 NO_CONTENT (referrer: -; agent: python-requests/2.9.1)
Apr 21 20:11:18 mas01 sh[3416]: 2019-04-21 20:11:18 regiond: [info] 192.168.11.40 POST /MAAS/metadata/status/dh3k7e HTTP/1.1 --> 204 NO_CONTENT (referrer: -; agent: python-requests/2.9.1)
Apr 21 20:11:18 mas01 sh[3416]: 2019-04-21 20:11:18 regiond: [info] 192.168.11.38 POST /MAAS/metadata/status/x6retc HTTP/1.1 --> 204 NO_CONTENT (referrer: -; agent: python-requests/2.9.1)
Apr 21 20:11:18 mas01 sh[3416]: 2019-04-21 20:11:18 regiond: [info] 192.168.11.41 POST /MAAS/metadata/status/td7346 HTTP/1.1 --> 204 NO_CONTENT (referrer: -; agent: python-requests/2.9.1)
Apr 21 20:11:18 mas01 sh[3411]: 2019-04-21 20:11:18 regiond: [info] 192.168.11.42 POST /MAAS/metadata/status/pyffh7 HTTP/1.1 --> 204 NO_CONTENT (referrer: -; agent: python-requests/2.9.1)
Apr 21 20:11:18 mas01 sh[3411]: 2019-04-21 20:11:18 regiond: [info] 192.168.11.38 POST /MAAS/metadata/status/x6retc HTTP/1.1 --> 204 NO_CONTENT (referrer: -; agent: python-requests/2.9.1)
Apr 21 20:11:18 mas01 sh[3416]: 2019-04-21 20:11:18 regiond: [info] 192.168.11.41 POST /MAAS/metadata/status/td7346 HTTP/1.1 --> 204 NO_CONTENT (referrer: -; agent: python-requests/2.9.1)
Apr 21 20:11:18 mas01 sh[3410]: 2019-04-21 20:11:18 regiond: [info] 192.168.11.42 POST /MAAS/metadata/status/pyffh7 HTTP/1.1 --> 204 NO_CONTENT (referrer: -; agent: python-requests/2.9.1)
Apr 21 20:11:18 mas01 sh[3411]: 2019-04-21 20:11:18 regiond: [info] 192.168.11.38 POST /MAAS/metadata/status/x6retc HTTP/1.1 --> 204 NO_CONTENT (referrer: -; agent: python-requests/2.9.1)
Apr 21 20:11:18 mas01 sh[3411]: 2019-04-21 20:11:18 regiond: [info] 192.168.11.41 POST /MAAS/metadata/status/td7346 HTTP/1.1 --> 204 NO_CONTENT (referrer: -; agent: python-requests/2.9.1)
Apr 21 20:11:18 mas01 sh[3416]: 2019-04-21 20:11:18 regiond: [info] 192.168.11.40 POST /MAAS/metadata/status/dh3k7e HTTP/1.1 --> 204 NO_CONTENT (referrer: -; agent: python-requests/2.9.1)
