Oct 18 09:24:30 gtw01 dnsmasq-dhcp[27738]: read /var/lib/neutron/dhcp/d30499ee-7307-4b69-8814-8161e4fdf99d/host
Oct 18 09:24:30 gtw01 dnsmasq-dhcp[27738]: read /var/lib/neutron/dhcp/d30499ee-7307-4b69-8814-8161e4fdf99d/opts
Oct 18 09:24:31 gtw01 dnsmasq[27717]: read /var/lib/neutron/dhcp/94de107f-0495-4fac-a4f7-28c914a9fca5/addn_hosts - 4 addresses
Oct 18 09:24:31 gtw01 dnsmasq-dhcp[27717]: read /var/lib/neutron/dhcp/94de107f-0495-4fac-a4f7-28c914a9fca5/host
Oct 18 09:24:31 gtw01 dnsmasq-dhcp[27717]: read /var/lib/neutron/dhcp/94de107f-0495-4fac-a4f7-28c914a9fca5/opts
Oct 18 09:24:31 gtw01 dnsmasq-dhcp[17929]: DHCPDISCOVER(tapefd535a5-63) fa:16:3e:b8:4a:75
Oct 18 09:24:31 gtw01 dnsmasq-dhcp[17929]: DHCPOFFER(tapefd535a5-63) 192.168.120.3 fa:16:3e:b8:4a:75
Oct 18 09:24:31 gtw01 dnsmasq-dhcp[17929]: DHCPREQUEST(tapefd535a5-63) 192.168.120.3 fa:16:3e:b8:4a:75
Oct 18 09:24:31 gtw01 dnsmasq-dhcp[17929]: DHCPACK(tapefd535a5-63) 192.168.120.3 fa:16:3e:b8:4a:75 host-192-168-120-3
Oct 18 09:24:31 gtw01 dnsmasq[27717]: read /var/lib/neutron/dhcp/94de107f-0495-4fac-a4f7-28c914a9fca5/addn_hosts - 4 addresses
Oct 18 09:24:31 gtw01 dnsmasq-dhcp[27717]: read /var/lib/neutron/dhcp/94de107f-0495-4fac-a4f7-28c914a9fca5/host
Oct 18 09:24:31 gtw01 dnsmasq-dhcp[27717]: read /var/lib/neutron/dhcp/94de107f-0495-4fac-a4f7-28c914a9fca5/opts
Oct 18 09:24:32 gtw01 dnsmasq[27335]: read /var/lib/neutron/dhcp/f47051ee-b11d-4341-aab1-f62c8a6fba07/addn_hosts - 3 addresses
Oct 18 09:24:32 gtw01 dnsmasq-dhcp[27335]: read /var/lib/neutron/dhcp/f47051ee-b11d-4341-aab1-f62c8a6fba07/host
Oct 18 09:24:32 gtw01 dnsmasq-dhcp[27335]: read /var/lib/neutron/dhcp/f47051ee-b11d-4341-aab1-f62c8a6fba07/opts
Oct 18 09:24:33 gtw01 dnsmasq[27717]: read /var/lib/neutron/dhcp/94de107f-0495-4fac-a4f7-28c914a9fca5/addn_hosts - 4 addresses
Oct 18 09:24:33 gtw01 dnsmasq-dhcp[27717]: read /var/lib/neutron/dhcp/94de107f-0495-4fac-a4f7-28c914a9fca5/host
Oct 18 09:24:33 gtw01 dnsmasq-dhcp[27717]: read /var/lib/neutron/dhcp/94de107f-0495-4fac-a4f7-28c914a9fca5/opts
Oct 18 09:24:33 gtw01 dnsmasq[27335]: read /var/lib/neutron/dhcp/f47051ee-b11d-4341-aab1-f62c8a6fba07/addn_hosts - 3 addresses
Oct 18 09:24:33 gtw01 dnsmasq-dhcp[27335]: read /var/lib/neutron/dhcp/f47051ee-b11d-4341-aab1-f62c8a6fba07/host
Oct 18 09:24:33 gtw01 dnsmasq-dhcp[27335]: read /var/lib/neutron/dhcp/f47051ee-b11d-4341-aab1-f62c8a6fba07/opts
Oct 18 09:24:34 gtw01 dnsmasq[27717]: read /var/lib/neutron/dhcp/94de107f-0495-4fac-a4f7-28c914a9fca5/addn_hosts - 4 addresses
Oct 18 09:24:34 gtw01 dnsmasq-dhcp[27717]: read /var/lib/neutron/dhcp/94de107f-0495-4fac-a4f7-28c914a9fca5/host
Oct 18 09:24:34 gtw01 dnsmasq-dhcp[27717]: read /var/lib/neutron/dhcp/94de107f-0495-4fac-a4f7-28c914a9fca5/opts
Oct 18 09:24:34 gtw01 dnsmasq[27335]: read /var/lib/neutron/dhcp/f47051ee-b11d-4341-aab1-f62c8a6fba07/addn_hosts - 3 addresses
Oct 18 09:24:34 gtw01 dnsmasq-dhcp[27335]: read /var/lib/neutron/dhcp/f47051ee-b11d-4341-aab1-f62c8a6fba07/host
Oct 18 09:24:34 gtw01 dnsmasq-dhcp[27335]: read /var/lib/neutron/dhcp/f47051ee-b11d-4341-aab1-f62c8a6fba07/opts
Oct 18 09:24:35 gtw01 dnsmasq[27717]: read /var/lib/neutron/dhcp/94de107f-0495-4fac-a4f7-28c914a9fca5/addn_hosts - 4 addresses
Oct 18 09:24:35 gtw01 dnsmasq-dhcp[27717]: read /var/lib/neutron/dhcp/94de107f-0495-4fac-a4f7-28c914a9fca5/host
Oct 18 09:24:35 gtw01 dnsmasq-dhcp[27717]: read /var/lib/neutron/dhcp/94de107f-0495-4fac-a4f7-28c914a9fca5/opts
Oct 18 09:24:36 gtw01 dnsmasq[27717]: read /var/lib/neutron/dhcp/94de107f-0495-4fac-a4f7-28c914a9fca5/addn_hosts - 4 addresses
Oct 18 09:24:36 gtw01 dnsmasq-dhcp[27717]: read /var/lib/neutron/dhcp/94de107f-0495-4fac-a4f7-28c914a9fca5/host
Oct 18 09:24:36 gtw01 dnsmasq-dhcp[27717]: read /var/lib/neutron/dhcp/94de107f-0495-4fac-a4f7-28c914a9fca5/opts
Oct 18 09:24:37 gtw01 dnsmasq[27717]: read /var/lib/neutron/dhcp/94de107f-0495-4fac-a4f7-28c914a9fca5/addn_hosts - 4 addresses
Oct 18 09:24:37 gtw01 dnsmasq-dhcp[27717]: read /var/lib/neutron/dhcp/94de107f-0495-4fac-a4f7-28c914a9fca5/host
Oct 18 09:24:37 gtw01 dnsmasq-dhcp[27717]: read /var/lib/neutron/dhcp/94de107f-0495-4fac-a4f7-28c914a9fca5/opts
Oct 18 09:24:38 gtw01 dnsmasq[27717]: read /var/lib/neutron/dhcp/94de107f-0495-4fac-a4f7-28c914a9fca5/addn_hosts - 4 addresses
Oct 18 09:24:38 gtw01 dnsmasq-dhcp[27717]: read /var/lib/neutron/dhcp/94de107f-0495-4fac-a4f7-28c914a9fca5/host
Oct 18 09:24:38 gtw01 dnsmasq-dhcp[27717]: read /var/lib/neutron/dhcp/94de107f-0495-4fac-a4f7-28c914a9fca5/opts
Oct 18 09:24:38 gtw01 dnsmasq[27717]: read /var/lib/neutron/dhcp/94de107f-0495-4fac-a4f7-28c914a9fca5/addn_hosts - 4 addresses
Oct 18 09:24:38 gtw01 dnsmasq-dhcp[27717]: read /var/lib/neutron/dhcp/94de107f-0495-4fac-a4f7-28c914a9fca5/host
Oct 18 09:24:38 gtw01 dnsmasq-dhcp[27717]: read /var/lib/neutron/dhcp/94de107f-0495-4fac-a4f7-28c914a9fca5/opts
Oct 18 09:24:41 gtw01 dnsmasq[27738]: read /var/lib/neutron/dhcp/d30499ee-7307-4b69-8814-8161e4fdf99d/addn_hosts - 2 addresses
Oct 18 09:24:41 gtw01 dnsmasq-dhcp[27738]: read /var/lib/neutron/dhcp/d30499ee-7307-4b69-8814-8161e4fdf99d/host
Oct 18 09:24:41 gtw01 dnsmasq-dhcp[27738]: read /var/lib/neutron/dhcp/d30499ee-7307-4b69-8814-8161e4fdf99d/opts
Oct 18 09:24:42 gtw01 dnsmasq-dhcp[27717]: DHCPDISCOVER(tape9bb479e-57) fa:16:3e:10:07:b5
Oct 18 09:24:42 gtw01 dnsmasq-dhcp[27717]: DHCPOFFER(tape9bb479e-57) 192.168.120.4 fa:16:3e:10:07:b5
Oct 18 09:24:42 gtw01 dnsmasq-dhcp[27717]: DHCPREQUEST(tape9bb479e-57) 192.168.120.4 fa:16:3e:10:07:b5
Oct 18 09:24:42 gtw01 dnsmasq-dhcp[27717]: DHCPACK(tape9bb479e-57) 192.168.120.4 fa:16:3e:10:07:b5 host-192-168-120-4
Oct 18 09:24:42 gtw01 dnsmasq[27738]: read /var/lib/neutron/dhcp/d30499ee-7307-4b69-8814-8161e4fdf99d/addn_hosts - 2 addresses
Oct 18 09:24:42 gtw01 dnsmasq-dhcp[27738]: read /var/lib/neutron/dhcp/d30499ee-7307-4b69-8814-8161e4fdf99d/host
Oct 18 09:24:42 gtw01 dnsmasq-dhcp[27738]: read /var/lib/neutron/dhcp/d30499ee-7307-4b69-8814-8161e4fdf99d/opts
Oct 18 09:24:43 gtw01 dnsmasq-dhcp[17929]: DHCPRELEASE(tapefd535a5-63) 192.168.120.3 fa:16:3e:b8:4a:75
Oct 18 09:24:43 gtw01 dnsmasq[27738]: read /var/lib/neutron/dhcp/d30499ee-7307-4b69-8814-8161e4fdf99d/addn_hosts - 2 addresses
Oct 18 09:24:43 gtw01 dnsmasq-dhcp[27738]: read /var/lib/neutron/dhcp/d30499ee-7307-4b69-8814-8161e4fdf99d/host
Oct 18 09:24:43 gtw01 dnsmasq-dhcp[27738]: read /var/lib/neutron/dhcp/d30499ee-7307-4b69-8814-8161e4fdf99d/opts
Oct 18 09:24:45 gtw01 dnsmasq-dhcp[27717]: DHCPDISCOVER(tape9bb479e-57) fa:16:3e:f6:ed:50
Oct 18 09:24:45 gtw01 dnsmasq-dhcp[27717]: DHCPOFFER(tape9bb479e-57) 192.168.120.7 fa:16:3e:f6:ed:50
Oct 18 09:24:45 gtw01 dnsmasq-dhcp[27717]: DHCPREQUEST(tape9bb479e-57) 192.168.120.7 fa:16:3e:f6:ed:50
Oct 18 09:24:45 gtw01 dnsmasq-dhcp[27717]: DHCPACK(tape9bb479e-57) 192.168.120.7 fa:16:3e:f6:ed:50 host-192-168-120-7
Oct 18 09:24:48 gtw01 dnsmasq-dhcp[27717]: DHCPDISCOVER(tape9bb479e-57) fa:16:3e:b9:19:53
Oct 18 09:24:48 gtw01 dnsmasq-dhcp[27717]: DHCPOFFER(tape9bb479e-57) 192.168.120.13 fa:16:3e:b9:19:53
Oct 18 09:24:48 gtw01 dnsmasq-dhcp[27717]: DHCPREQUEST(tape9bb479e-57) 192.168.120.13 fa:16:3e:b9:19:53
Oct 18 09:24:48 gtw01 dnsmasq-dhcp[27717]: DHCPACK(tape9bb479e-57) 192.168.120.13 fa:16:3e:b9:19:53 host-192-168-120-13
Oct 18 09:24:49 gtw01 dnsmasq[17929]: read /var/lib/neutron/dhcp/248a8850-aa71-48af-a15b-be1141188c4c/addn_hosts - 2 addresses
Oct 18 09:24:49 gtw01 dnsmasq-dhcp[17929]: read /var/lib/neutron/dhcp/248a8850-aa71-48af-a15b-be1141188c4c/host
Oct 18 09:24:49 gtw01 dnsmasq-dhcp[17929]: read /var/lib/neutron/dhcp/248a8850-aa71-48af-a15b-be1141188c4c/opts
Oct 18 09:24:50 gtw01 dnsmasq-dhcp[27335]: DHCPDISCOVER(tap3d44b956-d5) fa:16:3e:10:05:79
Oct 18 09:24:50 gtw01 dnsmasq-dhcp[27335]: DHCPOFFER(tap3d44b956-d5) 192.168.120.6 fa:16:3e:10:05:79
Oct 18 09:24:50 gtw01 dnsmasq-dhcp[27335]: DHCPREQUEST(tap3d44b956-d5) 192.168.120.6 fa:16:3e:10:05:79
Oct 18 09:24:50 gtw01 dnsmasq-dhcp[27335]: DHCPACK(tap3d44b956-d5) 192.168.120.6 fa:16:3e:10:05:79 host-192-168-120-6
Oct 18 09:24:53 gtw01 dnsmasq[17929]: read /var/lib/neutron/dhcp/248a8850-aa71-48af-a15b-be1141188c4c/addn_hosts - 3 addresses
Oct 18 09:24:53 gtw01 dnsmasq-dhcp[17929]: read /var/lib/neutron/dhcp/248a8850-aa71-48af-a15b-be1141188c4c/host
Oct 18 09:24:53 gtw01 dnsmasq-dhcp[17929]: read /var/lib/neutron/dhcp/248a8850-aa71-48af-a15b-be1141188c4c/opts
Oct 18 09:24:54 gtw01 dnsmasq[17929]: read /var/lib/neutron/dhcp/248a8850-aa71-48af-a15b-be1141188c4c/addn_hosts - 3 addresses
Oct 18 09:24:54 gtw01 dnsmasq-dhcp[17929]: read /var/lib/neutron/dhcp/248a8850-aa71-48af-a15b-be1141188c4c/host
Oct 18 09:24:54 gtw01 dnsmasq-dhcp[17929]: read /var/lib/neutron/dhcp/248a8850-aa71-48af-a15b-be1141188c4c/opts
Oct 18 09:24:54 gtw01 haproxy-metadata-proxy-f47051ee-b11d-4341-aab1-f62c8a6fba07[27340]: 192.168.120.6:51398 [18/Oct/2019:09:24:53.802] listener listener/metadata 0/0/2/980/982 200 2283 - - ---- 1/1/0/1/0 0/0 "GET /openstack/latest/meta_data.json HTTP/1.1"
Oct 18 09:24:55 gtw01 dnsmasq[17929]: read /var/lib/neutron/dhcp/248a8850-aa71-48af-a15b-be1141188c4c/addn_hosts - 3 addresses
Oct 18 09:24:55 gtw01 dnsmasq-dhcp[17929]: read /var/lib/neutron/dhcp/248a8850-aa71-48af-a15b-be1141188c4c/host
Oct 18 09:24:55 gtw01 dnsmasq-dhcp[17929]: read /var/lib/neutron/dhcp/248a8850-aa71-48af-a15b-be1141188c4c/opts
Oct 18 09:25:00 gtw01 dnsmasq[27738]: read /var/lib/neutron/dhcp/d30499ee-7307-4b69-8814-8161e4fdf99d/addn_hosts - 1 addresses
Oct 18 09:25:00 gtw01 dnsmasq-dhcp[27738]: read /var/lib/neutron/dhcp/d30499ee-7307-4b69-8814-8161e4fdf99d/host
Oct 18 09:25:00 gtw01 dnsmasq-dhcp[27738]: read /var/lib/neutron/dhcp/d30499ee-7307-4b69-8814-8161e4fdf99d/opts
Oct 18 09:25:02 gtw01 dnsmasq[17929]: read /var/lib/neutron/dhcp/248a8850-aa71-48af-a15b-be1141188c4c/addn_hosts - 2 addresses
Oct 18 09:25:02 gtw01 dnsmasq-dhcp[17929]: read /var/lib/neutron/dhcp/248a8850-aa71-48af-a15b-be1141188c4c/host
Oct 18 09:25:02 gtw01 dnsmasq-dhcp[17929]: read /var/lib/neutron/dhcp/248a8850-aa71-48af-a15b-be1141188c4c/opts
Oct 18 09:25:03 gtw01 dnsmasq-dhcp[27335]: DHCPRELEASE(tap3d44b956-d5) 192.168.120.6 fa:16:3e:10:05:79
Oct 18 09:25:03 gtw01 dnsmasq-dhcp[27335]: DHCPRELEASE(tap3d44b956-d5) 192.168.120.6 fa:16:3e:10:05:79 unknown lease
Oct 18 09:25:04 gtw01 dnsmasq[27335]: read /var/lib/neutron/dhcp/f47051ee-b11d-4341-aab1-f62c8a6fba07/addn_hosts - 2 addresses
Oct 18 09:25:04 gtw01 dnsmasq-dhcp[27335]: read /var/lib/neutron/dhcp/f47051ee-b11d-4341-aab1-f62c8a6fba07/host
Oct 18 09:25:04 gtw01 dnsmasq-dhcp[27335]: read /var/lib/neutron/dhcp/f47051ee-b11d-4341-aab1-f62c8a6fba07/opts
Oct 18 09:25:07 gtw01 dnsmasq[17929]: read /var/lib/neutron/dhcp/248a8850-aa71-48af-a15b-be1141188c4c/addn_hosts - 3 addresses
Oct 18 09:25:07 gtw01 dnsmasq-dhcp[17929]: read /var/lib/neutron/dhcp/248a8850-aa71-48af-a15b-be1141188c4c/host
Oct 18 09:25:07 gtw01 dnsmasq-dhcp[17929]: read /var/lib/neutron/dhcp/248a8850-aa71-48af-a15b-be1141188c4c/opts
Oct 18 09:25:08 gtw01 kernel: [ 6733.154650] device tap6b0c88f7-5e left promiscuous mode
Oct 18 09:25:08 gtw01 dnsmasq[17929]: read /var/lib/neutron/dhcp/248a8850-aa71-48af-a15b-be1141188c4c/addn_hosts - 3 addresses
Oct 18 09:25:08 gtw01 dnsmasq-dhcp[17929]: read /var/lib/neutron/dhcp/248a8850-aa71-48af-a15b-be1141188c4c/host
Oct 18 09:25:08 gtw01 dnsmasq-dhcp[17929]: read /var/lib/neutron/dhcp/248a8850-aa71-48af-a15b-be1141188c4c/opts
Oct 18 09:25:09 gtw01 dnsmasq[17929]: read /var/lib/neutron/dhcp/248a8850-aa71-48af-a15b-be1141188c4c/addn_hosts - 3 addresses
Oct 18 09:25:09 gtw01 dnsmasq-dhcp[17929]: read /var/lib/neutron/dhcp/248a8850-aa71-48af-a15b-be1141188c4c/host
Oct 18 09:25:09 gtw01 dnsmasq-dhcp[17929]: read /var/lib/neutron/dhcp/248a8850-aa71-48af-a15b-be1141188c4c/opts
Oct 18 09:25:10 gtw01 dnsmasq-dhcp[27717]: DHCPRELEASE(tape9bb479e-57) 192.168.120.4 fa:16:3e:10:07:b5
Oct 18 09:25:14 gtw01 dnsmasq[27335]: read /var/lib/neutron/dhcp/f47051ee-b11d-4341-aab1-f62c8a6fba07/addn_hosts - 1 addresses
Oct 18 09:25:14 gtw01 dnsmasq-dhcp[27335]: read /var/lib/neutron/dhcp/f47051ee-b11d-4341-aab1-f62c8a6fba07/host
Oct 18 09:25:14 gtw01 dnsmasq-dhcp[27335]: read /var/lib/neutron/dhcp/f47051ee-b11d-4341-aab1-f62c8a6fba07/opts
Oct 18 09:25:19 gtw01 kernel: [ 6744.197027] device tap3d44b956-d5 left promiscuous mode
Oct 18 09:25:21 gtw01 dnsmasq-dhcp[27717]: DHCPRELEASE(tape9bb479e-57) 192.168.120.7 fa:16:3e:f6:ed:50
Oct 18 09:25:22 gtw01 dnsmasq-dhcp[27717]: DHCPRELEASE(tape9bb479e-57) 192.168.120.7 fa:16:3e:f6:ed:50 unknown lease
Oct 18 09:25:22 gtw01 dnsmasq[27717]: read /var/lib/neutron/dhcp/94de107f-0495-4fac-a4f7-28c914a9fca5/addn_hosts - 3 addresses
Oct 18 09:25:22 gtw01 dnsmasq-dhcp[27717]: read /var/lib/neutron/dhcp/94de107f-0495-4fac-a4f7-28c914a9fca5/host
Oct 18 09:25:22 gtw01 dnsmasq-dhcp[27717]: read /var/lib/neutron/dhcp/94de107f-0495-4fac-a4f7-28c914a9fca5/opts
Oct 18 09:25:23 gtw01 dnsmasq-dhcp[17929]: DHCPDISCOVER(tapefd535a5-63) fa:16:3e:90:45:47
Oct 18 09:25:23 gtw01 dnsmasq-dhcp[17929]: DHCPOFFER(tapefd535a5-63) 192.168.120.4 fa:16:3e:90:45:47
Oct 18 09:25:23 gtw01 dnsmasq-dhcp[17929]: DHCPREQUEST(tapefd535a5-63) 192.168.120.4 fa:16:3e:90:45:47
Oct 18 09:25:23 gtw01 dnsmasq-dhcp[17929]: DHCPACK(tapefd535a5-63) 192.168.120.4 fa:16:3e:90:45:47 host-192-168-120-4
Oct 18 09:25:24 gtw01 dnsmasq-dhcp[27717]: DHCPRELEASE(tape9bb479e-57) 192.168.120.13 fa:16:3e:b9:19:53
Oct 18 09:25:24 gtw01 dnsmasq-dhcp[27717]: DHCPRELEASE(tape9bb479e-57) 192.168.120.13 fa:16:3e:b9:19:53 unknown lease
Oct 18 09:25:25 gtw01 dnsmasq[27717]: read /var/lib/neutron/dhcp/94de107f-0495-4fac-a4f7-28c914a9fca5/addn_hosts - 2 addresses
Oct 18 09:25:25 gtw01 dnsmasq-dhcp[27717]: read /var/lib/neutron/dhcp/94de107f-0495-4fac-a4f7-28c914a9fca5/host
Oct 18 09:25:25 gtw01 dnsmasq-dhcp[27717]: read /var/lib/neutron/dhcp/94de107f-0495-4fac-a4f7-28c914a9fca5/opts
Oct 18 09:25:26 gtw01 dnsmasq-dhcp[17929]: DHCPRELEASE(tapefd535a5-63) 192.168.120.4 fa:16:3e:90:45:47
Oct 18 09:25:27 gtw01 dnsmasq[27717]: read /var/lib/neutron/dhcp/94de107f-0495-4fac-a4f7-28c914a9fca5/addn_hosts - 1 addresses
Oct 18 09:25:27 gtw01 dnsmasq-dhcp[27717]: read /var/lib/neutron/dhcp/94de107f-0495-4fac-a4f7-28c914a9fca5/host
Oct 18 09:25:27 gtw01 dnsmasq-dhcp[27717]: read /var/lib/neutron/dhcp/94de107f-0495-4fac-a4f7-28c914a9fca5/opts
Oct 18 09:25:28 gtw01 dnsmasq[17929]: read /var/lib/neutron/dhcp/248a8850-aa71-48af-a15b-be1141188c4c/addn_hosts - 4 addresses
Oct 18 09:25:28 gtw01 dnsmasq-dhcp[17929]: read /var/lib/neutron/dhcp/248a8850-aa71-48af-a15b-be1141188c4c/host
Oct 18 09:25:28 gtw01 dnsmasq-dhcp[17929]: read /var/lib/neutron/dhcp/248a8850-aa71-48af-a15b-be1141188c4c/opts
Oct 18 09:25:29 gtw01 dnsmasq[17929]: read /var/lib/neutron/dhcp/248a8850-aa71-48af-a15b-be1141188c4c/addn_hosts - 4 addresses
Oct 18 09:25:29 gtw01 dnsmasq-dhcp[17929]: read /var/lib/neutron/dhcp/248a8850-aa71-48af-a15b-be1141188c4c/host
Oct 18 09:25:29 gtw01 dnsmasq-dhcp[17929]: read /var/lib/neutron/dhcp/248a8850-aa71-48af-a15b-be1141188c4c/opts
Oct 18 09:25:30 gtw01 kernel: [ 6755.399961] device tape9bb479e-57 left promiscuous mode
Oct 18 09:25:30 gtw01 dnsmasq[17929]: read /var/lib/neutron/dhcp/248a8850-aa71-48af-a15b-be1141188c4c/addn_hosts - 4 addresses
Oct 18 09:25:30 gtw01 dnsmasq-dhcp[17929]: read /var/lib/neutron/dhcp/248a8850-aa71-48af-a15b-be1141188c4c/host
Oct 18 09:25:30 gtw01 dnsmasq-dhcp[17929]: read /var/lib/neutron/dhcp/248a8850-aa71-48af-a15b-be1141188c4c/opts
Oct 18 09:25:31 gtw01 dnsmasq[17929]: read /var/lib/neutron/dhcp/248a8850-aa71-48af-a15b-be1141188c4c/addn_hosts - 4 addresses
Oct 18 09:25:31 gtw01 dnsmasq-dhcp[17929]: read /var/lib/neutron/dhcp/248a8850-aa71-48af-a15b-be1141188c4c/host
Oct 18 09:25:31 gtw01 dnsmasq-dhcp[17929]: read /var/lib/neutron/dhcp/248a8850-aa71-48af-a15b-be1141188c4c/opts
Oct 18 09:25:32 gtw01 dnsmasq[17929]: read /var/lib/neutron/dhcp/248a8850-aa71-48af-a15b-be1141188c4c/addn_hosts - 4 addresses
Oct 18 09:25:32 gtw01 dnsmasq-dhcp[17929]: read /var/lib/neutron/dhcp/248a8850-aa71-48af-a15b-be1141188c4c/host
Oct 18 09:25:32 gtw01 dnsmasq-dhcp[17929]: read /var/lib/neutron/dhcp/248a8850-aa71-48af-a15b-be1141188c4c/opts
Oct 18 09:25:37 gtw01 dnsmasq[17929]: read /var/lib/neutron/dhcp/248a8850-aa71-48af-a15b-be1141188c4c/addn_hosts - 3 addresses
Oct 18 09:25:37 gtw01 dnsmasq-dhcp[17929]: read /var/lib/neutron/dhcp/248a8850-aa71-48af-a15b-be1141188c4c/host
Oct 18 09:25:37 gtw01 dnsmasq-dhcp[17929]: read /var/lib/neutron/dhcp/248a8850-aa71-48af-a15b-be1141188c4c/opts
Oct 18 09:25:39 gtw01 systemd-udevd[28474]: Could not generate persistent MAC address for tapd186dfee-5c: No such file or directory
Oct 18 09:25:39 gtw01 kernel: [ 6764.159792] device tapd186dfee-5c entered promiscuous mode
Oct 18 09:25:39 gtw01 systemd-udevd[28541]: Process '/sbin/ip link set tapd186dfee-5c txqueuelen 10000' failed with exit code 1.
Oct 18 09:25:41 gtw01 dnsmasq[17929]: read /var/lib/neutron/dhcp/248a8850-aa71-48af-a15b-be1141188c4c/addn_hosts - 2 addresses
Oct 18 09:25:41 gtw01 dnsmasq-dhcp[17929]: read /var/lib/neutron/dhcp/248a8850-aa71-48af-a15b-be1141188c4c/host
Oct 18 09:25:41 gtw01 dnsmasq-dhcp[17929]: read /var/lib/neutron/dhcp/248a8850-aa71-48af-a15b-be1141188c4c/opts
Oct 18 09:25:42 gtw01 dnsmasq[28622]: started, version 2.80 cachesize 150
Oct 18 09:25:42 gtw01 dnsmasq[28622]: DNS service limited to local subnets
Oct 18 09:25:42 gtw01 dnsmasq[28622]: compile time options: IPv6 GNU-getopt DBus i18n IDN DHCP DHCPv6 no-Lua TFTP conntrack ipset auth DNSSEC loop-detect inotify dumpfile
Oct 18 09:25:42 gtw01 dnsmasq[28622]: warning: no upstream servers configured
Oct 18 09:25:42 gtw01 dnsmasq-dhcp[28622]: DHCP, static leases only on 192.168.120.0, lease time 1h
Oct 18 09:25:42 gtw01 dnsmasq[28622]: read /var/lib/neutron/dhcp/e2f3aae6-3a99-4172-8045-51aa61df37a4/addn_hosts - 1 addresses
Oct 18 09:25:42 gtw01 dnsmasq-dhcp[28622]: read /var/lib/neutron/dhcp/e2f3aae6-3a99-4172-8045-51aa61df37a4/host
Oct 18 09:25:42 gtw01 dnsmasq-dhcp[28622]: read /var/lib/neutron/dhcp/e2f3aae6-3a99-4172-8045-51aa61df37a4/opts
Oct 18 09:25:42 gtw01 haproxy-metadata-proxy-e2f3aae6-3a99-4172-8045-51aa61df37a4[28626]: Proxy listener started.
Oct 18 09:25:43 gtw01 dnsmasq[28622]: read /var/lib/neutron/dhcp/e2f3aae6-3a99-4172-8045-51aa61df37a4/addn_hosts - 2 addresses
Oct 18 09:25:43 gtw01 dnsmasq-dhcp[28622]: read /var/lib/neutron/dhcp/e2f3aae6-3a99-4172-8045-51aa61df37a4/host
Oct 18 09:25:43 gtw01 dnsmasq-dhcp[28622]: read /var/lib/neutron/dhcp/e2f3aae6-3a99-4172-8045-51aa61df37a4/opts
Oct 18 09:25:44 gtw01 dnsmasq[28622]: read /var/lib/neutron/dhcp/e2f3aae6-3a99-4172-8045-51aa61df37a4/addn_hosts - 2 addresses
Oct 18 09:25:44 gtw01 dnsmasq-dhcp[28622]: read /var/lib/neutron/dhcp/e2f3aae6-3a99-4172-8045-51aa61df37a4/host
Oct 18 09:25:44 gtw01 dnsmasq-dhcp[28622]: read /var/lib/neutron/dhcp/e2f3aae6-3a99-4172-8045-51aa61df37a4/opts
Oct 18 09:25:45 gtw01 dnsmasq[28622]: read /var/lib/neutron/dhcp/e2f3aae6-3a99-4172-8045-51aa61df37a4/addn_hosts - 2 addresses
Oct 18 09:25:45 gtw01 dnsmasq-dhcp[28622]: read /var/lib/neutron/dhcp/e2f3aae6-3a99-4172-8045-51aa61df37a4/host
Oct 18 09:25:45 gtw01 dnsmasq-dhcp[28622]: read /var/lib/neutron/dhcp/e2f3aae6-3a99-4172-8045-51aa61df37a4/opts
Oct 18 09:25:46 gtw01 dnsmasq[28622]: read /var/lib/neutron/dhcp/e2f3aae6-3a99-4172-8045-51aa61df37a4/addn_hosts - 2 addresses
Oct 18 09:25:46 gtw01 dnsmasq-dhcp[28622]: read /var/lib/neutron/dhcp/e2f3aae6-3a99-4172-8045-51aa61df37a4/host
Oct 18 09:25:46 gtw01 dnsmasq-dhcp[28622]: read /var/lib/neutron/dhcp/e2f3aae6-3a99-4172-8045-51aa61df37a4/opts
Oct 18 09:25:47 gtw01 dnsmasq[17929]: read /var/lib/neutron/dhcp/248a8850-aa71-48af-a15b-be1141188c4c/addn_hosts - 3 addresses
Oct 18 09:25:47 gtw01 dnsmasq-dhcp[17929]: read /var/lib/neutron/dhcp/248a8850-aa71-48af-a15b-be1141188c4c/host
Oct 18 09:25:47 gtw01 dnsmasq-dhcp[17929]: read /var/lib/neutron/dhcp/248a8850-aa71-48af-a15b-be1141188c4c/opts
Oct 18 09:25:47 gtw01 dnsmasq[28622]: read /var/lib/neutron/dhcp/e2f3aae6-3a99-4172-8045-51aa61df37a4/addn_hosts - 2 addresses
Oct 18 09:25:47 gtw01 dnsmasq-dhcp[28622]: read /var/lib/neutron/dhcp/e2f3aae6-3a99-4172-8045-51aa61df37a4/host
Oct 18 09:25:47 gtw01 dnsmasq-dhcp[28622]: read /var/lib/neutron/dhcp/e2f3aae6-3a99-4172-8045-51aa61df37a4/opts
Oct 18 09:25:48 gtw01 dnsmasq[17929]: read /var/lib/neutron/dhcp/248a8850-aa71-48af-a15b-be1141188c4c/addn_hosts - 4 addresses
Oct 18 09:25:48 gtw01 dnsmasq-dhcp[17929]: read /var/lib/neutron/dhcp/248a8850-aa71-48af-a15b-be1141188c4c/host
Oct 18 09:25:48 gtw01 dnsmasq-dhcp[17929]: read /var/lib/neutron/dhcp/248a8850-aa71-48af-a15b-be1141188c4c/opts
Oct 18 09:25:49 gtw01 dnsmasq[17929]: read /var/lib/neutron/dhcp/248a8850-aa71-48af-a15b-be1141188c4c/addn_hosts - 5 addresses
Oct 18 09:25:49 gtw01 dnsmasq-dhcp[17929]: read /var/lib/neutron/dhcp/248a8850-aa71-48af-a15b-be1141188c4c/host
Oct 18 09:25:49 gtw01 dnsmasq-dhcp[17929]: read /var/lib/neutron/dhcp/248a8850-aa71-48af-a15b-be1141188c4c/opts
Oct 18 09:25:50 gtw01 dnsmasq[17929]: read /var/lib/neutron/dhcp/248a8850-aa71-48af-a15b-be1141188c4c/addn_hosts - 5 addresses
Oct 18 09:25:50 gtw01 dnsmasq-dhcp[17929]: read /var/lib/neutron/dhcp/248a8850-aa71-48af-a15b-be1141188c4c/host
Oct 18 09:25:50 gtw01 dnsmasq-dhcp[17929]: read /var/lib/neutron/dhcp/248a8850-aa71-48af-a15b-be1141188c4c/opts
Oct 18 09:25:51 gtw01 dnsmasq[17929]: read /var/lib/neutron/dhcp/248a8850-aa71-48af-a15b-be1141188c4c/addn_hosts - 5 addresses
Oct 18 09:25:51 gtw01 dnsmasq-dhcp[17929]: read /var/lib/neutron/dhcp/248a8850-aa71-48af-a15b-be1141188c4c/host
Oct 18 09:25:51 gtw01 dnsmasq-dhcp[17929]: read /var/lib/neutron/dhcp/248a8850-aa71-48af-a15b-be1141188c4c/opts
Oct 18 09:25:52 gtw01 dnsmasq[17929]: read /var/lib/neutron/dhcp/248a8850-aa71-48af-a15b-be1141188c4c/addn_hosts - 5 addresses
Oct 18 09:25:52 gtw01 dnsmasq-dhcp[17929]: read /var/lib/neutron/dhcp/248a8850-aa71-48af-a15b-be1141188c4c/host
Oct 18 09:25:52 gtw01 dnsmasq-dhcp[17929]: read /var/lib/neutron/dhcp/248a8850-aa71-48af-a15b-be1141188c4c/opts
Oct 18 09:25:52 gtw01 dnsmasq[28622]: read /var/lib/neutron/dhcp/e2f3aae6-3a99-4172-8045-51aa61df37a4/addn_hosts - 3 addresses
Oct 18 09:25:52 gtw01 dnsmasq-dhcp[28622]: read /var/lib/neutron/dhcp/e2f3aae6-3a99-4172-8045-51aa61df37a4/host
Oct 18 09:25:52 gtw01 dnsmasq-dhcp[28622]: read /var/lib/neutron/dhcp/e2f3aae6-3a99-4172-8045-51aa61df37a4/opts
Oct 18 09:25:53 gtw01 dnsmasq[17929]: read /var/lib/neutron/dhcp/248a8850-aa71-48af-a15b-be1141188c4c/addn_hosts - 5 addresses
Oct 18 09:25:53 gtw01 dnsmasq-dhcp[17929]: read /var/lib/neutron/dhcp/248a8850-aa71-48af-a15b-be1141188c4c/host
Oct 18 09:25:53 gtw01 dnsmasq-dhcp[17929]: read /var/lib/neutron/dhcp/248a8850-aa71-48af-a15b-be1141188c4c/opts
Oct 18 09:25:53 gtw01 dnsmasq[28622]: read /var/lib/neutron/dhcp/e2f3aae6-3a99-4172-8045-51aa61df37a4/addn_hosts - 3 addresses
Oct 18 09:25:53 gtw01 dnsmasq-dhcp[28622]: read /var/lib/neutron/dhcp/e2f3aae6-3a99-4172-8045-51aa61df37a4/host
Oct 18 09:25:53 gtw01 dnsmasq-dhcp[28622]: read /var/lib/neutron/dhcp/e2f3aae6-3a99-4172-8045-51aa61df37a4/opts
Oct 18 09:25:54 gtw01 dnsmasq[17929]: read /var/lib/neutron/dhcp/248a8850-aa71-48af-a15b-be1141188c4c/addn_hosts - 5 addresses
Oct 18 09:25:54 gtw01 dnsmasq-dhcp[17929]: read /var/lib/neutron/dhcp/248a8850-aa71-48af-a15b-be1141188c4c/host
Oct 18 09:25:54 gtw01 dnsmasq-dhcp[17929]: read /var/lib/neutron/dhcp/248a8850-aa71-48af-a15b-be1141188c4c/opts
Oct 18 09:25:54 gtw01 dnsmasq[28622]: read /var/lib/neutron/dhcp/e2f3aae6-3a99-4172-8045-51aa61df37a4/addn_hosts - 3 addresses
Oct 18 09:25:54 gtw01 dnsmasq-dhcp[28622]: read /var/lib/neutron/dhcp/e2f3aae6-3a99-4172-8045-51aa61df37a4/host
Oct 18 09:25:54 gtw01 dnsmasq-dhcp[28622]: read /var/lib/neutron/dhcp/e2f3aae6-3a99-4172-8045-51aa61df37a4/opts
Oct 18 09:25:54 gtw01 dnsmasq[17929]: read /var/lib/neutron/dhcp/248a8850-aa71-48af-a15b-be1141188c4c/addn_hosts - 5 addresses
Oct 18 09:25:54 gtw01 dnsmasq-dhcp[17929]: read /var/lib/neutron/dhcp/248a8850-aa71-48af-a15b-be1141188c4c/host
Oct 18 09:25:54 gtw01 dnsmasq-dhcp[17929]: read /var/lib/neutron/dhcp/248a8850-aa71-48af-a15b-be1141188c4c/opts
Oct 18 09:25:55 gtw01 dnsmasq[17929]: read /var/lib/neutron/dhcp/248a8850-aa71-48af-a15b-be1141188c4c/addn_hosts - 6 addresses
Oct 18 09:25:55 gtw01 dnsmasq-dhcp[17929]: read /var/lib/neutron/dhcp/248a8850-aa71-48af-a15b-be1141188c4c/host
Oct 18 09:25:55 gtw01 dnsmasq-dhcp[17929]: read /var/lib/neutron/dhcp/248a8850-aa71-48af-a15b-be1141188c4c/opts
Oct 18 09:25:56 gtw01 dnsmasq[17929]: read /var/lib/neutron/dhcp/248a8850-aa71-48af-a15b-be1141188c4c/addn_hosts - 6 addresses
Oct 18 09:25:56 gtw01 dnsmasq-dhcp[17929]: read /var/lib/neutron/dhcp/248a8850-aa71-48af-a15b-be1141188c4c/host
Oct 18 09:25:56 gtw01 dnsmasq-dhcp[17929]: read /var/lib/neutron/dhcp/248a8850-aa71-48af-a15b-be1141188c4c/opts
Oct 18 09:25:57 gtw01 dnsmasq[17929]: read /var/lib/neutron/dhcp/248a8850-aa71-48af-a15b-be1141188c4c/addn_hosts - 6 addresses
Oct 18 09:25:57 gtw01 dnsmasq-dhcp[17929]: read /var/lib/neutron/dhcp/248a8850-aa71-48af-a15b-be1141188c4c/host
Oct 18 09:25:57 gtw01 dnsmasq-dhcp[17929]: read /var/lib/neutron/dhcp/248a8850-aa71-48af-a15b-be1141188c4c/opts
Oct 18 09:25:59 gtw01 dnsmasq[17929]: read /var/lib/neutron/dhcp/248a8850-aa71-48af-a15b-be1141188c4c/addn_hosts - 5 addresses
Oct 18 09:25:59 gtw01 dnsmasq-dhcp[17929]: read /var/lib/neutron/dhcp/248a8850-aa71-48af-a15b-be1141188c4c/host
Oct 18 09:25:59 gtw01 dnsmasq-dhcp[17929]: read /var/lib/neutron/dhcp/248a8850-aa71-48af-a15b-be1141188c4c/opts
Oct 18 09:26:03 gtw01 dnsmasq[17929]: read /var/lib/neutron/dhcp/248a8850-aa71-48af-a15b-be1141188c4c/addn_hosts - 4 addresses
Oct 18 09:26:03 gtw01 dnsmasq-dhcp[17929]: read /var/lib/neutron/dhcp/248a8850-aa71-48af-a15b-be1141188c4c/host
Oct 18 09:26:03 gtw01 dnsmasq-dhcp[17929]: read /var/lib/neutron/dhcp/248a8850-aa71-48af-a15b-be1141188c4c/opts
Oct 18 09:26:04 gtw01 dnsmasq[17929]: read /var/lib/neutron/dhcp/248a8850-aa71-48af-a15b-be1141188c4c/addn_hosts - 3 addresses
Oct 18 09:26:04 gtw01 dnsmasq-dhcp[17929]: read /var/lib/neutron/dhcp/248a8850-aa71-48af-a15b-be1141188c4c/host
Oct 18 09:26:04 gtw01 dnsmasq-dhcp[17929]: read /var/lib/neutron/dhcp/248a8850-aa71-48af-a15b-be1141188c4c/opts
Oct 18 09:26:11 gtw01 dnsmasq-dhcp[17929]: DHCPDISCOVER(tapefd535a5-63) fa:16:3e:a6:f7:64
Oct 18 09:26:11 gtw01 dnsmasq-dhcp[17929]: DHCPOFFER(tapefd535a5-63) 192.168.120.24 fa:16:3e:a6:f7:64
Oct 18 09:26:11 gtw01 dnsmasq-dhcp[17929]: DHCPREQUEST(tapefd535a5-63) 192.168.120.24 fa:16:3e:a6:f7:64
Oct 18 09:26:11 gtw01 dnsmasq-dhcp[17929]: DHCPACK(tapefd535a5-63) 192.168.120.24 fa:16:3e:a6:f7:64 host-192-168-120-24
Oct 18 09:26:12 gtw01 dnsmasq-dhcp[17929]: DHCPRELEASE(tapefd535a5-63) 192.168.120.24 fa:16:3e:a6:f7:64
Oct 18 09:26:15 gtw01 dnsmasq[17929]: read /var/lib/neutron/dhcp/248a8850-aa71-48af-a15b-be1141188c4c/addn_hosts - 4 addresses
Oct 18 09:26:15 gtw01 dnsmasq-dhcp[17929]: read /var/lib/neutron/dhcp/248a8850-aa71-48af-a15b-be1141188c4c/host
Oct 18 09:26:15 gtw01 dnsmasq-dhcp[17929]: read /var/lib/neutron/dhcp/248a8850-aa71-48af-a15b-be1141188c4c/opts
Oct 18 09:26:16 gtw01 dnsmasq[17929]: read /var/lib/neutron/dhcp/248a8850-aa71-48af-a15b-be1141188c4c/addn_hosts - 5 addresses
Oct 18 09:26:16 gtw01 dnsmasq-dhcp[17929]: read /var/lib/neutron/dhcp/248a8850-aa71-48af-a15b-be1141188c4c/host
Oct 18 09:26:16 gtw01 dnsmasq-dhcp[17929]: read /var/lib/neutron/dhcp/248a8850-aa71-48af-a15b-be1141188c4c/opts
Oct 18 09:26:17 gtw01 dnsmasq[17929]: read /var/lib/neutron/dhcp/248a8850-aa71-48af-a15b-be1141188c4c/addn_hosts - 5 addresses
Oct 18 09:26:17 gtw01 dnsmasq-dhcp[17929]: read /var/lib/neutron/dhcp/248a8850-aa71-48af-a15b-be1141188c4c/host
Oct 18 09:26:17 gtw01 dnsmasq-dhcp[17929]: read /var/lib/neutron/dhcp/248a8850-aa71-48af-a15b-be1141188c4c/opts
Oct 18 09:26:18 gtw01 dnsmasq[17929]: read /var/lib/neutron/dhcp/248a8850-aa71-48af-a15b-be1141188c4c/addn_hosts - 5 addresses
Oct 18 09:26:18 gtw01 dnsmasq-dhcp[17929]: read /var/lib/neutron/dhcp/248a8850-aa71-48af-a15b-be1141188c4c/host
Oct 18 09:26:18 gtw01 dnsmasq-dhcp[17929]: read /var/lib/neutron/dhcp/248a8850-aa71-48af-a15b-be1141188c4c/opts
Oct 18 09:26:18 gtw01 dnsmasq-dhcp[28622]: DHCPDISCOVER(tapd186dfee-5c) fa:16:3e:5b:e2:63
Oct 18 09:26:18 gtw01 dnsmasq-dhcp[28622]: DHCPOFFER(tapd186dfee-5c) 192.168.120.3 fa:16:3e:5b:e2:63
Oct 18 09:26:18 gtw01 dnsmasq-dhcp[28622]: DHCPREQUEST(tapd186dfee-5c) 192.168.120.3 fa:16:3e:5b:e2:63
Oct 18 09:26:18 gtw01 dnsmasq-dhcp[28622]: DHCPACK(tapd186dfee-5c) 192.168.120.3 fa:16:3e:5b:e2:63 host-192-168-120-3
Oct 18 09:26:19 gtw01 dnsmasq[17929]: read /var/lib/neutron/dhcp/248a8850-aa71-48af-a15b-be1141188c4c/addn_hosts - 5 addresses
Oct 18 09:26:19 gtw01 dnsmasq-dhcp[17929]: read /var/lib/neutron/dhcp/248a8850-aa71-48af-a15b-be1141188c4c/host
Oct 18 09:26:19 gtw01 dnsmasq-dhcp[17929]: read /var/lib/neutron/dhcp/248a8850-aa71-48af-a15b-be1141188c4c/opts
Oct 18 09:26:20 gtw01 dnsmasq[17929]: read /var/lib/neutron/dhcp/248a8850-aa71-48af-a15b-be1141188c4c/addn_hosts - 5 addresses
Oct 18 09:26:20 gtw01 dnsmasq-dhcp[17929]: read /var/lib/neutron/dhcp/248a8850-aa71-48af-a15b-be1141188c4c/host
Oct 18 09:26:20 gtw01 dnsmasq-dhcp[17929]: read /var/lib/neutron/dhcp/248a8850-aa71-48af-a15b-be1141188c4c/opts
Oct 18 09:26:27 gtw01 dnsmasq[17929]: read /var/lib/neutron/dhcp/248a8850-aa71-48af-a15b-be1141188c4c/addn_hosts - 4 addresses
Oct 18 09:26:27 gtw01 dnsmasq-dhcp[17929]: read /var/lib/neutron/dhcp/248a8850-aa71-48af-a15b-be1141188c4c/host
Oct 18 09:26:27 gtw01 dnsmasq-dhcp[17929]: read /var/lib/neutron/dhcp/248a8850-aa71-48af-a15b-be1141188c4c/opts
Oct 18 09:26:28 gtw01 dnsmasq[17929]: read /var/lib/neutron/dhcp/248a8850-aa71-48af-a15b-be1141188c4c/addn_hosts - 3 addresses
Oct 18 09:26:28 gtw01 dnsmasq-dhcp[17929]: read /var/lib/neutron/dhcp/248a8850-aa71-48af-a15b-be1141188c4c/host
Oct 18 09:26:28 gtw01 dnsmasq-dhcp[17929]: read /var/lib/neutron/dhcp/248a8850-aa71-48af-a15b-be1141188c4c/opts
Oct 18 09:26:31 gtw01 dnsmasq[17929]: read /var/lib/neutron/dhcp/248a8850-aa71-48af-a15b-be1141188c4c/addn_hosts - 4 addresses
Oct 18 09:26:31 gtw01 dnsmasq-dhcp[17929]: read /var/lib/neutron/dhcp/248a8850-aa71-48af-a15b-be1141188c4c/host
Oct 18 09:26:31 gtw01 dnsmasq-dhcp[17929]: read /var/lib/neutron/dhcp/248a8850-aa71-48af-a15b-be1141188c4c/opts
Oct 18 09:26:32 gtw01 dnsmasq[17929]: read /var/lib/neutron/dhcp/248a8850-aa71-48af-a15b-be1141188c4c/addn_hosts - 5 addresses
Oct 18 09:26:32 gtw01 dnsmasq-dhcp[17929]: read /var/lib/neutron/dhcp/248a8850-aa71-48af-a15b-be1141188c4c/host
Oct 18 09:26:32 gtw01 dnsmasq-dhcp[17929]: read /var/lib/neutron/dhcp/248a8850-aa71-48af-a15b-be1141188c4c/opts
Oct 18 09:26:33 gtw01 dnsmasq[17929]: read /var/lib/neutron/dhcp/248a8850-aa71-48af-a15b-be1141188c4c/addn_hosts - 5 addresses
Oct 18 09:26:33 gtw01 dnsmasq-dhcp[17929]: read /var/lib/neutron/dhcp/248a8850-aa71-48af-a15b-be1141188c4c/host
Oct 18 09:26:33 gtw01 dnsmasq-dhcp[17929]: read /var/lib/neutron/dhcp/248a8850-aa71-48af-a15b-be1141188c4c/opts
Oct 18 09:26:34 gtw01 dnsmasq[17929]: read /var/lib/neutron/dhcp/248a8850-aa71-48af-a15b-be1141188c4c/addn_hosts - 5 addresses
Oct 18 09:26:34 gtw01 dnsmasq-dhcp[17929]: read /var/lib/neutron/dhcp/248a8850-aa71-48af-a15b-be1141188c4c/host
Oct 18 09:26:34 gtw01 dnsmasq-dhcp[17929]: read /var/lib/neutron/dhcp/248a8850-aa71-48af-a15b-be1141188c4c/opts
Oct 18 09:26:35 gtw01 dnsmasq[28622]: read /var/lib/neutron/dhcp/e2f3aae6-3a99-4172-8045-51aa61df37a4/addn_hosts - 4 addresses
Oct 18 09:26:35 gtw01 dnsmasq-dhcp[28622]: read /var/lib/neutron/dhcp/e2f3aae6-3a99-4172-8045-51aa61df37a4/host
Oct 18 09:26:35 gtw01 dnsmasq-dhcp[28622]: read /var/lib/neutron/dhcp/e2f3aae6-3a99-4172-8045-51aa61df37a4/opts
Oct 18 09:26:35 gtw01 dnsmasq[17929]: read /var/lib/neutron/dhcp/248a8850-aa71-48af-a15b-be1141188c4c/addn_hosts - 5 addresses
Oct 18 09:26:35 gtw01 dnsmasq-dhcp[17929]: read /var/lib/neutron/dhcp/248a8850-aa71-48af-a15b-be1141188c4c/host
Oct 18 09:26:35 gtw01 dnsmasq-dhcp[17929]: read /var/lib/neutron/dhcp/248a8850-aa71-48af-a15b-be1141188c4c/opts
Oct 18 09:26:36 gtw01 dnsmasq-dhcp[28622]: DHCPDISCOVER(tapd186dfee-5c) fa:16:3e:5b:e2:63
Oct 18 09:26:36 gtw01 dnsmasq-dhcp[28622]: DHCPOFFER(tapd186dfee-5c) 192.168.120.3 fa:16:3e:5b:e2:63
Oct 18 09:26:36 gtw01 dnsmasq-dhcp[28622]: DHCPREQUEST(tapd186dfee-5c) 192.168.120.3 fa:16:3e:5b:e2:63
Oct 18 09:26:36 gtw01 dnsmasq-dhcp[28622]: DHCPACK(tapd186dfee-5c) 192.168.120.3 fa:16:3e:5b:e2:63 host-192-168-120-3
Oct 18 09:26:36 gtw01 dnsmasq[28622]: read /var/lib/neutron/dhcp/e2f3aae6-3a99-4172-8045-51aa61df37a4/addn_hosts - 4 addresses
Oct 18 09:26:36 gtw01 dnsmasq-dhcp[28622]: read /var/lib/neutron/dhcp/e2f3aae6-3a99-4172-8045-51aa61df37a4/host
Oct 18 09:26:36 gtw01 dnsmasq-dhcp[28622]: read /var/lib/neutron/dhcp/e2f3aae6-3a99-4172-8045-51aa61df37a4/opts
Oct 18 09:26:36 gtw01 dnsmasq[17929]: read /var/lib/neutron/dhcp/248a8850-aa71-48af-a15b-be1141188c4c/addn_hosts - 5 addresses
Oct 18 09:26:36 gtw01 dnsmasq-dhcp[17929]: read /var/lib/neutron/dhcp/248a8850-aa71-48af-a15b-be1141188c4c/host
Oct 18 09:26:36 gtw01 dnsmasq-dhcp[17929]: read /var/lib/neutron/dhcp/248a8850-aa71-48af-a15b-be1141188c4c/opts
Oct 18 09:26:37 gtw01 dnsmasq[28622]: read /var/lib/neutron/dhcp/e2f3aae6-3a99-4172-8045-51aa61df37a4/addn_hosts - 4 addresses
Oct 18 09:26:37 gtw01 dnsmasq-dhcp[28622]: read /var/lib/neutron/dhcp/e2f3aae6-3a99-4172-8045-51aa61df37a4/host
Oct 18 09:26:37 gtw01 dnsmasq-dhcp[28622]: read /var/lib/neutron/dhcp/e2f3aae6-3a99-4172-8045-51aa61df37a4/opts
Oct 18 09:26:43 gtw01 dnsmasq[17929]: read /var/lib/neutron/dhcp/248a8850-aa71-48af-a15b-be1141188c4c/addn_hosts - 4 addresses
Oct 18 09:26:43 gtw01 dnsmasq-dhcp[17929]: read /var/lib/neutron/dhcp/248a8850-aa71-48af-a15b-be1141188c4c/host
Oct 18 09:26:43 gtw01 dnsmasq-dhcp[17929]: read /var/lib/neutron/dhcp/248a8850-aa71-48af-a15b-be1141188c4c/opts
Oct 18 09:26:44 gtw01 dnsmasq[17929]: read /var/lib/neutron/dhcp/248a8850-aa71-48af-a15b-be1141188c4c/addn_hosts - 3 addresses
Oct 18 09:26:44 gtw01 dnsmasq-dhcp[17929]: read /var/lib/neutron/dhcp/248a8850-aa71-48af-a15b-be1141188c4c/host
Oct 18 09:26:44 gtw01 dnsmasq-dhcp[17929]: read /var/lib/neutron/dhcp/248a8850-aa71-48af-a15b-be1141188c4c/opts
Oct 18 09:26:49 gtw01 dnsmasq[17929]: read /var/lib/neutron/dhcp/248a8850-aa71-48af-a15b-be1141188c4c/addn_hosts - 4 addresses
Oct 18 09:26:49 gtw01 dnsmasq-dhcp[17929]: read /var/lib/neutron/dhcp/248a8850-aa71-48af-a15b-be1141188c4c/host
Oct 18 09:26:49 gtw01 dnsmasq-dhcp[17929]: read /var/lib/neutron/dhcp/248a8850-aa71-48af-a15b-be1141188c4c/opts
Oct 18 09:26:50 gtw01 dnsmasq[17929]: read /var/lib/neutron/dhcp/248a8850-aa71-48af-a15b-be1141188c4c/addn_hosts - 4 addresses
Oct 18 09:26:50 gtw01 dnsmasq-dhcp[17929]: read /var/lib/neutron/dhcp/248a8850-aa71-48af-a15b-be1141188c4c/host
Oct 18 09:26:50 gtw01 dnsmasq-dhcp[17929]: read /var/lib/neutron/dhcp/248a8850-aa71-48af-a15b-be1141188c4c/opts
Oct 18 09:26:51 gtw01 dnsmasq-dhcp[28622]: DHCPDISCOVER(tapd186dfee-5c) fa:16:3e:81:d1:2d
Oct 18 09:26:51 gtw01 dnsmasq-dhcp[28622]: DHCPOFFER(tapd186dfee-5c) 192.168.120.8 fa:16:3e:81:d1:2d
Oct 18 09:26:51 gtw01 dnsmasq-dhcp[28622]: DHCPREQUEST(tapd186dfee-5c) 192.168.120.8 fa:16:3e:81:d1:2d
Oct 18 09:26:51 gtw01 dnsmasq-dhcp[28622]: DHCPACK(tapd186dfee-5c) 192.168.120.8 fa:16:3e:81:d1:2d host-192-168-120-8
Oct 18 09:26:51 gtw01 dnsmasq[17929]: read /var/lib/neutron/dhcp/248a8850-aa71-48af-a15b-be1141188c4c/addn_hosts - 4 addresses
Oct 18 09:26:51 gtw01 dnsmasq-dhcp[17929]: read /var/lib/neutron/dhcp/248a8850-aa71-48af-a15b-be1141188c4c/host
Oct 18 09:26:51 gtw01 dnsmasq-dhcp[17929]: read /var/lib/neutron/dhcp/248a8850-aa71-48af-a15b-be1141188c4c/opts
Oct 18 09:26:57 gtw01 dnsmasq[17929]: read /var/lib/neutron/dhcp/248a8850-aa71-48af-a15b-be1141188c4c/addn_hosts - 3 addresses
Oct 18 09:26:57 gtw01 dnsmasq-dhcp[17929]: read /var/lib/neutron/dhcp/248a8850-aa71-48af-a15b-be1141188c4c/host
Oct 18 09:26:57 gtw01 dnsmasq-dhcp[17929]: read /var/lib/neutron/dhcp/248a8850-aa71-48af-a15b-be1141188c4c/opts
Oct 18 09:27:02 gtw01 dnsmasq-dhcp[28622]: DHCPRELEASE(tapd186dfee-5c) 192.168.120.8 fa:16:3e:81:d1:2d
Oct 18 09:27:06 gtw01 dnsmasq[17929]: read /var/lib/neutron/dhcp/248a8850-aa71-48af-a15b-be1141188c4c/addn_hosts - 4 addresses
Oct 18 09:27:06 gtw01 dnsmasq-dhcp[17929]: read /var/lib/neutron/dhcp/248a8850-aa71-48af-a15b-be1141188c4c/host
Oct 18 09:27:06 gtw01 dnsmasq-dhcp[17929]: read /var/lib/neutron/dhcp/248a8850-aa71-48af-a15b-be1141188c4c/opts
Oct 18 09:27:07 gtw01 dnsmasq[17929]: read /var/lib/neutron/dhcp/248a8850-aa71-48af-a15b-be1141188c4c/addn_hosts - 4 addresses
Oct 18 09:27:07 gtw01 dnsmasq-dhcp[17929]: read /var/lib/neutron/dhcp/248a8850-aa71-48af-a15b-be1141188c4c/host
Oct 18 09:27:07 gtw01 dnsmasq-dhcp[17929]: read /var/lib/neutron/dhcp/248a8850-aa71-48af-a15b-be1141188c4c/opts
Oct 18 09:27:08 gtw01 dnsmasq[17929]: read /var/lib/neutron/dhcp/248a8850-aa71-48af-a15b-be1141188c4c/addn_hosts - 4 addresses
Oct 18 09:27:08 gtw01 dnsmasq-dhcp[17929]: read /var/lib/neutron/dhcp/248a8850-aa71-48af-a15b-be1141188c4c/host
Oct 18 09:27:08 gtw01 dnsmasq-dhcp[17929]: read /var/lib/neutron/dhcp/248a8850-aa71-48af-a15b-be1141188c4c/opts
Oct 18 09:27:10 gtw01 dnsmasq[28622]: read /var/lib/neutron/dhcp/e2f3aae6-3a99-4172-8045-51aa61df37a4/addn_hosts - 5 addresses
Oct 18 09:27:10 gtw01 dnsmasq-dhcp[28622]: read /var/lib/neutron/dhcp/e2f3aae6-3a99-4172-8045-51aa61df37a4/host
Oct 18 09:27:10 gtw01 dnsmasq-dhcp[28622]: read /var/lib/neutron/dhcp/e2f3aae6-3a99-4172-8045-51aa61df37a4/opts
Oct 18 09:27:11 gtw01 dnsmasq[28622]: read /var/lib/neutron/dhcp/e2f3aae6-3a99-4172-8045-51aa61df37a4/addn_hosts - 5 addresses
Oct 18 09:27:11 gtw01 dnsmasq-dhcp[28622]: read /var/lib/neutron/dhcp/e2f3aae6-3a99-4172-8045-51aa61df37a4/host
Oct 18 09:27:11 gtw01 dnsmasq-dhcp[28622]: read /var/lib/neutron/dhcp/e2f3aae6-3a99-4172-8045-51aa61df37a4/opts
Oct 18 09:27:12 gtw01 dnsmasq[28622]: read /var/lib/neutron/dhcp/e2f3aae6-3a99-4172-8045-51aa61df37a4/addn_hosts - 5 addresses
Oct 18 09:27:12 gtw01 dnsmasq-dhcp[28622]: read /var/lib/neutron/dhcp/e2f3aae6-3a99-4172-8045-51aa61df37a4/host
Oct 18 09:27:12 gtw01 dnsmasq-dhcp[28622]: read /var/lib/neutron/dhcp/e2f3aae6-3a99-4172-8045-51aa61df37a4/opts
Oct 18 09:27:19 gtw01 dnsmasq-dhcp[28622]: DHCPRELEASE(tapd186dfee-5c) 192.168.120.3 fa:16:3e:5b:e2:63
Oct 18 09:27:21 gtw01 dnsmasq[17929]: read /var/lib/neutron/dhcp/248a8850-aa71-48af-a15b-be1141188c4c/addn_hosts - 5 addresses
Oct 18 09:27:21 gtw01 dnsmasq-dhcp[17929]: read /var/lib/neutron/dhcp/248a8850-aa71-48af-a15b-be1141188c4c/host
Oct 18 09:27:21 gtw01 dnsmasq-dhcp[17929]: read /var/lib/neutron/dhcp/248a8850-aa71-48af-a15b-be1141188c4c/opts
Oct 18 09:27:21 gtw01 dnsmasq-dhcp[17929]: DHCPDISCOVER(tapefd535a5-63) fa:16:3e:f8:61:b5
Oct 18 09:27:21 gtw01 dnsmasq-dhcp[17929]: DHCPOFFER(tapefd535a5-63) 192.168.120.3 fa:16:3e:f8:61:b5
Oct 18 09:27:21 gtw01 dnsmasq-dhcp[17929]: DHCPREQUEST(tapefd535a5-63) 192.168.120.3 fa:16:3e:f8:61:b5
Oct 18 09:27:21 gtw01 dnsmasq-dhcp[17929]: DHCPACK(tapefd535a5-63) 192.168.120.3 fa:16:3e:f8:61:b5 host-192-168-120-3
Oct 18 09:27:22 gtw01 dnsmasq[17929]: read /var/lib/neutron/dhcp/248a8850-aa71-48af-a15b-be1141188c4c/addn_hosts - 5 addresses
Oct 18 09:27:22 gtw01 dnsmasq-dhcp[17929]: read /var/lib/neutron/dhcp/248a8850-aa71-48af-a15b-be1141188c4c/host
Oct 18 09:27:22 gtw01 dnsmasq-dhcp[17929]: read /var/lib/neutron/dhcp/248a8850-aa71-48af-a15b-be1141188c4c/opts
Oct 18 09:27:22 gtw01 dnsmasq-dhcp[17929]: DHCPRELEASE(tapefd535a5-63) 192.168.120.3 fa:16:3e:f8:61:b5
Oct 18 09:27:23 gtw01 dnsmasq[17929]: read /var/lib/neutron/dhcp/248a8850-aa71-48af-a15b-be1141188c4c/addn_hosts - 5 addresses
Oct 18 09:27:23 gtw01 dnsmasq-dhcp[17929]: read /var/lib/neutron/dhcp/248a8850-aa71-48af-a15b-be1141188c4c/host
Oct 18 09:27:23 gtw01 dnsmasq-dhcp[17929]: read /var/lib/neutron/dhcp/248a8850-aa71-48af-a15b-be1141188c4c/opts
Oct 18 09:27:24 gtw01 dnsmasq[17929]: read /var/lib/neutron/dhcp/248a8850-aa71-48af-a15b-be1141188c4c/addn_hosts - 4 addresses
Oct 18 09:27:24 gtw01 dnsmasq-dhcp[17929]: read /var/lib/neutron/dhcp/248a8850-aa71-48af-a15b-be1141188c4c/host
Oct 18 09:27:24 gtw01 dnsmasq-dhcp[17929]: read /var/lib/neutron/dhcp/248a8850-aa71-48af-a15b-be1141188c4c/opts
Oct 18 09:27:25 gtw01 dnsmasq-dhcp[28622]: DHCPDISCOVER(tapd186dfee-5c) fa:16:3e:0e:59:56
Oct 18 09:27:25 gtw01 dnsmasq-dhcp[28622]: DHCPOFFER(tapd186dfee-5c) 192.168.120.4 fa:16:3e:0e:59:56
Oct 18 09:27:25 gtw01 dnsmasq-dhcp[28622]: DHCPREQUEST(tapd186dfee-5c) 192.168.120.4 fa:16:3e:0e:59:56
Oct 18 09:27:25 gtw01 dnsmasq-dhcp[28622]: DHCPACK(tapd186dfee-5c) 192.168.120.4 fa:16:3e:0e:59:56 host-192-168-120-4
Oct 18 09:27:25 gtw01 dnsmasq[17929]: read /var/lib/neutron/dhcp/248a8850-aa71-48af-a15b-be1141188c4c/addn_hosts - 5 addresses
Oct 18 09:27:25 gtw01 dnsmasq-dhcp[17929]: read /var/lib/neutron/dhcp/248a8850-aa71-48af-a15b-be1141188c4c/host
Oct 18 09:27:25 gtw01 dnsmasq-dhcp[17929]: read /var/lib/neutron/dhcp/248a8850-aa71-48af-a15b-be1141188c4c/opts
Oct 18 09:27:27 gtw01 dnsmasq[17929]: read /var/lib/neutron/dhcp/248a8850-aa71-48af-a15b-be1141188c4c/addn_hosts - 5 addresses
Oct 18 09:27:27 gtw01 dnsmasq-dhcp[17929]: read /var/lib/neutron/dhcp/248a8850-aa71-48af-a15b-be1141188c4c/host
Oct 18 09:27:27 gtw01 dnsmasq-dhcp[17929]: read /var/lib/neutron/dhcp/248a8850-aa71-48af-a15b-be1141188c4c/opts
Oct 18 09:27:28 gtw01 dnsmasq[17929]: read /var/lib/neutron/dhcp/248a8850-aa71-48af-a15b-be1141188c4c/addn_hosts - 5 addresses
Oct 18 09:27:28 gtw01 dnsmasq-dhcp[17929]: read /var/lib/neutron/dhcp/248a8850-aa71-48af-a15b-be1141188c4c/host
Oct 18 09:27:28 gtw01 dnsmasq-dhcp[17929]: read /var/lib/neutron/dhcp/248a8850-aa71-48af-a15b-be1141188c4c/opts
Oct 18 09:27:30 gtw01 dnsmasq[17929]: read /var/lib/neutron/dhcp/248a8850-aa71-48af-a15b-be1141188c4c/addn_hosts - 4 addresses
Oct 18 09:27:30 gtw01 dnsmasq-dhcp[17929]: read /var/lib/neutron/dhcp/248a8850-aa71-48af-a15b-be1141188c4c/host
Oct 18 09:27:30 gtw01 dnsmasq-dhcp[17929]: read /var/lib/neutron/dhcp/248a8850-aa71-48af-a15b-be1141188c4c/opts
Oct 18 09:27:38 gtw01 dnsmasq-dhcp[28622]: DHCPDISCOVER(tapd186dfee-5c) fa:16:3e:5b:e2:63
Oct 18 09:27:38 gtw01 dnsmasq-dhcp[28622]: DHCPOFFER(tapd186dfee-5c) 192.168.120.3 fa:16:3e:5b:e2:63
Oct 18 09:27:38 gtw01 dnsmasq-dhcp[28622]: DHCPREQUEST(tapd186dfee-5c) 192.168.120.3 fa:16:3e:5b:e2:63
Oct 18 09:27:38 gtw01 dnsmasq-dhcp[28622]: DHCPACK(tapd186dfee-5c) 192.168.120.3 fa:16:3e:5b:e2:63 host-192-168-120-3
Oct 18 09:27:38 gtw01 dnsmasq[17929]: read /var/lib/neutron/dhcp/248a8850-aa71-48af-a15b-be1141188c4c/addn_hosts - 5 addresses
Oct 18 09:27:38 gtw01 dnsmasq-dhcp[17929]: read /var/lib/neutron/dhcp/248a8850-aa71-48af-a15b-be1141188c4c/host
Oct 18 09:27:38 gtw01 dnsmasq-dhcp[17929]: read /var/lib/neutron/dhcp/248a8850-aa71-48af-a15b-be1141188c4c/opts
Oct 18 09:27:39 gtw01 dnsmasq[17929]: read /var/lib/neutron/dhcp/248a8850-aa71-48af-a15b-be1141188c4c/addn_hosts - 5 addresses
Oct 18 09:27:39 gtw01 dnsmasq-dhcp[17929]: read /var/lib/neutron/dhcp/248a8850-aa71-48af-a15b-be1141188c4c/host
Oct 18 09:27:39 gtw01 dnsmasq-dhcp[17929]: read /var/lib/neutron/dhcp/248a8850-aa71-48af-a15b-be1141188c4c/opts
Oct 18 09:27:40 gtw01 dnsmasq[17929]: read /var/lib/neutron/dhcp/248a8850-aa71-48af-a15b-be1141188c4c/addn_hosts - 5 addresses
Oct 18 09:27:40 gtw01 dnsmasq-dhcp[17929]: read /var/lib/neutron/dhcp/248a8850-aa71-48af-a15b-be1141188c4c/host
Oct 18 09:27:40 gtw01 dnsmasq-dhcp[17929]: read /var/lib/neutron/dhcp/248a8850-aa71-48af-a15b-be1141188c4c/opts
Oct 18 09:27:42 gtw01 dnsmasq-dhcp[17929]: DHCPDISCOVER(tapefd535a5-63) fa:16:3e:3a:47:5e
Oct 18 09:27:42 gtw01 dnsmasq-dhcp[17929]: DHCPOFFER(tapefd535a5-63) 192.168.120.25 fa:16:3e:3a:47:5e
Oct 18 09:27:42 gtw01 dnsmasq-dhcp[17929]: DHCPREQUEST(tapefd535a5-63) 192.168.120.25 fa:16:3e:3a:47:5e
Oct 18 09:27:42 gtw01 dnsmasq-dhcp[17929]: DHCPACK(tapefd535a5-63) 192.168.120.25 fa:16:3e:3a:47:5e host-192-168-120-25
Oct 18 09:27:44 gtw01 dnsmasq[17929]: read /var/lib/neutron/dhcp/248a8850-aa71-48af-a15b-be1141188c4c/addn_hosts - 4 addresses
Oct 18 09:27:44 gtw01 dnsmasq-dhcp[17929]: read /var/lib/neutron/dhcp/248a8850-aa71-48af-a15b-be1141188c4c/host
Oct 18 09:27:44 gtw01 dnsmasq-dhcp[17929]: read /var/lib/neutron/dhcp/248a8850-aa71-48af-a15b-be1141188c4c/opts
Oct 18 09:27:44 gtw01 dnsmasq-dhcp[17929]: DHCPRELEASE(tapefd535a5-63) 192.168.120.25 fa:16:3e:3a:47:5e
Oct 18 09:27:53 gtw01 dnsmasq[17929]: read /var/lib/neutron/dhcp/248a8850-aa71-48af-a15b-be1141188c4c/addn_hosts - 5 addresses
Oct 18 09:27:53 gtw01 dnsmasq-dhcp[17929]: read /var/lib/neutron/dhcp/248a8850-aa71-48af-a15b-be1141188c4c/host
Oct 18 09:27:53 gtw01 dnsmasq-dhcp[17929]: read /var/lib/neutron/dhcp/248a8850-aa71-48af-a15b-be1141188c4c/opts
Oct 18 09:27:54 gtw01 dnsmasq[17929]: read /var/lib/neutron/dhcp/248a8850-aa71-48af-a15b-be1141188c4c/addn_hosts - 6 addresses
Oct 18 09:27:54 gtw01 dnsmasq-dhcp[17929]: read /var/lib/neutron/dhcp/248a8850-aa71-48af-a15b-be1141188c4c/host
Oct 18 09:27:54 gtw01 dnsmasq-dhcp[17929]: read /var/lib/neutron/dhcp/248a8850-aa71-48af-a15b-be1141188c4c/opts
Oct 18 09:27:55 gtw01 dnsmasq-dhcp[28622]: DHCPDISCOVER(tapd186dfee-5c) fa:16:3e:5b:e2:63
Oct 18 09:27:55 gtw01 dnsmasq-dhcp[28622]: DHCPOFFER(tapd186dfee-5c) 192.168.120.3 fa:16:3e:5b:e2:63
Oct 18 09:27:55 gtw01 dnsmasq-dhcp[28622]: DHCPREQUEST(tapd186dfee-5c) 192.168.120.3 fa:16:3e:5b:e2:63
Oct 18 09:27:55 gtw01 dnsmasq-dhcp[28622]: DHCPACK(tapd186dfee-5c) 192.168.120.3 fa:16:3e:5b:e2:63 host-192-168-120-3
Oct 18 09:27:55 gtw01 dnsmasq[17929]: read /var/lib/neutron/dhcp/248a8850-aa71-48af-a15b-be1141188c4c/addn_hosts - 6 addresses
Oct 18 09:27:55 gtw01 dnsmasq-dhcp[17929]: read /var/lib/neutron/dhcp/248a8850-aa71-48af-a15b-be1141188c4c/host
Oct 18 09:27:55 gtw01 dnsmasq-dhcp[17929]: read /var/lib/neutron/dhcp/248a8850-aa71-48af-a15b-be1141188c4c/opts
Oct 18 09:27:56 gtw01 dnsmasq[17929]: read /var/lib/neutron/dhcp/248a8850-aa71-48af-a15b-be1141188c4c/addn_hosts - 6 addresses
Oct 18 09:27:56 gtw01 dnsmasq-dhcp[17929]: read /var/lib/neutron/dhcp/248a8850-aa71-48af-a15b-be1141188c4c/host
Oct 18 09:27:56 gtw01 dnsmasq-dhcp[17929]: read /var/lib/neutron/dhcp/248a8850-aa71-48af-a15b-be1141188c4c/opts
Oct 18 09:27:57 gtw01 dnsmasq[17929]: read /var/lib/neutron/dhcp/248a8850-aa71-48af-a15b-be1141188c4c/addn_hosts - 6 addresses
Oct 18 09:27:57 gtw01 dnsmasq-dhcp[17929]: read /var/lib/neutron/dhcp/248a8850-aa71-48af-a15b-be1141188c4c/host
Oct 18 09:27:57 gtw01 dnsmasq-dhcp[17929]: read /var/lib/neutron/dhcp/248a8850-aa71-48af-a15b-be1141188c4c/opts
Oct 18 09:27:58 gtw01 dnsmasq[17929]: read /var/lib/neutron/dhcp/248a8850-aa71-48af-a15b-be1141188c4c/addn_hosts - 6 addresses
Oct 18 09:27:58 gtw01 dnsmasq-dhcp[17929]: read /var/lib/neutron/dhcp/248a8850-aa71-48af-a15b-be1141188c4c/host
Oct 18 09:27:58 gtw01 dnsmasq-dhcp[17929]: read /var/lib/neutron/dhcp/248a8850-aa71-48af-a15b-be1141188c4c/opts
Oct 18 09:28:03 gtw01 dnsmasq-dhcp[28622]: DHCPRELEASE(tapd186dfee-5c) 192.168.120.3 fa:16:3e:5b:e2:63
Oct 18 09:28:08 gtw01 dnsmasq-dhcp[17929]: DHCPDISCOVER(tapefd535a5-63) fa:16:3e:64:8c:fc
Oct 18 09:28:08 gtw01 dnsmasq-dhcp[17929]: DHCPOFFER(tapefd535a5-63) 192.168.120.5 fa:16:3e:64:8c:fc
Oct 18 09:28:08 gtw01 dnsmasq-dhcp[17929]: DHCPREQUEST(tapefd535a5-63) 192.168.120.5 fa:16:3e:64:8c:fc
Oct 18 09:28:08 gtw01 dnsmasq-dhcp[17929]: DHCPACK(tapefd535a5-63) 192.168.120.5 fa:16:3e:64:8c:fc host-192-168-120-5
Oct 18 09:28:08 gtw01 dnsmasq-dhcp[17929]: DHCPDISCOVER(tapefd535a5-63) fa:16:3e:fa:20:fd
Oct 18 09:28:08 gtw01 dnsmasq-dhcp[17929]: DHCPOFFER(tapefd535a5-63) 192.168.120.19 fa:16:3e:fa:20:fd
Oct 18 09:28:08 gtw01 dnsmasq-dhcp[17929]: DHCPREQUEST(tapefd535a5-63) 192.168.120.19 fa:16:3e:fa:20:fd
Oct 18 09:28:08 gtw01 dnsmasq-dhcp[17929]: DHCPACK(tapefd535a5-63) 192.168.120.19 fa:16:3e:fa:20:fd host-192-168-120-19
Oct 18 09:28:10 gtw01 dnsmasq-dhcp[17929]: DHCPRELEASE(tapefd535a5-63) 192.168.120.19 fa:16:3e:fa:20:fd
Oct 18 09:28:19 gtw01 dnsmasq-dhcp[28622]: DHCPDISCOVER(tapd186dfee-5c) fa:16:3e:5b:e2:63
Oct 18 09:28:20 gtw01 dnsmasq-dhcp[28622]: DHCPOFFER(tapd186dfee-5c) 192.168.120.3 fa:16:3e:5b:e2:63
Oct 18 09:28:20 gtw01 dnsmasq-dhcp[28622]: DHCPREQUEST(tapd186dfee-5c) 192.168.120.3 fa:16:3e:5b:e2:63
Oct 18 09:28:20 gtw01 dnsmasq-dhcp[28622]: DHCPACK(tapd186dfee-5c) 192.168.120.3 fa:16:3e:5b:e2:63 host-192-168-120-3
Oct 18 09:28:28 gtw01 dnsmasq-dhcp[28622]: DHCPRELEASE(tapd186dfee-5c) 192.168.120.3 fa:16:3e:5b:e2:63
Oct 18 09:28:31 gtw01 dnsmasq[17929]: read /var/lib/neutron/dhcp/248a8850-aa71-48af-a15b-be1141188c4c/addn_hosts - 5 addresses
Oct 18 09:28:31 gtw01 dnsmasq-dhcp[17929]: read /var/lib/neutron/dhcp/248a8850-aa71-48af-a15b-be1141188c4c/host
Oct 18 09:28:31 gtw01 dnsmasq-dhcp[17929]: read /var/lib/neutron/dhcp/248a8850-aa71-48af-a15b-be1141188c4c/opts
Oct 18 09:28:44 gtw01 dnsmasq-dhcp[28622]: DHCPDISCOVER(tapd186dfee-5c) fa:16:3e:5b:e2:63
Oct 18 09:28:44 gtw01 dnsmasq-dhcp[28622]: DHCPOFFER(tapd186dfee-5c) 192.168.120.3 fa:16:3e:5b:e2:63
Oct 18 09:28:44 gtw01 dnsmasq-dhcp[28622]: DHCPREQUEST(tapd186dfee-5c) 192.168.120.3 fa:16:3e:5b:e2:63
Oct 18 09:28:44 gtw01 dnsmasq-dhcp[28622]: DHCPACK(tapd186dfee-5c) 192.168.120.3 fa:16:3e:5b:e2:63 host-192-168-120-3
Oct 18 09:28:45 gtw01 dnsmasq-dhcp[28622]: DHCPRELEASE(tapd186dfee-5c) 192.168.120.3 fa:16:3e:5b:e2:63
Oct 18 09:28:54 gtw01 dnsmasq[17929]: read /var/lib/neutron/dhcp/248a8850-aa71-48af-a15b-be1141188c4c/addn_hosts - 4 addresses
Oct 18 09:28:54 gtw01 dnsmasq-dhcp[17929]: read /var/lib/neutron/dhcp/248a8850-aa71-48af-a15b-be1141188c4c/host
Oct 18 09:28:54 gtw01 dnsmasq-dhcp[17929]: read /var/lib/neutron/dhcp/248a8850-aa71-48af-a15b-be1141188c4c/opts
Oct 18 09:28:57 gtw01 dnsmasq[17929]: read /var/lib/neutron/dhcp/248a8850-aa71-48af-a15b-be1141188c4c/addn_hosts - 5 addresses
Oct 18 09:28:57 gtw01 dnsmasq-dhcp[17929]: read /var/lib/neutron/dhcp/248a8850-aa71-48af-a15b-be1141188c4c/host
