Oct 18 09:10:02 gtw01 systemd-udevd[17013]: Process '/sbin/ip link set tapd63105d1-ff txqueuelen 10000' failed with exit code 1.
Oct 18 09:10:03 gtw01 kernel: [ 5828.683636] device tap36a27be4-f8 entered promiscuous mode
Oct 18 09:10:03 gtw01 systemd-udevd[17087]: Could not generate persistent MAC address for tap36a27be4-f8: No such file or directory
Oct 18 09:10:03 gtw01 systemd-udevd[17087]: Process '/sbin/ip link set tap36a27be4-f8 txqueuelen 10000' failed with exit code 1.
Oct 18 09:10:03 gtw01 systemd-udevd[17087]: Process '/sbin/ip link set tap36a27be4-f8 txqueuelen 10000' failed with exit code 1.
Oct 18 09:10:04 gtw01 dnsmasq[17185]: started, version 2.80 cachesize 150
Oct 18 09:10:04 gtw01 dnsmasq[17185]: DNS service limited to local subnets
Oct 18 09:10:04 gtw01 dnsmasq[17185]: compile time options: IPv6 GNU-getopt DBus i18n IDN DHCP DHCPv6 no-Lua TFTP conntrack ipset auth DNSSEC loop-detect inotify dumpfile
Oct 18 09:10:04 gtw01 dnsmasq[17185]: warning: no upstream servers configured
Oct 18 09:10:04 gtw01 dnsmasq-dhcp[17185]: DHCP, static leases only on 192.168.120.0, lease time 1h
Oct 18 09:10:04 gtw01 dnsmasq[17185]: read /var/lib/neutron/dhcp/18f2f455-40c1-420f-92b1-b4b2deffe7e5/addn_hosts - 1 addresses
Oct 18 09:10:04 gtw01 dnsmasq-dhcp[17185]: read /var/lib/neutron/dhcp/18f2f455-40c1-420f-92b1-b4b2deffe7e5/host
Oct 18 09:10:04 gtw01 dnsmasq-dhcp[17185]: read /var/lib/neutron/dhcp/18f2f455-40c1-420f-92b1-b4b2deffe7e5/opts
Oct 18 09:10:04 gtw01 haproxy-metadata-proxy-18f2f455-40c1-420f-92b1-b4b2deffe7e5[17199]: Proxy listener started.
Oct 18 09:10:05 gtw01 dnsmasq[17185]: read /var/lib/neutron/dhcp/18f2f455-40c1-420f-92b1-b4b2deffe7e5/addn_hosts - 1 addresses
Oct 18 09:10:05 gtw01 dnsmasq-dhcp[17185]: read /var/lib/neutron/dhcp/18f2f455-40c1-420f-92b1-b4b2deffe7e5/host
Oct 18 09:10:05 gtw01 dnsmasq-dhcp[17185]: read /var/lib/neutron/dhcp/18f2f455-40c1-420f-92b1-b4b2deffe7e5/opts
Oct 18 09:10:06 gtw01 dnsmasq[17269]: started, version 2.80 cachesize 150
Oct 18 09:10:06 gtw01 dnsmasq[17269]: DNS service limited to local subnets
Oct 18 09:10:06 gtw01 dnsmasq[17269]: compile time options: IPv6 GNU-getopt DBus i18n IDN DHCP DHCPv6 no-Lua TFTP conntrack ipset auth DNSSEC loop-detect inotify dumpfile
Oct 18 09:10:06 gtw01 dnsmasq[17269]: warning: no upstream servers configured
Oct 18 09:10:06 gtw01 dnsmasq-dhcp[17269]: DHCP, static leases only on 192.168.120.0, lease time 1h
Oct 18 09:10:06 gtw01 dnsmasq[17269]: read /var/lib/neutron/dhcp/13f11ceb-17fe-4eaa-b613-fba0c674db93/addn_hosts - 1 addresses
Oct 18 09:10:06 gtw01 dnsmasq-dhcp[17269]: read /var/lib/neutron/dhcp/13f11ceb-17fe-4eaa-b613-fba0c674db93/host
Oct 18 09:10:06 gtw01 dnsmasq-dhcp[17269]: read /var/lib/neutron/dhcp/13f11ceb-17fe-4eaa-b613-fba0c674db93/opts
Oct 18 09:10:06 gtw01 dnsmasq[17185]: read /var/lib/neutron/dhcp/18f2f455-40c1-420f-92b1-b4b2deffe7e5/addn_hosts - 1 addresses
Oct 18 09:10:06 gtw01 dnsmasq-dhcp[17185]: read /var/lib/neutron/dhcp/18f2f455-40c1-420f-92b1-b4b2deffe7e5/host
Oct 18 09:10:06 gtw01 dnsmasq-dhcp[17185]: read /var/lib/neutron/dhcp/18f2f455-40c1-420f-92b1-b4b2deffe7e5/opts
Oct 18 09:10:06 gtw01 haproxy-metadata-proxy-13f11ceb-17fe-4eaa-b613-fba0c674db93[17280]: Proxy listener started.
Oct 18 09:10:07 gtw01 dnsmasq[17269]: read /var/lib/neutron/dhcp/13f11ceb-17fe-4eaa-b613-fba0c674db93/addn_hosts - 1 addresses
Oct 18 09:10:07 gtw01 dnsmasq-dhcp[17269]: read /var/lib/neutron/dhcp/13f11ceb-17fe-4eaa-b613-fba0c674db93/host
Oct 18 09:10:07 gtw01 dnsmasq-dhcp[17269]: read /var/lib/neutron/dhcp/13f11ceb-17fe-4eaa-b613-fba0c674db93/opts
Oct 18 09:10:07 gtw01 dnsmasq[17185]: read /var/lib/neutron/dhcp/18f2f455-40c1-420f-92b1-b4b2deffe7e5/addn_hosts - 1 addresses
Oct 18 09:10:07 gtw01 dnsmasq-dhcp[17185]: read /var/lib/neutron/dhcp/18f2f455-40c1-420f-92b1-b4b2deffe7e5/host
Oct 18 09:10:07 gtw01 dnsmasq-dhcp[17185]: read /var/lib/neutron/dhcp/18f2f455-40c1-420f-92b1-b4b2deffe7e5/opts
Oct 18 09:10:07 gtw01 dnsmasq[17324]: started, version 2.80 cachesize 150
Oct 18 09:10:07 gtw01 dnsmasq[17324]: DNS service limited to local subnets
Oct 18 09:10:07 gtw01 dnsmasq[17324]: compile time options: IPv6 GNU-getopt DBus i18n IDN DHCP DHCPv6 no-Lua TFTP conntrack ipset auth DNSSEC loop-detect inotify dumpfile
Oct 18 09:10:07 gtw01 dnsmasq[17324]: warning: no upstream servers configured
Oct 18 09:10:07 gtw01 dnsmasq-dhcp[17324]: DHCP, static leases only on 192.168.120.0, lease time 1h
Oct 18 09:10:07 gtw01 dnsmasq[17324]: read /var/lib/neutron/dhcp/622ec3f8-d573-4a6a-937c-97544b5663b4/addn_hosts - 1 addresses
Oct 18 09:10:07 gtw01 dnsmasq-dhcp[17324]: read /var/lib/neutron/dhcp/622ec3f8-d573-4a6a-937c-97544b5663b4/host
Oct 18 09:10:07 gtw01 dnsmasq-dhcp[17324]: read /var/lib/neutron/dhcp/622ec3f8-d573-4a6a-937c-97544b5663b4/opts
Oct 18 09:10:08 gtw01 haproxy-metadata-proxy-622ec3f8-d573-4a6a-937c-97544b5663b4[17335]: Proxy listener started.
Oct 18 09:10:08 gtw01 dnsmasq[17269]: read /var/lib/neutron/dhcp/13f11ceb-17fe-4eaa-b613-fba0c674db93/addn_hosts - 1 addresses
Oct 18 09:10:08 gtw01 dnsmasq-dhcp[17269]: read /var/lib/neutron/dhcp/13f11ceb-17fe-4eaa-b613-fba0c674db93/host
Oct 18 09:10:08 gtw01 dnsmasq-dhcp[17269]: read /var/lib/neutron/dhcp/13f11ceb-17fe-4eaa-b613-fba0c674db93/opts
Oct 18 09:10:08 gtw01 dnsmasq[17324]: read /var/lib/neutron/dhcp/622ec3f8-d573-4a6a-937c-97544b5663b4/addn_hosts - 1 addresses
Oct 18 09:10:08 gtw01 dnsmasq-dhcp[17324]: read /var/lib/neutron/dhcp/622ec3f8-d573-4a6a-937c-97544b5663b4/host
Oct 18 09:10:08 gtw01 dnsmasq-dhcp[17324]: read /var/lib/neutron/dhcp/622ec3f8-d573-4a6a-937c-97544b5663b4/opts
Oct 18 09:10:09 gtw01 dnsmasq[17269]: read /var/lib/neutron/dhcp/13f11ceb-17fe-4eaa-b613-fba0c674db93/addn_hosts - 2 addresses
Oct 18 09:10:09 gtw01 dnsmasq-dhcp[17269]: read /var/lib/neutron/dhcp/13f11ceb-17fe-4eaa-b613-fba0c674db93/host
Oct 18 09:10:09 gtw01 dnsmasq-dhcp[17269]: read /var/lib/neutron/dhcp/13f11ceb-17fe-4eaa-b613-fba0c674db93/opts
Oct 18 09:10:09 gtw01 dnsmasq[17324]: read /var/lib/neutron/dhcp/622ec3f8-d573-4a6a-937c-97544b5663b4/addn_hosts - 1 addresses
Oct 18 09:10:09 gtw01 dnsmasq-dhcp[17324]: read /var/lib/neutron/dhcp/622ec3f8-d573-4a6a-937c-97544b5663b4/host
Oct 18 09:10:09 gtw01 dnsmasq-dhcp[17324]: read /var/lib/neutron/dhcp/622ec3f8-d573-4a6a-937c-97544b5663b4/opts
Oct 18 09:10:11 gtw01 systemd-udevd[17443]: Could not generate persistent MAC address for tap3489aa93-84: No such file or directory
Oct 18 09:10:11 gtw01 kernel: [ 5835.964764] device tap3489aa93-84 entered promiscuous mode
Oct 18 09:10:11 gtw01 dnsmasq[17269]: read /var/lib/neutron/dhcp/13f11ceb-17fe-4eaa-b613-fba0c674db93/addn_hosts - 2 addresses
Oct 18 09:10:11 gtw01 dnsmasq-dhcp[17269]: read /var/lib/neutron/dhcp/13f11ceb-17fe-4eaa-b613-fba0c674db93/host
Oct 18 09:10:11 gtw01 dnsmasq-dhcp[17269]: read /var/lib/neutron/dhcp/13f11ceb-17fe-4eaa-b613-fba0c674db93/opts
Oct 18 09:10:11 gtw01 systemd-udevd[17443]: Process '/sbin/ip link set tap3489aa93-84 txqueuelen 10000' failed with exit code 1.
Oct 18 09:10:11 gtw01 systemd-udevd[17518]: Process '/sbin/ip link set tap3489aa93-84 txqueuelen 10000' failed with exit code 1.
Oct 18 09:10:11 gtw01 dnsmasq[17324]: read /var/lib/neutron/dhcp/622ec3f8-d573-4a6a-937c-97544b5663b4/addn_hosts - 1 addresses
Oct 18 09:10:11 gtw01 dnsmasq-dhcp[17324]: read /var/lib/neutron/dhcp/622ec3f8-d573-4a6a-937c-97544b5663b4/host
Oct 18 09:10:11 gtw01 dnsmasq-dhcp[17324]: read /var/lib/neutron/dhcp/622ec3f8-d573-4a6a-937c-97544b5663b4/opts
Oct 18 09:10:11 gtw01 dnsmasq[17185]: read /var/lib/neutron/dhcp/18f2f455-40c1-420f-92b1-b4b2deffe7e5/addn_hosts - 2 addresses
Oct 18 09:10:11 gtw01 dnsmasq-dhcp[17185]: read /var/lib/neutron/dhcp/18f2f455-40c1-420f-92b1-b4b2deffe7e5/host
Oct 18 09:10:11 gtw01 dnsmasq-dhcp[17185]: read /var/lib/neutron/dhcp/18f2f455-40c1-420f-92b1-b4b2deffe7e5/opts
Oct 18 09:10:12 gtw01 dnsmasq[17269]: read /var/lib/neutron/dhcp/13f11ceb-17fe-4eaa-b613-fba0c674db93/addn_hosts - 2 addresses
Oct 18 09:10:12 gtw01 dnsmasq-dhcp[17269]: read /var/lib/neutron/dhcp/13f11ceb-17fe-4eaa-b613-fba0c674db93/host
Oct 18 09:10:12 gtw01 dnsmasq-dhcp[17269]: read /var/lib/neutron/dhcp/13f11ceb-17fe-4eaa-b613-fba0c674db93/opts
Oct 18 09:10:13 gtw01 dnsmasq[17185]: read /var/lib/neutron/dhcp/18f2f455-40c1-420f-92b1-b4b2deffe7e5/addn_hosts - 2 addresses
Oct 18 09:10:13 gtw01 dnsmasq-dhcp[17185]: read /var/lib/neutron/dhcp/18f2f455-40c1-420f-92b1-b4b2deffe7e5/host
Oct 18 09:10:13 gtw01 dnsmasq-dhcp[17185]: read /var/lib/neutron/dhcp/18f2f455-40c1-420f-92b1-b4b2deffe7e5/opts
Oct 18 09:10:14 gtw01 dnsmasq[17269]: read /var/lib/neutron/dhcp/13f11ceb-17fe-4eaa-b613-fba0c674db93/addn_hosts - 1 addresses
Oct 18 09:10:14 gtw01 dnsmasq-dhcp[17269]: read /var/lib/neutron/dhcp/13f11ceb-17fe-4eaa-b613-fba0c674db93/host
Oct 18 09:10:14 gtw01 dnsmasq-dhcp[17269]: read /var/lib/neutron/dhcp/13f11ceb-17fe-4eaa-b613-fba0c674db93/opts
Oct 18 09:10:14 gtw01 dnsmasq[17185]: read /var/lib/neutron/dhcp/18f2f455-40c1-420f-92b1-b4b2deffe7e5/addn_hosts - 1 addresses
Oct 18 09:10:14 gtw01 dnsmasq-dhcp[17185]: read /var/lib/neutron/dhcp/18f2f455-40c1-420f-92b1-b4b2deffe7e5/host
Oct 18 09:10:14 gtw01 dnsmasq-dhcp[17185]: read /var/lib/neutron/dhcp/18f2f455-40c1-420f-92b1-b4b2deffe7e5/opts
Oct 18 09:10:15 gtw01 dnsmasq[17674]: started, version 2.80 cachesize 150
Oct 18 09:10:15 gtw01 dnsmasq[17674]: DNS service limited to local subnets
Oct 18 09:10:15 gtw01 dnsmasq[17674]: compile time options: IPv6 GNU-getopt DBus i18n IDN DHCP DHCPv6 no-Lua TFTP conntrack ipset auth DNSSEC loop-detect inotify dumpfile
Oct 18 09:10:15 gtw01 dnsmasq[17674]: warning: no upstream servers configured
Oct 18 09:10:15 gtw01 dnsmasq-dhcp[17674]: DHCP, static leases only on 192.168.121.0, lease time 1h
Oct 18 09:10:15 gtw01 dnsmasq[17674]: read /var/lib/neutron/dhcp/2a315a11-fb85-41e8-9a92-f2bbbbbb8fb2/addn_hosts - 1 addresses
Oct 18 09:10:15 gtw01 dnsmasq-dhcp[17674]: read /var/lib/neutron/dhcp/2a315a11-fb85-41e8-9a92-f2bbbbbb8fb2/host
Oct 18 09:10:15 gtw01 dnsmasq-dhcp[17674]: read /var/lib/neutron/dhcp/2a315a11-fb85-41e8-9a92-f2bbbbbb8fb2/opts
Oct 18 09:10:15 gtw01 haproxy-metadata-proxy-2a315a11-fb85-41e8-9a92-f2bbbbbb8fb2[17678]: Proxy listener started.
Oct 18 09:10:16 gtw01 dnsmasq[17674]: read /var/lib/neutron/dhcp/2a315a11-fb85-41e8-9a92-f2bbbbbb8fb2/addn_hosts - 1 addresses
Oct 18 09:10:16 gtw01 dnsmasq-dhcp[17674]: read /var/lib/neutron/dhcp/2a315a11-fb85-41e8-9a92-f2bbbbbb8fb2/host
Oct 18 09:10:16 gtw01 dnsmasq-dhcp[17674]: read /var/lib/neutron/dhcp/2a315a11-fb85-41e8-9a92-f2bbbbbb8fb2/opts
Oct 18 09:10:17 gtw01 dnsmasq[17674]: read /var/lib/neutron/dhcp/2a315a11-fb85-41e8-9a92-f2bbbbbb8fb2/addn_hosts - 1 addresses
Oct 18 09:10:17 gtw01 dnsmasq-dhcp[17674]: read /var/lib/neutron/dhcp/2a315a11-fb85-41e8-9a92-f2bbbbbb8fb2/host
Oct 18 09:10:17 gtw01 dnsmasq-dhcp[17674]: read /var/lib/neutron/dhcp/2a315a11-fb85-41e8-9a92-f2bbbbbb8fb2/opts
Oct 18 09:10:18 gtw01 kernel: [ 5843.350771] device tap3489aa93-84 left promiscuous mode
Oct 18 09:10:20 gtw01 kernel: [ 5845.913285] device tap36a27be4-f8 left promiscuous mode
Oct 18 09:10:22 gtw01 kernel: [ 5847.597330] device tapd63105d1-ff left promiscuous mode
Oct 18 09:10:27 gtw01 kernel: [ 5851.989928] device tap0b05165b-ca left promiscuous mode
Oct 18 09:11:00 gtw01 dnsmasq[11126]: read /var/lib/neutron/dhcp/2c57749a-f6fd-405a-89f6-c8b51e424e6a/addn_hosts - 1 addresses
Oct 18 09:11:00 gtw01 dnsmasq-dhcp[11126]: read /var/lib/neutron/dhcp/2c57749a-f6fd-405a-89f6-c8b51e424e6a/host
Oct 18 09:11:00 gtw01 dnsmasq-dhcp[11126]: read /var/lib/neutron/dhcp/2c57749a-f6fd-405a-89f6-c8b51e424e6a/opts
Oct 18 09:11:04 gtw01 kernel: [ 5889.575165] device tapdee40cdd-bc left promiscuous mode
Oct 18 09:11:14 gtw01 kernel: [ 5899.919410] device tapefd535a5-63 entered promiscuous mode
Oct 18 09:11:14 gtw01 systemd-udevd[17795]: Could not generate persistent MAC address for tapefd535a5-63: No such file or directory
Oct 18 09:11:15 gtw01 systemd-udevd[17795]: Process '/sbin/ip link set tapefd535a5-63 txqueuelen 10000' failed with exit code 1.
Oct 18 09:11:15 gtw01 systemd-udevd[17795]: Process '/sbin/ip link set tapefd535a5-63 txqueuelen 10000' failed with exit code 1.
Oct 18 09:11:18 gtw01 dnsmasq[17929]: started, version 2.80 cachesize 150
Oct 18 09:11:18 gtw01 dnsmasq[17929]: DNS service limited to local subnets
Oct 18 09:11:18 gtw01 dnsmasq[17929]: compile time options: IPv6 GNU-getopt DBus i18n IDN DHCP DHCPv6 no-Lua TFTP conntrack ipset auth DNSSEC loop-detect inotify dumpfile
Oct 18 09:11:18 gtw01 dnsmasq[17929]: warning: no upstream servers configured
Oct 18 09:11:18 gtw01 dnsmasq-dhcp[17929]: DHCP, static leases only on 192.168.120.0, lease time 1h
Oct 18 09:11:18 gtw01 dnsmasq[17929]: read /var/lib/neutron/dhcp/248a8850-aa71-48af-a15b-be1141188c4c/addn_hosts - 1 addresses
Oct 18 09:11:18 gtw01 dnsmasq-dhcp[17929]: read /var/lib/neutron/dhcp/248a8850-aa71-48af-a15b-be1141188c4c/host
Oct 18 09:11:18 gtw01 dnsmasq-dhcp[17929]: read /var/lib/neutron/dhcp/248a8850-aa71-48af-a15b-be1141188c4c/opts
Oct 18 09:11:18 gtw01 haproxy-metadata-proxy-248a8850-aa71-48af-a15b-be1141188c4c[17933]: Proxy listener started.
Oct 18 09:11:19 gtw01 dnsmasq[17929]: read /var/lib/neutron/dhcp/248a8850-aa71-48af-a15b-be1141188c4c/addn_hosts - 2 addresses
Oct 18 09:11:19 gtw01 dnsmasq-dhcp[17929]: read /var/lib/neutron/dhcp/248a8850-aa71-48af-a15b-be1141188c4c/host
Oct 18 09:11:19 gtw01 dnsmasq-dhcp[17929]: read /var/lib/neutron/dhcp/248a8850-aa71-48af-a15b-be1141188c4c/opts
Oct 18 09:11:20 gtw01 dnsmasq[17929]: read /var/lib/neutron/dhcp/248a8850-aa71-48af-a15b-be1141188c4c/addn_hosts - 2 addresses
Oct 18 09:11:20 gtw01 dnsmasq-dhcp[17929]: read /var/lib/neutron/dhcp/248a8850-aa71-48af-a15b-be1141188c4c/host
Oct 18 09:11:20 gtw01 dnsmasq-dhcp[17929]: read /var/lib/neutron/dhcp/248a8850-aa71-48af-a15b-be1141188c4c/opts
Oct 18 09:11:21 gtw01 dnsmasq[17929]: read /var/lib/neutron/dhcp/248a8850-aa71-48af-a15b-be1141188c4c/addn_hosts - 2 addresses
Oct 18 09:11:21 gtw01 dnsmasq-dhcp[17929]: read /var/lib/neutron/dhcp/248a8850-aa71-48af-a15b-be1141188c4c/host
Oct 18 09:11:21 gtw01 dnsmasq-dhcp[17929]: read /var/lib/neutron/dhcp/248a8850-aa71-48af-a15b-be1141188c4c/opts
Oct 18 09:11:22 gtw01 dnsmasq[17929]: read /var/lib/neutron/dhcp/248a8850-aa71-48af-a15b-be1141188c4c/addn_hosts - 2 addresses
Oct 18 09:11:22 gtw01 dnsmasq-dhcp[17929]: read /var/lib/neutron/dhcp/248a8850-aa71-48af-a15b-be1141188c4c/host
Oct 18 09:11:22 gtw01 dnsmasq-dhcp[17929]: read /var/lib/neutron/dhcp/248a8850-aa71-48af-a15b-be1141188c4c/opts
Oct 18 09:11:23 gtw01 dnsmasq[17929]: read /var/lib/neutron/dhcp/248a8850-aa71-48af-a15b-be1141188c4c/addn_hosts - 2 addresses
Oct 18 09:11:23 gtw01 dnsmasq-dhcp[17929]: read /var/lib/neutron/dhcp/248a8850-aa71-48af-a15b-be1141188c4c/host
Oct 18 09:11:23 gtw01 dnsmasq-dhcp[17929]: read /var/lib/neutron/dhcp/248a8850-aa71-48af-a15b-be1141188c4c/opts
Oct 18 09:12:10 gtw01 kernel: [ 5955.387401] device tap6d1ffc34-56 entered promiscuous mode
Oct 18 09:12:10 gtw01 systemd-udevd[18037]: Could not generate persistent MAC address for tap6d1ffc34-56: No such file or directory
Oct 18 09:12:10 gtw01 systemd-udevd[18105]: Process '/sbin/ip link set tap6d1ffc34-56 txqueuelen 10000' failed with exit code 1.
Oct 18 09:12:13 gtw01 dnsmasq[18167]: started, version 2.80 cachesize 150
Oct 18 09:12:13 gtw01 dnsmasq[18167]: DNS service limited to local subnets
Oct 18 09:12:13 gtw01 dnsmasq[18167]: compile time options: IPv6 GNU-getopt DBus i18n IDN DHCP DHCPv6 no-Lua TFTP conntrack ipset auth DNSSEC loop-detect inotify dumpfile
Oct 18 09:12:13 gtw01 dnsmasq[18167]: warning: no upstream servers configured
Oct 18 09:12:13 gtw01 dnsmasq-dhcp[18167]: DHCP, static leases only on 192.168.120.0, lease time 1h
Oct 18 09:12:13 gtw01 dnsmasq[18167]: read /var/lib/neutron/dhcp/d11a1a9d-23a1-49f3-a357-e6421b1665ff/addn_hosts - 1 addresses
Oct 18 09:12:13 gtw01 dnsmasq-dhcp[18167]: read /var/lib/neutron/dhcp/d11a1a9d-23a1-49f3-a357-e6421b1665ff/host
Oct 18 09:12:13 gtw01 dnsmasq-dhcp[18167]: read /var/lib/neutron/dhcp/d11a1a9d-23a1-49f3-a357-e6421b1665ff/opts
Oct 18 09:12:13 gtw01 haproxy-metadata-proxy-d11a1a9d-23a1-49f3-a357-e6421b1665ff[18171]: Proxy listener started.
Oct 18 09:12:14 gtw01 dnsmasq[18167]: read /var/lib/neutron/dhcp/d11a1a9d-23a1-49f3-a357-e6421b1665ff/addn_hosts - 2 addresses
Oct 18 09:12:14 gtw01 dnsmasq-dhcp[18167]: read /var/lib/neutron/dhcp/d11a1a9d-23a1-49f3-a357-e6421b1665ff/host
Oct 18 09:12:14 gtw01 dnsmasq-dhcp[18167]: read /var/lib/neutron/dhcp/d11a1a9d-23a1-49f3-a357-e6421b1665ff/opts
Oct 18 09:12:15 gtw01 dnsmasq[18167]: read /var/lib/neutron/dhcp/d11a1a9d-23a1-49f3-a357-e6421b1665ff/addn_hosts - 2 addresses
Oct 18 09:12:15 gtw01 dnsmasq-dhcp[18167]: read /var/lib/neutron/dhcp/d11a1a9d-23a1-49f3-a357-e6421b1665ff/host
Oct 18 09:12:15 gtw01 dnsmasq-dhcp[18167]: read /var/lib/neutron/dhcp/d11a1a9d-23a1-49f3-a357-e6421b1665ff/opts
Oct 18 09:12:15 gtw01 dnsmasq[17929]: read /var/lib/neutron/dhcp/248a8850-aa71-48af-a15b-be1141188c4c/addn_hosts - 3 addresses
Oct 18 09:12:15 gtw01 dnsmasq-dhcp[17929]: read /var/lib/neutron/dhcp/248a8850-aa71-48af-a15b-be1141188c4c/host
Oct 18 09:12:15 gtw01 dnsmasq-dhcp[17929]: read /var/lib/neutron/dhcp/248a8850-aa71-48af-a15b-be1141188c4c/opts
Oct 18 09:12:16 gtw01 dnsmasq[18167]: read /var/lib/neutron/dhcp/d11a1a9d-23a1-49f3-a357-e6421b1665ff/addn_hosts - 2 addresses
Oct 18 09:12:16 gtw01 dnsmasq-dhcp[18167]: read /var/lib/neutron/dhcp/d11a1a9d-23a1-49f3-a357-e6421b1665ff/host
Oct 18 09:12:16 gtw01 dnsmasq-dhcp[18167]: read /var/lib/neutron/dhcp/d11a1a9d-23a1-49f3-a357-e6421b1665ff/opts
Oct 18 09:12:16 gtw01 dnsmasq[17929]: read /var/lib/neutron/dhcp/248a8850-aa71-48af-a15b-be1141188c4c/addn_hosts - 3 addresses
Oct 18 09:12:16 gtw01 dnsmasq-dhcp[17929]: read /var/lib/neutron/dhcp/248a8850-aa71-48af-a15b-be1141188c4c/host
Oct 18 09:12:16 gtw01 dnsmasq-dhcp[17929]: read /var/lib/neutron/dhcp/248a8850-aa71-48af-a15b-be1141188c4c/opts
Oct 18 09:12:17 gtw01 dnsmasq[18167]: read /var/lib/neutron/dhcp/d11a1a9d-23a1-49f3-a357-e6421b1665ff/addn_hosts - 2 addresses
Oct 18 09:12:17 gtw01 dnsmasq-dhcp[18167]: read /var/lib/neutron/dhcp/d11a1a9d-23a1-49f3-a357-e6421b1665ff/host
Oct 18 09:12:17 gtw01 dnsmasq-dhcp[18167]: read /var/lib/neutron/dhcp/d11a1a9d-23a1-49f3-a357-e6421b1665ff/opts
Oct 18 09:12:17 gtw01 kernel: [ 5962.939973] device tap5561f5ab-99 entered promiscuous mode
Oct 18 09:12:17 gtw01 systemd-udevd[18292]: Could not generate persistent MAC address for tap5561f5ab-99: No such file or directory
Oct 18 09:12:18 gtw01 dnsmasq[17929]: read /var/lib/neutron/dhcp/248a8850-aa71-48af-a15b-be1141188c4c/addn_hosts - 3 addresses
Oct 18 09:12:18 gtw01 dnsmasq-dhcp[17929]: read /var/lib/neutron/dhcp/248a8850-aa71-48af-a15b-be1141188c4c/host
Oct 18 09:12:18 gtw01 dnsmasq-dhcp[17929]: read /var/lib/neutron/dhcp/248a8850-aa71-48af-a15b-be1141188c4c/opts
Oct 18 09:12:18 gtw01 systemd-udevd[18292]: Process '/sbin/ip link set tap5561f5ab-99 txqueuelen 10000' failed with exit code 1.
Oct 18 09:12:18 gtw01 systemd-udevd[18366]: Process '/sbin/ip link set tap5561f5ab-99 txqueuelen 10000' failed with exit code 1.
Oct 18 09:12:18 gtw01 dnsmasq[18167]: read /var/lib/neutron/dhcp/d11a1a9d-23a1-49f3-a357-e6421b1665ff/addn_hosts - 2 addresses
Oct 18 09:12:18 gtw01 dnsmasq-dhcp[18167]: read /var/lib/neutron/dhcp/d11a1a9d-23a1-49f3-a357-e6421b1665ff/host
Oct 18 09:12:18 gtw01 dnsmasq-dhcp[18167]: read /var/lib/neutron/dhcp/d11a1a9d-23a1-49f3-a357-e6421b1665ff/opts
Oct 18 09:12:19 gtw01 dnsmasq[17929]: read /var/lib/neutron/dhcp/248a8850-aa71-48af-a15b-be1141188c4c/addn_hosts - 4 addresses
Oct 18 09:12:19 gtw01 dnsmasq-dhcp[17929]: read /var/lib/neutron/dhcp/248a8850-aa71-48af-a15b-be1141188c4c/host
Oct 18 09:12:19 gtw01 dnsmasq-dhcp[17929]: read /var/lib/neutron/dhcp/248a8850-aa71-48af-a15b-be1141188c4c/opts
Oct 18 09:12:21 gtw01 dnsmasq[17929]: read /var/lib/neutron/dhcp/248a8850-aa71-48af-a15b-be1141188c4c/addn_hosts - 4 addresses
Oct 18 09:12:21 gtw01 dnsmasq-dhcp[17929]: read /var/lib/neutron/dhcp/248a8850-aa71-48af-a15b-be1141188c4c/host
Oct 18 09:12:21 gtw01 dnsmasq-dhcp[17929]: read /var/lib/neutron/dhcp/248a8850-aa71-48af-a15b-be1141188c4c/opts
Oct 18 09:12:21 gtw01 dnsmasq[18483]: started, version 2.80 cachesize 150
Oct 18 09:12:21 gtw01 dnsmasq[18483]: DNS service limited to local subnets
Oct 18 09:12:21 gtw01 dnsmasq[18483]: compile time options: IPv6 GNU-getopt DBus i18n IDN DHCP DHCPv6 no-Lua TFTP conntrack ipset auth DNSSEC loop-detect inotify dumpfile
Oct 18 09:12:21 gtw01 dnsmasq[18483]: warning: no upstream servers configured
Oct 18 09:12:21 gtw01 dnsmasq-dhcp[18483]: DHCP, static leases only on 192.168.120.0, lease time 1h
Oct 18 09:12:21 gtw01 dnsmasq[18483]: read /var/lib/neutron/dhcp/465599f8-f8cb-4dc1-9559-a6eecbe657bc/addn_hosts - 1 addresses
Oct 18 09:12:21 gtw01 dnsmasq-dhcp[18483]: read /var/lib/neutron/dhcp/465599f8-f8cb-4dc1-9559-a6eecbe657bc/host
Oct 18 09:12:21 gtw01 dnsmasq-dhcp[18483]: read /var/lib/neutron/dhcp/465599f8-f8cb-4dc1-9559-a6eecbe657bc/opts
Oct 18 09:12:21 gtw01 haproxy-metadata-proxy-465599f8-f8cb-4dc1-9559-a6eecbe657bc[18490]: Proxy listener started.
Oct 18 09:12:22 gtw01 dnsmasq[17929]: read /var/lib/neutron/dhcp/248a8850-aa71-48af-a15b-be1141188c4c/addn_hosts - 4 addresses
Oct 18 09:12:22 gtw01 dnsmasq-dhcp[17929]: read /var/lib/neutron/dhcp/248a8850-aa71-48af-a15b-be1141188c4c/host
Oct 18 09:12:22 gtw01 dnsmasq-dhcp[17929]: read /var/lib/neutron/dhcp/248a8850-aa71-48af-a15b-be1141188c4c/opts
Oct 18 09:12:22 gtw01 dnsmasq[18483]: read /var/lib/neutron/dhcp/465599f8-f8cb-4dc1-9559-a6eecbe657bc/addn_hosts - 2 addresses
Oct 18 09:12:22 gtw01 dnsmasq-dhcp[18483]: read /var/lib/neutron/dhcp/465599f8-f8cb-4dc1-9559-a6eecbe657bc/host
Oct 18 09:12:22 gtw01 dnsmasq-dhcp[18483]: read /var/lib/neutron/dhcp/465599f8-f8cb-4dc1-9559-a6eecbe657bc/opts
Oct 18 09:12:23 gtw01 dnsmasq[18483]: read /var/lib/neutron/dhcp/465599f8-f8cb-4dc1-9559-a6eecbe657bc/addn_hosts - 2 addresses
Oct 18 09:12:23 gtw01 dnsmasq-dhcp[18483]: read /var/lib/neutron/dhcp/465599f8-f8cb-4dc1-9559-a6eecbe657bc/host
Oct 18 09:12:23 gtw01 dnsmasq-dhcp[18483]: read /var/lib/neutron/dhcp/465599f8-f8cb-4dc1-9559-a6eecbe657bc/opts
Oct 18 09:12:24 gtw01 dnsmasq[18483]: read /var/lib/neutron/dhcp/465599f8-f8cb-4dc1-9559-a6eecbe657bc/addn_hosts - 2 addresses
Oct 18 09:12:24 gtw01 dnsmasq-dhcp[18483]: read /var/lib/neutron/dhcp/465599f8-f8cb-4dc1-9559-a6eecbe657bc/host
Oct 18 09:12:24 gtw01 dnsmasq-dhcp[18483]: read /var/lib/neutron/dhcp/465599f8-f8cb-4dc1-9559-a6eecbe657bc/opts
Oct 18 09:12:25 gtw01 dnsmasq[18483]: read /var/lib/neutron/dhcp/465599f8-f8cb-4dc1-9559-a6eecbe657bc/addn_hosts - 2 addresses
Oct 18 09:12:25 gtw01 dnsmasq-dhcp[18483]: read /var/lib/neutron/dhcp/465599f8-f8cb-4dc1-9559-a6eecbe657bc/host
Oct 18 09:12:25 gtw01 dnsmasq-dhcp[18483]: read /var/lib/neutron/dhcp/465599f8-f8cb-4dc1-9559-a6eecbe657bc/opts
Oct 18 09:12:26 gtw01 dnsmasq[18483]: read /var/lib/neutron/dhcp/465599f8-f8cb-4dc1-9559-a6eecbe657bc/addn_hosts - 2 addresses
Oct 18 09:12:26 gtw01 dnsmasq-dhcp[18483]: read /var/lib/neutron/dhcp/465599f8-f8cb-4dc1-9559-a6eecbe657bc/host
Oct 18 09:12:26 gtw01 dnsmasq-dhcp[18483]: read /var/lib/neutron/dhcp/465599f8-f8cb-4dc1-9559-a6eecbe657bc/opts
Oct 18 09:12:26 gtw01 dnsmasq[17929]: read /var/lib/neutron/dhcp/248a8850-aa71-48af-a15b-be1141188c4c/addn_hosts - 3 addresses
Oct 18 09:12:26 gtw01 dnsmasq-dhcp[17929]: read /var/lib/neutron/dhcp/248a8850-aa71-48af-a15b-be1141188c4c/host
Oct 18 09:12:26 gtw01 dnsmasq-dhcp[17929]: read /var/lib/neutron/dhcp/248a8850-aa71-48af-a15b-be1141188c4c/opts
Oct 18 09:12:29 gtw01 dnsmasq[17929]: read /var/lib/neutron/dhcp/248a8850-aa71-48af-a15b-be1141188c4c/addn_hosts - 2 addresses
Oct 18 09:12:29 gtw01 dnsmasq-dhcp[17929]: read /var/lib/neutron/dhcp/248a8850-aa71-48af-a15b-be1141188c4c/host
Oct 18 09:12:29 gtw01 dnsmasq-dhcp[17929]: read /var/lib/neutron/dhcp/248a8850-aa71-48af-a15b-be1141188c4c/opts
Oct 18 09:12:32 gtw01 dnsmasq[18167]: read /var/lib/neutron/dhcp/d11a1a9d-23a1-49f3-a357-e6421b1665ff/addn_hosts - 3 addresses
Oct 18 09:12:32 gtw01 dnsmasq-dhcp[18167]: read /var/lib/neutron/dhcp/d11a1a9d-23a1-49f3-a357-e6421b1665ff/host
Oct 18 09:12:32 gtw01 dnsmasq-dhcp[18167]: read /var/lib/neutron/dhcp/d11a1a9d-23a1-49f3-a357-e6421b1665ff/opts
Oct 18 09:12:33 gtw01 dnsmasq[18167]: read /var/lib/neutron/dhcp/d11a1a9d-23a1-49f3-a357-e6421b1665ff/addn_hosts - 3 addresses
Oct 18 09:12:33 gtw01 dnsmasq-dhcp[18167]: read /var/lib/neutron/dhcp/d11a1a9d-23a1-49f3-a357-e6421b1665ff/host
Oct 18 09:12:33 gtw01 dnsmasq-dhcp[18167]: read /var/lib/neutron/dhcp/d11a1a9d-23a1-49f3-a357-e6421b1665ff/opts
Oct 18 09:12:34 gtw01 dnsmasq[17929]: read /var/lib/neutron/dhcp/248a8850-aa71-48af-a15b-be1141188c4c/addn_hosts - 3 addresses
Oct 18 09:12:34 gtw01 dnsmasq-dhcp[17929]: read /var/lib/neutron/dhcp/248a8850-aa71-48af-a15b-be1141188c4c/host
Oct 18 09:12:34 gtw01 dnsmasq-dhcp[17929]: read /var/lib/neutron/dhcp/248a8850-aa71-48af-a15b-be1141188c4c/opts
Oct 18 09:12:34 gtw01 dnsmasq[18167]: read /var/lib/neutron/dhcp/d11a1a9d-23a1-49f3-a357-e6421b1665ff/addn_hosts - 3 addresses
Oct 18 09:12:34 gtw01 dnsmasq-dhcp[18167]: read /var/lib/neutron/dhcp/d11a1a9d-23a1-49f3-a357-e6421b1665ff/host
Oct 18 09:12:34 gtw01 dnsmasq-dhcp[18167]: read /var/lib/neutron/dhcp/d11a1a9d-23a1-49f3-a357-e6421b1665ff/opts
Oct 18 09:12:35 gtw01 dnsmasq[17929]: read /var/lib/neutron/dhcp/248a8850-aa71-48af-a15b-be1141188c4c/addn_hosts - 3 addresses
Oct 18 09:12:35 gtw01 dnsmasq-dhcp[17929]: read /var/lib/neutron/dhcp/248a8850-aa71-48af-a15b-be1141188c4c/host
Oct 18 09:12:35 gtw01 dnsmasq-dhcp[17929]: read /var/lib/neutron/dhcp/248a8850-aa71-48af-a15b-be1141188c4c/opts
Oct 18 09:12:36 gtw01 dnsmasq[17929]: read /var/lib/neutron/dhcp/248a8850-aa71-48af-a15b-be1141188c4c/addn_hosts - 3 addresses
Oct 18 09:12:36 gtw01 dnsmasq-dhcp[17929]: read /var/lib/neutron/dhcp/248a8850-aa71-48af-a15b-be1141188c4c/host
Oct 18 09:12:36 gtw01 dnsmasq-dhcp[17929]: read /var/lib/neutron/dhcp/248a8850-aa71-48af-a15b-be1141188c4c/opts
Oct 18 09:12:43 gtw01 dnsmasq[17929]: read /var/lib/neutron/dhcp/248a8850-aa71-48af-a15b-be1141188c4c/addn_hosts - 2 addresses
Oct 18 09:12:43 gtw01 dnsmasq-dhcp[17929]: read /var/lib/neutron/dhcp/248a8850-aa71-48af-a15b-be1141188c4c/host
Oct 18 09:12:43 gtw01 dnsmasq-dhcp[17929]: read /var/lib/neutron/dhcp/248a8850-aa71-48af-a15b-be1141188c4c/opts
Oct 18 09:12:47 gtw01 dnsmasq-dhcp[18167]: DHCPDISCOVER(tap6d1ffc34-56) fa:16:3e:3e:30:18
Oct 18 09:12:47 gtw01 dnsmasq-dhcp[18167]: DHCPOFFER(tap6d1ffc34-56) 192.168.120.6 fa:16:3e:3e:30:18
Oct 18 09:12:47 gtw01 dnsmasq-dhcp[18167]: DHCPREQUEST(tap6d1ffc34-56) 192.168.120.6 fa:16:3e:3e:30:18
Oct 18 09:12:47 gtw01 dnsmasq-dhcp[18167]: DHCPACK(tap6d1ffc34-56) 192.168.120.6 fa:16:3e:3e:30:18 host-192-168-120-6
Oct 18 09:12:49 gtw01 dnsmasq[17929]: read /var/lib/neutron/dhcp/248a8850-aa71-48af-a15b-be1141188c4c/addn_hosts - 3 addresses
Oct 18 09:12:49 gtw01 dnsmasq-dhcp[17929]: read /var/lib/neutron/dhcp/248a8850-aa71-48af-a15b-be1141188c4c/host
Oct 18 09:12:49 gtw01 dnsmasq-dhcp[17929]: read /var/lib/neutron/dhcp/248a8850-aa71-48af-a15b-be1141188c4c/opts
Oct 18 09:12:50 gtw01 dnsmasq[17929]: read /var/lib/neutron/dhcp/248a8850-aa71-48af-a15b-be1141188c4c/addn_hosts - 3 addresses
Oct 18 09:12:50 gtw01 dnsmasq-dhcp[17929]: read /var/lib/neutron/dhcp/248a8850-aa71-48af-a15b-be1141188c4c/host
Oct 18 09:12:50 gtw01 dnsmasq-dhcp[17929]: read /var/lib/neutron/dhcp/248a8850-aa71-48af-a15b-be1141188c4c/opts
Oct 18 09:12:51 gtw01 dnsmasq[17929]: read /var/lib/neutron/dhcp/248a8850-aa71-48af-a15b-be1141188c4c/addn_hosts - 3 addresses
Oct 18 09:12:51 gtw01 dnsmasq-dhcp[17929]: read /var/lib/neutron/dhcp/248a8850-aa71-48af-a15b-be1141188c4c/host
Oct 18 09:12:51 gtw01 dnsmasq-dhcp[17929]: read /var/lib/neutron/dhcp/248a8850-aa71-48af-a15b-be1141188c4c/opts
Oct 18 09:12:53 gtw01 dnsmasq-dhcp[18167]: DHCPRELEASE(tap6d1ffc34-56) 192.168.120.6 fa:16:3e:3e:30:18
Oct 18 09:12:53 gtw01 dnsmasq-dhcp[18167]: DHCPRELEASE(tap6d1ffc34-56) 192.168.120.6 fa:16:3e:3e:30:18 unknown lease
Oct 18 09:12:54 gtw01 dnsmasq[18167]: read /var/lib/neutron/dhcp/d11a1a9d-23a1-49f3-a357-e6421b1665ff/addn_hosts - 2 addresses
Oct 18 09:12:54 gtw01 dnsmasq-dhcp[18167]: read /var/lib/neutron/dhcp/d11a1a9d-23a1-49f3-a357-e6421b1665ff/host
Oct 18 09:12:54 gtw01 dnsmasq-dhcp[18167]: read /var/lib/neutron/dhcp/d11a1a9d-23a1-49f3-a357-e6421b1665ff/opts
Oct 18 09:12:56 gtw01 dnsmasq[18167]: read /var/lib/neutron/dhcp/d11a1a9d-23a1-49f3-a357-e6421b1665ff/addn_hosts - 3 addresses
Oct 18 09:12:56 gtw01 dnsmasq-dhcp[18167]: read /var/lib/neutron/dhcp/d11a1a9d-23a1-49f3-a357-e6421b1665ff/host
Oct 18 09:12:56 gtw01 dnsmasq-dhcp[18167]: read /var/lib/neutron/dhcp/d11a1a9d-23a1-49f3-a357-e6421b1665ff/opts
Oct 18 09:12:57 gtw01 dnsmasq[18167]: read /var/lib/neutron/dhcp/d11a1a9d-23a1-49f3-a357-e6421b1665ff/addn_hosts - 3 addresses
Oct 18 09:12:57 gtw01 dnsmasq-dhcp[18167]: read /var/lib/neutron/dhcp/d11a1a9d-23a1-49f3-a357-e6421b1665ff/host
Oct 18 09:12:57 gtw01 dnsmasq-dhcp[18167]: read /var/lib/neutron/dhcp/d11a1a9d-23a1-49f3-a357-e6421b1665ff/opts
Oct 18 09:12:58 gtw01 dnsmasq[18167]: read /var/lib/neutron/dhcp/d11a1a9d-23a1-49f3-a357-e6421b1665ff/addn_hosts - 3 addresses
Oct 18 09:12:58 gtw01 dnsmasq-dhcp[18167]: read /var/lib/neutron/dhcp/d11a1a9d-23a1-49f3-a357-e6421b1665ff/host
Oct 18 09:12:58 gtw01 dnsmasq-dhcp[18167]: read /var/lib/neutron/dhcp/d11a1a9d-23a1-49f3-a357-e6421b1665ff/opts
Oct 18 09:13:01 gtw01 dnsmasq[17929]: read /var/lib/neutron/dhcp/248a8850-aa71-48af-a15b-be1141188c4c/addn_hosts - 4 addresses
Oct 18 09:13:01 gtw01 dnsmasq-dhcp[17929]: read /var/lib/neutron/dhcp/248a8850-aa71-48af-a15b-be1141188c4c/host
Oct 18 09:13:01 gtw01 dnsmasq-dhcp[17929]: read /var/lib/neutron/dhcp/248a8850-aa71-48af-a15b-be1141188c4c/opts
Oct 18 09:13:01 gtw01 dnsmasq[18167]: read /var/lib/neutron/dhcp/d11a1a9d-23a1-49f3-a357-e6421b1665ff/addn_hosts - 2 addresses
Oct 18 09:13:01 gtw01 dnsmasq-dhcp[18167]: read /var/lib/neutron/dhcp/d11a1a9d-23a1-49f3-a357-e6421b1665ff/host
Oct 18 09:13:01 gtw01 dnsmasq-dhcp[18167]: read /var/lib/neutron/dhcp/d11a1a9d-23a1-49f3-a357-e6421b1665ff/opts
Oct 18 09:13:02 gtw01 dnsmasq[17929]: read /var/lib/neutron/dhcp/248a8850-aa71-48af-a15b-be1141188c4c/addn_hosts - 4 addresses
Oct 18 09:13:02 gtw01 dnsmasq-dhcp[17929]: read /var/lib/neutron/dhcp/248a8850-aa71-48af-a15b-be1141188c4c/host
Oct 18 09:13:02 gtw01 dnsmasq-dhcp[17929]: read /var/lib/neutron/dhcp/248a8850-aa71-48af-a15b-be1141188c4c/opts
Oct 18 09:13:03 gtw01 dnsmasq[17929]: read /var/lib/neutron/dhcp/248a8850-aa71-48af-a15b-be1141188c4c/addn_hosts - 4 addresses
Oct 18 09:13:03 gtw01 dnsmasq-dhcp[17929]: read /var/lib/neutron/dhcp/248a8850-aa71-48af-a15b-be1141188c4c/host
Oct 18 09:13:03 gtw01 dnsmasq-dhcp[17929]: read /var/lib/neutron/dhcp/248a8850-aa71-48af-a15b-be1141188c4c/opts
Oct 18 09:13:04 gtw01 dnsmasq-dhcp[17929]: DHCPDISCOVER(tapefd535a5-63) fa:16:3e:a2:d6:bf
Oct 18 09:13:04 gtw01 dnsmasq-dhcp[17929]: DHCPOFFER(tapefd535a5-63) 192.168.120.5 fa:16:3e:a2:d6:bf
Oct 18 09:13:04 gtw01 dnsmasq-dhcp[17929]: DHCPREQUEST(tapefd535a5-63) 192.168.120.5 fa:16:3e:a2:d6:bf
Oct 18 09:13:04 gtw01 dnsmasq-dhcp[17929]: DHCPACK(tapefd535a5-63) 192.168.120.5 fa:16:3e:a2:d6:bf host-192-168-120-5
Oct 18 09:13:04 gtw01 dnsmasq[18167]: read /var/lib/neutron/dhcp/d11a1a9d-23a1-49f3-a357-e6421b1665ff/addn_hosts - 3 addresses
Oct 18 09:13:04 gtw01 dnsmasq-dhcp[18167]: read /var/lib/neutron/dhcp/d11a1a9d-23a1-49f3-a357-e6421b1665ff/host
Oct 18 09:13:04 gtw01 dnsmasq-dhcp[18167]: read /var/lib/neutron/dhcp/d11a1a9d-23a1-49f3-a357-e6421b1665ff/opts
Oct 18 09:13:05 gtw01 dnsmasq[18167]: read /var/lib/neutron/dhcp/d11a1a9d-23a1-49f3-a357-e6421b1665ff/addn_hosts - 3 addresses
Oct 18 09:13:05 gtw01 dnsmasq-dhcp[18167]: read /var/lib/neutron/dhcp/d11a1a9d-23a1-49f3-a357-e6421b1665ff/host
Oct 18 09:13:05 gtw01 dnsmasq-dhcp[18167]: read /var/lib/neutron/dhcp/d11a1a9d-23a1-49f3-a357-e6421b1665ff/opts
Oct 18 09:13:06 gtw01 dnsmasq[18167]: read /var/lib/neutron/dhcp/d11a1a9d-23a1-49f3-a357-e6421b1665ff/addn_hosts - 3 addresses
Oct 18 09:13:06 gtw01 dnsmasq-dhcp[18167]: read /var/lib/neutron/dhcp/d11a1a9d-23a1-49f3-a357-e6421b1665ff/host
Oct 18 09:13:06 gtw01 dnsmasq-dhcp[18167]: read /var/lib/neutron/dhcp/d11a1a9d-23a1-49f3-a357-e6421b1665ff/opts
Oct 18 09:13:12 gtw01 dnsmasq[17929]: read /var/lib/neutron/dhcp/248a8850-aa71-48af-a15b-be1141188c4c/addn_hosts - 3 addresses
Oct 18 09:13:12 gtw01 dnsmasq-dhcp[17929]: read /var/lib/neutron/dhcp/248a8850-aa71-48af-a15b-be1141188c4c/host
Oct 18 09:13:12 gtw01 dnsmasq-dhcp[17929]: read /var/lib/neutron/dhcp/248a8850-aa71-48af-a15b-be1141188c4c/opts
Oct 18 09:13:15 gtw01 dnsmasq-dhcp[17929]: DHCPRELEASE(tapefd535a5-63) 192.168.120.5 fa:16:3e:a2:d6:bf
Oct 18 09:13:15 gtw01 dnsmasq-dhcp[17929]: DHCPRELEASE(tapefd535a5-63) 192.168.120.5 fa:16:3e:a2:d6:bf unknown lease
Oct 18 09:13:16 gtw01 dnsmasq[17929]: read /var/lib/neutron/dhcp/248a8850-aa71-48af-a15b-be1141188c4c/addn_hosts - 2 addresses
Oct 18 09:13:16 gtw01 dnsmasq-dhcp[17929]: read /var/lib/neutron/dhcp/248a8850-aa71-48af-a15b-be1141188c4c/host
Oct 18 09:13:16 gtw01 dnsmasq-dhcp[17929]: read /var/lib/neutron/dhcp/248a8850-aa71-48af-a15b-be1141188c4c/opts
Oct 18 09:13:20 gtw01 dnsmasq-dhcp[18167]: DHCPDISCOVER(tap6d1ffc34-56) fa:16:3e:46:0e:a9
Oct 18 09:13:20 gtw01 dnsmasq-dhcp[18167]: DHCPOFFER(tap6d1ffc34-56) 192.168.120.12 fa:16:3e:46:0e:a9
Oct 18 09:13:20 gtw01 dnsmasq-dhcp[18167]: DHCPREQUEST(tap6d1ffc34-56) 192.168.120.12 fa:16:3e:46:0e:a9
Oct 18 09:13:20 gtw01 dnsmasq-dhcp[18167]: DHCPACK(tap6d1ffc34-56) 192.168.120.12 fa:16:3e:46:0e:a9 host-192-168-120-12
Oct 18 09:13:28 gtw01 dnsmasq[17929]: read /var/lib/neutron/dhcp/248a8850-aa71-48af-a15b-be1141188c4c/addn_hosts - 3 addresses
Oct 18 09:13:28 gtw01 dnsmasq-dhcp[17929]: read /var/lib/neutron/dhcp/248a8850-aa71-48af-a15b-be1141188c4c/host
Oct 18 09:13:28 gtw01 dnsmasq-dhcp[17929]: read /var/lib/neutron/dhcp/248a8850-aa71-48af-a15b-be1141188c4c/opts
Oct 18 09:13:29 gtw01 dnsmasq[17929]: read /var/lib/neutron/dhcp/248a8850-aa71-48af-a15b-be1141188c4c/addn_hosts - 3 addresses
Oct 18 09:13:29 gtw01 dnsmasq-dhcp[17929]: read /var/lib/neutron/dhcp/248a8850-aa71-48af-a15b-be1141188c4c/host
Oct 18 09:13:29 gtw01 dnsmasq-dhcp[17929]: read /var/lib/neutron/dhcp/248a8850-aa71-48af-a15b-be1141188c4c/opts
Oct 18 09:13:29 gtw01 dnsmasq-dhcp[18167]: DHCPRELEASE(tap6d1ffc34-56) 192.168.120.12 fa:16:3e:46:0e:a9
Oct 18 09:13:30 gtw01 dnsmasq-dhcp[18167]: DHCPRELEASE(tap6d1ffc34-56) 192.168.120.12 fa:16:3e:46:0e:a9 unknown lease
Oct 18 09:13:30 gtw01 dnsmasq[17929]: read /var/lib/neutron/dhcp/248a8850-aa71-48af-a15b-be1141188c4c/addn_hosts - 3 addresses
Oct 18 09:13:30 gtw01 dnsmasq-dhcp[17929]: read /var/lib/neutron/dhcp/248a8850-aa71-48af-a15b-be1141188c4c/host
Oct 18 09:13:30 gtw01 dnsmasq-dhcp[17929]: read /var/lib/neutron/dhcp/248a8850-aa71-48af-a15b-be1141188c4c/opts
Oct 18 09:13:30 gtw01 dnsmasq[18167]: read /var/lib/neutron/dhcp/d11a1a9d-23a1-49f3-a357-e6421b1665ff/addn_hosts - 2 addresses
Oct 18 09:13:30 gtw01 dnsmasq-dhcp[18167]: read /var/lib/neutron/dhcp/d11a1a9d-23a1-49f3-a357-e6421b1665ff/host
Oct 18 09:13:30 gtw01 dnsmasq-dhcp[18167]: read /var/lib/neutron/dhcp/d11a1a9d-23a1-49f3-a357-e6421b1665ff/opts
Oct 18 09:13:34 gtw01 dnsmasq[18483]: read /var/lib/neutron/dhcp/465599f8-f8cb-4dc1-9559-a6eecbe657bc/addn_hosts - 1 addresses
Oct 18 09:13:34 gtw01 dnsmasq-dhcp[18483]: read /var/lib/neutron/dhcp/465599f8-f8cb-4dc1-9559-a6eecbe657bc/host
Oct 18 09:13:34 gtw01 dnsmasq-dhcp[18483]: read /var/lib/neutron/dhcp/465599f8-f8cb-4dc1-9559-a6eecbe657bc/opts
Oct 18 09:13:40 gtw01 dnsmasq[17929]: read /var/lib/neutron/dhcp/248a8850-aa71-48af-a15b-be1141188c4c/addn_hosts - 4 addresses
Oct 18 09:13:40 gtw01 dnsmasq-dhcp[17929]: read /var/lib/neutron/dhcp/248a8850-aa71-48af-a15b-be1141188c4c/host
Oct 18 09:13:40 gtw01 dnsmasq-dhcp[17929]: read /var/lib/neutron/dhcp/248a8850-aa71-48af-a15b-be1141188c4c/opts
Oct 18 09:13:41 gtw01 kernel: [ 6046.595552] device tap5561f5ab-99 left promiscuous mode
Oct 18 09:13:41 gtw01 dnsmasq[17929]: read /var/lib/neutron/dhcp/248a8850-aa71-48af-a15b-be1141188c4c/addn_hosts - 5 addresses
Oct 18 09:13:41 gtw01 dnsmasq-dhcp[17929]: read /var/lib/neutron/dhcp/248a8850-aa71-48af-a15b-be1141188c4c/host
Oct 18 09:13:41 gtw01 dnsmasq-dhcp[17929]: read /var/lib/neutron/dhcp/248a8850-aa71-48af-a15b-be1141188c4c/opts
Oct 18 09:13:42 gtw01 dnsmasq[17929]: read /var/lib/neutron/dhcp/248a8850-aa71-48af-a15b-be1141188c4c/addn_hosts - 5 addresses
Oct 18 09:13:42 gtw01 dnsmasq-dhcp[17929]: read /var/lib/neutron/dhcp/248a8850-aa71-48af-a15b-be1141188c4c/host
Oct 18 09:13:42 gtw01 dnsmasq-dhcp[17929]: read /var/lib/neutron/dhcp/248a8850-aa71-48af-a15b-be1141188c4c/opts
Oct 18 09:13:43 gtw01 dnsmasq[17929]: read /var/lib/neutron/dhcp/248a8850-aa71-48af-a15b-be1141188c4c/addn_hosts - 5 addresses
Oct 18 09:13:43 gtw01 dnsmasq-dhcp[17929]: read /var/lib/neutron/dhcp/248a8850-aa71-48af-a15b-be1141188c4c/host
Oct 18 09:13:43 gtw01 dnsmasq-dhcp[17929]: read /var/lib/neutron/dhcp/248a8850-aa71-48af-a15b-be1141188c4c/opts
Oct 18 09:13:43 gtw01 dnsmasq-dhcp[17929]: DHCPDISCOVER(tapefd535a5-63) fa:16:3e:7d:00:94
Oct 18 09:13:43 gtw01 dnsmasq-dhcp[17929]: DHCPOFFER(tapefd535a5-63) 192.168.120.18 fa:16:3e:7d:00:94
Oct 18 09:13:43 gtw01 dnsmasq-dhcp[17929]: DHCPREQUEST(tapefd535a5-63) 192.168.120.18 fa:16:3e:7d:00:94
Oct 18 09:13:43 gtw01 dnsmasq-dhcp[17929]: DHCPACK(tapefd535a5-63) 192.168.120.18 fa:16:3e:7d:00:94 host-192-168-120-18
Oct 18 09:13:44 gtw01 dnsmasq[17929]: read /var/lib/neutron/dhcp/248a8850-aa71-48af-a15b-be1141188c4c/addn_hosts - 5 addresses
Oct 18 09:13:44 gtw01 dnsmasq-dhcp[17929]: read /var/lib/neutron/dhcp/248a8850-aa71-48af-a15b-be1141188c4c/host
Oct 18 09:13:44 gtw01 dnsmasq-dhcp[17929]: read /var/lib/neutron/dhcp/248a8850-aa71-48af-a15b-be1141188c4c/opts
Oct 18 09:13:45 gtw01 dnsmasq[18167]: read /var/lib/neutron/dhcp/d11a1a9d-23a1-49f3-a357-e6421b1665ff/addn_hosts - 1 addresses
Oct 18 09:13:45 gtw01 dnsmasq-dhcp[18167]: read /var/lib/neutron/dhcp/d11a1a9d-23a1-49f3-a357-e6421b1665ff/host
Oct 18 09:13:45 gtw01 dnsmasq-dhcp[18167]: read /var/lib/neutron/dhcp/d11a1a9d-23a1-49f3-a357-e6421b1665ff/opts
Oct 18 09:13:45 gtw01 dnsmasq[17929]: read /var/lib/neutron/dhcp/248a8850-aa71-48af-a15b-be1141188c4c/addn_hosts - 5 addresses
Oct 18 09:13:45 gtw01 dnsmasq-dhcp[17929]: read /var/lib/neutron/dhcp/248a8850-aa71-48af-a15b-be1141188c4c/host
Oct 18 09:13:45 gtw01 dnsmasq-dhcp[17929]: read /var/lib/neutron/dhcp/248a8850-aa71-48af-a15b-be1141188c4c/opts
Oct 18 09:13:50 gtw01 kernel: [ 6055.485433] device tap6d1ffc34-56 left promiscuous mode
Oct 18 09:13:57 gtw01 dnsmasq-dhcp[17929]: DHCPDISCOVER(tapefd535a5-63) fa:16:3e:59:e6:6e
Oct 18 09:13:57 gtw01 dnsmasq-dhcp[17929]: DHCPOFFER(tapefd535a5-63) 192.168.120.6 fa:16:3e:59:e6:6e
Oct 18 09:13:57 gtw01 dnsmasq-dhcp[17929]: DHCPREQUEST(tapefd535a5-63) 192.168.120.6 fa:16:3e:59:e6:6e
Oct 18 09:13:57 gtw01 dnsmasq-dhcp[17929]: DHCPACK(tapefd535a5-63) 192.168.120.6 fa:16:3e:59:e6:6e host-192-168-120-6
Oct 18 09:13:58 gtw01 dnsmasq[17929]: read /var/lib/neutron/dhcp/248a8850-aa71-48af-a15b-be1141188c4c/addn_hosts - 6 addresses
Oct 18 09:13:58 gtw01 dnsmasq-dhcp[17929]: read /var/lib/neutron/dhcp/248a8850-aa71-48af-a15b-be1141188c4c/host
Oct 18 09:13:58 gtw01 dnsmasq-dhcp[17929]: read /var/lib/neutron/dhcp/248a8850-aa71-48af-a15b-be1141188c4c/opts
Oct 18 09:13:59 gtw01 dnsmasq[17929]: read /var/lib/neutron/dhcp/248a8850-aa71-48af-a15b-be1141188c4c/addn_hosts - 7 addresses
Oct 18 09:13:59 gtw01 dnsmasq-dhcp[17929]: read /var/lib/neutron/dhcp/248a8850-aa71-48af-a15b-be1141188c4c/host
Oct 18 09:13:59 gtw01 dnsmasq-dhcp[17929]: read /var/lib/neutron/dhcp/248a8850-aa71-48af-a15b-be1141188c4c/opts
Oct 18 09:14:00 gtw01 dnsmasq[17929]: read /var/lib/neutron/dhcp/248a8850-aa71-48af-a15b-be1141188c4c/addn_hosts - 7 addresses
Oct 18 09:14:00 gtw01 dnsmasq-dhcp[17929]: read /var/lib/neutron/dhcp/248a8850-aa71-48af-a15b-be1141188c4c/host
Oct 18 09:14:00 gtw01 dnsmasq-dhcp[17929]: read /var/lib/neutron/dhcp/248a8850-aa71-48af-a15b-be1141188c4c/opts
Oct 18 09:14:00 gtw01 dnsmasq-dhcp[17929]: DHCPDISCOVER(tapefd535a5-63) fa:16:3e:5c:a8:8d
Oct 18 09:14:00 gtw01 dnsmasq-dhcp[17929]: DHCPOFFER(tapefd535a5-63) 192.168.120.3 fa:16:3e:5c:a8:8d
Oct 18 09:14:00 gtw01 dnsmasq-dhcp[17929]: DHCPREQUEST(tapefd535a5-63) 192.168.120.3 fa:16:3e:5c:a8:8d
Oct 18 09:14:00 gtw01 dnsmasq-dhcp[17929]: DHCPACK(tapefd535a5-63) 192.168.120.3 fa:16:3e:5c:a8:8d host-192-168-120-3
Oct 18 09:14:01 gtw01 dnsmasq[17929]: read /var/lib/neutron/dhcp/248a8850-aa71-48af-a15b-be1141188c4c/addn_hosts - 7 addresses
Oct 18 09:14:01 gtw01 dnsmasq-dhcp[17929]: read /var/lib/neutron/dhcp/248a8850-aa71-48af-a15b-be1141188c4c/host
Oct 18 09:14:01 gtw01 dnsmasq-dhcp[17929]: read /var/lib/neutron/dhcp/248a8850-aa71-48af-a15b-be1141188c4c/opts
Oct 18 09:14:02 gtw01 dnsmasq[17929]: read /var/lib/neutron/dhcp/248a8850-aa71-48af-a15b-be1141188c4c/addn_hosts - 7 addresses
Oct 18 09:14:02 gtw01 dnsmasq-dhcp[17929]: read /var/lib/neutron/dhcp/248a8850-aa71-48af-a15b-be1141188c4c/host
Oct 18 09:14:02 gtw01 dnsmasq-dhcp[17929]: read /var/lib/neutron/dhcp/248a8850-aa71-48af-a15b-be1141188c4c/opts
Oct 18 09:14:03 gtw01 dnsmasq[17929]: read /var/lib/neutron/dhcp/248a8850-aa71-48af-a15b-be1141188c4c/addn_hosts - 7 addresses
Oct 18 09:14:03 gtw01 dnsmasq-dhcp[17929]: read /var/lib/neutron/dhcp/248a8850-aa71-48af-a15b-be1141188c4c/host
Oct 18 09:14:03 gtw01 dnsmasq-dhcp[17929]: read /var/lib/neutron/dhcp/248a8850-aa71-48af-a15b-be1141188c4c/opts
Oct 18 09:14:10 gtw01 dnsmasq[17929]: read /var/lib/neutron/dhcp/248a8850-aa71-48af-a15b-be1141188c4c/addn_hosts - 6 addresses
Oct 18 09:14:10 gtw01 dnsmasq-dhcp[17929]: read /var/lib/neutron/dhcp/248a8850-aa71-48af-a15b-be1141188c4c/host
Oct 18 09:14:10 gtw01 dnsmasq-dhcp[17929]: read /var/lib/neutron/dhcp/248a8850-aa71-48af-a15b-be1141188c4c/opts
Oct 18 09:14:11 gtw01 dnsmasq[17929]: read /var/lib/neutron/dhcp/248a8850-aa71-48af-a15b-be1141188c4c/addn_hosts - 5 addresses
Oct 18 09:14:11 gtw01 dnsmasq-dhcp[17929]: read /var/lib/neutron/dhcp/248a8850-aa71-48af-a15b-be1141188c4c/host
Oct 18 09:14:11 gtw01 dnsmasq-dhcp[17929]: read /var/lib/neutron/dhcp/248a8850-aa71-48af-a15b-be1141188c4c/opts
Oct 18 09:14:14 gtw01 dnsmasq-dhcp[17929]: DHCPRELEASE(tapefd535a5-63) 192.168.120.3 fa:16:3e:5c:a8:8d
Oct 18 09:14:14 gtw01 dnsmasq-dhcp[17929]: DHCPRELEASE(tapefd535a5-63) 192.168.120.3 fa:16:3e:5c:a8:8d unknown lease
Oct 18 09:14:15 gtw01 dnsmasq[17929]: read /var/lib/neutron/dhcp/248a8850-aa71-48af-a15b-be1141188c4c/addn_hosts - 4 addresses
Oct 18 09:14:15 gtw01 dnsmasq-dhcp[17929]: read /var/lib/neutron/dhcp/248a8850-aa71-48af-a15b-be1141188c4c/host
Oct 18 09:14:15 gtw01 dnsmasq-dhcp[17929]: read /var/lib/neutron/dhcp/248a8850-aa71-48af-a15b-be1141188c4c/opts
Oct 18 09:14:15 gtw01 dnsmasq-dhcp[17929]: DHCPRELEASE(tapefd535a5-63) 192.168.120.6 fa:16:3e:59:e6:6e
Oct 18 09:14:16 gtw01 dnsmasq-dhcp[17929]: DHCPRELEASE(tapefd535a5-63) 192.168.120.6 fa:16:3e:59:e6:6e unknown lease
Oct 18 09:14:16 gtw01 dnsmasq[17929]: read /var/lib/neutron/dhcp/248a8850-aa71-48af-a15b-be1141188c4c/addn_hosts - 3 addresses
Oct 18 09:14:16 gtw01 dnsmasq-dhcp[17929]: read /var/lib/neutron/dhcp/248a8850-aa71-48af-a15b-be1141188c4c/host
Oct 18 09:14:16 gtw01 dnsmasq-dhcp[17929]: read /var/lib/neutron/dhcp/248a8850-aa71-48af-a15b-be1141188c4c/opts
Oct 18 09:14:17 gtw01 dnsmasq-dhcp[17929]: DHCPRELEASE(tapefd535a5-63) 192.168.120.18 fa:16:3e:7d:00:94
Oct 18 09:14:17 gtw01 dnsmasq-dhcp[17929]: DHCPRELEASE(tapefd535a5-63) 192.168.120.18 fa:16:3e:7d:00:94 unknown lease
Oct 18 09:14:18 gtw01 dnsmasq[17929]: read /var/lib/neutron/dhcp/248a8850-aa71-48af-a15b-be1141188c4c/addn_hosts - 2 addresses
Oct 18 09:14:18 gtw01 dnsmasq-dhcp[17929]: read /var/lib/neutron/dhcp/248a8850-aa71-48af-a15b-be1141188c4c/host
Oct 18 09:14:18 gtw01 dnsmasq-dhcp[17929]: read /var/lib/neutron/dhcp/248a8850-aa71-48af-a15b-be1141188c4c/opts
Oct 18 09:14:29 gtw01 kernel: [ 6094.535687] device tap73ab5ab1-06 entered promiscuous mode
Oct 18 09:14:29 gtw01 systemd-udevd[19448]: Could not generate persistent MAC address for tap73ab5ab1-06: No such file or directory
Oct 18 09:14:29 gtw01 systemd-udevd[19448]: Process '/sbin/ip link set tap73ab5ab1-06 txqueuelen 10000' failed with exit code 1.
Oct 18 09:14:29 gtw01 systemd-udevd[19448]: Process '/sbin/ip link set tap73ab5ab1-06 txqueuelen 10000' failed with exit code 1.
Oct 18 09:14:32 gtw01 dnsmasq[19582]: started, version 2.80 cachesize 150
Oct 18 09:14:32 gtw01 dnsmasq[19582]: DNS service limited to local subnets
Oct 18 09:14:32 gtw01 dnsmasq[19582]: compile time options: IPv6 GNU-getopt DBus i18n IDN DHCP DHCPv6 no-Lua TFTP conntrack ipset auth DNSSEC loop-detect inotify dumpfile
Oct 18 09:14:32 gtw01 dnsmasq[19582]: warning: no upstream servers configured
Oct 18 09:14:32 gtw01 dnsmasq-dhcp[19582]: DHCP, static leases only on 192.168.120.0, lease time 1h
Oct 18 09:14:32 gtw01 dnsmasq[19582]: read /var/lib/neutron/dhcp/f3681b09-1e1f-4908-820b-a071d86f09dc/addn_hosts - 1 addresses
Oct 18 09:14:32 gtw01 dnsmasq-dhcp[19582]: read /var/lib/neutron/dhcp/f3681b09-1e1f-4908-820b-a071d86f09dc/host
Oct 18 09:14:32 gtw01 dnsmasq-dhcp[19582]: read /var/lib/neutron/dhcp/f3681b09-1e1f-4908-820b-a071d86f09dc/opts
Oct 18 09:14:33 gtw01 haproxy-metadata-proxy-f3681b09-1e1f-4908-820b-a071d86f09dc[19586]: Proxy listener started.
Oct 18 09:14:33 gtw01 dnsmasq[19582]: read /var/lib/neutron/dhcp/f3681b09-1e1f-4908-820b-a071d86f09dc/addn_hosts - 2 addresses
Oct 18 09:14:33 gtw01 dnsmasq-dhcp[19582]: read /var/lib/neutron/dhcp/f3681b09-1e1f-4908-820b-a071d86f09dc/host
Oct 18 09:14:33 gtw01 dnsmasq-dhcp[19582]: read /var/lib/neutron/dhcp/f3681b09-1e1f-4908-820b-a071d86f09dc/opts
Oct 18 09:14:34 gtw01 dnsmasq[19582]: read /var/lib/neutron/dhcp/f3681b09-1e1f-4908-820b-a071d86f09dc/addn_hosts - 2 addresses
Oct 18 09:14:34 gtw01 dnsmasq-dhcp[19582]: read /var/lib/neutron/dhcp/f3681b09-1e1f-4908-820b-a071d86f09dc/host
Oct 18 09:14:34 gtw01 dnsmasq-dhcp[19582]: read /var/lib/neutron/dhcp/f3681b09-1e1f-4908-820b-a071d86f09dc/opts
Oct 18 09:14:35 gtw01 dnsmasq[19582]: read /var/lib/neutron/dhcp/f3681b09-1e1f-4908-820b-a071d86f09dc/addn_hosts - 2 addresses
Oct 18 09:14:35 gtw01 dnsmasq-dhcp[19582]: read /var/lib/neutron/dhcp/f3681b09-1e1f-4908-820b-a071d86f09dc/host
Oct 18 09:14:35 gtw01 dnsmasq-dhcp[19582]: read /var/lib/neutron/dhcp/f3681b09-1e1f-4908-820b-a071d86f09dc/opts
Oct 18 09:14:36 gtw01 dnsmasq[19582]: read /var/lib/neutron/dhcp/f3681b09-1e1f-4908-820b-a071d86f09dc/addn_hosts - 2 addresses
Oct 18 09:14:36 gtw01 dnsmasq-dhcp[19582]: read /var/lib/neutron/dhcp/f3681b09-1e1f-4908-820b-a071d86f09dc/host
Oct 18 09:14:36 gtw01 dnsmasq-dhcp[19582]: read /var/lib/neutron/dhcp/f3681b09-1e1f-4908-820b-a071d86f09dc/opts
Oct 18 09:14:37 gtw01 dnsmasq[19582]: read /var/lib/neutron/dhcp/f3681b09-1e1f-4908-820b-a071d86f09dc/addn_hosts - 2 addresses
Oct 18 09:14:37 gtw01 dnsmasq-dhcp[19582]: read /var/lib/neutron/dhcp/f3681b09-1e1f-4908-820b-a071d86f09dc/host
Oct 18 09:14:37 gtw01 dnsmasq-dhcp[19582]: read /var/lib/neutron/dhcp/f3681b09-1e1f-4908-820b-a071d86f09dc/opts
Oct 18 09:14:38 gtw01 dnsmasq[19582]: read /var/lib/neutron/dhcp/f3681b09-1e1f-4908-820b-a071d86f09dc/addn_hosts - 3 addresses
Oct 18 09:14:38 gtw01 dnsmasq-dhcp[19582]: read /var/lib/neutron/dhcp/f3681b09-1e1f-4908-820b-a071d86f09dc/host
Oct 18 09:14:38 gtw01 dnsmasq-dhcp[19582]: read /var/lib/neutron/dhcp/f3681b09-1e1f-4908-820b-a071d86f09dc/opts
Oct 18 09:14:39 gtw01 dnsmasq[19582]: read /var/lib/neutron/dhcp/f3681b09-1e1f-4908-820b-a071d86f09dc/addn_hosts - 3 addresses
Oct 18 09:14:39 gtw01 dnsmasq-dhcp[19582]: read /var/lib/neutron/dhcp/f3681b09-1e1f-4908-820b-a071d86f09dc/host
Oct 18 09:14:39 gtw01 dnsmasq-dhcp[19582]: read /var/lib/neutron/dhcp/f3681b09-1e1f-4908-820b-a071d86f09dc/opts
Oct 18 09:14:40 gtw01 dnsmasq[19582]: read /var/lib/neutron/dhcp/f3681b09-1e1f-4908-820b-a071d86f09dc/addn_hosts - 3 addresses
Oct 18 09:14:40 gtw01 dnsmasq-dhcp[19582]: read /var/lib/neutron/dhcp/f3681b09-1e1f-4908-820b-a071d86f09dc/host
Oct 18 09:14:40 gtw01 dnsmasq-dhcp[19582]: read /var/lib/neutron/dhcp/f3681b09-1e1f-4908-820b-a071d86f09dc/opts
Oct 18 09:14:43 gtw01 dnsmasq[17929]: read /var/lib/neutron/dhcp/248a8850-aa71-48af-a15b-be1141188c4c/addn_hosts - 3 addresses
Oct 18 09:14:43 gtw01 dnsmasq-dhcp[17929]: read /var/lib/neutron/dhcp/248a8850-aa71-48af-a15b-be1141188c4c/host
Oct 18 09:14:43 gtw01 dnsmasq-dhcp[17929]: read /var/lib/neutron/dhcp/248a8850-aa71-48af-a15b-be1141188c4c/opts
Oct 18 09:14:44 gtw01 dnsmasq[17929]: read /var/lib/neutron/dhcp/248a8850-aa71-48af-a15b-be1141188c4c/addn_hosts - 3 addresses
Oct 18 09:14:44 gtw01 dnsmasq-dhcp[17929]: read /var/lib/neutron/dhcp/248a8850-aa71-48af-a15b-be1141188c4c/host
Oct 18 09:14:44 gtw01 dnsmasq-dhcp[17929]: read /var/lib/neutron/dhcp/248a8850-aa71-48af-a15b-be1141188c4c/opts
Oct 18 09:14:45 gtw01 dnsmasq[17929]: read /var/lib/neutron/dhcp/248a8850-aa71-48af-a15b-be1141188c4c/addn_hosts - 3 addresses
Oct 18 09:14:45 gtw01 dnsmasq-dhcp[17929]: read /var/lib/neutron/dhcp/248a8850-aa71-48af-a15b-be1141188c4c/host
Oct 18 09:14:45 gtw01 dnsmasq-dhcp[17929]: read /var/lib/neutron/dhcp/248a8850-aa71-48af-a15b-be1141188c4c/opts
Oct 18 09:14:49 gtw01 dnsmasq[19582]: read /var/lib/neutron/dhcp/f3681b09-1e1f-4908-820b-a071d86f09dc/addn_hosts - 4 addresses
Oct 18 09:14:49 gtw01 dnsmasq-dhcp[19582]: read /var/lib/neutron/dhcp/f3681b09-1e1f-4908-820b-a071d86f09dc/host
Oct 18 09:14:49 gtw01 dnsmasq-dhcp[19582]: read /var/lib/neutron/dhcp/f3681b09-1e1f-4908-820b-a071d86f09dc/opts
Oct 18 09:14:50 gtw01 dnsmasq[19582]: read /var/lib/neutron/dhcp/f3681b09-1e1f-4908-820b-a071d86f09dc/addn_hosts - 4 addresses
