Oct 18 09:36:34 gtw01 haproxy-metadata-proxy-00f93c2a-1eca-4a7f-8c69-c26b490abfe2[3874]: Proxy listener started.
Oct 18 09:36:34 gtw01 dnsmasq[3888]: started, version 2.80 cachesize 150
Oct 18 09:36:34 gtw01 dnsmasq[3888]: DNS service limited to local subnets
Oct 18 09:36:34 gtw01 dnsmasq[3888]: compile time options: IPv6 GNU-getopt DBus i18n IDN DHCP DHCPv6 no-Lua TFTP conntrack ipset auth DNSSEC loop-detect inotify dumpfile
Oct 18 09:36:34 gtw01 dnsmasq[3888]: warning: no upstream servers configured
Oct 18 09:36:34 gtw01 dnsmasq-dhcp[3888]: DHCP, static leases only on 192.168.121.0, lease time 1h
Oct 18 09:36:34 gtw01 dnsmasq[3888]: read /var/lib/neutron/dhcp/bc8d7770-81bf-4017-a8f2-327636f6dda8/addn_hosts - 1 addresses
Oct 18 09:36:34 gtw01 dnsmasq-dhcp[3888]: read /var/lib/neutron/dhcp/bc8d7770-81bf-4017-a8f2-327636f6dda8/host
Oct 18 09:36:34 gtw01 dnsmasq-dhcp[3888]: read /var/lib/neutron/dhcp/bc8d7770-81bf-4017-a8f2-327636f6dda8/opts
Oct 18 09:36:34 gtw01 haproxy-metadata-proxy-bc8d7770-81bf-4017-a8f2-327636f6dda8[3896]: Proxy listener started.
Oct 18 09:36:34 gtw01 dnsmasq[3868]: read /var/lib/neutron/dhcp/00f93c2a-1eca-4a7f-8c69-c26b490abfe2/addn_hosts - 2 addresses
Oct 18 09:36:34 gtw01 dnsmasq-dhcp[3868]: read /var/lib/neutron/dhcp/00f93c2a-1eca-4a7f-8c69-c26b490abfe2/host
Oct 18 09:36:34 gtw01 dnsmasq-dhcp[3868]: read /var/lib/neutron/dhcp/00f93c2a-1eca-4a7f-8c69-c26b490abfe2/opts
Oct 18 09:36:35 gtw01 dnsmasq[3888]: read /var/lib/neutron/dhcp/bc8d7770-81bf-4017-a8f2-327636f6dda8/addn_hosts - 1 addresses
Oct 18 09:36:35 gtw01 dnsmasq-dhcp[3888]: read /var/lib/neutron/dhcp/bc8d7770-81bf-4017-a8f2-327636f6dda8/host
Oct 18 09:36:35 gtw01 dnsmasq-dhcp[3888]: read /var/lib/neutron/dhcp/bc8d7770-81bf-4017-a8f2-327636f6dda8/opts
Oct 18 09:36:35 gtw01 dnsmasq[3868]: read /var/lib/neutron/dhcp/00f93c2a-1eca-4a7f-8c69-c26b490abfe2/addn_hosts - 2 addresses
Oct 18 09:36:35 gtw01 dnsmasq-dhcp[3868]: read /var/lib/neutron/dhcp/00f93c2a-1eca-4a7f-8c69-c26b490abfe2/host
Oct 18 09:36:35 gtw01 dnsmasq-dhcp[3868]: read /var/lib/neutron/dhcp/00f93c2a-1eca-4a7f-8c69-c26b490abfe2/opts
Oct 18 09:36:36 gtw01 dnsmasq[3888]: read /var/lib/neutron/dhcp/bc8d7770-81bf-4017-a8f2-327636f6dda8/addn_hosts - 1 addresses
Oct 18 09:36:36 gtw01 dnsmasq-dhcp[3888]: read /var/lib/neutron/dhcp/bc8d7770-81bf-4017-a8f2-327636f6dda8/host
Oct 18 09:36:36 gtw01 dnsmasq-dhcp[3888]: read /var/lib/neutron/dhcp/bc8d7770-81bf-4017-a8f2-327636f6dda8/opts
Oct 18 09:36:36 gtw01 dnsmasq[3868]: read /var/lib/neutron/dhcp/00f93c2a-1eca-4a7f-8c69-c26b490abfe2/addn_hosts - 2 addresses
Oct 18 09:36:36 gtw01 dnsmasq-dhcp[3868]: read /var/lib/neutron/dhcp/00f93c2a-1eca-4a7f-8c69-c26b490abfe2/host
Oct 18 09:36:36 gtw01 dnsmasq-dhcp[3868]: read /var/lib/neutron/dhcp/00f93c2a-1eca-4a7f-8c69-c26b490abfe2/opts
Oct 18 09:36:37 gtw01 dnsmasq[3888]: read /var/lib/neutron/dhcp/bc8d7770-81bf-4017-a8f2-327636f6dda8/addn_hosts - 2 addresses
Oct 18 09:36:37 gtw01 dnsmasq-dhcp[3888]: read /var/lib/neutron/dhcp/bc8d7770-81bf-4017-a8f2-327636f6dda8/host
Oct 18 09:36:37 gtw01 dnsmasq-dhcp[3888]: read /var/lib/neutron/dhcp/bc8d7770-81bf-4017-a8f2-327636f6dda8/opts
Oct 18 09:36:37 gtw01 dnsmasq[3868]: read /var/lib/neutron/dhcp/00f93c2a-1eca-4a7f-8c69-c26b490abfe2/addn_hosts - 2 addresses
Oct 18 09:36:37 gtw01 dnsmasq-dhcp[3868]: read /var/lib/neutron/dhcp/00f93c2a-1eca-4a7f-8c69-c26b490abfe2/host
Oct 18 09:36:37 gtw01 dnsmasq-dhcp[3868]: read /var/lib/neutron/dhcp/00f93c2a-1eca-4a7f-8c69-c26b490abfe2/opts
Oct 18 09:36:38 gtw01 dnsmasq[3888]: read /var/lib/neutron/dhcp/bc8d7770-81bf-4017-a8f2-327636f6dda8/addn_hosts - 2 addresses
Oct 18 09:36:38 gtw01 dnsmasq-dhcp[3888]: read /var/lib/neutron/dhcp/bc8d7770-81bf-4017-a8f2-327636f6dda8/host
Oct 18 09:36:38 gtw01 dnsmasq-dhcp[3888]: read /var/lib/neutron/dhcp/bc8d7770-81bf-4017-a8f2-327636f6dda8/opts
Oct 18 09:36:39 gtw01 dnsmasq[3868]: read /var/lib/neutron/dhcp/00f93c2a-1eca-4a7f-8c69-c26b490abfe2/addn_hosts - 2 addresses
Oct 18 09:36:39 gtw01 dnsmasq-dhcp[3868]: read /var/lib/neutron/dhcp/00f93c2a-1eca-4a7f-8c69-c26b490abfe2/host
Oct 18 09:36:39 gtw01 dnsmasq-dhcp[3868]: read /var/lib/neutron/dhcp/00f93c2a-1eca-4a7f-8c69-c26b490abfe2/opts
Oct 18 09:36:39 gtw01 systemd-udevd[4052]: Could not generate persistent MAC address for tape7cf2487-6c: No such file or directory
Oct 18 09:36:39 gtw01 kernel: [ 7424.446628] device tape7cf2487-6c entered promiscuous mode
Oct 18 09:36:39 gtw01 systemd-udevd[4052]: Process '/sbin/ip link set tape7cf2487-6c txqueuelen 10000' failed with exit code 1.
Oct 18 09:36:39 gtw01 systemd-udevd[4052]: Process '/sbin/ip link set tape7cf2487-6c txqueuelen 10000' failed with exit code 1.
Oct 18 09:36:40 gtw01 dnsmasq[3888]: read /var/lib/neutron/dhcp/bc8d7770-81bf-4017-a8f2-327636f6dda8/addn_hosts - 2 addresses
Oct 18 09:36:40 gtw01 dnsmasq-dhcp[3888]: read /var/lib/neutron/dhcp/bc8d7770-81bf-4017-a8f2-327636f6dda8/host
Oct 18 09:36:40 gtw01 dnsmasq-dhcp[3888]: read /var/lib/neutron/dhcp/bc8d7770-81bf-4017-a8f2-327636f6dda8/opts
Oct 18 09:36:40 gtw01 dnsmasq[3868]: read /var/lib/neutron/dhcp/00f93c2a-1eca-4a7f-8c69-c26b490abfe2/addn_hosts - 1 addresses
Oct 18 09:36:40 gtw01 dnsmasq-dhcp[3868]: read /var/lib/neutron/dhcp/00f93c2a-1eca-4a7f-8c69-c26b490abfe2/host
Oct 18 09:36:40 gtw01 dnsmasq-dhcp[3868]: read /var/lib/neutron/dhcp/00f93c2a-1eca-4a7f-8c69-c26b490abfe2/opts
Oct 18 09:36:41 gtw01 systemd-udevd[4214]: Could not generate persistent MAC address for tap9425ae94-a4: No such file or directory
Oct 18 09:36:41 gtw01 kernel: [ 7426.398556] device tap9425ae94-a4 entered promiscuous mode
Oct 18 09:36:41 gtw01 systemd-udevd[4284]: Process '/sbin/ip link set tap9425ae94-a4 txqueuelen 10000' failed with exit code 1.
Oct 18 09:36:42 gtw01 kernel: [ 7427.240251] device tapcfd64c76-11 entered promiscuous mode
Oct 18 09:36:42 gtw01 systemd-udevd[4329]: Could not generate persistent MAC address for tapcfd64c76-11: No such file or directory
Oct 18 09:36:42 gtw01 kernel: [ 7427.281055] device tapb35dc718-0c left promiscuous mode
Oct 18 09:36:42 gtw01 systemd-udevd[4402]: Process '/sbin/ip link set tapcfd64c76-11 txqueuelen 10000' failed with exit code 1.
Oct 18 09:36:43 gtw01 kernel: [ 7428.802081] device tapf7cffcdb-99 left promiscuous mode
Oct 18 09:36:44 gtw01 dnsmasq[4493]: started, version 2.80 cachesize 150
Oct 18 09:36:44 gtw01 dnsmasq[4493]: DNS service limited to local subnets
Oct 18 09:36:44 gtw01 dnsmasq[4493]: compile time options: IPv6 GNU-getopt DBus i18n IDN DHCP DHCPv6 no-Lua TFTP conntrack ipset auth DNSSEC loop-detect inotify dumpfile
Oct 18 09:36:44 gtw01 dnsmasq[4493]: warning: no upstream servers configured
Oct 18 09:36:44 gtw01 dnsmasq-dhcp[4493]: DHCP, static leases only on 192.168.120.0, lease time 1h
Oct 18 09:36:44 gtw01 dnsmasq[4493]: read /var/lib/neutron/dhcp/83872d9d-e8ef-4d66-a8ba-bd46c742979c/addn_hosts - 1 addresses
Oct 18 09:36:44 gtw01 dnsmasq-dhcp[4493]: read /var/lib/neutron/dhcp/83872d9d-e8ef-4d66-a8ba-bd46c742979c/host
Oct 18 09:36:44 gtw01 dnsmasq-dhcp[4493]: read /var/lib/neutron/dhcp/83872d9d-e8ef-4d66-a8ba-bd46c742979c/opts
Oct 18 09:36:44 gtw01 haproxy-metadata-proxy-83872d9d-e8ef-4d66-a8ba-bd46c742979c[4504]: Proxy listener started.
Oct 18 09:36:45 gtw01 dnsmasq[4493]: read /var/lib/neutron/dhcp/83872d9d-e8ef-4d66-a8ba-bd46c742979c/addn_hosts - 1 addresses
Oct 18 09:36:45 gtw01 dnsmasq-dhcp[4493]: read /var/lib/neutron/dhcp/83872d9d-e8ef-4d66-a8ba-bd46c742979c/host
Oct 18 09:36:45 gtw01 dnsmasq-dhcp[4493]: read /var/lib/neutron/dhcp/83872d9d-e8ef-4d66-a8ba-bd46c742979c/opts
Oct 18 09:36:46 gtw01 dnsmasq[4555]: started, version 2.80 cachesize 150
Oct 18 09:36:46 gtw01 dnsmasq[4555]: DNS service limited to local subnets
Oct 18 09:36:46 gtw01 dnsmasq[4555]: compile time options: IPv6 GNU-getopt DBus i18n IDN DHCP DHCPv6 no-Lua TFTP conntrack ipset auth DNSSEC loop-detect inotify dumpfile
Oct 18 09:36:46 gtw01 dnsmasq[4555]: warning: no upstream servers configured
Oct 18 09:36:46 gtw01 dnsmasq-dhcp[4555]: DHCP, static leases only on 192.168.120.0, lease time 1h
Oct 18 09:36:46 gtw01 dnsmasq[4555]: read /var/lib/neutron/dhcp/02682c67-aad3-4371-9873-aa8f2456061b/addn_hosts - 1 addresses
Oct 18 09:36:46 gtw01 dnsmasq-dhcp[4555]: read /var/lib/neutron/dhcp/02682c67-aad3-4371-9873-aa8f2456061b/host
Oct 18 09:36:46 gtw01 dnsmasq-dhcp[4555]: read /var/lib/neutron/dhcp/02682c67-aad3-4371-9873-aa8f2456061b/opts
Oct 18 09:36:46 gtw01 haproxy-metadata-proxy-02682c67-aad3-4371-9873-aa8f2456061b[4564]: Proxy listener started.
Oct 18 09:36:46 gtw01 dnsmasq[4582]: started, version 2.80 cachesize 150
Oct 18 09:36:46 gtw01 dnsmasq[4582]: DNS service limited to local subnets
Oct 18 09:36:46 gtw01 dnsmasq[4582]: compile time options: IPv6 GNU-getopt DBus i18n IDN DHCP DHCPv6 no-Lua TFTP conntrack ipset auth DNSSEC loop-detect inotify dumpfile
Oct 18 09:36:46 gtw01 dnsmasq[4582]: warning: no upstream servers configured
Oct 18 09:36:46 gtw01 dnsmasq-dhcp[4582]: DHCP, static leases only on 192.168.120.0, lease time 1h
Oct 18 09:36:46 gtw01 dnsmasq[4582]: read /var/lib/neutron/dhcp/3289ab0d-d876-429f-894e-0aec739f9752/addn_hosts - 1 addresses
Oct 18 09:36:46 gtw01 dnsmasq-dhcp[4582]: read /var/lib/neutron/dhcp/3289ab0d-d876-429f-894e-0aec739f9752/host
Oct 18 09:36:46 gtw01 dnsmasq-dhcp[4582]: read /var/lib/neutron/dhcp/3289ab0d-d876-429f-894e-0aec739f9752/opts
Oct 18 09:36:46 gtw01 dnsmasq[4493]: read /var/lib/neutron/dhcp/83872d9d-e8ef-4d66-a8ba-bd46c742979c/addn_hosts - 1 addresses
Oct 18 09:36:46 gtw01 dnsmasq-dhcp[4493]: read /var/lib/neutron/dhcp/83872d9d-e8ef-4d66-a8ba-bd46c742979c/host
Oct 18 09:36:46 gtw01 dnsmasq-dhcp[4493]: read /var/lib/neutron/dhcp/83872d9d-e8ef-4d66-a8ba-bd46c742979c/opts
Oct 18 09:36:47 gtw01 haproxy-metadata-proxy-3289ab0d-d876-429f-894e-0aec739f9752[4592]: Proxy listener started.
Oct 18 09:36:47 gtw01 dnsmasq[4555]: read /var/lib/neutron/dhcp/02682c67-aad3-4371-9873-aa8f2456061b/addn_hosts - 1 addresses
Oct 18 09:36:47 gtw01 dnsmasq-dhcp[4555]: read /var/lib/neutron/dhcp/02682c67-aad3-4371-9873-aa8f2456061b/host
Oct 18 09:36:47 gtw01 dnsmasq-dhcp[4555]: read /var/lib/neutron/dhcp/02682c67-aad3-4371-9873-aa8f2456061b/opts
Oct 18 09:36:48 gtw01 dnsmasq[4493]: read /var/lib/neutron/dhcp/83872d9d-e8ef-4d66-a8ba-bd46c742979c/addn_hosts - 1 addresses
Oct 18 09:36:48 gtw01 dnsmasq-dhcp[4493]: read /var/lib/neutron/dhcp/83872d9d-e8ef-4d66-a8ba-bd46c742979c/host
Oct 18 09:36:48 gtw01 dnsmasq-dhcp[4493]: read /var/lib/neutron/dhcp/83872d9d-e8ef-4d66-a8ba-bd46c742979c/opts
Oct 18 09:36:48 gtw01 dnsmasq[4582]: read /var/lib/neutron/dhcp/3289ab0d-d876-429f-894e-0aec739f9752/addn_hosts - 1 addresses
Oct 18 09:36:48 gtw01 dnsmasq-dhcp[4582]: read /var/lib/neutron/dhcp/3289ab0d-d876-429f-894e-0aec739f9752/host
Oct 18 09:36:48 gtw01 dnsmasq-dhcp[4582]: read /var/lib/neutron/dhcp/3289ab0d-d876-429f-894e-0aec739f9752/opts
Oct 18 09:36:48 gtw01 dnsmasq[4555]: read /var/lib/neutron/dhcp/02682c67-aad3-4371-9873-aa8f2456061b/addn_hosts - 1 addresses
Oct 18 09:36:48 gtw01 dnsmasq-dhcp[4555]: read /var/lib/neutron/dhcp/02682c67-aad3-4371-9873-aa8f2456061b/host
Oct 18 09:36:48 gtw01 dnsmasq-dhcp[4555]: read /var/lib/neutron/dhcp/02682c67-aad3-4371-9873-aa8f2456061b/opts
Oct 18 09:36:49 gtw01 dnsmasq[4582]: read /var/lib/neutron/dhcp/3289ab0d-d876-429f-894e-0aec739f9752/addn_hosts - 1 addresses
Oct 18 09:36:49 gtw01 dnsmasq-dhcp[4582]: read /var/lib/neutron/dhcp/3289ab0d-d876-429f-894e-0aec739f9752/host
Oct 18 09:36:49 gtw01 dnsmasq-dhcp[4582]: read /var/lib/neutron/dhcp/3289ab0d-d876-429f-894e-0aec739f9752/opts
Oct 18 09:36:49 gtw01 systemd-udevd[4695]: Could not generate persistent MAC address for tapfb16f1e2-ca: No such file or directory
Oct 18 09:36:49 gtw01 kernel: [ 7434.677309] device tapfb16f1e2-ca entered promiscuous mode
Oct 18 09:36:49 gtw01 systemd-udevd[4769]: Process '/sbin/ip link set tapfb16f1e2-ca txqueuelen 10000' failed with exit code 1.
Oct 18 09:36:50 gtw01 dnsmasq[4555]: read /var/lib/neutron/dhcp/02682c67-aad3-4371-9873-aa8f2456061b/addn_hosts - 2 addresses
Oct 18 09:36:50 gtw01 dnsmasq-dhcp[4555]: read /var/lib/neutron/dhcp/02682c67-aad3-4371-9873-aa8f2456061b/host
Oct 18 09:36:50 gtw01 dnsmasq-dhcp[4555]: read /var/lib/neutron/dhcp/02682c67-aad3-4371-9873-aa8f2456061b/opts
Oct 18 09:36:51 gtw01 dnsmasq[4493]: read /var/lib/neutron/dhcp/83872d9d-e8ef-4d66-a8ba-bd46c742979c/addn_hosts - 2 addresses
Oct 18 09:36:51 gtw01 dnsmasq-dhcp[4493]: read /var/lib/neutron/dhcp/83872d9d-e8ef-4d66-a8ba-bd46c742979c/host
Oct 18 09:36:51 gtw01 dnsmasq-dhcp[4493]: read /var/lib/neutron/dhcp/83872d9d-e8ef-4d66-a8ba-bd46c742979c/opts
Oct 18 09:36:51 gtw01 dnsmasq[4582]: read /var/lib/neutron/dhcp/3289ab0d-d876-429f-894e-0aec739f9752/addn_hosts - 1 addresses
Oct 18 09:36:51 gtw01 dnsmasq-dhcp[4582]: read /var/lib/neutron/dhcp/3289ab0d-d876-429f-894e-0aec739f9752/host
Oct 18 09:36:51 gtw01 dnsmasq-dhcp[4582]: read /var/lib/neutron/dhcp/3289ab0d-d876-429f-894e-0aec739f9752/opts
Oct 18 09:36:51 gtw01 kernel: [ 7436.574552] device tap3d8485ab-0f entered promiscuous mode
Oct 18 09:36:51 gtw01 systemd-udevd[4848]: Could not generate persistent MAC address for tap3d8485ab-0f: No such file or directory
Oct 18 09:36:51 gtw01 systemd-udevd[4848]: Process '/sbin/ip link set tap3d8485ab-0f txqueuelen 10000' failed with exit code 1.
Oct 18 09:36:51 gtw01 systemd-udevd[4922]: Process '/sbin/ip link set tap3d8485ab-0f txqueuelen 10000' failed with exit code 1.
Oct 18 09:36:52 gtw01 dnsmasq[4555]: read /var/lib/neutron/dhcp/02682c67-aad3-4371-9873-aa8f2456061b/addn_hosts - 2 addresses
Oct 18 09:36:52 gtw01 dnsmasq-dhcp[4555]: read /var/lib/neutron/dhcp/02682c67-aad3-4371-9873-aa8f2456061b/host
Oct 18 09:36:52 gtw01 dnsmasq-dhcp[4555]: read /var/lib/neutron/dhcp/02682c67-aad3-4371-9873-aa8f2456061b/opts
Oct 18 09:36:52 gtw01 dnsmasq[4493]: read /var/lib/neutron/dhcp/83872d9d-e8ef-4d66-a8ba-bd46c742979c/addn_hosts - 2 addresses
Oct 18 09:36:52 gtw01 dnsmasq-dhcp[4493]: read /var/lib/neutron/dhcp/83872d9d-e8ef-4d66-a8ba-bd46c742979c/host
Oct 18 09:36:52 gtw01 dnsmasq-dhcp[4493]: read /var/lib/neutron/dhcp/83872d9d-e8ef-4d66-a8ba-bd46c742979c/opts
Oct 18 09:36:53 gtw01 dnsmasq[4555]: read /var/lib/neutron/dhcp/02682c67-aad3-4371-9873-aa8f2456061b/addn_hosts - 2 addresses
Oct 18 09:36:53 gtw01 dnsmasq-dhcp[4555]: read /var/lib/neutron/dhcp/02682c67-aad3-4371-9873-aa8f2456061b/host
Oct 18 09:36:53 gtw01 dnsmasq-dhcp[4555]: read /var/lib/neutron/dhcp/02682c67-aad3-4371-9873-aa8f2456061b/opts
Oct 18 09:36:55 gtw01 dnsmasq[4493]: read /var/lib/neutron/dhcp/83872d9d-e8ef-4d66-a8ba-bd46c742979c/addn_hosts - 1 addresses
Oct 18 09:36:55 gtw01 dnsmasq-dhcp[4493]: read /var/lib/neutron/dhcp/83872d9d-e8ef-4d66-a8ba-bd46c742979c/host
Oct 18 09:36:55 gtw01 dnsmasq-dhcp[4493]: read /var/lib/neutron/dhcp/83872d9d-e8ef-4d66-a8ba-bd46c742979c/opts
Oct 18 09:36:55 gtw01 kernel: [ 7440.656686] device tap245ce352-cc entered promiscuous mode
Oct 18 09:36:55 gtw01 systemd-udevd[5095]: Process '/sbin/ip link set tap245ce352-cc txqueuelen 10000' failed with exit code 1.
Oct 18 09:36:55 gtw01 dnsmasq[4555]: read /var/lib/neutron/dhcp/02682c67-aad3-4371-9873-aa8f2456061b/addn_hosts - 1 addresses
Oct 18 09:36:55 gtw01 dnsmasq-dhcp[4555]: read /var/lib/neutron/dhcp/02682c67-aad3-4371-9873-aa8f2456061b/host
Oct 18 09:36:55 gtw01 dnsmasq-dhcp[4555]: read /var/lib/neutron/dhcp/02682c67-aad3-4371-9873-aa8f2456061b/opts
Oct 18 09:36:55 gtw01 systemd-udevd[5095]: Process '/sbin/ip link set tap245ce352-cc txqueuelen 10000' failed with exit code 1.
Oct 18 09:36:56 gtw01 dnsmasq[5193]: started, version 2.80 cachesize 150
Oct 18 09:36:56 gtw01 dnsmasq[5193]: DNS service limited to local subnets
Oct 18 09:36:56 gtw01 dnsmasq[5193]: compile time options: IPv6 GNU-getopt DBus i18n IDN DHCP DHCPv6 no-Lua TFTP conntrack ipset auth DNSSEC loop-detect inotify dumpfile
Oct 18 09:36:56 gtw01 dnsmasq[5193]: warning: no upstream servers configured
Oct 18 09:36:56 gtw01 dnsmasq-dhcp[5193]: DHCP, static leases only on 192.168.120.0, lease time 1h
Oct 18 09:36:56 gtw01 dnsmasq[5193]: read /var/lib/neutron/dhcp/84b7109b-1ea8-4e77-afcc-1c83f4356c9b/addn_hosts - 1 addresses
Oct 18 09:36:56 gtw01 dnsmasq-dhcp[5193]: read /var/lib/neutron/dhcp/84b7109b-1ea8-4e77-afcc-1c83f4356c9b/host
Oct 18 09:36:56 gtw01 dnsmasq-dhcp[5193]: read /var/lib/neutron/dhcp/84b7109b-1ea8-4e77-afcc-1c83f4356c9b/opts
Oct 18 09:36:56 gtw01 haproxy-metadata-proxy-84b7109b-1ea8-4e77-afcc-1c83f4356c9b[5215]: Proxy listener started.
Oct 18 09:36:57 gtw01 dnsmasq[5193]: read /var/lib/neutron/dhcp/84b7109b-1ea8-4e77-afcc-1c83f4356c9b/addn_hosts - 1 addresses
Oct 18 09:36:57 gtw01 dnsmasq-dhcp[5193]: read /var/lib/neutron/dhcp/84b7109b-1ea8-4e77-afcc-1c83f4356c9b/host
Oct 18 09:36:57 gtw01 dnsmasq-dhcp[5193]: read /var/lib/neutron/dhcp/84b7109b-1ea8-4e77-afcc-1c83f4356c9b/opts
Oct 18 09:36:57 gtw01 dnsmasq[5249]: started, version 2.80 cachesize 150
Oct 18 09:36:57 gtw01 dnsmasq[5249]: DNS service limited to local subnets
Oct 18 09:36:57 gtw01 dnsmasq[5249]: compile time options: IPv6 GNU-getopt DBus i18n IDN DHCP DHCPv6 no-Lua TFTP conntrack ipset auth DNSSEC loop-detect inotify dumpfile
Oct 18 09:36:57 gtw01 dnsmasq[5249]: warning: no upstream servers configured
Oct 18 09:36:57 gtw01 dnsmasq-dhcp[5249]: DHCP, static leases only on 192.168.121.0, lease time 1h
Oct 18 09:36:57 gtw01 dnsmasq[5249]: read /var/lib/neutron/dhcp/42150a25-d390-4310-9af3-02666314f5d5/addn_hosts - 1 addresses
Oct 18 09:36:57 gtw01 dnsmasq-dhcp[5249]: read /var/lib/neutron/dhcp/42150a25-d390-4310-9af3-02666314f5d5/host
Oct 18 09:36:57 gtw01 dnsmasq-dhcp[5249]: read /var/lib/neutron/dhcp/42150a25-d390-4310-9af3-02666314f5d5/opts
Oct 18 09:36:57 gtw01 haproxy-metadata-proxy-42150a25-d390-4310-9af3-02666314f5d5[5258]: Proxy listener started.
Oct 18 09:36:58 gtw01 kernel: [ 7443.770321] device tap3d8485ab-0f left promiscuous mode
Oct 18 09:36:58 gtw01 dnsmasq[5193]: read /var/lib/neutron/dhcp/84b7109b-1ea8-4e77-afcc-1c83f4356c9b/addn_hosts - 1 addresses
Oct 18 09:36:58 gtw01 dnsmasq-dhcp[5193]: read /var/lib/neutron/dhcp/84b7109b-1ea8-4e77-afcc-1c83f4356c9b/host
Oct 18 09:36:58 gtw01 dnsmasq-dhcp[5193]: read /var/lib/neutron/dhcp/84b7109b-1ea8-4e77-afcc-1c83f4356c9b/opts
Oct 18 09:36:59 gtw01 dnsmasq[5331]: started, version 2.80 cachesize 150
Oct 18 09:36:59 gtw01 dnsmasq[5331]: DNS service limited to local subnets
Oct 18 09:36:59 gtw01 dnsmasq[5331]: compile time options: IPv6 GNU-getopt DBus i18n IDN DHCP DHCPv6 no-Lua TFTP conntrack ipset auth DNSSEC loop-detect inotify dumpfile
Oct 18 09:36:59 gtw01 dnsmasq[5331]: warning: no upstream servers configured
Oct 18 09:36:59 gtw01 dnsmasq-dhcp[5331]: DHCPv6, static leases only on 2003::, lease time 1h
Oct 18 09:36:59 gtw01 dnsmasq[5331]: read /var/lib/neutron/dhcp/79442584-20cb-4fc6-98dd-ee8945a8918e/addn_hosts - 1 addresses
Oct 18 09:36:59 gtw01 dnsmasq-dhcp[5331]: read /var/lib/neutron/dhcp/79442584-20cb-4fc6-98dd-ee8945a8918e/host
Oct 18 09:36:59 gtw01 dnsmasq-dhcp[5331]: read /var/lib/neutron/dhcp/79442584-20cb-4fc6-98dd-ee8945a8918e/opts
Oct 18 09:37:00 gtw01 kernel: [ 7445.001439] device tapfb16f1e2-ca left promiscuous mode
Oct 18 09:37:00 gtw01 kernel: [ 7445.156745] device tap245ce352-cc left promiscuous mode
Oct 18 09:37:01 gtw01 kernel: [ 7446.427552] device tapcfd64c76-11 left promiscuous mode
Oct 18 09:37:02 gtw01 kernel: [ 7447.573351] device tap9425ae94-a4 left promiscuous mode
Oct 18 09:37:04 gtw01 kernel: [ 7449.515873] device tapb40fd23c-72 entered promiscuous mode
Oct 18 09:37:04 gtw01 systemd-udevd[5386]: Could not generate persistent MAC address for tapb40fd23c-72: No such file or directory
Oct 18 09:37:04 gtw01 systemd-udevd[5386]: Process '/sbin/ip link set tapb40fd23c-72 txqueuelen 10000' failed with exit code 1.
Oct 18 09:37:05 gtw01 systemd-udevd[5482]: Could not generate persistent MAC address for tapf799fe68-82: No such file or directory
Oct 18 09:37:05 gtw01 kernel: [ 7450.029679] device tapf799fe68-82 entered promiscuous mode
Oct 18 09:37:05 gtw01 systemd-udevd[5482]: Process '/sbin/ip link set tapf799fe68-82 txqueuelen 10000' failed with exit code 1.
Oct 18 09:37:05 gtw01 systemd-udevd[5482]: Process '/sbin/ip link set tapf799fe68-82 txqueuelen 10000' failed with exit code 1.
Oct 18 09:37:06 gtw01 kernel: [ 7451.924339] device tape7cf2487-6c left promiscuous mode
Oct 18 09:37:08 gtw01 dnsmasq[5669]: started, version 2.80 cachesize 150
Oct 18 09:37:08 gtw01 dnsmasq[5669]: DNS service limited to local subnets
Oct 18 09:37:08 gtw01 dnsmasq[5669]: compile time options: IPv6 GNU-getopt DBus i18n IDN DHCP DHCPv6 no-Lua TFTP conntrack ipset auth DNSSEC loop-detect inotify dumpfile
Oct 18 09:37:08 gtw01 dnsmasq[5669]: warning: no upstream servers configured
Oct 18 09:37:08 gtw01 dnsmasq-dhcp[5669]: DHCP, static leases only on 192.168.120.0, lease time 1h
Oct 18 09:37:08 gtw01 dnsmasq[5669]: read /var/lib/neutron/dhcp/b5e36358-1567-49e6-aa37-ba1fe9babf55/addn_hosts - 1 addresses
Oct 18 09:37:08 gtw01 dnsmasq-dhcp[5669]: read /var/lib/neutron/dhcp/b5e36358-1567-49e6-aa37-ba1fe9babf55/host
Oct 18 09:37:08 gtw01 dnsmasq-dhcp[5669]: read /var/lib/neutron/dhcp/b5e36358-1567-49e6-aa37-ba1fe9babf55/opts
Oct 18 09:37:08 gtw01 haproxy-metadata-proxy-b5e36358-1567-49e6-aa37-ba1fe9babf55[5677]: Proxy listener started.
Oct 18 09:37:08 gtw01 dnsmasq[5682]: started, version 2.80 cachesize 150
Oct 18 09:37:08 gtw01 dnsmasq[5682]: DNS service limited to local subnets
Oct 18 09:37:08 gtw01 dnsmasq[5682]: compile time options: IPv6 GNU-getopt DBus i18n IDN DHCP DHCPv6 no-Lua TFTP conntrack ipset auth DNSSEC loop-detect inotify dumpfile
Oct 18 09:37:08 gtw01 dnsmasq[5682]: warning: no upstream servers configured
Oct 18 09:37:08 gtw01 dnsmasq-dhcp[5682]: DHCPv6, static leases only on 2003::, lease time 1h
Oct 18 09:37:08 gtw01 dnsmasq[5682]: read /var/lib/neutron/dhcp/b7fd8bac-fe18-4e03-89a1-bff505711726/addn_hosts - 1 addresses
Oct 18 09:37:08 gtw01 dnsmasq-dhcp[5682]: read /var/lib/neutron/dhcp/b7fd8bac-fe18-4e03-89a1-bff505711726/host
Oct 18 09:37:08 gtw01 dnsmasq-dhcp[5682]: read /var/lib/neutron/dhcp/b7fd8bac-fe18-4e03-89a1-bff505711726/opts
Oct 18 09:37:08 gtw01 kernel: [ 7453.846131] device tapf799fe68-82 left promiscuous mode
Oct 18 09:37:09 gtw01 dnsmasq[5669]: read /var/lib/neutron/dhcp/b5e36358-1567-49e6-aa37-ba1fe9babf55/addn_hosts - 1 addresses
Oct 18 09:37:09 gtw01 dnsmasq-dhcp[5669]: read /var/lib/neutron/dhcp/b5e36358-1567-49e6-aa37-ba1fe9babf55/host
Oct 18 09:37:09 gtw01 dnsmasq-dhcp[5669]: read /var/lib/neutron/dhcp/b5e36358-1567-49e6-aa37-ba1fe9babf55/opts
Oct 18 09:37:10 gtw01 dnsmasq[5669]: read /var/lib/neutron/dhcp/b5e36358-1567-49e6-aa37-ba1fe9babf55/addn_hosts - 1 addresses
Oct 18 09:37:10 gtw01 dnsmasq-dhcp[5669]: read /var/lib/neutron/dhcp/b5e36358-1567-49e6-aa37-ba1fe9babf55/host
Oct 18 09:37:10 gtw01 dnsmasq-dhcp[5669]: read /var/lib/neutron/dhcp/b5e36358-1567-49e6-aa37-ba1fe9babf55/opts
Oct 18 09:37:11 gtw01 dnsmasq[5669]: read /var/lib/neutron/dhcp/b5e36358-1567-49e6-aa37-ba1fe9babf55/addn_hosts - 2 addresses
Oct 18 09:37:11 gtw01 dnsmasq-dhcp[5669]: read /var/lib/neutron/dhcp/b5e36358-1567-49e6-aa37-ba1fe9babf55/host
Oct 18 09:37:11 gtw01 dnsmasq-dhcp[5669]: read /var/lib/neutron/dhcp/b5e36358-1567-49e6-aa37-ba1fe9babf55/opts
Oct 18 09:37:12 gtw01 kernel: [ 7457.104428] device tapb40fd23c-72 left promiscuous mode
Oct 18 09:37:18 gtw01 kernel: [ 7463.181417] device tap0a574be4-8f entered promiscuous mode
Oct 18 09:37:18 gtw01 systemd-udevd[5766]: Could not generate persistent MAC address for tap0a574be4-8f: No such file or directory
Oct 18 09:37:18 gtw01 systemd-udevd[5766]: Process '/sbin/ip link set tap0a574be4-8f txqueuelen 10000' failed with exit code 1.
Oct 18 09:37:18 gtw01 systemd-udevd[5840]: Process '/sbin/ip link set tap0a574be4-8f txqueuelen 10000' failed with exit code 1.
Oct 18 09:37:21 gtw01 kernel: [ 7466.222281] device tap82ffded6-2f entered promiscuous mode
Oct 18 09:37:21 gtw01 systemd-udevd[5915]: Could not generate persistent MAC address for tap82ffded6-2f: No such file or directory
Oct 18 09:37:21 gtw01 systemd-udevd[5915]: Process '/sbin/ip link set tap82ffded6-2f txqueuelen 10000' failed with exit code 1.
Oct 18 09:37:21 gtw01 systemd-udevd[5993]: Process '/sbin/ip link set tap82ffded6-2f txqueuelen 10000' failed with exit code 1.
Oct 18 09:37:21 gtw01 dnsmasq[6016]: started, version 2.80 cachesize 150
Oct 18 09:37:21 gtw01 dnsmasq[6016]: DNS service limited to local subnets
Oct 18 09:37:21 gtw01 dnsmasq[6016]: compile time options: IPv6 GNU-getopt DBus i18n IDN DHCP DHCPv6 no-Lua TFTP conntrack ipset auth DNSSEC loop-detect inotify dumpfile
Oct 18 09:37:21 gtw01 dnsmasq[6016]: warning: no upstream servers configured
Oct 18 09:37:21 gtw01 dnsmasq-dhcp[6016]: DHCPv6, static leases only on 2003::, lease time 1h
Oct 18 09:37:21 gtw01 dnsmasq[6016]: read /var/lib/neutron/dhcp/250af460-0c1e-4890-af3d-04b5c00271f7/addn_hosts - 1 addresses
Oct 18 09:37:21 gtw01 dnsmasq-dhcp[6016]: read /var/lib/neutron/dhcp/250af460-0c1e-4890-af3d-04b5c00271f7/host
Oct 18 09:37:21 gtw01 dnsmasq-dhcp[6016]: read /var/lib/neutron/dhcp/250af460-0c1e-4890-af3d-04b5c00271f7/opts
Oct 18 09:37:24 gtw01 dnsmasq[6099]: started, version 2.80 cachesize 150
Oct 18 09:37:24 gtw01 dnsmasq[6099]: DNS service limited to local subnets
Oct 18 09:37:24 gtw01 dnsmasq[6099]: compile time options: IPv6 GNU-getopt DBus i18n IDN DHCP DHCPv6 no-Lua TFTP conntrack ipset auth DNSSEC loop-detect inotify dumpfile
Oct 18 09:37:24 gtw01 dnsmasq[6099]: warning: no upstream servers configured
Oct 18 09:37:24 gtw01 dnsmasq-dhcp[6099]: DHCP, static leases only on 192.168.120.0, lease time 1h
Oct 18 09:37:24 gtw01 dnsmasq[6099]: read /var/lib/neutron/dhcp/f307fdfb-ee4a-49f9-8b2f-25906294230c/addn_hosts - 1 addresses
Oct 18 09:37:24 gtw01 dnsmasq-dhcp[6099]: read /var/lib/neutron/dhcp/f307fdfb-ee4a-49f9-8b2f-25906294230c/host
Oct 18 09:37:24 gtw01 dnsmasq-dhcp[6099]: read /var/lib/neutron/dhcp/f307fdfb-ee4a-49f9-8b2f-25906294230c/opts
Oct 18 09:37:24 gtw01 haproxy-metadata-proxy-f307fdfb-ee4a-49f9-8b2f-25906294230c[6106]: Proxy listener started.
Oct 18 09:37:25 gtw01 dnsmasq[6099]: read /var/lib/neutron/dhcp/f307fdfb-ee4a-49f9-8b2f-25906294230c/addn_hosts - 1 addresses
Oct 18 09:37:25 gtw01 dnsmasq-dhcp[6099]: read /var/lib/neutron/dhcp/f307fdfb-ee4a-49f9-8b2f-25906294230c/host
Oct 18 09:37:25 gtw01 dnsmasq-dhcp[6099]: read /var/lib/neutron/dhcp/f307fdfb-ee4a-49f9-8b2f-25906294230c/opts
Oct 18 09:37:25 gtw01 dnsmasq[6138]: started, version 2.80 cachesize 150
Oct 18 09:37:25 gtw01 dnsmasq[6138]: DNS service limited to local subnets
Oct 18 09:37:25 gtw01 dnsmasq[6138]: compile time options: IPv6 GNU-getopt DBus i18n IDN DHCP DHCPv6 no-Lua TFTP conntrack ipset auth DNSSEC loop-detect inotify dumpfile
Oct 18 09:37:25 gtw01 dnsmasq[6138]: warning: no upstream servers configured
Oct 18 09:37:25 gtw01 dnsmasq-dhcp[6138]: DHCPv6, static leases only on 2003::, lease time 1h
Oct 18 09:37:25 gtw01 dnsmasq-dhcp[6138]: DHCPv6, static leases only on 2003:0:0:1::, lease time 1h
Oct 18 09:37:25 gtw01 dnsmasq[6138]: read /var/lib/neutron/dhcp/250af460-0c1e-4890-af3d-04b5c00271f7/addn_hosts - 2 addresses
Oct 18 09:37:25 gtw01 dnsmasq-dhcp[6138]: read /var/lib/neutron/dhcp/250af460-0c1e-4890-af3d-04b5c00271f7/host
Oct 18 09:37:25 gtw01 dnsmasq-dhcp[6138]: read /var/lib/neutron/dhcp/250af460-0c1e-4890-af3d-04b5c00271f7/opts
Oct 18 09:37:26 gtw01 kernel: [ 7471.206941] device tap0a574be4-8f left promiscuous mode
Oct 18 09:37:26 gtw01 dnsmasq[6099]: read /var/lib/neutron/dhcp/f307fdfb-ee4a-49f9-8b2f-25906294230c/addn_hosts - 1 addresses
Oct 18 09:37:26 gtw01 dnsmasq-dhcp[6099]: read /var/lib/neutron/dhcp/f307fdfb-ee4a-49f9-8b2f-25906294230c/host
Oct 18 09:37:26 gtw01 dnsmasq-dhcp[6099]: read /var/lib/neutron/dhcp/f307fdfb-ee4a-49f9-8b2f-25906294230c/opts
Oct 18 09:37:27 gtw01 dnsmasq[6099]: read /var/lib/neutron/dhcp/f307fdfb-ee4a-49f9-8b2f-25906294230c/addn_hosts - 2 addresses
Oct 18 09:37:27 gtw01 dnsmasq-dhcp[6099]: read /var/lib/neutron/dhcp/f307fdfb-ee4a-49f9-8b2f-25906294230c/host
Oct 18 09:37:27 gtw01 dnsmasq-dhcp[6099]: read /var/lib/neutron/dhcp/f307fdfb-ee4a-49f9-8b2f-25906294230c/opts
Oct 18 09:37:28 gtw01 dnsmasq[6099]: read /var/lib/neutron/dhcp/f307fdfb-ee4a-49f9-8b2f-25906294230c/addn_hosts - 2 addresses
Oct 18 09:37:28 gtw01 dnsmasq-dhcp[6099]: read /var/lib/neutron/dhcp/f307fdfb-ee4a-49f9-8b2f-25906294230c/host
Oct 18 09:37:28 gtw01 dnsmasq-dhcp[6099]: read /var/lib/neutron/dhcp/f307fdfb-ee4a-49f9-8b2f-25906294230c/opts
Oct 18 09:37:30 gtw01 kernel: [ 7475.065304] device tap82ffded6-2f left promiscuous mode
Oct 18 09:37:31 gtw01 kernel: [ 7476.123727] device taped5cb447-b6 entered promiscuous mode
Oct 18 09:37:31 gtw01 systemd-udevd[6229]: Could not generate persistent MAC address for taped5cb447-b6: No such file or directory
Oct 18 09:37:31 gtw01 systemd-udevd[6229]: Process '/sbin/ip link set taped5cb447-b6 txqueuelen 10000' failed with exit code 1.
Oct 18 09:37:31 gtw01 systemd-udevd[6307]: Process '/sbin/ip link set taped5cb447-b6 txqueuelen 10000' failed with exit code 1.
Oct 18 09:37:34 gtw01 dnsmasq[6377]: started, version 2.80 cachesize 150
Oct 18 09:37:34 gtw01 dnsmasq[6377]: DNS service limited to local subnets
Oct 18 09:37:34 gtw01 dnsmasq[6377]: compile time options: IPv6 GNU-getopt DBus i18n IDN DHCP DHCPv6 no-Lua TFTP conntrack ipset auth DNSSEC loop-detect inotify dumpfile
Oct 18 09:37:34 gtw01 dnsmasq[6377]: warning: no upstream servers configured
Oct 18 09:37:34 gtw01 dnsmasq-dhcp[6377]: DHCPv6, static leases only on 2003::, lease time 1h
Oct 18 09:37:34 gtw01 dnsmasq[6377]: read /var/lib/neutron/dhcp/499b7b4e-d444-4291-9a14-01afcb54f070/addn_hosts - 1 addresses
Oct 18 09:37:34 gtw01 dnsmasq-dhcp[6377]: read /var/lib/neutron/dhcp/499b7b4e-d444-4291-9a14-01afcb54f070/host
Oct 18 09:37:34 gtw01 dnsmasq-dhcp[6377]: read /var/lib/neutron/dhcp/499b7b4e-d444-4291-9a14-01afcb54f070/opts
Oct 18 09:37:34 gtw01 kernel: [ 7479.917236] device tapc5f0289b-af entered promiscuous mode
Oct 18 09:37:34 gtw01 systemd-udevd[6391]: Could not generate persistent MAC address for tapc5f0289b-af: No such file or directory
Oct 18 09:37:35 gtw01 systemd-udevd[6391]: Process '/sbin/ip link set tapc5f0289b-af txqueuelen 10000' failed with exit code 1.
Oct 18 09:37:35 gtw01 kernel: [ 7480.139270] device taped5cb447-b6 left promiscuous mode
Oct 18 09:37:38 gtw01 dnsmasq[6527]: started, version 2.80 cachesize 150
Oct 18 09:37:38 gtw01 dnsmasq[6527]: DNS service limited to local subnets
Oct 18 09:37:38 gtw01 dnsmasq[6527]: compile time options: IPv6 GNU-getopt DBus i18n IDN DHCP DHCPv6 no-Lua TFTP conntrack ipset auth DNSSEC loop-detect inotify dumpfile
Oct 18 09:37:38 gtw01 dnsmasq[6527]: warning: no upstream servers configured
Oct 18 09:37:38 gtw01 dnsmasq-dhcp[6527]: DHCP, static leases only on 192.168.120.0, lease time 1h
Oct 18 09:37:38 gtw01 dnsmasq[6527]: read /var/lib/neutron/dhcp/31106605-b8fd-4457-9ff1-d1ced2176edd/addn_hosts - 1 addresses
Oct 18 09:37:38 gtw01 dnsmasq-dhcp[6527]: read /var/lib/neutron/dhcp/31106605-b8fd-4457-9ff1-d1ced2176edd/host
Oct 18 09:37:38 gtw01 dnsmasq-dhcp[6527]: read /var/lib/neutron/dhcp/31106605-b8fd-4457-9ff1-d1ced2176edd/opts
Oct 18 09:37:38 gtw01 haproxy-metadata-proxy-31106605-b8fd-4457-9ff1-d1ced2176edd[6531]: Proxy listener started.
Oct 18 09:37:39 gtw01 kernel: [ 7484.482164] device tap089afeb2-81 entered promiscuous mode
Oct 18 09:37:39 gtw01 dnsmasq[6527]: read /var/lib/neutron/dhcp/31106605-b8fd-4457-9ff1-d1ced2176edd/addn_hosts - 2 addresses
Oct 18 09:37:39 gtw01 dnsmasq-dhcp[6527]: read /var/lib/neutron/dhcp/31106605-b8fd-4457-9ff1-d1ced2176edd/host
Oct 18 09:37:39 gtw01 dnsmasq-dhcp[6527]: read /var/lib/neutron/dhcp/31106605-b8fd-4457-9ff1-d1ced2176edd/opts
Oct 18 09:37:39 gtw01 systemd-udevd[6561]: Could not generate persistent MAC address for tap089afeb2-81: No such file or directory
Oct 18 09:37:39 gtw01 systemd-udevd[6561]: Process '/sbin/ip link set tap089afeb2-81 txqueuelen 10000' failed with exit code 1.
Oct 18 09:37:39 gtw01 systemd-udevd[6633]: Process '/sbin/ip link set tap089afeb2-81 txqueuelen 10000' failed with exit code 1.
Oct 18 09:37:40 gtw01 dnsmasq[6527]: read /var/lib/neutron/dhcp/31106605-b8fd-4457-9ff1-d1ced2176edd/addn_hosts - 2 addresses
Oct 18 09:37:40 gtw01 dnsmasq-dhcp[6527]: read /var/lib/neutron/dhcp/31106605-b8fd-4457-9ff1-d1ced2176edd/host
Oct 18 09:37:40 gtw01 dnsmasq-dhcp[6527]: read /var/lib/neutron/dhcp/31106605-b8fd-4457-9ff1-d1ced2176edd/opts
Oct 18 09:37:41 gtw01 kernel: [ 7486.110015] device tap930a7eee-3b entered promiscuous mode
Oct 18 09:37:41 gtw01 systemd-udevd[6700]: Could not generate persistent MAC address for tap930a7eee-3b: No such file or directory
Oct 18 09:37:41 gtw01 systemd-udevd[6700]: Process '/sbin/ip link set tap930a7eee-3b txqueuelen 10000' failed with exit code 1.
Oct 18 09:37:42 gtw01 dnsmasq[6527]: read /var/lib/neutron/dhcp/31106605-b8fd-4457-9ff1-d1ced2176edd/addn_hosts - 2 addresses
Oct 18 09:37:42 gtw01 dnsmasq-dhcp[6527]: read /var/lib/neutron/dhcp/31106605-b8fd-4457-9ff1-d1ced2176edd/host
Oct 18 09:37:42 gtw01 dnsmasq-dhcp[6527]: read /var/lib/neutron/dhcp/31106605-b8fd-4457-9ff1-d1ced2176edd/opts
Oct 18 09:37:43 gtw01 dnsmasq[6527]: read /var/lib/neutron/dhcp/31106605-b8fd-4457-9ff1-d1ced2176edd/addn_hosts - 2 addresses
Oct 18 09:37:43 gtw01 dnsmasq-dhcp[6527]: read /var/lib/neutron/dhcp/31106605-b8fd-4457-9ff1-d1ced2176edd/host
Oct 18 09:37:43 gtw01 dnsmasq-dhcp[6527]: read /var/lib/neutron/dhcp/31106605-b8fd-4457-9ff1-d1ced2176edd/opts
Oct 18 09:37:44 gtw01 dnsmasq[6893]: started, version 2.80 cachesize 150
Oct 18 09:37:44 gtw01 dnsmasq[6893]: DNS service limited to local subnets
Oct 18 09:37:44 gtw01 dnsmasq[6893]: compile time options: IPv6 GNU-getopt DBus i18n IDN DHCP DHCPv6 no-Lua TFTP conntrack ipset auth DNSSEC loop-detect inotify dumpfile
Oct 18 09:37:44 gtw01 dnsmasq[6893]: warning: no upstream servers configured
Oct 18 09:37:44 gtw01 dnsmasq-dhcp[6893]: DHCP, static leases only on 192.168.121.0, lease time 1h
Oct 18 09:37:44 gtw01 dnsmasq[6893]: read /var/lib/neutron/dhcp/b18d565c-2425-45c1-b0ff-252f6c4e043f/addn_hosts - 1 addresses
Oct 18 09:37:44 gtw01 dnsmasq-dhcp[6893]: read /var/lib/neutron/dhcp/b18d565c-2425-45c1-b0ff-252f6c4e043f/host
Oct 18 09:37:44 gtw01 dnsmasq-dhcp[6893]: read /var/lib/neutron/dhcp/b18d565c-2425-45c1-b0ff-252f6c4e043f/opts
Oct 18 09:37:44 gtw01 haproxy-metadata-proxy-b18d565c-2425-45c1-b0ff-252f6c4e043f[6904]: Proxy listener started.
Oct 18 09:37:44 gtw01 kernel: [ 7489.630283] device tap028e7006-68 entered promiscuous mode
Oct 18 09:37:44 gtw01 systemd-udevd[6918]: Could not generate persistent MAC address for tap028e7006-68: No such file or directory
Oct 18 09:37:44 gtw01 systemd-udevd[6918]: Process '/sbin/ip link set tap028e7006-68 txqueuelen 10000' failed with exit code 1.
Oct 18 09:37:44 gtw01 systemd-udevd[6994]: Process '/sbin/ip link set tap028e7006-68 txqueuelen 10000' failed with exit code 1.
Oct 18 09:37:45 gtw01 dnsmasq[6527]: read /var/lib/neutron/dhcp/31106605-b8fd-4457-9ff1-d1ced2176edd/addn_hosts - 2 addresses
Oct 18 09:37:45 gtw01 dnsmasq-dhcp[6527]: read /var/lib/neutron/dhcp/31106605-b8fd-4457-9ff1-d1ced2176edd/host
Oct 18 09:37:45 gtw01 dnsmasq-dhcp[6527]: read /var/lib/neutron/dhcp/31106605-b8fd-4457-9ff1-d1ced2176edd/opts
Oct 18 09:37:45 gtw01 dnsmasq[6893]: read /var/lib/neutron/dhcp/b18d565c-2425-45c1-b0ff-252f6c4e043f/addn_hosts - 2 addresses
Oct 18 09:37:45 gtw01 dnsmasq-dhcp[6893]: read /var/lib/neutron/dhcp/b18d565c-2425-45c1-b0ff-252f6c4e043f/host
Oct 18 09:37:45 gtw01 dnsmasq-dhcp[6893]: read /var/lib/neutron/dhcp/b18d565c-2425-45c1-b0ff-252f6c4e043f/opts
Oct 18 09:37:46 gtw01 dnsmasq[7053]: started, version 2.80 cachesize 150
Oct 18 09:37:46 gtw01 dnsmasq[7053]: DNS service limited to local subnets
Oct 18 09:37:46 gtw01 dnsmasq[7053]: compile time options: IPv6 GNU-getopt DBus i18n IDN DHCP DHCPv6 no-Lua TFTP conntrack ipset auth DNSSEC loop-detect inotify dumpfile
Oct 18 09:37:46 gtw01 dnsmasq[7053]: warning: no upstream servers configured
Oct 18 09:37:46 gtw01 dnsmasq-dhcp[7053]: DHCPv6, static leases only on 2003::, lease time 1h
Oct 18 09:37:46 gtw01 dnsmasq[7053]: read /var/lib/neutron/dhcp/4cc77d93-bc76-4346-aefb-bd8ef9d5e653/addn_hosts - 1 addresses
Oct 18 09:37:46 gtw01 dnsmasq-dhcp[7053]: read /var/lib/neutron/dhcp/4cc77d93-bc76-4346-aefb-bd8ef9d5e653/host
Oct 18 09:37:46 gtw01 dnsmasq-dhcp[7053]: read /var/lib/neutron/dhcp/4cc77d93-bc76-4346-aefb-bd8ef9d5e653/opts
Oct 18 09:37:46 gtw01 kernel: [ 7491.704910] device tap930a7eee-3b left promiscuous mode
Oct 18 09:37:46 gtw01 dnsmasq[6893]: read /var/lib/neutron/dhcp/b18d565c-2425-45c1-b0ff-252f6c4e043f/addn_hosts - 2 addresses
Oct 18 09:37:46 gtw01 dnsmasq-dhcp[6893]: read /var/lib/neutron/dhcp/b18d565c-2425-45c1-b0ff-252f6c4e043f/host
Oct 18 09:37:46 gtw01 dnsmasq-dhcp[6893]: read /var/lib/neutron/dhcp/b18d565c-2425-45c1-b0ff-252f6c4e043f/opts
Oct 18 09:37:47 gtw01 dnsmasq[6893]: read /var/lib/neutron/dhcp/b18d565c-2425-45c1-b0ff-252f6c4e043f/addn_hosts - 2 addresses
Oct 18 09:37:47 gtw01 dnsmasq-dhcp[6893]: read /var/lib/neutron/dhcp/b18d565c-2425-45c1-b0ff-252f6c4e043f/host
Oct 18 09:37:47 gtw01 dnsmasq-dhcp[6893]: read /var/lib/neutron/dhcp/b18d565c-2425-45c1-b0ff-252f6c4e043f/opts
Oct 18 09:37:48 gtw01 systemd-udevd[7151]: Could not generate persistent MAC address for tapaa4f5eb8-0a: No such file or directory
Oct 18 09:37:48 gtw01 kernel: [ 7493.749910] device tapaa4f5eb8-0a entered promiscuous mode
Oct 18 09:37:48 gtw01 systemd-udevd[7151]: Process '/sbin/ip link set tapaa4f5eb8-0a txqueuelen 10000' failed with exit code 1.
Oct 18 09:37:48 gtw01 systemd-udevd[7151]: Process '/sbin/ip link set tapaa4f5eb8-0a txqueuelen 10000' failed with exit code 1.
Oct 18 09:37:49 gtw01 dnsmasq[7250]: started, version 2.80 cachesize 150
Oct 18 09:37:49 gtw01 dnsmasq[7250]: DNS service limited to local subnets
Oct 18 09:37:49 gtw01 dnsmasq[7250]: compile time options: IPv6 GNU-getopt DBus i18n IDN DHCP DHCPv6 no-Lua TFTP conntrack ipset auth DNSSEC loop-detect inotify dumpfile
Oct 18 09:37:49 gtw01 dnsmasq[7250]: warning: no upstream servers configured
Oct 18 09:37:49 gtw01 dnsmasq-dhcp[7250]: DHCP, static leases only on 192.168.122.0, lease time 1h
Oct 18 09:37:49 gtw01 dnsmasq[7250]: read /var/lib/neutron/dhcp/6f04089f-ce77-4248-ba8c-23995e098283/addn_hosts - 1 addresses
Oct 18 09:37:49 gtw01 dnsmasq-dhcp[7250]: read /var/lib/neutron/dhcp/6f04089f-ce77-4248-ba8c-23995e098283/host
Oct 18 09:37:49 gtw01 dnsmasq-dhcp[7250]: read /var/lib/neutron/dhcp/6f04089f-ce77-4248-ba8c-23995e098283/opts
Oct 18 09:37:49 gtw01 dnsmasq[6893]: read /var/lib/neutron/dhcp/b18d565c-2425-45c1-b0ff-252f6c4e043f/addn_hosts - 2 addresses
Oct 18 09:37:49 gtw01 dnsmasq-dhcp[6893]: read /var/lib/neutron/dhcp/b18d565c-2425-45c1-b0ff-252f6c4e043f/host
Oct 18 09:37:49 gtw01 dnsmasq-dhcp[6893]: read /var/lib/neutron/dhcp/b18d565c-2425-45c1-b0ff-252f6c4e043f/opts
Oct 18 09:37:49 gtw01 haproxy-metadata-proxy-6f04089f-ce77-4248-ba8c-23995e098283[7264]: Proxy listener started.
Oct 18 09:37:50 gtw01 dnsmasq[7250]: read /var/lib/neutron/dhcp/6f04089f-ce77-4248-ba8c-23995e098283/addn_hosts - 2 addresses
Oct 18 09:37:50 gtw01 dnsmasq-dhcp[7250]: read /var/lib/neutron/dhcp/6f04089f-ce77-4248-ba8c-23995e098283/host
Oct 18 09:37:50 gtw01 dnsmasq-dhcp[7250]: read /var/lib/neutron/dhcp/6f04089f-ce77-4248-ba8c-23995e098283/opts
Oct 18 09:37:50 gtw01 dnsmasq[6893]: read /var/lib/neutron/dhcp/b18d565c-2425-45c1-b0ff-252f6c4e043f/addn_hosts - 2 addresses
Oct 18 09:37:50 gtw01 dnsmasq-dhcp[6893]: read /var/lib/neutron/dhcp/b18d565c-2425-45c1-b0ff-252f6c4e043f/host
Oct 18 09:37:50 gtw01 dnsmasq-dhcp[6893]: read /var/lib/neutron/dhcp/b18d565c-2425-45c1-b0ff-252f6c4e043f/opts
Oct 18 09:37:51 gtw01 kernel: [ 7496.102321] device tap5e569d03-bf entered promiscuous mode
Oct 18 09:37:51 gtw01 systemd-udevd[7323]: Could not generate persistent MAC address for tap5e569d03-bf: No such file or directory
Oct 18 09:37:51 gtw01 systemd-udevd[7392]: Process '/sbin/ip link set tap5e569d03-bf txqueuelen 10000' failed with exit code 1.
Oct 18 09:37:52 gtw01 dnsmasq[7250]: read /var/lib/neutron/dhcp/6f04089f-ce77-4248-ba8c-23995e098283/addn_hosts - 2 addresses
Oct 18 09:37:52 gtw01 dnsmasq-dhcp[7250]: read /var/lib/neutron/dhcp/6f04089f-ce77-4248-ba8c-23995e098283/host
Oct 18 09:37:52 gtw01 dnsmasq-dhcp[7250]: read /var/lib/neutron/dhcp/6f04089f-ce77-4248-ba8c-23995e098283/opts
Oct 18 09:37:53 gtw01 dnsmasq[7250]: read /var/lib/neutron/dhcp/6f04089f-ce77-4248-ba8c-23995e098283/addn_hosts - 2 addresses
Oct 18 09:37:53 gtw01 dnsmasq-dhcp[7250]: read /var/lib/neutron/dhcp/6f04089f-ce77-4248-ba8c-23995e098283/host
Oct 18 09:37:53 gtw01 dnsmasq-dhcp[7250]: read /var/lib/neutron/dhcp/6f04089f-ce77-4248-ba8c-23995e098283/opts
Oct 18 09:37:53 gtw01 dnsmasq[7490]: started, version 2.80 cachesize 150
Oct 18 09:37:53 gtw01 dnsmasq[7490]: DNS service limited to local subnets
Oct 18 09:37:53 gtw01 dnsmasq[7490]: compile time options: IPv6 GNU-getopt DBus i18n IDN DHCP DHCPv6 no-Lua TFTP conntrack ipset auth DNSSEC loop-detect inotify dumpfile
Oct 18 09:37:53 gtw01 dnsmasq[7490]: warning: no upstream servers configured
Oct 18 09:37:53 gtw01 dnsmasq-dhcp[7490]: DHCP, static leases only on 192.168.123.0, lease time 1h
Oct 18 09:37:53 gtw01 dnsmasq[7490]: read /var/lib/neutron/dhcp/6762bd77-6bd7-4bcb-ad40-99cc51404d6e/addn_hosts - 1 addresses
Oct 18 09:37:53 gtw01 dnsmasq-dhcp[7490]: read /var/lib/neutron/dhcp/6762bd77-6bd7-4bcb-ad40-99cc51404d6e/host
Oct 18 09:37:53 gtw01 dnsmasq-dhcp[7490]: read /var/lib/neutron/dhcp/6762bd77-6bd7-4bcb-ad40-99cc51404d6e/opts
Oct 18 09:37:53 gtw01 haproxy-metadata-proxy-6762bd77-6bd7-4bcb-ad40-99cc51404d6e[7505]: Proxy listener started.
Oct 18 09:37:54 gtw01 dnsmasq[7250]: read /var/lib/neutron/dhcp/6f04089f-ce77-4248-ba8c-23995e098283/addn_hosts - 2 addresses
Oct 18 09:37:54 gtw01 dnsmasq-dhcp[7250]: read /var/lib/neutron/dhcp/6f04089f-ce77-4248-ba8c-23995e098283/host
Oct 18 09:37:54 gtw01 dnsmasq-dhcp[7250]: read /var/lib/neutron/dhcp/6f04089f-ce77-4248-ba8c-23995e098283/opts
Oct 18 09:37:54 gtw01 dnsmasq[7490]: read /var/lib/neutron/dhcp/6762bd77-6bd7-4bcb-ad40-99cc51404d6e/addn_hosts - 2 addresses
Oct 18 09:37:54 gtw01 dnsmasq-dhcp[7490]: read /var/lib/neutron/dhcp/6762bd77-6bd7-4bcb-ad40-99cc51404d6e/host
Oct 18 09:37:54 gtw01 dnsmasq-dhcp[7490]: read /var/lib/neutron/dhcp/6762bd77-6bd7-4bcb-ad40-99cc51404d6e/opts
Oct 18 09:37:55 gtw01 dnsmasq[7568]: started, version 2.80 cachesize 150
Oct 18 09:37:55 gtw01 dnsmasq[7568]: DNS service limited to local subnets
Oct 18 09:37:55 gtw01 dnsmasq[7568]: compile time options: IPv6 GNU-getopt DBus i18n IDN DHCP DHCPv6 no-Lua TFTP conntrack ipset auth DNSSEC loop-detect inotify dumpfile
Oct 18 09:37:55 gtw01 dnsmasq[7568]: warning: no upstream servers configured
Oct 18 09:37:55 gtw01 dnsmasq-dhcp[7568]: DHCPv6, static leases only on 2003::, lease time 1h
Oct 18 09:37:55 gtw01 dnsmasq[7568]: read /var/lib/neutron/dhcp/b300145a-6977-43c5-b3b0-5f295c5e054e/addn_hosts - 1 addresses
Oct 18 09:37:55 gtw01 dnsmasq-dhcp[7568]: read /var/lib/neutron/dhcp/b300145a-6977-43c5-b3b0-5f295c5e054e/host
Oct 18 09:37:55 gtw01 dnsmasq-dhcp[7568]: read /var/lib/neutron/dhcp/b300145a-6977-43c5-b3b0-5f295c5e054e/opts
Oct 18 09:37:55 gtw01 dnsmasq[7250]: read /var/lib/neutron/dhcp/6f04089f-ce77-4248-ba8c-23995e098283/addn_hosts - 2 addresses
Oct 18 09:37:55 gtw01 dnsmasq-dhcp[7250]: read /var/lib/neutron/dhcp/6f04089f-ce77-4248-ba8c-23995e098283/host
Oct 18 09:37:55 gtw01 dnsmasq-dhcp[7250]: read /var/lib/neutron/dhcp/6f04089f-ce77-4248-ba8c-23995e098283/opts
Oct 18 09:37:56 gtw01 dnsmasq[7490]: read /var/lib/neutron/dhcp/6762bd77-6bd7-4bcb-ad40-99cc51404d6e/addn_hosts - 2 addresses
Oct 18 09:37:56 gtw01 dnsmasq-dhcp[7490]: read /var/lib/neutron/dhcp/6762bd77-6bd7-4bcb-ad40-99cc51404d6e/host
Oct 18 09:37:56 gtw01 dnsmasq-dhcp[7490]: read /var/lib/neutron/dhcp/6762bd77-6bd7-4bcb-ad40-99cc51404d6e/opts
Oct 18 09:37:56 gtw01 dnsmasq[7568]: read /var/lib/neutron/dhcp/b300145a-6977-43c5-b3b0-5f295c5e054e/addn_hosts - 1 addresses
Oct 18 09:37:56 gtw01 dnsmasq-dhcp[7568]: read /var/lib/neutron/dhcp/b300145a-6977-43c5-b3b0-5f295c5e054e/host
Oct 18 09:37:56 gtw01 dnsmasq-dhcp[7568]: read /var/lib/neutron/dhcp/b300145a-6977-43c5-b3b0-5f295c5e054e/opts
Oct 18 09:37:57 gtw01 dnsmasq[7490]: read /var/lib/neutron/dhcp/6762bd77-6bd7-4bcb-ad40-99cc51404d6e/addn_hosts - 2 addresses
Oct 18 09:37:57 gtw01 dnsmasq-dhcp[7490]: read /var/lib/neutron/dhcp/6762bd77-6bd7-4bcb-ad40-99cc51404d6e/host
Oct 18 09:37:57 gtw01 dnsmasq-dhcp[7490]: read /var/lib/neutron/dhcp/6762bd77-6bd7-4bcb-ad40-99cc51404d6e/opts
Oct 18 09:37:57 gtw01 dnsmasq[7568]: read /var/lib/neutron/dhcp/b300145a-6977-43c5-b3b0-5f295c5e054e/addn_hosts - 1 addresses
Oct 18 09:37:57 gtw01 dnsmasq-dhcp[7568]: read /var/lib/neutron/dhcp/b300145a-6977-43c5-b3b0-5f295c5e054e/host
Oct 18 09:37:57 gtw01 dnsmasq-dhcp[7568]: read /var/lib/neutron/dhcp/b300145a-6977-43c5-b3b0-5f295c5e054e/opts
Oct 18 09:37:58 gtw01 kernel: [ 7503.350491] device tapaa4f5eb8-0a left promiscuous mode
Oct 18 09:37:58 gtw01 kernel: [ 7503.493464] device tap5e569d03-bf left promiscuous mode
Oct 18 09:38:01 gtw01 dnsmasq[7250]: read /var/lib/neutron/dhcp/6f04089f-ce77-4248-ba8c-23995e098283/addn_hosts - 1 addresses
Oct 18 09:38:01 gtw01 dnsmasq-dhcp[7250]: read /var/lib/neutron/dhcp/6f04089f-ce77-4248-ba8c-23995e098283/host
Oct 18 09:38:01 gtw01 dnsmasq-dhcp[7250]: read /var/lib/neutron/dhcp/6f04089f-ce77-4248-ba8c-23995e098283/opts
Oct 18 09:38:02 gtw01 kernel: [ 7507.669041] device tapd38bc9d0-96 entered promiscuous mode
Oct 18 09:38:02 gtw01 systemd-udevd[7697]: Could not generate persistent MAC address for tapd38bc9d0-96: No such file or directory
Oct 18 09:38:02 gtw01 systemd-udevd[7697]: Process '/sbin/ip link set tapd38bc9d0-96 txqueuelen 10000' failed with exit code 1.
Oct 18 09:38:02 gtw01 systemd-udevd[7771]: Process '/sbin/ip link set tapd38bc9d0-96 txqueuelen 10000' failed with exit code 1.
Oct 18 09:38:03 gtw01 kernel: [ 7508.650399] device tap028e7006-68 left promiscuous mode
Oct 18 09:38:06 gtw01 dnsmasq[7839]: started, version 2.80 cachesize 150
Oct 18 09:38:06 gtw01 dnsmasq[7839]: DNS service limited to local subnets
Oct 18 09:38:06 gtw01 dnsmasq[7839]: compile time options: IPv6 GNU-getopt DBus i18n IDN DHCP DHCPv6 no-Lua TFTP conntrack ipset auth DNSSEC loop-detect inotify dumpfile
Oct 18 09:38:06 gtw01 dnsmasq[7839]: warning: no upstream servers configured
Oct 18 09:38:06 gtw01 dnsmasq-dhcp[7839]: DHCPv6, static leases only on 2003::, lease time 1h
Oct 18 09:38:06 gtw01 dnsmasq[7839]: read /var/lib/neutron/dhcp/233a9ca2-31cd-43c5-88e2-6b88fd47bc5a/addn_hosts - 1 addresses
Oct 18 09:38:06 gtw01 dnsmasq-dhcp[7839]: read /var/lib/neutron/dhcp/233a9ca2-31cd-43c5-88e2-6b88fd47bc5a/host
Oct 18 09:38:06 gtw01 dnsmasq-dhcp[7839]: read /var/lib/neutron/dhcp/233a9ca2-31cd-43c5-88e2-6b88fd47bc5a/opts
Oct 18 09:38:07 gtw01 dnsmasq[6893]: read /var/lib/neutron/dhcp/b18d565c-2425-45c1-b0ff-252f6c4e043f/addn_hosts - 1 addresses
Oct 18 09:38:07 gtw01 dnsmasq-dhcp[6893]: read /var/lib/neutron/dhcp/b18d565c-2425-45c1-b0ff-252f6c4e043f/host
Oct 18 09:38:07 gtw01 dnsmasq-dhcp[6893]: read /var/lib/neutron/dhcp/b18d565c-2425-45c1-b0ff-252f6c4e043f/opts
Oct 18 09:38:08 gtw01 kernel: [ 7513.473290] device tapd38bc9d0-96 left promiscuous mode
Oct 18 09:38:10 gtw01 kernel: [ 7515.283401] device tapd38bc9d0-96 entered promiscuous mode
Oct 18 09:38:10 gtw01 systemd-udevd[7886]: Could not generate persistent MAC address for tapd38bc9d0-96: No such file or directory
Oct 18 09:38:10 gtw01 kernel: [ 7515.311342] device tap089afeb2-81 left promiscuous mode
Oct 18 09:38:10 gtw01 systemd-udevd[7886]: Process '/sbin/ip link set tapd38bc9d0-96 txqueuelen 10000' failed with exit code 1.
Oct 18 09:38:12 gtw01 dnsmasq[8011]: started, version 2.80 cachesize 150
Oct 18 09:38:12 gtw01 dnsmasq[8011]: DNS service limited to local subnets
Oct 18 09:38:12 gtw01 dnsmasq[8011]: compile time options: IPv6 GNU-getopt DBus i18n IDN DHCP DHCPv6 no-Lua TFTP conntrack ipset auth DNSSEC loop-detect inotify dumpfile
Oct 18 09:38:12 gtw01 dnsmasq[8011]: warning: no upstream servers configured
Oct 18 09:38:12 gtw01 dnsmasq-dhcp[8011]: DHCPv6, static leases only on 2003:0:0:1::, lease time 1h
Oct 18 09:38:12 gtw01 dnsmasq-dhcp[8011]: DHCPv6, static leases only on 2003::, lease time 1h
Oct 18 09:38:12 gtw01 dnsmasq[8011]: read /var/lib/neutron/dhcp/233a9ca2-31cd-43c5-88e2-6b88fd47bc5a/addn_hosts - 2 addresses
Oct 18 09:38:12 gtw01 dnsmasq-dhcp[8011]: read /var/lib/neutron/dhcp/233a9ca2-31cd-43c5-88e2-6b88fd47bc5a/host
Oct 18 09:38:12 gtw01 dnsmasq-dhcp[8011]: read /var/lib/neutron/dhcp/233a9ca2-31cd-43c5-88e2-6b88fd47bc5a/opts
Oct 18 09:38:14 gtw01 dnsmasq[6527]: read /var/lib/neutron/dhcp/31106605-b8fd-4457-9ff1-d1ced2176edd/addn_hosts - 1 addresses
Oct 18 09:38:14 gtw01 dnsmasq-dhcp[6527]: read /var/lib/neutron/dhcp/31106605-b8fd-4457-9ff1-d1ced2176edd/host
Oct 18 09:38:14 gtw01 dnsmasq-dhcp[6527]: read /var/lib/neutron/dhcp/31106605-b8fd-4457-9ff1-d1ced2176edd/opts
Oct 18 09:38:16 gtw01 kernel: [ 7521.694785] device tapc5f0289b-af left promiscuous mode
Oct 18 09:38:16 gtw01 dnsmasq[8092]: started, version 2.80 cachesize 150
Oct 18 09:38:16 gtw01 dnsmasq[8092]: DNS service limited to local subnets
Oct 18 09:38:16 gtw01 dnsmasq[8092]: compile time options: IPv6 GNU-getopt DBus i18n IDN DHCP DHCPv6 no-Lua TFTP conntrack ipset auth DNSSEC loop-detect inotify dumpfile
Oct 18 09:38:16 gtw01 dnsmasq[8092]: warning: no upstream servers configured
Oct 18 09:38:16 gtw01 dnsmasq-dhcp[8092]: DHCPv6, static leases only on 2003:0:0:1::, lease time 1h
Oct 18 09:38:16 gtw01 dnsmasq-dhcp[8092]: DHCPv6, static leases only on 2003::, lease time 1h
Oct 18 09:38:16 gtw01 dnsmasq-dhcp[8092]: DHCPv6, static leases only on 2003:0:0:2::, lease time 1h
