Oct 18 10:38:39 gtw01 dnsmasq[25041]: read /var/lib/neutron/dhcp/797447b6-f46e-4f52-94e6-4edd3be7621c/addn_hosts - 2 addresses
Oct 18 10:38:39 gtw01 dnsmasq-dhcp[25041]: read /var/lib/neutron/dhcp/797447b6-f46e-4f52-94e6-4edd3be7621c/host
Oct 18 10:38:39 gtw01 dnsmasq-dhcp[25041]: read /var/lib/neutron/dhcp/797447b6-f46e-4f52-94e6-4edd3be7621c/opts
Oct 18 10:39:28 gtw01 systemd-udevd[25149]: Could not generate persistent MAC address for tap4ce7a8b9-51: No such file or directory
Oct 18 10:39:28 gtw01 kernel: [11193.723459] device tap4ce7a8b9-51 entered promiscuous mode
Oct 18 10:39:28 gtw01 systemd-udevd[25149]: Process '/sbin/ip link set tap4ce7a8b9-51 txqueuelen 10000' failed with exit code 1.
Oct 18 10:39:28 gtw01 systemd-udevd[25222]: Process '/sbin/ip link set tap4ce7a8b9-51 txqueuelen 10000' failed with exit code 1.
Oct 18 10:39:32 gtw01 dnsmasq[25283]: started, version 2.80 cachesize 150
Oct 18 10:39:32 gtw01 dnsmasq[25283]: DNS service limited to local subnets
Oct 18 10:39:32 gtw01 dnsmasq[25283]: compile time options: IPv6 GNU-getopt DBus i18n IDN DHCP DHCPv6 no-Lua TFTP conntrack ipset auth DNSSEC loop-detect inotify dumpfile
Oct 18 10:39:32 gtw01 dnsmasq[25283]: warning: no upstream servers configured
Oct 18 10:39:32 gtw01 dnsmasq-dhcp[25283]: DHCP, static leases only on 192.168.120.0, lease time 1h
Oct 18 10:39:32 gtw01 dnsmasq[25283]: read /var/lib/neutron/dhcp/4344661e-ce91-40b9-b870-a16415ecff49/addn_hosts - 1 addresses
Oct 18 10:39:32 gtw01 dnsmasq-dhcp[25283]: read /var/lib/neutron/dhcp/4344661e-ce91-40b9-b870-a16415ecff49/host
Oct 18 10:39:32 gtw01 dnsmasq-dhcp[25283]: read /var/lib/neutron/dhcp/4344661e-ce91-40b9-b870-a16415ecff49/opts
Oct 18 10:39:32 gtw01 haproxy-metadata-proxy-4344661e-ce91-40b9-b870-a16415ecff49[25287]: Proxy listener started.
Oct 18 10:39:33 gtw01 dnsmasq[25283]: read /var/lib/neutron/dhcp/4344661e-ce91-40b9-b870-a16415ecff49/addn_hosts - 1 addresses
Oct 18 10:39:33 gtw01 dnsmasq-dhcp[25283]: read /var/lib/neutron/dhcp/4344661e-ce91-40b9-b870-a16415ecff49/host
Oct 18 10:39:33 gtw01 dnsmasq-dhcp[25283]: read /var/lib/neutron/dhcp/4344661e-ce91-40b9-b870-a16415ecff49/opts
Oct 18 10:39:34 gtw01 dnsmasq[25283]: read /var/lib/neutron/dhcp/4344661e-ce91-40b9-b870-a16415ecff49/addn_hosts - 1 addresses
Oct 18 10:39:34 gtw01 dnsmasq-dhcp[25283]: read /var/lib/neutron/dhcp/4344661e-ce91-40b9-b870-a16415ecff49/host
Oct 18 10:39:34 gtw01 dnsmasq-dhcp[25283]: read /var/lib/neutron/dhcp/4344661e-ce91-40b9-b870-a16415ecff49/opts
Oct 18 10:39:35 gtw01 dnsmasq[25283]: read /var/lib/neutron/dhcp/4344661e-ce91-40b9-b870-a16415ecff49/addn_hosts - 2 addresses
Oct 18 10:39:35 gtw01 dnsmasq-dhcp[25283]: read /var/lib/neutron/dhcp/4344661e-ce91-40b9-b870-a16415ecff49/host
Oct 18 10:39:35 gtw01 dnsmasq-dhcp[25283]: read /var/lib/neutron/dhcp/4344661e-ce91-40b9-b870-a16415ecff49/opts
Oct 18 10:39:36 gtw01 dnsmasq[25283]: read /var/lib/neutron/dhcp/4344661e-ce91-40b9-b870-a16415ecff49/addn_hosts - 2 addresses
Oct 18 10:39:36 gtw01 dnsmasq-dhcp[25283]: read /var/lib/neutron/dhcp/4344661e-ce91-40b9-b870-a16415ecff49/host
Oct 18 10:39:36 gtw01 dnsmasq-dhcp[25283]: read /var/lib/neutron/dhcp/4344661e-ce91-40b9-b870-a16415ecff49/opts
Oct 18 10:39:36 gtw01 dnsmasq[25283]: read /var/lib/neutron/dhcp/4344661e-ce91-40b9-b870-a16415ecff49/addn_hosts - 1 addresses
Oct 18 10:39:36 gtw01 dnsmasq-dhcp[25283]: read /var/lib/neutron/dhcp/4344661e-ce91-40b9-b870-a16415ecff49/host
Oct 18 10:39:36 gtw01 dnsmasq-dhcp[25283]: read /var/lib/neutron/dhcp/4344661e-ce91-40b9-b870-a16415ecff49/opts
Oct 18 10:39:42 gtw01 kernel: [11207.820014] device tap4ce7a8b9-51 left promiscuous mode
Oct 18 10:39:58 gtw01 dnsmasq[25041]: read /var/lib/neutron/dhcp/797447b6-f46e-4f52-94e6-4edd3be7621c/addn_hosts - 1 addresses
Oct 18 10:39:58 gtw01 dnsmasq-dhcp[25041]: read /var/lib/neutron/dhcp/797447b6-f46e-4f52-94e6-4edd3be7621c/host
Oct 18 10:39:58 gtw01 dnsmasq-dhcp[25041]: read /var/lib/neutron/dhcp/797447b6-f46e-4f52-94e6-4edd3be7621c/opts
Oct 18 10:40:03 gtw01 kernel: [11228.623619] device tap95b41d85-22 left promiscuous mode
Oct 18 10:40:17 gtw01 systemd-udevd[25426]: Could not generate persistent MAC address for tap0898bdbe-f3: No such file or directory
Oct 18 10:40:17 gtw01 kernel: [11242.715946] device tap0898bdbe-f3 entered promiscuous mode
Oct 18 10:40:17 gtw01 systemd-udevd[25426]: Process '/sbin/ip link set tap0898bdbe-f3 txqueuelen 10000' failed with exit code 1.
Oct 18 10:40:17 gtw01 systemd-udevd[25426]: Process '/sbin/ip link set tap0898bdbe-f3 txqueuelen 10000' failed with exit code 1.
Oct 18 10:40:21 gtw01 dnsmasq[25561]: started, version 2.80 cachesize 150
Oct 18 10:40:21 gtw01 dnsmasq[25561]: DNS service limited to local subnets
Oct 18 10:40:21 gtw01 dnsmasq[25561]: compile time options: IPv6 GNU-getopt DBus i18n IDN DHCP DHCPv6 no-Lua TFTP conntrack ipset auth DNSSEC loop-detect inotify dumpfile
Oct 18 10:40:21 gtw01 dnsmasq[25561]: warning: no upstream servers configured
Oct 18 10:40:21 gtw01 dnsmasq-dhcp[25561]: DHCP, static leases only on 192.168.120.0, lease time 1h
Oct 18 10:40:21 gtw01 dnsmasq[25561]: read /var/lib/neutron/dhcp/d166e417-806f-473b-8518-9490feaf3106/addn_hosts - 1 addresses
Oct 18 10:40:21 gtw01 dnsmasq-dhcp[25561]: read /var/lib/neutron/dhcp/d166e417-806f-473b-8518-9490feaf3106/host
Oct 18 10:40:21 gtw01 dnsmasq-dhcp[25561]: read /var/lib/neutron/dhcp/d166e417-806f-473b-8518-9490feaf3106/opts
Oct 18 10:40:21 gtw01 haproxy-metadata-proxy-d166e417-806f-473b-8518-9490feaf3106[25565]: Proxy listener started.
Oct 18 10:40:22 gtw01 dnsmasq[25561]: read /var/lib/neutron/dhcp/d166e417-806f-473b-8518-9490feaf3106/addn_hosts - 2 addresses
Oct 18 10:40:22 gtw01 dnsmasq-dhcp[25561]: read /var/lib/neutron/dhcp/d166e417-806f-473b-8518-9490feaf3106/host
Oct 18 10:40:22 gtw01 dnsmasq-dhcp[25561]: read /var/lib/neutron/dhcp/d166e417-806f-473b-8518-9490feaf3106/opts
Oct 18 10:40:23 gtw01 dnsmasq[25561]: read /var/lib/neutron/dhcp/d166e417-806f-473b-8518-9490feaf3106/addn_hosts - 2 addresses
Oct 18 10:40:23 gtw01 dnsmasq-dhcp[25561]: read /var/lib/neutron/dhcp/d166e417-806f-473b-8518-9490feaf3106/host
Oct 18 10:40:23 gtw01 dnsmasq-dhcp[25561]: read /var/lib/neutron/dhcp/d166e417-806f-473b-8518-9490feaf3106/opts
Oct 18 10:40:24 gtw01 dnsmasq[25561]: read /var/lib/neutron/dhcp/d166e417-806f-473b-8518-9490feaf3106/addn_hosts - 2 addresses
Oct 18 10:40:24 gtw01 dnsmasq-dhcp[25561]: read /var/lib/neutron/dhcp/d166e417-806f-473b-8518-9490feaf3106/host
Oct 18 10:40:24 gtw01 dnsmasq-dhcp[25561]: read /var/lib/neutron/dhcp/d166e417-806f-473b-8518-9490feaf3106/opts
Oct 18 10:40:25 gtw01 dnsmasq[25561]: read /var/lib/neutron/dhcp/d166e417-806f-473b-8518-9490feaf3106/addn_hosts - 2 addresses
Oct 18 10:40:25 gtw01 dnsmasq-dhcp[25561]: read /var/lib/neutron/dhcp/d166e417-806f-473b-8518-9490feaf3106/host
Oct 18 10:40:25 gtw01 dnsmasq-dhcp[25561]: read /var/lib/neutron/dhcp/d166e417-806f-473b-8518-9490feaf3106/opts
Oct 18 10:40:25 gtw01 dnsmasq[25561]: read /var/lib/neutron/dhcp/d166e417-806f-473b-8518-9490feaf3106/addn_hosts - 2 addresses
Oct 18 10:40:25 gtw01 dnsmasq-dhcp[25561]: read /var/lib/neutron/dhcp/d166e417-806f-473b-8518-9490feaf3106/host
Oct 18 10:40:25 gtw01 dnsmasq-dhcp[25561]: read /var/lib/neutron/dhcp/d166e417-806f-473b-8518-9490feaf3106/opts
Oct 18 10:41:08 gtw01 kernel: [11293.342029] device tapa6d2f7d1-77 entered promiscuous mode
Oct 18 10:41:08 gtw01 systemd-udevd[25753]: Process '/sbin/ip link set tapa6d2f7d1-77 txqueuelen 10000' failed with exit code 1.
Oct 18 10:41:08 gtw01 kernel: [11293.788492] device tap25a8b9aa-04 entered promiscuous mode
Oct 18 10:41:08 gtw01 systemd-udevd[25777]: Could not generate persistent MAC address for tap25a8b9aa-04: No such file or directory
Oct 18 10:41:09 gtw01 systemd-udevd[25848]: Process '/sbin/ip link set tap25a8b9aa-04 txqueuelen 10000' failed with exit code 1.
Oct 18 10:41:09 gtw01 kernel: [11294.781234] device tap761126bf-a6 entered promiscuous mode
Oct 18 10:41:09 gtw01 systemd-udevd[25893]: Could not generate persistent MAC address for tap761126bf-a6: No such file or directory
Oct 18 10:41:09 gtw01 systemd-udevd[25961]: Process '/sbin/ip link set tap761126bf-a6 txqueuelen 10000' failed with exit code 1.
Oct 18 10:41:11 gtw01 systemd-udevd[26028]: Could not generate persistent MAC address for tapf3bd3507-84: No such file or directory
Oct 18 10:41:11 gtw01 kernel: [11296.334967] device tapf3bd3507-84 entered promiscuous mode
Oct 18 10:41:12 gtw01 systemd-udevd[26105]: Process '/sbin/ip link set tapf3bd3507-84 txqueuelen 10000' failed with exit code 1.
Oct 18 10:41:14 gtw01 kernel: [11299.104879] device tap8adca829-9c entered promiscuous mode
Oct 18 10:41:14 gtw01 systemd-udevd[26210]: Could not generate persistent MAC address for tap8adca829-9c: No such file or directory
Oct 18 10:41:14 gtw01 kernel: [11299.396299] device tap1d8a9d6c-70 entered promiscuous mode
Oct 18 10:41:14 gtw01 systemd-udevd[26289]: Could not generate persistent MAC address for tap1d8a9d6c-70: No such file or directory
Oct 18 10:41:14 gtw01 systemd-udevd[26357]: Process '/sbin/ip link set tap8adca829-9c txqueuelen 10000' failed with exit code 1.
Oct 18 10:41:14 gtw01 systemd-udevd[26384]: Process '/sbin/ip link set tap1d8a9d6c-70 txqueuelen 10000' failed with exit code 1.
Oct 18 10:41:16 gtw01 kernel: [11301.238611] device tapc798cf43-b7 entered promiscuous mode
Oct 18 10:41:16 gtw01 systemd-udevd[26456]: Could not generate persistent MAC address for tapc798cf43-b7: No such file or directory
Oct 18 10:41:16 gtw01 kernel: [11301.321586] device tap9a7824e6-91 entered promiscuous mode
Oct 18 10:41:16 gtw01 systemd-udevd[26500]: Could not generate persistent MAC address for tap9a7824e6-91: No such file or directory
Oct 18 10:41:16 gtw01 systemd-udevd[26558]: Process '/sbin/ip link set tapc798cf43-b7 txqueuelen 10000' failed with exit code 1.
Oct 18 10:41:16 gtw01 dnsmasq[26612]: started, version 2.80 cachesize 150
Oct 18 10:41:16 gtw01 dnsmasq[26612]: DNS service limited to local subnets
Oct 18 10:41:16 gtw01 dnsmasq[26612]: compile time options: IPv6 GNU-getopt DBus i18n IDN DHCP DHCPv6 no-Lua TFTP conntrack ipset auth DNSSEC loop-detect inotify dumpfile
Oct 18 10:41:16 gtw01 dnsmasq[26612]: warning: no upstream servers configured
Oct 18 10:41:16 gtw01 dnsmasq-dhcp[26612]: DHCP, static leases only on 192.168.120.0, lease time 1h
Oct 18 10:41:16 gtw01 dnsmasq[26612]: read /var/lib/neutron/dhcp/522fc59d-940f-45e1-9c3d-701dc5a9d022/addn_hosts - 1 addresses
Oct 18 10:41:16 gtw01 dnsmasq-dhcp[26612]: read /var/lib/neutron/dhcp/522fc59d-940f-45e1-9c3d-701dc5a9d022/host
Oct 18 10:41:16 gtw01 dnsmasq-dhcp[26612]: read /var/lib/neutron/dhcp/522fc59d-940f-45e1-9c3d-701dc5a9d022/opts
Oct 18 10:41:16 gtw01 systemd-udevd[26616]: Process '/sbin/ip link set tap9a7824e6-91 txqueuelen 10000' failed with exit code 1.
Oct 18 10:41:17 gtw01 dnsmasq[26635]: started, version 2.80 cachesize 150
Oct 18 10:41:17 gtw01 dnsmasq[26635]: DNS service limited to local subnets
Oct 18 10:41:17 gtw01 dnsmasq[26635]: compile time options: IPv6 GNU-getopt DBus i18n IDN DHCP DHCPv6 no-Lua TFTP conntrack ipset auth DNSSEC loop-detect inotify dumpfile
Oct 18 10:41:17 gtw01 dnsmasq[26635]: warning: no upstream servers configured
Oct 18 10:41:17 gtw01 dnsmasq-dhcp[26635]: DHCP, static leases only on 192.168.120.0, lease time 1h
Oct 18 10:41:17 gtw01 dnsmasq[26635]: read /var/lib/neutron/dhcp/8f2d23b2-c4e4-42a9-8b8c-450d9c916c5f/addn_hosts - 1 addresses
Oct 18 10:41:17 gtw01 dnsmasq-dhcp[26635]: read /var/lib/neutron/dhcp/8f2d23b2-c4e4-42a9-8b8c-450d9c916c5f/host
Oct 18 10:41:17 gtw01 dnsmasq-dhcp[26635]: read /var/lib/neutron/dhcp/8f2d23b2-c4e4-42a9-8b8c-450d9c916c5f/opts
Oct 18 10:41:17 gtw01 haproxy-metadata-proxy-522fc59d-940f-45e1-9c3d-701dc5a9d022[26642]: Proxy listener started.
Oct 18 10:41:17 gtw01 haproxy-metadata-proxy-8f2d23b2-c4e4-42a9-8b8c-450d9c916c5f[26664]: Proxy listener started.
Oct 18 10:41:19 gtw01 dnsmasq[26612]: read /var/lib/neutron/dhcp/522fc59d-940f-45e1-9c3d-701dc5a9d022/addn_hosts - 2 addresses
Oct 18 10:41:19 gtw01 dnsmasq-dhcp[26612]: read /var/lib/neutron/dhcp/522fc59d-940f-45e1-9c3d-701dc5a9d022/host
Oct 18 10:41:19 gtw01 dnsmasq-dhcp[26612]: read /var/lib/neutron/dhcp/522fc59d-940f-45e1-9c3d-701dc5a9d022/opts
Oct 18 10:41:19 gtw01 dnsmasq[26741]: started, version 2.80 cachesize 150
Oct 18 10:41:19 gtw01 dnsmasq[26741]: DNS service limited to local subnets
Oct 18 10:41:19 gtw01 dnsmasq[26741]: compile time options: IPv6 GNU-getopt DBus i18n IDN DHCP DHCPv6 no-Lua TFTP conntrack ipset auth DNSSEC loop-detect inotify dumpfile
Oct 18 10:41:19 gtw01 dnsmasq[26741]: warning: no upstream servers configured
Oct 18 10:41:19 gtw01 dnsmasq-dhcp[26741]: DHCP, static leases only on 192.168.120.0, lease time 1h
Oct 18 10:41:19 gtw01 dnsmasq[26741]: read /var/lib/neutron/dhcp/c52d639f-b119-474a-a313-7a801268275d/addn_hosts - 1 addresses
Oct 18 10:41:19 gtw01 dnsmasq-dhcp[26741]: read /var/lib/neutron/dhcp/c52d639f-b119-474a-a313-7a801268275d/host
Oct 18 10:41:19 gtw01 dnsmasq-dhcp[26741]: read /var/lib/neutron/dhcp/c52d639f-b119-474a-a313-7a801268275d/opts
Oct 18 10:41:20 gtw01 dnsmasq[26635]: read /var/lib/neutron/dhcp/8f2d23b2-c4e4-42a9-8b8c-450d9c916c5f/addn_hosts - 2 addresses
Oct 18 10:41:20 gtw01 dnsmasq-dhcp[26635]: read /var/lib/neutron/dhcp/8f2d23b2-c4e4-42a9-8b8c-450d9c916c5f/host
Oct 18 10:41:20 gtw01 dnsmasq-dhcp[26635]: read /var/lib/neutron/dhcp/8f2d23b2-c4e4-42a9-8b8c-450d9c916c5f/opts
Oct 18 10:41:20 gtw01 haproxy-metadata-proxy-c52d639f-b119-474a-a313-7a801268275d[26770]: Proxy listener started.
Oct 18 10:41:21 gtw01 dnsmasq[26834]: started, version 2.80 cachesize 150
Oct 18 10:41:21 gtw01 dnsmasq[26834]: DNS service limited to local subnets
Oct 18 10:41:21 gtw01 dnsmasq[26834]: compile time options: IPv6 GNU-getopt DBus i18n IDN DHCP DHCPv6 no-Lua TFTP conntrack ipset auth DNSSEC loop-detect inotify dumpfile
Oct 18 10:41:21 gtw01 dnsmasq[26834]: warning: no upstream servers configured
Oct 18 10:41:21 gtw01 dnsmasq-dhcp[26834]: DHCP, static leases only on 192.168.120.0, lease time 1h
Oct 18 10:41:21 gtw01 dnsmasq[26834]: read /var/lib/neutron/dhcp/bf9a433e-5c2e-4e4e-b0f6-bfb0d50c7938/addn_hosts - 1 addresses
Oct 18 10:41:21 gtw01 dnsmasq-dhcp[26834]: read /var/lib/neutron/dhcp/bf9a433e-5c2e-4e4e-b0f6-bfb0d50c7938/host
Oct 18 10:41:21 gtw01 dnsmasq-dhcp[26834]: read /var/lib/neutron/dhcp/bf9a433e-5c2e-4e4e-b0f6-bfb0d50c7938/opts
Oct 18 10:41:22 gtw01 haproxy-metadata-proxy-bf9a433e-5c2e-4e4e-b0f6-bfb0d50c7938[26863]: Proxy listener started.
Oct 18 10:41:22 gtw01 dnsmasq[26612]: read /var/lib/neutron/dhcp/522fc59d-940f-45e1-9c3d-701dc5a9d022/addn_hosts - 2 addresses
Oct 18 10:41:22 gtw01 dnsmasq-dhcp[26612]: read /var/lib/neutron/dhcp/522fc59d-940f-45e1-9c3d-701dc5a9d022/host
Oct 18 10:41:22 gtw01 dnsmasq-dhcp[26612]: read /var/lib/neutron/dhcp/522fc59d-940f-45e1-9c3d-701dc5a9d022/opts
Oct 18 10:41:22 gtw01 dnsmasq[26741]: read /var/lib/neutron/dhcp/c52d639f-b119-474a-a313-7a801268275d/addn_hosts - 2 addresses
Oct 18 10:41:22 gtw01 dnsmasq-dhcp[26741]: read /var/lib/neutron/dhcp/c52d639f-b119-474a-a313-7a801268275d/host
Oct 18 10:41:22 gtw01 dnsmasq-dhcp[26741]: read /var/lib/neutron/dhcp/c52d639f-b119-474a-a313-7a801268275d/opts
Oct 18 10:41:22 gtw01 dnsmasq[26635]: read /var/lib/neutron/dhcp/8f2d23b2-c4e4-42a9-8b8c-450d9c916c5f/addn_hosts - 2 addresses
Oct 18 10:41:22 gtw01 dnsmasq-dhcp[26635]: read /var/lib/neutron/dhcp/8f2d23b2-c4e4-42a9-8b8c-450d9c916c5f/host
Oct 18 10:41:22 gtw01 dnsmasq-dhcp[26635]: read /var/lib/neutron/dhcp/8f2d23b2-c4e4-42a9-8b8c-450d9c916c5f/opts
Oct 18 10:41:24 gtw01 dnsmasq[26939]: started, version 2.80 cachesize 150
Oct 18 10:41:24 gtw01 dnsmasq[26939]: DNS service limited to local subnets
Oct 18 10:41:24 gtw01 dnsmasq[26939]: compile time options: IPv6 GNU-getopt DBus i18n IDN DHCP DHCPv6 no-Lua TFTP conntrack ipset auth DNSSEC loop-detect inotify dumpfile
Oct 18 10:41:24 gtw01 dnsmasq[26939]: warning: no upstream servers configured
Oct 18 10:41:24 gtw01 dnsmasq-dhcp[26939]: DHCP, static leases only on 192.168.120.0, lease time 1h
Oct 18 10:41:24 gtw01 dnsmasq[26939]: read /var/lib/neutron/dhcp/3c753dd8-2417-4464-aca0-1d9f8704183d/addn_hosts - 1 addresses
Oct 18 10:41:24 gtw01 dnsmasq-dhcp[26939]: read /var/lib/neutron/dhcp/3c753dd8-2417-4464-aca0-1d9f8704183d/host
Oct 18 10:41:24 gtw01 dnsmasq-dhcp[26939]: read /var/lib/neutron/dhcp/3c753dd8-2417-4464-aca0-1d9f8704183d/opts
Oct 18 10:41:24 gtw01 dnsmasq[26953]: started, version 2.80 cachesize 150
Oct 18 10:41:24 gtw01 dnsmasq[26953]: DNS service limited to local subnets
Oct 18 10:41:24 gtw01 dnsmasq[26953]: compile time options: IPv6 GNU-getopt DBus i18n IDN DHCP DHCPv6 no-Lua TFTP conntrack ipset auth DNSSEC loop-detect inotify dumpfile
Oct 18 10:41:24 gtw01 dnsmasq[26953]: warning: no upstream servers configured
Oct 18 10:41:24 gtw01 dnsmasq-dhcp[26953]: DHCP, static leases only on 192.168.120.0, lease time 1h
Oct 18 10:41:24 gtw01 dnsmasq[26953]: read /var/lib/neutron/dhcp/c4175f9b-e019-45cf-84b5-db300eb7fc13/addn_hosts - 1 addresses
Oct 18 10:41:24 gtw01 dnsmasq-dhcp[26953]: read /var/lib/neutron/dhcp/c4175f9b-e019-45cf-84b5-db300eb7fc13/host
Oct 18 10:41:24 gtw01 dnsmasq-dhcp[26953]: read /var/lib/neutron/dhcp/c4175f9b-e019-45cf-84b5-db300eb7fc13/opts
Oct 18 10:41:25 gtw01 dnsmasq[26834]: read /var/lib/neutron/dhcp/bf9a433e-5c2e-4e4e-b0f6-bfb0d50c7938/addn_hosts - 2 addresses
Oct 18 10:41:25 gtw01 dnsmasq-dhcp[26834]: read /var/lib/neutron/dhcp/bf9a433e-5c2e-4e4e-b0f6-bfb0d50c7938/host
Oct 18 10:41:25 gtw01 dnsmasq-dhcp[26834]: read /var/lib/neutron/dhcp/bf9a433e-5c2e-4e4e-b0f6-bfb0d50c7938/opts
Oct 18 10:41:25 gtw01 haproxy-metadata-proxy-3c753dd8-2417-4464-aca0-1d9f8704183d[26966]: Proxy listener started.
Oct 18 10:41:25 gtw01 haproxy-metadata-proxy-c4175f9b-e019-45cf-84b5-db300eb7fc13[26980]: Proxy listener started.
Oct 18 10:41:25 gtw01 dnsmasq[26612]: read /var/lib/neutron/dhcp/522fc59d-940f-45e1-9c3d-701dc5a9d022/addn_hosts - 2 addresses
Oct 18 10:41:25 gtw01 dnsmasq-dhcp[26612]: read /var/lib/neutron/dhcp/522fc59d-940f-45e1-9c3d-701dc5a9d022/host
Oct 18 10:41:25 gtw01 dnsmasq-dhcp[26612]: read /var/lib/neutron/dhcp/522fc59d-940f-45e1-9c3d-701dc5a9d022/opts
Oct 18 10:41:26 gtw01 dnsmasq[26741]: read /var/lib/neutron/dhcp/c52d639f-b119-474a-a313-7a801268275d/addn_hosts - 2 addresses
Oct 18 10:41:26 gtw01 dnsmasq-dhcp[26741]: read /var/lib/neutron/dhcp/c52d639f-b119-474a-a313-7a801268275d/host
Oct 18 10:41:26 gtw01 dnsmasq-dhcp[26741]: read /var/lib/neutron/dhcp/c52d639f-b119-474a-a313-7a801268275d/opts
Oct 18 10:41:26 gtw01 dnsmasq[26635]: read /var/lib/neutron/dhcp/8f2d23b2-c4e4-42a9-8b8c-450d9c916c5f/addn_hosts - 2 addresses
Oct 18 10:41:26 gtw01 dnsmasq-dhcp[26635]: read /var/lib/neutron/dhcp/8f2d23b2-c4e4-42a9-8b8c-450d9c916c5f/host
Oct 18 10:41:26 gtw01 dnsmasq-dhcp[26635]: read /var/lib/neutron/dhcp/8f2d23b2-c4e4-42a9-8b8c-450d9c916c5f/opts
Oct 18 10:41:27 gtw01 dnsmasq[27040]: started, version 2.80 cachesize 150
Oct 18 10:41:27 gtw01 dnsmasq[27040]: DNS service limited to local subnets
Oct 18 10:41:27 gtw01 dnsmasq[27040]: compile time options: IPv6 GNU-getopt DBus i18n IDN DHCP DHCPv6 no-Lua TFTP conntrack ipset auth DNSSEC loop-detect inotify dumpfile
Oct 18 10:41:27 gtw01 dnsmasq[27040]: warning: no upstream servers configured
Oct 18 10:41:27 gtw01 dnsmasq-dhcp[27040]: DHCP, static leases only on 192.168.120.0, lease time 1h
Oct 18 10:41:27 gtw01 dnsmasq[27040]: read /var/lib/neutron/dhcp/2c966da9-fc76-42c4-82c3-e7839bed50a4/addn_hosts - 1 addresses
Oct 18 10:41:27 gtw01 dnsmasq-dhcp[27040]: read /var/lib/neutron/dhcp/2c966da9-fc76-42c4-82c3-e7839bed50a4/host
Oct 18 10:41:27 gtw01 dnsmasq-dhcp[27040]: read /var/lib/neutron/dhcp/2c966da9-fc76-42c4-82c3-e7839bed50a4/opts
Oct 18 10:41:27 gtw01 dnsmasq[27051]: started, version 2.80 cachesize 150
Oct 18 10:41:27 gtw01 dnsmasq[27051]: DNS service limited to local subnets
Oct 18 10:41:27 gtw01 dnsmasq[27051]: compile time options: IPv6 GNU-getopt DBus i18n IDN DHCP DHCPv6 no-Lua TFTP conntrack ipset auth DNSSEC loop-detect inotify dumpfile
Oct 18 10:41:27 gtw01 dnsmasq[27051]: warning: no upstream servers configured
Oct 18 10:41:27 gtw01 dnsmasq-dhcp[27051]: DHCP, static leases only on 192.168.120.0, lease time 1h
Oct 18 10:41:27 gtw01 dnsmasq[27051]: read /var/lib/neutron/dhcp/dd5eb434-f74a-4b6d-8738-129e23f025c1/addn_hosts - 1 addresses
Oct 18 10:41:27 gtw01 dnsmasq-dhcp[27051]: read /var/lib/neutron/dhcp/dd5eb434-f74a-4b6d-8738-129e23f025c1/host
Oct 18 10:41:27 gtw01 dnsmasq-dhcp[27051]: read /var/lib/neutron/dhcp/dd5eb434-f74a-4b6d-8738-129e23f025c1/opts
Oct 18 10:41:27 gtw01 dnsmasq[26939]: read /var/lib/neutron/dhcp/3c753dd8-2417-4464-aca0-1d9f8704183d/addn_hosts - 2 addresses
Oct 18 10:41:27 gtw01 dnsmasq-dhcp[26939]: read /var/lib/neutron/dhcp/3c753dd8-2417-4464-aca0-1d9f8704183d/host
Oct 18 10:41:27 gtw01 dnsmasq-dhcp[26939]: read /var/lib/neutron/dhcp/3c753dd8-2417-4464-aca0-1d9f8704183d/opts
Oct 18 10:41:27 gtw01 haproxy-metadata-proxy-2c966da9-fc76-42c4-82c3-e7839bed50a4[27068]: Proxy listener started.
Oct 18 10:41:28 gtw01 dnsmasq[26953]: read /var/lib/neutron/dhcp/c4175f9b-e019-45cf-84b5-db300eb7fc13/addn_hosts - 2 addresses
Oct 18 10:41:28 gtw01 dnsmasq-dhcp[26953]: read /var/lib/neutron/dhcp/c4175f9b-e019-45cf-84b5-db300eb7fc13/host
Oct 18 10:41:28 gtw01 dnsmasq-dhcp[26953]: read /var/lib/neutron/dhcp/c4175f9b-e019-45cf-84b5-db300eb7fc13/opts
Oct 18 10:41:28 gtw01 haproxy-metadata-proxy-dd5eb434-f74a-4b6d-8738-129e23f025c1[27079]: Proxy listener started.
Oct 18 10:41:28 gtw01 dnsmasq[26834]: read /var/lib/neutron/dhcp/bf9a433e-5c2e-4e4e-b0f6-bfb0d50c7938/addn_hosts - 2 addresses
Oct 18 10:41:28 gtw01 dnsmasq-dhcp[26834]: read /var/lib/neutron/dhcp/bf9a433e-5c2e-4e4e-b0f6-bfb0d50c7938/host
Oct 18 10:41:28 gtw01 dnsmasq-dhcp[26834]: read /var/lib/neutron/dhcp/bf9a433e-5c2e-4e4e-b0f6-bfb0d50c7938/opts
Oct 18 10:41:28 gtw01 dnsmasq[26741]: read /var/lib/neutron/dhcp/c52d639f-b119-474a-a313-7a801268275d/addn_hosts - 2 addresses
Oct 18 10:41:28 gtw01 dnsmasq-dhcp[26741]: read /var/lib/neutron/dhcp/c52d639f-b119-474a-a313-7a801268275d/host
Oct 18 10:41:28 gtw01 dnsmasq-dhcp[26741]: read /var/lib/neutron/dhcp/c52d639f-b119-474a-a313-7a801268275d/opts
Oct 18 10:41:29 gtw01 dnsmasq[27040]: read /var/lib/neutron/dhcp/2c966da9-fc76-42c4-82c3-e7839bed50a4/addn_hosts - 2 addresses
Oct 18 10:41:29 gtw01 dnsmasq-dhcp[27040]: read /var/lib/neutron/dhcp/2c966da9-fc76-42c4-82c3-e7839bed50a4/host
Oct 18 10:41:29 gtw01 dnsmasq-dhcp[27040]: read /var/lib/neutron/dhcp/2c966da9-fc76-42c4-82c3-e7839bed50a4/opts
Oct 18 10:41:31 gtw01 kernel: [11316.896694] device tap6dc6264d-b8 entered promiscuous mode
Oct 18 10:41:31 gtw01 systemd-udevd[27151]: Could not generate persistent MAC address for tap6dc6264d-b8: No such file or directory
Oct 18 10:41:32 gtw01 systemd-udevd[27151]: Process '/sbin/ip link set tap6dc6264d-b8 txqueuelen 10000' failed with exit code 1.
Oct 18 10:41:33 gtw01 kernel: [11318.712134] device tap8ba82a7e-c9 entered promiscuous mode
Oct 18 10:41:33 gtw01 systemd-udevd[27288]: Could not generate persistent MAC address for tap8ba82a7e-c9: No such file or directory
Oct 18 10:41:33 gtw01 systemd-udevd[27288]: Process '/sbin/ip link set tap8ba82a7e-c9 txqueuelen 10000' failed with exit code 1.
Oct 18 10:41:33 gtw01 systemd-udevd[27288]: Process '/sbin/ip link set tap8ba82a7e-c9 txqueuelen 10000' failed with exit code 1.
Oct 18 10:41:34 gtw01 systemd-udevd[27395]: Could not generate persistent MAC address for tapa9de8d42-59: No such file or directory
Oct 18 10:41:34 gtw01 kernel: [11319.212964] device tapa9de8d42-59 entered promiscuous mode
Oct 18 10:41:34 gtw01 systemd-udevd[27466]: Process '/sbin/ip link set tapa9de8d42-59 txqueuelen 10000' failed with exit code 1.
Oct 18 10:41:35 gtw01 systemd-udevd[27546]: Could not generate persistent MAC address for tap23c77e6d-36: No such file or directory
Oct 18 10:41:35 gtw01 kernel: [11320.835892] device tap23c77e6d-36 entered promiscuous mode
Oct 18 10:41:36 gtw01 kernel: [11321.199841] device tapee489645-1a entered promiscuous mode
Oct 18 10:41:36 gtw01 systemd-udevd[27627]: Could not generate persistent MAC address for tapee489645-1a: No such file or directory
Oct 18 10:41:36 gtw01 systemd-udevd[27628]: Process '/sbin/ip link set tap23c77e6d-36 txqueuelen 10000' failed with exit code 1.
Oct 18 10:41:36 gtw01 systemd-udevd[27718]: Process '/sbin/ip link set tapee489645-1a txqueuelen 10000' failed with exit code 1.
Oct 18 10:41:37 gtw01 systemd-udevd[27782]: Could not generate persistent MAC address for tap923614f4-48: No such file or directory
Oct 18 10:41:37 gtw01 kernel: [11322.799994] device tap923614f4-48 entered promiscuous mode
Oct 18 10:41:38 gtw01 systemd-udevd[27868]: Process '/sbin/ip link set tap923614f4-48 txqueuelen 10000' failed with exit code 1.
Oct 18 10:41:38 gtw01 kernel: [11323.403785] device tape2e5a5cf-38 entered promiscuous mode
Oct 18 10:41:38 gtw01 systemd-udevd[27888]: Could not generate persistent MAC address for tape2e5a5cf-38: No such file or directory
Oct 18 10:41:38 gtw01 dnsmasq[27925]: started, version 2.80 cachesize 150
Oct 18 10:41:38 gtw01 dnsmasq[27925]: DNS service limited to local subnets
Oct 18 10:41:38 gtw01 dnsmasq[27925]: compile time options: IPv6 GNU-getopt DBus i18n IDN DHCP DHCPv6 no-Lua TFTP conntrack ipset auth DNSSEC loop-detect inotify dumpfile
Oct 18 10:41:38 gtw01 dnsmasq[27925]: warning: no upstream servers configured
Oct 18 10:41:38 gtw01 dnsmasq-dhcp[27925]: DHCP, static leases only on 192.168.120.0, lease time 1h
Oct 18 10:41:38 gtw01 dnsmasq[27925]: read /var/lib/neutron/dhcp/d26ac68f-9d16-49c3-889f-1d2184ba2f4f/addn_hosts - 2 addresses
Oct 18 10:41:38 gtw01 dnsmasq-dhcp[27925]: read /var/lib/neutron/dhcp/d26ac68f-9d16-49c3-889f-1d2184ba2f4f/host
Oct 18 10:41:38 gtw01 dnsmasq-dhcp[27925]: read /var/lib/neutron/dhcp/d26ac68f-9d16-49c3-889f-1d2184ba2f4f/opts
Oct 18 10:41:38 gtw01 kernel: [11323.900315] device tapf6fe71e6-d1 entered promiscuous mode
Oct 18 10:41:38 gtw01 systemd-udevd[27975]: Could not generate persistent MAC address for tapf6fe71e6-d1: No such file or directory
Oct 18 10:41:39 gtw01 systemd-udevd[27973]: Process '/sbin/ip link set tape2e5a5cf-38 txqueuelen 10000' failed with exit code 1.
Oct 18 10:41:39 gtw01 haproxy-metadata-proxy-d26ac68f-9d16-49c3-889f-1d2184ba2f4f[28063]: Proxy listener started.
Oct 18 10:41:39 gtw01 systemd-udevd[28073]: Process '/sbin/ip link set tapf6fe71e6-d1 txqueuelen 10000' failed with exit code 1.
Oct 18 10:41:41 gtw01 dnsmasq[27051]: read /var/lib/neutron/dhcp/dd5eb434-f74a-4b6d-8738-129e23f025c1/addn_hosts - 1 addresses
Oct 18 10:41:41 gtw01 dnsmasq-dhcp[27051]: read /var/lib/neutron/dhcp/dd5eb434-f74a-4b6d-8738-129e23f025c1/host
Oct 18 10:41:41 gtw01 dnsmasq-dhcp[27051]: read /var/lib/neutron/dhcp/dd5eb434-f74a-4b6d-8738-129e23f025c1/opts
Oct 18 10:41:43 gtw01 dnsmasq[28239]: started, version 2.80 cachesize 150
Oct 18 10:41:43 gtw01 dnsmasq[28239]: DNS service limited to local subnets
Oct 18 10:41:43 gtw01 dnsmasq[28239]: compile time options: IPv6 GNU-getopt DBus i18n IDN DHCP DHCPv6 no-Lua TFTP conntrack ipset auth DNSSEC loop-detect inotify dumpfile
Oct 18 10:41:43 gtw01 dnsmasq[28239]: warning: no upstream servers configured
Oct 18 10:41:43 gtw01 dnsmasq-dhcp[28239]: DHCP, static leases only on 192.168.120.0, lease time 1h
Oct 18 10:41:43 gtw01 dnsmasq[28239]: read /var/lib/neutron/dhcp/9f8dcd66-87cb-4276-b9bf-411a3c4090d9/addn_hosts - 2 addresses
Oct 18 10:41:43 gtw01 dnsmasq-dhcp[28239]: read /var/lib/neutron/dhcp/9f8dcd66-87cb-4276-b9bf-411a3c4090d9/host
Oct 18 10:41:43 gtw01 dnsmasq-dhcp[28239]: read /var/lib/neutron/dhcp/9f8dcd66-87cb-4276-b9bf-411a3c4090d9/opts
Oct 18 10:41:43 gtw01 haproxy-metadata-proxy-9f8dcd66-87cb-4276-b9bf-411a3c4090d9[28261]: Proxy listener started.
Oct 18 10:41:44 gtw01 dnsmasq[28292]: started, version 2.80 cachesize 150
Oct 18 10:41:44 gtw01 dnsmasq[28292]: DNS service limited to local subnets
Oct 18 10:41:44 gtw01 dnsmasq[28292]: compile time options: IPv6 GNU-getopt DBus i18n IDN DHCP DHCPv6 no-Lua TFTP conntrack ipset auth DNSSEC loop-detect inotify dumpfile
Oct 18 10:41:44 gtw01 dnsmasq[28292]: warning: no upstream servers configured
Oct 18 10:41:44 gtw01 dnsmasq-dhcp[28292]: DHCP, static leases only on 192.168.120.0, lease time 1h
Oct 18 10:41:44 gtw01 dnsmasq[28292]: read /var/lib/neutron/dhcp/8c260e83-949f-4db1-858a-405ee65b8539/addn_hosts - 1 addresses
Oct 18 10:41:44 gtw01 dnsmasq-dhcp[28292]: read /var/lib/neutron/dhcp/8c260e83-949f-4db1-858a-405ee65b8539/host
Oct 18 10:41:44 gtw01 dnsmasq-dhcp[28292]: read /var/lib/neutron/dhcp/8c260e83-949f-4db1-858a-405ee65b8539/opts
Oct 18 10:41:44 gtw01 dnsmasq[27925]: read /var/lib/neutron/dhcp/d26ac68f-9d16-49c3-889f-1d2184ba2f4f/addn_hosts - 2 addresses
Oct 18 10:41:44 gtw01 dnsmasq-dhcp[27925]: read /var/lib/neutron/dhcp/d26ac68f-9d16-49c3-889f-1d2184ba2f4f/host
Oct 18 10:41:44 gtw01 dnsmasq-dhcp[27925]: read /var/lib/neutron/dhcp/d26ac68f-9d16-49c3-889f-1d2184ba2f4f/opts
Oct 18 10:41:44 gtw01 haproxy-metadata-proxy-8c260e83-949f-4db1-858a-405ee65b8539[28314]: Proxy listener started.
Oct 18 10:41:45 gtw01 dnsmasq[28239]: read /var/lib/neutron/dhcp/9f8dcd66-87cb-4276-b9bf-411a3c4090d9/addn_hosts - 2 addresses
Oct 18 10:41:45 gtw01 dnsmasq-dhcp[28239]: read /var/lib/neutron/dhcp/9f8dcd66-87cb-4276-b9bf-411a3c4090d9/host
Oct 18 10:41:45 gtw01 dnsmasq-dhcp[28239]: read /var/lib/neutron/dhcp/9f8dcd66-87cb-4276-b9bf-411a3c4090d9/opts
Oct 18 10:41:45 gtw01 dnsmasq[28360]: started, version 2.80 cachesize 150
Oct 18 10:41:45 gtw01 dnsmasq[28360]: DNS service limited to local subnets
Oct 18 10:41:45 gtw01 dnsmasq[28360]: compile time options: IPv6 GNU-getopt DBus i18n IDN DHCP DHCPv6 no-Lua TFTP conntrack ipset auth DNSSEC loop-detect inotify dumpfile
Oct 18 10:41:45 gtw01 dnsmasq[28360]: warning: no upstream servers configured
Oct 18 10:41:45 gtw01 dnsmasq-dhcp[28360]: DHCP, static leases only on 192.168.120.0, lease time 1h
Oct 18 10:41:45 gtw01 dnsmasq[28360]: read /var/lib/neutron/dhcp/d0a1bcc1-aba2-433f-b1cf-017e63c9c325/addn_hosts - 2 addresses
Oct 18 10:41:45 gtw01 dnsmasq-dhcp[28360]: read /var/lib/neutron/dhcp/d0a1bcc1-aba2-433f-b1cf-017e63c9c325/host
Oct 18 10:41:45 gtw01 dnsmasq-dhcp[28360]: read /var/lib/neutron/dhcp/d0a1bcc1-aba2-433f-b1cf-017e63c9c325/opts
Oct 18 10:41:46 gtw01 dnsmasq[28384]: started, version 2.80 cachesize 150
Oct 18 10:41:46 gtw01 dnsmasq[28384]: DNS service limited to local subnets
Oct 18 10:41:46 gtw01 dnsmasq[28384]: compile time options: IPv6 GNU-getopt DBus i18n IDN DHCP DHCPv6 no-Lua TFTP conntrack ipset auth DNSSEC loop-detect inotify dumpfile
Oct 18 10:41:46 gtw01 dnsmasq[28384]: warning: no upstream servers configured
Oct 18 10:41:46 gtw01 dnsmasq-dhcp[28384]: DHCP, static leases only on 192.168.120.0, lease time 1h
Oct 18 10:41:46 gtw01 dnsmasq[28384]: read /var/lib/neutron/dhcp/2eb63305-dd2c-4b4f-9c09-742f2918867a/addn_hosts - 1 addresses
Oct 18 10:41:46 gtw01 dnsmasq-dhcp[28384]: read /var/lib/neutron/dhcp/2eb63305-dd2c-4b4f-9c09-742f2918867a/host
Oct 18 10:41:46 gtw01 dnsmasq-dhcp[28384]: read /var/lib/neutron/dhcp/2eb63305-dd2c-4b4f-9c09-742f2918867a/opts
Oct 18 10:41:46 gtw01 haproxy-metadata-proxy-d0a1bcc1-aba2-433f-b1cf-017e63c9c325[28385]: Proxy listener started.
Oct 18 10:41:47 gtw01 haproxy-metadata-proxy-2eb63305-dd2c-4b4f-9c09-742f2918867a[28410]: Proxy listener started.
Oct 18 10:41:47 gtw01 dnsmasq[28292]: read /var/lib/neutron/dhcp/8c260e83-949f-4db1-858a-405ee65b8539/addn_hosts - 2 addresses
Oct 18 10:41:47 gtw01 dnsmasq-dhcp[28292]: read /var/lib/neutron/dhcp/8c260e83-949f-4db1-858a-405ee65b8539/host
Oct 18 10:41:47 gtw01 dnsmasq-dhcp[28292]: read /var/lib/neutron/dhcp/8c260e83-949f-4db1-858a-405ee65b8539/opts
Oct 18 10:41:47 gtw01 dnsmasq[28423]: started, version 2.80 cachesize 150
Oct 18 10:41:47 gtw01 dnsmasq[28423]: DNS service limited to local subnets
Oct 18 10:41:47 gtw01 dnsmasq[28423]: compile time options: IPv6 GNU-getopt DBus i18n IDN DHCP DHCPv6 no-Lua TFTP conntrack ipset auth DNSSEC loop-detect inotify dumpfile
Oct 18 10:41:47 gtw01 dnsmasq[28423]: warning: no upstream servers configured
Oct 18 10:41:47 gtw01 dnsmasq-dhcp[28423]: DHCP, static leases only on 192.168.120.0, lease time 1h
Oct 18 10:41:47 gtw01 dnsmasq[28423]: read /var/lib/neutron/dhcp/faf7ce41-d026-4e10-b041-77601e921298/addn_hosts - 1 addresses
Oct 18 10:41:47 gtw01 dnsmasq-dhcp[28423]: read /var/lib/neutron/dhcp/faf7ce41-d026-4e10-b041-77601e921298/host
Oct 18 10:41:47 gtw01 dnsmasq-dhcp[28423]: read /var/lib/neutron/dhcp/faf7ce41-d026-4e10-b041-77601e921298/opts
Oct 18 10:41:48 gtw01 haproxy-metadata-proxy-faf7ce41-d026-4e10-b041-77601e921298[28450]: Proxy listener started.
Oct 18 10:41:48 gtw01 dnsmasq[26612]: read /var/lib/neutron/dhcp/522fc59d-940f-45e1-9c3d-701dc5a9d022/addn_hosts - 2 addresses
Oct 18 10:41:48 gtw01 dnsmasq-dhcp[26612]: read /var/lib/neutron/dhcp/522fc59d-940f-45e1-9c3d-701dc5a9d022/host
Oct 18 10:41:48 gtw01 dnsmasq-dhcp[26612]: read /var/lib/neutron/dhcp/522fc59d-940f-45e1-9c3d-701dc5a9d022/opts
Oct 18 10:41:48 gtw01 dnsmasq[26953]: read /var/lib/neutron/dhcp/c4175f9b-e019-45cf-84b5-db300eb7fc13/addn_hosts - 2 addresses
Oct 18 10:41:48 gtw01 dnsmasq-dhcp[26953]: read /var/lib/neutron/dhcp/c4175f9b-e019-45cf-84b5-db300eb7fc13/host
Oct 18 10:41:48 gtw01 dnsmasq-dhcp[26953]: read /var/lib/neutron/dhcp/c4175f9b-e019-45cf-84b5-db300eb7fc13/opts
Oct 18 10:41:48 gtw01 dnsmasq[28473]: started, version 2.80 cachesize 150
Oct 18 10:41:48 gtw01 dnsmasq[28473]: DNS service limited to local subnets
Oct 18 10:41:48 gtw01 dnsmasq[28473]: compile time options: IPv6 GNU-getopt DBus i18n IDN DHCP DHCPv6 no-Lua TFTP conntrack ipset auth DNSSEC loop-detect inotify dumpfile
Oct 18 10:41:48 gtw01 dnsmasq[28473]: warning: no upstream servers configured
Oct 18 10:41:48 gtw01 dnsmasq-dhcp[28473]: DHCP, static leases only on 192.168.120.0, lease time 1h
Oct 18 10:41:48 gtw01 dnsmasq[28473]: read /var/lib/neutron/dhcp/d21b993e-ec20-4a12-8bfc-697260b8be91/addn_hosts - 1 addresses
Oct 18 10:41:48 gtw01 dnsmasq-dhcp[28473]: read /var/lib/neutron/dhcp/d21b993e-ec20-4a12-8bfc-697260b8be91/host
Oct 18 10:41:48 gtw01 dnsmasq-dhcp[28473]: read /var/lib/neutron/dhcp/d21b993e-ec20-4a12-8bfc-697260b8be91/opts
Oct 18 10:41:48 gtw01 dnsmasq[28360]: read /var/lib/neutron/dhcp/d0a1bcc1-aba2-433f-b1cf-017e63c9c325/addn_hosts - 2 addresses
Oct 18 10:41:48 gtw01 dnsmasq-dhcp[28360]: read /var/lib/neutron/dhcp/d0a1bcc1-aba2-433f-b1cf-017e63c9c325/host
Oct 18 10:41:48 gtw01 dnsmasq-dhcp[28360]: read /var/lib/neutron/dhcp/d0a1bcc1-aba2-433f-b1cf-017e63c9c325/opts
Oct 18 10:41:49 gtw01 dnsmasq[28483]: started, version 2.80 cachesize 150
Oct 18 10:41:49 gtw01 dnsmasq[28483]: DNS service limited to local subnets
Oct 18 10:41:49 gtw01 dnsmasq[28483]: compile time options: IPv6 GNU-getopt DBus i18n IDN DHCP DHCPv6 no-Lua TFTP conntrack ipset auth DNSSEC loop-detect inotify dumpfile
Oct 18 10:41:49 gtw01 dnsmasq[28483]: warning: no upstream servers configured
Oct 18 10:41:49 gtw01 dnsmasq-dhcp[28483]: DHCP, static leases only on 192.168.120.0, lease time 1h
Oct 18 10:41:49 gtw01 dnsmasq[28483]: read /var/lib/neutron/dhcp/11f55c79-ae8b-4050-ae9b-d1601ed78ace/addn_hosts - 1 addresses
Oct 18 10:41:49 gtw01 dnsmasq-dhcp[28483]: read /var/lib/neutron/dhcp/11f55c79-ae8b-4050-ae9b-d1601ed78ace/host
Oct 18 10:41:49 gtw01 dnsmasq-dhcp[28483]: read /var/lib/neutron/dhcp/11f55c79-ae8b-4050-ae9b-d1601ed78ace/opts
Oct 18 10:41:49 gtw01 dnsmasq[28384]: read /var/lib/neutron/dhcp/2eb63305-dd2c-4b4f-9c09-742f2918867a/addn_hosts - 2 addresses
Oct 18 10:41:49 gtw01 dnsmasq-dhcp[28384]: read /var/lib/neutron/dhcp/2eb63305-dd2c-4b4f-9c09-742f2918867a/host
Oct 18 10:41:49 gtw01 dnsmasq-dhcp[28384]: read /var/lib/neutron/dhcp/2eb63305-dd2c-4b4f-9c09-742f2918867a/opts
Oct 18 10:41:49 gtw01 haproxy-metadata-proxy-d21b993e-ec20-4a12-8bfc-697260b8be91[28504]: Proxy listener started.
Oct 18 10:41:49 gtw01 haproxy-metadata-proxy-11f55c79-ae8b-4050-ae9b-d1601ed78ace[28510]: Proxy listener started.
Oct 18 10:41:50 gtw01 dnsmasq[28423]: read /var/lib/neutron/dhcp/faf7ce41-d026-4e10-b041-77601e921298/addn_hosts - 2 addresses
Oct 18 10:41:50 gtw01 dnsmasq-dhcp[28423]: read /var/lib/neutron/dhcp/faf7ce41-d026-4e10-b041-77601e921298/host
Oct 18 10:41:50 gtw01 dnsmasq-dhcp[28423]: read /var/lib/neutron/dhcp/faf7ce41-d026-4e10-b041-77601e921298/opts
Oct 18 10:41:51 gtw01 dnsmasq[26939]: read /var/lib/neutron/dhcp/3c753dd8-2417-4464-aca0-1d9f8704183d/addn_hosts - 2 addresses
Oct 18 10:41:51 gtw01 dnsmasq-dhcp[26939]: read /var/lib/neutron/dhcp/3c753dd8-2417-4464-aca0-1d9f8704183d/host
Oct 18 10:41:51 gtw01 dnsmasq-dhcp[26939]: read /var/lib/neutron/dhcp/3c753dd8-2417-4464-aca0-1d9f8704183d/opts
Oct 18 10:41:51 gtw01 dnsmasq[28473]: read /var/lib/neutron/dhcp/d21b993e-ec20-4a12-8bfc-697260b8be91/addn_hosts - 2 addresses
Oct 18 10:41:51 gtw01 dnsmasq-dhcp[28473]: read /var/lib/neutron/dhcp/d21b993e-ec20-4a12-8bfc-697260b8be91/host
Oct 18 10:41:51 gtw01 dnsmasq-dhcp[28473]: read /var/lib/neutron/dhcp/d21b993e-ec20-4a12-8bfc-697260b8be91/opts
Oct 18 10:41:51 gtw01 dnsmasq[28483]: read /var/lib/neutron/dhcp/11f55c79-ae8b-4050-ae9b-d1601ed78ace/addn_hosts - 2 addresses
Oct 18 10:41:51 gtw01 dnsmasq-dhcp[28483]: read /var/lib/neutron/dhcp/11f55c79-ae8b-4050-ae9b-d1601ed78ace/host
Oct 18 10:41:51 gtw01 dnsmasq-dhcp[28483]: read /var/lib/neutron/dhcp/11f55c79-ae8b-4050-ae9b-d1601ed78ace/opts
Oct 18 10:41:52 gtw01 dnsmasq[27040]: read /var/lib/neutron/dhcp/2c966da9-fc76-42c4-82c3-e7839bed50a4/addn_hosts - 2 addresses
Oct 18 10:41:52 gtw01 dnsmasq-dhcp[27040]: read /var/lib/neutron/dhcp/2c966da9-fc76-42c4-82c3-e7839bed50a4/host
Oct 18 10:41:52 gtw01 dnsmasq-dhcp[27040]: read /var/lib/neutron/dhcp/2c966da9-fc76-42c4-82c3-e7839bed50a4/opts
Oct 18 10:41:52 gtw01 kernel: [11337.235147] device tap9a7824e6-91 left promiscuous mode
Oct 18 10:41:52 gtw01 kernel: [11337.469173] device tapa6d2f7d1-77 left promiscuous mode
Oct 18 10:41:52 gtw01 kernel: [11337.500772] device tap25a8b9aa-04 left promiscuous mode
Oct 18 10:41:53 gtw01 dnsmasq[26741]: read /var/lib/neutron/dhcp/c52d639f-b119-474a-a313-7a801268275d/addn_hosts - 2 addresses
Oct 18 10:41:53 gtw01 dnsmasq-dhcp[26741]: read /var/lib/neutron/dhcp/c52d639f-b119-474a-a313-7a801268275d/host
Oct 18 10:41:53 gtw01 dnsmasq-dhcp[26741]: read /var/lib/neutron/dhcp/c52d639f-b119-474a-a313-7a801268275d/opts
Oct 18 10:41:54 gtw01 kernel: [11339.150051] device tapf3bd3507-84 left promiscuous mode
Oct 18 10:41:54 gtw01 dnsmasq[26953]: read /var/lib/neutron/dhcp/c4175f9b-e019-45cf-84b5-db300eb7fc13/addn_hosts - 2 addresses
Oct 18 10:41:54 gtw01 dnsmasq-dhcp[26953]: read /var/lib/neutron/dhcp/c4175f9b-e019-45cf-84b5-db300eb7fc13/host
Oct 18 10:41:54 gtw01 dnsmasq-dhcp[26953]: read /var/lib/neutron/dhcp/c4175f9b-e019-45cf-84b5-db300eb7fc13/opts
Oct 18 10:41:54 gtw01 dnsmasq[25561]: read /var/lib/neutron/dhcp/d166e417-806f-473b-8518-9490feaf3106/addn_hosts - 3 addresses
Oct 18 10:41:54 gtw01 dnsmasq-dhcp[25561]: read /var/lib/neutron/dhcp/d166e417-806f-473b-8518-9490feaf3106/host
Oct 18 10:41:54 gtw01 dnsmasq-dhcp[25561]: read /var/lib/neutron/dhcp/d166e417-806f-473b-8518-9490feaf3106/opts
Oct 18 10:41:54 gtw01 kernel: [11339.808394] device tap1d8a9d6c-70 left promiscuous mode
Oct 18 10:41:54 gtw01 dnsmasq[28360]: read /var/lib/neutron/dhcp/d0a1bcc1-aba2-433f-b1cf-017e63c9c325/addn_hosts - 2 addresses
Oct 18 10:41:54 gtw01 dnsmasq-dhcp[28360]: read /var/lib/neutron/dhcp/d0a1bcc1-aba2-433f-b1cf-017e63c9c325/host
Oct 18 10:41:54 gtw01 dnsmasq-dhcp[28360]: read /var/lib/neutron/dhcp/d0a1bcc1-aba2-433f-b1cf-017e63c9c325/opts
Oct 18 10:41:55 gtw01 kernel: [11340.278612] device tapc798cf43-b7 left promiscuous mode
Oct 18 10:41:56 gtw01 dnsmasq[27925]: read /var/lib/neutron/dhcp/d26ac68f-9d16-49c3-889f-1d2184ba2f4f/addn_hosts - 2 addresses
Oct 18 10:41:56 gtw01 dnsmasq-dhcp[27925]: read /var/lib/neutron/dhcp/d26ac68f-9d16-49c3-889f-1d2184ba2f4f/host
Oct 18 10:41:56 gtw01 dnsmasq-dhcp[27925]: read /var/lib/neutron/dhcp/d26ac68f-9d16-49c3-889f-1d2184ba2f4f/opts
Oct 18 10:41:56 gtw01 dnsmasq[28292]: read /var/lib/neutron/dhcp/8c260e83-949f-4db1-858a-405ee65b8539/addn_hosts - 2 addresses
Oct 18 10:41:56 gtw01 dnsmasq-dhcp[28292]: read /var/lib/neutron/dhcp/8c260e83-949f-4db1-858a-405ee65b8539/host
Oct 18 10:41:56 gtw01 dnsmasq-dhcp[28292]: read /var/lib/neutron/dhcp/8c260e83-949f-4db1-858a-405ee65b8539/opts
Oct 18 10:41:56 gtw01 dnsmasq[26741]: read /var/lib/neutron/dhcp/c52d639f-b119-474a-a313-7a801268275d/addn_hosts - 2 addresses
Oct 18 10:41:56 gtw01 dnsmasq-dhcp[26741]: read /var/lib/neutron/dhcp/c52d639f-b119-474a-a313-7a801268275d/host
Oct 18 10:41:56 gtw01 dnsmasq-dhcp[26741]: read /var/lib/neutron/dhcp/c52d639f-b119-474a-a313-7a801268275d/opts
Oct 18 10:41:57 gtw01 dnsmasq[26953]: read /var/lib/neutron/dhcp/c4175f9b-e019-45cf-84b5-db300eb7fc13/addn_hosts - 2 addresses
Oct 18 10:41:57 gtw01 dnsmasq-dhcp[26953]: read /var/lib/neutron/dhcp/c4175f9b-e019-45cf-84b5-db300eb7fc13/host
Oct 18 10:41:57 gtw01 dnsmasq-dhcp[26953]: read /var/lib/neutron/dhcp/c4175f9b-e019-45cf-84b5-db300eb7fc13/opts
Oct 18 10:41:57 gtw01 dnsmasq[28239]: read /var/lib/neutron/dhcp/9f8dcd66-87cb-4276-b9bf-411a3c4090d9/addn_hosts - 2 addresses
Oct 18 10:41:57 gtw01 dnsmasq-dhcp[28239]: read /var/lib/neutron/dhcp/9f8dcd66-87cb-4276-b9bf-411a3c4090d9/host
Oct 18 10:41:57 gtw01 dnsmasq-dhcp[28239]: read /var/lib/neutron/dhcp/9f8dcd66-87cb-4276-b9bf-411a3c4090d9/opts
Oct 18 10:41:57 gtw01 dnsmasq[28423]: read /var/lib/neutron/dhcp/faf7ce41-d026-4e10-b041-77601e921298/addn_hosts - 2 addresses
Oct 18 10:41:57 gtw01 dnsmasq-dhcp[28423]: read /var/lib/neutron/dhcp/faf7ce41-d026-4e10-b041-77601e921298/host
Oct 18 10:41:57 gtw01 dnsmasq-dhcp[28423]: read /var/lib/neutron/dhcp/faf7ce41-d026-4e10-b041-77601e921298/opts
Oct 18 10:41:57 gtw01 dnsmasq[28360]: read /var/lib/neutron/dhcp/d0a1bcc1-aba2-433f-b1cf-017e63c9c325/addn_hosts - 2 addresses
Oct 18 10:41:57 gtw01 dnsmasq-dhcp[28360]: read /var/lib/neutron/dhcp/d0a1bcc1-aba2-433f-b1cf-017e63c9c325/host
Oct 18 10:41:57 gtw01 dnsmasq-dhcp[28360]: read /var/lib/neutron/dhcp/d0a1bcc1-aba2-433f-b1cf-017e63c9c325/opts
Oct 18 10:41:58 gtw01 dnsmasq[28473]: read /var/lib/neutron/dhcp/d21b993e-ec20-4a12-8bfc-697260b8be91/addn_hosts - 2 addresses
Oct 18 10:41:58 gtw01 dnsmasq-dhcp[28473]: read /var/lib/neutron/dhcp/d21b993e-ec20-4a12-8bfc-697260b8be91/host
Oct 18 10:41:58 gtw01 dnsmasq-dhcp[28473]: read /var/lib/neutron/dhcp/d21b993e-ec20-4a12-8bfc-697260b8be91/opts
Oct 18 10:41:59 gtw01 dnsmasq[27925]: read /var/lib/neutron/dhcp/d26ac68f-9d16-49c3-889f-1d2184ba2f4f/addn_hosts - 2 addresses
Oct 18 10:41:59 gtw01 dnsmasq-dhcp[27925]: read /var/lib/neutron/dhcp/d26ac68f-9d16-49c3-889f-1d2184ba2f4f/host
Oct 18 10:41:59 gtw01 dnsmasq-dhcp[27925]: read /var/lib/neutron/dhcp/d26ac68f-9d16-49c3-889f-1d2184ba2f4f/opts
Oct 18 10:41:59 gtw01 dnsmasq[28384]: read /var/lib/neutron/dhcp/2eb63305-dd2c-4b4f-9c09-742f2918867a/addn_hosts - 2 addresses
Oct 18 10:41:59 gtw01 dnsmasq-dhcp[28384]: read /var/lib/neutron/dhcp/2eb63305-dd2c-4b4f-9c09-742f2918867a/host
Oct 18 10:41:59 gtw01 dnsmasq-dhcp[28384]: read /var/lib/neutron/dhcp/2eb63305-dd2c-4b4f-9c09-742f2918867a/opts
Oct 18 10:42:00 gtw01 dnsmasq[28239]: read /var/lib/neutron/dhcp/9f8dcd66-87cb-4276-b9bf-411a3c4090d9/addn_hosts - 2 addresses
Oct 18 10:42:00 gtw01 dnsmasq-dhcp[28239]: read /var/lib/neutron/dhcp/9f8dcd66-87cb-4276-b9bf-411a3c4090d9/host
Oct 18 10:42:00 gtw01 dnsmasq-dhcp[28239]: read /var/lib/neutron/dhcp/9f8dcd66-87cb-4276-b9bf-411a3c4090d9/opts
Oct 18 10:42:00 gtw01 dnsmasq[28483]: read /var/lib/neutron/dhcp/11f55c79-ae8b-4050-ae9b-d1601ed78ace/addn_hosts - 2 addresses
Oct 18 10:42:00 gtw01 dnsmasq-dhcp[28483]: read /var/lib/neutron/dhcp/11f55c79-ae8b-4050-ae9b-d1601ed78ace/host
Oct 18 10:42:00 gtw01 dnsmasq-dhcp[28483]: read /var/lib/neutron/dhcp/11f55c79-ae8b-4050-ae9b-d1601ed78ace/opts
Oct 18 10:42:00 gtw01 dnsmasq[28360]: read /var/lib/neutron/dhcp/d0a1bcc1-aba2-433f-b1cf-017e63c9c325/addn_hosts - 2 addresses
Oct 18 10:42:00 gtw01 dnsmasq-dhcp[28360]: read /var/lib/neutron/dhcp/d0a1bcc1-aba2-433f-b1cf-017e63c9c325/host
Oct 18 10:42:00 gtw01 dnsmasq-dhcp[28360]: read /var/lib/neutron/dhcp/d0a1bcc1-aba2-433f-b1cf-017e63c9c325/opts
Oct 18 10:42:00 gtw01 dnsmasq[28423]: read /var/lib/neutron/dhcp/faf7ce41-d026-4e10-b041-77601e921298/addn_hosts - 2 addresses
Oct 18 10:42:00 gtw01 dnsmasq-dhcp[28423]: read /var/lib/neutron/dhcp/faf7ce41-d026-4e10-b041-77601e921298/host
Oct 18 10:42:00 gtw01 dnsmasq-dhcp[28423]: read /var/lib/neutron/dhcp/faf7ce41-d026-4e10-b041-77601e921298/opts
Oct 18 10:42:01 gtw01 dnsmasq[28292]: read /var/lib/neutron/dhcp/8c260e83-949f-4db1-858a-405ee65b8539/addn_hosts - 2 addresses
Oct 18 10:42:01 gtw01 dnsmasq-dhcp[28292]: read /var/lib/neutron/dhcp/8c260e83-949f-4db1-858a-405ee65b8539/host
Oct 18 10:42:01 gtw01 dnsmasq-dhcp[28292]: read /var/lib/neutron/dhcp/8c260e83-949f-4db1-858a-405ee65b8539/opts
Oct 18 10:42:01 gtw01 dnsmasq[28473]: read /var/lib/neutron/dhcp/d21b993e-ec20-4a12-8bfc-697260b8be91/addn_hosts - 2 addresses
Oct 18 10:42:01 gtw01 dnsmasq-dhcp[28473]: read /var/lib/neutron/dhcp/d21b993e-ec20-4a12-8bfc-697260b8be91/host
Oct 18 10:42:01 gtw01 dnsmasq-dhcp[28473]: read /var/lib/neutron/dhcp/d21b993e-ec20-4a12-8bfc-697260b8be91/opts
Oct 18 10:42:02 gtw01 dnsmasq[27925]: read /var/lib/neutron/dhcp/d26ac68f-9d16-49c3-889f-1d2184ba2f4f/addn_hosts - 2 addresses
Oct 18 10:42:02 gtw01 dnsmasq-dhcp[27925]: read /var/lib/neutron/dhcp/d26ac68f-9d16-49c3-889f-1d2184ba2f4f/host
Oct 18 10:42:02 gtw01 dnsmasq-dhcp[27925]: read /var/lib/neutron/dhcp/d26ac68f-9d16-49c3-889f-1d2184ba2f4f/opts
Oct 18 10:42:03 gtw01 dnsmasq[28384]: read /var/lib/neutron/dhcp/2eb63305-dd2c-4b4f-9c09-742f2918867a/addn_hosts - 2 addresses
Oct 18 10:42:03 gtw01 dnsmasq-dhcp[28384]: read /var/lib/neutron/dhcp/2eb63305-dd2c-4b4f-9c09-742f2918867a/host
Oct 18 10:42:03 gtw01 dnsmasq-dhcp[28384]: read /var/lib/neutron/dhcp/2eb63305-dd2c-4b4f-9c09-742f2918867a/opts
Oct 18 10:42:03 gtw01 dnsmasq[28483]: read /var/lib/neutron/dhcp/11f55c79-ae8b-4050-ae9b-d1601ed78ace/addn_hosts - 2 addresses
Oct 18 10:42:03 gtw01 dnsmasq-dhcp[28483]: read /var/lib/neutron/dhcp/11f55c79-ae8b-4050-ae9b-d1601ed78ace/host
Oct 18 10:42:03 gtw01 dnsmasq-dhcp[28483]: read /var/lib/neutron/dhcp/11f55c79-ae8b-4050-ae9b-d1601ed78ace/opts
Oct 18 10:42:04 gtw01 dnsmasq[28239]: read /var/lib/neutron/dhcp/9f8dcd66-87cb-4276-b9bf-411a3c4090d9/addn_hosts - 2 addresses
Oct 18 10:42:04 gtw01 dnsmasq-dhcp[28239]: read /var/lib/neutron/dhcp/9f8dcd66-87cb-4276-b9bf-411a3c4090d9/host
Oct 18 10:42:04 gtw01 dnsmasq-dhcp[28239]: read /var/lib/neutron/dhcp/9f8dcd66-87cb-4276-b9bf-411a3c4090d9/opts
Oct 18 10:42:04 gtw01 dnsmasq[28423]: read /var/lib/neutron/dhcp/faf7ce41-d026-4e10-b041-77601e921298/addn_hosts - 2 addresses
Oct 18 10:42:04 gtw01 dnsmasq-dhcp[28423]: read /var/lib/neutron/dhcp/faf7ce41-d026-4e10-b041-77601e921298/host
Oct 18 10:42:04 gtw01 dnsmasq-dhcp[28423]: read /var/lib/neutron/dhcp/faf7ce41-d026-4e10-b041-77601e921298/opts
Oct 18 10:42:05 gtw01 kernel: [11350.395537] device tap23c77e6d-36 left promiscuous mode
Oct 18 10:42:05 gtw01 dnsmasq[28292]: read /var/lib/neutron/dhcp/8c260e83-949f-4db1-858a-405ee65b8539/addn_hosts - 2 addresses
Oct 18 10:42:05 gtw01 dnsmasq-dhcp[28292]: read /var/lib/neutron/dhcp/8c260e83-949f-4db1-858a-405ee65b8539/host
Oct 18 10:42:05 gtw01 dnsmasq-dhcp[28292]: read /var/lib/neutron/dhcp/8c260e83-949f-4db1-858a-405ee65b8539/opts
Oct 18 10:42:05 gtw01 dnsmasq[28473]: read /var/lib/neutron/dhcp/d21b993e-ec20-4a12-8bfc-697260b8be91/addn_hosts - 2 addresses
Oct 18 10:42:05 gtw01 dnsmasq-dhcp[28473]: read /var/lib/neutron/dhcp/d21b993e-ec20-4a12-8bfc-697260b8be91/host
Oct 18 10:42:05 gtw01 dnsmasq-dhcp[28473]: read /var/lib/neutron/dhcp/d21b993e-ec20-4a12-8bfc-697260b8be91/opts
Oct 18 10:42:06 gtw01 dnsmasq[28384]: read /var/lib/neutron/dhcp/2eb63305-dd2c-4b4f-9c09-742f2918867a/addn_hosts - 2 addresses
Oct 18 10:42:06 gtw01 dnsmasq-dhcp[28384]: read /var/lib/neutron/dhcp/2eb63305-dd2c-4b4f-9c09-742f2918867a/host
Oct 18 10:42:06 gtw01 dnsmasq-dhcp[28384]: read /var/lib/neutron/dhcp/2eb63305-dd2c-4b4f-9c09-742f2918867a/opts
Oct 18 10:42:06 gtw01 dnsmasq[26953]: read /var/lib/neutron/dhcp/c4175f9b-e019-45cf-84b5-db300eb7fc13/addn_hosts - 3 addresses
Oct 18 10:42:06 gtw01 dnsmasq-dhcp[26953]: read /var/lib/neutron/dhcp/c4175f9b-e019-45cf-84b5-db300eb7fc13/host
Oct 18 10:42:06 gtw01 dnsmasq-dhcp[26953]: read /var/lib/neutron/dhcp/c4175f9b-e019-45cf-84b5-db300eb7fc13/opts
Oct 18 10:42:06 gtw01 dnsmasq[28483]: read /var/lib/neutron/dhcp/11f55c79-ae8b-4050-ae9b-d1601ed78ace/addn_hosts - 2 addresses
Oct 18 10:42:06 gtw01 dnsmasq-dhcp[28483]: read /var/lib/neutron/dhcp/11f55c79-ae8b-4050-ae9b-d1601ed78ace/host
Oct 18 10:42:06 gtw01 dnsmasq-dhcp[28483]: read /var/lib/neutron/dhcp/11f55c79-ae8b-4050-ae9b-d1601ed78ace/opts
Oct 18 10:42:07 gtw01 dnsmasq[26741]: read /var/lib/neutron/dhcp/c52d639f-b119-474a-a313-7a801268275d/addn_hosts - 3 addresses
Oct 18 10:42:07 gtw01 dnsmasq-dhcp[26741]: read /var/lib/neutron/dhcp/c52d639f-b119-474a-a313-7a801268275d/host
Oct 18 10:42:07 gtw01 dnsmasq-dhcp[26741]: read /var/lib/neutron/dhcp/c52d639f-b119-474a-a313-7a801268275d/opts
Oct 18 10:42:08 gtw01 kernel: [11353.015636] device tap923614f4-48 left promiscuous mode
Oct 18 10:42:08 gtw01 dnsmasq[25561]: read /var/lib/neutron/dhcp/d166e417-806f-473b-8518-9490feaf3106/addn_hosts - 3 addresses
Oct 18 10:42:08 gtw01 dnsmasq-dhcp[25561]: read /var/lib/neutron/dhcp/d166e417-806f-473b-8518-9490feaf3106/host
Oct 18 10:42:08 gtw01 dnsmasq-dhcp[25561]: read /var/lib/neutron/dhcp/d166e417-806f-473b-8518-9490feaf3106/opts
Oct 18 10:42:08 gtw01 dnsmasq[27925]: read /var/lib/neutron/dhcp/d26ac68f-9d16-49c3-889f-1d2184ba2f4f/addn_hosts - 2 addresses
Oct 18 10:42:08 gtw01 dnsmasq-dhcp[27925]: read /var/lib/neutron/dhcp/d26ac68f-9d16-49c3-889f-1d2184ba2f4f/host
