Oct 18 11:50:29 gtw01 systemd-udevd[14162]: Could not generate persistent MAC address for tap8de59d14-dc: No such file or directory
Oct 18 11:50:29 gtw01 systemd-udevd[14233]: Process '/sbin/ip link set tap8de59d14-dc txqueuelen 10000' failed with exit code 1.
Oct 18 11:50:30 gtw01 dnsmasq[14278]: started, version 2.80 cachesize 150
Oct 18 11:50:30 gtw01 dnsmasq[14278]: DNS service limited to local subnets
Oct 18 11:50:30 gtw01 dnsmasq[14278]: compile time options: IPv6 GNU-getopt DBus i18n IDN DHCP DHCPv6 no-Lua TFTP conntrack ipset auth DNSSEC loop-detect inotify dumpfile
Oct 18 11:50:30 gtw01 dnsmasq[14278]: warning: no upstream servers configured
Oct 18 11:50:30 gtw01 dnsmasq-dhcp[14278]: DHCP, static leases only on 10.2.36.0, lease time 1h
Oct 18 11:50:30 gtw01 dnsmasq[14278]: read /var/lib/neutron/dhcp/d36a163a-cd77-461e-9245-81f1aecf396d/addn_hosts - 1 addresses
Oct 18 11:50:30 gtw01 dnsmasq-dhcp[14278]: read /var/lib/neutron/dhcp/d36a163a-cd77-461e-9245-81f1aecf396d/host
Oct 18 11:50:30 gtw01 dnsmasq-dhcp[14278]: read /var/lib/neutron/dhcp/d36a163a-cd77-461e-9245-81f1aecf396d/opts
Oct 18 11:50:30 gtw01 haproxy-metadata-proxy-d36a163a-cd77-461e-9245-81f1aecf396d[14291]: Proxy listener started.
Oct 18 11:50:31 gtw01 dnsmasq[14278]: read /var/lib/neutron/dhcp/d36a163a-cd77-461e-9245-81f1aecf396d/addn_hosts - 1 addresses
Oct 18 11:50:31 gtw01 dnsmasq-dhcp[14278]: read /var/lib/neutron/dhcp/d36a163a-cd77-461e-9245-81f1aecf396d/host
Oct 18 11:50:31 gtw01 dnsmasq-dhcp[14278]: read /var/lib/neutron/dhcp/d36a163a-cd77-461e-9245-81f1aecf396d/opts
Oct 18 11:50:32 gtw01 dnsmasq[14366]: started, version 2.80 cachesize 150
Oct 18 11:50:32 gtw01 dnsmasq[14366]: DNS service limited to local subnets
Oct 18 11:50:32 gtw01 dnsmasq[14366]: compile time options: IPv6 GNU-getopt DBus i18n IDN DHCP DHCPv6 no-Lua TFTP conntrack ipset auth DNSSEC loop-detect inotify dumpfile
Oct 18 11:50:32 gtw01 dnsmasq[14366]: warning: no upstream servers configured
Oct 18 11:50:32 gtw01 dnsmasq-dhcp[14366]: DHCP, static leases only on 10.2.37.0, lease time 1h
Oct 18 11:50:32 gtw01 dnsmasq[14366]: read /var/lib/neutron/dhcp/8284e9f2-5833-4755-aaa4-aba22a35a783/addn_hosts - 1 addresses
Oct 18 11:50:32 gtw01 dnsmasq-dhcp[14366]: read /var/lib/neutron/dhcp/8284e9f2-5833-4755-aaa4-aba22a35a783/host
Oct 18 11:50:32 gtw01 dnsmasq-dhcp[14366]: read /var/lib/neutron/dhcp/8284e9f2-5833-4755-aaa4-aba22a35a783/opts
Oct 18 11:50:33 gtw01 haproxy-metadata-proxy-8284e9f2-5833-4755-aaa4-aba22a35a783[14379]: Proxy listener started.
Oct 18 11:50:33 gtw01 dnsmasq[14278]: read /var/lib/neutron/dhcp/d36a163a-cd77-461e-9245-81f1aecf396d/addn_hosts - 1 addresses
Oct 18 11:50:33 gtw01 dnsmasq-dhcp[14278]: read /var/lib/neutron/dhcp/d36a163a-cd77-461e-9245-81f1aecf396d/host
Oct 18 11:50:33 gtw01 dnsmasq-dhcp[14278]: read /var/lib/neutron/dhcp/d36a163a-cd77-461e-9245-81f1aecf396d/opts
Oct 18 11:50:33 gtw01 dnsmasq[14395]: started, version 2.80 cachesize 150
Oct 18 11:50:33 gtw01 dnsmasq[14395]: DNS service limited to local subnets
Oct 18 11:50:33 gtw01 dnsmasq[14395]: compile time options: IPv6 GNU-getopt DBus i18n IDN DHCP DHCPv6 no-Lua TFTP conntrack ipset auth DNSSEC loop-detect inotify dumpfile
Oct 18 11:50:33 gtw01 dnsmasq[14395]: warning: no upstream servers configured
Oct 18 11:50:33 gtw01 dnsmasq-dhcp[14395]: DHCP, static leases only on 10.2.38.0, lease time 1h
Oct 18 11:50:33 gtw01 dnsmasq[14395]: read /var/lib/neutron/dhcp/071d8e0e-3f2a-494b-8281-52d0e3e5444c/addn_hosts - 1 addresses
Oct 18 11:50:33 gtw01 dnsmasq-dhcp[14395]: read /var/lib/neutron/dhcp/071d8e0e-3f2a-494b-8281-52d0e3e5444c/host
Oct 18 11:50:33 gtw01 dnsmasq-dhcp[14395]: read /var/lib/neutron/dhcp/071d8e0e-3f2a-494b-8281-52d0e3e5444c/opts
Oct 18 11:50:34 gtw01 dnsmasq[14366]: read /var/lib/neutron/dhcp/8284e9f2-5833-4755-aaa4-aba22a35a783/addn_hosts - 1 addresses
Oct 18 11:50:34 gtw01 dnsmasq-dhcp[14366]: read /var/lib/neutron/dhcp/8284e9f2-5833-4755-aaa4-aba22a35a783/host
Oct 18 11:50:34 gtw01 dnsmasq-dhcp[14366]: read /var/lib/neutron/dhcp/8284e9f2-5833-4755-aaa4-aba22a35a783/opts
Oct 18 11:50:34 gtw01 haproxy-metadata-proxy-071d8e0e-3f2a-494b-8281-52d0e3e5444c[14406]: Proxy listener started.
Oct 18 11:50:34 gtw01 dnsmasq[14395]: read /var/lib/neutron/dhcp/071d8e0e-3f2a-494b-8281-52d0e3e5444c/addn_hosts - 1 addresses
Oct 18 11:50:34 gtw01 dnsmasq-dhcp[14395]: read /var/lib/neutron/dhcp/071d8e0e-3f2a-494b-8281-52d0e3e5444c/host
Oct 18 11:50:34 gtw01 dnsmasq-dhcp[14395]: read /var/lib/neutron/dhcp/071d8e0e-3f2a-494b-8281-52d0e3e5444c/opts
Oct 18 11:50:35 gtw01 kernel: [15460.541802] device tape3fba9dd-19 left promiscuous mode
Oct 18 11:50:35 gtw01 dnsmasq[14366]: read /var/lib/neutron/dhcp/8284e9f2-5833-4755-aaa4-aba22a35a783/addn_hosts - 1 addresses
Oct 18 11:50:35 gtw01 dnsmasq-dhcp[14366]: read /var/lib/neutron/dhcp/8284e9f2-5833-4755-aaa4-aba22a35a783/host
Oct 18 11:50:35 gtw01 dnsmasq-dhcp[14366]: read /var/lib/neutron/dhcp/8284e9f2-5833-4755-aaa4-aba22a35a783/opts
Oct 18 11:50:36 gtw01 dnsmasq[14395]: read /var/lib/neutron/dhcp/071d8e0e-3f2a-494b-8281-52d0e3e5444c/addn_hosts - 1 addresses
Oct 18 11:50:36 gtw01 dnsmasq-dhcp[14395]: read /var/lib/neutron/dhcp/071d8e0e-3f2a-494b-8281-52d0e3e5444c/host
Oct 18 11:50:36 gtw01 dnsmasq-dhcp[14395]: read /var/lib/neutron/dhcp/071d8e0e-3f2a-494b-8281-52d0e3e5444c/opts
Oct 18 11:50:36 gtw01 dnsmasq[14366]: read /var/lib/neutron/dhcp/8284e9f2-5833-4755-aaa4-aba22a35a783/addn_hosts - 1 addresses
Oct 18 11:50:36 gtw01 dnsmasq-dhcp[14366]: read /var/lib/neutron/dhcp/8284e9f2-5833-4755-aaa4-aba22a35a783/host
Oct 18 11:50:36 gtw01 dnsmasq-dhcp[14366]: read /var/lib/neutron/dhcp/8284e9f2-5833-4755-aaa4-aba22a35a783/opts
Oct 18 11:50:37 gtw01 dnsmasq[14395]: read /var/lib/neutron/dhcp/071d8e0e-3f2a-494b-8281-52d0e3e5444c/addn_hosts - 1 addresses
Oct 18 11:50:37 gtw01 dnsmasq-dhcp[14395]: read /var/lib/neutron/dhcp/071d8e0e-3f2a-494b-8281-52d0e3e5444c/host
Oct 18 11:50:37 gtw01 dnsmasq-dhcp[14395]: read /var/lib/neutron/dhcp/071d8e0e-3f2a-494b-8281-52d0e3e5444c/opts
Oct 18 11:50:38 gtw01 dnsmasq[14366]: read /var/lib/neutron/dhcp/8284e9f2-5833-4755-aaa4-aba22a35a783/addn_hosts - 1 addresses
Oct 18 11:50:38 gtw01 dnsmasq-dhcp[14366]: read /var/lib/neutron/dhcp/8284e9f2-5833-4755-aaa4-aba22a35a783/host
Oct 18 11:50:38 gtw01 dnsmasq-dhcp[14366]: read /var/lib/neutron/dhcp/8284e9f2-5833-4755-aaa4-aba22a35a783/opts
Oct 18 11:50:38 gtw01 dnsmasq[14395]: read /var/lib/neutron/dhcp/071d8e0e-3f2a-494b-8281-52d0e3e5444c/addn_hosts - 1 addresses
Oct 18 11:50:38 gtw01 dnsmasq-dhcp[14395]: read /var/lib/neutron/dhcp/071d8e0e-3f2a-494b-8281-52d0e3e5444c/host
Oct 18 11:50:38 gtw01 dnsmasq-dhcp[14395]: read /var/lib/neutron/dhcp/071d8e0e-3f2a-494b-8281-52d0e3e5444c/opts
Oct 18 11:50:39 gtw01 dnsmasq[14366]: read /var/lib/neutron/dhcp/8284e9f2-5833-4755-aaa4-aba22a35a783/addn_hosts - 1 addresses
Oct 18 11:50:39 gtw01 dnsmasq-dhcp[14366]: read /var/lib/neutron/dhcp/8284e9f2-5833-4755-aaa4-aba22a35a783/host
Oct 18 11:50:39 gtw01 dnsmasq-dhcp[14366]: read /var/lib/neutron/dhcp/8284e9f2-5833-4755-aaa4-aba22a35a783/opts
Oct 18 11:50:40 gtw01 dnsmasq[14366]: read /var/lib/neutron/dhcp/8284e9f2-5833-4755-aaa4-aba22a35a783/addn_hosts - 1 addresses
Oct 18 11:50:40 gtw01 dnsmasq-dhcp[14366]: read /var/lib/neutron/dhcp/8284e9f2-5833-4755-aaa4-aba22a35a783/host
Oct 18 11:50:40 gtw01 dnsmasq-dhcp[14366]: read /var/lib/neutron/dhcp/8284e9f2-5833-4755-aaa4-aba22a35a783/opts
Oct 18 11:50:42 gtw01 dnsmasq[14366]: read /var/lib/neutron/dhcp/8284e9f2-5833-4755-aaa4-aba22a35a783/addn_hosts - 1 addresses
Oct 18 11:50:42 gtw01 dnsmasq-dhcp[14366]: read /var/lib/neutron/dhcp/8284e9f2-5833-4755-aaa4-aba22a35a783/host
Oct 18 11:50:42 gtw01 dnsmasq-dhcp[14366]: read /var/lib/neutron/dhcp/8284e9f2-5833-4755-aaa4-aba22a35a783/opts
Oct 18 11:50:43 gtw01 dnsmasq[14366]: read /var/lib/neutron/dhcp/8284e9f2-5833-4755-aaa4-aba22a35a783/addn_hosts - 1 addresses
Oct 18 11:50:43 gtw01 dnsmasq-dhcp[14366]: read /var/lib/neutron/dhcp/8284e9f2-5833-4755-aaa4-aba22a35a783/host
Oct 18 11:50:43 gtw01 dnsmasq-dhcp[14366]: read /var/lib/neutron/dhcp/8284e9f2-5833-4755-aaa4-aba22a35a783/opts
Oct 18 11:50:44 gtw01 dnsmasq[14366]: read /var/lib/neutron/dhcp/8284e9f2-5833-4755-aaa4-aba22a35a783/addn_hosts - 1 addresses
Oct 18 11:50:44 gtw01 dnsmasq-dhcp[14366]: read /var/lib/neutron/dhcp/8284e9f2-5833-4755-aaa4-aba22a35a783/host
Oct 18 11:50:44 gtw01 dnsmasq-dhcp[14366]: read /var/lib/neutron/dhcp/8284e9f2-5833-4755-aaa4-aba22a35a783/opts
Oct 18 11:51:00 gtw01 dnsmasq[14366]: read /var/lib/neutron/dhcp/8284e9f2-5833-4755-aaa4-aba22a35a783/addn_hosts - 1 addresses
Oct 18 11:51:00 gtw01 dnsmasq-dhcp[14366]: read /var/lib/neutron/dhcp/8284e9f2-5833-4755-aaa4-aba22a35a783/host
Oct 18 11:51:00 gtw01 dnsmasq-dhcp[14366]: read /var/lib/neutron/dhcp/8284e9f2-5833-4755-aaa4-aba22a35a783/opts
Oct 18 11:51:01 gtw01 kernel: [15486.085823] device tap7f700051-7a left promiscuous mode
Oct 18 11:51:03 gtw01 dnsmasq[14395]: read /var/lib/neutron/dhcp/071d8e0e-3f2a-494b-8281-52d0e3e5444c/addn_hosts - 1 addresses
Oct 18 11:51:03 gtw01 dnsmasq-dhcp[14395]: read /var/lib/neutron/dhcp/071d8e0e-3f2a-494b-8281-52d0e3e5444c/host
Oct 18 11:51:03 gtw01 dnsmasq-dhcp[14395]: read /var/lib/neutron/dhcp/071d8e0e-3f2a-494b-8281-52d0e3e5444c/opts
Oct 18 11:51:04 gtw01 kernel: [15489.572329] device tap8de59d14-dc left promiscuous mode
Oct 18 11:52:06 gtw01 kernel: [15551.348338] device tap14a8cce0-86 entered promiscuous mode
Oct 18 11:52:06 gtw01 systemd-udevd[14698]: Could not generate persistent MAC address for tap14a8cce0-86: No such file or directory
Oct 18 11:52:06 gtw01 systemd-udevd[14698]: Process '/sbin/ip link set tap14a8cce0-86 txqueuelen 10000' failed with exit code 1.
Oct 18 11:52:06 gtw01 systemd-udevd[14698]: Process '/sbin/ip link set tap14a8cce0-86 txqueuelen 10000' failed with exit code 1.
Oct 18 11:52:07 gtw01 systemd-udevd[14818]: Could not generate persistent MAC address for tap5f28ff0e-d3: No such file or directory
Oct 18 11:52:07 gtw01 kernel: [15552.855703] device tap5f28ff0e-d3 entered promiscuous mode
Oct 18 11:52:07 gtw01 systemd-udevd[14818]: Process '/sbin/ip link set tap5f28ff0e-d3 txqueuelen 10000' failed with exit code 1.
Oct 18 11:52:08 gtw01 systemd-udevd[14890]: Process '/sbin/ip link set tap5f28ff0e-d3 txqueuelen 10000' failed with exit code 1.
Oct 18 11:52:09 gtw01 kernel: [15554.660878] device tap41df3807-35 entered promiscuous mode
Oct 18 11:52:09 gtw01 systemd-udevd[14964]: Could not generate persistent MAC address for tap41df3807-35: No such file or directory
Oct 18 11:52:09 gtw01 systemd-udevd[14964]: Process '/sbin/ip link set tap41df3807-35 txqueuelen 10000' failed with exit code 1.
Oct 18 11:52:09 gtw01 systemd-udevd[15041]: Process '/sbin/ip link set tap41df3807-35 txqueuelen 10000' failed with exit code 1.
Oct 18 11:52:10 gtw01 dnsmasq[15077]: started, version 2.80 cachesize 150
Oct 18 11:52:10 gtw01 dnsmasq[15077]: DNS service limited to local subnets
Oct 18 11:52:10 gtw01 dnsmasq[15077]: compile time options: IPv6 GNU-getopt DBus i18n IDN DHCP DHCPv6 no-Lua TFTP conntrack ipset auth DNSSEC loop-detect inotify dumpfile
Oct 18 11:52:10 gtw01 dnsmasq[15077]: warning: no upstream servers configured
Oct 18 11:52:10 gtw01 dnsmasq-dhcp[15077]: DHCP, static leases only on 10.2.49.0, lease time 1h
Oct 18 11:52:10 gtw01 dnsmasq[15077]: read /var/lib/neutron/dhcp/a28c98bf-425f-4a67-881a-67a7e5fa90c9/addn_hosts - 1 addresses
Oct 18 11:52:10 gtw01 dnsmasq-dhcp[15077]: read /var/lib/neutron/dhcp/a28c98bf-425f-4a67-881a-67a7e5fa90c9/host
Oct 18 11:52:10 gtw01 dnsmasq-dhcp[15077]: read /var/lib/neutron/dhcp/a28c98bf-425f-4a67-881a-67a7e5fa90c9/opts
Oct 18 11:52:10 gtw01 haproxy-metadata-proxy-a28c98bf-425f-4a67-881a-67a7e5fa90c9[15085]: Proxy listener started.
Oct 18 11:52:11 gtw01 dnsmasq[15077]: read /var/lib/neutron/dhcp/a28c98bf-425f-4a67-881a-67a7e5fa90c9/addn_hosts - 5 addresses
Oct 18 11:52:11 gtw01 dnsmasq-dhcp[15077]: read /var/lib/neutron/dhcp/a28c98bf-425f-4a67-881a-67a7e5fa90c9/host
Oct 18 11:52:11 gtw01 dnsmasq-dhcp[15077]: read /var/lib/neutron/dhcp/a28c98bf-425f-4a67-881a-67a7e5fa90c9/opts
Oct 18 11:52:12 gtw01 dnsmasq[15152]: started, version 2.80 cachesize 150
Oct 18 11:52:12 gtw01 dnsmasq[15152]: DNS service limited to local subnets
Oct 18 11:52:12 gtw01 dnsmasq[15152]: compile time options: IPv6 GNU-getopt DBus i18n IDN DHCP DHCPv6 no-Lua TFTP conntrack ipset auth DNSSEC loop-detect inotify dumpfile
Oct 18 11:52:12 gtw01 dnsmasq[15152]: warning: no upstream servers configured
Oct 18 11:52:12 gtw01 dnsmasq-dhcp[15152]: DHCP, static leases only on 10.2.50.0, lease time 1h
Oct 18 11:52:12 gtw01 dnsmasq[15152]: read /var/lib/neutron/dhcp/87fdb5f7-e4fd-4a51-93a6-629656116bce/addn_hosts - 1 addresses
Oct 18 11:52:12 gtw01 dnsmasq-dhcp[15152]: read /var/lib/neutron/dhcp/87fdb5f7-e4fd-4a51-93a6-629656116bce/host
Oct 18 11:52:12 gtw01 dnsmasq-dhcp[15152]: read /var/lib/neutron/dhcp/87fdb5f7-e4fd-4a51-93a6-629656116bce/opts
Oct 18 11:52:13 gtw01 haproxy-metadata-proxy-87fdb5f7-e4fd-4a51-93a6-629656116bce[15162]: Proxy listener started.
Oct 18 11:52:13 gtw01 dnsmasq[15077]: read /var/lib/neutron/dhcp/a28c98bf-425f-4a67-881a-67a7e5fa90c9/addn_hosts - 5 addresses
Oct 18 11:52:13 gtw01 dnsmasq-dhcp[15077]: read /var/lib/neutron/dhcp/a28c98bf-425f-4a67-881a-67a7e5fa90c9/host
Oct 18 11:52:13 gtw01 dnsmasq-dhcp[15077]: read /var/lib/neutron/dhcp/a28c98bf-425f-4a67-881a-67a7e5fa90c9/opts
Oct 18 11:52:13 gtw01 dnsmasq[15152]: read /var/lib/neutron/dhcp/87fdb5f7-e4fd-4a51-93a6-629656116bce/addn_hosts - 3 addresses
Oct 18 11:52:13 gtw01 dnsmasq-dhcp[15152]: read /var/lib/neutron/dhcp/87fdb5f7-e4fd-4a51-93a6-629656116bce/host
Oct 18 11:52:13 gtw01 dnsmasq-dhcp[15152]: read /var/lib/neutron/dhcp/87fdb5f7-e4fd-4a51-93a6-629656116bce/opts
Oct 18 11:52:14 gtw01 dnsmasq[15204]: started, version 2.80 cachesize 150
Oct 18 11:52:14 gtw01 dnsmasq[15204]: DNS service limited to local subnets
Oct 18 11:52:14 gtw01 dnsmasq[15204]: compile time options: IPv6 GNU-getopt DBus i18n IDN DHCP DHCPv6 no-Lua TFTP conntrack ipset auth DNSSEC loop-detect inotify dumpfile
Oct 18 11:52:14 gtw01 dnsmasq[15204]: warning: no upstream servers configured
Oct 18 11:52:14 gtw01 dnsmasq-dhcp[15204]: DHCP, static leases only on 10.2.51.0, lease time 1h
Oct 18 11:52:14 gtw01 dnsmasq[15204]: read /var/lib/neutron/dhcp/0347f736-eac9-4044-978d-2ab481c12df3/addn_hosts - 1 addresses
Oct 18 11:52:14 gtw01 dnsmasq-dhcp[15204]: read /var/lib/neutron/dhcp/0347f736-eac9-4044-978d-2ab481c12df3/host
Oct 18 11:52:14 gtw01 dnsmasq-dhcp[15204]: read /var/lib/neutron/dhcp/0347f736-eac9-4044-978d-2ab481c12df3/opts
Oct 18 11:52:14 gtw01 haproxy-metadata-proxy-0347f736-eac9-4044-978d-2ab481c12df3[15214]: Proxy listener started.
Oct 18 11:52:14 gtw01 dnsmasq[15077]: read /var/lib/neutron/dhcp/a28c98bf-425f-4a67-881a-67a7e5fa90c9/addn_hosts - 5 addresses
Oct 18 11:52:14 gtw01 dnsmasq-dhcp[15077]: read /var/lib/neutron/dhcp/a28c98bf-425f-4a67-881a-67a7e5fa90c9/host
Oct 18 11:52:14 gtw01 dnsmasq-dhcp[15077]: read /var/lib/neutron/dhcp/a28c98bf-425f-4a67-881a-67a7e5fa90c9/opts
Oct 18 11:52:15 gtw01 dnsmasq[15152]: read /var/lib/neutron/dhcp/87fdb5f7-e4fd-4a51-93a6-629656116bce/addn_hosts - 3 addresses
Oct 18 11:52:15 gtw01 dnsmasq-dhcp[15152]: read /var/lib/neutron/dhcp/87fdb5f7-e4fd-4a51-93a6-629656116bce/host
Oct 18 11:52:15 gtw01 dnsmasq-dhcp[15152]: read /var/lib/neutron/dhcp/87fdb5f7-e4fd-4a51-93a6-629656116bce/opts
Oct 18 11:52:15 gtw01 dnsmasq[15204]: read /var/lib/neutron/dhcp/0347f736-eac9-4044-978d-2ab481c12df3/addn_hosts - 3 addresses
Oct 18 11:52:15 gtw01 dnsmasq-dhcp[15204]: read /var/lib/neutron/dhcp/0347f736-eac9-4044-978d-2ab481c12df3/host
Oct 18 11:52:15 gtw01 dnsmasq-dhcp[15204]: read /var/lib/neutron/dhcp/0347f736-eac9-4044-978d-2ab481c12df3/opts
Oct 18 11:52:15 gtw01 dnsmasq[15077]: read /var/lib/neutron/dhcp/a28c98bf-425f-4a67-881a-67a7e5fa90c9/addn_hosts - 5 addresses
Oct 18 11:52:15 gtw01 dnsmasq-dhcp[15077]: read /var/lib/neutron/dhcp/a28c98bf-425f-4a67-881a-67a7e5fa90c9/host
Oct 18 11:52:15 gtw01 dnsmasq-dhcp[15077]: read /var/lib/neutron/dhcp/a28c98bf-425f-4a67-881a-67a7e5fa90c9/opts
Oct 18 11:52:16 gtw01 dnsmasq[15152]: read /var/lib/neutron/dhcp/87fdb5f7-e4fd-4a51-93a6-629656116bce/addn_hosts - 3 addresses
Oct 18 11:52:16 gtw01 dnsmasq-dhcp[15152]: read /var/lib/neutron/dhcp/87fdb5f7-e4fd-4a51-93a6-629656116bce/host
Oct 18 11:52:16 gtw01 dnsmasq-dhcp[15152]: read /var/lib/neutron/dhcp/87fdb5f7-e4fd-4a51-93a6-629656116bce/opts
Oct 18 11:52:16 gtw01 dnsmasq[15204]: read /var/lib/neutron/dhcp/0347f736-eac9-4044-978d-2ab481c12df3/addn_hosts - 3 addresses
Oct 18 11:52:16 gtw01 dnsmasq-dhcp[15204]: read /var/lib/neutron/dhcp/0347f736-eac9-4044-978d-2ab481c12df3/host
Oct 18 11:52:16 gtw01 dnsmasq-dhcp[15204]: read /var/lib/neutron/dhcp/0347f736-eac9-4044-978d-2ab481c12df3/opts
Oct 18 11:52:17 gtw01 dnsmasq[15077]: read /var/lib/neutron/dhcp/a28c98bf-425f-4a67-881a-67a7e5fa90c9/addn_hosts - 5 addresses
Oct 18 11:52:17 gtw01 dnsmasq-dhcp[15077]: read /var/lib/neutron/dhcp/a28c98bf-425f-4a67-881a-67a7e5fa90c9/host
Oct 18 11:52:17 gtw01 dnsmasq-dhcp[15077]: read /var/lib/neutron/dhcp/a28c98bf-425f-4a67-881a-67a7e5fa90c9/opts
Oct 18 11:52:18 gtw01 dnsmasq[15204]: read /var/lib/neutron/dhcp/0347f736-eac9-4044-978d-2ab481c12df3/addn_hosts - 3 addresses
Oct 18 11:52:18 gtw01 dnsmasq-dhcp[15204]: read /var/lib/neutron/dhcp/0347f736-eac9-4044-978d-2ab481c12df3/host
Oct 18 11:52:18 gtw01 dnsmasq-dhcp[15204]: read /var/lib/neutron/dhcp/0347f736-eac9-4044-978d-2ab481c12df3/opts
Oct 18 11:52:18 gtw01 dnsmasq[15152]: read /var/lib/neutron/dhcp/87fdb5f7-e4fd-4a51-93a6-629656116bce/addn_hosts - 3 addresses
Oct 18 11:52:18 gtw01 dnsmasq-dhcp[15152]: read /var/lib/neutron/dhcp/87fdb5f7-e4fd-4a51-93a6-629656116bce/host
Oct 18 11:52:18 gtw01 dnsmasq-dhcp[15152]: read /var/lib/neutron/dhcp/87fdb5f7-e4fd-4a51-93a6-629656116bce/opts
Oct 18 11:52:18 gtw01 dnsmasq[15077]: read /var/lib/neutron/dhcp/a28c98bf-425f-4a67-881a-67a7e5fa90c9/addn_hosts - 5 addresses
Oct 18 11:52:18 gtw01 dnsmasq-dhcp[15077]: read /var/lib/neutron/dhcp/a28c98bf-425f-4a67-881a-67a7e5fa90c9/host
Oct 18 11:52:18 gtw01 dnsmasq-dhcp[15077]: read /var/lib/neutron/dhcp/a28c98bf-425f-4a67-881a-67a7e5fa90c9/opts
Oct 18 11:52:19 gtw01 dnsmasq[15204]: read /var/lib/neutron/dhcp/0347f736-eac9-4044-978d-2ab481c12df3/addn_hosts - 3 addresses
Oct 18 11:52:19 gtw01 dnsmasq-dhcp[15204]: read /var/lib/neutron/dhcp/0347f736-eac9-4044-978d-2ab481c12df3/host
Oct 18 11:52:19 gtw01 dnsmasq-dhcp[15204]: read /var/lib/neutron/dhcp/0347f736-eac9-4044-978d-2ab481c12df3/opts
Oct 18 11:52:19 gtw01 dnsmasq[15152]: read /var/lib/neutron/dhcp/87fdb5f7-e4fd-4a51-93a6-629656116bce/addn_hosts - 3 addresses
Oct 18 11:52:19 gtw01 dnsmasq-dhcp[15152]: read /var/lib/neutron/dhcp/87fdb5f7-e4fd-4a51-93a6-629656116bce/host
Oct 18 11:52:19 gtw01 dnsmasq-dhcp[15152]: read /var/lib/neutron/dhcp/87fdb5f7-e4fd-4a51-93a6-629656116bce/opts
Oct 18 11:52:20 gtw01 dnsmasq[15077]: read /var/lib/neutron/dhcp/a28c98bf-425f-4a67-881a-67a7e5fa90c9/addn_hosts - 6 addresses
Oct 18 11:52:20 gtw01 dnsmasq-dhcp[15077]: read /var/lib/neutron/dhcp/a28c98bf-425f-4a67-881a-67a7e5fa90c9/host
Oct 18 11:52:20 gtw01 dnsmasq-dhcp[15077]: read /var/lib/neutron/dhcp/a28c98bf-425f-4a67-881a-67a7e5fa90c9/opts
Oct 18 11:52:20 gtw01 dnsmasq[15204]: read /var/lib/neutron/dhcp/0347f736-eac9-4044-978d-2ab481c12df3/addn_hosts - 3 addresses
Oct 18 11:52:20 gtw01 dnsmasq-dhcp[15204]: read /var/lib/neutron/dhcp/0347f736-eac9-4044-978d-2ab481c12df3/host
Oct 18 11:52:20 gtw01 dnsmasq-dhcp[15204]: read /var/lib/neutron/dhcp/0347f736-eac9-4044-978d-2ab481c12df3/opts
Oct 18 11:52:21 gtw01 dnsmasq[15077]: read /var/lib/neutron/dhcp/a28c98bf-425f-4a67-881a-67a7e5fa90c9/addn_hosts - 7 addresses
Oct 18 11:52:21 gtw01 dnsmasq-dhcp[15077]: read /var/lib/neutron/dhcp/a28c98bf-425f-4a67-881a-67a7e5fa90c9/host
Oct 18 11:52:21 gtw01 dnsmasq-dhcp[15077]: read /var/lib/neutron/dhcp/a28c98bf-425f-4a67-881a-67a7e5fa90c9/opts
Oct 18 11:52:22 gtw01 dnsmasq[15077]: read /var/lib/neutron/dhcp/a28c98bf-425f-4a67-881a-67a7e5fa90c9/addn_hosts - 7 addresses
Oct 18 11:52:22 gtw01 dnsmasq-dhcp[15077]: read /var/lib/neutron/dhcp/a28c98bf-425f-4a67-881a-67a7e5fa90c9/host
Oct 18 11:52:22 gtw01 dnsmasq-dhcp[15077]: read /var/lib/neutron/dhcp/a28c98bf-425f-4a67-881a-67a7e5fa90c9/opts
Oct 18 11:52:27 gtw01 dnsmasq[15077]: read /var/lib/neutron/dhcp/a28c98bf-425f-4a67-881a-67a7e5fa90c9/addn_hosts - 6 addresses
Oct 18 11:52:27 gtw01 dnsmasq-dhcp[15077]: read /var/lib/neutron/dhcp/a28c98bf-425f-4a67-881a-67a7e5fa90c9/host
Oct 18 11:52:27 gtw01 dnsmasq-dhcp[15077]: read /var/lib/neutron/dhcp/a28c98bf-425f-4a67-881a-67a7e5fa90c9/opts
Oct 18 11:52:28 gtw01 dnsmasq[15204]: read /var/lib/neutron/dhcp/0347f736-eac9-4044-978d-2ab481c12df3/addn_hosts - 2 addresses
Oct 18 11:52:28 gtw01 dnsmasq-dhcp[15204]: read /var/lib/neutron/dhcp/0347f736-eac9-4044-978d-2ab481c12df3/host
Oct 18 11:52:28 gtw01 dnsmasq-dhcp[15204]: read /var/lib/neutron/dhcp/0347f736-eac9-4044-978d-2ab481c12df3/opts
Oct 18 11:52:28 gtw01 dnsmasq[15077]: read /var/lib/neutron/dhcp/a28c98bf-425f-4a67-881a-67a7e5fa90c9/addn_hosts - 5 addresses
Oct 18 11:52:28 gtw01 dnsmasq-dhcp[15077]: read /var/lib/neutron/dhcp/a28c98bf-425f-4a67-881a-67a7e5fa90c9/host
Oct 18 11:52:28 gtw01 dnsmasq-dhcp[15077]: read /var/lib/neutron/dhcp/a28c98bf-425f-4a67-881a-67a7e5fa90c9/opts
Oct 18 11:52:29 gtw01 dnsmasq[15204]: read /var/lib/neutron/dhcp/0347f736-eac9-4044-978d-2ab481c12df3/addn_hosts - 1 addresses
Oct 18 11:52:29 gtw01 dnsmasq-dhcp[15204]: read /var/lib/neutron/dhcp/0347f736-eac9-4044-978d-2ab481c12df3/host
Oct 18 11:52:29 gtw01 dnsmasq-dhcp[15204]: read /var/lib/neutron/dhcp/0347f736-eac9-4044-978d-2ab481c12df3/opts
Oct 18 11:52:30 gtw01 dnsmasq[15152]: read /var/lib/neutron/dhcp/87fdb5f7-e4fd-4a51-93a6-629656116bce/addn_hosts - 2 addresses
Oct 18 11:52:30 gtw01 dnsmasq-dhcp[15152]: read /var/lib/neutron/dhcp/87fdb5f7-e4fd-4a51-93a6-629656116bce/host
Oct 18 11:52:30 gtw01 dnsmasq-dhcp[15152]: read /var/lib/neutron/dhcp/87fdb5f7-e4fd-4a51-93a6-629656116bce/opts
Oct 18 11:52:30 gtw01 dnsmasq[15077]: read /var/lib/neutron/dhcp/a28c98bf-425f-4a67-881a-67a7e5fa90c9/addn_hosts - 4 addresses
Oct 18 11:52:30 gtw01 dnsmasq-dhcp[15077]: read /var/lib/neutron/dhcp/a28c98bf-425f-4a67-881a-67a7e5fa90c9/host
Oct 18 11:52:30 gtw01 dnsmasq-dhcp[15077]: read /var/lib/neutron/dhcp/a28c98bf-425f-4a67-881a-67a7e5fa90c9/opts
Oct 18 11:52:31 gtw01 dnsmasq[15152]: read /var/lib/neutron/dhcp/87fdb5f7-e4fd-4a51-93a6-629656116bce/addn_hosts - 1 addresses
Oct 18 11:52:31 gtw01 dnsmasq-dhcp[15152]: read /var/lib/neutron/dhcp/87fdb5f7-e4fd-4a51-93a6-629656116bce/host
Oct 18 11:52:31 gtw01 dnsmasq-dhcp[15152]: read /var/lib/neutron/dhcp/87fdb5f7-e4fd-4a51-93a6-629656116bce/opts
Oct 18 11:52:31 gtw01 dnsmasq[15077]: read /var/lib/neutron/dhcp/a28c98bf-425f-4a67-881a-67a7e5fa90c9/addn_hosts - 3 addresses
Oct 18 11:52:31 gtw01 dnsmasq-dhcp[15077]: read /var/lib/neutron/dhcp/a28c98bf-425f-4a67-881a-67a7e5fa90c9/host
Oct 18 11:52:31 gtw01 dnsmasq-dhcp[15077]: read /var/lib/neutron/dhcp/a28c98bf-425f-4a67-881a-67a7e5fa90c9/opts
Oct 18 11:52:32 gtw01 dnsmasq[15077]: read /var/lib/neutron/dhcp/a28c98bf-425f-4a67-881a-67a7e5fa90c9/addn_hosts - 2 addresses
Oct 18 11:52:32 gtw01 dnsmasq-dhcp[15077]: read /var/lib/neutron/dhcp/a28c98bf-425f-4a67-881a-67a7e5fa90c9/host
Oct 18 11:52:32 gtw01 dnsmasq-dhcp[15077]: read /var/lib/neutron/dhcp/a28c98bf-425f-4a67-881a-67a7e5fa90c9/opts
Oct 18 11:52:33 gtw01 dnsmasq[15077]: read /var/lib/neutron/dhcp/a28c98bf-425f-4a67-881a-67a7e5fa90c9/addn_hosts - 1 addresses
Oct 18 11:52:33 gtw01 dnsmasq-dhcp[15077]: read /var/lib/neutron/dhcp/a28c98bf-425f-4a67-881a-67a7e5fa90c9/host
Oct 18 11:52:33 gtw01 dnsmasq-dhcp[15077]: read /var/lib/neutron/dhcp/a28c98bf-425f-4a67-881a-67a7e5fa90c9/opts
Oct 18 11:52:40 gtw01 dnsmasq[15152]: read /var/lib/neutron/dhcp/87fdb5f7-e4fd-4a51-93a6-629656116bce/addn_hosts - 1 addresses
Oct 18 11:52:40 gtw01 dnsmasq-dhcp[15152]: read /var/lib/neutron/dhcp/87fdb5f7-e4fd-4a51-93a6-629656116bce/host
Oct 18 11:52:40 gtw01 dnsmasq-dhcp[15152]: read /var/lib/neutron/dhcp/87fdb5f7-e4fd-4a51-93a6-629656116bce/opts
Oct 18 11:52:41 gtw01 kernel: [15586.550384] device tap5f28ff0e-d3 left promiscuous mode
Oct 18 11:52:44 gtw01 dnsmasq[15204]: read /var/lib/neutron/dhcp/0347f736-eac9-4044-978d-2ab481c12df3/addn_hosts - 1 addresses
Oct 18 11:52:44 gtw01 dnsmasq-dhcp[15204]: read /var/lib/neutron/dhcp/0347f736-eac9-4044-978d-2ab481c12df3/host
Oct 18 11:52:44 gtw01 dnsmasq-dhcp[15204]: read /var/lib/neutron/dhcp/0347f736-eac9-4044-978d-2ab481c12df3/opts
Oct 18 11:52:45 gtw01 kernel: [15589.966903] device tap41df3807-35 left promiscuous mode
Oct 18 11:52:47 gtw01 dnsmasq[15077]: read /var/lib/neutron/dhcp/a28c98bf-425f-4a67-881a-67a7e5fa90c9/addn_hosts - 1 addresses
Oct 18 11:52:47 gtw01 dnsmasq-dhcp[15077]: read /var/lib/neutron/dhcp/a28c98bf-425f-4a67-881a-67a7e5fa90c9/host
Oct 18 11:52:47 gtw01 dnsmasq-dhcp[15077]: read /var/lib/neutron/dhcp/a28c98bf-425f-4a67-881a-67a7e5fa90c9/opts
Oct 18 11:52:48 gtw01 kernel: [15593.323948] device tap14a8cce0-86 left promiscuous mode
Oct 18 11:53:08 gtw01 kernel: [15613.364176] device tap152ce3d8-fe entered promiscuous mode
Oct 18 11:53:08 gtw01 systemd-udevd[15748]: Process '/sbin/ip link set tap152ce3d8-fe txqueuelen 10000' failed with exit code 1.
Oct 18 11:53:08 gtw01 systemd-udevd[15748]: Process '/sbin/ip link set tap152ce3d8-fe txqueuelen 10000' failed with exit code 1.
Oct 18 11:53:08 gtw01 kernel: [15613.848312] device tapc4e38087-f2 entered promiscuous mode
Oct 18 11:53:09 gtw01 systemd-udevd[15852]: Process '/sbin/ip link set tapc4e38087-f2 txqueuelen 10000' failed with exit code 1.
Oct 18 11:53:09 gtw01 systemd-udevd[15852]: Process '/sbin/ip link set tapc4e38087-f2 txqueuelen 10000' failed with exit code 1.
Oct 18 11:53:09 gtw01 kernel: [15614.572108] device tapdc0d9045-87 entered promiscuous mode
Oct 18 11:53:09 gtw01 systemd-udevd[15957]: Process '/sbin/ip link set tapdc0d9045-87 txqueuelen 10000' failed with exit code 1.
Oct 18 11:53:09 gtw01 systemd-udevd[15957]: Process '/sbin/ip link set tapdc0d9045-87 txqueuelen 10000' failed with exit code 1.
Oct 18 11:53:10 gtw01 kernel: [15614.988736] device tap9da0bc12-e2 entered promiscuous mode
Oct 18 11:53:10 gtw01 systemd-udevd[16055]: Process '/sbin/ip link set tap9da0bc12-e2 txqueuelen 10000' failed with exit code 1.
Oct 18 11:53:10 gtw01 systemd-udevd[16132]: Process '/sbin/ip link set tap9da0bc12-e2 txqueuelen 10000' failed with exit code 1.
Oct 18 11:53:14 gtw01 dnsmasq[16305]: started, version 2.80 cachesize 150
Oct 18 11:53:14 gtw01 dnsmasq[16305]: DNS service limited to local subnets
Oct 18 11:53:14 gtw01 dnsmasq[16305]: compile time options: IPv6 GNU-getopt DBus i18n IDN DHCP DHCPv6 no-Lua TFTP conntrack ipset auth DNSSEC loop-detect inotify dumpfile
Oct 18 11:53:14 gtw01 dnsmasq[16305]: warning: no upstream servers configured
Oct 18 11:53:14 gtw01 dnsmasq-dhcp[16305]: DHCP, static leases only on 1.1.0.216, lease time 1h
Oct 18 11:53:14 gtw01 dnsmasq[16305]: read /var/lib/neutron/dhcp/f00be621-1900-41e3-84b0-6225f0ec5638/addn_hosts - 1 addresses
Oct 18 11:53:14 gtw01 dnsmasq-dhcp[16305]: read /var/lib/neutron/dhcp/f00be621-1900-41e3-84b0-6225f0ec5638/host
Oct 18 11:53:14 gtw01 dnsmasq-dhcp[16305]: read /var/lib/neutron/dhcp/f00be621-1900-41e3-84b0-6225f0ec5638/opts
Oct 18 11:53:14 gtw01 dnsmasq[16315]: started, version 2.80 cachesize 150
Oct 18 11:53:14 gtw01 dnsmasq[16315]: DNS service limited to local subnets
Oct 18 11:53:14 gtw01 dnsmasq[16315]: compile time options: IPv6 GNU-getopt DBus i18n IDN DHCP DHCPv6 no-Lua TFTP conntrack ipset auth DNSSEC loop-detect inotify dumpfile
Oct 18 11:53:14 gtw01 dnsmasq[16315]: warning: no upstream servers configured
Oct 18 11:53:14 gtw01 dnsmasq-dhcp[16315]: DHCP, static leases only on 1.1.0.220, lease time 1h
Oct 18 11:53:14 gtw01 dnsmasq[16315]: read /var/lib/neutron/dhcp/f76d03fd-ee2d-4def-8365-16f86e223336/addn_hosts - 1 addresses
Oct 18 11:53:14 gtw01 dnsmasq-dhcp[16315]: read /var/lib/neutron/dhcp/f76d03fd-ee2d-4def-8365-16f86e223336/host
Oct 18 11:53:14 gtw01 dnsmasq-dhcp[16315]: read /var/lib/neutron/dhcp/f76d03fd-ee2d-4def-8365-16f86e223336/opts
Oct 18 11:53:15 gtw01 haproxy-metadata-proxy-f00be621-1900-41e3-84b0-6225f0ec5638[16321]: Proxy listener started.
Oct 18 11:53:15 gtw01 haproxy-metadata-proxy-f76d03fd-ee2d-4def-8365-16f86e223336[16329]: Proxy listener started.
Oct 18 11:53:15 gtw01 dnsmasq[16337]: started, version 2.80 cachesize 150
Oct 18 11:53:15 gtw01 dnsmasq[16337]: DNS service limited to local subnets
Oct 18 11:53:15 gtw01 dnsmasq[16337]: compile time options: IPv6 GNU-getopt DBus i18n IDN DHCP DHCPv6 no-Lua TFTP conntrack ipset auth DNSSEC loop-detect inotify dumpfile
Oct 18 11:53:15 gtw01 dnsmasq[16337]: warning: no upstream servers configured
Oct 18 11:53:15 gtw01 dnsmasq-dhcp[16337]: DHCP, static leases only on 1.1.0.212, lease time 1h
Oct 18 11:53:15 gtw01 dnsmasq[16337]: read /var/lib/neutron/dhcp/a40146c1-4f33-4527-9f89-679e8e4d0cfd/addn_hosts - 1 addresses
Oct 18 11:53:15 gtw01 dnsmasq-dhcp[16337]: read /var/lib/neutron/dhcp/a40146c1-4f33-4527-9f89-679e8e4d0cfd/host
Oct 18 11:53:15 gtw01 dnsmasq-dhcp[16337]: read /var/lib/neutron/dhcp/a40146c1-4f33-4527-9f89-679e8e4d0cfd/opts
Oct 18 11:53:15 gtw01 dnsmasq[16346]: started, version 2.80 cachesize 150
Oct 18 11:53:15 gtw01 dnsmasq[16346]: DNS service limited to local subnets
Oct 18 11:53:15 gtw01 dnsmasq[16346]: compile time options: IPv6 GNU-getopt DBus i18n IDN DHCP DHCPv6 no-Lua TFTP conntrack ipset auth DNSSEC loop-detect inotify dumpfile
Oct 18 11:53:15 gtw01 dnsmasq[16346]: warning: no upstream servers configured
Oct 18 11:53:15 gtw01 dnsmasq-dhcp[16346]: DHCP, static leases only on 1.1.0.208, lease time 1h
Oct 18 11:53:15 gtw01 dnsmasq[16346]: read /var/lib/neutron/dhcp/d45572f3-9331-4d64-b74a-3c29b04d0fad/addn_hosts - 1 addresses
Oct 18 11:53:15 gtw01 dnsmasq-dhcp[16346]: read /var/lib/neutron/dhcp/d45572f3-9331-4d64-b74a-3c29b04d0fad/host
Oct 18 11:53:15 gtw01 dnsmasq-dhcp[16346]: read /var/lib/neutron/dhcp/d45572f3-9331-4d64-b74a-3c29b04d0fad/opts
Oct 18 11:53:15 gtw01 haproxy-metadata-proxy-a40146c1-4f33-4527-9f89-679e8e4d0cfd[16352]: Proxy listener started.
Oct 18 11:53:16 gtw01 haproxy-metadata-proxy-d45572f3-9331-4d64-b74a-3c29b04d0fad[16356]: Proxy listener started.
Oct 18 11:53:16 gtw01 dnsmasq[16305]: read /var/lib/neutron/dhcp/f00be621-1900-41e3-84b0-6225f0ec5638/addn_hosts - 2 addresses
Oct 18 11:53:16 gtw01 dnsmasq-dhcp[16305]: read /var/lib/neutron/dhcp/f00be621-1900-41e3-84b0-6225f0ec5638/host
Oct 18 11:53:16 gtw01 dnsmasq-dhcp[16305]: read /var/lib/neutron/dhcp/f00be621-1900-41e3-84b0-6225f0ec5638/opts
Oct 18 11:53:17 gtw01 dnsmasq[16315]: read /var/lib/neutron/dhcp/f76d03fd-ee2d-4def-8365-16f86e223336/addn_hosts - 2 addresses
Oct 18 11:53:17 gtw01 dnsmasq-dhcp[16315]: read /var/lib/neutron/dhcp/f76d03fd-ee2d-4def-8365-16f86e223336/host
Oct 18 11:53:17 gtw01 dnsmasq-dhcp[16315]: read /var/lib/neutron/dhcp/f76d03fd-ee2d-4def-8365-16f86e223336/opts
Oct 18 11:53:17 gtw01 dnsmasq[16337]: read /var/lib/neutron/dhcp/a40146c1-4f33-4527-9f89-679e8e4d0cfd/addn_hosts - 2 addresses
Oct 18 11:53:17 gtw01 dnsmasq-dhcp[16337]: read /var/lib/neutron/dhcp/a40146c1-4f33-4527-9f89-679e8e4d0cfd/host
Oct 18 11:53:17 gtw01 dnsmasq-dhcp[16337]: read /var/lib/neutron/dhcp/a40146c1-4f33-4527-9f89-679e8e4d0cfd/opts
Oct 18 11:53:18 gtw01 dnsmasq[16346]: read /var/lib/neutron/dhcp/d45572f3-9331-4d64-b74a-3c29b04d0fad/addn_hosts - 2 addresses
Oct 18 11:53:18 gtw01 dnsmasq-dhcp[16346]: read /var/lib/neutron/dhcp/d45572f3-9331-4d64-b74a-3c29b04d0fad/host
Oct 18 11:53:18 gtw01 dnsmasq-dhcp[16346]: read /var/lib/neutron/dhcp/d45572f3-9331-4d64-b74a-3c29b04d0fad/opts
Oct 18 11:53:19 gtw01 dnsmasq[16305]: read /var/lib/neutron/dhcp/f00be621-1900-41e3-84b0-6225f0ec5638/addn_hosts - 2 addresses
Oct 18 11:53:19 gtw01 dnsmasq-dhcp[16305]: read /var/lib/neutron/dhcp/f00be621-1900-41e3-84b0-6225f0ec5638/host
Oct 18 11:53:19 gtw01 dnsmasq-dhcp[16305]: read /var/lib/neutron/dhcp/f00be621-1900-41e3-84b0-6225f0ec5638/opts
Oct 18 11:53:19 gtw01 kernel: [15624.635526] device tapd2e9c2d8-ba entered promiscuous mode
Oct 18 11:53:19 gtw01 systemd-udevd[16488]: Could not generate persistent MAC address for tapd2e9c2d8-ba: No such file or directory
Oct 18 11:53:20 gtw01 kernel: [15625.222081] device tape807c153-df entered promiscuous mode
Oct 18 11:53:20 gtw01 systemd-udevd[16574]: Could not generate persistent MAC address for tape807c153-df: No such file or directory
Oct 18 11:53:20 gtw01 systemd-udevd[16573]: Process '/sbin/ip link set tapd2e9c2d8-ba txqueuelen 10000' failed with exit code 1.
Oct 18 11:53:20 gtw01 dnsmasq[16315]: read /var/lib/neutron/dhcp/f76d03fd-ee2d-4def-8365-16f86e223336/addn_hosts - 2 addresses
Oct 18 11:53:20 gtw01 dnsmasq-dhcp[16315]: read /var/lib/neutron/dhcp/f76d03fd-ee2d-4def-8365-16f86e223336/host
Oct 18 11:53:20 gtw01 dnsmasq-dhcp[16315]: read /var/lib/neutron/dhcp/f76d03fd-ee2d-4def-8365-16f86e223336/opts
Oct 18 11:53:21 gtw01 systemd-udevd[16676]: Process '/sbin/ip link set tape807c153-df txqueuelen 10000' failed with exit code 1.
Oct 18 11:53:21 gtw01 dnsmasq[16337]: read /var/lib/neutron/dhcp/a40146c1-4f33-4527-9f89-679e8e4d0cfd/addn_hosts - 2 addresses
Oct 18 11:53:21 gtw01 dnsmasq-dhcp[16337]: read /var/lib/neutron/dhcp/a40146c1-4f33-4527-9f89-679e8e4d0cfd/host
Oct 18 11:53:21 gtw01 dnsmasq-dhcp[16337]: read /var/lib/neutron/dhcp/a40146c1-4f33-4527-9f89-679e8e4d0cfd/opts
Oct 18 11:53:21 gtw01 kernel: [15626.348862] device tapbf783cc8-9c entered promiscuous mode
Oct 18 11:53:21 gtw01 systemd-udevd[16699]: Could not generate persistent MAC address for tapbf783cc8-9c: No such file or directory
Oct 18 11:53:21 gtw01 dnsmasq[16346]: read /var/lib/neutron/dhcp/d45572f3-9331-4d64-b74a-3c29b04d0fad/addn_hosts - 2 addresses
Oct 18 11:53:21 gtw01 dnsmasq-dhcp[16346]: read /var/lib/neutron/dhcp/d45572f3-9331-4d64-b74a-3c29b04d0fad/host
Oct 18 11:53:21 gtw01 dnsmasq-dhcp[16346]: read /var/lib/neutron/dhcp/d45572f3-9331-4d64-b74a-3c29b04d0fad/opts
Oct 18 11:53:22 gtw01 kernel: [15626.996686] device tapcdd550c1-85 entered promiscuous mode
Oct 18 11:53:22 gtw01 systemd-udevd[16788]: Could not generate persistent MAC address for tapcdd550c1-85: No such file or directory
Oct 18 11:53:22 gtw01 systemd-udevd[16861]: Process '/sbin/ip link set tapbf783cc8-9c txqueuelen 10000' failed with exit code 1.
Oct 18 11:53:22 gtw01 dnsmasq[16305]: read /var/lib/neutron/dhcp/f00be621-1900-41e3-84b0-6225f0ec5638/addn_hosts - 2 addresses
Oct 18 11:53:22 gtw01 dnsmasq-dhcp[16305]: read /var/lib/neutron/dhcp/f00be621-1900-41e3-84b0-6225f0ec5638/host
Oct 18 11:53:22 gtw01 dnsmasq-dhcp[16305]: read /var/lib/neutron/dhcp/f00be621-1900-41e3-84b0-6225f0ec5638/opts
Oct 18 11:53:23 gtw01 systemd-udevd[16898]: Process '/sbin/ip link set tapcdd550c1-85 txqueuelen 10000' failed with exit code 1.
Oct 18 11:53:24 gtw01 dnsmasq[16315]: read /var/lib/neutron/dhcp/f76d03fd-ee2d-4def-8365-16f86e223336/addn_hosts - 2 addresses
Oct 18 11:53:24 gtw01 dnsmasq-dhcp[16315]: read /var/lib/neutron/dhcp/f76d03fd-ee2d-4def-8365-16f86e223336/host
Oct 18 11:53:24 gtw01 dnsmasq-dhcp[16315]: read /var/lib/neutron/dhcp/f76d03fd-ee2d-4def-8365-16f86e223336/opts
Oct 18 11:53:24 gtw01 dnsmasq[16337]: read /var/lib/neutron/dhcp/a40146c1-4f33-4527-9f89-679e8e4d0cfd/addn_hosts - 2 addresses
Oct 18 11:53:24 gtw01 dnsmasq-dhcp[16337]: read /var/lib/neutron/dhcp/a40146c1-4f33-4527-9f89-679e8e4d0cfd/host
Oct 18 11:53:24 gtw01 dnsmasq-dhcp[16337]: read /var/lib/neutron/dhcp/a40146c1-4f33-4527-9f89-679e8e4d0cfd/opts
Oct 18 11:53:25 gtw01 dnsmasq[16346]: read /var/lib/neutron/dhcp/d45572f3-9331-4d64-b74a-3c29b04d0fad/addn_hosts - 2 addresses
Oct 18 11:53:25 gtw01 dnsmasq-dhcp[16346]: read /var/lib/neutron/dhcp/d45572f3-9331-4d64-b74a-3c29b04d0fad/host
Oct 18 11:53:25 gtw01 dnsmasq-dhcp[16346]: read /var/lib/neutron/dhcp/d45572f3-9331-4d64-b74a-3c29b04d0fad/opts
Oct 18 11:53:26 gtw01 dnsmasq[16305]: read /var/lib/neutron/dhcp/f00be621-1900-41e3-84b0-6225f0ec5638/addn_hosts - 2 addresses
Oct 18 11:53:26 gtw01 dnsmasq-dhcp[16305]: read /var/lib/neutron/dhcp/f00be621-1900-41e3-84b0-6225f0ec5638/host
Oct 18 11:53:26 gtw01 dnsmasq-dhcp[16305]: read /var/lib/neutron/dhcp/f00be621-1900-41e3-84b0-6225f0ec5638/opts
Oct 18 11:53:28 gtw01 dnsmasq[16315]: read /var/lib/neutron/dhcp/f76d03fd-ee2d-4def-8365-16f86e223336/addn_hosts - 2 addresses
Oct 18 11:53:28 gtw01 dnsmasq-dhcp[16315]: read /var/lib/neutron/dhcp/f76d03fd-ee2d-4def-8365-16f86e223336/host
Oct 18 11:53:28 gtw01 dnsmasq-dhcp[16315]: read /var/lib/neutron/dhcp/f76d03fd-ee2d-4def-8365-16f86e223336/opts
Oct 18 11:53:28 gtw01 dnsmasq[16337]: read /var/lib/neutron/dhcp/a40146c1-4f33-4527-9f89-679e8e4d0cfd/addn_hosts - 2 addresses
Oct 18 11:53:28 gtw01 dnsmasq-dhcp[16337]: read /var/lib/neutron/dhcp/a40146c1-4f33-4527-9f89-679e8e4d0cfd/host
Oct 18 11:53:28 gtw01 dnsmasq-dhcp[16337]: read /var/lib/neutron/dhcp/a40146c1-4f33-4527-9f89-679e8e4d0cfd/opts
Oct 18 11:53:29 gtw01 dnsmasq[16346]: read /var/lib/neutron/dhcp/d45572f3-9331-4d64-b74a-3c29b04d0fad/addn_hosts - 2 addresses
Oct 18 11:53:29 gtw01 dnsmasq-dhcp[16346]: read /var/lib/neutron/dhcp/d45572f3-9331-4d64-b74a-3c29b04d0fad/host
Oct 18 11:53:29 gtw01 dnsmasq-dhcp[16346]: read /var/lib/neutron/dhcp/d45572f3-9331-4d64-b74a-3c29b04d0fad/opts
Oct 18 11:53:30 gtw01 dnsmasq[16305]: read /var/lib/neutron/dhcp/f00be621-1900-41e3-84b0-6225f0ec5638/addn_hosts - 2 addresses
Oct 18 11:53:30 gtw01 dnsmasq-dhcp[16305]: read /var/lib/neutron/dhcp/f00be621-1900-41e3-84b0-6225f0ec5638/host
Oct 18 11:53:30 gtw01 dnsmasq-dhcp[16305]: read /var/lib/neutron/dhcp/f00be621-1900-41e3-84b0-6225f0ec5638/opts
Oct 18 11:53:30 gtw01 dnsmasq[17178]: started, version 2.80 cachesize 150
Oct 18 11:53:30 gtw01 dnsmasq[17178]: DNS service limited to local subnets
Oct 18 11:53:30 gtw01 dnsmasq[17178]: compile time options: IPv6 GNU-getopt DBus i18n IDN DHCP DHCPv6 no-Lua TFTP conntrack ipset auth DNSSEC loop-detect inotify dumpfile
Oct 18 11:53:30 gtw01 dnsmasq[17178]: warning: no upstream servers configured
Oct 18 11:53:30 gtw01 dnsmasq-dhcp[17178]: DHCP, static leases only on 1.1.0.228, lease time 1h
Oct 18 11:53:30 gtw01 dnsmasq[17178]: read /var/lib/neutron/dhcp/60d5e1b9-e417-4ee6-a065-dc77938c4ab3/addn_hosts - 1 addresses
Oct 18 11:53:30 gtw01 dnsmasq-dhcp[17178]: read /var/lib/neutron/dhcp/60d5e1b9-e417-4ee6-a065-dc77938c4ab3/host
Oct 18 11:53:30 gtw01 dnsmasq-dhcp[17178]: read /var/lib/neutron/dhcp/60d5e1b9-e417-4ee6-a065-dc77938c4ab3/opts
Oct 18 11:53:31 gtw01 haproxy-metadata-proxy-60d5e1b9-e417-4ee6-a065-dc77938c4ab3[17206]: Proxy listener started.
Oct 18 11:53:32 gtw01 dnsmasq[16315]: read /var/lib/neutron/dhcp/f76d03fd-ee2d-4def-8365-16f86e223336/addn_hosts - 2 addresses
Oct 18 11:53:32 gtw01 dnsmasq-dhcp[16315]: read /var/lib/neutron/dhcp/f76d03fd-ee2d-4def-8365-16f86e223336/host
Oct 18 11:53:32 gtw01 dnsmasq-dhcp[16315]: read /var/lib/neutron/dhcp/f76d03fd-ee2d-4def-8365-16f86e223336/opts
Oct 18 11:53:32 gtw01 dnsmasq[16337]: read /var/lib/neutron/dhcp/a40146c1-4f33-4527-9f89-679e8e4d0cfd/addn_hosts - 2 addresses
Oct 18 11:53:32 gtw01 dnsmasq-dhcp[16337]: read /var/lib/neutron/dhcp/a40146c1-4f33-4527-9f89-679e8e4d0cfd/host
Oct 18 11:53:32 gtw01 dnsmasq-dhcp[16337]: read /var/lib/neutron/dhcp/a40146c1-4f33-4527-9f89-679e8e4d0cfd/opts
Oct 18 11:53:32 gtw01 dnsmasq[17241]: started, version 2.80 cachesize 150
Oct 18 11:53:32 gtw01 dnsmasq[17241]: DNS service limited to local subnets
Oct 18 11:53:32 gtw01 dnsmasq[17241]: compile time options: IPv6 GNU-getopt DBus i18n IDN DHCP DHCPv6 no-Lua TFTP conntrack ipset auth DNSSEC loop-detect inotify dumpfile
Oct 18 11:53:32 gtw01 dnsmasq[17241]: warning: no upstream servers configured
Oct 18 11:53:32 gtw01 dnsmasq-dhcp[17241]: DHCP, static leases only on 1.1.0.224, lease time 1h
Oct 18 11:53:32 gtw01 dnsmasq[17241]: read /var/lib/neutron/dhcp/9e9d03d4-6b3e-454e-a0ae-0d2fc376791d/addn_hosts - 1 addresses
Oct 18 11:53:32 gtw01 dnsmasq-dhcp[17241]: read /var/lib/neutron/dhcp/9e9d03d4-6b3e-454e-a0ae-0d2fc376791d/host
Oct 18 11:53:32 gtw01 dnsmasq-dhcp[17241]: read /var/lib/neutron/dhcp/9e9d03d4-6b3e-454e-a0ae-0d2fc376791d/opts
Oct 18 11:53:33 gtw01 dnsmasq[16346]: read /var/lib/neutron/dhcp/d45572f3-9331-4d64-b74a-3c29b04d0fad/addn_hosts - 2 addresses
Oct 18 11:53:33 gtw01 dnsmasq-dhcp[16346]: read /var/lib/neutron/dhcp/d45572f3-9331-4d64-b74a-3c29b04d0fad/host
Oct 18 11:53:33 gtw01 dnsmasq-dhcp[16346]: read /var/lib/neutron/dhcp/d45572f3-9331-4d64-b74a-3c29b04d0fad/opts
Oct 18 11:53:33 gtw01 haproxy-metadata-proxy-9e9d03d4-6b3e-454e-a0ae-0d2fc376791d[17269]: Proxy listener started.
Oct 18 11:53:33 gtw01 dnsmasq[17178]: read /var/lib/neutron/dhcp/60d5e1b9-e417-4ee6-a065-dc77938c4ab3/addn_hosts - 2 addresses
Oct 18 11:53:33 gtw01 dnsmasq-dhcp[17178]: read /var/lib/neutron/dhcp/60d5e1b9-e417-4ee6-a065-dc77938c4ab3/host
Oct 18 11:53:33 gtw01 dnsmasq-dhcp[17178]: read /var/lib/neutron/dhcp/60d5e1b9-e417-4ee6-a065-dc77938c4ab3/opts
Oct 18 11:53:34 gtw01 dnsmasq[17293]: started, version 2.80 cachesize 150
Oct 18 11:53:34 gtw01 dnsmasq[17293]: DNS service limited to local subnets
Oct 18 11:53:34 gtw01 dnsmasq[17293]: compile time options: IPv6 GNU-getopt DBus i18n IDN DHCP DHCPv6 no-Lua TFTP conntrack ipset auth DNSSEC loop-detect inotify dumpfile
Oct 18 11:53:34 gtw01 dnsmasq[17293]: warning: no upstream servers configured
Oct 18 11:53:34 gtw01 dnsmasq-dhcp[17293]: DHCP, static leases only on 1.1.0.232, lease time 1h
Oct 18 11:53:34 gtw01 dnsmasq[17293]: read /var/lib/neutron/dhcp/c4ae7689-86c4-44c5-9370-bb7181f0b6de/addn_hosts - 1 addresses
Oct 18 11:53:34 gtw01 dnsmasq-dhcp[17293]: read /var/lib/neutron/dhcp/c4ae7689-86c4-44c5-9370-bb7181f0b6de/host
Oct 18 11:53:34 gtw01 dnsmasq-dhcp[17293]: read /var/lib/neutron/dhcp/c4ae7689-86c4-44c5-9370-bb7181f0b6de/opts
Oct 18 11:53:34 gtw01 dnsmasq[17312]: started, version 2.80 cachesize 150
Oct 18 11:53:34 gtw01 dnsmasq[17312]: DNS service limited to local subnets
Oct 18 11:53:34 gtw01 dnsmasq[17312]: compile time options: IPv6 GNU-getopt DBus i18n IDN DHCP DHCPv6 no-Lua TFTP conntrack ipset auth DNSSEC loop-detect inotify dumpfile
Oct 18 11:53:34 gtw01 dnsmasq[17312]: warning: no upstream servers configured
Oct 18 11:53:34 gtw01 dnsmasq-dhcp[17312]: DHCP, static leases only on 1.1.0.236, lease time 1h
Oct 18 11:53:34 gtw01 dnsmasq[17312]: read /var/lib/neutron/dhcp/0beba142-e67b-4ca5-94e4-a2a56721dcaa/addn_hosts - 1 addresses
Oct 18 11:53:34 gtw01 dnsmasq-dhcp[17312]: read /var/lib/neutron/dhcp/0beba142-e67b-4ca5-94e4-a2a56721dcaa/host
Oct 18 11:53:34 gtw01 dnsmasq-dhcp[17312]: read /var/lib/neutron/dhcp/0beba142-e67b-4ca5-94e4-a2a56721dcaa/opts
Oct 18 11:53:34 gtw01 haproxy-metadata-proxy-c4ae7689-86c4-44c5-9370-bb7181f0b6de[17315]: Proxy listener started.
Oct 18 11:53:34 gtw01 dnsmasq[17241]: read /var/lib/neutron/dhcp/9e9d03d4-6b3e-454e-a0ae-0d2fc376791d/addn_hosts - 2 addresses
Oct 18 11:53:34 gtw01 dnsmasq-dhcp[17241]: read /var/lib/neutron/dhcp/9e9d03d4-6b3e-454e-a0ae-0d2fc376791d/host
Oct 18 11:53:34 gtw01 dnsmasq-dhcp[17241]: read /var/lib/neutron/dhcp/9e9d03d4-6b3e-454e-a0ae-0d2fc376791d/opts
Oct 18 11:53:35 gtw01 haproxy-metadata-proxy-0beba142-e67b-4ca5-94e4-a2a56721dcaa[17329]: Proxy listener started.
Oct 18 11:53:35 gtw01 dnsmasq[17178]: read /var/lib/neutron/dhcp/60d5e1b9-e417-4ee6-a065-dc77938c4ab3/addn_hosts - 2 addresses
Oct 18 11:53:35 gtw01 dnsmasq-dhcp[17178]: read /var/lib/neutron/dhcp/60d5e1b9-e417-4ee6-a065-dc77938c4ab3/host
Oct 18 11:53:35 gtw01 dnsmasq-dhcp[17178]: read /var/lib/neutron/dhcp/60d5e1b9-e417-4ee6-a065-dc77938c4ab3/opts
Oct 18 11:53:36 gtw01 dnsmasq[17293]: read /var/lib/neutron/dhcp/c4ae7689-86c4-44c5-9370-bb7181f0b6de/addn_hosts - 2 addresses
Oct 18 11:53:36 gtw01 dnsmasq-dhcp[17293]: read /var/lib/neutron/dhcp/c4ae7689-86c4-44c5-9370-bb7181f0b6de/host
Oct 18 11:53:36 gtw01 dnsmasq-dhcp[17293]: read /var/lib/neutron/dhcp/c4ae7689-86c4-44c5-9370-bb7181f0b6de/opts
Oct 18 11:53:36 gtw01 kernel: [15641.728977] device tapdaf9e044-cf entered promiscuous mode
Oct 18 11:53:36 gtw01 systemd-udevd[17396]: Could not generate persistent MAC address for tapdaf9e044-cf: No such file or directory
Oct 18 11:53:37 gtw01 dnsmasq[17241]: read /var/lib/neutron/dhcp/9e9d03d4-6b3e-454e-a0ae-0d2fc376791d/addn_hosts - 2 addresses
Oct 18 11:53:37 gtw01 dnsmasq-dhcp[17241]: read /var/lib/neutron/dhcp/9e9d03d4-6b3e-454e-a0ae-0d2fc376791d/host
Oct 18 11:53:37 gtw01 dnsmasq-dhcp[17241]: read /var/lib/neutron/dhcp/9e9d03d4-6b3e-454e-a0ae-0d2fc376791d/opts
Oct 18 11:53:37 gtw01 dnsmasq[17312]: read /var/lib/neutron/dhcp/0beba142-e67b-4ca5-94e4-a2a56721dcaa/addn_hosts - 2 addresses
Oct 18 11:53:37 gtw01 dnsmasq-dhcp[17312]: read /var/lib/neutron/dhcp/0beba142-e67b-4ca5-94e4-a2a56721dcaa/host
Oct 18 11:53:37 gtw01 dnsmasq-dhcp[17312]: read /var/lib/neutron/dhcp/0beba142-e67b-4ca5-94e4-a2a56721dcaa/opts
Oct 18 11:53:37 gtw01 systemd-udevd[17479]: Process '/sbin/ip link set tapdaf9e044-cf txqueuelen 10000' failed with exit code 1.
Oct 18 11:53:38 gtw01 dnsmasq[17178]: read /var/lib/neutron/dhcp/60d5e1b9-e417-4ee6-a065-dc77938c4ab3/addn_hosts - 2 addresses
Oct 18 11:53:38 gtw01 dnsmasq-dhcp[17178]: read /var/lib/neutron/dhcp/60d5e1b9-e417-4ee6-a065-dc77938c4ab3/host
Oct 18 11:53:38 gtw01 dnsmasq-dhcp[17178]: read /var/lib/neutron/dhcp/60d5e1b9-e417-4ee6-a065-dc77938c4ab3/opts
Oct 18 11:53:38 gtw01 kernel: [15643.664607] device tap3b9403bd-ac entered promiscuous mode
Oct 18 11:53:38 gtw01 systemd-udevd[17541]: Could not generate persistent MAC address for tap3b9403bd-ac: No such file or directory
Oct 18 11:53:39 gtw01 dnsmasq[17293]: read /var/lib/neutron/dhcp/c4ae7689-86c4-44c5-9370-bb7181f0b6de/addn_hosts - 2 addresses
Oct 18 11:53:39 gtw01 dnsmasq-dhcp[17293]: read /var/lib/neutron/dhcp/c4ae7689-86c4-44c5-9370-bb7181f0b6de/host
Oct 18 11:53:39 gtw01 dnsmasq-dhcp[17293]: read /var/lib/neutron/dhcp/c4ae7689-86c4-44c5-9370-bb7181f0b6de/opts
Oct 18 11:53:39 gtw01 systemd-udevd[17619]: Process '/sbin/ip link set tap3b9403bd-ac txqueuelen 10000' failed with exit code 1.
Oct 18 11:53:39 gtw01 dnsmasq[17312]: read /var/lib/neutron/dhcp/0beba142-e67b-4ca5-94e4-a2a56721dcaa/addn_hosts - 2 addresses
Oct 18 11:53:39 gtw01 dnsmasq-dhcp[17312]: read /var/lib/neutron/dhcp/0beba142-e67b-4ca5-94e4-a2a56721dcaa/host
Oct 18 11:53:39 gtw01 dnsmasq-dhcp[17312]: read /var/lib/neutron/dhcp/0beba142-e67b-4ca5-94e4-a2a56721dcaa/opts
Oct 18 11:53:40 gtw01 dnsmasq[17241]: read /var/lib/neutron/dhcp/9e9d03d4-6b3e-454e-a0ae-0d2fc376791d/addn_hosts - 2 addresses
Oct 18 11:53:40 gtw01 dnsmasq-dhcp[17241]: read /var/lib/neutron/dhcp/9e9d03d4-6b3e-454e-a0ae-0d2fc376791d/host
Oct 18 11:53:40 gtw01 dnsmasq-dhcp[17241]: read /var/lib/neutron/dhcp/9e9d03d4-6b3e-454e-a0ae-0d2fc376791d/opts
Oct 18 11:53:41 gtw01 dnsmasq[17178]: read /var/lib/neutron/dhcp/60d5e1b9-e417-4ee6-a065-dc77938c4ab3/addn_hosts - 2 addresses
Oct 18 11:53:41 gtw01 dnsmasq-dhcp[17178]: read /var/lib/neutron/dhcp/60d5e1b9-e417-4ee6-a065-dc77938c4ab3/host
Oct 18 11:53:41 gtw01 dnsmasq-dhcp[17178]: read /var/lib/neutron/dhcp/60d5e1b9-e417-4ee6-a065-dc77938c4ab3/opts
Oct 18 11:53:42 gtw01 dnsmasq[17293]: read /var/lib/neutron/dhcp/c4ae7689-86c4-44c5-9370-bb7181f0b6de/addn_hosts - 2 addresses
Oct 18 11:53:42 gtw01 dnsmasq-dhcp[17293]: read /var/lib/neutron/dhcp/c4ae7689-86c4-44c5-9370-bb7181f0b6de/host
Oct 18 11:53:42 gtw01 dnsmasq-dhcp[17293]: read /var/lib/neutron/dhcp/c4ae7689-86c4-44c5-9370-bb7181f0b6de/opts
Oct 18 11:53:42 gtw01 dnsmasq[16315]: read /var/lib/neutron/dhcp/f76d03fd-ee2d-4def-8365-16f86e223336/addn_hosts - 1 addresses
Oct 18 11:53:42 gtw01 dnsmasq-dhcp[16315]: read /var/lib/neutron/dhcp/f76d03fd-ee2d-4def-8365-16f86e223336/host
Oct 18 11:53:42 gtw01 dnsmasq-dhcp[16315]: read /var/lib/neutron/dhcp/f76d03fd-ee2d-4def-8365-16f86e223336/opts
Oct 18 11:53:43 gtw01 dnsmasq[17312]: read /var/lib/neutron/dhcp/0beba142-e67b-4ca5-94e4-a2a56721dcaa/addn_hosts - 2 addresses
Oct 18 11:53:43 gtw01 dnsmasq-dhcp[17312]: read /var/lib/neutron/dhcp/0beba142-e67b-4ca5-94e4-a2a56721dcaa/host
Oct 18 11:53:43 gtw01 dnsmasq-dhcp[17312]: read /var/lib/neutron/dhcp/0beba142-e67b-4ca5-94e4-a2a56721dcaa/opts
Oct 18 11:53:43 gtw01 dnsmasq[16337]: read /var/lib/neutron/dhcp/a40146c1-4f33-4527-9f89-679e8e4d0cfd/addn_hosts - 1 addresses
Oct 18 11:53:43 gtw01 dnsmasq-dhcp[16337]: read /var/lib/neutron/dhcp/a40146c1-4f33-4527-9f89-679e8e4d0cfd/host
Oct 18 11:53:43 gtw01 dnsmasq-dhcp[16337]: read /var/lib/neutron/dhcp/a40146c1-4f33-4527-9f89-679e8e4d0cfd/opts
Oct 18 11:53:43 gtw01 dnsmasq[17241]: read /var/lib/neutron/dhcp/9e9d03d4-6b3e-454e-a0ae-0d2fc376791d/addn_hosts - 2 addresses
Oct 18 11:53:43 gtw01 dnsmasq-dhcp[17241]: read /var/lib/neutron/dhcp/9e9d03d4-6b3e-454e-a0ae-0d2fc376791d/host
Oct 18 11:53:43 gtw01 dnsmasq-dhcp[17241]: read /var/lib/neutron/dhcp/9e9d03d4-6b3e-454e-a0ae-0d2fc376791d/opts
Oct 18 11:53:45 gtw01 dnsmasq[17178]: read /var/lib/neutron/dhcp/60d5e1b9-e417-4ee6-a065-dc77938c4ab3/addn_hosts - 2 addresses
Oct 18 11:53:45 gtw01 dnsmasq-dhcp[17178]: read /var/lib/neutron/dhcp/60d5e1b9-e417-4ee6-a065-dc77938c4ab3/host
Oct 18 11:53:45 gtw01 dnsmasq-dhcp[17178]: read /var/lib/neutron/dhcp/60d5e1b9-e417-4ee6-a065-dc77938c4ab3/opts
Oct 18 11:53:45 gtw01 dnsmasq[17293]: read /var/lib/neutron/dhcp/c4ae7689-86c4-44c5-9370-bb7181f0b6de/addn_hosts - 2 addresses
Oct 18 11:53:45 gtw01 dnsmasq-dhcp[17293]: read /var/lib/neutron/dhcp/c4ae7689-86c4-44c5-9370-bb7181f0b6de/host
Oct 18 11:53:45 gtw01 dnsmasq-dhcp[17293]: read /var/lib/neutron/dhcp/c4ae7689-86c4-44c5-9370-bb7181f0b6de/opts
Oct 18 11:53:46 gtw01 dnsmasq[17312]: read /var/lib/neutron/dhcp/0beba142-e67b-4ca5-94e4-a2a56721dcaa/addn_hosts - 2 addresses
Oct 18 11:53:46 gtw01 dnsmasq-dhcp[17312]: read /var/lib/neutron/dhcp/0beba142-e67b-4ca5-94e4-a2a56721dcaa/host
