Oct 18 11:48:11 gtw01 dnsmasq[10645]: read /var/lib/neutron/dhcp/79f6ad69-48bf-4734-9fb5-9262d948aeb8/addn_hosts - 1 addresses
Oct 18 11:48:11 gtw01 dnsmasq-dhcp[10645]: read /var/lib/neutron/dhcp/79f6ad69-48bf-4734-9fb5-9262d948aeb8/host
Oct 18 11:48:11 gtw01 dnsmasq-dhcp[10645]: read /var/lib/neutron/dhcp/79f6ad69-48bf-4734-9fb5-9262d948aeb8/opts
Oct 18 11:48:11 gtw01 haproxy-metadata-proxy-79f6ad69-48bf-4734-9fb5-9262d948aeb8[10656]: Proxy listener started.
Oct 18 11:48:12 gtw01 dnsmasq[10678]: started, version 2.80 cachesize 150
Oct 18 11:48:12 gtw01 dnsmasq[10678]: DNS service limited to local subnets
Oct 18 11:48:12 gtw01 dnsmasq[10678]: compile time options: IPv6 GNU-getopt DBus i18n IDN DHCP DHCPv6 no-Lua TFTP conntrack ipset auth DNSSEC loop-detect inotify dumpfile
Oct 18 11:48:12 gtw01 dnsmasq[10678]: warning: no upstream servers configured
Oct 18 11:48:12 gtw01 dnsmasq-dhcp[10678]: DHCP, static leases only on 10.2.24.0, lease time 1h
Oct 18 11:48:12 gtw01 dnsmasq[10678]: read /var/lib/neutron/dhcp/ccd7e74d-171e-4eab-b367-6d758f9e5492/addn_hosts - 1 addresses
Oct 18 11:48:12 gtw01 dnsmasq-dhcp[10678]: read /var/lib/neutron/dhcp/ccd7e74d-171e-4eab-b367-6d758f9e5492/host
Oct 18 11:48:12 gtw01 dnsmasq-dhcp[10678]: read /var/lib/neutron/dhcp/ccd7e74d-171e-4eab-b367-6d758f9e5492/opts
Oct 18 11:48:12 gtw01 haproxy-metadata-proxy-ccd7e74d-171e-4eab-b367-6d758f9e5492[10692]: Proxy listener started.
Oct 18 11:48:12 gtw01 dnsmasq[10645]: read /var/lib/neutron/dhcp/79f6ad69-48bf-4734-9fb5-9262d948aeb8/addn_hosts - 1 addresses
Oct 18 11:48:12 gtw01 dnsmasq-dhcp[10645]: read /var/lib/neutron/dhcp/79f6ad69-48bf-4734-9fb5-9262d948aeb8/host
Oct 18 11:48:12 gtw01 dnsmasq-dhcp[10645]: read /var/lib/neutron/dhcp/79f6ad69-48bf-4734-9fb5-9262d948aeb8/opts
Oct 18 11:48:13 gtw01 dnsmasq[10678]: read /var/lib/neutron/dhcp/ccd7e74d-171e-4eab-b367-6d758f9e5492/addn_hosts - 1 addresses
Oct 18 11:48:13 gtw01 dnsmasq-dhcp[10678]: read /var/lib/neutron/dhcp/ccd7e74d-171e-4eab-b367-6d758f9e5492/host
Oct 18 11:48:13 gtw01 dnsmasq-dhcp[10678]: read /var/lib/neutron/dhcp/ccd7e74d-171e-4eab-b367-6d758f9e5492/opts
Oct 18 11:48:14 gtw01 dnsmasq[10645]: read /var/lib/neutron/dhcp/79f6ad69-48bf-4734-9fb5-9262d948aeb8/addn_hosts - 1 addresses
Oct 18 11:48:14 gtw01 dnsmasq-dhcp[10645]: read /var/lib/neutron/dhcp/79f6ad69-48bf-4734-9fb5-9262d948aeb8/host
Oct 18 11:48:14 gtw01 dnsmasq-dhcp[10645]: read /var/lib/neutron/dhcp/79f6ad69-48bf-4734-9fb5-9262d948aeb8/opts
Oct 18 11:48:14 gtw01 dnsmasq[10756]: started, version 2.80 cachesize 150
Oct 18 11:48:14 gtw01 dnsmasq[10756]: DNS service limited to local subnets
Oct 18 11:48:14 gtw01 dnsmasq[10756]: compile time options: IPv6 GNU-getopt DBus i18n IDN DHCP DHCPv6 no-Lua TFTP conntrack ipset auth DNSSEC loop-detect inotify dumpfile
Oct 18 11:48:14 gtw01 dnsmasq[10756]: warning: no upstream servers configured
Oct 18 11:48:14 gtw01 dnsmasq-dhcp[10756]: DHCP, static leases only on 10.2.25.0, lease time 1h
Oct 18 11:48:14 gtw01 dnsmasq[10756]: read /var/lib/neutron/dhcp/bf9ca017-e361-409a-a7ec-18a8b072056d/addn_hosts - 1 addresses
Oct 18 11:48:14 gtw01 dnsmasq-dhcp[10756]: read /var/lib/neutron/dhcp/bf9ca017-e361-409a-a7ec-18a8b072056d/host
Oct 18 11:48:14 gtw01 dnsmasq-dhcp[10756]: read /var/lib/neutron/dhcp/bf9ca017-e361-409a-a7ec-18a8b072056d/opts
Oct 18 11:48:14 gtw01 haproxy-metadata-proxy-bf9ca017-e361-409a-a7ec-18a8b072056d[10764]: Proxy listener started.
Oct 18 11:48:15 gtw01 dnsmasq[10678]: read /var/lib/neutron/dhcp/ccd7e74d-171e-4eab-b367-6d758f9e5492/addn_hosts - 1 addresses
Oct 18 11:48:15 gtw01 dnsmasq-dhcp[10678]: read /var/lib/neutron/dhcp/ccd7e74d-171e-4eab-b367-6d758f9e5492/host
Oct 18 11:48:15 gtw01 dnsmasq-dhcp[10678]: read /var/lib/neutron/dhcp/ccd7e74d-171e-4eab-b367-6d758f9e5492/opts
Oct 18 11:48:15 gtw01 dnsmasq[10645]: read /var/lib/neutron/dhcp/79f6ad69-48bf-4734-9fb5-9262d948aeb8/addn_hosts - 2 addresses
Oct 18 11:48:15 gtw01 dnsmasq-dhcp[10645]: read /var/lib/neutron/dhcp/79f6ad69-48bf-4734-9fb5-9262d948aeb8/host
Oct 18 11:48:15 gtw01 dnsmasq-dhcp[10645]: read /var/lib/neutron/dhcp/79f6ad69-48bf-4734-9fb5-9262d948aeb8/opts
Oct 18 11:48:16 gtw01 dnsmasq[10756]: read /var/lib/neutron/dhcp/bf9ca017-e361-409a-a7ec-18a8b072056d/addn_hosts - 1 addresses
Oct 18 11:48:16 gtw01 dnsmasq-dhcp[10756]: read /var/lib/neutron/dhcp/bf9ca017-e361-409a-a7ec-18a8b072056d/host
Oct 18 11:48:16 gtw01 dnsmasq-dhcp[10756]: read /var/lib/neutron/dhcp/bf9ca017-e361-409a-a7ec-18a8b072056d/opts
Oct 18 11:48:16 gtw01 dnsmasq[10678]: read /var/lib/neutron/dhcp/ccd7e74d-171e-4eab-b367-6d758f9e5492/addn_hosts - 2 addresses
Oct 18 11:48:16 gtw01 dnsmasq-dhcp[10678]: read /var/lib/neutron/dhcp/ccd7e74d-171e-4eab-b367-6d758f9e5492/host
Oct 18 11:48:16 gtw01 dnsmasq-dhcp[10678]: read /var/lib/neutron/dhcp/ccd7e74d-171e-4eab-b367-6d758f9e5492/opts
Oct 18 11:48:16 gtw01 dnsmasq[10645]: read /var/lib/neutron/dhcp/79f6ad69-48bf-4734-9fb5-9262d948aeb8/addn_hosts - 3 addresses
Oct 18 11:48:16 gtw01 dnsmasq-dhcp[10645]: read /var/lib/neutron/dhcp/79f6ad69-48bf-4734-9fb5-9262d948aeb8/host
Oct 18 11:48:16 gtw01 dnsmasq-dhcp[10645]: read /var/lib/neutron/dhcp/79f6ad69-48bf-4734-9fb5-9262d948aeb8/opts
Oct 18 11:48:17 gtw01 dnsmasq[10756]: read /var/lib/neutron/dhcp/bf9ca017-e361-409a-a7ec-18a8b072056d/addn_hosts - 1 addresses
Oct 18 11:48:17 gtw01 dnsmasq-dhcp[10756]: read /var/lib/neutron/dhcp/bf9ca017-e361-409a-a7ec-18a8b072056d/host
Oct 18 11:48:17 gtw01 dnsmasq-dhcp[10756]: read /var/lib/neutron/dhcp/bf9ca017-e361-409a-a7ec-18a8b072056d/opts
Oct 18 11:48:17 gtw01 dnsmasq[10678]: read /var/lib/neutron/dhcp/ccd7e74d-171e-4eab-b367-6d758f9e5492/addn_hosts - 3 addresses
Oct 18 11:48:17 gtw01 dnsmasq-dhcp[10678]: read /var/lib/neutron/dhcp/ccd7e74d-171e-4eab-b367-6d758f9e5492/host
Oct 18 11:48:17 gtw01 dnsmasq-dhcp[10678]: read /var/lib/neutron/dhcp/ccd7e74d-171e-4eab-b367-6d758f9e5492/opts
Oct 18 11:48:18 gtw01 dnsmasq[10645]: read /var/lib/neutron/dhcp/79f6ad69-48bf-4734-9fb5-9262d948aeb8/addn_hosts - 4 addresses
Oct 18 11:48:18 gtw01 dnsmasq-dhcp[10645]: read /var/lib/neutron/dhcp/79f6ad69-48bf-4734-9fb5-9262d948aeb8/host
Oct 18 11:48:18 gtw01 dnsmasq-dhcp[10645]: read /var/lib/neutron/dhcp/79f6ad69-48bf-4734-9fb5-9262d948aeb8/opts
Oct 18 11:48:18 gtw01 dnsmasq[10756]: read /var/lib/neutron/dhcp/bf9ca017-e361-409a-a7ec-18a8b072056d/addn_hosts - 2 addresses
Oct 18 11:48:18 gtw01 dnsmasq-dhcp[10756]: read /var/lib/neutron/dhcp/bf9ca017-e361-409a-a7ec-18a8b072056d/host
Oct 18 11:48:18 gtw01 dnsmasq-dhcp[10756]: read /var/lib/neutron/dhcp/bf9ca017-e361-409a-a7ec-18a8b072056d/opts
Oct 18 11:48:19 gtw01 dnsmasq[10678]: read /var/lib/neutron/dhcp/ccd7e74d-171e-4eab-b367-6d758f9e5492/addn_hosts - 4 addresses
Oct 18 11:48:19 gtw01 dnsmasq-dhcp[10678]: read /var/lib/neutron/dhcp/ccd7e74d-171e-4eab-b367-6d758f9e5492/host
Oct 18 11:48:19 gtw01 dnsmasq-dhcp[10678]: read /var/lib/neutron/dhcp/ccd7e74d-171e-4eab-b367-6d758f9e5492/opts
Oct 18 11:48:19 gtw01 dnsmasq[10645]: read /var/lib/neutron/dhcp/79f6ad69-48bf-4734-9fb5-9262d948aeb8/addn_hosts - 4 addresses
Oct 18 11:48:19 gtw01 dnsmasq-dhcp[10645]: read /var/lib/neutron/dhcp/79f6ad69-48bf-4734-9fb5-9262d948aeb8/host
Oct 18 11:48:19 gtw01 dnsmasq-dhcp[10645]: read /var/lib/neutron/dhcp/79f6ad69-48bf-4734-9fb5-9262d948aeb8/opts
Oct 18 11:48:20 gtw01 dnsmasq[10756]: read /var/lib/neutron/dhcp/bf9ca017-e361-409a-a7ec-18a8b072056d/addn_hosts - 3 addresses
Oct 18 11:48:20 gtw01 dnsmasq-dhcp[10756]: read /var/lib/neutron/dhcp/bf9ca017-e361-409a-a7ec-18a8b072056d/host
Oct 18 11:48:20 gtw01 dnsmasq-dhcp[10756]: read /var/lib/neutron/dhcp/bf9ca017-e361-409a-a7ec-18a8b072056d/opts
Oct 18 11:48:20 gtw01 dnsmasq[10678]: read /var/lib/neutron/dhcp/ccd7e74d-171e-4eab-b367-6d758f9e5492/addn_hosts - 5 addresses
Oct 18 11:48:20 gtw01 dnsmasq-dhcp[10678]: read /var/lib/neutron/dhcp/ccd7e74d-171e-4eab-b367-6d758f9e5492/host
Oct 18 11:48:20 gtw01 dnsmasq-dhcp[10678]: read /var/lib/neutron/dhcp/ccd7e74d-171e-4eab-b367-6d758f9e5492/opts
Oct 18 11:48:21 gtw01 dnsmasq[10645]: read /var/lib/neutron/dhcp/79f6ad69-48bf-4734-9fb5-9262d948aeb8/addn_hosts - 3 addresses
Oct 18 11:48:21 gtw01 dnsmasq-dhcp[10645]: read /var/lib/neutron/dhcp/79f6ad69-48bf-4734-9fb5-9262d948aeb8/host
Oct 18 11:48:21 gtw01 dnsmasq-dhcp[10645]: read /var/lib/neutron/dhcp/79f6ad69-48bf-4734-9fb5-9262d948aeb8/opts
Oct 18 11:48:21 gtw01 dnsmasq[10756]: read /var/lib/neutron/dhcp/bf9ca017-e361-409a-a7ec-18a8b072056d/addn_hosts - 4 addresses
Oct 18 11:48:21 gtw01 dnsmasq-dhcp[10756]: read /var/lib/neutron/dhcp/bf9ca017-e361-409a-a7ec-18a8b072056d/host
Oct 18 11:48:21 gtw01 dnsmasq-dhcp[10756]: read /var/lib/neutron/dhcp/bf9ca017-e361-409a-a7ec-18a8b072056d/opts
Oct 18 11:48:22 gtw01 dnsmasq[10678]: read /var/lib/neutron/dhcp/ccd7e74d-171e-4eab-b367-6d758f9e5492/addn_hosts - 5 addresses
Oct 18 11:48:22 gtw01 dnsmasq-dhcp[10678]: read /var/lib/neutron/dhcp/ccd7e74d-171e-4eab-b367-6d758f9e5492/host
Oct 18 11:48:22 gtw01 dnsmasq-dhcp[10678]: read /var/lib/neutron/dhcp/ccd7e74d-171e-4eab-b367-6d758f9e5492/opts
Oct 18 11:48:22 gtw01 dnsmasq[10645]: read /var/lib/neutron/dhcp/79f6ad69-48bf-4734-9fb5-9262d948aeb8/addn_hosts - 2 addresses
Oct 18 11:48:22 gtw01 dnsmasq-dhcp[10645]: read /var/lib/neutron/dhcp/79f6ad69-48bf-4734-9fb5-9262d948aeb8/host
Oct 18 11:48:22 gtw01 dnsmasq-dhcp[10645]: read /var/lib/neutron/dhcp/79f6ad69-48bf-4734-9fb5-9262d948aeb8/opts
Oct 18 11:48:22 gtw01 dnsmasq[10756]: read /var/lib/neutron/dhcp/bf9ca017-e361-409a-a7ec-18a8b072056d/addn_hosts - 4 addresses
Oct 18 11:48:22 gtw01 dnsmasq-dhcp[10756]: read /var/lib/neutron/dhcp/bf9ca017-e361-409a-a7ec-18a8b072056d/host
Oct 18 11:48:22 gtw01 dnsmasq-dhcp[10756]: read /var/lib/neutron/dhcp/bf9ca017-e361-409a-a7ec-18a8b072056d/opts
Oct 18 11:48:23 gtw01 dnsmasq[10678]: read /var/lib/neutron/dhcp/ccd7e74d-171e-4eab-b367-6d758f9e5492/addn_hosts - 4 addresses
Oct 18 11:48:23 gtw01 dnsmasq-dhcp[10678]: read /var/lib/neutron/dhcp/ccd7e74d-171e-4eab-b367-6d758f9e5492/host
Oct 18 11:48:23 gtw01 dnsmasq-dhcp[10678]: read /var/lib/neutron/dhcp/ccd7e74d-171e-4eab-b367-6d758f9e5492/opts
Oct 18 11:48:23 gtw01 dnsmasq[10645]: read /var/lib/neutron/dhcp/79f6ad69-48bf-4734-9fb5-9262d948aeb8/addn_hosts - 1 addresses
Oct 18 11:48:23 gtw01 dnsmasq-dhcp[10645]: read /var/lib/neutron/dhcp/79f6ad69-48bf-4734-9fb5-9262d948aeb8/host
Oct 18 11:48:23 gtw01 dnsmasq-dhcp[10645]: read /var/lib/neutron/dhcp/79f6ad69-48bf-4734-9fb5-9262d948aeb8/opts
Oct 18 11:48:24 gtw01 dnsmasq[10756]: read /var/lib/neutron/dhcp/bf9ca017-e361-409a-a7ec-18a8b072056d/addn_hosts - 3 addresses
Oct 18 11:48:24 gtw01 dnsmasq-dhcp[10756]: read /var/lib/neutron/dhcp/bf9ca017-e361-409a-a7ec-18a8b072056d/host
Oct 18 11:48:24 gtw01 dnsmasq-dhcp[10756]: read /var/lib/neutron/dhcp/bf9ca017-e361-409a-a7ec-18a8b072056d/opts
Oct 18 11:48:24 gtw01 dnsmasq[10678]: read /var/lib/neutron/dhcp/ccd7e74d-171e-4eab-b367-6d758f9e5492/addn_hosts - 3 addresses
Oct 18 11:48:24 gtw01 dnsmasq-dhcp[10678]: read /var/lib/neutron/dhcp/ccd7e74d-171e-4eab-b367-6d758f9e5492/host
Oct 18 11:48:24 gtw01 dnsmasq-dhcp[10678]: read /var/lib/neutron/dhcp/ccd7e74d-171e-4eab-b367-6d758f9e5492/opts
Oct 18 11:48:25 gtw01 dnsmasq[10756]: read /var/lib/neutron/dhcp/bf9ca017-e361-409a-a7ec-18a8b072056d/addn_hosts - 2 addresses
Oct 18 11:48:25 gtw01 dnsmasq-dhcp[10756]: read /var/lib/neutron/dhcp/bf9ca017-e361-409a-a7ec-18a8b072056d/host
Oct 18 11:48:25 gtw01 dnsmasq-dhcp[10756]: read /var/lib/neutron/dhcp/bf9ca017-e361-409a-a7ec-18a8b072056d/opts
Oct 18 11:48:25 gtw01 dnsmasq[10678]: read /var/lib/neutron/dhcp/ccd7e74d-171e-4eab-b367-6d758f9e5492/addn_hosts - 2 addresses
Oct 18 11:48:25 gtw01 dnsmasq-dhcp[10678]: read /var/lib/neutron/dhcp/ccd7e74d-171e-4eab-b367-6d758f9e5492/host
Oct 18 11:48:25 gtw01 dnsmasq-dhcp[10678]: read /var/lib/neutron/dhcp/ccd7e74d-171e-4eab-b367-6d758f9e5492/opts
Oct 18 11:48:26 gtw01 dnsmasq[10756]: read /var/lib/neutron/dhcp/bf9ca017-e361-409a-a7ec-18a8b072056d/addn_hosts - 1 addresses
Oct 18 11:48:26 gtw01 dnsmasq-dhcp[10756]: read /var/lib/neutron/dhcp/bf9ca017-e361-409a-a7ec-18a8b072056d/host
Oct 18 11:48:26 gtw01 dnsmasq-dhcp[10756]: read /var/lib/neutron/dhcp/bf9ca017-e361-409a-a7ec-18a8b072056d/opts
Oct 18 11:48:26 gtw01 dnsmasq[10678]: read /var/lib/neutron/dhcp/ccd7e74d-171e-4eab-b367-6d758f9e5492/addn_hosts - 1 addresses
Oct 18 11:48:26 gtw01 dnsmasq-dhcp[10678]: read /var/lib/neutron/dhcp/ccd7e74d-171e-4eab-b367-6d758f9e5492/host
Oct 18 11:48:26 gtw01 dnsmasq-dhcp[10678]: read /var/lib/neutron/dhcp/ccd7e74d-171e-4eab-b367-6d758f9e5492/opts
Oct 18 11:48:36 gtw01 dnsmasq[10756]: read /var/lib/neutron/dhcp/bf9ca017-e361-409a-a7ec-18a8b072056d/addn_hosts - 1 addresses
Oct 18 11:48:36 gtw01 dnsmasq-dhcp[10756]: read /var/lib/neutron/dhcp/bf9ca017-e361-409a-a7ec-18a8b072056d/host
Oct 18 11:48:36 gtw01 dnsmasq-dhcp[10756]: read /var/lib/neutron/dhcp/bf9ca017-e361-409a-a7ec-18a8b072056d/opts
Oct 18 11:48:37 gtw01 kernel: [15342.834997] device tap5988399f-fb left promiscuous mode
Oct 18 11:48:40 gtw01 dnsmasq[10678]: read /var/lib/neutron/dhcp/ccd7e74d-171e-4eab-b367-6d758f9e5492/addn_hosts - 1 addresses
Oct 18 11:48:40 gtw01 dnsmasq-dhcp[10678]: read /var/lib/neutron/dhcp/ccd7e74d-171e-4eab-b367-6d758f9e5492/host
Oct 18 11:48:40 gtw01 dnsmasq-dhcp[10678]: read /var/lib/neutron/dhcp/ccd7e74d-171e-4eab-b367-6d758f9e5492/opts
Oct 18 11:48:41 gtw01 kernel: [15346.142806] device tap4a9ce9de-e3 left promiscuous mode
Oct 18 11:48:43 gtw01 dnsmasq[10645]: read /var/lib/neutron/dhcp/79f6ad69-48bf-4734-9fb5-9262d948aeb8/addn_hosts - 1 addresses
Oct 18 11:48:43 gtw01 dnsmasq-dhcp[10645]: read /var/lib/neutron/dhcp/79f6ad69-48bf-4734-9fb5-9262d948aeb8/host
Oct 18 11:48:43 gtw01 dnsmasq-dhcp[10645]: read /var/lib/neutron/dhcp/79f6ad69-48bf-4734-9fb5-9262d948aeb8/opts
Oct 18 11:48:44 gtw01 kernel: [15349.203249] device tap129ba4d1-10 left promiscuous mode
Oct 18 11:49:02 gtw01 kernel: [15367.168685] device tap505c822c-d6 entered promiscuous mode
Oct 18 11:49:02 gtw01 systemd-udevd[11277]: Could not generate persistent MAC address for tap505c822c-d6: No such file or directory
Oct 18 11:49:02 gtw01 systemd-udevd[11344]: Process '/sbin/ip link set tap505c822c-d6 txqueuelen 10000' failed with exit code 1.
Oct 18 11:49:05 gtw01 kernel: [15370.749694] device tap87f69463-fb entered promiscuous mode
Oct 18 11:49:05 gtw01 systemd-udevd[11452]: Could not generate persistent MAC address for tap87f69463-fb: No such file or directory
Oct 18 11:49:05 gtw01 kernel: [15370.805124] device tap0bb14ef6-ba entered promiscuous mode
Oct 18 11:49:05 gtw01 systemd-udevd[11469]: Could not generate persistent MAC address for tap0bb14ef6-ba: No such file or directory
Oct 18 11:49:06 gtw01 kernel: [15370.928154] device tap25892a25-ea entered promiscuous mode
Oct 18 11:49:06 gtw01 systemd-udevd[11452]: Process '/sbin/ip link set tap87f69463-fb txqueuelen 10000' failed with exit code 1.
Oct 18 11:49:06 gtw01 systemd-udevd[11469]: Process '/sbin/ip link set tap0bb14ef6-ba txqueuelen 10000' failed with exit code 1.
Oct 18 11:49:06 gtw01 systemd-udevd[11452]: Process '/sbin/ip link set tap87f69463-fb txqueuelen 10000' failed with exit code 1.
Oct 18 11:49:06 gtw01 systemd-udevd[11687]: Process '/sbin/ip link set tap25892a25-ea txqueuelen 10000' failed with exit code 1.
Oct 18 11:49:07 gtw01 dnsmasq[11727]: started, version 2.80 cachesize 150
Oct 18 11:49:07 gtw01 dnsmasq[11727]: DNS service limited to local subnets
Oct 18 11:49:07 gtw01 dnsmasq[11727]: compile time options: IPv6 GNU-getopt DBus i18n IDN DHCP DHCPv6 no-Lua TFTP conntrack ipset auth DNSSEC loop-detect inotify dumpfile
Oct 18 11:49:07 gtw01 dnsmasq[11727]: warning: no upstream servers configured
Oct 18 11:49:07 gtw01 dnsmasq-dhcp[11727]: DHCP, static leases only on 1.1.0.104, lease time 1h
Oct 18 11:49:07 gtw01 dnsmasq[11727]: read /var/lib/neutron/dhcp/ddd4a0c8-75f8-4c40-babe-c79cca3ab5bc/addn_hosts - 1 addresses
Oct 18 11:49:07 gtw01 dnsmasq-dhcp[11727]: read /var/lib/neutron/dhcp/ddd4a0c8-75f8-4c40-babe-c79cca3ab5bc/host
Oct 18 11:49:07 gtw01 dnsmasq-dhcp[11727]: read /var/lib/neutron/dhcp/ddd4a0c8-75f8-4c40-babe-c79cca3ab5bc/opts
Oct 18 11:49:07 gtw01 haproxy-metadata-proxy-ddd4a0c8-75f8-4c40-babe-c79cca3ab5bc[11739]: Proxy listener started.
Oct 18 11:49:08 gtw01 dnsmasq[11727]: read /var/lib/neutron/dhcp/ddd4a0c8-75f8-4c40-babe-c79cca3ab5bc/addn_hosts - 1 addresses
Oct 18 11:49:08 gtw01 dnsmasq-dhcp[11727]: read /var/lib/neutron/dhcp/ddd4a0c8-75f8-4c40-babe-c79cca3ab5bc/host
Oct 18 11:49:08 gtw01 dnsmasq-dhcp[11727]: read /var/lib/neutron/dhcp/ddd4a0c8-75f8-4c40-babe-c79cca3ab5bc/opts
Oct 18 11:49:11 gtw01 dnsmasq[11727]: read /var/lib/neutron/dhcp/ddd4a0c8-75f8-4c40-babe-c79cca3ab5bc/addn_hosts - 1 addresses
Oct 18 11:49:11 gtw01 dnsmasq-dhcp[11727]: read /var/lib/neutron/dhcp/ddd4a0c8-75f8-4c40-babe-c79cca3ab5bc/host
Oct 18 11:49:11 gtw01 dnsmasq-dhcp[11727]: read /var/lib/neutron/dhcp/ddd4a0c8-75f8-4c40-babe-c79cca3ab5bc/opts
Oct 18 11:49:12 gtw01 dnsmasq[11907]: started, version 2.80 cachesize 150
Oct 18 11:49:12 gtw01 dnsmasq[11907]: DNS service limited to local subnets
Oct 18 11:49:12 gtw01 dnsmasq[11907]: compile time options: IPv6 GNU-getopt DBus i18n IDN DHCP DHCPv6 no-Lua TFTP conntrack ipset auth DNSSEC loop-detect inotify dumpfile
Oct 18 11:49:12 gtw01 dnsmasq[11907]: warning: no upstream servers configured
Oct 18 11:49:12 gtw01 dnsmasq-dhcp[11907]: DHCP, static leases only on 1.1.0.108, lease time 1h
Oct 18 11:49:12 gtw01 dnsmasq[11907]: read /var/lib/neutron/dhcp/c958d528-8fba-445b-87d0-7c97ac35117a/addn_hosts - 1 addresses
Oct 18 11:49:12 gtw01 dnsmasq-dhcp[11907]: read /var/lib/neutron/dhcp/c958d528-8fba-445b-87d0-7c97ac35117a/host
Oct 18 11:49:12 gtw01 dnsmasq-dhcp[11907]: read /var/lib/neutron/dhcp/c958d528-8fba-445b-87d0-7c97ac35117a/opts
Oct 18 11:49:12 gtw01 kernel: [15377.045730] device tap492a0a0f-73 entered promiscuous mode
Oct 18 11:49:12 gtw01 systemd-udevd[11911]: Could not generate persistent MAC address for tap492a0a0f-73: No such file or directory
Oct 18 11:49:12 gtw01 systemd-udevd[11911]: Process '/sbin/ip link set tap492a0a0f-73 txqueuelen 10000' failed with exit code 1.
Oct 18 11:49:12 gtw01 systemd-udevd[11985]: Process '/sbin/ip link set tap492a0a0f-73 txqueuelen 10000' failed with exit code 1.
Oct 18 11:49:12 gtw01 dnsmasq[12007]: started, version 2.80 cachesize 150
Oct 18 11:49:12 gtw01 dnsmasq[12007]: DNS service limited to local subnets
Oct 18 11:49:12 gtw01 dnsmasq[12007]: compile time options: IPv6 GNU-getopt DBus i18n IDN DHCP DHCPv6 no-Lua TFTP conntrack ipset auth DNSSEC loop-detect inotify dumpfile
Oct 18 11:49:12 gtw01 dnsmasq[12007]: warning: no upstream servers configured
Oct 18 11:49:12 gtw01 dnsmasq-dhcp[12007]: DHCP, static leases only on 1.1.0.116, lease time 1h
Oct 18 11:49:12 gtw01 dnsmasq[12007]: read /var/lib/neutron/dhcp/df3f786c-be19-492d-afc6-357cc0006750/addn_hosts - 1 addresses
Oct 18 11:49:12 gtw01 dnsmasq-dhcp[12007]: read /var/lib/neutron/dhcp/df3f786c-be19-492d-afc6-357cc0006750/host
Oct 18 11:49:12 gtw01 dnsmasq-dhcp[12007]: read /var/lib/neutron/dhcp/df3f786c-be19-492d-afc6-357cc0006750/opts
Oct 18 11:49:12 gtw01 haproxy-metadata-proxy-c958d528-8fba-445b-87d0-7c97ac35117a[12013]: Proxy listener started.
Oct 18 11:49:13 gtw01 dnsmasq[12025]: started, version 2.80 cachesize 150
Oct 18 11:49:13 gtw01 dnsmasq[12025]: DNS service limited to local subnets
Oct 18 11:49:13 gtw01 dnsmasq[12025]: compile time options: IPv6 GNU-getopt DBus i18n IDN DHCP DHCPv6 no-Lua TFTP conntrack ipset auth DNSSEC loop-detect inotify dumpfile
Oct 18 11:49:13 gtw01 dnsmasq[12025]: warning: no upstream servers configured
Oct 18 11:49:13 gtw01 dnsmasq-dhcp[12025]: DHCP, static leases only on 1.1.0.112, lease time 1h
Oct 18 11:49:13 gtw01 dnsmasq[12025]: read /var/lib/neutron/dhcp/9a1dd136-683d-4075-962c-420f94a8515f/addn_hosts - 1 addresses
Oct 18 11:49:13 gtw01 dnsmasq-dhcp[12025]: read /var/lib/neutron/dhcp/9a1dd136-683d-4075-962c-420f94a8515f/host
Oct 18 11:49:13 gtw01 dnsmasq-dhcp[12025]: read /var/lib/neutron/dhcp/9a1dd136-683d-4075-962c-420f94a8515f/opts
Oct 18 11:49:13 gtw01 dnsmasq[11727]: read /var/lib/neutron/dhcp/ddd4a0c8-75f8-4c40-babe-c79cca3ab5bc/addn_hosts - 2 addresses
Oct 18 11:49:13 gtw01 dnsmasq-dhcp[11727]: read /var/lib/neutron/dhcp/ddd4a0c8-75f8-4c40-babe-c79cca3ab5bc/host
Oct 18 11:49:13 gtw01 dnsmasq-dhcp[11727]: read /var/lib/neutron/dhcp/ddd4a0c8-75f8-4c40-babe-c79cca3ab5bc/opts
Oct 18 11:49:13 gtw01 haproxy-metadata-proxy-df3f786c-be19-492d-afc6-357cc0006750[12030]: Proxy listener started.
Oct 18 11:49:13 gtw01 haproxy-metadata-proxy-9a1dd136-683d-4075-962c-420f94a8515f[12044]: Proxy listener started.
Oct 18 11:49:13 gtw01 dnsmasq[11907]: read /var/lib/neutron/dhcp/c958d528-8fba-445b-87d0-7c97ac35117a/addn_hosts - 2 addresses
Oct 18 11:49:13 gtw01 dnsmasq-dhcp[11907]: read /var/lib/neutron/dhcp/c958d528-8fba-445b-87d0-7c97ac35117a/host
Oct 18 11:49:13 gtw01 dnsmasq-dhcp[11907]: read /var/lib/neutron/dhcp/c958d528-8fba-445b-87d0-7c97ac35117a/opts
Oct 18 11:49:14 gtw01 dnsmasq[12007]: read /var/lib/neutron/dhcp/df3f786c-be19-492d-afc6-357cc0006750/addn_hosts - 2 addresses
Oct 18 11:49:14 gtw01 dnsmasq-dhcp[12007]: read /var/lib/neutron/dhcp/df3f786c-be19-492d-afc6-357cc0006750/host
Oct 18 11:49:14 gtw01 dnsmasq-dhcp[12007]: read /var/lib/neutron/dhcp/df3f786c-be19-492d-afc6-357cc0006750/opts
Oct 18 11:49:15 gtw01 dnsmasq[11727]: read /var/lib/neutron/dhcp/ddd4a0c8-75f8-4c40-babe-c79cca3ab5bc/addn_hosts - 2 addresses
Oct 18 11:49:15 gtw01 dnsmasq-dhcp[11727]: read /var/lib/neutron/dhcp/ddd4a0c8-75f8-4c40-babe-c79cca3ab5bc/host
Oct 18 11:49:15 gtw01 dnsmasq-dhcp[11727]: read /var/lib/neutron/dhcp/ddd4a0c8-75f8-4c40-babe-c79cca3ab5bc/opts
Oct 18 11:49:15 gtw01 dnsmasq[12025]: read /var/lib/neutron/dhcp/9a1dd136-683d-4075-962c-420f94a8515f/addn_hosts - 2 addresses
Oct 18 11:49:15 gtw01 dnsmasq-dhcp[12025]: read /var/lib/neutron/dhcp/9a1dd136-683d-4075-962c-420f94a8515f/host
Oct 18 11:49:15 gtw01 dnsmasq-dhcp[12025]: read /var/lib/neutron/dhcp/9a1dd136-683d-4075-962c-420f94a8515f/opts
Oct 18 11:49:15 gtw01 dnsmasq[11907]: read /var/lib/neutron/dhcp/c958d528-8fba-445b-87d0-7c97ac35117a/addn_hosts - 2 addresses
Oct 18 11:49:15 gtw01 dnsmasq-dhcp[11907]: read /var/lib/neutron/dhcp/c958d528-8fba-445b-87d0-7c97ac35117a/host
Oct 18 11:49:15 gtw01 dnsmasq-dhcp[11907]: read /var/lib/neutron/dhcp/c958d528-8fba-445b-87d0-7c97ac35117a/opts
Oct 18 11:49:16 gtw01 dnsmasq[12007]: read /var/lib/neutron/dhcp/df3f786c-be19-492d-afc6-357cc0006750/addn_hosts - 2 addresses
Oct 18 11:49:16 gtw01 dnsmasq-dhcp[12007]: read /var/lib/neutron/dhcp/df3f786c-be19-492d-afc6-357cc0006750/host
Oct 18 11:49:16 gtw01 dnsmasq-dhcp[12007]: read /var/lib/neutron/dhcp/df3f786c-be19-492d-afc6-357cc0006750/opts
Oct 18 11:49:17 gtw01 dnsmasq[11727]: read /var/lib/neutron/dhcp/ddd4a0c8-75f8-4c40-babe-c79cca3ab5bc/addn_hosts - 2 addresses
Oct 18 11:49:17 gtw01 dnsmasq-dhcp[11727]: read /var/lib/neutron/dhcp/ddd4a0c8-75f8-4c40-babe-c79cca3ab5bc/host
Oct 18 11:49:17 gtw01 dnsmasq-dhcp[11727]: read /var/lib/neutron/dhcp/ddd4a0c8-75f8-4c40-babe-c79cca3ab5bc/opts
Oct 18 11:49:17 gtw01 dnsmasq[12025]: read /var/lib/neutron/dhcp/9a1dd136-683d-4075-962c-420f94a8515f/addn_hosts - 2 addresses
Oct 18 11:49:17 gtw01 dnsmasq-dhcp[12025]: read /var/lib/neutron/dhcp/9a1dd136-683d-4075-962c-420f94a8515f/host
Oct 18 11:49:17 gtw01 dnsmasq-dhcp[12025]: read /var/lib/neutron/dhcp/9a1dd136-683d-4075-962c-420f94a8515f/opts
Oct 18 11:49:18 gtw01 dnsmasq[11907]: read /var/lib/neutron/dhcp/c958d528-8fba-445b-87d0-7c97ac35117a/addn_hosts - 2 addresses
Oct 18 11:49:18 gtw01 dnsmasq-dhcp[11907]: read /var/lib/neutron/dhcp/c958d528-8fba-445b-87d0-7c97ac35117a/host
Oct 18 11:49:18 gtw01 dnsmasq-dhcp[11907]: read /var/lib/neutron/dhcp/c958d528-8fba-445b-87d0-7c97ac35117a/opts
Oct 18 11:49:19 gtw01 dnsmasq[12261]: started, version 2.80 cachesize 150
Oct 18 11:49:19 gtw01 dnsmasq[12261]: DNS service limited to local subnets
Oct 18 11:49:19 gtw01 dnsmasq[12261]: compile time options: IPv6 GNU-getopt DBus i18n IDN DHCP DHCPv6 no-Lua TFTP conntrack ipset auth DNSSEC loop-detect inotify dumpfile
Oct 18 11:49:19 gtw01 dnsmasq[12261]: warning: no upstream servers configured
Oct 18 11:49:19 gtw01 dnsmasq-dhcp[12261]: DHCP, static leases only on 1.1.0.120, lease time 1h
Oct 18 11:49:19 gtw01 dnsmasq[12261]: read /var/lib/neutron/dhcp/fcc89da6-488f-4fad-a536-c7c02af2a628/addn_hosts - 1 addresses
Oct 18 11:49:19 gtw01 dnsmasq-dhcp[12261]: read /var/lib/neutron/dhcp/fcc89da6-488f-4fad-a536-c7c02af2a628/host
Oct 18 11:49:19 gtw01 dnsmasq-dhcp[12261]: read /var/lib/neutron/dhcp/fcc89da6-488f-4fad-a536-c7c02af2a628/opts
Oct 18 11:49:19 gtw01 kernel: [15384.537196] device tapbc6dea29-eb entered promiscuous mode
Oct 18 11:49:19 gtw01 systemd-udevd[12266]: Could not generate persistent MAC address for tapbc6dea29-eb: No such file or directory
Oct 18 11:49:19 gtw01 dnsmasq[12007]: read /var/lib/neutron/dhcp/df3f786c-be19-492d-afc6-357cc0006750/addn_hosts - 2 addresses
Oct 18 11:49:19 gtw01 dnsmasq-dhcp[12007]: read /var/lib/neutron/dhcp/df3f786c-be19-492d-afc6-357cc0006750/host
Oct 18 11:49:19 gtw01 dnsmasq-dhcp[12007]: read /var/lib/neutron/dhcp/df3f786c-be19-492d-afc6-357cc0006750/opts
Oct 18 11:49:19 gtw01 systemd-udevd[12266]: Process '/sbin/ip link set tapbc6dea29-eb txqueuelen 10000' failed with exit code 1.
Oct 18 11:49:19 gtw01 systemd-udevd[12266]: Process '/sbin/ip link set tapbc6dea29-eb txqueuelen 10000' failed with exit code 1.
Oct 18 11:49:20 gtw01 haproxy-metadata-proxy-fcc89da6-488f-4fad-a536-c7c02af2a628[12363]: Proxy listener started.
Oct 18 11:49:20 gtw01 dnsmasq[11727]: read /var/lib/neutron/dhcp/ddd4a0c8-75f8-4c40-babe-c79cca3ab5bc/addn_hosts - 1 addresses
Oct 18 11:49:20 gtw01 dnsmasq-dhcp[11727]: read /var/lib/neutron/dhcp/ddd4a0c8-75f8-4c40-babe-c79cca3ab5bc/host
Oct 18 11:49:20 gtw01 dnsmasq-dhcp[11727]: read /var/lib/neutron/dhcp/ddd4a0c8-75f8-4c40-babe-c79cca3ab5bc/opts
Oct 18 11:49:20 gtw01 dnsmasq[12025]: read /var/lib/neutron/dhcp/9a1dd136-683d-4075-962c-420f94a8515f/addn_hosts - 2 addresses
Oct 18 11:49:20 gtw01 dnsmasq-dhcp[12025]: read /var/lib/neutron/dhcp/9a1dd136-683d-4075-962c-420f94a8515f/host
Oct 18 11:49:20 gtw01 dnsmasq-dhcp[12025]: read /var/lib/neutron/dhcp/9a1dd136-683d-4075-962c-420f94a8515f/opts
Oct 18 11:49:21 gtw01 dnsmasq[11907]: read /var/lib/neutron/dhcp/c958d528-8fba-445b-87d0-7c97ac35117a/addn_hosts - 2 addresses
Oct 18 11:49:21 gtw01 dnsmasq-dhcp[11907]: read /var/lib/neutron/dhcp/c958d528-8fba-445b-87d0-7c97ac35117a/host
Oct 18 11:49:21 gtw01 dnsmasq-dhcp[11907]: read /var/lib/neutron/dhcp/c958d528-8fba-445b-87d0-7c97ac35117a/opts
Oct 18 11:49:22 gtw01 dnsmasq[12261]: read /var/lib/neutron/dhcp/fcc89da6-488f-4fad-a536-c7c02af2a628/addn_hosts - 1 addresses
Oct 18 11:49:22 gtw01 dnsmasq-dhcp[12261]: read /var/lib/neutron/dhcp/fcc89da6-488f-4fad-a536-c7c02af2a628/host
Oct 18 11:49:22 gtw01 dnsmasq-dhcp[12261]: read /var/lib/neutron/dhcp/fcc89da6-488f-4fad-a536-c7c02af2a628/opts
Oct 18 11:49:22 gtw01 dnsmasq[12007]: read /var/lib/neutron/dhcp/df3f786c-be19-492d-afc6-357cc0006750/addn_hosts - 2 addresses
Oct 18 11:49:22 gtw01 dnsmasq-dhcp[12007]: read /var/lib/neutron/dhcp/df3f786c-be19-492d-afc6-357cc0006750/host
Oct 18 11:49:22 gtw01 dnsmasq-dhcp[12007]: read /var/lib/neutron/dhcp/df3f786c-be19-492d-afc6-357cc0006750/opts
Oct 18 11:49:23 gtw01 dnsmasq[12025]: read /var/lib/neutron/dhcp/9a1dd136-683d-4075-962c-420f94a8515f/addn_hosts - 2 addresses
Oct 18 11:49:23 gtw01 dnsmasq-dhcp[12025]: read /var/lib/neutron/dhcp/9a1dd136-683d-4075-962c-420f94a8515f/host
Oct 18 11:49:23 gtw01 dnsmasq-dhcp[12025]: read /var/lib/neutron/dhcp/9a1dd136-683d-4075-962c-420f94a8515f/opts
Oct 18 11:49:24 gtw01 dnsmasq[11907]: read /var/lib/neutron/dhcp/c958d528-8fba-445b-87d0-7c97ac35117a/addn_hosts - 2 addresses
Oct 18 11:49:24 gtw01 dnsmasq-dhcp[11907]: read /var/lib/neutron/dhcp/c958d528-8fba-445b-87d0-7c97ac35117a/host
Oct 18 11:49:24 gtw01 dnsmasq-dhcp[11907]: read /var/lib/neutron/dhcp/c958d528-8fba-445b-87d0-7c97ac35117a/opts
Oct 18 11:49:24 gtw01 dnsmasq[12261]: read /var/lib/neutron/dhcp/fcc89da6-488f-4fad-a536-c7c02af2a628/addn_hosts - 1 addresses
Oct 18 11:49:24 gtw01 dnsmasq-dhcp[12261]: read /var/lib/neutron/dhcp/fcc89da6-488f-4fad-a536-c7c02af2a628/host
Oct 18 11:49:24 gtw01 dnsmasq-dhcp[12261]: read /var/lib/neutron/dhcp/fcc89da6-488f-4fad-a536-c7c02af2a628/opts
Oct 18 11:49:25 gtw01 dnsmasq[12007]: read /var/lib/neutron/dhcp/df3f786c-be19-492d-afc6-357cc0006750/addn_hosts - 2 addresses
Oct 18 11:49:25 gtw01 dnsmasq-dhcp[12007]: read /var/lib/neutron/dhcp/df3f786c-be19-492d-afc6-357cc0006750/host
Oct 18 11:49:25 gtw01 dnsmasq-dhcp[12007]: read /var/lib/neutron/dhcp/df3f786c-be19-492d-afc6-357cc0006750/opts
Oct 18 11:49:26 gtw01 kernel: [15391.533061] device tap185f34bb-50 entered promiscuous mode
Oct 18 11:49:26 gtw01 systemd-udevd[12588]: Could not generate persistent MAC address for tap185f34bb-50: No such file or directory
Oct 18 11:49:26 gtw01 dnsmasq[12025]: read /var/lib/neutron/dhcp/9a1dd136-683d-4075-962c-420f94a8515f/addn_hosts - 2 addresses
Oct 18 11:49:26 gtw01 dnsmasq-dhcp[12025]: read /var/lib/neutron/dhcp/9a1dd136-683d-4075-962c-420f94a8515f/host
Oct 18 11:49:26 gtw01 dnsmasq-dhcp[12025]: read /var/lib/neutron/dhcp/9a1dd136-683d-4075-962c-420f94a8515f/opts
Oct 18 11:49:26 gtw01 dnsmasq[11907]: read /var/lib/neutron/dhcp/c958d528-8fba-445b-87d0-7c97ac35117a/addn_hosts - 1 addresses
Oct 18 11:49:26 gtw01 dnsmasq-dhcp[11907]: read /var/lib/neutron/dhcp/c958d528-8fba-445b-87d0-7c97ac35117a/host
Oct 18 11:49:26 gtw01 dnsmasq-dhcp[11907]: read /var/lib/neutron/dhcp/c958d528-8fba-445b-87d0-7c97ac35117a/opts
Oct 18 11:49:27 gtw01 systemd-udevd[12673]: Process '/sbin/ip link set tap185f34bb-50 txqueuelen 10000' failed with exit code 1.
Oct 18 11:49:28 gtw01 dnsmasq[12261]: read /var/lib/neutron/dhcp/fcc89da6-488f-4fad-a536-c7c02af2a628/addn_hosts - 2 addresses
Oct 18 11:49:28 gtw01 dnsmasq-dhcp[12261]: read /var/lib/neutron/dhcp/fcc89da6-488f-4fad-a536-c7c02af2a628/host
Oct 18 11:49:28 gtw01 dnsmasq-dhcp[12261]: read /var/lib/neutron/dhcp/fcc89da6-488f-4fad-a536-c7c02af2a628/opts
Oct 18 11:49:28 gtw01 dnsmasq[12007]: read /var/lib/neutron/dhcp/df3f786c-be19-492d-afc6-357cc0006750/addn_hosts - 1 addresses
Oct 18 11:49:28 gtw01 dnsmasq-dhcp[12007]: read /var/lib/neutron/dhcp/df3f786c-be19-492d-afc6-357cc0006750/host
Oct 18 11:49:28 gtw01 dnsmasq-dhcp[12007]: read /var/lib/neutron/dhcp/df3f786c-be19-492d-afc6-357cc0006750/opts
Oct 18 11:49:29 gtw01 kernel: [15394.216867] device tap0a2314a4-9e entered promiscuous mode
Oct 18 11:49:29 gtw01 systemd-udevd[12759]: Could not generate persistent MAC address for tap0a2314a4-9e: No such file or directory
Oct 18 11:49:29 gtw01 dnsmasq[12830]: started, version 2.80 cachesize 150
Oct 18 11:49:29 gtw01 dnsmasq[12830]: DNS service limited to local subnets
Oct 18 11:49:29 gtw01 dnsmasq[12830]: compile time options: IPv6 GNU-getopt DBus i18n IDN DHCP DHCPv6 no-Lua TFTP conntrack ipset auth DNSSEC loop-detect inotify dumpfile
Oct 18 11:49:29 gtw01 dnsmasq[12830]: warning: no upstream servers configured
Oct 18 11:49:29 gtw01 dnsmasq-dhcp[12830]: DHCP, static leases only on 1.1.0.124, lease time 1h
Oct 18 11:49:29 gtw01 dnsmasq[12830]: read /var/lib/neutron/dhcp/d8c1d325-f692-4465-8092-6dee7b3feb76/addn_hosts - 1 addresses
Oct 18 11:49:29 gtw01 dnsmasq-dhcp[12830]: read /var/lib/neutron/dhcp/d8c1d325-f692-4465-8092-6dee7b3feb76/host
Oct 18 11:49:29 gtw01 dnsmasq-dhcp[12830]: read /var/lib/neutron/dhcp/d8c1d325-f692-4465-8092-6dee7b3feb76/opts
Oct 18 11:49:29 gtw01 systemd-udevd[12840]: Process '/sbin/ip link set tap0a2314a4-9e txqueuelen 10000' failed with exit code 1.
Oct 18 11:49:29 gtw01 kernel: [15394.741920] device tap8fc45752-e5 entered promiscuous mode
Oct 18 11:49:29 gtw01 systemd-udevd[12854]: Could not generate persistent MAC address for tap8fc45752-e5: No such file or directory
Oct 18 11:49:30 gtw01 dnsmasq[12025]: read /var/lib/neutron/dhcp/9a1dd136-683d-4075-962c-420f94a8515f/addn_hosts - 1 addresses
Oct 18 11:49:30 gtw01 dnsmasq-dhcp[12025]: read /var/lib/neutron/dhcp/9a1dd136-683d-4075-962c-420f94a8515f/host
Oct 18 11:49:30 gtw01 dnsmasq-dhcp[12025]: read /var/lib/neutron/dhcp/9a1dd136-683d-4075-962c-420f94a8515f/opts
Oct 18 11:49:30 gtw01 haproxy-metadata-proxy-d8c1d325-f692-4465-8092-6dee7b3feb76[12935]: Proxy listener started.
Oct 18 11:49:30 gtw01 systemd-udevd[12936]: Process '/sbin/ip link set tap8fc45752-e5 txqueuelen 10000' failed with exit code 1.
Oct 18 11:49:31 gtw01 dnsmasq[12261]: read /var/lib/neutron/dhcp/fcc89da6-488f-4fad-a536-c7c02af2a628/addn_hosts - 2 addresses
Oct 18 11:49:31 gtw01 dnsmasq-dhcp[12261]: read /var/lib/neutron/dhcp/fcc89da6-488f-4fad-a536-c7c02af2a628/host
Oct 18 11:49:31 gtw01 dnsmasq-dhcp[12261]: read /var/lib/neutron/dhcp/fcc89da6-488f-4fad-a536-c7c02af2a628/opts
Oct 18 11:49:32 gtw01 dnsmasq[12830]: read /var/lib/neutron/dhcp/d8c1d325-f692-4465-8092-6dee7b3feb76/addn_hosts - 1 addresses
Oct 18 11:49:32 gtw01 dnsmasq-dhcp[12830]: read /var/lib/neutron/dhcp/d8c1d325-f692-4465-8092-6dee7b3feb76/host
Oct 18 11:49:32 gtw01 dnsmasq-dhcp[12830]: read /var/lib/neutron/dhcp/d8c1d325-f692-4465-8092-6dee7b3feb76/opts
Oct 18 11:49:33 gtw01 dnsmasq[12261]: read /var/lib/neutron/dhcp/fcc89da6-488f-4fad-a536-c7c02af2a628/addn_hosts - 2 addresses
Oct 18 11:49:33 gtw01 dnsmasq-dhcp[12261]: read /var/lib/neutron/dhcp/fcc89da6-488f-4fad-a536-c7c02af2a628/host
Oct 18 11:49:33 gtw01 dnsmasq-dhcp[12261]: read /var/lib/neutron/dhcp/fcc89da6-488f-4fad-a536-c7c02af2a628/opts
Oct 18 11:49:33 gtw01 kernel: [15398.721006] device tap83d7d4b1-3b entered promiscuous mode
Oct 18 11:49:33 gtw01 systemd-udevd[13078]: Could not generate persistent MAC address for tap83d7d4b1-3b: No such file or directory
Oct 18 11:49:34 gtw01 systemd-udevd[13154]: Process '/sbin/ip link set tap83d7d4b1-3b txqueuelen 10000' failed with exit code 1.
Oct 18 11:49:34 gtw01 dnsmasq[12830]: read /var/lib/neutron/dhcp/d8c1d325-f692-4465-8092-6dee7b3feb76/addn_hosts - 1 addresses
Oct 18 11:49:34 gtw01 dnsmasq-dhcp[12830]: read /var/lib/neutron/dhcp/d8c1d325-f692-4465-8092-6dee7b3feb76/host
Oct 18 11:49:34 gtw01 dnsmasq-dhcp[12830]: read /var/lib/neutron/dhcp/d8c1d325-f692-4465-8092-6dee7b3feb76/opts
Oct 18 11:49:36 gtw01 dnsmasq[12261]: read /var/lib/neutron/dhcp/fcc89da6-488f-4fad-a536-c7c02af2a628/addn_hosts - 1 addresses
Oct 18 11:49:36 gtw01 dnsmasq-dhcp[12261]: read /var/lib/neutron/dhcp/fcc89da6-488f-4fad-a536-c7c02af2a628/host
Oct 18 11:49:36 gtw01 dnsmasq-dhcp[12261]: read /var/lib/neutron/dhcp/fcc89da6-488f-4fad-a536-c7c02af2a628/opts
Oct 18 11:49:36 gtw01 dnsmasq[13263]: started, version 2.80 cachesize 150
Oct 18 11:49:36 gtw01 dnsmasq[13263]: DNS service limited to local subnets
Oct 18 11:49:36 gtw01 dnsmasq[13263]: compile time options: IPv6 GNU-getopt DBus i18n IDN DHCP DHCPv6 no-Lua TFTP conntrack ipset auth DNSSEC loop-detect inotify dumpfile
Oct 18 11:49:36 gtw01 dnsmasq[13263]: warning: no upstream servers configured
Oct 18 11:49:36 gtw01 dnsmasq-dhcp[13263]: DHCP, static leases only on 1.1.0.132, lease time 1h
Oct 18 11:49:36 gtw01 dnsmasq[13263]: read /var/lib/neutron/dhcp/5cbd7cf2-b78b-4540-8fca-15cccdff386f/addn_hosts - 1 addresses
Oct 18 11:49:36 gtw01 dnsmasq-dhcp[13263]: read /var/lib/neutron/dhcp/5cbd7cf2-b78b-4540-8fca-15cccdff386f/host
Oct 18 11:49:36 gtw01 dnsmasq-dhcp[13263]: read /var/lib/neutron/dhcp/5cbd7cf2-b78b-4540-8fca-15cccdff386f/opts
Oct 18 11:49:37 gtw01 haproxy-metadata-proxy-5cbd7cf2-b78b-4540-8fca-15cccdff386f[13281]: Proxy listener started.
Oct 18 11:49:37 gtw01 dnsmasq[12830]: read /var/lib/neutron/dhcp/d8c1d325-f692-4465-8092-6dee7b3feb76/addn_hosts - 2 addresses
Oct 18 11:49:37 gtw01 dnsmasq-dhcp[12830]: read /var/lib/neutron/dhcp/d8c1d325-f692-4465-8092-6dee7b3feb76/host
Oct 18 11:49:37 gtw01 dnsmasq-dhcp[12830]: read /var/lib/neutron/dhcp/d8c1d325-f692-4465-8092-6dee7b3feb76/opts
Oct 18 11:49:38 gtw01 dnsmasq[13328]: started, version 2.80 cachesize 150
Oct 18 11:49:38 gtw01 dnsmasq[13328]: DNS service limited to local subnets
Oct 18 11:49:38 gtw01 dnsmasq[13328]: compile time options: IPv6 GNU-getopt DBus i18n IDN DHCP DHCPv6 no-Lua TFTP conntrack ipset auth DNSSEC loop-detect inotify dumpfile
Oct 18 11:49:38 gtw01 dnsmasq[13328]: warning: no upstream servers configured
Oct 18 11:49:38 gtw01 dnsmasq-dhcp[13328]: DHCP, static leases only on 1.1.0.128, lease time 1h
Oct 18 11:49:38 gtw01 dnsmasq[13328]: read /var/lib/neutron/dhcp/c888dd74-740b-4de2-8b26-44f52f3f6a34/addn_hosts - 1 addresses
Oct 18 11:49:38 gtw01 dnsmasq-dhcp[13328]: read /var/lib/neutron/dhcp/c888dd74-740b-4de2-8b26-44f52f3f6a34/host
Oct 18 11:49:38 gtw01 dnsmasq-dhcp[13328]: read /var/lib/neutron/dhcp/c888dd74-740b-4de2-8b26-44f52f3f6a34/opts
Oct 18 11:49:38 gtw01 dnsmasq[13263]: read /var/lib/neutron/dhcp/5cbd7cf2-b78b-4540-8fca-15cccdff386f/addn_hosts - 1 addresses
Oct 18 11:49:38 gtw01 dnsmasq-dhcp[13263]: read /var/lib/neutron/dhcp/5cbd7cf2-b78b-4540-8fca-15cccdff386f/host
Oct 18 11:49:38 gtw01 dnsmasq-dhcp[13263]: read /var/lib/neutron/dhcp/5cbd7cf2-b78b-4540-8fca-15cccdff386f/opts
Oct 18 11:49:38 gtw01 haproxy-metadata-proxy-c888dd74-740b-4de2-8b26-44f52f3f6a34[13345]: Proxy listener started.
Oct 18 11:49:39 gtw01 dnsmasq[13351]: started, version 2.80 cachesize 150
Oct 18 11:49:39 gtw01 dnsmasq[13351]: DNS service limited to local subnets
Oct 18 11:49:39 gtw01 dnsmasq[13351]: compile time options: IPv6 GNU-getopt DBus i18n IDN DHCP DHCPv6 no-Lua TFTP conntrack ipset auth DNSSEC loop-detect inotify dumpfile
Oct 18 11:49:39 gtw01 dnsmasq[13351]: warning: no upstream servers configured
Oct 18 11:49:39 gtw01 dnsmasq-dhcp[13351]: DHCP, static leases only on 1.1.0.136, lease time 1h
Oct 18 11:49:39 gtw01 dnsmasq[13351]: read /var/lib/neutron/dhcp/1a3529fb-773c-48db-a4de-cc8f8013924e/addn_hosts - 1 addresses
Oct 18 11:49:39 gtw01 dnsmasq-dhcp[13351]: read /var/lib/neutron/dhcp/1a3529fb-773c-48db-a4de-cc8f8013924e/host
Oct 18 11:49:39 gtw01 dnsmasq-dhcp[13351]: read /var/lib/neutron/dhcp/1a3529fb-773c-48db-a4de-cc8f8013924e/opts
Oct 18 11:49:39 gtw01 haproxy-metadata-proxy-1a3529fb-773c-48db-a4de-cc8f8013924e[13366]: Proxy listener started.
Oct 18 11:49:39 gtw01 dnsmasq[12830]: read /var/lib/neutron/dhcp/d8c1d325-f692-4465-8092-6dee7b3feb76/addn_hosts - 2 addresses
Oct 18 11:49:39 gtw01 dnsmasq-dhcp[12830]: read /var/lib/neutron/dhcp/d8c1d325-f692-4465-8092-6dee7b3feb76/host
Oct 18 11:49:39 gtw01 dnsmasq-dhcp[12830]: read /var/lib/neutron/dhcp/d8c1d325-f692-4465-8092-6dee7b3feb76/opts
Oct 18 11:49:40 gtw01 dnsmasq[13328]: read /var/lib/neutron/dhcp/c888dd74-740b-4de2-8b26-44f52f3f6a34/addn_hosts - 1 addresses
Oct 18 11:49:40 gtw01 dnsmasq-dhcp[13328]: read /var/lib/neutron/dhcp/c888dd74-740b-4de2-8b26-44f52f3f6a34/host
Oct 18 11:49:40 gtw01 dnsmasq-dhcp[13328]: read /var/lib/neutron/dhcp/c888dd74-740b-4de2-8b26-44f52f3f6a34/opts
Oct 18 11:49:40 gtw01 dnsmasq[13351]: read /var/lib/neutron/dhcp/1a3529fb-773c-48db-a4de-cc8f8013924e/addn_hosts - 1 addresses
Oct 18 11:49:40 gtw01 dnsmasq-dhcp[13351]: read /var/lib/neutron/dhcp/1a3529fb-773c-48db-a4de-cc8f8013924e/host
Oct 18 11:49:40 gtw01 dnsmasq-dhcp[13351]: read /var/lib/neutron/dhcp/1a3529fb-773c-48db-a4de-cc8f8013924e/opts
Oct 18 11:49:40 gtw01 dnsmasq[13263]: read /var/lib/neutron/dhcp/5cbd7cf2-b78b-4540-8fca-15cccdff386f/addn_hosts - 1 addresses
Oct 18 11:49:40 gtw01 dnsmasq-dhcp[13263]: read /var/lib/neutron/dhcp/5cbd7cf2-b78b-4540-8fca-15cccdff386f/host
Oct 18 11:49:40 gtw01 dnsmasq-dhcp[13263]: read /var/lib/neutron/dhcp/5cbd7cf2-b78b-4540-8fca-15cccdff386f/opts
Oct 18 11:49:41 gtw01 dnsmasq[13448]: started, version 2.80 cachesize 150
Oct 18 11:49:41 gtw01 dnsmasq[13448]: DNS service limited to local subnets
Oct 18 11:49:41 gtw01 dnsmasq[13448]: compile time options: IPv6 GNU-getopt DBus i18n IDN DHCP DHCPv6 no-Lua TFTP conntrack ipset auth DNSSEC loop-detect inotify dumpfile
Oct 18 11:49:41 gtw01 dnsmasq[13448]: warning: no upstream servers configured
Oct 18 11:49:41 gtw01 dnsmasq-dhcp[13448]: DHCP, static leases only on 1.1.0.140, lease time 1h
Oct 18 11:49:41 gtw01 dnsmasq[13448]: read /var/lib/neutron/dhcp/a5a786cf-90d9-49ff-af0e-cd470c863472/addn_hosts - 1 addresses
Oct 18 11:49:41 gtw01 dnsmasq-dhcp[13448]: read /var/lib/neutron/dhcp/a5a786cf-90d9-49ff-af0e-cd470c863472/host
Oct 18 11:49:41 gtw01 dnsmasq-dhcp[13448]: read /var/lib/neutron/dhcp/a5a786cf-90d9-49ff-af0e-cd470c863472/opts
Oct 18 11:49:41 gtw01 dnsmasq[12830]: read /var/lib/neutron/dhcp/d8c1d325-f692-4465-8092-6dee7b3feb76/addn_hosts - 2 addresses
Oct 18 11:49:41 gtw01 dnsmasq-dhcp[12830]: read /var/lib/neutron/dhcp/d8c1d325-f692-4465-8092-6dee7b3feb76/host
Oct 18 11:49:41 gtw01 dnsmasq-dhcp[12830]: read /var/lib/neutron/dhcp/d8c1d325-f692-4465-8092-6dee7b3feb76/opts
Oct 18 11:49:42 gtw01 haproxy-metadata-proxy-a5a786cf-90d9-49ff-af0e-cd470c863472[13467]: Proxy listener started.
Oct 18 11:49:42 gtw01 dnsmasq[13328]: read /var/lib/neutron/dhcp/c888dd74-740b-4de2-8b26-44f52f3f6a34/addn_hosts - 1 addresses
Oct 18 11:49:42 gtw01 dnsmasq-dhcp[13328]: read /var/lib/neutron/dhcp/c888dd74-740b-4de2-8b26-44f52f3f6a34/host
Oct 18 11:49:42 gtw01 dnsmasq-dhcp[13328]: read /var/lib/neutron/dhcp/c888dd74-740b-4de2-8b26-44f52f3f6a34/opts
Oct 18 11:49:42 gtw01 dnsmasq[13351]: read /var/lib/neutron/dhcp/1a3529fb-773c-48db-a4de-cc8f8013924e/addn_hosts - 1 addresses
Oct 18 11:49:42 gtw01 dnsmasq-dhcp[13351]: read /var/lib/neutron/dhcp/1a3529fb-773c-48db-a4de-cc8f8013924e/host
Oct 18 11:49:42 gtw01 dnsmasq-dhcp[13351]: read /var/lib/neutron/dhcp/1a3529fb-773c-48db-a4de-cc8f8013924e/opts
Oct 18 11:49:43 gtw01 dnsmasq[13263]: read /var/lib/neutron/dhcp/5cbd7cf2-b78b-4540-8fca-15cccdff386f/addn_hosts - 2 addresses
Oct 18 11:49:43 gtw01 dnsmasq-dhcp[13263]: read /var/lib/neutron/dhcp/5cbd7cf2-b78b-4540-8fca-15cccdff386f/host
Oct 18 11:49:43 gtw01 dnsmasq-dhcp[13263]: read /var/lib/neutron/dhcp/5cbd7cf2-b78b-4540-8fca-15cccdff386f/opts
Oct 18 11:49:43 gtw01 dnsmasq[13448]: read /var/lib/neutron/dhcp/a5a786cf-90d9-49ff-af0e-cd470c863472/addn_hosts - 1 addresses
Oct 18 11:49:43 gtw01 dnsmasq-dhcp[13448]: read /var/lib/neutron/dhcp/a5a786cf-90d9-49ff-af0e-cd470c863472/host
Oct 18 11:49:43 gtw01 dnsmasq-dhcp[13448]: read /var/lib/neutron/dhcp/a5a786cf-90d9-49ff-af0e-cd470c863472/opts
Oct 18 11:49:44 gtw01 dnsmasq[12830]: read /var/lib/neutron/dhcp/d8c1d325-f692-4465-8092-6dee7b3feb76/addn_hosts - 1 addresses
Oct 18 11:49:44 gtw01 dnsmasq-dhcp[12830]: read /var/lib/neutron/dhcp/d8c1d325-f692-4465-8092-6dee7b3feb76/host
Oct 18 11:49:44 gtw01 dnsmasq-dhcp[12830]: read /var/lib/neutron/dhcp/d8c1d325-f692-4465-8092-6dee7b3feb76/opts
Oct 18 11:49:44 gtw01 dnsmasq[13328]: read /var/lib/neutron/dhcp/c888dd74-740b-4de2-8b26-44f52f3f6a34/addn_hosts - 2 addresses
Oct 18 11:49:44 gtw01 dnsmasq-dhcp[13328]: read /var/lib/neutron/dhcp/c888dd74-740b-4de2-8b26-44f52f3f6a34/host
Oct 18 11:49:44 gtw01 dnsmasq-dhcp[13328]: read /var/lib/neutron/dhcp/c888dd74-740b-4de2-8b26-44f52f3f6a34/opts
Oct 18 11:49:45 gtw01 dnsmasq[13351]: read /var/lib/neutron/dhcp/1a3529fb-773c-48db-a4de-cc8f8013924e/addn_hosts - 2 addresses
Oct 18 11:49:45 gtw01 dnsmasq-dhcp[13351]: read /var/lib/neutron/dhcp/1a3529fb-773c-48db-a4de-cc8f8013924e/host
Oct 18 11:49:45 gtw01 dnsmasq-dhcp[13351]: read /var/lib/neutron/dhcp/1a3529fb-773c-48db-a4de-cc8f8013924e/opts
Oct 18 11:49:45 gtw01 dnsmasq[13263]: read /var/lib/neutron/dhcp/5cbd7cf2-b78b-4540-8fca-15cccdff386f/addn_hosts - 2 addresses
Oct 18 11:49:45 gtw01 dnsmasq-dhcp[13263]: read /var/lib/neutron/dhcp/5cbd7cf2-b78b-4540-8fca-15cccdff386f/host
Oct 18 11:49:45 gtw01 dnsmasq-dhcp[13263]: read /var/lib/neutron/dhcp/5cbd7cf2-b78b-4540-8fca-15cccdff386f/opts
Oct 18 11:49:45 gtw01 dnsmasq[13448]: read /var/lib/neutron/dhcp/a5a786cf-90d9-49ff-af0e-cd470c863472/addn_hosts - 2 addresses
Oct 18 11:49:45 gtw01 dnsmasq-dhcp[13448]: read /var/lib/neutron/dhcp/a5a786cf-90d9-49ff-af0e-cd470c863472/host
Oct 18 11:49:45 gtw01 dnsmasq-dhcp[13448]: read /var/lib/neutron/dhcp/a5a786cf-90d9-49ff-af0e-cd470c863472/opts
Oct 18 11:49:46 gtw01 dnsmasq[13328]: read /var/lib/neutron/dhcp/c888dd74-740b-4de2-8b26-44f52f3f6a34/addn_hosts - 2 addresses
Oct 18 11:49:46 gtw01 dnsmasq-dhcp[13328]: read /var/lib/neutron/dhcp/c888dd74-740b-4de2-8b26-44f52f3f6a34/host
Oct 18 11:49:46 gtw01 dnsmasq-dhcp[13328]: read /var/lib/neutron/dhcp/c888dd74-740b-4de2-8b26-44f52f3f6a34/opts
Oct 18 11:49:47 gtw01 dnsmasq[13351]: read /var/lib/neutron/dhcp/1a3529fb-773c-48db-a4de-cc8f8013924e/addn_hosts - 2 addresses
Oct 18 11:49:47 gtw01 dnsmasq-dhcp[13351]: read /var/lib/neutron/dhcp/1a3529fb-773c-48db-a4de-cc8f8013924e/host
Oct 18 11:49:47 gtw01 dnsmasq-dhcp[13351]: read /var/lib/neutron/dhcp/1a3529fb-773c-48db-a4de-cc8f8013924e/opts
Oct 18 11:49:47 gtw01 dnsmasq[13263]: read /var/lib/neutron/dhcp/5cbd7cf2-b78b-4540-8fca-15cccdff386f/addn_hosts - 2 addresses
Oct 18 11:49:47 gtw01 dnsmasq-dhcp[13263]: read /var/lib/neutron/dhcp/5cbd7cf2-b78b-4540-8fca-15cccdff386f/host
Oct 18 11:49:47 gtw01 dnsmasq-dhcp[13263]: read /var/lib/neutron/dhcp/5cbd7cf2-b78b-4540-8fca-15cccdff386f/opts
Oct 18 11:49:47 gtw01 dnsmasq[13448]: read /var/lib/neutron/dhcp/a5a786cf-90d9-49ff-af0e-cd470c863472/addn_hosts - 2 addresses
Oct 18 11:49:47 gtw01 dnsmasq-dhcp[13448]: read /var/lib/neutron/dhcp/a5a786cf-90d9-49ff-af0e-cd470c863472/host
Oct 18 11:49:47 gtw01 dnsmasq-dhcp[13448]: read /var/lib/neutron/dhcp/a5a786cf-90d9-49ff-af0e-cd470c863472/opts
Oct 18 11:49:48 gtw01 dnsmasq[13328]: read /var/lib/neutron/dhcp/c888dd74-740b-4de2-8b26-44f52f3f6a34/addn_hosts - 2 addresses
Oct 18 11:49:48 gtw01 dnsmasq-dhcp[13328]: read /var/lib/neutron/dhcp/c888dd74-740b-4de2-8b26-44f52f3f6a34/host
Oct 18 11:49:48 gtw01 dnsmasq-dhcp[13328]: read /var/lib/neutron/dhcp/c888dd74-740b-4de2-8b26-44f52f3f6a34/opts
Oct 18 11:49:49 gtw01 dnsmasq[13351]: read /var/lib/neutron/dhcp/1a3529fb-773c-48db-a4de-cc8f8013924e/addn_hosts - 2 addresses
Oct 18 11:49:49 gtw01 dnsmasq-dhcp[13351]: read /var/lib/neutron/dhcp/1a3529fb-773c-48db-a4de-cc8f8013924e/host
Oct 18 11:49:49 gtw01 dnsmasq-dhcp[13351]: read /var/lib/neutron/dhcp/1a3529fb-773c-48db-a4de-cc8f8013924e/opts
Oct 18 11:49:49 gtw01 dnsmasq[13263]: read /var/lib/neutron/dhcp/5cbd7cf2-b78b-4540-8fca-15cccdff386f/addn_hosts - 1 addresses
Oct 18 11:49:49 gtw01 dnsmasq-dhcp[13263]: read /var/lib/neutron/dhcp/5cbd7cf2-b78b-4540-8fca-15cccdff386f/host
Oct 18 11:49:49 gtw01 dnsmasq-dhcp[13263]: read /var/lib/neutron/dhcp/5cbd7cf2-b78b-4540-8fca-15cccdff386f/opts
Oct 18 11:49:49 gtw01 dnsmasq[13448]: read /var/lib/neutron/dhcp/a5a786cf-90d9-49ff-af0e-cd470c863472/addn_hosts - 2 addresses
Oct 18 11:49:49 gtw01 dnsmasq-dhcp[13448]: read /var/lib/neutron/dhcp/a5a786cf-90d9-49ff-af0e-cd470c863472/host
Oct 18 11:49:49 gtw01 dnsmasq-dhcp[13448]: read /var/lib/neutron/dhcp/a5a786cf-90d9-49ff-af0e-cd470c863472/opts
Oct 18 11:49:50 gtw01 dnsmasq[13328]: read /var/lib/neutron/dhcp/c888dd74-740b-4de2-8b26-44f52f3f6a34/addn_hosts - 1 addresses
Oct 18 11:49:50 gtw01 dnsmasq-dhcp[13328]: read /var/lib/neutron/dhcp/c888dd74-740b-4de2-8b26-44f52f3f6a34/host
Oct 18 11:49:50 gtw01 dnsmasq-dhcp[13328]: read /var/lib/neutron/dhcp/c888dd74-740b-4de2-8b26-44f52f3f6a34/opts
Oct 18 11:49:50 gtw01 dnsmasq[13351]: read /var/lib/neutron/dhcp/1a3529fb-773c-48db-a4de-cc8f8013924e/addn_hosts - 1 addresses
Oct 18 11:49:50 gtw01 dnsmasq-dhcp[13351]: read /var/lib/neutron/dhcp/1a3529fb-773c-48db-a4de-cc8f8013924e/host
Oct 18 11:49:50 gtw01 dnsmasq-dhcp[13351]: read /var/lib/neutron/dhcp/1a3529fb-773c-48db-a4de-cc8f8013924e/opts
Oct 18 11:49:51 gtw01 dnsmasq[13448]: read /var/lib/neutron/dhcp/a5a786cf-90d9-49ff-af0e-cd470c863472/addn_hosts - 2 addresses
Oct 18 11:49:51 gtw01 dnsmasq-dhcp[13448]: read /var/lib/neutron/dhcp/a5a786cf-90d9-49ff-af0e-cd470c863472/host
Oct 18 11:49:51 gtw01 dnsmasq-dhcp[13448]: read /var/lib/neutron/dhcp/a5a786cf-90d9-49ff-af0e-cd470c863472/opts
Oct 18 11:49:52 gtw01 dnsmasq[13448]: read /var/lib/neutron/dhcp/a5a786cf-90d9-49ff-af0e-cd470c863472/addn_hosts - 1 addresses
Oct 18 11:49:52 gtw01 dnsmasq-dhcp[13448]: read /var/lib/neutron/dhcp/a5a786cf-90d9-49ff-af0e-cd470c863472/host
Oct 18 11:49:52 gtw01 dnsmasq-dhcp[13448]: read /var/lib/neutron/dhcp/a5a786cf-90d9-49ff-af0e-cd470c863472/opts
Oct 18 11:49:52 gtw01 kernel: [15417.232702] device tap25892a25-ea left promiscuous mode
Oct 18 11:49:53 gtw01 kernel: [15418.087211] device tapbc6dea29-eb left promiscuous mode
Oct 18 11:49:53 gtw01 kernel: [15418.693068] device tap87f69463-fb left promiscuous mode
Oct 18 11:49:53 gtw01 kernel: [15418.784842] device tap185f34bb-50 left promiscuous mode
Oct 18 11:49:54 gtw01 kernel: [15419.068920] device tap8fc45752-e5 left promiscuous mode
Oct 18 11:49:54 gtw01 kernel: [15419.186386] device tap0bb14ef6-ba left promiscuous mode
Oct 18 11:49:55 gtw01 kernel: [15420.278972] device tap505c822c-d6 left promiscuous mode
Oct 18 11:49:55 gtw01 kernel: [15420.586738] device tap492a0a0f-73 left promiscuous mode
Oct 18 11:49:55 gtw01 kernel: [15420.761753] device tap0a2314a4-9e left promiscuous mode
Oct 18 11:49:56 gtw01 kernel: [15421.699796] device tap83d7d4b1-3b left promiscuous mode
Oct 18 11:50:26 gtw01 kernel: [15451.007858] device tape3fba9dd-19 entered promiscuous mode
Oct 18 11:50:26 gtw01 systemd-udevd[13904]: Process '/sbin/ip link set tape3fba9dd-19 txqueuelen 10000' failed with exit code 1.
Oct 18 11:50:26 gtw01 systemd-udevd[13981]: Process '/sbin/ip link set tape3fba9dd-19 txqueuelen 10000' failed with exit code 1.
Oct 18 11:50:27 gtw01 kernel: [15452.896817] device tap7f700051-7a entered promiscuous mode
Oct 18 11:50:28 gtw01 systemd-udevd[14030]: Process '/sbin/ip link set tap7f700051-7a txqueuelen 10000' failed with exit code 1.
Oct 18 11:50:28 gtw01 systemd-udevd[14030]: Process '/sbin/ip link set tap7f700051-7a txqueuelen 10000' failed with exit code 1.
Oct 18 11:50:29 gtw01 kernel: [15454.238165] device tap8de59d14-dc entered promiscuous mode
