Oct 18 11:53:46 gtw01 dnsmasq-dhcp[17312]: read /var/lib/neutron/dhcp/0beba142-e67b-4ca5-94e4-a2a56721dcaa/opts
Oct 18 11:53:47 gtw01 dnsmasq[17241]: read /var/lib/neutron/dhcp/9e9d03d4-6b3e-454e-a0ae-0d2fc376791d/addn_hosts - 2 addresses
Oct 18 11:53:47 gtw01 dnsmasq-dhcp[17241]: read /var/lib/neutron/dhcp/9e9d03d4-6b3e-454e-a0ae-0d2fc376791d/host
Oct 18 11:53:47 gtw01 dnsmasq-dhcp[17241]: read /var/lib/neutron/dhcp/9e9d03d4-6b3e-454e-a0ae-0d2fc376791d/opts
Oct 18 11:53:47 gtw01 dnsmasq[16305]: read /var/lib/neutron/dhcp/f00be621-1900-41e3-84b0-6225f0ec5638/addn_hosts - 1 addresses
Oct 18 11:53:47 gtw01 dnsmasq-dhcp[16305]: read /var/lib/neutron/dhcp/f00be621-1900-41e3-84b0-6225f0ec5638/host
Oct 18 11:53:47 gtw01 dnsmasq-dhcp[16305]: read /var/lib/neutron/dhcp/f00be621-1900-41e3-84b0-6225f0ec5638/opts
Oct 18 11:53:47 gtw01 dnsmasq[17926]: started, version 2.80 cachesize 150
Oct 18 11:53:47 gtw01 dnsmasq[17926]: DNS service limited to local subnets
Oct 18 11:53:47 gtw01 dnsmasq[17926]: compile time options: IPv6 GNU-getopt DBus i18n IDN DHCP DHCPv6 no-Lua TFTP conntrack ipset auth DNSSEC loop-detect inotify dumpfile
Oct 18 11:53:47 gtw01 dnsmasq[17926]: warning: no upstream servers configured
Oct 18 11:53:47 gtw01 dnsmasq-dhcp[17926]: DHCP, static leases only on 1.1.0.240, lease time 1h
Oct 18 11:53:47 gtw01 dnsmasq[17926]: read /var/lib/neutron/dhcp/6f47138a-c128-48a4-b620-6d25a15e78ba/addn_hosts - 2 addresses
Oct 18 11:53:47 gtw01 dnsmasq-dhcp[17926]: read /var/lib/neutron/dhcp/6f47138a-c128-48a4-b620-6d25a15e78ba/host
Oct 18 11:53:47 gtw01 dnsmasq-dhcp[17926]: read /var/lib/neutron/dhcp/6f47138a-c128-48a4-b620-6d25a15e78ba/opts
Oct 18 11:53:48 gtw01 dnsmasq[16346]: read /var/lib/neutron/dhcp/d45572f3-9331-4d64-b74a-3c29b04d0fad/addn_hosts - 1 addresses
Oct 18 11:53:48 gtw01 dnsmasq-dhcp[16346]: read /var/lib/neutron/dhcp/d45572f3-9331-4d64-b74a-3c29b04d0fad/host
Oct 18 11:53:48 gtw01 dnsmasq-dhcp[16346]: read /var/lib/neutron/dhcp/d45572f3-9331-4d64-b74a-3c29b04d0fad/opts
Oct 18 11:53:48 gtw01 haproxy-metadata-proxy-6f47138a-c128-48a4-b620-6d25a15e78ba[17953]: Proxy listener started.
Oct 18 11:53:49 gtw01 dnsmasq[17178]: read /var/lib/neutron/dhcp/60d5e1b9-e417-4ee6-a065-dc77938c4ab3/addn_hosts - 1 addresses
Oct 18 11:53:49 gtw01 dnsmasq-dhcp[17178]: read /var/lib/neutron/dhcp/60d5e1b9-e417-4ee6-a065-dc77938c4ab3/host
Oct 18 11:53:49 gtw01 dnsmasq-dhcp[17178]: read /var/lib/neutron/dhcp/60d5e1b9-e417-4ee6-a065-dc77938c4ab3/opts
Oct 18 11:53:49 gtw01 dnsmasq[17293]: read /var/lib/neutron/dhcp/c4ae7689-86c4-44c5-9370-bb7181f0b6de/addn_hosts - 2 addresses
Oct 18 11:53:49 gtw01 dnsmasq-dhcp[17293]: read /var/lib/neutron/dhcp/c4ae7689-86c4-44c5-9370-bb7181f0b6de/host
Oct 18 11:53:49 gtw01 dnsmasq-dhcp[17293]: read /var/lib/neutron/dhcp/c4ae7689-86c4-44c5-9370-bb7181f0b6de/opts
Oct 18 11:53:49 gtw01 dnsmasq-dhcp[17926]: DHCPRELEASE(tapdaf9e044-cf) 1.1.0.241 fa:16:3e:0a:58:a0
Oct 18 11:53:50 gtw01 dnsmasq[17312]: read /var/lib/neutron/dhcp/0beba142-e67b-4ca5-94e4-a2a56721dcaa/addn_hosts - 2 addresses
Oct 18 11:53:50 gtw01 dnsmasq-dhcp[17312]: read /var/lib/neutron/dhcp/0beba142-e67b-4ca5-94e4-a2a56721dcaa/host
Oct 18 11:53:50 gtw01 dnsmasq-dhcp[17312]: read /var/lib/neutron/dhcp/0beba142-e67b-4ca5-94e4-a2a56721dcaa/opts
Oct 18 11:53:50 gtw01 dnsmasq[17241]: read /var/lib/neutron/dhcp/9e9d03d4-6b3e-454e-a0ae-0d2fc376791d/addn_hosts - 1 addresses
Oct 18 11:53:50 gtw01 dnsmasq-dhcp[17241]: read /var/lib/neutron/dhcp/9e9d03d4-6b3e-454e-a0ae-0d2fc376791d/host
Oct 18 11:53:50 gtw01 dnsmasq-dhcp[17241]: read /var/lib/neutron/dhcp/9e9d03d4-6b3e-454e-a0ae-0d2fc376791d/opts
Oct 18 11:53:50 gtw01 dnsmasq[18013]: started, version 2.80 cachesize 150
Oct 18 11:53:50 gtw01 dnsmasq[18013]: DNS service limited to local subnets
Oct 18 11:53:50 gtw01 dnsmasq[18013]: compile time options: IPv6 GNU-getopt DBus i18n IDN DHCP DHCPv6 no-Lua TFTP conntrack ipset auth DNSSEC loop-detect inotify dumpfile
Oct 18 11:53:50 gtw01 dnsmasq[18013]: warning: no upstream servers configured
Oct 18 11:53:50 gtw01 dnsmasq-dhcp[18013]: DHCP, static leases only on 1.1.0.244, lease time 1h
Oct 18 11:53:50 gtw01 dnsmasq[18013]: read /var/lib/neutron/dhcp/f5aab0b2-fd11-491d-87d2-1720d0d71911/addn_hosts - 2 addresses
Oct 18 11:53:50 gtw01 dnsmasq-dhcp[18013]: read /var/lib/neutron/dhcp/f5aab0b2-fd11-491d-87d2-1720d0d71911/host
Oct 18 11:53:50 gtw01 dnsmasq-dhcp[18013]: read /var/lib/neutron/dhcp/f5aab0b2-fd11-491d-87d2-1720d0d71911/opts
Oct 18 11:53:51 gtw01 haproxy-metadata-proxy-f5aab0b2-fd11-491d-87d2-1720d0d71911[18031]: Proxy listener started.
Oct 18 11:53:51 gtw01 dnsmasq[17926]: read /var/lib/neutron/dhcp/6f47138a-c128-48a4-b620-6d25a15e78ba/addn_hosts - 1 addresses
Oct 18 11:53:51 gtw01 dnsmasq-dhcp[17926]: read /var/lib/neutron/dhcp/6f47138a-c128-48a4-b620-6d25a15e78ba/host
Oct 18 11:53:51 gtw01 dnsmasq-dhcp[17926]: read /var/lib/neutron/dhcp/6f47138a-c128-48a4-b620-6d25a15e78ba/opts
Oct 18 11:53:51 gtw01 dnsmasq[17293]: read /var/lib/neutron/dhcp/c4ae7689-86c4-44c5-9370-bb7181f0b6de/addn_hosts - 1 addresses
Oct 18 11:53:51 gtw01 dnsmasq-dhcp[17293]: read /var/lib/neutron/dhcp/c4ae7689-86c4-44c5-9370-bb7181f0b6de/host
Oct 18 11:53:51 gtw01 dnsmasq-dhcp[17293]: read /var/lib/neutron/dhcp/c4ae7689-86c4-44c5-9370-bb7181f0b6de/opts
Oct 18 11:53:51 gtw01 dnsmasq-dhcp[18013]: DHCPRELEASE(tap3b9403bd-ac) 1.1.0.245 fa:16:3e:78:0f:7d
Oct 18 11:53:52 gtw01 dnsmasq[17312]: read /var/lib/neutron/dhcp/0beba142-e67b-4ca5-94e4-a2a56721dcaa/addn_hosts - 1 addresses
Oct 18 11:53:52 gtw01 dnsmasq-dhcp[17312]: read /var/lib/neutron/dhcp/0beba142-e67b-4ca5-94e4-a2a56721dcaa/host
Oct 18 11:53:52 gtw01 dnsmasq-dhcp[17312]: read /var/lib/neutron/dhcp/0beba142-e67b-4ca5-94e4-a2a56721dcaa/opts
Oct 18 11:53:53 gtw01 dnsmasq[18013]: read /var/lib/neutron/dhcp/f5aab0b2-fd11-491d-87d2-1720d0d71911/addn_hosts - 1 addresses
Oct 18 11:53:53 gtw01 dnsmasq-dhcp[18013]: read /var/lib/neutron/dhcp/f5aab0b2-fd11-491d-87d2-1720d0d71911/host
Oct 18 11:53:53 gtw01 dnsmasq-dhcp[18013]: read /var/lib/neutron/dhcp/f5aab0b2-fd11-491d-87d2-1720d0d71911/opts
Oct 18 11:53:53 gtw01 dnsmasq[17926]: read /var/lib/neutron/dhcp/6f47138a-c128-48a4-b620-6d25a15e78ba/addn_hosts - 2 addresses
Oct 18 11:53:53 gtw01 dnsmasq-dhcp[17926]: read /var/lib/neutron/dhcp/6f47138a-c128-48a4-b620-6d25a15e78ba/host
Oct 18 11:53:53 gtw01 dnsmasq-dhcp[17926]: read /var/lib/neutron/dhcp/6f47138a-c128-48a4-b620-6d25a15e78ba/opts
Oct 18 11:53:53 gtw01 kernel: [15658.542268] device tapc4e38087-f2 left promiscuous mode
Oct 18 11:53:54 gtw01 kernel: [15659.224738] device tapbf783cc8-9c left promiscuous mode
Oct 18 11:53:54 gtw01 dnsmasq[18013]: read /var/lib/neutron/dhcp/f5aab0b2-fd11-491d-87d2-1720d0d71911/addn_hosts - 2 addresses
Oct 18 11:53:54 gtw01 dnsmasq-dhcp[18013]: read /var/lib/neutron/dhcp/f5aab0b2-fd11-491d-87d2-1720d0d71911/host
Oct 18 11:53:54 gtw01 dnsmasq-dhcp[18013]: read /var/lib/neutron/dhcp/f5aab0b2-fd11-491d-87d2-1720d0d71911/opts
Oct 18 11:53:55 gtw01 kernel: [15659.957024] device tap152ce3d8-fe left promiscuous mode
Oct 18 11:53:55 gtw01 kernel: [15660.312616] device tape807c153-df left promiscuous mode
Oct 18 11:53:55 gtw01 kernel: [15660.399019] device tapd2e9c2d8-ba left promiscuous mode
Oct 18 11:53:55 gtw01 kernel: [15660.419214] device tapdaf9e044-cf left promiscuous mode
Oct 18 11:53:56 gtw01 kernel: [15661.065535] device tapdc0d9045-87 left promiscuous mode
Oct 18 11:53:56 gtw01 kernel: [15661.099054] device tapcdd550c1-85 left promiscuous mode
Oct 18 11:53:56 gtw01 kernel: [15661.280437] device tap9da0bc12-e2 left promiscuous mode
Oct 18 11:53:56 gtw01 kernel: [15661.458222] device tap3b9403bd-ac left promiscuous mode
Oct 18 11:54:30 gtw01 kernel: [15695.676873] device tapc48d7aa6-d0 entered promiscuous mode
Oct 18 11:54:30 gtw01 systemd-udevd[18240]: Could not generate persistent MAC address for tapc48d7aa6-d0: No such file or directory
Oct 18 11:54:30 gtw01 systemd-udevd[18240]: Process '/sbin/ip link set tapc48d7aa6-d0 txqueuelen 10000' failed with exit code 1.
Oct 18 11:54:30 gtw01 systemd-udevd[18240]: Process '/sbin/ip link set tapc48d7aa6-d0 txqueuelen 10000' failed with exit code 1.
Oct 18 11:54:34 gtw01 kernel: [15698.983937] device tap92cf0747-8e entered promiscuous mode
Oct 18 11:54:34 gtw01 systemd-udevd[18390]: Could not generate persistent MAC address for tap92cf0747-8e: No such file or directory
Oct 18 11:54:34 gtw01 systemd-udevd[18469]: Process '/sbin/ip link set tap92cf0747-8e txqueuelen 10000' failed with exit code 1.
Oct 18 11:54:35 gtw01 dnsmasq[18511]: started, version 2.80 cachesize 150
Oct 18 11:54:35 gtw01 dnsmasq[18511]: DNS service limited to local subnets
Oct 18 11:54:35 gtw01 dnsmasq[18511]: compile time options: IPv6 GNU-getopt DBus i18n IDN DHCP DHCPv6 no-Lua TFTP conntrack ipset auth DNSSEC loop-detect inotify dumpfile
Oct 18 11:54:35 gtw01 dnsmasq[18511]: warning: no upstream servers configured
Oct 18 11:54:35 gtw01 dnsmasq-dhcp[18511]: DHCP, static leases only on 1.1.0.248, lease time 1h
Oct 18 11:54:35 gtw01 dnsmasq[18511]: read /var/lib/neutron/dhcp/80653c78-37c0-47b5-b13f-ad4a6dfa9967/addn_hosts - 1 addresses
Oct 18 11:54:35 gtw01 dnsmasq-dhcp[18511]: read /var/lib/neutron/dhcp/80653c78-37c0-47b5-b13f-ad4a6dfa9967/host
Oct 18 11:54:35 gtw01 dnsmasq-dhcp[18511]: read /var/lib/neutron/dhcp/80653c78-37c0-47b5-b13f-ad4a6dfa9967/opts
Oct 18 11:54:35 gtw01 haproxy-metadata-proxy-80653c78-37c0-47b5-b13f-ad4a6dfa9967[18526]: Proxy listener started.
Oct 18 11:54:36 gtw01 kernel: [15701.223754] device tap51455e64-c6 entered promiscuous mode
Oct 18 11:54:36 gtw01 kernel: [15701.307937] device tap8fea4112-19 entered promiscuous mode
Oct 18 11:54:36 gtw01 kernel: [15701.367374] device tapd7a19314-67 entered promiscuous mode
Oct 18 11:54:36 gtw01 systemd-udevd[18571]: Could not generate persistent MAC address for tap8fea4112-19: No such file or directory
Oct 18 11:54:36 gtw01 systemd-udevd[18583]: Could not generate persistent MAC address for tapd7a19314-67: No such file or directory
Oct 18 11:54:36 gtw01 systemd-udevd[18764]: Process '/sbin/ip link set tap51455e64-c6 txqueuelen 10000' failed with exit code 1.
Oct 18 11:54:36 gtw01 systemd-udevd[18780]: Process '/sbin/ip link set tap8fea4112-19 txqueuelen 10000' failed with exit code 1.
Oct 18 11:54:36 gtw01 systemd-udevd[18788]: Process '/sbin/ip link set tapd7a19314-67 txqueuelen 10000' failed with exit code 1.
Oct 18 11:54:37 gtw01 dnsmasq[18511]: read /var/lib/neutron/dhcp/80653c78-37c0-47b5-b13f-ad4a6dfa9967/addn_hosts - 1 addresses
Oct 18 11:54:37 gtw01 dnsmasq-dhcp[18511]: read /var/lib/neutron/dhcp/80653c78-37c0-47b5-b13f-ad4a6dfa9967/host
Oct 18 11:54:37 gtw01 dnsmasq-dhcp[18511]: read /var/lib/neutron/dhcp/80653c78-37c0-47b5-b13f-ad4a6dfa9967/opts
Oct 18 11:54:39 gtw01 kernel: [15704.855881] device tap783fed9d-f6 entered promiscuous mode
Oct 18 11:54:40 gtw01 systemd-udevd[18924]: Could not generate persistent MAC address for tap783fed9d-f6: No such file or directory
Oct 18 11:54:40 gtw01 kernel: [15705.303779] device tapd6d865d4-ac entered promiscuous mode
Oct 18 11:54:40 gtw01 systemd-udevd[19080]: Process '/sbin/ip link set tap783fed9d-f6 txqueuelen 10000' failed with exit code 1.
Oct 18 11:54:40 gtw01 systemd-udevd[19099]: Process '/sbin/ip link set tapd6d865d4-ac txqueuelen 10000' failed with exit code 1.
Oct 18 11:54:40 gtw01 dnsmasq[18511]: read /var/lib/neutron/dhcp/80653c78-37c0-47b5-b13f-ad4a6dfa9967/addn_hosts - 1 addresses
Oct 18 11:54:40 gtw01 dnsmasq-dhcp[18511]: read /var/lib/neutron/dhcp/80653c78-37c0-47b5-b13f-ad4a6dfa9967/host
Oct 18 11:54:40 gtw01 dnsmasq-dhcp[18511]: read /var/lib/neutron/dhcp/80653c78-37c0-47b5-b13f-ad4a6dfa9967/opts
Oct 18 11:54:41 gtw01 kernel: [15706.443693] device tap9d2a8d8e-99 entered promiscuous mode
Oct 18 11:54:41 gtw01 systemd-udevd[19143]: Could not generate persistent MAC address for tap9d2a8d8e-99: No such file or directory
Oct 18 11:54:42 gtw01 systemd-udevd[19232]: Process '/sbin/ip link set tap9d2a8d8e-99 txqueuelen 10000' failed with exit code 1.
Oct 18 11:54:43 gtw01 dnsmasq[18511]: read /var/lib/neutron/dhcp/80653c78-37c0-47b5-b13f-ad4a6dfa9967/addn_hosts - 1 addresses
Oct 18 11:54:43 gtw01 dnsmasq-dhcp[18511]: read /var/lib/neutron/dhcp/80653c78-37c0-47b5-b13f-ad4a6dfa9967/host
Oct 18 11:54:43 gtw01 dnsmasq-dhcp[18511]: read /var/lib/neutron/dhcp/80653c78-37c0-47b5-b13f-ad4a6dfa9967/opts
Oct 18 11:54:44 gtw01 dnsmasq[19320]: started, version 2.80 cachesize 150
Oct 18 11:54:44 gtw01 dnsmasq[19320]: DNS service limited to local subnets
Oct 18 11:54:44 gtw01 dnsmasq[19320]: compile time options: IPv6 GNU-getopt DBus i18n IDN DHCP DHCPv6 no-Lua TFTP conntrack ipset auth DNSSEC loop-detect inotify dumpfile
Oct 18 11:54:44 gtw01 dnsmasq[19320]: warning: no upstream servers configured
Oct 18 11:54:44 gtw01 dnsmasq-dhcp[19320]: DHCP, static leases only on 1.1.1.8, lease time 1h
Oct 18 11:54:44 gtw01 dnsmasq[19320]: read /var/lib/neutron/dhcp/5f003298-9ec1-476f-bdb8-1722ae136689/addn_hosts - 1 addresses
Oct 18 11:54:44 gtw01 dnsmasq-dhcp[19320]: read /var/lib/neutron/dhcp/5f003298-9ec1-476f-bdb8-1722ae136689/host
Oct 18 11:54:44 gtw01 dnsmasq-dhcp[19320]: read /var/lib/neutron/dhcp/5f003298-9ec1-476f-bdb8-1722ae136689/opts
Oct 18 11:54:45 gtw01 haproxy-metadata-proxy-5f003298-9ec1-476f-bdb8-1722ae136689[19358]: Proxy listener started.
Oct 18 11:54:47 gtw01 dnsmasq[19320]: read /var/lib/neutron/dhcp/5f003298-9ec1-476f-bdb8-1722ae136689/addn_hosts - 1 addresses
Oct 18 11:54:47 gtw01 dnsmasq-dhcp[19320]: read /var/lib/neutron/dhcp/5f003298-9ec1-476f-bdb8-1722ae136689/host
Oct 18 11:54:47 gtw01 dnsmasq-dhcp[19320]: read /var/lib/neutron/dhcp/5f003298-9ec1-476f-bdb8-1722ae136689/opts
Oct 18 11:54:47 gtw01 dnsmasq[19438]: started, version 2.80 cachesize 150
Oct 18 11:54:47 gtw01 dnsmasq[19438]: DNS service limited to local subnets
Oct 18 11:54:47 gtw01 dnsmasq[19438]: compile time options: IPv6 GNU-getopt DBus i18n IDN DHCP DHCPv6 no-Lua TFTP conntrack ipset auth DNSSEC loop-detect inotify dumpfile
Oct 18 11:54:47 gtw01 dnsmasq[19438]: warning: no upstream servers configured
Oct 18 11:54:47 gtw01 dnsmasq-dhcp[19438]: DHCP, static leases only on 1.1.1.4, lease time 1h
Oct 18 11:54:47 gtw01 dnsmasq[19438]: read /var/lib/neutron/dhcp/fc31a087-1487-4fc6-9f0b-f9d967914ee3/addn_hosts - 1 addresses
Oct 18 11:54:47 gtw01 dnsmasq-dhcp[19438]: read /var/lib/neutron/dhcp/fc31a087-1487-4fc6-9f0b-f9d967914ee3/host
Oct 18 11:54:47 gtw01 dnsmasq-dhcp[19438]: read /var/lib/neutron/dhcp/fc31a087-1487-4fc6-9f0b-f9d967914ee3/opts
Oct 18 11:54:47 gtw01 dnsmasq[19445]: started, version 2.80 cachesize 150
Oct 18 11:54:47 gtw01 dnsmasq[19445]: DNS service limited to local subnets
Oct 18 11:54:47 gtw01 dnsmasq[19445]: compile time options: IPv6 GNU-getopt DBus i18n IDN DHCP DHCPv6 no-Lua TFTP conntrack ipset auth DNSSEC loop-detect inotify dumpfile
Oct 18 11:54:47 gtw01 dnsmasq[19445]: warning: no upstream servers configured
Oct 18 11:54:47 gtw01 dnsmasq-dhcp[19445]: DHCP, static leases only on 1.1.0.252, lease time 1h
Oct 18 11:54:47 gtw01 dnsmasq[19445]: read /var/lib/neutron/dhcp/8b776e7b-37f1-4d9f-b526-2fbf4031456a/addn_hosts - 1 addresses
Oct 18 11:54:47 gtw01 dnsmasq-dhcp[19445]: read /var/lib/neutron/dhcp/8b776e7b-37f1-4d9f-b526-2fbf4031456a/host
Oct 18 11:54:47 gtw01 dnsmasq-dhcp[19445]: read /var/lib/neutron/dhcp/8b776e7b-37f1-4d9f-b526-2fbf4031456a/opts
Oct 18 11:54:48 gtw01 dnsmasq[19464]: started, version 2.80 cachesize 150
Oct 18 11:54:48 gtw01 dnsmasq[19464]: DNS service limited to local subnets
Oct 18 11:54:48 gtw01 dnsmasq[19464]: compile time options: IPv6 GNU-getopt DBus i18n IDN DHCP DHCPv6 no-Lua TFTP conntrack ipset auth DNSSEC loop-detect inotify dumpfile
Oct 18 11:54:48 gtw01 dnsmasq[19464]: warning: no upstream servers configured
Oct 18 11:54:48 gtw01 dnsmasq-dhcp[19464]: DHCP, static leases only on 1.1.1.0, lease time 1h
Oct 18 11:54:48 gtw01 dnsmasq[19464]: read /var/lib/neutron/dhcp/728f8679-017a-409a-bd41-f042380dd1ff/addn_hosts - 1 addresses
Oct 18 11:54:48 gtw01 dnsmasq-dhcp[19464]: read /var/lib/neutron/dhcp/728f8679-017a-409a-bd41-f042380dd1ff/host
Oct 18 11:54:48 gtw01 dnsmasq-dhcp[19464]: read /var/lib/neutron/dhcp/728f8679-017a-409a-bd41-f042380dd1ff/opts
Oct 18 11:54:48 gtw01 haproxy-metadata-proxy-8b776e7b-37f1-4d9f-b526-2fbf4031456a[19472]: Proxy listener started.
Oct 18 11:54:48 gtw01 haproxy-metadata-proxy-fc31a087-1487-4fc6-9f0b-f9d967914ee3[19475]: Proxy listener started.
Oct 18 11:54:49 gtw01 haproxy-metadata-proxy-728f8679-017a-409a-bd41-f042380dd1ff[19499]: Proxy listener started.
Oct 18 11:54:50 gtw01 dnsmasq[19438]: read /var/lib/neutron/dhcp/fc31a087-1487-4fc6-9f0b-f9d967914ee3/addn_hosts - 1 addresses
Oct 18 11:54:50 gtw01 dnsmasq-dhcp[19438]: read /var/lib/neutron/dhcp/fc31a087-1487-4fc6-9f0b-f9d967914ee3/host
Oct 18 11:54:50 gtw01 dnsmasq-dhcp[19438]: read /var/lib/neutron/dhcp/fc31a087-1487-4fc6-9f0b-f9d967914ee3/opts
Oct 18 11:54:50 gtw01 dnsmasq[19445]: read /var/lib/neutron/dhcp/8b776e7b-37f1-4d9f-b526-2fbf4031456a/addn_hosts - 1 addresses
Oct 18 11:54:50 gtw01 dnsmasq-dhcp[19445]: read /var/lib/neutron/dhcp/8b776e7b-37f1-4d9f-b526-2fbf4031456a/host
Oct 18 11:54:50 gtw01 dnsmasq-dhcp[19445]: read /var/lib/neutron/dhcp/8b776e7b-37f1-4d9f-b526-2fbf4031456a/opts
Oct 18 11:54:50 gtw01 dnsmasq[19320]: read /var/lib/neutron/dhcp/5f003298-9ec1-476f-bdb8-1722ae136689/addn_hosts - 1 addresses
Oct 18 11:54:50 gtw01 dnsmasq-dhcp[19320]: read /var/lib/neutron/dhcp/5f003298-9ec1-476f-bdb8-1722ae136689/host
Oct 18 11:54:50 gtw01 dnsmasq-dhcp[19320]: read /var/lib/neutron/dhcp/5f003298-9ec1-476f-bdb8-1722ae136689/opts
Oct 18 11:54:51 gtw01 dnsmasq[19577]: started, version 2.80 cachesize 150
Oct 18 11:54:51 gtw01 dnsmasq[19577]: DNS service limited to local subnets
Oct 18 11:54:51 gtw01 dnsmasq[19577]: compile time options: IPv6 GNU-getopt DBus i18n IDN DHCP DHCPv6 no-Lua TFTP conntrack ipset auth DNSSEC loop-detect inotify dumpfile
Oct 18 11:54:51 gtw01 dnsmasq[19577]: warning: no upstream servers configured
Oct 18 11:54:51 gtw01 dnsmasq-dhcp[19577]: DHCP, static leases only on 1.1.1.12, lease time 1h
Oct 18 11:54:51 gtw01 dnsmasq[19577]: read /var/lib/neutron/dhcp/729c112e-e3f6-44af-8916-965f775c0ca6/addn_hosts - 1 addresses
Oct 18 11:54:51 gtw01 dnsmasq-dhcp[19577]: read /var/lib/neutron/dhcp/729c112e-e3f6-44af-8916-965f775c0ca6/host
Oct 18 11:54:51 gtw01 dnsmasq-dhcp[19577]: read /var/lib/neutron/dhcp/729c112e-e3f6-44af-8916-965f775c0ca6/opts
Oct 18 11:54:51 gtw01 dnsmasq[19464]: read /var/lib/neutron/dhcp/728f8679-017a-409a-bd41-f042380dd1ff/addn_hosts - 1 addresses
Oct 18 11:54:51 gtw01 dnsmasq-dhcp[19464]: read /var/lib/neutron/dhcp/728f8679-017a-409a-bd41-f042380dd1ff/host
Oct 18 11:54:51 gtw01 dnsmasq-dhcp[19464]: read /var/lib/neutron/dhcp/728f8679-017a-409a-bd41-f042380dd1ff/opts
Oct 18 11:54:51 gtw01 kernel: [15716.668562] device tap4d010a08-c7 entered promiscuous mode
Oct 18 11:54:51 gtw01 systemd-udevd[19601]: Could not generate persistent MAC address for tap4d010a08-c7: No such file or directory
Oct 18 11:54:51 gtw01 dnsmasq[19672]: started, version 2.80 cachesize 150
Oct 18 11:54:51 gtw01 dnsmasq[19672]: DNS service limited to local subnets
Oct 18 11:54:51 gtw01 dnsmasq[19672]: compile time options: IPv6 GNU-getopt DBus i18n IDN DHCP DHCPv6 no-Lua TFTP conntrack ipset auth DNSSEC loop-detect inotify dumpfile
Oct 18 11:54:51 gtw01 dnsmasq[19672]: warning: no upstream servers configured
Oct 18 11:54:51 gtw01 dnsmasq-dhcp[19672]: DHCP, static leases only on 1.1.1.16, lease time 1h
Oct 18 11:54:51 gtw01 dnsmasq[19672]: read /var/lib/neutron/dhcp/9c8ebf69-3b20-4674-b431-d04812ddeec3/addn_hosts - 1 addresses
Oct 18 11:54:51 gtw01 dnsmasq-dhcp[19672]: read /var/lib/neutron/dhcp/9c8ebf69-3b20-4674-b431-d04812ddeec3/host
Oct 18 11:54:51 gtw01 dnsmasq-dhcp[19672]: read /var/lib/neutron/dhcp/9c8ebf69-3b20-4674-b431-d04812ddeec3/opts
Oct 18 11:54:52 gtw01 haproxy-metadata-proxy-729c112e-e3f6-44af-8916-965f775c0ca6[19678]: Proxy listener started.
Oct 18 11:54:52 gtw01 systemd-udevd[19689]: Process '/sbin/ip link set tap4d010a08-c7 txqueuelen 10000' failed with exit code 1.
Oct 18 11:54:52 gtw01 haproxy-metadata-proxy-9c8ebf69-3b20-4674-b431-d04812ddeec3[19709]: Proxy listener started.
Oct 18 11:54:53 gtw01 dnsmasq[19438]: read /var/lib/neutron/dhcp/fc31a087-1487-4fc6-9f0b-f9d967914ee3/addn_hosts - 1 addresses
Oct 18 11:54:53 gtw01 dnsmasq-dhcp[19438]: read /var/lib/neutron/dhcp/fc31a087-1487-4fc6-9f0b-f9d967914ee3/host
Oct 18 11:54:53 gtw01 dnsmasq-dhcp[19438]: read /var/lib/neutron/dhcp/fc31a087-1487-4fc6-9f0b-f9d967914ee3/opts
Oct 18 11:54:54 gtw01 dnsmasq[19758]: started, version 2.80 cachesize 150
Oct 18 11:54:54 gtw01 dnsmasq[19758]: DNS service limited to local subnets
Oct 18 11:54:54 gtw01 dnsmasq[19758]: compile time options: IPv6 GNU-getopt DBus i18n IDN DHCP DHCPv6 no-Lua TFTP conntrack ipset auth DNSSEC loop-detect inotify dumpfile
Oct 18 11:54:54 gtw01 dnsmasq[19758]: warning: no upstream servers configured
Oct 18 11:54:54 gtw01 dnsmasq-dhcp[19758]: DHCP, static leases only on 1.1.1.24, lease time 1h
Oct 18 11:54:54 gtw01 dnsmasq[19758]: read /var/lib/neutron/dhcp/4333f72b-a27d-44e9-bc08-642f2fdd51e6/addn_hosts - 1 addresses
Oct 18 11:54:54 gtw01 dnsmasq-dhcp[19758]: read /var/lib/neutron/dhcp/4333f72b-a27d-44e9-bc08-642f2fdd51e6/host
Oct 18 11:54:54 gtw01 dnsmasq-dhcp[19758]: read /var/lib/neutron/dhcp/4333f72b-a27d-44e9-bc08-642f2fdd51e6/opts
Oct 18 11:54:54 gtw01 dnsmasq[19445]: read /var/lib/neutron/dhcp/8b776e7b-37f1-4d9f-b526-2fbf4031456a/addn_hosts - 1 addresses
Oct 18 11:54:54 gtw01 dnsmasq-dhcp[19445]: read /var/lib/neutron/dhcp/8b776e7b-37f1-4d9f-b526-2fbf4031456a/host
Oct 18 11:54:54 gtw01 dnsmasq-dhcp[19445]: read /var/lib/neutron/dhcp/8b776e7b-37f1-4d9f-b526-2fbf4031456a/opts
Oct 18 11:54:54 gtw01 dnsmasq[19577]: read /var/lib/neutron/dhcp/729c112e-e3f6-44af-8916-965f775c0ca6/addn_hosts - 1 addresses
Oct 18 11:54:54 gtw01 dnsmasq-dhcp[19577]: read /var/lib/neutron/dhcp/729c112e-e3f6-44af-8916-965f775c0ca6/host
Oct 18 11:54:54 gtw01 dnsmasq-dhcp[19577]: read /var/lib/neutron/dhcp/729c112e-e3f6-44af-8916-965f775c0ca6/opts
Oct 18 11:54:54 gtw01 dnsmasq[19320]: read /var/lib/neutron/dhcp/5f003298-9ec1-476f-bdb8-1722ae136689/addn_hosts - 1 addresses
Oct 18 11:54:54 gtw01 dnsmasq-dhcp[19320]: read /var/lib/neutron/dhcp/5f003298-9ec1-476f-bdb8-1722ae136689/host
Oct 18 11:54:54 gtw01 dnsmasq-dhcp[19320]: read /var/lib/neutron/dhcp/5f003298-9ec1-476f-bdb8-1722ae136689/opts
Oct 18 11:54:54 gtw01 dnsmasq[19672]: read /var/lib/neutron/dhcp/9c8ebf69-3b20-4674-b431-d04812ddeec3/addn_hosts - 1 addresses
Oct 18 11:54:54 gtw01 dnsmasq-dhcp[19672]: read /var/lib/neutron/dhcp/9c8ebf69-3b20-4674-b431-d04812ddeec3/host
Oct 18 11:54:54 gtw01 dnsmasq-dhcp[19672]: read /var/lib/neutron/dhcp/9c8ebf69-3b20-4674-b431-d04812ddeec3/opts
Oct 18 11:54:54 gtw01 haproxy-metadata-proxy-4333f72b-a27d-44e9-bc08-642f2fdd51e6[19784]: Proxy listener started.
Oct 18 11:54:55 gtw01 dnsmasq[19464]: read /var/lib/neutron/dhcp/728f8679-017a-409a-bd41-f042380dd1ff/addn_hosts - 1 addresses
Oct 18 11:54:55 gtw01 dnsmasq-dhcp[19464]: read /var/lib/neutron/dhcp/728f8679-017a-409a-bd41-f042380dd1ff/host
Oct 18 11:54:55 gtw01 dnsmasq-dhcp[19464]: read /var/lib/neutron/dhcp/728f8679-017a-409a-bd41-f042380dd1ff/opts
Oct 18 11:54:57 gtw01 dnsmasq[19438]: read /var/lib/neutron/dhcp/fc31a087-1487-4fc6-9f0b-f9d967914ee3/addn_hosts - 1 addresses
Oct 18 11:54:57 gtw01 dnsmasq-dhcp[19438]: read /var/lib/neutron/dhcp/fc31a087-1487-4fc6-9f0b-f9d967914ee3/host
Oct 18 11:54:57 gtw01 dnsmasq-dhcp[19438]: read /var/lib/neutron/dhcp/fc31a087-1487-4fc6-9f0b-f9d967914ee3/opts
Oct 18 11:54:57 gtw01 dnsmasq[19445]: read /var/lib/neutron/dhcp/8b776e7b-37f1-4d9f-b526-2fbf4031456a/addn_hosts - 1 addresses
Oct 18 11:54:57 gtw01 dnsmasq-dhcp[19445]: read /var/lib/neutron/dhcp/8b776e7b-37f1-4d9f-b526-2fbf4031456a/host
Oct 18 11:54:57 gtw01 dnsmasq-dhcp[19445]: read /var/lib/neutron/dhcp/8b776e7b-37f1-4d9f-b526-2fbf4031456a/opts
Oct 18 11:54:58 gtw01 kernel: [15723.135629] device tap9d2a8d8e-99 left promiscuous mode
Oct 18 11:54:58 gtw01 kernel: [15723.165197] device tapd6d865d4-ac left promiscuous mode
Oct 18 11:54:58 gtw01 kernel: [15723.192830] device tapc48d7aa6-d0 left promiscuous mode
Oct 18 11:54:58 gtw01 kernel: [15723.232599] device tap92cf0747-8e left promiscuous mode
Oct 18 11:54:58 gtw01 kernel: [15723.550103] device tapd7a19314-67 left promiscuous mode
Oct 18 11:54:59 gtw01 kernel: [15724.836245] device tap51455e64-c6 left promiscuous mode
Oct 18 11:55:00 gtw01 kernel: [15725.225590] device tap783fed9d-f6 left promiscuous mode
Oct 18 11:55:00 gtw01 kernel: [15725.316440] device tap8fea4112-19 left promiscuous mode
Oct 18 11:55:00 gtw01 dnsmasq[19967]: started, version 2.80 cachesize 150
Oct 18 11:55:00 gtw01 dnsmasq[19967]: DNS service limited to local subnets
Oct 18 11:55:00 gtw01 dnsmasq[19967]: compile time options: IPv6 GNU-getopt DBus i18n IDN DHCP DHCPv6 no-Lua TFTP conntrack ipset auth DNSSEC loop-detect inotify dumpfile
Oct 18 11:55:00 gtw01 dnsmasq[19967]: warning: no upstream servers configured
Oct 18 11:55:00 gtw01 dnsmasq-dhcp[19967]: DHCP, static leases only on 1.1.1.20, lease time 1h
Oct 18 11:55:00 gtw01 dnsmasq[19967]: read /var/lib/neutron/dhcp/2212e57c-0212-440f-a233-590c4e8b4145/addn_hosts - 1 addresses
Oct 18 11:55:00 gtw01 dnsmasq-dhcp[19967]: read /var/lib/neutron/dhcp/2212e57c-0212-440f-a233-590c4e8b4145/host
Oct 18 11:55:00 gtw01 dnsmasq-dhcp[19967]: read /var/lib/neutron/dhcp/2212e57c-0212-440f-a233-590c4e8b4145/opts
Oct 18 11:55:00 gtw01 haproxy-metadata-proxy-2212e57c-0212-440f-a233-590c4e8b4145[19971]: Proxy listener started.
Oct 18 11:55:01 gtw01 kernel: [15726.570594] device tap4d010a08-c7 left promiscuous mode
Oct 18 11:59:10 gtw01 kernel: [15975.779822] device tapbd91cd34-7c entered promiscuous mode
Oct 18 11:59:10 gtw01 systemd-udevd[20005]: Could not generate persistent MAC address for tapbd91cd34-7c: No such file or directory
Oct 18 11:59:10 gtw01 systemd-udevd[20005]: Process '/sbin/ip link set tapbd91cd34-7c txqueuelen 10000' failed with exit code 1.
Oct 18 11:59:11 gtw01 systemd-udevd[20077]: Process '/sbin/ip link set tapbd91cd34-7c txqueuelen 10000' failed with exit code 1.
Oct 18 11:59:12 gtw01 kernel: [15977.022797] device tapbb252d6c-cb entered promiscuous mode
Oct 18 11:59:12 gtw01 systemd-udevd[20121]: Process '/sbin/ip link set tapbb252d6c-cb txqueuelen 10000' failed with exit code 1.
Oct 18 11:59:12 gtw01 systemd-udevd[20121]: Process '/sbin/ip link set tapbb252d6c-cb txqueuelen 10000' failed with exit code 1.
Oct 18 11:59:13 gtw01 kernel: [15978.131381] device tapedb7e5d5-c3 entered promiscuous mode
Oct 18 11:59:13 gtw01 systemd-udevd[20244]: Process '/sbin/ip link set tapedb7e5d5-c3 txqueuelen 10000' failed with exit code 1.
Oct 18 11:59:13 gtw01 systemd-udevd[20322]: Process '/sbin/ip link set tapedb7e5d5-c3 txqueuelen 10000' failed with exit code 1.
Oct 18 11:59:15 gtw01 dnsmasq[20411]: started, version 2.80 cachesize 150
Oct 18 11:59:15 gtw01 dnsmasq[20411]: DNS service limited to local subnets
Oct 18 11:59:15 gtw01 dnsmasq[20411]: compile time options: IPv6 GNU-getopt DBus i18n IDN DHCP DHCPv6 no-Lua TFTP conntrack ipset auth DNSSEC loop-detect inotify dumpfile
Oct 18 11:59:15 gtw01 dnsmasq[20411]: warning: no upstream servers configured
Oct 18 11:59:15 gtw01 dnsmasq-dhcp[20411]: DHCP, static leases only on 10.2.72.0, lease time 1h
Oct 18 11:59:15 gtw01 dnsmasq[20411]: read /var/lib/neutron/dhcp/2d27b46a-5b6f-4cb5-94d2-07808c1c2d47/addn_hosts - 1 addresses
Oct 18 11:59:15 gtw01 dnsmasq-dhcp[20411]: read /var/lib/neutron/dhcp/2d27b46a-5b6f-4cb5-94d2-07808c1c2d47/host
Oct 18 11:59:15 gtw01 dnsmasq-dhcp[20411]: read /var/lib/neutron/dhcp/2d27b46a-5b6f-4cb5-94d2-07808c1c2d47/opts
Oct 18 11:59:16 gtw01 haproxy-metadata-proxy-2d27b46a-5b6f-4cb5-94d2-07808c1c2d47[20427]: Proxy listener started.
Oct 18 11:59:16 gtw01 dnsmasq[20445]: started, version 2.80 cachesize 150
Oct 18 11:59:16 gtw01 dnsmasq[20445]: DNS service limited to local subnets
Oct 18 11:59:16 gtw01 dnsmasq[20445]: compile time options: IPv6 GNU-getopt DBus i18n IDN DHCP DHCPv6 no-Lua TFTP conntrack ipset auth DNSSEC loop-detect inotify dumpfile
Oct 18 11:59:16 gtw01 dnsmasq[20445]: warning: no upstream servers configured
Oct 18 11:59:16 gtw01 dnsmasq-dhcp[20445]: DHCP, static leases only on 10.2.73.0, lease time 1h
Oct 18 11:59:16 gtw01 dnsmasq[20445]: read /var/lib/neutron/dhcp/e14554ea-5866-4ec6-8840-68749957fac0/addn_hosts - 1 addresses
Oct 18 11:59:16 gtw01 dnsmasq-dhcp[20445]: read /var/lib/neutron/dhcp/e14554ea-5866-4ec6-8840-68749957fac0/host
Oct 18 11:59:16 gtw01 dnsmasq-dhcp[20445]: read /var/lib/neutron/dhcp/e14554ea-5866-4ec6-8840-68749957fac0/opts
Oct 18 11:59:16 gtw01 haproxy-metadata-proxy-e14554ea-5866-4ec6-8840-68749957fac0[20457]: Proxy listener started.
Oct 18 11:59:17 gtw01 dnsmasq[20411]: read /var/lib/neutron/dhcp/2d27b46a-5b6f-4cb5-94d2-07808c1c2d47/addn_hosts - 4 addresses
Oct 18 11:59:17 gtw01 dnsmasq-dhcp[20411]: read /var/lib/neutron/dhcp/2d27b46a-5b6f-4cb5-94d2-07808c1c2d47/host
Oct 18 11:59:17 gtw01 dnsmasq-dhcp[20411]: read /var/lib/neutron/dhcp/2d27b46a-5b6f-4cb5-94d2-07808c1c2d47/opts
Oct 18 11:59:17 gtw01 dnsmasq[20491]: started, version 2.80 cachesize 150
Oct 18 11:59:17 gtw01 dnsmasq[20491]: DNS service limited to local subnets
Oct 18 11:59:17 gtw01 dnsmasq[20491]: compile time options: IPv6 GNU-getopt DBus i18n IDN DHCP DHCPv6 no-Lua TFTP conntrack ipset auth DNSSEC loop-detect inotify dumpfile
Oct 18 11:59:17 gtw01 dnsmasq[20491]: warning: no upstream servers configured
Oct 18 11:59:17 gtw01 dnsmasq-dhcp[20491]: DHCP, static leases only on 10.2.74.0, lease time 1h
Oct 18 11:59:17 gtw01 dnsmasq[20491]: read /var/lib/neutron/dhcp/c38f553b-975a-4e10-99c0-22147002046b/addn_hosts - 1 addresses
Oct 18 11:59:17 gtw01 dnsmasq-dhcp[20491]: read /var/lib/neutron/dhcp/c38f553b-975a-4e10-99c0-22147002046b/host
Oct 18 11:59:17 gtw01 dnsmasq-dhcp[20491]: read /var/lib/neutron/dhcp/c38f553b-975a-4e10-99c0-22147002046b/opts
Oct 18 11:59:18 gtw01 dnsmasq[20445]: read /var/lib/neutron/dhcp/e14554ea-5866-4ec6-8840-68749957fac0/addn_hosts - 7 addresses
Oct 18 11:59:18 gtw01 dnsmasq-dhcp[20445]: read /var/lib/neutron/dhcp/e14554ea-5866-4ec6-8840-68749957fac0/host
Oct 18 11:59:18 gtw01 dnsmasq-dhcp[20445]: read /var/lib/neutron/dhcp/e14554ea-5866-4ec6-8840-68749957fac0/opts
Oct 18 11:59:18 gtw01 haproxy-metadata-proxy-c38f553b-975a-4e10-99c0-22147002046b[20503]: Proxy listener started.
Oct 18 11:59:18 gtw01 dnsmasq[20411]: read /var/lib/neutron/dhcp/2d27b46a-5b6f-4cb5-94d2-07808c1c2d47/addn_hosts - 4 addresses
Oct 18 11:59:18 gtw01 dnsmasq-dhcp[20411]: read /var/lib/neutron/dhcp/2d27b46a-5b6f-4cb5-94d2-07808c1c2d47/host
Oct 18 11:59:18 gtw01 dnsmasq-dhcp[20411]: read /var/lib/neutron/dhcp/2d27b46a-5b6f-4cb5-94d2-07808c1c2d47/opts
Oct 18 11:59:19 gtw01 dnsmasq[20445]: read /var/lib/neutron/dhcp/e14554ea-5866-4ec6-8840-68749957fac0/addn_hosts - 7 addresses
Oct 18 11:59:19 gtw01 dnsmasq-dhcp[20445]: read /var/lib/neutron/dhcp/e14554ea-5866-4ec6-8840-68749957fac0/host
Oct 18 11:59:19 gtw01 dnsmasq-dhcp[20445]: read /var/lib/neutron/dhcp/e14554ea-5866-4ec6-8840-68749957fac0/opts
Oct 18 11:59:19 gtw01 dnsmasq[20491]: read /var/lib/neutron/dhcp/c38f553b-975a-4e10-99c0-22147002046b/addn_hosts - 4 addresses
Oct 18 11:59:19 gtw01 dnsmasq-dhcp[20491]: read /var/lib/neutron/dhcp/c38f553b-975a-4e10-99c0-22147002046b/host
Oct 18 11:59:19 gtw01 dnsmasq-dhcp[20491]: read /var/lib/neutron/dhcp/c38f553b-975a-4e10-99c0-22147002046b/opts
Oct 18 11:59:19 gtw01 dnsmasq[20411]: read /var/lib/neutron/dhcp/2d27b46a-5b6f-4cb5-94d2-07808c1c2d47/addn_hosts - 4 addresses
Oct 18 11:59:19 gtw01 dnsmasq-dhcp[20411]: read /var/lib/neutron/dhcp/2d27b46a-5b6f-4cb5-94d2-07808c1c2d47/host
Oct 18 11:59:19 gtw01 dnsmasq-dhcp[20411]: read /var/lib/neutron/dhcp/2d27b46a-5b6f-4cb5-94d2-07808c1c2d47/opts
Oct 18 11:59:20 gtw01 dnsmasq[20491]: read /var/lib/neutron/dhcp/c38f553b-975a-4e10-99c0-22147002046b/addn_hosts - 4 addresses
Oct 18 11:59:20 gtw01 dnsmasq-dhcp[20491]: read /var/lib/neutron/dhcp/c38f553b-975a-4e10-99c0-22147002046b/host
Oct 18 11:59:20 gtw01 dnsmasq-dhcp[20491]: read /var/lib/neutron/dhcp/c38f553b-975a-4e10-99c0-22147002046b/opts
Oct 18 11:59:20 gtw01 dnsmasq[20445]: read /var/lib/neutron/dhcp/e14554ea-5866-4ec6-8840-68749957fac0/addn_hosts - 7 addresses
Oct 18 11:59:20 gtw01 dnsmasq-dhcp[20445]: read /var/lib/neutron/dhcp/e14554ea-5866-4ec6-8840-68749957fac0/host
Oct 18 11:59:20 gtw01 dnsmasq-dhcp[20445]: read /var/lib/neutron/dhcp/e14554ea-5866-4ec6-8840-68749957fac0/opts
Oct 18 11:59:21 gtw01 dnsmasq[20411]: read /var/lib/neutron/dhcp/2d27b46a-5b6f-4cb5-94d2-07808c1c2d47/addn_hosts - 4 addresses
Oct 18 11:59:21 gtw01 dnsmasq-dhcp[20411]: read /var/lib/neutron/dhcp/2d27b46a-5b6f-4cb5-94d2-07808c1c2d47/host
Oct 18 11:59:21 gtw01 dnsmasq-dhcp[20411]: read /var/lib/neutron/dhcp/2d27b46a-5b6f-4cb5-94d2-07808c1c2d47/opts
Oct 18 11:59:22 gtw01 dnsmasq[20445]: read /var/lib/neutron/dhcp/e14554ea-5866-4ec6-8840-68749957fac0/addn_hosts - 7 addresses
Oct 18 11:59:22 gtw01 dnsmasq-dhcp[20445]: read /var/lib/neutron/dhcp/e14554ea-5866-4ec6-8840-68749957fac0/host
Oct 18 11:59:22 gtw01 dnsmasq-dhcp[20445]: read /var/lib/neutron/dhcp/e14554ea-5866-4ec6-8840-68749957fac0/opts
Oct 18 11:59:22 gtw01 dnsmasq[20491]: read /var/lib/neutron/dhcp/c38f553b-975a-4e10-99c0-22147002046b/addn_hosts - 4 addresses
Oct 18 11:59:22 gtw01 dnsmasq-dhcp[20491]: read /var/lib/neutron/dhcp/c38f553b-975a-4e10-99c0-22147002046b/host
Oct 18 11:59:22 gtw01 dnsmasq-dhcp[20491]: read /var/lib/neutron/dhcp/c38f553b-975a-4e10-99c0-22147002046b/opts
Oct 18 11:59:22 gtw01 dnsmasq[20411]: read /var/lib/neutron/dhcp/2d27b46a-5b6f-4cb5-94d2-07808c1c2d47/addn_hosts - 4 addresses
Oct 18 11:59:22 gtw01 dnsmasq-dhcp[20411]: read /var/lib/neutron/dhcp/2d27b46a-5b6f-4cb5-94d2-07808c1c2d47/host
Oct 18 11:59:22 gtw01 dnsmasq-dhcp[20411]: read /var/lib/neutron/dhcp/2d27b46a-5b6f-4cb5-94d2-07808c1c2d47/opts
Oct 18 11:59:23 gtw01 dnsmasq[20445]: read /var/lib/neutron/dhcp/e14554ea-5866-4ec6-8840-68749957fac0/addn_hosts - 7 addresses
Oct 18 11:59:23 gtw01 dnsmasq-dhcp[20445]: read /var/lib/neutron/dhcp/e14554ea-5866-4ec6-8840-68749957fac0/host
Oct 18 11:59:23 gtw01 dnsmasq-dhcp[20445]: read /var/lib/neutron/dhcp/e14554ea-5866-4ec6-8840-68749957fac0/opts
Oct 18 11:59:23 gtw01 dnsmasq[20491]: read /var/lib/neutron/dhcp/c38f553b-975a-4e10-99c0-22147002046b/addn_hosts - 4 addresses
Oct 18 11:59:23 gtw01 dnsmasq-dhcp[20491]: read /var/lib/neutron/dhcp/c38f553b-975a-4e10-99c0-22147002046b/host
Oct 18 11:59:23 gtw01 dnsmasq-dhcp[20491]: read /var/lib/neutron/dhcp/c38f553b-975a-4e10-99c0-22147002046b/opts
Oct 18 11:59:24 gtw01 dnsmasq[20411]: read /var/lib/neutron/dhcp/2d27b46a-5b6f-4cb5-94d2-07808c1c2d47/addn_hosts - 5 addresses
Oct 18 11:59:24 gtw01 dnsmasq-dhcp[20411]: read /var/lib/neutron/dhcp/2d27b46a-5b6f-4cb5-94d2-07808c1c2d47/host
Oct 18 11:59:24 gtw01 dnsmasq-dhcp[20411]: read /var/lib/neutron/dhcp/2d27b46a-5b6f-4cb5-94d2-07808c1c2d47/opts
Oct 18 11:59:24 gtw01 dnsmasq[20445]: read /var/lib/neutron/dhcp/e14554ea-5866-4ec6-8840-68749957fac0/addn_hosts - 7 addresses
Oct 18 11:59:24 gtw01 dnsmasq-dhcp[20445]: read /var/lib/neutron/dhcp/e14554ea-5866-4ec6-8840-68749957fac0/host
Oct 18 11:59:24 gtw01 dnsmasq-dhcp[20445]: read /var/lib/neutron/dhcp/e14554ea-5866-4ec6-8840-68749957fac0/opts
Oct 18 11:59:25 gtw01 dnsmasq[20491]: read /var/lib/neutron/dhcp/c38f553b-975a-4e10-99c0-22147002046b/addn_hosts - 4 addresses
Oct 18 11:59:25 gtw01 dnsmasq-dhcp[20491]: read /var/lib/neutron/dhcp/c38f553b-975a-4e10-99c0-22147002046b/host
Oct 18 11:59:25 gtw01 dnsmasq-dhcp[20491]: read /var/lib/neutron/dhcp/c38f553b-975a-4e10-99c0-22147002046b/opts
Oct 18 11:59:25 gtw01 dnsmasq[20411]: read /var/lib/neutron/dhcp/2d27b46a-5b6f-4cb5-94d2-07808c1c2d47/addn_hosts - 6 addresses
Oct 18 11:59:25 gtw01 dnsmasq-dhcp[20411]: read /var/lib/neutron/dhcp/2d27b46a-5b6f-4cb5-94d2-07808c1c2d47/host
Oct 18 11:59:25 gtw01 dnsmasq-dhcp[20411]: read /var/lib/neutron/dhcp/2d27b46a-5b6f-4cb5-94d2-07808c1c2d47/opts
Oct 18 11:59:26 gtw01 dnsmasq[20445]: read /var/lib/neutron/dhcp/e14554ea-5866-4ec6-8840-68749957fac0/addn_hosts - 7 addresses
Oct 18 11:59:26 gtw01 dnsmasq-dhcp[20445]: read /var/lib/neutron/dhcp/e14554ea-5866-4ec6-8840-68749957fac0/host
Oct 18 11:59:26 gtw01 dnsmasq-dhcp[20445]: read /var/lib/neutron/dhcp/e14554ea-5866-4ec6-8840-68749957fac0/opts
Oct 18 11:59:26 gtw01 dnsmasq[20491]: read /var/lib/neutron/dhcp/c38f553b-975a-4e10-99c0-22147002046b/addn_hosts - 5 addresses
Oct 18 11:59:26 gtw01 dnsmasq-dhcp[20491]: read /var/lib/neutron/dhcp/c38f553b-975a-4e10-99c0-22147002046b/host
Oct 18 11:59:26 gtw01 dnsmasq-dhcp[20491]: read /var/lib/neutron/dhcp/c38f553b-975a-4e10-99c0-22147002046b/opts
Oct 18 11:59:26 gtw01 dnsmasq[20411]: read /var/lib/neutron/dhcp/2d27b46a-5b6f-4cb5-94d2-07808c1c2d47/addn_hosts - 7 addresses
Oct 18 11:59:26 gtw01 dnsmasq-dhcp[20411]: read /var/lib/neutron/dhcp/2d27b46a-5b6f-4cb5-94d2-07808c1c2d47/host
Oct 18 11:59:26 gtw01 dnsmasq-dhcp[20411]: read /var/lib/neutron/dhcp/2d27b46a-5b6f-4cb5-94d2-07808c1c2d47/opts
Oct 18 11:59:27 gtw01 dnsmasq[20445]: read /var/lib/neutron/dhcp/e14554ea-5866-4ec6-8840-68749957fac0/addn_hosts - 7 addresses
Oct 18 11:59:27 gtw01 dnsmasq-dhcp[20445]: read /var/lib/neutron/dhcp/e14554ea-5866-4ec6-8840-68749957fac0/host
Oct 18 11:59:27 gtw01 dnsmasq-dhcp[20445]: read /var/lib/neutron/dhcp/e14554ea-5866-4ec6-8840-68749957fac0/opts
Oct 18 11:59:27 gtw01 dnsmasq[20491]: read /var/lib/neutron/dhcp/c38f553b-975a-4e10-99c0-22147002046b/addn_hosts - 5 addresses
Oct 18 11:59:27 gtw01 dnsmasq-dhcp[20491]: read /var/lib/neutron/dhcp/c38f553b-975a-4e10-99c0-22147002046b/host
Oct 18 11:59:27 gtw01 dnsmasq-dhcp[20491]: read /var/lib/neutron/dhcp/c38f553b-975a-4e10-99c0-22147002046b/opts
Oct 18 11:59:28 gtw01 dnsmasq[20411]: read /var/lib/neutron/dhcp/2d27b46a-5b6f-4cb5-94d2-07808c1c2d47/addn_hosts - 8 addresses
Oct 18 11:59:28 gtw01 dnsmasq-dhcp[20411]: read /var/lib/neutron/dhcp/2d27b46a-5b6f-4cb5-94d2-07808c1c2d47/host
Oct 18 11:59:28 gtw01 dnsmasq-dhcp[20411]: read /var/lib/neutron/dhcp/2d27b46a-5b6f-4cb5-94d2-07808c1c2d47/opts
Oct 18 11:59:29 gtw01 dnsmasq[20445]: read /var/lib/neutron/dhcp/e14554ea-5866-4ec6-8840-68749957fac0/addn_hosts - 8 addresses
Oct 18 11:59:29 gtw01 dnsmasq-dhcp[20445]: read /var/lib/neutron/dhcp/e14554ea-5866-4ec6-8840-68749957fac0/host
Oct 18 11:59:29 gtw01 dnsmasq-dhcp[20445]: read /var/lib/neutron/dhcp/e14554ea-5866-4ec6-8840-68749957fac0/opts
Oct 18 11:59:29 gtw01 dnsmasq[20411]: read /var/lib/neutron/dhcp/2d27b46a-5b6f-4cb5-94d2-07808c1c2d47/addn_hosts - 9 addresses
Oct 18 11:59:29 gtw01 dnsmasq-dhcp[20411]: read /var/lib/neutron/dhcp/2d27b46a-5b6f-4cb5-94d2-07808c1c2d47/host
Oct 18 11:59:29 gtw01 dnsmasq-dhcp[20411]: read /var/lib/neutron/dhcp/2d27b46a-5b6f-4cb5-94d2-07808c1c2d47/opts
Oct 18 11:59:30 gtw01 dnsmasq[20445]: read /var/lib/neutron/dhcp/e14554ea-5866-4ec6-8840-68749957fac0/addn_hosts - 9 addresses
Oct 18 11:59:30 gtw01 dnsmasq-dhcp[20445]: read /var/lib/neutron/dhcp/e14554ea-5866-4ec6-8840-68749957fac0/host
Oct 18 11:59:30 gtw01 dnsmasq-dhcp[20445]: read /var/lib/neutron/dhcp/e14554ea-5866-4ec6-8840-68749957fac0/opts
Oct 18 11:59:30 gtw01 dnsmasq[20411]: read /var/lib/neutron/dhcp/2d27b46a-5b6f-4cb5-94d2-07808c1c2d47/addn_hosts - 9 addresses
Oct 18 11:59:30 gtw01 dnsmasq-dhcp[20411]: read /var/lib/neutron/dhcp/2d27b46a-5b6f-4cb5-94d2-07808c1c2d47/host
Oct 18 11:59:30 gtw01 dnsmasq-dhcp[20411]: read /var/lib/neutron/dhcp/2d27b46a-5b6f-4cb5-94d2-07808c1c2d47/opts
Oct 18 11:59:31 gtw01 dnsmasq[20445]: read /var/lib/neutron/dhcp/e14554ea-5866-4ec6-8840-68749957fac0/addn_hosts - 9 addresses
Oct 18 11:59:31 gtw01 dnsmasq-dhcp[20445]: read /var/lib/neutron/dhcp/e14554ea-5866-4ec6-8840-68749957fac0/host
Oct 18 11:59:31 gtw01 dnsmasq-dhcp[20445]: read /var/lib/neutron/dhcp/e14554ea-5866-4ec6-8840-68749957fac0/opts
Oct 18 11:59:35 gtw01 dnsmasq[20411]: read /var/lib/neutron/dhcp/2d27b46a-5b6f-4cb5-94d2-07808c1c2d47/addn_hosts - 8 addresses
Oct 18 11:59:35 gtw01 dnsmasq-dhcp[20411]: read /var/lib/neutron/dhcp/2d27b46a-5b6f-4cb5-94d2-07808c1c2d47/host
Oct 18 11:59:35 gtw01 dnsmasq-dhcp[20411]: read /var/lib/neutron/dhcp/2d27b46a-5b6f-4cb5-94d2-07808c1c2d47/opts
Oct 18 11:59:36 gtw01 dnsmasq[20411]: read /var/lib/neutron/dhcp/2d27b46a-5b6f-4cb5-94d2-07808c1c2d47/addn_hosts - 7 addresses
Oct 18 11:59:36 gtw01 dnsmasq-dhcp[20411]: read /var/lib/neutron/dhcp/2d27b46a-5b6f-4cb5-94d2-07808c1c2d47/host
Oct 18 11:59:36 gtw01 dnsmasq-dhcp[20411]: read /var/lib/neutron/dhcp/2d27b46a-5b6f-4cb5-94d2-07808c1c2d47/opts
Oct 18 11:59:37 gtw01 dnsmasq[20411]: read /var/lib/neutron/dhcp/2d27b46a-5b6f-4cb5-94d2-07808c1c2d47/addn_hosts - 6 addresses
Oct 18 11:59:37 gtw01 dnsmasq-dhcp[20411]: read /var/lib/neutron/dhcp/2d27b46a-5b6f-4cb5-94d2-07808c1c2d47/host
Oct 18 11:59:37 gtw01 dnsmasq-dhcp[20411]: read /var/lib/neutron/dhcp/2d27b46a-5b6f-4cb5-94d2-07808c1c2d47/opts
Oct 18 11:59:38 gtw01 dnsmasq[20411]: read /var/lib/neutron/dhcp/2d27b46a-5b6f-4cb5-94d2-07808c1c2d47/addn_hosts - 5 addresses
Oct 18 11:59:38 gtw01 dnsmasq-dhcp[20411]: read /var/lib/neutron/dhcp/2d27b46a-5b6f-4cb5-94d2-07808c1c2d47/host
Oct 18 11:59:38 gtw01 dnsmasq-dhcp[20411]: read /var/lib/neutron/dhcp/2d27b46a-5b6f-4cb5-94d2-07808c1c2d47/opts
Oct 18 11:59:39 gtw01 dnsmasq[20411]: read /var/lib/neutron/dhcp/2d27b46a-5b6f-4cb5-94d2-07808c1c2d47/addn_hosts - 4 addresses
Oct 18 11:59:39 gtw01 dnsmasq-dhcp[20411]: read /var/lib/neutron/dhcp/2d27b46a-5b6f-4cb5-94d2-07808c1c2d47/host
Oct 18 11:59:39 gtw01 dnsmasq-dhcp[20411]: read /var/lib/neutron/dhcp/2d27b46a-5b6f-4cb5-94d2-07808c1c2d47/opts
Oct 18 11:59:39 gtw01 dnsmasq[20445]: read /var/lib/neutron/dhcp/e14554ea-5866-4ec6-8840-68749957fac0/addn_hosts - 8 addresses
Oct 18 11:59:39 gtw01 dnsmasq-dhcp[20445]: read /var/lib/neutron/dhcp/e14554ea-5866-4ec6-8840-68749957fac0/host
Oct 18 11:59:39 gtw01 dnsmasq-dhcp[20445]: read /var/lib/neutron/dhcp/e14554ea-5866-4ec6-8840-68749957fac0/opts
Oct 18 11:59:40 gtw01 dnsmasq[20491]: read /var/lib/neutron/dhcp/c38f553b-975a-4e10-99c0-22147002046b/addn_hosts - 4 addresses
Oct 18 11:59:40 gtw01 dnsmasq-dhcp[20491]: read /var/lib/neutron/dhcp/c38f553b-975a-4e10-99c0-22147002046b/host
Oct 18 11:59:40 gtw01 dnsmasq-dhcp[20491]: read /var/lib/neutron/dhcp/c38f553b-975a-4e10-99c0-22147002046b/opts
Oct 18 11:59:40 gtw01 dnsmasq[20411]: read /var/lib/neutron/dhcp/2d27b46a-5b6f-4cb5-94d2-07808c1c2d47/addn_hosts - 3 addresses
Oct 18 11:59:40 gtw01 dnsmasq-dhcp[20411]: read /var/lib/neutron/dhcp/2d27b46a-5b6f-4cb5-94d2-07808c1c2d47/host
Oct 18 11:59:40 gtw01 dnsmasq-dhcp[20411]: read /var/lib/neutron/dhcp/2d27b46a-5b6f-4cb5-94d2-07808c1c2d47/opts
Oct 18 11:59:41 gtw01 dnsmasq[20445]: read /var/lib/neutron/dhcp/e14554ea-5866-4ec6-8840-68749957fac0/addn_hosts - 7 addresses
Oct 18 11:59:41 gtw01 dnsmasq-dhcp[20445]: read /var/lib/neutron/dhcp/e14554ea-5866-4ec6-8840-68749957fac0/host
Oct 18 11:59:41 gtw01 dnsmasq-dhcp[20445]: read /var/lib/neutron/dhcp/e14554ea-5866-4ec6-8840-68749957fac0/opts
Oct 18 11:59:41 gtw01 dnsmasq[20491]: read /var/lib/neutron/dhcp/c38f553b-975a-4e10-99c0-22147002046b/addn_hosts - 3 addresses
Oct 18 11:59:41 gtw01 dnsmasq-dhcp[20491]: read /var/lib/neutron/dhcp/c38f553b-975a-4e10-99c0-22147002046b/host
Oct 18 11:59:41 gtw01 dnsmasq-dhcp[20491]: read /var/lib/neutron/dhcp/c38f553b-975a-4e10-99c0-22147002046b/opts
Oct 18 11:59:42 gtw01 dnsmasq[20411]: read /var/lib/neutron/dhcp/2d27b46a-5b6f-4cb5-94d2-07808c1c2d47/addn_hosts - 2 addresses
Oct 18 11:59:42 gtw01 dnsmasq-dhcp[20411]: read /var/lib/neutron/dhcp/2d27b46a-5b6f-4cb5-94d2-07808c1c2d47/host
Oct 18 11:59:42 gtw01 dnsmasq-dhcp[20411]: read /var/lib/neutron/dhcp/2d27b46a-5b6f-4cb5-94d2-07808c1c2d47/opts
Oct 18 11:59:42 gtw01 dnsmasq[20445]: read /var/lib/neutron/dhcp/e14554ea-5866-4ec6-8840-68749957fac0/addn_hosts - 6 addresses
Oct 18 11:59:42 gtw01 dnsmasq-dhcp[20445]: read /var/lib/neutron/dhcp/e14554ea-5866-4ec6-8840-68749957fac0/host
Oct 18 11:59:42 gtw01 dnsmasq-dhcp[20445]: read /var/lib/neutron/dhcp/e14554ea-5866-4ec6-8840-68749957fac0/opts
Oct 18 11:59:43 gtw01 dnsmasq[20491]: read /var/lib/neutron/dhcp/c38f553b-975a-4e10-99c0-22147002046b/addn_hosts - 2 addresses
Oct 18 11:59:43 gtw01 dnsmasq-dhcp[20491]: read /var/lib/neutron/dhcp/c38f553b-975a-4e10-99c0-22147002046b/host
Oct 18 11:59:43 gtw01 dnsmasq-dhcp[20491]: read /var/lib/neutron/dhcp/c38f553b-975a-4e10-99c0-22147002046b/opts
Oct 18 11:59:43 gtw01 dnsmasq[20411]: read /var/lib/neutron/dhcp/2d27b46a-5b6f-4cb5-94d2-07808c1c2d47/addn_hosts - 1 addresses
Oct 18 11:59:43 gtw01 dnsmasq-dhcp[20411]: read /var/lib/neutron/dhcp/2d27b46a-5b6f-4cb5-94d2-07808c1c2d47/host
Oct 18 11:59:43 gtw01 dnsmasq-dhcp[20411]: read /var/lib/neutron/dhcp/2d27b46a-5b6f-4cb5-94d2-07808c1c2d47/opts
Oct 18 11:59:44 gtw01 dnsmasq[20445]: read /var/lib/neutron/dhcp/e14554ea-5866-4ec6-8840-68749957fac0/addn_hosts - 5 addresses
Oct 18 11:59:44 gtw01 dnsmasq-dhcp[20445]: read /var/lib/neutron/dhcp/e14554ea-5866-4ec6-8840-68749957fac0/host
Oct 18 11:59:44 gtw01 dnsmasq-dhcp[20445]: read /var/lib/neutron/dhcp/e14554ea-5866-4ec6-8840-68749957fac0/opts
Oct 18 11:59:44 gtw01 dnsmasq[20491]: read /var/lib/neutron/dhcp/c38f553b-975a-4e10-99c0-22147002046b/addn_hosts - 1 addresses
Oct 18 11:59:44 gtw01 dnsmasq-dhcp[20491]: read /var/lib/neutron/dhcp/c38f553b-975a-4e10-99c0-22147002046b/host
Oct 18 11:59:44 gtw01 dnsmasq-dhcp[20491]: read /var/lib/neutron/dhcp/c38f553b-975a-4e10-99c0-22147002046b/opts
Oct 18 11:59:45 gtw01 dnsmasq[20445]: read /var/lib/neutron/dhcp/e14554ea-5866-4ec6-8840-68749957fac0/addn_hosts - 4 addresses
Oct 18 11:59:45 gtw01 dnsmasq-dhcp[20445]: read /var/lib/neutron/dhcp/e14554ea-5866-4ec6-8840-68749957fac0/host
Oct 18 11:59:45 gtw01 dnsmasq-dhcp[20445]: read /var/lib/neutron/dhcp/e14554ea-5866-4ec6-8840-68749957fac0/opts
Oct 18 11:59:46 gtw01 dnsmasq[20445]: read /var/lib/neutron/dhcp/e14554ea-5866-4ec6-8840-68749957fac0/addn_hosts - 3 addresses
Oct 18 11:59:46 gtw01 dnsmasq-dhcp[20445]: read /var/lib/neutron/dhcp/e14554ea-5866-4ec6-8840-68749957fac0/host
Oct 18 11:59:46 gtw01 dnsmasq-dhcp[20445]: read /var/lib/neutron/dhcp/e14554ea-5866-4ec6-8840-68749957fac0/opts
Oct 18 11:59:47 gtw01 dnsmasq[20445]: read /var/lib/neutron/dhcp/e14554ea-5866-4ec6-8840-68749957fac0/addn_hosts - 2 addresses
Oct 18 11:59:47 gtw01 dnsmasq-dhcp[20445]: read /var/lib/neutron/dhcp/e14554ea-5866-4ec6-8840-68749957fac0/host
Oct 18 11:59:47 gtw01 dnsmasq-dhcp[20445]: read /var/lib/neutron/dhcp/e14554ea-5866-4ec6-8840-68749957fac0/opts
Oct 18 11:59:48 gtw01 dnsmasq[20445]: read /var/lib/neutron/dhcp/e14554ea-5866-4ec6-8840-68749957fac0/addn_hosts - 1 addresses
Oct 18 11:59:48 gtw01 dnsmasq-dhcp[20445]: read /var/lib/neutron/dhcp/e14554ea-5866-4ec6-8840-68749957fac0/host
Oct 18 11:59:48 gtw01 dnsmasq-dhcp[20445]: read /var/lib/neutron/dhcp/e14554ea-5866-4ec6-8840-68749957fac0/opts
Oct 18 11:59:52 gtw01 dnsmasq[20445]: read /var/lib/neutron/dhcp/e14554ea-5866-4ec6-8840-68749957fac0/addn_hosts - 1 addresses
Oct 18 11:59:52 gtw01 dnsmasq-dhcp[20445]: read /var/lib/neutron/dhcp/e14554ea-5866-4ec6-8840-68749957fac0/host
Oct 18 11:59:52 gtw01 dnsmasq-dhcp[20445]: read /var/lib/neutron/dhcp/e14554ea-5866-4ec6-8840-68749957fac0/opts
Oct 18 11:59:53 gtw01 kernel: [16018.548901] device tapbb252d6c-cb left promiscuous mode
Oct 18 11:59:56 gtw01 dnsmasq[20411]: read /var/lib/neutron/dhcp/2d27b46a-5b6f-4cb5-94d2-07808c1c2d47/addn_hosts - 1 addresses
Oct 18 11:59:56 gtw01 dnsmasq-dhcp[20411]: read /var/lib/neutron/dhcp/2d27b46a-5b6f-4cb5-94d2-07808c1c2d47/host
Oct 18 11:59:56 gtw01 dnsmasq-dhcp[20411]: read /var/lib/neutron/dhcp/2d27b46a-5b6f-4cb5-94d2-07808c1c2d47/opts
Oct 18 11:59:57 gtw01 kernel: [16022.012023] device tapbd91cd34-7c left promiscuous mode
Oct 18 11:59:59 gtw01 dnsmasq[20491]: read /var/lib/neutron/dhcp/c38f553b-975a-4e10-99c0-22147002046b/addn_hosts - 1 addresses
Oct 18 11:59:59 gtw01 dnsmasq-dhcp[20491]: read /var/lib/neutron/dhcp/c38f553b-975a-4e10-99c0-22147002046b/host
Oct 18 11:59:59 gtw01 dnsmasq-dhcp[20491]: read /var/lib/neutron/dhcp/c38f553b-975a-4e10-99c0-22147002046b/opts
Oct 18 12:00:00 gtw01 kernel: [16025.454288] device tapedb7e5d5-c3 left promiscuous mode
Oct 18 12:00:19 gtw01 kernel: [16044.102677] device tapf66838e3-05 entered promiscuous mode
Oct 18 12:00:19 gtw01 systemd-udevd[21382]: Could not generate persistent MAC address for tapf66838e3-05: No such file or directory
Oct 18 12:00:19 gtw01 systemd-udevd[21382]: Process '/sbin/ip link set tapf66838e3-05 txqueuelen 10000' failed with exit code 1.
Oct 18 12:00:19 gtw01 systemd-udevd[21382]: Process '/sbin/ip link set tapf66838e3-05 txqueuelen 10000' failed with exit code 1.
Oct 18 12:00:19 gtw01 kernel: [16044.530786] device tap3de79bd9-b9 entered promiscuous mode
Oct 18 12:00:19 gtw01 systemd-udevd[21482]: Could not generate persistent MAC address for tap3de79bd9-b9: No such file or directory
Oct 18 12:00:19 gtw01 systemd-udevd[21482]: Process '/sbin/ip link set tap3de79bd9-b9 txqueuelen 10000' failed with exit code 1.
Oct 18 12:00:19 gtw01 systemd-udevd[21555]: Process '/sbin/ip link set tap3de79bd9-b9 txqueuelen 10000' failed with exit code 1.
Oct 18 12:00:20 gtw01 kernel: [16045.098791] device tapa9df72a6-f9 entered promiscuous mode
Oct 18 12:00:20 gtw01 systemd-udevd[21583]: Process '/sbin/ip link set tapa9df72a6-f9 txqueuelen 10000' failed with exit code 1.
Oct 18 12:00:20 gtw01 systemd-udevd[21655]: Process '/sbin/ip link set tapa9df72a6-f9 txqueuelen 10000' failed with exit code 1.
Oct 18 12:00:20 gtw01 kernel: [16045.538740] device tapd2ebbcb6-e5 entered promiscuous mode
Oct 18 12:00:20 gtw01 systemd-udevd[21678]: Could not generate persistent MAC address for tapd2ebbcb6-e5: No such file or directory
