Oct 18 08:26:09 gtw01 dnsmasq[31858]: read /var/lib/neutron/dhcp/1fa121ee-cb17-494f-8889-eed883e2efbc/addn_hosts - 1 addresses
Oct 18 08:26:09 gtw01 dnsmasq-dhcp[31858]: read /var/lib/neutron/dhcp/1fa121ee-cb17-494f-8889-eed883e2efbc/host
Oct 18 08:26:09 gtw01 dnsmasq-dhcp[31858]: read /var/lib/neutron/dhcp/1fa121ee-cb17-494f-8889-eed883e2efbc/opts
Oct 18 08:26:10 gtw01 haproxy-metadata-proxy-1fa121ee-cb17-494f-8889-eed883e2efbc[31864]: Proxy listener started.
Oct 18 08:26:11 gtw01 dnsmasq[31858]: read /var/lib/neutron/dhcp/1fa121ee-cb17-494f-8889-eed883e2efbc/addn_hosts - 2 addresses
Oct 18 08:26:11 gtw01 dnsmasq-dhcp[31858]: read /var/lib/neutron/dhcp/1fa121ee-cb17-494f-8889-eed883e2efbc/host
Oct 18 08:26:11 gtw01 dnsmasq-dhcp[31858]: read /var/lib/neutron/dhcp/1fa121ee-cb17-494f-8889-eed883e2efbc/opts
Oct 18 08:26:11 gtw01 kernel: [ 3196.775738] device tap72dca7db-bb entered promiscuous mode
Oct 18 08:26:11 gtw01 systemd-udevd[31928]: Could not generate persistent MAC address for tap72dca7db-bb: No such file or directory
Oct 18 08:26:11 gtw01 systemd-udevd[31995]: Process '/sbin/ip link set tap72dca7db-bb txqueuelen 10000' failed with exit code 1.
Oct 18 08:26:12 gtw01 dnsmasq[31858]: read /var/lib/neutron/dhcp/1fa121ee-cb17-494f-8889-eed883e2efbc/addn_hosts - 2 addresses
Oct 18 08:26:12 gtw01 dnsmasq-dhcp[31858]: read /var/lib/neutron/dhcp/1fa121ee-cb17-494f-8889-eed883e2efbc/host
Oct 18 08:26:12 gtw01 dnsmasq-dhcp[31858]: read /var/lib/neutron/dhcp/1fa121ee-cb17-494f-8889-eed883e2efbc/opts
Oct 18 08:26:12 gtw01 dnsmasq[32037]: started, version 2.80 cachesize 150
Oct 18 08:26:12 gtw01 dnsmasq[32037]: DNS service limited to local subnets
Oct 18 08:26:12 gtw01 dnsmasq[32037]: compile time options: IPv6 GNU-getopt DBus i18n IDN DHCP DHCPv6 no-Lua TFTP conntrack ipset auth DNSSEC loop-detect inotify dumpfile
Oct 18 08:26:12 gtw01 dnsmasq[32037]: warning: no upstream servers configured
Oct 18 08:26:12 gtw01 dnsmasq-dhcp[32037]: DHCP, static leases only on 192.168.120.48, lease time 1h
Oct 18 08:26:12 gtw01 dnsmasq[32037]: read /var/lib/neutron/dhcp/17b21c28-4d44-456f-b564-5439ae77e645/addn_hosts - 1 addresses
Oct 18 08:26:12 gtw01 dnsmasq-dhcp[32037]: read /var/lib/neutron/dhcp/17b21c28-4d44-456f-b564-5439ae77e645/host
Oct 18 08:26:12 gtw01 dnsmasq-dhcp[32037]: read /var/lib/neutron/dhcp/17b21c28-4d44-456f-b564-5439ae77e645/opts
Oct 18 08:26:12 gtw01 haproxy-metadata-proxy-17b21c28-4d44-456f-b564-5439ae77e645[32046]: Proxy listener started.
Oct 18 08:26:13 gtw01 systemd-udevd[32092]: Could not generate persistent MAC address for tap8558d694-d9: No such file or directory
Oct 18 08:26:13 gtw01 kernel: [ 3198.853974] device tap8558d694-d9 entered promiscuous mode
Oct 18 08:26:14 gtw01 systemd-udevd[32161]: Process '/sbin/ip link set tap8558d694-d9 txqueuelen 10000' failed with exit code 1.
Oct 18 08:26:14 gtw01 dnsmasq[32037]: read /var/lib/neutron/dhcp/17b21c28-4d44-456f-b564-5439ae77e645/addn_hosts - 2 addresses
Oct 18 08:26:14 gtw01 dnsmasq-dhcp[32037]: read /var/lib/neutron/dhcp/17b21c28-4d44-456f-b564-5439ae77e645/host
Oct 18 08:26:14 gtw01 dnsmasq-dhcp[32037]: read /var/lib/neutron/dhcp/17b21c28-4d44-456f-b564-5439ae77e645/opts
Oct 18 08:26:14 gtw01 dnsmasq[31858]: read /var/lib/neutron/dhcp/1fa121ee-cb17-494f-8889-eed883e2efbc/addn_hosts - 2 addresses
Oct 18 08:26:14 gtw01 dnsmasq-dhcp[31858]: read /var/lib/neutron/dhcp/1fa121ee-cb17-494f-8889-eed883e2efbc/host
Oct 18 08:26:14 gtw01 dnsmasq-dhcp[31858]: read /var/lib/neutron/dhcp/1fa121ee-cb17-494f-8889-eed883e2efbc/opts
Oct 18 08:26:15 gtw01 dnsmasq[32037]: read /var/lib/neutron/dhcp/17b21c28-4d44-456f-b564-5439ae77e645/addn_hosts - 2 addresses
Oct 18 08:26:15 gtw01 dnsmasq-dhcp[32037]: read /var/lib/neutron/dhcp/17b21c28-4d44-456f-b564-5439ae77e645/host
Oct 18 08:26:15 gtw01 dnsmasq-dhcp[32037]: read /var/lib/neutron/dhcp/17b21c28-4d44-456f-b564-5439ae77e645/opts
Oct 18 08:26:15 gtw01 dnsmasq[31858]: read /var/lib/neutron/dhcp/1fa121ee-cb17-494f-8889-eed883e2efbc/addn_hosts - 2 addresses
Oct 18 08:26:15 gtw01 dnsmasq-dhcp[31858]: read /var/lib/neutron/dhcp/1fa121ee-cb17-494f-8889-eed883e2efbc/host
Oct 18 08:26:15 gtw01 dnsmasq-dhcp[31858]: read /var/lib/neutron/dhcp/1fa121ee-cb17-494f-8889-eed883e2efbc/opts
Oct 18 08:26:16 gtw01 dnsmasq[32281]: started, version 2.80 cachesize 150
Oct 18 08:26:16 gtw01 dnsmasq[32281]: DNS service limited to local subnets
Oct 18 08:26:16 gtw01 dnsmasq[32281]: compile time options: IPv6 GNU-getopt DBus i18n IDN DHCP DHCPv6 no-Lua TFTP conntrack ipset auth DNSSEC loop-detect inotify dumpfile
Oct 18 08:26:16 gtw01 dnsmasq[32281]: warning: no upstream servers configured
Oct 18 08:26:16 gtw01 dnsmasq-dhcp[32281]: DHCP, static leases only on 192.168.120.64, lease time 1h
Oct 18 08:26:16 gtw01 dnsmasq[32281]: read /var/lib/neutron/dhcp/a2a23f40-cd80-47aa-9184-a271bd530dd3/addn_hosts - 1 addresses
Oct 18 08:26:16 gtw01 dnsmasq-dhcp[32281]: read /var/lib/neutron/dhcp/a2a23f40-cd80-47aa-9184-a271bd530dd3/host
Oct 18 08:26:16 gtw01 dnsmasq-dhcp[32281]: read /var/lib/neutron/dhcp/a2a23f40-cd80-47aa-9184-a271bd530dd3/opts
Oct 18 08:26:17 gtw01 haproxy-metadata-proxy-a2a23f40-cd80-47aa-9184-a271bd530dd3[32301]: Proxy listener started.
Oct 18 08:26:17 gtw01 dnsmasq[32037]: read /var/lib/neutron/dhcp/17b21c28-4d44-456f-b564-5439ae77e645/addn_hosts - 2 addresses
Oct 18 08:26:17 gtw01 dnsmasq-dhcp[32037]: read /var/lib/neutron/dhcp/17b21c28-4d44-456f-b564-5439ae77e645/host
Oct 18 08:26:17 gtw01 dnsmasq-dhcp[32037]: read /var/lib/neutron/dhcp/17b21c28-4d44-456f-b564-5439ae77e645/opts
Oct 18 08:26:17 gtw01 systemd-udevd[32338]: Could not generate persistent MAC address for tap6d7af7a6-2b: No such file or directory
Oct 18 08:26:17 gtw01 kernel: [ 3202.946012] device tap6d7af7a6-2b entered promiscuous mode
Oct 18 08:26:18 gtw01 systemd-udevd[32338]: Process '/sbin/ip link set tap6d7af7a6-2b txqueuelen 10000' failed with exit code 1.
Oct 18 08:26:18 gtw01 systemd-udevd[32338]: Process '/sbin/ip link set tap6d7af7a6-2b txqueuelen 10000' failed with exit code 1.
Oct 18 08:26:18 gtw01 dnsmasq[32281]: read /var/lib/neutron/dhcp/a2a23f40-cd80-47aa-9184-a271bd530dd3/addn_hosts - 2 addresses
Oct 18 08:26:18 gtw01 dnsmasq-dhcp[32281]: read /var/lib/neutron/dhcp/a2a23f40-cd80-47aa-9184-a271bd530dd3/host
Oct 18 08:26:18 gtw01 dnsmasq-dhcp[32281]: read /var/lib/neutron/dhcp/a2a23f40-cd80-47aa-9184-a271bd530dd3/opts
Oct 18 08:26:19 gtw01 dnsmasq[32037]: read /var/lib/neutron/dhcp/17b21c28-4d44-456f-b564-5439ae77e645/addn_hosts - 2 addresses
Oct 18 08:26:19 gtw01 dnsmasq-dhcp[32037]: read /var/lib/neutron/dhcp/17b21c28-4d44-456f-b564-5439ae77e645/host
Oct 18 08:26:19 gtw01 dnsmasq-dhcp[32037]: read /var/lib/neutron/dhcp/17b21c28-4d44-456f-b564-5439ae77e645/opts
Oct 18 08:26:19 gtw01 dnsmasq[32478]: started, version 2.80 cachesize 150
Oct 18 08:26:19 gtw01 dnsmasq[32478]: DNS service limited to local subnets
Oct 18 08:26:19 gtw01 dnsmasq[32478]: compile time options: IPv6 GNU-getopt DBus i18n IDN DHCP DHCPv6 no-Lua TFTP conntrack ipset auth DNSSEC loop-detect inotify dumpfile
Oct 18 08:26:19 gtw01 dnsmasq[32478]: warning: no upstream servers configured
Oct 18 08:26:19 gtw01 dnsmasq-dhcp[32478]: DHCP, static leases only on 192.168.120.80, lease time 1h
Oct 18 08:26:19 gtw01 dnsmasq[32478]: read /var/lib/neutron/dhcp/c4394eed-e8d7-477e-a11c-a65ff61a5ff9/addn_hosts - 1 addresses
Oct 18 08:26:19 gtw01 dnsmasq-dhcp[32478]: read /var/lib/neutron/dhcp/c4394eed-e8d7-477e-a11c-a65ff61a5ff9/host
Oct 18 08:26:19 gtw01 dnsmasq-dhcp[32478]: read /var/lib/neutron/dhcp/c4394eed-e8d7-477e-a11c-a65ff61a5ff9/opts
Oct 18 08:26:20 gtw01 haproxy-metadata-proxy-c4394eed-e8d7-477e-a11c-a65ff61a5ff9[32501]: Proxy listener started.
Oct 18 08:26:20 gtw01 systemd-udevd[32527]: Could not generate persistent MAC address for tap581f7f5c-0b: No such file or directory
Oct 18 08:26:20 gtw01 kernel: [ 3205.457948] device tap581f7f5c-0b entered promiscuous mode
Oct 18 08:26:20 gtw01 dnsmasq[32281]: read /var/lib/neutron/dhcp/a2a23f40-cd80-47aa-9184-a271bd530dd3/addn_hosts - 2 addresses
Oct 18 08:26:20 gtw01 dnsmasq-dhcp[32281]: read /var/lib/neutron/dhcp/a2a23f40-cd80-47aa-9184-a271bd530dd3/host
Oct 18 08:26:20 gtw01 dnsmasq-dhcp[32281]: read /var/lib/neutron/dhcp/a2a23f40-cd80-47aa-9184-a271bd530dd3/opts
Oct 18 08:26:20 gtw01 systemd-udevd[32606]: Process '/sbin/ip link set tap581f7f5c-0b txqueuelen 10000' failed with exit code 1.
Oct 18 08:26:21 gtw01 dnsmasq[32478]: read /var/lib/neutron/dhcp/c4394eed-e8d7-477e-a11c-a65ff61a5ff9/addn_hosts - 2 addresses
Oct 18 08:26:21 gtw01 dnsmasq-dhcp[32478]: read /var/lib/neutron/dhcp/c4394eed-e8d7-477e-a11c-a65ff61a5ff9/host
Oct 18 08:26:21 gtw01 dnsmasq-dhcp[32478]: read /var/lib/neutron/dhcp/c4394eed-e8d7-477e-a11c-a65ff61a5ff9/opts
Oct 18 08:26:21 gtw01 kernel: [ 3206.949966] device tap9b69624d-aa entered promiscuous mode
Oct 18 08:26:21 gtw01 systemd-udevd[32671]: Could not generate persistent MAC address for tap9b69624d-aa: No such file or directory
Oct 18 08:26:22 gtw01 systemd-udevd[32743]: Process '/sbin/ip link set tap9b69624d-aa txqueuelen 10000' failed with exit code 1.
Oct 18 08:26:22 gtw01 dnsmasq[32281]: read /var/lib/neutron/dhcp/a2a23f40-cd80-47aa-9184-a271bd530dd3/addn_hosts - 2 addresses
Oct 18 08:26:22 gtw01 dnsmasq-dhcp[32281]: read /var/lib/neutron/dhcp/a2a23f40-cd80-47aa-9184-a271bd530dd3/host
Oct 18 08:26:22 gtw01 dnsmasq-dhcp[32281]: read /var/lib/neutron/dhcp/a2a23f40-cd80-47aa-9184-a271bd530dd3/opts
Oct 18 08:26:23 gtw01 dnsmasq[32478]: read /var/lib/neutron/dhcp/c4394eed-e8d7-477e-a11c-a65ff61a5ff9/addn_hosts - 2 addresses
Oct 18 08:26:23 gtw01 dnsmasq-dhcp[32478]: read /var/lib/neutron/dhcp/c4394eed-e8d7-477e-a11c-a65ff61a5ff9/host
Oct 18 08:26:23 gtw01 dnsmasq-dhcp[32478]: read /var/lib/neutron/dhcp/c4394eed-e8d7-477e-a11c-a65ff61a5ff9/opts
Oct 18 08:26:24 gtw01 dnsmasq[376]: started, version 2.80 cachesize 150
Oct 18 08:26:24 gtw01 dnsmasq[376]: DNS service limited to local subnets
Oct 18 08:26:24 gtw01 dnsmasq[376]: compile time options: IPv6 GNU-getopt DBus i18n IDN DHCP DHCPv6 no-Lua TFTP conntrack ipset auth DNSSEC loop-detect inotify dumpfile
Oct 18 08:26:24 gtw01 dnsmasq[376]: warning: no upstream servers configured
Oct 18 08:26:24 gtw01 dnsmasq-dhcp[376]: DHCP, static leases only on 192.168.120.0, lease time 1h
Oct 18 08:26:24 gtw01 dnsmasq[376]: read /var/lib/neutron/dhcp/8abb5f25-9d6e-48db-b1e2-479e30db08c2/addn_hosts - 1 addresses
Oct 18 08:26:24 gtw01 dnsmasq-dhcp[376]: read /var/lib/neutron/dhcp/8abb5f25-9d6e-48db-b1e2-479e30db08c2/host
Oct 18 08:26:24 gtw01 dnsmasq-dhcp[376]: read /var/lib/neutron/dhcp/8abb5f25-9d6e-48db-b1e2-479e30db08c2/opts
Oct 18 08:26:24 gtw01 dnsmasq[32281]: read /var/lib/neutron/dhcp/a2a23f40-cd80-47aa-9184-a271bd530dd3/addn_hosts - 2 addresses
Oct 18 08:26:24 gtw01 dnsmasq-dhcp[32281]: read /var/lib/neutron/dhcp/a2a23f40-cd80-47aa-9184-a271bd530dd3/host
Oct 18 08:26:24 gtw01 dnsmasq-dhcp[32281]: read /var/lib/neutron/dhcp/a2a23f40-cd80-47aa-9184-a271bd530dd3/opts
Oct 18 08:26:24 gtw01 dnsmasq[31072]: read /var/lib/neutron/dhcp/ed7587b3-4e4a-474a-bf22-34912219a70c/addn_hosts - 1 addresses
Oct 18 08:26:24 gtw01 dnsmasq-dhcp[31072]: read /var/lib/neutron/dhcp/ed7587b3-4e4a-474a-bf22-34912219a70c/host
Oct 18 08:26:24 gtw01 dnsmasq-dhcp[31072]: read /var/lib/neutron/dhcp/ed7587b3-4e4a-474a-bf22-34912219a70c/opts
Oct 18 08:26:25 gtw01 haproxy-metadata-proxy-8abb5f25-9d6e-48db-b1e2-479e30db08c2[406]: Proxy listener started.
Oct 18 08:26:25 gtw01 dnsmasq[32478]: read /var/lib/neutron/dhcp/c4394eed-e8d7-477e-a11c-a65ff61a5ff9/addn_hosts - 2 addresses
Oct 18 08:26:25 gtw01 dnsmasq-dhcp[32478]: read /var/lib/neutron/dhcp/c4394eed-e8d7-477e-a11c-a65ff61a5ff9/host
Oct 18 08:26:25 gtw01 dnsmasq-dhcp[32478]: read /var/lib/neutron/dhcp/c4394eed-e8d7-477e-a11c-a65ff61a5ff9/opts
Oct 18 08:26:26 gtw01 dnsmasq[31384]: read /var/lib/neutron/dhcp/de5bf977-bbf5-4e19-a0d7-b4e886d4505e/addn_hosts - 1 addresses
Oct 18 08:26:26 gtw01 dnsmasq-dhcp[31384]: read /var/lib/neutron/dhcp/de5bf977-bbf5-4e19-a0d7-b4e886d4505e/host
Oct 18 08:26:26 gtw01 dnsmasq-dhcp[31384]: read /var/lib/neutron/dhcp/de5bf977-bbf5-4e19-a0d7-b4e886d4505e/opts
Oct 18 08:26:26 gtw01 dnsmasq[376]: read /var/lib/neutron/dhcp/8abb5f25-9d6e-48db-b1e2-479e30db08c2/addn_hosts - 2 addresses
Oct 18 08:26:27 gtw01 dnsmasq-dhcp[376]: read /var/lib/neutron/dhcp/8abb5f25-9d6e-48db-b1e2-479e30db08c2/host
Oct 18 08:26:27 gtw01 dnsmasq-dhcp[376]: read /var/lib/neutron/dhcp/8abb5f25-9d6e-48db-b1e2-479e30db08c2/opts
Oct 18 08:26:27 gtw01 dnsmasq[31858]: read /var/lib/neutron/dhcp/1fa121ee-cb17-494f-8889-eed883e2efbc/addn_hosts - 1 addresses
Oct 18 08:26:27 gtw01 dnsmasq-dhcp[31858]: read /var/lib/neutron/dhcp/1fa121ee-cb17-494f-8889-eed883e2efbc/host
Oct 18 08:26:27 gtw01 dnsmasq-dhcp[31858]: read /var/lib/neutron/dhcp/1fa121ee-cb17-494f-8889-eed883e2efbc/opts
Oct 18 08:26:27 gtw01 dnsmasq[32478]: read /var/lib/neutron/dhcp/c4394eed-e8d7-477e-a11c-a65ff61a5ff9/addn_hosts - 2 addresses
Oct 18 08:26:27 gtw01 dnsmasq-dhcp[32478]: read /var/lib/neutron/dhcp/c4394eed-e8d7-477e-a11c-a65ff61a5ff9/host
Oct 18 08:26:27 gtw01 dnsmasq-dhcp[32478]: read /var/lib/neutron/dhcp/c4394eed-e8d7-477e-a11c-a65ff61a5ff9/opts
Oct 18 08:26:28 gtw01 dnsmasq[539]: started, version 2.80 cachesize 150
Oct 18 08:26:28 gtw01 dnsmasq[539]: DNS service limited to local subnets
Oct 18 08:26:28 gtw01 dnsmasq[539]: compile time options: IPv6 GNU-getopt DBus i18n IDN DHCP DHCPv6 no-Lua TFTP conntrack ipset auth DNSSEC loop-detect inotify dumpfile
Oct 18 08:26:28 gtw01 dnsmasq[539]: warning: no upstream servers configured
Oct 18 08:26:28 gtw01 dnsmasq-dhcp[539]: DHCP, static leases only on 192.168.120.96, lease time 1h
Oct 18 08:26:28 gtw01 dnsmasq[539]: read /var/lib/neutron/dhcp/c7957083-0798-42c1-9c17-b92534dc8f8e/addn_hosts - 1 addresses
Oct 18 08:26:28 gtw01 dnsmasq-dhcp[539]: read /var/lib/neutron/dhcp/c7957083-0798-42c1-9c17-b92534dc8f8e/host
Oct 18 08:26:28 gtw01 dnsmasq-dhcp[539]: read /var/lib/neutron/dhcp/c7957083-0798-42c1-9c17-b92534dc8f8e/opts
Oct 18 08:26:28 gtw01 dnsmasq[32037]: read /var/lib/neutron/dhcp/17b21c28-4d44-456f-b564-5439ae77e645/addn_hosts - 1 addresses
Oct 18 08:26:28 gtw01 dnsmasq-dhcp[32037]: read /var/lib/neutron/dhcp/17b21c28-4d44-456f-b564-5439ae77e645/host
Oct 18 08:26:28 gtw01 dnsmasq-dhcp[32037]: read /var/lib/neutron/dhcp/17b21c28-4d44-456f-b564-5439ae77e645/opts
Oct 18 08:26:28 gtw01 haproxy-metadata-proxy-c7957083-0798-42c1-9c17-b92534dc8f8e[559]: Proxy listener started.
Oct 18 08:26:29 gtw01 dnsmasq[32281]: read /var/lib/neutron/dhcp/a2a23f40-cd80-47aa-9184-a271bd530dd3/addn_hosts - 1 addresses
Oct 18 08:26:29 gtw01 dnsmasq-dhcp[32281]: read /var/lib/neutron/dhcp/a2a23f40-cd80-47aa-9184-a271bd530dd3/host
Oct 18 08:26:29 gtw01 dnsmasq-dhcp[32281]: read /var/lib/neutron/dhcp/a2a23f40-cd80-47aa-9184-a271bd530dd3/opts
Oct 18 08:26:29 gtw01 dnsmasq[376]: read /var/lib/neutron/dhcp/8abb5f25-9d6e-48db-b1e2-479e30db08c2/addn_hosts - 2 addresses
Oct 18 08:26:29 gtw01 dnsmasq-dhcp[376]: read /var/lib/neutron/dhcp/8abb5f25-9d6e-48db-b1e2-479e30db08c2/host
Oct 18 08:26:29 gtw01 dnsmasq-dhcp[376]: read /var/lib/neutron/dhcp/8abb5f25-9d6e-48db-b1e2-479e30db08c2/opts
Oct 18 08:26:30 gtw01 dnsmasq[614]: started, version 2.80 cachesize 150
Oct 18 08:26:30 gtw01 dnsmasq[614]: DNS service limited to local subnets
Oct 18 08:26:30 gtw01 dnsmasq[614]: compile time options: IPv6 GNU-getopt DBus i18n IDN DHCP DHCPv6 no-Lua TFTP conntrack ipset auth DNSSEC loop-detect inotify dumpfile
Oct 18 08:26:30 gtw01 dnsmasq[614]: warning: no upstream servers configured
Oct 18 08:26:30 gtw01 dnsmasq-dhcp[614]: DHCP, static leases only on 192.168.120.0, lease time 1h
Oct 18 08:26:30 gtw01 dnsmasq[614]: read /var/lib/neutron/dhcp/dbaf447f-f7d3-44ee-9917-e3250c63e86e/addn_hosts - 1 addresses
Oct 18 08:26:30 gtw01 dnsmasq-dhcp[614]: read /var/lib/neutron/dhcp/dbaf447f-f7d3-44ee-9917-e3250c63e86e/host
Oct 18 08:26:30 gtw01 dnsmasq-dhcp[614]: read /var/lib/neutron/dhcp/dbaf447f-f7d3-44ee-9917-e3250c63e86e/opts
Oct 18 08:26:30 gtw01 dnsmasq[539]: read /var/lib/neutron/dhcp/c7957083-0798-42c1-9c17-b92534dc8f8e/addn_hosts - 2 addresses
Oct 18 08:26:30 gtw01 dnsmasq-dhcp[539]: read /var/lib/neutron/dhcp/c7957083-0798-42c1-9c17-b92534dc8f8e/host
Oct 18 08:26:30 gtw01 dnsmasq-dhcp[539]: read /var/lib/neutron/dhcp/c7957083-0798-42c1-9c17-b92534dc8f8e/opts
Oct 18 08:26:30 gtw01 dnsmasq[32478]: read /var/lib/neutron/dhcp/c4394eed-e8d7-477e-a11c-a65ff61a5ff9/addn_hosts - 2 addresses
Oct 18 08:26:30 gtw01 dnsmasq-dhcp[32478]: read /var/lib/neutron/dhcp/c4394eed-e8d7-477e-a11c-a65ff61a5ff9/host
Oct 18 08:26:30 gtw01 dnsmasq-dhcp[32478]: read /var/lib/neutron/dhcp/c4394eed-e8d7-477e-a11c-a65ff61a5ff9/opts
Oct 18 08:26:30 gtw01 haproxy-metadata-proxy-dbaf447f-f7d3-44ee-9917-e3250c63e86e[633]: Proxy listener started.
Oct 18 08:26:31 gtw01 dnsmasq[376]: read /var/lib/neutron/dhcp/8abb5f25-9d6e-48db-b1e2-479e30db08c2/addn_hosts - 2 addresses
Oct 18 08:26:31 gtw01 dnsmasq-dhcp[376]: read /var/lib/neutron/dhcp/8abb5f25-9d6e-48db-b1e2-479e30db08c2/host
Oct 18 08:26:31 gtw01 dnsmasq-dhcp[376]: read /var/lib/neutron/dhcp/8abb5f25-9d6e-48db-b1e2-479e30db08c2/opts
Oct 18 08:26:31 gtw01 kernel: [ 3216.706276] device tap9b69624d-aa left promiscuous mode
Oct 18 08:26:32 gtw01 dnsmasq[539]: read /var/lib/neutron/dhcp/c7957083-0798-42c1-9c17-b92534dc8f8e/addn_hosts - 2 addresses
Oct 18 08:26:32 gtw01 dnsmasq-dhcp[539]: read /var/lib/neutron/dhcp/c7957083-0798-42c1-9c17-b92534dc8f8e/host
Oct 18 08:26:32 gtw01 dnsmasq-dhcp[539]: read /var/lib/neutron/dhcp/c7957083-0798-42c1-9c17-b92534dc8f8e/opts
Oct 18 08:26:32 gtw01 dnsmasq[32478]: read /var/lib/neutron/dhcp/c4394eed-e8d7-477e-a11c-a65ff61a5ff9/addn_hosts - 2 addresses
Oct 18 08:26:32 gtw01 dnsmasq-dhcp[32478]: read /var/lib/neutron/dhcp/c4394eed-e8d7-477e-a11c-a65ff61a5ff9/host
Oct 18 08:26:32 gtw01 dnsmasq-dhcp[32478]: read /var/lib/neutron/dhcp/c4394eed-e8d7-477e-a11c-a65ff61a5ff9/opts
Oct 18 08:26:32 gtw01 kernel: [ 3217.845991] device tap0a0823d3-26 left promiscuous mode
Oct 18 08:26:33 gtw01 dnsmasq[376]: read /var/lib/neutron/dhcp/8abb5f25-9d6e-48db-b1e2-479e30db08c2/addn_hosts - 3 addresses
Oct 18 08:26:33 gtw01 dnsmasq-dhcp[376]: read /var/lib/neutron/dhcp/8abb5f25-9d6e-48db-b1e2-479e30db08c2/host
Oct 18 08:26:33 gtw01 dnsmasq-dhcp[376]: read /var/lib/neutron/dhcp/8abb5f25-9d6e-48db-b1e2-479e30db08c2/opts
Oct 18 08:26:33 gtw01 dnsmasq[539]: read /var/lib/neutron/dhcp/c7957083-0798-42c1-9c17-b92534dc8f8e/addn_hosts - 2 addresses
Oct 18 08:26:33 gtw01 dnsmasq-dhcp[539]: read /var/lib/neutron/dhcp/c7957083-0798-42c1-9c17-b92534dc8f8e/host
Oct 18 08:26:33 gtw01 dnsmasq-dhcp[539]: read /var/lib/neutron/dhcp/c7957083-0798-42c1-9c17-b92534dc8f8e/opts
Oct 18 08:26:33 gtw01 dnsmasq[32478]: read /var/lib/neutron/dhcp/c4394eed-e8d7-477e-a11c-a65ff61a5ff9/addn_hosts - 2 addresses
Oct 18 08:26:33 gtw01 dnsmasq-dhcp[32478]: read /var/lib/neutron/dhcp/c4394eed-e8d7-477e-a11c-a65ff61a5ff9/host
Oct 18 08:26:33 gtw01 dnsmasq-dhcp[32478]: read /var/lib/neutron/dhcp/c4394eed-e8d7-477e-a11c-a65ff61a5ff9/opts
Oct 18 08:26:34 gtw01 kernel: [ 3219.108995] device tapd766f1d2-81 left promiscuous mode
Oct 18 08:26:35 gtw01 dnsmasq[376]: read /var/lib/neutron/dhcp/8abb5f25-9d6e-48db-b1e2-479e30db08c2/addn_hosts - 3 addresses
Oct 18 08:26:35 gtw01 dnsmasq-dhcp[376]: read /var/lib/neutron/dhcp/8abb5f25-9d6e-48db-b1e2-479e30db08c2/host
Oct 18 08:26:35 gtw01 dnsmasq-dhcp[376]: read /var/lib/neutron/dhcp/8abb5f25-9d6e-48db-b1e2-479e30db08c2/opts
Oct 18 08:26:35 gtw01 dnsmasq[539]: read /var/lib/neutron/dhcp/c7957083-0798-42c1-9c17-b92534dc8f8e/addn_hosts - 2 addresses
Oct 18 08:26:35 gtw01 dnsmasq-dhcp[539]: read /var/lib/neutron/dhcp/c7957083-0798-42c1-9c17-b92534dc8f8e/host
Oct 18 08:26:35 gtw01 dnsmasq-dhcp[539]: read /var/lib/neutron/dhcp/c7957083-0798-42c1-9c17-b92534dc8f8e/opts
Oct 18 08:26:35 gtw01 dnsmasq[32478]: read /var/lib/neutron/dhcp/c4394eed-e8d7-477e-a11c-a65ff61a5ff9/addn_hosts - 1 addresses
Oct 18 08:26:35 gtw01 dnsmasq-dhcp[32478]: read /var/lib/neutron/dhcp/c4394eed-e8d7-477e-a11c-a65ff61a5ff9/host
Oct 18 08:26:35 gtw01 dnsmasq-dhcp[32478]: read /var/lib/neutron/dhcp/c4394eed-e8d7-477e-a11c-a65ff61a5ff9/opts
Oct 18 08:26:36 gtw01 kernel: [ 3221.347149] device tapc1e8e3f5-12 entered promiscuous mode
Oct 18 08:26:36 gtw01 systemd-udevd[844]: Could not generate persistent MAC address for tapc1e8e3f5-12: No such file or directory
Oct 18 08:26:36 gtw01 kernel: [ 3221.377431] device tapf83fd7fb-b7 left promiscuous mode
Oct 18 08:26:36 gtw01 systemd-udevd[910]: Process '/sbin/ip link set tapc1e8e3f5-12 txqueuelen 10000' failed with exit code 1.
Oct 18 08:26:37 gtw01 dnsmasq[376]: read /var/lib/neutron/dhcp/8abb5f25-9d6e-48db-b1e2-479e30db08c2/addn_hosts - 3 addresses
Oct 18 08:26:37 gtw01 dnsmasq-dhcp[376]: read /var/lib/neutron/dhcp/8abb5f25-9d6e-48db-b1e2-479e30db08c2/host
Oct 18 08:26:37 gtw01 dnsmasq-dhcp[376]: read /var/lib/neutron/dhcp/8abb5f25-9d6e-48db-b1e2-479e30db08c2/opts
Oct 18 08:26:37 gtw01 dnsmasq[539]: read /var/lib/neutron/dhcp/c7957083-0798-42c1-9c17-b92534dc8f8e/addn_hosts - 2 addresses
Oct 18 08:26:37 gtw01 dnsmasq-dhcp[539]: read /var/lib/neutron/dhcp/c7957083-0798-42c1-9c17-b92534dc8f8e/host
Oct 18 08:26:37 gtw01 dnsmasq-dhcp[539]: read /var/lib/neutron/dhcp/c7957083-0798-42c1-9c17-b92534dc8f8e/opts
Oct 18 08:26:37 gtw01 kernel: [ 3222.839915] device tap1ce527b2-98 left promiscuous mode
Oct 18 08:26:38 gtw01 dnsmasq[376]: read /var/lib/neutron/dhcp/8abb5f25-9d6e-48db-b1e2-479e30db08c2/addn_hosts - 3 addresses
Oct 18 08:26:38 gtw01 dnsmasq-dhcp[376]: read /var/lib/neutron/dhcp/8abb5f25-9d6e-48db-b1e2-479e30db08c2/host
Oct 18 08:26:38 gtw01 dnsmasq-dhcp[376]: read /var/lib/neutron/dhcp/8abb5f25-9d6e-48db-b1e2-479e30db08c2/opts
Oct 18 08:26:38 gtw01 dnsmasq[539]: read /var/lib/neutron/dhcp/c7957083-0798-42c1-9c17-b92534dc8f8e/addn_hosts - 2 addresses
Oct 18 08:26:38 gtw01 dnsmasq-dhcp[539]: read /var/lib/neutron/dhcp/c7957083-0798-42c1-9c17-b92534dc8f8e/host
Oct 18 08:26:38 gtw01 dnsmasq-dhcp[539]: read /var/lib/neutron/dhcp/c7957083-0798-42c1-9c17-b92534dc8f8e/opts
Oct 18 08:26:39 gtw01 kernel: [ 3224.363193] device tap72dca7db-bb left promiscuous mode
Oct 18 08:26:40 gtw01 dnsmasq[376]: read /var/lib/neutron/dhcp/8abb5f25-9d6e-48db-b1e2-479e30db08c2/addn_hosts - 3 addresses
Oct 18 08:26:40 gtw01 dnsmasq-dhcp[376]: read /var/lib/neutron/dhcp/8abb5f25-9d6e-48db-b1e2-479e30db08c2/host
Oct 18 08:26:40 gtw01 dnsmasq-dhcp[376]: read /var/lib/neutron/dhcp/8abb5f25-9d6e-48db-b1e2-479e30db08c2/opts
Oct 18 08:26:40 gtw01 dnsmasq[539]: read /var/lib/neutron/dhcp/c7957083-0798-42c1-9c17-b92534dc8f8e/addn_hosts - 2 addresses
Oct 18 08:26:40 gtw01 dnsmasq-dhcp[539]: read /var/lib/neutron/dhcp/c7957083-0798-42c1-9c17-b92534dc8f8e/host
Oct 18 08:26:40 gtw01 dnsmasq-dhcp[539]: read /var/lib/neutron/dhcp/c7957083-0798-42c1-9c17-b92534dc8f8e/opts
Oct 18 08:26:41 gtw01 kernel: [ 3226.026658] device tap8558d694-d9 left promiscuous mode
Oct 18 08:26:41 gtw01 dnsmasq[1113]: started, version 2.80 cachesize 150
Oct 18 08:26:41 gtw01 dnsmasq[1113]: DNS service limited to local subnets
Oct 18 08:26:41 gtw01 dnsmasq[1113]: compile time options: IPv6 GNU-getopt DBus i18n IDN DHCP DHCPv6 no-Lua TFTP conntrack ipset auth DNSSEC loop-detect inotify dumpfile
Oct 18 08:26:41 gtw01 dnsmasq[1113]: warning: no upstream servers configured
Oct 18 08:26:41 gtw01 dnsmasq-dhcp[1113]: DHCP, static leases only on 192.168.120.16, lease time 1h
Oct 18 08:26:41 gtw01 dnsmasq[1113]: read /var/lib/neutron/dhcp/bd236c95-b591-487f-b1ec-2ed676ff060b/addn_hosts - 1 addresses
Oct 18 08:26:41 gtw01 dnsmasq-dhcp[1113]: read /var/lib/neutron/dhcp/bd236c95-b591-487f-b1ec-2ed676ff060b/host
Oct 18 08:26:41 gtw01 dnsmasq-dhcp[1113]: read /var/lib/neutron/dhcp/bd236c95-b591-487f-b1ec-2ed676ff060b/opts
Oct 18 08:26:41 gtw01 dnsmasq[376]: read /var/lib/neutron/dhcp/8abb5f25-9d6e-48db-b1e2-479e30db08c2/addn_hosts - 3 addresses
Oct 18 08:26:41 gtw01 dnsmasq-dhcp[376]: read /var/lib/neutron/dhcp/8abb5f25-9d6e-48db-b1e2-479e30db08c2/host
Oct 18 08:26:41 gtw01 dnsmasq-dhcp[376]: read /var/lib/neutron/dhcp/8abb5f25-9d6e-48db-b1e2-479e30db08c2/opts
Oct 18 08:26:41 gtw01 dnsmasq[539]: read /var/lib/neutron/dhcp/c7957083-0798-42c1-9c17-b92534dc8f8e/addn_hosts - 1 addresses
Oct 18 08:26:41 gtw01 dnsmasq-dhcp[539]: read /var/lib/neutron/dhcp/c7957083-0798-42c1-9c17-b92534dc8f8e/host
Oct 18 08:26:41 gtw01 dnsmasq-dhcp[539]: read /var/lib/neutron/dhcp/c7957083-0798-42c1-9c17-b92534dc8f8e/opts
Oct 18 08:26:42 gtw01 haproxy-metadata-proxy-bd236c95-b591-487f-b1ec-2ed676ff060b[1125]: Proxy listener started.
Oct 18 08:26:42 gtw01 dnsmasq[376]: read /var/lib/neutron/dhcp/8abb5f25-9d6e-48db-b1e2-479e30db08c2/addn_hosts - 2 addresses
Oct 18 08:26:42 gtw01 dnsmasq-dhcp[376]: read /var/lib/neutron/dhcp/8abb5f25-9d6e-48db-b1e2-479e30db08c2/host
Oct 18 08:26:42 gtw01 dnsmasq-dhcp[376]: read /var/lib/neutron/dhcp/8abb5f25-9d6e-48db-b1e2-479e30db08c2/opts
Oct 18 08:26:42 gtw01 dnsmasq[1113]: read /var/lib/neutron/dhcp/bd236c95-b591-487f-b1ec-2ed676ff060b/addn_hosts - 2 addresses
Oct 18 08:26:42 gtw01 dnsmasq-dhcp[1113]: read /var/lib/neutron/dhcp/bd236c95-b591-487f-b1ec-2ed676ff060b/host
Oct 18 08:26:42 gtw01 dnsmasq-dhcp[1113]: read /var/lib/neutron/dhcp/bd236c95-b591-487f-b1ec-2ed676ff060b/opts
Oct 18 08:26:43 gtw01 kernel: [ 3228.522244] device tap581f7f5c-0b left promiscuous mode
Oct 18 08:26:44 gtw01 dnsmasq[1113]: read /var/lib/neutron/dhcp/bd236c95-b591-487f-b1ec-2ed676ff060b/addn_hosts - 2 addresses
Oct 18 08:26:44 gtw01 dnsmasq-dhcp[1113]: read /var/lib/neutron/dhcp/bd236c95-b591-487f-b1ec-2ed676ff060b/host
Oct 18 08:26:44 gtw01 dnsmasq-dhcp[1113]: read /var/lib/neutron/dhcp/bd236c95-b591-487f-b1ec-2ed676ff060b/opts
Oct 18 08:26:44 gtw01 dnsmasq[376]: read /var/lib/neutron/dhcp/8abb5f25-9d6e-48db-b1e2-479e30db08c2/addn_hosts - 1 addresses
Oct 18 08:26:44 gtw01 dnsmasq-dhcp[376]: read /var/lib/neutron/dhcp/8abb5f25-9d6e-48db-b1e2-479e30db08c2/host
Oct 18 08:26:44 gtw01 dnsmasq-dhcp[376]: read /var/lib/neutron/dhcp/8abb5f25-9d6e-48db-b1e2-479e30db08c2/opts
Oct 18 08:26:45 gtw01 dnsmasq[1113]: read /var/lib/neutron/dhcp/bd236c95-b591-487f-b1ec-2ed676ff060b/addn_hosts - 2 addresses
Oct 18 08:26:45 gtw01 dnsmasq-dhcp[1113]: read /var/lib/neutron/dhcp/bd236c95-b591-487f-b1ec-2ed676ff060b/host
Oct 18 08:26:45 gtw01 dnsmasq-dhcp[1113]: read /var/lib/neutron/dhcp/bd236c95-b591-487f-b1ec-2ed676ff060b/opts
Oct 18 08:26:46 gtw01 dnsmasq[1113]: read /var/lib/neutron/dhcp/bd236c95-b591-487f-b1ec-2ed676ff060b/addn_hosts - 2 addresses
Oct 18 08:26:46 gtw01 dnsmasq-dhcp[1113]: read /var/lib/neutron/dhcp/bd236c95-b591-487f-b1ec-2ed676ff060b/host
Oct 18 08:26:46 gtw01 dnsmasq-dhcp[1113]: read /var/lib/neutron/dhcp/bd236c95-b591-487f-b1ec-2ed676ff060b/opts
Oct 18 08:26:47 gtw01 dnsmasq[1113]: read /var/lib/neutron/dhcp/bd236c95-b591-487f-b1ec-2ed676ff060b/addn_hosts - 2 addresses
Oct 18 08:26:47 gtw01 dnsmasq-dhcp[1113]: read /var/lib/neutron/dhcp/bd236c95-b591-487f-b1ec-2ed676ff060b/host
Oct 18 08:26:47 gtw01 dnsmasq-dhcp[1113]: read /var/lib/neutron/dhcp/bd236c95-b591-487f-b1ec-2ed676ff060b/opts
Oct 18 08:26:50 gtw01 kernel: [ 3235.381306] device tapac87ea16-a1 entered promiscuous mode
Oct 18 08:26:50 gtw01 systemd-udevd[1280]: Could not generate persistent MAC address for tapac87ea16-a1: No such file or directory
Oct 18 08:26:50 gtw01 systemd-udevd[1280]: Process '/sbin/ip link set tapac87ea16-a1 txqueuelen 10000' failed with exit code 1.
Oct 18 08:26:50 gtw01 systemd-udevd[1280]: Process '/sbin/ip link set tapac87ea16-a1 txqueuelen 10000' failed with exit code 1.
Oct 18 08:26:53 gtw01 dnsmasq[1414]: started, version 2.80 cachesize 150
Oct 18 08:26:53 gtw01 dnsmasq[1414]: DNS service limited to local subnets
Oct 18 08:26:53 gtw01 dnsmasq[1414]: compile time options: IPv6 GNU-getopt DBus i18n IDN DHCP DHCPv6 no-Lua TFTP conntrack ipset auth DNSSEC loop-detect inotify dumpfile
Oct 18 08:26:53 gtw01 dnsmasq[1414]: warning: no upstream servers configured
Oct 18 08:26:53 gtw01 dnsmasq-dhcp[1414]: DHCP, static leases only on 192.168.120.0, lease time 1h
Oct 18 08:26:53 gtw01 dnsmasq[1414]: read /var/lib/neutron/dhcp/500d2cdf-222e-446a-8940-e4b561868317/addn_hosts - 1 addresses
Oct 18 08:26:53 gtw01 dnsmasq-dhcp[1414]: read /var/lib/neutron/dhcp/500d2cdf-222e-446a-8940-e4b561868317/host
Oct 18 08:26:53 gtw01 dnsmasq-dhcp[1414]: read /var/lib/neutron/dhcp/500d2cdf-222e-446a-8940-e4b561868317/opts
Oct 18 08:26:53 gtw01 haproxy-metadata-proxy-500d2cdf-222e-446a-8940-e4b561868317[1418]: Proxy listener started.
Oct 18 08:26:56 gtw01 dnsmasq[1474]: started, version 2.80 cachesize 150
Oct 18 08:26:56 gtw01 dnsmasq[1474]: DNS service limited to local subnets
Oct 18 08:26:56 gtw01 dnsmasq[1474]: compile time options: IPv6 GNU-getopt DBus i18n IDN DHCP DHCPv6 no-Lua TFTP conntrack ipset auth DNSSEC loop-detect inotify dumpfile
Oct 18 08:26:56 gtw01 dnsmasq[1474]: warning: no upstream servers configured
Oct 18 08:26:56 gtw01 dnsmasq-dhcp[1474]: DHCP, static leases only on 192.168.120.0, lease time 1h
Oct 18 08:26:56 gtw01 dnsmasq[1474]: read /var/lib/neutron/dhcp/500d2cdf-222e-446a-8940-e4b561868317/addn_hosts - 3 addresses
Oct 18 08:26:56 gtw01 dnsmasq-dhcp[1474]: read /var/lib/neutron/dhcp/500d2cdf-222e-446a-8940-e4b561868317/host
Oct 18 08:26:56 gtw01 dnsmasq-dhcp[1474]: read /var/lib/neutron/dhcp/500d2cdf-222e-446a-8940-e4b561868317/opts
Oct 18 08:26:57 gtw01 kernel: [ 3241.977378] device tap6163ea49-3b entered promiscuous mode
Oct 18 08:26:57 gtw01 systemd-udevd[1491]: Could not generate persistent MAC address for tap6163ea49-3b: No such file or directory
Oct 18 08:26:57 gtw01 systemd-udevd[1491]: Process '/sbin/ip link set tap6163ea49-3b txqueuelen 10000' failed with exit code 1.
Oct 18 08:26:57 gtw01 systemd-udevd[1491]: Process '/sbin/ip link set tap6163ea49-3b txqueuelen 10000' failed with exit code 1.
Oct 18 08:26:57 gtw01 dnsmasq[1474]: read /var/lib/neutron/dhcp/500d2cdf-222e-446a-8940-e4b561868317/addn_hosts - 3 addresses
Oct 18 08:26:57 gtw01 dnsmasq-dhcp[1474]: read /var/lib/neutron/dhcp/500d2cdf-222e-446a-8940-e4b561868317/host
Oct 18 08:26:57 gtw01 dnsmasq-dhcp[1474]: read /var/lib/neutron/dhcp/500d2cdf-222e-446a-8940-e4b561868317/opts
Oct 18 08:26:58 gtw01 dnsmasq[1474]: read /var/lib/neutron/dhcp/500d2cdf-222e-446a-8940-e4b561868317/addn_hosts - 3 addresses
Oct 18 08:26:58 gtw01 dnsmasq-dhcp[1474]: read /var/lib/neutron/dhcp/500d2cdf-222e-446a-8940-e4b561868317/host
Oct 18 08:26:58 gtw01 dnsmasq-dhcp[1474]: read /var/lib/neutron/dhcp/500d2cdf-222e-446a-8940-e4b561868317/opts
Oct 18 08:26:59 gtw01 dnsmasq[1474]: read /var/lib/neutron/dhcp/500d2cdf-222e-446a-8940-e4b561868317/addn_hosts - 3 addresses
Oct 18 08:26:59 gtw01 dnsmasq-dhcp[1474]: read /var/lib/neutron/dhcp/500d2cdf-222e-446a-8940-e4b561868317/host
Oct 18 08:26:59 gtw01 dnsmasq-dhcp[1474]: read /var/lib/neutron/dhcp/500d2cdf-222e-446a-8940-e4b561868317/opts
Oct 18 08:27:00 gtw01 dnsmasq[1474]: read /var/lib/neutron/dhcp/500d2cdf-222e-446a-8940-e4b561868317/addn_hosts - 3 addresses
Oct 18 08:27:00 gtw01 dnsmasq-dhcp[1474]: read /var/lib/neutron/dhcp/500d2cdf-222e-446a-8940-e4b561868317/host
Oct 18 08:27:00 gtw01 dnsmasq-dhcp[1474]: read /var/lib/neutron/dhcp/500d2cdf-222e-446a-8940-e4b561868317/opts
Oct 18 08:27:00 gtw01 dnsmasq[1680]: started, version 2.80 cachesize 150
Oct 18 08:27:00 gtw01 dnsmasq[1680]: DNS service limited to local subnets
Oct 18 08:27:00 gtw01 dnsmasq[1680]: compile time options: IPv6 GNU-getopt DBus i18n IDN DHCP DHCPv6 no-Lua TFTP conntrack ipset auth DNSSEC loop-detect inotify dumpfile
Oct 18 08:27:00 gtw01 dnsmasq[1680]: warning: no upstream servers configured
Oct 18 08:27:00 gtw01 dnsmasq-dhcp[1680]: DHCP, static leases only on 192.168.120.0, lease time 1h
Oct 18 08:27:00 gtw01 dnsmasq[1680]: read /var/lib/neutron/dhcp/2171c9b3-0b1a-4b26-b251-2c17215d967a/addn_hosts - 1 addresses
Oct 18 08:27:00 gtw01 dnsmasq-dhcp[1680]: read /var/lib/neutron/dhcp/2171c9b3-0b1a-4b26-b251-2c17215d967a/host
Oct 18 08:27:00 gtw01 dnsmasq-dhcp[1680]: read /var/lib/neutron/dhcp/2171c9b3-0b1a-4b26-b251-2c17215d967a/opts
Oct 18 08:27:00 gtw01 haproxy-metadata-proxy-2171c9b3-0b1a-4b26-b251-2c17215d967a[1687]: Proxy listener started.
Oct 18 08:27:01 gtw01 dnsmasq[1474]: read /var/lib/neutron/dhcp/500d2cdf-222e-446a-8940-e4b561868317/addn_hosts - 3 addresses
Oct 18 08:27:01 gtw01 dnsmasq-dhcp[1474]: read /var/lib/neutron/dhcp/500d2cdf-222e-446a-8940-e4b561868317/host
Oct 18 08:27:01 gtw01 dnsmasq-dhcp[1474]: read /var/lib/neutron/dhcp/500d2cdf-222e-446a-8940-e4b561868317/opts
Oct 18 08:27:01 gtw01 kernel: [ 3246.452841] device tap6163ea49-3b left promiscuous mode
Oct 18 08:27:02 gtw01 dnsmasq[1474]: read /var/lib/neutron/dhcp/500d2cdf-222e-446a-8940-e4b561868317/addn_hosts - 3 addresses
Oct 18 08:27:02 gtw01 dnsmasq-dhcp[1474]: read /var/lib/neutron/dhcp/500d2cdf-222e-446a-8940-e4b561868317/host
Oct 18 08:27:02 gtw01 dnsmasq-dhcp[1474]: read /var/lib/neutron/dhcp/500d2cdf-222e-446a-8940-e4b561868317/opts
Oct 18 08:27:02 gtw01 dnsmasq[31462]: read /var/lib/neutron/dhcp/4bdd855f-467f-4b74-b047-c2a97477871e/addn_hosts - 1 addresses
Oct 18 08:27:02 gtw01 dnsmasq-dhcp[31462]: read /var/lib/neutron/dhcp/4bdd855f-467f-4b74-b047-c2a97477871e/host
Oct 18 08:27:02 gtw01 dnsmasq-dhcp[31462]: read /var/lib/neutron/dhcp/4bdd855f-467f-4b74-b047-c2a97477871e/opts
Oct 18 08:27:03 gtw01 dnsmasq-dhcp[1474]: DHCPRELEASE(tapac87ea16-a1) 192.168.120.5 fa:16:3e:95:9c:a7
Oct 18 08:27:03 gtw01 dnsmasq[1474]: read /var/lib/neutron/dhcp/500d2cdf-222e-446a-8940-e4b561868317/addn_hosts - 2 addresses
Oct 18 08:27:03 gtw01 dnsmasq-dhcp[1474]: read /var/lib/neutron/dhcp/500d2cdf-222e-446a-8940-e4b561868317/host
Oct 18 08:27:03 gtw01 dnsmasq-dhcp[1474]: read /var/lib/neutron/dhcp/500d2cdf-222e-446a-8940-e4b561868317/opts
Oct 18 08:27:04 gtw01 kernel: [ 3249.908801] device tapac87ea16-a1 left promiscuous mode
Oct 18 08:27:07 gtw01 kernel: [ 3252.020602] device tap5991cab3-6f entered promiscuous mode
Oct 18 08:27:07 gtw01 systemd-udevd[1799]: Could not generate persistent MAC address for tap5991cab3-6f: No such file or directory
Oct 18 08:27:07 gtw01 systemd-udevd[1867]: Process '/sbin/ip link set tap5991cab3-6f txqueuelen 10000' failed with exit code 1.
Oct 18 08:27:10 gtw01 dnsmasq[1929]: started, version 2.80 cachesize 150
Oct 18 08:27:10 gtw01 dnsmasq[1929]: DNS service limited to local subnets
Oct 18 08:27:10 gtw01 dnsmasq[1929]: compile time options: IPv6 GNU-getopt DBus i18n IDN DHCP DHCPv6 no-Lua TFTP conntrack ipset auth DNSSEC loop-detect inotify dumpfile
Oct 18 08:27:10 gtw01 dnsmasq[1929]: warning: no upstream servers configured
Oct 18 08:27:10 gtw01 dnsmasq-dhcp[1929]: DHCPv6, static leases only on 2003:0:0:2::, lease time 1h
Oct 18 08:27:10 gtw01 dnsmasq[1929]: read /var/lib/neutron/dhcp/66215637-186e-4f5b-95f5-53030a3a3af6/addn_hosts - 1 addresses
Oct 18 08:27:10 gtw01 dnsmasq-dhcp[1929]: read /var/lib/neutron/dhcp/66215637-186e-4f5b-95f5-53030a3a3af6/host
Oct 18 08:27:10 gtw01 dnsmasq-dhcp[1929]: read /var/lib/neutron/dhcp/66215637-186e-4f5b-95f5-53030a3a3af6/opts
Oct 18 08:27:10 gtw01 dnsmasq[1929]: read /var/lib/neutron/dhcp/66215637-186e-4f5b-95f5-53030a3a3af6/addn_hosts - 2 addresses
Oct 18 08:27:10 gtw01 dnsmasq-dhcp[1929]: read /var/lib/neutron/dhcp/66215637-186e-4f5b-95f5-53030a3a3af6/host
Oct 18 08:27:10 gtw01 dnsmasq-dhcp[1929]: read /var/lib/neutron/dhcp/66215637-186e-4f5b-95f5-53030a3a3af6/opts
Oct 18 08:27:11 gtw01 dnsmasq[1929]: read /var/lib/neutron/dhcp/66215637-186e-4f5b-95f5-53030a3a3af6/addn_hosts - 2 addresses
Oct 18 08:27:11 gtw01 dnsmasq-dhcp[1929]: read /var/lib/neutron/dhcp/66215637-186e-4f5b-95f5-53030a3a3af6/host
Oct 18 08:27:11 gtw01 dnsmasq-dhcp[1929]: read /var/lib/neutron/dhcp/66215637-186e-4f5b-95f5-53030a3a3af6/opts
Oct 18 08:27:12 gtw01 dnsmasq[1929]: read /var/lib/neutron/dhcp/66215637-186e-4f5b-95f5-53030a3a3af6/addn_hosts - 2 addresses
Oct 18 08:27:12 gtw01 dnsmasq-dhcp[1929]: read /var/lib/neutron/dhcp/66215637-186e-4f5b-95f5-53030a3a3af6/host
Oct 18 08:27:12 gtw01 dnsmasq-dhcp[1929]: read /var/lib/neutron/dhcp/66215637-186e-4f5b-95f5-53030a3a3af6/opts
Oct 18 08:27:13 gtw01 dnsmasq[1929]: read /var/lib/neutron/dhcp/66215637-186e-4f5b-95f5-53030a3a3af6/addn_hosts - 2 addresses
Oct 18 08:27:13 gtw01 dnsmasq-dhcp[1929]: read /var/lib/neutron/dhcp/66215637-186e-4f5b-95f5-53030a3a3af6/host
Oct 18 08:27:13 gtw01 dnsmasq-dhcp[1929]: read /var/lib/neutron/dhcp/66215637-186e-4f5b-95f5-53030a3a3af6/opts
Oct 18 08:27:14 gtw01 dnsmasq[1929]: read /var/lib/neutron/dhcp/66215637-186e-4f5b-95f5-53030a3a3af6/addn_hosts - 2 addresses
Oct 18 08:27:14 gtw01 dnsmasq-dhcp[1929]: read /var/lib/neutron/dhcp/66215637-186e-4f5b-95f5-53030a3a3af6/host
Oct 18 08:27:14 gtw01 dnsmasq-dhcp[1929]: read /var/lib/neutron/dhcp/66215637-186e-4f5b-95f5-53030a3a3af6/opts
Oct 18 08:27:15 gtw01 dnsmasq[1929]: read /var/lib/neutron/dhcp/66215637-186e-4f5b-95f5-53030a3a3af6/addn_hosts - 1 addresses
Oct 18 08:27:15 gtw01 dnsmasq-dhcp[1929]: read /var/lib/neutron/dhcp/66215637-186e-4f5b-95f5-53030a3a3af6/host
Oct 18 08:27:15 gtw01 dnsmasq-dhcp[1929]: read /var/lib/neutron/dhcp/66215637-186e-4f5b-95f5-53030a3a3af6/opts
Oct 18 08:27:23 gtw01 kernel: [ 3268.620046] device tap0fa5e060-bd entered promiscuous mode
Oct 18 08:27:23 gtw01 systemd-udevd[2050]: Could not generate persistent MAC address for tap0fa5e060-bd: No such file or directory
Oct 18 08:27:23 gtw01 systemd-udevd[2050]: Process '/sbin/ip link set tap0fa5e060-bd txqueuelen 10000' failed with exit code 1.
Oct 18 08:27:26 gtw01 dnsmasq[2180]: started, version 2.80 cachesize 150
Oct 18 08:27:26 gtw01 dnsmasq[2180]: DNS service limited to local subnets
Oct 18 08:27:26 gtw01 dnsmasq[2180]: compile time options: IPv6 GNU-getopt DBus i18n IDN DHCP DHCPv6 no-Lua TFTP conntrack ipset auth DNSSEC loop-detect inotify dumpfile
Oct 18 08:27:26 gtw01 dnsmasq[2180]: warning: no upstream servers configured
Oct 18 08:27:26 gtw01 dnsmasq-dhcp[2180]: DHCP, static leases only on 192.168.120.16, lease time 1h
Oct 18 08:27:26 gtw01 dnsmasq[2180]: read /var/lib/neutron/dhcp/72ce5e43-6113-42aa-bd41-91454041c17b/addn_hosts - 1 addresses
Oct 18 08:27:26 gtw01 dnsmasq-dhcp[2180]: read /var/lib/neutron/dhcp/72ce5e43-6113-42aa-bd41-91454041c17b/host
Oct 18 08:27:26 gtw01 dnsmasq-dhcp[2180]: read /var/lib/neutron/dhcp/72ce5e43-6113-42aa-bd41-91454041c17b/opts
Oct 18 08:27:27 gtw01 haproxy-metadata-proxy-72ce5e43-6113-42aa-bd41-91454041c17b[2184]: Proxy listener started.
Oct 18 08:27:27 gtw01 dnsmasq[2180]: read /var/lib/neutron/dhcp/72ce5e43-6113-42aa-bd41-91454041c17b/addn_hosts - 1 addresses
Oct 18 08:27:27 gtw01 dnsmasq-dhcp[2180]: read /var/lib/neutron/dhcp/72ce5e43-6113-42aa-bd41-91454041c17b/host
Oct 18 08:27:27 gtw01 dnsmasq-dhcp[2180]: read /var/lib/neutron/dhcp/72ce5e43-6113-42aa-bd41-91454041c17b/opts
Oct 18 08:27:28 gtw01 dnsmasq[2180]: read /var/lib/neutron/dhcp/72ce5e43-6113-42aa-bd41-91454041c17b/addn_hosts - 1 addresses
Oct 18 08:27:28 gtw01 dnsmasq-dhcp[2180]: read /var/lib/neutron/dhcp/72ce5e43-6113-42aa-bd41-91454041c17b/host
Oct 18 08:27:28 gtw01 dnsmasq-dhcp[2180]: read /var/lib/neutron/dhcp/72ce5e43-6113-42aa-bd41-91454041c17b/opts
Oct 18 08:27:29 gtw01 dnsmasq[2180]: read /var/lib/neutron/dhcp/72ce5e43-6113-42aa-bd41-91454041c17b/addn_hosts - 2 addresses
Oct 18 08:27:29 gtw01 dnsmasq-dhcp[2180]: read /var/lib/neutron/dhcp/72ce5e43-6113-42aa-bd41-91454041c17b/host
Oct 18 08:27:29 gtw01 dnsmasq-dhcp[2180]: read /var/lib/neutron/dhcp/72ce5e43-6113-42aa-bd41-91454041c17b/opts
Oct 18 08:27:30 gtw01 kernel: [ 3275.917223] device tap0fa5e060-bd left promiscuous mode
Oct 18 08:27:35 gtw01 kernel: [ 3280.550654] device tapb3acce22-34 entered promiscuous mode
Oct 18 08:27:35 gtw01 systemd-udevd[2264]: Could not generate persistent MAC address for tapb3acce22-34: No such file or directory
Oct 18 08:27:35 gtw01 systemd-udevd[2264]: Process '/sbin/ip link set tapb3acce22-34 txqueuelen 10000' failed with exit code 1.
Oct 18 08:27:35 gtw01 systemd-udevd[2338]: Process '/sbin/ip link set tapb3acce22-34 txqueuelen 10000' failed with exit code 1.
Oct 18 08:27:37 gtw01 kernel: [ 3282.551683] device tap7741402b-d0 left promiscuous mode
Oct 18 08:27:38 gtw01 dnsmasq[2403]: started, version 2.80 cachesize 150
Oct 18 08:27:38 gtw01 dnsmasq[2403]: DNS service limited to local subnets
Oct 18 08:27:38 gtw01 dnsmasq[2403]: compile time options: IPv6 GNU-getopt DBus i18n IDN DHCP DHCPv6 no-Lua TFTP conntrack ipset auth DNSSEC loop-detect inotify dumpfile
Oct 18 08:27:38 gtw01 dnsmasq[2403]: warning: no upstream servers configured
Oct 18 08:27:38 gtw01 dnsmasq-dhcp[2403]: DHCP, static leases only on 192.168.120.32, lease time 1h
Oct 18 08:27:38 gtw01 dnsmasq[2403]: read /var/lib/neutron/dhcp/e23c8641-f435-4087-a901-4e43c8ddaa93/addn_hosts - 1 addresses
Oct 18 08:27:38 gtw01 dnsmasq-dhcp[2403]: read /var/lib/neutron/dhcp/e23c8641-f435-4087-a901-4e43c8ddaa93/host
Oct 18 08:27:38 gtw01 dnsmasq-dhcp[2403]: read /var/lib/neutron/dhcp/e23c8641-f435-4087-a901-4e43c8ddaa93/opts
Oct 18 08:27:39 gtw01 haproxy-metadata-proxy-e23c8641-f435-4087-a901-4e43c8ddaa93[2408]: Proxy listener started.
Oct 18 08:27:39 gtw01 dnsmasq[1113]: read /var/lib/neutron/dhcp/bd236c95-b591-487f-b1ec-2ed676ff060b/addn_hosts - 1 addresses
Oct 18 08:27:39 gtw01 dnsmasq-dhcp[1113]: read /var/lib/neutron/dhcp/bd236c95-b591-487f-b1ec-2ed676ff060b/host
Oct 18 08:27:39 gtw01 dnsmasq-dhcp[1113]: read /var/lib/neutron/dhcp/bd236c95-b591-487f-b1ec-2ed676ff060b/opts
Oct 18 08:27:40 gtw01 dnsmasq[2403]: read /var/lib/neutron/dhcp/e23c8641-f435-4087-a901-4e43c8ddaa93/addn_hosts - 2 addresses
Oct 18 08:27:40 gtw01 dnsmasq-dhcp[2403]: read /var/lib/neutron/dhcp/e23c8641-f435-4087-a901-4e43c8ddaa93/host
Oct 18 08:27:40 gtw01 dnsmasq-dhcp[2403]: read /var/lib/neutron/dhcp/e23c8641-f435-4087-a901-4e43c8ddaa93/opts
Oct 18 08:27:40 gtw01 kernel: [ 3285.208700] device tapd60bd224-ee left promiscuous mode
Oct 18 08:27:41 gtw01 dnsmasq[2403]: read /var/lib/neutron/dhcp/e23c8641-f435-4087-a901-4e43c8ddaa93/addn_hosts - 2 addresses
Oct 18 08:27:41 gtw01 dnsmasq-dhcp[2403]: read /var/lib/neutron/dhcp/e23c8641-f435-4087-a901-4e43c8ddaa93/host
Oct 18 08:27:41 gtw01 dnsmasq-dhcp[2403]: read /var/lib/neutron/dhcp/e23c8641-f435-4087-a901-4e43c8ddaa93/opts
Oct 18 08:27:41 gtw01 kernel: [ 3286.345662] device tap5991cab3-6f left promiscuous mode
Oct 18 08:27:42 gtw01 dnsmasq[2403]: read /var/lib/neutron/dhcp/e23c8641-f435-4087-a901-4e43c8ddaa93/addn_hosts - 2 addresses
Oct 18 08:27:42 gtw01 dnsmasq-dhcp[2403]: read /var/lib/neutron/dhcp/e23c8641-f435-4087-a901-4e43c8ddaa93/host
Oct 18 08:27:42 gtw01 dnsmasq-dhcp[2403]: read /var/lib/neutron/dhcp/e23c8641-f435-4087-a901-4e43c8ddaa93/opts
Oct 18 08:27:42 gtw01 dnsmasq[2403]: read /var/lib/neutron/dhcp/e23c8641-f435-4087-a901-4e43c8ddaa93/addn_hosts - 2 addresses
Oct 18 08:27:42 gtw01 dnsmasq-dhcp[2403]: read /var/lib/neutron/dhcp/e23c8641-f435-4087-a901-4e43c8ddaa93/host
Oct 18 08:27:42 gtw01 dnsmasq-dhcp[2403]: read /var/lib/neutron/dhcp/e23c8641-f435-4087-a901-4e43c8ddaa93/opts
Oct 18 08:27:43 gtw01 dnsmasq[2403]: read /var/lib/neutron/dhcp/e23c8641-f435-4087-a901-4e43c8ddaa93/addn_hosts - 2 addresses
Oct 18 08:27:43 gtw01 dnsmasq-dhcp[2403]: read /var/lib/neutron/dhcp/e23c8641-f435-4087-a901-4e43c8ddaa93/host
Oct 18 08:27:43 gtw01 dnsmasq-dhcp[2403]: read /var/lib/neutron/dhcp/e23c8641-f435-4087-a901-4e43c8ddaa93/opts
Oct 18 08:27:45 gtw01 kernel: [ 3290.443914] device tapb3acce22-34 left promiscuous mode
Oct 18 08:27:46 gtw01 kernel: [ 3291.664136] device tap097f8e39-f5 entered promiscuous mode
Oct 18 08:27:46 gtw01 systemd-udevd[2546]: Could not generate persistent MAC address for tap097f8e39-f5: No such file or directory
Oct 18 08:27:46 gtw01 systemd-udevd[2546]: Process '/sbin/ip link set tap097f8e39-f5 txqueuelen 10000' failed with exit code 1.
Oct 18 08:27:46 gtw01 systemd-udevd[2632]: Process '/sbin/ip link set tap097f8e39-f5 txqueuelen 10000' failed with exit code 1.
Oct 18 08:27:49 gtw01 dnsmasq[2697]: started, version 2.80 cachesize 150
Oct 18 08:27:49 gtw01 dnsmasq[2697]: DNS service limited to local subnets
Oct 18 08:27:49 gtw01 dnsmasq[2697]: compile time options: IPv6 GNU-getopt DBus i18n IDN DHCP DHCPv6 no-Lua TFTP conntrack ipset auth DNSSEC loop-detect inotify dumpfile
Oct 18 08:27:49 gtw01 dnsmasq[2697]: warning: no upstream servers configured
Oct 18 08:27:49 gtw01 dnsmasq-dhcp[2697]: DHCP, static leases only on 192.168.120.32, lease time 1h
Oct 18 08:27:49 gtw01 dnsmasq[2697]: read /var/lib/neutron/dhcp/ec78d54f-c119-447b-9cae-8970d64a3b4c/addn_hosts - 1 addresses
Oct 18 08:27:49 gtw01 dnsmasq-dhcp[2697]: read /var/lib/neutron/dhcp/ec78d54f-c119-447b-9cae-8970d64a3b4c/host
Oct 18 08:27:49 gtw01 dnsmasq-dhcp[2697]: read /var/lib/neutron/dhcp/ec78d54f-c119-447b-9cae-8970d64a3b4c/opts
Oct 18 08:27:50 gtw01 haproxy-metadata-proxy-ec78d54f-c119-447b-9cae-8970d64a3b4c[2702]: Proxy listener started.
Oct 18 08:27:50 gtw01 dnsmasq[2697]: read /var/lib/neutron/dhcp/ec78d54f-c119-447b-9cae-8970d64a3b4c/addn_hosts - 2 addresses
Oct 18 08:27:50 gtw01 dnsmasq-dhcp[2697]: read /var/lib/neutron/dhcp/ec78d54f-c119-447b-9cae-8970d64a3b4c/host
Oct 18 08:27:50 gtw01 dnsmasq-dhcp[2697]: read /var/lib/neutron/dhcp/ec78d54f-c119-447b-9cae-8970d64a3b4c/opts
Oct 18 08:27:51 gtw01 dnsmasq[2697]: read /var/lib/neutron/dhcp/ec78d54f-c119-447b-9cae-8970d64a3b4c/addn_hosts - 2 addresses
Oct 18 08:27:51 gtw01 dnsmasq-dhcp[2697]: read /var/lib/neutron/dhcp/ec78d54f-c119-447b-9cae-8970d64a3b4c/host
Oct 18 08:27:51 gtw01 dnsmasq-dhcp[2697]: read /var/lib/neutron/dhcp/ec78d54f-c119-447b-9cae-8970d64a3b4c/opts
Oct 18 08:27:52 gtw01 dnsmasq[2697]: read /var/lib/neutron/dhcp/ec78d54f-c119-447b-9cae-8970d64a3b4c/addn_hosts - 2 addresses
Oct 18 08:27:52 gtw01 dnsmasq-dhcp[2697]: read /var/lib/neutron/dhcp/ec78d54f-c119-447b-9cae-8970d64a3b4c/host
Oct 18 08:27:52 gtw01 dnsmasq-dhcp[2697]: read /var/lib/neutron/dhcp/ec78d54f-c119-447b-9cae-8970d64a3b4c/opts
Oct 18 08:27:53 gtw01 dnsmasq[2697]: read /var/lib/neutron/dhcp/ec78d54f-c119-447b-9cae-8970d64a3b4c/addn_hosts - 2 addresses
Oct 18 08:27:53 gtw01 dnsmasq-dhcp[2697]: read /var/lib/neutron/dhcp/ec78d54f-c119-447b-9cae-8970d64a3b4c/host
Oct 18 08:27:53 gtw01 dnsmasq-dhcp[2697]: read /var/lib/neutron/dhcp/ec78d54f-c119-447b-9cae-8970d64a3b4c/opts
Oct 18 08:27:54 gtw01 kernel: [ 3299.527872] device tap0abb7a04-34 entered promiscuous mode
Oct 18 08:27:54 gtw01 systemd-udevd[2802]: Could not generate persistent MAC address for tap0abb7a04-34: No such file or directory
Oct 18 08:27:54 gtw01 systemd-udevd[2802]: Process '/sbin/ip link set tap0abb7a04-34 txqueuelen 10000' failed with exit code 1.
Oct 18 08:27:54 gtw01 dnsmasq[2697]: read /var/lib/neutron/dhcp/ec78d54f-c119-447b-9cae-8970d64a3b4c/addn_hosts - 2 addresses
Oct 18 08:27:54 gtw01 dnsmasq-dhcp[2697]: read /var/lib/neutron/dhcp/ec78d54f-c119-447b-9cae-8970d64a3b4c/host
Oct 18 08:27:54 gtw01 dnsmasq-dhcp[2697]: read /var/lib/neutron/dhcp/ec78d54f-c119-447b-9cae-8970d64a3b4c/opts
Oct 18 08:27:54 gtw01 systemd-udevd[2877]: Process '/sbin/ip link set tap0abb7a04-34 txqueuelen 10000' failed with exit code 1.
Oct 18 08:27:55 gtw01 dnsmasq[2697]: read /var/lib/neutron/dhcp/ec78d54f-c119-447b-9cae-8970d64a3b4c/addn_hosts - 1 addresses
Oct 18 08:27:55 gtw01 dnsmasq-dhcp[2697]: read /var/lib/neutron/dhcp/ec78d54f-c119-447b-9cae-8970d64a3b4c/host
Oct 18 08:27:55 gtw01 dnsmasq-dhcp[2697]: read /var/lib/neutron/dhcp/ec78d54f-c119-447b-9cae-8970d64a3b4c/opts
Oct 18 08:27:57 gtw01 kernel: [ 3302.540668] device tapc47c927e-cf entered promiscuous mode
Oct 18 08:27:57 gtw01 systemd-udevd[2977]: Could not generate persistent MAC address for tapc47c927e-cf: No such file or directory
Oct 18 08:27:57 gtw01 systemd-udevd[2977]: Process '/sbin/ip link set tapc47c927e-cf txqueuelen 10000' failed with exit code 1.
Oct 18 08:27:58 gtw01 dnsmasq[3070]: started, version 2.80 cachesize 150
Oct 18 08:27:58 gtw01 dnsmasq[3070]: DNS service limited to local subnets
Oct 18 08:27:58 gtw01 dnsmasq[3070]: compile time options: IPv6 GNU-getopt DBus i18n IDN DHCP DHCPv6 no-Lua TFTP conntrack ipset auth DNSSEC loop-detect inotify dumpfile
Oct 18 08:27:58 gtw01 dnsmasq[3070]: warning: no upstream servers configured
Oct 18 08:27:58 gtw01 dnsmasq-dhcp[3070]: DHCP, static leases only on 192.168.120.0, lease time 1h
Oct 18 08:27:58 gtw01 dnsmasq[3070]: read /var/lib/neutron/dhcp/9200cb2a-a472-4ecb-9b4d-a45a007ad4d9/addn_hosts - 1 addresses
Oct 18 08:27:58 gtw01 dnsmasq-dhcp[3070]: read /var/lib/neutron/dhcp/9200cb2a-a472-4ecb-9b4d-a45a007ad4d9/host
Oct 18 08:27:58 gtw01 dnsmasq-dhcp[3070]: read /var/lib/neutron/dhcp/9200cb2a-a472-4ecb-9b4d-a45a007ad4d9/opts
Oct 18 08:27:58 gtw01 haproxy-metadata-proxy-9200cb2a-a472-4ecb-9b4d-a45a007ad4d9[3076]: Proxy listener started.
Oct 18 08:27:58 gtw01 kernel: [ 3303.917318] device tap0abb7a04-34 left promiscuous mode
Oct 18 08:28:00 gtw01 dnsmasq[3130]: started, version 2.80 cachesize 150
Oct 18 08:28:00 gtw01 dnsmasq[3130]: DNS service limited to local subnets
Oct 18 08:28:00 gtw01 dnsmasq[3130]: compile time options: IPv6 GNU-getopt DBus i18n IDN DHCP DHCPv6 no-Lua TFTP conntrack ipset auth DNSSEC loop-detect inotify dumpfile
Oct 18 08:28:00 gtw01 dnsmasq[3130]: warning: no upstream servers configured
Oct 18 08:28:00 gtw01 dnsmasq-dhcp[3130]: DHCP, static leases only on 192.168.120.64, lease time 1h
Oct 18 08:28:00 gtw01 dnsmasq[3130]: read /var/lib/neutron/dhcp/5d5a1edb-d33e-4c99-a9c5-4989443055e6/addn_hosts - 1 addresses
Oct 18 08:28:00 gtw01 dnsmasq-dhcp[3130]: read /var/lib/neutron/dhcp/5d5a1edb-d33e-4c99-a9c5-4989443055e6/host
Oct 18 08:28:00 gtw01 dnsmasq-dhcp[3130]: read /var/lib/neutron/dhcp/5d5a1edb-d33e-4c99-a9c5-4989443055e6/opts
Oct 18 08:28:01 gtw01 haproxy-metadata-proxy-5d5a1edb-d33e-4c99-a9c5-4989443055e6[3134]: Proxy listener started.
Oct 18 08:28:01 gtw01 kernel: [ 3306.810218] device tapc47c927e-cf left promiscuous mode
