Oct 18 08:10:57 gtw01 dnsmasq-dhcp[15927]: read /var/lib/neutron/dhcp/6aec9572-5649-42b8-b372-a4f56d8cd8d8/opts
Oct 18 08:10:59 gtw01 dnsmasq[15927]: read /var/lib/neutron/dhcp/6aec9572-5649-42b8-b372-a4f56d8cd8d8/addn_hosts - 1 addresses
Oct 18 08:10:59 gtw01 dnsmasq-dhcp[15927]: read /var/lib/neutron/dhcp/6aec9572-5649-42b8-b372-a4f56d8cd8d8/host
Oct 18 08:10:59 gtw01 dnsmasq-dhcp[15927]: read /var/lib/neutron/dhcp/6aec9572-5649-42b8-b372-a4f56d8cd8d8/opts
Oct 18 08:11:04 gtw01 kernel: [ 2289.833700] device tap57643e99-1d left promiscuous mode
Oct 18 08:11:14 gtw01 kernel: [ 2299.267343] device tap6d4e7440-47 entered promiscuous mode
Oct 18 08:11:14 gtw01 systemd-udevd[16132]: Could not generate persistent MAC address for tap6d4e7440-47: No such file or directory
Oct 18 08:11:14 gtw01 systemd-udevd[16132]: Process '/sbin/ip link set tap6d4e7440-47 txqueuelen 10000' failed with exit code 1.
Oct 18 08:11:14 gtw01 systemd-udevd[16206]: Process '/sbin/ip link set tap6d4e7440-47 txqueuelen 10000' failed with exit code 1.
Oct 18 08:11:17 gtw01 dnsmasq[16266]: started, version 2.80 cachesize 150
Oct 18 08:11:17 gtw01 dnsmasq[16266]: DNS service limited to local subnets
Oct 18 08:11:17 gtw01 dnsmasq[16266]: compile time options: IPv6 GNU-getopt DBus i18n IDN DHCP DHCPv6 no-Lua TFTP conntrack ipset auth DNSSEC loop-detect inotify dumpfile
Oct 18 08:11:17 gtw01 dnsmasq[16266]: warning: no upstream servers configured
Oct 18 08:11:17 gtw01 dnsmasq-dhcp[16266]: DHCP, static leases only on 192.168.120.0, lease time 1h
Oct 18 08:11:17 gtw01 dnsmasq[16266]: read /var/lib/neutron/dhcp/cc7433ee-ad55-4f78-8547-daa6e674ac81/addn_hosts - 1 addresses
Oct 18 08:11:17 gtw01 dnsmasq-dhcp[16266]: read /var/lib/neutron/dhcp/cc7433ee-ad55-4f78-8547-daa6e674ac81/host
Oct 18 08:11:17 gtw01 dnsmasq-dhcp[16266]: read /var/lib/neutron/dhcp/cc7433ee-ad55-4f78-8547-daa6e674ac81/opts
Oct 18 08:11:17 gtw01 haproxy-metadata-proxy-cc7433ee-ad55-4f78-8547-daa6e674ac81[16270]: Proxy listener started.
Oct 18 08:11:18 gtw01 dnsmasq[16266]: read /var/lib/neutron/dhcp/cc7433ee-ad55-4f78-8547-daa6e674ac81/addn_hosts - 2 addresses
Oct 18 08:11:18 gtw01 dnsmasq-dhcp[16266]: read /var/lib/neutron/dhcp/cc7433ee-ad55-4f78-8547-daa6e674ac81/host
Oct 18 08:11:18 gtw01 dnsmasq-dhcp[16266]: read /var/lib/neutron/dhcp/cc7433ee-ad55-4f78-8547-daa6e674ac81/opts
Oct 18 08:11:19 gtw01 dnsmasq[16266]: read /var/lib/neutron/dhcp/cc7433ee-ad55-4f78-8547-daa6e674ac81/addn_hosts - 2 addresses
Oct 18 08:11:19 gtw01 dnsmasq-dhcp[16266]: read /var/lib/neutron/dhcp/cc7433ee-ad55-4f78-8547-daa6e674ac81/host
Oct 18 08:11:19 gtw01 dnsmasq-dhcp[16266]: read /var/lib/neutron/dhcp/cc7433ee-ad55-4f78-8547-daa6e674ac81/opts
Oct 18 08:11:20 gtw01 dnsmasq[16266]: read /var/lib/neutron/dhcp/cc7433ee-ad55-4f78-8547-daa6e674ac81/addn_hosts - 2 addresses
Oct 18 08:11:20 gtw01 dnsmasq-dhcp[16266]: read /var/lib/neutron/dhcp/cc7433ee-ad55-4f78-8547-daa6e674ac81/host
Oct 18 08:11:20 gtw01 dnsmasq-dhcp[16266]: read /var/lib/neutron/dhcp/cc7433ee-ad55-4f78-8547-daa6e674ac81/opts
Oct 18 08:11:21 gtw01 dnsmasq[16266]: read /var/lib/neutron/dhcp/cc7433ee-ad55-4f78-8547-daa6e674ac81/addn_hosts - 2 addresses
Oct 18 08:11:21 gtw01 dnsmasq-dhcp[16266]: read /var/lib/neutron/dhcp/cc7433ee-ad55-4f78-8547-daa6e674ac81/host
Oct 18 08:11:21 gtw01 dnsmasq-dhcp[16266]: read /var/lib/neutron/dhcp/cc7433ee-ad55-4f78-8547-daa6e674ac81/opts
Oct 18 08:11:22 gtw01 dnsmasq[16266]: read /var/lib/neutron/dhcp/cc7433ee-ad55-4f78-8547-daa6e674ac81/addn_hosts - 2 addresses
Oct 18 08:11:22 gtw01 dnsmasq-dhcp[16266]: read /var/lib/neutron/dhcp/cc7433ee-ad55-4f78-8547-daa6e674ac81/host
Oct 18 08:11:22 gtw01 dnsmasq-dhcp[16266]: read /var/lib/neutron/dhcp/cc7433ee-ad55-4f78-8547-daa6e674ac81/opts
Oct 18 08:11:23 gtw01 dnsmasq[16266]: read /var/lib/neutron/dhcp/cc7433ee-ad55-4f78-8547-daa6e674ac81/addn_hosts - 3 addresses
Oct 18 08:11:23 gtw01 dnsmasq-dhcp[16266]: read /var/lib/neutron/dhcp/cc7433ee-ad55-4f78-8547-daa6e674ac81/host
Oct 18 08:11:23 gtw01 dnsmasq-dhcp[16266]: read /var/lib/neutron/dhcp/cc7433ee-ad55-4f78-8547-daa6e674ac81/opts
Oct 18 08:11:24 gtw01 dnsmasq[16266]: read /var/lib/neutron/dhcp/cc7433ee-ad55-4f78-8547-daa6e674ac81/addn_hosts - 3 addresses
Oct 18 08:11:24 gtw01 dnsmasq-dhcp[16266]: read /var/lib/neutron/dhcp/cc7433ee-ad55-4f78-8547-daa6e674ac81/host
Oct 18 08:11:24 gtw01 dnsmasq-dhcp[16266]: read /var/lib/neutron/dhcp/cc7433ee-ad55-4f78-8547-daa6e674ac81/opts
Oct 18 08:11:25 gtw01 dnsmasq[16266]: read /var/lib/neutron/dhcp/cc7433ee-ad55-4f78-8547-daa6e674ac81/addn_hosts - 3 addresses
Oct 18 08:11:25 gtw01 dnsmasq-dhcp[16266]: read /var/lib/neutron/dhcp/cc7433ee-ad55-4f78-8547-daa6e674ac81/host
Oct 18 08:11:25 gtw01 dnsmasq-dhcp[16266]: read /var/lib/neutron/dhcp/cc7433ee-ad55-4f78-8547-daa6e674ac81/opts
Oct 18 08:11:33 gtw01 dnsmasq[16266]: read /var/lib/neutron/dhcp/cc7433ee-ad55-4f78-8547-daa6e674ac81/addn_hosts - 4 addresses
Oct 18 08:11:33 gtw01 dnsmasq-dhcp[16266]: read /var/lib/neutron/dhcp/cc7433ee-ad55-4f78-8547-daa6e674ac81/host
Oct 18 08:11:33 gtw01 dnsmasq-dhcp[16266]: read /var/lib/neutron/dhcp/cc7433ee-ad55-4f78-8547-daa6e674ac81/opts
Oct 18 08:11:34 gtw01 dnsmasq[16266]: read /var/lib/neutron/dhcp/cc7433ee-ad55-4f78-8547-daa6e674ac81/addn_hosts - 4 addresses
Oct 18 08:11:34 gtw01 dnsmasq-dhcp[16266]: read /var/lib/neutron/dhcp/cc7433ee-ad55-4f78-8547-daa6e674ac81/host
Oct 18 08:11:34 gtw01 dnsmasq-dhcp[16266]: read /var/lib/neutron/dhcp/cc7433ee-ad55-4f78-8547-daa6e674ac81/opts
Oct 18 08:11:35 gtw01 dnsmasq[16266]: read /var/lib/neutron/dhcp/cc7433ee-ad55-4f78-8547-daa6e674ac81/addn_hosts - 4 addresses
Oct 18 08:11:35 gtw01 dnsmasq-dhcp[16266]: read /var/lib/neutron/dhcp/cc7433ee-ad55-4f78-8547-daa6e674ac81/host
Oct 18 08:11:35 gtw01 dnsmasq-dhcp[16266]: read /var/lib/neutron/dhcp/cc7433ee-ad55-4f78-8547-daa6e674ac81/opts
Oct 18 08:11:38 gtw01 dnsmasq-dhcp[16266]: DHCPDISCOVER(tap6d4e7440-47) fa:16:3e:83:f2:c8
Oct 18 08:11:38 gtw01 dnsmasq-dhcp[16266]: DHCPOFFER(tap6d4e7440-47) 192.168.120.12 fa:16:3e:83:f2:c8
Oct 18 08:11:38 gtw01 dnsmasq-dhcp[16266]: DHCPREQUEST(tap6d4e7440-47) 192.168.120.12 fa:16:3e:83:f2:c8
Oct 18 08:11:38 gtw01 dnsmasq-dhcp[16266]: DHCPACK(tap6d4e7440-47) 192.168.120.12 fa:16:3e:83:f2:c8 host-192-168-120-12
Oct 18 08:11:47 gtw01 dnsmasq-dhcp[16266]: DHCPDISCOVER(tap6d4e7440-47) fa:16:3e:93:12:9c
Oct 18 08:11:47 gtw01 dnsmasq-dhcp[16266]: DHCPOFFER(tap6d4e7440-47) 192.168.120.3 fa:16:3e:93:12:9c
Oct 18 08:11:47 gtw01 dnsmasq-dhcp[16266]: DHCPREQUEST(tap6d4e7440-47) 192.168.120.3 fa:16:3e:93:12:9c
Oct 18 08:11:47 gtw01 dnsmasq-dhcp[16266]: DHCPACK(tap6d4e7440-47) 192.168.120.3 fa:16:3e:93:12:9c host-192-168-120-3
Oct 18 08:11:52 gtw01 dnsmasq-dhcp[16266]: DHCPRELEASE(tap6d4e7440-47) 192.168.120.12 fa:16:3e:83:f2:c8
Oct 18 08:11:53 gtw01 dnsmasq-dhcp[16266]: DHCPRELEASE(tap6d4e7440-47) 192.168.120.12 fa:16:3e:83:f2:c8 unknown lease
Oct 18 08:11:53 gtw01 dnsmasq[16266]: read /var/lib/neutron/dhcp/cc7433ee-ad55-4f78-8547-daa6e674ac81/addn_hosts - 3 addresses
Oct 18 08:11:53 gtw01 dnsmasq-dhcp[16266]: read /var/lib/neutron/dhcp/cc7433ee-ad55-4f78-8547-daa6e674ac81/host
Oct 18 08:11:53 gtw01 dnsmasq-dhcp[16266]: read /var/lib/neutron/dhcp/cc7433ee-ad55-4f78-8547-daa6e674ac81/opts
Oct 18 08:11:57 gtw01 dnsmasq-dhcp[16266]: DHCPRELEASE(tap6d4e7440-47) 192.168.120.3 fa:16:3e:93:12:9c
Oct 18 08:11:57 gtw01 dnsmasq-dhcp[16266]: DHCPRELEASE(tap6d4e7440-47) 192.168.120.3 fa:16:3e:93:12:9c unknown lease
Oct 18 08:11:58 gtw01 dnsmasq[16266]: read /var/lib/neutron/dhcp/cc7433ee-ad55-4f78-8547-daa6e674ac81/addn_hosts - 2 addresses
Oct 18 08:11:58 gtw01 dnsmasq-dhcp[16266]: read /var/lib/neutron/dhcp/cc7433ee-ad55-4f78-8547-daa6e674ac81/host
Oct 18 08:11:58 gtw01 dnsmasq-dhcp[16266]: read /var/lib/neutron/dhcp/cc7433ee-ad55-4f78-8547-daa6e674ac81/opts
Oct 18 08:11:59 gtw01 dnsmasq[16266]: read /var/lib/neutron/dhcp/cc7433ee-ad55-4f78-8547-daa6e674ac81/addn_hosts - 1 addresses
Oct 18 08:11:59 gtw01 dnsmasq-dhcp[16266]: read /var/lib/neutron/dhcp/cc7433ee-ad55-4f78-8547-daa6e674ac81/host
Oct 18 08:11:59 gtw01 dnsmasq-dhcp[16266]: read /var/lib/neutron/dhcp/cc7433ee-ad55-4f78-8547-daa6e674ac81/opts
Oct 18 08:12:04 gtw01 kernel: [ 2349.403833] device tap6d4e7440-47 left promiscuous mode
Oct 18 08:12:14 gtw01 systemd-udevd[16543]: Could not generate persistent MAC address for tap32fb519d-b0: No such file or directory
Oct 18 08:12:14 gtw01 kernel: [ 2359.595872] device tap32fb519d-b0 entered promiscuous mode
Oct 18 08:12:14 gtw01 systemd-udevd[16543]: Process '/sbin/ip link set tap32fb519d-b0 txqueuelen 10000' failed with exit code 1.
Oct 18 08:12:14 gtw01 systemd-udevd[16543]: Process '/sbin/ip link set tap32fb519d-b0 txqueuelen 10000' failed with exit code 1.
Oct 18 08:12:17 gtw01 dnsmasq[16681]: started, version 2.80 cachesize 150
Oct 18 08:12:17 gtw01 dnsmasq[16681]: DNS service limited to local subnets
Oct 18 08:12:17 gtw01 dnsmasq[16681]: compile time options: IPv6 GNU-getopt DBus i18n IDN DHCP DHCPv6 no-Lua TFTP conntrack ipset auth DNSSEC loop-detect inotify dumpfile
Oct 18 08:12:17 gtw01 dnsmasq[16681]: warning: no upstream servers configured
Oct 18 08:12:17 gtw01 dnsmasq-dhcp[16681]: DHCP, static leases only on 192.168.120.0, lease time 1h
Oct 18 08:12:17 gtw01 dnsmasq[16681]: read /var/lib/neutron/dhcp/39f57c38-303b-4ec7-8dab-7728053a220d/addn_hosts - 1 addresses
Oct 18 08:12:17 gtw01 dnsmasq-dhcp[16681]: read /var/lib/neutron/dhcp/39f57c38-303b-4ec7-8dab-7728053a220d/host
Oct 18 08:12:17 gtw01 dnsmasq-dhcp[16681]: read /var/lib/neutron/dhcp/39f57c38-303b-4ec7-8dab-7728053a220d/opts
Oct 18 08:12:18 gtw01 haproxy-metadata-proxy-39f57c38-303b-4ec7-8dab-7728053a220d[16685]: Proxy listener started.
Oct 18 08:12:18 gtw01 dnsmasq[16681]: read /var/lib/neutron/dhcp/39f57c38-303b-4ec7-8dab-7728053a220d/addn_hosts - 2 addresses
Oct 18 08:12:18 gtw01 dnsmasq-dhcp[16681]: read /var/lib/neutron/dhcp/39f57c38-303b-4ec7-8dab-7728053a220d/host
Oct 18 08:12:18 gtw01 dnsmasq-dhcp[16681]: read /var/lib/neutron/dhcp/39f57c38-303b-4ec7-8dab-7728053a220d/opts
Oct 18 08:12:19 gtw01 dnsmasq[16681]: read /var/lib/neutron/dhcp/39f57c38-303b-4ec7-8dab-7728053a220d/addn_hosts - 2 addresses
Oct 18 08:12:19 gtw01 dnsmasq-dhcp[16681]: read /var/lib/neutron/dhcp/39f57c38-303b-4ec7-8dab-7728053a220d/host
Oct 18 08:12:19 gtw01 dnsmasq-dhcp[16681]: read /var/lib/neutron/dhcp/39f57c38-303b-4ec7-8dab-7728053a220d/opts
Oct 18 08:12:20 gtw01 dnsmasq[16681]: read /var/lib/neutron/dhcp/39f57c38-303b-4ec7-8dab-7728053a220d/addn_hosts - 2 addresses
Oct 18 08:12:20 gtw01 dnsmasq-dhcp[16681]: read /var/lib/neutron/dhcp/39f57c38-303b-4ec7-8dab-7728053a220d/host
Oct 18 08:12:20 gtw01 dnsmasq-dhcp[16681]: read /var/lib/neutron/dhcp/39f57c38-303b-4ec7-8dab-7728053a220d/opts
Oct 18 08:12:21 gtw01 dnsmasq[16681]: read /var/lib/neutron/dhcp/39f57c38-303b-4ec7-8dab-7728053a220d/addn_hosts - 2 addresses
Oct 18 08:12:21 gtw01 dnsmasq-dhcp[16681]: read /var/lib/neutron/dhcp/39f57c38-303b-4ec7-8dab-7728053a220d/host
Oct 18 08:12:21 gtw01 dnsmasq-dhcp[16681]: read /var/lib/neutron/dhcp/39f57c38-303b-4ec7-8dab-7728053a220d/opts
Oct 18 08:12:22 gtw01 dnsmasq[16681]: read /var/lib/neutron/dhcp/39f57c38-303b-4ec7-8dab-7728053a220d/addn_hosts - 3 addresses
Oct 18 08:12:22 gtw01 dnsmasq-dhcp[16681]: read /var/lib/neutron/dhcp/39f57c38-303b-4ec7-8dab-7728053a220d/host
Oct 18 08:12:22 gtw01 dnsmasq-dhcp[16681]: read /var/lib/neutron/dhcp/39f57c38-303b-4ec7-8dab-7728053a220d/opts
Oct 18 08:12:23 gtw01 dnsmasq[16681]: read /var/lib/neutron/dhcp/39f57c38-303b-4ec7-8dab-7728053a220d/addn_hosts - 3 addresses
Oct 18 08:12:23 gtw01 dnsmasq-dhcp[16681]: read /var/lib/neutron/dhcp/39f57c38-303b-4ec7-8dab-7728053a220d/host
Oct 18 08:12:23 gtw01 dnsmasq-dhcp[16681]: read /var/lib/neutron/dhcp/39f57c38-303b-4ec7-8dab-7728053a220d/opts
Oct 18 08:12:24 gtw01 dnsmasq[16681]: read /var/lib/neutron/dhcp/39f57c38-303b-4ec7-8dab-7728053a220d/addn_hosts - 3 addresses
Oct 18 08:12:24 gtw01 dnsmasq-dhcp[16681]: read /var/lib/neutron/dhcp/39f57c38-303b-4ec7-8dab-7728053a220d/host
Oct 18 08:12:24 gtw01 dnsmasq-dhcp[16681]: read /var/lib/neutron/dhcp/39f57c38-303b-4ec7-8dab-7728053a220d/opts
Oct 18 08:12:25 gtw01 dnsmasq[16681]: read /var/lib/neutron/dhcp/39f57c38-303b-4ec7-8dab-7728053a220d/addn_hosts - 3 addresses
Oct 18 08:12:25 gtw01 dnsmasq-dhcp[16681]: read /var/lib/neutron/dhcp/39f57c38-303b-4ec7-8dab-7728053a220d/host
Oct 18 08:12:25 gtw01 dnsmasq-dhcp[16681]: read /var/lib/neutron/dhcp/39f57c38-303b-4ec7-8dab-7728053a220d/opts
Oct 18 08:12:29 gtw01 dnsmasq[16681]: read /var/lib/neutron/dhcp/39f57c38-303b-4ec7-8dab-7728053a220d/addn_hosts - 4 addresses
Oct 18 08:12:29 gtw01 dnsmasq-dhcp[16681]: read /var/lib/neutron/dhcp/39f57c38-303b-4ec7-8dab-7728053a220d/host
Oct 18 08:12:29 gtw01 dnsmasq-dhcp[16681]: read /var/lib/neutron/dhcp/39f57c38-303b-4ec7-8dab-7728053a220d/opts
Oct 18 08:12:30 gtw01 dnsmasq[16681]: read /var/lib/neutron/dhcp/39f57c38-303b-4ec7-8dab-7728053a220d/addn_hosts - 4 addresses
Oct 18 08:12:30 gtw01 dnsmasq-dhcp[16681]: read /var/lib/neutron/dhcp/39f57c38-303b-4ec7-8dab-7728053a220d/host
Oct 18 08:12:30 gtw01 dnsmasq-dhcp[16681]: read /var/lib/neutron/dhcp/39f57c38-303b-4ec7-8dab-7728053a220d/opts
Oct 18 08:12:31 gtw01 dnsmasq[16681]: read /var/lib/neutron/dhcp/39f57c38-303b-4ec7-8dab-7728053a220d/addn_hosts - 4 addresses
Oct 18 08:12:31 gtw01 dnsmasq-dhcp[16681]: read /var/lib/neutron/dhcp/39f57c38-303b-4ec7-8dab-7728053a220d/host
Oct 18 08:12:31 gtw01 dnsmasq-dhcp[16681]: read /var/lib/neutron/dhcp/39f57c38-303b-4ec7-8dab-7728053a220d/opts
Oct 18 08:12:35 gtw01 dnsmasq-dhcp[16681]: DHCPDISCOVER(tap32fb519d-b0) fa:16:3e:40:a2:1c
Oct 18 08:12:35 gtw01 dnsmasq-dhcp[16681]: DHCPOFFER(tap32fb519d-b0) 192.168.120.5 fa:16:3e:40:a2:1c
Oct 18 08:12:35 gtw01 dnsmasq-dhcp[16681]: DHCPREQUEST(tap32fb519d-b0) 192.168.120.5 fa:16:3e:40:a2:1c
Oct 18 08:12:35 gtw01 dnsmasq-dhcp[16681]: DHCPACK(tap32fb519d-b0) 192.168.120.5 fa:16:3e:40:a2:1c host-192-168-120-5
Oct 18 08:12:43 gtw01 dnsmasq-dhcp[16681]: DHCPDISCOVER(tap32fb519d-b0) fa:16:3e:b5:2b:23
Oct 18 08:12:43 gtw01 dnsmasq-dhcp[16681]: DHCPOFFER(tap32fb519d-b0) 192.168.120.13 fa:16:3e:b5:2b:23
Oct 18 08:12:43 gtw01 dnsmasq-dhcp[16681]: DHCPREQUEST(tap32fb519d-b0) 192.168.120.13 fa:16:3e:b5:2b:23
Oct 18 08:12:43 gtw01 dnsmasq-dhcp[16681]: DHCPACK(tap32fb519d-b0) 192.168.120.13 fa:16:3e:b5:2b:23 host-192-168-120-13
Oct 18 08:12:47 gtw01 dnsmasq-dhcp[16681]: DHCPRELEASE(tap32fb519d-b0) 192.168.120.5 fa:16:3e:40:a2:1c
Oct 18 08:12:47 gtw01 dnsmasq-dhcp[16681]: DHCPRELEASE(tap32fb519d-b0) 192.168.120.5 fa:16:3e:40:a2:1c unknown lease
Oct 18 08:12:48 gtw01 dnsmasq[16681]: read /var/lib/neutron/dhcp/39f57c38-303b-4ec7-8dab-7728053a220d/addn_hosts - 3 addresses
Oct 18 08:12:48 gtw01 dnsmasq-dhcp[16681]: read /var/lib/neutron/dhcp/39f57c38-303b-4ec7-8dab-7728053a220d/host
Oct 18 08:12:48 gtw01 dnsmasq-dhcp[16681]: read /var/lib/neutron/dhcp/39f57c38-303b-4ec7-8dab-7728053a220d/opts
Oct 18 08:12:49 gtw01 dnsmasq-dhcp[16681]: DHCPRELEASE(tap32fb519d-b0) 192.168.120.13 fa:16:3e:b5:2b:23
Oct 18 08:12:50 gtw01 dnsmasq-dhcp[16681]: DHCPRELEASE(tap32fb519d-b0) 192.168.120.13 fa:16:3e:b5:2b:23 unknown lease
Oct 18 08:12:51 gtw01 dnsmasq[16681]: read /var/lib/neutron/dhcp/39f57c38-303b-4ec7-8dab-7728053a220d/addn_hosts - 2 addresses
Oct 18 08:12:51 gtw01 dnsmasq-dhcp[16681]: read /var/lib/neutron/dhcp/39f57c38-303b-4ec7-8dab-7728053a220d/host
Oct 18 08:12:51 gtw01 dnsmasq-dhcp[16681]: read /var/lib/neutron/dhcp/39f57c38-303b-4ec7-8dab-7728053a220d/opts
Oct 18 08:12:52 gtw01 dnsmasq[16681]: read /var/lib/neutron/dhcp/39f57c38-303b-4ec7-8dab-7728053a220d/addn_hosts - 1 addresses
Oct 18 08:12:52 gtw01 dnsmasq-dhcp[16681]: read /var/lib/neutron/dhcp/39f57c38-303b-4ec7-8dab-7728053a220d/host
Oct 18 08:12:52 gtw01 dnsmasq-dhcp[16681]: read /var/lib/neutron/dhcp/39f57c38-303b-4ec7-8dab-7728053a220d/opts
Oct 18 08:12:57 gtw01 kernel: [ 2402.140594] device tap32fb519d-b0 left promiscuous mode
Oct 18 08:13:06 gtw01 systemd-udevd[16957]: Could not generate persistent MAC address for tape9d05b7d-c3: No such file or directory
Oct 18 08:13:06 gtw01 kernel: [ 2411.663997] device tape9d05b7d-c3 entered promiscuous mode
Oct 18 08:13:06 gtw01 systemd-udevd[16957]: Process '/sbin/ip link set tape9d05b7d-c3 txqueuelen 10000' failed with exit code 1.
Oct 18 08:13:06 gtw01 systemd-udevd[16957]: Process '/sbin/ip link set tape9d05b7d-c3 txqueuelen 10000' failed with exit code 1.
Oct 18 08:13:10 gtw01 dnsmasq[17091]: started, version 2.80 cachesize 150
Oct 18 08:13:10 gtw01 dnsmasq[17091]: DNS service limited to local subnets
Oct 18 08:13:10 gtw01 dnsmasq[17091]: compile time options: IPv6 GNU-getopt DBus i18n IDN DHCP DHCPv6 no-Lua TFTP conntrack ipset auth DNSSEC loop-detect inotify dumpfile
Oct 18 08:13:10 gtw01 dnsmasq[17091]: warning: no upstream servers configured
Oct 18 08:13:10 gtw01 dnsmasq-dhcp[17091]: DHCP, static leases only on 192.168.120.0, lease time 1h
Oct 18 08:13:10 gtw01 dnsmasq[17091]: read /var/lib/neutron/dhcp/335c1af2-37ee-4631-ac33-891610f23dac/addn_hosts - 1 addresses
Oct 18 08:13:10 gtw01 dnsmasq-dhcp[17091]: read /var/lib/neutron/dhcp/335c1af2-37ee-4631-ac33-891610f23dac/host
Oct 18 08:13:10 gtw01 dnsmasq-dhcp[17091]: read /var/lib/neutron/dhcp/335c1af2-37ee-4631-ac33-891610f23dac/opts
Oct 18 08:13:10 gtw01 haproxy-metadata-proxy-335c1af2-37ee-4631-ac33-891610f23dac[17095]: Proxy listener started.
Oct 18 08:13:10 gtw01 dnsmasq[17091]: read /var/lib/neutron/dhcp/335c1af2-37ee-4631-ac33-891610f23dac/addn_hosts - 2 addresses
Oct 18 08:13:10 gtw01 dnsmasq-dhcp[17091]: read /var/lib/neutron/dhcp/335c1af2-37ee-4631-ac33-891610f23dac/host
Oct 18 08:13:10 gtw01 dnsmasq-dhcp[17091]: read /var/lib/neutron/dhcp/335c1af2-37ee-4631-ac33-891610f23dac/opts
Oct 18 08:13:11 gtw01 dnsmasq[17091]: read /var/lib/neutron/dhcp/335c1af2-37ee-4631-ac33-891610f23dac/addn_hosts - 2 addresses
Oct 18 08:13:11 gtw01 dnsmasq-dhcp[17091]: read /var/lib/neutron/dhcp/335c1af2-37ee-4631-ac33-891610f23dac/host
Oct 18 08:13:11 gtw01 dnsmasq-dhcp[17091]: read /var/lib/neutron/dhcp/335c1af2-37ee-4631-ac33-891610f23dac/opts
Oct 18 08:13:12 gtw01 dnsmasq[17091]: read /var/lib/neutron/dhcp/335c1af2-37ee-4631-ac33-891610f23dac/addn_hosts - 2 addresses
Oct 18 08:13:12 gtw01 dnsmasq-dhcp[17091]: read /var/lib/neutron/dhcp/335c1af2-37ee-4631-ac33-891610f23dac/host
Oct 18 08:13:12 gtw01 dnsmasq-dhcp[17091]: read /var/lib/neutron/dhcp/335c1af2-37ee-4631-ac33-891610f23dac/opts
Oct 18 08:13:13 gtw01 dnsmasq[17091]: read /var/lib/neutron/dhcp/335c1af2-37ee-4631-ac33-891610f23dac/addn_hosts - 2 addresses
Oct 18 08:13:13 gtw01 dnsmasq-dhcp[17091]: read /var/lib/neutron/dhcp/335c1af2-37ee-4631-ac33-891610f23dac/host
Oct 18 08:13:13 gtw01 dnsmasq-dhcp[17091]: read /var/lib/neutron/dhcp/335c1af2-37ee-4631-ac33-891610f23dac/opts
Oct 18 08:13:14 gtw01 dnsmasq[17091]: read /var/lib/neutron/dhcp/335c1af2-37ee-4631-ac33-891610f23dac/addn_hosts - 3 addresses
Oct 18 08:13:14 gtw01 dnsmasq-dhcp[17091]: read /var/lib/neutron/dhcp/335c1af2-37ee-4631-ac33-891610f23dac/host
Oct 18 08:13:14 gtw01 dnsmasq-dhcp[17091]: read /var/lib/neutron/dhcp/335c1af2-37ee-4631-ac33-891610f23dac/opts
Oct 18 08:13:15 gtw01 dnsmasq[17091]: read /var/lib/neutron/dhcp/335c1af2-37ee-4631-ac33-891610f23dac/addn_hosts - 3 addresses
Oct 18 08:13:15 gtw01 dnsmasq-dhcp[17091]: read /var/lib/neutron/dhcp/335c1af2-37ee-4631-ac33-891610f23dac/host
Oct 18 08:13:15 gtw01 dnsmasq-dhcp[17091]: read /var/lib/neutron/dhcp/335c1af2-37ee-4631-ac33-891610f23dac/opts
Oct 18 08:13:16 gtw01 dnsmasq[17091]: read /var/lib/neutron/dhcp/335c1af2-37ee-4631-ac33-891610f23dac/addn_hosts - 3 addresses
Oct 18 08:13:16 gtw01 dnsmasq-dhcp[17091]: read /var/lib/neutron/dhcp/335c1af2-37ee-4631-ac33-891610f23dac/host
Oct 18 08:13:16 gtw01 dnsmasq-dhcp[17091]: read /var/lib/neutron/dhcp/335c1af2-37ee-4631-ac33-891610f23dac/opts
Oct 18 08:13:17 gtw01 dnsmasq[17091]: read /var/lib/neutron/dhcp/335c1af2-37ee-4631-ac33-891610f23dac/addn_hosts - 3 addresses
Oct 18 08:13:17 gtw01 dnsmasq-dhcp[17091]: read /var/lib/neutron/dhcp/335c1af2-37ee-4631-ac33-891610f23dac/host
Oct 18 08:13:17 gtw01 dnsmasq-dhcp[17091]: read /var/lib/neutron/dhcp/335c1af2-37ee-4631-ac33-891610f23dac/opts
Oct 18 08:13:28 gtw01 dnsmasq-dhcp[17091]: DHCPDISCOVER(tape9d05b7d-c3) fa:16:3e:92:27:52
Oct 18 08:13:28 gtw01 dnsmasq-dhcp[17091]: DHCPOFFER(tape9d05b7d-c3) 192.168.120.5 fa:16:3e:92:27:52
Oct 18 08:13:28 gtw01 dnsmasq-dhcp[17091]: DHCPREQUEST(tape9d05b7d-c3) 192.168.120.5 fa:16:3e:92:27:52
Oct 18 08:13:28 gtw01 dnsmasq-dhcp[17091]: DHCPACK(tape9d05b7d-c3) 192.168.120.5 fa:16:3e:92:27:52 host-192-168-120-5
Oct 18 08:13:51 gtw01 dnsmasq[17091]: read /var/lib/neutron/dhcp/335c1af2-37ee-4631-ac33-891610f23dac/addn_hosts - 4 addresses
Oct 18 08:13:51 gtw01 dnsmasq-dhcp[17091]: read /var/lib/neutron/dhcp/335c1af2-37ee-4631-ac33-891610f23dac/host
Oct 18 08:13:51 gtw01 dnsmasq-dhcp[17091]: read /var/lib/neutron/dhcp/335c1af2-37ee-4631-ac33-891610f23dac/opts
Oct 18 08:13:52 gtw01 dnsmasq[17091]: read /var/lib/neutron/dhcp/335c1af2-37ee-4631-ac33-891610f23dac/addn_hosts - 4 addresses
Oct 18 08:13:52 gtw01 dnsmasq-dhcp[17091]: read /var/lib/neutron/dhcp/335c1af2-37ee-4631-ac33-891610f23dac/host
Oct 18 08:13:52 gtw01 dnsmasq-dhcp[17091]: read /var/lib/neutron/dhcp/335c1af2-37ee-4631-ac33-891610f23dac/opts
Oct 18 08:13:53 gtw01 dnsmasq[17091]: read /var/lib/neutron/dhcp/335c1af2-37ee-4631-ac33-891610f23dac/addn_hosts - 4 addresses
Oct 18 08:13:53 gtw01 dnsmasq-dhcp[17091]: read /var/lib/neutron/dhcp/335c1af2-37ee-4631-ac33-891610f23dac/host
Oct 18 08:13:53 gtw01 dnsmasq-dhcp[17091]: read /var/lib/neutron/dhcp/335c1af2-37ee-4631-ac33-891610f23dac/opts
Oct 18 08:14:04 gtw01 dnsmasq-dhcp[17091]: DHCPDISCOVER(tape9d05b7d-c3) fa:16:3e:a1:f2:0c
Oct 18 08:14:04 gtw01 dnsmasq-dhcp[17091]: DHCPOFFER(tape9d05b7d-c3) 192.168.120.9 fa:16:3e:a1:f2:0c
Oct 18 08:14:04 gtw01 dnsmasq-dhcp[17091]: DHCPREQUEST(tape9d05b7d-c3) 192.168.120.9 fa:16:3e:a1:f2:0c
Oct 18 08:14:04 gtw01 dnsmasq-dhcp[17091]: DHCPACK(tape9d05b7d-c3) 192.168.120.9 fa:16:3e:a1:f2:0c host-192-168-120-9
Oct 18 08:14:49 gtw01 dnsmasq-dhcp[17091]: DHCPRELEASE(tape9d05b7d-c3) 192.168.120.5 fa:16:3e:92:27:52
Oct 18 08:14:50 gtw01 dnsmasq-dhcp[17091]: DHCPRELEASE(tape9d05b7d-c3) 192.168.120.5 fa:16:3e:92:27:52 unknown lease
Oct 18 08:14:50 gtw01 dnsmasq[17091]: read /var/lib/neutron/dhcp/335c1af2-37ee-4631-ac33-891610f23dac/addn_hosts - 3 addresses
Oct 18 08:14:50 gtw01 dnsmasq-dhcp[17091]: read /var/lib/neutron/dhcp/335c1af2-37ee-4631-ac33-891610f23dac/host
Oct 18 08:14:50 gtw01 dnsmasq-dhcp[17091]: read /var/lib/neutron/dhcp/335c1af2-37ee-4631-ac33-891610f23dac/opts
Oct 18 08:14:57 gtw01 dnsmasq-dhcp[17091]: DHCPRELEASE(tape9d05b7d-c3) 192.168.120.9 fa:16:3e:a1:f2:0c
Oct 18 08:14:57 gtw01 dnsmasq-dhcp[17091]: DHCPRELEASE(tape9d05b7d-c3) 192.168.120.9 fa:16:3e:a1:f2:0c unknown lease
Oct 18 08:14:58 gtw01 dnsmasq[17091]: read /var/lib/neutron/dhcp/335c1af2-37ee-4631-ac33-891610f23dac/addn_hosts - 2 addresses
Oct 18 08:14:58 gtw01 dnsmasq-dhcp[17091]: read /var/lib/neutron/dhcp/335c1af2-37ee-4631-ac33-891610f23dac/host
Oct 18 08:14:58 gtw01 dnsmasq-dhcp[17091]: read /var/lib/neutron/dhcp/335c1af2-37ee-4631-ac33-891610f23dac/opts
Oct 18 08:15:02 gtw01 dnsmasq[17091]: read /var/lib/neutron/dhcp/335c1af2-37ee-4631-ac33-891610f23dac/addn_hosts - 1 addresses
Oct 18 08:15:02 gtw01 dnsmasq-dhcp[17091]: read /var/lib/neutron/dhcp/335c1af2-37ee-4631-ac33-891610f23dac/host
Oct 18 08:15:02 gtw01 dnsmasq-dhcp[17091]: read /var/lib/neutron/dhcp/335c1af2-37ee-4631-ac33-891610f23dac/opts
Oct 18 08:15:06 gtw01 kernel: [ 2531.778547] device tape9d05b7d-c3 left promiscuous mode
Oct 18 08:15:17 gtw01 systemd-udevd[17370]: Could not generate persistent MAC address for tapcf28fba7-f8: No such file or directory
Oct 18 08:15:17 gtw01 kernel: [ 2542.167715] device tapcf28fba7-f8 entered promiscuous mode
Oct 18 08:15:17 gtw01 systemd-udevd[17370]: Process '/sbin/ip link set tapcf28fba7-f8 txqueuelen 10000' failed with exit code 1.
Oct 18 08:15:17 gtw01 systemd-udevd[17370]: Process '/sbin/ip link set tapcf28fba7-f8 txqueuelen 10000' failed with exit code 1.
Oct 18 08:15:20 gtw01 dnsmasq[17504]: started, version 2.80 cachesize 150
Oct 18 08:15:20 gtw01 dnsmasq[17504]: DNS service limited to local subnets
Oct 18 08:15:20 gtw01 dnsmasq[17504]: compile time options: IPv6 GNU-getopt DBus i18n IDN DHCP DHCPv6 no-Lua TFTP conntrack ipset auth DNSSEC loop-detect inotify dumpfile
Oct 18 08:15:20 gtw01 dnsmasq[17504]: warning: no upstream servers configured
Oct 18 08:15:20 gtw01 dnsmasq-dhcp[17504]: DHCP, static leases only on 172.16.64.0, lease time 1h
Oct 18 08:15:20 gtw01 dnsmasq[17504]: read /var/lib/neutron/dhcp/f83bb327-4bd1-409a-99cd-17c7b4c5b46d/addn_hosts - 1 addresses
Oct 18 08:15:20 gtw01 dnsmasq-dhcp[17504]: read /var/lib/neutron/dhcp/f83bb327-4bd1-409a-99cd-17c7b4c5b46d/host
Oct 18 08:15:20 gtw01 dnsmasq-dhcp[17504]: read /var/lib/neutron/dhcp/f83bb327-4bd1-409a-99cd-17c7b4c5b46d/opts
Oct 18 08:15:20 gtw01 haproxy-metadata-proxy-f83bb327-4bd1-409a-99cd-17c7b4c5b46d[17508]: Proxy listener started.
Oct 18 08:15:21 gtw01 dnsmasq[17504]: read /var/lib/neutron/dhcp/f83bb327-4bd1-409a-99cd-17c7b4c5b46d/addn_hosts - 1 addresses
Oct 18 08:15:21 gtw01 dnsmasq-dhcp[17504]: read /var/lib/neutron/dhcp/f83bb327-4bd1-409a-99cd-17c7b4c5b46d/host
Oct 18 08:15:21 gtw01 dnsmasq-dhcp[17504]: read /var/lib/neutron/dhcp/f83bb327-4bd1-409a-99cd-17c7b4c5b46d/opts
Oct 18 08:15:22 gtw01 dnsmasq[17504]: read /var/lib/neutron/dhcp/f83bb327-4bd1-409a-99cd-17c7b4c5b46d/addn_hosts - 1 addresses
Oct 18 08:15:22 gtw01 dnsmasq-dhcp[17504]: read /var/lib/neutron/dhcp/f83bb327-4bd1-409a-99cd-17c7b4c5b46d/host
Oct 18 08:15:22 gtw01 dnsmasq-dhcp[17504]: read /var/lib/neutron/dhcp/f83bb327-4bd1-409a-99cd-17c7b4c5b46d/opts
Oct 18 08:15:23 gtw01 dnsmasq[17504]: read /var/lib/neutron/dhcp/f83bb327-4bd1-409a-99cd-17c7b4c5b46d/addn_hosts - 2 addresses
Oct 18 08:15:23 gtw01 dnsmasq-dhcp[17504]: read /var/lib/neutron/dhcp/f83bb327-4bd1-409a-99cd-17c7b4c5b46d/host
Oct 18 08:15:23 gtw01 dnsmasq-dhcp[17504]: read /var/lib/neutron/dhcp/f83bb327-4bd1-409a-99cd-17c7b4c5b46d/opts
Oct 18 08:15:24 gtw01 dnsmasq[17504]: read /var/lib/neutron/dhcp/f83bb327-4bd1-409a-99cd-17c7b4c5b46d/addn_hosts - 2 addresses
Oct 18 08:15:24 gtw01 dnsmasq-dhcp[17504]: read /var/lib/neutron/dhcp/f83bb327-4bd1-409a-99cd-17c7b4c5b46d/host
Oct 18 08:15:24 gtw01 dnsmasq-dhcp[17504]: read /var/lib/neutron/dhcp/f83bb327-4bd1-409a-99cd-17c7b4c5b46d/opts
Oct 18 08:15:25 gtw01 kernel: [ 2550.657888] device tapcf28fba7-f8 left promiscuous mode
Oct 18 08:15:37 gtw01 systemd-udevd[17604]: Could not generate persistent MAC address for tapa3214980-e4: No such file or directory
Oct 18 08:15:37 gtw01 kernel: [ 2562.376320] device tapa3214980-e4 entered promiscuous mode
Oct 18 08:15:37 gtw01 systemd-udevd[17604]: Process '/sbin/ip link set tapa3214980-e4 txqueuelen 10000' failed with exit code 1.
Oct 18 08:15:40 gtw01 dnsmasq[17734]: started, version 2.80 cachesize 150
Oct 18 08:15:40 gtw01 dnsmasq[17734]: DNS service limited to local subnets
Oct 18 08:15:40 gtw01 dnsmasq[17734]: compile time options: IPv6 GNU-getopt DBus i18n IDN DHCP DHCPv6 no-Lua TFTP conntrack ipset auth DNSSEC loop-detect inotify dumpfile
Oct 18 08:15:40 gtw01 dnsmasq[17734]: warning: no upstream servers configured
Oct 18 08:15:40 gtw01 dnsmasq-dhcp[17734]: DHCP, static leases only on 192.168.120.0, lease time 1h
Oct 18 08:15:40 gtw01 dnsmasq[17734]: read /var/lib/neutron/dhcp/a8dbc4bc-789e-46f1-9d07-715072c70061/addn_hosts - 1 addresses
Oct 18 08:15:40 gtw01 dnsmasq-dhcp[17734]: read /var/lib/neutron/dhcp/a8dbc4bc-789e-46f1-9d07-715072c70061/host
Oct 18 08:15:40 gtw01 dnsmasq-dhcp[17734]: read /var/lib/neutron/dhcp/a8dbc4bc-789e-46f1-9d07-715072c70061/opts
Oct 18 08:15:40 gtw01 haproxy-metadata-proxy-a8dbc4bc-789e-46f1-9d07-715072c70061[17738]: Proxy listener started.
Oct 18 08:15:41 gtw01 dnsmasq[17734]: read /var/lib/neutron/dhcp/a8dbc4bc-789e-46f1-9d07-715072c70061/addn_hosts - 2 addresses
Oct 18 08:15:41 gtw01 dnsmasq-dhcp[17734]: read /var/lib/neutron/dhcp/a8dbc4bc-789e-46f1-9d07-715072c70061/host
Oct 18 08:15:41 gtw01 dnsmasq-dhcp[17734]: read /var/lib/neutron/dhcp/a8dbc4bc-789e-46f1-9d07-715072c70061/opts
Oct 18 08:15:42 gtw01 dnsmasq[17734]: read /var/lib/neutron/dhcp/a8dbc4bc-789e-46f1-9d07-715072c70061/addn_hosts - 2 addresses
Oct 18 08:15:42 gtw01 dnsmasq-dhcp[17734]: read /var/lib/neutron/dhcp/a8dbc4bc-789e-46f1-9d07-715072c70061/host
Oct 18 08:15:42 gtw01 dnsmasq-dhcp[17734]: read /var/lib/neutron/dhcp/a8dbc4bc-789e-46f1-9d07-715072c70061/opts
Oct 18 08:15:43 gtw01 dnsmasq[17734]: read /var/lib/neutron/dhcp/a8dbc4bc-789e-46f1-9d07-715072c70061/addn_hosts - 2 addresses
Oct 18 08:15:43 gtw01 dnsmasq-dhcp[17734]: read /var/lib/neutron/dhcp/a8dbc4bc-789e-46f1-9d07-715072c70061/host
Oct 18 08:15:43 gtw01 dnsmasq-dhcp[17734]: read /var/lib/neutron/dhcp/a8dbc4bc-789e-46f1-9d07-715072c70061/opts
Oct 18 08:15:44 gtw01 dnsmasq[17734]: read /var/lib/neutron/dhcp/a8dbc4bc-789e-46f1-9d07-715072c70061/addn_hosts - 2 addresses
Oct 18 08:15:44 gtw01 dnsmasq-dhcp[17734]: read /var/lib/neutron/dhcp/a8dbc4bc-789e-46f1-9d07-715072c70061/host
Oct 18 08:15:44 gtw01 dnsmasq-dhcp[17734]: read /var/lib/neutron/dhcp/a8dbc4bc-789e-46f1-9d07-715072c70061/opts
Oct 18 08:15:45 gtw01 dnsmasq[17734]: read /var/lib/neutron/dhcp/a8dbc4bc-789e-46f1-9d07-715072c70061/addn_hosts - 2 addresses
Oct 18 08:15:45 gtw01 dnsmasq-dhcp[17734]: read /var/lib/neutron/dhcp/a8dbc4bc-789e-46f1-9d07-715072c70061/host
Oct 18 08:15:45 gtw01 dnsmasq-dhcp[17734]: read /var/lib/neutron/dhcp/a8dbc4bc-789e-46f1-9d07-715072c70061/opts
Oct 18 08:16:21 gtw01 kernel: [ 2606.162266] device tap887bfbd2-06 entered promiscuous mode
Oct 18 08:16:21 gtw01 systemd-udevd[17857]: Could not generate persistent MAC address for tap887bfbd2-06: No such file or directory
Oct 18 08:16:21 gtw01 systemd-udevd[17857]: Process '/sbin/ip link set tap887bfbd2-06 txqueuelen 10000' failed with exit code 1.
Oct 18 08:16:21 gtw01 kernel: [ 2606.348072] device tap4b8750a6-2b entered promiscuous mode
Oct 18 08:16:21 gtw01 systemd-udevd[17943]: Could not generate persistent MAC address for tap4b8750a6-2b: No such file or directory
Oct 18 08:16:21 gtw01 systemd-udevd[18011]: Process '/sbin/ip link set tap4b8750a6-2b txqueuelen 10000' failed with exit code 1.
Oct 18 08:16:24 gtw01 dnsmasq[18135]: started, version 2.80 cachesize 150
Oct 18 08:16:24 gtw01 dnsmasq[18135]: DNS service limited to local subnets
Oct 18 08:16:24 gtw01 dnsmasq[18135]: compile time options: IPv6 GNU-getopt DBus i18n IDN DHCP DHCPv6 no-Lua TFTP conntrack ipset auth DNSSEC loop-detect inotify dumpfile
Oct 18 08:16:24 gtw01 dnsmasq[18135]: warning: no upstream servers configured
Oct 18 08:16:24 gtw01 dnsmasq-dhcp[18135]: DHCP, static leases only on 192.168.120.0, lease time 1h
Oct 18 08:16:24 gtw01 dnsmasq[18135]: read /var/lib/neutron/dhcp/41a152e3-fdb1-4554-a0e2-4eeb9ff26da5/addn_hosts - 1 addresses
Oct 18 08:16:24 gtw01 dnsmasq-dhcp[18135]: read /var/lib/neutron/dhcp/41a152e3-fdb1-4554-a0e2-4eeb9ff26da5/host
Oct 18 08:16:24 gtw01 dnsmasq-dhcp[18135]: read /var/lib/neutron/dhcp/41a152e3-fdb1-4554-a0e2-4eeb9ff26da5/opts
Oct 18 08:16:24 gtw01 dnsmasq[18139]: started, version 2.80 cachesize 150
Oct 18 08:16:24 gtw01 dnsmasq[18139]: DNS service limited to local subnets
Oct 18 08:16:24 gtw01 dnsmasq[18139]: compile time options: IPv6 GNU-getopt DBus i18n IDN DHCP DHCPv6 no-Lua TFTP conntrack ipset auth DNSSEC loop-detect inotify dumpfile
Oct 18 08:16:25 gtw01 dnsmasq[18139]: warning: no upstream servers configured
Oct 18 08:16:25 gtw01 dnsmasq-dhcp[18139]: DHCP, static leases only on 192.168.120.0, lease time 1h
Oct 18 08:16:25 gtw01 dnsmasq[18139]: read /var/lib/neutron/dhcp/dbdc20db-874a-42e7-bc7b-0b85af684720/addn_hosts - 1 addresses
Oct 18 08:16:25 gtw01 dnsmasq-dhcp[18139]: read /var/lib/neutron/dhcp/dbdc20db-874a-42e7-bc7b-0b85af684720/host
Oct 18 08:16:25 gtw01 dnsmasq-dhcp[18139]: read /var/lib/neutron/dhcp/dbdc20db-874a-42e7-bc7b-0b85af684720/opts
Oct 18 08:16:25 gtw01 systemd-udevd[18152]: Could not generate persistent MAC address for tape47c8ca7-23: No such file or directory
Oct 18 08:16:25 gtw01 kernel: [ 2610.218827] device tape47c8ca7-23 entered promiscuous mode
Oct 18 08:16:25 gtw01 haproxy-metadata-proxy-41a152e3-fdb1-4554-a0e2-4eeb9ff26da5[18149]: Proxy listener started.
Oct 18 08:16:25 gtw01 haproxy-metadata-proxy-dbdc20db-874a-42e7-bc7b-0b85af684720[18167]: Proxy listener started.
Oct 18 08:16:25 gtw01 systemd-udevd[18152]: Process '/sbin/ip link set tape47c8ca7-23 txqueuelen 10000' failed with exit code 1.
Oct 18 08:16:26 gtw01 dnsmasq[18139]: read /var/lib/neutron/dhcp/dbdc20db-874a-42e7-bc7b-0b85af684720/addn_hosts - 2 addresses
Oct 18 08:16:26 gtw01 dnsmasq-dhcp[18139]: read /var/lib/neutron/dhcp/dbdc20db-874a-42e7-bc7b-0b85af684720/host
Oct 18 08:16:26 gtw01 dnsmasq-dhcp[18139]: read /var/lib/neutron/dhcp/dbdc20db-874a-42e7-bc7b-0b85af684720/opts
Oct 18 08:16:26 gtw01 dnsmasq[18135]: read /var/lib/neutron/dhcp/41a152e3-fdb1-4554-a0e2-4eeb9ff26da5/addn_hosts - 2 addresses
Oct 18 08:16:26 gtw01 dnsmasq-dhcp[18135]: read /var/lib/neutron/dhcp/41a152e3-fdb1-4554-a0e2-4eeb9ff26da5/host
Oct 18 08:16:26 gtw01 dnsmasq-dhcp[18135]: read /var/lib/neutron/dhcp/41a152e3-fdb1-4554-a0e2-4eeb9ff26da5/opts
Oct 18 08:16:27 gtw01 dnsmasq[18139]: read /var/lib/neutron/dhcp/dbdc20db-874a-42e7-bc7b-0b85af684720/addn_hosts - 2 addresses
Oct 18 08:16:27 gtw01 dnsmasq-dhcp[18139]: read /var/lib/neutron/dhcp/dbdc20db-874a-42e7-bc7b-0b85af684720/host
Oct 18 08:16:27 gtw01 dnsmasq-dhcp[18139]: read /var/lib/neutron/dhcp/dbdc20db-874a-42e7-bc7b-0b85af684720/opts
Oct 18 08:16:27 gtw01 dnsmasq[18135]: read /var/lib/neutron/dhcp/41a152e3-fdb1-4554-a0e2-4eeb9ff26da5/addn_hosts - 2 addresses
Oct 18 08:16:27 gtw01 dnsmasq-dhcp[18135]: read /var/lib/neutron/dhcp/41a152e3-fdb1-4554-a0e2-4eeb9ff26da5/host
Oct 18 08:16:27 gtw01 dnsmasq-dhcp[18135]: read /var/lib/neutron/dhcp/41a152e3-fdb1-4554-a0e2-4eeb9ff26da5/opts
Oct 18 08:16:29 gtw01 dnsmasq[18139]: read /var/lib/neutron/dhcp/dbdc20db-874a-42e7-bc7b-0b85af684720/addn_hosts - 2 addresses
Oct 18 08:16:29 gtw01 dnsmasq-dhcp[18139]: read /var/lib/neutron/dhcp/dbdc20db-874a-42e7-bc7b-0b85af684720/host
Oct 18 08:16:29 gtw01 dnsmasq-dhcp[18139]: read /var/lib/neutron/dhcp/dbdc20db-874a-42e7-bc7b-0b85af684720/opts
Oct 18 08:16:29 gtw01 dnsmasq[18135]: read /var/lib/neutron/dhcp/41a152e3-fdb1-4554-a0e2-4eeb9ff26da5/addn_hosts - 2 addresses
Oct 18 08:16:29 gtw01 dnsmasq-dhcp[18135]: read /var/lib/neutron/dhcp/41a152e3-fdb1-4554-a0e2-4eeb9ff26da5/host
Oct 18 08:16:29 gtw01 dnsmasq-dhcp[18135]: read /var/lib/neutron/dhcp/41a152e3-fdb1-4554-a0e2-4eeb9ff26da5/opts
Oct 18 08:16:29 gtw01 dnsmasq[18380]: started, version 2.80 cachesize 150
Oct 18 08:16:29 gtw01 dnsmasq[18380]: DNS service limited to local subnets
Oct 18 08:16:29 gtw01 dnsmasq[18380]: compile time options: IPv6 GNU-getopt DBus i18n IDN DHCP DHCPv6 no-Lua TFTP conntrack ipset auth DNSSEC loop-detect inotify dumpfile
Oct 18 08:16:29 gtw01 dnsmasq[18380]: warning: no upstream servers configured
Oct 18 08:16:29 gtw01 dnsmasq-dhcp[18380]: DHCP, static leases only on 192.168.120.0, lease time 1h
Oct 18 08:16:29 gtw01 dnsmasq[18380]: read /var/lib/neutron/dhcp/f5afb3dc-8c97-4b27-b7b9-1a0abee95a0f/addn_hosts - 1 addresses
Oct 18 08:16:29 gtw01 dnsmasq-dhcp[18380]: read /var/lib/neutron/dhcp/f5afb3dc-8c97-4b27-b7b9-1a0abee95a0f/host
Oct 18 08:16:29 gtw01 dnsmasq-dhcp[18380]: read /var/lib/neutron/dhcp/f5afb3dc-8c97-4b27-b7b9-1a0abee95a0f/opts
Oct 18 08:16:29 gtw01 haproxy-metadata-proxy-f5afb3dc-8c97-4b27-b7b9-1a0abee95a0f[18391]: Proxy listener started.
Oct 18 08:16:30 gtw01 dnsmasq[18139]: read /var/lib/neutron/dhcp/dbdc20db-874a-42e7-bc7b-0b85af684720/addn_hosts - 2 addresses
Oct 18 08:16:30 gtw01 dnsmasq-dhcp[18139]: read /var/lib/neutron/dhcp/dbdc20db-874a-42e7-bc7b-0b85af684720/host
Oct 18 08:16:30 gtw01 dnsmasq-dhcp[18139]: read /var/lib/neutron/dhcp/dbdc20db-874a-42e7-bc7b-0b85af684720/opts
Oct 18 08:16:30 gtw01 dnsmasq[18135]: read /var/lib/neutron/dhcp/41a152e3-fdb1-4554-a0e2-4eeb9ff26da5/addn_hosts - 2 addresses
Oct 18 08:16:30 gtw01 dnsmasq-dhcp[18135]: read /var/lib/neutron/dhcp/41a152e3-fdb1-4554-a0e2-4eeb9ff26da5/host
Oct 18 08:16:30 gtw01 dnsmasq-dhcp[18135]: read /var/lib/neutron/dhcp/41a152e3-fdb1-4554-a0e2-4eeb9ff26da5/opts
Oct 18 08:16:31 gtw01 dnsmasq[18380]: read /var/lib/neutron/dhcp/f5afb3dc-8c97-4b27-b7b9-1a0abee95a0f/addn_hosts - 2 addresses
Oct 18 08:16:31 gtw01 dnsmasq-dhcp[18380]: read /var/lib/neutron/dhcp/f5afb3dc-8c97-4b27-b7b9-1a0abee95a0f/host
Oct 18 08:16:31 gtw01 dnsmasq-dhcp[18380]: read /var/lib/neutron/dhcp/f5afb3dc-8c97-4b27-b7b9-1a0abee95a0f/opts
Oct 18 08:16:31 gtw01 dnsmasq[18139]: read /var/lib/neutron/dhcp/dbdc20db-874a-42e7-bc7b-0b85af684720/addn_hosts - 2 addresses
Oct 18 08:16:31 gtw01 dnsmasq-dhcp[18139]: read /var/lib/neutron/dhcp/dbdc20db-874a-42e7-bc7b-0b85af684720/host
Oct 18 08:16:31 gtw01 dnsmasq-dhcp[18139]: read /var/lib/neutron/dhcp/dbdc20db-874a-42e7-bc7b-0b85af684720/opts
Oct 18 08:16:31 gtw01 dnsmasq[18135]: read /var/lib/neutron/dhcp/41a152e3-fdb1-4554-a0e2-4eeb9ff26da5/addn_hosts - 2 addresses
Oct 18 08:16:31 gtw01 dnsmasq-dhcp[18135]: read /var/lib/neutron/dhcp/41a152e3-fdb1-4554-a0e2-4eeb9ff26da5/host
Oct 18 08:16:31 gtw01 dnsmasq-dhcp[18135]: read /var/lib/neutron/dhcp/41a152e3-fdb1-4554-a0e2-4eeb9ff26da5/opts
Oct 18 08:16:32 gtw01 dnsmasq[18380]: read /var/lib/neutron/dhcp/f5afb3dc-8c97-4b27-b7b9-1a0abee95a0f/addn_hosts - 2 addresses
Oct 18 08:16:32 gtw01 dnsmasq-dhcp[18380]: read /var/lib/neutron/dhcp/f5afb3dc-8c97-4b27-b7b9-1a0abee95a0f/host
Oct 18 08:16:32 gtw01 dnsmasq-dhcp[18380]: read /var/lib/neutron/dhcp/f5afb3dc-8c97-4b27-b7b9-1a0abee95a0f/opts
Oct 18 08:16:32 gtw01 dnsmasq[18135]: read /var/lib/neutron/dhcp/41a152e3-fdb1-4554-a0e2-4eeb9ff26da5/addn_hosts - 3 addresses
Oct 18 08:16:32 gtw01 dnsmasq-dhcp[18135]: read /var/lib/neutron/dhcp/41a152e3-fdb1-4554-a0e2-4eeb9ff26da5/host
Oct 18 08:16:32 gtw01 dnsmasq-dhcp[18135]: read /var/lib/neutron/dhcp/41a152e3-fdb1-4554-a0e2-4eeb9ff26da5/opts
Oct 18 08:16:33 gtw01 dnsmasq[18380]: read /var/lib/neutron/dhcp/f5afb3dc-8c97-4b27-b7b9-1a0abee95a0f/addn_hosts - 2 addresses
Oct 18 08:16:33 gtw01 dnsmasq-dhcp[18380]: read /var/lib/neutron/dhcp/f5afb3dc-8c97-4b27-b7b9-1a0abee95a0f/host
Oct 18 08:16:33 gtw01 dnsmasq-dhcp[18380]: read /var/lib/neutron/dhcp/f5afb3dc-8c97-4b27-b7b9-1a0abee95a0f/opts
Oct 18 08:16:34 gtw01 dnsmasq[18135]: read /var/lib/neutron/dhcp/41a152e3-fdb1-4554-a0e2-4eeb9ff26da5/addn_hosts - 3 addresses
Oct 18 08:16:34 gtw01 dnsmasq-dhcp[18135]: read /var/lib/neutron/dhcp/41a152e3-fdb1-4554-a0e2-4eeb9ff26da5/host
Oct 18 08:16:34 gtw01 dnsmasq-dhcp[18135]: read /var/lib/neutron/dhcp/41a152e3-fdb1-4554-a0e2-4eeb9ff26da5/opts
Oct 18 08:16:34 gtw01 dnsmasq[18380]: read /var/lib/neutron/dhcp/f5afb3dc-8c97-4b27-b7b9-1a0abee95a0f/addn_hosts - 2 addresses
Oct 18 08:16:34 gtw01 dnsmasq-dhcp[18380]: read /var/lib/neutron/dhcp/f5afb3dc-8c97-4b27-b7b9-1a0abee95a0f/host
Oct 18 08:16:34 gtw01 dnsmasq-dhcp[18380]: read /var/lib/neutron/dhcp/f5afb3dc-8c97-4b27-b7b9-1a0abee95a0f/opts
Oct 18 08:16:35 gtw01 dnsmasq[18135]: read /var/lib/neutron/dhcp/41a152e3-fdb1-4554-a0e2-4eeb9ff26da5/addn_hosts - 3 addresses
Oct 18 08:16:35 gtw01 dnsmasq-dhcp[18135]: read /var/lib/neutron/dhcp/41a152e3-fdb1-4554-a0e2-4eeb9ff26da5/host
Oct 18 08:16:35 gtw01 dnsmasq-dhcp[18135]: read /var/lib/neutron/dhcp/41a152e3-fdb1-4554-a0e2-4eeb9ff26da5/opts
Oct 18 08:16:35 gtw01 dnsmasq[18380]: read /var/lib/neutron/dhcp/f5afb3dc-8c97-4b27-b7b9-1a0abee95a0f/addn_hosts - 2 addresses
Oct 18 08:16:35 gtw01 dnsmasq-dhcp[18380]: read /var/lib/neutron/dhcp/f5afb3dc-8c97-4b27-b7b9-1a0abee95a0f/host
Oct 18 08:16:35 gtw01 dnsmasq-dhcp[18380]: read /var/lib/neutron/dhcp/f5afb3dc-8c97-4b27-b7b9-1a0abee95a0f/opts
Oct 18 08:16:36 gtw01 dnsmasq[18380]: read /var/lib/neutron/dhcp/f5afb3dc-8c97-4b27-b7b9-1a0abee95a0f/addn_hosts - 3 addresses
Oct 18 08:16:36 gtw01 dnsmasq-dhcp[18380]: read /var/lib/neutron/dhcp/f5afb3dc-8c97-4b27-b7b9-1a0abee95a0f/host
Oct 18 08:16:36 gtw01 dnsmasq-dhcp[18380]: read /var/lib/neutron/dhcp/f5afb3dc-8c97-4b27-b7b9-1a0abee95a0f/opts
Oct 18 08:16:37 gtw01 dnsmasq[18139]: read /var/lib/neutron/dhcp/dbdc20db-874a-42e7-bc7b-0b85af684720/addn_hosts - 3 addresses
Oct 18 08:16:37 gtw01 dnsmasq-dhcp[18139]: read /var/lib/neutron/dhcp/dbdc20db-874a-42e7-bc7b-0b85af684720/host
Oct 18 08:16:37 gtw01 dnsmasq-dhcp[18139]: read /var/lib/neutron/dhcp/dbdc20db-874a-42e7-bc7b-0b85af684720/opts
Oct 18 08:16:37 gtw01 dnsmasq[18380]: read /var/lib/neutron/dhcp/f5afb3dc-8c97-4b27-b7b9-1a0abee95a0f/addn_hosts - 3 addresses
Oct 18 08:16:37 gtw01 dnsmasq-dhcp[18380]: read /var/lib/neutron/dhcp/f5afb3dc-8c97-4b27-b7b9-1a0abee95a0f/host
Oct 18 08:16:37 gtw01 dnsmasq-dhcp[18380]: read /var/lib/neutron/dhcp/f5afb3dc-8c97-4b27-b7b9-1a0abee95a0f/opts
Oct 18 08:16:38 gtw01 dnsmasq[18380]: read /var/lib/neutron/dhcp/f5afb3dc-8c97-4b27-b7b9-1a0abee95a0f/addn_hosts - 3 addresses
Oct 18 08:16:38 gtw01 dnsmasq-dhcp[18380]: read /var/lib/neutron/dhcp/f5afb3dc-8c97-4b27-b7b9-1a0abee95a0f/host
Oct 18 08:16:38 gtw01 dnsmasq-dhcp[18380]: read /var/lib/neutron/dhcp/f5afb3dc-8c97-4b27-b7b9-1a0abee95a0f/opts
Oct 18 08:16:38 gtw01 dnsmasq[18139]: read /var/lib/neutron/dhcp/dbdc20db-874a-42e7-bc7b-0b85af684720/addn_hosts - 3 addresses
Oct 18 08:16:38 gtw01 dnsmasq-dhcp[18139]: read /var/lib/neutron/dhcp/dbdc20db-874a-42e7-bc7b-0b85af684720/host
Oct 18 08:16:38 gtw01 dnsmasq-dhcp[18139]: read /var/lib/neutron/dhcp/dbdc20db-874a-42e7-bc7b-0b85af684720/opts
Oct 18 08:16:39 gtw01 dnsmasq[18139]: read /var/lib/neutron/dhcp/dbdc20db-874a-42e7-bc7b-0b85af684720/addn_hosts - 3 addresses
Oct 18 08:16:39 gtw01 dnsmasq-dhcp[18139]: read /var/lib/neutron/dhcp/dbdc20db-874a-42e7-bc7b-0b85af684720/host
Oct 18 08:16:39 gtw01 dnsmasq-dhcp[18139]: read /var/lib/neutron/dhcp/dbdc20db-874a-42e7-bc7b-0b85af684720/opts
Oct 18 08:16:44 gtw01 dnsmasq[18135]: read /var/lib/neutron/dhcp/41a152e3-fdb1-4554-a0e2-4eeb9ff26da5/addn_hosts - 2 addresses
Oct 18 08:16:44 gtw01 dnsmasq-dhcp[18135]: read /var/lib/neutron/dhcp/41a152e3-fdb1-4554-a0e2-4eeb9ff26da5/host
Oct 18 08:16:44 gtw01 dnsmasq-dhcp[18135]: read /var/lib/neutron/dhcp/41a152e3-fdb1-4554-a0e2-4eeb9ff26da5/opts
Oct 18 08:16:45 gtw01 kernel: [ 2630.075054] device tap9f126015-d9 entered promiscuous mode
Oct 18 08:16:45 gtw01 systemd-udevd[18712]: Could not generate persistent MAC address for tap9f126015-d9: No such file or directory
Oct 18 08:16:45 gtw01 systemd-udevd[18712]: Process '/sbin/ip link set tap9f126015-d9 txqueuelen 10000' failed with exit code 1.
Oct 18 08:16:45 gtw01 systemd-udevd[18712]: Process '/sbin/ip link set tap9f126015-d9 txqueuelen 10000' failed with exit code 1.
Oct 18 08:16:47 gtw01 dnsmasq[18139]: read /var/lib/neutron/dhcp/dbdc20db-874a-42e7-bc7b-0b85af684720/addn_hosts - 2 addresses
Oct 18 08:16:47 gtw01 dnsmasq-dhcp[18139]: read /var/lib/neutron/dhcp/dbdc20db-874a-42e7-bc7b-0b85af684720/host
Oct 18 08:16:47 gtw01 dnsmasq-dhcp[18139]: read /var/lib/neutron/dhcp/dbdc20db-874a-42e7-bc7b-0b85af684720/opts
Oct 18 08:16:48 gtw01 dnsmasq[18870]: started, version 2.80 cachesize 150
Oct 18 08:16:48 gtw01 dnsmasq[18870]: DNS service limited to local subnets
Oct 18 08:16:48 gtw01 dnsmasq[18870]: compile time options: IPv6 GNU-getopt DBus i18n IDN DHCP DHCPv6 no-Lua TFTP conntrack ipset auth DNSSEC loop-detect inotify dumpfile
Oct 18 08:16:48 gtw01 dnsmasq[18870]: warning: no upstream servers configured
Oct 18 08:16:48 gtw01 dnsmasq-dhcp[18870]: DHCP, static leases only on 192.168.120.0, lease time 1h
Oct 18 08:16:48 gtw01 dnsmasq[18870]: read /var/lib/neutron/dhcp/ec4184ee-6eac-4395-a0e4-bfa37459ae5b/addn_hosts - 1 addresses
Oct 18 08:16:48 gtw01 dnsmasq-dhcp[18870]: read /var/lib/neutron/dhcp/ec4184ee-6eac-4395-a0e4-bfa37459ae5b/host
Oct 18 08:16:48 gtw01 dnsmasq-dhcp[18870]: read /var/lib/neutron/dhcp/ec4184ee-6eac-4395-a0e4-bfa37459ae5b/opts
Oct 18 08:16:48 gtw01 dnsmasq[18135]: read /var/lib/neutron/dhcp/41a152e3-fdb1-4554-a0e2-4eeb9ff26da5/addn_hosts - 1 addresses
Oct 18 08:16:48 gtw01 dnsmasq-dhcp[18135]: read /var/lib/neutron/dhcp/41a152e3-fdb1-4554-a0e2-4eeb9ff26da5/host
Oct 18 08:16:48 gtw01 dnsmasq-dhcp[18135]: read /var/lib/neutron/dhcp/41a152e3-fdb1-4554-a0e2-4eeb9ff26da5/opts
Oct 18 08:16:48 gtw01 haproxy-metadata-proxy-ec4184ee-6eac-4395-a0e4-bfa37459ae5b[18878]: Proxy listener started.
Oct 18 08:16:49 gtw01 dnsmasq[18870]: read /var/lib/neutron/dhcp/ec4184ee-6eac-4395-a0e4-bfa37459ae5b/addn_hosts - 2 addresses
Oct 18 08:16:49 gtw01 dnsmasq-dhcp[18870]: read /var/lib/neutron/dhcp/ec4184ee-6eac-4395-a0e4-bfa37459ae5b/host
Oct 18 08:16:49 gtw01 dnsmasq-dhcp[18870]: read /var/lib/neutron/dhcp/ec4184ee-6eac-4395-a0e4-bfa37459ae5b/opts
Oct 18 08:16:50 gtw01 dnsmasq[18870]: read /var/lib/neutron/dhcp/ec4184ee-6eac-4395-a0e4-bfa37459ae5b/addn_hosts - 2 addresses
Oct 18 08:16:50 gtw01 dnsmasq-dhcp[18870]: read /var/lib/neutron/dhcp/ec4184ee-6eac-4395-a0e4-bfa37459ae5b/host
Oct 18 08:16:50 gtw01 dnsmasq-dhcp[18870]: read /var/lib/neutron/dhcp/ec4184ee-6eac-4395-a0e4-bfa37459ae5b/opts
Oct 18 08:16:51 gtw01 dnsmasq[18870]: read /var/lib/neutron/dhcp/ec4184ee-6eac-4395-a0e4-bfa37459ae5b/addn_hosts - 2 addresses
Oct 18 08:16:51 gtw01 dnsmasq-dhcp[18870]: read /var/lib/neutron/dhcp/ec4184ee-6eac-4395-a0e4-bfa37459ae5b/host
Oct 18 08:16:51 gtw01 dnsmasq-dhcp[18870]: read /var/lib/neutron/dhcp/ec4184ee-6eac-4395-a0e4-bfa37459ae5b/opts
Oct 18 08:16:51 gtw01 dnsmasq[18139]: read /var/lib/neutron/dhcp/dbdc20db-874a-42e7-bc7b-0b85af684720/addn_hosts - 3 addresses
Oct 18 08:16:51 gtw01 dnsmasq-dhcp[18139]: read /var/lib/neutron/dhcp/dbdc20db-874a-42e7-bc7b-0b85af684720/host
Oct 18 08:16:51 gtw01 dnsmasq-dhcp[18139]: read /var/lib/neutron/dhcp/dbdc20db-874a-42e7-bc7b-0b85af684720/opts
Oct 18 08:16:52 gtw01 dnsmasq-dhcp[18380]: DHCPDISCOVER(tape47c8ca7-23) fa:16:3e:69:9d:86
Oct 18 08:16:52 gtw01 dnsmasq-dhcp[18380]: DHCPOFFER(tape47c8ca7-23) 192.168.120.4 fa:16:3e:69:9d:86
Oct 18 08:16:52 gtw01 dnsmasq-dhcp[18380]: DHCPREQUEST(tape47c8ca7-23) 192.168.120.4 fa:16:3e:69:9d:86
Oct 18 08:16:52 gtw01 dnsmasq-dhcp[18380]: DHCPACK(tape47c8ca7-23) 192.168.120.4 fa:16:3e:69:9d:86 host-192-168-120-4
Oct 18 08:16:52 gtw01 dnsmasq[18870]: read /var/lib/neutron/dhcp/ec4184ee-6eac-4395-a0e4-bfa37459ae5b/addn_hosts - 2 addresses
Oct 18 08:16:52 gtw01 dnsmasq-dhcp[18870]: read /var/lib/neutron/dhcp/ec4184ee-6eac-4395-a0e4-bfa37459ae5b/host
Oct 18 08:16:52 gtw01 dnsmasq-dhcp[18870]: read /var/lib/neutron/dhcp/ec4184ee-6eac-4395-a0e4-bfa37459ae5b/opts
Oct 18 08:16:53 gtw01 dnsmasq[18139]: read /var/lib/neutron/dhcp/dbdc20db-874a-42e7-bc7b-0b85af684720/addn_hosts - 3 addresses
Oct 18 08:16:53 gtw01 dnsmasq-dhcp[18139]: read /var/lib/neutron/dhcp/dbdc20db-874a-42e7-bc7b-0b85af684720/host
Oct 18 08:16:53 gtw01 dnsmasq-dhcp[18139]: read /var/lib/neutron/dhcp/dbdc20db-874a-42e7-bc7b-0b85af684720/opts
Oct 18 08:16:53 gtw01 dnsmasq[18870]: read /var/lib/neutron/dhcp/ec4184ee-6eac-4395-a0e4-bfa37459ae5b/addn_hosts - 2 addresses
Oct 18 08:16:53 gtw01 dnsmasq-dhcp[18870]: read /var/lib/neutron/dhcp/ec4184ee-6eac-4395-a0e4-bfa37459ae5b/host
Oct 18 08:16:53 gtw01 dnsmasq-dhcp[18870]: read /var/lib/neutron/dhcp/ec4184ee-6eac-4395-a0e4-bfa37459ae5b/opts
Oct 18 08:16:54 gtw01 kernel: [ 2639.260228] device tap887bfbd2-06 left promiscuous mode
Oct 18 08:16:54 gtw01 dnsmasq[18139]: read /var/lib/neutron/dhcp/dbdc20db-874a-42e7-bc7b-0b85af684720/addn_hosts - 3 addresses
Oct 18 08:16:54 gtw01 dnsmasq-dhcp[18139]: read /var/lib/neutron/dhcp/dbdc20db-874a-42e7-bc7b-0b85af684720/host
Oct 18 08:16:54 gtw01 dnsmasq-dhcp[18139]: read /var/lib/neutron/dhcp/dbdc20db-874a-42e7-bc7b-0b85af684720/opts
Oct 18 08:16:55 gtw01 dnsmasq[18870]: read /var/lib/neutron/dhcp/ec4184ee-6eac-4395-a0e4-bfa37459ae5b/addn_hosts - 3 addresses
Oct 18 08:16:55 gtw01 dnsmasq-dhcp[18870]: read /var/lib/neutron/dhcp/ec4184ee-6eac-4395-a0e4-bfa37459ae5b/host
Oct 18 08:16:55 gtw01 dnsmasq-dhcp[18870]: read /var/lib/neutron/dhcp/ec4184ee-6eac-4395-a0e4-bfa37459ae5b/opts
Oct 18 08:16:56 gtw01 dnsmasq[18870]: read /var/lib/neutron/dhcp/ec4184ee-6eac-4395-a0e4-bfa37459ae5b/addn_hosts - 3 addresses
Oct 18 08:16:56 gtw01 dnsmasq-dhcp[18870]: read /var/lib/neutron/dhcp/ec4184ee-6eac-4395-a0e4-bfa37459ae5b/host
Oct 18 08:16:56 gtw01 dnsmasq-dhcp[18870]: read /var/lib/neutron/dhcp/ec4184ee-6eac-4395-a0e4-bfa37459ae5b/opts
Oct 18 08:16:57 gtw01 dnsmasq[18870]: read /var/lib/neutron/dhcp/ec4184ee-6eac-4395-a0e4-bfa37459ae5b/addn_hosts - 3 addresses
Oct 18 08:16:57 gtw01 dnsmasq-dhcp[18870]: read /var/lib/neutron/dhcp/ec4184ee-6eac-4395-a0e4-bfa37459ae5b/host
Oct 18 08:16:57 gtw01 dnsmasq-dhcp[18870]: read /var/lib/neutron/dhcp/ec4184ee-6eac-4395-a0e4-bfa37459ae5b/opts
Oct 18 08:17:01 gtw01 CRON[19075]: (root) CMD (   cd / && run-parts --report /etc/cron.hourly)
Oct 18 08:17:02 gtw01 kernel: [ 2647.173705] device tap0af3422e-bf entered promiscuous mode
Oct 18 08:17:02 gtw01 systemd-udevd[19105]: Could not generate persistent MAC address for tap0af3422e-bf: No such file or directory
Oct 18 08:17:02 gtw01 systemd-udevd[19105]: Process '/sbin/ip link set tap0af3422e-bf txqueuelen 10000' failed with exit code 1.
Oct 18 08:17:02 gtw01 systemd-udevd[19105]: Process '/sbin/ip link set tap0af3422e-bf txqueuelen 10000' failed with exit code 1.
Oct 18 08:17:02 gtw01 dnsmasq[18380]: read /var/lib/neutron/dhcp/f5afb3dc-8c97-4b27-b7b9-1a0abee95a0f/addn_hosts - 4 addresses
Oct 18 08:17:02 gtw01 dnsmasq-dhcp[18380]: read /var/lib/neutron/dhcp/f5afb3dc-8c97-4b27-b7b9-1a0abee95a0f/host
Oct 18 08:17:02 gtw01 dnsmasq-dhcp[18380]: read /var/lib/neutron/dhcp/f5afb3dc-8c97-4b27-b7b9-1a0abee95a0f/opts
Oct 18 08:17:05 gtw01 dnsmasq[19249]: started, version 2.80 cachesize 150
