Oct 18 09:19:45 gtw01 dnsmasq-dhcp[21748]: DHCPACK(tapf0d13831-bb) 192.168.120.6 fa:16:3e:ec:52:f6 host-192-168-120-6
Oct 18 09:19:49 gtw01 dnsmasq[17929]: read /var/lib/neutron/dhcp/248a8850-aa71-48af-a15b-be1141188c4c/addn_hosts - 6 addresses
Oct 18 09:19:49 gtw01 dnsmasq-dhcp[17929]: read /var/lib/neutron/dhcp/248a8850-aa71-48af-a15b-be1141188c4c/host
Oct 18 09:19:49 gtw01 dnsmasq-dhcp[17929]: read /var/lib/neutron/dhcp/248a8850-aa71-48af-a15b-be1141188c4c/opts
Oct 18 09:19:50 gtw01 dnsmasq[17929]: read /var/lib/neutron/dhcp/248a8850-aa71-48af-a15b-be1141188c4c/addn_hosts - 6 addresses
Oct 18 09:19:50 gtw01 dnsmasq-dhcp[17929]: read /var/lib/neutron/dhcp/248a8850-aa71-48af-a15b-be1141188c4c/host
Oct 18 09:19:50 gtw01 dnsmasq-dhcp[17929]: read /var/lib/neutron/dhcp/248a8850-aa71-48af-a15b-be1141188c4c/opts
Oct 18 09:19:51 gtw01 dnsmasq[17929]: read /var/lib/neutron/dhcp/248a8850-aa71-48af-a15b-be1141188c4c/addn_hosts - 6 addresses
Oct 18 09:19:51 gtw01 dnsmasq-dhcp[17929]: read /var/lib/neutron/dhcp/248a8850-aa71-48af-a15b-be1141188c4c/host
Oct 18 09:19:51 gtw01 dnsmasq-dhcp[17929]: read /var/lib/neutron/dhcp/248a8850-aa71-48af-a15b-be1141188c4c/opts
Oct 18 09:19:53 gtw01 dnsmasq-dhcp[17929]: DHCPDISCOVER(tapefd535a5-63) fa:16:3e:d0:02:38
Oct 18 09:19:53 gtw01 dnsmasq-dhcp[17929]: DHCPOFFER(tapefd535a5-63) 192.168.120.10 fa:16:3e:d0:02:38
Oct 18 09:19:53 gtw01 dnsmasq-dhcp[17929]: DHCPREQUEST(tapefd535a5-63) 192.168.120.10 fa:16:3e:d0:02:38
Oct 18 09:19:53 gtw01 dnsmasq-dhcp[17929]: DHCPACK(tapefd535a5-63) 192.168.120.10 fa:16:3e:d0:02:38 host-192-168-120-10
Oct 18 09:19:55 gtw01 dnsmasq[17929]: read /var/lib/neutron/dhcp/248a8850-aa71-48af-a15b-be1141188c4c/addn_hosts - 7 addresses
Oct 18 09:19:55 gtw01 dnsmasq-dhcp[17929]: read /var/lib/neutron/dhcp/248a8850-aa71-48af-a15b-be1141188c4c/host
Oct 18 09:19:55 gtw01 dnsmasq-dhcp[17929]: read /var/lib/neutron/dhcp/248a8850-aa71-48af-a15b-be1141188c4c/opts
Oct 18 09:19:56 gtw01 dnsmasq[17929]: read /var/lib/neutron/dhcp/248a8850-aa71-48af-a15b-be1141188c4c/addn_hosts - 7 addresses
Oct 18 09:19:56 gtw01 dnsmasq-dhcp[17929]: read /var/lib/neutron/dhcp/248a8850-aa71-48af-a15b-be1141188c4c/host
Oct 18 09:19:56 gtw01 dnsmasq-dhcp[17929]: read /var/lib/neutron/dhcp/248a8850-aa71-48af-a15b-be1141188c4c/opts
Oct 18 09:19:57 gtw01 dnsmasq[21748]: read /var/lib/neutron/dhcp/fba2728a-47b0-4c59-8ff5-1061d29fe238/addn_hosts - 4 addresses
Oct 18 09:19:57 gtw01 dnsmasq-dhcp[21748]: read /var/lib/neutron/dhcp/fba2728a-47b0-4c59-8ff5-1061d29fe238/host
Oct 18 09:19:57 gtw01 dnsmasq-dhcp[21748]: read /var/lib/neutron/dhcp/fba2728a-47b0-4c59-8ff5-1061d29fe238/opts
Oct 18 09:19:57 gtw01 dnsmasq[17929]: read /var/lib/neutron/dhcp/248a8850-aa71-48af-a15b-be1141188c4c/addn_hosts - 8 addresses
Oct 18 09:19:57 gtw01 dnsmasq-dhcp[17929]: read /var/lib/neutron/dhcp/248a8850-aa71-48af-a15b-be1141188c4c/host
Oct 18 09:19:57 gtw01 dnsmasq-dhcp[17929]: read /var/lib/neutron/dhcp/248a8850-aa71-48af-a15b-be1141188c4c/opts
Oct 18 09:19:58 gtw01 dnsmasq[17929]: read /var/lib/neutron/dhcp/248a8850-aa71-48af-a15b-be1141188c4c/addn_hosts - 8 addresses
Oct 18 09:19:58 gtw01 dnsmasq-dhcp[17929]: read /var/lib/neutron/dhcp/248a8850-aa71-48af-a15b-be1141188c4c/host
Oct 18 09:19:58 gtw01 dnsmasq-dhcp[17929]: read /var/lib/neutron/dhcp/248a8850-aa71-48af-a15b-be1141188c4c/opts
Oct 18 09:19:59 gtw01 dnsmasq[21748]: read /var/lib/neutron/dhcp/fba2728a-47b0-4c59-8ff5-1061d29fe238/addn_hosts - 4 addresses
Oct 18 09:19:59 gtw01 dnsmasq-dhcp[21748]: read /var/lib/neutron/dhcp/fba2728a-47b0-4c59-8ff5-1061d29fe238/host
Oct 18 09:19:59 gtw01 dnsmasq-dhcp[21748]: read /var/lib/neutron/dhcp/fba2728a-47b0-4c59-8ff5-1061d29fe238/opts
Oct 18 09:20:00 gtw01 dnsmasq[17929]: read /var/lib/neutron/dhcp/248a8850-aa71-48af-a15b-be1141188c4c/addn_hosts - 8 addresses
Oct 18 09:20:00 gtw01 dnsmasq-dhcp[17929]: read /var/lib/neutron/dhcp/248a8850-aa71-48af-a15b-be1141188c4c/host
Oct 18 09:20:00 gtw01 dnsmasq-dhcp[17929]: read /var/lib/neutron/dhcp/248a8850-aa71-48af-a15b-be1141188c4c/opts
Oct 18 09:20:01 gtw01 kernel: [ 6426.123700] device tapc2592247-54 entered promiscuous mode
Oct 18 09:20:01 gtw01 systemd-udevd[22224]: Could not generate persistent MAC address for tapc2592247-54: No such file or directory
Oct 18 09:20:01 gtw01 dnsmasq[21748]: read /var/lib/neutron/dhcp/fba2728a-47b0-4c59-8ff5-1061d29fe238/addn_hosts - 4 addresses
Oct 18 09:20:01 gtw01 dnsmasq-dhcp[21748]: read /var/lib/neutron/dhcp/fba2728a-47b0-4c59-8ff5-1061d29fe238/host
Oct 18 09:20:01 gtw01 dnsmasq-dhcp[21748]: read /var/lib/neutron/dhcp/fba2728a-47b0-4c59-8ff5-1061d29fe238/opts
Oct 18 09:20:01 gtw01 systemd-udevd[22224]: Process '/sbin/ip link set tapc2592247-54 txqueuelen 10000' failed with exit code 1.
Oct 18 09:20:01 gtw01 systemd-udevd[22300]: Process '/sbin/ip link set tapc2592247-54 txqueuelen 10000' failed with exit code 1.
Oct 18 09:20:01 gtw01 dnsmasq[17929]: read /var/lib/neutron/dhcp/248a8850-aa71-48af-a15b-be1141188c4c/addn_hosts - 8 addresses
Oct 18 09:20:01 gtw01 dnsmasq-dhcp[17929]: read /var/lib/neutron/dhcp/248a8850-aa71-48af-a15b-be1141188c4c/host
Oct 18 09:20:01 gtw01 dnsmasq-dhcp[17929]: read /var/lib/neutron/dhcp/248a8850-aa71-48af-a15b-be1141188c4c/opts
Oct 18 09:20:04 gtw01 dnsmasq-dhcp[17929]: DHCPDISCOVER(tapefd535a5-63) fa:16:3e:85:90:16
Oct 18 09:20:04 gtw01 dnsmasq-dhcp[17929]: DHCPOFFER(tapefd535a5-63) 192.168.120.4 fa:16:3e:85:90:16
Oct 18 09:20:04 gtw01 dnsmasq-dhcp[17929]: DHCPREQUEST(tapefd535a5-63) 192.168.120.4 fa:16:3e:85:90:16
Oct 18 09:20:04 gtw01 dnsmasq-dhcp[17929]: DHCPACK(tapefd535a5-63) 192.168.120.4 fa:16:3e:85:90:16 host-192-168-120-4
Oct 18 09:20:04 gtw01 dnsmasq[22382]: started, version 2.80 cachesize 150
Oct 18 09:20:04 gtw01 dnsmasq[22382]: DNS service limited to local subnets
Oct 18 09:20:04 gtw01 dnsmasq[22382]: compile time options: IPv6 GNU-getopt DBus i18n IDN DHCP DHCPv6 no-Lua TFTP conntrack ipset auth DNSSEC loop-detect inotify dumpfile
Oct 18 09:20:04 gtw01 dnsmasq[22382]: warning: no upstream servers configured
Oct 18 09:20:04 gtw01 dnsmasq-dhcp[22382]: DHCP, static leases only on 192.168.120.0, lease time 1h
Oct 18 09:20:04 gtw01 dnsmasq[22382]: read /var/lib/neutron/dhcp/889ef0cf-2698-41e2-83d7-31b4bc5a09ee/addn_hosts - 1 addresses
Oct 18 09:20:04 gtw01 dnsmasq-dhcp[22382]: read /var/lib/neutron/dhcp/889ef0cf-2698-41e2-83d7-31b4bc5a09ee/host
Oct 18 09:20:04 gtw01 dnsmasq-dhcp[22382]: read /var/lib/neutron/dhcp/889ef0cf-2698-41e2-83d7-31b4bc5a09ee/opts
Oct 18 09:20:05 gtw01 haproxy-metadata-proxy-889ef0cf-2698-41e2-83d7-31b4bc5a09ee[22388]: Proxy listener started.
Oct 18 09:20:05 gtw01 dnsmasq[21748]: read /var/lib/neutron/dhcp/fba2728a-47b0-4c59-8ff5-1061d29fe238/addn_hosts - 3 addresses
Oct 18 09:20:05 gtw01 dnsmasq-dhcp[21748]: read /var/lib/neutron/dhcp/fba2728a-47b0-4c59-8ff5-1061d29fe238/host
Oct 18 09:20:05 gtw01 dnsmasq-dhcp[21748]: read /var/lib/neutron/dhcp/fba2728a-47b0-4c59-8ff5-1061d29fe238/opts
Oct 18 09:20:06 gtw01 dnsmasq[22382]: read /var/lib/neutron/dhcp/889ef0cf-2698-41e2-83d7-31b4bc5a09ee/addn_hosts - 2 addresses
Oct 18 09:20:06 gtw01 dnsmasq-dhcp[22382]: read /var/lib/neutron/dhcp/889ef0cf-2698-41e2-83d7-31b4bc5a09ee/host
Oct 18 09:20:06 gtw01 dnsmasq-dhcp[22382]: read /var/lib/neutron/dhcp/889ef0cf-2698-41e2-83d7-31b4bc5a09ee/opts
Oct 18 09:20:07 gtw01 dnsmasq[22382]: read /var/lib/neutron/dhcp/889ef0cf-2698-41e2-83d7-31b4bc5a09ee/addn_hosts - 2 addresses
Oct 18 09:20:07 gtw01 dnsmasq-dhcp[22382]: read /var/lib/neutron/dhcp/889ef0cf-2698-41e2-83d7-31b4bc5a09ee/host
Oct 18 09:20:07 gtw01 dnsmasq-dhcp[22382]: read /var/lib/neutron/dhcp/889ef0cf-2698-41e2-83d7-31b4bc5a09ee/opts
Oct 18 09:20:08 gtw01 dnsmasq-dhcp[21748]: DHCPRELEASE(tapf0d13831-bb) 192.168.120.6 fa:16:3e:ec:52:f6
Oct 18 09:20:08 gtw01 dnsmasq[22382]: read /var/lib/neutron/dhcp/889ef0cf-2698-41e2-83d7-31b4bc5a09ee/addn_hosts - 2 addresses
Oct 18 09:20:08 gtw01 dnsmasq-dhcp[22382]: read /var/lib/neutron/dhcp/889ef0cf-2698-41e2-83d7-31b4bc5a09ee/host
Oct 18 09:20:08 gtw01 dnsmasq-dhcp[22382]: read /var/lib/neutron/dhcp/889ef0cf-2698-41e2-83d7-31b4bc5a09ee/opts
Oct 18 09:20:08 gtw01 dnsmasq-dhcp[21748]: DHCPRELEASE(tapf0d13831-bb) 192.168.120.6 fa:16:3e:ec:52:f6 unknown lease
Oct 18 09:20:09 gtw01 dnsmasq[21748]: read /var/lib/neutron/dhcp/fba2728a-47b0-4c59-8ff5-1061d29fe238/addn_hosts - 2 addresses
Oct 18 09:20:09 gtw01 dnsmasq-dhcp[21748]: read /var/lib/neutron/dhcp/fba2728a-47b0-4c59-8ff5-1061d29fe238/host
Oct 18 09:20:09 gtw01 dnsmasq-dhcp[21748]: read /var/lib/neutron/dhcp/fba2728a-47b0-4c59-8ff5-1061d29fe238/opts
Oct 18 09:20:09 gtw01 dnsmasq[22382]: read /var/lib/neutron/dhcp/889ef0cf-2698-41e2-83d7-31b4bc5a09ee/addn_hosts - 2 addresses
Oct 18 09:20:09 gtw01 dnsmasq-dhcp[22382]: read /var/lib/neutron/dhcp/889ef0cf-2698-41e2-83d7-31b4bc5a09ee/host
Oct 18 09:20:09 gtw01 dnsmasq-dhcp[22382]: read /var/lib/neutron/dhcp/889ef0cf-2698-41e2-83d7-31b4bc5a09ee/opts
Oct 18 09:20:10 gtw01 dnsmasq[22382]: read /var/lib/neutron/dhcp/889ef0cf-2698-41e2-83d7-31b4bc5a09ee/addn_hosts - 2 addresses
Oct 18 09:20:10 gtw01 dnsmasq-dhcp[22382]: read /var/lib/neutron/dhcp/889ef0cf-2698-41e2-83d7-31b4bc5a09ee/host
Oct 18 09:20:10 gtw01 dnsmasq-dhcp[22382]: read /var/lib/neutron/dhcp/889ef0cf-2698-41e2-83d7-31b4bc5a09ee/opts
Oct 18 09:20:11 gtw01 dnsmasq-dhcp[17929]: DHCPRELEASE(tapefd535a5-63) 192.168.120.4 fa:16:3e:85:90:16
Oct 18 09:20:11 gtw01 kernel: [ 6436.805133] device tapc2592247-54 left promiscuous mode
Oct 18 09:20:15 gtw01 dnsmasq-dhcp[17929]: DHCPDISCOVER(tapefd535a5-63) fa:16:3e:d4:40:d0
Oct 18 09:20:15 gtw01 dnsmasq-dhcp[17929]: DHCPOFFER(tapefd535a5-63) 192.168.120.14 fa:16:3e:d4:40:d0
Oct 18 09:20:15 gtw01 dnsmasq-dhcp[17929]: DHCPREQUEST(tapefd535a5-63) 192.168.120.14 fa:16:3e:d4:40:d0
Oct 18 09:20:15 gtw01 dnsmasq-dhcp[17929]: DHCPACK(tapefd535a5-63) 192.168.120.14 fa:16:3e:d4:40:d0 host-192-168-120-14
Oct 18 09:20:16 gtw01 dnsmasq[17929]: read /var/lib/neutron/dhcp/248a8850-aa71-48af-a15b-be1141188c4c/addn_hosts - 8 addresses
Oct 18 09:20:16 gtw01 dnsmasq-dhcp[17929]: read /var/lib/neutron/dhcp/248a8850-aa71-48af-a15b-be1141188c4c/host
Oct 18 09:20:16 gtw01 dnsmasq-dhcp[17929]: read /var/lib/neutron/dhcp/248a8850-aa71-48af-a15b-be1141188c4c/opts
Oct 18 09:20:17 gtw01 dnsmasq[17929]: read /var/lib/neutron/dhcp/248a8850-aa71-48af-a15b-be1141188c4c/addn_hosts - 8 addresses
Oct 18 09:20:17 gtw01 dnsmasq-dhcp[17929]: read /var/lib/neutron/dhcp/248a8850-aa71-48af-a15b-be1141188c4c/host
Oct 18 09:20:17 gtw01 dnsmasq-dhcp[17929]: read /var/lib/neutron/dhcp/248a8850-aa71-48af-a15b-be1141188c4c/opts
Oct 18 09:20:19 gtw01 dnsmasq[21748]: read /var/lib/neutron/dhcp/fba2728a-47b0-4c59-8ff5-1061d29fe238/addn_hosts - 3 addresses
Oct 18 09:20:19 gtw01 dnsmasq-dhcp[21748]: read /var/lib/neutron/dhcp/fba2728a-47b0-4c59-8ff5-1061d29fe238/host
Oct 18 09:20:19 gtw01 dnsmasq-dhcp[21748]: read /var/lib/neutron/dhcp/fba2728a-47b0-4c59-8ff5-1061d29fe238/opts
Oct 18 09:20:19 gtw01 dnsmasq-dhcp[17929]: DHCPDISCOVER(tapefd535a5-63) fa:16:3e:df:24:7e
Oct 18 09:20:19 gtw01 dnsmasq-dhcp[17929]: DHCPOFFER(tapefd535a5-63) 192.168.120.16 fa:16:3e:df:24:7e
Oct 18 09:20:19 gtw01 dnsmasq-dhcp[17929]: DHCPREQUEST(tapefd535a5-63) 192.168.120.16 fa:16:3e:df:24:7e
Oct 18 09:20:19 gtw01 dnsmasq-dhcp[17929]: DHCPACK(tapefd535a5-63) 192.168.120.16 fa:16:3e:df:24:7e host-192-168-120-16
Oct 18 09:20:20 gtw01 dnsmasq[21748]: read /var/lib/neutron/dhcp/fba2728a-47b0-4c59-8ff5-1061d29fe238/addn_hosts - 3 addresses
Oct 18 09:20:20 gtw01 dnsmasq-dhcp[21748]: read /var/lib/neutron/dhcp/fba2728a-47b0-4c59-8ff5-1061d29fe238/host
Oct 18 09:20:20 gtw01 dnsmasq-dhcp[21748]: read /var/lib/neutron/dhcp/fba2728a-47b0-4c59-8ff5-1061d29fe238/opts
Oct 18 09:20:21 gtw01 dnsmasq[21748]: read /var/lib/neutron/dhcp/fba2728a-47b0-4c59-8ff5-1061d29fe238/addn_hosts - 3 addresses
Oct 18 09:20:21 gtw01 dnsmasq-dhcp[21748]: read /var/lib/neutron/dhcp/fba2728a-47b0-4c59-8ff5-1061d29fe238/host
Oct 18 09:20:21 gtw01 dnsmasq-dhcp[21748]: read /var/lib/neutron/dhcp/fba2728a-47b0-4c59-8ff5-1061d29fe238/opts
Oct 18 09:20:24 gtw01 dnsmasq[17929]: read /var/lib/neutron/dhcp/248a8850-aa71-48af-a15b-be1141188c4c/addn_hosts - 8 addresses
Oct 18 09:20:24 gtw01 dnsmasq-dhcp[17929]: read /var/lib/neutron/dhcp/248a8850-aa71-48af-a15b-be1141188c4c/host
Oct 18 09:20:24 gtw01 dnsmasq-dhcp[17929]: read /var/lib/neutron/dhcp/248a8850-aa71-48af-a15b-be1141188c4c/opts
Oct 18 09:20:25 gtw01 dnsmasq[17929]: read /var/lib/neutron/dhcp/248a8850-aa71-48af-a15b-be1141188c4c/addn_hosts - 8 addresses
Oct 18 09:20:25 gtw01 dnsmasq-dhcp[17929]: read /var/lib/neutron/dhcp/248a8850-aa71-48af-a15b-be1141188c4c/host
Oct 18 09:20:25 gtw01 dnsmasq-dhcp[17929]: read /var/lib/neutron/dhcp/248a8850-aa71-48af-a15b-be1141188c4c/opts
Oct 18 09:20:29 gtw01 dnsmasq-dhcp[17929]: DHCPRELEASE(tapefd535a5-63) 192.168.120.16 fa:16:3e:df:24:7e
Oct 18 09:20:29 gtw01 dnsmasq-dhcp[17929]: DHCPRELEASE(tapefd535a5-63) 192.168.120.16 fa:16:3e:df:24:7e unknown lease
Oct 18 09:20:30 gtw01 dnsmasq[17929]: read /var/lib/neutron/dhcp/248a8850-aa71-48af-a15b-be1141188c4c/addn_hosts - 7 addresses
Oct 18 09:20:30 gtw01 dnsmasq-dhcp[17929]: read /var/lib/neutron/dhcp/248a8850-aa71-48af-a15b-be1141188c4c/host
Oct 18 09:20:30 gtw01 dnsmasq-dhcp[17929]: read /var/lib/neutron/dhcp/248a8850-aa71-48af-a15b-be1141188c4c/opts
Oct 18 09:20:32 gtw01 dnsmasq[17929]: read /var/lib/neutron/dhcp/248a8850-aa71-48af-a15b-be1141188c4c/addn_hosts - 6 addresses
Oct 18 09:20:32 gtw01 dnsmasq-dhcp[17929]: read /var/lib/neutron/dhcp/248a8850-aa71-48af-a15b-be1141188c4c/host
Oct 18 09:20:32 gtw01 dnsmasq-dhcp[17929]: read /var/lib/neutron/dhcp/248a8850-aa71-48af-a15b-be1141188c4c/opts
Oct 18 09:20:33 gtw01 dnsmasq-dhcp[17929]: DHCPRELEASE(tapefd535a5-63) 192.168.120.14 fa:16:3e:d4:40:d0
Oct 18 09:20:33 gtw01 dnsmasq-dhcp[17929]: DHCPRELEASE(tapefd535a5-63) 192.168.120.14 fa:16:3e:d4:40:d0 unknown lease
Oct 18 09:20:34 gtw01 dnsmasq[17929]: read /var/lib/neutron/dhcp/248a8850-aa71-48af-a15b-be1141188c4c/addn_hosts - 5 addresses
Oct 18 09:20:34 gtw01 dnsmasq-dhcp[17929]: read /var/lib/neutron/dhcp/248a8850-aa71-48af-a15b-be1141188c4c/host
Oct 18 09:20:34 gtw01 dnsmasq-dhcp[17929]: read /var/lib/neutron/dhcp/248a8850-aa71-48af-a15b-be1141188c4c/opts
Oct 18 09:20:34 gtw01 dnsmasq-dhcp[17929]: DHCPRELEASE(tapefd535a5-63) 192.168.120.10 fa:16:3e:d0:02:38
Oct 18 09:20:35 gtw01 dnsmasq-dhcp[17929]: DHCPRELEASE(tapefd535a5-63) 192.168.120.10 fa:16:3e:d0:02:38 unknown lease
Oct 18 09:20:35 gtw01 dnsmasq[17929]: read /var/lib/neutron/dhcp/248a8850-aa71-48af-a15b-be1141188c4c/addn_hosts - 4 addresses
Oct 18 09:20:35 gtw01 dnsmasq-dhcp[17929]: read /var/lib/neutron/dhcp/248a8850-aa71-48af-a15b-be1141188c4c/host
Oct 18 09:20:35 gtw01 dnsmasq-dhcp[17929]: read /var/lib/neutron/dhcp/248a8850-aa71-48af-a15b-be1141188c4c/opts
Oct 18 09:20:36 gtw01 dnsmasq-dhcp[21748]: DHCPDISCOVER(tapf0d13831-bb) fa:16:3e:e1:b6:85
Oct 18 09:20:36 gtw01 dnsmasq-dhcp[21748]: DHCPOFFER(tapf0d13831-bb) 192.168.120.8 fa:16:3e:e1:b6:85
Oct 18 09:20:36 gtw01 dnsmasq-dhcp[21748]: DHCPREQUEST(tapf0d13831-bb) 192.168.120.8 fa:16:3e:e1:b6:85
Oct 18 09:20:36 gtw01 dnsmasq-dhcp[21748]: DHCPACK(tapf0d13831-bb) 192.168.120.8 fa:16:3e:e1:b6:85 host-192-168-120-8
Oct 18 09:20:38 gtw01 dnsmasq-dhcp[17929]: DHCPRELEASE(tapefd535a5-63) 192.168.120.9 fa:16:3e:c6:3f:c6
Oct 18 09:20:38 gtw01 dnsmasq-dhcp[17929]: DHCPRELEASE(tapefd535a5-63) 192.168.120.9 fa:16:3e:c6:3f:c6 unknown lease
Oct 18 09:20:39 gtw01 dnsmasq[17929]: read /var/lib/neutron/dhcp/248a8850-aa71-48af-a15b-be1141188c4c/addn_hosts - 3 addresses
Oct 18 09:20:39 gtw01 dnsmasq-dhcp[17929]: read /var/lib/neutron/dhcp/248a8850-aa71-48af-a15b-be1141188c4c/host
Oct 18 09:20:39 gtw01 dnsmasq-dhcp[17929]: read /var/lib/neutron/dhcp/248a8850-aa71-48af-a15b-be1141188c4c/opts
Oct 18 09:20:41 gtw01 dnsmasq-dhcp[17929]: DHCPRELEASE(tapefd535a5-63) 192.168.120.29 fa:16:3e:e3:18:b4
Oct 18 09:20:41 gtw01 dnsmasq-dhcp[17929]: DHCPRELEASE(tapefd535a5-63) 192.168.120.29 fa:16:3e:e3:18:b4 unknown lease
Oct 18 09:20:42 gtw01 dnsmasq[17929]: read /var/lib/neutron/dhcp/248a8850-aa71-48af-a15b-be1141188c4c/addn_hosts - 2 addresses
Oct 18 09:20:42 gtw01 dnsmasq-dhcp[17929]: read /var/lib/neutron/dhcp/248a8850-aa71-48af-a15b-be1141188c4c/host
Oct 18 09:20:42 gtw01 dnsmasq-dhcp[17929]: read /var/lib/neutron/dhcp/248a8850-aa71-48af-a15b-be1141188c4c/opts
Oct 18 09:20:46 gtw01 dnsmasq[21748]: read /var/lib/neutron/dhcp/fba2728a-47b0-4c59-8ff5-1061d29fe238/addn_hosts - 4 addresses
Oct 18 09:20:46 gtw01 dnsmasq-dhcp[21748]: read /var/lib/neutron/dhcp/fba2728a-47b0-4c59-8ff5-1061d29fe238/host
Oct 18 09:20:46 gtw01 dnsmasq-dhcp[21748]: read /var/lib/neutron/dhcp/fba2728a-47b0-4c59-8ff5-1061d29fe238/opts
Oct 18 09:20:47 gtw01 dnsmasq[21748]: read /var/lib/neutron/dhcp/fba2728a-47b0-4c59-8ff5-1061d29fe238/addn_hosts - 4 addresses
Oct 18 09:20:47 gtw01 dnsmasq-dhcp[21748]: read /var/lib/neutron/dhcp/fba2728a-47b0-4c59-8ff5-1061d29fe238/host
Oct 18 09:20:47 gtw01 dnsmasq-dhcp[21748]: read /var/lib/neutron/dhcp/fba2728a-47b0-4c59-8ff5-1061d29fe238/opts
Oct 18 09:20:48 gtw01 kernel: [ 6473.423988] device tap8e3c9b95-13 entered promiscuous mode
Oct 18 09:20:48 gtw01 systemd-udevd[22822]: Could not generate persistent MAC address for tap8e3c9b95-13: No such file or directory
Oct 18 09:20:48 gtw01 systemd-udevd[22822]: Process '/sbin/ip link set tap8e3c9b95-13 txqueuelen 10000' failed with exit code 1.
Oct 18 09:20:48 gtw01 systemd-udevd[22897]: Process '/sbin/ip link set tap8e3c9b95-13 txqueuelen 10000' failed with exit code 1.
Oct 18 09:20:48 gtw01 dnsmasq[21748]: read /var/lib/neutron/dhcp/fba2728a-47b0-4c59-8ff5-1061d29fe238/addn_hosts - 4 addresses
Oct 18 09:20:48 gtw01 dnsmasq-dhcp[21748]: read /var/lib/neutron/dhcp/fba2728a-47b0-4c59-8ff5-1061d29fe238/host
Oct 18 09:20:48 gtw01 dnsmasq-dhcp[21748]: read /var/lib/neutron/dhcp/fba2728a-47b0-4c59-8ff5-1061d29fe238/opts
Oct 18 09:20:51 gtw01 dnsmasq[21748]: read /var/lib/neutron/dhcp/fba2728a-47b0-4c59-8ff5-1061d29fe238/addn_hosts - 5 addresses
Oct 18 09:20:51 gtw01 dnsmasq-dhcp[21748]: read /var/lib/neutron/dhcp/fba2728a-47b0-4c59-8ff5-1061d29fe238/host
Oct 18 09:20:51 gtw01 dnsmasq-dhcp[21748]: read /var/lib/neutron/dhcp/fba2728a-47b0-4c59-8ff5-1061d29fe238/opts
Oct 18 09:20:51 gtw01 dnsmasq[22982]: started, version 2.80 cachesize 150
Oct 18 09:20:51 gtw01 dnsmasq[22982]: DNS service limited to local subnets
Oct 18 09:20:51 gtw01 dnsmasq[22982]: compile time options: IPv6 GNU-getopt DBus i18n IDN DHCP DHCPv6 no-Lua TFTP conntrack ipset auth DNSSEC loop-detect inotify dumpfile
Oct 18 09:20:51 gtw01 dnsmasq[22982]: warning: no upstream servers configured
Oct 18 09:20:51 gtw01 dnsmasq-dhcp[22982]: DHCP, static leases only on 192.168.120.0, lease time 1h
Oct 18 09:20:51 gtw01 dnsmasq[22982]: read /var/lib/neutron/dhcp/3428a63b-db4d-44aa-8545-3f839375bc8d/addn_hosts - 1 addresses
Oct 18 09:20:51 gtw01 dnsmasq-dhcp[22982]: read /var/lib/neutron/dhcp/3428a63b-db4d-44aa-8545-3f839375bc8d/host
Oct 18 09:20:51 gtw01 dnsmasq-dhcp[22982]: read /var/lib/neutron/dhcp/3428a63b-db4d-44aa-8545-3f839375bc8d/opts
Oct 18 09:20:52 gtw01 haproxy-metadata-proxy-3428a63b-db4d-44aa-8545-3f839375bc8d[22989]: Proxy listener started.
Oct 18 09:20:53 gtw01 dnsmasq[21748]: read /var/lib/neutron/dhcp/fba2728a-47b0-4c59-8ff5-1061d29fe238/addn_hosts - 5 addresses
Oct 18 09:20:53 gtw01 dnsmasq-dhcp[21748]: read /var/lib/neutron/dhcp/fba2728a-47b0-4c59-8ff5-1061d29fe238/host
Oct 18 09:20:53 gtw01 dnsmasq-dhcp[21748]: read /var/lib/neutron/dhcp/fba2728a-47b0-4c59-8ff5-1061d29fe238/opts
Oct 18 09:20:53 gtw01 dnsmasq[22982]: read /var/lib/neutron/dhcp/3428a63b-db4d-44aa-8545-3f839375bc8d/addn_hosts - 2 addresses
Oct 18 09:20:53 gtw01 dnsmasq-dhcp[22982]: read /var/lib/neutron/dhcp/3428a63b-db4d-44aa-8545-3f839375bc8d/host
Oct 18 09:20:53 gtw01 dnsmasq-dhcp[22982]: read /var/lib/neutron/dhcp/3428a63b-db4d-44aa-8545-3f839375bc8d/opts
Oct 18 09:20:54 gtw01 dnsmasq[21748]: read /var/lib/neutron/dhcp/fba2728a-47b0-4c59-8ff5-1061d29fe238/addn_hosts - 5 addresses
Oct 18 09:20:54 gtw01 dnsmasq-dhcp[21748]: read /var/lib/neutron/dhcp/fba2728a-47b0-4c59-8ff5-1061d29fe238/host
Oct 18 09:20:54 gtw01 dnsmasq-dhcp[21748]: read /var/lib/neutron/dhcp/fba2728a-47b0-4c59-8ff5-1061d29fe238/opts
Oct 18 09:20:54 gtw01 dnsmasq[22982]: read /var/lib/neutron/dhcp/3428a63b-db4d-44aa-8545-3f839375bc8d/addn_hosts - 2 addresses
Oct 18 09:20:54 gtw01 dnsmasq-dhcp[22982]: read /var/lib/neutron/dhcp/3428a63b-db4d-44aa-8545-3f839375bc8d/host
Oct 18 09:20:54 gtw01 dnsmasq-dhcp[22982]: read /var/lib/neutron/dhcp/3428a63b-db4d-44aa-8545-3f839375bc8d/opts
Oct 18 09:20:55 gtw01 dnsmasq[22982]: read /var/lib/neutron/dhcp/3428a63b-db4d-44aa-8545-3f839375bc8d/addn_hosts - 2 addresses
Oct 18 09:20:55 gtw01 dnsmasq-dhcp[22982]: read /var/lib/neutron/dhcp/3428a63b-db4d-44aa-8545-3f839375bc8d/host
Oct 18 09:20:55 gtw01 dnsmasq-dhcp[22982]: read /var/lib/neutron/dhcp/3428a63b-db4d-44aa-8545-3f839375bc8d/opts
Oct 18 09:20:56 gtw01 dnsmasq[22982]: read /var/lib/neutron/dhcp/3428a63b-db4d-44aa-8545-3f839375bc8d/addn_hosts - 2 addresses
Oct 18 09:20:56 gtw01 dnsmasq-dhcp[22982]: read /var/lib/neutron/dhcp/3428a63b-db4d-44aa-8545-3f839375bc8d/host
Oct 18 09:20:56 gtw01 dnsmasq-dhcp[22982]: read /var/lib/neutron/dhcp/3428a63b-db4d-44aa-8545-3f839375bc8d/opts
Oct 18 09:20:57 gtw01 dnsmasq[22982]: read /var/lib/neutron/dhcp/3428a63b-db4d-44aa-8545-3f839375bc8d/addn_hosts - 2 addresses
Oct 18 09:20:57 gtw01 dnsmasq-dhcp[22982]: read /var/lib/neutron/dhcp/3428a63b-db4d-44aa-8545-3f839375bc8d/host
Oct 18 09:20:57 gtw01 dnsmasq-dhcp[22982]: read /var/lib/neutron/dhcp/3428a63b-db4d-44aa-8545-3f839375bc8d/opts
Oct 18 09:20:59 gtw01 dnsmasq[21748]: read /var/lib/neutron/dhcp/fba2728a-47b0-4c59-8ff5-1061d29fe238/addn_hosts - 4 addresses
Oct 18 09:20:59 gtw01 dnsmasq-dhcp[21748]: read /var/lib/neutron/dhcp/fba2728a-47b0-4c59-8ff5-1061d29fe238/host
Oct 18 09:20:59 gtw01 dnsmasq-dhcp[21748]: read /var/lib/neutron/dhcp/fba2728a-47b0-4c59-8ff5-1061d29fe238/opts
Oct 18 09:21:01 gtw01 dnsmasq[21748]: read /var/lib/neutron/dhcp/fba2728a-47b0-4c59-8ff5-1061d29fe238/addn_hosts - 3 addresses
Oct 18 09:21:01 gtw01 dnsmasq-dhcp[21748]: read /var/lib/neutron/dhcp/fba2728a-47b0-4c59-8ff5-1061d29fe238/host
Oct 18 09:21:01 gtw01 dnsmasq-dhcp[21748]: read /var/lib/neutron/dhcp/fba2728a-47b0-4c59-8ff5-1061d29fe238/opts
Oct 18 09:21:01 gtw01 dnsmasq[17929]: read /var/lib/neutron/dhcp/248a8850-aa71-48af-a15b-be1141188c4c/addn_hosts - 3 addresses
Oct 18 09:21:01 gtw01 dnsmasq-dhcp[17929]: read /var/lib/neutron/dhcp/248a8850-aa71-48af-a15b-be1141188c4c/host
Oct 18 09:21:01 gtw01 dnsmasq-dhcp[17929]: read /var/lib/neutron/dhcp/248a8850-aa71-48af-a15b-be1141188c4c/opts
Oct 18 09:21:02 gtw01 dnsmasq[17929]: read /var/lib/neutron/dhcp/248a8850-aa71-48af-a15b-be1141188c4c/addn_hosts - 3 addresses
Oct 18 09:21:02 gtw01 dnsmasq-dhcp[17929]: read /var/lib/neutron/dhcp/248a8850-aa71-48af-a15b-be1141188c4c/host
Oct 18 09:21:02 gtw01 dnsmasq-dhcp[17929]: read /var/lib/neutron/dhcp/248a8850-aa71-48af-a15b-be1141188c4c/opts
Oct 18 09:21:03 gtw01 dnsmasq[17929]: read /var/lib/neutron/dhcp/248a8850-aa71-48af-a15b-be1141188c4c/addn_hosts - 3 addresses
Oct 18 09:21:03 gtw01 dnsmasq-dhcp[17929]: read /var/lib/neutron/dhcp/248a8850-aa71-48af-a15b-be1141188c4c/host
Oct 18 09:21:03 gtw01 dnsmasq-dhcp[17929]: read /var/lib/neutron/dhcp/248a8850-aa71-48af-a15b-be1141188c4c/opts
Oct 18 09:21:04 gtw01 dnsmasq[22982]: read /var/lib/neutron/dhcp/3428a63b-db4d-44aa-8545-3f839375bc8d/addn_hosts - 3 addresses
Oct 18 09:21:04 gtw01 dnsmasq-dhcp[22982]: read /var/lib/neutron/dhcp/3428a63b-db4d-44aa-8545-3f839375bc8d/host
Oct 18 09:21:04 gtw01 dnsmasq-dhcp[22982]: read /var/lib/neutron/dhcp/3428a63b-db4d-44aa-8545-3f839375bc8d/opts
Oct 18 09:21:06 gtw01 dnsmasq[22982]: read /var/lib/neutron/dhcp/3428a63b-db4d-44aa-8545-3f839375bc8d/addn_hosts - 3 addresses
Oct 18 09:21:06 gtw01 dnsmasq-dhcp[22982]: read /var/lib/neutron/dhcp/3428a63b-db4d-44aa-8545-3f839375bc8d/host
Oct 18 09:21:06 gtw01 dnsmasq-dhcp[22982]: read /var/lib/neutron/dhcp/3428a63b-db4d-44aa-8545-3f839375bc8d/opts
Oct 18 09:21:07 gtw01 dnsmasq[22982]: read /var/lib/neutron/dhcp/3428a63b-db4d-44aa-8545-3f839375bc8d/addn_hosts - 3 addresses
Oct 18 09:21:07 gtw01 dnsmasq-dhcp[22982]: read /var/lib/neutron/dhcp/3428a63b-db4d-44aa-8545-3f839375bc8d/host
Oct 18 09:21:07 gtw01 dnsmasq-dhcp[22982]: read /var/lib/neutron/dhcp/3428a63b-db4d-44aa-8545-3f839375bc8d/opts
Oct 18 09:21:08 gtw01 dnsmasq-dhcp[21748]: DHCPRELEASE(tapf0d13831-bb) 192.168.120.8 fa:16:3e:e1:b6:85
Oct 18 09:21:08 gtw01 dnsmasq-dhcp[21748]: DHCPRELEASE(tapf0d13831-bb) 192.168.120.8 fa:16:3e:e1:b6:85 unknown lease
Oct 18 09:21:09 gtw01 dnsmasq[21748]: read /var/lib/neutron/dhcp/fba2728a-47b0-4c59-8ff5-1061d29fe238/addn_hosts - 2 addresses
Oct 18 09:21:09 gtw01 dnsmasq-dhcp[21748]: read /var/lib/neutron/dhcp/fba2728a-47b0-4c59-8ff5-1061d29fe238/host
Oct 18 09:21:09 gtw01 dnsmasq-dhcp[21748]: read /var/lib/neutron/dhcp/fba2728a-47b0-4c59-8ff5-1061d29fe238/opts
Oct 18 09:21:12 gtw01 dnsmasq[21748]: read /var/lib/neutron/dhcp/fba2728a-47b0-4c59-8ff5-1061d29fe238/addn_hosts - 3 addresses
Oct 18 09:21:12 gtw01 dnsmasq-dhcp[21748]: read /var/lib/neutron/dhcp/fba2728a-47b0-4c59-8ff5-1061d29fe238/host
Oct 18 09:21:12 gtw01 dnsmasq-dhcp[21748]: read /var/lib/neutron/dhcp/fba2728a-47b0-4c59-8ff5-1061d29fe238/opts
Oct 18 09:21:17 gtw01 dnsmasq-dhcp[17929]: DHCPDISCOVER(tapefd535a5-63) fa:16:3e:b3:20:97
Oct 18 09:21:17 gtw01 dnsmasq-dhcp[17929]: DHCPOFFER(tapefd535a5-63) 192.168.120.4 fa:16:3e:b3:20:97
Oct 18 09:21:17 gtw01 dnsmasq-dhcp[17929]: DHCPREQUEST(tapefd535a5-63) 192.168.120.4 fa:16:3e:b3:20:97
Oct 18 09:21:17 gtw01 dnsmasq-dhcp[17929]: DHCPACK(tapefd535a5-63) 192.168.120.4 fa:16:3e:b3:20:97 host-192-168-120-4
Oct 18 09:21:21 gtw01 dnsmasq-dhcp[17929]: DHCPRELEASE(tapefd535a5-63) 192.168.120.4 fa:16:3e:b3:20:97
Oct 18 09:21:21 gtw01 dnsmasq-dhcp[17929]: DHCPRELEASE(tapefd535a5-63) 192.168.120.4 fa:16:3e:b3:20:97 unknown lease
Oct 18 09:21:21 gtw01 dnsmasq[21748]: read /var/lib/neutron/dhcp/fba2728a-47b0-4c59-8ff5-1061d29fe238/addn_hosts - 4 addresses
Oct 18 09:21:21 gtw01 dnsmasq-dhcp[21748]: read /var/lib/neutron/dhcp/fba2728a-47b0-4c59-8ff5-1061d29fe238/host
Oct 18 09:21:21 gtw01 dnsmasq-dhcp[21748]: read /var/lib/neutron/dhcp/fba2728a-47b0-4c59-8ff5-1061d29fe238/opts
Oct 18 09:21:21 gtw01 dnsmasq-dhcp[22982]: DHCPDISCOVER(tap8e3c9b95-13) fa:16:3e:49:88:55
Oct 18 09:21:21 gtw01 dnsmasq-dhcp[22982]: DHCPOFFER(tap8e3c9b95-13) 192.168.120.4 fa:16:3e:49:88:55
Oct 18 09:21:21 gtw01 dnsmasq-dhcp[22982]: DHCPREQUEST(tap8e3c9b95-13) 192.168.120.4 fa:16:3e:49:88:55
Oct 18 09:21:21 gtw01 dnsmasq-dhcp[22982]: DHCPACK(tap8e3c9b95-13) 192.168.120.4 fa:16:3e:49:88:55 host-192-168-120-4
Oct 18 09:21:22 gtw01 dnsmasq[17929]: read /var/lib/neutron/dhcp/248a8850-aa71-48af-a15b-be1141188c4c/addn_hosts - 2 addresses
Oct 18 09:21:22 gtw01 dnsmasq-dhcp[17929]: read /var/lib/neutron/dhcp/248a8850-aa71-48af-a15b-be1141188c4c/host
Oct 18 09:21:22 gtw01 dnsmasq-dhcp[17929]: read /var/lib/neutron/dhcp/248a8850-aa71-48af-a15b-be1141188c4c/opts
Oct 18 09:21:22 gtw01 dnsmasq[21748]: read /var/lib/neutron/dhcp/fba2728a-47b0-4c59-8ff5-1061d29fe238/addn_hosts - 4 addresses
Oct 18 09:21:22 gtw01 dnsmasq-dhcp[21748]: read /var/lib/neutron/dhcp/fba2728a-47b0-4c59-8ff5-1061d29fe238/host
Oct 18 09:21:22 gtw01 dnsmasq-dhcp[21748]: read /var/lib/neutron/dhcp/fba2728a-47b0-4c59-8ff5-1061d29fe238/opts
Oct 18 09:21:23 gtw01 dnsmasq[21748]: read /var/lib/neutron/dhcp/fba2728a-47b0-4c59-8ff5-1061d29fe238/addn_hosts - 4 addresses
Oct 18 09:21:23 gtw01 dnsmasq-dhcp[21748]: read /var/lib/neutron/dhcp/fba2728a-47b0-4c59-8ff5-1061d29fe238/host
Oct 18 09:21:23 gtw01 dnsmasq-dhcp[21748]: read /var/lib/neutron/dhcp/fba2728a-47b0-4c59-8ff5-1061d29fe238/opts
Oct 18 09:21:27 gtw01 dnsmasq-dhcp[22982]: DHCPRELEASE(tap8e3c9b95-13) 192.168.120.4 fa:16:3e:49:88:55
Oct 18 09:21:27 gtw01 dnsmasq-dhcp[22982]: DHCPRELEASE(tap8e3c9b95-13) 192.168.120.4 fa:16:3e:49:88:55 unknown lease
Oct 18 09:21:28 gtw01 dnsmasq[22982]: read /var/lib/neutron/dhcp/3428a63b-db4d-44aa-8545-3f839375bc8d/addn_hosts - 2 addresses
Oct 18 09:21:28 gtw01 dnsmasq-dhcp[22982]: read /var/lib/neutron/dhcp/3428a63b-db4d-44aa-8545-3f839375bc8d/host
Oct 18 09:21:28 gtw01 dnsmasq-dhcp[22982]: read /var/lib/neutron/dhcp/3428a63b-db4d-44aa-8545-3f839375bc8d/opts
Oct 18 09:21:33 gtw01 dnsmasq[21748]: read /var/lib/neutron/dhcp/fba2728a-47b0-4c59-8ff5-1061d29fe238/addn_hosts - 5 addresses
Oct 18 09:21:33 gtw01 dnsmasq-dhcp[21748]: read /var/lib/neutron/dhcp/fba2728a-47b0-4c59-8ff5-1061d29fe238/host
Oct 18 09:21:33 gtw01 dnsmasq-dhcp[21748]: read /var/lib/neutron/dhcp/fba2728a-47b0-4c59-8ff5-1061d29fe238/opts
Oct 18 09:21:34 gtw01 dnsmasq[22982]: read /var/lib/neutron/dhcp/3428a63b-db4d-44aa-8545-3f839375bc8d/addn_hosts - 1 addresses
Oct 18 09:21:34 gtw01 dnsmasq-dhcp[22982]: read /var/lib/neutron/dhcp/3428a63b-db4d-44aa-8545-3f839375bc8d/host
Oct 18 09:21:34 gtw01 dnsmasq-dhcp[22982]: read /var/lib/neutron/dhcp/3428a63b-db4d-44aa-8545-3f839375bc8d/opts
Oct 18 09:21:34 gtw01 dnsmasq[21748]: read /var/lib/neutron/dhcp/fba2728a-47b0-4c59-8ff5-1061d29fe238/addn_hosts - 5 addresses
Oct 18 09:21:34 gtw01 dnsmasq-dhcp[21748]: read /var/lib/neutron/dhcp/fba2728a-47b0-4c59-8ff5-1061d29fe238/host
Oct 18 09:21:34 gtw01 dnsmasq-dhcp[21748]: read /var/lib/neutron/dhcp/fba2728a-47b0-4c59-8ff5-1061d29fe238/opts
Oct 18 09:21:35 gtw01 dnsmasq[21748]: read /var/lib/neutron/dhcp/fba2728a-47b0-4c59-8ff5-1061d29fe238/addn_hosts - 5 addresses
Oct 18 09:21:35 gtw01 dnsmasq-dhcp[21748]: read /var/lib/neutron/dhcp/fba2728a-47b0-4c59-8ff5-1061d29fe238/host
Oct 18 09:21:35 gtw01 dnsmasq-dhcp[21748]: read /var/lib/neutron/dhcp/fba2728a-47b0-4c59-8ff5-1061d29fe238/opts
Oct 18 09:21:36 gtw01 dnsmasq-dhcp[21748]: DHCPDISCOVER(tapf0d13831-bb) fa:16:3e:64:dc:3c
Oct 18 09:21:36 gtw01 dnsmasq-dhcp[21748]: DHCPOFFER(tapf0d13831-bb) 192.168.120.11 fa:16:3e:64:dc:3c
Oct 18 09:21:36 gtw01 dnsmasq-dhcp[21748]: DHCPREQUEST(tapf0d13831-bb) 192.168.120.11 fa:16:3e:64:dc:3c
Oct 18 09:21:36 gtw01 dnsmasq-dhcp[21748]: DHCPACK(tapf0d13831-bb) 192.168.120.11 fa:16:3e:64:dc:3c host-192-168-120-11
Oct 18 09:21:39 gtw01 kernel: [ 6524.241702] device tap8e3c9b95-13 left promiscuous mode
Oct 18 09:21:47 gtw01 kernel: [ 6532.501652] device tape6b53676-e5 entered promiscuous mode
Oct 18 09:21:47 gtw01 systemd-udevd[23463]: Could not generate persistent MAC address for tape6b53676-e5: No such file or directory
Oct 18 09:21:47 gtw01 systemd-udevd[23463]: Process '/sbin/ip link set tape6b53676-e5 txqueuelen 10000' failed with exit code 1.
Oct 18 09:21:47 gtw01 systemd-udevd[23463]: Process '/sbin/ip link set tape6b53676-e5 txqueuelen 10000' failed with exit code 1.
Oct 18 09:21:48 gtw01 dnsmasq[17929]: read /var/lib/neutron/dhcp/248a8850-aa71-48af-a15b-be1141188c4c/addn_hosts - 3 addresses
Oct 18 09:21:48 gtw01 dnsmasq-dhcp[17929]: read /var/lib/neutron/dhcp/248a8850-aa71-48af-a15b-be1141188c4c/host
Oct 18 09:21:48 gtw01 dnsmasq-dhcp[17929]: read /var/lib/neutron/dhcp/248a8850-aa71-48af-a15b-be1141188c4c/opts
Oct 18 09:21:48 gtw01 dnsmasq-dhcp[21748]: DHCPDISCOVER(tapf0d13831-bb) fa:16:3e:0a:43:8c
Oct 18 09:21:48 gtw01 dnsmasq-dhcp[21748]: DHCPOFFER(tapf0d13831-bb) 192.168.120.6 fa:16:3e:0a:43:8c
Oct 18 09:21:48 gtw01 dnsmasq-dhcp[21748]: DHCPREQUEST(tapf0d13831-bb) 192.168.120.6 fa:16:3e:0a:43:8c
Oct 18 09:21:48 gtw01 dnsmasq-dhcp[21748]: DHCPACK(tapf0d13831-bb) 192.168.120.6 fa:16:3e:0a:43:8c host-192-168-120-6
Oct 18 09:21:49 gtw01 dnsmasq[17929]: read /var/lib/neutron/dhcp/248a8850-aa71-48af-a15b-be1141188c4c/addn_hosts - 3 addresses
Oct 18 09:21:49 gtw01 dnsmasq-dhcp[17929]: read /var/lib/neutron/dhcp/248a8850-aa71-48af-a15b-be1141188c4c/host
Oct 18 09:21:49 gtw01 dnsmasq-dhcp[17929]: read /var/lib/neutron/dhcp/248a8850-aa71-48af-a15b-be1141188c4c/opts
Oct 18 09:21:50 gtw01 dnsmasq[17929]: read /var/lib/neutron/dhcp/248a8850-aa71-48af-a15b-be1141188c4c/addn_hosts - 3 addresses
Oct 18 09:21:50 gtw01 dnsmasq-dhcp[17929]: read /var/lib/neutron/dhcp/248a8850-aa71-48af-a15b-be1141188c4c/host
Oct 18 09:21:50 gtw01 dnsmasq-dhcp[17929]: read /var/lib/neutron/dhcp/248a8850-aa71-48af-a15b-be1141188c4c/opts
Oct 18 09:21:51 gtw01 dnsmasq[23646]: started, version 2.80 cachesize 150
Oct 18 09:21:51 gtw01 dnsmasq[23646]: DNS service limited to local subnets
Oct 18 09:21:51 gtw01 dnsmasq[23646]: compile time options: IPv6 GNU-getopt DBus i18n IDN DHCP DHCPv6 no-Lua TFTP conntrack ipset auth DNSSEC loop-detect inotify dumpfile
Oct 18 09:21:51 gtw01 dnsmasq[23646]: warning: no upstream servers configured
Oct 18 09:21:51 gtw01 dnsmasq-dhcp[23646]: DHCP, static leases only on 192.168.120.0, lease time 1h
Oct 18 09:21:51 gtw01 dnsmasq[23646]: read /var/lib/neutron/dhcp/edda225d-99ad-4b98-ba33-b8ded7c51d96/addn_hosts - 1 addresses
Oct 18 09:21:51 gtw01 dnsmasq-dhcp[23646]: read /var/lib/neutron/dhcp/edda225d-99ad-4b98-ba33-b8ded7c51d96/host
Oct 18 09:21:51 gtw01 dnsmasq-dhcp[23646]: read /var/lib/neutron/dhcp/edda225d-99ad-4b98-ba33-b8ded7c51d96/opts
Oct 18 09:21:51 gtw01 haproxy-metadata-proxy-edda225d-99ad-4b98-ba33-b8ded7c51d96[23650]: Proxy listener started.
Oct 18 09:21:52 gtw01 dnsmasq[23646]: read /var/lib/neutron/dhcp/edda225d-99ad-4b98-ba33-b8ded7c51d96/addn_hosts - 2 addresses
Oct 18 09:21:52 gtw01 dnsmasq-dhcp[23646]: read /var/lib/neutron/dhcp/edda225d-99ad-4b98-ba33-b8ded7c51d96/host
Oct 18 09:21:52 gtw01 dnsmasq-dhcp[23646]: read /var/lib/neutron/dhcp/edda225d-99ad-4b98-ba33-b8ded7c51d96/opts
Oct 18 09:21:53 gtw01 dnsmasq[23646]: read /var/lib/neutron/dhcp/edda225d-99ad-4b98-ba33-b8ded7c51d96/addn_hosts - 2 addresses
Oct 18 09:21:53 gtw01 dnsmasq-dhcp[23646]: read /var/lib/neutron/dhcp/edda225d-99ad-4b98-ba33-b8ded7c51d96/host
Oct 18 09:21:53 gtw01 dnsmasq-dhcp[23646]: read /var/lib/neutron/dhcp/edda225d-99ad-4b98-ba33-b8ded7c51d96/opts
Oct 18 09:21:54 gtw01 dnsmasq[23646]: read /var/lib/neutron/dhcp/edda225d-99ad-4b98-ba33-b8ded7c51d96/addn_hosts - 2 addresses
Oct 18 09:21:54 gtw01 dnsmasq-dhcp[23646]: read /var/lib/neutron/dhcp/edda225d-99ad-4b98-ba33-b8ded7c51d96/host
Oct 18 09:21:54 gtw01 dnsmasq-dhcp[23646]: read /var/lib/neutron/dhcp/edda225d-99ad-4b98-ba33-b8ded7c51d96/opts
Oct 18 09:21:54 gtw01 dnsmasq[23646]: read /var/lib/neutron/dhcp/edda225d-99ad-4b98-ba33-b8ded7c51d96/addn_hosts - 2 addresses
Oct 18 09:21:54 gtw01 dnsmasq-dhcp[23646]: read /var/lib/neutron/dhcp/edda225d-99ad-4b98-ba33-b8ded7c51d96/host
Oct 18 09:21:54 gtw01 dnsmasq-dhcp[23646]: read /var/lib/neutron/dhcp/edda225d-99ad-4b98-ba33-b8ded7c51d96/opts
Oct 18 09:21:55 gtw01 dnsmasq[23646]: read /var/lib/neutron/dhcp/edda225d-99ad-4b98-ba33-b8ded7c51d96/addn_hosts - 2 addresses
Oct 18 09:21:55 gtw01 dnsmasq-dhcp[23646]: read /var/lib/neutron/dhcp/edda225d-99ad-4b98-ba33-b8ded7c51d96/host
Oct 18 09:21:55 gtw01 dnsmasq-dhcp[23646]: read /var/lib/neutron/dhcp/edda225d-99ad-4b98-ba33-b8ded7c51d96/opts
Oct 18 09:21:58 gtw01 dnsmasq[21748]: read /var/lib/neutron/dhcp/fba2728a-47b0-4c59-8ff5-1061d29fe238/addn_hosts - 5 addresses
Oct 18 09:21:58 gtw01 dnsmasq-dhcp[21748]: read /var/lib/neutron/dhcp/fba2728a-47b0-4c59-8ff5-1061d29fe238/host
Oct 18 09:21:58 gtw01 dnsmasq-dhcp[21748]: read /var/lib/neutron/dhcp/fba2728a-47b0-4c59-8ff5-1061d29fe238/opts
Oct 18 09:21:58 gtw01 dnsmasq[17929]: read /var/lib/neutron/dhcp/248a8850-aa71-48af-a15b-be1141188c4c/addn_hosts - 2 addresses
Oct 18 09:21:58 gtw01 dnsmasq-dhcp[17929]: read /var/lib/neutron/dhcp/248a8850-aa71-48af-a15b-be1141188c4c/host
Oct 18 09:21:58 gtw01 dnsmasq-dhcp[17929]: read /var/lib/neutron/dhcp/248a8850-aa71-48af-a15b-be1141188c4c/opts
Oct 18 09:21:58 gtw01 dnsmasq[23646]: read /var/lib/neutron/dhcp/edda225d-99ad-4b98-ba33-b8ded7c51d96/addn_hosts - 3 addresses
Oct 18 09:21:58 gtw01 dnsmasq-dhcp[23646]: read /var/lib/neutron/dhcp/edda225d-99ad-4b98-ba33-b8ded7c51d96/host
Oct 18 09:21:58 gtw01 dnsmasq-dhcp[23646]: read /var/lib/neutron/dhcp/edda225d-99ad-4b98-ba33-b8ded7c51d96/opts
Oct 18 09:21:59 gtw01 dnsmasq[21748]: read /var/lib/neutron/dhcp/fba2728a-47b0-4c59-8ff5-1061d29fe238/addn_hosts - 5 addresses
Oct 18 09:21:59 gtw01 dnsmasq-dhcp[21748]: read /var/lib/neutron/dhcp/fba2728a-47b0-4c59-8ff5-1061d29fe238/host
Oct 18 09:21:59 gtw01 dnsmasq-dhcp[21748]: read /var/lib/neutron/dhcp/fba2728a-47b0-4c59-8ff5-1061d29fe238/opts
Oct 18 09:21:59 gtw01 dnsmasq[23646]: read /var/lib/neutron/dhcp/edda225d-99ad-4b98-ba33-b8ded7c51d96/addn_hosts - 3 addresses
Oct 18 09:21:59 gtw01 dnsmasq-dhcp[23646]: read /var/lib/neutron/dhcp/edda225d-99ad-4b98-ba33-b8ded7c51d96/host
Oct 18 09:21:59 gtw01 dnsmasq-dhcp[23646]: read /var/lib/neutron/dhcp/edda225d-99ad-4b98-ba33-b8ded7c51d96/opts
Oct 18 09:22:00 gtw01 dnsmasq[23646]: read /var/lib/neutron/dhcp/edda225d-99ad-4b98-ba33-b8ded7c51d96/addn_hosts - 3 addresses
Oct 18 09:22:00 gtw01 dnsmasq-dhcp[23646]: read /var/lib/neutron/dhcp/edda225d-99ad-4b98-ba33-b8ded7c51d96/host
Oct 18 09:22:00 gtw01 dnsmasq-dhcp[23646]: read /var/lib/neutron/dhcp/edda225d-99ad-4b98-ba33-b8ded7c51d96/opts
Oct 18 09:22:02 gtw01 dnsmasq[21748]: read /var/lib/neutron/dhcp/fba2728a-47b0-4c59-8ff5-1061d29fe238/addn_hosts - 5 addresses
Oct 18 09:22:02 gtw01 dnsmasq-dhcp[21748]: read /var/lib/neutron/dhcp/fba2728a-47b0-4c59-8ff5-1061d29fe238/host
Oct 18 09:22:02 gtw01 dnsmasq-dhcp[21748]: read /var/lib/neutron/dhcp/fba2728a-47b0-4c59-8ff5-1061d29fe238/opts
Oct 18 09:22:03 gtw01 dnsmasq[21748]: read /var/lib/neutron/dhcp/fba2728a-47b0-4c59-8ff5-1061d29fe238/addn_hosts - 5 addresses
Oct 18 09:22:03 gtw01 dnsmasq-dhcp[21748]: read /var/lib/neutron/dhcp/fba2728a-47b0-4c59-8ff5-1061d29fe238/host
Oct 18 09:22:03 gtw01 dnsmasq-dhcp[21748]: read /var/lib/neutron/dhcp/fba2728a-47b0-4c59-8ff5-1061d29fe238/opts
Oct 18 09:22:04 gtw01 dnsmasq[21748]: read /var/lib/neutron/dhcp/fba2728a-47b0-4c59-8ff5-1061d29fe238/addn_hosts - 5 addresses
Oct 18 09:22:04 gtw01 dnsmasq-dhcp[21748]: read /var/lib/neutron/dhcp/fba2728a-47b0-4c59-8ff5-1061d29fe238/host
Oct 18 09:22:04 gtw01 dnsmasq-dhcp[21748]: read /var/lib/neutron/dhcp/fba2728a-47b0-4c59-8ff5-1061d29fe238/opts
Oct 18 09:22:09 gtw01 dnsmasq[21748]: read /var/lib/neutron/dhcp/fba2728a-47b0-4c59-8ff5-1061d29fe238/addn_hosts - 5 addresses
Oct 18 09:22:09 gtw01 dnsmasq-dhcp[21748]: read /var/lib/neutron/dhcp/fba2728a-47b0-4c59-8ff5-1061d29fe238/host
Oct 18 09:22:09 gtw01 dnsmasq-dhcp[21748]: read /var/lib/neutron/dhcp/fba2728a-47b0-4c59-8ff5-1061d29fe238/opts
Oct 18 09:22:10 gtw01 kernel: [ 6555.529177] device tapb021ea72-f0 entered promiscuous mode
Oct 18 09:22:10 gtw01 systemd-udevd[23913]: Could not generate persistent MAC address for tapb021ea72-f0: No such file or directory
Oct 18 09:22:10 gtw01 systemd-udevd[23913]: Process '/sbin/ip link set tapb021ea72-f0 txqueuelen 10000' failed with exit code 1.
Oct 18 09:22:10 gtw01 systemd-udevd[23987]: Process '/sbin/ip link set tapb021ea72-f0 txqueuelen 10000' failed with exit code 1.
Oct 18 09:22:11 gtw01 dnsmasq-dhcp[21748]: DHCPRELEASE(tapf0d13831-bb) 192.168.120.6 fa:16:3e:0a:43:8c
Oct 18 09:22:11 gtw01 dnsmasq-dhcp[21748]: DHCPRELEASE(tapf0d13831-bb) 192.168.120.6 fa:16:3e:0a:43:8c unknown lease
Oct 18 09:22:12 gtw01 dnsmasq[21748]: read /var/lib/neutron/dhcp/fba2728a-47b0-4c59-8ff5-1061d29fe238/addn_hosts - 4 addresses
Oct 18 09:22:12 gtw01 dnsmasq-dhcp[21748]: read /var/lib/neutron/dhcp/fba2728a-47b0-4c59-8ff5-1061d29fe238/host
Oct 18 09:22:12 gtw01 dnsmasq-dhcp[21748]: read /var/lib/neutron/dhcp/fba2728a-47b0-4c59-8ff5-1061d29fe238/opts
Oct 18 09:22:13 gtw01 dnsmasq[24087]: started, version 2.80 cachesize 150
Oct 18 09:22:13 gtw01 dnsmasq[24087]: DNS service limited to local subnets
Oct 18 09:22:13 gtw01 dnsmasq[24087]: compile time options: IPv6 GNU-getopt DBus i18n IDN DHCP DHCPv6 no-Lua TFTP conntrack ipset auth DNSSEC loop-detect inotify dumpfile
Oct 18 09:22:13 gtw01 dnsmasq[24087]: warning: no upstream servers configured
Oct 18 09:22:13 gtw01 dnsmasq-dhcp[24087]: DHCP, static leases only on 192.168.120.0, lease time 1h
Oct 18 09:22:13 gtw01 dnsmasq[24087]: read /var/lib/neutron/dhcp/f969795d-78bb-46d2-be22-a379419eb857/addn_hosts - 1 addresses
Oct 18 09:22:13 gtw01 dnsmasq-dhcp[24087]: read /var/lib/neutron/dhcp/f969795d-78bb-46d2-be22-a379419eb857/host
Oct 18 09:22:13 gtw01 dnsmasq-dhcp[24087]: read /var/lib/neutron/dhcp/f969795d-78bb-46d2-be22-a379419eb857/opts
Oct 18 09:22:14 gtw01 kernel: [ 6559.076131] device tapb14346ca-42 entered promiscuous mode
Oct 18 09:22:14 gtw01 systemd-udevd[24097]: Could not generate persistent MAC address for tapb14346ca-42: No such file or directory
Oct 18 09:22:14 gtw01 systemd-udevd[24097]: Process '/sbin/ip link set tapb14346ca-42 txqueuelen 10000' failed with exit code 1.
Oct 18 09:22:14 gtw01 dnsmasq-dhcp[23646]: DHCPDISCOVER(tape6b53676-e5) fa:16:3e:63:d5:2b
Oct 18 09:22:14 gtw01 dnsmasq-dhcp[23646]: DHCPOFFER(tape6b53676-e5) 192.168.120.3 fa:16:3e:63:d5:2b
Oct 18 09:22:14 gtw01 dnsmasq-dhcp[23646]: DHCPREQUEST(tape6b53676-e5) 192.168.120.3 fa:16:3e:63:d5:2b
Oct 18 09:22:14 gtw01 dnsmasq-dhcp[23646]: DHCPACK(tape6b53676-e5) 192.168.120.3 fa:16:3e:63:d5:2b host-192-168-120-3
Oct 18 09:22:14 gtw01 systemd-udevd[24097]: Process '/sbin/ip link set tapb14346ca-42 txqueuelen 10000' failed with exit code 1.
Oct 18 09:22:14 gtw01 haproxy-metadata-proxy-f969795d-78bb-46d2-be22-a379419eb857[24182]: Proxy listener started.
Oct 18 09:22:15 gtw01 dnsmasq[24087]: read /var/lib/neutron/dhcp/f969795d-78bb-46d2-be22-a379419eb857/addn_hosts - 2 addresses
Oct 18 09:22:15 gtw01 dnsmasq-dhcp[24087]: read /var/lib/neutron/dhcp/f969795d-78bb-46d2-be22-a379419eb857/host
Oct 18 09:22:15 gtw01 dnsmasq-dhcp[24087]: read /var/lib/neutron/dhcp/f969795d-78bb-46d2-be22-a379419eb857/opts
Oct 18 09:22:15 gtw01 dnsmasq-dhcp[21748]: DHCPRELEASE(tapf0d13831-bb) 192.168.120.11 fa:16:3e:64:dc:3c
Oct 18 09:22:15 gtw01 dnsmasq-dhcp[21748]: DHCPRELEASE(tapf0d13831-bb) 192.168.120.11 fa:16:3e:64:dc:3c unknown lease
Oct 18 09:22:16 gtw01 dnsmasq[24087]: read /var/lib/neutron/dhcp/f969795d-78bb-46d2-be22-a379419eb857/addn_hosts - 2 addresses
Oct 18 09:22:16 gtw01 dnsmasq-dhcp[24087]: read /var/lib/neutron/dhcp/f969795d-78bb-46d2-be22-a379419eb857/host
Oct 18 09:22:16 gtw01 dnsmasq-dhcp[24087]: read /var/lib/neutron/dhcp/f969795d-78bb-46d2-be22-a379419eb857/opts
Oct 18 09:22:16 gtw01 dnsmasq[21748]: read /var/lib/neutron/dhcp/fba2728a-47b0-4c59-8ff5-1061d29fe238/addn_hosts - 3 addresses
Oct 18 09:22:16 gtw01 dnsmasq-dhcp[21748]: read /var/lib/neutron/dhcp/fba2728a-47b0-4c59-8ff5-1061d29fe238/host
Oct 18 09:22:16 gtw01 dnsmasq-dhcp[21748]: read /var/lib/neutron/dhcp/fba2728a-47b0-4c59-8ff5-1061d29fe238/opts
Oct 18 09:22:17 gtw01 dnsmasq[24087]: read /var/lib/neutron/dhcp/f969795d-78bb-46d2-be22-a379419eb857/addn_hosts - 2 addresses
Oct 18 09:22:17 gtw01 dnsmasq-dhcp[24087]: read /var/lib/neutron/dhcp/f969795d-78bb-46d2-be22-a379419eb857/host
Oct 18 09:22:17 gtw01 dnsmasq-dhcp[24087]: read /var/lib/neutron/dhcp/f969795d-78bb-46d2-be22-a379419eb857/opts
Oct 18 09:22:18 gtw01 dnsmasq[24306]: started, version 2.80 cachesize 150
Oct 18 09:22:18 gtw01 dnsmasq[24306]: DNS service limited to local subnets
Oct 18 09:22:18 gtw01 dnsmasq[24306]: compile time options: IPv6 GNU-getopt DBus i18n IDN DHCP DHCPv6 no-Lua TFTP conntrack ipset auth DNSSEC loop-detect inotify dumpfile
Oct 18 09:22:18 gtw01 dnsmasq[24306]: warning: no upstream servers configured
Oct 18 09:22:18 gtw01 dnsmasq-dhcp[24306]: DHCP, static leases only on 192.168.120.0, lease time 1h
Oct 18 09:22:18 gtw01 dnsmasq[24306]: read /var/lib/neutron/dhcp/8ef8cc21-3759-4937-8e48-6ad9d4e73170/addn_hosts - 1 addresses
Oct 18 09:22:18 gtw01 dnsmasq-dhcp[24306]: read /var/lib/neutron/dhcp/8ef8cc21-3759-4937-8e48-6ad9d4e73170/host
Oct 18 09:22:18 gtw01 dnsmasq-dhcp[24306]: read /var/lib/neutron/dhcp/8ef8cc21-3759-4937-8e48-6ad9d4e73170/opts
Oct 18 09:22:18 gtw01 haproxy-metadata-proxy-8ef8cc21-3759-4937-8e48-6ad9d4e73170[24314]: Proxy listener started.
Oct 18 09:22:18 gtw01 dnsmasq[24087]: read /var/lib/neutron/dhcp/f969795d-78bb-46d2-be22-a379419eb857/addn_hosts - 2 addresses
Oct 18 09:22:18 gtw01 dnsmasq-dhcp[24087]: read /var/lib/neutron/dhcp/f969795d-78bb-46d2-be22-a379419eb857/host
Oct 18 09:22:18 gtw01 dnsmasq-dhcp[24087]: read /var/lib/neutron/dhcp/f969795d-78bb-46d2-be22-a379419eb857/opts
Oct 18 09:22:19 gtw01 dnsmasq[21748]: read /var/lib/neutron/dhcp/fba2728a-47b0-4c59-8ff5-1061d29fe238/addn_hosts - 2 addresses
Oct 18 09:22:19 gtw01 dnsmasq-dhcp[21748]: read /var/lib/neutron/dhcp/fba2728a-47b0-4c59-8ff5-1061d29fe238/host
Oct 18 09:22:19 gtw01 dnsmasq-dhcp[21748]: read /var/lib/neutron/dhcp/fba2728a-47b0-4c59-8ff5-1061d29fe238/opts
Oct 18 09:22:19 gtw01 dnsmasq[24306]: read /var/lib/neutron/dhcp/8ef8cc21-3759-4937-8e48-6ad9d4e73170/addn_hosts - 2 addresses
Oct 18 09:22:19 gtw01 dnsmasq-dhcp[24306]: read /var/lib/neutron/dhcp/8ef8cc21-3759-4937-8e48-6ad9d4e73170/host
Oct 18 09:22:19 gtw01 dnsmasq-dhcp[24306]: read /var/lib/neutron/dhcp/8ef8cc21-3759-4937-8e48-6ad9d4e73170/opts
Oct 18 09:22:19 gtw01 dnsmasq[24087]: read /var/lib/neutron/dhcp/f969795d-78bb-46d2-be22-a379419eb857/addn_hosts - 2 addresses
Oct 18 09:22:19 gtw01 dnsmasq-dhcp[24087]: read /var/lib/neutron/dhcp/f969795d-78bb-46d2-be22-a379419eb857/host
Oct 18 09:22:19 gtw01 dnsmasq-dhcp[24087]: read /var/lib/neutron/dhcp/f969795d-78bb-46d2-be22-a379419eb857/opts
Oct 18 09:22:20 gtw01 dnsmasq[24306]: read /var/lib/neutron/dhcp/8ef8cc21-3759-4937-8e48-6ad9d4e73170/addn_hosts - 2 addresses
Oct 18 09:22:20 gtw01 dnsmasq-dhcp[24306]: read /var/lib/neutron/dhcp/8ef8cc21-3759-4937-8e48-6ad9d4e73170/host
Oct 18 09:22:20 gtw01 dnsmasq-dhcp[24306]: read /var/lib/neutron/dhcp/8ef8cc21-3759-4937-8e48-6ad9d4e73170/opts
Oct 18 09:22:20 gtw01 dnsmasq[21748]: read /var/lib/neutron/dhcp/fba2728a-47b0-4c59-8ff5-1061d29fe238/addn_hosts - 1 addresses
Oct 18 09:22:20 gtw01 dnsmasq-dhcp[21748]: read /var/lib/neutron/dhcp/fba2728a-47b0-4c59-8ff5-1061d29fe238/host
Oct 18 09:22:20 gtw01 dnsmasq-dhcp[21748]: read /var/lib/neutron/dhcp/fba2728a-47b0-4c59-8ff5-1061d29fe238/opts
Oct 18 09:22:21 gtw01 dnsmasq[24087]: read /var/lib/neutron/dhcp/f969795d-78bb-46d2-be22-a379419eb857/addn_hosts - 3 addresses
Oct 18 09:22:21 gtw01 dnsmasq-dhcp[24087]: read /var/lib/neutron/dhcp/f969795d-78bb-46d2-be22-a379419eb857/host
Oct 18 09:22:21 gtw01 dnsmasq-dhcp[24087]: read /var/lib/neutron/dhcp/f969795d-78bb-46d2-be22-a379419eb857/opts
Oct 18 09:22:21 gtw01 dnsmasq[24306]: read /var/lib/neutron/dhcp/8ef8cc21-3759-4937-8e48-6ad9d4e73170/addn_hosts - 2 addresses
Oct 18 09:22:21 gtw01 dnsmasq-dhcp[24306]: read /var/lib/neutron/dhcp/8ef8cc21-3759-4937-8e48-6ad9d4e73170/host
Oct 18 09:22:21 gtw01 dnsmasq-dhcp[24306]: read /var/lib/neutron/dhcp/8ef8cc21-3759-4937-8e48-6ad9d4e73170/opts
Oct 18 09:22:22 gtw01 dnsmasq[24087]: read /var/lib/neutron/dhcp/f969795d-78bb-46d2-be22-a379419eb857/addn_hosts - 3 addresses
Oct 18 09:22:22 gtw01 dnsmasq-dhcp[24087]: read /var/lib/neutron/dhcp/f969795d-78bb-46d2-be22-a379419eb857/host
Oct 18 09:22:22 gtw01 dnsmasq-dhcp[24087]: read /var/lib/neutron/dhcp/f969795d-78bb-46d2-be22-a379419eb857/opts
Oct 18 09:22:22 gtw01 dnsmasq[24306]: read /var/lib/neutron/dhcp/8ef8cc21-3759-4937-8e48-6ad9d4e73170/addn_hosts - 2 addresses
Oct 18 09:22:22 gtw01 dnsmasq-dhcp[24306]: read /var/lib/neutron/dhcp/8ef8cc21-3759-4937-8e48-6ad9d4e73170/host
Oct 18 09:22:22 gtw01 dnsmasq-dhcp[24306]: read /var/lib/neutron/dhcp/8ef8cc21-3759-4937-8e48-6ad9d4e73170/opts
Oct 18 09:22:23 gtw01 dnsmasq[24087]: read /var/lib/neutron/dhcp/f969795d-78bb-46d2-be22-a379419eb857/addn_hosts - 3 addresses
Oct 18 09:22:23 gtw01 dnsmasq-dhcp[24087]: read /var/lib/neutron/dhcp/f969795d-78bb-46d2-be22-a379419eb857/host
Oct 18 09:22:23 gtw01 dnsmasq-dhcp[24087]: read /var/lib/neutron/dhcp/f969795d-78bb-46d2-be22-a379419eb857/opts
Oct 18 09:22:23 gtw01 dnsmasq[24306]: read /var/lib/neutron/dhcp/8ef8cc21-3759-4937-8e48-6ad9d4e73170/addn_hosts - 2 addresses
Oct 18 09:22:23 gtw01 dnsmasq-dhcp[24306]: read /var/lib/neutron/dhcp/8ef8cc21-3759-4937-8e48-6ad9d4e73170/host
Oct 18 09:22:23 gtw01 dnsmasq-dhcp[24306]: read /var/lib/neutron/dhcp/8ef8cc21-3759-4937-8e48-6ad9d4e73170/opts
Oct 18 09:22:27 gtw01 dnsmasq-dhcp[23646]: DHCPRELEASE(tape6b53676-e5) 192.168.120.3 fa:16:3e:63:d5:2b
Oct 18 09:22:27 gtw01 kernel: [ 6572.216642] device tapf0d13831-bb left promiscuous mode
Oct 18 09:22:27 gtw01 dnsmasq-dhcp[23646]: DHCPRELEASE(tape6b53676-e5) 192.168.120.3 fa:16:3e:63:d5:2b unknown lease
Oct 18 09:22:28 gtw01 dnsmasq[23646]: read /var/lib/neutron/dhcp/edda225d-99ad-4b98-ba33-b8ded7c51d96/addn_hosts - 2 addresses
Oct 18 09:22:28 gtw01 dnsmasq-dhcp[23646]: read /var/lib/neutron/dhcp/edda225d-99ad-4b98-ba33-b8ded7c51d96/host
Oct 18 09:22:28 gtw01 dnsmasq-dhcp[23646]: read /var/lib/neutron/dhcp/edda225d-99ad-4b98-ba33-b8ded7c51d96/opts
Oct 18 09:22:29 gtw01 dnsmasq[24306]: read /var/lib/neutron/dhcp/8ef8cc21-3759-4937-8e48-6ad9d4e73170/addn_hosts - 1 addresses
Oct 18 09:22:29 gtw01 dnsmasq-dhcp[24306]: read /var/lib/neutron/dhcp/8ef8cc21-3759-4937-8e48-6ad9d4e73170/host
Oct 18 09:22:29 gtw01 dnsmasq-dhcp[24306]: read /var/lib/neutron/dhcp/8ef8cc21-3759-4937-8e48-6ad9d4e73170/opts
Oct 18 09:22:32 gtw01 dnsmasq[23646]: read /var/lib/neutron/dhcp/edda225d-99ad-4b98-ba33-b8ded7c51d96/addn_hosts - 1 addresses
Oct 18 09:22:32 gtw01 dnsmasq-dhcp[23646]: read /var/lib/neutron/dhcp/edda225d-99ad-4b98-ba33-b8ded7c51d96/host
Oct 18 09:22:32 gtw01 dnsmasq-dhcp[23646]: read /var/lib/neutron/dhcp/edda225d-99ad-4b98-ba33-b8ded7c51d96/opts
Oct 18 09:22:34 gtw01 kernel: [ 6579.034359] device tapb14346ca-42 left promiscuous mode
Oct 18 09:22:36 gtw01 kernel: [ 6581.466498] device tap51780b0e-75 entered promiscuous mode
Oct 18 09:22:36 gtw01 systemd-udevd[24600]: Could not generate persistent MAC address for tap51780b0e-75: No such file or directory
