Oct 18 09:28:57 gtw01 dnsmasq-dhcp[17929]: read /var/lib/neutron/dhcp/248a8850-aa71-48af-a15b-be1141188c4c/opts
Oct 18 09:28:58 gtw01 dnsmasq[17929]: read /var/lib/neutron/dhcp/248a8850-aa71-48af-a15b-be1141188c4c/addn_hosts - 5 addresses
Oct 18 09:28:58 gtw01 dnsmasq-dhcp[17929]: read /var/lib/neutron/dhcp/248a8850-aa71-48af-a15b-be1141188c4c/host
Oct 18 09:28:58 gtw01 dnsmasq-dhcp[17929]: read /var/lib/neutron/dhcp/248a8850-aa71-48af-a15b-be1141188c4c/opts
Oct 18 09:28:59 gtw01 dnsmasq[17929]: read /var/lib/neutron/dhcp/248a8850-aa71-48af-a15b-be1141188c4c/addn_hosts - 5 addresses
Oct 18 09:28:59 gtw01 dnsmasq-dhcp[17929]: read /var/lib/neutron/dhcp/248a8850-aa71-48af-a15b-be1141188c4c/host
Oct 18 09:28:59 gtw01 dnsmasq-dhcp[17929]: read /var/lib/neutron/dhcp/248a8850-aa71-48af-a15b-be1141188c4c/opts
Oct 18 09:29:10 gtw01 dnsmasq-dhcp[28622]: DHCPDISCOVER(tapd186dfee-5c) fa:16:3e:5b:e2:63
Oct 18 09:29:10 gtw01 dnsmasq-dhcp[28622]: DHCPOFFER(tapd186dfee-5c) 192.168.120.3 fa:16:3e:5b:e2:63
Oct 18 09:29:10 gtw01 dnsmasq-dhcp[28622]: DHCPREQUEST(tapd186dfee-5c) 192.168.120.3 fa:16:3e:5b:e2:63
Oct 18 09:29:10 gtw01 dnsmasq-dhcp[28622]: DHCPACK(tapd186dfee-5c) 192.168.120.3 fa:16:3e:5b:e2:63 host-192-168-120-3
Oct 18 09:29:11 gtw01 dnsmasq-dhcp[17929]: DHCPDISCOVER(tapefd535a5-63) fa:16:3e:09:ee:c7
Oct 18 09:29:11 gtw01 dnsmasq-dhcp[17929]: DHCPOFFER(tapefd535a5-63) 192.168.120.11 fa:16:3e:09:ee:c7
Oct 18 09:29:11 gtw01 dnsmasq-dhcp[17929]: DHCPREQUEST(tapefd535a5-63) 192.168.120.11 fa:16:3e:09:ee:c7
Oct 18 09:29:11 gtw01 dnsmasq-dhcp[17929]: DHCPACK(tapefd535a5-63) 192.168.120.11 fa:16:3e:09:ee:c7 host-192-168-120-11
Oct 18 09:29:12 gtw01 dnsmasq-dhcp[28622]: DHCPRELEASE(tapd186dfee-5c) 192.168.120.3 fa:16:3e:5b:e2:63
Oct 18 09:29:16 gtw01 dnsmasq-dhcp[17929]: DHCPRELEASE(tapefd535a5-63) 192.168.120.11 fa:16:3e:09:ee:c7
Oct 18 09:29:19 gtw01 dnsmasq[17929]: read /var/lib/neutron/dhcp/248a8850-aa71-48af-a15b-be1141188c4c/addn_hosts - 4 addresses
Oct 18 09:29:19 gtw01 dnsmasq-dhcp[17929]: read /var/lib/neutron/dhcp/248a8850-aa71-48af-a15b-be1141188c4c/host
Oct 18 09:29:19 gtw01 dnsmasq-dhcp[17929]: read /var/lib/neutron/dhcp/248a8850-aa71-48af-a15b-be1141188c4c/opts
Oct 18 09:29:21 gtw01 dnsmasq[17929]: read /var/lib/neutron/dhcp/248a8850-aa71-48af-a15b-be1141188c4c/addn_hosts - 4 addresses
Oct 18 09:29:21 gtw01 dnsmasq-dhcp[17929]: read /var/lib/neutron/dhcp/248a8850-aa71-48af-a15b-be1141188c4c/host
Oct 18 09:29:21 gtw01 dnsmasq-dhcp[17929]: read /var/lib/neutron/dhcp/248a8850-aa71-48af-a15b-be1141188c4c/opts
Oct 18 09:29:22 gtw01 dnsmasq[17929]: read /var/lib/neutron/dhcp/248a8850-aa71-48af-a15b-be1141188c4c/addn_hosts - 4 addresses
Oct 18 09:29:22 gtw01 dnsmasq-dhcp[17929]: read /var/lib/neutron/dhcp/248a8850-aa71-48af-a15b-be1141188c4c/host
Oct 18 09:29:22 gtw01 dnsmasq-dhcp[17929]: read /var/lib/neutron/dhcp/248a8850-aa71-48af-a15b-be1141188c4c/opts
Oct 18 09:29:23 gtw01 dnsmasq-dhcp[17929]: DHCPRELEASE(tapefd535a5-63) 192.168.120.5 fa:16:3e:64:8c:fc
Oct 18 09:29:23 gtw01 dnsmasq-dhcp[17929]: DHCPRELEASE(tapefd535a5-63) 192.168.120.5 fa:16:3e:64:8c:fc unknown lease
Oct 18 09:29:24 gtw01 dnsmasq[17929]: read /var/lib/neutron/dhcp/248a8850-aa71-48af-a15b-be1141188c4c/addn_hosts - 3 addresses
Oct 18 09:29:24 gtw01 dnsmasq-dhcp[17929]: read /var/lib/neutron/dhcp/248a8850-aa71-48af-a15b-be1141188c4c/host
Oct 18 09:29:24 gtw01 dnsmasq-dhcp[17929]: read /var/lib/neutron/dhcp/248a8850-aa71-48af-a15b-be1141188c4c/opts
Oct 18 09:29:25 gtw01 dnsmasq[28622]: read /var/lib/neutron/dhcp/e2f3aae6-3a99-4172-8045-51aa61df37a4/addn_hosts - 6 addresses
Oct 18 09:29:25 gtw01 dnsmasq-dhcp[28622]: read /var/lib/neutron/dhcp/e2f3aae6-3a99-4172-8045-51aa61df37a4/host
Oct 18 09:29:25 gtw01 dnsmasq-dhcp[28622]: read /var/lib/neutron/dhcp/e2f3aae6-3a99-4172-8045-51aa61df37a4/opts
Oct 18 09:29:27 gtw01 dnsmasq[28622]: read /var/lib/neutron/dhcp/e2f3aae6-3a99-4172-8045-51aa61df37a4/addn_hosts - 6 addresses
Oct 18 09:29:27 gtw01 dnsmasq-dhcp[28622]: read /var/lib/neutron/dhcp/e2f3aae6-3a99-4172-8045-51aa61df37a4/host
Oct 18 09:29:27 gtw01 dnsmasq-dhcp[28622]: read /var/lib/neutron/dhcp/e2f3aae6-3a99-4172-8045-51aa61df37a4/opts
Oct 18 09:29:28 gtw01 dnsmasq[28622]: read /var/lib/neutron/dhcp/e2f3aae6-3a99-4172-8045-51aa61df37a4/addn_hosts - 6 addresses
Oct 18 09:29:28 gtw01 dnsmasq-dhcp[28622]: read /var/lib/neutron/dhcp/e2f3aae6-3a99-4172-8045-51aa61df37a4/host
Oct 18 09:29:28 gtw01 dnsmasq-dhcp[28622]: read /var/lib/neutron/dhcp/e2f3aae6-3a99-4172-8045-51aa61df37a4/opts
Oct 18 09:29:29 gtw01 dnsmasq-dhcp[28622]: DHCPDISCOVER(tapd186dfee-5c) fa:16:3e:5b:e2:63
Oct 18 09:29:29 gtw01 dnsmasq-dhcp[28622]: DHCPOFFER(tapd186dfee-5c) 192.168.120.3 fa:16:3e:5b:e2:63
Oct 18 09:29:29 gtw01 dnsmasq-dhcp[28622]: DHCPREQUEST(tapd186dfee-5c) 192.168.120.3 fa:16:3e:5b:e2:63
Oct 18 09:29:29 gtw01 dnsmasq-dhcp[28622]: DHCPACK(tapd186dfee-5c) 192.168.120.3 fa:16:3e:5b:e2:63 host-192-168-120-3
Oct 18 09:29:32 gtw01 dnsmasq[17929]: read /var/lib/neutron/dhcp/248a8850-aa71-48af-a15b-be1141188c4c/addn_hosts - 2 addresses
Oct 18 09:29:32 gtw01 dnsmasq-dhcp[17929]: read /var/lib/neutron/dhcp/248a8850-aa71-48af-a15b-be1141188c4c/host
Oct 18 09:29:32 gtw01 dnsmasq-dhcp[17929]: read /var/lib/neutron/dhcp/248a8850-aa71-48af-a15b-be1141188c4c/opts
Oct 18 09:29:32 gtw01 dnsmasq[28622]: read /var/lib/neutron/dhcp/e2f3aae6-3a99-4172-8045-51aa61df37a4/addn_hosts - 6 addresses
Oct 18 09:29:32 gtw01 dnsmasq-dhcp[28622]: read /var/lib/neutron/dhcp/e2f3aae6-3a99-4172-8045-51aa61df37a4/host
Oct 18 09:29:32 gtw01 dnsmasq-dhcp[28622]: read /var/lib/neutron/dhcp/e2f3aae6-3a99-4172-8045-51aa61df37a4/opts
Oct 18 09:29:33 gtw01 dnsmasq[17929]: read /var/lib/neutron/dhcp/248a8850-aa71-48af-a15b-be1141188c4c/addn_hosts - 3 addresses
Oct 18 09:29:33 gtw01 dnsmasq-dhcp[17929]: read /var/lib/neutron/dhcp/248a8850-aa71-48af-a15b-be1141188c4c/host
Oct 18 09:29:33 gtw01 dnsmasq-dhcp[17929]: read /var/lib/neutron/dhcp/248a8850-aa71-48af-a15b-be1141188c4c/opts
Oct 18 09:29:34 gtw01 dnsmasq[17929]: read /var/lib/neutron/dhcp/248a8850-aa71-48af-a15b-be1141188c4c/addn_hosts - 3 addresses
Oct 18 09:29:34 gtw01 dnsmasq-dhcp[17929]: read /var/lib/neutron/dhcp/248a8850-aa71-48af-a15b-be1141188c4c/host
Oct 18 09:29:34 gtw01 dnsmasq-dhcp[17929]: read /var/lib/neutron/dhcp/248a8850-aa71-48af-a15b-be1141188c4c/opts
Oct 18 09:29:35 gtw01 dnsmasq[17929]: read /var/lib/neutron/dhcp/248a8850-aa71-48af-a15b-be1141188c4c/addn_hosts - 3 addresses
Oct 18 09:29:35 gtw01 dnsmasq-dhcp[17929]: read /var/lib/neutron/dhcp/248a8850-aa71-48af-a15b-be1141188c4c/host
Oct 18 09:29:35 gtw01 dnsmasq-dhcp[17929]: read /var/lib/neutron/dhcp/248a8850-aa71-48af-a15b-be1141188c4c/opts
Oct 18 09:29:36 gtw01 dnsmasq[17929]: read /var/lib/neutron/dhcp/248a8850-aa71-48af-a15b-be1141188c4c/addn_hosts - 4 addresses
Oct 18 09:29:36 gtw01 dnsmasq-dhcp[17929]: read /var/lib/neutron/dhcp/248a8850-aa71-48af-a15b-be1141188c4c/host
Oct 18 09:29:36 gtw01 dnsmasq-dhcp[17929]: read /var/lib/neutron/dhcp/248a8850-aa71-48af-a15b-be1141188c4c/opts
Oct 18 09:29:37 gtw01 dnsmasq[17929]: read /var/lib/neutron/dhcp/248a8850-aa71-48af-a15b-be1141188c4c/addn_hosts - 4 addresses
Oct 18 09:29:37 gtw01 dnsmasq-dhcp[17929]: read /var/lib/neutron/dhcp/248a8850-aa71-48af-a15b-be1141188c4c/host
Oct 18 09:29:37 gtw01 dnsmasq-dhcp[17929]: read /var/lib/neutron/dhcp/248a8850-aa71-48af-a15b-be1141188c4c/opts
Oct 18 09:29:38 gtw01 dnsmasq[17929]: read /var/lib/neutron/dhcp/248a8850-aa71-48af-a15b-be1141188c4c/addn_hosts - 4 addresses
Oct 18 09:29:38 gtw01 dnsmasq-dhcp[17929]: read /var/lib/neutron/dhcp/248a8850-aa71-48af-a15b-be1141188c4c/host
Oct 18 09:29:38 gtw01 dnsmasq-dhcp[17929]: read /var/lib/neutron/dhcp/248a8850-aa71-48af-a15b-be1141188c4c/opts
Oct 18 09:29:38 gtw01 dnsmasq-dhcp[28622]: DHCPRELEASE(tapd186dfee-5c) 192.168.120.3 fa:16:3e:5b:e2:63
Oct 18 09:29:39 gtw01 dnsmasq-dhcp[28622]: DHCPDISCOVER(tapd186dfee-5c) fa:16:3e:8c:32:0e
Oct 18 09:29:39 gtw01 dnsmasq-dhcp[28622]: DHCPOFFER(tapd186dfee-5c) 192.168.120.9 fa:16:3e:8c:32:0e
Oct 18 09:29:39 gtw01 dnsmasq-dhcp[28622]: DHCPREQUEST(tapd186dfee-5c) 192.168.120.9 fa:16:3e:8c:32:0e
Oct 18 09:29:39 gtw01 dnsmasq-dhcp[28622]: DHCPACK(tapd186dfee-5c) 192.168.120.9 fa:16:3e:8c:32:0e host-192-168-120-9
Oct 18 09:29:43 gtw01 dnsmasq[28622]: read /var/lib/neutron/dhcp/e2f3aae6-3a99-4172-8045-51aa61df37a4/addn_hosts - 6 addresses
Oct 18 09:29:43 gtw01 dnsmasq-dhcp[28622]: read /var/lib/neutron/dhcp/e2f3aae6-3a99-4172-8045-51aa61df37a4/host
Oct 18 09:29:43 gtw01 dnsmasq-dhcp[28622]: read /var/lib/neutron/dhcp/e2f3aae6-3a99-4172-8045-51aa61df37a4/opts
Oct 18 09:29:44 gtw01 dnsmasq[28622]: read /var/lib/neutron/dhcp/e2f3aae6-3a99-4172-8045-51aa61df37a4/addn_hosts - 6 addresses
Oct 18 09:29:44 gtw01 dnsmasq-dhcp[28622]: read /var/lib/neutron/dhcp/e2f3aae6-3a99-4172-8045-51aa61df37a4/host
Oct 18 09:29:44 gtw01 dnsmasq-dhcp[28622]: read /var/lib/neutron/dhcp/e2f3aae6-3a99-4172-8045-51aa61df37a4/opts
Oct 18 09:29:46 gtw01 dnsmasq[17929]: read /var/lib/neutron/dhcp/248a8850-aa71-48af-a15b-be1141188c4c/addn_hosts - 5 addresses
Oct 18 09:29:46 gtw01 dnsmasq-dhcp[17929]: read /var/lib/neutron/dhcp/248a8850-aa71-48af-a15b-be1141188c4c/host
Oct 18 09:29:46 gtw01 dnsmasq-dhcp[17929]: read /var/lib/neutron/dhcp/248a8850-aa71-48af-a15b-be1141188c4c/opts
Oct 18 09:29:47 gtw01 dnsmasq[17929]: read /var/lib/neutron/dhcp/248a8850-aa71-48af-a15b-be1141188c4c/addn_hosts - 5 addresses
Oct 18 09:29:47 gtw01 dnsmasq-dhcp[17929]: read /var/lib/neutron/dhcp/248a8850-aa71-48af-a15b-be1141188c4c/host
Oct 18 09:29:47 gtw01 dnsmasq-dhcp[17929]: read /var/lib/neutron/dhcp/248a8850-aa71-48af-a15b-be1141188c4c/opts
Oct 18 09:29:48 gtw01 dnsmasq[17929]: read /var/lib/neutron/dhcp/248a8850-aa71-48af-a15b-be1141188c4c/addn_hosts - 5 addresses
Oct 18 09:29:48 gtw01 dnsmasq-dhcp[17929]: read /var/lib/neutron/dhcp/248a8850-aa71-48af-a15b-be1141188c4c/host
Oct 18 09:29:48 gtw01 dnsmasq-dhcp[17929]: read /var/lib/neutron/dhcp/248a8850-aa71-48af-a15b-be1141188c4c/opts
Oct 18 09:29:50 gtw01 dnsmasq-dhcp[17929]: DHCPDISCOVER(tapefd535a5-63) fa:16:3e:ca:26:e1
Oct 18 09:29:50 gtw01 dnsmasq-dhcp[17929]: DHCPOFFER(tapefd535a5-63) 192.168.120.20 fa:16:3e:ca:26:e1
Oct 18 09:29:50 gtw01 dnsmasq-dhcp[17929]: DHCPREQUEST(tapefd535a5-63) 192.168.120.20 fa:16:3e:ca:26:e1
Oct 18 09:29:50 gtw01 dnsmasq-dhcp[17929]: DHCPACK(tapefd535a5-63) 192.168.120.20 fa:16:3e:ca:26:e1 host-192-168-120-20
Oct 18 09:29:51 gtw01 dnsmasq-dhcp[17929]: DHCPDISCOVER(tapefd535a5-63) fa:16:3e:f6:04:55
Oct 18 09:29:51 gtw01 dnsmasq-dhcp[17929]: DHCPOFFER(tapefd535a5-63) 192.168.120.14 fa:16:3e:f6:04:55
Oct 18 09:29:51 gtw01 dnsmasq-dhcp[17929]: DHCPREQUEST(tapefd535a5-63) 192.168.120.14 fa:16:3e:f6:04:55
Oct 18 09:29:51 gtw01 dnsmasq-dhcp[17929]: DHCPACK(tapefd535a5-63) 192.168.120.14 fa:16:3e:f6:04:55 host-192-168-120-14
Oct 18 09:29:54 gtw01 dnsmasq[28622]: read /var/lib/neutron/dhcp/e2f3aae6-3a99-4172-8045-51aa61df37a4/addn_hosts - 5 addresses
Oct 18 09:29:54 gtw01 dnsmasq-dhcp[28622]: read /var/lib/neutron/dhcp/e2f3aae6-3a99-4172-8045-51aa61df37a4/host
Oct 18 09:29:54 gtw01 dnsmasq-dhcp[28622]: read /var/lib/neutron/dhcp/e2f3aae6-3a99-4172-8045-51aa61df37a4/opts
Oct 18 09:29:54 gtw01 dnsmasq[17929]: read /var/lib/neutron/dhcp/248a8850-aa71-48af-a15b-be1141188c4c/addn_hosts - 4 addresses
Oct 18 09:29:54 gtw01 dnsmasq-dhcp[17929]: read /var/lib/neutron/dhcp/248a8850-aa71-48af-a15b-be1141188c4c/host
Oct 18 09:29:54 gtw01 dnsmasq-dhcp[17929]: read /var/lib/neutron/dhcp/248a8850-aa71-48af-a15b-be1141188c4c/opts
Oct 18 09:29:56 gtw01 dnsmasq-dhcp[17929]: DHCPRELEASE(tapefd535a5-63) 192.168.120.14 fa:16:3e:f6:04:55
Oct 18 09:29:58 gtw01 dnsmasq[28622]: read /var/lib/neutron/dhcp/e2f3aae6-3a99-4172-8045-51aa61df37a4/addn_hosts - 6 addresses
Oct 18 09:29:58 gtw01 dnsmasq-dhcp[28622]: read /var/lib/neutron/dhcp/e2f3aae6-3a99-4172-8045-51aa61df37a4/host
Oct 18 09:29:58 gtw01 dnsmasq-dhcp[28622]: read /var/lib/neutron/dhcp/e2f3aae6-3a99-4172-8045-51aa61df37a4/opts
Oct 18 09:29:59 gtw01 dnsmasq[17929]: read /var/lib/neutron/dhcp/248a8850-aa71-48af-a15b-be1141188c4c/addn_hosts - 5 addresses
Oct 18 09:29:59 gtw01 dnsmasq-dhcp[17929]: read /var/lib/neutron/dhcp/248a8850-aa71-48af-a15b-be1141188c4c/host
Oct 18 09:29:59 gtw01 dnsmasq-dhcp[17929]: read /var/lib/neutron/dhcp/248a8850-aa71-48af-a15b-be1141188c4c/opts
Oct 18 09:29:59 gtw01 dnsmasq[28622]: read /var/lib/neutron/dhcp/e2f3aae6-3a99-4172-8045-51aa61df37a4/addn_hosts - 6 addresses
Oct 18 09:29:59 gtw01 dnsmasq-dhcp[28622]: read /var/lib/neutron/dhcp/e2f3aae6-3a99-4172-8045-51aa61df37a4/host
Oct 18 09:29:59 gtw01 dnsmasq-dhcp[28622]: read /var/lib/neutron/dhcp/e2f3aae6-3a99-4172-8045-51aa61df37a4/opts
Oct 18 09:30:00 gtw01 dnsmasq[17929]: read /var/lib/neutron/dhcp/248a8850-aa71-48af-a15b-be1141188c4c/addn_hosts - 5 addresses
Oct 18 09:30:00 gtw01 dnsmasq-dhcp[17929]: read /var/lib/neutron/dhcp/248a8850-aa71-48af-a15b-be1141188c4c/host
Oct 18 09:30:00 gtw01 dnsmasq-dhcp[17929]: read /var/lib/neutron/dhcp/248a8850-aa71-48af-a15b-be1141188c4c/opts
Oct 18 09:30:00 gtw01 dnsmasq[28622]: read /var/lib/neutron/dhcp/e2f3aae6-3a99-4172-8045-51aa61df37a4/addn_hosts - 6 addresses
Oct 18 09:30:00 gtw01 dnsmasq-dhcp[28622]: read /var/lib/neutron/dhcp/e2f3aae6-3a99-4172-8045-51aa61df37a4/host
Oct 18 09:30:00 gtw01 dnsmasq-dhcp[28622]: read /var/lib/neutron/dhcp/e2f3aae6-3a99-4172-8045-51aa61df37a4/opts
Oct 18 09:30:01 gtw01 dnsmasq[17929]: read /var/lib/neutron/dhcp/248a8850-aa71-48af-a15b-be1141188c4c/addn_hosts - 5 addresses
Oct 18 09:30:01 gtw01 dnsmasq-dhcp[17929]: read /var/lib/neutron/dhcp/248a8850-aa71-48af-a15b-be1141188c4c/host
Oct 18 09:30:01 gtw01 dnsmasq-dhcp[17929]: read /var/lib/neutron/dhcp/248a8850-aa71-48af-a15b-be1141188c4c/opts
Oct 18 09:30:02 gtw01 dnsmasq[17929]: read /var/lib/neutron/dhcp/248a8850-aa71-48af-a15b-be1141188c4c/addn_hosts - 5 addresses
Oct 18 09:30:02 gtw01 dnsmasq-dhcp[17929]: read /var/lib/neutron/dhcp/248a8850-aa71-48af-a15b-be1141188c4c/host
Oct 18 09:30:02 gtw01 dnsmasq-dhcp[17929]: read /var/lib/neutron/dhcp/248a8850-aa71-48af-a15b-be1141188c4c/opts
Oct 18 09:30:03 gtw01 dnsmasq[17929]: read /var/lib/neutron/dhcp/248a8850-aa71-48af-a15b-be1141188c4c/addn_hosts - 5 addresses
Oct 18 09:30:03 gtw01 dnsmasq-dhcp[17929]: read /var/lib/neutron/dhcp/248a8850-aa71-48af-a15b-be1141188c4c/host
Oct 18 09:30:03 gtw01 dnsmasq-dhcp[17929]: read /var/lib/neutron/dhcp/248a8850-aa71-48af-a15b-be1141188c4c/opts
Oct 18 09:30:09 gtw01 dnsmasq[17929]: read /var/lib/neutron/dhcp/248a8850-aa71-48af-a15b-be1141188c4c/addn_hosts - 4 addresses
Oct 18 09:30:09 gtw01 dnsmasq-dhcp[17929]: read /var/lib/neutron/dhcp/248a8850-aa71-48af-a15b-be1141188c4c/host
Oct 18 09:30:09 gtw01 dnsmasq-dhcp[17929]: read /var/lib/neutron/dhcp/248a8850-aa71-48af-a15b-be1141188c4c/opts
Oct 18 09:30:12 gtw01 dnsmasq-dhcp[28622]: DHCPDISCOVER(tapd186dfee-5c) fa:16:3e:f7:21:c1
Oct 18 09:30:12 gtw01 dnsmasq-dhcp[28622]: DHCPOFFER(tapd186dfee-5c) 192.168.120.14 fa:16:3e:f7:21:c1
Oct 18 09:30:12 gtw01 dnsmasq-dhcp[28622]: DHCPREQUEST(tapd186dfee-5c) 192.168.120.14 fa:16:3e:f7:21:c1
Oct 18 09:30:12 gtw01 dnsmasq-dhcp[28622]: DHCPACK(tapd186dfee-5c) 192.168.120.14 fa:16:3e:f7:21:c1 host-192-168-120-14
Oct 18 09:30:13 gtw01 dnsmasq[17929]: read /var/lib/neutron/dhcp/248a8850-aa71-48af-a15b-be1141188c4c/addn_hosts - 3 addresses
Oct 18 09:30:13 gtw01 dnsmasq-dhcp[17929]: read /var/lib/neutron/dhcp/248a8850-aa71-48af-a15b-be1141188c4c/host
Oct 18 09:30:13 gtw01 dnsmasq-dhcp[17929]: read /var/lib/neutron/dhcp/248a8850-aa71-48af-a15b-be1141188c4c/opts
Oct 18 09:30:14 gtw01 dnsmasq[17929]: read /var/lib/neutron/dhcp/248a8850-aa71-48af-a15b-be1141188c4c/addn_hosts - 4 addresses
Oct 18 09:30:14 gtw01 dnsmasq-dhcp[17929]: read /var/lib/neutron/dhcp/248a8850-aa71-48af-a15b-be1141188c4c/host
Oct 18 09:30:14 gtw01 dnsmasq-dhcp[17929]: read /var/lib/neutron/dhcp/248a8850-aa71-48af-a15b-be1141188c4c/opts
Oct 18 09:30:15 gtw01 dnsmasq-dhcp[28622]: DHCPRELEASE(tapd186dfee-5c) 192.168.120.14 fa:16:3e:f7:21:c1
Oct 18 09:30:15 gtw01 dnsmasq[17929]: read /var/lib/neutron/dhcp/248a8850-aa71-48af-a15b-be1141188c4c/addn_hosts - 4 addresses
Oct 18 09:30:15 gtw01 dnsmasq-dhcp[17929]: read /var/lib/neutron/dhcp/248a8850-aa71-48af-a15b-be1141188c4c/host
Oct 18 09:30:15 gtw01 dnsmasq-dhcp[17929]: read /var/lib/neutron/dhcp/248a8850-aa71-48af-a15b-be1141188c4c/opts
Oct 18 09:30:16 gtw01 dnsmasq[17929]: read /var/lib/neutron/dhcp/248a8850-aa71-48af-a15b-be1141188c4c/addn_hosts - 5 addresses
Oct 18 09:30:16 gtw01 dnsmasq-dhcp[17929]: read /var/lib/neutron/dhcp/248a8850-aa71-48af-a15b-be1141188c4c/host
Oct 18 09:30:16 gtw01 dnsmasq-dhcp[17929]: read /var/lib/neutron/dhcp/248a8850-aa71-48af-a15b-be1141188c4c/opts
Oct 18 09:30:17 gtw01 dnsmasq[17929]: read /var/lib/neutron/dhcp/248a8850-aa71-48af-a15b-be1141188c4c/addn_hosts - 5 addresses
Oct 18 09:30:17 gtw01 dnsmasq-dhcp[17929]: read /var/lib/neutron/dhcp/248a8850-aa71-48af-a15b-be1141188c4c/host
Oct 18 09:30:17 gtw01 dnsmasq-dhcp[17929]: read /var/lib/neutron/dhcp/248a8850-aa71-48af-a15b-be1141188c4c/opts
Oct 18 09:30:18 gtw01 dnsmasq[17929]: read /var/lib/neutron/dhcp/248a8850-aa71-48af-a15b-be1141188c4c/addn_hosts - 5 addresses
Oct 18 09:30:18 gtw01 dnsmasq-dhcp[17929]: read /var/lib/neutron/dhcp/248a8850-aa71-48af-a15b-be1141188c4c/host
Oct 18 09:30:18 gtw01 dnsmasq-dhcp[17929]: read /var/lib/neutron/dhcp/248a8850-aa71-48af-a15b-be1141188c4c/opts
Oct 18 09:30:19 gtw01 dnsmasq[17929]: read /var/lib/neutron/dhcp/248a8850-aa71-48af-a15b-be1141188c4c/addn_hosts - 5 addresses
Oct 18 09:30:19 gtw01 dnsmasq-dhcp[17929]: read /var/lib/neutron/dhcp/248a8850-aa71-48af-a15b-be1141188c4c/host
Oct 18 09:30:19 gtw01 dnsmasq-dhcp[17929]: read /var/lib/neutron/dhcp/248a8850-aa71-48af-a15b-be1141188c4c/opts
Oct 18 09:30:24 gtw01 dnsmasq[17929]: read /var/lib/neutron/dhcp/248a8850-aa71-48af-a15b-be1141188c4c/addn_hosts - 6 addresses
Oct 18 09:30:24 gtw01 dnsmasq-dhcp[17929]: read /var/lib/neutron/dhcp/248a8850-aa71-48af-a15b-be1141188c4c/host
Oct 18 09:30:24 gtw01 dnsmasq-dhcp[17929]: read /var/lib/neutron/dhcp/248a8850-aa71-48af-a15b-be1141188c4c/opts
Oct 18 09:30:25 gtw01 dnsmasq[28622]: read /var/lib/neutron/dhcp/e2f3aae6-3a99-4172-8045-51aa61df37a4/addn_hosts - 6 addresses
Oct 18 09:30:25 gtw01 dnsmasq-dhcp[28622]: read /var/lib/neutron/dhcp/e2f3aae6-3a99-4172-8045-51aa61df37a4/host
Oct 18 09:30:25 gtw01 dnsmasq-dhcp[28622]: read /var/lib/neutron/dhcp/e2f3aae6-3a99-4172-8045-51aa61df37a4/opts
Oct 18 09:30:26 gtw01 dnsmasq[28622]: read /var/lib/neutron/dhcp/e2f3aae6-3a99-4172-8045-51aa61df37a4/addn_hosts - 6 addresses
Oct 18 09:30:26 gtw01 dnsmasq-dhcp[28622]: read /var/lib/neutron/dhcp/e2f3aae6-3a99-4172-8045-51aa61df37a4/host
Oct 18 09:30:26 gtw01 dnsmasq-dhcp[28622]: read /var/lib/neutron/dhcp/e2f3aae6-3a99-4172-8045-51aa61df37a4/opts
Oct 18 09:30:26 gtw01 dnsmasq[17929]: read /var/lib/neutron/dhcp/248a8850-aa71-48af-a15b-be1141188c4c/addn_hosts - 5 addresses
Oct 18 09:30:26 gtw01 dnsmasq-dhcp[17929]: read /var/lib/neutron/dhcp/248a8850-aa71-48af-a15b-be1141188c4c/host
Oct 18 09:30:26 gtw01 dnsmasq-dhcp[17929]: read /var/lib/neutron/dhcp/248a8850-aa71-48af-a15b-be1141188c4c/opts
Oct 18 09:30:27 gtw01 dnsmasq[17929]: read /var/lib/neutron/dhcp/248a8850-aa71-48af-a15b-be1141188c4c/addn_hosts - 5 addresses
Oct 18 09:30:27 gtw01 dnsmasq-dhcp[17929]: read /var/lib/neutron/dhcp/248a8850-aa71-48af-a15b-be1141188c4c/host
Oct 18 09:30:27 gtw01 dnsmasq-dhcp[17929]: read /var/lib/neutron/dhcp/248a8850-aa71-48af-a15b-be1141188c4c/opts
Oct 18 09:30:28 gtw01 dnsmasq[17929]: read /var/lib/neutron/dhcp/248a8850-aa71-48af-a15b-be1141188c4c/addn_hosts - 5 addresses
Oct 18 09:30:28 gtw01 dnsmasq-dhcp[17929]: read /var/lib/neutron/dhcp/248a8850-aa71-48af-a15b-be1141188c4c/host
Oct 18 09:30:28 gtw01 dnsmasq-dhcp[17929]: read /var/lib/neutron/dhcp/248a8850-aa71-48af-a15b-be1141188c4c/opts
Oct 18 09:30:29 gtw01 dnsmasq-dhcp[17929]: DHCPDISCOVER(tapefd535a5-63) fa:16:3e:38:09:00
Oct 18 09:30:29 gtw01 dnsmasq-dhcp[17929]: DHCPOFFER(tapefd535a5-63) 192.168.120.28 fa:16:3e:38:09:00
Oct 18 09:30:29 gtw01 dnsmasq-dhcp[17929]: DHCPREQUEST(tapefd535a5-63) 192.168.120.28 fa:16:3e:38:09:00
Oct 18 09:30:29 gtw01 dnsmasq-dhcp[17929]: DHCPACK(tapefd535a5-63) 192.168.120.28 fa:16:3e:38:09:00 host-192-168-120-28
Oct 18 09:30:34 gtw01 dnsmasq[17929]: read /var/lib/neutron/dhcp/248a8850-aa71-48af-a15b-be1141188c4c/addn_hosts - 4 addresses
Oct 18 09:30:34 gtw01 dnsmasq-dhcp[17929]: read /var/lib/neutron/dhcp/248a8850-aa71-48af-a15b-be1141188c4c/host
Oct 18 09:30:34 gtw01 dnsmasq-dhcp[17929]: read /var/lib/neutron/dhcp/248a8850-aa71-48af-a15b-be1141188c4c/opts
Oct 18 09:30:37 gtw01 dnsmasq-dhcp[17929]: DHCPRELEASE(tapefd535a5-63) 192.168.120.28 fa:16:3e:38:09:00
Oct 18 09:30:37 gtw01 dnsmasq-dhcp[17929]: DHCPRELEASE(tapefd535a5-63) 192.168.120.28 fa:16:3e:38:09:00 unknown lease
Oct 18 09:30:38 gtw01 dnsmasq[17929]: read /var/lib/neutron/dhcp/248a8850-aa71-48af-a15b-be1141188c4c/addn_hosts - 3 addresses
Oct 18 09:30:38 gtw01 dnsmasq-dhcp[17929]: read /var/lib/neutron/dhcp/248a8850-aa71-48af-a15b-be1141188c4c/host
Oct 18 09:30:38 gtw01 dnsmasq-dhcp[17929]: read /var/lib/neutron/dhcp/248a8850-aa71-48af-a15b-be1141188c4c/opts
Oct 18 09:30:40 gtw01 dnsmasq[28622]: read /var/lib/neutron/dhcp/e2f3aae6-3a99-4172-8045-51aa61df37a4/addn_hosts - 5 addresses
Oct 18 09:30:40 gtw01 dnsmasq-dhcp[28622]: read /var/lib/neutron/dhcp/e2f3aae6-3a99-4172-8045-51aa61df37a4/host
Oct 18 09:30:40 gtw01 dnsmasq-dhcp[28622]: read /var/lib/neutron/dhcp/e2f3aae6-3a99-4172-8045-51aa61df37a4/opts
Oct 18 09:30:43 gtw01 dnsmasq[17929]: read /var/lib/neutron/dhcp/248a8850-aa71-48af-a15b-be1141188c4c/addn_hosts - 4 addresses
Oct 18 09:30:43 gtw01 dnsmasq-dhcp[17929]: read /var/lib/neutron/dhcp/248a8850-aa71-48af-a15b-be1141188c4c/host
Oct 18 09:30:43 gtw01 dnsmasq-dhcp[17929]: read /var/lib/neutron/dhcp/248a8850-aa71-48af-a15b-be1141188c4c/opts
Oct 18 09:30:44 gtw01 dnsmasq[17929]: read /var/lib/neutron/dhcp/248a8850-aa71-48af-a15b-be1141188c4c/addn_hosts - 4 addresses
Oct 18 09:30:44 gtw01 dnsmasq-dhcp[17929]: read /var/lib/neutron/dhcp/248a8850-aa71-48af-a15b-be1141188c4c/host
Oct 18 09:30:44 gtw01 dnsmasq-dhcp[17929]: read /var/lib/neutron/dhcp/248a8850-aa71-48af-a15b-be1141188c4c/opts
Oct 18 09:30:45 gtw01 dnsmasq[17929]: read /var/lib/neutron/dhcp/248a8850-aa71-48af-a15b-be1141188c4c/addn_hosts - 4 addresses
Oct 18 09:30:45 gtw01 dnsmasq-dhcp[17929]: read /var/lib/neutron/dhcp/248a8850-aa71-48af-a15b-be1141188c4c/host
Oct 18 09:30:45 gtw01 dnsmasq-dhcp[17929]: read /var/lib/neutron/dhcp/248a8850-aa71-48af-a15b-be1141188c4c/opts
Oct 18 09:30:45 gtw01 dnsmasq[28622]: read /var/lib/neutron/dhcp/e2f3aae6-3a99-4172-8045-51aa61df37a4/addn_hosts - 6 addresses
Oct 18 09:30:45 gtw01 dnsmasq-dhcp[28622]: read /var/lib/neutron/dhcp/e2f3aae6-3a99-4172-8045-51aa61df37a4/host
Oct 18 09:30:45 gtw01 dnsmasq-dhcp[28622]: read /var/lib/neutron/dhcp/e2f3aae6-3a99-4172-8045-51aa61df37a4/opts
Oct 18 09:30:46 gtw01 dnsmasq[28622]: read /var/lib/neutron/dhcp/e2f3aae6-3a99-4172-8045-51aa61df37a4/addn_hosts - 6 addresses
Oct 18 09:30:46 gtw01 dnsmasq-dhcp[28622]: read /var/lib/neutron/dhcp/e2f3aae6-3a99-4172-8045-51aa61df37a4/host
Oct 18 09:30:46 gtw01 dnsmasq-dhcp[28622]: read /var/lib/neutron/dhcp/e2f3aae6-3a99-4172-8045-51aa61df37a4/opts
Oct 18 09:30:47 gtw01 dnsmasq[28622]: read /var/lib/neutron/dhcp/e2f3aae6-3a99-4172-8045-51aa61df37a4/addn_hosts - 6 addresses
Oct 18 09:30:47 gtw01 dnsmasq-dhcp[28622]: read /var/lib/neutron/dhcp/e2f3aae6-3a99-4172-8045-51aa61df37a4/host
Oct 18 09:30:47 gtw01 dnsmasq-dhcp[28622]: read /var/lib/neutron/dhcp/e2f3aae6-3a99-4172-8045-51aa61df37a4/opts
Oct 18 09:30:52 gtw01 dnsmasq[17929]: read /var/lib/neutron/dhcp/248a8850-aa71-48af-a15b-be1141188c4c/addn_hosts - 3 addresses
Oct 18 09:30:52 gtw01 dnsmasq-dhcp[17929]: read /var/lib/neutron/dhcp/248a8850-aa71-48af-a15b-be1141188c4c/host
Oct 18 09:30:52 gtw01 dnsmasq-dhcp[17929]: read /var/lib/neutron/dhcp/248a8850-aa71-48af-a15b-be1141188c4c/opts
Oct 18 09:30:57 gtw01 dnsmasq[17929]: read /var/lib/neutron/dhcp/248a8850-aa71-48af-a15b-be1141188c4c/addn_hosts - 4 addresses
Oct 18 09:30:57 gtw01 dnsmasq-dhcp[17929]: read /var/lib/neutron/dhcp/248a8850-aa71-48af-a15b-be1141188c4c/host
Oct 18 09:30:57 gtw01 dnsmasq-dhcp[17929]: read /var/lib/neutron/dhcp/248a8850-aa71-48af-a15b-be1141188c4c/opts
Oct 18 09:30:58 gtw01 dnsmasq[17929]: read /var/lib/neutron/dhcp/248a8850-aa71-48af-a15b-be1141188c4c/addn_hosts - 4 addresses
Oct 18 09:30:58 gtw01 dnsmasq-dhcp[17929]: read /var/lib/neutron/dhcp/248a8850-aa71-48af-a15b-be1141188c4c/host
Oct 18 09:30:58 gtw01 dnsmasq-dhcp[17929]: read /var/lib/neutron/dhcp/248a8850-aa71-48af-a15b-be1141188c4c/opts
Oct 18 09:30:59 gtw01 dnsmasq[17929]: read /var/lib/neutron/dhcp/248a8850-aa71-48af-a15b-be1141188c4c/addn_hosts - 5 addresses
Oct 18 09:30:59 gtw01 dnsmasq-dhcp[17929]: read /var/lib/neutron/dhcp/248a8850-aa71-48af-a15b-be1141188c4c/host
Oct 18 09:30:59 gtw01 dnsmasq-dhcp[17929]: read /var/lib/neutron/dhcp/248a8850-aa71-48af-a15b-be1141188c4c/opts
Oct 18 09:31:00 gtw01 dnsmasq[17929]: read /var/lib/neutron/dhcp/248a8850-aa71-48af-a15b-be1141188c4c/addn_hosts - 5 addresses
Oct 18 09:31:00 gtw01 dnsmasq-dhcp[17929]: read /var/lib/neutron/dhcp/248a8850-aa71-48af-a15b-be1141188c4c/host
Oct 18 09:31:00 gtw01 dnsmasq-dhcp[17929]: read /var/lib/neutron/dhcp/248a8850-aa71-48af-a15b-be1141188c4c/opts
Oct 18 09:31:01 gtw01 dnsmasq[17929]: read /var/lib/neutron/dhcp/248a8850-aa71-48af-a15b-be1141188c4c/addn_hosts - 5 addresses
Oct 18 09:31:01 gtw01 dnsmasq-dhcp[17929]: read /var/lib/neutron/dhcp/248a8850-aa71-48af-a15b-be1141188c4c/host
Oct 18 09:31:01 gtw01 dnsmasq-dhcp[17929]: read /var/lib/neutron/dhcp/248a8850-aa71-48af-a15b-be1141188c4c/opts
Oct 18 09:31:01 gtw01 dnsmasq-dhcp[28622]: DHCPDISCOVER(tapd186dfee-5c) fa:16:3e:86:1c:30
Oct 18 09:31:01 gtw01 dnsmasq-dhcp[28622]: DHCPOFFER(tapd186dfee-5c) 192.168.120.3 fa:16:3e:86:1c:30
Oct 18 09:31:01 gtw01 dnsmasq-dhcp[28622]: DHCPREQUEST(tapd186dfee-5c) 192.168.120.3 fa:16:3e:86:1c:30
Oct 18 09:31:01 gtw01 dnsmasq-dhcp[28622]: DHCPACK(tapd186dfee-5c) 192.168.120.3 fa:16:3e:86:1c:30 host-192-168-120-3
Oct 18 09:31:02 gtw01 dnsmasq[17929]: read /var/lib/neutron/dhcp/248a8850-aa71-48af-a15b-be1141188c4c/addn_hosts - 5 addresses
Oct 18 09:31:02 gtw01 dnsmasq-dhcp[17929]: read /var/lib/neutron/dhcp/248a8850-aa71-48af-a15b-be1141188c4c/host
Oct 18 09:31:02 gtw01 dnsmasq-dhcp[17929]: read /var/lib/neutron/dhcp/248a8850-aa71-48af-a15b-be1141188c4c/opts
Oct 18 09:31:06 gtw01 dnsmasq-dhcp[28622]: DHCPRELEASE(tapd186dfee-5c) 192.168.120.3 fa:16:3e:86:1c:30
Oct 18 09:31:10 gtw01 dnsmasq[17929]: read /var/lib/neutron/dhcp/248a8850-aa71-48af-a15b-be1141188c4c/addn_hosts - 4 addresses
Oct 18 09:31:10 gtw01 dnsmasq-dhcp[17929]: read /var/lib/neutron/dhcp/248a8850-aa71-48af-a15b-be1141188c4c/host
Oct 18 09:31:10 gtw01 dnsmasq-dhcp[17929]: read /var/lib/neutron/dhcp/248a8850-aa71-48af-a15b-be1141188c4c/opts
Oct 18 09:31:12 gtw01 dnsmasq-dhcp[17929]: DHCPDISCOVER(tapefd535a5-63) fa:16:3e:d5:a0:c6
Oct 18 09:31:12 gtw01 dnsmasq-dhcp[17929]: DHCPOFFER(tapefd535a5-63) 192.168.120.15 fa:16:3e:d5:a0:c6
Oct 18 09:31:12 gtw01 dnsmasq-dhcp[17929]: DHCPREQUEST(tapefd535a5-63) 192.168.120.15 fa:16:3e:d5:a0:c6
Oct 18 09:31:12 gtw01 dnsmasq-dhcp[17929]: DHCPACK(tapefd535a5-63) 192.168.120.15 fa:16:3e:d5:a0:c6 host-192-168-120-15
Oct 18 09:31:12 gtw01 dnsmasq[28622]: read /var/lib/neutron/dhcp/e2f3aae6-3a99-4172-8045-51aa61df37a4/addn_hosts - 6 addresses
Oct 18 09:31:12 gtw01 dnsmasq-dhcp[28622]: read /var/lib/neutron/dhcp/e2f3aae6-3a99-4172-8045-51aa61df37a4/host
Oct 18 09:31:12 gtw01 dnsmasq-dhcp[28622]: read /var/lib/neutron/dhcp/e2f3aae6-3a99-4172-8045-51aa61df37a4/opts
Oct 18 09:31:13 gtw01 dnsmasq[28622]: read /var/lib/neutron/dhcp/e2f3aae6-3a99-4172-8045-51aa61df37a4/addn_hosts - 6 addresses
Oct 18 09:31:13 gtw01 dnsmasq-dhcp[28622]: read /var/lib/neutron/dhcp/e2f3aae6-3a99-4172-8045-51aa61df37a4/host
Oct 18 09:31:13 gtw01 dnsmasq-dhcp[28622]: read /var/lib/neutron/dhcp/e2f3aae6-3a99-4172-8045-51aa61df37a4/opts
Oct 18 09:31:14 gtw01 dnsmasq-dhcp[17929]: DHCPRELEASE(tapefd535a5-63) 192.168.120.15 fa:16:3e:d5:a0:c6
Oct 18 09:31:21 gtw01 dnsmasq[28622]: read /var/lib/neutron/dhcp/e2f3aae6-3a99-4172-8045-51aa61df37a4/addn_hosts - 6 addresses
Oct 18 09:31:21 gtw01 dnsmasq-dhcp[28622]: read /var/lib/neutron/dhcp/e2f3aae6-3a99-4172-8045-51aa61df37a4/host
Oct 18 09:31:21 gtw01 dnsmasq-dhcp[28622]: read /var/lib/neutron/dhcp/e2f3aae6-3a99-4172-8045-51aa61df37a4/opts
Oct 18 09:31:21 gtw01 dnsmasq[17929]: read /var/lib/neutron/dhcp/248a8850-aa71-48af-a15b-be1141188c4c/addn_hosts - 3 addresses
Oct 18 09:31:21 gtw01 dnsmasq-dhcp[17929]: read /var/lib/neutron/dhcp/248a8850-aa71-48af-a15b-be1141188c4c/host
Oct 18 09:31:21 gtw01 dnsmasq-dhcp[17929]: read /var/lib/neutron/dhcp/248a8850-aa71-48af-a15b-be1141188c4c/opts
Oct 18 09:31:22 gtw01 dnsmasq[28622]: read /var/lib/neutron/dhcp/e2f3aae6-3a99-4172-8045-51aa61df37a4/addn_hosts - 6 addresses
Oct 18 09:31:22 gtw01 dnsmasq-dhcp[28622]: read /var/lib/neutron/dhcp/e2f3aae6-3a99-4172-8045-51aa61df37a4/host
Oct 18 09:31:22 gtw01 dnsmasq-dhcp[28622]: read /var/lib/neutron/dhcp/e2f3aae6-3a99-4172-8045-51aa61df37a4/opts
Oct 18 09:31:25 gtw01 dnsmasq-dhcp[17929]: DHCPRELEASE(tapefd535a5-63) 192.168.120.20 fa:16:3e:ca:26:e1
Oct 18 09:31:26 gtw01 dnsmasq-dhcp[17929]: DHCPRELEASE(tapefd535a5-63) 192.168.120.20 fa:16:3e:ca:26:e1 unknown lease
Oct 18 09:31:26 gtw01 dnsmasq[17929]: read /var/lib/neutron/dhcp/248a8850-aa71-48af-a15b-be1141188c4c/addn_hosts - 2 addresses
Oct 18 09:31:26 gtw01 dnsmasq-dhcp[17929]: read /var/lib/neutron/dhcp/248a8850-aa71-48af-a15b-be1141188c4c/host
Oct 18 09:31:26 gtw01 dnsmasq-dhcp[17929]: read /var/lib/neutron/dhcp/248a8850-aa71-48af-a15b-be1141188c4c/opts
Oct 18 09:31:28 gtw01 dnsmasq[28622]: read /var/lib/neutron/dhcp/e2f3aae6-3a99-4172-8045-51aa61df37a4/addn_hosts - 5 addresses
Oct 18 09:31:28 gtw01 dnsmasq-dhcp[28622]: read /var/lib/neutron/dhcp/e2f3aae6-3a99-4172-8045-51aa61df37a4/host
Oct 18 09:31:28 gtw01 dnsmasq-dhcp[28622]: read /var/lib/neutron/dhcp/e2f3aae6-3a99-4172-8045-51aa61df37a4/opts
Oct 18 09:31:34 gtw01 dnsmasq[28622]: read /var/lib/neutron/dhcp/e2f3aae6-3a99-4172-8045-51aa61df37a4/addn_hosts - 6 addresses
Oct 18 09:31:34 gtw01 dnsmasq-dhcp[28622]: read /var/lib/neutron/dhcp/e2f3aae6-3a99-4172-8045-51aa61df37a4/host
Oct 18 09:31:34 gtw01 dnsmasq-dhcp[28622]: read /var/lib/neutron/dhcp/e2f3aae6-3a99-4172-8045-51aa61df37a4/opts
Oct 18 09:31:35 gtw01 dnsmasq[28622]: read /var/lib/neutron/dhcp/e2f3aae6-3a99-4172-8045-51aa61df37a4/addn_hosts - 6 addresses
Oct 18 09:31:35 gtw01 dnsmasq-dhcp[28622]: read /var/lib/neutron/dhcp/e2f3aae6-3a99-4172-8045-51aa61df37a4/host
Oct 18 09:31:35 gtw01 dnsmasq-dhcp[28622]: read /var/lib/neutron/dhcp/e2f3aae6-3a99-4172-8045-51aa61df37a4/opts
Oct 18 09:31:36 gtw01 dnsmasq[28622]: read /var/lib/neutron/dhcp/e2f3aae6-3a99-4172-8045-51aa61df37a4/addn_hosts - 6 addresses
Oct 18 09:31:36 gtw01 dnsmasq-dhcp[28622]: read /var/lib/neutron/dhcp/e2f3aae6-3a99-4172-8045-51aa61df37a4/host
Oct 18 09:31:36 gtw01 dnsmasq-dhcp[28622]: read /var/lib/neutron/dhcp/e2f3aae6-3a99-4172-8045-51aa61df37a4/opts
Oct 18 09:31:49 gtw01 dnsmasq-dhcp[28622]: DHCPDISCOVER(tapd186dfee-5c) fa:16:3e:9d:0a:66
Oct 18 09:31:49 gtw01 dnsmasq-dhcp[28622]: DHCPOFFER(tapd186dfee-5c) 192.168.120.12 fa:16:3e:9d:0a:66
Oct 18 09:31:49 gtw01 dnsmasq-dhcp[28622]: DHCPREQUEST(tapd186dfee-5c) 192.168.120.12 fa:16:3e:9d:0a:66
Oct 18 09:31:49 gtw01 dnsmasq-dhcp[28622]: DHCPACK(tapd186dfee-5c) 192.168.120.12 fa:16:3e:9d:0a:66 host-192-168-120-12
Oct 18 09:31:54 gtw01 dnsmasq-dhcp[28622]: DHCPRELEASE(tapd186dfee-5c) 192.168.120.12 fa:16:3e:9d:0a:66
Oct 18 09:32:01 gtw01 dnsmasq[28622]: read /var/lib/neutron/dhcp/e2f3aae6-3a99-4172-8045-51aa61df37a4/addn_hosts - 6 addresses
Oct 18 09:32:01 gtw01 dnsmasq-dhcp[28622]: read /var/lib/neutron/dhcp/e2f3aae6-3a99-4172-8045-51aa61df37a4/host
Oct 18 09:32:01 gtw01 dnsmasq-dhcp[28622]: read /var/lib/neutron/dhcp/e2f3aae6-3a99-4172-8045-51aa61df37a4/opts
Oct 18 09:32:02 gtw01 dnsmasq[28622]: read /var/lib/neutron/dhcp/e2f3aae6-3a99-4172-8045-51aa61df37a4/addn_hosts - 6 addresses
Oct 18 09:32:02 gtw01 dnsmasq-dhcp[28622]: read /var/lib/neutron/dhcp/e2f3aae6-3a99-4172-8045-51aa61df37a4/host
Oct 18 09:32:02 gtw01 dnsmasq-dhcp[28622]: read /var/lib/neutron/dhcp/e2f3aae6-3a99-4172-8045-51aa61df37a4/opts
Oct 18 09:32:15 gtw01 dnsmasq[28622]: read /var/lib/neutron/dhcp/e2f3aae6-3a99-4172-8045-51aa61df37a4/addn_hosts - 6 addresses
Oct 18 09:32:15 gtw01 dnsmasq-dhcp[28622]: read /var/lib/neutron/dhcp/e2f3aae6-3a99-4172-8045-51aa61df37a4/host
Oct 18 09:32:15 gtw01 dnsmasq-dhcp[28622]: read /var/lib/neutron/dhcp/e2f3aae6-3a99-4172-8045-51aa61df37a4/opts
Oct 18 09:32:15 gtw01 dnsmasq[28622]: read /var/lib/neutron/dhcp/e2f3aae6-3a99-4172-8045-51aa61df37a4/addn_hosts - 6 addresses
Oct 18 09:32:15 gtw01 dnsmasq-dhcp[28622]: read /var/lib/neutron/dhcp/e2f3aae6-3a99-4172-8045-51aa61df37a4/host
Oct 18 09:32:15 gtw01 dnsmasq-dhcp[28622]: read /var/lib/neutron/dhcp/e2f3aae6-3a99-4172-8045-51aa61df37a4/opts
Oct 18 09:32:27 gtw01 dnsmasq[28622]: read /var/lib/neutron/dhcp/e2f3aae6-3a99-4172-8045-51aa61df37a4/addn_hosts - 5 addresses
Oct 18 09:32:27 gtw01 dnsmasq-dhcp[28622]: read /var/lib/neutron/dhcp/e2f3aae6-3a99-4172-8045-51aa61df37a4/host
Oct 18 09:32:27 gtw01 dnsmasq-dhcp[28622]: read /var/lib/neutron/dhcp/e2f3aae6-3a99-4172-8045-51aa61df37a4/opts
Oct 18 09:32:36 gtw01 dnsmasq[28622]: read /var/lib/neutron/dhcp/e2f3aae6-3a99-4172-8045-51aa61df37a4/addn_hosts - 6 addresses
Oct 18 09:32:36 gtw01 dnsmasq-dhcp[28622]: read /var/lib/neutron/dhcp/e2f3aae6-3a99-4172-8045-51aa61df37a4/host
Oct 18 09:32:36 gtw01 dnsmasq-dhcp[28622]: read /var/lib/neutron/dhcp/e2f3aae6-3a99-4172-8045-51aa61df37a4/opts
Oct 18 09:32:38 gtw01 dnsmasq[28622]: read /var/lib/neutron/dhcp/e2f3aae6-3a99-4172-8045-51aa61df37a4/addn_hosts - 6 addresses
Oct 18 09:32:38 gtw01 dnsmasq-dhcp[28622]: read /var/lib/neutron/dhcp/e2f3aae6-3a99-4172-8045-51aa61df37a4/host
Oct 18 09:32:38 gtw01 dnsmasq-dhcp[28622]: read /var/lib/neutron/dhcp/e2f3aae6-3a99-4172-8045-51aa61df37a4/opts
Oct 18 09:32:38 gtw01 dnsmasq[28622]: read /var/lib/neutron/dhcp/e2f3aae6-3a99-4172-8045-51aa61df37a4/addn_hosts - 6 addresses
Oct 18 09:32:38 gtw01 dnsmasq-dhcp[28622]: read /var/lib/neutron/dhcp/e2f3aae6-3a99-4172-8045-51aa61df37a4/host
Oct 18 09:32:38 gtw01 dnsmasq-dhcp[28622]: read /var/lib/neutron/dhcp/e2f3aae6-3a99-4172-8045-51aa61df37a4/opts
Oct 18 09:32:52 gtw01 dnsmasq-dhcp[28622]: DHCPDISCOVER(tapd186dfee-5c) fa:16:3e:62:4d:b3
Oct 18 09:32:52 gtw01 dnsmasq-dhcp[28622]: DHCPOFFER(tapd186dfee-5c) 192.168.120.7 fa:16:3e:62:4d:b3
Oct 18 09:32:52 gtw01 dnsmasq-dhcp[28622]: DHCPREQUEST(tapd186dfee-5c) 192.168.120.7 fa:16:3e:62:4d:b3
Oct 18 09:32:52 gtw01 dnsmasq-dhcp[28622]: DHCPACK(tapd186dfee-5c) 192.168.120.7 fa:16:3e:62:4d:b3 host-192-168-120-7
Oct 18 09:32:54 gtw01 dnsmasq[28622]: read /var/lib/neutron/dhcp/e2f3aae6-3a99-4172-8045-51aa61df37a4/addn_hosts - 7 addresses
Oct 18 09:32:54 gtw01 dnsmasq-dhcp[28622]: read /var/lib/neutron/dhcp/e2f3aae6-3a99-4172-8045-51aa61df37a4/host
Oct 18 09:32:54 gtw01 dnsmasq-dhcp[28622]: read /var/lib/neutron/dhcp/e2f3aae6-3a99-4172-8045-51aa61df37a4/opts
Oct 18 09:32:55 gtw01 dnsmasq[28622]: read /var/lib/neutron/dhcp/e2f3aae6-3a99-4172-8045-51aa61df37a4/addn_hosts - 7 addresses
Oct 18 09:32:55 gtw01 dnsmasq-dhcp[28622]: read /var/lib/neutron/dhcp/e2f3aae6-3a99-4172-8045-51aa61df37a4/host
Oct 18 09:32:55 gtw01 dnsmasq-dhcp[28622]: read /var/lib/neutron/dhcp/e2f3aae6-3a99-4172-8045-51aa61df37a4/opts
Oct 18 09:32:56 gtw01 dnsmasq[28622]: read /var/lib/neutron/dhcp/e2f3aae6-3a99-4172-8045-51aa61df37a4/addn_hosts - 7 addresses
Oct 18 09:32:56 gtw01 dnsmasq-dhcp[28622]: read /var/lib/neutron/dhcp/e2f3aae6-3a99-4172-8045-51aa61df37a4/host
Oct 18 09:32:56 gtw01 dnsmasq-dhcp[28622]: read /var/lib/neutron/dhcp/e2f3aae6-3a99-4172-8045-51aa61df37a4/opts
Oct 18 09:33:11 gtw01 dnsmasq-dhcp[28622]: DHCPDISCOVER(tapd186dfee-5c) fa:16:3e:64:c2:77
Oct 18 09:33:11 gtw01 dnsmasq-dhcp[28622]: DHCPOFFER(tapd186dfee-5c) 192.168.120.3 fa:16:3e:64:c2:77
Oct 18 09:33:11 gtw01 dnsmasq-dhcp[28622]: DHCPREQUEST(tapd186dfee-5c) 192.168.120.3 fa:16:3e:64:c2:77
Oct 18 09:33:11 gtw01 dnsmasq-dhcp[28622]: DHCPACK(tapd186dfee-5c) 192.168.120.3 fa:16:3e:64:c2:77 host-192-168-120-3
Oct 18 09:33:14 gtw01 dnsmasq[17929]: read /var/lib/neutron/dhcp/248a8850-aa71-48af-a15b-be1141188c4c/addn_hosts - 3 addresses
Oct 18 09:33:14 gtw01 dnsmasq-dhcp[17929]: read /var/lib/neutron/dhcp/248a8850-aa71-48af-a15b-be1141188c4c/host
Oct 18 09:33:14 gtw01 dnsmasq-dhcp[17929]: read /var/lib/neutron/dhcp/248a8850-aa71-48af-a15b-be1141188c4c/opts
Oct 18 09:33:14 gtw01 dnsmasq-dhcp[28622]: DHCPRELEASE(tapd186dfee-5c) 192.168.120.3 fa:16:3e:64:c2:77
Oct 18 09:33:15 gtw01 dnsmasq[17929]: read /var/lib/neutron/dhcp/248a8850-aa71-48af-a15b-be1141188c4c/addn_hosts - 3 addresses
Oct 18 09:33:15 gtw01 dnsmasq-dhcp[17929]: read /var/lib/neutron/dhcp/248a8850-aa71-48af-a15b-be1141188c4c/host
Oct 18 09:33:15 gtw01 dnsmasq-dhcp[17929]: read /var/lib/neutron/dhcp/248a8850-aa71-48af-a15b-be1141188c4c/opts
Oct 18 09:33:16 gtw01 dnsmasq[17929]: read /var/lib/neutron/dhcp/248a8850-aa71-48af-a15b-be1141188c4c/addn_hosts - 3 addresses
Oct 18 09:33:16 gtw01 dnsmasq-dhcp[17929]: read /var/lib/neutron/dhcp/248a8850-aa71-48af-a15b-be1141188c4c/host
Oct 18 09:33:16 gtw01 dnsmasq-dhcp[17929]: read /var/lib/neutron/dhcp/248a8850-aa71-48af-a15b-be1141188c4c/opts
Oct 18 09:33:21 gtw01 dnsmasq[28622]: read /var/lib/neutron/dhcp/e2f3aae6-3a99-4172-8045-51aa61df37a4/addn_hosts - 7 addresses
Oct 18 09:33:21 gtw01 dnsmasq-dhcp[28622]: read /var/lib/neutron/dhcp/e2f3aae6-3a99-4172-8045-51aa61df37a4/host
Oct 18 09:33:21 gtw01 dnsmasq-dhcp[28622]: read /var/lib/neutron/dhcp/e2f3aae6-3a99-4172-8045-51aa61df37a4/opts
Oct 18 09:33:22 gtw01 dnsmasq[28622]: read /var/lib/neutron/dhcp/e2f3aae6-3a99-4172-8045-51aa61df37a4/addn_hosts - 7 addresses
Oct 18 09:33:22 gtw01 dnsmasq-dhcp[28622]: read /var/lib/neutron/dhcp/e2f3aae6-3a99-4172-8045-51aa61df37a4/host
Oct 18 09:33:22 gtw01 dnsmasq-dhcp[28622]: read /var/lib/neutron/dhcp/e2f3aae6-3a99-4172-8045-51aa61df37a4/opts
Oct 18 09:33:23 gtw01 dnsmasq[17929]: read /var/lib/neutron/dhcp/248a8850-aa71-48af-a15b-be1141188c4c/addn_hosts - 2 addresses
Oct 18 09:33:23 gtw01 dnsmasq-dhcp[17929]: read /var/lib/neutron/dhcp/248a8850-aa71-48af-a15b-be1141188c4c/host
Oct 18 09:33:23 gtw01 dnsmasq-dhcp[17929]: read /var/lib/neutron/dhcp/248a8850-aa71-48af-a15b-be1141188c4c/opts
Oct 18 09:33:35 gtw01 dnsmasq[28622]: read /var/lib/neutron/dhcp/e2f3aae6-3a99-4172-8045-51aa61df37a4/addn_hosts - 6 addresses
Oct 18 09:33:35 gtw01 dnsmasq-dhcp[28622]: read /var/lib/neutron/dhcp/e2f3aae6-3a99-4172-8045-51aa61df37a4/host
Oct 18 09:33:35 gtw01 dnsmasq-dhcp[28622]: read /var/lib/neutron/dhcp/e2f3aae6-3a99-4172-8045-51aa61df37a4/opts
Oct 18 09:33:38 gtw01 dnsmasq-dhcp[28622]: DHCPRELEASE(tapd186dfee-5c) 192.168.120.7 fa:16:3e:62:4d:b3
Oct 18 09:33:41 gtw01 kernel: [ 7246.227453] device tap96493806-bd entered promiscuous mode
Oct 18 09:33:41 gtw01 systemd-udevd[31306]: Could not generate persistent MAC address for tap96493806-bd: No such file or directory
Oct 18 09:33:41 gtw01 systemd-udevd[31306]: Process '/sbin/ip link set tap96493806-bd txqueuelen 10000' failed with exit code 1.
Oct 18 09:33:41 gtw01 systemd-udevd[31306]: Process '/sbin/ip link set tap96493806-bd txqueuelen 10000' failed with exit code 1.
Oct 18 09:33:44 gtw01 dnsmasq[31441]: started, version 2.80 cachesize 150
Oct 18 09:33:44 gtw01 dnsmasq[31441]: DNS service limited to local subnets
Oct 18 09:33:44 gtw01 dnsmasq[31441]: compile time options: IPv6 GNU-getopt DBus i18n IDN DHCP DHCPv6 no-Lua TFTP conntrack ipset auth DNSSEC loop-detect inotify dumpfile
Oct 18 09:33:44 gtw01 dnsmasq[31441]: warning: no upstream servers configured
Oct 18 09:33:44 gtw01 dnsmasq-dhcp[31441]: DHCPv6, static leases only on 2003::, lease time 1h
Oct 18 09:33:44 gtw01 dnsmasq[31441]: read /var/lib/neutron/dhcp/d9429a3c-6636-4196-bc56-48043470bf0d/addn_hosts - 1 addresses
Oct 18 09:33:44 gtw01 dnsmasq-dhcp[31441]: read /var/lib/neutron/dhcp/d9429a3c-6636-4196-bc56-48043470bf0d/host
Oct 18 09:33:44 gtw01 dnsmasq-dhcp[31441]: read /var/lib/neutron/dhcp/d9429a3c-6636-4196-bc56-48043470bf0d/opts
Oct 18 09:33:45 gtw01 dnsmasq[31441]: read /var/lib/neutron/dhcp/d9429a3c-6636-4196-bc56-48043470bf0d/addn_hosts - 3 addresses
Oct 18 09:33:45 gtw01 dnsmasq-dhcp[31441]: read /var/lib/neutron/dhcp/d9429a3c-6636-4196-bc56-48043470bf0d/host
Oct 18 09:33:45 gtw01 dnsmasq-dhcp[31441]: read /var/lib/neutron/dhcp/d9429a3c-6636-4196-bc56-48043470bf0d/opts
Oct 18 09:33:46 gtw01 dnsmasq[31441]: read /var/lib/neutron/dhcp/d9429a3c-6636-4196-bc56-48043470bf0d/addn_hosts - 3 addresses
Oct 18 09:33:46 gtw01 dnsmasq-dhcp[31441]: read /var/lib/neutron/dhcp/d9429a3c-6636-4196-bc56-48043470bf0d/host
Oct 18 09:33:46 gtw01 dnsmasq-dhcp[31441]: read /var/lib/neutron/dhcp/d9429a3c-6636-4196-bc56-48043470bf0d/opts
Oct 18 09:33:47 gtw01 dnsmasq[31441]: read /var/lib/neutron/dhcp/d9429a3c-6636-4196-bc56-48043470bf0d/addn_hosts - 3 addresses
Oct 18 09:33:47 gtw01 dnsmasq-dhcp[31441]: read /var/lib/neutron/dhcp/d9429a3c-6636-4196-bc56-48043470bf0d/host
Oct 18 09:33:47 gtw01 dnsmasq-dhcp[31441]: read /var/lib/neutron/dhcp/d9429a3c-6636-4196-bc56-48043470bf0d/opts
Oct 18 09:33:48 gtw01 dnsmasq[31441]: read /var/lib/neutron/dhcp/d9429a3c-6636-4196-bc56-48043470bf0d/addn_hosts - 4 addresses
Oct 18 09:33:48 gtw01 dnsmasq-dhcp[31441]: read /var/lib/neutron/dhcp/d9429a3c-6636-4196-bc56-48043470bf0d/host
Oct 18 09:33:48 gtw01 dnsmasq-dhcp[31441]: read /var/lib/neutron/dhcp/d9429a3c-6636-4196-bc56-48043470bf0d/opts
Oct 18 09:33:49 gtw01 dnsmasq[31441]: read /var/lib/neutron/dhcp/d9429a3c-6636-4196-bc56-48043470bf0d/addn_hosts - 4 addresses
Oct 18 09:33:49 gtw01 dnsmasq-dhcp[31441]: read /var/lib/neutron/dhcp/d9429a3c-6636-4196-bc56-48043470bf0d/host
Oct 18 09:33:49 gtw01 dnsmasq-dhcp[31441]: read /var/lib/neutron/dhcp/d9429a3c-6636-4196-bc56-48043470bf0d/opts
Oct 18 09:33:50 gtw01 dnsmasq[31441]: read /var/lib/neutron/dhcp/d9429a3c-6636-4196-bc56-48043470bf0d/addn_hosts - 5 addresses
Oct 18 09:33:50 gtw01 dnsmasq-dhcp[31441]: read /var/lib/neutron/dhcp/d9429a3c-6636-4196-bc56-48043470bf0d/host
Oct 18 09:33:50 gtw01 dnsmasq-dhcp[31441]: read /var/lib/neutron/dhcp/d9429a3c-6636-4196-bc56-48043470bf0d/opts
Oct 18 09:33:51 gtw01 dnsmasq[31441]: read /var/lib/neutron/dhcp/d9429a3c-6636-4196-bc56-48043470bf0d/addn_hosts - 6 addresses
Oct 18 09:33:51 gtw01 dnsmasq-dhcp[31441]: read /var/lib/neutron/dhcp/d9429a3c-6636-4196-bc56-48043470bf0d/host
Oct 18 09:33:51 gtw01 dnsmasq-dhcp[31441]: read /var/lib/neutron/dhcp/d9429a3c-6636-4196-bc56-48043470bf0d/opts
Oct 18 09:33:52 gtw01 dnsmasq[31441]: read /var/lib/neutron/dhcp/d9429a3c-6636-4196-bc56-48043470bf0d/addn_hosts - 7 addresses
Oct 18 09:33:52 gtw01 dnsmasq-dhcp[31441]: read /var/lib/neutron/dhcp/d9429a3c-6636-4196-bc56-48043470bf0d/host
Oct 18 09:33:52 gtw01 dnsmasq-dhcp[31441]: read /var/lib/neutron/dhcp/d9429a3c-6636-4196-bc56-48043470bf0d/opts
Oct 18 09:33:53 gtw01 dnsmasq[31441]: read /var/lib/neutron/dhcp/d9429a3c-6636-4196-bc56-48043470bf0d/addn_hosts - 7 addresses
Oct 18 09:33:53 gtw01 dnsmasq-dhcp[31441]: read /var/lib/neutron/dhcp/d9429a3c-6636-4196-bc56-48043470bf0d/host
Oct 18 09:33:53 gtw01 dnsmasq-dhcp[31441]: read /var/lib/neutron/dhcp/d9429a3c-6636-4196-bc56-48043470bf0d/opts
Oct 18 09:33:54 gtw01 dnsmasq[31441]: read /var/lib/neutron/dhcp/d9429a3c-6636-4196-bc56-48043470bf0d/addn_hosts - 7 addresses
Oct 18 09:33:54 gtw01 dnsmasq-dhcp[31441]: read /var/lib/neutron/dhcp/d9429a3c-6636-4196-bc56-48043470bf0d/host
Oct 18 09:33:54 gtw01 dnsmasq-dhcp[31441]: read /var/lib/neutron/dhcp/d9429a3c-6636-4196-bc56-48043470bf0d/opts
Oct 18 09:33:55 gtw01 dnsmasq[31441]: read /var/lib/neutron/dhcp/d9429a3c-6636-4196-bc56-48043470bf0d/addn_hosts - 7 addresses
Oct 18 09:33:55 gtw01 dnsmasq-dhcp[31441]: read /var/lib/neutron/dhcp/d9429a3c-6636-4196-bc56-48043470bf0d/host
Oct 18 09:33:55 gtw01 dnsmasq-dhcp[31441]: read /var/lib/neutron/dhcp/d9429a3c-6636-4196-bc56-48043470bf0d/opts
Oct 18 09:33:56 gtw01 dnsmasq[31441]: read /var/lib/neutron/dhcp/d9429a3c-6636-4196-bc56-48043470bf0d/addn_hosts - 7 addresses
Oct 18 09:33:56 gtw01 dnsmasq-dhcp[31441]: read /var/lib/neutron/dhcp/d9429a3c-6636-4196-bc56-48043470bf0d/host
Oct 18 09:33:56 gtw01 dnsmasq-dhcp[31441]: read /var/lib/neutron/dhcp/d9429a3c-6636-4196-bc56-48043470bf0d/opts
Oct 18 09:33:56 gtw01 dnsmasq[28622]: read /var/lib/neutron/dhcp/e2f3aae6-3a99-4172-8045-51aa61df37a4/addn_hosts - 5 addresses
Oct 18 09:33:56 gtw01 dnsmasq-dhcp[28622]: read /var/lib/neutron/dhcp/e2f3aae6-3a99-4172-8045-51aa61df37a4/host
Oct 18 09:33:56 gtw01 dnsmasq-dhcp[28622]: read /var/lib/neutron/dhcp/e2f3aae6-3a99-4172-8045-51aa61df37a4/opts
Oct 18 09:33:57 gtw01 kernel: [ 7262.126987] device tap96493806-bd left promiscuous mode
Oct 18 09:34:01 gtw01 dnsmasq-dhcp[28622]: DHCPRELEASE(tapd186dfee-5c) 192.168.120.9 fa:16:3e:8c:32:0e
Oct 18 09:34:01 gtw01 dnsmasq-dhcp[28622]: DHCPRELEASE(tapd186dfee-5c) 192.168.120.9 fa:16:3e:8c:32:0e unknown lease
Oct 18 09:34:02 gtw01 dnsmasq[28622]: read /var/lib/neutron/dhcp/e2f3aae6-3a99-4172-8045-51aa61df37a4/addn_hosts - 4 addresses
Oct 18 09:34:02 gtw01 dnsmasq-dhcp[28622]: read /var/lib/neutron/dhcp/e2f3aae6-3a99-4172-8045-51aa61df37a4/host
Oct 18 09:34:02 gtw01 dnsmasq-dhcp[28622]: read /var/lib/neutron/dhcp/e2f3aae6-3a99-4172-8045-51aa61df37a4/opts
Oct 18 09:34:03 gtw01 dnsmasq-dhcp[28622]: DHCPRELEASE(tapd186dfee-5c) 192.168.120.4 fa:16:3e:0e:59:56
Oct 18 09:34:04 gtw01 dnsmasq-dhcp[28622]: DHCPRELEASE(tapd186dfee-5c) 192.168.120.4 fa:16:3e:0e:59:56 unknown lease
Oct 18 09:34:04 gtw01 dnsmasq[28622]: read /var/lib/neutron/dhcp/e2f3aae6-3a99-4172-8045-51aa61df37a4/addn_hosts - 3 addresses
Oct 18 09:34:04 gtw01 dnsmasq-dhcp[28622]: read /var/lib/neutron/dhcp/e2f3aae6-3a99-4172-8045-51aa61df37a4/host
Oct 18 09:34:04 gtw01 dnsmasq-dhcp[28622]: read /var/lib/neutron/dhcp/e2f3aae6-3a99-4172-8045-51aa61df37a4/opts
Oct 18 09:34:06 gtw01 dnsmasq[28622]: read /var/lib/neutron/dhcp/e2f3aae6-3a99-4172-8045-51aa61df37a4/addn_hosts - 2 addresses
Oct 18 09:34:06 gtw01 dnsmasq-dhcp[28622]: read /var/lib/neutron/dhcp/e2f3aae6-3a99-4172-8045-51aa61df37a4/host
Oct 18 09:34:06 gtw01 dnsmasq-dhcp[28622]: read /var/lib/neutron/dhcp/e2f3aae6-3a99-4172-8045-51aa61df37a4/opts
Oct 18 09:34:07 gtw01 kernel: [ 7272.466171] device tap9f4b7b44-ff entered promiscuous mode
Oct 18 09:34:07 gtw01 systemd-udevd[31740]: Could not generate persistent MAC address for tap9f4b7b44-ff: No such file or directory
Oct 18 09:34:07 gtw01 systemd-udevd[31808]: Process '/sbin/ip link set tap9f4b7b44-ff txqueuelen 10000' failed with exit code 1.
Oct 18 09:34:10 gtw01 dnsmasq[31871]: started, version 2.80 cachesize 150
Oct 18 09:34:10 gtw01 dnsmasq[31871]: DNS service limited to local subnets
Oct 18 09:34:10 gtw01 dnsmasq[31871]: compile time options: IPv6 GNU-getopt DBus i18n IDN DHCP DHCPv6 no-Lua TFTP conntrack ipset auth DNSSEC loop-detect inotify dumpfile
Oct 18 09:34:10 gtw01 dnsmasq[31871]: warning: no upstream servers configured
Oct 18 09:34:10 gtw01 dnsmasq-dhcp[31871]: DHCP, static leases only on 192.168.120.0, lease time 1h
Oct 18 09:34:10 gtw01 dnsmasq[31871]: read /var/lib/neutron/dhcp/1b92690d-6531-45fd-9a5c-ccdc68b2a6f6/addn_hosts - 1 addresses
Oct 18 09:34:10 gtw01 dnsmasq-dhcp[31871]: read /var/lib/neutron/dhcp/1b92690d-6531-45fd-9a5c-ccdc68b2a6f6/host
Oct 18 09:34:10 gtw01 dnsmasq-dhcp[31871]: read /var/lib/neutron/dhcp/1b92690d-6531-45fd-9a5c-ccdc68b2a6f6/opts
Oct 18 09:34:10 gtw01 haproxy-metadata-proxy-1b92690d-6531-45fd-9a5c-ccdc68b2a6f6[31875]: Proxy listener started.
Oct 18 09:34:11 gtw01 dnsmasq[31871]: read /var/lib/neutron/dhcp/1b92690d-6531-45fd-9a5c-ccdc68b2a6f6/addn_hosts - 3 addresses
Oct 18 09:34:11 gtw01 dnsmasq-dhcp[31871]: read /var/lib/neutron/dhcp/1b92690d-6531-45fd-9a5c-ccdc68b2a6f6/host
Oct 18 09:34:11 gtw01 dnsmasq-dhcp[31871]: read /var/lib/neutron/dhcp/1b92690d-6531-45fd-9a5c-ccdc68b2a6f6/opts
Oct 18 09:34:11 gtw01 dnsmasq[28622]: read /var/lib/neutron/dhcp/e2f3aae6-3a99-4172-8045-51aa61df37a4/addn_hosts - 1 addresses
Oct 18 09:34:11 gtw01 dnsmasq-dhcp[28622]: read /var/lib/neutron/dhcp/e2f3aae6-3a99-4172-8045-51aa61df37a4/host
Oct 18 09:34:11 gtw01 dnsmasq-dhcp[28622]: read /var/lib/neutron/dhcp/e2f3aae6-3a99-4172-8045-51aa61df37a4/opts
Oct 18 09:34:12 gtw01 dnsmasq[31871]: read /var/lib/neutron/dhcp/1b92690d-6531-45fd-9a5c-ccdc68b2a6f6/addn_hosts - 3 addresses
Oct 18 09:34:12 gtw01 dnsmasq-dhcp[31871]: read /var/lib/neutron/dhcp/1b92690d-6531-45fd-9a5c-ccdc68b2a6f6/host
Oct 18 09:34:12 gtw01 dnsmasq-dhcp[31871]: read /var/lib/neutron/dhcp/1b92690d-6531-45fd-9a5c-ccdc68b2a6f6/opts
Oct 18 09:34:13 gtw01 dnsmasq[31871]: read /var/lib/neutron/dhcp/1b92690d-6531-45fd-9a5c-ccdc68b2a6f6/addn_hosts - 3 addresses
Oct 18 09:34:13 gtw01 dnsmasq-dhcp[31871]: read /var/lib/neutron/dhcp/1b92690d-6531-45fd-9a5c-ccdc68b2a6f6/host
Oct 18 09:34:13 gtw01 dnsmasq-dhcp[31871]: read /var/lib/neutron/dhcp/1b92690d-6531-45fd-9a5c-ccdc68b2a6f6/opts
Oct 18 09:34:14 gtw01 dnsmasq[31871]: read /var/lib/neutron/dhcp/1b92690d-6531-45fd-9a5c-ccdc68b2a6f6/addn_hosts - 4 addresses
Oct 18 09:34:14 gtw01 dnsmasq-dhcp[31871]: read /var/lib/neutron/dhcp/1b92690d-6531-45fd-9a5c-ccdc68b2a6f6/host
Oct 18 09:34:14 gtw01 dnsmasq-dhcp[31871]: read /var/lib/neutron/dhcp/1b92690d-6531-45fd-9a5c-ccdc68b2a6f6/opts
Oct 18 09:34:15 gtw01 dnsmasq[31871]: read /var/lib/neutron/dhcp/1b92690d-6531-45fd-9a5c-ccdc68b2a6f6/addn_hosts - 4 addresses
Oct 18 09:34:15 gtw01 dnsmasq-dhcp[31871]: read /var/lib/neutron/dhcp/1b92690d-6531-45fd-9a5c-ccdc68b2a6f6/host
