Oct 18 11:26:02 gtw01 dnsmasq-dhcp[3403]: read /var/lib/neutron/dhcp/c86cc0b7-05c8-470d-97f6-46c64f92cca5/opts
Oct 18 11:26:02 gtw01 kernel: [13987.886122] device tap8bc52fa3-8c left promiscuous mode
Oct 18 11:26:03 gtw01 dnsmasq[2987]: read /var/lib/neutron/dhcp/f9d16434-e266-484c-92c2-7ba35a9a3f80/addn_hosts - 1 addresses
Oct 18 11:26:03 gtw01 dnsmasq-dhcp[2987]: read /var/lib/neutron/dhcp/f9d16434-e266-484c-92c2-7ba35a9a3f80/host
Oct 18 11:26:03 gtw01 dnsmasq-dhcp[2987]: read /var/lib/neutron/dhcp/f9d16434-e266-484c-92c2-7ba35a9a3f80/opts
Oct 18 11:26:03 gtw01 dnsmasq[3403]: read /var/lib/neutron/dhcp/c86cc0b7-05c8-470d-97f6-46c64f92cca5/addn_hosts - 3 addresses
Oct 18 11:26:03 gtw01 dnsmasq-dhcp[3403]: read /var/lib/neutron/dhcp/c86cc0b7-05c8-470d-97f6-46c64f92cca5/host
Oct 18 11:26:03 gtw01 dnsmasq-dhcp[3403]: read /var/lib/neutron/dhcp/c86cc0b7-05c8-470d-97f6-46c64f92cca5/opts
Oct 18 11:26:04 gtw01 dnsmasq[2948]: read /var/lib/neutron/dhcp/9960cddd-d8dd-453f-a7ec-446566305ec9/addn_hosts - 2 addresses
Oct 18 11:26:04 gtw01 dnsmasq-dhcp[2948]: read /var/lib/neutron/dhcp/9960cddd-d8dd-453f-a7ec-446566305ec9/host
Oct 18 11:26:04 gtw01 dnsmasq-dhcp[2948]: read /var/lib/neutron/dhcp/9960cddd-d8dd-453f-a7ec-446566305ec9/opts
Oct 18 11:26:04 gtw01 kernel: [13989.767855] device tap989f65a8-02 left promiscuous mode
Oct 18 11:26:04 gtw01 dnsmasq[3403]: read /var/lib/neutron/dhcp/c86cc0b7-05c8-470d-97f6-46c64f92cca5/addn_hosts - 3 addresses
Oct 18 11:26:04 gtw01 dnsmasq-dhcp[3403]: read /var/lib/neutron/dhcp/c86cc0b7-05c8-470d-97f6-46c64f92cca5/host
Oct 18 11:26:04 gtw01 dnsmasq-dhcp[3403]: read /var/lib/neutron/dhcp/c86cc0b7-05c8-470d-97f6-46c64f92cca5/opts
Oct 18 11:26:05 gtw01 dnsmasq[2948]: read /var/lib/neutron/dhcp/9960cddd-d8dd-453f-a7ec-446566305ec9/addn_hosts - 1 addresses
Oct 18 11:26:05 gtw01 dnsmasq-dhcp[2948]: read /var/lib/neutron/dhcp/9960cddd-d8dd-453f-a7ec-446566305ec9/host
Oct 18 11:26:05 gtw01 dnsmasq-dhcp[2948]: read /var/lib/neutron/dhcp/9960cddd-d8dd-453f-a7ec-446566305ec9/opts
Oct 18 11:26:05 gtw01 dnsmasq[3403]: read /var/lib/neutron/dhcp/c86cc0b7-05c8-470d-97f6-46c64f92cca5/addn_hosts - 3 addresses
Oct 18 11:26:05 gtw01 dnsmasq-dhcp[3403]: read /var/lib/neutron/dhcp/c86cc0b7-05c8-470d-97f6-46c64f92cca5/host
Oct 18 11:26:05 gtw01 dnsmasq-dhcp[3403]: read /var/lib/neutron/dhcp/c86cc0b7-05c8-470d-97f6-46c64f92cca5/opts
Oct 18 11:26:07 gtw01 dnsmasq[3403]: read /var/lib/neutron/dhcp/c86cc0b7-05c8-470d-97f6-46c64f92cca5/addn_hosts - 3 addresses
Oct 18 11:26:07 gtw01 dnsmasq-dhcp[3403]: read /var/lib/neutron/dhcp/c86cc0b7-05c8-470d-97f6-46c64f92cca5/host
Oct 18 11:26:07 gtw01 dnsmasq-dhcp[3403]: read /var/lib/neutron/dhcp/c86cc0b7-05c8-470d-97f6-46c64f92cca5/opts
Oct 18 11:26:09 gtw01 kernel: [13994.297331] device tapa5e178e1-b8 left promiscuous mode
Oct 18 11:26:11 gtw01 dnsmasq[3403]: read /var/lib/neutron/dhcp/c86cc0b7-05c8-470d-97f6-46c64f92cca5/addn_hosts - 2 addresses
Oct 18 11:26:11 gtw01 dnsmasq-dhcp[3403]: read /var/lib/neutron/dhcp/c86cc0b7-05c8-470d-97f6-46c64f92cca5/host
Oct 18 11:26:11 gtw01 dnsmasq-dhcp[3403]: read /var/lib/neutron/dhcp/c86cc0b7-05c8-470d-97f6-46c64f92cca5/opts
Oct 18 11:26:12 gtw01 dnsmasq[3403]: read /var/lib/neutron/dhcp/c86cc0b7-05c8-470d-97f6-46c64f92cca5/addn_hosts - 2 addresses
Oct 18 11:26:12 gtw01 dnsmasq-dhcp[3403]: read /var/lib/neutron/dhcp/c86cc0b7-05c8-470d-97f6-46c64f92cca5/host
Oct 18 11:26:12 gtw01 dnsmasq-dhcp[3403]: read /var/lib/neutron/dhcp/c86cc0b7-05c8-470d-97f6-46c64f92cca5/opts
Oct 18 11:26:16 gtw01 kernel: [14001.089938] device tap8ff3a48b-50 entered promiscuous mode
Oct 18 11:26:16 gtw01 systemd-udevd[3767]: Process '/sbin/ip link set tap8ff3a48b-50 txqueuelen 10000' failed with exit code 1.
Oct 18 11:26:16 gtw01 systemd-udevd[3844]: Process '/sbin/ip link set tap8ff3a48b-50 txqueuelen 10000' failed with exit code 1.
Oct 18 11:26:16 gtw01 dnsmasq[3403]: read /var/lib/neutron/dhcp/c86cc0b7-05c8-470d-97f6-46c64f92cca5/addn_hosts - 1 addresses
Oct 18 11:26:16 gtw01 dnsmasq-dhcp[3403]: read /var/lib/neutron/dhcp/c86cc0b7-05c8-470d-97f6-46c64f92cca5/host
Oct 18 11:26:16 gtw01 dnsmasq-dhcp[3403]: read /var/lib/neutron/dhcp/c86cc0b7-05c8-470d-97f6-46c64f92cca5/opts
Oct 18 11:26:19 gtw01 systemd-udevd[3926]: Could not generate persistent MAC address for tap39a365d1-16: No such file or directory
Oct 18 11:26:19 gtw01 kernel: [14004.036761] device tap39a365d1-16 entered promiscuous mode
Oct 18 11:26:19 gtw01 systemd-udevd[3926]: Process '/sbin/ip link set tap39a365d1-16 txqueuelen 10000' failed with exit code 1.
Oct 18 11:26:19 gtw01 systemd-udevd[3926]: Process '/sbin/ip link set tap39a365d1-16 txqueuelen 10000' failed with exit code 1.
Oct 18 11:26:20 gtw01 dnsmasq[4031]: started, version 2.80 cachesize 150
Oct 18 11:26:20 gtw01 dnsmasq[4031]: DNS service limited to local subnets
Oct 18 11:26:20 gtw01 dnsmasq[4031]: compile time options: IPv6 GNU-getopt DBus i18n IDN DHCP DHCPv6 no-Lua TFTP conntrack ipset auth DNSSEC loop-detect inotify dumpfile
Oct 18 11:26:20 gtw01 dnsmasq[4031]: warning: no upstream servers configured
Oct 18 11:26:20 gtw01 dnsmasq-dhcp[4031]: DHCP, static leases only on 11.11.11.0, lease time 1h
Oct 18 11:26:20 gtw01 dnsmasq[4031]: read /var/lib/neutron/dhcp/c2088028-1cee-471e-9ae4-8e8ea98b1d4d/addn_hosts - 1 addresses
Oct 18 11:26:20 gtw01 dnsmasq-dhcp[4031]: read /var/lib/neutron/dhcp/c2088028-1cee-471e-9ae4-8e8ea98b1d4d/host
Oct 18 11:26:20 gtw01 dnsmasq-dhcp[4031]: read /var/lib/neutron/dhcp/c2088028-1cee-471e-9ae4-8e8ea98b1d4d/opts
Oct 18 11:26:20 gtw01 haproxy-metadata-proxy-c2088028-1cee-471e-9ae4-8e8ea98b1d4d[4038]: Proxy listener started.
Oct 18 11:26:21 gtw01 kernel: [14005.957156] device tap29c1ad68-3d left promiscuous mode
Oct 18 11:26:21 gtw01 dnsmasq[4031]: read /var/lib/neutron/dhcp/c2088028-1cee-471e-9ae4-8e8ea98b1d4d/addn_hosts - 3 addresses
Oct 18 11:26:21 gtw01 dnsmasq-dhcp[4031]: read /var/lib/neutron/dhcp/c2088028-1cee-471e-9ae4-8e8ea98b1d4d/host
Oct 18 11:26:21 gtw01 dnsmasq-dhcp[4031]: read /var/lib/neutron/dhcp/c2088028-1cee-471e-9ae4-8e8ea98b1d4d/opts
Oct 18 11:26:22 gtw01 dnsmasq[4031]: read /var/lib/neutron/dhcp/c2088028-1cee-471e-9ae4-8e8ea98b1d4d/addn_hosts - 3 addresses
Oct 18 11:26:22 gtw01 dnsmasq-dhcp[4031]: read /var/lib/neutron/dhcp/c2088028-1cee-471e-9ae4-8e8ea98b1d4d/host
Oct 18 11:26:22 gtw01 dnsmasq-dhcp[4031]: read /var/lib/neutron/dhcp/c2088028-1cee-471e-9ae4-8e8ea98b1d4d/opts
Oct 18 11:26:23 gtw01 dnsmasq[4120]: started, version 2.80 cachesize 150
Oct 18 11:26:23 gtw01 dnsmasq[4120]: DNS service limited to local subnets
Oct 18 11:26:23 gtw01 dnsmasq[4120]: compile time options: IPv6 GNU-getopt DBus i18n IDN DHCP DHCPv6 no-Lua TFTP conntrack ipset auth DNSSEC loop-detect inotify dumpfile
Oct 18 11:26:23 gtw01 dnsmasq[4120]: warning: no upstream servers configured
Oct 18 11:26:23 gtw01 dnsmasq-dhcp[4120]: DHCP, static leases only on 11.11.11.0, lease time 1h
Oct 18 11:26:23 gtw01 dnsmasq[4120]: read /var/lib/neutron/dhcp/ca9c8f51-b985-4633-8a95-1bb953e67ac1/addn_hosts - 1 addresses
Oct 18 11:26:23 gtw01 dnsmasq-dhcp[4120]: read /var/lib/neutron/dhcp/ca9c8f51-b985-4633-8a95-1bb953e67ac1/host
Oct 18 11:26:23 gtw01 dnsmasq-dhcp[4120]: read /var/lib/neutron/dhcp/ca9c8f51-b985-4633-8a95-1bb953e67ac1/opts
Oct 18 11:26:23 gtw01 haproxy-metadata-proxy-ca9c8f51-b985-4633-8a95-1bb953e67ac1[4127]: Proxy listener started.
Oct 18 11:26:23 gtw01 dnsmasq[4031]: read /var/lib/neutron/dhcp/c2088028-1cee-471e-9ae4-8e8ea98b1d4d/addn_hosts - 3 addresses
Oct 18 11:26:23 gtw01 dnsmasq-dhcp[4031]: read /var/lib/neutron/dhcp/c2088028-1cee-471e-9ae4-8e8ea98b1d4d/host
Oct 18 11:26:23 gtw01 dnsmasq-dhcp[4031]: read /var/lib/neutron/dhcp/c2088028-1cee-471e-9ae4-8e8ea98b1d4d/opts
Oct 18 11:26:24 gtw01 dnsmasq[4120]: read /var/lib/neutron/dhcp/ca9c8f51-b985-4633-8a95-1bb953e67ac1/addn_hosts - 3 addresses
Oct 18 11:26:24 gtw01 dnsmasq-dhcp[4120]: read /var/lib/neutron/dhcp/ca9c8f51-b985-4633-8a95-1bb953e67ac1/host
Oct 18 11:26:24 gtw01 dnsmasq-dhcp[4120]: read /var/lib/neutron/dhcp/ca9c8f51-b985-4633-8a95-1bb953e67ac1/opts
Oct 18 11:26:24 gtw01 dnsmasq[4031]: read /var/lib/neutron/dhcp/c2088028-1cee-471e-9ae4-8e8ea98b1d4d/addn_hosts - 3 addresses
Oct 18 11:26:24 gtw01 dnsmasq-dhcp[4031]: read /var/lib/neutron/dhcp/c2088028-1cee-471e-9ae4-8e8ea98b1d4d/host
Oct 18 11:26:24 gtw01 dnsmasq-dhcp[4031]: read /var/lib/neutron/dhcp/c2088028-1cee-471e-9ae4-8e8ea98b1d4d/opts
Oct 18 11:26:25 gtw01 dnsmasq[4120]: read /var/lib/neutron/dhcp/ca9c8f51-b985-4633-8a95-1bb953e67ac1/addn_hosts - 3 addresses
Oct 18 11:26:25 gtw01 dnsmasq-dhcp[4120]: read /var/lib/neutron/dhcp/ca9c8f51-b985-4633-8a95-1bb953e67ac1/host
Oct 18 11:26:25 gtw01 dnsmasq-dhcp[4120]: read /var/lib/neutron/dhcp/ca9c8f51-b985-4633-8a95-1bb953e67ac1/opts
Oct 18 11:26:25 gtw01 dnsmasq[4031]: read /var/lib/neutron/dhcp/c2088028-1cee-471e-9ae4-8e8ea98b1d4d/addn_hosts - 3 addresses
Oct 18 11:26:25 gtw01 dnsmasq-dhcp[4031]: read /var/lib/neutron/dhcp/c2088028-1cee-471e-9ae4-8e8ea98b1d4d/host
Oct 18 11:26:25 gtw01 dnsmasq-dhcp[4031]: read /var/lib/neutron/dhcp/c2088028-1cee-471e-9ae4-8e8ea98b1d4d/opts
Oct 18 11:26:26 gtw01 dnsmasq[4120]: read /var/lib/neutron/dhcp/ca9c8f51-b985-4633-8a95-1bb953e67ac1/addn_hosts - 3 addresses
Oct 18 11:26:26 gtw01 dnsmasq-dhcp[4120]: read /var/lib/neutron/dhcp/ca9c8f51-b985-4633-8a95-1bb953e67ac1/host
Oct 18 11:26:26 gtw01 dnsmasq-dhcp[4120]: read /var/lib/neutron/dhcp/ca9c8f51-b985-4633-8a95-1bb953e67ac1/opts
Oct 18 11:26:26 gtw01 dnsmasq[4031]: read /var/lib/neutron/dhcp/c2088028-1cee-471e-9ae4-8e8ea98b1d4d/addn_hosts - 3 addresses
Oct 18 11:26:26 gtw01 dnsmasq-dhcp[4031]: read /var/lib/neutron/dhcp/c2088028-1cee-471e-9ae4-8e8ea98b1d4d/host
Oct 18 11:26:26 gtw01 dnsmasq-dhcp[4031]: read /var/lib/neutron/dhcp/c2088028-1cee-471e-9ae4-8e8ea98b1d4d/opts
Oct 18 11:26:27 gtw01 dnsmasq[4120]: read /var/lib/neutron/dhcp/ca9c8f51-b985-4633-8a95-1bb953e67ac1/addn_hosts - 3 addresses
Oct 18 11:26:27 gtw01 dnsmasq-dhcp[4120]: read /var/lib/neutron/dhcp/ca9c8f51-b985-4633-8a95-1bb953e67ac1/host
Oct 18 11:26:27 gtw01 dnsmasq-dhcp[4120]: read /var/lib/neutron/dhcp/ca9c8f51-b985-4633-8a95-1bb953e67ac1/opts
Oct 18 11:26:27 gtw01 dnsmasq[4031]: read /var/lib/neutron/dhcp/c2088028-1cee-471e-9ae4-8e8ea98b1d4d/addn_hosts - 3 addresses
Oct 18 11:26:27 gtw01 dnsmasq-dhcp[4031]: read /var/lib/neutron/dhcp/c2088028-1cee-471e-9ae4-8e8ea98b1d4d/host
Oct 18 11:26:27 gtw01 dnsmasq-dhcp[4031]: read /var/lib/neutron/dhcp/c2088028-1cee-471e-9ae4-8e8ea98b1d4d/opts
Oct 18 11:26:28 gtw01 dnsmasq[4120]: read /var/lib/neutron/dhcp/ca9c8f51-b985-4633-8a95-1bb953e67ac1/addn_hosts - 3 addresses
Oct 18 11:26:28 gtw01 dnsmasq-dhcp[4120]: read /var/lib/neutron/dhcp/ca9c8f51-b985-4633-8a95-1bb953e67ac1/host
Oct 18 11:26:28 gtw01 dnsmasq-dhcp[4120]: read /var/lib/neutron/dhcp/ca9c8f51-b985-4633-8a95-1bb953e67ac1/opts
Oct 18 11:26:29 gtw01 dnsmasq[4031]: read /var/lib/neutron/dhcp/c2088028-1cee-471e-9ae4-8e8ea98b1d4d/addn_hosts - 3 addresses
Oct 18 11:26:29 gtw01 dnsmasq-dhcp[4031]: read /var/lib/neutron/dhcp/c2088028-1cee-471e-9ae4-8e8ea98b1d4d/host
Oct 18 11:26:29 gtw01 dnsmasq-dhcp[4031]: read /var/lib/neutron/dhcp/c2088028-1cee-471e-9ae4-8e8ea98b1d4d/opts
Oct 18 11:26:29 gtw01 dnsmasq[4120]: read /var/lib/neutron/dhcp/ca9c8f51-b985-4633-8a95-1bb953e67ac1/addn_hosts - 3 addresses
Oct 18 11:26:29 gtw01 dnsmasq-dhcp[4120]: read /var/lib/neutron/dhcp/ca9c8f51-b985-4633-8a95-1bb953e67ac1/host
Oct 18 11:26:29 gtw01 dnsmasq-dhcp[4120]: read /var/lib/neutron/dhcp/ca9c8f51-b985-4633-8a95-1bb953e67ac1/opts
Oct 18 11:26:30 gtw01 dnsmasq[4120]: read /var/lib/neutron/dhcp/ca9c8f51-b985-4633-8a95-1bb953e67ac1/addn_hosts - 3 addresses
Oct 18 11:26:30 gtw01 dnsmasq-dhcp[4120]: read /var/lib/neutron/dhcp/ca9c8f51-b985-4633-8a95-1bb953e67ac1/host
Oct 18 11:26:30 gtw01 dnsmasq-dhcp[4120]: read /var/lib/neutron/dhcp/ca9c8f51-b985-4633-8a95-1bb953e67ac1/opts
Oct 18 11:26:30 gtw01 dnsmasq[4031]: read /var/lib/neutron/dhcp/c2088028-1cee-471e-9ae4-8e8ea98b1d4d/addn_hosts - 3 addresses
Oct 18 11:26:30 gtw01 dnsmasq-dhcp[4031]: read /var/lib/neutron/dhcp/c2088028-1cee-471e-9ae4-8e8ea98b1d4d/host
Oct 18 11:26:30 gtw01 dnsmasq-dhcp[4031]: read /var/lib/neutron/dhcp/c2088028-1cee-471e-9ae4-8e8ea98b1d4d/opts
Oct 18 11:26:31 gtw01 dnsmasq[4120]: read /var/lib/neutron/dhcp/ca9c8f51-b985-4633-8a95-1bb953e67ac1/addn_hosts - 3 addresses
Oct 18 11:26:31 gtw01 dnsmasq-dhcp[4120]: read /var/lib/neutron/dhcp/ca9c8f51-b985-4633-8a95-1bb953e67ac1/host
Oct 18 11:26:31 gtw01 dnsmasq-dhcp[4120]: read /var/lib/neutron/dhcp/ca9c8f51-b985-4633-8a95-1bb953e67ac1/opts
Oct 18 11:26:31 gtw01 dnsmasq[4031]: read /var/lib/neutron/dhcp/c2088028-1cee-471e-9ae4-8e8ea98b1d4d/addn_hosts - 2 addresses
Oct 18 11:26:31 gtw01 dnsmasq-dhcp[4031]: read /var/lib/neutron/dhcp/c2088028-1cee-471e-9ae4-8e8ea98b1d4d/host
Oct 18 11:26:31 gtw01 dnsmasq-dhcp[4031]: read /var/lib/neutron/dhcp/c2088028-1cee-471e-9ae4-8e8ea98b1d4d/opts
Oct 18 11:26:32 gtw01 dnsmasq[4120]: read /var/lib/neutron/dhcp/ca9c8f51-b985-4633-8a95-1bb953e67ac1/addn_hosts - 2 addresses
Oct 18 11:26:32 gtw01 dnsmasq-dhcp[4120]: read /var/lib/neutron/dhcp/ca9c8f51-b985-4633-8a95-1bb953e67ac1/host
Oct 18 11:26:32 gtw01 dnsmasq-dhcp[4120]: read /var/lib/neutron/dhcp/ca9c8f51-b985-4633-8a95-1bb953e67ac1/opts
Oct 18 11:26:33 gtw01 dnsmasq[4031]: read /var/lib/neutron/dhcp/c2088028-1cee-471e-9ae4-8e8ea98b1d4d/addn_hosts - 1 addresses
Oct 18 11:26:33 gtw01 dnsmasq-dhcp[4031]: read /var/lib/neutron/dhcp/c2088028-1cee-471e-9ae4-8e8ea98b1d4d/host
Oct 18 11:26:33 gtw01 dnsmasq-dhcp[4031]: read /var/lib/neutron/dhcp/c2088028-1cee-471e-9ae4-8e8ea98b1d4d/opts
Oct 18 11:26:34 gtw01 dnsmasq[4120]: read /var/lib/neutron/dhcp/ca9c8f51-b985-4633-8a95-1bb953e67ac1/addn_hosts - 2 addresses
Oct 18 11:26:34 gtw01 dnsmasq-dhcp[4120]: read /var/lib/neutron/dhcp/ca9c8f51-b985-4633-8a95-1bb953e67ac1/host
Oct 18 11:26:34 gtw01 dnsmasq-dhcp[4120]: read /var/lib/neutron/dhcp/ca9c8f51-b985-4633-8a95-1bb953e67ac1/opts
Oct 18 11:26:35 gtw01 kernel: [14020.697833] device tap8ff3a48b-50 left promiscuous mode
Oct 18 11:26:37 gtw01 dnsmasq[4120]: read /var/lib/neutron/dhcp/ca9c8f51-b985-4633-8a95-1bb953e67ac1/addn_hosts - 1 addresses
Oct 18 11:26:37 gtw01 dnsmasq-dhcp[4120]: read /var/lib/neutron/dhcp/ca9c8f51-b985-4633-8a95-1bb953e67ac1/host
Oct 18 11:26:37 gtw01 dnsmasq-dhcp[4120]: read /var/lib/neutron/dhcp/ca9c8f51-b985-4633-8a95-1bb953e67ac1/opts
Oct 18 11:26:39 gtw01 kernel: [14024.479446] device tap39a365d1-16 left promiscuous mode
Oct 18 11:27:13 gtw01 dnsmasq[29731]: read /var/lib/neutron/dhcp/d9189733-47f4-49e9-a2df-14942843e3bb/addn_hosts - 3 addresses
Oct 18 11:27:13 gtw01 dnsmasq-dhcp[29731]: read /var/lib/neutron/dhcp/d9189733-47f4-49e9-a2df-14942843e3bb/host
Oct 18 11:27:13 gtw01 dnsmasq-dhcp[29731]: read /var/lib/neutron/dhcp/d9189733-47f4-49e9-a2df-14942843e3bb/opts
Oct 18 11:27:14 gtw01 dnsmasq[29731]: read /var/lib/neutron/dhcp/d9189733-47f4-49e9-a2df-14942843e3bb/addn_hosts - 4 addresses
Oct 18 11:27:14 gtw01 dnsmasq-dhcp[29731]: read /var/lib/neutron/dhcp/d9189733-47f4-49e9-a2df-14942843e3bb/host
Oct 18 11:27:14 gtw01 dnsmasq-dhcp[29731]: read /var/lib/neutron/dhcp/d9189733-47f4-49e9-a2df-14942843e3bb/opts
Oct 18 11:27:15 gtw01 dnsmasq[29731]: read /var/lib/neutron/dhcp/d9189733-47f4-49e9-a2df-14942843e3bb/addn_hosts - 4 addresses
Oct 18 11:27:15 gtw01 dnsmasq-dhcp[29731]: read /var/lib/neutron/dhcp/d9189733-47f4-49e9-a2df-14942843e3bb/host
Oct 18 11:27:15 gtw01 dnsmasq-dhcp[29731]: read /var/lib/neutron/dhcp/d9189733-47f4-49e9-a2df-14942843e3bb/opts
Oct 18 11:27:16 gtw01 dnsmasq[29731]: read /var/lib/neutron/dhcp/d9189733-47f4-49e9-a2df-14942843e3bb/addn_hosts - 5 addresses
Oct 18 11:27:16 gtw01 dnsmasq-dhcp[29731]: read /var/lib/neutron/dhcp/d9189733-47f4-49e9-a2df-14942843e3bb/host
Oct 18 11:27:16 gtw01 dnsmasq-dhcp[29731]: read /var/lib/neutron/dhcp/d9189733-47f4-49e9-a2df-14942843e3bb/opts
Oct 18 11:27:17 gtw01 dnsmasq[29731]: read /var/lib/neutron/dhcp/d9189733-47f4-49e9-a2df-14942843e3bb/addn_hosts - 6 addresses
Oct 18 11:27:17 gtw01 dnsmasq-dhcp[29731]: read /var/lib/neutron/dhcp/d9189733-47f4-49e9-a2df-14942843e3bb/host
Oct 18 11:27:17 gtw01 dnsmasq-dhcp[29731]: read /var/lib/neutron/dhcp/d9189733-47f4-49e9-a2df-14942843e3bb/opts
Oct 18 11:27:19 gtw01 dnsmasq[29731]: read /var/lib/neutron/dhcp/d9189733-47f4-49e9-a2df-14942843e3bb/addn_hosts - 6 addresses
Oct 18 11:27:19 gtw01 dnsmasq-dhcp[29731]: read /var/lib/neutron/dhcp/d9189733-47f4-49e9-a2df-14942843e3bb/host
Oct 18 11:27:19 gtw01 dnsmasq-dhcp[29731]: read /var/lib/neutron/dhcp/d9189733-47f4-49e9-a2df-14942843e3bb/opts
Oct 18 11:27:20 gtw01 dnsmasq[29731]: read /var/lib/neutron/dhcp/d9189733-47f4-49e9-a2df-14942843e3bb/addn_hosts - 6 addresses
Oct 18 11:27:20 gtw01 dnsmasq-dhcp[29731]: read /var/lib/neutron/dhcp/d9189733-47f4-49e9-a2df-14942843e3bb/host
Oct 18 11:27:20 gtw01 dnsmasq-dhcp[29731]: read /var/lib/neutron/dhcp/d9189733-47f4-49e9-a2df-14942843e3bb/opts
Oct 18 11:27:21 gtw01 dnsmasq[29731]: read /var/lib/neutron/dhcp/d9189733-47f4-49e9-a2df-14942843e3bb/addn_hosts - 6 addresses
Oct 18 11:27:21 gtw01 dnsmasq-dhcp[29731]: read /var/lib/neutron/dhcp/d9189733-47f4-49e9-a2df-14942843e3bb/host
Oct 18 11:27:21 gtw01 dnsmasq-dhcp[29731]: read /var/lib/neutron/dhcp/d9189733-47f4-49e9-a2df-14942843e3bb/opts
Oct 18 11:27:22 gtw01 dnsmasq[29731]: read /var/lib/neutron/dhcp/d9189733-47f4-49e9-a2df-14942843e3bb/addn_hosts - 6 addresses
Oct 18 11:27:22 gtw01 dnsmasq-dhcp[29731]: read /var/lib/neutron/dhcp/d9189733-47f4-49e9-a2df-14942843e3bb/host
Oct 18 11:27:22 gtw01 dnsmasq-dhcp[29731]: read /var/lib/neutron/dhcp/d9189733-47f4-49e9-a2df-14942843e3bb/opts
Oct 18 11:27:23 gtw01 dnsmasq[29731]: read /var/lib/neutron/dhcp/d9189733-47f4-49e9-a2df-14942843e3bb/addn_hosts - 6 addresses
Oct 18 11:27:23 gtw01 dnsmasq-dhcp[29731]: read /var/lib/neutron/dhcp/d9189733-47f4-49e9-a2df-14942843e3bb/host
Oct 18 11:27:23 gtw01 dnsmasq-dhcp[29731]: read /var/lib/neutron/dhcp/d9189733-47f4-49e9-a2df-14942843e3bb/opts
Oct 18 11:27:24 gtw01 dnsmasq[29731]: read /var/lib/neutron/dhcp/d9189733-47f4-49e9-a2df-14942843e3bb/addn_hosts - 6 addresses
Oct 18 11:27:24 gtw01 dnsmasq-dhcp[29731]: read /var/lib/neutron/dhcp/d9189733-47f4-49e9-a2df-14942843e3bb/host
Oct 18 11:27:24 gtw01 dnsmasq-dhcp[29731]: read /var/lib/neutron/dhcp/d9189733-47f4-49e9-a2df-14942843e3bb/opts
Oct 18 11:27:25 gtw01 dnsmasq[29731]: read /var/lib/neutron/dhcp/d9189733-47f4-49e9-a2df-14942843e3bb/addn_hosts - 6 addresses
Oct 18 11:27:25 gtw01 dnsmasq-dhcp[29731]: read /var/lib/neutron/dhcp/d9189733-47f4-49e9-a2df-14942843e3bb/host
Oct 18 11:27:25 gtw01 dnsmasq-dhcp[29731]: read /var/lib/neutron/dhcp/d9189733-47f4-49e9-a2df-14942843e3bb/opts
Oct 18 11:27:32 gtw01 dnsmasq-dhcp[29731]: DHCPDISCOVER(tapc9c4c5fc-c3) fa:16:3e:59:73:4b
Oct 18 11:27:32 gtw01 dnsmasq-dhcp[29731]: DHCPOFFER(tapc9c4c5fc-c3) 192.168.120.32 fa:16:3e:59:73:4b
Oct 18 11:27:32 gtw01 dnsmasq-dhcp[29731]: DHCPREQUEST(tapc9c4c5fc-c3) 192.168.120.32 fa:16:3e:59:73:4b
Oct 18 11:27:32 gtw01 dnsmasq-dhcp[29731]: DHCPACK(tapc9c4c5fc-c3) 192.168.120.32 fa:16:3e:59:73:4b host-192-168-120-32
Oct 18 11:27:35 gtw01 dnsmasq-dhcp[29731]: DHCPDISCOVER(tapc9c4c5fc-c3) fa:16:3e:42:c3:e1
Oct 18 11:27:35 gtw01 dnsmasq-dhcp[29731]: DHCPOFFER(tapc9c4c5fc-c3) 192.168.120.10 fa:16:3e:42:c3:e1
Oct 18 11:27:35 gtw01 dnsmasq-dhcp[29731]: DHCPREQUEST(tapc9c4c5fc-c3) 192.168.120.10 fa:16:3e:42:c3:e1
Oct 18 11:27:35 gtw01 dnsmasq-dhcp[29731]: DHCPACK(tapc9c4c5fc-c3) 192.168.120.10 fa:16:3e:42:c3:e1 host-192-168-120-10
Oct 18 11:27:35 gtw01 dnsmasq-dhcp[29731]: DHCPDISCOVER(tapc9c4c5fc-c3) fa:16:3e:b9:ca:60
Oct 18 11:27:35 gtw01 dnsmasq-dhcp[29731]: DHCPOFFER(tapc9c4c5fc-c3) 192.168.120.21 fa:16:3e:b9:ca:60
Oct 18 11:27:35 gtw01 dnsmasq-dhcp[29731]: DHCPREQUEST(tapc9c4c5fc-c3) 192.168.120.21 fa:16:3e:b9:ca:60
Oct 18 11:27:35 gtw01 dnsmasq-dhcp[29731]: DHCPACK(tapc9c4c5fc-c3) 192.168.120.21 fa:16:3e:b9:ca:60 host-192-168-120-21
Oct 18 11:27:35 gtw01 dnsmasq-dhcp[29731]: DHCPDISCOVER(tapc9c4c5fc-c3) fa:16:3e:90:03:74
Oct 18 11:27:35 gtw01 dnsmasq-dhcp[29731]: DHCPOFFER(tapc9c4c5fc-c3) 192.168.120.13 fa:16:3e:90:03:74
Oct 18 11:27:35 gtw01 dnsmasq-dhcp[29731]: DHCPREQUEST(tapc9c4c5fc-c3) 192.168.120.13 fa:16:3e:90:03:74
Oct 18 11:27:35 gtw01 dnsmasq-dhcp[29731]: DHCPACK(tapc9c4c5fc-c3) 192.168.120.13 fa:16:3e:90:03:74 host-192-168-120-13
Oct 18 11:27:37 gtw01 dnsmasq-dhcp[29731]: DHCPRELEASE(tapc9c4c5fc-c3) 192.168.120.32 fa:16:3e:59:73:4b
Oct 18 11:27:38 gtw01 dnsmasq-dhcp[29731]: DHCPRELEASE(tapc9c4c5fc-c3) 192.168.120.32 fa:16:3e:59:73:4b unknown lease
Oct 18 11:27:39 gtw01 dnsmasq[29731]: read /var/lib/neutron/dhcp/d9189733-47f4-49e9-a2df-14942843e3bb/addn_hosts - 5 addresses
Oct 18 11:27:39 gtw01 dnsmasq-dhcp[29731]: read /var/lib/neutron/dhcp/d9189733-47f4-49e9-a2df-14942843e3bb/host
Oct 18 11:27:39 gtw01 dnsmasq-dhcp[29731]: read /var/lib/neutron/dhcp/d9189733-47f4-49e9-a2df-14942843e3bb/opts
Oct 18 11:27:40 gtw01 dnsmasq-dhcp[29731]: DHCPRELEASE(tapc9c4c5fc-c3) 192.168.120.13 fa:16:3e:90:03:74
Oct 18 11:27:40 gtw01 dnsmasq-dhcp[29731]: DHCPRELEASE(tapc9c4c5fc-c3) 192.168.120.13 fa:16:3e:90:03:74 unknown lease
Oct 18 11:27:41 gtw01 dnsmasq[29731]: read /var/lib/neutron/dhcp/d9189733-47f4-49e9-a2df-14942843e3bb/addn_hosts - 4 addresses
Oct 18 11:27:41 gtw01 dnsmasq-dhcp[29731]: read /var/lib/neutron/dhcp/d9189733-47f4-49e9-a2df-14942843e3bb/host
Oct 18 11:27:41 gtw01 dnsmasq-dhcp[29731]: read /var/lib/neutron/dhcp/d9189733-47f4-49e9-a2df-14942843e3bb/opts
Oct 18 11:27:42 gtw01 dnsmasq-dhcp[29731]: DHCPRELEASE(tapc9c4c5fc-c3) 192.168.120.21 fa:16:3e:b9:ca:60
Oct 18 11:27:42 gtw01 dnsmasq-dhcp[29731]: DHCPRELEASE(tapc9c4c5fc-c3) 192.168.120.21 fa:16:3e:b9:ca:60 unknown lease
Oct 18 11:27:43 gtw01 dnsmasq[29731]: read /var/lib/neutron/dhcp/d9189733-47f4-49e9-a2df-14942843e3bb/addn_hosts - 3 addresses
Oct 18 11:27:43 gtw01 dnsmasq-dhcp[29731]: read /var/lib/neutron/dhcp/d9189733-47f4-49e9-a2df-14942843e3bb/host
Oct 18 11:27:43 gtw01 dnsmasq-dhcp[29731]: read /var/lib/neutron/dhcp/d9189733-47f4-49e9-a2df-14942843e3bb/opts
Oct 18 11:27:44 gtw01 dnsmasq-dhcp[29731]: DHCPRELEASE(tapc9c4c5fc-c3) 192.168.120.10 fa:16:3e:42:c3:e1
Oct 18 11:27:44 gtw01 dnsmasq-dhcp[29731]: DHCPRELEASE(tapc9c4c5fc-c3) 192.168.120.10 fa:16:3e:42:c3:e1 unknown lease
Oct 18 11:27:45 gtw01 dnsmasq[29731]: read /var/lib/neutron/dhcp/d9189733-47f4-49e9-a2df-14942843e3bb/addn_hosts - 2 addresses
Oct 18 11:27:45 gtw01 dnsmasq-dhcp[29731]: read /var/lib/neutron/dhcp/d9189733-47f4-49e9-a2df-14942843e3bb/host
Oct 18 11:27:45 gtw01 dnsmasq-dhcp[29731]: read /var/lib/neutron/dhcp/d9189733-47f4-49e9-a2df-14942843e3bb/opts
Oct 18 11:27:49 gtw01 dnsmasq[29731]: read /var/lib/neutron/dhcp/d9189733-47f4-49e9-a2df-14942843e3bb/addn_hosts - 3 addresses
Oct 18 11:27:49 gtw01 dnsmasq-dhcp[29731]: read /var/lib/neutron/dhcp/d9189733-47f4-49e9-a2df-14942843e3bb/host
Oct 18 11:27:49 gtw01 dnsmasq-dhcp[29731]: read /var/lib/neutron/dhcp/d9189733-47f4-49e9-a2df-14942843e3bb/opts
Oct 18 11:27:50 gtw01 dnsmasq[29731]: read /var/lib/neutron/dhcp/d9189733-47f4-49e9-a2df-14942843e3bb/addn_hosts - 3 addresses
Oct 18 11:27:50 gtw01 dnsmasq-dhcp[29731]: read /var/lib/neutron/dhcp/d9189733-47f4-49e9-a2df-14942843e3bb/host
Oct 18 11:27:50 gtw01 dnsmasq-dhcp[29731]: read /var/lib/neutron/dhcp/d9189733-47f4-49e9-a2df-14942843e3bb/opts
Oct 18 11:27:51 gtw01 dnsmasq[29731]: read /var/lib/neutron/dhcp/d9189733-47f4-49e9-a2df-14942843e3bb/addn_hosts - 3 addresses
Oct 18 11:27:51 gtw01 dnsmasq-dhcp[29731]: read /var/lib/neutron/dhcp/d9189733-47f4-49e9-a2df-14942843e3bb/host
Oct 18 11:27:51 gtw01 dnsmasq-dhcp[29731]: read /var/lib/neutron/dhcp/d9189733-47f4-49e9-a2df-14942843e3bb/opts
Oct 18 11:27:52 gtw01 dnsmasq[29731]: read /var/lib/neutron/dhcp/d9189733-47f4-49e9-a2df-14942843e3bb/addn_hosts - 4 addresses
Oct 18 11:27:52 gtw01 dnsmasq-dhcp[29731]: read /var/lib/neutron/dhcp/d9189733-47f4-49e9-a2df-14942843e3bb/host
Oct 18 11:27:52 gtw01 dnsmasq-dhcp[29731]: read /var/lib/neutron/dhcp/d9189733-47f4-49e9-a2df-14942843e3bb/opts
Oct 18 11:27:53 gtw01 dnsmasq[29731]: read /var/lib/neutron/dhcp/d9189733-47f4-49e9-a2df-14942843e3bb/addn_hosts - 5 addresses
Oct 18 11:27:53 gtw01 dnsmasq-dhcp[29731]: read /var/lib/neutron/dhcp/d9189733-47f4-49e9-a2df-14942843e3bb/host
Oct 18 11:27:53 gtw01 dnsmasq-dhcp[29731]: read /var/lib/neutron/dhcp/d9189733-47f4-49e9-a2df-14942843e3bb/opts
Oct 18 11:27:54 gtw01 dnsmasq[29731]: read /var/lib/neutron/dhcp/d9189733-47f4-49e9-a2df-14942843e3bb/addn_hosts - 6 addresses
Oct 18 11:27:54 gtw01 dnsmasq-dhcp[29731]: read /var/lib/neutron/dhcp/d9189733-47f4-49e9-a2df-14942843e3bb/host
Oct 18 11:27:54 gtw01 dnsmasq-dhcp[29731]: read /var/lib/neutron/dhcp/d9189733-47f4-49e9-a2df-14942843e3bb/opts
Oct 18 11:27:55 gtw01 dnsmasq[29731]: read /var/lib/neutron/dhcp/d9189733-47f4-49e9-a2df-14942843e3bb/addn_hosts - 6 addresses
Oct 18 11:27:55 gtw01 dnsmasq-dhcp[29731]: read /var/lib/neutron/dhcp/d9189733-47f4-49e9-a2df-14942843e3bb/host
Oct 18 11:27:55 gtw01 dnsmasq-dhcp[29731]: read /var/lib/neutron/dhcp/d9189733-47f4-49e9-a2df-14942843e3bb/opts
Oct 18 11:27:56 gtw01 dnsmasq[29731]: read /var/lib/neutron/dhcp/d9189733-47f4-49e9-a2df-14942843e3bb/addn_hosts - 6 addresses
Oct 18 11:27:56 gtw01 dnsmasq-dhcp[29731]: read /var/lib/neutron/dhcp/d9189733-47f4-49e9-a2df-14942843e3bb/host
Oct 18 11:27:56 gtw01 dnsmasq-dhcp[29731]: read /var/lib/neutron/dhcp/d9189733-47f4-49e9-a2df-14942843e3bb/opts
Oct 18 11:27:57 gtw01 dnsmasq[29731]: read /var/lib/neutron/dhcp/d9189733-47f4-49e9-a2df-14942843e3bb/addn_hosts - 6 addresses
Oct 18 11:27:57 gtw01 dnsmasq-dhcp[29731]: read /var/lib/neutron/dhcp/d9189733-47f4-49e9-a2df-14942843e3bb/host
Oct 18 11:27:57 gtw01 dnsmasq-dhcp[29731]: read /var/lib/neutron/dhcp/d9189733-47f4-49e9-a2df-14942843e3bb/opts
Oct 18 11:27:58 gtw01 dnsmasq[29731]: read /var/lib/neutron/dhcp/d9189733-47f4-49e9-a2df-14942843e3bb/addn_hosts - 6 addresses
Oct 18 11:27:58 gtw01 dnsmasq-dhcp[29731]: read /var/lib/neutron/dhcp/d9189733-47f4-49e9-a2df-14942843e3bb/host
Oct 18 11:27:58 gtw01 dnsmasq-dhcp[29731]: read /var/lib/neutron/dhcp/d9189733-47f4-49e9-a2df-14942843e3bb/opts
Oct 18 11:27:59 gtw01 dnsmasq[29731]: read /var/lib/neutron/dhcp/d9189733-47f4-49e9-a2df-14942843e3bb/addn_hosts - 6 addresses
Oct 18 11:27:59 gtw01 dnsmasq-dhcp[29731]: read /var/lib/neutron/dhcp/d9189733-47f4-49e9-a2df-14942843e3bb/host
Oct 18 11:27:59 gtw01 dnsmasq-dhcp[29731]: read /var/lib/neutron/dhcp/d9189733-47f4-49e9-a2df-14942843e3bb/opts
Oct 18 11:28:01 gtw01 dnsmasq[29731]: read /var/lib/neutron/dhcp/d9189733-47f4-49e9-a2df-14942843e3bb/addn_hosts - 6 addresses
Oct 18 11:28:01 gtw01 dnsmasq-dhcp[29731]: read /var/lib/neutron/dhcp/d9189733-47f4-49e9-a2df-14942843e3bb/host
Oct 18 11:28:01 gtw01 dnsmasq-dhcp[29731]: read /var/lib/neutron/dhcp/d9189733-47f4-49e9-a2df-14942843e3bb/opts
Oct 18 11:28:05 gtw01 dnsmasq-dhcp[29731]: DHCPDISCOVER(tapc9c4c5fc-c3) fa:16:3e:1d:52:42
Oct 18 11:28:05 gtw01 dnsmasq-dhcp[29731]: DHCPOFFER(tapc9c4c5fc-c3) 192.168.120.4 fa:16:3e:1d:52:42
Oct 18 11:28:05 gtw01 dnsmasq-dhcp[29731]: DHCPREQUEST(tapc9c4c5fc-c3) 192.168.120.4 fa:16:3e:1d:52:42
Oct 18 11:28:05 gtw01 dnsmasq-dhcp[29731]: DHCPACK(tapc9c4c5fc-c3) 192.168.120.4 fa:16:3e:1d:52:42 host-192-168-120-4
Oct 18 11:28:07 gtw01 dnsmasq-dhcp[29731]: DHCPDISCOVER(tapc9c4c5fc-c3) fa:16:3e:7f:b3:e0
Oct 18 11:28:07 gtw01 dnsmasq-dhcp[29731]: DHCPOFFER(tapc9c4c5fc-c3) 192.168.120.24 fa:16:3e:7f:b3:e0
Oct 18 11:28:07 gtw01 dnsmasq-dhcp[29731]: DHCPREQUEST(tapc9c4c5fc-c3) 192.168.120.24 fa:16:3e:7f:b3:e0
Oct 18 11:28:07 gtw01 dnsmasq-dhcp[29731]: DHCPACK(tapc9c4c5fc-c3) 192.168.120.24 fa:16:3e:7f:b3:e0 host-192-168-120-24
Oct 18 11:28:10 gtw01 dnsmasq-dhcp[29731]: DHCPDISCOVER(tapc9c4c5fc-c3) fa:16:3e:00:e0:37
Oct 18 11:28:10 gtw01 dnsmasq-dhcp[29731]: DHCPOFFER(tapc9c4c5fc-c3) 192.168.120.11 fa:16:3e:00:e0:37
Oct 18 11:28:10 gtw01 dnsmasq-dhcp[29731]: DHCPREQUEST(tapc9c4c5fc-c3) 192.168.120.11 fa:16:3e:00:e0:37
Oct 18 11:28:10 gtw01 dnsmasq-dhcp[29731]: DHCPACK(tapc9c4c5fc-c3) 192.168.120.11 fa:16:3e:00:e0:37 host-192-168-120-11
Oct 18 11:28:10 gtw01 dnsmasq-dhcp[29731]: DHCPDISCOVER(tapc9c4c5fc-c3) fa:16:3e:0c:25:cb
Oct 18 11:28:10 gtw01 dnsmasq-dhcp[29731]: DHCPOFFER(tapc9c4c5fc-c3) 192.168.120.16 fa:16:3e:0c:25:cb
Oct 18 11:28:10 gtw01 dnsmasq-dhcp[29731]: DHCPREQUEST(tapc9c4c5fc-c3) 192.168.120.16 fa:16:3e:0c:25:cb
Oct 18 11:28:10 gtw01 dnsmasq-dhcp[29731]: DHCPACK(tapc9c4c5fc-c3) 192.168.120.16 fa:16:3e:0c:25:cb host-192-168-120-16
Oct 18 11:28:11 gtw01 dnsmasq-dhcp[29731]: DHCPRELEASE(tapc9c4c5fc-c3) 192.168.120.4 fa:16:3e:1d:52:42
Oct 18 11:28:11 gtw01 dnsmasq-dhcp[29731]: DHCPRELEASE(tapc9c4c5fc-c3) 192.168.120.4 fa:16:3e:1d:52:42 unknown lease
Oct 18 11:28:12 gtw01 dnsmasq[29731]: read /var/lib/neutron/dhcp/d9189733-47f4-49e9-a2df-14942843e3bb/addn_hosts - 5 addresses
Oct 18 11:28:12 gtw01 dnsmasq-dhcp[29731]: read /var/lib/neutron/dhcp/d9189733-47f4-49e9-a2df-14942843e3bb/host
Oct 18 11:28:12 gtw01 dnsmasq-dhcp[29731]: read /var/lib/neutron/dhcp/d9189733-47f4-49e9-a2df-14942843e3bb/opts
Oct 18 11:28:13 gtw01 dnsmasq-dhcp[29731]: DHCPRELEASE(tapc9c4c5fc-c3) 192.168.120.24 fa:16:3e:7f:b3:e0
Oct 18 11:28:14 gtw01 dnsmasq-dhcp[29731]: DHCPRELEASE(tapc9c4c5fc-c3) 192.168.120.24 fa:16:3e:7f:b3:e0 unknown lease
Oct 18 11:28:15 gtw01 dnsmasq[29731]: read /var/lib/neutron/dhcp/d9189733-47f4-49e9-a2df-14942843e3bb/addn_hosts - 4 addresses
Oct 18 11:28:15 gtw01 dnsmasq-dhcp[29731]: read /var/lib/neutron/dhcp/d9189733-47f4-49e9-a2df-14942843e3bb/host
Oct 18 11:28:15 gtw01 dnsmasq-dhcp[29731]: read /var/lib/neutron/dhcp/d9189733-47f4-49e9-a2df-14942843e3bb/opts
Oct 18 11:28:15 gtw01 dnsmasq-dhcp[29731]: DHCPRELEASE(tapc9c4c5fc-c3) 192.168.120.11 fa:16:3e:00:e0:37
Oct 18 11:28:16 gtw01 dnsmasq-dhcp[29731]: DHCPRELEASE(tapc9c4c5fc-c3) 192.168.120.11 fa:16:3e:00:e0:37 unknown lease
Oct 18 11:28:16 gtw01 dnsmasq[29731]: read /var/lib/neutron/dhcp/d9189733-47f4-49e9-a2df-14942843e3bb/addn_hosts - 3 addresses
Oct 18 11:28:16 gtw01 dnsmasq-dhcp[29731]: read /var/lib/neutron/dhcp/d9189733-47f4-49e9-a2df-14942843e3bb/host
Oct 18 11:28:16 gtw01 dnsmasq-dhcp[29731]: read /var/lib/neutron/dhcp/d9189733-47f4-49e9-a2df-14942843e3bb/opts
Oct 18 11:28:17 gtw01 dnsmasq-dhcp[29731]: DHCPRELEASE(tapc9c4c5fc-c3) 192.168.120.16 fa:16:3e:0c:25:cb
Oct 18 11:28:18 gtw01 dnsmasq-dhcp[29731]: DHCPRELEASE(tapc9c4c5fc-c3) 192.168.120.16 fa:16:3e:0c:25:cb unknown lease
Oct 18 11:28:18 gtw01 dnsmasq[29731]: read /var/lib/neutron/dhcp/d9189733-47f4-49e9-a2df-14942843e3bb/addn_hosts - 2 addresses
Oct 18 11:28:18 gtw01 dnsmasq-dhcp[29731]: read /var/lib/neutron/dhcp/d9189733-47f4-49e9-a2df-14942843e3bb/host
Oct 18 11:28:18 gtw01 dnsmasq-dhcp[29731]: read /var/lib/neutron/dhcp/d9189733-47f4-49e9-a2df-14942843e3bb/opts
Oct 18 11:28:22 gtw01 dnsmasq[29731]: read /var/lib/neutron/dhcp/d9189733-47f4-49e9-a2df-14942843e3bb/addn_hosts - 3 addresses
Oct 18 11:28:22 gtw01 dnsmasq-dhcp[29731]: read /var/lib/neutron/dhcp/d9189733-47f4-49e9-a2df-14942843e3bb/host
Oct 18 11:28:22 gtw01 dnsmasq-dhcp[29731]: read /var/lib/neutron/dhcp/d9189733-47f4-49e9-a2df-14942843e3bb/opts
Oct 18 11:28:23 gtw01 dnsmasq[29731]: read /var/lib/neutron/dhcp/d9189733-47f4-49e9-a2df-14942843e3bb/addn_hosts - 3 addresses
Oct 18 11:28:23 gtw01 dnsmasq-dhcp[29731]: read /var/lib/neutron/dhcp/d9189733-47f4-49e9-a2df-14942843e3bb/host
Oct 18 11:28:23 gtw01 dnsmasq-dhcp[29731]: read /var/lib/neutron/dhcp/d9189733-47f4-49e9-a2df-14942843e3bb/opts
Oct 18 11:28:24 gtw01 dnsmasq[29731]: read /var/lib/neutron/dhcp/d9189733-47f4-49e9-a2df-14942843e3bb/addn_hosts - 3 addresses
Oct 18 11:28:24 gtw01 dnsmasq-dhcp[29731]: read /var/lib/neutron/dhcp/d9189733-47f4-49e9-a2df-14942843e3bb/host
Oct 18 11:28:24 gtw01 dnsmasq-dhcp[29731]: read /var/lib/neutron/dhcp/d9189733-47f4-49e9-a2df-14942843e3bb/opts
Oct 18 11:28:25 gtw01 dnsmasq[29731]: read /var/lib/neutron/dhcp/d9189733-47f4-49e9-a2df-14942843e3bb/addn_hosts - 4 addresses
Oct 18 11:28:25 gtw01 dnsmasq-dhcp[29731]: read /var/lib/neutron/dhcp/d9189733-47f4-49e9-a2df-14942843e3bb/host
Oct 18 11:28:25 gtw01 dnsmasq-dhcp[29731]: read /var/lib/neutron/dhcp/d9189733-47f4-49e9-a2df-14942843e3bb/opts
Oct 18 11:28:26 gtw01 dnsmasq[29731]: read /var/lib/neutron/dhcp/d9189733-47f4-49e9-a2df-14942843e3bb/addn_hosts - 4 addresses
Oct 18 11:28:26 gtw01 dnsmasq-dhcp[29731]: read /var/lib/neutron/dhcp/d9189733-47f4-49e9-a2df-14942843e3bb/host
Oct 18 11:28:26 gtw01 dnsmasq-dhcp[29731]: read /var/lib/neutron/dhcp/d9189733-47f4-49e9-a2df-14942843e3bb/opts
Oct 18 11:28:27 gtw01 dnsmasq[29731]: read /var/lib/neutron/dhcp/d9189733-47f4-49e9-a2df-14942843e3bb/addn_hosts - 4 addresses
Oct 18 11:28:27 gtw01 dnsmasq-dhcp[29731]: read /var/lib/neutron/dhcp/d9189733-47f4-49e9-a2df-14942843e3bb/host
Oct 18 11:28:27 gtw01 dnsmasq-dhcp[29731]: read /var/lib/neutron/dhcp/d9189733-47f4-49e9-a2df-14942843e3bb/opts
Oct 18 11:28:38 gtw01 dnsmasq-dhcp[29731]: DHCPDISCOVER(tapc9c4c5fc-c3) fa:16:3e:5f:9a:01
Oct 18 11:28:38 gtw01 dnsmasq-dhcp[29731]: DHCPOFFER(tapc9c4c5fc-c3) 192.168.120.23 fa:16:3e:5f:9a:01
Oct 18 11:28:38 gtw01 dnsmasq-dhcp[29731]: DHCPREQUEST(tapc9c4c5fc-c3) 192.168.120.23 fa:16:3e:5f:9a:01
Oct 18 11:28:38 gtw01 dnsmasq-dhcp[29731]: DHCPACK(tapc9c4c5fc-c3) 192.168.120.23 fa:16:3e:5f:9a:01 host-192-168-120-23
Oct 18 11:28:40 gtw01 dnsmasq-dhcp[29731]: DHCPDISCOVER(tapc9c4c5fc-c3) fa:16:3e:4f:4c:67
Oct 18 11:28:40 gtw01 dnsmasq-dhcp[29731]: DHCPOFFER(tapc9c4c5fc-c3) 192.168.120.17 fa:16:3e:4f:4c:67
Oct 18 11:28:40 gtw01 dnsmasq-dhcp[29731]: DHCPREQUEST(tapc9c4c5fc-c3) 192.168.120.17 fa:16:3e:4f:4c:67
Oct 18 11:28:40 gtw01 dnsmasq-dhcp[29731]: DHCPACK(tapc9c4c5fc-c3) 192.168.120.17 fa:16:3e:4f:4c:67 host-192-168-120-17
Oct 18 11:28:42 gtw01 dnsmasq-dhcp[29731]: DHCPRELEASE(tapc9c4c5fc-c3) 192.168.120.23 fa:16:3e:5f:9a:01
Oct 18 11:28:42 gtw01 dnsmasq-dhcp[29731]: DHCPRELEASE(tapc9c4c5fc-c3) 192.168.120.23 fa:16:3e:5f:9a:01 unknown lease
Oct 18 11:28:43 gtw01 dnsmasq[29731]: read /var/lib/neutron/dhcp/d9189733-47f4-49e9-a2df-14942843e3bb/addn_hosts - 3 addresses
Oct 18 11:28:43 gtw01 dnsmasq-dhcp[29731]: read /var/lib/neutron/dhcp/d9189733-47f4-49e9-a2df-14942843e3bb/host
Oct 18 11:28:43 gtw01 dnsmasq-dhcp[29731]: read /var/lib/neutron/dhcp/d9189733-47f4-49e9-a2df-14942843e3bb/opts
Oct 18 11:28:44 gtw01 dnsmasq-dhcp[29731]: DHCPRELEASE(tapc9c4c5fc-c3) 192.168.120.17 fa:16:3e:4f:4c:67
Oct 18 11:28:44 gtw01 dnsmasq-dhcp[29731]: DHCPRELEASE(tapc9c4c5fc-c3) 192.168.120.17 fa:16:3e:4f:4c:67 unknown lease
Oct 18 11:28:45 gtw01 dnsmasq[29731]: read /var/lib/neutron/dhcp/d9189733-47f4-49e9-a2df-14942843e3bb/addn_hosts - 2 addresses
Oct 18 11:28:45 gtw01 dnsmasq-dhcp[29731]: read /var/lib/neutron/dhcp/d9189733-47f4-49e9-a2df-14942843e3bb/host
Oct 18 11:28:45 gtw01 dnsmasq-dhcp[29731]: read /var/lib/neutron/dhcp/d9189733-47f4-49e9-a2df-14942843e3bb/opts
Oct 18 11:35:06 gtw01 salt-minion[6120]: [INFO    ] Running scheduled job: __mine_interval
Oct 18 11:44:04 gtw01 kernel: [15069.262056] device tap094d4fa5-02 entered promiscuous mode
Oct 18 11:44:04 gtw01 systemd-udevd[5219]: Could not generate persistent MAC address for tap094d4fa5-02: No such file or directory
Oct 18 11:44:04 gtw01 systemd-udevd[5219]: Process '/sbin/ip link set tap094d4fa5-02 txqueuelen 10000' failed with exit code 1.
Oct 18 11:44:04 gtw01 systemd-udevd[5219]: Process '/sbin/ip link set tap094d4fa5-02 txqueuelen 10000' failed with exit code 1.
Oct 18 11:44:05 gtw01 systemd-udevd[5338]: Could not generate persistent MAC address for tap17b5ec08-d2: No such file or directory
Oct 18 11:44:05 gtw01 kernel: [15070.781168] device tap17b5ec08-d2 entered promiscuous mode
Oct 18 11:44:05 gtw01 systemd-udevd[5338]: Process '/sbin/ip link set tap17b5ec08-d2 txqueuelen 10000' failed with exit code 1.
Oct 18 11:44:05 gtw01 systemd-udevd[5338]: Process '/sbin/ip link set tap17b5ec08-d2 txqueuelen 10000' failed with exit code 1.
Oct 18 11:44:07 gtw01 kernel: [15072.544561] device tape2442eb2-76 entered promiscuous mode
Oct 18 11:44:07 gtw01 systemd-udevd[5481]: Process '/sbin/ip link set tape2442eb2-76 txqueuelen 10000' failed with exit code 1.
Oct 18 11:44:07 gtw01 systemd-udevd[5481]: Process '/sbin/ip link set tape2442eb2-76 txqueuelen 10000' failed with exit code 1.
Oct 18 11:44:08 gtw01 dnsmasq[5607]: started, version 2.80 cachesize 150
Oct 18 11:44:08 gtw01 dnsmasq[5607]: DNS service limited to local subnets
Oct 18 11:44:08 gtw01 dnsmasq[5607]: compile time options: IPv6 GNU-getopt DBus i18n IDN DHCP DHCPv6 no-Lua TFTP conntrack ipset auth DNSSEC loop-detect inotify dumpfile
Oct 18 11:44:08 gtw01 dnsmasq[5607]: warning: no upstream servers configured
Oct 18 11:44:08 gtw01 dnsmasq-dhcp[5607]: DHCP, static leases only on 10.2.0.0, lease time 1h
Oct 18 11:44:09 gtw01 dnsmasq[5607]: read /var/lib/neutron/dhcp/86991ea8-7f5e-44ed-82ec-6af4374b4773/addn_hosts - 1 addresses
Oct 18 11:44:09 gtw01 dnsmasq-dhcp[5607]: read /var/lib/neutron/dhcp/86991ea8-7f5e-44ed-82ec-6af4374b4773/host
Oct 18 11:44:09 gtw01 dnsmasq-dhcp[5607]: read /var/lib/neutron/dhcp/86991ea8-7f5e-44ed-82ec-6af4374b4773/opts
Oct 18 11:44:09 gtw01 haproxy-metadata-proxy-86991ea8-7f5e-44ed-82ec-6af4374b4773[5619]: Proxy listener started.
Oct 18 11:44:10 gtw01 dnsmasq[5655]: started, version 2.80 cachesize 150
Oct 18 11:44:10 gtw01 dnsmasq[5655]: DNS service limited to local subnets
Oct 18 11:44:10 gtw01 dnsmasq[5655]: compile time options: IPv6 GNU-getopt DBus i18n IDN DHCP DHCPv6 no-Lua TFTP conntrack ipset auth DNSSEC loop-detect inotify dumpfile
Oct 18 11:44:10 gtw01 dnsmasq[5655]: warning: no upstream servers configured
Oct 18 11:44:10 gtw01 dnsmasq-dhcp[5655]: DHCP, static leases only on 10.2.1.0, lease time 1h
Oct 18 11:44:10 gtw01 dnsmasq[5655]: read /var/lib/neutron/dhcp/a8c6e605-544a-4d97-ab9b-05a29cea20e9/addn_hosts - 1 addresses
Oct 18 11:44:10 gtw01 dnsmasq-dhcp[5655]: read /var/lib/neutron/dhcp/a8c6e605-544a-4d97-ab9b-05a29cea20e9/host
Oct 18 11:44:10 gtw01 dnsmasq-dhcp[5655]: read /var/lib/neutron/dhcp/a8c6e605-544a-4d97-ab9b-05a29cea20e9/opts
Oct 18 11:44:10 gtw01 dnsmasq[5607]: read /var/lib/neutron/dhcp/86991ea8-7f5e-44ed-82ec-6af4374b4773/addn_hosts - 3 addresses
Oct 18 11:44:10 gtw01 dnsmasq-dhcp[5607]: read /var/lib/neutron/dhcp/86991ea8-7f5e-44ed-82ec-6af4374b4773/host
Oct 18 11:44:10 gtw01 dnsmasq-dhcp[5607]: read /var/lib/neutron/dhcp/86991ea8-7f5e-44ed-82ec-6af4374b4773/opts
Oct 18 11:44:10 gtw01 haproxy-metadata-proxy-a8c6e605-544a-4d97-ab9b-05a29cea20e9[5665]: Proxy listener started.
Oct 18 11:44:11 gtw01 dnsmasq[5607]: read /var/lib/neutron/dhcp/86991ea8-7f5e-44ed-82ec-6af4374b4773/addn_hosts - 3 addresses
Oct 18 11:44:11 gtw01 dnsmasq-dhcp[5607]: read /var/lib/neutron/dhcp/86991ea8-7f5e-44ed-82ec-6af4374b4773/host
Oct 18 11:44:11 gtw01 dnsmasq-dhcp[5607]: read /var/lib/neutron/dhcp/86991ea8-7f5e-44ed-82ec-6af4374b4773/opts
Oct 18 11:44:11 gtw01 dnsmasq[5655]: read /var/lib/neutron/dhcp/a8c6e605-544a-4d97-ab9b-05a29cea20e9/addn_hosts - 4 addresses
Oct 18 11:44:11 gtw01 dnsmasq-dhcp[5655]: read /var/lib/neutron/dhcp/a8c6e605-544a-4d97-ab9b-05a29cea20e9/host
Oct 18 11:44:11 gtw01 dnsmasq-dhcp[5655]: read /var/lib/neutron/dhcp/a8c6e605-544a-4d97-ab9b-05a29cea20e9/opts
Oct 18 11:44:12 gtw01 dnsmasq[5723]: started, version 2.80 cachesize 150
Oct 18 11:44:12 gtw01 dnsmasq[5723]: DNS service limited to local subnets
Oct 18 11:44:12 gtw01 dnsmasq[5723]: compile time options: IPv6 GNU-getopt DBus i18n IDN DHCP DHCPv6 no-Lua TFTP conntrack ipset auth DNSSEC loop-detect inotify dumpfile
Oct 18 11:44:12 gtw01 dnsmasq[5723]: warning: no upstream servers configured
Oct 18 11:44:12 gtw01 dnsmasq-dhcp[5723]: DHCP, static leases only on 10.2.2.0, lease time 1h
Oct 18 11:44:12 gtw01 dnsmasq[5723]: read /var/lib/neutron/dhcp/d730c6cc-135a-4697-b713-b5235ada2830/addn_hosts - 1 addresses
Oct 18 11:44:12 gtw01 dnsmasq-dhcp[5723]: read /var/lib/neutron/dhcp/d730c6cc-135a-4697-b713-b5235ada2830/host
Oct 18 11:44:12 gtw01 dnsmasq-dhcp[5723]: read /var/lib/neutron/dhcp/d730c6cc-135a-4697-b713-b5235ada2830/opts
Oct 18 11:44:12 gtw01 haproxy-metadata-proxy-d730c6cc-135a-4697-b713-b5235ada2830[5733]: Proxy listener started.
Oct 18 11:44:13 gtw01 dnsmasq[5607]: read /var/lib/neutron/dhcp/86991ea8-7f5e-44ed-82ec-6af4374b4773/addn_hosts - 3 addresses
Oct 18 11:44:13 gtw01 dnsmasq-dhcp[5607]: read /var/lib/neutron/dhcp/86991ea8-7f5e-44ed-82ec-6af4374b4773/host
Oct 18 11:44:13 gtw01 dnsmasq-dhcp[5607]: read /var/lib/neutron/dhcp/86991ea8-7f5e-44ed-82ec-6af4374b4773/opts
Oct 18 11:44:13 gtw01 dnsmasq[5655]: read /var/lib/neutron/dhcp/a8c6e605-544a-4d97-ab9b-05a29cea20e9/addn_hosts - 4 addresses
Oct 18 11:44:13 gtw01 dnsmasq-dhcp[5655]: read /var/lib/neutron/dhcp/a8c6e605-544a-4d97-ab9b-05a29cea20e9/host
Oct 18 11:44:13 gtw01 dnsmasq-dhcp[5655]: read /var/lib/neutron/dhcp/a8c6e605-544a-4d97-ab9b-05a29cea20e9/opts
Oct 18 11:44:13 gtw01 dnsmasq[5723]: read /var/lib/neutron/dhcp/d730c6cc-135a-4697-b713-b5235ada2830/addn_hosts - 4 addresses
Oct 18 11:44:13 gtw01 dnsmasq-dhcp[5723]: read /var/lib/neutron/dhcp/d730c6cc-135a-4697-b713-b5235ada2830/host
Oct 18 11:44:13 gtw01 dnsmasq-dhcp[5723]: read /var/lib/neutron/dhcp/d730c6cc-135a-4697-b713-b5235ada2830/opts
Oct 18 11:44:14 gtw01 dnsmasq[5655]: read /var/lib/neutron/dhcp/a8c6e605-544a-4d97-ab9b-05a29cea20e9/addn_hosts - 4 addresses
Oct 18 11:44:14 gtw01 dnsmasq-dhcp[5655]: read /var/lib/neutron/dhcp/a8c6e605-544a-4d97-ab9b-05a29cea20e9/host
Oct 18 11:44:14 gtw01 dnsmasq-dhcp[5655]: read /var/lib/neutron/dhcp/a8c6e605-544a-4d97-ab9b-05a29cea20e9/opts
Oct 18 11:44:14 gtw01 dnsmasq[5607]: read /var/lib/neutron/dhcp/86991ea8-7f5e-44ed-82ec-6af4374b4773/addn_hosts - 3 addresses
Oct 18 11:44:14 gtw01 dnsmasq-dhcp[5607]: read /var/lib/neutron/dhcp/86991ea8-7f5e-44ed-82ec-6af4374b4773/host
Oct 18 11:44:14 gtw01 dnsmasq-dhcp[5607]: read /var/lib/neutron/dhcp/86991ea8-7f5e-44ed-82ec-6af4374b4773/opts
Oct 18 11:44:15 gtw01 dnsmasq[5723]: read /var/lib/neutron/dhcp/d730c6cc-135a-4697-b713-b5235ada2830/addn_hosts - 4 addresses
Oct 18 11:44:15 gtw01 dnsmasq-dhcp[5723]: read /var/lib/neutron/dhcp/d730c6cc-135a-4697-b713-b5235ada2830/host
Oct 18 11:44:15 gtw01 dnsmasq-dhcp[5723]: read /var/lib/neutron/dhcp/d730c6cc-135a-4697-b713-b5235ada2830/opts
Oct 18 11:44:15 gtw01 dnsmasq[5655]: read /var/lib/neutron/dhcp/a8c6e605-544a-4d97-ab9b-05a29cea20e9/addn_hosts - 4 addresses
Oct 18 11:44:15 gtw01 dnsmasq-dhcp[5655]: read /var/lib/neutron/dhcp/a8c6e605-544a-4d97-ab9b-05a29cea20e9/host
Oct 18 11:44:15 gtw01 dnsmasq-dhcp[5655]: read /var/lib/neutron/dhcp/a8c6e605-544a-4d97-ab9b-05a29cea20e9/opts
Oct 18 11:44:15 gtw01 dnsmasq[5607]: read /var/lib/neutron/dhcp/86991ea8-7f5e-44ed-82ec-6af4374b4773/addn_hosts - 3 addresses
Oct 18 11:44:15 gtw01 dnsmasq-dhcp[5607]: read /var/lib/neutron/dhcp/86991ea8-7f5e-44ed-82ec-6af4374b4773/host
Oct 18 11:44:15 gtw01 dnsmasq-dhcp[5607]: read /var/lib/neutron/dhcp/86991ea8-7f5e-44ed-82ec-6af4374b4773/opts
Oct 18 11:44:16 gtw01 dnsmasq[5723]: read /var/lib/neutron/dhcp/d730c6cc-135a-4697-b713-b5235ada2830/addn_hosts - 4 addresses
Oct 18 11:44:16 gtw01 dnsmasq-dhcp[5723]: read /var/lib/neutron/dhcp/d730c6cc-135a-4697-b713-b5235ada2830/host
Oct 18 11:44:16 gtw01 dnsmasq-dhcp[5723]: read /var/lib/neutron/dhcp/d730c6cc-135a-4697-b713-b5235ada2830/opts
Oct 18 11:44:17 gtw01 dnsmasq[5655]: read /var/lib/neutron/dhcp/a8c6e605-544a-4d97-ab9b-05a29cea20e9/addn_hosts - 4 addresses
Oct 18 11:44:17 gtw01 dnsmasq-dhcp[5655]: read /var/lib/neutron/dhcp/a8c6e605-544a-4d97-ab9b-05a29cea20e9/host
Oct 18 11:44:17 gtw01 dnsmasq-dhcp[5655]: read /var/lib/neutron/dhcp/a8c6e605-544a-4d97-ab9b-05a29cea20e9/opts
Oct 18 11:44:17 gtw01 dnsmasq[5607]: read /var/lib/neutron/dhcp/86991ea8-7f5e-44ed-82ec-6af4374b4773/addn_hosts - 3 addresses
Oct 18 11:44:17 gtw01 dnsmasq-dhcp[5607]: read /var/lib/neutron/dhcp/86991ea8-7f5e-44ed-82ec-6af4374b4773/host
Oct 18 11:44:17 gtw01 dnsmasq-dhcp[5607]: read /var/lib/neutron/dhcp/86991ea8-7f5e-44ed-82ec-6af4374b4773/opts
Oct 18 11:44:18 gtw01 dnsmasq[5723]: read /var/lib/neutron/dhcp/d730c6cc-135a-4697-b713-b5235ada2830/addn_hosts - 4 addresses
Oct 18 11:44:18 gtw01 dnsmasq-dhcp[5723]: read /var/lib/neutron/dhcp/d730c6cc-135a-4697-b713-b5235ada2830/host
Oct 18 11:44:18 gtw01 dnsmasq-dhcp[5723]: read /var/lib/neutron/dhcp/d730c6cc-135a-4697-b713-b5235ada2830/opts
Oct 18 11:44:18 gtw01 dnsmasq[5655]: read /var/lib/neutron/dhcp/a8c6e605-544a-4d97-ab9b-05a29cea20e9/addn_hosts - 5 addresses
Oct 18 11:44:18 gtw01 dnsmasq-dhcp[5655]: read /var/lib/neutron/dhcp/a8c6e605-544a-4d97-ab9b-05a29cea20e9/host
Oct 18 11:44:18 gtw01 dnsmasq-dhcp[5655]: read /var/lib/neutron/dhcp/a8c6e605-544a-4d97-ab9b-05a29cea20e9/opts
Oct 18 11:44:18 gtw01 dnsmasq[5607]: read /var/lib/neutron/dhcp/86991ea8-7f5e-44ed-82ec-6af4374b4773/addn_hosts - 3 addresses
Oct 18 11:44:18 gtw01 dnsmasq-dhcp[5607]: read /var/lib/neutron/dhcp/86991ea8-7f5e-44ed-82ec-6af4374b4773/host
Oct 18 11:44:18 gtw01 dnsmasq-dhcp[5607]: read /var/lib/neutron/dhcp/86991ea8-7f5e-44ed-82ec-6af4374b4773/opts
Oct 18 11:44:19 gtw01 dnsmasq[5723]: read /var/lib/neutron/dhcp/d730c6cc-135a-4697-b713-b5235ada2830/addn_hosts - 4 addresses
Oct 18 11:44:19 gtw01 dnsmasq-dhcp[5723]: read /var/lib/neutron/dhcp/d730c6cc-135a-4697-b713-b5235ada2830/host
Oct 18 11:44:19 gtw01 dnsmasq-dhcp[5723]: read /var/lib/neutron/dhcp/d730c6cc-135a-4697-b713-b5235ada2830/opts
Oct 18 11:44:19 gtw01 dnsmasq[5655]: read /var/lib/neutron/dhcp/a8c6e605-544a-4d97-ab9b-05a29cea20e9/addn_hosts - 6 addresses
Oct 18 11:44:19 gtw01 dnsmasq-dhcp[5655]: read /var/lib/neutron/dhcp/a8c6e605-544a-4d97-ab9b-05a29cea20e9/host
Oct 18 11:44:19 gtw01 dnsmasq-dhcp[5655]: read /var/lib/neutron/dhcp/a8c6e605-544a-4d97-ab9b-05a29cea20e9/opts
Oct 18 11:44:20 gtw01 dnsmasq[5723]: read /var/lib/neutron/dhcp/d730c6cc-135a-4697-b713-b5235ada2830/addn_hosts - 4 addresses
Oct 18 11:44:20 gtw01 dnsmasq-dhcp[5723]: read /var/lib/neutron/dhcp/d730c6cc-135a-4697-b713-b5235ada2830/host
Oct 18 11:44:20 gtw01 dnsmasq-dhcp[5723]: read /var/lib/neutron/dhcp/d730c6cc-135a-4697-b713-b5235ada2830/opts
Oct 18 11:44:20 gtw01 dnsmasq[5655]: read /var/lib/neutron/dhcp/a8c6e605-544a-4d97-ab9b-05a29cea20e9/addn_hosts - 6 addresses
Oct 18 11:44:20 gtw01 dnsmasq-dhcp[5655]: read /var/lib/neutron/dhcp/a8c6e605-544a-4d97-ab9b-05a29cea20e9/host
Oct 18 11:44:20 gtw01 dnsmasq-dhcp[5655]: read /var/lib/neutron/dhcp/a8c6e605-544a-4d97-ab9b-05a29cea20e9/opts
Oct 18 11:44:21 gtw01 dnsmasq[5723]: read /var/lib/neutron/dhcp/d730c6cc-135a-4697-b713-b5235ada2830/addn_hosts - 4 addresses
Oct 18 11:44:21 gtw01 dnsmasq-dhcp[5723]: read /var/lib/neutron/dhcp/d730c6cc-135a-4697-b713-b5235ada2830/host
Oct 18 11:44:21 gtw01 dnsmasq-dhcp[5723]: read /var/lib/neutron/dhcp/d730c6cc-135a-4697-b713-b5235ada2830/opts
Oct 18 11:44:21 gtw01 dnsmasq[5655]: read /var/lib/neutron/dhcp/a8c6e605-544a-4d97-ab9b-05a29cea20e9/addn_hosts - 6 addresses
Oct 18 11:44:21 gtw01 dnsmasq-dhcp[5655]: read /var/lib/neutron/dhcp/a8c6e605-544a-4d97-ab9b-05a29cea20e9/host
Oct 18 11:44:21 gtw01 dnsmasq-dhcp[5655]: read /var/lib/neutron/dhcp/a8c6e605-544a-4d97-ab9b-05a29cea20e9/opts
Oct 18 11:44:22 gtw01 dnsmasq[5723]: read /var/lib/neutron/dhcp/d730c6cc-135a-4697-b713-b5235ada2830/addn_hosts - 4 addresses
Oct 18 11:44:22 gtw01 dnsmasq-dhcp[5723]: read /var/lib/neutron/dhcp/d730c6cc-135a-4697-b713-b5235ada2830/host
Oct 18 11:44:22 gtw01 dnsmasq-dhcp[5723]: read /var/lib/neutron/dhcp/d730c6cc-135a-4697-b713-b5235ada2830/opts
Oct 18 11:44:22 gtw01 dnsmasq[5655]: read /var/lib/neutron/dhcp/a8c6e605-544a-4d97-ab9b-05a29cea20e9/addn_hosts - 6 addresses
Oct 18 11:44:22 gtw01 dnsmasq-dhcp[5655]: read /var/lib/neutron/dhcp/a8c6e605-544a-4d97-ab9b-05a29cea20e9/host
Oct 18 11:44:22 gtw01 dnsmasq-dhcp[5655]: read /var/lib/neutron/dhcp/a8c6e605-544a-4d97-ab9b-05a29cea20e9/opts
Oct 18 11:44:23 gtw01 dnsmasq[5723]: read /var/lib/neutron/dhcp/d730c6cc-135a-4697-b713-b5235ada2830/addn_hosts - 4 addresses
Oct 18 11:44:23 gtw01 dnsmasq-dhcp[5723]: read /var/lib/neutron/dhcp/d730c6cc-135a-4697-b713-b5235ada2830/host
Oct 18 11:44:23 gtw01 dnsmasq-dhcp[5723]: read /var/lib/neutron/dhcp/d730c6cc-135a-4697-b713-b5235ada2830/opts
Oct 18 11:44:23 gtw01 dnsmasq[5655]: read /var/lib/neutron/dhcp/a8c6e605-544a-4d97-ab9b-05a29cea20e9/addn_hosts - 6 addresses
Oct 18 11:44:23 gtw01 dnsmasq-dhcp[5655]: read /var/lib/neutron/dhcp/a8c6e605-544a-4d97-ab9b-05a29cea20e9/host
Oct 18 11:44:23 gtw01 dnsmasq-dhcp[5655]: read /var/lib/neutron/dhcp/a8c6e605-544a-4d97-ab9b-05a29cea20e9/opts
Oct 18 11:44:24 gtw01 dnsmasq[5655]: read /var/lib/neutron/dhcp/a8c6e605-544a-4d97-ab9b-05a29cea20e9/addn_hosts - 6 addresses
Oct 18 11:44:24 gtw01 dnsmasq-dhcp[5655]: read /var/lib/neutron/dhcp/a8c6e605-544a-4d97-ab9b-05a29cea20e9/host
Oct 18 11:44:24 gtw01 dnsmasq-dhcp[5655]: read /var/lib/neutron/dhcp/a8c6e605-544a-4d97-ab9b-05a29cea20e9/opts
Oct 18 11:44:25 gtw01 dnsmasq[5655]: read /var/lib/neutron/dhcp/a8c6e605-544a-4d97-ab9b-05a29cea20e9/addn_hosts - 6 addresses
Oct 18 11:44:25 gtw01 dnsmasq-dhcp[5655]: read /var/lib/neutron/dhcp/a8c6e605-544a-4d97-ab9b-05a29cea20e9/host
Oct 18 11:44:25 gtw01 dnsmasq-dhcp[5655]: read /var/lib/neutron/dhcp/a8c6e605-544a-4d97-ab9b-05a29cea20e9/opts
Oct 18 11:44:26 gtw01 dnsmasq[5607]: read /var/lib/neutron/dhcp/86991ea8-7f5e-44ed-82ec-6af4374b4773/addn_hosts - 2 addresses
Oct 18 11:44:26 gtw01 dnsmasq-dhcp[5607]: read /var/lib/neutron/dhcp/86991ea8-7f5e-44ed-82ec-6af4374b4773/host
Oct 18 11:44:26 gtw01 dnsmasq-dhcp[5607]: read /var/lib/neutron/dhcp/86991ea8-7f5e-44ed-82ec-6af4374b4773/opts
Oct 18 11:44:26 gtw01 dnsmasq[5655]: read /var/lib/neutron/dhcp/a8c6e605-544a-4d97-ab9b-05a29cea20e9/addn_hosts - 5 addresses
Oct 18 11:44:26 gtw01 dnsmasq-dhcp[5655]: read /var/lib/neutron/dhcp/a8c6e605-544a-4d97-ab9b-05a29cea20e9/host
Oct 18 11:44:26 gtw01 dnsmasq-dhcp[5655]: read /var/lib/neutron/dhcp/a8c6e605-544a-4d97-ab9b-05a29cea20e9/opts
