Oct 18 10:29:24 gtw01 dnsmasq-dhcp[22436]: read /var/lib/neutron/dhcp/b5cec499-0ebe-456e-82cd-f33504535e3b/opts
Oct 18 10:29:24 gtw01 haproxy-metadata-proxy-6248597f-43b9-4338-97a0-de49f69989aa[22441]: Proxy listener started.
Oct 18 10:29:24 gtw01 dnsmasq[21465]: read /var/lib/neutron/dhcp/70bbb13c-ff51-4878-9443-07a5b3576f54/addn_hosts - 2 addresses
Oct 18 10:29:24 gtw01 dnsmasq-dhcp[21465]: read /var/lib/neutron/dhcp/70bbb13c-ff51-4878-9443-07a5b3576f54/host
Oct 18 10:29:24 gtw01 dnsmasq-dhcp[21465]: read /var/lib/neutron/dhcp/70bbb13c-ff51-4878-9443-07a5b3576f54/opts
Oct 18 10:29:24 gtw01 dnsmasq[22436]: read /var/lib/neutron/dhcp/b5cec499-0ebe-456e-82cd-f33504535e3b/addn_hosts - 2 addresses
Oct 18 10:29:24 gtw01 dnsmasq-dhcp[22436]: read /var/lib/neutron/dhcp/b5cec499-0ebe-456e-82cd-f33504535e3b/host
Oct 18 10:29:24 gtw01 dnsmasq-dhcp[22436]: read /var/lib/neutron/dhcp/b5cec499-0ebe-456e-82cd-f33504535e3b/opts
Oct 18 10:29:25 gtw01 dnsmasq[22429]: read /var/lib/neutron/dhcp/6248597f-43b9-4338-97a0-de49f69989aa/addn_hosts - 2 addresses
Oct 18 10:29:25 gtw01 dnsmasq-dhcp[22429]: read /var/lib/neutron/dhcp/6248597f-43b9-4338-97a0-de49f69989aa/host
Oct 18 10:29:25 gtw01 dnsmasq-dhcp[22429]: read /var/lib/neutron/dhcp/6248597f-43b9-4338-97a0-de49f69989aa/opts
Oct 18 10:29:25 gtw01 dnsmasq[22120]: read /var/lib/neutron/dhcp/489490f5-dadd-496b-aff7-7750996a970c/addn_hosts - 3 addresses
Oct 18 10:29:25 gtw01 dnsmasq-dhcp[22120]: read /var/lib/neutron/dhcp/489490f5-dadd-496b-aff7-7750996a970c/host
Oct 18 10:29:25 gtw01 dnsmasq-dhcp[22120]: read /var/lib/neutron/dhcp/489490f5-dadd-496b-aff7-7750996a970c/opts
Oct 18 10:29:26 gtw01 dnsmasq[22429]: read /var/lib/neutron/dhcp/6248597f-43b9-4338-97a0-de49f69989aa/addn_hosts - 2 addresses
Oct 18 10:29:26 gtw01 dnsmasq-dhcp[22429]: read /var/lib/neutron/dhcp/6248597f-43b9-4338-97a0-de49f69989aa/host
Oct 18 10:29:26 gtw01 dnsmasq-dhcp[22429]: read /var/lib/neutron/dhcp/6248597f-43b9-4338-97a0-de49f69989aa/opts
Oct 18 10:29:26 gtw01 dnsmasq[22429]: read /var/lib/neutron/dhcp/6248597f-43b9-4338-97a0-de49f69989aa/addn_hosts - 2 addresses
Oct 18 10:29:26 gtw01 dnsmasq-dhcp[22429]: read /var/lib/neutron/dhcp/6248597f-43b9-4338-97a0-de49f69989aa/host
Oct 18 10:29:26 gtw01 dnsmasq-dhcp[22429]: read /var/lib/neutron/dhcp/6248597f-43b9-4338-97a0-de49f69989aa/opts
Oct 18 10:29:27 gtw01 dnsmasq[22429]: read /var/lib/neutron/dhcp/6248597f-43b9-4338-97a0-de49f69989aa/addn_hosts - 2 addresses
Oct 18 10:29:27 gtw01 dnsmasq-dhcp[22429]: read /var/lib/neutron/dhcp/6248597f-43b9-4338-97a0-de49f69989aa/host
Oct 18 10:29:27 gtw01 dnsmasq-dhcp[22429]: read /var/lib/neutron/dhcp/6248597f-43b9-4338-97a0-de49f69989aa/opts
Oct 18 10:29:28 gtw01 dnsmasq[22429]: read /var/lib/neutron/dhcp/6248597f-43b9-4338-97a0-de49f69989aa/addn_hosts - 2 addresses
Oct 18 10:29:28 gtw01 dnsmasq-dhcp[22429]: read /var/lib/neutron/dhcp/6248597f-43b9-4338-97a0-de49f69989aa/host
Oct 18 10:29:28 gtw01 dnsmasq-dhcp[22429]: read /var/lib/neutron/dhcp/6248597f-43b9-4338-97a0-de49f69989aa/opts
Oct 18 10:29:29 gtw01 dnsmasq[21465]: read /var/lib/neutron/dhcp/70bbb13c-ff51-4878-9443-07a5b3576f54/addn_hosts - 1 addresses
Oct 18 10:29:29 gtw01 dnsmasq-dhcp[21465]: read /var/lib/neutron/dhcp/70bbb13c-ff51-4878-9443-07a5b3576f54/host
Oct 18 10:29:29 gtw01 dnsmasq-dhcp[21465]: read /var/lib/neutron/dhcp/70bbb13c-ff51-4878-9443-07a5b3576f54/opts
Oct 18 10:29:30 gtw01 dnsmasq[22628]: started, version 2.80 cachesize 150
Oct 18 10:29:30 gtw01 dnsmasq[22628]: DNS service limited to local subnets
Oct 18 10:29:30 gtw01 dnsmasq[22628]: compile time options: IPv6 GNU-getopt DBus i18n IDN DHCP DHCPv6 no-Lua TFTP conntrack ipset auth DNSSEC loop-detect inotify dumpfile
Oct 18 10:29:30 gtw01 dnsmasq[22628]: warning: no upstream servers configured
Oct 18 10:29:30 gtw01 dnsmasq-dhcp[22628]: DHCP, static leases only on 192.168.120.16, lease time 1h
Oct 18 10:29:30 gtw01 dnsmasq-dhcp[22628]: DHCP, static leases only on 192.168.120.32, lease time 1h
Oct 18 10:29:30 gtw01 dnsmasq-dhcp[22628]: DHCP, static leases only on 192.168.120.0, lease time 1h
Oct 18 10:29:30 gtw01 dnsmasq[22628]: read /var/lib/neutron/dhcp/b5cec499-0ebe-456e-82cd-f33504535e3b/addn_hosts - 3 addresses
Oct 18 10:29:30 gtw01 dnsmasq-dhcp[22628]: read /var/lib/neutron/dhcp/b5cec499-0ebe-456e-82cd-f33504535e3b/host
Oct 18 10:29:30 gtw01 dnsmasq-dhcp[22628]: read /var/lib/neutron/dhcp/b5cec499-0ebe-456e-82cd-f33504535e3b/opts
Oct 18 10:29:30 gtw01 dnsmasq[22628]: read /var/lib/neutron/dhcp/b5cec499-0ebe-456e-82cd-f33504535e3b/addn_hosts - 3 addresses
Oct 18 10:29:30 gtw01 dnsmasq-dhcp[22628]: read /var/lib/neutron/dhcp/b5cec499-0ebe-456e-82cd-f33504535e3b/host
Oct 18 10:29:30 gtw01 dnsmasq-dhcp[22628]: read /var/lib/neutron/dhcp/b5cec499-0ebe-456e-82cd-f33504535e3b/opts
Oct 18 10:29:32 gtw01 dnsmasq[21465]: read /var/lib/neutron/dhcp/70bbb13c-ff51-4878-9443-07a5b3576f54/addn_hosts - 2 addresses
Oct 18 10:29:32 gtw01 dnsmasq-dhcp[21465]: read /var/lib/neutron/dhcp/70bbb13c-ff51-4878-9443-07a5b3576f54/host
Oct 18 10:29:32 gtw01 dnsmasq-dhcp[21465]: read /var/lib/neutron/dhcp/70bbb13c-ff51-4878-9443-07a5b3576f54/opts
Oct 18 10:29:32 gtw01 dnsmasq[22429]: read /var/lib/neutron/dhcp/6248597f-43b9-4338-97a0-de49f69989aa/addn_hosts - 1 addresses
Oct 18 10:29:32 gtw01 dnsmasq-dhcp[22429]: read /var/lib/neutron/dhcp/6248597f-43b9-4338-97a0-de49f69989aa/host
Oct 18 10:29:32 gtw01 dnsmasq-dhcp[22429]: read /var/lib/neutron/dhcp/6248597f-43b9-4338-97a0-de49f69989aa/opts
Oct 18 10:29:33 gtw01 dnsmasq[21465]: read /var/lib/neutron/dhcp/70bbb13c-ff51-4878-9443-07a5b3576f54/addn_hosts - 2 addresses
Oct 18 10:29:33 gtw01 dnsmasq-dhcp[21465]: read /var/lib/neutron/dhcp/70bbb13c-ff51-4878-9443-07a5b3576f54/host
Oct 18 10:29:33 gtw01 dnsmasq-dhcp[21465]: read /var/lib/neutron/dhcp/70bbb13c-ff51-4878-9443-07a5b3576f54/opts
Oct 18 10:29:35 gtw01 dnsmasq[22120]: read /var/lib/neutron/dhcp/489490f5-dadd-496b-aff7-7750996a970c/addn_hosts - 4 addresses
Oct 18 10:29:35 gtw01 dnsmasq-dhcp[22120]: read /var/lib/neutron/dhcp/489490f5-dadd-496b-aff7-7750996a970c/host
Oct 18 10:29:35 gtw01 dnsmasq-dhcp[22120]: read /var/lib/neutron/dhcp/489490f5-dadd-496b-aff7-7750996a970c/opts
Oct 18 10:29:37 gtw01 dnsmasq[22758]: started, version 2.80 cachesize 150
Oct 18 10:29:37 gtw01 dnsmasq[22758]: DNS service limited to local subnets
Oct 18 10:29:37 gtw01 dnsmasq[22758]: compile time options: IPv6 GNU-getopt DBus i18n IDN DHCP DHCPv6 no-Lua TFTP conntrack ipset auth DNSSEC loop-detect inotify dumpfile
Oct 18 10:29:37 gtw01 dnsmasq[22758]: warning: no upstream servers configured
Oct 18 10:29:37 gtw01 dnsmasq-dhcp[22758]: DHCP, static leases only on 192.168.120.16, lease time 1h
Oct 18 10:29:37 gtw01 dnsmasq-dhcp[22758]: DHCP, static leases only on 192.168.120.0, lease time 1h
Oct 18 10:29:37 gtw01 dnsmasq[22758]: read /var/lib/neutron/dhcp/b5cec499-0ebe-456e-82cd-f33504535e3b/addn_hosts - 2 addresses
Oct 18 10:29:37 gtw01 dnsmasq-dhcp[22758]: read /var/lib/neutron/dhcp/b5cec499-0ebe-456e-82cd-f33504535e3b/host
Oct 18 10:29:37 gtw01 dnsmasq-dhcp[22758]: read /var/lib/neutron/dhcp/b5cec499-0ebe-456e-82cd-f33504535e3b/opts
Oct 18 10:29:38 gtw01 dnsmasq[21465]: read /var/lib/neutron/dhcp/70bbb13c-ff51-4878-9443-07a5b3576f54/addn_hosts - 1 addresses
Oct 18 10:29:38 gtw01 dnsmasq-dhcp[21465]: read /var/lib/neutron/dhcp/70bbb13c-ff51-4878-9443-07a5b3576f54/host
Oct 18 10:29:38 gtw01 dnsmasq-dhcp[21465]: read /var/lib/neutron/dhcp/70bbb13c-ff51-4878-9443-07a5b3576f54/opts
Oct 18 10:29:41 gtw01 dnsmasq[22818]: started, version 2.80 cachesize 150
Oct 18 10:29:41 gtw01 dnsmasq[22818]: DNS service limited to local subnets
Oct 18 10:29:41 gtw01 dnsmasq[22818]: compile time options: IPv6 GNU-getopt DBus i18n IDN DHCP DHCPv6 no-Lua TFTP conntrack ipset auth DNSSEC loop-detect inotify dumpfile
Oct 18 10:29:41 gtw01 dnsmasq[22818]: warning: no upstream servers configured
Oct 18 10:29:41 gtw01 dnsmasq-dhcp[22818]: DHCP, static leases only on 192.168.120.16, lease time 1h
Oct 18 10:29:41 gtw01 dnsmasq-dhcp[22818]: DHCP, static leases only on 192.168.120.0, lease time 1h
Oct 18 10:29:41 gtw01 dnsmasq[22818]: read /var/lib/neutron/dhcp/b5cec499-0ebe-456e-82cd-f33504535e3b/addn_hosts - 2 addresses
Oct 18 10:29:41 gtw01 dnsmasq-dhcp[22818]: read /var/lib/neutron/dhcp/b5cec499-0ebe-456e-82cd-f33504535e3b/host
Oct 18 10:29:41 gtw01 dnsmasq-dhcp[22818]: read /var/lib/neutron/dhcp/b5cec499-0ebe-456e-82cd-f33504535e3b/opts
Oct 18 10:29:42 gtw01 dnsmasq[22120]: read /var/lib/neutron/dhcp/489490f5-dadd-496b-aff7-7750996a970c/addn_hosts - 5 addresses
Oct 18 10:29:42 gtw01 dnsmasq-dhcp[22120]: read /var/lib/neutron/dhcp/489490f5-dadd-496b-aff7-7750996a970c/host
Oct 18 10:29:42 gtw01 dnsmasq-dhcp[22120]: read /var/lib/neutron/dhcp/489490f5-dadd-496b-aff7-7750996a970c/opts
Oct 18 10:29:43 gtw01 dnsmasq[22120]: read /var/lib/neutron/dhcp/489490f5-dadd-496b-aff7-7750996a970c/addn_hosts - 5 addresses
Oct 18 10:29:43 gtw01 dnsmasq-dhcp[22120]: read /var/lib/neutron/dhcp/489490f5-dadd-496b-aff7-7750996a970c/host
Oct 18 10:29:43 gtw01 dnsmasq-dhcp[22120]: read /var/lib/neutron/dhcp/489490f5-dadd-496b-aff7-7750996a970c/opts
Oct 18 10:29:44 gtw01 dnsmasq[21465]: read /var/lib/neutron/dhcp/70bbb13c-ff51-4878-9443-07a5b3576f54/addn_hosts - 2 addresses
Oct 18 10:29:44 gtw01 dnsmasq-dhcp[21465]: read /var/lib/neutron/dhcp/70bbb13c-ff51-4878-9443-07a5b3576f54/host
Oct 18 10:29:44 gtw01 dnsmasq-dhcp[21465]: read /var/lib/neutron/dhcp/70bbb13c-ff51-4878-9443-07a5b3576f54/opts
Oct 18 10:29:44 gtw01 dnsmasq[21465]: read /var/lib/neutron/dhcp/70bbb13c-ff51-4878-9443-07a5b3576f54/addn_hosts - 2 addresses
Oct 18 10:29:44 gtw01 dnsmasq-dhcp[21465]: read /var/lib/neutron/dhcp/70bbb13c-ff51-4878-9443-07a5b3576f54/host
Oct 18 10:29:44 gtw01 dnsmasq-dhcp[21465]: read /var/lib/neutron/dhcp/70bbb13c-ff51-4878-9443-07a5b3576f54/opts
Oct 18 10:29:47 gtw01 dnsmasq[22120]: read /var/lib/neutron/dhcp/489490f5-dadd-496b-aff7-7750996a970c/addn_hosts - 6 addresses
Oct 18 10:29:47 gtw01 dnsmasq-dhcp[22120]: read /var/lib/neutron/dhcp/489490f5-dadd-496b-aff7-7750996a970c/host
Oct 18 10:29:47 gtw01 dnsmasq-dhcp[22120]: read /var/lib/neutron/dhcp/489490f5-dadd-496b-aff7-7750996a970c/opts
Oct 18 10:29:49 gtw01 dnsmasq[21849]: read /var/lib/neutron/dhcp/12997bd6-7b68-4957-8c71-f9fb7d552703/addn_hosts - 2 addresses
Oct 18 10:29:49 gtw01 dnsmasq-dhcp[21849]: read /var/lib/neutron/dhcp/12997bd6-7b68-4957-8c71-f9fb7d552703/host
Oct 18 10:29:49 gtw01 dnsmasq-dhcp[21849]: read /var/lib/neutron/dhcp/12997bd6-7b68-4957-8c71-f9fb7d552703/opts
Oct 18 10:29:50 gtw01 dnsmasq[21465]: read /var/lib/neutron/dhcp/70bbb13c-ff51-4878-9443-07a5b3576f54/addn_hosts - 1 addresses
Oct 18 10:29:50 gtw01 dnsmasq-dhcp[21465]: read /var/lib/neutron/dhcp/70bbb13c-ff51-4878-9443-07a5b3576f54/host
Oct 18 10:29:50 gtw01 dnsmasq-dhcp[21465]: read /var/lib/neutron/dhcp/70bbb13c-ff51-4878-9443-07a5b3576f54/opts
Oct 18 10:29:51 gtw01 dnsmasq[22818]: read /var/lib/neutron/dhcp/b5cec499-0ebe-456e-82cd-f33504535e3b/addn_hosts - 2 addresses
Oct 18 10:29:51 gtw01 dnsmasq-dhcp[22818]: read /var/lib/neutron/dhcp/b5cec499-0ebe-456e-82cd-f33504535e3b/host
Oct 18 10:29:51 gtw01 dnsmasq-dhcp[22818]: read /var/lib/neutron/dhcp/b5cec499-0ebe-456e-82cd-f33504535e3b/opts
Oct 18 10:29:52 gtw01 dnsmasq[22120]: read /var/lib/neutron/dhcp/489490f5-dadd-496b-aff7-7750996a970c/addn_hosts - 7 addresses
Oct 18 10:29:52 gtw01 dnsmasq-dhcp[22120]: read /var/lib/neutron/dhcp/489490f5-dadd-496b-aff7-7750996a970c/host
Oct 18 10:29:52 gtw01 dnsmasq-dhcp[22120]: read /var/lib/neutron/dhcp/489490f5-dadd-496b-aff7-7750996a970c/opts
Oct 18 10:29:53 gtw01 dnsmasq[21465]: read /var/lib/neutron/dhcp/70bbb13c-ff51-4878-9443-07a5b3576f54/addn_hosts - 2 addresses
Oct 18 10:29:53 gtw01 dnsmasq-dhcp[21465]: read /var/lib/neutron/dhcp/70bbb13c-ff51-4878-9443-07a5b3576f54/host
Oct 18 10:29:53 gtw01 dnsmasq-dhcp[21465]: read /var/lib/neutron/dhcp/70bbb13c-ff51-4878-9443-07a5b3576f54/opts
Oct 18 10:29:54 gtw01 dnsmasq[21465]: read /var/lib/neutron/dhcp/70bbb13c-ff51-4878-9443-07a5b3576f54/addn_hosts - 2 addresses
Oct 18 10:29:54 gtw01 dnsmasq-dhcp[21465]: read /var/lib/neutron/dhcp/70bbb13c-ff51-4878-9443-07a5b3576f54/host
Oct 18 10:29:54 gtw01 dnsmasq-dhcp[21465]: read /var/lib/neutron/dhcp/70bbb13c-ff51-4878-9443-07a5b3576f54/opts
Oct 18 10:29:56 gtw01 dnsmasq[21849]: read /var/lib/neutron/dhcp/12997bd6-7b68-4957-8c71-f9fb7d552703/addn_hosts - 1 addresses
Oct 18 10:29:56 gtw01 dnsmasq-dhcp[21849]: read /var/lib/neutron/dhcp/12997bd6-7b68-4957-8c71-f9fb7d552703/host
Oct 18 10:29:56 gtw01 dnsmasq-dhcp[21849]: read /var/lib/neutron/dhcp/12997bd6-7b68-4957-8c71-f9fb7d552703/opts
Oct 18 10:29:57 gtw01 dnsmasq[22120]: read /var/lib/neutron/dhcp/489490f5-dadd-496b-aff7-7750996a970c/addn_hosts - 9 addresses
Oct 18 10:29:57 gtw01 dnsmasq-dhcp[22120]: read /var/lib/neutron/dhcp/489490f5-dadd-496b-aff7-7750996a970c/host
Oct 18 10:29:57 gtw01 dnsmasq-dhcp[22120]: read /var/lib/neutron/dhcp/489490f5-dadd-496b-aff7-7750996a970c/opts
Oct 18 10:29:58 gtw01 dnsmasq[21465]: read /var/lib/neutron/dhcp/70bbb13c-ff51-4878-9443-07a5b3576f54/addn_hosts - 1 addresses
Oct 18 10:29:58 gtw01 dnsmasq-dhcp[21465]: read /var/lib/neutron/dhcp/70bbb13c-ff51-4878-9443-07a5b3576f54/host
Oct 18 10:29:58 gtw01 dnsmasq-dhcp[21465]: read /var/lib/neutron/dhcp/70bbb13c-ff51-4878-9443-07a5b3576f54/opts
Oct 18 10:29:58 gtw01 dnsmasq[23085]: started, version 2.80 cachesize 150
Oct 18 10:29:58 gtw01 dnsmasq[23085]: DNS service limited to local subnets
Oct 18 10:29:58 gtw01 dnsmasq[23085]: compile time options: IPv6 GNU-getopt DBus i18n IDN DHCP DHCPv6 no-Lua TFTP conntrack ipset auth DNSSEC loop-detect inotify dumpfile
Oct 18 10:29:58 gtw01 dnsmasq[23085]: warning: no upstream servers configured
Oct 18 10:29:58 gtw01 dnsmasq-dhcp[23085]: DHCP, static leases only on 192.168.120.0, lease time 1h
Oct 18 10:29:58 gtw01 dnsmasq[23085]: read /var/lib/neutron/dhcp/b5cec499-0ebe-456e-82cd-f33504535e3b/addn_hosts - 1 addresses
Oct 18 10:29:58 gtw01 dnsmasq-dhcp[23085]: read /var/lib/neutron/dhcp/b5cec499-0ebe-456e-82cd-f33504535e3b/host
Oct 18 10:29:58 gtw01 dnsmasq-dhcp[23085]: read /var/lib/neutron/dhcp/b5cec499-0ebe-456e-82cd-f33504535e3b/opts
Oct 18 10:29:59 gtw01 kernel: [10624.918485] device tap1688655e-9d left promiscuous mode
Oct 18 10:30:00 gtw01 dnsmasq[22120]: read /var/lib/neutron/dhcp/489490f5-dadd-496b-aff7-7750996a970c/addn_hosts - 10 addresses
Oct 18 10:30:00 gtw01 dnsmasq-dhcp[22120]: read /var/lib/neutron/dhcp/489490f5-dadd-496b-aff7-7750996a970c/host
Oct 18 10:30:00 gtw01 dnsmasq-dhcp[22120]: read /var/lib/neutron/dhcp/489490f5-dadd-496b-aff7-7750996a970c/opts
Oct 18 10:30:01 gtw01 kernel: [10626.413397] device tapaac150ae-47 left promiscuous mode
Oct 18 10:30:02 gtw01 dnsmasq[21849]: read /var/lib/neutron/dhcp/12997bd6-7b68-4957-8c71-f9fb7d552703/addn_hosts - 2 addresses
Oct 18 10:30:02 gtw01 dnsmasq-dhcp[21849]: read /var/lib/neutron/dhcp/12997bd6-7b68-4957-8c71-f9fb7d552703/host
Oct 18 10:30:02 gtw01 dnsmasq-dhcp[21849]: read /var/lib/neutron/dhcp/12997bd6-7b68-4957-8c71-f9fb7d552703/opts
Oct 18 10:30:03 gtw01 dnsmasq[22120]: read /var/lib/neutron/dhcp/489490f5-dadd-496b-aff7-7750996a970c/addn_hosts - 11 addresses
Oct 18 10:30:03 gtw01 dnsmasq-dhcp[22120]: read /var/lib/neutron/dhcp/489490f5-dadd-496b-aff7-7750996a970c/host
Oct 18 10:30:03 gtw01 dnsmasq-dhcp[22120]: read /var/lib/neutron/dhcp/489490f5-dadd-496b-aff7-7750996a970c/opts
Oct 18 10:30:05 gtw01 dnsmasq[21849]: read /var/lib/neutron/dhcp/12997bd6-7b68-4957-8c71-f9fb7d552703/addn_hosts - 1 addresses
Oct 18 10:30:05 gtw01 dnsmasq-dhcp[21849]: read /var/lib/neutron/dhcp/12997bd6-7b68-4957-8c71-f9fb7d552703/host
Oct 18 10:30:05 gtw01 dnsmasq-dhcp[21849]: read /var/lib/neutron/dhcp/12997bd6-7b68-4957-8c71-f9fb7d552703/opts
Oct 18 10:30:05 gtw01 dnsmasq[22120]: read /var/lib/neutron/dhcp/489490f5-dadd-496b-aff7-7750996a970c/addn_hosts - 12 addresses
Oct 18 10:30:05 gtw01 dnsmasq-dhcp[22120]: read /var/lib/neutron/dhcp/489490f5-dadd-496b-aff7-7750996a970c/host
Oct 18 10:30:05 gtw01 dnsmasq-dhcp[22120]: read /var/lib/neutron/dhcp/489490f5-dadd-496b-aff7-7750996a970c/opts
Oct 18 10:30:06 gtw01 dnsmasq[22120]: read /var/lib/neutron/dhcp/489490f5-dadd-496b-aff7-7750996a970c/addn_hosts - 11 addresses
Oct 18 10:30:06 gtw01 dnsmasq-dhcp[22120]: read /var/lib/neutron/dhcp/489490f5-dadd-496b-aff7-7750996a970c/host
Oct 18 10:30:06 gtw01 dnsmasq-dhcp[22120]: read /var/lib/neutron/dhcp/489490f5-dadd-496b-aff7-7750996a970c/opts
Oct 18 10:30:09 gtw01 dnsmasq[22120]: read /var/lib/neutron/dhcp/489490f5-dadd-496b-aff7-7750996a970c/addn_hosts - 12 addresses
Oct 18 10:30:09 gtw01 dnsmasq-dhcp[22120]: read /var/lib/neutron/dhcp/489490f5-dadd-496b-aff7-7750996a970c/host
Oct 18 10:30:09 gtw01 dnsmasq-dhcp[22120]: read /var/lib/neutron/dhcp/489490f5-dadd-496b-aff7-7750996a970c/opts
Oct 18 10:30:10 gtw01 kernel: [10635.712132] device tap941ef89f-1f entered promiscuous mode
Oct 18 10:30:10 gtw01 systemd-udevd[23249]: Could not generate persistent MAC address for tap941ef89f-1f: No such file or directory
Oct 18 10:30:10 gtw01 systemd-udevd[23249]: Process '/sbin/ip link set tap941ef89f-1f txqueuelen 10000' failed with exit code 1.
Oct 18 10:30:10 gtw01 dnsmasq[22120]: read /var/lib/neutron/dhcp/489490f5-dadd-496b-aff7-7750996a970c/addn_hosts - 12 addresses
Oct 18 10:30:10 gtw01 dnsmasq-dhcp[22120]: read /var/lib/neutron/dhcp/489490f5-dadd-496b-aff7-7750996a970c/host
Oct 18 10:30:10 gtw01 dnsmasq-dhcp[22120]: read /var/lib/neutron/dhcp/489490f5-dadd-496b-aff7-7750996a970c/opts
Oct 18 10:30:10 gtw01 systemd-udevd[23323]: Process '/sbin/ip link set tap941ef89f-1f txqueuelen 10000' failed with exit code 1.
Oct 18 10:30:12 gtw01 dnsmasq[22120]: read /var/lib/neutron/dhcp/489490f5-dadd-496b-aff7-7750996a970c/addn_hosts - 13 addresses
Oct 18 10:30:12 gtw01 dnsmasq-dhcp[22120]: read /var/lib/neutron/dhcp/489490f5-dadd-496b-aff7-7750996a970c/host
Oct 18 10:30:12 gtw01 dnsmasq-dhcp[22120]: read /var/lib/neutron/dhcp/489490f5-dadd-496b-aff7-7750996a970c/opts
Oct 18 10:30:14 gtw01 dnsmasq[23409]: started, version 2.80 cachesize 150
Oct 18 10:30:14 gtw01 dnsmasq[23409]: DNS service limited to local subnets
Oct 18 10:30:14 gtw01 dnsmasq[23409]: compile time options: IPv6 GNU-getopt DBus i18n IDN DHCP DHCPv6 no-Lua TFTP conntrack ipset auth DNSSEC loop-detect inotify dumpfile
Oct 18 10:30:14 gtw01 dnsmasq[23409]: warning: no upstream servers configured
Oct 18 10:30:14 gtw01 dnsmasq-dhcp[23409]: DHCP, static leases only on 192.168.120.0, lease time 1h
Oct 18 10:30:14 gtw01 dnsmasq[23409]: read /var/lib/neutron/dhcp/443a901e-0689-42fc-89d1-866f650f0902/addn_hosts - 1 addresses
Oct 18 10:30:14 gtw01 dnsmasq-dhcp[23409]: read /var/lib/neutron/dhcp/443a901e-0689-42fc-89d1-866f650f0902/host
Oct 18 10:30:14 gtw01 dnsmasq-dhcp[23409]: read /var/lib/neutron/dhcp/443a901e-0689-42fc-89d1-866f650f0902/opts
Oct 18 10:30:14 gtw01 haproxy-metadata-proxy-443a901e-0689-42fc-89d1-866f650f0902[23413]: Proxy listener started.
Oct 18 10:30:15 gtw01 dnsmasq[23409]: read /var/lib/neutron/dhcp/443a901e-0689-42fc-89d1-866f650f0902/addn_hosts - 1 addresses
Oct 18 10:30:15 gtw01 dnsmasq-dhcp[23409]: read /var/lib/neutron/dhcp/443a901e-0689-42fc-89d1-866f650f0902/host
Oct 18 10:30:15 gtw01 dnsmasq-dhcp[23409]: read /var/lib/neutron/dhcp/443a901e-0689-42fc-89d1-866f650f0902/opts
Oct 18 10:30:16 gtw01 dnsmasq[23409]: read /var/lib/neutron/dhcp/443a901e-0689-42fc-89d1-866f650f0902/addn_hosts - 1 addresses
Oct 18 10:30:16 gtw01 dnsmasq-dhcp[23409]: read /var/lib/neutron/dhcp/443a901e-0689-42fc-89d1-866f650f0902/host
Oct 18 10:30:16 gtw01 dnsmasq-dhcp[23409]: read /var/lib/neutron/dhcp/443a901e-0689-42fc-89d1-866f650f0902/opts
Oct 18 10:30:16 gtw01 dnsmasq[22120]: read /var/lib/neutron/dhcp/489490f5-dadd-496b-aff7-7750996a970c/addn_hosts - 13 addresses
Oct 18 10:30:16 gtw01 dnsmasq-dhcp[22120]: read /var/lib/neutron/dhcp/489490f5-dadd-496b-aff7-7750996a970c/host
Oct 18 10:30:16 gtw01 dnsmasq-dhcp[22120]: read /var/lib/neutron/dhcp/489490f5-dadd-496b-aff7-7750996a970c/opts
Oct 18 10:30:17 gtw01 dnsmasq[23409]: read /var/lib/neutron/dhcp/443a901e-0689-42fc-89d1-866f650f0902/addn_hosts - 2 addresses
Oct 18 10:30:17 gtw01 dnsmasq-dhcp[23409]: read /var/lib/neutron/dhcp/443a901e-0689-42fc-89d1-866f650f0902/host
Oct 18 10:30:17 gtw01 dnsmasq-dhcp[23409]: read /var/lib/neutron/dhcp/443a901e-0689-42fc-89d1-866f650f0902/opts
Oct 18 10:30:17 gtw01 dnsmasq[22120]: read /var/lib/neutron/dhcp/489490f5-dadd-496b-aff7-7750996a970c/addn_hosts - 13 addresses
Oct 18 10:30:17 gtw01 dnsmasq-dhcp[22120]: read /var/lib/neutron/dhcp/489490f5-dadd-496b-aff7-7750996a970c/host
Oct 18 10:30:17 gtw01 dnsmasq-dhcp[22120]: read /var/lib/neutron/dhcp/489490f5-dadd-496b-aff7-7750996a970c/opts
Oct 18 10:30:18 gtw01 dnsmasq[23409]: read /var/lib/neutron/dhcp/443a901e-0689-42fc-89d1-866f650f0902/addn_hosts - 2 addresses
Oct 18 10:30:18 gtw01 dnsmasq-dhcp[23409]: read /var/lib/neutron/dhcp/443a901e-0689-42fc-89d1-866f650f0902/host
Oct 18 10:30:18 gtw01 dnsmasq-dhcp[23409]: read /var/lib/neutron/dhcp/443a901e-0689-42fc-89d1-866f650f0902/opts
Oct 18 10:30:18 gtw01 dnsmasq[22120]: read /var/lib/neutron/dhcp/489490f5-dadd-496b-aff7-7750996a970c/addn_hosts - 14 addresses
Oct 18 10:30:18 gtw01 dnsmasq-dhcp[22120]: read /var/lib/neutron/dhcp/489490f5-dadd-496b-aff7-7750996a970c/host
Oct 18 10:30:18 gtw01 dnsmasq-dhcp[22120]: read /var/lib/neutron/dhcp/489490f5-dadd-496b-aff7-7750996a970c/opts
Oct 18 10:30:18 gtw01 dnsmasq[23409]: read /var/lib/neutron/dhcp/443a901e-0689-42fc-89d1-866f650f0902/addn_hosts - 2 addresses
Oct 18 10:30:18 gtw01 dnsmasq-dhcp[23409]: read /var/lib/neutron/dhcp/443a901e-0689-42fc-89d1-866f650f0902/host
Oct 18 10:30:18 gtw01 dnsmasq-dhcp[23409]: read /var/lib/neutron/dhcp/443a901e-0689-42fc-89d1-866f650f0902/opts
Oct 18 10:30:20 gtw01 dnsmasq[23409]: read /var/lib/neutron/dhcp/443a901e-0689-42fc-89d1-866f650f0902/addn_hosts - 1 addresses
Oct 18 10:30:20 gtw01 dnsmasq-dhcp[23409]: read /var/lib/neutron/dhcp/443a901e-0689-42fc-89d1-866f650f0902/host
Oct 18 10:30:20 gtw01 dnsmasq-dhcp[23409]: read /var/lib/neutron/dhcp/443a901e-0689-42fc-89d1-866f650f0902/opts
Oct 18 10:30:21 gtw01 dnsmasq[22120]: read /var/lib/neutron/dhcp/489490f5-dadd-496b-aff7-7750996a970c/addn_hosts - 14 addresses
Oct 18 10:30:21 gtw01 dnsmasq-dhcp[22120]: read /var/lib/neutron/dhcp/489490f5-dadd-496b-aff7-7750996a970c/host
Oct 18 10:30:21 gtw01 dnsmasq-dhcp[22120]: read /var/lib/neutron/dhcp/489490f5-dadd-496b-aff7-7750996a970c/opts
Oct 18 10:30:22 gtw01 dnsmasq[22120]: read /var/lib/neutron/dhcp/489490f5-dadd-496b-aff7-7750996a970c/addn_hosts - 15 addresses
Oct 18 10:30:22 gtw01 dnsmasq-dhcp[22120]: read /var/lib/neutron/dhcp/489490f5-dadd-496b-aff7-7750996a970c/host
Oct 18 10:30:22 gtw01 dnsmasq-dhcp[22120]: read /var/lib/neutron/dhcp/489490f5-dadd-496b-aff7-7750996a970c/opts
Oct 18 10:30:23 gtw01 dnsmasq[22120]: read /var/lib/neutron/dhcp/489490f5-dadd-496b-aff7-7750996a970c/addn_hosts - 15 addresses
Oct 18 10:30:23 gtw01 dnsmasq-dhcp[22120]: read /var/lib/neutron/dhcp/489490f5-dadd-496b-aff7-7750996a970c/host
Oct 18 10:30:23 gtw01 dnsmasq-dhcp[22120]: read /var/lib/neutron/dhcp/489490f5-dadd-496b-aff7-7750996a970c/opts
Oct 18 10:30:24 gtw01 dnsmasq[22120]: read /var/lib/neutron/dhcp/489490f5-dadd-496b-aff7-7750996a970c/addn_hosts - 15 addresses
Oct 18 10:30:24 gtw01 dnsmasq-dhcp[22120]: read /var/lib/neutron/dhcp/489490f5-dadd-496b-aff7-7750996a970c/host
Oct 18 10:30:24 gtw01 dnsmasq-dhcp[22120]: read /var/lib/neutron/dhcp/489490f5-dadd-496b-aff7-7750996a970c/opts
Oct 18 10:30:24 gtw01 dnsmasq[21849]: read /var/lib/neutron/dhcp/12997bd6-7b68-4957-8c71-f9fb7d552703/addn_hosts - 2 addresses
Oct 18 10:30:24 gtw01 dnsmasq-dhcp[21849]: read /var/lib/neutron/dhcp/12997bd6-7b68-4957-8c71-f9fb7d552703/host
Oct 18 10:30:24 gtw01 dnsmasq-dhcp[21849]: read /var/lib/neutron/dhcp/12997bd6-7b68-4957-8c71-f9fb7d552703/opts
Oct 18 10:30:25 gtw01 dnsmasq[22120]: read /var/lib/neutron/dhcp/489490f5-dadd-496b-aff7-7750996a970c/addn_hosts - 15 addresses
Oct 18 10:30:25 gtw01 dnsmasq-dhcp[22120]: read /var/lib/neutron/dhcp/489490f5-dadd-496b-aff7-7750996a970c/host
Oct 18 10:30:25 gtw01 dnsmasq-dhcp[22120]: read /var/lib/neutron/dhcp/489490f5-dadd-496b-aff7-7750996a970c/opts
Oct 18 10:30:26 gtw01 dnsmasq[22120]: read /var/lib/neutron/dhcp/489490f5-dadd-496b-aff7-7750996a970c/addn_hosts - 16 addresses
Oct 18 10:30:26 gtw01 dnsmasq-dhcp[22120]: read /var/lib/neutron/dhcp/489490f5-dadd-496b-aff7-7750996a970c/host
Oct 18 10:30:26 gtw01 dnsmasq-dhcp[22120]: read /var/lib/neutron/dhcp/489490f5-dadd-496b-aff7-7750996a970c/opts
Oct 18 10:30:27 gtw01 dnsmasq[21849]: read /var/lib/neutron/dhcp/12997bd6-7b68-4957-8c71-f9fb7d552703/addn_hosts - 1 addresses
Oct 18 10:30:27 gtw01 dnsmasq-dhcp[21849]: read /var/lib/neutron/dhcp/12997bd6-7b68-4957-8c71-f9fb7d552703/host
Oct 18 10:30:27 gtw01 dnsmasq-dhcp[21849]: read /var/lib/neutron/dhcp/12997bd6-7b68-4957-8c71-f9fb7d552703/opts
Oct 18 10:30:28 gtw01 dnsmasq[22120]: read /var/lib/neutron/dhcp/489490f5-dadd-496b-aff7-7750996a970c/addn_hosts - 16 addresses
Oct 18 10:30:28 gtw01 dnsmasq-dhcp[22120]: read /var/lib/neutron/dhcp/489490f5-dadd-496b-aff7-7750996a970c/host
Oct 18 10:30:28 gtw01 dnsmasq-dhcp[22120]: read /var/lib/neutron/dhcp/489490f5-dadd-496b-aff7-7750996a970c/opts
Oct 18 10:30:29 gtw01 dnsmasq[22120]: read /var/lib/neutron/dhcp/489490f5-dadd-496b-aff7-7750996a970c/addn_hosts - 16 addresses
Oct 18 10:30:29 gtw01 dnsmasq-dhcp[22120]: read /var/lib/neutron/dhcp/489490f5-dadd-496b-aff7-7750996a970c/host
Oct 18 10:30:29 gtw01 dnsmasq-dhcp[22120]: read /var/lib/neutron/dhcp/489490f5-dadd-496b-aff7-7750996a970c/opts
Oct 18 10:30:30 gtw01 dnsmasq[21849]: read /var/lib/neutron/dhcp/12997bd6-7b68-4957-8c71-f9fb7d552703/addn_hosts - 2 addresses
Oct 18 10:30:30 gtw01 dnsmasq-dhcp[21849]: read /var/lib/neutron/dhcp/12997bd6-7b68-4957-8c71-f9fb7d552703/host
Oct 18 10:30:30 gtw01 dnsmasq-dhcp[21849]: read /var/lib/neutron/dhcp/12997bd6-7b68-4957-8c71-f9fb7d552703/opts
Oct 18 10:30:30 gtw01 dnsmasq[22120]: read /var/lib/neutron/dhcp/489490f5-dadd-496b-aff7-7750996a970c/addn_hosts - 16 addresses
Oct 18 10:30:30 gtw01 dnsmasq-dhcp[22120]: read /var/lib/neutron/dhcp/489490f5-dadd-496b-aff7-7750996a970c/host
Oct 18 10:30:30 gtw01 dnsmasq-dhcp[22120]: read /var/lib/neutron/dhcp/489490f5-dadd-496b-aff7-7750996a970c/opts
Oct 18 10:30:31 gtw01 dnsmasq[22120]: read /var/lib/neutron/dhcp/489490f5-dadd-496b-aff7-7750996a970c/addn_hosts - 17 addresses
Oct 18 10:30:31 gtw01 dnsmasq-dhcp[22120]: read /var/lib/neutron/dhcp/489490f5-dadd-496b-aff7-7750996a970c/host
Oct 18 10:30:31 gtw01 dnsmasq-dhcp[22120]: read /var/lib/neutron/dhcp/489490f5-dadd-496b-aff7-7750996a970c/opts
Oct 18 10:30:32 gtw01 dnsmasq[21849]: read /var/lib/neutron/dhcp/12997bd6-7b68-4957-8c71-f9fb7d552703/addn_hosts - 1 addresses
Oct 18 10:30:32 gtw01 dnsmasq-dhcp[21849]: read /var/lib/neutron/dhcp/12997bd6-7b68-4957-8c71-f9fb7d552703/host
Oct 18 10:30:32 gtw01 dnsmasq-dhcp[21849]: read /var/lib/neutron/dhcp/12997bd6-7b68-4957-8c71-f9fb7d552703/opts
Oct 18 10:30:33 gtw01 dnsmasq[22120]: read /var/lib/neutron/dhcp/489490f5-dadd-496b-aff7-7750996a970c/addn_hosts - 17 addresses
Oct 18 10:30:33 gtw01 dnsmasq-dhcp[22120]: read /var/lib/neutron/dhcp/489490f5-dadd-496b-aff7-7750996a970c/host
Oct 18 10:30:33 gtw01 dnsmasq-dhcp[22120]: read /var/lib/neutron/dhcp/489490f5-dadd-496b-aff7-7750996a970c/opts
Oct 18 10:30:35 gtw01 dnsmasq[22120]: read /var/lib/neutron/dhcp/489490f5-dadd-496b-aff7-7750996a970c/addn_hosts - 17 addresses
Oct 18 10:30:35 gtw01 dnsmasq-dhcp[22120]: read /var/lib/neutron/dhcp/489490f5-dadd-496b-aff7-7750996a970c/host
Oct 18 10:30:35 gtw01 dnsmasq-dhcp[22120]: read /var/lib/neutron/dhcp/489490f5-dadd-496b-aff7-7750996a970c/opts
Oct 18 10:30:36 gtw01 dnsmasq[22120]: read /var/lib/neutron/dhcp/489490f5-dadd-496b-aff7-7750996a970c/addn_hosts - 17 addresses
Oct 18 10:30:36 gtw01 dnsmasq-dhcp[22120]: read /var/lib/neutron/dhcp/489490f5-dadd-496b-aff7-7750996a970c/host
Oct 18 10:30:36 gtw01 dnsmasq-dhcp[22120]: read /var/lib/neutron/dhcp/489490f5-dadd-496b-aff7-7750996a970c/opts
Oct 18 10:30:36 gtw01 dnsmasq[21849]: read /var/lib/neutron/dhcp/12997bd6-7b68-4957-8c71-f9fb7d552703/addn_hosts - 2 addresses
Oct 18 10:30:36 gtw01 dnsmasq-dhcp[21849]: read /var/lib/neutron/dhcp/12997bd6-7b68-4957-8c71-f9fb7d552703/host
Oct 18 10:30:36 gtw01 dnsmasq-dhcp[21849]: read /var/lib/neutron/dhcp/12997bd6-7b68-4957-8c71-f9fb7d552703/opts
Oct 18 10:30:38 gtw01 dnsmasq[22120]: read /var/lib/neutron/dhcp/489490f5-dadd-496b-aff7-7750996a970c/addn_hosts - 16 addresses
Oct 18 10:30:38 gtw01 dnsmasq-dhcp[22120]: read /var/lib/neutron/dhcp/489490f5-dadd-496b-aff7-7750996a970c/host
Oct 18 10:30:38 gtw01 dnsmasq-dhcp[22120]: read /var/lib/neutron/dhcp/489490f5-dadd-496b-aff7-7750996a970c/opts
Oct 18 10:30:38 gtw01 dnsmasq[21849]: read /var/lib/neutron/dhcp/12997bd6-7b68-4957-8c71-f9fb7d552703/addn_hosts - 1 addresses
Oct 18 10:30:38 gtw01 dnsmasq-dhcp[21849]: read /var/lib/neutron/dhcp/12997bd6-7b68-4957-8c71-f9fb7d552703/host
Oct 18 10:30:38 gtw01 dnsmasq-dhcp[21849]: read /var/lib/neutron/dhcp/12997bd6-7b68-4957-8c71-f9fb7d552703/opts
Oct 18 10:30:39 gtw01 dnsmasq[22120]: read /var/lib/neutron/dhcp/489490f5-dadd-496b-aff7-7750996a970c/addn_hosts - 15 addresses
Oct 18 10:30:39 gtw01 dnsmasq-dhcp[22120]: read /var/lib/neutron/dhcp/489490f5-dadd-496b-aff7-7750996a970c/host
Oct 18 10:30:39 gtw01 dnsmasq-dhcp[22120]: read /var/lib/neutron/dhcp/489490f5-dadd-496b-aff7-7750996a970c/opts
Oct 18 10:30:40 gtw01 dnsmasq[22120]: read /var/lib/neutron/dhcp/489490f5-dadd-496b-aff7-7750996a970c/addn_hosts - 14 addresses
Oct 18 10:30:40 gtw01 dnsmasq-dhcp[22120]: read /var/lib/neutron/dhcp/489490f5-dadd-496b-aff7-7750996a970c/host
Oct 18 10:30:40 gtw01 dnsmasq-dhcp[22120]: read /var/lib/neutron/dhcp/489490f5-dadd-496b-aff7-7750996a970c/opts
Oct 18 10:30:41 gtw01 kernel: [10666.594092] device tap941ef89f-1f left promiscuous mode
Oct 18 10:30:41 gtw01 dnsmasq[22120]: read /var/lib/neutron/dhcp/489490f5-dadd-496b-aff7-7750996a970c/addn_hosts - 13 addresses
Oct 18 10:30:41 gtw01 dnsmasq-dhcp[22120]: read /var/lib/neutron/dhcp/489490f5-dadd-496b-aff7-7750996a970c/host
Oct 18 10:30:41 gtw01 dnsmasq-dhcp[22120]: read /var/lib/neutron/dhcp/489490f5-dadd-496b-aff7-7750996a970c/opts
Oct 18 10:30:42 gtw01 dnsmasq[22120]: read /var/lib/neutron/dhcp/489490f5-dadd-496b-aff7-7750996a970c/addn_hosts - 12 addresses
Oct 18 10:30:42 gtw01 dnsmasq-dhcp[22120]: read /var/lib/neutron/dhcp/489490f5-dadd-496b-aff7-7750996a970c/host
Oct 18 10:30:42 gtw01 dnsmasq-dhcp[22120]: read /var/lib/neutron/dhcp/489490f5-dadd-496b-aff7-7750996a970c/opts
Oct 18 10:30:44 gtw01 dnsmasq[22120]: read /var/lib/neutron/dhcp/489490f5-dadd-496b-aff7-7750996a970c/addn_hosts - 11 addresses
Oct 18 10:30:44 gtw01 dnsmasq-dhcp[22120]: read /var/lib/neutron/dhcp/489490f5-dadd-496b-aff7-7750996a970c/host
Oct 18 10:30:44 gtw01 dnsmasq-dhcp[22120]: read /var/lib/neutron/dhcp/489490f5-dadd-496b-aff7-7750996a970c/opts
Oct 18 10:30:45 gtw01 dnsmasq[22120]: read /var/lib/neutron/dhcp/489490f5-dadd-496b-aff7-7750996a970c/addn_hosts - 10 addresses
Oct 18 10:30:45 gtw01 dnsmasq-dhcp[22120]: read /var/lib/neutron/dhcp/489490f5-dadd-496b-aff7-7750996a970c/host
Oct 18 10:30:45 gtw01 dnsmasq-dhcp[22120]: read /var/lib/neutron/dhcp/489490f5-dadd-496b-aff7-7750996a970c/opts
Oct 18 10:30:46 gtw01 dnsmasq[22120]: read /var/lib/neutron/dhcp/489490f5-dadd-496b-aff7-7750996a970c/addn_hosts - 9 addresses
Oct 18 10:30:46 gtw01 dnsmasq-dhcp[22120]: read /var/lib/neutron/dhcp/489490f5-dadd-496b-aff7-7750996a970c/host
Oct 18 10:30:46 gtw01 dnsmasq-dhcp[22120]: read /var/lib/neutron/dhcp/489490f5-dadd-496b-aff7-7750996a970c/opts
Oct 18 10:30:46 gtw01 kernel: [10671.470223] device tapb568a1ba-ea left promiscuous mode
Oct 18 10:30:47 gtw01 dnsmasq[22120]: read /var/lib/neutron/dhcp/489490f5-dadd-496b-aff7-7750996a970c/addn_hosts - 7 addresses
Oct 18 10:30:47 gtw01 dnsmasq-dhcp[22120]: read /var/lib/neutron/dhcp/489490f5-dadd-496b-aff7-7750996a970c/host
Oct 18 10:30:47 gtw01 dnsmasq-dhcp[22120]: read /var/lib/neutron/dhcp/489490f5-dadd-496b-aff7-7750996a970c/opts
Oct 18 10:30:48 gtw01 dnsmasq[22120]: read /var/lib/neutron/dhcp/489490f5-dadd-496b-aff7-7750996a970c/addn_hosts - 6 addresses
Oct 18 10:30:48 gtw01 dnsmasq-dhcp[22120]: read /var/lib/neutron/dhcp/489490f5-dadd-496b-aff7-7750996a970c/host
Oct 18 10:30:48 gtw01 dnsmasq-dhcp[22120]: read /var/lib/neutron/dhcp/489490f5-dadd-496b-aff7-7750996a970c/opts
Oct 18 10:30:49 gtw01 dnsmasq[22120]: read /var/lib/neutron/dhcp/489490f5-dadd-496b-aff7-7750996a970c/addn_hosts - 5 addresses
Oct 18 10:30:49 gtw01 dnsmasq-dhcp[22120]: read /var/lib/neutron/dhcp/489490f5-dadd-496b-aff7-7750996a970c/host
Oct 18 10:30:49 gtw01 dnsmasq-dhcp[22120]: read /var/lib/neutron/dhcp/489490f5-dadd-496b-aff7-7750996a970c/opts
Oct 18 10:30:50 gtw01 dnsmasq[22120]: read /var/lib/neutron/dhcp/489490f5-dadd-496b-aff7-7750996a970c/addn_hosts - 4 addresses
Oct 18 10:30:50 gtw01 dnsmasq-dhcp[22120]: read /var/lib/neutron/dhcp/489490f5-dadd-496b-aff7-7750996a970c/host
Oct 18 10:30:50 gtw01 dnsmasq-dhcp[22120]: read /var/lib/neutron/dhcp/489490f5-dadd-496b-aff7-7750996a970c/opts
Oct 18 10:30:51 gtw01 dnsmasq[22120]: read /var/lib/neutron/dhcp/489490f5-dadd-496b-aff7-7750996a970c/addn_hosts - 3 addresses
Oct 18 10:30:51 gtw01 dnsmasq-dhcp[22120]: read /var/lib/neutron/dhcp/489490f5-dadd-496b-aff7-7750996a970c/host
Oct 18 10:30:51 gtw01 dnsmasq-dhcp[22120]: read /var/lib/neutron/dhcp/489490f5-dadd-496b-aff7-7750996a970c/opts
Oct 18 10:30:51 gtw01 kernel: [10676.172235] device tapb7ed2f67-92 left promiscuous mode
Oct 18 10:30:52 gtw01 dnsmasq[22120]: read /var/lib/neutron/dhcp/489490f5-dadd-496b-aff7-7750996a970c/addn_hosts - 2 addresses
Oct 18 10:30:52 gtw01 dnsmasq-dhcp[22120]: read /var/lib/neutron/dhcp/489490f5-dadd-496b-aff7-7750996a970c/host
Oct 18 10:30:52 gtw01 dnsmasq-dhcp[22120]: read /var/lib/neutron/dhcp/489490f5-dadd-496b-aff7-7750996a970c/opts
Oct 18 10:30:52 gtw01 dnsmasq[22120]: read /var/lib/neutron/dhcp/489490f5-dadd-496b-aff7-7750996a970c/addn_hosts - 1 addresses
Oct 18 10:30:52 gtw01 dnsmasq-dhcp[22120]: read /var/lib/neutron/dhcp/489490f5-dadd-496b-aff7-7750996a970c/host
Oct 18 10:30:52 gtw01 dnsmasq-dhcp[22120]: read /var/lib/neutron/dhcp/489490f5-dadd-496b-aff7-7750996a970c/opts
Oct 18 10:30:54 gtw01 kernel: [10679.057364] device tapea975f17-c9 left promiscuous mode
Oct 18 10:31:08 gtw01 dnsmasq[21223]: read /var/lib/neutron/dhcp/54bc1a8e-7a1b-453d-bace-7af80a6f2920/addn_hosts - 1 addresses
Oct 18 10:31:08 gtw01 dnsmasq-dhcp[21223]: read /var/lib/neutron/dhcp/54bc1a8e-7a1b-453d-bace-7af80a6f2920/host
Oct 18 10:31:08 gtw01 dnsmasq-dhcp[21223]: read /var/lib/neutron/dhcp/54bc1a8e-7a1b-453d-bace-7af80a6f2920/opts
Oct 18 10:31:13 gtw01 kernel: [10698.641765] device tap674255d9-c6 left promiscuous mode
Oct 18 10:31:24 gtw01 kernel: [10709.199765] device tapa430a282-0c entered promiscuous mode
Oct 18 10:31:24 gtw01 systemd-udevd[24186]: Could not generate persistent MAC address for tapa430a282-0c: No such file or directory
Oct 18 10:31:24 gtw01 systemd-udevd[24186]: Process '/sbin/ip link set tapa430a282-0c txqueuelen 10000' failed with exit code 1.
Oct 18 10:31:24 gtw01 systemd-udevd[24186]: Process '/sbin/ip link set tapa430a282-0c txqueuelen 10000' failed with exit code 1.
Oct 18 10:31:27 gtw01 dnsmasq[24321]: started, version 2.80 cachesize 150
Oct 18 10:31:27 gtw01 dnsmasq[24321]: DNS service limited to local subnets
Oct 18 10:31:27 gtw01 dnsmasq[24321]: compile time options: IPv6 GNU-getopt DBus i18n IDN DHCP DHCPv6 no-Lua TFTP conntrack ipset auth DNSSEC loop-detect inotify dumpfile
Oct 18 10:31:27 gtw01 dnsmasq[24321]: warning: no upstream servers configured
Oct 18 10:31:27 gtw01 dnsmasq-dhcp[24321]: DHCP, static leases only on 192.168.120.0, lease time 1h
Oct 18 10:31:27 gtw01 dnsmasq[24321]: read /var/lib/neutron/dhcp/76b8e76b-24fe-4f49-9ae3-967ed6a39f6f/addn_hosts - 1 addresses
Oct 18 10:31:27 gtw01 dnsmasq-dhcp[24321]: read /var/lib/neutron/dhcp/76b8e76b-24fe-4f49-9ae3-967ed6a39f6f/host
Oct 18 10:31:27 gtw01 dnsmasq-dhcp[24321]: read /var/lib/neutron/dhcp/76b8e76b-24fe-4f49-9ae3-967ed6a39f6f/opts
Oct 18 10:31:28 gtw01 haproxy-metadata-proxy-76b8e76b-24fe-4f49-9ae3-967ed6a39f6f[24325]: Proxy listener started.
Oct 18 10:31:28 gtw01 dnsmasq[24321]: read /var/lib/neutron/dhcp/76b8e76b-24fe-4f49-9ae3-967ed6a39f6f/addn_hosts - 2 addresses
Oct 18 10:31:28 gtw01 dnsmasq-dhcp[24321]: read /var/lib/neutron/dhcp/76b8e76b-24fe-4f49-9ae3-967ed6a39f6f/host
Oct 18 10:31:28 gtw01 dnsmasq-dhcp[24321]: read /var/lib/neutron/dhcp/76b8e76b-24fe-4f49-9ae3-967ed6a39f6f/opts
Oct 18 10:31:29 gtw01 dnsmasq[24321]: read /var/lib/neutron/dhcp/76b8e76b-24fe-4f49-9ae3-967ed6a39f6f/addn_hosts - 2 addresses
Oct 18 10:31:29 gtw01 dnsmasq-dhcp[24321]: read /var/lib/neutron/dhcp/76b8e76b-24fe-4f49-9ae3-967ed6a39f6f/host
Oct 18 10:31:29 gtw01 dnsmasq-dhcp[24321]: read /var/lib/neutron/dhcp/76b8e76b-24fe-4f49-9ae3-967ed6a39f6f/opts
Oct 18 10:31:30 gtw01 dnsmasq[24321]: read /var/lib/neutron/dhcp/76b8e76b-24fe-4f49-9ae3-967ed6a39f6f/addn_hosts - 2 addresses
Oct 18 10:31:30 gtw01 dnsmasq-dhcp[24321]: read /var/lib/neutron/dhcp/76b8e76b-24fe-4f49-9ae3-967ed6a39f6f/host
Oct 18 10:31:30 gtw01 dnsmasq-dhcp[24321]: read /var/lib/neutron/dhcp/76b8e76b-24fe-4f49-9ae3-967ed6a39f6f/opts
Oct 18 10:31:31 gtw01 dnsmasq[24321]: read /var/lib/neutron/dhcp/76b8e76b-24fe-4f49-9ae3-967ed6a39f6f/addn_hosts - 2 addresses
Oct 18 10:31:31 gtw01 dnsmasq-dhcp[24321]: read /var/lib/neutron/dhcp/76b8e76b-24fe-4f49-9ae3-967ed6a39f6f/host
Oct 18 10:31:31 gtw01 dnsmasq-dhcp[24321]: read /var/lib/neutron/dhcp/76b8e76b-24fe-4f49-9ae3-967ed6a39f6f/opts
Oct 18 10:31:32 gtw01 dnsmasq[24321]: read /var/lib/neutron/dhcp/76b8e76b-24fe-4f49-9ae3-967ed6a39f6f/addn_hosts - 2 addresses
Oct 18 10:31:32 gtw01 dnsmasq-dhcp[24321]: read /var/lib/neutron/dhcp/76b8e76b-24fe-4f49-9ae3-967ed6a39f6f/host
Oct 18 10:31:32 gtw01 dnsmasq-dhcp[24321]: read /var/lib/neutron/dhcp/76b8e76b-24fe-4f49-9ae3-967ed6a39f6f/opts
Oct 18 10:32:12 gtw01 kernel: [10757.845383] device tapac3c125c-3a entered promiscuous mode
Oct 18 10:32:12 gtw01 systemd-udevd[24428]: Could not generate persistent MAC address for tapac3c125c-3a: No such file or directory
Oct 18 10:32:12 gtw01 systemd-udevd[24428]: Process '/sbin/ip link set tapac3c125c-3a txqueuelen 10000' failed with exit code 1.
Oct 18 10:32:13 gtw01 systemd-udevd[24502]: Process '/sbin/ip link set tapac3c125c-3a txqueuelen 10000' failed with exit code 1.
Oct 18 10:32:16 gtw01 dnsmasq[24563]: started, version 2.80 cachesize 150
Oct 18 10:32:16 gtw01 dnsmasq[24563]: DNS service limited to local subnets
Oct 18 10:32:16 gtw01 dnsmasq[24563]: compile time options: IPv6 GNU-getopt DBus i18n IDN DHCP DHCPv6 no-Lua TFTP conntrack ipset auth DNSSEC loop-detect inotify dumpfile
Oct 18 10:32:16 gtw01 dnsmasq[24563]: warning: no upstream servers configured
Oct 18 10:32:16 gtw01 dnsmasq-dhcp[24563]: DHCP, static leases only on 192.168.120.0, lease time 1h
Oct 18 10:32:16 gtw01 dnsmasq[24563]: read /var/lib/neutron/dhcp/2ccf63e6-356d-4577-94c4-cad6899866e2/addn_hosts - 1 addresses
Oct 18 10:32:16 gtw01 dnsmasq-dhcp[24563]: read /var/lib/neutron/dhcp/2ccf63e6-356d-4577-94c4-cad6899866e2/host
Oct 18 10:32:16 gtw01 dnsmasq-dhcp[24563]: read /var/lib/neutron/dhcp/2ccf63e6-356d-4577-94c4-cad6899866e2/opts
Oct 18 10:32:16 gtw01 haproxy-metadata-proxy-2ccf63e6-356d-4577-94c4-cad6899866e2[24567]: Proxy listener started.
Oct 18 10:32:17 gtw01 dnsmasq[24563]: read /var/lib/neutron/dhcp/2ccf63e6-356d-4577-94c4-cad6899866e2/addn_hosts - 2 addresses
Oct 18 10:32:17 gtw01 dnsmasq-dhcp[24563]: read /var/lib/neutron/dhcp/2ccf63e6-356d-4577-94c4-cad6899866e2/host
Oct 18 10:32:17 gtw01 dnsmasq-dhcp[24563]: read /var/lib/neutron/dhcp/2ccf63e6-356d-4577-94c4-cad6899866e2/opts
Oct 18 10:32:18 gtw01 dnsmasq[24563]: read /var/lib/neutron/dhcp/2ccf63e6-356d-4577-94c4-cad6899866e2/addn_hosts - 2 addresses
Oct 18 10:32:18 gtw01 dnsmasq-dhcp[24563]: read /var/lib/neutron/dhcp/2ccf63e6-356d-4577-94c4-cad6899866e2/host
Oct 18 10:32:18 gtw01 dnsmasq-dhcp[24563]: read /var/lib/neutron/dhcp/2ccf63e6-356d-4577-94c4-cad6899866e2/opts
Oct 18 10:32:19 gtw01 dnsmasq[24563]: read /var/lib/neutron/dhcp/2ccf63e6-356d-4577-94c4-cad6899866e2/addn_hosts - 2 addresses
Oct 18 10:32:19 gtw01 dnsmasq-dhcp[24563]: read /var/lib/neutron/dhcp/2ccf63e6-356d-4577-94c4-cad6899866e2/host
Oct 18 10:32:19 gtw01 dnsmasq-dhcp[24563]: read /var/lib/neutron/dhcp/2ccf63e6-356d-4577-94c4-cad6899866e2/opts
Oct 18 10:32:20 gtw01 dnsmasq[24563]: read /var/lib/neutron/dhcp/2ccf63e6-356d-4577-94c4-cad6899866e2/addn_hosts - 2 addresses
Oct 18 10:32:20 gtw01 dnsmasq-dhcp[24563]: read /var/lib/neutron/dhcp/2ccf63e6-356d-4577-94c4-cad6899866e2/host
Oct 18 10:32:20 gtw01 dnsmasq-dhcp[24563]: read /var/lib/neutron/dhcp/2ccf63e6-356d-4577-94c4-cad6899866e2/opts
Oct 18 10:32:21 gtw01 dnsmasq[24563]: read /var/lib/neutron/dhcp/2ccf63e6-356d-4577-94c4-cad6899866e2/addn_hosts - 3 addresses
Oct 18 10:32:21 gtw01 dnsmasq-dhcp[24563]: read /var/lib/neutron/dhcp/2ccf63e6-356d-4577-94c4-cad6899866e2/host
Oct 18 10:32:21 gtw01 dnsmasq-dhcp[24563]: read /var/lib/neutron/dhcp/2ccf63e6-356d-4577-94c4-cad6899866e2/opts
Oct 18 10:32:22 gtw01 dnsmasq[24563]: read /var/lib/neutron/dhcp/2ccf63e6-356d-4577-94c4-cad6899866e2/addn_hosts - 3 addresses
Oct 18 10:32:22 gtw01 dnsmasq-dhcp[24563]: read /var/lib/neutron/dhcp/2ccf63e6-356d-4577-94c4-cad6899866e2/host
Oct 18 10:32:22 gtw01 dnsmasq-dhcp[24563]: read /var/lib/neutron/dhcp/2ccf63e6-356d-4577-94c4-cad6899866e2/opts
Oct 18 10:32:30 gtw01 dnsmasq[24563]: read /var/lib/neutron/dhcp/2ccf63e6-356d-4577-94c4-cad6899866e2/addn_hosts - 4 addresses
Oct 18 10:32:30 gtw01 dnsmasq-dhcp[24563]: read /var/lib/neutron/dhcp/2ccf63e6-356d-4577-94c4-cad6899866e2/host
Oct 18 10:32:30 gtw01 dnsmasq-dhcp[24563]: read /var/lib/neutron/dhcp/2ccf63e6-356d-4577-94c4-cad6899866e2/opts
Oct 18 10:32:31 gtw01 dnsmasq[24563]: read /var/lib/neutron/dhcp/2ccf63e6-356d-4577-94c4-cad6899866e2/addn_hosts - 4 addresses
Oct 18 10:32:31 gtw01 dnsmasq-dhcp[24563]: read /var/lib/neutron/dhcp/2ccf63e6-356d-4577-94c4-cad6899866e2/host
Oct 18 10:32:31 gtw01 dnsmasq-dhcp[24563]: read /var/lib/neutron/dhcp/2ccf63e6-356d-4577-94c4-cad6899866e2/opts
Oct 18 10:32:32 gtw01 dnsmasq[24563]: read /var/lib/neutron/dhcp/2ccf63e6-356d-4577-94c4-cad6899866e2/addn_hosts - 4 addresses
Oct 18 10:32:32 gtw01 dnsmasq-dhcp[24563]: read /var/lib/neutron/dhcp/2ccf63e6-356d-4577-94c4-cad6899866e2/host
Oct 18 10:32:32 gtw01 dnsmasq-dhcp[24563]: read /var/lib/neutron/dhcp/2ccf63e6-356d-4577-94c4-cad6899866e2/opts
Oct 18 10:32:38 gtw01 dnsmasq[24563]: read /var/lib/neutron/dhcp/2ccf63e6-356d-4577-94c4-cad6899866e2/addn_hosts - 4 addresses
Oct 18 10:32:38 gtw01 dnsmasq-dhcp[24563]: read /var/lib/neutron/dhcp/2ccf63e6-356d-4577-94c4-cad6899866e2/host
Oct 18 10:32:38 gtw01 dnsmasq-dhcp[24563]: read /var/lib/neutron/dhcp/2ccf63e6-356d-4577-94c4-cad6899866e2/opts
Oct 18 10:32:39 gtw01 dnsmasq[24563]: read /var/lib/neutron/dhcp/2ccf63e6-356d-4577-94c4-cad6899866e2/addn_hosts - 4 addresses
Oct 18 10:32:39 gtw01 dnsmasq-dhcp[24563]: read /var/lib/neutron/dhcp/2ccf63e6-356d-4577-94c4-cad6899866e2/host
Oct 18 10:32:39 gtw01 dnsmasq-dhcp[24563]: read /var/lib/neutron/dhcp/2ccf63e6-356d-4577-94c4-cad6899866e2/opts
Oct 18 10:32:46 gtw01 dnsmasq-dhcp[24563]: DHCPDISCOVER(tapac3c125c-3a) fa:16:3e:9e:b4:ce
Oct 18 10:32:46 gtw01 dnsmasq-dhcp[24563]: DHCPOFFER(tapac3c125c-3a) 192.168.120.3 fa:16:3e:9e:b4:ce
Oct 18 10:32:46 gtw01 dnsmasq-dhcp[24563]: DHCPREQUEST(tapac3c125c-3a) 192.168.120.3 fa:16:3e:9e:b4:ce
Oct 18 10:32:46 gtw01 dnsmasq-dhcp[24563]: DHCPACK(tapac3c125c-3a) 192.168.120.3 fa:16:3e:9e:b4:ce host-192-168-120-3
Oct 18 10:32:53 gtw01 dnsmasq-dhcp[24563]: DHCPDISCOVER(tapac3c125c-3a) fa:16:3e:9b:e9:0f
Oct 18 10:32:53 gtw01 dnsmasq-dhcp[24563]: DHCPOFFER(tapac3c125c-3a) 192.168.120.5 fa:16:3e:9b:e9:0f
Oct 18 10:32:53 gtw01 dnsmasq-dhcp[24563]: DHCPREQUEST(tapac3c125c-3a) 192.168.120.5 fa:16:3e:9b:e9:0f
Oct 18 10:32:53 gtw01 dnsmasq-dhcp[24563]: DHCPACK(tapac3c125c-3a) 192.168.120.5 fa:16:3e:9b:e9:0f host-192-168-120-5
Oct 18 10:35:06 gtw01 salt-minion[6120]: [INFO    ] Running scheduled job: __mine_interval
Oct 18 10:37:43 gtw01 dnsmasq[24563]: read /var/lib/neutron/dhcp/2ccf63e6-356d-4577-94c4-cad6899866e2/addn_hosts - 4 addresses
Oct 18 10:37:43 gtw01 dnsmasq-dhcp[24563]: read /var/lib/neutron/dhcp/2ccf63e6-356d-4577-94c4-cad6899866e2/host
Oct 18 10:37:43 gtw01 dnsmasq-dhcp[24563]: read /var/lib/neutron/dhcp/2ccf63e6-356d-4577-94c4-cad6899866e2/opts
Oct 18 10:37:45 gtw01 dnsmasq[24563]: read /var/lib/neutron/dhcp/2ccf63e6-356d-4577-94c4-cad6899866e2/addn_hosts - 4 addresses
Oct 18 10:37:45 gtw01 dnsmasq-dhcp[24563]: read /var/lib/neutron/dhcp/2ccf63e6-356d-4577-94c4-cad6899866e2/host
Oct 18 10:37:45 gtw01 dnsmasq-dhcp[24563]: read /var/lib/neutron/dhcp/2ccf63e6-356d-4577-94c4-cad6899866e2/opts
Oct 18 10:37:54 gtw01 dnsmasq[24563]: read /var/lib/neutron/dhcp/2ccf63e6-356d-4577-94c4-cad6899866e2/addn_hosts - 3 addresses
Oct 18 10:37:54 gtw01 dnsmasq-dhcp[24563]: read /var/lib/neutron/dhcp/2ccf63e6-356d-4577-94c4-cad6899866e2/host
Oct 18 10:37:54 gtw01 dnsmasq-dhcp[24563]: read /var/lib/neutron/dhcp/2ccf63e6-356d-4577-94c4-cad6899866e2/opts
Oct 18 10:37:58 gtw01 dnsmasq-dhcp[24563]: DHCPRELEASE(tapac3c125c-3a) 192.168.120.3 fa:16:3e:9e:b4:ce
Oct 18 10:37:58 gtw01 dnsmasq-dhcp[24563]: DHCPRELEASE(tapac3c125c-3a) 192.168.120.3 fa:16:3e:9e:b4:ce unknown lease
Oct 18 10:37:59 gtw01 dnsmasq[24563]: read /var/lib/neutron/dhcp/2ccf63e6-356d-4577-94c4-cad6899866e2/addn_hosts - 2 addresses
Oct 18 10:37:59 gtw01 dnsmasq-dhcp[24563]: read /var/lib/neutron/dhcp/2ccf63e6-356d-4577-94c4-cad6899866e2/host
Oct 18 10:37:59 gtw01 dnsmasq-dhcp[24563]: read /var/lib/neutron/dhcp/2ccf63e6-356d-4577-94c4-cad6899866e2/opts
Oct 18 10:38:00 gtw01 dnsmasq-dhcp[24563]: DHCPRELEASE(tapac3c125c-3a) 192.168.120.5 fa:16:3e:9b:e9:0f
Oct 18 10:38:00 gtw01 dnsmasq-dhcp[24563]: DHCPRELEASE(tapac3c125c-3a) 192.168.120.5 fa:16:3e:9b:e9:0f unknown lease
Oct 18 10:38:01 gtw01 dnsmasq[24563]: read /var/lib/neutron/dhcp/2ccf63e6-356d-4577-94c4-cad6899866e2/addn_hosts - 1 addresses
Oct 18 10:38:01 gtw01 dnsmasq-dhcp[24563]: read /var/lib/neutron/dhcp/2ccf63e6-356d-4577-94c4-cad6899866e2/host
Oct 18 10:38:01 gtw01 dnsmasq-dhcp[24563]: read /var/lib/neutron/dhcp/2ccf63e6-356d-4577-94c4-cad6899866e2/opts
Oct 18 10:38:02 gtw01 kernel: [11107.278949] device tapac3c125c-3a left promiscuous mode
Oct 18 10:38:15 gtw01 dnsmasq[24321]: read /var/lib/neutron/dhcp/76b8e76b-24fe-4f49-9ae3-967ed6a39f6f/addn_hosts - 1 addresses
Oct 18 10:38:15 gtw01 dnsmasq-dhcp[24321]: read /var/lib/neutron/dhcp/76b8e76b-24fe-4f49-9ae3-967ed6a39f6f/host
Oct 18 10:38:15 gtw01 dnsmasq-dhcp[24321]: read /var/lib/neutron/dhcp/76b8e76b-24fe-4f49-9ae3-967ed6a39f6f/opts
Oct 18 10:38:19 gtw01 kernel: [11124.876377] device tapa430a282-0c left promiscuous mode
Oct 18 10:38:31 gtw01 kernel: [11136.074095] device tap95b41d85-22 entered promiscuous mode
Oct 18 10:38:31 gtw01 systemd-udevd[24907]: Could not generate persistent MAC address for tap95b41d85-22: No such file or directory
Oct 18 10:38:31 gtw01 systemd-udevd[24907]: Process '/sbin/ip link set tap95b41d85-22 txqueuelen 10000' failed with exit code 1.
Oct 18 10:38:31 gtw01 systemd-udevd[24981]: Process '/sbin/ip link set tap95b41d85-22 txqueuelen 10000' failed with exit code 1.
Oct 18 10:38:34 gtw01 dnsmasq[25041]: started, version 2.80 cachesize 150
Oct 18 10:38:34 gtw01 dnsmasq[25041]: DNS service limited to local subnets
Oct 18 10:38:34 gtw01 dnsmasq[25041]: compile time options: IPv6 GNU-getopt DBus i18n IDN DHCP DHCPv6 no-Lua TFTP conntrack ipset auth DNSSEC loop-detect inotify dumpfile
Oct 18 10:38:34 gtw01 dnsmasq[25041]: warning: no upstream servers configured
Oct 18 10:38:34 gtw01 dnsmasq-dhcp[25041]: DHCP, static leases only on 192.168.120.0, lease time 1h
Oct 18 10:38:34 gtw01 dnsmasq[25041]: read /var/lib/neutron/dhcp/797447b6-f46e-4f52-94e6-4edd3be7621c/addn_hosts - 1 addresses
Oct 18 10:38:34 gtw01 dnsmasq-dhcp[25041]: read /var/lib/neutron/dhcp/797447b6-f46e-4f52-94e6-4edd3be7621c/host
Oct 18 10:38:34 gtw01 dnsmasq-dhcp[25041]: read /var/lib/neutron/dhcp/797447b6-f46e-4f52-94e6-4edd3be7621c/opts
Oct 18 10:38:34 gtw01 haproxy-metadata-proxy-797447b6-f46e-4f52-94e6-4edd3be7621c[25045]: Proxy listener started.
Oct 18 10:38:35 gtw01 dnsmasq[25041]: read /var/lib/neutron/dhcp/797447b6-f46e-4f52-94e6-4edd3be7621c/addn_hosts - 2 addresses
Oct 18 10:38:35 gtw01 dnsmasq-dhcp[25041]: read /var/lib/neutron/dhcp/797447b6-f46e-4f52-94e6-4edd3be7621c/host
Oct 18 10:38:35 gtw01 dnsmasq-dhcp[25041]: read /var/lib/neutron/dhcp/797447b6-f46e-4f52-94e6-4edd3be7621c/opts
Oct 18 10:38:36 gtw01 dnsmasq[25041]: read /var/lib/neutron/dhcp/797447b6-f46e-4f52-94e6-4edd3be7621c/addn_hosts - 2 addresses
Oct 18 10:38:36 gtw01 dnsmasq-dhcp[25041]: read /var/lib/neutron/dhcp/797447b6-f46e-4f52-94e6-4edd3be7621c/host
Oct 18 10:38:36 gtw01 dnsmasq-dhcp[25041]: read /var/lib/neutron/dhcp/797447b6-f46e-4f52-94e6-4edd3be7621c/opts
Oct 18 10:38:37 gtw01 dnsmasq[25041]: read /var/lib/neutron/dhcp/797447b6-f46e-4f52-94e6-4edd3be7621c/addn_hosts - 2 addresses
Oct 18 10:38:37 gtw01 dnsmasq-dhcp[25041]: read /var/lib/neutron/dhcp/797447b6-f46e-4f52-94e6-4edd3be7621c/host
Oct 18 10:38:37 gtw01 dnsmasq-dhcp[25041]: read /var/lib/neutron/dhcp/797447b6-f46e-4f52-94e6-4edd3be7621c/opts
Oct 18 10:38:38 gtw01 dnsmasq[25041]: read /var/lib/neutron/dhcp/797447b6-f46e-4f52-94e6-4edd3be7621c/addn_hosts - 2 addresses
Oct 18 10:38:38 gtw01 dnsmasq-dhcp[25041]: read /var/lib/neutron/dhcp/797447b6-f46e-4f52-94e6-4edd3be7621c/host
Oct 18 10:38:38 gtw01 dnsmasq-dhcp[25041]: read /var/lib/neutron/dhcp/797447b6-f46e-4f52-94e6-4edd3be7621c/opts
