Oct 18 11:44:27 gtw01 dnsmasq[5723]: read /var/lib/neutron/dhcp/d730c6cc-135a-4697-b713-b5235ada2830/addn_hosts - 3 addresses
Oct 18 11:44:27 gtw01 dnsmasq-dhcp[5723]: read /var/lib/neutron/dhcp/d730c6cc-135a-4697-b713-b5235ada2830/host
Oct 18 11:44:27 gtw01 dnsmasq-dhcp[5723]: read /var/lib/neutron/dhcp/d730c6cc-135a-4697-b713-b5235ada2830/opts
Oct 18 11:44:28 gtw01 dnsmasq[5655]: read /var/lib/neutron/dhcp/a8c6e605-544a-4d97-ab9b-05a29cea20e9/addn_hosts - 4 addresses
Oct 18 11:44:28 gtw01 dnsmasq-dhcp[5655]: read /var/lib/neutron/dhcp/a8c6e605-544a-4d97-ab9b-05a29cea20e9/host
Oct 18 11:44:28 gtw01 dnsmasq-dhcp[5655]: read /var/lib/neutron/dhcp/a8c6e605-544a-4d97-ab9b-05a29cea20e9/opts
Oct 18 11:44:28 gtw01 dnsmasq[5723]: read /var/lib/neutron/dhcp/d730c6cc-135a-4697-b713-b5235ada2830/addn_hosts - 2 addresses
Oct 18 11:44:28 gtw01 dnsmasq-dhcp[5723]: read /var/lib/neutron/dhcp/d730c6cc-135a-4697-b713-b5235ada2830/host
Oct 18 11:44:28 gtw01 dnsmasq-dhcp[5723]: read /var/lib/neutron/dhcp/d730c6cc-135a-4697-b713-b5235ada2830/opts
Oct 18 11:44:28 gtw01 dnsmasq[5607]: read /var/lib/neutron/dhcp/86991ea8-7f5e-44ed-82ec-6af4374b4773/addn_hosts - 1 addresses
Oct 18 11:44:28 gtw01 dnsmasq-dhcp[5607]: read /var/lib/neutron/dhcp/86991ea8-7f5e-44ed-82ec-6af4374b4773/host
Oct 18 11:44:28 gtw01 dnsmasq-dhcp[5607]: read /var/lib/neutron/dhcp/86991ea8-7f5e-44ed-82ec-6af4374b4773/opts
Oct 18 11:44:29 gtw01 dnsmasq[5655]: read /var/lib/neutron/dhcp/a8c6e605-544a-4d97-ab9b-05a29cea20e9/addn_hosts - 3 addresses
Oct 18 11:44:29 gtw01 dnsmasq-dhcp[5655]: read /var/lib/neutron/dhcp/a8c6e605-544a-4d97-ab9b-05a29cea20e9/host
Oct 18 11:44:29 gtw01 dnsmasq-dhcp[5655]: read /var/lib/neutron/dhcp/a8c6e605-544a-4d97-ab9b-05a29cea20e9/opts
Oct 18 11:44:30 gtw01 dnsmasq[5723]: read /var/lib/neutron/dhcp/d730c6cc-135a-4697-b713-b5235ada2830/addn_hosts - 1 addresses
Oct 18 11:44:30 gtw01 dnsmasq-dhcp[5723]: read /var/lib/neutron/dhcp/d730c6cc-135a-4697-b713-b5235ada2830/host
Oct 18 11:44:30 gtw01 dnsmasq-dhcp[5723]: read /var/lib/neutron/dhcp/d730c6cc-135a-4697-b713-b5235ada2830/opts
Oct 18 11:44:30 gtw01 dnsmasq[5655]: read /var/lib/neutron/dhcp/a8c6e605-544a-4d97-ab9b-05a29cea20e9/addn_hosts - 2 addresses
Oct 18 11:44:30 gtw01 dnsmasq-dhcp[5655]: read /var/lib/neutron/dhcp/a8c6e605-544a-4d97-ab9b-05a29cea20e9/host
Oct 18 11:44:30 gtw01 dnsmasq-dhcp[5655]: read /var/lib/neutron/dhcp/a8c6e605-544a-4d97-ab9b-05a29cea20e9/opts
Oct 18 11:44:31 gtw01 dnsmasq[5655]: read /var/lib/neutron/dhcp/a8c6e605-544a-4d97-ab9b-05a29cea20e9/addn_hosts - 1 addresses
Oct 18 11:44:31 gtw01 dnsmasq-dhcp[5655]: read /var/lib/neutron/dhcp/a8c6e605-544a-4d97-ab9b-05a29cea20e9/host
Oct 18 11:44:31 gtw01 dnsmasq-dhcp[5655]: read /var/lib/neutron/dhcp/a8c6e605-544a-4d97-ab9b-05a29cea20e9/opts
Oct 18 11:44:38 gtw01 dnsmasq[5607]: read /var/lib/neutron/dhcp/86991ea8-7f5e-44ed-82ec-6af4374b4773/addn_hosts - 1 addresses
Oct 18 11:44:38 gtw01 dnsmasq-dhcp[5607]: read /var/lib/neutron/dhcp/86991ea8-7f5e-44ed-82ec-6af4374b4773/host
Oct 18 11:44:38 gtw01 dnsmasq-dhcp[5607]: read /var/lib/neutron/dhcp/86991ea8-7f5e-44ed-82ec-6af4374b4773/opts
Oct 18 11:44:39 gtw01 kernel: [15104.565443] device tap094d4fa5-02 left promiscuous mode
Oct 18 11:44:42 gtw01 dnsmasq[5723]: read /var/lib/neutron/dhcp/d730c6cc-135a-4697-b713-b5235ada2830/addn_hosts - 1 addresses
Oct 18 11:44:42 gtw01 dnsmasq-dhcp[5723]: read /var/lib/neutron/dhcp/d730c6cc-135a-4697-b713-b5235ada2830/host
Oct 18 11:44:42 gtw01 dnsmasq-dhcp[5723]: read /var/lib/neutron/dhcp/d730c6cc-135a-4697-b713-b5235ada2830/opts
Oct 18 11:44:43 gtw01 kernel: [15107.981706] device tape2442eb2-76 left promiscuous mode
Oct 18 11:44:45 gtw01 dnsmasq[5655]: read /var/lib/neutron/dhcp/a8c6e605-544a-4d97-ab9b-05a29cea20e9/addn_hosts - 1 addresses
Oct 18 11:44:45 gtw01 dnsmasq-dhcp[5655]: read /var/lib/neutron/dhcp/a8c6e605-544a-4d97-ab9b-05a29cea20e9/host
Oct 18 11:44:45 gtw01 dnsmasq-dhcp[5655]: read /var/lib/neutron/dhcp/a8c6e605-544a-4d97-ab9b-05a29cea20e9/opts
Oct 18 11:44:46 gtw01 kernel: [15111.288524] device tap17b5ec08-d2 left promiscuous mode
Oct 18 11:45:05 gtw01 kernel: [15130.904608] device tapdf8dca75-f7 entered promiscuous mode
Oct 18 11:45:06 gtw01 systemd-udevd[6421]: Could not generate persistent MAC address for tapdf8dca75-f7: No such file or directory
Oct 18 11:45:06 gtw01 systemd-udevd[6421]: Process '/sbin/ip link set tapdf8dca75-f7 txqueuelen 10000' failed with exit code 1.
Oct 18 11:45:06 gtw01 systemd-udevd[6496]: Process '/sbin/ip link set tapdf8dca75-f7 txqueuelen 10000' failed with exit code 1.
Oct 18 11:45:06 gtw01 kernel: [15131.455313] device tap29bc5fae-a1 entered promiscuous mode
Oct 18 11:45:06 gtw01 systemd-udevd[6519]: Could not generate persistent MAC address for tap29bc5fae-a1: No such file or directory
Oct 18 11:45:06 gtw01 systemd-udevd[6519]: Process '/sbin/ip link set tap29bc5fae-a1 txqueuelen 10000' failed with exit code 1.
Oct 18 11:45:06 gtw01 systemd-udevd[6592]: Process '/sbin/ip link set tap29bc5fae-a1 txqueuelen 10000' failed with exit code 1.
Oct 18 11:45:08 gtw01 kernel: [15133.782105] device tapf9d98e0f-b4 entered promiscuous mode
Oct 18 11:45:08 gtw01 systemd-udevd[6682]: Process '/sbin/ip link set tapf9d98e0f-b4 txqueuelen 10000' failed with exit code 1.
Oct 18 11:45:09 gtw01 systemd-udevd[6682]: Process '/sbin/ip link set tapf9d98e0f-b4 txqueuelen 10000' failed with exit code 1.
Oct 18 11:45:09 gtw01 kernel: [15134.210590] device tap5fb0ec73-c5 entered promiscuous mode
Oct 18 11:45:09 gtw01 systemd-udevd[6780]: Could not generate persistent MAC address for tap5fb0ec73-c5: No such file or directory
Oct 18 11:45:09 gtw01 systemd-udevd[6860]: Process '/sbin/ip link set tap5fb0ec73-c5 txqueuelen 10000' failed with exit code 1.
Oct 18 11:45:11 gtw01 kernel: [15136.323188] device tap9b6e7148-4b entered promiscuous mode
Oct 18 11:45:11 gtw01 systemd-udevd[6937]: Could not generate persistent MAC address for tap9b6e7148-4b: No such file or directory
Oct 18 11:45:11 gtw01 systemd-udevd[6937]: Process '/sbin/ip link set tap9b6e7148-4b txqueuelen 10000' failed with exit code 1.
Oct 18 11:45:11 gtw01 systemd-udevd[6937]: Process '/sbin/ip link set tap9b6e7148-4b txqueuelen 10000' failed with exit code 1.
Oct 18 11:45:12 gtw01 dnsmasq[7042]: started, version 2.80 cachesize 150
Oct 18 11:45:12 gtw01 dnsmasq[7042]: DNS service limited to local subnets
Oct 18 11:45:12 gtw01 dnsmasq[7042]: compile time options: IPv6 GNU-getopt DBus i18n IDN DHCP DHCPv6 no-Lua TFTP conntrack ipset auth DNSSEC loop-detect inotify dumpfile
Oct 18 11:45:12 gtw01 dnsmasq[7042]: warning: no upstream servers configured
Oct 18 11:45:12 gtw01 dnsmasq-dhcp[7042]: DHCP, static leases only on 1.1.0.12, lease time 1h
Oct 18 11:45:12 gtw01 dnsmasq[7042]: read /var/lib/neutron/dhcp/9a42113c-ac1d-4b7b-a982-5f517fe6e4df/addn_hosts - 1 addresses
Oct 18 11:45:12 gtw01 dnsmasq-dhcp[7042]: read /var/lib/neutron/dhcp/9a42113c-ac1d-4b7b-a982-5f517fe6e4df/host
Oct 18 11:45:12 gtw01 dnsmasq-dhcp[7042]: read /var/lib/neutron/dhcp/9a42113c-ac1d-4b7b-a982-5f517fe6e4df/opts
Oct 18 11:45:12 gtw01 haproxy-metadata-proxy-9a42113c-ac1d-4b7b-a982-5f517fe6e4df[7060]: Proxy listener started.
Oct 18 11:45:12 gtw01 dnsmasq[7065]: started, version 2.80 cachesize 150
Oct 18 11:45:12 gtw01 dnsmasq[7065]: DNS service limited to local subnets
Oct 18 11:45:12 gtw01 dnsmasq[7065]: compile time options: IPv6 GNU-getopt DBus i18n IDN DHCP DHCPv6 no-Lua TFTP conntrack ipset auth DNSSEC loop-detect inotify dumpfile
Oct 18 11:45:12 gtw01 dnsmasq[7065]: warning: no upstream servers configured
Oct 18 11:45:12 gtw01 dnsmasq-dhcp[7065]: DHCP, static leases only on 1.1.0.20, lease time 1h
Oct 18 11:45:12 gtw01 dnsmasq[7065]: read /var/lib/neutron/dhcp/89444c46-8752-4c72-9fe8-404424976481/addn_hosts - 1 addresses
Oct 18 11:45:12 gtw01 dnsmasq-dhcp[7065]: read /var/lib/neutron/dhcp/89444c46-8752-4c72-9fe8-404424976481/host
Oct 18 11:45:12 gtw01 dnsmasq-dhcp[7065]: read /var/lib/neutron/dhcp/89444c46-8752-4c72-9fe8-404424976481/opts
Oct 18 11:45:13 gtw01 haproxy-metadata-proxy-89444c46-8752-4c72-9fe8-404424976481[7082]: Proxy listener started.
Oct 18 11:45:13 gtw01 dnsmasq[7042]: read /var/lib/neutron/dhcp/9a42113c-ac1d-4b7b-a982-5f517fe6e4df/addn_hosts - 2 addresses
Oct 18 11:45:13 gtw01 dnsmasq-dhcp[7042]: read /var/lib/neutron/dhcp/9a42113c-ac1d-4b7b-a982-5f517fe6e4df/host
Oct 18 11:45:13 gtw01 dnsmasq-dhcp[7042]: read /var/lib/neutron/dhcp/9a42113c-ac1d-4b7b-a982-5f517fe6e4df/opts
Oct 18 11:45:14 gtw01 dnsmasq[7065]: read /var/lib/neutron/dhcp/89444c46-8752-4c72-9fe8-404424976481/addn_hosts - 2 addresses
Oct 18 11:45:14 gtw01 dnsmasq-dhcp[7065]: read /var/lib/neutron/dhcp/89444c46-8752-4c72-9fe8-404424976481/host
Oct 18 11:45:14 gtw01 dnsmasq-dhcp[7065]: read /var/lib/neutron/dhcp/89444c46-8752-4c72-9fe8-404424976481/opts
Oct 18 11:45:16 gtw01 dnsmasq[7042]: read /var/lib/neutron/dhcp/9a42113c-ac1d-4b7b-a982-5f517fe6e4df/addn_hosts - 2 addresses
Oct 18 11:45:16 gtw01 dnsmasq-dhcp[7042]: read /var/lib/neutron/dhcp/9a42113c-ac1d-4b7b-a982-5f517fe6e4df/host
Oct 18 11:45:16 gtw01 dnsmasq-dhcp[7042]: read /var/lib/neutron/dhcp/9a42113c-ac1d-4b7b-a982-5f517fe6e4df/opts
Oct 18 11:45:16 gtw01 dnsmasq[7204]: started, version 2.80 cachesize 150
Oct 18 11:45:16 gtw01 dnsmasq[7204]: DNS service limited to local subnets
Oct 18 11:45:16 gtw01 dnsmasq[7204]: compile time options: IPv6 GNU-getopt DBus i18n IDN DHCP DHCPv6 no-Lua TFTP conntrack ipset auth DNSSEC loop-detect inotify dumpfile
Oct 18 11:45:16 gtw01 dnsmasq[7204]: warning: no upstream servers configured
Oct 18 11:45:16 gtw01 dnsmasq-dhcp[7204]: DHCP, static leases only on 1.1.0.24, lease time 1h
Oct 18 11:45:16 gtw01 dnsmasq[7204]: read /var/lib/neutron/dhcp/f58c6923-685f-400f-8c94-747af3d2008b/addn_hosts - 1 addresses
Oct 18 11:45:16 gtw01 dnsmasq-dhcp[7204]: read /var/lib/neutron/dhcp/f58c6923-685f-400f-8c94-747af3d2008b/host
Oct 18 11:45:16 gtw01 dnsmasq-dhcp[7204]: read /var/lib/neutron/dhcp/f58c6923-685f-400f-8c94-747af3d2008b/opts
Oct 18 11:45:17 gtw01 haproxy-metadata-proxy-f58c6923-685f-400f-8c94-747af3d2008b[7226]: Proxy listener started.
Oct 18 11:45:17 gtw01 dnsmasq[7242]: started, version 2.80 cachesize 150
Oct 18 11:45:17 gtw01 dnsmasq[7242]: DNS service limited to local subnets
Oct 18 11:45:17 gtw01 dnsmasq[7242]: compile time options: IPv6 GNU-getopt DBus i18n IDN DHCP DHCPv6 no-Lua TFTP conntrack ipset auth DNSSEC loop-detect inotify dumpfile
Oct 18 11:45:17 gtw01 dnsmasq[7242]: warning: no upstream servers configured
Oct 18 11:45:17 gtw01 dnsmasq-dhcp[7242]: DHCP, static leases only on 1.1.0.16, lease time 1h
Oct 18 11:45:17 gtw01 dnsmasq[7242]: read /var/lib/neutron/dhcp/8361172f-6921-4b7d-8020-8a4e1f6e3c13/addn_hosts - 1 addresses
Oct 18 11:45:17 gtw01 dnsmasq-dhcp[7242]: read /var/lib/neutron/dhcp/8361172f-6921-4b7d-8020-8a4e1f6e3c13/host
Oct 18 11:45:17 gtw01 dnsmasq-dhcp[7242]: read /var/lib/neutron/dhcp/8361172f-6921-4b7d-8020-8a4e1f6e3c13/opts
Oct 18 11:45:18 gtw01 dnsmasq[7065]: read /var/lib/neutron/dhcp/89444c46-8752-4c72-9fe8-404424976481/addn_hosts - 2 addresses
Oct 18 11:45:18 gtw01 dnsmasq-dhcp[7065]: read /var/lib/neutron/dhcp/89444c46-8752-4c72-9fe8-404424976481/host
Oct 18 11:45:18 gtw01 dnsmasq-dhcp[7065]: read /var/lib/neutron/dhcp/89444c46-8752-4c72-9fe8-404424976481/opts
Oct 18 11:45:18 gtw01 haproxy-metadata-proxy-8361172f-6921-4b7d-8020-8a4e1f6e3c13[7264]: Proxy listener started.
Oct 18 11:45:18 gtw01 kernel: [15143.221054] device tap3f5fc8d2-64 entered promiscuous mode
Oct 18 11:45:18 gtw01 systemd-udevd[7272]: Could not generate persistent MAC address for tap3f5fc8d2-64: No such file or directory
Oct 18 11:45:18 gtw01 systemd-udevd[7272]: Process '/sbin/ip link set tap3f5fc8d2-64 txqueuelen 10000' failed with exit code 1.
Oct 18 11:45:18 gtw01 systemd-udevd[7272]: Process '/sbin/ip link set tap3f5fc8d2-64 txqueuelen 10000' failed with exit code 1.
Oct 18 11:45:18 gtw01 kernel: [15143.717837] device tap5998cf08-70 entered promiscuous mode
Oct 18 11:45:18 gtw01 systemd-udevd[7372]: Could not generate persistent MAC address for tap5998cf08-70: No such file or directory
Oct 18 11:45:20 gtw01 dnsmasq[7042]: read /var/lib/neutron/dhcp/9a42113c-ac1d-4b7b-a982-5f517fe6e4df/addn_hosts - 2 addresses
Oct 18 11:45:20 gtw01 dnsmasq-dhcp[7042]: read /var/lib/neutron/dhcp/9a42113c-ac1d-4b7b-a982-5f517fe6e4df/host
Oct 18 11:45:20 gtw01 dnsmasq-dhcp[7042]: read /var/lib/neutron/dhcp/9a42113c-ac1d-4b7b-a982-5f517fe6e4df/opts
Oct 18 11:45:20 gtw01 systemd-udevd[7465]: Process '/sbin/ip link set tap5998cf08-70 txqueuelen 10000' failed with exit code 1.
Oct 18 11:45:20 gtw01 dnsmasq[7204]: read /var/lib/neutron/dhcp/f58c6923-685f-400f-8c94-747af3d2008b/addn_hosts - 2 addresses
Oct 18 11:45:20 gtw01 dnsmasq-dhcp[7204]: read /var/lib/neutron/dhcp/f58c6923-685f-400f-8c94-747af3d2008b/host
Oct 18 11:45:20 gtw01 dnsmasq-dhcp[7204]: read /var/lib/neutron/dhcp/f58c6923-685f-400f-8c94-747af3d2008b/opts
Oct 18 11:45:20 gtw01 dnsmasq[7495]: started, version 2.80 cachesize 150
Oct 18 11:45:20 gtw01 dnsmasq[7495]: DNS service limited to local subnets
Oct 18 11:45:20 gtw01 dnsmasq[7495]: compile time options: IPv6 GNU-getopt DBus i18n IDN DHCP DHCPv6 no-Lua TFTP conntrack ipset auth DNSSEC loop-detect inotify dumpfile
Oct 18 11:45:20 gtw01 dnsmasq[7495]: warning: no upstream servers configured
Oct 18 11:45:20 gtw01 dnsmasq-dhcp[7495]: DHCP, static leases only on 1.1.0.28, lease time 1h
Oct 18 11:45:20 gtw01 dnsmasq[7495]: read /var/lib/neutron/dhcp/e55f5fca-b539-4c51-a258-e312f0652412/addn_hosts - 1 addresses
Oct 18 11:45:20 gtw01 dnsmasq-dhcp[7495]: read /var/lib/neutron/dhcp/e55f5fca-b539-4c51-a258-e312f0652412/host
Oct 18 11:45:20 gtw01 dnsmasq-dhcp[7495]: read /var/lib/neutron/dhcp/e55f5fca-b539-4c51-a258-e312f0652412/opts
Oct 18 11:45:21 gtw01 dnsmasq[7242]: read /var/lib/neutron/dhcp/8361172f-6921-4b7d-8020-8a4e1f6e3c13/addn_hosts - 2 addresses
Oct 18 11:45:21 gtw01 dnsmasq-dhcp[7242]: read /var/lib/neutron/dhcp/8361172f-6921-4b7d-8020-8a4e1f6e3c13/host
Oct 18 11:45:21 gtw01 dnsmasq-dhcp[7242]: read /var/lib/neutron/dhcp/8361172f-6921-4b7d-8020-8a4e1f6e3c13/opts
Oct 18 11:45:21 gtw01 haproxy-metadata-proxy-e55f5fca-b539-4c51-a258-e312f0652412[7522]: Proxy listener started.
Oct 18 11:45:22 gtw01 dnsmasq[7065]: read /var/lib/neutron/dhcp/89444c46-8752-4c72-9fe8-404424976481/addn_hosts - 2 addresses
Oct 18 11:45:22 gtw01 dnsmasq-dhcp[7065]: read /var/lib/neutron/dhcp/89444c46-8752-4c72-9fe8-404424976481/host
Oct 18 11:45:22 gtw01 dnsmasq-dhcp[7065]: read /var/lib/neutron/dhcp/89444c46-8752-4c72-9fe8-404424976481/opts
Oct 18 11:45:23 gtw01 dnsmasq[7042]: read /var/lib/neutron/dhcp/9a42113c-ac1d-4b7b-a982-5f517fe6e4df/addn_hosts - 2 addresses
Oct 18 11:45:23 gtw01 dnsmasq-dhcp[7042]: read /var/lib/neutron/dhcp/9a42113c-ac1d-4b7b-a982-5f517fe6e4df/host
Oct 18 11:45:23 gtw01 dnsmasq-dhcp[7042]: read /var/lib/neutron/dhcp/9a42113c-ac1d-4b7b-a982-5f517fe6e4df/opts
Oct 18 11:45:24 gtw01 dnsmasq[7495]: read /var/lib/neutron/dhcp/e55f5fca-b539-4c51-a258-e312f0652412/addn_hosts - 2 addresses
Oct 18 11:45:24 gtw01 dnsmasq-dhcp[7495]: read /var/lib/neutron/dhcp/e55f5fca-b539-4c51-a258-e312f0652412/host
Oct 18 11:45:24 gtw01 dnsmasq-dhcp[7495]: read /var/lib/neutron/dhcp/e55f5fca-b539-4c51-a258-e312f0652412/opts
Oct 18 11:45:24 gtw01 dnsmasq[7242]: read /var/lib/neutron/dhcp/8361172f-6921-4b7d-8020-8a4e1f6e3c13/addn_hosts - 2 addresses
Oct 18 11:45:24 gtw01 dnsmasq-dhcp[7242]: read /var/lib/neutron/dhcp/8361172f-6921-4b7d-8020-8a4e1f6e3c13/host
Oct 18 11:45:24 gtw01 dnsmasq-dhcp[7242]: read /var/lib/neutron/dhcp/8361172f-6921-4b7d-8020-8a4e1f6e3c13/opts
Oct 18 11:45:24 gtw01 dnsmasq[7204]: read /var/lib/neutron/dhcp/f58c6923-685f-400f-8c94-747af3d2008b/addn_hosts - 2 addresses
Oct 18 11:45:24 gtw01 dnsmasq-dhcp[7204]: read /var/lib/neutron/dhcp/f58c6923-685f-400f-8c94-747af3d2008b/host
Oct 18 11:45:24 gtw01 dnsmasq-dhcp[7204]: read /var/lib/neutron/dhcp/f58c6923-685f-400f-8c94-747af3d2008b/opts
Oct 18 11:45:24 gtw01 kernel: [15149.449823] device tap02f3a54f-5a entered promiscuous mode
Oct 18 11:45:24 gtw01 systemd-udevd[7626]: Could not generate persistent MAC address for tap02f3a54f-5a: No such file or directory
Oct 18 11:45:25 gtw01 systemd-udevd[7716]: Process '/sbin/ip link set tap02f3a54f-5a txqueuelen 10000' failed with exit code 1.
Oct 18 11:45:25 gtw01 dnsmasq[7065]: read /var/lib/neutron/dhcp/89444c46-8752-4c72-9fe8-404424976481/addn_hosts - 2 addresses
Oct 18 11:45:25 gtw01 dnsmasq-dhcp[7065]: read /var/lib/neutron/dhcp/89444c46-8752-4c72-9fe8-404424976481/host
Oct 18 11:45:25 gtw01 dnsmasq-dhcp[7065]: read /var/lib/neutron/dhcp/89444c46-8752-4c72-9fe8-404424976481/opts
Oct 18 11:45:27 gtw01 dnsmasq[7042]: read /var/lib/neutron/dhcp/9a42113c-ac1d-4b7b-a982-5f517fe6e4df/addn_hosts - 2 addresses
Oct 18 11:45:27 gtw01 dnsmasq-dhcp[7042]: read /var/lib/neutron/dhcp/9a42113c-ac1d-4b7b-a982-5f517fe6e4df/host
Oct 18 11:45:27 gtw01 dnsmasq-dhcp[7042]: read /var/lib/neutron/dhcp/9a42113c-ac1d-4b7b-a982-5f517fe6e4df/opts
Oct 18 11:45:27 gtw01 dnsmasq[7495]: read /var/lib/neutron/dhcp/e55f5fca-b539-4c51-a258-e312f0652412/addn_hosts - 2 addresses
Oct 18 11:45:27 gtw01 dnsmasq-dhcp[7495]: read /var/lib/neutron/dhcp/e55f5fca-b539-4c51-a258-e312f0652412/host
Oct 18 11:45:27 gtw01 dnsmasq-dhcp[7495]: read /var/lib/neutron/dhcp/e55f5fca-b539-4c51-a258-e312f0652412/opts
Oct 18 11:45:28 gtw01 dnsmasq[7242]: read /var/lib/neutron/dhcp/8361172f-6921-4b7d-8020-8a4e1f6e3c13/addn_hosts - 2 addresses
Oct 18 11:45:28 gtw01 dnsmasq-dhcp[7242]: read /var/lib/neutron/dhcp/8361172f-6921-4b7d-8020-8a4e1f6e3c13/host
Oct 18 11:45:28 gtw01 dnsmasq-dhcp[7242]: read /var/lib/neutron/dhcp/8361172f-6921-4b7d-8020-8a4e1f6e3c13/opts
Oct 18 11:45:28 gtw01 dnsmasq[7204]: read /var/lib/neutron/dhcp/f58c6923-685f-400f-8c94-747af3d2008b/addn_hosts - 2 addresses
Oct 18 11:45:28 gtw01 dnsmasq-dhcp[7204]: read /var/lib/neutron/dhcp/f58c6923-685f-400f-8c94-747af3d2008b/host
Oct 18 11:45:28 gtw01 dnsmasq-dhcp[7204]: read /var/lib/neutron/dhcp/f58c6923-685f-400f-8c94-747af3d2008b/opts
Oct 18 11:45:29 gtw01 dnsmasq[7065]: read /var/lib/neutron/dhcp/89444c46-8752-4c72-9fe8-404424976481/addn_hosts - 2 addresses
Oct 18 11:45:29 gtw01 dnsmasq-dhcp[7065]: read /var/lib/neutron/dhcp/89444c46-8752-4c72-9fe8-404424976481/host
Oct 18 11:45:29 gtw01 dnsmasq-dhcp[7065]: read /var/lib/neutron/dhcp/89444c46-8752-4c72-9fe8-404424976481/opts
Oct 18 11:45:29 gtw01 dnsmasq[7891]: started, version 2.80 cachesize 150
Oct 18 11:45:29 gtw01 dnsmasq[7891]: DNS service limited to local subnets
Oct 18 11:45:29 gtw01 dnsmasq[7891]: compile time options: IPv6 GNU-getopt DBus i18n IDN DHCP DHCPv6 no-Lua TFTP conntrack ipset auth DNSSEC loop-detect inotify dumpfile
Oct 18 11:45:29 gtw01 dnsmasq[7891]: warning: no upstream servers configured
Oct 18 11:45:29 gtw01 dnsmasq-dhcp[7891]: DHCP, static leases only on 1.1.0.32, lease time 1h
Oct 18 11:45:29 gtw01 dnsmasq[7891]: read /var/lib/neutron/dhcp/97240d47-8f99-415b-b9ab-4301f3d41abd/addn_hosts - 1 addresses
Oct 18 11:45:29 gtw01 dnsmasq-dhcp[7891]: read /var/lib/neutron/dhcp/97240d47-8f99-415b-b9ab-4301f3d41abd/host
Oct 18 11:45:29 gtw01 dnsmasq-dhcp[7891]: read /var/lib/neutron/dhcp/97240d47-8f99-415b-b9ab-4301f3d41abd/opts
Oct 18 11:45:30 gtw01 haproxy-metadata-proxy-97240d47-8f99-415b-b9ab-4301f3d41abd[7917]: Proxy listener started.
Oct 18 11:45:31 gtw01 dnsmasq[7495]: read /var/lib/neutron/dhcp/e55f5fca-b539-4c51-a258-e312f0652412/addn_hosts - 2 addresses
Oct 18 11:45:31 gtw01 dnsmasq-dhcp[7495]: read /var/lib/neutron/dhcp/e55f5fca-b539-4c51-a258-e312f0652412/host
Oct 18 11:45:31 gtw01 dnsmasq-dhcp[7495]: read /var/lib/neutron/dhcp/e55f5fca-b539-4c51-a258-e312f0652412/opts
Oct 18 11:45:31 gtw01 dnsmasq[7944]: started, version 2.80 cachesize 150
Oct 18 11:45:31 gtw01 dnsmasq[7944]: DNS service limited to local subnets
Oct 18 11:45:31 gtw01 dnsmasq[7944]: compile time options: IPv6 GNU-getopt DBus i18n IDN DHCP DHCPv6 no-Lua TFTP conntrack ipset auth DNSSEC loop-detect inotify dumpfile
Oct 18 11:45:31 gtw01 dnsmasq[7944]: warning: no upstream servers configured
Oct 18 11:45:31 gtw01 dnsmasq-dhcp[7944]: DHCP, static leases only on 1.1.0.36, lease time 1h
Oct 18 11:45:31 gtw01 dnsmasq[7944]: read /var/lib/neutron/dhcp/99f213c3-7f04-4d2d-add9-8d793b5c0689/addn_hosts - 1 addresses
Oct 18 11:45:31 gtw01 dnsmasq-dhcp[7944]: read /var/lib/neutron/dhcp/99f213c3-7f04-4d2d-add9-8d793b5c0689/host
Oct 18 11:45:31 gtw01 dnsmasq-dhcp[7944]: read /var/lib/neutron/dhcp/99f213c3-7f04-4d2d-add9-8d793b5c0689/opts
Oct 18 11:45:31 gtw01 dnsmasq[7242]: read /var/lib/neutron/dhcp/8361172f-6921-4b7d-8020-8a4e1f6e3c13/addn_hosts - 2 addresses
Oct 18 11:45:31 gtw01 dnsmasq-dhcp[7242]: read /var/lib/neutron/dhcp/8361172f-6921-4b7d-8020-8a4e1f6e3c13/host
Oct 18 11:45:31 gtw01 dnsmasq-dhcp[7242]: read /var/lib/neutron/dhcp/8361172f-6921-4b7d-8020-8a4e1f6e3c13/opts
Oct 18 11:45:31 gtw01 dnsmasq[7204]: read /var/lib/neutron/dhcp/f58c6923-685f-400f-8c94-747af3d2008b/addn_hosts - 2 addresses
Oct 18 11:45:31 gtw01 dnsmasq-dhcp[7204]: read /var/lib/neutron/dhcp/f58c6923-685f-400f-8c94-747af3d2008b/host
Oct 18 11:45:31 gtw01 dnsmasq-dhcp[7204]: read /var/lib/neutron/dhcp/f58c6923-685f-400f-8c94-747af3d2008b/opts
Oct 18 11:45:31 gtw01 haproxy-metadata-proxy-99f213c3-7f04-4d2d-add9-8d793b5c0689[7968]: Proxy listener started.
Oct 18 11:45:32 gtw01 dnsmasq[7891]: read /var/lib/neutron/dhcp/97240d47-8f99-415b-b9ab-4301f3d41abd/addn_hosts - 2 addresses
Oct 18 11:45:32 gtw01 dnsmasq-dhcp[7891]: read /var/lib/neutron/dhcp/97240d47-8f99-415b-b9ab-4301f3d41abd/host
Oct 18 11:45:32 gtw01 dnsmasq-dhcp[7891]: read /var/lib/neutron/dhcp/97240d47-8f99-415b-b9ab-4301f3d41abd/opts
Oct 18 11:45:33 gtw01 dnsmasq[7944]: read /var/lib/neutron/dhcp/99f213c3-7f04-4d2d-add9-8d793b5c0689/addn_hosts - 2 addresses
Oct 18 11:45:33 gtw01 dnsmasq-dhcp[7944]: read /var/lib/neutron/dhcp/99f213c3-7f04-4d2d-add9-8d793b5c0689/host
Oct 18 11:45:33 gtw01 dnsmasq-dhcp[7944]: read /var/lib/neutron/dhcp/99f213c3-7f04-4d2d-add9-8d793b5c0689/opts
Oct 18 11:45:34 gtw01 dnsmasq[7204]: read /var/lib/neutron/dhcp/f58c6923-685f-400f-8c94-747af3d2008b/addn_hosts - 2 addresses
Oct 18 11:45:34 gtw01 dnsmasq-dhcp[7204]: read /var/lib/neutron/dhcp/f58c6923-685f-400f-8c94-747af3d2008b/host
Oct 18 11:45:34 gtw01 dnsmasq-dhcp[7204]: read /var/lib/neutron/dhcp/f58c6923-685f-400f-8c94-747af3d2008b/opts
Oct 18 11:45:34 gtw01 dnsmasq[7495]: read /var/lib/neutron/dhcp/e55f5fca-b539-4c51-a258-e312f0652412/addn_hosts - 2 addresses
Oct 18 11:45:34 gtw01 dnsmasq-dhcp[7495]: read /var/lib/neutron/dhcp/e55f5fca-b539-4c51-a258-e312f0652412/host
Oct 18 11:45:34 gtw01 dnsmasq-dhcp[7495]: read /var/lib/neutron/dhcp/e55f5fca-b539-4c51-a258-e312f0652412/opts
Oct 18 11:45:34 gtw01 dnsmasq[7242]: read /var/lib/neutron/dhcp/8361172f-6921-4b7d-8020-8a4e1f6e3c13/addn_hosts - 2 addresses
Oct 18 11:45:34 gtw01 dnsmasq-dhcp[7242]: read /var/lib/neutron/dhcp/8361172f-6921-4b7d-8020-8a4e1f6e3c13/host
Oct 18 11:45:34 gtw01 dnsmasq-dhcp[7242]: read /var/lib/neutron/dhcp/8361172f-6921-4b7d-8020-8a4e1f6e3c13/opts
Oct 18 11:45:35 gtw01 dnsmasq[8109]: started, version 2.80 cachesize 150
Oct 18 11:45:35 gtw01 dnsmasq[8109]: DNS service limited to local subnets
Oct 18 11:45:35 gtw01 dnsmasq[8109]: compile time options: IPv6 GNU-getopt DBus i18n IDN DHCP DHCPv6 no-Lua TFTP conntrack ipset auth DNSSEC loop-detect inotify dumpfile
Oct 18 11:45:35 gtw01 dnsmasq[8109]: warning: no upstream servers configured
Oct 18 11:45:35 gtw01 dnsmasq-dhcp[8109]: DHCP, static leases only on 1.1.0.40, lease time 1h
Oct 18 11:45:35 gtw01 dnsmasq[8109]: read /var/lib/neutron/dhcp/26f9aa0c-6261-49b0-8ee7-580ab795ecdc/addn_hosts - 1 addresses
Oct 18 11:45:35 gtw01 dnsmasq-dhcp[8109]: read /var/lib/neutron/dhcp/26f9aa0c-6261-49b0-8ee7-580ab795ecdc/host
Oct 18 11:45:35 gtw01 dnsmasq-dhcp[8109]: read /var/lib/neutron/dhcp/26f9aa0c-6261-49b0-8ee7-580ab795ecdc/opts
Oct 18 11:45:35 gtw01 kernel: [15160.805933] device tap2137b62c-80 entered promiscuous mode
Oct 18 11:45:35 gtw01 systemd-udevd[8117]: Could not generate persistent MAC address for tap2137b62c-80: No such file or directory
Oct 18 11:45:36 gtw01 systemd-udevd[8190]: Process '/sbin/ip link set tap2137b62c-80 txqueuelen 10000' failed with exit code 1.
Oct 18 11:45:36 gtw01 dnsmasq[7891]: read /var/lib/neutron/dhcp/97240d47-8f99-415b-b9ab-4301f3d41abd/addn_hosts - 2 addresses
Oct 18 11:45:36 gtw01 dnsmasq-dhcp[7891]: read /var/lib/neutron/dhcp/97240d47-8f99-415b-b9ab-4301f3d41abd/host
Oct 18 11:45:36 gtw01 dnsmasq-dhcp[7891]: read /var/lib/neutron/dhcp/97240d47-8f99-415b-b9ab-4301f3d41abd/opts
Oct 18 11:45:36 gtw01 haproxy-metadata-proxy-26f9aa0c-6261-49b0-8ee7-580ab795ecdc[8210]: Proxy listener started.
Oct 18 11:45:36 gtw01 kernel: [15161.713163] device tap72f56457-b9 entered promiscuous mode
Oct 18 11:45:36 gtw01 systemd-udevd[8226]: Could not generate persistent MAC address for tap72f56457-b9: No such file or directory
Oct 18 11:45:36 gtw01 systemd-udevd[8226]: Process '/sbin/ip link set tap72f56457-b9 txqueuelen 10000' failed with exit code 1.
Oct 18 11:45:37 gtw01 systemd-udevd[8300]: Process '/sbin/ip link set tap72f56457-b9 txqueuelen 10000' failed with exit code 1.
Oct 18 11:45:37 gtw01 dnsmasq[7944]: read /var/lib/neutron/dhcp/99f213c3-7f04-4d2d-add9-8d793b5c0689/addn_hosts - 2 addresses
Oct 18 11:45:37 gtw01 dnsmasq-dhcp[7944]: read /var/lib/neutron/dhcp/99f213c3-7f04-4d2d-add9-8d793b5c0689/host
Oct 18 11:45:37 gtw01 dnsmasq-dhcp[7944]: read /var/lib/neutron/dhcp/99f213c3-7f04-4d2d-add9-8d793b5c0689/opts
Oct 18 11:45:37 gtw01 dnsmasq[7495]: read /var/lib/neutron/dhcp/e55f5fca-b539-4c51-a258-e312f0652412/addn_hosts - 2 addresses
Oct 18 11:45:37 gtw01 dnsmasq-dhcp[7495]: read /var/lib/neutron/dhcp/e55f5fca-b539-4c51-a258-e312f0652412/host
Oct 18 11:45:37 gtw01 dnsmasq-dhcp[7495]: read /var/lib/neutron/dhcp/e55f5fca-b539-4c51-a258-e312f0652412/opts
Oct 18 11:45:38 gtw01 dnsmasq[8109]: read /var/lib/neutron/dhcp/26f9aa0c-6261-49b0-8ee7-580ab795ecdc/addn_hosts - 2 addresses
Oct 18 11:45:38 gtw01 dnsmasq-dhcp[8109]: read /var/lib/neutron/dhcp/26f9aa0c-6261-49b0-8ee7-580ab795ecdc/host
Oct 18 11:45:38 gtw01 dnsmasq-dhcp[8109]: read /var/lib/neutron/dhcp/26f9aa0c-6261-49b0-8ee7-580ab795ecdc/opts
Oct 18 11:45:38 gtw01 dnsmasq[7891]: read /var/lib/neutron/dhcp/97240d47-8f99-415b-b9ab-4301f3d41abd/addn_hosts - 2 addresses
Oct 18 11:45:38 gtw01 dnsmasq-dhcp[7891]: read /var/lib/neutron/dhcp/97240d47-8f99-415b-b9ab-4301f3d41abd/host
Oct 18 11:45:38 gtw01 dnsmasq-dhcp[7891]: read /var/lib/neutron/dhcp/97240d47-8f99-415b-b9ab-4301f3d41abd/opts
Oct 18 11:45:39 gtw01 dnsmasq[7944]: read /var/lib/neutron/dhcp/99f213c3-7f04-4d2d-add9-8d793b5c0689/addn_hosts - 2 addresses
Oct 18 11:45:39 gtw01 dnsmasq-dhcp[7944]: read /var/lib/neutron/dhcp/99f213c3-7f04-4d2d-add9-8d793b5c0689/host
Oct 18 11:45:39 gtw01 dnsmasq-dhcp[7944]: read /var/lib/neutron/dhcp/99f213c3-7f04-4d2d-add9-8d793b5c0689/opts
Oct 18 11:45:40 gtw01 dnsmasq[8109]: read /var/lib/neutron/dhcp/26f9aa0c-6261-49b0-8ee7-580ab795ecdc/addn_hosts - 2 addresses
Oct 18 11:45:40 gtw01 dnsmasq-dhcp[8109]: read /var/lib/neutron/dhcp/26f9aa0c-6261-49b0-8ee7-580ab795ecdc/host
Oct 18 11:45:40 gtw01 dnsmasq-dhcp[8109]: read /var/lib/neutron/dhcp/26f9aa0c-6261-49b0-8ee7-580ab795ecdc/opts
Oct 18 11:45:41 gtw01 dnsmasq[7891]: read /var/lib/neutron/dhcp/97240d47-8f99-415b-b9ab-4301f3d41abd/addn_hosts - 2 addresses
Oct 18 11:45:41 gtw01 dnsmasq-dhcp[7891]: read /var/lib/neutron/dhcp/97240d47-8f99-415b-b9ab-4301f3d41abd/host
Oct 18 11:45:41 gtw01 dnsmasq-dhcp[7891]: read /var/lib/neutron/dhcp/97240d47-8f99-415b-b9ab-4301f3d41abd/opts
Oct 18 11:45:42 gtw01 dnsmasq[7242]: read /var/lib/neutron/dhcp/8361172f-6921-4b7d-8020-8a4e1f6e3c13/addn_hosts - 1 addresses
Oct 18 11:45:42 gtw01 dnsmasq-dhcp[7242]: read /var/lib/neutron/dhcp/8361172f-6921-4b7d-8020-8a4e1f6e3c13/host
Oct 18 11:45:42 gtw01 dnsmasq-dhcp[7242]: read /var/lib/neutron/dhcp/8361172f-6921-4b7d-8020-8a4e1f6e3c13/opts
Oct 18 11:45:43 gtw01 dnsmasq[7042]: read /var/lib/neutron/dhcp/9a42113c-ac1d-4b7b-a982-5f517fe6e4df/addn_hosts - 1 addresses
Oct 18 11:45:43 gtw01 dnsmasq-dhcp[7042]: read /var/lib/neutron/dhcp/9a42113c-ac1d-4b7b-a982-5f517fe6e4df/host
Oct 18 11:45:43 gtw01 dnsmasq-dhcp[7042]: read /var/lib/neutron/dhcp/9a42113c-ac1d-4b7b-a982-5f517fe6e4df/opts
Oct 18 11:45:43 gtw01 dnsmasq[7495]: read /var/lib/neutron/dhcp/e55f5fca-b539-4c51-a258-e312f0652412/addn_hosts - 1 addresses
Oct 18 11:45:43 gtw01 dnsmasq-dhcp[7495]: read /var/lib/neutron/dhcp/e55f5fca-b539-4c51-a258-e312f0652412/host
Oct 18 11:45:43 gtw01 dnsmasq-dhcp[7495]: read /var/lib/neutron/dhcp/e55f5fca-b539-4c51-a258-e312f0652412/opts
Oct 18 11:45:43 gtw01 dnsmasq[7944]: read /var/lib/neutron/dhcp/99f213c3-7f04-4d2d-add9-8d793b5c0689/addn_hosts - 2 addresses
Oct 18 11:45:43 gtw01 dnsmasq-dhcp[7944]: read /var/lib/neutron/dhcp/99f213c3-7f04-4d2d-add9-8d793b5c0689/host
Oct 18 11:45:43 gtw01 dnsmasq-dhcp[7944]: read /var/lib/neutron/dhcp/99f213c3-7f04-4d2d-add9-8d793b5c0689/opts
Oct 18 11:45:43 gtw01 dnsmasq[8109]: read /var/lib/neutron/dhcp/26f9aa0c-6261-49b0-8ee7-580ab795ecdc/addn_hosts - 2 addresses
Oct 18 11:45:43 gtw01 dnsmasq-dhcp[8109]: read /var/lib/neutron/dhcp/26f9aa0c-6261-49b0-8ee7-580ab795ecdc/host
Oct 18 11:45:43 gtw01 dnsmasq-dhcp[8109]: read /var/lib/neutron/dhcp/26f9aa0c-6261-49b0-8ee7-580ab795ecdc/opts
Oct 18 11:45:44 gtw01 dnsmasq[7891]: read /var/lib/neutron/dhcp/97240d47-8f99-415b-b9ab-4301f3d41abd/addn_hosts - 2 addresses
Oct 18 11:45:44 gtw01 dnsmasq-dhcp[7891]: read /var/lib/neutron/dhcp/97240d47-8f99-415b-b9ab-4301f3d41abd/host
Oct 18 11:45:44 gtw01 dnsmasq-dhcp[7891]: read /var/lib/neutron/dhcp/97240d47-8f99-415b-b9ab-4301f3d41abd/opts
Oct 18 11:45:45 gtw01 dnsmasq[8610]: started, version 2.80 cachesize 150
Oct 18 11:45:45 gtw01 dnsmasq[8610]: DNS service limited to local subnets
Oct 18 11:45:45 gtw01 dnsmasq[8610]: compile time options: IPv6 GNU-getopt DBus i18n IDN DHCP DHCPv6 no-Lua TFTP conntrack ipset auth DNSSEC loop-detect inotify dumpfile
Oct 18 11:45:45 gtw01 dnsmasq[8610]: warning: no upstream servers configured
Oct 18 11:45:45 gtw01 dnsmasq-dhcp[8610]: DHCP, static leases only on 1.1.0.44, lease time 1h
Oct 18 11:45:45 gtw01 dnsmasq[8610]: read /var/lib/neutron/dhcp/9140e88e-3355-457d-a0c7-b6e094c6f8b8/addn_hosts - 2 addresses
Oct 18 11:45:45 gtw01 dnsmasq-dhcp[8610]: read /var/lib/neutron/dhcp/9140e88e-3355-457d-a0c7-b6e094c6f8b8/host
Oct 18 11:45:45 gtw01 dnsmasq-dhcp[8610]: read /var/lib/neutron/dhcp/9140e88e-3355-457d-a0c7-b6e094c6f8b8/opts
Oct 18 11:45:46 gtw01 dnsmasq[7065]: read /var/lib/neutron/dhcp/89444c46-8752-4c72-9fe8-404424976481/addn_hosts - 1 addresses
Oct 18 11:45:46 gtw01 dnsmasq-dhcp[7065]: read /var/lib/neutron/dhcp/89444c46-8752-4c72-9fe8-404424976481/host
Oct 18 11:45:46 gtw01 dnsmasq-dhcp[7065]: read /var/lib/neutron/dhcp/89444c46-8752-4c72-9fe8-404424976481/opts
Oct 18 11:45:46 gtw01 dnsmasq[8634]: started, version 2.80 cachesize 150
Oct 18 11:45:46 gtw01 dnsmasq[8634]: DNS service limited to local subnets
Oct 18 11:45:46 gtw01 dnsmasq[8634]: compile time options: IPv6 GNU-getopt DBus i18n IDN DHCP DHCPv6 no-Lua TFTP conntrack ipset auth DNSSEC loop-detect inotify dumpfile
Oct 18 11:45:46 gtw01 dnsmasq[8634]: warning: no upstream servers configured
Oct 18 11:45:46 gtw01 dnsmasq-dhcp[8634]: DHCP, static leases only on 1.1.0.48, lease time 1h
Oct 18 11:45:46 gtw01 haproxy-metadata-proxy-9140e88e-3355-457d-a0c7-b6e094c6f8b8[8631]: Proxy listener started.
Oct 18 11:45:46 gtw01 dnsmasq[8634]: read /var/lib/neutron/dhcp/3b910396-2bc8-4f1f-a45c-55ceec7d5511/addn_hosts - 2 addresses
Oct 18 11:45:46 gtw01 dnsmasq-dhcp[8634]: read /var/lib/neutron/dhcp/3b910396-2bc8-4f1f-a45c-55ceec7d5511/host
Oct 18 11:45:46 gtw01 dnsmasq-dhcp[8634]: read /var/lib/neutron/dhcp/3b910396-2bc8-4f1f-a45c-55ceec7d5511/opts
Oct 18 11:45:46 gtw01 haproxy-metadata-proxy-3b910396-2bc8-4f1f-a45c-55ceec7d5511[8657]: Proxy listener started.
Oct 18 11:45:47 gtw01 dnsmasq[7204]: read /var/lib/neutron/dhcp/f58c6923-685f-400f-8c94-747af3d2008b/addn_hosts - 1 addresses
Oct 18 11:45:47 gtw01 dnsmasq-dhcp[7204]: read /var/lib/neutron/dhcp/f58c6923-685f-400f-8c94-747af3d2008b/host
Oct 18 11:45:47 gtw01 dnsmasq-dhcp[7204]: read /var/lib/neutron/dhcp/f58c6923-685f-400f-8c94-747af3d2008b/opts
Oct 18 11:45:47 gtw01 dnsmasq[7944]: read /var/lib/neutron/dhcp/99f213c3-7f04-4d2d-add9-8d793b5c0689/addn_hosts - 2 addresses
Oct 18 11:45:47 gtw01 dnsmasq-dhcp[7944]: read /var/lib/neutron/dhcp/99f213c3-7f04-4d2d-add9-8d793b5c0689/host
Oct 18 11:45:47 gtw01 dnsmasq-dhcp[7944]: read /var/lib/neutron/dhcp/99f213c3-7f04-4d2d-add9-8d793b5c0689/opts
Oct 18 11:45:47 gtw01 dnsmasq[8109]: read /var/lib/neutron/dhcp/26f9aa0c-6261-49b0-8ee7-580ab795ecdc/addn_hosts - 2 addresses
Oct 18 11:45:47 gtw01 dnsmasq-dhcp[8109]: read /var/lib/neutron/dhcp/26f9aa0c-6261-49b0-8ee7-580ab795ecdc/host
Oct 18 11:45:47 gtw01 dnsmasq-dhcp[8109]: read /var/lib/neutron/dhcp/26f9aa0c-6261-49b0-8ee7-580ab795ecdc/opts
Oct 18 11:45:47 gtw01 dnsmasq-dhcp[8610]: DHCPRELEASE(tap2137b62c-80) 1.1.0.45 fa:16:3e:19:72:f7
Oct 18 11:45:47 gtw01 dnsmasq[7891]: read /var/lib/neutron/dhcp/97240d47-8f99-415b-b9ab-4301f3d41abd/addn_hosts - 1 addresses
Oct 18 11:45:47 gtw01 dnsmasq-dhcp[7891]: read /var/lib/neutron/dhcp/97240d47-8f99-415b-b9ab-4301f3d41abd/host
Oct 18 11:45:47 gtw01 dnsmasq-dhcp[7891]: read /var/lib/neutron/dhcp/97240d47-8f99-415b-b9ab-4301f3d41abd/opts
Oct 18 11:45:48 gtw01 dnsmasq-dhcp[8634]: DHCPRELEASE(tap72f56457-b9) 1.1.0.49 fa:16:3e:d5:f6:c2
Oct 18 11:45:49 gtw01 dnsmasq[8610]: read /var/lib/neutron/dhcp/9140e88e-3355-457d-a0c7-b6e094c6f8b8/addn_hosts - 1 addresses
Oct 18 11:45:49 gtw01 dnsmasq-dhcp[8610]: read /var/lib/neutron/dhcp/9140e88e-3355-457d-a0c7-b6e094c6f8b8/host
Oct 18 11:45:49 gtw01 dnsmasq-dhcp[8610]: read /var/lib/neutron/dhcp/9140e88e-3355-457d-a0c7-b6e094c6f8b8/opts
Oct 18 11:45:49 gtw01 dnsmasq[8634]: read /var/lib/neutron/dhcp/3b910396-2bc8-4f1f-a45c-55ceec7d5511/addn_hosts - 1 addresses
Oct 18 11:45:49 gtw01 dnsmasq-dhcp[8634]: read /var/lib/neutron/dhcp/3b910396-2bc8-4f1f-a45c-55ceec7d5511/host
Oct 18 11:45:49 gtw01 dnsmasq-dhcp[8634]: read /var/lib/neutron/dhcp/3b910396-2bc8-4f1f-a45c-55ceec7d5511/opts
Oct 18 11:45:49 gtw01 dnsmasq[7944]: read /var/lib/neutron/dhcp/99f213c3-7f04-4d2d-add9-8d793b5c0689/addn_hosts - 1 addresses
Oct 18 11:45:49 gtw01 dnsmasq-dhcp[7944]: read /var/lib/neutron/dhcp/99f213c3-7f04-4d2d-add9-8d793b5c0689/host
Oct 18 11:45:49 gtw01 dnsmasq-dhcp[7944]: read /var/lib/neutron/dhcp/99f213c3-7f04-4d2d-add9-8d793b5c0689/opts
Oct 18 11:45:49 gtw01 dnsmasq[8109]: read /var/lib/neutron/dhcp/26f9aa0c-6261-49b0-8ee7-580ab795ecdc/addn_hosts - 2 addresses
Oct 18 11:45:49 gtw01 dnsmasq-dhcp[8109]: read /var/lib/neutron/dhcp/26f9aa0c-6261-49b0-8ee7-580ab795ecdc/host
Oct 18 11:45:49 gtw01 dnsmasq-dhcp[8109]: read /var/lib/neutron/dhcp/26f9aa0c-6261-49b0-8ee7-580ab795ecdc/opts
Oct 18 11:45:50 gtw01 dnsmasq[8610]: read /var/lib/neutron/dhcp/9140e88e-3355-457d-a0c7-b6e094c6f8b8/addn_hosts - 2 addresses
Oct 18 11:45:50 gtw01 dnsmasq-dhcp[8610]: read /var/lib/neutron/dhcp/9140e88e-3355-457d-a0c7-b6e094c6f8b8/host
Oct 18 11:45:50 gtw01 dnsmasq-dhcp[8610]: read /var/lib/neutron/dhcp/9140e88e-3355-457d-a0c7-b6e094c6f8b8/opts
Oct 18 11:45:51 gtw01 dnsmasq[8634]: read /var/lib/neutron/dhcp/3b910396-2bc8-4f1f-a45c-55ceec7d5511/addn_hosts - 2 addresses
Oct 18 11:45:51 gtw01 dnsmasq-dhcp[8634]: read /var/lib/neutron/dhcp/3b910396-2bc8-4f1f-a45c-55ceec7d5511/host
Oct 18 11:45:51 gtw01 dnsmasq-dhcp[8634]: read /var/lib/neutron/dhcp/3b910396-2bc8-4f1f-a45c-55ceec7d5511/opts
Oct 18 11:45:51 gtw01 dnsmasq[8109]: read /var/lib/neutron/dhcp/26f9aa0c-6261-49b0-8ee7-580ab795ecdc/addn_hosts - 1 addresses
Oct 18 11:45:51 gtw01 dnsmasq-dhcp[8109]: read /var/lib/neutron/dhcp/26f9aa0c-6261-49b0-8ee7-580ab795ecdc/host
Oct 18 11:45:51 gtw01 dnsmasq-dhcp[8109]: read /var/lib/neutron/dhcp/26f9aa0c-6261-49b0-8ee7-580ab795ecdc/opts
Oct 18 11:45:52 gtw01 kernel: [15177.394160] device tap5998cf08-70 left promiscuous mode
Oct 18 11:45:53 gtw01 kernel: [15177.956588] device tap3f5fc8d2-64 left promiscuous mode
Oct 18 11:45:53 gtw01 kernel: [15178.351921] device tapf9d98e0f-b4 left promiscuous mode
Oct 18 11:45:53 gtw01 kernel: [15178.374760] device tapdf8dca75-f7 left promiscuous mode
Oct 18 11:45:53 gtw01 kernel: [15178.566205] device tap29bc5fae-a1 left promiscuous mode
Oct 18 11:45:53 gtw01 kernel: [15178.582620] device tap2137b62c-80 left promiscuous mode
Oct 18 11:45:53 gtw01 kernel: [15178.647339] device tap72f56457-b9 left promiscuous mode
Oct 18 11:45:55 gtw01 kernel: [15180.129436] device tap9b6e7148-4b left promiscuous mode
Oct 18 11:45:55 gtw01 kernel: [15180.293542] device tap5fb0ec73-c5 left promiscuous mode
Oct 18 11:45:55 gtw01 kernel: [15180.389152] device tap02f3a54f-5a left promiscuous mode
Oct 18 11:46:33 gtw01 kernel: [15218.137666] device tap0e110a11-76 entered promiscuous mode
Oct 18 11:46:33 gtw01 systemd-udevd[8970]: Could not generate persistent MAC address for tap0e110a11-76: No such file or directory
Oct 18 11:46:33 gtw01 systemd-udevd[8970]: Process '/sbin/ip link set tap0e110a11-76 txqueuelen 10000' failed with exit code 1.
Oct 18 11:46:33 gtw01 systemd-udevd[9045]: Process '/sbin/ip link set tap0e110a11-76 txqueuelen 10000' failed with exit code 1.
Oct 18 11:46:33 gtw01 kernel: [15218.577839] device tap8318ab99-5f entered promiscuous mode
Oct 18 11:46:33 gtw01 systemd-udevd[9069]: Could not generate persistent MAC address for tap8318ab99-5f: No such file or directory
Oct 18 11:46:33 gtw01 kernel: [15218.718133] device tapbb54bd65-e6 entered promiscuous mode
Oct 18 11:46:33 gtw01 kernel: [15218.784592] device tap85c138d0-3c entered promiscuous mode
Oct 18 11:46:33 gtw01 systemd-udevd[9130]: Could not generate persistent MAC address for tapbb54bd65-e6: No such file or directory
Oct 18 11:46:33 gtw01 systemd-udevd[9134]: Could not generate persistent MAC address for tap85c138d0-3c: No such file or directory
Oct 18 11:46:33 gtw01 systemd-udevd[9069]: Process '/sbin/ip link set tap8318ab99-5f txqueuelen 10000' failed with exit code 1.
Oct 18 11:46:34 gtw01 systemd-udevd[9291]: Process '/sbin/ip link set tapbb54bd65-e6 txqueuelen 10000' failed with exit code 1.
Oct 18 11:46:34 gtw01 systemd-udevd[9301]: Process '/sbin/ip link set tap85c138d0-3c txqueuelen 10000' failed with exit code 1.
Oct 18 11:46:37 gtw01 kernel: [15222.759550] device tapf5e73904-82 entered promiscuous mode
Oct 18 11:46:37 gtw01 systemd-udevd[9461]: Could not generate persistent MAC address for tapf5e73904-82: No such file or directory
Oct 18 11:46:38 gtw01 systemd-udevd[9554]: Process '/sbin/ip link set tapf5e73904-82 txqueuelen 10000' failed with exit code 1.
Oct 18 11:46:39 gtw01 kernel: [15224.070497] device tap99bda883-61 entered promiscuous mode
Oct 18 11:46:39 gtw01 systemd-udevd[9595]: Could not generate persistent MAC address for tap99bda883-61: No such file or directory
Oct 18 11:46:39 gtw01 kernel: [15224.365952] device tap86d9b66f-e0 entered promiscuous mode
Oct 18 11:46:39 gtw01 systemd-udevd[9675]: Could not generate persistent MAC address for tap86d9b66f-e0: No such file or directory
Oct 18 11:46:39 gtw01 systemd-udevd[9746]: Process '/sbin/ip link set tap99bda883-61 txqueuelen 10000' failed with exit code 1.
Oct 18 11:46:39 gtw01 kernel: [15224.706003] device tapd1e72649-26 entered promiscuous mode
Oct 18 11:46:39 gtw01 systemd-udevd[9761]: Could not generate persistent MAC address for tapd1e72649-26: No such file or directory
Oct 18 11:46:40 gtw01 systemd-udevd[9839]: Process '/sbin/ip link set tap86d9b66f-e0 txqueuelen 10000' failed with exit code 1.
Oct 18 11:46:40 gtw01 systemd-udevd[9867]: Process '/sbin/ip link set tapd1e72649-26 txqueuelen 10000' failed with exit code 1.
Oct 18 11:46:41 gtw01 dnsmasq[9925]: started, version 2.80 cachesize 150
Oct 18 11:46:41 gtw01 dnsmasq[9925]: DNS service limited to local subnets
Oct 18 11:46:41 gtw01 dnsmasq[9925]: compile time options: IPv6 GNU-getopt DBus i18n IDN DHCP DHCPv6 no-Lua TFTP conntrack ipset auth DNSSEC loop-detect inotify dumpfile
Oct 18 11:46:41 gtw01 dnsmasq[9925]: warning: no upstream servers configured
Oct 18 11:46:41 gtw01 dnsmasq-dhcp[9925]: DHCP, static leases only on 1.17.0.0, lease time 1h
Oct 18 11:46:41 gtw01 dnsmasq[9925]: read /var/lib/neutron/dhcp/4b8b840d-12dc-4be8-9b51-6f5c9253a4be/addn_hosts - 1 addresses
Oct 18 11:46:41 gtw01 dnsmasq-dhcp[9925]: read /var/lib/neutron/dhcp/4b8b840d-12dc-4be8-9b51-6f5c9253a4be/host
Oct 18 11:46:41 gtw01 dnsmasq-dhcp[9925]: read /var/lib/neutron/dhcp/4b8b840d-12dc-4be8-9b51-6f5c9253a4be/opts
Oct 18 11:46:42 gtw01 haproxy-metadata-proxy-4b8b840d-12dc-4be8-9b51-6f5c9253a4be[9954]: Proxy listener started.
Oct 18 11:46:43 gtw01 dnsmasq[9971]: started, version 2.80 cachesize 150
Oct 18 11:46:43 gtw01 dnsmasq[9971]: DNS service limited to local subnets
Oct 18 11:46:43 gtw01 dnsmasq[9971]: compile time options: IPv6 GNU-getopt DBus i18n IDN DHCP DHCPv6 no-Lua TFTP conntrack ipset auth DNSSEC loop-detect inotify dumpfile
Oct 18 11:46:43 gtw01 dnsmasq[9971]: warning: no upstream servers configured
Oct 18 11:46:43 gtw01 dnsmasq-dhcp[9971]: DHCP, static leases only on 1.19.0.0, lease time 1h
Oct 18 11:46:43 gtw01 dnsmasq[9971]: read /var/lib/neutron/dhcp/0f37978a-6824-4986-836a-8f61c4253b53/addn_hosts - 1 addresses
Oct 18 11:46:43 gtw01 dnsmasq-dhcp[9971]: read /var/lib/neutron/dhcp/0f37978a-6824-4986-836a-8f61c4253b53/host
Oct 18 11:46:43 gtw01 dnsmasq-dhcp[9971]: read /var/lib/neutron/dhcp/0f37978a-6824-4986-836a-8f61c4253b53/opts
Oct 18 11:46:43 gtw01 dnsmasq[9979]: started, version 2.80 cachesize 150
Oct 18 11:46:43 gtw01 dnsmasq[9979]: DNS service limited to local subnets
Oct 18 11:46:43 gtw01 dnsmasq[9979]: compile time options: IPv6 GNU-getopt DBus i18n IDN DHCP DHCPv6 no-Lua TFTP conntrack ipset auth DNSSEC loop-detect inotify dumpfile
Oct 18 11:46:43 gtw01 dnsmasq[9979]: warning: no upstream servers configured
Oct 18 11:46:43 gtw01 dnsmasq-dhcp[9979]: DHCP, static leases only on 1.20.0.0, lease time 1h
Oct 18 11:46:43 gtw01 dnsmasq[9979]: read /var/lib/neutron/dhcp/f4053359-0078-4dce-a21d-369028f05db5/addn_hosts - 1 addresses
Oct 18 11:46:43 gtw01 dnsmasq-dhcp[9979]: read /var/lib/neutron/dhcp/f4053359-0078-4dce-a21d-369028f05db5/host
Oct 18 11:46:43 gtw01 dnsmasq-dhcp[9979]: read /var/lib/neutron/dhcp/f4053359-0078-4dce-a21d-369028f05db5/opts
Oct 18 11:46:43 gtw01 haproxy-metadata-proxy-0f37978a-6824-4986-836a-8f61c4253b53[9996]: Proxy listener started.
Oct 18 11:46:43 gtw01 dnsmasq[10000]: started, version 2.80 cachesize 150
Oct 18 11:46:43 gtw01 dnsmasq[10000]: DNS service limited to local subnets
Oct 18 11:46:43 gtw01 dnsmasq[10000]: compile time options: IPv6 GNU-getopt DBus i18n IDN DHCP DHCPv6 no-Lua TFTP conntrack ipset auth DNSSEC loop-detect inotify dumpfile
Oct 18 11:46:43 gtw01 dnsmasq[10000]: warning: no upstream servers configured
Oct 18 11:46:43 gtw01 dnsmasq-dhcp[10000]: DHCP, static leases only on 1.18.0.0, lease time 1h
Oct 18 11:46:43 gtw01 dnsmasq[10000]: read /var/lib/neutron/dhcp/222ed947-7605-4cc9-92cb-6a28c3b32b9c/addn_hosts - 1 addresses
Oct 18 11:46:43 gtw01 dnsmasq-dhcp[10000]: read /var/lib/neutron/dhcp/222ed947-7605-4cc9-92cb-6a28c3b32b9c/host
Oct 18 11:46:43 gtw01 dnsmasq-dhcp[10000]: read /var/lib/neutron/dhcp/222ed947-7605-4cc9-92cb-6a28c3b32b9c/opts
Oct 18 11:46:44 gtw01 haproxy-metadata-proxy-f4053359-0078-4dce-a21d-369028f05db5[10014]: Proxy listener started.
Oct 18 11:46:44 gtw01 haproxy-metadata-proxy-222ed947-7605-4cc9-92cb-6a28c3b32b9c[10034]: Proxy listener started.
Oct 18 11:46:44 gtw01 kernel: [15229.830104] device tap0e110a11-76 left promiscuous mode
Oct 18 11:46:47 gtw01 kernel: [15232.295210] device tapbb54bd65-e6 left promiscuous mode
Oct 18 11:46:47 gtw01 kernel: [15232.405410] device tap8318ab99-5f left promiscuous mode
Oct 18 11:46:47 gtw01 kernel: [15232.703083] device tap85c138d0-3c left promiscuous mode
Oct 18 11:46:48 gtw01 dnsmasq[10148]: started, version 2.80 cachesize 150
Oct 18 11:46:48 gtw01 dnsmasq[10148]: DNS service limited to local subnets
Oct 18 11:46:48 gtw01 dnsmasq[10148]: compile time options: IPv6 GNU-getopt DBus i18n IDN DHCP DHCPv6 no-Lua TFTP conntrack ipset auth DNSSEC loop-detect inotify dumpfile
Oct 18 11:46:48 gtw01 dnsmasq[10148]: warning: no upstream servers configured
Oct 18 11:46:48 gtw01 dnsmasq-dhcp[10148]: DHCP, static leases only on 1.21.0.0, lease time 1h
Oct 18 11:46:48 gtw01 dnsmasq[10148]: read /var/lib/neutron/dhcp/d4a13f36-16a4-45e2-afdb-c2590ba8b25b/addn_hosts - 1 addresses
Oct 18 11:46:48 gtw01 dnsmasq-dhcp[10148]: read /var/lib/neutron/dhcp/d4a13f36-16a4-45e2-afdb-c2590ba8b25b/host
Oct 18 11:46:48 gtw01 dnsmasq-dhcp[10148]: read /var/lib/neutron/dhcp/d4a13f36-16a4-45e2-afdb-c2590ba8b25b/opts
Oct 18 11:46:48 gtw01 dnsmasq[10151]: started, version 2.80 cachesize 150
Oct 18 11:46:48 gtw01 dnsmasq[10151]: DNS service limited to local subnets
Oct 18 11:46:48 gtw01 dnsmasq[10151]: compile time options: IPv6 GNU-getopt DBus i18n IDN DHCP DHCPv6 no-Lua TFTP conntrack ipset auth DNSSEC loop-detect inotify dumpfile
Oct 18 11:46:48 gtw01 dnsmasq[10151]: warning: no upstream servers configured
Oct 18 11:46:48 gtw01 dnsmasq-dhcp[10151]: DHCP, static leases only on 1.23.0.0, lease time 1h
Oct 18 11:46:48 gtw01 dnsmasq[10151]: read /var/lib/neutron/dhcp/832f0015-a362-45e2-8b73-49def60e5366/addn_hosts - 1 addresses
Oct 18 11:46:48 gtw01 dnsmasq-dhcp[10151]: read /var/lib/neutron/dhcp/832f0015-a362-45e2-8b73-49def60e5366/host
Oct 18 11:46:48 gtw01 dnsmasq-dhcp[10151]: read /var/lib/neutron/dhcp/832f0015-a362-45e2-8b73-49def60e5366/opts
Oct 18 11:46:49 gtw01 haproxy-metadata-proxy-d4a13f36-16a4-45e2-afdb-c2590ba8b25b[10161]: Proxy listener started.
Oct 18 11:46:49 gtw01 haproxy-metadata-proxy-832f0015-a362-45e2-8b73-49def60e5366[10166]: Proxy listener started.
Oct 18 11:46:50 gtw01 kernel: [15235.241578] device tapf5e73904-82 left promiscuous mode
Oct 18 11:46:50 gtw01 dnsmasq[10206]: started, version 2.80 cachesize 150
Oct 18 11:46:50 gtw01 dnsmasq[10206]: DNS service limited to local subnets
Oct 18 11:46:50 gtw01 dnsmasq[10206]: compile time options: IPv6 GNU-getopt DBus i18n IDN DHCP DHCPv6 no-Lua TFTP conntrack ipset auth DNSSEC loop-detect inotify dumpfile
Oct 18 11:46:50 gtw01 dnsmasq[10206]: warning: no upstream servers configured
Oct 18 11:46:50 gtw01 dnsmasq-dhcp[10206]: DHCP, static leases only on 1.24.0.0, lease time 1h
Oct 18 11:46:50 gtw01 dnsmasq[10206]: read /var/lib/neutron/dhcp/3f7cca5c-bd75-4e20-aa61-16ac24dbb0c0/addn_hosts - 1 addresses
Oct 18 11:46:50 gtw01 dnsmasq-dhcp[10206]: read /var/lib/neutron/dhcp/3f7cca5c-bd75-4e20-aa61-16ac24dbb0c0/host
Oct 18 11:46:50 gtw01 dnsmasq-dhcp[10206]: read /var/lib/neutron/dhcp/3f7cca5c-bd75-4e20-aa61-16ac24dbb0c0/opts
Oct 18 11:46:50 gtw01 dnsmasq[10208]: started, version 2.80 cachesize 150
Oct 18 11:46:50 gtw01 dnsmasq[10208]: DNS service limited to local subnets
Oct 18 11:46:50 gtw01 dnsmasq[10208]: compile time options: IPv6 GNU-getopt DBus i18n IDN DHCP DHCPv6 no-Lua TFTP conntrack ipset auth DNSSEC loop-detect inotify dumpfile
Oct 18 11:46:50 gtw01 dnsmasq[10208]: warning: no upstream servers configured
Oct 18 11:46:50 gtw01 dnsmasq-dhcp[10208]: DHCP, static leases only on 1.22.0.0, lease time 1h
Oct 18 11:46:50 gtw01 dnsmasq[10208]: read /var/lib/neutron/dhcp/a4818ffa-14da-464d-bc4f-93dad490dc40/addn_hosts - 1 addresses
Oct 18 11:46:50 gtw01 dnsmasq-dhcp[10208]: read /var/lib/neutron/dhcp/a4818ffa-14da-464d-bc4f-93dad490dc40/host
Oct 18 11:46:50 gtw01 dnsmasq-dhcp[10208]: read /var/lib/neutron/dhcp/a4818ffa-14da-464d-bc4f-93dad490dc40/opts
Oct 18 11:46:50 gtw01 kernel: [15235.584498] device tap99bda883-61 left promiscuous mode
Oct 18 11:46:50 gtw01 haproxy-metadata-proxy-3f7cca5c-bd75-4e20-aa61-16ac24dbb0c0[10214]: Proxy listener started.
Oct 18 11:46:50 gtw01 haproxy-metadata-proxy-a4818ffa-14da-464d-bc4f-93dad490dc40[10217]: Proxy listener started.
Oct 18 11:46:51 gtw01 kernel: [15236.425474] device tap86d9b66f-e0 left promiscuous mode
Oct 18 11:46:51 gtw01 kernel: [15236.741963] device tapd1e72649-26 left promiscuous mode
Oct 18 11:48:06 gtw01 kernel: [15311.849174] device tap129ba4d1-10 entered promiscuous mode
Oct 18 11:48:07 gtw01 systemd-udevd[10260]: Process '/sbin/ip link set tap129ba4d1-10 txqueuelen 10000' failed with exit code 1.
Oct 18 11:48:07 gtw01 systemd-udevd[10260]: Process '/sbin/ip link set tap129ba4d1-10 txqueuelen 10000' failed with exit code 1.
Oct 18 11:48:07 gtw01 kernel: [15312.740154] device tap4a9ce9de-e3 entered promiscuous mode
Oct 18 11:48:07 gtw01 systemd-udevd[10370]: Could not generate persistent MAC address for tap4a9ce9de-e3: No such file or directory
Oct 18 11:48:07 gtw01 systemd-udevd[10370]: Process '/sbin/ip link set tap4a9ce9de-e3 txqueuelen 10000' failed with exit code 1.
Oct 18 11:48:08 gtw01 systemd-udevd[10370]: Process '/sbin/ip link set tap4a9ce9de-e3 txqueuelen 10000' failed with exit code 1.
Oct 18 11:48:09 gtw01 kernel: [15314.902387] device tap5988399f-fb entered promiscuous mode
Oct 18 11:48:09 gtw01 systemd-udevd[10520]: Could not generate persistent MAC address for tap5988399f-fb: No such file or directory
Oct 18 11:48:10 gtw01 systemd-udevd[10520]: Process '/sbin/ip link set tap5988399f-fb txqueuelen 10000' failed with exit code 1.
Oct 18 11:48:11 gtw01 dnsmasq[10645]: started, version 2.80 cachesize 150
Oct 18 11:48:11 gtw01 dnsmasq[10645]: DNS service limited to local subnets
Oct 18 11:48:11 gtw01 dnsmasq[10645]: compile time options: IPv6 GNU-getopt DBus i18n IDN DHCP DHCPv6 no-Lua TFTP conntrack ipset auth DNSSEC loop-detect inotify dumpfile
Oct 18 11:48:11 gtw01 dnsmasq[10645]: warning: no upstream servers configured
Oct 18 11:48:11 gtw01 dnsmasq-dhcp[10645]: DHCP, static leases only on 10.2.23.0, lease time 1h
