Oct 18 11:07:16 gtw01 dnsmasq-dhcp[29731]: read /var/lib/neutron/dhcp/d9189733-47f4-49e9-a2df-14942843e3bb/opts
Oct 18 11:07:17 gtw01 dnsmasq[29731]: read /var/lib/neutron/dhcp/d9189733-47f4-49e9-a2df-14942843e3bb/addn_hosts - 4 addresses
Oct 18 11:07:17 gtw01 dnsmasq-dhcp[29731]: read /var/lib/neutron/dhcp/d9189733-47f4-49e9-a2df-14942843e3bb/host
Oct 18 11:07:17 gtw01 dnsmasq-dhcp[29731]: read /var/lib/neutron/dhcp/d9189733-47f4-49e9-a2df-14942843e3bb/opts
Oct 18 11:07:18 gtw01 dnsmasq[29731]: read /var/lib/neutron/dhcp/d9189733-47f4-49e9-a2df-14942843e3bb/addn_hosts - 4 addresses
Oct 18 11:07:18 gtw01 dnsmasq-dhcp[29731]: read /var/lib/neutron/dhcp/d9189733-47f4-49e9-a2df-14942843e3bb/host
Oct 18 11:07:18 gtw01 dnsmasq-dhcp[29731]: read /var/lib/neutron/dhcp/d9189733-47f4-49e9-a2df-14942843e3bb/opts
Oct 18 11:07:19 gtw01 dnsmasq[29731]: read /var/lib/neutron/dhcp/d9189733-47f4-49e9-a2df-14942843e3bb/addn_hosts - 5 addresses
Oct 18 11:07:19 gtw01 dnsmasq-dhcp[29731]: read /var/lib/neutron/dhcp/d9189733-47f4-49e9-a2df-14942843e3bb/host
Oct 18 11:07:19 gtw01 dnsmasq-dhcp[29731]: read /var/lib/neutron/dhcp/d9189733-47f4-49e9-a2df-14942843e3bb/opts
Oct 18 11:07:20 gtw01 dnsmasq[29731]: read /var/lib/neutron/dhcp/d9189733-47f4-49e9-a2df-14942843e3bb/addn_hosts - 5 addresses
Oct 18 11:07:20 gtw01 dnsmasq-dhcp[29731]: read /var/lib/neutron/dhcp/d9189733-47f4-49e9-a2df-14942843e3bb/host
Oct 18 11:07:20 gtw01 dnsmasq-dhcp[29731]: read /var/lib/neutron/dhcp/d9189733-47f4-49e9-a2df-14942843e3bb/opts
Oct 18 11:07:22 gtw01 dnsmasq[29731]: read /var/lib/neutron/dhcp/d9189733-47f4-49e9-a2df-14942843e3bb/addn_hosts - 6 addresses
Oct 18 11:07:22 gtw01 dnsmasq-dhcp[29731]: read /var/lib/neutron/dhcp/d9189733-47f4-49e9-a2df-14942843e3bb/host
Oct 18 11:07:22 gtw01 dnsmasq-dhcp[29731]: read /var/lib/neutron/dhcp/d9189733-47f4-49e9-a2df-14942843e3bb/opts
Oct 18 11:07:23 gtw01 dnsmasq[29731]: read /var/lib/neutron/dhcp/d9189733-47f4-49e9-a2df-14942843e3bb/addn_hosts - 6 addresses
Oct 18 11:07:23 gtw01 dnsmasq-dhcp[29731]: read /var/lib/neutron/dhcp/d9189733-47f4-49e9-a2df-14942843e3bb/host
Oct 18 11:07:23 gtw01 dnsmasq-dhcp[29731]: read /var/lib/neutron/dhcp/d9189733-47f4-49e9-a2df-14942843e3bb/opts
Oct 18 11:07:24 gtw01 dnsmasq[29731]: read /var/lib/neutron/dhcp/d9189733-47f4-49e9-a2df-14942843e3bb/addn_hosts - 6 addresses
Oct 18 11:07:24 gtw01 dnsmasq-dhcp[29731]: read /var/lib/neutron/dhcp/d9189733-47f4-49e9-a2df-14942843e3bb/host
Oct 18 11:07:24 gtw01 dnsmasq-dhcp[29731]: read /var/lib/neutron/dhcp/d9189733-47f4-49e9-a2df-14942843e3bb/opts
Oct 18 11:07:25 gtw01 dnsmasq[29731]: read /var/lib/neutron/dhcp/d9189733-47f4-49e9-a2df-14942843e3bb/addn_hosts - 6 addresses
Oct 18 11:07:25 gtw01 dnsmasq-dhcp[29731]: read /var/lib/neutron/dhcp/d9189733-47f4-49e9-a2df-14942843e3bb/host
Oct 18 11:07:25 gtw01 dnsmasq-dhcp[29731]: read /var/lib/neutron/dhcp/d9189733-47f4-49e9-a2df-14942843e3bb/opts
Oct 18 11:07:26 gtw01 dnsmasq[29731]: read /var/lib/neutron/dhcp/d9189733-47f4-49e9-a2df-14942843e3bb/addn_hosts - 6 addresses
Oct 18 11:07:26 gtw01 dnsmasq-dhcp[29731]: read /var/lib/neutron/dhcp/d9189733-47f4-49e9-a2df-14942843e3bb/host
Oct 18 11:07:26 gtw01 dnsmasq-dhcp[29731]: read /var/lib/neutron/dhcp/d9189733-47f4-49e9-a2df-14942843e3bb/opts
Oct 18 11:07:31 gtw01 dnsmasq-dhcp[29731]: DHCPDISCOVER(tapc9c4c5fc-c3) fa:16:3e:d1:e9:84
Oct 18 11:07:31 gtw01 dnsmasq-dhcp[29731]: DHCPOFFER(tapc9c4c5fc-c3) 192.168.120.4 fa:16:3e:d1:e9:84
Oct 18 11:07:31 gtw01 dnsmasq-dhcp[29731]: DHCPREQUEST(tapc9c4c5fc-c3) 192.168.120.4 fa:16:3e:d1:e9:84
Oct 18 11:07:31 gtw01 dnsmasq-dhcp[29731]: DHCPACK(tapc9c4c5fc-c3) 192.168.120.4 fa:16:3e:d1:e9:84 host-192-168-120-4
Oct 18 11:07:36 gtw01 dnsmasq-dhcp[29731]: DHCPDISCOVER(tapc9c4c5fc-c3) fa:16:3e:66:a9:88
Oct 18 11:07:36 gtw01 dnsmasq-dhcp[29731]: DHCPOFFER(tapc9c4c5fc-c3) 192.168.120.25 fa:16:3e:66:a9:88
Oct 18 11:07:36 gtw01 dnsmasq-dhcp[29731]: DHCPREQUEST(tapc9c4c5fc-c3) 192.168.120.25 fa:16:3e:66:a9:88
Oct 18 11:07:36 gtw01 dnsmasq-dhcp[29731]: DHCPACK(tapc9c4c5fc-c3) 192.168.120.25 fa:16:3e:66:a9:88 host-192-168-120-25
Oct 18 11:07:37 gtw01 dnsmasq-dhcp[29731]: DHCPDISCOVER(tapc9c4c5fc-c3) fa:16:3e:4e:5e:d8
Oct 18 11:07:37 gtw01 dnsmasq-dhcp[29731]: DHCPOFFER(tapc9c4c5fc-c3) 192.168.120.21 fa:16:3e:4e:5e:d8
Oct 18 11:07:37 gtw01 dnsmasq-dhcp[29731]: DHCPREQUEST(tapc9c4c5fc-c3) 192.168.120.21 fa:16:3e:4e:5e:d8
Oct 18 11:07:37 gtw01 dnsmasq-dhcp[29731]: DHCPACK(tapc9c4c5fc-c3) 192.168.120.21 fa:16:3e:4e:5e:d8 host-192-168-120-21
Oct 18 11:07:37 gtw01 dnsmasq-dhcp[29731]: DHCPDISCOVER(tapc9c4c5fc-c3) fa:16:3e:c6:27:47
Oct 18 11:07:37 gtw01 dnsmasq-dhcp[29731]: DHCPOFFER(tapc9c4c5fc-c3) 192.168.120.3 fa:16:3e:c6:27:47
Oct 18 11:07:37 gtw01 dnsmasq-dhcp[29731]: DHCPREQUEST(tapc9c4c5fc-c3) 192.168.120.3 fa:16:3e:c6:27:47
Oct 18 11:07:37 gtw01 dnsmasq-dhcp[29731]: DHCPACK(tapc9c4c5fc-c3) 192.168.120.3 fa:16:3e:c6:27:47 host-192-168-120-3
Oct 18 11:07:37 gtw01 dnsmasq-dhcp[29731]: DHCPRELEASE(tapc9c4c5fc-c3) 192.168.120.4 fa:16:3e:d1:e9:84
Oct 18 11:07:37 gtw01 dnsmasq-dhcp[29731]: DHCPRELEASE(tapc9c4c5fc-c3) 192.168.120.4 fa:16:3e:d1:e9:84 unknown lease
Oct 18 11:07:38 gtw01 dnsmasq[29731]: read /var/lib/neutron/dhcp/d9189733-47f4-49e9-a2df-14942843e3bb/addn_hosts - 5 addresses
Oct 18 11:07:38 gtw01 dnsmasq-dhcp[29731]: read /var/lib/neutron/dhcp/d9189733-47f4-49e9-a2df-14942843e3bb/host
Oct 18 11:07:38 gtw01 dnsmasq-dhcp[29731]: read /var/lib/neutron/dhcp/d9189733-47f4-49e9-a2df-14942843e3bb/opts
Oct 18 11:07:43 gtw01 dnsmasq-dhcp[29731]: DHCPRELEASE(tapc9c4c5fc-c3) 192.168.120.3 fa:16:3e:c6:27:47
Oct 18 11:07:43 gtw01 dnsmasq-dhcp[29731]: DHCPRELEASE(tapc9c4c5fc-c3) 192.168.120.3 fa:16:3e:c6:27:47 unknown lease
Oct 18 11:07:44 gtw01 dnsmasq[29731]: read /var/lib/neutron/dhcp/d9189733-47f4-49e9-a2df-14942843e3bb/addn_hosts - 4 addresses
Oct 18 11:07:44 gtw01 dnsmasq-dhcp[29731]: read /var/lib/neutron/dhcp/d9189733-47f4-49e9-a2df-14942843e3bb/host
Oct 18 11:07:44 gtw01 dnsmasq-dhcp[29731]: read /var/lib/neutron/dhcp/d9189733-47f4-49e9-a2df-14942843e3bb/opts
Oct 18 11:07:44 gtw01 dnsmasq-dhcp[29731]: DHCPRELEASE(tapc9c4c5fc-c3) 192.168.120.21 fa:16:3e:4e:5e:d8
Oct 18 11:07:45 gtw01 dnsmasq-dhcp[29731]: DHCPRELEASE(tapc9c4c5fc-c3) 192.168.120.21 fa:16:3e:4e:5e:d8 unknown lease
Oct 18 11:07:46 gtw01 dnsmasq[29731]: read /var/lib/neutron/dhcp/d9189733-47f4-49e9-a2df-14942843e3bb/addn_hosts - 3 addresses
Oct 18 11:07:46 gtw01 dnsmasq-dhcp[29731]: read /var/lib/neutron/dhcp/d9189733-47f4-49e9-a2df-14942843e3bb/host
Oct 18 11:07:46 gtw01 dnsmasq-dhcp[29731]: read /var/lib/neutron/dhcp/d9189733-47f4-49e9-a2df-14942843e3bb/opts
Oct 18 11:07:47 gtw01 dnsmasq-dhcp[29731]: DHCPRELEASE(tapc9c4c5fc-c3) 192.168.120.25 fa:16:3e:66:a9:88
Oct 18 11:07:48 gtw01 dnsmasq-dhcp[29731]: DHCPRELEASE(tapc9c4c5fc-c3) 192.168.120.25 fa:16:3e:66:a9:88 unknown lease
Oct 18 11:07:49 gtw01 dnsmasq[29731]: read /var/lib/neutron/dhcp/d9189733-47f4-49e9-a2df-14942843e3bb/addn_hosts - 2 addresses
Oct 18 11:07:49 gtw01 dnsmasq-dhcp[29731]: read /var/lib/neutron/dhcp/d9189733-47f4-49e9-a2df-14942843e3bb/host
Oct 18 11:07:49 gtw01 dnsmasq-dhcp[29731]: read /var/lib/neutron/dhcp/d9189733-47f4-49e9-a2df-14942843e3bb/opts
Oct 18 11:07:49 gtw01 dnsmasq[29731]: read /var/lib/neutron/dhcp/d9189733-47f4-49e9-a2df-14942843e3bb/addn_hosts - 3 addresses
Oct 18 11:07:49 gtw01 dnsmasq-dhcp[29731]: read /var/lib/neutron/dhcp/d9189733-47f4-49e9-a2df-14942843e3bb/host
Oct 18 11:07:49 gtw01 dnsmasq-dhcp[29731]: read /var/lib/neutron/dhcp/d9189733-47f4-49e9-a2df-14942843e3bb/opts
Oct 18 11:07:50 gtw01 dnsmasq[29731]: read /var/lib/neutron/dhcp/d9189733-47f4-49e9-a2df-14942843e3bb/addn_hosts - 3 addresses
Oct 18 11:07:50 gtw01 dnsmasq-dhcp[29731]: read /var/lib/neutron/dhcp/d9189733-47f4-49e9-a2df-14942843e3bb/host
Oct 18 11:07:50 gtw01 dnsmasq-dhcp[29731]: read /var/lib/neutron/dhcp/d9189733-47f4-49e9-a2df-14942843e3bb/opts
Oct 18 11:07:52 gtw01 dnsmasq[29731]: read /var/lib/neutron/dhcp/d9189733-47f4-49e9-a2df-14942843e3bb/addn_hosts - 3 addresses
Oct 18 11:07:52 gtw01 dnsmasq-dhcp[29731]: read /var/lib/neutron/dhcp/d9189733-47f4-49e9-a2df-14942843e3bb/host
Oct 18 11:07:52 gtw01 dnsmasq-dhcp[29731]: read /var/lib/neutron/dhcp/d9189733-47f4-49e9-a2df-14942843e3bb/opts
Oct 18 11:07:53 gtw01 dnsmasq[29731]: read /var/lib/neutron/dhcp/d9189733-47f4-49e9-a2df-14942843e3bb/addn_hosts - 4 addresses
Oct 18 11:07:53 gtw01 dnsmasq-dhcp[29731]: read /var/lib/neutron/dhcp/d9189733-47f4-49e9-a2df-14942843e3bb/host
Oct 18 11:07:53 gtw01 dnsmasq-dhcp[29731]: read /var/lib/neutron/dhcp/d9189733-47f4-49e9-a2df-14942843e3bb/opts
Oct 18 11:07:54 gtw01 dnsmasq[29731]: read /var/lib/neutron/dhcp/d9189733-47f4-49e9-a2df-14942843e3bb/addn_hosts - 4 addresses
Oct 18 11:07:54 gtw01 dnsmasq-dhcp[29731]: read /var/lib/neutron/dhcp/d9189733-47f4-49e9-a2df-14942843e3bb/host
Oct 18 11:07:54 gtw01 dnsmasq-dhcp[29731]: read /var/lib/neutron/dhcp/d9189733-47f4-49e9-a2df-14942843e3bb/opts
Oct 18 11:07:54 gtw01 dnsmasq[29731]: read /var/lib/neutron/dhcp/d9189733-47f4-49e9-a2df-14942843e3bb/addn_hosts - 4 addresses
Oct 18 11:07:54 gtw01 dnsmasq-dhcp[29731]: read /var/lib/neutron/dhcp/d9189733-47f4-49e9-a2df-14942843e3bb/host
Oct 18 11:07:54 gtw01 dnsmasq-dhcp[29731]: read /var/lib/neutron/dhcp/d9189733-47f4-49e9-a2df-14942843e3bb/opts
Oct 18 11:08:03 gtw01 dnsmasq-dhcp[29731]: DHCPDISCOVER(tapc9c4c5fc-c3) fa:16:3e:16:cc:07
Oct 18 11:08:03 gtw01 dnsmasq-dhcp[29731]: DHCPOFFER(tapc9c4c5fc-c3) 192.168.120.13 fa:16:3e:16:cc:07
Oct 18 11:08:03 gtw01 dnsmasq-dhcp[29731]: DHCPREQUEST(tapc9c4c5fc-c3) 192.168.120.13 fa:16:3e:16:cc:07
Oct 18 11:08:03 gtw01 dnsmasq-dhcp[29731]: DHCPACK(tapc9c4c5fc-c3) 192.168.120.13 fa:16:3e:16:cc:07 host-192-168-120-13
Oct 18 11:08:08 gtw01 dnsmasq-dhcp[29731]: DHCPDISCOVER(tapc9c4c5fc-c3) fa:16:3e:e0:2c:e2
Oct 18 11:08:08 gtw01 dnsmasq-dhcp[29731]: DHCPOFFER(tapc9c4c5fc-c3) 192.168.120.9 fa:16:3e:e0:2c:e2
Oct 18 11:08:08 gtw01 dnsmasq-dhcp[29731]: DHCPREQUEST(tapc9c4c5fc-c3) 192.168.120.9 fa:16:3e:e0:2c:e2
Oct 18 11:08:08 gtw01 dnsmasq-dhcp[29731]: DHCPACK(tapc9c4c5fc-c3) 192.168.120.9 fa:16:3e:e0:2c:e2 host-192-168-120-9
Oct 18 11:08:10 gtw01 dnsmasq-dhcp[29731]: DHCPRELEASE(tapc9c4c5fc-c3) 192.168.120.13 fa:16:3e:16:cc:07
Oct 18 11:08:11 gtw01 dnsmasq-dhcp[29731]: DHCPRELEASE(tapc9c4c5fc-c3) 192.168.120.13 fa:16:3e:16:cc:07 unknown lease
Oct 18 11:08:11 gtw01 dnsmasq[29731]: read /var/lib/neutron/dhcp/d9189733-47f4-49e9-a2df-14942843e3bb/addn_hosts - 3 addresses
Oct 18 11:08:11 gtw01 dnsmasq-dhcp[29731]: read /var/lib/neutron/dhcp/d9189733-47f4-49e9-a2df-14942843e3bb/host
Oct 18 11:08:11 gtw01 dnsmasq-dhcp[29731]: read /var/lib/neutron/dhcp/d9189733-47f4-49e9-a2df-14942843e3bb/opts
Oct 18 11:08:14 gtw01 dnsmasq-dhcp[29731]: DHCPRELEASE(tapc9c4c5fc-c3) 192.168.120.9 fa:16:3e:e0:2c:e2
Oct 18 11:08:14 gtw01 dnsmasq-dhcp[29731]: DHCPRELEASE(tapc9c4c5fc-c3) 192.168.120.9 fa:16:3e:e0:2c:e2 unknown lease
Oct 18 11:08:15 gtw01 dnsmasq[29731]: read /var/lib/neutron/dhcp/d9189733-47f4-49e9-a2df-14942843e3bb/addn_hosts - 2 addresses
Oct 18 11:08:15 gtw01 dnsmasq-dhcp[29731]: read /var/lib/neutron/dhcp/d9189733-47f4-49e9-a2df-14942843e3bb/host
Oct 18 11:08:15 gtw01 dnsmasq-dhcp[29731]: read /var/lib/neutron/dhcp/d9189733-47f4-49e9-a2df-14942843e3bb/opts
Oct 18 11:17:01 gtw01 CRON[953]: (root) CMD (   cd / && run-parts --report /etc/cron.hourly)
Oct 18 11:24:50 gtw01 kernel: [13915.326004] device tap5a788c83-ad entered promiscuous mode
Oct 18 11:24:50 gtw01 systemd-udevd[977]: Could not generate persistent MAC address for tap5a788c83-ad: No such file or directory
Oct 18 11:24:50 gtw01 systemd-udevd[977]: Process '/sbin/ip link set tap5a788c83-ad txqueuelen 10000' failed with exit code 1.
Oct 18 11:24:50 gtw01 systemd-udevd[977]: Process '/sbin/ip link set tap5a788c83-ad txqueuelen 10000' failed with exit code 1.
Oct 18 11:24:52 gtw01 kernel: [13917.779345] device tapaaa9d366-9a entered promiscuous mode
Oct 18 11:24:52 gtw01 systemd-udevd[1102]: Could not generate persistent MAC address for tapaaa9d366-9a: No such file or directory
Oct 18 11:24:53 gtw01 systemd-udevd[1171]: Process '/sbin/ip link set tapaaa9d366-9a txqueuelen 10000' failed with exit code 1.
Oct 18 11:24:55 gtw01 kernel: [13920.396786] device tap2866d063-12 entered promiscuous mode
Oct 18 11:24:55 gtw01 systemd-udevd[1257]: Could not generate persistent MAC address for tap2866d063-12: No such file or directory
Oct 18 11:24:55 gtw01 kernel: [13920.845265] device tap3cba1ea9-0e entered promiscuous mode
Oct 18 11:24:56 gtw01 systemd-udevd[1335]: Process '/sbin/ip link set tap2866d063-12 txqueuelen 10000' failed with exit code 1.
Oct 18 11:24:56 gtw01 systemd-udevd[1349]: Could not generate persistent MAC address for tap3cba1ea9-0e: No such file or directory
Oct 18 11:24:56 gtw01 systemd-udevd[1424]: Process '/sbin/ip link set tap3cba1ea9-0e txqueuelen 10000' failed with exit code 1.
Oct 18 11:24:56 gtw01 dnsmasq[1431]: started, version 2.80 cachesize 150
Oct 18 11:24:56 gtw01 dnsmasq[1431]: DNS service limited to local subnets
Oct 18 11:24:56 gtw01 dnsmasq[1431]: compile time options: IPv6 GNU-getopt DBus i18n IDN DHCP DHCPv6 no-Lua TFTP conntrack ipset auth DNSSEC loop-detect inotify dumpfile
Oct 18 11:24:56 gtw01 dnsmasq[1431]: warning: no upstream servers configured
Oct 18 11:24:56 gtw01 dnsmasq-dhcp[1431]: DHCP, static leases only on 11.11.11.0, lease time 1h
Oct 18 11:24:56 gtw01 dnsmasq[1431]: read /var/lib/neutron/dhcp/eeaac1a4-417b-4a67-8643-05991ca5b5dd/addn_hosts - 1 addresses
Oct 18 11:24:56 gtw01 dnsmasq-dhcp[1431]: read /var/lib/neutron/dhcp/eeaac1a4-417b-4a67-8643-05991ca5b5dd/host
Oct 18 11:24:56 gtw01 dnsmasq-dhcp[1431]: read /var/lib/neutron/dhcp/eeaac1a4-417b-4a67-8643-05991ca5b5dd/opts
Oct 18 11:24:56 gtw01 haproxy-metadata-proxy-eeaac1a4-417b-4a67-8643-05991ca5b5dd[1454]: Proxy listener started.
Oct 18 11:24:58 gtw01 dnsmasq[1431]: read /var/lib/neutron/dhcp/eeaac1a4-417b-4a67-8643-05991ca5b5dd/addn_hosts - 2 addresses
Oct 18 11:24:58 gtw01 dnsmasq-dhcp[1431]: read /var/lib/neutron/dhcp/eeaac1a4-417b-4a67-8643-05991ca5b5dd/host
Oct 18 11:24:58 gtw01 dnsmasq-dhcp[1431]: read /var/lib/neutron/dhcp/eeaac1a4-417b-4a67-8643-05991ca5b5dd/opts
Oct 18 11:24:58 gtw01 dnsmasq[1530]: started, version 2.80 cachesize 150
Oct 18 11:24:58 gtw01 dnsmasq[1530]: DNS service limited to local subnets
Oct 18 11:24:58 gtw01 dnsmasq[1530]: compile time options: IPv6 GNU-getopt DBus i18n IDN DHCP DHCPv6 no-Lua TFTP conntrack ipset auth DNSSEC loop-detect inotify dumpfile
Oct 18 11:24:58 gtw01 dnsmasq[1530]: warning: no upstream servers configured
Oct 18 11:24:58 gtw01 dnsmasq-dhcp[1530]: DHCP, static leases only on 11.11.11.0, lease time 1h
Oct 18 11:24:58 gtw01 dnsmasq[1530]: read /var/lib/neutron/dhcp/7b4e05f8-59e8-4f81-b445-14e071b84d0b/addn_hosts - 1 addresses
Oct 18 11:24:58 gtw01 dnsmasq-dhcp[1530]: read /var/lib/neutron/dhcp/7b4e05f8-59e8-4f81-b445-14e071b84d0b/host
Oct 18 11:24:58 gtw01 dnsmasq-dhcp[1530]: read /var/lib/neutron/dhcp/7b4e05f8-59e8-4f81-b445-14e071b84d0b/opts
Oct 18 11:24:59 gtw01 haproxy-metadata-proxy-7b4e05f8-59e8-4f81-b445-14e071b84d0b[1549]: Proxy listener started.
Oct 18 11:25:00 gtw01 dnsmasq[1431]: read /var/lib/neutron/dhcp/eeaac1a4-417b-4a67-8643-05991ca5b5dd/addn_hosts - 2 addresses
Oct 18 11:25:00 gtw01 dnsmasq-dhcp[1431]: read /var/lib/neutron/dhcp/eeaac1a4-417b-4a67-8643-05991ca5b5dd/host
Oct 18 11:25:00 gtw01 dnsmasq-dhcp[1431]: read /var/lib/neutron/dhcp/eeaac1a4-417b-4a67-8643-05991ca5b5dd/opts
Oct 18 11:25:01 gtw01 dnsmasq[1530]: read /var/lib/neutron/dhcp/7b4e05f8-59e8-4f81-b445-14e071b84d0b/addn_hosts - 3 addresses
Oct 18 11:25:01 gtw01 dnsmasq-dhcp[1530]: read /var/lib/neutron/dhcp/7b4e05f8-59e8-4f81-b445-14e071b84d0b/host
Oct 18 11:25:01 gtw01 dnsmasq-dhcp[1530]: read /var/lib/neutron/dhcp/7b4e05f8-59e8-4f81-b445-14e071b84d0b/opts
Oct 18 11:25:01 gtw01 dnsmasq[1625]: started, version 2.80 cachesize 150
Oct 18 11:25:01 gtw01 dnsmasq[1625]: DNS service limited to local subnets
Oct 18 11:25:01 gtw01 dnsmasq[1625]: compile time options: IPv6 GNU-getopt DBus i18n IDN DHCP DHCPv6 no-Lua TFTP conntrack ipset auth DNSSEC loop-detect inotify dumpfile
Oct 18 11:25:01 gtw01 dnsmasq[1625]: warning: no upstream servers configured
Oct 18 11:25:01 gtw01 dnsmasq-dhcp[1625]: DHCP, static leases only on 11.11.11.0, lease time 1h
Oct 18 11:25:01 gtw01 dnsmasq[1625]: read /var/lib/neutron/dhcp/3f50b490-6dd4-4644-a134-f76f4e8df570/addn_hosts - 1 addresses
Oct 18 11:25:01 gtw01 dnsmasq-dhcp[1625]: read /var/lib/neutron/dhcp/3f50b490-6dd4-4644-a134-f76f4e8df570/host
Oct 18 11:25:01 gtw01 dnsmasq-dhcp[1625]: read /var/lib/neutron/dhcp/3f50b490-6dd4-4644-a134-f76f4e8df570/opts
Oct 18 11:25:02 gtw01 dnsmasq[1633]: started, version 2.80 cachesize 150
Oct 18 11:25:02 gtw01 dnsmasq[1633]: DNS service limited to local subnets
Oct 18 11:25:02 gtw01 dnsmasq[1633]: compile time options: IPv6 GNU-getopt DBus i18n IDN DHCP DHCPv6 no-Lua TFTP conntrack ipset auth DNSSEC loop-detect inotify dumpfile
Oct 18 11:25:02 gtw01 dnsmasq[1633]: warning: no upstream servers configured
Oct 18 11:25:02 gtw01 dnsmasq-dhcp[1633]: DHCP, static leases only on 11.11.11.0, lease time 1h
Oct 18 11:25:02 gtw01 dnsmasq[1633]: read /var/lib/neutron/dhcp/0713b580-a1bd-417e-a278-4192d5236cdd/addn_hosts - 1 addresses
Oct 18 11:25:02 gtw01 dnsmasq-dhcp[1633]: read /var/lib/neutron/dhcp/0713b580-a1bd-417e-a278-4192d5236cdd/host
Oct 18 11:25:02 gtw01 dnsmasq-dhcp[1633]: read /var/lib/neutron/dhcp/0713b580-a1bd-417e-a278-4192d5236cdd/opts
Oct 18 11:25:02 gtw01 dnsmasq[1431]: read /var/lib/neutron/dhcp/eeaac1a4-417b-4a67-8643-05991ca5b5dd/addn_hosts - 2 addresses
Oct 18 11:25:02 gtw01 dnsmasq-dhcp[1431]: read /var/lib/neutron/dhcp/eeaac1a4-417b-4a67-8643-05991ca5b5dd/host
Oct 18 11:25:02 gtw01 dnsmasq-dhcp[1431]: read /var/lib/neutron/dhcp/eeaac1a4-417b-4a67-8643-05991ca5b5dd/opts
Oct 18 11:25:02 gtw01 haproxy-metadata-proxy-3f50b490-6dd4-4644-a134-f76f4e8df570[1647]: Proxy listener started.
Oct 18 11:25:02 gtw01 haproxy-metadata-proxy-0713b580-a1bd-417e-a278-4192d5236cdd[1649]: Proxy listener started.
Oct 18 11:25:03 gtw01 dnsmasq[1530]: read /var/lib/neutron/dhcp/7b4e05f8-59e8-4f81-b445-14e071b84d0b/addn_hosts - 3 addresses
Oct 18 11:25:03 gtw01 dnsmasq-dhcp[1530]: read /var/lib/neutron/dhcp/7b4e05f8-59e8-4f81-b445-14e071b84d0b/host
Oct 18 11:25:03 gtw01 dnsmasq-dhcp[1530]: read /var/lib/neutron/dhcp/7b4e05f8-59e8-4f81-b445-14e071b84d0b/opts
Oct 18 11:25:03 gtw01 dnsmasq[1431]: read /var/lib/neutron/dhcp/eeaac1a4-417b-4a67-8643-05991ca5b5dd/addn_hosts - 3 addresses
Oct 18 11:25:03 gtw01 dnsmasq-dhcp[1431]: read /var/lib/neutron/dhcp/eeaac1a4-417b-4a67-8643-05991ca5b5dd/host
Oct 18 11:25:03 gtw01 dnsmasq-dhcp[1431]: read /var/lib/neutron/dhcp/eeaac1a4-417b-4a67-8643-05991ca5b5dd/opts
Oct 18 11:25:04 gtw01 dnsmasq[1633]: read /var/lib/neutron/dhcp/0713b580-a1bd-417e-a278-4192d5236cdd/addn_hosts - 3 addresses
Oct 18 11:25:04 gtw01 dnsmasq-dhcp[1633]: read /var/lib/neutron/dhcp/0713b580-a1bd-417e-a278-4192d5236cdd/host
Oct 18 11:25:04 gtw01 dnsmasq-dhcp[1633]: read /var/lib/neutron/dhcp/0713b580-a1bd-417e-a278-4192d5236cdd/opts
Oct 18 11:25:04 gtw01 dnsmasq[1625]: read /var/lib/neutron/dhcp/3f50b490-6dd4-4644-a134-f76f4e8df570/addn_hosts - 3 addresses
Oct 18 11:25:04 gtw01 dnsmasq-dhcp[1625]: read /var/lib/neutron/dhcp/3f50b490-6dd4-4644-a134-f76f4e8df570/host
Oct 18 11:25:04 gtw01 dnsmasq-dhcp[1625]: read /var/lib/neutron/dhcp/3f50b490-6dd4-4644-a134-f76f4e8df570/opts
Oct 18 11:25:05 gtw01 dnsmasq[1530]: read /var/lib/neutron/dhcp/7b4e05f8-59e8-4f81-b445-14e071b84d0b/addn_hosts - 3 addresses
Oct 18 11:25:05 gtw01 dnsmasq-dhcp[1530]: read /var/lib/neutron/dhcp/7b4e05f8-59e8-4f81-b445-14e071b84d0b/host
Oct 18 11:25:05 gtw01 dnsmasq-dhcp[1530]: read /var/lib/neutron/dhcp/7b4e05f8-59e8-4f81-b445-14e071b84d0b/opts
Oct 18 11:25:05 gtw01 dnsmasq[1431]: read /var/lib/neutron/dhcp/eeaac1a4-417b-4a67-8643-05991ca5b5dd/addn_hosts - 3 addresses
Oct 18 11:25:05 gtw01 dnsmasq-dhcp[1431]: read /var/lib/neutron/dhcp/eeaac1a4-417b-4a67-8643-05991ca5b5dd/host
Oct 18 11:25:05 gtw01 dnsmasq-dhcp[1431]: read /var/lib/neutron/dhcp/eeaac1a4-417b-4a67-8643-05991ca5b5dd/opts
Oct 18 11:25:06 gtw01 dnsmasq[1633]: read /var/lib/neutron/dhcp/0713b580-a1bd-417e-a278-4192d5236cdd/addn_hosts - 3 addresses
Oct 18 11:25:06 gtw01 dnsmasq-dhcp[1633]: read /var/lib/neutron/dhcp/0713b580-a1bd-417e-a278-4192d5236cdd/host
Oct 18 11:25:06 gtw01 dnsmasq-dhcp[1633]: read /var/lib/neutron/dhcp/0713b580-a1bd-417e-a278-4192d5236cdd/opts
Oct 18 11:25:06 gtw01 dnsmasq[1625]: read /var/lib/neutron/dhcp/3f50b490-6dd4-4644-a134-f76f4e8df570/addn_hosts - 3 addresses
Oct 18 11:25:06 gtw01 dnsmasq-dhcp[1625]: read /var/lib/neutron/dhcp/3f50b490-6dd4-4644-a134-f76f4e8df570/host
Oct 18 11:25:06 gtw01 dnsmasq-dhcp[1625]: read /var/lib/neutron/dhcp/3f50b490-6dd4-4644-a134-f76f4e8df570/opts
Oct 18 11:25:07 gtw01 dnsmasq[1530]: read /var/lib/neutron/dhcp/7b4e05f8-59e8-4f81-b445-14e071b84d0b/addn_hosts - 3 addresses
Oct 18 11:25:07 gtw01 dnsmasq-dhcp[1530]: read /var/lib/neutron/dhcp/7b4e05f8-59e8-4f81-b445-14e071b84d0b/host
Oct 18 11:25:07 gtw01 dnsmasq-dhcp[1530]: read /var/lib/neutron/dhcp/7b4e05f8-59e8-4f81-b445-14e071b84d0b/opts
Oct 18 11:25:07 gtw01 dnsmasq[1431]: read /var/lib/neutron/dhcp/eeaac1a4-417b-4a67-8643-05991ca5b5dd/addn_hosts - 3 addresses
Oct 18 11:25:07 gtw01 dnsmasq-dhcp[1431]: read /var/lib/neutron/dhcp/eeaac1a4-417b-4a67-8643-05991ca5b5dd/host
Oct 18 11:25:07 gtw01 dnsmasq-dhcp[1431]: read /var/lib/neutron/dhcp/eeaac1a4-417b-4a67-8643-05991ca5b5dd/opts
Oct 18 11:25:08 gtw01 dnsmasq[1633]: read /var/lib/neutron/dhcp/0713b580-a1bd-417e-a278-4192d5236cdd/addn_hosts - 3 addresses
Oct 18 11:25:08 gtw01 dnsmasq-dhcp[1633]: read /var/lib/neutron/dhcp/0713b580-a1bd-417e-a278-4192d5236cdd/host
Oct 18 11:25:08 gtw01 dnsmasq-dhcp[1633]: read /var/lib/neutron/dhcp/0713b580-a1bd-417e-a278-4192d5236cdd/opts
Oct 18 11:25:08 gtw01 dnsmasq[1625]: read /var/lib/neutron/dhcp/3f50b490-6dd4-4644-a134-f76f4e8df570/addn_hosts - 3 addresses
Oct 18 11:25:08 gtw01 dnsmasq-dhcp[1625]: read /var/lib/neutron/dhcp/3f50b490-6dd4-4644-a134-f76f4e8df570/host
Oct 18 11:25:08 gtw01 dnsmasq-dhcp[1625]: read /var/lib/neutron/dhcp/3f50b490-6dd4-4644-a134-f76f4e8df570/opts
Oct 18 11:25:09 gtw01 dnsmasq[1530]: read /var/lib/neutron/dhcp/7b4e05f8-59e8-4f81-b445-14e071b84d0b/addn_hosts - 3 addresses
Oct 18 11:25:09 gtw01 dnsmasq-dhcp[1530]: read /var/lib/neutron/dhcp/7b4e05f8-59e8-4f81-b445-14e071b84d0b/host
Oct 18 11:25:09 gtw01 dnsmasq-dhcp[1530]: read /var/lib/neutron/dhcp/7b4e05f8-59e8-4f81-b445-14e071b84d0b/opts
Oct 18 11:25:09 gtw01 dnsmasq[1431]: read /var/lib/neutron/dhcp/eeaac1a4-417b-4a67-8643-05991ca5b5dd/addn_hosts - 3 addresses
Oct 18 11:25:09 gtw01 dnsmasq-dhcp[1431]: read /var/lib/neutron/dhcp/eeaac1a4-417b-4a67-8643-05991ca5b5dd/host
Oct 18 11:25:09 gtw01 dnsmasq-dhcp[1431]: read /var/lib/neutron/dhcp/eeaac1a4-417b-4a67-8643-05991ca5b5dd/opts
Oct 18 11:25:10 gtw01 dnsmasq[1625]: read /var/lib/neutron/dhcp/3f50b490-6dd4-4644-a134-f76f4e8df570/addn_hosts - 3 addresses
Oct 18 11:25:10 gtw01 dnsmasq-dhcp[1625]: read /var/lib/neutron/dhcp/3f50b490-6dd4-4644-a134-f76f4e8df570/host
Oct 18 11:25:10 gtw01 dnsmasq-dhcp[1625]: read /var/lib/neutron/dhcp/3f50b490-6dd4-4644-a134-f76f4e8df570/opts
Oct 18 11:25:10 gtw01 dnsmasq[1633]: read /var/lib/neutron/dhcp/0713b580-a1bd-417e-a278-4192d5236cdd/addn_hosts - 3 addresses
Oct 18 11:25:10 gtw01 dnsmasq-dhcp[1633]: read /var/lib/neutron/dhcp/0713b580-a1bd-417e-a278-4192d5236cdd/host
Oct 18 11:25:10 gtw01 dnsmasq-dhcp[1633]: read /var/lib/neutron/dhcp/0713b580-a1bd-417e-a278-4192d5236cdd/opts
Oct 18 11:25:10 gtw01 dnsmasq[1530]: read /var/lib/neutron/dhcp/7b4e05f8-59e8-4f81-b445-14e071b84d0b/addn_hosts - 3 addresses
Oct 18 11:25:10 gtw01 dnsmasq-dhcp[1530]: read /var/lib/neutron/dhcp/7b4e05f8-59e8-4f81-b445-14e071b84d0b/host
Oct 18 11:25:10 gtw01 dnsmasq-dhcp[1530]: read /var/lib/neutron/dhcp/7b4e05f8-59e8-4f81-b445-14e071b84d0b/opts
Oct 18 11:25:11 gtw01 dnsmasq[1431]: read /var/lib/neutron/dhcp/eeaac1a4-417b-4a67-8643-05991ca5b5dd/addn_hosts - 3 addresses
Oct 18 11:25:11 gtw01 dnsmasq-dhcp[1431]: read /var/lib/neutron/dhcp/eeaac1a4-417b-4a67-8643-05991ca5b5dd/host
Oct 18 11:25:11 gtw01 dnsmasq-dhcp[1431]: read /var/lib/neutron/dhcp/eeaac1a4-417b-4a67-8643-05991ca5b5dd/opts
Oct 18 11:25:12 gtw01 dnsmasq[1625]: read /var/lib/neutron/dhcp/3f50b490-6dd4-4644-a134-f76f4e8df570/addn_hosts - 3 addresses
Oct 18 11:25:12 gtw01 dnsmasq-dhcp[1625]: read /var/lib/neutron/dhcp/3f50b490-6dd4-4644-a134-f76f4e8df570/host
Oct 18 11:25:12 gtw01 dnsmasq-dhcp[1625]: read /var/lib/neutron/dhcp/3f50b490-6dd4-4644-a134-f76f4e8df570/opts
Oct 18 11:25:12 gtw01 dnsmasq[1530]: read /var/lib/neutron/dhcp/7b4e05f8-59e8-4f81-b445-14e071b84d0b/addn_hosts - 3 addresses
Oct 18 11:25:12 gtw01 dnsmasq-dhcp[1530]: read /var/lib/neutron/dhcp/7b4e05f8-59e8-4f81-b445-14e071b84d0b/host
Oct 18 11:25:12 gtw01 dnsmasq-dhcp[1530]: read /var/lib/neutron/dhcp/7b4e05f8-59e8-4f81-b445-14e071b84d0b/opts
Oct 18 11:25:12 gtw01 dnsmasq[1633]: read /var/lib/neutron/dhcp/0713b580-a1bd-417e-a278-4192d5236cdd/addn_hosts - 3 addresses
Oct 18 11:25:12 gtw01 dnsmasq-dhcp[1633]: read /var/lib/neutron/dhcp/0713b580-a1bd-417e-a278-4192d5236cdd/host
Oct 18 11:25:12 gtw01 dnsmasq-dhcp[1633]: read /var/lib/neutron/dhcp/0713b580-a1bd-417e-a278-4192d5236cdd/opts
Oct 18 11:25:14 gtw01 dnsmasq[1431]: read /var/lib/neutron/dhcp/eeaac1a4-417b-4a67-8643-05991ca5b5dd/addn_hosts - 3 addresses
Oct 18 11:25:14 gtw01 dnsmasq-dhcp[1431]: read /var/lib/neutron/dhcp/eeaac1a4-417b-4a67-8643-05991ca5b5dd/host
Oct 18 11:25:14 gtw01 dnsmasq-dhcp[1431]: read /var/lib/neutron/dhcp/eeaac1a4-417b-4a67-8643-05991ca5b5dd/opts
Oct 18 11:25:14 gtw01 dnsmasq[1530]: read /var/lib/neutron/dhcp/7b4e05f8-59e8-4f81-b445-14e071b84d0b/addn_hosts - 3 addresses
Oct 18 11:25:14 gtw01 dnsmasq-dhcp[1530]: read /var/lib/neutron/dhcp/7b4e05f8-59e8-4f81-b445-14e071b84d0b/host
Oct 18 11:25:14 gtw01 dnsmasq-dhcp[1530]: read /var/lib/neutron/dhcp/7b4e05f8-59e8-4f81-b445-14e071b84d0b/opts
Oct 18 11:25:14 gtw01 dnsmasq[1625]: read /var/lib/neutron/dhcp/3f50b490-6dd4-4644-a134-f76f4e8df570/addn_hosts - 3 addresses
Oct 18 11:25:14 gtw01 dnsmasq-dhcp[1625]: read /var/lib/neutron/dhcp/3f50b490-6dd4-4644-a134-f76f4e8df570/host
Oct 18 11:25:14 gtw01 dnsmasq-dhcp[1625]: read /var/lib/neutron/dhcp/3f50b490-6dd4-4644-a134-f76f4e8df570/opts
Oct 18 11:25:15 gtw01 dnsmasq[1633]: read /var/lib/neutron/dhcp/0713b580-a1bd-417e-a278-4192d5236cdd/addn_hosts - 3 addresses
Oct 18 11:25:15 gtw01 dnsmasq-dhcp[1633]: read /var/lib/neutron/dhcp/0713b580-a1bd-417e-a278-4192d5236cdd/host
Oct 18 11:25:15 gtw01 dnsmasq-dhcp[1633]: read /var/lib/neutron/dhcp/0713b580-a1bd-417e-a278-4192d5236cdd/opts
Oct 18 11:25:16 gtw01 dnsmasq[1625]: read /var/lib/neutron/dhcp/3f50b490-6dd4-4644-a134-f76f4e8df570/addn_hosts - 3 addresses
Oct 18 11:25:16 gtw01 dnsmasq-dhcp[1625]: read /var/lib/neutron/dhcp/3f50b490-6dd4-4644-a134-f76f4e8df570/host
Oct 18 11:25:16 gtw01 dnsmasq-dhcp[1625]: read /var/lib/neutron/dhcp/3f50b490-6dd4-4644-a134-f76f4e8df570/opts
Oct 18 11:25:16 gtw01 dnsmasq[1633]: read /var/lib/neutron/dhcp/0713b580-a1bd-417e-a278-4192d5236cdd/addn_hosts - 3 addresses
Oct 18 11:25:16 gtw01 dnsmasq-dhcp[1633]: read /var/lib/neutron/dhcp/0713b580-a1bd-417e-a278-4192d5236cdd/host
Oct 18 11:25:16 gtw01 dnsmasq-dhcp[1633]: read /var/lib/neutron/dhcp/0713b580-a1bd-417e-a278-4192d5236cdd/opts
Oct 18 11:25:16 gtw01 kernel: [13941.740382] device tap5a788c83-ad left promiscuous mode
Oct 18 11:25:17 gtw01 dnsmasq[1530]: read /var/lib/neutron/dhcp/7b4e05f8-59e8-4f81-b445-14e071b84d0b/addn_hosts - 2 addresses
Oct 18 11:25:17 gtw01 dnsmasq-dhcp[1530]: read /var/lib/neutron/dhcp/7b4e05f8-59e8-4f81-b445-14e071b84d0b/host
Oct 18 11:25:17 gtw01 dnsmasq-dhcp[1530]: read /var/lib/neutron/dhcp/7b4e05f8-59e8-4f81-b445-14e071b84d0b/opts
Oct 18 11:25:17 gtw01 dnsmasq[1625]: read /var/lib/neutron/dhcp/3f50b490-6dd4-4644-a134-f76f4e8df570/addn_hosts - 3 addresses
Oct 18 11:25:17 gtw01 dnsmasq-dhcp[1625]: read /var/lib/neutron/dhcp/3f50b490-6dd4-4644-a134-f76f4e8df570/host
Oct 18 11:25:17 gtw01 dnsmasq-dhcp[1625]: read /var/lib/neutron/dhcp/3f50b490-6dd4-4644-a134-f76f4e8df570/opts
Oct 18 11:25:18 gtw01 dnsmasq[1633]: read /var/lib/neutron/dhcp/0713b580-a1bd-417e-a278-4192d5236cdd/addn_hosts - 3 addresses
Oct 18 11:25:18 gtw01 dnsmasq-dhcp[1633]: read /var/lib/neutron/dhcp/0713b580-a1bd-417e-a278-4192d5236cdd/host
Oct 18 11:25:18 gtw01 dnsmasq-dhcp[1633]: read /var/lib/neutron/dhcp/0713b580-a1bd-417e-a278-4192d5236cdd/opts
Oct 18 11:25:18 gtw01 dnsmasq[1625]: read /var/lib/neutron/dhcp/3f50b490-6dd4-4644-a134-f76f4e8df570/addn_hosts - 2 addresses
Oct 18 11:25:18 gtw01 dnsmasq-dhcp[1625]: read /var/lib/neutron/dhcp/3f50b490-6dd4-4644-a134-f76f4e8df570/host
Oct 18 11:25:18 gtw01 dnsmasq-dhcp[1625]: read /var/lib/neutron/dhcp/3f50b490-6dd4-4644-a134-f76f4e8df570/opts
Oct 18 11:25:19 gtw01 dnsmasq[1530]: read /var/lib/neutron/dhcp/7b4e05f8-59e8-4f81-b445-14e071b84d0b/addn_hosts - 2 addresses
Oct 18 11:25:19 gtw01 dnsmasq-dhcp[1530]: read /var/lib/neutron/dhcp/7b4e05f8-59e8-4f81-b445-14e071b84d0b/host
Oct 18 11:25:19 gtw01 dnsmasq-dhcp[1530]: read /var/lib/neutron/dhcp/7b4e05f8-59e8-4f81-b445-14e071b84d0b/opts
Oct 18 11:25:19 gtw01 dnsmasq[1633]: read /var/lib/neutron/dhcp/0713b580-a1bd-417e-a278-4192d5236cdd/addn_hosts - 3 addresses
Oct 18 11:25:19 gtw01 dnsmasq-dhcp[1633]: read /var/lib/neutron/dhcp/0713b580-a1bd-417e-a278-4192d5236cdd/host
Oct 18 11:25:19 gtw01 dnsmasq-dhcp[1633]: read /var/lib/neutron/dhcp/0713b580-a1bd-417e-a278-4192d5236cdd/opts
Oct 18 11:25:20 gtw01 dnsmasq[1625]: read /var/lib/neutron/dhcp/3f50b490-6dd4-4644-a134-f76f4e8df570/addn_hosts - 2 addresses
Oct 18 11:25:20 gtw01 dnsmasq-dhcp[1625]: read /var/lib/neutron/dhcp/3f50b490-6dd4-4644-a134-f76f4e8df570/host
Oct 18 11:25:20 gtw01 dnsmasq-dhcp[1625]: read /var/lib/neutron/dhcp/3f50b490-6dd4-4644-a134-f76f4e8df570/opts
Oct 18 11:25:20 gtw01 dnsmasq[1633]: read /var/lib/neutron/dhcp/0713b580-a1bd-417e-a278-4192d5236cdd/addn_hosts - 3 addresses
Oct 18 11:25:20 gtw01 dnsmasq-dhcp[1633]: read /var/lib/neutron/dhcp/0713b580-a1bd-417e-a278-4192d5236cdd/host
Oct 18 11:25:20 gtw01 dnsmasq-dhcp[1633]: read /var/lib/neutron/dhcp/0713b580-a1bd-417e-a278-4192d5236cdd/opts
Oct 18 11:25:21 gtw01 dnsmasq[1530]: read /var/lib/neutron/dhcp/7b4e05f8-59e8-4f81-b445-14e071b84d0b/addn_hosts - 1 addresses
Oct 18 11:25:21 gtw01 dnsmasq-dhcp[1530]: read /var/lib/neutron/dhcp/7b4e05f8-59e8-4f81-b445-14e071b84d0b/host
Oct 18 11:25:21 gtw01 dnsmasq-dhcp[1530]: read /var/lib/neutron/dhcp/7b4e05f8-59e8-4f81-b445-14e071b84d0b/opts
Oct 18 11:25:22 gtw01 dnsmasq[1633]: read /var/lib/neutron/dhcp/0713b580-a1bd-417e-a278-4192d5236cdd/addn_hosts - 3 addresses
Oct 18 11:25:22 gtw01 dnsmasq-dhcp[1633]: read /var/lib/neutron/dhcp/0713b580-a1bd-417e-a278-4192d5236cdd/host
Oct 18 11:25:22 gtw01 dnsmasq-dhcp[1633]: read /var/lib/neutron/dhcp/0713b580-a1bd-417e-a278-4192d5236cdd/opts
Oct 18 11:25:23 gtw01 dnsmasq[1625]: read /var/lib/neutron/dhcp/3f50b490-6dd4-4644-a134-f76f4e8df570/addn_hosts - 1 addresses
Oct 18 11:25:23 gtw01 dnsmasq-dhcp[1625]: read /var/lib/neutron/dhcp/3f50b490-6dd4-4644-a134-f76f4e8df570/host
Oct 18 11:25:23 gtw01 dnsmasq-dhcp[1625]: read /var/lib/neutron/dhcp/3f50b490-6dd4-4644-a134-f76f4e8df570/opts
Oct 18 11:25:24 gtw01 kernel: [13949.129940] device tapaaa9d366-9a left promiscuous mode
Oct 18 11:25:25 gtw01 kernel: [13950.449634] device tap2866d063-12 left promiscuous mode
Oct 18 11:25:27 gtw01 dnsmasq[1633]: read /var/lib/neutron/dhcp/0713b580-a1bd-417e-a278-4192d5236cdd/addn_hosts - 3 addresses
Oct 18 11:25:27 gtw01 dnsmasq-dhcp[1633]: read /var/lib/neutron/dhcp/0713b580-a1bd-417e-a278-4192d5236cdd/host
Oct 18 11:25:27 gtw01 dnsmasq-dhcp[1633]: read /var/lib/neutron/dhcp/0713b580-a1bd-417e-a278-4192d5236cdd/opts
Oct 18 11:25:29 gtw01 dnsmasq[1633]: read /var/lib/neutron/dhcp/0713b580-a1bd-417e-a278-4192d5236cdd/addn_hosts - 2 addresses
Oct 18 11:25:29 gtw01 dnsmasq-dhcp[1633]: read /var/lib/neutron/dhcp/0713b580-a1bd-417e-a278-4192d5236cdd/host
Oct 18 11:25:29 gtw01 dnsmasq-dhcp[1633]: read /var/lib/neutron/dhcp/0713b580-a1bd-417e-a278-4192d5236cdd/opts
Oct 18 11:25:31 gtw01 kernel: [13955.912883] device tap8bc52fa3-8c entered promiscuous mode
Oct 18 11:25:31 gtw01 systemd-udevd[2353]: Could not generate persistent MAC address for tap8bc52fa3-8c: No such file or directory
Oct 18 11:25:31 gtw01 systemd-udevd[2353]: Process '/sbin/ip link set tap8bc52fa3-8c txqueuelen 10000' failed with exit code 1.
Oct 18 11:25:31 gtw01 dnsmasq[1633]: read /var/lib/neutron/dhcp/0713b580-a1bd-417e-a278-4192d5236cdd/addn_hosts - 1 addresses
Oct 18 11:25:31 gtw01 dnsmasq-dhcp[1633]: read /var/lib/neutron/dhcp/0713b580-a1bd-417e-a278-4192d5236cdd/host
Oct 18 11:25:31 gtw01 dnsmasq-dhcp[1633]: read /var/lib/neutron/dhcp/0713b580-a1bd-417e-a278-4192d5236cdd/opts
Oct 18 11:25:31 gtw01 systemd-udevd[2432]: Process '/sbin/ip link set tap8bc52fa3-8c txqueuelen 10000' failed with exit code 1.
Oct 18 11:25:34 gtw01 dnsmasq[2501]: started, version 2.80 cachesize 150
Oct 18 11:25:34 gtw01 dnsmasq[2501]: DNS service limited to local subnets
Oct 18 11:25:34 gtw01 dnsmasq[2501]: compile time options: IPv6 GNU-getopt DBus i18n IDN DHCP DHCPv6 no-Lua TFTP conntrack ipset auth DNSSEC loop-detect inotify dumpfile
Oct 18 11:25:34 gtw01 dnsmasq[2501]: warning: no upstream servers configured
Oct 18 11:25:34 gtw01 dnsmasq-dhcp[2501]: DHCP, static leases only on 11.11.11.0, lease time 1h
Oct 18 11:25:34 gtw01 dnsmasq[2501]: read /var/lib/neutron/dhcp/e9b2437e-9bdb-4f3f-a92a-93277f7b5a80/addn_hosts - 1 addresses
Oct 18 11:25:34 gtw01 dnsmasq-dhcp[2501]: read /var/lib/neutron/dhcp/e9b2437e-9bdb-4f3f-a92a-93277f7b5a80/host
Oct 18 11:25:34 gtw01 dnsmasq-dhcp[2501]: read /var/lib/neutron/dhcp/e9b2437e-9bdb-4f3f-a92a-93277f7b5a80/opts
Oct 18 11:25:35 gtw01 haproxy-metadata-proxy-e9b2437e-9bdb-4f3f-a92a-93277f7b5a80[2510]: Proxy listener started.
Oct 18 11:25:35 gtw01 kernel: [13960.241489] device tap3cba1ea9-0e left promiscuous mode
Oct 18 11:25:36 gtw01 dnsmasq[2501]: read /var/lib/neutron/dhcp/e9b2437e-9bdb-4f3f-a92a-93277f7b5a80/addn_hosts - 3 addresses
Oct 18 11:25:36 gtw01 dnsmasq-dhcp[2501]: read /var/lib/neutron/dhcp/e9b2437e-9bdb-4f3f-a92a-93277f7b5a80/host
Oct 18 11:25:36 gtw01 dnsmasq-dhcp[2501]: read /var/lib/neutron/dhcp/e9b2437e-9bdb-4f3f-a92a-93277f7b5a80/opts
Oct 18 11:25:37 gtw01 dnsmasq[2501]: read /var/lib/neutron/dhcp/e9b2437e-9bdb-4f3f-a92a-93277f7b5a80/addn_hosts - 3 addresses
Oct 18 11:25:37 gtw01 dnsmasq-dhcp[2501]: read /var/lib/neutron/dhcp/e9b2437e-9bdb-4f3f-a92a-93277f7b5a80/host
Oct 18 11:25:37 gtw01 dnsmasq-dhcp[2501]: read /var/lib/neutron/dhcp/e9b2437e-9bdb-4f3f-a92a-93277f7b5a80/opts
Oct 18 11:25:38 gtw01 dnsmasq[2501]: read /var/lib/neutron/dhcp/e9b2437e-9bdb-4f3f-a92a-93277f7b5a80/addn_hosts - 3 addresses
Oct 18 11:25:38 gtw01 dnsmasq-dhcp[2501]: read /var/lib/neutron/dhcp/e9b2437e-9bdb-4f3f-a92a-93277f7b5a80/host
Oct 18 11:25:38 gtw01 dnsmasq-dhcp[2501]: read /var/lib/neutron/dhcp/e9b2437e-9bdb-4f3f-a92a-93277f7b5a80/opts
Oct 18 11:25:39 gtw01 dnsmasq[2501]: read /var/lib/neutron/dhcp/e9b2437e-9bdb-4f3f-a92a-93277f7b5a80/addn_hosts - 3 addresses
Oct 18 11:25:39 gtw01 dnsmasq-dhcp[2501]: read /var/lib/neutron/dhcp/e9b2437e-9bdb-4f3f-a92a-93277f7b5a80/host
Oct 18 11:25:39 gtw01 dnsmasq-dhcp[2501]: read /var/lib/neutron/dhcp/e9b2437e-9bdb-4f3f-a92a-93277f7b5a80/opts
Oct 18 11:25:39 gtw01 kernel: [13964.734519] device tapa5e178e1-b8 entered promiscuous mode
Oct 18 11:25:39 gtw01 systemd-udevd[2608]: Process '/sbin/ip link set tapa5e178e1-b8 txqueuelen 10000' failed with exit code 1.
Oct 18 11:25:40 gtw01 systemd-udevd[2608]: Process '/sbin/ip link set tapa5e178e1-b8 txqueuelen 10000' failed with exit code 1.
Oct 18 11:25:40 gtw01 kernel: [13965.816565] device tap989f65a8-02 entered promiscuous mode
Oct 18 11:25:40 gtw01 systemd-udevd[2737]: Could not generate persistent MAC address for tap989f65a8-02: No such file or directory
Oct 18 11:25:41 gtw01 systemd-udevd[2737]: Process '/sbin/ip link set tap989f65a8-02 txqueuelen 10000' failed with exit code 1.
Oct 18 11:25:41 gtw01 systemd-udevd[2819]: Process '/sbin/ip link set tap989f65a8-02 txqueuelen 10000' failed with exit code 1.
Oct 18 11:25:41 gtw01 dnsmasq[2501]: read /var/lib/neutron/dhcp/e9b2437e-9bdb-4f3f-a92a-93277f7b5a80/addn_hosts - 3 addresses
Oct 18 11:25:41 gtw01 dnsmasq-dhcp[2501]: read /var/lib/neutron/dhcp/e9b2437e-9bdb-4f3f-a92a-93277f7b5a80/host
Oct 18 11:25:41 gtw01 dnsmasq-dhcp[2501]: read /var/lib/neutron/dhcp/e9b2437e-9bdb-4f3f-a92a-93277f7b5a80/opts
Oct 18 11:25:42 gtw01 dnsmasq[2501]: read /var/lib/neutron/dhcp/e9b2437e-9bdb-4f3f-a92a-93277f7b5a80/addn_hosts - 3 addresses
Oct 18 11:25:42 gtw01 dnsmasq-dhcp[2501]: read /var/lib/neutron/dhcp/e9b2437e-9bdb-4f3f-a92a-93277f7b5a80/host
Oct 18 11:25:42 gtw01 dnsmasq-dhcp[2501]: read /var/lib/neutron/dhcp/e9b2437e-9bdb-4f3f-a92a-93277f7b5a80/opts
Oct 18 11:25:44 gtw01 dnsmasq[2501]: read /var/lib/neutron/dhcp/e9b2437e-9bdb-4f3f-a92a-93277f7b5a80/addn_hosts - 3 addresses
Oct 18 11:25:44 gtw01 dnsmasq-dhcp[2501]: read /var/lib/neutron/dhcp/e9b2437e-9bdb-4f3f-a92a-93277f7b5a80/host
Oct 18 11:25:44 gtw01 dnsmasq-dhcp[2501]: read /var/lib/neutron/dhcp/e9b2437e-9bdb-4f3f-a92a-93277f7b5a80/opts
Oct 18 11:25:44 gtw01 dnsmasq[2948]: started, version 2.80 cachesize 150
Oct 18 11:25:44 gtw01 dnsmasq[2948]: DNS service limited to local subnets
Oct 18 11:25:44 gtw01 dnsmasq[2948]: compile time options: IPv6 GNU-getopt DBus i18n IDN DHCP DHCPv6 no-Lua TFTP conntrack ipset auth DNSSEC loop-detect inotify dumpfile
Oct 18 11:25:44 gtw01 dnsmasq[2948]: warning: no upstream servers configured
Oct 18 11:25:44 gtw01 dnsmasq-dhcp[2948]: DHCP, static leases only on 11.11.11.0, lease time 1h
Oct 18 11:25:44 gtw01 dnsmasq[2948]: read /var/lib/neutron/dhcp/9960cddd-d8dd-453f-a7ec-446566305ec9/addn_hosts - 1 addresses
Oct 18 11:25:44 gtw01 dnsmasq-dhcp[2948]: read /var/lib/neutron/dhcp/9960cddd-d8dd-453f-a7ec-446566305ec9/host
Oct 18 11:25:44 gtw01 dnsmasq-dhcp[2948]: read /var/lib/neutron/dhcp/9960cddd-d8dd-453f-a7ec-446566305ec9/opts
Oct 18 11:25:44 gtw01 haproxy-metadata-proxy-9960cddd-d8dd-453f-a7ec-446566305ec9[2958]: Proxy listener started.
Oct 18 11:25:45 gtw01 dnsmasq[2501]: read /var/lib/neutron/dhcp/e9b2437e-9bdb-4f3f-a92a-93277f7b5a80/addn_hosts - 3 addresses
Oct 18 11:25:45 gtw01 dnsmasq-dhcp[2501]: read /var/lib/neutron/dhcp/e9b2437e-9bdb-4f3f-a92a-93277f7b5a80/host
Oct 18 11:25:45 gtw01 dnsmasq-dhcp[2501]: read /var/lib/neutron/dhcp/e9b2437e-9bdb-4f3f-a92a-93277f7b5a80/opts
Oct 18 11:25:45 gtw01 dnsmasq[2987]: started, version 2.80 cachesize 150
Oct 18 11:25:45 gtw01 dnsmasq[2987]: DNS service limited to local subnets
Oct 18 11:25:45 gtw01 dnsmasq[2987]: compile time options: IPv6 GNU-getopt DBus i18n IDN DHCP DHCPv6 no-Lua TFTP conntrack ipset auth DNSSEC loop-detect inotify dumpfile
Oct 18 11:25:45 gtw01 dnsmasq[2987]: warning: no upstream servers configured
Oct 18 11:25:45 gtw01 dnsmasq-dhcp[2987]: DHCP, static leases only on 11.11.11.0, lease time 1h
Oct 18 11:25:45 gtw01 dnsmasq[2987]: read /var/lib/neutron/dhcp/f9d16434-e266-484c-92c2-7ba35a9a3f80/addn_hosts - 1 addresses
Oct 18 11:25:45 gtw01 dnsmasq-dhcp[2987]: read /var/lib/neutron/dhcp/f9d16434-e266-484c-92c2-7ba35a9a3f80/host
Oct 18 11:25:45 gtw01 dnsmasq-dhcp[2987]: read /var/lib/neutron/dhcp/f9d16434-e266-484c-92c2-7ba35a9a3f80/opts
Oct 18 11:25:46 gtw01 dnsmasq[2948]: read /var/lib/neutron/dhcp/9960cddd-d8dd-453f-a7ec-446566305ec9/addn_hosts - 3 addresses
Oct 18 11:25:46 gtw01 dnsmasq-dhcp[2948]: read /var/lib/neutron/dhcp/9960cddd-d8dd-453f-a7ec-446566305ec9/host
Oct 18 11:25:46 gtw01 dnsmasq-dhcp[2948]: read /var/lib/neutron/dhcp/9960cddd-d8dd-453f-a7ec-446566305ec9/opts
Oct 18 11:25:46 gtw01 haproxy-metadata-proxy-f9d16434-e266-484c-92c2-7ba35a9a3f80[3001]: Proxy listener started.
Oct 18 11:25:47 gtw01 dnsmasq[2948]: read /var/lib/neutron/dhcp/9960cddd-d8dd-453f-a7ec-446566305ec9/addn_hosts - 3 addresses
Oct 18 11:25:47 gtw01 dnsmasq-dhcp[2948]: read /var/lib/neutron/dhcp/9960cddd-d8dd-453f-a7ec-446566305ec9/host
Oct 18 11:25:47 gtw01 dnsmasq-dhcp[2948]: read /var/lib/neutron/dhcp/9960cddd-d8dd-453f-a7ec-446566305ec9/opts
Oct 18 11:25:47 gtw01 dnsmasq[2987]: read /var/lib/neutron/dhcp/f9d16434-e266-484c-92c2-7ba35a9a3f80/addn_hosts - 3 addresses
Oct 18 11:25:47 gtw01 dnsmasq-dhcp[2987]: read /var/lib/neutron/dhcp/f9d16434-e266-484c-92c2-7ba35a9a3f80/host
Oct 18 11:25:47 gtw01 dnsmasq-dhcp[2987]: read /var/lib/neutron/dhcp/f9d16434-e266-484c-92c2-7ba35a9a3f80/opts
Oct 18 11:25:48 gtw01 dnsmasq[2948]: read /var/lib/neutron/dhcp/9960cddd-d8dd-453f-a7ec-446566305ec9/addn_hosts - 3 addresses
Oct 18 11:25:48 gtw01 dnsmasq-dhcp[2948]: read /var/lib/neutron/dhcp/9960cddd-d8dd-453f-a7ec-446566305ec9/host
Oct 18 11:25:48 gtw01 dnsmasq-dhcp[2948]: read /var/lib/neutron/dhcp/9960cddd-d8dd-453f-a7ec-446566305ec9/opts
Oct 18 11:25:49 gtw01 dnsmasq[2987]: read /var/lib/neutron/dhcp/f9d16434-e266-484c-92c2-7ba35a9a3f80/addn_hosts - 3 addresses
Oct 18 11:25:49 gtw01 dnsmasq-dhcp[2987]: read /var/lib/neutron/dhcp/f9d16434-e266-484c-92c2-7ba35a9a3f80/host
Oct 18 11:25:49 gtw01 dnsmasq-dhcp[2987]: read /var/lib/neutron/dhcp/f9d16434-e266-484c-92c2-7ba35a9a3f80/opts
Oct 18 11:25:49 gtw01 dnsmasq[2948]: read /var/lib/neutron/dhcp/9960cddd-d8dd-453f-a7ec-446566305ec9/addn_hosts - 3 addresses
Oct 18 11:25:49 gtw01 dnsmasq-dhcp[2948]: read /var/lib/neutron/dhcp/9960cddd-d8dd-453f-a7ec-446566305ec9/host
Oct 18 11:25:49 gtw01 dnsmasq-dhcp[2948]: read /var/lib/neutron/dhcp/9960cddd-d8dd-453f-a7ec-446566305ec9/opts
Oct 18 11:25:50 gtw01 dnsmasq[2987]: read /var/lib/neutron/dhcp/f9d16434-e266-484c-92c2-7ba35a9a3f80/addn_hosts - 3 addresses
Oct 18 11:25:50 gtw01 dnsmasq-dhcp[2987]: read /var/lib/neutron/dhcp/f9d16434-e266-484c-92c2-7ba35a9a3f80/host
Oct 18 11:25:50 gtw01 dnsmasq-dhcp[2987]: read /var/lib/neutron/dhcp/f9d16434-e266-484c-92c2-7ba35a9a3f80/opts
Oct 18 11:25:50 gtw01 kernel: [13975.898609] device tap29c1ad68-3d entered promiscuous mode
Oct 18 11:25:51 gtw01 dnsmasq[2948]: read /var/lib/neutron/dhcp/9960cddd-d8dd-453f-a7ec-446566305ec9/addn_hosts - 3 addresses
Oct 18 11:25:51 gtw01 dnsmasq-dhcp[2948]: read /var/lib/neutron/dhcp/9960cddd-d8dd-453f-a7ec-446566305ec9/host
Oct 18 11:25:51 gtw01 dnsmasq-dhcp[2948]: read /var/lib/neutron/dhcp/9960cddd-d8dd-453f-a7ec-446566305ec9/opts
Oct 18 11:25:51 gtw01 systemd-udevd[3132]: Process '/sbin/ip link set tap29c1ad68-3d txqueuelen 10000' failed with exit code 1.
Oct 18 11:25:51 gtw01 systemd-udevd[3132]: Process '/sbin/ip link set tap29c1ad68-3d txqueuelen 10000' failed with exit code 1.
Oct 18 11:25:51 gtw01 dnsmasq[2987]: read /var/lib/neutron/dhcp/f9d16434-e266-484c-92c2-7ba35a9a3f80/addn_hosts - 3 addresses
Oct 18 11:25:51 gtw01 dnsmasq-dhcp[2987]: read /var/lib/neutron/dhcp/f9d16434-e266-484c-92c2-7ba35a9a3f80/host
Oct 18 11:25:51 gtw01 dnsmasq-dhcp[2987]: read /var/lib/neutron/dhcp/f9d16434-e266-484c-92c2-7ba35a9a3f80/opts
Oct 18 11:25:52 gtw01 dnsmasq[2948]: read /var/lib/neutron/dhcp/9960cddd-d8dd-453f-a7ec-446566305ec9/addn_hosts - 3 addresses
Oct 18 11:25:52 gtw01 dnsmasq-dhcp[2948]: read /var/lib/neutron/dhcp/9960cddd-d8dd-453f-a7ec-446566305ec9/host
Oct 18 11:25:52 gtw01 dnsmasq-dhcp[2948]: read /var/lib/neutron/dhcp/9960cddd-d8dd-453f-a7ec-446566305ec9/opts
Oct 18 11:25:53 gtw01 dnsmasq[2987]: read /var/lib/neutron/dhcp/f9d16434-e266-484c-92c2-7ba35a9a3f80/addn_hosts - 3 addresses
Oct 18 11:25:53 gtw01 dnsmasq-dhcp[2987]: read /var/lib/neutron/dhcp/f9d16434-e266-484c-92c2-7ba35a9a3f80/host
Oct 18 11:25:53 gtw01 dnsmasq-dhcp[2987]: read /var/lib/neutron/dhcp/f9d16434-e266-484c-92c2-7ba35a9a3f80/opts
Oct 18 11:25:53 gtw01 dnsmasq[2948]: read /var/lib/neutron/dhcp/9960cddd-d8dd-453f-a7ec-446566305ec9/addn_hosts - 3 addresses
Oct 18 11:25:53 gtw01 dnsmasq-dhcp[2948]: read /var/lib/neutron/dhcp/9960cddd-d8dd-453f-a7ec-446566305ec9/host
Oct 18 11:25:53 gtw01 dnsmasq-dhcp[2948]: read /var/lib/neutron/dhcp/9960cddd-d8dd-453f-a7ec-446566305ec9/opts
Oct 18 11:25:54 gtw01 dnsmasq[2501]: read /var/lib/neutron/dhcp/e9b2437e-9bdb-4f3f-a92a-93277f7b5a80/addn_hosts - 3 addresses
Oct 18 11:25:54 gtw01 dnsmasq-dhcp[2501]: read /var/lib/neutron/dhcp/e9b2437e-9bdb-4f3f-a92a-93277f7b5a80/host
Oct 18 11:25:54 gtw01 dnsmasq-dhcp[2501]: read /var/lib/neutron/dhcp/e9b2437e-9bdb-4f3f-a92a-93277f7b5a80/opts
Oct 18 11:25:55 gtw01 dnsmasq[2948]: read /var/lib/neutron/dhcp/9960cddd-d8dd-453f-a7ec-446566305ec9/addn_hosts - 3 addresses
Oct 18 11:25:55 gtw01 dnsmasq-dhcp[2948]: read /var/lib/neutron/dhcp/9960cddd-d8dd-453f-a7ec-446566305ec9/host
Oct 18 11:25:55 gtw01 dnsmasq-dhcp[2948]: read /var/lib/neutron/dhcp/9960cddd-d8dd-453f-a7ec-446566305ec9/opts
Oct 18 11:25:56 gtw01 dnsmasq[2987]: read /var/lib/neutron/dhcp/f9d16434-e266-484c-92c2-7ba35a9a3f80/addn_hosts - 3 addresses
Oct 18 11:25:56 gtw01 dnsmasq-dhcp[2987]: read /var/lib/neutron/dhcp/f9d16434-e266-484c-92c2-7ba35a9a3f80/host
Oct 18 11:25:56 gtw01 dnsmasq-dhcp[2987]: read /var/lib/neutron/dhcp/f9d16434-e266-484c-92c2-7ba35a9a3f80/opts
Oct 18 11:25:56 gtw01 dnsmasq[2501]: read /var/lib/neutron/dhcp/e9b2437e-9bdb-4f3f-a92a-93277f7b5a80/addn_hosts - 2 addresses
Oct 18 11:25:56 gtw01 dnsmasq-dhcp[2501]: read /var/lib/neutron/dhcp/e9b2437e-9bdb-4f3f-a92a-93277f7b5a80/host
Oct 18 11:25:56 gtw01 dnsmasq-dhcp[2501]: read /var/lib/neutron/dhcp/e9b2437e-9bdb-4f3f-a92a-93277f7b5a80/opts
Oct 18 11:25:56 gtw01 dnsmasq[3403]: started, version 2.80 cachesize 150
Oct 18 11:25:56 gtw01 dnsmasq[3403]: DNS service limited to local subnets
Oct 18 11:25:56 gtw01 dnsmasq[3403]: compile time options: IPv6 GNU-getopt DBus i18n IDN DHCP DHCPv6 no-Lua TFTP conntrack ipset auth DNSSEC loop-detect inotify dumpfile
Oct 18 11:25:56 gtw01 dnsmasq[3403]: warning: no upstream servers configured
Oct 18 11:25:56 gtw01 dnsmasq-dhcp[3403]: DHCP, static leases only on 11.11.11.0, lease time 1h
Oct 18 11:25:56 gtw01 dnsmasq[3403]: read /var/lib/neutron/dhcp/c86cc0b7-05c8-470d-97f6-46c64f92cca5/addn_hosts - 1 addresses
Oct 18 11:25:56 gtw01 dnsmasq-dhcp[3403]: read /var/lib/neutron/dhcp/c86cc0b7-05c8-470d-97f6-46c64f92cca5/host
Oct 18 11:25:56 gtw01 dnsmasq-dhcp[3403]: read /var/lib/neutron/dhcp/c86cc0b7-05c8-470d-97f6-46c64f92cca5/opts
Oct 18 11:25:57 gtw01 haproxy-metadata-proxy-c86cc0b7-05c8-470d-97f6-46c64f92cca5[3414]: Proxy listener started.
Oct 18 11:25:57 gtw01 dnsmasq[2987]: read /var/lib/neutron/dhcp/f9d16434-e266-484c-92c2-7ba35a9a3f80/addn_hosts - 3 addresses
Oct 18 11:25:57 gtw01 dnsmasq-dhcp[2987]: read /var/lib/neutron/dhcp/f9d16434-e266-484c-92c2-7ba35a9a3f80/host
Oct 18 11:25:57 gtw01 dnsmasq-dhcp[2987]: read /var/lib/neutron/dhcp/f9d16434-e266-484c-92c2-7ba35a9a3f80/opts
Oct 18 11:25:58 gtw01 dnsmasq[3403]: read /var/lib/neutron/dhcp/c86cc0b7-05c8-470d-97f6-46c64f92cca5/addn_hosts - 3 addresses
Oct 18 11:25:58 gtw01 dnsmasq-dhcp[3403]: read /var/lib/neutron/dhcp/c86cc0b7-05c8-470d-97f6-46c64f92cca5/host
Oct 18 11:25:58 gtw01 dnsmasq-dhcp[3403]: read /var/lib/neutron/dhcp/c86cc0b7-05c8-470d-97f6-46c64f92cca5/opts
Oct 18 11:25:58 gtw01 dnsmasq[2987]: read /var/lib/neutron/dhcp/f9d16434-e266-484c-92c2-7ba35a9a3f80/addn_hosts - 3 addresses
Oct 18 11:25:58 gtw01 dnsmasq-dhcp[2987]: read /var/lib/neutron/dhcp/f9d16434-e266-484c-92c2-7ba35a9a3f80/host
Oct 18 11:25:58 gtw01 dnsmasq-dhcp[2987]: read /var/lib/neutron/dhcp/f9d16434-e266-484c-92c2-7ba35a9a3f80/opts
Oct 18 11:25:59 gtw01 dnsmasq[2501]: read /var/lib/neutron/dhcp/e9b2437e-9bdb-4f3f-a92a-93277f7b5a80/addn_hosts - 1 addresses
Oct 18 11:25:59 gtw01 dnsmasq-dhcp[2501]: read /var/lib/neutron/dhcp/e9b2437e-9bdb-4f3f-a92a-93277f7b5a80/host
Oct 18 11:25:59 gtw01 dnsmasq-dhcp[2501]: read /var/lib/neutron/dhcp/e9b2437e-9bdb-4f3f-a92a-93277f7b5a80/opts
Oct 18 11:25:59 gtw01 dnsmasq[2948]: read /var/lib/neutron/dhcp/9960cddd-d8dd-453f-a7ec-446566305ec9/addn_hosts - 3 addresses
Oct 18 11:25:59 gtw01 dnsmasq-dhcp[2948]: read /var/lib/neutron/dhcp/9960cddd-d8dd-453f-a7ec-446566305ec9/host
Oct 18 11:25:59 gtw01 dnsmasq-dhcp[2948]: read /var/lib/neutron/dhcp/9960cddd-d8dd-453f-a7ec-446566305ec9/opts
Oct 18 11:25:59 gtw01 dnsmasq[3403]: read /var/lib/neutron/dhcp/c86cc0b7-05c8-470d-97f6-46c64f92cca5/addn_hosts - 3 addresses
Oct 18 11:25:59 gtw01 dnsmasq-dhcp[3403]: read /var/lib/neutron/dhcp/c86cc0b7-05c8-470d-97f6-46c64f92cca5/host
Oct 18 11:25:59 gtw01 dnsmasq-dhcp[3403]: read /var/lib/neutron/dhcp/c86cc0b7-05c8-470d-97f6-46c64f92cca5/opts
Oct 18 11:26:00 gtw01 dnsmasq[2987]: read /var/lib/neutron/dhcp/f9d16434-e266-484c-92c2-7ba35a9a3f80/addn_hosts - 3 addresses
Oct 18 11:26:00 gtw01 dnsmasq-dhcp[2987]: read /var/lib/neutron/dhcp/f9d16434-e266-484c-92c2-7ba35a9a3f80/host
Oct 18 11:26:00 gtw01 dnsmasq-dhcp[2987]: read /var/lib/neutron/dhcp/f9d16434-e266-484c-92c2-7ba35a9a3f80/opts
Oct 18 11:26:01 gtw01 dnsmasq[3403]: read /var/lib/neutron/dhcp/c86cc0b7-05c8-470d-97f6-46c64f92cca5/addn_hosts - 3 addresses
Oct 18 11:26:01 gtw01 dnsmasq-dhcp[3403]: read /var/lib/neutron/dhcp/c86cc0b7-05c8-470d-97f6-46c64f92cca5/host
Oct 18 11:26:01 gtw01 dnsmasq-dhcp[3403]: read /var/lib/neutron/dhcp/c86cc0b7-05c8-470d-97f6-46c64f92cca5/opts
Oct 18 11:26:01 gtw01 dnsmasq[2987]: read /var/lib/neutron/dhcp/f9d16434-e266-484c-92c2-7ba35a9a3f80/addn_hosts - 2 addresses
Oct 18 11:26:01 gtw01 dnsmasq-dhcp[2987]: read /var/lib/neutron/dhcp/f9d16434-e266-484c-92c2-7ba35a9a3f80/host
Oct 18 11:26:01 gtw01 dnsmasq-dhcp[2987]: read /var/lib/neutron/dhcp/f9d16434-e266-484c-92c2-7ba35a9a3f80/opts
Oct 18 11:26:02 gtw01 dnsmasq[3403]: read /var/lib/neutron/dhcp/c86cc0b7-05c8-470d-97f6-46c64f92cca5/addn_hosts - 3 addresses
Oct 18 11:26:02 gtw01 dnsmasq-dhcp[3403]: read /var/lib/neutron/dhcp/c86cc0b7-05c8-470d-97f6-46c64f92cca5/host
