Oct 18 08:24:04 gtw01 dnsmasq-dhcp[28028]: read /var/lib/neutron/dhcp/f5189145-a45b-4db7-a4e3-6503d1345ed1/host
Oct 18 08:24:04 gtw01 dnsmasq-dhcp[28028]: read /var/lib/neutron/dhcp/f5189145-a45b-4db7-a4e3-6503d1345ed1/opts
Oct 18 08:24:05 gtw01 dnsmasq[28028]: read /var/lib/neutron/dhcp/f5189145-a45b-4db7-a4e3-6503d1345ed1/addn_hosts - 1 addresses
Oct 18 08:24:05 gtw01 dnsmasq-dhcp[28028]: read /var/lib/neutron/dhcp/f5189145-a45b-4db7-a4e3-6503d1345ed1/host
Oct 18 08:24:05 gtw01 dnsmasq-dhcp[28028]: read /var/lib/neutron/dhcp/f5189145-a45b-4db7-a4e3-6503d1345ed1/opts
Oct 18 08:24:06 gtw01 dnsmasq[27410]: read /var/lib/neutron/dhcp/8930ff89-ef76-41f0-9cb9-42821613d1f9/addn_hosts - 2 addresses
Oct 18 08:24:06 gtw01 dnsmasq-dhcp[27410]: read /var/lib/neutron/dhcp/8930ff89-ef76-41f0-9cb9-42821613d1f9/host
Oct 18 08:24:06 gtw01 dnsmasq-dhcp[27410]: read /var/lib/neutron/dhcp/8930ff89-ef76-41f0-9cb9-42821613d1f9/opts
Oct 18 08:24:06 gtw01 dnsmasq[28028]: read /var/lib/neutron/dhcp/f5189145-a45b-4db7-a4e3-6503d1345ed1/addn_hosts - 2 addresses
Oct 18 08:24:06 gtw01 dnsmasq-dhcp[28028]: read /var/lib/neutron/dhcp/f5189145-a45b-4db7-a4e3-6503d1345ed1/host
Oct 18 08:24:06 gtw01 dnsmasq-dhcp[28028]: read /var/lib/neutron/dhcp/f5189145-a45b-4db7-a4e3-6503d1345ed1/opts
Oct 18 08:24:07 gtw01 dnsmasq[28028]: read /var/lib/neutron/dhcp/f5189145-a45b-4db7-a4e3-6503d1345ed1/addn_hosts - 3 addresses
Oct 18 08:24:07 gtw01 dnsmasq-dhcp[28028]: read /var/lib/neutron/dhcp/f5189145-a45b-4db7-a4e3-6503d1345ed1/host
Oct 18 08:24:07 gtw01 dnsmasq-dhcp[28028]: read /var/lib/neutron/dhcp/f5189145-a45b-4db7-a4e3-6503d1345ed1/opts
Oct 18 08:24:08 gtw01 kernel: [ 3073.773469] device tap8ecf6f49-c5 left promiscuous mode
Oct 18 08:24:11 gtw01 dnsmasq[27112]: read /var/lib/neutron/dhcp/eb4f2b78-926d-4650-a396-7a77e6a3dcd4/addn_hosts - 1 addresses
Oct 18 08:24:11 gtw01 dnsmasq-dhcp[27112]: read /var/lib/neutron/dhcp/eb4f2b78-926d-4650-a396-7a77e6a3dcd4/host
Oct 18 08:24:11 gtw01 dnsmasq-dhcp[27112]: read /var/lib/neutron/dhcp/eb4f2b78-926d-4650-a396-7a77e6a3dcd4/opts
Oct 18 08:24:12 gtw01 dnsmasq[27410]: read /var/lib/neutron/dhcp/8930ff89-ef76-41f0-9cb9-42821613d1f9/addn_hosts - 1 addresses
Oct 18 08:24:12 gtw01 dnsmasq-dhcp[27410]: read /var/lib/neutron/dhcp/8930ff89-ef76-41f0-9cb9-42821613d1f9/host
Oct 18 08:24:12 gtw01 dnsmasq-dhcp[27410]: read /var/lib/neutron/dhcp/8930ff89-ef76-41f0-9cb9-42821613d1f9/opts
Oct 18 08:24:13 gtw01 kernel: [ 3078.925314] device tap810dd31e-30 left promiscuous mode
Oct 18 08:24:16 gtw01 kernel: [ 3081.195419] device tap47c9d924-b1 left promiscuous mode
Oct 18 08:24:18 gtw01 kernel: [ 3082.999465] device tapf7dca776-4e entered promiscuous mode
Oct 18 08:24:18 gtw01 systemd-udevd[28195]: Could not generate persistent MAC address for tapf7dca776-4e: No such file or directory
Oct 18 08:24:18 gtw01 systemd-udevd[28264]: Process '/sbin/ip link set tapf7dca776-4e txqueuelen 10000' failed with exit code 1.
Oct 18 08:24:18 gtw01 kernel: [ 3083.450887] device tap036ef923-f7 entered promiscuous mode
Oct 18 08:24:18 gtw01 systemd-udevd[28291]: Could not generate persistent MAC address for tap036ef923-f7: No such file or directory
Oct 18 08:24:18 gtw01 systemd-udevd[28291]: Process '/sbin/ip link set tap036ef923-f7 txqueuelen 10000' failed with exit code 1.
Oct 18 08:24:18 gtw01 systemd-udevd[28366]: Process '/sbin/ip link set tap036ef923-f7 txqueuelen 10000' failed with exit code 1.
Oct 18 08:24:21 gtw01 kernel: [ 3086.131407] device tapf58ab2f0-32 entered promiscuous mode
Oct 18 08:24:21 gtw01 systemd-udevd[28465]: Could not generate persistent MAC address for tapf58ab2f0-32: No such file or directory
Oct 18 08:24:21 gtw01 systemd-udevd[28465]: Process '/sbin/ip link set tapf58ab2f0-32 txqueuelen 10000' failed with exit code 1.
Oct 18 08:24:22 gtw01 dnsmasq[28572]: started, version 2.80 cachesize 150
Oct 18 08:24:22 gtw01 dnsmasq[28572]: DNS service limited to local subnets
Oct 18 08:24:22 gtw01 dnsmasq[28572]: compile time options: IPv6 GNU-getopt DBus i18n IDN DHCP DHCPv6 no-Lua TFTP conntrack ipset auth DNSSEC loop-detect inotify dumpfile
Oct 18 08:24:22 gtw01 dnsmasq[28572]: warning: no upstream servers configured
Oct 18 08:24:22 gtw01 dnsmasq-dhcp[28572]: DHCP, static leases only on 192.168.120.0, lease time 1h
Oct 18 08:24:22 gtw01 dnsmasq[28572]: read /var/lib/neutron/dhcp/6a936c39-d580-4922-908e-4119db0fb12a/addn_hosts - 1 addresses
Oct 18 08:24:22 gtw01 dnsmasq-dhcp[28572]: read /var/lib/neutron/dhcp/6a936c39-d580-4922-908e-4119db0fb12a/host
Oct 18 08:24:22 gtw01 dnsmasq-dhcp[28572]: read /var/lib/neutron/dhcp/6a936c39-d580-4922-908e-4119db0fb12a/opts
Oct 18 08:24:22 gtw01 haproxy-metadata-proxy-6a936c39-d580-4922-908e-4119db0fb12a[28580]: Proxy listener started.
Oct 18 08:24:22 gtw01 dnsmasq[28590]: started, version 2.80 cachesize 150
Oct 18 08:24:22 gtw01 dnsmasq[28590]: DNS service limited to local subnets
Oct 18 08:24:22 gtw01 dnsmasq[28590]: compile time options: IPv6 GNU-getopt DBus i18n IDN DHCP DHCPv6 no-Lua TFTP conntrack ipset auth DNSSEC loop-detect inotify dumpfile
Oct 18 08:24:22 gtw01 dnsmasq[28590]: warning: no upstream servers configured
Oct 18 08:24:22 gtw01 dnsmasq-dhcp[28590]: DHCP, static leases only on 192.168.120.16, lease time 1h
Oct 18 08:24:22 gtw01 dnsmasq[28590]: read /var/lib/neutron/dhcp/2af6c661-6b16-4e7f-beef-50504d7f9e00/addn_hosts - 1 addresses
Oct 18 08:24:22 gtw01 dnsmasq-dhcp[28590]: read /var/lib/neutron/dhcp/2af6c661-6b16-4e7f-beef-50504d7f9e00/host
Oct 18 08:24:22 gtw01 dnsmasq-dhcp[28590]: read /var/lib/neutron/dhcp/2af6c661-6b16-4e7f-beef-50504d7f9e00/opts
Oct 18 08:24:22 gtw01 haproxy-metadata-proxy-2af6c661-6b16-4e7f-beef-50504d7f9e00[28603]: Proxy listener started.
Oct 18 08:24:23 gtw01 kernel: [ 3088.350488] device tap6cb83cfc-ef entered promiscuous mode
Oct 18 08:24:23 gtw01 systemd-udevd[28631]: Could not generate persistent MAC address for tap6cb83cfc-ef: No such file or directory
Oct 18 08:24:23 gtw01 dnsmasq[28572]: read /var/lib/neutron/dhcp/6a936c39-d580-4922-908e-4119db0fb12a/addn_hosts - 1 addresses
Oct 18 08:24:23 gtw01 dnsmasq-dhcp[28572]: read /var/lib/neutron/dhcp/6a936c39-d580-4922-908e-4119db0fb12a/host
Oct 18 08:24:23 gtw01 dnsmasq-dhcp[28572]: read /var/lib/neutron/dhcp/6a936c39-d580-4922-908e-4119db0fb12a/opts
Oct 18 08:24:23 gtw01 systemd-udevd[28710]: Process '/sbin/ip link set tap6cb83cfc-ef txqueuelen 10000' failed with exit code 1.
Oct 18 08:24:24 gtw01 dnsmasq[28590]: read /var/lib/neutron/dhcp/2af6c661-6b16-4e7f-beef-50504d7f9e00/addn_hosts - 1 addresses
Oct 18 08:24:24 gtw01 dnsmasq-dhcp[28590]: read /var/lib/neutron/dhcp/2af6c661-6b16-4e7f-beef-50504d7f9e00/host
Oct 18 08:24:24 gtw01 dnsmasq-dhcp[28590]: read /var/lib/neutron/dhcp/2af6c661-6b16-4e7f-beef-50504d7f9e00/opts
Oct 18 08:24:25 gtw01 dnsmasq[28572]: read /var/lib/neutron/dhcp/6a936c39-d580-4922-908e-4119db0fb12a/addn_hosts - 1 addresses
Oct 18 08:24:25 gtw01 dnsmasq-dhcp[28572]: read /var/lib/neutron/dhcp/6a936c39-d580-4922-908e-4119db0fb12a/host
Oct 18 08:24:25 gtw01 dnsmasq-dhcp[28572]: read /var/lib/neutron/dhcp/6a936c39-d580-4922-908e-4119db0fb12a/opts
Oct 18 08:24:25 gtw01 kernel: [ 3090.959069] device tap66ffdf87-6c entered promiscuous mode
Oct 18 08:24:25 gtw01 systemd-udevd[28812]: Could not generate persistent MAC address for tap66ffdf87-6c: No such file or directory
Oct 18 08:24:26 gtw01 systemd-udevd[28882]: Process '/sbin/ip link set tap66ffdf87-6c txqueuelen 10000' failed with exit code 1.
Oct 18 08:24:26 gtw01 dnsmasq[28590]: read /var/lib/neutron/dhcp/2af6c661-6b16-4e7f-beef-50504d7f9e00/addn_hosts - 1 addresses
Oct 18 08:24:26 gtw01 dnsmasq-dhcp[28590]: read /var/lib/neutron/dhcp/2af6c661-6b16-4e7f-beef-50504d7f9e00/host
Oct 18 08:24:26 gtw01 dnsmasq-dhcp[28590]: read /var/lib/neutron/dhcp/2af6c661-6b16-4e7f-beef-50504d7f9e00/opts
Oct 18 08:24:26 gtw01 dnsmasq[28919]: started, version 2.80 cachesize 150
Oct 18 08:24:26 gtw01 dnsmasq[28919]: DNS service limited to local subnets
Oct 18 08:24:26 gtw01 dnsmasq[28919]: compile time options: IPv6 GNU-getopt DBus i18n IDN DHCP DHCPv6 no-Lua TFTP conntrack ipset auth DNSSEC loop-detect inotify dumpfile
Oct 18 08:24:26 gtw01 dnsmasq[28919]: warning: no upstream servers configured
Oct 18 08:24:26 gtw01 dnsmasq-dhcp[28919]: DHCP, static leases only on 192.168.120.32, lease time 1h
Oct 18 08:24:26 gtw01 dnsmasq[28919]: read /var/lib/neutron/dhcp/f7c3e486-b765-4750-809f-6b4b2fff4e2e/addn_hosts - 1 addresses
Oct 18 08:24:26 gtw01 dnsmasq-dhcp[28919]: read /var/lib/neutron/dhcp/f7c3e486-b765-4750-809f-6b4b2fff4e2e/host
Oct 18 08:24:26 gtw01 dnsmasq-dhcp[28919]: read /var/lib/neutron/dhcp/f7c3e486-b765-4750-809f-6b4b2fff4e2e/opts
Oct 18 08:24:27 gtw01 haproxy-metadata-proxy-f7c3e486-b765-4750-809f-6b4b2fff4e2e[28936]: Proxy listener started.
Oct 18 08:24:27 gtw01 kernel: [ 3092.786890] device tapf7dca776-4e left promiscuous mode
Oct 18 08:24:28 gtw01 dnsmasq[28919]: read /var/lib/neutron/dhcp/f7c3e486-b765-4750-809f-6b4b2fff4e2e/addn_hosts - 1 addresses
Oct 18 08:24:28 gtw01 dnsmasq-dhcp[28919]: read /var/lib/neutron/dhcp/f7c3e486-b765-4750-809f-6b4b2fff4e2e/host
Oct 18 08:24:28 gtw01 dnsmasq-dhcp[28919]: read /var/lib/neutron/dhcp/f7c3e486-b765-4750-809f-6b4b2fff4e2e/opts
Oct 18 08:24:28 gtw01 kernel: [ 3093.866539] device tap036ef923-f7 left promiscuous mode
Oct 18 08:24:29 gtw01 dnsmasq[29029]: started, version 2.80 cachesize 150
Oct 18 08:24:29 gtw01 dnsmasq[29029]: DNS service limited to local subnets
Oct 18 08:24:29 gtw01 dnsmasq[29029]: compile time options: IPv6 GNU-getopt DBus i18n IDN DHCP DHCPv6 no-Lua TFTP conntrack ipset auth DNSSEC loop-detect inotify dumpfile
Oct 18 08:24:29 gtw01 dnsmasq[29029]: warning: no upstream servers configured
Oct 18 08:24:29 gtw01 dnsmasq-dhcp[29029]: DHCP, static leases only on 192.168.120.48, lease time 1h
Oct 18 08:24:29 gtw01 dnsmasq[29029]: read /var/lib/neutron/dhcp/5371d604-cc36-4994-b2ff-9146dfd548bf/addn_hosts - 1 addresses
Oct 18 08:24:29 gtw01 dnsmasq-dhcp[29029]: read /var/lib/neutron/dhcp/5371d604-cc36-4994-b2ff-9146dfd548bf/host
Oct 18 08:24:29 gtw01 dnsmasq-dhcp[29029]: read /var/lib/neutron/dhcp/5371d604-cc36-4994-b2ff-9146dfd548bf/opts
Oct 18 08:24:29 gtw01 dnsmasq[28919]: read /var/lib/neutron/dhcp/f7c3e486-b765-4750-809f-6b4b2fff4e2e/addn_hosts - 1 addresses
Oct 18 08:24:29 gtw01 dnsmasq-dhcp[28919]: read /var/lib/neutron/dhcp/f7c3e486-b765-4750-809f-6b4b2fff4e2e/host
Oct 18 08:24:29 gtw01 dnsmasq-dhcp[28919]: read /var/lib/neutron/dhcp/f7c3e486-b765-4750-809f-6b4b2fff4e2e/opts
Oct 18 08:24:29 gtw01 haproxy-metadata-proxy-5371d604-cc36-4994-b2ff-9146dfd548bf[29039]: Proxy listener started.
Oct 18 08:24:30 gtw01 dnsmasq[29029]: read /var/lib/neutron/dhcp/5371d604-cc36-4994-b2ff-9146dfd548bf/addn_hosts - 1 addresses
Oct 18 08:24:30 gtw01 dnsmasq-dhcp[29029]: read /var/lib/neutron/dhcp/5371d604-cc36-4994-b2ff-9146dfd548bf/host
Oct 18 08:24:30 gtw01 dnsmasq-dhcp[29029]: read /var/lib/neutron/dhcp/5371d604-cc36-4994-b2ff-9146dfd548bf/opts
Oct 18 08:24:30 gtw01 dnsmasq[29074]: started, version 2.80 cachesize 150
Oct 18 08:24:30 gtw01 dnsmasq[29074]: DNS service limited to local subnets
Oct 18 08:24:30 gtw01 dnsmasq[29074]: compile time options: IPv6 GNU-getopt DBus i18n IDN DHCP DHCPv6 no-Lua TFTP conntrack ipset auth DNSSEC loop-detect inotify dumpfile
Oct 18 08:24:30 gtw01 dnsmasq[29074]: warning: no upstream servers configured
Oct 18 08:24:30 gtw01 dnsmasq-dhcp[29074]: DHCP, static leases only on 192.168.120.64, lease time 1h
Oct 18 08:24:30 gtw01 dnsmasq[29074]: read /var/lib/neutron/dhcp/ad2a082c-ad20-4b5f-a352-e841bd03320b/addn_hosts - 1 addresses
Oct 18 08:24:30 gtw01 dnsmasq-dhcp[29074]: read /var/lib/neutron/dhcp/ad2a082c-ad20-4b5f-a352-e841bd03320b/host
Oct 18 08:24:30 gtw01 dnsmasq-dhcp[29074]: read /var/lib/neutron/dhcp/ad2a082c-ad20-4b5f-a352-e841bd03320b/opts
Oct 18 08:24:31 gtw01 haproxy-metadata-proxy-ad2a082c-ad20-4b5f-a352-e841bd03320b[29086]: Proxy listener started.
Oct 18 08:24:31 gtw01 kernel: [ 3096.188235] device tapf58ab2f0-32 left promiscuous mode
Oct 18 08:24:31 gtw01 dnsmasq[29029]: read /var/lib/neutron/dhcp/5371d604-cc36-4994-b2ff-9146dfd548bf/addn_hosts - 1 addresses
Oct 18 08:24:31 gtw01 dnsmasq-dhcp[29029]: read /var/lib/neutron/dhcp/5371d604-cc36-4994-b2ff-9146dfd548bf/host
Oct 18 08:24:31 gtw01 dnsmasq-dhcp[29029]: read /var/lib/neutron/dhcp/5371d604-cc36-4994-b2ff-9146dfd548bf/opts
Oct 18 08:24:32 gtw01 dnsmasq[29074]: read /var/lib/neutron/dhcp/ad2a082c-ad20-4b5f-a352-e841bd03320b/addn_hosts - 1 addresses
Oct 18 08:24:32 gtw01 dnsmasq-dhcp[29074]: read /var/lib/neutron/dhcp/ad2a082c-ad20-4b5f-a352-e841bd03320b/host
Oct 18 08:24:32 gtw01 dnsmasq-dhcp[29074]: read /var/lib/neutron/dhcp/ad2a082c-ad20-4b5f-a352-e841bd03320b/opts
Oct 18 08:24:32 gtw01 kernel: [ 3097.937222] device tap6cb83cfc-ef left promiscuous mode
Oct 18 08:24:33 gtw01 dnsmasq[29074]: read /var/lib/neutron/dhcp/ad2a082c-ad20-4b5f-a352-e841bd03320b/addn_hosts - 1 addresses
Oct 18 08:24:33 gtw01 dnsmasq-dhcp[29074]: read /var/lib/neutron/dhcp/ad2a082c-ad20-4b5f-a352-e841bd03320b/host
Oct 18 08:24:33 gtw01 dnsmasq-dhcp[29074]: read /var/lib/neutron/dhcp/ad2a082c-ad20-4b5f-a352-e841bd03320b/opts
Oct 18 08:24:33 gtw01 dnsmasq[29074]: read /var/lib/neutron/dhcp/ad2a082c-ad20-4b5f-a352-e841bd03320b/addn_hosts - 1 addresses
Oct 18 08:24:33 gtw01 dnsmasq-dhcp[29074]: read /var/lib/neutron/dhcp/ad2a082c-ad20-4b5f-a352-e841bd03320b/host
Oct 18 08:24:33 gtw01 dnsmasq-dhcp[29074]: read /var/lib/neutron/dhcp/ad2a082c-ad20-4b5f-a352-e841bd03320b/opts
Oct 18 08:24:35 gtw01 kernel: [ 3100.181272] device tap66ffdf87-6c left promiscuous mode
Oct 18 08:24:36 gtw01 kernel: [ 3101.281658] device tap65fc5924-4a entered promiscuous mode
Oct 18 08:24:36 gtw01 systemd-udevd[29197]: Could not generate persistent MAC address for tap65fc5924-4a: No such file or directory
Oct 18 08:24:36 gtw01 systemd-udevd[29197]: Process '/sbin/ip link set tap65fc5924-4a txqueuelen 10000' failed with exit code 1.
Oct 18 08:24:36 gtw01 systemd-udevd[29197]: Process '/sbin/ip link set tap65fc5924-4a txqueuelen 10000' failed with exit code 1.
Oct 18 08:24:39 gtw01 dnsmasq[29331]: started, version 2.80 cachesize 150
Oct 18 08:24:39 gtw01 dnsmasq[29331]: DNS service limited to local subnets
Oct 18 08:24:39 gtw01 dnsmasq[29331]: compile time options: IPv6 GNU-getopt DBus i18n IDN DHCP DHCPv6 no-Lua TFTP conntrack ipset auth DNSSEC loop-detect inotify dumpfile
Oct 18 08:24:39 gtw01 dnsmasq[29331]: warning: no upstream servers configured
Oct 18 08:24:39 gtw01 dnsmasq-dhcp[29331]: DHCP, static leases only on 192.168.120.0, lease time 1h
Oct 18 08:24:39 gtw01 dnsmasq[29331]: read /var/lib/neutron/dhcp/31ce2a4e-dcf3-44cb-83f2-b4713e78f84b/addn_hosts - 1 addresses
Oct 18 08:24:39 gtw01 dnsmasq-dhcp[29331]: read /var/lib/neutron/dhcp/31ce2a4e-dcf3-44cb-83f2-b4713e78f84b/host
Oct 18 08:24:39 gtw01 dnsmasq-dhcp[29331]: read /var/lib/neutron/dhcp/31ce2a4e-dcf3-44cb-83f2-b4713e78f84b/opts
Oct 18 08:24:39 gtw01 haproxy-metadata-proxy-31ce2a4e-dcf3-44cb-83f2-b4713e78f84b[29335]: Proxy listener started.
Oct 18 08:24:40 gtw01 dnsmasq[29331]: read /var/lib/neutron/dhcp/31ce2a4e-dcf3-44cb-83f2-b4713e78f84b/addn_hosts - 3 addresses
Oct 18 08:24:40 gtw01 dnsmasq-dhcp[29331]: read /var/lib/neutron/dhcp/31ce2a4e-dcf3-44cb-83f2-b4713e78f84b/host
Oct 18 08:24:40 gtw01 dnsmasq-dhcp[29331]: read /var/lib/neutron/dhcp/31ce2a4e-dcf3-44cb-83f2-b4713e78f84b/opts
Oct 18 08:24:41 gtw01 dnsmasq[29331]: read /var/lib/neutron/dhcp/31ce2a4e-dcf3-44cb-83f2-b4713e78f84b/addn_hosts - 3 addresses
Oct 18 08:24:41 gtw01 dnsmasq-dhcp[29331]: read /var/lib/neutron/dhcp/31ce2a4e-dcf3-44cb-83f2-b4713e78f84b/host
Oct 18 08:24:41 gtw01 dnsmasq-dhcp[29331]: read /var/lib/neutron/dhcp/31ce2a4e-dcf3-44cb-83f2-b4713e78f84b/opts
Oct 18 08:24:42 gtw01 dnsmasq[29331]: read /var/lib/neutron/dhcp/31ce2a4e-dcf3-44cb-83f2-b4713e78f84b/addn_hosts - 3 addresses
Oct 18 08:24:42 gtw01 dnsmasq-dhcp[29331]: read /var/lib/neutron/dhcp/31ce2a4e-dcf3-44cb-83f2-b4713e78f84b/host
Oct 18 08:24:42 gtw01 dnsmasq-dhcp[29331]: read /var/lib/neutron/dhcp/31ce2a4e-dcf3-44cb-83f2-b4713e78f84b/opts
Oct 18 08:24:43 gtw01 dnsmasq[29331]: read /var/lib/neutron/dhcp/31ce2a4e-dcf3-44cb-83f2-b4713e78f84b/addn_hosts - 3 addresses
Oct 18 08:24:43 gtw01 dnsmasq-dhcp[29331]: read /var/lib/neutron/dhcp/31ce2a4e-dcf3-44cb-83f2-b4713e78f84b/host
Oct 18 08:24:43 gtw01 dnsmasq-dhcp[29331]: read /var/lib/neutron/dhcp/31ce2a4e-dcf3-44cb-83f2-b4713e78f84b/opts
Oct 18 08:24:44 gtw01 dnsmasq[29331]: read /var/lib/neutron/dhcp/31ce2a4e-dcf3-44cb-83f2-b4713e78f84b/addn_hosts - 3 addresses
Oct 18 08:24:44 gtw01 dnsmasq-dhcp[29331]: read /var/lib/neutron/dhcp/31ce2a4e-dcf3-44cb-83f2-b4713e78f84b/host
Oct 18 08:24:44 gtw01 dnsmasq-dhcp[29331]: read /var/lib/neutron/dhcp/31ce2a4e-dcf3-44cb-83f2-b4713e78f84b/opts
Oct 18 08:24:45 gtw01 dnsmasq[29331]: read /var/lib/neutron/dhcp/31ce2a4e-dcf3-44cb-83f2-b4713e78f84b/addn_hosts - 4 addresses
Oct 18 08:24:45 gtw01 dnsmasq-dhcp[29331]: read /var/lib/neutron/dhcp/31ce2a4e-dcf3-44cb-83f2-b4713e78f84b/host
Oct 18 08:24:45 gtw01 dnsmasq-dhcp[29331]: read /var/lib/neutron/dhcp/31ce2a4e-dcf3-44cb-83f2-b4713e78f84b/opts
Oct 18 08:24:46 gtw01 dnsmasq[29331]: read /var/lib/neutron/dhcp/31ce2a4e-dcf3-44cb-83f2-b4713e78f84b/addn_hosts - 4 addresses
Oct 18 08:24:46 gtw01 dnsmasq-dhcp[29331]: read /var/lib/neutron/dhcp/31ce2a4e-dcf3-44cb-83f2-b4713e78f84b/host
Oct 18 08:24:46 gtw01 dnsmasq-dhcp[29331]: read /var/lib/neutron/dhcp/31ce2a4e-dcf3-44cb-83f2-b4713e78f84b/opts
Oct 18 08:25:03 gtw01 dnsmasq[29331]: read /var/lib/neutron/dhcp/31ce2a4e-dcf3-44cb-83f2-b4713e78f84b/addn_hosts - 3 addresses
Oct 18 08:25:03 gtw01 dnsmasq-dhcp[29331]: read /var/lib/neutron/dhcp/31ce2a4e-dcf3-44cb-83f2-b4713e78f84b/host
Oct 18 08:25:03 gtw01 dnsmasq-dhcp[29331]: read /var/lib/neutron/dhcp/31ce2a4e-dcf3-44cb-83f2-b4713e78f84b/opts
Oct 18 08:25:07 gtw01 dnsmasq[29331]: read /var/lib/neutron/dhcp/31ce2a4e-dcf3-44cb-83f2-b4713e78f84b/addn_hosts - 2 addresses
Oct 18 08:25:07 gtw01 dnsmasq-dhcp[29331]: read /var/lib/neutron/dhcp/31ce2a4e-dcf3-44cb-83f2-b4713e78f84b/host
Oct 18 08:25:07 gtw01 dnsmasq-dhcp[29331]: read /var/lib/neutron/dhcp/31ce2a4e-dcf3-44cb-83f2-b4713e78f84b/opts
Oct 18 08:25:08 gtw01 dnsmasq[29331]: read /var/lib/neutron/dhcp/31ce2a4e-dcf3-44cb-83f2-b4713e78f84b/addn_hosts - 1 addresses
Oct 18 08:25:08 gtw01 dnsmasq-dhcp[29331]: read /var/lib/neutron/dhcp/31ce2a4e-dcf3-44cb-83f2-b4713e78f84b/host
Oct 18 08:25:08 gtw01 dnsmasq-dhcp[29331]: read /var/lib/neutron/dhcp/31ce2a4e-dcf3-44cb-83f2-b4713e78f84b/opts
Oct 18 08:25:10 gtw01 kernel: [ 3135.722927] device tap65fc5924-4a left promiscuous mode
Oct 18 08:25:16 gtw01 kernel: [ 3141.849375] device tap37c6e7cb-0a entered promiscuous mode
Oct 18 08:25:16 gtw01 systemd-udevd[29528]: Could not generate persistent MAC address for tap37c6e7cb-0a: No such file or directory
Oct 18 08:25:16 gtw01 systemd-udevd[29528]: Process '/sbin/ip link set tap37c6e7cb-0a txqueuelen 10000' failed with exit code 1.
Oct 18 08:25:16 gtw01 systemd-udevd[29528]: Process '/sbin/ip link set tap37c6e7cb-0a txqueuelen 10000' failed with exit code 1.
Oct 18 08:25:20 gtw01 dnsmasq[29662]: started, version 2.80 cachesize 150
Oct 18 08:25:20 gtw01 dnsmasq[29662]: DNS service limited to local subnets
Oct 18 08:25:20 gtw01 dnsmasq[29662]: compile time options: IPv6 GNU-getopt DBus i18n IDN DHCP DHCPv6 no-Lua TFTP conntrack ipset auth DNSSEC loop-detect inotify dumpfile
Oct 18 08:25:20 gtw01 dnsmasq[29662]: warning: no upstream servers configured
Oct 18 08:25:20 gtw01 dnsmasq-dhcp[29662]: DHCP, static leases only on 192.168.120.0, lease time 1h
Oct 18 08:25:20 gtw01 dnsmasq[29662]: read /var/lib/neutron/dhcp/85a99017-84cd-4a5b-ab88-4bb5b2431e40/addn_hosts - 1 addresses
Oct 18 08:25:20 gtw01 dnsmasq-dhcp[29662]: read /var/lib/neutron/dhcp/85a99017-84cd-4a5b-ab88-4bb5b2431e40/host
Oct 18 08:25:20 gtw01 dnsmasq-dhcp[29662]: read /var/lib/neutron/dhcp/85a99017-84cd-4a5b-ab88-4bb5b2431e40/opts
Oct 18 08:25:20 gtw01 haproxy-metadata-proxy-85a99017-84cd-4a5b-ab88-4bb5b2431e40[29666]: Proxy listener started.
Oct 18 08:25:21 gtw01 dnsmasq[29662]: read /var/lib/neutron/dhcp/85a99017-84cd-4a5b-ab88-4bb5b2431e40/addn_hosts - 5 addresses
Oct 18 08:25:21 gtw01 dnsmasq-dhcp[29662]: read /var/lib/neutron/dhcp/85a99017-84cd-4a5b-ab88-4bb5b2431e40/host
Oct 18 08:25:21 gtw01 dnsmasq-dhcp[29662]: read /var/lib/neutron/dhcp/85a99017-84cd-4a5b-ab88-4bb5b2431e40/opts
Oct 18 08:25:22 gtw01 dnsmasq[29662]: read /var/lib/neutron/dhcp/85a99017-84cd-4a5b-ab88-4bb5b2431e40/addn_hosts - 5 addresses
Oct 18 08:25:22 gtw01 dnsmasq-dhcp[29662]: read /var/lib/neutron/dhcp/85a99017-84cd-4a5b-ab88-4bb5b2431e40/host
Oct 18 08:25:22 gtw01 dnsmasq-dhcp[29662]: read /var/lib/neutron/dhcp/85a99017-84cd-4a5b-ab88-4bb5b2431e40/opts
Oct 18 08:25:23 gtw01 dnsmasq[29662]: read /var/lib/neutron/dhcp/85a99017-84cd-4a5b-ab88-4bb5b2431e40/addn_hosts - 5 addresses
Oct 18 08:25:23 gtw01 dnsmasq-dhcp[29662]: read /var/lib/neutron/dhcp/85a99017-84cd-4a5b-ab88-4bb5b2431e40/host
Oct 18 08:25:23 gtw01 dnsmasq-dhcp[29662]: read /var/lib/neutron/dhcp/85a99017-84cd-4a5b-ab88-4bb5b2431e40/opts
Oct 18 08:25:24 gtw01 dnsmasq[29662]: read /var/lib/neutron/dhcp/85a99017-84cd-4a5b-ab88-4bb5b2431e40/addn_hosts - 5 addresses
Oct 18 08:25:24 gtw01 dnsmasq-dhcp[29662]: read /var/lib/neutron/dhcp/85a99017-84cd-4a5b-ab88-4bb5b2431e40/host
Oct 18 08:25:24 gtw01 dnsmasq-dhcp[29662]: read /var/lib/neutron/dhcp/85a99017-84cd-4a5b-ab88-4bb5b2431e40/opts
Oct 18 08:25:25 gtw01 dnsmasq[29662]: read /var/lib/neutron/dhcp/85a99017-84cd-4a5b-ab88-4bb5b2431e40/addn_hosts - 5 addresses
Oct 18 08:25:25 gtw01 dnsmasq-dhcp[29662]: read /var/lib/neutron/dhcp/85a99017-84cd-4a5b-ab88-4bb5b2431e40/host
Oct 18 08:25:25 gtw01 dnsmasq-dhcp[29662]: read /var/lib/neutron/dhcp/85a99017-84cd-4a5b-ab88-4bb5b2431e40/opts
Oct 18 08:25:25 gtw01 kernel: [ 3150.483027] device tap75f85c9c-0d entered promiscuous mode
Oct 18 08:25:25 gtw01 systemd-udevd[29767]: Could not generate persistent MAC address for tap75f85c9c-0d: No such file or directory
Oct 18 08:25:25 gtw01 systemd-udevd[29836]: Process '/sbin/ip link set tap75f85c9c-0d txqueuelen 10000' failed with exit code 1.
Oct 18 08:25:26 gtw01 dnsmasq[29662]: read /var/lib/neutron/dhcp/85a99017-84cd-4a5b-ab88-4bb5b2431e40/addn_hosts - 5 addresses
Oct 18 08:25:26 gtw01 dnsmasq-dhcp[29662]: read /var/lib/neutron/dhcp/85a99017-84cd-4a5b-ab88-4bb5b2431e40/host
Oct 18 08:25:26 gtw01 dnsmasq-dhcp[29662]: read /var/lib/neutron/dhcp/85a99017-84cd-4a5b-ab88-4bb5b2431e40/opts
Oct 18 08:25:27 gtw01 dnsmasq[29662]: read /var/lib/neutron/dhcp/85a99017-84cd-4a5b-ab88-4bb5b2431e40/addn_hosts - 6 addresses
Oct 18 08:25:27 gtw01 dnsmasq-dhcp[29662]: read /var/lib/neutron/dhcp/85a99017-84cd-4a5b-ab88-4bb5b2431e40/host
Oct 18 08:25:27 gtw01 dnsmasq-dhcp[29662]: read /var/lib/neutron/dhcp/85a99017-84cd-4a5b-ab88-4bb5b2431e40/opts
Oct 18 08:25:28 gtw01 dnsmasq[29662]: read /var/lib/neutron/dhcp/85a99017-84cd-4a5b-ab88-4bb5b2431e40/addn_hosts - 7 addresses
Oct 18 08:25:28 gtw01 dnsmasq-dhcp[29662]: read /var/lib/neutron/dhcp/85a99017-84cd-4a5b-ab88-4bb5b2431e40/host
Oct 18 08:25:28 gtw01 dnsmasq-dhcp[29662]: read /var/lib/neutron/dhcp/85a99017-84cd-4a5b-ab88-4bb5b2431e40/opts
Oct 18 08:25:28 gtw01 dnsmasq[29950]: started, version 2.80 cachesize 150
Oct 18 08:25:28 gtw01 dnsmasq[29950]: DNS service limited to local subnets
Oct 18 08:25:28 gtw01 dnsmasq[29950]: compile time options: IPv6 GNU-getopt DBus i18n IDN DHCP DHCPv6 no-Lua TFTP conntrack ipset auth DNSSEC loop-detect inotify dumpfile
Oct 18 08:25:28 gtw01 dnsmasq[29950]: warning: no upstream servers configured
Oct 18 08:25:28 gtw01 dnsmasq-dhcp[29950]: DHCPv6, static leases only on 2003::, lease time 1h
Oct 18 08:25:28 gtw01 dnsmasq[29950]: read /var/lib/neutron/dhcp/aa6236f7-885f-4750-8dd6-2205d54a7a88/addn_hosts - 1 addresses
Oct 18 08:25:28 gtw01 dnsmasq-dhcp[29950]: read /var/lib/neutron/dhcp/aa6236f7-885f-4750-8dd6-2205d54a7a88/host
Oct 18 08:25:28 gtw01 dnsmasq-dhcp[29950]: read /var/lib/neutron/dhcp/aa6236f7-885f-4750-8dd6-2205d54a7a88/opts
Oct 18 08:25:29 gtw01 dnsmasq[29662]: read /var/lib/neutron/dhcp/85a99017-84cd-4a5b-ab88-4bb5b2431e40/addn_hosts - 7 addresses
Oct 18 08:25:29 gtw01 dnsmasq-dhcp[29662]: read /var/lib/neutron/dhcp/85a99017-84cd-4a5b-ab88-4bb5b2431e40/host
Oct 18 08:25:29 gtw01 dnsmasq-dhcp[29662]: read /var/lib/neutron/dhcp/85a99017-84cd-4a5b-ab88-4bb5b2431e40/opts
Oct 18 08:25:29 gtw01 dnsmasq[29950]: read /var/lib/neutron/dhcp/aa6236f7-885f-4750-8dd6-2205d54a7a88/addn_hosts - 5 addresses
Oct 18 08:25:29 gtw01 dnsmasq-dhcp[29950]: read /var/lib/neutron/dhcp/aa6236f7-885f-4750-8dd6-2205d54a7a88/host
Oct 18 08:25:29 gtw01 dnsmasq-dhcp[29950]: read /var/lib/neutron/dhcp/aa6236f7-885f-4750-8dd6-2205d54a7a88/opts
Oct 18 08:25:30 gtw01 dnsmasq[29662]: read /var/lib/neutron/dhcp/85a99017-84cd-4a5b-ab88-4bb5b2431e40/addn_hosts - 7 addresses
Oct 18 08:25:30 gtw01 dnsmasq-dhcp[29662]: read /var/lib/neutron/dhcp/85a99017-84cd-4a5b-ab88-4bb5b2431e40/host
Oct 18 08:25:30 gtw01 dnsmasq-dhcp[29662]: read /var/lib/neutron/dhcp/85a99017-84cd-4a5b-ab88-4bb5b2431e40/opts
Oct 18 08:25:30 gtw01 dnsmasq[29950]: read /var/lib/neutron/dhcp/aa6236f7-885f-4750-8dd6-2205d54a7a88/addn_hosts - 5 addresses
Oct 18 08:25:30 gtw01 dnsmasq-dhcp[29950]: read /var/lib/neutron/dhcp/aa6236f7-885f-4750-8dd6-2205d54a7a88/host
Oct 18 08:25:30 gtw01 dnsmasq-dhcp[29950]: read /var/lib/neutron/dhcp/aa6236f7-885f-4750-8dd6-2205d54a7a88/opts
Oct 18 08:25:31 gtw01 dnsmasq[29662]: read /var/lib/neutron/dhcp/85a99017-84cd-4a5b-ab88-4bb5b2431e40/addn_hosts - 7 addresses
Oct 18 08:25:31 gtw01 dnsmasq-dhcp[29662]: read /var/lib/neutron/dhcp/85a99017-84cd-4a5b-ab88-4bb5b2431e40/host
Oct 18 08:25:31 gtw01 dnsmasq-dhcp[29662]: read /var/lib/neutron/dhcp/85a99017-84cd-4a5b-ab88-4bb5b2431e40/opts
Oct 18 08:25:31 gtw01 dnsmasq[29950]: read /var/lib/neutron/dhcp/aa6236f7-885f-4750-8dd6-2205d54a7a88/addn_hosts - 5 addresses
Oct 18 08:25:31 gtw01 dnsmasq-dhcp[29950]: read /var/lib/neutron/dhcp/aa6236f7-885f-4750-8dd6-2205d54a7a88/host
Oct 18 08:25:31 gtw01 dnsmasq-dhcp[29950]: read /var/lib/neutron/dhcp/aa6236f7-885f-4750-8dd6-2205d54a7a88/opts
Oct 18 08:25:32 gtw01 dnsmasq[29662]: read /var/lib/neutron/dhcp/85a99017-84cd-4a5b-ab88-4bb5b2431e40/addn_hosts - 7 addresses
Oct 18 08:25:32 gtw01 dnsmasq-dhcp[29662]: read /var/lib/neutron/dhcp/85a99017-84cd-4a5b-ab88-4bb5b2431e40/host
Oct 18 08:25:32 gtw01 dnsmasq-dhcp[29662]: read /var/lib/neutron/dhcp/85a99017-84cd-4a5b-ab88-4bb5b2431e40/opts
Oct 18 08:25:32 gtw01 dnsmasq[29950]: read /var/lib/neutron/dhcp/aa6236f7-885f-4750-8dd6-2205d54a7a88/addn_hosts - 5 addresses
Oct 18 08:25:32 gtw01 dnsmasq-dhcp[29950]: read /var/lib/neutron/dhcp/aa6236f7-885f-4750-8dd6-2205d54a7a88/host
Oct 18 08:25:32 gtw01 dnsmasq-dhcp[29950]: read /var/lib/neutron/dhcp/aa6236f7-885f-4750-8dd6-2205d54a7a88/opts
Oct 18 08:25:33 gtw01 dnsmasq[29662]: read /var/lib/neutron/dhcp/85a99017-84cd-4a5b-ab88-4bb5b2431e40/addn_hosts - 6 addresses
Oct 18 08:25:33 gtw01 dnsmasq-dhcp[29662]: read /var/lib/neutron/dhcp/85a99017-84cd-4a5b-ab88-4bb5b2431e40/host
Oct 18 08:25:33 gtw01 dnsmasq-dhcp[29662]: read /var/lib/neutron/dhcp/85a99017-84cd-4a5b-ab88-4bb5b2431e40/opts
Oct 18 08:25:33 gtw01 kernel: [ 3158.426783] device tap63c21a38-2e entered promiscuous mode
Oct 18 08:25:33 gtw01 systemd-udevd[30112]: Could not generate persistent MAC address for tap63c21a38-2e: No such file or directory
Oct 18 08:25:33 gtw01 systemd-udevd[30112]: Process '/sbin/ip link set tap63c21a38-2e txqueuelen 10000' failed with exit code 1.
Oct 18 08:25:33 gtw01 systemd-udevd[30184]: Process '/sbin/ip link set tap63c21a38-2e txqueuelen 10000' failed with exit code 1.
Oct 18 08:25:33 gtw01 dnsmasq[29950]: read /var/lib/neutron/dhcp/aa6236f7-885f-4750-8dd6-2205d54a7a88/addn_hosts - 5 addresses
Oct 18 08:25:33 gtw01 dnsmasq-dhcp[29950]: read /var/lib/neutron/dhcp/aa6236f7-885f-4750-8dd6-2205d54a7a88/host
Oct 18 08:25:33 gtw01 dnsmasq-dhcp[29950]: read /var/lib/neutron/dhcp/aa6236f7-885f-4750-8dd6-2205d54a7a88/opts
Oct 18 08:25:34 gtw01 kernel: [ 3159.701020] device tap37c6e7cb-0a left promiscuous mode
Oct 18 08:25:34 gtw01 dnsmasq[29950]: read /var/lib/neutron/dhcp/aa6236f7-885f-4750-8dd6-2205d54a7a88/addn_hosts - 5 addresses
Oct 18 08:25:34 gtw01 dnsmasq-dhcp[29950]: read /var/lib/neutron/dhcp/aa6236f7-885f-4750-8dd6-2205d54a7a88/host
Oct 18 08:25:34 gtw01 dnsmasq-dhcp[29950]: read /var/lib/neutron/dhcp/aa6236f7-885f-4750-8dd6-2205d54a7a88/opts
Oct 18 08:25:35 gtw01 dnsmasq[29950]: read /var/lib/neutron/dhcp/aa6236f7-885f-4750-8dd6-2205d54a7a88/addn_hosts - 6 addresses
Oct 18 08:25:35 gtw01 dnsmasq-dhcp[29950]: read /var/lib/neutron/dhcp/aa6236f7-885f-4750-8dd6-2205d54a7a88/host
Oct 18 08:25:35 gtw01 dnsmasq-dhcp[29950]: read /var/lib/neutron/dhcp/aa6236f7-885f-4750-8dd6-2205d54a7a88/opts
Oct 18 08:25:36 gtw01 dnsmasq[29950]: read /var/lib/neutron/dhcp/aa6236f7-885f-4750-8dd6-2205d54a7a88/addn_hosts - 7 addresses
Oct 18 08:25:36 gtw01 dnsmasq-dhcp[29950]: read /var/lib/neutron/dhcp/aa6236f7-885f-4750-8dd6-2205d54a7a88/host
Oct 18 08:25:36 gtw01 dnsmasq-dhcp[29950]: read /var/lib/neutron/dhcp/aa6236f7-885f-4750-8dd6-2205d54a7a88/opts
Oct 18 08:25:37 gtw01 dnsmasq[30322]: started, version 2.80 cachesize 150
Oct 18 08:25:37 gtw01 dnsmasq[30322]: DNS service limited to local subnets
Oct 18 08:25:37 gtw01 dnsmasq[30322]: compile time options: IPv6 GNU-getopt DBus i18n IDN DHCP DHCPv6 no-Lua TFTP conntrack ipset auth DNSSEC loop-detect inotify dumpfile
Oct 18 08:25:37 gtw01 dnsmasq[30322]: warning: no upstream servers configured
Oct 18 08:25:37 gtw01 dnsmasq-dhcp[30322]: DHCP, static leases only on 192.168.120.0, lease time 1h
Oct 18 08:25:37 gtw01 dnsmasq[30322]: read /var/lib/neutron/dhcp/2f407990-357a-4b0d-b5bc-0ba5a9c41c4e/addn_hosts - 1 addresses
Oct 18 08:25:37 gtw01 dnsmasq-dhcp[30322]: read /var/lib/neutron/dhcp/2f407990-357a-4b0d-b5bc-0ba5a9c41c4e/host
Oct 18 08:25:37 gtw01 dnsmasq-dhcp[30322]: read /var/lib/neutron/dhcp/2f407990-357a-4b0d-b5bc-0ba5a9c41c4e/opts
Oct 18 08:25:37 gtw01 haproxy-metadata-proxy-2f407990-357a-4b0d-b5bc-0ba5a9c41c4e[30335]: Proxy listener started.
Oct 18 08:25:38 gtw01 kernel: [ 3163.007768] device tap7741402b-d0 entered promiscuous mode
Oct 18 08:25:38 gtw01 systemd-udevd[30354]: Could not generate persistent MAC address for tap7741402b-d0: No such file or directory
Oct 18 08:25:38 gtw01 systemd-udevd[30354]: Process '/sbin/ip link set tap7741402b-d0 txqueuelen 10000' failed with exit code 1.
Oct 18 08:25:38 gtw01 dnsmasq[29950]: read /var/lib/neutron/dhcp/aa6236f7-885f-4750-8dd6-2205d54a7a88/addn_hosts - 7 addresses
Oct 18 08:25:38 gtw01 dnsmasq-dhcp[29950]: read /var/lib/neutron/dhcp/aa6236f7-885f-4750-8dd6-2205d54a7a88/host
Oct 18 08:25:38 gtw01 dnsmasq-dhcp[29950]: read /var/lib/neutron/dhcp/aa6236f7-885f-4750-8dd6-2205d54a7a88/opts
Oct 18 08:25:38 gtw01 systemd-udevd[30426]: Process '/sbin/ip link set tap7741402b-d0 txqueuelen 10000' failed with exit code 1.
Oct 18 08:25:39 gtw01 dnsmasq[29950]: read /var/lib/neutron/dhcp/aa6236f7-885f-4750-8dd6-2205d54a7a88/addn_hosts - 7 addresses
Oct 18 08:25:39 gtw01 dnsmasq-dhcp[29950]: read /var/lib/neutron/dhcp/aa6236f7-885f-4750-8dd6-2205d54a7a88/host
Oct 18 08:25:39 gtw01 dnsmasq-dhcp[29950]: read /var/lib/neutron/dhcp/aa6236f7-885f-4750-8dd6-2205d54a7a88/opts
Oct 18 08:25:40 gtw01 dnsmasq[29950]: read /var/lib/neutron/dhcp/aa6236f7-885f-4750-8dd6-2205d54a7a88/addn_hosts - 7 addresses
Oct 18 08:25:40 gtw01 dnsmasq-dhcp[29950]: read /var/lib/neutron/dhcp/aa6236f7-885f-4750-8dd6-2205d54a7a88/host
Oct 18 08:25:40 gtw01 dnsmasq-dhcp[29950]: read /var/lib/neutron/dhcp/aa6236f7-885f-4750-8dd6-2205d54a7a88/opts
Oct 18 08:25:42 gtw01 dnsmasq[29950]: read /var/lib/neutron/dhcp/aa6236f7-885f-4750-8dd6-2205d54a7a88/addn_hosts - 7 addresses
Oct 18 08:25:42 gtw01 dnsmasq-dhcp[29950]: read /var/lib/neutron/dhcp/aa6236f7-885f-4750-8dd6-2205d54a7a88/host
Oct 18 08:25:42 gtw01 dnsmasq-dhcp[29950]: read /var/lib/neutron/dhcp/aa6236f7-885f-4750-8dd6-2205d54a7a88/opts
Oct 18 08:25:42 gtw01 dnsmasq[30585]: started, version 2.80 cachesize 150
Oct 18 08:25:42 gtw01 dnsmasq[30585]: DNS service limited to local subnets
Oct 18 08:25:42 gtw01 dnsmasq[30585]: compile time options: IPv6 GNU-getopt DBus i18n IDN DHCP DHCPv6 no-Lua TFTP conntrack ipset auth DNSSEC loop-detect inotify dumpfile
Oct 18 08:25:42 gtw01 dnsmasq[30585]: warning: no upstream servers configured
Oct 18 08:25:42 gtw01 dnsmasq-dhcp[30585]: DHCPv6, static leases only on 2003::, lease time 1h
Oct 18 08:25:42 gtw01 dnsmasq[30585]: read /var/lib/neutron/dhcp/326b0dcd-0592-4252-98e7-68a8631bbb33/addn_hosts - 1 addresses
Oct 18 08:25:42 gtw01 dnsmasq-dhcp[30585]: read /var/lib/neutron/dhcp/326b0dcd-0592-4252-98e7-68a8631bbb33/host
Oct 18 08:25:42 gtw01 dnsmasq-dhcp[30585]: read /var/lib/neutron/dhcp/326b0dcd-0592-4252-98e7-68a8631bbb33/opts
Oct 18 08:25:42 gtw01 dnsmasq[30589]: started, version 2.80 cachesize 150
Oct 18 08:25:42 gtw01 dnsmasq[30589]: DNS service limited to local subnets
Oct 18 08:25:42 gtw01 dnsmasq[30589]: compile time options: IPv6 GNU-getopt DBus i18n IDN DHCP DHCPv6 no-Lua TFTP conntrack ipset auth DNSSEC loop-detect inotify dumpfile
Oct 18 08:25:42 gtw01 dnsmasq[30589]: warning: no upstream servers configured
Oct 18 08:25:42 gtw01 dnsmasq-dhcp[30589]: DHCP, static leases only on 192.168.120.16, lease time 1h
Oct 18 08:25:42 gtw01 dnsmasq-dhcp[30589]: DHCP, static leases only on 192.168.120.0, lease time 1h
Oct 18 08:25:42 gtw01 dnsmasq[30589]: read /var/lib/neutron/dhcp/2f407990-357a-4b0d-b5bc-0ba5a9c41c4e/addn_hosts - 5 addresses
Oct 18 08:25:42 gtw01 dnsmasq-dhcp[30589]: read /var/lib/neutron/dhcp/2f407990-357a-4b0d-b5bc-0ba5a9c41c4e/host
Oct 18 08:25:42 gtw01 dnsmasq-dhcp[30589]: read /var/lib/neutron/dhcp/2f407990-357a-4b0d-b5bc-0ba5a9c41c4e/opts
Oct 18 08:25:42 gtw01 dnsmasq-dhcp[30589]: DHCPRELEASE(tap63c21a38-2e) 192.168.120.3 fa:16:3e:88:a5:80 unknown lease
Oct 18 08:25:42 gtw01 dnsmasq[30585]: read /var/lib/neutron/dhcp/326b0dcd-0592-4252-98e7-68a8631bbb33/addn_hosts - 3 addresses
Oct 18 08:25:42 gtw01 dnsmasq-dhcp[30585]: read /var/lib/neutron/dhcp/326b0dcd-0592-4252-98e7-68a8631bbb33/host
Oct 18 08:25:42 gtw01 dnsmasq-dhcp[30585]: read /var/lib/neutron/dhcp/326b0dcd-0592-4252-98e7-68a8631bbb33/opts
Oct 18 08:25:43 gtw01 dnsmasq-dhcp[30589]: DHCPRELEASE(tap63c21a38-2e) 192.168.120.4 fa:16:3e:88:a5:80
Oct 18 08:25:43 gtw01 kernel: [ 3168.223256] device tap75f85c9c-0d left promiscuous mode
Oct 18 08:25:43 gtw01 dnsmasq-dhcp[30589]: DHCPRELEASE(tap63c21a38-2e) 192.168.120.3 fa:16:3e:88:a5:80
Oct 18 08:25:44 gtw01 dnsmasq[30585]: read /var/lib/neutron/dhcp/326b0dcd-0592-4252-98e7-68a8631bbb33/addn_hosts - 3 addresses
Oct 18 08:25:44 gtw01 dnsmasq-dhcp[30585]: read /var/lib/neutron/dhcp/326b0dcd-0592-4252-98e7-68a8631bbb33/host
Oct 18 08:25:44 gtw01 dnsmasq-dhcp[30585]: read /var/lib/neutron/dhcp/326b0dcd-0592-4252-98e7-68a8631bbb33/opts
Oct 18 08:25:44 gtw01 dnsmasq[30589]: read /var/lib/neutron/dhcp/2f407990-357a-4b0d-b5bc-0ba5a9c41c4e/addn_hosts - 5 addresses
Oct 18 08:25:44 gtw01 dnsmasq-dhcp[30589]: read /var/lib/neutron/dhcp/2f407990-357a-4b0d-b5bc-0ba5a9c41c4e/host
Oct 18 08:25:44 gtw01 dnsmasq-dhcp[30589]: read /var/lib/neutron/dhcp/2f407990-357a-4b0d-b5bc-0ba5a9c41c4e/opts
Oct 18 08:25:45 gtw01 dnsmasq[30585]: read /var/lib/neutron/dhcp/326b0dcd-0592-4252-98e7-68a8631bbb33/addn_hosts - 3 addresses
Oct 18 08:25:45 gtw01 dnsmasq-dhcp[30585]: read /var/lib/neutron/dhcp/326b0dcd-0592-4252-98e7-68a8631bbb33/host
Oct 18 08:25:45 gtw01 dnsmasq-dhcp[30585]: read /var/lib/neutron/dhcp/326b0dcd-0592-4252-98e7-68a8631bbb33/opts
Oct 18 08:25:45 gtw01 dnsmasq-dhcp[30589]: DHCPRELEASE(tap63c21a38-2e) 192.168.120.6 fa:16:3e:c9:8b:8d
Oct 18 08:25:45 gtw01 dnsmasq[30585]: read /var/lib/neutron/dhcp/326b0dcd-0592-4252-98e7-68a8631bbb33/addn_hosts - 3 addresses
Oct 18 08:25:45 gtw01 dnsmasq-dhcp[30585]: read /var/lib/neutron/dhcp/326b0dcd-0592-4252-98e7-68a8631bbb33/host
Oct 18 08:25:45 gtw01 dnsmasq-dhcp[30585]: read /var/lib/neutron/dhcp/326b0dcd-0592-4252-98e7-68a8631bbb33/opts
Oct 18 08:25:46 gtw01 dnsmasq[30589]: read /var/lib/neutron/dhcp/2f407990-357a-4b0d-b5bc-0ba5a9c41c4e/addn_hosts - 3 addresses
Oct 18 08:25:46 gtw01 dnsmasq-dhcp[30589]: read /var/lib/neutron/dhcp/2f407990-357a-4b0d-b5bc-0ba5a9c41c4e/host
Oct 18 08:25:46 gtw01 dnsmasq-dhcp[30589]: read /var/lib/neutron/dhcp/2f407990-357a-4b0d-b5bc-0ba5a9c41c4e/opts
Oct 18 08:25:46 gtw01 dnsmasq[30585]: read /var/lib/neutron/dhcp/326b0dcd-0592-4252-98e7-68a8631bbb33/addn_hosts - 3 addresses
Oct 18 08:25:46 gtw01 dnsmasq-dhcp[30585]: read /var/lib/neutron/dhcp/326b0dcd-0592-4252-98e7-68a8631bbb33/host
Oct 18 08:25:46 gtw01 dnsmasq-dhcp[30585]: read /var/lib/neutron/dhcp/326b0dcd-0592-4252-98e7-68a8631bbb33/opts
Oct 18 08:25:47 gtw01 dnsmasq[30589]: read /var/lib/neutron/dhcp/2f407990-357a-4b0d-b5bc-0ba5a9c41c4e/addn_hosts - 4 addresses
Oct 18 08:25:47 gtw01 dnsmasq-dhcp[30589]: read /var/lib/neutron/dhcp/2f407990-357a-4b0d-b5bc-0ba5a9c41c4e/host
Oct 18 08:25:47 gtw01 dnsmasq-dhcp[30589]: read /var/lib/neutron/dhcp/2f407990-357a-4b0d-b5bc-0ba5a9c41c4e/opts
Oct 18 08:25:47 gtw01 dnsmasq[30585]: read /var/lib/neutron/dhcp/326b0dcd-0592-4252-98e7-68a8631bbb33/addn_hosts - 3 addresses
Oct 18 08:25:47 gtw01 dnsmasq-dhcp[30585]: read /var/lib/neutron/dhcp/326b0dcd-0592-4252-98e7-68a8631bbb33/host
Oct 18 08:25:47 gtw01 dnsmasq-dhcp[30585]: read /var/lib/neutron/dhcp/326b0dcd-0592-4252-98e7-68a8631bbb33/opts
Oct 18 08:25:48 gtw01 dnsmasq[30585]: read /var/lib/neutron/dhcp/326b0dcd-0592-4252-98e7-68a8631bbb33/addn_hosts - 3 addresses
Oct 18 08:25:48 gtw01 dnsmasq-dhcp[30585]: read /var/lib/neutron/dhcp/326b0dcd-0592-4252-98e7-68a8631bbb33/host
Oct 18 08:25:48 gtw01 dnsmasq-dhcp[30585]: read /var/lib/neutron/dhcp/326b0dcd-0592-4252-98e7-68a8631bbb33/opts
Oct 18 08:25:49 gtw01 dnsmasq[30585]: read /var/lib/neutron/dhcp/326b0dcd-0592-4252-98e7-68a8631bbb33/addn_hosts - 3 addresses
Oct 18 08:25:49 gtw01 dnsmasq-dhcp[30585]: read /var/lib/neutron/dhcp/326b0dcd-0592-4252-98e7-68a8631bbb33/host
Oct 18 08:25:49 gtw01 dnsmasq-dhcp[30585]: read /var/lib/neutron/dhcp/326b0dcd-0592-4252-98e7-68a8631bbb33/opts
Oct 18 08:25:50 gtw01 dnsmasq[30585]: read /var/lib/neutron/dhcp/326b0dcd-0592-4252-98e7-68a8631bbb33/addn_hosts - 3 addresses
Oct 18 08:25:50 gtw01 dnsmasq-dhcp[30585]: read /var/lib/neutron/dhcp/326b0dcd-0592-4252-98e7-68a8631bbb33/host
Oct 18 08:25:50 gtw01 dnsmasq-dhcp[30585]: read /var/lib/neutron/dhcp/326b0dcd-0592-4252-98e7-68a8631bbb33/opts
Oct 18 08:25:51 gtw01 dnsmasq[30859]: started, version 2.80 cachesize 150
Oct 18 08:25:51 gtw01 dnsmasq[30859]: DNS service limited to local subnets
Oct 18 08:25:51 gtw01 dnsmasq[30859]: compile time options: IPv6 GNU-getopt DBus i18n IDN DHCP DHCPv6 no-Lua TFTP conntrack ipset auth DNSSEC loop-detect inotify dumpfile
Oct 18 08:25:51 gtw01 dnsmasq[30859]: warning: no upstream servers configured
Oct 18 08:25:51 gtw01 dnsmasq-dhcp[30859]: DHCP, static leases only on 192.168.120.16, lease time 1h
Oct 18 08:25:51 gtw01 dnsmasq[30859]: read /var/lib/neutron/dhcp/2f407990-357a-4b0d-b5bc-0ba5a9c41c4e/addn_hosts - 1 addresses
Oct 18 08:25:51 gtw01 dnsmasq-dhcp[30859]: read /var/lib/neutron/dhcp/2f407990-357a-4b0d-b5bc-0ba5a9c41c4e/host
Oct 18 08:25:51 gtw01 dnsmasq-dhcp[30859]: read /var/lib/neutron/dhcp/2f407990-357a-4b0d-b5bc-0ba5a9c41c4e/opts
Oct 18 08:25:51 gtw01 kernel: [ 3176.769308] device tap63c21a38-2e left promiscuous mode
Oct 18 08:25:51 gtw01 dnsmasq[30585]: read /var/lib/neutron/dhcp/326b0dcd-0592-4252-98e7-68a8631bbb33/addn_hosts - 2 addresses
Oct 18 08:25:51 gtw01 dnsmasq-dhcp[30585]: read /var/lib/neutron/dhcp/326b0dcd-0592-4252-98e7-68a8631bbb33/host
Oct 18 08:25:51 gtw01 dnsmasq-dhcp[30585]: read /var/lib/neutron/dhcp/326b0dcd-0592-4252-98e7-68a8631bbb33/opts
Oct 18 08:25:52 gtw01 dnsmasq[30585]: read /var/lib/neutron/dhcp/326b0dcd-0592-4252-98e7-68a8631bbb33/addn_hosts - 1 addresses
Oct 18 08:25:52 gtw01 dnsmasq-dhcp[30585]: read /var/lib/neutron/dhcp/326b0dcd-0592-4252-98e7-68a8631bbb33/host
Oct 18 08:25:52 gtw01 dnsmasq-dhcp[30585]: read /var/lib/neutron/dhcp/326b0dcd-0592-4252-98e7-68a8631bbb33/opts
Oct 18 08:25:53 gtw01 systemd-udevd[30927]: Could not generate persistent MAC address for tap0a0823d3-26: No such file or directory
Oct 18 08:25:53 gtw01 kernel: [ 3178.485143] device tap0a0823d3-26 entered promiscuous mode
Oct 18 08:25:53 gtw01 systemd-udevd[30994]: Process '/sbin/ip link set tap0a0823d3-26 txqueuelen 10000' failed with exit code 1.
Oct 18 08:25:56 gtw01 dnsmasq[31072]: started, version 2.80 cachesize 150
Oct 18 08:25:56 gtw01 dnsmasq[31072]: DNS service limited to local subnets
Oct 18 08:25:56 gtw01 dnsmasq[31072]: compile time options: IPv6 GNU-getopt DBus i18n IDN DHCP DHCPv6 no-Lua TFTP conntrack ipset auth DNSSEC loop-detect inotify dumpfile
Oct 18 08:25:56 gtw01 dnsmasq[31072]: warning: no upstream servers configured
Oct 18 08:25:56 gtw01 dnsmasq-dhcp[31072]: DHCP, static leases only on 192.168.120.0, lease time 1h
Oct 18 08:25:56 gtw01 dnsmasq[31072]: read /var/lib/neutron/dhcp/ed7587b3-4e4a-474a-bf22-34912219a70c/addn_hosts - 1 addresses
Oct 18 08:25:56 gtw01 dnsmasq-dhcp[31072]: read /var/lib/neutron/dhcp/ed7587b3-4e4a-474a-bf22-34912219a70c/host
Oct 18 08:25:56 gtw01 dnsmasq-dhcp[31072]: read /var/lib/neutron/dhcp/ed7587b3-4e4a-474a-bf22-34912219a70c/opts
Oct 18 08:25:56 gtw01 kernel: [ 3181.894125] device tapd766f1d2-81 entered promiscuous mode
Oct 18 08:25:56 gtw01 systemd-udevd[31082]: Could not generate persistent MAC address for tapd766f1d2-81: No such file or directory
Oct 18 08:25:57 gtw01 systemd-udevd[31082]: Process '/sbin/ip link set tapd766f1d2-81 txqueuelen 10000' failed with exit code 1.
Oct 18 08:25:57 gtw01 haproxy-metadata-proxy-ed7587b3-4e4a-474a-bf22-34912219a70c[31163]: Proxy listener started.
Oct 18 08:25:57 gtw01 dnsmasq[31072]: read /var/lib/neutron/dhcp/ed7587b3-4e4a-474a-bf22-34912219a70c/addn_hosts - 2 addresses
Oct 18 08:25:57 gtw01 dnsmasq-dhcp[31072]: read /var/lib/neutron/dhcp/ed7587b3-4e4a-474a-bf22-34912219a70c/host
Oct 18 08:25:57 gtw01 dnsmasq-dhcp[31072]: read /var/lib/neutron/dhcp/ed7587b3-4e4a-474a-bf22-34912219a70c/opts
Oct 18 08:25:59 gtw01 kernel: [ 3184.006141] device tapd60bd224-ee entered promiscuous mode
Oct 18 08:25:59 gtw01 systemd-udevd[31236]: Could not generate persistent MAC address for tapd60bd224-ee: No such file or directory
Oct 18 08:25:59 gtw01 dnsmasq[31072]: read /var/lib/neutron/dhcp/ed7587b3-4e4a-474a-bf22-34912219a70c/addn_hosts - 2 addresses
Oct 18 08:25:59 gtw01 dnsmasq-dhcp[31072]: read /var/lib/neutron/dhcp/ed7587b3-4e4a-474a-bf22-34912219a70c/host
Oct 18 08:25:59 gtw01 dnsmasq-dhcp[31072]: read /var/lib/neutron/dhcp/ed7587b3-4e4a-474a-bf22-34912219a70c/opts
Oct 18 08:25:59 gtw01 systemd-udevd[31236]: Process '/sbin/ip link set tapd60bd224-ee txqueuelen 10000' failed with exit code 1.
Oct 18 08:26:00 gtw01 dnsmasq[31072]: read /var/lib/neutron/dhcp/ed7587b3-4e4a-474a-bf22-34912219a70c/addn_hosts - 2 addresses
Oct 18 08:26:00 gtw01 dnsmasq-dhcp[31072]: read /var/lib/neutron/dhcp/ed7587b3-4e4a-474a-bf22-34912219a70c/host
Oct 18 08:26:00 gtw01 dnsmasq-dhcp[31072]: read /var/lib/neutron/dhcp/ed7587b3-4e4a-474a-bf22-34912219a70c/opts
Oct 18 08:26:00 gtw01 dnsmasq[31384]: started, version 2.80 cachesize 150
Oct 18 08:26:00 gtw01 dnsmasq[31384]: DNS service limited to local subnets
Oct 18 08:26:00 gtw01 dnsmasq[31384]: compile time options: IPv6 GNU-getopt DBus i18n IDN DHCP DHCPv6 no-Lua TFTP conntrack ipset auth DNSSEC loop-detect inotify dumpfile
Oct 18 08:26:00 gtw01 dnsmasq[31384]: warning: no upstream servers configured
Oct 18 08:26:00 gtw01 dnsmasq-dhcp[31384]: DHCP, static leases only on 192.168.120.16, lease time 1h
Oct 18 08:26:00 gtw01 dnsmasq[31384]: read /var/lib/neutron/dhcp/de5bf977-bbf5-4e19-a0d7-b4e886d4505e/addn_hosts - 1 addresses
Oct 18 08:26:00 gtw01 dnsmasq-dhcp[31384]: read /var/lib/neutron/dhcp/de5bf977-bbf5-4e19-a0d7-b4e886d4505e/host
Oct 18 08:26:00 gtw01 dnsmasq-dhcp[31384]: read /var/lib/neutron/dhcp/de5bf977-bbf5-4e19-a0d7-b4e886d4505e/opts
Oct 18 08:26:01 gtw01 haproxy-metadata-proxy-de5bf977-bbf5-4e19-a0d7-b4e886d4505e[31395]: Proxy listener started.
Oct 18 08:26:01 gtw01 dnsmasq[31072]: read /var/lib/neutron/dhcp/ed7587b3-4e4a-474a-bf22-34912219a70c/addn_hosts - 2 addresses
Oct 18 08:26:01 gtw01 dnsmasq-dhcp[31072]: read /var/lib/neutron/dhcp/ed7587b3-4e4a-474a-bf22-34912219a70c/host
Oct 18 08:26:01 gtw01 dnsmasq-dhcp[31072]: read /var/lib/neutron/dhcp/ed7587b3-4e4a-474a-bf22-34912219a70c/opts
Oct 18 08:26:02 gtw01 dnsmasq[31384]: read /var/lib/neutron/dhcp/de5bf977-bbf5-4e19-a0d7-b4e886d4505e/addn_hosts - 2 addresses
Oct 18 08:26:02 gtw01 dnsmasq-dhcp[31384]: read /var/lib/neutron/dhcp/de5bf977-bbf5-4e19-a0d7-b4e886d4505e/host
Oct 18 08:26:02 gtw01 dnsmasq-dhcp[31384]: read /var/lib/neutron/dhcp/de5bf977-bbf5-4e19-a0d7-b4e886d4505e/opts
Oct 18 08:26:03 gtw01 dnsmasq[31462]: started, version 2.80 cachesize 150
Oct 18 08:26:03 gtw01 dnsmasq[31462]: DNS service limited to local subnets
Oct 18 08:26:03 gtw01 dnsmasq[31462]: compile time options: IPv6 GNU-getopt DBus i18n IDN DHCP DHCPv6 no-Lua TFTP conntrack ipset auth DNSSEC loop-detect inotify dumpfile
Oct 18 08:26:03 gtw01 dnsmasq[31462]: warning: no upstream servers configured
Oct 18 08:26:03 gtw01 dnsmasq-dhcp[31462]: DHCPv6, static leases only on 2003:0:0:1::, lease time 1h
Oct 18 08:26:03 gtw01 dnsmasq[31462]: read /var/lib/neutron/dhcp/4bdd855f-467f-4b74-b047-c2a97477871e/addn_hosts - 1 addresses
Oct 18 08:26:03 gtw01 dnsmasq-dhcp[31462]: read /var/lib/neutron/dhcp/4bdd855f-467f-4b74-b047-c2a97477871e/host
Oct 18 08:26:03 gtw01 dnsmasq-dhcp[31462]: read /var/lib/neutron/dhcp/4bdd855f-467f-4b74-b047-c2a97477871e/opts
Oct 18 08:26:03 gtw01 dnsmasq[31384]: read /var/lib/neutron/dhcp/de5bf977-bbf5-4e19-a0d7-b4e886d4505e/addn_hosts - 2 addresses
Oct 18 08:26:03 gtw01 dnsmasq-dhcp[31384]: read /var/lib/neutron/dhcp/de5bf977-bbf5-4e19-a0d7-b4e886d4505e/host
Oct 18 08:26:03 gtw01 dnsmasq-dhcp[31384]: read /var/lib/neutron/dhcp/de5bf977-bbf5-4e19-a0d7-b4e886d4505e/opts
Oct 18 08:26:03 gtw01 dnsmasq[31462]: read /var/lib/neutron/dhcp/4bdd855f-467f-4b74-b047-c2a97477871e/addn_hosts - 2 addresses
Oct 18 08:26:03 gtw01 dnsmasq-dhcp[31462]: read /var/lib/neutron/dhcp/4bdd855f-467f-4b74-b047-c2a97477871e/host
Oct 18 08:26:03 gtw01 dnsmasq-dhcp[31462]: read /var/lib/neutron/dhcp/4bdd855f-467f-4b74-b047-c2a97477871e/opts
Oct 18 08:26:04 gtw01 dnsmasq[31384]: read /var/lib/neutron/dhcp/de5bf977-bbf5-4e19-a0d7-b4e886d4505e/addn_hosts - 2 addresses
Oct 18 08:26:04 gtw01 dnsmasq-dhcp[31384]: read /var/lib/neutron/dhcp/de5bf977-bbf5-4e19-a0d7-b4e886d4505e/host
Oct 18 08:26:04 gtw01 dnsmasq-dhcp[31384]: read /var/lib/neutron/dhcp/de5bf977-bbf5-4e19-a0d7-b4e886d4505e/opts
Oct 18 08:26:04 gtw01 dnsmasq[31462]: read /var/lib/neutron/dhcp/4bdd855f-467f-4b74-b047-c2a97477871e/addn_hosts - 2 addresses
Oct 18 08:26:04 gtw01 dnsmasq-dhcp[31462]: read /var/lib/neutron/dhcp/4bdd855f-467f-4b74-b047-c2a97477871e/host
Oct 18 08:26:04 gtw01 dnsmasq-dhcp[31462]: read /var/lib/neutron/dhcp/4bdd855f-467f-4b74-b047-c2a97477871e/opts
Oct 18 08:26:05 gtw01 dnsmasq[31384]: read /var/lib/neutron/dhcp/de5bf977-bbf5-4e19-a0d7-b4e886d4505e/addn_hosts - 2 addresses
Oct 18 08:26:05 gtw01 dnsmasq-dhcp[31384]: read /var/lib/neutron/dhcp/de5bf977-bbf5-4e19-a0d7-b4e886d4505e/host
Oct 18 08:26:05 gtw01 dnsmasq-dhcp[31384]: read /var/lib/neutron/dhcp/de5bf977-bbf5-4e19-a0d7-b4e886d4505e/opts
Oct 18 08:26:05 gtw01 dnsmasq[31462]: read /var/lib/neutron/dhcp/4bdd855f-467f-4b74-b047-c2a97477871e/addn_hosts - 2 addresses
Oct 18 08:26:05 gtw01 dnsmasq-dhcp[31462]: read /var/lib/neutron/dhcp/4bdd855f-467f-4b74-b047-c2a97477871e/host
Oct 18 08:26:05 gtw01 dnsmasq-dhcp[31462]: read /var/lib/neutron/dhcp/4bdd855f-467f-4b74-b047-c2a97477871e/opts
Oct 18 08:26:06 gtw01 kernel: [ 3191.170756] device tapf83fd7fb-b7 entered promiscuous mode
Oct 18 08:26:06 gtw01 systemd-udevd[31570]: Could not generate persistent MAC address for tapf83fd7fb-b7: No such file or directory
Oct 18 08:26:06 gtw01 systemd-udevd[31570]: Process '/sbin/ip link set tapf83fd7fb-b7 txqueuelen 10000' failed with exit code 1.
Oct 18 08:26:06 gtw01 systemd-udevd[31570]: Process '/sbin/ip link set tapf83fd7fb-b7 txqueuelen 10000' failed with exit code 1.
Oct 18 08:26:07 gtw01 dnsmasq[31462]: read /var/lib/neutron/dhcp/4bdd855f-467f-4b74-b047-c2a97477871e/addn_hosts - 2 addresses
Oct 18 08:26:07 gtw01 dnsmasq-dhcp[31462]: read /var/lib/neutron/dhcp/4bdd855f-467f-4b74-b047-c2a97477871e/host
Oct 18 08:26:07 gtw01 dnsmasq-dhcp[31462]: read /var/lib/neutron/dhcp/4bdd855f-467f-4b74-b047-c2a97477871e/opts
Oct 18 08:26:08 gtw01 dnsmasq[31462]: read /var/lib/neutron/dhcp/4bdd855f-467f-4b74-b047-c2a97477871e/addn_hosts - 2 addresses
Oct 18 08:26:08 gtw01 dnsmasq-dhcp[31462]: read /var/lib/neutron/dhcp/4bdd855f-467f-4b74-b047-c2a97477871e/host
Oct 18 08:26:08 gtw01 dnsmasq-dhcp[31462]: read /var/lib/neutron/dhcp/4bdd855f-467f-4b74-b047-c2a97477871e/opts
Oct 18 08:26:08 gtw01 systemd-udevd[31744]: Could not generate persistent MAC address for tap1ce527b2-98: No such file or directory
Oct 18 08:26:08 gtw01 kernel: [ 3193.662072] device tap1ce527b2-98 entered promiscuous mode
Oct 18 08:26:08 gtw01 systemd-udevd[31744]: Process '/sbin/ip link set tap1ce527b2-98 txqueuelen 10000' failed with exit code 1.
Oct 18 08:26:09 gtw01 dnsmasq[31858]: started, version 2.80 cachesize 150
Oct 18 08:26:09 gtw01 dnsmasq[31858]: DNS service limited to local subnets
Oct 18 08:26:09 gtw01 dnsmasq[31858]: compile time options: IPv6 GNU-getopt DBus i18n IDN DHCP DHCPv6 no-Lua TFTP conntrack ipset auth DNSSEC loop-detect inotify dumpfile
Oct 18 08:26:09 gtw01 dnsmasq[31858]: warning: no upstream servers configured
Oct 18 08:26:09 gtw01 dnsmasq-dhcp[31858]: DHCP, static leases only on 192.168.120.32, lease time 1h
