Oct 18 09:05:39 gtw01 kernel: [ 5564.506009] device tap4befbda4-d7 left promiscuous mode
Oct 18 09:05:42 gtw01 dnsmasq-dhcp[12564]: DHCPDISCOVER(tap26b9a9ad-e1) fa:16:3e:c3:99:a7
Oct 18 09:05:42 gtw01 dnsmasq-dhcp[12564]: DHCPOFFER(tap26b9a9ad-e1) 192.168.120.3 fa:16:3e:c3:99:a7
Oct 18 09:05:42 gtw01 dnsmasq-dhcp[12564]: DHCPREQUEST(tap26b9a9ad-e1) 192.168.120.3 fa:16:3e:c3:99:a7
Oct 18 09:05:42 gtw01 dnsmasq-dhcp[12564]: DHCPACK(tap26b9a9ad-e1) 192.168.120.3 fa:16:3e:c3:99:a7 host-192-168-120-3
Oct 18 09:05:45 gtw01 dnsmasq-dhcp[13481]: DHCPDISCOVER(tap2baa1d99-30) fa:16:3e:1c:6c:28
Oct 18 09:05:45 gtw01 dnsmasq-dhcp[13481]: DHCPOFFER(tap2baa1d99-30) 192.168.120.3 fa:16:3e:1c:6c:28
Oct 18 09:05:45 gtw01 dnsmasq-dhcp[13481]: DHCPREQUEST(tap2baa1d99-30) 192.168.120.3 fa:16:3e:1c:6c:28
Oct 18 09:05:45 gtw01 dnsmasq-dhcp[13481]: DHCPACK(tap2baa1d99-30) 192.168.120.3 fa:16:3e:1c:6c:28 host-192-168-120-3
Oct 18 09:05:48 gtw01 kernel: [ 5573.169811] device tapcfb5adc6-50 entered promiscuous mode
Oct 18 09:05:48 gtw01 systemd-udevd[13930]: Could not generate persistent MAC address for tapcfb5adc6-50: No such file or directory
Oct 18 09:05:48 gtw01 systemd-udevd[13930]: Process '/sbin/ip link set tapcfb5adc6-50 txqueuelen 10000' failed with exit code 1.
Oct 18 09:05:48 gtw01 systemd-udevd[14004]: Process '/sbin/ip link set tapcfb5adc6-50 txqueuelen 10000' failed with exit code 1.
Oct 18 09:05:49 gtw01 dnsmasq-dhcp[13481]: DHCPRELEASE(tap2baa1d99-30) 192.168.120.3 fa:16:3e:1c:6c:28
Oct 18 09:05:49 gtw01 dnsmasq-dhcp[13481]: DHCPRELEASE(tap2baa1d99-30) 192.168.120.3 fa:16:3e:1c:6c:28 unknown lease
Oct 18 09:05:50 gtw01 dnsmasq[13481]: read /var/lib/neutron/dhcp/b05bf8a4-b9d7-4ef8-9ac9-a0f7849e5f62/addn_hosts - 2 addresses
Oct 18 09:05:50 gtw01 dnsmasq-dhcp[13481]: read /var/lib/neutron/dhcp/b05bf8a4-b9d7-4ef8-9ac9-a0f7849e5f62/host
Oct 18 09:05:50 gtw01 dnsmasq-dhcp[13481]: read /var/lib/neutron/dhcp/b05bf8a4-b9d7-4ef8-9ac9-a0f7849e5f62/opts
Oct 18 09:05:51 gtw01 dnsmasq[14093]: started, version 2.80 cachesize 150
Oct 18 09:05:51 gtw01 dnsmasq[14093]: DNS service limited to local subnets
Oct 18 09:05:51 gtw01 dnsmasq[14093]: compile time options: IPv6 GNU-getopt DBus i18n IDN DHCP DHCPv6 no-Lua TFTP conntrack ipset auth DNSSEC loop-detect inotify dumpfile
Oct 18 09:05:51 gtw01 dnsmasq[14093]: warning: no upstream servers configured
Oct 18 09:05:51 gtw01 dnsmasq-dhcp[14093]: DHCP, static leases only on 192.168.120.0, lease time 1h
Oct 18 09:05:51 gtw01 dnsmasq[14093]: read /var/lib/neutron/dhcp/953e8699-4224-4bc2-b47f-944a46d153ef/addn_hosts - 1 addresses
Oct 18 09:05:51 gtw01 dnsmasq-dhcp[14093]: read /var/lib/neutron/dhcp/953e8699-4224-4bc2-b47f-944a46d153ef/host
Oct 18 09:05:51 gtw01 dnsmasq-dhcp[14093]: read /var/lib/neutron/dhcp/953e8699-4224-4bc2-b47f-944a46d153ef/opts
Oct 18 09:05:52 gtw01 haproxy-metadata-proxy-953e8699-4224-4bc2-b47f-944a46d153ef[14102]: Proxy listener started.
Oct 18 09:05:52 gtw01 systemd-udevd[14120]: Could not generate persistent MAC address for tap385bf29f-00: No such file or directory
Oct 18 09:05:52 gtw01 kernel: [ 5577.472551] device tap385bf29f-00 entered promiscuous mode
Oct 18 09:05:52 gtw01 systemd-udevd[14191]: Process '/sbin/ip link set tap385bf29f-00 txqueuelen 10000' failed with exit code 1.
Oct 18 09:05:52 gtw01 dnsmasq[14093]: read /var/lib/neutron/dhcp/953e8699-4224-4bc2-b47f-944a46d153ef/addn_hosts - 2 addresses
Oct 18 09:05:52 gtw01 dnsmasq-dhcp[14093]: read /var/lib/neutron/dhcp/953e8699-4224-4bc2-b47f-944a46d153ef/host
Oct 18 09:05:52 gtw01 dnsmasq-dhcp[14093]: read /var/lib/neutron/dhcp/953e8699-4224-4bc2-b47f-944a46d153ef/opts
Oct 18 09:05:53 gtw01 dnsmasq[13481]: read /var/lib/neutron/dhcp/b05bf8a4-b9d7-4ef8-9ac9-a0f7849e5f62/addn_hosts - 1 addresses
Oct 18 09:05:53 gtw01 dnsmasq-dhcp[13481]: read /var/lib/neutron/dhcp/b05bf8a4-b9d7-4ef8-9ac9-a0f7849e5f62/host
Oct 18 09:05:53 gtw01 dnsmasq-dhcp[13481]: read /var/lib/neutron/dhcp/b05bf8a4-b9d7-4ef8-9ac9-a0f7849e5f62/opts
Oct 18 09:05:54 gtw01 dnsmasq[14093]: read /var/lib/neutron/dhcp/953e8699-4224-4bc2-b47f-944a46d153ef/addn_hosts - 2 addresses
Oct 18 09:05:54 gtw01 dnsmasq-dhcp[14093]: read /var/lib/neutron/dhcp/953e8699-4224-4bc2-b47f-944a46d153ef/host
Oct 18 09:05:54 gtw01 dnsmasq-dhcp[14093]: read /var/lib/neutron/dhcp/953e8699-4224-4bc2-b47f-944a46d153ef/opts
Oct 18 09:05:55 gtw01 dnsmasq[14093]: read /var/lib/neutron/dhcp/953e8699-4224-4bc2-b47f-944a46d153ef/addn_hosts - 2 addresses
Oct 18 09:05:55 gtw01 dnsmasq-dhcp[14093]: read /var/lib/neutron/dhcp/953e8699-4224-4bc2-b47f-944a46d153ef/host
Oct 18 09:05:55 gtw01 dnsmasq-dhcp[14093]: read /var/lib/neutron/dhcp/953e8699-4224-4bc2-b47f-944a46d153ef/opts
Oct 18 09:05:56 gtw01 dnsmasq[14093]: read /var/lib/neutron/dhcp/953e8699-4224-4bc2-b47f-944a46d153ef/addn_hosts - 2 addresses
Oct 18 09:05:56 gtw01 dnsmasq-dhcp[14093]: read /var/lib/neutron/dhcp/953e8699-4224-4bc2-b47f-944a46d153ef/host
Oct 18 09:05:56 gtw01 dnsmasq-dhcp[14093]: read /var/lib/neutron/dhcp/953e8699-4224-4bc2-b47f-944a46d153ef/opts
Oct 18 09:05:56 gtw01 dnsmasq[14336]: started, version 2.80 cachesize 150
Oct 18 09:05:56 gtw01 dnsmasq[14336]: DNS service limited to local subnets
Oct 18 09:05:56 gtw01 dnsmasq[14336]: compile time options: IPv6 GNU-getopt DBus i18n IDN DHCP DHCPv6 no-Lua TFTP conntrack ipset auth DNSSEC loop-detect inotify dumpfile
Oct 18 09:05:56 gtw01 dnsmasq[14336]: warning: no upstream servers configured
Oct 18 09:05:56 gtw01 dnsmasq-dhcp[14336]: DHCP, static leases only on 192.168.121.0, lease time 1h
Oct 18 09:05:56 gtw01 dnsmasq[14336]: read /var/lib/neutron/dhcp/a403bae7-1905-4897-96c5-22da2562a8c0/addn_hosts - 1 addresses
Oct 18 09:05:56 gtw01 dnsmasq-dhcp[14336]: read /var/lib/neutron/dhcp/a403bae7-1905-4897-96c5-22da2562a8c0/host
Oct 18 09:05:56 gtw01 dnsmasq-dhcp[14336]: read /var/lib/neutron/dhcp/a403bae7-1905-4897-96c5-22da2562a8c0/opts
Oct 18 09:05:56 gtw01 haproxy-metadata-proxy-a403bae7-1905-4897-96c5-22da2562a8c0[14344]: Proxy listener started.
Oct 18 09:05:57 gtw01 kernel: [ 5582.074910] device tap2c4412c9-0b entered promiscuous mode
Oct 18 09:05:57 gtw01 systemd-udevd[14365]: Could not generate persistent MAC address for tap2c4412c9-0b: No such file or directory
Oct 18 09:05:57 gtw01 systemd-udevd[14365]: Process '/sbin/ip link set tap2c4412c9-0b txqueuelen 10000' failed with exit code 1.
Oct 18 09:05:57 gtw01 dnsmasq[14093]: read /var/lib/neutron/dhcp/953e8699-4224-4bc2-b47f-944a46d153ef/addn_hosts - 2 addresses
Oct 18 09:05:57 gtw01 dnsmasq-dhcp[14093]: read /var/lib/neutron/dhcp/953e8699-4224-4bc2-b47f-944a46d153ef/host
Oct 18 09:05:57 gtw01 dnsmasq-dhcp[14093]: read /var/lib/neutron/dhcp/953e8699-4224-4bc2-b47f-944a46d153ef/opts
Oct 18 09:05:57 gtw01 dnsmasq[14336]: read /var/lib/neutron/dhcp/a403bae7-1905-4897-96c5-22da2562a8c0/addn_hosts - 2 addresses
Oct 18 09:05:57 gtw01 dnsmasq-dhcp[14336]: read /var/lib/neutron/dhcp/a403bae7-1905-4897-96c5-22da2562a8c0/host
Oct 18 09:05:57 gtw01 dnsmasq-dhcp[14336]: read /var/lib/neutron/dhcp/a403bae7-1905-4897-96c5-22da2562a8c0/opts
Oct 18 09:05:58 gtw01 dnsmasq[14336]: read /var/lib/neutron/dhcp/a403bae7-1905-4897-96c5-22da2562a8c0/addn_hosts - 2 addresses
Oct 18 09:05:58 gtw01 dnsmasq-dhcp[14336]: read /var/lib/neutron/dhcp/a403bae7-1905-4897-96c5-22da2562a8c0/host
Oct 18 09:05:58 gtw01 dnsmasq-dhcp[14336]: read /var/lib/neutron/dhcp/a403bae7-1905-4897-96c5-22da2562a8c0/opts
Oct 18 09:05:59 gtw01 dnsmasq[14336]: read /var/lib/neutron/dhcp/a403bae7-1905-4897-96c5-22da2562a8c0/addn_hosts - 2 addresses
Oct 18 09:05:59 gtw01 dnsmasq-dhcp[14336]: read /var/lib/neutron/dhcp/a403bae7-1905-4897-96c5-22da2562a8c0/host
Oct 18 09:05:59 gtw01 dnsmasq-dhcp[14336]: read /var/lib/neutron/dhcp/a403bae7-1905-4897-96c5-22da2562a8c0/opts
Oct 18 09:06:00 gtw01 kernel: [ 5585.540280] device tap2baa1d99-30 left promiscuous mode
Oct 18 09:06:00 gtw01 dnsmasq[14336]: read /var/lib/neutron/dhcp/a403bae7-1905-4897-96c5-22da2562a8c0/addn_hosts - 2 addresses
Oct 18 09:06:00 gtw01 dnsmasq-dhcp[14336]: read /var/lib/neutron/dhcp/a403bae7-1905-4897-96c5-22da2562a8c0/host
Oct 18 09:06:00 gtw01 dnsmasq-dhcp[14336]: read /var/lib/neutron/dhcp/a403bae7-1905-4897-96c5-22da2562a8c0/opts
Oct 18 09:06:01 gtw01 dnsmasq[14575]: started, version 2.80 cachesize 150
Oct 18 09:06:01 gtw01 dnsmasq[14575]: DNS service limited to local subnets
Oct 18 09:06:01 gtw01 dnsmasq[14575]: compile time options: IPv6 GNU-getopt DBus i18n IDN DHCP DHCPv6 no-Lua TFTP conntrack ipset auth DNSSEC loop-detect inotify dumpfile
Oct 18 09:06:01 gtw01 dnsmasq[14575]: warning: no upstream servers configured
Oct 18 09:06:01 gtw01 dnsmasq-dhcp[14575]: DHCP, static leases only on 192.168.122.0, lease time 1h
Oct 18 09:06:01 gtw01 dnsmasq[14575]: read /var/lib/neutron/dhcp/564e2158-b8a0-40c0-975f-11c08a4127dd/addn_hosts - 1 addresses
Oct 18 09:06:01 gtw01 dnsmasq-dhcp[14575]: read /var/lib/neutron/dhcp/564e2158-b8a0-40c0-975f-11c08a4127dd/host
Oct 18 09:06:01 gtw01 dnsmasq-dhcp[14575]: read /var/lib/neutron/dhcp/564e2158-b8a0-40c0-975f-11c08a4127dd/opts
Oct 18 09:06:01 gtw01 haproxy-metadata-proxy-564e2158-b8a0-40c0-975f-11c08a4127dd[14586]: Proxy listener started.
Oct 18 09:06:02 gtw01 dnsmasq[14336]: read /var/lib/neutron/dhcp/a403bae7-1905-4897-96c5-22da2562a8c0/addn_hosts - 2 addresses
Oct 18 09:06:02 gtw01 dnsmasq-dhcp[14336]: read /var/lib/neutron/dhcp/a403bae7-1905-4897-96c5-22da2562a8c0/host
Oct 18 09:06:02 gtw01 dnsmasq-dhcp[14336]: read /var/lib/neutron/dhcp/a403bae7-1905-4897-96c5-22da2562a8c0/opts
Oct 18 09:06:02 gtw01 dnsmasq[14575]: read /var/lib/neutron/dhcp/564e2158-b8a0-40c0-975f-11c08a4127dd/addn_hosts - 2 addresses
Oct 18 09:06:02 gtw01 dnsmasq-dhcp[14575]: read /var/lib/neutron/dhcp/564e2158-b8a0-40c0-975f-11c08a4127dd/host
Oct 18 09:06:02 gtw01 dnsmasq-dhcp[14575]: read /var/lib/neutron/dhcp/564e2158-b8a0-40c0-975f-11c08a4127dd/opts
Oct 18 09:06:02 gtw01 systemd-udevd[14624]: Could not generate persistent MAC address for tapcc08daeb-16: No such file or directory
Oct 18 09:06:02 gtw01 kernel: [ 5587.253160] device tapcc08daeb-16 entered promiscuous mode
Oct 18 09:06:02 gtw01 systemd-udevd[14695]: Process '/sbin/ip link set tapcc08daeb-16 txqueuelen 10000' failed with exit code 1.
Oct 18 09:06:03 gtw01 dnsmasq[14575]: read /var/lib/neutron/dhcp/564e2158-b8a0-40c0-975f-11c08a4127dd/addn_hosts - 2 addresses
Oct 18 09:06:03 gtw01 dnsmasq-dhcp[14575]: read /var/lib/neutron/dhcp/564e2158-b8a0-40c0-975f-11c08a4127dd/host
Oct 18 09:06:03 gtw01 dnsmasq-dhcp[14575]: read /var/lib/neutron/dhcp/564e2158-b8a0-40c0-975f-11c08a4127dd/opts
Oct 18 09:06:03 gtw01 dnsmasq-dhcp[12564]: DHCPDISCOVER(tap26b9a9ad-e1) fa:16:3e:c3:99:a7
Oct 18 09:06:03 gtw01 dnsmasq-dhcp[12564]: DHCPOFFER(tap26b9a9ad-e1) 192.168.120.3 fa:16:3e:c3:99:a7
Oct 18 09:06:03 gtw01 dnsmasq-dhcp[12564]: DHCPREQUEST(tap26b9a9ad-e1) 192.168.120.3 fa:16:3e:c3:99:a7
Oct 18 09:06:03 gtw01 dnsmasq-dhcp[12564]: DHCPACK(tap26b9a9ad-e1) 192.168.120.3 fa:16:3e:c3:99:a7 host-192-168-120-3
Oct 18 09:06:04 gtw01 dnsmasq[14575]: read /var/lib/neutron/dhcp/564e2158-b8a0-40c0-975f-11c08a4127dd/addn_hosts - 2 addresses
Oct 18 09:06:04 gtw01 dnsmasq-dhcp[14575]: read /var/lib/neutron/dhcp/564e2158-b8a0-40c0-975f-11c08a4127dd/host
Oct 18 09:06:04 gtw01 dnsmasq-dhcp[14575]: read /var/lib/neutron/dhcp/564e2158-b8a0-40c0-975f-11c08a4127dd/opts
Oct 18 09:06:05 gtw01 dnsmasq[14575]: read /var/lib/neutron/dhcp/564e2158-b8a0-40c0-975f-11c08a4127dd/addn_hosts - 2 addresses
Oct 18 09:06:05 gtw01 dnsmasq-dhcp[14575]: read /var/lib/neutron/dhcp/564e2158-b8a0-40c0-975f-11c08a4127dd/host
Oct 18 09:06:05 gtw01 dnsmasq-dhcp[14575]: read /var/lib/neutron/dhcp/564e2158-b8a0-40c0-975f-11c08a4127dd/opts
Oct 18 09:06:05 gtw01 dnsmasq[14814]: started, version 2.80 cachesize 150
Oct 18 09:06:05 gtw01 dnsmasq[14814]: DNS service limited to local subnets
Oct 18 09:06:05 gtw01 dnsmasq[14814]: compile time options: IPv6 GNU-getopt DBus i18n IDN DHCP DHCPv6 no-Lua TFTP conntrack ipset auth DNSSEC loop-detect inotify dumpfile
Oct 18 09:06:05 gtw01 dnsmasq[14814]: warning: no upstream servers configured
Oct 18 09:06:05 gtw01 dnsmasq-dhcp[14814]: DHCP, static leases only on 192.168.123.0, lease time 1h
Oct 18 09:06:05 gtw01 dnsmasq[14814]: read /var/lib/neutron/dhcp/9a9b0e9f-fd43-4437-9319-28357853dcb0/addn_hosts - 1 addresses
Oct 18 09:06:05 gtw01 dnsmasq-dhcp[14814]: read /var/lib/neutron/dhcp/9a9b0e9f-fd43-4437-9319-28357853dcb0/host
Oct 18 09:06:05 gtw01 dnsmasq-dhcp[14814]: read /var/lib/neutron/dhcp/9a9b0e9f-fd43-4437-9319-28357853dcb0/opts
Oct 18 09:06:06 gtw01 haproxy-metadata-proxy-9a9b0e9f-fd43-4437-9319-28357853dcb0[14821]: Proxy listener started.
Oct 18 09:06:06 gtw01 dnsmasq[14575]: read /var/lib/neutron/dhcp/564e2158-b8a0-40c0-975f-11c08a4127dd/addn_hosts - 2 addresses
Oct 18 09:06:06 gtw01 dnsmasq-dhcp[14575]: read /var/lib/neutron/dhcp/564e2158-b8a0-40c0-975f-11c08a4127dd/host
Oct 18 09:06:06 gtw01 dnsmasq-dhcp[14575]: read /var/lib/neutron/dhcp/564e2158-b8a0-40c0-975f-11c08a4127dd/opts
Oct 18 09:06:06 gtw01 dnsmasq[14814]: read /var/lib/neutron/dhcp/9a9b0e9f-fd43-4437-9319-28357853dcb0/addn_hosts - 2 addresses
Oct 18 09:06:06 gtw01 dnsmasq-dhcp[14814]: read /var/lib/neutron/dhcp/9a9b0e9f-fd43-4437-9319-28357853dcb0/host
Oct 18 09:06:06 gtw01 dnsmasq-dhcp[14814]: read /var/lib/neutron/dhcp/9a9b0e9f-fd43-4437-9319-28357853dcb0/opts
Oct 18 09:06:07 gtw01 dnsmasq[14814]: read /var/lib/neutron/dhcp/9a9b0e9f-fd43-4437-9319-28357853dcb0/addn_hosts - 2 addresses
Oct 18 09:06:07 gtw01 dnsmasq-dhcp[14814]: read /var/lib/neutron/dhcp/9a9b0e9f-fd43-4437-9319-28357853dcb0/host
Oct 18 09:06:07 gtw01 dnsmasq-dhcp[14814]: read /var/lib/neutron/dhcp/9a9b0e9f-fd43-4437-9319-28357853dcb0/opts
Oct 18 09:06:08 gtw01 kernel: [ 5593.443183] device tapbc319d6a-1e entered promiscuous mode
Oct 18 09:06:08 gtw01 systemd-udevd[14893]: Could not generate persistent MAC address for tapbc319d6a-1e: No such file or directory
Oct 18 09:06:08 gtw01 systemd-udevd[14962]: Process '/sbin/ip link set tapbc319d6a-1e txqueuelen 10000' failed with exit code 1.
Oct 18 09:06:09 gtw01 dnsmasq[14814]: read /var/lib/neutron/dhcp/9a9b0e9f-fd43-4437-9319-28357853dcb0/addn_hosts - 2 addresses
Oct 18 09:06:09 gtw01 dnsmasq-dhcp[14814]: read /var/lib/neutron/dhcp/9a9b0e9f-fd43-4437-9319-28357853dcb0/host
Oct 18 09:06:09 gtw01 dnsmasq-dhcp[14814]: read /var/lib/neutron/dhcp/9a9b0e9f-fd43-4437-9319-28357853dcb0/opts
Oct 18 09:06:10 gtw01 kernel: [ 5595.156204] device tapcc08daeb-16 left promiscuous mode
Oct 18 09:06:11 gtw01 dnsmasq[15049]: started, version 2.80 cachesize 150
Oct 18 09:06:11 gtw01 dnsmasq[15049]: DNS service limited to local subnets
Oct 18 09:06:11 gtw01 dnsmasq[15049]: compile time options: IPv6 GNU-getopt DBus i18n IDN DHCP DHCPv6 no-Lua TFTP conntrack ipset auth DNSSEC loop-detect inotify dumpfile
Oct 18 09:06:11 gtw01 dnsmasq[15049]: warning: no upstream servers configured
Oct 18 09:06:11 gtw01 dnsmasq-dhcp[15049]: DHCP, static leases only on 192.168.120.0, lease time 1h
Oct 18 09:06:11 gtw01 dnsmasq[15049]: read /var/lib/neutron/dhcp/d0b67a94-2d90-4d74-a5a2-9f734a504837/addn_hosts - 1 addresses
Oct 18 09:06:11 gtw01 dnsmasq-dhcp[15049]: read /var/lib/neutron/dhcp/d0b67a94-2d90-4d74-a5a2-9f734a504837/host
Oct 18 09:06:11 gtw01 dnsmasq-dhcp[15049]: read /var/lib/neutron/dhcp/d0b67a94-2d90-4d74-a5a2-9f734a504837/opts
Oct 18 09:06:12 gtw01 haproxy-metadata-proxy-d0b67a94-2d90-4d74-a5a2-9f734a504837[15053]: Proxy listener started.
Oct 18 09:06:12 gtw01 dnsmasq-dhcp[12564]: DHCPRELEASE(tap26b9a9ad-e1) 192.168.120.3 fa:16:3e:c3:99:a7
Oct 18 09:06:13 gtw01 dnsmasq[15049]: read /var/lib/neutron/dhcp/d0b67a94-2d90-4d74-a5a2-9f734a504837/addn_hosts - 2 addresses
Oct 18 09:06:13 gtw01 dnsmasq-dhcp[15049]: read /var/lib/neutron/dhcp/d0b67a94-2d90-4d74-a5a2-9f734a504837/host
Oct 18 09:06:13 gtw01 dnsmasq-dhcp[15049]: read /var/lib/neutron/dhcp/d0b67a94-2d90-4d74-a5a2-9f734a504837/opts
Oct 18 09:06:14 gtw01 dnsmasq[15049]: read /var/lib/neutron/dhcp/d0b67a94-2d90-4d74-a5a2-9f734a504837/addn_hosts - 2 addresses
Oct 18 09:06:14 gtw01 dnsmasq-dhcp[15049]: read /var/lib/neutron/dhcp/d0b67a94-2d90-4d74-a5a2-9f734a504837/host
Oct 18 09:06:14 gtw01 dnsmasq-dhcp[15049]: read /var/lib/neutron/dhcp/d0b67a94-2d90-4d74-a5a2-9f734a504837/opts
Oct 18 09:06:14 gtw01 dnsmasq[14575]: read /var/lib/neutron/dhcp/564e2158-b8a0-40c0-975f-11c08a4127dd/addn_hosts - 1 addresses
Oct 18 09:06:14 gtw01 dnsmasq-dhcp[14575]: read /var/lib/neutron/dhcp/564e2158-b8a0-40c0-975f-11c08a4127dd/host
Oct 18 09:06:14 gtw01 dnsmasq-dhcp[14575]: read /var/lib/neutron/dhcp/564e2158-b8a0-40c0-975f-11c08a4127dd/opts
Oct 18 09:06:15 gtw01 dnsmasq[15049]: read /var/lib/neutron/dhcp/d0b67a94-2d90-4d74-a5a2-9f734a504837/addn_hosts - 2 addresses
Oct 18 09:06:15 gtw01 dnsmasq-dhcp[15049]: read /var/lib/neutron/dhcp/d0b67a94-2d90-4d74-a5a2-9f734a504837/host
Oct 18 09:06:15 gtw01 dnsmasq-dhcp[15049]: read /var/lib/neutron/dhcp/d0b67a94-2d90-4d74-a5a2-9f734a504837/opts
Oct 18 09:06:16 gtw01 dnsmasq[15049]: read /var/lib/neutron/dhcp/d0b67a94-2d90-4d74-a5a2-9f734a504837/addn_hosts - 3 addresses
Oct 18 09:06:16 gtw01 dnsmasq-dhcp[15049]: read /var/lib/neutron/dhcp/d0b67a94-2d90-4d74-a5a2-9f734a504837/host
Oct 18 09:06:16 gtw01 dnsmasq-dhcp[15049]: read /var/lib/neutron/dhcp/d0b67a94-2d90-4d74-a5a2-9f734a504837/opts
Oct 18 09:06:17 gtw01 dnsmasq[15049]: read /var/lib/neutron/dhcp/d0b67a94-2d90-4d74-a5a2-9f734a504837/addn_hosts - 4 addresses
Oct 18 09:06:17 gtw01 dnsmasq-dhcp[15049]: read /var/lib/neutron/dhcp/d0b67a94-2d90-4d74-a5a2-9f734a504837/host
Oct 18 09:06:17 gtw01 dnsmasq-dhcp[15049]: read /var/lib/neutron/dhcp/d0b67a94-2d90-4d74-a5a2-9f734a504837/opts
Oct 18 09:06:18 gtw01 dnsmasq[15049]: read /var/lib/neutron/dhcp/d0b67a94-2d90-4d74-a5a2-9f734a504837/addn_hosts - 4 addresses
Oct 18 09:06:18 gtw01 dnsmasq-dhcp[15049]: read /var/lib/neutron/dhcp/d0b67a94-2d90-4d74-a5a2-9f734a504837/host
Oct 18 09:06:18 gtw01 dnsmasq-dhcp[15049]: read /var/lib/neutron/dhcp/d0b67a94-2d90-4d74-a5a2-9f734a504837/opts
Oct 18 09:06:18 gtw01 kernel: [ 5603.769139] device tap2c4412c9-0b left promiscuous mode
Oct 18 09:06:19 gtw01 dnsmasq[15049]: read /var/lib/neutron/dhcp/d0b67a94-2d90-4d74-a5a2-9f734a504837/addn_hosts - 4 addresses
Oct 18 09:06:19 gtw01 dnsmasq-dhcp[15049]: read /var/lib/neutron/dhcp/d0b67a94-2d90-4d74-a5a2-9f734a504837/host
Oct 18 09:06:19 gtw01 dnsmasq-dhcp[15049]: read /var/lib/neutron/dhcp/d0b67a94-2d90-4d74-a5a2-9f734a504837/opts
Oct 18 09:06:20 gtw01 dnsmasq[15049]: read /var/lib/neutron/dhcp/d0b67a94-2d90-4d74-a5a2-9f734a504837/addn_hosts - 4 addresses
Oct 18 09:06:20 gtw01 dnsmasq-dhcp[15049]: read /var/lib/neutron/dhcp/d0b67a94-2d90-4d74-a5a2-9f734a504837/host
Oct 18 09:06:20 gtw01 dnsmasq-dhcp[15049]: read /var/lib/neutron/dhcp/d0b67a94-2d90-4d74-a5a2-9f734a504837/opts
Oct 18 09:06:21 gtw01 dnsmasq[15049]: read /var/lib/neutron/dhcp/d0b67a94-2d90-4d74-a5a2-9f734a504837/addn_hosts - 4 addresses
Oct 18 09:06:21 gtw01 dnsmasq-dhcp[15049]: read /var/lib/neutron/dhcp/d0b67a94-2d90-4d74-a5a2-9f734a504837/host
Oct 18 09:06:21 gtw01 dnsmasq-dhcp[15049]: read /var/lib/neutron/dhcp/d0b67a94-2d90-4d74-a5a2-9f734a504837/opts
Oct 18 09:06:22 gtw01 dnsmasq[15049]: read /var/lib/neutron/dhcp/d0b67a94-2d90-4d74-a5a2-9f734a504837/addn_hosts - 4 addresses
Oct 18 09:06:22 gtw01 dnsmasq-dhcp[15049]: read /var/lib/neutron/dhcp/d0b67a94-2d90-4d74-a5a2-9f734a504837/host
Oct 18 09:06:22 gtw01 dnsmasq-dhcp[15049]: read /var/lib/neutron/dhcp/d0b67a94-2d90-4d74-a5a2-9f734a504837/opts
Oct 18 09:06:22 gtw01 dnsmasq[15049]: read /var/lib/neutron/dhcp/d0b67a94-2d90-4d74-a5a2-9f734a504837/addn_hosts - 4 addresses
Oct 18 09:06:22 gtw01 dnsmasq-dhcp[15049]: read /var/lib/neutron/dhcp/d0b67a94-2d90-4d74-a5a2-9f734a504837/host
Oct 18 09:06:22 gtw01 dnsmasq-dhcp[15049]: read /var/lib/neutron/dhcp/d0b67a94-2d90-4d74-a5a2-9f734a504837/opts
Oct 18 09:06:23 gtw01 dnsmasq[14336]: read /var/lib/neutron/dhcp/a403bae7-1905-4897-96c5-22da2562a8c0/addn_hosts - 1 addresses
Oct 18 09:06:23 gtw01 dnsmasq-dhcp[14336]: read /var/lib/neutron/dhcp/a403bae7-1905-4897-96c5-22da2562a8c0/host
Oct 18 09:06:23 gtw01 dnsmasq-dhcp[14336]: read /var/lib/neutron/dhcp/a403bae7-1905-4897-96c5-22da2562a8c0/opts
Oct 18 09:06:23 gtw01 dnsmasq[15049]: read /var/lib/neutron/dhcp/d0b67a94-2d90-4d74-a5a2-9f734a504837/addn_hosts - 4 addresses
Oct 18 09:06:23 gtw01 dnsmasq-dhcp[15049]: read /var/lib/neutron/dhcp/d0b67a94-2d90-4d74-a5a2-9f734a504837/host
Oct 18 09:06:23 gtw01 dnsmasq-dhcp[15049]: read /var/lib/neutron/dhcp/d0b67a94-2d90-4d74-a5a2-9f734a504837/opts
Oct 18 09:06:25 gtw01 kernel: [ 5610.733292] device tap385bf29f-00 left promiscuous mode
Oct 18 09:06:27 gtw01 dnsmasq[15049]: read /var/lib/neutron/dhcp/d0b67a94-2d90-4d74-a5a2-9f734a504837/addn_hosts - 3 addresses
Oct 18 09:06:27 gtw01 dnsmasq-dhcp[15049]: read /var/lib/neutron/dhcp/d0b67a94-2d90-4d74-a5a2-9f734a504837/host
Oct 18 09:06:27 gtw01 dnsmasq-dhcp[15049]: read /var/lib/neutron/dhcp/d0b67a94-2d90-4d74-a5a2-9f734a504837/opts
Oct 18 09:06:28 gtw01 dnsmasq-dhcp[15049]: DHCPDISCOVER(tapbc319d6a-1e) fa:16:3e:68:64:78
Oct 18 09:06:28 gtw01 dnsmasq-dhcp[15049]: DHCPOFFER(tapbc319d6a-1e) 192.168.120.5 fa:16:3e:68:64:78
Oct 18 09:06:28 gtw01 dnsmasq-dhcp[15049]: DHCPREQUEST(tapbc319d6a-1e) 192.168.120.5 fa:16:3e:68:64:78
Oct 18 09:06:28 gtw01 dnsmasq-dhcp[15049]: DHCPACK(tapbc319d6a-1e) 192.168.120.5 fa:16:3e:68:64:78 host-192-168-120-5
Oct 18 09:06:29 gtw01 dnsmasq[14093]: read /var/lib/neutron/dhcp/953e8699-4224-4bc2-b47f-944a46d153ef/addn_hosts - 1 addresses
Oct 18 09:06:29 gtw01 dnsmasq-dhcp[14093]: read /var/lib/neutron/dhcp/953e8699-4224-4bc2-b47f-944a46d153ef/host
Oct 18 09:06:29 gtw01 dnsmasq-dhcp[14093]: read /var/lib/neutron/dhcp/953e8699-4224-4bc2-b47f-944a46d153ef/opts
Oct 18 09:06:29 gtw01 dnsmasq-dhcp[12564]: DHCPDISCOVER(tap26b9a9ad-e1) fa:16:3e:c3:99:a7
Oct 18 09:06:29 gtw01 dnsmasq-dhcp[12564]: DHCPOFFER(tap26b9a9ad-e1) 192.168.120.3 fa:16:3e:c3:99:a7
Oct 18 09:06:29 gtw01 dnsmasq-dhcp[12564]: DHCPREQUEST(tap26b9a9ad-e1) 192.168.120.3 fa:16:3e:c3:99:a7
Oct 18 09:06:29 gtw01 dnsmasq-dhcp[12564]: DHCPACK(tap26b9a9ad-e1) 192.168.120.3 fa:16:3e:c3:99:a7 host-192-168-120-3
Oct 18 09:06:31 gtw01 dnsmasq[15049]: read /var/lib/neutron/dhcp/d0b67a94-2d90-4d74-a5a2-9f734a504837/addn_hosts - 2 addresses
Oct 18 09:06:31 gtw01 dnsmasq-dhcp[15049]: read /var/lib/neutron/dhcp/d0b67a94-2d90-4d74-a5a2-9f734a504837/host
Oct 18 09:06:31 gtw01 dnsmasq-dhcp[15049]: read /var/lib/neutron/dhcp/d0b67a94-2d90-4d74-a5a2-9f734a504837/opts
Oct 18 09:06:32 gtw01 kernel: [ 5617.006450] device tapcfb5adc6-50 left promiscuous mode
Oct 18 09:06:33 gtw01 dnsmasq-dhcp[15049]: DHCPRELEASE(tapbc319d6a-1e) 192.168.120.5 fa:16:3e:68:64:78
Oct 18 09:06:33 gtw01 dnsmasq-dhcp[15049]: DHCPRELEASE(tapbc319d6a-1e) 192.168.120.5 fa:16:3e:68:64:78 unknown lease
Oct 18 09:06:34 gtw01 dnsmasq[15049]: read /var/lib/neutron/dhcp/d0b67a94-2d90-4d74-a5a2-9f734a504837/addn_hosts - 1 addresses
Oct 18 09:06:34 gtw01 dnsmasq-dhcp[15049]: read /var/lib/neutron/dhcp/d0b67a94-2d90-4d74-a5a2-9f734a504837/host
Oct 18 09:06:34 gtw01 dnsmasq-dhcp[15049]: read /var/lib/neutron/dhcp/d0b67a94-2d90-4d74-a5a2-9f734a504837/opts
Oct 18 09:06:35 gtw01 kernel: [ 5620.368058] device tapbc319d6a-1e left promiscuous mode
Oct 18 09:06:37 gtw01 dnsmasq-dhcp[12564]: DHCPRELEASE(tap26b9a9ad-e1) 192.168.120.3 fa:16:3e:c3:99:a7
Oct 18 09:06:45 gtw01 dnsmasq[11126]: read /var/lib/neutron/dhcp/2c57749a-f6fd-405a-89f6-c8b51e424e6a/addn_hosts - 3 addresses
Oct 18 09:06:45 gtw01 dnsmasq-dhcp[11126]: read /var/lib/neutron/dhcp/2c57749a-f6fd-405a-89f6-c8b51e424e6a/host
Oct 18 09:06:45 gtw01 dnsmasq-dhcp[11126]: read /var/lib/neutron/dhcp/2c57749a-f6fd-405a-89f6-c8b51e424e6a/opts
Oct 18 09:06:46 gtw01 dnsmasq[11126]: read /var/lib/neutron/dhcp/2c57749a-f6fd-405a-89f6-c8b51e424e6a/addn_hosts - 3 addresses
Oct 18 09:06:46 gtw01 dnsmasq-dhcp[11126]: read /var/lib/neutron/dhcp/2c57749a-f6fd-405a-89f6-c8b51e424e6a/host
Oct 18 09:06:46 gtw01 dnsmasq-dhcp[11126]: read /var/lib/neutron/dhcp/2c57749a-f6fd-405a-89f6-c8b51e424e6a/opts
Oct 18 09:06:47 gtw01 dnsmasq[11126]: read /var/lib/neutron/dhcp/2c57749a-f6fd-405a-89f6-c8b51e424e6a/addn_hosts - 3 addresses
Oct 18 09:06:47 gtw01 dnsmasq-dhcp[11126]: read /var/lib/neutron/dhcp/2c57749a-f6fd-405a-89f6-c8b51e424e6a/host
Oct 18 09:06:47 gtw01 dnsmasq-dhcp[11126]: read /var/lib/neutron/dhcp/2c57749a-f6fd-405a-89f6-c8b51e424e6a/opts
Oct 18 09:06:53 gtw01 dnsmasq-dhcp[12564]: DHCPDISCOVER(tap26b9a9ad-e1) fa:16:3e:c3:99:a7
Oct 18 09:06:53 gtw01 dnsmasq-dhcp[12564]: DHCPOFFER(tap26b9a9ad-e1) 192.168.120.3 fa:16:3e:c3:99:a7
Oct 18 09:06:53 gtw01 dnsmasq-dhcp[12564]: DHCPREQUEST(tap26b9a9ad-e1) 192.168.120.3 fa:16:3e:c3:99:a7
Oct 18 09:06:53 gtw01 dnsmasq-dhcp[12564]: DHCPACK(tap26b9a9ad-e1) 192.168.120.3 fa:16:3e:c3:99:a7 host-192-168-120-3
Oct 18 09:07:00 gtw01 dnsmasq-dhcp[11126]: DHCPDISCOVER(tapdee40cdd-bc) fa:16:3e:1d:e6:b9
Oct 18 09:07:00 gtw01 dnsmasq-dhcp[11126]: DHCPOFFER(tapdee40cdd-bc) 192.168.120.22 fa:16:3e:1d:e6:b9
Oct 18 09:07:00 gtw01 dnsmasq-dhcp[11126]: DHCPREQUEST(tapdee40cdd-bc) 192.168.120.22 fa:16:3e:1d:e6:b9
Oct 18 09:07:00 gtw01 dnsmasq-dhcp[11126]: DHCPACK(tapdee40cdd-bc) 192.168.120.22 fa:16:3e:1d:e6:b9 host-192-168-120-22
Oct 18 09:07:05 gtw01 dnsmasq-dhcp[12564]: DHCPRELEASE(tap26b9a9ad-e1) 192.168.120.3 fa:16:3e:c3:99:a7
Oct 18 09:07:10 gtw01 dnsmasq-dhcp[11126]: DHCPRELEASE(tapdee40cdd-bc) 192.168.120.22 fa:16:3e:1d:e6:b9
Oct 18 09:07:10 gtw01 dnsmasq-dhcp[11126]: DHCPRELEASE(tapdee40cdd-bc) 192.168.120.22 fa:16:3e:1d:e6:b9 unknown lease
Oct 18 09:07:11 gtw01 dnsmasq[11126]: read /var/lib/neutron/dhcp/2c57749a-f6fd-405a-89f6-c8b51e424e6a/addn_hosts - 2 addresses
Oct 18 09:07:11 gtw01 dnsmasq-dhcp[11126]: read /var/lib/neutron/dhcp/2c57749a-f6fd-405a-89f6-c8b51e424e6a/host
Oct 18 09:07:11 gtw01 dnsmasq-dhcp[11126]: read /var/lib/neutron/dhcp/2c57749a-f6fd-405a-89f6-c8b51e424e6a/opts
Oct 18 09:07:16 gtw01 dnsmasq[12564]: read /var/lib/neutron/dhcp/38ec26c6-b875-45ed-b10d-9c971c61be7c/addn_hosts - 2 addresses
Oct 18 09:07:16 gtw01 dnsmasq-dhcp[12564]: read /var/lib/neutron/dhcp/38ec26c6-b875-45ed-b10d-9c971c61be7c/host
Oct 18 09:07:16 gtw01 dnsmasq-dhcp[12564]: read /var/lib/neutron/dhcp/38ec26c6-b875-45ed-b10d-9c971c61be7c/opts
Oct 18 09:07:20 gtw01 dnsmasq[12564]: read /var/lib/neutron/dhcp/38ec26c6-b875-45ed-b10d-9c971c61be7c/addn_hosts - 1 addresses
Oct 18 09:07:20 gtw01 dnsmasq-dhcp[12564]: read /var/lib/neutron/dhcp/38ec26c6-b875-45ed-b10d-9c971c61be7c/host
Oct 18 09:07:20 gtw01 dnsmasq-dhcp[12564]: read /var/lib/neutron/dhcp/38ec26c6-b875-45ed-b10d-9c971c61be7c/opts
Oct 18 09:07:22 gtw01 kernel: [ 5667.071384] device tap7a708a66-84 entered promiscuous mode
Oct 18 09:07:22 gtw01 systemd-udevd[15513]: Could not generate persistent MAC address for tap7a708a66-84: No such file or directory
Oct 18 09:07:22 gtw01 systemd-udevd[15513]: Process '/sbin/ip link set tap7a708a66-84 txqueuelen 10000' failed with exit code 1.
Oct 18 09:07:22 gtw01 systemd-udevd[15587]: Process '/sbin/ip link set tap7a708a66-84 txqueuelen 10000' failed with exit code 1.
Oct 18 09:07:24 gtw01 kernel: [ 5669.711749] device tap26b9a9ad-e1 left promiscuous mode
Oct 18 09:07:25 gtw01 dnsmasq[15657]: started, version 2.80 cachesize 150
Oct 18 09:07:25 gtw01 dnsmasq[15657]: DNS service limited to local subnets
Oct 18 09:07:25 gtw01 dnsmasq[15657]: compile time options: IPv6 GNU-getopt DBus i18n IDN DHCP DHCPv6 no-Lua TFTP conntrack ipset auth DNSSEC loop-detect inotify dumpfile
Oct 18 09:07:25 gtw01 dnsmasq[15657]: warning: no upstream servers configured
Oct 18 09:07:25 gtw01 dnsmasq-dhcp[15657]: DHCP, static leases only on 192.168.120.0, lease time 1h
Oct 18 09:07:25 gtw01 dnsmasq[15657]: read /var/lib/neutron/dhcp/d6d1b507-60fb-402e-ade9-728c0896206a/addn_hosts - 1 addresses
Oct 18 09:07:25 gtw01 dnsmasq-dhcp[15657]: read /var/lib/neutron/dhcp/d6d1b507-60fb-402e-ade9-728c0896206a/host
Oct 18 09:07:25 gtw01 dnsmasq-dhcp[15657]: read /var/lib/neutron/dhcp/d6d1b507-60fb-402e-ade9-728c0896206a/opts
Oct 18 09:07:25 gtw01 haproxy-metadata-proxy-d6d1b507-60fb-402e-ade9-728c0896206a[15661]: Proxy listener started.
Oct 18 09:07:26 gtw01 dnsmasq[15657]: read /var/lib/neutron/dhcp/d6d1b507-60fb-402e-ade9-728c0896206a/addn_hosts - 2 addresses
Oct 18 09:07:26 gtw01 dnsmasq-dhcp[15657]: read /var/lib/neutron/dhcp/d6d1b507-60fb-402e-ade9-728c0896206a/host
Oct 18 09:07:26 gtw01 dnsmasq-dhcp[15657]: read /var/lib/neutron/dhcp/d6d1b507-60fb-402e-ade9-728c0896206a/opts
Oct 18 09:07:27 gtw01 dnsmasq[15657]: read /var/lib/neutron/dhcp/d6d1b507-60fb-402e-ade9-728c0896206a/addn_hosts - 2 addresses
Oct 18 09:07:27 gtw01 dnsmasq-dhcp[15657]: read /var/lib/neutron/dhcp/d6d1b507-60fb-402e-ade9-728c0896206a/host
Oct 18 09:07:27 gtw01 dnsmasq-dhcp[15657]: read /var/lib/neutron/dhcp/d6d1b507-60fb-402e-ade9-728c0896206a/opts
Oct 18 09:07:28 gtw01 dnsmasq[15657]: read /var/lib/neutron/dhcp/d6d1b507-60fb-402e-ade9-728c0896206a/addn_hosts - 2 addresses
Oct 18 09:07:28 gtw01 dnsmasq-dhcp[15657]: read /var/lib/neutron/dhcp/d6d1b507-60fb-402e-ade9-728c0896206a/host
Oct 18 09:07:28 gtw01 dnsmasq-dhcp[15657]: read /var/lib/neutron/dhcp/d6d1b507-60fb-402e-ade9-728c0896206a/opts
Oct 18 09:07:29 gtw01 dnsmasq[15657]: read /var/lib/neutron/dhcp/d6d1b507-60fb-402e-ade9-728c0896206a/addn_hosts - 2 addresses
Oct 18 09:07:29 gtw01 dnsmasq-dhcp[15657]: read /var/lib/neutron/dhcp/d6d1b507-60fb-402e-ade9-728c0896206a/host
Oct 18 09:07:29 gtw01 dnsmasq-dhcp[15657]: read /var/lib/neutron/dhcp/d6d1b507-60fb-402e-ade9-728c0896206a/opts
Oct 18 09:07:30 gtw01 dnsmasq[15657]: read /var/lib/neutron/dhcp/d6d1b507-60fb-402e-ade9-728c0896206a/addn_hosts - 2 addresses
Oct 18 09:07:30 gtw01 dnsmasq-dhcp[15657]: read /var/lib/neutron/dhcp/d6d1b507-60fb-402e-ade9-728c0896206a/host
Oct 18 09:07:30 gtw01 dnsmasq-dhcp[15657]: read /var/lib/neutron/dhcp/d6d1b507-60fb-402e-ade9-728c0896206a/opts
Oct 18 09:07:32 gtw01 dnsmasq[15657]: read /var/lib/neutron/dhcp/d6d1b507-60fb-402e-ade9-728c0896206a/addn_hosts - 3 addresses
Oct 18 09:07:32 gtw01 dnsmasq-dhcp[15657]: read /var/lib/neutron/dhcp/d6d1b507-60fb-402e-ade9-728c0896206a/host
Oct 18 09:07:32 gtw01 dnsmasq-dhcp[15657]: read /var/lib/neutron/dhcp/d6d1b507-60fb-402e-ade9-728c0896206a/opts
Oct 18 09:07:33 gtw01 dnsmasq[15657]: read /var/lib/neutron/dhcp/d6d1b507-60fb-402e-ade9-728c0896206a/addn_hosts - 3 addresses
Oct 18 09:07:33 gtw01 dnsmasq-dhcp[15657]: read /var/lib/neutron/dhcp/d6d1b507-60fb-402e-ade9-728c0896206a/host
Oct 18 09:07:33 gtw01 dnsmasq-dhcp[15657]: read /var/lib/neutron/dhcp/d6d1b507-60fb-402e-ade9-728c0896206a/opts
Oct 18 09:07:34 gtw01 dnsmasq[15657]: read /var/lib/neutron/dhcp/d6d1b507-60fb-402e-ade9-728c0896206a/addn_hosts - 3 addresses
Oct 18 09:07:34 gtw01 dnsmasq-dhcp[15657]: read /var/lib/neutron/dhcp/d6d1b507-60fb-402e-ade9-728c0896206a/host
Oct 18 09:07:34 gtw01 dnsmasq-dhcp[15657]: read /var/lib/neutron/dhcp/d6d1b507-60fb-402e-ade9-728c0896206a/opts
Oct 18 09:07:36 gtw01 dnsmasq[11126]: read /var/lib/neutron/dhcp/2c57749a-f6fd-405a-89f6-c8b51e424e6a/addn_hosts - 3 addresses
Oct 18 09:07:36 gtw01 dnsmasq-dhcp[11126]: read /var/lib/neutron/dhcp/2c57749a-f6fd-405a-89f6-c8b51e424e6a/host
Oct 18 09:07:36 gtw01 dnsmasq-dhcp[11126]: read /var/lib/neutron/dhcp/2c57749a-f6fd-405a-89f6-c8b51e424e6a/opts
Oct 18 09:07:37 gtw01 dnsmasq[11126]: read /var/lib/neutron/dhcp/2c57749a-f6fd-405a-89f6-c8b51e424e6a/addn_hosts - 3 addresses
Oct 18 09:07:37 gtw01 dnsmasq-dhcp[11126]: read /var/lib/neutron/dhcp/2c57749a-f6fd-405a-89f6-c8b51e424e6a/host
Oct 18 09:07:37 gtw01 dnsmasq-dhcp[11126]: read /var/lib/neutron/dhcp/2c57749a-f6fd-405a-89f6-c8b51e424e6a/opts
Oct 18 09:07:38 gtw01 dnsmasq[11126]: read /var/lib/neutron/dhcp/2c57749a-f6fd-405a-89f6-c8b51e424e6a/addn_hosts - 3 addresses
Oct 18 09:07:38 gtw01 dnsmasq-dhcp[11126]: read /var/lib/neutron/dhcp/2c57749a-f6fd-405a-89f6-c8b51e424e6a/host
Oct 18 09:07:38 gtw01 dnsmasq-dhcp[11126]: read /var/lib/neutron/dhcp/2c57749a-f6fd-405a-89f6-c8b51e424e6a/opts
Oct 18 09:07:42 gtw01 dnsmasq[11126]: read /var/lib/neutron/dhcp/2c57749a-f6fd-405a-89f6-c8b51e424e6a/addn_hosts - 2 addresses
Oct 18 09:07:42 gtw01 dnsmasq-dhcp[11126]: read /var/lib/neutron/dhcp/2c57749a-f6fd-405a-89f6-c8b51e424e6a/host
Oct 18 09:07:42 gtw01 dnsmasq-dhcp[11126]: read /var/lib/neutron/dhcp/2c57749a-f6fd-405a-89f6-c8b51e424e6a/opts
Oct 18 09:07:47 gtw01 dnsmasq-dhcp[15657]: DHCPDISCOVER(tap7a708a66-84) fa:16:3e:9d:3f:1c
Oct 18 09:07:47 gtw01 dnsmasq-dhcp[15657]: DHCPOFFER(tap7a708a66-84) 192.168.120.7 fa:16:3e:9d:3f:1c
Oct 18 09:07:47 gtw01 dnsmasq-dhcp[15657]: DHCPREQUEST(tap7a708a66-84) 192.168.120.7 fa:16:3e:9d:3f:1c
Oct 18 09:07:47 gtw01 dnsmasq-dhcp[15657]: DHCPACK(tap7a708a66-84) 192.168.120.7 fa:16:3e:9d:3f:1c host-192-168-120-7
Oct 18 09:07:48 gtw01 dnsmasq[11126]: read /var/lib/neutron/dhcp/2c57749a-f6fd-405a-89f6-c8b51e424e6a/addn_hosts - 3 addresses
Oct 18 09:07:48 gtw01 dnsmasq-dhcp[11126]: read /var/lib/neutron/dhcp/2c57749a-f6fd-405a-89f6-c8b51e424e6a/host
Oct 18 09:07:48 gtw01 dnsmasq-dhcp[11126]: read /var/lib/neutron/dhcp/2c57749a-f6fd-405a-89f6-c8b51e424e6a/opts
Oct 18 09:07:49 gtw01 dnsmasq[11126]: read /var/lib/neutron/dhcp/2c57749a-f6fd-405a-89f6-c8b51e424e6a/addn_hosts - 3 addresses
Oct 18 09:07:49 gtw01 dnsmasq-dhcp[11126]: read /var/lib/neutron/dhcp/2c57749a-f6fd-405a-89f6-c8b51e424e6a/host
Oct 18 09:07:49 gtw01 dnsmasq-dhcp[11126]: read /var/lib/neutron/dhcp/2c57749a-f6fd-405a-89f6-c8b51e424e6a/opts
Oct 18 09:07:50 gtw01 dnsmasq[11126]: read /var/lib/neutron/dhcp/2c57749a-f6fd-405a-89f6-c8b51e424e6a/addn_hosts - 3 addresses
Oct 18 09:07:50 gtw01 dnsmasq-dhcp[11126]: read /var/lib/neutron/dhcp/2c57749a-f6fd-405a-89f6-c8b51e424e6a/host
Oct 18 09:07:50 gtw01 dnsmasq-dhcp[11126]: read /var/lib/neutron/dhcp/2c57749a-f6fd-405a-89f6-c8b51e424e6a/opts
Oct 18 09:07:58 gtw01 dnsmasq[11126]: read /var/lib/neutron/dhcp/2c57749a-f6fd-405a-89f6-c8b51e424e6a/addn_hosts - 4 addresses
Oct 18 09:07:58 gtw01 dnsmasq-dhcp[11126]: read /var/lib/neutron/dhcp/2c57749a-f6fd-405a-89f6-c8b51e424e6a/host
Oct 18 09:07:58 gtw01 dnsmasq-dhcp[11126]: read /var/lib/neutron/dhcp/2c57749a-f6fd-405a-89f6-c8b51e424e6a/opts
Oct 18 09:07:59 gtw01 dnsmasq[11126]: read /var/lib/neutron/dhcp/2c57749a-f6fd-405a-89f6-c8b51e424e6a/addn_hosts - 4 addresses
Oct 18 09:07:59 gtw01 dnsmasq-dhcp[11126]: read /var/lib/neutron/dhcp/2c57749a-f6fd-405a-89f6-c8b51e424e6a/host
Oct 18 09:07:59 gtw01 dnsmasq-dhcp[11126]: read /var/lib/neutron/dhcp/2c57749a-f6fd-405a-89f6-c8b51e424e6a/opts
Oct 18 09:08:00 gtw01 dnsmasq[11126]: read /var/lib/neutron/dhcp/2c57749a-f6fd-405a-89f6-c8b51e424e6a/addn_hosts - 4 addresses
Oct 18 09:08:00 gtw01 dnsmasq-dhcp[11126]: read /var/lib/neutron/dhcp/2c57749a-f6fd-405a-89f6-c8b51e424e6a/host
Oct 18 09:08:00 gtw01 dnsmasq-dhcp[11126]: read /var/lib/neutron/dhcp/2c57749a-f6fd-405a-89f6-c8b51e424e6a/opts
Oct 18 09:08:03 gtw01 dnsmasq-dhcp[15657]: DHCPRELEASE(tap7a708a66-84) 192.168.120.7 fa:16:3e:9d:3f:1c
Oct 18 09:08:04 gtw01 dnsmasq-dhcp[11126]: DHCPDISCOVER(tapdee40cdd-bc) fa:16:3e:68:49:85
Oct 18 09:08:04 gtw01 dnsmasq-dhcp[11126]: DHCPOFFER(tapdee40cdd-bc) 192.168.120.5 fa:16:3e:68:49:85
Oct 18 09:08:04 gtw01 dnsmasq-dhcp[11126]: DHCPREQUEST(tapdee40cdd-bc) 192.168.120.5 fa:16:3e:68:49:85
Oct 18 09:08:04 gtw01 dnsmasq-dhcp[11126]: DHCPACK(tapdee40cdd-bc) 192.168.120.5 fa:16:3e:68:49:85 host-192-168-120-5
Oct 18 09:08:05 gtw01 dnsmasq[11126]: read /var/lib/neutron/dhcp/2c57749a-f6fd-405a-89f6-c8b51e424e6a/addn_hosts - 3 addresses
Oct 18 09:08:05 gtw01 dnsmasq-dhcp[11126]: read /var/lib/neutron/dhcp/2c57749a-f6fd-405a-89f6-c8b51e424e6a/host
Oct 18 09:08:05 gtw01 dnsmasq-dhcp[11126]: read /var/lib/neutron/dhcp/2c57749a-f6fd-405a-89f6-c8b51e424e6a/opts
Oct 18 09:08:08 gtw01 dnsmasq-dhcp[11126]: DHCPRELEASE(tapdee40cdd-bc) 192.168.120.5 fa:16:3e:68:49:85
Oct 18 09:08:08 gtw01 dnsmasq-dhcp[11126]: DHCPRELEASE(tapdee40cdd-bc) 192.168.120.5 fa:16:3e:68:49:85 unknown lease
Oct 18 09:08:09 gtw01 dnsmasq[11126]: read /var/lib/neutron/dhcp/2c57749a-f6fd-405a-89f6-c8b51e424e6a/addn_hosts - 2 addresses
Oct 18 09:08:09 gtw01 dnsmasq-dhcp[11126]: read /var/lib/neutron/dhcp/2c57749a-f6fd-405a-89f6-c8b51e424e6a/host
Oct 18 09:08:09 gtw01 dnsmasq-dhcp[11126]: read /var/lib/neutron/dhcp/2c57749a-f6fd-405a-89f6-c8b51e424e6a/opts
Oct 18 09:08:13 gtw01 dnsmasq[11126]: read /var/lib/neutron/dhcp/2c57749a-f6fd-405a-89f6-c8b51e424e6a/addn_hosts - 3 addresses
Oct 18 09:08:13 gtw01 dnsmasq-dhcp[11126]: read /var/lib/neutron/dhcp/2c57749a-f6fd-405a-89f6-c8b51e424e6a/host
Oct 18 09:08:13 gtw01 dnsmasq-dhcp[11126]: read /var/lib/neutron/dhcp/2c57749a-f6fd-405a-89f6-c8b51e424e6a/opts
Oct 18 09:08:15 gtw01 dnsmasq[11126]: read /var/lib/neutron/dhcp/2c57749a-f6fd-405a-89f6-c8b51e424e6a/addn_hosts - 3 addresses
Oct 18 09:08:15 gtw01 dnsmasq-dhcp[11126]: read /var/lib/neutron/dhcp/2c57749a-f6fd-405a-89f6-c8b51e424e6a/host
Oct 18 09:08:15 gtw01 dnsmasq-dhcp[11126]: read /var/lib/neutron/dhcp/2c57749a-f6fd-405a-89f6-c8b51e424e6a/opts
Oct 18 09:08:16 gtw01 dnsmasq[11126]: read /var/lib/neutron/dhcp/2c57749a-f6fd-405a-89f6-c8b51e424e6a/addn_hosts - 3 addresses
Oct 18 09:08:16 gtw01 dnsmasq-dhcp[11126]: read /var/lib/neutron/dhcp/2c57749a-f6fd-405a-89f6-c8b51e424e6a/host
Oct 18 09:08:16 gtw01 dnsmasq-dhcp[11126]: read /var/lib/neutron/dhcp/2c57749a-f6fd-405a-89f6-c8b51e424e6a/opts
Oct 18 09:08:22 gtw01 dnsmasq[11126]: read /var/lib/neutron/dhcp/2c57749a-f6fd-405a-89f6-c8b51e424e6a/addn_hosts - 2 addresses
Oct 18 09:08:22 gtw01 dnsmasq-dhcp[11126]: read /var/lib/neutron/dhcp/2c57749a-f6fd-405a-89f6-c8b51e424e6a/host
Oct 18 09:08:22 gtw01 dnsmasq-dhcp[11126]: read /var/lib/neutron/dhcp/2c57749a-f6fd-405a-89f6-c8b51e424e6a/opts
Oct 18 09:08:23 gtw01 dnsmasq-dhcp[15657]: DHCPDISCOVER(tap7a708a66-84) fa:16:3e:9d:3f:1c
Oct 18 09:08:23 gtw01 dnsmasq-dhcp[15657]: DHCPOFFER(tap7a708a66-84) 192.168.120.7 fa:16:3e:9d:3f:1c
Oct 18 09:08:23 gtw01 dnsmasq-dhcp[15657]: DHCPREQUEST(tap7a708a66-84) 192.168.120.7 fa:16:3e:9d:3f:1c
Oct 18 09:08:23 gtw01 dnsmasq-dhcp[15657]: DHCPACK(tap7a708a66-84) 192.168.120.7 fa:16:3e:9d:3f:1c host-192-168-120-7
Oct 18 09:08:26 gtw01 dnsmasq[11126]: read /var/lib/neutron/dhcp/2c57749a-f6fd-405a-89f6-c8b51e424e6a/addn_hosts - 3 addresses
Oct 18 09:08:26 gtw01 dnsmasq-dhcp[11126]: read /var/lib/neutron/dhcp/2c57749a-f6fd-405a-89f6-c8b51e424e6a/host
Oct 18 09:08:26 gtw01 dnsmasq-dhcp[11126]: read /var/lib/neutron/dhcp/2c57749a-f6fd-405a-89f6-c8b51e424e6a/opts
Oct 18 09:08:27 gtw01 dnsmasq[11126]: read /var/lib/neutron/dhcp/2c57749a-f6fd-405a-89f6-c8b51e424e6a/addn_hosts - 3 addresses
Oct 18 09:08:27 gtw01 dnsmasq-dhcp[11126]: read /var/lib/neutron/dhcp/2c57749a-f6fd-405a-89f6-c8b51e424e6a/host
Oct 18 09:08:27 gtw01 dnsmasq-dhcp[11126]: read /var/lib/neutron/dhcp/2c57749a-f6fd-405a-89f6-c8b51e424e6a/opts
Oct 18 09:08:28 gtw01 dnsmasq[11126]: read /var/lib/neutron/dhcp/2c57749a-f6fd-405a-89f6-c8b51e424e6a/addn_hosts - 3 addresses
Oct 18 09:08:28 gtw01 dnsmasq-dhcp[11126]: read /var/lib/neutron/dhcp/2c57749a-f6fd-405a-89f6-c8b51e424e6a/host
Oct 18 09:08:28 gtw01 dnsmasq-dhcp[11126]: read /var/lib/neutron/dhcp/2c57749a-f6fd-405a-89f6-c8b51e424e6a/opts
Oct 18 09:08:33 gtw01 dnsmasq-dhcp[15657]: DHCPRELEASE(tap7a708a66-84) 192.168.120.7 fa:16:3e:9d:3f:1c
Oct 18 09:08:41 gtw01 dnsmasq-dhcp[11126]: DHCPDISCOVER(tapdee40cdd-bc) fa:16:3e:b6:a9:25
Oct 18 09:08:41 gtw01 dnsmasq-dhcp[11126]: DHCPOFFER(tapdee40cdd-bc) 192.168.120.4 fa:16:3e:b6:a9:25
Oct 18 09:08:41 gtw01 dnsmasq-dhcp[11126]: DHCPREQUEST(tapdee40cdd-bc) 192.168.120.4 fa:16:3e:b6:a9:25
Oct 18 09:08:41 gtw01 dnsmasq-dhcp[11126]: DHCPACK(tapdee40cdd-bc) 192.168.120.4 fa:16:3e:b6:a9:25 host-192-168-120-4
Oct 18 09:08:42 gtw01 dnsmasq-dhcp[11126]: DHCPRELEASE(tapdee40cdd-bc) 192.168.120.4 fa:16:3e:b6:a9:25
Oct 18 09:08:48 gtw01 dnsmasq[11126]: read /var/lib/neutron/dhcp/2c57749a-f6fd-405a-89f6-c8b51e424e6a/addn_hosts - 2 addresses
Oct 18 09:08:48 gtw01 dnsmasq-dhcp[11126]: read /var/lib/neutron/dhcp/2c57749a-f6fd-405a-89f6-c8b51e424e6a/host
Oct 18 09:08:48 gtw01 dnsmasq-dhcp[11126]: read /var/lib/neutron/dhcp/2c57749a-f6fd-405a-89f6-c8b51e424e6a/opts
Oct 18 09:08:50 gtw01 dnsmasq-dhcp[15657]: DHCPDISCOVER(tap7a708a66-84) fa:16:3e:9d:3f:1c
Oct 18 09:08:50 gtw01 dnsmasq-dhcp[15657]: DHCPOFFER(tap7a708a66-84) 192.168.120.7 fa:16:3e:9d:3f:1c
Oct 18 09:08:50 gtw01 dnsmasq-dhcp[15657]: DHCPREQUEST(tap7a708a66-84) 192.168.120.7 fa:16:3e:9d:3f:1c
Oct 18 09:08:50 gtw01 dnsmasq-dhcp[15657]: DHCPACK(tap7a708a66-84) 192.168.120.7 fa:16:3e:9d:3f:1c host-192-168-120-7
Oct 18 09:09:00 gtw01 dnsmasq-dhcp[15657]: DHCPRELEASE(tap7a708a66-84) 192.168.120.7 fa:16:3e:9d:3f:1c
Oct 18 09:09:00 gtw01 dnsmasq-dhcp[15657]: DHCPRELEASE(tap7a708a66-84) 192.168.120.7 fa:16:3e:9d:3f:1c unknown lease
Oct 18 09:09:01 gtw01 dnsmasq[15657]: read /var/lib/neutron/dhcp/d6d1b507-60fb-402e-ade9-728c0896206a/addn_hosts - 2 addresses
Oct 18 09:09:01 gtw01 dnsmasq-dhcp[15657]: read /var/lib/neutron/dhcp/d6d1b507-60fb-402e-ade9-728c0896206a/host
Oct 18 09:09:01 gtw01 dnsmasq-dhcp[15657]: read /var/lib/neutron/dhcp/d6d1b507-60fb-402e-ade9-728c0896206a/opts
Oct 18 09:09:04 gtw01 kernel: [ 5769.334646] device tapc6aeb5f8-35 entered promiscuous mode
Oct 18 09:09:04 gtw01 systemd-udevd[16165]: Could not generate persistent MAC address for tapc6aeb5f8-35: No such file or directory
Oct 18 09:09:04 gtw01 systemd-udevd[16165]: Process '/sbin/ip link set tapc6aeb5f8-35 txqueuelen 10000' failed with exit code 1.
Oct 18 09:09:04 gtw01 systemd-udevd[16239]: Process '/sbin/ip link set tapc6aeb5f8-35 txqueuelen 10000' failed with exit code 1.
Oct 18 09:09:07 gtw01 dnsmasq[16307]: started, version 2.80 cachesize 150
Oct 18 09:09:07 gtw01 dnsmasq[16307]: DNS service limited to local subnets
Oct 18 09:09:07 gtw01 dnsmasq[16307]: compile time options: IPv6 GNU-getopt DBus i18n IDN DHCP DHCPv6 no-Lua TFTP conntrack ipset auth DNSSEC loop-detect inotify dumpfile
Oct 18 09:09:07 gtw01 dnsmasq[16307]: warning: no upstream servers configured
Oct 18 09:09:07 gtw01 dnsmasq-dhcp[16307]: DHCP, static leases only on 192.168.120.240, lease time 1h
Oct 18 09:09:07 gtw01 dnsmasq[16307]: read /var/lib/neutron/dhcp/20173f60-91df-4fe8-b6b1-893abcb60519/addn_hosts - 1 addresses
Oct 18 09:09:07 gtw01 dnsmasq-dhcp[16307]: read /var/lib/neutron/dhcp/20173f60-91df-4fe8-b6b1-893abcb60519/host
Oct 18 09:09:07 gtw01 dnsmasq-dhcp[16307]: read /var/lib/neutron/dhcp/20173f60-91df-4fe8-b6b1-893abcb60519/opts
Oct 18 09:09:07 gtw01 dnsmasq[15657]: read /var/lib/neutron/dhcp/d6d1b507-60fb-402e-ade9-728c0896206a/addn_hosts - 3 addresses
Oct 18 09:09:07 gtw01 dnsmasq-dhcp[15657]: read /var/lib/neutron/dhcp/d6d1b507-60fb-402e-ade9-728c0896206a/host
Oct 18 09:09:07 gtw01 dnsmasq-dhcp[15657]: read /var/lib/neutron/dhcp/d6d1b507-60fb-402e-ade9-728c0896206a/opts
Oct 18 09:09:07 gtw01 haproxy-metadata-proxy-20173f60-91df-4fe8-b6b1-893abcb60519[16315]: Proxy listener started.
Oct 18 09:09:08 gtw01 dnsmasq[16307]: read /var/lib/neutron/dhcp/20173f60-91df-4fe8-b6b1-893abcb60519/addn_hosts - 1 addresses
Oct 18 09:09:08 gtw01 dnsmasq-dhcp[16307]: read /var/lib/neutron/dhcp/20173f60-91df-4fe8-b6b1-893abcb60519/host
Oct 18 09:09:08 gtw01 dnsmasq-dhcp[16307]: read /var/lib/neutron/dhcp/20173f60-91df-4fe8-b6b1-893abcb60519/opts
Oct 18 09:09:08 gtw01 dnsmasq[15657]: read /var/lib/neutron/dhcp/d6d1b507-60fb-402e-ade9-728c0896206a/addn_hosts - 3 addresses
Oct 18 09:09:08 gtw01 dnsmasq-dhcp[15657]: read /var/lib/neutron/dhcp/d6d1b507-60fb-402e-ade9-728c0896206a/host
Oct 18 09:09:08 gtw01 dnsmasq-dhcp[15657]: read /var/lib/neutron/dhcp/d6d1b507-60fb-402e-ade9-728c0896206a/opts
Oct 18 09:09:09 gtw01 dnsmasq[16307]: read /var/lib/neutron/dhcp/20173f60-91df-4fe8-b6b1-893abcb60519/addn_hosts - 1 addresses
Oct 18 09:09:09 gtw01 dnsmasq-dhcp[16307]: read /var/lib/neutron/dhcp/20173f60-91df-4fe8-b6b1-893abcb60519/host
Oct 18 09:09:09 gtw01 dnsmasq-dhcp[16307]: read /var/lib/neutron/dhcp/20173f60-91df-4fe8-b6b1-893abcb60519/opts
Oct 18 09:09:09 gtw01 dnsmasq[15657]: read /var/lib/neutron/dhcp/d6d1b507-60fb-402e-ade9-728c0896206a/addn_hosts - 3 addresses
Oct 18 09:09:09 gtw01 dnsmasq-dhcp[15657]: read /var/lib/neutron/dhcp/d6d1b507-60fb-402e-ade9-728c0896206a/host
Oct 18 09:09:09 gtw01 dnsmasq-dhcp[15657]: read /var/lib/neutron/dhcp/d6d1b507-60fb-402e-ade9-728c0896206a/opts
Oct 18 09:09:10 gtw01 dnsmasq[16307]: read /var/lib/neutron/dhcp/20173f60-91df-4fe8-b6b1-893abcb60519/addn_hosts - 1 addresses
Oct 18 09:09:10 gtw01 dnsmasq-dhcp[16307]: read /var/lib/neutron/dhcp/20173f60-91df-4fe8-b6b1-893abcb60519/host
Oct 18 09:09:10 gtw01 dnsmasq-dhcp[16307]: read /var/lib/neutron/dhcp/20173f60-91df-4fe8-b6b1-893abcb60519/opts
Oct 18 09:09:22 gtw01 dnsmasq-dhcp[15657]: DHCPDISCOVER(tap7a708a66-84) fa:16:3e:07:fe:50
Oct 18 09:09:22 gtw01 dnsmasq-dhcp[15657]: DHCPOFFER(tap7a708a66-84) 192.168.120.7 fa:16:3e:07:fe:50
Oct 18 09:09:22 gtw01 dnsmasq-dhcp[15657]: DHCPREQUEST(tap7a708a66-84) 192.168.120.7 fa:16:3e:07:fe:50
Oct 18 09:09:22 gtw01 dnsmasq-dhcp[15657]: DHCPACK(tap7a708a66-84) 192.168.120.7 fa:16:3e:07:fe:50 host-192-168-120-7
Oct 18 09:09:35 gtw01 kernel: [ 5800.422876] device tapc7c192a2-ab entered promiscuous mode
Oct 18 09:09:35 gtw01 systemd-udevd[16423]: Could not generate persistent MAC address for tapc7c192a2-ab: No such file or directory
Oct 18 09:09:35 gtw01 systemd-udevd[16423]: Process '/sbin/ip link set tapc7c192a2-ab txqueuelen 10000' failed with exit code 1.
Oct 18 09:09:35 gtw01 systemd-udevd[16423]: Process '/sbin/ip link set tapc7c192a2-ab txqueuelen 10000' failed with exit code 1.
Oct 18 09:09:38 gtw01 dnsmasq[16557]: started, version 2.80 cachesize 150
Oct 18 09:09:38 gtw01 dnsmasq[16557]: DNS service limited to local subnets
Oct 18 09:09:38 gtw01 dnsmasq[16557]: compile time options: IPv6 GNU-getopt DBus i18n IDN DHCP DHCPv6 no-Lua TFTP conntrack ipset auth DNSSEC loop-detect inotify dumpfile
Oct 18 09:09:38 gtw01 dnsmasq[16557]: warning: no upstream servers configured
Oct 18 09:09:38 gtw01 dnsmasq-dhcp[16557]: DHCP, static leases only on 192.168.120.0, lease time 1h
Oct 18 09:09:38 gtw01 dnsmasq[16557]: read /var/lib/neutron/dhcp/7ccb278e-f3b7-421f-a04a-2fc227d7568a/addn_hosts - 1 addresses
Oct 18 09:09:38 gtw01 dnsmasq-dhcp[16557]: read /var/lib/neutron/dhcp/7ccb278e-f3b7-421f-a04a-2fc227d7568a/host
Oct 18 09:09:38 gtw01 dnsmasq-dhcp[16557]: read /var/lib/neutron/dhcp/7ccb278e-f3b7-421f-a04a-2fc227d7568a/opts
Oct 18 09:09:38 gtw01 haproxy-metadata-proxy-7ccb278e-f3b7-421f-a04a-2fc227d7568a[16561]: Proxy listener started.
Oct 18 09:09:39 gtw01 kernel: [ 5804.348345] device tapc7c192a2-ab left promiscuous mode
Oct 18 09:09:40 gtw01 dnsmasq-dhcp[15657]: DHCPRELEASE(tap7a708a66-84) 192.168.120.7 fa:16:3e:07:fe:50
Oct 18 09:09:41 gtw01 dnsmasq-dhcp[15657]: DHCPRELEASE(tap7a708a66-84) 192.168.120.7 fa:16:3e:07:fe:50 unknown lease
Oct 18 09:09:41 gtw01 dnsmasq[15657]: read /var/lib/neutron/dhcp/d6d1b507-60fb-402e-ade9-728c0896206a/addn_hosts - 2 addresses
Oct 18 09:09:41 gtw01 dnsmasq-dhcp[15657]: read /var/lib/neutron/dhcp/d6d1b507-60fb-402e-ade9-728c0896206a/host
Oct 18 09:09:41 gtw01 dnsmasq-dhcp[15657]: read /var/lib/neutron/dhcp/d6d1b507-60fb-402e-ade9-728c0896206a/opts
Oct 18 09:09:46 gtw01 systemd-udevd[16618]: Could not generate persistent MAC address for tapc4302127-17: No such file or directory
Oct 18 09:09:46 gtw01 kernel: [ 5811.632960] device tapc4302127-17 entered promiscuous mode
Oct 18 09:09:46 gtw01 systemd-udevd[16618]: Process '/sbin/ip link set tapc4302127-17 txqueuelen 10000' failed with exit code 1.
Oct 18 09:09:46 gtw01 systemd-udevd[16692]: Process '/sbin/ip link set tapc4302127-17 txqueuelen 10000' failed with exit code 1.
Oct 18 09:09:49 gtw01 dnsmasq[16752]: started, version 2.80 cachesize 150
Oct 18 09:09:49 gtw01 dnsmasq[16752]: DNS service limited to local subnets
Oct 18 09:09:49 gtw01 dnsmasq[16752]: compile time options: IPv6 GNU-getopt DBus i18n IDN DHCP DHCPv6 no-Lua TFTP conntrack ipset auth DNSSEC loop-detect inotify dumpfile
Oct 18 09:09:49 gtw01 dnsmasq[16752]: warning: no upstream servers configured
Oct 18 09:09:49 gtw01 dnsmasq-dhcp[16752]: DHCP, static leases only on 192.168.120.0, lease time 1h
Oct 18 09:09:49 gtw01 dnsmasq[16752]: read /var/lib/neutron/dhcp/9d7d9417-72e6-44f2-8dcb-9875d1df4db5/addn_hosts - 1 addresses
Oct 18 09:09:49 gtw01 dnsmasq-dhcp[16752]: read /var/lib/neutron/dhcp/9d7d9417-72e6-44f2-8dcb-9875d1df4db5/host
Oct 18 09:09:49 gtw01 dnsmasq-dhcp[16752]: read /var/lib/neutron/dhcp/9d7d9417-72e6-44f2-8dcb-9875d1df4db5/opts
Oct 18 09:09:50 gtw01 haproxy-metadata-proxy-9d7d9417-72e6-44f2-8dcb-9875d1df4db5[16756]: Proxy listener started.
Oct 18 09:09:50 gtw01 kernel: [ 5815.611293] device tapc4302127-17 left promiscuous mode
Oct 18 09:09:51 gtw01 kernel: [ 5816.075225] device tapc6aeb5f8-35 left promiscuous mode
Oct 18 09:09:51 gtw01 dnsmasq[15657]: read /var/lib/neutron/dhcp/d6d1b507-60fb-402e-ade9-728c0896206a/addn_hosts - 1 addresses
Oct 18 09:09:51 gtw01 dnsmasq-dhcp[15657]: read /var/lib/neutron/dhcp/d6d1b507-60fb-402e-ade9-728c0896206a/host
Oct 18 09:09:51 gtw01 dnsmasq-dhcp[15657]: read /var/lib/neutron/dhcp/d6d1b507-60fb-402e-ade9-728c0896206a/opts
Oct 18 09:09:55 gtw01 kernel: [ 5820.459346] device tap7a708a66-84 left promiscuous mode
Oct 18 09:10:00 gtw01 kernel: [ 5825.234798] device tap0b05165b-ca entered promiscuous mode
Oct 18 09:10:00 gtw01 systemd-udevd[16821]: Could not generate persistent MAC address for tap0b05165b-ca: No such file or directory
Oct 18 09:10:00 gtw01 systemd-udevd[16821]: Process '/sbin/ip link set tap0b05165b-ca txqueuelen 10000' failed with exit code 1.
Oct 18 09:10:00 gtw01 systemd-udevd[16895]: Process '/sbin/ip link set tap0b05165b-ca txqueuelen 10000' failed with exit code 1.
Oct 18 09:10:02 gtw01 systemd-udevd[16946]: Could not generate persistent MAC address for tapd63105d1-ff: No such file or directory
Oct 18 09:10:02 gtw01 kernel: [ 5827.039656] device tapd63105d1-ff entered promiscuous mode
