Oct 18 09:00:16 gtw01 dnsmasq-dhcp[10439]: read /var/lib/neutron/dhcp/968f4a1d-cba1-469b-b7d6-34c2a3492151/host
Oct 18 09:00:16 gtw01 dnsmasq-dhcp[10439]: read /var/lib/neutron/dhcp/968f4a1d-cba1-469b-b7d6-34c2a3492151/opts
Oct 18 09:00:20 gtw01 dnsmasq[10439]: read /var/lib/neutron/dhcp/968f4a1d-cba1-469b-b7d6-34c2a3492151/addn_hosts - 2 addresses
Oct 18 09:00:20 gtw01 dnsmasq-dhcp[10439]: read /var/lib/neutron/dhcp/968f4a1d-cba1-469b-b7d6-34c2a3492151/host
Oct 18 09:00:20 gtw01 dnsmasq-dhcp[10439]: read /var/lib/neutron/dhcp/968f4a1d-cba1-469b-b7d6-34c2a3492151/opts
Oct 18 09:00:24 gtw01 dnsmasq[10439]: read /var/lib/neutron/dhcp/968f4a1d-cba1-469b-b7d6-34c2a3492151/addn_hosts - 2 addresses
Oct 18 09:00:24 gtw01 dnsmasq-dhcp[10439]: read /var/lib/neutron/dhcp/968f4a1d-cba1-469b-b7d6-34c2a3492151/host
Oct 18 09:00:24 gtw01 dnsmasq-dhcp[10439]: read /var/lib/neutron/dhcp/968f4a1d-cba1-469b-b7d6-34c2a3492151/opts
Oct 18 09:00:25 gtw01 kernel: [ 5250.371236] device tapd7ac181b-c1 left promiscuous mode
Oct 18 09:00:44 gtw01 kernel: [ 5268.975736] device tap1daaafb6-d6 entered promiscuous mode
Oct 18 09:00:44 gtw01 systemd-udevd[10635]: Could not generate persistent MAC address for tap1daaafb6-d6: No such file or directory
Oct 18 09:00:44 gtw01 systemd-udevd[10635]: Process '/sbin/ip link set tap1daaafb6-d6 txqueuelen 10000' failed with exit code 1.
Oct 18 09:00:44 gtw01 systemd-udevd[10635]: Process '/sbin/ip link set tap1daaafb6-d6 txqueuelen 10000' failed with exit code 1.
Oct 18 09:00:47 gtw01 dnsmasq[10769]: started, version 2.80 cachesize 150
Oct 18 09:00:47 gtw01 dnsmasq[10769]: DNS service limited to local subnets
Oct 18 09:00:47 gtw01 dnsmasq[10769]: compile time options: IPv6 GNU-getopt DBus i18n IDN DHCP DHCPv6 no-Lua TFTP conntrack ipset auth DNSSEC loop-detect inotify dumpfile
Oct 18 09:00:47 gtw01 dnsmasq[10769]: warning: no upstream servers configured
Oct 18 09:00:47 gtw01 dnsmasq-dhcp[10769]: DHCP, static leases only on 10.2.4.0, lease time 1h
Oct 18 09:00:47 gtw01 dnsmasq[10769]: read /var/lib/neutron/dhcp/8aef3ee1-f61b-48c1-9acd-92b55e4d6525/addn_hosts - 1 addresses
Oct 18 09:00:47 gtw01 dnsmasq-dhcp[10769]: read /var/lib/neutron/dhcp/8aef3ee1-f61b-48c1-9acd-92b55e4d6525/host
Oct 18 09:00:47 gtw01 dnsmasq-dhcp[10769]: read /var/lib/neutron/dhcp/8aef3ee1-f61b-48c1-9acd-92b55e4d6525/opts
Oct 18 09:00:47 gtw01 haproxy-metadata-proxy-8aef3ee1-f61b-48c1-9acd-92b55e4d6525[10773]: Proxy listener started.
Oct 18 09:00:48 gtw01 dnsmasq[10769]: read /var/lib/neutron/dhcp/8aef3ee1-f61b-48c1-9acd-92b55e4d6525/addn_hosts - 2 addresses
Oct 18 09:00:48 gtw01 dnsmasq-dhcp[10769]: read /var/lib/neutron/dhcp/8aef3ee1-f61b-48c1-9acd-92b55e4d6525/host
Oct 18 09:00:48 gtw01 dnsmasq-dhcp[10769]: read /var/lib/neutron/dhcp/8aef3ee1-f61b-48c1-9acd-92b55e4d6525/opts
Oct 18 09:00:49 gtw01 dnsmasq[10769]: read /var/lib/neutron/dhcp/8aef3ee1-f61b-48c1-9acd-92b55e4d6525/addn_hosts - 2 addresses
Oct 18 09:00:49 gtw01 dnsmasq-dhcp[10769]: read /var/lib/neutron/dhcp/8aef3ee1-f61b-48c1-9acd-92b55e4d6525/host
Oct 18 09:00:49 gtw01 dnsmasq-dhcp[10769]: read /var/lib/neutron/dhcp/8aef3ee1-f61b-48c1-9acd-92b55e4d6525/opts
Oct 18 09:00:49 gtw01 dnsmasq[7120]: read /var/lib/neutron/dhcp/c83bd765-a459-42c1-8b5a-40e65bc4b9c7/addn_hosts - 3 addresses
Oct 18 09:00:49 gtw01 dnsmasq-dhcp[7120]: read /var/lib/neutron/dhcp/c83bd765-a459-42c1-8b5a-40e65bc4b9c7/host
Oct 18 09:00:49 gtw01 dnsmasq-dhcp[7120]: read /var/lib/neutron/dhcp/c83bd765-a459-42c1-8b5a-40e65bc4b9c7/opts
Oct 18 09:00:50 gtw01 dnsmasq[10769]: read /var/lib/neutron/dhcp/8aef3ee1-f61b-48c1-9acd-92b55e4d6525/addn_hosts - 2 addresses
Oct 18 09:00:50 gtw01 dnsmasq-dhcp[10769]: read /var/lib/neutron/dhcp/8aef3ee1-f61b-48c1-9acd-92b55e4d6525/host
Oct 18 09:00:50 gtw01 dnsmasq-dhcp[10769]: read /var/lib/neutron/dhcp/8aef3ee1-f61b-48c1-9acd-92b55e4d6525/opts
Oct 18 09:00:50 gtw01 dnsmasq[7120]: read /var/lib/neutron/dhcp/c83bd765-a459-42c1-8b5a-40e65bc4b9c7/addn_hosts - 3 addresses
Oct 18 09:00:50 gtw01 dnsmasq-dhcp[7120]: read /var/lib/neutron/dhcp/c83bd765-a459-42c1-8b5a-40e65bc4b9c7/host
Oct 18 09:00:50 gtw01 dnsmasq-dhcp[7120]: read /var/lib/neutron/dhcp/c83bd765-a459-42c1-8b5a-40e65bc4b9c7/opts
Oct 18 09:00:51 gtw01 dnsmasq[10769]: read /var/lib/neutron/dhcp/8aef3ee1-f61b-48c1-9acd-92b55e4d6525/addn_hosts - 2 addresses
Oct 18 09:00:51 gtw01 dnsmasq-dhcp[10769]: read /var/lib/neutron/dhcp/8aef3ee1-f61b-48c1-9acd-92b55e4d6525/host
Oct 18 09:00:51 gtw01 dnsmasq-dhcp[10769]: read /var/lib/neutron/dhcp/8aef3ee1-f61b-48c1-9acd-92b55e4d6525/opts
Oct 18 09:00:51 gtw01 dnsmasq[7120]: read /var/lib/neutron/dhcp/c83bd765-a459-42c1-8b5a-40e65bc4b9c7/addn_hosts - 3 addresses
Oct 18 09:00:51 gtw01 dnsmasq-dhcp[7120]: read /var/lib/neutron/dhcp/c83bd765-a459-42c1-8b5a-40e65bc4b9c7/host
Oct 18 09:00:51 gtw01 dnsmasq-dhcp[7120]: read /var/lib/neutron/dhcp/c83bd765-a459-42c1-8b5a-40e65bc4b9c7/opts
Oct 18 09:00:52 gtw01 dnsmasq[10769]: read /var/lib/neutron/dhcp/8aef3ee1-f61b-48c1-9acd-92b55e4d6525/addn_hosts - 2 addresses
Oct 18 09:00:52 gtw01 dnsmasq-dhcp[10769]: read /var/lib/neutron/dhcp/8aef3ee1-f61b-48c1-9acd-92b55e4d6525/host
Oct 18 09:00:52 gtw01 dnsmasq-dhcp[10769]: read /var/lib/neutron/dhcp/8aef3ee1-f61b-48c1-9acd-92b55e4d6525/opts
Oct 18 09:01:06 gtw01 dnsmasq[7120]: read /var/lib/neutron/dhcp/c83bd765-a459-42c1-8b5a-40e65bc4b9c7/addn_hosts - 2 addresses
Oct 18 09:01:06 gtw01 dnsmasq-dhcp[7120]: read /var/lib/neutron/dhcp/c83bd765-a459-42c1-8b5a-40e65bc4b9c7/host
Oct 18 09:01:06 gtw01 dnsmasq-dhcp[7120]: read /var/lib/neutron/dhcp/c83bd765-a459-42c1-8b5a-40e65bc4b9c7/opts
Oct 18 09:01:13 gtw01 dnsmasq[10769]: read /var/lib/neutron/dhcp/8aef3ee1-f61b-48c1-9acd-92b55e4d6525/addn_hosts - 2 addresses
Oct 18 09:01:13 gtw01 dnsmasq-dhcp[10769]: read /var/lib/neutron/dhcp/8aef3ee1-f61b-48c1-9acd-92b55e4d6525/host
Oct 18 09:01:13 gtw01 dnsmasq-dhcp[10769]: read /var/lib/neutron/dhcp/8aef3ee1-f61b-48c1-9acd-92b55e4d6525/opts
Oct 18 09:01:14 gtw01 kernel: [ 5299.683958] device tap1daaafb6-d6 left promiscuous mode
Oct 18 09:02:51 gtw01 dnsmasq[7120]: read /var/lib/neutron/dhcp/c83bd765-a459-42c1-8b5a-40e65bc4b9c7/addn_hosts - 1 addresses
Oct 18 09:02:51 gtw01 dnsmasq-dhcp[7120]: read /var/lib/neutron/dhcp/c83bd765-a459-42c1-8b5a-40e65bc4b9c7/host
Oct 18 09:02:51 gtw01 dnsmasq-dhcp[7120]: read /var/lib/neutron/dhcp/c83bd765-a459-42c1-8b5a-40e65bc4b9c7/opts
Oct 18 09:02:55 gtw01 kernel: [ 5400.482842] device tap00dc0385-ec left promiscuous mode
Oct 18 09:03:06 gtw01 kernel: [ 5410.964843] device tapdee40cdd-bc entered promiscuous mode
Oct 18 09:03:06 gtw01 systemd-udevd[10992]: Could not generate persistent MAC address for tapdee40cdd-bc: No such file or directory
Oct 18 09:03:06 gtw01 systemd-udevd[10992]: Process '/sbin/ip link set tapdee40cdd-bc txqueuelen 10000' failed with exit code 1.
Oct 18 09:03:06 gtw01 systemd-udevd[11066]: Process '/sbin/ip link set tapdee40cdd-bc txqueuelen 10000' failed with exit code 1.
Oct 18 09:03:09 gtw01 dnsmasq[11126]: started, version 2.80 cachesize 150
Oct 18 09:03:09 gtw01 dnsmasq[11126]: DNS service limited to local subnets
Oct 18 09:03:09 gtw01 dnsmasq[11126]: compile time options: IPv6 GNU-getopt DBus i18n IDN DHCP DHCPv6 no-Lua TFTP conntrack ipset auth DNSSEC loop-detect inotify dumpfile
Oct 18 09:03:09 gtw01 dnsmasq[11126]: warning: no upstream servers configured
Oct 18 09:03:09 gtw01 dnsmasq-dhcp[11126]: DHCP, static leases only on 192.168.120.0, lease time 1h
Oct 18 09:03:09 gtw01 dnsmasq[11126]: read /var/lib/neutron/dhcp/2c57749a-f6fd-405a-89f6-c8b51e424e6a/addn_hosts - 1 addresses
Oct 18 09:03:09 gtw01 dnsmasq-dhcp[11126]: read /var/lib/neutron/dhcp/2c57749a-f6fd-405a-89f6-c8b51e424e6a/host
Oct 18 09:03:09 gtw01 dnsmasq-dhcp[11126]: read /var/lib/neutron/dhcp/2c57749a-f6fd-405a-89f6-c8b51e424e6a/opts
Oct 18 09:03:09 gtw01 haproxy-metadata-proxy-2c57749a-f6fd-405a-89f6-c8b51e424e6a[11130]: Proxy listener started.
Oct 18 09:03:10 gtw01 dnsmasq[11126]: read /var/lib/neutron/dhcp/2c57749a-f6fd-405a-89f6-c8b51e424e6a/addn_hosts - 2 addresses
Oct 18 09:03:10 gtw01 dnsmasq-dhcp[11126]: read /var/lib/neutron/dhcp/2c57749a-f6fd-405a-89f6-c8b51e424e6a/host
Oct 18 09:03:10 gtw01 dnsmasq-dhcp[11126]: read /var/lib/neutron/dhcp/2c57749a-f6fd-405a-89f6-c8b51e424e6a/opts
Oct 18 09:03:11 gtw01 dnsmasq[11126]: read /var/lib/neutron/dhcp/2c57749a-f6fd-405a-89f6-c8b51e424e6a/addn_hosts - 2 addresses
Oct 18 09:03:11 gtw01 dnsmasq-dhcp[11126]: read /var/lib/neutron/dhcp/2c57749a-f6fd-405a-89f6-c8b51e424e6a/host
Oct 18 09:03:11 gtw01 dnsmasq-dhcp[11126]: read /var/lib/neutron/dhcp/2c57749a-f6fd-405a-89f6-c8b51e424e6a/opts
Oct 18 09:03:12 gtw01 dnsmasq[11126]: read /var/lib/neutron/dhcp/2c57749a-f6fd-405a-89f6-c8b51e424e6a/addn_hosts - 2 addresses
Oct 18 09:03:12 gtw01 dnsmasq-dhcp[11126]: read /var/lib/neutron/dhcp/2c57749a-f6fd-405a-89f6-c8b51e424e6a/host
Oct 18 09:03:12 gtw01 dnsmasq-dhcp[11126]: read /var/lib/neutron/dhcp/2c57749a-f6fd-405a-89f6-c8b51e424e6a/opts
Oct 18 09:03:13 gtw01 dnsmasq[11126]: read /var/lib/neutron/dhcp/2c57749a-f6fd-405a-89f6-c8b51e424e6a/addn_hosts - 2 addresses
Oct 18 09:03:13 gtw01 dnsmasq-dhcp[11126]: read /var/lib/neutron/dhcp/2c57749a-f6fd-405a-89f6-c8b51e424e6a/host
Oct 18 09:03:13 gtw01 dnsmasq-dhcp[11126]: read /var/lib/neutron/dhcp/2c57749a-f6fd-405a-89f6-c8b51e424e6a/opts
Oct 18 09:03:14 gtw01 dnsmasq[11126]: read /var/lib/neutron/dhcp/2c57749a-f6fd-405a-89f6-c8b51e424e6a/addn_hosts - 2 addresses
Oct 18 09:03:14 gtw01 dnsmasq-dhcp[11126]: read /var/lib/neutron/dhcp/2c57749a-f6fd-405a-89f6-c8b51e424e6a/host
Oct 18 09:03:14 gtw01 dnsmasq-dhcp[11126]: read /var/lib/neutron/dhcp/2c57749a-f6fd-405a-89f6-c8b51e424e6a/opts
Oct 18 09:03:57 gtw01 dnsmasq[11126]: read /var/lib/neutron/dhcp/2c57749a-f6fd-405a-89f6-c8b51e424e6a/addn_hosts - 3 addresses
Oct 18 09:03:57 gtw01 dnsmasq-dhcp[11126]: read /var/lib/neutron/dhcp/2c57749a-f6fd-405a-89f6-c8b51e424e6a/host
Oct 18 09:03:57 gtw01 dnsmasq-dhcp[11126]: read /var/lib/neutron/dhcp/2c57749a-f6fd-405a-89f6-c8b51e424e6a/opts
Oct 18 09:03:59 gtw01 dnsmasq[11126]: read /var/lib/neutron/dhcp/2c57749a-f6fd-405a-89f6-c8b51e424e6a/addn_hosts - 3 addresses
Oct 18 09:03:59 gtw01 dnsmasq-dhcp[11126]: read /var/lib/neutron/dhcp/2c57749a-f6fd-405a-89f6-c8b51e424e6a/host
Oct 18 09:03:59 gtw01 dnsmasq-dhcp[11126]: read /var/lib/neutron/dhcp/2c57749a-f6fd-405a-89f6-c8b51e424e6a/opts
Oct 18 09:04:00 gtw01 dnsmasq[11126]: read /var/lib/neutron/dhcp/2c57749a-f6fd-405a-89f6-c8b51e424e6a/addn_hosts - 4 addresses
Oct 18 09:04:00 gtw01 dnsmasq-dhcp[11126]: read /var/lib/neutron/dhcp/2c57749a-f6fd-405a-89f6-c8b51e424e6a/host
Oct 18 09:04:00 gtw01 dnsmasq-dhcp[11126]: read /var/lib/neutron/dhcp/2c57749a-f6fd-405a-89f6-c8b51e424e6a/opts
Oct 18 09:04:01 gtw01 dnsmasq[11126]: read /var/lib/neutron/dhcp/2c57749a-f6fd-405a-89f6-c8b51e424e6a/addn_hosts - 5 addresses
Oct 18 09:04:01 gtw01 dnsmasq-dhcp[11126]: read /var/lib/neutron/dhcp/2c57749a-f6fd-405a-89f6-c8b51e424e6a/host
Oct 18 09:04:01 gtw01 dnsmasq-dhcp[11126]: read /var/lib/neutron/dhcp/2c57749a-f6fd-405a-89f6-c8b51e424e6a/opts
Oct 18 09:04:02 gtw01 dnsmasq[11126]: read /var/lib/neutron/dhcp/2c57749a-f6fd-405a-89f6-c8b51e424e6a/addn_hosts - 6 addresses
Oct 18 09:04:02 gtw01 dnsmasq-dhcp[11126]: read /var/lib/neutron/dhcp/2c57749a-f6fd-405a-89f6-c8b51e424e6a/host
Oct 18 09:04:02 gtw01 dnsmasq-dhcp[11126]: read /var/lib/neutron/dhcp/2c57749a-f6fd-405a-89f6-c8b51e424e6a/opts
Oct 18 09:04:03 gtw01 dnsmasq[11126]: read /var/lib/neutron/dhcp/2c57749a-f6fd-405a-89f6-c8b51e424e6a/addn_hosts - 6 addresses
Oct 18 09:04:03 gtw01 dnsmasq-dhcp[11126]: read /var/lib/neutron/dhcp/2c57749a-f6fd-405a-89f6-c8b51e424e6a/host
Oct 18 09:04:03 gtw01 dnsmasq-dhcp[11126]: read /var/lib/neutron/dhcp/2c57749a-f6fd-405a-89f6-c8b51e424e6a/opts
Oct 18 09:04:04 gtw01 dnsmasq[11126]: read /var/lib/neutron/dhcp/2c57749a-f6fd-405a-89f6-c8b51e424e6a/addn_hosts - 6 addresses
Oct 18 09:04:04 gtw01 dnsmasq-dhcp[11126]: read /var/lib/neutron/dhcp/2c57749a-f6fd-405a-89f6-c8b51e424e6a/host
Oct 18 09:04:04 gtw01 dnsmasq-dhcp[11126]: read /var/lib/neutron/dhcp/2c57749a-f6fd-405a-89f6-c8b51e424e6a/opts
Oct 18 09:04:05 gtw01 dnsmasq[11126]: read /var/lib/neutron/dhcp/2c57749a-f6fd-405a-89f6-c8b51e424e6a/addn_hosts - 7 addresses
Oct 18 09:04:05 gtw01 dnsmasq-dhcp[11126]: read /var/lib/neutron/dhcp/2c57749a-f6fd-405a-89f6-c8b51e424e6a/host
Oct 18 09:04:05 gtw01 dnsmasq-dhcp[11126]: read /var/lib/neutron/dhcp/2c57749a-f6fd-405a-89f6-c8b51e424e6a/opts
Oct 18 09:04:06 gtw01 dnsmasq[11126]: read /var/lib/neutron/dhcp/2c57749a-f6fd-405a-89f6-c8b51e424e6a/addn_hosts - 7 addresses
Oct 18 09:04:06 gtw01 dnsmasq-dhcp[11126]: read /var/lib/neutron/dhcp/2c57749a-f6fd-405a-89f6-c8b51e424e6a/host
Oct 18 09:04:06 gtw01 dnsmasq-dhcp[11126]: read /var/lib/neutron/dhcp/2c57749a-f6fd-405a-89f6-c8b51e424e6a/opts
Oct 18 09:04:06 gtw01 dnsmasq[11126]: read /var/lib/neutron/dhcp/2c57749a-f6fd-405a-89f6-c8b51e424e6a/addn_hosts - 7 addresses
Oct 18 09:04:06 gtw01 dnsmasq-dhcp[11126]: read /var/lib/neutron/dhcp/2c57749a-f6fd-405a-89f6-c8b51e424e6a/host
Oct 18 09:04:06 gtw01 dnsmasq-dhcp[11126]: read /var/lib/neutron/dhcp/2c57749a-f6fd-405a-89f6-c8b51e424e6a/opts
Oct 18 09:04:07 gtw01 dnsmasq[11126]: read /var/lib/neutron/dhcp/2c57749a-f6fd-405a-89f6-c8b51e424e6a/addn_hosts - 7 addresses
Oct 18 09:04:07 gtw01 dnsmasq-dhcp[11126]: read /var/lib/neutron/dhcp/2c57749a-f6fd-405a-89f6-c8b51e424e6a/host
Oct 18 09:04:07 gtw01 dnsmasq-dhcp[11126]: read /var/lib/neutron/dhcp/2c57749a-f6fd-405a-89f6-c8b51e424e6a/opts
Oct 18 09:04:08 gtw01 dnsmasq[11126]: read /var/lib/neutron/dhcp/2c57749a-f6fd-405a-89f6-c8b51e424e6a/addn_hosts - 7 addresses
Oct 18 09:04:08 gtw01 dnsmasq-dhcp[11126]: read /var/lib/neutron/dhcp/2c57749a-f6fd-405a-89f6-c8b51e424e6a/host
Oct 18 09:04:08 gtw01 dnsmasq-dhcp[11126]: read /var/lib/neutron/dhcp/2c57749a-f6fd-405a-89f6-c8b51e424e6a/opts
Oct 18 09:04:09 gtw01 dnsmasq[11126]: read /var/lib/neutron/dhcp/2c57749a-f6fd-405a-89f6-c8b51e424e6a/addn_hosts - 7 addresses
Oct 18 09:04:09 gtw01 dnsmasq-dhcp[11126]: read /var/lib/neutron/dhcp/2c57749a-f6fd-405a-89f6-c8b51e424e6a/host
Oct 18 09:04:09 gtw01 dnsmasq-dhcp[11126]: read /var/lib/neutron/dhcp/2c57749a-f6fd-405a-89f6-c8b51e424e6a/opts
Oct 18 09:04:10 gtw01 dnsmasq[11126]: read /var/lib/neutron/dhcp/2c57749a-f6fd-405a-89f6-c8b51e424e6a/addn_hosts - 8 addresses
Oct 18 09:04:10 gtw01 dnsmasq-dhcp[11126]: read /var/lib/neutron/dhcp/2c57749a-f6fd-405a-89f6-c8b51e424e6a/host
Oct 18 09:04:10 gtw01 dnsmasq-dhcp[11126]: read /var/lib/neutron/dhcp/2c57749a-f6fd-405a-89f6-c8b51e424e6a/opts
Oct 18 09:04:12 gtw01 dnsmasq[11126]: read /var/lib/neutron/dhcp/2c57749a-f6fd-405a-89f6-c8b51e424e6a/addn_hosts - 8 addresses
Oct 18 09:04:12 gtw01 dnsmasq-dhcp[11126]: read /var/lib/neutron/dhcp/2c57749a-f6fd-405a-89f6-c8b51e424e6a/host
Oct 18 09:04:12 gtw01 dnsmasq-dhcp[11126]: read /var/lib/neutron/dhcp/2c57749a-f6fd-405a-89f6-c8b51e424e6a/opts
Oct 18 09:04:12 gtw01 dnsmasq[11126]: read /var/lib/neutron/dhcp/2c57749a-f6fd-405a-89f6-c8b51e424e6a/addn_hosts - 8 addresses
Oct 18 09:04:12 gtw01 dnsmasq-dhcp[11126]: read /var/lib/neutron/dhcp/2c57749a-f6fd-405a-89f6-c8b51e424e6a/host
Oct 18 09:04:12 gtw01 dnsmasq-dhcp[11126]: read /var/lib/neutron/dhcp/2c57749a-f6fd-405a-89f6-c8b51e424e6a/opts
Oct 18 09:04:13 gtw01 dnsmasq[11126]: read /var/lib/neutron/dhcp/2c57749a-f6fd-405a-89f6-c8b51e424e6a/addn_hosts - 8 addresses
Oct 18 09:04:13 gtw01 dnsmasq-dhcp[11126]: read /var/lib/neutron/dhcp/2c57749a-f6fd-405a-89f6-c8b51e424e6a/host
Oct 18 09:04:13 gtw01 dnsmasq-dhcp[11126]: read /var/lib/neutron/dhcp/2c57749a-f6fd-405a-89f6-c8b51e424e6a/opts
Oct 18 09:04:15 gtw01 dnsmasq[11126]: read /var/lib/neutron/dhcp/2c57749a-f6fd-405a-89f6-c8b51e424e6a/addn_hosts - 8 addresses
Oct 18 09:04:15 gtw01 dnsmasq-dhcp[11126]: read /var/lib/neutron/dhcp/2c57749a-f6fd-405a-89f6-c8b51e424e6a/host
Oct 18 09:04:15 gtw01 dnsmasq-dhcp[11126]: read /var/lib/neutron/dhcp/2c57749a-f6fd-405a-89f6-c8b51e424e6a/opts
Oct 18 09:04:15 gtw01 dnsmasq[11126]: read /var/lib/neutron/dhcp/2c57749a-f6fd-405a-89f6-c8b51e424e6a/addn_hosts - 7 addresses
Oct 18 09:04:15 gtw01 dnsmasq-dhcp[11126]: read /var/lib/neutron/dhcp/2c57749a-f6fd-405a-89f6-c8b51e424e6a/host
Oct 18 09:04:15 gtw01 dnsmasq-dhcp[11126]: read /var/lib/neutron/dhcp/2c57749a-f6fd-405a-89f6-c8b51e424e6a/opts
Oct 18 09:04:16 gtw01 dnsmasq[11126]: read /var/lib/neutron/dhcp/2c57749a-f6fd-405a-89f6-c8b51e424e6a/addn_hosts - 6 addresses
Oct 18 09:04:16 gtw01 dnsmasq-dhcp[11126]: read /var/lib/neutron/dhcp/2c57749a-f6fd-405a-89f6-c8b51e424e6a/host
Oct 18 09:04:16 gtw01 dnsmasq-dhcp[11126]: read /var/lib/neutron/dhcp/2c57749a-f6fd-405a-89f6-c8b51e424e6a/opts
Oct 18 09:04:17 gtw01 dnsmasq[11126]: read /var/lib/neutron/dhcp/2c57749a-f6fd-405a-89f6-c8b51e424e6a/addn_hosts - 5 addresses
Oct 18 09:04:17 gtw01 dnsmasq-dhcp[11126]: read /var/lib/neutron/dhcp/2c57749a-f6fd-405a-89f6-c8b51e424e6a/host
Oct 18 09:04:17 gtw01 dnsmasq-dhcp[11126]: read /var/lib/neutron/dhcp/2c57749a-f6fd-405a-89f6-c8b51e424e6a/opts
Oct 18 09:04:19 gtw01 dnsmasq[11126]: read /var/lib/neutron/dhcp/2c57749a-f6fd-405a-89f6-c8b51e424e6a/addn_hosts - 4 addresses
Oct 18 09:04:19 gtw01 dnsmasq-dhcp[11126]: read /var/lib/neutron/dhcp/2c57749a-f6fd-405a-89f6-c8b51e424e6a/host
Oct 18 09:04:19 gtw01 dnsmasq-dhcp[11126]: read /var/lib/neutron/dhcp/2c57749a-f6fd-405a-89f6-c8b51e424e6a/opts
Oct 18 09:04:20 gtw01 dnsmasq[11126]: read /var/lib/neutron/dhcp/2c57749a-f6fd-405a-89f6-c8b51e424e6a/addn_hosts - 3 addresses
Oct 18 09:04:20 gtw01 dnsmasq-dhcp[11126]: read /var/lib/neutron/dhcp/2c57749a-f6fd-405a-89f6-c8b51e424e6a/host
Oct 18 09:04:20 gtw01 dnsmasq-dhcp[11126]: read /var/lib/neutron/dhcp/2c57749a-f6fd-405a-89f6-c8b51e424e6a/opts
Oct 18 09:04:23 gtw01 dnsmasq[11126]: read /var/lib/neutron/dhcp/2c57749a-f6fd-405a-89f6-c8b51e424e6a/addn_hosts - 2 addresses
Oct 18 09:04:23 gtw01 dnsmasq-dhcp[11126]: read /var/lib/neutron/dhcp/2c57749a-f6fd-405a-89f6-c8b51e424e6a/host
Oct 18 09:04:23 gtw01 dnsmasq-dhcp[11126]: read /var/lib/neutron/dhcp/2c57749a-f6fd-405a-89f6-c8b51e424e6a/opts
Oct 18 09:04:27 gtw01 kernel: [ 5492.026556] device tapa4376bdc-e6 entered promiscuous mode
Oct 18 09:04:27 gtw01 systemd-udevd[11618]: Could not generate persistent MAC address for tapa4376bdc-e6: No such file or directory
Oct 18 09:04:27 gtw01 systemd-udevd[11618]: Process '/sbin/ip link set tapa4376bdc-e6 txqueuelen 10000' failed with exit code 1.
Oct 18 09:04:27 gtw01 dnsmasq[11126]: read /var/lib/neutron/dhcp/2c57749a-f6fd-405a-89f6-c8b51e424e6a/addn_hosts - 3 addresses
Oct 18 09:04:27 gtw01 dnsmasq-dhcp[11126]: read /var/lib/neutron/dhcp/2c57749a-f6fd-405a-89f6-c8b51e424e6a/host
Oct 18 09:04:27 gtw01 dnsmasq-dhcp[11126]: read /var/lib/neutron/dhcp/2c57749a-f6fd-405a-89f6-c8b51e424e6a/opts
Oct 18 09:04:28 gtw01 dnsmasq[11126]: read /var/lib/neutron/dhcp/2c57749a-f6fd-405a-89f6-c8b51e424e6a/addn_hosts - 3 addresses
Oct 18 09:04:28 gtw01 dnsmasq-dhcp[11126]: read /var/lib/neutron/dhcp/2c57749a-f6fd-405a-89f6-c8b51e424e6a/host
Oct 18 09:04:28 gtw01 dnsmasq-dhcp[11126]: read /var/lib/neutron/dhcp/2c57749a-f6fd-405a-89f6-c8b51e424e6a/opts
Oct 18 09:04:29 gtw01 dnsmasq[11126]: read /var/lib/neutron/dhcp/2c57749a-f6fd-405a-89f6-c8b51e424e6a/addn_hosts - 3 addresses
Oct 18 09:04:29 gtw01 dnsmasq-dhcp[11126]: read /var/lib/neutron/dhcp/2c57749a-f6fd-405a-89f6-c8b51e424e6a/host
Oct 18 09:04:29 gtw01 dnsmasq-dhcp[11126]: read /var/lib/neutron/dhcp/2c57749a-f6fd-405a-89f6-c8b51e424e6a/opts
Oct 18 09:04:30 gtw01 dnsmasq[11796]: started, version 2.80 cachesize 150
Oct 18 09:04:30 gtw01 dnsmasq[11796]: DNS service limited to local subnets
Oct 18 09:04:30 gtw01 dnsmasq[11796]: compile time options: IPv6 GNU-getopt DBus i18n IDN DHCP DHCPv6 no-Lua TFTP conntrack ipset auth DNSSEC loop-detect inotify dumpfile
Oct 18 09:04:30 gtw01 dnsmasq[11796]: warning: no upstream servers configured
Oct 18 09:04:30 gtw01 dnsmasq-dhcp[11796]: DHCP, static leases only on 192.168.120.0, lease time 1h
Oct 18 09:04:30 gtw01 dnsmasq[11796]: read /var/lib/neutron/dhcp/4a47d373-30fb-488e-a480-9ea2930a948b/addn_hosts - 1 addresses
Oct 18 09:04:30 gtw01 dnsmasq-dhcp[11796]: read /var/lib/neutron/dhcp/4a47d373-30fb-488e-a480-9ea2930a948b/host
Oct 18 09:04:30 gtw01 dnsmasq-dhcp[11796]: read /var/lib/neutron/dhcp/4a47d373-30fb-488e-a480-9ea2930a948b/opts
Oct 18 09:04:30 gtw01 haproxy-metadata-proxy-4a47d373-30fb-488e-a480-9ea2930a948b[11800]: Proxy listener started.
Oct 18 09:04:31 gtw01 dnsmasq[11796]: read /var/lib/neutron/dhcp/4a47d373-30fb-488e-a480-9ea2930a948b/addn_hosts - 2 addresses
Oct 18 09:04:31 gtw01 dnsmasq-dhcp[11796]: read /var/lib/neutron/dhcp/4a47d373-30fb-488e-a480-9ea2930a948b/host
Oct 18 09:04:31 gtw01 dnsmasq-dhcp[11796]: read /var/lib/neutron/dhcp/4a47d373-30fb-488e-a480-9ea2930a948b/opts
Oct 18 09:04:32 gtw01 dnsmasq[11796]: read /var/lib/neutron/dhcp/4a47d373-30fb-488e-a480-9ea2930a948b/addn_hosts - 2 addresses
Oct 18 09:04:32 gtw01 dnsmasq-dhcp[11796]: read /var/lib/neutron/dhcp/4a47d373-30fb-488e-a480-9ea2930a948b/host
Oct 18 09:04:32 gtw01 dnsmasq-dhcp[11796]: read /var/lib/neutron/dhcp/4a47d373-30fb-488e-a480-9ea2930a948b/opts
Oct 18 09:04:33 gtw01 dnsmasq[11796]: read /var/lib/neutron/dhcp/4a47d373-30fb-488e-a480-9ea2930a948b/addn_hosts - 2 addresses
Oct 18 09:04:33 gtw01 dnsmasq-dhcp[11796]: read /var/lib/neutron/dhcp/4a47d373-30fb-488e-a480-9ea2930a948b/host
Oct 18 09:04:33 gtw01 dnsmasq-dhcp[11796]: read /var/lib/neutron/dhcp/4a47d373-30fb-488e-a480-9ea2930a948b/opts
Oct 18 09:04:34 gtw01 dnsmasq[11796]: read /var/lib/neutron/dhcp/4a47d373-30fb-488e-a480-9ea2930a948b/addn_hosts - 2 addresses
Oct 18 09:04:34 gtw01 dnsmasq-dhcp[11796]: read /var/lib/neutron/dhcp/4a47d373-30fb-488e-a480-9ea2930a948b/host
Oct 18 09:04:34 gtw01 dnsmasq-dhcp[11796]: read /var/lib/neutron/dhcp/4a47d373-30fb-488e-a480-9ea2930a948b/opts
Oct 18 09:04:35 gtw01 dnsmasq[11796]: read /var/lib/neutron/dhcp/4a47d373-30fb-488e-a480-9ea2930a948b/addn_hosts - 2 addresses
Oct 18 09:04:35 gtw01 dnsmasq-dhcp[11796]: read /var/lib/neutron/dhcp/4a47d373-30fb-488e-a480-9ea2930a948b/host
Oct 18 09:04:35 gtw01 dnsmasq-dhcp[11796]: read /var/lib/neutron/dhcp/4a47d373-30fb-488e-a480-9ea2930a948b/opts
Oct 18 09:04:38 gtw01 dnsmasq[11796]: read /var/lib/neutron/dhcp/4a47d373-30fb-488e-a480-9ea2930a948b/addn_hosts - 3 addresses
Oct 18 09:04:38 gtw01 dnsmasq-dhcp[11796]: read /var/lib/neutron/dhcp/4a47d373-30fb-488e-a480-9ea2930a948b/host
Oct 18 09:04:38 gtw01 dnsmasq-dhcp[11796]: read /var/lib/neutron/dhcp/4a47d373-30fb-488e-a480-9ea2930a948b/opts
Oct 18 09:04:39 gtw01 dnsmasq[11796]: read /var/lib/neutron/dhcp/4a47d373-30fb-488e-a480-9ea2930a948b/addn_hosts - 3 addresses
Oct 18 09:04:39 gtw01 dnsmasq-dhcp[11796]: read /var/lib/neutron/dhcp/4a47d373-30fb-488e-a480-9ea2930a948b/host
Oct 18 09:04:39 gtw01 dnsmasq-dhcp[11796]: read /var/lib/neutron/dhcp/4a47d373-30fb-488e-a480-9ea2930a948b/opts
Oct 18 09:04:40 gtw01 dnsmasq[11796]: read /var/lib/neutron/dhcp/4a47d373-30fb-488e-a480-9ea2930a948b/addn_hosts - 3 addresses
Oct 18 09:04:40 gtw01 dnsmasq-dhcp[11796]: read /var/lib/neutron/dhcp/4a47d373-30fb-488e-a480-9ea2930a948b/host
Oct 18 09:04:40 gtw01 dnsmasq-dhcp[11796]: read /var/lib/neutron/dhcp/4a47d373-30fb-488e-a480-9ea2930a948b/opts
Oct 18 09:04:41 gtw01 dnsmasq[11126]: read /var/lib/neutron/dhcp/2c57749a-f6fd-405a-89f6-c8b51e424e6a/addn_hosts - 2 addresses
Oct 18 09:04:41 gtw01 dnsmasq-dhcp[11126]: read /var/lib/neutron/dhcp/2c57749a-f6fd-405a-89f6-c8b51e424e6a/host
Oct 18 09:04:41 gtw01 dnsmasq-dhcp[11126]: read /var/lib/neutron/dhcp/2c57749a-f6fd-405a-89f6-c8b51e424e6a/opts
Oct 18 09:04:47 gtw01 kernel: [ 5512.675965] device tap023ff2a4-50 entered promiscuous mode
Oct 18 09:04:47 gtw01 systemd-udevd[11967]: Could not generate persistent MAC address for tap023ff2a4-50: No such file or directory
Oct 18 09:04:47 gtw01 systemd-udevd[12034]: Process '/sbin/ip link set tap023ff2a4-50 txqueuelen 10000' failed with exit code 1.
Oct 18 09:04:51 gtw01 kernel: [ 5515.978722] device tap4fd2ab3f-c2 entered promiscuous mode
Oct 18 09:04:51 gtw01 systemd-udevd[12127]: Could not generate persistent MAC address for tap4fd2ab3f-c2: No such file or directory
Oct 18 09:04:51 gtw01 systemd-udevd[12127]: Process '/sbin/ip link set tap4fd2ab3f-c2 txqueuelen 10000' failed with exit code 1.
Oct 18 09:04:51 gtw01 systemd-udevd[12127]: Process '/sbin/ip link set tap4fd2ab3f-c2 txqueuelen 10000' failed with exit code 1.
Oct 18 09:04:51 gtw01 kernel: [ 5516.290048] device tap26b9a9ad-e1 entered promiscuous mode
Oct 18 09:04:51 gtw01 systemd-udevd[12221]: Could not generate persistent MAC address for tap26b9a9ad-e1: No such file or directory
Oct 18 09:04:51 gtw01 systemd-udevd[12221]: Process '/sbin/ip link set tap26b9a9ad-e1 txqueuelen 10000' failed with exit code 1.
Oct 18 09:04:51 gtw01 systemd-udevd[12294]: Process '/sbin/ip link set tap26b9a9ad-e1 txqueuelen 10000' failed with exit code 1.
Oct 18 09:04:51 gtw01 dnsmasq[12315]: started, version 2.80 cachesize 150
Oct 18 09:04:51 gtw01 dnsmasq[12315]: DNS service limited to local subnets
Oct 18 09:04:51 gtw01 dnsmasq[12315]: compile time options: IPv6 GNU-getopt DBus i18n IDN DHCP DHCPv6 no-Lua TFTP conntrack ipset auth DNSSEC loop-detect inotify dumpfile
Oct 18 09:04:51 gtw01 dnsmasq[12315]: warning: no upstream servers configured
Oct 18 09:04:51 gtw01 dnsmasq-dhcp[12315]: DHCP, static leases only on 192.168.120.0, lease time 1h
Oct 18 09:04:51 gtw01 dnsmasq[12315]: read /var/lib/neutron/dhcp/09bfee38-1219-43ec-9cc4-cfe0741695e8/addn_hosts - 1 addresses
Oct 18 09:04:51 gtw01 dnsmasq-dhcp[12315]: read /var/lib/neutron/dhcp/09bfee38-1219-43ec-9cc4-cfe0741695e8/host
Oct 18 09:04:51 gtw01 dnsmasq-dhcp[12315]: read /var/lib/neutron/dhcp/09bfee38-1219-43ec-9cc4-cfe0741695e8/opts
Oct 18 09:04:52 gtw01 haproxy-metadata-proxy-09bfee38-1219-43ec-9cc4-cfe0741695e8[12329]: Proxy listener started.
Oct 18 09:04:53 gtw01 kernel: [ 5518.033422] device tap1d610cb7-55 entered promiscuous mode
Oct 18 09:04:53 gtw01 systemd-udevd[12368]: Could not generate persistent MAC address for tap1d610cb7-55: No such file or directory
Oct 18 09:04:53 gtw01 systemd-udevd[12368]: Process '/sbin/ip link set tap1d610cb7-55 txqueuelen 10000' failed with exit code 1.
Oct 18 09:04:53 gtw01 systemd-udevd[12442]: Process '/sbin/ip link set tap1d610cb7-55 txqueuelen 10000' failed with exit code 1.
Oct 18 09:04:53 gtw01 kernel: [ 5518.236551] device tap023ff2a4-50 left promiscuous mode
Oct 18 09:04:54 gtw01 dnsmasq-dhcp[11796]: DHCPDISCOVER(tapa4376bdc-e6) fa:16:3e:09:74:c8
Oct 18 09:04:54 gtw01 dnsmasq-dhcp[11796]: DHCPOFFER(tapa4376bdc-e6) 192.168.120.8 fa:16:3e:09:74:c8
Oct 18 09:04:54 gtw01 dnsmasq-dhcp[11796]: DHCPREQUEST(tapa4376bdc-e6) 192.168.120.8 fa:16:3e:09:74:c8
Oct 18 09:04:54 gtw01 dnsmasq-dhcp[11796]: DHCPACK(tapa4376bdc-e6) 192.168.120.8 fa:16:3e:09:74:c8 host-192-168-120-8
Oct 18 09:04:55 gtw01 dnsmasq[12541]: started, version 2.80 cachesize 150
Oct 18 09:04:55 gtw01 dnsmasq[12541]: DNS service limited to local subnets
Oct 18 09:04:55 gtw01 dnsmasq[12541]: compile time options: IPv6 GNU-getopt DBus i18n IDN DHCP DHCPv6 no-Lua TFTP conntrack ipset auth DNSSEC loop-detect inotify dumpfile
Oct 18 09:04:55 gtw01 dnsmasq[12541]: warning: no upstream servers configured
Oct 18 09:04:55 gtw01 dnsmasq-dhcp[12541]: DHCP, static leases only on 192.168.120.0, lease time 1h
Oct 18 09:04:55 gtw01 dnsmasq[12541]: read /var/lib/neutron/dhcp/049b0966-304d-49c4-ac37-40ff34b24ad0/addn_hosts - 1 addresses
Oct 18 09:04:55 gtw01 dnsmasq-dhcp[12541]: read /var/lib/neutron/dhcp/049b0966-304d-49c4-ac37-40ff34b24ad0/host
Oct 18 09:04:55 gtw01 dnsmasq-dhcp[12541]: read /var/lib/neutron/dhcp/049b0966-304d-49c4-ac37-40ff34b24ad0/opts
Oct 18 09:04:55 gtw01 haproxy-metadata-proxy-049b0966-304d-49c4-ac37-40ff34b24ad0[12554]: Proxy listener started.
Oct 18 09:04:55 gtw01 dnsmasq[12564]: started, version 2.80 cachesize 150
Oct 18 09:04:55 gtw01 dnsmasq[12564]: DNS service limited to local subnets
Oct 18 09:04:55 gtw01 dnsmasq[12564]: compile time options: IPv6 GNU-getopt DBus i18n IDN DHCP DHCPv6 no-Lua TFTP conntrack ipset auth DNSSEC loop-detect inotify dumpfile
Oct 18 09:04:55 gtw01 dnsmasq[12564]: warning: no upstream servers configured
Oct 18 09:04:55 gtw01 dnsmasq-dhcp[12564]: DHCP, static leases only on 192.168.120.0, lease time 1h
Oct 18 09:04:55 gtw01 dnsmasq[12564]: read /var/lib/neutron/dhcp/38ec26c6-b875-45ed-b10d-9c971c61be7c/addn_hosts - 1 addresses
Oct 18 09:04:55 gtw01 dnsmasq-dhcp[12564]: read /var/lib/neutron/dhcp/38ec26c6-b875-45ed-b10d-9c971c61be7c/host
Oct 18 09:04:55 gtw01 dnsmasq-dhcp[12564]: read /var/lib/neutron/dhcp/38ec26c6-b875-45ed-b10d-9c971c61be7c/opts
Oct 18 09:04:56 gtw01 haproxy-metadata-proxy-38ec26c6-b875-45ed-b10d-9c971c61be7c[12571]: Proxy listener started.
Oct 18 09:04:56 gtw01 dnsmasq[12541]: read /var/lib/neutron/dhcp/049b0966-304d-49c4-ac37-40ff34b24ad0/addn_hosts - 2 addresses
Oct 18 09:04:56 gtw01 dnsmasq-dhcp[12541]: read /var/lib/neutron/dhcp/049b0966-304d-49c4-ac37-40ff34b24ad0/host
Oct 18 09:04:56 gtw01 dnsmasq-dhcp[12541]: read /var/lib/neutron/dhcp/049b0966-304d-49c4-ac37-40ff34b24ad0/opts
Oct 18 09:04:57 gtw01 dnsmasq[12564]: read /var/lib/neutron/dhcp/38ec26c6-b875-45ed-b10d-9c971c61be7c/addn_hosts - 2 addresses
Oct 18 09:04:57 gtw01 dnsmasq-dhcp[12564]: read /var/lib/neutron/dhcp/38ec26c6-b875-45ed-b10d-9c971c61be7c/host
Oct 18 09:04:57 gtw01 dnsmasq-dhcp[12564]: read /var/lib/neutron/dhcp/38ec26c6-b875-45ed-b10d-9c971c61be7c/opts
Oct 18 09:04:57 gtw01 dnsmasq[12612]: started, version 2.80 cachesize 150
Oct 18 09:04:57 gtw01 dnsmasq[12612]: DNS service limited to local subnets
Oct 18 09:04:57 gtw01 dnsmasq[12612]: compile time options: IPv6 GNU-getopt DBus i18n IDN DHCP DHCPv6 no-Lua TFTP conntrack ipset auth DNSSEC loop-detect inotify dumpfile
Oct 18 09:04:57 gtw01 dnsmasq[12612]: warning: no upstream servers configured
Oct 18 09:04:57 gtw01 dnsmasq-dhcp[12612]: DHCP, static leases only on 192.168.121.0, lease time 1h
Oct 18 09:04:57 gtw01 dnsmasq[12612]: read /var/lib/neutron/dhcp/877f07bd-fa4c-43d3-a124-70608faa7bc6/addn_hosts - 1 addresses
Oct 18 09:04:57 gtw01 dnsmasq-dhcp[12612]: read /var/lib/neutron/dhcp/877f07bd-fa4c-43d3-a124-70608faa7bc6/host
Oct 18 09:04:57 gtw01 dnsmasq-dhcp[12612]: read /var/lib/neutron/dhcp/877f07bd-fa4c-43d3-a124-70608faa7bc6/opts
Oct 18 09:04:57 gtw01 haproxy-metadata-proxy-877f07bd-fa4c-43d3-a124-70608faa7bc6[12629]: Proxy listener started.
Oct 18 09:04:58 gtw01 dnsmasq[12541]: read /var/lib/neutron/dhcp/049b0966-304d-49c4-ac37-40ff34b24ad0/addn_hosts - 2 addresses
Oct 18 09:04:58 gtw01 dnsmasq-dhcp[12541]: read /var/lib/neutron/dhcp/049b0966-304d-49c4-ac37-40ff34b24ad0/host
Oct 18 09:04:58 gtw01 dnsmasq-dhcp[12541]: read /var/lib/neutron/dhcp/049b0966-304d-49c4-ac37-40ff34b24ad0/opts
Oct 18 09:04:58 gtw01 dnsmasq-dhcp[11796]: DHCPRELEASE(tapa4376bdc-e6) 192.168.120.8 fa:16:3e:09:74:c8
Oct 18 09:04:58 gtw01 systemd-udevd[12676]: Could not generate persistent MAC address for tapd414f43f-f7: No such file or directory
Oct 18 09:04:58 gtw01 kernel: [ 5523.852617] device tapd414f43f-f7 entered promiscuous mode
Oct 18 09:04:59 gtw01 dnsmasq[12612]: read /var/lib/neutron/dhcp/877f07bd-fa4c-43d3-a124-70608faa7bc6/addn_hosts - 2 addresses
Oct 18 09:04:59 gtw01 dnsmasq-dhcp[12612]: read /var/lib/neutron/dhcp/877f07bd-fa4c-43d3-a124-70608faa7bc6/host
Oct 18 09:04:59 gtw01 dnsmasq-dhcp[12612]: read /var/lib/neutron/dhcp/877f07bd-fa4c-43d3-a124-70608faa7bc6/opts
Oct 18 09:04:59 gtw01 systemd-udevd[12747]: Process '/sbin/ip link set tapd414f43f-f7 txqueuelen 10000' failed with exit code 1.
Oct 18 09:04:59 gtw01 dnsmasq[12564]: read /var/lib/neutron/dhcp/38ec26c6-b875-45ed-b10d-9c971c61be7c/addn_hosts - 2 addresses
Oct 18 09:04:59 gtw01 dnsmasq-dhcp[12564]: read /var/lib/neutron/dhcp/38ec26c6-b875-45ed-b10d-9c971c61be7c/host
Oct 18 09:04:59 gtw01 dnsmasq-dhcp[12564]: read /var/lib/neutron/dhcp/38ec26c6-b875-45ed-b10d-9c971c61be7c/opts
Oct 18 09:04:59 gtw01 dnsmasq-dhcp[11796]: DHCPRELEASE(tapa4376bdc-e6) 192.168.120.8 fa:16:3e:09:74:c8 unknown lease
Oct 18 09:05:00 gtw01 dnsmasq[12541]: read /var/lib/neutron/dhcp/049b0966-304d-49c4-ac37-40ff34b24ad0/addn_hosts - 2 addresses
Oct 18 09:05:00 gtw01 dnsmasq-dhcp[12541]: read /var/lib/neutron/dhcp/049b0966-304d-49c4-ac37-40ff34b24ad0/host
Oct 18 09:05:00 gtw01 dnsmasq-dhcp[12541]: read /var/lib/neutron/dhcp/049b0966-304d-49c4-ac37-40ff34b24ad0/opts
Oct 18 09:05:01 gtw01 dnsmasq[12612]: read /var/lib/neutron/dhcp/877f07bd-fa4c-43d3-a124-70608faa7bc6/addn_hosts - 2 addresses
Oct 18 09:05:01 gtw01 dnsmasq-dhcp[12612]: read /var/lib/neutron/dhcp/877f07bd-fa4c-43d3-a124-70608faa7bc6/host
Oct 18 09:05:01 gtw01 dnsmasq-dhcp[12612]: read /var/lib/neutron/dhcp/877f07bd-fa4c-43d3-a124-70608faa7bc6/opts
Oct 18 09:05:01 gtw01 dnsmasq[11796]: read /var/lib/neutron/dhcp/4a47d373-30fb-488e-a480-9ea2930a948b/addn_hosts - 2 addresses
Oct 18 09:05:01 gtw01 dnsmasq-dhcp[11796]: read /var/lib/neutron/dhcp/4a47d373-30fb-488e-a480-9ea2930a948b/host
Oct 18 09:05:01 gtw01 dnsmasq-dhcp[11796]: read /var/lib/neutron/dhcp/4a47d373-30fb-488e-a480-9ea2930a948b/opts
Oct 18 09:05:01 gtw01 dnsmasq[12564]: read /var/lib/neutron/dhcp/38ec26c6-b875-45ed-b10d-9c971c61be7c/addn_hosts - 2 addresses
Oct 18 09:05:01 gtw01 dnsmasq-dhcp[12564]: read /var/lib/neutron/dhcp/38ec26c6-b875-45ed-b10d-9c971c61be7c/host
Oct 18 09:05:01 gtw01 dnsmasq-dhcp[12564]: read /var/lib/neutron/dhcp/38ec26c6-b875-45ed-b10d-9c971c61be7c/opts
Oct 18 09:05:02 gtw01 dnsmasq[12541]: read /var/lib/neutron/dhcp/049b0966-304d-49c4-ac37-40ff34b24ad0/addn_hosts - 2 addresses
Oct 18 09:05:02 gtw01 dnsmasq-dhcp[12541]: read /var/lib/neutron/dhcp/049b0966-304d-49c4-ac37-40ff34b24ad0/host
Oct 18 09:05:02 gtw01 dnsmasq-dhcp[12541]: read /var/lib/neutron/dhcp/049b0966-304d-49c4-ac37-40ff34b24ad0/opts
Oct 18 09:05:02 gtw01 dnsmasq[12612]: read /var/lib/neutron/dhcp/877f07bd-fa4c-43d3-a124-70608faa7bc6/addn_hosts - 2 addresses
Oct 18 09:05:02 gtw01 dnsmasq-dhcp[12612]: read /var/lib/neutron/dhcp/877f07bd-fa4c-43d3-a124-70608faa7bc6/host
Oct 18 09:05:02 gtw01 dnsmasq-dhcp[12612]: read /var/lib/neutron/dhcp/877f07bd-fa4c-43d3-a124-70608faa7bc6/opts
Oct 18 09:05:03 gtw01 dnsmasq[12564]: read /var/lib/neutron/dhcp/38ec26c6-b875-45ed-b10d-9c971c61be7c/addn_hosts - 2 addresses
Oct 18 09:05:03 gtw01 dnsmasq-dhcp[12564]: read /var/lib/neutron/dhcp/38ec26c6-b875-45ed-b10d-9c971c61be7c/host
Oct 18 09:05:03 gtw01 dnsmasq-dhcp[12564]: read /var/lib/neutron/dhcp/38ec26c6-b875-45ed-b10d-9c971c61be7c/opts
Oct 18 09:05:04 gtw01 dnsmasq[12541]: read /var/lib/neutron/dhcp/049b0966-304d-49c4-ac37-40ff34b24ad0/addn_hosts - 2 addresses
Oct 18 09:05:04 gtw01 dnsmasq-dhcp[12541]: read /var/lib/neutron/dhcp/049b0966-304d-49c4-ac37-40ff34b24ad0/host
Oct 18 09:05:04 gtw01 dnsmasq-dhcp[12541]: read /var/lib/neutron/dhcp/049b0966-304d-49c4-ac37-40ff34b24ad0/opts
Oct 18 09:05:04 gtw01 dnsmasq[12612]: read /var/lib/neutron/dhcp/877f07bd-fa4c-43d3-a124-70608faa7bc6/addn_hosts - 2 addresses
Oct 18 09:05:04 gtw01 dnsmasq-dhcp[12612]: read /var/lib/neutron/dhcp/877f07bd-fa4c-43d3-a124-70608faa7bc6/host
Oct 18 09:05:04 gtw01 dnsmasq-dhcp[12612]: read /var/lib/neutron/dhcp/877f07bd-fa4c-43d3-a124-70608faa7bc6/opts
Oct 18 09:05:05 gtw01 dnsmasq[12564]: read /var/lib/neutron/dhcp/38ec26c6-b875-45ed-b10d-9c971c61be7c/addn_hosts - 3 addresses
Oct 18 09:05:05 gtw01 dnsmasq-dhcp[12564]: read /var/lib/neutron/dhcp/38ec26c6-b875-45ed-b10d-9c971c61be7c/host
Oct 18 09:05:05 gtw01 dnsmasq-dhcp[12564]: read /var/lib/neutron/dhcp/38ec26c6-b875-45ed-b10d-9c971c61be7c/opts
Oct 18 09:05:05 gtw01 dnsmasq[12994]: started, version 2.80 cachesize 150
Oct 18 09:05:05 gtw01 dnsmasq[12994]: DNS service limited to local subnets
Oct 18 09:05:05 gtw01 dnsmasq[12994]: compile time options: IPv6 GNU-getopt DBus i18n IDN DHCP DHCPv6 no-Lua TFTP conntrack ipset auth DNSSEC loop-detect inotify dumpfile
Oct 18 09:05:05 gtw01 dnsmasq[12994]: warning: no upstream servers configured
Oct 18 09:05:05 gtw01 dnsmasq-dhcp[12994]: DHCP, static leases only on 192.168.120.0, lease time 1h
Oct 18 09:05:05 gtw01 dnsmasq[12994]: read /var/lib/neutron/dhcp/20d53f03-34a5-4a2c-9e4f-08a66100ac66/addn_hosts - 1 addresses
Oct 18 09:05:05 gtw01 dnsmasq-dhcp[12994]: read /var/lib/neutron/dhcp/20d53f03-34a5-4a2c-9e4f-08a66100ac66/host
Oct 18 09:05:05 gtw01 dnsmasq-dhcp[12994]: read /var/lib/neutron/dhcp/20d53f03-34a5-4a2c-9e4f-08a66100ac66/opts
Oct 18 09:05:05 gtw01 haproxy-metadata-proxy-20d53f03-34a5-4a2c-9e4f-08a66100ac66[13012]: Proxy listener started.
Oct 18 09:05:05 gtw01 dnsmasq[12541]: read /var/lib/neutron/dhcp/049b0966-304d-49c4-ac37-40ff34b24ad0/addn_hosts - 1 addresses
Oct 18 09:05:05 gtw01 dnsmasq-dhcp[12541]: read /var/lib/neutron/dhcp/049b0966-304d-49c4-ac37-40ff34b24ad0/host
Oct 18 09:05:05 gtw01 dnsmasq-dhcp[12541]: read /var/lib/neutron/dhcp/049b0966-304d-49c4-ac37-40ff34b24ad0/opts
Oct 18 09:05:06 gtw01 dnsmasq[11796]: read /var/lib/neutron/dhcp/4a47d373-30fb-488e-a480-9ea2930a948b/addn_hosts - 1 addresses
Oct 18 09:05:06 gtw01 dnsmasq-dhcp[11796]: read /var/lib/neutron/dhcp/4a47d373-30fb-488e-a480-9ea2930a948b/host
Oct 18 09:05:06 gtw01 dnsmasq-dhcp[11796]: read /var/lib/neutron/dhcp/4a47d373-30fb-488e-a480-9ea2930a948b/opts
Oct 18 09:05:06 gtw01 dnsmasq[12612]: read /var/lib/neutron/dhcp/877f07bd-fa4c-43d3-a124-70608faa7bc6/addn_hosts - 2 addresses
Oct 18 09:05:06 gtw01 dnsmasq-dhcp[12612]: read /var/lib/neutron/dhcp/877f07bd-fa4c-43d3-a124-70608faa7bc6/host
Oct 18 09:05:06 gtw01 dnsmasq-dhcp[12612]: read /var/lib/neutron/dhcp/877f07bd-fa4c-43d3-a124-70608faa7bc6/opts
Oct 18 09:05:07 gtw01 kernel: [ 5532.091500] device tapd414f43f-f7 left promiscuous mode
Oct 18 09:05:07 gtw01 dnsmasq[12564]: read /var/lib/neutron/dhcp/38ec26c6-b875-45ed-b10d-9c971c61be7c/addn_hosts - 3 addresses
Oct 18 09:05:07 gtw01 dnsmasq-dhcp[12564]: read /var/lib/neutron/dhcp/38ec26c6-b875-45ed-b10d-9c971c61be7c/host
Oct 18 09:05:07 gtw01 dnsmasq-dhcp[12564]: read /var/lib/neutron/dhcp/38ec26c6-b875-45ed-b10d-9c971c61be7c/opts
Oct 18 09:05:08 gtw01 dnsmasq[12612]: read /var/lib/neutron/dhcp/877f07bd-fa4c-43d3-a124-70608faa7bc6/addn_hosts - 1 addresses
Oct 18 09:05:08 gtw01 dnsmasq-dhcp[12612]: read /var/lib/neutron/dhcp/877f07bd-fa4c-43d3-a124-70608faa7bc6/host
Oct 18 09:05:08 gtw01 dnsmasq-dhcp[12612]: read /var/lib/neutron/dhcp/877f07bd-fa4c-43d3-a124-70608faa7bc6/opts
Oct 18 09:05:08 gtw01 dnsmasq[12564]: read /var/lib/neutron/dhcp/38ec26c6-b875-45ed-b10d-9c971c61be7c/addn_hosts - 3 addresses
Oct 18 09:05:08 gtw01 dnsmasq-dhcp[12564]: read /var/lib/neutron/dhcp/38ec26c6-b875-45ed-b10d-9c971c61be7c/host
Oct 18 09:05:08 gtw01 dnsmasq-dhcp[12564]: read /var/lib/neutron/dhcp/38ec26c6-b875-45ed-b10d-9c971c61be7c/opts
Oct 18 09:05:09 gtw01 dnsmasq[12564]: read /var/lib/neutron/dhcp/38ec26c6-b875-45ed-b10d-9c971c61be7c/addn_hosts - 3 addresses
Oct 18 09:05:09 gtw01 dnsmasq-dhcp[12564]: read /var/lib/neutron/dhcp/38ec26c6-b875-45ed-b10d-9c971c61be7c/host
Oct 18 09:05:09 gtw01 dnsmasq-dhcp[12564]: read /var/lib/neutron/dhcp/38ec26c6-b875-45ed-b10d-9c971c61be7c/opts
Oct 18 09:05:09 gtw01 kernel: [ 5534.408698] device tap1d610cb7-55 left promiscuous mode
Oct 18 09:05:10 gtw01 kernel: [ 5535.306398] device tapa4376bdc-e6 left promiscuous mode
Oct 18 09:05:10 gtw01 kernel: [ 5535.726946] device tap4fd2ab3f-c2 left promiscuous mode
Oct 18 09:05:16 gtw01 kernel: [ 5541.790443] device tap7e1deed6-0b entered promiscuous mode
Oct 18 09:05:16 gtw01 systemd-udevd[13171]: Could not generate persistent MAC address for tap7e1deed6-0b: No such file or directory
Oct 18 09:05:16 gtw01 systemd-udevd[13171]: Process '/sbin/ip link set tap7e1deed6-0b txqueuelen 10000' failed with exit code 1.
Oct 18 09:05:16 gtw01 systemd-udevd[13171]: Process '/sbin/ip link set tap7e1deed6-0b txqueuelen 10000' failed with exit code 1.
Oct 18 09:05:18 gtw01 dnsmasq-dhcp[12564]: DHCPDISCOVER(tap26b9a9ad-e1) fa:16:3e:c3:99:a7
Oct 18 09:05:18 gtw01 dnsmasq-dhcp[12564]: DHCPOFFER(tap26b9a9ad-e1) 192.168.120.3 fa:16:3e:c3:99:a7
Oct 18 09:05:18 gtw01 dnsmasq-dhcp[12564]: DHCPREQUEST(tap26b9a9ad-e1) 192.168.120.3 fa:16:3e:c3:99:a7
Oct 18 09:05:18 gtw01 dnsmasq-dhcp[12564]: DHCPACK(tap26b9a9ad-e1) 192.168.120.3 fa:16:3e:c3:99:a7 host-192-168-120-3
Oct 18 09:05:18 gtw01 systemd-udevd[13291]: Could not generate persistent MAC address for tap2baa1d99-30: No such file or directory
Oct 18 09:05:18 gtw01 kernel: [ 5543.184962] device tap2baa1d99-30 entered promiscuous mode
Oct 18 09:05:18 gtw01 systemd-udevd[13291]: Process '/sbin/ip link set tap2baa1d99-30 txqueuelen 10000' failed with exit code 1.
Oct 18 09:05:18 gtw01 systemd-udevd[13365]: Process '/sbin/ip link set tap2baa1d99-30 txqueuelen 10000' failed with exit code 1.
Oct 18 09:05:20 gtw01 dnsmasq[13439]: started, version 2.80 cachesize 150
Oct 18 09:05:20 gtw01 dnsmasq[13439]: DNS service limited to local subnets
Oct 18 09:05:20 gtw01 dnsmasq[13439]: compile time options: IPv6 GNU-getopt DBus i18n IDN DHCP DHCPv6 no-Lua TFTP conntrack ipset auth DNSSEC loop-detect inotify dumpfile
Oct 18 09:05:20 gtw01 dnsmasq[13439]: warning: no upstream servers configured
Oct 18 09:05:20 gtw01 dnsmasq-dhcp[13439]: DHCP, static leases only on 192.168.120.0, lease time 1h
Oct 18 09:05:20 gtw01 dnsmasq[13439]: read /var/lib/neutron/dhcp/c8efbc54-bf57-43e8-ba32-bac42748ff2c/addn_hosts - 1 addresses
Oct 18 09:05:20 gtw01 dnsmasq-dhcp[13439]: read /var/lib/neutron/dhcp/c8efbc54-bf57-43e8-ba32-bac42748ff2c/host
Oct 18 09:05:20 gtw01 dnsmasq-dhcp[13439]: read /var/lib/neutron/dhcp/c8efbc54-bf57-43e8-ba32-bac42748ff2c/opts
Oct 18 09:05:20 gtw01 haproxy-metadata-proxy-c8efbc54-bf57-43e8-ba32-bac42748ff2c[13446]: Proxy listener started.
Oct 18 09:05:21 gtw01 dnsmasq[13439]: read /var/lib/neutron/dhcp/c8efbc54-bf57-43e8-ba32-bac42748ff2c/addn_hosts - 1 addresses
Oct 18 09:05:21 gtw01 dnsmasq-dhcp[13439]: read /var/lib/neutron/dhcp/c8efbc54-bf57-43e8-ba32-bac42748ff2c/host
Oct 18 09:05:21 gtw01 dnsmasq-dhcp[13439]: read /var/lib/neutron/dhcp/c8efbc54-bf57-43e8-ba32-bac42748ff2c/opts
Oct 18 09:05:21 gtw01 dnsmasq[13481]: started, version 2.80 cachesize 150
Oct 18 09:05:21 gtw01 dnsmasq[13481]: DNS service limited to local subnets
Oct 18 09:05:21 gtw01 dnsmasq[13481]: compile time options: IPv6 GNU-getopt DBus i18n IDN DHCP DHCPv6 no-Lua TFTP conntrack ipset auth DNSSEC loop-detect inotify dumpfile
Oct 18 09:05:21 gtw01 dnsmasq[13481]: warning: no upstream servers configured
Oct 18 09:05:21 gtw01 dnsmasq-dhcp[13481]: DHCP, static leases only on 192.168.120.0, lease time 1h
Oct 18 09:05:21 gtw01 dnsmasq[13481]: read /var/lib/neutron/dhcp/b05bf8a4-b9d7-4ef8-9ac9-a0f7849e5f62/addn_hosts - 1 addresses
Oct 18 09:05:21 gtw01 dnsmasq-dhcp[13481]: read /var/lib/neutron/dhcp/b05bf8a4-b9d7-4ef8-9ac9-a0f7849e5f62/host
Oct 18 09:05:21 gtw01 dnsmasq-dhcp[13481]: read /var/lib/neutron/dhcp/b05bf8a4-b9d7-4ef8-9ac9-a0f7849e5f62/opts
Oct 18 09:05:21 gtw01 haproxy-metadata-proxy-b05bf8a4-b9d7-4ef8-9ac9-a0f7849e5f62[13487]: Proxy listener started.
Oct 18 09:05:22 gtw01 dnsmasq[13439]: read /var/lib/neutron/dhcp/c8efbc54-bf57-43e8-ba32-bac42748ff2c/addn_hosts - 1 addresses
Oct 18 09:05:22 gtw01 dnsmasq-dhcp[13439]: read /var/lib/neutron/dhcp/c8efbc54-bf57-43e8-ba32-bac42748ff2c/host
Oct 18 09:05:22 gtw01 dnsmasq-dhcp[13439]: read /var/lib/neutron/dhcp/c8efbc54-bf57-43e8-ba32-bac42748ff2c/opts
Oct 18 09:05:22 gtw01 dnsmasq[13481]: read /var/lib/neutron/dhcp/b05bf8a4-b9d7-4ef8-9ac9-a0f7849e5f62/addn_hosts - 2 addresses
Oct 18 09:05:22 gtw01 dnsmasq-dhcp[13481]: read /var/lib/neutron/dhcp/b05bf8a4-b9d7-4ef8-9ac9-a0f7849e5f62/host
Oct 18 09:05:22 gtw01 dnsmasq-dhcp[13481]: read /var/lib/neutron/dhcp/b05bf8a4-b9d7-4ef8-9ac9-a0f7849e5f62/opts
Oct 18 09:05:23 gtw01 dnsmasq-dhcp[12564]: DHCPRELEASE(tap26b9a9ad-e1) 192.168.120.3 fa:16:3e:c3:99:a7
Oct 18 09:05:23 gtw01 dnsmasq[13439]: read /var/lib/neutron/dhcp/c8efbc54-bf57-43e8-ba32-bac42748ff2c/addn_hosts - 2 addresses
Oct 18 09:05:23 gtw01 dnsmasq-dhcp[13439]: read /var/lib/neutron/dhcp/c8efbc54-bf57-43e8-ba32-bac42748ff2c/host
Oct 18 09:05:23 gtw01 dnsmasq-dhcp[13439]: read /var/lib/neutron/dhcp/c8efbc54-bf57-43e8-ba32-bac42748ff2c/opts
Oct 18 09:05:23 gtw01 dnsmasq[13481]: read /var/lib/neutron/dhcp/b05bf8a4-b9d7-4ef8-9ac9-a0f7849e5f62/addn_hosts - 2 addresses
Oct 18 09:05:23 gtw01 dnsmasq-dhcp[13481]: read /var/lib/neutron/dhcp/b05bf8a4-b9d7-4ef8-9ac9-a0f7849e5f62/host
Oct 18 09:05:23 gtw01 dnsmasq-dhcp[13481]: read /var/lib/neutron/dhcp/b05bf8a4-b9d7-4ef8-9ac9-a0f7849e5f62/opts
Oct 18 09:05:24 gtw01 dnsmasq[13439]: read /var/lib/neutron/dhcp/c8efbc54-bf57-43e8-ba32-bac42748ff2c/addn_hosts - 2 addresses
Oct 18 09:05:24 gtw01 dnsmasq-dhcp[13439]: read /var/lib/neutron/dhcp/c8efbc54-bf57-43e8-ba32-bac42748ff2c/host
Oct 18 09:05:24 gtw01 dnsmasq-dhcp[13439]: read /var/lib/neutron/dhcp/c8efbc54-bf57-43e8-ba32-bac42748ff2c/opts
Oct 18 09:05:24 gtw01 dnsmasq[13481]: read /var/lib/neutron/dhcp/b05bf8a4-b9d7-4ef8-9ac9-a0f7849e5f62/addn_hosts - 2 addresses
Oct 18 09:05:24 gtw01 dnsmasq-dhcp[13481]: read /var/lib/neutron/dhcp/b05bf8a4-b9d7-4ef8-9ac9-a0f7849e5f62/host
Oct 18 09:05:24 gtw01 dnsmasq-dhcp[13481]: read /var/lib/neutron/dhcp/b05bf8a4-b9d7-4ef8-9ac9-a0f7849e5f62/opts
Oct 18 09:05:25 gtw01 dnsmasq[13439]: read /var/lib/neutron/dhcp/c8efbc54-bf57-43e8-ba32-bac42748ff2c/addn_hosts - 2 addresses
Oct 18 09:05:25 gtw01 dnsmasq-dhcp[13439]: read /var/lib/neutron/dhcp/c8efbc54-bf57-43e8-ba32-bac42748ff2c/host
Oct 18 09:05:25 gtw01 dnsmasq-dhcp[13439]: read /var/lib/neutron/dhcp/c8efbc54-bf57-43e8-ba32-bac42748ff2c/opts
Oct 18 09:05:25 gtw01 dnsmasq[13481]: read /var/lib/neutron/dhcp/b05bf8a4-b9d7-4ef8-9ac9-a0f7849e5f62/addn_hosts - 2 addresses
Oct 18 09:05:25 gtw01 dnsmasq-dhcp[13481]: read /var/lib/neutron/dhcp/b05bf8a4-b9d7-4ef8-9ac9-a0f7849e5f62/host
Oct 18 09:05:25 gtw01 dnsmasq-dhcp[13481]: read /var/lib/neutron/dhcp/b05bf8a4-b9d7-4ef8-9ac9-a0f7849e5f62/opts
Oct 18 09:05:26 gtw01 kernel: [ 5551.585068] device tap7e1deed6-0b left promiscuous mode
Oct 18 09:05:26 gtw01 dnsmasq[13481]: read /var/lib/neutron/dhcp/b05bf8a4-b9d7-4ef8-9ac9-a0f7849e5f62/addn_hosts - 2 addresses
Oct 18 09:05:26 gtw01 dnsmasq-dhcp[13481]: read /var/lib/neutron/dhcp/b05bf8a4-b9d7-4ef8-9ac9-a0f7849e5f62/host
Oct 18 09:05:26 gtw01 dnsmasq-dhcp[13481]: read /var/lib/neutron/dhcp/b05bf8a4-b9d7-4ef8-9ac9-a0f7849e5f62/opts
Oct 18 09:05:29 gtw01 dnsmasq[13481]: read /var/lib/neutron/dhcp/b05bf8a4-b9d7-4ef8-9ac9-a0f7849e5f62/addn_hosts - 3 addresses
Oct 18 09:05:29 gtw01 dnsmasq-dhcp[13481]: read /var/lib/neutron/dhcp/b05bf8a4-b9d7-4ef8-9ac9-a0f7849e5f62/host
Oct 18 09:05:29 gtw01 dnsmasq-dhcp[13481]: read /var/lib/neutron/dhcp/b05bf8a4-b9d7-4ef8-9ac9-a0f7849e5f62/opts
Oct 18 09:05:30 gtw01 dnsmasq[13481]: read /var/lib/neutron/dhcp/b05bf8a4-b9d7-4ef8-9ac9-a0f7849e5f62/addn_hosts - 3 addresses
Oct 18 09:05:30 gtw01 dnsmasq-dhcp[13481]: read /var/lib/neutron/dhcp/b05bf8a4-b9d7-4ef8-9ac9-a0f7849e5f62/host
Oct 18 09:05:30 gtw01 dnsmasq-dhcp[13481]: read /var/lib/neutron/dhcp/b05bf8a4-b9d7-4ef8-9ac9-a0f7849e5f62/opts
Oct 18 09:05:31 gtw01 dnsmasq[13481]: read /var/lib/neutron/dhcp/b05bf8a4-b9d7-4ef8-9ac9-a0f7849e5f62/addn_hosts - 3 addresses
Oct 18 09:05:31 gtw01 dnsmasq-dhcp[13481]: read /var/lib/neutron/dhcp/b05bf8a4-b9d7-4ef8-9ac9-a0f7849e5f62/host
Oct 18 09:05:31 gtw01 dnsmasq-dhcp[13481]: read /var/lib/neutron/dhcp/b05bf8a4-b9d7-4ef8-9ac9-a0f7849e5f62/opts
Oct 18 09:05:32 gtw01 kernel: [ 5557.100553] device tap4befbda4-d7 entered promiscuous mode
Oct 18 09:05:32 gtw01 systemd-udevd[13706]: Could not generate persistent MAC address for tap4befbda4-d7: No such file or directory
Oct 18 09:05:32 gtw01 systemd-udevd[13706]: Process '/sbin/ip link set tap4befbda4-d7 txqueuelen 10000' failed with exit code 1.
Oct 18 09:05:32 gtw01 systemd-udevd[13780]: Process '/sbin/ip link set tap4befbda4-d7 txqueuelen 10000' failed with exit code 1.
Oct 18 09:05:35 gtw01 dnsmasq[13845]: started, version 2.80 cachesize 150
Oct 18 09:05:35 gtw01 dnsmasq[13845]: DNS service limited to local subnets
Oct 18 09:05:35 gtw01 dnsmasq[13845]: compile time options: IPv6 GNU-getopt DBus i18n IDN DHCP DHCPv6 no-Lua TFTP conntrack ipset auth DNSSEC loop-detect inotify dumpfile
Oct 18 09:05:35 gtw01 dnsmasq[13845]: warning: no upstream servers configured
Oct 18 09:05:35 gtw01 dnsmasq-dhcp[13845]: DHCP, static leases only on 192.168.120.0, lease time 1h
Oct 18 09:05:35 gtw01 dnsmasq[13845]: read /var/lib/neutron/dhcp/5f54745d-1ecc-44ed-8498-ad4a772b0258/addn_hosts - 1 addresses
Oct 18 09:05:35 gtw01 dnsmasq-dhcp[13845]: read /var/lib/neutron/dhcp/5f54745d-1ecc-44ed-8498-ad4a772b0258/host
Oct 18 09:05:35 gtw01 dnsmasq-dhcp[13845]: read /var/lib/neutron/dhcp/5f54745d-1ecc-44ed-8498-ad4a772b0258/opts
Oct 18 09:05:35 gtw01 haproxy-metadata-proxy-5f54745d-1ecc-44ed-8498-ad4a772b0258[13849]: Proxy listener started.
Oct 18 09:05:36 gtw01 dnsmasq[13845]: read /var/lib/neutron/dhcp/5f54745d-1ecc-44ed-8498-ad4a772b0258/addn_hosts - 1 addresses
Oct 18 09:05:36 gtw01 dnsmasq-dhcp[13845]: read /var/lib/neutron/dhcp/5f54745d-1ecc-44ed-8498-ad4a772b0258/host
Oct 18 09:05:36 gtw01 dnsmasq-dhcp[13845]: read /var/lib/neutron/dhcp/5f54745d-1ecc-44ed-8498-ad4a772b0258/opts
Oct 18 09:05:37 gtw01 dnsmasq[13845]: read /var/lib/neutron/dhcp/5f54745d-1ecc-44ed-8498-ad4a772b0258/addn_hosts - 1 addresses
Oct 18 09:05:37 gtw01 dnsmasq-dhcp[13845]: read /var/lib/neutron/dhcp/5f54745d-1ecc-44ed-8498-ad4a772b0258/host
Oct 18 09:05:37 gtw01 dnsmasq-dhcp[13845]: read /var/lib/neutron/dhcp/5f54745d-1ecc-44ed-8498-ad4a772b0258/opts
Oct 18 09:05:38 gtw01 dnsmasq[13845]: read /var/lib/neutron/dhcp/5f54745d-1ecc-44ed-8498-ad4a772b0258/addn_hosts - 2 addresses
Oct 18 09:05:38 gtw01 dnsmasq-dhcp[13845]: read /var/lib/neutron/dhcp/5f54745d-1ecc-44ed-8498-ad4a772b0258/host
Oct 18 09:05:38 gtw01 dnsmasq-dhcp[13845]: read /var/lib/neutron/dhcp/5f54745d-1ecc-44ed-8498-ad4a772b0258/opts
