Oct 18 09:22:36 gtw01 dnsmasq-dhcp[24087]: DHCPDISCOVER(tapb021ea72-f0) fa:16:3e:25:53:ed
Oct 18 09:22:36 gtw01 dnsmasq-dhcp[24087]: DHCPOFFER(tapb021ea72-f0) 192.168.120.7 fa:16:3e:25:53:ed
Oct 18 09:22:36 gtw01 dnsmasq-dhcp[24087]: DHCPREQUEST(tapb021ea72-f0) 192.168.120.7 fa:16:3e:25:53:ed
Oct 18 09:22:36 gtw01 dnsmasq-dhcp[24087]: DHCPACK(tapb021ea72-f0) 192.168.120.7 fa:16:3e:25:53:ed host-192-168-120-7
Oct 18 09:22:36 gtw01 systemd-udevd[24600]: Process '/sbin/ip link set tap51780b0e-75 txqueuelen 10000' failed with exit code 1.
Oct 18 09:22:36 gtw01 systemd-udevd[24600]: Process '/sbin/ip link set tap51780b0e-75 txqueuelen 10000' failed with exit code 1.
Oct 18 09:22:38 gtw01 kernel: [ 6583.154996] device tape6b53676-e5 left promiscuous mode
Oct 18 09:22:39 gtw01 dnsmasq[24744]: started, version 2.80 cachesize 150
Oct 18 09:22:39 gtw01 dnsmasq[24744]: DNS service limited to local subnets
Oct 18 09:22:39 gtw01 dnsmasq[24744]: compile time options: IPv6 GNU-getopt DBus i18n IDN DHCP DHCPv6 no-Lua TFTP conntrack ipset auth DNSSEC loop-detect inotify dumpfile
Oct 18 09:22:39 gtw01 dnsmasq[24744]: warning: no upstream servers configured
Oct 18 09:22:39 gtw01 dnsmasq-dhcp[24744]: DHCP, static leases only on 192.168.120.0, lease time 1h
Oct 18 09:22:39 gtw01 dnsmasq[24744]: read /var/lib/neutron/dhcp/87fb9239-49bc-46e6-bfa6-dd96c075055c/addn_hosts - 1 addresses
Oct 18 09:22:39 gtw01 dnsmasq-dhcp[24744]: read /var/lib/neutron/dhcp/87fb9239-49bc-46e6-bfa6-dd96c075055c/host
Oct 18 09:22:39 gtw01 dnsmasq-dhcp[24744]: read /var/lib/neutron/dhcp/87fb9239-49bc-46e6-bfa6-dd96c075055c/opts
Oct 18 09:22:40 gtw01 haproxy-metadata-proxy-87fb9239-49bc-46e6-bfa6-dd96c075055c[24748]: Proxy listener started.
Oct 18 09:22:41 gtw01 dnsmasq[24744]: read /var/lib/neutron/dhcp/87fb9239-49bc-46e6-bfa6-dd96c075055c/addn_hosts - 2 addresses
Oct 18 09:22:41 gtw01 dnsmasq-dhcp[24744]: read /var/lib/neutron/dhcp/87fb9239-49bc-46e6-bfa6-dd96c075055c/host
Oct 18 09:22:41 gtw01 dnsmasq-dhcp[24744]: read /var/lib/neutron/dhcp/87fb9239-49bc-46e6-bfa6-dd96c075055c/opts
Oct 18 09:22:42 gtw01 dnsmasq[24744]: read /var/lib/neutron/dhcp/87fb9239-49bc-46e6-bfa6-dd96c075055c/addn_hosts - 2 addresses
Oct 18 09:22:42 gtw01 dnsmasq-dhcp[24744]: read /var/lib/neutron/dhcp/87fb9239-49bc-46e6-bfa6-dd96c075055c/host
Oct 18 09:22:42 gtw01 dnsmasq-dhcp[24744]: read /var/lib/neutron/dhcp/87fb9239-49bc-46e6-bfa6-dd96c075055c/opts
Oct 18 09:22:42 gtw01 kernel: [ 6587.937668] device tap11e3f321-cb entered promiscuous mode
Oct 18 09:22:43 gtw01 systemd-udevd[24822]: Process '/sbin/ip link set tap11e3f321-cb txqueuelen 10000' failed with exit code 1.
Oct 18 09:22:43 gtw01 systemd-udevd[24896]: Process '/sbin/ip link set tap11e3f321-cb txqueuelen 10000' failed with exit code 1.
Oct 18 09:22:43 gtw01 systemd-udevd[24915]: Could not generate persistent MAC address for tap6c5d19a7-a5: No such file or directory
Oct 18 09:22:43 gtw01 kernel: [ 6588.210219] device tap6c5d19a7-a5 entered promiscuous mode
Oct 18 09:22:43 gtw01 dnsmasq[24744]: read /var/lib/neutron/dhcp/87fb9239-49bc-46e6-bfa6-dd96c075055c/addn_hosts - 2 addresses
Oct 18 09:22:43 gtw01 dnsmasq-dhcp[24744]: read /var/lib/neutron/dhcp/87fb9239-49bc-46e6-bfa6-dd96c075055c/host
Oct 18 09:22:43 gtw01 dnsmasq-dhcp[24744]: read /var/lib/neutron/dhcp/87fb9239-49bc-46e6-bfa6-dd96c075055c/opts
Oct 18 09:22:43 gtw01 systemd-udevd[24915]: Process '/sbin/ip link set tap6c5d19a7-a5 txqueuelen 10000' failed with exit code 1.
Oct 18 09:22:43 gtw01 systemd-udevd[24988]: Process '/sbin/ip link set tap6c5d19a7-a5 txqueuelen 10000' failed with exit code 1.
Oct 18 09:22:44 gtw01 dnsmasq[24744]: read /var/lib/neutron/dhcp/87fb9239-49bc-46e6-bfa6-dd96c075055c/addn_hosts - 2 addresses
Oct 18 09:22:44 gtw01 dnsmasq-dhcp[24744]: read /var/lib/neutron/dhcp/87fb9239-49bc-46e6-bfa6-dd96c075055c/host
Oct 18 09:22:44 gtw01 dnsmasq-dhcp[24744]: read /var/lib/neutron/dhcp/87fb9239-49bc-46e6-bfa6-dd96c075055c/opts
Oct 18 09:22:45 gtw01 kernel: [ 6590.345693] device tap5d142f6a-de entered promiscuous mode
Oct 18 09:22:45 gtw01 systemd-udevd[25077]: Could not generate persistent MAC address for tap5d142f6a-de: No such file or directory
Oct 18 09:22:45 gtw01 systemd-udevd[25151]: Process '/sbin/ip link set tap5d142f6a-de txqueuelen 10000' failed with exit code 1.
Oct 18 09:22:46 gtw01 kernel: [ 6591.865654] device tapda4ff6d6-c2 entered promiscuous mode
Oct 18 09:22:46 gtw01 systemd-udevd[25221]: Could not generate persistent MAC address for tapda4ff6d6-c2: No such file or directory
Oct 18 09:22:47 gtw01 systemd-udevd[25290]: Process '/sbin/ip link set tapda4ff6d6-c2 txqueuelen 10000' failed with exit code 1.
Oct 18 09:22:47 gtw01 dnsmasq[24744]: read /var/lib/neutron/dhcp/87fb9239-49bc-46e6-bfa6-dd96c075055c/addn_hosts - 2 addresses
Oct 18 09:22:47 gtw01 dnsmasq-dhcp[24744]: read /var/lib/neutron/dhcp/87fb9239-49bc-46e6-bfa6-dd96c075055c/host
Oct 18 09:22:47 gtw01 dnsmasq-dhcp[24744]: read /var/lib/neutron/dhcp/87fb9239-49bc-46e6-bfa6-dd96c075055c/opts
Oct 18 09:22:47 gtw01 dnsmasq[24087]: read /var/lib/neutron/dhcp/f969795d-78bb-46d2-be22-a379419eb857/addn_hosts - 4 addresses
Oct 18 09:22:47 gtw01 dnsmasq-dhcp[24087]: read /var/lib/neutron/dhcp/f969795d-78bb-46d2-be22-a379419eb857/host
Oct 18 09:22:47 gtw01 dnsmasq-dhcp[24087]: read /var/lib/neutron/dhcp/f969795d-78bb-46d2-be22-a379419eb857/opts
Oct 18 09:22:51 gtw01 dnsmasq[25416]: started, version 2.80 cachesize 150
Oct 18 09:22:51 gtw01 dnsmasq[25416]: DNS service limited to local subnets
Oct 18 09:22:51 gtw01 dnsmasq[25416]: compile time options: IPv6 GNU-getopt DBus i18n IDN DHCP DHCPv6 no-Lua TFTP conntrack ipset auth DNSSEC loop-detect inotify dumpfile
Oct 18 09:22:51 gtw01 dnsmasq[25416]: warning: no upstream servers configured
Oct 18 09:22:51 gtw01 dnsmasq-dhcp[25416]: DHCP, static leases only on 192.168.120.0, lease time 1h
Oct 18 09:22:51 gtw01 dnsmasq[25416]: read /var/lib/neutron/dhcp/fe791b34-3ea2-4f87-b331-91a04dcc0d22/addn_hosts - 1 addresses
Oct 18 09:22:51 gtw01 dnsmasq-dhcp[25416]: read /var/lib/neutron/dhcp/fe791b34-3ea2-4f87-b331-91a04dcc0d22/host
Oct 18 09:22:51 gtw01 dnsmasq-dhcp[25416]: read /var/lib/neutron/dhcp/fe791b34-3ea2-4f87-b331-91a04dcc0d22/opts
Oct 18 09:22:51 gtw01 dnsmasq[25432]: started, version 2.80 cachesize 150
Oct 18 09:22:51 gtw01 dnsmasq[25432]: DNS service limited to local subnets
Oct 18 09:22:51 gtw01 dnsmasq[25432]: compile time options: IPv6 GNU-getopt DBus i18n IDN DHCP DHCPv6 no-Lua TFTP conntrack ipset auth DNSSEC loop-detect inotify dumpfile
Oct 18 09:22:51 gtw01 dnsmasq[25432]: warning: no upstream servers configured
Oct 18 09:22:51 gtw01 dnsmasq-dhcp[25432]: DHCP, static leases only on 19.80.0.0, lease time 1h
Oct 18 09:22:51 gtw01 dnsmasq[25432]: read /var/lib/neutron/dhcp/b243c660-c76f-4520-a895-fa80cb250be7/addn_hosts - 1 addresses
Oct 18 09:22:51 gtw01 dnsmasq-dhcp[25432]: read /var/lib/neutron/dhcp/b243c660-c76f-4520-a895-fa80cb250be7/host
Oct 18 09:22:51 gtw01 dnsmasq-dhcp[25432]: read /var/lib/neutron/dhcp/b243c660-c76f-4520-a895-fa80cb250be7/opts
Oct 18 09:22:51 gtw01 haproxy-metadata-proxy-fe791b34-3ea2-4f87-b331-91a04dcc0d22[25435]: Proxy listener started.
Oct 18 09:22:52 gtw01 haproxy-metadata-proxy-b243c660-c76f-4520-a895-fa80cb250be7[25444]: Proxy listener started.
Oct 18 09:22:53 gtw01 dnsmasq[24087]: read /var/lib/neutron/dhcp/f969795d-78bb-46d2-be22-a379419eb857/addn_hosts - 3 addresses
Oct 18 09:22:53 gtw01 dnsmasq-dhcp[24087]: read /var/lib/neutron/dhcp/f969795d-78bb-46d2-be22-a379419eb857/host
Oct 18 09:22:53 gtw01 dnsmasq-dhcp[24087]: read /var/lib/neutron/dhcp/f969795d-78bb-46d2-be22-a379419eb857/opts
Oct 18 09:22:53 gtw01 dnsmasq[25416]: read /var/lib/neutron/dhcp/fe791b34-3ea2-4f87-b331-91a04dcc0d22/addn_hosts - 3 addresses
Oct 18 09:22:53 gtw01 dnsmasq-dhcp[25416]: read /var/lib/neutron/dhcp/fe791b34-3ea2-4f87-b331-91a04dcc0d22/host
Oct 18 09:22:53 gtw01 dnsmasq-dhcp[25416]: read /var/lib/neutron/dhcp/fe791b34-3ea2-4f87-b331-91a04dcc0d22/opts
Oct 18 09:22:53 gtw01 dnsmasq[25432]: read /var/lib/neutron/dhcp/b243c660-c76f-4520-a895-fa80cb250be7/addn_hosts - 2 addresses
Oct 18 09:22:53 gtw01 dnsmasq-dhcp[25432]: read /var/lib/neutron/dhcp/b243c660-c76f-4520-a895-fa80cb250be7/host
Oct 18 09:22:53 gtw01 dnsmasq-dhcp[25432]: read /var/lib/neutron/dhcp/b243c660-c76f-4520-a895-fa80cb250be7/opts
Oct 18 09:22:53 gtw01 dnsmasq[25512]: started, version 2.80 cachesize 150
Oct 18 09:22:53 gtw01 dnsmasq[25512]: DNS service limited to local subnets
Oct 18 09:22:53 gtw01 dnsmasq[25512]: compile time options: IPv6 GNU-getopt DBus i18n IDN DHCP DHCPv6 no-Lua TFTP conntrack ipset auth DNSSEC loop-detect inotify dumpfile
Oct 18 09:22:53 gtw01 dnsmasq[25512]: warning: no upstream servers configured
Oct 18 09:22:53 gtw01 dnsmasq-dhcp[25512]: DHCP, static leases only on 19.86.0.0, lease time 1h
Oct 18 09:22:53 gtw01 dnsmasq[25512]: read /var/lib/neutron/dhcp/88f20fb6-7bfa-4e50-835a-739f4a48f8e4/addn_hosts - 1 addresses
Oct 18 09:22:53 gtw01 dnsmasq-dhcp[25512]: read /var/lib/neutron/dhcp/88f20fb6-7bfa-4e50-835a-739f4a48f8e4/host
Oct 18 09:22:53 gtw01 dnsmasq-dhcp[25512]: read /var/lib/neutron/dhcp/88f20fb6-7bfa-4e50-835a-739f4a48f8e4/opts
Oct 18 09:22:54 gtw01 haproxy-metadata-proxy-88f20fb6-7bfa-4e50-835a-739f4a48f8e4[25531]: Proxy listener started.
Oct 18 09:22:54 gtw01 dnsmasq[25546]: started, version 2.80 cachesize 150
Oct 18 09:22:54 gtw01 dnsmasq[25546]: DNS service limited to local subnets
Oct 18 09:22:54 gtw01 dnsmasq[25546]: compile time options: IPv6 GNU-getopt DBus i18n IDN DHCP DHCPv6 no-Lua TFTP conntrack ipset auth DNSSEC loop-detect inotify dumpfile
Oct 18 09:22:54 gtw01 dnsmasq[25546]: warning: no upstream servers configured
Oct 18 09:22:54 gtw01 dnsmasq-dhcp[25546]: DHCP, static leases only on 192.168.120.0, lease time 1h
Oct 18 09:22:54 gtw01 dnsmasq[25546]: read /var/lib/neutron/dhcp/a5134f0d-43e4-4512-b071-6b3f044c2873/addn_hosts - 1 addresses
Oct 18 09:22:54 gtw01 dnsmasq-dhcp[25546]: read /var/lib/neutron/dhcp/a5134f0d-43e4-4512-b071-6b3f044c2873/host
Oct 18 09:22:54 gtw01 dnsmasq-dhcp[25546]: read /var/lib/neutron/dhcp/a5134f0d-43e4-4512-b071-6b3f044c2873/opts
Oct 18 09:22:55 gtw01 dnsmasq[25416]: read /var/lib/neutron/dhcp/fe791b34-3ea2-4f87-b331-91a04dcc0d22/addn_hosts - 3 addresses
Oct 18 09:22:55 gtw01 dnsmasq-dhcp[25416]: read /var/lib/neutron/dhcp/fe791b34-3ea2-4f87-b331-91a04dcc0d22/host
Oct 18 09:22:55 gtw01 dnsmasq-dhcp[25416]: read /var/lib/neutron/dhcp/fe791b34-3ea2-4f87-b331-91a04dcc0d22/opts
Oct 18 09:22:55 gtw01 haproxy-metadata-proxy-a5134f0d-43e4-4512-b071-6b3f044c2873[25563]: Proxy listener started.
Oct 18 09:22:55 gtw01 dnsmasq-dhcp[24087]: DHCPRELEASE(tapb021ea72-f0) 192.168.120.7 fa:16:3e:25:53:ed
Oct 18 09:22:55 gtw01 dnsmasq[25432]: read /var/lib/neutron/dhcp/b243c660-c76f-4520-a895-fa80cb250be7/addn_hosts - 2 addresses
Oct 18 09:22:55 gtw01 dnsmasq-dhcp[25432]: read /var/lib/neutron/dhcp/b243c660-c76f-4520-a895-fa80cb250be7/host
Oct 18 09:22:55 gtw01 dnsmasq-dhcp[25432]: read /var/lib/neutron/dhcp/b243c660-c76f-4520-a895-fa80cb250be7/opts
Oct 18 09:22:55 gtw01 dnsmasq-dhcp[24087]: DHCPRELEASE(tapb021ea72-f0) 192.168.120.7 fa:16:3e:25:53:ed unknown lease
Oct 18 09:22:56 gtw01 dnsmasq[25512]: read /var/lib/neutron/dhcp/88f20fb6-7bfa-4e50-835a-739f4a48f8e4/addn_hosts - 2 addresses
Oct 18 09:22:56 gtw01 dnsmasq-dhcp[25512]: read /var/lib/neutron/dhcp/88f20fb6-7bfa-4e50-835a-739f4a48f8e4/host
Oct 18 09:22:56 gtw01 dnsmasq-dhcp[25512]: read /var/lib/neutron/dhcp/88f20fb6-7bfa-4e50-835a-739f4a48f8e4/opts
Oct 18 09:22:56 gtw01 dnsmasq[25546]: read /var/lib/neutron/dhcp/a5134f0d-43e4-4512-b071-6b3f044c2873/addn_hosts - 2 addresses
Oct 18 09:22:56 gtw01 dnsmasq-dhcp[25546]: read /var/lib/neutron/dhcp/a5134f0d-43e4-4512-b071-6b3f044c2873/host
Oct 18 09:22:56 gtw01 dnsmasq-dhcp[25546]: read /var/lib/neutron/dhcp/a5134f0d-43e4-4512-b071-6b3f044c2873/opts
Oct 18 09:22:57 gtw01 dnsmasq[24087]: read /var/lib/neutron/dhcp/f969795d-78bb-46d2-be22-a379419eb857/addn_hosts - 2 addresses
Oct 18 09:22:57 gtw01 dnsmasq-dhcp[24087]: read /var/lib/neutron/dhcp/f969795d-78bb-46d2-be22-a379419eb857/host
Oct 18 09:22:57 gtw01 dnsmasq-dhcp[24087]: read /var/lib/neutron/dhcp/f969795d-78bb-46d2-be22-a379419eb857/opts
Oct 18 09:22:57 gtw01 dnsmasq[25432]: read /var/lib/neutron/dhcp/b243c660-c76f-4520-a895-fa80cb250be7/addn_hosts - 2 addresses
Oct 18 09:22:57 gtw01 dnsmasq-dhcp[25432]: read /var/lib/neutron/dhcp/b243c660-c76f-4520-a895-fa80cb250be7/host
Oct 18 09:22:57 gtw01 dnsmasq-dhcp[25432]: read /var/lib/neutron/dhcp/b243c660-c76f-4520-a895-fa80cb250be7/opts
Oct 18 09:22:57 gtw01 dnsmasq[25416]: read /var/lib/neutron/dhcp/fe791b34-3ea2-4f87-b331-91a04dcc0d22/addn_hosts - 3 addresses
Oct 18 09:22:57 gtw01 dnsmasq-dhcp[25416]: read /var/lib/neutron/dhcp/fe791b34-3ea2-4f87-b331-91a04dcc0d22/host
Oct 18 09:22:57 gtw01 dnsmasq-dhcp[25416]: read /var/lib/neutron/dhcp/fe791b34-3ea2-4f87-b331-91a04dcc0d22/opts
Oct 18 09:22:58 gtw01 dnsmasq[25512]: read /var/lib/neutron/dhcp/88f20fb6-7bfa-4e50-835a-739f4a48f8e4/addn_hosts - 2 addresses
Oct 18 09:22:58 gtw01 dnsmasq-dhcp[25512]: read /var/lib/neutron/dhcp/88f20fb6-7bfa-4e50-835a-739f4a48f8e4/host
Oct 18 09:22:58 gtw01 dnsmasq-dhcp[25512]: read /var/lib/neutron/dhcp/88f20fb6-7bfa-4e50-835a-739f4a48f8e4/opts
Oct 18 09:22:58 gtw01 dnsmasq[25546]: read /var/lib/neutron/dhcp/a5134f0d-43e4-4512-b071-6b3f044c2873/addn_hosts - 2 addresses
Oct 18 09:22:58 gtw01 dnsmasq-dhcp[25546]: read /var/lib/neutron/dhcp/a5134f0d-43e4-4512-b071-6b3f044c2873/host
Oct 18 09:22:58 gtw01 dnsmasq-dhcp[25546]: read /var/lib/neutron/dhcp/a5134f0d-43e4-4512-b071-6b3f044c2873/opts
Oct 18 09:22:59 gtw01 dnsmasq[25432]: read /var/lib/neutron/dhcp/b243c660-c76f-4520-a895-fa80cb250be7/addn_hosts - 3 addresses
Oct 18 09:22:59 gtw01 dnsmasq-dhcp[25432]: read /var/lib/neutron/dhcp/b243c660-c76f-4520-a895-fa80cb250be7/host
Oct 18 09:22:59 gtw01 dnsmasq-dhcp[25432]: read /var/lib/neutron/dhcp/b243c660-c76f-4520-a895-fa80cb250be7/opts
Oct 18 09:22:59 gtw01 dnsmasq[25416]: read /var/lib/neutron/dhcp/fe791b34-3ea2-4f87-b331-91a04dcc0d22/addn_hosts - 3 addresses
Oct 18 09:22:59 gtw01 dnsmasq-dhcp[25416]: read /var/lib/neutron/dhcp/fe791b34-3ea2-4f87-b331-91a04dcc0d22/host
Oct 18 09:22:59 gtw01 dnsmasq-dhcp[25416]: read /var/lib/neutron/dhcp/fe791b34-3ea2-4f87-b331-91a04dcc0d22/opts
Oct 18 09:23:00 gtw01 dnsmasq[25512]: read /var/lib/neutron/dhcp/88f20fb6-7bfa-4e50-835a-739f4a48f8e4/addn_hosts - 2 addresses
Oct 18 09:23:00 gtw01 dnsmasq-dhcp[25512]: read /var/lib/neutron/dhcp/88f20fb6-7bfa-4e50-835a-739f4a48f8e4/host
Oct 18 09:23:00 gtw01 dnsmasq-dhcp[25512]: read /var/lib/neutron/dhcp/88f20fb6-7bfa-4e50-835a-739f4a48f8e4/opts
Oct 18 09:23:00 gtw01 dnsmasq[25546]: read /var/lib/neutron/dhcp/a5134f0d-43e4-4512-b071-6b3f044c2873/addn_hosts - 2 addresses
Oct 18 09:23:00 gtw01 dnsmasq-dhcp[25546]: read /var/lib/neutron/dhcp/a5134f0d-43e4-4512-b071-6b3f044c2873/host
Oct 18 09:23:00 gtw01 dnsmasq-dhcp[25546]: read /var/lib/neutron/dhcp/a5134f0d-43e4-4512-b071-6b3f044c2873/opts
Oct 18 09:23:01 gtw01 dnsmasq[25416]: read /var/lib/neutron/dhcp/fe791b34-3ea2-4f87-b331-91a04dcc0d22/addn_hosts - 3 addresses
Oct 18 09:23:01 gtw01 dnsmasq-dhcp[25416]: read /var/lib/neutron/dhcp/fe791b34-3ea2-4f87-b331-91a04dcc0d22/host
Oct 18 09:23:01 gtw01 dnsmasq-dhcp[25416]: read /var/lib/neutron/dhcp/fe791b34-3ea2-4f87-b331-91a04dcc0d22/opts
Oct 18 09:23:01 gtw01 dnsmasq[25432]: read /var/lib/neutron/dhcp/b243c660-c76f-4520-a895-fa80cb250be7/addn_hosts - 3 addresses
Oct 18 09:23:01 gtw01 dnsmasq-dhcp[25432]: read /var/lib/neutron/dhcp/b243c660-c76f-4520-a895-fa80cb250be7/host
Oct 18 09:23:01 gtw01 dnsmasq-dhcp[25432]: read /var/lib/neutron/dhcp/b243c660-c76f-4520-a895-fa80cb250be7/opts
Oct 18 09:23:01 gtw01 dnsmasq[24087]: read /var/lib/neutron/dhcp/f969795d-78bb-46d2-be22-a379419eb857/addn_hosts - 1 addresses
Oct 18 09:23:01 gtw01 dnsmasq-dhcp[24087]: read /var/lib/neutron/dhcp/f969795d-78bb-46d2-be22-a379419eb857/host
Oct 18 09:23:01 gtw01 dnsmasq-dhcp[24087]: read /var/lib/neutron/dhcp/f969795d-78bb-46d2-be22-a379419eb857/opts
Oct 18 09:23:02 gtw01 dnsmasq[25512]: read /var/lib/neutron/dhcp/88f20fb6-7bfa-4e50-835a-739f4a48f8e4/addn_hosts - 2 addresses
Oct 18 09:23:02 gtw01 dnsmasq-dhcp[25512]: read /var/lib/neutron/dhcp/88f20fb6-7bfa-4e50-835a-739f4a48f8e4/host
Oct 18 09:23:02 gtw01 dnsmasq-dhcp[25512]: read /var/lib/neutron/dhcp/88f20fb6-7bfa-4e50-835a-739f4a48f8e4/opts
Oct 18 09:23:03 gtw01 dnsmasq[25546]: read /var/lib/neutron/dhcp/a5134f0d-43e4-4512-b071-6b3f044c2873/addn_hosts - 2 addresses
Oct 18 09:23:03 gtw01 dnsmasq-dhcp[25546]: read /var/lib/neutron/dhcp/a5134f0d-43e4-4512-b071-6b3f044c2873/host
Oct 18 09:23:03 gtw01 dnsmasq-dhcp[25546]: read /var/lib/neutron/dhcp/a5134f0d-43e4-4512-b071-6b3f044c2873/opts
Oct 18 09:23:03 gtw01 dnsmasq[25416]: read /var/lib/neutron/dhcp/fe791b34-3ea2-4f87-b331-91a04dcc0d22/addn_hosts - 3 addresses
Oct 18 09:23:03 gtw01 dnsmasq-dhcp[25416]: read /var/lib/neutron/dhcp/fe791b34-3ea2-4f87-b331-91a04dcc0d22/host
Oct 18 09:23:03 gtw01 dnsmasq-dhcp[25416]: read /var/lib/neutron/dhcp/fe791b34-3ea2-4f87-b331-91a04dcc0d22/opts
Oct 18 09:23:03 gtw01 dnsmasq[25432]: read /var/lib/neutron/dhcp/b243c660-c76f-4520-a895-fa80cb250be7/addn_hosts - 3 addresses
Oct 18 09:23:03 gtw01 dnsmasq-dhcp[25432]: read /var/lib/neutron/dhcp/b243c660-c76f-4520-a895-fa80cb250be7/host
Oct 18 09:23:03 gtw01 dnsmasq-dhcp[25432]: read /var/lib/neutron/dhcp/b243c660-c76f-4520-a895-fa80cb250be7/opts
Oct 18 09:23:03 gtw01 dnsmasq[25512]: read /var/lib/neutron/dhcp/88f20fb6-7bfa-4e50-835a-739f4a48f8e4/addn_hosts - 2 addresses
Oct 18 09:23:03 gtw01 dnsmasq-dhcp[25512]: read /var/lib/neutron/dhcp/88f20fb6-7bfa-4e50-835a-739f4a48f8e4/host
Oct 18 09:23:03 gtw01 dnsmasq-dhcp[25512]: read /var/lib/neutron/dhcp/88f20fb6-7bfa-4e50-835a-739f4a48f8e4/opts
Oct 18 09:23:05 gtw01 dnsmasq[25546]: read /var/lib/neutron/dhcp/a5134f0d-43e4-4512-b071-6b3f044c2873/addn_hosts - 3 addresses
Oct 18 09:23:05 gtw01 dnsmasq-dhcp[25546]: read /var/lib/neutron/dhcp/a5134f0d-43e4-4512-b071-6b3f044c2873/host
Oct 18 09:23:05 gtw01 dnsmasq-dhcp[25546]: read /var/lib/neutron/dhcp/a5134f0d-43e4-4512-b071-6b3f044c2873/opts
Oct 18 09:23:05 gtw01 dnsmasq[25416]: read /var/lib/neutron/dhcp/fe791b34-3ea2-4f87-b331-91a04dcc0d22/addn_hosts - 3 addresses
Oct 18 09:23:05 gtw01 dnsmasq-dhcp[25416]: read /var/lib/neutron/dhcp/fe791b34-3ea2-4f87-b331-91a04dcc0d22/host
Oct 18 09:23:05 gtw01 dnsmasq-dhcp[25416]: read /var/lib/neutron/dhcp/fe791b34-3ea2-4f87-b331-91a04dcc0d22/opts
Oct 18 09:23:05 gtw01 dnsmasq[25512]: read /var/lib/neutron/dhcp/88f20fb6-7bfa-4e50-835a-739f4a48f8e4/addn_hosts - 2 addresses
Oct 18 09:23:05 gtw01 dnsmasq-dhcp[25512]: read /var/lib/neutron/dhcp/88f20fb6-7bfa-4e50-835a-739f4a48f8e4/host
Oct 18 09:23:05 gtw01 dnsmasq-dhcp[25512]: read /var/lib/neutron/dhcp/88f20fb6-7bfa-4e50-835a-739f4a48f8e4/opts
Oct 18 09:23:05 gtw01 dnsmasq[25432]: read /var/lib/neutron/dhcp/b243c660-c76f-4520-a895-fa80cb250be7/addn_hosts - 3 addresses
Oct 18 09:23:05 gtw01 dnsmasq-dhcp[25432]: read /var/lib/neutron/dhcp/b243c660-c76f-4520-a895-fa80cb250be7/host
Oct 18 09:23:05 gtw01 dnsmasq-dhcp[25432]: read /var/lib/neutron/dhcp/b243c660-c76f-4520-a895-fa80cb250be7/opts
Oct 18 09:23:06 gtw01 dnsmasq-dhcp[25416]: DHCPDISCOVER(tap11e3f321-cb) fa:16:3e:ee:ac:2e
Oct 18 09:23:06 gtw01 dnsmasq-dhcp[25416]: DHCPOFFER(tap11e3f321-cb) 192.168.120.9 fa:16:3e:ee:ac:2e
Oct 18 09:23:06 gtw01 dnsmasq-dhcp[25416]: DHCPREQUEST(tap11e3f321-cb) 192.168.120.9 fa:16:3e:ee:ac:2e
Oct 18 09:23:06 gtw01 dnsmasq-dhcp[25416]: DHCPACK(tap11e3f321-cb) 192.168.120.9 fa:16:3e:ee:ac:2e host-192-168-120-9
Oct 18 09:23:06 gtw01 dnsmasq[25546]: read /var/lib/neutron/dhcp/a5134f0d-43e4-4512-b071-6b3f044c2873/addn_hosts - 3 addresses
Oct 18 09:23:07 gtw01 dnsmasq-dhcp[25546]: read /var/lib/neutron/dhcp/a5134f0d-43e4-4512-b071-6b3f044c2873/host
Oct 18 09:23:07 gtw01 dnsmasq-dhcp[25546]: read /var/lib/neutron/dhcp/a5134f0d-43e4-4512-b071-6b3f044c2873/opts
Oct 18 09:23:07 gtw01 dnsmasq[25432]: read /var/lib/neutron/dhcp/b243c660-c76f-4520-a895-fa80cb250be7/addn_hosts - 3 addresses
Oct 18 09:23:07 gtw01 dnsmasq-dhcp[25432]: read /var/lib/neutron/dhcp/b243c660-c76f-4520-a895-fa80cb250be7/host
Oct 18 09:23:07 gtw01 dnsmasq-dhcp[25432]: read /var/lib/neutron/dhcp/b243c660-c76f-4520-a895-fa80cb250be7/opts
Oct 18 09:23:07 gtw01 dnsmasq[25416]: read /var/lib/neutron/dhcp/fe791b34-3ea2-4f87-b331-91a04dcc0d22/addn_hosts - 3 addresses
Oct 18 09:23:07 gtw01 dnsmasq-dhcp[25416]: read /var/lib/neutron/dhcp/fe791b34-3ea2-4f87-b331-91a04dcc0d22/host
Oct 18 09:23:07 gtw01 dnsmasq-dhcp[25416]: read /var/lib/neutron/dhcp/fe791b34-3ea2-4f87-b331-91a04dcc0d22/opts
Oct 18 09:23:08 gtw01 kernel: [ 6613.077479] device tapb021ea72-f0 left promiscuous mode
Oct 18 09:23:08 gtw01 dnsmasq[25546]: read /var/lib/neutron/dhcp/a5134f0d-43e4-4512-b071-6b3f044c2873/addn_hosts - 3 addresses
Oct 18 09:23:08 gtw01 dnsmasq-dhcp[25546]: read /var/lib/neutron/dhcp/a5134f0d-43e4-4512-b071-6b3f044c2873/host
Oct 18 09:23:08 gtw01 dnsmasq-dhcp[25546]: read /var/lib/neutron/dhcp/a5134f0d-43e4-4512-b071-6b3f044c2873/opts
Oct 18 09:23:08 gtw01 dnsmasq[25432]: read /var/lib/neutron/dhcp/b243c660-c76f-4520-a895-fa80cb250be7/addn_hosts - 3 addresses
Oct 18 09:23:08 gtw01 dnsmasq-dhcp[25432]: read /var/lib/neutron/dhcp/b243c660-c76f-4520-a895-fa80cb250be7/host
Oct 18 09:23:08 gtw01 dnsmasq-dhcp[25432]: read /var/lib/neutron/dhcp/b243c660-c76f-4520-a895-fa80cb250be7/opts
Oct 18 09:23:09 gtw01 dnsmasq[25546]: read /var/lib/neutron/dhcp/a5134f0d-43e4-4512-b071-6b3f044c2873/addn_hosts - 3 addresses
Oct 18 09:23:09 gtw01 dnsmasq-dhcp[25546]: read /var/lib/neutron/dhcp/a5134f0d-43e4-4512-b071-6b3f044c2873/host
Oct 18 09:23:09 gtw01 dnsmasq-dhcp[25546]: read /var/lib/neutron/dhcp/a5134f0d-43e4-4512-b071-6b3f044c2873/opts
Oct 18 09:23:12 gtw01 dnsmasq[25512]: read /var/lib/neutron/dhcp/88f20fb6-7bfa-4e50-835a-739f4a48f8e4/addn_hosts - 1 addresses
Oct 18 09:23:12 gtw01 dnsmasq-dhcp[25512]: read /var/lib/neutron/dhcp/88f20fb6-7bfa-4e50-835a-739f4a48f8e4/host
Oct 18 09:23:12 gtw01 dnsmasq-dhcp[25512]: read /var/lib/neutron/dhcp/88f20fb6-7bfa-4e50-835a-739f4a48f8e4/opts
Oct 18 09:23:13 gtw01 dnsmasq[25432]: read /var/lib/neutron/dhcp/b243c660-c76f-4520-a895-fa80cb250be7/addn_hosts - 2 addresses
Oct 18 09:23:13 gtw01 dnsmasq-dhcp[25432]: read /var/lib/neutron/dhcp/b243c660-c76f-4520-a895-fa80cb250be7/host
Oct 18 09:23:13 gtw01 dnsmasq-dhcp[25432]: read /var/lib/neutron/dhcp/b243c660-c76f-4520-a895-fa80cb250be7/opts
Oct 18 09:23:14 gtw01 dnsmasq[25432]: read /var/lib/neutron/dhcp/b243c660-c76f-4520-a895-fa80cb250be7/addn_hosts - 1 addresses
Oct 18 09:23:14 gtw01 dnsmasq-dhcp[25432]: read /var/lib/neutron/dhcp/b243c660-c76f-4520-a895-fa80cb250be7/host
Oct 18 09:23:14 gtw01 dnsmasq-dhcp[25432]: read /var/lib/neutron/dhcp/b243c660-c76f-4520-a895-fa80cb250be7/opts
Oct 18 09:23:17 gtw01 dnsmasq-dhcp[25546]: DHCPDISCOVER(tapda4ff6d6-c2) fa:16:3e:a4:f6:03
Oct 18 09:23:17 gtw01 dnsmasq-dhcp[25546]: DHCPOFFER(tapda4ff6d6-c2) 192.168.120.6 fa:16:3e:a4:f6:03
Oct 18 09:23:17 gtw01 dnsmasq-dhcp[25546]: DHCPREQUEST(tapda4ff6d6-c2) 192.168.120.6 fa:16:3e:a4:f6:03
Oct 18 09:23:17 gtw01 dnsmasq-dhcp[25546]: DHCPACK(tapda4ff6d6-c2) 192.168.120.6 fa:16:3e:a4:f6:03 host-192-168-120-6
Oct 18 09:23:18 gtw01 kernel: [ 6623.515117] device tap5d142f6a-de left promiscuous mode
Oct 18 09:23:20 gtw01 dnsmasq-dhcp[25416]: DHCPRELEASE(tap11e3f321-cb) 192.168.120.9 fa:16:3e:ee:ac:2e
Oct 18 09:23:21 gtw01 dnsmasq-dhcp[25416]: DHCPRELEASE(tap11e3f321-cb) 192.168.120.9 fa:16:3e:ee:ac:2e unknown lease
Oct 18 09:23:21 gtw01 dnsmasq-dhcp[25546]: DHCPRELEASE(tapda4ff6d6-c2) 192.168.120.6 fa:16:3e:a4:f6:03
Oct 18 09:23:21 gtw01 dnsmasq-dhcp[25546]: DHCPRELEASE(tapda4ff6d6-c2) 192.168.120.6 fa:16:3e:a4:f6:03 unknown lease
Oct 18 09:23:22 gtw01 dnsmasq[25416]: read /var/lib/neutron/dhcp/fe791b34-3ea2-4f87-b331-91a04dcc0d22/addn_hosts - 2 addresses
Oct 18 09:23:22 gtw01 dnsmasq-dhcp[25416]: read /var/lib/neutron/dhcp/fe791b34-3ea2-4f87-b331-91a04dcc0d22/host
Oct 18 09:23:22 gtw01 dnsmasq-dhcp[25416]: read /var/lib/neutron/dhcp/fe791b34-3ea2-4f87-b331-91a04dcc0d22/opts
Oct 18 09:23:22 gtw01 dnsmasq[17929]: read /var/lib/neutron/dhcp/248a8850-aa71-48af-a15b-be1141188c4c/addn_hosts - 3 addresses
Oct 18 09:23:22 gtw01 dnsmasq-dhcp[17929]: read /var/lib/neutron/dhcp/248a8850-aa71-48af-a15b-be1141188c4c/host
Oct 18 09:23:22 gtw01 dnsmasq-dhcp[17929]: read /var/lib/neutron/dhcp/248a8850-aa71-48af-a15b-be1141188c4c/opts
Oct 18 09:23:22 gtw01 dnsmasq[25546]: read /var/lib/neutron/dhcp/a5134f0d-43e4-4512-b071-6b3f044c2873/addn_hosts - 2 addresses
Oct 18 09:23:22 gtw01 dnsmasq-dhcp[25546]: read /var/lib/neutron/dhcp/a5134f0d-43e4-4512-b071-6b3f044c2873/host
Oct 18 09:23:22 gtw01 dnsmasq-dhcp[25546]: read /var/lib/neutron/dhcp/a5134f0d-43e4-4512-b071-6b3f044c2873/opts
Oct 18 09:23:23 gtw01 kernel: [ 6628.230582] device tap6c5d19a7-a5 left promiscuous mode
Oct 18 09:23:23 gtw01 dnsmasq[17929]: read /var/lib/neutron/dhcp/248a8850-aa71-48af-a15b-be1141188c4c/addn_hosts - 3 addresses
Oct 18 09:23:23 gtw01 dnsmasq-dhcp[17929]: read /var/lib/neutron/dhcp/248a8850-aa71-48af-a15b-be1141188c4c/host
Oct 18 09:23:23 gtw01 dnsmasq-dhcp[17929]: read /var/lib/neutron/dhcp/248a8850-aa71-48af-a15b-be1141188c4c/opts
Oct 18 09:23:24 gtw01 dnsmasq[25416]: read /var/lib/neutron/dhcp/fe791b34-3ea2-4f87-b331-91a04dcc0d22/addn_hosts - 1 addresses
Oct 18 09:23:24 gtw01 dnsmasq-dhcp[25416]: read /var/lib/neutron/dhcp/fe791b34-3ea2-4f87-b331-91a04dcc0d22/host
Oct 18 09:23:24 gtw01 dnsmasq-dhcp[25416]: read /var/lib/neutron/dhcp/fe791b34-3ea2-4f87-b331-91a04dcc0d22/opts
Oct 18 09:23:24 gtw01 dnsmasq[17929]: read /var/lib/neutron/dhcp/248a8850-aa71-48af-a15b-be1141188c4c/addn_hosts - 3 addresses
Oct 18 09:23:24 gtw01 dnsmasq-dhcp[17929]: read /var/lib/neutron/dhcp/248a8850-aa71-48af-a15b-be1141188c4c/host
Oct 18 09:23:24 gtw01 dnsmasq-dhcp[17929]: read /var/lib/neutron/dhcp/248a8850-aa71-48af-a15b-be1141188c4c/opts
Oct 18 09:23:26 gtw01 dnsmasq[25546]: read /var/lib/neutron/dhcp/a5134f0d-43e4-4512-b071-6b3f044c2873/addn_hosts - 1 addresses
Oct 18 09:23:26 gtw01 dnsmasq-dhcp[25546]: read /var/lib/neutron/dhcp/a5134f0d-43e4-4512-b071-6b3f044c2873/host
Oct 18 09:23:26 gtw01 dnsmasq-dhcp[25546]: read /var/lib/neutron/dhcp/a5134f0d-43e4-4512-b071-6b3f044c2873/opts
Oct 18 09:23:28 gtw01 kernel: [ 6633.434243] device tap23d8f2a8-d1 entered promiscuous mode
Oct 18 09:23:28 gtw01 systemd-udevd[26273]: Could not generate persistent MAC address for tap23d8f2a8-d1: No such file or directory
Oct 18 09:23:28 gtw01 systemd-udevd[26273]: Process '/sbin/ip link set tap23d8f2a8-d1 txqueuelen 10000' failed with exit code 1.
Oct 18 09:23:28 gtw01 systemd-udevd[26273]: Process '/sbin/ip link set tap23d8f2a8-d1 txqueuelen 10000' failed with exit code 1.
Oct 18 09:23:29 gtw01 kernel: [ 6634.680941] device tap11e3f321-cb left promiscuous mode
Oct 18 09:23:30 gtw01 kernel: [ 6635.637479] device tapb62551cc-7f entered promiscuous mode
Oct 18 09:23:30 gtw01 systemd-udevd[26420]: Could not generate persistent MAC address for tapb62551cc-7f: No such file or directory
Oct 18 09:23:30 gtw01 systemd-udevd[26420]: Process '/sbin/ip link set tapb62551cc-7f txqueuelen 10000' failed with exit code 1.
Oct 18 09:23:30 gtw01 dnsmasq[17929]: read /var/lib/neutron/dhcp/248a8850-aa71-48af-a15b-be1141188c4c/addn_hosts - 2 addresses
Oct 18 09:23:30 gtw01 dnsmasq-dhcp[17929]: read /var/lib/neutron/dhcp/248a8850-aa71-48af-a15b-be1141188c4c/host
Oct 18 09:23:30 gtw01 dnsmasq-dhcp[17929]: read /var/lib/neutron/dhcp/248a8850-aa71-48af-a15b-be1141188c4c/opts
Oct 18 09:23:30 gtw01 systemd-udevd[26495]: Process '/sbin/ip link set tapb62551cc-7f txqueuelen 10000' failed with exit code 1.
Oct 18 09:23:31 gtw01 kernel: [ 6636.938592] device tapda4ff6d6-c2 left promiscuous mode
Oct 18 09:23:32 gtw01 dnsmasq[26558]: started, version 2.80 cachesize 150
Oct 18 09:23:32 gtw01 dnsmasq[26558]: DNS service limited to local subnets
Oct 18 09:23:32 gtw01 dnsmasq[26558]: compile time options: IPv6 GNU-getopt DBus i18n IDN DHCP DHCPv6 no-Lua TFTP conntrack ipset auth DNSSEC loop-detect inotify dumpfile
Oct 18 09:23:32 gtw01 dnsmasq[26558]: warning: no upstream servers configured
Oct 18 09:23:32 gtw01 dnsmasq-dhcp[26558]: DHCP, static leases only on 19.80.0.0, lease time 1h
Oct 18 09:23:32 gtw01 dnsmasq[26558]: read /var/lib/neutron/dhcp/ab9dc513-67c3-41ac-9cfd-79e6bb00991f/addn_hosts - 1 addresses
Oct 18 09:23:32 gtw01 dnsmasq-dhcp[26558]: read /var/lib/neutron/dhcp/ab9dc513-67c3-41ac-9cfd-79e6bb00991f/host
Oct 18 09:23:32 gtw01 dnsmasq-dhcp[26558]: read /var/lib/neutron/dhcp/ab9dc513-67c3-41ac-9cfd-79e6bb00991f/opts
Oct 18 09:23:32 gtw01 haproxy-metadata-proxy-ab9dc513-67c3-41ac-9cfd-79e6bb00991f[26564]: Proxy listener started.
Oct 18 09:23:33 gtw01 dnsmasq[26558]: read /var/lib/neutron/dhcp/ab9dc513-67c3-41ac-9cfd-79e6bb00991f/addn_hosts - 1 addresses
Oct 18 09:23:33 gtw01 dnsmasq-dhcp[26558]: read /var/lib/neutron/dhcp/ab9dc513-67c3-41ac-9cfd-79e6bb00991f/host
Oct 18 09:23:33 gtw01 dnsmasq-dhcp[26558]: read /var/lib/neutron/dhcp/ab9dc513-67c3-41ac-9cfd-79e6bb00991f/opts
Oct 18 09:23:34 gtw01 dnsmasq[26623]: started, version 2.80 cachesize 150
Oct 18 09:23:34 gtw01 dnsmasq[26623]: DNS service limited to local subnets
Oct 18 09:23:34 gtw01 dnsmasq[26623]: compile time options: IPv6 GNU-getopt DBus i18n IDN DHCP DHCPv6 no-Lua TFTP conntrack ipset auth DNSSEC loop-detect inotify dumpfile
Oct 18 09:23:34 gtw01 dnsmasq[26623]: warning: no upstream servers configured
Oct 18 09:23:34 gtw01 dnsmasq-dhcp[26623]: DHCP, static leases only on 19.86.0.0, lease time 1h
Oct 18 09:23:34 gtw01 dnsmasq[26623]: read /var/lib/neutron/dhcp/8c30a6b5-cab8-4238-ac63-d8e58b6a4394/addn_hosts - 1 addresses
Oct 18 09:23:34 gtw01 dnsmasq-dhcp[26623]: read /var/lib/neutron/dhcp/8c30a6b5-cab8-4238-ac63-d8e58b6a4394/host
Oct 18 09:23:34 gtw01 dnsmasq-dhcp[26623]: read /var/lib/neutron/dhcp/8c30a6b5-cab8-4238-ac63-d8e58b6a4394/opts
Oct 18 09:23:34 gtw01 dnsmasq[26558]: read /var/lib/neutron/dhcp/ab9dc513-67c3-41ac-9cfd-79e6bb00991f/addn_hosts - 1 addresses
Oct 18 09:23:34 gtw01 dnsmasq-dhcp[26558]: read /var/lib/neutron/dhcp/ab9dc513-67c3-41ac-9cfd-79e6bb00991f/host
Oct 18 09:23:34 gtw01 dnsmasq-dhcp[26558]: read /var/lib/neutron/dhcp/ab9dc513-67c3-41ac-9cfd-79e6bb00991f/opts
Oct 18 09:23:34 gtw01 haproxy-metadata-proxy-8c30a6b5-cab8-4238-ac63-d8e58b6a4394[26631]: Proxy listener started.
Oct 18 09:23:35 gtw01 dnsmasq[26623]: read /var/lib/neutron/dhcp/8c30a6b5-cab8-4238-ac63-d8e58b6a4394/addn_hosts - 1 addresses
Oct 18 09:23:35 gtw01 dnsmasq-dhcp[26623]: read /var/lib/neutron/dhcp/8c30a6b5-cab8-4238-ac63-d8e58b6a4394/host
Oct 18 09:23:35 gtw01 dnsmasq-dhcp[26623]: read /var/lib/neutron/dhcp/8c30a6b5-cab8-4238-ac63-d8e58b6a4394/opts
Oct 18 09:23:35 gtw01 dnsmasq[17929]: read /var/lib/neutron/dhcp/248a8850-aa71-48af-a15b-be1141188c4c/addn_hosts - 3 addresses
Oct 18 09:23:35 gtw01 dnsmasq-dhcp[17929]: read /var/lib/neutron/dhcp/248a8850-aa71-48af-a15b-be1141188c4c/host
Oct 18 09:23:35 gtw01 dnsmasq-dhcp[17929]: read /var/lib/neutron/dhcp/248a8850-aa71-48af-a15b-be1141188c4c/opts
Oct 18 09:23:35 gtw01 dnsmasq[26558]: read /var/lib/neutron/dhcp/ab9dc513-67c3-41ac-9cfd-79e6bb00991f/addn_hosts - 2 addresses
Oct 18 09:23:35 gtw01 dnsmasq-dhcp[26558]: read /var/lib/neutron/dhcp/ab9dc513-67c3-41ac-9cfd-79e6bb00991f/host
Oct 18 09:23:35 gtw01 dnsmasq-dhcp[26558]: read /var/lib/neutron/dhcp/ab9dc513-67c3-41ac-9cfd-79e6bb00991f/opts
Oct 18 09:23:37 gtw01 dnsmasq[26558]: read /var/lib/neutron/dhcp/ab9dc513-67c3-41ac-9cfd-79e6bb00991f/addn_hosts - 2 addresses
Oct 18 09:23:37 gtw01 dnsmasq-dhcp[26558]: read /var/lib/neutron/dhcp/ab9dc513-67c3-41ac-9cfd-79e6bb00991f/host
Oct 18 09:23:37 gtw01 dnsmasq-dhcp[26558]: read /var/lib/neutron/dhcp/ab9dc513-67c3-41ac-9cfd-79e6bb00991f/opts
Oct 18 09:23:37 gtw01 dnsmasq[26623]: read /var/lib/neutron/dhcp/8c30a6b5-cab8-4238-ac63-d8e58b6a4394/addn_hosts - 1 addresses
Oct 18 09:23:37 gtw01 dnsmasq-dhcp[26623]: read /var/lib/neutron/dhcp/8c30a6b5-cab8-4238-ac63-d8e58b6a4394/host
Oct 18 09:23:37 gtw01 dnsmasq-dhcp[26623]: read /var/lib/neutron/dhcp/8c30a6b5-cab8-4238-ac63-d8e58b6a4394/opts
Oct 18 09:23:37 gtw01 dnsmasq[17929]: read /var/lib/neutron/dhcp/248a8850-aa71-48af-a15b-be1141188c4c/addn_hosts - 3 addresses
Oct 18 09:23:37 gtw01 dnsmasq-dhcp[17929]: read /var/lib/neutron/dhcp/248a8850-aa71-48af-a15b-be1141188c4c/host
Oct 18 09:23:37 gtw01 dnsmasq-dhcp[17929]: read /var/lib/neutron/dhcp/248a8850-aa71-48af-a15b-be1141188c4c/opts
Oct 18 09:23:38 gtw01 dnsmasq[26623]: read /var/lib/neutron/dhcp/8c30a6b5-cab8-4238-ac63-d8e58b6a4394/addn_hosts - 2 addresses
Oct 18 09:23:38 gtw01 dnsmasq-dhcp[26623]: read /var/lib/neutron/dhcp/8c30a6b5-cab8-4238-ac63-d8e58b6a4394/host
Oct 18 09:23:38 gtw01 dnsmasq-dhcp[26623]: read /var/lib/neutron/dhcp/8c30a6b5-cab8-4238-ac63-d8e58b6a4394/opts
Oct 18 09:23:38 gtw01 dnsmasq[26558]: read /var/lib/neutron/dhcp/ab9dc513-67c3-41ac-9cfd-79e6bb00991f/addn_hosts - 2 addresses
Oct 18 09:23:38 gtw01 dnsmasq-dhcp[26558]: read /var/lib/neutron/dhcp/ab9dc513-67c3-41ac-9cfd-79e6bb00991f/host
Oct 18 09:23:38 gtw01 dnsmasq-dhcp[26558]: read /var/lib/neutron/dhcp/ab9dc513-67c3-41ac-9cfd-79e6bb00991f/opts
Oct 18 09:23:38 gtw01 dnsmasq[17929]: read /var/lib/neutron/dhcp/248a8850-aa71-48af-a15b-be1141188c4c/addn_hosts - 3 addresses
Oct 18 09:23:38 gtw01 dnsmasq-dhcp[17929]: read /var/lib/neutron/dhcp/248a8850-aa71-48af-a15b-be1141188c4c/host
Oct 18 09:23:38 gtw01 dnsmasq-dhcp[17929]: read /var/lib/neutron/dhcp/248a8850-aa71-48af-a15b-be1141188c4c/opts
Oct 18 09:23:39 gtw01 dnsmasq[26623]: read /var/lib/neutron/dhcp/8c30a6b5-cab8-4238-ac63-d8e58b6a4394/addn_hosts - 2 addresses
Oct 18 09:23:39 gtw01 dnsmasq-dhcp[26623]: read /var/lib/neutron/dhcp/8c30a6b5-cab8-4238-ac63-d8e58b6a4394/host
Oct 18 09:23:39 gtw01 dnsmasq-dhcp[26623]: read /var/lib/neutron/dhcp/8c30a6b5-cab8-4238-ac63-d8e58b6a4394/opts
Oct 18 09:23:39 gtw01 dnsmasq[26558]: read /var/lib/neutron/dhcp/ab9dc513-67c3-41ac-9cfd-79e6bb00991f/addn_hosts - 2 addresses
Oct 18 09:23:39 gtw01 dnsmasq-dhcp[26558]: read /var/lib/neutron/dhcp/ab9dc513-67c3-41ac-9cfd-79e6bb00991f/host
Oct 18 09:23:39 gtw01 dnsmasq-dhcp[26558]: read /var/lib/neutron/dhcp/ab9dc513-67c3-41ac-9cfd-79e6bb00991f/opts
Oct 18 09:23:40 gtw01 dnsmasq[26623]: read /var/lib/neutron/dhcp/8c30a6b5-cab8-4238-ac63-d8e58b6a4394/addn_hosts - 2 addresses
Oct 18 09:23:40 gtw01 dnsmasq-dhcp[26623]: read /var/lib/neutron/dhcp/8c30a6b5-cab8-4238-ac63-d8e58b6a4394/host
Oct 18 09:23:40 gtw01 dnsmasq-dhcp[26623]: read /var/lib/neutron/dhcp/8c30a6b5-cab8-4238-ac63-d8e58b6a4394/opts
Oct 18 09:23:41 gtw01 dnsmasq[26623]: read /var/lib/neutron/dhcp/8c30a6b5-cab8-4238-ac63-d8e58b6a4394/addn_hosts - 2 addresses
Oct 18 09:23:41 gtw01 dnsmasq-dhcp[26623]: read /var/lib/neutron/dhcp/8c30a6b5-cab8-4238-ac63-d8e58b6a4394/host
Oct 18 09:23:41 gtw01 dnsmasq-dhcp[26623]: read /var/lib/neutron/dhcp/8c30a6b5-cab8-4238-ac63-d8e58b6a4394/opts
Oct 18 09:23:42 gtw01 dnsmasq[17929]: read /var/lib/neutron/dhcp/248a8850-aa71-48af-a15b-be1141188c4c/addn_hosts - 4 addresses
Oct 18 09:23:42 gtw01 dnsmasq-dhcp[17929]: read /var/lib/neutron/dhcp/248a8850-aa71-48af-a15b-be1141188c4c/host
Oct 18 09:23:42 gtw01 dnsmasq-dhcp[17929]: read /var/lib/neutron/dhcp/248a8850-aa71-48af-a15b-be1141188c4c/opts
Oct 18 09:23:43 gtw01 dnsmasq[17929]: read /var/lib/neutron/dhcp/248a8850-aa71-48af-a15b-be1141188c4c/addn_hosts - 4 addresses
Oct 18 09:23:43 gtw01 dnsmasq-dhcp[17929]: read /var/lib/neutron/dhcp/248a8850-aa71-48af-a15b-be1141188c4c/host
Oct 18 09:23:43 gtw01 dnsmasq-dhcp[17929]: read /var/lib/neutron/dhcp/248a8850-aa71-48af-a15b-be1141188c4c/opts
Oct 18 09:23:44 gtw01 dnsmasq[17929]: read /var/lib/neutron/dhcp/248a8850-aa71-48af-a15b-be1141188c4c/addn_hosts - 4 addresses
Oct 18 09:23:44 gtw01 dnsmasq-dhcp[17929]: read /var/lib/neutron/dhcp/248a8850-aa71-48af-a15b-be1141188c4c/host
Oct 18 09:23:44 gtw01 dnsmasq-dhcp[17929]: read /var/lib/neutron/dhcp/248a8850-aa71-48af-a15b-be1141188c4c/opts
Oct 18 09:23:48 gtw01 dnsmasq[26558]: read /var/lib/neutron/dhcp/ab9dc513-67c3-41ac-9cfd-79e6bb00991f/addn_hosts - 1 addresses
Oct 18 09:23:48 gtw01 dnsmasq-dhcp[26558]: read /var/lib/neutron/dhcp/ab9dc513-67c3-41ac-9cfd-79e6bb00991f/host
Oct 18 09:23:48 gtw01 dnsmasq-dhcp[26558]: read /var/lib/neutron/dhcp/ab9dc513-67c3-41ac-9cfd-79e6bb00991f/opts
Oct 18 09:23:50 gtw01 dnsmasq[26623]: read /var/lib/neutron/dhcp/8c30a6b5-cab8-4238-ac63-d8e58b6a4394/addn_hosts - 1 addresses
Oct 18 09:23:50 gtw01 dnsmasq-dhcp[26623]: read /var/lib/neutron/dhcp/8c30a6b5-cab8-4238-ac63-d8e58b6a4394/host
Oct 18 09:23:50 gtw01 dnsmasq-dhcp[26623]: read /var/lib/neutron/dhcp/8c30a6b5-cab8-4238-ac63-d8e58b6a4394/opts
Oct 18 09:23:52 gtw01 dnsmasq[17929]: read /var/lib/neutron/dhcp/248a8850-aa71-48af-a15b-be1141188c4c/addn_hosts - 3 addresses
Oct 18 09:23:52 gtw01 dnsmasq-dhcp[17929]: read /var/lib/neutron/dhcp/248a8850-aa71-48af-a15b-be1141188c4c/host
Oct 18 09:23:52 gtw01 dnsmasq-dhcp[17929]: read /var/lib/neutron/dhcp/248a8850-aa71-48af-a15b-be1141188c4c/opts
Oct 18 09:23:53 gtw01 kernel: [ 6657.971754] device tapb62551cc-7f left promiscuous mode
Oct 18 09:23:55 gtw01 dnsmasq[17929]: read /var/lib/neutron/dhcp/248a8850-aa71-48af-a15b-be1141188c4c/addn_hosts - 2 addresses
Oct 18 09:23:55 gtw01 dnsmasq-dhcp[17929]: read /var/lib/neutron/dhcp/248a8850-aa71-48af-a15b-be1141188c4c/host
Oct 18 09:23:55 gtw01 dnsmasq-dhcp[17929]: read /var/lib/neutron/dhcp/248a8850-aa71-48af-a15b-be1141188c4c/opts
Oct 18 09:23:57 gtw01 kernel: [ 6662.256289] device tap23d8f2a8-d1 left promiscuous mode
Oct 18 09:24:02 gtw01 dnsmasq[17929]: read /var/lib/neutron/dhcp/248a8850-aa71-48af-a15b-be1141188c4c/addn_hosts - 3 addresses
Oct 18 09:24:02 gtw01 dnsmasq-dhcp[17929]: read /var/lib/neutron/dhcp/248a8850-aa71-48af-a15b-be1141188c4c/host
Oct 18 09:24:02 gtw01 dnsmasq-dhcp[17929]: read /var/lib/neutron/dhcp/248a8850-aa71-48af-a15b-be1141188c4c/opts
Oct 18 09:24:03 gtw01 dnsmasq[17929]: read /var/lib/neutron/dhcp/248a8850-aa71-48af-a15b-be1141188c4c/addn_hosts - 3 addresses
Oct 18 09:24:03 gtw01 dnsmasq-dhcp[17929]: read /var/lib/neutron/dhcp/248a8850-aa71-48af-a15b-be1141188c4c/host
Oct 18 09:24:03 gtw01 dnsmasq-dhcp[17929]: read /var/lib/neutron/dhcp/248a8850-aa71-48af-a15b-be1141188c4c/opts
Oct 18 09:24:03 gtw01 dnsmasq[24744]: read /var/lib/neutron/dhcp/87fb9239-49bc-46e6-bfa6-dd96c075055c/addn_hosts - 1 addresses
Oct 18 09:24:03 gtw01 dnsmasq-dhcp[24744]: read /var/lib/neutron/dhcp/87fb9239-49bc-46e6-bfa6-dd96c075055c/host
Oct 18 09:24:03 gtw01 dnsmasq-dhcp[24744]: read /var/lib/neutron/dhcp/87fb9239-49bc-46e6-bfa6-dd96c075055c/opts
Oct 18 09:24:04 gtw01 dnsmasq[17929]: read /var/lib/neutron/dhcp/248a8850-aa71-48af-a15b-be1141188c4c/addn_hosts - 3 addresses
Oct 18 09:24:04 gtw01 dnsmasq-dhcp[17929]: read /var/lib/neutron/dhcp/248a8850-aa71-48af-a15b-be1141188c4c/host
Oct 18 09:24:04 gtw01 dnsmasq-dhcp[17929]: read /var/lib/neutron/dhcp/248a8850-aa71-48af-a15b-be1141188c4c/opts
Oct 18 09:24:05 gtw01 dnsmasq[17929]: read /var/lib/neutron/dhcp/248a8850-aa71-48af-a15b-be1141188c4c/addn_hosts - 4 addresses
Oct 18 09:24:05 gtw01 dnsmasq-dhcp[17929]: read /var/lib/neutron/dhcp/248a8850-aa71-48af-a15b-be1141188c4c/host
Oct 18 09:24:05 gtw01 dnsmasq-dhcp[17929]: read /var/lib/neutron/dhcp/248a8850-aa71-48af-a15b-be1141188c4c/opts
Oct 18 09:24:06 gtw01 dnsmasq[17929]: read /var/lib/neutron/dhcp/248a8850-aa71-48af-a15b-be1141188c4c/addn_hosts - 4 addresses
Oct 18 09:24:06 gtw01 dnsmasq-dhcp[17929]: read /var/lib/neutron/dhcp/248a8850-aa71-48af-a15b-be1141188c4c/host
Oct 18 09:24:06 gtw01 dnsmasq-dhcp[17929]: read /var/lib/neutron/dhcp/248a8850-aa71-48af-a15b-be1141188c4c/opts
Oct 18 09:24:07 gtw01 dnsmasq[17929]: read /var/lib/neutron/dhcp/248a8850-aa71-48af-a15b-be1141188c4c/addn_hosts - 4 addresses
Oct 18 09:24:07 gtw01 dnsmasq-dhcp[17929]: read /var/lib/neutron/dhcp/248a8850-aa71-48af-a15b-be1141188c4c/host
Oct 18 09:24:07 gtw01 dnsmasq-dhcp[17929]: read /var/lib/neutron/dhcp/248a8850-aa71-48af-a15b-be1141188c4c/opts
Oct 18 09:24:08 gtw01 kernel: [ 6673.499046] device tap51780b0e-75 left promiscuous mode
Oct 18 09:24:11 gtw01 dnsmasq[17929]: read /var/lib/neutron/dhcp/248a8850-aa71-48af-a15b-be1141188c4c/addn_hosts - 3 addresses
Oct 18 09:24:11 gtw01 dnsmasq-dhcp[17929]: read /var/lib/neutron/dhcp/248a8850-aa71-48af-a15b-be1141188c4c/host
Oct 18 09:24:11 gtw01 dnsmasq-dhcp[17929]: read /var/lib/neutron/dhcp/248a8850-aa71-48af-a15b-be1141188c4c/opts
Oct 18 09:24:13 gtw01 dnsmasq[17929]: read /var/lib/neutron/dhcp/248a8850-aa71-48af-a15b-be1141188c4c/addn_hosts - 2 addresses
Oct 18 09:24:13 gtw01 dnsmasq-dhcp[17929]: read /var/lib/neutron/dhcp/248a8850-aa71-48af-a15b-be1141188c4c/host
Oct 18 09:24:13 gtw01 dnsmasq-dhcp[17929]: read /var/lib/neutron/dhcp/248a8850-aa71-48af-a15b-be1141188c4c/opts
Oct 18 09:24:16 gtw01 kernel: [ 6681.192770] device tap3d44b956-d5 entered promiscuous mode
Oct 18 09:24:16 gtw01 systemd-udevd[27152]: Could not generate persistent MAC address for tap3d44b956-d5: No such file or directory
Oct 18 09:24:16 gtw01 systemd-udevd[27152]: Process '/sbin/ip link set tap3d44b956-d5 txqueuelen 10000' failed with exit code 1.
Oct 18 09:24:16 gtw01 systemd-udevd[27225]: Process '/sbin/ip link set tap3d44b956-d5 txqueuelen 10000' failed with exit code 1.
Oct 18 09:24:16 gtw01 dnsmasq[17929]: read /var/lib/neutron/dhcp/248a8850-aa71-48af-a15b-be1141188c4c/addn_hosts - 3 addresses
Oct 18 09:24:16 gtw01 dnsmasq-dhcp[17929]: read /var/lib/neutron/dhcp/248a8850-aa71-48af-a15b-be1141188c4c/host
Oct 18 09:24:16 gtw01 dnsmasq-dhcp[17929]: read /var/lib/neutron/dhcp/248a8850-aa71-48af-a15b-be1141188c4c/opts
Oct 18 09:24:17 gtw01 dnsmasq[17929]: read /var/lib/neutron/dhcp/248a8850-aa71-48af-a15b-be1141188c4c/addn_hosts - 3 addresses
Oct 18 09:24:17 gtw01 dnsmasq-dhcp[17929]: read /var/lib/neutron/dhcp/248a8850-aa71-48af-a15b-be1141188c4c/host
Oct 18 09:24:17 gtw01 dnsmasq-dhcp[17929]: read /var/lib/neutron/dhcp/248a8850-aa71-48af-a15b-be1141188c4c/opts
Oct 18 09:24:18 gtw01 dnsmasq[17929]: read /var/lib/neutron/dhcp/248a8850-aa71-48af-a15b-be1141188c4c/addn_hosts - 3 addresses
Oct 18 09:24:18 gtw01 dnsmasq-dhcp[17929]: read /var/lib/neutron/dhcp/248a8850-aa71-48af-a15b-be1141188c4c/host
Oct 18 09:24:18 gtw01 dnsmasq-dhcp[17929]: read /var/lib/neutron/dhcp/248a8850-aa71-48af-a15b-be1141188c4c/opts
Oct 18 09:24:19 gtw01 dnsmasq[27335]: started, version 2.80 cachesize 150
Oct 18 09:24:19 gtw01 dnsmasq[27335]: DNS service limited to local subnets
Oct 18 09:24:19 gtw01 dnsmasq[27335]: compile time options: IPv6 GNU-getopt DBus i18n IDN DHCP DHCPv6 no-Lua TFTP conntrack ipset auth DNSSEC loop-detect inotify dumpfile
Oct 18 09:24:19 gtw01 dnsmasq[27335]: warning: no upstream servers configured
Oct 18 09:24:19 gtw01 dnsmasq-dhcp[27335]: DHCP, static leases only on 192.168.120.0, lease time 1h
Oct 18 09:24:19 gtw01 dnsmasq[27335]: read /var/lib/neutron/dhcp/f47051ee-b11d-4341-aab1-f62c8a6fba07/addn_hosts - 1 addresses
Oct 18 09:24:19 gtw01 dnsmasq-dhcp[27335]: read /var/lib/neutron/dhcp/f47051ee-b11d-4341-aab1-f62c8a6fba07/host
Oct 18 09:24:19 gtw01 dnsmasq-dhcp[27335]: read /var/lib/neutron/dhcp/f47051ee-b11d-4341-aab1-f62c8a6fba07/opts
Oct 18 09:24:19 gtw01 haproxy-metadata-proxy-f47051ee-b11d-4341-aab1-f62c8a6fba07[27339]: Proxy listener started.
Oct 18 09:24:20 gtw01 dnsmasq[27335]: read /var/lib/neutron/dhcp/f47051ee-b11d-4341-aab1-f62c8a6fba07/addn_hosts - 2 addresses
Oct 18 09:24:20 gtw01 dnsmasq-dhcp[27335]: read /var/lib/neutron/dhcp/f47051ee-b11d-4341-aab1-f62c8a6fba07/host
Oct 18 09:24:20 gtw01 dnsmasq-dhcp[27335]: read /var/lib/neutron/dhcp/f47051ee-b11d-4341-aab1-f62c8a6fba07/opts
Oct 18 09:24:21 gtw01 dnsmasq[27335]: read /var/lib/neutron/dhcp/f47051ee-b11d-4341-aab1-f62c8a6fba07/addn_hosts - 2 addresses
Oct 18 09:24:21 gtw01 dnsmasq-dhcp[27335]: read /var/lib/neutron/dhcp/f47051ee-b11d-4341-aab1-f62c8a6fba07/host
Oct 18 09:24:21 gtw01 dnsmasq-dhcp[27335]: read /var/lib/neutron/dhcp/f47051ee-b11d-4341-aab1-f62c8a6fba07/opts
Oct 18 09:24:21 gtw01 systemd-udevd[27389]: Could not generate persistent MAC address for tape9bb479e-57: No such file or directory
Oct 18 09:24:21 gtw01 kernel: [ 6686.820790] device tape9bb479e-57 entered promiscuous mode
Oct 18 09:24:21 gtw01 systemd-udevd[27389]: Process '/sbin/ip link set tape9bb479e-57 txqueuelen 10000' failed with exit code 1.
Oct 18 09:24:21 gtw01 systemd-udevd[27389]: Process '/sbin/ip link set tape9bb479e-57 txqueuelen 10000' failed with exit code 1.
Oct 18 09:24:22 gtw01 dnsmasq[27335]: read /var/lib/neutron/dhcp/f47051ee-b11d-4341-aab1-f62c8a6fba07/addn_hosts - 2 addresses
Oct 18 09:24:22 gtw01 dnsmasq-dhcp[27335]: read /var/lib/neutron/dhcp/f47051ee-b11d-4341-aab1-f62c8a6fba07/host
Oct 18 09:24:22 gtw01 dnsmasq-dhcp[27335]: read /var/lib/neutron/dhcp/f47051ee-b11d-4341-aab1-f62c8a6fba07/opts
Oct 18 09:24:23 gtw01 kernel: [ 6688.243477] device tap6b0c88f7-5e entered promiscuous mode
Oct 18 09:24:23 gtw01 systemd-udevd[27524]: Could not generate persistent MAC address for tap6b0c88f7-5e: No such file or directory
Oct 18 09:24:23 gtw01 systemd-udevd[27524]: Process '/sbin/ip link set tap6b0c88f7-5e txqueuelen 10000' failed with exit code 1.
Oct 18 09:24:23 gtw01 systemd-udevd[27597]: Process '/sbin/ip link set tap6b0c88f7-5e txqueuelen 10000' failed with exit code 1.
Oct 18 09:24:24 gtw01 dnsmasq[27335]: read /var/lib/neutron/dhcp/f47051ee-b11d-4341-aab1-f62c8a6fba07/addn_hosts - 2 addresses
Oct 18 09:24:24 gtw01 dnsmasq-dhcp[27335]: read /var/lib/neutron/dhcp/f47051ee-b11d-4341-aab1-f62c8a6fba07/host
Oct 18 09:24:24 gtw01 dnsmasq-dhcp[27335]: read /var/lib/neutron/dhcp/f47051ee-b11d-4341-aab1-f62c8a6fba07/opts
Oct 18 09:24:25 gtw01 dnsmasq[27335]: read /var/lib/neutron/dhcp/f47051ee-b11d-4341-aab1-f62c8a6fba07/addn_hosts - 2 addresses
Oct 18 09:24:25 gtw01 dnsmasq-dhcp[27335]: read /var/lib/neutron/dhcp/f47051ee-b11d-4341-aab1-f62c8a6fba07/host
Oct 18 09:24:25 gtw01 dnsmasq-dhcp[27335]: read /var/lib/neutron/dhcp/f47051ee-b11d-4341-aab1-f62c8a6fba07/opts
Oct 18 09:24:26 gtw01 dnsmasq[27717]: started, version 2.80 cachesize 150
Oct 18 09:24:26 gtw01 dnsmasq[27717]: DNS service limited to local subnets
Oct 18 09:24:26 gtw01 dnsmasq[27717]: compile time options: IPv6 GNU-getopt DBus i18n IDN DHCP DHCPv6 no-Lua TFTP conntrack ipset auth DNSSEC loop-detect inotify dumpfile
Oct 18 09:24:26 gtw01 dnsmasq[27717]: warning: no upstream servers configured
Oct 18 09:24:26 gtw01 dnsmasq-dhcp[27717]: DHCP, static leases only on 192.168.120.0, lease time 1h
Oct 18 09:24:26 gtw01 dnsmasq[27717]: read /var/lib/neutron/dhcp/94de107f-0495-4fac-a4f7-28c914a9fca5/addn_hosts - 1 addresses
Oct 18 09:24:26 gtw01 dnsmasq-dhcp[27717]: read /var/lib/neutron/dhcp/94de107f-0495-4fac-a4f7-28c914a9fca5/host
Oct 18 09:24:26 gtw01 dnsmasq-dhcp[27717]: read /var/lib/neutron/dhcp/94de107f-0495-4fac-a4f7-28c914a9fca5/opts
Oct 18 09:24:26 gtw01 haproxy-metadata-proxy-94de107f-0495-4fac-a4f7-28c914a9fca5[27725]: Proxy listener started.
Oct 18 09:24:27 gtw01 dnsmasq[27738]: started, version 2.80 cachesize 150
Oct 18 09:24:27 gtw01 dnsmasq[27738]: DNS service limited to local subnets
Oct 18 09:24:27 gtw01 dnsmasq[27738]: compile time options: IPv6 GNU-getopt DBus i18n IDN DHCP DHCPv6 no-Lua TFTP conntrack ipset auth DNSSEC loop-detect inotify dumpfile
Oct 18 09:24:27 gtw01 dnsmasq[27738]: warning: no upstream servers configured
Oct 18 09:24:27 gtw01 dnsmasq-dhcp[27738]: DHCP, static leases only on 10.10.10.0, lease time 1h
Oct 18 09:24:27 gtw01 dnsmasq[27738]: read /var/lib/neutron/dhcp/d30499ee-7307-4b69-8814-8161e4fdf99d/addn_hosts - 1 addresses
Oct 18 09:24:27 gtw01 dnsmasq-dhcp[27738]: read /var/lib/neutron/dhcp/d30499ee-7307-4b69-8814-8161e4fdf99d/host
Oct 18 09:24:27 gtw01 dnsmasq-dhcp[27738]: read /var/lib/neutron/dhcp/d30499ee-7307-4b69-8814-8161e4fdf99d/opts
Oct 18 09:24:27 gtw01 haproxy-metadata-proxy-d30499ee-7307-4b69-8814-8161e4fdf99d[27744]: Proxy listener started.
Oct 18 09:24:27 gtw01 dnsmasq[27717]: read /var/lib/neutron/dhcp/94de107f-0495-4fac-a4f7-28c914a9fca5/addn_hosts - 4 addresses
Oct 18 09:24:27 gtw01 dnsmasq-dhcp[27717]: read /var/lib/neutron/dhcp/94de107f-0495-4fac-a4f7-28c914a9fca5/host
Oct 18 09:24:27 gtw01 dnsmasq-dhcp[27717]: read /var/lib/neutron/dhcp/94de107f-0495-4fac-a4f7-28c914a9fca5/opts
Oct 18 09:24:28 gtw01 dnsmasq[27738]: read /var/lib/neutron/dhcp/d30499ee-7307-4b69-8814-8161e4fdf99d/addn_hosts - 1 addresses
Oct 18 09:24:28 gtw01 dnsmasq-dhcp[27738]: read /var/lib/neutron/dhcp/d30499ee-7307-4b69-8814-8161e4fdf99d/host
Oct 18 09:24:28 gtw01 dnsmasq-dhcp[27738]: read /var/lib/neutron/dhcp/d30499ee-7307-4b69-8814-8161e4fdf99d/opts
Oct 18 09:24:29 gtw01 dnsmasq[27717]: read /var/lib/neutron/dhcp/94de107f-0495-4fac-a4f7-28c914a9fca5/addn_hosts - 4 addresses
Oct 18 09:24:29 gtw01 dnsmasq-dhcp[27717]: read /var/lib/neutron/dhcp/94de107f-0495-4fac-a4f7-28c914a9fca5/host
Oct 18 09:24:29 gtw01 dnsmasq-dhcp[27717]: read /var/lib/neutron/dhcp/94de107f-0495-4fac-a4f7-28c914a9fca5/opts
Oct 18 09:24:29 gtw01 dnsmasq[27738]: read /var/lib/neutron/dhcp/d30499ee-7307-4b69-8814-8161e4fdf99d/addn_hosts - 1 addresses
Oct 18 09:24:29 gtw01 dnsmasq-dhcp[27738]: read /var/lib/neutron/dhcp/d30499ee-7307-4b69-8814-8161e4fdf99d/host
Oct 18 09:24:29 gtw01 dnsmasq-dhcp[27738]: read /var/lib/neutron/dhcp/d30499ee-7307-4b69-8814-8161e4fdf99d/opts
Oct 18 09:24:30 gtw01 dnsmasq[27717]: read /var/lib/neutron/dhcp/94de107f-0495-4fac-a4f7-28c914a9fca5/addn_hosts - 4 addresses
Oct 18 09:24:30 gtw01 dnsmasq-dhcp[27717]: read /var/lib/neutron/dhcp/94de107f-0495-4fac-a4f7-28c914a9fca5/host
Oct 18 09:24:30 gtw01 dnsmasq-dhcp[27717]: read /var/lib/neutron/dhcp/94de107f-0495-4fac-a4f7-28c914a9fca5/opts
Oct 18 09:24:30 gtw01 dnsmasq[27738]: read /var/lib/neutron/dhcp/d30499ee-7307-4b69-8814-8161e4fdf99d/addn_hosts - 1 addresses
