Sep 29 18:51:38 gtw01 dnsmasq[18361]: read /var/lib/neutron/dhcp/66cedbe6-c6f4-433c-b9b3-abb53e21a892/addn_hosts - 2 addresses
Sep 29 18:51:38 gtw01 dnsmasq-dhcp[18361]: read /var/lib/neutron/dhcp/66cedbe6-c6f4-433c-b9b3-abb53e21a892/host
Sep 29 18:51:38 gtw01 dnsmasq-dhcp[18361]: read /var/lib/neutron/dhcp/66cedbe6-c6f4-433c-b9b3-abb53e21a892/opts
Sep 29 18:51:38 gtw01 dnsmasq[18957]: read /var/lib/neutron/dhcp/7e303f4a-15eb-4232-8c7c-6664317366c7/addn_hosts - 3 addresses
Sep 29 18:51:38 gtw01 dnsmasq-dhcp[18957]: read /var/lib/neutron/dhcp/7e303f4a-15eb-4232-8c7c-6664317366c7/host
Sep 29 18:51:38 gtw01 dnsmasq-dhcp[18957]: read /var/lib/neutron/dhcp/7e303f4a-15eb-4232-8c7c-6664317366c7/opts
Sep 29 18:51:39 gtw01 dnsmasq[18957]: read /var/lib/neutron/dhcp/7e303f4a-15eb-4232-8c7c-6664317366c7/addn_hosts - 3 addresses
Sep 29 18:51:39 gtw01 dnsmasq-dhcp[18957]: read /var/lib/neutron/dhcp/7e303f4a-15eb-4232-8c7c-6664317366c7/host
Sep 29 18:51:39 gtw01 dnsmasq-dhcp[18957]: read /var/lib/neutron/dhcp/7e303f4a-15eb-4232-8c7c-6664317366c7/opts
Sep 29 18:51:40 gtw01 kernel: [ 2658.483423] device tap765cb3d7-ab left promiscuous mode
Sep 29 18:51:42 gtw01 dnsmasq[18492]: read /var/lib/neutron/dhcp/8b05a137-e17a-4028-9d6e-9f5725779256/addn_hosts - 4 addresses
Sep 29 18:51:42 gtw01 dnsmasq-dhcp[18492]: read /var/lib/neutron/dhcp/8b05a137-e17a-4028-9d6e-9f5725779256/host
Sep 29 18:51:42 gtw01 dnsmasq-dhcp[18492]: read /var/lib/neutron/dhcp/8b05a137-e17a-4028-9d6e-9f5725779256/opts
Sep 29 18:51:44 gtw01 dnsmasq[18361]: read /var/lib/neutron/dhcp/66cedbe6-c6f4-433c-b9b3-abb53e21a892/addn_hosts - 1 addresses
Sep 29 18:51:44 gtw01 dnsmasq-dhcp[18361]: read /var/lib/neutron/dhcp/66cedbe6-c6f4-433c-b9b3-abb53e21a892/host
Sep 29 18:51:44 gtw01 dnsmasq-dhcp[18361]: read /var/lib/neutron/dhcp/66cedbe6-c6f4-433c-b9b3-abb53e21a892/opts
Sep 29 18:51:46 gtw01 dnsmasq[18492]: read /var/lib/neutron/dhcp/8b05a137-e17a-4028-9d6e-9f5725779256/addn_hosts - 3 addresses
Sep 29 18:51:46 gtw01 dnsmasq-dhcp[18492]: read /var/lib/neutron/dhcp/8b05a137-e17a-4028-9d6e-9f5725779256/host
Sep 29 18:51:46 gtw01 dnsmasq-dhcp[18492]: read /var/lib/neutron/dhcp/8b05a137-e17a-4028-9d6e-9f5725779256/opts
Sep 29 18:51:49 gtw01 dnsmasq-dhcp[18492]: DHCPRELEASE(tapda78ae79-11) 192.168.120.7 fa:16:3e:f4:e4:74
Sep 29 18:51:49 gtw01 dnsmasq-dhcp[18492]: DHCPRELEASE(tapda78ae79-11) 192.168.120.7 fa:16:3e:f4:e4:74 unknown lease
Sep 29 18:51:49 gtw01 kernel: [ 2667.709840] device tap47f1c9cf-92 entered promiscuous mode
Sep 29 18:51:49 gtw01 systemd-udevd[19231]: Could not generate persistent MAC address for tap47f1c9cf-92: No such file or directory
Sep 29 18:51:49 gtw01 systemd-udevd[19231]: Process '/sbin/ip link set tap47f1c9cf-92 txqueuelen 10000' failed with exit code 1.
Sep 29 18:51:49 gtw01 systemd-udevd[19306]: Process '/sbin/ip link set tap47f1c9cf-92 txqueuelen 10000' failed with exit code 1.
Sep 29 18:51:49 gtw01 kernel: [ 2667.887171] device tap242f9a54-7e left promiscuous mode
Sep 29 18:51:50 gtw01 dnsmasq[18492]: read /var/lib/neutron/dhcp/8b05a137-e17a-4028-9d6e-9f5725779256/addn_hosts - 2 addresses
Sep 29 18:51:50 gtw01 dnsmasq-dhcp[18492]: read /var/lib/neutron/dhcp/8b05a137-e17a-4028-9d6e-9f5725779256/host
Sep 29 18:51:50 gtw01 dnsmasq-dhcp[18492]: read /var/lib/neutron/dhcp/8b05a137-e17a-4028-9d6e-9f5725779256/opts
Sep 29 18:51:52 gtw01 dnsmasq-dhcp[18957]: DHCPDISCOVER(tap6d5fdf97-77) fa:16:3e:b2:c7:52
Sep 29 18:51:52 gtw01 dnsmasq-dhcp[18957]: DHCPOFFER(tap6d5fdf97-77) 192.168.120.7 fa:16:3e:b2:c7:52
Sep 29 18:51:52 gtw01 dnsmasq-dhcp[18957]: DHCPREQUEST(tap6d5fdf97-77) 192.168.120.7 fa:16:3e:b2:c7:52
Sep 29 18:51:52 gtw01 dnsmasq-dhcp[18957]: DHCPACK(tap6d5fdf97-77) 192.168.120.7 fa:16:3e:b2:c7:52 host-192-168-120-7
Sep 29 18:51:52 gtw01 dnsmasq[19383]: started, version 2.80 cachesize 150
Sep 29 18:51:52 gtw01 dnsmasq[19383]: DNS service limited to local subnets
Sep 29 18:51:52 gtw01 dnsmasq[19383]: compile time options: IPv6 GNU-getopt DBus i18n IDN DHCP DHCPv6 no-Lua TFTP conntrack ipset auth DNSSEC loop-detect inotify dumpfile
Sep 29 18:51:52 gtw01 dnsmasq[19383]: warning: no upstream servers configured
Sep 29 18:51:52 gtw01 dnsmasq-dhcp[19383]: DHCP, static leases only on 192.168.120.0, lease time 1h
Sep 29 18:51:52 gtw01 dnsmasq[19383]: read /var/lib/neutron/dhcp/52f0648b-3dea-4575-bbc4-1c5d913aad17/addn_hosts - 1 addresses
Sep 29 18:51:52 gtw01 dnsmasq-dhcp[19383]: read /var/lib/neutron/dhcp/52f0648b-3dea-4575-bbc4-1c5d913aad17/host
Sep 29 18:51:52 gtw01 dnsmasq-dhcp[19383]: read /var/lib/neutron/dhcp/52f0648b-3dea-4575-bbc4-1c5d913aad17/opts
Sep 29 18:51:53 gtw01 haproxy-metadata-proxy-52f0648b-3dea-4575-bbc4-1c5d913aad17[19387]: Proxy listener started.
Sep 29 18:51:53 gtw01 dnsmasq[19383]: read /var/lib/neutron/dhcp/52f0648b-3dea-4575-bbc4-1c5d913aad17/addn_hosts - 2 addresses
Sep 29 18:51:53 gtw01 dnsmasq-dhcp[19383]: read /var/lib/neutron/dhcp/52f0648b-3dea-4575-bbc4-1c5d913aad17/host
Sep 29 18:51:53 gtw01 dnsmasq-dhcp[19383]: read /var/lib/neutron/dhcp/52f0648b-3dea-4575-bbc4-1c5d913aad17/opts
Sep 29 18:51:54 gtw01 dnsmasq[18492]: read /var/lib/neutron/dhcp/8b05a137-e17a-4028-9d6e-9f5725779256/addn_hosts - 1 addresses
Sep 29 18:51:54 gtw01 dnsmasq-dhcp[18492]: read /var/lib/neutron/dhcp/8b05a137-e17a-4028-9d6e-9f5725779256/host
Sep 29 18:51:54 gtw01 dnsmasq-dhcp[18492]: read /var/lib/neutron/dhcp/8b05a137-e17a-4028-9d6e-9f5725779256/opts
Sep 29 18:51:54 gtw01 dnsmasq[19383]: read /var/lib/neutron/dhcp/52f0648b-3dea-4575-bbc4-1c5d913aad17/addn_hosts - 2 addresses
Sep 29 18:51:54 gtw01 dnsmasq-dhcp[19383]: read /var/lib/neutron/dhcp/52f0648b-3dea-4575-bbc4-1c5d913aad17/host
Sep 29 18:51:54 gtw01 dnsmasq-dhcp[19383]: read /var/lib/neutron/dhcp/52f0648b-3dea-4575-bbc4-1c5d913aad17/opts
Sep 29 18:51:55 gtw01 dnsmasq[19383]: read /var/lib/neutron/dhcp/52f0648b-3dea-4575-bbc4-1c5d913aad17/addn_hosts - 2 addresses
Sep 29 18:51:55 gtw01 dnsmasq-dhcp[19383]: read /var/lib/neutron/dhcp/52f0648b-3dea-4575-bbc4-1c5d913aad17/host
Sep 29 18:51:55 gtw01 dnsmasq-dhcp[19383]: read /var/lib/neutron/dhcp/52f0648b-3dea-4575-bbc4-1c5d913aad17/opts
Sep 29 18:51:56 gtw01 dnsmasq[19383]: read /var/lib/neutron/dhcp/52f0648b-3dea-4575-bbc4-1c5d913aad17/addn_hosts - 2 addresses
Sep 29 18:51:56 gtw01 dnsmasq-dhcp[19383]: read /var/lib/neutron/dhcp/52f0648b-3dea-4575-bbc4-1c5d913aad17/host
Sep 29 18:51:56 gtw01 dnsmasq-dhcp[19383]: read /var/lib/neutron/dhcp/52f0648b-3dea-4575-bbc4-1c5d913aad17/opts
Sep 29 18:51:57 gtw01 dnsmasq[19383]: read /var/lib/neutron/dhcp/52f0648b-3dea-4575-bbc4-1c5d913aad17/addn_hosts - 2 addresses
Sep 29 18:51:57 gtw01 dnsmasq-dhcp[19383]: read /var/lib/neutron/dhcp/52f0648b-3dea-4575-bbc4-1c5d913aad17/host
Sep 29 18:51:57 gtw01 dnsmasq-dhcp[19383]: read /var/lib/neutron/dhcp/52f0648b-3dea-4575-bbc4-1c5d913aad17/opts
Sep 29 18:51:59 gtw01 dnsmasq[19383]: read /var/lib/neutron/dhcp/52f0648b-3dea-4575-bbc4-1c5d913aad17/addn_hosts - 3 addresses
Sep 29 18:51:59 gtw01 dnsmasq-dhcp[19383]: read /var/lib/neutron/dhcp/52f0648b-3dea-4575-bbc4-1c5d913aad17/host
Sep 29 18:51:59 gtw01 dnsmasq-dhcp[19383]: read /var/lib/neutron/dhcp/52f0648b-3dea-4575-bbc4-1c5d913aad17/opts
Sep 29 18:51:59 gtw01 kernel: [ 2677.895252] device tapda78ae79-11 left promiscuous mode
Sep 29 18:52:00 gtw01 dnsmasq[19383]: read /var/lib/neutron/dhcp/52f0648b-3dea-4575-bbc4-1c5d913aad17/addn_hosts - 3 addresses
Sep 29 18:52:00 gtw01 dnsmasq-dhcp[19383]: read /var/lib/neutron/dhcp/52f0648b-3dea-4575-bbc4-1c5d913aad17/host
Sep 29 18:52:00 gtw01 dnsmasq-dhcp[19383]: read /var/lib/neutron/dhcp/52f0648b-3dea-4575-bbc4-1c5d913aad17/opts
Sep 29 18:52:01 gtw01 dnsmasq[19383]: read /var/lib/neutron/dhcp/52f0648b-3dea-4575-bbc4-1c5d913aad17/addn_hosts - 3 addresses
Sep 29 18:52:01 gtw01 dnsmasq-dhcp[19383]: read /var/lib/neutron/dhcp/52f0648b-3dea-4575-bbc4-1c5d913aad17/host
Sep 29 18:52:01 gtw01 dnsmasq-dhcp[19383]: read /var/lib/neutron/dhcp/52f0648b-3dea-4575-bbc4-1c5d913aad17/opts
Sep 29 18:52:08 gtw01 dnsmasq[19383]: read /var/lib/neutron/dhcp/52f0648b-3dea-4575-bbc4-1c5d913aad17/addn_hosts - 2 addresses
Sep 29 18:52:08 gtw01 dnsmasq-dhcp[19383]: read /var/lib/neutron/dhcp/52f0648b-3dea-4575-bbc4-1c5d913aad17/host
Sep 29 18:52:08 gtw01 dnsmasq-dhcp[19383]: read /var/lib/neutron/dhcp/52f0648b-3dea-4575-bbc4-1c5d913aad17/opts
Sep 29 18:52:11 gtw01 dnsmasq[19383]: read /var/lib/neutron/dhcp/52f0648b-3dea-4575-bbc4-1c5d913aad17/addn_hosts - 1 addresses
Sep 29 18:52:11 gtw01 dnsmasq-dhcp[19383]: read /var/lib/neutron/dhcp/52f0648b-3dea-4575-bbc4-1c5d913aad17/host
Sep 29 18:52:11 gtw01 dnsmasq-dhcp[19383]: read /var/lib/neutron/dhcp/52f0648b-3dea-4575-bbc4-1c5d913aad17/opts
Sep 29 18:52:15 gtw01 dnsmasq-dhcp[18957]: DHCPDISCOVER(tap6d5fdf97-77) fa:16:3e:b2:c7:52
Sep 29 18:52:15 gtw01 dnsmasq-dhcp[18957]: DHCPOFFER(tap6d5fdf97-77) 192.168.120.7 fa:16:3e:b2:c7:52
Sep 29 18:52:15 gtw01 dnsmasq-dhcp[18957]: DHCPREQUEST(tap6d5fdf97-77) 192.168.120.7 fa:16:3e:b2:c7:52
Sep 29 18:52:15 gtw01 dnsmasq-dhcp[18957]: DHCPACK(tap6d5fdf97-77) 192.168.120.7 fa:16:3e:b2:c7:52 host-192-168-120-7
Sep 29 18:52:16 gtw01 kernel: [ 2694.248361] device tap47f1c9cf-92 left promiscuous mode
Sep 29 18:52:24 gtw01 dnsmasq-dhcp[18957]: DHCPRELEASE(tap6d5fdf97-77) 192.168.120.7 fa:16:3e:b2:c7:52
Sep 29 18:52:24 gtw01 dnsmasq-dhcp[18957]: DHCPRELEASE(tap6d5fdf97-77) 192.168.120.7 fa:16:3e:b2:c7:52 unknown lease
Sep 29 18:52:25 gtw01 dnsmasq[18957]: read /var/lib/neutron/dhcp/7e303f4a-15eb-4232-8c7c-6664317366c7/addn_hosts - 2 addresses
Sep 29 18:52:25 gtw01 dnsmasq-dhcp[18957]: read /var/lib/neutron/dhcp/7e303f4a-15eb-4232-8c7c-6664317366c7/host
Sep 29 18:52:25 gtw01 dnsmasq-dhcp[18957]: read /var/lib/neutron/dhcp/7e303f4a-15eb-4232-8c7c-6664317366c7/opts
Sep 29 18:52:28 gtw01 dnsmasq[18957]: read /var/lib/neutron/dhcp/7e303f4a-15eb-4232-8c7c-6664317366c7/addn_hosts - 1 addresses
Sep 29 18:52:28 gtw01 dnsmasq-dhcp[18957]: read /var/lib/neutron/dhcp/7e303f4a-15eb-4232-8c7c-6664317366c7/host
Sep 29 18:52:28 gtw01 dnsmasq-dhcp[18957]: read /var/lib/neutron/dhcp/7e303f4a-15eb-4232-8c7c-6664317366c7/opts
Sep 29 18:52:32 gtw01 kernel: [ 2711.121692] device tap6d5fdf97-77 left promiscuous mode
Sep 29 18:52:37 gtw01 kernel: [ 2715.863271] device tapee51718a-05 entered promiscuous mode
Sep 29 18:52:37 gtw01 systemd-udevd[19653]: Could not generate persistent MAC address for tapee51718a-05: No such file or directory
Sep 29 18:52:37 gtw01 systemd-udevd[19653]: Process '/sbin/ip link set tapee51718a-05 txqueuelen 10000' failed with exit code 1.
Sep 29 18:52:37 gtw01 systemd-udevd[19653]: Process '/sbin/ip link set tapee51718a-05 txqueuelen 10000' failed with exit code 1.
Sep 29 18:52:40 gtw01 dnsmasq[19788]: started, version 2.80 cachesize 150
Sep 29 18:52:40 gtw01 dnsmasq[19788]: DNS service limited to local subnets
Sep 29 18:52:40 gtw01 dnsmasq[19788]: compile time options: IPv6 GNU-getopt DBus i18n IDN DHCP DHCPv6 no-Lua TFTP conntrack ipset auth DNSSEC loop-detect inotify dumpfile
Sep 29 18:52:40 gtw01 dnsmasq[19788]: warning: no upstream servers configured
Sep 29 18:52:40 gtw01 dnsmasq-dhcp[19788]: DHCP, static leases only on 192.168.120.240, lease time 1h
Sep 29 18:52:40 gtw01 dnsmasq[19788]: read /var/lib/neutron/dhcp/d71194a9-bdf5-4cf3-814a-8ff1c6ace85f/addn_hosts - 1 addresses
Sep 29 18:52:40 gtw01 dnsmasq-dhcp[19788]: read /var/lib/neutron/dhcp/d71194a9-bdf5-4cf3-814a-8ff1c6ace85f/host
Sep 29 18:52:40 gtw01 dnsmasq-dhcp[19788]: read /var/lib/neutron/dhcp/d71194a9-bdf5-4cf3-814a-8ff1c6ace85f/opts
Sep 29 18:52:41 gtw01 haproxy-metadata-proxy-d71194a9-bdf5-4cf3-814a-8ff1c6ace85f[19792]: Proxy listener started.
Sep 29 18:52:41 gtw01 dnsmasq[19788]: read /var/lib/neutron/dhcp/d71194a9-bdf5-4cf3-814a-8ff1c6ace85f/addn_hosts - 1 addresses
Sep 29 18:52:41 gtw01 dnsmasq-dhcp[19788]: read /var/lib/neutron/dhcp/d71194a9-bdf5-4cf3-814a-8ff1c6ace85f/host
Sep 29 18:52:41 gtw01 dnsmasq-dhcp[19788]: read /var/lib/neutron/dhcp/d71194a9-bdf5-4cf3-814a-8ff1c6ace85f/opts
Sep 29 18:52:42 gtw01 dnsmasq[19788]: read /var/lib/neutron/dhcp/d71194a9-bdf5-4cf3-814a-8ff1c6ace85f/addn_hosts - 1 addresses
Sep 29 18:52:42 gtw01 dnsmasq-dhcp[19788]: read /var/lib/neutron/dhcp/d71194a9-bdf5-4cf3-814a-8ff1c6ace85f/host
Sep 29 18:52:42 gtw01 dnsmasq-dhcp[19788]: read /var/lib/neutron/dhcp/d71194a9-bdf5-4cf3-814a-8ff1c6ace85f/opts
Sep 29 18:52:43 gtw01 kernel: [ 2722.107789] device tap6809bd1d-02 entered promiscuous mode
Sep 29 18:52:43 gtw01 systemd-udevd[19854]: Could not generate persistent MAC address for tap6809bd1d-02: No such file or directory
Sep 29 18:52:43 gtw01 dnsmasq[19788]: read /var/lib/neutron/dhcp/d71194a9-bdf5-4cf3-814a-8ff1c6ace85f/addn_hosts - 1 addresses
Sep 29 18:52:43 gtw01 dnsmasq-dhcp[19788]: read /var/lib/neutron/dhcp/d71194a9-bdf5-4cf3-814a-8ff1c6ace85f/host
Sep 29 18:52:43 gtw01 dnsmasq-dhcp[19788]: read /var/lib/neutron/dhcp/d71194a9-bdf5-4cf3-814a-8ff1c6ace85f/opts
Sep 29 18:52:44 gtw01 systemd-udevd[19854]: Process '/sbin/ip link set tap6809bd1d-02 txqueuelen 10000' failed with exit code 1.
Sep 29 18:52:46 gtw01 kernel: [ 2724.249365] device tapee51718a-05 left promiscuous mode
Sep 29 18:52:47 gtw01 systemd-udevd[20020]: Could not generate persistent MAC address for tap07eb43e5-f2: No such file or directory
Sep 29 18:52:47 gtw01 kernel: [ 2725.323937] device tap07eb43e5-f2 entered promiscuous mode
Sep 29 18:52:47 gtw01 systemd-udevd[20020]: Process '/sbin/ip link set tap07eb43e5-f2 txqueuelen 10000' failed with exit code 1.
Sep 29 18:52:47 gtw01 systemd-udevd[20096]: Process '/sbin/ip link set tap07eb43e5-f2 txqueuelen 10000' failed with exit code 1.
Sep 29 18:52:47 gtw01 dnsmasq[20107]: started, version 2.80 cachesize 150
Sep 29 18:52:47 gtw01 dnsmasq[20107]: DNS service limited to local subnets
Sep 29 18:52:47 gtw01 dnsmasq[20107]: compile time options: IPv6 GNU-getopt DBus i18n IDN DHCP DHCPv6 no-Lua TFTP conntrack ipset auth DNSSEC loop-detect inotify dumpfile
Sep 29 18:52:47 gtw01 dnsmasq[20107]: warning: no upstream servers configured
Sep 29 18:52:47 gtw01 dnsmasq-dhcp[20107]: DHCPv6, static leases only on 2003:0:0:ffff::, lease time 1h
Sep 29 18:52:47 gtw01 dnsmasq[20107]: read /var/lib/neutron/dhcp/1af051ba-2416-4b72-bf2e-39fc5eac58d6/addn_hosts - 1 addresses
Sep 29 18:52:47 gtw01 dnsmasq-dhcp[20107]: read /var/lib/neutron/dhcp/1af051ba-2416-4b72-bf2e-39fc5eac58d6/host
Sep 29 18:52:47 gtw01 dnsmasq-dhcp[20107]: read /var/lib/neutron/dhcp/1af051ba-2416-4b72-bf2e-39fc5eac58d6/opts
Sep 29 18:52:48 gtw01 dnsmasq[20107]: read /var/lib/neutron/dhcp/1af051ba-2416-4b72-bf2e-39fc5eac58d6/addn_hosts - 1 addresses
Sep 29 18:52:48 gtw01 dnsmasq-dhcp[20107]: read /var/lib/neutron/dhcp/1af051ba-2416-4b72-bf2e-39fc5eac58d6/host
Sep 29 18:52:48 gtw01 dnsmasq-dhcp[20107]: read /var/lib/neutron/dhcp/1af051ba-2416-4b72-bf2e-39fc5eac58d6/opts
Sep 29 18:52:49 gtw01 dnsmasq[20107]: read /var/lib/neutron/dhcp/1af051ba-2416-4b72-bf2e-39fc5eac58d6/addn_hosts - 1 addresses
Sep 29 18:52:49 gtw01 dnsmasq-dhcp[20107]: read /var/lib/neutron/dhcp/1af051ba-2416-4b72-bf2e-39fc5eac58d6/host
Sep 29 18:52:49 gtw01 dnsmasq-dhcp[20107]: read /var/lib/neutron/dhcp/1af051ba-2416-4b72-bf2e-39fc5eac58d6/opts
Sep 29 18:52:49 gtw01 dnsmasq[20107]: read /var/lib/neutron/dhcp/1af051ba-2416-4b72-bf2e-39fc5eac58d6/addn_hosts - 1 addresses
Sep 29 18:52:49 gtw01 dnsmasq-dhcp[20107]: read /var/lib/neutron/dhcp/1af051ba-2416-4b72-bf2e-39fc5eac58d6/host
Sep 29 18:52:49 gtw01 dnsmasq-dhcp[20107]: read /var/lib/neutron/dhcp/1af051ba-2416-4b72-bf2e-39fc5eac58d6/opts
Sep 29 18:52:50 gtw01 dnsmasq[20206]: started, version 2.80 cachesize 150
Sep 29 18:52:50 gtw01 dnsmasq[20206]: DNS service limited to local subnets
Sep 29 18:52:50 gtw01 dnsmasq[20206]: compile time options: IPv6 GNU-getopt DBus i18n IDN DHCP DHCPv6 no-Lua TFTP conntrack ipset auth DNSSEC loop-detect inotify dumpfile
Sep 29 18:52:50 gtw01 dnsmasq[20206]: warning: no upstream servers configured
Sep 29 18:52:50 gtw01 dnsmasq-dhcp[20206]: DHCPv6, static leases only on 2003::, lease time 1h
Sep 29 18:52:50 gtw01 dnsmasq[20206]: read /var/lib/neutron/dhcp/ec4e3aff-42dd-4716-a329-24f7aa1f9fd2/addn_hosts - 1 addresses
Sep 29 18:52:50 gtw01 dnsmasq-dhcp[20206]: read /var/lib/neutron/dhcp/ec4e3aff-42dd-4716-a329-24f7aa1f9fd2/host
Sep 29 18:52:50 gtw01 dnsmasq-dhcp[20206]: read /var/lib/neutron/dhcp/ec4e3aff-42dd-4716-a329-24f7aa1f9fd2/opts
Sep 29 18:52:50 gtw01 kernel: [ 2728.870798] device tap07eb43e5-f2 left promiscuous mode
Sep 29 18:52:51 gtw01 kernel: [ 2729.987175] device tap6809bd1d-02 left promiscuous mode
Sep 29 18:52:54 gtw01 systemd-udevd[20242]: Could not generate persistent MAC address for tap8def2dd1-1f: No such file or directory
Sep 29 18:52:54 gtw01 kernel: [ 2733.002044] device tap8def2dd1-1f entered promiscuous mode
Sep 29 18:52:54 gtw01 systemd-udevd[20310]: Process '/sbin/ip link set tap8def2dd1-1f txqueuelen 10000' failed with exit code 1.
Sep 29 18:52:55 gtw01 kernel: [ 2733.649353] device tapf44e9fa8-ec entered promiscuous mode
Sep 29 18:52:55 gtw01 systemd-udevd[20346]: Could not generate persistent MAC address for tapf44e9fa8-ec: No such file or directory
Sep 29 18:52:55 gtw01 systemd-udevd[20346]: Process '/sbin/ip link set tapf44e9fa8-ec txqueuelen 10000' failed with exit code 1.
Sep 29 18:52:58 gtw01 dnsmasq[20509]: started, version 2.80 cachesize 150
Sep 29 18:52:58 gtw01 dnsmasq[20509]: DNS service limited to local subnets
Sep 29 18:52:58 gtw01 dnsmasq[20509]: compile time options: IPv6 GNU-getopt DBus i18n IDN DHCP DHCPv6 no-Lua TFTP conntrack ipset auth DNSSEC loop-detect inotify dumpfile
Sep 29 18:52:58 gtw01 dnsmasq[20509]: warning: no upstream servers configured
Sep 29 18:52:58 gtw01 dnsmasq-dhcp[20509]: DHCPv6, static leases only on 2003::, lease time 1h
Sep 29 18:52:58 gtw01 dnsmasq[20509]: read /var/lib/neutron/dhcp/c55de23e-5be3-4c6c-af4c-b8baf0056a7a/addn_hosts - 1 addresses
Sep 29 18:52:58 gtw01 dnsmasq-dhcp[20509]: read /var/lib/neutron/dhcp/c55de23e-5be3-4c6c-af4c-b8baf0056a7a/host
Sep 29 18:52:58 gtw01 dnsmasq-dhcp[20509]: read /var/lib/neutron/dhcp/c55de23e-5be3-4c6c-af4c-b8baf0056a7a/opts
Sep 29 18:52:58 gtw01 kernel: [ 2736.915173] device tap8def2dd1-1f left promiscuous mode
Sep 29 18:52:58 gtw01 dnsmasq[20525]: started, version 2.80 cachesize 150
Sep 29 18:52:58 gtw01 dnsmasq[20525]: DNS service limited to local subnets
Sep 29 18:52:58 gtw01 dnsmasq[20525]: compile time options: IPv6 GNU-getopt DBus i18n IDN DHCP DHCPv6 no-Lua TFTP conntrack ipset auth DNSSEC loop-detect inotify dumpfile
Sep 29 18:52:58 gtw01 dnsmasq[20525]: warning: no upstream servers configured
Sep 29 18:52:58 gtw01 dnsmasq-dhcp[20525]: DHCPv6, static leases only on 2003:0:0:1::, lease time 1h
Sep 29 18:52:58 gtw01 dnsmasq[20525]: read /var/lib/neutron/dhcp/bb74f1c5-0ac0-4feb-96d1-7615b06005e9/addn_hosts - 1 addresses
Sep 29 18:52:58 gtw01 dnsmasq-dhcp[20525]: read /var/lib/neutron/dhcp/bb74f1c5-0ac0-4feb-96d1-7615b06005e9/host
Sep 29 18:52:58 gtw01 dnsmasq-dhcp[20525]: read /var/lib/neutron/dhcp/bb74f1c5-0ac0-4feb-96d1-7615b06005e9/opts
Sep 29 18:52:59 gtw01 kernel: [ 2737.323733] device tapf44e9fa8-ec left promiscuous mode
Sep 29 18:53:05 gtw01 kernel: [ 2743.650750] device tapc3962f39-e0 entered promiscuous mode
Sep 29 18:53:05 gtw01 systemd-udevd[20557]: Could not generate persistent MAC address for tapc3962f39-e0: No such file or directory
Sep 29 18:53:05 gtw01 systemd-udevd[20557]: Process '/sbin/ip link set tapc3962f39-e0 txqueuelen 10000' failed with exit code 1.
Sep 29 18:53:05 gtw01 systemd-udevd[20632]: Process '/sbin/ip link set tapc3962f39-e0 txqueuelen 10000' failed with exit code 1.
Sep 29 18:53:05 gtw01 dnsmasq[17857]: read /var/lib/neutron/dhcp/a8af4867-7b07-428e-a565-d92864fdd7bb/addn_hosts - 3 addresses
Sep 29 18:53:05 gtw01 dnsmasq-dhcp[17857]: read /var/lib/neutron/dhcp/a8af4867-7b07-428e-a565-d92864fdd7bb/host
Sep 29 18:53:05 gtw01 dnsmasq-dhcp[17857]: read /var/lib/neutron/dhcp/a8af4867-7b07-428e-a565-d92864fdd7bb/opts
Sep 29 18:53:06 gtw01 dnsmasq[17857]: read /var/lib/neutron/dhcp/a8af4867-7b07-428e-a565-d92864fdd7bb/addn_hosts - 3 addresses
Sep 29 18:53:06 gtw01 dnsmasq-dhcp[17857]: read /var/lib/neutron/dhcp/a8af4867-7b07-428e-a565-d92864fdd7bb/host
Sep 29 18:53:06 gtw01 dnsmasq-dhcp[17857]: read /var/lib/neutron/dhcp/a8af4867-7b07-428e-a565-d92864fdd7bb/opts
Sep 29 18:53:07 gtw01 dnsmasq[17857]: read /var/lib/neutron/dhcp/a8af4867-7b07-428e-a565-d92864fdd7bb/addn_hosts - 3 addresses
Sep 29 18:53:07 gtw01 dnsmasq-dhcp[17857]: read /var/lib/neutron/dhcp/a8af4867-7b07-428e-a565-d92864fdd7bb/host
Sep 29 18:53:07 gtw01 dnsmasq-dhcp[17857]: read /var/lib/neutron/dhcp/a8af4867-7b07-428e-a565-d92864fdd7bb/opts
Sep 29 18:53:08 gtw01 dnsmasq[20734]: started, version 2.80 cachesize 150
Sep 29 18:53:08 gtw01 dnsmasq[20734]: DNS service limited to local subnets
Sep 29 18:53:08 gtw01 dnsmasq[20734]: compile time options: IPv6 GNU-getopt DBus i18n IDN DHCP DHCPv6 no-Lua TFTP conntrack ipset auth DNSSEC loop-detect inotify dumpfile
Sep 29 18:53:08 gtw01 dnsmasq[20734]: warning: no upstream servers configured
Sep 29 18:53:08 gtw01 dnsmasq-dhcp[20734]: DHCPv6, static leases only on 2003::, lease time 1h
Sep 29 18:53:08 gtw01 dnsmasq[20734]: read /var/lib/neutron/dhcp/bfa894fa-96fd-41be-a70d-09ede1b84281/addn_hosts - 1 addresses
Sep 29 18:53:08 gtw01 dnsmasq-dhcp[20734]: read /var/lib/neutron/dhcp/bfa894fa-96fd-41be-a70d-09ede1b84281/host
Sep 29 18:53:08 gtw01 dnsmasq-dhcp[20734]: read /var/lib/neutron/dhcp/bfa894fa-96fd-41be-a70d-09ede1b84281/opts
Sep 29 18:53:09 gtw01 kernel: [ 2747.421127] device tapc3962f39-e0 left promiscuous mode
Sep 29 18:53:13 gtw01 kernel: [ 2751.585847] device tap073cca9a-be entered promiscuous mode
Sep 29 18:53:13 gtw01 systemd-udevd[20761]: Could not generate persistent MAC address for tap073cca9a-be: No such file or directory
Sep 29 18:53:13 gtw01 systemd-udevd[20761]: Process '/sbin/ip link set tap073cca9a-be txqueuelen 10000' failed with exit code 1.
Sep 29 18:53:13 gtw01 systemd-udevd[20761]: Process '/sbin/ip link set tap073cca9a-be txqueuelen 10000' failed with exit code 1.
Sep 29 18:53:16 gtw01 dnsmasq[17857]: read /var/lib/neutron/dhcp/a8af4867-7b07-428e-a565-d92864fdd7bb/addn_hosts - 2 addresses
Sep 29 18:53:16 gtw01 dnsmasq-dhcp[17857]: read /var/lib/neutron/dhcp/a8af4867-7b07-428e-a565-d92864fdd7bb/host
Sep 29 18:53:16 gtw01 dnsmasq-dhcp[17857]: read /var/lib/neutron/dhcp/a8af4867-7b07-428e-a565-d92864fdd7bb/opts
Sep 29 18:53:16 gtw01 dnsmasq[20911]: started, version 2.80 cachesize 150
Sep 29 18:53:16 gtw01 dnsmasq[20911]: DNS service limited to local subnets
Sep 29 18:53:16 gtw01 dnsmasq[20911]: compile time options: IPv6 GNU-getopt DBus i18n IDN DHCP DHCPv6 no-Lua TFTP conntrack ipset auth DNSSEC loop-detect inotify dumpfile
Sep 29 18:53:16 gtw01 dnsmasq[20911]: warning: no upstream servers configured
Sep 29 18:53:16 gtw01 dnsmasq-dhcp[20911]: DHCPv6, static leases only on 2003::, lease time 1h
Sep 29 18:53:16 gtw01 dnsmasq[20911]: read /var/lib/neutron/dhcp/96d658df-7159-4356-8f4f-8a46b61fa42c/addn_hosts - 1 addresses
Sep 29 18:53:16 gtw01 dnsmasq-dhcp[20911]: read /var/lib/neutron/dhcp/96d658df-7159-4356-8f4f-8a46b61fa42c/host
Sep 29 18:53:16 gtw01 dnsmasq-dhcp[20911]: read /var/lib/neutron/dhcp/96d658df-7159-4356-8f4f-8a46b61fa42c/opts
Sep 29 18:53:17 gtw01 kernel: [ 2755.607138] device tap073cca9a-be left promiscuous mode
Sep 29 18:53:20 gtw01 systemd-udevd[20938]: Could not generate persistent MAC address for tap29aaf615-4a: No such file or directory
Sep 29 18:53:20 gtw01 kernel: [ 2758.253290] device tap29aaf615-4a entered promiscuous mode
Sep 29 18:53:20 gtw01 systemd-udevd[20938]: Process '/sbin/ip link set tap29aaf615-4a txqueuelen 10000' failed with exit code 1.
Sep 29 18:53:20 gtw01 systemd-udevd[20938]: Process '/sbin/ip link set tap29aaf615-4a txqueuelen 10000' failed with exit code 1.
Sep 29 18:53:21 gtw01 systemd-udevd[21052]: Could not generate persistent MAC address for tapd86f2c16-9e: No such file or directory
Sep 29 18:53:21 gtw01 kernel: [ 2759.243532] device tapd86f2c16-9e entered promiscuous mode
Sep 29 18:53:21 gtw01 systemd-udevd[21052]: Process '/sbin/ip link set tapd86f2c16-9e txqueuelen 10000' failed with exit code 1.
Sep 29 18:53:21 gtw01 systemd-udevd[21126]: Process '/sbin/ip link set tapd86f2c16-9e txqueuelen 10000' failed with exit code 1.
Sep 29 18:53:23 gtw01 dnsmasq[21211]: started, version 2.80 cachesize 150
Sep 29 18:53:23 gtw01 dnsmasq[21211]: DNS service limited to local subnets
Sep 29 18:53:23 gtw01 dnsmasq[21211]: compile time options: IPv6 GNU-getopt DBus i18n IDN DHCP DHCPv6 no-Lua TFTP conntrack ipset auth DNSSEC loop-detect inotify dumpfile
Sep 29 18:53:23 gtw01 dnsmasq[21211]: warning: no upstream servers configured
Sep 29 18:53:23 gtw01 dnsmasq-dhcp[21211]: DHCP, static leases only on 192.168.120.0, lease time 1h
Sep 29 18:53:23 gtw01 dnsmasq[21211]: read /var/lib/neutron/dhcp/67a34bdd-17af-45d2-a9f3-61281a764ad3/addn_hosts - 1 addresses
Sep 29 18:53:23 gtw01 dnsmasq-dhcp[21211]: read /var/lib/neutron/dhcp/67a34bdd-17af-45d2-a9f3-61281a764ad3/host
Sep 29 18:53:23 gtw01 dnsmasq-dhcp[21211]: read /var/lib/neutron/dhcp/67a34bdd-17af-45d2-a9f3-61281a764ad3/opts
Sep 29 18:53:23 gtw01 haproxy-metadata-proxy-67a34bdd-17af-45d2-a9f3-61281a764ad3[21218]: Proxy listener started.
Sep 29 18:53:24 gtw01 dnsmasq[21239]: started, version 2.80 cachesize 150
Sep 29 18:53:24 gtw01 dnsmasq[21239]: DNS service limited to local subnets
Sep 29 18:53:24 gtw01 dnsmasq[21239]: compile time options: IPv6 GNU-getopt DBus i18n IDN DHCP DHCPv6 no-Lua TFTP conntrack ipset auth DNSSEC loop-detect inotify dumpfile
Sep 29 18:53:24 gtw01 dnsmasq[21239]: warning: no upstream servers configured
Sep 29 18:53:24 gtw01 dnsmasq-dhcp[21239]: DHCP, static leases only on 192.168.120.16, lease time 1h
Sep 29 18:53:24 gtw01 dnsmasq[21239]: read /var/lib/neutron/dhcp/a08eedd5-6c9b-4836-8820-eef61e12f2f8/addn_hosts - 1 addresses
Sep 29 18:53:24 gtw01 dnsmasq-dhcp[21239]: read /var/lib/neutron/dhcp/a08eedd5-6c9b-4836-8820-eef61e12f2f8/host
Sep 29 18:53:24 gtw01 dnsmasq-dhcp[21239]: read /var/lib/neutron/dhcp/a08eedd5-6c9b-4836-8820-eef61e12f2f8/opts
Sep 29 18:53:24 gtw01 kernel: [ 2762.737724] device tap29aaf615-4a left promiscuous mode
Sep 29 18:53:24 gtw01 haproxy-metadata-proxy-a08eedd5-6c9b-4836-8820-eef61e12f2f8[21245]: Proxy listener started.
Sep 29 18:53:25 gtw01 kernel: [ 2763.953266] device tapd86f2c16-9e left promiscuous mode
Sep 29 18:53:30 gtw01 systemd-udevd[21277]: Could not generate persistent MAC address for tap04b62ce6-c2: No such file or directory
Sep 29 18:53:30 gtw01 kernel: [ 2768.541649] device tap04b62ce6-c2 entered promiscuous mode
Sep 29 18:53:30 gtw01 systemd-udevd[21277]: Process '/sbin/ip link set tap04b62ce6-c2 txqueuelen 10000' failed with exit code 1.
Sep 29 18:53:30 gtw01 systemd-udevd[21277]: Process '/sbin/ip link set tap04b62ce6-c2 txqueuelen 10000' failed with exit code 1.
Sep 29 18:53:32 gtw01 systemd-udevd[21402]: Could not generate persistent MAC address for tap7d7a79c2-3e: No such file or directory
Sep 29 18:53:32 gtw01 kernel: [ 2770.294521] device tap7d7a79c2-3e entered promiscuous mode
Sep 29 18:53:32 gtw01 systemd-udevd[21402]: Process '/sbin/ip link set tap7d7a79c2-3e txqueuelen 10000' failed with exit code 1.
Sep 29 18:53:33 gtw01 dnsmasq[21533]: started, version 2.80 cachesize 150
Sep 29 18:53:33 gtw01 dnsmasq[21533]: DNS service limited to local subnets
Sep 29 18:53:33 gtw01 dnsmasq[21533]: compile time options: IPv6 GNU-getopt DBus i18n IDN DHCP DHCPv6 no-Lua TFTP conntrack ipset auth DNSSEC loop-detect inotify dumpfile
Sep 29 18:53:33 gtw01 dnsmasq[21533]: warning: no upstream servers configured
Sep 29 18:53:33 gtw01 dnsmasq-dhcp[21533]: DHCPv6, static leases only on 2003::, lease time 1h
Sep 29 18:53:33 gtw01 dnsmasq[21533]: read /var/lib/neutron/dhcp/03de344a-29c8-462c-b985-115bb5d46aae/addn_hosts - 1 addresses
Sep 29 18:53:33 gtw01 dnsmasq-dhcp[21533]: read /var/lib/neutron/dhcp/03de344a-29c8-462c-b985-115bb5d46aae/host
Sep 29 18:53:33 gtw01 dnsmasq-dhcp[21533]: read /var/lib/neutron/dhcp/03de344a-29c8-462c-b985-115bb5d46aae/opts
Sep 29 18:53:34 gtw01 dnsmasq[21533]: read /var/lib/neutron/dhcp/03de344a-29c8-462c-b985-115bb5d46aae/addn_hosts - 2 addresses
Sep 29 18:53:34 gtw01 dnsmasq-dhcp[21533]: read /var/lib/neutron/dhcp/03de344a-29c8-462c-b985-115bb5d46aae/host
Sep 29 18:53:34 gtw01 dnsmasq-dhcp[21533]: read /var/lib/neutron/dhcp/03de344a-29c8-462c-b985-115bb5d46aae/opts
Sep 29 18:53:35 gtw01 dnsmasq[21586]: started, version 2.80 cachesize 150
Sep 29 18:53:35 gtw01 dnsmasq[21586]: DNS service limited to local subnets
Sep 29 18:53:35 gtw01 dnsmasq[21586]: compile time options: IPv6 GNU-getopt DBus i18n IDN DHCP DHCPv6 no-Lua TFTP conntrack ipset auth DNSSEC loop-detect inotify dumpfile
Sep 29 18:53:35 gtw01 dnsmasq[21586]: warning: no upstream servers configured
Sep 29 18:53:35 gtw01 dnsmasq-dhcp[21586]: DHCPv6, static leases only on 2003:0:1::, lease time 1h
Sep 29 18:53:35 gtw01 dnsmasq[21586]: read /var/lib/neutron/dhcp/e3bbb609-ee07-456d-9894-20cf2ee72f10/addn_hosts - 1 addresses
Sep 29 18:53:35 gtw01 dnsmasq-dhcp[21586]: read /var/lib/neutron/dhcp/e3bbb609-ee07-456d-9894-20cf2ee72f10/host
Sep 29 18:53:35 gtw01 dnsmasq-dhcp[21586]: read /var/lib/neutron/dhcp/e3bbb609-ee07-456d-9894-20cf2ee72f10/opts
Sep 29 18:53:35 gtw01 dnsmasq[21533]: read /var/lib/neutron/dhcp/03de344a-29c8-462c-b985-115bb5d46aae/addn_hosts - 2 addresses
Sep 29 18:53:35 gtw01 dnsmasq-dhcp[21533]: read /var/lib/neutron/dhcp/03de344a-29c8-462c-b985-115bb5d46aae/host
Sep 29 18:53:35 gtw01 dnsmasq-dhcp[21533]: read /var/lib/neutron/dhcp/03de344a-29c8-462c-b985-115bb5d46aae/opts
Sep 29 18:53:36 gtw01 dnsmasq[21586]: read /var/lib/neutron/dhcp/e3bbb609-ee07-456d-9894-20cf2ee72f10/addn_hosts - 2 addresses
Sep 29 18:53:36 gtw01 dnsmasq-dhcp[21586]: read /var/lib/neutron/dhcp/e3bbb609-ee07-456d-9894-20cf2ee72f10/host
Sep 29 18:53:36 gtw01 dnsmasq-dhcp[21586]: read /var/lib/neutron/dhcp/e3bbb609-ee07-456d-9894-20cf2ee72f10/opts
Sep 29 18:53:36 gtw01 dnsmasq[21533]: read /var/lib/neutron/dhcp/03de344a-29c8-462c-b985-115bb5d46aae/addn_hosts - 2 addresses
Sep 29 18:53:36 gtw01 dnsmasq-dhcp[21533]: read /var/lib/neutron/dhcp/03de344a-29c8-462c-b985-115bb5d46aae/host
Sep 29 18:53:36 gtw01 dnsmasq-dhcp[21533]: read /var/lib/neutron/dhcp/03de344a-29c8-462c-b985-115bb5d46aae/opts
Sep 29 18:53:37 gtw01 dnsmasq[21586]: read /var/lib/neutron/dhcp/e3bbb609-ee07-456d-9894-20cf2ee72f10/addn_hosts - 2 addresses
Sep 29 18:53:37 gtw01 dnsmasq-dhcp[21586]: read /var/lib/neutron/dhcp/e3bbb609-ee07-456d-9894-20cf2ee72f10/host
Sep 29 18:53:37 gtw01 dnsmasq-dhcp[21586]: read /var/lib/neutron/dhcp/e3bbb609-ee07-456d-9894-20cf2ee72f10/opts
Sep 29 18:53:37 gtw01 dnsmasq[21533]: read /var/lib/neutron/dhcp/03de344a-29c8-462c-b985-115bb5d46aae/addn_hosts - 2 addresses
Sep 29 18:53:37 gtw01 dnsmasq-dhcp[21533]: read /var/lib/neutron/dhcp/03de344a-29c8-462c-b985-115bb5d46aae/host
Sep 29 18:53:37 gtw01 dnsmasq-dhcp[21533]: read /var/lib/neutron/dhcp/03de344a-29c8-462c-b985-115bb5d46aae/opts
Sep 29 18:53:38 gtw01 systemd-udevd[21675]: Could not generate persistent MAC address for tap3f901064-0f: No such file or directory
Sep 29 18:53:38 gtw01 kernel: [ 2776.240354] device tap3f901064-0f entered promiscuous mode
Sep 29 18:53:38 gtw01 systemd-udevd[21748]: Process '/sbin/ip link set tap3f901064-0f txqueuelen 10000' failed with exit code 1.
Sep 29 18:53:39 gtw01 systemd-udevd[21803]: Could not generate persistent MAC address for tap81f263c6-34: No such file or directory
Sep 29 18:53:39 gtw01 kernel: [ 2777.492539] device tap81f263c6-34 entered promiscuous mode
Sep 29 18:53:39 gtw01 dnsmasq[21586]: read /var/lib/neutron/dhcp/e3bbb609-ee07-456d-9894-20cf2ee72f10/addn_hosts - 2 addresses
Sep 29 18:53:39 gtw01 dnsmasq-dhcp[21586]: read /var/lib/neutron/dhcp/e3bbb609-ee07-456d-9894-20cf2ee72f10/host
Sep 29 18:53:39 gtw01 dnsmasq-dhcp[21586]: read /var/lib/neutron/dhcp/e3bbb609-ee07-456d-9894-20cf2ee72f10/opts
Sep 29 18:53:39 gtw01 dnsmasq[21533]: read /var/lib/neutron/dhcp/03de344a-29c8-462c-b985-115bb5d46aae/addn_hosts - 2 addresses
Sep 29 18:53:39 gtw01 dnsmasq-dhcp[21533]: read /var/lib/neutron/dhcp/03de344a-29c8-462c-b985-115bb5d46aae/host
Sep 29 18:53:39 gtw01 dnsmasq-dhcp[21533]: read /var/lib/neutron/dhcp/03de344a-29c8-462c-b985-115bb5d46aae/opts
Sep 29 18:53:39 gtw01 systemd-udevd[21874]: Process '/sbin/ip link set tap81f263c6-34 txqueuelen 10000' failed with exit code 1.
Sep 29 18:53:40 gtw01 dnsmasq[21586]: read /var/lib/neutron/dhcp/e3bbb609-ee07-456d-9894-20cf2ee72f10/addn_hosts - 2 addresses
Sep 29 18:53:40 gtw01 dnsmasq-dhcp[21586]: read /var/lib/neutron/dhcp/e3bbb609-ee07-456d-9894-20cf2ee72f10/host
Sep 29 18:53:40 gtw01 dnsmasq-dhcp[21586]: read /var/lib/neutron/dhcp/e3bbb609-ee07-456d-9894-20cf2ee72f10/opts
Sep 29 18:53:40 gtw01 dnsmasq[21533]: read /var/lib/neutron/dhcp/03de344a-29c8-462c-b985-115bb5d46aae/addn_hosts - 1 addresses
Sep 29 18:53:40 gtw01 dnsmasq-dhcp[21533]: read /var/lib/neutron/dhcp/03de344a-29c8-462c-b985-115bb5d46aae/host
Sep 29 18:53:40 gtw01 dnsmasq-dhcp[21533]: read /var/lib/neutron/dhcp/03de344a-29c8-462c-b985-115bb5d46aae/opts
Sep 29 18:53:42 gtw01 dnsmasq[21586]: read /var/lib/neutron/dhcp/e3bbb609-ee07-456d-9894-20cf2ee72f10/addn_hosts - 2 addresses
Sep 29 18:53:42 gtw01 dnsmasq-dhcp[21586]: read /var/lib/neutron/dhcp/e3bbb609-ee07-456d-9894-20cf2ee72f10/host
Sep 29 18:53:42 gtw01 dnsmasq-dhcp[21586]: read /var/lib/neutron/dhcp/e3bbb609-ee07-456d-9894-20cf2ee72f10/opts
Sep 29 18:53:43 gtw01 dnsmasq[22040]: started, version 2.80 cachesize 150
Sep 29 18:53:43 gtw01 dnsmasq[22040]: DNS service limited to local subnets
Sep 29 18:53:43 gtw01 dnsmasq[22040]: compile time options: IPv6 GNU-getopt DBus i18n IDN DHCP DHCPv6 no-Lua TFTP conntrack ipset auth DNSSEC loop-detect inotify dumpfile
Sep 29 18:53:43 gtw01 dnsmasq[22040]: warning: no upstream servers configured
Sep 29 18:53:43 gtw01 dnsmasq-dhcp[22040]: DHCP, static leases only on 192.168.120.0, lease time 1h
Sep 29 18:53:43 gtw01 dnsmasq[22040]: read /var/lib/neutron/dhcp/a5ac9064-b89d-425e-8257-5c404633149b/addn_hosts - 1 addresses
Sep 29 18:53:43 gtw01 dnsmasq-dhcp[22040]: read /var/lib/neutron/dhcp/a5ac9064-b89d-425e-8257-5c404633149b/host
Sep 29 18:53:43 gtw01 dnsmasq-dhcp[22040]: read /var/lib/neutron/dhcp/a5ac9064-b89d-425e-8257-5c404633149b/opts
Sep 29 18:53:43 gtw01 dnsmasq[21586]: read /var/lib/neutron/dhcp/e3bbb609-ee07-456d-9894-20cf2ee72f10/addn_hosts - 1 addresses
Sep 29 18:53:43 gtw01 dnsmasq-dhcp[21586]: read /var/lib/neutron/dhcp/e3bbb609-ee07-456d-9894-20cf2ee72f10/host
Sep 29 18:53:43 gtw01 dnsmasq-dhcp[21586]: read /var/lib/neutron/dhcp/e3bbb609-ee07-456d-9894-20cf2ee72f10/opts
Sep 29 18:53:43 gtw01 haproxy-metadata-proxy-a5ac9064-b89d-425e-8257-5c404633149b[22053]: Proxy listener started.
Sep 29 18:53:44 gtw01 dnsmasq[22070]: started, version 2.80 cachesize 150
Sep 29 18:53:44 gtw01 dnsmasq[22070]: DNS service limited to local subnets
Sep 29 18:53:44 gtw01 dnsmasq[22070]: compile time options: IPv6 GNU-getopt DBus i18n IDN DHCP DHCPv6 no-Lua TFTP conntrack ipset auth DNSSEC loop-detect inotify dumpfile
Sep 29 18:53:44 gtw01 dnsmasq[22070]: warning: no upstream servers configured
Sep 29 18:53:44 gtw01 dnsmasq-dhcp[22070]: DHCP, static leases only on 192.168.121.0, lease time 1h
Sep 29 18:53:44 gtw01 dnsmasq[22070]: read /var/lib/neutron/dhcp/0b83ac28-213b-4e14-a400-c7c54f8255f3/addn_hosts - 1 addresses
Sep 29 18:53:44 gtw01 dnsmasq-dhcp[22070]: read /var/lib/neutron/dhcp/0b83ac28-213b-4e14-a400-c7c54f8255f3/host
Sep 29 18:53:44 gtw01 dnsmasq-dhcp[22070]: read /var/lib/neutron/dhcp/0b83ac28-213b-4e14-a400-c7c54f8255f3/opts
Sep 29 18:53:44 gtw01 haproxy-metadata-proxy-0b83ac28-213b-4e14-a400-c7c54f8255f3[22080]: Proxy listener started.
Sep 29 18:53:44 gtw01 kernel: [ 2782.726716] device tap7d7a79c2-3e left promiscuous mode
Sep 29 18:53:44 gtw01 dnsmasq[22040]: read /var/lib/neutron/dhcp/a5ac9064-b89d-425e-8257-5c404633149b/addn_hosts - 2 addresses
Sep 29 18:53:44 gtw01 dnsmasq-dhcp[22040]: read /var/lib/neutron/dhcp/a5ac9064-b89d-425e-8257-5c404633149b/host
Sep 29 18:53:44 gtw01 dnsmasq-dhcp[22040]: read /var/lib/neutron/dhcp/a5ac9064-b89d-425e-8257-5c404633149b/opts
Sep 29 18:53:45 gtw01 kernel: [ 2783.458716] device tap04b62ce6-c2 left promiscuous mode
Sep 29 18:53:45 gtw01 dnsmasq[22070]: read /var/lib/neutron/dhcp/0b83ac28-213b-4e14-a400-c7c54f8255f3/addn_hosts - 2 addresses
Sep 29 18:53:45 gtw01 dnsmasq-dhcp[22070]: read /var/lib/neutron/dhcp/0b83ac28-213b-4e14-a400-c7c54f8255f3/host
Sep 29 18:53:45 gtw01 dnsmasq-dhcp[22070]: read /var/lib/neutron/dhcp/0b83ac28-213b-4e14-a400-c7c54f8255f3/opts
Sep 29 18:53:45 gtw01 dnsmasq[22040]: read /var/lib/neutron/dhcp/a5ac9064-b89d-425e-8257-5c404633149b/addn_hosts - 2 addresses
Sep 29 18:53:45 gtw01 dnsmasq-dhcp[22040]: read /var/lib/neutron/dhcp/a5ac9064-b89d-425e-8257-5c404633149b/host
Sep 29 18:53:45 gtw01 dnsmasq-dhcp[22040]: read /var/lib/neutron/dhcp/a5ac9064-b89d-425e-8257-5c404633149b/opts
Sep 29 18:53:46 gtw01 dnsmasq[22070]: read /var/lib/neutron/dhcp/0b83ac28-213b-4e14-a400-c7c54f8255f3/addn_hosts - 2 addresses
Sep 29 18:53:46 gtw01 dnsmasq-dhcp[22070]: read /var/lib/neutron/dhcp/0b83ac28-213b-4e14-a400-c7c54f8255f3/host
Sep 29 18:53:46 gtw01 dnsmasq-dhcp[22070]: read /var/lib/neutron/dhcp/0b83ac28-213b-4e14-a400-c7c54f8255f3/opts
Sep 29 18:53:46 gtw01 dnsmasq[22040]: read /var/lib/neutron/dhcp/a5ac9064-b89d-425e-8257-5c404633149b/addn_hosts - 2 addresses
Sep 29 18:53:46 gtw01 dnsmasq-dhcp[22040]: read /var/lib/neutron/dhcp/a5ac9064-b89d-425e-8257-5c404633149b/host
Sep 29 18:53:46 gtw01 dnsmasq-dhcp[22040]: read /var/lib/neutron/dhcp/a5ac9064-b89d-425e-8257-5c404633149b/opts
Sep 29 18:53:47 gtw01 dnsmasq[22070]: read /var/lib/neutron/dhcp/0b83ac28-213b-4e14-a400-c7c54f8255f3/addn_hosts - 2 addresses
Sep 29 18:53:47 gtw01 dnsmasq-dhcp[22070]: read /var/lib/neutron/dhcp/0b83ac28-213b-4e14-a400-c7c54f8255f3/host
Sep 29 18:53:47 gtw01 dnsmasq-dhcp[22070]: read /var/lib/neutron/dhcp/0b83ac28-213b-4e14-a400-c7c54f8255f3/opts
Sep 29 18:53:47 gtw01 dnsmasq[22040]: read /var/lib/neutron/dhcp/a5ac9064-b89d-425e-8257-5c404633149b/addn_hosts - 2 addresses
Sep 29 18:53:47 gtw01 dnsmasq-dhcp[22040]: read /var/lib/neutron/dhcp/a5ac9064-b89d-425e-8257-5c404633149b/host
Sep 29 18:53:47 gtw01 dnsmasq-dhcp[22040]: read /var/lib/neutron/dhcp/a5ac9064-b89d-425e-8257-5c404633149b/opts
Sep 29 18:53:48 gtw01 dnsmasq[22070]: read /var/lib/neutron/dhcp/0b83ac28-213b-4e14-a400-c7c54f8255f3/addn_hosts - 2 addresses
Sep 29 18:53:48 gtw01 dnsmasq-dhcp[22070]: read /var/lib/neutron/dhcp/0b83ac28-213b-4e14-a400-c7c54f8255f3/host
Sep 29 18:53:48 gtw01 dnsmasq-dhcp[22070]: read /var/lib/neutron/dhcp/0b83ac28-213b-4e14-a400-c7c54f8255f3/opts
Sep 29 18:53:48 gtw01 dnsmasq[22040]: read /var/lib/neutron/dhcp/a5ac9064-b89d-425e-8257-5c404633149b/addn_hosts - 2 addresses
Sep 29 18:53:48 gtw01 dnsmasq-dhcp[22040]: read /var/lib/neutron/dhcp/a5ac9064-b89d-425e-8257-5c404633149b/host
Sep 29 18:53:48 gtw01 dnsmasq-dhcp[22040]: read /var/lib/neutron/dhcp/a5ac9064-b89d-425e-8257-5c404633149b/opts
Sep 29 18:53:49 gtw01 dnsmasq[22070]: read /var/lib/neutron/dhcp/0b83ac28-213b-4e14-a400-c7c54f8255f3/addn_hosts - 2 addresses
Sep 29 18:53:49 gtw01 dnsmasq-dhcp[22070]: read /var/lib/neutron/dhcp/0b83ac28-213b-4e14-a400-c7c54f8255f3/host
Sep 29 18:53:49 gtw01 dnsmasq-dhcp[22070]: read /var/lib/neutron/dhcp/0b83ac28-213b-4e14-a400-c7c54f8255f3/opts
Sep 29 18:53:49 gtw01 dnsmasq[22040]: read /var/lib/neutron/dhcp/a5ac9064-b89d-425e-8257-5c404633149b/addn_hosts - 1 addresses
Sep 29 18:53:49 gtw01 dnsmasq-dhcp[22040]: read /var/lib/neutron/dhcp/a5ac9064-b89d-425e-8257-5c404633149b/host
Sep 29 18:53:49 gtw01 dnsmasq-dhcp[22040]: read /var/lib/neutron/dhcp/a5ac9064-b89d-425e-8257-5c404633149b/opts
Sep 29 18:53:50 gtw01 dnsmasq[22070]: read /var/lib/neutron/dhcp/0b83ac28-213b-4e14-a400-c7c54f8255f3/addn_hosts - 1 addresses
Sep 29 18:53:50 gtw01 dnsmasq-dhcp[22070]: read /var/lib/neutron/dhcp/0b83ac28-213b-4e14-a400-c7c54f8255f3/host
Sep 29 18:53:50 gtw01 dnsmasq-dhcp[22070]: read /var/lib/neutron/dhcp/0b83ac28-213b-4e14-a400-c7c54f8255f3/opts
Sep 29 18:53:50 gtw01 systemd-udevd[22294]: Could not generate persistent MAC address for tapc1c3abca-40: No such file or directory
Sep 29 18:53:50 gtw01 kernel: [ 2789.141267] device tapc1c3abca-40 entered promiscuous mode
Sep 29 18:53:51 gtw01 systemd-udevd[22294]: Process '/sbin/ip link set tapc1c3abca-40 txqueuelen 10000' failed with exit code 1.
Sep 29 18:53:51 gtw01 systemd-udevd[22294]: Process '/sbin/ip link set tapc1c3abca-40 txqueuelen 10000' failed with exit code 1.
Sep 29 18:53:52 gtw01 kernel: [ 2790.201536] device tap81f263c6-34 left promiscuous mode
Sep 29 18:53:53 gtw01 kernel: [ 2791.788704] device tap3f901064-0f left promiscuous mode
Sep 29 18:53:54 gtw01 dnsmasq[22446]: started, version 2.80 cachesize 150
Sep 29 18:53:54 gtw01 dnsmasq[22446]: DNS service limited to local subnets
Sep 29 18:53:54 gtw01 dnsmasq[22446]: compile time options: IPv6 GNU-getopt DBus i18n IDN DHCP DHCPv6 no-Lua TFTP conntrack ipset auth DNSSEC loop-detect inotify dumpfile
Sep 29 18:53:54 gtw01 dnsmasq[22446]: warning: no upstream servers configured
Sep 29 18:53:54 gtw01 dnsmasq-dhcp[22446]: DHCPv6, static leases only on 2003::, lease time 1h
Sep 29 18:53:54 gtw01 dnsmasq[22446]: read /var/lib/neutron/dhcp/bc29ae9a-a0b5-40b2-8131-4aa7880a8d51/addn_hosts - 1 addresses
Sep 29 18:53:54 gtw01 dnsmasq-dhcp[22446]: read /var/lib/neutron/dhcp/bc29ae9a-a0b5-40b2-8131-4aa7880a8d51/host
Sep 29 18:53:54 gtw01 dnsmasq-dhcp[22446]: read /var/lib/neutron/dhcp/bc29ae9a-a0b5-40b2-8131-4aa7880a8d51/opts
Sep 29 18:53:55 gtw01 dnsmasq[22446]: read /var/lib/neutron/dhcp/bc29ae9a-a0b5-40b2-8131-4aa7880a8d51/addn_hosts - 1 addresses
Sep 29 18:53:55 gtw01 dnsmasq-dhcp[22446]: read /var/lib/neutron/dhcp/bc29ae9a-a0b5-40b2-8131-4aa7880a8d51/host
Sep 29 18:53:55 gtw01 dnsmasq-dhcp[22446]: read /var/lib/neutron/dhcp/bc29ae9a-a0b5-40b2-8131-4aa7880a8d51/opts
Sep 29 18:53:55 gtw01 dnsmasq[22446]: read /var/lib/neutron/dhcp/bc29ae9a-a0b5-40b2-8131-4aa7880a8d51/addn_hosts - 1 addresses
Sep 29 18:53:55 gtw01 dnsmasq-dhcp[22446]: read /var/lib/neutron/dhcp/bc29ae9a-a0b5-40b2-8131-4aa7880a8d51/host
Sep 29 18:53:55 gtw01 dnsmasq-dhcp[22446]: read /var/lib/neutron/dhcp/bc29ae9a-a0b5-40b2-8131-4aa7880a8d51/opts
Sep 29 18:53:56 gtw01 dnsmasq[22446]: read /var/lib/neutron/dhcp/bc29ae9a-a0b5-40b2-8131-4aa7880a8d51/addn_hosts - 2 addresses
Sep 29 18:53:56 gtw01 dnsmasq-dhcp[22446]: read /var/lib/neutron/dhcp/bc29ae9a-a0b5-40b2-8131-4aa7880a8d51/host
Sep 29 18:53:56 gtw01 dnsmasq-dhcp[22446]: read /var/lib/neutron/dhcp/bc29ae9a-a0b5-40b2-8131-4aa7880a8d51/opts
Sep 29 18:53:57 gtw01 dnsmasq[22446]: read /var/lib/neutron/dhcp/bc29ae9a-a0b5-40b2-8131-4aa7880a8d51/addn_hosts - 2 addresses
Sep 29 18:53:57 gtw01 dnsmasq-dhcp[22446]: read /var/lib/neutron/dhcp/bc29ae9a-a0b5-40b2-8131-4aa7880a8d51/host
Sep 29 18:53:57 gtw01 dnsmasq-dhcp[22446]: read /var/lib/neutron/dhcp/bc29ae9a-a0b5-40b2-8131-4aa7880a8d51/opts
Sep 29 18:53:58 gtw01 dnsmasq[22446]: read /var/lib/neutron/dhcp/bc29ae9a-a0b5-40b2-8131-4aa7880a8d51/addn_hosts - 2 addresses
Sep 29 18:53:58 gtw01 dnsmasq-dhcp[22446]: read /var/lib/neutron/dhcp/bc29ae9a-a0b5-40b2-8131-4aa7880a8d51/host
Sep 29 18:53:58 gtw01 dnsmasq-dhcp[22446]: read /var/lib/neutron/dhcp/bc29ae9a-a0b5-40b2-8131-4aa7880a8d51/opts
Sep 29 18:53:58 gtw01 systemd-udevd[22540]: Could not generate persistent MAC address for tapa6ee197b-b0: No such file or directory
Sep 29 18:53:58 gtw01 kernel: [ 2796.983293] device tapa6ee197b-b0 entered promiscuous mode
Sep 29 18:53:58 gtw01 systemd-udevd[22540]: Process '/sbin/ip link set tapa6ee197b-b0 txqueuelen 10000' failed with exit code 1.
Sep 29 18:53:58 gtw01 systemd-udevd[22540]: Process '/sbin/ip link set tapa6ee197b-b0 txqueuelen 10000' failed with exit code 1.
Sep 29 18:54:00 gtw01 kernel: [ 2798.448488] device tapc1c3abca-40 left promiscuous mode
Sep 29 18:54:00 gtw01 systemd-udevd[22684]: Could not generate persistent MAC address for tapb2596f19-8e: No such file or directory
Sep 29 18:54:00 gtw01 kernel: [ 2799.088481] device tapb2596f19-8e entered promiscuous mode
Sep 29 18:54:00 gtw01 systemd-udevd[22684]: Process '/sbin/ip link set tapb2596f19-8e txqueuelen 10000' failed with exit code 1.
Sep 29 18:54:01 gtw01 systemd-udevd[22757]: Process '/sbin/ip link set tapb2596f19-8e txqueuelen 10000' failed with exit code 1.
Sep 29 18:54:02 gtw01 dnsmasq[22806]: started, version 2.80 cachesize 150
Sep 29 18:54:02 gtw01 dnsmasq[22806]: DNS service limited to local subnets
Sep 29 18:54:02 gtw01 dnsmasq[22806]: compile time options: IPv6 GNU-getopt DBus i18n IDN DHCP DHCPv6 no-Lua TFTP conntrack ipset auth DNSSEC loop-detect inotify dumpfile
Sep 29 18:54:02 gtw01 dnsmasq[22806]: warning: no upstream servers configured
Sep 29 18:54:02 gtw01 dnsmasq-dhcp[22806]: DHCP, static leases only on 192.168.120.0, lease time 1h
Sep 29 18:54:02 gtw01 dnsmasq[22806]: read /var/lib/neutron/dhcp/dd7671ba-3eb1-46df-892e-0d6f49346f19/addn_hosts - 1 addresses
Sep 29 18:54:02 gtw01 dnsmasq-dhcp[22806]: read /var/lib/neutron/dhcp/dd7671ba-3eb1-46df-892e-0d6f49346f19/host
Sep 29 18:54:02 gtw01 dnsmasq-dhcp[22806]: read /var/lib/neutron/dhcp/dd7671ba-3eb1-46df-892e-0d6f49346f19/opts
Sep 29 18:54:02 gtw01 haproxy-metadata-proxy-dd7671ba-3eb1-46df-892e-0d6f49346f19[22814]: Proxy listener started.
Sep 29 18:54:03 gtw01 dnsmasq[22806]: read /var/lib/neutron/dhcp/dd7671ba-3eb1-46df-892e-0d6f49346f19/addn_hosts - 1 addresses
Sep 29 18:54:03 gtw01 dnsmasq-dhcp[22806]: read /var/lib/neutron/dhcp/dd7671ba-3eb1-46df-892e-0d6f49346f19/host
Sep 29 18:54:03 gtw01 dnsmasq-dhcp[22806]: read /var/lib/neutron/dhcp/dd7671ba-3eb1-46df-892e-0d6f49346f19/opts
Sep 29 18:54:04 gtw01 dnsmasq[22882]: started, version 2.80 cachesize 150
Sep 29 18:54:04 gtw01 dnsmasq[22882]: DNS service limited to local subnets
Sep 29 18:54:04 gtw01 dnsmasq[22882]: compile time options: IPv6 GNU-getopt DBus i18n IDN DHCP DHCPv6 no-Lua TFTP conntrack ipset auth DNSSEC loop-detect inotify dumpfile
Sep 29 18:54:04 gtw01 dnsmasq[22882]: warning: no upstream servers configured
Sep 29 18:54:04 gtw01 dnsmasq-dhcp[22882]: DHCP, static leases only on 192.168.120.0, lease time 1h
Sep 29 18:54:04 gtw01 dnsmasq[22882]: read /var/lib/neutron/dhcp/75421190-1e21-40b6-b121-4b1a20d05bd9/addn_hosts - 1 addresses
Sep 29 18:54:04 gtw01 dnsmasq-dhcp[22882]: read /var/lib/neutron/dhcp/75421190-1e21-40b6-b121-4b1a20d05bd9/host
Sep 29 18:54:04 gtw01 dnsmasq-dhcp[22882]: read /var/lib/neutron/dhcp/75421190-1e21-40b6-b121-4b1a20d05bd9/opts
Sep 29 18:54:04 gtw01 systemd-udevd[22895]: Could not generate persistent MAC address for tap8f03f734-af: No such file or directory
Sep 29 18:54:04 gtw01 kernel: [ 2802.955822] device tap8f03f734-af entered promiscuous mode
Sep 29 18:54:04 gtw01 dnsmasq[22806]: read /var/lib/neutron/dhcp/dd7671ba-3eb1-46df-892e-0d6f49346f19/addn_hosts - 1 addresses
Sep 29 18:54:04 gtw01 dnsmasq-dhcp[22806]: read /var/lib/neutron/dhcp/dd7671ba-3eb1-46df-892e-0d6f49346f19/host
Sep 29 18:54:04 gtw01 dnsmasq-dhcp[22806]: read /var/lib/neutron/dhcp/dd7671ba-3eb1-46df-892e-0d6f49346f19/opts
Sep 29 18:54:04 gtw01 systemd-udevd[22895]: Process '/sbin/ip link set tap8f03f734-af txqueuelen 10000' failed with exit code 1.
Sep 29 18:54:04 gtw01 haproxy-metadata-proxy-75421190-1e21-40b6-b121-4b1a20d05bd9[22968]: Proxy listener started.
Sep 29 18:54:05 gtw01 kernel: [ 2803.623549] device tapb2596f19-8e left promiscuous mode
Sep 29 18:54:05 gtw01 dnsmasq[22806]: read /var/lib/neutron/dhcp/dd7671ba-3eb1-46df-892e-0d6f49346f19/addn_hosts - 2 addresses
Sep 29 18:54:05 gtw01 dnsmasq-dhcp[22806]: read /var/lib/neutron/dhcp/dd7671ba-3eb1-46df-892e-0d6f49346f19/host
Sep 29 18:54:05 gtw01 dnsmasq-dhcp[22806]: read /var/lib/neutron/dhcp/dd7671ba-3eb1-46df-892e-0d6f49346f19/opts
Sep 29 18:54:07 gtw01 dnsmasq[22806]: read /var/lib/neutron/dhcp/dd7671ba-3eb1-46df-892e-0d6f49346f19/addn_hosts - 2 addresses
Sep 29 18:54:07 gtw01 dnsmasq-dhcp[22806]: read /var/lib/neutron/dhcp/dd7671ba-3eb1-46df-892e-0d6f49346f19/host
Sep 29 18:54:07 gtw01 dnsmasq-dhcp[22806]: read /var/lib/neutron/dhcp/dd7671ba-3eb1-46df-892e-0d6f49346f19/opts
Sep 29 18:54:07 gtw01 systemd-udevd[23074]: Could not generate persistent MAC address for tap6d54a11e-00: No such file or directory
Sep 29 18:54:07 gtw01 kernel: [ 2805.648501] device tap6d54a11e-00 entered promiscuous mode
Sep 29 18:54:07 gtw01 systemd-udevd[23074]: Process '/sbin/ip link set tap6d54a11e-00 txqueuelen 10000' failed with exit code 1.
Sep 29 18:54:07 gtw01 systemd-udevd[23074]: Process '/sbin/ip link set tap6d54a11e-00 txqueuelen 10000' failed with exit code 1.
Sep 29 18:54:08 gtw01 kernel: [ 2806.854599] device tapa6ee197b-b0 left promiscuous mode
Sep 29 18:54:08 gtw01 dnsmasq[23200]: started, version 2.80 cachesize 150
Sep 29 18:54:08 gtw01 dnsmasq[23200]: DNS service limited to local subnets
Sep 29 18:54:08 gtw01 dnsmasq[23200]: compile time options: IPv6 GNU-getopt DBus i18n IDN DHCP DHCPv6 no-Lua TFTP conntrack ipset auth DNSSEC loop-detect inotify dumpfile
Sep 29 18:54:08 gtw01 dnsmasq[23200]: warning: no upstream servers configured
Sep 29 18:54:08 gtw01 dnsmasq-dhcp[23200]: DHCPv6, static leases only on 2003::, lease time 1h
Sep 29 18:54:08 gtw01 dnsmasq[23200]: read /var/lib/neutron/dhcp/69176365-0ce6-4a6b-b771-ec55a32dc0c0/addn_hosts - 1 addresses
Sep 29 18:54:08 gtw01 dnsmasq-dhcp[23200]: read /var/lib/neutron/dhcp/69176365-0ce6-4a6b-b771-ec55a32dc0c0/host
Sep 29 18:54:08 gtw01 dnsmasq-dhcp[23200]: read /var/lib/neutron/dhcp/69176365-0ce6-4a6b-b771-ec55a32dc0c0/opts
Sep 29 18:54:09 gtw01 dnsmasq[23200]: read /var/lib/neutron/dhcp/69176365-0ce6-4a6b-b771-ec55a32dc0c0/addn_hosts - 1 addresses
Sep 29 18:54:09 gtw01 dnsmasq-dhcp[23200]: read /var/lib/neutron/dhcp/69176365-0ce6-4a6b-b771-ec55a32dc0c0/host
