Sep 29 19:58:06 gtw01 dnsmasq-dhcp[17174]: read /var/lib/neutron/dhcp/1fab36d5-2284-44af-b709-a736a066fa93/opts
Sep 29 19:58:11 gtw01 dnsmasq-dhcp[26878]: DHCPRELEASE(tapca609886-0a) 192.168.120.5 fa:16:3e:c8:45:60
Sep 29 19:58:12 gtw01 dnsmasq-dhcp[26878]: DHCPRELEASE(tapca609886-0a) 192.168.120.5 fa:16:3e:c8:45:60 unknown lease
Sep 29 19:58:12 gtw01 dnsmasq[26878]: read /var/lib/neutron/dhcp/df317e7e-a817-4b8e-9df8-c6b2fd95f8e4/addn_hosts - 3 addresses
Sep 29 19:58:12 gtw01 dnsmasq-dhcp[26878]: read /var/lib/neutron/dhcp/df317e7e-a817-4b8e-9df8-c6b2fd95f8e4/host
Sep 29 19:58:12 gtw01 dnsmasq-dhcp[26878]: read /var/lib/neutron/dhcp/df317e7e-a817-4b8e-9df8-c6b2fd95f8e4/opts
Sep 29 19:58:13 gtw01 dnsmasq[17174]: read /var/lib/neutron/dhcp/1fab36d5-2284-44af-b709-a736a066fa93/addn_hosts - 4 addresses
Sep 29 19:58:13 gtw01 dnsmasq-dhcp[17174]: read /var/lib/neutron/dhcp/1fab36d5-2284-44af-b709-a736a066fa93/host
Sep 29 19:58:13 gtw01 dnsmasq-dhcp[17174]: read /var/lib/neutron/dhcp/1fab36d5-2284-44af-b709-a736a066fa93/opts
Sep 29 19:58:14 gtw01 dnsmasq-dhcp[26878]: DHCPRELEASE(tapca609886-0a) 192.168.120.7 fa:16:3e:87:84:73
Sep 29 19:58:14 gtw01 dnsmasq[17174]: read /var/lib/neutron/dhcp/1fab36d5-2284-44af-b709-a736a066fa93/addn_hosts - 4 addresses
Sep 29 19:58:14 gtw01 dnsmasq-dhcp[17174]: read /var/lib/neutron/dhcp/1fab36d5-2284-44af-b709-a736a066fa93/host
Sep 29 19:58:14 gtw01 dnsmasq-dhcp[17174]: read /var/lib/neutron/dhcp/1fab36d5-2284-44af-b709-a736a066fa93/opts
Sep 29 19:58:14 gtw01 dnsmasq-dhcp[26878]: DHCPRELEASE(tapca609886-0a) 192.168.120.7 fa:16:3e:87:84:73 unknown lease
Sep 29 19:58:15 gtw01 dnsmasq[26878]: read /var/lib/neutron/dhcp/df317e7e-a817-4b8e-9df8-c6b2fd95f8e4/addn_hosts - 2 addresses
Sep 29 19:58:15 gtw01 dnsmasq-dhcp[26878]: read /var/lib/neutron/dhcp/df317e7e-a817-4b8e-9df8-c6b2fd95f8e4/host
Sep 29 19:58:15 gtw01 dnsmasq-dhcp[26878]: read /var/lib/neutron/dhcp/df317e7e-a817-4b8e-9df8-c6b2fd95f8e4/opts
Sep 29 19:58:15 gtw01 dnsmasq[17174]: read /var/lib/neutron/dhcp/1fab36d5-2284-44af-b709-a736a066fa93/addn_hosts - 4 addresses
Sep 29 19:58:15 gtw01 dnsmasq-dhcp[17174]: read /var/lib/neutron/dhcp/1fab36d5-2284-44af-b709-a736a066fa93/host
Sep 29 19:58:15 gtw01 dnsmasq-dhcp[17174]: read /var/lib/neutron/dhcp/1fab36d5-2284-44af-b709-a736a066fa93/opts
Sep 29 19:58:17 gtw01 dnsmasq[26878]: read /var/lib/neutron/dhcp/df317e7e-a817-4b8e-9df8-c6b2fd95f8e4/addn_hosts - 1 addresses
Sep 29 19:58:17 gtw01 dnsmasq-dhcp[26878]: read /var/lib/neutron/dhcp/df317e7e-a817-4b8e-9df8-c6b2fd95f8e4/host
Sep 29 19:58:17 gtw01 dnsmasq-dhcp[26878]: read /var/lib/neutron/dhcp/df317e7e-a817-4b8e-9df8-c6b2fd95f8e4/opts
Sep 29 19:58:20 gtw01 dnsmasq-dhcp[17174]: DHCPDISCOVER(tap1a894f3a-0d) fa:16:3e:0c:c5:32
Sep 29 19:58:20 gtw01 dnsmasq-dhcp[17174]: DHCPOFFER(tap1a894f3a-0d) 192.168.120.5 fa:16:3e:0c:c5:32
Sep 29 19:58:20 gtw01 dnsmasq-dhcp[17174]: DHCPREQUEST(tap1a894f3a-0d) 192.168.120.5 fa:16:3e:0c:c5:32
Sep 29 19:58:20 gtw01 dnsmasq-dhcp[17174]: DHCPACK(tap1a894f3a-0d) 192.168.120.5 fa:16:3e:0c:c5:32 host-192-168-120-5
Sep 29 19:58:20 gtw01 kernel: [ 6658.652328] device tapca609886-0a left promiscuous mode
Sep 29 19:58:22 gtw01 dnsmasq[17174]: read /var/lib/neutron/dhcp/1fab36d5-2284-44af-b709-a736a066fa93/addn_hosts - 3 addresses
Sep 29 19:58:22 gtw01 dnsmasq-dhcp[17174]: read /var/lib/neutron/dhcp/1fab36d5-2284-44af-b709-a736a066fa93/host
Sep 29 19:58:22 gtw01 dnsmasq-dhcp[17174]: read /var/lib/neutron/dhcp/1fab36d5-2284-44af-b709-a736a066fa93/opts
Sep 29 19:58:23 gtw01 dnsmasq-dhcp[17174]: DHCPRELEASE(tap1a894f3a-0d) 192.168.120.5 fa:16:3e:0c:c5:32
Sep 29 19:58:29 gtw01 kernel: [ 6667.538501] device tap0992acdb-ae entered promiscuous mode
Sep 29 19:58:29 gtw01 systemd-udevd[27617]: Could not generate persistent MAC address for tap0992acdb-ae: No such file or directory
Sep 29 19:58:29 gtw01 systemd-udevd[27617]: Process '/sbin/ip link set tap0992acdb-ae txqueuelen 10000' failed with exit code 1.
Sep 29 19:58:29 gtw01 systemd-udevd[27617]: Process '/sbin/ip link set tap0992acdb-ae txqueuelen 10000' failed with exit code 1.
Sep 29 19:58:32 gtw01 dnsmasq[27752]: started, version 2.80 cachesize 150
Sep 29 19:58:32 gtw01 dnsmasq[27752]: DNS service limited to local subnets
Sep 29 19:58:32 gtw01 dnsmasq[27752]: compile time options: IPv6 GNU-getopt DBus i18n IDN DHCP DHCPv6 no-Lua TFTP conntrack ipset auth DNSSEC loop-detect inotify dumpfile
Sep 29 19:58:32 gtw01 dnsmasq[27752]: warning: no upstream servers configured
Sep 29 19:58:32 gtw01 dnsmasq-dhcp[27752]: DHCP, static leases only on 192.168.120.0, lease time 1h
Sep 29 19:58:32 gtw01 dnsmasq[27752]: read /var/lib/neutron/dhcp/23e910cd-3ecb-490d-8eab-e0b5d942ccfe/addn_hosts - 1 addresses
Sep 29 19:58:32 gtw01 dnsmasq-dhcp[27752]: read /var/lib/neutron/dhcp/23e910cd-3ecb-490d-8eab-e0b5d942ccfe/host
Sep 29 19:58:32 gtw01 dnsmasq-dhcp[27752]: read /var/lib/neutron/dhcp/23e910cd-3ecb-490d-8eab-e0b5d942ccfe/opts
Sep 29 19:58:32 gtw01 haproxy-metadata-proxy-23e910cd-3ecb-490d-8eab-e0b5d942ccfe[27756]: Proxy listener started.
Sep 29 19:58:33 gtw01 dnsmasq[17174]: read /var/lib/neutron/dhcp/1fab36d5-2284-44af-b709-a736a066fa93/addn_hosts - 3 addresses
Sep 29 19:58:33 gtw01 dnsmasq-dhcp[17174]: read /var/lib/neutron/dhcp/1fab36d5-2284-44af-b709-a736a066fa93/host
Sep 29 19:58:33 gtw01 dnsmasq-dhcp[17174]: read /var/lib/neutron/dhcp/1fab36d5-2284-44af-b709-a736a066fa93/opts
Sep 29 19:58:33 gtw01 dnsmasq[27752]: read /var/lib/neutron/dhcp/23e910cd-3ecb-490d-8eab-e0b5d942ccfe/addn_hosts - 2 addresses
Sep 29 19:58:33 gtw01 dnsmasq-dhcp[27752]: read /var/lib/neutron/dhcp/23e910cd-3ecb-490d-8eab-e0b5d942ccfe/host
Sep 29 19:58:33 gtw01 dnsmasq-dhcp[27752]: read /var/lib/neutron/dhcp/23e910cd-3ecb-490d-8eab-e0b5d942ccfe/opts
Sep 29 19:58:34 gtw01 dnsmasq[17174]: read /var/lib/neutron/dhcp/1fab36d5-2284-44af-b709-a736a066fa93/addn_hosts - 4 addresses
Sep 29 19:58:34 gtw01 dnsmasq-dhcp[17174]: read /var/lib/neutron/dhcp/1fab36d5-2284-44af-b709-a736a066fa93/host
Sep 29 19:58:34 gtw01 dnsmasq-dhcp[17174]: read /var/lib/neutron/dhcp/1fab36d5-2284-44af-b709-a736a066fa93/opts
Sep 29 19:58:34 gtw01 dnsmasq[27752]: read /var/lib/neutron/dhcp/23e910cd-3ecb-490d-8eab-e0b5d942ccfe/addn_hosts - 2 addresses
Sep 29 19:58:34 gtw01 dnsmasq-dhcp[27752]: read /var/lib/neutron/dhcp/23e910cd-3ecb-490d-8eab-e0b5d942ccfe/host
Sep 29 19:58:34 gtw01 dnsmasq-dhcp[27752]: read /var/lib/neutron/dhcp/23e910cd-3ecb-490d-8eab-e0b5d942ccfe/opts
Sep 29 19:58:35 gtw01 dnsmasq[17174]: read /var/lib/neutron/dhcp/1fab36d5-2284-44af-b709-a736a066fa93/addn_hosts - 5 addresses
Sep 29 19:58:35 gtw01 dnsmasq-dhcp[17174]: read /var/lib/neutron/dhcp/1fab36d5-2284-44af-b709-a736a066fa93/host
Sep 29 19:58:35 gtw01 dnsmasq-dhcp[17174]: read /var/lib/neutron/dhcp/1fab36d5-2284-44af-b709-a736a066fa93/opts
Sep 29 19:58:35 gtw01 dnsmasq[27752]: read /var/lib/neutron/dhcp/23e910cd-3ecb-490d-8eab-e0b5d942ccfe/addn_hosts - 2 addresses
Sep 29 19:58:35 gtw01 dnsmasq-dhcp[27752]: read /var/lib/neutron/dhcp/23e910cd-3ecb-490d-8eab-e0b5d942ccfe/host
Sep 29 19:58:35 gtw01 dnsmasq-dhcp[27752]: read /var/lib/neutron/dhcp/23e910cd-3ecb-490d-8eab-e0b5d942ccfe/opts
Sep 29 19:58:36 gtw01 dnsmasq[17174]: read /var/lib/neutron/dhcp/1fab36d5-2284-44af-b709-a736a066fa93/addn_hosts - 5 addresses
Sep 29 19:58:36 gtw01 dnsmasq-dhcp[17174]: read /var/lib/neutron/dhcp/1fab36d5-2284-44af-b709-a736a066fa93/host
Sep 29 19:58:36 gtw01 dnsmasq-dhcp[17174]: read /var/lib/neutron/dhcp/1fab36d5-2284-44af-b709-a736a066fa93/opts
Sep 29 19:58:36 gtw01 dnsmasq[27752]: read /var/lib/neutron/dhcp/23e910cd-3ecb-490d-8eab-e0b5d942ccfe/addn_hosts - 2 addresses
Sep 29 19:58:36 gtw01 dnsmasq-dhcp[27752]: read /var/lib/neutron/dhcp/23e910cd-3ecb-490d-8eab-e0b5d942ccfe/host
Sep 29 19:58:36 gtw01 dnsmasq-dhcp[27752]: read /var/lib/neutron/dhcp/23e910cd-3ecb-490d-8eab-e0b5d942ccfe/opts
Sep 29 19:58:37 gtw01 dnsmasq[17174]: read /var/lib/neutron/dhcp/1fab36d5-2284-44af-b709-a736a066fa93/addn_hosts - 6 addresses
Sep 29 19:58:37 gtw01 dnsmasq-dhcp[17174]: read /var/lib/neutron/dhcp/1fab36d5-2284-44af-b709-a736a066fa93/host
Sep 29 19:58:37 gtw01 dnsmasq-dhcp[17174]: read /var/lib/neutron/dhcp/1fab36d5-2284-44af-b709-a736a066fa93/opts
Sep 29 19:58:37 gtw01 dnsmasq[27752]: read /var/lib/neutron/dhcp/23e910cd-3ecb-490d-8eab-e0b5d942ccfe/addn_hosts - 2 addresses
Sep 29 19:58:37 gtw01 dnsmasq-dhcp[27752]: read /var/lib/neutron/dhcp/23e910cd-3ecb-490d-8eab-e0b5d942ccfe/host
Sep 29 19:58:37 gtw01 dnsmasq-dhcp[27752]: read /var/lib/neutron/dhcp/23e910cd-3ecb-490d-8eab-e0b5d942ccfe/opts
Sep 29 19:58:38 gtw01 dnsmasq[17174]: read /var/lib/neutron/dhcp/1fab36d5-2284-44af-b709-a736a066fa93/addn_hosts - 6 addresses
Sep 29 19:58:38 gtw01 dnsmasq-dhcp[17174]: read /var/lib/neutron/dhcp/1fab36d5-2284-44af-b709-a736a066fa93/host
Sep 29 19:58:38 gtw01 dnsmasq-dhcp[17174]: read /var/lib/neutron/dhcp/1fab36d5-2284-44af-b709-a736a066fa93/opts
Sep 29 19:58:39 gtw01 dnsmasq[17174]: read /var/lib/neutron/dhcp/1fab36d5-2284-44af-b709-a736a066fa93/addn_hosts - 6 addresses
Sep 29 19:58:39 gtw01 dnsmasq-dhcp[17174]: read /var/lib/neutron/dhcp/1fab36d5-2284-44af-b709-a736a066fa93/host
Sep 29 19:58:39 gtw01 dnsmasq-dhcp[17174]: read /var/lib/neutron/dhcp/1fab36d5-2284-44af-b709-a736a066fa93/opts
Sep 29 19:58:40 gtw01 dnsmasq[17174]: read /var/lib/neutron/dhcp/1fab36d5-2284-44af-b709-a736a066fa93/addn_hosts - 6 addresses
Sep 29 19:58:40 gtw01 dnsmasq-dhcp[17174]: read /var/lib/neutron/dhcp/1fab36d5-2284-44af-b709-a736a066fa93/host
Sep 29 19:58:40 gtw01 dnsmasq-dhcp[17174]: read /var/lib/neutron/dhcp/1fab36d5-2284-44af-b709-a736a066fa93/opts
Sep 29 19:58:41 gtw01 dnsmasq[17174]: read /var/lib/neutron/dhcp/1fab36d5-2284-44af-b709-a736a066fa93/addn_hosts - 6 addresses
Sep 29 19:58:41 gtw01 dnsmasq-dhcp[17174]: read /var/lib/neutron/dhcp/1fab36d5-2284-44af-b709-a736a066fa93/host
Sep 29 19:58:41 gtw01 dnsmasq-dhcp[17174]: read /var/lib/neutron/dhcp/1fab36d5-2284-44af-b709-a736a066fa93/opts
Sep 29 19:58:41 gtw01 dnsmasq[17174]: read /var/lib/neutron/dhcp/1fab36d5-2284-44af-b709-a736a066fa93/addn_hosts - 6 addresses
Sep 29 19:58:41 gtw01 dnsmasq-dhcp[17174]: read /var/lib/neutron/dhcp/1fab36d5-2284-44af-b709-a736a066fa93/host
Sep 29 19:58:41 gtw01 dnsmasq-dhcp[17174]: read /var/lib/neutron/dhcp/1fab36d5-2284-44af-b709-a736a066fa93/opts
Sep 29 19:58:42 gtw01 dnsmasq[17174]: read /var/lib/neutron/dhcp/1fab36d5-2284-44af-b709-a736a066fa93/addn_hosts - 6 addresses
Sep 29 19:58:42 gtw01 dnsmasq-dhcp[17174]: read /var/lib/neutron/dhcp/1fab36d5-2284-44af-b709-a736a066fa93/host
Sep 29 19:58:42 gtw01 dnsmasq-dhcp[17174]: read /var/lib/neutron/dhcp/1fab36d5-2284-44af-b709-a736a066fa93/opts
Sep 29 19:58:43 gtw01 dnsmasq[17174]: read /var/lib/neutron/dhcp/1fab36d5-2284-44af-b709-a736a066fa93/addn_hosts - 5 addresses
Sep 29 19:58:43 gtw01 dnsmasq-dhcp[17174]: read /var/lib/neutron/dhcp/1fab36d5-2284-44af-b709-a736a066fa93/host
Sep 29 19:58:43 gtw01 dnsmasq-dhcp[17174]: read /var/lib/neutron/dhcp/1fab36d5-2284-44af-b709-a736a066fa93/opts
Sep 29 19:58:46 gtw01 dnsmasq[27752]: read /var/lib/neutron/dhcp/23e910cd-3ecb-490d-8eab-e0b5d942ccfe/addn_hosts - 3 addresses
Sep 29 19:58:46 gtw01 dnsmasq-dhcp[27752]: read /var/lib/neutron/dhcp/23e910cd-3ecb-490d-8eab-e0b5d942ccfe/host
Sep 29 19:58:46 gtw01 dnsmasq-dhcp[27752]: read /var/lib/neutron/dhcp/23e910cd-3ecb-490d-8eab-e0b5d942ccfe/opts
Sep 29 19:58:47 gtw01 dnsmasq[27752]: read /var/lib/neutron/dhcp/23e910cd-3ecb-490d-8eab-e0b5d942ccfe/addn_hosts - 3 addresses
Sep 29 19:58:47 gtw01 dnsmasq-dhcp[27752]: read /var/lib/neutron/dhcp/23e910cd-3ecb-490d-8eab-e0b5d942ccfe/host
Sep 29 19:58:47 gtw01 dnsmasq-dhcp[27752]: read /var/lib/neutron/dhcp/23e910cd-3ecb-490d-8eab-e0b5d942ccfe/opts
Sep 29 19:58:47 gtw01 dnsmasq[27752]: read /var/lib/neutron/dhcp/23e910cd-3ecb-490d-8eab-e0b5d942ccfe/addn_hosts - 3 addresses
Sep 29 19:58:47 gtw01 dnsmasq-dhcp[27752]: read /var/lib/neutron/dhcp/23e910cd-3ecb-490d-8eab-e0b5d942ccfe/host
Sep 29 19:58:47 gtw01 dnsmasq-dhcp[27752]: read /var/lib/neutron/dhcp/23e910cd-3ecb-490d-8eab-e0b5d942ccfe/opts
Sep 29 19:58:48 gtw01 dnsmasq[17174]: read /var/lib/neutron/dhcp/1fab36d5-2284-44af-b709-a736a066fa93/addn_hosts - 4 addresses
Sep 29 19:58:48 gtw01 dnsmasq-dhcp[17174]: read /var/lib/neutron/dhcp/1fab36d5-2284-44af-b709-a736a066fa93/host
Sep 29 19:58:48 gtw01 dnsmasq-dhcp[17174]: read /var/lib/neutron/dhcp/1fab36d5-2284-44af-b709-a736a066fa93/opts
Sep 29 19:58:50 gtw01 dnsmasq-dhcp[17174]: DHCPDISCOVER(tap1a894f3a-0d) fa:16:3e:6b:bf:3b
Sep 29 19:58:50 gtw01 dnsmasq-dhcp[17174]: DHCPOFFER(tap1a894f3a-0d) 192.168.120.11 fa:16:3e:6b:bf:3b
Sep 29 19:58:50 gtw01 dnsmasq-dhcp[17174]: DHCPREQUEST(tap1a894f3a-0d) 192.168.120.11 fa:16:3e:6b:bf:3b
Sep 29 19:58:50 gtw01 dnsmasq-dhcp[17174]: DHCPACK(tap1a894f3a-0d) 192.168.120.11 fa:16:3e:6b:bf:3b host-192-168-120-11
Sep 29 19:58:51 gtw01 dnsmasq[17174]: read /var/lib/neutron/dhcp/1fab36d5-2284-44af-b709-a736a066fa93/addn_hosts - 5 addresses
Sep 29 19:58:51 gtw01 dnsmasq-dhcp[17174]: read /var/lib/neutron/dhcp/1fab36d5-2284-44af-b709-a736a066fa93/host
Sep 29 19:58:51 gtw01 dnsmasq-dhcp[17174]: read /var/lib/neutron/dhcp/1fab36d5-2284-44af-b709-a736a066fa93/opts
Sep 29 19:58:52 gtw01 dnsmasq[17174]: read /var/lib/neutron/dhcp/1fab36d5-2284-44af-b709-a736a066fa93/addn_hosts - 5 addresses
Sep 29 19:58:52 gtw01 dnsmasq-dhcp[17174]: read /var/lib/neutron/dhcp/1fab36d5-2284-44af-b709-a736a066fa93/host
Sep 29 19:58:52 gtw01 dnsmasq-dhcp[17174]: read /var/lib/neutron/dhcp/1fab36d5-2284-44af-b709-a736a066fa93/opts
Sep 29 19:58:53 gtw01 dnsmasq[17174]: read /var/lib/neutron/dhcp/1fab36d5-2284-44af-b709-a736a066fa93/addn_hosts - 5 addresses
Sep 29 19:58:53 gtw01 dnsmasq-dhcp[17174]: read /var/lib/neutron/dhcp/1fab36d5-2284-44af-b709-a736a066fa93/host
Sep 29 19:58:53 gtw01 dnsmasq-dhcp[17174]: read /var/lib/neutron/dhcp/1fab36d5-2284-44af-b709-a736a066fa93/opts
Sep 29 19:58:54 gtw01 dnsmasq[17174]: read /var/lib/neutron/dhcp/1fab36d5-2284-44af-b709-a736a066fa93/addn_hosts - 4 addresses
Sep 29 19:58:54 gtw01 dnsmasq-dhcp[17174]: read /var/lib/neutron/dhcp/1fab36d5-2284-44af-b709-a736a066fa93/host
Sep 29 19:58:54 gtw01 dnsmasq-dhcp[17174]: read /var/lib/neutron/dhcp/1fab36d5-2284-44af-b709-a736a066fa93/opts
Sep 29 19:58:54 gtw01 dnsmasq-dhcp[17174]: DHCPRELEASE(tap1a894f3a-0d) 192.168.120.11 fa:16:3e:6b:bf:3b
Sep 29 19:58:55 gtw01 dnsmasq-dhcp[17174]: DHCPRELEASE(tap1a894f3a-0d) 192.168.120.11 fa:16:3e:6b:bf:3b unknown lease
Sep 29 19:58:55 gtw01 dnsmasq[17174]: read /var/lib/neutron/dhcp/1fab36d5-2284-44af-b709-a736a066fa93/addn_hosts - 3 addresses
Sep 29 19:58:55 gtw01 dnsmasq-dhcp[17174]: read /var/lib/neutron/dhcp/1fab36d5-2284-44af-b709-a736a066fa93/host
Sep 29 19:58:55 gtw01 dnsmasq-dhcp[17174]: read /var/lib/neutron/dhcp/1fab36d5-2284-44af-b709-a736a066fa93/opts
Sep 29 19:59:05 gtw01 dnsmasq[17174]: read /var/lib/neutron/dhcp/1fab36d5-2284-44af-b709-a736a066fa93/addn_hosts - 4 addresses
Sep 29 19:59:05 gtw01 dnsmasq-dhcp[17174]: read /var/lib/neutron/dhcp/1fab36d5-2284-44af-b709-a736a066fa93/host
Sep 29 19:59:05 gtw01 dnsmasq-dhcp[17174]: read /var/lib/neutron/dhcp/1fab36d5-2284-44af-b709-a736a066fa93/opts
Sep 29 19:59:06 gtw01 dnsmasq[17174]: read /var/lib/neutron/dhcp/1fab36d5-2284-44af-b709-a736a066fa93/addn_hosts - 5 addresses
Sep 29 19:59:06 gtw01 dnsmasq-dhcp[17174]: read /var/lib/neutron/dhcp/1fab36d5-2284-44af-b709-a736a066fa93/host
Sep 29 19:59:06 gtw01 dnsmasq-dhcp[17174]: read /var/lib/neutron/dhcp/1fab36d5-2284-44af-b709-a736a066fa93/opts
Sep 29 19:59:06 gtw01 dnsmasq[17174]: read /var/lib/neutron/dhcp/1fab36d5-2284-44af-b709-a736a066fa93/addn_hosts - 5 addresses
Sep 29 19:59:06 gtw01 dnsmasq-dhcp[17174]: read /var/lib/neutron/dhcp/1fab36d5-2284-44af-b709-a736a066fa93/host
Sep 29 19:59:06 gtw01 dnsmasq-dhcp[17174]: read /var/lib/neutron/dhcp/1fab36d5-2284-44af-b709-a736a066fa93/opts
Sep 29 19:59:07 gtw01 dnsmasq[17174]: read /var/lib/neutron/dhcp/1fab36d5-2284-44af-b709-a736a066fa93/addn_hosts - 5 addresses
Sep 29 19:59:07 gtw01 dnsmasq-dhcp[17174]: read /var/lib/neutron/dhcp/1fab36d5-2284-44af-b709-a736a066fa93/host
Sep 29 19:59:07 gtw01 dnsmasq-dhcp[17174]: read /var/lib/neutron/dhcp/1fab36d5-2284-44af-b709-a736a066fa93/opts
Sep 29 19:59:07 gtw01 dnsmasq-dhcp[17174]: DHCPDISCOVER(tap1a894f3a-0d) fa:16:3e:a8:00:87
Sep 29 19:59:07 gtw01 dnsmasq-dhcp[17174]: DHCPOFFER(tap1a894f3a-0d) 192.168.120.9 fa:16:3e:a8:00:87
Sep 29 19:59:07 gtw01 dnsmasq-dhcp[17174]: DHCPREQUEST(tap1a894f3a-0d) 192.168.120.9 fa:16:3e:a8:00:87
Sep 29 19:59:07 gtw01 dnsmasq-dhcp[17174]: DHCPACK(tap1a894f3a-0d) 192.168.120.9 fa:16:3e:a8:00:87 host-192-168-120-9
Sep 29 19:59:08 gtw01 dnsmasq[17174]: read /var/lib/neutron/dhcp/1fab36d5-2284-44af-b709-a736a066fa93/addn_hosts - 5 addresses
Sep 29 19:59:08 gtw01 dnsmasq-dhcp[17174]: read /var/lib/neutron/dhcp/1fab36d5-2284-44af-b709-a736a066fa93/host
Sep 29 19:59:08 gtw01 dnsmasq-dhcp[17174]: read /var/lib/neutron/dhcp/1fab36d5-2284-44af-b709-a736a066fa93/opts
Sep 29 19:59:09 gtw01 dnsmasq[17174]: read /var/lib/neutron/dhcp/1fab36d5-2284-44af-b709-a736a066fa93/addn_hosts - 5 addresses
Sep 29 19:59:09 gtw01 dnsmasq-dhcp[17174]: read /var/lib/neutron/dhcp/1fab36d5-2284-44af-b709-a736a066fa93/host
Sep 29 19:59:09 gtw01 dnsmasq-dhcp[17174]: read /var/lib/neutron/dhcp/1fab36d5-2284-44af-b709-a736a066fa93/opts
Sep 29 19:59:10 gtw01 dnsmasq-dhcp[17174]: DHCPRELEASE(tap1a894f3a-0d) 192.168.120.9 fa:16:3e:a8:00:87
Sep 29 19:59:11 gtw01 dnsmasq-dhcp[27752]: DHCPDISCOVER(tap0992acdb-ae) fa:16:3e:81:23:06
Sep 29 19:59:11 gtw01 dnsmasq-dhcp[27752]: DHCPOFFER(tap0992acdb-ae) 192.168.120.5 fa:16:3e:81:23:06
Sep 29 19:59:11 gtw01 dnsmasq-dhcp[27752]: DHCPREQUEST(tap0992acdb-ae) 192.168.120.5 fa:16:3e:81:23:06
Sep 29 19:59:11 gtw01 dnsmasq-dhcp[27752]: DHCPACK(tap0992acdb-ae) 192.168.120.5 fa:16:3e:81:23:06 host-192-168-120-5
Sep 29 19:59:18 gtw01 dnsmasq[17174]: read /var/lib/neutron/dhcp/1fab36d5-2284-44af-b709-a736a066fa93/addn_hosts - 4 addresses
Sep 29 19:59:18 gtw01 dnsmasq-dhcp[17174]: read /var/lib/neutron/dhcp/1fab36d5-2284-44af-b709-a736a066fa93/host
Sep 29 19:59:18 gtw01 dnsmasq-dhcp[17174]: read /var/lib/neutron/dhcp/1fab36d5-2284-44af-b709-a736a066fa93/opts
Sep 29 19:59:19 gtw01 dnsmasq[17174]: read /var/lib/neutron/dhcp/1fab36d5-2284-44af-b709-a736a066fa93/addn_hosts - 3 addresses
Sep 29 19:59:19 gtw01 dnsmasq-dhcp[17174]: read /var/lib/neutron/dhcp/1fab36d5-2284-44af-b709-a736a066fa93/host
Sep 29 19:59:19 gtw01 dnsmasq-dhcp[17174]: read /var/lib/neutron/dhcp/1fab36d5-2284-44af-b709-a736a066fa93/opts
Sep 29 19:59:21 gtw01 dnsmasq[17174]: read /var/lib/neutron/dhcp/1fab36d5-2284-44af-b709-a736a066fa93/addn_hosts - 4 addresses
Sep 29 19:59:21 gtw01 dnsmasq-dhcp[17174]: read /var/lib/neutron/dhcp/1fab36d5-2284-44af-b709-a736a066fa93/host
Sep 29 19:59:21 gtw01 dnsmasq-dhcp[17174]: read /var/lib/neutron/dhcp/1fab36d5-2284-44af-b709-a736a066fa93/opts
Sep 29 19:59:22 gtw01 dnsmasq[17174]: read /var/lib/neutron/dhcp/1fab36d5-2284-44af-b709-a736a066fa93/addn_hosts - 4 addresses
Sep 29 19:59:22 gtw01 dnsmasq-dhcp[17174]: read /var/lib/neutron/dhcp/1fab36d5-2284-44af-b709-a736a066fa93/host
Sep 29 19:59:22 gtw01 dnsmasq-dhcp[17174]: read /var/lib/neutron/dhcp/1fab36d5-2284-44af-b709-a736a066fa93/opts
Sep 29 19:59:23 gtw01 dnsmasq[17174]: read /var/lib/neutron/dhcp/1fab36d5-2284-44af-b709-a736a066fa93/addn_hosts - 5 addresses
Sep 29 19:59:23 gtw01 dnsmasq-dhcp[17174]: read /var/lib/neutron/dhcp/1fab36d5-2284-44af-b709-a736a066fa93/host
Sep 29 19:59:23 gtw01 dnsmasq-dhcp[17174]: read /var/lib/neutron/dhcp/1fab36d5-2284-44af-b709-a736a066fa93/opts
Sep 29 19:59:24 gtw01 dnsmasq[17174]: read /var/lib/neutron/dhcp/1fab36d5-2284-44af-b709-a736a066fa93/addn_hosts - 5 addresses
Sep 29 19:59:24 gtw01 dnsmasq-dhcp[17174]: read /var/lib/neutron/dhcp/1fab36d5-2284-44af-b709-a736a066fa93/host
Sep 29 19:59:24 gtw01 dnsmasq-dhcp[17174]: read /var/lib/neutron/dhcp/1fab36d5-2284-44af-b709-a736a066fa93/opts
Sep 29 19:59:25 gtw01 dnsmasq[27752]: read /var/lib/neutron/dhcp/23e910cd-3ecb-490d-8eab-e0b5d942ccfe/addn_hosts - 4 addresses
Sep 29 19:59:25 gtw01 dnsmasq-dhcp[27752]: read /var/lib/neutron/dhcp/23e910cd-3ecb-490d-8eab-e0b5d942ccfe/host
Sep 29 19:59:25 gtw01 dnsmasq-dhcp[27752]: read /var/lib/neutron/dhcp/23e910cd-3ecb-490d-8eab-e0b5d942ccfe/opts
Sep 29 19:59:25 gtw01 dnsmasq[17174]: read /var/lib/neutron/dhcp/1fab36d5-2284-44af-b709-a736a066fa93/addn_hosts - 5 addresses
Sep 29 19:59:25 gtw01 dnsmasq-dhcp[17174]: read /var/lib/neutron/dhcp/1fab36d5-2284-44af-b709-a736a066fa93/host
Sep 29 19:59:25 gtw01 dnsmasq-dhcp[17174]: read /var/lib/neutron/dhcp/1fab36d5-2284-44af-b709-a736a066fa93/opts
Sep 29 19:59:26 gtw01 dnsmasq-dhcp[27752]: DHCPDISCOVER(tap0992acdb-ae) fa:16:3e:81:23:06
Sep 29 19:59:26 gtw01 dnsmasq-dhcp[27752]: DHCPOFFER(tap0992acdb-ae) 192.168.120.5 fa:16:3e:81:23:06
Sep 29 19:59:26 gtw01 dnsmasq-dhcp[27752]: DHCPREQUEST(tap0992acdb-ae) 192.168.120.5 fa:16:3e:81:23:06
Sep 29 19:59:26 gtw01 dnsmasq-dhcp[27752]: DHCPACK(tap0992acdb-ae) 192.168.120.5 fa:16:3e:81:23:06 host-192-168-120-5
Sep 29 19:59:26 gtw01 dnsmasq[27752]: read /var/lib/neutron/dhcp/23e910cd-3ecb-490d-8eab-e0b5d942ccfe/addn_hosts - 4 addresses
Sep 29 19:59:26 gtw01 dnsmasq-dhcp[27752]: read /var/lib/neutron/dhcp/23e910cd-3ecb-490d-8eab-e0b5d942ccfe/host
Sep 29 19:59:26 gtw01 dnsmasq-dhcp[27752]: read /var/lib/neutron/dhcp/23e910cd-3ecb-490d-8eab-e0b5d942ccfe/opts
Sep 29 19:59:26 gtw01 dnsmasq[17174]: read /var/lib/neutron/dhcp/1fab36d5-2284-44af-b709-a736a066fa93/addn_hosts - 5 addresses
Sep 29 19:59:26 gtw01 dnsmasq-dhcp[17174]: read /var/lib/neutron/dhcp/1fab36d5-2284-44af-b709-a736a066fa93/host
Sep 29 19:59:26 gtw01 dnsmasq-dhcp[17174]: read /var/lib/neutron/dhcp/1fab36d5-2284-44af-b709-a736a066fa93/opts
Sep 29 19:59:27 gtw01 dnsmasq[27752]: read /var/lib/neutron/dhcp/23e910cd-3ecb-490d-8eab-e0b5d942ccfe/addn_hosts - 4 addresses
Sep 29 19:59:27 gtw01 dnsmasq-dhcp[27752]: read /var/lib/neutron/dhcp/23e910cd-3ecb-490d-8eab-e0b5d942ccfe/host
Sep 29 19:59:27 gtw01 dnsmasq-dhcp[27752]: read /var/lib/neutron/dhcp/23e910cd-3ecb-490d-8eab-e0b5d942ccfe/opts
Sep 29 19:59:32 gtw01 dnsmasq[17174]: read /var/lib/neutron/dhcp/1fab36d5-2284-44af-b709-a736a066fa93/addn_hosts - 4 addresses
Sep 29 19:59:32 gtw01 dnsmasq-dhcp[17174]: read /var/lib/neutron/dhcp/1fab36d5-2284-44af-b709-a736a066fa93/host
Sep 29 19:59:32 gtw01 dnsmasq-dhcp[17174]: read /var/lib/neutron/dhcp/1fab36d5-2284-44af-b709-a736a066fa93/opts
Sep 29 19:59:32 gtw01 dnsmasq[17174]: read /var/lib/neutron/dhcp/1fab36d5-2284-44af-b709-a736a066fa93/addn_hosts - 3 addresses
Sep 29 19:59:32 gtw01 dnsmasq-dhcp[17174]: read /var/lib/neutron/dhcp/1fab36d5-2284-44af-b709-a736a066fa93/host
Sep 29 19:59:32 gtw01 dnsmasq-dhcp[17174]: read /var/lib/neutron/dhcp/1fab36d5-2284-44af-b709-a736a066fa93/opts
Sep 29 19:59:38 gtw01 dnsmasq[17174]: read /var/lib/neutron/dhcp/1fab36d5-2284-44af-b709-a736a066fa93/addn_hosts - 4 addresses
Sep 29 19:59:38 gtw01 dnsmasq-dhcp[17174]: read /var/lib/neutron/dhcp/1fab36d5-2284-44af-b709-a736a066fa93/host
Sep 29 19:59:38 gtw01 dnsmasq-dhcp[17174]: read /var/lib/neutron/dhcp/1fab36d5-2284-44af-b709-a736a066fa93/opts
Sep 29 19:59:39 gtw01 dnsmasq[17174]: read /var/lib/neutron/dhcp/1fab36d5-2284-44af-b709-a736a066fa93/addn_hosts - 4 addresses
Sep 29 19:59:39 gtw01 dnsmasq-dhcp[17174]: read /var/lib/neutron/dhcp/1fab36d5-2284-44af-b709-a736a066fa93/host
Sep 29 19:59:39 gtw01 dnsmasq-dhcp[17174]: read /var/lib/neutron/dhcp/1fab36d5-2284-44af-b709-a736a066fa93/opts
Sep 29 19:59:40 gtw01 dnsmasq[17174]: read /var/lib/neutron/dhcp/1fab36d5-2284-44af-b709-a736a066fa93/addn_hosts - 4 addresses
Sep 29 19:59:40 gtw01 dnsmasq-dhcp[17174]: read /var/lib/neutron/dhcp/1fab36d5-2284-44af-b709-a736a066fa93/host
Sep 29 19:59:40 gtw01 dnsmasq-dhcp[17174]: read /var/lib/neutron/dhcp/1fab36d5-2284-44af-b709-a736a066fa93/opts
Sep 29 19:59:41 gtw01 dnsmasq-dhcp[27752]: DHCPDISCOVER(tap0992acdb-ae) fa:16:3e:94:66:60
Sep 29 19:59:41 gtw01 dnsmasq-dhcp[27752]: DHCPOFFER(tap0992acdb-ae) 192.168.120.9 fa:16:3e:94:66:60
Sep 29 19:59:41 gtw01 dnsmasq-dhcp[27752]: DHCPREQUEST(tap0992acdb-ae) 192.168.120.9 fa:16:3e:94:66:60
Sep 29 19:59:41 gtw01 dnsmasq-dhcp[27752]: DHCPACK(tap0992acdb-ae) 192.168.120.9 fa:16:3e:94:66:60 host-192-168-120-9
Sep 29 19:59:43 gtw01 dnsmasq-dhcp[27752]: DHCPRELEASE(tap0992acdb-ae) 192.168.120.9 fa:16:3e:94:66:60
Sep 29 19:59:47 gtw01 dnsmasq[17174]: read /var/lib/neutron/dhcp/1fab36d5-2284-44af-b709-a736a066fa93/addn_hosts - 3 addresses
Sep 29 19:59:47 gtw01 dnsmasq-dhcp[17174]: read /var/lib/neutron/dhcp/1fab36d5-2284-44af-b709-a736a066fa93/host
Sep 29 19:59:47 gtw01 dnsmasq-dhcp[17174]: read /var/lib/neutron/dhcp/1fab36d5-2284-44af-b709-a736a066fa93/opts
Sep 29 19:59:51 gtw01 dnsmasq[27752]: read /var/lib/neutron/dhcp/23e910cd-3ecb-490d-8eab-e0b5d942ccfe/addn_hosts - 5 addresses
Sep 29 19:59:51 gtw01 dnsmasq-dhcp[27752]: read /var/lib/neutron/dhcp/23e910cd-3ecb-490d-8eab-e0b5d942ccfe/host
Sep 29 19:59:51 gtw01 dnsmasq-dhcp[27752]: read /var/lib/neutron/dhcp/23e910cd-3ecb-490d-8eab-e0b5d942ccfe/opts
Sep 29 19:59:53 gtw01 dnsmasq[27752]: read /var/lib/neutron/dhcp/23e910cd-3ecb-490d-8eab-e0b5d942ccfe/addn_hosts - 5 addresses
Sep 29 19:59:53 gtw01 dnsmasq-dhcp[27752]: read /var/lib/neutron/dhcp/23e910cd-3ecb-490d-8eab-e0b5d942ccfe/host
Sep 29 19:59:53 gtw01 dnsmasq-dhcp[27752]: read /var/lib/neutron/dhcp/23e910cd-3ecb-490d-8eab-e0b5d942ccfe/opts
Sep 29 19:59:54 gtw01 dnsmasq[27752]: read /var/lib/neutron/dhcp/23e910cd-3ecb-490d-8eab-e0b5d942ccfe/addn_hosts - 5 addresses
Sep 29 19:59:54 gtw01 dnsmasq-dhcp[27752]: read /var/lib/neutron/dhcp/23e910cd-3ecb-490d-8eab-e0b5d942ccfe/host
Sep 29 19:59:54 gtw01 dnsmasq-dhcp[27752]: read /var/lib/neutron/dhcp/23e910cd-3ecb-490d-8eab-e0b5d942ccfe/opts
Sep 29 19:59:56 gtw01 dnsmasq[17174]: read /var/lib/neutron/dhcp/1fab36d5-2284-44af-b709-a736a066fa93/addn_hosts - 4 addresses
Sep 29 19:59:56 gtw01 dnsmasq-dhcp[17174]: read /var/lib/neutron/dhcp/1fab36d5-2284-44af-b709-a736a066fa93/host
Sep 29 19:59:56 gtw01 dnsmasq-dhcp[17174]: read /var/lib/neutron/dhcp/1fab36d5-2284-44af-b709-a736a066fa93/opts
Sep 29 19:59:57 gtw01 dnsmasq[17174]: read /var/lib/neutron/dhcp/1fab36d5-2284-44af-b709-a736a066fa93/addn_hosts - 4 addresses
Sep 29 19:59:57 gtw01 dnsmasq-dhcp[17174]: read /var/lib/neutron/dhcp/1fab36d5-2284-44af-b709-a736a066fa93/host
Sep 29 19:59:57 gtw01 dnsmasq-dhcp[17174]: read /var/lib/neutron/dhcp/1fab36d5-2284-44af-b709-a736a066fa93/opts
Sep 29 19:59:58 gtw01 dnsmasq[17174]: read /var/lib/neutron/dhcp/1fab36d5-2284-44af-b709-a736a066fa93/addn_hosts - 4 addresses
Sep 29 19:59:58 gtw01 dnsmasq-dhcp[17174]: read /var/lib/neutron/dhcp/1fab36d5-2284-44af-b709-a736a066fa93/host
Sep 29 19:59:58 gtw01 dnsmasq-dhcp[17174]: read /var/lib/neutron/dhcp/1fab36d5-2284-44af-b709-a736a066fa93/opts
Sep 29 20:00:01 gtw01 dnsmasq-dhcp[27752]: DHCPRELEASE(tap0992acdb-ae) 192.168.120.5 fa:16:3e:81:23:06
Sep 29 20:00:06 gtw01 dnsmasq-dhcp[27752]: DHCPDISCOVER(tap0992acdb-ae) fa:16:3e:6e:86:22
Sep 29 20:00:06 gtw01 dnsmasq-dhcp[27752]: DHCPOFFER(tap0992acdb-ae) 192.168.120.11 fa:16:3e:6e:86:22
Sep 29 20:00:06 gtw01 dnsmasq-dhcp[27752]: DHCPREQUEST(tap0992acdb-ae) 192.168.120.11 fa:16:3e:6e:86:22
Sep 29 20:00:06 gtw01 dnsmasq-dhcp[27752]: DHCPACK(tap0992acdb-ae) 192.168.120.11 fa:16:3e:6e:86:22 host-192-168-120-11
Sep 29 20:00:09 gtw01 dnsmasq[17174]: read /var/lib/neutron/dhcp/1fab36d5-2284-44af-b709-a736a066fa93/addn_hosts - 5 addresses
Sep 29 20:00:09 gtw01 dnsmasq-dhcp[17174]: read /var/lib/neutron/dhcp/1fab36d5-2284-44af-b709-a736a066fa93/host
Sep 29 20:00:09 gtw01 dnsmasq-dhcp[17174]: read /var/lib/neutron/dhcp/1fab36d5-2284-44af-b709-a736a066fa93/opts
Sep 29 20:00:10 gtw01 dnsmasq[17174]: read /var/lib/neutron/dhcp/1fab36d5-2284-44af-b709-a736a066fa93/addn_hosts - 5 addresses
Sep 29 20:00:10 gtw01 dnsmasq-dhcp[17174]: read /var/lib/neutron/dhcp/1fab36d5-2284-44af-b709-a736a066fa93/host
Sep 29 20:00:10 gtw01 dnsmasq-dhcp[17174]: read /var/lib/neutron/dhcp/1fab36d5-2284-44af-b709-a736a066fa93/opts
Sep 29 20:00:11 gtw01 dnsmasq[17174]: read /var/lib/neutron/dhcp/1fab36d5-2284-44af-b709-a736a066fa93/addn_hosts - 5 addresses
Sep 29 20:00:11 gtw01 dnsmasq-dhcp[17174]: read /var/lib/neutron/dhcp/1fab36d5-2284-44af-b709-a736a066fa93/host
Sep 29 20:00:11 gtw01 dnsmasq-dhcp[17174]: read /var/lib/neutron/dhcp/1fab36d5-2284-44af-b709-a736a066fa93/opts
Sep 29 20:00:11 gtw01 dnsmasq-dhcp[17174]: DHCPDISCOVER(tap1a894f3a-0d) fa:16:3e:58:46:46
Sep 29 20:00:11 gtw01 dnsmasq-dhcp[17174]: DHCPOFFER(tap1a894f3a-0d) 192.168.120.8 fa:16:3e:58:46:46
Sep 29 20:00:11 gtw01 dnsmasq-dhcp[17174]: DHCPREQUEST(tap1a894f3a-0d) 192.168.120.8 fa:16:3e:58:46:46
Sep 29 20:00:11 gtw01 dnsmasq-dhcp[17174]: DHCPACK(tap1a894f3a-0d) 192.168.120.8 fa:16:3e:58:46:46 host-192-168-120-8
Sep 29 20:00:14 gtw01 dnsmasq-dhcp[17174]: DHCPRELEASE(tap1a894f3a-0d) 192.168.120.8 fa:16:3e:58:46:46
Sep 29 20:00:16 gtw01 dnsmasq[17174]: read /var/lib/neutron/dhcp/1fab36d5-2284-44af-b709-a736a066fa93/addn_hosts - 4 addresses
Sep 29 20:00:16 gtw01 dnsmasq-dhcp[17174]: read /var/lib/neutron/dhcp/1fab36d5-2284-44af-b709-a736a066fa93/host
Sep 29 20:00:16 gtw01 dnsmasq-dhcp[17174]: read /var/lib/neutron/dhcp/1fab36d5-2284-44af-b709-a736a066fa93/opts
Sep 29 20:00:20 gtw01 dnsmasq[17174]: read /var/lib/neutron/dhcp/1fab36d5-2284-44af-b709-a736a066fa93/addn_hosts - 3 addresses
Sep 29 20:00:20 gtw01 dnsmasq-dhcp[17174]: read /var/lib/neutron/dhcp/1fab36d5-2284-44af-b709-a736a066fa93/host
Sep 29 20:00:20 gtw01 dnsmasq-dhcp[17174]: read /var/lib/neutron/dhcp/1fab36d5-2284-44af-b709-a736a066fa93/opts
Sep 29 20:00:21 gtw01 dnsmasq-dhcp[27752]: DHCPDISCOVER(tap0992acdb-ae) fa:16:3e:81:23:06
Sep 29 20:00:21 gtw01 dnsmasq-dhcp[27752]: DHCPOFFER(tap0992acdb-ae) 192.168.120.5 fa:16:3e:81:23:06
Sep 29 20:00:21 gtw01 dnsmasq-dhcp[27752]: DHCPREQUEST(tap0992acdb-ae) 192.168.120.5 fa:16:3e:81:23:06
Sep 29 20:00:21 gtw01 dnsmasq-dhcp[27752]: DHCPACK(tap0992acdb-ae) 192.168.120.5 fa:16:3e:81:23:06 host-192-168-120-5
Sep 29 20:00:22 gtw01 dnsmasq[17174]: read /var/lib/neutron/dhcp/1fab36d5-2284-44af-b709-a736a066fa93/addn_hosts - 2 addresses
Sep 29 20:00:22 gtw01 dnsmasq-dhcp[17174]: read /var/lib/neutron/dhcp/1fab36d5-2284-44af-b709-a736a066fa93/host
Sep 29 20:00:22 gtw01 dnsmasq-dhcp[17174]: read /var/lib/neutron/dhcp/1fab36d5-2284-44af-b709-a736a066fa93/opts
Sep 29 20:00:23 gtw01 dnsmasq[17174]: read /var/lib/neutron/dhcp/1fab36d5-2284-44af-b709-a736a066fa93/addn_hosts - 3 addresses
Sep 29 20:00:23 gtw01 dnsmasq-dhcp[17174]: read /var/lib/neutron/dhcp/1fab36d5-2284-44af-b709-a736a066fa93/host
Sep 29 20:00:23 gtw01 dnsmasq-dhcp[17174]: read /var/lib/neutron/dhcp/1fab36d5-2284-44af-b709-a736a066fa93/opts
Sep 29 20:00:24 gtw01 dnsmasq[17174]: read /var/lib/neutron/dhcp/1fab36d5-2284-44af-b709-a736a066fa93/addn_hosts - 3 addresses
Sep 29 20:00:24 gtw01 dnsmasq-dhcp[17174]: read /var/lib/neutron/dhcp/1fab36d5-2284-44af-b709-a736a066fa93/host
Sep 29 20:00:24 gtw01 dnsmasq-dhcp[17174]: read /var/lib/neutron/dhcp/1fab36d5-2284-44af-b709-a736a066fa93/opts
Sep 29 20:00:25 gtw01 dnsmasq[17174]: read /var/lib/neutron/dhcp/1fab36d5-2284-44af-b709-a736a066fa93/addn_hosts - 3 addresses
Sep 29 20:00:25 gtw01 dnsmasq-dhcp[17174]: read /var/lib/neutron/dhcp/1fab36d5-2284-44af-b709-a736a066fa93/host
Sep 29 20:00:25 gtw01 dnsmasq-dhcp[17174]: read /var/lib/neutron/dhcp/1fab36d5-2284-44af-b709-a736a066fa93/opts
Sep 29 20:00:26 gtw01 dnsmasq[17174]: read /var/lib/neutron/dhcp/1fab36d5-2284-44af-b709-a736a066fa93/addn_hosts - 4 addresses
Sep 29 20:00:26 gtw01 dnsmasq-dhcp[17174]: read /var/lib/neutron/dhcp/1fab36d5-2284-44af-b709-a736a066fa93/host
Sep 29 20:00:26 gtw01 dnsmasq-dhcp[17174]: read /var/lib/neutron/dhcp/1fab36d5-2284-44af-b709-a736a066fa93/opts
Sep 29 20:00:27 gtw01 dnsmasq[17174]: read /var/lib/neutron/dhcp/1fab36d5-2284-44af-b709-a736a066fa93/addn_hosts - 4 addresses
Sep 29 20:00:27 gtw01 dnsmasq-dhcp[17174]: read /var/lib/neutron/dhcp/1fab36d5-2284-44af-b709-a736a066fa93/host
Sep 29 20:00:27 gtw01 dnsmasq-dhcp[17174]: read /var/lib/neutron/dhcp/1fab36d5-2284-44af-b709-a736a066fa93/opts
Sep 29 20:00:28 gtw01 dnsmasq[17174]: read /var/lib/neutron/dhcp/1fab36d5-2284-44af-b709-a736a066fa93/addn_hosts - 4 addresses
Sep 29 20:00:28 gtw01 dnsmasq-dhcp[17174]: read /var/lib/neutron/dhcp/1fab36d5-2284-44af-b709-a736a066fa93/host
Sep 29 20:00:28 gtw01 dnsmasq-dhcp[17174]: read /var/lib/neutron/dhcp/1fab36d5-2284-44af-b709-a736a066fa93/opts
Sep 29 20:00:33 gtw01 dnsmasq[17174]: read /var/lib/neutron/dhcp/1fab36d5-2284-44af-b709-a736a066fa93/addn_hosts - 3 addresses
Sep 29 20:00:33 gtw01 dnsmasq-dhcp[17174]: read /var/lib/neutron/dhcp/1fab36d5-2284-44af-b709-a736a066fa93/host
Sep 29 20:00:33 gtw01 dnsmasq-dhcp[17174]: read /var/lib/neutron/dhcp/1fab36d5-2284-44af-b709-a736a066fa93/opts
Sep 29 20:00:37 gtw01 dnsmasq-dhcp[27752]: DHCPDISCOVER(tap0992acdb-ae) fa:16:3e:81:23:06
Sep 29 20:00:37 gtw01 dnsmasq-dhcp[27752]: DHCPOFFER(tap0992acdb-ae) 192.168.120.5 fa:16:3e:81:23:06
Sep 29 20:00:37 gtw01 dnsmasq-dhcp[27752]: DHCPREQUEST(tap0992acdb-ae) 192.168.120.5 fa:16:3e:81:23:06
Sep 29 20:00:37 gtw01 dnsmasq-dhcp[27752]: DHCPACK(tap0992acdb-ae) 192.168.120.5 fa:16:3e:81:23:06 host-192-168-120-5
Sep 29 20:00:38 gtw01 dnsmasq-dhcp[17174]: DHCPDISCOVER(tap1a894f3a-0d) fa:16:3e:3a:06:fa
Sep 29 20:00:38 gtw01 dnsmasq-dhcp[17174]: DHCPOFFER(tap1a894f3a-0d) 192.168.120.29 fa:16:3e:3a:06:fa
Sep 29 20:00:38 gtw01 dnsmasq-dhcp[17174]: DHCPREQUEST(tap1a894f3a-0d) 192.168.120.29 fa:16:3e:3a:06:fa
Sep 29 20:00:38 gtw01 dnsmasq-dhcp[17174]: DHCPACK(tap1a894f3a-0d) 192.168.120.29 fa:16:3e:3a:06:fa host-192-168-120-29
Sep 29 20:00:40 gtw01 dnsmasq-dhcp[17174]: DHCPRELEASE(tap1a894f3a-0d) 192.168.120.29 fa:16:3e:3a:06:fa
Sep 29 20:00:43 gtw01 dnsmasq[17174]: read /var/lib/neutron/dhcp/1fab36d5-2284-44af-b709-a736a066fa93/addn_hosts - 4 addresses
Sep 29 20:00:43 gtw01 dnsmasq-dhcp[17174]: read /var/lib/neutron/dhcp/1fab36d5-2284-44af-b709-a736a066fa93/host
Sep 29 20:00:43 gtw01 dnsmasq-dhcp[17174]: read /var/lib/neutron/dhcp/1fab36d5-2284-44af-b709-a736a066fa93/opts
Sep 29 20:00:45 gtw01 dnsmasq[17174]: read /var/lib/neutron/dhcp/1fab36d5-2284-44af-b709-a736a066fa93/addn_hosts - 4 addresses
Sep 29 20:00:45 gtw01 dnsmasq-dhcp[17174]: read /var/lib/neutron/dhcp/1fab36d5-2284-44af-b709-a736a066fa93/host
Sep 29 20:00:45 gtw01 dnsmasq-dhcp[17174]: read /var/lib/neutron/dhcp/1fab36d5-2284-44af-b709-a736a066fa93/opts
Sep 29 20:00:46 gtw01 dnsmasq[17174]: read /var/lib/neutron/dhcp/1fab36d5-2284-44af-b709-a736a066fa93/addn_hosts - 5 addresses
Sep 29 20:00:46 gtw01 dnsmasq-dhcp[17174]: read /var/lib/neutron/dhcp/1fab36d5-2284-44af-b709-a736a066fa93/host
Sep 29 20:00:46 gtw01 dnsmasq-dhcp[17174]: read /var/lib/neutron/dhcp/1fab36d5-2284-44af-b709-a736a066fa93/opts
Sep 29 20:00:46 gtw01 dnsmasq-dhcp[27752]: DHCPRELEASE(tap0992acdb-ae) 192.168.120.5 fa:16:3e:81:23:06
Sep 29 20:00:47 gtw01 dnsmasq[17174]: read /var/lib/neutron/dhcp/1fab36d5-2284-44af-b709-a736a066fa93/addn_hosts - 5 addresses
Sep 29 20:00:47 gtw01 dnsmasq-dhcp[17174]: read /var/lib/neutron/dhcp/1fab36d5-2284-44af-b709-a736a066fa93/host
Sep 29 20:00:47 gtw01 dnsmasq-dhcp[17174]: read /var/lib/neutron/dhcp/1fab36d5-2284-44af-b709-a736a066fa93/opts
Sep 29 20:00:48 gtw01 dnsmasq[17174]: read /var/lib/neutron/dhcp/1fab36d5-2284-44af-b709-a736a066fa93/addn_hosts - 5 addresses
Sep 29 20:00:48 gtw01 dnsmasq-dhcp[17174]: read /var/lib/neutron/dhcp/1fab36d5-2284-44af-b709-a736a066fa93/host
Sep 29 20:00:48 gtw01 dnsmasq-dhcp[17174]: read /var/lib/neutron/dhcp/1fab36d5-2284-44af-b709-a736a066fa93/opts
Sep 29 20:00:49 gtw01 dnsmasq[17174]: read /var/lib/neutron/dhcp/1fab36d5-2284-44af-b709-a736a066fa93/addn_hosts - 5 addresses
Sep 29 20:00:49 gtw01 dnsmasq-dhcp[17174]: read /var/lib/neutron/dhcp/1fab36d5-2284-44af-b709-a736a066fa93/host
Sep 29 20:00:49 gtw01 dnsmasq-dhcp[17174]: read /var/lib/neutron/dhcp/1fab36d5-2284-44af-b709-a736a066fa93/opts
Sep 29 20:01:00 gtw01 dnsmasq-dhcp[17174]: DHCPDISCOVER(tap1a894f3a-0d) fa:16:3e:a9:20:08
Sep 29 20:01:00 gtw01 dnsmasq-dhcp[17174]: DHCPOFFER(tap1a894f3a-0d) 192.168.120.8 fa:16:3e:a9:20:08
Sep 29 20:01:00 gtw01 dnsmasq-dhcp[17174]: DHCPREQUEST(tap1a894f3a-0d) 192.168.120.8 fa:16:3e:a9:20:08
Sep 29 20:01:00 gtw01 dnsmasq-dhcp[17174]: DHCPACK(tap1a894f3a-0d) 192.168.120.8 fa:16:3e:a9:20:08 host-192-168-120-8
Sep 29 20:01:03 gtw01 dnsmasq-dhcp[17174]: DHCPDISCOVER(tap1a894f3a-0d) fa:16:3e:19:62:26
Sep 29 20:01:03 gtw01 dnsmasq-dhcp[17174]: DHCPOFFER(tap1a894f3a-0d) 192.168.120.4 fa:16:3e:19:62:26
Sep 29 20:01:03 gtw01 dnsmasq-dhcp[17174]: DHCPREQUEST(tap1a894f3a-0d) 192.168.120.4 fa:16:3e:19:62:26
Sep 29 20:01:03 gtw01 dnsmasq-dhcp[17174]: DHCPACK(tap1a894f3a-0d) 192.168.120.4 fa:16:3e:19:62:26 host-192-168-120-4
Sep 29 20:01:03 gtw01 dnsmasq-dhcp[27752]: DHCPDISCOVER(tap0992acdb-ae) fa:16:3e:81:23:06
Sep 29 20:01:03 gtw01 dnsmasq-dhcp[27752]: DHCPOFFER(tap0992acdb-ae) 192.168.120.5 fa:16:3e:81:23:06
Sep 29 20:01:03 gtw01 dnsmasq-dhcp[27752]: DHCPREQUEST(tap0992acdb-ae) 192.168.120.5 fa:16:3e:81:23:06
Sep 29 20:01:03 gtw01 dnsmasq-dhcp[27752]: DHCPACK(tap0992acdb-ae) 192.168.120.5 fa:16:3e:81:23:06 host-192-168-120-5
Sep 29 20:01:04 gtw01 dnsmasq-dhcp[17174]: DHCPRELEASE(tap1a894f3a-0d) 192.168.120.4 fa:16:3e:19:62:26
Sep 29 20:01:11 gtw01 dnsmasq-dhcp[27752]: DHCPRELEASE(tap0992acdb-ae) 192.168.120.5 fa:16:3e:81:23:06
Sep 29 20:01:27 gtw01 dnsmasq-dhcp[27752]: DHCPDISCOVER(tap0992acdb-ae) fa:16:3e:81:23:06
Sep 29 20:01:27 gtw01 dnsmasq-dhcp[27752]: DHCPOFFER(tap0992acdb-ae) 192.168.120.5 fa:16:3e:81:23:06
Sep 29 20:01:27 gtw01 dnsmasq-dhcp[27752]: DHCPREQUEST(tap0992acdb-ae) 192.168.120.5 fa:16:3e:81:23:06
Sep 29 20:01:27 gtw01 dnsmasq-dhcp[27752]: DHCPACK(tap0992acdb-ae) 192.168.120.5 fa:16:3e:81:23:06 host-192-168-120-5
Sep 29 20:01:29 gtw01 dnsmasq-dhcp[27752]: DHCPRELEASE(tap0992acdb-ae) 192.168.120.5 fa:16:3e:81:23:06
Sep 29 20:01:50 gtw01 dnsmasq[17174]: read /var/lib/neutron/dhcp/1fab36d5-2284-44af-b709-a736a066fa93/addn_hosts - 4 addresses
Sep 29 20:01:50 gtw01 dnsmasq-dhcp[17174]: read /var/lib/neutron/dhcp/1fab36d5-2284-44af-b709-a736a066fa93/host
Sep 29 20:01:50 gtw01 dnsmasq-dhcp[17174]: read /var/lib/neutron/dhcp/1fab36d5-2284-44af-b709-a736a066fa93/opts
Sep 29 20:01:52 gtw01 dnsmasq-dhcp[27752]: DHCPDISCOVER(tap0992acdb-ae) fa:16:3e:81:23:06
Sep 29 20:01:52 gtw01 dnsmasq-dhcp[27752]: DHCPOFFER(tap0992acdb-ae) 192.168.120.5 fa:16:3e:81:23:06
Sep 29 20:01:52 gtw01 dnsmasq-dhcp[27752]: DHCPREQUEST(tap0992acdb-ae) 192.168.120.5 fa:16:3e:81:23:06
Sep 29 20:01:52 gtw01 dnsmasq-dhcp[27752]: DHCPACK(tap0992acdb-ae) 192.168.120.5 fa:16:3e:81:23:06 host-192-168-120-5
Sep 29 20:01:54 gtw01 dnsmasq[17174]: read /var/lib/neutron/dhcp/1fab36d5-2284-44af-b709-a736a066fa93/addn_hosts - 5 addresses
Sep 29 20:01:54 gtw01 dnsmasq-dhcp[17174]: read /var/lib/neutron/dhcp/1fab36d5-2284-44af-b709-a736a066fa93/host
Sep 29 20:01:54 gtw01 dnsmasq-dhcp[17174]: read /var/lib/neutron/dhcp/1fab36d5-2284-44af-b709-a736a066fa93/opts
Sep 29 20:01:54 gtw01 dnsmasq-dhcp[27752]: DHCPRELEASE(tap0992acdb-ae) 192.168.120.5 fa:16:3e:81:23:06
Sep 29 20:01:55 gtw01 dnsmasq[17174]: read /var/lib/neutron/dhcp/1fab36d5-2284-44af-b709-a736a066fa93/addn_hosts - 5 addresses
Sep 29 20:01:55 gtw01 dnsmasq-dhcp[17174]: read /var/lib/neutron/dhcp/1fab36d5-2284-44af-b709-a736a066fa93/host
Sep 29 20:01:55 gtw01 dnsmasq-dhcp[17174]: read /var/lib/neutron/dhcp/1fab36d5-2284-44af-b709-a736a066fa93/opts
Sep 29 20:01:56 gtw01 dnsmasq[17174]: read /var/lib/neutron/dhcp/1fab36d5-2284-44af-b709-a736a066fa93/addn_hosts - 5 addresses
Sep 29 20:01:56 gtw01 dnsmasq-dhcp[17174]: read /var/lib/neutron/dhcp/1fab36d5-2284-44af-b709-a736a066fa93/host
Sep 29 20:01:56 gtw01 dnsmasq-dhcp[17174]: read /var/lib/neutron/dhcp/1fab36d5-2284-44af-b709-a736a066fa93/opts
Sep 29 20:02:05 gtw01 dnsmasq[27752]: read /var/lib/neutron/dhcp/23e910cd-3ecb-490d-8eab-e0b5d942ccfe/addn_hosts - 6 addresses
Sep 29 20:02:05 gtw01 dnsmasq-dhcp[27752]: read /var/lib/neutron/dhcp/23e910cd-3ecb-490d-8eab-e0b5d942ccfe/host
Sep 29 20:02:05 gtw01 dnsmasq-dhcp[27752]: read /var/lib/neutron/dhcp/23e910cd-3ecb-490d-8eab-e0b5d942ccfe/opts
Sep 29 20:02:06 gtw01 dnsmasq[27752]: read /var/lib/neutron/dhcp/23e910cd-3ecb-490d-8eab-e0b5d942ccfe/addn_hosts - 6 addresses
Sep 29 20:02:06 gtw01 dnsmasq-dhcp[27752]: read /var/lib/neutron/dhcp/23e910cd-3ecb-490d-8eab-e0b5d942ccfe/host
Sep 29 20:02:06 gtw01 dnsmasq-dhcp[27752]: read /var/lib/neutron/dhcp/23e910cd-3ecb-490d-8eab-e0b5d942ccfe/opts
Sep 29 20:02:07 gtw01 dnsmasq[27752]: read /var/lib/neutron/dhcp/23e910cd-3ecb-490d-8eab-e0b5d942ccfe/addn_hosts - 6 addresses
Sep 29 20:02:07 gtw01 dnsmasq-dhcp[27752]: read /var/lib/neutron/dhcp/23e910cd-3ecb-490d-8eab-e0b5d942ccfe/host
Sep 29 20:02:07 gtw01 dnsmasq-dhcp[27752]: read /var/lib/neutron/dhcp/23e910cd-3ecb-490d-8eab-e0b5d942ccfe/opts
Sep 29 20:02:09 gtw01 dnsmasq-dhcp[17174]: DHCPDISCOVER(tap1a894f3a-0d) fa:16:3e:7d:12:49
Sep 29 20:02:09 gtw01 dnsmasq-dhcp[17174]: DHCPOFFER(tap1a894f3a-0d) 192.168.120.6 fa:16:3e:7d:12:49
Sep 29 20:02:09 gtw01 dnsmasq-dhcp[17174]: DHCPREQUEST(tap1a894f3a-0d) 192.168.120.6 fa:16:3e:7d:12:49
Sep 29 20:02:09 gtw01 dnsmasq-dhcp[17174]: DHCPACK(tap1a894f3a-0d) 192.168.120.6 fa:16:3e:7d:12:49 host-192-168-120-6
Sep 29 20:02:11 gtw01 dnsmasq-dhcp[27752]: DHCPDISCOVER(tap0992acdb-ae) fa:16:3e:81:23:06
Sep 29 20:02:11 gtw01 dnsmasq-dhcp[27752]: DHCPOFFER(tap0992acdb-ae) 192.168.120.5 fa:16:3e:81:23:06
Sep 29 20:02:11 gtw01 dnsmasq-dhcp[27752]: DHCPREQUEST(tap0992acdb-ae) 192.168.120.5 fa:16:3e:81:23:06
Sep 29 20:02:11 gtw01 dnsmasq-dhcp[27752]: DHCPACK(tap0992acdb-ae) 192.168.120.5 fa:16:3e:81:23:06 host-192-168-120-5
Sep 29 20:02:11 gtw01 dnsmasq[27752]: read /var/lib/neutron/dhcp/23e910cd-3ecb-490d-8eab-e0b5d942ccfe/addn_hosts - 6 addresses
Sep 29 20:02:11 gtw01 dnsmasq-dhcp[27752]: read /var/lib/neutron/dhcp/23e910cd-3ecb-490d-8eab-e0b5d942ccfe/host
Sep 29 20:02:11 gtw01 dnsmasq-dhcp[27752]: read /var/lib/neutron/dhcp/23e910cd-3ecb-490d-8eab-e0b5d942ccfe/opts
Sep 29 20:02:13 gtw01 dnsmasq[17174]: read /var/lib/neutron/dhcp/1fab36d5-2284-44af-b709-a736a066fa93/addn_hosts - 4 addresses
Sep 29 20:02:13 gtw01 dnsmasq-dhcp[17174]: read /var/lib/neutron/dhcp/1fab36d5-2284-44af-b709-a736a066fa93/host
Sep 29 20:02:13 gtw01 dnsmasq-dhcp[17174]: read /var/lib/neutron/dhcp/1fab36d5-2284-44af-b709-a736a066fa93/opts
Sep 29 20:02:14 gtw01 dnsmasq-dhcp[17174]: DHCPRELEASE(tap1a894f3a-0d) 192.168.120.6 fa:16:3e:7d:12:49
Sep 29 20:02:15 gtw01 dnsmasq-dhcp[17174]: DHCPRELEASE(tap1a894f3a-0d) 192.168.120.8 fa:16:3e:a9:20:08
Sep 29 20:02:16 gtw01 dnsmasq-dhcp[17174]: DHCPRELEASE(tap1a894f3a-0d) 192.168.120.8 fa:16:3e:a9:20:08 unknown lease
Sep 29 20:02:16 gtw01 dnsmasq-dhcp[27752]: DHCPRELEASE(tap0992acdb-ae) 192.168.120.5 fa:16:3e:81:23:06
Sep 29 20:02:16 gtw01 dnsmasq[17174]: read /var/lib/neutron/dhcp/1fab36d5-2284-44af-b709-a736a066fa93/addn_hosts - 3 addresses
Sep 29 20:02:16 gtw01 dnsmasq-dhcp[17174]: read /var/lib/neutron/dhcp/1fab36d5-2284-44af-b709-a736a066fa93/host
Sep 29 20:02:16 gtw01 dnsmasq-dhcp[17174]: read /var/lib/neutron/dhcp/1fab36d5-2284-44af-b709-a736a066fa93/opts
Sep 29 20:02:19 gtw01 dnsmasq[17174]: read /var/lib/neutron/dhcp/1fab36d5-2284-44af-b709-a736a066fa93/addn_hosts - 3 addresses
Sep 29 20:02:19 gtw01 dnsmasq-dhcp[17174]: read /var/lib/neutron/dhcp/1fab36d5-2284-44af-b709-a736a066fa93/host
Sep 29 20:02:19 gtw01 dnsmasq-dhcp[17174]: read /var/lib/neutron/dhcp/1fab36d5-2284-44af-b709-a736a066fa93/opts
Sep 29 20:02:20 gtw01 dnsmasq[17174]: read /var/lib/neutron/dhcp/1fab36d5-2284-44af-b709-a736a066fa93/addn_hosts - 3 addresses
Sep 29 20:02:20 gtw01 dnsmasq-dhcp[17174]: read /var/lib/neutron/dhcp/1fab36d5-2284-44af-b709-a736a066fa93/host
Sep 29 20:02:20 gtw01 dnsmasq-dhcp[17174]: read /var/lib/neutron/dhcp/1fab36d5-2284-44af-b709-a736a066fa93/opts
Sep 29 20:02:20 gtw01 dnsmasq-dhcp[27752]: DHCPDISCOVER(tap0992acdb-ae) fa:16:3e:43:3d:64
Sep 29 20:02:20 gtw01 dnsmasq-dhcp[27752]: DHCPOFFER(tap0992acdb-ae) 192.168.120.3 fa:16:3e:43:3d:64
Sep 29 20:02:20 gtw01 dnsmasq-dhcp[27752]: DHCPREQUEST(tap0992acdb-ae) 192.168.120.3 fa:16:3e:43:3d:64
Sep 29 20:02:20 gtw01 dnsmasq-dhcp[27752]: DHCPACK(tap0992acdb-ae) 192.168.120.3 fa:16:3e:43:3d:64 host-192-168-120-3
Sep 29 20:02:21 gtw01 dnsmasq[27752]: read /var/lib/neutron/dhcp/23e910cd-3ecb-490d-8eab-e0b5d942ccfe/addn_hosts - 6 addresses
Sep 29 20:02:21 gtw01 dnsmasq-dhcp[27752]: read /var/lib/neutron/dhcp/23e910cd-3ecb-490d-8eab-e0b5d942ccfe/host
Sep 29 20:02:21 gtw01 dnsmasq-dhcp[27752]: read /var/lib/neutron/dhcp/23e910cd-3ecb-490d-8eab-e0b5d942ccfe/opts
Sep 29 20:02:22 gtw01 dnsmasq[27752]: read /var/lib/neutron/dhcp/23e910cd-3ecb-490d-8eab-e0b5d942ccfe/addn_hosts - 6 addresses
Sep 29 20:02:22 gtw01 dnsmasq-dhcp[27752]: read /var/lib/neutron/dhcp/23e910cd-3ecb-490d-8eab-e0b5d942ccfe/host
Sep 29 20:02:22 gtw01 dnsmasq-dhcp[27752]: read /var/lib/neutron/dhcp/23e910cd-3ecb-490d-8eab-e0b5d942ccfe/opts
Sep 29 20:02:27 gtw01 dnsmasq[17174]: read /var/lib/neutron/dhcp/1fab36d5-2284-44af-b709-a736a066fa93/addn_hosts - 4 addresses
Sep 29 20:02:27 gtw01 dnsmasq-dhcp[17174]: read /var/lib/neutron/dhcp/1fab36d5-2284-44af-b709-a736a066fa93/host
Sep 29 20:02:27 gtw01 dnsmasq-dhcp[17174]: read /var/lib/neutron/dhcp/1fab36d5-2284-44af-b709-a736a066fa93/opts
Sep 29 20:02:28 gtw01 dnsmasq[17174]: read /var/lib/neutron/dhcp/1fab36d5-2284-44af-b709-a736a066fa93/addn_hosts - 4 addresses
Sep 29 20:02:28 gtw01 dnsmasq-dhcp[17174]: read /var/lib/neutron/dhcp/1fab36d5-2284-44af-b709-a736a066fa93/host
Sep 29 20:02:28 gtw01 dnsmasq-dhcp[17174]: read /var/lib/neutron/dhcp/1fab36d5-2284-44af-b709-a736a066fa93/opts
Sep 29 20:02:29 gtw01 dnsmasq[17174]: read /var/lib/neutron/dhcp/1fab36d5-2284-44af-b709-a736a066fa93/addn_hosts - 4 addresses
Sep 29 20:02:29 gtw01 dnsmasq-dhcp[17174]: read /var/lib/neutron/dhcp/1fab36d5-2284-44af-b709-a736a066fa93/host
Sep 29 20:02:29 gtw01 dnsmasq-dhcp[17174]: read /var/lib/neutron/dhcp/1fab36d5-2284-44af-b709-a736a066fa93/opts
Sep 29 20:02:32 gtw01 dnsmasq[17174]: read /var/lib/neutron/dhcp/1fab36d5-2284-44af-b709-a736a066fa93/addn_hosts - 3 addresses
Sep 29 20:02:32 gtw01 dnsmasq-dhcp[17174]: read /var/lib/neutron/dhcp/1fab36d5-2284-44af-b709-a736a066fa93/host
Sep 29 20:02:32 gtw01 dnsmasq-dhcp[17174]: read /var/lib/neutron/dhcp/1fab36d5-2284-44af-b709-a736a066fa93/opts
Sep 29 20:02:33 gtw01 dnsmasq[17174]: read /var/lib/neutron/dhcp/1fab36d5-2284-44af-b709-a736a066fa93/addn_hosts - 4 addresses
Sep 29 20:02:33 gtw01 dnsmasq-dhcp[17174]: read /var/lib/neutron/dhcp/1fab36d5-2284-44af-b709-a736a066fa93/host
Sep 29 20:02:33 gtw01 dnsmasq-dhcp[17174]: read /var/lib/neutron/dhcp/1fab36d5-2284-44af-b709-a736a066fa93/opts
Sep 29 20:02:35 gtw01 dnsmasq[17174]: read /var/lib/neutron/dhcp/1fab36d5-2284-44af-b709-a736a066fa93/addn_hosts - 4 addresses
Sep 29 20:02:35 gtw01 dnsmasq-dhcp[17174]: read /var/lib/neutron/dhcp/1fab36d5-2284-44af-b709-a736a066fa93/host
Sep 29 20:02:35 gtw01 dnsmasq-dhcp[17174]: read /var/lib/neutron/dhcp/1fab36d5-2284-44af-b709-a736a066fa93/opts
Sep 29 20:02:35 gtw01 dnsmasq[27752]: read /var/lib/neutron/dhcp/23e910cd-3ecb-490d-8eab-e0b5d942ccfe/addn_hosts - 5 addresses
Sep 29 20:02:35 gtw01 dnsmasq-dhcp[27752]: read /var/lib/neutron/dhcp/23e910cd-3ecb-490d-8eab-e0b5d942ccfe/host
Sep 29 20:02:35 gtw01 dnsmasq-dhcp[27752]: read /var/lib/neutron/dhcp/23e910cd-3ecb-490d-8eab-e0b5d942ccfe/opts
Sep 29 20:02:36 gtw01 dnsmasq[17174]: read /var/lib/neutron/dhcp/1fab36d5-2284-44af-b709-a736a066fa93/addn_hosts - 4 addresses
Sep 29 20:02:36 gtw01 dnsmasq-dhcp[17174]: read /var/lib/neutron/dhcp/1fab36d5-2284-44af-b709-a736a066fa93/host
Sep 29 20:02:36 gtw01 dnsmasq-dhcp[17174]: read /var/lib/neutron/dhcp/1fab36d5-2284-44af-b709-a736a066fa93/opts
Sep 29 20:02:40 gtw01 dnsmasq[27752]: read /var/lib/neutron/dhcp/23e910cd-3ecb-490d-8eab-e0b5d942ccfe/addn_hosts - 6 addresses
Sep 29 20:02:40 gtw01 dnsmasq-dhcp[27752]: read /var/lib/neutron/dhcp/23e910cd-3ecb-490d-8eab-e0b5d942ccfe/host
Sep 29 20:02:40 gtw01 dnsmasq-dhcp[27752]: read /var/lib/neutron/dhcp/23e910cd-3ecb-490d-8eab-e0b5d942ccfe/opts
Sep 29 20:02:42 gtw01 dnsmasq[27752]: read /var/lib/neutron/dhcp/23e910cd-3ecb-490d-8eab-e0b5d942ccfe/addn_hosts - 6 addresses
Sep 29 20:02:42 gtw01 dnsmasq-dhcp[27752]: read /var/lib/neutron/dhcp/23e910cd-3ecb-490d-8eab-e0b5d942ccfe/host
Sep 29 20:02:42 gtw01 dnsmasq-dhcp[27752]: read /var/lib/neutron/dhcp/23e910cd-3ecb-490d-8eab-e0b5d942ccfe/opts
Sep 29 20:02:43 gtw01 dnsmasq[27752]: read /var/lib/neutron/dhcp/23e910cd-3ecb-490d-8eab-e0b5d942ccfe/addn_hosts - 6 addresses
Sep 29 20:02:43 gtw01 dnsmasq-dhcp[27752]: read /var/lib/neutron/dhcp/23e910cd-3ecb-490d-8eab-e0b5d942ccfe/host
Sep 29 20:02:43 gtw01 dnsmasq-dhcp[27752]: read /var/lib/neutron/dhcp/23e910cd-3ecb-490d-8eab-e0b5d942ccfe/opts
Sep 29 20:02:43 gtw01 dnsmasq[17174]: read /var/lib/neutron/dhcp/1fab36d5-2284-44af-b709-a736a066fa93/addn_hosts - 5 addresses
Sep 29 20:02:43 gtw01 dnsmasq-dhcp[17174]: read /var/lib/neutron/dhcp/1fab36d5-2284-44af-b709-a736a066fa93/host
Sep 29 20:02:43 gtw01 dnsmasq-dhcp[17174]: read /var/lib/neutron/dhcp/1fab36d5-2284-44af-b709-a736a066fa93/opts
Sep 29 20:02:43 gtw01 dnsmasq-dhcp[17174]: DHCPDISCOVER(tap1a894f3a-0d) fa:16:3e:fe:15:dc
Sep 29 20:02:43 gtw01 dnsmasq-dhcp[17174]: DHCPOFFER(tap1a894f3a-0d) 192.168.120.28 fa:16:3e:fe:15:dc
Sep 29 20:02:43 gtw01 dnsmasq-dhcp[17174]: DHCPREQUEST(tap1a894f3a-0d) 192.168.120.28 fa:16:3e:fe:15:dc
Sep 29 20:02:43 gtw01 dnsmasq-dhcp[17174]: DHCPACK(tap1a894f3a-0d) 192.168.120.28 fa:16:3e:fe:15:dc host-192-168-120-28
Sep 29 20:02:44 gtw01 dnsmasq[17174]: read /var/lib/neutron/dhcp/1fab36d5-2284-44af-b709-a736a066fa93/addn_hosts - 5 addresses
Sep 29 20:02:44 gtw01 dnsmasq-dhcp[17174]: read /var/lib/neutron/dhcp/1fab36d5-2284-44af-b709-a736a066fa93/host
