Sep 29 20:40:20 gtw01 dnsmasq-dhcp[22342]: DHCP, static leases only on 192.168.120.32, lease time 1h
Sep 29 20:40:20 gtw01 dnsmasq-dhcp[22342]: DHCP, static leases only on 192.168.120.16, lease time 1h
Sep 29 20:40:20 gtw01 dnsmasq-dhcp[22342]: DHCP, static leases only on 192.168.120.0, lease time 1h
Sep 29 20:40:20 gtw01 dnsmasq[22342]: read /var/lib/neutron/dhcp/e1dc960d-12d2-4f3e-b47b-2f7dd665ed93/addn_hosts - 3 addresses
Sep 29 20:40:20 gtw01 dnsmasq-dhcp[22342]: read /var/lib/neutron/dhcp/e1dc960d-12d2-4f3e-b47b-2f7dd665ed93/host
Sep 29 20:40:20 gtw01 dnsmasq-dhcp[22342]: read /var/lib/neutron/dhcp/e1dc960d-12d2-4f3e-b47b-2f7dd665ed93/opts
Sep 29 20:40:20 gtw01 dnsmasq[22090]: read /var/lib/neutron/dhcp/92d0c14c-15fe-442d-a921-83c976f1f781/addn_hosts - 1 addresses
Sep 29 20:40:20 gtw01 dnsmasq-dhcp[22090]: read /var/lib/neutron/dhcp/92d0c14c-15fe-442d-a921-83c976f1f781/host
Sep 29 20:40:20 gtw01 dnsmasq-dhcp[22090]: read /var/lib/neutron/dhcp/92d0c14c-15fe-442d-a921-83c976f1f781/opts
Sep 29 20:40:21 gtw01 dnsmasq[22342]: read /var/lib/neutron/dhcp/e1dc960d-12d2-4f3e-b47b-2f7dd665ed93/addn_hosts - 3 addresses
Sep 29 20:40:21 gtw01 dnsmasq-dhcp[22342]: read /var/lib/neutron/dhcp/e1dc960d-12d2-4f3e-b47b-2f7dd665ed93/host
Sep 29 20:40:21 gtw01 dnsmasq-dhcp[22342]: read /var/lib/neutron/dhcp/e1dc960d-12d2-4f3e-b47b-2f7dd665ed93/opts
Sep 29 20:40:24 gtw01 dnsmasq[22418]: started, version 2.80 cachesize 150
Sep 29 20:40:24 gtw01 dnsmasq[22418]: DNS service limited to local subnets
Sep 29 20:40:24 gtw01 dnsmasq[22418]: compile time options: IPv6 GNU-getopt DBus i18n IDN DHCP DHCPv6 no-Lua TFTP conntrack ipset auth DNSSEC loop-detect inotify dumpfile
Sep 29 20:40:24 gtw01 dnsmasq[22418]: warning: no upstream servers configured
Sep 29 20:40:24 gtw01 dnsmasq-dhcp[22418]: DHCP, static leases only on 192.168.120.16, lease time 1h
Sep 29 20:40:24 gtw01 dnsmasq-dhcp[22418]: DHCP, static leases only on 192.168.120.0, lease time 1h
Sep 29 20:40:24 gtw01 dnsmasq[22418]: read /var/lib/neutron/dhcp/e1dc960d-12d2-4f3e-b47b-2f7dd665ed93/addn_hosts - 2 addresses
Sep 29 20:40:24 gtw01 dnsmasq-dhcp[22418]: read /var/lib/neutron/dhcp/e1dc960d-12d2-4f3e-b47b-2f7dd665ed93/host
Sep 29 20:40:24 gtw01 dnsmasq-dhcp[22418]: read /var/lib/neutron/dhcp/e1dc960d-12d2-4f3e-b47b-2f7dd665ed93/opts
Sep 29 20:40:24 gtw01 dnsmasq[21807]: read /var/lib/neutron/dhcp/861ea631-58f5-452d-89e3-b30be96d2a73/addn_hosts - 4 addresses
Sep 29 20:40:24 gtw01 dnsmasq-dhcp[21807]: read /var/lib/neutron/dhcp/861ea631-58f5-452d-89e3-b30be96d2a73/host
Sep 29 20:40:24 gtw01 dnsmasq-dhcp[21807]: read /var/lib/neutron/dhcp/861ea631-58f5-452d-89e3-b30be96d2a73/opts
Sep 29 20:40:24 gtw01 dnsmasq[22418]: read /var/lib/neutron/dhcp/e1dc960d-12d2-4f3e-b47b-2f7dd665ed93/addn_hosts - 2 addresses
Sep 29 20:40:24 gtw01 dnsmasq-dhcp[22418]: read /var/lib/neutron/dhcp/e1dc960d-12d2-4f3e-b47b-2f7dd665ed93/host
Sep 29 20:40:24 gtw01 dnsmasq-dhcp[22418]: read /var/lib/neutron/dhcp/e1dc960d-12d2-4f3e-b47b-2f7dd665ed93/opts
Sep 29 20:40:25 gtw01 dnsmasq[21733]: read /var/lib/neutron/dhcp/532e47f1-7740-41af-aa90-530a4ce2d1b7/addn_hosts - 2 addresses
Sep 29 20:40:25 gtw01 dnsmasq-dhcp[21733]: read /var/lib/neutron/dhcp/532e47f1-7740-41af-aa90-530a4ce2d1b7/host
Sep 29 20:40:25 gtw01 dnsmasq-dhcp[21733]: read /var/lib/neutron/dhcp/532e47f1-7740-41af-aa90-530a4ce2d1b7/opts
Sep 29 20:40:26 gtw01 dnsmasq[21733]: read /var/lib/neutron/dhcp/532e47f1-7740-41af-aa90-530a4ce2d1b7/addn_hosts - 2 addresses
Sep 29 20:40:26 gtw01 dnsmasq-dhcp[21733]: read /var/lib/neutron/dhcp/532e47f1-7740-41af-aa90-530a4ce2d1b7/host
Sep 29 20:40:26 gtw01 dnsmasq-dhcp[21733]: read /var/lib/neutron/dhcp/532e47f1-7740-41af-aa90-530a4ce2d1b7/opts
Sep 29 20:40:30 gtw01 dnsmasq[21733]: read /var/lib/neutron/dhcp/532e47f1-7740-41af-aa90-530a4ce2d1b7/addn_hosts - 1 addresses
Sep 29 20:40:30 gtw01 dnsmasq-dhcp[21733]: read /var/lib/neutron/dhcp/532e47f1-7740-41af-aa90-530a4ce2d1b7/host
Sep 29 20:40:30 gtw01 dnsmasq-dhcp[21733]: read /var/lib/neutron/dhcp/532e47f1-7740-41af-aa90-530a4ce2d1b7/opts
Sep 29 20:40:32 gtw01 dnsmasq[21807]: read /var/lib/neutron/dhcp/861ea631-58f5-452d-89e3-b30be96d2a73/addn_hosts - 5 addresses
Sep 29 20:40:32 gtw01 dnsmasq-dhcp[21807]: read /var/lib/neutron/dhcp/861ea631-58f5-452d-89e3-b30be96d2a73/host
Sep 29 20:40:32 gtw01 dnsmasq-dhcp[21807]: read /var/lib/neutron/dhcp/861ea631-58f5-452d-89e3-b30be96d2a73/opts
Sep 29 20:40:32 gtw01 dnsmasq[21733]: read /var/lib/neutron/dhcp/532e47f1-7740-41af-aa90-530a4ce2d1b7/addn_hosts - 2 addresses
Sep 29 20:40:32 gtw01 dnsmasq-dhcp[21733]: read /var/lib/neutron/dhcp/532e47f1-7740-41af-aa90-530a4ce2d1b7/host
Sep 29 20:40:32 gtw01 dnsmasq-dhcp[21733]: read /var/lib/neutron/dhcp/532e47f1-7740-41af-aa90-530a4ce2d1b7/opts
Sep 29 20:40:33 gtw01 dnsmasq[21807]: read /var/lib/neutron/dhcp/861ea631-58f5-452d-89e3-b30be96d2a73/addn_hosts - 5 addresses
Sep 29 20:40:33 gtw01 dnsmasq-dhcp[21807]: read /var/lib/neutron/dhcp/861ea631-58f5-452d-89e3-b30be96d2a73/host
Sep 29 20:40:33 gtw01 dnsmasq-dhcp[21807]: read /var/lib/neutron/dhcp/861ea631-58f5-452d-89e3-b30be96d2a73/opts
Sep 29 20:40:33 gtw01 dnsmasq[21733]: read /var/lib/neutron/dhcp/532e47f1-7740-41af-aa90-530a4ce2d1b7/addn_hosts - 2 addresses
Sep 29 20:40:33 gtw01 dnsmasq-dhcp[21733]: read /var/lib/neutron/dhcp/532e47f1-7740-41af-aa90-530a4ce2d1b7/host
Sep 29 20:40:33 gtw01 dnsmasq-dhcp[21733]: read /var/lib/neutron/dhcp/532e47f1-7740-41af-aa90-530a4ce2d1b7/opts
Sep 29 20:40:36 gtw01 dnsmasq[21733]: read /var/lib/neutron/dhcp/532e47f1-7740-41af-aa90-530a4ce2d1b7/addn_hosts - 1 addresses
Sep 29 20:40:36 gtw01 dnsmasq-dhcp[21733]: read /var/lib/neutron/dhcp/532e47f1-7740-41af-aa90-530a4ce2d1b7/host
Sep 29 20:40:36 gtw01 dnsmasq-dhcp[21733]: read /var/lib/neutron/dhcp/532e47f1-7740-41af-aa90-530a4ce2d1b7/opts
Sep 29 20:40:36 gtw01 dnsmasq[22418]: read /var/lib/neutron/dhcp/e1dc960d-12d2-4f3e-b47b-2f7dd665ed93/addn_hosts - 2 addresses
Sep 29 20:40:36 gtw01 dnsmasq-dhcp[22418]: read /var/lib/neutron/dhcp/e1dc960d-12d2-4f3e-b47b-2f7dd665ed93/host
Sep 29 20:40:36 gtw01 dnsmasq-dhcp[22418]: read /var/lib/neutron/dhcp/e1dc960d-12d2-4f3e-b47b-2f7dd665ed93/opts
Sep 29 20:40:37 gtw01 dnsmasq[21628]: read /var/lib/neutron/dhcp/e40a52b4-b163-4f5c-a479-014baf15cebc/addn_hosts - 2 addresses
Sep 29 20:40:37 gtw01 dnsmasq-dhcp[21628]: read /var/lib/neutron/dhcp/e40a52b4-b163-4f5c-a479-014baf15cebc/host
Sep 29 20:40:37 gtw01 dnsmasq-dhcp[21628]: read /var/lib/neutron/dhcp/e40a52b4-b163-4f5c-a479-014baf15cebc/opts
Sep 29 20:40:38 gtw01 dnsmasq[21807]: read /var/lib/neutron/dhcp/861ea631-58f5-452d-89e3-b30be96d2a73/addn_hosts - 6 addresses
Sep 29 20:40:38 gtw01 dnsmasq-dhcp[21807]: read /var/lib/neutron/dhcp/861ea631-58f5-452d-89e3-b30be96d2a73/host
Sep 29 20:40:38 gtw01 dnsmasq-dhcp[21807]: read /var/lib/neutron/dhcp/861ea631-58f5-452d-89e3-b30be96d2a73/opts
Sep 29 20:40:39 gtw01 dnsmasq[21733]: read /var/lib/neutron/dhcp/532e47f1-7740-41af-aa90-530a4ce2d1b7/addn_hosts - 2 addresses
Sep 29 20:40:39 gtw01 dnsmasq-dhcp[21733]: read /var/lib/neutron/dhcp/532e47f1-7740-41af-aa90-530a4ce2d1b7/host
Sep 29 20:40:39 gtw01 dnsmasq-dhcp[21733]: read /var/lib/neutron/dhcp/532e47f1-7740-41af-aa90-530a4ce2d1b7/opts
Sep 29 20:40:40 gtw01 dnsmasq[21733]: read /var/lib/neutron/dhcp/532e47f1-7740-41af-aa90-530a4ce2d1b7/addn_hosts - 2 addresses
Sep 29 20:40:40 gtw01 dnsmasq-dhcp[21733]: read /var/lib/neutron/dhcp/532e47f1-7740-41af-aa90-530a4ce2d1b7/host
Sep 29 20:40:40 gtw01 dnsmasq-dhcp[21733]: read /var/lib/neutron/dhcp/532e47f1-7740-41af-aa90-530a4ce2d1b7/opts
Sep 29 20:40:42 gtw01 dnsmasq[21628]: read /var/lib/neutron/dhcp/e40a52b4-b163-4f5c-a479-014baf15cebc/addn_hosts - 1 addresses
Sep 29 20:40:42 gtw01 dnsmasq-dhcp[21628]: read /var/lib/neutron/dhcp/e40a52b4-b163-4f5c-a479-014baf15cebc/host
Sep 29 20:40:42 gtw01 dnsmasq-dhcp[21628]: read /var/lib/neutron/dhcp/e40a52b4-b163-4f5c-a479-014baf15cebc/opts
Sep 29 20:40:42 gtw01 dnsmasq[22716]: started, version 2.80 cachesize 150
Sep 29 20:40:42 gtw01 dnsmasq[22716]: DNS service limited to local subnets
Sep 29 20:40:42 gtw01 dnsmasq[22716]: compile time options: IPv6 GNU-getopt DBus i18n IDN DHCP DHCPv6 no-Lua TFTP conntrack ipset auth DNSSEC loop-detect inotify dumpfile
Sep 29 20:40:42 gtw01 dnsmasq[22716]: warning: no upstream servers configured
Sep 29 20:40:42 gtw01 dnsmasq-dhcp[22716]: DHCP, static leases only on 192.168.120.0, lease time 1h
Sep 29 20:40:42 gtw01 dnsmasq[22716]: read /var/lib/neutron/dhcp/e1dc960d-12d2-4f3e-b47b-2f7dd665ed93/addn_hosts - 1 addresses
Sep 29 20:40:42 gtw01 dnsmasq-dhcp[22716]: read /var/lib/neutron/dhcp/e1dc960d-12d2-4f3e-b47b-2f7dd665ed93/host
Sep 29 20:40:42 gtw01 dnsmasq-dhcp[22716]: read /var/lib/neutron/dhcp/e1dc960d-12d2-4f3e-b47b-2f7dd665ed93/opts
Sep 29 20:40:43 gtw01 kernel: [ 9201.202254] device tap4953fdcb-3a left promiscuous mode
Sep 29 20:40:43 gtw01 dnsmasq[21807]: read /var/lib/neutron/dhcp/861ea631-58f5-452d-89e3-b30be96d2a73/addn_hosts - 7 addresses
Sep 29 20:40:43 gtw01 dnsmasq-dhcp[21807]: read /var/lib/neutron/dhcp/861ea631-58f5-452d-89e3-b30be96d2a73/host
Sep 29 20:40:43 gtw01 dnsmasq-dhcp[21807]: read /var/lib/neutron/dhcp/861ea631-58f5-452d-89e3-b30be96d2a73/opts
Sep 29 20:40:45 gtw01 dnsmasq[21733]: read /var/lib/neutron/dhcp/532e47f1-7740-41af-aa90-530a4ce2d1b7/addn_hosts - 1 addresses
Sep 29 20:40:45 gtw01 dnsmasq-dhcp[21733]: read /var/lib/neutron/dhcp/532e47f1-7740-41af-aa90-530a4ce2d1b7/host
Sep 29 20:40:45 gtw01 dnsmasq-dhcp[21733]: read /var/lib/neutron/dhcp/532e47f1-7740-41af-aa90-530a4ce2d1b7/opts
Sep 29 20:40:46 gtw01 dnsmasq[21807]: read /var/lib/neutron/dhcp/861ea631-58f5-452d-89e3-b30be96d2a73/addn_hosts - 9 addresses
Sep 29 20:40:46 gtw01 dnsmasq-dhcp[21807]: read /var/lib/neutron/dhcp/861ea631-58f5-452d-89e3-b30be96d2a73/host
Sep 29 20:40:46 gtw01 dnsmasq-dhcp[21807]: read /var/lib/neutron/dhcp/861ea631-58f5-452d-89e3-b30be96d2a73/opts
Sep 29 20:40:47 gtw01 dnsmasq[21628]: read /var/lib/neutron/dhcp/e40a52b4-b163-4f5c-a479-014baf15cebc/addn_hosts - 2 addresses
Sep 29 20:40:47 gtw01 dnsmasq-dhcp[21628]: read /var/lib/neutron/dhcp/e40a52b4-b163-4f5c-a479-014baf15cebc/host
Sep 29 20:40:47 gtw01 dnsmasq-dhcp[21628]: read /var/lib/neutron/dhcp/e40a52b4-b163-4f5c-a479-014baf15cebc/opts
Sep 29 20:40:47 gtw01 dnsmasq[21733]: read /var/lib/neutron/dhcp/532e47f1-7740-41af-aa90-530a4ce2d1b7/addn_hosts - 2 addresses
Sep 29 20:40:47 gtw01 dnsmasq-dhcp[21733]: read /var/lib/neutron/dhcp/532e47f1-7740-41af-aa90-530a4ce2d1b7/host
Sep 29 20:40:47 gtw01 dnsmasq-dhcp[21733]: read /var/lib/neutron/dhcp/532e47f1-7740-41af-aa90-530a4ce2d1b7/opts
Sep 29 20:40:48 gtw01 dnsmasq[21733]: read /var/lib/neutron/dhcp/532e47f1-7740-41af-aa90-530a4ce2d1b7/addn_hosts - 2 addresses
Sep 29 20:40:48 gtw01 dnsmasq-dhcp[21733]: read /var/lib/neutron/dhcp/532e47f1-7740-41af-aa90-530a4ce2d1b7/host
Sep 29 20:40:48 gtw01 dnsmasq-dhcp[21733]: read /var/lib/neutron/dhcp/532e47f1-7740-41af-aa90-530a4ce2d1b7/opts
Sep 29 20:40:48 gtw01 dnsmasq[21807]: read /var/lib/neutron/dhcp/861ea631-58f5-452d-89e3-b30be96d2a73/addn_hosts - 10 addresses
Sep 29 20:40:48 gtw01 dnsmasq-dhcp[21807]: read /var/lib/neutron/dhcp/861ea631-58f5-452d-89e3-b30be96d2a73/host
Sep 29 20:40:48 gtw01 dnsmasq-dhcp[21807]: read /var/lib/neutron/dhcp/861ea631-58f5-452d-89e3-b30be96d2a73/opts
Sep 29 20:40:50 gtw01 dnsmasq[21628]: read /var/lib/neutron/dhcp/e40a52b4-b163-4f5c-a479-014baf15cebc/addn_hosts - 1 addresses
Sep 29 20:40:50 gtw01 dnsmasq-dhcp[21628]: read /var/lib/neutron/dhcp/e40a52b4-b163-4f5c-a479-014baf15cebc/host
Sep 29 20:40:50 gtw01 dnsmasq-dhcp[21628]: read /var/lib/neutron/dhcp/e40a52b4-b163-4f5c-a479-014baf15cebc/opts
Sep 29 20:40:50 gtw01 dnsmasq[21807]: read /var/lib/neutron/dhcp/861ea631-58f5-452d-89e3-b30be96d2a73/addn_hosts - 11 addresses
Sep 29 20:40:50 gtw01 dnsmasq-dhcp[21807]: read /var/lib/neutron/dhcp/861ea631-58f5-452d-89e3-b30be96d2a73/host
Sep 29 20:40:50 gtw01 dnsmasq-dhcp[21807]: read /var/lib/neutron/dhcp/861ea631-58f5-452d-89e3-b30be96d2a73/opts
Sep 29 20:40:51 gtw01 dnsmasq[21733]: read /var/lib/neutron/dhcp/532e47f1-7740-41af-aa90-530a4ce2d1b7/addn_hosts - 1 addresses
Sep 29 20:40:51 gtw01 dnsmasq-dhcp[21733]: read /var/lib/neutron/dhcp/532e47f1-7740-41af-aa90-530a4ce2d1b7/host
Sep 29 20:40:51 gtw01 dnsmasq-dhcp[21733]: read /var/lib/neutron/dhcp/532e47f1-7740-41af-aa90-530a4ce2d1b7/opts
Sep 29 20:40:52 gtw01 dnsmasq[21807]: read /var/lib/neutron/dhcp/861ea631-58f5-452d-89e3-b30be96d2a73/addn_hosts - 12 addresses
Sep 29 20:40:52 gtw01 dnsmasq-dhcp[21807]: read /var/lib/neutron/dhcp/861ea631-58f5-452d-89e3-b30be96d2a73/host
Sep 29 20:40:52 gtw01 dnsmasq-dhcp[21807]: read /var/lib/neutron/dhcp/861ea631-58f5-452d-89e3-b30be96d2a73/opts
Sep 29 20:40:53 gtw01 kernel: [ 9211.359857] device tapbc349fab-e5 left promiscuous mode
Sep 29 20:40:53 gtw01 dnsmasq[21807]: read /var/lib/neutron/dhcp/861ea631-58f5-452d-89e3-b30be96d2a73/addn_hosts - 11 addresses
Sep 29 20:40:53 gtw01 dnsmasq-dhcp[21807]: read /var/lib/neutron/dhcp/861ea631-58f5-452d-89e3-b30be96d2a73/host
Sep 29 20:40:53 gtw01 dnsmasq-dhcp[21807]: read /var/lib/neutron/dhcp/861ea631-58f5-452d-89e3-b30be96d2a73/opts
Sep 29 20:40:56 gtw01 systemd-udevd[22960]: Could not generate persistent MAC address for tap4bd12386-16: No such file or directory
Sep 29 20:40:56 gtw01 kernel: [ 9214.801180] device tap4bd12386-16 entered promiscuous mode
Sep 29 20:40:56 gtw01 systemd-udevd[22960]: Process '/sbin/ip link set tap4bd12386-16 txqueuelen 10000' failed with exit code 1.
Sep 29 20:40:56 gtw01 systemd-udevd[23034]: Process '/sbin/ip link set tap4bd12386-16 txqueuelen 10000' failed with exit code 1.
Sep 29 20:40:56 gtw01 dnsmasq[21807]: read /var/lib/neutron/dhcp/861ea631-58f5-452d-89e3-b30be96d2a73/addn_hosts - 12 addresses
Sep 29 20:40:56 gtw01 dnsmasq-dhcp[21807]: read /var/lib/neutron/dhcp/861ea631-58f5-452d-89e3-b30be96d2a73/host
Sep 29 20:40:56 gtw01 dnsmasq-dhcp[21807]: read /var/lib/neutron/dhcp/861ea631-58f5-452d-89e3-b30be96d2a73/opts
Sep 29 20:40:57 gtw01 dnsmasq[21807]: read /var/lib/neutron/dhcp/861ea631-58f5-452d-89e3-b30be96d2a73/addn_hosts - 12 addresses
Sep 29 20:40:57 gtw01 dnsmasq-dhcp[21807]: read /var/lib/neutron/dhcp/861ea631-58f5-452d-89e3-b30be96d2a73/host
Sep 29 20:40:57 gtw01 dnsmasq-dhcp[21807]: read /var/lib/neutron/dhcp/861ea631-58f5-452d-89e3-b30be96d2a73/opts
Sep 29 20:40:59 gtw01 dnsmasq[21807]: read /var/lib/neutron/dhcp/861ea631-58f5-452d-89e3-b30be96d2a73/addn_hosts - 13 addresses
Sep 29 20:40:59 gtw01 dnsmasq-dhcp[21807]: read /var/lib/neutron/dhcp/861ea631-58f5-452d-89e3-b30be96d2a73/host
Sep 29 20:40:59 gtw01 dnsmasq-dhcp[21807]: read /var/lib/neutron/dhcp/861ea631-58f5-452d-89e3-b30be96d2a73/opts
Sep 29 20:41:00 gtw01 dnsmasq[23135]: started, version 2.80 cachesize 150
Sep 29 20:41:00 gtw01 dnsmasq[23135]: DNS service limited to local subnets
Sep 29 20:41:00 gtw01 dnsmasq[23135]: compile time options: IPv6 GNU-getopt DBus i18n IDN DHCP DHCPv6 no-Lua TFTP conntrack ipset auth DNSSEC loop-detect inotify dumpfile
Sep 29 20:41:00 gtw01 dnsmasq[23135]: warning: no upstream servers configured
Sep 29 20:41:00 gtw01 dnsmasq-dhcp[23135]: DHCP, static leases only on 192.168.120.0, lease time 1h
Sep 29 20:41:00 gtw01 dnsmasq[23135]: read /var/lib/neutron/dhcp/e0bc0e3a-d409-4549-98c8-81f017c7c255/addn_hosts - 1 addresses
Sep 29 20:41:00 gtw01 dnsmasq-dhcp[23135]: read /var/lib/neutron/dhcp/e0bc0e3a-d409-4549-98c8-81f017c7c255/host
Sep 29 20:41:00 gtw01 dnsmasq-dhcp[23135]: read /var/lib/neutron/dhcp/e0bc0e3a-d409-4549-98c8-81f017c7c255/opts
Sep 29 20:41:00 gtw01 haproxy-metadata-proxy-e0bc0e3a-d409-4549-98c8-81f017c7c255[23139]: Proxy listener started.
Sep 29 20:41:01 gtw01 dnsmasq[23135]: read /var/lib/neutron/dhcp/e0bc0e3a-d409-4549-98c8-81f017c7c255/addn_hosts - 1 addresses
Sep 29 20:41:01 gtw01 dnsmasq-dhcp[23135]: read /var/lib/neutron/dhcp/e0bc0e3a-d409-4549-98c8-81f017c7c255/host
Sep 29 20:41:01 gtw01 dnsmasq-dhcp[23135]: read /var/lib/neutron/dhcp/e0bc0e3a-d409-4549-98c8-81f017c7c255/opts
Sep 29 20:41:01 gtw01 dnsmasq[23135]: read /var/lib/neutron/dhcp/e0bc0e3a-d409-4549-98c8-81f017c7c255/addn_hosts - 1 addresses
Sep 29 20:41:01 gtw01 dnsmasq-dhcp[23135]: read /var/lib/neutron/dhcp/e0bc0e3a-d409-4549-98c8-81f017c7c255/host
Sep 29 20:41:01 gtw01 dnsmasq-dhcp[23135]: read /var/lib/neutron/dhcp/e0bc0e3a-d409-4549-98c8-81f017c7c255/opts
Sep 29 20:41:02 gtw01 dnsmasq[23135]: read /var/lib/neutron/dhcp/e0bc0e3a-d409-4549-98c8-81f017c7c255/addn_hosts - 2 addresses
Sep 29 20:41:02 gtw01 dnsmasq-dhcp[23135]: read /var/lib/neutron/dhcp/e0bc0e3a-d409-4549-98c8-81f017c7c255/host
Sep 29 20:41:02 gtw01 dnsmasq-dhcp[23135]: read /var/lib/neutron/dhcp/e0bc0e3a-d409-4549-98c8-81f017c7c255/opts
Sep 29 20:41:03 gtw01 dnsmasq[21807]: read /var/lib/neutron/dhcp/861ea631-58f5-452d-89e3-b30be96d2a73/addn_hosts - 13 addresses
Sep 29 20:41:03 gtw01 dnsmasq-dhcp[21807]: read /var/lib/neutron/dhcp/861ea631-58f5-452d-89e3-b30be96d2a73/host
Sep 29 20:41:03 gtw01 dnsmasq-dhcp[21807]: read /var/lib/neutron/dhcp/861ea631-58f5-452d-89e3-b30be96d2a73/opts
Sep 29 20:41:04 gtw01 dnsmasq[23135]: read /var/lib/neutron/dhcp/e0bc0e3a-d409-4549-98c8-81f017c7c255/addn_hosts - 2 addresses
Sep 29 20:41:04 gtw01 dnsmasq-dhcp[23135]: read /var/lib/neutron/dhcp/e0bc0e3a-d409-4549-98c8-81f017c7c255/host
Sep 29 20:41:04 gtw01 dnsmasq-dhcp[23135]: read /var/lib/neutron/dhcp/e0bc0e3a-d409-4549-98c8-81f017c7c255/opts
Sep 29 20:41:04 gtw01 dnsmasq[21807]: read /var/lib/neutron/dhcp/861ea631-58f5-452d-89e3-b30be96d2a73/addn_hosts - 13 addresses
Sep 29 20:41:04 gtw01 dnsmasq-dhcp[21807]: read /var/lib/neutron/dhcp/861ea631-58f5-452d-89e3-b30be96d2a73/host
Sep 29 20:41:04 gtw01 dnsmasq-dhcp[21807]: read /var/lib/neutron/dhcp/861ea631-58f5-452d-89e3-b30be96d2a73/opts
Sep 29 20:41:05 gtw01 dnsmasq[23135]: read /var/lib/neutron/dhcp/e0bc0e3a-d409-4549-98c8-81f017c7c255/addn_hosts - 2 addresses
Sep 29 20:41:05 gtw01 dnsmasq-dhcp[23135]: read /var/lib/neutron/dhcp/e0bc0e3a-d409-4549-98c8-81f017c7c255/host
Sep 29 20:41:05 gtw01 dnsmasq-dhcp[23135]: read /var/lib/neutron/dhcp/e0bc0e3a-d409-4549-98c8-81f017c7c255/opts
Sep 29 20:41:06 gtw01 dnsmasq[23135]: read /var/lib/neutron/dhcp/e0bc0e3a-d409-4549-98c8-81f017c7c255/addn_hosts - 1 addresses
Sep 29 20:41:06 gtw01 dnsmasq-dhcp[23135]: read /var/lib/neutron/dhcp/e0bc0e3a-d409-4549-98c8-81f017c7c255/host
Sep 29 20:41:06 gtw01 dnsmasq-dhcp[23135]: read /var/lib/neutron/dhcp/e0bc0e3a-d409-4549-98c8-81f017c7c255/opts
Sep 29 20:41:06 gtw01 dnsmasq[21807]: read /var/lib/neutron/dhcp/861ea631-58f5-452d-89e3-b30be96d2a73/addn_hosts - 14 addresses
Sep 29 20:41:06 gtw01 dnsmasq-dhcp[21807]: read /var/lib/neutron/dhcp/861ea631-58f5-452d-89e3-b30be96d2a73/host
Sep 29 20:41:06 gtw01 dnsmasq-dhcp[21807]: read /var/lib/neutron/dhcp/861ea631-58f5-452d-89e3-b30be96d2a73/opts
Sep 29 20:41:07 gtw01 dnsmasq[21807]: read /var/lib/neutron/dhcp/861ea631-58f5-452d-89e3-b30be96d2a73/addn_hosts - 14 addresses
Sep 29 20:41:07 gtw01 dnsmasq-dhcp[21807]: read /var/lib/neutron/dhcp/861ea631-58f5-452d-89e3-b30be96d2a73/host
Sep 29 20:41:07 gtw01 dnsmasq-dhcp[21807]: read /var/lib/neutron/dhcp/861ea631-58f5-452d-89e3-b30be96d2a73/opts
Sep 29 20:41:09 gtw01 dnsmasq[21807]: read /var/lib/neutron/dhcp/861ea631-58f5-452d-89e3-b30be96d2a73/addn_hosts - 15 addresses
Sep 29 20:41:09 gtw01 dnsmasq-dhcp[21807]: read /var/lib/neutron/dhcp/861ea631-58f5-452d-89e3-b30be96d2a73/host
Sep 29 20:41:09 gtw01 dnsmasq-dhcp[21807]: read /var/lib/neutron/dhcp/861ea631-58f5-452d-89e3-b30be96d2a73/opts
Sep 29 20:41:10 gtw01 dnsmasq[21807]: read /var/lib/neutron/dhcp/861ea631-58f5-452d-89e3-b30be96d2a73/addn_hosts - 15 addresses
Sep 29 20:41:10 gtw01 dnsmasq-dhcp[21807]: read /var/lib/neutron/dhcp/861ea631-58f5-452d-89e3-b30be96d2a73/host
Sep 29 20:41:10 gtw01 dnsmasq-dhcp[21807]: read /var/lib/neutron/dhcp/861ea631-58f5-452d-89e3-b30be96d2a73/opts
Sep 29 20:41:10 gtw01 dnsmasq[21628]: read /var/lib/neutron/dhcp/e40a52b4-b163-4f5c-a479-014baf15cebc/addn_hosts - 2 addresses
Sep 29 20:41:10 gtw01 dnsmasq-dhcp[21628]: read /var/lib/neutron/dhcp/e40a52b4-b163-4f5c-a479-014baf15cebc/host
Sep 29 20:41:10 gtw01 dnsmasq-dhcp[21628]: read /var/lib/neutron/dhcp/e40a52b4-b163-4f5c-a479-014baf15cebc/opts
Sep 29 20:41:11 gtw01 dnsmasq[21807]: read /var/lib/neutron/dhcp/861ea631-58f5-452d-89e3-b30be96d2a73/addn_hosts - 15 addresses
Sep 29 20:41:11 gtw01 dnsmasq-dhcp[21807]: read /var/lib/neutron/dhcp/861ea631-58f5-452d-89e3-b30be96d2a73/host
Sep 29 20:41:11 gtw01 dnsmasq-dhcp[21807]: read /var/lib/neutron/dhcp/861ea631-58f5-452d-89e3-b30be96d2a73/opts
Sep 29 20:41:12 gtw01 dnsmasq[21807]: read /var/lib/neutron/dhcp/861ea631-58f5-452d-89e3-b30be96d2a73/addn_hosts - 15 addresses
Sep 29 20:41:12 gtw01 dnsmasq-dhcp[21807]: read /var/lib/neutron/dhcp/861ea631-58f5-452d-89e3-b30be96d2a73/host
Sep 29 20:41:12 gtw01 dnsmasq-dhcp[21807]: read /var/lib/neutron/dhcp/861ea631-58f5-452d-89e3-b30be96d2a73/opts
Sep 29 20:41:12 gtw01 dnsmasq[21628]: read /var/lib/neutron/dhcp/e40a52b4-b163-4f5c-a479-014baf15cebc/addn_hosts - 1 addresses
Sep 29 20:41:12 gtw01 dnsmasq-dhcp[21628]: read /var/lib/neutron/dhcp/e40a52b4-b163-4f5c-a479-014baf15cebc/host
Sep 29 20:41:12 gtw01 dnsmasq-dhcp[21628]: read /var/lib/neutron/dhcp/e40a52b4-b163-4f5c-a479-014baf15cebc/opts
Sep 29 20:41:13 gtw01 dnsmasq[21807]: read /var/lib/neutron/dhcp/861ea631-58f5-452d-89e3-b30be96d2a73/addn_hosts - 16 addresses
Sep 29 20:41:13 gtw01 dnsmasq-dhcp[21807]: read /var/lib/neutron/dhcp/861ea631-58f5-452d-89e3-b30be96d2a73/host
Sep 29 20:41:13 gtw01 dnsmasq-dhcp[21807]: read /var/lib/neutron/dhcp/861ea631-58f5-452d-89e3-b30be96d2a73/opts
Sep 29 20:41:14 gtw01 dnsmasq[21807]: read /var/lib/neutron/dhcp/861ea631-58f5-452d-89e3-b30be96d2a73/addn_hosts - 16 addresses
Sep 29 20:41:14 gtw01 dnsmasq-dhcp[21807]: read /var/lib/neutron/dhcp/861ea631-58f5-452d-89e3-b30be96d2a73/host
Sep 29 20:41:14 gtw01 dnsmasq-dhcp[21807]: read /var/lib/neutron/dhcp/861ea631-58f5-452d-89e3-b30be96d2a73/opts
Sep 29 20:41:15 gtw01 dnsmasq[21628]: read /var/lib/neutron/dhcp/e40a52b4-b163-4f5c-a479-014baf15cebc/addn_hosts - 2 addresses
Sep 29 20:41:15 gtw01 dnsmasq-dhcp[21628]: read /var/lib/neutron/dhcp/e40a52b4-b163-4f5c-a479-014baf15cebc/host
Sep 29 20:41:15 gtw01 dnsmasq-dhcp[21628]: read /var/lib/neutron/dhcp/e40a52b4-b163-4f5c-a479-014baf15cebc/opts
Sep 29 20:41:16 gtw01 dnsmasq[21807]: read /var/lib/neutron/dhcp/861ea631-58f5-452d-89e3-b30be96d2a73/addn_hosts - 16 addresses
Sep 29 20:41:16 gtw01 dnsmasq-dhcp[21807]: read /var/lib/neutron/dhcp/861ea631-58f5-452d-89e3-b30be96d2a73/host
Sep 29 20:41:16 gtw01 dnsmasq-dhcp[21807]: read /var/lib/neutron/dhcp/861ea631-58f5-452d-89e3-b30be96d2a73/opts
Sep 29 20:41:17 gtw01 dnsmasq[21628]: read /var/lib/neutron/dhcp/e40a52b4-b163-4f5c-a479-014baf15cebc/addn_hosts - 1 addresses
Sep 29 20:41:17 gtw01 dnsmasq-dhcp[21628]: read /var/lib/neutron/dhcp/e40a52b4-b163-4f5c-a479-014baf15cebc/host
Sep 29 20:41:17 gtw01 dnsmasq-dhcp[21628]: read /var/lib/neutron/dhcp/e40a52b4-b163-4f5c-a479-014baf15cebc/opts
Sep 29 20:41:17 gtw01 dnsmasq[21807]: read /var/lib/neutron/dhcp/861ea631-58f5-452d-89e3-b30be96d2a73/addn_hosts - 16 addresses
Sep 29 20:41:17 gtw01 dnsmasq-dhcp[21807]: read /var/lib/neutron/dhcp/861ea631-58f5-452d-89e3-b30be96d2a73/host
Sep 29 20:41:17 gtw01 dnsmasq-dhcp[21807]: read /var/lib/neutron/dhcp/861ea631-58f5-452d-89e3-b30be96d2a73/opts
Sep 29 20:41:18 gtw01 dnsmasq[21807]: read /var/lib/neutron/dhcp/861ea631-58f5-452d-89e3-b30be96d2a73/addn_hosts - 17 addresses
Sep 29 20:41:18 gtw01 dnsmasq-dhcp[21807]: read /var/lib/neutron/dhcp/861ea631-58f5-452d-89e3-b30be96d2a73/host
Sep 29 20:41:18 gtw01 dnsmasq-dhcp[21807]: read /var/lib/neutron/dhcp/861ea631-58f5-452d-89e3-b30be96d2a73/opts
Sep 29 20:41:20 gtw01 dnsmasq[21807]: read /var/lib/neutron/dhcp/861ea631-58f5-452d-89e3-b30be96d2a73/addn_hosts - 17 addresses
Sep 29 20:41:20 gtw01 dnsmasq-dhcp[21807]: read /var/lib/neutron/dhcp/861ea631-58f5-452d-89e3-b30be96d2a73/host
Sep 29 20:41:20 gtw01 dnsmasq-dhcp[21807]: read /var/lib/neutron/dhcp/861ea631-58f5-452d-89e3-b30be96d2a73/opts
Sep 29 20:41:21 gtw01 dnsmasq[21628]: read /var/lib/neutron/dhcp/e40a52b4-b163-4f5c-a479-014baf15cebc/addn_hosts - 2 addresses
Sep 29 20:41:21 gtw01 dnsmasq-dhcp[21628]: read /var/lib/neutron/dhcp/e40a52b4-b163-4f5c-a479-014baf15cebc/host
Sep 29 20:41:21 gtw01 dnsmasq-dhcp[21628]: read /var/lib/neutron/dhcp/e40a52b4-b163-4f5c-a479-014baf15cebc/opts
Sep 29 20:41:22 gtw01 dnsmasq[21807]: read /var/lib/neutron/dhcp/861ea631-58f5-452d-89e3-b30be96d2a73/addn_hosts - 17 addresses
Sep 29 20:41:22 gtw01 dnsmasq-dhcp[21807]: read /var/lib/neutron/dhcp/861ea631-58f5-452d-89e3-b30be96d2a73/host
Sep 29 20:41:22 gtw01 dnsmasq-dhcp[21807]: read /var/lib/neutron/dhcp/861ea631-58f5-452d-89e3-b30be96d2a73/opts
Sep 29 20:41:23 gtw01 dnsmasq[21807]: read /var/lib/neutron/dhcp/861ea631-58f5-452d-89e3-b30be96d2a73/addn_hosts - 17 addresses
Sep 29 20:41:23 gtw01 dnsmasq-dhcp[21807]: read /var/lib/neutron/dhcp/861ea631-58f5-452d-89e3-b30be96d2a73/host
Sep 29 20:41:23 gtw01 dnsmasq-dhcp[21807]: read /var/lib/neutron/dhcp/861ea631-58f5-452d-89e3-b30be96d2a73/opts
Sep 29 20:41:24 gtw01 dnsmasq[21628]: read /var/lib/neutron/dhcp/e40a52b4-b163-4f5c-a479-014baf15cebc/addn_hosts - 1 addresses
Sep 29 20:41:24 gtw01 dnsmasq-dhcp[21628]: read /var/lib/neutron/dhcp/e40a52b4-b163-4f5c-a479-014baf15cebc/host
Sep 29 20:41:24 gtw01 dnsmasq-dhcp[21628]: read /var/lib/neutron/dhcp/e40a52b4-b163-4f5c-a479-014baf15cebc/opts
Sep 29 20:41:26 gtw01 dnsmasq[21807]: read /var/lib/neutron/dhcp/861ea631-58f5-452d-89e3-b30be96d2a73/addn_hosts - 16 addresses
Sep 29 20:41:26 gtw01 dnsmasq-dhcp[21807]: read /var/lib/neutron/dhcp/861ea631-58f5-452d-89e3-b30be96d2a73/host
Sep 29 20:41:26 gtw01 dnsmasq-dhcp[21807]: read /var/lib/neutron/dhcp/861ea631-58f5-452d-89e3-b30be96d2a73/opts
Sep 29 20:41:27 gtw01 kernel: [ 9245.256940] device tap4bd12386-16 left promiscuous mode
Sep 29 20:41:27 gtw01 dnsmasq[21807]: read /var/lib/neutron/dhcp/861ea631-58f5-452d-89e3-b30be96d2a73/addn_hosts - 15 addresses
Sep 29 20:41:27 gtw01 dnsmasq-dhcp[21807]: read /var/lib/neutron/dhcp/861ea631-58f5-452d-89e3-b30be96d2a73/host
Sep 29 20:41:27 gtw01 dnsmasq-dhcp[21807]: read /var/lib/neutron/dhcp/861ea631-58f5-452d-89e3-b30be96d2a73/opts
Sep 29 20:41:28 gtw01 dnsmasq[21807]: read /var/lib/neutron/dhcp/861ea631-58f5-452d-89e3-b30be96d2a73/addn_hosts - 14 addresses
Sep 29 20:41:28 gtw01 dnsmasq-dhcp[21807]: read /var/lib/neutron/dhcp/861ea631-58f5-452d-89e3-b30be96d2a73/host
Sep 29 20:41:28 gtw01 dnsmasq-dhcp[21807]: read /var/lib/neutron/dhcp/861ea631-58f5-452d-89e3-b30be96d2a73/opts
Sep 29 20:41:29 gtw01 dnsmasq[21807]: read /var/lib/neutron/dhcp/861ea631-58f5-452d-89e3-b30be96d2a73/addn_hosts - 13 addresses
Sep 29 20:41:29 gtw01 dnsmasq-dhcp[21807]: read /var/lib/neutron/dhcp/861ea631-58f5-452d-89e3-b30be96d2a73/host
Sep 29 20:41:29 gtw01 dnsmasq-dhcp[21807]: read /var/lib/neutron/dhcp/861ea631-58f5-452d-89e3-b30be96d2a73/opts
Sep 29 20:41:30 gtw01 dnsmasq[21807]: read /var/lib/neutron/dhcp/861ea631-58f5-452d-89e3-b30be96d2a73/addn_hosts - 12 addresses
Sep 29 20:41:30 gtw01 dnsmasq-dhcp[21807]: read /var/lib/neutron/dhcp/861ea631-58f5-452d-89e3-b30be96d2a73/host
Sep 29 20:41:30 gtw01 dnsmasq-dhcp[21807]: read /var/lib/neutron/dhcp/861ea631-58f5-452d-89e3-b30be96d2a73/opts
Sep 29 20:41:31 gtw01 dnsmasq[21807]: read /var/lib/neutron/dhcp/861ea631-58f5-452d-89e3-b30be96d2a73/addn_hosts - 11 addresses
Sep 29 20:41:31 gtw01 dnsmasq-dhcp[21807]: read /var/lib/neutron/dhcp/861ea631-58f5-452d-89e3-b30be96d2a73/host
Sep 29 20:41:31 gtw01 dnsmasq-dhcp[21807]: read /var/lib/neutron/dhcp/861ea631-58f5-452d-89e3-b30be96d2a73/opts
Sep 29 20:41:31 gtw01 kernel: [ 9249.476844] device tapa9365f6b-10 left promiscuous mode
Sep 29 20:41:32 gtw01 dnsmasq[21807]: read /var/lib/neutron/dhcp/861ea631-58f5-452d-89e3-b30be96d2a73/addn_hosts - 10 addresses
Sep 29 20:41:32 gtw01 dnsmasq-dhcp[21807]: read /var/lib/neutron/dhcp/861ea631-58f5-452d-89e3-b30be96d2a73/host
Sep 29 20:41:32 gtw01 dnsmasq-dhcp[21807]: read /var/lib/neutron/dhcp/861ea631-58f5-452d-89e3-b30be96d2a73/opts
Sep 29 20:41:33 gtw01 dnsmasq[21807]: read /var/lib/neutron/dhcp/861ea631-58f5-452d-89e3-b30be96d2a73/addn_hosts - 9 addresses
Sep 29 20:41:33 gtw01 dnsmasq-dhcp[21807]: read /var/lib/neutron/dhcp/861ea631-58f5-452d-89e3-b30be96d2a73/host
Sep 29 20:41:33 gtw01 dnsmasq-dhcp[21807]: read /var/lib/neutron/dhcp/861ea631-58f5-452d-89e3-b30be96d2a73/opts
Sep 29 20:41:34 gtw01 dnsmasq[21807]: read /var/lib/neutron/dhcp/861ea631-58f5-452d-89e3-b30be96d2a73/addn_hosts - 7 addresses
Sep 29 20:41:34 gtw01 dnsmasq-dhcp[21807]: read /var/lib/neutron/dhcp/861ea631-58f5-452d-89e3-b30be96d2a73/host
Sep 29 20:41:34 gtw01 dnsmasq-dhcp[21807]: read /var/lib/neutron/dhcp/861ea631-58f5-452d-89e3-b30be96d2a73/opts
Sep 29 20:41:34 gtw01 kernel: [ 9252.877962] device tapc3e26576-f1 left promiscuous mode
Sep 29 20:41:35 gtw01 dnsmasq[21807]: read /var/lib/neutron/dhcp/861ea631-58f5-452d-89e3-b30be96d2a73/addn_hosts - 6 addresses
Sep 29 20:41:35 gtw01 dnsmasq-dhcp[21807]: read /var/lib/neutron/dhcp/861ea631-58f5-452d-89e3-b30be96d2a73/host
Sep 29 20:41:35 gtw01 dnsmasq-dhcp[21807]: read /var/lib/neutron/dhcp/861ea631-58f5-452d-89e3-b30be96d2a73/opts
Sep 29 20:41:36 gtw01 dnsmasq[21807]: read /var/lib/neutron/dhcp/861ea631-58f5-452d-89e3-b30be96d2a73/addn_hosts - 5 addresses
Sep 29 20:41:36 gtw01 dnsmasq-dhcp[21807]: read /var/lib/neutron/dhcp/861ea631-58f5-452d-89e3-b30be96d2a73/host
Sep 29 20:41:36 gtw01 dnsmasq-dhcp[21807]: read /var/lib/neutron/dhcp/861ea631-58f5-452d-89e3-b30be96d2a73/opts
Sep 29 20:41:37 gtw01 dnsmasq[21807]: read /var/lib/neutron/dhcp/861ea631-58f5-452d-89e3-b30be96d2a73/addn_hosts - 4 addresses
Sep 29 20:41:37 gtw01 dnsmasq-dhcp[21807]: read /var/lib/neutron/dhcp/861ea631-58f5-452d-89e3-b30be96d2a73/host
Sep 29 20:41:37 gtw01 dnsmasq-dhcp[21807]: read /var/lib/neutron/dhcp/861ea631-58f5-452d-89e3-b30be96d2a73/opts
Sep 29 20:41:38 gtw01 dnsmasq[21807]: read /var/lib/neutron/dhcp/861ea631-58f5-452d-89e3-b30be96d2a73/addn_hosts - 3 addresses
Sep 29 20:41:38 gtw01 dnsmasq-dhcp[21807]: read /var/lib/neutron/dhcp/861ea631-58f5-452d-89e3-b30be96d2a73/host
Sep 29 20:41:38 gtw01 dnsmasq-dhcp[21807]: read /var/lib/neutron/dhcp/861ea631-58f5-452d-89e3-b30be96d2a73/opts
Sep 29 20:41:39 gtw01 dnsmasq[21807]: read /var/lib/neutron/dhcp/861ea631-58f5-452d-89e3-b30be96d2a73/addn_hosts - 2 addresses
Sep 29 20:41:39 gtw01 dnsmasq-dhcp[21807]: read /var/lib/neutron/dhcp/861ea631-58f5-452d-89e3-b30be96d2a73/host
Sep 29 20:41:39 gtw01 dnsmasq-dhcp[21807]: read /var/lib/neutron/dhcp/861ea631-58f5-452d-89e3-b30be96d2a73/opts
Sep 29 20:41:40 gtw01 dnsmasq[21807]: read /var/lib/neutron/dhcp/861ea631-58f5-452d-89e3-b30be96d2a73/addn_hosts - 1 addresses
Sep 29 20:41:40 gtw01 dnsmasq-dhcp[21807]: read /var/lib/neutron/dhcp/861ea631-58f5-452d-89e3-b30be96d2a73/host
Sep 29 20:41:40 gtw01 dnsmasq-dhcp[21807]: read /var/lib/neutron/dhcp/861ea631-58f5-452d-89e3-b30be96d2a73/opts
Sep 29 20:41:41 gtw01 kernel: [ 9259.646630] device tapdfbe8887-c6 left promiscuous mode
Sep 29 20:41:56 gtw01 dnsmasq[21023]: read /var/lib/neutron/dhcp/f04a57a9-d86f-4dd3-865b-956d33c60c1d/addn_hosts - 1 addresses
Sep 29 20:41:56 gtw01 dnsmasq-dhcp[21023]: read /var/lib/neutron/dhcp/f04a57a9-d86f-4dd3-865b-956d33c60c1d/host
Sep 29 20:41:56 gtw01 dnsmasq-dhcp[21023]: read /var/lib/neutron/dhcp/f04a57a9-d86f-4dd3-865b-956d33c60c1d/opts
Sep 29 20:42:00 gtw01 kernel: [ 9278.971828] device tap4237ca64-ba left promiscuous mode
Sep 29 20:42:11 gtw01 systemd-udevd[23912]: Could not generate persistent MAC address for tap3d7bb641-fb: No such file or directory
Sep 29 20:42:11 gtw01 kernel: [ 9289.500439] device tap3d7bb641-fb entered promiscuous mode
Sep 29 20:42:11 gtw01 systemd-udevd[23912]: Process '/sbin/ip link set tap3d7bb641-fb txqueuelen 10000' failed with exit code 1.
Sep 29 20:42:11 gtw01 systemd-udevd[23986]: Process '/sbin/ip link set tap3d7bb641-fb txqueuelen 10000' failed with exit code 1.
Sep 29 20:42:14 gtw01 dnsmasq[24046]: started, version 2.80 cachesize 150
Sep 29 20:42:14 gtw01 dnsmasq[24046]: DNS service limited to local subnets
Sep 29 20:42:14 gtw01 dnsmasq[24046]: compile time options: IPv6 GNU-getopt DBus i18n IDN DHCP DHCPv6 no-Lua TFTP conntrack ipset auth DNSSEC loop-detect inotify dumpfile
Sep 29 20:42:14 gtw01 dnsmasq[24046]: warning: no upstream servers configured
Sep 29 20:42:14 gtw01 dnsmasq-dhcp[24046]: DHCP, static leases only on 192.168.120.0, lease time 1h
Sep 29 20:42:14 gtw01 dnsmasq[24046]: read /var/lib/neutron/dhcp/29ab11e9-5dcd-4b90-a561-789efb1419ec/addn_hosts - 1 addresses
Sep 29 20:42:14 gtw01 dnsmasq-dhcp[24046]: read /var/lib/neutron/dhcp/29ab11e9-5dcd-4b90-a561-789efb1419ec/host
Sep 29 20:42:14 gtw01 dnsmasq-dhcp[24046]: read /var/lib/neutron/dhcp/29ab11e9-5dcd-4b90-a561-789efb1419ec/opts
Sep 29 20:42:15 gtw01 haproxy-metadata-proxy-29ab11e9-5dcd-4b90-a561-789efb1419ec[24050]: Proxy listener started.
Sep 29 20:42:15 gtw01 dnsmasq[24046]: read /var/lib/neutron/dhcp/29ab11e9-5dcd-4b90-a561-789efb1419ec/addn_hosts - 2 addresses
Sep 29 20:42:15 gtw01 dnsmasq-dhcp[24046]: read /var/lib/neutron/dhcp/29ab11e9-5dcd-4b90-a561-789efb1419ec/host
Sep 29 20:42:15 gtw01 dnsmasq-dhcp[24046]: read /var/lib/neutron/dhcp/29ab11e9-5dcd-4b90-a561-789efb1419ec/opts
Sep 29 20:42:16 gtw01 dnsmasq[24046]: read /var/lib/neutron/dhcp/29ab11e9-5dcd-4b90-a561-789efb1419ec/addn_hosts - 2 addresses
Sep 29 20:42:16 gtw01 dnsmasq-dhcp[24046]: read /var/lib/neutron/dhcp/29ab11e9-5dcd-4b90-a561-789efb1419ec/host
Sep 29 20:42:16 gtw01 dnsmasq-dhcp[24046]: read /var/lib/neutron/dhcp/29ab11e9-5dcd-4b90-a561-789efb1419ec/opts
Sep 29 20:42:17 gtw01 dnsmasq[24046]: read /var/lib/neutron/dhcp/29ab11e9-5dcd-4b90-a561-789efb1419ec/addn_hosts - 2 addresses
Sep 29 20:42:17 gtw01 dnsmasq-dhcp[24046]: read /var/lib/neutron/dhcp/29ab11e9-5dcd-4b90-a561-789efb1419ec/host
Sep 29 20:42:17 gtw01 dnsmasq-dhcp[24046]: read /var/lib/neutron/dhcp/29ab11e9-5dcd-4b90-a561-789efb1419ec/opts
Sep 29 20:42:18 gtw01 dnsmasq[24046]: read /var/lib/neutron/dhcp/29ab11e9-5dcd-4b90-a561-789efb1419ec/addn_hosts - 2 addresses
Sep 29 20:42:18 gtw01 dnsmasq-dhcp[24046]: read /var/lib/neutron/dhcp/29ab11e9-5dcd-4b90-a561-789efb1419ec/host
Sep 29 20:42:18 gtw01 dnsmasq-dhcp[24046]: read /var/lib/neutron/dhcp/29ab11e9-5dcd-4b90-a561-789efb1419ec/opts
Sep 29 20:42:19 gtw01 dnsmasq[24046]: read /var/lib/neutron/dhcp/29ab11e9-5dcd-4b90-a561-789efb1419ec/addn_hosts - 2 addresses
Sep 29 20:42:19 gtw01 dnsmasq-dhcp[24046]: read /var/lib/neutron/dhcp/29ab11e9-5dcd-4b90-a561-789efb1419ec/host
Sep 29 20:42:19 gtw01 dnsmasq-dhcp[24046]: read /var/lib/neutron/dhcp/29ab11e9-5dcd-4b90-a561-789efb1419ec/opts
Sep 29 20:43:01 gtw01 systemd-udevd[24154]: Could not generate persistent MAC address for tapffc4770d-20: No such file or directory
Sep 29 20:43:01 gtw01 kernel: [ 9339.896436] device tapffc4770d-20 entered promiscuous mode
Sep 29 20:43:01 gtw01 systemd-udevd[24154]: Process '/sbin/ip link set tapffc4770d-20 txqueuelen 10000' failed with exit code 1.
Sep 29 20:43:01 gtw01 systemd-udevd[24154]: Process '/sbin/ip link set tapffc4770d-20 txqueuelen 10000' failed with exit code 1.
Sep 29 20:43:04 gtw01 dnsmasq[24289]: started, version 2.80 cachesize 150
Sep 29 20:43:04 gtw01 dnsmasq[24289]: DNS service limited to local subnets
Sep 29 20:43:04 gtw01 dnsmasq[24289]: compile time options: IPv6 GNU-getopt DBus i18n IDN DHCP DHCPv6 no-Lua TFTP conntrack ipset auth DNSSEC loop-detect inotify dumpfile
Sep 29 20:43:04 gtw01 dnsmasq[24289]: warning: no upstream servers configured
Sep 29 20:43:04 gtw01 dnsmasq-dhcp[24289]: DHCP, static leases only on 192.168.120.0, lease time 1h
Sep 29 20:43:04 gtw01 dnsmasq[24289]: read /var/lib/neutron/dhcp/8b909ff5-bd44-40ce-82a3-8797748be41a/addn_hosts - 1 addresses
Sep 29 20:43:04 gtw01 dnsmasq-dhcp[24289]: read /var/lib/neutron/dhcp/8b909ff5-bd44-40ce-82a3-8797748be41a/host
Sep 29 20:43:04 gtw01 dnsmasq-dhcp[24289]: read /var/lib/neutron/dhcp/8b909ff5-bd44-40ce-82a3-8797748be41a/opts
Sep 29 20:43:05 gtw01 haproxy-metadata-proxy-8b909ff5-bd44-40ce-82a3-8797748be41a[24293]: Proxy listener started.
Sep 29 20:43:06 gtw01 dnsmasq[24289]: read /var/lib/neutron/dhcp/8b909ff5-bd44-40ce-82a3-8797748be41a/addn_hosts - 2 addresses
Sep 29 20:43:06 gtw01 dnsmasq-dhcp[24289]: read /var/lib/neutron/dhcp/8b909ff5-bd44-40ce-82a3-8797748be41a/host
Sep 29 20:43:06 gtw01 dnsmasq-dhcp[24289]: read /var/lib/neutron/dhcp/8b909ff5-bd44-40ce-82a3-8797748be41a/opts
Sep 29 20:43:07 gtw01 dnsmasq[24289]: read /var/lib/neutron/dhcp/8b909ff5-bd44-40ce-82a3-8797748be41a/addn_hosts - 2 addresses
Sep 29 20:43:07 gtw01 dnsmasq-dhcp[24289]: read /var/lib/neutron/dhcp/8b909ff5-bd44-40ce-82a3-8797748be41a/host
Sep 29 20:43:07 gtw01 dnsmasq-dhcp[24289]: read /var/lib/neutron/dhcp/8b909ff5-bd44-40ce-82a3-8797748be41a/opts
Sep 29 20:43:08 gtw01 dnsmasq[24289]: read /var/lib/neutron/dhcp/8b909ff5-bd44-40ce-82a3-8797748be41a/addn_hosts - 2 addresses
Sep 29 20:43:08 gtw01 dnsmasq-dhcp[24289]: read /var/lib/neutron/dhcp/8b909ff5-bd44-40ce-82a3-8797748be41a/host
Sep 29 20:43:08 gtw01 dnsmasq-dhcp[24289]: read /var/lib/neutron/dhcp/8b909ff5-bd44-40ce-82a3-8797748be41a/opts
Sep 29 20:43:09 gtw01 dnsmasq[24289]: read /var/lib/neutron/dhcp/8b909ff5-bd44-40ce-82a3-8797748be41a/addn_hosts - 2 addresses
Sep 29 20:43:09 gtw01 dnsmasq-dhcp[24289]: read /var/lib/neutron/dhcp/8b909ff5-bd44-40ce-82a3-8797748be41a/host
Sep 29 20:43:09 gtw01 dnsmasq-dhcp[24289]: read /var/lib/neutron/dhcp/8b909ff5-bd44-40ce-82a3-8797748be41a/opts
Sep 29 20:43:10 gtw01 dnsmasq[24289]: read /var/lib/neutron/dhcp/8b909ff5-bd44-40ce-82a3-8797748be41a/addn_hosts - 3 addresses
Sep 29 20:43:10 gtw01 dnsmasq-dhcp[24289]: read /var/lib/neutron/dhcp/8b909ff5-bd44-40ce-82a3-8797748be41a/host
Sep 29 20:43:10 gtw01 dnsmasq-dhcp[24289]: read /var/lib/neutron/dhcp/8b909ff5-bd44-40ce-82a3-8797748be41a/opts
Sep 29 20:43:11 gtw01 dnsmasq[24289]: read /var/lib/neutron/dhcp/8b909ff5-bd44-40ce-82a3-8797748be41a/addn_hosts - 3 addresses
Sep 29 20:43:11 gtw01 dnsmasq-dhcp[24289]: read /var/lib/neutron/dhcp/8b909ff5-bd44-40ce-82a3-8797748be41a/host
Sep 29 20:43:11 gtw01 dnsmasq-dhcp[24289]: read /var/lib/neutron/dhcp/8b909ff5-bd44-40ce-82a3-8797748be41a/opts
Sep 29 20:43:18 gtw01 dnsmasq[24289]: read /var/lib/neutron/dhcp/8b909ff5-bd44-40ce-82a3-8797748be41a/addn_hosts - 4 addresses
Sep 29 20:43:18 gtw01 dnsmasq-dhcp[24289]: read /var/lib/neutron/dhcp/8b909ff5-bd44-40ce-82a3-8797748be41a/host
Sep 29 20:43:18 gtw01 dnsmasq-dhcp[24289]: read /var/lib/neutron/dhcp/8b909ff5-bd44-40ce-82a3-8797748be41a/opts
Sep 29 20:43:22 gtw01 dnsmasq[24289]: read /var/lib/neutron/dhcp/8b909ff5-bd44-40ce-82a3-8797748be41a/addn_hosts - 4 addresses
Sep 29 20:43:22 gtw01 dnsmasq-dhcp[24289]: read /var/lib/neutron/dhcp/8b909ff5-bd44-40ce-82a3-8797748be41a/host
Sep 29 20:43:22 gtw01 dnsmasq-dhcp[24289]: read /var/lib/neutron/dhcp/8b909ff5-bd44-40ce-82a3-8797748be41a/opts
Sep 29 20:43:23 gtw01 dnsmasq[24289]: read /var/lib/neutron/dhcp/8b909ff5-bd44-40ce-82a3-8797748be41a/addn_hosts - 4 addresses
Sep 29 20:43:23 gtw01 dnsmasq-dhcp[24289]: read /var/lib/neutron/dhcp/8b909ff5-bd44-40ce-82a3-8797748be41a/host
Sep 29 20:43:23 gtw01 dnsmasq-dhcp[24289]: read /var/lib/neutron/dhcp/8b909ff5-bd44-40ce-82a3-8797748be41a/opts
Sep 29 20:43:30 gtw01 dnsmasq[24289]: read /var/lib/neutron/dhcp/8b909ff5-bd44-40ce-82a3-8797748be41a/addn_hosts - 4 addresses
Sep 29 20:43:30 gtw01 dnsmasq-dhcp[24289]: read /var/lib/neutron/dhcp/8b909ff5-bd44-40ce-82a3-8797748be41a/host
Sep 29 20:43:30 gtw01 dnsmasq-dhcp[24289]: read /var/lib/neutron/dhcp/8b909ff5-bd44-40ce-82a3-8797748be41a/opts
Sep 29 20:43:31 gtw01 dnsmasq[24289]: read /var/lib/neutron/dhcp/8b909ff5-bd44-40ce-82a3-8797748be41a/addn_hosts - 4 addresses
Sep 29 20:43:31 gtw01 dnsmasq-dhcp[24289]: read /var/lib/neutron/dhcp/8b909ff5-bd44-40ce-82a3-8797748be41a/host
Sep 29 20:43:31 gtw01 dnsmasq-dhcp[24289]: read /var/lib/neutron/dhcp/8b909ff5-bd44-40ce-82a3-8797748be41a/opts
Sep 29 20:43:38 gtw01 dnsmasq-dhcp[24289]: DHCPDISCOVER(tapffc4770d-20) fa:16:3e:55:dd:55
Sep 29 20:43:38 gtw01 dnsmasq-dhcp[24289]: DHCPOFFER(tapffc4770d-20) 192.168.120.10 fa:16:3e:55:dd:55
Sep 29 20:43:38 gtw01 dnsmasq-dhcp[24289]: DHCPREQUEST(tapffc4770d-20) 192.168.120.10 fa:16:3e:55:dd:55
Sep 29 20:43:38 gtw01 dnsmasq-dhcp[24289]: DHCPACK(tapffc4770d-20) 192.168.120.10 fa:16:3e:55:dd:55 host-192-168-120-10
Sep 29 20:43:43 gtw01 dnsmasq-dhcp[24289]: DHCPDISCOVER(tapffc4770d-20) fa:16:3e:7b:a6:75
Sep 29 20:43:43 gtw01 dnsmasq-dhcp[24289]: DHCPOFFER(tapffc4770d-20) 192.168.120.5 fa:16:3e:7b:a6:75
Sep 29 20:43:43 gtw01 dnsmasq-dhcp[24289]: DHCPREQUEST(tapffc4770d-20) 192.168.120.5 fa:16:3e:7b:a6:75
Sep 29 20:43:43 gtw01 dnsmasq-dhcp[24289]: DHCPACK(tapffc4770d-20) 192.168.120.5 fa:16:3e:7b:a6:75 host-192-168-120-5
Sep 29 20:44:00 gtw01 dnsmasq[24289]: read /var/lib/neutron/dhcp/8b909ff5-bd44-40ce-82a3-8797748be41a/addn_hosts - 4 addresses
Sep 29 20:44:00 gtw01 dnsmasq-dhcp[24289]: read /var/lib/neutron/dhcp/8b909ff5-bd44-40ce-82a3-8797748be41a/host
Sep 29 20:44:00 gtw01 dnsmasq-dhcp[24289]: read /var/lib/neutron/dhcp/8b909ff5-bd44-40ce-82a3-8797748be41a/opts
Sep 29 20:44:05 gtw01 dnsmasq[24289]: read /var/lib/neutron/dhcp/8b909ff5-bd44-40ce-82a3-8797748be41a/addn_hosts - 4 addresses
Sep 29 20:44:05 gtw01 dnsmasq-dhcp[24289]: read /var/lib/neutron/dhcp/8b909ff5-bd44-40ce-82a3-8797748be41a/host
Sep 29 20:44:05 gtw01 dnsmasq-dhcp[24289]: read /var/lib/neutron/dhcp/8b909ff5-bd44-40ce-82a3-8797748be41a/opts
Sep 29 20:44:13 gtw01 dnsmasq[24289]: read /var/lib/neutron/dhcp/8b909ff5-bd44-40ce-82a3-8797748be41a/addn_hosts - 3 addresses
Sep 29 20:44:13 gtw01 dnsmasq-dhcp[24289]: read /var/lib/neutron/dhcp/8b909ff5-bd44-40ce-82a3-8797748be41a/host
Sep 29 20:44:13 gtw01 dnsmasq-dhcp[24289]: read /var/lib/neutron/dhcp/8b909ff5-bd44-40ce-82a3-8797748be41a/opts
Sep 29 20:44:16 gtw01 dnsmasq-dhcp[24289]: DHCPRELEASE(tapffc4770d-20) 192.168.120.10 fa:16:3e:55:dd:55
Sep 29 20:44:16 gtw01 dnsmasq-dhcp[24289]: DHCPRELEASE(tapffc4770d-20) 192.168.120.10 fa:16:3e:55:dd:55 unknown lease
Sep 29 20:44:17 gtw01 dnsmasq[24289]: read /var/lib/neutron/dhcp/8b909ff5-bd44-40ce-82a3-8797748be41a/addn_hosts - 2 addresses
Sep 29 20:44:17 gtw01 dnsmasq-dhcp[24289]: read /var/lib/neutron/dhcp/8b909ff5-bd44-40ce-82a3-8797748be41a/host
Sep 29 20:44:17 gtw01 dnsmasq-dhcp[24289]: read /var/lib/neutron/dhcp/8b909ff5-bd44-40ce-82a3-8797748be41a/opts
Sep 29 20:44:18 gtw01 dnsmasq-dhcp[24289]: DHCPRELEASE(tapffc4770d-20) 192.168.120.5 fa:16:3e:7b:a6:75
Sep 29 20:44:18 gtw01 dnsmasq-dhcp[24289]: DHCPRELEASE(tapffc4770d-20) 192.168.120.5 fa:16:3e:7b:a6:75 unknown lease
Sep 29 20:44:19 gtw01 dnsmasq[24289]: read /var/lib/neutron/dhcp/8b909ff5-bd44-40ce-82a3-8797748be41a/addn_hosts - 1 addresses
Sep 29 20:44:19 gtw01 dnsmasq-dhcp[24289]: read /var/lib/neutron/dhcp/8b909ff5-bd44-40ce-82a3-8797748be41a/host
Sep 29 20:44:19 gtw01 dnsmasq-dhcp[24289]: read /var/lib/neutron/dhcp/8b909ff5-bd44-40ce-82a3-8797748be41a/opts
Sep 29 20:44:23 gtw01 kernel: [ 9421.263119] device tapffc4770d-20 left promiscuous mode
Sep 29 20:44:56 gtw01 dnsmasq[24046]: read /var/lib/neutron/dhcp/29ab11e9-5dcd-4b90-a561-789efb1419ec/addn_hosts - 1 addresses
Sep 29 20:44:56 gtw01 dnsmasq-dhcp[24046]: read /var/lib/neutron/dhcp/29ab11e9-5dcd-4b90-a561-789efb1419ec/host
Sep 29 20:44:56 gtw01 dnsmasq-dhcp[24046]: read /var/lib/neutron/dhcp/29ab11e9-5dcd-4b90-a561-789efb1419ec/opts
Sep 29 20:45:01 gtw01 kernel: [ 9459.257967] device tap3d7bb641-fb left promiscuous mode
Sep 29 20:45:20 gtw01 kernel: [ 9478.605182] device tap48138aba-fb entered promiscuous mode
Sep 29 20:45:20 gtw01 systemd-udevd[24625]: Could not generate persistent MAC address for tap48138aba-fb: No such file or directory
Sep 29 20:45:20 gtw01 systemd-udevd[24625]: Process '/sbin/ip link set tap48138aba-fb txqueuelen 10000' failed with exit code 1.
Sep 29 20:45:20 gtw01 systemd-udevd[24625]: Process '/sbin/ip link set tap48138aba-fb txqueuelen 10000' failed with exit code 1.
Sep 29 20:45:23 gtw01 dnsmasq[24760]: started, version 2.80 cachesize 150
Sep 29 20:45:23 gtw01 dnsmasq[24760]: DNS service limited to local subnets
Sep 29 20:45:23 gtw01 dnsmasq[24760]: compile time options: IPv6 GNU-getopt DBus i18n IDN DHCP DHCPv6 no-Lua TFTP conntrack ipset auth DNSSEC loop-detect inotify dumpfile
Sep 29 20:45:23 gtw01 dnsmasq[24760]: warning: no upstream servers configured
Sep 29 20:45:23 gtw01 dnsmasq-dhcp[24760]: DHCP, static leases only on 192.168.120.0, lease time 1h
Sep 29 20:45:23 gtw01 dnsmasq[24760]: read /var/lib/neutron/dhcp/6dbf2de9-a6a3-43b7-9bfc-e160fce835f6/addn_hosts - 1 addresses
Sep 29 20:45:23 gtw01 dnsmasq-dhcp[24760]: read /var/lib/neutron/dhcp/6dbf2de9-a6a3-43b7-9bfc-e160fce835f6/host
Sep 29 20:45:23 gtw01 dnsmasq-dhcp[24760]: read /var/lib/neutron/dhcp/6dbf2de9-a6a3-43b7-9bfc-e160fce835f6/opts
Sep 29 20:45:24 gtw01 haproxy-metadata-proxy-6dbf2de9-a6a3-43b7-9bfc-e160fce835f6[24764]: Proxy listener started.
Sep 29 20:45:24 gtw01 dnsmasq[24760]: read /var/lib/neutron/dhcp/6dbf2de9-a6a3-43b7-9bfc-e160fce835f6/addn_hosts - 2 addresses
Sep 29 20:45:24 gtw01 dnsmasq-dhcp[24760]: read /var/lib/neutron/dhcp/6dbf2de9-a6a3-43b7-9bfc-e160fce835f6/host
Sep 29 20:45:24 gtw01 dnsmasq-dhcp[24760]: read /var/lib/neutron/dhcp/6dbf2de9-a6a3-43b7-9bfc-e160fce835f6/opts
Sep 29 20:45:25 gtw01 dnsmasq[24760]: read /var/lib/neutron/dhcp/6dbf2de9-a6a3-43b7-9bfc-e160fce835f6/addn_hosts - 2 addresses
Sep 29 20:45:25 gtw01 dnsmasq-dhcp[24760]: read /var/lib/neutron/dhcp/6dbf2de9-a6a3-43b7-9bfc-e160fce835f6/host
Sep 29 20:45:25 gtw01 dnsmasq-dhcp[24760]: read /var/lib/neutron/dhcp/6dbf2de9-a6a3-43b7-9bfc-e160fce835f6/opts
Sep 29 20:45:26 gtw01 dnsmasq[24760]: read /var/lib/neutron/dhcp/6dbf2de9-a6a3-43b7-9bfc-e160fce835f6/addn_hosts - 2 addresses
Sep 29 20:45:26 gtw01 dnsmasq-dhcp[24760]: read /var/lib/neutron/dhcp/6dbf2de9-a6a3-43b7-9bfc-e160fce835f6/host
Sep 29 20:45:26 gtw01 dnsmasq-dhcp[24760]: read /var/lib/neutron/dhcp/6dbf2de9-a6a3-43b7-9bfc-e160fce835f6/opts
Sep 29 20:45:27 gtw01 dnsmasq[24760]: read /var/lib/neutron/dhcp/6dbf2de9-a6a3-43b7-9bfc-e160fce835f6/addn_hosts - 2 addresses
Sep 29 20:45:27 gtw01 dnsmasq-dhcp[24760]: read /var/lib/neutron/dhcp/6dbf2de9-a6a3-43b7-9bfc-e160fce835f6/host
Sep 29 20:45:27 gtw01 dnsmasq-dhcp[24760]: read /var/lib/neutron/dhcp/6dbf2de9-a6a3-43b7-9bfc-e160fce835f6/opts
Sep 29 20:45:28 gtw01 dnsmasq[24760]: read /var/lib/neutron/dhcp/6dbf2de9-a6a3-43b7-9bfc-e160fce835f6/addn_hosts - 2 addresses
Sep 29 20:45:28 gtw01 dnsmasq-dhcp[24760]: read /var/lib/neutron/dhcp/6dbf2de9-a6a3-43b7-9bfc-e160fce835f6/host
Sep 29 20:45:28 gtw01 dnsmasq-dhcp[24760]: read /var/lib/neutron/dhcp/6dbf2de9-a6a3-43b7-9bfc-e160fce835f6/opts
Sep 29 20:46:10 gtw01 systemd-udevd[24866]: Could not generate persistent MAC address for tapc329d7d2-68: No such file or directory
Sep 29 20:46:10 gtw01 kernel: [ 9528.755609] device tapc329d7d2-68 entered promiscuous mode
Sep 29 20:46:10 gtw01 systemd-udevd[24866]: Process '/sbin/ip link set tapc329d7d2-68 txqueuelen 10000' failed with exit code 1.
Sep 29 20:46:10 gtw01 systemd-udevd[24866]: Process '/sbin/ip link set tapc329d7d2-68 txqueuelen 10000' failed with exit code 1.
Sep 29 20:46:12 gtw01 systemd-udevd[24997]: Could not generate persistent MAC address for tap39338937-0f: No such file or directory
Sep 29 20:46:12 gtw01 kernel: [ 9530.543657] device tap39338937-0f entered promiscuous mode
Sep 29 20:46:12 gtw01 systemd-udevd[25070]: Process '/sbin/ip link set tap39338937-0f txqueuelen 10000' failed with exit code 1.
Sep 29 20:46:13 gtw01 systemd-udevd[25115]: Could not generate persistent MAC address for tap5ada1686-9c: No such file or directory
Sep 29 20:46:13 gtw01 kernel: [ 9531.465563] device tap5ada1686-9c entered promiscuous mode
Sep 29 20:46:13 gtw01 systemd-udevd[25115]: Process '/sbin/ip link set tap5ada1686-9c txqueuelen 10000' failed with exit code 1.
Sep 29 20:46:13 gtw01 systemd-udevd[25188]: Process '/sbin/ip link set tap5ada1686-9c txqueuelen 10000' failed with exit code 1.
Sep 29 20:46:14 gtw01 dnsmasq[25234]: started, version 2.80 cachesize 150
Sep 29 20:46:14 gtw01 dnsmasq[25234]: DNS service limited to local subnets
Sep 29 20:46:14 gtw01 dnsmasq[25234]: compile time options: IPv6 GNU-getopt DBus i18n IDN DHCP DHCPv6 no-Lua TFTP conntrack ipset auth DNSSEC loop-detect inotify dumpfile
Sep 29 20:46:14 gtw01 dnsmasq[25234]: warning: no upstream servers configured
Sep 29 20:46:14 gtw01 dnsmasq-dhcp[25234]: DHCP, static leases only on 192.168.120.0, lease time 1h
Sep 29 20:46:14 gtw01 dnsmasq[25234]: read /var/lib/neutron/dhcp/44339f85-5262-4827-bbfb-34dda41c0b2e/addn_hosts - 1 addresses
Sep 29 20:46:14 gtw01 dnsmasq-dhcp[25234]: read /var/lib/neutron/dhcp/44339f85-5262-4827-bbfb-34dda41c0b2e/host
Sep 29 20:46:14 gtw01 dnsmasq-dhcp[25234]: read /var/lib/neutron/dhcp/44339f85-5262-4827-bbfb-34dda41c0b2e/opts
Sep 29 20:46:14 gtw01 haproxy-metadata-proxy-44339f85-5262-4827-bbfb-34dda41c0b2e[25245]: Proxy listener started.
Sep 29 20:46:16 gtw01 dnsmasq[25234]: read /var/lib/neutron/dhcp/44339f85-5262-4827-bbfb-34dda41c0b2e/addn_hosts - 1 addresses
Sep 29 20:46:16 gtw01 dnsmasq-dhcp[25234]: read /var/lib/neutron/dhcp/44339f85-5262-4827-bbfb-34dda41c0b2e/host
Sep 29 20:46:16 gtw01 dnsmasq-dhcp[25234]: read /var/lib/neutron/dhcp/44339f85-5262-4827-bbfb-34dda41c0b2e/opts
Sep 29 20:46:17 gtw01 dnsmasq[25341]: started, version 2.80 cachesize 150
Sep 29 20:46:17 gtw01 dnsmasq[25341]: DNS service limited to local subnets
Sep 29 20:46:17 gtw01 dnsmasq[25341]: compile time options: IPv6 GNU-getopt DBus i18n IDN DHCP DHCPv6 no-Lua TFTP conntrack ipset auth DNSSEC loop-detect inotify dumpfile
Sep 29 20:46:17 gtw01 dnsmasq[25341]: warning: no upstream servers configured
Sep 29 20:46:17 gtw01 dnsmasq-dhcp[25341]: DHCP, static leases only on 192.168.120.0, lease time 1h
