Sep 29 21:48:45 gtw01 dnsmasq-dhcp[13893]: DHCP, static leases only on 10.2.36.0, lease time 1h
Sep 29 21:48:45 gtw01 dnsmasq[13893]: read /var/lib/neutron/dhcp/df2bd4df-5b04-457f-874f-b69df3887954/addn_hosts - 1 addresses
Sep 29 21:48:45 gtw01 dnsmasq-dhcp[13893]: read /var/lib/neutron/dhcp/df2bd4df-5b04-457f-874f-b69df3887954/host
Sep 29 21:48:45 gtw01 dnsmasq-dhcp[13893]: read /var/lib/neutron/dhcp/df2bd4df-5b04-457f-874f-b69df3887954/opts
Sep 29 21:48:46 gtw01 dnsmasq[13893]: read /var/lib/neutron/dhcp/df2bd4df-5b04-457f-874f-b69df3887954/addn_hosts - 1 addresses
Sep 29 21:48:46 gtw01 dnsmasq-dhcp[13893]: read /var/lib/neutron/dhcp/df2bd4df-5b04-457f-874f-b69df3887954/host
Sep 29 21:48:46 gtw01 dnsmasq-dhcp[13893]: read /var/lib/neutron/dhcp/df2bd4df-5b04-457f-874f-b69df3887954/opts
Sep 29 21:48:47 gtw01 dnsmasq[13893]: read /var/lib/neutron/dhcp/df2bd4df-5b04-457f-874f-b69df3887954/addn_hosts - 1 addresses
Sep 29 21:48:47 gtw01 dnsmasq-dhcp[13893]: read /var/lib/neutron/dhcp/df2bd4df-5b04-457f-874f-b69df3887954/host
Sep 29 21:48:47 gtw01 dnsmasq-dhcp[13893]: read /var/lib/neutron/dhcp/df2bd4df-5b04-457f-874f-b69df3887954/opts
Sep 29 21:48:48 gtw01 dnsmasq[13893]: read /var/lib/neutron/dhcp/df2bd4df-5b04-457f-874f-b69df3887954/addn_hosts - 1 addresses
Sep 29 21:48:48 gtw01 dnsmasq-dhcp[13893]: read /var/lib/neutron/dhcp/df2bd4df-5b04-457f-874f-b69df3887954/host
Sep 29 21:48:48 gtw01 dnsmasq-dhcp[13893]: read /var/lib/neutron/dhcp/df2bd4df-5b04-457f-874f-b69df3887954/opts
Sep 29 21:48:49 gtw01 dnsmasq[13893]: read /var/lib/neutron/dhcp/df2bd4df-5b04-457f-874f-b69df3887954/addn_hosts - 1 addresses
Sep 29 21:48:49 gtw01 dnsmasq-dhcp[13893]: read /var/lib/neutron/dhcp/df2bd4df-5b04-457f-874f-b69df3887954/host
Sep 29 21:48:49 gtw01 dnsmasq-dhcp[13893]: read /var/lib/neutron/dhcp/df2bd4df-5b04-457f-874f-b69df3887954/opts
Sep 29 21:49:01 gtw01 dnsmasq[14004]: started, version 2.80 cachesize 150
Sep 29 21:49:01 gtw01 dnsmasq[14004]: DNS service limited to local subnets
Sep 29 21:49:01 gtw01 dnsmasq[14004]: compile time options: IPv6 GNU-getopt DBus i18n IDN DHCP DHCPv6 no-Lua TFTP conntrack ipset auth DNSSEC loop-detect inotify dumpfile
Sep 29 21:49:01 gtw01 dnsmasq[14004]: warning: no upstream servers configured
Sep 29 21:49:01 gtw01 dnsmasq-dhcp[14004]: DHCP, static leases only on 10.2.36.0, lease time 1h
Sep 29 21:49:01 gtw01 dnsmasq[14004]: read /var/lib/neutron/dhcp/df2bd4df-5b04-457f-874f-b69df3887954/addn_hosts - 1 addresses
Sep 29 21:49:01 gtw01 dnsmasq-dhcp[14004]: read /var/lib/neutron/dhcp/df2bd4df-5b04-457f-874f-b69df3887954/host
Sep 29 21:49:01 gtw01 dnsmasq-dhcp[14004]: read /var/lib/neutron/dhcp/df2bd4df-5b04-457f-874f-b69df3887954/opts
Sep 29 21:49:03 gtw01 dnsmasq[14004]: read /var/lib/neutron/dhcp/df2bd4df-5b04-457f-874f-b69df3887954/addn_hosts - 1 addresses
Sep 29 21:49:03 gtw01 dnsmasq-dhcp[14004]: read /var/lib/neutron/dhcp/df2bd4df-5b04-457f-874f-b69df3887954/host
Sep 29 21:49:03 gtw01 dnsmasq-dhcp[14004]: read /var/lib/neutron/dhcp/df2bd4df-5b04-457f-874f-b69df3887954/opts
Sep 29 21:49:03 gtw01 kernel: [13302.101157] device tap5fba78f7-45 left promiscuous mode
Sep 29 21:50:07 gtw01 kernel: [13365.902566] device tap142a0fbd-ee entered promiscuous mode
Sep 29 21:50:07 gtw01 systemd-udevd[14060]: Could not generate persistent MAC address for tap142a0fbd-ee: No such file or directory
Sep 29 21:50:07 gtw01 systemd-udevd[14060]: Process '/sbin/ip link set tap142a0fbd-ee txqueuelen 10000' failed with exit code 1.
Sep 29 21:50:07 gtw01 systemd-udevd[14060]: Process '/sbin/ip link set tap142a0fbd-ee txqueuelen 10000' failed with exit code 1.
Sep 29 21:50:09 gtw01 kernel: [13367.163605] device tap678c78f8-d2 entered promiscuous mode
Sep 29 21:50:09 gtw01 systemd-udevd[14184]: Could not generate persistent MAC address for tap678c78f8-d2: No such file or directory
Sep 29 21:50:09 gtw01 systemd-udevd[14184]: Process '/sbin/ip link set tap678c78f8-d2 txqueuelen 10000' failed with exit code 1.
Sep 29 21:50:09 gtw01 systemd-udevd[14184]: Process '/sbin/ip link set tap678c78f8-d2 txqueuelen 10000' failed with exit code 1.
Sep 29 21:50:10 gtw01 kernel: [13368.432368] device tap075d7966-cf entered promiscuous mode
Sep 29 21:50:10 gtw01 systemd-udevd[14319]: Could not generate persistent MAC address for tap075d7966-cf: No such file or directory
Sep 29 21:50:10 gtw01 systemd-udevd[14390]: Process '/sbin/ip link set tap075d7966-cf txqueuelen 10000' failed with exit code 1.
Sep 29 21:50:11 gtw01 dnsmasq[14450]: started, version 2.80 cachesize 150
Sep 29 21:50:11 gtw01 dnsmasq[14450]: DNS service limited to local subnets
Sep 29 21:50:11 gtw01 dnsmasq[14450]: compile time options: IPv6 GNU-getopt DBus i18n IDN DHCP DHCPv6 no-Lua TFTP conntrack ipset auth DNSSEC loop-detect inotify dumpfile
Sep 29 21:50:11 gtw01 dnsmasq[14450]: warning: no upstream servers configured
Sep 29 21:50:11 gtw01 dnsmasq-dhcp[14450]: DHCP, static leases only on 10.2.49.0, lease time 1h
Sep 29 21:50:11 gtw01 dnsmasq[14450]: read /var/lib/neutron/dhcp/d4d31af2-47c1-400b-af90-ec25ffcdb9ac/addn_hosts - 1 addresses
Sep 29 21:50:11 gtw01 dnsmasq-dhcp[14450]: read /var/lib/neutron/dhcp/d4d31af2-47c1-400b-af90-ec25ffcdb9ac/host
Sep 29 21:50:11 gtw01 dnsmasq-dhcp[14450]: read /var/lib/neutron/dhcp/d4d31af2-47c1-400b-af90-ec25ffcdb9ac/opts
Sep 29 21:50:11 gtw01 haproxy-metadata-proxy-d4d31af2-47c1-400b-af90-ec25ffcdb9ac[14460]: Proxy listener started.
Sep 29 21:50:12 gtw01 dnsmasq[14450]: read /var/lib/neutron/dhcp/d4d31af2-47c1-400b-af90-ec25ffcdb9ac/addn_hosts - 5 addresses
Sep 29 21:50:12 gtw01 dnsmasq-dhcp[14450]: read /var/lib/neutron/dhcp/d4d31af2-47c1-400b-af90-ec25ffcdb9ac/host
Sep 29 21:50:12 gtw01 dnsmasq-dhcp[14450]: read /var/lib/neutron/dhcp/d4d31af2-47c1-400b-af90-ec25ffcdb9ac/opts
Sep 29 21:50:13 gtw01 dnsmasq[14520]: started, version 2.80 cachesize 150
Sep 29 21:50:13 gtw01 dnsmasq[14520]: DNS service limited to local subnets
Sep 29 21:50:13 gtw01 dnsmasq[14520]: compile time options: IPv6 GNU-getopt DBus i18n IDN DHCP DHCPv6 no-Lua TFTP conntrack ipset auth DNSSEC loop-detect inotify dumpfile
Sep 29 21:50:13 gtw01 dnsmasq[14520]: warning: no upstream servers configured
Sep 29 21:50:13 gtw01 dnsmasq-dhcp[14520]: DHCP, static leases only on 10.2.50.0, lease time 1h
Sep 29 21:50:13 gtw01 dnsmasq[14520]: read /var/lib/neutron/dhcp/c290ba96-ec0f-4785-8daa-915036f9afa1/addn_hosts - 1 addresses
Sep 29 21:50:13 gtw01 dnsmasq-dhcp[14520]: read /var/lib/neutron/dhcp/c290ba96-ec0f-4785-8daa-915036f9afa1/host
Sep 29 21:50:13 gtw01 dnsmasq-dhcp[14520]: read /var/lib/neutron/dhcp/c290ba96-ec0f-4785-8daa-915036f9afa1/opts
Sep 29 21:50:13 gtw01 haproxy-metadata-proxy-c290ba96-ec0f-4785-8daa-915036f9afa1[14532]: Proxy listener started.
Sep 29 21:50:14 gtw01 dnsmasq[14450]: read /var/lib/neutron/dhcp/d4d31af2-47c1-400b-af90-ec25ffcdb9ac/addn_hosts - 5 addresses
Sep 29 21:50:14 gtw01 dnsmasq-dhcp[14450]: read /var/lib/neutron/dhcp/d4d31af2-47c1-400b-af90-ec25ffcdb9ac/host
Sep 29 21:50:14 gtw01 dnsmasq-dhcp[14450]: read /var/lib/neutron/dhcp/d4d31af2-47c1-400b-af90-ec25ffcdb9ac/opts
Sep 29 21:50:14 gtw01 dnsmasq[14562]: started, version 2.80 cachesize 150
Sep 29 21:50:14 gtw01 dnsmasq[14562]: DNS service limited to local subnets
Sep 29 21:50:14 gtw01 dnsmasq[14562]: compile time options: IPv6 GNU-getopt DBus i18n IDN DHCP DHCPv6 no-Lua TFTP conntrack ipset auth DNSSEC loop-detect inotify dumpfile
Sep 29 21:50:14 gtw01 dnsmasq[14562]: warning: no upstream servers configured
Sep 29 21:50:14 gtw01 dnsmasq-dhcp[14562]: DHCP, static leases only on 10.2.51.0, lease time 1h
Sep 29 21:50:14 gtw01 dnsmasq[14562]: read /var/lib/neutron/dhcp/f6c708c7-20af-4f40-a718-9745d0a0bc89/addn_hosts - 1 addresses
Sep 29 21:50:14 gtw01 dnsmasq-dhcp[14562]: read /var/lib/neutron/dhcp/f6c708c7-20af-4f40-a718-9745d0a0bc89/host
Sep 29 21:50:14 gtw01 dnsmasq-dhcp[14562]: read /var/lib/neutron/dhcp/f6c708c7-20af-4f40-a718-9745d0a0bc89/opts
Sep 29 21:50:14 gtw01 dnsmasq[14520]: read /var/lib/neutron/dhcp/c290ba96-ec0f-4785-8daa-915036f9afa1/addn_hosts - 1 addresses
Sep 29 21:50:14 gtw01 dnsmasq-dhcp[14520]: read /var/lib/neutron/dhcp/c290ba96-ec0f-4785-8daa-915036f9afa1/host
Sep 29 21:50:14 gtw01 dnsmasq-dhcp[14520]: read /var/lib/neutron/dhcp/c290ba96-ec0f-4785-8daa-915036f9afa1/opts
Sep 29 21:50:14 gtw01 haproxy-metadata-proxy-f6c708c7-20af-4f40-a718-9745d0a0bc89[14574]: Proxy listener started.
Sep 29 21:50:15 gtw01 dnsmasq[14450]: read /var/lib/neutron/dhcp/d4d31af2-47c1-400b-af90-ec25ffcdb9ac/addn_hosts - 5 addresses
Sep 29 21:50:15 gtw01 dnsmasq-dhcp[14450]: read /var/lib/neutron/dhcp/d4d31af2-47c1-400b-af90-ec25ffcdb9ac/host
Sep 29 21:50:15 gtw01 dnsmasq-dhcp[14450]: read /var/lib/neutron/dhcp/d4d31af2-47c1-400b-af90-ec25ffcdb9ac/opts
Sep 29 21:50:15 gtw01 dnsmasq[14562]: read /var/lib/neutron/dhcp/f6c708c7-20af-4f40-a718-9745d0a0bc89/addn_hosts - 4 addresses
Sep 29 21:50:15 gtw01 dnsmasq-dhcp[14562]: read /var/lib/neutron/dhcp/f6c708c7-20af-4f40-a718-9745d0a0bc89/host
Sep 29 21:50:15 gtw01 dnsmasq-dhcp[14562]: read /var/lib/neutron/dhcp/f6c708c7-20af-4f40-a718-9745d0a0bc89/opts
Sep 29 21:50:15 gtw01 dnsmasq[14520]: read /var/lib/neutron/dhcp/c290ba96-ec0f-4785-8daa-915036f9afa1/addn_hosts - 1 addresses
Sep 29 21:50:15 gtw01 dnsmasq-dhcp[14520]: read /var/lib/neutron/dhcp/c290ba96-ec0f-4785-8daa-915036f9afa1/host
Sep 29 21:50:15 gtw01 dnsmasq-dhcp[14520]: read /var/lib/neutron/dhcp/c290ba96-ec0f-4785-8daa-915036f9afa1/opts
Sep 29 21:50:16 gtw01 dnsmasq[14450]: read /var/lib/neutron/dhcp/d4d31af2-47c1-400b-af90-ec25ffcdb9ac/addn_hosts - 5 addresses
Sep 29 21:50:16 gtw01 dnsmasq-dhcp[14450]: read /var/lib/neutron/dhcp/d4d31af2-47c1-400b-af90-ec25ffcdb9ac/host
Sep 29 21:50:16 gtw01 dnsmasq-dhcp[14450]: read /var/lib/neutron/dhcp/d4d31af2-47c1-400b-af90-ec25ffcdb9ac/opts
Sep 29 21:50:16 gtw01 dnsmasq[14562]: read /var/lib/neutron/dhcp/f6c708c7-20af-4f40-a718-9745d0a0bc89/addn_hosts - 4 addresses
Sep 29 21:50:16 gtw01 dnsmasq-dhcp[14562]: read /var/lib/neutron/dhcp/f6c708c7-20af-4f40-a718-9745d0a0bc89/host
Sep 29 21:50:16 gtw01 dnsmasq-dhcp[14562]: read /var/lib/neutron/dhcp/f6c708c7-20af-4f40-a718-9745d0a0bc89/opts
Sep 29 21:50:17 gtw01 dnsmasq[14520]: read /var/lib/neutron/dhcp/c290ba96-ec0f-4785-8daa-915036f9afa1/addn_hosts - 1 addresses
Sep 29 21:50:17 gtw01 dnsmasq-dhcp[14520]: read /var/lib/neutron/dhcp/c290ba96-ec0f-4785-8daa-915036f9afa1/host
Sep 29 21:50:17 gtw01 dnsmasq-dhcp[14520]: read /var/lib/neutron/dhcp/c290ba96-ec0f-4785-8daa-915036f9afa1/opts
Sep 29 21:50:17 gtw01 dnsmasq[14450]: read /var/lib/neutron/dhcp/d4d31af2-47c1-400b-af90-ec25ffcdb9ac/addn_hosts - 5 addresses
Sep 29 21:50:17 gtw01 dnsmasq-dhcp[14450]: read /var/lib/neutron/dhcp/d4d31af2-47c1-400b-af90-ec25ffcdb9ac/host
Sep 29 21:50:17 gtw01 dnsmasq-dhcp[14450]: read /var/lib/neutron/dhcp/d4d31af2-47c1-400b-af90-ec25ffcdb9ac/opts
Sep 29 21:50:18 gtw01 dnsmasq[14562]: read /var/lib/neutron/dhcp/f6c708c7-20af-4f40-a718-9745d0a0bc89/addn_hosts - 4 addresses
Sep 29 21:50:18 gtw01 dnsmasq-dhcp[14562]: read /var/lib/neutron/dhcp/f6c708c7-20af-4f40-a718-9745d0a0bc89/host
Sep 29 21:50:18 gtw01 dnsmasq-dhcp[14562]: read /var/lib/neutron/dhcp/f6c708c7-20af-4f40-a718-9745d0a0bc89/opts
Sep 29 21:50:18 gtw01 dnsmasq[14450]: read /var/lib/neutron/dhcp/d4d31af2-47c1-400b-af90-ec25ffcdb9ac/addn_hosts - 5 addresses
Sep 29 21:50:18 gtw01 dnsmasq-dhcp[14450]: read /var/lib/neutron/dhcp/d4d31af2-47c1-400b-af90-ec25ffcdb9ac/host
Sep 29 21:50:18 gtw01 dnsmasq-dhcp[14450]: read /var/lib/neutron/dhcp/d4d31af2-47c1-400b-af90-ec25ffcdb9ac/opts
Sep 29 21:50:18 gtw01 dnsmasq[14562]: read /var/lib/neutron/dhcp/f6c708c7-20af-4f40-a718-9745d0a0bc89/addn_hosts - 4 addresses
Sep 29 21:50:18 gtw01 dnsmasq-dhcp[14562]: read /var/lib/neutron/dhcp/f6c708c7-20af-4f40-a718-9745d0a0bc89/host
Sep 29 21:50:18 gtw01 dnsmasq-dhcp[14562]: read /var/lib/neutron/dhcp/f6c708c7-20af-4f40-a718-9745d0a0bc89/opts
Sep 29 21:50:19 gtw01 dnsmasq[14450]: read /var/lib/neutron/dhcp/d4d31af2-47c1-400b-af90-ec25ffcdb9ac/addn_hosts - 6 addresses
Sep 29 21:50:19 gtw01 dnsmasq-dhcp[14450]: read /var/lib/neutron/dhcp/d4d31af2-47c1-400b-af90-ec25ffcdb9ac/host
Sep 29 21:50:19 gtw01 dnsmasq-dhcp[14450]: read /var/lib/neutron/dhcp/d4d31af2-47c1-400b-af90-ec25ffcdb9ac/opts
Sep 29 21:50:19 gtw01 dnsmasq[14562]: read /var/lib/neutron/dhcp/f6c708c7-20af-4f40-a718-9745d0a0bc89/addn_hosts - 4 addresses
Sep 29 21:50:19 gtw01 dnsmasq-dhcp[14562]: read /var/lib/neutron/dhcp/f6c708c7-20af-4f40-a718-9745d0a0bc89/host
Sep 29 21:50:19 gtw01 dnsmasq-dhcp[14562]: read /var/lib/neutron/dhcp/f6c708c7-20af-4f40-a718-9745d0a0bc89/opts
Sep 29 21:50:20 gtw01 dnsmasq[14450]: read /var/lib/neutron/dhcp/d4d31af2-47c1-400b-af90-ec25ffcdb9ac/addn_hosts - 7 addresses
Sep 29 21:50:20 gtw01 dnsmasq-dhcp[14450]: read /var/lib/neutron/dhcp/d4d31af2-47c1-400b-af90-ec25ffcdb9ac/host
Sep 29 21:50:20 gtw01 dnsmasq-dhcp[14450]: read /var/lib/neutron/dhcp/d4d31af2-47c1-400b-af90-ec25ffcdb9ac/opts
Sep 29 21:50:20 gtw01 dnsmasq[14562]: read /var/lib/neutron/dhcp/f6c708c7-20af-4f40-a718-9745d0a0bc89/addn_hosts - 4 addresses
Sep 29 21:50:20 gtw01 dnsmasq-dhcp[14562]: read /var/lib/neutron/dhcp/f6c708c7-20af-4f40-a718-9745d0a0bc89/host
Sep 29 21:50:20 gtw01 dnsmasq-dhcp[14562]: read /var/lib/neutron/dhcp/f6c708c7-20af-4f40-a718-9745d0a0bc89/opts
Sep 29 21:50:21 gtw01 dnsmasq[14450]: read /var/lib/neutron/dhcp/d4d31af2-47c1-400b-af90-ec25ffcdb9ac/addn_hosts - 8 addresses
Sep 29 21:50:21 gtw01 dnsmasq-dhcp[14450]: read /var/lib/neutron/dhcp/d4d31af2-47c1-400b-af90-ec25ffcdb9ac/host
Sep 29 21:50:21 gtw01 dnsmasq-dhcp[14450]: read /var/lib/neutron/dhcp/d4d31af2-47c1-400b-af90-ec25ffcdb9ac/opts
Sep 29 21:50:22 gtw01 dnsmasq[14450]: read /var/lib/neutron/dhcp/d4d31af2-47c1-400b-af90-ec25ffcdb9ac/addn_hosts - 8 addresses
Sep 29 21:50:22 gtw01 dnsmasq-dhcp[14450]: read /var/lib/neutron/dhcp/d4d31af2-47c1-400b-af90-ec25ffcdb9ac/host
Sep 29 21:50:22 gtw01 dnsmasq-dhcp[14450]: read /var/lib/neutron/dhcp/d4d31af2-47c1-400b-af90-ec25ffcdb9ac/opts
Sep 29 21:50:26 gtw01 dnsmasq[14450]: read /var/lib/neutron/dhcp/d4d31af2-47c1-400b-af90-ec25ffcdb9ac/addn_hosts - 7 addresses
Sep 29 21:50:26 gtw01 dnsmasq-dhcp[14450]: read /var/lib/neutron/dhcp/d4d31af2-47c1-400b-af90-ec25ffcdb9ac/host
Sep 29 21:50:26 gtw01 dnsmasq-dhcp[14450]: read /var/lib/neutron/dhcp/d4d31af2-47c1-400b-af90-ec25ffcdb9ac/opts
Sep 29 21:50:27 gtw01 dnsmasq[14450]: read /var/lib/neutron/dhcp/d4d31af2-47c1-400b-af90-ec25ffcdb9ac/addn_hosts - 6 addresses
Sep 29 21:50:27 gtw01 dnsmasq-dhcp[14450]: read /var/lib/neutron/dhcp/d4d31af2-47c1-400b-af90-ec25ffcdb9ac/host
Sep 29 21:50:27 gtw01 dnsmasq-dhcp[14450]: read /var/lib/neutron/dhcp/d4d31af2-47c1-400b-af90-ec25ffcdb9ac/opts
Sep 29 21:50:27 gtw01 dnsmasq[14562]: read /var/lib/neutron/dhcp/f6c708c7-20af-4f40-a718-9745d0a0bc89/addn_hosts - 3 addresses
Sep 29 21:50:27 gtw01 dnsmasq-dhcp[14562]: read /var/lib/neutron/dhcp/f6c708c7-20af-4f40-a718-9745d0a0bc89/host
Sep 29 21:50:27 gtw01 dnsmasq-dhcp[14562]: read /var/lib/neutron/dhcp/f6c708c7-20af-4f40-a718-9745d0a0bc89/opts
Sep 29 21:50:27 gtw01 dnsmasq[14450]: read /var/lib/neutron/dhcp/d4d31af2-47c1-400b-af90-ec25ffcdb9ac/addn_hosts - 5 addresses
Sep 29 21:50:27 gtw01 dnsmasq-dhcp[14450]: read /var/lib/neutron/dhcp/d4d31af2-47c1-400b-af90-ec25ffcdb9ac/host
Sep 29 21:50:27 gtw01 dnsmasq-dhcp[14450]: read /var/lib/neutron/dhcp/d4d31af2-47c1-400b-af90-ec25ffcdb9ac/opts
Sep 29 21:50:28 gtw01 dnsmasq[14562]: read /var/lib/neutron/dhcp/f6c708c7-20af-4f40-a718-9745d0a0bc89/addn_hosts - 2 addresses
Sep 29 21:50:28 gtw01 dnsmasq-dhcp[14562]: read /var/lib/neutron/dhcp/f6c708c7-20af-4f40-a718-9745d0a0bc89/host
Sep 29 21:50:28 gtw01 dnsmasq-dhcp[14562]: read /var/lib/neutron/dhcp/f6c708c7-20af-4f40-a718-9745d0a0bc89/opts
Sep 29 21:50:28 gtw01 dnsmasq[14450]: read /var/lib/neutron/dhcp/d4d31af2-47c1-400b-af90-ec25ffcdb9ac/addn_hosts - 4 addresses
Sep 29 21:50:28 gtw01 dnsmasq-dhcp[14450]: read /var/lib/neutron/dhcp/d4d31af2-47c1-400b-af90-ec25ffcdb9ac/host
Sep 29 21:50:28 gtw01 dnsmasq-dhcp[14450]: read /var/lib/neutron/dhcp/d4d31af2-47c1-400b-af90-ec25ffcdb9ac/opts
Sep 29 21:50:29 gtw01 dnsmasq[14562]: read /var/lib/neutron/dhcp/f6c708c7-20af-4f40-a718-9745d0a0bc89/addn_hosts - 1 addresses
Sep 29 21:50:29 gtw01 dnsmasq-dhcp[14562]: read /var/lib/neutron/dhcp/f6c708c7-20af-4f40-a718-9745d0a0bc89/host
Sep 29 21:50:29 gtw01 dnsmasq-dhcp[14562]: read /var/lib/neutron/dhcp/f6c708c7-20af-4f40-a718-9745d0a0bc89/opts
Sep 29 21:50:29 gtw01 dnsmasq[14450]: read /var/lib/neutron/dhcp/d4d31af2-47c1-400b-af90-ec25ffcdb9ac/addn_hosts - 3 addresses
Sep 29 21:50:29 gtw01 dnsmasq-dhcp[14450]: read /var/lib/neutron/dhcp/d4d31af2-47c1-400b-af90-ec25ffcdb9ac/host
Sep 29 21:50:29 gtw01 dnsmasq-dhcp[14450]: read /var/lib/neutron/dhcp/d4d31af2-47c1-400b-af90-ec25ffcdb9ac/opts
Sep 29 21:50:30 gtw01 dnsmasq[14450]: read /var/lib/neutron/dhcp/d4d31af2-47c1-400b-af90-ec25ffcdb9ac/addn_hosts - 2 addresses
Sep 29 21:50:30 gtw01 dnsmasq-dhcp[14450]: read /var/lib/neutron/dhcp/d4d31af2-47c1-400b-af90-ec25ffcdb9ac/host
Sep 29 21:50:30 gtw01 dnsmasq-dhcp[14450]: read /var/lib/neutron/dhcp/d4d31af2-47c1-400b-af90-ec25ffcdb9ac/opts
Sep 29 21:50:31 gtw01 dnsmasq[14450]: read /var/lib/neutron/dhcp/d4d31af2-47c1-400b-af90-ec25ffcdb9ac/addn_hosts - 1 addresses
Sep 29 21:50:31 gtw01 dnsmasq-dhcp[14450]: read /var/lib/neutron/dhcp/d4d31af2-47c1-400b-af90-ec25ffcdb9ac/host
Sep 29 21:50:31 gtw01 dnsmasq-dhcp[14450]: read /var/lib/neutron/dhcp/d4d31af2-47c1-400b-af90-ec25ffcdb9ac/opts
Sep 29 21:50:38 gtw01 dnsmasq[14520]: read /var/lib/neutron/dhcp/c290ba96-ec0f-4785-8daa-915036f9afa1/addn_hosts - 1 addresses
Sep 29 21:50:38 gtw01 dnsmasq-dhcp[14520]: read /var/lib/neutron/dhcp/c290ba96-ec0f-4785-8daa-915036f9afa1/host
Sep 29 21:50:38 gtw01 dnsmasq-dhcp[14520]: read /var/lib/neutron/dhcp/c290ba96-ec0f-4785-8daa-915036f9afa1/opts
Sep 29 21:50:39 gtw01 kernel: [13397.659806] device tap678c78f8-d2 left promiscuous mode
Sep 29 21:50:42 gtw01 dnsmasq[14450]: read /var/lib/neutron/dhcp/d4d31af2-47c1-400b-af90-ec25ffcdb9ac/addn_hosts - 1 addresses
Sep 29 21:50:42 gtw01 dnsmasq-dhcp[14450]: read /var/lib/neutron/dhcp/d4d31af2-47c1-400b-af90-ec25ffcdb9ac/host
Sep 29 21:50:42 gtw01 dnsmasq-dhcp[14450]: read /var/lib/neutron/dhcp/d4d31af2-47c1-400b-af90-ec25ffcdb9ac/opts
Sep 29 21:50:43 gtw01 kernel: [13401.260079] device tap142a0fbd-ee left promiscuous mode
Sep 29 21:50:45 gtw01 dnsmasq[14562]: read /var/lib/neutron/dhcp/f6c708c7-20af-4f40-a718-9745d0a0bc89/addn_hosts - 1 addresses
Sep 29 21:50:45 gtw01 dnsmasq-dhcp[14562]: read /var/lib/neutron/dhcp/f6c708c7-20af-4f40-a718-9745d0a0bc89/host
Sep 29 21:50:45 gtw01 dnsmasq-dhcp[14562]: read /var/lib/neutron/dhcp/f6c708c7-20af-4f40-a718-9745d0a0bc89/opts
Sep 29 21:50:46 gtw01 kernel: [13404.563838] device tap075d7966-cf left promiscuous mode
Sep 29 21:51:06 gtw01 kernel: [13424.154485] device tap04139ac9-f5 entered promiscuous mode
Sep 29 21:51:06 gtw01 systemd-udevd[15100]: Could not generate persistent MAC address for tap04139ac9-f5: No such file or directory
Sep 29 21:51:06 gtw01 systemd-udevd[15100]: Process '/sbin/ip link set tap04139ac9-f5 txqueuelen 10000' failed with exit code 1.
Sep 29 21:51:06 gtw01 kernel: [13424.978430] device tap2349ac86-90 entered promiscuous mode
Sep 29 21:51:06 gtw01 systemd-udevd[15214]: Could not generate persistent MAC address for tap2349ac86-90: No such file or directory
Sep 29 21:51:06 gtw01 systemd-udevd[15214]: Process '/sbin/ip link set tap2349ac86-90 txqueuelen 10000' failed with exit code 1.
Sep 29 21:51:06 gtw01 systemd-udevd[15214]: Process '/sbin/ip link set tap2349ac86-90 txqueuelen 10000' failed with exit code 1.
Sep 29 21:51:07 gtw01 kernel: [13425.543595] device tapb5296b83-e4 entered promiscuous mode
Sep 29 21:51:07 gtw01 systemd-udevd[15320]: Could not generate persistent MAC address for tapb5296b83-e4: No such file or directory
Sep 29 21:51:07 gtw01 systemd-udevd[15395]: Process '/sbin/ip link set tapb5296b83-e4 txqueuelen 10000' failed with exit code 1.
Sep 29 21:51:08 gtw01 systemd-udevd[15437]: Could not generate persistent MAC address for tap37a6f9fa-23: No such file or directory
Sep 29 21:51:08 gtw01 kernel: [13426.438582] device tap37a6f9fa-23 entered promiscuous mode
Sep 29 21:51:08 gtw01 systemd-udevd[15437]: Process '/sbin/ip link set tap37a6f9fa-23 txqueuelen 10000' failed with exit code 1.
Sep 29 21:51:10 gtw01 dnsmasq[15618]: started, version 2.80 cachesize 150
Sep 29 21:51:10 gtw01 dnsmasq[15618]: DNS service limited to local subnets
Sep 29 21:51:10 gtw01 dnsmasq[15618]: compile time options: IPv6 GNU-getopt DBus i18n IDN DHCP DHCPv6 no-Lua TFTP conntrack ipset auth DNSSEC loop-detect inotify dumpfile
Sep 29 21:51:10 gtw01 dnsmasq[15618]: warning: no upstream servers configured
Sep 29 21:51:10 gtw01 dnsmasq-dhcp[15618]: DHCP, static leases only on 1.1.0.212, lease time 1h
Sep 29 21:51:10 gtw01 dnsmasq[15618]: read /var/lib/neutron/dhcp/35c1b736-b77f-4052-8413-85375ad347bc/addn_hosts - 1 addresses
Sep 29 21:51:10 gtw01 dnsmasq-dhcp[15618]: read /var/lib/neutron/dhcp/35c1b736-b77f-4052-8413-85375ad347bc/host
Sep 29 21:51:10 gtw01 dnsmasq-dhcp[15618]: read /var/lib/neutron/dhcp/35c1b736-b77f-4052-8413-85375ad347bc/opts
Sep 29 21:51:11 gtw01 haproxy-metadata-proxy-35c1b736-b77f-4052-8413-85375ad347bc[15634]: Proxy listener started.
Sep 29 21:51:12 gtw01 dnsmasq[15677]: started, version 2.80 cachesize 150
Sep 29 21:51:12 gtw01 dnsmasq[15677]: DNS service limited to local subnets
Sep 29 21:51:12 gtw01 dnsmasq[15677]: compile time options: IPv6 GNU-getopt DBus i18n IDN DHCP DHCPv6 no-Lua TFTP conntrack ipset auth DNSSEC loop-detect inotify dumpfile
Sep 29 21:51:12 gtw01 dnsmasq[15677]: warning: no upstream servers configured
Sep 29 21:51:12 gtw01 dnsmasq-dhcp[15677]: DHCP, static leases only on 1.1.0.216, lease time 1h
Sep 29 21:51:12 gtw01 dnsmasq[15677]: read /var/lib/neutron/dhcp/341b0768-00ca-4c3a-aa4d-7ee7f2357287/addn_hosts - 1 addresses
Sep 29 21:51:12 gtw01 dnsmasq-dhcp[15677]: read /var/lib/neutron/dhcp/341b0768-00ca-4c3a-aa4d-7ee7f2357287/host
Sep 29 21:51:12 gtw01 dnsmasq-dhcp[15677]: read /var/lib/neutron/dhcp/341b0768-00ca-4c3a-aa4d-7ee7f2357287/opts
Sep 29 21:51:12 gtw01 dnsmasq[15618]: read /var/lib/neutron/dhcp/35c1b736-b77f-4052-8413-85375ad347bc/addn_hosts - 2 addresses
Sep 29 21:51:12 gtw01 dnsmasq-dhcp[15618]: read /var/lib/neutron/dhcp/35c1b736-b77f-4052-8413-85375ad347bc/host
Sep 29 21:51:12 gtw01 dnsmasq-dhcp[15618]: read /var/lib/neutron/dhcp/35c1b736-b77f-4052-8413-85375ad347bc/opts
Sep 29 21:51:12 gtw01 haproxy-metadata-proxy-341b0768-00ca-4c3a-aa4d-7ee7f2357287[15693]: Proxy listener started.
Sep 29 21:51:12 gtw01 dnsmasq[15699]: started, version 2.80 cachesize 150
Sep 29 21:51:12 gtw01 dnsmasq[15699]: DNS service limited to local subnets
Sep 29 21:51:12 gtw01 dnsmasq[15699]: compile time options: IPv6 GNU-getopt DBus i18n IDN DHCP DHCPv6 no-Lua TFTP conntrack ipset auth DNSSEC loop-detect inotify dumpfile
Sep 29 21:51:12 gtw01 dnsmasq[15699]: warning: no upstream servers configured
Sep 29 21:51:12 gtw01 dnsmasq-dhcp[15699]: DHCP, static leases only on 1.1.0.208, lease time 1h
Sep 29 21:51:12 gtw01 dnsmasq[15699]: read /var/lib/neutron/dhcp/ac1ccdcd-0fde-4031-b8f2-9890cf9b8550/addn_hosts - 1 addresses
Sep 29 21:51:12 gtw01 dnsmasq-dhcp[15699]: read /var/lib/neutron/dhcp/ac1ccdcd-0fde-4031-b8f2-9890cf9b8550/host
Sep 29 21:51:12 gtw01 dnsmasq-dhcp[15699]: read /var/lib/neutron/dhcp/ac1ccdcd-0fde-4031-b8f2-9890cf9b8550/opts
Sep 29 21:51:12 gtw01 haproxy-metadata-proxy-ac1ccdcd-0fde-4031-b8f2-9890cf9b8550[15710]: Proxy listener started.
Sep 29 21:51:13 gtw01 dnsmasq[15718]: started, version 2.80 cachesize 150
Sep 29 21:51:13 gtw01 dnsmasq[15718]: DNS service limited to local subnets
Sep 29 21:51:13 gtw01 dnsmasq[15718]: compile time options: IPv6 GNU-getopt DBus i18n IDN DHCP DHCPv6 no-Lua TFTP conntrack ipset auth DNSSEC loop-detect inotify dumpfile
Sep 29 21:51:13 gtw01 dnsmasq[15718]: warning: no upstream servers configured
Sep 29 21:51:13 gtw01 dnsmasq-dhcp[15718]: DHCP, static leases only on 1.1.0.220, lease time 1h
Sep 29 21:51:13 gtw01 dnsmasq[15718]: read /var/lib/neutron/dhcp/0f59c8b9-b03e-426e-8ac2-007b5ae9c2b1/addn_hosts - 1 addresses
Sep 29 21:51:13 gtw01 dnsmasq-dhcp[15718]: read /var/lib/neutron/dhcp/0f59c8b9-b03e-426e-8ac2-007b5ae9c2b1/host
Sep 29 21:51:13 gtw01 dnsmasq-dhcp[15718]: read /var/lib/neutron/dhcp/0f59c8b9-b03e-426e-8ac2-007b5ae9c2b1/opts
Sep 29 21:51:13 gtw01 haproxy-metadata-proxy-0f59c8b9-b03e-426e-8ac2-007b5ae9c2b1[15727]: Proxy listener started.
Sep 29 21:51:13 gtw01 dnsmasq[15618]: read /var/lib/neutron/dhcp/35c1b736-b77f-4052-8413-85375ad347bc/addn_hosts - 2 addresses
Sep 29 21:51:13 gtw01 dnsmasq-dhcp[15618]: read /var/lib/neutron/dhcp/35c1b736-b77f-4052-8413-85375ad347bc/host
Sep 29 21:51:13 gtw01 dnsmasq-dhcp[15618]: read /var/lib/neutron/dhcp/35c1b736-b77f-4052-8413-85375ad347bc/opts
Sep 29 21:51:13 gtw01 dnsmasq[15677]: read /var/lib/neutron/dhcp/341b0768-00ca-4c3a-aa4d-7ee7f2357287/addn_hosts - 2 addresses
Sep 29 21:51:13 gtw01 dnsmasq-dhcp[15677]: read /var/lib/neutron/dhcp/341b0768-00ca-4c3a-aa4d-7ee7f2357287/host
Sep 29 21:51:13 gtw01 dnsmasq-dhcp[15677]: read /var/lib/neutron/dhcp/341b0768-00ca-4c3a-aa4d-7ee7f2357287/opts
Sep 29 21:51:14 gtw01 dnsmasq[15618]: read /var/lib/neutron/dhcp/35c1b736-b77f-4052-8413-85375ad347bc/addn_hosts - 2 addresses
Sep 29 21:51:14 gtw01 dnsmasq-dhcp[15618]: read /var/lib/neutron/dhcp/35c1b736-b77f-4052-8413-85375ad347bc/host
Sep 29 21:51:14 gtw01 dnsmasq-dhcp[15618]: read /var/lib/neutron/dhcp/35c1b736-b77f-4052-8413-85375ad347bc/opts
Sep 29 21:51:14 gtw01 dnsmasq[15699]: read /var/lib/neutron/dhcp/ac1ccdcd-0fde-4031-b8f2-9890cf9b8550/addn_hosts - 2 addresses
Sep 29 21:51:14 gtw01 dnsmasq-dhcp[15699]: read /var/lib/neutron/dhcp/ac1ccdcd-0fde-4031-b8f2-9890cf9b8550/host
Sep 29 21:51:14 gtw01 dnsmasq-dhcp[15699]: read /var/lib/neutron/dhcp/ac1ccdcd-0fde-4031-b8f2-9890cf9b8550/opts
Sep 29 21:51:15 gtw01 dnsmasq[15677]: read /var/lib/neutron/dhcp/341b0768-00ca-4c3a-aa4d-7ee7f2357287/addn_hosts - 2 addresses
Sep 29 21:51:15 gtw01 dnsmasq-dhcp[15677]: read /var/lib/neutron/dhcp/341b0768-00ca-4c3a-aa4d-7ee7f2357287/host
Sep 29 21:51:15 gtw01 dnsmasq-dhcp[15677]: read /var/lib/neutron/dhcp/341b0768-00ca-4c3a-aa4d-7ee7f2357287/opts
Sep 29 21:51:15 gtw01 dnsmasq[15718]: read /var/lib/neutron/dhcp/0f59c8b9-b03e-426e-8ac2-007b5ae9c2b1/addn_hosts - 2 addresses
Sep 29 21:51:15 gtw01 dnsmasq-dhcp[15718]: read /var/lib/neutron/dhcp/0f59c8b9-b03e-426e-8ac2-007b5ae9c2b1/host
Sep 29 21:51:15 gtw01 dnsmasq-dhcp[15718]: read /var/lib/neutron/dhcp/0f59c8b9-b03e-426e-8ac2-007b5ae9c2b1/opts
Sep 29 21:51:17 gtw01 dnsmasq[15618]: read /var/lib/neutron/dhcp/35c1b736-b77f-4052-8413-85375ad347bc/addn_hosts - 2 addresses
Sep 29 21:51:17 gtw01 dnsmasq-dhcp[15618]: read /var/lib/neutron/dhcp/35c1b736-b77f-4052-8413-85375ad347bc/host
Sep 29 21:51:17 gtw01 dnsmasq-dhcp[15618]: read /var/lib/neutron/dhcp/35c1b736-b77f-4052-8413-85375ad347bc/opts
Sep 29 21:51:17 gtw01 dnsmasq[15699]: read /var/lib/neutron/dhcp/ac1ccdcd-0fde-4031-b8f2-9890cf9b8550/addn_hosts - 2 addresses
Sep 29 21:51:17 gtw01 dnsmasq-dhcp[15699]: read /var/lib/neutron/dhcp/ac1ccdcd-0fde-4031-b8f2-9890cf9b8550/host
Sep 29 21:51:17 gtw01 dnsmasq-dhcp[15699]: read /var/lib/neutron/dhcp/ac1ccdcd-0fde-4031-b8f2-9890cf9b8550/opts
Sep 29 21:51:17 gtw01 kernel: [13436.122461] device tap5a70c08b-06 entered promiscuous mode
Sep 29 21:51:17 gtw01 systemd-udevd[15922]: Could not generate persistent MAC address for tap5a70c08b-06: No such file or directory
Sep 29 21:51:18 gtw01 dnsmasq[15677]: read /var/lib/neutron/dhcp/341b0768-00ca-4c3a-aa4d-7ee7f2357287/addn_hosts - 2 addresses
Sep 29 21:51:18 gtw01 dnsmasq-dhcp[15677]: read /var/lib/neutron/dhcp/341b0768-00ca-4c3a-aa4d-7ee7f2357287/host
Sep 29 21:51:18 gtw01 dnsmasq-dhcp[15677]: read /var/lib/neutron/dhcp/341b0768-00ca-4c3a-aa4d-7ee7f2357287/opts
Sep 29 21:51:18 gtw01 kernel: [13436.450883] device tap6931422a-ed entered promiscuous mode
Sep 29 21:51:18 gtw01 systemd-udevd[16003]: Could not generate persistent MAC address for tap6931422a-ed: No such file or directory
Sep 29 21:51:18 gtw01 kernel: [13436.678369] device tap0df724e2-90 entered promiscuous mode
Sep 29 21:51:18 gtw01 systemd-udevd[16078]: Could not generate persistent MAC address for tap0df724e2-90: No such file or directory
Sep 29 21:51:18 gtw01 systemd-udevd[16077]: Process '/sbin/ip link set tap5a70c08b-06 txqueuelen 10000' failed with exit code 1.
Sep 29 21:51:18 gtw01 dnsmasq[15718]: read /var/lib/neutron/dhcp/0f59c8b9-b03e-426e-8ac2-007b5ae9c2b1/addn_hosts - 2 addresses
Sep 29 21:51:18 gtw01 dnsmasq-dhcp[15718]: read /var/lib/neutron/dhcp/0f59c8b9-b03e-426e-8ac2-007b5ae9c2b1/host
Sep 29 21:51:18 gtw01 dnsmasq-dhcp[15718]: read /var/lib/neutron/dhcp/0f59c8b9-b03e-426e-8ac2-007b5ae9c2b1/opts
Sep 29 21:51:18 gtw01 systemd-udevd[16166]: Process '/sbin/ip link set tap6931422a-ed txqueuelen 10000' failed with exit code 1.
Sep 29 21:51:18 gtw01 systemd-udevd[16182]: Process '/sbin/ip link set tap0df724e2-90 txqueuelen 10000' failed with exit code 1.
Sep 29 21:51:19 gtw01 kernel: [13437.361748] device tap237e1a17-0d entered promiscuous mode
Sep 29 21:51:19 gtw01 systemd-udevd[16215]: Could not generate persistent MAC address for tap237e1a17-0d: No such file or directory
Sep 29 21:51:19 gtw01 dnsmasq[15618]: read /var/lib/neutron/dhcp/35c1b736-b77f-4052-8413-85375ad347bc/addn_hosts - 2 addresses
Sep 29 21:51:19 gtw01 dnsmasq-dhcp[15618]: read /var/lib/neutron/dhcp/35c1b736-b77f-4052-8413-85375ad347bc/host
Sep 29 21:51:19 gtw01 dnsmasq-dhcp[15618]: read /var/lib/neutron/dhcp/35c1b736-b77f-4052-8413-85375ad347bc/opts
Sep 29 21:51:20 gtw01 dnsmasq[15699]: read /var/lib/neutron/dhcp/ac1ccdcd-0fde-4031-b8f2-9890cf9b8550/addn_hosts - 2 addresses
Sep 29 21:51:20 gtw01 dnsmasq-dhcp[15699]: read /var/lib/neutron/dhcp/ac1ccdcd-0fde-4031-b8f2-9890cf9b8550/host
Sep 29 21:51:20 gtw01 dnsmasq-dhcp[15699]: read /var/lib/neutron/dhcp/ac1ccdcd-0fde-4031-b8f2-9890cf9b8550/opts
Sep 29 21:51:20 gtw01 systemd-udevd[16321]: Process '/sbin/ip link set tap237e1a17-0d txqueuelen 10000' failed with exit code 1.
Sep 29 21:51:20 gtw01 dnsmasq[15677]: read /var/lib/neutron/dhcp/341b0768-00ca-4c3a-aa4d-7ee7f2357287/addn_hosts - 2 addresses
Sep 29 21:51:20 gtw01 dnsmasq-dhcp[15677]: read /var/lib/neutron/dhcp/341b0768-00ca-4c3a-aa4d-7ee7f2357287/host
Sep 29 21:51:20 gtw01 dnsmasq-dhcp[15677]: read /var/lib/neutron/dhcp/341b0768-00ca-4c3a-aa4d-7ee7f2357287/opts
Sep 29 21:51:21 gtw01 dnsmasq[15718]: read /var/lib/neutron/dhcp/0f59c8b9-b03e-426e-8ac2-007b5ae9c2b1/addn_hosts - 2 addresses
Sep 29 21:51:21 gtw01 dnsmasq-dhcp[15718]: read /var/lib/neutron/dhcp/0f59c8b9-b03e-426e-8ac2-007b5ae9c2b1/host
Sep 29 21:51:21 gtw01 dnsmasq-dhcp[15718]: read /var/lib/neutron/dhcp/0f59c8b9-b03e-426e-8ac2-007b5ae9c2b1/opts
Sep 29 21:51:23 gtw01 dnsmasq[15699]: read /var/lib/neutron/dhcp/ac1ccdcd-0fde-4031-b8f2-9890cf9b8550/addn_hosts - 2 addresses
Sep 29 21:51:23 gtw01 dnsmasq-dhcp[15699]: read /var/lib/neutron/dhcp/ac1ccdcd-0fde-4031-b8f2-9890cf9b8550/host
Sep 29 21:51:23 gtw01 dnsmasq-dhcp[15699]: read /var/lib/neutron/dhcp/ac1ccdcd-0fde-4031-b8f2-9890cf9b8550/opts
Sep 29 21:51:24 gtw01 dnsmasq[15677]: read /var/lib/neutron/dhcp/341b0768-00ca-4c3a-aa4d-7ee7f2357287/addn_hosts - 2 addresses
Sep 29 21:51:24 gtw01 dnsmasq-dhcp[15677]: read /var/lib/neutron/dhcp/341b0768-00ca-4c3a-aa4d-7ee7f2357287/host
Sep 29 21:51:24 gtw01 dnsmasq-dhcp[15677]: read /var/lib/neutron/dhcp/341b0768-00ca-4c3a-aa4d-7ee7f2357287/opts
Sep 29 21:51:24 gtw01 dnsmasq[15718]: read /var/lib/neutron/dhcp/0f59c8b9-b03e-426e-8ac2-007b5ae9c2b1/addn_hosts - 2 addresses
Sep 29 21:51:24 gtw01 dnsmasq-dhcp[15718]: read /var/lib/neutron/dhcp/0f59c8b9-b03e-426e-8ac2-007b5ae9c2b1/host
Sep 29 21:51:24 gtw01 dnsmasq-dhcp[15718]: read /var/lib/neutron/dhcp/0f59c8b9-b03e-426e-8ac2-007b5ae9c2b1/opts
Sep 29 21:51:26 gtw01 dnsmasq[15699]: read /var/lib/neutron/dhcp/ac1ccdcd-0fde-4031-b8f2-9890cf9b8550/addn_hosts - 2 addresses
Sep 29 21:51:26 gtw01 dnsmasq-dhcp[15699]: read /var/lib/neutron/dhcp/ac1ccdcd-0fde-4031-b8f2-9890cf9b8550/host
Sep 29 21:51:26 gtw01 dnsmasq-dhcp[15699]: read /var/lib/neutron/dhcp/ac1ccdcd-0fde-4031-b8f2-9890cf9b8550/opts
Sep 29 21:51:27 gtw01 dnsmasq[15718]: read /var/lib/neutron/dhcp/0f59c8b9-b03e-426e-8ac2-007b5ae9c2b1/addn_hosts - 2 addresses
Sep 29 21:51:27 gtw01 dnsmasq-dhcp[15718]: read /var/lib/neutron/dhcp/0f59c8b9-b03e-426e-8ac2-007b5ae9c2b1/host
Sep 29 21:51:27 gtw01 dnsmasq-dhcp[15718]: read /var/lib/neutron/dhcp/0f59c8b9-b03e-426e-8ac2-007b5ae9c2b1/opts
Sep 29 21:51:27 gtw01 kernel: [13445.734412] device tapb16349a3-3e entered promiscuous mode
Sep 29 21:51:27 gtw01 systemd-udevd[16637]: Could not generate persistent MAC address for tapb16349a3-3e: No such file or directory
Sep 29 21:51:27 gtw01 dnsmasq[16707]: started, version 2.80 cachesize 150
Sep 29 21:51:27 gtw01 dnsmasq[16707]: DNS service limited to local subnets
Sep 29 21:51:27 gtw01 dnsmasq[16707]: compile time options: IPv6 GNU-getopt DBus i18n IDN DHCP DHCPv6 no-Lua TFTP conntrack ipset auth DNSSEC loop-detect inotify dumpfile
Sep 29 21:51:27 gtw01 dnsmasq[16707]: warning: no upstream servers configured
Sep 29 21:51:27 gtw01 dnsmasq-dhcp[16707]: DHCP, static leases only on 1.1.0.224, lease time 1h
Sep 29 21:51:27 gtw01 dnsmasq[16707]: read /var/lib/neutron/dhcp/e3390103-5236-40cc-ab6c-9c5d52895973/addn_hosts - 1 addresses
Sep 29 21:51:27 gtw01 dnsmasq-dhcp[16707]: read /var/lib/neutron/dhcp/e3390103-5236-40cc-ab6c-9c5d52895973/host
Sep 29 21:51:27 gtw01 dnsmasq-dhcp[16707]: read /var/lib/neutron/dhcp/e3390103-5236-40cc-ab6c-9c5d52895973/opts
Sep 29 21:51:27 gtw01 dnsmasq[16715]: started, version 2.80 cachesize 150
Sep 29 21:51:27 gtw01 dnsmasq[16715]: DNS service limited to local subnets
Sep 29 21:51:27 gtw01 dnsmasq[16715]: compile time options: IPv6 GNU-getopt DBus i18n IDN DHCP DHCPv6 no-Lua TFTP conntrack ipset auth DNSSEC loop-detect inotify dumpfile
Sep 29 21:51:27 gtw01 dnsmasq[16715]: warning: no upstream servers configured
Sep 29 21:51:27 gtw01 dnsmasq-dhcp[16715]: DHCP, static leases only on 1.1.0.228, lease time 1h
Sep 29 21:51:27 gtw01 dnsmasq[16715]: read /var/lib/neutron/dhcp/539d13d8-5cf7-45b0-94ee-6ea7d6a23c5d/addn_hosts - 1 addresses
Sep 29 21:51:27 gtw01 dnsmasq-dhcp[16715]: read /var/lib/neutron/dhcp/539d13d8-5cf7-45b0-94ee-6ea7d6a23c5d/host
Sep 29 21:51:27 gtw01 dnsmasq-dhcp[16715]: read /var/lib/neutron/dhcp/539d13d8-5cf7-45b0-94ee-6ea7d6a23c5d/opts
Sep 29 21:51:27 gtw01 systemd-udevd[16710]: Process '/sbin/ip link set tapb16349a3-3e txqueuelen 10000' failed with exit code 1.
Sep 29 21:51:27 gtw01 dnsmasq[16723]: started, version 2.80 cachesize 150
Sep 29 21:51:27 gtw01 dnsmasq[16723]: DNS service limited to local subnets
Sep 29 21:51:27 gtw01 dnsmasq[16723]: compile time options: IPv6 GNU-getopt DBus i18n IDN DHCP DHCPv6 no-Lua TFTP conntrack ipset auth DNSSEC loop-detect inotify dumpfile
Sep 29 21:51:27 gtw01 dnsmasq[16723]: warning: no upstream servers configured
Sep 29 21:51:27 gtw01 dnsmasq-dhcp[16723]: DHCP, static leases only on 1.1.0.232, lease time 1h
Sep 29 21:51:27 gtw01 dnsmasq[16723]: read /var/lib/neutron/dhcp/778768e5-dda7-4201-bbb6-b9e10bf7ea7e/addn_hosts - 1 addresses
Sep 29 21:51:27 gtw01 dnsmasq-dhcp[16723]: read /var/lib/neutron/dhcp/778768e5-dda7-4201-bbb6-b9e10bf7ea7e/host
Sep 29 21:51:27 gtw01 dnsmasq-dhcp[16723]: read /var/lib/neutron/dhcp/778768e5-dda7-4201-bbb6-b9e10bf7ea7e/opts
Sep 29 21:51:28 gtw01 haproxy-metadata-proxy-e3390103-5236-40cc-ab6c-9c5d52895973[16746]: Proxy listener started.
Sep 29 21:51:28 gtw01 haproxy-metadata-proxy-539d13d8-5cf7-45b0-94ee-6ea7d6a23c5d[16749]: Proxy listener started.
Sep 29 21:51:28 gtw01 haproxy-metadata-proxy-778768e5-dda7-4201-bbb6-b9e10bf7ea7e[16758]: Proxy listener started.
Sep 29 21:51:29 gtw01 dnsmasq[16791]: started, version 2.80 cachesize 150
Sep 29 21:51:29 gtw01 dnsmasq[16791]: DNS service limited to local subnets
Sep 29 21:51:29 gtw01 dnsmasq[16791]: compile time options: IPv6 GNU-getopt DBus i18n IDN DHCP DHCPv6 no-Lua TFTP conntrack ipset auth DNSSEC loop-detect inotify dumpfile
Sep 29 21:51:29 gtw01 dnsmasq[16791]: warning: no upstream servers configured
Sep 29 21:51:29 gtw01 dnsmasq-dhcp[16791]: DHCP, static leases only on 1.1.0.236, lease time 1h
Sep 29 21:51:29 gtw01 dnsmasq[16791]: read /var/lib/neutron/dhcp/5787f379-f9fc-47b1-80c2-3e285b842894/addn_hosts - 1 addresses
Sep 29 21:51:29 gtw01 dnsmasq-dhcp[16791]: read /var/lib/neutron/dhcp/5787f379-f9fc-47b1-80c2-3e285b842894/host
Sep 29 21:51:29 gtw01 dnsmasq-dhcp[16791]: read /var/lib/neutron/dhcp/5787f379-f9fc-47b1-80c2-3e285b842894/opts
Sep 29 21:51:29 gtw01 dnsmasq[16715]: read /var/lib/neutron/dhcp/539d13d8-5cf7-45b0-94ee-6ea7d6a23c5d/addn_hosts - 2 addresses
Sep 29 21:51:29 gtw01 dnsmasq-dhcp[16715]: read /var/lib/neutron/dhcp/539d13d8-5cf7-45b0-94ee-6ea7d6a23c5d/host
Sep 29 21:51:29 gtw01 dnsmasq-dhcp[16715]: read /var/lib/neutron/dhcp/539d13d8-5cf7-45b0-94ee-6ea7d6a23c5d/opts
Sep 29 21:51:29 gtw01 dnsmasq[16707]: read /var/lib/neutron/dhcp/e3390103-5236-40cc-ab6c-9c5d52895973/addn_hosts - 2 addresses
Sep 29 21:51:29 gtw01 dnsmasq-dhcp[16707]: read /var/lib/neutron/dhcp/e3390103-5236-40cc-ab6c-9c5d52895973/host
Sep 29 21:51:29 gtw01 dnsmasq-dhcp[16707]: read /var/lib/neutron/dhcp/e3390103-5236-40cc-ab6c-9c5d52895973/opts
Sep 29 21:51:29 gtw01 haproxy-metadata-proxy-5787f379-f9fc-47b1-80c2-3e285b842894[16810]: Proxy listener started.
Sep 29 21:51:30 gtw01 dnsmasq[16723]: read /var/lib/neutron/dhcp/778768e5-dda7-4201-bbb6-b9e10bf7ea7e/addn_hosts - 2 addresses
Sep 29 21:51:30 gtw01 dnsmasq-dhcp[16723]: read /var/lib/neutron/dhcp/778768e5-dda7-4201-bbb6-b9e10bf7ea7e/host
Sep 29 21:51:30 gtw01 dnsmasq-dhcp[16723]: read /var/lib/neutron/dhcp/778768e5-dda7-4201-bbb6-b9e10bf7ea7e/opts
Sep 29 21:51:30 gtw01 systemd-udevd[16844]: Could not generate persistent MAC address for tap51b4919e-95: No such file or directory
Sep 29 21:51:30 gtw01 kernel: [13448.734427] device tap51b4919e-95 entered promiscuous mode
Sep 29 21:51:30 gtw01 systemd-udevd[16912]: Process '/sbin/ip link set tap51b4919e-95 txqueuelen 10000' failed with exit code 1.
Sep 29 21:51:31 gtw01 dnsmasq[16791]: read /var/lib/neutron/dhcp/5787f379-f9fc-47b1-80c2-3e285b842894/addn_hosts - 2 addresses
Sep 29 21:51:31 gtw01 dnsmasq-dhcp[16791]: read /var/lib/neutron/dhcp/5787f379-f9fc-47b1-80c2-3e285b842894/host
Sep 29 21:51:31 gtw01 dnsmasq-dhcp[16791]: read /var/lib/neutron/dhcp/5787f379-f9fc-47b1-80c2-3e285b842894/opts
Sep 29 21:51:31 gtw01 dnsmasq[16715]: read /var/lib/neutron/dhcp/539d13d8-5cf7-45b0-94ee-6ea7d6a23c5d/addn_hosts - 2 addresses
Sep 29 21:51:31 gtw01 dnsmasq-dhcp[16715]: read /var/lib/neutron/dhcp/539d13d8-5cf7-45b0-94ee-6ea7d6a23c5d/host
Sep 29 21:51:31 gtw01 dnsmasq-dhcp[16715]: read /var/lib/neutron/dhcp/539d13d8-5cf7-45b0-94ee-6ea7d6a23c5d/opts
Sep 29 21:51:31 gtw01 dnsmasq[16707]: read /var/lib/neutron/dhcp/e3390103-5236-40cc-ab6c-9c5d52895973/addn_hosts - 2 addresses
Sep 29 21:51:31 gtw01 dnsmasq-dhcp[16707]: read /var/lib/neutron/dhcp/e3390103-5236-40cc-ab6c-9c5d52895973/host
Sep 29 21:51:31 gtw01 dnsmasq-dhcp[16707]: read /var/lib/neutron/dhcp/e3390103-5236-40cc-ab6c-9c5d52895973/opts
Sep 29 21:51:32 gtw01 dnsmasq[16723]: read /var/lib/neutron/dhcp/778768e5-dda7-4201-bbb6-b9e10bf7ea7e/addn_hosts - 2 addresses
Sep 29 21:51:32 gtw01 dnsmasq-dhcp[16723]: read /var/lib/neutron/dhcp/778768e5-dda7-4201-bbb6-b9e10bf7ea7e/host
Sep 29 21:51:32 gtw01 dnsmasq-dhcp[16723]: read /var/lib/neutron/dhcp/778768e5-dda7-4201-bbb6-b9e10bf7ea7e/opts
Sep 29 21:51:34 gtw01 dnsmasq[16791]: read /var/lib/neutron/dhcp/5787f379-f9fc-47b1-80c2-3e285b842894/addn_hosts - 2 addresses
Sep 29 21:51:34 gtw01 dnsmasq-dhcp[16791]: read /var/lib/neutron/dhcp/5787f379-f9fc-47b1-80c2-3e285b842894/host
Sep 29 21:51:34 gtw01 dnsmasq-dhcp[16791]: read /var/lib/neutron/dhcp/5787f379-f9fc-47b1-80c2-3e285b842894/opts
Sep 29 21:51:34 gtw01 dnsmasq[16715]: read /var/lib/neutron/dhcp/539d13d8-5cf7-45b0-94ee-6ea7d6a23c5d/addn_hosts - 2 addresses
Sep 29 21:51:34 gtw01 dnsmasq-dhcp[16715]: read /var/lib/neutron/dhcp/539d13d8-5cf7-45b0-94ee-6ea7d6a23c5d/host
Sep 29 21:51:34 gtw01 dnsmasq-dhcp[16715]: read /var/lib/neutron/dhcp/539d13d8-5cf7-45b0-94ee-6ea7d6a23c5d/opts
Sep 29 21:51:34 gtw01 dnsmasq[16707]: read /var/lib/neutron/dhcp/e3390103-5236-40cc-ab6c-9c5d52895973/addn_hosts - 2 addresses
Sep 29 21:51:34 gtw01 dnsmasq-dhcp[16707]: read /var/lib/neutron/dhcp/e3390103-5236-40cc-ab6c-9c5d52895973/host
Sep 29 21:51:34 gtw01 dnsmasq-dhcp[16707]: read /var/lib/neutron/dhcp/e3390103-5236-40cc-ab6c-9c5d52895973/opts
Sep 29 21:51:35 gtw01 dnsmasq[16723]: read /var/lib/neutron/dhcp/778768e5-dda7-4201-bbb6-b9e10bf7ea7e/addn_hosts - 2 addresses
Sep 29 21:51:35 gtw01 dnsmasq-dhcp[16723]: read /var/lib/neutron/dhcp/778768e5-dda7-4201-bbb6-b9e10bf7ea7e/host
Sep 29 21:51:35 gtw01 dnsmasq-dhcp[16723]: read /var/lib/neutron/dhcp/778768e5-dda7-4201-bbb6-b9e10bf7ea7e/opts
Sep 29 21:51:35 gtw01 dnsmasq[17108]: started, version 2.80 cachesize 150
Sep 29 21:51:35 gtw01 dnsmasq[17108]: DNS service limited to local subnets
Sep 29 21:51:35 gtw01 dnsmasq[17108]: compile time options: IPv6 GNU-getopt DBus i18n IDN DHCP DHCPv6 no-Lua TFTP conntrack ipset auth DNSSEC loop-detect inotify dumpfile
Sep 29 21:51:35 gtw01 dnsmasq[17108]: warning: no upstream servers configured
Sep 29 21:51:35 gtw01 dnsmasq-dhcp[17108]: DHCP, static leases only on 1.1.0.240, lease time 1h
Sep 29 21:51:35 gtw01 dnsmasq[17108]: read /var/lib/neutron/dhcp/23dade27-475b-4eba-8aa3-fd0834ee78da/addn_hosts - 2 addresses
Sep 29 21:51:35 gtw01 dnsmasq-dhcp[17108]: read /var/lib/neutron/dhcp/23dade27-475b-4eba-8aa3-fd0834ee78da/host
Sep 29 21:51:35 gtw01 dnsmasq-dhcp[17108]: read /var/lib/neutron/dhcp/23dade27-475b-4eba-8aa3-fd0834ee78da/opts
Sep 29 21:51:35 gtw01 haproxy-metadata-proxy-23dade27-475b-4eba-8aa3-fd0834ee78da[17128]: Proxy listener started.
Sep 29 21:51:36 gtw01 dnsmasq[16791]: read /var/lib/neutron/dhcp/5787f379-f9fc-47b1-80c2-3e285b842894/addn_hosts - 2 addresses
Sep 29 21:51:36 gtw01 dnsmasq-dhcp[16791]: read /var/lib/neutron/dhcp/5787f379-f9fc-47b1-80c2-3e285b842894/host
Sep 29 21:51:36 gtw01 dnsmasq-dhcp[16791]: read /var/lib/neutron/dhcp/5787f379-f9fc-47b1-80c2-3e285b842894/opts
Sep 29 21:51:36 gtw01 dnsmasq[16707]: read /var/lib/neutron/dhcp/e3390103-5236-40cc-ab6c-9c5d52895973/addn_hosts - 2 addresses
Sep 29 21:51:36 gtw01 dnsmasq-dhcp[16707]: read /var/lib/neutron/dhcp/e3390103-5236-40cc-ab6c-9c5d52895973/host
Sep 29 21:51:36 gtw01 dnsmasq-dhcp[16707]: read /var/lib/neutron/dhcp/e3390103-5236-40cc-ab6c-9c5d52895973/opts
Sep 29 21:51:37 gtw01 dnsmasq[16715]: read /var/lib/neutron/dhcp/539d13d8-5cf7-45b0-94ee-6ea7d6a23c5d/addn_hosts - 2 addresses
Sep 29 21:51:37 gtw01 dnsmasq-dhcp[16715]: read /var/lib/neutron/dhcp/539d13d8-5cf7-45b0-94ee-6ea7d6a23c5d/host
Sep 29 21:51:37 gtw01 dnsmasq-dhcp[16715]: read /var/lib/neutron/dhcp/539d13d8-5cf7-45b0-94ee-6ea7d6a23c5d/opts
Sep 29 21:51:37 gtw01 dnsmasq[16723]: read /var/lib/neutron/dhcp/778768e5-dda7-4201-bbb6-b9e10bf7ea7e/addn_hosts - 2 addresses
Sep 29 21:51:37 gtw01 dnsmasq-dhcp[16723]: read /var/lib/neutron/dhcp/778768e5-dda7-4201-bbb6-b9e10bf7ea7e/host
Sep 29 21:51:37 gtw01 dnsmasq-dhcp[16723]: read /var/lib/neutron/dhcp/778768e5-dda7-4201-bbb6-b9e10bf7ea7e/opts
Sep 29 21:51:37 gtw01 dnsmasq[17108]: read /var/lib/neutron/dhcp/23dade27-475b-4eba-8aa3-fd0834ee78da/addn_hosts - 2 addresses
Sep 29 21:51:37 gtw01 dnsmasq-dhcp[17108]: read /var/lib/neutron/dhcp/23dade27-475b-4eba-8aa3-fd0834ee78da/host
Sep 29 21:51:37 gtw01 dnsmasq-dhcp[17108]: read /var/lib/neutron/dhcp/23dade27-475b-4eba-8aa3-fd0834ee78da/opts
Sep 29 21:51:39 gtw01 dnsmasq[17251]: started, version 2.80 cachesize 150
Sep 29 21:51:39 gtw01 dnsmasq[17251]: DNS service limited to local subnets
Sep 29 21:51:39 gtw01 dnsmasq[17251]: compile time options: IPv6 GNU-getopt DBus i18n IDN DHCP DHCPv6 no-Lua TFTP conntrack ipset auth DNSSEC loop-detect inotify dumpfile
Sep 29 21:51:39 gtw01 dnsmasq[17251]: warning: no upstream servers configured
Sep 29 21:51:39 gtw01 dnsmasq-dhcp[17251]: DHCP, static leases only on 1.1.0.244, lease time 1h
Sep 29 21:51:39 gtw01 dnsmasq[17251]: read /var/lib/neutron/dhcp/8bf30719-8f63-4aab-b22f-958aac48654d/addn_hosts - 2 addresses
Sep 29 21:51:39 gtw01 dnsmasq-dhcp[17251]: read /var/lib/neutron/dhcp/8bf30719-8f63-4aab-b22f-958aac48654d/host
Sep 29 21:51:39 gtw01 dnsmasq-dhcp[17251]: read /var/lib/neutron/dhcp/8bf30719-8f63-4aab-b22f-958aac48654d/opts
Sep 29 21:51:39 gtw01 dnsmasq[16707]: read /var/lib/neutron/dhcp/e3390103-5236-40cc-ab6c-9c5d52895973/addn_hosts - 2 addresses
Sep 29 21:51:39 gtw01 dnsmasq-dhcp[16707]: read /var/lib/neutron/dhcp/e3390103-5236-40cc-ab6c-9c5d52895973/host
Sep 29 21:51:39 gtw01 dnsmasq-dhcp[16707]: read /var/lib/neutron/dhcp/e3390103-5236-40cc-ab6c-9c5d52895973/opts
Sep 29 21:51:39 gtw01 dnsmasq[15618]: read /var/lib/neutron/dhcp/35c1b736-b77f-4052-8413-85375ad347bc/addn_hosts - 1 addresses
Sep 29 21:51:39 gtw01 dnsmasq-dhcp[15618]: read /var/lib/neutron/dhcp/35c1b736-b77f-4052-8413-85375ad347bc/host
Sep 29 21:51:39 gtw01 dnsmasq-dhcp[15618]: read /var/lib/neutron/dhcp/35c1b736-b77f-4052-8413-85375ad347bc/opts
Sep 29 21:51:39 gtw01 dnsmasq[16791]: read /var/lib/neutron/dhcp/5787f379-f9fc-47b1-80c2-3e285b842894/addn_hosts - 2 addresses
Sep 29 21:51:39 gtw01 dnsmasq-dhcp[16791]: read /var/lib/neutron/dhcp/5787f379-f9fc-47b1-80c2-3e285b842894/host
Sep 29 21:51:39 gtw01 dnsmasq-dhcp[16791]: read /var/lib/neutron/dhcp/5787f379-f9fc-47b1-80c2-3e285b842894/opts
Sep 29 21:51:39 gtw01 haproxy-metadata-proxy-8bf30719-8f63-4aab-b22f-958aac48654d[17277]: Proxy listener started.
Sep 29 21:51:39 gtw01 dnsmasq[16715]: read /var/lib/neutron/dhcp/539d13d8-5cf7-45b0-94ee-6ea7d6a23c5d/addn_hosts - 2 addresses
Sep 29 21:51:39 gtw01 dnsmasq-dhcp[16715]: read /var/lib/neutron/dhcp/539d13d8-5cf7-45b0-94ee-6ea7d6a23c5d/host
Sep 29 21:51:39 gtw01 dnsmasq-dhcp[16715]: read /var/lib/neutron/dhcp/539d13d8-5cf7-45b0-94ee-6ea7d6a23c5d/opts
Sep 29 21:51:40 gtw01 dnsmasq[16723]: read /var/lib/neutron/dhcp/778768e5-dda7-4201-bbb6-b9e10bf7ea7e/addn_hosts - 2 addresses
Sep 29 21:51:40 gtw01 dnsmasq-dhcp[16723]: read /var/lib/neutron/dhcp/778768e5-dda7-4201-bbb6-b9e10bf7ea7e/host
Sep 29 21:51:40 gtw01 dnsmasq-dhcp[16723]: read /var/lib/neutron/dhcp/778768e5-dda7-4201-bbb6-b9e10bf7ea7e/opts
Sep 29 21:51:40 gtw01 dnsmasq[15677]: read /var/lib/neutron/dhcp/341b0768-00ca-4c3a-aa4d-7ee7f2357287/addn_hosts - 1 addresses
Sep 29 21:51:40 gtw01 dnsmasq-dhcp[15677]: read /var/lib/neutron/dhcp/341b0768-00ca-4c3a-aa4d-7ee7f2357287/host
Sep 29 21:51:40 gtw01 dnsmasq-dhcp[15677]: read /var/lib/neutron/dhcp/341b0768-00ca-4c3a-aa4d-7ee7f2357287/opts
Sep 29 21:51:40 gtw01 dnsmasq[17108]: read /var/lib/neutron/dhcp/23dade27-475b-4eba-8aa3-fd0834ee78da/addn_hosts - 2 addresses
Sep 29 21:51:40 gtw01 dnsmasq-dhcp[17108]: read /var/lib/neutron/dhcp/23dade27-475b-4eba-8aa3-fd0834ee78da/host
Sep 29 21:51:40 gtw01 dnsmasq-dhcp[17108]: read /var/lib/neutron/dhcp/23dade27-475b-4eba-8aa3-fd0834ee78da/opts
Sep 29 21:51:41 gtw01 dnsmasq-dhcp[17251]: DHCPRELEASE(tap51b4919e-95) 1.1.0.245 fa:16:3e:a4:5c:ed
Sep 29 21:51:42 gtw01 dnsmasq[16707]: read /var/lib/neutron/dhcp/e3390103-5236-40cc-ab6c-9c5d52895973/addn_hosts - 1 addresses
Sep 29 21:51:42 gtw01 dnsmasq-dhcp[16707]: read /var/lib/neutron/dhcp/e3390103-5236-40cc-ab6c-9c5d52895973/host
Sep 29 21:51:42 gtw01 dnsmasq-dhcp[16707]: read /var/lib/neutron/dhcp/e3390103-5236-40cc-ab6c-9c5d52895973/opts
Sep 29 21:51:42 gtw01 dnsmasq[16791]: read /var/lib/neutron/dhcp/5787f379-f9fc-47b1-80c2-3e285b842894/addn_hosts - 2 addresses
Sep 29 21:51:42 gtw01 dnsmasq-dhcp[16791]: read /var/lib/neutron/dhcp/5787f379-f9fc-47b1-80c2-3e285b842894/host
Sep 29 21:51:42 gtw01 dnsmasq-dhcp[16791]: read /var/lib/neutron/dhcp/5787f379-f9fc-47b1-80c2-3e285b842894/opts
Sep 29 21:51:42 gtw01 dnsmasq[15699]: read /var/lib/neutron/dhcp/ac1ccdcd-0fde-4031-b8f2-9890cf9b8550/addn_hosts - 1 addresses
Sep 29 21:51:42 gtw01 dnsmasq-dhcp[15699]: read /var/lib/neutron/dhcp/ac1ccdcd-0fde-4031-b8f2-9890cf9b8550/host
Sep 29 21:51:42 gtw01 dnsmasq-dhcp[15699]: read /var/lib/neutron/dhcp/ac1ccdcd-0fde-4031-b8f2-9890cf9b8550/opts
Sep 29 21:51:42 gtw01 dnsmasq[17251]: read /var/lib/neutron/dhcp/8bf30719-8f63-4aab-b22f-958aac48654d/addn_hosts - 1 addresses
Sep 29 21:51:43 gtw01 dnsmasq-dhcp[17251]: read /var/lib/neutron/dhcp/8bf30719-8f63-4aab-b22f-958aac48654d/host
Sep 29 21:51:43 gtw01 dnsmasq-dhcp[17251]: read /var/lib/neutron/dhcp/8bf30719-8f63-4aab-b22f-958aac48654d/opts
Sep 29 21:51:43 gtw01 dnsmasq[16715]: read /var/lib/neutron/dhcp/539d13d8-5cf7-45b0-94ee-6ea7d6a23c5d/addn_hosts - 1 addresses
Sep 29 21:51:43 gtw01 dnsmasq-dhcp[16715]: read /var/lib/neutron/dhcp/539d13d8-5cf7-45b0-94ee-6ea7d6a23c5d/host
Sep 29 21:51:43 gtw01 dnsmasq-dhcp[16715]: read /var/lib/neutron/dhcp/539d13d8-5cf7-45b0-94ee-6ea7d6a23c5d/opts
Sep 29 21:51:43 gtw01 dnsmasq[16723]: read /var/lib/neutron/dhcp/778768e5-dda7-4201-bbb6-b9e10bf7ea7e/addn_hosts - 1 addresses
Sep 29 21:51:43 gtw01 dnsmasq-dhcp[16723]: read /var/lib/neutron/dhcp/778768e5-dda7-4201-bbb6-b9e10bf7ea7e/host
Sep 29 21:51:43 gtw01 dnsmasq-dhcp[16723]: read /var/lib/neutron/dhcp/778768e5-dda7-4201-bbb6-b9e10bf7ea7e/opts
Sep 29 21:51:44 gtw01 dnsmasq[15718]: read /var/lib/neutron/dhcp/0f59c8b9-b03e-426e-8ac2-007b5ae9c2b1/addn_hosts - 1 addresses
Sep 29 21:51:44 gtw01 dnsmasq-dhcp[15718]: read /var/lib/neutron/dhcp/0f59c8b9-b03e-426e-8ac2-007b5ae9c2b1/host
Sep 29 21:51:44 gtw01 dnsmasq-dhcp[15718]: read /var/lib/neutron/dhcp/0f59c8b9-b03e-426e-8ac2-007b5ae9c2b1/opts
Sep 29 21:51:44 gtw01 dnsmasq[17108]: read /var/lib/neutron/dhcp/23dade27-475b-4eba-8aa3-fd0834ee78da/addn_hosts - 2 addresses
Sep 29 21:51:44 gtw01 dnsmasq-dhcp[17108]: read /var/lib/neutron/dhcp/23dade27-475b-4eba-8aa3-fd0834ee78da/host
