Sep 29 19:55:46 gtw01 dnsmasq[24818]: warning: no upstream servers configured
Sep 29 19:55:46 gtw01 dnsmasq-dhcp[24818]: DHCP, static leases only on 192.168.120.0, lease time 1h
Sep 29 19:55:46 gtw01 dnsmasq[24818]: read /var/lib/neutron/dhcp/3a089875-abd5-4034-9eb3-f708d7488042/addn_hosts - 1 addresses
Sep 29 19:55:46 gtw01 dnsmasq-dhcp[24818]: read /var/lib/neutron/dhcp/3a089875-abd5-4034-9eb3-f708d7488042/host
Sep 29 19:55:46 gtw01 dnsmasq-dhcp[24818]: read /var/lib/neutron/dhcp/3a089875-abd5-4034-9eb3-f708d7488042/opts
Sep 29 19:55:46 gtw01 haproxy-metadata-proxy-6429d3a1-7639-4781-a1fb-de735351423e[24821]: Proxy listener started.
Sep 29 19:55:46 gtw01 dnsmasq[24605]: read /var/lib/neutron/dhcp/dca22a0f-b1a3-47a5-9e61-86ab11bd4033/addn_hosts - 2 addresses
Sep 29 19:55:46 gtw01 dnsmasq-dhcp[24605]: read /var/lib/neutron/dhcp/dca22a0f-b1a3-47a5-9e61-86ab11bd4033/host
Sep 29 19:55:46 gtw01 dnsmasq-dhcp[24605]: read /var/lib/neutron/dhcp/dca22a0f-b1a3-47a5-9e61-86ab11bd4033/opts
Sep 29 19:55:46 gtw01 haproxy-metadata-proxy-3a089875-abd5-4034-9eb3-f708d7488042[24831]: Proxy listener started.
Sep 29 19:55:47 gtw01 dnsmasq[24226]: read /var/lib/neutron/dhcp/e9497beb-2feb-4140-80fa-c5c1dcc88a5d/addn_hosts - 3 addresses
Sep 29 19:55:47 gtw01 dnsmasq-dhcp[24226]: read /var/lib/neutron/dhcp/e9497beb-2feb-4140-80fa-c5c1dcc88a5d/host
Sep 29 19:55:47 gtw01 dnsmasq-dhcp[24226]: read /var/lib/neutron/dhcp/e9497beb-2feb-4140-80fa-c5c1dcc88a5d/opts
Sep 29 19:55:48 gtw01 dnsmasq[24799]: read /var/lib/neutron/dhcp/6429d3a1-7639-4781-a1fb-de735351423e/addn_hosts - 2 addresses
Sep 29 19:55:48 gtw01 dnsmasq-dhcp[24799]: read /var/lib/neutron/dhcp/6429d3a1-7639-4781-a1fb-de735351423e/host
Sep 29 19:55:48 gtw01 dnsmasq-dhcp[24799]: read /var/lib/neutron/dhcp/6429d3a1-7639-4781-a1fb-de735351423e/opts
Sep 29 19:55:48 gtw01 dnsmasq[24605]: read /var/lib/neutron/dhcp/dca22a0f-b1a3-47a5-9e61-86ab11bd4033/addn_hosts - 3 addresses
Sep 29 19:55:48 gtw01 dnsmasq-dhcp[24605]: read /var/lib/neutron/dhcp/dca22a0f-b1a3-47a5-9e61-86ab11bd4033/host
Sep 29 19:55:48 gtw01 dnsmasq-dhcp[24605]: read /var/lib/neutron/dhcp/dca22a0f-b1a3-47a5-9e61-86ab11bd4033/opts
Sep 29 19:55:48 gtw01 dnsmasq[24818]: read /var/lib/neutron/dhcp/3a089875-abd5-4034-9eb3-f708d7488042/addn_hosts - 3 addresses
Sep 29 19:55:48 gtw01 dnsmasq-dhcp[24818]: read /var/lib/neutron/dhcp/3a089875-abd5-4034-9eb3-f708d7488042/host
Sep 29 19:55:48 gtw01 dnsmasq-dhcp[24818]: read /var/lib/neutron/dhcp/3a089875-abd5-4034-9eb3-f708d7488042/opts
Sep 29 19:55:49 gtw01 dnsmasq[24226]: read /var/lib/neutron/dhcp/e9497beb-2feb-4140-80fa-c5c1dcc88a5d/addn_hosts - 3 addresses
Sep 29 19:55:49 gtw01 dnsmasq-dhcp[24226]: read /var/lib/neutron/dhcp/e9497beb-2feb-4140-80fa-c5c1dcc88a5d/host
Sep 29 19:55:49 gtw01 dnsmasq-dhcp[24226]: read /var/lib/neutron/dhcp/e9497beb-2feb-4140-80fa-c5c1dcc88a5d/opts
Sep 29 19:55:49 gtw01 dnsmasq[24799]: read /var/lib/neutron/dhcp/6429d3a1-7639-4781-a1fb-de735351423e/addn_hosts - 2 addresses
Sep 29 19:55:49 gtw01 dnsmasq-dhcp[24799]: read /var/lib/neutron/dhcp/6429d3a1-7639-4781-a1fb-de735351423e/host
Sep 29 19:55:49 gtw01 dnsmasq-dhcp[24799]: read /var/lib/neutron/dhcp/6429d3a1-7639-4781-a1fb-de735351423e/opts
Sep 29 19:55:49 gtw01 dnsmasq[24605]: read /var/lib/neutron/dhcp/dca22a0f-b1a3-47a5-9e61-86ab11bd4033/addn_hosts - 3 addresses
Sep 29 19:55:49 gtw01 dnsmasq-dhcp[24605]: read /var/lib/neutron/dhcp/dca22a0f-b1a3-47a5-9e61-86ab11bd4033/host
Sep 29 19:55:49 gtw01 dnsmasq-dhcp[24605]: read /var/lib/neutron/dhcp/dca22a0f-b1a3-47a5-9e61-86ab11bd4033/opts
Sep 29 19:55:49 gtw01 dnsmasq[24818]: read /var/lib/neutron/dhcp/3a089875-abd5-4034-9eb3-f708d7488042/addn_hosts - 3 addresses
Sep 29 19:55:49 gtw01 dnsmasq-dhcp[24818]: read /var/lib/neutron/dhcp/3a089875-abd5-4034-9eb3-f708d7488042/host
Sep 29 19:55:49 gtw01 dnsmasq-dhcp[24818]: read /var/lib/neutron/dhcp/3a089875-abd5-4034-9eb3-f708d7488042/opts
Sep 29 19:55:50 gtw01 dnsmasq[23394]: read /var/lib/neutron/dhcp/11ef4d12-22b4-43f3-b612-416f8e17e56b/addn_hosts - 1 addresses
Sep 29 19:55:50 gtw01 dnsmasq-dhcp[23394]: read /var/lib/neutron/dhcp/11ef4d12-22b4-43f3-b612-416f8e17e56b/host
Sep 29 19:55:50 gtw01 dnsmasq-dhcp[23394]: read /var/lib/neutron/dhcp/11ef4d12-22b4-43f3-b612-416f8e17e56b/opts
Sep 29 19:55:51 gtw01 dnsmasq[24799]: read /var/lib/neutron/dhcp/6429d3a1-7639-4781-a1fb-de735351423e/addn_hosts - 2 addresses
Sep 29 19:55:51 gtw01 dnsmasq-dhcp[24799]: read /var/lib/neutron/dhcp/6429d3a1-7639-4781-a1fb-de735351423e/host
Sep 29 19:55:51 gtw01 dnsmasq-dhcp[24799]: read /var/lib/neutron/dhcp/6429d3a1-7639-4781-a1fb-de735351423e/opts
Sep 29 19:55:51 gtw01 dnsmasq[24226]: read /var/lib/neutron/dhcp/e9497beb-2feb-4140-80fa-c5c1dcc88a5d/addn_hosts - 3 addresses
Sep 29 19:55:51 gtw01 dnsmasq-dhcp[24226]: read /var/lib/neutron/dhcp/e9497beb-2feb-4140-80fa-c5c1dcc88a5d/host
Sep 29 19:55:51 gtw01 dnsmasq-dhcp[24226]: read /var/lib/neutron/dhcp/e9497beb-2feb-4140-80fa-c5c1dcc88a5d/opts
Sep 29 19:55:51 gtw01 dnsmasq[24605]: read /var/lib/neutron/dhcp/dca22a0f-b1a3-47a5-9e61-86ab11bd4033/addn_hosts - 3 addresses
Sep 29 19:55:51 gtw01 dnsmasq-dhcp[24605]: read /var/lib/neutron/dhcp/dca22a0f-b1a3-47a5-9e61-86ab11bd4033/host
Sep 29 19:55:51 gtw01 dnsmasq-dhcp[24605]: read /var/lib/neutron/dhcp/dca22a0f-b1a3-47a5-9e61-86ab11bd4033/opts
Sep 29 19:55:52 gtw01 dnsmasq[24818]: read /var/lib/neutron/dhcp/3a089875-abd5-4034-9eb3-f708d7488042/addn_hosts - 3 addresses
Sep 29 19:55:52 gtw01 dnsmasq-dhcp[24818]: read /var/lib/neutron/dhcp/3a089875-abd5-4034-9eb3-f708d7488042/host
Sep 29 19:55:52 gtw01 dnsmasq-dhcp[24818]: read /var/lib/neutron/dhcp/3a089875-abd5-4034-9eb3-f708d7488042/opts
Sep 29 19:55:53 gtw01 dnsmasq[24799]: read /var/lib/neutron/dhcp/6429d3a1-7639-4781-a1fb-de735351423e/addn_hosts - 2 addresses
Sep 29 19:55:53 gtw01 dnsmasq-dhcp[24799]: read /var/lib/neutron/dhcp/6429d3a1-7639-4781-a1fb-de735351423e/host
Sep 29 19:55:53 gtw01 dnsmasq-dhcp[24799]: read /var/lib/neutron/dhcp/6429d3a1-7639-4781-a1fb-de735351423e/opts
Sep 29 19:55:53 gtw01 dnsmasq[24605]: read /var/lib/neutron/dhcp/dca22a0f-b1a3-47a5-9e61-86ab11bd4033/addn_hosts - 3 addresses
Sep 29 19:55:53 gtw01 dnsmasq-dhcp[24605]: read /var/lib/neutron/dhcp/dca22a0f-b1a3-47a5-9e61-86ab11bd4033/host
Sep 29 19:55:53 gtw01 dnsmasq-dhcp[24605]: read /var/lib/neutron/dhcp/dca22a0f-b1a3-47a5-9e61-86ab11bd4033/opts
Sep 29 19:55:53 gtw01 dnsmasq[24818]: read /var/lib/neutron/dhcp/3a089875-abd5-4034-9eb3-f708d7488042/addn_hosts - 3 addresses
Sep 29 19:55:53 gtw01 dnsmasq-dhcp[24818]: read /var/lib/neutron/dhcp/3a089875-abd5-4034-9eb3-f708d7488042/host
Sep 29 19:55:53 gtw01 dnsmasq-dhcp[24818]: read /var/lib/neutron/dhcp/3a089875-abd5-4034-9eb3-f708d7488042/opts
Sep 29 19:55:54 gtw01 dnsmasq[24799]: read /var/lib/neutron/dhcp/6429d3a1-7639-4781-a1fb-de735351423e/addn_hosts - 2 addresses
Sep 29 19:55:54 gtw01 dnsmasq-dhcp[24799]: read /var/lib/neutron/dhcp/6429d3a1-7639-4781-a1fb-de735351423e/host
Sep 29 19:55:54 gtw01 dnsmasq-dhcp[24799]: read /var/lib/neutron/dhcp/6429d3a1-7639-4781-a1fb-de735351423e/opts
Sep 29 19:55:54 gtw01 dnsmasq[24605]: read /var/lib/neutron/dhcp/dca22a0f-b1a3-47a5-9e61-86ab11bd4033/addn_hosts - 3 addresses
Sep 29 19:55:54 gtw01 dnsmasq-dhcp[24605]: read /var/lib/neutron/dhcp/dca22a0f-b1a3-47a5-9e61-86ab11bd4033/host
Sep 29 19:55:54 gtw01 dnsmasq-dhcp[24605]: read /var/lib/neutron/dhcp/dca22a0f-b1a3-47a5-9e61-86ab11bd4033/opts
Sep 29 19:55:55 gtw01 dnsmasq[24818]: read /var/lib/neutron/dhcp/3a089875-abd5-4034-9eb3-f708d7488042/addn_hosts - 3 addresses
Sep 29 19:55:55 gtw01 dnsmasq-dhcp[24818]: read /var/lib/neutron/dhcp/3a089875-abd5-4034-9eb3-f708d7488042/host
Sep 29 19:55:55 gtw01 dnsmasq-dhcp[24818]: read /var/lib/neutron/dhcp/3a089875-abd5-4034-9eb3-f708d7488042/opts
Sep 29 19:55:55 gtw01 dnsmasq[24799]: read /var/lib/neutron/dhcp/6429d3a1-7639-4781-a1fb-de735351423e/addn_hosts - 2 addresses
Sep 29 19:55:55 gtw01 dnsmasq-dhcp[24799]: read /var/lib/neutron/dhcp/6429d3a1-7639-4781-a1fb-de735351423e/host
Sep 29 19:55:55 gtw01 dnsmasq-dhcp[24799]: read /var/lib/neutron/dhcp/6429d3a1-7639-4781-a1fb-de735351423e/opts
Sep 29 19:55:55 gtw01 dnsmasq[24605]: read /var/lib/neutron/dhcp/dca22a0f-b1a3-47a5-9e61-86ab11bd4033/addn_hosts - 3 addresses
Sep 29 19:55:55 gtw01 dnsmasq-dhcp[24605]: read /var/lib/neutron/dhcp/dca22a0f-b1a3-47a5-9e61-86ab11bd4033/host
Sep 29 19:55:55 gtw01 dnsmasq-dhcp[24605]: read /var/lib/neutron/dhcp/dca22a0f-b1a3-47a5-9e61-86ab11bd4033/opts
Sep 29 19:55:56 gtw01 kernel: [ 6514.790972] device tap3e93ee1b-7a left promiscuous mode
Sep 29 19:55:56 gtw01 dnsmasq[24818]: read /var/lib/neutron/dhcp/3a089875-abd5-4034-9eb3-f708d7488042/addn_hosts - 3 addresses
Sep 29 19:55:56 gtw01 dnsmasq-dhcp[24818]: read /var/lib/neutron/dhcp/3a089875-abd5-4034-9eb3-f708d7488042/host
Sep 29 19:55:56 gtw01 dnsmasq-dhcp[24818]: read /var/lib/neutron/dhcp/3a089875-abd5-4034-9eb3-f708d7488042/opts
Sep 29 19:55:57 gtw01 dnsmasq[24818]: read /var/lib/neutron/dhcp/3a089875-abd5-4034-9eb3-f708d7488042/addn_hosts - 3 addresses
Sep 29 19:55:57 gtw01 dnsmasq-dhcp[24818]: read /var/lib/neutron/dhcp/3a089875-abd5-4034-9eb3-f708d7488042/host
Sep 29 19:55:57 gtw01 dnsmasq-dhcp[24818]: read /var/lib/neutron/dhcp/3a089875-abd5-4034-9eb3-f708d7488042/opts
Sep 29 19:55:58 gtw01 dnsmasq[24605]: read /var/lib/neutron/dhcp/dca22a0f-b1a3-47a5-9e61-86ab11bd4033/addn_hosts - 2 addresses
Sep 29 19:55:58 gtw01 dnsmasq-dhcp[24605]: read /var/lib/neutron/dhcp/dca22a0f-b1a3-47a5-9e61-86ab11bd4033/host
Sep 29 19:55:58 gtw01 dnsmasq-dhcp[24605]: read /var/lib/neutron/dhcp/dca22a0f-b1a3-47a5-9e61-86ab11bd4033/opts
Sep 29 19:55:58 gtw01 dnsmasq[24818]: read /var/lib/neutron/dhcp/3a089875-abd5-4034-9eb3-f708d7488042/addn_hosts - 3 addresses
Sep 29 19:55:58 gtw01 dnsmasq-dhcp[24818]: read /var/lib/neutron/dhcp/3a089875-abd5-4034-9eb3-f708d7488042/host
Sep 29 19:55:58 gtw01 dnsmasq-dhcp[24818]: read /var/lib/neutron/dhcp/3a089875-abd5-4034-9eb3-f708d7488042/opts
Sep 29 19:55:59 gtw01 dnsmasq[24799]: read /var/lib/neutron/dhcp/6429d3a1-7639-4781-a1fb-de735351423e/addn_hosts - 1 addresses
Sep 29 19:55:59 gtw01 dnsmasq-dhcp[24799]: read /var/lib/neutron/dhcp/6429d3a1-7639-4781-a1fb-de735351423e/host
Sep 29 19:55:59 gtw01 dnsmasq-dhcp[24799]: read /var/lib/neutron/dhcp/6429d3a1-7639-4781-a1fb-de735351423e/opts
Sep 29 19:56:00 gtw01 dnsmasq[24605]: read /var/lib/neutron/dhcp/dca22a0f-b1a3-47a5-9e61-86ab11bd4033/addn_hosts - 1 addresses
Sep 29 19:56:00 gtw01 dnsmasq-dhcp[24605]: read /var/lib/neutron/dhcp/dca22a0f-b1a3-47a5-9e61-86ab11bd4033/host
Sep 29 19:56:00 gtw01 dnsmasq-dhcp[24605]: read /var/lib/neutron/dhcp/dca22a0f-b1a3-47a5-9e61-86ab11bd4033/opts
Sep 29 19:56:01 gtw01 dnsmasq-dhcp[24818]: DHCPDISCOVER(tap398cc1f6-7b) fa:16:3e:ed:1e:5c
Sep 29 19:56:01 gtw01 dnsmasq-dhcp[24818]: DHCPOFFER(tap398cc1f6-7b) 192.168.120.5 fa:16:3e:ed:1e:5c
Sep 29 19:56:01 gtw01 dnsmasq-dhcp[24818]: DHCPREQUEST(tap398cc1f6-7b) 192.168.120.5 fa:16:3e:ed:1e:5c
Sep 29 19:56:01 gtw01 dnsmasq-dhcp[24818]: DHCPACK(tap398cc1f6-7b) 192.168.120.5 fa:16:3e:ed:1e:5c host-192-168-120-5
Sep 29 19:56:03 gtw01 kernel: [ 6521.394446] device tapc3f1a488-8c left promiscuous mode
Sep 29 19:56:04 gtw01 dnsmasq-dhcp[24226]: DHCPDISCOVER(tap361f1532-13) fa:16:3e:24:b9:71
Sep 29 19:56:04 gtw01 dnsmasq-dhcp[24226]: DHCPOFFER(tap361f1532-13) 192.168.120.12 fa:16:3e:24:b9:71
Sep 29 19:56:04 gtw01 dnsmasq-dhcp[24226]: DHCPREQUEST(tap361f1532-13) 192.168.120.12 fa:16:3e:24:b9:71
Sep 29 19:56:04 gtw01 dnsmasq-dhcp[24226]: DHCPACK(tap361f1532-13) 192.168.120.12 fa:16:3e:24:b9:71 host-192-168-120-12
Sep 29 19:56:06 gtw01 kernel: [ 6524.968618] device tap1362eb4b-ed left promiscuous mode
Sep 29 19:56:08 gtw01 dnsmasq-dhcp[24226]: DHCPRELEASE(tap361f1532-13) 192.168.120.12 fa:16:3e:24:b9:71
Sep 29 19:56:08 gtw01 dnsmasq-dhcp[24226]: DHCPRELEASE(tap361f1532-13) 192.168.120.12 fa:16:3e:24:b9:71 unknown lease
Sep 29 19:56:09 gtw01 dnsmasq[24226]: read /var/lib/neutron/dhcp/e9497beb-2feb-4140-80fa-c5c1dcc88a5d/addn_hosts - 2 addresses
Sep 29 19:56:09 gtw01 dnsmasq-dhcp[24226]: read /var/lib/neutron/dhcp/e9497beb-2feb-4140-80fa-c5c1dcc88a5d/host
Sep 29 19:56:09 gtw01 dnsmasq-dhcp[24226]: read /var/lib/neutron/dhcp/e9497beb-2feb-4140-80fa-c5c1dcc88a5d/opts
Sep 29 19:56:10 gtw01 dnsmasq-dhcp[24818]: DHCPRELEASE(tap398cc1f6-7b) 192.168.120.5 fa:16:3e:ed:1e:5c
Sep 29 19:56:11 gtw01 dnsmasq-dhcp[24818]: DHCPRELEASE(tap398cc1f6-7b) 192.168.120.5 fa:16:3e:ed:1e:5c unknown lease
Sep 29 19:56:11 gtw01 dnsmasq[17174]: read /var/lib/neutron/dhcp/1fab36d5-2284-44af-b709-a736a066fa93/addn_hosts - 3 addresses
Sep 29 19:56:11 gtw01 dnsmasq-dhcp[17174]: read /var/lib/neutron/dhcp/1fab36d5-2284-44af-b709-a736a066fa93/host
Sep 29 19:56:11 gtw01 dnsmasq-dhcp[17174]: read /var/lib/neutron/dhcp/1fab36d5-2284-44af-b709-a736a066fa93/opts
Sep 29 19:56:11 gtw01 dnsmasq[24818]: read /var/lib/neutron/dhcp/3a089875-abd5-4034-9eb3-f708d7488042/addn_hosts - 2 addresses
Sep 29 19:56:11 gtw01 dnsmasq-dhcp[24818]: read /var/lib/neutron/dhcp/3a089875-abd5-4034-9eb3-f708d7488042/host
Sep 29 19:56:11 gtw01 dnsmasq-dhcp[24818]: read /var/lib/neutron/dhcp/3a089875-abd5-4034-9eb3-f708d7488042/opts
Sep 29 19:56:13 gtw01 systemd-udevd[25394]: Could not generate persistent MAC address for tap08eefa25-ae: No such file or directory
Sep 29 19:56:13 gtw01 kernel: [ 6531.301788] device tap08eefa25-ae entered promiscuous mode
Sep 29 19:56:13 gtw01 systemd-udevd[25394]: Process '/sbin/ip link set tap08eefa25-ae txqueuelen 10000' failed with exit code 1.
Sep 29 19:56:13 gtw01 dnsmasq[17174]: read /var/lib/neutron/dhcp/1fab36d5-2284-44af-b709-a736a066fa93/addn_hosts - 3 addresses
Sep 29 19:56:13 gtw01 dnsmasq-dhcp[17174]: read /var/lib/neutron/dhcp/1fab36d5-2284-44af-b709-a736a066fa93/host
Sep 29 19:56:13 gtw01 dnsmasq-dhcp[17174]: read /var/lib/neutron/dhcp/1fab36d5-2284-44af-b709-a736a066fa93/opts
Sep 29 19:56:13 gtw01 systemd-udevd[25473]: Process '/sbin/ip link set tap08eefa25-ae txqueuelen 10000' failed with exit code 1.
Sep 29 19:56:14 gtw01 dnsmasq[24818]: read /var/lib/neutron/dhcp/3a089875-abd5-4034-9eb3-f708d7488042/addn_hosts - 1 addresses
Sep 29 19:56:14 gtw01 dnsmasq-dhcp[24818]: read /var/lib/neutron/dhcp/3a089875-abd5-4034-9eb3-f708d7488042/host
Sep 29 19:56:14 gtw01 dnsmasq-dhcp[24818]: read /var/lib/neutron/dhcp/3a089875-abd5-4034-9eb3-f708d7488042/opts
Sep 29 19:56:14 gtw01 kernel: [ 6533.024666] device tap963c8b00-8d entered promiscuous mode
Sep 29 19:56:14 gtw01 systemd-udevd[25547]: Could not generate persistent MAC address for tap963c8b00-8d: No such file or directory
Sep 29 19:56:14 gtw01 dnsmasq[24226]: read /var/lib/neutron/dhcp/e9497beb-2feb-4140-80fa-c5c1dcc88a5d/addn_hosts - 1 addresses
Sep 29 19:56:14 gtw01 dnsmasq-dhcp[24226]: read /var/lib/neutron/dhcp/e9497beb-2feb-4140-80fa-c5c1dcc88a5d/host
Sep 29 19:56:14 gtw01 dnsmasq-dhcp[24226]: read /var/lib/neutron/dhcp/e9497beb-2feb-4140-80fa-c5c1dcc88a5d/opts
Sep 29 19:56:15 gtw01 dnsmasq[17174]: read /var/lib/neutron/dhcp/1fab36d5-2284-44af-b709-a736a066fa93/addn_hosts - 3 addresses
Sep 29 19:56:15 gtw01 dnsmasq-dhcp[17174]: read /var/lib/neutron/dhcp/1fab36d5-2284-44af-b709-a736a066fa93/host
Sep 29 19:56:15 gtw01 dnsmasq-dhcp[17174]: read /var/lib/neutron/dhcp/1fab36d5-2284-44af-b709-a736a066fa93/opts
Sep 29 19:56:15 gtw01 systemd-udevd[25622]: Process '/sbin/ip link set tap963c8b00-8d txqueuelen 10000' failed with exit code 1.
Sep 29 19:56:17 gtw01 dnsmasq[25724]: started, version 2.80 cachesize 150
Sep 29 19:56:17 gtw01 dnsmasq[25724]: DNS service limited to local subnets
Sep 29 19:56:17 gtw01 dnsmasq[25724]: compile time options: IPv6 GNU-getopt DBus i18n IDN DHCP DHCPv6 no-Lua TFTP conntrack ipset auth DNSSEC loop-detect inotify dumpfile
Sep 29 19:56:17 gtw01 dnsmasq[25724]: warning: no upstream servers configured
Sep 29 19:56:17 gtw01 dnsmasq-dhcp[25724]: DHCP, static leases only on 19.80.0.0, lease time 1h
Sep 29 19:56:17 gtw01 dnsmasq[25724]: read /var/lib/neutron/dhcp/18adcfb4-7409-45f0-a5f5-d4bbe94fb830/addn_hosts - 1 addresses
Sep 29 19:56:17 gtw01 dnsmasq-dhcp[25724]: read /var/lib/neutron/dhcp/18adcfb4-7409-45f0-a5f5-d4bbe94fb830/host
Sep 29 19:56:17 gtw01 dnsmasq-dhcp[25724]: read /var/lib/neutron/dhcp/18adcfb4-7409-45f0-a5f5-d4bbe94fb830/opts
Sep 29 19:56:17 gtw01 haproxy-metadata-proxy-18adcfb4-7409-45f0-a5f5-d4bbe94fb830[25732]: Proxy listener started.
Sep 29 19:56:18 gtw01 dnsmasq[25724]: read /var/lib/neutron/dhcp/18adcfb4-7409-45f0-a5f5-d4bbe94fb830/addn_hosts - 2 addresses
Sep 29 19:56:18 gtw01 dnsmasq-dhcp[25724]: read /var/lib/neutron/dhcp/18adcfb4-7409-45f0-a5f5-d4bbe94fb830/host
Sep 29 19:56:18 gtw01 dnsmasq-dhcp[25724]: read /var/lib/neutron/dhcp/18adcfb4-7409-45f0-a5f5-d4bbe94fb830/opts
Sep 29 19:56:18 gtw01 dnsmasq[25760]: started, version 2.80 cachesize 150
Sep 29 19:56:18 gtw01 dnsmasq[25760]: DNS service limited to local subnets
Sep 29 19:56:18 gtw01 dnsmasq[25760]: compile time options: IPv6 GNU-getopt DBus i18n IDN DHCP DHCPv6 no-Lua TFTP conntrack ipset auth DNSSEC loop-detect inotify dumpfile
Sep 29 19:56:18 gtw01 dnsmasq[25760]: warning: no upstream servers configured
Sep 29 19:56:18 gtw01 dnsmasq-dhcp[25760]: DHCP, static leases only on 19.86.0.0, lease time 1h
Sep 29 19:56:18 gtw01 dnsmasq[25760]: read /var/lib/neutron/dhcp/51be9aa3-9238-4a54-9a47-5a5cad3c2c19/addn_hosts - 1 addresses
Sep 29 19:56:18 gtw01 dnsmasq-dhcp[25760]: read /var/lib/neutron/dhcp/51be9aa3-9238-4a54-9a47-5a5cad3c2c19/host
Sep 29 19:56:18 gtw01 dnsmasq-dhcp[25760]: read /var/lib/neutron/dhcp/51be9aa3-9238-4a54-9a47-5a5cad3c2c19/opts
Sep 29 19:56:19 gtw01 haproxy-metadata-proxy-51be9aa3-9238-4a54-9a47-5a5cad3c2c19[25769]: Proxy listener started.
Sep 29 19:56:19 gtw01 kernel: [ 6537.699481] device tap361f1532-13 left promiscuous mode
Sep 29 19:56:19 gtw01 dnsmasq[25724]: read /var/lib/neutron/dhcp/18adcfb4-7409-45f0-a5f5-d4bbe94fb830/addn_hosts - 2 addresses
Sep 29 19:56:19 gtw01 dnsmasq-dhcp[25724]: read /var/lib/neutron/dhcp/18adcfb4-7409-45f0-a5f5-d4bbe94fb830/host
Sep 29 19:56:19 gtw01 dnsmasq-dhcp[25724]: read /var/lib/neutron/dhcp/18adcfb4-7409-45f0-a5f5-d4bbe94fb830/opts
Sep 29 19:56:19 gtw01 dnsmasq[25760]: read /var/lib/neutron/dhcp/51be9aa3-9238-4a54-9a47-5a5cad3c2c19/addn_hosts - 2 addresses
Sep 29 19:56:19 gtw01 dnsmasq-dhcp[25760]: read /var/lib/neutron/dhcp/51be9aa3-9238-4a54-9a47-5a5cad3c2c19/host
Sep 29 19:56:19 gtw01 dnsmasq-dhcp[25760]: read /var/lib/neutron/dhcp/51be9aa3-9238-4a54-9a47-5a5cad3c2c19/opts
Sep 29 19:56:20 gtw01 dnsmasq[25724]: read /var/lib/neutron/dhcp/18adcfb4-7409-45f0-a5f5-d4bbe94fb830/addn_hosts - 2 addresses
Sep 29 19:56:20 gtw01 dnsmasq-dhcp[25724]: read /var/lib/neutron/dhcp/18adcfb4-7409-45f0-a5f5-d4bbe94fb830/host
Sep 29 19:56:20 gtw01 dnsmasq-dhcp[25724]: read /var/lib/neutron/dhcp/18adcfb4-7409-45f0-a5f5-d4bbe94fb830/opts
Sep 29 19:56:21 gtw01 kernel: [ 6539.301950] device tap398cc1f6-7b left promiscuous mode
Sep 29 19:56:21 gtw01 dnsmasq[25760]: read /var/lib/neutron/dhcp/51be9aa3-9238-4a54-9a47-5a5cad3c2c19/addn_hosts - 2 addresses
Sep 29 19:56:21 gtw01 dnsmasq-dhcp[25760]: read /var/lib/neutron/dhcp/51be9aa3-9238-4a54-9a47-5a5cad3c2c19/host
Sep 29 19:56:21 gtw01 dnsmasq-dhcp[25760]: read /var/lib/neutron/dhcp/51be9aa3-9238-4a54-9a47-5a5cad3c2c19/opts
Sep 29 19:56:21 gtw01 dnsmasq[17174]: read /var/lib/neutron/dhcp/1fab36d5-2284-44af-b709-a736a066fa93/addn_hosts - 2 addresses
Sep 29 19:56:21 gtw01 dnsmasq-dhcp[17174]: read /var/lib/neutron/dhcp/1fab36d5-2284-44af-b709-a736a066fa93/host
Sep 29 19:56:21 gtw01 dnsmasq-dhcp[17174]: read /var/lib/neutron/dhcp/1fab36d5-2284-44af-b709-a736a066fa93/opts
Sep 29 19:56:22 gtw01 dnsmasq[25724]: read /var/lib/neutron/dhcp/18adcfb4-7409-45f0-a5f5-d4bbe94fb830/addn_hosts - 2 addresses
Sep 29 19:56:22 gtw01 dnsmasq-dhcp[25724]: read /var/lib/neutron/dhcp/18adcfb4-7409-45f0-a5f5-d4bbe94fb830/host
Sep 29 19:56:22 gtw01 dnsmasq-dhcp[25724]: read /var/lib/neutron/dhcp/18adcfb4-7409-45f0-a5f5-d4bbe94fb830/opts
Sep 29 19:56:22 gtw01 dnsmasq[25760]: read /var/lib/neutron/dhcp/51be9aa3-9238-4a54-9a47-5a5cad3c2c19/addn_hosts - 2 addresses
Sep 29 19:56:22 gtw01 dnsmasq-dhcp[25760]: read /var/lib/neutron/dhcp/51be9aa3-9238-4a54-9a47-5a5cad3c2c19/host
Sep 29 19:56:22 gtw01 dnsmasq-dhcp[25760]: read /var/lib/neutron/dhcp/51be9aa3-9238-4a54-9a47-5a5cad3c2c19/opts
Sep 29 19:56:23 gtw01 dnsmasq[25724]: read /var/lib/neutron/dhcp/18adcfb4-7409-45f0-a5f5-d4bbe94fb830/addn_hosts - 2 addresses
Sep 29 19:56:23 gtw01 dnsmasq-dhcp[25724]: read /var/lib/neutron/dhcp/18adcfb4-7409-45f0-a5f5-d4bbe94fb830/host
Sep 29 19:56:23 gtw01 dnsmasq-dhcp[25724]: read /var/lib/neutron/dhcp/18adcfb4-7409-45f0-a5f5-d4bbe94fb830/opts
Sep 29 19:56:23 gtw01 dnsmasq[25760]: read /var/lib/neutron/dhcp/51be9aa3-9238-4a54-9a47-5a5cad3c2c19/addn_hosts - 2 addresses
Sep 29 19:56:23 gtw01 dnsmasq-dhcp[25760]: read /var/lib/neutron/dhcp/51be9aa3-9238-4a54-9a47-5a5cad3c2c19/host
Sep 29 19:56:23 gtw01 dnsmasq-dhcp[25760]: read /var/lib/neutron/dhcp/51be9aa3-9238-4a54-9a47-5a5cad3c2c19/opts
Sep 29 19:56:24 gtw01 dnsmasq[25724]: read /var/lib/neutron/dhcp/18adcfb4-7409-45f0-a5f5-d4bbe94fb830/addn_hosts - 2 addresses
Sep 29 19:56:24 gtw01 dnsmasq-dhcp[25724]: read /var/lib/neutron/dhcp/18adcfb4-7409-45f0-a5f5-d4bbe94fb830/host
Sep 29 19:56:24 gtw01 dnsmasq-dhcp[25724]: read /var/lib/neutron/dhcp/18adcfb4-7409-45f0-a5f5-d4bbe94fb830/opts
Sep 29 19:56:24 gtw01 dnsmasq[25760]: read /var/lib/neutron/dhcp/51be9aa3-9238-4a54-9a47-5a5cad3c2c19/addn_hosts - 2 addresses
Sep 29 19:56:24 gtw01 dnsmasq-dhcp[25760]: read /var/lib/neutron/dhcp/51be9aa3-9238-4a54-9a47-5a5cad3c2c19/host
Sep 29 19:56:24 gtw01 dnsmasq-dhcp[25760]: read /var/lib/neutron/dhcp/51be9aa3-9238-4a54-9a47-5a5cad3c2c19/opts
Sep 29 19:56:25 gtw01 dnsmasq[25760]: read /var/lib/neutron/dhcp/51be9aa3-9238-4a54-9a47-5a5cad3c2c19/addn_hosts - 2 addresses
Sep 29 19:56:25 gtw01 dnsmasq-dhcp[25760]: read /var/lib/neutron/dhcp/51be9aa3-9238-4a54-9a47-5a5cad3c2c19/host
Sep 29 19:56:25 gtw01 dnsmasq-dhcp[25760]: read /var/lib/neutron/dhcp/51be9aa3-9238-4a54-9a47-5a5cad3c2c19/opts
Sep 29 19:56:26 gtw01 dnsmasq[17174]: read /var/lib/neutron/dhcp/1fab36d5-2284-44af-b709-a736a066fa93/addn_hosts - 3 addresses
Sep 29 19:56:26 gtw01 dnsmasq-dhcp[17174]: read /var/lib/neutron/dhcp/1fab36d5-2284-44af-b709-a736a066fa93/host
Sep 29 19:56:26 gtw01 dnsmasq-dhcp[17174]: read /var/lib/neutron/dhcp/1fab36d5-2284-44af-b709-a736a066fa93/opts
Sep 29 19:56:27 gtw01 dnsmasq[17174]: read /var/lib/neutron/dhcp/1fab36d5-2284-44af-b709-a736a066fa93/addn_hosts - 3 addresses
Sep 29 19:56:27 gtw01 dnsmasq-dhcp[17174]: read /var/lib/neutron/dhcp/1fab36d5-2284-44af-b709-a736a066fa93/host
Sep 29 19:56:27 gtw01 dnsmasq-dhcp[17174]: read /var/lib/neutron/dhcp/1fab36d5-2284-44af-b709-a736a066fa93/opts
Sep 29 19:56:28 gtw01 dnsmasq[17174]: read /var/lib/neutron/dhcp/1fab36d5-2284-44af-b709-a736a066fa93/addn_hosts - 3 addresses
Sep 29 19:56:28 gtw01 dnsmasq-dhcp[17174]: read /var/lib/neutron/dhcp/1fab36d5-2284-44af-b709-a736a066fa93/host
Sep 29 19:56:28 gtw01 dnsmasq-dhcp[17174]: read /var/lib/neutron/dhcp/1fab36d5-2284-44af-b709-a736a066fa93/opts
Sep 29 19:56:30 gtw01 dnsmasq[17174]: read /var/lib/neutron/dhcp/1fab36d5-2284-44af-b709-a736a066fa93/addn_hosts - 4 addresses
Sep 29 19:56:30 gtw01 dnsmasq-dhcp[17174]: read /var/lib/neutron/dhcp/1fab36d5-2284-44af-b709-a736a066fa93/host
Sep 29 19:56:30 gtw01 dnsmasq-dhcp[17174]: read /var/lib/neutron/dhcp/1fab36d5-2284-44af-b709-a736a066fa93/opts
Sep 29 19:56:31 gtw01 dnsmasq[17174]: read /var/lib/neutron/dhcp/1fab36d5-2284-44af-b709-a736a066fa93/addn_hosts - 4 addresses
Sep 29 19:56:31 gtw01 dnsmasq-dhcp[17174]: read /var/lib/neutron/dhcp/1fab36d5-2284-44af-b709-a736a066fa93/host
Sep 29 19:56:31 gtw01 dnsmasq-dhcp[17174]: read /var/lib/neutron/dhcp/1fab36d5-2284-44af-b709-a736a066fa93/opts
Sep 29 19:56:32 gtw01 dnsmasq[17174]: read /var/lib/neutron/dhcp/1fab36d5-2284-44af-b709-a736a066fa93/addn_hosts - 4 addresses
Sep 29 19:56:32 gtw01 dnsmasq-dhcp[17174]: read /var/lib/neutron/dhcp/1fab36d5-2284-44af-b709-a736a066fa93/host
Sep 29 19:56:32 gtw01 dnsmasq-dhcp[17174]: read /var/lib/neutron/dhcp/1fab36d5-2284-44af-b709-a736a066fa93/opts
Sep 29 19:56:34 gtw01 dnsmasq[25724]: read /var/lib/neutron/dhcp/18adcfb4-7409-45f0-a5f5-d4bbe94fb830/addn_hosts - 1 addresses
Sep 29 19:56:34 gtw01 dnsmasq-dhcp[25724]: read /var/lib/neutron/dhcp/18adcfb4-7409-45f0-a5f5-d4bbe94fb830/host
Sep 29 19:56:34 gtw01 dnsmasq-dhcp[25724]: read /var/lib/neutron/dhcp/18adcfb4-7409-45f0-a5f5-d4bbe94fb830/opts
Sep 29 19:56:36 gtw01 dnsmasq[25760]: read /var/lib/neutron/dhcp/51be9aa3-9238-4a54-9a47-5a5cad3c2c19/addn_hosts - 1 addresses
Sep 29 19:56:36 gtw01 dnsmasq-dhcp[25760]: read /var/lib/neutron/dhcp/51be9aa3-9238-4a54-9a47-5a5cad3c2c19/host
Sep 29 19:56:36 gtw01 dnsmasq-dhcp[25760]: read /var/lib/neutron/dhcp/51be9aa3-9238-4a54-9a47-5a5cad3c2c19/opts
Sep 29 19:56:39 gtw01 kernel: [ 6557.390925] device tap963c8b00-8d left promiscuous mode
Sep 29 19:56:44 gtw01 dnsmasq[17174]: read /var/lib/neutron/dhcp/1fab36d5-2284-44af-b709-a736a066fa93/addn_hosts - 3 addresses
Sep 29 19:56:44 gtw01 dnsmasq-dhcp[17174]: read /var/lib/neutron/dhcp/1fab36d5-2284-44af-b709-a736a066fa93/host
Sep 29 19:56:44 gtw01 dnsmasq-dhcp[17174]: read /var/lib/neutron/dhcp/1fab36d5-2284-44af-b709-a736a066fa93/opts
Sep 29 19:56:45 gtw01 kernel: [ 6563.191560] device tap08eefa25-ae left promiscuous mode
Sep 29 19:56:45 gtw01 dnsmasq[17174]: read /var/lib/neutron/dhcp/1fab36d5-2284-44af-b709-a736a066fa93/addn_hosts - 2 addresses
Sep 29 19:56:45 gtw01 dnsmasq-dhcp[17174]: read /var/lib/neutron/dhcp/1fab36d5-2284-44af-b709-a736a066fa93/host
Sep 29 19:56:45 gtw01 dnsmasq-dhcp[17174]: read /var/lib/neutron/dhcp/1fab36d5-2284-44af-b709-a736a066fa93/opts
Sep 29 19:56:49 gtw01 dnsmasq[24036]: read /var/lib/neutron/dhcp/bc80fa62-4631-4cfc-af39-f15c0d458bfd/addn_hosts - 1 addresses
Sep 29 19:56:49 gtw01 dnsmasq-dhcp[24036]: read /var/lib/neutron/dhcp/bc80fa62-4631-4cfc-af39-f15c0d458bfd/host
Sep 29 19:56:49 gtw01 dnsmasq-dhcp[24036]: read /var/lib/neutron/dhcp/bc80fa62-4631-4cfc-af39-f15c0d458bfd/opts
Sep 29 19:56:53 gtw01 dnsmasq[17174]: read /var/lib/neutron/dhcp/1fab36d5-2284-44af-b709-a736a066fa93/addn_hosts - 3 addresses
Sep 29 19:56:53 gtw01 dnsmasq-dhcp[17174]: read /var/lib/neutron/dhcp/1fab36d5-2284-44af-b709-a736a066fa93/host
Sep 29 19:56:53 gtw01 dnsmasq-dhcp[17174]: read /var/lib/neutron/dhcp/1fab36d5-2284-44af-b709-a736a066fa93/opts
Sep 29 19:56:54 gtw01 dnsmasq[17174]: read /var/lib/neutron/dhcp/1fab36d5-2284-44af-b709-a736a066fa93/addn_hosts - 4 addresses
Sep 29 19:56:54 gtw01 dnsmasq-dhcp[17174]: read /var/lib/neutron/dhcp/1fab36d5-2284-44af-b709-a736a066fa93/host
Sep 29 19:56:54 gtw01 dnsmasq-dhcp[17174]: read /var/lib/neutron/dhcp/1fab36d5-2284-44af-b709-a736a066fa93/opts
Sep 29 19:56:54 gtw01 kernel: [ 6572.916204] device tap55d80a46-d0 left promiscuous mode
Sep 29 19:56:55 gtw01 dnsmasq[17174]: read /var/lib/neutron/dhcp/1fab36d5-2284-44af-b709-a736a066fa93/addn_hosts - 4 addresses
Sep 29 19:56:55 gtw01 dnsmasq-dhcp[17174]: read /var/lib/neutron/dhcp/1fab36d5-2284-44af-b709-a736a066fa93/host
Sep 29 19:56:55 gtw01 dnsmasq-dhcp[17174]: read /var/lib/neutron/dhcp/1fab36d5-2284-44af-b709-a736a066fa93/opts
Sep 29 19:56:56 gtw01 dnsmasq[17174]: read /var/lib/neutron/dhcp/1fab36d5-2284-44af-b709-a736a066fa93/addn_hosts - 4 addresses
Sep 29 19:56:56 gtw01 dnsmasq-dhcp[17174]: read /var/lib/neutron/dhcp/1fab36d5-2284-44af-b709-a736a066fa93/host
Sep 29 19:56:56 gtw01 dnsmasq-dhcp[17174]: read /var/lib/neutron/dhcp/1fab36d5-2284-44af-b709-a736a066fa93/opts
Sep 29 19:56:57 gtw01 dnsmasq[17174]: read /var/lib/neutron/dhcp/1fab36d5-2284-44af-b709-a736a066fa93/addn_hosts - 4 addresses
Sep 29 19:56:57 gtw01 dnsmasq-dhcp[17174]: read /var/lib/neutron/dhcp/1fab36d5-2284-44af-b709-a736a066fa93/host
Sep 29 19:56:57 gtw01 dnsmasq-dhcp[17174]: read /var/lib/neutron/dhcp/1fab36d5-2284-44af-b709-a736a066fa93/opts
Sep 29 19:56:58 gtw01 dnsmasq[17174]: read /var/lib/neutron/dhcp/1fab36d5-2284-44af-b709-a736a066fa93/addn_hosts - 4 addresses
Sep 29 19:56:58 gtw01 dnsmasq-dhcp[17174]: read /var/lib/neutron/dhcp/1fab36d5-2284-44af-b709-a736a066fa93/host
Sep 29 19:56:58 gtw01 dnsmasq-dhcp[17174]: read /var/lib/neutron/dhcp/1fab36d5-2284-44af-b709-a736a066fa93/opts
Sep 29 19:57:01 gtw01 dnsmasq[17174]: read /var/lib/neutron/dhcp/1fab36d5-2284-44af-b709-a736a066fa93/addn_hosts - 3 addresses
Sep 29 19:57:01 gtw01 dnsmasq-dhcp[17174]: read /var/lib/neutron/dhcp/1fab36d5-2284-44af-b709-a736a066fa93/host
Sep 29 19:57:01 gtw01 dnsmasq-dhcp[17174]: read /var/lib/neutron/dhcp/1fab36d5-2284-44af-b709-a736a066fa93/opts
Sep 29 19:57:03 gtw01 kernel: [ 6581.422979] device tapd53934f7-93 entered promiscuous mode
Sep 29 19:57:03 gtw01 systemd-udevd[26318]: Could not generate persistent MAC address for tapd53934f7-93: No such file or directory
Sep 29 19:57:03 gtw01 systemd-udevd[26318]: Process '/sbin/ip link set tapd53934f7-93 txqueuelen 10000' failed with exit code 1.
Sep 29 19:57:03 gtw01 systemd-udevd[26392]: Process '/sbin/ip link set tapd53934f7-93 txqueuelen 10000' failed with exit code 1.
Sep 29 19:57:05 gtw01 dnsmasq[17174]: read /var/lib/neutron/dhcp/1fab36d5-2284-44af-b709-a736a066fa93/addn_hosts - 2 addresses
Sep 29 19:57:05 gtw01 dnsmasq-dhcp[17174]: read /var/lib/neutron/dhcp/1fab36d5-2284-44af-b709-a736a066fa93/host
Sep 29 19:57:05 gtw01 dnsmasq-dhcp[17174]: read /var/lib/neutron/dhcp/1fab36d5-2284-44af-b709-a736a066fa93/opts
Sep 29 19:57:06 gtw01 dnsmasq[26469]: started, version 2.80 cachesize 150
Sep 29 19:57:06 gtw01 dnsmasq[26469]: DNS service limited to local subnets
Sep 29 19:57:06 gtw01 dnsmasq[26469]: compile time options: IPv6 GNU-getopt DBus i18n IDN DHCP DHCPv6 no-Lua TFTP conntrack ipset auth DNSSEC loop-detect inotify dumpfile
Sep 29 19:57:06 gtw01 dnsmasq[26469]: warning: no upstream servers configured
Sep 29 19:57:06 gtw01 dnsmasq-dhcp[26469]: DHCP, static leases only on 192.168.120.0, lease time 1h
Sep 29 19:57:06 gtw01 dnsmasq[26469]: read /var/lib/neutron/dhcp/9fcdc153-9f74-4432-a263-e2982d344774/addn_hosts - 1 addresses
Sep 29 19:57:06 gtw01 dnsmasq-dhcp[26469]: read /var/lib/neutron/dhcp/9fcdc153-9f74-4432-a263-e2982d344774/host
Sep 29 19:57:06 gtw01 dnsmasq-dhcp[26469]: read /var/lib/neutron/dhcp/9fcdc153-9f74-4432-a263-e2982d344774/opts
Sep 29 19:57:06 gtw01 haproxy-metadata-proxy-9fcdc153-9f74-4432-a263-e2982d344774[26473]: Proxy listener started.
Sep 29 19:57:07 gtw01 dnsmasq[26469]: read /var/lib/neutron/dhcp/9fcdc153-9f74-4432-a263-e2982d344774/addn_hosts - 2 addresses
Sep 29 19:57:07 gtw01 dnsmasq-dhcp[26469]: read /var/lib/neutron/dhcp/9fcdc153-9f74-4432-a263-e2982d344774/host
Sep 29 19:57:07 gtw01 dnsmasq-dhcp[26469]: read /var/lib/neutron/dhcp/9fcdc153-9f74-4432-a263-e2982d344774/opts
Sep 29 19:57:08 gtw01 dnsmasq[26469]: read /var/lib/neutron/dhcp/9fcdc153-9f74-4432-a263-e2982d344774/addn_hosts - 2 addresses
Sep 29 19:57:08 gtw01 dnsmasq-dhcp[26469]: read /var/lib/neutron/dhcp/9fcdc153-9f74-4432-a263-e2982d344774/host
Sep 29 19:57:08 gtw01 dnsmasq-dhcp[26469]: read /var/lib/neutron/dhcp/9fcdc153-9f74-4432-a263-e2982d344774/opts
Sep 29 19:57:09 gtw01 kernel: [ 6587.435342] device tapca609886-0a entered promiscuous mode
Sep 29 19:57:09 gtw01 systemd-udevd[26532]: Could not generate persistent MAC address for tapca609886-0a: No such file or directory
Sep 29 19:57:09 gtw01 systemd-udevd[26601]: Process '/sbin/ip link set tapca609886-0a txqueuelen 10000' failed with exit code 1.
Sep 29 19:57:09 gtw01 dnsmasq[26469]: read /var/lib/neutron/dhcp/9fcdc153-9f74-4432-a263-e2982d344774/addn_hosts - 2 addresses
Sep 29 19:57:09 gtw01 dnsmasq-dhcp[26469]: read /var/lib/neutron/dhcp/9fcdc153-9f74-4432-a263-e2982d344774/host
Sep 29 19:57:09 gtw01 dnsmasq-dhcp[26469]: read /var/lib/neutron/dhcp/9fcdc153-9f74-4432-a263-e2982d344774/opts
Sep 29 19:57:10 gtw01 kernel: [ 6588.853195] device tapb30e1fa1-d1 entered promiscuous mode
Sep 29 19:57:10 gtw01 systemd-udevd[26667]: Could not generate persistent MAC address for tapb30e1fa1-d1: No such file or directory
Sep 29 19:57:10 gtw01 systemd-udevd[26739]: Process '/sbin/ip link set tapb30e1fa1-d1 txqueuelen 10000' failed with exit code 1.
Sep 29 19:57:11 gtw01 dnsmasq[17174]: read /var/lib/neutron/dhcp/1fab36d5-2284-44af-b709-a736a066fa93/addn_hosts - 3 addresses
Sep 29 19:57:11 gtw01 dnsmasq-dhcp[17174]: read /var/lib/neutron/dhcp/1fab36d5-2284-44af-b709-a736a066fa93/host
Sep 29 19:57:11 gtw01 dnsmasq-dhcp[17174]: read /var/lib/neutron/dhcp/1fab36d5-2284-44af-b709-a736a066fa93/opts
Sep 29 19:57:11 gtw01 dnsmasq[26469]: read /var/lib/neutron/dhcp/9fcdc153-9f74-4432-a263-e2982d344774/addn_hosts - 2 addresses
Sep 29 19:57:11 gtw01 dnsmasq-dhcp[26469]: read /var/lib/neutron/dhcp/9fcdc153-9f74-4432-a263-e2982d344774/host
Sep 29 19:57:11 gtw01 dnsmasq-dhcp[26469]: read /var/lib/neutron/dhcp/9fcdc153-9f74-4432-a263-e2982d344774/opts
Sep 29 19:57:12 gtw01 dnsmasq[17174]: read /var/lib/neutron/dhcp/1fab36d5-2284-44af-b709-a736a066fa93/addn_hosts - 3 addresses
Sep 29 19:57:12 gtw01 dnsmasq-dhcp[17174]: read /var/lib/neutron/dhcp/1fab36d5-2284-44af-b709-a736a066fa93/host
Sep 29 19:57:12 gtw01 dnsmasq-dhcp[17174]: read /var/lib/neutron/dhcp/1fab36d5-2284-44af-b709-a736a066fa93/opts
Sep 29 19:57:12 gtw01 dnsmasq[26469]: read /var/lib/neutron/dhcp/9fcdc153-9f74-4432-a263-e2982d344774/addn_hosts - 2 addresses
Sep 29 19:57:12 gtw01 dnsmasq-dhcp[26469]: read /var/lib/neutron/dhcp/9fcdc153-9f74-4432-a263-e2982d344774/host
Sep 29 19:57:12 gtw01 dnsmasq-dhcp[26469]: read /var/lib/neutron/dhcp/9fcdc153-9f74-4432-a263-e2982d344774/opts
Sep 29 19:57:14 gtw01 dnsmasq[26878]: started, version 2.80 cachesize 150
Sep 29 19:57:14 gtw01 dnsmasq[26878]: DNS service limited to local subnets
Sep 29 19:57:14 gtw01 dnsmasq[26878]: compile time options: IPv6 GNU-getopt DBus i18n IDN DHCP DHCPv6 no-Lua TFTP conntrack ipset auth DNSSEC loop-detect inotify dumpfile
Sep 29 19:57:14 gtw01 dnsmasq[26878]: warning: no upstream servers configured
Sep 29 19:57:14 gtw01 dnsmasq-dhcp[26878]: DHCP, static leases only on 192.168.120.0, lease time 1h
Sep 29 19:57:14 gtw01 dnsmasq[26878]: read /var/lib/neutron/dhcp/df317e7e-a817-4b8e-9df8-c6b2fd95f8e4/addn_hosts - 1 addresses
Sep 29 19:57:14 gtw01 dnsmasq-dhcp[26878]: read /var/lib/neutron/dhcp/df317e7e-a817-4b8e-9df8-c6b2fd95f8e4/host
Sep 29 19:57:14 gtw01 dnsmasq-dhcp[26878]: read /var/lib/neutron/dhcp/df317e7e-a817-4b8e-9df8-c6b2fd95f8e4/opts
Sep 29 19:57:14 gtw01 dnsmasq[17174]: read /var/lib/neutron/dhcp/1fab36d5-2284-44af-b709-a736a066fa93/addn_hosts - 3 addresses
Sep 29 19:57:14 gtw01 dnsmasq-dhcp[17174]: read /var/lib/neutron/dhcp/1fab36d5-2284-44af-b709-a736a066fa93/host
Sep 29 19:57:14 gtw01 dnsmasq-dhcp[17174]: read /var/lib/neutron/dhcp/1fab36d5-2284-44af-b709-a736a066fa93/opts
Sep 29 19:57:14 gtw01 haproxy-metadata-proxy-df317e7e-a817-4b8e-9df8-c6b2fd95f8e4[26890]: Proxy listener started.
Sep 29 19:57:15 gtw01 dnsmasq[26920]: started, version 2.80 cachesize 150
Sep 29 19:57:15 gtw01 dnsmasq[26920]: DNS service limited to local subnets
Sep 29 19:57:15 gtw01 dnsmasq[26920]: compile time options: IPv6 GNU-getopt DBus i18n IDN DHCP DHCPv6 no-Lua TFTP conntrack ipset auth DNSSEC loop-detect inotify dumpfile
Sep 29 19:57:15 gtw01 dnsmasq[26920]: warning: no upstream servers configured
Sep 29 19:57:15 gtw01 dnsmasq-dhcp[26920]: DHCP, static leases only on 10.10.10.0, lease time 1h
Sep 29 19:57:15 gtw01 dnsmasq[26920]: read /var/lib/neutron/dhcp/b580bad5-6a19-48cc-a26d-66b94cc3fb4c/addn_hosts - 1 addresses
Sep 29 19:57:15 gtw01 dnsmasq-dhcp[26920]: read /var/lib/neutron/dhcp/b580bad5-6a19-48cc-a26d-66b94cc3fb4c/host
Sep 29 19:57:15 gtw01 dnsmasq-dhcp[26920]: read /var/lib/neutron/dhcp/b580bad5-6a19-48cc-a26d-66b94cc3fb4c/opts
Sep 29 19:57:15 gtw01 dnsmasq[26878]: read /var/lib/neutron/dhcp/df317e7e-a817-4b8e-9df8-c6b2fd95f8e4/addn_hosts - 3 addresses
Sep 29 19:57:15 gtw01 dnsmasq-dhcp[26878]: read /var/lib/neutron/dhcp/df317e7e-a817-4b8e-9df8-c6b2fd95f8e4/host
Sep 29 19:57:15 gtw01 dnsmasq-dhcp[26878]: read /var/lib/neutron/dhcp/df317e7e-a817-4b8e-9df8-c6b2fd95f8e4/opts
Sep 29 19:57:15 gtw01 haproxy-metadata-proxy-b580bad5-6a19-48cc-a26d-66b94cc3fb4c[26928]: Proxy listener started.
Sep 29 19:57:16 gtw01 dnsmasq[26920]: read /var/lib/neutron/dhcp/b580bad5-6a19-48cc-a26d-66b94cc3fb4c/addn_hosts - 1 addresses
Sep 29 19:57:16 gtw01 dnsmasq-dhcp[26920]: read /var/lib/neutron/dhcp/b580bad5-6a19-48cc-a26d-66b94cc3fb4c/host
Sep 29 19:57:16 gtw01 dnsmasq-dhcp[26920]: read /var/lib/neutron/dhcp/b580bad5-6a19-48cc-a26d-66b94cc3fb4c/opts
Sep 29 19:57:16 gtw01 dnsmasq[26878]: read /var/lib/neutron/dhcp/df317e7e-a817-4b8e-9df8-c6b2fd95f8e4/addn_hosts - 3 addresses
Sep 29 19:57:16 gtw01 dnsmasq-dhcp[26878]: read /var/lib/neutron/dhcp/df317e7e-a817-4b8e-9df8-c6b2fd95f8e4/host
Sep 29 19:57:16 gtw01 dnsmasq-dhcp[26878]: read /var/lib/neutron/dhcp/df317e7e-a817-4b8e-9df8-c6b2fd95f8e4/opts
Sep 29 19:57:17 gtw01 dnsmasq[26920]: read /var/lib/neutron/dhcp/b580bad5-6a19-48cc-a26d-66b94cc3fb4c/addn_hosts - 1 addresses
Sep 29 19:57:17 gtw01 dnsmasq-dhcp[26920]: read /var/lib/neutron/dhcp/b580bad5-6a19-48cc-a26d-66b94cc3fb4c/host
Sep 29 19:57:17 gtw01 dnsmasq-dhcp[26920]: read /var/lib/neutron/dhcp/b580bad5-6a19-48cc-a26d-66b94cc3fb4c/opts
Sep 29 19:57:17 gtw01 dnsmasq[26878]: read /var/lib/neutron/dhcp/df317e7e-a817-4b8e-9df8-c6b2fd95f8e4/addn_hosts - 3 addresses
Sep 29 19:57:17 gtw01 dnsmasq-dhcp[26878]: read /var/lib/neutron/dhcp/df317e7e-a817-4b8e-9df8-c6b2fd95f8e4/host
Sep 29 19:57:17 gtw01 dnsmasq-dhcp[26878]: read /var/lib/neutron/dhcp/df317e7e-a817-4b8e-9df8-c6b2fd95f8e4/opts
Sep 29 19:57:18 gtw01 dnsmasq[26920]: read /var/lib/neutron/dhcp/b580bad5-6a19-48cc-a26d-66b94cc3fb4c/addn_hosts - 1 addresses
Sep 29 19:57:18 gtw01 dnsmasq-dhcp[26920]: read /var/lib/neutron/dhcp/b580bad5-6a19-48cc-a26d-66b94cc3fb4c/host
Sep 29 19:57:18 gtw01 dnsmasq-dhcp[26920]: read /var/lib/neutron/dhcp/b580bad5-6a19-48cc-a26d-66b94cc3fb4c/opts
Sep 29 19:57:18 gtw01 dnsmasq[26878]: read /var/lib/neutron/dhcp/df317e7e-a817-4b8e-9df8-c6b2fd95f8e4/addn_hosts - 3 addresses
Sep 29 19:57:18 gtw01 dnsmasq-dhcp[26878]: read /var/lib/neutron/dhcp/df317e7e-a817-4b8e-9df8-c6b2fd95f8e4/host
Sep 29 19:57:18 gtw01 dnsmasq-dhcp[26878]: read /var/lib/neutron/dhcp/df317e7e-a817-4b8e-9df8-c6b2fd95f8e4/opts
Sep 29 19:57:19 gtw01 dnsmasq[26878]: read /var/lib/neutron/dhcp/df317e7e-a817-4b8e-9df8-c6b2fd95f8e4/addn_hosts - 4 addresses
Sep 29 19:57:19 gtw01 dnsmasq-dhcp[26878]: read /var/lib/neutron/dhcp/df317e7e-a817-4b8e-9df8-c6b2fd95f8e4/host
Sep 29 19:57:19 gtw01 dnsmasq-dhcp[26878]: read /var/lib/neutron/dhcp/df317e7e-a817-4b8e-9df8-c6b2fd95f8e4/opts
Sep 29 19:57:20 gtw01 dnsmasq[26878]: read /var/lib/neutron/dhcp/df317e7e-a817-4b8e-9df8-c6b2fd95f8e4/addn_hosts - 4 addresses
Sep 29 19:57:20 gtw01 dnsmasq-dhcp[26878]: read /var/lib/neutron/dhcp/df317e7e-a817-4b8e-9df8-c6b2fd95f8e4/host
Sep 29 19:57:20 gtw01 dnsmasq-dhcp[26878]: read /var/lib/neutron/dhcp/df317e7e-a817-4b8e-9df8-c6b2fd95f8e4/opts
Sep 29 19:57:20 gtw01 dnsmasq[26469]: read /var/lib/neutron/dhcp/9fcdc153-9f74-4432-a263-e2982d344774/addn_hosts - 3 addresses
Sep 29 19:57:20 gtw01 dnsmasq-dhcp[26469]: read /var/lib/neutron/dhcp/9fcdc153-9f74-4432-a263-e2982d344774/host
Sep 29 19:57:20 gtw01 dnsmasq-dhcp[26469]: read /var/lib/neutron/dhcp/9fcdc153-9f74-4432-a263-e2982d344774/opts
Sep 29 19:57:21 gtw01 dnsmasq[26878]: read /var/lib/neutron/dhcp/df317e7e-a817-4b8e-9df8-c6b2fd95f8e4/addn_hosts - 4 addresses
Sep 29 19:57:21 gtw01 dnsmasq-dhcp[26878]: read /var/lib/neutron/dhcp/df317e7e-a817-4b8e-9df8-c6b2fd95f8e4/host
Sep 29 19:57:21 gtw01 dnsmasq-dhcp[26878]: read /var/lib/neutron/dhcp/df317e7e-a817-4b8e-9df8-c6b2fd95f8e4/opts
Sep 29 19:57:21 gtw01 dnsmasq[26469]: read /var/lib/neutron/dhcp/9fcdc153-9f74-4432-a263-e2982d344774/addn_hosts - 3 addresses
Sep 29 19:57:21 gtw01 dnsmasq-dhcp[26469]: read /var/lib/neutron/dhcp/9fcdc153-9f74-4432-a263-e2982d344774/host
Sep 29 19:57:21 gtw01 dnsmasq-dhcp[26469]: read /var/lib/neutron/dhcp/9fcdc153-9f74-4432-a263-e2982d344774/opts
Sep 29 19:57:22 gtw01 dnsmasq[26878]: read /var/lib/neutron/dhcp/df317e7e-a817-4b8e-9df8-c6b2fd95f8e4/addn_hosts - 4 addresses
Sep 29 19:57:22 gtw01 dnsmasq-dhcp[26878]: read /var/lib/neutron/dhcp/df317e7e-a817-4b8e-9df8-c6b2fd95f8e4/host
Sep 29 19:57:22 gtw01 dnsmasq-dhcp[26878]: read /var/lib/neutron/dhcp/df317e7e-a817-4b8e-9df8-c6b2fd95f8e4/opts
Sep 29 19:57:22 gtw01 dnsmasq[26469]: read /var/lib/neutron/dhcp/9fcdc153-9f74-4432-a263-e2982d344774/addn_hosts - 3 addresses
Sep 29 19:57:22 gtw01 dnsmasq-dhcp[26469]: read /var/lib/neutron/dhcp/9fcdc153-9f74-4432-a263-e2982d344774/host
Sep 29 19:57:22 gtw01 dnsmasq-dhcp[26469]: read /var/lib/neutron/dhcp/9fcdc153-9f74-4432-a263-e2982d344774/opts
Sep 29 19:57:22 gtw01 dnsmasq[26878]: read /var/lib/neutron/dhcp/df317e7e-a817-4b8e-9df8-c6b2fd95f8e4/addn_hosts - 4 addresses
Sep 29 19:57:22 gtw01 dnsmasq-dhcp[26878]: read /var/lib/neutron/dhcp/df317e7e-a817-4b8e-9df8-c6b2fd95f8e4/host
Sep 29 19:57:22 gtw01 dnsmasq-dhcp[26878]: read /var/lib/neutron/dhcp/df317e7e-a817-4b8e-9df8-c6b2fd95f8e4/opts
Sep 29 19:57:23 gtw01 dnsmasq[26878]: read /var/lib/neutron/dhcp/df317e7e-a817-4b8e-9df8-c6b2fd95f8e4/addn_hosts - 4 addresses
Sep 29 19:57:23 gtw01 dnsmasq-dhcp[26878]: read /var/lib/neutron/dhcp/df317e7e-a817-4b8e-9df8-c6b2fd95f8e4/host
Sep 29 19:57:23 gtw01 dnsmasq-dhcp[26878]: read /var/lib/neutron/dhcp/df317e7e-a817-4b8e-9df8-c6b2fd95f8e4/opts
Sep 29 19:57:24 gtw01 dnsmasq[26878]: read /var/lib/neutron/dhcp/df317e7e-a817-4b8e-9df8-c6b2fd95f8e4/addn_hosts - 4 addresses
Sep 29 19:57:24 gtw01 dnsmasq-dhcp[26878]: read /var/lib/neutron/dhcp/df317e7e-a817-4b8e-9df8-c6b2fd95f8e4/host
Sep 29 19:57:24 gtw01 dnsmasq-dhcp[26878]: read /var/lib/neutron/dhcp/df317e7e-a817-4b8e-9df8-c6b2fd95f8e4/opts
Sep 29 19:57:25 gtw01 dnsmasq[26878]: read /var/lib/neutron/dhcp/df317e7e-a817-4b8e-9df8-c6b2fd95f8e4/addn_hosts - 4 addresses
Sep 29 19:57:25 gtw01 dnsmasq-dhcp[26878]: read /var/lib/neutron/dhcp/df317e7e-a817-4b8e-9df8-c6b2fd95f8e4/host
Sep 29 19:57:25 gtw01 dnsmasq-dhcp[26878]: read /var/lib/neutron/dhcp/df317e7e-a817-4b8e-9df8-c6b2fd95f8e4/opts
Sep 29 19:57:27 gtw01 dnsmasq-dhcp[17174]: DHCPDISCOVER(tap1a894f3a-0d) fa:16:3e:69:f1:f1
Sep 29 19:57:27 gtw01 dnsmasq-dhcp[17174]: DHCPOFFER(tap1a894f3a-0d) 192.168.120.18 fa:16:3e:69:f1:f1
Sep 29 19:57:27 gtw01 dnsmasq-dhcp[17174]: DHCPREQUEST(tap1a894f3a-0d) 192.168.120.18 fa:16:3e:69:f1:f1
Sep 29 19:57:27 gtw01 dnsmasq-dhcp[17174]: DHCPACK(tap1a894f3a-0d) 192.168.120.18 fa:16:3e:69:f1:f1 host-192-168-120-18
Sep 29 19:57:29 gtw01 dnsmasq[26920]: read /var/lib/neutron/dhcp/b580bad5-6a19-48cc-a26d-66b94cc3fb4c/addn_hosts - 2 addresses
Sep 29 19:57:29 gtw01 dnsmasq-dhcp[26920]: read /var/lib/neutron/dhcp/b580bad5-6a19-48cc-a26d-66b94cc3fb4c/host
Sep 29 19:57:29 gtw01 dnsmasq-dhcp[26920]: read /var/lib/neutron/dhcp/b580bad5-6a19-48cc-a26d-66b94cc3fb4c/opts
Sep 29 19:57:30 gtw01 dnsmasq[26920]: read /var/lib/neutron/dhcp/b580bad5-6a19-48cc-a26d-66b94cc3fb4c/addn_hosts - 2 addresses
Sep 29 19:57:30 gtw01 dnsmasq-dhcp[26920]: read /var/lib/neutron/dhcp/b580bad5-6a19-48cc-a26d-66b94cc3fb4c/host
Sep 29 19:57:30 gtw01 dnsmasq-dhcp[26920]: read /var/lib/neutron/dhcp/b580bad5-6a19-48cc-a26d-66b94cc3fb4c/opts
Sep 29 19:57:31 gtw01 dnsmasq[26920]: read /var/lib/neutron/dhcp/b580bad5-6a19-48cc-a26d-66b94cc3fb4c/addn_hosts - 2 addresses
Sep 29 19:57:31 gtw01 dnsmasq-dhcp[26920]: read /var/lib/neutron/dhcp/b580bad5-6a19-48cc-a26d-66b94cc3fb4c/host
Sep 29 19:57:31 gtw01 dnsmasq-dhcp[26920]: read /var/lib/neutron/dhcp/b580bad5-6a19-48cc-a26d-66b94cc3fb4c/opts
Sep 29 19:57:33 gtw01 dnsmasq-dhcp[26878]: DHCPDISCOVER(tapca609886-0a) fa:16:3e:ab:43:13
Sep 29 19:57:33 gtw01 dnsmasq-dhcp[26878]: DHCPOFFER(tapca609886-0a) 192.168.120.4 fa:16:3e:ab:43:13
Sep 29 19:57:33 gtw01 dnsmasq-dhcp[26878]: DHCPREQUEST(tapca609886-0a) 192.168.120.4 fa:16:3e:ab:43:13
Sep 29 19:57:33 gtw01 dnsmasq-dhcp[26878]: DHCPACK(tapca609886-0a) 192.168.120.4 fa:16:3e:ab:43:13 host-192-168-120-4
Sep 29 19:57:33 gtw01 dnsmasq-dhcp[26878]: DHCPDISCOVER(tapca609886-0a) fa:16:3e:c8:45:60
Sep 29 19:57:33 gtw01 dnsmasq-dhcp[26878]: DHCPOFFER(tapca609886-0a) 192.168.120.5 fa:16:3e:c8:45:60
Sep 29 19:57:33 gtw01 dnsmasq-dhcp[26878]: DHCPREQUEST(tapca609886-0a) 192.168.120.5 fa:16:3e:c8:45:60
Sep 29 19:57:33 gtw01 dnsmasq-dhcp[26878]: DHCPACK(tapca609886-0a) 192.168.120.5 fa:16:3e:c8:45:60 host-192-168-120-5
Sep 29 19:57:34 gtw01 dnsmasq-dhcp[26878]: DHCPDISCOVER(tapca609886-0a) fa:16:3e:87:84:73
Sep 29 19:57:34 gtw01 dnsmasq-dhcp[26878]: DHCPOFFER(tapca609886-0a) 192.168.120.7 fa:16:3e:87:84:73
Sep 29 19:57:34 gtw01 dnsmasq-dhcp[26878]: DHCPREQUEST(tapca609886-0a) 192.168.120.7 fa:16:3e:87:84:73
Sep 29 19:57:34 gtw01 dnsmasq-dhcp[26878]: DHCPACK(tapca609886-0a) 192.168.120.7 fa:16:3e:87:84:73 host-192-168-120-7
Sep 29 19:57:37 gtw01 dnsmasq-dhcp[26469]: DHCPDISCOVER(tapd53934f7-93) fa:16:3e:20:61:10
Sep 29 19:57:37 gtw01 dnsmasq-dhcp[26469]: DHCPOFFER(tapd53934f7-93) 192.168.120.6 fa:16:3e:20:61:10
Sep 29 19:57:37 gtw01 dnsmasq-dhcp[26469]: DHCPREQUEST(tapd53934f7-93) 192.168.120.6 fa:16:3e:20:61:10
Sep 29 19:57:37 gtw01 dnsmasq-dhcp[26469]: DHCPACK(tapd53934f7-93) 192.168.120.6 fa:16:3e:20:61:10 host-192-168-120-6
Sep 29 19:57:39 gtw01 dnsmasq-dhcp[17174]: DHCPRELEASE(tap1a894f3a-0d) 192.168.120.18 fa:16:3e:69:f1:f1
Sep 29 19:57:39 gtw01 haproxy-metadata-proxy-9fcdc153-9f74-4432-a263-e2982d344774[26474]: 192.168.120.6:50796 [29/Sep/2019:19:57:38.525] listener listener/metadata 1/0/1/1364/1366 200 2285 - - ---- 1/1/0/1/0 0/0 "GET /openstack/latest/meta_data.json HTTP/1.1"
Sep 29 19:57:45 gtw01 dnsmasq[17174]: read /var/lib/neutron/dhcp/1fab36d5-2284-44af-b709-a736a066fa93/addn_hosts - 2 addresses
Sep 29 19:57:45 gtw01 dnsmasq-dhcp[17174]: read /var/lib/neutron/dhcp/1fab36d5-2284-44af-b709-a736a066fa93/host
Sep 29 19:57:45 gtw01 dnsmasq-dhcp[17174]: read /var/lib/neutron/dhcp/1fab36d5-2284-44af-b709-a736a066fa93/opts
Sep 29 19:57:45 gtw01 dnsmasq[26920]: read /var/lib/neutron/dhcp/b580bad5-6a19-48cc-a26d-66b94cc3fb4c/addn_hosts - 1 addresses
Sep 29 19:57:45 gtw01 dnsmasq-dhcp[26920]: read /var/lib/neutron/dhcp/b580bad5-6a19-48cc-a26d-66b94cc3fb4c/host
Sep 29 19:57:45 gtw01 dnsmasq-dhcp[26920]: read /var/lib/neutron/dhcp/b580bad5-6a19-48cc-a26d-66b94cc3fb4c/opts
Sep 29 19:57:48 gtw01 dnsmasq-dhcp[26469]: DHCPRELEASE(tapd53934f7-93) 192.168.120.6 fa:16:3e:20:61:10
Sep 29 19:57:48 gtw01 dnsmasq-dhcp[26469]: DHCPRELEASE(tapd53934f7-93) 192.168.120.6 fa:16:3e:20:61:10 unknown lease
Sep 29 19:57:49 gtw01 dnsmasq[26469]: read /var/lib/neutron/dhcp/9fcdc153-9f74-4432-a263-e2982d344774/addn_hosts - 2 addresses
Sep 29 19:57:49 gtw01 dnsmasq-dhcp[26469]: read /var/lib/neutron/dhcp/9fcdc153-9f74-4432-a263-e2982d344774/host
Sep 29 19:57:49 gtw01 dnsmasq-dhcp[26469]: read /var/lib/neutron/dhcp/9fcdc153-9f74-4432-a263-e2982d344774/opts
Sep 29 19:57:50 gtw01 dnsmasq[17174]: read /var/lib/neutron/dhcp/1fab36d5-2284-44af-b709-a736a066fa93/addn_hosts - 3 addresses
Sep 29 19:57:50 gtw01 dnsmasq-dhcp[17174]: read /var/lib/neutron/dhcp/1fab36d5-2284-44af-b709-a736a066fa93/host
Sep 29 19:57:50 gtw01 dnsmasq-dhcp[17174]: read /var/lib/neutron/dhcp/1fab36d5-2284-44af-b709-a736a066fa93/opts
Sep 29 19:57:51 gtw01 dnsmasq[17174]: read /var/lib/neutron/dhcp/1fab36d5-2284-44af-b709-a736a066fa93/addn_hosts - 3 addresses
Sep 29 19:57:51 gtw01 dnsmasq-dhcp[17174]: read /var/lib/neutron/dhcp/1fab36d5-2284-44af-b709-a736a066fa93/host
Sep 29 19:57:51 gtw01 dnsmasq-dhcp[17174]: read /var/lib/neutron/dhcp/1fab36d5-2284-44af-b709-a736a066fa93/opts
Sep 29 19:57:52 gtw01 dnsmasq[17174]: read /var/lib/neutron/dhcp/1fab36d5-2284-44af-b709-a736a066fa93/addn_hosts - 3 addresses
Sep 29 19:57:52 gtw01 dnsmasq-dhcp[17174]: read /var/lib/neutron/dhcp/1fab36d5-2284-44af-b709-a736a066fa93/host
Sep 29 19:57:52 gtw01 dnsmasq-dhcp[17174]: read /var/lib/neutron/dhcp/1fab36d5-2284-44af-b709-a736a066fa93/opts
Sep 29 19:57:52 gtw01 kernel: [ 6630.808399] device tapb30e1fa1-d1 left promiscuous mode
Sep 29 19:57:59 gtw01 dnsmasq[26469]: read /var/lib/neutron/dhcp/9fcdc153-9f74-4432-a263-e2982d344774/addn_hosts - 1 addresses
Sep 29 19:57:59 gtw01 dnsmasq-dhcp[26469]: read /var/lib/neutron/dhcp/9fcdc153-9f74-4432-a263-e2982d344774/host
Sep 29 19:57:59 gtw01 dnsmasq-dhcp[26469]: read /var/lib/neutron/dhcp/9fcdc153-9f74-4432-a263-e2982d344774/opts
Sep 29 19:57:59 gtw01 dnsmasq-dhcp[26878]: DHCPRELEASE(tapca609886-0a) 192.168.120.4 fa:16:3e:ab:43:13
Sep 29 19:57:59 gtw01 dnsmasq[17174]: read /var/lib/neutron/dhcp/1fab36d5-2284-44af-b709-a736a066fa93/addn_hosts - 2 addresses
Sep 29 19:57:59 gtw01 dnsmasq-dhcp[17174]: read /var/lib/neutron/dhcp/1fab36d5-2284-44af-b709-a736a066fa93/host
Sep 29 19:57:59 gtw01 dnsmasq-dhcp[17174]: read /var/lib/neutron/dhcp/1fab36d5-2284-44af-b709-a736a066fa93/opts
Sep 29 19:58:03 gtw01 kernel: [ 6641.698796] device tapd53934f7-93 left promiscuous mode
Sep 29 19:58:04 gtw01 dnsmasq[17174]: read /var/lib/neutron/dhcp/1fab36d5-2284-44af-b709-a736a066fa93/addn_hosts - 3 addresses
Sep 29 19:58:04 gtw01 dnsmasq-dhcp[17174]: read /var/lib/neutron/dhcp/1fab36d5-2284-44af-b709-a736a066fa93/host
Sep 29 19:58:04 gtw01 dnsmasq-dhcp[17174]: read /var/lib/neutron/dhcp/1fab36d5-2284-44af-b709-a736a066fa93/opts
Sep 29 19:58:05 gtw01 dnsmasq[17174]: read /var/lib/neutron/dhcp/1fab36d5-2284-44af-b709-a736a066fa93/addn_hosts - 3 addresses
Sep 29 19:58:05 gtw01 dnsmasq-dhcp[17174]: read /var/lib/neutron/dhcp/1fab36d5-2284-44af-b709-a736a066fa93/host
Sep 29 19:58:05 gtw01 dnsmasq-dhcp[17174]: read /var/lib/neutron/dhcp/1fab36d5-2284-44af-b709-a736a066fa93/opts
Sep 29 19:58:06 gtw01 dnsmasq[17174]: read /var/lib/neutron/dhcp/1fab36d5-2284-44af-b709-a736a066fa93/addn_hosts - 3 addresses
Sep 29 19:58:06 gtw01 dnsmasq-dhcp[17174]: read /var/lib/neutron/dhcp/1fab36d5-2284-44af-b709-a736a066fa93/host
