Sep 29 21:57:59 gtw01 dnsmasq[21451]: started, version 2.80 cachesize 150
Sep 29 21:57:59 gtw01 dnsmasq[21451]: DNS service limited to local subnets
Sep 29 21:57:59 gtw01 dnsmasq[21451]: compile time options: IPv6 GNU-getopt DBus i18n IDN DHCP DHCPv6 no-Lua TFTP conntrack ipset auth DNSSEC loop-detect inotify dumpfile
Sep 29 21:57:59 gtw01 dnsmasq[21451]: warning: no upstream servers configured
Sep 29 21:57:59 gtw01 dnsmasq-dhcp[21451]: DHCP, static leases only on 10.2.75.0, lease time 1h
Sep 29 21:57:59 gtw01 dnsmasq-dhcp[21451]: DHCP, static leases only on 10.2.78.0, lease time 1h
Sep 29 21:57:59 gtw01 dnsmasq[21451]: read /var/lib/neutron/dhcp/901204d0-9c7e-416d-8e15-34c418459a39/addn_hosts - 4 addresses
Sep 29 21:57:59 gtw01 dnsmasq-dhcp[21451]: read /var/lib/neutron/dhcp/901204d0-9c7e-416d-8e15-34c418459a39/host
Sep 29 21:57:59 gtw01 dnsmasq-dhcp[21451]: read /var/lib/neutron/dhcp/901204d0-9c7e-416d-8e15-34c418459a39/opts
Sep 29 21:58:00 gtw01 dnsmasq[21451]: read /var/lib/neutron/dhcp/901204d0-9c7e-416d-8e15-34c418459a39/addn_hosts - 4 addresses
Sep 29 21:58:00 gtw01 dnsmasq-dhcp[21451]: read /var/lib/neutron/dhcp/901204d0-9c7e-416d-8e15-34c418459a39/host
Sep 29 21:58:00 gtw01 dnsmasq-dhcp[21451]: read /var/lib/neutron/dhcp/901204d0-9c7e-416d-8e15-34c418459a39/opts
Sep 29 21:58:02 gtw01 dnsmasq[21451]: read /var/lib/neutron/dhcp/901204d0-9c7e-416d-8e15-34c418459a39/addn_hosts - 4 addresses
Sep 29 21:58:02 gtw01 dnsmasq-dhcp[21451]: read /var/lib/neutron/dhcp/901204d0-9c7e-416d-8e15-34c418459a39/host
Sep 29 21:58:02 gtw01 dnsmasq-dhcp[21451]: read /var/lib/neutron/dhcp/901204d0-9c7e-416d-8e15-34c418459a39/opts
Sep 29 21:58:04 gtw01 dnsmasq[21675]: started, version 2.80 cachesize 150
Sep 29 21:58:04 gtw01 dnsmasq[21675]: DNS service limited to local subnets
Sep 29 21:58:04 gtw01 dnsmasq[21675]: compile time options: IPv6 GNU-getopt DBus i18n IDN DHCP DHCPv6 no-Lua TFTP conntrack ipset auth DNSSEC loop-detect inotify dumpfile
Sep 29 21:58:04 gtw01 dnsmasq[21675]: warning: no upstream servers configured
Sep 29 21:58:04 gtw01 dnsmasq-dhcp[21675]: DHCP, static leases only on 10.2.76.0, lease time 1h
Sep 29 21:58:04 gtw01 dnsmasq-dhcp[21675]: DHCP, static leases only on 10.2.80.0, lease time 1h
Sep 29 21:58:04 gtw01 dnsmasq[21675]: read /var/lib/neutron/dhcp/a9dc1edc-9b94-4f73-b4b3-8cdcb6b17fc5/addn_hosts - 3 addresses
Sep 29 21:58:04 gtw01 dnsmasq-dhcp[21675]: read /var/lib/neutron/dhcp/a9dc1edc-9b94-4f73-b4b3-8cdcb6b17fc5/host
Sep 29 21:58:04 gtw01 dnsmasq-dhcp[21675]: read /var/lib/neutron/dhcp/a9dc1edc-9b94-4f73-b4b3-8cdcb6b17fc5/opts
Sep 29 21:58:04 gtw01 dnsmasq[21451]: read /var/lib/neutron/dhcp/901204d0-9c7e-416d-8e15-34c418459a39/addn_hosts - 4 addresses
Sep 29 21:58:04 gtw01 dnsmasq-dhcp[21451]: read /var/lib/neutron/dhcp/901204d0-9c7e-416d-8e15-34c418459a39/host
Sep 29 21:58:04 gtw01 dnsmasq-dhcp[21451]: read /var/lib/neutron/dhcp/901204d0-9c7e-416d-8e15-34c418459a39/opts
Sep 29 21:58:04 gtw01 dnsmasq[21686]: started, version 2.80 cachesize 150
Sep 29 21:58:04 gtw01 dnsmasq[21686]: DNS service limited to local subnets
Sep 29 21:58:04 gtw01 dnsmasq[21686]: compile time options: IPv6 GNU-getopt DBus i18n IDN DHCP DHCPv6 no-Lua TFTP conntrack ipset auth DNSSEC loop-detect inotify dumpfile
Sep 29 21:58:04 gtw01 dnsmasq[21686]: warning: no upstream servers configured
Sep 29 21:58:04 gtw01 dnsmasq-dhcp[21686]: DHCP, static leases only on 10.2.77.0, lease time 1h
Sep 29 21:58:04 gtw01 dnsmasq-dhcp[21686]: DHCP, static leases only on 10.2.82.0, lease time 1h
Sep 29 21:58:04 gtw01 dnsmasq[21686]: read /var/lib/neutron/dhcp/daec0656-e422-476c-a06f-1deaefc2c0c4/addn_hosts - 3 addresses
Sep 29 21:58:04 gtw01 dnsmasq-dhcp[21686]: read /var/lib/neutron/dhcp/daec0656-e422-476c-a06f-1deaefc2c0c4/host
Sep 29 21:58:04 gtw01 dnsmasq-dhcp[21686]: read /var/lib/neutron/dhcp/daec0656-e422-476c-a06f-1deaefc2c0c4/opts
Sep 29 21:58:04 gtw01 dnsmasq[21688]: started, version 2.80 cachesize 150
Sep 29 21:58:04 gtw01 dnsmasq[21688]: DNS service limited to local subnets
Sep 29 21:58:04 gtw01 dnsmasq[21688]: compile time options: IPv6 GNU-getopt DBus i18n IDN DHCP DHCPv6 no-Lua TFTP conntrack ipset auth DNSSEC loop-detect inotify dumpfile
Sep 29 21:58:04 gtw01 dnsmasq[21688]: warning: no upstream servers configured
Sep 29 21:58:04 gtw01 dnsmasq-dhcp[21688]: DHCP, static leases only on 10.2.83.0, lease time 1h
Sep 29 21:58:04 gtw01 dnsmasq[21688]: read /var/lib/neutron/dhcp/bd7306cd-1f24-4d6c-82ce-27a6e9480b5f/addn_hosts - 1 addresses
Sep 29 21:58:04 gtw01 dnsmasq-dhcp[21688]: read /var/lib/neutron/dhcp/bd7306cd-1f24-4d6c-82ce-27a6e9480b5f/host
Sep 29 21:58:04 gtw01 dnsmasq-dhcp[21688]: read /var/lib/neutron/dhcp/bd7306cd-1f24-4d6c-82ce-27a6e9480b5f/opts
Sep 29 21:58:05 gtw01 dnsmasq[21696]: started, version 2.80 cachesize 150
Sep 29 21:58:05 gtw01 dnsmasq[21696]: DNS service limited to local subnets
Sep 29 21:58:05 gtw01 dnsmasq[21696]: compile time options: IPv6 GNU-getopt DBus i18n IDN DHCP DHCPv6 no-Lua TFTP conntrack ipset auth DNSSEC loop-detect inotify dumpfile
Sep 29 21:58:05 gtw01 dnsmasq[21696]: warning: no upstream servers configured
Sep 29 21:58:05 gtw01 dnsmasq-dhcp[21696]: DHCP, static leases only on 10.2.81.0, lease time 1h
Sep 29 21:58:05 gtw01 dnsmasq-dhcp[21696]: DHCP, static leases only on 10.2.79.0, lease time 1h
Sep 29 21:58:05 gtw01 dnsmasq[21696]: read /var/lib/neutron/dhcp/2646df16-9569-44aa-8708-a9daf5272eb1/addn_hosts - 3 addresses
Sep 29 21:58:05 gtw01 dnsmasq-dhcp[21696]: read /var/lib/neutron/dhcp/2646df16-9569-44aa-8708-a9daf5272eb1/host
Sep 29 21:58:05 gtw01 dnsmasq-dhcp[21696]: read /var/lib/neutron/dhcp/2646df16-9569-44aa-8708-a9daf5272eb1/opts
Sep 29 21:58:05 gtw01 haproxy-metadata-proxy-bd7306cd-1f24-4d6c-82ce-27a6e9480b5f[21706]: Proxy listener started.
Sep 29 21:58:05 gtw01 dnsmasq[21675]: read /var/lib/neutron/dhcp/a9dc1edc-9b94-4f73-b4b3-8cdcb6b17fc5/addn_hosts - 4 addresses
Sep 29 21:58:05 gtw01 dnsmasq-dhcp[21675]: read /var/lib/neutron/dhcp/a9dc1edc-9b94-4f73-b4b3-8cdcb6b17fc5/host
Sep 29 21:58:05 gtw01 dnsmasq-dhcp[21675]: read /var/lib/neutron/dhcp/a9dc1edc-9b94-4f73-b4b3-8cdcb6b17fc5/opts
Sep 29 21:58:05 gtw01 dnsmasq[21686]: read /var/lib/neutron/dhcp/daec0656-e422-476c-a06f-1deaefc2c0c4/addn_hosts - 3 addresses
Sep 29 21:58:05 gtw01 dnsmasq-dhcp[21686]: read /var/lib/neutron/dhcp/daec0656-e422-476c-a06f-1deaefc2c0c4/host
Sep 29 21:58:05 gtw01 dnsmasq-dhcp[21686]: read /var/lib/neutron/dhcp/daec0656-e422-476c-a06f-1deaefc2c0c4/opts
Sep 29 21:58:06 gtw01 dnsmasq[21696]: read /var/lib/neutron/dhcp/2646df16-9569-44aa-8708-a9daf5272eb1/addn_hosts - 3 addresses
Sep 29 21:58:06 gtw01 dnsmasq-dhcp[21696]: read /var/lib/neutron/dhcp/2646df16-9569-44aa-8708-a9daf5272eb1/host
Sep 29 21:58:06 gtw01 dnsmasq-dhcp[21696]: read /var/lib/neutron/dhcp/2646df16-9569-44aa-8708-a9daf5272eb1/opts
Sep 29 21:58:06 gtw01 dnsmasq[21451]: read /var/lib/neutron/dhcp/901204d0-9c7e-416d-8e15-34c418459a39/addn_hosts - 4 addresses
Sep 29 21:58:06 gtw01 dnsmasq-dhcp[21451]: read /var/lib/neutron/dhcp/901204d0-9c7e-416d-8e15-34c418459a39/host
Sep 29 21:58:06 gtw01 dnsmasq-dhcp[21451]: read /var/lib/neutron/dhcp/901204d0-9c7e-416d-8e15-34c418459a39/opts
Sep 29 21:58:07 gtw01 dnsmasq[21675]: read /var/lib/neutron/dhcp/a9dc1edc-9b94-4f73-b4b3-8cdcb6b17fc5/addn_hosts - 4 addresses
Sep 29 21:58:07 gtw01 dnsmasq-dhcp[21675]: read /var/lib/neutron/dhcp/a9dc1edc-9b94-4f73-b4b3-8cdcb6b17fc5/host
Sep 29 21:58:07 gtw01 dnsmasq-dhcp[21675]: read /var/lib/neutron/dhcp/a9dc1edc-9b94-4f73-b4b3-8cdcb6b17fc5/opts
Sep 29 21:58:07 gtw01 dnsmasq[21686]: read /var/lib/neutron/dhcp/daec0656-e422-476c-a06f-1deaefc2c0c4/addn_hosts - 3 addresses
Sep 29 21:58:07 gtw01 dnsmasq-dhcp[21686]: read /var/lib/neutron/dhcp/daec0656-e422-476c-a06f-1deaefc2c0c4/host
Sep 29 21:58:07 gtw01 dnsmasq-dhcp[21686]: read /var/lib/neutron/dhcp/daec0656-e422-476c-a06f-1deaefc2c0c4/opts
Sep 29 21:58:08 gtw01 dnsmasq[21696]: read /var/lib/neutron/dhcp/2646df16-9569-44aa-8708-a9daf5272eb1/addn_hosts - 3 addresses
Sep 29 21:58:08 gtw01 dnsmasq-dhcp[21696]: read /var/lib/neutron/dhcp/2646df16-9569-44aa-8708-a9daf5272eb1/host
Sep 29 21:58:08 gtw01 dnsmasq-dhcp[21696]: read /var/lib/neutron/dhcp/2646df16-9569-44aa-8708-a9daf5272eb1/opts
Sep 29 21:58:08 gtw01 dnsmasq[21451]: read /var/lib/neutron/dhcp/901204d0-9c7e-416d-8e15-34c418459a39/addn_hosts - 4 addresses
Sep 29 21:58:08 gtw01 dnsmasq-dhcp[21451]: read /var/lib/neutron/dhcp/901204d0-9c7e-416d-8e15-34c418459a39/host
Sep 29 21:58:08 gtw01 dnsmasq-dhcp[21451]: read /var/lib/neutron/dhcp/901204d0-9c7e-416d-8e15-34c418459a39/opts
Sep 29 21:58:09 gtw01 dnsmasq[21675]: read /var/lib/neutron/dhcp/a9dc1edc-9b94-4f73-b4b3-8cdcb6b17fc5/addn_hosts - 4 addresses
Sep 29 21:58:09 gtw01 dnsmasq-dhcp[21675]: read /var/lib/neutron/dhcp/a9dc1edc-9b94-4f73-b4b3-8cdcb6b17fc5/host
Sep 29 21:58:09 gtw01 dnsmasq-dhcp[21675]: read /var/lib/neutron/dhcp/a9dc1edc-9b94-4f73-b4b3-8cdcb6b17fc5/opts
Sep 29 21:58:10 gtw01 kernel: [13848.473779] device tape94fe8fc-d6 entered promiscuous mode
Sep 29 21:58:10 gtw01 systemd-udevd[21913]: Could not generate persistent MAC address for tape94fe8fc-d6: No such file or directory
Sep 29 21:58:10 gtw01 dnsmasq[21686]: read /var/lib/neutron/dhcp/daec0656-e422-476c-a06f-1deaefc2c0c4/addn_hosts - 3 addresses
Sep 29 21:58:10 gtw01 dnsmasq-dhcp[21686]: read /var/lib/neutron/dhcp/daec0656-e422-476c-a06f-1deaefc2c0c4/host
Sep 29 21:58:10 gtw01 dnsmasq-dhcp[21686]: read /var/lib/neutron/dhcp/daec0656-e422-476c-a06f-1deaefc2c0c4/opts
Sep 29 21:58:10 gtw01 dnsmasq[21696]: read /var/lib/neutron/dhcp/2646df16-9569-44aa-8708-a9daf5272eb1/addn_hosts - 3 addresses
Sep 29 21:58:10 gtw01 dnsmasq-dhcp[21696]: read /var/lib/neutron/dhcp/2646df16-9569-44aa-8708-a9daf5272eb1/host
Sep 29 21:58:10 gtw01 dnsmasq-dhcp[21696]: read /var/lib/neutron/dhcp/2646df16-9569-44aa-8708-a9daf5272eb1/opts
Sep 29 21:58:10 gtw01 systemd-udevd[21998]: Process '/sbin/ip link set tape94fe8fc-d6 txqueuelen 10000' failed with exit code 1.
Sep 29 21:58:11 gtw01 dnsmasq[21451]: read /var/lib/neutron/dhcp/901204d0-9c7e-416d-8e15-34c418459a39/addn_hosts - 4 addresses
Sep 29 21:58:11 gtw01 dnsmasq-dhcp[21451]: read /var/lib/neutron/dhcp/901204d0-9c7e-416d-8e15-34c418459a39/host
Sep 29 21:58:11 gtw01 dnsmasq-dhcp[21451]: read /var/lib/neutron/dhcp/901204d0-9c7e-416d-8e15-34c418459a39/opts
Sep 29 21:58:12 gtw01 dnsmasq[21675]: read /var/lib/neutron/dhcp/a9dc1edc-9b94-4f73-b4b3-8cdcb6b17fc5/addn_hosts - 4 addresses
Sep 29 21:58:12 gtw01 dnsmasq-dhcp[21675]: read /var/lib/neutron/dhcp/a9dc1edc-9b94-4f73-b4b3-8cdcb6b17fc5/host
Sep 29 21:58:12 gtw01 dnsmasq-dhcp[21675]: read /var/lib/neutron/dhcp/a9dc1edc-9b94-4f73-b4b3-8cdcb6b17fc5/opts
Sep 29 21:58:12 gtw01 dnsmasq[21686]: read /var/lib/neutron/dhcp/daec0656-e422-476c-a06f-1deaefc2c0c4/addn_hosts - 4 addresses
Sep 29 21:58:12 gtw01 dnsmasq-dhcp[21686]: read /var/lib/neutron/dhcp/daec0656-e422-476c-a06f-1deaefc2c0c4/host
Sep 29 21:58:12 gtw01 dnsmasq-dhcp[21686]: read /var/lib/neutron/dhcp/daec0656-e422-476c-a06f-1deaefc2c0c4/opts
Sep 29 21:58:13 gtw01 dnsmasq[22110]: started, version 2.80 cachesize 150
Sep 29 21:58:13 gtw01 dnsmasq[22110]: DNS service limited to local subnets
Sep 29 21:58:13 gtw01 dnsmasq[22110]: compile time options: IPv6 GNU-getopt DBus i18n IDN DHCP DHCPv6 no-Lua TFTP conntrack ipset auth DNSSEC loop-detect inotify dumpfile
Sep 29 21:58:13 gtw01 dnsmasq[22110]: warning: no upstream servers configured
Sep 29 21:58:13 gtw01 dnsmasq-dhcp[22110]: DHCP, static leases only on 10.2.83.0, lease time 1h
Sep 29 21:58:13 gtw01 dnsmasq-dhcp[22110]: DHCP, static leases only on 10.2.84.0, lease time 1h
Sep 29 21:58:13 gtw01 dnsmasq[22110]: read /var/lib/neutron/dhcp/bd7306cd-1f24-4d6c-82ce-27a6e9480b5f/addn_hosts - 4 addresses
Sep 29 21:58:13 gtw01 dnsmasq-dhcp[22110]: read /var/lib/neutron/dhcp/bd7306cd-1f24-4d6c-82ce-27a6e9480b5f/host
Sep 29 21:58:13 gtw01 dnsmasq-dhcp[22110]: read /var/lib/neutron/dhcp/bd7306cd-1f24-4d6c-82ce-27a6e9480b5f/opts
Sep 29 21:58:13 gtw01 dnsmasq[21696]: read /var/lib/neutron/dhcp/2646df16-9569-44aa-8708-a9daf5272eb1/addn_hosts - 4 addresses
Sep 29 21:58:13 gtw01 dnsmasq-dhcp[21696]: read /var/lib/neutron/dhcp/2646df16-9569-44aa-8708-a9daf5272eb1/host
Sep 29 21:58:13 gtw01 dnsmasq-dhcp[21696]: read /var/lib/neutron/dhcp/2646df16-9569-44aa-8708-a9daf5272eb1/opts
Sep 29 21:58:14 gtw01 dnsmasq[21675]: read /var/lib/neutron/dhcp/a9dc1edc-9b94-4f73-b4b3-8cdcb6b17fc5/addn_hosts - 4 addresses
Sep 29 21:58:14 gtw01 dnsmasq-dhcp[21675]: read /var/lib/neutron/dhcp/a9dc1edc-9b94-4f73-b4b3-8cdcb6b17fc5/host
Sep 29 21:58:14 gtw01 dnsmasq-dhcp[21675]: read /var/lib/neutron/dhcp/a9dc1edc-9b94-4f73-b4b3-8cdcb6b17fc5/opts
Sep 29 21:58:15 gtw01 dnsmasq[22110]: read /var/lib/neutron/dhcp/bd7306cd-1f24-4d6c-82ce-27a6e9480b5f/addn_hosts - 4 addresses
Sep 29 21:58:15 gtw01 dnsmasq-dhcp[22110]: read /var/lib/neutron/dhcp/bd7306cd-1f24-4d6c-82ce-27a6e9480b5f/host
Sep 29 21:58:15 gtw01 dnsmasq-dhcp[22110]: read /var/lib/neutron/dhcp/bd7306cd-1f24-4d6c-82ce-27a6e9480b5f/opts
Sep 29 21:58:15 gtw01 kernel: [13853.433812] device tapa42594f0-6c entered promiscuous mode
Sep 29 21:58:15 gtw01 systemd-udevd[22189]: Could not generate persistent MAC address for tapa42594f0-6c: No such file or directory
Sep 29 21:58:15 gtw01 dnsmasq[21686]: read /var/lib/neutron/dhcp/daec0656-e422-476c-a06f-1deaefc2c0c4/addn_hosts - 4 addresses
Sep 29 21:58:15 gtw01 dnsmasq-dhcp[21686]: read /var/lib/neutron/dhcp/daec0656-e422-476c-a06f-1deaefc2c0c4/host
Sep 29 21:58:15 gtw01 dnsmasq-dhcp[21686]: read /var/lib/neutron/dhcp/daec0656-e422-476c-a06f-1deaefc2c0c4/opts
Sep 29 21:58:15 gtw01 dnsmasq[21696]: read /var/lib/neutron/dhcp/2646df16-9569-44aa-8708-a9daf5272eb1/addn_hosts - 4 addresses
Sep 29 21:58:15 gtw01 dnsmasq-dhcp[21696]: read /var/lib/neutron/dhcp/2646df16-9569-44aa-8708-a9daf5272eb1/host
Sep 29 21:58:15 gtw01 dnsmasq-dhcp[21696]: read /var/lib/neutron/dhcp/2646df16-9569-44aa-8708-a9daf5272eb1/opts
Sep 29 21:58:16 gtw01 systemd-udevd[22287]: Process '/sbin/ip link set tapa42594f0-6c txqueuelen 10000' failed with exit code 1.
Sep 29 21:58:17 gtw01 dnsmasq[21675]: read /var/lib/neutron/dhcp/a9dc1edc-9b94-4f73-b4b3-8cdcb6b17fc5/addn_hosts - 4 addresses
Sep 29 21:58:17 gtw01 dnsmasq-dhcp[21675]: read /var/lib/neutron/dhcp/a9dc1edc-9b94-4f73-b4b3-8cdcb6b17fc5/host
Sep 29 21:58:17 gtw01 dnsmasq-dhcp[21675]: read /var/lib/neutron/dhcp/a9dc1edc-9b94-4f73-b4b3-8cdcb6b17fc5/opts
Sep 29 21:58:18 gtw01 kernel: [13856.378298] device tap8547e6f2-91 entered promiscuous mode
Sep 29 21:58:18 gtw01 systemd-udevd[22393]: Could not generate persistent MAC address for tap8547e6f2-91: No such file or directory
Sep 29 21:58:18 gtw01 dnsmasq[22110]: read /var/lib/neutron/dhcp/bd7306cd-1f24-4d6c-82ce-27a6e9480b5f/addn_hosts - 4 addresses
Sep 29 21:58:18 gtw01 dnsmasq-dhcp[22110]: read /var/lib/neutron/dhcp/bd7306cd-1f24-4d6c-82ce-27a6e9480b5f/host
Sep 29 21:58:18 gtw01 dnsmasq-dhcp[22110]: read /var/lib/neutron/dhcp/bd7306cd-1f24-4d6c-82ce-27a6e9480b5f/opts
Sep 29 21:58:18 gtw01 kernel: [13856.822143] device tap584e6054-28 entered promiscuous mode
Sep 29 21:58:18 gtw01 systemd-udevd[22475]: Could not generate persistent MAC address for tap584e6054-28: No such file or directory
Sep 29 21:58:18 gtw01 dnsmasq[21686]: read /var/lib/neutron/dhcp/daec0656-e422-476c-a06f-1deaefc2c0c4/addn_hosts - 4 addresses
Sep 29 21:58:18 gtw01 dnsmasq-dhcp[21686]: read /var/lib/neutron/dhcp/daec0656-e422-476c-a06f-1deaefc2c0c4/host
Sep 29 21:58:18 gtw01 dnsmasq-dhcp[21686]: read /var/lib/neutron/dhcp/daec0656-e422-476c-a06f-1deaefc2c0c4/opts
Sep 29 21:58:19 gtw01 systemd-udevd[22554]: Process '/sbin/ip link set tap8547e6f2-91 txqueuelen 10000' failed with exit code 1.
Sep 29 21:58:19 gtw01 dnsmasq[21696]: read /var/lib/neutron/dhcp/2646df16-9569-44aa-8708-a9daf5272eb1/addn_hosts - 4 addresses
Sep 29 21:58:19 gtw01 dnsmasq-dhcp[21696]: read /var/lib/neutron/dhcp/2646df16-9569-44aa-8708-a9daf5272eb1/host
Sep 29 21:58:19 gtw01 dnsmasq-dhcp[21696]: read /var/lib/neutron/dhcp/2646df16-9569-44aa-8708-a9daf5272eb1/opts
Sep 29 21:58:19 gtw01 dnsmasq[22576]: started, version 2.80 cachesize 150
Sep 29 21:58:19 gtw01 dnsmasq[22576]: DNS service limited to local subnets
Sep 29 21:58:19 gtw01 dnsmasq[22576]: compile time options: IPv6 GNU-getopt DBus i18n IDN DHCP DHCPv6 no-Lua TFTP conntrack ipset auth DNSSEC loop-detect inotify dumpfile
Sep 29 21:58:19 gtw01 dnsmasq[22576]: warning: no upstream servers configured
Sep 29 21:58:19 gtw01 dnsmasq-dhcp[22576]: DHCP, static leases only on 10.2.85.0, lease time 1h
Sep 29 21:58:19 gtw01 dnsmasq[22576]: read /var/lib/neutron/dhcp/9d775206-ad06-482c-bc37-493f2b115fb7/addn_hosts - 1 addresses
Sep 29 21:58:19 gtw01 dnsmasq-dhcp[22576]: read /var/lib/neutron/dhcp/9d775206-ad06-482c-bc37-493f2b115fb7/host
Sep 29 21:58:19 gtw01 dnsmasq-dhcp[22576]: read /var/lib/neutron/dhcp/9d775206-ad06-482c-bc37-493f2b115fb7/opts
Sep 29 21:58:19 gtw01 systemd-udevd[22577]: Process '/sbin/ip link set tap584e6054-28 txqueuelen 10000' failed with exit code 1.
Sep 29 21:58:19 gtw01 haproxy-metadata-proxy-9d775206-ad06-482c-bc37-493f2b115fb7[22619]: Proxy listener started.
Sep 29 21:58:20 gtw01 dnsmasq[22110]: read /var/lib/neutron/dhcp/bd7306cd-1f24-4d6c-82ce-27a6e9480b5f/addn_hosts - 4 addresses
Sep 29 21:58:20 gtw01 dnsmasq-dhcp[22110]: read /var/lib/neutron/dhcp/bd7306cd-1f24-4d6c-82ce-27a6e9480b5f/host
Sep 29 21:58:20 gtw01 dnsmasq-dhcp[22110]: read /var/lib/neutron/dhcp/bd7306cd-1f24-4d6c-82ce-27a6e9480b5f/opts
Sep 29 21:58:22 gtw01 dnsmasq[22110]: read /var/lib/neutron/dhcp/bd7306cd-1f24-4d6c-82ce-27a6e9480b5f/addn_hosts - 4 addresses
Sep 29 21:58:22 gtw01 dnsmasq-dhcp[22110]: read /var/lib/neutron/dhcp/bd7306cd-1f24-4d6c-82ce-27a6e9480b5f/host
Sep 29 21:58:22 gtw01 dnsmasq-dhcp[22110]: read /var/lib/neutron/dhcp/bd7306cd-1f24-4d6c-82ce-27a6e9480b5f/opts
Sep 29 21:58:23 gtw01 dnsmasq[22785]: started, version 2.80 cachesize 150
Sep 29 21:58:23 gtw01 dnsmasq[22785]: DNS service limited to local subnets
Sep 29 21:58:23 gtw01 dnsmasq[22785]: compile time options: IPv6 GNU-getopt DBus i18n IDN DHCP DHCPv6 no-Lua TFTP conntrack ipset auth DNSSEC loop-detect inotify dumpfile
Sep 29 21:58:23 gtw01 dnsmasq[22785]: warning: no upstream servers configured
Sep 29 21:58:23 gtw01 dnsmasq-dhcp[22785]: DHCP, static leases only on 10.2.87.0, lease time 1h
Sep 29 21:58:23 gtw01 dnsmasq[22785]: read /var/lib/neutron/dhcp/a106abeb-eb30-4c52-aa5f-b3a04f389781/addn_hosts - 1 addresses
Sep 29 21:58:23 gtw01 dnsmasq-dhcp[22785]: read /var/lib/neutron/dhcp/a106abeb-eb30-4c52-aa5f-b3a04f389781/host
Sep 29 21:58:23 gtw01 dnsmasq-dhcp[22785]: read /var/lib/neutron/dhcp/a106abeb-eb30-4c52-aa5f-b3a04f389781/opts
Sep 29 21:58:24 gtw01 kernel: [13862.150148] device tap48dc481e-57 entered promiscuous mode
Sep 29 21:58:24 gtw01 systemd-udevd[22806]: Could not generate persistent MAC address for tap48dc481e-57: No such file or directory
Sep 29 21:58:24 gtw01 haproxy-metadata-proxy-a106abeb-eb30-4c52-aa5f-b3a04f389781[22874]: Proxy listener started.
Sep 29 21:58:24 gtw01 systemd-udevd[22877]: Process '/sbin/ip link set tap48dc481e-57 txqueuelen 10000' failed with exit code 1.
Sep 29 21:58:25 gtw01 dnsmasq[22110]: read /var/lib/neutron/dhcp/bd7306cd-1f24-4d6c-82ce-27a6e9480b5f/addn_hosts - 4 addresses
Sep 29 21:58:25 gtw01 dnsmasq-dhcp[22110]: read /var/lib/neutron/dhcp/bd7306cd-1f24-4d6c-82ce-27a6e9480b5f/host
Sep 29 21:58:25 gtw01 dnsmasq-dhcp[22110]: read /var/lib/neutron/dhcp/bd7306cd-1f24-4d6c-82ce-27a6e9480b5f/opts
Sep 29 21:58:25 gtw01 dnsmasq[22962]: started, version 2.80 cachesize 150
Sep 29 21:58:25 gtw01 dnsmasq[22962]: DNS service limited to local subnets
Sep 29 21:58:25 gtw01 dnsmasq[22962]: compile time options: IPv6 GNU-getopt DBus i18n IDN DHCP DHCPv6 no-Lua TFTP conntrack ipset auth DNSSEC loop-detect inotify dumpfile
Sep 29 21:58:25 gtw01 dnsmasq[22962]: warning: no upstream servers configured
Sep 29 21:58:25 gtw01 dnsmasq-dhcp[22962]: DHCP, static leases only on 10.2.88.0, lease time 1h
Sep 29 21:58:25 gtw01 dnsmasq[22962]: read /var/lib/neutron/dhcp/299035e4-1c1b-4caa-943d-0dbdcf5c1b7b/addn_hosts - 1 addresses
Sep 29 21:58:25 gtw01 dnsmasq-dhcp[22962]: read /var/lib/neutron/dhcp/299035e4-1c1b-4caa-943d-0dbdcf5c1b7b/host
Sep 29 21:58:25 gtw01 dnsmasq-dhcp[22962]: read /var/lib/neutron/dhcp/299035e4-1c1b-4caa-943d-0dbdcf5c1b7b/opts
Sep 29 21:58:26 gtw01 dnsmasq[22980]: started, version 2.80 cachesize 150
Sep 29 21:58:26 gtw01 dnsmasq[22980]: DNS service limited to local subnets
Sep 29 21:58:26 gtw01 dnsmasq[22980]: compile time options: IPv6 GNU-getopt DBus i18n IDN DHCP DHCPv6 no-Lua TFTP conntrack ipset auth DNSSEC loop-detect inotify dumpfile
Sep 29 21:58:26 gtw01 dnsmasq[22980]: warning: no upstream servers configured
Sep 29 21:58:26 gtw01 dnsmasq-dhcp[22980]: DHCP, static leases only on 10.2.89.0, lease time 1h
Sep 29 21:58:26 gtw01 dnsmasq[22980]: read /var/lib/neutron/dhcp/8aaed150-743e-461f-a1dc-a254802cdd32/addn_hosts - 1 addresses
Sep 29 21:58:26 gtw01 dnsmasq-dhcp[22980]: read /var/lib/neutron/dhcp/8aaed150-743e-461f-a1dc-a254802cdd32/host
Sep 29 21:58:26 gtw01 dnsmasq-dhcp[22980]: read /var/lib/neutron/dhcp/8aaed150-743e-461f-a1dc-a254802cdd32/opts
Sep 29 21:58:26 gtw01 haproxy-metadata-proxy-299035e4-1c1b-4caa-943d-0dbdcf5c1b7b[22988]: Proxy listener started.
Sep 29 21:58:26 gtw01 haproxy-metadata-proxy-8aaed150-743e-461f-a1dc-a254802cdd32[23008]: Proxy listener started.
Sep 29 21:58:27 gtw01 dnsmasq[22110]: read /var/lib/neutron/dhcp/bd7306cd-1f24-4d6c-82ce-27a6e9480b5f/addn_hosts - 4 addresses
Sep 29 21:58:27 gtw01 dnsmasq-dhcp[22110]: read /var/lib/neutron/dhcp/bd7306cd-1f24-4d6c-82ce-27a6e9480b5f/host
Sep 29 21:58:27 gtw01 dnsmasq-dhcp[22110]: read /var/lib/neutron/dhcp/bd7306cd-1f24-4d6c-82ce-27a6e9480b5f/opts
Sep 29 21:58:28 gtw01 dnsmasq[23081]: started, version 2.80 cachesize 150
Sep 29 21:58:28 gtw01 dnsmasq[23081]: DNS service limited to local subnets
Sep 29 21:58:28 gtw01 dnsmasq[23081]: compile time options: IPv6 GNU-getopt DBus i18n IDN DHCP DHCPv6 no-Lua TFTP conntrack ipset auth DNSSEC loop-detect inotify dumpfile
Sep 29 21:58:28 gtw01 dnsmasq[23081]: warning: no upstream servers configured
Sep 29 21:58:28 gtw01 dnsmasq-dhcp[23081]: DHCP, static leases only on 10.2.85.0, lease time 1h
Sep 29 21:58:28 gtw01 dnsmasq-dhcp[23081]: DHCP, static leases only on 10.2.86.0, lease time 1h
Sep 29 21:58:28 gtw01 dnsmasq[23081]: read /var/lib/neutron/dhcp/9d775206-ad06-482c-bc37-493f2b115fb7/addn_hosts - 4 addresses
Sep 29 21:58:28 gtw01 dnsmasq-dhcp[23081]: read /var/lib/neutron/dhcp/9d775206-ad06-482c-bc37-493f2b115fb7/host
Sep 29 21:58:28 gtw01 dnsmasq-dhcp[23081]: read /var/lib/neutron/dhcp/9d775206-ad06-482c-bc37-493f2b115fb7/opts
Sep 29 21:58:29 gtw01 dnsmasq[23081]: read /var/lib/neutron/dhcp/9d775206-ad06-482c-bc37-493f2b115fb7/addn_hosts - 4 addresses
Sep 29 21:58:29 gtw01 dnsmasq-dhcp[23081]: read /var/lib/neutron/dhcp/9d775206-ad06-482c-bc37-493f2b115fb7/host
Sep 29 21:58:29 gtw01 dnsmasq-dhcp[23081]: read /var/lib/neutron/dhcp/9d775206-ad06-482c-bc37-493f2b115fb7/opts
Sep 29 21:58:30 gtw01 dnsmasq[23175]: started, version 2.80 cachesize 150
Sep 29 21:58:30 gtw01 dnsmasq[23175]: DNS service limited to local subnets
Sep 29 21:58:30 gtw01 dnsmasq[23175]: compile time options: IPv6 GNU-getopt DBus i18n IDN DHCP DHCPv6 no-Lua TFTP conntrack ipset auth DNSSEC loop-detect inotify dumpfile
Sep 29 21:58:30 gtw01 dnsmasq[23175]: warning: no upstream servers configured
Sep 29 21:58:30 gtw01 dnsmasq-dhcp[23175]: DHCP, static leases only on 10.2.93.0, lease time 1h
Sep 29 21:58:30 gtw01 dnsmasq-dhcp[23175]: DHCP, static leases only on 10.2.94.0, lease time 1h
Sep 29 21:58:30 gtw01 dnsmasq[23175]: read /var/lib/neutron/dhcp/3f1d9a2c-037f-4c89-b6d6-9dd38e3b0316/addn_hosts - 3 addresses
Sep 29 21:58:30 gtw01 dnsmasq-dhcp[23175]: read /var/lib/neutron/dhcp/3f1d9a2c-037f-4c89-b6d6-9dd38e3b0316/host
Sep 29 21:58:30 gtw01 dnsmasq-dhcp[23175]: read /var/lib/neutron/dhcp/3f1d9a2c-037f-4c89-b6d6-9dd38e3b0316/opts
Sep 29 21:58:30 gtw01 haproxy-metadata-proxy-3f1d9a2c-037f-4c89-b6d6-9dd38e3b0316[23191]: Proxy listener started.
Sep 29 21:58:31 gtw01 dnsmasq[23206]: started, version 2.80 cachesize 150
Sep 29 21:58:31 gtw01 dnsmasq[23206]: DNS service limited to local subnets
Sep 29 21:58:31 gtw01 dnsmasq[23206]: compile time options: IPv6 GNU-getopt DBus i18n IDN DHCP DHCPv6 no-Lua TFTP conntrack ipset auth DNSSEC loop-detect inotify dumpfile
Sep 29 21:58:31 gtw01 dnsmasq[23206]: warning: no upstream servers configured
Sep 29 21:58:31 gtw01 dnsmasq-dhcp[23206]: DHCP, static leases only on 10.2.87.0, lease time 1h
Sep 29 21:58:31 gtw01 dnsmasq-dhcp[23206]: DHCP, static leases only on 10.2.90.0, lease time 1h
Sep 29 21:58:31 gtw01 dnsmasq[23206]: read /var/lib/neutron/dhcp/a106abeb-eb30-4c52-aa5f-b3a04f389781/addn_hosts - 4 addresses
Sep 29 21:58:31 gtw01 dnsmasq-dhcp[23206]: read /var/lib/neutron/dhcp/a106abeb-eb30-4c52-aa5f-b3a04f389781/host
Sep 29 21:58:31 gtw01 dnsmasq-dhcp[23206]: read /var/lib/neutron/dhcp/a106abeb-eb30-4c52-aa5f-b3a04f389781/opts
Sep 29 21:58:31 gtw01 dnsmasq[23081]: read /var/lib/neutron/dhcp/9d775206-ad06-482c-bc37-493f2b115fb7/addn_hosts - 4 addresses
Sep 29 21:58:31 gtw01 dnsmasq-dhcp[23081]: read /var/lib/neutron/dhcp/9d775206-ad06-482c-bc37-493f2b115fb7/host
Sep 29 21:58:31 gtw01 dnsmasq-dhcp[23081]: read /var/lib/neutron/dhcp/9d775206-ad06-482c-bc37-493f2b115fb7/opts
Sep 29 21:58:32 gtw01 dnsmasq[23175]: read /var/lib/neutron/dhcp/3f1d9a2c-037f-4c89-b6d6-9dd38e3b0316/addn_hosts - 4 addresses
Sep 29 21:58:32 gtw01 dnsmasq-dhcp[23175]: read /var/lib/neutron/dhcp/3f1d9a2c-037f-4c89-b6d6-9dd38e3b0316/host
Sep 29 21:58:32 gtw01 dnsmasq-dhcp[23175]: read /var/lib/neutron/dhcp/3f1d9a2c-037f-4c89-b6d6-9dd38e3b0316/opts
Sep 29 21:58:32 gtw01 dnsmasq[23206]: read /var/lib/neutron/dhcp/a106abeb-eb30-4c52-aa5f-b3a04f389781/addn_hosts - 4 addresses
Sep 29 21:58:32 gtw01 dnsmasq-dhcp[23206]: read /var/lib/neutron/dhcp/a106abeb-eb30-4c52-aa5f-b3a04f389781/host
Sep 29 21:58:32 gtw01 dnsmasq-dhcp[23206]: read /var/lib/neutron/dhcp/a106abeb-eb30-4c52-aa5f-b3a04f389781/opts
Sep 29 21:58:32 gtw01 dnsmasq[23257]: started, version 2.80 cachesize 150
Sep 29 21:58:32 gtw01 dnsmasq[23257]: DNS service limited to local subnets
Sep 29 21:58:32 gtw01 dnsmasq[23257]: compile time options: IPv6 GNU-getopt DBus i18n IDN DHCP DHCPv6 no-Lua TFTP conntrack ipset auth DNSSEC loop-detect inotify dumpfile
Sep 29 21:58:32 gtw01 dnsmasq[23257]: warning: no upstream servers configured
Sep 29 21:58:32 gtw01 dnsmasq-dhcp[23257]: DHCP, static leases only on 10.2.91.0, lease time 1h
Sep 29 21:58:32 gtw01 dnsmasq-dhcp[23257]: DHCP, static leases only on 10.2.88.0, lease time 1h
Sep 29 21:58:32 gtw01 dnsmasq[23257]: read /var/lib/neutron/dhcp/299035e4-1c1b-4caa-943d-0dbdcf5c1b7b/addn_hosts - 4 addresses
Sep 29 21:58:32 gtw01 dnsmasq-dhcp[23257]: read /var/lib/neutron/dhcp/299035e4-1c1b-4caa-943d-0dbdcf5c1b7b/host
Sep 29 21:58:32 gtw01 dnsmasq-dhcp[23257]: read /var/lib/neutron/dhcp/299035e4-1c1b-4caa-943d-0dbdcf5c1b7b/opts
Sep 29 21:58:33 gtw01 dnsmasq[23081]: read /var/lib/neutron/dhcp/9d775206-ad06-482c-bc37-493f2b115fb7/addn_hosts - 4 addresses
Sep 29 21:58:33 gtw01 dnsmasq-dhcp[23081]: read /var/lib/neutron/dhcp/9d775206-ad06-482c-bc37-493f2b115fb7/host
Sep 29 21:58:33 gtw01 dnsmasq-dhcp[23081]: read /var/lib/neutron/dhcp/9d775206-ad06-482c-bc37-493f2b115fb7/opts
Sep 29 21:58:33 gtw01 dnsmasq[23257]: read /var/lib/neutron/dhcp/299035e4-1c1b-4caa-943d-0dbdcf5c1b7b/addn_hosts - 4 addresses
Sep 29 21:58:33 gtw01 dnsmasq-dhcp[23257]: read /var/lib/neutron/dhcp/299035e4-1c1b-4caa-943d-0dbdcf5c1b7b/host
Sep 29 21:58:33 gtw01 dnsmasq-dhcp[23257]: read /var/lib/neutron/dhcp/299035e4-1c1b-4caa-943d-0dbdcf5c1b7b/opts
Sep 29 21:58:34 gtw01 dnsmasq[23315]: started, version 2.80 cachesize 150
Sep 29 21:58:34 gtw01 dnsmasq[23315]: DNS service limited to local subnets
Sep 29 21:58:34 gtw01 dnsmasq[23315]: compile time options: IPv6 GNU-getopt DBus i18n IDN DHCP DHCPv6 no-Lua TFTP conntrack ipset auth DNSSEC loop-detect inotify dumpfile
Sep 29 21:58:34 gtw01 dnsmasq[23315]: warning: no upstream servers configured
Sep 29 21:58:34 gtw01 dnsmasq-dhcp[23315]: DHCP, static leases only on 10.2.89.0, lease time 1h
Sep 29 21:58:34 gtw01 dnsmasq-dhcp[23315]: DHCP, static leases only on 10.2.92.0, lease time 1h
Sep 29 21:58:34 gtw01 dnsmasq[23315]: read /var/lib/neutron/dhcp/8aaed150-743e-461f-a1dc-a254802cdd32/addn_hosts - 4 addresses
Sep 29 21:58:34 gtw01 dnsmasq-dhcp[23315]: read /var/lib/neutron/dhcp/8aaed150-743e-461f-a1dc-a254802cdd32/host
Sep 29 21:58:34 gtw01 dnsmasq-dhcp[23315]: read /var/lib/neutron/dhcp/8aaed150-743e-461f-a1dc-a254802cdd32/opts
Sep 29 21:58:34 gtw01 dnsmasq[23175]: read /var/lib/neutron/dhcp/3f1d9a2c-037f-4c89-b6d6-9dd38e3b0316/addn_hosts - 4 addresses
Sep 29 21:58:34 gtw01 dnsmasq-dhcp[23175]: read /var/lib/neutron/dhcp/3f1d9a2c-037f-4c89-b6d6-9dd38e3b0316/host
Sep 29 21:58:34 gtw01 dnsmasq-dhcp[23175]: read /var/lib/neutron/dhcp/3f1d9a2c-037f-4c89-b6d6-9dd38e3b0316/opts
Sep 29 21:58:34 gtw01 dnsmasq[23206]: read /var/lib/neutron/dhcp/a106abeb-eb30-4c52-aa5f-b3a04f389781/addn_hosts - 4 addresses
Sep 29 21:58:34 gtw01 dnsmasq-dhcp[23206]: read /var/lib/neutron/dhcp/a106abeb-eb30-4c52-aa5f-b3a04f389781/host
Sep 29 21:58:34 gtw01 dnsmasq-dhcp[23206]: read /var/lib/neutron/dhcp/a106abeb-eb30-4c52-aa5f-b3a04f389781/opts
Sep 29 21:58:35 gtw01 dnsmasq[23315]: read /var/lib/neutron/dhcp/8aaed150-743e-461f-a1dc-a254802cdd32/addn_hosts - 4 addresses
Sep 29 21:58:35 gtw01 dnsmasq-dhcp[23315]: read /var/lib/neutron/dhcp/8aaed150-743e-461f-a1dc-a254802cdd32/host
Sep 29 21:58:35 gtw01 dnsmasq-dhcp[23315]: read /var/lib/neutron/dhcp/8aaed150-743e-461f-a1dc-a254802cdd32/opts
Sep 29 21:58:35 gtw01 dnsmasq[23081]: read /var/lib/neutron/dhcp/9d775206-ad06-482c-bc37-493f2b115fb7/addn_hosts - 4 addresses
Sep 29 21:58:35 gtw01 dnsmasq-dhcp[23081]: read /var/lib/neutron/dhcp/9d775206-ad06-482c-bc37-493f2b115fb7/host
Sep 29 21:58:35 gtw01 dnsmasq-dhcp[23081]: read /var/lib/neutron/dhcp/9d775206-ad06-482c-bc37-493f2b115fb7/opts
Sep 29 21:58:35 gtw01 dnsmasq[23257]: read /var/lib/neutron/dhcp/299035e4-1c1b-4caa-943d-0dbdcf5c1b7b/addn_hosts - 4 addresses
Sep 29 21:58:35 gtw01 dnsmasq-dhcp[23257]: read /var/lib/neutron/dhcp/299035e4-1c1b-4caa-943d-0dbdcf5c1b7b/host
Sep 29 21:58:35 gtw01 dnsmasq-dhcp[23257]: read /var/lib/neutron/dhcp/299035e4-1c1b-4caa-943d-0dbdcf5c1b7b/opts
Sep 29 21:58:36 gtw01 dnsmasq[23175]: read /var/lib/neutron/dhcp/3f1d9a2c-037f-4c89-b6d6-9dd38e3b0316/addn_hosts - 4 addresses
Sep 29 21:58:36 gtw01 dnsmasq-dhcp[23175]: read /var/lib/neutron/dhcp/3f1d9a2c-037f-4c89-b6d6-9dd38e3b0316/host
Sep 29 21:58:36 gtw01 dnsmasq-dhcp[23175]: read /var/lib/neutron/dhcp/3f1d9a2c-037f-4c89-b6d6-9dd38e3b0316/opts
Sep 29 21:58:36 gtw01 dnsmasq[23206]: read /var/lib/neutron/dhcp/a106abeb-eb30-4c52-aa5f-b3a04f389781/addn_hosts - 4 addresses
Sep 29 21:58:36 gtw01 dnsmasq-dhcp[23206]: read /var/lib/neutron/dhcp/a106abeb-eb30-4c52-aa5f-b3a04f389781/host
Sep 29 21:58:36 gtw01 dnsmasq-dhcp[23206]: read /var/lib/neutron/dhcp/a106abeb-eb30-4c52-aa5f-b3a04f389781/opts
Sep 29 21:58:37 gtw01 dnsmasq[23315]: read /var/lib/neutron/dhcp/8aaed150-743e-461f-a1dc-a254802cdd32/addn_hosts - 4 addresses
Sep 29 21:58:37 gtw01 dnsmasq-dhcp[23315]: read /var/lib/neutron/dhcp/8aaed150-743e-461f-a1dc-a254802cdd32/host
Sep 29 21:58:37 gtw01 dnsmasq-dhcp[23315]: read /var/lib/neutron/dhcp/8aaed150-743e-461f-a1dc-a254802cdd32/opts
Sep 29 21:58:37 gtw01 dnsmasq[23081]: read /var/lib/neutron/dhcp/9d775206-ad06-482c-bc37-493f2b115fb7/addn_hosts - 4 addresses
Sep 29 21:58:37 gtw01 dnsmasq-dhcp[23081]: read /var/lib/neutron/dhcp/9d775206-ad06-482c-bc37-493f2b115fb7/host
Sep 29 21:58:37 gtw01 dnsmasq-dhcp[23081]: read /var/lib/neutron/dhcp/9d775206-ad06-482c-bc37-493f2b115fb7/opts
Sep 29 21:58:37 gtw01 dnsmasq[23257]: read /var/lib/neutron/dhcp/299035e4-1c1b-4caa-943d-0dbdcf5c1b7b/addn_hosts - 4 addresses
Sep 29 21:58:37 gtw01 dnsmasq-dhcp[23257]: read /var/lib/neutron/dhcp/299035e4-1c1b-4caa-943d-0dbdcf5c1b7b/host
Sep 29 21:58:37 gtw01 dnsmasq-dhcp[23257]: read /var/lib/neutron/dhcp/299035e4-1c1b-4caa-943d-0dbdcf5c1b7b/opts
Sep 29 21:58:38 gtw01 dnsmasq[23206]: read /var/lib/neutron/dhcp/a106abeb-eb30-4c52-aa5f-b3a04f389781/addn_hosts - 4 addresses
Sep 29 21:58:38 gtw01 dnsmasq-dhcp[23206]: read /var/lib/neutron/dhcp/a106abeb-eb30-4c52-aa5f-b3a04f389781/host
Sep 29 21:58:38 gtw01 dnsmasq-dhcp[23206]: read /var/lib/neutron/dhcp/a106abeb-eb30-4c52-aa5f-b3a04f389781/opts
Sep 29 21:58:38 gtw01 dnsmasq[23175]: read /var/lib/neutron/dhcp/3f1d9a2c-037f-4c89-b6d6-9dd38e3b0316/addn_hosts - 4 addresses
Sep 29 21:58:38 gtw01 dnsmasq-dhcp[23175]: read /var/lib/neutron/dhcp/3f1d9a2c-037f-4c89-b6d6-9dd38e3b0316/host
Sep 29 21:58:38 gtw01 dnsmasq-dhcp[23175]: read /var/lib/neutron/dhcp/3f1d9a2c-037f-4c89-b6d6-9dd38e3b0316/opts
Sep 29 21:58:39 gtw01 dnsmasq[23315]: read /var/lib/neutron/dhcp/8aaed150-743e-461f-a1dc-a254802cdd32/addn_hosts - 4 addresses
Sep 29 21:58:39 gtw01 dnsmasq-dhcp[23315]: read /var/lib/neutron/dhcp/8aaed150-743e-461f-a1dc-a254802cdd32/host
Sep 29 21:58:39 gtw01 dnsmasq-dhcp[23315]: read /var/lib/neutron/dhcp/8aaed150-743e-461f-a1dc-a254802cdd32/opts
Sep 29 21:58:39 gtw01 dnsmasq[23081]: read /var/lib/neutron/dhcp/9d775206-ad06-482c-bc37-493f2b115fb7/addn_hosts - 4 addresses
Sep 29 21:58:39 gtw01 dnsmasq-dhcp[23081]: read /var/lib/neutron/dhcp/9d775206-ad06-482c-bc37-493f2b115fb7/host
Sep 29 21:58:39 gtw01 dnsmasq-dhcp[23081]: read /var/lib/neutron/dhcp/9d775206-ad06-482c-bc37-493f2b115fb7/opts
Sep 29 21:58:39 gtw01 dnsmasq[23257]: read /var/lib/neutron/dhcp/299035e4-1c1b-4caa-943d-0dbdcf5c1b7b/addn_hosts - 4 addresses
Sep 29 21:58:39 gtw01 dnsmasq-dhcp[23257]: read /var/lib/neutron/dhcp/299035e4-1c1b-4caa-943d-0dbdcf5c1b7b/host
Sep 29 21:58:39 gtw01 dnsmasq-dhcp[23257]: read /var/lib/neutron/dhcp/299035e4-1c1b-4caa-943d-0dbdcf5c1b7b/opts
Sep 29 21:58:40 gtw01 dnsmasq[23175]: read /var/lib/neutron/dhcp/3f1d9a2c-037f-4c89-b6d6-9dd38e3b0316/addn_hosts - 4 addresses
Sep 29 21:58:40 gtw01 dnsmasq-dhcp[23175]: read /var/lib/neutron/dhcp/3f1d9a2c-037f-4c89-b6d6-9dd38e3b0316/host
Sep 29 21:58:40 gtw01 dnsmasq-dhcp[23175]: read /var/lib/neutron/dhcp/3f1d9a2c-037f-4c89-b6d6-9dd38e3b0316/opts
Sep 29 21:58:40 gtw01 dnsmasq[23315]: read /var/lib/neutron/dhcp/8aaed150-743e-461f-a1dc-a254802cdd32/addn_hosts - 4 addresses
Sep 29 21:58:40 gtw01 dnsmasq-dhcp[23315]: read /var/lib/neutron/dhcp/8aaed150-743e-461f-a1dc-a254802cdd32/host
Sep 29 21:58:40 gtw01 dnsmasq-dhcp[23315]: read /var/lib/neutron/dhcp/8aaed150-743e-461f-a1dc-a254802cdd32/opts
Sep 29 21:58:41 gtw01 dnsmasq[23206]: read /var/lib/neutron/dhcp/a106abeb-eb30-4c52-aa5f-b3a04f389781/addn_hosts - 4 addresses
Sep 29 21:58:41 gtw01 dnsmasq-dhcp[23206]: read /var/lib/neutron/dhcp/a106abeb-eb30-4c52-aa5f-b3a04f389781/host
Sep 29 21:58:41 gtw01 dnsmasq-dhcp[23206]: read /var/lib/neutron/dhcp/a106abeb-eb30-4c52-aa5f-b3a04f389781/opts
Sep 29 21:58:41 gtw01 dnsmasq[23257]: read /var/lib/neutron/dhcp/299035e4-1c1b-4caa-943d-0dbdcf5c1b7b/addn_hosts - 4 addresses
Sep 29 21:58:41 gtw01 dnsmasq-dhcp[23257]: read /var/lib/neutron/dhcp/299035e4-1c1b-4caa-943d-0dbdcf5c1b7b/host
Sep 29 21:58:41 gtw01 dnsmasq-dhcp[23257]: read /var/lib/neutron/dhcp/299035e4-1c1b-4caa-943d-0dbdcf5c1b7b/opts
Sep 29 21:58:42 gtw01 dnsmasq[23175]: read /var/lib/neutron/dhcp/3f1d9a2c-037f-4c89-b6d6-9dd38e3b0316/addn_hosts - 4 addresses
Sep 29 21:58:42 gtw01 dnsmasq-dhcp[23175]: read /var/lib/neutron/dhcp/3f1d9a2c-037f-4c89-b6d6-9dd38e3b0316/host
Sep 29 21:58:42 gtw01 dnsmasq-dhcp[23175]: read /var/lib/neutron/dhcp/3f1d9a2c-037f-4c89-b6d6-9dd38e3b0316/opts
Sep 29 21:58:42 gtw01 dnsmasq[23315]: read /var/lib/neutron/dhcp/8aaed150-743e-461f-a1dc-a254802cdd32/addn_hosts - 4 addresses
Sep 29 21:58:42 gtw01 dnsmasq-dhcp[23315]: read /var/lib/neutron/dhcp/8aaed150-743e-461f-a1dc-a254802cdd32/host
Sep 29 21:58:42 gtw01 dnsmasq-dhcp[23315]: read /var/lib/neutron/dhcp/8aaed150-743e-461f-a1dc-a254802cdd32/opts
Sep 29 21:58:43 gtw01 dnsmasq[23206]: read /var/lib/neutron/dhcp/a106abeb-eb30-4c52-aa5f-b3a04f389781/addn_hosts - 4 addresses
Sep 29 21:58:43 gtw01 dnsmasq-dhcp[23206]: read /var/lib/neutron/dhcp/a106abeb-eb30-4c52-aa5f-b3a04f389781/host
Sep 29 21:58:43 gtw01 dnsmasq-dhcp[23206]: read /var/lib/neutron/dhcp/a106abeb-eb30-4c52-aa5f-b3a04f389781/opts
Sep 29 21:58:43 gtw01 dnsmasq-dhcp[21696]: DHCPRELEASE(tap1db22b7c-a6) 10.2.79.1 fa:16:3e:58:42:98
Sep 29 21:58:43 gtw01 dnsmasq[23257]: read /var/lib/neutron/dhcp/299035e4-1c1b-4caa-943d-0dbdcf5c1b7b/addn_hosts - 4 addresses
Sep 29 21:58:43 gtw01 dnsmasq-dhcp[23257]: read /var/lib/neutron/dhcp/299035e4-1c1b-4caa-943d-0dbdcf5c1b7b/host
Sep 29 21:58:43 gtw01 dnsmasq-dhcp[23257]: read /var/lib/neutron/dhcp/299035e4-1c1b-4caa-943d-0dbdcf5c1b7b/opts
Sep 29 21:58:43 gtw01 dnsmasq[23175]: read /var/lib/neutron/dhcp/3f1d9a2c-037f-4c89-b6d6-9dd38e3b0316/addn_hosts - 4 addresses
Sep 29 21:58:43 gtw01 dnsmasq-dhcp[23175]: read /var/lib/neutron/dhcp/3f1d9a2c-037f-4c89-b6d6-9dd38e3b0316/host
Sep 29 21:58:43 gtw01 dnsmasq-dhcp[23175]: read /var/lib/neutron/dhcp/3f1d9a2c-037f-4c89-b6d6-9dd38e3b0316/opts
Sep 29 21:58:44 gtw01 dnsmasq[23315]: read /var/lib/neutron/dhcp/8aaed150-743e-461f-a1dc-a254802cdd32/addn_hosts - 4 addresses
Sep 29 21:58:44 gtw01 dnsmasq-dhcp[23315]: read /var/lib/neutron/dhcp/8aaed150-743e-461f-a1dc-a254802cdd32/host
Sep 29 21:58:44 gtw01 dnsmasq-dhcp[23315]: read /var/lib/neutron/dhcp/8aaed150-743e-461f-a1dc-a254802cdd32/opts
Sep 29 21:58:44 gtw01 dnsmasq[21696]: read /var/lib/neutron/dhcp/2646df16-9569-44aa-8708-a9daf5272eb1/addn_hosts - 3 addresses
Sep 29 21:58:44 gtw01 dnsmasq-dhcp[21696]: read /var/lib/neutron/dhcp/2646df16-9569-44aa-8708-a9daf5272eb1/host
Sep 29 21:58:44 gtw01 dnsmasq-dhcp[21696]: read /var/lib/neutron/dhcp/2646df16-9569-44aa-8708-a9daf5272eb1/opts
Sep 29 21:58:44 gtw01 dnsmasq-dhcp[21686]: DHCPRELEASE(tap39635035-24) 10.2.77.1 fa:16:3e:b8:b8:c2
Sep 29 21:58:45 gtw01 dnsmasq-dhcp[23257]: DHCPRELEASE(tap8547e6f2-91) 10.2.91.1 fa:16:3e:53:34:84
Sep 29 21:58:45 gtw01 dnsmasq[23175]: read /var/lib/neutron/dhcp/3f1d9a2c-037f-4c89-b6d6-9dd38e3b0316/addn_hosts - 4 addresses
Sep 29 21:58:45 gtw01 dnsmasq-dhcp[23175]: read /var/lib/neutron/dhcp/3f1d9a2c-037f-4c89-b6d6-9dd38e3b0316/host
Sep 29 21:58:45 gtw01 dnsmasq-dhcp[23175]: read /var/lib/neutron/dhcp/3f1d9a2c-037f-4c89-b6d6-9dd38e3b0316/opts
Sep 29 21:58:45 gtw01 dnsmasq[21686]: read /var/lib/neutron/dhcp/daec0656-e422-476c-a06f-1deaefc2c0c4/addn_hosts - 3 addresses
Sep 29 21:58:45 gtw01 dnsmasq-dhcp[21686]: read /var/lib/neutron/dhcp/daec0656-e422-476c-a06f-1deaefc2c0c4/host
Sep 29 21:58:45 gtw01 dnsmasq-dhcp[21686]: read /var/lib/neutron/dhcp/daec0656-e422-476c-a06f-1deaefc2c0c4/opts
Sep 29 21:58:46 gtw01 dnsmasq[21696]: read /var/lib/neutron/dhcp/2646df16-9569-44aa-8708-a9daf5272eb1/addn_hosts - 2 addresses
Sep 29 21:58:46 gtw01 dnsmasq-dhcp[21696]: read /var/lib/neutron/dhcp/2646df16-9569-44aa-8708-a9daf5272eb1/host
Sep 29 21:58:46 gtw01 dnsmasq-dhcp[21696]: read /var/lib/neutron/dhcp/2646df16-9569-44aa-8708-a9daf5272eb1/opts
Sep 29 21:58:46 gtw01 dnsmasq[23257]: read /var/lib/neutron/dhcp/299035e4-1c1b-4caa-943d-0dbdcf5c1b7b/addn_hosts - 3 addresses
Sep 29 21:58:46 gtw01 dnsmasq-dhcp[23257]: read /var/lib/neutron/dhcp/299035e4-1c1b-4caa-943d-0dbdcf5c1b7b/host
Sep 29 21:58:46 gtw01 dnsmasq-dhcp[23257]: read /var/lib/neutron/dhcp/299035e4-1c1b-4caa-943d-0dbdcf5c1b7b/opts
Sep 29 21:58:47 gtw01 dnsmasq-dhcp[22110]: DHCPRELEASE(tap30210181-7a) 10.2.84.1 fa:16:3e:8e:20:76
Sep 29 21:58:47 gtw01 dnsmasq[21675]: read /var/lib/neutron/dhcp/a9dc1edc-9b94-4f73-b4b3-8cdcb6b17fc5/addn_hosts - 3 addresses
Sep 29 21:58:47 gtw01 dnsmasq-dhcp[21675]: read /var/lib/neutron/dhcp/a9dc1edc-9b94-4f73-b4b3-8cdcb6b17fc5/host
Sep 29 21:58:47 gtw01 dnsmasq-dhcp[21675]: read /var/lib/neutron/dhcp/a9dc1edc-9b94-4f73-b4b3-8cdcb6b17fc5/opts
Sep 29 21:58:47 gtw01 dnsmasq-dhcp[23315]: DHCPRELEASE(tap584e6054-28) 10.2.92.1 fa:16:3e:af:48:a1
Sep 29 21:58:47 gtw01 dnsmasq-dhcp[23081]: DHCPRELEASE(tape94fe8fc-d6) 10.2.86.1 fa:16:3e:8c:ff:8e
Sep 29 21:58:47 gtw01 dnsmasq-dhcp[23206]: DHCPRELEASE(tapa42594f0-6c) 10.2.87.1 fa:16:3e:0a:d9:f3
Sep 29 21:58:48 gtw01 dnsmasq[22110]: read /var/lib/neutron/dhcp/bd7306cd-1f24-4d6c-82ce-27a6e9480b5f/addn_hosts - 3 addresses
Sep 29 21:58:48 gtw01 dnsmasq-dhcp[22110]: read /var/lib/neutron/dhcp/bd7306cd-1f24-4d6c-82ce-27a6e9480b5f/host
Sep 29 21:58:48 gtw01 dnsmasq-dhcp[22110]: read /var/lib/neutron/dhcp/bd7306cd-1f24-4d6c-82ce-27a6e9480b5f/opts
Sep 29 21:58:48 gtw01 dnsmasq-dhcp[21451]: DHCPRELEASE(tap5f494e0e-54) 10.2.78.1 fa:16:3e:c9:9d:17
Sep 29 21:58:48 gtw01 dnsmasq-dhcp[23257]: DHCPRELEASE(tap8547e6f2-91) 10.2.88.1 fa:16:3e:8f:fc:46
Sep 29 21:58:48 gtw01 dnsmasq-dhcp[21675]: DHCPRELEASE(tap2a245bb9-53) 10.2.76.1 fa:16:3e:73:9e:8f
Sep 29 21:58:48 gtw01 dnsmasq[23315]: read /var/lib/neutron/dhcp/8aaed150-743e-461f-a1dc-a254802cdd32/addn_hosts - 3 addresses
Sep 29 21:58:48 gtw01 dnsmasq-dhcp[23315]: read /var/lib/neutron/dhcp/8aaed150-743e-461f-a1dc-a254802cdd32/host
Sep 29 21:58:48 gtw01 dnsmasq-dhcp[23315]: read /var/lib/neutron/dhcp/8aaed150-743e-461f-a1dc-a254802cdd32/opts
Sep 29 21:58:49 gtw01 dnsmasq[23081]: read /var/lib/neutron/dhcp/9d775206-ad06-482c-bc37-493f2b115fb7/addn_hosts - 3 addresses
Sep 29 21:58:49 gtw01 dnsmasq-dhcp[23081]: read /var/lib/neutron/dhcp/9d775206-ad06-482c-bc37-493f2b115fb7/host
Sep 29 21:58:49 gtw01 dnsmasq-dhcp[23081]: read /var/lib/neutron/dhcp/9d775206-ad06-482c-bc37-493f2b115fb7/opts
Sep 29 21:58:49 gtw01 dnsmasq[23206]: read /var/lib/neutron/dhcp/a106abeb-eb30-4c52-aa5f-b3a04f389781/addn_hosts - 3 addresses
Sep 29 21:58:49 gtw01 dnsmasq-dhcp[23206]: read /var/lib/neutron/dhcp/a106abeb-eb30-4c52-aa5f-b3a04f389781/host
Sep 29 21:58:49 gtw01 dnsmasq-dhcp[23206]: read /var/lib/neutron/dhcp/a106abeb-eb30-4c52-aa5f-b3a04f389781/opts
Sep 29 21:58:49 gtw01 dnsmasq-dhcp[23175]: DHCPRELEASE(tap48dc481e-57) 10.2.93.1 fa:16:3e:72:6c:1a
Sep 29 21:58:50 gtw01 dnsmasq[21451]: read /var/lib/neutron/dhcp/901204d0-9c7e-416d-8e15-34c418459a39/addn_hosts - 3 addresses
Sep 29 21:58:50 gtw01 dnsmasq-dhcp[21451]: read /var/lib/neutron/dhcp/901204d0-9c7e-416d-8e15-34c418459a39/host
Sep 29 21:58:50 gtw01 dnsmasq-dhcp[21451]: read /var/lib/neutron/dhcp/901204d0-9c7e-416d-8e15-34c418459a39/opts
Sep 29 21:58:50 gtw01 dnsmasq[21675]: read /var/lib/neutron/dhcp/a9dc1edc-9b94-4f73-b4b3-8cdcb6b17fc5/addn_hosts - 2 addresses
Sep 29 21:58:50 gtw01 dnsmasq-dhcp[21675]: read /var/lib/neutron/dhcp/a9dc1edc-9b94-4f73-b4b3-8cdcb6b17fc5/host
Sep 29 21:58:50 gtw01 dnsmasq-dhcp[21675]: read /var/lib/neutron/dhcp/a9dc1edc-9b94-4f73-b4b3-8cdcb6b17fc5/opts
Sep 29 21:58:50 gtw01 dnsmasq[23257]: read /var/lib/neutron/dhcp/299035e4-1c1b-4caa-943d-0dbdcf5c1b7b/addn_hosts - 2 addresses
Sep 29 21:58:50 gtw01 dnsmasq-dhcp[23257]: read /var/lib/neutron/dhcp/299035e4-1c1b-4caa-943d-0dbdcf5c1b7b/host
Sep 29 21:58:50 gtw01 dnsmasq-dhcp[23257]: read /var/lib/neutron/dhcp/299035e4-1c1b-4caa-943d-0dbdcf5c1b7b/opts
Sep 29 21:58:50 gtw01 dnsmasq[23175]: read /var/lib/neutron/dhcp/3f1d9a2c-037f-4c89-b6d6-9dd38e3b0316/addn_hosts - 3 addresses
Sep 29 21:58:50 gtw01 dnsmasq-dhcp[23175]: read /var/lib/neutron/dhcp/3f1d9a2c-037f-4c89-b6d6-9dd38e3b0316/host
Sep 29 21:58:50 gtw01 dnsmasq-dhcp[23175]: read /var/lib/neutron/dhcp/3f1d9a2c-037f-4c89-b6d6-9dd38e3b0316/opts
Sep 29 21:58:51 gtw01 dnsmasq-dhcp[22110]: DHCPRELEASE(tap30210181-7a) 10.2.83.1 fa:16:3e:47:20:46
Sep 29 21:58:51 gtw01 dnsmasq[21686]: read /var/lib/neutron/dhcp/daec0656-e422-476c-a06f-1deaefc2c0c4/addn_hosts - 2 addresses
Sep 29 21:58:51 gtw01 dnsmasq-dhcp[21686]: read /var/lib/neutron/dhcp/daec0656-e422-476c-a06f-1deaefc2c0c4/host
Sep 29 21:58:51 gtw01 dnsmasq-dhcp[21686]: read /var/lib/neutron/dhcp/daec0656-e422-476c-a06f-1deaefc2c0c4/opts
Sep 29 21:58:51 gtw01 dnsmasq-dhcp[23081]: DHCPRELEASE(tape94fe8fc-d6) 10.2.85.1 fa:16:3e:c4:00:60
Sep 29 21:58:52 gtw01 dnsmasq-dhcp[23315]: DHCPRELEASE(tap584e6054-28) 10.2.89.1 fa:16:3e:c8:fb:6f
Sep 29 21:58:52 gtw01 dnsmasq-dhcp[21451]: DHCPRELEASE(tap5f494e0e-54) 10.2.75.1 fa:16:3e:7a:5c:51
Sep 29 21:58:52 gtw01 dnsmasq-dhcp[23206]: DHCPRELEASE(tapa42594f0-6c) 10.2.90.1 fa:16:3e:54:14:f9
Sep 29 21:58:53 gtw01 dnsmasq[22110]: read /var/lib/neutron/dhcp/bd7306cd-1f24-4d6c-82ce-27a6e9480b5f/addn_hosts - 2 addresses
Sep 29 21:58:53 gtw01 dnsmasq-dhcp[22110]: read /var/lib/neutron/dhcp/bd7306cd-1f24-4d6c-82ce-27a6e9480b5f/host
Sep 29 21:58:53 gtw01 dnsmasq-dhcp[22110]: read /var/lib/neutron/dhcp/bd7306cd-1f24-4d6c-82ce-27a6e9480b5f/opts
Sep 29 21:58:53 gtw01 dnsmasq[23081]: read /var/lib/neutron/dhcp/9d775206-ad06-482c-bc37-493f2b115fb7/addn_hosts - 2 addresses
Sep 29 21:58:53 gtw01 dnsmasq-dhcp[23081]: read /var/lib/neutron/dhcp/9d775206-ad06-482c-bc37-493f2b115fb7/host
Sep 29 21:58:53 gtw01 dnsmasq-dhcp[23081]: read /var/lib/neutron/dhcp/9d775206-ad06-482c-bc37-493f2b115fb7/opts
Sep 29 21:58:53 gtw01 dnsmasq[23175]: read /var/lib/neutron/dhcp/3f1d9a2c-037f-4c89-b6d6-9dd38e3b0316/addn_hosts - 2 addresses
Sep 29 21:58:53 gtw01 dnsmasq-dhcp[23175]: read /var/lib/neutron/dhcp/3f1d9a2c-037f-4c89-b6d6-9dd38e3b0316/host
Sep 29 21:58:53 gtw01 dnsmasq-dhcp[23175]: read /var/lib/neutron/dhcp/3f1d9a2c-037f-4c89-b6d6-9dd38e3b0316/opts
Sep 29 21:58:54 gtw01 dnsmasq[21451]: read /var/lib/neutron/dhcp/901204d0-9c7e-416d-8e15-34c418459a39/addn_hosts - 2 addresses
Sep 29 21:58:54 gtw01 dnsmasq-dhcp[21451]: read /var/lib/neutron/dhcp/901204d0-9c7e-416d-8e15-34c418459a39/host
Sep 29 21:58:54 gtw01 dnsmasq-dhcp[21451]: read /var/lib/neutron/dhcp/901204d0-9c7e-416d-8e15-34c418459a39/opts
Sep 29 21:58:54 gtw01 dnsmasq[23315]: read /var/lib/neutron/dhcp/8aaed150-743e-461f-a1dc-a254802cdd32/addn_hosts - 2 addresses
Sep 29 21:58:54 gtw01 dnsmasq-dhcp[23315]: read /var/lib/neutron/dhcp/8aaed150-743e-461f-a1dc-a254802cdd32/host
Sep 29 21:58:54 gtw01 dnsmasq-dhcp[23315]: read /var/lib/neutron/dhcp/8aaed150-743e-461f-a1dc-a254802cdd32/opts
Sep 29 21:58:54 gtw01 dnsmasq[23206]: read /var/lib/neutron/dhcp/a106abeb-eb30-4c52-aa5f-b3a04f389781/addn_hosts - 2 addresses
Sep 29 21:58:54 gtw01 dnsmasq-dhcp[23206]: read /var/lib/neutron/dhcp/a106abeb-eb30-4c52-aa5f-b3a04f389781/host
Sep 29 21:58:54 gtw01 dnsmasq-dhcp[23206]: read /var/lib/neutron/dhcp/a106abeb-eb30-4c52-aa5f-b3a04f389781/opts
Sep 29 21:58:58 gtw01 dnsmasq[24163]: started, version 2.80 cachesize 150
Sep 29 21:58:58 gtw01 dnsmasq[24163]: DNS service limited to local subnets
Sep 29 21:58:58 gtw01 dnsmasq[24163]: compile time options: IPv6 GNU-getopt DBus i18n IDN DHCP DHCPv6 no-Lua TFTP conntrack ipset auth DNSSEC loop-detect inotify dumpfile
Sep 29 21:58:58 gtw01 dnsmasq[24163]: warning: no upstream servers configured
Sep 29 21:58:58 gtw01 dnsmasq-dhcp[24163]: DHCP, static leases only on 10.2.75.0, lease time 1h
Sep 29 21:58:58 gtw01 dnsmasq-dhcp[24163]: DHCP, static leases only on 10.2.78.0, lease time 1h
Sep 29 21:58:58 gtw01 dnsmasq[24163]: read /var/lib/neutron/dhcp/901204d0-9c7e-416d-8e15-34c418459a39/addn_hosts - 2 addresses
Sep 29 21:58:58 gtw01 dnsmasq-dhcp[24163]: read /var/lib/neutron/dhcp/901204d0-9c7e-416d-8e15-34c418459a39/host
Sep 29 21:58:58 gtw01 dnsmasq-dhcp[24163]: read /var/lib/neutron/dhcp/901204d0-9c7e-416d-8e15-34c418459a39/opts
Sep 29 21:59:02 gtw01 dnsmasq[24248]: started, version 2.80 cachesize 150
Sep 29 21:59:02 gtw01 dnsmasq[24248]: DNS service limited to local subnets
Sep 29 21:59:02 gtw01 dnsmasq[24248]: compile time options: IPv6 GNU-getopt DBus i18n IDN DHCP DHCPv6 no-Lua TFTP conntrack ipset auth DNSSEC loop-detect inotify dumpfile
Sep 29 21:59:02 gtw01 dnsmasq[24248]: warning: no upstream servers configured
Sep 29 21:59:02 gtw01 dnsmasq-dhcp[24248]: DHCP, static leases only on 10.2.88.0, lease time 1h
Sep 29 21:59:02 gtw01 dnsmasq[24248]: read /var/lib/neutron/dhcp/299035e4-1c1b-4caa-943d-0dbdcf5c1b7b/addn_hosts - 1 addresses
Sep 29 21:59:02 gtw01 dnsmasq-dhcp[24248]: read /var/lib/neutron/dhcp/299035e4-1c1b-4caa-943d-0dbdcf5c1b7b/host
Sep 29 21:59:02 gtw01 dnsmasq-dhcp[24248]: read /var/lib/neutron/dhcp/299035e4-1c1b-4caa-943d-0dbdcf5c1b7b/opts
Sep 29 21:59:03 gtw01 kernel: [13901.496059] device tap5f494e0e-54 left promiscuous mode
Sep 29 21:59:04 gtw01 dnsmasq[24304]: started, version 2.80 cachesize 150
Sep 29 21:59:04 gtw01 dnsmasq[24304]: DNS service limited to local subnets
Sep 29 21:59:04 gtw01 dnsmasq[24304]: compile time options: IPv6 GNU-getopt DBus i18n IDN DHCP DHCPv6 no-Lua TFTP conntrack ipset auth DNSSEC loop-detect inotify dumpfile
Sep 29 21:59:04 gtw01 dnsmasq[24304]: warning: no upstream servers configured
Sep 29 21:59:04 gtw01 dnsmasq-dhcp[24304]: DHCP, static leases only on 10.2.81.0, lease time 1h
Sep 29 21:59:04 gtw01 dnsmasq[24304]: read /var/lib/neutron/dhcp/2646df16-9569-44aa-8708-a9daf5272eb1/addn_hosts - 1 addresses
Sep 29 21:59:04 gtw01 dnsmasq-dhcp[24304]: read /var/lib/neutron/dhcp/2646df16-9569-44aa-8708-a9daf5272eb1/host
Sep 29 21:59:04 gtw01 dnsmasq-dhcp[24304]: read /var/lib/neutron/dhcp/2646df16-9569-44aa-8708-a9daf5272eb1/opts
Sep 29 21:59:05 gtw01 kernel: [13903.303517] device tap1db22b7c-a6 left promiscuous mode
Sep 29 21:59:05 gtw01 dnsmasq[24369]: started, version 2.80 cachesize 150
Sep 29 21:59:05 gtw01 dnsmasq[24369]: DNS service limited to local subnets
Sep 29 21:59:05 gtw01 dnsmasq[24369]: compile time options: IPv6 GNU-getopt DBus i18n IDN DHCP DHCPv6 no-Lua TFTP conntrack ipset auth DNSSEC loop-detect inotify dumpfile
Sep 29 21:59:05 gtw01 dnsmasq[24369]: warning: no upstream servers configured
Sep 29 21:59:05 gtw01 dnsmasq-dhcp[24369]: DHCP, static leases only on 10.2.80.0, lease time 1h
Sep 29 21:59:05 gtw01 dnsmasq[24369]: read /var/lib/neutron/dhcp/a9dc1edc-9b94-4f73-b4b3-8cdcb6b17fc5/addn_hosts - 1 addresses
Sep 29 21:59:05 gtw01 dnsmasq-dhcp[24369]: read /var/lib/neutron/dhcp/a9dc1edc-9b94-4f73-b4b3-8cdcb6b17fc5/host
