Sep 29 19:42:50 gtw01 dnsmasq[16950]: warning: no upstream servers configured
Sep 29 19:42:50 gtw01 dnsmasq-dhcp[16950]: DHCP, static leases only on 192.168.121.0, lease time 1h
Sep 29 19:42:50 gtw01 dnsmasq[16950]: read /var/lib/neutron/dhcp/bdeb96e1-c65e-4123-9be0-c862acc9bc7b/addn_hosts - 1 addresses
Sep 29 19:42:50 gtw01 dnsmasq-dhcp[16950]: read /var/lib/neutron/dhcp/bdeb96e1-c65e-4123-9be0-c862acc9bc7b/host
Sep 29 19:42:50 gtw01 dnsmasq-dhcp[16950]: read /var/lib/neutron/dhcp/bdeb96e1-c65e-4123-9be0-c862acc9bc7b/opts
Sep 29 19:42:50 gtw01 haproxy-metadata-proxy-bdeb96e1-c65e-4123-9be0-c862acc9bc7b[16954]: Proxy listener started.
Sep 29 19:42:51 gtw01 kernel: [ 5729.488803] device tapcd14f8ad-ac left promiscuous mode
Sep 29 19:42:54 gtw01 kernel: [ 5732.975726] device tapd756e0f6-33 left promiscuous mode
Sep 29 19:42:56 gtw01 kernel: [ 5734.298009] device tap3d6fc144-63 left promiscuous mode
Sep 29 19:42:59 gtw01 kernel: [ 5737.846608] device tap1d119fd2-cc left promiscuous mode
Sep 29 19:43:54 gtw01 dnsmasq[10221]: read /var/lib/neutron/dhcp/69fc530c-5d7f-40a1-9941-7e8e0f3d4d69/addn_hosts - 1 addresses
Sep 29 19:43:54 gtw01 dnsmasq-dhcp[10221]: read /var/lib/neutron/dhcp/69fc530c-5d7f-40a1-9941-7e8e0f3d4d69/host
Sep 29 19:43:54 gtw01 dnsmasq-dhcp[10221]: read /var/lib/neutron/dhcp/69fc530c-5d7f-40a1-9941-7e8e0f3d4d69/opts
Sep 29 19:43:59 gtw01 kernel: [ 5797.767356] device tap20744de4-ad left promiscuous mode
Sep 29 19:44:10 gtw01 systemd-udevd[17039]: Could not generate persistent MAC address for tap1a894f3a-0d: No such file or directory
Sep 29 19:44:10 gtw01 kernel: [ 5808.307486] device tap1a894f3a-0d entered promiscuous mode
Sep 29 19:44:10 gtw01 systemd-udevd[17039]: Process '/sbin/ip link set tap1a894f3a-0d txqueuelen 10000' failed with exit code 1.
Sep 29 19:44:10 gtw01 systemd-udevd[17113]: Process '/sbin/ip link set tap1a894f3a-0d txqueuelen 10000' failed with exit code 1.
Sep 29 19:44:13 gtw01 dnsmasq[17174]: started, version 2.80 cachesize 150
Sep 29 19:44:13 gtw01 dnsmasq[17174]: DNS service limited to local subnets
Sep 29 19:44:13 gtw01 dnsmasq[17174]: compile time options: IPv6 GNU-getopt DBus i18n IDN DHCP DHCPv6 no-Lua TFTP conntrack ipset auth DNSSEC loop-detect inotify dumpfile
Sep 29 19:44:13 gtw01 dnsmasq[17174]: warning: no upstream servers configured
Sep 29 19:44:13 gtw01 dnsmasq-dhcp[17174]: DHCP, static leases only on 192.168.120.0, lease time 1h
Sep 29 19:44:13 gtw01 dnsmasq[17174]: read /var/lib/neutron/dhcp/1fab36d5-2284-44af-b709-a736a066fa93/addn_hosts - 1 addresses
Sep 29 19:44:13 gtw01 dnsmasq-dhcp[17174]: read /var/lib/neutron/dhcp/1fab36d5-2284-44af-b709-a736a066fa93/host
Sep 29 19:44:13 gtw01 dnsmasq-dhcp[17174]: read /var/lib/neutron/dhcp/1fab36d5-2284-44af-b709-a736a066fa93/opts
Sep 29 19:44:13 gtw01 haproxy-metadata-proxy-1fab36d5-2284-44af-b709-a736a066fa93[17178]: Proxy listener started.
Sep 29 19:44:14 gtw01 dnsmasq[17174]: read /var/lib/neutron/dhcp/1fab36d5-2284-44af-b709-a736a066fa93/addn_hosts - 2 addresses
Sep 29 19:44:14 gtw01 dnsmasq-dhcp[17174]: read /var/lib/neutron/dhcp/1fab36d5-2284-44af-b709-a736a066fa93/host
Sep 29 19:44:14 gtw01 dnsmasq-dhcp[17174]: read /var/lib/neutron/dhcp/1fab36d5-2284-44af-b709-a736a066fa93/opts
Sep 29 19:44:15 gtw01 dnsmasq[17174]: read /var/lib/neutron/dhcp/1fab36d5-2284-44af-b709-a736a066fa93/addn_hosts - 2 addresses
Sep 29 19:44:15 gtw01 dnsmasq-dhcp[17174]: read /var/lib/neutron/dhcp/1fab36d5-2284-44af-b709-a736a066fa93/host
Sep 29 19:44:15 gtw01 dnsmasq-dhcp[17174]: read /var/lib/neutron/dhcp/1fab36d5-2284-44af-b709-a736a066fa93/opts
Sep 29 19:44:16 gtw01 dnsmasq[17174]: read /var/lib/neutron/dhcp/1fab36d5-2284-44af-b709-a736a066fa93/addn_hosts - 2 addresses
Sep 29 19:44:16 gtw01 dnsmasq-dhcp[17174]: read /var/lib/neutron/dhcp/1fab36d5-2284-44af-b709-a736a066fa93/host
Sep 29 19:44:16 gtw01 dnsmasq-dhcp[17174]: read /var/lib/neutron/dhcp/1fab36d5-2284-44af-b709-a736a066fa93/opts
Sep 29 19:44:17 gtw01 dnsmasq[17174]: read /var/lib/neutron/dhcp/1fab36d5-2284-44af-b709-a736a066fa93/addn_hosts - 2 addresses
Sep 29 19:44:17 gtw01 dnsmasq-dhcp[17174]: read /var/lib/neutron/dhcp/1fab36d5-2284-44af-b709-a736a066fa93/host
Sep 29 19:44:17 gtw01 dnsmasq-dhcp[17174]: read /var/lib/neutron/dhcp/1fab36d5-2284-44af-b709-a736a066fa93/opts
Sep 29 19:44:18 gtw01 dnsmasq[17174]: read /var/lib/neutron/dhcp/1fab36d5-2284-44af-b709-a736a066fa93/addn_hosts - 2 addresses
Sep 29 19:44:18 gtw01 dnsmasq-dhcp[17174]: read /var/lib/neutron/dhcp/1fab36d5-2284-44af-b709-a736a066fa93/host
Sep 29 19:44:18 gtw01 dnsmasq-dhcp[17174]: read /var/lib/neutron/dhcp/1fab36d5-2284-44af-b709-a736a066fa93/opts
Sep 29 19:45:05 gtw01 systemd-udevd[17282]: Could not generate persistent MAC address for tap31b70ee5-0d: No such file or directory
Sep 29 19:45:05 gtw01 kernel: [ 5863.490893] device tap31b70ee5-0d entered promiscuous mode
Sep 29 19:45:05 gtw01 systemd-udevd[17350]: Process '/sbin/ip link set tap31b70ee5-0d txqueuelen 10000' failed with exit code 1.
Sep 29 19:45:08 gtw01 dnsmasq[17412]: started, version 2.80 cachesize 150
Sep 29 19:45:08 gtw01 dnsmasq[17412]: DNS service limited to local subnets
Sep 29 19:45:08 gtw01 dnsmasq[17412]: compile time options: IPv6 GNU-getopt DBus i18n IDN DHCP DHCPv6 no-Lua TFTP conntrack ipset auth DNSSEC loop-detect inotify dumpfile
Sep 29 19:45:08 gtw01 dnsmasq[17412]: warning: no upstream servers configured
Sep 29 19:45:08 gtw01 dnsmasq-dhcp[17412]: DHCP, static leases only on 192.168.120.0, lease time 1h
Sep 29 19:45:08 gtw01 dnsmasq[17412]: read /var/lib/neutron/dhcp/5251c0f3-a59b-4f38-a823-35c4f0cd89c9/addn_hosts - 1 addresses
Sep 29 19:45:08 gtw01 dnsmasq-dhcp[17412]: read /var/lib/neutron/dhcp/5251c0f3-a59b-4f38-a823-35c4f0cd89c9/host
Sep 29 19:45:08 gtw01 dnsmasq-dhcp[17412]: read /var/lib/neutron/dhcp/5251c0f3-a59b-4f38-a823-35c4f0cd89c9/opts
Sep 29 19:45:08 gtw01 haproxy-metadata-proxy-5251c0f3-a59b-4f38-a823-35c4f0cd89c9[17416]: Proxy listener started.
Sep 29 19:45:09 gtw01 dnsmasq[17412]: read /var/lib/neutron/dhcp/5251c0f3-a59b-4f38-a823-35c4f0cd89c9/addn_hosts - 2 addresses
Sep 29 19:45:09 gtw01 dnsmasq-dhcp[17412]: read /var/lib/neutron/dhcp/5251c0f3-a59b-4f38-a823-35c4f0cd89c9/host
Sep 29 19:45:09 gtw01 dnsmasq-dhcp[17412]: read /var/lib/neutron/dhcp/5251c0f3-a59b-4f38-a823-35c4f0cd89c9/opts
Sep 29 19:45:10 gtw01 dnsmasq[17412]: read /var/lib/neutron/dhcp/5251c0f3-a59b-4f38-a823-35c4f0cd89c9/addn_hosts - 2 addresses
Sep 29 19:45:10 gtw01 dnsmasq-dhcp[17412]: read /var/lib/neutron/dhcp/5251c0f3-a59b-4f38-a823-35c4f0cd89c9/host
Sep 29 19:45:10 gtw01 dnsmasq-dhcp[17412]: read /var/lib/neutron/dhcp/5251c0f3-a59b-4f38-a823-35c4f0cd89c9/opts
Sep 29 19:45:11 gtw01 dnsmasq[17412]: read /var/lib/neutron/dhcp/5251c0f3-a59b-4f38-a823-35c4f0cd89c9/addn_hosts - 2 addresses
Sep 29 19:45:11 gtw01 dnsmasq-dhcp[17412]: read /var/lib/neutron/dhcp/5251c0f3-a59b-4f38-a823-35c4f0cd89c9/host
Sep 29 19:45:11 gtw01 dnsmasq-dhcp[17412]: read /var/lib/neutron/dhcp/5251c0f3-a59b-4f38-a823-35c4f0cd89c9/opts
Sep 29 19:45:12 gtw01 kernel: [ 5870.234164] device tapcdf020ef-b8 entered promiscuous mode
Sep 29 19:45:12 gtw01 systemd-udevd[17483]: Could not generate persistent MAC address for tapcdf020ef-b8: No such file or directory
Sep 29 19:45:12 gtw01 systemd-udevd[17552]: Process '/sbin/ip link set tapcdf020ef-b8 txqueuelen 10000' failed with exit code 1.
Sep 29 19:45:12 gtw01 dnsmasq[17412]: read /var/lib/neutron/dhcp/5251c0f3-a59b-4f38-a823-35c4f0cd89c9/addn_hosts - 2 addresses
Sep 29 19:45:12 gtw01 dnsmasq-dhcp[17412]: read /var/lib/neutron/dhcp/5251c0f3-a59b-4f38-a823-35c4f0cd89c9/host
Sep 29 19:45:12 gtw01 dnsmasq-dhcp[17412]: read /var/lib/neutron/dhcp/5251c0f3-a59b-4f38-a823-35c4f0cd89c9/opts
Sep 29 19:45:12 gtw01 dnsmasq[17174]: read /var/lib/neutron/dhcp/1fab36d5-2284-44af-b709-a736a066fa93/addn_hosts - 3 addresses
Sep 29 19:45:12 gtw01 dnsmasq-dhcp[17174]: read /var/lib/neutron/dhcp/1fab36d5-2284-44af-b709-a736a066fa93/host
Sep 29 19:45:12 gtw01 dnsmasq-dhcp[17174]: read /var/lib/neutron/dhcp/1fab36d5-2284-44af-b709-a736a066fa93/opts
Sep 29 19:45:14 gtw01 dnsmasq[17412]: read /var/lib/neutron/dhcp/5251c0f3-a59b-4f38-a823-35c4f0cd89c9/addn_hosts - 2 addresses
Sep 29 19:45:14 gtw01 dnsmasq-dhcp[17412]: read /var/lib/neutron/dhcp/5251c0f3-a59b-4f38-a823-35c4f0cd89c9/host
Sep 29 19:45:14 gtw01 dnsmasq-dhcp[17412]: read /var/lib/neutron/dhcp/5251c0f3-a59b-4f38-a823-35c4f0cd89c9/opts
Sep 29 19:45:14 gtw01 dnsmasq[17174]: read /var/lib/neutron/dhcp/1fab36d5-2284-44af-b709-a736a066fa93/addn_hosts - 4 addresses
Sep 29 19:45:14 gtw01 dnsmasq-dhcp[17174]: read /var/lib/neutron/dhcp/1fab36d5-2284-44af-b709-a736a066fa93/host
Sep 29 19:45:14 gtw01 dnsmasq-dhcp[17174]: read /var/lib/neutron/dhcp/1fab36d5-2284-44af-b709-a736a066fa93/opts
Sep 29 19:45:15 gtw01 dnsmasq[17174]: read /var/lib/neutron/dhcp/1fab36d5-2284-44af-b709-a736a066fa93/addn_hosts - 4 addresses
Sep 29 19:45:15 gtw01 dnsmasq-dhcp[17174]: read /var/lib/neutron/dhcp/1fab36d5-2284-44af-b709-a736a066fa93/host
Sep 29 19:45:15 gtw01 dnsmasq-dhcp[17174]: read /var/lib/neutron/dhcp/1fab36d5-2284-44af-b709-a736a066fa93/opts
Sep 29 19:45:15 gtw01 dnsmasq[17701]: started, version 2.80 cachesize 150
Sep 29 19:45:15 gtw01 dnsmasq[17701]: DNS service limited to local subnets
Sep 29 19:45:15 gtw01 dnsmasq[17701]: compile time options: IPv6 GNU-getopt DBus i18n IDN DHCP DHCPv6 no-Lua TFTP conntrack ipset auth DNSSEC loop-detect inotify dumpfile
Sep 29 19:45:15 gtw01 dnsmasq[17701]: warning: no upstream servers configured
Sep 29 19:45:15 gtw01 dnsmasq-dhcp[17701]: DHCP, static leases only on 192.168.120.0, lease time 1h
Sep 29 19:45:15 gtw01 dnsmasq[17701]: read /var/lib/neutron/dhcp/6217bfaf-b37e-4e4d-9ed8-a711e05aba0e/addn_hosts - 1 addresses
Sep 29 19:45:15 gtw01 dnsmasq-dhcp[17701]: read /var/lib/neutron/dhcp/6217bfaf-b37e-4e4d-9ed8-a711e05aba0e/host
Sep 29 19:45:15 gtw01 dnsmasq-dhcp[17701]: read /var/lib/neutron/dhcp/6217bfaf-b37e-4e4d-9ed8-a711e05aba0e/opts
Sep 29 19:45:16 gtw01 haproxy-metadata-proxy-6217bfaf-b37e-4e4d-9ed8-a711e05aba0e[17709]: Proxy listener started.
Sep 29 19:45:16 gtw01 dnsmasq[17174]: read /var/lib/neutron/dhcp/1fab36d5-2284-44af-b709-a736a066fa93/addn_hosts - 4 addresses
Sep 29 19:45:16 gtw01 dnsmasq-dhcp[17174]: read /var/lib/neutron/dhcp/1fab36d5-2284-44af-b709-a736a066fa93/host
Sep 29 19:45:16 gtw01 dnsmasq-dhcp[17174]: read /var/lib/neutron/dhcp/1fab36d5-2284-44af-b709-a736a066fa93/opts
Sep 29 19:45:16 gtw01 dnsmasq[17701]: read /var/lib/neutron/dhcp/6217bfaf-b37e-4e4d-9ed8-a711e05aba0e/addn_hosts - 2 addresses
Sep 29 19:45:16 gtw01 dnsmasq-dhcp[17701]: read /var/lib/neutron/dhcp/6217bfaf-b37e-4e4d-9ed8-a711e05aba0e/host
Sep 29 19:45:16 gtw01 dnsmasq-dhcp[17701]: read /var/lib/neutron/dhcp/6217bfaf-b37e-4e4d-9ed8-a711e05aba0e/opts
Sep 29 19:45:17 gtw01 dnsmasq[17174]: read /var/lib/neutron/dhcp/1fab36d5-2284-44af-b709-a736a066fa93/addn_hosts - 4 addresses
Sep 29 19:45:17 gtw01 dnsmasq-dhcp[17174]: read /var/lib/neutron/dhcp/1fab36d5-2284-44af-b709-a736a066fa93/host
Sep 29 19:45:17 gtw01 dnsmasq-dhcp[17174]: read /var/lib/neutron/dhcp/1fab36d5-2284-44af-b709-a736a066fa93/opts
Sep 29 19:45:17 gtw01 dnsmasq[17701]: read /var/lib/neutron/dhcp/6217bfaf-b37e-4e4d-9ed8-a711e05aba0e/addn_hosts - 2 addresses
Sep 29 19:45:17 gtw01 dnsmasq-dhcp[17701]: read /var/lib/neutron/dhcp/6217bfaf-b37e-4e4d-9ed8-a711e05aba0e/host
Sep 29 19:45:17 gtw01 dnsmasq-dhcp[17701]: read /var/lib/neutron/dhcp/6217bfaf-b37e-4e4d-9ed8-a711e05aba0e/opts
Sep 29 19:45:18 gtw01 dnsmasq[17174]: read /var/lib/neutron/dhcp/1fab36d5-2284-44af-b709-a736a066fa93/addn_hosts - 4 addresses
Sep 29 19:45:18 gtw01 dnsmasq-dhcp[17174]: read /var/lib/neutron/dhcp/1fab36d5-2284-44af-b709-a736a066fa93/host
Sep 29 19:45:18 gtw01 dnsmasq-dhcp[17174]: read /var/lib/neutron/dhcp/1fab36d5-2284-44af-b709-a736a066fa93/opts
Sep 29 19:45:18 gtw01 dnsmasq[17701]: read /var/lib/neutron/dhcp/6217bfaf-b37e-4e4d-9ed8-a711e05aba0e/addn_hosts - 2 addresses
Sep 29 19:45:18 gtw01 dnsmasq-dhcp[17701]: read /var/lib/neutron/dhcp/6217bfaf-b37e-4e4d-9ed8-a711e05aba0e/host
Sep 29 19:45:18 gtw01 dnsmasq-dhcp[17701]: read /var/lib/neutron/dhcp/6217bfaf-b37e-4e4d-9ed8-a711e05aba0e/opts
Sep 29 19:45:19 gtw01 dnsmasq[17701]: read /var/lib/neutron/dhcp/6217bfaf-b37e-4e4d-9ed8-a711e05aba0e/addn_hosts - 2 addresses
Sep 29 19:45:19 gtw01 dnsmasq-dhcp[17701]: read /var/lib/neutron/dhcp/6217bfaf-b37e-4e4d-9ed8-a711e05aba0e/host
Sep 29 19:45:19 gtw01 dnsmasq-dhcp[17701]: read /var/lib/neutron/dhcp/6217bfaf-b37e-4e4d-9ed8-a711e05aba0e/opts
Sep 29 19:45:20 gtw01 dnsmasq[17701]: read /var/lib/neutron/dhcp/6217bfaf-b37e-4e4d-9ed8-a711e05aba0e/addn_hosts - 2 addresses
Sep 29 19:45:20 gtw01 dnsmasq-dhcp[17701]: read /var/lib/neutron/dhcp/6217bfaf-b37e-4e4d-9ed8-a711e05aba0e/host
Sep 29 19:45:20 gtw01 dnsmasq-dhcp[17701]: read /var/lib/neutron/dhcp/6217bfaf-b37e-4e4d-9ed8-a711e05aba0e/opts
Sep 29 19:45:25 gtw01 dnsmasq[17174]: read /var/lib/neutron/dhcp/1fab36d5-2284-44af-b709-a736a066fa93/addn_hosts - 3 addresses
Sep 29 19:45:25 gtw01 dnsmasq-dhcp[17174]: read /var/lib/neutron/dhcp/1fab36d5-2284-44af-b709-a736a066fa93/host
Sep 29 19:45:25 gtw01 dnsmasq-dhcp[17174]: read /var/lib/neutron/dhcp/1fab36d5-2284-44af-b709-a736a066fa93/opts
Sep 29 19:45:25 gtw01 dnsmasq[17412]: read /var/lib/neutron/dhcp/5251c0f3-a59b-4f38-a823-35c4f0cd89c9/addn_hosts - 3 addresses
Sep 29 19:45:25 gtw01 dnsmasq-dhcp[17412]: read /var/lib/neutron/dhcp/5251c0f3-a59b-4f38-a823-35c4f0cd89c9/host
Sep 29 19:45:25 gtw01 dnsmasq-dhcp[17412]: read /var/lib/neutron/dhcp/5251c0f3-a59b-4f38-a823-35c4f0cd89c9/opts
Sep 29 19:45:26 gtw01 dnsmasq[17174]: read /var/lib/neutron/dhcp/1fab36d5-2284-44af-b709-a736a066fa93/addn_hosts - 2 addresses
Sep 29 19:45:26 gtw01 dnsmasq-dhcp[17174]: read /var/lib/neutron/dhcp/1fab36d5-2284-44af-b709-a736a066fa93/host
Sep 29 19:45:26 gtw01 dnsmasq-dhcp[17174]: read /var/lib/neutron/dhcp/1fab36d5-2284-44af-b709-a736a066fa93/opts
Sep 29 19:45:27 gtw01 dnsmasq[17412]: read /var/lib/neutron/dhcp/5251c0f3-a59b-4f38-a823-35c4f0cd89c9/addn_hosts - 3 addresses
Sep 29 19:45:27 gtw01 dnsmasq-dhcp[17412]: read /var/lib/neutron/dhcp/5251c0f3-a59b-4f38-a823-35c4f0cd89c9/host
Sep 29 19:45:27 gtw01 dnsmasq-dhcp[17412]: read /var/lib/neutron/dhcp/5251c0f3-a59b-4f38-a823-35c4f0cd89c9/opts
Sep 29 19:45:28 gtw01 dnsmasq[17412]: read /var/lib/neutron/dhcp/5251c0f3-a59b-4f38-a823-35c4f0cd89c9/addn_hosts - 3 addresses
Sep 29 19:45:28 gtw01 dnsmasq-dhcp[17412]: read /var/lib/neutron/dhcp/5251c0f3-a59b-4f38-a823-35c4f0cd89c9/host
Sep 29 19:45:28 gtw01 dnsmasq-dhcp[17412]: read /var/lib/neutron/dhcp/5251c0f3-a59b-4f38-a823-35c4f0cd89c9/opts
Sep 29 19:45:32 gtw01 dnsmasq[17174]: read /var/lib/neutron/dhcp/1fab36d5-2284-44af-b709-a736a066fa93/addn_hosts - 3 addresses
Sep 29 19:45:32 gtw01 dnsmasq-dhcp[17174]: read /var/lib/neutron/dhcp/1fab36d5-2284-44af-b709-a736a066fa93/host
Sep 29 19:45:32 gtw01 dnsmasq-dhcp[17174]: read /var/lib/neutron/dhcp/1fab36d5-2284-44af-b709-a736a066fa93/opts
Sep 29 19:45:33 gtw01 dnsmasq[17174]: read /var/lib/neutron/dhcp/1fab36d5-2284-44af-b709-a736a066fa93/addn_hosts - 3 addresses
Sep 29 19:45:33 gtw01 dnsmasq-dhcp[17174]: read /var/lib/neutron/dhcp/1fab36d5-2284-44af-b709-a736a066fa93/host
Sep 29 19:45:33 gtw01 dnsmasq-dhcp[17174]: read /var/lib/neutron/dhcp/1fab36d5-2284-44af-b709-a736a066fa93/opts
Sep 29 19:45:34 gtw01 dnsmasq[17174]: read /var/lib/neutron/dhcp/1fab36d5-2284-44af-b709-a736a066fa93/addn_hosts - 3 addresses
Sep 29 19:45:34 gtw01 dnsmasq-dhcp[17174]: read /var/lib/neutron/dhcp/1fab36d5-2284-44af-b709-a736a066fa93/host
Sep 29 19:45:34 gtw01 dnsmasq-dhcp[17174]: read /var/lib/neutron/dhcp/1fab36d5-2284-44af-b709-a736a066fa93/opts
Sep 29 19:45:40 gtw01 dnsmasq[17174]: read /var/lib/neutron/dhcp/1fab36d5-2284-44af-b709-a736a066fa93/addn_hosts - 2 addresses
Sep 29 19:45:40 gtw01 dnsmasq-dhcp[17174]: read /var/lib/neutron/dhcp/1fab36d5-2284-44af-b709-a736a066fa93/host
Sep 29 19:45:40 gtw01 dnsmasq-dhcp[17174]: read /var/lib/neutron/dhcp/1fab36d5-2284-44af-b709-a736a066fa93/opts
Sep 29 19:45:41 gtw01 dnsmasq-dhcp[17412]: DHCPDISCOVER(tap31b70ee5-0d) fa:16:3e:aa:af:1f
Sep 29 19:45:41 gtw01 dnsmasq-dhcp[17412]: DHCPOFFER(tap31b70ee5-0d) 192.168.120.9 fa:16:3e:aa:af:1f
Sep 29 19:45:41 gtw01 dnsmasq-dhcp[17412]: DHCPREQUEST(tap31b70ee5-0d) 192.168.120.9 fa:16:3e:aa:af:1f
Sep 29 19:45:41 gtw01 dnsmasq-dhcp[17412]: DHCPACK(tap31b70ee5-0d) 192.168.120.9 fa:16:3e:aa:af:1f host-192-168-120-9
Sep 29 19:45:47 gtw01 dnsmasq-dhcp[17412]: DHCPRELEASE(tap31b70ee5-0d) 192.168.120.9 fa:16:3e:aa:af:1f
Sep 29 19:45:47 gtw01 dnsmasq-dhcp[17412]: DHCPRELEASE(tap31b70ee5-0d) 192.168.120.9 fa:16:3e:aa:af:1f unknown lease
Sep 29 19:45:47 gtw01 dnsmasq[17174]: read /var/lib/neutron/dhcp/1fab36d5-2284-44af-b709-a736a066fa93/addn_hosts - 3 addresses
Sep 29 19:45:47 gtw01 dnsmasq-dhcp[17174]: read /var/lib/neutron/dhcp/1fab36d5-2284-44af-b709-a736a066fa93/host
Sep 29 19:45:47 gtw01 dnsmasq-dhcp[17174]: read /var/lib/neutron/dhcp/1fab36d5-2284-44af-b709-a736a066fa93/opts
Sep 29 19:45:48 gtw01 dnsmasq[17412]: read /var/lib/neutron/dhcp/5251c0f3-a59b-4f38-a823-35c4f0cd89c9/addn_hosts - 2 addresses
Sep 29 19:45:48 gtw01 dnsmasq-dhcp[17412]: read /var/lib/neutron/dhcp/5251c0f3-a59b-4f38-a823-35c4f0cd89c9/host
Sep 29 19:45:48 gtw01 dnsmasq-dhcp[17412]: read /var/lib/neutron/dhcp/5251c0f3-a59b-4f38-a823-35c4f0cd89c9/opts
Sep 29 19:45:48 gtw01 dnsmasq[17174]: read /var/lib/neutron/dhcp/1fab36d5-2284-44af-b709-a736a066fa93/addn_hosts - 3 addresses
Sep 29 19:45:48 gtw01 dnsmasq-dhcp[17174]: read /var/lib/neutron/dhcp/1fab36d5-2284-44af-b709-a736a066fa93/host
Sep 29 19:45:48 gtw01 dnsmasq-dhcp[17174]: read /var/lib/neutron/dhcp/1fab36d5-2284-44af-b709-a736a066fa93/opts
Sep 29 19:45:49 gtw01 dnsmasq[17412]: read /var/lib/neutron/dhcp/5251c0f3-a59b-4f38-a823-35c4f0cd89c9/addn_hosts - 3 addresses
Sep 29 19:45:49 gtw01 dnsmasq-dhcp[17412]: read /var/lib/neutron/dhcp/5251c0f3-a59b-4f38-a823-35c4f0cd89c9/host
Sep 29 19:45:49 gtw01 dnsmasq-dhcp[17412]: read /var/lib/neutron/dhcp/5251c0f3-a59b-4f38-a823-35c4f0cd89c9/opts
Sep 29 19:45:49 gtw01 dnsmasq[17174]: read /var/lib/neutron/dhcp/1fab36d5-2284-44af-b709-a736a066fa93/addn_hosts - 3 addresses
Sep 29 19:45:49 gtw01 dnsmasq-dhcp[17174]: read /var/lib/neutron/dhcp/1fab36d5-2284-44af-b709-a736a066fa93/host
Sep 29 19:45:49 gtw01 dnsmasq-dhcp[17174]: read /var/lib/neutron/dhcp/1fab36d5-2284-44af-b709-a736a066fa93/opts
Sep 29 19:45:50 gtw01 dnsmasq[17412]: read /var/lib/neutron/dhcp/5251c0f3-a59b-4f38-a823-35c4f0cd89c9/addn_hosts - 3 addresses
Sep 29 19:45:50 gtw01 dnsmasq-dhcp[17412]: read /var/lib/neutron/dhcp/5251c0f3-a59b-4f38-a823-35c4f0cd89c9/host
Sep 29 19:45:50 gtw01 dnsmasq-dhcp[17412]: read /var/lib/neutron/dhcp/5251c0f3-a59b-4f38-a823-35c4f0cd89c9/opts
Sep 29 19:45:51 gtw01 dnsmasq[17412]: read /var/lib/neutron/dhcp/5251c0f3-a59b-4f38-a823-35c4f0cd89c9/addn_hosts - 3 addresses
Sep 29 19:45:51 gtw01 dnsmasq-dhcp[17412]: read /var/lib/neutron/dhcp/5251c0f3-a59b-4f38-a823-35c4f0cd89c9/host
Sep 29 19:45:51 gtw01 dnsmasq-dhcp[17412]: read /var/lib/neutron/dhcp/5251c0f3-a59b-4f38-a823-35c4f0cd89c9/opts
Sep 29 19:45:59 gtw01 dnsmasq[17174]: read /var/lib/neutron/dhcp/1fab36d5-2284-44af-b709-a736a066fa93/addn_hosts - 4 addresses
Sep 29 19:45:59 gtw01 dnsmasq-dhcp[17174]: read /var/lib/neutron/dhcp/1fab36d5-2284-44af-b709-a736a066fa93/host
Sep 29 19:45:59 gtw01 dnsmasq-dhcp[17174]: read /var/lib/neutron/dhcp/1fab36d5-2284-44af-b709-a736a066fa93/opts
Sep 29 19:46:00 gtw01 dnsmasq[17174]: read /var/lib/neutron/dhcp/1fab36d5-2284-44af-b709-a736a066fa93/addn_hosts - 4 addresses
Sep 29 19:46:00 gtw01 dnsmasq-dhcp[17174]: read /var/lib/neutron/dhcp/1fab36d5-2284-44af-b709-a736a066fa93/host
Sep 29 19:46:00 gtw01 dnsmasq-dhcp[17174]: read /var/lib/neutron/dhcp/1fab36d5-2284-44af-b709-a736a066fa93/opts
Sep 29 19:46:01 gtw01 dnsmasq[17174]: read /var/lib/neutron/dhcp/1fab36d5-2284-44af-b709-a736a066fa93/addn_hosts - 4 addresses
Sep 29 19:46:01 gtw01 dnsmasq-dhcp[17174]: read /var/lib/neutron/dhcp/1fab36d5-2284-44af-b709-a736a066fa93/host
Sep 29 19:46:01 gtw01 dnsmasq-dhcp[17174]: read /var/lib/neutron/dhcp/1fab36d5-2284-44af-b709-a736a066fa93/opts
Sep 29 19:46:03 gtw01 dnsmasq-dhcp[17174]: DHCPDISCOVER(tap1a894f3a-0d) fa:16:3e:96:1e:cf
Sep 29 19:46:03 gtw01 dnsmasq-dhcp[17174]: DHCPOFFER(tap1a894f3a-0d) 192.168.120.27 fa:16:3e:96:1e:cf
Sep 29 19:46:03 gtw01 dnsmasq-dhcp[17174]: DHCPREQUEST(tap1a894f3a-0d) 192.168.120.27 fa:16:3e:96:1e:cf
Sep 29 19:46:03 gtw01 dnsmasq-dhcp[17174]: DHCPACK(tap1a894f3a-0d) 192.168.120.27 fa:16:3e:96:1e:cf host-192-168-120-27
Sep 29 19:46:05 gtw01 dnsmasq-dhcp[17412]: DHCPDISCOVER(tap31b70ee5-0d) fa:16:3e:d1:b1:c5
Sep 29 19:46:05 gtw01 dnsmasq-dhcp[17412]: DHCPOFFER(tap31b70ee5-0d) 192.168.120.6 fa:16:3e:d1:b1:c5
Sep 29 19:46:05 gtw01 dnsmasq-dhcp[17412]: DHCPREQUEST(tap31b70ee5-0d) 192.168.120.6 fa:16:3e:d1:b1:c5
Sep 29 19:46:05 gtw01 dnsmasq-dhcp[17412]: DHCPACK(tap31b70ee5-0d) 192.168.120.6 fa:16:3e:d1:b1:c5 host-192-168-120-6
Sep 29 19:46:09 gtw01 dnsmasq-dhcp[17412]: DHCPRELEASE(tap31b70ee5-0d) 192.168.120.6 fa:16:3e:d1:b1:c5
Sep 29 19:46:09 gtw01 dnsmasq-dhcp[17412]: DHCPRELEASE(tap31b70ee5-0d) 192.168.120.6 fa:16:3e:d1:b1:c5 unknown lease
Sep 29 19:46:10 gtw01 dnsmasq[17174]: read /var/lib/neutron/dhcp/1fab36d5-2284-44af-b709-a736a066fa93/addn_hosts - 3 addresses
Sep 29 19:46:10 gtw01 dnsmasq-dhcp[17174]: read /var/lib/neutron/dhcp/1fab36d5-2284-44af-b709-a736a066fa93/host
Sep 29 19:46:10 gtw01 dnsmasq-dhcp[17174]: read /var/lib/neutron/dhcp/1fab36d5-2284-44af-b709-a736a066fa93/opts
Sep 29 19:46:10 gtw01 dnsmasq[17412]: read /var/lib/neutron/dhcp/5251c0f3-a59b-4f38-a823-35c4f0cd89c9/addn_hosts - 2 addresses
Sep 29 19:46:10 gtw01 dnsmasq-dhcp[17412]: read /var/lib/neutron/dhcp/5251c0f3-a59b-4f38-a823-35c4f0cd89c9/host
Sep 29 19:46:10 gtw01 dnsmasq-dhcp[17412]: read /var/lib/neutron/dhcp/5251c0f3-a59b-4f38-a823-35c4f0cd89c9/opts
Sep 29 19:46:12 gtw01 dnsmasq-dhcp[17174]: DHCPRELEASE(tap1a894f3a-0d) 192.168.120.27 fa:16:3e:96:1e:cf
Sep 29 19:46:13 gtw01 dnsmasq-dhcp[17174]: DHCPRELEASE(tap1a894f3a-0d) 192.168.120.27 fa:16:3e:96:1e:cf unknown lease
Sep 29 19:46:13 gtw01 dnsmasq[17174]: read /var/lib/neutron/dhcp/1fab36d5-2284-44af-b709-a736a066fa93/addn_hosts - 2 addresses
Sep 29 19:46:13 gtw01 dnsmasq-dhcp[17174]: read /var/lib/neutron/dhcp/1fab36d5-2284-44af-b709-a736a066fa93/host
Sep 29 19:46:13 gtw01 dnsmasq-dhcp[17174]: read /var/lib/neutron/dhcp/1fab36d5-2284-44af-b709-a736a066fa93/opts
Sep 29 19:46:14 gtw01 dnsmasq[17701]: read /var/lib/neutron/dhcp/6217bfaf-b37e-4e4d-9ed8-a711e05aba0e/addn_hosts - 1 addresses
Sep 29 19:46:14 gtw01 dnsmasq-dhcp[17701]: read /var/lib/neutron/dhcp/6217bfaf-b37e-4e4d-9ed8-a711e05aba0e/host
Sep 29 19:46:14 gtw01 dnsmasq-dhcp[17701]: read /var/lib/neutron/dhcp/6217bfaf-b37e-4e4d-9ed8-a711e05aba0e/opts
Sep 29 19:46:18 gtw01 kernel: [ 5936.624252] device tapcdf020ef-b8 left promiscuous mode
Sep 29 19:46:22 gtw01 dnsmasq[17412]: read /var/lib/neutron/dhcp/5251c0f3-a59b-4f38-a823-35c4f0cd89c9/addn_hosts - 1 addresses
Sep 29 19:46:22 gtw01 dnsmasq-dhcp[17412]: read /var/lib/neutron/dhcp/5251c0f3-a59b-4f38-a823-35c4f0cd89c9/host
Sep 29 19:46:22 gtw01 dnsmasq-dhcp[17412]: read /var/lib/neutron/dhcp/5251c0f3-a59b-4f38-a823-35c4f0cd89c9/opts
Sep 29 19:46:26 gtw01 dnsmasq[17174]: read /var/lib/neutron/dhcp/1fab36d5-2284-44af-b709-a736a066fa93/addn_hosts - 3 addresses
Sep 29 19:46:26 gtw01 dnsmasq-dhcp[17174]: read /var/lib/neutron/dhcp/1fab36d5-2284-44af-b709-a736a066fa93/host
Sep 29 19:46:26 gtw01 dnsmasq-dhcp[17174]: read /var/lib/neutron/dhcp/1fab36d5-2284-44af-b709-a736a066fa93/opts
Sep 29 19:46:27 gtw01 dnsmasq[17174]: read /var/lib/neutron/dhcp/1fab36d5-2284-44af-b709-a736a066fa93/addn_hosts - 3 addresses
Sep 29 19:46:27 gtw01 dnsmasq-dhcp[17174]: read /var/lib/neutron/dhcp/1fab36d5-2284-44af-b709-a736a066fa93/host
Sep 29 19:46:27 gtw01 dnsmasq-dhcp[17174]: read /var/lib/neutron/dhcp/1fab36d5-2284-44af-b709-a736a066fa93/opts
Sep 29 19:46:27 gtw01 kernel: [ 5945.565436] device tap31b70ee5-0d left promiscuous mode
Sep 29 19:46:28 gtw01 dnsmasq[17174]: read /var/lib/neutron/dhcp/1fab36d5-2284-44af-b709-a736a066fa93/addn_hosts - 3 addresses
Sep 29 19:46:28 gtw01 dnsmasq-dhcp[17174]: read /var/lib/neutron/dhcp/1fab36d5-2284-44af-b709-a736a066fa93/host
Sep 29 19:46:28 gtw01 dnsmasq-dhcp[17174]: read /var/lib/neutron/dhcp/1fab36d5-2284-44af-b709-a736a066fa93/opts
Sep 29 19:46:38 gtw01 dnsmasq[17174]: read /var/lib/neutron/dhcp/1fab36d5-2284-44af-b709-a736a066fa93/addn_hosts - 4 addresses
Sep 29 19:46:38 gtw01 dnsmasq-dhcp[17174]: read /var/lib/neutron/dhcp/1fab36d5-2284-44af-b709-a736a066fa93/host
Sep 29 19:46:38 gtw01 dnsmasq-dhcp[17174]: read /var/lib/neutron/dhcp/1fab36d5-2284-44af-b709-a736a066fa93/opts
Sep 29 19:46:39 gtw01 dnsmasq[17174]: read /var/lib/neutron/dhcp/1fab36d5-2284-44af-b709-a736a066fa93/addn_hosts - 4 addresses
Sep 29 19:46:39 gtw01 dnsmasq-dhcp[17174]: read /var/lib/neutron/dhcp/1fab36d5-2284-44af-b709-a736a066fa93/host
Sep 29 19:46:39 gtw01 dnsmasq-dhcp[17174]: read /var/lib/neutron/dhcp/1fab36d5-2284-44af-b709-a736a066fa93/opts
Sep 29 19:46:40 gtw01 dnsmasq[17174]: read /var/lib/neutron/dhcp/1fab36d5-2284-44af-b709-a736a066fa93/addn_hosts - 5 addresses
Sep 29 19:46:40 gtw01 dnsmasq-dhcp[17174]: read /var/lib/neutron/dhcp/1fab36d5-2284-44af-b709-a736a066fa93/host
Sep 29 19:46:40 gtw01 dnsmasq-dhcp[17174]: read /var/lib/neutron/dhcp/1fab36d5-2284-44af-b709-a736a066fa93/opts
Sep 29 19:46:41 gtw01 dnsmasq[17174]: read /var/lib/neutron/dhcp/1fab36d5-2284-44af-b709-a736a066fa93/addn_hosts - 5 addresses
Sep 29 19:46:41 gtw01 dnsmasq-dhcp[17174]: read /var/lib/neutron/dhcp/1fab36d5-2284-44af-b709-a736a066fa93/host
Sep 29 19:46:41 gtw01 dnsmasq-dhcp[17174]: read /var/lib/neutron/dhcp/1fab36d5-2284-44af-b709-a736a066fa93/opts
Sep 29 19:46:41 gtw01 dnsmasq-dhcp[17174]: DHCPDISCOVER(tap1a894f3a-0d) fa:16:3e:90:77:95
Sep 29 19:46:41 gtw01 dnsmasq-dhcp[17174]: DHCPOFFER(tap1a894f3a-0d) 192.168.120.20 fa:16:3e:90:77:95
Sep 29 19:46:41 gtw01 dnsmasq-dhcp[17174]: DHCPREQUEST(tap1a894f3a-0d) 192.168.120.20 fa:16:3e:90:77:95
Sep 29 19:46:41 gtw01 dnsmasq-dhcp[17174]: DHCPACK(tap1a894f3a-0d) 192.168.120.20 fa:16:3e:90:77:95 host-192-168-120-20
Sep 29 19:46:42 gtw01 dnsmasq[17174]: read /var/lib/neutron/dhcp/1fab36d5-2284-44af-b709-a736a066fa93/addn_hosts - 5 addresses
Sep 29 19:46:42 gtw01 dnsmasq-dhcp[17174]: read /var/lib/neutron/dhcp/1fab36d5-2284-44af-b709-a736a066fa93/host
Sep 29 19:46:42 gtw01 dnsmasq-dhcp[17174]: read /var/lib/neutron/dhcp/1fab36d5-2284-44af-b709-a736a066fa93/opts
Sep 29 19:46:43 gtw01 dnsmasq[17174]: read /var/lib/neutron/dhcp/1fab36d5-2284-44af-b709-a736a066fa93/addn_hosts - 5 addresses
Sep 29 19:46:43 gtw01 dnsmasq-dhcp[17174]: read /var/lib/neutron/dhcp/1fab36d5-2284-44af-b709-a736a066fa93/host
Sep 29 19:46:43 gtw01 dnsmasq-dhcp[17174]: read /var/lib/neutron/dhcp/1fab36d5-2284-44af-b709-a736a066fa93/opts
Sep 29 19:46:53 gtw01 dnsmasq-dhcp[17174]: DHCPDISCOVER(tap1a894f3a-0d) fa:16:3e:68:52:9d
Sep 29 19:46:53 gtw01 dnsmasq-dhcp[17174]: DHCPOFFER(tap1a894f3a-0d) 192.168.120.4 fa:16:3e:68:52:9d
Sep 29 19:46:53 gtw01 dnsmasq-dhcp[17174]: DHCPREQUEST(tap1a894f3a-0d) 192.168.120.4 fa:16:3e:68:52:9d
Sep 29 19:46:53 gtw01 dnsmasq-dhcp[17174]: DHCPACK(tap1a894f3a-0d) 192.168.120.4 fa:16:3e:68:52:9d host-192-168-120-4
Sep 29 19:46:57 gtw01 dnsmasq[17174]: read /var/lib/neutron/dhcp/1fab36d5-2284-44af-b709-a736a066fa93/addn_hosts - 6 addresses
Sep 29 19:46:57 gtw01 dnsmasq-dhcp[17174]: read /var/lib/neutron/dhcp/1fab36d5-2284-44af-b709-a736a066fa93/host
Sep 29 19:46:57 gtw01 dnsmasq-dhcp[17174]: read /var/lib/neutron/dhcp/1fab36d5-2284-44af-b709-a736a066fa93/opts
Sep 29 19:46:57 gtw01 dnsmasq[17174]: read /var/lib/neutron/dhcp/1fab36d5-2284-44af-b709-a736a066fa93/addn_hosts - 7 addresses
Sep 29 19:46:57 gtw01 dnsmasq-dhcp[17174]: read /var/lib/neutron/dhcp/1fab36d5-2284-44af-b709-a736a066fa93/host
Sep 29 19:46:57 gtw01 dnsmasq-dhcp[17174]: read /var/lib/neutron/dhcp/1fab36d5-2284-44af-b709-a736a066fa93/opts
Sep 29 19:46:58 gtw01 dnsmasq-dhcp[17174]: DHCPDISCOVER(tap1a894f3a-0d) fa:16:3e:f9:2c:5c
Sep 29 19:46:58 gtw01 dnsmasq-dhcp[17174]: DHCPOFFER(tap1a894f3a-0d) 192.168.120.3 fa:16:3e:f9:2c:5c
Sep 29 19:46:58 gtw01 dnsmasq-dhcp[17174]: DHCPREQUEST(tap1a894f3a-0d) 192.168.120.3 fa:16:3e:f9:2c:5c
Sep 29 19:46:58 gtw01 dnsmasq-dhcp[17174]: DHCPACK(tap1a894f3a-0d) 192.168.120.3 fa:16:3e:f9:2c:5c host-192-168-120-3
Sep 29 19:46:58 gtw01 dnsmasq[17174]: read /var/lib/neutron/dhcp/1fab36d5-2284-44af-b709-a736a066fa93/addn_hosts - 7 addresses
Sep 29 19:46:58 gtw01 dnsmasq-dhcp[17174]: read /var/lib/neutron/dhcp/1fab36d5-2284-44af-b709-a736a066fa93/host
Sep 29 19:46:58 gtw01 dnsmasq-dhcp[17174]: read /var/lib/neutron/dhcp/1fab36d5-2284-44af-b709-a736a066fa93/opts
Sep 29 19:46:59 gtw01 dnsmasq[17174]: read /var/lib/neutron/dhcp/1fab36d5-2284-44af-b709-a736a066fa93/addn_hosts - 7 addresses
Sep 29 19:46:59 gtw01 dnsmasq-dhcp[17174]: read /var/lib/neutron/dhcp/1fab36d5-2284-44af-b709-a736a066fa93/host
Sep 29 19:46:59 gtw01 dnsmasq-dhcp[17174]: read /var/lib/neutron/dhcp/1fab36d5-2284-44af-b709-a736a066fa93/opts
Sep 29 19:47:00 gtw01 dnsmasq[17174]: read /var/lib/neutron/dhcp/1fab36d5-2284-44af-b709-a736a066fa93/addn_hosts - 7 addresses
Sep 29 19:47:00 gtw01 dnsmasq-dhcp[17174]: read /var/lib/neutron/dhcp/1fab36d5-2284-44af-b709-a736a066fa93/host
Sep 29 19:47:00 gtw01 dnsmasq-dhcp[17174]: read /var/lib/neutron/dhcp/1fab36d5-2284-44af-b709-a736a066fa93/opts
Sep 29 19:47:01 gtw01 dnsmasq[17174]: read /var/lib/neutron/dhcp/1fab36d5-2284-44af-b709-a736a066fa93/addn_hosts - 7 addresses
Sep 29 19:47:01 gtw01 dnsmasq-dhcp[17174]: read /var/lib/neutron/dhcp/1fab36d5-2284-44af-b709-a736a066fa93/host
Sep 29 19:47:01 gtw01 dnsmasq-dhcp[17174]: read /var/lib/neutron/dhcp/1fab36d5-2284-44af-b709-a736a066fa93/opts
Sep 29 19:47:08 gtw01 dnsmasq[17174]: read /var/lib/neutron/dhcp/1fab36d5-2284-44af-b709-a736a066fa93/addn_hosts - 6 addresses
Sep 29 19:47:08 gtw01 dnsmasq-dhcp[17174]: read /var/lib/neutron/dhcp/1fab36d5-2284-44af-b709-a736a066fa93/host
Sep 29 19:47:08 gtw01 dnsmasq-dhcp[17174]: read /var/lib/neutron/dhcp/1fab36d5-2284-44af-b709-a736a066fa93/opts
Sep 29 19:47:09 gtw01 dnsmasq[17174]: read /var/lib/neutron/dhcp/1fab36d5-2284-44af-b709-a736a066fa93/addn_hosts - 5 addresses
Sep 29 19:47:09 gtw01 dnsmasq-dhcp[17174]: read /var/lib/neutron/dhcp/1fab36d5-2284-44af-b709-a736a066fa93/host
Sep 29 19:47:09 gtw01 dnsmasq-dhcp[17174]: read /var/lib/neutron/dhcp/1fab36d5-2284-44af-b709-a736a066fa93/opts
Sep 29 19:47:11 gtw01 dnsmasq-dhcp[17174]: DHCPRELEASE(tap1a894f3a-0d) 192.168.120.3 fa:16:3e:f9:2c:5c
Sep 29 19:47:11 gtw01 dnsmasq-dhcp[17174]: DHCPRELEASE(tap1a894f3a-0d) 192.168.120.3 fa:16:3e:f9:2c:5c unknown lease
Sep 29 19:47:12 gtw01 dnsmasq[17174]: read /var/lib/neutron/dhcp/1fab36d5-2284-44af-b709-a736a066fa93/addn_hosts - 4 addresses
Sep 29 19:47:12 gtw01 dnsmasq-dhcp[17174]: read /var/lib/neutron/dhcp/1fab36d5-2284-44af-b709-a736a066fa93/host
Sep 29 19:47:12 gtw01 dnsmasq-dhcp[17174]: read /var/lib/neutron/dhcp/1fab36d5-2284-44af-b709-a736a066fa93/opts
Sep 29 19:47:13 gtw01 dnsmasq-dhcp[17174]: DHCPRELEASE(tap1a894f3a-0d) 192.168.120.4 fa:16:3e:68:52:9d
Sep 29 19:47:13 gtw01 dnsmasq-dhcp[17174]: DHCPRELEASE(tap1a894f3a-0d) 192.168.120.4 fa:16:3e:68:52:9d unknown lease
Sep 29 19:47:14 gtw01 dnsmasq[17174]: read /var/lib/neutron/dhcp/1fab36d5-2284-44af-b709-a736a066fa93/addn_hosts - 3 addresses
Sep 29 19:47:14 gtw01 dnsmasq-dhcp[17174]: read /var/lib/neutron/dhcp/1fab36d5-2284-44af-b709-a736a066fa93/host
Sep 29 19:47:14 gtw01 dnsmasq-dhcp[17174]: read /var/lib/neutron/dhcp/1fab36d5-2284-44af-b709-a736a066fa93/opts
Sep 29 19:47:15 gtw01 dnsmasq-dhcp[17174]: DHCPRELEASE(tap1a894f3a-0d) 192.168.120.20 fa:16:3e:90:77:95
Sep 29 19:47:15 gtw01 dnsmasq-dhcp[17174]: DHCPRELEASE(tap1a894f3a-0d) 192.168.120.20 fa:16:3e:90:77:95 unknown lease
Sep 29 19:47:16 gtw01 dnsmasq[17174]: read /var/lib/neutron/dhcp/1fab36d5-2284-44af-b709-a736a066fa93/addn_hosts - 2 addresses
Sep 29 19:47:16 gtw01 dnsmasq-dhcp[17174]: read /var/lib/neutron/dhcp/1fab36d5-2284-44af-b709-a736a066fa93/host
Sep 29 19:47:16 gtw01 dnsmasq-dhcp[17174]: read /var/lib/neutron/dhcp/1fab36d5-2284-44af-b709-a736a066fa93/opts
Sep 29 19:47:24 gtw01 dnsmasq[17174]: read /var/lib/neutron/dhcp/1fab36d5-2284-44af-b709-a736a066fa93/addn_hosts - 3 addresses
Sep 29 19:47:24 gtw01 dnsmasq-dhcp[17174]: read /var/lib/neutron/dhcp/1fab36d5-2284-44af-b709-a736a066fa93/host
Sep 29 19:47:24 gtw01 dnsmasq-dhcp[17174]: read /var/lib/neutron/dhcp/1fab36d5-2284-44af-b709-a736a066fa93/opts
Sep 29 19:47:25 gtw01 dnsmasq[17174]: read /var/lib/neutron/dhcp/1fab36d5-2284-44af-b709-a736a066fa93/addn_hosts - 3 addresses
Sep 29 19:47:25 gtw01 dnsmasq-dhcp[17174]: read /var/lib/neutron/dhcp/1fab36d5-2284-44af-b709-a736a066fa93/host
Sep 29 19:47:25 gtw01 dnsmasq-dhcp[17174]: read /var/lib/neutron/dhcp/1fab36d5-2284-44af-b709-a736a066fa93/opts
Sep 29 19:47:26 gtw01 dnsmasq[17174]: read /var/lib/neutron/dhcp/1fab36d5-2284-44af-b709-a736a066fa93/addn_hosts - 3 addresses
Sep 29 19:47:26 gtw01 dnsmasq-dhcp[17174]: read /var/lib/neutron/dhcp/1fab36d5-2284-44af-b709-a736a066fa93/host
Sep 29 19:47:26 gtw01 dnsmasq-dhcp[17174]: read /var/lib/neutron/dhcp/1fab36d5-2284-44af-b709-a736a066fa93/opts
Sep 29 19:47:29 gtw01 systemd-udevd[18674]: Could not generate persistent MAC address for tap8586c002-46: No such file or directory
Sep 29 19:47:29 gtw01 kernel: [ 6007.547214] device tap8586c002-46 entered promiscuous mode
Sep 29 19:47:29 gtw01 systemd-udevd[18741]: Process '/sbin/ip link set tap8586c002-46 txqueuelen 10000' failed with exit code 1.
Sep 29 19:47:32 gtw01 dnsmasq[18805]: started, version 2.80 cachesize 150
Sep 29 19:47:32 gtw01 dnsmasq[18805]: DNS service limited to local subnets
Sep 29 19:47:32 gtw01 dnsmasq[18805]: compile time options: IPv6 GNU-getopt DBus i18n IDN DHCP DHCPv6 no-Lua TFTP conntrack ipset auth DNSSEC loop-detect inotify dumpfile
Sep 29 19:47:32 gtw01 dnsmasq[18805]: warning: no upstream servers configured
Sep 29 19:47:32 gtw01 dnsmasq-dhcp[18805]: DHCP, static leases only on 192.168.120.0, lease time 1h
Sep 29 19:47:32 gtw01 dnsmasq[18805]: read /var/lib/neutron/dhcp/8f40a5c6-54d5-4c1d-bcfe-53bb5829dc1c/addn_hosts - 1 addresses
Sep 29 19:47:32 gtw01 dnsmasq-dhcp[18805]: read /var/lib/neutron/dhcp/8f40a5c6-54d5-4c1d-bcfe-53bb5829dc1c/host
Sep 29 19:47:32 gtw01 dnsmasq-dhcp[18805]: read /var/lib/neutron/dhcp/8f40a5c6-54d5-4c1d-bcfe-53bb5829dc1c/opts
Sep 29 19:47:32 gtw01 haproxy-metadata-proxy-8f40a5c6-54d5-4c1d-bcfe-53bb5829dc1c[18809]: Proxy listener started.
Sep 29 19:47:33 gtw01 dnsmasq[18805]: read /var/lib/neutron/dhcp/8f40a5c6-54d5-4c1d-bcfe-53bb5829dc1c/addn_hosts - 2 addresses
Sep 29 19:47:33 gtw01 dnsmasq-dhcp[18805]: read /var/lib/neutron/dhcp/8f40a5c6-54d5-4c1d-bcfe-53bb5829dc1c/host
Sep 29 19:47:33 gtw01 dnsmasq-dhcp[18805]: read /var/lib/neutron/dhcp/8f40a5c6-54d5-4c1d-bcfe-53bb5829dc1c/opts
Sep 29 19:47:34 gtw01 dnsmasq[17174]: read /var/lib/neutron/dhcp/1fab36d5-2284-44af-b709-a736a066fa93/addn_hosts - 4 addresses
Sep 29 19:47:34 gtw01 dnsmasq-dhcp[17174]: read /var/lib/neutron/dhcp/1fab36d5-2284-44af-b709-a736a066fa93/host
Sep 29 19:47:34 gtw01 dnsmasq-dhcp[17174]: read /var/lib/neutron/dhcp/1fab36d5-2284-44af-b709-a736a066fa93/opts
Sep 29 19:47:34 gtw01 dnsmasq[18805]: read /var/lib/neutron/dhcp/8f40a5c6-54d5-4c1d-bcfe-53bb5829dc1c/addn_hosts - 2 addresses
Sep 29 19:47:34 gtw01 dnsmasq-dhcp[18805]: read /var/lib/neutron/dhcp/8f40a5c6-54d5-4c1d-bcfe-53bb5829dc1c/host
Sep 29 19:47:34 gtw01 dnsmasq-dhcp[18805]: read /var/lib/neutron/dhcp/8f40a5c6-54d5-4c1d-bcfe-53bb5829dc1c/opts
Sep 29 19:47:34 gtw01 dnsmasq[17174]: read /var/lib/neutron/dhcp/1fab36d5-2284-44af-b709-a736a066fa93/addn_hosts - 4 addresses
Sep 29 19:47:34 gtw01 dnsmasq-dhcp[17174]: read /var/lib/neutron/dhcp/1fab36d5-2284-44af-b709-a736a066fa93/host
Sep 29 19:47:34 gtw01 dnsmasq-dhcp[17174]: read /var/lib/neutron/dhcp/1fab36d5-2284-44af-b709-a736a066fa93/opts
Sep 29 19:47:35 gtw01 dnsmasq[18805]: read /var/lib/neutron/dhcp/8f40a5c6-54d5-4c1d-bcfe-53bb5829dc1c/addn_hosts - 2 addresses
Sep 29 19:47:35 gtw01 dnsmasq-dhcp[18805]: read /var/lib/neutron/dhcp/8f40a5c6-54d5-4c1d-bcfe-53bb5829dc1c/host
Sep 29 19:47:35 gtw01 dnsmasq-dhcp[18805]: read /var/lib/neutron/dhcp/8f40a5c6-54d5-4c1d-bcfe-53bb5829dc1c/opts
Sep 29 19:47:35 gtw01 dnsmasq[17174]: read /var/lib/neutron/dhcp/1fab36d5-2284-44af-b709-a736a066fa93/addn_hosts - 4 addresses
Sep 29 19:47:35 gtw01 dnsmasq-dhcp[17174]: read /var/lib/neutron/dhcp/1fab36d5-2284-44af-b709-a736a066fa93/host
Sep 29 19:47:35 gtw01 dnsmasq-dhcp[17174]: read /var/lib/neutron/dhcp/1fab36d5-2284-44af-b709-a736a066fa93/opts
Sep 29 19:47:36 gtw01 dnsmasq[18805]: read /var/lib/neutron/dhcp/8f40a5c6-54d5-4c1d-bcfe-53bb5829dc1c/addn_hosts - 2 addresses
Sep 29 19:47:36 gtw01 dnsmasq-dhcp[18805]: read /var/lib/neutron/dhcp/8f40a5c6-54d5-4c1d-bcfe-53bb5829dc1c/host
Sep 29 19:47:36 gtw01 dnsmasq-dhcp[18805]: read /var/lib/neutron/dhcp/8f40a5c6-54d5-4c1d-bcfe-53bb5829dc1c/opts
Sep 29 19:47:37 gtw01 dnsmasq[18805]: read /var/lib/neutron/dhcp/8f40a5c6-54d5-4c1d-bcfe-53bb5829dc1c/addn_hosts - 3 addresses
Sep 29 19:47:37 gtw01 dnsmasq-dhcp[18805]: read /var/lib/neutron/dhcp/8f40a5c6-54d5-4c1d-bcfe-53bb5829dc1c/host
Sep 29 19:47:37 gtw01 dnsmasq-dhcp[18805]: read /var/lib/neutron/dhcp/8f40a5c6-54d5-4c1d-bcfe-53bb5829dc1c/opts
Sep 29 19:47:38 gtw01 dnsmasq[18805]: read /var/lib/neutron/dhcp/8f40a5c6-54d5-4c1d-bcfe-53bb5829dc1c/addn_hosts - 3 addresses
Sep 29 19:47:38 gtw01 dnsmasq-dhcp[18805]: read /var/lib/neutron/dhcp/8f40a5c6-54d5-4c1d-bcfe-53bb5829dc1c/host
Sep 29 19:47:38 gtw01 dnsmasq-dhcp[18805]: read /var/lib/neutron/dhcp/8f40a5c6-54d5-4c1d-bcfe-53bb5829dc1c/opts
Sep 29 19:47:39 gtw01 dnsmasq[18805]: read /var/lib/neutron/dhcp/8f40a5c6-54d5-4c1d-bcfe-53bb5829dc1c/addn_hosts - 3 addresses
Sep 29 19:47:39 gtw01 dnsmasq-dhcp[18805]: read /var/lib/neutron/dhcp/8f40a5c6-54d5-4c1d-bcfe-53bb5829dc1c/host
Sep 29 19:47:39 gtw01 dnsmasq-dhcp[18805]: read /var/lib/neutron/dhcp/8f40a5c6-54d5-4c1d-bcfe-53bb5829dc1c/opts
Sep 29 19:47:39 gtw01 dnsmasq-dhcp[17174]: DHCPDISCOVER(tap1a894f3a-0d) fa:16:3e:e8:4d:a9
Sep 29 19:47:39 gtw01 dnsmasq-dhcp[17174]: DHCPOFFER(tap1a894f3a-0d) 192.168.120.3 fa:16:3e:e8:4d:a9
Sep 29 19:47:39 gtw01 dnsmasq-dhcp[17174]: DHCPREQUEST(tap1a894f3a-0d) 192.168.120.3 fa:16:3e:e8:4d:a9
Sep 29 19:47:39 gtw01 dnsmasq-dhcp[17174]: DHCPACK(tap1a894f3a-0d) 192.168.120.3 fa:16:3e:e8:4d:a9 host-192-168-120-3
Sep 29 19:47:40 gtw01 dnsmasq[18805]: read /var/lib/neutron/dhcp/8f40a5c6-54d5-4c1d-bcfe-53bb5829dc1c/addn_hosts - 3 addresses
Sep 29 19:47:40 gtw01 dnsmasq-dhcp[18805]: read /var/lib/neutron/dhcp/8f40a5c6-54d5-4c1d-bcfe-53bb5829dc1c/host
Sep 29 19:47:40 gtw01 dnsmasq-dhcp[18805]: read /var/lib/neutron/dhcp/8f40a5c6-54d5-4c1d-bcfe-53bb5829dc1c/opts
Sep 29 19:47:44 gtw01 dnsmasq[17174]: read /var/lib/neutron/dhcp/1fab36d5-2284-44af-b709-a736a066fa93/addn_hosts - 3 addresses
Sep 29 19:47:44 gtw01 dnsmasq-dhcp[17174]: read /var/lib/neutron/dhcp/1fab36d5-2284-44af-b709-a736a066fa93/host
Sep 29 19:47:44 gtw01 dnsmasq-dhcp[17174]: read /var/lib/neutron/dhcp/1fab36d5-2284-44af-b709-a736a066fa93/opts
Sep 29 19:47:46 gtw01 dnsmasq-dhcp[17174]: DHCPRELEASE(tap1a894f3a-0d) 192.168.120.3 fa:16:3e:e8:4d:a9
Sep 29 19:47:46 gtw01 dnsmasq-dhcp[17174]: DHCPRELEASE(tap1a894f3a-0d) 192.168.120.3 fa:16:3e:e8:4d:a9 unknown lease
Sep 29 19:47:47 gtw01 dnsmasq[17174]: read /var/lib/neutron/dhcp/1fab36d5-2284-44af-b709-a736a066fa93/addn_hosts - 2 addresses
Sep 29 19:47:47 gtw01 dnsmasq-dhcp[17174]: read /var/lib/neutron/dhcp/1fab36d5-2284-44af-b709-a736a066fa93/host
Sep 29 19:47:47 gtw01 dnsmasq-dhcp[17174]: read /var/lib/neutron/dhcp/1fab36d5-2284-44af-b709-a736a066fa93/opts
Sep 29 19:47:48 gtw01 dnsmasq[18805]: read /var/lib/neutron/dhcp/8f40a5c6-54d5-4c1d-bcfe-53bb5829dc1c/addn_hosts - 4 addresses
Sep 29 19:47:48 gtw01 dnsmasq-dhcp[18805]: read /var/lib/neutron/dhcp/8f40a5c6-54d5-4c1d-bcfe-53bb5829dc1c/host
Sep 29 19:47:48 gtw01 dnsmasq-dhcp[18805]: read /var/lib/neutron/dhcp/8f40a5c6-54d5-4c1d-bcfe-53bb5829dc1c/opts
Sep 29 19:47:49 gtw01 dnsmasq[18805]: read /var/lib/neutron/dhcp/8f40a5c6-54d5-4c1d-bcfe-53bb5829dc1c/addn_hosts - 4 addresses
Sep 29 19:47:49 gtw01 dnsmasq-dhcp[18805]: read /var/lib/neutron/dhcp/8f40a5c6-54d5-4c1d-bcfe-53bb5829dc1c/host
Sep 29 19:47:49 gtw01 dnsmasq-dhcp[18805]: read /var/lib/neutron/dhcp/8f40a5c6-54d5-4c1d-bcfe-53bb5829dc1c/opts
Sep 29 19:47:50 gtw01 dnsmasq[18805]: read /var/lib/neutron/dhcp/8f40a5c6-54d5-4c1d-bcfe-53bb5829dc1c/addn_hosts - 4 addresses
Sep 29 19:47:50 gtw01 dnsmasq-dhcp[18805]: read /var/lib/neutron/dhcp/8f40a5c6-54d5-4c1d-bcfe-53bb5829dc1c/host
Sep 29 19:47:50 gtw01 dnsmasq-dhcp[18805]: read /var/lib/neutron/dhcp/8f40a5c6-54d5-4c1d-bcfe-53bb5829dc1c/opts
Sep 29 19:47:50 gtw01 dnsmasq-dhcp[18805]: DHCPDISCOVER(tap8586c002-46) fa:16:3e:46:78:fe
Sep 29 19:47:50 gtw01 dnsmasq-dhcp[18805]: DHCPOFFER(tap8586c002-46) 192.168.120.4 fa:16:3e:46:78:fe
Sep 29 19:47:50 gtw01 dnsmasq-dhcp[18805]: DHCPREQUEST(tap8586c002-46) 192.168.120.4 fa:16:3e:46:78:fe
Sep 29 19:47:50 gtw01 dnsmasq-dhcp[18805]: DHCPACK(tap8586c002-46) 192.168.120.4 fa:16:3e:46:78:fe host-192-168-120-4
Sep 29 19:48:04 gtw01 dnsmasq-dhcp[18805]: DHCPDISCOVER(tap8586c002-46) fa:16:3e:8d:e5:1b
Sep 29 19:48:04 gtw01 dnsmasq-dhcp[18805]: DHCPOFFER(tap8586c002-46) 192.168.120.3 fa:16:3e:8d:e5:1b
Sep 29 19:48:04 gtw01 dnsmasq-dhcp[18805]: DHCPREQUEST(tap8586c002-46) 192.168.120.3 fa:16:3e:8d:e5:1b
Sep 29 19:48:04 gtw01 dnsmasq-dhcp[18805]: DHCPACK(tap8586c002-46) 192.168.120.3 fa:16:3e:8d:e5:1b host-192-168-120-3
Sep 29 19:48:11 gtw01 dnsmasq-dhcp[18805]: DHCPRELEASE(tap8586c002-46) 192.168.120.3 fa:16:3e:8d:e5:1b
Sep 29 19:48:11 gtw01 dnsmasq-dhcp[18805]: DHCPRELEASE(tap8586c002-46) 192.168.120.3 fa:16:3e:8d:e5:1b unknown lease
Sep 29 19:48:12 gtw01 dnsmasq[18805]: read /var/lib/neutron/dhcp/8f40a5c6-54d5-4c1d-bcfe-53bb5829dc1c/addn_hosts - 3 addresses
Sep 29 19:48:12 gtw01 dnsmasq-dhcp[18805]: read /var/lib/neutron/dhcp/8f40a5c6-54d5-4c1d-bcfe-53bb5829dc1c/host
Sep 29 19:48:12 gtw01 dnsmasq-dhcp[18805]: read /var/lib/neutron/dhcp/8f40a5c6-54d5-4c1d-bcfe-53bb5829dc1c/opts
Sep 29 19:48:23 gtw01 dnsmasq-dhcp[18805]: DHCPRELEASE(tap8586c002-46) 192.168.120.4 fa:16:3e:46:78:fe
Sep 29 19:48:23 gtw01 dnsmasq-dhcp[18805]: DHCPRELEASE(tap8586c002-46) 192.168.120.4 fa:16:3e:46:78:fe unknown lease
Sep 29 19:48:24 gtw01 dnsmasq[18805]: read /var/lib/neutron/dhcp/8f40a5c6-54d5-4c1d-bcfe-53bb5829dc1c/addn_hosts - 2 addresses
Sep 29 19:48:24 gtw01 dnsmasq-dhcp[18805]: read /var/lib/neutron/dhcp/8f40a5c6-54d5-4c1d-bcfe-53bb5829dc1c/host
Sep 29 19:48:24 gtw01 dnsmasq-dhcp[18805]: read /var/lib/neutron/dhcp/8f40a5c6-54d5-4c1d-bcfe-53bb5829dc1c/opts
Sep 29 19:48:24 gtw01 dnsmasq[17174]: read /var/lib/neutron/dhcp/1fab36d5-2284-44af-b709-a736a066fa93/addn_hosts - 3 addresses
Sep 29 19:48:24 gtw01 dnsmasq-dhcp[17174]: read /var/lib/neutron/dhcp/1fab36d5-2284-44af-b709-a736a066fa93/host
Sep 29 19:48:24 gtw01 dnsmasq-dhcp[17174]: read /var/lib/neutron/dhcp/1fab36d5-2284-44af-b709-a736a066fa93/opts
Sep 29 19:48:25 gtw01 dnsmasq[17174]: read /var/lib/neutron/dhcp/1fab36d5-2284-44af-b709-a736a066fa93/addn_hosts - 3 addresses
Sep 29 19:48:25 gtw01 dnsmasq-dhcp[17174]: read /var/lib/neutron/dhcp/1fab36d5-2284-44af-b709-a736a066fa93/host
Sep 29 19:48:25 gtw01 dnsmasq-dhcp[17174]: read /var/lib/neutron/dhcp/1fab36d5-2284-44af-b709-a736a066fa93/opts
Sep 29 19:48:26 gtw01 dnsmasq[17174]: read /var/lib/neutron/dhcp/1fab36d5-2284-44af-b709-a736a066fa93/addn_hosts - 3 addresses
Sep 29 19:48:26 gtw01 dnsmasq-dhcp[17174]: read /var/lib/neutron/dhcp/1fab36d5-2284-44af-b709-a736a066fa93/host
Sep 29 19:48:26 gtw01 dnsmasq-dhcp[17174]: read /var/lib/neutron/dhcp/1fab36d5-2284-44af-b709-a736a066fa93/opts
Sep 29 19:48:27 gtw01 dnsmasq[18805]: read /var/lib/neutron/dhcp/8f40a5c6-54d5-4c1d-bcfe-53bb5829dc1c/addn_hosts - 1 addresses
Sep 29 19:48:27 gtw01 dnsmasq-dhcp[18805]: read /var/lib/neutron/dhcp/8f40a5c6-54d5-4c1d-bcfe-53bb5829dc1c/host
Sep 29 19:48:27 gtw01 dnsmasq-dhcp[18805]: read /var/lib/neutron/dhcp/8f40a5c6-54d5-4c1d-bcfe-53bb5829dc1c/opts
Sep 29 19:48:33 gtw01 kernel: [ 6071.428425] device tap8586c002-46 left promiscuous mode
Sep 29 19:48:33 gtw01 dnsmasq[17174]: read /var/lib/neutron/dhcp/1fab36d5-2284-44af-b709-a736a066fa93/addn_hosts - 2 addresses
Sep 29 19:48:33 gtw01 dnsmasq-dhcp[17174]: read /var/lib/neutron/dhcp/1fab36d5-2284-44af-b709-a736a066fa93/host
Sep 29 19:48:33 gtw01 dnsmasq-dhcp[17174]: read /var/lib/neutron/dhcp/1fab36d5-2284-44af-b709-a736a066fa93/opts
Sep 29 19:48:42 gtw01 kernel: [ 6080.292950] device tap8b1bba82-91 entered promiscuous mode
Sep 29 19:48:42 gtw01 systemd-udevd[19234]: Could not generate persistent MAC address for tap8b1bba82-91: No such file or directory
Sep 29 19:48:42 gtw01 systemd-udevd[19302]: Process '/sbin/ip link set tap8b1bba82-91 txqueuelen 10000' failed with exit code 1.
Sep 29 19:48:45 gtw01 dnsmasq[19371]: started, version 2.80 cachesize 150
Sep 29 19:48:45 gtw01 dnsmasq[19371]: DNS service limited to local subnets
Sep 29 19:48:45 gtw01 dnsmasq[19371]: compile time options: IPv6 GNU-getopt DBus i18n IDN DHCP DHCPv6 no-Lua TFTP conntrack ipset auth DNSSEC loop-detect inotify dumpfile
Sep 29 19:48:45 gtw01 dnsmasq[19371]: warning: no upstream servers configured
Sep 29 19:48:45 gtw01 dnsmasq-dhcp[19371]: DHCP, static leases only on 192.168.120.0, lease time 1h
Sep 29 19:48:45 gtw01 dnsmasq[19371]: read /var/lib/neutron/dhcp/6fc44ee4-eb30-46f8-81a4-7be9340bf381/addn_hosts - 1 addresses
Sep 29 19:48:45 gtw01 dnsmasq-dhcp[19371]: read /var/lib/neutron/dhcp/6fc44ee4-eb30-46f8-81a4-7be9340bf381/host
Sep 29 19:48:45 gtw01 dnsmasq-dhcp[19371]: read /var/lib/neutron/dhcp/6fc44ee4-eb30-46f8-81a4-7be9340bf381/opts
Sep 29 19:48:45 gtw01 dnsmasq[17174]: read /var/lib/neutron/dhcp/1fab36d5-2284-44af-b709-a736a066fa93/addn_hosts - 3 addresses
Sep 29 19:48:45 gtw01 dnsmasq-dhcp[17174]: read /var/lib/neutron/dhcp/1fab36d5-2284-44af-b709-a736a066fa93/host
Sep 29 19:48:45 gtw01 dnsmasq-dhcp[17174]: read /var/lib/neutron/dhcp/1fab36d5-2284-44af-b709-a736a066fa93/opts
Sep 29 19:48:45 gtw01 haproxy-metadata-proxy-6fc44ee4-eb30-46f8-81a4-7be9340bf381[19380]: Proxy listener started.
Sep 29 19:48:46 gtw01 dnsmasq[19371]: read /var/lib/neutron/dhcp/6fc44ee4-eb30-46f8-81a4-7be9340bf381/addn_hosts - 2 addresses
Sep 29 19:48:46 gtw01 dnsmasq-dhcp[19371]: read /var/lib/neutron/dhcp/6fc44ee4-eb30-46f8-81a4-7be9340bf381/host
Sep 29 19:48:46 gtw01 dnsmasq-dhcp[19371]: read /var/lib/neutron/dhcp/6fc44ee4-eb30-46f8-81a4-7be9340bf381/opts
Sep 29 19:48:47 gtw01 dnsmasq[17174]: read /var/lib/neutron/dhcp/1fab36d5-2284-44af-b709-a736a066fa93/addn_hosts - 3 addresses
Sep 29 19:48:47 gtw01 dnsmasq-dhcp[17174]: read /var/lib/neutron/dhcp/1fab36d5-2284-44af-b709-a736a066fa93/host
Sep 29 19:48:47 gtw01 dnsmasq-dhcp[17174]: read /var/lib/neutron/dhcp/1fab36d5-2284-44af-b709-a736a066fa93/opts
Sep 29 19:48:47 gtw01 dnsmasq[19371]: read /var/lib/neutron/dhcp/6fc44ee4-eb30-46f8-81a4-7be9340bf381/addn_hosts - 2 addresses
Sep 29 19:48:47 gtw01 dnsmasq-dhcp[19371]: read /var/lib/neutron/dhcp/6fc44ee4-eb30-46f8-81a4-7be9340bf381/host
Sep 29 19:48:47 gtw01 dnsmasq-dhcp[19371]: read /var/lib/neutron/dhcp/6fc44ee4-eb30-46f8-81a4-7be9340bf381/opts
Sep 29 19:48:48 gtw01 dnsmasq[17174]: read /var/lib/neutron/dhcp/1fab36d5-2284-44af-b709-a736a066fa93/addn_hosts - 3 addresses
Sep 29 19:48:48 gtw01 dnsmasq-dhcp[17174]: read /var/lib/neutron/dhcp/1fab36d5-2284-44af-b709-a736a066fa93/host
Sep 29 19:48:48 gtw01 dnsmasq-dhcp[17174]: read /var/lib/neutron/dhcp/1fab36d5-2284-44af-b709-a736a066fa93/opts
Sep 29 19:48:48 gtw01 dnsmasq[19371]: read /var/lib/neutron/dhcp/6fc44ee4-eb30-46f8-81a4-7be9340bf381/addn_hosts - 2 addresses
Sep 29 19:48:48 gtw01 dnsmasq-dhcp[19371]: read /var/lib/neutron/dhcp/6fc44ee4-eb30-46f8-81a4-7be9340bf381/host
Sep 29 19:48:48 gtw01 dnsmasq-dhcp[19371]: read /var/lib/neutron/dhcp/6fc44ee4-eb30-46f8-81a4-7be9340bf381/opts
Sep 29 19:48:49 gtw01 dnsmasq[19371]: read /var/lib/neutron/dhcp/6fc44ee4-eb30-46f8-81a4-7be9340bf381/addn_hosts - 2 addresses
Sep 29 19:48:49 gtw01 dnsmasq-dhcp[19371]: read /var/lib/neutron/dhcp/6fc44ee4-eb30-46f8-81a4-7be9340bf381/host
Sep 29 19:48:49 gtw01 dnsmasq-dhcp[19371]: read /var/lib/neutron/dhcp/6fc44ee4-eb30-46f8-81a4-7be9340bf381/opts
Sep 29 19:48:50 gtw01 dnsmasq[19371]: read /var/lib/neutron/dhcp/6fc44ee4-eb30-46f8-81a4-7be9340bf381/addn_hosts - 2 addresses
Sep 29 19:48:50 gtw01 dnsmasq-dhcp[19371]: read /var/lib/neutron/dhcp/6fc44ee4-eb30-46f8-81a4-7be9340bf381/host
Sep 29 19:48:50 gtw01 dnsmasq-dhcp[19371]: read /var/lib/neutron/dhcp/6fc44ee4-eb30-46f8-81a4-7be9340bf381/opts
Sep 29 19:48:53 gtw01 dnsmasq[17174]: read /var/lib/neutron/dhcp/1fab36d5-2284-44af-b709-a736a066fa93/addn_hosts - 2 addresses
Sep 29 19:48:53 gtw01 dnsmasq-dhcp[17174]: read /var/lib/neutron/dhcp/1fab36d5-2284-44af-b709-a736a066fa93/host
Sep 29 19:48:53 gtw01 dnsmasq-dhcp[17174]: read /var/lib/neutron/dhcp/1fab36d5-2284-44af-b709-a736a066fa93/opts
Sep 29 19:49:06 gtw01 dnsmasq[17174]: read /var/lib/neutron/dhcp/1fab36d5-2284-44af-b709-a736a066fa93/addn_hosts - 3 addresses
Sep 29 19:49:06 gtw01 dnsmasq-dhcp[17174]: read /var/lib/neutron/dhcp/1fab36d5-2284-44af-b709-a736a066fa93/host
Sep 29 19:49:06 gtw01 dnsmasq-dhcp[17174]: read /var/lib/neutron/dhcp/1fab36d5-2284-44af-b709-a736a066fa93/opts
Sep 29 19:49:07 gtw01 dnsmasq[17174]: read /var/lib/neutron/dhcp/1fab36d5-2284-44af-b709-a736a066fa93/addn_hosts - 4 addresses
Sep 29 19:49:07 gtw01 dnsmasq-dhcp[17174]: read /var/lib/neutron/dhcp/1fab36d5-2284-44af-b709-a736a066fa93/host
Sep 29 19:49:07 gtw01 dnsmasq-dhcp[17174]: read /var/lib/neutron/dhcp/1fab36d5-2284-44af-b709-a736a066fa93/opts
