Sep 29 18:58:41 gtw01 dnsmasq-dhcp[27923]: read /var/lib/neutron/dhcp/b96d1d74-9b01-4bdf-baa0-65e3d7547798/host
Sep 29 18:58:41 gtw01 dnsmasq-dhcp[27923]: read /var/lib/neutron/dhcp/b96d1d74-9b01-4bdf-baa0-65e3d7547798/opts
Sep 29 18:58:41 gtw01 haproxy-metadata-proxy-b96d1d74-9b01-4bdf-baa0-65e3d7547798[27933]: Proxy listener started.
Sep 29 18:58:41 gtw01 dnsmasq[27599]: read /var/lib/neutron/dhcp/cd48d1eb-ecde-4a13-b313-2a0a902be233/addn_hosts - 2 addresses
Sep 29 18:58:41 gtw01 dnsmasq-dhcp[27599]: read /var/lib/neutron/dhcp/cd48d1eb-ecde-4a13-b313-2a0a902be233/host
Sep 29 18:58:41 gtw01 dnsmasq-dhcp[27599]: read /var/lib/neutron/dhcp/cd48d1eb-ecde-4a13-b313-2a0a902be233/opts
Sep 29 18:58:41 gtw01 dnsmasq[27952]: started, version 2.80 cachesize 150
Sep 29 18:58:41 gtw01 dnsmasq[27952]: DNS service limited to local subnets
Sep 29 18:58:41 gtw01 dnsmasq[27952]: compile time options: IPv6 GNU-getopt DBus i18n IDN DHCP DHCPv6 no-Lua TFTP conntrack ipset auth DNSSEC loop-detect inotify dumpfile
Sep 29 18:58:41 gtw01 dnsmasq[27952]: warning: no upstream servers configured
Sep 29 18:58:41 gtw01 dnsmasq-dhcp[27952]: DHCP, static leases only on 192.168.120.16, lease time 1h
Sep 29 18:58:41 gtw01 dnsmasq[27952]: read /var/lib/neutron/dhcp/476decbf-3d59-4fac-a90b-5b1011684e04/addn_hosts - 1 addresses
Sep 29 18:58:41 gtw01 dnsmasq-dhcp[27952]: read /var/lib/neutron/dhcp/476decbf-3d59-4fac-a90b-5b1011684e04/host
Sep 29 18:58:41 gtw01 dnsmasq-dhcp[27952]: read /var/lib/neutron/dhcp/476decbf-3d59-4fac-a90b-5b1011684e04/opts
Sep 29 18:58:42 gtw01 haproxy-metadata-proxy-476decbf-3d59-4fac-a90b-5b1011684e04[27962]: Proxy listener started.
Sep 29 18:58:42 gtw01 kernel: [ 3080.511180] device tap3eed468f-0a left promiscuous mode
Sep 29 18:58:42 gtw01 dnsmasq[27599]: read /var/lib/neutron/dhcp/cd48d1eb-ecde-4a13-b313-2a0a902be233/addn_hosts - 3 addresses
Sep 29 18:58:42 gtw01 dnsmasq-dhcp[27599]: read /var/lib/neutron/dhcp/cd48d1eb-ecde-4a13-b313-2a0a902be233/host
Sep 29 18:58:42 gtw01 dnsmasq-dhcp[27599]: read /var/lib/neutron/dhcp/cd48d1eb-ecde-4a13-b313-2a0a902be233/opts
Sep 29 18:58:42 gtw01 kernel: [ 3081.148979] device tap2356967d-ad left promiscuous mode
Sep 29 18:58:43 gtw01 dnsmasq[27599]: read /var/lib/neutron/dhcp/cd48d1eb-ecde-4a13-b313-2a0a902be233/addn_hosts - 3 addresses
Sep 29 18:58:43 gtw01 dnsmasq-dhcp[27599]: read /var/lib/neutron/dhcp/cd48d1eb-ecde-4a13-b313-2a0a902be233/host
Sep 29 18:58:43 gtw01 dnsmasq-dhcp[27599]: read /var/lib/neutron/dhcp/cd48d1eb-ecde-4a13-b313-2a0a902be233/opts
Sep 29 18:58:49 gtw01 kernel: [ 3088.033616] device tap993a14b0-c9 entered promiscuous mode
Sep 29 18:58:49 gtw01 systemd-udevd[28031]: Could not generate persistent MAC address for tap993a14b0-c9: No such file or directory
Sep 29 18:58:49 gtw01 systemd-udevd[28031]: Process '/sbin/ip link set tap993a14b0-c9 txqueuelen 10000' failed with exit code 1.
Sep 29 18:58:49 gtw01 systemd-udevd[28106]: Process '/sbin/ip link set tap993a14b0-c9 txqueuelen 10000' failed with exit code 1.
Sep 29 18:58:53 gtw01 dnsmasq[28172]: started, version 2.80 cachesize 150
Sep 29 18:58:53 gtw01 dnsmasq[28172]: DNS service limited to local subnets
Sep 29 18:58:53 gtw01 dnsmasq[28172]: compile time options: IPv6 GNU-getopt DBus i18n IDN DHCP DHCPv6 no-Lua TFTP conntrack ipset auth DNSSEC loop-detect inotify dumpfile
Sep 29 18:58:53 gtw01 dnsmasq[28172]: warning: no upstream servers configured
Sep 29 18:58:53 gtw01 dnsmasq-dhcp[28172]: DHCPv6, static leases only on 2003::, lease time 1h
Sep 29 18:58:53 gtw01 dnsmasq[28172]: read /var/lib/neutron/dhcp/b19a31bf-ad8f-4fae-af8a-a40c969fb7b9/addn_hosts - 1 addresses
Sep 29 18:58:53 gtw01 dnsmasq-dhcp[28172]: read /var/lib/neutron/dhcp/b19a31bf-ad8f-4fae-af8a-a40c969fb7b9/host
Sep 29 18:58:53 gtw01 dnsmasq-dhcp[28172]: read /var/lib/neutron/dhcp/b19a31bf-ad8f-4fae-af8a-a40c969fb7b9/opts
Sep 29 18:58:53 gtw01 dnsmasq[27321]: read /var/lib/neutron/dhcp/3ca338a7-433b-4ce9-9f6f-8e0de4209cc4/addn_hosts - 2 addresses
Sep 29 18:58:53 gtw01 dnsmasq-dhcp[27321]: read /var/lib/neutron/dhcp/3ca338a7-433b-4ce9-9f6f-8e0de4209cc4/host
Sep 29 18:58:53 gtw01 dnsmasq-dhcp[27321]: read /var/lib/neutron/dhcp/3ca338a7-433b-4ce9-9f6f-8e0de4209cc4/opts
Sep 29 18:58:53 gtw01 dnsmasq[28172]: read /var/lib/neutron/dhcp/b19a31bf-ad8f-4fae-af8a-a40c969fb7b9/addn_hosts - 1 addresses
Sep 29 18:58:53 gtw01 dnsmasq-dhcp[28172]: read /var/lib/neutron/dhcp/b19a31bf-ad8f-4fae-af8a-a40c969fb7b9/host
Sep 29 18:58:53 gtw01 dnsmasq-dhcp[28172]: read /var/lib/neutron/dhcp/b19a31bf-ad8f-4fae-af8a-a40c969fb7b9/opts
Sep 29 18:58:55 gtw01 kernel: [ 3093.200778] device tap993a14b0-c9 left promiscuous mode
Sep 29 18:58:59 gtw01 dnsmasq[27599]: read /var/lib/neutron/dhcp/cd48d1eb-ecde-4a13-b313-2a0a902be233/addn_hosts - 2 addresses
Sep 29 18:58:59 gtw01 dnsmasq-dhcp[27599]: read /var/lib/neutron/dhcp/cd48d1eb-ecde-4a13-b313-2a0a902be233/host
Sep 29 18:58:59 gtw01 dnsmasq-dhcp[27599]: read /var/lib/neutron/dhcp/cd48d1eb-ecde-4a13-b313-2a0a902be233/opts
Sep 29 18:59:03 gtw01 dnsmasq[27321]: read /var/lib/neutron/dhcp/3ca338a7-433b-4ce9-9f6f-8e0de4209cc4/addn_hosts - 1 addresses
Sep 29 18:59:03 gtw01 dnsmasq-dhcp[27321]: read /var/lib/neutron/dhcp/3ca338a7-433b-4ce9-9f6f-8e0de4209cc4/host
Sep 29 18:59:03 gtw01 dnsmasq-dhcp[27321]: read /var/lib/neutron/dhcp/3ca338a7-433b-4ce9-9f6f-8e0de4209cc4/opts
Sep 29 18:59:04 gtw01 dnsmasq[27599]: read /var/lib/neutron/dhcp/cd48d1eb-ecde-4a13-b313-2a0a902be233/addn_hosts - 1 addresses
Sep 29 18:59:04 gtw01 dnsmasq-dhcp[27599]: read /var/lib/neutron/dhcp/cd48d1eb-ecde-4a13-b313-2a0a902be233/host
Sep 29 18:59:04 gtw01 dnsmasq-dhcp[27599]: read /var/lib/neutron/dhcp/cd48d1eb-ecde-4a13-b313-2a0a902be233/opts
Sep 29 18:59:06 gtw01 kernel: [ 3104.805707] device tapaab2694a-b8 left promiscuous mode
Sep 29 18:59:08 gtw01 kernel: [ 3106.867222] device tapfff1c8b6-88 left promiscuous mode
Sep 29 18:59:14 gtw01 kernel: [ 3112.924476] device tap0dcf53bf-06 entered promiscuous mode
Sep 29 18:59:14 gtw01 systemd-udevd[28290]: Could not generate persistent MAC address for tap0dcf53bf-06: No such file or directory
Sep 29 18:59:14 gtw01 systemd-udevd[28290]: Process '/sbin/ip link set tap0dcf53bf-06 txqueuelen 10000' failed with exit code 1.
Sep 29 18:59:14 gtw01 systemd-udevd[28290]: Process '/sbin/ip link set tap0dcf53bf-06 txqueuelen 10000' failed with exit code 1.
Sep 29 18:59:16 gtw01 kernel: [ 3115.144836] device tape0f9785b-4a entered promiscuous mode
Sep 29 18:59:16 gtw01 systemd-udevd[28428]: Could not generate persistent MAC address for tape0f9785b-4a: No such file or directory
Sep 29 18:59:17 gtw01 systemd-udevd[28428]: Process '/sbin/ip link set tape0f9785b-4a txqueuelen 10000' failed with exit code 1.
Sep 29 18:59:17 gtw01 systemd-udevd[28499]: Process '/sbin/ip link set tape0f9785b-4a txqueuelen 10000' failed with exit code 1.
Sep 29 18:59:18 gtw01 dnsmasq[28554]: started, version 2.80 cachesize 150
Sep 29 18:59:18 gtw01 dnsmasq[28554]: DNS service limited to local subnets
Sep 29 18:59:18 gtw01 dnsmasq[28554]: compile time options: IPv6 GNU-getopt DBus i18n IDN DHCP DHCPv6 no-Lua TFTP conntrack ipset auth DNSSEC loop-detect inotify dumpfile
Sep 29 18:59:18 gtw01 dnsmasq[28554]: warning: no upstream servers configured
Sep 29 18:59:18 gtw01 dnsmasq-dhcp[28554]: DHCP, static leases only on 192.168.120.0, lease time 1h
Sep 29 18:59:18 gtw01 dnsmasq[28554]: read /var/lib/neutron/dhcp/802d50d1-f681-4f5a-b2b5-c4832fa81dc8/addn_hosts - 1 addresses
Sep 29 18:59:18 gtw01 dnsmasq-dhcp[28554]: read /var/lib/neutron/dhcp/802d50d1-f681-4f5a-b2b5-c4832fa81dc8/host
Sep 29 18:59:18 gtw01 dnsmasq-dhcp[28554]: read /var/lib/neutron/dhcp/802d50d1-f681-4f5a-b2b5-c4832fa81dc8/opts
Sep 29 18:59:18 gtw01 haproxy-metadata-proxy-802d50d1-f681-4f5a-b2b5-c4832fa81dc8[28566]: Proxy listener started.
Sep 29 18:59:18 gtw01 kernel: [ 3116.681592] device tapef71c6c7-05 entered promiscuous mode
Sep 29 18:59:18 gtw01 systemd-udevd[28571]: Could not generate persistent MAC address for tapef71c6c7-05: No such file or directory
Sep 29 18:59:18 gtw01 systemd-udevd[28637]: Process '/sbin/ip link set tapef71c6c7-05 txqueuelen 10000' failed with exit code 1.
Sep 29 18:59:19 gtw01 dnsmasq[28554]: read /var/lib/neutron/dhcp/802d50d1-f681-4f5a-b2b5-c4832fa81dc8/addn_hosts - 1 addresses
Sep 29 18:59:19 gtw01 dnsmasq-dhcp[28554]: read /var/lib/neutron/dhcp/802d50d1-f681-4f5a-b2b5-c4832fa81dc8/host
Sep 29 18:59:19 gtw01 dnsmasq-dhcp[28554]: read /var/lib/neutron/dhcp/802d50d1-f681-4f5a-b2b5-c4832fa81dc8/opts
Sep 29 18:59:20 gtw01 dnsmasq[28746]: started, version 2.80 cachesize 150
Sep 29 18:59:20 gtw01 dnsmasq[28746]: DNS service limited to local subnets
Sep 29 18:59:20 gtw01 dnsmasq[28746]: compile time options: IPv6 GNU-getopt DBus i18n IDN DHCP DHCPv6 no-Lua TFTP conntrack ipset auth DNSSEC loop-detect inotify dumpfile
Sep 29 18:59:20 gtw01 dnsmasq[28746]: warning: no upstream servers configured
Sep 29 18:59:20 gtw01 dnsmasq-dhcp[28746]: DHCP, static leases only on 192.168.120.16, lease time 1h
Sep 29 18:59:20 gtw01 dnsmasq[28746]: read /var/lib/neutron/dhcp/5fcdeecd-887b-46b4-a0da-ddc6a527e321/addn_hosts - 1 addresses
Sep 29 18:59:20 gtw01 dnsmasq-dhcp[28746]: read /var/lib/neutron/dhcp/5fcdeecd-887b-46b4-a0da-ddc6a527e321/host
Sep 29 18:59:20 gtw01 dnsmasq-dhcp[28746]: read /var/lib/neutron/dhcp/5fcdeecd-887b-46b4-a0da-ddc6a527e321/opts
Sep 29 18:59:21 gtw01 dnsmasq[28554]: read /var/lib/neutron/dhcp/802d50d1-f681-4f5a-b2b5-c4832fa81dc8/addn_hosts - 1 addresses
Sep 29 18:59:21 gtw01 dnsmasq-dhcp[28554]: read /var/lib/neutron/dhcp/802d50d1-f681-4f5a-b2b5-c4832fa81dc8/host
Sep 29 18:59:21 gtw01 dnsmasq-dhcp[28554]: read /var/lib/neutron/dhcp/802d50d1-f681-4f5a-b2b5-c4832fa81dc8/opts
Sep 29 18:59:21 gtw01 haproxy-metadata-proxy-5fcdeecd-887b-46b4-a0da-ddc6a527e321[28762]: Proxy listener started.
Sep 29 18:59:21 gtw01 kernel: [ 3120.020489] device tap00427fb0-d7 entered promiscuous mode
Sep 29 18:59:21 gtw01 systemd-udevd[28782]: Could not generate persistent MAC address for tap00427fb0-d7: No such file or directory
Sep 29 18:59:21 gtw01 systemd-udevd[28782]: Process '/sbin/ip link set tap00427fb0-d7 txqueuelen 10000' failed with exit code 1.
Sep 29 18:59:22 gtw01 systemd-udevd[28782]: Process '/sbin/ip link set tap00427fb0-d7 txqueuelen 10000' failed with exit code 1.
Sep 29 18:59:22 gtw01 dnsmasq[28554]: read /var/lib/neutron/dhcp/802d50d1-f681-4f5a-b2b5-c4832fa81dc8/addn_hosts - 1 addresses
Sep 29 18:59:22 gtw01 dnsmasq-dhcp[28554]: read /var/lib/neutron/dhcp/802d50d1-f681-4f5a-b2b5-c4832fa81dc8/host
Sep 29 18:59:22 gtw01 dnsmasq-dhcp[28554]: read /var/lib/neutron/dhcp/802d50d1-f681-4f5a-b2b5-c4832fa81dc8/opts
Sep 29 18:59:22 gtw01 dnsmasq[28746]: read /var/lib/neutron/dhcp/5fcdeecd-887b-46b4-a0da-ddc6a527e321/addn_hosts - 1 addresses
Sep 29 18:59:22 gtw01 dnsmasq-dhcp[28746]: read /var/lib/neutron/dhcp/5fcdeecd-887b-46b4-a0da-ddc6a527e321/host
Sep 29 18:59:22 gtw01 dnsmasq-dhcp[28746]: read /var/lib/neutron/dhcp/5fcdeecd-887b-46b4-a0da-ddc6a527e321/opts
Sep 29 18:59:23 gtw01 dnsmasq[28936]: started, version 2.80 cachesize 150
Sep 29 18:59:23 gtw01 dnsmasq[28936]: DNS service limited to local subnets
Sep 29 18:59:23 gtw01 dnsmasq[28936]: compile time options: IPv6 GNU-getopt DBus i18n IDN DHCP DHCPv6 no-Lua TFTP conntrack ipset auth DNSSEC loop-detect inotify dumpfile
Sep 29 18:59:23 gtw01 dnsmasq[28936]: warning: no upstream servers configured
Sep 29 18:59:23 gtw01 dnsmasq-dhcp[28936]: DHCP, static leases only on 192.168.120.32, lease time 1h
Sep 29 18:59:23 gtw01 dnsmasq[28936]: read /var/lib/neutron/dhcp/7aeb3615-391d-488f-8a4a-5d4ac433d96c/addn_hosts - 1 addresses
Sep 29 18:59:23 gtw01 dnsmasq-dhcp[28936]: read /var/lib/neutron/dhcp/7aeb3615-391d-488f-8a4a-5d4ac433d96c/host
Sep 29 18:59:23 gtw01 dnsmasq-dhcp[28936]: read /var/lib/neutron/dhcp/7aeb3615-391d-488f-8a4a-5d4ac433d96c/opts
Sep 29 18:59:24 gtw01 haproxy-metadata-proxy-7aeb3615-391d-488f-8a4a-5d4ac433d96c[28954]: Proxy listener started.
Sep 29 18:59:24 gtw01 kernel: [ 3122.579893] device tap973b1545-83 entered promiscuous mode
Sep 29 18:59:24 gtw01 systemd-udevd[28973]: Could not generate persistent MAC address for tap973b1545-83: No such file or directory
Sep 29 18:59:24 gtw01 systemd-udevd[28973]: Process '/sbin/ip link set tap973b1545-83 txqueuelen 10000' failed with exit code 1.
Sep 29 18:59:24 gtw01 systemd-udevd[29049]: Process '/sbin/ip link set tap973b1545-83 txqueuelen 10000' failed with exit code 1.
Sep 29 18:59:25 gtw01 systemd-udevd[29083]: Could not generate persistent MAC address for tapbfed53c6-c3: No such file or directory
Sep 29 18:59:25 gtw01 kernel: [ 3123.164094] device tapbfed53c6-c3 entered promiscuous mode
Sep 29 18:59:25 gtw01 systemd-udevd[29151]: Process '/sbin/ip link set tapbfed53c6-c3 txqueuelen 10000' failed with exit code 1.
Sep 29 18:59:25 gtw01 kernel: [ 3123.561458] device tap0dcf53bf-06 left promiscuous mode
Sep 29 18:59:25 gtw01 dnsmasq[28746]: read /var/lib/neutron/dhcp/5fcdeecd-887b-46b4-a0da-ddc6a527e321/addn_hosts - 1 addresses
Sep 29 18:59:25 gtw01 dnsmasq-dhcp[28746]: read /var/lib/neutron/dhcp/5fcdeecd-887b-46b4-a0da-ddc6a527e321/host
Sep 29 18:59:25 gtw01 dnsmasq-dhcp[28746]: read /var/lib/neutron/dhcp/5fcdeecd-887b-46b4-a0da-ddc6a527e321/opts
Sep 29 18:59:25 gtw01 dnsmasq[28936]: read /var/lib/neutron/dhcp/7aeb3615-391d-488f-8a4a-5d4ac433d96c/addn_hosts - 1 addresses
Sep 29 18:59:25 gtw01 dnsmasq-dhcp[28936]: read /var/lib/neutron/dhcp/7aeb3615-391d-488f-8a4a-5d4ac433d96c/host
Sep 29 18:59:25 gtw01 dnsmasq-dhcp[28936]: read /var/lib/neutron/dhcp/7aeb3615-391d-488f-8a4a-5d4ac433d96c/opts
Sep 29 18:59:27 gtw01 kernel: [ 3126.075947] device tape0f9785b-4a left promiscuous mode
Sep 29 18:59:28 gtw01 dnsmasq[28936]: read /var/lib/neutron/dhcp/7aeb3615-391d-488f-8a4a-5d4ac433d96c/addn_hosts - 1 addresses
Sep 29 18:59:28 gtw01 dnsmasq-dhcp[28936]: read /var/lib/neutron/dhcp/7aeb3615-391d-488f-8a4a-5d4ac433d96c/host
Sep 29 18:59:28 gtw01 dnsmasq-dhcp[28936]: read /var/lib/neutron/dhcp/7aeb3615-391d-488f-8a4a-5d4ac433d96c/opts
Sep 29 18:59:28 gtw01 dnsmasq[29287]: started, version 2.80 cachesize 150
Sep 29 18:59:28 gtw01 dnsmasq[29287]: DNS service limited to local subnets
Sep 29 18:59:28 gtw01 dnsmasq[29287]: compile time options: IPv6 GNU-getopt DBus i18n IDN DHCP DHCPv6 no-Lua TFTP conntrack ipset auth DNSSEC loop-detect inotify dumpfile
Sep 29 18:59:28 gtw01 dnsmasq[29287]: warning: no upstream servers configured
Sep 29 18:59:28 gtw01 dnsmasq-dhcp[29287]: DHCP, static leases only on 192.168.120.48, lease time 1h
Sep 29 18:59:28 gtw01 dnsmasq[29287]: read /var/lib/neutron/dhcp/25e0262b-b8ad-423a-9821-b9ae5bc815df/addn_hosts - 1 addresses
Sep 29 18:59:28 gtw01 dnsmasq-dhcp[29287]: read /var/lib/neutron/dhcp/25e0262b-b8ad-423a-9821-b9ae5bc815df/host
Sep 29 18:59:28 gtw01 dnsmasq-dhcp[29287]: read /var/lib/neutron/dhcp/25e0262b-b8ad-423a-9821-b9ae5bc815df/opts
Sep 29 18:59:28 gtw01 haproxy-metadata-proxy-25e0262b-b8ad-423a-9821-b9ae5bc815df[29306]: Proxy listener started.
Sep 29 18:59:29 gtw01 dnsmasq-dhcp[29287]: DHCPRELEASE(tap00427fb0-d7) 192.168.120.50 fa:16:3e:19:a7:d4
Sep 29 18:59:30 gtw01 dnsmasq[29362]: started, version 2.80 cachesize 150
Sep 29 18:59:30 gtw01 dnsmasq[29362]: DNS service limited to local subnets
Sep 29 18:59:30 gtw01 dnsmasq[29362]: compile time options: IPv6 GNU-getopt DBus i18n IDN DHCP DHCPv6 no-Lua TFTP conntrack ipset auth DNSSEC loop-detect inotify dumpfile
Sep 29 18:59:30 gtw01 dnsmasq[29362]: warning: no upstream servers configured
Sep 29 18:59:30 gtw01 dnsmasq-dhcp[29362]: DHCP, static leases only on 192.168.120.0, lease time 1h
Sep 29 18:59:30 gtw01 dnsmasq[29362]: read /var/lib/neutron/dhcp/32052afe-f278-4520-b214-6f4cf466a5fc/addn_hosts - 1 addresses
Sep 29 18:59:30 gtw01 dnsmasq-dhcp[29362]: read /var/lib/neutron/dhcp/32052afe-f278-4520-b214-6f4cf466a5fc/host
Sep 29 18:59:30 gtw01 dnsmasq-dhcp[29362]: read /var/lib/neutron/dhcp/32052afe-f278-4520-b214-6f4cf466a5fc/opts
Sep 29 18:59:30 gtw01 kernel: [ 3128.403953] device tapef71c6c7-05 left promiscuous mode
Sep 29 18:59:30 gtw01 dnsmasq[29287]: read /var/lib/neutron/dhcp/25e0262b-b8ad-423a-9821-b9ae5bc815df/addn_hosts - 0 addresses
Sep 29 18:59:30 gtw01 dnsmasq-dhcp[29287]: read /var/lib/neutron/dhcp/25e0262b-b8ad-423a-9821-b9ae5bc815df/host
Sep 29 18:59:30 gtw01 dnsmasq-dhcp[29287]: read /var/lib/neutron/dhcp/25e0262b-b8ad-423a-9821-b9ae5bc815df/opts
Sep 29 18:59:30 gtw01 dnsmasq[29376]: started, version 2.80 cachesize 150
Sep 29 18:59:30 gtw01 dnsmasq[29376]: DNS service limited to local subnets
Sep 29 18:59:30 gtw01 dnsmasq[29376]: compile time options: IPv6 GNU-getopt DBus i18n IDN DHCP DHCPv6 no-Lua TFTP conntrack ipset auth DNSSEC loop-detect inotify dumpfile
Sep 29 18:59:30 gtw01 dnsmasq[29376]: warning: no upstream servers configured
Sep 29 18:59:30 gtw01 dnsmasq-dhcp[29376]: DHCP, static leases only on 192.168.120.64, lease time 1h
Sep 29 18:59:30 gtw01 dnsmasq[29376]: read /var/lib/neutron/dhcp/7c15c603-3c89-4bac-a62f-3b4ff31b1562/addn_hosts - 1 addresses
Sep 29 18:59:30 gtw01 dnsmasq-dhcp[29376]: read /var/lib/neutron/dhcp/7c15c603-3c89-4bac-a62f-3b4ff31b1562/host
Sep 29 18:59:30 gtw01 dnsmasq-dhcp[29376]: read /var/lib/neutron/dhcp/7c15c603-3c89-4bac-a62f-3b4ff31b1562/opts
Sep 29 18:59:30 gtw01 haproxy-metadata-proxy-32052afe-f278-4520-b214-6f4cf466a5fc[29378]: Proxy listener started.
Sep 29 18:59:30 gtw01 haproxy-metadata-proxy-7c15c603-3c89-4bac-a62f-3b4ff31b1562[29386]: Proxy listener started.
Sep 29 18:59:31 gtw01 dnsmasq[29362]: read /var/lib/neutron/dhcp/32052afe-f278-4520-b214-6f4cf466a5fc/addn_hosts - 4 addresses
Sep 29 18:59:31 gtw01 dnsmasq-dhcp[29362]: read /var/lib/neutron/dhcp/32052afe-f278-4520-b214-6f4cf466a5fc/host
Sep 29 18:59:31 gtw01 dnsmasq-dhcp[29362]: read /var/lib/neutron/dhcp/32052afe-f278-4520-b214-6f4cf466a5fc/opts
Sep 29 18:59:31 gtw01 kernel: [ 3129.903435] device tap00427fb0-d7 left promiscuous mode
Sep 29 18:59:32 gtw01 kernel: [ 3130.221880] device tapbfed53c6-c3 left promiscuous mode
Sep 29 18:59:32 gtw01 dnsmasq[29362]: read /var/lib/neutron/dhcp/32052afe-f278-4520-b214-6f4cf466a5fc/addn_hosts - 4 addresses
Sep 29 18:59:32 gtw01 dnsmasq-dhcp[29362]: read /var/lib/neutron/dhcp/32052afe-f278-4520-b214-6f4cf466a5fc/host
Sep 29 18:59:32 gtw01 dnsmasq-dhcp[29362]: read /var/lib/neutron/dhcp/32052afe-f278-4520-b214-6f4cf466a5fc/opts
Sep 29 18:59:33 gtw01 dnsmasq[29362]: read /var/lib/neutron/dhcp/32052afe-f278-4520-b214-6f4cf466a5fc/addn_hosts - 4 addresses
Sep 29 18:59:33 gtw01 dnsmasq-dhcp[29362]: read /var/lib/neutron/dhcp/32052afe-f278-4520-b214-6f4cf466a5fc/host
Sep 29 18:59:33 gtw01 dnsmasq-dhcp[29362]: read /var/lib/neutron/dhcp/32052afe-f278-4520-b214-6f4cf466a5fc/opts
Sep 29 18:59:34 gtw01 dnsmasq[29362]: read /var/lib/neutron/dhcp/32052afe-f278-4520-b214-6f4cf466a5fc/addn_hosts - 4 addresses
Sep 29 18:59:34 gtw01 dnsmasq-dhcp[29362]: read /var/lib/neutron/dhcp/32052afe-f278-4520-b214-6f4cf466a5fc/host
Sep 29 18:59:34 gtw01 dnsmasq-dhcp[29362]: read /var/lib/neutron/dhcp/32052afe-f278-4520-b214-6f4cf466a5fc/opts
Sep 29 18:59:35 gtw01 dnsmasq[29362]: read /var/lib/neutron/dhcp/32052afe-f278-4520-b214-6f4cf466a5fc/addn_hosts - 4 addresses
Sep 29 18:59:35 gtw01 dnsmasq-dhcp[29362]: read /var/lib/neutron/dhcp/32052afe-f278-4520-b214-6f4cf466a5fc/host
Sep 29 18:59:35 gtw01 dnsmasq-dhcp[29362]: read /var/lib/neutron/dhcp/32052afe-f278-4520-b214-6f4cf466a5fc/opts
Sep 29 18:59:36 gtw01 dnsmasq[29362]: read /var/lib/neutron/dhcp/32052afe-f278-4520-b214-6f4cf466a5fc/addn_hosts - 4 addresses
Sep 29 18:59:36 gtw01 dnsmasq-dhcp[29362]: read /var/lib/neutron/dhcp/32052afe-f278-4520-b214-6f4cf466a5fc/host
Sep 29 18:59:36 gtw01 dnsmasq-dhcp[29362]: read /var/lib/neutron/dhcp/32052afe-f278-4520-b214-6f4cf466a5fc/opts
Sep 29 18:59:37 gtw01 dnsmasq[29362]: read /var/lib/neutron/dhcp/32052afe-f278-4520-b214-6f4cf466a5fc/addn_hosts - 4 addresses
Sep 29 18:59:37 gtw01 dnsmasq-dhcp[29362]: read /var/lib/neutron/dhcp/32052afe-f278-4520-b214-6f4cf466a5fc/host
Sep 29 18:59:37 gtw01 dnsmasq-dhcp[29362]: read /var/lib/neutron/dhcp/32052afe-f278-4520-b214-6f4cf466a5fc/opts
Sep 29 18:59:53 gtw01 dnsmasq[29362]: read /var/lib/neutron/dhcp/32052afe-f278-4520-b214-6f4cf466a5fc/addn_hosts - 3 addresses
Sep 29 18:59:53 gtw01 dnsmasq-dhcp[29362]: read /var/lib/neutron/dhcp/32052afe-f278-4520-b214-6f4cf466a5fc/host
Sep 29 18:59:53 gtw01 dnsmasq-dhcp[29362]: read /var/lib/neutron/dhcp/32052afe-f278-4520-b214-6f4cf466a5fc/opts
Sep 29 18:59:56 gtw01 dnsmasq[29362]: read /var/lib/neutron/dhcp/32052afe-f278-4520-b214-6f4cf466a5fc/addn_hosts - 2 addresses
Sep 29 18:59:56 gtw01 dnsmasq-dhcp[29362]: read /var/lib/neutron/dhcp/32052afe-f278-4520-b214-6f4cf466a5fc/host
Sep 29 18:59:56 gtw01 dnsmasq-dhcp[29362]: read /var/lib/neutron/dhcp/32052afe-f278-4520-b214-6f4cf466a5fc/opts
Sep 29 18:59:57 gtw01 dnsmasq[29362]: read /var/lib/neutron/dhcp/32052afe-f278-4520-b214-6f4cf466a5fc/addn_hosts - 1 addresses
Sep 29 18:59:57 gtw01 dnsmasq-dhcp[29362]: read /var/lib/neutron/dhcp/32052afe-f278-4520-b214-6f4cf466a5fc/host
Sep 29 18:59:57 gtw01 dnsmasq-dhcp[29362]: read /var/lib/neutron/dhcp/32052afe-f278-4520-b214-6f4cf466a5fc/opts
Sep 29 18:59:59 gtw01 kernel: [ 3157.952861] device tap973b1545-83 left promiscuous mode
Sep 29 19:00:10 gtw01 kernel: [ 3168.306092] device tap79259e21-18 entered promiscuous mode
Sep 29 19:00:10 gtw01 systemd-udevd[29597]: Could not generate persistent MAC address for tap79259e21-18: No such file or directory
Sep 29 19:00:10 gtw01 systemd-udevd[29597]: Process '/sbin/ip link set tap79259e21-18 txqueuelen 10000' failed with exit code 1.
Sep 29 19:00:10 gtw01 systemd-udevd[29671]: Process '/sbin/ip link set tap79259e21-18 txqueuelen 10000' failed with exit code 1.
Sep 29 19:00:13 gtw01 dnsmasq[29731]: started, version 2.80 cachesize 150
Sep 29 19:00:13 gtw01 dnsmasq[29731]: DNS service limited to local subnets
Sep 29 19:00:13 gtw01 dnsmasq[29731]: compile time options: IPv6 GNU-getopt DBus i18n IDN DHCP DHCPv6 no-Lua TFTP conntrack ipset auth DNSSEC loop-detect inotify dumpfile
Sep 29 19:00:13 gtw01 dnsmasq[29731]: warning: no upstream servers configured
Sep 29 19:00:13 gtw01 dnsmasq-dhcp[29731]: DHCP, static leases only on 192.168.120.0, lease time 1h
Sep 29 19:00:13 gtw01 dnsmasq[29731]: read /var/lib/neutron/dhcp/78b2e346-5ab8-4465-b70d-d16a063f6585/addn_hosts - 1 addresses
Sep 29 19:00:13 gtw01 dnsmasq-dhcp[29731]: read /var/lib/neutron/dhcp/78b2e346-5ab8-4465-b70d-d16a063f6585/host
Sep 29 19:00:13 gtw01 dnsmasq-dhcp[29731]: read /var/lib/neutron/dhcp/78b2e346-5ab8-4465-b70d-d16a063f6585/opts
Sep 29 19:00:13 gtw01 haproxy-metadata-proxy-78b2e346-5ab8-4465-b70d-d16a063f6585[29735]: Proxy listener started.
Sep 29 19:00:14 gtw01 dnsmasq[29731]: read /var/lib/neutron/dhcp/78b2e346-5ab8-4465-b70d-d16a063f6585/addn_hosts - 4 addresses
Sep 29 19:00:14 gtw01 dnsmasq-dhcp[29731]: read /var/lib/neutron/dhcp/78b2e346-5ab8-4465-b70d-d16a063f6585/host
Sep 29 19:00:14 gtw01 dnsmasq-dhcp[29731]: read /var/lib/neutron/dhcp/78b2e346-5ab8-4465-b70d-d16a063f6585/opts
Sep 29 19:00:15 gtw01 dnsmasq[29731]: read /var/lib/neutron/dhcp/78b2e346-5ab8-4465-b70d-d16a063f6585/addn_hosts - 4 addresses
Sep 29 19:00:15 gtw01 dnsmasq-dhcp[29731]: read /var/lib/neutron/dhcp/78b2e346-5ab8-4465-b70d-d16a063f6585/host
Sep 29 19:00:15 gtw01 dnsmasq-dhcp[29731]: read /var/lib/neutron/dhcp/78b2e346-5ab8-4465-b70d-d16a063f6585/opts
Sep 29 19:00:16 gtw01 dnsmasq[29731]: read /var/lib/neutron/dhcp/78b2e346-5ab8-4465-b70d-d16a063f6585/addn_hosts - 4 addresses
Sep 29 19:00:16 gtw01 dnsmasq-dhcp[29731]: read /var/lib/neutron/dhcp/78b2e346-5ab8-4465-b70d-d16a063f6585/host
Sep 29 19:00:16 gtw01 dnsmasq-dhcp[29731]: read /var/lib/neutron/dhcp/78b2e346-5ab8-4465-b70d-d16a063f6585/opts
Sep 29 19:00:17 gtw01 dnsmasq[29731]: read /var/lib/neutron/dhcp/78b2e346-5ab8-4465-b70d-d16a063f6585/addn_hosts - 4 addresses
Sep 29 19:00:17 gtw01 dnsmasq-dhcp[29731]: read /var/lib/neutron/dhcp/78b2e346-5ab8-4465-b70d-d16a063f6585/host
Sep 29 19:00:17 gtw01 dnsmasq-dhcp[29731]: read /var/lib/neutron/dhcp/78b2e346-5ab8-4465-b70d-d16a063f6585/opts
Sep 29 19:00:18 gtw01 dnsmasq[29731]: read /var/lib/neutron/dhcp/78b2e346-5ab8-4465-b70d-d16a063f6585/addn_hosts - 4 addresses
Sep 29 19:00:18 gtw01 dnsmasq-dhcp[29731]: read /var/lib/neutron/dhcp/78b2e346-5ab8-4465-b70d-d16a063f6585/host
Sep 29 19:00:18 gtw01 dnsmasq-dhcp[29731]: read /var/lib/neutron/dhcp/78b2e346-5ab8-4465-b70d-d16a063f6585/opts
Sep 29 19:00:18 gtw01 dnsmasq[29731]: read /var/lib/neutron/dhcp/78b2e346-5ab8-4465-b70d-d16a063f6585/addn_hosts - 5 addresses
Sep 29 19:00:18 gtw01 dnsmasq-dhcp[29731]: read /var/lib/neutron/dhcp/78b2e346-5ab8-4465-b70d-d16a063f6585/host
Sep 29 19:00:18 gtw01 dnsmasq-dhcp[29731]: read /var/lib/neutron/dhcp/78b2e346-5ab8-4465-b70d-d16a063f6585/opts
Sep 29 19:00:19 gtw01 dnsmasq[29731]: read /var/lib/neutron/dhcp/78b2e346-5ab8-4465-b70d-d16a063f6585/addn_hosts - 6 addresses
Sep 29 19:00:19 gtw01 dnsmasq-dhcp[29731]: read /var/lib/neutron/dhcp/78b2e346-5ab8-4465-b70d-d16a063f6585/host
Sep 29 19:00:19 gtw01 dnsmasq-dhcp[29731]: read /var/lib/neutron/dhcp/78b2e346-5ab8-4465-b70d-d16a063f6585/opts
Sep 29 19:00:20 gtw01 dnsmasq[29731]: read /var/lib/neutron/dhcp/78b2e346-5ab8-4465-b70d-d16a063f6585/addn_hosts - 7 addresses
Sep 29 19:00:20 gtw01 dnsmasq-dhcp[29731]: read /var/lib/neutron/dhcp/78b2e346-5ab8-4465-b70d-d16a063f6585/host
Sep 29 19:00:20 gtw01 dnsmasq-dhcp[29731]: read /var/lib/neutron/dhcp/78b2e346-5ab8-4465-b70d-d16a063f6585/opts
Sep 29 19:00:21 gtw01 dnsmasq[29731]: read /var/lib/neutron/dhcp/78b2e346-5ab8-4465-b70d-d16a063f6585/addn_hosts - 7 addresses
Sep 29 19:00:21 gtw01 dnsmasq-dhcp[29731]: read /var/lib/neutron/dhcp/78b2e346-5ab8-4465-b70d-d16a063f6585/host
Sep 29 19:00:21 gtw01 dnsmasq-dhcp[29731]: read /var/lib/neutron/dhcp/78b2e346-5ab8-4465-b70d-d16a063f6585/opts
Sep 29 19:00:22 gtw01 dnsmasq[29731]: read /var/lib/neutron/dhcp/78b2e346-5ab8-4465-b70d-d16a063f6585/addn_hosts - 7 addresses
Sep 29 19:00:22 gtw01 dnsmasq-dhcp[29731]: read /var/lib/neutron/dhcp/78b2e346-5ab8-4465-b70d-d16a063f6585/host
Sep 29 19:00:22 gtw01 dnsmasq-dhcp[29731]: read /var/lib/neutron/dhcp/78b2e346-5ab8-4465-b70d-d16a063f6585/opts
Sep 29 19:00:23 gtw01 systemd-udevd[29920]: Could not generate persistent MAC address for tap1e0f677e-9b: No such file or directory
Sep 29 19:00:23 gtw01 kernel: [ 3181.464382] device tap1e0f677e-9b entered promiscuous mode
Sep 29 19:00:23 gtw01 systemd-udevd[29989]: Process '/sbin/ip link set tap1e0f677e-9b txqueuelen 10000' failed with exit code 1.
Sep 29 19:00:23 gtw01 dnsmasq[29731]: read /var/lib/neutron/dhcp/78b2e346-5ab8-4465-b70d-d16a063f6585/addn_hosts - 7 addresses
Sep 29 19:00:23 gtw01 dnsmasq-dhcp[29731]: read /var/lib/neutron/dhcp/78b2e346-5ab8-4465-b70d-d16a063f6585/host
Sep 29 19:00:23 gtw01 dnsmasq-dhcp[29731]: read /var/lib/neutron/dhcp/78b2e346-5ab8-4465-b70d-d16a063f6585/opts
Sep 29 19:00:24 gtw01 dnsmasq[29731]: read /var/lib/neutron/dhcp/78b2e346-5ab8-4465-b70d-d16a063f6585/addn_hosts - 7 addresses
Sep 29 19:00:24 gtw01 dnsmasq-dhcp[29731]: read /var/lib/neutron/dhcp/78b2e346-5ab8-4465-b70d-d16a063f6585/host
Sep 29 19:00:24 gtw01 dnsmasq-dhcp[29731]: read /var/lib/neutron/dhcp/78b2e346-5ab8-4465-b70d-d16a063f6585/opts
Sep 29 19:00:25 gtw01 systemd-udevd[30066]: Could not generate persistent MAC address for tap67d30ce3-97: No such file or directory
Sep 29 19:00:25 gtw01 kernel: [ 3183.256492] device tap67d30ce3-97 entered promiscuous mode
Sep 29 19:00:25 gtw01 systemd-udevd[30066]: Process '/sbin/ip link set tap67d30ce3-97 txqueuelen 10000' failed with exit code 1.
Sep 29 19:00:25 gtw01 dnsmasq[29731]: read /var/lib/neutron/dhcp/78b2e346-5ab8-4465-b70d-d16a063f6585/addn_hosts - 6 addresses
Sep 29 19:00:25 gtw01 dnsmasq-dhcp[29731]: read /var/lib/neutron/dhcp/78b2e346-5ab8-4465-b70d-d16a063f6585/host
Sep 29 19:00:25 gtw01 dnsmasq-dhcp[29731]: read /var/lib/neutron/dhcp/78b2e346-5ab8-4465-b70d-d16a063f6585/opts
Sep 29 19:00:27 gtw01 dnsmasq[30224]: started, version 2.80 cachesize 150
Sep 29 19:00:27 gtw01 dnsmasq[30224]: DNS service limited to local subnets
Sep 29 19:00:27 gtw01 dnsmasq[30224]: compile time options: IPv6 GNU-getopt DBus i18n IDN DHCP DHCPv6 no-Lua TFTP conntrack ipset auth DNSSEC loop-detect inotify dumpfile
Sep 29 19:00:27 gtw01 dnsmasq[30224]: warning: no upstream servers configured
Sep 29 19:00:27 gtw01 dnsmasq-dhcp[30224]: DHCP, static leases only on 192.168.120.0, lease time 1h
Sep 29 19:00:27 gtw01 dnsmasq[30224]: read /var/lib/neutron/dhcp/e54ab145-82ff-4021-9ab2-bdb6f74c4a8c/addn_hosts - 1 addresses
Sep 29 19:00:27 gtw01 dnsmasq-dhcp[30224]: read /var/lib/neutron/dhcp/e54ab145-82ff-4021-9ab2-bdb6f74c4a8c/host
Sep 29 19:00:27 gtw01 dnsmasq-dhcp[30224]: read /var/lib/neutron/dhcp/e54ab145-82ff-4021-9ab2-bdb6f74c4a8c/opts
Sep 29 19:00:27 gtw01 dnsmasq[29731]: read /var/lib/neutron/dhcp/78b2e346-5ab8-4465-b70d-d16a063f6585/addn_hosts - 5 addresses
Sep 29 19:00:27 gtw01 dnsmasq-dhcp[29731]: read /var/lib/neutron/dhcp/78b2e346-5ab8-4465-b70d-d16a063f6585/host
Sep 29 19:00:27 gtw01 dnsmasq-dhcp[29731]: read /var/lib/neutron/dhcp/78b2e346-5ab8-4465-b70d-d16a063f6585/opts
Sep 29 19:00:27 gtw01 haproxy-metadata-proxy-e54ab145-82ff-4021-9ab2-bdb6f74c4a8c[30236]: Proxy listener started.
Sep 29 19:00:28 gtw01 kernel: [ 3186.916367] device tap79259e21-18 left promiscuous mode
Sep 29 19:00:29 gtw01 dnsmasq[30292]: started, version 2.80 cachesize 150
Sep 29 19:00:29 gtw01 dnsmasq[30292]: DNS service limited to local subnets
Sep 29 19:00:29 gtw01 dnsmasq[30292]: compile time options: IPv6 GNU-getopt DBus i18n IDN DHCP DHCPv6 no-Lua TFTP conntrack ipset auth DNSSEC loop-detect inotify dumpfile
Sep 29 19:00:29 gtw01 dnsmasq[30292]: warning: no upstream servers configured
Sep 29 19:00:29 gtw01 dnsmasq-dhcp[30292]: DHCPv6, static leases only on 2003::, lease time 1h
Sep 29 19:00:29 gtw01 dnsmasq[30292]: read /var/lib/neutron/dhcp/c7ece664-8569-47ce-903c-51214ac74b3c/addn_hosts - 1 addresses
Sep 29 19:00:29 gtw01 dnsmasq-dhcp[30292]: read /var/lib/neutron/dhcp/c7ece664-8569-47ce-903c-51214ac74b3c/host
Sep 29 19:00:29 gtw01 dnsmasq-dhcp[30292]: read /var/lib/neutron/dhcp/c7ece664-8569-47ce-903c-51214ac74b3c/opts
Sep 29 19:00:29 gtw01 kernel: [ 3187.733449] device tape4c377d5-36 entered promiscuous mode
Sep 29 19:00:29 gtw01 systemd-udevd[30304]: Could not generate persistent MAC address for tape4c377d5-36: No such file or directory
Sep 29 19:00:29 gtw01 systemd-udevd[30304]: Process '/sbin/ip link set tape4c377d5-36 txqueuelen 10000' failed with exit code 1.
Sep 29 19:00:29 gtw01 systemd-udevd[30304]: Process '/sbin/ip link set tape4c377d5-36 txqueuelen 10000' failed with exit code 1.
Sep 29 19:00:30 gtw01 dnsmasq[30292]: read /var/lib/neutron/dhcp/c7ece664-8569-47ce-903c-51214ac74b3c/addn_hosts - 6 addresses
Sep 29 19:00:30 gtw01 dnsmasq-dhcp[30292]: read /var/lib/neutron/dhcp/c7ece664-8569-47ce-903c-51214ac74b3c/host
Sep 29 19:00:30 gtw01 dnsmasq-dhcp[30292]: read /var/lib/neutron/dhcp/c7ece664-8569-47ce-903c-51214ac74b3c/opts
Sep 29 19:00:31 gtw01 dnsmasq[30292]: read /var/lib/neutron/dhcp/c7ece664-8569-47ce-903c-51214ac74b3c/addn_hosts - 6 addresses
Sep 29 19:00:31 gtw01 dnsmasq-dhcp[30292]: read /var/lib/neutron/dhcp/c7ece664-8569-47ce-903c-51214ac74b3c/host
Sep 29 19:00:31 gtw01 dnsmasq-dhcp[30292]: read /var/lib/neutron/dhcp/c7ece664-8569-47ce-903c-51214ac74b3c/opts
Sep 29 19:00:32 gtw01 dnsmasq[30292]: read /var/lib/neutron/dhcp/c7ece664-8569-47ce-903c-51214ac74b3c/addn_hosts - 6 addresses
Sep 29 19:00:32 gtw01 dnsmasq-dhcp[30292]: read /var/lib/neutron/dhcp/c7ece664-8569-47ce-903c-51214ac74b3c/host
Sep 29 19:00:32 gtw01 dnsmasq-dhcp[30292]: read /var/lib/neutron/dhcp/c7ece664-8569-47ce-903c-51214ac74b3c/opts
Sep 29 19:00:33 gtw01 dnsmasq[30532]: started, version 2.80 cachesize 150
Sep 29 19:00:33 gtw01 dnsmasq[30532]: DNS service limited to local subnets
Sep 29 19:00:33 gtw01 dnsmasq[30532]: compile time options: IPv6 GNU-getopt DBus i18n IDN DHCP DHCPv6 no-Lua TFTP conntrack ipset auth DNSSEC loop-detect inotify dumpfile
Sep 29 19:00:33 gtw01 dnsmasq[30532]: warning: no upstream servers configured
Sep 29 19:00:33 gtw01 dnsmasq-dhcp[30532]: DHCP, static leases only on 192.168.120.16, lease time 1h
Sep 29 19:00:33 gtw01 dnsmasq-dhcp[30532]: DHCP, static leases only on 192.168.120.0, lease time 1h
Sep 29 19:00:33 gtw01 dnsmasq[30532]: read /var/lib/neutron/dhcp/e54ab145-82ff-4021-9ab2-bdb6f74c4a8c/addn_hosts - 6 addresses
Sep 29 19:00:33 gtw01 dnsmasq-dhcp[30532]: read /var/lib/neutron/dhcp/e54ab145-82ff-4021-9ab2-bdb6f74c4a8c/host
Sep 29 19:00:33 gtw01 dnsmasq-dhcp[30532]: read /var/lib/neutron/dhcp/e54ab145-82ff-4021-9ab2-bdb6f74c4a8c/opts
Sep 29 19:00:33 gtw01 dnsmasq[30539]: started, version 2.80 cachesize 150
Sep 29 19:00:33 gtw01 dnsmasq[30539]: DNS service limited to local subnets
Sep 29 19:00:33 gtw01 dnsmasq[30539]: compile time options: IPv6 GNU-getopt DBus i18n IDN DHCP DHCPv6 no-Lua TFTP conntrack ipset auth DNSSEC loop-detect inotify dumpfile
Sep 29 19:00:33 gtw01 dnsmasq[30539]: warning: no upstream servers configured
Sep 29 19:00:33 gtw01 dnsmasq-dhcp[30539]: DHCPv6, static leases only on 2003::, lease time 1h
Sep 29 19:00:33 gtw01 dnsmasq[30539]: read /var/lib/neutron/dhcp/250c3ec7-b887-4feb-bb8a-555d7910a311/addn_hosts - 1 addresses
Sep 29 19:00:33 gtw01 dnsmasq-dhcp[30539]: read /var/lib/neutron/dhcp/250c3ec7-b887-4feb-bb8a-555d7910a311/host
Sep 29 19:00:33 gtw01 dnsmasq-dhcp[30539]: read /var/lib/neutron/dhcp/250c3ec7-b887-4feb-bb8a-555d7910a311/opts
Sep 29 19:00:33 gtw01 dnsmasq-dhcp[30532]: DHCPRELEASE(tap1e0f677e-9b) 192.168.120.6 fa:16:3e:0c:23:8b
Sep 29 19:00:33 gtw01 dnsmasq[30292]: read /var/lib/neutron/dhcp/c7ece664-8569-47ce-903c-51214ac74b3c/addn_hosts - 6 addresses
Sep 29 19:00:33 gtw01 dnsmasq-dhcp[30292]: read /var/lib/neutron/dhcp/c7ece664-8569-47ce-903c-51214ac74b3c/host
Sep 29 19:00:33 gtw01 dnsmasq-dhcp[30292]: read /var/lib/neutron/dhcp/c7ece664-8569-47ce-903c-51214ac74b3c/opts
Sep 29 19:00:34 gtw01 dnsmasq-dhcp[30532]: DHCPRELEASE(tap1e0f677e-9b) 192.168.120.5 fa:16:3e:ff:67:50
Sep 29 19:00:34 gtw01 dnsmasq-dhcp[30532]: DHCPRELEASE(tap1e0f677e-9b) 192.168.120.3 fa:16:3e:ff:67:50
Sep 29 19:00:34 gtw01 dnsmasq[30539]: read /var/lib/neutron/dhcp/250c3ec7-b887-4feb-bb8a-555d7910a311/addn_hosts - 3 addresses
Sep 29 19:00:34 gtw01 dnsmasq-dhcp[30539]: read /var/lib/neutron/dhcp/250c3ec7-b887-4feb-bb8a-555d7910a311/host
Sep 29 19:00:34 gtw01 dnsmasq-dhcp[30539]: read /var/lib/neutron/dhcp/250c3ec7-b887-4feb-bb8a-555d7910a311/opts
Sep 29 19:00:34 gtw01 dnsmasq-dhcp[30532]: DHCPRELEASE(tap1e0f677e-9b) 192.168.120.8 fa:16:3e:9a:b2:18
Sep 29 19:00:35 gtw01 dnsmasq[30292]: read /var/lib/neutron/dhcp/c7ece664-8569-47ce-903c-51214ac74b3c/addn_hosts - 6 addresses
Sep 29 19:00:35 gtw01 dnsmasq-dhcp[30292]: read /var/lib/neutron/dhcp/c7ece664-8569-47ce-903c-51214ac74b3c/host
Sep 29 19:00:35 gtw01 dnsmasq-dhcp[30292]: read /var/lib/neutron/dhcp/c7ece664-8569-47ce-903c-51214ac74b3c/opts
Sep 29 19:00:35 gtw01 dnsmasq[30532]: read /var/lib/neutron/dhcp/e54ab145-82ff-4021-9ab2-bdb6f74c4a8c/addn_hosts - 3 addresses
Sep 29 19:00:35 gtw01 dnsmasq-dhcp[30532]: read /var/lib/neutron/dhcp/e54ab145-82ff-4021-9ab2-bdb6f74c4a8c/host
Sep 29 19:00:35 gtw01 dnsmasq-dhcp[30532]: read /var/lib/neutron/dhcp/e54ab145-82ff-4021-9ab2-bdb6f74c4a8c/opts
Sep 29 19:00:35 gtw01 dnsmasq[30539]: read /var/lib/neutron/dhcp/250c3ec7-b887-4feb-bb8a-555d7910a311/addn_hosts - 3 addresses
Sep 29 19:00:35 gtw01 dnsmasq-dhcp[30539]: read /var/lib/neutron/dhcp/250c3ec7-b887-4feb-bb8a-555d7910a311/host
Sep 29 19:00:35 gtw01 dnsmasq-dhcp[30539]: read /var/lib/neutron/dhcp/250c3ec7-b887-4feb-bb8a-555d7910a311/opts
Sep 29 19:00:36 gtw01 dnsmasq[30292]: read /var/lib/neutron/dhcp/c7ece664-8569-47ce-903c-51214ac74b3c/addn_hosts - 6 addresses
Sep 29 19:00:36 gtw01 dnsmasq-dhcp[30292]: read /var/lib/neutron/dhcp/c7ece664-8569-47ce-903c-51214ac74b3c/host
Sep 29 19:00:36 gtw01 dnsmasq-dhcp[30292]: read /var/lib/neutron/dhcp/c7ece664-8569-47ce-903c-51214ac74b3c/opts
Sep 29 19:00:37 gtw01 dnsmasq[30539]: read /var/lib/neutron/dhcp/250c3ec7-b887-4feb-bb8a-555d7910a311/addn_hosts - 3 addresses
Sep 29 19:00:37 gtw01 dnsmasq-dhcp[30539]: read /var/lib/neutron/dhcp/250c3ec7-b887-4feb-bb8a-555d7910a311/host
Sep 29 19:00:37 gtw01 dnsmasq-dhcp[30539]: read /var/lib/neutron/dhcp/250c3ec7-b887-4feb-bb8a-555d7910a311/opts
Sep 29 19:00:37 gtw01 dnsmasq[30292]: read /var/lib/neutron/dhcp/c7ece664-8569-47ce-903c-51214ac74b3c/addn_hosts - 6 addresses
Sep 29 19:00:37 gtw01 dnsmasq-dhcp[30292]: read /var/lib/neutron/dhcp/c7ece664-8569-47ce-903c-51214ac74b3c/host
Sep 29 19:00:37 gtw01 dnsmasq-dhcp[30292]: read /var/lib/neutron/dhcp/c7ece664-8569-47ce-903c-51214ac74b3c/opts
Sep 29 19:00:38 gtw01 dnsmasq[30539]: read /var/lib/neutron/dhcp/250c3ec7-b887-4feb-bb8a-555d7910a311/addn_hosts - 3 addresses
Sep 29 19:00:38 gtw01 dnsmasq-dhcp[30539]: read /var/lib/neutron/dhcp/250c3ec7-b887-4feb-bb8a-555d7910a311/host
Sep 29 19:00:38 gtw01 dnsmasq-dhcp[30539]: read /var/lib/neutron/dhcp/250c3ec7-b887-4feb-bb8a-555d7910a311/opts
Sep 29 19:00:39 gtw01 dnsmasq[30292]: read /var/lib/neutron/dhcp/c7ece664-8569-47ce-903c-51214ac74b3c/addn_hosts - 7 addresses
Sep 29 19:00:39 gtw01 dnsmasq-dhcp[30292]: read /var/lib/neutron/dhcp/c7ece664-8569-47ce-903c-51214ac74b3c/host
Sep 29 19:00:39 gtw01 dnsmasq-dhcp[30292]: read /var/lib/neutron/dhcp/c7ece664-8569-47ce-903c-51214ac74b3c/opts
Sep 29 19:00:39 gtw01 dnsmasq[30539]: read /var/lib/neutron/dhcp/250c3ec7-b887-4feb-bb8a-555d7910a311/addn_hosts - 3 addresses
Sep 29 19:00:39 gtw01 dnsmasq-dhcp[30539]: read /var/lib/neutron/dhcp/250c3ec7-b887-4feb-bb8a-555d7910a311/host
Sep 29 19:00:39 gtw01 dnsmasq-dhcp[30539]: read /var/lib/neutron/dhcp/250c3ec7-b887-4feb-bb8a-555d7910a311/opts
Sep 29 19:00:40 gtw01 dnsmasq[30783]: started, version 2.80 cachesize 150
Sep 29 19:00:40 gtw01 dnsmasq[30783]: DNS service limited to local subnets
Sep 29 19:00:40 gtw01 dnsmasq[30783]: compile time options: IPv6 GNU-getopt DBus i18n IDN DHCP DHCPv6 no-Lua TFTP conntrack ipset auth DNSSEC loop-detect inotify dumpfile
Sep 29 19:00:40 gtw01 dnsmasq[30783]: warning: no upstream servers configured
Sep 29 19:00:40 gtw01 dnsmasq-dhcp[30783]: DHCP, static leases only on 192.168.120.16, lease time 1h
Sep 29 19:00:40 gtw01 dnsmasq[30783]: read /var/lib/neutron/dhcp/e54ab145-82ff-4021-9ab2-bdb6f74c4a8c/addn_hosts - 1 addresses
Sep 29 19:00:40 gtw01 dnsmasq-dhcp[30783]: read /var/lib/neutron/dhcp/e54ab145-82ff-4021-9ab2-bdb6f74c4a8c/host
Sep 29 19:00:40 gtw01 dnsmasq-dhcp[30783]: read /var/lib/neutron/dhcp/e54ab145-82ff-4021-9ab2-bdb6f74c4a8c/opts
Sep 29 19:00:40 gtw01 kernel: [ 3198.416638] device tap67d30ce3-97 left promiscuous mode
Sep 29 19:00:40 gtw01 kernel: [ 3199.034489] device tap1e0f677e-9b left promiscuous mode
Sep 29 19:00:40 gtw01 dnsmasq[30539]: read /var/lib/neutron/dhcp/250c3ec7-b887-4feb-bb8a-555d7910a311/addn_hosts - 3 addresses
Sep 29 19:00:40 gtw01 dnsmasq-dhcp[30539]: read /var/lib/neutron/dhcp/250c3ec7-b887-4feb-bb8a-555d7910a311/host
Sep 29 19:00:40 gtw01 dnsmasq-dhcp[30539]: read /var/lib/neutron/dhcp/250c3ec7-b887-4feb-bb8a-555d7910a311/opts
Sep 29 19:00:41 gtw01 dnsmasq[30539]: read /var/lib/neutron/dhcp/250c3ec7-b887-4feb-bb8a-555d7910a311/addn_hosts - 3 addresses
Sep 29 19:00:41 gtw01 dnsmasq-dhcp[30539]: read /var/lib/neutron/dhcp/250c3ec7-b887-4feb-bb8a-555d7910a311/host
Sep 29 19:00:41 gtw01 dnsmasq-dhcp[30539]: read /var/lib/neutron/dhcp/250c3ec7-b887-4feb-bb8a-555d7910a311/opts
Sep 29 19:00:42 gtw01 dnsmasq[30539]: read /var/lib/neutron/dhcp/250c3ec7-b887-4feb-bb8a-555d7910a311/addn_hosts - 3 addresses
Sep 29 19:00:42 gtw01 dnsmasq-dhcp[30539]: read /var/lib/neutron/dhcp/250c3ec7-b887-4feb-bb8a-555d7910a311/host
Sep 29 19:00:42 gtw01 dnsmasq-dhcp[30539]: read /var/lib/neutron/dhcp/250c3ec7-b887-4feb-bb8a-555d7910a311/opts
Sep 29 19:00:43 gtw01 dnsmasq[30539]: read /var/lib/neutron/dhcp/250c3ec7-b887-4feb-bb8a-555d7910a311/addn_hosts - 3 addresses
Sep 29 19:00:43 gtw01 dnsmasq-dhcp[30539]: read /var/lib/neutron/dhcp/250c3ec7-b887-4feb-bb8a-555d7910a311/host
Sep 29 19:00:43 gtw01 dnsmasq-dhcp[30539]: read /var/lib/neutron/dhcp/250c3ec7-b887-4feb-bb8a-555d7910a311/opts
Sep 29 19:00:44 gtw01 dnsmasq[30539]: read /var/lib/neutron/dhcp/250c3ec7-b887-4feb-bb8a-555d7910a311/addn_hosts - 2 addresses
Sep 29 19:00:44 gtw01 dnsmasq-dhcp[30539]: read /var/lib/neutron/dhcp/250c3ec7-b887-4feb-bb8a-555d7910a311/host
Sep 29 19:00:44 gtw01 dnsmasq-dhcp[30539]: read /var/lib/neutron/dhcp/250c3ec7-b887-4feb-bb8a-555d7910a311/opts
Sep 29 19:00:45 gtw01 dnsmasq[30539]: read /var/lib/neutron/dhcp/250c3ec7-b887-4feb-bb8a-555d7910a311/addn_hosts - 1 addresses
Sep 29 19:00:45 gtw01 dnsmasq-dhcp[30539]: read /var/lib/neutron/dhcp/250c3ec7-b887-4feb-bb8a-555d7910a311/host
Sep 29 19:00:45 gtw01 dnsmasq-dhcp[30539]: read /var/lib/neutron/dhcp/250c3ec7-b887-4feb-bb8a-555d7910a311/opts
Sep 29 19:00:48 gtw01 systemd-udevd[30917]: Could not generate persistent MAC address for tap60b88db6-3b: No such file or directory
Sep 29 19:00:48 gtw01 kernel: [ 3206.996803] device tap60b88db6-3b entered promiscuous mode
Sep 29 19:00:48 gtw01 systemd-udevd[30917]: Process '/sbin/ip link set tap60b88db6-3b txqueuelen 10000' failed with exit code 1.
Sep 29 19:00:48 gtw01 systemd-udevd[30917]: Process '/sbin/ip link set tap60b88db6-3b txqueuelen 10000' failed with exit code 1.
Sep 29 19:00:52 gtw01 dnsmasq[31051]: started, version 2.80 cachesize 150
Sep 29 19:00:52 gtw01 dnsmasq[31051]: DNS service limited to local subnets
Sep 29 19:00:52 gtw01 dnsmasq[31051]: compile time options: IPv6 GNU-getopt DBus i18n IDN DHCP DHCPv6 no-Lua TFTP conntrack ipset auth DNSSEC loop-detect inotify dumpfile
Sep 29 19:00:52 gtw01 dnsmasq[31051]: warning: no upstream servers configured
Sep 29 19:00:52 gtw01 dnsmasq-dhcp[31051]: DHCPv6, static leases only on 2003:0:0:1::, lease time 1h
Sep 29 19:00:52 gtw01 dnsmasq[31051]: read /var/lib/neutron/dhcp/a7d113dc-b538-4dc5-968d-e87c08725d5d/addn_hosts - 1 addresses
Sep 29 19:00:52 gtw01 dnsmasq-dhcp[31051]: read /var/lib/neutron/dhcp/a7d113dc-b538-4dc5-968d-e87c08725d5d/host
Sep 29 19:00:52 gtw01 dnsmasq-dhcp[31051]: read /var/lib/neutron/dhcp/a7d113dc-b538-4dc5-968d-e87c08725d5d/opts
Sep 29 19:00:53 gtw01 dnsmasq[31051]: read /var/lib/neutron/dhcp/a7d113dc-b538-4dc5-968d-e87c08725d5d/addn_hosts - 2 addresses
Sep 29 19:00:53 gtw01 dnsmasq-dhcp[31051]: read /var/lib/neutron/dhcp/a7d113dc-b538-4dc5-968d-e87c08725d5d/host
Sep 29 19:00:53 gtw01 dnsmasq-dhcp[31051]: read /var/lib/neutron/dhcp/a7d113dc-b538-4dc5-968d-e87c08725d5d/opts
Sep 29 19:00:54 gtw01 dnsmasq[31051]: read /var/lib/neutron/dhcp/a7d113dc-b538-4dc5-968d-e87c08725d5d/addn_hosts - 2 addresses
Sep 29 19:00:54 gtw01 dnsmasq-dhcp[31051]: read /var/lib/neutron/dhcp/a7d113dc-b538-4dc5-968d-e87c08725d5d/host
Sep 29 19:00:54 gtw01 dnsmasq-dhcp[31051]: read /var/lib/neutron/dhcp/a7d113dc-b538-4dc5-968d-e87c08725d5d/opts
Sep 29 19:00:55 gtw01 kernel: [ 3213.193980] device tapd10a97f3-89 entered promiscuous mode
Sep 29 19:00:55 gtw01 systemd-udevd[31122]: Could not generate persistent MAC address for tapd10a97f3-89: No such file or directory
Sep 29 19:00:55 gtw01 systemd-udevd[31188]: Process '/sbin/ip link set tapd10a97f3-89 txqueuelen 10000' failed with exit code 1.
Sep 29 19:00:55 gtw01 systemd-udevd[31210]: Could not generate persistent MAC address for tapbbae951f-27: No such file or directory
Sep 29 19:00:55 gtw01 kernel: [ 3213.407914] device tapbbae951f-27 entered promiscuous mode
Sep 29 19:00:55 gtw01 systemd-udevd[31279]: Process '/sbin/ip link set tapbbae951f-27 txqueuelen 10000' failed with exit code 1.
Sep 29 19:00:55 gtw01 dnsmasq[31051]: read /var/lib/neutron/dhcp/a7d113dc-b538-4dc5-968d-e87c08725d5d/addn_hosts - 2 addresses
Sep 29 19:00:55 gtw01 dnsmasq-dhcp[31051]: read /var/lib/neutron/dhcp/a7d113dc-b538-4dc5-968d-e87c08725d5d/host
Sep 29 19:00:55 gtw01 dnsmasq-dhcp[31051]: read /var/lib/neutron/dhcp/a7d113dc-b538-4dc5-968d-e87c08725d5d/opts
Sep 29 19:00:56 gtw01 dnsmasq[31051]: read /var/lib/neutron/dhcp/a7d113dc-b538-4dc5-968d-e87c08725d5d/addn_hosts - 2 addresses
Sep 29 19:00:56 gtw01 dnsmasq-dhcp[31051]: read /var/lib/neutron/dhcp/a7d113dc-b538-4dc5-968d-e87c08725d5d/host
Sep 29 19:00:56 gtw01 dnsmasq-dhcp[31051]: read /var/lib/neutron/dhcp/a7d113dc-b538-4dc5-968d-e87c08725d5d/opts
Sep 29 19:00:57 gtw01 dnsmasq[31051]: read /var/lib/neutron/dhcp/a7d113dc-b538-4dc5-968d-e87c08725d5d/addn_hosts - 2 addresses
Sep 29 19:00:57 gtw01 dnsmasq-dhcp[31051]: read /var/lib/neutron/dhcp/a7d113dc-b538-4dc5-968d-e87c08725d5d/host
Sep 29 19:00:57 gtw01 dnsmasq-dhcp[31051]: read /var/lib/neutron/dhcp/a7d113dc-b538-4dc5-968d-e87c08725d5d/opts
Sep 29 19:00:58 gtw01 dnsmasq[31428]: started, version 2.80 cachesize 150
Sep 29 19:00:58 gtw01 dnsmasq[31428]: DNS service limited to local subnets
Sep 29 19:00:58 gtw01 dnsmasq[31428]: compile time options: IPv6 GNU-getopt DBus i18n IDN DHCP DHCPv6 no-Lua TFTP conntrack ipset auth DNSSEC loop-detect inotify dumpfile
Sep 29 19:00:58 gtw01 dnsmasq[31428]: warning: no upstream servers configured
Sep 29 19:00:58 gtw01 dnsmasq-dhcp[31428]: DHCP, static leases only on 192.168.120.16, lease time 1h
Sep 29 19:00:58 gtw01 dnsmasq[31428]: read /var/lib/neutron/dhcp/0657da5b-ba4e-4bac-8be7-16e85c7e2387/addn_hosts - 1 addresses
Sep 29 19:00:58 gtw01 dnsmasq-dhcp[31428]: read /var/lib/neutron/dhcp/0657da5b-ba4e-4bac-8be7-16e85c7e2387/host
Sep 29 19:00:58 gtw01 dnsmasq-dhcp[31428]: read /var/lib/neutron/dhcp/0657da5b-ba4e-4bac-8be7-16e85c7e2387/opts
Sep 29 19:00:59 gtw01 haproxy-metadata-proxy-0657da5b-ba4e-4bac-8be7-16e85c7e2387[31436]: Proxy listener started.
Sep 29 19:00:59 gtw01 dnsmasq[31440]: started, version 2.80 cachesize 150
Sep 29 19:00:59 gtw01 dnsmasq[31440]: DNS service limited to local subnets
Sep 29 19:00:59 gtw01 dnsmasq[31440]: compile time options: IPv6 GNU-getopt DBus i18n IDN DHCP DHCPv6 no-Lua TFTP conntrack ipset auth DNSSEC loop-detect inotify dumpfile
Sep 29 19:00:59 gtw01 dnsmasq[31440]: warning: no upstream servers configured
Sep 29 19:00:59 gtw01 dnsmasq-dhcp[31440]: DHCP, static leases only on 192.168.120.0, lease time 1h
Sep 29 19:00:59 gtw01 dnsmasq[31440]: read /var/lib/neutron/dhcp/32315e54-4061-4f25-a92c-5aec355723e6/addn_hosts - 2 addresses
Sep 29 19:00:59 gtw01 dnsmasq-dhcp[31440]: read /var/lib/neutron/dhcp/32315e54-4061-4f25-a92c-5aec355723e6/host
Sep 29 19:00:59 gtw01 dnsmasq-dhcp[31440]: read /var/lib/neutron/dhcp/32315e54-4061-4f25-a92c-5aec355723e6/opts
Sep 29 19:00:59 gtw01 haproxy-metadata-proxy-32315e54-4061-4f25-a92c-5aec355723e6[31446]: Proxy listener started.
Sep 29 19:00:59 gtw01 dnsmasq[31428]: read /var/lib/neutron/dhcp/0657da5b-ba4e-4bac-8be7-16e85c7e2387/addn_hosts - 2 addresses
Sep 29 19:00:59 gtw01 dnsmasq-dhcp[31428]: read /var/lib/neutron/dhcp/0657da5b-ba4e-4bac-8be7-16e85c7e2387/host
Sep 29 19:00:59 gtw01 dnsmasq-dhcp[31428]: read /var/lib/neutron/dhcp/0657da5b-ba4e-4bac-8be7-16e85c7e2387/opts
Sep 29 19:01:00 gtw01 dnsmasq[31440]: read /var/lib/neutron/dhcp/32315e54-4061-4f25-a92c-5aec355723e6/addn_hosts - 2 addresses
Sep 29 19:01:00 gtw01 dnsmasq-dhcp[31440]: read /var/lib/neutron/dhcp/32315e54-4061-4f25-a92c-5aec355723e6/host
Sep 29 19:01:00 gtw01 dnsmasq-dhcp[31440]: read /var/lib/neutron/dhcp/32315e54-4061-4f25-a92c-5aec355723e6/opts
Sep 29 19:01:00 gtw01 dnsmasq[31428]: read /var/lib/neutron/dhcp/0657da5b-ba4e-4bac-8be7-16e85c7e2387/addn_hosts - 3 addresses
Sep 29 19:01:00 gtw01 dnsmasq-dhcp[31428]: read /var/lib/neutron/dhcp/0657da5b-ba4e-4bac-8be7-16e85c7e2387/host
Sep 29 19:01:00 gtw01 dnsmasq-dhcp[31428]: read /var/lib/neutron/dhcp/0657da5b-ba4e-4bac-8be7-16e85c7e2387/opts
Sep 29 19:01:01 gtw01 dnsmasq[31440]: read /var/lib/neutron/dhcp/32315e54-4061-4f25-a92c-5aec355723e6/addn_hosts - 2 addresses
Sep 29 19:01:01 gtw01 dnsmasq-dhcp[31440]: read /var/lib/neutron/dhcp/32315e54-4061-4f25-a92c-5aec355723e6/host
Sep 29 19:01:01 gtw01 dnsmasq-dhcp[31440]: read /var/lib/neutron/dhcp/32315e54-4061-4f25-a92c-5aec355723e6/opts
Sep 29 19:01:02 gtw01 dnsmasq[31428]: read /var/lib/neutron/dhcp/0657da5b-ba4e-4bac-8be7-16e85c7e2387/addn_hosts - 3 addresses
Sep 29 19:01:02 gtw01 dnsmasq-dhcp[31428]: read /var/lib/neutron/dhcp/0657da5b-ba4e-4bac-8be7-16e85c7e2387/host
Sep 29 19:01:02 gtw01 dnsmasq-dhcp[31428]: read /var/lib/neutron/dhcp/0657da5b-ba4e-4bac-8be7-16e85c7e2387/opts
Sep 29 19:01:02 gtw01 kernel: [ 3220.817823] device tap9e512369-dc entered promiscuous mode
Sep 29 19:01:02 gtw01 systemd-udevd[31553]: Could not generate persistent MAC address for tap9e512369-dc: No such file or directory
Sep 29 19:01:02 gtw01 systemd-udevd[31553]: Process '/sbin/ip link set tap9e512369-dc txqueuelen 10000' failed with exit code 1.
Sep 29 19:01:02 gtw01 dnsmasq[31440]: read /var/lib/neutron/dhcp/32315e54-4061-4f25-a92c-5aec355723e6/addn_hosts - 2 addresses
Sep 29 19:01:02 gtw01 dnsmasq-dhcp[31440]: read /var/lib/neutron/dhcp/32315e54-4061-4f25-a92c-5aec355723e6/host
Sep 29 19:01:02 gtw01 dnsmasq-dhcp[31440]: read /var/lib/neutron/dhcp/32315e54-4061-4f25-a92c-5aec355723e6/opts
Sep 29 19:01:03 gtw01 dnsmasq[31428]: read /var/lib/neutron/dhcp/0657da5b-ba4e-4bac-8be7-16e85c7e2387/addn_hosts - 3 addresses
Sep 29 19:01:03 gtw01 dnsmasq-dhcp[31428]: read /var/lib/neutron/dhcp/0657da5b-ba4e-4bac-8be7-16e85c7e2387/host
Sep 29 19:01:03 gtw01 dnsmasq-dhcp[31428]: read /var/lib/neutron/dhcp/0657da5b-ba4e-4bac-8be7-16e85c7e2387/opts
Sep 29 19:01:04 gtw01 dnsmasq[31440]: read /var/lib/neutron/dhcp/32315e54-4061-4f25-a92c-5aec355723e6/addn_hosts - 2 addresses
Sep 29 19:01:04 gtw01 dnsmasq-dhcp[31440]: read /var/lib/neutron/dhcp/32315e54-4061-4f25-a92c-5aec355723e6/host
Sep 29 19:01:04 gtw01 dnsmasq-dhcp[31440]: read /var/lib/neutron/dhcp/32315e54-4061-4f25-a92c-5aec355723e6/opts
Sep 29 19:01:04 gtw01 dnsmasq[31428]: read /var/lib/neutron/dhcp/0657da5b-ba4e-4bac-8be7-16e85c7e2387/addn_hosts - 3 addresses
