Sep 29 20:07:15 gtw01 dnsmasq-dhcp[17174]: read /var/lib/neutron/dhcp/1fab36d5-2284-44af-b709-a736a066fa93/host
Sep 29 20:07:15 gtw01 dnsmasq-dhcp[17174]: read /var/lib/neutron/dhcp/1fab36d5-2284-44af-b709-a736a066fa93/opts
Sep 29 20:07:15 gtw01 dnsmasq[31845]: read /var/lib/neutron/dhcp/82620fc4-43e1-4145-ab8f-3a52757531ce/addn_hosts - 6 addresses
Sep 29 20:07:15 gtw01 dnsmasq-dhcp[31845]: read /var/lib/neutron/dhcp/82620fc4-43e1-4145-ab8f-3a52757531ce/host
Sep 29 20:07:15 gtw01 dnsmasq-dhcp[31845]: read /var/lib/neutron/dhcp/82620fc4-43e1-4145-ab8f-3a52757531ce/opts
Sep 29 20:07:16 gtw01 dnsmasq[32103]: read /var/lib/neutron/dhcp/dbfe261c-060e-449f-ac93-c56629fd913b/addn_hosts - 1 addresses
Sep 29 20:07:16 gtw01 dnsmasq-dhcp[32103]: read /var/lib/neutron/dhcp/dbfe261c-060e-449f-ac93-c56629fd913b/host
Sep 29 20:07:16 gtw01 dnsmasq-dhcp[32103]: read /var/lib/neutron/dhcp/dbfe261c-060e-449f-ac93-c56629fd913b/opts
Sep 29 20:07:16 gtw01 dnsmasq[17174]: read /var/lib/neutron/dhcp/1fab36d5-2284-44af-b709-a736a066fa93/addn_hosts - 3 addresses
Sep 29 20:07:16 gtw01 dnsmasq-dhcp[17174]: read /var/lib/neutron/dhcp/1fab36d5-2284-44af-b709-a736a066fa93/host
Sep 29 20:07:16 gtw01 dnsmasq-dhcp[17174]: read /var/lib/neutron/dhcp/1fab36d5-2284-44af-b709-a736a066fa93/opts
Sep 29 20:07:17 gtw01 dnsmasq[31845]: read /var/lib/neutron/dhcp/82620fc4-43e1-4145-ab8f-3a52757531ce/addn_hosts - 7 addresses
Sep 29 20:07:17 gtw01 dnsmasq-dhcp[31845]: read /var/lib/neutron/dhcp/82620fc4-43e1-4145-ab8f-3a52757531ce/host
Sep 29 20:07:17 gtw01 dnsmasq-dhcp[31845]: read /var/lib/neutron/dhcp/82620fc4-43e1-4145-ab8f-3a52757531ce/opts
Sep 29 20:07:17 gtw01 dnsmasq[17174]: read /var/lib/neutron/dhcp/1fab36d5-2284-44af-b709-a736a066fa93/addn_hosts - 3 addresses
Sep 29 20:07:17 gtw01 dnsmasq-dhcp[17174]: read /var/lib/neutron/dhcp/1fab36d5-2284-44af-b709-a736a066fa93/host
Sep 29 20:07:17 gtw01 dnsmasq-dhcp[17174]: read /var/lib/neutron/dhcp/1fab36d5-2284-44af-b709-a736a066fa93/opts
Sep 29 20:07:18 gtw01 dnsmasq[31845]: read /var/lib/neutron/dhcp/82620fc4-43e1-4145-ab8f-3a52757531ce/addn_hosts - 7 addresses
Sep 29 20:07:18 gtw01 dnsmasq-dhcp[31845]: read /var/lib/neutron/dhcp/82620fc4-43e1-4145-ab8f-3a52757531ce/host
Sep 29 20:07:18 gtw01 dnsmasq-dhcp[31845]: read /var/lib/neutron/dhcp/82620fc4-43e1-4145-ab8f-3a52757531ce/opts
Sep 29 20:07:19 gtw01 dnsmasq[31845]: read /var/lib/neutron/dhcp/82620fc4-43e1-4145-ab8f-3a52757531ce/addn_hosts - 7 addresses
Sep 29 20:07:19 gtw01 dnsmasq-dhcp[31845]: read /var/lib/neutron/dhcp/82620fc4-43e1-4145-ab8f-3a52757531ce/host
Sep 29 20:07:19 gtw01 dnsmasq-dhcp[31845]: read /var/lib/neutron/dhcp/82620fc4-43e1-4145-ab8f-3a52757531ce/opts
Sep 29 20:07:19 gtw01 dnsmasq[31845]: read /var/lib/neutron/dhcp/82620fc4-43e1-4145-ab8f-3a52757531ce/addn_hosts - 7 addresses
Sep 29 20:07:19 gtw01 dnsmasq-dhcp[31845]: read /var/lib/neutron/dhcp/82620fc4-43e1-4145-ab8f-3a52757531ce/host
Sep 29 20:07:19 gtw01 dnsmasq-dhcp[31845]: read /var/lib/neutron/dhcp/82620fc4-43e1-4145-ab8f-3a52757531ce/opts
Sep 29 20:07:20 gtw01 dnsmasq[31845]: read /var/lib/neutron/dhcp/82620fc4-43e1-4145-ab8f-3a52757531ce/addn_hosts - 7 addresses
Sep 29 20:07:20 gtw01 dnsmasq-dhcp[31845]: read /var/lib/neutron/dhcp/82620fc4-43e1-4145-ab8f-3a52757531ce/host
Sep 29 20:07:20 gtw01 dnsmasq-dhcp[31845]: read /var/lib/neutron/dhcp/82620fc4-43e1-4145-ab8f-3a52757531ce/opts
Sep 29 20:07:22 gtw01 kernel: [ 7200.398172] device tapbd8a5d6b-06 left promiscuous mode
Sep 29 20:07:28 gtw01 dnsmasq[17174]: read /var/lib/neutron/dhcp/1fab36d5-2284-44af-b709-a736a066fa93/addn_hosts - 2 addresses
Sep 29 20:07:28 gtw01 dnsmasq-dhcp[17174]: read /var/lib/neutron/dhcp/1fab36d5-2284-44af-b709-a736a066fa93/host
Sep 29 20:07:28 gtw01 dnsmasq-dhcp[17174]: read /var/lib/neutron/dhcp/1fab36d5-2284-44af-b709-a736a066fa93/opts
Sep 29 20:07:30 gtw01 systemd-udevd[32370]: Could not generate persistent MAC address for tapa565271b-10: No such file or directory
Sep 29 20:07:30 gtw01 kernel: [ 7208.905689] device tapa565271b-10 entered promiscuous mode
Sep 29 20:07:30 gtw01 systemd-udevd[32370]: Process '/sbin/ip link set tapa565271b-10 txqueuelen 10000' failed with exit code 1.
Sep 29 20:07:30 gtw01 systemd-udevd[32370]: Process '/sbin/ip link set tapa565271b-10 txqueuelen 10000' failed with exit code 1.
Sep 29 20:07:34 gtw01 dnsmasq[32514]: started, version 2.80 cachesize 150
Sep 29 20:07:34 gtw01 dnsmasq[32514]: DNS service limited to local subnets
Sep 29 20:07:34 gtw01 dnsmasq[32514]: compile time options: IPv6 GNU-getopt DBus i18n IDN DHCP DHCPv6 no-Lua TFTP conntrack ipset auth DNSSEC loop-detect inotify dumpfile
Sep 29 20:07:34 gtw01 dnsmasq[32514]: warning: no upstream servers configured
Sep 29 20:07:34 gtw01 dnsmasq-dhcp[32514]: DHCPv6, static leases only on 2003::, lease time 1h
Sep 29 20:07:34 gtw01 dnsmasq[32514]: read /var/lib/neutron/dhcp/583c9359-ef87-4c98-bdbb-d519e34e04ca/addn_hosts - 1 addresses
Sep 29 20:07:34 gtw01 dnsmasq-dhcp[32514]: read /var/lib/neutron/dhcp/583c9359-ef87-4c98-bdbb-d519e34e04ca/host
Sep 29 20:07:34 gtw01 dnsmasq-dhcp[32514]: read /var/lib/neutron/dhcp/583c9359-ef87-4c98-bdbb-d519e34e04ca/opts
Sep 29 20:07:34 gtw01 kernel: [ 7212.688825] device tapc53ff1a6-21 entered promiscuous mode
Sep 29 20:07:34 gtw01 systemd-udevd[32527]: Could not generate persistent MAC address for tapc53ff1a6-21: No such file or directory
Sep 29 20:07:34 gtw01 systemd-udevd[32527]: Process '/sbin/ip link set tapc53ff1a6-21 txqueuelen 10000' failed with exit code 1.
Sep 29 20:07:34 gtw01 systemd-udevd[32602]: Process '/sbin/ip link set tapc53ff1a6-21 txqueuelen 10000' failed with exit code 1.
Sep 29 20:07:37 gtw01 kernel: [ 7215.200790] device tap3c840ac3-02 entered promiscuous mode
Sep 29 20:07:37 gtw01 systemd-udevd[32685]: Could not generate persistent MAC address for tap3c840ac3-02: No such file or directory
Sep 29 20:07:37 gtw01 systemd-udevd[32755]: Process '/sbin/ip link set tap3c840ac3-02 txqueuelen 10000' failed with exit code 1.
Sep 29 20:07:38 gtw01 dnsmasq[354]: started, version 2.80 cachesize 150
Sep 29 20:07:38 gtw01 dnsmasq[354]: DNS service limited to local subnets
Sep 29 20:07:38 gtw01 dnsmasq[354]: compile time options: IPv6 GNU-getopt DBus i18n IDN DHCP DHCPv6 no-Lua TFTP conntrack ipset auth DNSSEC loop-detect inotify dumpfile
Sep 29 20:07:38 gtw01 dnsmasq[354]: warning: no upstream servers configured
Sep 29 20:07:38 gtw01 dnsmasq-dhcp[354]: DHCPv6, static leases only on 2003::, lease time 1h
Sep 29 20:07:38 gtw01 dnsmasq[354]: read /var/lib/neutron/dhcp/69aee084-fd95-4ea2-bc11-e500123c9da4/addn_hosts - 1 addresses
Sep 29 20:07:38 gtw01 dnsmasq-dhcp[354]: read /var/lib/neutron/dhcp/69aee084-fd95-4ea2-bc11-e500123c9da4/host
Sep 29 20:07:38 gtw01 dnsmasq-dhcp[354]: read /var/lib/neutron/dhcp/69aee084-fd95-4ea2-bc11-e500123c9da4/opts
Sep 29 20:07:38 gtw01 dnsmasq[361]: started, version 2.80 cachesize 150
Sep 29 20:07:38 gtw01 dnsmasq[361]: DNS service limited to local subnets
Sep 29 20:07:38 gtw01 dnsmasq[361]: compile time options: IPv6 GNU-getopt DBus i18n IDN DHCP DHCPv6 no-Lua TFTP conntrack ipset auth DNSSEC loop-detect inotify dumpfile
Sep 29 20:07:38 gtw01 dnsmasq[361]: warning: no upstream servers configured
Sep 29 20:07:38 gtw01 dnsmasq-dhcp[361]: DHCP, static leases only on 192.168.120.0, lease time 1h
Sep 29 20:07:38 gtw01 dnsmasq-dhcp[361]: DHCPv6, static leases only on 2003::, lease time 1h
Sep 29 20:07:38 gtw01 dnsmasq[361]: read /var/lib/neutron/dhcp/583c9359-ef87-4c98-bdbb-d519e34e04ca/addn_hosts - 2 addresses
Sep 29 20:07:38 gtw01 dnsmasq-dhcp[361]: read /var/lib/neutron/dhcp/583c9359-ef87-4c98-bdbb-d519e34e04ca/host
Sep 29 20:07:38 gtw01 dnsmasq-dhcp[361]: read /var/lib/neutron/dhcp/583c9359-ef87-4c98-bdbb-d519e34e04ca/opts
Sep 29 20:07:38 gtw01 kernel: [ 7217.097089] device tapc53ff1a6-21 left promiscuous mode
Sep 29 20:07:39 gtw01 haproxy-metadata-proxy-583c9359-ef87-4c98-bdbb-d519e34e04ca[369]: Proxy listener started.
Sep 29 20:07:39 gtw01 dnsmasq[361]: read /var/lib/neutron/dhcp/583c9359-ef87-4c98-bdbb-d519e34e04ca/addn_hosts - 2 addresses
Sep 29 20:07:39 gtw01 dnsmasq-dhcp[361]: read /var/lib/neutron/dhcp/583c9359-ef87-4c98-bdbb-d519e34e04ca/host
Sep 29 20:07:39 gtw01 dnsmasq-dhcp[361]: read /var/lib/neutron/dhcp/583c9359-ef87-4c98-bdbb-d519e34e04ca/opts
Sep 29 20:07:40 gtw01 dnsmasq[436]: started, version 2.80 cachesize 150
Sep 29 20:07:40 gtw01 dnsmasq[436]: DNS service limited to local subnets
Sep 29 20:07:40 gtw01 dnsmasq[436]: compile time options: IPv6 GNU-getopt DBus i18n IDN DHCP DHCPv6 no-Lua TFTP conntrack ipset auth DNSSEC loop-detect inotify dumpfile
Sep 29 20:07:40 gtw01 dnsmasq[436]: warning: no upstream servers configured
Sep 29 20:07:40 gtw01 dnsmasq-dhcp[436]: DHCP, static leases only on 192.168.120.0, lease time 1h
Sep 29 20:07:40 gtw01 dnsmasq[436]: read /var/lib/neutron/dhcp/a64ec603-0553-41ca-b216-e9d2b8cb2f46/addn_hosts - 1 addresses
Sep 29 20:07:40 gtw01 dnsmasq-dhcp[436]: read /var/lib/neutron/dhcp/a64ec603-0553-41ca-b216-e9d2b8cb2f46/host
Sep 29 20:07:40 gtw01 dnsmasq-dhcp[436]: read /var/lib/neutron/dhcp/a64ec603-0553-41ca-b216-e9d2b8cb2f46/opts
Sep 29 20:07:40 gtw01 dnsmasq[361]: read /var/lib/neutron/dhcp/583c9359-ef87-4c98-bdbb-d519e34e04ca/addn_hosts - 2 addresses
Sep 29 20:07:40 gtw01 dnsmasq-dhcp[361]: read /var/lib/neutron/dhcp/583c9359-ef87-4c98-bdbb-d519e34e04ca/host
Sep 29 20:07:40 gtw01 dnsmasq-dhcp[361]: read /var/lib/neutron/dhcp/583c9359-ef87-4c98-bdbb-d519e34e04ca/opts
Sep 29 20:07:41 gtw01 haproxy-metadata-proxy-a64ec603-0553-41ca-b216-e9d2b8cb2f46[444]: Proxy listener started.
Sep 29 20:07:41 gtw01 dnsmasq[436]: read /var/lib/neutron/dhcp/a64ec603-0553-41ca-b216-e9d2b8cb2f46/addn_hosts - 1 addresses
Sep 29 20:07:41 gtw01 dnsmasq-dhcp[436]: read /var/lib/neutron/dhcp/a64ec603-0553-41ca-b216-e9d2b8cb2f46/host
Sep 29 20:07:41 gtw01 dnsmasq-dhcp[436]: read /var/lib/neutron/dhcp/a64ec603-0553-41ca-b216-e9d2b8cb2f46/opts
Sep 29 20:07:43 gtw01 kernel: [ 7221.302559] device tap3c840ac3-02 left promiscuous mode
Sep 29 20:07:54 gtw01 kernel: [ 7232.174186] device tap55701684-15 entered promiscuous mode
Sep 29 20:07:54 gtw01 systemd-udevd[500]: Could not generate persistent MAC address for tap55701684-15: No such file or directory
Sep 29 20:07:54 gtw01 systemd-udevd[500]: Process '/sbin/ip link set tap55701684-15 txqueuelen 10000' failed with exit code 1.
Sep 29 20:07:54 gtw01 systemd-udevd[573]: Process '/sbin/ip link set tap55701684-15 txqueuelen 10000' failed with exit code 1.
Sep 29 20:07:57 gtw01 dnsmasq[672]: started, version 2.80 cachesize 150
Sep 29 20:07:57 gtw01 dnsmasq[672]: DNS service limited to local subnets
Sep 29 20:07:57 gtw01 dnsmasq[672]: compile time options: IPv6 GNU-getopt DBus i18n IDN DHCP DHCPv6 no-Lua TFTP conntrack ipset auth DNSSEC loop-detect inotify dumpfile
Sep 29 20:07:57 gtw01 dnsmasq[672]: warning: no upstream servers configured
Sep 29 20:07:57 gtw01 dnsmasq-dhcp[672]: DHCP, static leases only on 192.168.120.0, lease time 1h
Sep 29 20:07:57 gtw01 dnsmasq[672]: read /var/lib/neutron/dhcp/a9c8b5f3-0d84-46f6-ae06-a96ed5828ee8/addn_hosts - 1 addresses
Sep 29 20:07:57 gtw01 dnsmasq-dhcp[672]: read /var/lib/neutron/dhcp/a9c8b5f3-0d84-46f6-ae06-a96ed5828ee8/host
Sep 29 20:07:57 gtw01 dnsmasq-dhcp[672]: read /var/lib/neutron/dhcp/a9c8b5f3-0d84-46f6-ae06-a96ed5828ee8/opts
Sep 29 20:07:57 gtw01 haproxy-metadata-proxy-a9c8b5f3-0d84-46f6-ae06-a96ed5828ee8[679]: Proxy listener started.
Sep 29 20:07:57 gtw01 dnsmasq[690]: started, version 2.80 cachesize 150
Sep 29 20:07:57 gtw01 dnsmasq[690]: DNS service limited to local subnets
Sep 29 20:07:57 gtw01 dnsmasq[690]: compile time options: IPv6 GNU-getopt DBus i18n IDN DHCP DHCPv6 no-Lua TFTP conntrack ipset auth DNSSEC loop-detect inotify dumpfile
Sep 29 20:07:57 gtw01 dnsmasq[690]: warning: no upstream servers configured
Sep 29 20:07:57 gtw01 dnsmasq-dhcp[690]: DHCPv6, static leases only on 2003::, lease time 1h
Sep 29 20:07:57 gtw01 dnsmasq[690]: read /var/lib/neutron/dhcp/583c9359-ef87-4c98-bdbb-d519e34e04ca/addn_hosts - 1 addresses
Sep 29 20:07:57 gtw01 dnsmasq-dhcp[690]: read /var/lib/neutron/dhcp/583c9359-ef87-4c98-bdbb-d519e34e04ca/host
Sep 29 20:07:57 gtw01 dnsmasq-dhcp[690]: read /var/lib/neutron/dhcp/583c9359-ef87-4c98-bdbb-d519e34e04ca/opts
Sep 29 20:07:58 gtw01 dnsmasq[672]: read /var/lib/neutron/dhcp/a9c8b5f3-0d84-46f6-ae06-a96ed5828ee8/addn_hosts - 3 addresses
Sep 29 20:07:58 gtw01 dnsmasq-dhcp[672]: read /var/lib/neutron/dhcp/a9c8b5f3-0d84-46f6-ae06-a96ed5828ee8/host
Sep 29 20:07:58 gtw01 dnsmasq-dhcp[672]: read /var/lib/neutron/dhcp/a9c8b5f3-0d84-46f6-ae06-a96ed5828ee8/opts
Sep 29 20:07:58 gtw01 kernel: [ 7236.745363] device tapa565271b-10 left promiscuous mode
Sep 29 20:07:59 gtw01 dnsmasq[672]: read /var/lib/neutron/dhcp/a9c8b5f3-0d84-46f6-ae06-a96ed5828ee8/addn_hosts - 3 addresses
Sep 29 20:07:59 gtw01 dnsmasq-dhcp[672]: read /var/lib/neutron/dhcp/a9c8b5f3-0d84-46f6-ae06-a96ed5828ee8/host
Sep 29 20:07:59 gtw01 dnsmasq-dhcp[672]: read /var/lib/neutron/dhcp/a9c8b5f3-0d84-46f6-ae06-a96ed5828ee8/opts
Sep 29 20:08:00 gtw01 dnsmasq[672]: read /var/lib/neutron/dhcp/a9c8b5f3-0d84-46f6-ae06-a96ed5828ee8/addn_hosts - 3 addresses
Sep 29 20:08:00 gtw01 dnsmasq-dhcp[672]: read /var/lib/neutron/dhcp/a9c8b5f3-0d84-46f6-ae06-a96ed5828ee8/host
Sep 29 20:08:00 gtw01 dnsmasq-dhcp[672]: read /var/lib/neutron/dhcp/a9c8b5f3-0d84-46f6-ae06-a96ed5828ee8/opts
Sep 29 20:08:01 gtw01 kernel: [ 7239.268834] device tap42d983b7-1f left promiscuous mode
Sep 29 20:08:01 gtw01 dnsmasq[672]: read /var/lib/neutron/dhcp/a9c8b5f3-0d84-46f6-ae06-a96ed5828ee8/addn_hosts - 3 addresses
Sep 29 20:08:01 gtw01 dnsmasq-dhcp[672]: read /var/lib/neutron/dhcp/a9c8b5f3-0d84-46f6-ae06-a96ed5828ee8/host
Sep 29 20:08:01 gtw01 dnsmasq-dhcp[672]: read /var/lib/neutron/dhcp/a9c8b5f3-0d84-46f6-ae06-a96ed5828ee8/opts
Sep 29 20:08:02 gtw01 dnsmasq[672]: read /var/lib/neutron/dhcp/a9c8b5f3-0d84-46f6-ae06-a96ed5828ee8/addn_hosts - 3 addresses
Sep 29 20:08:02 gtw01 dnsmasq-dhcp[672]: read /var/lib/neutron/dhcp/a9c8b5f3-0d84-46f6-ae06-a96ed5828ee8/host
Sep 29 20:08:02 gtw01 dnsmasq-dhcp[672]: read /var/lib/neutron/dhcp/a9c8b5f3-0d84-46f6-ae06-a96ed5828ee8/opts
Sep 29 20:08:03 gtw01 dnsmasq[672]: read /var/lib/neutron/dhcp/a9c8b5f3-0d84-46f6-ae06-a96ed5828ee8/addn_hosts - 3 addresses
Sep 29 20:08:03 gtw01 dnsmasq-dhcp[672]: read /var/lib/neutron/dhcp/a9c8b5f3-0d84-46f6-ae06-a96ed5828ee8/host
Sep 29 20:08:03 gtw01 dnsmasq-dhcp[672]: read /var/lib/neutron/dhcp/a9c8b5f3-0d84-46f6-ae06-a96ed5828ee8/opts
Sep 29 20:08:03 gtw01 dnsmasq[672]: read /var/lib/neutron/dhcp/a9c8b5f3-0d84-46f6-ae06-a96ed5828ee8/addn_hosts - 2 addresses
Sep 29 20:08:03 gtw01 dnsmasq-dhcp[672]: read /var/lib/neutron/dhcp/a9c8b5f3-0d84-46f6-ae06-a96ed5828ee8/host
Sep 29 20:08:03 gtw01 dnsmasq-dhcp[672]: read /var/lib/neutron/dhcp/a9c8b5f3-0d84-46f6-ae06-a96ed5828ee8/opts
Sep 29 20:08:04 gtw01 kernel: [ 7242.660123] device tap0455fa1b-b0 left promiscuous mode
Sep 29 20:08:04 gtw01 dnsmasq[672]: read /var/lib/neutron/dhcp/a9c8b5f3-0d84-46f6-ae06-a96ed5828ee8/addn_hosts - 1 addresses
Sep 29 20:08:04 gtw01 dnsmasq-dhcp[672]: read /var/lib/neutron/dhcp/a9c8b5f3-0d84-46f6-ae06-a96ed5828ee8/host
Sep 29 20:08:04 gtw01 dnsmasq-dhcp[672]: read /var/lib/neutron/dhcp/a9c8b5f3-0d84-46f6-ae06-a96ed5828ee8/opts
Sep 29 20:08:07 gtw01 kernel: [ 7245.448803] device tap55701684-15 left promiscuous mode
Sep 29 20:08:08 gtw01 kernel: [ 7246.595617] device tap59c7aafa-6f left promiscuous mode
Sep 29 20:08:18 gtw01 kernel: [ 7256.815659] device tape677ae67-2b entered promiscuous mode
Sep 29 20:08:18 gtw01 systemd-udevd[871]: Could not generate persistent MAC address for tape677ae67-2b: No such file or directory
Sep 29 20:08:18 gtw01 systemd-udevd[871]: Process '/sbin/ip link set tape677ae67-2b txqueuelen 10000' failed with exit code 1.
Sep 29 20:08:18 gtw01 systemd-udevd[871]: Process '/sbin/ip link set tape677ae67-2b txqueuelen 10000' failed with exit code 1.
Sep 29 20:08:20 gtw01 kernel: [ 7258.425716] device tapf7595dd4-be entered promiscuous mode
Sep 29 20:08:20 gtw01 systemd-udevd[995]: Could not generate persistent MAC address for tapf7595dd4-be: No such file or directory
Sep 29 20:08:20 gtw01 systemd-udevd[995]: Process '/sbin/ip link set tapf7595dd4-be txqueuelen 10000' failed with exit code 1.
Sep 29 20:08:20 gtw01 systemd-udevd[1069]: Process '/sbin/ip link set tapf7595dd4-be txqueuelen 10000' failed with exit code 1.
Sep 29 20:08:22 gtw01 dnsmasq[1131]: started, version 2.80 cachesize 150
Sep 29 20:08:22 gtw01 dnsmasq[1131]: DNS service limited to local subnets
Sep 29 20:08:22 gtw01 dnsmasq[1131]: compile time options: IPv6 GNU-getopt DBus i18n IDN DHCP DHCPv6 no-Lua TFTP conntrack ipset auth DNSSEC loop-detect inotify dumpfile
Sep 29 20:08:22 gtw01 dnsmasq[1131]: warning: no upstream servers configured
Sep 29 20:08:22 gtw01 dnsmasq-dhcp[1131]: DHCP, static leases only on 192.168.120.0, lease time 1h
Sep 29 20:08:22 gtw01 dnsmasq[1131]: read /var/lib/neutron/dhcp/41bc0ec9-f49e-4453-877f-7917cad03a7f/addn_hosts - 1 addresses
Sep 29 20:08:22 gtw01 dnsmasq-dhcp[1131]: read /var/lib/neutron/dhcp/41bc0ec9-f49e-4453-877f-7917cad03a7f/host
Sep 29 20:08:22 gtw01 dnsmasq-dhcp[1131]: read /var/lib/neutron/dhcp/41bc0ec9-f49e-4453-877f-7917cad03a7f/opts
Sep 29 20:08:22 gtw01 haproxy-metadata-proxy-41bc0ec9-f49e-4453-877f-7917cad03a7f[1141]: Proxy listener started.
Sep 29 20:08:23 gtw01 dnsmasq[1131]: read /var/lib/neutron/dhcp/41bc0ec9-f49e-4453-877f-7917cad03a7f/addn_hosts - 2 addresses
Sep 29 20:08:23 gtw01 dnsmasq-dhcp[1131]: read /var/lib/neutron/dhcp/41bc0ec9-f49e-4453-877f-7917cad03a7f/host
Sep 29 20:08:23 gtw01 dnsmasq-dhcp[1131]: read /var/lib/neutron/dhcp/41bc0ec9-f49e-4453-877f-7917cad03a7f/opts
Sep 29 20:08:23 gtw01 dnsmasq[1185]: started, version 2.80 cachesize 150
Sep 29 20:08:23 gtw01 dnsmasq[1185]: DNS service limited to local subnets
Sep 29 20:08:23 gtw01 dnsmasq[1185]: compile time options: IPv6 GNU-getopt DBus i18n IDN DHCP DHCPv6 no-Lua TFTP conntrack ipset auth DNSSEC loop-detect inotify dumpfile
Sep 29 20:08:23 gtw01 dnsmasq[1185]: warning: no upstream servers configured
Sep 29 20:08:23 gtw01 dnsmasq-dhcp[1185]: DHCP, static leases only on 192.168.121.0, lease time 1h
Sep 29 20:08:23 gtw01 dnsmasq[1185]: read /var/lib/neutron/dhcp/ae84b0a3-32b4-403a-90ef-b5f3544cf2d7/addn_hosts - 1 addresses
Sep 29 20:08:23 gtw01 dnsmasq-dhcp[1185]: read /var/lib/neutron/dhcp/ae84b0a3-32b4-403a-90ef-b5f3544cf2d7/host
Sep 29 20:08:23 gtw01 dnsmasq-dhcp[1185]: read /var/lib/neutron/dhcp/ae84b0a3-32b4-403a-90ef-b5f3544cf2d7/opts
Sep 29 20:08:23 gtw01 haproxy-metadata-proxy-ae84b0a3-32b4-403a-90ef-b5f3544cf2d7[1193]: Proxy listener started.
Sep 29 20:08:23 gtw01 dnsmasq[1131]: read /var/lib/neutron/dhcp/41bc0ec9-f49e-4453-877f-7917cad03a7f/addn_hosts - 2 addresses
Sep 29 20:08:23 gtw01 dnsmasq-dhcp[1131]: read /var/lib/neutron/dhcp/41bc0ec9-f49e-4453-877f-7917cad03a7f/host
Sep 29 20:08:23 gtw01 dnsmasq-dhcp[1131]: read /var/lib/neutron/dhcp/41bc0ec9-f49e-4453-877f-7917cad03a7f/opts
Sep 29 20:08:24 gtw01 dnsmasq[1131]: read /var/lib/neutron/dhcp/41bc0ec9-f49e-4453-877f-7917cad03a7f/addn_hosts - 2 addresses
Sep 29 20:08:24 gtw01 dnsmasq-dhcp[1131]: read /var/lib/neutron/dhcp/41bc0ec9-f49e-4453-877f-7917cad03a7f/host
Sep 29 20:08:24 gtw01 dnsmasq-dhcp[1131]: read /var/lib/neutron/dhcp/41bc0ec9-f49e-4453-877f-7917cad03a7f/opts
Sep 29 20:08:25 gtw01 dnsmasq[1185]: read /var/lib/neutron/dhcp/ae84b0a3-32b4-403a-90ef-b5f3544cf2d7/addn_hosts - 2 addresses
Sep 29 20:08:25 gtw01 dnsmasq-dhcp[1185]: read /var/lib/neutron/dhcp/ae84b0a3-32b4-403a-90ef-b5f3544cf2d7/host
Sep 29 20:08:25 gtw01 dnsmasq-dhcp[1185]: read /var/lib/neutron/dhcp/ae84b0a3-32b4-403a-90ef-b5f3544cf2d7/opts
Sep 29 20:08:26 gtw01 kernel: [ 7264.188469] device tap34942e4c-87 entered promiscuous mode
Sep 29 20:08:26 gtw01 systemd-udevd[1267]: Could not generate persistent MAC address for tap34942e4c-87: No such file or directory
Sep 29 20:08:26 gtw01 systemd-udevd[1340]: Process '/sbin/ip link set tap34942e4c-87 txqueuelen 10000' failed with exit code 1.
Sep 29 20:08:26 gtw01 dnsmasq[1131]: read /var/lib/neutron/dhcp/41bc0ec9-f49e-4453-877f-7917cad03a7f/addn_hosts - 2 addresses
Sep 29 20:08:26 gtw01 dnsmasq-dhcp[1131]: read /var/lib/neutron/dhcp/41bc0ec9-f49e-4453-877f-7917cad03a7f/host
Sep 29 20:08:26 gtw01 dnsmasq-dhcp[1131]: read /var/lib/neutron/dhcp/41bc0ec9-f49e-4453-877f-7917cad03a7f/opts
Sep 29 20:08:26 gtw01 systemd-udevd[1374]: Could not generate persistent MAC address for tap77c4a465-88: No such file or directory
Sep 29 20:08:26 gtw01 kernel: [ 7264.856748] device tap77c4a465-88 entered promiscuous mode
Sep 29 20:08:26 gtw01 systemd-udevd[1374]: Process '/sbin/ip link set tap77c4a465-88 txqueuelen 10000' failed with exit code 1.
Sep 29 20:08:26 gtw01 systemd-udevd[1374]: Process '/sbin/ip link set tap77c4a465-88 txqueuelen 10000' failed with exit code 1.
Sep 29 20:08:27 gtw01 dnsmasq[1185]: read /var/lib/neutron/dhcp/ae84b0a3-32b4-403a-90ef-b5f3544cf2d7/addn_hosts - 2 addresses
Sep 29 20:08:27 gtw01 dnsmasq-dhcp[1185]: read /var/lib/neutron/dhcp/ae84b0a3-32b4-403a-90ef-b5f3544cf2d7/host
Sep 29 20:08:27 gtw01 dnsmasq-dhcp[1185]: read /var/lib/neutron/dhcp/ae84b0a3-32b4-403a-90ef-b5f3544cf2d7/opts
Sep 29 20:08:28 gtw01 dnsmasq[1131]: read /var/lib/neutron/dhcp/41bc0ec9-f49e-4453-877f-7917cad03a7f/addn_hosts - 2 addresses
Sep 29 20:08:28 gtw01 dnsmasq-dhcp[1131]: read /var/lib/neutron/dhcp/41bc0ec9-f49e-4453-877f-7917cad03a7f/host
Sep 29 20:08:28 gtw01 dnsmasq-dhcp[1131]: read /var/lib/neutron/dhcp/41bc0ec9-f49e-4453-877f-7917cad03a7f/opts
Sep 29 20:08:28 gtw01 dnsmasq[1185]: read /var/lib/neutron/dhcp/ae84b0a3-32b4-403a-90ef-b5f3544cf2d7/addn_hosts - 2 addresses
Sep 29 20:08:28 gtw01 dnsmasq-dhcp[1185]: read /var/lib/neutron/dhcp/ae84b0a3-32b4-403a-90ef-b5f3544cf2d7/host
Sep 29 20:08:28 gtw01 dnsmasq-dhcp[1185]: read /var/lib/neutron/dhcp/ae84b0a3-32b4-403a-90ef-b5f3544cf2d7/opts
Sep 29 20:08:29 gtw01 dnsmasq[1131]: read /var/lib/neutron/dhcp/41bc0ec9-f49e-4453-877f-7917cad03a7f/addn_hosts - 1 addresses
Sep 29 20:08:29 gtw01 dnsmasq-dhcp[1131]: read /var/lib/neutron/dhcp/41bc0ec9-f49e-4453-877f-7917cad03a7f/host
Sep 29 20:08:29 gtw01 dnsmasq-dhcp[1131]: read /var/lib/neutron/dhcp/41bc0ec9-f49e-4453-877f-7917cad03a7f/opts
Sep 29 20:08:30 gtw01 dnsmasq[1185]: read /var/lib/neutron/dhcp/ae84b0a3-32b4-403a-90ef-b5f3544cf2d7/addn_hosts - 2 addresses
Sep 29 20:08:30 gtw01 dnsmasq-dhcp[1185]: read /var/lib/neutron/dhcp/ae84b0a3-32b4-403a-90ef-b5f3544cf2d7/host
Sep 29 20:08:30 gtw01 dnsmasq-dhcp[1185]: read /var/lib/neutron/dhcp/ae84b0a3-32b4-403a-90ef-b5f3544cf2d7/opts
Sep 29 20:08:31 gtw01 dnsmasq[1634]: started, version 2.80 cachesize 150
Sep 29 20:08:31 gtw01 dnsmasq[1634]: DNS service limited to local subnets
Sep 29 20:08:31 gtw01 dnsmasq[1634]: compile time options: IPv6 GNU-getopt DBus i18n IDN DHCP DHCPv6 no-Lua TFTP conntrack ipset auth DNSSEC loop-detect inotify dumpfile
Sep 29 20:08:31 gtw01 dnsmasq[1634]: warning: no upstream servers configured
Sep 29 20:08:31 gtw01 dnsmasq-dhcp[1634]: DHCP, static leases only on 192.168.120.0, lease time 1h
Sep 29 20:08:31 gtw01 dnsmasq[1634]: read /var/lib/neutron/dhcp/676d0a8d-1416-4b29-8988-30988d086f71/addn_hosts - 1 addresses
Sep 29 20:08:31 gtw01 dnsmasq-dhcp[1634]: read /var/lib/neutron/dhcp/676d0a8d-1416-4b29-8988-30988d086f71/host
Sep 29 20:08:31 gtw01 dnsmasq-dhcp[1634]: read /var/lib/neutron/dhcp/676d0a8d-1416-4b29-8988-30988d086f71/opts
Sep 29 20:08:31 gtw01 haproxy-metadata-proxy-676d0a8d-1416-4b29-8988-30988d086f71[1644]: Proxy listener started.
Sep 29 20:08:31 gtw01 dnsmasq[1655]: started, version 2.80 cachesize 150
Sep 29 20:08:31 gtw01 dnsmasq[1655]: DNS service limited to local subnets
Sep 29 20:08:31 gtw01 dnsmasq[1655]: compile time options: IPv6 GNU-getopt DBus i18n IDN DHCP DHCPv6 no-Lua TFTP conntrack ipset auth DNSSEC loop-detect inotify dumpfile
Sep 29 20:08:31 gtw01 dnsmasq[1655]: warning: no upstream servers configured
Sep 29 20:08:31 gtw01 dnsmasq-dhcp[1655]: DHCP, static leases only on 192.168.120.16, lease time 1h
Sep 29 20:08:31 gtw01 dnsmasq[1655]: read /var/lib/neutron/dhcp/76e7c4d9-bb18-4f2f-816e-716f1027fabc/addn_hosts - 1 addresses
Sep 29 20:08:31 gtw01 dnsmasq-dhcp[1655]: read /var/lib/neutron/dhcp/76e7c4d9-bb18-4f2f-816e-716f1027fabc/host
Sep 29 20:08:31 gtw01 dnsmasq-dhcp[1655]: read /var/lib/neutron/dhcp/76e7c4d9-bb18-4f2f-816e-716f1027fabc/opts
Sep 29 20:08:31 gtw01 dnsmasq[1185]: read /var/lib/neutron/dhcp/ae84b0a3-32b4-403a-90ef-b5f3544cf2d7/addn_hosts - 2 addresses
Sep 29 20:08:31 gtw01 dnsmasq-dhcp[1185]: read /var/lib/neutron/dhcp/ae84b0a3-32b4-403a-90ef-b5f3544cf2d7/host
Sep 29 20:08:31 gtw01 dnsmasq-dhcp[1185]: read /var/lib/neutron/dhcp/ae84b0a3-32b4-403a-90ef-b5f3544cf2d7/opts
Sep 29 20:08:32 gtw01 haproxy-metadata-proxy-76e7c4d9-bb18-4f2f-816e-716f1027fabc[1667]: Proxy listener started.
Sep 29 20:08:32 gtw01 kernel: [ 7270.361571] device tap34942e4c-87 left promiscuous mode
Sep 29 20:08:32 gtw01 kernel: [ 7270.720150] device tap77c4a465-88 left promiscuous mode
Sep 29 20:08:33 gtw01 kernel: [ 7271.353951] device tapf7595dd4-be left promiscuous mode
Sep 29 20:08:34 gtw01 kernel: [ 7272.558029] device tape677ae67-2b left promiscuous mode
Sep 29 20:08:40 gtw01 kernel: [ 7278.829856] device tapcef0bbe3-55 entered promiscuous mode
Sep 29 20:08:40 gtw01 systemd-udevd[1723]: Could not generate persistent MAC address for tapcef0bbe3-55: No such file or directory
Sep 29 20:08:40 gtw01 systemd-udevd[1723]: Process '/sbin/ip link set tapcef0bbe3-55 txqueuelen 10000' failed with exit code 1.
Sep 29 20:08:40 gtw01 systemd-udevd[1723]: Process '/sbin/ip link set tapcef0bbe3-55 txqueuelen 10000' failed with exit code 1.
Sep 29 20:08:43 gtw01 kernel: [ 7281.550671] device tap7adeebcb-cf entered promiscuous mode
Sep 29 20:08:43 gtw01 systemd-udevd[1866]: Could not generate persistent MAC address for tap7adeebcb-cf: No such file or directory
Sep 29 20:08:43 gtw01 systemd-udevd[1866]: Process '/sbin/ip link set tap7adeebcb-cf txqueuelen 10000' failed with exit code 1.
Sep 29 20:08:44 gtw01 dnsmasq[1970]: started, version 2.80 cachesize 150
Sep 29 20:08:44 gtw01 dnsmasq[1970]: DNS service limited to local subnets
Sep 29 20:08:44 gtw01 dnsmasq[1970]: compile time options: IPv6 GNU-getopt DBus i18n IDN DHCP DHCPv6 no-Lua TFTP conntrack ipset auth DNSSEC loop-detect inotify dumpfile
Sep 29 20:08:44 gtw01 dnsmasq[1970]: warning: no upstream servers configured
Sep 29 20:08:44 gtw01 dnsmasq-dhcp[1970]: DHCP, static leases only on 192.168.120.0, lease time 1h
Sep 29 20:08:44 gtw01 dnsmasq[1970]: read /var/lib/neutron/dhcp/11646f64-98e6-4fd5-a9a9-38f2708fb28f/addn_hosts - 1 addresses
Sep 29 20:08:44 gtw01 dnsmasq-dhcp[1970]: read /var/lib/neutron/dhcp/11646f64-98e6-4fd5-a9a9-38f2708fb28f/host
Sep 29 20:08:44 gtw01 dnsmasq-dhcp[1970]: read /var/lib/neutron/dhcp/11646f64-98e6-4fd5-a9a9-38f2708fb28f/opts
Sep 29 20:08:44 gtw01 haproxy-metadata-proxy-11646f64-98e6-4fd5-a9a9-38f2708fb28f[1981]: Proxy listener started.
Sep 29 20:08:44 gtw01 systemd-udevd[2002]: Could not generate persistent MAC address for tapb7119be2-b8: No such file or directory
Sep 29 20:08:44 gtw01 kernel: [ 7283.027534] device tapb7119be2-b8 entered promiscuous mode
Sep 29 20:08:44 gtw01 systemd-udevd[2002]: Process '/sbin/ip link set tapb7119be2-b8 txqueuelen 10000' failed with exit code 1.
Sep 29 20:08:45 gtw01 dnsmasq[1970]: read /var/lib/neutron/dhcp/11646f64-98e6-4fd5-a9a9-38f2708fb28f/addn_hosts - 1 addresses
Sep 29 20:08:45 gtw01 dnsmasq-dhcp[1970]: read /var/lib/neutron/dhcp/11646f64-98e6-4fd5-a9a9-38f2708fb28f/host
Sep 29 20:08:45 gtw01 dnsmasq-dhcp[1970]: read /var/lib/neutron/dhcp/11646f64-98e6-4fd5-a9a9-38f2708fb28f/opts
Sep 29 20:08:46 gtw01 kernel: [ 7284.748681] device tap02f89e8a-35 entered promiscuous mode
Sep 29 20:08:46 gtw01 systemd-udevd[2157]: Could not generate persistent MAC address for tap02f89e8a-35: No such file or directory
Sep 29 20:08:46 gtw01 systemd-udevd[2157]: Process '/sbin/ip link set tap02f89e8a-35 txqueuelen 10000' failed with exit code 1.
Sep 29 20:08:46 gtw01 systemd-udevd[2235]: Process '/sbin/ip link set tap02f89e8a-35 txqueuelen 10000' failed with exit code 1.
Sep 29 20:08:47 gtw01 dnsmasq[1970]: read /var/lib/neutron/dhcp/11646f64-98e6-4fd5-a9a9-38f2708fb28f/addn_hosts - 2 addresses
Sep 29 20:08:47 gtw01 dnsmasq-dhcp[1970]: read /var/lib/neutron/dhcp/11646f64-98e6-4fd5-a9a9-38f2708fb28f/host
Sep 29 20:08:47 gtw01 dnsmasq-dhcp[1970]: read /var/lib/neutron/dhcp/11646f64-98e6-4fd5-a9a9-38f2708fb28f/opts
Sep 29 20:08:48 gtw01 dnsmasq[2302]: started, version 2.80 cachesize 150
Sep 29 20:08:48 gtw01 dnsmasq[2302]: DNS service limited to local subnets
Sep 29 20:08:48 gtw01 dnsmasq[2302]: compile time options: IPv6 GNU-getopt DBus i18n IDN DHCP DHCPv6 no-Lua TFTP conntrack ipset auth DNSSEC loop-detect inotify dumpfile
Sep 29 20:08:48 gtw01 dnsmasq[2302]: warning: no upstream servers configured
Sep 29 20:08:48 gtw01 dnsmasq-dhcp[2302]: DHCPv6, static leases only on 2003::, lease time 1h
Sep 29 20:08:48 gtw01 dnsmasq[2302]: read /var/lib/neutron/dhcp/8a7bbab9-1c3e-45e6-b24f-07db106a3f98/addn_hosts - 1 addresses
Sep 29 20:08:48 gtw01 dnsmasq-dhcp[2302]: read /var/lib/neutron/dhcp/8a7bbab9-1c3e-45e6-b24f-07db106a3f98/host
Sep 29 20:08:48 gtw01 dnsmasq-dhcp[2302]: read /var/lib/neutron/dhcp/8a7bbab9-1c3e-45e6-b24f-07db106a3f98/opts
Sep 29 20:08:49 gtw01 kernel: [ 7287.164552] device tapcef0bbe3-55 left promiscuous mode
Sep 29 20:08:49 gtw01 dnsmasq[2302]: read /var/lib/neutron/dhcp/8a7bbab9-1c3e-45e6-b24f-07db106a3f98/addn_hosts - 1 addresses
Sep 29 20:08:49 gtw01 dnsmasq-dhcp[2302]: read /var/lib/neutron/dhcp/8a7bbab9-1c3e-45e6-b24f-07db106a3f98/host
Sep 29 20:08:49 gtw01 dnsmasq-dhcp[2302]: read /var/lib/neutron/dhcp/8a7bbab9-1c3e-45e6-b24f-07db106a3f98/opts
Sep 29 20:08:49 gtw01 dnsmasq[2365]: started, version 2.80 cachesize 150
Sep 29 20:08:49 gtw01 dnsmasq[2365]: DNS service limited to local subnets
Sep 29 20:08:49 gtw01 dnsmasq[2365]: compile time options: IPv6 GNU-getopt DBus i18n IDN DHCP DHCPv6 no-Lua TFTP conntrack ipset auth DNSSEC loop-detect inotify dumpfile
Sep 29 20:08:49 gtw01 dnsmasq[2365]: warning: no upstream servers configured
Sep 29 20:08:49 gtw01 dnsmasq-dhcp[2365]: DHCPv6, static leases only on 2003::, lease time 1h
Sep 29 20:08:49 gtw01 dnsmasq[2365]: read /var/lib/neutron/dhcp/db25bec7-2eaa-4f9f-849b-70828b1d0fb6/addn_hosts - 1 addresses
Sep 29 20:08:49 gtw01 dnsmasq-dhcp[2365]: read /var/lib/neutron/dhcp/db25bec7-2eaa-4f9f-849b-70828b1d0fb6/host
Sep 29 20:08:49 gtw01 dnsmasq-dhcp[2365]: read /var/lib/neutron/dhcp/db25bec7-2eaa-4f9f-849b-70828b1d0fb6/opts
Sep 29 20:08:50 gtw01 dnsmasq[2365]: read /var/lib/neutron/dhcp/db25bec7-2eaa-4f9f-849b-70828b1d0fb6/addn_hosts - 1 addresses
Sep 29 20:08:50 gtw01 dnsmasq-dhcp[2365]: read /var/lib/neutron/dhcp/db25bec7-2eaa-4f9f-849b-70828b1d0fb6/host
Sep 29 20:08:50 gtw01 dnsmasq-dhcp[2365]: read /var/lib/neutron/dhcp/db25bec7-2eaa-4f9f-849b-70828b1d0fb6/opts
Sep 29 20:08:50 gtw01 dnsmasq[2302]: read /var/lib/neutron/dhcp/8a7bbab9-1c3e-45e6-b24f-07db106a3f98/addn_hosts - 1 addresses
Sep 29 20:08:50 gtw01 dnsmasq-dhcp[2302]: read /var/lib/neutron/dhcp/8a7bbab9-1c3e-45e6-b24f-07db106a3f98/host
Sep 29 20:08:50 gtw01 dnsmasq-dhcp[2302]: read /var/lib/neutron/dhcp/8a7bbab9-1c3e-45e6-b24f-07db106a3f98/opts
Sep 29 20:08:51 gtw01 dnsmasq[2418]: started, version 2.80 cachesize 150
Sep 29 20:08:51 gtw01 dnsmasq[2418]: DNS service limited to local subnets
Sep 29 20:08:51 gtw01 dnsmasq[2418]: compile time options: IPv6 GNU-getopt DBus i18n IDN DHCP DHCPv6 no-Lua TFTP conntrack ipset auth DNSSEC loop-detect inotify dumpfile
Sep 29 20:08:51 gtw01 dnsmasq[2418]: warning: no upstream servers configured
Sep 29 20:08:51 gtw01 dnsmasq-dhcp[2418]: DHCPv6, static leases only on 2003::, lease time 1h
Sep 29 20:08:51 gtw01 dnsmasq[2418]: read /var/lib/neutron/dhcp/3c0d350a-48df-4d86-9c31-7ed94200f4f1/addn_hosts - 1 addresses
Sep 29 20:08:51 gtw01 dnsmasq-dhcp[2418]: read /var/lib/neutron/dhcp/3c0d350a-48df-4d86-9c31-7ed94200f4f1/host
Sep 29 20:08:51 gtw01 dnsmasq-dhcp[2418]: read /var/lib/neutron/dhcp/3c0d350a-48df-4d86-9c31-7ed94200f4f1/opts
Sep 29 20:08:51 gtw01 dnsmasq[2365]: read /var/lib/neutron/dhcp/db25bec7-2eaa-4f9f-849b-70828b1d0fb6/addn_hosts - 1 addresses
Sep 29 20:08:51 gtw01 dnsmasq-dhcp[2365]: read /var/lib/neutron/dhcp/db25bec7-2eaa-4f9f-849b-70828b1d0fb6/host
Sep 29 20:08:51 gtw01 dnsmasq-dhcp[2365]: read /var/lib/neutron/dhcp/db25bec7-2eaa-4f9f-849b-70828b1d0fb6/opts
Sep 29 20:08:51 gtw01 dnsmasq[2302]: read /var/lib/neutron/dhcp/8a7bbab9-1c3e-45e6-b24f-07db106a3f98/addn_hosts - 1 addresses
Sep 29 20:08:51 gtw01 dnsmasq-dhcp[2302]: read /var/lib/neutron/dhcp/8a7bbab9-1c3e-45e6-b24f-07db106a3f98/host
Sep 29 20:08:51 gtw01 dnsmasq-dhcp[2302]: read /var/lib/neutron/dhcp/8a7bbab9-1c3e-45e6-b24f-07db106a3f98/opts
Sep 29 20:08:52 gtw01 dnsmasq[2418]: read /var/lib/neutron/dhcp/3c0d350a-48df-4d86-9c31-7ed94200f4f1/addn_hosts - 1 addresses
Sep 29 20:08:52 gtw01 dnsmasq-dhcp[2418]: read /var/lib/neutron/dhcp/3c0d350a-48df-4d86-9c31-7ed94200f4f1/host
Sep 29 20:08:52 gtw01 dnsmasq-dhcp[2418]: read /var/lib/neutron/dhcp/3c0d350a-48df-4d86-9c31-7ed94200f4f1/opts
Sep 29 20:08:52 gtw01 dnsmasq[2365]: read /var/lib/neutron/dhcp/db25bec7-2eaa-4f9f-849b-70828b1d0fb6/addn_hosts - 2 addresses
Sep 29 20:08:52 gtw01 dnsmasq-dhcp[2365]: read /var/lib/neutron/dhcp/db25bec7-2eaa-4f9f-849b-70828b1d0fb6/host
Sep 29 20:08:52 gtw01 dnsmasq-dhcp[2365]: read /var/lib/neutron/dhcp/db25bec7-2eaa-4f9f-849b-70828b1d0fb6/opts
Sep 29 20:08:53 gtw01 dnsmasq[2418]: read /var/lib/neutron/dhcp/3c0d350a-48df-4d86-9c31-7ed94200f4f1/addn_hosts - 1 addresses
Sep 29 20:08:53 gtw01 dnsmasq-dhcp[2418]: read /var/lib/neutron/dhcp/3c0d350a-48df-4d86-9c31-7ed94200f4f1/host
Sep 29 20:08:53 gtw01 dnsmasq-dhcp[2418]: read /var/lib/neutron/dhcp/3c0d350a-48df-4d86-9c31-7ed94200f4f1/opts
Sep 29 20:08:54 gtw01 kernel: [ 7292.392695] device tap4192c555-7a entered promiscuous mode
Sep 29 20:08:54 gtw01 systemd-udevd[2542]: Could not generate persistent MAC address for tap4192c555-7a: No such file or directory
Sep 29 20:08:54 gtw01 systemd-udevd[2619]: Process '/sbin/ip link set tap4192c555-7a txqueuelen 10000' failed with exit code 1.
Sep 29 20:08:54 gtw01 dnsmasq[2365]: read /var/lib/neutron/dhcp/db25bec7-2eaa-4f9f-849b-70828b1d0fb6/addn_hosts - 2 addresses
Sep 29 20:08:54 gtw01 dnsmasq-dhcp[2365]: read /var/lib/neutron/dhcp/db25bec7-2eaa-4f9f-849b-70828b1d0fb6/host
Sep 29 20:08:54 gtw01 dnsmasq-dhcp[2365]: read /var/lib/neutron/dhcp/db25bec7-2eaa-4f9f-849b-70828b1d0fb6/opts
Sep 29 20:08:55 gtw01 kernel: [ 7293.220116] device tap13f60f52-14 entered promiscuous mode
Sep 29 20:08:55 gtw01 systemd-udevd[2670]: Could not generate persistent MAC address for tap13f60f52-14: No such file or directory
Sep 29 20:08:55 gtw01 dnsmasq[2418]: read /var/lib/neutron/dhcp/3c0d350a-48df-4d86-9c31-7ed94200f4f1/addn_hosts - 1 addresses
Sep 29 20:08:55 gtw01 dnsmasq-dhcp[2418]: read /var/lib/neutron/dhcp/3c0d350a-48df-4d86-9c31-7ed94200f4f1/host
Sep 29 20:08:55 gtw01 dnsmasq-dhcp[2418]: read /var/lib/neutron/dhcp/3c0d350a-48df-4d86-9c31-7ed94200f4f1/opts
Sep 29 20:08:55 gtw01 dnsmasq[2302]: read /var/lib/neutron/dhcp/8a7bbab9-1c3e-45e6-b24f-07db106a3f98/addn_hosts - 2 addresses
Sep 29 20:08:55 gtw01 dnsmasq-dhcp[2302]: read /var/lib/neutron/dhcp/8a7bbab9-1c3e-45e6-b24f-07db106a3f98/host
Sep 29 20:08:55 gtw01 dnsmasq-dhcp[2302]: read /var/lib/neutron/dhcp/8a7bbab9-1c3e-45e6-b24f-07db106a3f98/opts
Sep 29 20:08:55 gtw01 systemd-udevd[2760]: Process '/sbin/ip link set tap13f60f52-14 txqueuelen 10000' failed with exit code 1.
Sep 29 20:08:56 gtw01 dnsmasq[2365]: read /var/lib/neutron/dhcp/db25bec7-2eaa-4f9f-849b-70828b1d0fb6/addn_hosts - 2 addresses
Sep 29 20:08:56 gtw01 dnsmasq-dhcp[2365]: read /var/lib/neutron/dhcp/db25bec7-2eaa-4f9f-849b-70828b1d0fb6/host
Sep 29 20:08:56 gtw01 dnsmasq-dhcp[2365]: read /var/lib/neutron/dhcp/db25bec7-2eaa-4f9f-849b-70828b1d0fb6/opts
Sep 29 20:08:57 gtw01 dnsmasq[2302]: read /var/lib/neutron/dhcp/8a7bbab9-1c3e-45e6-b24f-07db106a3f98/addn_hosts - 2 addresses
Sep 29 20:08:57 gtw01 dnsmasq-dhcp[2302]: read /var/lib/neutron/dhcp/8a7bbab9-1c3e-45e6-b24f-07db106a3f98/host
Sep 29 20:08:57 gtw01 dnsmasq-dhcp[2302]: read /var/lib/neutron/dhcp/8a7bbab9-1c3e-45e6-b24f-07db106a3f98/opts
Sep 29 20:08:57 gtw01 dnsmasq[2365]: read /var/lib/neutron/dhcp/db25bec7-2eaa-4f9f-849b-70828b1d0fb6/addn_hosts - 1 addresses
Sep 29 20:08:57 gtw01 dnsmasq-dhcp[2365]: read /var/lib/neutron/dhcp/db25bec7-2eaa-4f9f-849b-70828b1d0fb6/host
Sep 29 20:08:57 gtw01 dnsmasq-dhcp[2365]: read /var/lib/neutron/dhcp/db25bec7-2eaa-4f9f-849b-70828b1d0fb6/opts
Sep 29 20:08:58 gtw01 dnsmasq[2302]: read /var/lib/neutron/dhcp/8a7bbab9-1c3e-45e6-b24f-07db106a3f98/addn_hosts - 1 addresses
Sep 29 20:08:58 gtw01 dnsmasq-dhcp[2302]: read /var/lib/neutron/dhcp/8a7bbab9-1c3e-45e6-b24f-07db106a3f98/host
Sep 29 20:08:58 gtw01 dnsmasq-dhcp[2302]: read /var/lib/neutron/dhcp/8a7bbab9-1c3e-45e6-b24f-07db106a3f98/opts
Sep 29 20:08:59 gtw01 dnsmasq[2948]: started, version 2.80 cachesize 150
Sep 29 20:08:59 gtw01 dnsmasq[2948]: DNS service limited to local subnets
Sep 29 20:08:59 gtw01 dnsmasq[2948]: compile time options: IPv6 GNU-getopt DBus i18n IDN DHCP DHCPv6 no-Lua TFTP conntrack ipset auth DNSSEC loop-detect inotify dumpfile
Sep 29 20:08:59 gtw01 dnsmasq[2948]: warning: no upstream servers configured
Sep 29 20:08:59 gtw01 dnsmasq-dhcp[2948]: DHCPv6, static leases only on 2003:0:1::, lease time 1h
Sep 29 20:08:59 gtw01 dnsmasq[2948]: read /var/lib/neutron/dhcp/2b03747c-28bb-44cc-bc99-6d45628b82ae/addn_hosts - 1 addresses
Sep 29 20:08:59 gtw01 dnsmasq-dhcp[2948]: read /var/lib/neutron/dhcp/2b03747c-28bb-44cc-bc99-6d45628b82ae/host
Sep 29 20:08:59 gtw01 dnsmasq-dhcp[2948]: read /var/lib/neutron/dhcp/2b03747c-28bb-44cc-bc99-6d45628b82ae/opts
Sep 29 20:09:00 gtw01 dnsmasq[2957]: started, version 2.80 cachesize 150
Sep 29 20:09:00 gtw01 dnsmasq[2957]: DNS service limited to local subnets
Sep 29 20:09:00 gtw01 dnsmasq[2957]: compile time options: IPv6 GNU-getopt DBus i18n IDN DHCP DHCPv6 no-Lua TFTP conntrack ipset auth DNSSEC loop-detect inotify dumpfile
Sep 29 20:09:00 gtw01 dnsmasq[2957]: warning: no upstream servers configured
Sep 29 20:09:00 gtw01 dnsmasq-dhcp[2957]: DHCP, static leases only on 192.168.120.0, lease time 1h
Sep 29 20:09:00 gtw01 dnsmasq[2957]: read /var/lib/neutron/dhcp/5103096a-f90e-4e32-a472-921df522dafb/addn_hosts - 1 addresses
Sep 29 20:09:00 gtw01 dnsmasq-dhcp[2957]: read /var/lib/neutron/dhcp/5103096a-f90e-4e32-a472-921df522dafb/host
Sep 29 20:09:00 gtw01 dnsmasq-dhcp[2957]: read /var/lib/neutron/dhcp/5103096a-f90e-4e32-a472-921df522dafb/opts
Sep 29 20:09:00 gtw01 haproxy-metadata-proxy-5103096a-f90e-4e32-a472-921df522dafb[2965]: Proxy listener started.
Sep 29 20:09:00 gtw01 dnsmasq[2948]: read /var/lib/neutron/dhcp/2b03747c-28bb-44cc-bc99-6d45628b82ae/addn_hosts - 0 addresses
Sep 29 20:09:00 gtw01 dnsmasq-dhcp[2948]: read /var/lib/neutron/dhcp/2b03747c-28bb-44cc-bc99-6d45628b82ae/host
Sep 29 20:09:00 gtw01 dnsmasq-dhcp[2948]: read /var/lib/neutron/dhcp/2b03747c-28bb-44cc-bc99-6d45628b82ae/opts
Sep 29 20:09:01 gtw01 kernel: [ 7299.185017] device tap13f60f52-14 left promiscuous mode
Sep 29 20:09:01 gtw01 kernel: [ 7299.559750] device tap4192c555-7a left promiscuous mode
Sep 29 20:09:05 gtw01 kernel: [ 7303.638995] device tap02f89e8a-35 left promiscuous mode
Sep 29 20:09:07 gtw01 kernel: [ 7305.255472] device tapb7119be2-b8 left promiscuous mode
Sep 29 20:09:11 gtw01 kernel: [ 7309.799821] device tap7adeebcb-cf left promiscuous mode
Sep 29 20:09:12 gtw01 systemd-udevd[3026]: Could not generate persistent MAC address for tapf17c803b-4c: No such file or directory
Sep 29 20:09:12 gtw01 kernel: [ 7310.943619] device tapf17c803b-4c entered promiscuous mode
Sep 29 20:09:12 gtw01 systemd-udevd[3093]: Process '/sbin/ip link set tapf17c803b-4c txqueuelen 10000' failed with exit code 1.
Sep 29 20:09:15 gtw01 dnsmasq[3157]: started, version 2.80 cachesize 150
Sep 29 20:09:15 gtw01 dnsmasq[3157]: DNS service limited to local subnets
Sep 29 20:09:15 gtw01 dnsmasq[3157]: compile time options: IPv6 GNU-getopt DBus i18n IDN DHCP DHCPv6 no-Lua TFTP conntrack ipset auth DNSSEC loop-detect inotify dumpfile
Sep 29 20:09:15 gtw01 dnsmasq[3157]: warning: no upstream servers configured
Sep 29 20:09:15 gtw01 dnsmasq-dhcp[3157]: DHCP, static leases only on 192.168.120.0, lease time 1h
Sep 29 20:09:15 gtw01 dnsmasq[3157]: read /var/lib/neutron/dhcp/9e2468e2-9227-4cc1-9418-84a97e6452c6/addn_hosts - 1 addresses
Sep 29 20:09:15 gtw01 dnsmasq-dhcp[3157]: read /var/lib/neutron/dhcp/9e2468e2-9227-4cc1-9418-84a97e6452c6/host
Sep 29 20:09:15 gtw01 dnsmasq-dhcp[3157]: read /var/lib/neutron/dhcp/9e2468e2-9227-4cc1-9418-84a97e6452c6/opts
Sep 29 20:09:16 gtw01 haproxy-metadata-proxy-9e2468e2-9227-4cc1-9418-84a97e6452c6[3161]: Proxy listener started.
Sep 29 20:09:16 gtw01 dnsmasq[3157]: read /var/lib/neutron/dhcp/9e2468e2-9227-4cc1-9418-84a97e6452c6/addn_hosts - 1 addresses
Sep 29 20:09:16 gtw01 dnsmasq-dhcp[3157]: read /var/lib/neutron/dhcp/9e2468e2-9227-4cc1-9418-84a97e6452c6/host
Sep 29 20:09:16 gtw01 dnsmasq-dhcp[3157]: read /var/lib/neutron/dhcp/9e2468e2-9227-4cc1-9418-84a97e6452c6/opts
Sep 29 20:09:17 gtw01 dnsmasq[3157]: read /var/lib/neutron/dhcp/9e2468e2-9227-4cc1-9418-84a97e6452c6/addn_hosts - 1 addresses
Sep 29 20:09:17 gtw01 dnsmasq-dhcp[3157]: read /var/lib/neutron/dhcp/9e2468e2-9227-4cc1-9418-84a97e6452c6/host
Sep 29 20:09:17 gtw01 dnsmasq-dhcp[3157]: read /var/lib/neutron/dhcp/9e2468e2-9227-4cc1-9418-84a97e6452c6/opts
Sep 29 20:09:18 gtw01 dnsmasq[3157]: read /var/lib/neutron/dhcp/9e2468e2-9227-4cc1-9418-84a97e6452c6/addn_hosts - 2 addresses
Sep 29 20:09:18 gtw01 dnsmasq-dhcp[3157]: read /var/lib/neutron/dhcp/9e2468e2-9227-4cc1-9418-84a97e6452c6/host
Sep 29 20:09:18 gtw01 dnsmasq-dhcp[3157]: read /var/lib/neutron/dhcp/9e2468e2-9227-4cc1-9418-84a97e6452c6/opts
Sep 29 20:09:19 gtw01 dnsmasq[3157]: read /var/lib/neutron/dhcp/9e2468e2-9227-4cc1-9418-84a97e6452c6/addn_hosts - 2 addresses
Sep 29 20:09:19 gtw01 dnsmasq-dhcp[3157]: read /var/lib/neutron/dhcp/9e2468e2-9227-4cc1-9418-84a97e6452c6/host
Sep 29 20:09:19 gtw01 dnsmasq-dhcp[3157]: read /var/lib/neutron/dhcp/9e2468e2-9227-4cc1-9418-84a97e6452c6/opts
Sep 29 20:09:20 gtw01 kernel: [ 7319.000776] device tapf17c803b-4c left promiscuous mode
Sep 29 20:09:21 gtw01 systemd-udevd[3262]: Could not generate persistent MAC address for tap4be06464-68: No such file or directory
Sep 29 20:09:21 gtw01 kernel: [ 7319.767930] device tap4be06464-68 entered promiscuous mode
Sep 29 20:09:21 gtw01 systemd-udevd[3334]: Process '/sbin/ip link set tap4be06464-68 txqueuelen 10000' failed with exit code 1.
Sep 29 20:09:22 gtw01 kernel: [ 7320.589748] device tapdd9c3b5c-34 entered promiscuous mode
Sep 29 20:09:22 gtw01 systemd-udevd[3377]: Could not generate persistent MAC address for tapdd9c3b5c-34: No such file or directory
Sep 29 20:09:22 gtw01 systemd-udevd[3377]: Process '/sbin/ip link set tapdd9c3b5c-34 txqueuelen 10000' failed with exit code 1.
Sep 29 20:09:22 gtw01 systemd-udevd[3450]: Process '/sbin/ip link set tapdd9c3b5c-34 txqueuelen 10000' failed with exit code 1.
Sep 29 20:09:22 gtw01 systemd-udevd[3472]: Could not generate persistent MAC address for tap865dedb3-d7: No such file or directory
Sep 29 20:09:22 gtw01 kernel: [ 7320.920988] device tap865dedb3-d7 entered promiscuous mode
Sep 29 20:09:22 gtw01 systemd-udevd[3472]: Process '/sbin/ip link set tap865dedb3-d7 txqueuelen 10000' failed with exit code 1.
Sep 29 20:09:24 gtw01 kernel: [ 7322.622102] device tapc7bb36b0-3c entered promiscuous mode
Sep 29 20:09:24 gtw01 systemd-udevd[3625]: Could not generate persistent MAC address for tapc7bb36b0-3c: No such file or directory
Sep 29 20:09:24 gtw01 systemd-udevd[3698]: Process '/sbin/ip link set tapc7bb36b0-3c txqueuelen 10000' failed with exit code 1.
Sep 29 20:09:26 gtw01 systemd-udevd[3801]: Could not generate persistent MAC address for tapac5a8d84-89: No such file or directory
Sep 29 20:09:26 gtw01 kernel: [ 7324.639636] device tapac5a8d84-89 entered promiscuous mode
Sep 29 20:09:26 gtw01 systemd-udevd[3878]: Process '/sbin/ip link set tapac5a8d84-89 txqueuelen 10000' failed with exit code 1.
Sep 29 20:09:27 gtw01 dnsmasq[3915]: started, version 2.80 cachesize 150
Sep 29 20:09:27 gtw01 dnsmasq[3915]: DNS service limited to local subnets
Sep 29 20:09:27 gtw01 dnsmasq[3915]: compile time options: IPv6 GNU-getopt DBus i18n IDN DHCP DHCPv6 no-Lua TFTP conntrack ipset auth DNSSEC loop-detect inotify dumpfile
Sep 29 20:09:27 gtw01 dnsmasq[3915]: warning: no upstream servers configured
Sep 29 20:09:27 gtw01 dnsmasq-dhcp[3915]: DHCPv6, static leases only on 2003::, lease time 1h
Sep 29 20:09:27 gtw01 dnsmasq[3915]: read /var/lib/neutron/dhcp/05987b17-4446-44f8-9f01-6f8ecef75672/addn_hosts - 1 addresses
Sep 29 20:09:27 gtw01 dnsmasq-dhcp[3915]: read /var/lib/neutron/dhcp/05987b17-4446-44f8-9f01-6f8ecef75672/host
Sep 29 20:09:27 gtw01 dnsmasq-dhcp[3915]: read /var/lib/neutron/dhcp/05987b17-4446-44f8-9f01-6f8ecef75672/opts
Sep 29 20:09:27 gtw01 kernel: [ 7325.956651] device tapda28fad6-2b entered promiscuous mode
Sep 29 20:09:27 gtw01 systemd-udevd[3940]: Could not generate persistent MAC address for tapda28fad6-2b: No such file or directory
Sep 29 20:09:28 gtw01 systemd-udevd[4018]: Process '/sbin/ip link set tapda28fad6-2b txqueuelen 10000' failed with exit code 1.
Sep 29 20:09:28 gtw01 kernel: [ 7326.272622] device tap4be06464-68 left promiscuous mode
Sep 29 20:09:28 gtw01 dnsmasq[4055]: started, version 2.80 cachesize 150
Sep 29 20:09:28 gtw01 dnsmasq[4055]: DNS service limited to local subnets
Sep 29 20:09:28 gtw01 dnsmasq[4055]: compile time options: IPv6 GNU-getopt DBus i18n IDN DHCP DHCPv6 no-Lua TFTP conntrack ipset auth DNSSEC loop-detect inotify dumpfile
Sep 29 20:09:28 gtw01 dnsmasq[4055]: warning: no upstream servers configured
Sep 29 20:09:28 gtw01 dnsmasq-dhcp[4055]: DHCPv6, static leases only on 2003:0:0:1::, lease time 1h
Sep 29 20:09:28 gtw01 dnsmasq[4055]: read /var/lib/neutron/dhcp/cfc9b585-cc08-464a-9818-2843143173d3/addn_hosts - 1 addresses
Sep 29 20:09:28 gtw01 dnsmasq-dhcp[4055]: read /var/lib/neutron/dhcp/cfc9b585-cc08-464a-9818-2843143173d3/host
Sep 29 20:09:28 gtw01 dnsmasq-dhcp[4055]: read /var/lib/neutron/dhcp/cfc9b585-cc08-464a-9818-2843143173d3/opts
Sep 29 20:09:28 gtw01 salt-minion[6153]: [INFO    ] Running scheduled job: __mine_interval
Sep 29 20:09:28 gtw01 dnsmasq[4077]: started, version 2.80 cachesize 150
Sep 29 20:09:28 gtw01 dnsmasq[4077]: DNS service limited to local subnets
Sep 29 20:09:28 gtw01 dnsmasq[4077]: compile time options: IPv6 GNU-getopt DBus i18n IDN DHCP DHCPv6 no-Lua TFTP conntrack ipset auth DNSSEC loop-detect inotify dumpfile
Sep 29 20:09:28 gtw01 dnsmasq[4077]: warning: no upstream servers configured
Sep 29 20:09:28 gtw01 dnsmasq-dhcp[4077]: DHCP, static leases only on 192.168.120.0, lease time 1h
Sep 29 20:09:28 gtw01 dnsmasq[4077]: read /var/lib/neutron/dhcp/063a139c-88fb-4376-b4b6-f52347ea63ac/addn_hosts - 1 addresses
Sep 29 20:09:28 gtw01 dnsmasq-dhcp[4077]: read /var/lib/neutron/dhcp/063a139c-88fb-4376-b4b6-f52347ea63ac/host
Sep 29 20:09:28 gtw01 dnsmasq-dhcp[4077]: read /var/lib/neutron/dhcp/063a139c-88fb-4376-b4b6-f52347ea63ac/opts
Sep 29 20:09:29 gtw01 kernel: [ 7327.640525] device tapdd9c3b5c-34 left promiscuous mode
Sep 29 20:09:29 gtw01 haproxy-metadata-proxy-063a139c-88fb-4376-b4b6-f52347ea63ac[4099]: Proxy listener started.
Sep 29 20:09:30 gtw01 dnsmasq[4157]: started, version 2.80 cachesize 150
Sep 29 20:09:30 gtw01 dnsmasq[4157]: DNS service limited to local subnets
Sep 29 20:09:30 gtw01 dnsmasq[4157]: compile time options: IPv6 GNU-getopt DBus i18n IDN DHCP DHCPv6 no-Lua TFTP conntrack ipset auth DNSSEC loop-detect inotify dumpfile
Sep 29 20:09:30 gtw01 dnsmasq[4157]: warning: no upstream servers configured
Sep 29 20:09:30 gtw01 dnsmasq-dhcp[4157]: DHCP, static leases only on 192.168.120.0, lease time 1h
Sep 29 20:09:30 gtw01 dnsmasq[4157]: read /var/lib/neutron/dhcp/1c5bd21f-cae0-4f85-bdfb-5096a67408c6/addn_hosts - 1 addresses
Sep 29 20:09:30 gtw01 dnsmasq-dhcp[4157]: read /var/lib/neutron/dhcp/1c5bd21f-cae0-4f85-bdfb-5096a67408c6/host
Sep 29 20:09:30 gtw01 dnsmasq-dhcp[4157]: read /var/lib/neutron/dhcp/1c5bd21f-cae0-4f85-bdfb-5096a67408c6/opts
Sep 29 20:09:30 gtw01 dnsmasq[4077]: read /var/lib/neutron/dhcp/063a139c-88fb-4376-b4b6-f52347ea63ac/addn_hosts - 1 addresses
Sep 29 20:09:30 gtw01 dnsmasq-dhcp[4077]: read /var/lib/neutron/dhcp/063a139c-88fb-4376-b4b6-f52347ea63ac/host
Sep 29 20:09:30 gtw01 dnsmasq-dhcp[4077]: read /var/lib/neutron/dhcp/063a139c-88fb-4376-b4b6-f52347ea63ac/opts
Sep 29 20:09:30 gtw01 kernel: [ 7329.115977] device tap8c3caa07-fa entered promiscuous mode
Sep 29 20:09:30 gtw01 systemd-udevd[4168]: Could not generate persistent MAC address for tap8c3caa07-fa: No such file or directory
Sep 29 20:09:31 gtw01 systemd-udevd[4168]: Process '/sbin/ip link set tap8c3caa07-fa txqueuelen 10000' failed with exit code 1.
Sep 29 20:09:31 gtw01 systemd-udevd[4245]: Process '/sbin/ip link set tap8c3caa07-fa txqueuelen 10000' failed with exit code 1.
Sep 29 20:09:31 gtw01 haproxy-metadata-proxy-1c5bd21f-cae0-4f85-bdfb-5096a67408c6[4266]: Proxy listener started.
Sep 29 20:09:32 gtw01 dnsmasq[4157]: read /var/lib/neutron/dhcp/1c5bd21f-cae0-4f85-bdfb-5096a67408c6/addn_hosts - 1 addresses
Sep 29 20:09:32 gtw01 dnsmasq-dhcp[4157]: read /var/lib/neutron/dhcp/1c5bd21f-cae0-4f85-bdfb-5096a67408c6/host
Sep 29 20:09:32 gtw01 dnsmasq-dhcp[4157]: read /var/lib/neutron/dhcp/1c5bd21f-cae0-4f85-bdfb-5096a67408c6/opts
Sep 29 20:09:32 gtw01 dnsmasq[4077]: read /var/lib/neutron/dhcp/063a139c-88fb-4376-b4b6-f52347ea63ac/addn_hosts - 1 addresses
Sep 29 20:09:32 gtw01 dnsmasq-dhcp[4077]: read /var/lib/neutron/dhcp/063a139c-88fb-4376-b4b6-f52347ea63ac/host
