Sep 29 20:02:44 gtw01 dnsmasq-dhcp[17174]: read /var/lib/neutron/dhcp/1fab36d5-2284-44af-b709-a736a066fa93/opts
Sep 29 20:02:45 gtw01 dnsmasq[17174]: read /var/lib/neutron/dhcp/1fab36d5-2284-44af-b709-a736a066fa93/addn_hosts - 5 addresses
Sep 29 20:02:45 gtw01 dnsmasq-dhcp[17174]: read /var/lib/neutron/dhcp/1fab36d5-2284-44af-b709-a736a066fa93/host
Sep 29 20:02:45 gtw01 dnsmasq-dhcp[17174]: read /var/lib/neutron/dhcp/1fab36d5-2284-44af-b709-a736a066fa93/opts
Sep 29 20:02:50 gtw01 dnsmasq-dhcp[17174]: DHCPDISCOVER(tap1a894f3a-0d) fa:16:3e:63:8b:f9
Sep 29 20:02:50 gtw01 dnsmasq-dhcp[17174]: DHCPOFFER(tap1a894f3a-0d) 192.168.120.9 fa:16:3e:63:8b:f9
Sep 29 20:02:50 gtw01 dnsmasq-dhcp[17174]: DHCPREQUEST(tap1a894f3a-0d) 192.168.120.9 fa:16:3e:63:8b:f9
Sep 29 20:02:50 gtw01 dnsmasq-dhcp[17174]: DHCPACK(tap1a894f3a-0d) 192.168.120.9 fa:16:3e:63:8b:f9 host-192-168-120-9
Sep 29 20:02:53 gtw01 dnsmasq[17174]: read /var/lib/neutron/dhcp/1fab36d5-2284-44af-b709-a736a066fa93/addn_hosts - 4 addresses
Sep 29 20:02:53 gtw01 dnsmasq-dhcp[17174]: read /var/lib/neutron/dhcp/1fab36d5-2284-44af-b709-a736a066fa93/host
Sep 29 20:02:53 gtw01 dnsmasq-dhcp[17174]: read /var/lib/neutron/dhcp/1fab36d5-2284-44af-b709-a736a066fa93/opts
Sep 29 20:02:53 gtw01 dnsmasq-dhcp[17174]: DHCPRELEASE(tap1a894f3a-0d) 192.168.120.9 fa:16:3e:63:8b:f9
Sep 29 20:02:57 gtw01 dnsmasq-dhcp[27752]: DHCPDISCOVER(tap0992acdb-ae) fa:16:3e:99:66:29
Sep 29 20:02:57 gtw01 dnsmasq-dhcp[27752]: DHCPOFFER(tap0992acdb-ae) 192.168.120.4 fa:16:3e:99:66:29
Sep 29 20:02:57 gtw01 dnsmasq-dhcp[27752]: DHCPREQUEST(tap0992acdb-ae) 192.168.120.4 fa:16:3e:99:66:29
Sep 29 20:02:57 gtw01 dnsmasq-dhcp[27752]: DHCPACK(tap0992acdb-ae) 192.168.120.4 fa:16:3e:99:66:29 host-192-168-120-4
Sep 29 20:02:59 gtw01 dnsmasq[17174]: read /var/lib/neutron/dhcp/1fab36d5-2284-44af-b709-a736a066fa93/addn_hosts - 5 addresses
Sep 29 20:02:59 gtw01 dnsmasq-dhcp[17174]: read /var/lib/neutron/dhcp/1fab36d5-2284-44af-b709-a736a066fa93/host
Sep 29 20:02:59 gtw01 dnsmasq-dhcp[17174]: read /var/lib/neutron/dhcp/1fab36d5-2284-44af-b709-a736a066fa93/opts
Sep 29 20:02:59 gtw01 dnsmasq-dhcp[27752]: DHCPRELEASE(tap0992acdb-ae) 192.168.120.4 fa:16:3e:99:66:29
Sep 29 20:03:00 gtw01 dnsmasq[17174]: read /var/lib/neutron/dhcp/1fab36d5-2284-44af-b709-a736a066fa93/addn_hosts - 5 addresses
Sep 29 20:03:00 gtw01 dnsmasq-dhcp[17174]: read /var/lib/neutron/dhcp/1fab36d5-2284-44af-b709-a736a066fa93/host
Sep 29 20:03:00 gtw01 dnsmasq-dhcp[17174]: read /var/lib/neutron/dhcp/1fab36d5-2284-44af-b709-a736a066fa93/opts
Sep 29 20:03:01 gtw01 dnsmasq[17174]: read /var/lib/neutron/dhcp/1fab36d5-2284-44af-b709-a736a066fa93/addn_hosts - 5 addresses
Sep 29 20:03:01 gtw01 dnsmasq-dhcp[17174]: read /var/lib/neutron/dhcp/1fab36d5-2284-44af-b709-a736a066fa93/host
Sep 29 20:03:01 gtw01 dnsmasq-dhcp[17174]: read /var/lib/neutron/dhcp/1fab36d5-2284-44af-b709-a736a066fa93/opts
Sep 29 20:03:07 gtw01 dnsmasq[17174]: read /var/lib/neutron/dhcp/1fab36d5-2284-44af-b709-a736a066fa93/addn_hosts - 4 addresses
Sep 29 20:03:07 gtw01 dnsmasq-dhcp[17174]: read /var/lib/neutron/dhcp/1fab36d5-2284-44af-b709-a736a066fa93/host
Sep 29 20:03:07 gtw01 dnsmasq-dhcp[17174]: read /var/lib/neutron/dhcp/1fab36d5-2284-44af-b709-a736a066fa93/opts
Sep 29 20:03:08 gtw01 dnsmasq[17174]: read /var/lib/neutron/dhcp/1fab36d5-2284-44af-b709-a736a066fa93/addn_hosts - 3 addresses
Sep 29 20:03:08 gtw01 dnsmasq-dhcp[17174]: read /var/lib/neutron/dhcp/1fab36d5-2284-44af-b709-a736a066fa93/host
Sep 29 20:03:08 gtw01 dnsmasq-dhcp[17174]: read /var/lib/neutron/dhcp/1fab36d5-2284-44af-b709-a736a066fa93/opts
Sep 29 20:03:09 gtw01 dnsmasq[27752]: read /var/lib/neutron/dhcp/23e910cd-3ecb-490d-8eab-e0b5d942ccfe/addn_hosts - 6 addresses
Sep 29 20:03:09 gtw01 dnsmasq-dhcp[27752]: read /var/lib/neutron/dhcp/23e910cd-3ecb-490d-8eab-e0b5d942ccfe/host
Sep 29 20:03:09 gtw01 dnsmasq-dhcp[27752]: read /var/lib/neutron/dhcp/23e910cd-3ecb-490d-8eab-e0b5d942ccfe/opts
Sep 29 20:03:10 gtw01 dnsmasq[27752]: read /var/lib/neutron/dhcp/23e910cd-3ecb-490d-8eab-e0b5d942ccfe/addn_hosts - 6 addresses
Sep 29 20:03:10 gtw01 dnsmasq-dhcp[27752]: read /var/lib/neutron/dhcp/23e910cd-3ecb-490d-8eab-e0b5d942ccfe/host
Sep 29 20:03:10 gtw01 dnsmasq-dhcp[27752]: read /var/lib/neutron/dhcp/23e910cd-3ecb-490d-8eab-e0b5d942ccfe/opts
Sep 29 20:03:12 gtw01 dnsmasq[17174]: read /var/lib/neutron/dhcp/1fab36d5-2284-44af-b709-a736a066fa93/addn_hosts - 4 addresses
Sep 29 20:03:12 gtw01 dnsmasq-dhcp[17174]: read /var/lib/neutron/dhcp/1fab36d5-2284-44af-b709-a736a066fa93/host
Sep 29 20:03:12 gtw01 dnsmasq-dhcp[17174]: read /var/lib/neutron/dhcp/1fab36d5-2284-44af-b709-a736a066fa93/opts
Sep 29 20:03:13 gtw01 dnsmasq[17174]: read /var/lib/neutron/dhcp/1fab36d5-2284-44af-b709-a736a066fa93/addn_hosts - 4 addresses
Sep 29 20:03:13 gtw01 dnsmasq-dhcp[17174]: read /var/lib/neutron/dhcp/1fab36d5-2284-44af-b709-a736a066fa93/host
Sep 29 20:03:13 gtw01 dnsmasq-dhcp[17174]: read /var/lib/neutron/dhcp/1fab36d5-2284-44af-b709-a736a066fa93/opts
Sep 29 20:03:14 gtw01 dnsmasq[17174]: read /var/lib/neutron/dhcp/1fab36d5-2284-44af-b709-a736a066fa93/addn_hosts - 4 addresses
Sep 29 20:03:14 gtw01 dnsmasq-dhcp[17174]: read /var/lib/neutron/dhcp/1fab36d5-2284-44af-b709-a736a066fa93/host
Sep 29 20:03:14 gtw01 dnsmasq-dhcp[17174]: read /var/lib/neutron/dhcp/1fab36d5-2284-44af-b709-a736a066fa93/opts
Sep 29 20:03:15 gtw01 dnsmasq[17174]: read /var/lib/neutron/dhcp/1fab36d5-2284-44af-b709-a736a066fa93/addn_hosts - 5 addresses
Sep 29 20:03:15 gtw01 dnsmasq-dhcp[17174]: read /var/lib/neutron/dhcp/1fab36d5-2284-44af-b709-a736a066fa93/host
Sep 29 20:03:15 gtw01 dnsmasq-dhcp[17174]: read /var/lib/neutron/dhcp/1fab36d5-2284-44af-b709-a736a066fa93/opts
Sep 29 20:03:16 gtw01 dnsmasq[17174]: read /var/lib/neutron/dhcp/1fab36d5-2284-44af-b709-a736a066fa93/addn_hosts - 5 addresses
Sep 29 20:03:16 gtw01 dnsmasq-dhcp[17174]: read /var/lib/neutron/dhcp/1fab36d5-2284-44af-b709-a736a066fa93/host
Sep 29 20:03:16 gtw01 dnsmasq-dhcp[17174]: read /var/lib/neutron/dhcp/1fab36d5-2284-44af-b709-a736a066fa93/opts
Sep 29 20:03:17 gtw01 dnsmasq[17174]: read /var/lib/neutron/dhcp/1fab36d5-2284-44af-b709-a736a066fa93/addn_hosts - 5 addresses
Sep 29 20:03:17 gtw01 dnsmasq-dhcp[17174]: read /var/lib/neutron/dhcp/1fab36d5-2284-44af-b709-a736a066fa93/host
Sep 29 20:03:17 gtw01 dnsmasq-dhcp[17174]: read /var/lib/neutron/dhcp/1fab36d5-2284-44af-b709-a736a066fa93/opts
Sep 29 20:03:23 gtw01 dnsmasq[17174]: read /var/lib/neutron/dhcp/1fab36d5-2284-44af-b709-a736a066fa93/addn_hosts - 4 addresses
Sep 29 20:03:23 gtw01 dnsmasq-dhcp[17174]: read /var/lib/neutron/dhcp/1fab36d5-2284-44af-b709-a736a066fa93/host
Sep 29 20:03:23 gtw01 dnsmasq-dhcp[17174]: read /var/lib/neutron/dhcp/1fab36d5-2284-44af-b709-a736a066fa93/opts
Sep 29 20:03:24 gtw01 dnsmasq[27752]: read /var/lib/neutron/dhcp/23e910cd-3ecb-490d-8eab-e0b5d942ccfe/addn_hosts - 5 addresses
Sep 29 20:03:24 gtw01 dnsmasq-dhcp[27752]: read /var/lib/neutron/dhcp/23e910cd-3ecb-490d-8eab-e0b5d942ccfe/host
Sep 29 20:03:24 gtw01 dnsmasq-dhcp[27752]: read /var/lib/neutron/dhcp/23e910cd-3ecb-490d-8eab-e0b5d942ccfe/opts
Sep 29 20:03:25 gtw01 dnsmasq[17174]: read /var/lib/neutron/dhcp/1fab36d5-2284-44af-b709-a736a066fa93/addn_hosts - 5 addresses
Sep 29 20:03:25 gtw01 dnsmasq-dhcp[17174]: read /var/lib/neutron/dhcp/1fab36d5-2284-44af-b709-a736a066fa93/host
Sep 29 20:03:25 gtw01 dnsmasq-dhcp[17174]: read /var/lib/neutron/dhcp/1fab36d5-2284-44af-b709-a736a066fa93/opts
Sep 29 20:03:26 gtw01 dnsmasq[17174]: read /var/lib/neutron/dhcp/1fab36d5-2284-44af-b709-a736a066fa93/addn_hosts - 5 addresses
Sep 29 20:03:26 gtw01 dnsmasq-dhcp[17174]: read /var/lib/neutron/dhcp/1fab36d5-2284-44af-b709-a736a066fa93/host
Sep 29 20:03:26 gtw01 dnsmasq-dhcp[17174]: read /var/lib/neutron/dhcp/1fab36d5-2284-44af-b709-a736a066fa93/opts
Sep 29 20:03:27 gtw01 dnsmasq[17174]: read /var/lib/neutron/dhcp/1fab36d5-2284-44af-b709-a736a066fa93/addn_hosts - 5 addresses
Sep 29 20:03:27 gtw01 dnsmasq-dhcp[17174]: read /var/lib/neutron/dhcp/1fab36d5-2284-44af-b709-a736a066fa93/host
Sep 29 20:03:27 gtw01 dnsmasq-dhcp[17174]: read /var/lib/neutron/dhcp/1fab36d5-2284-44af-b709-a736a066fa93/opts
Sep 29 20:03:29 gtw01 dnsmasq[27752]: read /var/lib/neutron/dhcp/23e910cd-3ecb-490d-8eab-e0b5d942ccfe/addn_hosts - 6 addresses
Sep 29 20:03:29 gtw01 dnsmasq-dhcp[27752]: read /var/lib/neutron/dhcp/23e910cd-3ecb-490d-8eab-e0b5d942ccfe/host
Sep 29 20:03:29 gtw01 dnsmasq-dhcp[27752]: read /var/lib/neutron/dhcp/23e910cd-3ecb-490d-8eab-e0b5d942ccfe/opts
Sep 29 20:03:30 gtw01 dnsmasq-dhcp[17174]: DHCPDISCOVER(tap1a894f3a-0d) fa:16:3e:a4:76:3b
Sep 29 20:03:30 gtw01 dnsmasq-dhcp[17174]: DHCPOFFER(tap1a894f3a-0d) 192.168.120.6 fa:16:3e:a4:76:3b
Sep 29 20:03:30 gtw01 dnsmasq-dhcp[17174]: DHCPREQUEST(tap1a894f3a-0d) 192.168.120.6 fa:16:3e:a4:76:3b
Sep 29 20:03:30 gtw01 dnsmasq-dhcp[17174]: DHCPACK(tap1a894f3a-0d) 192.168.120.6 fa:16:3e:a4:76:3b host-192-168-120-6
Sep 29 20:03:31 gtw01 dnsmasq[27752]: read /var/lib/neutron/dhcp/23e910cd-3ecb-490d-8eab-e0b5d942ccfe/addn_hosts - 6 addresses
Sep 29 20:03:31 gtw01 dnsmasq-dhcp[27752]: read /var/lib/neutron/dhcp/23e910cd-3ecb-490d-8eab-e0b5d942ccfe/host
Sep 29 20:03:31 gtw01 dnsmasq-dhcp[27752]: read /var/lib/neutron/dhcp/23e910cd-3ecb-490d-8eab-e0b5d942ccfe/opts
Sep 29 20:03:32 gtw01 dnsmasq[27752]: read /var/lib/neutron/dhcp/23e910cd-3ecb-490d-8eab-e0b5d942ccfe/addn_hosts - 6 addresses
Sep 29 20:03:32 gtw01 dnsmasq-dhcp[27752]: read /var/lib/neutron/dhcp/23e910cd-3ecb-490d-8eab-e0b5d942ccfe/host
Sep 29 20:03:32 gtw01 dnsmasq-dhcp[27752]: read /var/lib/neutron/dhcp/23e910cd-3ecb-490d-8eab-e0b5d942ccfe/opts
Sep 29 20:03:34 gtw01 dnsmasq[17174]: read /var/lib/neutron/dhcp/1fab36d5-2284-44af-b709-a736a066fa93/addn_hosts - 4 addresses
Sep 29 20:03:34 gtw01 dnsmasq-dhcp[17174]: read /var/lib/neutron/dhcp/1fab36d5-2284-44af-b709-a736a066fa93/host
Sep 29 20:03:34 gtw01 dnsmasq-dhcp[17174]: read /var/lib/neutron/dhcp/1fab36d5-2284-44af-b709-a736a066fa93/opts
Sep 29 20:03:38 gtw01 dnsmasq-dhcp[17174]: DHCPRELEASE(tap1a894f3a-0d) 192.168.120.6 fa:16:3e:a4:76:3b
Sep 29 20:03:38 gtw01 dnsmasq-dhcp[17174]: DHCPRELEASE(tap1a894f3a-0d) 192.168.120.6 fa:16:3e:a4:76:3b unknown lease
Sep 29 20:03:39 gtw01 dnsmasq[17174]: read /var/lib/neutron/dhcp/1fab36d5-2284-44af-b709-a736a066fa93/addn_hosts - 3 addresses
Sep 29 20:03:39 gtw01 dnsmasq-dhcp[17174]: read /var/lib/neutron/dhcp/1fab36d5-2284-44af-b709-a736a066fa93/host
Sep 29 20:03:39 gtw01 dnsmasq-dhcp[17174]: read /var/lib/neutron/dhcp/1fab36d5-2284-44af-b709-a736a066fa93/opts
Sep 29 20:03:43 gtw01 dnsmasq[17174]: read /var/lib/neutron/dhcp/1fab36d5-2284-44af-b709-a736a066fa93/addn_hosts - 4 addresses
Sep 29 20:03:43 gtw01 dnsmasq-dhcp[17174]: read /var/lib/neutron/dhcp/1fab36d5-2284-44af-b709-a736a066fa93/host
Sep 29 20:03:43 gtw01 dnsmasq-dhcp[17174]: read /var/lib/neutron/dhcp/1fab36d5-2284-44af-b709-a736a066fa93/opts
Sep 29 20:03:44 gtw01 dnsmasq[17174]: read /var/lib/neutron/dhcp/1fab36d5-2284-44af-b709-a736a066fa93/addn_hosts - 4 addresses
Sep 29 20:03:44 gtw01 dnsmasq-dhcp[17174]: read /var/lib/neutron/dhcp/1fab36d5-2284-44af-b709-a736a066fa93/host
Sep 29 20:03:44 gtw01 dnsmasq-dhcp[17174]: read /var/lib/neutron/dhcp/1fab36d5-2284-44af-b709-a736a066fa93/opts
Sep 29 20:03:45 gtw01 dnsmasq[17174]: read /var/lib/neutron/dhcp/1fab36d5-2284-44af-b709-a736a066fa93/addn_hosts - 4 addresses
Sep 29 20:03:45 gtw01 dnsmasq-dhcp[17174]: read /var/lib/neutron/dhcp/1fab36d5-2284-44af-b709-a736a066fa93/host
Sep 29 20:03:45 gtw01 dnsmasq-dhcp[17174]: read /var/lib/neutron/dhcp/1fab36d5-2284-44af-b709-a736a066fa93/opts
Sep 29 20:03:45 gtw01 dnsmasq-dhcp[27752]: DHCPDISCOVER(tap0992acdb-ae) fa:16:3e:81:2c:cb
Sep 29 20:03:45 gtw01 dnsmasq-dhcp[27752]: DHCPOFFER(tap0992acdb-ae) 192.168.120.4 fa:16:3e:81:2c:cb
Sep 29 20:03:45 gtw01 dnsmasq-dhcp[27752]: DHCPREQUEST(tap0992acdb-ae) 192.168.120.4 fa:16:3e:81:2c:cb
Sep 29 20:03:45 gtw01 dnsmasq-dhcp[27752]: DHCPACK(tap0992acdb-ae) 192.168.120.4 fa:16:3e:81:2c:cb host-192-168-120-4
Sep 29 20:03:50 gtw01 dnsmasq[17174]: read /var/lib/neutron/dhcp/1fab36d5-2284-44af-b709-a736a066fa93/addn_hosts - 3 addresses
Sep 29 20:03:50 gtw01 dnsmasq-dhcp[17174]: read /var/lib/neutron/dhcp/1fab36d5-2284-44af-b709-a736a066fa93/host
Sep 29 20:03:50 gtw01 dnsmasq-dhcp[17174]: read /var/lib/neutron/dhcp/1fab36d5-2284-44af-b709-a736a066fa93/opts
Sep 29 20:03:51 gtw01 dnsmasq-dhcp[27752]: DHCPRELEASE(tap0992acdb-ae) 192.168.120.4 fa:16:3e:81:2c:cb
Sep 29 20:03:55 gtw01 dnsmasq[17174]: read /var/lib/neutron/dhcp/1fab36d5-2284-44af-b709-a736a066fa93/addn_hosts - 4 addresses
Sep 29 20:03:55 gtw01 dnsmasq-dhcp[17174]: read /var/lib/neutron/dhcp/1fab36d5-2284-44af-b709-a736a066fa93/host
Sep 29 20:03:55 gtw01 dnsmasq-dhcp[17174]: read /var/lib/neutron/dhcp/1fab36d5-2284-44af-b709-a736a066fa93/opts
Sep 29 20:03:56 gtw01 dnsmasq[27752]: read /var/lib/neutron/dhcp/23e910cd-3ecb-490d-8eab-e0b5d942ccfe/addn_hosts - 6 addresses
Sep 29 20:03:56 gtw01 dnsmasq-dhcp[27752]: read /var/lib/neutron/dhcp/23e910cd-3ecb-490d-8eab-e0b5d942ccfe/host
Sep 29 20:03:56 gtw01 dnsmasq-dhcp[27752]: read /var/lib/neutron/dhcp/23e910cd-3ecb-490d-8eab-e0b5d942ccfe/opts
Sep 29 20:03:56 gtw01 dnsmasq[17174]: read /var/lib/neutron/dhcp/1fab36d5-2284-44af-b709-a736a066fa93/addn_hosts - 4 addresses
Sep 29 20:03:56 gtw01 dnsmasq-dhcp[17174]: read /var/lib/neutron/dhcp/1fab36d5-2284-44af-b709-a736a066fa93/host
Sep 29 20:03:56 gtw01 dnsmasq-dhcp[17174]: read /var/lib/neutron/dhcp/1fab36d5-2284-44af-b709-a736a066fa93/opts
Sep 29 20:03:57 gtw01 dnsmasq[27752]: read /var/lib/neutron/dhcp/23e910cd-3ecb-490d-8eab-e0b5d942ccfe/addn_hosts - 6 addresses
Sep 29 20:03:57 gtw01 dnsmasq-dhcp[27752]: read /var/lib/neutron/dhcp/23e910cd-3ecb-490d-8eab-e0b5d942ccfe/host
Sep 29 20:03:57 gtw01 dnsmasq-dhcp[27752]: read /var/lib/neutron/dhcp/23e910cd-3ecb-490d-8eab-e0b5d942ccfe/opts
Sep 29 20:03:57 gtw01 dnsmasq[17174]: read /var/lib/neutron/dhcp/1fab36d5-2284-44af-b709-a736a066fa93/addn_hosts - 5 addresses
Sep 29 20:03:57 gtw01 dnsmasq-dhcp[17174]: read /var/lib/neutron/dhcp/1fab36d5-2284-44af-b709-a736a066fa93/host
Sep 29 20:03:57 gtw01 dnsmasq-dhcp[17174]: read /var/lib/neutron/dhcp/1fab36d5-2284-44af-b709-a736a066fa93/opts
Sep 29 20:03:58 gtw01 dnsmasq[17174]: read /var/lib/neutron/dhcp/1fab36d5-2284-44af-b709-a736a066fa93/addn_hosts - 5 addresses
Sep 29 20:03:58 gtw01 dnsmasq-dhcp[17174]: read /var/lib/neutron/dhcp/1fab36d5-2284-44af-b709-a736a066fa93/host
Sep 29 20:03:58 gtw01 dnsmasq-dhcp[17174]: read /var/lib/neutron/dhcp/1fab36d5-2284-44af-b709-a736a066fa93/opts
Sep 29 20:03:59 gtw01 dnsmasq[17174]: read /var/lib/neutron/dhcp/1fab36d5-2284-44af-b709-a736a066fa93/addn_hosts - 5 addresses
Sep 29 20:03:59 gtw01 dnsmasq-dhcp[17174]: read /var/lib/neutron/dhcp/1fab36d5-2284-44af-b709-a736a066fa93/host
Sep 29 20:03:59 gtw01 dnsmasq-dhcp[17174]: read /var/lib/neutron/dhcp/1fab36d5-2284-44af-b709-a736a066fa93/opts
Sep 29 20:04:00 gtw01 dnsmasq[17174]: read /var/lib/neutron/dhcp/1fab36d5-2284-44af-b709-a736a066fa93/addn_hosts - 5 addresses
Sep 29 20:04:00 gtw01 dnsmasq-dhcp[17174]: read /var/lib/neutron/dhcp/1fab36d5-2284-44af-b709-a736a066fa93/host
Sep 29 20:04:00 gtw01 dnsmasq-dhcp[17174]: read /var/lib/neutron/dhcp/1fab36d5-2284-44af-b709-a736a066fa93/opts
Sep 29 20:04:07 gtw01 dnsmasq[27752]: read /var/lib/neutron/dhcp/23e910cd-3ecb-490d-8eab-e0b5d942ccfe/addn_hosts - 6 addresses
Sep 29 20:04:07 gtw01 dnsmasq-dhcp[27752]: read /var/lib/neutron/dhcp/23e910cd-3ecb-490d-8eab-e0b5d942ccfe/host
Sep 29 20:04:07 gtw01 dnsmasq-dhcp[27752]: read /var/lib/neutron/dhcp/23e910cd-3ecb-490d-8eab-e0b5d942ccfe/opts
Sep 29 20:04:08 gtw01 dnsmasq[27752]: read /var/lib/neutron/dhcp/23e910cd-3ecb-490d-8eab-e0b5d942ccfe/addn_hosts - 6 addresses
Sep 29 20:04:08 gtw01 dnsmasq-dhcp[27752]: read /var/lib/neutron/dhcp/23e910cd-3ecb-490d-8eab-e0b5d942ccfe/host
Sep 29 20:04:08 gtw01 dnsmasq-dhcp[27752]: read /var/lib/neutron/dhcp/23e910cd-3ecb-490d-8eab-e0b5d942ccfe/opts
Sep 29 20:04:08 gtw01 dnsmasq[17174]: read /var/lib/neutron/dhcp/1fab36d5-2284-44af-b709-a736a066fa93/addn_hosts - 4 addresses
Sep 29 20:04:08 gtw01 dnsmasq-dhcp[17174]: read /var/lib/neutron/dhcp/1fab36d5-2284-44af-b709-a736a066fa93/host
Sep 29 20:04:08 gtw01 dnsmasq-dhcp[17174]: read /var/lib/neutron/dhcp/1fab36d5-2284-44af-b709-a736a066fa93/opts
Sep 29 20:04:12 gtw01 dnsmasq-dhcp[17174]: DHCPDISCOVER(tap1a894f3a-0d) fa:16:3e:38:5d:77
Sep 29 20:04:12 gtw01 dnsmasq-dhcp[17174]: DHCPOFFER(tap1a894f3a-0d) 192.168.120.3 fa:16:3e:38:5d:77
Sep 29 20:04:12 gtw01 dnsmasq-dhcp[17174]: DHCPREQUEST(tap1a894f3a-0d) 192.168.120.3 fa:16:3e:38:5d:77
Sep 29 20:04:12 gtw01 dnsmasq-dhcp[17174]: DHCPACK(tap1a894f3a-0d) 192.168.120.3 fa:16:3e:38:5d:77 host-192-168-120-3
Sep 29 20:04:14 gtw01 dnsmasq-dhcp[17174]: DHCPRELEASE(tap1a894f3a-0d) 192.168.120.3 fa:16:3e:38:5d:77
Sep 29 20:04:14 gtw01 dnsmasq[27752]: read /var/lib/neutron/dhcp/23e910cd-3ecb-490d-8eab-e0b5d942ccfe/addn_hosts - 5 addresses
Sep 29 20:04:14 gtw01 dnsmasq-dhcp[27752]: read /var/lib/neutron/dhcp/23e910cd-3ecb-490d-8eab-e0b5d942ccfe/host
Sep 29 20:04:14 gtw01 dnsmasq-dhcp[27752]: read /var/lib/neutron/dhcp/23e910cd-3ecb-490d-8eab-e0b5d942ccfe/opts
Sep 29 20:04:20 gtw01 dnsmasq[27752]: read /var/lib/neutron/dhcp/23e910cd-3ecb-490d-8eab-e0b5d942ccfe/addn_hosts - 6 addresses
Sep 29 20:04:20 gtw01 dnsmasq-dhcp[27752]: read /var/lib/neutron/dhcp/23e910cd-3ecb-490d-8eab-e0b5d942ccfe/host
Sep 29 20:04:20 gtw01 dnsmasq-dhcp[27752]: read /var/lib/neutron/dhcp/23e910cd-3ecb-490d-8eab-e0b5d942ccfe/opts
Sep 29 20:04:21 gtw01 dnsmasq[17174]: read /var/lib/neutron/dhcp/1fab36d5-2284-44af-b709-a736a066fa93/addn_hosts - 3 addresses
Sep 29 20:04:21 gtw01 dnsmasq-dhcp[17174]: read /var/lib/neutron/dhcp/1fab36d5-2284-44af-b709-a736a066fa93/host
Sep 29 20:04:21 gtw01 dnsmasq-dhcp[17174]: read /var/lib/neutron/dhcp/1fab36d5-2284-44af-b709-a736a066fa93/opts
Sep 29 20:04:22 gtw01 dnsmasq[27752]: read /var/lib/neutron/dhcp/23e910cd-3ecb-490d-8eab-e0b5d942ccfe/addn_hosts - 6 addresses
Sep 29 20:04:22 gtw01 dnsmasq-dhcp[27752]: read /var/lib/neutron/dhcp/23e910cd-3ecb-490d-8eab-e0b5d942ccfe/host
Sep 29 20:04:22 gtw01 dnsmasq-dhcp[27752]: read /var/lib/neutron/dhcp/23e910cd-3ecb-490d-8eab-e0b5d942ccfe/opts
Sep 29 20:04:23 gtw01 dnsmasq[27752]: read /var/lib/neutron/dhcp/23e910cd-3ecb-490d-8eab-e0b5d942ccfe/addn_hosts - 6 addresses
Sep 29 20:04:23 gtw01 dnsmasq-dhcp[27752]: read /var/lib/neutron/dhcp/23e910cd-3ecb-490d-8eab-e0b5d942ccfe/host
Sep 29 20:04:23 gtw01 dnsmasq-dhcp[27752]: read /var/lib/neutron/dhcp/23e910cd-3ecb-490d-8eab-e0b5d942ccfe/opts
Sep 29 20:04:25 gtw01 dnsmasq-dhcp[17174]: DHCPRELEASE(tap1a894f3a-0d) 192.168.120.28 fa:16:3e:fe:15:dc
Sep 29 20:04:25 gtw01 dnsmasq-dhcp[17174]: DHCPRELEASE(tap1a894f3a-0d) 192.168.120.28 fa:16:3e:fe:15:dc unknown lease
Sep 29 20:04:26 gtw01 dnsmasq[17174]: read /var/lib/neutron/dhcp/1fab36d5-2284-44af-b709-a736a066fa93/addn_hosts - 2 addresses
Sep 29 20:04:26 gtw01 dnsmasq-dhcp[17174]: read /var/lib/neutron/dhcp/1fab36d5-2284-44af-b709-a736a066fa93/host
Sep 29 20:04:26 gtw01 dnsmasq-dhcp[17174]: read /var/lib/neutron/dhcp/1fab36d5-2284-44af-b709-a736a066fa93/opts
Sep 29 20:04:35 gtw01 dnsmasq-dhcp[27752]: DHCPDISCOVER(tap0992acdb-ae) fa:16:3e:15:c5:d0
Sep 29 20:04:35 gtw01 dnsmasq-dhcp[27752]: DHCPOFFER(tap0992acdb-ae) 192.168.120.6 fa:16:3e:15:c5:d0
Sep 29 20:04:35 gtw01 dnsmasq-dhcp[27752]: DHCPREQUEST(tap0992acdb-ae) 192.168.120.6 fa:16:3e:15:c5:d0
Sep 29 20:04:35 gtw01 dnsmasq-dhcp[27752]: DHCPACK(tap0992acdb-ae) 192.168.120.6 fa:16:3e:15:c5:d0 host-192-168-120-6
Sep 29 20:04:40 gtw01 dnsmasq-dhcp[27752]: DHCPRELEASE(tap0992acdb-ae) 192.168.120.6 fa:16:3e:15:c5:d0
Sep 29 20:04:47 gtw01 dnsmasq[27752]: read /var/lib/neutron/dhcp/23e910cd-3ecb-490d-8eab-e0b5d942ccfe/addn_hosts - 6 addresses
Sep 29 20:04:47 gtw01 dnsmasq-dhcp[27752]: read /var/lib/neutron/dhcp/23e910cd-3ecb-490d-8eab-e0b5d942ccfe/host
Sep 29 20:04:47 gtw01 dnsmasq-dhcp[27752]: read /var/lib/neutron/dhcp/23e910cd-3ecb-490d-8eab-e0b5d942ccfe/opts
Sep 29 20:04:48 gtw01 dnsmasq[27752]: read /var/lib/neutron/dhcp/23e910cd-3ecb-490d-8eab-e0b5d942ccfe/addn_hosts - 6 addresses
Sep 29 20:04:48 gtw01 dnsmasq-dhcp[27752]: read /var/lib/neutron/dhcp/23e910cd-3ecb-490d-8eab-e0b5d942ccfe/host
Sep 29 20:04:48 gtw01 dnsmasq-dhcp[27752]: read /var/lib/neutron/dhcp/23e910cd-3ecb-490d-8eab-e0b5d942ccfe/opts
Sep 29 20:05:01 gtw01 dnsmasq[27752]: read /var/lib/neutron/dhcp/23e910cd-3ecb-490d-8eab-e0b5d942ccfe/addn_hosts - 6 addresses
Sep 29 20:05:01 gtw01 dnsmasq-dhcp[27752]: read /var/lib/neutron/dhcp/23e910cd-3ecb-490d-8eab-e0b5d942ccfe/host
Sep 29 20:05:01 gtw01 dnsmasq-dhcp[27752]: read /var/lib/neutron/dhcp/23e910cd-3ecb-490d-8eab-e0b5d942ccfe/opts
Sep 29 20:05:02 gtw01 dnsmasq[27752]: read /var/lib/neutron/dhcp/23e910cd-3ecb-490d-8eab-e0b5d942ccfe/addn_hosts - 6 addresses
Sep 29 20:05:02 gtw01 dnsmasq-dhcp[27752]: read /var/lib/neutron/dhcp/23e910cd-3ecb-490d-8eab-e0b5d942ccfe/host
Sep 29 20:05:02 gtw01 dnsmasq-dhcp[27752]: read /var/lib/neutron/dhcp/23e910cd-3ecb-490d-8eab-e0b5d942ccfe/opts
Sep 29 20:05:13 gtw01 dnsmasq[27752]: read /var/lib/neutron/dhcp/23e910cd-3ecb-490d-8eab-e0b5d942ccfe/addn_hosts - 5 addresses
Sep 29 20:05:13 gtw01 dnsmasq-dhcp[27752]: read /var/lib/neutron/dhcp/23e910cd-3ecb-490d-8eab-e0b5d942ccfe/host
Sep 29 20:05:13 gtw01 dnsmasq-dhcp[27752]: read /var/lib/neutron/dhcp/23e910cd-3ecb-490d-8eab-e0b5d942ccfe/opts
Sep 29 20:05:19 gtw01 dnsmasq[27752]: read /var/lib/neutron/dhcp/23e910cd-3ecb-490d-8eab-e0b5d942ccfe/addn_hosts - 6 addresses
Sep 29 20:05:19 gtw01 dnsmasq-dhcp[27752]: read /var/lib/neutron/dhcp/23e910cd-3ecb-490d-8eab-e0b5d942ccfe/host
Sep 29 20:05:19 gtw01 dnsmasq-dhcp[27752]: read /var/lib/neutron/dhcp/23e910cd-3ecb-490d-8eab-e0b5d942ccfe/opts
Sep 29 20:05:20 gtw01 dnsmasq[27752]: read /var/lib/neutron/dhcp/23e910cd-3ecb-490d-8eab-e0b5d942ccfe/addn_hosts - 6 addresses
Sep 29 20:05:20 gtw01 dnsmasq-dhcp[27752]: read /var/lib/neutron/dhcp/23e910cd-3ecb-490d-8eab-e0b5d942ccfe/host
Sep 29 20:05:20 gtw01 dnsmasq-dhcp[27752]: read /var/lib/neutron/dhcp/23e910cd-3ecb-490d-8eab-e0b5d942ccfe/opts
Sep 29 20:05:21 gtw01 dnsmasq[27752]: read /var/lib/neutron/dhcp/23e910cd-3ecb-490d-8eab-e0b5d942ccfe/addn_hosts - 6 addresses
Sep 29 20:05:21 gtw01 dnsmasq-dhcp[27752]: read /var/lib/neutron/dhcp/23e910cd-3ecb-490d-8eab-e0b5d942ccfe/host
Sep 29 20:05:21 gtw01 dnsmasq-dhcp[27752]: read /var/lib/neutron/dhcp/23e910cd-3ecb-490d-8eab-e0b5d942ccfe/opts
Sep 29 20:05:33 gtw01 dnsmasq-dhcp[27752]: DHCPDISCOVER(tap0992acdb-ae) fa:16:3e:ba:cd:57
Sep 29 20:05:33 gtw01 dnsmasq-dhcp[27752]: DHCPOFFER(tap0992acdb-ae) 192.168.120.10 fa:16:3e:ba:cd:57
Sep 29 20:05:33 gtw01 dnsmasq-dhcp[27752]: DHCPREQUEST(tap0992acdb-ae) 192.168.120.10 fa:16:3e:ba:cd:57
Sep 29 20:05:33 gtw01 dnsmasq-dhcp[27752]: DHCPACK(tap0992acdb-ae) 192.168.120.10 fa:16:3e:ba:cd:57 host-192-168-120-10
Sep 29 20:05:35 gtw01 dnsmasq[27752]: read /var/lib/neutron/dhcp/23e910cd-3ecb-490d-8eab-e0b5d942ccfe/addn_hosts - 7 addresses
Sep 29 20:05:35 gtw01 dnsmasq-dhcp[27752]: read /var/lib/neutron/dhcp/23e910cd-3ecb-490d-8eab-e0b5d942ccfe/host
Sep 29 20:05:35 gtw01 dnsmasq-dhcp[27752]: read /var/lib/neutron/dhcp/23e910cd-3ecb-490d-8eab-e0b5d942ccfe/opts
Sep 29 20:05:36 gtw01 dnsmasq[27752]: read /var/lib/neutron/dhcp/23e910cd-3ecb-490d-8eab-e0b5d942ccfe/addn_hosts - 7 addresses
Sep 29 20:05:36 gtw01 dnsmasq-dhcp[27752]: read /var/lib/neutron/dhcp/23e910cd-3ecb-490d-8eab-e0b5d942ccfe/host
Sep 29 20:05:36 gtw01 dnsmasq-dhcp[27752]: read /var/lib/neutron/dhcp/23e910cd-3ecb-490d-8eab-e0b5d942ccfe/opts
Sep 29 20:05:36 gtw01 dnsmasq[27752]: read /var/lib/neutron/dhcp/23e910cd-3ecb-490d-8eab-e0b5d942ccfe/addn_hosts - 7 addresses
Sep 29 20:05:36 gtw01 dnsmasq-dhcp[27752]: read /var/lib/neutron/dhcp/23e910cd-3ecb-490d-8eab-e0b5d942ccfe/host
Sep 29 20:05:36 gtw01 dnsmasq-dhcp[27752]: read /var/lib/neutron/dhcp/23e910cd-3ecb-490d-8eab-e0b5d942ccfe/opts
Sep 29 20:05:52 gtw01 dnsmasq-dhcp[27752]: DHCPDISCOVER(tap0992acdb-ae) fa:16:3e:13:98:e3
Sep 29 20:05:52 gtw01 dnsmasq-dhcp[27752]: DHCPOFFER(tap0992acdb-ae) 192.168.120.6 fa:16:3e:13:98:e3
Sep 29 20:05:52 gtw01 dnsmasq-dhcp[27752]: DHCPREQUEST(tap0992acdb-ae) 192.168.120.6 fa:16:3e:13:98:e3
Sep 29 20:05:52 gtw01 dnsmasq-dhcp[27752]: DHCPACK(tap0992acdb-ae) 192.168.120.6 fa:16:3e:13:98:e3 host-192-168-120-6
Sep 29 20:05:54 gtw01 dnsmasq-dhcp[27752]: DHCPRELEASE(tap0992acdb-ae) 192.168.120.6 fa:16:3e:13:98:e3
Sep 29 20:06:10 gtw01 kernel: [ 7128.593733] device tap72b35068-bd entered promiscuous mode
Sep 29 20:06:10 gtw01 systemd-udevd[30348]: Could not generate persistent MAC address for tap72b35068-bd: No such file or directory
Sep 29 20:06:10 gtw01 systemd-udevd[30348]: Process '/sbin/ip link set tap72b35068-bd txqueuelen 10000' failed with exit code 1.
Sep 29 20:06:10 gtw01 systemd-udevd[30422]: Process '/sbin/ip link set tap72b35068-bd txqueuelen 10000' failed with exit code 1.
Sep 29 20:06:11 gtw01 dnsmasq[17174]: read /var/lib/neutron/dhcp/1fab36d5-2284-44af-b709-a736a066fa93/addn_hosts - 3 addresses
Sep 29 20:06:11 gtw01 dnsmasq-dhcp[17174]: read /var/lib/neutron/dhcp/1fab36d5-2284-44af-b709-a736a066fa93/host
Sep 29 20:06:11 gtw01 dnsmasq-dhcp[17174]: read /var/lib/neutron/dhcp/1fab36d5-2284-44af-b709-a736a066fa93/opts
Sep 29 20:06:12 gtw01 dnsmasq[17174]: read /var/lib/neutron/dhcp/1fab36d5-2284-44af-b709-a736a066fa93/addn_hosts - 3 addresses
Sep 29 20:06:12 gtw01 dnsmasq-dhcp[17174]: read /var/lib/neutron/dhcp/1fab36d5-2284-44af-b709-a736a066fa93/host
Sep 29 20:06:12 gtw01 dnsmasq-dhcp[17174]: read /var/lib/neutron/dhcp/1fab36d5-2284-44af-b709-a736a066fa93/opts
Sep 29 20:06:13 gtw01 dnsmasq[17174]: read /var/lib/neutron/dhcp/1fab36d5-2284-44af-b709-a736a066fa93/addn_hosts - 3 addresses
Sep 29 20:06:13 gtw01 dnsmasq-dhcp[17174]: read /var/lib/neutron/dhcp/1fab36d5-2284-44af-b709-a736a066fa93/host
Sep 29 20:06:13 gtw01 dnsmasq-dhcp[17174]: read /var/lib/neutron/dhcp/1fab36d5-2284-44af-b709-a736a066fa93/opts
Sep 29 20:06:13 gtw01 dnsmasq[30526]: started, version 2.80 cachesize 150
Sep 29 20:06:13 gtw01 dnsmasq[30526]: DNS service limited to local subnets
Sep 29 20:06:13 gtw01 dnsmasq[30526]: compile time options: IPv6 GNU-getopt DBus i18n IDN DHCP DHCPv6 no-Lua TFTP conntrack ipset auth DNSSEC loop-detect inotify dumpfile
Sep 29 20:06:13 gtw01 dnsmasq[30526]: warning: no upstream servers configured
Sep 29 20:06:13 gtw01 dnsmasq-dhcp[30526]: DHCP, static leases only on 192.168.120.0, lease time 1h
Sep 29 20:06:13 gtw01 dnsmasq[30526]: read /var/lib/neutron/dhcp/04628f63-bd25-4378-b436-c2e536f5386e/addn_hosts - 1 addresses
Sep 29 20:06:13 gtw01 dnsmasq-dhcp[30526]: read /var/lib/neutron/dhcp/04628f63-bd25-4378-b436-c2e536f5386e/host
Sep 29 20:06:13 gtw01 dnsmasq-dhcp[30526]: read /var/lib/neutron/dhcp/04628f63-bd25-4378-b436-c2e536f5386e/opts
Sep 29 20:06:14 gtw01 haproxy-metadata-proxy-04628f63-bd25-4378-b436-c2e536f5386e[30533]: Proxy listener started.
Sep 29 20:06:14 gtw01 dnsmasq[30526]: read /var/lib/neutron/dhcp/04628f63-bd25-4378-b436-c2e536f5386e/addn_hosts - 3 addresses
Sep 29 20:06:14 gtw01 dnsmasq-dhcp[30526]: read /var/lib/neutron/dhcp/04628f63-bd25-4378-b436-c2e536f5386e/host
Sep 29 20:06:14 gtw01 dnsmasq-dhcp[30526]: read /var/lib/neutron/dhcp/04628f63-bd25-4378-b436-c2e536f5386e/opts
Sep 29 20:06:15 gtw01 dnsmasq[27752]: read /var/lib/neutron/dhcp/23e910cd-3ecb-490d-8eab-e0b5d942ccfe/addn_hosts - 6 addresses
Sep 29 20:06:15 gtw01 dnsmasq-dhcp[27752]: read /var/lib/neutron/dhcp/23e910cd-3ecb-490d-8eab-e0b5d942ccfe/host
Sep 29 20:06:15 gtw01 dnsmasq-dhcp[27752]: read /var/lib/neutron/dhcp/23e910cd-3ecb-490d-8eab-e0b5d942ccfe/opts
Sep 29 20:06:15 gtw01 dnsmasq[30526]: read /var/lib/neutron/dhcp/04628f63-bd25-4378-b436-c2e536f5386e/addn_hosts - 3 addresses
Sep 29 20:06:15 gtw01 dnsmasq-dhcp[30526]: read /var/lib/neutron/dhcp/04628f63-bd25-4378-b436-c2e536f5386e/host
Sep 29 20:06:15 gtw01 dnsmasq-dhcp[30526]: read /var/lib/neutron/dhcp/04628f63-bd25-4378-b436-c2e536f5386e/opts
Sep 29 20:06:16 gtw01 dnsmasq[30526]: read /var/lib/neutron/dhcp/04628f63-bd25-4378-b436-c2e536f5386e/addn_hosts - 3 addresses
Sep 29 20:06:16 gtw01 dnsmasq-dhcp[30526]: read /var/lib/neutron/dhcp/04628f63-bd25-4378-b436-c2e536f5386e/host
Sep 29 20:06:16 gtw01 dnsmasq-dhcp[30526]: read /var/lib/neutron/dhcp/04628f63-bd25-4378-b436-c2e536f5386e/opts
Sep 29 20:06:17 gtw01 dnsmasq[30526]: read /var/lib/neutron/dhcp/04628f63-bd25-4378-b436-c2e536f5386e/addn_hosts - 3 addresses
Sep 29 20:06:17 gtw01 dnsmasq-dhcp[30526]: read /var/lib/neutron/dhcp/04628f63-bd25-4378-b436-c2e536f5386e/host
Sep 29 20:06:17 gtw01 dnsmasq-dhcp[30526]: read /var/lib/neutron/dhcp/04628f63-bd25-4378-b436-c2e536f5386e/opts
Sep 29 20:06:18 gtw01 dnsmasq-dhcp[27752]: DHCPRELEASE(tap0992acdb-ae) 192.168.120.10 fa:16:3e:ba:cd:57
Sep 29 20:06:18 gtw01 dnsmasq[30526]: read /var/lib/neutron/dhcp/04628f63-bd25-4378-b436-c2e536f5386e/addn_hosts - 3 addresses
Sep 29 20:06:18 gtw01 dnsmasq-dhcp[30526]: read /var/lib/neutron/dhcp/04628f63-bd25-4378-b436-c2e536f5386e/host
Sep 29 20:06:18 gtw01 dnsmasq-dhcp[30526]: read /var/lib/neutron/dhcp/04628f63-bd25-4378-b436-c2e536f5386e/opts
Sep 29 20:06:19 gtw01 dnsmasq[30526]: read /var/lib/neutron/dhcp/04628f63-bd25-4378-b436-c2e536f5386e/addn_hosts - 3 addresses
Sep 29 20:06:19 gtw01 dnsmasq-dhcp[30526]: read /var/lib/neutron/dhcp/04628f63-bd25-4378-b436-c2e536f5386e/host
Sep 29 20:06:19 gtw01 dnsmasq-dhcp[30526]: read /var/lib/neutron/dhcp/04628f63-bd25-4378-b436-c2e536f5386e/opts
Sep 29 20:06:20 gtw01 dnsmasq[17174]: read /var/lib/neutron/dhcp/1fab36d5-2284-44af-b709-a736a066fa93/addn_hosts - 2 addresses
Sep 29 20:06:20 gtw01 dnsmasq-dhcp[17174]: read /var/lib/neutron/dhcp/1fab36d5-2284-44af-b709-a736a066fa93/host
Sep 29 20:06:20 gtw01 dnsmasq-dhcp[17174]: read /var/lib/neutron/dhcp/1fab36d5-2284-44af-b709-a736a066fa93/opts
Sep 29 20:06:20 gtw01 dnsmasq[30526]: read /var/lib/neutron/dhcp/04628f63-bd25-4378-b436-c2e536f5386e/addn_hosts - 2 addresses
Sep 29 20:06:20 gtw01 dnsmasq-dhcp[30526]: read /var/lib/neutron/dhcp/04628f63-bd25-4378-b436-c2e536f5386e/host
Sep 29 20:06:20 gtw01 dnsmasq-dhcp[30526]: read /var/lib/neutron/dhcp/04628f63-bd25-4378-b436-c2e536f5386e/opts
Sep 29 20:06:21 gtw01 dnsmasq[30526]: read /var/lib/neutron/dhcp/04628f63-bd25-4378-b436-c2e536f5386e/addn_hosts - 1 addresses
Sep 29 20:06:21 gtw01 dnsmasq-dhcp[30526]: read /var/lib/neutron/dhcp/04628f63-bd25-4378-b436-c2e536f5386e/host
Sep 29 20:06:21 gtw01 dnsmasq-dhcp[30526]: read /var/lib/neutron/dhcp/04628f63-bd25-4378-b436-c2e536f5386e/opts
Sep 29 20:06:25 gtw01 kernel: [ 7143.727971] device tap72b35068-bd left promiscuous mode
Sep 29 20:06:37 gtw01 dnsmasq[27752]: read /var/lib/neutron/dhcp/23e910cd-3ecb-490d-8eab-e0b5d942ccfe/addn_hosts - 5 addresses
Sep 29 20:06:37 gtw01 dnsmasq-dhcp[27752]: read /var/lib/neutron/dhcp/23e910cd-3ecb-490d-8eab-e0b5d942ccfe/host
Sep 29 20:06:37 gtw01 dnsmasq-dhcp[27752]: read /var/lib/neutron/dhcp/23e910cd-3ecb-490d-8eab-e0b5d942ccfe/opts
Sep 29 20:06:38 gtw01 kernel: [ 7156.617449] device tap017dc7e6-dd entered promiscuous mode
Sep 29 20:06:38 gtw01 systemd-udevd[30743]: Could not generate persistent MAC address for tap017dc7e6-dd: No such file or directory
Sep 29 20:06:38 gtw01 systemd-udevd[30811]: Process '/sbin/ip link set tap017dc7e6-dd txqueuelen 10000' failed with exit code 1.
Sep 29 20:06:41 gtw01 dnsmasq[30874]: started, version 2.80 cachesize 150
Sep 29 20:06:41 gtw01 dnsmasq[30874]: DNS service limited to local subnets
Sep 29 20:06:41 gtw01 dnsmasq[30874]: compile time options: IPv6 GNU-getopt DBus i18n IDN DHCP DHCPv6 no-Lua TFTP conntrack ipset auth DNSSEC loop-detect inotify dumpfile
Sep 29 20:06:41 gtw01 dnsmasq[30874]: warning: no upstream servers configured
Sep 29 20:06:41 gtw01 dnsmasq-dhcp[30874]: DHCPv6, static leases only on 2003::, lease time 1h
Sep 29 20:06:41 gtw01 dnsmasq[30874]: read /var/lib/neutron/dhcp/696a88fe-efa8-4eb5-a598-8eee23377641/addn_hosts - 1 addresses
Sep 29 20:06:41 gtw01 dnsmasq-dhcp[30874]: read /var/lib/neutron/dhcp/696a88fe-efa8-4eb5-a598-8eee23377641/host
Sep 29 20:06:41 gtw01 dnsmasq-dhcp[30874]: read /var/lib/neutron/dhcp/696a88fe-efa8-4eb5-a598-8eee23377641/opts
Sep 29 20:06:42 gtw01 dnsmasq-dhcp[27752]: DHCPRELEASE(tap0992acdb-ae) 192.168.120.3 fa:16:3e:43:3d:64
Sep 29 20:06:42 gtw01 dnsmasq[30874]: read /var/lib/neutron/dhcp/696a88fe-efa8-4eb5-a598-8eee23377641/addn_hosts - 2 addresses
Sep 29 20:06:42 gtw01 dnsmasq-dhcp[30874]: read /var/lib/neutron/dhcp/696a88fe-efa8-4eb5-a598-8eee23377641/host
Sep 29 20:06:42 gtw01 dnsmasq-dhcp[30874]: read /var/lib/neutron/dhcp/696a88fe-efa8-4eb5-a598-8eee23377641/opts
Sep 29 20:06:42 gtw01 dnsmasq-dhcp[27752]: DHCPRELEASE(tap0992acdb-ae) 192.168.120.3 fa:16:3e:43:3d:64 unknown lease
Sep 29 20:06:43 gtw01 dnsmasq[27752]: read /var/lib/neutron/dhcp/23e910cd-3ecb-490d-8eab-e0b5d942ccfe/addn_hosts - 4 addresses
Sep 29 20:06:43 gtw01 dnsmasq-dhcp[27752]: read /var/lib/neutron/dhcp/23e910cd-3ecb-490d-8eab-e0b5d942ccfe/host
Sep 29 20:06:43 gtw01 dnsmasq-dhcp[27752]: read /var/lib/neutron/dhcp/23e910cd-3ecb-490d-8eab-e0b5d942ccfe/opts
Sep 29 20:06:43 gtw01 dnsmasq[30874]: read /var/lib/neutron/dhcp/696a88fe-efa8-4eb5-a598-8eee23377641/addn_hosts - 2 addresses
Sep 29 20:06:43 gtw01 dnsmasq-dhcp[30874]: read /var/lib/neutron/dhcp/696a88fe-efa8-4eb5-a598-8eee23377641/host
Sep 29 20:06:43 gtw01 dnsmasq-dhcp[30874]: read /var/lib/neutron/dhcp/696a88fe-efa8-4eb5-a598-8eee23377641/opts
Sep 29 20:06:44 gtw01 dnsmasq[30874]: read /var/lib/neutron/dhcp/696a88fe-efa8-4eb5-a598-8eee23377641/addn_hosts - 2 addresses
Sep 29 20:06:44 gtw01 dnsmasq-dhcp[30874]: read /var/lib/neutron/dhcp/696a88fe-efa8-4eb5-a598-8eee23377641/host
Sep 29 20:06:44 gtw01 dnsmasq-dhcp[30874]: read /var/lib/neutron/dhcp/696a88fe-efa8-4eb5-a598-8eee23377641/opts
Sep 29 20:06:45 gtw01 dnsmasq-dhcp[27752]: DHCPRELEASE(tap0992acdb-ae) 192.168.120.11 fa:16:3e:6e:86:22
Sep 29 20:06:45 gtw01 dnsmasq[30874]: read /var/lib/neutron/dhcp/696a88fe-efa8-4eb5-a598-8eee23377641/addn_hosts - 3 addresses
Sep 29 20:06:45 gtw01 dnsmasq-dhcp[30874]: read /var/lib/neutron/dhcp/696a88fe-efa8-4eb5-a598-8eee23377641/host
Sep 29 20:06:45 gtw01 dnsmasq-dhcp[30874]: read /var/lib/neutron/dhcp/696a88fe-efa8-4eb5-a598-8eee23377641/opts
Sep 29 20:06:45 gtw01 dnsmasq-dhcp[27752]: DHCPRELEASE(tap0992acdb-ae) 192.168.120.11 fa:16:3e:6e:86:22 unknown lease
Sep 29 20:06:46 gtw01 dnsmasq[27752]: read /var/lib/neutron/dhcp/23e910cd-3ecb-490d-8eab-e0b5d942ccfe/addn_hosts - 3 addresses
Sep 29 20:06:46 gtw01 dnsmasq-dhcp[27752]: read /var/lib/neutron/dhcp/23e910cd-3ecb-490d-8eab-e0b5d942ccfe/host
Sep 29 20:06:46 gtw01 dnsmasq-dhcp[27752]: read /var/lib/neutron/dhcp/23e910cd-3ecb-490d-8eab-e0b5d942ccfe/opts
Sep 29 20:06:46 gtw01 dnsmasq[30874]: read /var/lib/neutron/dhcp/696a88fe-efa8-4eb5-a598-8eee23377641/addn_hosts - 4 addresses
Sep 29 20:06:46 gtw01 dnsmasq-dhcp[30874]: read /var/lib/neutron/dhcp/696a88fe-efa8-4eb5-a598-8eee23377641/host
Sep 29 20:06:46 gtw01 dnsmasq-dhcp[30874]: read /var/lib/neutron/dhcp/696a88fe-efa8-4eb5-a598-8eee23377641/opts
Sep 29 20:06:47 gtw01 dnsmasq[30874]: read /var/lib/neutron/dhcp/696a88fe-efa8-4eb5-a598-8eee23377641/addn_hosts - 5 addresses
Sep 29 20:06:47 gtw01 dnsmasq-dhcp[30874]: read /var/lib/neutron/dhcp/696a88fe-efa8-4eb5-a598-8eee23377641/host
Sep 29 20:06:47 gtw01 dnsmasq-dhcp[30874]: read /var/lib/neutron/dhcp/696a88fe-efa8-4eb5-a598-8eee23377641/opts
Sep 29 20:06:47 gtw01 dnsmasq[27752]: read /var/lib/neutron/dhcp/23e910cd-3ecb-490d-8eab-e0b5d942ccfe/addn_hosts - 2 addresses
Sep 29 20:06:47 gtw01 dnsmasq-dhcp[27752]: read /var/lib/neutron/dhcp/23e910cd-3ecb-490d-8eab-e0b5d942ccfe/host
Sep 29 20:06:47 gtw01 dnsmasq-dhcp[27752]: read /var/lib/neutron/dhcp/23e910cd-3ecb-490d-8eab-e0b5d942ccfe/opts
Sep 29 20:06:48 gtw01 dnsmasq[30874]: read /var/lib/neutron/dhcp/696a88fe-efa8-4eb5-a598-8eee23377641/addn_hosts - 6 addresses
Sep 29 20:06:48 gtw01 dnsmasq-dhcp[30874]: read /var/lib/neutron/dhcp/696a88fe-efa8-4eb5-a598-8eee23377641/host
Sep 29 20:06:48 gtw01 dnsmasq-dhcp[30874]: read /var/lib/neutron/dhcp/696a88fe-efa8-4eb5-a598-8eee23377641/opts
Sep 29 20:06:49 gtw01 dnsmasq[30874]: read /var/lib/neutron/dhcp/696a88fe-efa8-4eb5-a598-8eee23377641/addn_hosts - 7 addresses
Sep 29 20:06:49 gtw01 dnsmasq-dhcp[30874]: read /var/lib/neutron/dhcp/696a88fe-efa8-4eb5-a598-8eee23377641/host
Sep 29 20:06:49 gtw01 dnsmasq-dhcp[30874]: read /var/lib/neutron/dhcp/696a88fe-efa8-4eb5-a598-8eee23377641/opts
Sep 29 20:06:50 gtw01 systemd-udevd[31091]: Could not generate persistent MAC address for tap59c7aafa-6f: No such file or directory
Sep 29 20:06:50 gtw01 kernel: [ 7168.208779] device tap59c7aafa-6f entered promiscuous mode
Sep 29 20:06:50 gtw01 systemd-udevd[31091]: Process '/sbin/ip link set tap59c7aafa-6f txqueuelen 10000' failed with exit code 1.
Sep 29 20:06:50 gtw01 dnsmasq[30874]: read /var/lib/neutron/dhcp/696a88fe-efa8-4eb5-a598-8eee23377641/addn_hosts - 7 addresses
Sep 29 20:06:50 gtw01 dnsmasq-dhcp[30874]: read /var/lib/neutron/dhcp/696a88fe-efa8-4eb5-a598-8eee23377641/host
Sep 29 20:06:50 gtw01 dnsmasq-dhcp[30874]: read /var/lib/neutron/dhcp/696a88fe-efa8-4eb5-a598-8eee23377641/opts
Sep 29 20:06:51 gtw01 dnsmasq[30874]: read /var/lib/neutron/dhcp/696a88fe-efa8-4eb5-a598-8eee23377641/addn_hosts - 7 addresses
Sep 29 20:06:51 gtw01 dnsmasq-dhcp[30874]: read /var/lib/neutron/dhcp/696a88fe-efa8-4eb5-a598-8eee23377641/host
Sep 29 20:06:51 gtw01 dnsmasq-dhcp[30874]: read /var/lib/neutron/dhcp/696a88fe-efa8-4eb5-a598-8eee23377641/opts
Sep 29 20:06:52 gtw01 dnsmasq[30874]: read /var/lib/neutron/dhcp/696a88fe-efa8-4eb5-a598-8eee23377641/addn_hosts - 7 addresses
Sep 29 20:06:52 gtw01 dnsmasq-dhcp[30874]: read /var/lib/neutron/dhcp/696a88fe-efa8-4eb5-a598-8eee23377641/host
Sep 29 20:06:52 gtw01 dnsmasq-dhcp[30874]: read /var/lib/neutron/dhcp/696a88fe-efa8-4eb5-a598-8eee23377641/opts
Sep 29 20:06:53 gtw01 systemd-udevd[31285]: Could not generate persistent MAC address for tapa22cfaab-5f: No such file or directory
Sep 29 20:06:53 gtw01 kernel: [ 7171.493086] device tapa22cfaab-5f entered promiscuous mode
Sep 29 20:06:53 gtw01 systemd-udevd[31354]: Process '/sbin/ip link set tapa22cfaab-5f txqueuelen 10000' failed with exit code 1.
Sep 29 20:06:53 gtw01 dnsmasq[30874]: read /var/lib/neutron/dhcp/696a88fe-efa8-4eb5-a598-8eee23377641/addn_hosts - 7 addresses
Sep 29 20:06:53 gtw01 dnsmasq-dhcp[30874]: read /var/lib/neutron/dhcp/696a88fe-efa8-4eb5-a598-8eee23377641/host
Sep 29 20:06:53 gtw01 dnsmasq-dhcp[30874]: read /var/lib/neutron/dhcp/696a88fe-efa8-4eb5-a598-8eee23377641/opts
Sep 29 20:06:53 gtw01 dnsmasq[31384]: started, version 2.80 cachesize 150
Sep 29 20:06:53 gtw01 dnsmasq[31384]: DNS service limited to local subnets
Sep 29 20:06:53 gtw01 dnsmasq[31384]: compile time options: IPv6 GNU-getopt DBus i18n IDN DHCP DHCPv6 no-Lua TFTP conntrack ipset auth DNSSEC loop-detect inotify dumpfile
Sep 29 20:06:53 gtw01 dnsmasq[31384]: warning: no upstream servers configured
Sep 29 20:06:53 gtw01 dnsmasq-dhcp[31384]: DHCPv6, static leases only on 2003:0:0:ffff::, lease time 1h
Sep 29 20:06:53 gtw01 dnsmasq[31384]: read /var/lib/neutron/dhcp/b912756c-fc12-4bce-a5ac-f0b764d04a3b/addn_hosts - 1 addresses
Sep 29 20:06:53 gtw01 dnsmasq-dhcp[31384]: read /var/lib/neutron/dhcp/b912756c-fc12-4bce-a5ac-f0b764d04a3b/host
Sep 29 20:06:53 gtw01 dnsmasq-dhcp[31384]: read /var/lib/neutron/dhcp/b912756c-fc12-4bce-a5ac-f0b764d04a3b/opts
Sep 29 20:06:54 gtw01 dnsmasq[31384]: read /var/lib/neutron/dhcp/b912756c-fc12-4bce-a5ac-f0b764d04a3b/addn_hosts - 1 addresses
Sep 29 20:06:54 gtw01 dnsmasq-dhcp[31384]: read /var/lib/neutron/dhcp/b912756c-fc12-4bce-a5ac-f0b764d04a3b/host
Sep 29 20:06:54 gtw01 dnsmasq-dhcp[31384]: read /var/lib/neutron/dhcp/b912756c-fc12-4bce-a5ac-f0b764d04a3b/opts
Sep 29 20:06:55 gtw01 kernel: [ 7173.194473] device tap017dc7e6-dd left promiscuous mode
Sep 29 20:06:55 gtw01 dnsmasq[27752]: read /var/lib/neutron/dhcp/23e910cd-3ecb-490d-8eab-e0b5d942ccfe/addn_hosts - 1 addresses
Sep 29 20:06:55 gtw01 dnsmasq-dhcp[27752]: read /var/lib/neutron/dhcp/23e910cd-3ecb-490d-8eab-e0b5d942ccfe/host
Sep 29 20:06:55 gtw01 dnsmasq-dhcp[27752]: read /var/lib/neutron/dhcp/23e910cd-3ecb-490d-8eab-e0b5d942ccfe/opts
Sep 29 20:06:56 gtw01 dnsmasq[31384]: read /var/lib/neutron/dhcp/b912756c-fc12-4bce-a5ac-f0b764d04a3b/addn_hosts - 1 addresses
Sep 29 20:06:56 gtw01 dnsmasq-dhcp[31384]: read /var/lib/neutron/dhcp/b912756c-fc12-4bce-a5ac-f0b764d04a3b/host
Sep 29 20:06:56 gtw01 dnsmasq-dhcp[31384]: read /var/lib/neutron/dhcp/b912756c-fc12-4bce-a5ac-f0b764d04a3b/opts
Sep 29 20:06:57 gtw01 dnsmasq[31384]: read /var/lib/neutron/dhcp/b912756c-fc12-4bce-a5ac-f0b764d04a3b/addn_hosts - 1 addresses
Sep 29 20:06:57 gtw01 dnsmasq-dhcp[31384]: read /var/lib/neutron/dhcp/b912756c-fc12-4bce-a5ac-f0b764d04a3b/host
Sep 29 20:06:57 gtw01 dnsmasq-dhcp[31384]: read /var/lib/neutron/dhcp/b912756c-fc12-4bce-a5ac-f0b764d04a3b/opts
Sep 29 20:06:57 gtw01 dnsmasq[31502]: started, version 2.80 cachesize 150
Sep 29 20:06:57 gtw01 dnsmasq[31502]: DNS service limited to local subnets
Sep 29 20:06:57 gtw01 dnsmasq[31502]: compile time options: IPv6 GNU-getopt DBus i18n IDN DHCP DHCPv6 no-Lua TFTP conntrack ipset auth DNSSEC loop-detect inotify dumpfile
Sep 29 20:06:57 gtw01 dnsmasq[31502]: warning: no upstream servers configured
Sep 29 20:06:57 gtw01 dnsmasq-dhcp[31502]: DHCPv6, static leases only on 2003::, lease time 1h
Sep 29 20:06:57 gtw01 dnsmasq[31502]: read /var/lib/neutron/dhcp/a4bc42fb-e30b-42df-be5e-074459c05c09/addn_hosts - 1 addresses
Sep 29 20:06:57 gtw01 dnsmasq-dhcp[31502]: read /var/lib/neutron/dhcp/a4bc42fb-e30b-42df-be5e-074459c05c09/host
Sep 29 20:06:57 gtw01 dnsmasq-dhcp[31502]: read /var/lib/neutron/dhcp/a4bc42fb-e30b-42df-be5e-074459c05c09/opts
Sep 29 20:06:57 gtw01 kernel: [ 7175.862295] device tapa22cfaab-5f left promiscuous mode
Sep 29 20:07:02 gtw01 kernel: [ 7180.373784] device tap0992acdb-ae left promiscuous mode
Sep 29 20:07:03 gtw01 kernel: [ 7181.194262] device tap0455fa1b-b0 entered promiscuous mode
Sep 29 20:07:03 gtw01 systemd-udevd[31539]: Could not generate persistent MAC address for tap0455fa1b-b0: No such file or directory
Sep 29 20:07:03 gtw01 systemd-udevd[31539]: Process '/sbin/ip link set tap0455fa1b-b0 txqueuelen 10000' failed with exit code 1.
Sep 29 20:07:03 gtw01 systemd-udevd[31539]: Process '/sbin/ip link set tap0455fa1b-b0 txqueuelen 10000' failed with exit code 1.
Sep 29 20:07:04 gtw01 systemd-udevd[31658]: Could not generate persistent MAC address for tapbd8a5d6b-06: No such file or directory
Sep 29 20:07:04 gtw01 kernel: [ 7182.656044] device tapbd8a5d6b-06 entered promiscuous mode
Sep 29 20:07:04 gtw01 systemd-udevd[31726]: Process '/sbin/ip link set tapbd8a5d6b-06 txqueuelen 10000' failed with exit code 1.
Sep 29 20:07:06 gtw01 dnsmasq[31796]: started, version 2.80 cachesize 150
Sep 29 20:07:06 gtw01 dnsmasq[31796]: DNS service limited to local subnets
Sep 29 20:07:06 gtw01 dnsmasq[31796]: compile time options: IPv6 GNU-getopt DBus i18n IDN DHCP DHCPv6 no-Lua TFTP conntrack ipset auth DNSSEC loop-detect inotify dumpfile
Sep 29 20:07:06 gtw01 dnsmasq[31796]: warning: no upstream servers configured
Sep 29 20:07:06 gtw01 dnsmasq-dhcp[31796]: DHCPv6, static leases only on 2003::, lease time 1h
Sep 29 20:07:06 gtw01 dnsmasq[31796]: read /var/lib/neutron/dhcp/6e24ed6d-7ae7-4e29-9f3e-8f63a865e8fd/addn_hosts - 1 addresses
Sep 29 20:07:06 gtw01 dnsmasq-dhcp[31796]: read /var/lib/neutron/dhcp/6e24ed6d-7ae7-4e29-9f3e-8f63a865e8fd/host
Sep 29 20:07:06 gtw01 dnsmasq-dhcp[31796]: read /var/lib/neutron/dhcp/6e24ed6d-7ae7-4e29-9f3e-8f63a865e8fd/opts
Sep 29 20:07:07 gtw01 dnsmasq[31796]: read /var/lib/neutron/dhcp/6e24ed6d-7ae7-4e29-9f3e-8f63a865e8fd/addn_hosts - 1 addresses
Sep 29 20:07:07 gtw01 dnsmasq-dhcp[31796]: read /var/lib/neutron/dhcp/6e24ed6d-7ae7-4e29-9f3e-8f63a865e8fd/host
Sep 29 20:07:07 gtw01 dnsmasq-dhcp[31796]: read /var/lib/neutron/dhcp/6e24ed6d-7ae7-4e29-9f3e-8f63a865e8fd/opts
Sep 29 20:07:07 gtw01 dnsmasq[31845]: started, version 2.80 cachesize 150
Sep 29 20:07:07 gtw01 dnsmasq[31845]: DNS service limited to local subnets
Sep 29 20:07:07 gtw01 dnsmasq[31845]: compile time options: IPv6 GNU-getopt DBus i18n IDN DHCP DHCPv6 no-Lua TFTP conntrack ipset auth DNSSEC loop-detect inotify dumpfile
Sep 29 20:07:07 gtw01 dnsmasq[31845]: warning: no upstream servers configured
Sep 29 20:07:07 gtw01 dnsmasq-dhcp[31845]: DHCP, static leases only on 192.168.120.0, lease time 1h
Sep 29 20:07:07 gtw01 dnsmasq[31845]: read /var/lib/neutron/dhcp/82620fc4-43e1-4145-ab8f-3a52757531ce/addn_hosts - 1 addresses
Sep 29 20:07:07 gtw01 dnsmasq-dhcp[31845]: read /var/lib/neutron/dhcp/82620fc4-43e1-4145-ab8f-3a52757531ce/host
Sep 29 20:07:07 gtw01 dnsmasq-dhcp[31845]: read /var/lib/neutron/dhcp/82620fc4-43e1-4145-ab8f-3a52757531ce/opts
Sep 29 20:07:08 gtw01 haproxy-metadata-proxy-82620fc4-43e1-4145-ab8f-3a52757531ce[31853]: Proxy listener started.
Sep 29 20:07:08 gtw01 dnsmasq[31796]: read /var/lib/neutron/dhcp/6e24ed6d-7ae7-4e29-9f3e-8f63a865e8fd/addn_hosts - 1 addresses
Sep 29 20:07:08 gtw01 dnsmasq-dhcp[31796]: read /var/lib/neutron/dhcp/6e24ed6d-7ae7-4e29-9f3e-8f63a865e8fd/host
Sep 29 20:07:08 gtw01 dnsmasq-dhcp[31796]: read /var/lib/neutron/dhcp/6e24ed6d-7ae7-4e29-9f3e-8f63a865e8fd/opts
Sep 29 20:07:09 gtw01 dnsmasq[31796]: read /var/lib/neutron/dhcp/6e24ed6d-7ae7-4e29-9f3e-8f63a865e8fd/addn_hosts - 1 addresses
Sep 29 20:07:09 gtw01 dnsmasq-dhcp[31796]: read /var/lib/neutron/dhcp/6e24ed6d-7ae7-4e29-9f3e-8f63a865e8fd/host
Sep 29 20:07:09 gtw01 dnsmasq-dhcp[31796]: read /var/lib/neutron/dhcp/6e24ed6d-7ae7-4e29-9f3e-8f63a865e8fd/opts
Sep 29 20:07:09 gtw01 dnsmasq[31845]: read /var/lib/neutron/dhcp/82620fc4-43e1-4145-ab8f-3a52757531ce/addn_hosts - 3 addresses
Sep 29 20:07:09 gtw01 dnsmasq-dhcp[31845]: read /var/lib/neutron/dhcp/82620fc4-43e1-4145-ab8f-3a52757531ce/host
Sep 29 20:07:09 gtw01 dnsmasq-dhcp[31845]: read /var/lib/neutron/dhcp/82620fc4-43e1-4145-ab8f-3a52757531ce/opts
Sep 29 20:07:09 gtw01 kernel: [ 7187.945302] device tap42d983b7-1f entered promiscuous mode
Sep 29 20:07:09 gtw01 systemd-udevd[31912]: Could not generate persistent MAC address for tap42d983b7-1f: No such file or directory
Sep 29 20:07:09 gtw01 systemd-udevd[31912]: Process '/sbin/ip link set tap42d983b7-1f txqueuelen 10000' failed with exit code 1.
Sep 29 20:07:09 gtw01 systemd-udevd[31912]: Process '/sbin/ip link set tap42d983b7-1f txqueuelen 10000' failed with exit code 1.
Sep 29 20:07:10 gtw01 dnsmasq[31845]: read /var/lib/neutron/dhcp/82620fc4-43e1-4145-ab8f-3a52757531ce/addn_hosts - 3 addresses
Sep 29 20:07:10 gtw01 dnsmasq-dhcp[31845]: read /var/lib/neutron/dhcp/82620fc4-43e1-4145-ab8f-3a52757531ce/host
Sep 29 20:07:10 gtw01 dnsmasq-dhcp[31845]: read /var/lib/neutron/dhcp/82620fc4-43e1-4145-ab8f-3a52757531ce/opts
Sep 29 20:07:11 gtw01 dnsmasq[31845]: read /var/lib/neutron/dhcp/82620fc4-43e1-4145-ab8f-3a52757531ce/addn_hosts - 3 addresses
Sep 29 20:07:11 gtw01 dnsmasq-dhcp[31845]: read /var/lib/neutron/dhcp/82620fc4-43e1-4145-ab8f-3a52757531ce/host
Sep 29 20:07:11 gtw01 dnsmasq-dhcp[31845]: read /var/lib/neutron/dhcp/82620fc4-43e1-4145-ab8f-3a52757531ce/opts
Sep 29 20:07:12 gtw01 dnsmasq[31845]: read /var/lib/neutron/dhcp/82620fc4-43e1-4145-ab8f-3a52757531ce/addn_hosts - 4 addresses
Sep 29 20:07:12 gtw01 dnsmasq-dhcp[31845]: read /var/lib/neutron/dhcp/82620fc4-43e1-4145-ab8f-3a52757531ce/host
Sep 29 20:07:12 gtw01 dnsmasq-dhcp[31845]: read /var/lib/neutron/dhcp/82620fc4-43e1-4145-ab8f-3a52757531ce/opts
Sep 29 20:07:13 gtw01 dnsmasq[32103]: started, version 2.80 cachesize 150
Sep 29 20:07:13 gtw01 dnsmasq[32103]: DNS service limited to local subnets
Sep 29 20:07:13 gtw01 dnsmasq[32103]: compile time options: IPv6 GNU-getopt DBus i18n IDN DHCP DHCPv6 no-Lua TFTP conntrack ipset auth DNSSEC loop-detect inotify dumpfile
Sep 29 20:07:13 gtw01 dnsmasq[32103]: warning: no upstream servers configured
Sep 29 20:07:13 gtw01 dnsmasq-dhcp[32103]: DHCPv6, static leases only on 2003::, lease time 1h
Sep 29 20:07:13 gtw01 dnsmasq[32103]: read /var/lib/neutron/dhcp/dbfe261c-060e-449f-ac93-c56629fd913b/addn_hosts - 1 addresses
Sep 29 20:07:13 gtw01 dnsmasq-dhcp[32103]: read /var/lib/neutron/dhcp/dbfe261c-060e-449f-ac93-c56629fd913b/host
Sep 29 20:07:13 gtw01 dnsmasq-dhcp[32103]: read /var/lib/neutron/dhcp/dbfe261c-060e-449f-ac93-c56629fd913b/opts
Sep 29 20:07:13 gtw01 dnsmasq[31845]: read /var/lib/neutron/dhcp/82620fc4-43e1-4145-ab8f-3a52757531ce/addn_hosts - 4 addresses
Sep 29 20:07:13 gtw01 dnsmasq-dhcp[31845]: read /var/lib/neutron/dhcp/82620fc4-43e1-4145-ab8f-3a52757531ce/host
Sep 29 20:07:13 gtw01 dnsmasq-dhcp[31845]: read /var/lib/neutron/dhcp/82620fc4-43e1-4145-ab8f-3a52757531ce/opts
Sep 29 20:07:13 gtw01 dnsmasq[32103]: read /var/lib/neutron/dhcp/dbfe261c-060e-449f-ac93-c56629fd913b/addn_hosts - 1 addresses
Sep 29 20:07:13 gtw01 dnsmasq-dhcp[32103]: read /var/lib/neutron/dhcp/dbfe261c-060e-449f-ac93-c56629fd913b/host
Sep 29 20:07:13 gtw01 dnsmasq-dhcp[32103]: read /var/lib/neutron/dhcp/dbfe261c-060e-449f-ac93-c56629fd913b/opts
Sep 29 20:07:14 gtw01 dnsmasq[31845]: read /var/lib/neutron/dhcp/82620fc4-43e1-4145-ab8f-3a52757531ce/addn_hosts - 5 addresses
Sep 29 20:07:14 gtw01 dnsmasq-dhcp[31845]: read /var/lib/neutron/dhcp/82620fc4-43e1-4145-ab8f-3a52757531ce/host
Sep 29 20:07:14 gtw01 dnsmasq-dhcp[31845]: read /var/lib/neutron/dhcp/82620fc4-43e1-4145-ab8f-3a52757531ce/opts
Sep 29 20:07:14 gtw01 dnsmasq[32103]: read /var/lib/neutron/dhcp/dbfe261c-060e-449f-ac93-c56629fd913b/addn_hosts - 1 addresses
Sep 29 20:07:14 gtw01 dnsmasq-dhcp[32103]: read /var/lib/neutron/dhcp/dbfe261c-060e-449f-ac93-c56629fd913b/host
Sep 29 20:07:14 gtw01 dnsmasq-dhcp[32103]: read /var/lib/neutron/dhcp/dbfe261c-060e-449f-ac93-c56629fd913b/opts
Sep 29 20:07:15 gtw01 dnsmasq[17174]: read /var/lib/neutron/dhcp/1fab36d5-2284-44af-b709-a736a066fa93/addn_hosts - 3 addresses
