Sep 29 21:51:44 gtw01 dnsmasq-dhcp[17108]: read /var/lib/neutron/dhcp/23dade27-475b-4eba-8aa3-fd0834ee78da/opts
Sep 29 21:51:45 gtw01 dnsmasq[17251]: read /var/lib/neutron/dhcp/8bf30719-8f63-4aab-b22f-958aac48654d/addn_hosts - 2 addresses
Sep 29 21:51:45 gtw01 dnsmasq-dhcp[17251]: read /var/lib/neutron/dhcp/8bf30719-8f63-4aab-b22f-958aac48654d/host
Sep 29 21:51:45 gtw01 dnsmasq-dhcp[17251]: read /var/lib/neutron/dhcp/8bf30719-8f63-4aab-b22f-958aac48654d/opts
Sep 29 21:51:45 gtw01 dnsmasq[16791]: read /var/lib/neutron/dhcp/5787f379-f9fc-47b1-80c2-3e285b842894/addn_hosts - 1 addresses
Sep 29 21:51:45 gtw01 dnsmasq-dhcp[16791]: read /var/lib/neutron/dhcp/5787f379-f9fc-47b1-80c2-3e285b842894/host
Sep 29 21:51:45 gtw01 dnsmasq-dhcp[16791]: read /var/lib/neutron/dhcp/5787f379-f9fc-47b1-80c2-3e285b842894/opts
Sep 29 21:51:46 gtw01 dnsmasq[17108]: read /var/lib/neutron/dhcp/23dade27-475b-4eba-8aa3-fd0834ee78da/addn_hosts - 2 addresses
Sep 29 21:51:46 gtw01 dnsmasq-dhcp[17108]: read /var/lib/neutron/dhcp/23dade27-475b-4eba-8aa3-fd0834ee78da/host
Sep 29 21:51:46 gtw01 dnsmasq-dhcp[17108]: read /var/lib/neutron/dhcp/23dade27-475b-4eba-8aa3-fd0834ee78da/opts
Sep 29 21:51:46 gtw01 dnsmasq[17251]: read /var/lib/neutron/dhcp/8bf30719-8f63-4aab-b22f-958aac48654d/addn_hosts - 2 addresses
Sep 29 21:51:46 gtw01 dnsmasq-dhcp[17251]: read /var/lib/neutron/dhcp/8bf30719-8f63-4aab-b22f-958aac48654d/host
Sep 29 21:51:46 gtw01 dnsmasq-dhcp[17251]: read /var/lib/neutron/dhcp/8bf30719-8f63-4aab-b22f-958aac48654d/opts
Sep 29 21:51:47 gtw01 dnsmasq[17108]: read /var/lib/neutron/dhcp/23dade27-475b-4eba-8aa3-fd0834ee78da/addn_hosts - 2 addresses
Sep 29 21:51:47 gtw01 dnsmasq-dhcp[17108]: read /var/lib/neutron/dhcp/23dade27-475b-4eba-8aa3-fd0834ee78da/host
Sep 29 21:51:47 gtw01 dnsmasq-dhcp[17108]: read /var/lib/neutron/dhcp/23dade27-475b-4eba-8aa3-fd0834ee78da/opts
Sep 29 21:51:47 gtw01 kernel: [13465.794533] device tapb5296b83-e4 left promiscuous mode
Sep 29 21:51:47 gtw01 dnsmasq[17251]: read /var/lib/neutron/dhcp/8bf30719-8f63-4aab-b22f-958aac48654d/addn_hosts - 2 addresses
Sep 29 21:51:47 gtw01 dnsmasq-dhcp[17251]: read /var/lib/neutron/dhcp/8bf30719-8f63-4aab-b22f-958aac48654d/host
Sep 29 21:51:47 gtw01 dnsmasq-dhcp[17251]: read /var/lib/neutron/dhcp/8bf30719-8f63-4aab-b22f-958aac48654d/opts
Sep 29 21:51:48 gtw01 kernel: [13466.982474] device tap37a6f9fa-23 left promiscuous mode
Sep 29 21:51:48 gtw01 kernel: [13467.088495] device tap0df724e2-90 left promiscuous mode
Sep 29 21:51:49 gtw01 kernel: [13467.564652] device tapb16349a3-3e left promiscuous mode
Sep 29 21:51:49 gtw01 kernel: [13467.577823] device tap5a70c08b-06 left promiscuous mode
Sep 29 21:51:49 gtw01 kernel: [13467.621781] device tap04139ac9-f5 left promiscuous mode
Sep 29 21:51:49 gtw01 dnsmasq[17251]: read /var/lib/neutron/dhcp/8bf30719-8f63-4aab-b22f-958aac48654d/addn_hosts - 2 addresses
Sep 29 21:51:49 gtw01 dnsmasq-dhcp[17251]: read /var/lib/neutron/dhcp/8bf30719-8f63-4aab-b22f-958aac48654d/host
Sep 29 21:51:49 gtw01 dnsmasq-dhcp[17251]: read /var/lib/neutron/dhcp/8bf30719-8f63-4aab-b22f-958aac48654d/opts
Sep 29 21:51:50 gtw01 kernel: [13468.218388] device tap6931422a-ed left promiscuous mode
Sep 29 21:51:50 gtw01 kernel: [13468.322243] device tap237e1a17-0d left promiscuous mode
Sep 29 21:51:50 gtw01 kernel: [13468.426356] device tap2349ac86-90 left promiscuous mode
Sep 29 21:51:51 gtw01 kernel: [13469.379596] device tap51b4919e-95 left promiscuous mode
Sep 29 21:52:23 gtw01 kernel: [13501.834690] device tap7002df2b-47 entered promiscuous mode
Sep 29 21:52:23 gtw01 systemd-udevd[17703]: Could not generate persistent MAC address for tap7002df2b-47: No such file or directory
Sep 29 21:52:23 gtw01 systemd-udevd[17703]: Process '/sbin/ip link set tap7002df2b-47 txqueuelen 10000' failed with exit code 1.
Sep 29 21:52:24 gtw01 systemd-udevd[17799]: Could not generate persistent MAC address for tap1d4a0c3b-56: No such file or directory
Sep 29 21:52:24 gtw01 kernel: [13502.326690] device tap1d4a0c3b-56 entered promiscuous mode
Sep 29 21:52:24 gtw01 systemd-udevd[17868]: Process '/sbin/ip link set tap1d4a0c3b-56 txqueuelen 10000' failed with exit code 1.
Sep 29 21:52:26 gtw01 kernel: [13504.218451] device tap1025e2e2-04 entered promiscuous mode
Sep 29 21:52:26 gtw01 systemd-udevd[17953]: Could not generate persistent MAC address for tap1025e2e2-04: No such file or directory
Sep 29 21:52:26 gtw01 systemd-udevd[17953]: Process '/sbin/ip link set tap1025e2e2-04 txqueuelen 10000' failed with exit code 1.
Sep 29 21:52:27 gtw01 kernel: [13505.498284] device tap06ba61eb-38 entered promiscuous mode
Sep 29 21:52:27 gtw01 systemd-udevd[18089]: Could not generate persistent MAC address for tap06ba61eb-38: No such file or directory
Sep 29 21:52:27 gtw01 systemd-udevd[18171]: Process '/sbin/ip link set tap06ba61eb-38 txqueuelen 10000' failed with exit code 1.
Sep 29 21:52:29 gtw01 systemd-udevd[18256]: Could not generate persistent MAC address for tap77418629-2f: No such file or directory
Sep 29 21:52:29 gtw01 kernel: [13507.498735] device tap77418629-2f entered promiscuous mode
Sep 29 21:52:29 gtw01 kernel: [13507.640177] device tap4d128a60-b5 entered promiscuous mode
Sep 29 21:52:29 gtw01 systemd-udevd[18333]: Could not generate persistent MAC address for tap4d128a60-b5: No such file or directory
Sep 29 21:52:29 gtw01 dnsmasq[18340]: started, version 2.80 cachesize 150
Sep 29 21:52:29 gtw01 dnsmasq[18340]: DNS service limited to local subnets
Sep 29 21:52:29 gtw01 dnsmasq[18340]: compile time options: IPv6 GNU-getopt DBus i18n IDN DHCP DHCPv6 no-Lua TFTP conntrack ipset auth DNSSEC loop-detect inotify dumpfile
Sep 29 21:52:29 gtw01 dnsmasq[18340]: warning: no upstream servers configured
Sep 29 21:52:29 gtw01 dnsmasq-dhcp[18340]: DHCP, static leases only on 1.1.0.252, lease time 1h
Sep 29 21:52:29 gtw01 dnsmasq[18340]: read /var/lib/neutron/dhcp/f67d6d2c-b889-45af-8061-4e7e1bc9063e/addn_hosts - 1 addresses
Sep 29 21:52:29 gtw01 dnsmasq-dhcp[18340]: read /var/lib/neutron/dhcp/f67d6d2c-b889-45af-8061-4e7e1bc9063e/host
Sep 29 21:52:29 gtw01 dnsmasq-dhcp[18340]: read /var/lib/neutron/dhcp/f67d6d2c-b889-45af-8061-4e7e1bc9063e/opts
Sep 29 21:52:29 gtw01 systemd-udevd[18329]: Process '/sbin/ip link set tap77418629-2f txqueuelen 10000' failed with exit code 1.
Sep 29 21:52:30 gtw01 systemd-udevd[18430]: Process '/sbin/ip link set tap4d128a60-b5 txqueuelen 10000' failed with exit code 1.
Sep 29 21:52:30 gtw01 haproxy-metadata-proxy-f67d6d2c-b889-45af-8061-4e7e1bc9063e[18438]: Proxy listener started.
Sep 29 21:52:30 gtw01 kernel: [13508.319960] device tap2d5beaf5-eb entered promiscuous mode
Sep 29 21:52:30 gtw01 systemd-udevd[18448]: Could not generate persistent MAC address for tap2d5beaf5-eb: No such file or directory
Sep 29 21:52:30 gtw01 dnsmasq[18527]: started, version 2.80 cachesize 150
Sep 29 21:52:30 gtw01 dnsmasq[18527]: DNS service limited to local subnets
Sep 29 21:52:30 gtw01 dnsmasq[18527]: compile time options: IPv6 GNU-getopt DBus i18n IDN DHCP DHCPv6 no-Lua TFTP conntrack ipset auth DNSSEC loop-detect inotify dumpfile
Sep 29 21:52:30 gtw01 dnsmasq[18527]: warning: no upstream servers configured
Sep 29 21:52:30 gtw01 dnsmasq-dhcp[18527]: DHCP, static leases only on 1.1.1.0, lease time 1h
Sep 29 21:52:30 gtw01 dnsmasq[18527]: read /var/lib/neutron/dhcp/5cae7b27-69eb-43e4-a05f-33e9ccac6b16/addn_hosts - 1 addresses
Sep 29 21:52:30 gtw01 dnsmasq-dhcp[18527]: read /var/lib/neutron/dhcp/5cae7b27-69eb-43e4-a05f-33e9ccac6b16/host
Sep 29 21:52:30 gtw01 dnsmasq-dhcp[18527]: read /var/lib/neutron/dhcp/5cae7b27-69eb-43e4-a05f-33e9ccac6b16/opts
Sep 29 21:52:30 gtw01 kernel: [13508.986920] device tap086780b1-23 entered promiscuous mode
Sep 29 21:52:30 gtw01 systemd-udevd[18550]: Could not generate persistent MAC address for tap086780b1-23: No such file or directory
Sep 29 21:52:30 gtw01 systemd-udevd[18547]: Process '/sbin/ip link set tap2d5beaf5-eb txqueuelen 10000' failed with exit code 1.
Sep 29 21:52:31 gtw01 haproxy-metadata-proxy-5cae7b27-69eb-43e4-a05f-33e9ccac6b16[18627]: Proxy listener started.
Sep 29 21:52:31 gtw01 systemd-udevd[18640]: Process '/sbin/ip link set tap086780b1-23 txqueuelen 10000' failed with exit code 1.
Sep 29 21:52:31 gtw01 dnsmasq[18340]: read /var/lib/neutron/dhcp/f67d6d2c-b889-45af-8061-4e7e1bc9063e/addn_hosts - 1 addresses
Sep 29 21:52:31 gtw01 dnsmasq-dhcp[18340]: read /var/lib/neutron/dhcp/f67d6d2c-b889-45af-8061-4e7e1bc9063e/host
Sep 29 21:52:31 gtw01 dnsmasq-dhcp[18340]: read /var/lib/neutron/dhcp/f67d6d2c-b889-45af-8061-4e7e1bc9063e/opts
Sep 29 21:52:32 gtw01 dnsmasq[18527]: read /var/lib/neutron/dhcp/5cae7b27-69eb-43e4-a05f-33e9ccac6b16/addn_hosts - 1 addresses
Sep 29 21:52:32 gtw01 dnsmasq-dhcp[18527]: read /var/lib/neutron/dhcp/5cae7b27-69eb-43e4-a05f-33e9ccac6b16/host
Sep 29 21:52:32 gtw01 dnsmasq-dhcp[18527]: read /var/lib/neutron/dhcp/5cae7b27-69eb-43e4-a05f-33e9ccac6b16/opts
Sep 29 21:52:34 gtw01 dnsmasq[18340]: read /var/lib/neutron/dhcp/f67d6d2c-b889-45af-8061-4e7e1bc9063e/addn_hosts - 1 addresses
Sep 29 21:52:34 gtw01 dnsmasq-dhcp[18340]: read /var/lib/neutron/dhcp/f67d6d2c-b889-45af-8061-4e7e1bc9063e/host
Sep 29 21:52:34 gtw01 dnsmasq-dhcp[18340]: read /var/lib/neutron/dhcp/f67d6d2c-b889-45af-8061-4e7e1bc9063e/opts
Sep 29 21:52:34 gtw01 dnsmasq[18806]: started, version 2.80 cachesize 150
Sep 29 21:52:34 gtw01 dnsmasq[18806]: DNS service limited to local subnets
Sep 29 21:52:34 gtw01 dnsmasq[18806]: compile time options: IPv6 GNU-getopt DBus i18n IDN DHCP DHCPv6 no-Lua TFTP conntrack ipset auth DNSSEC loop-detect inotify dumpfile
Sep 29 21:52:34 gtw01 dnsmasq[18806]: warning: no upstream servers configured
Sep 29 21:52:34 gtw01 dnsmasq-dhcp[18806]: DHCP, static leases only on 1.1.1.4, lease time 1h
Sep 29 21:52:34 gtw01 dnsmasq[18806]: read /var/lib/neutron/dhcp/498f26a2-b68e-414c-8f1f-70b55c95fe7e/addn_hosts - 1 addresses
Sep 29 21:52:34 gtw01 dnsmasq-dhcp[18806]: read /var/lib/neutron/dhcp/498f26a2-b68e-414c-8f1f-70b55c95fe7e/host
Sep 29 21:52:34 gtw01 dnsmasq-dhcp[18806]: read /var/lib/neutron/dhcp/498f26a2-b68e-414c-8f1f-70b55c95fe7e/opts
Sep 29 21:52:35 gtw01 haproxy-metadata-proxy-498f26a2-b68e-414c-8f1f-70b55c95fe7e[18835]: Proxy listener started.
Sep 29 21:52:35 gtw01 dnsmasq[18527]: read /var/lib/neutron/dhcp/5cae7b27-69eb-43e4-a05f-33e9ccac6b16/addn_hosts - 1 addresses
Sep 29 21:52:35 gtw01 dnsmasq-dhcp[18527]: read /var/lib/neutron/dhcp/5cae7b27-69eb-43e4-a05f-33e9ccac6b16/host
Sep 29 21:52:35 gtw01 dnsmasq-dhcp[18527]: read /var/lib/neutron/dhcp/5cae7b27-69eb-43e4-a05f-33e9ccac6b16/opts
Sep 29 21:52:37 gtw01 dnsmasq[18806]: read /var/lib/neutron/dhcp/498f26a2-b68e-414c-8f1f-70b55c95fe7e/addn_hosts - 1 addresses
Sep 29 21:52:37 gtw01 dnsmasq-dhcp[18806]: read /var/lib/neutron/dhcp/498f26a2-b68e-414c-8f1f-70b55c95fe7e/host
Sep 29 21:52:37 gtw01 dnsmasq-dhcp[18806]: read /var/lib/neutron/dhcp/498f26a2-b68e-414c-8f1f-70b55c95fe7e/opts
Sep 29 21:52:37 gtw01 dnsmasq[18340]: read /var/lib/neutron/dhcp/f67d6d2c-b889-45af-8061-4e7e1bc9063e/addn_hosts - 1 addresses
Sep 29 21:52:37 gtw01 dnsmasq-dhcp[18340]: read /var/lib/neutron/dhcp/f67d6d2c-b889-45af-8061-4e7e1bc9063e/host
Sep 29 21:52:37 gtw01 dnsmasq-dhcp[18340]: read /var/lib/neutron/dhcp/f67d6d2c-b889-45af-8061-4e7e1bc9063e/opts
Sep 29 21:52:37 gtw01 dnsmasq[18933]: started, version 2.80 cachesize 150
Sep 29 21:52:37 gtw01 dnsmasq[18933]: DNS service limited to local subnets
Sep 29 21:52:37 gtw01 dnsmasq[18933]: compile time options: IPv6 GNU-getopt DBus i18n IDN DHCP DHCPv6 no-Lua TFTP conntrack ipset auth DNSSEC loop-detect inotify dumpfile
Sep 29 21:52:37 gtw01 dnsmasq[18933]: warning: no upstream servers configured
Sep 29 21:52:37 gtw01 dnsmasq-dhcp[18933]: DHCP, static leases only on 1.1.0.248, lease time 1h
Sep 29 21:52:37 gtw01 dnsmasq[18933]: read /var/lib/neutron/dhcp/7d3c2ab9-1e13-4c2b-8b8e-fd2b6e4548a2/addn_hosts - 1 addresses
Sep 29 21:52:37 gtw01 dnsmasq-dhcp[18933]: read /var/lib/neutron/dhcp/7d3c2ab9-1e13-4c2b-8b8e-fd2b6e4548a2/host
Sep 29 21:52:37 gtw01 dnsmasq-dhcp[18933]: read /var/lib/neutron/dhcp/7d3c2ab9-1e13-4c2b-8b8e-fd2b6e4548a2/opts
Sep 29 21:52:38 gtw01 haproxy-metadata-proxy-7d3c2ab9-1e13-4c2b-8b8e-fd2b6e4548a2[18954]: Proxy listener started.
Sep 29 21:52:39 gtw01 dnsmasq[18527]: read /var/lib/neutron/dhcp/5cae7b27-69eb-43e4-a05f-33e9ccac6b16/addn_hosts - 1 addresses
Sep 29 21:52:39 gtw01 dnsmasq-dhcp[18527]: read /var/lib/neutron/dhcp/5cae7b27-69eb-43e4-a05f-33e9ccac6b16/host
Sep 29 21:52:39 gtw01 dnsmasq-dhcp[18527]: read /var/lib/neutron/dhcp/5cae7b27-69eb-43e4-a05f-33e9ccac6b16/opts
Sep 29 21:52:39 gtw01 dnsmasq[18988]: started, version 2.80 cachesize 150
Sep 29 21:52:39 gtw01 dnsmasq[18988]: DNS service limited to local subnets
Sep 29 21:52:39 gtw01 dnsmasq[18988]: compile time options: IPv6 GNU-getopt DBus i18n IDN DHCP DHCPv6 no-Lua TFTP conntrack ipset auth DNSSEC loop-detect inotify dumpfile
Sep 29 21:52:39 gtw01 dnsmasq[18988]: warning: no upstream servers configured
Sep 29 21:52:39 gtw01 dnsmasq-dhcp[18988]: DHCP, static leases only on 1.1.1.8, lease time 1h
Sep 29 21:52:39 gtw01 dnsmasq[18988]: read /var/lib/neutron/dhcp/ef0079b5-2804-45cb-9747-4b4e39019c2c/addn_hosts - 1 addresses
Sep 29 21:52:39 gtw01 dnsmasq-dhcp[18988]: read /var/lib/neutron/dhcp/ef0079b5-2804-45cb-9747-4b4e39019c2c/host
Sep 29 21:52:39 gtw01 dnsmasq-dhcp[18988]: read /var/lib/neutron/dhcp/ef0079b5-2804-45cb-9747-4b4e39019c2c/opts
Sep 29 21:52:39 gtw01 dnsmasq[19003]: started, version 2.80 cachesize 150
Sep 29 21:52:39 gtw01 dnsmasq[19003]: DNS service limited to local subnets
Sep 29 21:52:39 gtw01 dnsmasq[19003]: compile time options: IPv6 GNU-getopt DBus i18n IDN DHCP DHCPv6 no-Lua TFTP conntrack ipset auth DNSSEC loop-detect inotify dumpfile
Sep 29 21:52:39 gtw01 dnsmasq[19003]: warning: no upstream servers configured
Sep 29 21:52:39 gtw01 dnsmasq-dhcp[19003]: DHCP, static leases only on 1.1.1.16, lease time 1h
Sep 29 21:52:39 gtw01 dnsmasq[19003]: read /var/lib/neutron/dhcp/9ba5a2a4-fe11-42aa-a2f4-7044cbcd8f0e/addn_hosts - 1 addresses
Sep 29 21:52:39 gtw01 dnsmasq-dhcp[19003]: read /var/lib/neutron/dhcp/9ba5a2a4-fe11-42aa-a2f4-7044cbcd8f0e/host
Sep 29 21:52:39 gtw01 dnsmasq-dhcp[19003]: read /var/lib/neutron/dhcp/9ba5a2a4-fe11-42aa-a2f4-7044cbcd8f0e/opts
Sep 29 21:52:40 gtw01 haproxy-metadata-proxy-ef0079b5-2804-45cb-9747-4b4e39019c2c[19020]: Proxy listener started.
Sep 29 21:52:40 gtw01 dnsmasq[18806]: read /var/lib/neutron/dhcp/498f26a2-b68e-414c-8f1f-70b55c95fe7e/addn_hosts - 1 addresses
Sep 29 21:52:40 gtw01 dnsmasq-dhcp[18806]: read /var/lib/neutron/dhcp/498f26a2-b68e-414c-8f1f-70b55c95fe7e/host
Sep 29 21:52:40 gtw01 dnsmasq-dhcp[18806]: read /var/lib/neutron/dhcp/498f26a2-b68e-414c-8f1f-70b55c95fe7e/opts
Sep 29 21:52:40 gtw01 haproxy-metadata-proxy-9ba5a2a4-fe11-42aa-a2f4-7044cbcd8f0e[19029]: Proxy listener started.
Sep 29 21:52:40 gtw01 dnsmasq[18933]: read /var/lib/neutron/dhcp/7d3c2ab9-1e13-4c2b-8b8e-fd2b6e4548a2/addn_hosts - 1 addresses
Sep 29 21:52:40 gtw01 dnsmasq-dhcp[18933]: read /var/lib/neutron/dhcp/7d3c2ab9-1e13-4c2b-8b8e-fd2b6e4548a2/host
Sep 29 21:52:40 gtw01 dnsmasq-dhcp[18933]: read /var/lib/neutron/dhcp/7d3c2ab9-1e13-4c2b-8b8e-fd2b6e4548a2/opts
Sep 29 21:52:40 gtw01 dnsmasq[19043]: started, version 2.80 cachesize 150
Sep 29 21:52:40 gtw01 dnsmasq[19043]: DNS service limited to local subnets
Sep 29 21:52:40 gtw01 dnsmasq[19043]: compile time options: IPv6 GNU-getopt DBus i18n IDN DHCP DHCPv6 no-Lua TFTP conntrack ipset auth DNSSEC loop-detect inotify dumpfile
Sep 29 21:52:40 gtw01 dnsmasq[19043]: warning: no upstream servers configured
Sep 29 21:52:40 gtw01 dnsmasq-dhcp[19043]: DHCP, static leases only on 1.1.1.12, lease time 1h
Sep 29 21:52:40 gtw01 dnsmasq[19043]: read /var/lib/neutron/dhcp/c8f8a4a7-9ee6-46d0-a51f-d145fea88b77/addn_hosts - 1 addresses
Sep 29 21:52:40 gtw01 dnsmasq-dhcp[19043]: read /var/lib/neutron/dhcp/c8f8a4a7-9ee6-46d0-a51f-d145fea88b77/host
Sep 29 21:52:40 gtw01 dnsmasq-dhcp[19043]: read /var/lib/neutron/dhcp/c8f8a4a7-9ee6-46d0-a51f-d145fea88b77/opts
Sep 29 21:52:40 gtw01 dnsmasq[19057]: started, version 2.80 cachesize 150
Sep 29 21:52:40 gtw01 dnsmasq[19057]: DNS service limited to local subnets
Sep 29 21:52:40 gtw01 dnsmasq[19057]: compile time options: IPv6 GNU-getopt DBus i18n IDN DHCP DHCPv6 no-Lua TFTP conntrack ipset auth DNSSEC loop-detect inotify dumpfile
Sep 29 21:52:40 gtw01 dnsmasq[19057]: warning: no upstream servers configured
Sep 29 21:52:40 gtw01 dnsmasq-dhcp[19057]: DHCP, static leases only on 1.1.1.20, lease time 1h
Sep 29 21:52:40 gtw01 dnsmasq[19057]: read /var/lib/neutron/dhcp/706f4071-163e-4685-bcd7-babb6d2f3ec5/addn_hosts - 1 addresses
Sep 29 21:52:40 gtw01 dnsmasq-dhcp[19057]: read /var/lib/neutron/dhcp/706f4071-163e-4685-bcd7-babb6d2f3ec5/host
Sep 29 21:52:40 gtw01 dnsmasq-dhcp[19057]: read /var/lib/neutron/dhcp/706f4071-163e-4685-bcd7-babb6d2f3ec5/opts
Sep 29 21:52:41 gtw01 haproxy-metadata-proxy-c8f8a4a7-9ee6-46d0-a51f-d145fea88b77[19066]: Proxy listener started.
Sep 29 21:52:41 gtw01 haproxy-metadata-proxy-706f4071-163e-4685-bcd7-babb6d2f3ec5[19074]: Proxy listener started.
Sep 29 21:52:41 gtw01 dnsmasq-dhcp[19003]: DHCPRELEASE(tap4d128a60-b5) 1.1.1.18 fa:16:3e:a2:d1:a1
Sep 29 21:52:41 gtw01 dnsmasq[18988]: read /var/lib/neutron/dhcp/ef0079b5-2804-45cb-9747-4b4e39019c2c/addn_hosts - 1 addresses
Sep 29 21:52:41 gtw01 dnsmasq-dhcp[18988]: read /var/lib/neutron/dhcp/ef0079b5-2804-45cb-9747-4b4e39019c2c/host
Sep 29 21:52:41 gtw01 dnsmasq-dhcp[18988]: read /var/lib/neutron/dhcp/ef0079b5-2804-45cb-9747-4b4e39019c2c/opts
Sep 29 21:52:42 gtw01 dnsmasq-dhcp[19043]: DHCPRELEASE(tap2d5beaf5-eb) 1.1.1.14 fa:16:3e:4c:9e:4f
Sep 29 21:52:42 gtw01 dnsmasq[18806]: read /var/lib/neutron/dhcp/498f26a2-b68e-414c-8f1f-70b55c95fe7e/addn_hosts - 1 addresses
Sep 29 21:52:42 gtw01 dnsmasq-dhcp[18806]: read /var/lib/neutron/dhcp/498f26a2-b68e-414c-8f1f-70b55c95fe7e/host
Sep 29 21:52:42 gtw01 dnsmasq-dhcp[18806]: read /var/lib/neutron/dhcp/498f26a2-b68e-414c-8f1f-70b55c95fe7e/opts
Sep 29 21:52:42 gtw01 dnsmasq[18933]: read /var/lib/neutron/dhcp/7d3c2ab9-1e13-4c2b-8b8e-fd2b6e4548a2/addn_hosts - 1 addresses
Sep 29 21:52:42 gtw01 dnsmasq-dhcp[18933]: read /var/lib/neutron/dhcp/7d3c2ab9-1e13-4c2b-8b8e-fd2b6e4548a2/host
Sep 29 21:52:42 gtw01 dnsmasq-dhcp[18933]: read /var/lib/neutron/dhcp/7d3c2ab9-1e13-4c2b-8b8e-fd2b6e4548a2/opts
Sep 29 21:52:42 gtw01 dnsmasq[19003]: read /var/lib/neutron/dhcp/9ba5a2a4-fe11-42aa-a2f4-7044cbcd8f0e/addn_hosts - 0 addresses
Sep 29 21:52:42 gtw01 dnsmasq-dhcp[19003]: read /var/lib/neutron/dhcp/9ba5a2a4-fe11-42aa-a2f4-7044cbcd8f0e/host
Sep 29 21:52:42 gtw01 dnsmasq-dhcp[19003]: read /var/lib/neutron/dhcp/9ba5a2a4-fe11-42aa-a2f4-7044cbcd8f0e/opts
Sep 29 21:52:43 gtw01 dnsmasq[19057]: read /var/lib/neutron/dhcp/706f4071-163e-4685-bcd7-babb6d2f3ec5/addn_hosts - 1 addresses
Sep 29 21:52:43 gtw01 dnsmasq-dhcp[19057]: read /var/lib/neutron/dhcp/706f4071-163e-4685-bcd7-babb6d2f3ec5/host
Sep 29 21:52:43 gtw01 dnsmasq-dhcp[19057]: read /var/lib/neutron/dhcp/706f4071-163e-4685-bcd7-babb6d2f3ec5/opts
Sep 29 21:52:43 gtw01 dnsmasq[18988]: read /var/lib/neutron/dhcp/ef0079b5-2804-45cb-9747-4b4e39019c2c/addn_hosts - 1 addresses
Sep 29 21:52:43 gtw01 dnsmasq-dhcp[18988]: read /var/lib/neutron/dhcp/ef0079b5-2804-45cb-9747-4b4e39019c2c/host
Sep 29 21:52:43 gtw01 dnsmasq-dhcp[18988]: read /var/lib/neutron/dhcp/ef0079b5-2804-45cb-9747-4b4e39019c2c/opts
Sep 29 21:52:44 gtw01 dnsmasq[19043]: read /var/lib/neutron/dhcp/c8f8a4a7-9ee6-46d0-a51f-d145fea88b77/addn_hosts - 0 addresses
Sep 29 21:52:44 gtw01 dnsmasq-dhcp[19043]: read /var/lib/neutron/dhcp/c8f8a4a7-9ee6-46d0-a51f-d145fea88b77/host
Sep 29 21:52:44 gtw01 dnsmasq-dhcp[19043]: read /var/lib/neutron/dhcp/c8f8a4a7-9ee6-46d0-a51f-d145fea88b77/opts
Sep 29 21:52:45 gtw01 kernel: [13523.230379] device tap1d4a0c3b-56 left promiscuous mode
Sep 29 21:52:45 gtw01 dnsmasq[18933]: read /var/lib/neutron/dhcp/7d3c2ab9-1e13-4c2b-8b8e-fd2b6e4548a2/addn_hosts - 1 addresses
Sep 29 21:52:45 gtw01 dnsmasq-dhcp[18933]: read /var/lib/neutron/dhcp/7d3c2ab9-1e13-4c2b-8b8e-fd2b6e4548a2/host
Sep 29 21:52:45 gtw01 dnsmasq-dhcp[18933]: read /var/lib/neutron/dhcp/7d3c2ab9-1e13-4c2b-8b8e-fd2b6e4548a2/opts
Sep 29 21:52:45 gtw01 kernel: [13523.982740] device tap7002df2b-47 left promiscuous mode
Sep 29 21:52:45 gtw01 kernel: [13524.083266] device tap4d128a60-b5 left promiscuous mode
Sep 29 21:52:46 gtw01 dnsmasq[19057]: read /var/lib/neutron/dhcp/706f4071-163e-4685-bcd7-babb6d2f3ec5/addn_hosts - 1 addresses
Sep 29 21:52:46 gtw01 dnsmasq-dhcp[19057]: read /var/lib/neutron/dhcp/706f4071-163e-4685-bcd7-babb6d2f3ec5/host
Sep 29 21:52:46 gtw01 dnsmasq-dhcp[19057]: read /var/lib/neutron/dhcp/706f4071-163e-4685-bcd7-babb6d2f3ec5/opts
Sep 29 21:52:46 gtw01 dnsmasq[18988]: read /var/lib/neutron/dhcp/ef0079b5-2804-45cb-9747-4b4e39019c2c/addn_hosts - 1 addresses
Sep 29 21:52:46 gtw01 dnsmasq-dhcp[18988]: read /var/lib/neutron/dhcp/ef0079b5-2804-45cb-9747-4b4e39019c2c/host
Sep 29 21:52:46 gtw01 dnsmasq-dhcp[18988]: read /var/lib/neutron/dhcp/ef0079b5-2804-45cb-9747-4b4e39019c2c/opts
Sep 29 21:52:46 gtw01 kernel: [13524.530216] device tap1025e2e2-04 left promiscuous mode
Sep 29 21:52:46 gtw01 kernel: [13525.017656] device tap2d5beaf5-eb left promiscuous mode
Sep 29 21:52:47 gtw01 kernel: [13525.496314] device tap06ba61eb-38 left promiscuous mode
Sep 29 21:52:47 gtw01 kernel: [13525.691120] device tap086780b1-23 left promiscuous mode
Sep 29 21:52:47 gtw01 kernel: [13525.809154] device tap77418629-2f left promiscuous mode
Sep 29 21:56:42 gtw01 kernel: [13760.835157] device tapaeb2e0ce-8e entered promiscuous mode
Sep 29 21:56:42 gtw01 systemd-udevd[19327]: Could not generate persistent MAC address for tapaeb2e0ce-8e: No such file or directory
Sep 29 21:56:42 gtw01 systemd-udevd[19327]: Process '/sbin/ip link set tapaeb2e0ce-8e txqueuelen 10000' failed with exit code 1.
Sep 29 21:56:42 gtw01 systemd-udevd[19401]: Process '/sbin/ip link set tapaeb2e0ce-8e txqueuelen 10000' failed with exit code 1.
Sep 29 21:56:43 gtw01 systemd-udevd[19445]: Could not generate persistent MAC address for tapd5f92d79-39: No such file or directory
Sep 29 21:56:43 gtw01 kernel: [13762.110746] device tapd5f92d79-39 entered promiscuous mode
Sep 29 21:56:44 gtw01 systemd-udevd[19445]: Process '/sbin/ip link set tapd5f92d79-39 txqueuelen 10000' failed with exit code 1.
Sep 29 21:56:44 gtw01 systemd-udevd[19445]: Process '/sbin/ip link set tapd5f92d79-39 txqueuelen 10000' failed with exit code 1.
Sep 29 21:56:45 gtw01 systemd-udevd[19596]: Could not generate persistent MAC address for tap6ab55183-93: No such file or directory
Sep 29 21:56:45 gtw01 kernel: [13763.865883] device tap6ab55183-93 entered promiscuous mode
Sep 29 21:56:45 gtw01 systemd-udevd[19596]: Process '/sbin/ip link set tap6ab55183-93 txqueuelen 10000' failed with exit code 1.
Sep 29 21:56:45 gtw01 systemd-udevd[19672]: Process '/sbin/ip link set tap6ab55183-93 txqueuelen 10000' failed with exit code 1.
Sep 29 21:56:46 gtw01 dnsmasq[19710]: started, version 2.80 cachesize 150
Sep 29 21:56:46 gtw01 dnsmasq[19710]: DNS service limited to local subnets
Sep 29 21:56:46 gtw01 dnsmasq[19710]: compile time options: IPv6 GNU-getopt DBus i18n IDN DHCP DHCPv6 no-Lua TFTP conntrack ipset auth DNSSEC loop-detect inotify dumpfile
Sep 29 21:56:46 gtw01 dnsmasq[19710]: warning: no upstream servers configured
Sep 29 21:56:46 gtw01 dnsmasq-dhcp[19710]: DHCP, static leases only on 10.2.72.0, lease time 1h
Sep 29 21:56:46 gtw01 dnsmasq[19710]: read /var/lib/neutron/dhcp/158daae0-09e5-4bf3-a1a5-dd5a7cbfeac9/addn_hosts - 1 addresses
Sep 29 21:56:46 gtw01 dnsmasq-dhcp[19710]: read /var/lib/neutron/dhcp/158daae0-09e5-4bf3-a1a5-dd5a7cbfeac9/host
Sep 29 21:56:46 gtw01 dnsmasq-dhcp[19710]: read /var/lib/neutron/dhcp/158daae0-09e5-4bf3-a1a5-dd5a7cbfeac9/opts
Sep 29 21:56:46 gtw01 haproxy-metadata-proxy-158daae0-09e5-4bf3-a1a5-dd5a7cbfeac9[19718]: Proxy listener started.
Sep 29 21:56:47 gtw01 dnsmasq[19755]: started, version 2.80 cachesize 150
Sep 29 21:56:47 gtw01 dnsmasq[19755]: DNS service limited to local subnets
Sep 29 21:56:47 gtw01 dnsmasq[19755]: compile time options: IPv6 GNU-getopt DBus i18n IDN DHCP DHCPv6 no-Lua TFTP conntrack ipset auth DNSSEC loop-detect inotify dumpfile
Sep 29 21:56:47 gtw01 dnsmasq[19755]: warning: no upstream servers configured
Sep 29 21:56:47 gtw01 dnsmasq-dhcp[19755]: DHCP, static leases only on 10.2.73.0, lease time 1h
Sep 29 21:56:47 gtw01 dnsmasq[19755]: read /var/lib/neutron/dhcp/96ac00f4-4928-4303-ba23-0a4a82efcf89/addn_hosts - 1 addresses
Sep 29 21:56:47 gtw01 dnsmasq-dhcp[19755]: read /var/lib/neutron/dhcp/96ac00f4-4928-4303-ba23-0a4a82efcf89/host
Sep 29 21:56:47 gtw01 dnsmasq-dhcp[19755]: read /var/lib/neutron/dhcp/96ac00f4-4928-4303-ba23-0a4a82efcf89/opts
Sep 29 21:56:47 gtw01 dnsmasq[19710]: read /var/lib/neutron/dhcp/158daae0-09e5-4bf3-a1a5-dd5a7cbfeac9/addn_hosts - 1 addresses
Sep 29 21:56:47 gtw01 dnsmasq-dhcp[19710]: read /var/lib/neutron/dhcp/158daae0-09e5-4bf3-a1a5-dd5a7cbfeac9/host
Sep 29 21:56:47 gtw01 dnsmasq-dhcp[19710]: read /var/lib/neutron/dhcp/158daae0-09e5-4bf3-a1a5-dd5a7cbfeac9/opts
Sep 29 21:56:48 gtw01 haproxy-metadata-proxy-96ac00f4-4928-4303-ba23-0a4a82efcf89[19767]: Proxy listener started.
Sep 29 21:56:48 gtw01 dnsmasq[19755]: read /var/lib/neutron/dhcp/96ac00f4-4928-4303-ba23-0a4a82efcf89/addn_hosts - 5 addresses
Sep 29 21:56:48 gtw01 dnsmasq-dhcp[19755]: read /var/lib/neutron/dhcp/96ac00f4-4928-4303-ba23-0a4a82efcf89/host
Sep 29 21:56:48 gtw01 dnsmasq-dhcp[19755]: read /var/lib/neutron/dhcp/96ac00f4-4928-4303-ba23-0a4a82efcf89/opts
Sep 29 21:56:49 gtw01 dnsmasq[19710]: read /var/lib/neutron/dhcp/158daae0-09e5-4bf3-a1a5-dd5a7cbfeac9/addn_hosts - 1 addresses
Sep 29 21:56:49 gtw01 dnsmasq-dhcp[19710]: read /var/lib/neutron/dhcp/158daae0-09e5-4bf3-a1a5-dd5a7cbfeac9/host
Sep 29 21:56:49 gtw01 dnsmasq-dhcp[19710]: read /var/lib/neutron/dhcp/158daae0-09e5-4bf3-a1a5-dd5a7cbfeac9/opts
Sep 29 21:56:49 gtw01 dnsmasq[19841]: started, version 2.80 cachesize 150
Sep 29 21:56:49 gtw01 dnsmasq[19841]: DNS service limited to local subnets
Sep 29 21:56:49 gtw01 dnsmasq[19841]: compile time options: IPv6 GNU-getopt DBus i18n IDN DHCP DHCPv6 no-Lua TFTP conntrack ipset auth DNSSEC loop-detect inotify dumpfile
Sep 29 21:56:49 gtw01 dnsmasq[19841]: warning: no upstream servers configured
Sep 29 21:56:49 gtw01 dnsmasq-dhcp[19841]: DHCP, static leases only on 10.2.74.0, lease time 1h
Sep 29 21:56:49 gtw01 dnsmasq[19841]: read /var/lib/neutron/dhcp/2a949390-fa76-49e6-880e-1239bf3543e8/addn_hosts - 1 addresses
Sep 29 21:56:49 gtw01 dnsmasq-dhcp[19841]: read /var/lib/neutron/dhcp/2a949390-fa76-49e6-880e-1239bf3543e8/host
Sep 29 21:56:49 gtw01 dnsmasq-dhcp[19841]: read /var/lib/neutron/dhcp/2a949390-fa76-49e6-880e-1239bf3543e8/opts
Sep 29 21:56:50 gtw01 dnsmasq[19755]: read /var/lib/neutron/dhcp/96ac00f4-4928-4303-ba23-0a4a82efcf89/addn_hosts - 5 addresses
Sep 29 21:56:50 gtw01 dnsmasq-dhcp[19755]: read /var/lib/neutron/dhcp/96ac00f4-4928-4303-ba23-0a4a82efcf89/host
Sep 29 21:56:50 gtw01 dnsmasq-dhcp[19755]: read /var/lib/neutron/dhcp/96ac00f4-4928-4303-ba23-0a4a82efcf89/opts
Sep 29 21:56:50 gtw01 dnsmasq[19710]: read /var/lib/neutron/dhcp/158daae0-09e5-4bf3-a1a5-dd5a7cbfeac9/addn_hosts - 2 addresses
Sep 29 21:56:50 gtw01 dnsmasq-dhcp[19710]: read /var/lib/neutron/dhcp/158daae0-09e5-4bf3-a1a5-dd5a7cbfeac9/host
Sep 29 21:56:50 gtw01 dnsmasq-dhcp[19710]: read /var/lib/neutron/dhcp/158daae0-09e5-4bf3-a1a5-dd5a7cbfeac9/opts
Sep 29 21:56:50 gtw01 haproxy-metadata-proxy-2a949390-fa76-49e6-880e-1239bf3543e8[19851]: Proxy listener started.
Sep 29 21:56:51 gtw01 dnsmasq[19841]: read /var/lib/neutron/dhcp/2a949390-fa76-49e6-880e-1239bf3543e8/addn_hosts - 8 addresses
Sep 29 21:56:51 gtw01 dnsmasq-dhcp[19841]: read /var/lib/neutron/dhcp/2a949390-fa76-49e6-880e-1239bf3543e8/host
Sep 29 21:56:51 gtw01 dnsmasq-dhcp[19841]: read /var/lib/neutron/dhcp/2a949390-fa76-49e6-880e-1239bf3543e8/opts
Sep 29 21:56:51 gtw01 dnsmasq[19710]: read /var/lib/neutron/dhcp/158daae0-09e5-4bf3-a1a5-dd5a7cbfeac9/addn_hosts - 2 addresses
Sep 29 21:56:51 gtw01 dnsmasq-dhcp[19710]: read /var/lib/neutron/dhcp/158daae0-09e5-4bf3-a1a5-dd5a7cbfeac9/host
Sep 29 21:56:51 gtw01 dnsmasq-dhcp[19710]: read /var/lib/neutron/dhcp/158daae0-09e5-4bf3-a1a5-dd5a7cbfeac9/opts
Sep 29 21:56:51 gtw01 dnsmasq[19755]: read /var/lib/neutron/dhcp/96ac00f4-4928-4303-ba23-0a4a82efcf89/addn_hosts - 5 addresses
Sep 29 21:56:51 gtw01 dnsmasq-dhcp[19755]: read /var/lib/neutron/dhcp/96ac00f4-4928-4303-ba23-0a4a82efcf89/host
Sep 29 21:56:51 gtw01 dnsmasq-dhcp[19755]: read /var/lib/neutron/dhcp/96ac00f4-4928-4303-ba23-0a4a82efcf89/opts
Sep 29 21:56:52 gtw01 dnsmasq[19841]: read /var/lib/neutron/dhcp/2a949390-fa76-49e6-880e-1239bf3543e8/addn_hosts - 8 addresses
Sep 29 21:56:52 gtw01 dnsmasq-dhcp[19841]: read /var/lib/neutron/dhcp/2a949390-fa76-49e6-880e-1239bf3543e8/host
Sep 29 21:56:52 gtw01 dnsmasq-dhcp[19841]: read /var/lib/neutron/dhcp/2a949390-fa76-49e6-880e-1239bf3543e8/opts
Sep 29 21:56:52 gtw01 dnsmasq[19710]: read /var/lib/neutron/dhcp/158daae0-09e5-4bf3-a1a5-dd5a7cbfeac9/addn_hosts - 3 addresses
Sep 29 21:56:52 gtw01 dnsmasq-dhcp[19710]: read /var/lib/neutron/dhcp/158daae0-09e5-4bf3-a1a5-dd5a7cbfeac9/host
Sep 29 21:56:52 gtw01 dnsmasq-dhcp[19710]: read /var/lib/neutron/dhcp/158daae0-09e5-4bf3-a1a5-dd5a7cbfeac9/opts
Sep 29 21:56:52 gtw01 dnsmasq[19755]: read /var/lib/neutron/dhcp/96ac00f4-4928-4303-ba23-0a4a82efcf89/addn_hosts - 5 addresses
Sep 29 21:56:52 gtw01 dnsmasq-dhcp[19755]: read /var/lib/neutron/dhcp/96ac00f4-4928-4303-ba23-0a4a82efcf89/host
Sep 29 21:56:52 gtw01 dnsmasq-dhcp[19755]: read /var/lib/neutron/dhcp/96ac00f4-4928-4303-ba23-0a4a82efcf89/opts
Sep 29 21:56:53 gtw01 dnsmasq[19841]: read /var/lib/neutron/dhcp/2a949390-fa76-49e6-880e-1239bf3543e8/addn_hosts - 8 addresses
Sep 29 21:56:53 gtw01 dnsmasq-dhcp[19841]: read /var/lib/neutron/dhcp/2a949390-fa76-49e6-880e-1239bf3543e8/host
Sep 29 21:56:53 gtw01 dnsmasq-dhcp[19841]: read /var/lib/neutron/dhcp/2a949390-fa76-49e6-880e-1239bf3543e8/opts
Sep 29 21:56:54 gtw01 dnsmasq[19755]: read /var/lib/neutron/dhcp/96ac00f4-4928-4303-ba23-0a4a82efcf89/addn_hosts - 5 addresses
Sep 29 21:56:54 gtw01 dnsmasq-dhcp[19755]: read /var/lib/neutron/dhcp/96ac00f4-4928-4303-ba23-0a4a82efcf89/host
Sep 29 21:56:54 gtw01 dnsmasq-dhcp[19755]: read /var/lib/neutron/dhcp/96ac00f4-4928-4303-ba23-0a4a82efcf89/opts
Sep 29 21:56:54 gtw01 dnsmasq[19841]: read /var/lib/neutron/dhcp/2a949390-fa76-49e6-880e-1239bf3543e8/addn_hosts - 8 addresses
Sep 29 21:56:54 gtw01 dnsmasq-dhcp[19841]: read /var/lib/neutron/dhcp/2a949390-fa76-49e6-880e-1239bf3543e8/host
Sep 29 21:56:54 gtw01 dnsmasq-dhcp[19841]: read /var/lib/neutron/dhcp/2a949390-fa76-49e6-880e-1239bf3543e8/opts
Sep 29 21:56:55 gtw01 dnsmasq[19755]: read /var/lib/neutron/dhcp/96ac00f4-4928-4303-ba23-0a4a82efcf89/addn_hosts - 5 addresses
Sep 29 21:56:55 gtw01 dnsmasq-dhcp[19755]: read /var/lib/neutron/dhcp/96ac00f4-4928-4303-ba23-0a4a82efcf89/host
Sep 29 21:56:55 gtw01 dnsmasq-dhcp[19755]: read /var/lib/neutron/dhcp/96ac00f4-4928-4303-ba23-0a4a82efcf89/opts
Sep 29 21:56:55 gtw01 dnsmasq[19841]: read /var/lib/neutron/dhcp/2a949390-fa76-49e6-880e-1239bf3543e8/addn_hosts - 8 addresses
Sep 29 21:56:55 gtw01 dnsmasq-dhcp[19841]: read /var/lib/neutron/dhcp/2a949390-fa76-49e6-880e-1239bf3543e8/host
Sep 29 21:56:55 gtw01 dnsmasq-dhcp[19841]: read /var/lib/neutron/dhcp/2a949390-fa76-49e6-880e-1239bf3543e8/opts
Sep 29 21:56:55 gtw01 dnsmasq[19755]: read /var/lib/neutron/dhcp/96ac00f4-4928-4303-ba23-0a4a82efcf89/addn_hosts - 6 addresses
Sep 29 21:56:55 gtw01 dnsmasq-dhcp[19755]: read /var/lib/neutron/dhcp/96ac00f4-4928-4303-ba23-0a4a82efcf89/host
Sep 29 21:56:55 gtw01 dnsmasq-dhcp[19755]: read /var/lib/neutron/dhcp/96ac00f4-4928-4303-ba23-0a4a82efcf89/opts
Sep 29 21:56:56 gtw01 dnsmasq[19841]: read /var/lib/neutron/dhcp/2a949390-fa76-49e6-880e-1239bf3543e8/addn_hosts - 8 addresses
Sep 29 21:56:56 gtw01 dnsmasq-dhcp[19841]: read /var/lib/neutron/dhcp/2a949390-fa76-49e6-880e-1239bf3543e8/host
Sep 29 21:56:56 gtw01 dnsmasq-dhcp[19841]: read /var/lib/neutron/dhcp/2a949390-fa76-49e6-880e-1239bf3543e8/opts
Sep 29 21:56:56 gtw01 dnsmasq[19755]: read /var/lib/neutron/dhcp/96ac00f4-4928-4303-ba23-0a4a82efcf89/addn_hosts - 7 addresses
Sep 29 21:56:56 gtw01 dnsmasq-dhcp[19755]: read /var/lib/neutron/dhcp/96ac00f4-4928-4303-ba23-0a4a82efcf89/host
Sep 29 21:56:56 gtw01 dnsmasq-dhcp[19755]: read /var/lib/neutron/dhcp/96ac00f4-4928-4303-ba23-0a4a82efcf89/opts
Sep 29 21:56:57 gtw01 dnsmasq[19841]: read /var/lib/neutron/dhcp/2a949390-fa76-49e6-880e-1239bf3543e8/addn_hosts - 8 addresses
Sep 29 21:56:57 gtw01 dnsmasq-dhcp[19841]: read /var/lib/neutron/dhcp/2a949390-fa76-49e6-880e-1239bf3543e8/host
Sep 29 21:56:57 gtw01 dnsmasq-dhcp[19841]: read /var/lib/neutron/dhcp/2a949390-fa76-49e6-880e-1239bf3543e8/opts
Sep 29 21:56:57 gtw01 dnsmasq[19755]: read /var/lib/neutron/dhcp/96ac00f4-4928-4303-ba23-0a4a82efcf89/addn_hosts - 8 addresses
Sep 29 21:56:57 gtw01 dnsmasq-dhcp[19755]: read /var/lib/neutron/dhcp/96ac00f4-4928-4303-ba23-0a4a82efcf89/host
Sep 29 21:56:57 gtw01 dnsmasq-dhcp[19755]: read /var/lib/neutron/dhcp/96ac00f4-4928-4303-ba23-0a4a82efcf89/opts
Sep 29 21:56:58 gtw01 dnsmasq[19841]: read /var/lib/neutron/dhcp/2a949390-fa76-49e6-880e-1239bf3543e8/addn_hosts - 8 addresses
Sep 29 21:56:58 gtw01 dnsmasq-dhcp[19841]: read /var/lib/neutron/dhcp/2a949390-fa76-49e6-880e-1239bf3543e8/host
Sep 29 21:56:58 gtw01 dnsmasq-dhcp[19841]: read /var/lib/neutron/dhcp/2a949390-fa76-49e6-880e-1239bf3543e8/opts
Sep 29 21:56:58 gtw01 dnsmasq[19755]: read /var/lib/neutron/dhcp/96ac00f4-4928-4303-ba23-0a4a82efcf89/addn_hosts - 9 addresses
Sep 29 21:56:58 gtw01 dnsmasq-dhcp[19755]: read /var/lib/neutron/dhcp/96ac00f4-4928-4303-ba23-0a4a82efcf89/host
Sep 29 21:56:58 gtw01 dnsmasq-dhcp[19755]: read /var/lib/neutron/dhcp/96ac00f4-4928-4303-ba23-0a4a82efcf89/opts
Sep 29 21:56:59 gtw01 dnsmasq[19841]: read /var/lib/neutron/dhcp/2a949390-fa76-49e6-880e-1239bf3543e8/addn_hosts - 8 addresses
Sep 29 21:56:59 gtw01 dnsmasq-dhcp[19841]: read /var/lib/neutron/dhcp/2a949390-fa76-49e6-880e-1239bf3543e8/host
Sep 29 21:56:59 gtw01 dnsmasq-dhcp[19841]: read /var/lib/neutron/dhcp/2a949390-fa76-49e6-880e-1239bf3543e8/opts
Sep 29 21:56:59 gtw01 dnsmasq[19755]: read /var/lib/neutron/dhcp/96ac00f4-4928-4303-ba23-0a4a82efcf89/addn_hosts - 9 addresses
Sep 29 21:56:59 gtw01 dnsmasq-dhcp[19755]: read /var/lib/neutron/dhcp/96ac00f4-4928-4303-ba23-0a4a82efcf89/host
Sep 29 21:56:59 gtw01 dnsmasq-dhcp[19755]: read /var/lib/neutron/dhcp/96ac00f4-4928-4303-ba23-0a4a82efcf89/opts
Sep 29 21:57:00 gtw01 dnsmasq[19841]: read /var/lib/neutron/dhcp/2a949390-fa76-49e6-880e-1239bf3543e8/addn_hosts - 9 addresses
Sep 29 21:57:00 gtw01 dnsmasq-dhcp[19841]: read /var/lib/neutron/dhcp/2a949390-fa76-49e6-880e-1239bf3543e8/host
Sep 29 21:57:00 gtw01 dnsmasq-dhcp[19841]: read /var/lib/neutron/dhcp/2a949390-fa76-49e6-880e-1239bf3543e8/opts
Sep 29 21:57:01 gtw01 dnsmasq[19841]: read /var/lib/neutron/dhcp/2a949390-fa76-49e6-880e-1239bf3543e8/addn_hosts - 10 addresses
Sep 29 21:57:01 gtw01 dnsmasq-dhcp[19841]: read /var/lib/neutron/dhcp/2a949390-fa76-49e6-880e-1239bf3543e8/host
Sep 29 21:57:01 gtw01 dnsmasq-dhcp[19841]: read /var/lib/neutron/dhcp/2a949390-fa76-49e6-880e-1239bf3543e8/opts
Sep 29 21:57:02 gtw01 dnsmasq[19841]: read /var/lib/neutron/dhcp/2a949390-fa76-49e6-880e-1239bf3543e8/addn_hosts - 11 addresses
Sep 29 21:57:02 gtw01 dnsmasq-dhcp[19841]: read /var/lib/neutron/dhcp/2a949390-fa76-49e6-880e-1239bf3543e8/host
Sep 29 21:57:02 gtw01 dnsmasq-dhcp[19841]: read /var/lib/neutron/dhcp/2a949390-fa76-49e6-880e-1239bf3543e8/opts
Sep 29 21:57:03 gtw01 dnsmasq[19841]: read /var/lib/neutron/dhcp/2a949390-fa76-49e6-880e-1239bf3543e8/addn_hosts - 11 addresses
Sep 29 21:57:03 gtw01 dnsmasq-dhcp[19841]: read /var/lib/neutron/dhcp/2a949390-fa76-49e6-880e-1239bf3543e8/host
Sep 29 21:57:03 gtw01 dnsmasq-dhcp[19841]: read /var/lib/neutron/dhcp/2a949390-fa76-49e6-880e-1239bf3543e8/opts
Sep 29 21:57:06 gtw01 dnsmasq[19755]: read /var/lib/neutron/dhcp/96ac00f4-4928-4303-ba23-0a4a82efcf89/addn_hosts - 8 addresses
Sep 29 21:57:06 gtw01 dnsmasq-dhcp[19755]: read /var/lib/neutron/dhcp/96ac00f4-4928-4303-ba23-0a4a82efcf89/host
Sep 29 21:57:06 gtw01 dnsmasq-dhcp[19755]: read /var/lib/neutron/dhcp/96ac00f4-4928-4303-ba23-0a4a82efcf89/opts
Sep 29 21:57:06 gtw01 dnsmasq[19755]: read /var/lib/neutron/dhcp/96ac00f4-4928-4303-ba23-0a4a82efcf89/addn_hosts - 7 addresses
Sep 29 21:57:06 gtw01 dnsmasq-dhcp[19755]: read /var/lib/neutron/dhcp/96ac00f4-4928-4303-ba23-0a4a82efcf89/host
Sep 29 21:57:06 gtw01 dnsmasq-dhcp[19755]: read /var/lib/neutron/dhcp/96ac00f4-4928-4303-ba23-0a4a82efcf89/opts
Sep 29 21:57:07 gtw01 dnsmasq[19755]: read /var/lib/neutron/dhcp/96ac00f4-4928-4303-ba23-0a4a82efcf89/addn_hosts - 6 addresses
Sep 29 21:57:07 gtw01 dnsmasq-dhcp[19755]: read /var/lib/neutron/dhcp/96ac00f4-4928-4303-ba23-0a4a82efcf89/host
Sep 29 21:57:07 gtw01 dnsmasq-dhcp[19755]: read /var/lib/neutron/dhcp/96ac00f4-4928-4303-ba23-0a4a82efcf89/opts
Sep 29 21:57:08 gtw01 dnsmasq[19710]: read /var/lib/neutron/dhcp/158daae0-09e5-4bf3-a1a5-dd5a7cbfeac9/addn_hosts - 2 addresses
Sep 29 21:57:08 gtw01 dnsmasq-dhcp[19710]: read /var/lib/neutron/dhcp/158daae0-09e5-4bf3-a1a5-dd5a7cbfeac9/host
Sep 29 21:57:08 gtw01 dnsmasq-dhcp[19710]: read /var/lib/neutron/dhcp/158daae0-09e5-4bf3-a1a5-dd5a7cbfeac9/opts
Sep 29 21:57:08 gtw01 dnsmasq[19755]: read /var/lib/neutron/dhcp/96ac00f4-4928-4303-ba23-0a4a82efcf89/addn_hosts - 5 addresses
Sep 29 21:57:08 gtw01 dnsmasq-dhcp[19755]: read /var/lib/neutron/dhcp/96ac00f4-4928-4303-ba23-0a4a82efcf89/host
Sep 29 21:57:08 gtw01 dnsmasq-dhcp[19755]: read /var/lib/neutron/dhcp/96ac00f4-4928-4303-ba23-0a4a82efcf89/opts
Sep 29 21:57:09 gtw01 dnsmasq[19710]: read /var/lib/neutron/dhcp/158daae0-09e5-4bf3-a1a5-dd5a7cbfeac9/addn_hosts - 1 addresses
Sep 29 21:57:09 gtw01 dnsmasq-dhcp[19710]: read /var/lib/neutron/dhcp/158daae0-09e5-4bf3-a1a5-dd5a7cbfeac9/host
Sep 29 21:57:09 gtw01 dnsmasq-dhcp[19710]: read /var/lib/neutron/dhcp/158daae0-09e5-4bf3-a1a5-dd5a7cbfeac9/opts
Sep 29 21:57:09 gtw01 dnsmasq[19755]: read /var/lib/neutron/dhcp/96ac00f4-4928-4303-ba23-0a4a82efcf89/addn_hosts - 4 addresses
Sep 29 21:57:09 gtw01 dnsmasq-dhcp[19755]: read /var/lib/neutron/dhcp/96ac00f4-4928-4303-ba23-0a4a82efcf89/host
Sep 29 21:57:09 gtw01 dnsmasq-dhcp[19755]: read /var/lib/neutron/dhcp/96ac00f4-4928-4303-ba23-0a4a82efcf89/opts
Sep 29 21:57:10 gtw01 dnsmasq[19755]: read /var/lib/neutron/dhcp/96ac00f4-4928-4303-ba23-0a4a82efcf89/addn_hosts - 3 addresses
Sep 29 21:57:10 gtw01 dnsmasq-dhcp[19755]: read /var/lib/neutron/dhcp/96ac00f4-4928-4303-ba23-0a4a82efcf89/host
Sep 29 21:57:10 gtw01 dnsmasq-dhcp[19755]: read /var/lib/neutron/dhcp/96ac00f4-4928-4303-ba23-0a4a82efcf89/opts
Sep 29 21:57:11 gtw01 dnsmasq[19841]: read /var/lib/neutron/dhcp/2a949390-fa76-49e6-880e-1239bf3543e8/addn_hosts - 10 addresses
Sep 29 21:57:11 gtw01 dnsmasq-dhcp[19841]: read /var/lib/neutron/dhcp/2a949390-fa76-49e6-880e-1239bf3543e8/host
Sep 29 21:57:11 gtw01 dnsmasq-dhcp[19841]: read /var/lib/neutron/dhcp/2a949390-fa76-49e6-880e-1239bf3543e8/opts
Sep 29 21:57:11 gtw01 dnsmasq[19755]: read /var/lib/neutron/dhcp/96ac00f4-4928-4303-ba23-0a4a82efcf89/addn_hosts - 2 addresses
Sep 29 21:57:11 gtw01 dnsmasq-dhcp[19755]: read /var/lib/neutron/dhcp/96ac00f4-4928-4303-ba23-0a4a82efcf89/host
Sep 29 21:57:11 gtw01 dnsmasq-dhcp[19755]: read /var/lib/neutron/dhcp/96ac00f4-4928-4303-ba23-0a4a82efcf89/opts
Sep 29 21:57:12 gtw01 dnsmasq[19841]: read /var/lib/neutron/dhcp/2a949390-fa76-49e6-880e-1239bf3543e8/addn_hosts - 9 addresses
Sep 29 21:57:12 gtw01 dnsmasq-dhcp[19841]: read /var/lib/neutron/dhcp/2a949390-fa76-49e6-880e-1239bf3543e8/host
Sep 29 21:57:12 gtw01 dnsmasq-dhcp[19841]: read /var/lib/neutron/dhcp/2a949390-fa76-49e6-880e-1239bf3543e8/opts
Sep 29 21:57:13 gtw01 dnsmasq[19755]: read /var/lib/neutron/dhcp/96ac00f4-4928-4303-ba23-0a4a82efcf89/addn_hosts - 1 addresses
Sep 29 21:57:13 gtw01 dnsmasq-dhcp[19755]: read /var/lib/neutron/dhcp/96ac00f4-4928-4303-ba23-0a4a82efcf89/host
Sep 29 21:57:13 gtw01 dnsmasq-dhcp[19755]: read /var/lib/neutron/dhcp/96ac00f4-4928-4303-ba23-0a4a82efcf89/opts
Sep 29 21:57:13 gtw01 dnsmasq[19841]: read /var/lib/neutron/dhcp/2a949390-fa76-49e6-880e-1239bf3543e8/addn_hosts - 8 addresses
Sep 29 21:57:13 gtw01 dnsmasq-dhcp[19841]: read /var/lib/neutron/dhcp/2a949390-fa76-49e6-880e-1239bf3543e8/host
Sep 29 21:57:13 gtw01 dnsmasq-dhcp[19841]: read /var/lib/neutron/dhcp/2a949390-fa76-49e6-880e-1239bf3543e8/opts
Sep 29 21:57:14 gtw01 dnsmasq[19841]: read /var/lib/neutron/dhcp/2a949390-fa76-49e6-880e-1239bf3543e8/addn_hosts - 7 addresses
Sep 29 21:57:14 gtw01 dnsmasq-dhcp[19841]: read /var/lib/neutron/dhcp/2a949390-fa76-49e6-880e-1239bf3543e8/host
Sep 29 21:57:14 gtw01 dnsmasq-dhcp[19841]: read /var/lib/neutron/dhcp/2a949390-fa76-49e6-880e-1239bf3543e8/opts
Sep 29 21:57:15 gtw01 dnsmasq[19841]: read /var/lib/neutron/dhcp/2a949390-fa76-49e6-880e-1239bf3543e8/addn_hosts - 6 addresses
Sep 29 21:57:15 gtw01 dnsmasq-dhcp[19841]: read /var/lib/neutron/dhcp/2a949390-fa76-49e6-880e-1239bf3543e8/host
Sep 29 21:57:15 gtw01 dnsmasq-dhcp[19841]: read /var/lib/neutron/dhcp/2a949390-fa76-49e6-880e-1239bf3543e8/opts
Sep 29 21:57:16 gtw01 dnsmasq[19841]: read /var/lib/neutron/dhcp/2a949390-fa76-49e6-880e-1239bf3543e8/addn_hosts - 5 addresses
Sep 29 21:57:16 gtw01 dnsmasq-dhcp[19841]: read /var/lib/neutron/dhcp/2a949390-fa76-49e6-880e-1239bf3543e8/host
Sep 29 21:57:16 gtw01 dnsmasq-dhcp[19841]: read /var/lib/neutron/dhcp/2a949390-fa76-49e6-880e-1239bf3543e8/opts
Sep 29 21:57:17 gtw01 dnsmasq[19841]: read /var/lib/neutron/dhcp/2a949390-fa76-49e6-880e-1239bf3543e8/addn_hosts - 4 addresses
Sep 29 21:57:17 gtw01 dnsmasq-dhcp[19841]: read /var/lib/neutron/dhcp/2a949390-fa76-49e6-880e-1239bf3543e8/host
Sep 29 21:57:17 gtw01 dnsmasq-dhcp[19841]: read /var/lib/neutron/dhcp/2a949390-fa76-49e6-880e-1239bf3543e8/opts
Sep 29 21:57:19 gtw01 dnsmasq[19841]: read /var/lib/neutron/dhcp/2a949390-fa76-49e6-880e-1239bf3543e8/addn_hosts - 3 addresses
Sep 29 21:57:19 gtw01 dnsmasq-dhcp[19841]: read /var/lib/neutron/dhcp/2a949390-fa76-49e6-880e-1239bf3543e8/host
Sep 29 21:57:19 gtw01 dnsmasq-dhcp[19841]: read /var/lib/neutron/dhcp/2a949390-fa76-49e6-880e-1239bf3543e8/opts
Sep 29 21:57:19 gtw01 dnsmasq[19841]: read /var/lib/neutron/dhcp/2a949390-fa76-49e6-880e-1239bf3543e8/addn_hosts - 2 addresses
Sep 29 21:57:19 gtw01 dnsmasq-dhcp[19841]: read /var/lib/neutron/dhcp/2a949390-fa76-49e6-880e-1239bf3543e8/host
Sep 29 21:57:19 gtw01 dnsmasq-dhcp[19841]: read /var/lib/neutron/dhcp/2a949390-fa76-49e6-880e-1239bf3543e8/opts
Sep 29 21:57:20 gtw01 dnsmasq[19841]: read /var/lib/neutron/dhcp/2a949390-fa76-49e6-880e-1239bf3543e8/addn_hosts - 1 addresses
Sep 29 21:57:20 gtw01 dnsmasq-dhcp[19841]: read /var/lib/neutron/dhcp/2a949390-fa76-49e6-880e-1239bf3543e8/host
Sep 29 21:57:20 gtw01 dnsmasq-dhcp[19841]: read /var/lib/neutron/dhcp/2a949390-fa76-49e6-880e-1239bf3543e8/opts
Sep 29 21:57:23 gtw01 dnsmasq[19710]: read /var/lib/neutron/dhcp/158daae0-09e5-4bf3-a1a5-dd5a7cbfeac9/addn_hosts - 1 addresses
Sep 29 21:57:23 gtw01 dnsmasq-dhcp[19710]: read /var/lib/neutron/dhcp/158daae0-09e5-4bf3-a1a5-dd5a7cbfeac9/host
Sep 29 21:57:23 gtw01 dnsmasq-dhcp[19710]: read /var/lib/neutron/dhcp/158daae0-09e5-4bf3-a1a5-dd5a7cbfeac9/opts
Sep 29 21:57:24 gtw01 kernel: [13802.993059] device tapaeb2e0ce-8e left promiscuous mode
Sep 29 21:57:27 gtw01 dnsmasq[19755]: read /var/lib/neutron/dhcp/96ac00f4-4928-4303-ba23-0a4a82efcf89/addn_hosts - 1 addresses
Sep 29 21:57:27 gtw01 dnsmasq-dhcp[19755]: read /var/lib/neutron/dhcp/96ac00f4-4928-4303-ba23-0a4a82efcf89/host
Sep 29 21:57:27 gtw01 dnsmasq-dhcp[19755]: read /var/lib/neutron/dhcp/96ac00f4-4928-4303-ba23-0a4a82efcf89/opts
Sep 29 21:57:28 gtw01 kernel: [13806.542698] device tapd5f92d79-39 left promiscuous mode
Sep 29 21:57:30 gtw01 dnsmasq[19841]: read /var/lib/neutron/dhcp/2a949390-fa76-49e6-880e-1239bf3543e8/addn_hosts - 1 addresses
Sep 29 21:57:30 gtw01 dnsmasq-dhcp[19841]: read /var/lib/neutron/dhcp/2a949390-fa76-49e6-880e-1239bf3543e8/host
Sep 29 21:57:30 gtw01 dnsmasq-dhcp[19841]: read /var/lib/neutron/dhcp/2a949390-fa76-49e6-880e-1239bf3543e8/opts
Sep 29 21:57:31 gtw01 kernel: [13810.045267] device tap6ab55183-93 left promiscuous mode
Sep 29 21:57:49 gtw01 kernel: [13827.228447] device tap5f494e0e-54 entered promiscuous mode
Sep 29 21:57:49 gtw01 systemd-udevd[20670]: Could not generate persistent MAC address for tap5f494e0e-54: No such file or directory
Sep 29 21:57:49 gtw01 systemd-udevd[20670]: Process '/sbin/ip link set tap5f494e0e-54 txqueuelen 10000' failed with exit code 1.
Sep 29 21:57:49 gtw01 systemd-udevd[20670]: Process '/sbin/ip link set tap5f494e0e-54 txqueuelen 10000' failed with exit code 1.
Sep 29 21:57:52 gtw01 kernel: [13830.385815] device tap2a245bb9-53 entered promiscuous mode
Sep 29 21:57:52 gtw01 systemd-udevd[20844]: Could not generate persistent MAC address for tap2a245bb9-53: No such file or directory
Sep 29 21:57:52 gtw01 kernel: [13830.509160] device tap39635035-24 entered promiscuous mode
Sep 29 21:57:52 gtw01 systemd-udevd[20917]: Process '/sbin/ip link set tap2a245bb9-53 txqueuelen 10000' failed with exit code 1.
Sep 29 21:57:52 gtw01 systemd-udevd[20998]: Process '/sbin/ip link set tap39635035-24 txqueuelen 10000' failed with exit code 1.
Sep 29 21:57:52 gtw01 kernel: [13830.957816] device tap1db22b7c-a6 entered promiscuous mode
Sep 29 21:57:52 gtw01 systemd-udevd[21025]: Could not generate persistent MAC address for tap1db22b7c-a6: No such file or directory
Sep 29 21:57:52 gtw01 systemd-udevd[21093]: Process '/sbin/ip link set tap1db22b7c-a6 txqueuelen 10000' failed with exit code 1.
Sep 29 21:57:53 gtw01 dnsmasq[21121]: started, version 2.80 cachesize 150
Sep 29 21:57:53 gtw01 dnsmasq[21121]: DNS service limited to local subnets
Sep 29 21:57:53 gtw01 dnsmasq[21121]: compile time options: IPv6 GNU-getopt DBus i18n IDN DHCP DHCPv6 no-Lua TFTP conntrack ipset auth DNSSEC loop-detect inotify dumpfile
Sep 29 21:57:53 gtw01 dnsmasq[21121]: warning: no upstream servers configured
Sep 29 21:57:53 gtw01 dnsmasq-dhcp[21121]: DHCP, static leases only on 10.2.75.0, lease time 1h
Sep 29 21:57:53 gtw01 dnsmasq[21121]: read /var/lib/neutron/dhcp/901204d0-9c7e-416d-8e15-34c418459a39/addn_hosts - 1 addresses
Sep 29 21:57:53 gtw01 dnsmasq-dhcp[21121]: read /var/lib/neutron/dhcp/901204d0-9c7e-416d-8e15-34c418459a39/host
Sep 29 21:57:53 gtw01 dnsmasq-dhcp[21121]: read /var/lib/neutron/dhcp/901204d0-9c7e-416d-8e15-34c418459a39/opts
Sep 29 21:57:53 gtw01 haproxy-metadata-proxy-901204d0-9c7e-416d-8e15-34c418459a39[21133]: Proxy listener started.
Sep 29 21:57:57 gtw01 dnsmasq[21285]: started, version 2.80 cachesize 150
Sep 29 21:57:57 gtw01 dnsmasq[21285]: DNS service limited to local subnets
Sep 29 21:57:57 gtw01 dnsmasq[21285]: compile time options: IPv6 GNU-getopt DBus i18n IDN DHCP DHCPv6 no-Lua TFTP conntrack ipset auth DNSSEC loop-detect inotify dumpfile
Sep 29 21:57:57 gtw01 dnsmasq[21285]: warning: no upstream servers configured
Sep 29 21:57:57 gtw01 dnsmasq-dhcp[21285]: DHCP, static leases only on 10.2.76.0, lease time 1h
Sep 29 21:57:57 gtw01 dnsmasq[21285]: read /var/lib/neutron/dhcp/a9dc1edc-9b94-4f73-b4b3-8cdcb6b17fc5/addn_hosts - 1 addresses
Sep 29 21:57:57 gtw01 dnsmasq-dhcp[21285]: read /var/lib/neutron/dhcp/a9dc1edc-9b94-4f73-b4b3-8cdcb6b17fc5/host
Sep 29 21:57:57 gtw01 dnsmasq-dhcp[21285]: read /var/lib/neutron/dhcp/a9dc1edc-9b94-4f73-b4b3-8cdcb6b17fc5/opts
Sep 29 21:57:57 gtw01 dnsmasq[21300]: started, version 2.80 cachesize 150
Sep 29 21:57:57 gtw01 dnsmasq[21300]: DNS service limited to local subnets
Sep 29 21:57:57 gtw01 dnsmasq[21300]: compile time options: IPv6 GNU-getopt DBus i18n IDN DHCP DHCPv6 no-Lua TFTP conntrack ipset auth DNSSEC loop-detect inotify dumpfile
Sep 29 21:57:57 gtw01 dnsmasq[21300]: warning: no upstream servers configured
Sep 29 21:57:57 gtw01 dnsmasq-dhcp[21300]: DHCP, static leases only on 10.2.77.0, lease time 1h
Sep 29 21:57:57 gtw01 dnsmasq[21300]: read /var/lib/neutron/dhcp/daec0656-e422-476c-a06f-1deaefc2c0c4/addn_hosts - 1 addresses
Sep 29 21:57:57 gtw01 dnsmasq-dhcp[21300]: read /var/lib/neutron/dhcp/daec0656-e422-476c-a06f-1deaefc2c0c4/host
Sep 29 21:57:57 gtw01 dnsmasq-dhcp[21300]: read /var/lib/neutron/dhcp/daec0656-e422-476c-a06f-1deaefc2c0c4/opts
Sep 29 21:57:57 gtw01 haproxy-metadata-proxy-a9dc1edc-9b94-4f73-b4b3-8cdcb6b17fc5[21299]: Proxy listener started.
Sep 29 21:57:57 gtw01 haproxy-metadata-proxy-daec0656-e422-476c-a06f-1deaefc2c0c4[21312]: Proxy listener started.
Sep 29 21:57:57 gtw01 dnsmasq[21321]: started, version 2.80 cachesize 150
Sep 29 21:57:57 gtw01 dnsmasq[21321]: DNS service limited to local subnets
Sep 29 21:57:57 gtw01 dnsmasq[21321]: compile time options: IPv6 GNU-getopt DBus i18n IDN DHCP DHCPv6 no-Lua TFTP conntrack ipset auth DNSSEC loop-detect inotify dumpfile
Sep 29 21:57:57 gtw01 dnsmasq[21321]: warning: no upstream servers configured
Sep 29 21:57:57 gtw01 dnsmasq-dhcp[21321]: DHCP, static leases only on 10.2.79.0, lease time 1h
Sep 29 21:57:57 gtw01 dnsmasq[21321]: read /var/lib/neutron/dhcp/2646df16-9569-44aa-8708-a9daf5272eb1/addn_hosts - 1 addresses
Sep 29 21:57:57 gtw01 dnsmasq-dhcp[21321]: read /var/lib/neutron/dhcp/2646df16-9569-44aa-8708-a9daf5272eb1/host
Sep 29 21:57:57 gtw01 dnsmasq-dhcp[21321]: read /var/lib/neutron/dhcp/2646df16-9569-44aa-8708-a9daf5272eb1/opts
Sep 29 21:57:58 gtw01 haproxy-metadata-proxy-2646df16-9569-44aa-8708-a9daf5272eb1[21340]: Proxy listener started.
Sep 29 21:57:59 gtw01 kernel: [13837.253944] device tap30210181-7a entered promiscuous mode
Sep 29 21:57:59 gtw01 systemd-udevd[21365]: Could not generate persistent MAC address for tap30210181-7a: No such file or directory
Sep 29 21:57:59 gtw01 systemd-udevd[21365]: Process '/sbin/ip link set tap30210181-7a txqueuelen 10000' failed with exit code 1.
