Sep 29 21:06:46 gtw01 dnsmasq-dhcp[29124]: read /var/lib/neutron/dhcp/2e85ba96-a755-4b4b-ad50-15c5e64dfe16/host
Sep 29 21:06:46 gtw01 dnsmasq-dhcp[29124]: read /var/lib/neutron/dhcp/2e85ba96-a755-4b4b-ad50-15c5e64dfe16/opts
Sep 29 21:06:48 gtw01 dnsmasq-dhcp[29124]: DHCPRELEASE(tapc852deca-7e) 192.168.120.6 fa:16:3e:c4:91:b8
Sep 29 21:06:49 gtw01 dnsmasq-dhcp[29124]: DHCPRELEASE(tapc852deca-7e) 192.168.120.6 fa:16:3e:c4:91:b8 unknown lease
Sep 29 21:06:49 gtw01 dnsmasq[29124]: read /var/lib/neutron/dhcp/2e85ba96-a755-4b4b-ad50-15c5e64dfe16/addn_hosts - 4 addresses
Sep 29 21:06:49 gtw01 dnsmasq-dhcp[29124]: read /var/lib/neutron/dhcp/2e85ba96-a755-4b4b-ad50-15c5e64dfe16/host
Sep 29 21:06:49 gtw01 dnsmasq-dhcp[29124]: read /var/lib/neutron/dhcp/2e85ba96-a755-4b4b-ad50-15c5e64dfe16/opts
Sep 29 21:06:52 gtw01 dnsmasq-dhcp[29124]: DHCPRELEASE(tapc852deca-7e) 192.168.120.12 fa:16:3e:2f:77:9b
Sep 29 21:06:52 gtw01 dnsmasq-dhcp[29124]: DHCPRELEASE(tapc852deca-7e) 192.168.120.12 fa:16:3e:2f:77:9b unknown lease
Sep 29 21:06:53 gtw01 dnsmasq[29124]: read /var/lib/neutron/dhcp/2e85ba96-a755-4b4b-ad50-15c5e64dfe16/addn_hosts - 3 addresses
Sep 29 21:06:53 gtw01 dnsmasq-dhcp[29124]: read /var/lib/neutron/dhcp/2e85ba96-a755-4b4b-ad50-15c5e64dfe16/host
Sep 29 21:06:53 gtw01 dnsmasq-dhcp[29124]: read /var/lib/neutron/dhcp/2e85ba96-a755-4b4b-ad50-15c5e64dfe16/opts
Sep 29 21:06:54 gtw01 dnsmasq-dhcp[29124]: DHCPRELEASE(tapc852deca-7e) 192.168.120.17 fa:16:3e:54:19:70
Sep 29 21:06:54 gtw01 dnsmasq-dhcp[29124]: DHCPRELEASE(tapc852deca-7e) 192.168.120.17 fa:16:3e:54:19:70 unknown lease
Sep 29 21:06:55 gtw01 dnsmasq[29124]: read /var/lib/neutron/dhcp/2e85ba96-a755-4b4b-ad50-15c5e64dfe16/addn_hosts - 2 addresses
Sep 29 21:06:55 gtw01 dnsmasq-dhcp[29124]: read /var/lib/neutron/dhcp/2e85ba96-a755-4b4b-ad50-15c5e64dfe16/host
Sep 29 21:06:55 gtw01 dnsmasq-dhcp[29124]: read /var/lib/neutron/dhcp/2e85ba96-a755-4b4b-ad50-15c5e64dfe16/opts
Sep 29 21:06:56 gtw01 dnsmasq[29124]: read /var/lib/neutron/dhcp/2e85ba96-a755-4b4b-ad50-15c5e64dfe16/addn_hosts - 3 addresses
Sep 29 21:06:56 gtw01 dnsmasq-dhcp[29124]: read /var/lib/neutron/dhcp/2e85ba96-a755-4b4b-ad50-15c5e64dfe16/host
Sep 29 21:06:56 gtw01 dnsmasq-dhcp[29124]: read /var/lib/neutron/dhcp/2e85ba96-a755-4b4b-ad50-15c5e64dfe16/opts
Sep 29 21:06:57 gtw01 dnsmasq[29124]: read /var/lib/neutron/dhcp/2e85ba96-a755-4b4b-ad50-15c5e64dfe16/addn_hosts - 3 addresses
Sep 29 21:06:57 gtw01 dnsmasq-dhcp[29124]: read /var/lib/neutron/dhcp/2e85ba96-a755-4b4b-ad50-15c5e64dfe16/host
Sep 29 21:06:57 gtw01 dnsmasq-dhcp[29124]: read /var/lib/neutron/dhcp/2e85ba96-a755-4b4b-ad50-15c5e64dfe16/opts
Sep 29 21:06:58 gtw01 dnsmasq[29124]: read /var/lib/neutron/dhcp/2e85ba96-a755-4b4b-ad50-15c5e64dfe16/addn_hosts - 3 addresses
Sep 29 21:06:58 gtw01 dnsmasq-dhcp[29124]: read /var/lib/neutron/dhcp/2e85ba96-a755-4b4b-ad50-15c5e64dfe16/host
Sep 29 21:06:58 gtw01 dnsmasq-dhcp[29124]: read /var/lib/neutron/dhcp/2e85ba96-a755-4b4b-ad50-15c5e64dfe16/opts
Sep 29 21:07:00 gtw01 dnsmasq[29124]: read /var/lib/neutron/dhcp/2e85ba96-a755-4b4b-ad50-15c5e64dfe16/addn_hosts - 4 addresses
Sep 29 21:07:00 gtw01 dnsmasq-dhcp[29124]: read /var/lib/neutron/dhcp/2e85ba96-a755-4b4b-ad50-15c5e64dfe16/host
Sep 29 21:07:00 gtw01 dnsmasq-dhcp[29124]: read /var/lib/neutron/dhcp/2e85ba96-a755-4b4b-ad50-15c5e64dfe16/opts
Sep 29 21:07:01 gtw01 dnsmasq[29124]: read /var/lib/neutron/dhcp/2e85ba96-a755-4b4b-ad50-15c5e64dfe16/addn_hosts - 4 addresses
Sep 29 21:07:01 gtw01 dnsmasq-dhcp[29124]: read /var/lib/neutron/dhcp/2e85ba96-a755-4b4b-ad50-15c5e64dfe16/host
Sep 29 21:07:01 gtw01 dnsmasq-dhcp[29124]: read /var/lib/neutron/dhcp/2e85ba96-a755-4b4b-ad50-15c5e64dfe16/opts
Sep 29 21:07:02 gtw01 dnsmasq[29124]: read /var/lib/neutron/dhcp/2e85ba96-a755-4b4b-ad50-15c5e64dfe16/addn_hosts - 4 addresses
Sep 29 21:07:02 gtw01 dnsmasq-dhcp[29124]: read /var/lib/neutron/dhcp/2e85ba96-a755-4b4b-ad50-15c5e64dfe16/host
Sep 29 21:07:02 gtw01 dnsmasq-dhcp[29124]: read /var/lib/neutron/dhcp/2e85ba96-a755-4b4b-ad50-15c5e64dfe16/opts
Sep 29 21:07:12 gtw01 dnsmasq-dhcp[29124]: DHCPDISCOVER(tapc852deca-7e) fa:16:3e:91:38:f5
Sep 29 21:07:12 gtw01 dnsmasq-dhcp[29124]: DHCPOFFER(tapc852deca-7e) 192.168.120.8 fa:16:3e:91:38:f5
Sep 29 21:07:12 gtw01 dnsmasq-dhcp[29124]: DHCPREQUEST(tapc852deca-7e) 192.168.120.8 fa:16:3e:91:38:f5
Sep 29 21:07:12 gtw01 dnsmasq-dhcp[29124]: DHCPACK(tapc852deca-7e) 192.168.120.8 fa:16:3e:91:38:f5 host-192-168-120-8
Sep 29 21:07:15 gtw01 dnsmasq-dhcp[29124]: DHCPDISCOVER(tapc852deca-7e) fa:16:3e:50:36:99
Sep 29 21:07:15 gtw01 dnsmasq-dhcp[29124]: DHCPOFFER(tapc852deca-7e) 192.168.120.3 fa:16:3e:50:36:99
Sep 29 21:07:15 gtw01 dnsmasq-dhcp[29124]: DHCPREQUEST(tapc852deca-7e) 192.168.120.3 fa:16:3e:50:36:99
Sep 29 21:07:15 gtw01 dnsmasq-dhcp[29124]: DHCPACK(tapc852deca-7e) 192.168.120.3 fa:16:3e:50:36:99 host-192-168-120-3
Sep 29 21:07:20 gtw01 dnsmasq-dhcp[29124]: DHCPRELEASE(tapc852deca-7e) 192.168.120.8 fa:16:3e:91:38:f5
Sep 29 21:07:20 gtw01 dnsmasq-dhcp[29124]: DHCPRELEASE(tapc852deca-7e) 192.168.120.8 fa:16:3e:91:38:f5 unknown lease
Sep 29 21:07:21 gtw01 dnsmasq[29124]: read /var/lib/neutron/dhcp/2e85ba96-a755-4b4b-ad50-15c5e64dfe16/addn_hosts - 3 addresses
Sep 29 21:07:21 gtw01 dnsmasq-dhcp[29124]: read /var/lib/neutron/dhcp/2e85ba96-a755-4b4b-ad50-15c5e64dfe16/host
Sep 29 21:07:21 gtw01 dnsmasq-dhcp[29124]: read /var/lib/neutron/dhcp/2e85ba96-a755-4b4b-ad50-15c5e64dfe16/opts
Sep 29 21:07:22 gtw01 dnsmasq-dhcp[29124]: DHCPRELEASE(tapc852deca-7e) 192.168.120.3 fa:16:3e:50:36:99
Sep 29 21:07:22 gtw01 dnsmasq-dhcp[29124]: DHCPRELEASE(tapc852deca-7e) 192.168.120.3 fa:16:3e:50:36:99 unknown lease
Sep 29 21:07:23 gtw01 dnsmasq[29124]: read /var/lib/neutron/dhcp/2e85ba96-a755-4b4b-ad50-15c5e64dfe16/addn_hosts - 2 addresses
Sep 29 21:07:23 gtw01 dnsmasq-dhcp[29124]: read /var/lib/neutron/dhcp/2e85ba96-a755-4b4b-ad50-15c5e64dfe16/host
Sep 29 21:07:23 gtw01 dnsmasq-dhcp[29124]: read /var/lib/neutron/dhcp/2e85ba96-a755-4b4b-ad50-15c5e64dfe16/opts
Sep 29 21:09:28 gtw01 salt-minion[6153]: [INFO    ] Running scheduled job: __mine_interval
Sep 29 21:17:01 gtw01 CRON[360]: (root) CMD (   cd / && run-parts --report /etc/cron.hourly)
Sep 29 21:23:43 gtw01 kernel: [11781.201513] device tap3a59841c-ce entered promiscuous mode
Sep 29 21:23:43 gtw01 systemd-udevd[399]: Could not generate persistent MAC address for tap3a59841c-ce: No such file or directory
Sep 29 21:23:43 gtw01 systemd-udevd[399]: Process '/sbin/ip link set tap3a59841c-ce txqueuelen 10000' failed with exit code 1.
Sep 29 21:23:43 gtw01 kernel: [11781.427505] device tap4904a487-b5 entered promiscuous mode
Sep 29 21:23:43 gtw01 systemd-udevd[495]: Could not generate persistent MAC address for tap4904a487-b5: No such file or directory
Sep 29 21:23:43 gtw01 systemd-udevd[565]: Process '/sbin/ip link set tap4904a487-b5 txqueuelen 10000' failed with exit code 1.
Sep 29 21:23:44 gtw01 kernel: [11782.493253] device tap89c45a88-dc entered promiscuous mode
Sep 29 21:23:44 gtw01 systemd-udevd[616]: Could not generate persistent MAC address for tap89c45a88-dc: No such file or directory
Sep 29 21:23:44 gtw01 systemd-udevd[687]: Process '/sbin/ip link set tap89c45a88-dc txqueuelen 10000' failed with exit code 1.
Sep 29 21:23:45 gtw01 kernel: [11784.049050] device tap330da010-c7 entered promiscuous mode
Sep 29 21:23:45 gtw01 systemd-udevd[768]: Could not generate persistent MAC address for tap330da010-c7: No such file or directory
Sep 29 21:23:45 gtw01 systemd-udevd[768]: Process '/sbin/ip link set tap330da010-c7 txqueuelen 10000' failed with exit code 1.
Sep 29 21:23:46 gtw01 systemd-udevd[768]: Process '/sbin/ip link set tap330da010-c7 txqueuelen 10000' failed with exit code 1.
Sep 29 21:23:47 gtw01 dnsmasq[929]: started, version 2.80 cachesize 150
Sep 29 21:23:47 gtw01 dnsmasq[929]: DNS service limited to local subnets
Sep 29 21:23:47 gtw01 dnsmasq[929]: compile time options: IPv6 GNU-getopt DBus i18n IDN DHCP DHCPv6 no-Lua TFTP conntrack ipset auth DNSSEC loop-detect inotify dumpfile
Sep 29 21:23:47 gtw01 dnsmasq[929]: warning: no upstream servers configured
Sep 29 21:23:47 gtw01 dnsmasq-dhcp[929]: DHCP, static leases only on 11.11.11.0, lease time 1h
Sep 29 21:23:47 gtw01 dnsmasq[929]: read /var/lib/neutron/dhcp/17a8351a-cda1-48f9-9ca4-e74f5550f0df/addn_hosts - 1 addresses
Sep 29 21:23:47 gtw01 dnsmasq-dhcp[929]: read /var/lib/neutron/dhcp/17a8351a-cda1-48f9-9ca4-e74f5550f0df/host
Sep 29 21:23:47 gtw01 dnsmasq-dhcp[929]: read /var/lib/neutron/dhcp/17a8351a-cda1-48f9-9ca4-e74f5550f0df/opts
Sep 29 21:23:48 gtw01 dnsmasq[938]: started, version 2.80 cachesize 150
Sep 29 21:23:48 gtw01 dnsmasq[938]: DNS service limited to local subnets
Sep 29 21:23:48 gtw01 dnsmasq[938]: compile time options: IPv6 GNU-getopt DBus i18n IDN DHCP DHCPv6 no-Lua TFTP conntrack ipset auth DNSSEC loop-detect inotify dumpfile
Sep 29 21:23:48 gtw01 dnsmasq[938]: warning: no upstream servers configured
Sep 29 21:23:48 gtw01 dnsmasq-dhcp[938]: DHCP, static leases only on 11.11.11.0, lease time 1h
Sep 29 21:23:48 gtw01 dnsmasq[938]: read /var/lib/neutron/dhcp/bc86281d-9f11-4d71-810c-5098e38fdff2/addn_hosts - 1 addresses
Sep 29 21:23:48 gtw01 dnsmasq-dhcp[938]: read /var/lib/neutron/dhcp/bc86281d-9f11-4d71-810c-5098e38fdff2/host
Sep 29 21:23:48 gtw01 dnsmasq-dhcp[938]: read /var/lib/neutron/dhcp/bc86281d-9f11-4d71-810c-5098e38fdff2/opts
Sep 29 21:23:48 gtw01 haproxy-metadata-proxy-17a8351a-cda1-48f9-9ca4-e74f5550f0df[941]: Proxy listener started.
Sep 29 21:23:48 gtw01 haproxy-metadata-proxy-bc86281d-9f11-4d71-810c-5098e38fdff2[951]: Proxy listener started.
Sep 29 21:23:49 gtw01 dnsmasq[982]: started, version 2.80 cachesize 150
Sep 29 21:23:49 gtw01 dnsmasq[982]: DNS service limited to local subnets
Sep 29 21:23:49 gtw01 dnsmasq[982]: compile time options: IPv6 GNU-getopt DBus i18n IDN DHCP DHCPv6 no-Lua TFTP conntrack ipset auth DNSSEC loop-detect inotify dumpfile
Sep 29 21:23:49 gtw01 dnsmasq[982]: warning: no upstream servers configured
Sep 29 21:23:49 gtw01 dnsmasq-dhcp[982]: DHCP, static leases only on 11.11.11.0, lease time 1h
Sep 29 21:23:49 gtw01 dnsmasq[982]: read /var/lib/neutron/dhcp/e234fdaf-4897-4218-87f4-75bf20bac3d5/addn_hosts - 1 addresses
Sep 29 21:23:49 gtw01 dnsmasq-dhcp[982]: read /var/lib/neutron/dhcp/e234fdaf-4897-4218-87f4-75bf20bac3d5/host
Sep 29 21:23:49 gtw01 dnsmasq-dhcp[982]: read /var/lib/neutron/dhcp/e234fdaf-4897-4218-87f4-75bf20bac3d5/opts
Sep 29 21:23:49 gtw01 dnsmasq[929]: read /var/lib/neutron/dhcp/17a8351a-cda1-48f9-9ca4-e74f5550f0df/addn_hosts - 3 addresses
Sep 29 21:23:49 gtw01 dnsmasq-dhcp[929]: read /var/lib/neutron/dhcp/17a8351a-cda1-48f9-9ca4-e74f5550f0df/host
Sep 29 21:23:49 gtw01 dnsmasq-dhcp[929]: read /var/lib/neutron/dhcp/17a8351a-cda1-48f9-9ca4-e74f5550f0df/opts
Sep 29 21:23:49 gtw01 haproxy-metadata-proxy-e234fdaf-4897-4218-87f4-75bf20bac3d5[999]: Proxy listener started.
Sep 29 21:23:49 gtw01 dnsmasq[938]: read /var/lib/neutron/dhcp/bc86281d-9f11-4d71-810c-5098e38fdff2/addn_hosts - 3 addresses
Sep 29 21:23:49 gtw01 dnsmasq-dhcp[938]: read /var/lib/neutron/dhcp/bc86281d-9f11-4d71-810c-5098e38fdff2/host
Sep 29 21:23:49 gtw01 dnsmasq-dhcp[938]: read /var/lib/neutron/dhcp/bc86281d-9f11-4d71-810c-5098e38fdff2/opts
Sep 29 21:23:50 gtw01 dnsmasq[1043]: started, version 2.80 cachesize 150
Sep 29 21:23:50 gtw01 dnsmasq[1043]: DNS service limited to local subnets
Sep 29 21:23:50 gtw01 dnsmasq[1043]: compile time options: IPv6 GNU-getopt DBus i18n IDN DHCP DHCPv6 no-Lua TFTP conntrack ipset auth DNSSEC loop-detect inotify dumpfile
Sep 29 21:23:50 gtw01 dnsmasq[1043]: warning: no upstream servers configured
Sep 29 21:23:50 gtw01 dnsmasq-dhcp[1043]: DHCP, static leases only on 11.11.11.0, lease time 1h
Sep 29 21:23:50 gtw01 dnsmasq[1043]: read /var/lib/neutron/dhcp/1b41cd12-2dd2-4175-8870-ea7910d639ea/addn_hosts - 1 addresses
Sep 29 21:23:50 gtw01 dnsmasq-dhcp[1043]: read /var/lib/neutron/dhcp/1b41cd12-2dd2-4175-8870-ea7910d639ea/host
Sep 29 21:23:50 gtw01 dnsmasq-dhcp[1043]: read /var/lib/neutron/dhcp/1b41cd12-2dd2-4175-8870-ea7910d639ea/opts
Sep 29 21:23:50 gtw01 dnsmasq[982]: read /var/lib/neutron/dhcp/e234fdaf-4897-4218-87f4-75bf20bac3d5/addn_hosts - 3 addresses
Sep 29 21:23:50 gtw01 dnsmasq-dhcp[982]: read /var/lib/neutron/dhcp/e234fdaf-4897-4218-87f4-75bf20bac3d5/host
Sep 29 21:23:50 gtw01 dnsmasq-dhcp[982]: read /var/lib/neutron/dhcp/e234fdaf-4897-4218-87f4-75bf20bac3d5/opts
Sep 29 21:23:51 gtw01 dnsmasq[929]: read /var/lib/neutron/dhcp/17a8351a-cda1-48f9-9ca4-e74f5550f0df/addn_hosts - 3 addresses
Sep 29 21:23:51 gtw01 dnsmasq-dhcp[929]: read /var/lib/neutron/dhcp/17a8351a-cda1-48f9-9ca4-e74f5550f0df/host
Sep 29 21:23:51 gtw01 dnsmasq-dhcp[929]: read /var/lib/neutron/dhcp/17a8351a-cda1-48f9-9ca4-e74f5550f0df/opts
Sep 29 21:23:51 gtw01 haproxy-metadata-proxy-1b41cd12-2dd2-4175-8870-ea7910d639ea[1059]: Proxy listener started.
Sep 29 21:23:51 gtw01 dnsmasq[938]: read /var/lib/neutron/dhcp/bc86281d-9f11-4d71-810c-5098e38fdff2/addn_hosts - 3 addresses
Sep 29 21:23:51 gtw01 dnsmasq-dhcp[938]: read /var/lib/neutron/dhcp/bc86281d-9f11-4d71-810c-5098e38fdff2/host
Sep 29 21:23:51 gtw01 dnsmasq-dhcp[938]: read /var/lib/neutron/dhcp/bc86281d-9f11-4d71-810c-5098e38fdff2/opts
Sep 29 21:23:52 gtw01 dnsmasq[929]: read /var/lib/neutron/dhcp/17a8351a-cda1-48f9-9ca4-e74f5550f0df/addn_hosts - 3 addresses
Sep 29 21:23:52 gtw01 dnsmasq-dhcp[929]: read /var/lib/neutron/dhcp/17a8351a-cda1-48f9-9ca4-e74f5550f0df/host
Sep 29 21:23:52 gtw01 dnsmasq-dhcp[929]: read /var/lib/neutron/dhcp/17a8351a-cda1-48f9-9ca4-e74f5550f0df/opts
Sep 29 21:23:52 gtw01 dnsmasq[982]: read /var/lib/neutron/dhcp/e234fdaf-4897-4218-87f4-75bf20bac3d5/addn_hosts - 3 addresses
Sep 29 21:23:52 gtw01 dnsmasq-dhcp[982]: read /var/lib/neutron/dhcp/e234fdaf-4897-4218-87f4-75bf20bac3d5/host
Sep 29 21:23:52 gtw01 dnsmasq-dhcp[982]: read /var/lib/neutron/dhcp/e234fdaf-4897-4218-87f4-75bf20bac3d5/opts
Sep 29 21:23:52 gtw01 dnsmasq[1043]: read /var/lib/neutron/dhcp/1b41cd12-2dd2-4175-8870-ea7910d639ea/addn_hosts - 3 addresses
Sep 29 21:23:52 gtw01 dnsmasq-dhcp[1043]: read /var/lib/neutron/dhcp/1b41cd12-2dd2-4175-8870-ea7910d639ea/host
Sep 29 21:23:52 gtw01 dnsmasq-dhcp[1043]: read /var/lib/neutron/dhcp/1b41cd12-2dd2-4175-8870-ea7910d639ea/opts
Sep 29 21:23:53 gtw01 dnsmasq[938]: read /var/lib/neutron/dhcp/bc86281d-9f11-4d71-810c-5098e38fdff2/addn_hosts - 3 addresses
Sep 29 21:23:53 gtw01 dnsmasq-dhcp[938]: read /var/lib/neutron/dhcp/bc86281d-9f11-4d71-810c-5098e38fdff2/host
Sep 29 21:23:53 gtw01 dnsmasq-dhcp[938]: read /var/lib/neutron/dhcp/bc86281d-9f11-4d71-810c-5098e38fdff2/opts
Sep 29 21:23:53 gtw01 dnsmasq[929]: read /var/lib/neutron/dhcp/17a8351a-cda1-48f9-9ca4-e74f5550f0df/addn_hosts - 3 addresses
Sep 29 21:23:53 gtw01 dnsmasq-dhcp[929]: read /var/lib/neutron/dhcp/17a8351a-cda1-48f9-9ca4-e74f5550f0df/host
Sep 29 21:23:53 gtw01 dnsmasq-dhcp[929]: read /var/lib/neutron/dhcp/17a8351a-cda1-48f9-9ca4-e74f5550f0df/opts
Sep 29 21:23:54 gtw01 dnsmasq[982]: read /var/lib/neutron/dhcp/e234fdaf-4897-4218-87f4-75bf20bac3d5/addn_hosts - 3 addresses
Sep 29 21:23:54 gtw01 dnsmasq-dhcp[982]: read /var/lib/neutron/dhcp/e234fdaf-4897-4218-87f4-75bf20bac3d5/host
Sep 29 21:23:54 gtw01 dnsmasq-dhcp[982]: read /var/lib/neutron/dhcp/e234fdaf-4897-4218-87f4-75bf20bac3d5/opts
Sep 29 21:23:54 gtw01 dnsmasq[1043]: read /var/lib/neutron/dhcp/1b41cd12-2dd2-4175-8870-ea7910d639ea/addn_hosts - 3 addresses
Sep 29 21:23:54 gtw01 dnsmasq-dhcp[1043]: read /var/lib/neutron/dhcp/1b41cd12-2dd2-4175-8870-ea7910d639ea/host
Sep 29 21:23:54 gtw01 dnsmasq-dhcp[1043]: read /var/lib/neutron/dhcp/1b41cd12-2dd2-4175-8870-ea7910d639ea/opts
Sep 29 21:23:54 gtw01 dnsmasq[938]: read /var/lib/neutron/dhcp/bc86281d-9f11-4d71-810c-5098e38fdff2/addn_hosts - 3 addresses
Sep 29 21:23:54 gtw01 dnsmasq-dhcp[938]: read /var/lib/neutron/dhcp/bc86281d-9f11-4d71-810c-5098e38fdff2/host
Sep 29 21:23:54 gtw01 dnsmasq-dhcp[938]: read /var/lib/neutron/dhcp/bc86281d-9f11-4d71-810c-5098e38fdff2/opts
Sep 29 21:23:55 gtw01 dnsmasq[929]: read /var/lib/neutron/dhcp/17a8351a-cda1-48f9-9ca4-e74f5550f0df/addn_hosts - 3 addresses
Sep 29 21:23:55 gtw01 dnsmasq-dhcp[929]: read /var/lib/neutron/dhcp/17a8351a-cda1-48f9-9ca4-e74f5550f0df/host
Sep 29 21:23:55 gtw01 dnsmasq-dhcp[929]: read /var/lib/neutron/dhcp/17a8351a-cda1-48f9-9ca4-e74f5550f0df/opts
Sep 29 21:23:55 gtw01 dnsmasq[982]: read /var/lib/neutron/dhcp/e234fdaf-4897-4218-87f4-75bf20bac3d5/addn_hosts - 3 addresses
Sep 29 21:23:55 gtw01 dnsmasq-dhcp[982]: read /var/lib/neutron/dhcp/e234fdaf-4897-4218-87f4-75bf20bac3d5/host
Sep 29 21:23:55 gtw01 dnsmasq-dhcp[982]: read /var/lib/neutron/dhcp/e234fdaf-4897-4218-87f4-75bf20bac3d5/opts
Sep 29 21:23:56 gtw01 dnsmasq[1043]: read /var/lib/neutron/dhcp/1b41cd12-2dd2-4175-8870-ea7910d639ea/addn_hosts - 3 addresses
Sep 29 21:23:56 gtw01 dnsmasq-dhcp[1043]: read /var/lib/neutron/dhcp/1b41cd12-2dd2-4175-8870-ea7910d639ea/host
Sep 29 21:23:56 gtw01 dnsmasq-dhcp[1043]: read /var/lib/neutron/dhcp/1b41cd12-2dd2-4175-8870-ea7910d639ea/opts
Sep 29 21:23:56 gtw01 dnsmasq[938]: read /var/lib/neutron/dhcp/bc86281d-9f11-4d71-810c-5098e38fdff2/addn_hosts - 3 addresses
Sep 29 21:23:56 gtw01 dnsmasq-dhcp[938]: read /var/lib/neutron/dhcp/bc86281d-9f11-4d71-810c-5098e38fdff2/host
Sep 29 21:23:56 gtw01 dnsmasq-dhcp[938]: read /var/lib/neutron/dhcp/bc86281d-9f11-4d71-810c-5098e38fdff2/opts
Sep 29 21:23:57 gtw01 dnsmasq[929]: read /var/lib/neutron/dhcp/17a8351a-cda1-48f9-9ca4-e74f5550f0df/addn_hosts - 3 addresses
Sep 29 21:23:57 gtw01 dnsmasq-dhcp[929]: read /var/lib/neutron/dhcp/17a8351a-cda1-48f9-9ca4-e74f5550f0df/host
Sep 29 21:23:57 gtw01 dnsmasq-dhcp[929]: read /var/lib/neutron/dhcp/17a8351a-cda1-48f9-9ca4-e74f5550f0df/opts
Sep 29 21:23:57 gtw01 dnsmasq[982]: read /var/lib/neutron/dhcp/e234fdaf-4897-4218-87f4-75bf20bac3d5/addn_hosts - 3 addresses
Sep 29 21:23:57 gtw01 dnsmasq-dhcp[982]: read /var/lib/neutron/dhcp/e234fdaf-4897-4218-87f4-75bf20bac3d5/host
Sep 29 21:23:57 gtw01 dnsmasq-dhcp[982]: read /var/lib/neutron/dhcp/e234fdaf-4897-4218-87f4-75bf20bac3d5/opts
Sep 29 21:23:57 gtw01 dnsmasq[1043]: read /var/lib/neutron/dhcp/1b41cd12-2dd2-4175-8870-ea7910d639ea/addn_hosts - 3 addresses
Sep 29 21:23:57 gtw01 dnsmasq-dhcp[1043]: read /var/lib/neutron/dhcp/1b41cd12-2dd2-4175-8870-ea7910d639ea/host
Sep 29 21:23:57 gtw01 dnsmasq-dhcp[1043]: read /var/lib/neutron/dhcp/1b41cd12-2dd2-4175-8870-ea7910d639ea/opts
Sep 29 21:23:57 gtw01 dnsmasq[938]: read /var/lib/neutron/dhcp/bc86281d-9f11-4d71-810c-5098e38fdff2/addn_hosts - 3 addresses
Sep 29 21:23:57 gtw01 dnsmasq-dhcp[938]: read /var/lib/neutron/dhcp/bc86281d-9f11-4d71-810c-5098e38fdff2/host
Sep 29 21:23:57 gtw01 dnsmasq-dhcp[938]: read /var/lib/neutron/dhcp/bc86281d-9f11-4d71-810c-5098e38fdff2/opts
Sep 29 21:23:58 gtw01 dnsmasq[929]: read /var/lib/neutron/dhcp/17a8351a-cda1-48f9-9ca4-e74f5550f0df/addn_hosts - 3 addresses
Sep 29 21:23:58 gtw01 dnsmasq-dhcp[929]: read /var/lib/neutron/dhcp/17a8351a-cda1-48f9-9ca4-e74f5550f0df/host
Sep 29 21:23:58 gtw01 dnsmasq-dhcp[929]: read /var/lib/neutron/dhcp/17a8351a-cda1-48f9-9ca4-e74f5550f0df/opts
Sep 29 21:23:59 gtw01 dnsmasq[982]: read /var/lib/neutron/dhcp/e234fdaf-4897-4218-87f4-75bf20bac3d5/addn_hosts - 3 addresses
Sep 29 21:23:59 gtw01 dnsmasq-dhcp[982]: read /var/lib/neutron/dhcp/e234fdaf-4897-4218-87f4-75bf20bac3d5/host
Sep 29 21:23:59 gtw01 dnsmasq-dhcp[982]: read /var/lib/neutron/dhcp/e234fdaf-4897-4218-87f4-75bf20bac3d5/opts
Sep 29 21:23:59 gtw01 dnsmasq[1043]: read /var/lib/neutron/dhcp/1b41cd12-2dd2-4175-8870-ea7910d639ea/addn_hosts - 3 addresses
Sep 29 21:23:59 gtw01 dnsmasq-dhcp[1043]: read /var/lib/neutron/dhcp/1b41cd12-2dd2-4175-8870-ea7910d639ea/host
Sep 29 21:23:59 gtw01 dnsmasq-dhcp[1043]: read /var/lib/neutron/dhcp/1b41cd12-2dd2-4175-8870-ea7910d639ea/opts
Sep 29 21:23:59 gtw01 dnsmasq[938]: read /var/lib/neutron/dhcp/bc86281d-9f11-4d71-810c-5098e38fdff2/addn_hosts - 3 addresses
Sep 29 21:23:59 gtw01 dnsmasq-dhcp[938]: read /var/lib/neutron/dhcp/bc86281d-9f11-4d71-810c-5098e38fdff2/host
Sep 29 21:23:59 gtw01 dnsmasq-dhcp[938]: read /var/lib/neutron/dhcp/bc86281d-9f11-4d71-810c-5098e38fdff2/opts
Sep 29 21:24:00 gtw01 dnsmasq[929]: read /var/lib/neutron/dhcp/17a8351a-cda1-48f9-9ca4-e74f5550f0df/addn_hosts - 3 addresses
Sep 29 21:24:00 gtw01 dnsmasq-dhcp[929]: read /var/lib/neutron/dhcp/17a8351a-cda1-48f9-9ca4-e74f5550f0df/host
Sep 29 21:24:00 gtw01 dnsmasq-dhcp[929]: read /var/lib/neutron/dhcp/17a8351a-cda1-48f9-9ca4-e74f5550f0df/opts
Sep 29 21:24:00 gtw01 dnsmasq[982]: read /var/lib/neutron/dhcp/e234fdaf-4897-4218-87f4-75bf20bac3d5/addn_hosts - 3 addresses
Sep 29 21:24:00 gtw01 dnsmasq-dhcp[982]: read /var/lib/neutron/dhcp/e234fdaf-4897-4218-87f4-75bf20bac3d5/host
Sep 29 21:24:00 gtw01 dnsmasq-dhcp[982]: read /var/lib/neutron/dhcp/e234fdaf-4897-4218-87f4-75bf20bac3d5/opts
Sep 29 21:24:01 gtw01 dnsmasq[1043]: read /var/lib/neutron/dhcp/1b41cd12-2dd2-4175-8870-ea7910d639ea/addn_hosts - 3 addresses
Sep 29 21:24:01 gtw01 dnsmasq-dhcp[1043]: read /var/lib/neutron/dhcp/1b41cd12-2dd2-4175-8870-ea7910d639ea/host
Sep 29 21:24:01 gtw01 dnsmasq-dhcp[1043]: read /var/lib/neutron/dhcp/1b41cd12-2dd2-4175-8870-ea7910d639ea/opts
Sep 29 21:24:01 gtw01 dnsmasq[938]: read /var/lib/neutron/dhcp/bc86281d-9f11-4d71-810c-5098e38fdff2/addn_hosts - 3 addresses
Sep 29 21:24:01 gtw01 dnsmasq-dhcp[938]: read /var/lib/neutron/dhcp/bc86281d-9f11-4d71-810c-5098e38fdff2/host
Sep 29 21:24:01 gtw01 dnsmasq-dhcp[938]: read /var/lib/neutron/dhcp/bc86281d-9f11-4d71-810c-5098e38fdff2/opts
Sep 29 21:24:01 gtw01 dnsmasq[929]: read /var/lib/neutron/dhcp/17a8351a-cda1-48f9-9ca4-e74f5550f0df/addn_hosts - 2 addresses
Sep 29 21:24:01 gtw01 dnsmasq-dhcp[929]: read /var/lib/neutron/dhcp/17a8351a-cda1-48f9-9ca4-e74f5550f0df/host
Sep 29 21:24:01 gtw01 dnsmasq-dhcp[929]: read /var/lib/neutron/dhcp/17a8351a-cda1-48f9-9ca4-e74f5550f0df/opts
Sep 29 21:24:02 gtw01 dnsmasq[982]: read /var/lib/neutron/dhcp/e234fdaf-4897-4218-87f4-75bf20bac3d5/addn_hosts - 3 addresses
Sep 29 21:24:02 gtw01 dnsmasq-dhcp[982]: read /var/lib/neutron/dhcp/e234fdaf-4897-4218-87f4-75bf20bac3d5/host
Sep 29 21:24:02 gtw01 dnsmasq-dhcp[982]: read /var/lib/neutron/dhcp/e234fdaf-4897-4218-87f4-75bf20bac3d5/opts
Sep 29 21:24:02 gtw01 dnsmasq[1043]: read /var/lib/neutron/dhcp/1b41cd12-2dd2-4175-8870-ea7910d639ea/addn_hosts - 3 addresses
Sep 29 21:24:02 gtw01 dnsmasq-dhcp[1043]: read /var/lib/neutron/dhcp/1b41cd12-2dd2-4175-8870-ea7910d639ea/host
Sep 29 21:24:02 gtw01 dnsmasq-dhcp[1043]: read /var/lib/neutron/dhcp/1b41cd12-2dd2-4175-8870-ea7910d639ea/opts
Sep 29 21:24:03 gtw01 dnsmasq[929]: read /var/lib/neutron/dhcp/17a8351a-cda1-48f9-9ca4-e74f5550f0df/addn_hosts - 2 addresses
Sep 29 21:24:03 gtw01 dnsmasq-dhcp[929]: read /var/lib/neutron/dhcp/17a8351a-cda1-48f9-9ca4-e74f5550f0df/host
Sep 29 21:24:03 gtw01 dnsmasq-dhcp[929]: read /var/lib/neutron/dhcp/17a8351a-cda1-48f9-9ca4-e74f5550f0df/opts
Sep 29 21:24:03 gtw01 dnsmasq[1043]: read /var/lib/neutron/dhcp/1b41cd12-2dd2-4175-8870-ea7910d639ea/addn_hosts - 3 addresses
Sep 29 21:24:03 gtw01 dnsmasq-dhcp[1043]: read /var/lib/neutron/dhcp/1b41cd12-2dd2-4175-8870-ea7910d639ea/host
Sep 29 21:24:03 gtw01 dnsmasq-dhcp[1043]: read /var/lib/neutron/dhcp/1b41cd12-2dd2-4175-8870-ea7910d639ea/opts
Sep 29 21:24:06 gtw01 dnsmasq[938]: read /var/lib/neutron/dhcp/bc86281d-9f11-4d71-810c-5098e38fdff2/addn_hosts - 2 addresses
Sep 29 21:24:06 gtw01 dnsmasq-dhcp[938]: read /var/lib/neutron/dhcp/bc86281d-9f11-4d71-810c-5098e38fdff2/host
Sep 29 21:24:06 gtw01 dnsmasq-dhcp[938]: read /var/lib/neutron/dhcp/bc86281d-9f11-4d71-810c-5098e38fdff2/opts
Sep 29 21:24:06 gtw01 dnsmasq[929]: read /var/lib/neutron/dhcp/17a8351a-cda1-48f9-9ca4-e74f5550f0df/addn_hosts - 1 addresses
Sep 29 21:24:06 gtw01 dnsmasq-dhcp[929]: read /var/lib/neutron/dhcp/17a8351a-cda1-48f9-9ca4-e74f5550f0df/host
Sep 29 21:24:06 gtw01 dnsmasq-dhcp[929]: read /var/lib/neutron/dhcp/17a8351a-cda1-48f9-9ca4-e74f5550f0df/opts
Sep 29 21:24:08 gtw01 dnsmasq[982]: read /var/lib/neutron/dhcp/e234fdaf-4897-4218-87f4-75bf20bac3d5/addn_hosts - 2 addresses
Sep 29 21:24:08 gtw01 dnsmasq-dhcp[982]: read /var/lib/neutron/dhcp/e234fdaf-4897-4218-87f4-75bf20bac3d5/host
Sep 29 21:24:08 gtw01 dnsmasq-dhcp[982]: read /var/lib/neutron/dhcp/e234fdaf-4897-4218-87f4-75bf20bac3d5/opts
Sep 29 21:24:08 gtw01 dnsmasq[938]: read /var/lib/neutron/dhcp/bc86281d-9f11-4d71-810c-5098e38fdff2/addn_hosts - 2 addresses
Sep 29 21:24:08 gtw01 dnsmasq-dhcp[938]: read /var/lib/neutron/dhcp/bc86281d-9f11-4d71-810c-5098e38fdff2/host
Sep 29 21:24:08 gtw01 dnsmasq-dhcp[938]: read /var/lib/neutron/dhcp/bc86281d-9f11-4d71-810c-5098e38fdff2/opts
Sep 29 21:24:09 gtw01 dnsmasq[1043]: read /var/lib/neutron/dhcp/1b41cd12-2dd2-4175-8870-ea7910d639ea/addn_hosts - 2 addresses
Sep 29 21:24:09 gtw01 dnsmasq-dhcp[1043]: read /var/lib/neutron/dhcp/1b41cd12-2dd2-4175-8870-ea7910d639ea/host
Sep 29 21:24:09 gtw01 dnsmasq-dhcp[1043]: read /var/lib/neutron/dhcp/1b41cd12-2dd2-4175-8870-ea7910d639ea/opts
Sep 29 21:24:09 gtw01 dnsmasq[982]: read /var/lib/neutron/dhcp/e234fdaf-4897-4218-87f4-75bf20bac3d5/addn_hosts - 2 addresses
Sep 29 21:24:09 gtw01 dnsmasq-dhcp[982]: read /var/lib/neutron/dhcp/e234fdaf-4897-4218-87f4-75bf20bac3d5/host
Sep 29 21:24:09 gtw01 dnsmasq-dhcp[982]: read /var/lib/neutron/dhcp/e234fdaf-4897-4218-87f4-75bf20bac3d5/opts
Sep 29 21:24:10 gtw01 dnsmasq[1043]: read /var/lib/neutron/dhcp/1b41cd12-2dd2-4175-8870-ea7910d639ea/addn_hosts - 2 addresses
Sep 29 21:24:10 gtw01 dnsmasq-dhcp[1043]: read /var/lib/neutron/dhcp/1b41cd12-2dd2-4175-8870-ea7910d639ea/host
Sep 29 21:24:10 gtw01 dnsmasq-dhcp[1043]: read /var/lib/neutron/dhcp/1b41cd12-2dd2-4175-8870-ea7910d639ea/opts
Sep 29 21:24:11 gtw01 dnsmasq[938]: read /var/lib/neutron/dhcp/bc86281d-9f11-4d71-810c-5098e38fdff2/addn_hosts - 1 addresses
Sep 29 21:24:11 gtw01 dnsmasq-dhcp[938]: read /var/lib/neutron/dhcp/bc86281d-9f11-4d71-810c-5098e38fdff2/host
Sep 29 21:24:11 gtw01 dnsmasq-dhcp[938]: read /var/lib/neutron/dhcp/bc86281d-9f11-4d71-810c-5098e38fdff2/opts
Sep 29 21:24:12 gtw01 dnsmasq[982]: read /var/lib/neutron/dhcp/e234fdaf-4897-4218-87f4-75bf20bac3d5/addn_hosts - 1 addresses
Sep 29 21:24:12 gtw01 dnsmasq-dhcp[982]: read /var/lib/neutron/dhcp/e234fdaf-4897-4218-87f4-75bf20bac3d5/host
Sep 29 21:24:12 gtw01 dnsmasq-dhcp[982]: read /var/lib/neutron/dhcp/e234fdaf-4897-4218-87f4-75bf20bac3d5/opts
Sep 29 21:24:12 gtw01 kernel: [11810.552991] device tap3a59841c-ce left promiscuous mode
Sep 29 21:24:13 gtw01 dnsmasq[1043]: read /var/lib/neutron/dhcp/1b41cd12-2dd2-4175-8870-ea7910d639ea/addn_hosts - 1 addresses
Sep 29 21:24:13 gtw01 dnsmasq-dhcp[1043]: read /var/lib/neutron/dhcp/1b41cd12-2dd2-4175-8870-ea7910d639ea/host
Sep 29 21:24:13 gtw01 dnsmasq-dhcp[1043]: read /var/lib/neutron/dhcp/1b41cd12-2dd2-4175-8870-ea7910d639ea/opts
Sep 29 21:24:15 gtw01 kernel: [11813.393618] device tap89c45a88-dc left promiscuous mode
Sep 29 21:24:16 gtw01 kernel: [11814.273443] device tap4904a487-b5 left promiscuous mode
Sep 29 21:24:16 gtw01 kernel: [11814.759984] device tap330da010-c7 left promiscuous mode
Sep 29 21:24:26 gtw01 kernel: [11824.701142] device tap9d5e1e7d-a5 entered promiscuous mode
Sep 29 21:24:26 gtw01 systemd-udevd[1768]: Process '/sbin/ip link set tap9d5e1e7d-a5 txqueuelen 10000' failed with exit code 1.
Sep 29 21:24:26 gtw01 systemd-udevd[1768]: Process '/sbin/ip link set tap9d5e1e7d-a5 txqueuelen 10000' failed with exit code 1.
Sep 29 21:24:28 gtw01 kernel: [11826.421537] device tap6ea832d5-e2 entered promiscuous mode
Sep 29 21:24:28 gtw01 systemd-udevd[1896]: Could not generate persistent MAC address for tap6ea832d5-e2: No such file or directory
Sep 29 21:24:28 gtw01 systemd-udevd[1896]: Process '/sbin/ip link set tap6ea832d5-e2 txqueuelen 10000' failed with exit code 1.
Sep 29 21:24:28 gtw01 systemd-udevd[1970]: Process '/sbin/ip link set tap6ea832d5-e2 txqueuelen 10000' failed with exit code 1.
Sep 29 21:24:29 gtw01 dnsmasq[2030]: started, version 2.80 cachesize 150
Sep 29 21:24:29 gtw01 dnsmasq[2030]: DNS service limited to local subnets
Sep 29 21:24:29 gtw01 dnsmasq[2030]: compile time options: IPv6 GNU-getopt DBus i18n IDN DHCP DHCPv6 no-Lua TFTP conntrack ipset auth DNSSEC loop-detect inotify dumpfile
Sep 29 21:24:29 gtw01 dnsmasq[2030]: warning: no upstream servers configured
Sep 29 21:24:29 gtw01 dnsmasq-dhcp[2030]: DHCP, static leases only on 11.11.11.0, lease time 1h
Sep 29 21:24:29 gtw01 dnsmasq[2030]: read /var/lib/neutron/dhcp/af8585c9-0d38-45a2-9ce7-1db986361a32/addn_hosts - 1 addresses
Sep 29 21:24:29 gtw01 dnsmasq-dhcp[2030]: read /var/lib/neutron/dhcp/af8585c9-0d38-45a2-9ce7-1db986361a32/host
Sep 29 21:24:29 gtw01 dnsmasq-dhcp[2030]: read /var/lib/neutron/dhcp/af8585c9-0d38-45a2-9ce7-1db986361a32/opts
Sep 29 21:24:30 gtw01 haproxy-metadata-proxy-af8585c9-0d38-45a2-9ce7-1db986361a32[2041]: Proxy listener started.
Sep 29 21:24:31 gtw01 dnsmasq[2030]: read /var/lib/neutron/dhcp/af8585c9-0d38-45a2-9ce7-1db986361a32/addn_hosts - 2 addresses
Sep 29 21:24:31 gtw01 dnsmasq-dhcp[2030]: read /var/lib/neutron/dhcp/af8585c9-0d38-45a2-9ce7-1db986361a32/host
Sep 29 21:24:31 gtw01 dnsmasq-dhcp[2030]: read /var/lib/neutron/dhcp/af8585c9-0d38-45a2-9ce7-1db986361a32/opts
Sep 29 21:24:31 gtw01 dnsmasq[2081]: started, version 2.80 cachesize 150
Sep 29 21:24:31 gtw01 dnsmasq[2081]: DNS service limited to local subnets
Sep 29 21:24:31 gtw01 dnsmasq[2081]: compile time options: IPv6 GNU-getopt DBus i18n IDN DHCP DHCPv6 no-Lua TFTP conntrack ipset auth DNSSEC loop-detect inotify dumpfile
Sep 29 21:24:31 gtw01 dnsmasq[2081]: warning: no upstream servers configured
Sep 29 21:24:31 gtw01 dnsmasq-dhcp[2081]: DHCP, static leases only on 11.11.11.0, lease time 1h
Sep 29 21:24:31 gtw01 dnsmasq[2081]: read /var/lib/neutron/dhcp/807b3c62-02b2-48f8-bb96-918f6fa6876e/addn_hosts - 1 addresses
Sep 29 21:24:31 gtw01 dnsmasq-dhcp[2081]: read /var/lib/neutron/dhcp/807b3c62-02b2-48f8-bb96-918f6fa6876e/host
Sep 29 21:24:31 gtw01 dnsmasq-dhcp[2081]: read /var/lib/neutron/dhcp/807b3c62-02b2-48f8-bb96-918f6fa6876e/opts
Sep 29 21:24:31 gtw01 haproxy-metadata-proxy-807b3c62-02b2-48f8-bb96-918f6fa6876e[2089]: Proxy listener started.
Sep 29 21:24:32 gtw01 dnsmasq[2030]: read /var/lib/neutron/dhcp/af8585c9-0d38-45a2-9ce7-1db986361a32/addn_hosts - 2 addresses
Sep 29 21:24:32 gtw01 dnsmasq-dhcp[2030]: read /var/lib/neutron/dhcp/af8585c9-0d38-45a2-9ce7-1db986361a32/host
Sep 29 21:24:32 gtw01 dnsmasq-dhcp[2030]: read /var/lib/neutron/dhcp/af8585c9-0d38-45a2-9ce7-1db986361a32/opts
Sep 29 21:24:33 gtw01 dnsmasq[2081]: read /var/lib/neutron/dhcp/807b3c62-02b2-48f8-bb96-918f6fa6876e/addn_hosts - 2 addresses
Sep 29 21:24:33 gtw01 dnsmasq-dhcp[2081]: read /var/lib/neutron/dhcp/807b3c62-02b2-48f8-bb96-918f6fa6876e/host
Sep 29 21:24:33 gtw01 dnsmasq-dhcp[2081]: read /var/lib/neutron/dhcp/807b3c62-02b2-48f8-bb96-918f6fa6876e/opts
Sep 29 21:24:33 gtw01 dnsmasq[2030]: read /var/lib/neutron/dhcp/af8585c9-0d38-45a2-9ce7-1db986361a32/addn_hosts - 2 addresses
Sep 29 21:24:33 gtw01 dnsmasq-dhcp[2030]: read /var/lib/neutron/dhcp/af8585c9-0d38-45a2-9ce7-1db986361a32/host
Sep 29 21:24:33 gtw01 dnsmasq-dhcp[2030]: read /var/lib/neutron/dhcp/af8585c9-0d38-45a2-9ce7-1db986361a32/opts
Sep 29 21:24:33 gtw01 kernel: [11831.932893] device tapdc89a01e-d1 entered promiscuous mode
Sep 29 21:24:33 gtw01 systemd-udevd[2164]: Could not generate persistent MAC address for tapdc89a01e-d1: No such file or directory
Sep 29 21:24:33 gtw01 systemd-udevd[2234]: Process '/sbin/ip link set tapdc89a01e-d1 txqueuelen 10000' failed with exit code 1.
Sep 29 21:24:34 gtw01 kernel: [11832.317439] device tap57d0529c-6a entered promiscuous mode
Sep 29 21:24:34 gtw01 systemd-udevd[2260]: Could not generate persistent MAC address for tap57d0529c-6a: No such file or directory
Sep 29 21:24:34 gtw01 systemd-udevd[2330]: Process '/sbin/ip link set tap57d0529c-6a txqueuelen 10000' failed with exit code 1.
Sep 29 21:24:34 gtw01 dnsmasq[2081]: read /var/lib/neutron/dhcp/807b3c62-02b2-48f8-bb96-918f6fa6876e/addn_hosts - 2 addresses
Sep 29 21:24:34 gtw01 dnsmasq-dhcp[2081]: read /var/lib/neutron/dhcp/807b3c62-02b2-48f8-bb96-918f6fa6876e/host
Sep 29 21:24:34 gtw01 dnsmasq-dhcp[2081]: read /var/lib/neutron/dhcp/807b3c62-02b2-48f8-bb96-918f6fa6876e/opts
Sep 29 21:24:35 gtw01 dnsmasq[2030]: read /var/lib/neutron/dhcp/af8585c9-0d38-45a2-9ce7-1db986361a32/addn_hosts - 3 addresses
Sep 29 21:24:35 gtw01 dnsmasq-dhcp[2030]: read /var/lib/neutron/dhcp/af8585c9-0d38-45a2-9ce7-1db986361a32/host
Sep 29 21:24:35 gtw01 dnsmasq-dhcp[2030]: read /var/lib/neutron/dhcp/af8585c9-0d38-45a2-9ce7-1db986361a32/opts
Sep 29 21:24:36 gtw01 dnsmasq[2081]: read /var/lib/neutron/dhcp/807b3c62-02b2-48f8-bb96-918f6fa6876e/addn_hosts - 2 addresses
Sep 29 21:24:36 gtw01 dnsmasq-dhcp[2081]: read /var/lib/neutron/dhcp/807b3c62-02b2-48f8-bb96-918f6fa6876e/host
Sep 29 21:24:36 gtw01 dnsmasq-dhcp[2081]: read /var/lib/neutron/dhcp/807b3c62-02b2-48f8-bb96-918f6fa6876e/opts
Sep 29 21:24:36 gtw01 dnsmasq[2030]: read /var/lib/neutron/dhcp/af8585c9-0d38-45a2-9ce7-1db986361a32/addn_hosts - 3 addresses
Sep 29 21:24:36 gtw01 dnsmasq-dhcp[2030]: read /var/lib/neutron/dhcp/af8585c9-0d38-45a2-9ce7-1db986361a32/host
Sep 29 21:24:36 gtw01 dnsmasq-dhcp[2030]: read /var/lib/neutron/dhcp/af8585c9-0d38-45a2-9ce7-1db986361a32/opts
Sep 29 21:24:37 gtw01 dnsmasq[2081]: read /var/lib/neutron/dhcp/807b3c62-02b2-48f8-bb96-918f6fa6876e/addn_hosts - 3 addresses
Sep 29 21:24:37 gtw01 dnsmasq-dhcp[2081]: read /var/lib/neutron/dhcp/807b3c62-02b2-48f8-bb96-918f6fa6876e/host
Sep 29 21:24:37 gtw01 dnsmasq-dhcp[2081]: read /var/lib/neutron/dhcp/807b3c62-02b2-48f8-bb96-918f6fa6876e/opts
Sep 29 21:24:38 gtw01 dnsmasq[2030]: read /var/lib/neutron/dhcp/af8585c9-0d38-45a2-9ce7-1db986361a32/addn_hosts - 3 addresses
Sep 29 21:24:38 gtw01 dnsmasq-dhcp[2030]: read /var/lib/neutron/dhcp/af8585c9-0d38-45a2-9ce7-1db986361a32/host
Sep 29 21:24:38 gtw01 dnsmasq-dhcp[2030]: read /var/lib/neutron/dhcp/af8585c9-0d38-45a2-9ce7-1db986361a32/opts
Sep 29 21:24:39 gtw01 dnsmasq[2544]: started, version 2.80 cachesize 150
Sep 29 21:24:39 gtw01 dnsmasq[2544]: DNS service limited to local subnets
Sep 29 21:24:39 gtw01 dnsmasq[2544]: compile time options: IPv6 GNU-getopt DBus i18n IDN DHCP DHCPv6 no-Lua TFTP conntrack ipset auth DNSSEC loop-detect inotify dumpfile
Sep 29 21:24:39 gtw01 dnsmasq[2544]: warning: no upstream servers configured
Sep 29 21:24:39 gtw01 dnsmasq-dhcp[2544]: DHCP, static leases only on 11.11.11.0, lease time 1h
Sep 29 21:24:39 gtw01 dnsmasq[2544]: read /var/lib/neutron/dhcp/c1b0bc0a-ff95-43b3-9538-4a2292b82b60/addn_hosts - 1 addresses
Sep 29 21:24:39 gtw01 dnsmasq-dhcp[2544]: read /var/lib/neutron/dhcp/c1b0bc0a-ff95-43b3-9538-4a2292b82b60/host
Sep 29 21:24:39 gtw01 dnsmasq-dhcp[2544]: read /var/lib/neutron/dhcp/c1b0bc0a-ff95-43b3-9538-4a2292b82b60/opts
Sep 29 21:24:39 gtw01 dnsmasq[2552]: started, version 2.80 cachesize 150
Sep 29 21:24:39 gtw01 dnsmasq[2552]: DNS service limited to local subnets
Sep 29 21:24:39 gtw01 dnsmasq[2552]: compile time options: IPv6 GNU-getopt DBus i18n IDN DHCP DHCPv6 no-Lua TFTP conntrack ipset auth DNSSEC loop-detect inotify dumpfile
Sep 29 21:24:39 gtw01 dnsmasq[2552]: warning: no upstream servers configured
Sep 29 21:24:39 gtw01 dnsmasq-dhcp[2552]: DHCP, static leases only on 11.11.11.0, lease time 1h
Sep 29 21:24:39 gtw01 dnsmasq[2552]: read /var/lib/neutron/dhcp/cc164394-29a1-4b46-9f8d-543ce82b5b71/addn_hosts - 1 addresses
Sep 29 21:24:39 gtw01 dnsmasq-dhcp[2552]: read /var/lib/neutron/dhcp/cc164394-29a1-4b46-9f8d-543ce82b5b71/host
Sep 29 21:24:39 gtw01 dnsmasq-dhcp[2552]: read /var/lib/neutron/dhcp/cc164394-29a1-4b46-9f8d-543ce82b5b71/opts
Sep 29 21:24:39 gtw01 dnsmasq[2081]: read /var/lib/neutron/dhcp/807b3c62-02b2-48f8-bb96-918f6fa6876e/addn_hosts - 3 addresses
Sep 29 21:24:39 gtw01 dnsmasq-dhcp[2081]: read /var/lib/neutron/dhcp/807b3c62-02b2-48f8-bb96-918f6fa6876e/host
Sep 29 21:24:39 gtw01 dnsmasq-dhcp[2081]: read /var/lib/neutron/dhcp/807b3c62-02b2-48f8-bb96-918f6fa6876e/opts
Sep 29 21:24:39 gtw01 haproxy-metadata-proxy-c1b0bc0a-ff95-43b3-9538-4a2292b82b60[2559]: Proxy listener started.
Sep 29 21:24:39 gtw01 haproxy-metadata-proxy-cc164394-29a1-4b46-9f8d-543ce82b5b71[2568]: Proxy listener started.
Sep 29 21:24:40 gtw01 dnsmasq[2030]: read /var/lib/neutron/dhcp/af8585c9-0d38-45a2-9ce7-1db986361a32/addn_hosts - 3 addresses
Sep 29 21:24:40 gtw01 dnsmasq-dhcp[2030]: read /var/lib/neutron/dhcp/af8585c9-0d38-45a2-9ce7-1db986361a32/host
Sep 29 21:24:40 gtw01 dnsmasq-dhcp[2030]: read /var/lib/neutron/dhcp/af8585c9-0d38-45a2-9ce7-1db986361a32/opts
Sep 29 21:24:40 gtw01 dnsmasq[2544]: read /var/lib/neutron/dhcp/c1b0bc0a-ff95-43b3-9538-4a2292b82b60/addn_hosts - 3 addresses
Sep 29 21:24:40 gtw01 dnsmasq-dhcp[2544]: read /var/lib/neutron/dhcp/c1b0bc0a-ff95-43b3-9538-4a2292b82b60/host
Sep 29 21:24:40 gtw01 dnsmasq-dhcp[2544]: read /var/lib/neutron/dhcp/c1b0bc0a-ff95-43b3-9538-4a2292b82b60/opts
Sep 29 21:24:41 gtw01 dnsmasq[2081]: read /var/lib/neutron/dhcp/807b3c62-02b2-48f8-bb96-918f6fa6876e/addn_hosts - 3 addresses
Sep 29 21:24:41 gtw01 dnsmasq-dhcp[2081]: read /var/lib/neutron/dhcp/807b3c62-02b2-48f8-bb96-918f6fa6876e/host
Sep 29 21:24:41 gtw01 dnsmasq-dhcp[2081]: read /var/lib/neutron/dhcp/807b3c62-02b2-48f8-bb96-918f6fa6876e/opts
Sep 29 21:24:41 gtw01 dnsmasq[2552]: read /var/lib/neutron/dhcp/cc164394-29a1-4b46-9f8d-543ce82b5b71/addn_hosts - 3 addresses
Sep 29 21:24:41 gtw01 dnsmasq-dhcp[2552]: read /var/lib/neutron/dhcp/cc164394-29a1-4b46-9f8d-543ce82b5b71/host
Sep 29 21:24:41 gtw01 dnsmasq-dhcp[2552]: read /var/lib/neutron/dhcp/cc164394-29a1-4b46-9f8d-543ce82b5b71/opts
Sep 29 21:24:41 gtw01 dnsmasq[2030]: read /var/lib/neutron/dhcp/af8585c9-0d38-45a2-9ce7-1db986361a32/addn_hosts - 3 addresses
Sep 29 21:24:41 gtw01 dnsmasq-dhcp[2030]: read /var/lib/neutron/dhcp/af8585c9-0d38-45a2-9ce7-1db986361a32/host
Sep 29 21:24:41 gtw01 dnsmasq-dhcp[2030]: read /var/lib/neutron/dhcp/af8585c9-0d38-45a2-9ce7-1db986361a32/opts
Sep 29 21:24:42 gtw01 dnsmasq[2544]: read /var/lib/neutron/dhcp/c1b0bc0a-ff95-43b3-9538-4a2292b82b60/addn_hosts - 3 addresses
Sep 29 21:24:42 gtw01 dnsmasq-dhcp[2544]: read /var/lib/neutron/dhcp/c1b0bc0a-ff95-43b3-9538-4a2292b82b60/host
Sep 29 21:24:42 gtw01 dnsmasq-dhcp[2544]: read /var/lib/neutron/dhcp/c1b0bc0a-ff95-43b3-9538-4a2292b82b60/opts
Sep 29 21:24:42 gtw01 dnsmasq[2081]: read /var/lib/neutron/dhcp/807b3c62-02b2-48f8-bb96-918f6fa6876e/addn_hosts - 3 addresses
Sep 29 21:24:42 gtw01 dnsmasq-dhcp[2081]: read /var/lib/neutron/dhcp/807b3c62-02b2-48f8-bb96-918f6fa6876e/host
Sep 29 21:24:42 gtw01 dnsmasq-dhcp[2081]: read /var/lib/neutron/dhcp/807b3c62-02b2-48f8-bb96-918f6fa6876e/opts
Sep 29 21:24:42 gtw01 dnsmasq[2552]: read /var/lib/neutron/dhcp/cc164394-29a1-4b46-9f8d-543ce82b5b71/addn_hosts - 3 addresses
Sep 29 21:24:42 gtw01 dnsmasq-dhcp[2552]: read /var/lib/neutron/dhcp/cc164394-29a1-4b46-9f8d-543ce82b5b71/host
Sep 29 21:24:42 gtw01 dnsmasq-dhcp[2552]: read /var/lib/neutron/dhcp/cc164394-29a1-4b46-9f8d-543ce82b5b71/opts
Sep 29 21:24:43 gtw01 dnsmasq[2544]: read /var/lib/neutron/dhcp/c1b0bc0a-ff95-43b3-9538-4a2292b82b60/addn_hosts - 3 addresses
Sep 29 21:24:43 gtw01 dnsmasq-dhcp[2544]: read /var/lib/neutron/dhcp/c1b0bc0a-ff95-43b3-9538-4a2292b82b60/host
Sep 29 21:24:43 gtw01 dnsmasq-dhcp[2544]: read /var/lib/neutron/dhcp/c1b0bc0a-ff95-43b3-9538-4a2292b82b60/opts
Sep 29 21:24:43 gtw01 dnsmasq[2081]: read /var/lib/neutron/dhcp/807b3c62-02b2-48f8-bb96-918f6fa6876e/addn_hosts - 3 addresses
Sep 29 21:24:43 gtw01 dnsmasq-dhcp[2081]: read /var/lib/neutron/dhcp/807b3c62-02b2-48f8-bb96-918f6fa6876e/host
Sep 29 21:24:43 gtw01 dnsmasq-dhcp[2081]: read /var/lib/neutron/dhcp/807b3c62-02b2-48f8-bb96-918f6fa6876e/opts
Sep 29 21:24:43 gtw01 dnsmasq[2552]: read /var/lib/neutron/dhcp/cc164394-29a1-4b46-9f8d-543ce82b5b71/addn_hosts - 3 addresses
Sep 29 21:24:43 gtw01 dnsmasq-dhcp[2552]: read /var/lib/neutron/dhcp/cc164394-29a1-4b46-9f8d-543ce82b5b71/host
Sep 29 21:24:43 gtw01 dnsmasq-dhcp[2552]: read /var/lib/neutron/dhcp/cc164394-29a1-4b46-9f8d-543ce82b5b71/opts
Sep 29 21:24:44 gtw01 dnsmasq[2544]: read /var/lib/neutron/dhcp/c1b0bc0a-ff95-43b3-9538-4a2292b82b60/addn_hosts - 3 addresses
Sep 29 21:24:44 gtw01 dnsmasq-dhcp[2544]: read /var/lib/neutron/dhcp/c1b0bc0a-ff95-43b3-9538-4a2292b82b60/host
Sep 29 21:24:44 gtw01 dnsmasq-dhcp[2544]: read /var/lib/neutron/dhcp/c1b0bc0a-ff95-43b3-9538-4a2292b82b60/opts
Sep 29 21:24:45 gtw01 dnsmasq[2552]: read /var/lib/neutron/dhcp/cc164394-29a1-4b46-9f8d-543ce82b5b71/addn_hosts - 3 addresses
Sep 29 21:24:45 gtw01 dnsmasq-dhcp[2552]: read /var/lib/neutron/dhcp/cc164394-29a1-4b46-9f8d-543ce82b5b71/host
Sep 29 21:24:45 gtw01 dnsmasq-dhcp[2552]: read /var/lib/neutron/dhcp/cc164394-29a1-4b46-9f8d-543ce82b5b71/opts
Sep 29 21:24:45 gtw01 dnsmasq[2081]: read /var/lib/neutron/dhcp/807b3c62-02b2-48f8-bb96-918f6fa6876e/addn_hosts - 2 addresses
Sep 29 21:24:45 gtw01 dnsmasq-dhcp[2081]: read /var/lib/neutron/dhcp/807b3c62-02b2-48f8-bb96-918f6fa6876e/host
Sep 29 21:24:45 gtw01 dnsmasq-dhcp[2081]: read /var/lib/neutron/dhcp/807b3c62-02b2-48f8-bb96-918f6fa6876e/opts
Sep 29 21:24:46 gtw01 dnsmasq[2544]: read /var/lib/neutron/dhcp/c1b0bc0a-ff95-43b3-9538-4a2292b82b60/addn_hosts - 3 addresses
Sep 29 21:24:46 gtw01 dnsmasq-dhcp[2544]: read /var/lib/neutron/dhcp/c1b0bc0a-ff95-43b3-9538-4a2292b82b60/host
Sep 29 21:24:46 gtw01 dnsmasq-dhcp[2544]: read /var/lib/neutron/dhcp/c1b0bc0a-ff95-43b3-9538-4a2292b82b60/opts
Sep 29 21:24:46 gtw01 dnsmasq[2552]: read /var/lib/neutron/dhcp/cc164394-29a1-4b46-9f8d-543ce82b5b71/addn_hosts - 3 addresses
Sep 29 21:24:46 gtw01 dnsmasq-dhcp[2552]: read /var/lib/neutron/dhcp/cc164394-29a1-4b46-9f8d-543ce82b5b71/host
Sep 29 21:24:46 gtw01 dnsmasq-dhcp[2552]: read /var/lib/neutron/dhcp/cc164394-29a1-4b46-9f8d-543ce82b5b71/opts
Sep 29 21:24:46 gtw01 dnsmasq[2081]: read /var/lib/neutron/dhcp/807b3c62-02b2-48f8-bb96-918f6fa6876e/addn_hosts - 2 addresses
Sep 29 21:24:46 gtw01 dnsmasq-dhcp[2081]: read /var/lib/neutron/dhcp/807b3c62-02b2-48f8-bb96-918f6fa6876e/host
Sep 29 21:24:46 gtw01 dnsmasq-dhcp[2081]: read /var/lib/neutron/dhcp/807b3c62-02b2-48f8-bb96-918f6fa6876e/opts
Sep 29 21:24:47 gtw01 dnsmasq[2544]: read /var/lib/neutron/dhcp/c1b0bc0a-ff95-43b3-9538-4a2292b82b60/addn_hosts - 3 addresses
Sep 29 21:24:47 gtw01 dnsmasq-dhcp[2544]: read /var/lib/neutron/dhcp/c1b0bc0a-ff95-43b3-9538-4a2292b82b60/host
Sep 29 21:24:47 gtw01 dnsmasq-dhcp[2544]: read /var/lib/neutron/dhcp/c1b0bc0a-ff95-43b3-9538-4a2292b82b60/opts
Sep 29 21:24:47 gtw01 dnsmasq[2552]: read /var/lib/neutron/dhcp/cc164394-29a1-4b46-9f8d-543ce82b5b71/addn_hosts - 3 addresses
Sep 29 21:24:47 gtw01 dnsmasq-dhcp[2552]: read /var/lib/neutron/dhcp/cc164394-29a1-4b46-9f8d-543ce82b5b71/host
Sep 29 21:24:47 gtw01 dnsmasq-dhcp[2552]: read /var/lib/neutron/dhcp/cc164394-29a1-4b46-9f8d-543ce82b5b71/opts
Sep 29 21:24:48 gtw01 dnsmasq[2544]: read /var/lib/neutron/dhcp/c1b0bc0a-ff95-43b3-9538-4a2292b82b60/addn_hosts - 3 addresses
Sep 29 21:24:48 gtw01 dnsmasq-dhcp[2544]: read /var/lib/neutron/dhcp/c1b0bc0a-ff95-43b3-9538-4a2292b82b60/host
Sep 29 21:24:48 gtw01 dnsmasq-dhcp[2544]: read /var/lib/neutron/dhcp/c1b0bc0a-ff95-43b3-9538-4a2292b82b60/opts
Sep 29 21:24:48 gtw01 dnsmasq[2552]: read /var/lib/neutron/dhcp/cc164394-29a1-4b46-9f8d-543ce82b5b71/addn_hosts - 3 addresses
Sep 29 21:24:48 gtw01 dnsmasq-dhcp[2552]: read /var/lib/neutron/dhcp/cc164394-29a1-4b46-9f8d-543ce82b5b71/host
Sep 29 21:24:48 gtw01 dnsmasq-dhcp[2552]: read /var/lib/neutron/dhcp/cc164394-29a1-4b46-9f8d-543ce82b5b71/opts
Sep 29 21:24:49 gtw01 dnsmasq[2544]: read /var/lib/neutron/dhcp/c1b0bc0a-ff95-43b3-9538-4a2292b82b60/addn_hosts - 3 addresses
Sep 29 21:24:49 gtw01 dnsmasq-dhcp[2544]: read /var/lib/neutron/dhcp/c1b0bc0a-ff95-43b3-9538-4a2292b82b60/host
Sep 29 21:24:49 gtw01 dnsmasq-dhcp[2544]: read /var/lib/neutron/dhcp/c1b0bc0a-ff95-43b3-9538-4a2292b82b60/opts
Sep 29 21:24:49 gtw01 dnsmasq[2552]: read /var/lib/neutron/dhcp/cc164394-29a1-4b46-9f8d-543ce82b5b71/addn_hosts - 3 addresses
Sep 29 21:24:49 gtw01 dnsmasq-dhcp[2552]: read /var/lib/neutron/dhcp/cc164394-29a1-4b46-9f8d-543ce82b5b71/host
Sep 29 21:24:49 gtw01 dnsmasq-dhcp[2552]: read /var/lib/neutron/dhcp/cc164394-29a1-4b46-9f8d-543ce82b5b71/opts
Sep 29 21:24:49 gtw01 dnsmasq[2081]: read /var/lib/neutron/dhcp/807b3c62-02b2-48f8-bb96-918f6fa6876e/addn_hosts - 1 addresses
Sep 29 21:24:49 gtw01 dnsmasq-dhcp[2081]: read /var/lib/neutron/dhcp/807b3c62-02b2-48f8-bb96-918f6fa6876e/host
Sep 29 21:24:49 gtw01 dnsmasq-dhcp[2081]: read /var/lib/neutron/dhcp/807b3c62-02b2-48f8-bb96-918f6fa6876e/opts
Sep 29 21:24:50 gtw01 dnsmasq[2030]: read /var/lib/neutron/dhcp/af8585c9-0d38-45a2-9ce7-1db986361a32/addn_hosts - 3 addresses
Sep 29 21:24:50 gtw01 dnsmasq-dhcp[2030]: read /var/lib/neutron/dhcp/af8585c9-0d38-45a2-9ce7-1db986361a32/host
Sep 29 21:24:50 gtw01 dnsmasq-dhcp[2030]: read /var/lib/neutron/dhcp/af8585c9-0d38-45a2-9ce7-1db986361a32/opts
Sep 29 21:24:51 gtw01 dnsmasq[2030]: read /var/lib/neutron/dhcp/af8585c9-0d38-45a2-9ce7-1db986361a32/addn_hosts - 2 addresses
Sep 29 21:24:51 gtw01 dnsmasq-dhcp[2030]: read /var/lib/neutron/dhcp/af8585c9-0d38-45a2-9ce7-1db986361a32/host
Sep 29 21:24:51 gtw01 dnsmasq-dhcp[2030]: read /var/lib/neutron/dhcp/af8585c9-0d38-45a2-9ce7-1db986361a32/opts
Sep 29 21:24:51 gtw01 dnsmasq[2552]: read /var/lib/neutron/dhcp/cc164394-29a1-4b46-9f8d-543ce82b5b71/addn_hosts - 3 addresses
Sep 29 21:24:51 gtw01 dnsmasq-dhcp[2552]: read /var/lib/neutron/dhcp/cc164394-29a1-4b46-9f8d-543ce82b5b71/host
Sep 29 21:24:51 gtw01 dnsmasq-dhcp[2552]: read /var/lib/neutron/dhcp/cc164394-29a1-4b46-9f8d-543ce82b5b71/opts
Sep 29 21:24:52 gtw01 dnsmasq[2030]: read /var/lib/neutron/dhcp/af8585c9-0d38-45a2-9ce7-1db986361a32/addn_hosts - 1 addresses
Sep 29 21:24:52 gtw01 dnsmasq-dhcp[2030]: read /var/lib/neutron/dhcp/af8585c9-0d38-45a2-9ce7-1db986361a32/host
Sep 29 21:24:52 gtw01 dnsmasq-dhcp[2030]: read /var/lib/neutron/dhcp/af8585c9-0d38-45a2-9ce7-1db986361a32/opts
Sep 29 21:24:52 gtw01 kernel: [11850.982963] device tap6ea832d5-e2 left promiscuous mode
Sep 29 21:24:54 gtw01 dnsmasq[2552]: read /var/lib/neutron/dhcp/cc164394-29a1-4b46-9f8d-543ce82b5b71/addn_hosts - 2 addresses
Sep 29 21:24:54 gtw01 dnsmasq-dhcp[2552]: read /var/lib/neutron/dhcp/cc164394-29a1-4b46-9f8d-543ce82b5b71/host
Sep 29 21:24:54 gtw01 dnsmasq-dhcp[2552]: read /var/lib/neutron/dhcp/cc164394-29a1-4b46-9f8d-543ce82b5b71/opts
Sep 29 21:24:55 gtw01 dnsmasq[2544]: read /var/lib/neutron/dhcp/c1b0bc0a-ff95-43b3-9538-4a2292b82b60/addn_hosts - 2 addresses
Sep 29 21:24:55 gtw01 dnsmasq-dhcp[2544]: read /var/lib/neutron/dhcp/c1b0bc0a-ff95-43b3-9538-4a2292b82b60/host
Sep 29 21:24:55 gtw01 dnsmasq-dhcp[2544]: read /var/lib/neutron/dhcp/c1b0bc0a-ff95-43b3-9538-4a2292b82b60/opts
Sep 29 21:24:56 gtw01 dnsmasq[2552]: read /var/lib/neutron/dhcp/cc164394-29a1-4b46-9f8d-543ce82b5b71/addn_hosts - 1 addresses
Sep 29 21:24:56 gtw01 dnsmasq-dhcp[2552]: read /var/lib/neutron/dhcp/cc164394-29a1-4b46-9f8d-543ce82b5b71/host
Sep 29 21:24:56 gtw01 dnsmasq-dhcp[2552]: read /var/lib/neutron/dhcp/cc164394-29a1-4b46-9f8d-543ce82b5b71/opts
Sep 29 21:24:58 gtw01 dnsmasq[2544]: read /var/lib/neutron/dhcp/c1b0bc0a-ff95-43b3-9538-4a2292b82b60/addn_hosts - 2 addresses
Sep 29 21:24:58 gtw01 dnsmasq-dhcp[2544]: read /var/lib/neutron/dhcp/c1b0bc0a-ff95-43b3-9538-4a2292b82b60/host
Sep 29 21:24:58 gtw01 dnsmasq-dhcp[2544]: read /var/lib/neutron/dhcp/c1b0bc0a-ff95-43b3-9538-4a2292b82b60/opts
Sep 29 21:24:59 gtw01 kernel: [11857.200613] device tap9d5e1e7d-a5 left promiscuous mode
Sep 29 21:25:01 gtw01 dnsmasq[2544]: read /var/lib/neutron/dhcp/c1b0bc0a-ff95-43b3-9538-4a2292b82b60/addn_hosts - 1 addresses
Sep 29 21:25:01 gtw01 dnsmasq-dhcp[2544]: read /var/lib/neutron/dhcp/c1b0bc0a-ff95-43b3-9538-4a2292b82b60/host
Sep 29 21:25:01 gtw01 dnsmasq-dhcp[2544]: read /var/lib/neutron/dhcp/c1b0bc0a-ff95-43b3-9538-4a2292b82b60/opts
Sep 29 21:25:01 gtw01 kernel: [11859.380227] device tap57d0529c-6a left promiscuous mode
Sep 29 21:25:04 gtw01 kernel: [11862.726135] device tapdc89a01e-d1 left promiscuous mode
Sep 29 21:25:06 gtw01 kernel: [11864.395279] device tapa35e5611-38 entered promiscuous mode
Sep 29 21:25:06 gtw01 systemd-udevd[3180]: Could not generate persistent MAC address for tapa35e5611-38: No such file or directory
Sep 29 21:25:06 gtw01 systemd-udevd[3180]: Process '/sbin/ip link set tapa35e5611-38 txqueuelen 10000' failed with exit code 1.
Sep 29 21:25:06 gtw01 systemd-udevd[3180]: Process '/sbin/ip link set tapa35e5611-38 txqueuelen 10000' failed with exit code 1.
Sep 29 21:25:09 gtw01 dnsmasq[3315]: started, version 2.80 cachesize 150
Sep 29 21:25:09 gtw01 dnsmasq[3315]: DNS service limited to local subnets
Sep 29 21:25:09 gtw01 dnsmasq[3315]: compile time options: IPv6 GNU-getopt DBus i18n IDN DHCP DHCPv6 no-Lua TFTP conntrack ipset auth DNSSEC loop-detect inotify dumpfile
Sep 29 21:25:09 gtw01 dnsmasq[3315]: warning: no upstream servers configured
Sep 29 21:25:09 gtw01 dnsmasq-dhcp[3315]: DHCP, static leases only on 11.11.11.0, lease time 1h
Sep 29 21:25:09 gtw01 dnsmasq[3315]: read /var/lib/neutron/dhcp/40d73cd2-7541-440b-b751-2dcc91663083/addn_hosts - 1 addresses
Sep 29 21:25:09 gtw01 dnsmasq-dhcp[3315]: read /var/lib/neutron/dhcp/40d73cd2-7541-440b-b751-2dcc91663083/host
Sep 29 21:25:09 gtw01 dnsmasq-dhcp[3315]: read /var/lib/neutron/dhcp/40d73cd2-7541-440b-b751-2dcc91663083/opts
Sep 29 21:25:09 gtw01 haproxy-metadata-proxy-40d73cd2-7541-440b-b751-2dcc91663083[3322]: Proxy listener started.
Sep 29 21:25:10 gtw01 systemd-udevd[3348]: Could not generate persistent MAC address for tap6d80b0b1-c5: No such file or directory
Sep 29 21:25:10 gtw01 kernel: [11868.639033] device tap6d80b0b1-c5 entered promiscuous mode
Sep 29 21:25:10 gtw01 systemd-udevd[3348]: Process '/sbin/ip link set tap6d80b0b1-c5 txqueuelen 10000' failed with exit code 1.
Sep 29 21:25:10 gtw01 dnsmasq[3315]: read /var/lib/neutron/dhcp/40d73cd2-7541-440b-b751-2dcc91663083/addn_hosts - 3 addresses
