Sep 29 20:46:17 gtw01 dnsmasq[25341]: read /var/lib/neutron/dhcp/ff295283-4d6e-4af4-b0e9-42a4b8608816/addn_hosts - 1 addresses
Sep 29 20:46:17 gtw01 dnsmasq-dhcp[25341]: read /var/lib/neutron/dhcp/ff295283-4d6e-4af4-b0e9-42a4b8608816/host
Sep 29 20:46:17 gtw01 dnsmasq-dhcp[25341]: read /var/lib/neutron/dhcp/ff295283-4d6e-4af4-b0e9-42a4b8608816/opts
Sep 29 20:46:17 gtw01 haproxy-metadata-proxy-ff295283-4d6e-4af4-b0e9-42a4b8608816[25356]: Proxy listener started.
Sep 29 20:46:18 gtw01 kernel: [ 9536.429055] device tap893bdf35-b4 entered promiscuous mode
Sep 29 20:46:18 gtw01 systemd-udevd[25371]: Could not generate persistent MAC address for tap893bdf35-b4: No such file or directory
Sep 29 20:46:19 gtw01 systemd-udevd[25470]: Process '/sbin/ip link set tap893bdf35-b4 txqueuelen 10000' failed with exit code 1.
Sep 29 20:46:19 gtw01 dnsmasq[25234]: read /var/lib/neutron/dhcp/44339f85-5262-4827-bbfb-34dda41c0b2e/addn_hosts - 1 addresses
Sep 29 20:46:19 gtw01 dnsmasq-dhcp[25234]: read /var/lib/neutron/dhcp/44339f85-5262-4827-bbfb-34dda41c0b2e/host
Sep 29 20:46:19 gtw01 dnsmasq-dhcp[25234]: read /var/lib/neutron/dhcp/44339f85-5262-4827-bbfb-34dda41c0b2e/opts
Sep 29 20:46:19 gtw01 kernel: [ 9538.100661] device tap9fd00781-a9 entered promiscuous mode
Sep 29 20:46:19 gtw01 systemd-udevd[25518]: Could not generate persistent MAC address for tap9fd00781-a9: No such file or directory
Sep 29 20:46:20 gtw01 systemd-udevd[25591]: Could not generate persistent MAC address for tap7e858109-a7: No such file or directory
Sep 29 20:46:20 gtw01 kernel: [ 9538.248702] device tap7e858109-a7 entered promiscuous mode
Sep 29 20:46:20 gtw01 dnsmasq[25341]: read /var/lib/neutron/dhcp/ff295283-4d6e-4af4-b0e9-42a4b8608816/addn_hosts - 1 addresses
Sep 29 20:46:20 gtw01 dnsmasq-dhcp[25341]: read /var/lib/neutron/dhcp/ff295283-4d6e-4af4-b0e9-42a4b8608816/host
Sep 29 20:46:20 gtw01 dnsmasq-dhcp[25341]: read /var/lib/neutron/dhcp/ff295283-4d6e-4af4-b0e9-42a4b8608816/opts
Sep 29 20:46:20 gtw01 systemd-udevd[25662]: Process '/sbin/ip link set tap9fd00781-a9 txqueuelen 10000' failed with exit code 1.
Sep 29 20:46:20 gtw01 systemd-udevd[25679]: Process '/sbin/ip link set tap7e858109-a7 txqueuelen 10000' failed with exit code 1.
Sep 29 20:46:20 gtw01 systemd-udevd[25696]: Could not generate persistent MAC address for tapb1fc7774-b2: No such file or directory
Sep 29 20:46:20 gtw01 kernel: [ 9538.692669] device tapb1fc7774-b2 entered promiscuous mode
Sep 29 20:46:20 gtw01 dnsmasq[25766]: started, version 2.80 cachesize 150
Sep 29 20:46:20 gtw01 dnsmasq[25766]: DNS service limited to local subnets
Sep 29 20:46:20 gtw01 dnsmasq[25766]: compile time options: IPv6 GNU-getopt DBus i18n IDN DHCP DHCPv6 no-Lua TFTP conntrack ipset auth DNSSEC loop-detect inotify dumpfile
Sep 29 20:46:20 gtw01 dnsmasq[25766]: warning: no upstream servers configured
Sep 29 20:46:20 gtw01 dnsmasq-dhcp[25766]: DHCP, static leases only on 192.168.120.0, lease time 1h
Sep 29 20:46:20 gtw01 dnsmasq[25766]: read /var/lib/neutron/dhcp/ba60d710-00ff-43fc-b684-69601efbccbe/addn_hosts - 1 addresses
Sep 29 20:46:20 gtw01 dnsmasq-dhcp[25766]: read /var/lib/neutron/dhcp/ba60d710-00ff-43fc-b684-69601efbccbe/host
Sep 29 20:46:20 gtw01 dnsmasq-dhcp[25766]: read /var/lib/neutron/dhcp/ba60d710-00ff-43fc-b684-69601efbccbe/opts
Sep 29 20:46:21 gtw01 systemd-udevd[25794]: Process '/sbin/ip link set tapb1fc7774-b2 txqueuelen 10000' failed with exit code 1.
Sep 29 20:46:21 gtw01 haproxy-metadata-proxy-ba60d710-00ff-43fc-b684-69601efbccbe[25804]: Proxy listener started.
Sep 29 20:46:21 gtw01 systemd-udevd[25817]: Could not generate persistent MAC address for tapa87735ec-d4: No such file or directory
Sep 29 20:46:21 gtw01 kernel: [ 9539.716647] device tapa87735ec-d4 entered promiscuous mode
Sep 29 20:46:22 gtw01 systemd-udevd[25909]: Process '/sbin/ip link set tapa87735ec-d4 txqueuelen 10000' failed with exit code 1.
Sep 29 20:46:22 gtw01 dnsmasq[25234]: read /var/lib/neutron/dhcp/44339f85-5262-4827-bbfb-34dda41c0b2e/addn_hosts - 1 addresses
Sep 29 20:46:22 gtw01 dnsmasq-dhcp[25234]: read /var/lib/neutron/dhcp/44339f85-5262-4827-bbfb-34dda41c0b2e/host
Sep 29 20:46:22 gtw01 dnsmasq-dhcp[25234]: read /var/lib/neutron/dhcp/44339f85-5262-4827-bbfb-34dda41c0b2e/opts
Sep 29 20:46:22 gtw01 dnsmasq[25341]: read /var/lib/neutron/dhcp/ff295283-4d6e-4af4-b0e9-42a4b8608816/addn_hosts - 1 addresses
Sep 29 20:46:22 gtw01 dnsmasq-dhcp[25341]: read /var/lib/neutron/dhcp/ff295283-4d6e-4af4-b0e9-42a4b8608816/host
Sep 29 20:46:22 gtw01 dnsmasq-dhcp[25341]: read /var/lib/neutron/dhcp/ff295283-4d6e-4af4-b0e9-42a4b8608816/opts
Sep 29 20:46:23 gtw01 dnsmasq[25766]: read /var/lib/neutron/dhcp/ba60d710-00ff-43fc-b684-69601efbccbe/addn_hosts - 1 addresses
Sep 29 20:46:23 gtw01 dnsmasq-dhcp[25766]: read /var/lib/neutron/dhcp/ba60d710-00ff-43fc-b684-69601efbccbe/host
Sep 29 20:46:23 gtw01 dnsmasq-dhcp[25766]: read /var/lib/neutron/dhcp/ba60d710-00ff-43fc-b684-69601efbccbe/opts
Sep 29 20:46:25 gtw01 dnsmasq[25234]: read /var/lib/neutron/dhcp/44339f85-5262-4827-bbfb-34dda41c0b2e/addn_hosts - 2 addresses
Sep 29 20:46:25 gtw01 dnsmasq-dhcp[25234]: read /var/lib/neutron/dhcp/44339f85-5262-4827-bbfb-34dda41c0b2e/host
Sep 29 20:46:25 gtw01 dnsmasq-dhcp[25234]: read /var/lib/neutron/dhcp/44339f85-5262-4827-bbfb-34dda41c0b2e/opts
Sep 29 20:46:26 gtw01 dnsmasq[25766]: read /var/lib/neutron/dhcp/ba60d710-00ff-43fc-b684-69601efbccbe/addn_hosts - 1 addresses
Sep 29 20:46:26 gtw01 dnsmasq-dhcp[25766]: read /var/lib/neutron/dhcp/ba60d710-00ff-43fc-b684-69601efbccbe/host
Sep 29 20:46:26 gtw01 dnsmasq-dhcp[25766]: read /var/lib/neutron/dhcp/ba60d710-00ff-43fc-b684-69601efbccbe/opts
Sep 29 20:46:26 gtw01 dnsmasq[25341]: read /var/lib/neutron/dhcp/ff295283-4d6e-4af4-b0e9-42a4b8608816/addn_hosts - 1 addresses
Sep 29 20:46:26 gtw01 dnsmasq-dhcp[25341]: read /var/lib/neutron/dhcp/ff295283-4d6e-4af4-b0e9-42a4b8608816/host
Sep 29 20:46:26 gtw01 dnsmasq-dhcp[25341]: read /var/lib/neutron/dhcp/ff295283-4d6e-4af4-b0e9-42a4b8608816/opts
Sep 29 20:46:28 gtw01 dnsmasq[26174]: started, version 2.80 cachesize 150
Sep 29 20:46:28 gtw01 dnsmasq[26174]: DNS service limited to local subnets
Sep 29 20:46:28 gtw01 dnsmasq[26174]: compile time options: IPv6 GNU-getopt DBus i18n IDN DHCP DHCPv6 no-Lua TFTP conntrack ipset auth DNSSEC loop-detect inotify dumpfile
Sep 29 20:46:28 gtw01 dnsmasq[26174]: warning: no upstream servers configured
Sep 29 20:46:28 gtw01 dnsmasq-dhcp[26174]: DHCP, static leases only on 192.168.120.0, lease time 1h
Sep 29 20:46:28 gtw01 dnsmasq[26174]: read /var/lib/neutron/dhcp/0b637bda-e69a-458d-8ae9-7ee5e6a28b7f/addn_hosts - 1 addresses
Sep 29 20:46:28 gtw01 dnsmasq-dhcp[26174]: read /var/lib/neutron/dhcp/0b637bda-e69a-458d-8ae9-7ee5e6a28b7f/host
Sep 29 20:46:28 gtw01 dnsmasq-dhcp[26174]: read /var/lib/neutron/dhcp/0b637bda-e69a-458d-8ae9-7ee5e6a28b7f/opts
Sep 29 20:46:29 gtw01 haproxy-metadata-proxy-0b637bda-e69a-458d-8ae9-7ee5e6a28b7f[26194]: Proxy listener started.
Sep 29 20:46:29 gtw01 dnsmasq[25766]: read /var/lib/neutron/dhcp/ba60d710-00ff-43fc-b684-69601efbccbe/addn_hosts - 1 addresses
Sep 29 20:46:29 gtw01 dnsmasq-dhcp[25766]: read /var/lib/neutron/dhcp/ba60d710-00ff-43fc-b684-69601efbccbe/host
Sep 29 20:46:29 gtw01 dnsmasq-dhcp[25766]: read /var/lib/neutron/dhcp/ba60d710-00ff-43fc-b684-69601efbccbe/opts
Sep 29 20:46:29 gtw01 dnsmasq[26224]: started, version 2.80 cachesize 150
Sep 29 20:46:29 gtw01 dnsmasq[26224]: DNS service limited to local subnets
Sep 29 20:46:29 gtw01 dnsmasq[26224]: compile time options: IPv6 GNU-getopt DBus i18n IDN DHCP DHCPv6 no-Lua TFTP conntrack ipset auth DNSSEC loop-detect inotify dumpfile
Sep 29 20:46:29 gtw01 dnsmasq[26224]: warning: no upstream servers configured
Sep 29 20:46:29 gtw01 dnsmasq-dhcp[26224]: DHCP, static leases only on 192.168.120.0, lease time 1h
Sep 29 20:46:29 gtw01 dnsmasq[26224]: read /var/lib/neutron/dhcp/4911be4f-fbcf-4a02-8346-370cbfc73468/addn_hosts - 1 addresses
Sep 29 20:46:29 gtw01 dnsmasq-dhcp[26224]: read /var/lib/neutron/dhcp/4911be4f-fbcf-4a02-8346-370cbfc73468/host
Sep 29 20:46:29 gtw01 dnsmasq-dhcp[26224]: read /var/lib/neutron/dhcp/4911be4f-fbcf-4a02-8346-370cbfc73468/opts
Sep 29 20:46:30 gtw01 dnsmasq[26237]: started, version 2.80 cachesize 150
Sep 29 20:46:30 gtw01 dnsmasq[26237]: DNS service limited to local subnets
Sep 29 20:46:30 gtw01 dnsmasq[26237]: compile time options: IPv6 GNU-getopt DBus i18n IDN DHCP DHCPv6 no-Lua TFTP conntrack ipset auth DNSSEC loop-detect inotify dumpfile
Sep 29 20:46:30 gtw01 dnsmasq[26237]: warning: no upstream servers configured
Sep 29 20:46:30 gtw01 dnsmasq-dhcp[26237]: DHCP, static leases only on 192.168.120.0, lease time 1h
Sep 29 20:46:30 gtw01 dnsmasq[26237]: read /var/lib/neutron/dhcp/877c6f7e-d2d0-4667-9f1d-0584e72a9f2a/addn_hosts - 1 addresses
Sep 29 20:46:30 gtw01 dnsmasq-dhcp[26237]: read /var/lib/neutron/dhcp/877c6f7e-d2d0-4667-9f1d-0584e72a9f2a/host
Sep 29 20:46:30 gtw01 dnsmasq-dhcp[26237]: read /var/lib/neutron/dhcp/877c6f7e-d2d0-4667-9f1d-0584e72a9f2a/opts
Sep 29 20:46:30 gtw01 haproxy-metadata-proxy-4911be4f-fbcf-4a02-8346-370cbfc73468[26244]: Proxy listener started.
Sep 29 20:46:30 gtw01 dnsmasq[26254]: started, version 2.80 cachesize 150
Sep 29 20:46:30 gtw01 dnsmasq[26254]: DNS service limited to local subnets
Sep 29 20:46:30 gtw01 dnsmasq[26254]: compile time options: IPv6 GNU-getopt DBus i18n IDN DHCP DHCPv6 no-Lua TFTP conntrack ipset auth DNSSEC loop-detect inotify dumpfile
Sep 29 20:46:30 gtw01 dnsmasq[26254]: warning: no upstream servers configured
Sep 29 20:46:30 gtw01 dnsmasq-dhcp[26254]: DHCP, static leases only on 192.168.120.0, lease time 1h
Sep 29 20:46:30 gtw01 dnsmasq[26254]: read /var/lib/neutron/dhcp/7e4dbcdd-9535-4881-a971-537ec9ce60c4/addn_hosts - 1 addresses
Sep 29 20:46:30 gtw01 dnsmasq-dhcp[26254]: read /var/lib/neutron/dhcp/7e4dbcdd-9535-4881-a971-537ec9ce60c4/host
Sep 29 20:46:30 gtw01 dnsmasq-dhcp[26254]: read /var/lib/neutron/dhcp/7e4dbcdd-9535-4881-a971-537ec9ce60c4/opts
Sep 29 20:46:30 gtw01 haproxy-metadata-proxy-877c6f7e-d2d0-4667-9f1d-0584e72a9f2a[26256]: Proxy listener started.
Sep 29 20:46:31 gtw01 haproxy-metadata-proxy-7e4dbcdd-9535-4881-a971-537ec9ce60c4[26281]: Proxy listener started.
Sep 29 20:46:31 gtw01 dnsmasq[26174]: read /var/lib/neutron/dhcp/0b637bda-e69a-458d-8ae9-7ee5e6a28b7f/addn_hosts - 2 addresses
Sep 29 20:46:31 gtw01 dnsmasq-dhcp[26174]: read /var/lib/neutron/dhcp/0b637bda-e69a-458d-8ae9-7ee5e6a28b7f/host
Sep 29 20:46:31 gtw01 dnsmasq-dhcp[26174]: read /var/lib/neutron/dhcp/0b637bda-e69a-458d-8ae9-7ee5e6a28b7f/opts
Sep 29 20:46:32 gtw01 dnsmasq[26313]: started, version 2.80 cachesize 150
Sep 29 20:46:32 gtw01 dnsmasq[26313]: DNS service limited to local subnets
Sep 29 20:46:32 gtw01 dnsmasq[26313]: compile time options: IPv6 GNU-getopt DBus i18n IDN DHCP DHCPv6 no-Lua TFTP conntrack ipset auth DNSSEC loop-detect inotify dumpfile
Sep 29 20:46:32 gtw01 dnsmasq[26313]: warning: no upstream servers configured
Sep 29 20:46:32 gtw01 dnsmasq-dhcp[26313]: DHCP, static leases only on 192.168.120.0, lease time 1h
Sep 29 20:46:32 gtw01 dnsmasq[26313]: read /var/lib/neutron/dhcp/6027248b-af41-415f-aeed-f63169efb86d/addn_hosts - 1 addresses
Sep 29 20:46:32 gtw01 dnsmasq-dhcp[26313]: read /var/lib/neutron/dhcp/6027248b-af41-415f-aeed-f63169efb86d/host
Sep 29 20:46:32 gtw01 dnsmasq-dhcp[26313]: read /var/lib/neutron/dhcp/6027248b-af41-415f-aeed-f63169efb86d/opts
Sep 29 20:46:32 gtw01 dnsmasq[26237]: read /var/lib/neutron/dhcp/877c6f7e-d2d0-4667-9f1d-0584e72a9f2a/addn_hosts - 2 addresses
Sep 29 20:46:32 gtw01 dnsmasq-dhcp[26237]: read /var/lib/neutron/dhcp/877c6f7e-d2d0-4667-9f1d-0584e72a9f2a/host
Sep 29 20:46:32 gtw01 dnsmasq-dhcp[26237]: read /var/lib/neutron/dhcp/877c6f7e-d2d0-4667-9f1d-0584e72a9f2a/opts
Sep 29 20:46:32 gtw01 dnsmasq[26224]: read /var/lib/neutron/dhcp/4911be4f-fbcf-4a02-8346-370cbfc73468/addn_hosts - 2 addresses
Sep 29 20:46:32 gtw01 dnsmasq-dhcp[26224]: read /var/lib/neutron/dhcp/4911be4f-fbcf-4a02-8346-370cbfc73468/host
Sep 29 20:46:32 gtw01 dnsmasq-dhcp[26224]: read /var/lib/neutron/dhcp/4911be4f-fbcf-4a02-8346-370cbfc73468/opts
Sep 29 20:46:32 gtw01 haproxy-metadata-proxy-6027248b-af41-415f-aeed-f63169efb86d[26336]: Proxy listener started.
Sep 29 20:46:33 gtw01 systemd-udevd[26356]: Could not generate persistent MAC address for tapdaf9b90e-10: No such file or directory
Sep 29 20:46:33 gtw01 kernel: [ 9551.228656] device tapdaf9b90e-10 entered promiscuous mode
Sep 29 20:46:33 gtw01 dnsmasq[26254]: read /var/lib/neutron/dhcp/7e4dbcdd-9535-4881-a971-537ec9ce60c4/addn_hosts - 2 addresses
Sep 29 20:46:33 gtw01 dnsmasq-dhcp[26254]: read /var/lib/neutron/dhcp/7e4dbcdd-9535-4881-a971-537ec9ce60c4/host
Sep 29 20:46:33 gtw01 dnsmasq-dhcp[26254]: read /var/lib/neutron/dhcp/7e4dbcdd-9535-4881-a971-537ec9ce60c4/opts
Sep 29 20:46:33 gtw01 systemd-udevd[26457]: Process '/sbin/ip link set tapdaf9b90e-10 txqueuelen 10000' failed with exit code 1.
Sep 29 20:46:34 gtw01 dnsmasq[26313]: read /var/lib/neutron/dhcp/6027248b-af41-415f-aeed-f63169efb86d/addn_hosts - 2 addresses
Sep 29 20:46:34 gtw01 dnsmasq-dhcp[26313]: read /var/lib/neutron/dhcp/6027248b-af41-415f-aeed-f63169efb86d/host
Sep 29 20:46:34 gtw01 dnsmasq-dhcp[26313]: read /var/lib/neutron/dhcp/6027248b-af41-415f-aeed-f63169efb86d/opts
Sep 29 20:46:34 gtw01 dnsmasq[26174]: read /var/lib/neutron/dhcp/0b637bda-e69a-458d-8ae9-7ee5e6a28b7f/addn_hosts - 2 addresses
Sep 29 20:46:34 gtw01 dnsmasq-dhcp[26174]: read /var/lib/neutron/dhcp/0b637bda-e69a-458d-8ae9-7ee5e6a28b7f/host
Sep 29 20:46:34 gtw01 dnsmasq-dhcp[26174]: read /var/lib/neutron/dhcp/0b637bda-e69a-458d-8ae9-7ee5e6a28b7f/opts
Sep 29 20:46:34 gtw01 systemd-udevd[26483]: Could not generate persistent MAC address for tap3376f2e8-ef: No such file or directory
Sep 29 20:46:34 gtw01 kernel: [ 9552.400692] device tap3376f2e8-ef entered promiscuous mode
Sep 29 20:46:35 gtw01 dnsmasq[26237]: read /var/lib/neutron/dhcp/877c6f7e-d2d0-4667-9f1d-0584e72a9f2a/addn_hosts - 2 addresses
Sep 29 20:46:35 gtw01 dnsmasq-dhcp[26237]: read /var/lib/neutron/dhcp/877c6f7e-d2d0-4667-9f1d-0584e72a9f2a/host
Sep 29 20:46:35 gtw01 dnsmasq-dhcp[26237]: read /var/lib/neutron/dhcp/877c6f7e-d2d0-4667-9f1d-0584e72a9f2a/opts
Sep 29 20:46:35 gtw01 systemd-udevd[26591]: Process '/sbin/ip link set tap3376f2e8-ef txqueuelen 10000' failed with exit code 1.
Sep 29 20:46:35 gtw01 dnsmasq[26224]: read /var/lib/neutron/dhcp/4911be4f-fbcf-4a02-8346-370cbfc73468/addn_hosts - 2 addresses
Sep 29 20:46:35 gtw01 dnsmasq-dhcp[26224]: read /var/lib/neutron/dhcp/4911be4f-fbcf-4a02-8346-370cbfc73468/host
Sep 29 20:46:35 gtw01 dnsmasq-dhcp[26224]: read /var/lib/neutron/dhcp/4911be4f-fbcf-4a02-8346-370cbfc73468/opts
Sep 29 20:46:36 gtw01 dnsmasq[26254]: read /var/lib/neutron/dhcp/7e4dbcdd-9535-4881-a971-537ec9ce60c4/addn_hosts - 2 addresses
Sep 29 20:46:36 gtw01 dnsmasq-dhcp[26254]: read /var/lib/neutron/dhcp/7e4dbcdd-9535-4881-a971-537ec9ce60c4/host
Sep 29 20:46:36 gtw01 dnsmasq-dhcp[26254]: read /var/lib/neutron/dhcp/7e4dbcdd-9535-4881-a971-537ec9ce60c4/opts
Sep 29 20:46:36 gtw01 systemd-udevd[26666]: Could not generate persistent MAC address for tap62848afc-52: No such file or directory
Sep 29 20:46:36 gtw01 kernel: [ 9555.088733] device tap62848afc-52 entered promiscuous mode
Sep 29 20:46:37 gtw01 systemd-udevd[26666]: Process '/sbin/ip link set tap62848afc-52 txqueuelen 10000' failed with exit code 1.
Sep 29 20:46:37 gtw01 dnsmasq[26313]: read /var/lib/neutron/dhcp/6027248b-af41-415f-aeed-f63169efb86d/addn_hosts - 2 addresses
Sep 29 20:46:37 gtw01 dnsmasq-dhcp[26313]: read /var/lib/neutron/dhcp/6027248b-af41-415f-aeed-f63169efb86d/host
Sep 29 20:46:37 gtw01 dnsmasq-dhcp[26313]: read /var/lib/neutron/dhcp/6027248b-af41-415f-aeed-f63169efb86d/opts
Sep 29 20:46:39 gtw01 dnsmasq[26865]: started, version 2.80 cachesize 150
Sep 29 20:46:39 gtw01 dnsmasq[26865]: DNS service limited to local subnets
Sep 29 20:46:39 gtw01 dnsmasq[26865]: compile time options: IPv6 GNU-getopt DBus i18n IDN DHCP DHCPv6 no-Lua TFTP conntrack ipset auth DNSSEC loop-detect inotify dumpfile
Sep 29 20:46:39 gtw01 dnsmasq[26865]: warning: no upstream servers configured
Sep 29 20:46:39 gtw01 dnsmasq-dhcp[26865]: DHCP, static leases only on 192.168.120.0, lease time 1h
Sep 29 20:46:39 gtw01 dnsmasq[26865]: read /var/lib/neutron/dhcp/2cd0331c-471c-4fd3-9e45-84758666ac9c/addn_hosts - 1 addresses
Sep 29 20:46:39 gtw01 dnsmasq-dhcp[26865]: read /var/lib/neutron/dhcp/2cd0331c-471c-4fd3-9e45-84758666ac9c/host
Sep 29 20:46:39 gtw01 dnsmasq-dhcp[26865]: read /var/lib/neutron/dhcp/2cd0331c-471c-4fd3-9e45-84758666ac9c/opts
Sep 29 20:46:40 gtw01 haproxy-metadata-proxy-2cd0331c-471c-4fd3-9e45-84758666ac9c[26875]: Proxy listener started.
Sep 29 20:46:40 gtw01 dnsmasq[26899]: started, version 2.80 cachesize 150
Sep 29 20:46:40 gtw01 dnsmasq[26899]: DNS service limited to local subnets
Sep 29 20:46:40 gtw01 dnsmasq[26899]: compile time options: IPv6 GNU-getopt DBus i18n IDN DHCP DHCPv6 no-Lua TFTP conntrack ipset auth DNSSEC loop-detect inotify dumpfile
Sep 29 20:46:40 gtw01 dnsmasq[26899]: warning: no upstream servers configured
Sep 29 20:46:40 gtw01 dnsmasq-dhcp[26899]: DHCP, static leases only on 192.168.120.0, lease time 1h
Sep 29 20:46:40 gtw01 dnsmasq[26899]: read /var/lib/neutron/dhcp/7c945f37-6e9d-4e58-aa6c-42e870a5cd6a/addn_hosts - 1 addresses
Sep 29 20:46:40 gtw01 dnsmasq-dhcp[26899]: read /var/lib/neutron/dhcp/7c945f37-6e9d-4e58-aa6c-42e870a5cd6a/host
Sep 29 20:46:40 gtw01 dnsmasq-dhcp[26899]: read /var/lib/neutron/dhcp/7c945f37-6e9d-4e58-aa6c-42e870a5cd6a/opts
Sep 29 20:46:41 gtw01 haproxy-metadata-proxy-7c945f37-6e9d-4e58-aa6c-42e870a5cd6a[26912]: Proxy listener started.
Sep 29 20:46:41 gtw01 dnsmasq[26942]: started, version 2.80 cachesize 150
Sep 29 20:46:41 gtw01 dnsmasq[26942]: DNS service limited to local subnets
Sep 29 20:46:41 gtw01 dnsmasq[26942]: compile time options: IPv6 GNU-getopt DBus i18n IDN DHCP DHCPv6 no-Lua TFTP conntrack ipset auth DNSSEC loop-detect inotify dumpfile
Sep 29 20:46:41 gtw01 dnsmasq[26942]: warning: no upstream servers configured
Sep 29 20:46:41 gtw01 dnsmasq-dhcp[26942]: DHCP, static leases only on 192.168.120.0, lease time 1h
Sep 29 20:46:41 gtw01 dnsmasq[26942]: read /var/lib/neutron/dhcp/f416108e-6b38-47f2-9b94-b17be1471b27/addn_hosts - 1 addresses
Sep 29 20:46:41 gtw01 dnsmasq-dhcp[26942]: read /var/lib/neutron/dhcp/f416108e-6b38-47f2-9b94-b17be1471b27/host
Sep 29 20:46:41 gtw01 dnsmasq-dhcp[26942]: read /var/lib/neutron/dhcp/f416108e-6b38-47f2-9b94-b17be1471b27/opts
Sep 29 20:46:42 gtw01 kernel: [ 9560.192402] device tap3079cafa-a5 entered promiscuous mode
Sep 29 20:46:42 gtw01 systemd-udevd[26959]: Could not generate persistent MAC address for tap3079cafa-a5: No such file or directory
Sep 29 20:46:42 gtw01 dnsmasq[26865]: read /var/lib/neutron/dhcp/2cd0331c-471c-4fd3-9e45-84758666ac9c/addn_hosts - 2 addresses
Sep 29 20:46:42 gtw01 dnsmasq-dhcp[26865]: read /var/lib/neutron/dhcp/2cd0331c-471c-4fd3-9e45-84758666ac9c/host
Sep 29 20:46:42 gtw01 dnsmasq-dhcp[26865]: read /var/lib/neutron/dhcp/2cd0331c-471c-4fd3-9e45-84758666ac9c/opts
Sep 29 20:46:42 gtw01 haproxy-metadata-proxy-f416108e-6b38-47f2-9b94-b17be1471b27[27042]: Proxy listener started.
Sep 29 20:46:42 gtw01 systemd-udevd[27052]: Could not generate persistent MAC address for tap88a0b37a-ea: No such file or directory
Sep 29 20:46:42 gtw01 kernel: [ 9560.703527] device tap88a0b37a-ea entered promiscuous mode
Sep 29 20:46:42 gtw01 systemd-udevd[27047]: Process '/sbin/ip link set tap3079cafa-a5 txqueuelen 10000' failed with exit code 1.
Sep 29 20:46:43 gtw01 systemd-udevd[27143]: Process '/sbin/ip link set tap88a0b37a-ea txqueuelen 10000' failed with exit code 1.
Sep 29 20:46:43 gtw01 dnsmasq[26899]: read /var/lib/neutron/dhcp/7c945f37-6e9d-4e58-aa6c-42e870a5cd6a/addn_hosts - 2 addresses
Sep 29 20:46:43 gtw01 dnsmasq-dhcp[26899]: read /var/lib/neutron/dhcp/7c945f37-6e9d-4e58-aa6c-42e870a5cd6a/host
Sep 29 20:46:43 gtw01 dnsmasq-dhcp[26899]: read /var/lib/neutron/dhcp/7c945f37-6e9d-4e58-aa6c-42e870a5cd6a/opts
Sep 29 20:46:44 gtw01 kernel: [ 9562.376644] device tap46126a93-43 entered promiscuous mode
Sep 29 20:46:44 gtw01 systemd-udevd[27203]: Could not generate persistent MAC address for tap46126a93-43: No such file or directory
Sep 29 20:46:44 gtw01 dnsmasq[26942]: read /var/lib/neutron/dhcp/f416108e-6b38-47f2-9b94-b17be1471b27/addn_hosts - 2 addresses
Sep 29 20:46:44 gtw01 dnsmasq-dhcp[26942]: read /var/lib/neutron/dhcp/f416108e-6b38-47f2-9b94-b17be1471b27/host
Sep 29 20:46:44 gtw01 dnsmasq-dhcp[26942]: read /var/lib/neutron/dhcp/f416108e-6b38-47f2-9b94-b17be1471b27/opts
Sep 29 20:46:44 gtw01 kernel: [ 9562.932792] device tap84a949d8-d0 entered promiscuous mode
Sep 29 20:46:44 gtw01 systemd-udevd[27293]: Could not generate persistent MAC address for tap84a949d8-d0: No such file or directory
Sep 29 20:46:44 gtw01 systemd-udevd[27321]: Process '/sbin/ip link set tap46126a93-43 txqueuelen 10000' failed with exit code 1.
Sep 29 20:46:45 gtw01 systemd-udevd[27390]: Process '/sbin/ip link set tap84a949d8-d0 txqueuelen 10000' failed with exit code 1.
Sep 29 20:46:45 gtw01 dnsmasq[26224]: read /var/lib/neutron/dhcp/4911be4f-fbcf-4a02-8346-370cbfc73468/addn_hosts - 2 addresses
Sep 29 20:46:45 gtw01 dnsmasq-dhcp[26224]: read /var/lib/neutron/dhcp/4911be4f-fbcf-4a02-8346-370cbfc73468/host
Sep 29 20:46:45 gtw01 dnsmasq-dhcp[26224]: read /var/lib/neutron/dhcp/4911be4f-fbcf-4a02-8346-370cbfc73468/opts
Sep 29 20:46:45 gtw01 kernel: [ 9563.930186] device tapd744bb2e-8e entered promiscuous mode
Sep 29 20:46:45 gtw01 systemd-udevd[27417]: Could not generate persistent MAC address for tapd744bb2e-8e: No such file or directory
Sep 29 20:46:46 gtw01 dnsmasq[25234]: read /var/lib/neutron/dhcp/44339f85-5262-4827-bbfb-34dda41c0b2e/addn_hosts - 2 addresses
Sep 29 20:46:46 gtw01 dnsmasq-dhcp[25234]: read /var/lib/neutron/dhcp/44339f85-5262-4827-bbfb-34dda41c0b2e/host
Sep 29 20:46:46 gtw01 dnsmasq-dhcp[25234]: read /var/lib/neutron/dhcp/44339f85-5262-4827-bbfb-34dda41c0b2e/opts
Sep 29 20:46:46 gtw01 systemd-udevd[27506]: Process '/sbin/ip link set tapd744bb2e-8e txqueuelen 10000' failed with exit code 1.
Sep 29 20:46:47 gtw01 dnsmasq[25341]: read /var/lib/neutron/dhcp/ff295283-4d6e-4af4-b0e9-42a4b8608816/addn_hosts - 2 addresses
Sep 29 20:46:47 gtw01 dnsmasq-dhcp[25341]: read /var/lib/neutron/dhcp/ff295283-4d6e-4af4-b0e9-42a4b8608816/host
Sep 29 20:46:47 gtw01 dnsmasq-dhcp[25341]: read /var/lib/neutron/dhcp/ff295283-4d6e-4af4-b0e9-42a4b8608816/opts
Sep 29 20:46:48 gtw01 dnsmasq[26224]: read /var/lib/neutron/dhcp/4911be4f-fbcf-4a02-8346-370cbfc73468/addn_hosts - 2 addresses
Sep 29 20:46:48 gtw01 dnsmasq-dhcp[26224]: read /var/lib/neutron/dhcp/4911be4f-fbcf-4a02-8346-370cbfc73468/host
Sep 29 20:46:48 gtw01 dnsmasq-dhcp[26224]: read /var/lib/neutron/dhcp/4911be4f-fbcf-4a02-8346-370cbfc73468/opts
Sep 29 20:46:50 gtw01 dnsmasq[24760]: read /var/lib/neutron/dhcp/6dbf2de9-a6a3-43b7-9bfc-e160fce835f6/addn_hosts - 3 addresses
Sep 29 20:46:50 gtw01 dnsmasq-dhcp[24760]: read /var/lib/neutron/dhcp/6dbf2de9-a6a3-43b7-9bfc-e160fce835f6/host
Sep 29 20:46:50 gtw01 dnsmasq-dhcp[24760]: read /var/lib/neutron/dhcp/6dbf2de9-a6a3-43b7-9bfc-e160fce835f6/opts
Sep 29 20:46:51 gtw01 kernel: [ 9569.808457] device tapa87735ec-d4 left promiscuous mode
Sep 29 20:46:51 gtw01 dnsmasq[27743]: started, version 2.80 cachesize 150
Sep 29 20:46:51 gtw01 dnsmasq[27743]: DNS service limited to local subnets
Sep 29 20:46:51 gtw01 dnsmasq[27743]: compile time options: IPv6 GNU-getopt DBus i18n IDN DHCP DHCPv6 no-Lua TFTP conntrack ipset auth DNSSEC loop-detect inotify dumpfile
Sep 29 20:46:51 gtw01 dnsmasq[27743]: warning: no upstream servers configured
Sep 29 20:46:51 gtw01 dnsmasq-dhcp[27743]: DHCP, static leases only on 192.168.120.0, lease time 1h
Sep 29 20:46:51 gtw01 dnsmasq[27743]: read /var/lib/neutron/dhcp/472a16ab-05c6-4e4e-8c3a-f6dbe5b43455/addn_hosts - 1 addresses
Sep 29 20:46:51 gtw01 dnsmasq-dhcp[27743]: read /var/lib/neutron/dhcp/472a16ab-05c6-4e4e-8c3a-f6dbe5b43455/host
Sep 29 20:46:51 gtw01 dnsmasq-dhcp[27743]: read /var/lib/neutron/dhcp/472a16ab-05c6-4e4e-8c3a-f6dbe5b43455/opts
Sep 29 20:46:52 gtw01 kernel: [ 9570.515449] device tap9fd00781-a9 left promiscuous mode
Sep 29 20:46:52 gtw01 dnsmasq[27765]: started, version 2.80 cachesize 150
Sep 29 20:46:52 gtw01 dnsmasq[27765]: DNS service limited to local subnets
Sep 29 20:46:52 gtw01 dnsmasq[27765]: compile time options: IPv6 GNU-getopt DBus i18n IDN DHCP DHCPv6 no-Lua TFTP conntrack ipset auth DNSSEC loop-detect inotify dumpfile
Sep 29 20:46:52 gtw01 dnsmasq[27765]: warning: no upstream servers configured
Sep 29 20:46:52 gtw01 dnsmasq-dhcp[27765]: DHCP, static leases only on 192.168.120.0, lease time 1h
Sep 29 20:46:52 gtw01 dnsmasq[27765]: read /var/lib/neutron/dhcp/29bb1031-b812-4573-83a8-2a77c7757fa5/addn_hosts - 2 addresses
Sep 29 20:46:52 gtw01 dnsmasq-dhcp[27765]: read /var/lib/neutron/dhcp/29bb1031-b812-4573-83a8-2a77c7757fa5/host
Sep 29 20:46:52 gtw01 dnsmasq-dhcp[27765]: read /var/lib/neutron/dhcp/29bb1031-b812-4573-83a8-2a77c7757fa5/opts
Sep 29 20:46:52 gtw01 haproxy-metadata-proxy-472a16ab-05c6-4e4e-8c3a-f6dbe5b43455[27767]: Proxy listener started.
Sep 29 20:46:52 gtw01 haproxy-metadata-proxy-29bb1031-b812-4573-83a8-2a77c7757fa5[27785]: Proxy listener started.
Sep 29 20:46:53 gtw01 dnsmasq[26254]: read /var/lib/neutron/dhcp/7e4dbcdd-9535-4881-a971-537ec9ce60c4/addn_hosts - 2 addresses
Sep 29 20:46:53 gtw01 dnsmasq-dhcp[26254]: read /var/lib/neutron/dhcp/7e4dbcdd-9535-4881-a971-537ec9ce60c4/host
Sep 29 20:46:53 gtw01 dnsmasq-dhcp[26254]: read /var/lib/neutron/dhcp/7e4dbcdd-9535-4881-a971-537ec9ce60c4/opts
Sep 29 20:46:54 gtw01 dnsmasq[25341]: read /var/lib/neutron/dhcp/ff295283-4d6e-4af4-b0e9-42a4b8608816/addn_hosts - 2 addresses
Sep 29 20:46:54 gtw01 dnsmasq-dhcp[25341]: read /var/lib/neutron/dhcp/ff295283-4d6e-4af4-b0e9-42a4b8608816/host
Sep 29 20:46:54 gtw01 dnsmasq-dhcp[25341]: read /var/lib/neutron/dhcp/ff295283-4d6e-4af4-b0e9-42a4b8608816/opts
Sep 29 20:46:54 gtw01 kernel: [ 9572.661266] device tapc329d7d2-68 left promiscuous mode
Sep 29 20:46:54 gtw01 dnsmasq[27743]: read /var/lib/neutron/dhcp/472a16ab-05c6-4e4e-8c3a-f6dbe5b43455/addn_hosts - 2 addresses
Sep 29 20:46:54 gtw01 dnsmasq-dhcp[27743]: read /var/lib/neutron/dhcp/472a16ab-05c6-4e4e-8c3a-f6dbe5b43455/host
Sep 29 20:46:54 gtw01 dnsmasq-dhcp[27743]: read /var/lib/neutron/dhcp/472a16ab-05c6-4e4e-8c3a-f6dbe5b43455/opts
Sep 29 20:46:54 gtw01 dnsmasq[27850]: started, version 2.80 cachesize 150
Sep 29 20:46:54 gtw01 dnsmasq[27850]: DNS service limited to local subnets
Sep 29 20:46:54 gtw01 dnsmasq[27850]: compile time options: IPv6 GNU-getopt DBus i18n IDN DHCP DHCPv6 no-Lua TFTP conntrack ipset auth DNSSEC loop-detect inotify dumpfile
Sep 29 20:46:54 gtw01 dnsmasq[27850]: warning: no upstream servers configured
Sep 29 20:46:54 gtw01 dnsmasq-dhcp[27850]: DHCP, static leases only on 192.168.120.0, lease time 1h
Sep 29 20:46:54 gtw01 dnsmasq[27850]: read /var/lib/neutron/dhcp/dc2097bb-4260-466c-846f-67d3d5e435f7/addn_hosts - 2 addresses
Sep 29 20:46:54 gtw01 dnsmasq-dhcp[27850]: read /var/lib/neutron/dhcp/dc2097bb-4260-466c-846f-67d3d5e435f7/host
Sep 29 20:46:54 gtw01 dnsmasq-dhcp[27850]: read /var/lib/neutron/dhcp/dc2097bb-4260-466c-846f-67d3d5e435f7/opts
Sep 29 20:46:55 gtw01 dnsmasq[27872]: started, version 2.80 cachesize 150
Sep 29 20:46:55 gtw01 dnsmasq[27872]: DNS service limited to local subnets
Sep 29 20:46:55 gtw01 dnsmasq[27872]: compile time options: IPv6 GNU-getopt DBus i18n IDN DHCP DHCPv6 no-Lua TFTP conntrack ipset auth DNSSEC loop-detect inotify dumpfile
Sep 29 20:46:55 gtw01 dnsmasq[27872]: warning: no upstream servers configured
Sep 29 20:46:55 gtw01 dnsmasq-dhcp[27872]: DHCP, static leases only on 192.168.120.0, lease time 1h
Sep 29 20:46:55 gtw01 dnsmasq[27872]: read /var/lib/neutron/dhcp/ea7095c2-6cf4-4f62-bec6-170fc7b05c0a/addn_hosts - 1 addresses
Sep 29 20:46:55 gtw01 dnsmasq-dhcp[27872]: read /var/lib/neutron/dhcp/ea7095c2-6cf4-4f62-bec6-170fc7b05c0a/host
Sep 29 20:46:55 gtw01 dnsmasq-dhcp[27872]: read /var/lib/neutron/dhcp/ea7095c2-6cf4-4f62-bec6-170fc7b05c0a/opts
Sep 29 20:46:55 gtw01 haproxy-metadata-proxy-dc2097bb-4260-466c-846f-67d3d5e435f7[27873]: Proxy listener started.
Sep 29 20:46:55 gtw01 dnsmasq[27765]: read /var/lib/neutron/dhcp/29bb1031-b812-4573-83a8-2a77c7757fa5/addn_hosts - 2 addresses
Sep 29 20:46:55 gtw01 dnsmasq-dhcp[27765]: read /var/lib/neutron/dhcp/29bb1031-b812-4573-83a8-2a77c7757fa5/host
Sep 29 20:46:55 gtw01 dnsmasq-dhcp[27765]: read /var/lib/neutron/dhcp/29bb1031-b812-4573-83a8-2a77c7757fa5/opts
Sep 29 20:46:55 gtw01 haproxy-metadata-proxy-ea7095c2-6cf4-4f62-bec6-170fc7b05c0a[27896]: Proxy listener started.
Sep 29 20:46:56 gtw01 dnsmasq[27916]: started, version 2.80 cachesize 150
Sep 29 20:46:56 gtw01 dnsmasq[27916]: DNS service limited to local subnets
Sep 29 20:46:56 gtw01 dnsmasq[27916]: compile time options: IPv6 GNU-getopt DBus i18n IDN DHCP DHCPv6 no-Lua TFTP conntrack ipset auth DNSSEC loop-detect inotify dumpfile
Sep 29 20:46:56 gtw01 dnsmasq[27916]: warning: no upstream servers configured
Sep 29 20:46:56 gtw01 dnsmasq-dhcp[27916]: DHCP, static leases only on 192.168.120.0, lease time 1h
Sep 29 20:46:56 gtw01 dnsmasq[27916]: read /var/lib/neutron/dhcp/bbbf1750-95d8-4c61-b0ea-d07c3ffb75e3/addn_hosts - 1 addresses
Sep 29 20:46:56 gtw01 dnsmasq-dhcp[27916]: read /var/lib/neutron/dhcp/bbbf1750-95d8-4c61-b0ea-d07c3ffb75e3/host
Sep 29 20:46:56 gtw01 dnsmasq-dhcp[27916]: read /var/lib/neutron/dhcp/bbbf1750-95d8-4c61-b0ea-d07c3ffb75e3/opts
Sep 29 20:46:56 gtw01 dnsmasq[26174]: read /var/lib/neutron/dhcp/0b637bda-e69a-458d-8ae9-7ee5e6a28b7f/addn_hosts - 2 addresses
Sep 29 20:46:56 gtw01 dnsmasq-dhcp[26174]: read /var/lib/neutron/dhcp/0b637bda-e69a-458d-8ae9-7ee5e6a28b7f/host
Sep 29 20:46:56 gtw01 dnsmasq-dhcp[26174]: read /var/lib/neutron/dhcp/0b637bda-e69a-458d-8ae9-7ee5e6a28b7f/opts
Sep 29 20:46:56 gtw01 dnsmasq[26254]: read /var/lib/neutron/dhcp/7e4dbcdd-9535-4881-a971-537ec9ce60c4/addn_hosts - 2 addresses
Sep 29 20:46:56 gtw01 dnsmasq-dhcp[26254]: read /var/lib/neutron/dhcp/7e4dbcdd-9535-4881-a971-537ec9ce60c4/host
Sep 29 20:46:56 gtw01 dnsmasq-dhcp[26254]: read /var/lib/neutron/dhcp/7e4dbcdd-9535-4881-a971-537ec9ce60c4/opts
Sep 29 20:46:56 gtw01 haproxy-metadata-proxy-bbbf1750-95d8-4c61-b0ea-d07c3ffb75e3[27939]: Proxy listener started.
Sep 29 20:46:57 gtw01 dnsmasq[27850]: read /var/lib/neutron/dhcp/dc2097bb-4260-466c-846f-67d3d5e435f7/addn_hosts - 2 addresses
Sep 29 20:46:57 gtw01 dnsmasq-dhcp[27850]: read /var/lib/neutron/dhcp/dc2097bb-4260-466c-846f-67d3d5e435f7/host
Sep 29 20:46:57 gtw01 dnsmasq-dhcp[27850]: read /var/lib/neutron/dhcp/dc2097bb-4260-466c-846f-67d3d5e435f7/opts
Sep 29 20:46:57 gtw01 dnsmasq[25766]: read /var/lib/neutron/dhcp/ba60d710-00ff-43fc-b684-69601efbccbe/addn_hosts - 2 addresses
Sep 29 20:46:57 gtw01 dnsmasq-dhcp[25766]: read /var/lib/neutron/dhcp/ba60d710-00ff-43fc-b684-69601efbccbe/host
Sep 29 20:46:57 gtw01 dnsmasq-dhcp[25766]: read /var/lib/neutron/dhcp/ba60d710-00ff-43fc-b684-69601efbccbe/opts
Sep 29 20:46:57 gtw01 dnsmasq[27872]: read /var/lib/neutron/dhcp/ea7095c2-6cf4-4f62-bec6-170fc7b05c0a/addn_hosts - 2 addresses
Sep 29 20:46:57 gtw01 dnsmasq-dhcp[27872]: read /var/lib/neutron/dhcp/ea7095c2-6cf4-4f62-bec6-170fc7b05c0a/host
Sep 29 20:46:57 gtw01 dnsmasq-dhcp[27872]: read /var/lib/neutron/dhcp/ea7095c2-6cf4-4f62-bec6-170fc7b05c0a/opts
Sep 29 20:46:58 gtw01 kernel: [ 9576.388741] device tap7e858109-a7 left promiscuous mode
Sep 29 20:46:58 gtw01 dnsmasq[26865]: read /var/lib/neutron/dhcp/2cd0331c-471c-4fd3-9e45-84758666ac9c/addn_hosts - 2 addresses
Sep 29 20:46:58 gtw01 dnsmasq-dhcp[26865]: read /var/lib/neutron/dhcp/2cd0331c-471c-4fd3-9e45-84758666ac9c/host
Sep 29 20:46:58 gtw01 dnsmasq-dhcp[26865]: read /var/lib/neutron/dhcp/2cd0331c-471c-4fd3-9e45-84758666ac9c/opts
Sep 29 20:46:58 gtw01 dnsmasq[27916]: read /var/lib/neutron/dhcp/bbbf1750-95d8-4c61-b0ea-d07c3ffb75e3/addn_hosts - 2 addresses
Sep 29 20:46:58 gtw01 dnsmasq-dhcp[27916]: read /var/lib/neutron/dhcp/bbbf1750-95d8-4c61-b0ea-d07c3ffb75e3/host
Sep 29 20:46:58 gtw01 dnsmasq-dhcp[27916]: read /var/lib/neutron/dhcp/bbbf1750-95d8-4c61-b0ea-d07c3ffb75e3/opts
Sep 29 20:46:59 gtw01 dnsmasq[26174]: read /var/lib/neutron/dhcp/0b637bda-e69a-458d-8ae9-7ee5e6a28b7f/addn_hosts - 2 addresses
Sep 29 20:46:59 gtw01 dnsmasq-dhcp[26174]: read /var/lib/neutron/dhcp/0b637bda-e69a-458d-8ae9-7ee5e6a28b7f/host
Sep 29 20:46:59 gtw01 dnsmasq-dhcp[26174]: read /var/lib/neutron/dhcp/0b637bda-e69a-458d-8ae9-7ee5e6a28b7f/opts
Sep 29 20:46:59 gtw01 dnsmasq[26899]: read /var/lib/neutron/dhcp/7c945f37-6e9d-4e58-aa6c-42e870a5cd6a/addn_hosts - 2 addresses
Sep 29 20:46:59 gtw01 dnsmasq-dhcp[26899]: read /var/lib/neutron/dhcp/7c945f37-6e9d-4e58-aa6c-42e870a5cd6a/host
Sep 29 20:46:59 gtw01 dnsmasq-dhcp[26899]: read /var/lib/neutron/dhcp/7c945f37-6e9d-4e58-aa6c-42e870a5cd6a/opts
Sep 29 20:46:59 gtw01 dnsmasq[26942]: read /var/lib/neutron/dhcp/f416108e-6b38-47f2-9b94-b17be1471b27/addn_hosts - 2 addresses
Sep 29 20:46:59 gtw01 dnsmasq-dhcp[26942]: read /var/lib/neutron/dhcp/f416108e-6b38-47f2-9b94-b17be1471b27/host
Sep 29 20:46:59 gtw01 dnsmasq-dhcp[26942]: read /var/lib/neutron/dhcp/f416108e-6b38-47f2-9b94-b17be1471b27/opts
Sep 29 20:46:59 gtw01 dnsmasq[25766]: read /var/lib/neutron/dhcp/ba60d710-00ff-43fc-b684-69601efbccbe/addn_hosts - 2 addresses
Sep 29 20:46:59 gtw01 dnsmasq-dhcp[25766]: read /var/lib/neutron/dhcp/ba60d710-00ff-43fc-b684-69601efbccbe/host
Sep 29 20:46:59 gtw01 dnsmasq-dhcp[25766]: read /var/lib/neutron/dhcp/ba60d710-00ff-43fc-b684-69601efbccbe/opts
Sep 29 20:47:00 gtw01 dnsmasq[27850]: read /var/lib/neutron/dhcp/dc2097bb-4260-466c-846f-67d3d5e435f7/addn_hosts - 2 addresses
Sep 29 20:47:00 gtw01 dnsmasq-dhcp[27850]: read /var/lib/neutron/dhcp/dc2097bb-4260-466c-846f-67d3d5e435f7/host
Sep 29 20:47:00 gtw01 dnsmasq-dhcp[27850]: read /var/lib/neutron/dhcp/dc2097bb-4260-466c-846f-67d3d5e435f7/opts
Sep 29 20:47:00 gtw01 dnsmasq[26865]: read /var/lib/neutron/dhcp/2cd0331c-471c-4fd3-9e45-84758666ac9c/addn_hosts - 2 addresses
Sep 29 20:47:00 gtw01 dnsmasq-dhcp[26865]: read /var/lib/neutron/dhcp/2cd0331c-471c-4fd3-9e45-84758666ac9c/host
Sep 29 20:47:00 gtw01 dnsmasq-dhcp[26865]: read /var/lib/neutron/dhcp/2cd0331c-471c-4fd3-9e45-84758666ac9c/opts
Sep 29 20:47:01 gtw01 dnsmasq[27765]: read /var/lib/neutron/dhcp/29bb1031-b812-4573-83a8-2a77c7757fa5/addn_hosts - 2 addresses
Sep 29 20:47:01 gtw01 dnsmasq-dhcp[27765]: read /var/lib/neutron/dhcp/29bb1031-b812-4573-83a8-2a77c7757fa5/host
Sep 29 20:47:01 gtw01 dnsmasq-dhcp[27765]: read /var/lib/neutron/dhcp/29bb1031-b812-4573-83a8-2a77c7757fa5/opts
Sep 29 20:47:01 gtw01 dnsmasq[27743]: read /var/lib/neutron/dhcp/472a16ab-05c6-4e4e-8c3a-f6dbe5b43455/addn_hosts - 2 addresses
Sep 29 20:47:01 gtw01 dnsmasq-dhcp[27743]: read /var/lib/neutron/dhcp/472a16ab-05c6-4e4e-8c3a-f6dbe5b43455/host
Sep 29 20:47:01 gtw01 dnsmasq-dhcp[27743]: read /var/lib/neutron/dhcp/472a16ab-05c6-4e4e-8c3a-f6dbe5b43455/opts
Sep 29 20:47:02 gtw01 dnsmasq[26899]: read /var/lib/neutron/dhcp/7c945f37-6e9d-4e58-aa6c-42e870a5cd6a/addn_hosts - 2 addresses
Sep 29 20:47:02 gtw01 dnsmasq-dhcp[26899]: read /var/lib/neutron/dhcp/7c945f37-6e9d-4e58-aa6c-42e870a5cd6a/host
Sep 29 20:47:02 gtw01 dnsmasq-dhcp[26899]: read /var/lib/neutron/dhcp/7c945f37-6e9d-4e58-aa6c-42e870a5cd6a/opts
Sep 29 20:47:02 gtw01 dnsmasq[26942]: read /var/lib/neutron/dhcp/f416108e-6b38-47f2-9b94-b17be1471b27/addn_hosts - 2 addresses
Sep 29 20:47:02 gtw01 dnsmasq-dhcp[26942]: read /var/lib/neutron/dhcp/f416108e-6b38-47f2-9b94-b17be1471b27/host
Sep 29 20:47:02 gtw01 dnsmasq-dhcp[26942]: read /var/lib/neutron/dhcp/f416108e-6b38-47f2-9b94-b17be1471b27/opts
Sep 29 20:47:02 gtw01 dnsmasq[27850]: read /var/lib/neutron/dhcp/dc2097bb-4260-466c-846f-67d3d5e435f7/addn_hosts - 2 addresses
Sep 29 20:47:02 gtw01 dnsmasq-dhcp[27850]: read /var/lib/neutron/dhcp/dc2097bb-4260-466c-846f-67d3d5e435f7/host
Sep 29 20:47:02 gtw01 dnsmasq-dhcp[27850]: read /var/lib/neutron/dhcp/dc2097bb-4260-466c-846f-67d3d5e435f7/opts
Sep 29 20:47:02 gtw01 dnsmasq[27872]: read /var/lib/neutron/dhcp/ea7095c2-6cf4-4f62-bec6-170fc7b05c0a/addn_hosts - 2 addresses
Sep 29 20:47:02 gtw01 dnsmasq-dhcp[27872]: read /var/lib/neutron/dhcp/ea7095c2-6cf4-4f62-bec6-170fc7b05c0a/host
Sep 29 20:47:02 gtw01 dnsmasq-dhcp[27872]: read /var/lib/neutron/dhcp/ea7095c2-6cf4-4f62-bec6-170fc7b05c0a/opts
Sep 29 20:47:03 gtw01 dnsmasq[27916]: read /var/lib/neutron/dhcp/bbbf1750-95d8-4c61-b0ea-d07c3ffb75e3/addn_hosts - 2 addresses
Sep 29 20:47:03 gtw01 dnsmasq-dhcp[27916]: read /var/lib/neutron/dhcp/bbbf1750-95d8-4c61-b0ea-d07c3ffb75e3/host
Sep 29 20:47:03 gtw01 dnsmasq-dhcp[27916]: read /var/lib/neutron/dhcp/bbbf1750-95d8-4c61-b0ea-d07c3ffb75e3/opts
Sep 29 20:47:03 gtw01 dnsmasq[26865]: read /var/lib/neutron/dhcp/2cd0331c-471c-4fd3-9e45-84758666ac9c/addn_hosts - 2 addresses
Sep 29 20:47:03 gtw01 dnsmasq-dhcp[26865]: read /var/lib/neutron/dhcp/2cd0331c-471c-4fd3-9e45-84758666ac9c/host
Sep 29 20:47:03 gtw01 dnsmasq-dhcp[26865]: read /var/lib/neutron/dhcp/2cd0331c-471c-4fd3-9e45-84758666ac9c/opts
Sep 29 20:47:04 gtw01 dnsmasq[27765]: read /var/lib/neutron/dhcp/29bb1031-b812-4573-83a8-2a77c7757fa5/addn_hosts - 2 addresses
Sep 29 20:47:04 gtw01 dnsmasq-dhcp[27765]: read /var/lib/neutron/dhcp/29bb1031-b812-4573-83a8-2a77c7757fa5/host
Sep 29 20:47:04 gtw01 dnsmasq-dhcp[27765]: read /var/lib/neutron/dhcp/29bb1031-b812-4573-83a8-2a77c7757fa5/opts
Sep 29 20:47:04 gtw01 dnsmasq[26942]: read /var/lib/neutron/dhcp/f416108e-6b38-47f2-9b94-b17be1471b27/addn_hosts - 2 addresses
Sep 29 20:47:04 gtw01 dnsmasq-dhcp[26942]: read /var/lib/neutron/dhcp/f416108e-6b38-47f2-9b94-b17be1471b27/host
Sep 29 20:47:04 gtw01 dnsmasq-dhcp[26942]: read /var/lib/neutron/dhcp/f416108e-6b38-47f2-9b94-b17be1471b27/opts
Sep 29 20:47:05 gtw01 dnsmasq[27743]: read /var/lib/neutron/dhcp/472a16ab-05c6-4e4e-8c3a-f6dbe5b43455/addn_hosts - 2 addresses
Sep 29 20:47:05 gtw01 dnsmasq-dhcp[27743]: read /var/lib/neutron/dhcp/472a16ab-05c6-4e4e-8c3a-f6dbe5b43455/host
Sep 29 20:47:05 gtw01 dnsmasq-dhcp[27743]: read /var/lib/neutron/dhcp/472a16ab-05c6-4e4e-8c3a-f6dbe5b43455/opts
Sep 29 20:47:05 gtw01 dnsmasq[26899]: read /var/lib/neutron/dhcp/7c945f37-6e9d-4e58-aa6c-42e870a5cd6a/addn_hosts - 2 addresses
Sep 29 20:47:05 gtw01 dnsmasq-dhcp[26899]: read /var/lib/neutron/dhcp/7c945f37-6e9d-4e58-aa6c-42e870a5cd6a/host
Sep 29 20:47:05 gtw01 dnsmasq-dhcp[26899]: read /var/lib/neutron/dhcp/7c945f37-6e9d-4e58-aa6c-42e870a5cd6a/opts
Sep 29 20:47:05 gtw01 dnsmasq[27850]: read /var/lib/neutron/dhcp/dc2097bb-4260-466c-846f-67d3d5e435f7/addn_hosts - 2 addresses
Sep 29 20:47:05 gtw01 dnsmasq-dhcp[27850]: read /var/lib/neutron/dhcp/dc2097bb-4260-466c-846f-67d3d5e435f7/host
Sep 29 20:47:05 gtw01 dnsmasq-dhcp[27850]: read /var/lib/neutron/dhcp/dc2097bb-4260-466c-846f-67d3d5e435f7/opts
Sep 29 20:47:06 gtw01 kernel: [ 9584.545997] device tapb1fc7774-b2 left promiscuous mode
Sep 29 20:47:06 gtw01 kernel: [ 9584.882407] device tap39338937-0f left promiscuous mode
Sep 29 20:47:06 gtw01 dnsmasq[27916]: read /var/lib/neutron/dhcp/bbbf1750-95d8-4c61-b0ea-d07c3ffb75e3/addn_hosts - 2 addresses
Sep 29 20:47:06 gtw01 dnsmasq-dhcp[27916]: read /var/lib/neutron/dhcp/bbbf1750-95d8-4c61-b0ea-d07c3ffb75e3/host
Sep 29 20:47:06 gtw01 dnsmasq-dhcp[27916]: read /var/lib/neutron/dhcp/bbbf1750-95d8-4c61-b0ea-d07c3ffb75e3/opts
Sep 29 20:47:07 gtw01 dnsmasq[27765]: read /var/lib/neutron/dhcp/29bb1031-b812-4573-83a8-2a77c7757fa5/addn_hosts - 2 addresses
Sep 29 20:47:07 gtw01 dnsmasq-dhcp[27765]: read /var/lib/neutron/dhcp/29bb1031-b812-4573-83a8-2a77c7757fa5/host
Sep 29 20:47:07 gtw01 dnsmasq-dhcp[27765]: read /var/lib/neutron/dhcp/29bb1031-b812-4573-83a8-2a77c7757fa5/opts
Sep 29 20:47:07 gtw01 dnsmasq[27872]: read /var/lib/neutron/dhcp/ea7095c2-6cf4-4f62-bec6-170fc7b05c0a/addn_hosts - 2 addresses
Sep 29 20:47:07 gtw01 dnsmasq-dhcp[27872]: read /var/lib/neutron/dhcp/ea7095c2-6cf4-4f62-bec6-170fc7b05c0a/host
Sep 29 20:47:07 gtw01 dnsmasq-dhcp[27872]: read /var/lib/neutron/dhcp/ea7095c2-6cf4-4f62-bec6-170fc7b05c0a/opts
Sep 29 20:47:07 gtw01 dnsmasq[27743]: read /var/lib/neutron/dhcp/472a16ab-05c6-4e4e-8c3a-f6dbe5b43455/addn_hosts - 2 addresses
Sep 29 20:47:07 gtw01 dnsmasq-dhcp[27743]: read /var/lib/neutron/dhcp/472a16ab-05c6-4e4e-8c3a-f6dbe5b43455/host
Sep 29 20:47:07 gtw01 dnsmasq-dhcp[27743]: read /var/lib/neutron/dhcp/472a16ab-05c6-4e4e-8c3a-f6dbe5b43455/opts
Sep 29 20:47:07 gtw01 dnsmasq[26174]: read /var/lib/neutron/dhcp/0b637bda-e69a-458d-8ae9-7ee5e6a28b7f/addn_hosts - 3 addresses
Sep 29 20:47:07 gtw01 dnsmasq-dhcp[26174]: read /var/lib/neutron/dhcp/0b637bda-e69a-458d-8ae9-7ee5e6a28b7f/host
Sep 29 20:47:07 gtw01 dnsmasq-dhcp[26174]: read /var/lib/neutron/dhcp/0b637bda-e69a-458d-8ae9-7ee5e6a28b7f/opts
Sep 29 20:47:07 gtw01 dnsmasq[25766]: read /var/lib/neutron/dhcp/ba60d710-00ff-43fc-b684-69601efbccbe/addn_hosts - 3 addresses
Sep 29 20:47:07 gtw01 dnsmasq-dhcp[25766]: read /var/lib/neutron/dhcp/ba60d710-00ff-43fc-b684-69601efbccbe/host
Sep 29 20:47:07 gtw01 dnsmasq-dhcp[25766]: read /var/lib/neutron/dhcp/ba60d710-00ff-43fc-b684-69601efbccbe/opts
Sep 29 20:47:08 gtw01 kernel: [ 9586.556526] device tap46126a93-43 left promiscuous mode
Sep 29 20:47:09 gtw01 dnsmasq[27916]: read /var/lib/neutron/dhcp/bbbf1750-95d8-4c61-b0ea-d07c3ffb75e3/addn_hosts - 2 addresses
Sep 29 20:47:09 gtw01 dnsmasq-dhcp[27916]: read /var/lib/neutron/dhcp/bbbf1750-95d8-4c61-b0ea-d07c3ffb75e3/host
Sep 29 20:47:09 gtw01 dnsmasq-dhcp[27916]: read /var/lib/neutron/dhcp/bbbf1750-95d8-4c61-b0ea-d07c3ffb75e3/opts
Sep 29 20:47:09 gtw01 dnsmasq[24760]: read /var/lib/neutron/dhcp/6dbf2de9-a6a3-43b7-9bfc-e160fce835f6/addn_hosts - 3 addresses
Sep 29 20:47:09 gtw01 dnsmasq-dhcp[24760]: read /var/lib/neutron/dhcp/6dbf2de9-a6a3-43b7-9bfc-e160fce835f6/host
Sep 29 20:47:09 gtw01 dnsmasq-dhcp[24760]: read /var/lib/neutron/dhcp/6dbf2de9-a6a3-43b7-9bfc-e160fce835f6/opts
Sep 29 20:47:09 gtw01 dnsmasq[26865]: read /var/lib/neutron/dhcp/2cd0331c-471c-4fd3-9e45-84758666ac9c/addn_hosts - 2 addresses
Sep 29 20:47:09 gtw01 dnsmasq-dhcp[26865]: read /var/lib/neutron/dhcp/2cd0331c-471c-4fd3-9e45-84758666ac9c/host
Sep 29 20:47:09 gtw01 dnsmasq-dhcp[26865]: read /var/lib/neutron/dhcp/2cd0331c-471c-4fd3-9e45-84758666ac9c/opts
Sep 29 20:47:10 gtw01 dnsmasq[27872]: read /var/lib/neutron/dhcp/ea7095c2-6cf4-4f62-bec6-170fc7b05c0a/addn_hosts - 2 addresses
Sep 29 20:47:10 gtw01 dnsmasq-dhcp[27872]: read /var/lib/neutron/dhcp/ea7095c2-6cf4-4f62-bec6-170fc7b05c0a/host
Sep 29 20:47:10 gtw01 dnsmasq-dhcp[27872]: read /var/lib/neutron/dhcp/ea7095c2-6cf4-4f62-bec6-170fc7b05c0a/opts
Sep 29 20:47:10 gtw01 dnsmasq[26899]: read /var/lib/neutron/dhcp/7c945f37-6e9d-4e58-aa6c-42e870a5cd6a/addn_hosts - 2 addresses
Sep 29 20:47:10 gtw01 dnsmasq-dhcp[26899]: read /var/lib/neutron/dhcp/7c945f37-6e9d-4e58-aa6c-42e870a5cd6a/host
Sep 29 20:47:10 gtw01 dnsmasq-dhcp[26899]: read /var/lib/neutron/dhcp/7c945f37-6e9d-4e58-aa6c-42e870a5cd6a/opts
Sep 29 20:47:10 gtw01 dnsmasq[26174]: read /var/lib/neutron/dhcp/0b637bda-e69a-458d-8ae9-7ee5e6a28b7f/addn_hosts - 3 addresses
Sep 29 20:47:10 gtw01 dnsmasq-dhcp[26174]: read /var/lib/neutron/dhcp/0b637bda-e69a-458d-8ae9-7ee5e6a28b7f/host
Sep 29 20:47:10 gtw01 dnsmasq-dhcp[26174]: read /var/lib/neutron/dhcp/0b637bda-e69a-458d-8ae9-7ee5e6a28b7f/opts
Sep 29 20:47:10 gtw01 kernel: [ 9588.912543] device tap3079cafa-a5 left promiscuous mode
Sep 29 20:47:10 gtw01 dnsmasq[26942]: read /var/lib/neutron/dhcp/f416108e-6b38-47f2-9b94-b17be1471b27/addn_hosts - 2 addresses
Sep 29 20:47:10 gtw01 dnsmasq-dhcp[26942]: read /var/lib/neutron/dhcp/f416108e-6b38-47f2-9b94-b17be1471b27/host
Sep 29 20:47:10 gtw01 dnsmasq-dhcp[26942]: read /var/lib/neutron/dhcp/f416108e-6b38-47f2-9b94-b17be1471b27/opts
Sep 29 20:47:12 gtw01 dnsmasq[24760]: read /var/lib/neutron/dhcp/6dbf2de9-a6a3-43b7-9bfc-e160fce835f6/addn_hosts - 3 addresses
Sep 29 20:47:12 gtw01 dnsmasq-dhcp[24760]: read /var/lib/neutron/dhcp/6dbf2de9-a6a3-43b7-9bfc-e160fce835f6/host
Sep 29 20:47:12 gtw01 dnsmasq-dhcp[24760]: read /var/lib/neutron/dhcp/6dbf2de9-a6a3-43b7-9bfc-e160fce835f6/opts
Sep 29 20:47:12 gtw01 dnsmasq[27743]: read /var/lib/neutron/dhcp/472a16ab-05c6-4e4e-8c3a-f6dbe5b43455/addn_hosts - 2 addresses
Sep 29 20:47:12 gtw01 dnsmasq-dhcp[27743]: read /var/lib/neutron/dhcp/472a16ab-05c6-4e4e-8c3a-f6dbe5b43455/host
Sep 29 20:47:12 gtw01 dnsmasq-dhcp[27743]: read /var/lib/neutron/dhcp/472a16ab-05c6-4e4e-8c3a-f6dbe5b43455/opts
Sep 29 20:47:12 gtw01 dnsmasq[27916]: read /var/lib/neutron/dhcp/bbbf1750-95d8-4c61-b0ea-d07c3ffb75e3/addn_hosts - 2 addresses
Sep 29 20:47:12 gtw01 dnsmasq-dhcp[27916]: read /var/lib/neutron/dhcp/bbbf1750-95d8-4c61-b0ea-d07c3ffb75e3/host
Sep 29 20:47:12 gtw01 dnsmasq-dhcp[27916]: read /var/lib/neutron/dhcp/bbbf1750-95d8-4c61-b0ea-d07c3ffb75e3/opts
Sep 29 20:47:12 gtw01 kernel: [ 9591.026713] device tapdaf9b90e-10 left promiscuous mode
Sep 29 20:47:12 gtw01 dnsmasq[27872]: read /var/lib/neutron/dhcp/ea7095c2-6cf4-4f62-bec6-170fc7b05c0a/addn_hosts - 2 addresses
Sep 29 20:47:12 gtw01 dnsmasq-dhcp[27872]: read /var/lib/neutron/dhcp/ea7095c2-6cf4-4f62-bec6-170fc7b05c0a/host
Sep 29 20:47:12 gtw01 dnsmasq-dhcp[27872]: read /var/lib/neutron/dhcp/ea7095c2-6cf4-4f62-bec6-170fc7b05c0a/opts
Sep 29 20:47:13 gtw01 dnsmasq[26174]: read /var/lib/neutron/dhcp/0b637bda-e69a-458d-8ae9-7ee5e6a28b7f/addn_hosts - 3 addresses
Sep 29 20:47:13 gtw01 dnsmasq-dhcp[26174]: read /var/lib/neutron/dhcp/0b637bda-e69a-458d-8ae9-7ee5e6a28b7f/host
Sep 29 20:47:13 gtw01 dnsmasq-dhcp[26174]: read /var/lib/neutron/dhcp/0b637bda-e69a-458d-8ae9-7ee5e6a28b7f/opts
Sep 29 20:47:13 gtw01 dnsmasq[25766]: read /var/lib/neutron/dhcp/ba60d710-00ff-43fc-b684-69601efbccbe/addn_hosts - 3 addresses
Sep 29 20:47:13 gtw01 dnsmasq-dhcp[25766]: read /var/lib/neutron/dhcp/ba60d710-00ff-43fc-b684-69601efbccbe/host
Sep 29 20:47:13 gtw01 dnsmasq-dhcp[25766]: read /var/lib/neutron/dhcp/ba60d710-00ff-43fc-b684-69601efbccbe/opts
Sep 29 20:47:14 gtw01 dnsmasq[26899]: read /var/lib/neutron/dhcp/7c945f37-6e9d-4e58-aa6c-42e870a5cd6a/addn_hosts - 1 addresses
Sep 29 20:47:14 gtw01 dnsmasq-dhcp[26899]: read /var/lib/neutron/dhcp/7c945f37-6e9d-4e58-aa6c-42e870a5cd6a/host
Sep 29 20:47:14 gtw01 dnsmasq-dhcp[26899]: read /var/lib/neutron/dhcp/7c945f37-6e9d-4e58-aa6c-42e870a5cd6a/opts
Sep 29 20:47:14 gtw01 dnsmasq[26942]: read /var/lib/neutron/dhcp/f416108e-6b38-47f2-9b94-b17be1471b27/addn_hosts - 1 addresses
Sep 29 20:47:14 gtw01 dnsmasq-dhcp[26942]: read /var/lib/neutron/dhcp/f416108e-6b38-47f2-9b94-b17be1471b27/host
Sep 29 20:47:14 gtw01 dnsmasq-dhcp[26942]: read /var/lib/neutron/dhcp/f416108e-6b38-47f2-9b94-b17be1471b27/opts
Sep 29 20:47:14 gtw01 dnsmasq[24760]: read /var/lib/neutron/dhcp/6dbf2de9-a6a3-43b7-9bfc-e160fce835f6/addn_hosts - 2 addresses
Sep 29 20:47:14 gtw01 dnsmasq-dhcp[24760]: read /var/lib/neutron/dhcp/6dbf2de9-a6a3-43b7-9bfc-e160fce835f6/host
Sep 29 20:47:14 gtw01 dnsmasq-dhcp[24760]: read /var/lib/neutron/dhcp/6dbf2de9-a6a3-43b7-9bfc-e160fce835f6/opts
Sep 29 20:47:15 gtw01 dnsmasq[27916]: read /var/lib/neutron/dhcp/bbbf1750-95d8-4c61-b0ea-d07c3ffb75e3/addn_hosts - 1 addresses
Sep 29 20:47:15 gtw01 dnsmasq-dhcp[27916]: read /var/lib/neutron/dhcp/bbbf1750-95d8-4c61-b0ea-d07c3ffb75e3/host
Sep 29 20:47:15 gtw01 dnsmasq-dhcp[27916]: read /var/lib/neutron/dhcp/bbbf1750-95d8-4c61-b0ea-d07c3ffb75e3/opts
Sep 29 20:47:15 gtw01 dnsmasq[26174]: read /var/lib/neutron/dhcp/0b637bda-e69a-458d-8ae9-7ee5e6a28b7f/addn_hosts - 3 addresses
Sep 29 20:47:15 gtw01 dnsmasq-dhcp[26174]: read /var/lib/neutron/dhcp/0b637bda-e69a-458d-8ae9-7ee5e6a28b7f/host
Sep 29 20:47:15 gtw01 dnsmasq-dhcp[26174]: read /var/lib/neutron/dhcp/0b637bda-e69a-458d-8ae9-7ee5e6a28b7f/opts
Sep 29 20:47:15 gtw01 dnsmasq[25766]: read /var/lib/neutron/dhcp/ba60d710-00ff-43fc-b684-69601efbccbe/addn_hosts - 3 addresses
Sep 29 20:47:15 gtw01 dnsmasq-dhcp[25766]: read /var/lib/neutron/dhcp/ba60d710-00ff-43fc-b684-69601efbccbe/host
Sep 29 20:47:15 gtw01 dnsmasq-dhcp[25766]: read /var/lib/neutron/dhcp/ba60d710-00ff-43fc-b684-69601efbccbe/opts
Sep 29 20:47:16 gtw01 kernel: [ 9595.132624] device tapd744bb2e-8e left promiscuous mode
Sep 29 20:47:17 gtw01 dnsmasq[26174]: read /var/lib/neutron/dhcp/0b637bda-e69a-458d-8ae9-7ee5e6a28b7f/addn_hosts - 2 addresses
Sep 29 20:47:17 gtw01 dnsmasq-dhcp[26174]: read /var/lib/neutron/dhcp/0b637bda-e69a-458d-8ae9-7ee5e6a28b7f/host
Sep 29 20:47:17 gtw01 dnsmasq-dhcp[26174]: read /var/lib/neutron/dhcp/0b637bda-e69a-458d-8ae9-7ee5e6a28b7f/opts
Sep 29 20:47:17 gtw01 kernel: [ 9595.412772] device tap62848afc-52 left promiscuous mode
Sep 29 20:47:19 gtw01 dnsmasq-dhcp[25766]: DHCPDISCOVER(tap5ada1686-9c) fa:16:3e:41:e7:97
Sep 29 20:47:19 gtw01 dnsmasq-dhcp[25766]: DHCPOFFER(tap5ada1686-9c) 192.168.120.3 fa:16:3e:41:e7:97
Sep 29 20:47:19 gtw01 dnsmasq-dhcp[25766]: DHCPREQUEST(tap5ada1686-9c) 192.168.120.3 fa:16:3e:41:e7:97
Sep 29 20:47:19 gtw01 dnsmasq-dhcp[25766]: DHCPACK(tap5ada1686-9c) 192.168.120.3 fa:16:3e:41:e7:97 host-192-168-120-3
Sep 29 20:47:20 gtw01 kernel: [ 9598.629956] device tap3376f2e8-ef left promiscuous mode
Sep 29 20:47:21 gtw01 dnsmasq[27743]: read /var/lib/neutron/dhcp/472a16ab-05c6-4e4e-8c3a-f6dbe5b43455/addn_hosts - 1 addresses
Sep 29 20:47:21 gtw01 dnsmasq-dhcp[27743]: read /var/lib/neutron/dhcp/472a16ab-05c6-4e4e-8c3a-f6dbe5b43455/host
Sep 29 20:47:21 gtw01 dnsmasq-dhcp[27743]: read /var/lib/neutron/dhcp/472a16ab-05c6-4e4e-8c3a-f6dbe5b43455/opts
Sep 29 20:47:26 gtw01 dnsmasq-dhcp[25766]: DHCPRELEASE(tap5ada1686-9c) 192.168.120.3 fa:16:3e:41:e7:97
Sep 29 20:47:26 gtw01 dnsmasq-dhcp[25766]: DHCPRELEASE(tap5ada1686-9c) 192.168.120.3 fa:16:3e:41:e7:97 unknown lease
Sep 29 20:47:27 gtw01 kernel: [ 9605.452997] device tap88a0b37a-ea left promiscuous mode
Sep 29 20:47:27 gtw01 dnsmasq[25766]: read /var/lib/neutron/dhcp/ba60d710-00ff-43fc-b684-69601efbccbe/addn_hosts - 2 addresses
