Sep 29 19:53:22 gtw01 dnsmasq-dhcp[17174]: DHCPRELEASE(tap1a894f3a-0d) 192.168.120.19 fa:16:3e:ea:4a:0f unknown lease
Sep 29 19:53:23 gtw01 dnsmasq[17174]: read /var/lib/neutron/dhcp/1fab36d5-2284-44af-b709-a736a066fa93/addn_hosts - 7 addresses
Sep 29 19:53:23 gtw01 dnsmasq-dhcp[17174]: read /var/lib/neutron/dhcp/1fab36d5-2284-44af-b709-a736a066fa93/host
Sep 29 19:53:23 gtw01 dnsmasq-dhcp[17174]: read /var/lib/neutron/dhcp/1fab36d5-2284-44af-b709-a736a066fa93/opts
Sep 29 19:53:24 gtw01 dnsmasq[17174]: read /var/lib/neutron/dhcp/1fab36d5-2284-44af-b709-a736a066fa93/addn_hosts - 6 addresses
Sep 29 19:53:24 gtw01 dnsmasq-dhcp[17174]: read /var/lib/neutron/dhcp/1fab36d5-2284-44af-b709-a736a066fa93/host
Sep 29 19:53:24 gtw01 dnsmasq-dhcp[17174]: read /var/lib/neutron/dhcp/1fab36d5-2284-44af-b709-a736a066fa93/opts
Sep 29 19:53:25 gtw01 dnsmasq-dhcp[17174]: DHCPRELEASE(tap1a894f3a-0d) 192.168.120.18 fa:16:3e:42:67:5b
Sep 29 19:53:26 gtw01 dnsmasq-dhcp[17174]: DHCPRELEASE(tap1a894f3a-0d) 192.168.120.18 fa:16:3e:42:67:5b unknown lease
Sep 29 19:53:26 gtw01 dnsmasq[21053]: read /var/lib/neutron/dhcp/105daa27-cf0f-4935-95f9-0310e9dee28d/addn_hosts - 3 addresses
Sep 29 19:53:26 gtw01 dnsmasq-dhcp[21053]: read /var/lib/neutron/dhcp/105daa27-cf0f-4935-95f9-0310e9dee28d/host
Sep 29 19:53:26 gtw01 dnsmasq-dhcp[21053]: read /var/lib/neutron/dhcp/105daa27-cf0f-4935-95f9-0310e9dee28d/opts
Sep 29 19:53:27 gtw01 dnsmasq[17174]: read /var/lib/neutron/dhcp/1fab36d5-2284-44af-b709-a736a066fa93/addn_hosts - 5 addresses
Sep 29 19:53:27 gtw01 dnsmasq-dhcp[17174]: read /var/lib/neutron/dhcp/1fab36d5-2284-44af-b709-a736a066fa93/host
Sep 29 19:53:27 gtw01 dnsmasq-dhcp[17174]: read /var/lib/neutron/dhcp/1fab36d5-2284-44af-b709-a736a066fa93/opts
Sep 29 19:53:27 gtw01 kernel: [ 6366.091834] device tap069b4288-53 entered promiscuous mode
Sep 29 19:53:27 gtw01 systemd-udevd[21871]: Could not generate persistent MAC address for tap069b4288-53: No such file or directory
Sep 29 19:53:27 gtw01 dnsmasq[21053]: read /var/lib/neutron/dhcp/105daa27-cf0f-4935-95f9-0310e9dee28d/addn_hosts - 3 addresses
Sep 29 19:53:27 gtw01 dnsmasq-dhcp[21053]: read /var/lib/neutron/dhcp/105daa27-cf0f-4935-95f9-0310e9dee28d/host
Sep 29 19:53:27 gtw01 dnsmasq-dhcp[21053]: read /var/lib/neutron/dhcp/105daa27-cf0f-4935-95f9-0310e9dee28d/opts
Sep 29 19:53:28 gtw01 systemd-udevd[21944]: Process '/sbin/ip link set tap069b4288-53 txqueuelen 10000' failed with exit code 1.
Sep 29 19:53:28 gtw01 dnsmasq-dhcp[17174]: DHCPRELEASE(tap1a894f3a-0d) 192.168.120.6 fa:16:3e:d8:f4:e6
Sep 29 19:53:28 gtw01 dnsmasq-dhcp[17174]: DHCPRELEASE(tap1a894f3a-0d) 192.168.120.6 fa:16:3e:d8:f4:e6 unknown lease
Sep 29 19:53:29 gtw01 dnsmasq[21053]: read /var/lib/neutron/dhcp/105daa27-cf0f-4935-95f9-0310e9dee28d/addn_hosts - 3 addresses
Sep 29 19:53:29 gtw01 dnsmasq-dhcp[21053]: read /var/lib/neutron/dhcp/105daa27-cf0f-4935-95f9-0310e9dee28d/host
Sep 29 19:53:29 gtw01 dnsmasq-dhcp[21053]: read /var/lib/neutron/dhcp/105daa27-cf0f-4935-95f9-0310e9dee28d/opts
Sep 29 19:53:29 gtw01 dnsmasq[17174]: read /var/lib/neutron/dhcp/1fab36d5-2284-44af-b709-a736a066fa93/addn_hosts - 4 addresses
Sep 29 19:53:29 gtw01 dnsmasq-dhcp[17174]: read /var/lib/neutron/dhcp/1fab36d5-2284-44af-b709-a736a066fa93/host
Sep 29 19:53:29 gtw01 dnsmasq-dhcp[17174]: read /var/lib/neutron/dhcp/1fab36d5-2284-44af-b709-a736a066fa93/opts
Sep 29 19:53:31 gtw01 dnsmasq-dhcp[17174]: DHCPRELEASE(tap1a894f3a-0d) 192.168.120.17 fa:16:3e:bd:18:84
Sep 29 19:53:31 gtw01 dnsmasq-dhcp[17174]: DHCPRELEASE(tap1a894f3a-0d) 192.168.120.17 fa:16:3e:bd:18:84 unknown lease
Sep 29 19:53:31 gtw01 dnsmasq[22060]: started, version 2.80 cachesize 150
Sep 29 19:53:31 gtw01 dnsmasq[22060]: DNS service limited to local subnets
Sep 29 19:53:31 gtw01 dnsmasq[22060]: compile time options: IPv6 GNU-getopt DBus i18n IDN DHCP DHCPv6 no-Lua TFTP conntrack ipset auth DNSSEC loop-detect inotify dumpfile
Sep 29 19:53:31 gtw01 dnsmasq[22060]: warning: no upstream servers configured
Sep 29 19:53:31 gtw01 dnsmasq-dhcp[22060]: DHCP, static leases only on 192.168.120.0, lease time 1h
Sep 29 19:53:31 gtw01 dnsmasq[22060]: read /var/lib/neutron/dhcp/5520fe45-4b31-486f-a2c8-5745e4c96f80/addn_hosts - 1 addresses
Sep 29 19:53:31 gtw01 dnsmasq-dhcp[22060]: read /var/lib/neutron/dhcp/5520fe45-4b31-486f-a2c8-5745e4c96f80/host
Sep 29 19:53:31 gtw01 dnsmasq-dhcp[22060]: read /var/lib/neutron/dhcp/5520fe45-4b31-486f-a2c8-5745e4c96f80/opts
Sep 29 19:53:31 gtw01 haproxy-metadata-proxy-5520fe45-4b31-486f-a2c8-5745e4c96f80[22066]: Proxy listener started.
Sep 29 19:53:32 gtw01 dnsmasq[17174]: read /var/lib/neutron/dhcp/1fab36d5-2284-44af-b709-a736a066fa93/addn_hosts - 3 addresses
Sep 29 19:53:32 gtw01 dnsmasq-dhcp[17174]: read /var/lib/neutron/dhcp/1fab36d5-2284-44af-b709-a736a066fa93/host
Sep 29 19:53:32 gtw01 dnsmasq-dhcp[17174]: read /var/lib/neutron/dhcp/1fab36d5-2284-44af-b709-a736a066fa93/opts
Sep 29 19:53:32 gtw01 dnsmasq[22060]: read /var/lib/neutron/dhcp/5520fe45-4b31-486f-a2c8-5745e4c96f80/addn_hosts - 2 addresses
Sep 29 19:53:32 gtw01 dnsmasq-dhcp[22060]: read /var/lib/neutron/dhcp/5520fe45-4b31-486f-a2c8-5745e4c96f80/host
Sep 29 19:53:32 gtw01 dnsmasq-dhcp[22060]: read /var/lib/neutron/dhcp/5520fe45-4b31-486f-a2c8-5745e4c96f80/opts
Sep 29 19:53:33 gtw01 dnsmasq[22060]: read /var/lib/neutron/dhcp/5520fe45-4b31-486f-a2c8-5745e4c96f80/addn_hosts - 2 addresses
Sep 29 19:53:33 gtw01 dnsmasq-dhcp[22060]: read /var/lib/neutron/dhcp/5520fe45-4b31-486f-a2c8-5745e4c96f80/host
Sep 29 19:53:33 gtw01 dnsmasq-dhcp[22060]: read /var/lib/neutron/dhcp/5520fe45-4b31-486f-a2c8-5745e4c96f80/opts
Sep 29 19:53:34 gtw01 dnsmasq-dhcp[17174]: DHCPRELEASE(tap1a894f3a-0d) 192.168.120.3 fa:16:3e:3f:c9:f2
Sep 29 19:53:34 gtw01 dnsmasq-dhcp[17174]: DHCPRELEASE(tap1a894f3a-0d) 192.168.120.3 fa:16:3e:3f:c9:f2 unknown lease
Sep 29 19:53:34 gtw01 dnsmasq[22060]: read /var/lib/neutron/dhcp/5520fe45-4b31-486f-a2c8-5745e4c96f80/addn_hosts - 2 addresses
Sep 29 19:53:34 gtw01 dnsmasq-dhcp[22060]: read /var/lib/neutron/dhcp/5520fe45-4b31-486f-a2c8-5745e4c96f80/host
Sep 29 19:53:34 gtw01 dnsmasq-dhcp[22060]: read /var/lib/neutron/dhcp/5520fe45-4b31-486f-a2c8-5745e4c96f80/opts
Sep 29 19:53:35 gtw01 dnsmasq[17174]: read /var/lib/neutron/dhcp/1fab36d5-2284-44af-b709-a736a066fa93/addn_hosts - 2 addresses
Sep 29 19:53:35 gtw01 dnsmasq-dhcp[17174]: read /var/lib/neutron/dhcp/1fab36d5-2284-44af-b709-a736a066fa93/host
Sep 29 19:53:35 gtw01 dnsmasq-dhcp[17174]: read /var/lib/neutron/dhcp/1fab36d5-2284-44af-b709-a736a066fa93/opts
Sep 29 19:53:35 gtw01 dnsmasq[22060]: read /var/lib/neutron/dhcp/5520fe45-4b31-486f-a2c8-5745e4c96f80/addn_hosts - 2 addresses
Sep 29 19:53:35 gtw01 dnsmasq-dhcp[22060]: read /var/lib/neutron/dhcp/5520fe45-4b31-486f-a2c8-5745e4c96f80/host
Sep 29 19:53:35 gtw01 dnsmasq-dhcp[22060]: read /var/lib/neutron/dhcp/5520fe45-4b31-486f-a2c8-5745e4c96f80/opts
Sep 29 19:53:36 gtw01 dnsmasq[22060]: read /var/lib/neutron/dhcp/5520fe45-4b31-486f-a2c8-5745e4c96f80/addn_hosts - 2 addresses
Sep 29 19:53:36 gtw01 dnsmasq-dhcp[22060]: read /var/lib/neutron/dhcp/5520fe45-4b31-486f-a2c8-5745e4c96f80/host
Sep 29 19:53:36 gtw01 dnsmasq-dhcp[22060]: read /var/lib/neutron/dhcp/5520fe45-4b31-486f-a2c8-5745e4c96f80/opts
Sep 29 19:53:41 gtw01 dnsmasq-dhcp[21053]: DHCPDISCOVER(tap65b85c93-9d) fa:16:3e:cc:0f:1f
Sep 29 19:53:41 gtw01 dnsmasq-dhcp[21053]: DHCPOFFER(tap65b85c93-9d) 192.168.120.6 fa:16:3e:cc:0f:1f
Sep 29 19:53:41 gtw01 dnsmasq-dhcp[21053]: DHCPREQUEST(tap65b85c93-9d) 192.168.120.6 fa:16:3e:cc:0f:1f
Sep 29 19:53:41 gtw01 dnsmasq-dhcp[21053]: DHCPACK(tap65b85c93-9d) 192.168.120.6 fa:16:3e:cc:0f:1f host-192-168-120-6
Sep 29 19:53:45 gtw01 dnsmasq[22060]: read /var/lib/neutron/dhcp/5520fe45-4b31-486f-a2c8-5745e4c96f80/addn_hosts - 3 addresses
Sep 29 19:53:45 gtw01 dnsmasq-dhcp[22060]: read /var/lib/neutron/dhcp/5520fe45-4b31-486f-a2c8-5745e4c96f80/host
Sep 29 19:53:45 gtw01 dnsmasq-dhcp[22060]: read /var/lib/neutron/dhcp/5520fe45-4b31-486f-a2c8-5745e4c96f80/opts
Sep 29 19:53:46 gtw01 dnsmasq[22060]: read /var/lib/neutron/dhcp/5520fe45-4b31-486f-a2c8-5745e4c96f80/addn_hosts - 3 addresses
Sep 29 19:53:46 gtw01 dnsmasq-dhcp[22060]: read /var/lib/neutron/dhcp/5520fe45-4b31-486f-a2c8-5745e4c96f80/host
Sep 29 19:53:46 gtw01 dnsmasq-dhcp[22060]: read /var/lib/neutron/dhcp/5520fe45-4b31-486f-a2c8-5745e4c96f80/opts
Sep 29 19:53:47 gtw01 dnsmasq[22060]: read /var/lib/neutron/dhcp/5520fe45-4b31-486f-a2c8-5745e4c96f80/addn_hosts - 3 addresses
Sep 29 19:53:47 gtw01 dnsmasq-dhcp[22060]: read /var/lib/neutron/dhcp/5520fe45-4b31-486f-a2c8-5745e4c96f80/host
Sep 29 19:53:47 gtw01 dnsmasq-dhcp[22060]: read /var/lib/neutron/dhcp/5520fe45-4b31-486f-a2c8-5745e4c96f80/opts
Sep 29 19:53:52 gtw01 dnsmasq[21053]: read /var/lib/neutron/dhcp/105daa27-cf0f-4935-95f9-0310e9dee28d/addn_hosts - 4 addresses
Sep 29 19:53:52 gtw01 dnsmasq-dhcp[21053]: read /var/lib/neutron/dhcp/105daa27-cf0f-4935-95f9-0310e9dee28d/host
Sep 29 19:53:52 gtw01 dnsmasq-dhcp[21053]: read /var/lib/neutron/dhcp/105daa27-cf0f-4935-95f9-0310e9dee28d/opts
Sep 29 19:53:53 gtw01 dnsmasq[21053]: read /var/lib/neutron/dhcp/105daa27-cf0f-4935-95f9-0310e9dee28d/addn_hosts - 4 addresses
Sep 29 19:53:53 gtw01 dnsmasq-dhcp[21053]: read /var/lib/neutron/dhcp/105daa27-cf0f-4935-95f9-0310e9dee28d/host
Sep 29 19:53:53 gtw01 dnsmasq-dhcp[21053]: read /var/lib/neutron/dhcp/105daa27-cf0f-4935-95f9-0310e9dee28d/opts
Sep 29 19:53:53 gtw01 dnsmasq[17174]: read /var/lib/neutron/dhcp/1fab36d5-2284-44af-b709-a736a066fa93/addn_hosts - 3 addresses
Sep 29 19:53:53 gtw01 dnsmasq-dhcp[17174]: read /var/lib/neutron/dhcp/1fab36d5-2284-44af-b709-a736a066fa93/host
Sep 29 19:53:53 gtw01 dnsmasq-dhcp[17174]: read /var/lib/neutron/dhcp/1fab36d5-2284-44af-b709-a736a066fa93/opts
Sep 29 19:53:54 gtw01 dnsmasq[21053]: read /var/lib/neutron/dhcp/105daa27-cf0f-4935-95f9-0310e9dee28d/addn_hosts - 4 addresses
Sep 29 19:53:54 gtw01 dnsmasq-dhcp[21053]: read /var/lib/neutron/dhcp/105daa27-cf0f-4935-95f9-0310e9dee28d/host
Sep 29 19:53:54 gtw01 dnsmasq-dhcp[21053]: read /var/lib/neutron/dhcp/105daa27-cf0f-4935-95f9-0310e9dee28d/opts
Sep 29 19:53:55 gtw01 dnsmasq[17174]: read /var/lib/neutron/dhcp/1fab36d5-2284-44af-b709-a736a066fa93/addn_hosts - 3 addresses
Sep 29 19:53:55 gtw01 dnsmasq-dhcp[17174]: read /var/lib/neutron/dhcp/1fab36d5-2284-44af-b709-a736a066fa93/host
Sep 29 19:53:55 gtw01 dnsmasq-dhcp[17174]: read /var/lib/neutron/dhcp/1fab36d5-2284-44af-b709-a736a066fa93/opts
Sep 29 19:53:55 gtw01 dnsmasq[17174]: read /var/lib/neutron/dhcp/1fab36d5-2284-44af-b709-a736a066fa93/addn_hosts - 3 addresses
Sep 29 19:53:55 gtw01 dnsmasq-dhcp[17174]: read /var/lib/neutron/dhcp/1fab36d5-2284-44af-b709-a736a066fa93/host
Sep 29 19:53:55 gtw01 dnsmasq-dhcp[17174]: read /var/lib/neutron/dhcp/1fab36d5-2284-44af-b709-a736a066fa93/opts
Sep 29 19:53:57 gtw01 dnsmasq[21053]: read /var/lib/neutron/dhcp/105daa27-cf0f-4935-95f9-0310e9dee28d/addn_hosts - 5 addresses
Sep 29 19:53:57 gtw01 dnsmasq-dhcp[21053]: read /var/lib/neutron/dhcp/105daa27-cf0f-4935-95f9-0310e9dee28d/host
Sep 29 19:53:57 gtw01 dnsmasq-dhcp[21053]: read /var/lib/neutron/dhcp/105daa27-cf0f-4935-95f9-0310e9dee28d/opts
Sep 29 19:53:58 gtw01 dnsmasq[21053]: read /var/lib/neutron/dhcp/105daa27-cf0f-4935-95f9-0310e9dee28d/addn_hosts - 5 addresses
Sep 29 19:53:58 gtw01 dnsmasq-dhcp[21053]: read /var/lib/neutron/dhcp/105daa27-cf0f-4935-95f9-0310e9dee28d/host
Sep 29 19:53:58 gtw01 dnsmasq-dhcp[21053]: read /var/lib/neutron/dhcp/105daa27-cf0f-4935-95f9-0310e9dee28d/opts
Sep 29 19:53:59 gtw01 dnsmasq[21053]: read /var/lib/neutron/dhcp/105daa27-cf0f-4935-95f9-0310e9dee28d/addn_hosts - 5 addresses
Sep 29 19:53:59 gtw01 dnsmasq-dhcp[21053]: read /var/lib/neutron/dhcp/105daa27-cf0f-4935-95f9-0310e9dee28d/host
Sep 29 19:53:59 gtw01 dnsmasq-dhcp[21053]: read /var/lib/neutron/dhcp/105daa27-cf0f-4935-95f9-0310e9dee28d/opts
Sep 29 19:54:02 gtw01 dnsmasq-dhcp[22060]: DHCPDISCOVER(tap069b4288-53) fa:16:3e:e7:fe:9e
Sep 29 19:54:02 gtw01 dnsmasq-dhcp[22060]: DHCPOFFER(tap069b4288-53) 192.168.120.10 fa:16:3e:e7:fe:9e
Sep 29 19:54:02 gtw01 dnsmasq-dhcp[22060]: DHCPREQUEST(tap069b4288-53) 192.168.120.10 fa:16:3e:e7:fe:9e
Sep 29 19:54:02 gtw01 dnsmasq-dhcp[22060]: DHCPACK(tap069b4288-53) 192.168.120.10 fa:16:3e:e7:fe:9e host-192-168-120-10
Sep 29 19:54:03 gtw01 dnsmasq[21053]: read /var/lib/neutron/dhcp/105daa27-cf0f-4935-95f9-0310e9dee28d/addn_hosts - 4 addresses
Sep 29 19:54:03 gtw01 dnsmasq-dhcp[21053]: read /var/lib/neutron/dhcp/105daa27-cf0f-4935-95f9-0310e9dee28d/host
Sep 29 19:54:03 gtw01 dnsmasq-dhcp[21053]: read /var/lib/neutron/dhcp/105daa27-cf0f-4935-95f9-0310e9dee28d/opts
Sep 29 19:54:04 gtw01 dnsmasq[21053]: read /var/lib/neutron/dhcp/105daa27-cf0f-4935-95f9-0310e9dee28d/addn_hosts - 3 addresses
Sep 29 19:54:04 gtw01 dnsmasq-dhcp[21053]: read /var/lib/neutron/dhcp/105daa27-cf0f-4935-95f9-0310e9dee28d/host
Sep 29 19:54:04 gtw01 dnsmasq-dhcp[21053]: read /var/lib/neutron/dhcp/105daa27-cf0f-4935-95f9-0310e9dee28d/opts
Sep 29 19:54:06 gtw01 dnsmasq-dhcp[21053]: DHCPRELEASE(tap65b85c93-9d) 192.168.120.6 fa:16:3e:cc:0f:1f
Sep 29 19:54:06 gtw01 dnsmasq-dhcp[21053]: DHCPRELEASE(tap65b85c93-9d) 192.168.120.6 fa:16:3e:cc:0f:1f unknown lease
Sep 29 19:54:07 gtw01 dnsmasq[21053]: read /var/lib/neutron/dhcp/105daa27-cf0f-4935-95f9-0310e9dee28d/addn_hosts - 2 addresses
Sep 29 19:54:07 gtw01 dnsmasq-dhcp[21053]: read /var/lib/neutron/dhcp/105daa27-cf0f-4935-95f9-0310e9dee28d/host
Sep 29 19:54:07 gtw01 dnsmasq-dhcp[21053]: read /var/lib/neutron/dhcp/105daa27-cf0f-4935-95f9-0310e9dee28d/opts
Sep 29 19:54:09 gtw01 dnsmasq-dhcp[17174]: DHCPDISCOVER(tap1a894f3a-0d) fa:16:3e:6c:db:e2
Sep 29 19:54:09 gtw01 dnsmasq-dhcp[17174]: DHCPOFFER(tap1a894f3a-0d) 192.168.120.10 fa:16:3e:6c:db:e2
Sep 29 19:54:09 gtw01 dnsmasq-dhcp[17174]: DHCPREQUEST(tap1a894f3a-0d) 192.168.120.10 fa:16:3e:6c:db:e2
Sep 29 19:54:09 gtw01 dnsmasq-dhcp[17174]: DHCPACK(tap1a894f3a-0d) 192.168.120.10 fa:16:3e:6c:db:e2 host-192-168-120-10
Sep 29 19:54:10 gtw01 dnsmasq[21053]: read /var/lib/neutron/dhcp/105daa27-cf0f-4935-95f9-0310e9dee28d/addn_hosts - 3 addresses
Sep 29 19:54:10 gtw01 dnsmasq-dhcp[21053]: read /var/lib/neutron/dhcp/105daa27-cf0f-4935-95f9-0310e9dee28d/host
Sep 29 19:54:10 gtw01 dnsmasq-dhcp[21053]: read /var/lib/neutron/dhcp/105daa27-cf0f-4935-95f9-0310e9dee28d/opts
Sep 29 19:54:10 gtw01 dnsmasq-dhcp[22060]: DHCPRELEASE(tap069b4288-53) 192.168.120.10 fa:16:3e:e7:fe:9e
Sep 29 19:54:10 gtw01 dnsmasq-dhcp[22060]: DHCPRELEASE(tap069b4288-53) 192.168.120.10 fa:16:3e:e7:fe:9e unknown lease
Sep 29 19:54:11 gtw01 dnsmasq[22060]: read /var/lib/neutron/dhcp/5520fe45-4b31-486f-a2c8-5745e4c96f80/addn_hosts - 2 addresses
Sep 29 19:54:11 gtw01 dnsmasq-dhcp[22060]: read /var/lib/neutron/dhcp/5520fe45-4b31-486f-a2c8-5745e4c96f80/host
Sep 29 19:54:11 gtw01 dnsmasq-dhcp[22060]: read /var/lib/neutron/dhcp/5520fe45-4b31-486f-a2c8-5745e4c96f80/opts
Sep 29 19:54:12 gtw01 dnsmasq-dhcp[17174]: DHCPRELEASE(tap1a894f3a-0d) 192.168.120.10 fa:16:3e:6c:db:e2
Sep 29 19:54:12 gtw01 dnsmasq-dhcp[17174]: DHCPRELEASE(tap1a894f3a-0d) 192.168.120.10 fa:16:3e:6c:db:e2 unknown lease
Sep 29 19:54:13 gtw01 dnsmasq[17174]: read /var/lib/neutron/dhcp/1fab36d5-2284-44af-b709-a736a066fa93/addn_hosts - 2 addresses
Sep 29 19:54:13 gtw01 dnsmasq-dhcp[17174]: read /var/lib/neutron/dhcp/1fab36d5-2284-44af-b709-a736a066fa93/host
Sep 29 19:54:13 gtw01 dnsmasq-dhcp[17174]: read /var/lib/neutron/dhcp/1fab36d5-2284-44af-b709-a736a066fa93/opts
Sep 29 19:54:17 gtw01 dnsmasq[22060]: read /var/lib/neutron/dhcp/5520fe45-4b31-486f-a2c8-5745e4c96f80/addn_hosts - 1 addresses
Sep 29 19:54:17 gtw01 dnsmasq-dhcp[22060]: read /var/lib/neutron/dhcp/5520fe45-4b31-486f-a2c8-5745e4c96f80/host
Sep 29 19:54:17 gtw01 dnsmasq-dhcp[22060]: read /var/lib/neutron/dhcp/5520fe45-4b31-486f-a2c8-5745e4c96f80/opts
Sep 29 19:54:19 gtw01 dnsmasq[21053]: read /var/lib/neutron/dhcp/105daa27-cf0f-4935-95f9-0310e9dee28d/addn_hosts - 4 addresses
Sep 29 19:54:19 gtw01 dnsmasq-dhcp[21053]: read /var/lib/neutron/dhcp/105daa27-cf0f-4935-95f9-0310e9dee28d/host
Sep 29 19:54:19 gtw01 dnsmasq-dhcp[21053]: read /var/lib/neutron/dhcp/105daa27-cf0f-4935-95f9-0310e9dee28d/opts
Sep 29 19:54:20 gtw01 dnsmasq[21053]: read /var/lib/neutron/dhcp/105daa27-cf0f-4935-95f9-0310e9dee28d/addn_hosts - 4 addresses
Sep 29 19:54:20 gtw01 dnsmasq-dhcp[21053]: read /var/lib/neutron/dhcp/105daa27-cf0f-4935-95f9-0310e9dee28d/host
Sep 29 19:54:20 gtw01 dnsmasq-dhcp[21053]: read /var/lib/neutron/dhcp/105daa27-cf0f-4935-95f9-0310e9dee28d/opts
Sep 29 19:54:21 gtw01 dnsmasq[21053]: read /var/lib/neutron/dhcp/105daa27-cf0f-4935-95f9-0310e9dee28d/addn_hosts - 4 addresses
Sep 29 19:54:21 gtw01 dnsmasq-dhcp[21053]: read /var/lib/neutron/dhcp/105daa27-cf0f-4935-95f9-0310e9dee28d/host
Sep 29 19:54:21 gtw01 dnsmasq-dhcp[21053]: read /var/lib/neutron/dhcp/105daa27-cf0f-4935-95f9-0310e9dee28d/opts
Sep 29 19:54:22 gtw01 kernel: [ 6420.581583] device tap069b4288-53 left promiscuous mode
Sep 29 19:54:31 gtw01 systemd-udevd[22593]: Could not generate persistent MAC address for tap9076427c-72: No such file or directory
Sep 29 19:54:31 gtw01 kernel: [ 6429.881170] device tap9076427c-72 entered promiscuous mode
Sep 29 19:54:31 gtw01 systemd-udevd[22593]: Process '/sbin/ip link set tap9076427c-72 txqueuelen 10000' failed with exit code 1.
Sep 29 19:54:31 gtw01 systemd-udevd[22593]: Process '/sbin/ip link set tap9076427c-72 txqueuelen 10000' failed with exit code 1.
Sep 29 19:54:32 gtw01 dnsmasq[21053]: read /var/lib/neutron/dhcp/105daa27-cf0f-4935-95f9-0310e9dee28d/addn_hosts - 5 addresses
Sep 29 19:54:32 gtw01 dnsmasq-dhcp[21053]: read /var/lib/neutron/dhcp/105daa27-cf0f-4935-95f9-0310e9dee28d/host
Sep 29 19:54:32 gtw01 dnsmasq-dhcp[21053]: read /var/lib/neutron/dhcp/105daa27-cf0f-4935-95f9-0310e9dee28d/opts
Sep 29 19:54:33 gtw01 dnsmasq[21053]: read /var/lib/neutron/dhcp/105daa27-cf0f-4935-95f9-0310e9dee28d/addn_hosts - 5 addresses
Sep 29 19:54:33 gtw01 dnsmasq-dhcp[21053]: read /var/lib/neutron/dhcp/105daa27-cf0f-4935-95f9-0310e9dee28d/host
Sep 29 19:54:33 gtw01 dnsmasq-dhcp[21053]: read /var/lib/neutron/dhcp/105daa27-cf0f-4935-95f9-0310e9dee28d/opts
Sep 29 19:54:34 gtw01 dnsmasq[21053]: read /var/lib/neutron/dhcp/105daa27-cf0f-4935-95f9-0310e9dee28d/addn_hosts - 5 addresses
Sep 29 19:54:34 gtw01 dnsmasq-dhcp[21053]: read /var/lib/neutron/dhcp/105daa27-cf0f-4935-95f9-0310e9dee28d/host
Sep 29 19:54:34 gtw01 dnsmasq-dhcp[21053]: read /var/lib/neutron/dhcp/105daa27-cf0f-4935-95f9-0310e9dee28d/opts
Sep 29 19:54:34 gtw01 dnsmasq-dhcp[21053]: DHCPDISCOVER(tap65b85c93-9d) fa:16:3e:b6:92:5e
Sep 29 19:54:34 gtw01 dnsmasq-dhcp[21053]: DHCPOFFER(tap65b85c93-9d) 192.168.120.6 fa:16:3e:b6:92:5e
Sep 29 19:54:34 gtw01 dnsmasq-dhcp[21053]: DHCPREQUEST(tap65b85c93-9d) 192.168.120.6 fa:16:3e:b6:92:5e
Sep 29 19:54:34 gtw01 dnsmasq-dhcp[21053]: DHCPACK(tap65b85c93-9d) 192.168.120.6 fa:16:3e:b6:92:5e host-192-168-120-6
Sep 29 19:54:35 gtw01 dnsmasq[22780]: started, version 2.80 cachesize 150
Sep 29 19:54:35 gtw01 dnsmasq[22780]: DNS service limited to local subnets
Sep 29 19:54:35 gtw01 dnsmasq[22780]: compile time options: IPv6 GNU-getopt DBus i18n IDN DHCP DHCPv6 no-Lua TFTP conntrack ipset auth DNSSEC loop-detect inotify dumpfile
Sep 29 19:54:35 gtw01 dnsmasq[22780]: warning: no upstream servers configured
Sep 29 19:54:35 gtw01 dnsmasq-dhcp[22780]: DHCP, static leases only on 192.168.120.0, lease time 1h
Sep 29 19:54:35 gtw01 dnsmasq[22780]: read /var/lib/neutron/dhcp/b76e4e23-fc48-40c9-9fb0-7805f4a3cbe8/addn_hosts - 1 addresses
Sep 29 19:54:35 gtw01 dnsmasq-dhcp[22780]: read /var/lib/neutron/dhcp/b76e4e23-fc48-40c9-9fb0-7805f4a3cbe8/host
Sep 29 19:54:35 gtw01 dnsmasq-dhcp[22780]: read /var/lib/neutron/dhcp/b76e4e23-fc48-40c9-9fb0-7805f4a3cbe8/opts
Sep 29 19:54:35 gtw01 haproxy-metadata-proxy-b76e4e23-fc48-40c9-9fb0-7805f4a3cbe8[22784]: Proxy listener started.
Sep 29 19:54:36 gtw01 dnsmasq[22780]: read /var/lib/neutron/dhcp/b76e4e23-fc48-40c9-9fb0-7805f4a3cbe8/addn_hosts - 2 addresses
Sep 29 19:54:36 gtw01 dnsmasq-dhcp[22780]: read /var/lib/neutron/dhcp/b76e4e23-fc48-40c9-9fb0-7805f4a3cbe8/host
Sep 29 19:54:36 gtw01 dnsmasq-dhcp[22780]: read /var/lib/neutron/dhcp/b76e4e23-fc48-40c9-9fb0-7805f4a3cbe8/opts
Sep 29 19:54:37 gtw01 dnsmasq[22780]: read /var/lib/neutron/dhcp/b76e4e23-fc48-40c9-9fb0-7805f4a3cbe8/addn_hosts - 2 addresses
Sep 29 19:54:37 gtw01 dnsmasq-dhcp[22780]: read /var/lib/neutron/dhcp/b76e4e23-fc48-40c9-9fb0-7805f4a3cbe8/host
Sep 29 19:54:37 gtw01 dnsmasq-dhcp[22780]: read /var/lib/neutron/dhcp/b76e4e23-fc48-40c9-9fb0-7805f4a3cbe8/opts
Sep 29 19:54:38 gtw01 dnsmasq[22780]: read /var/lib/neutron/dhcp/b76e4e23-fc48-40c9-9fb0-7805f4a3cbe8/addn_hosts - 2 addresses
Sep 29 19:54:38 gtw01 dnsmasq-dhcp[22780]: read /var/lib/neutron/dhcp/b76e4e23-fc48-40c9-9fb0-7805f4a3cbe8/host
Sep 29 19:54:38 gtw01 dnsmasq-dhcp[22780]: read /var/lib/neutron/dhcp/b76e4e23-fc48-40c9-9fb0-7805f4a3cbe8/opts
Sep 29 19:54:38 gtw01 dnsmasq[22780]: read /var/lib/neutron/dhcp/b76e4e23-fc48-40c9-9fb0-7805f4a3cbe8/addn_hosts - 2 addresses
Sep 29 19:54:38 gtw01 dnsmasq-dhcp[22780]: read /var/lib/neutron/dhcp/b76e4e23-fc48-40c9-9fb0-7805f4a3cbe8/host
Sep 29 19:54:38 gtw01 dnsmasq-dhcp[22780]: read /var/lib/neutron/dhcp/b76e4e23-fc48-40c9-9fb0-7805f4a3cbe8/opts
Sep 29 19:54:39 gtw01 dnsmasq[22780]: read /var/lib/neutron/dhcp/b76e4e23-fc48-40c9-9fb0-7805f4a3cbe8/addn_hosts - 2 addresses
Sep 29 19:54:39 gtw01 dnsmasq-dhcp[22780]: read /var/lib/neutron/dhcp/b76e4e23-fc48-40c9-9fb0-7805f4a3cbe8/host
Sep 29 19:54:39 gtw01 dnsmasq-dhcp[22780]: read /var/lib/neutron/dhcp/b76e4e23-fc48-40c9-9fb0-7805f4a3cbe8/opts
Sep 29 19:54:42 gtw01 dnsmasq[17174]: read /var/lib/neutron/dhcp/1fab36d5-2284-44af-b709-a736a066fa93/addn_hosts - 3 addresses
Sep 29 19:54:42 gtw01 dnsmasq-dhcp[17174]: read /var/lib/neutron/dhcp/1fab36d5-2284-44af-b709-a736a066fa93/host
Sep 29 19:54:42 gtw01 dnsmasq-dhcp[17174]: read /var/lib/neutron/dhcp/1fab36d5-2284-44af-b709-a736a066fa93/opts
Sep 29 19:54:43 gtw01 dnsmasq[17174]: read /var/lib/neutron/dhcp/1fab36d5-2284-44af-b709-a736a066fa93/addn_hosts - 3 addresses
Sep 29 19:54:43 gtw01 dnsmasq-dhcp[17174]: read /var/lib/neutron/dhcp/1fab36d5-2284-44af-b709-a736a066fa93/host
Sep 29 19:54:43 gtw01 dnsmasq-dhcp[17174]: read /var/lib/neutron/dhcp/1fab36d5-2284-44af-b709-a736a066fa93/opts
Sep 29 19:54:44 gtw01 dnsmasq[17174]: read /var/lib/neutron/dhcp/1fab36d5-2284-44af-b709-a736a066fa93/addn_hosts - 3 addresses
Sep 29 19:54:44 gtw01 dnsmasq-dhcp[17174]: read /var/lib/neutron/dhcp/1fab36d5-2284-44af-b709-a736a066fa93/host
Sep 29 19:54:44 gtw01 dnsmasq-dhcp[17174]: read /var/lib/neutron/dhcp/1fab36d5-2284-44af-b709-a736a066fa93/opts
Sep 29 19:54:44 gtw01 dnsmasq[22780]: read /var/lib/neutron/dhcp/b76e4e23-fc48-40c9-9fb0-7805f4a3cbe8/addn_hosts - 3 addresses
Sep 29 19:54:44 gtw01 dnsmasq-dhcp[22780]: read /var/lib/neutron/dhcp/b76e4e23-fc48-40c9-9fb0-7805f4a3cbe8/host
Sep 29 19:54:44 gtw01 dnsmasq-dhcp[22780]: read /var/lib/neutron/dhcp/b76e4e23-fc48-40c9-9fb0-7805f4a3cbe8/opts
Sep 29 19:54:45 gtw01 dnsmasq[22780]: read /var/lib/neutron/dhcp/b76e4e23-fc48-40c9-9fb0-7805f4a3cbe8/addn_hosts - 3 addresses
Sep 29 19:54:45 gtw01 dnsmasq-dhcp[22780]: read /var/lib/neutron/dhcp/b76e4e23-fc48-40c9-9fb0-7805f4a3cbe8/host
Sep 29 19:54:45 gtw01 dnsmasq-dhcp[22780]: read /var/lib/neutron/dhcp/b76e4e23-fc48-40c9-9fb0-7805f4a3cbe8/opts
Sep 29 19:54:46 gtw01 dnsmasq-dhcp[21053]: DHCPDISCOVER(tap65b85c93-9d) fa:16:3e:07:f0:70
Sep 29 19:54:46 gtw01 dnsmasq-dhcp[21053]: DHCPOFFER(tap65b85c93-9d) 192.168.120.7 fa:16:3e:07:f0:70
Sep 29 19:54:46 gtw01 dnsmasq-dhcp[21053]: DHCPREQUEST(tap65b85c93-9d) 192.168.120.7 fa:16:3e:07:f0:70
Sep 29 19:54:46 gtw01 dnsmasq-dhcp[21053]: DHCPACK(tap65b85c93-9d) 192.168.120.7 fa:16:3e:07:f0:70 host-192-168-120-7
Sep 29 19:54:46 gtw01 dnsmasq[22780]: read /var/lib/neutron/dhcp/b76e4e23-fc48-40c9-9fb0-7805f4a3cbe8/addn_hosts - 3 addresses
Sep 29 19:54:46 gtw01 dnsmasq-dhcp[22780]: read /var/lib/neutron/dhcp/b76e4e23-fc48-40c9-9fb0-7805f4a3cbe8/host
Sep 29 19:54:46 gtw01 dnsmasq-dhcp[22780]: read /var/lib/neutron/dhcp/b76e4e23-fc48-40c9-9fb0-7805f4a3cbe8/opts
Sep 29 19:54:50 gtw01 dnsmasq[17174]: read /var/lib/neutron/dhcp/1fab36d5-2284-44af-b709-a736a066fa93/addn_hosts - 2 addresses
Sep 29 19:54:50 gtw01 dnsmasq-dhcp[17174]: read /var/lib/neutron/dhcp/1fab36d5-2284-44af-b709-a736a066fa93/host
Sep 29 19:54:50 gtw01 dnsmasq-dhcp[17174]: read /var/lib/neutron/dhcp/1fab36d5-2284-44af-b709-a736a066fa93/opts
Sep 29 19:54:52 gtw01 dnsmasq[21053]: read /var/lib/neutron/dhcp/105daa27-cf0f-4935-95f9-0310e9dee28d/addn_hosts - 5 addresses
Sep 29 19:54:52 gtw01 dnsmasq-dhcp[21053]: read /var/lib/neutron/dhcp/105daa27-cf0f-4935-95f9-0310e9dee28d/host
Sep 29 19:54:52 gtw01 dnsmasq-dhcp[21053]: read /var/lib/neutron/dhcp/105daa27-cf0f-4935-95f9-0310e9dee28d/opts
Sep 29 19:54:52 gtw01 dnsmasq[21053]: read /var/lib/neutron/dhcp/105daa27-cf0f-4935-95f9-0310e9dee28d/addn_hosts - 5 addresses
Sep 29 19:54:52 gtw01 dnsmasq-dhcp[21053]: read /var/lib/neutron/dhcp/105daa27-cf0f-4935-95f9-0310e9dee28d/host
Sep 29 19:54:52 gtw01 dnsmasq-dhcp[21053]: read /var/lib/neutron/dhcp/105daa27-cf0f-4935-95f9-0310e9dee28d/opts
Sep 29 19:54:56 gtw01 dnsmasq[21053]: read /var/lib/neutron/dhcp/105daa27-cf0f-4935-95f9-0310e9dee28d/addn_hosts - 5 addresses
Sep 29 19:54:56 gtw01 dnsmasq-dhcp[21053]: read /var/lib/neutron/dhcp/105daa27-cf0f-4935-95f9-0310e9dee28d/host
Sep 29 19:54:56 gtw01 dnsmasq-dhcp[21053]: read /var/lib/neutron/dhcp/105daa27-cf0f-4935-95f9-0310e9dee28d/opts
Sep 29 19:54:58 gtw01 dnsmasq[21053]: read /var/lib/neutron/dhcp/105daa27-cf0f-4935-95f9-0310e9dee28d/addn_hosts - 5 addresses
Sep 29 19:54:58 gtw01 dnsmasq-dhcp[21053]: read /var/lib/neutron/dhcp/105daa27-cf0f-4935-95f9-0310e9dee28d/host
Sep 29 19:54:58 gtw01 dnsmasq-dhcp[21053]: read /var/lib/neutron/dhcp/105daa27-cf0f-4935-95f9-0310e9dee28d/opts
Sep 29 19:54:59 gtw01 dnsmasq[21053]: read /var/lib/neutron/dhcp/105daa27-cf0f-4935-95f9-0310e9dee28d/addn_hosts - 5 addresses
Sep 29 19:54:59 gtw01 dnsmasq-dhcp[21053]: read /var/lib/neutron/dhcp/105daa27-cf0f-4935-95f9-0310e9dee28d/host
Sep 29 19:54:59 gtw01 dnsmasq-dhcp[21053]: read /var/lib/neutron/dhcp/105daa27-cf0f-4935-95f9-0310e9dee28d/opts
Sep 29 19:55:01 gtw01 dnsmasq-dhcp[22780]: DHCPDISCOVER(tap9076427c-72) fa:16:3e:35:7a:05
Sep 29 19:55:01 gtw01 dnsmasq-dhcp[22780]: DHCPOFFER(tap9076427c-72) 192.168.120.9 fa:16:3e:35:7a:05
Sep 29 19:55:01 gtw01 dnsmasq-dhcp[22780]: DHCPREQUEST(tap9076427c-72) 192.168.120.9 fa:16:3e:35:7a:05
Sep 29 19:55:01 gtw01 dnsmasq-dhcp[22780]: DHCPACK(tap9076427c-72) 192.168.120.9 fa:16:3e:35:7a:05 host-192-168-120-9
Sep 29 19:55:02 gtw01 dnsmasq[21053]: read /var/lib/neutron/dhcp/105daa27-cf0f-4935-95f9-0310e9dee28d/addn_hosts - 5 addresses
Sep 29 19:55:02 gtw01 dnsmasq-dhcp[21053]: read /var/lib/neutron/dhcp/105daa27-cf0f-4935-95f9-0310e9dee28d/host
Sep 29 19:55:02 gtw01 dnsmasq-dhcp[21053]: read /var/lib/neutron/dhcp/105daa27-cf0f-4935-95f9-0310e9dee28d/opts
Sep 29 19:55:04 gtw01 kernel: [ 6462.738935] device tap3e93ee1b-7a entered promiscuous mode
Sep 29 19:55:04 gtw01 systemd-udevd[23100]: Could not generate persistent MAC address for tap3e93ee1b-7a: No such file or directory
Sep 29 19:55:04 gtw01 systemd-udevd[23100]: Process '/sbin/ip link set tap3e93ee1b-7a txqueuelen 10000' failed with exit code 1.
Sep 29 19:55:04 gtw01 systemd-udevd[23176]: Process '/sbin/ip link set tap3e93ee1b-7a txqueuelen 10000' failed with exit code 1.
Sep 29 19:55:05 gtw01 kernel: [ 6463.475712] device tap12e09943-d2 entered promiscuous mode
Sep 29 19:55:05 gtw01 systemd-udevd[23207]: Could not generate persistent MAC address for tap12e09943-d2: No such file or directory
Sep 29 19:55:05 gtw01 systemd-udevd[23207]: Process '/sbin/ip link set tap12e09943-d2 txqueuelen 10000' failed with exit code 1.
Sep 29 19:55:05 gtw01 systemd-udevd[23207]: Process '/sbin/ip link set tap12e09943-d2 txqueuelen 10000' failed with exit code 1.
Sep 29 19:55:06 gtw01 dnsmasq-dhcp[21053]: DHCPRELEASE(tap65b85c93-9d) 192.168.120.7 fa:16:3e:07:f0:70
Sep 29 19:55:07 gtw01 dnsmasq-dhcp[21053]: DHCPRELEASE(tap65b85c93-9d) 192.168.120.7 fa:16:3e:07:f0:70 unknown lease
Sep 29 19:55:08 gtw01 dnsmasq[21053]: read /var/lib/neutron/dhcp/105daa27-cf0f-4935-95f9-0310e9dee28d/addn_hosts - 4 addresses
Sep 29 19:55:08 gtw01 dnsmasq-dhcp[21053]: read /var/lib/neutron/dhcp/105daa27-cf0f-4935-95f9-0310e9dee28d/host
Sep 29 19:55:08 gtw01 dnsmasq-dhcp[21053]: read /var/lib/neutron/dhcp/105daa27-cf0f-4935-95f9-0310e9dee28d/opts
Sep 29 19:55:08 gtw01 dnsmasq[23394]: started, version 2.80 cachesize 150
Sep 29 19:55:08 gtw01 dnsmasq[23394]: DNS service limited to local subnets
Sep 29 19:55:08 gtw01 dnsmasq[23394]: compile time options: IPv6 GNU-getopt DBus i18n IDN DHCP DHCPv6 no-Lua TFTP conntrack ipset auth DNSSEC loop-detect inotify dumpfile
Sep 29 19:55:08 gtw01 dnsmasq[23394]: warning: no upstream servers configured
Sep 29 19:55:08 gtw01 dnsmasq-dhcp[23394]: DHCP, static leases only on 192.168.120.0, lease time 1h
Sep 29 19:55:08 gtw01 dnsmasq[23394]: read /var/lib/neutron/dhcp/11ef4d12-22b4-43f3-b612-416f8e17e56b/addn_hosts - 1 addresses
Sep 29 19:55:08 gtw01 dnsmasq-dhcp[23394]: read /var/lib/neutron/dhcp/11ef4d12-22b4-43f3-b612-416f8e17e56b/host
Sep 29 19:55:08 gtw01 dnsmasq-dhcp[23394]: read /var/lib/neutron/dhcp/11ef4d12-22b4-43f3-b612-416f8e17e56b/opts
Sep 29 19:55:08 gtw01 haproxy-metadata-proxy-11ef4d12-22b4-43f3-b612-416f8e17e56b[23402]: Proxy listener started.
Sep 29 19:55:09 gtw01 dnsmasq[23416]: started, version 2.80 cachesize 150
Sep 29 19:55:09 gtw01 dnsmasq[23416]: DNS service limited to local subnets
Sep 29 19:55:09 gtw01 dnsmasq[23416]: compile time options: IPv6 GNU-getopt DBus i18n IDN DHCP DHCPv6 no-Lua TFTP conntrack ipset auth DNSSEC loop-detect inotify dumpfile
Sep 29 19:55:09 gtw01 dnsmasq[23416]: warning: no upstream servers configured
Sep 29 19:55:09 gtw01 dnsmasq-dhcp[23416]: DHCP, static leases only on 192.168.120.0, lease time 1h
Sep 29 19:55:09 gtw01 dnsmasq[23416]: read /var/lib/neutron/dhcp/2aaf3d7c-59c2-4852-84cb-a0d8db2a01a6/addn_hosts - 1 addresses
Sep 29 19:55:09 gtw01 dnsmasq-dhcp[23416]: read /var/lib/neutron/dhcp/2aaf3d7c-59c2-4852-84cb-a0d8db2a01a6/host
Sep 29 19:55:09 gtw01 dnsmasq-dhcp[23416]: read /var/lib/neutron/dhcp/2aaf3d7c-59c2-4852-84cb-a0d8db2a01a6/opts
Sep 29 19:55:09 gtw01 haproxy-metadata-proxy-2aaf3d7c-59c2-4852-84cb-a0d8db2a01a6[23424]: Proxy listener started.
Sep 29 19:55:09 gtw01 dnsmasq[23394]: read /var/lib/neutron/dhcp/11ef4d12-22b4-43f3-b612-416f8e17e56b/addn_hosts - 2 addresses
Sep 29 19:55:09 gtw01 dnsmasq-dhcp[23394]: read /var/lib/neutron/dhcp/11ef4d12-22b4-43f3-b612-416f8e17e56b/host
Sep 29 19:55:09 gtw01 dnsmasq-dhcp[23394]: read /var/lib/neutron/dhcp/11ef4d12-22b4-43f3-b612-416f8e17e56b/opts
Sep 29 19:55:09 gtw01 dnsmasq-dhcp[21053]: DHCPRELEASE(tap65b85c93-9d) 192.168.120.6 fa:16:3e:b6:92:5e
Sep 29 19:55:10 gtw01 dnsmasq-dhcp[21053]: DHCPRELEASE(tap65b85c93-9d) 192.168.120.6 fa:16:3e:b6:92:5e unknown lease
Sep 29 19:55:10 gtw01 dnsmasq[23416]: read /var/lib/neutron/dhcp/2aaf3d7c-59c2-4852-84cb-a0d8db2a01a6/addn_hosts - 2 addresses
Sep 29 19:55:10 gtw01 dnsmasq-dhcp[23416]: read /var/lib/neutron/dhcp/2aaf3d7c-59c2-4852-84cb-a0d8db2a01a6/host
Sep 29 19:55:10 gtw01 dnsmasq-dhcp[23416]: read /var/lib/neutron/dhcp/2aaf3d7c-59c2-4852-84cb-a0d8db2a01a6/opts
Sep 29 19:55:10 gtw01 dnsmasq[23394]: read /var/lib/neutron/dhcp/11ef4d12-22b4-43f3-b612-416f8e17e56b/addn_hosts - 2 addresses
Sep 29 19:55:10 gtw01 dnsmasq-dhcp[23394]: read /var/lib/neutron/dhcp/11ef4d12-22b4-43f3-b612-416f8e17e56b/host
Sep 29 19:55:10 gtw01 dnsmasq-dhcp[23394]: read /var/lib/neutron/dhcp/11ef4d12-22b4-43f3-b612-416f8e17e56b/opts
Sep 29 19:55:11 gtw01 dnsmasq[21053]: read /var/lib/neutron/dhcp/105daa27-cf0f-4935-95f9-0310e9dee28d/addn_hosts - 3 addresses
Sep 29 19:55:11 gtw01 dnsmasq-dhcp[21053]: read /var/lib/neutron/dhcp/105daa27-cf0f-4935-95f9-0310e9dee28d/host
Sep 29 19:55:11 gtw01 dnsmasq-dhcp[21053]: read /var/lib/neutron/dhcp/105daa27-cf0f-4935-95f9-0310e9dee28d/opts
Sep 29 19:55:11 gtw01 dnsmasq[23416]: read /var/lib/neutron/dhcp/2aaf3d7c-59c2-4852-84cb-a0d8db2a01a6/addn_hosts - 2 addresses
Sep 29 19:55:11 gtw01 dnsmasq-dhcp[23416]: read /var/lib/neutron/dhcp/2aaf3d7c-59c2-4852-84cb-a0d8db2a01a6/host
Sep 29 19:55:11 gtw01 dnsmasq-dhcp[23416]: read /var/lib/neutron/dhcp/2aaf3d7c-59c2-4852-84cb-a0d8db2a01a6/opts
Sep 29 19:55:11 gtw01 dnsmasq[23394]: read /var/lib/neutron/dhcp/11ef4d12-22b4-43f3-b612-416f8e17e56b/addn_hosts - 2 addresses
Sep 29 19:55:11 gtw01 dnsmasq-dhcp[23394]: read /var/lib/neutron/dhcp/11ef4d12-22b4-43f3-b612-416f8e17e56b/host
Sep 29 19:55:11 gtw01 dnsmasq-dhcp[23394]: read /var/lib/neutron/dhcp/11ef4d12-22b4-43f3-b612-416f8e17e56b/opts
Sep 29 19:55:12 gtw01 dnsmasq[23416]: read /var/lib/neutron/dhcp/2aaf3d7c-59c2-4852-84cb-a0d8db2a01a6/addn_hosts - 2 addresses
Sep 29 19:55:12 gtw01 dnsmasq-dhcp[23416]: read /var/lib/neutron/dhcp/2aaf3d7c-59c2-4852-84cb-a0d8db2a01a6/host
Sep 29 19:55:12 gtw01 dnsmasq-dhcp[23416]: read /var/lib/neutron/dhcp/2aaf3d7c-59c2-4852-84cb-a0d8db2a01a6/opts
Sep 29 19:55:12 gtw01 dnsmasq[23394]: read /var/lib/neutron/dhcp/11ef4d12-22b4-43f3-b612-416f8e17e56b/addn_hosts - 2 addresses
Sep 29 19:55:12 gtw01 dnsmasq-dhcp[23394]: read /var/lib/neutron/dhcp/11ef4d12-22b4-43f3-b612-416f8e17e56b/host
Sep 29 19:55:12 gtw01 dnsmasq-dhcp[23394]: read /var/lib/neutron/dhcp/11ef4d12-22b4-43f3-b612-416f8e17e56b/opts
Sep 29 19:55:13 gtw01 dnsmasq-dhcp[22780]: DHCPRELEASE(tap9076427c-72) 192.168.120.9 fa:16:3e:35:7a:05
Sep 29 19:55:13 gtw01 dnsmasq[21053]: read /var/lib/neutron/dhcp/105daa27-cf0f-4935-95f9-0310e9dee28d/addn_hosts - 2 addresses
Sep 29 19:55:13 gtw01 dnsmasq-dhcp[21053]: read /var/lib/neutron/dhcp/105daa27-cf0f-4935-95f9-0310e9dee28d/host
Sep 29 19:55:13 gtw01 dnsmasq-dhcp[21053]: read /var/lib/neutron/dhcp/105daa27-cf0f-4935-95f9-0310e9dee28d/opts
Sep 29 19:55:13 gtw01 dnsmasq-dhcp[22780]: DHCPRELEASE(tap9076427c-72) 192.168.120.9 fa:16:3e:35:7a:05 unknown lease
Sep 29 19:55:13 gtw01 dnsmasq[23416]: read /var/lib/neutron/dhcp/2aaf3d7c-59c2-4852-84cb-a0d8db2a01a6/addn_hosts - 2 addresses
Sep 29 19:55:13 gtw01 dnsmasq-dhcp[23416]: read /var/lib/neutron/dhcp/2aaf3d7c-59c2-4852-84cb-a0d8db2a01a6/host
Sep 29 19:55:13 gtw01 dnsmasq-dhcp[23416]: read /var/lib/neutron/dhcp/2aaf3d7c-59c2-4852-84cb-a0d8db2a01a6/opts
Sep 29 19:55:14 gtw01 dnsmasq[23394]: read /var/lib/neutron/dhcp/11ef4d12-22b4-43f3-b612-416f8e17e56b/addn_hosts - 2 addresses
Sep 29 19:55:14 gtw01 dnsmasq-dhcp[23394]: read /var/lib/neutron/dhcp/11ef4d12-22b4-43f3-b612-416f8e17e56b/host
Sep 29 19:55:14 gtw01 dnsmasq-dhcp[23394]: read /var/lib/neutron/dhcp/11ef4d12-22b4-43f3-b612-416f8e17e56b/opts
Sep 29 19:55:15 gtw01 dnsmasq[23416]: read /var/lib/neutron/dhcp/2aaf3d7c-59c2-4852-84cb-a0d8db2a01a6/addn_hosts - 2 addresses
Sep 29 19:55:15 gtw01 dnsmasq-dhcp[23416]: read /var/lib/neutron/dhcp/2aaf3d7c-59c2-4852-84cb-a0d8db2a01a6/host
Sep 29 19:55:15 gtw01 dnsmasq-dhcp[23416]: read /var/lib/neutron/dhcp/2aaf3d7c-59c2-4852-84cb-a0d8db2a01a6/opts
Sep 29 19:55:15 gtw01 dnsmasq[22780]: read /var/lib/neutron/dhcp/b76e4e23-fc48-40c9-9fb0-7805f4a3cbe8/addn_hosts - 2 addresses
Sep 29 19:55:15 gtw01 dnsmasq-dhcp[22780]: read /var/lib/neutron/dhcp/b76e4e23-fc48-40c9-9fb0-7805f4a3cbe8/host
Sep 29 19:55:15 gtw01 dnsmasq-dhcp[22780]: read /var/lib/neutron/dhcp/b76e4e23-fc48-40c9-9fb0-7805f4a3cbe8/opts
Sep 29 19:55:15 gtw01 dnsmasq[21053]: read /var/lib/neutron/dhcp/105daa27-cf0f-4935-95f9-0310e9dee28d/addn_hosts - 1 addresses
Sep 29 19:55:15 gtw01 dnsmasq-dhcp[21053]: read /var/lib/neutron/dhcp/105daa27-cf0f-4935-95f9-0310e9dee28d/host
Sep 29 19:55:15 gtw01 dnsmasq-dhcp[21053]: read /var/lib/neutron/dhcp/105daa27-cf0f-4935-95f9-0310e9dee28d/opts
Sep 29 19:55:16 gtw01 dnsmasq[23394]: read /var/lib/neutron/dhcp/11ef4d12-22b4-43f3-b612-416f8e17e56b/addn_hosts - 3 addresses
Sep 29 19:55:16 gtw01 dnsmasq-dhcp[23394]: read /var/lib/neutron/dhcp/11ef4d12-22b4-43f3-b612-416f8e17e56b/host
Sep 29 19:55:16 gtw01 dnsmasq-dhcp[23394]: read /var/lib/neutron/dhcp/11ef4d12-22b4-43f3-b612-416f8e17e56b/opts
Sep 29 19:55:17 gtw01 dnsmasq[23394]: read /var/lib/neutron/dhcp/11ef4d12-22b4-43f3-b612-416f8e17e56b/addn_hosts - 3 addresses
Sep 29 19:55:17 gtw01 dnsmasq-dhcp[23394]: read /var/lib/neutron/dhcp/11ef4d12-22b4-43f3-b612-416f8e17e56b/host
Sep 29 19:55:17 gtw01 dnsmasq-dhcp[23394]: read /var/lib/neutron/dhcp/11ef4d12-22b4-43f3-b612-416f8e17e56b/opts
Sep 29 19:55:18 gtw01 dnsmasq[22780]: read /var/lib/neutron/dhcp/b76e4e23-fc48-40c9-9fb0-7805f4a3cbe8/addn_hosts - 1 addresses
Sep 29 19:55:18 gtw01 dnsmasq-dhcp[22780]: read /var/lib/neutron/dhcp/b76e4e23-fc48-40c9-9fb0-7805f4a3cbe8/host
Sep 29 19:55:18 gtw01 dnsmasq-dhcp[22780]: read /var/lib/neutron/dhcp/b76e4e23-fc48-40c9-9fb0-7805f4a3cbe8/opts
Sep 29 19:55:18 gtw01 dnsmasq[23394]: read /var/lib/neutron/dhcp/11ef4d12-22b4-43f3-b612-416f8e17e56b/addn_hosts - 3 addresses
Sep 29 19:55:18 gtw01 dnsmasq-dhcp[23394]: read /var/lib/neutron/dhcp/11ef4d12-22b4-43f3-b612-416f8e17e56b/host
Sep 29 19:55:18 gtw01 dnsmasq-dhcp[23394]: read /var/lib/neutron/dhcp/11ef4d12-22b4-43f3-b612-416f8e17e56b/opts
Sep 29 19:55:20 gtw01 kernel: [ 6478.361418] device tap65b85c93-9d left promiscuous mode
Sep 29 19:55:23 gtw01 dnsmasq[23416]: read /var/lib/neutron/dhcp/2aaf3d7c-59c2-4852-84cb-a0d8db2a01a6/addn_hosts - 1 addresses
Sep 29 19:55:23 gtw01 dnsmasq-dhcp[23416]: read /var/lib/neutron/dhcp/2aaf3d7c-59c2-4852-84cb-a0d8db2a01a6/host
Sep 29 19:55:23 gtw01 dnsmasq-dhcp[23416]: read /var/lib/neutron/dhcp/2aaf3d7c-59c2-4852-84cb-a0d8db2a01a6/opts
Sep 29 19:55:23 gtw01 kernel: [ 6481.631119] device tap9076427c-72 left promiscuous mode
Sep 29 19:55:28 gtw01 kernel: [ 6486.542311] device tap12e09943-d2 left promiscuous mode
Sep 29 19:55:29 gtw01 kernel: [ 6487.348074] device tap55d80a46-d0 entered promiscuous mode
Sep 29 19:55:29 gtw01 systemd-udevd[23788]: Could not generate persistent MAC address for tap55d80a46-d0: No such file or directory
Sep 29 19:55:29 gtw01 systemd-udevd[23788]: Process '/sbin/ip link set tap55d80a46-d0 txqueuelen 10000' failed with exit code 1.
Sep 29 19:55:29 gtw01 systemd-udevd[23788]: Process '/sbin/ip link set tap55d80a46-d0 txqueuelen 10000' failed with exit code 1.
Sep 29 19:55:31 gtw01 kernel: [ 6489.873927] device tap361f1532-13 entered promiscuous mode
Sep 29 19:55:31 gtw01 systemd-udevd[23928]: Could not generate persistent MAC address for tap361f1532-13: No such file or directory
Sep 29 19:55:31 gtw01 systemd-udevd[23928]: Process '/sbin/ip link set tap361f1532-13 txqueuelen 10000' failed with exit code 1.
Sep 29 19:55:31 gtw01 systemd-udevd[23928]: Process '/sbin/ip link set tap361f1532-13 txqueuelen 10000' failed with exit code 1.
Sep 29 19:55:32 gtw01 dnsmasq-dhcp[23394]: DHCPDISCOVER(tap3e93ee1b-7a) fa:16:3e:41:ac:75
Sep 29 19:55:32 gtw01 dnsmasq-dhcp[23394]: DHCPOFFER(tap3e93ee1b-7a) 192.168.120.9 fa:16:3e:41:ac:75
Sep 29 19:55:32 gtw01 dnsmasq-dhcp[23394]: DHCPREQUEST(tap3e93ee1b-7a) 192.168.120.9 fa:16:3e:41:ac:75
Sep 29 19:55:32 gtw01 dnsmasq-dhcp[23394]: DHCPACK(tap3e93ee1b-7a) 192.168.120.9 fa:16:3e:41:ac:75 host-192-168-120-9
Sep 29 19:55:32 gtw01 dnsmasq[24036]: started, version 2.80 cachesize 150
Sep 29 19:55:32 gtw01 dnsmasq[24036]: DNS service limited to local subnets
Sep 29 19:55:32 gtw01 dnsmasq[24036]: compile time options: IPv6 GNU-getopt DBus i18n IDN DHCP DHCPv6 no-Lua TFTP conntrack ipset auth DNSSEC loop-detect inotify dumpfile
Sep 29 19:55:32 gtw01 dnsmasq[24036]: warning: no upstream servers configured
Sep 29 19:55:32 gtw01 dnsmasq-dhcp[24036]: DHCP, static leases only on 192.168.120.0, lease time 1h
Sep 29 19:55:32 gtw01 dnsmasq[24036]: read /var/lib/neutron/dhcp/bc80fa62-4631-4cfc-af39-f15c0d458bfd/addn_hosts - 1 addresses
Sep 29 19:55:32 gtw01 dnsmasq-dhcp[24036]: read /var/lib/neutron/dhcp/bc80fa62-4631-4cfc-af39-f15c0d458bfd/host
Sep 29 19:55:32 gtw01 dnsmasq-dhcp[24036]: read /var/lib/neutron/dhcp/bc80fa62-4631-4cfc-af39-f15c0d458bfd/opts
Sep 29 19:55:32 gtw01 haproxy-metadata-proxy-bc80fa62-4631-4cfc-af39-f15c0d458bfd[24044]: Proxy listener started.
Sep 29 19:55:33 gtw01 dnsmasq[24036]: read /var/lib/neutron/dhcp/bc80fa62-4631-4cfc-af39-f15c0d458bfd/addn_hosts - 2 addresses
Sep 29 19:55:33 gtw01 dnsmasq-dhcp[24036]: read /var/lib/neutron/dhcp/bc80fa62-4631-4cfc-af39-f15c0d458bfd/host
Sep 29 19:55:33 gtw01 dnsmasq-dhcp[24036]: read /var/lib/neutron/dhcp/bc80fa62-4631-4cfc-af39-f15c0d458bfd/opts
Sep 29 19:55:34 gtw01 kernel: [ 6493.002124] device tap1362eb4b-ed entered promiscuous mode
Sep 29 19:55:34 gtw01 systemd-udevd[24114]: Could not generate persistent MAC address for tap1362eb4b-ed: No such file or directory
Sep 29 19:55:34 gtw01 systemd-udevd[24114]: Process '/sbin/ip link set tap1362eb4b-ed txqueuelen 10000' failed with exit code 1.
Sep 29 19:55:34 gtw01 systemd-udevd[24189]: Process '/sbin/ip link set tap1362eb4b-ed txqueuelen 10000' failed with exit code 1.
Sep 29 19:55:35 gtw01 dnsmasq[24036]: read /var/lib/neutron/dhcp/bc80fa62-4631-4cfc-af39-f15c0d458bfd/addn_hosts - 2 addresses
Sep 29 19:55:35 gtw01 dnsmasq-dhcp[24036]: read /var/lib/neutron/dhcp/bc80fa62-4631-4cfc-af39-f15c0d458bfd/host
Sep 29 19:55:35 gtw01 dnsmasq-dhcp[24036]: read /var/lib/neutron/dhcp/bc80fa62-4631-4cfc-af39-f15c0d458bfd/opts
Sep 29 19:55:35 gtw01 dnsmasq[24226]: started, version 2.80 cachesize 150
Sep 29 19:55:35 gtw01 dnsmasq[24226]: DNS service limited to local subnets
Sep 29 19:55:35 gtw01 dnsmasq[24226]: compile time options: IPv6 GNU-getopt DBus i18n IDN DHCP DHCPv6 no-Lua TFTP conntrack ipset auth DNSSEC loop-detect inotify dumpfile
Sep 29 19:55:35 gtw01 dnsmasq[24226]: warning: no upstream servers configured
Sep 29 19:55:35 gtw01 dnsmasq-dhcp[24226]: DHCP, static leases only on 192.168.120.0, lease time 1h
Sep 29 19:55:35 gtw01 dnsmasq[24226]: read /var/lib/neutron/dhcp/e9497beb-2feb-4140-80fa-c5c1dcc88a5d/addn_hosts - 1 addresses
Sep 29 19:55:35 gtw01 dnsmasq-dhcp[24226]: read /var/lib/neutron/dhcp/e9497beb-2feb-4140-80fa-c5c1dcc88a5d/host
Sep 29 19:55:35 gtw01 dnsmasq-dhcp[24226]: read /var/lib/neutron/dhcp/e9497beb-2feb-4140-80fa-c5c1dcc88a5d/opts
Sep 29 19:55:35 gtw01 haproxy-metadata-proxy-e9497beb-2feb-4140-80fa-c5c1dcc88a5d[24234]: Proxy listener started.
Sep 29 19:55:36 gtw01 dnsmasq[23394]: read /var/lib/neutron/dhcp/11ef4d12-22b4-43f3-b612-416f8e17e56b/addn_hosts - 4 addresses
Sep 29 19:55:36 gtw01 dnsmasq-dhcp[23394]: read /var/lib/neutron/dhcp/11ef4d12-22b4-43f3-b612-416f8e17e56b/host
Sep 29 19:55:36 gtw01 dnsmasq-dhcp[23394]: read /var/lib/neutron/dhcp/11ef4d12-22b4-43f3-b612-416f8e17e56b/opts
Sep 29 19:55:36 gtw01 dnsmasq[24036]: read /var/lib/neutron/dhcp/bc80fa62-4631-4cfc-af39-f15c0d458bfd/addn_hosts - 2 addresses
Sep 29 19:55:36 gtw01 dnsmasq-dhcp[24036]: read /var/lib/neutron/dhcp/bc80fa62-4631-4cfc-af39-f15c0d458bfd/host
Sep 29 19:55:36 gtw01 dnsmasq-dhcp[24036]: read /var/lib/neutron/dhcp/bc80fa62-4631-4cfc-af39-f15c0d458bfd/opts
Sep 29 19:55:37 gtw01 dnsmasq[24226]: read /var/lib/neutron/dhcp/e9497beb-2feb-4140-80fa-c5c1dcc88a5d/addn_hosts - 2 addresses
Sep 29 19:55:37 gtw01 dnsmasq-dhcp[24226]: read /var/lib/neutron/dhcp/e9497beb-2feb-4140-80fa-c5c1dcc88a5d/host
Sep 29 19:55:37 gtw01 dnsmasq-dhcp[24226]: read /var/lib/neutron/dhcp/e9497beb-2feb-4140-80fa-c5c1dcc88a5d/opts
Sep 29 19:55:38 gtw01 dnsmasq[24036]: read /var/lib/neutron/dhcp/bc80fa62-4631-4cfc-af39-f15c0d458bfd/addn_hosts - 2 addresses
Sep 29 19:55:38 gtw01 dnsmasq-dhcp[24036]: read /var/lib/neutron/dhcp/bc80fa62-4631-4cfc-af39-f15c0d458bfd/host
Sep 29 19:55:38 gtw01 dnsmasq-dhcp[24036]: read /var/lib/neutron/dhcp/bc80fa62-4631-4cfc-af39-f15c0d458bfd/opts
Sep 29 19:55:38 gtw01 kernel: [ 6496.706126] device tapc3f1a488-8c entered promiscuous mode
Sep 29 19:55:38 gtw01 systemd-udevd[24346]: Could not generate persistent MAC address for tapc3f1a488-8c: No such file or directory
Sep 29 19:55:38 gtw01 systemd-udevd[24415]: Process '/sbin/ip link set tapc3f1a488-8c txqueuelen 10000' failed with exit code 1.
Sep 29 19:55:39 gtw01 kernel: [ 6497.718208] device tap398cc1f6-7b entered promiscuous mode
Sep 29 19:55:39 gtw01 systemd-udevd[24470]: Could not generate persistent MAC address for tap398cc1f6-7b: No such file or directory
Sep 29 19:55:39 gtw01 systemd-udevd[24470]: Process '/sbin/ip link set tap398cc1f6-7b txqueuelen 10000' failed with exit code 1.
Sep 29 19:55:39 gtw01 dnsmasq[24226]: read /var/lib/neutron/dhcp/e9497beb-2feb-4140-80fa-c5c1dcc88a5d/addn_hosts - 2 addresses
Sep 29 19:55:39 gtw01 dnsmasq-dhcp[24226]: read /var/lib/neutron/dhcp/e9497beb-2feb-4140-80fa-c5c1dcc88a5d/host
Sep 29 19:55:39 gtw01 dnsmasq-dhcp[24226]: read /var/lib/neutron/dhcp/e9497beb-2feb-4140-80fa-c5c1dcc88a5d/opts
Sep 29 19:55:40 gtw01 dnsmasq[24036]: read /var/lib/neutron/dhcp/bc80fa62-4631-4cfc-af39-f15c0d458bfd/addn_hosts - 2 addresses
Sep 29 19:55:40 gtw01 dnsmasq-dhcp[24036]: read /var/lib/neutron/dhcp/bc80fa62-4631-4cfc-af39-f15c0d458bfd/host
Sep 29 19:55:40 gtw01 dnsmasq-dhcp[24036]: read /var/lib/neutron/dhcp/bc80fa62-4631-4cfc-af39-f15c0d458bfd/opts
Sep 29 19:55:41 gtw01 dnsmasq[24605]: started, version 2.80 cachesize 150
Sep 29 19:55:41 gtw01 dnsmasq[24605]: DNS service limited to local subnets
Sep 29 19:55:41 gtw01 dnsmasq[24605]: compile time options: IPv6 GNU-getopt DBus i18n IDN DHCP DHCPv6 no-Lua TFTP conntrack ipset auth DNSSEC loop-detect inotify dumpfile
Sep 29 19:55:41 gtw01 dnsmasq[24605]: warning: no upstream servers configured
Sep 29 19:55:41 gtw01 dnsmasq-dhcp[24605]: DHCP, static leases only on 19.80.0.0, lease time 1h
Sep 29 19:55:41 gtw01 dnsmasq[24605]: read /var/lib/neutron/dhcp/dca22a0f-b1a3-47a5-9e61-86ab11bd4033/addn_hosts - 1 addresses
Sep 29 19:55:41 gtw01 dnsmasq-dhcp[24605]: read /var/lib/neutron/dhcp/dca22a0f-b1a3-47a5-9e61-86ab11bd4033/host
Sep 29 19:55:41 gtw01 dnsmasq-dhcp[24605]: read /var/lib/neutron/dhcp/dca22a0f-b1a3-47a5-9e61-86ab11bd4033/opts
Sep 29 19:55:41 gtw01 dnsmasq[23394]: read /var/lib/neutron/dhcp/11ef4d12-22b4-43f3-b612-416f8e17e56b/addn_hosts - 3 addresses
Sep 29 19:55:41 gtw01 dnsmasq-dhcp[23394]: read /var/lib/neutron/dhcp/11ef4d12-22b4-43f3-b612-416f8e17e56b/host
Sep 29 19:55:41 gtw01 dnsmasq-dhcp[23394]: read /var/lib/neutron/dhcp/11ef4d12-22b4-43f3-b612-416f8e17e56b/opts
Sep 29 19:55:41 gtw01 haproxy-metadata-proxy-dca22a0f-b1a3-47a5-9e61-86ab11bd4033[24639]: Proxy listener started.
Sep 29 19:55:42 gtw01 dnsmasq[24226]: read /var/lib/neutron/dhcp/e9497beb-2feb-4140-80fa-c5c1dcc88a5d/addn_hosts - 2 addresses
Sep 29 19:55:42 gtw01 dnsmasq-dhcp[24226]: read /var/lib/neutron/dhcp/e9497beb-2feb-4140-80fa-c5c1dcc88a5d/host
Sep 29 19:55:42 gtw01 dnsmasq-dhcp[24226]: read /var/lib/neutron/dhcp/e9497beb-2feb-4140-80fa-c5c1dcc88a5d/opts
Sep 29 19:55:42 gtw01 dnsmasq[24605]: read /var/lib/neutron/dhcp/dca22a0f-b1a3-47a5-9e61-86ab11bd4033/addn_hosts - 1 addresses
Sep 29 19:55:42 gtw01 dnsmasq-dhcp[24605]: read /var/lib/neutron/dhcp/dca22a0f-b1a3-47a5-9e61-86ab11bd4033/host
Sep 29 19:55:42 gtw01 dnsmasq-dhcp[24605]: read /var/lib/neutron/dhcp/dca22a0f-b1a3-47a5-9e61-86ab11bd4033/opts
Sep 29 19:55:43 gtw01 dnsmasq-dhcp[23394]: DHCPRELEASE(tap3e93ee1b-7a) 192.168.120.9 fa:16:3e:41:ac:75
Sep 29 19:55:43 gtw01 dnsmasq-dhcp[23394]: DHCPRELEASE(tap3e93ee1b-7a) 192.168.120.9 fa:16:3e:41:ac:75 unknown lease
Sep 29 19:55:44 gtw01 dnsmasq[24226]: read /var/lib/neutron/dhcp/e9497beb-2feb-4140-80fa-c5c1dcc88a5d/addn_hosts - 2 addresses
Sep 29 19:55:44 gtw01 dnsmasq-dhcp[24226]: read /var/lib/neutron/dhcp/e9497beb-2feb-4140-80fa-c5c1dcc88a5d/host
Sep 29 19:55:44 gtw01 dnsmasq-dhcp[24226]: read /var/lib/neutron/dhcp/e9497beb-2feb-4140-80fa-c5c1dcc88a5d/opts
Sep 29 19:55:45 gtw01 dnsmasq[24605]: read /var/lib/neutron/dhcp/dca22a0f-b1a3-47a5-9e61-86ab11bd4033/addn_hosts - 1 addresses
Sep 29 19:55:45 gtw01 dnsmasq-dhcp[24605]: read /var/lib/neutron/dhcp/dca22a0f-b1a3-47a5-9e61-86ab11bd4033/host
Sep 29 19:55:45 gtw01 dnsmasq-dhcp[24605]: read /var/lib/neutron/dhcp/dca22a0f-b1a3-47a5-9e61-86ab11bd4033/opts
Sep 29 19:55:45 gtw01 dnsmasq[23394]: read /var/lib/neutron/dhcp/11ef4d12-22b4-43f3-b612-416f8e17e56b/addn_hosts - 2 addresses
Sep 29 19:55:45 gtw01 dnsmasq-dhcp[23394]: read /var/lib/neutron/dhcp/11ef4d12-22b4-43f3-b612-416f8e17e56b/host
Sep 29 19:55:45 gtw01 dnsmasq-dhcp[23394]: read /var/lib/neutron/dhcp/11ef4d12-22b4-43f3-b612-416f8e17e56b/opts
Sep 29 19:55:45 gtw01 dnsmasq[24799]: started, version 2.80 cachesize 150
Sep 29 19:55:45 gtw01 dnsmasq[24799]: DNS service limited to local subnets
Sep 29 19:55:45 gtw01 dnsmasq[24799]: compile time options: IPv6 GNU-getopt DBus i18n IDN DHCP DHCPv6 no-Lua TFTP conntrack ipset auth DNSSEC loop-detect inotify dumpfile
Sep 29 19:55:45 gtw01 dnsmasq[24799]: warning: no upstream servers configured
Sep 29 19:55:45 gtw01 dnsmasq-dhcp[24799]: DHCP, static leases only on 19.86.0.0, lease time 1h
Sep 29 19:55:45 gtw01 dnsmasq[24799]: read /var/lib/neutron/dhcp/6429d3a1-7639-4781-a1fb-de735351423e/addn_hosts - 1 addresses
Sep 29 19:55:45 gtw01 dnsmasq-dhcp[24799]: read /var/lib/neutron/dhcp/6429d3a1-7639-4781-a1fb-de735351423e/host
Sep 29 19:55:45 gtw01 dnsmasq-dhcp[24799]: read /var/lib/neutron/dhcp/6429d3a1-7639-4781-a1fb-de735351423e/opts
Sep 29 19:55:46 gtw01 dnsmasq[24226]: read /var/lib/neutron/dhcp/e9497beb-2feb-4140-80fa-c5c1dcc88a5d/addn_hosts - 2 addresses
Sep 29 19:55:46 gtw01 dnsmasq-dhcp[24226]: read /var/lib/neutron/dhcp/e9497beb-2feb-4140-80fa-c5c1dcc88a5d/host
Sep 29 19:55:46 gtw01 dnsmasq-dhcp[24226]: read /var/lib/neutron/dhcp/e9497beb-2feb-4140-80fa-c5c1dcc88a5d/opts
Sep 29 19:55:46 gtw01 dnsmasq[24818]: started, version 2.80 cachesize 150
Sep 29 19:55:46 gtw01 dnsmasq[24818]: DNS service limited to local subnets
Sep 29 19:55:46 gtw01 dnsmasq[24818]: compile time options: IPv6 GNU-getopt DBus i18n IDN DHCP DHCPv6 no-Lua TFTP conntrack ipset auth DNSSEC loop-detect inotify dumpfile
