Sep 29 21:25:10 gtw01 dnsmasq-dhcp[3315]: read /var/lib/neutron/dhcp/40d73cd2-7541-440b-b751-2dcc91663083/host
Sep 29 21:25:10 gtw01 dnsmasq-dhcp[3315]: read /var/lib/neutron/dhcp/40d73cd2-7541-440b-b751-2dcc91663083/opts
Sep 29 21:25:10 gtw01 systemd-udevd[3348]: Process '/sbin/ip link set tap6d80b0b1-c5 txqueuelen 10000' failed with exit code 1.
Sep 29 21:25:11 gtw01 dnsmasq[3315]: read /var/lib/neutron/dhcp/40d73cd2-7541-440b-b751-2dcc91663083/addn_hosts - 3 addresses
Sep 29 21:25:11 gtw01 dnsmasq-dhcp[3315]: read /var/lib/neutron/dhcp/40d73cd2-7541-440b-b751-2dcc91663083/host
Sep 29 21:25:11 gtw01 dnsmasq-dhcp[3315]: read /var/lib/neutron/dhcp/40d73cd2-7541-440b-b751-2dcc91663083/opts
Sep 29 21:25:12 gtw01 dnsmasq[3315]: read /var/lib/neutron/dhcp/40d73cd2-7541-440b-b751-2dcc91663083/addn_hosts - 3 addresses
Sep 29 21:25:12 gtw01 dnsmasq-dhcp[3315]: read /var/lib/neutron/dhcp/40d73cd2-7541-440b-b751-2dcc91663083/host
Sep 29 21:25:12 gtw01 dnsmasq-dhcp[3315]: read /var/lib/neutron/dhcp/40d73cd2-7541-440b-b751-2dcc91663083/opts
Sep 29 21:25:13 gtw01 dnsmasq[3315]: read /var/lib/neutron/dhcp/40d73cd2-7541-440b-b751-2dcc91663083/addn_hosts - 3 addresses
Sep 29 21:25:13 gtw01 dnsmasq-dhcp[3315]: read /var/lib/neutron/dhcp/40d73cd2-7541-440b-b751-2dcc91663083/host
Sep 29 21:25:13 gtw01 dnsmasq-dhcp[3315]: read /var/lib/neutron/dhcp/40d73cd2-7541-440b-b751-2dcc91663083/opts
Sep 29 21:25:13 gtw01 dnsmasq[3535]: started, version 2.80 cachesize 150
Sep 29 21:25:13 gtw01 dnsmasq[3535]: DNS service limited to local subnets
Sep 29 21:25:13 gtw01 dnsmasq[3535]: compile time options: IPv6 GNU-getopt DBus i18n IDN DHCP DHCPv6 no-Lua TFTP conntrack ipset auth DNSSEC loop-detect inotify dumpfile
Sep 29 21:25:13 gtw01 dnsmasq[3535]: warning: no upstream servers configured
Sep 29 21:25:13 gtw01 dnsmasq-dhcp[3535]: DHCP, static leases only on 11.11.11.0, lease time 1h
Sep 29 21:25:13 gtw01 dnsmasq[3535]: read /var/lib/neutron/dhcp/0f07a092-e0fb-4108-8a1c-642314d8069b/addn_hosts - 1 addresses
Sep 29 21:25:13 gtw01 dnsmasq-dhcp[3535]: read /var/lib/neutron/dhcp/0f07a092-e0fb-4108-8a1c-642314d8069b/host
Sep 29 21:25:13 gtw01 dnsmasq-dhcp[3535]: read /var/lib/neutron/dhcp/0f07a092-e0fb-4108-8a1c-642314d8069b/opts
Sep 29 21:25:14 gtw01 haproxy-metadata-proxy-0f07a092-e0fb-4108-8a1c-642314d8069b[3544]: Proxy listener started.
Sep 29 21:25:14 gtw01 dnsmasq[3315]: read /var/lib/neutron/dhcp/40d73cd2-7541-440b-b751-2dcc91663083/addn_hosts - 3 addresses
Sep 29 21:25:14 gtw01 dnsmasq-dhcp[3315]: read /var/lib/neutron/dhcp/40d73cd2-7541-440b-b751-2dcc91663083/host
Sep 29 21:25:14 gtw01 dnsmasq-dhcp[3315]: read /var/lib/neutron/dhcp/40d73cd2-7541-440b-b751-2dcc91663083/opts
Sep 29 21:25:14 gtw01 dnsmasq[3535]: read /var/lib/neutron/dhcp/0f07a092-e0fb-4108-8a1c-642314d8069b/addn_hosts - 3 addresses
Sep 29 21:25:14 gtw01 dnsmasq-dhcp[3535]: read /var/lib/neutron/dhcp/0f07a092-e0fb-4108-8a1c-642314d8069b/host
Sep 29 21:25:14 gtw01 dnsmasq-dhcp[3535]: read /var/lib/neutron/dhcp/0f07a092-e0fb-4108-8a1c-642314d8069b/opts
Sep 29 21:25:15 gtw01 dnsmasq[3315]: read /var/lib/neutron/dhcp/40d73cd2-7541-440b-b751-2dcc91663083/addn_hosts - 3 addresses
Sep 29 21:25:15 gtw01 dnsmasq-dhcp[3315]: read /var/lib/neutron/dhcp/40d73cd2-7541-440b-b751-2dcc91663083/host
Sep 29 21:25:15 gtw01 dnsmasq-dhcp[3315]: read /var/lib/neutron/dhcp/40d73cd2-7541-440b-b751-2dcc91663083/opts
Sep 29 21:25:15 gtw01 dnsmasq[3535]: read /var/lib/neutron/dhcp/0f07a092-e0fb-4108-8a1c-642314d8069b/addn_hosts - 3 addresses
Sep 29 21:25:15 gtw01 dnsmasq-dhcp[3535]: read /var/lib/neutron/dhcp/0f07a092-e0fb-4108-8a1c-642314d8069b/host
Sep 29 21:25:15 gtw01 dnsmasq-dhcp[3535]: read /var/lib/neutron/dhcp/0f07a092-e0fb-4108-8a1c-642314d8069b/opts
Sep 29 21:25:16 gtw01 dnsmasq[3315]: read /var/lib/neutron/dhcp/40d73cd2-7541-440b-b751-2dcc91663083/addn_hosts - 3 addresses
Sep 29 21:25:16 gtw01 dnsmasq-dhcp[3315]: read /var/lib/neutron/dhcp/40d73cd2-7541-440b-b751-2dcc91663083/host
Sep 29 21:25:16 gtw01 dnsmasq-dhcp[3315]: read /var/lib/neutron/dhcp/40d73cd2-7541-440b-b751-2dcc91663083/opts
Sep 29 21:25:16 gtw01 dnsmasq[3535]: read /var/lib/neutron/dhcp/0f07a092-e0fb-4108-8a1c-642314d8069b/addn_hosts - 3 addresses
Sep 29 21:25:16 gtw01 dnsmasq-dhcp[3535]: read /var/lib/neutron/dhcp/0f07a092-e0fb-4108-8a1c-642314d8069b/host
Sep 29 21:25:16 gtw01 dnsmasq-dhcp[3535]: read /var/lib/neutron/dhcp/0f07a092-e0fb-4108-8a1c-642314d8069b/opts
Sep 29 21:25:17 gtw01 dnsmasq[3315]: read /var/lib/neutron/dhcp/40d73cd2-7541-440b-b751-2dcc91663083/addn_hosts - 3 addresses
Sep 29 21:25:17 gtw01 dnsmasq-dhcp[3315]: read /var/lib/neutron/dhcp/40d73cd2-7541-440b-b751-2dcc91663083/host
Sep 29 21:25:17 gtw01 dnsmasq-dhcp[3315]: read /var/lib/neutron/dhcp/40d73cd2-7541-440b-b751-2dcc91663083/opts
Sep 29 21:25:17 gtw01 dnsmasq[3535]: read /var/lib/neutron/dhcp/0f07a092-e0fb-4108-8a1c-642314d8069b/addn_hosts - 3 addresses
Sep 29 21:25:17 gtw01 dnsmasq-dhcp[3535]: read /var/lib/neutron/dhcp/0f07a092-e0fb-4108-8a1c-642314d8069b/host
Sep 29 21:25:17 gtw01 dnsmasq-dhcp[3535]: read /var/lib/neutron/dhcp/0f07a092-e0fb-4108-8a1c-642314d8069b/opts
Sep 29 21:25:18 gtw01 dnsmasq[3535]: read /var/lib/neutron/dhcp/0f07a092-e0fb-4108-8a1c-642314d8069b/addn_hosts - 3 addresses
Sep 29 21:25:18 gtw01 dnsmasq-dhcp[3535]: read /var/lib/neutron/dhcp/0f07a092-e0fb-4108-8a1c-642314d8069b/host
Sep 29 21:25:18 gtw01 dnsmasq-dhcp[3535]: read /var/lib/neutron/dhcp/0f07a092-e0fb-4108-8a1c-642314d8069b/opts
Sep 29 21:25:19 gtw01 dnsmasq[3535]: read /var/lib/neutron/dhcp/0f07a092-e0fb-4108-8a1c-642314d8069b/addn_hosts - 3 addresses
Sep 29 21:25:19 gtw01 dnsmasq-dhcp[3535]: read /var/lib/neutron/dhcp/0f07a092-e0fb-4108-8a1c-642314d8069b/host
Sep 29 21:25:19 gtw01 dnsmasq-dhcp[3535]: read /var/lib/neutron/dhcp/0f07a092-e0fb-4108-8a1c-642314d8069b/opts
Sep 29 21:25:20 gtw01 dnsmasq[3315]: read /var/lib/neutron/dhcp/40d73cd2-7541-440b-b751-2dcc91663083/addn_hosts - 3 addresses
Sep 29 21:25:20 gtw01 dnsmasq-dhcp[3315]: read /var/lib/neutron/dhcp/40d73cd2-7541-440b-b751-2dcc91663083/host
Sep 29 21:25:20 gtw01 dnsmasq-dhcp[3315]: read /var/lib/neutron/dhcp/40d73cd2-7541-440b-b751-2dcc91663083/opts
Sep 29 21:25:20 gtw01 dnsmasq[3535]: read /var/lib/neutron/dhcp/0f07a092-e0fb-4108-8a1c-642314d8069b/addn_hosts - 3 addresses
Sep 29 21:25:20 gtw01 dnsmasq-dhcp[3535]: read /var/lib/neutron/dhcp/0f07a092-e0fb-4108-8a1c-642314d8069b/host
Sep 29 21:25:20 gtw01 dnsmasq-dhcp[3535]: read /var/lib/neutron/dhcp/0f07a092-e0fb-4108-8a1c-642314d8069b/opts
Sep 29 21:25:21 gtw01 dnsmasq[3315]: read /var/lib/neutron/dhcp/40d73cd2-7541-440b-b751-2dcc91663083/addn_hosts - 2 addresses
Sep 29 21:25:21 gtw01 dnsmasq-dhcp[3315]: read /var/lib/neutron/dhcp/40d73cd2-7541-440b-b751-2dcc91663083/host
Sep 29 21:25:21 gtw01 dnsmasq-dhcp[3315]: read /var/lib/neutron/dhcp/40d73cd2-7541-440b-b751-2dcc91663083/opts
Sep 29 21:25:21 gtw01 dnsmasq[3535]: read /var/lib/neutron/dhcp/0f07a092-e0fb-4108-8a1c-642314d8069b/addn_hosts - 3 addresses
Sep 29 21:25:21 gtw01 dnsmasq-dhcp[3535]: read /var/lib/neutron/dhcp/0f07a092-e0fb-4108-8a1c-642314d8069b/host
Sep 29 21:25:21 gtw01 dnsmasq-dhcp[3535]: read /var/lib/neutron/dhcp/0f07a092-e0fb-4108-8a1c-642314d8069b/opts
Sep 29 21:25:23 gtw01 dnsmasq[3315]: read /var/lib/neutron/dhcp/40d73cd2-7541-440b-b751-2dcc91663083/addn_hosts - 1 addresses
Sep 29 21:25:23 gtw01 dnsmasq-dhcp[3315]: read /var/lib/neutron/dhcp/40d73cd2-7541-440b-b751-2dcc91663083/host
Sep 29 21:25:23 gtw01 dnsmasq-dhcp[3315]: read /var/lib/neutron/dhcp/40d73cd2-7541-440b-b751-2dcc91663083/opts
Sep 29 21:25:24 gtw01 dnsmasq[3535]: read /var/lib/neutron/dhcp/0f07a092-e0fb-4108-8a1c-642314d8069b/addn_hosts - 2 addresses
Sep 29 21:25:24 gtw01 dnsmasq-dhcp[3535]: read /var/lib/neutron/dhcp/0f07a092-e0fb-4108-8a1c-642314d8069b/host
Sep 29 21:25:24 gtw01 dnsmasq-dhcp[3535]: read /var/lib/neutron/dhcp/0f07a092-e0fb-4108-8a1c-642314d8069b/opts
Sep 29 21:25:25 gtw01 kernel: [11883.301386] device tapa35e5611-38 left promiscuous mode
Sep 29 21:25:25 gtw01 dnsmasq[3535]: read /var/lib/neutron/dhcp/0f07a092-e0fb-4108-8a1c-642314d8069b/addn_hosts - 2 addresses
Sep 29 21:25:25 gtw01 dnsmasq-dhcp[3535]: read /var/lib/neutron/dhcp/0f07a092-e0fb-4108-8a1c-642314d8069b/host
Sep 29 21:25:25 gtw01 dnsmasq-dhcp[3535]: read /var/lib/neutron/dhcp/0f07a092-e0fb-4108-8a1c-642314d8069b/opts
Sep 29 21:25:27 gtw01 dnsmasq[3535]: read /var/lib/neutron/dhcp/0f07a092-e0fb-4108-8a1c-642314d8069b/addn_hosts - 1 addresses
Sep 29 21:25:27 gtw01 dnsmasq-dhcp[3535]: read /var/lib/neutron/dhcp/0f07a092-e0fb-4108-8a1c-642314d8069b/host
Sep 29 21:25:27 gtw01 dnsmasq-dhcp[3535]: read /var/lib/neutron/dhcp/0f07a092-e0fb-4108-8a1c-642314d8069b/opts
Sep 29 21:25:29 gtw01 kernel: [11887.307935] device tap6d80b0b1-c5 left promiscuous mode
Sep 29 21:26:03 gtw01 dnsmasq[29124]: read /var/lib/neutron/dhcp/2e85ba96-a755-4b4b-ad50-15c5e64dfe16/addn_hosts - 3 addresses
Sep 29 21:26:03 gtw01 dnsmasq-dhcp[29124]: read /var/lib/neutron/dhcp/2e85ba96-a755-4b4b-ad50-15c5e64dfe16/host
Sep 29 21:26:03 gtw01 dnsmasq-dhcp[29124]: read /var/lib/neutron/dhcp/2e85ba96-a755-4b4b-ad50-15c5e64dfe16/opts
Sep 29 21:26:04 gtw01 dnsmasq[29124]: read /var/lib/neutron/dhcp/2e85ba96-a755-4b4b-ad50-15c5e64dfe16/addn_hosts - 3 addresses
Sep 29 21:26:04 gtw01 dnsmasq-dhcp[29124]: read /var/lib/neutron/dhcp/2e85ba96-a755-4b4b-ad50-15c5e64dfe16/host
Sep 29 21:26:04 gtw01 dnsmasq-dhcp[29124]: read /var/lib/neutron/dhcp/2e85ba96-a755-4b4b-ad50-15c5e64dfe16/opts
Sep 29 21:26:05 gtw01 dnsmasq[29124]: read /var/lib/neutron/dhcp/2e85ba96-a755-4b4b-ad50-15c5e64dfe16/addn_hosts - 4 addresses
Sep 29 21:26:05 gtw01 dnsmasq-dhcp[29124]: read /var/lib/neutron/dhcp/2e85ba96-a755-4b4b-ad50-15c5e64dfe16/host
Sep 29 21:26:05 gtw01 dnsmasq-dhcp[29124]: read /var/lib/neutron/dhcp/2e85ba96-a755-4b4b-ad50-15c5e64dfe16/opts
Sep 29 21:26:06 gtw01 dnsmasq[29124]: read /var/lib/neutron/dhcp/2e85ba96-a755-4b4b-ad50-15c5e64dfe16/addn_hosts - 5 addresses
Sep 29 21:26:06 gtw01 dnsmasq-dhcp[29124]: read /var/lib/neutron/dhcp/2e85ba96-a755-4b4b-ad50-15c5e64dfe16/host
Sep 29 21:26:06 gtw01 dnsmasq-dhcp[29124]: read /var/lib/neutron/dhcp/2e85ba96-a755-4b4b-ad50-15c5e64dfe16/opts
Sep 29 21:26:07 gtw01 dnsmasq[29124]: read /var/lib/neutron/dhcp/2e85ba96-a755-4b4b-ad50-15c5e64dfe16/addn_hosts - 6 addresses
Sep 29 21:26:07 gtw01 dnsmasq-dhcp[29124]: read /var/lib/neutron/dhcp/2e85ba96-a755-4b4b-ad50-15c5e64dfe16/host
Sep 29 21:26:07 gtw01 dnsmasq-dhcp[29124]: read /var/lib/neutron/dhcp/2e85ba96-a755-4b4b-ad50-15c5e64dfe16/opts
Sep 29 21:26:08 gtw01 dnsmasq[29124]: read /var/lib/neutron/dhcp/2e85ba96-a755-4b4b-ad50-15c5e64dfe16/addn_hosts - 6 addresses
Sep 29 21:26:08 gtw01 dnsmasq-dhcp[29124]: read /var/lib/neutron/dhcp/2e85ba96-a755-4b4b-ad50-15c5e64dfe16/host
Sep 29 21:26:08 gtw01 dnsmasq-dhcp[29124]: read /var/lib/neutron/dhcp/2e85ba96-a755-4b4b-ad50-15c5e64dfe16/opts
Sep 29 21:26:09 gtw01 dnsmasq[29124]: read /var/lib/neutron/dhcp/2e85ba96-a755-4b4b-ad50-15c5e64dfe16/addn_hosts - 6 addresses
Sep 29 21:26:09 gtw01 dnsmasq-dhcp[29124]: read /var/lib/neutron/dhcp/2e85ba96-a755-4b4b-ad50-15c5e64dfe16/host
Sep 29 21:26:09 gtw01 dnsmasq-dhcp[29124]: read /var/lib/neutron/dhcp/2e85ba96-a755-4b4b-ad50-15c5e64dfe16/opts
Sep 29 21:26:10 gtw01 dnsmasq[29124]: read /var/lib/neutron/dhcp/2e85ba96-a755-4b4b-ad50-15c5e64dfe16/addn_hosts - 6 addresses
Sep 29 21:26:10 gtw01 dnsmasq-dhcp[29124]: read /var/lib/neutron/dhcp/2e85ba96-a755-4b4b-ad50-15c5e64dfe16/host
Sep 29 21:26:10 gtw01 dnsmasq-dhcp[29124]: read /var/lib/neutron/dhcp/2e85ba96-a755-4b4b-ad50-15c5e64dfe16/opts
Sep 29 21:26:11 gtw01 dnsmasq[29124]: read /var/lib/neutron/dhcp/2e85ba96-a755-4b4b-ad50-15c5e64dfe16/addn_hosts - 6 addresses
Sep 29 21:26:11 gtw01 dnsmasq-dhcp[29124]: read /var/lib/neutron/dhcp/2e85ba96-a755-4b4b-ad50-15c5e64dfe16/host
Sep 29 21:26:11 gtw01 dnsmasq-dhcp[29124]: read /var/lib/neutron/dhcp/2e85ba96-a755-4b4b-ad50-15c5e64dfe16/opts
Sep 29 21:26:12 gtw01 dnsmasq[29124]: read /var/lib/neutron/dhcp/2e85ba96-a755-4b4b-ad50-15c5e64dfe16/addn_hosts - 6 addresses
Sep 29 21:26:12 gtw01 dnsmasq-dhcp[29124]: read /var/lib/neutron/dhcp/2e85ba96-a755-4b4b-ad50-15c5e64dfe16/host
Sep 29 21:26:12 gtw01 dnsmasq-dhcp[29124]: read /var/lib/neutron/dhcp/2e85ba96-a755-4b4b-ad50-15c5e64dfe16/opts
Sep 29 21:26:13 gtw01 dnsmasq[29124]: read /var/lib/neutron/dhcp/2e85ba96-a755-4b4b-ad50-15c5e64dfe16/addn_hosts - 6 addresses
Sep 29 21:26:13 gtw01 dnsmasq-dhcp[29124]: read /var/lib/neutron/dhcp/2e85ba96-a755-4b4b-ad50-15c5e64dfe16/host
Sep 29 21:26:13 gtw01 dnsmasq-dhcp[29124]: read /var/lib/neutron/dhcp/2e85ba96-a755-4b4b-ad50-15c5e64dfe16/opts
Sep 29 21:26:14 gtw01 dnsmasq[29124]: read /var/lib/neutron/dhcp/2e85ba96-a755-4b4b-ad50-15c5e64dfe16/addn_hosts - 6 addresses
Sep 29 21:26:14 gtw01 dnsmasq-dhcp[29124]: read /var/lib/neutron/dhcp/2e85ba96-a755-4b4b-ad50-15c5e64dfe16/host
Sep 29 21:26:14 gtw01 dnsmasq-dhcp[29124]: read /var/lib/neutron/dhcp/2e85ba96-a755-4b4b-ad50-15c5e64dfe16/opts
Sep 29 21:26:21 gtw01 dnsmasq-dhcp[29124]: DHCPDISCOVER(tapc852deca-7e) fa:16:3e:bc:56:af
Sep 29 21:26:21 gtw01 dnsmasq-dhcp[29124]: DHCPOFFER(tapc852deca-7e) 192.168.120.9 fa:16:3e:bc:56:af
Sep 29 21:26:21 gtw01 dnsmasq-dhcp[29124]: DHCPREQUEST(tapc852deca-7e) 192.168.120.9 fa:16:3e:bc:56:af
Sep 29 21:26:21 gtw01 dnsmasq-dhcp[29124]: DHCPACK(tapc852deca-7e) 192.168.120.9 fa:16:3e:bc:56:af host-192-168-120-9
Sep 29 21:26:23 gtw01 dnsmasq-dhcp[29124]: DHCPDISCOVER(tapc852deca-7e) fa:16:3e:e5:03:0f
Sep 29 21:26:23 gtw01 dnsmasq-dhcp[29124]: DHCPOFFER(tapc852deca-7e) 192.168.120.3 fa:16:3e:e5:03:0f
Sep 29 21:26:23 gtw01 dnsmasq-dhcp[29124]: DHCPREQUEST(tapc852deca-7e) 192.168.120.3 fa:16:3e:e5:03:0f
Sep 29 21:26:23 gtw01 dnsmasq-dhcp[29124]: DHCPACK(tapc852deca-7e) 192.168.120.3 fa:16:3e:e5:03:0f host-192-168-120-3
Sep 29 21:26:23 gtw01 dnsmasq-dhcp[29124]: DHCPDISCOVER(tapc852deca-7e) fa:16:3e:ae:5b:76
Sep 29 21:26:23 gtw01 dnsmasq-dhcp[29124]: DHCPOFFER(tapc852deca-7e) 192.168.120.12 fa:16:3e:ae:5b:76
Sep 29 21:26:23 gtw01 dnsmasq-dhcp[29124]: DHCPREQUEST(tapc852deca-7e) 192.168.120.12 fa:16:3e:ae:5b:76
Sep 29 21:26:23 gtw01 dnsmasq-dhcp[29124]: DHCPACK(tapc852deca-7e) 192.168.120.12 fa:16:3e:ae:5b:76 host-192-168-120-12
Sep 29 21:26:26 gtw01 dnsmasq-dhcp[29124]: DHCPDISCOVER(tapc852deca-7e) fa:16:3e:13:fc:4c
Sep 29 21:26:26 gtw01 dnsmasq-dhcp[29124]: DHCPOFFER(tapc852deca-7e) 192.168.120.11 fa:16:3e:13:fc:4c
Sep 29 21:26:26 gtw01 dnsmasq-dhcp[29124]: DHCPREQUEST(tapc852deca-7e) 192.168.120.11 fa:16:3e:13:fc:4c
Sep 29 21:26:26 gtw01 dnsmasq-dhcp[29124]: DHCPACK(tapc852deca-7e) 192.168.120.11 fa:16:3e:13:fc:4c host-192-168-120-11
Sep 29 21:26:27 gtw01 dnsmasq-dhcp[29124]: DHCPRELEASE(tapc852deca-7e) 192.168.120.9 fa:16:3e:bc:56:af
Sep 29 21:26:27 gtw01 dnsmasq-dhcp[29124]: DHCPRELEASE(tapc852deca-7e) 192.168.120.9 fa:16:3e:bc:56:af unknown lease
Sep 29 21:26:28 gtw01 dnsmasq[29124]: read /var/lib/neutron/dhcp/2e85ba96-a755-4b4b-ad50-15c5e64dfe16/addn_hosts - 5 addresses
Sep 29 21:26:28 gtw01 dnsmasq-dhcp[29124]: read /var/lib/neutron/dhcp/2e85ba96-a755-4b4b-ad50-15c5e64dfe16/host
Sep 29 21:26:28 gtw01 dnsmasq-dhcp[29124]: read /var/lib/neutron/dhcp/2e85ba96-a755-4b4b-ad50-15c5e64dfe16/opts
Sep 29 21:26:29 gtw01 dnsmasq-dhcp[29124]: DHCPRELEASE(tapc852deca-7e) 192.168.120.3 fa:16:3e:e5:03:0f
Sep 29 21:26:29 gtw01 dnsmasq-dhcp[29124]: DHCPRELEASE(tapc852deca-7e) 192.168.120.3 fa:16:3e:e5:03:0f unknown lease
Sep 29 21:26:30 gtw01 dnsmasq[29124]: read /var/lib/neutron/dhcp/2e85ba96-a755-4b4b-ad50-15c5e64dfe16/addn_hosts - 4 addresses
Sep 29 21:26:30 gtw01 dnsmasq-dhcp[29124]: read /var/lib/neutron/dhcp/2e85ba96-a755-4b4b-ad50-15c5e64dfe16/host
Sep 29 21:26:30 gtw01 dnsmasq-dhcp[29124]: read /var/lib/neutron/dhcp/2e85ba96-a755-4b4b-ad50-15c5e64dfe16/opts
Sep 29 21:26:30 gtw01 dnsmasq-dhcp[29124]: DHCPRELEASE(tapc852deca-7e) 192.168.120.12 fa:16:3e:ae:5b:76
Sep 29 21:26:31 gtw01 dnsmasq-dhcp[29124]: DHCPRELEASE(tapc852deca-7e) 192.168.120.12 fa:16:3e:ae:5b:76 unknown lease
Sep 29 21:26:31 gtw01 dnsmasq[29124]: read /var/lib/neutron/dhcp/2e85ba96-a755-4b4b-ad50-15c5e64dfe16/addn_hosts - 3 addresses
Sep 29 21:26:31 gtw01 dnsmasq-dhcp[29124]: read /var/lib/neutron/dhcp/2e85ba96-a755-4b4b-ad50-15c5e64dfe16/host
Sep 29 21:26:31 gtw01 dnsmasq-dhcp[29124]: read /var/lib/neutron/dhcp/2e85ba96-a755-4b4b-ad50-15c5e64dfe16/opts
Sep 29 21:26:32 gtw01 dnsmasq-dhcp[29124]: DHCPRELEASE(tapc852deca-7e) 192.168.120.11 fa:16:3e:13:fc:4c
Sep 29 21:26:32 gtw01 dnsmasq-dhcp[29124]: DHCPRELEASE(tapc852deca-7e) 192.168.120.11 fa:16:3e:13:fc:4c unknown lease
Sep 29 21:26:33 gtw01 dnsmasq[29124]: read /var/lib/neutron/dhcp/2e85ba96-a755-4b4b-ad50-15c5e64dfe16/addn_hosts - 2 addresses
Sep 29 21:26:33 gtw01 dnsmasq-dhcp[29124]: read /var/lib/neutron/dhcp/2e85ba96-a755-4b4b-ad50-15c5e64dfe16/host
Sep 29 21:26:33 gtw01 dnsmasq-dhcp[29124]: read /var/lib/neutron/dhcp/2e85ba96-a755-4b4b-ad50-15c5e64dfe16/opts
Sep 29 21:26:39 gtw01 dnsmasq[29124]: read /var/lib/neutron/dhcp/2e85ba96-a755-4b4b-ad50-15c5e64dfe16/addn_hosts - 3 addresses
Sep 29 21:26:39 gtw01 dnsmasq-dhcp[29124]: read /var/lib/neutron/dhcp/2e85ba96-a755-4b4b-ad50-15c5e64dfe16/host
Sep 29 21:26:39 gtw01 dnsmasq-dhcp[29124]: read /var/lib/neutron/dhcp/2e85ba96-a755-4b4b-ad50-15c5e64dfe16/opts
Sep 29 21:26:40 gtw01 dnsmasq[29124]: read /var/lib/neutron/dhcp/2e85ba96-a755-4b4b-ad50-15c5e64dfe16/addn_hosts - 3 addresses
Sep 29 21:26:40 gtw01 dnsmasq-dhcp[29124]: read /var/lib/neutron/dhcp/2e85ba96-a755-4b4b-ad50-15c5e64dfe16/host
Sep 29 21:26:40 gtw01 dnsmasq-dhcp[29124]: read /var/lib/neutron/dhcp/2e85ba96-a755-4b4b-ad50-15c5e64dfe16/opts
Sep 29 21:26:41 gtw01 dnsmasq[29124]: read /var/lib/neutron/dhcp/2e85ba96-a755-4b4b-ad50-15c5e64dfe16/addn_hosts - 3 addresses
Sep 29 21:26:41 gtw01 dnsmasq-dhcp[29124]: read /var/lib/neutron/dhcp/2e85ba96-a755-4b4b-ad50-15c5e64dfe16/host
Sep 29 21:26:41 gtw01 dnsmasq-dhcp[29124]: read /var/lib/neutron/dhcp/2e85ba96-a755-4b4b-ad50-15c5e64dfe16/opts
Sep 29 21:26:42 gtw01 dnsmasq[29124]: read /var/lib/neutron/dhcp/2e85ba96-a755-4b4b-ad50-15c5e64dfe16/addn_hosts - 4 addresses
Sep 29 21:26:42 gtw01 dnsmasq-dhcp[29124]: read /var/lib/neutron/dhcp/2e85ba96-a755-4b4b-ad50-15c5e64dfe16/host
Sep 29 21:26:42 gtw01 dnsmasq-dhcp[29124]: read /var/lib/neutron/dhcp/2e85ba96-a755-4b4b-ad50-15c5e64dfe16/opts
Sep 29 21:26:42 gtw01 dnsmasq[29124]: read /var/lib/neutron/dhcp/2e85ba96-a755-4b4b-ad50-15c5e64dfe16/addn_hosts - 5 addresses
Sep 29 21:26:42 gtw01 dnsmasq-dhcp[29124]: read /var/lib/neutron/dhcp/2e85ba96-a755-4b4b-ad50-15c5e64dfe16/host
Sep 29 21:26:42 gtw01 dnsmasq-dhcp[29124]: read /var/lib/neutron/dhcp/2e85ba96-a755-4b4b-ad50-15c5e64dfe16/opts
Sep 29 21:26:43 gtw01 dnsmasq[29124]: read /var/lib/neutron/dhcp/2e85ba96-a755-4b4b-ad50-15c5e64dfe16/addn_hosts - 6 addresses
Sep 29 21:26:43 gtw01 dnsmasq-dhcp[29124]: read /var/lib/neutron/dhcp/2e85ba96-a755-4b4b-ad50-15c5e64dfe16/host
Sep 29 21:26:43 gtw01 dnsmasq-dhcp[29124]: read /var/lib/neutron/dhcp/2e85ba96-a755-4b4b-ad50-15c5e64dfe16/opts
Sep 29 21:26:44 gtw01 dnsmasq[29124]: read /var/lib/neutron/dhcp/2e85ba96-a755-4b4b-ad50-15c5e64dfe16/addn_hosts - 6 addresses
Sep 29 21:26:44 gtw01 dnsmasq-dhcp[29124]: read /var/lib/neutron/dhcp/2e85ba96-a755-4b4b-ad50-15c5e64dfe16/host
Sep 29 21:26:44 gtw01 dnsmasq-dhcp[29124]: read /var/lib/neutron/dhcp/2e85ba96-a755-4b4b-ad50-15c5e64dfe16/opts
Sep 29 21:26:45 gtw01 dnsmasq[29124]: read /var/lib/neutron/dhcp/2e85ba96-a755-4b4b-ad50-15c5e64dfe16/addn_hosts - 6 addresses
Sep 29 21:26:45 gtw01 dnsmasq-dhcp[29124]: read /var/lib/neutron/dhcp/2e85ba96-a755-4b4b-ad50-15c5e64dfe16/host
Sep 29 21:26:45 gtw01 dnsmasq-dhcp[29124]: read /var/lib/neutron/dhcp/2e85ba96-a755-4b4b-ad50-15c5e64dfe16/opts
Sep 29 21:26:46 gtw01 dnsmasq[29124]: read /var/lib/neutron/dhcp/2e85ba96-a755-4b4b-ad50-15c5e64dfe16/addn_hosts - 6 addresses
Sep 29 21:26:46 gtw01 dnsmasq-dhcp[29124]: read /var/lib/neutron/dhcp/2e85ba96-a755-4b4b-ad50-15c5e64dfe16/host
Sep 29 21:26:46 gtw01 dnsmasq-dhcp[29124]: read /var/lib/neutron/dhcp/2e85ba96-a755-4b4b-ad50-15c5e64dfe16/opts
Sep 29 21:26:47 gtw01 dnsmasq[29124]: read /var/lib/neutron/dhcp/2e85ba96-a755-4b4b-ad50-15c5e64dfe16/addn_hosts - 6 addresses
Sep 29 21:26:47 gtw01 dnsmasq-dhcp[29124]: read /var/lib/neutron/dhcp/2e85ba96-a755-4b4b-ad50-15c5e64dfe16/host
Sep 29 21:26:47 gtw01 dnsmasq-dhcp[29124]: read /var/lib/neutron/dhcp/2e85ba96-a755-4b4b-ad50-15c5e64dfe16/opts
Sep 29 21:26:48 gtw01 dnsmasq[29124]: read /var/lib/neutron/dhcp/2e85ba96-a755-4b4b-ad50-15c5e64dfe16/addn_hosts - 6 addresses
Sep 29 21:26:48 gtw01 dnsmasq-dhcp[29124]: read /var/lib/neutron/dhcp/2e85ba96-a755-4b4b-ad50-15c5e64dfe16/host
Sep 29 21:26:48 gtw01 dnsmasq-dhcp[29124]: read /var/lib/neutron/dhcp/2e85ba96-a755-4b4b-ad50-15c5e64dfe16/opts
Sep 29 21:26:49 gtw01 dnsmasq[29124]: read /var/lib/neutron/dhcp/2e85ba96-a755-4b4b-ad50-15c5e64dfe16/addn_hosts - 6 addresses
Sep 29 21:26:49 gtw01 dnsmasq-dhcp[29124]: read /var/lib/neutron/dhcp/2e85ba96-a755-4b4b-ad50-15c5e64dfe16/host
Sep 29 21:26:49 gtw01 dnsmasq-dhcp[29124]: read /var/lib/neutron/dhcp/2e85ba96-a755-4b4b-ad50-15c5e64dfe16/opts
Sep 29 21:26:56 gtw01 dnsmasq-dhcp[29124]: DHCPDISCOVER(tapc852deca-7e) fa:16:3e:ab:b0:77
Sep 29 21:26:56 gtw01 dnsmasq-dhcp[29124]: DHCPOFFER(tapc852deca-7e) 192.168.120.12 fa:16:3e:ab:b0:77
Sep 29 21:26:56 gtw01 dnsmasq-dhcp[29124]: DHCPREQUEST(tapc852deca-7e) 192.168.120.12 fa:16:3e:ab:b0:77
Sep 29 21:26:56 gtw01 dnsmasq-dhcp[29124]: DHCPACK(tapc852deca-7e) 192.168.120.12 fa:16:3e:ab:b0:77 host-192-168-120-12
Sep 29 21:26:59 gtw01 dnsmasq-dhcp[29124]: DHCPDISCOVER(tapc852deca-7e) fa:16:3e:0d:61:7d
Sep 29 21:26:59 gtw01 dnsmasq-dhcp[29124]: DHCPOFFER(tapc852deca-7e) 192.168.120.15 fa:16:3e:0d:61:7d
Sep 29 21:26:59 gtw01 dnsmasq-dhcp[29124]: DHCPREQUEST(tapc852deca-7e) 192.168.120.15 fa:16:3e:0d:61:7d
Sep 29 21:26:59 gtw01 dnsmasq-dhcp[29124]: DHCPACK(tapc852deca-7e) 192.168.120.15 fa:16:3e:0d:61:7d host-192-168-120-15
Sep 29 21:26:59 gtw01 dnsmasq-dhcp[29124]: DHCPDISCOVER(tapc852deca-7e) fa:16:3e:ea:a4:a9
Sep 29 21:26:59 gtw01 dnsmasq-dhcp[29124]: DHCPOFFER(tapc852deca-7e) 192.168.120.6 fa:16:3e:ea:a4:a9
Sep 29 21:26:59 gtw01 dnsmasq-dhcp[29124]: DHCPREQUEST(tapc852deca-7e) 192.168.120.6 fa:16:3e:ea:a4:a9
Sep 29 21:26:59 gtw01 dnsmasq-dhcp[29124]: DHCPACK(tapc852deca-7e) 192.168.120.6 fa:16:3e:ea:a4:a9 host-192-168-120-6
Sep 29 21:27:01 gtw01 dnsmasq-dhcp[29124]: DHCPRELEASE(tapc852deca-7e) 192.168.120.12 fa:16:3e:ab:b0:77
Sep 29 21:27:02 gtw01 dnsmasq-dhcp[29124]: DHCPRELEASE(tapc852deca-7e) 192.168.120.12 fa:16:3e:ab:b0:77 unknown lease
Sep 29 21:27:02 gtw01 dnsmasq-dhcp[29124]: DHCPDISCOVER(tapc852deca-7e) fa:16:3e:8f:3e:95
Sep 29 21:27:02 gtw01 dnsmasq-dhcp[29124]: DHCPOFFER(tapc852deca-7e) 192.168.120.28 fa:16:3e:8f:3e:95
Sep 29 21:27:02 gtw01 dnsmasq-dhcp[29124]: DHCPREQUEST(tapc852deca-7e) 192.168.120.28 fa:16:3e:8f:3e:95
Sep 29 21:27:02 gtw01 dnsmasq-dhcp[29124]: DHCPACK(tapc852deca-7e) 192.168.120.28 fa:16:3e:8f:3e:95 host-192-168-120-28
Sep 29 21:27:02 gtw01 dnsmasq[29124]: read /var/lib/neutron/dhcp/2e85ba96-a755-4b4b-ad50-15c5e64dfe16/addn_hosts - 5 addresses
Sep 29 21:27:02 gtw01 dnsmasq-dhcp[29124]: read /var/lib/neutron/dhcp/2e85ba96-a755-4b4b-ad50-15c5e64dfe16/host
Sep 29 21:27:02 gtw01 dnsmasq-dhcp[29124]: read /var/lib/neutron/dhcp/2e85ba96-a755-4b4b-ad50-15c5e64dfe16/opts
Sep 29 21:27:06 gtw01 dnsmasq-dhcp[29124]: DHCPRELEASE(tapc852deca-7e) 192.168.120.6 fa:16:3e:ea:a4:a9
Sep 29 21:27:06 gtw01 dnsmasq-dhcp[29124]: DHCPRELEASE(tapc852deca-7e) 192.168.120.6 fa:16:3e:ea:a4:a9 unknown lease
Sep 29 21:27:07 gtw01 dnsmasq[29124]: read /var/lib/neutron/dhcp/2e85ba96-a755-4b4b-ad50-15c5e64dfe16/addn_hosts - 4 addresses
Sep 29 21:27:07 gtw01 dnsmasq-dhcp[29124]: read /var/lib/neutron/dhcp/2e85ba96-a755-4b4b-ad50-15c5e64dfe16/host
Sep 29 21:27:07 gtw01 dnsmasq-dhcp[29124]: read /var/lib/neutron/dhcp/2e85ba96-a755-4b4b-ad50-15c5e64dfe16/opts
Sep 29 21:27:08 gtw01 dnsmasq-dhcp[29124]: DHCPRELEASE(tapc852deca-7e) 192.168.120.15 fa:16:3e:0d:61:7d
Sep 29 21:27:08 gtw01 dnsmasq-dhcp[29124]: DHCPRELEASE(tapc852deca-7e) 192.168.120.15 fa:16:3e:0d:61:7d unknown lease
Sep 29 21:27:09 gtw01 dnsmasq[29124]: read /var/lib/neutron/dhcp/2e85ba96-a755-4b4b-ad50-15c5e64dfe16/addn_hosts - 3 addresses
Sep 29 21:27:09 gtw01 dnsmasq-dhcp[29124]: read /var/lib/neutron/dhcp/2e85ba96-a755-4b4b-ad50-15c5e64dfe16/host
Sep 29 21:27:09 gtw01 dnsmasq-dhcp[29124]: read /var/lib/neutron/dhcp/2e85ba96-a755-4b4b-ad50-15c5e64dfe16/opts
Sep 29 21:27:09 gtw01 dnsmasq-dhcp[29124]: DHCPRELEASE(tapc852deca-7e) 192.168.120.28 fa:16:3e:8f:3e:95
Sep 29 21:27:10 gtw01 dnsmasq-dhcp[29124]: DHCPRELEASE(tapc852deca-7e) 192.168.120.28 fa:16:3e:8f:3e:95 unknown lease
Sep 29 21:27:10 gtw01 dnsmasq[29124]: read /var/lib/neutron/dhcp/2e85ba96-a755-4b4b-ad50-15c5e64dfe16/addn_hosts - 2 addresses
Sep 29 21:27:10 gtw01 dnsmasq-dhcp[29124]: read /var/lib/neutron/dhcp/2e85ba96-a755-4b4b-ad50-15c5e64dfe16/host
Sep 29 21:27:10 gtw01 dnsmasq-dhcp[29124]: read /var/lib/neutron/dhcp/2e85ba96-a755-4b4b-ad50-15c5e64dfe16/opts
Sep 29 21:27:12 gtw01 dnsmasq[29124]: read /var/lib/neutron/dhcp/2e85ba96-a755-4b4b-ad50-15c5e64dfe16/addn_hosts - 3 addresses
Sep 29 21:27:12 gtw01 dnsmasq-dhcp[29124]: read /var/lib/neutron/dhcp/2e85ba96-a755-4b4b-ad50-15c5e64dfe16/host
Sep 29 21:27:12 gtw01 dnsmasq-dhcp[29124]: read /var/lib/neutron/dhcp/2e85ba96-a755-4b4b-ad50-15c5e64dfe16/opts
Sep 29 21:27:13 gtw01 dnsmasq[29124]: read /var/lib/neutron/dhcp/2e85ba96-a755-4b4b-ad50-15c5e64dfe16/addn_hosts - 3 addresses
Sep 29 21:27:13 gtw01 dnsmasq-dhcp[29124]: read /var/lib/neutron/dhcp/2e85ba96-a755-4b4b-ad50-15c5e64dfe16/host
Sep 29 21:27:13 gtw01 dnsmasq-dhcp[29124]: read /var/lib/neutron/dhcp/2e85ba96-a755-4b4b-ad50-15c5e64dfe16/opts
Sep 29 21:27:14 gtw01 dnsmasq[29124]: read /var/lib/neutron/dhcp/2e85ba96-a755-4b4b-ad50-15c5e64dfe16/addn_hosts - 3 addresses
Sep 29 21:27:14 gtw01 dnsmasq-dhcp[29124]: read /var/lib/neutron/dhcp/2e85ba96-a755-4b4b-ad50-15c5e64dfe16/host
Sep 29 21:27:14 gtw01 dnsmasq-dhcp[29124]: read /var/lib/neutron/dhcp/2e85ba96-a755-4b4b-ad50-15c5e64dfe16/opts
Sep 29 21:27:17 gtw01 dnsmasq[29124]: read /var/lib/neutron/dhcp/2e85ba96-a755-4b4b-ad50-15c5e64dfe16/addn_hosts - 4 addresses
Sep 29 21:27:17 gtw01 dnsmasq-dhcp[29124]: read /var/lib/neutron/dhcp/2e85ba96-a755-4b4b-ad50-15c5e64dfe16/host
Sep 29 21:27:17 gtw01 dnsmasq-dhcp[29124]: read /var/lib/neutron/dhcp/2e85ba96-a755-4b4b-ad50-15c5e64dfe16/opts
Sep 29 21:27:18 gtw01 dnsmasq[29124]: read /var/lib/neutron/dhcp/2e85ba96-a755-4b4b-ad50-15c5e64dfe16/addn_hosts - 4 addresses
Sep 29 21:27:18 gtw01 dnsmasq-dhcp[29124]: read /var/lib/neutron/dhcp/2e85ba96-a755-4b4b-ad50-15c5e64dfe16/host
Sep 29 21:27:18 gtw01 dnsmasq-dhcp[29124]: read /var/lib/neutron/dhcp/2e85ba96-a755-4b4b-ad50-15c5e64dfe16/opts
Sep 29 21:27:19 gtw01 dnsmasq[29124]: read /var/lib/neutron/dhcp/2e85ba96-a755-4b4b-ad50-15c5e64dfe16/addn_hosts - 4 addresses
Sep 29 21:27:19 gtw01 dnsmasq-dhcp[29124]: read /var/lib/neutron/dhcp/2e85ba96-a755-4b4b-ad50-15c5e64dfe16/host
Sep 29 21:27:19 gtw01 dnsmasq-dhcp[29124]: read /var/lib/neutron/dhcp/2e85ba96-a755-4b4b-ad50-15c5e64dfe16/opts
Sep 29 21:27:27 gtw01 dnsmasq-dhcp[29124]: DHCPDISCOVER(tapc852deca-7e) fa:16:3e:d1:87:0a
Sep 29 21:27:27 gtw01 dnsmasq-dhcp[29124]: DHCPOFFER(tapc852deca-7e) 192.168.120.12 fa:16:3e:d1:87:0a
Sep 29 21:27:27 gtw01 dnsmasq-dhcp[29124]: DHCPREQUEST(tapc852deca-7e) 192.168.120.12 fa:16:3e:d1:87:0a
Sep 29 21:27:27 gtw01 dnsmasq-dhcp[29124]: DHCPACK(tapc852deca-7e) 192.168.120.12 fa:16:3e:d1:87:0a host-192-168-120-12
Sep 29 21:27:31 gtw01 dnsmasq-dhcp[29124]: DHCPDISCOVER(tapc852deca-7e) fa:16:3e:e5:e2:38
Sep 29 21:27:31 gtw01 dnsmasq-dhcp[29124]: DHCPOFFER(tapc852deca-7e) 192.168.120.4 fa:16:3e:e5:e2:38
Sep 29 21:27:31 gtw01 dnsmasq-dhcp[29124]: DHCPREQUEST(tapc852deca-7e) 192.168.120.4 fa:16:3e:e5:e2:38
Sep 29 21:27:31 gtw01 dnsmasq-dhcp[29124]: DHCPACK(tapc852deca-7e) 192.168.120.4 fa:16:3e:e5:e2:38 host-192-168-120-4
Sep 29 21:27:33 gtw01 dnsmasq-dhcp[29124]: DHCPRELEASE(tapc852deca-7e) 192.168.120.12 fa:16:3e:d1:87:0a
Sep 29 21:27:33 gtw01 dnsmasq-dhcp[29124]: DHCPRELEASE(tapc852deca-7e) 192.168.120.12 fa:16:3e:d1:87:0a unknown lease
Sep 29 21:27:34 gtw01 dnsmasq[29124]: read /var/lib/neutron/dhcp/2e85ba96-a755-4b4b-ad50-15c5e64dfe16/addn_hosts - 3 addresses
Sep 29 21:27:34 gtw01 dnsmasq-dhcp[29124]: read /var/lib/neutron/dhcp/2e85ba96-a755-4b4b-ad50-15c5e64dfe16/host
Sep 29 21:27:34 gtw01 dnsmasq-dhcp[29124]: read /var/lib/neutron/dhcp/2e85ba96-a755-4b4b-ad50-15c5e64dfe16/opts
Sep 29 21:27:37 gtw01 dnsmasq-dhcp[29124]: DHCPRELEASE(tapc852deca-7e) 192.168.120.4 fa:16:3e:e5:e2:38
Sep 29 21:27:37 gtw01 dnsmasq-dhcp[29124]: DHCPRELEASE(tapc852deca-7e) 192.168.120.4 fa:16:3e:e5:e2:38 unknown lease
Sep 29 21:27:38 gtw01 dnsmasq[29124]: read /var/lib/neutron/dhcp/2e85ba96-a755-4b4b-ad50-15c5e64dfe16/addn_hosts - 2 addresses
Sep 29 21:27:38 gtw01 dnsmasq-dhcp[29124]: read /var/lib/neutron/dhcp/2e85ba96-a755-4b4b-ad50-15c5e64dfe16/host
Sep 29 21:27:38 gtw01 dnsmasq-dhcp[29124]: read /var/lib/neutron/dhcp/2e85ba96-a755-4b4b-ad50-15c5e64dfe16/opts
Sep 29 21:42:37 gtw01 kernel: [12915.884976] device tap5c2eb0f5-d1 entered promiscuous mode
Sep 29 21:42:37 gtw01 systemd-udevd[4605]: Could not generate persistent MAC address for tap5c2eb0f5-d1: No such file or directory
Sep 29 21:42:37 gtw01 systemd-udevd[4605]: Process '/sbin/ip link set tap5c2eb0f5-d1 txqueuelen 10000' failed with exit code 1.
Sep 29 21:42:37 gtw01 systemd-udevd[4605]: Process '/sbin/ip link set tap5c2eb0f5-d1 txqueuelen 10000' failed with exit code 1.
Sep 29 21:42:38 gtw01 kernel: [12916.969234] device tap6210087f-9a entered promiscuous mode
Sep 29 21:42:38 gtw01 systemd-udevd[4720]: Could not generate persistent MAC address for tap6210087f-9a: No such file or directory
Sep 29 21:42:38 gtw01 systemd-udevd[4720]: Process '/sbin/ip link set tap6210087f-9a txqueuelen 10000' failed with exit code 1.
Sep 29 21:42:38 gtw01 systemd-udevd[4795]: Process '/sbin/ip link set tap6210087f-9a txqueuelen 10000' failed with exit code 1.
Sep 29 21:42:40 gtw01 kernel: [12918.840651] device tap61dc6a82-cf entered promiscuous mode
Sep 29 21:42:40 gtw01 systemd-udevd[4875]: Could not generate persistent MAC address for tap61dc6a82-cf: No such file or directory
Sep 29 21:42:40 gtw01 systemd-udevd[4947]: Process '/sbin/ip link set tap61dc6a82-cf txqueuelen 10000' failed with exit code 1.
Sep 29 21:42:41 gtw01 dnsmasq[4988]: started, version 2.80 cachesize 150
Sep 29 21:42:41 gtw01 dnsmasq[4988]: DNS service limited to local subnets
Sep 29 21:42:41 gtw01 dnsmasq[4988]: compile time options: IPv6 GNU-getopt DBus i18n IDN DHCP DHCPv6 no-Lua TFTP conntrack ipset auth DNSSEC loop-detect inotify dumpfile
Sep 29 21:42:41 gtw01 dnsmasq[4988]: warning: no upstream servers configured
Sep 29 21:42:41 gtw01 dnsmasq-dhcp[4988]: DHCP, static leases only on 10.2.0.0, lease time 1h
Sep 29 21:42:41 gtw01 dnsmasq[4988]: read /var/lib/neutron/dhcp/5170f8b8-e19d-4721-9dec-34d74c73c837/addn_hosts - 1 addresses
Sep 29 21:42:41 gtw01 dnsmasq-dhcp[4988]: read /var/lib/neutron/dhcp/5170f8b8-e19d-4721-9dec-34d74c73c837/host
Sep 29 21:42:41 gtw01 dnsmasq-dhcp[4988]: read /var/lib/neutron/dhcp/5170f8b8-e19d-4721-9dec-34d74c73c837/opts
Sep 29 21:42:41 gtw01 haproxy-metadata-proxy-5170f8b8-e19d-4721-9dec-34d74c73c837[4997]: Proxy listener started.
Sep 29 21:42:42 gtw01 dnsmasq[5028]: started, version 2.80 cachesize 150
Sep 29 21:42:42 gtw01 dnsmasq[5028]: DNS service limited to local subnets
Sep 29 21:42:42 gtw01 dnsmasq[5028]: compile time options: IPv6 GNU-getopt DBus i18n IDN DHCP DHCPv6 no-Lua TFTP conntrack ipset auth DNSSEC loop-detect inotify dumpfile
Sep 29 21:42:42 gtw01 dnsmasq[5028]: warning: no upstream servers configured
Sep 29 21:42:42 gtw01 dnsmasq-dhcp[5028]: DHCP, static leases only on 10.2.1.0, lease time 1h
Sep 29 21:42:42 gtw01 dnsmasq[5028]: read /var/lib/neutron/dhcp/ae222055-0e9c-4f62-852a-4d1054fd01c0/addn_hosts - 1 addresses
Sep 29 21:42:42 gtw01 dnsmasq-dhcp[5028]: read /var/lib/neutron/dhcp/ae222055-0e9c-4f62-852a-4d1054fd01c0/host
Sep 29 21:42:42 gtw01 dnsmasq-dhcp[5028]: read /var/lib/neutron/dhcp/ae222055-0e9c-4f62-852a-4d1054fd01c0/opts
Sep 29 21:42:42 gtw01 dnsmasq[4988]: read /var/lib/neutron/dhcp/5170f8b8-e19d-4721-9dec-34d74c73c837/addn_hosts - 2 addresses
Sep 29 21:42:42 gtw01 dnsmasq-dhcp[4988]: read /var/lib/neutron/dhcp/5170f8b8-e19d-4721-9dec-34d74c73c837/host
Sep 29 21:42:42 gtw01 dnsmasq-dhcp[4988]: read /var/lib/neutron/dhcp/5170f8b8-e19d-4721-9dec-34d74c73c837/opts
Sep 29 21:42:42 gtw01 haproxy-metadata-proxy-ae222055-0e9c-4f62-852a-4d1054fd01c0[5037]: Proxy listener started.
Sep 29 21:42:43 gtw01 dnsmasq[4988]: read /var/lib/neutron/dhcp/5170f8b8-e19d-4721-9dec-34d74c73c837/addn_hosts - 2 addresses
Sep 29 21:42:43 gtw01 dnsmasq-dhcp[4988]: read /var/lib/neutron/dhcp/5170f8b8-e19d-4721-9dec-34d74c73c837/host
Sep 29 21:42:43 gtw01 dnsmasq-dhcp[4988]: read /var/lib/neutron/dhcp/5170f8b8-e19d-4721-9dec-34d74c73c837/opts
Sep 29 21:42:44 gtw01 dnsmasq[5028]: read /var/lib/neutron/dhcp/ae222055-0e9c-4f62-852a-4d1054fd01c0/addn_hosts - 3 addresses
Sep 29 21:42:44 gtw01 dnsmasq-dhcp[5028]: read /var/lib/neutron/dhcp/ae222055-0e9c-4f62-852a-4d1054fd01c0/host
Sep 29 21:42:44 gtw01 dnsmasq-dhcp[5028]: read /var/lib/neutron/dhcp/ae222055-0e9c-4f62-852a-4d1054fd01c0/opts
Sep 29 21:42:44 gtw01 dnsmasq[4988]: read /var/lib/neutron/dhcp/5170f8b8-e19d-4721-9dec-34d74c73c837/addn_hosts - 2 addresses
Sep 29 21:42:44 gtw01 dnsmasq-dhcp[4988]: read /var/lib/neutron/dhcp/5170f8b8-e19d-4721-9dec-34d74c73c837/host
Sep 29 21:42:44 gtw01 dnsmasq-dhcp[4988]: read /var/lib/neutron/dhcp/5170f8b8-e19d-4721-9dec-34d74c73c837/opts
Sep 29 21:42:44 gtw01 dnsmasq[5114]: started, version 2.80 cachesize 150
Sep 29 21:42:44 gtw01 dnsmasq[5114]: DNS service limited to local subnets
Sep 29 21:42:44 gtw01 dnsmasq[5114]: compile time options: IPv6 GNU-getopt DBus i18n IDN DHCP DHCPv6 no-Lua TFTP conntrack ipset auth DNSSEC loop-detect inotify dumpfile
Sep 29 21:42:44 gtw01 dnsmasq[5114]: warning: no upstream servers configured
Sep 29 21:42:44 gtw01 dnsmasq-dhcp[5114]: DHCP, static leases only on 10.2.2.0, lease time 1h
Sep 29 21:42:44 gtw01 dnsmasq[5114]: read /var/lib/neutron/dhcp/fc6519cb-a20e-4683-8e6c-29c6b719dc87/addn_hosts - 1 addresses
Sep 29 21:42:44 gtw01 dnsmasq-dhcp[5114]: read /var/lib/neutron/dhcp/fc6519cb-a20e-4683-8e6c-29c6b719dc87/host
Sep 29 21:42:44 gtw01 dnsmasq-dhcp[5114]: read /var/lib/neutron/dhcp/fc6519cb-a20e-4683-8e6c-29c6b719dc87/opts
Sep 29 21:42:45 gtw01 haproxy-metadata-proxy-fc6519cb-a20e-4683-8e6c-29c6b719dc87[5126]: Proxy listener started.
Sep 29 21:42:45 gtw01 dnsmasq[5028]: read /var/lib/neutron/dhcp/ae222055-0e9c-4f62-852a-4d1054fd01c0/addn_hosts - 3 addresses
Sep 29 21:42:45 gtw01 dnsmasq-dhcp[5028]: read /var/lib/neutron/dhcp/ae222055-0e9c-4f62-852a-4d1054fd01c0/host
Sep 29 21:42:45 gtw01 dnsmasq-dhcp[5028]: read /var/lib/neutron/dhcp/ae222055-0e9c-4f62-852a-4d1054fd01c0/opts
Sep 29 21:42:46 gtw01 dnsmasq[4988]: read /var/lib/neutron/dhcp/5170f8b8-e19d-4721-9dec-34d74c73c837/addn_hosts - 3 addresses
Sep 29 21:42:46 gtw01 dnsmasq-dhcp[4988]: read /var/lib/neutron/dhcp/5170f8b8-e19d-4721-9dec-34d74c73c837/host
Sep 29 21:42:46 gtw01 dnsmasq-dhcp[4988]: read /var/lib/neutron/dhcp/5170f8b8-e19d-4721-9dec-34d74c73c837/opts
Sep 29 21:42:46 gtw01 dnsmasq[5114]: read /var/lib/neutron/dhcp/fc6519cb-a20e-4683-8e6c-29c6b719dc87/addn_hosts - 6 addresses
Sep 29 21:42:46 gtw01 dnsmasq-dhcp[5114]: read /var/lib/neutron/dhcp/fc6519cb-a20e-4683-8e6c-29c6b719dc87/host
Sep 29 21:42:46 gtw01 dnsmasq-dhcp[5114]: read /var/lib/neutron/dhcp/fc6519cb-a20e-4683-8e6c-29c6b719dc87/opts
Sep 29 21:42:46 gtw01 dnsmasq[5028]: read /var/lib/neutron/dhcp/ae222055-0e9c-4f62-852a-4d1054fd01c0/addn_hosts - 3 addresses
Sep 29 21:42:46 gtw01 dnsmasq-dhcp[5028]: read /var/lib/neutron/dhcp/ae222055-0e9c-4f62-852a-4d1054fd01c0/host
Sep 29 21:42:46 gtw01 dnsmasq-dhcp[5028]: read /var/lib/neutron/dhcp/ae222055-0e9c-4f62-852a-4d1054fd01c0/opts
Sep 29 21:42:47 gtw01 dnsmasq[5114]: read /var/lib/neutron/dhcp/fc6519cb-a20e-4683-8e6c-29c6b719dc87/addn_hosts - 6 addresses
Sep 29 21:42:47 gtw01 dnsmasq-dhcp[5114]: read /var/lib/neutron/dhcp/fc6519cb-a20e-4683-8e6c-29c6b719dc87/host
Sep 29 21:42:47 gtw01 dnsmasq-dhcp[5114]: read /var/lib/neutron/dhcp/fc6519cb-a20e-4683-8e6c-29c6b719dc87/opts
Sep 29 21:42:47 gtw01 dnsmasq[4988]: read /var/lib/neutron/dhcp/5170f8b8-e19d-4721-9dec-34d74c73c837/addn_hosts - 4 addresses
Sep 29 21:42:47 gtw01 dnsmasq-dhcp[4988]: read /var/lib/neutron/dhcp/5170f8b8-e19d-4721-9dec-34d74c73c837/host
Sep 29 21:42:47 gtw01 dnsmasq-dhcp[4988]: read /var/lib/neutron/dhcp/5170f8b8-e19d-4721-9dec-34d74c73c837/opts
Sep 29 21:42:48 gtw01 dnsmasq[5028]: read /var/lib/neutron/dhcp/ae222055-0e9c-4f62-852a-4d1054fd01c0/addn_hosts - 3 addresses
Sep 29 21:42:48 gtw01 dnsmasq-dhcp[5028]: read /var/lib/neutron/dhcp/ae222055-0e9c-4f62-852a-4d1054fd01c0/host
Sep 29 21:42:48 gtw01 dnsmasq-dhcp[5028]: read /var/lib/neutron/dhcp/ae222055-0e9c-4f62-852a-4d1054fd01c0/opts
Sep 29 21:42:48 gtw01 dnsmasq[5114]: read /var/lib/neutron/dhcp/fc6519cb-a20e-4683-8e6c-29c6b719dc87/addn_hosts - 6 addresses
Sep 29 21:42:48 gtw01 dnsmasq-dhcp[5114]: read /var/lib/neutron/dhcp/fc6519cb-a20e-4683-8e6c-29c6b719dc87/host
Sep 29 21:42:48 gtw01 dnsmasq-dhcp[5114]: read /var/lib/neutron/dhcp/fc6519cb-a20e-4683-8e6c-29c6b719dc87/opts
Sep 29 21:42:48 gtw01 dnsmasq[4988]: read /var/lib/neutron/dhcp/5170f8b8-e19d-4721-9dec-34d74c73c837/addn_hosts - 4 addresses
Sep 29 21:42:48 gtw01 dnsmasq-dhcp[4988]: read /var/lib/neutron/dhcp/5170f8b8-e19d-4721-9dec-34d74c73c837/host
Sep 29 21:42:48 gtw01 dnsmasq-dhcp[4988]: read /var/lib/neutron/dhcp/5170f8b8-e19d-4721-9dec-34d74c73c837/opts
Sep 29 21:42:49 gtw01 dnsmasq[5028]: read /var/lib/neutron/dhcp/ae222055-0e9c-4f62-852a-4d1054fd01c0/addn_hosts - 3 addresses
Sep 29 21:42:49 gtw01 dnsmasq-dhcp[5028]: read /var/lib/neutron/dhcp/ae222055-0e9c-4f62-852a-4d1054fd01c0/host
Sep 29 21:42:49 gtw01 dnsmasq-dhcp[5028]: read /var/lib/neutron/dhcp/ae222055-0e9c-4f62-852a-4d1054fd01c0/opts
Sep 29 21:42:49 gtw01 dnsmasq[5114]: read /var/lib/neutron/dhcp/fc6519cb-a20e-4683-8e6c-29c6b719dc87/addn_hosts - 6 addresses
Sep 29 21:42:49 gtw01 dnsmasq-dhcp[5114]: read /var/lib/neutron/dhcp/fc6519cb-a20e-4683-8e6c-29c6b719dc87/host
Sep 29 21:42:49 gtw01 dnsmasq-dhcp[5114]: read /var/lib/neutron/dhcp/fc6519cb-a20e-4683-8e6c-29c6b719dc87/opts
Sep 29 21:42:50 gtw01 dnsmasq[4988]: read /var/lib/neutron/dhcp/5170f8b8-e19d-4721-9dec-34d74c73c837/addn_hosts - 4 addresses
Sep 29 21:42:50 gtw01 dnsmasq-dhcp[4988]: read /var/lib/neutron/dhcp/5170f8b8-e19d-4721-9dec-34d74c73c837/host
Sep 29 21:42:50 gtw01 dnsmasq-dhcp[4988]: read /var/lib/neutron/dhcp/5170f8b8-e19d-4721-9dec-34d74c73c837/opts
Sep 29 21:42:50 gtw01 dnsmasq[5028]: read /var/lib/neutron/dhcp/ae222055-0e9c-4f62-852a-4d1054fd01c0/addn_hosts - 3 addresses
Sep 29 21:42:50 gtw01 dnsmasq-dhcp[5028]: read /var/lib/neutron/dhcp/ae222055-0e9c-4f62-852a-4d1054fd01c0/host
Sep 29 21:42:50 gtw01 dnsmasq-dhcp[5028]: read /var/lib/neutron/dhcp/ae222055-0e9c-4f62-852a-4d1054fd01c0/opts
Sep 29 21:42:50 gtw01 dnsmasq[5114]: read /var/lib/neutron/dhcp/fc6519cb-a20e-4683-8e6c-29c6b719dc87/addn_hosts - 6 addresses
Sep 29 21:42:50 gtw01 dnsmasq-dhcp[5114]: read /var/lib/neutron/dhcp/fc6519cb-a20e-4683-8e6c-29c6b719dc87/host
Sep 29 21:42:50 gtw01 dnsmasq-dhcp[5114]: read /var/lib/neutron/dhcp/fc6519cb-a20e-4683-8e6c-29c6b719dc87/opts
Sep 29 21:42:51 gtw01 dnsmasq[4988]: read /var/lib/neutron/dhcp/5170f8b8-e19d-4721-9dec-34d74c73c837/addn_hosts - 4 addresses
Sep 29 21:42:51 gtw01 dnsmasq-dhcp[4988]: read /var/lib/neutron/dhcp/5170f8b8-e19d-4721-9dec-34d74c73c837/host
Sep 29 21:42:51 gtw01 dnsmasq-dhcp[4988]: read /var/lib/neutron/dhcp/5170f8b8-e19d-4721-9dec-34d74c73c837/opts
Sep 29 21:42:52 gtw01 dnsmasq[5028]: read /var/lib/neutron/dhcp/ae222055-0e9c-4f62-852a-4d1054fd01c0/addn_hosts - 3 addresses
Sep 29 21:42:52 gtw01 dnsmasq-dhcp[5028]: read /var/lib/neutron/dhcp/ae222055-0e9c-4f62-852a-4d1054fd01c0/host
Sep 29 21:42:52 gtw01 dnsmasq-dhcp[5028]: read /var/lib/neutron/dhcp/ae222055-0e9c-4f62-852a-4d1054fd01c0/opts
Sep 29 21:42:52 gtw01 dnsmasq[5114]: read /var/lib/neutron/dhcp/fc6519cb-a20e-4683-8e6c-29c6b719dc87/addn_hosts - 6 addresses
Sep 29 21:42:52 gtw01 dnsmasq-dhcp[5114]: read /var/lib/neutron/dhcp/fc6519cb-a20e-4683-8e6c-29c6b719dc87/host
Sep 29 21:42:52 gtw01 dnsmasq-dhcp[5114]: read /var/lib/neutron/dhcp/fc6519cb-a20e-4683-8e6c-29c6b719dc87/opts
Sep 29 21:42:52 gtw01 dnsmasq[4988]: read /var/lib/neutron/dhcp/5170f8b8-e19d-4721-9dec-34d74c73c837/addn_hosts - 4 addresses
Sep 29 21:42:52 gtw01 dnsmasq-dhcp[4988]: read /var/lib/neutron/dhcp/5170f8b8-e19d-4721-9dec-34d74c73c837/host
Sep 29 21:42:52 gtw01 dnsmasq-dhcp[4988]: read /var/lib/neutron/dhcp/5170f8b8-e19d-4721-9dec-34d74c73c837/opts
Sep 29 21:42:53 gtw01 dnsmasq[5114]: read /var/lib/neutron/dhcp/fc6519cb-a20e-4683-8e6c-29c6b719dc87/addn_hosts - 6 addresses
Sep 29 21:42:53 gtw01 dnsmasq-dhcp[5114]: read /var/lib/neutron/dhcp/fc6519cb-a20e-4683-8e6c-29c6b719dc87/host
Sep 29 21:42:53 gtw01 dnsmasq-dhcp[5114]: read /var/lib/neutron/dhcp/fc6519cb-a20e-4683-8e6c-29c6b719dc87/opts
Sep 29 21:42:54 gtw01 dnsmasq[5114]: read /var/lib/neutron/dhcp/fc6519cb-a20e-4683-8e6c-29c6b719dc87/addn_hosts - 6 addresses
Sep 29 21:42:54 gtw01 dnsmasq-dhcp[5114]: read /var/lib/neutron/dhcp/fc6519cb-a20e-4683-8e6c-29c6b719dc87/host
Sep 29 21:42:54 gtw01 dnsmasq-dhcp[5114]: read /var/lib/neutron/dhcp/fc6519cb-a20e-4683-8e6c-29c6b719dc87/opts
Sep 29 21:42:55 gtw01 dnsmasq[5114]: read /var/lib/neutron/dhcp/fc6519cb-a20e-4683-8e6c-29c6b719dc87/addn_hosts - 6 addresses
Sep 29 21:42:55 gtw01 dnsmasq-dhcp[5114]: read /var/lib/neutron/dhcp/fc6519cb-a20e-4683-8e6c-29c6b719dc87/host
Sep 29 21:42:55 gtw01 dnsmasq-dhcp[5114]: read /var/lib/neutron/dhcp/fc6519cb-a20e-4683-8e6c-29c6b719dc87/opts
Sep 29 21:42:56 gtw01 dnsmasq[5114]: read /var/lib/neutron/dhcp/fc6519cb-a20e-4683-8e6c-29c6b719dc87/addn_hosts - 6 addresses
Sep 29 21:42:56 gtw01 dnsmasq-dhcp[5114]: read /var/lib/neutron/dhcp/fc6519cb-a20e-4683-8e6c-29c6b719dc87/host
Sep 29 21:42:56 gtw01 dnsmasq-dhcp[5114]: read /var/lib/neutron/dhcp/fc6519cb-a20e-4683-8e6c-29c6b719dc87/opts
Sep 29 21:42:57 gtw01 dnsmasq[5114]: read /var/lib/neutron/dhcp/fc6519cb-a20e-4683-8e6c-29c6b719dc87/addn_hosts - 6 addresses
Sep 29 21:42:57 gtw01 dnsmasq-dhcp[5114]: read /var/lib/neutron/dhcp/fc6519cb-a20e-4683-8e6c-29c6b719dc87/host
Sep 29 21:42:57 gtw01 dnsmasq-dhcp[5114]: read /var/lib/neutron/dhcp/fc6519cb-a20e-4683-8e6c-29c6b719dc87/opts
Sep 29 21:42:58 gtw01 dnsmasq[5114]: read /var/lib/neutron/dhcp/fc6519cb-a20e-4683-8e6c-29c6b719dc87/addn_hosts - 6 addresses
Sep 29 21:42:58 gtw01 dnsmasq-dhcp[5114]: read /var/lib/neutron/dhcp/fc6519cb-a20e-4683-8e6c-29c6b719dc87/host
Sep 29 21:42:58 gtw01 dnsmasq-dhcp[5114]: read /var/lib/neutron/dhcp/fc6519cb-a20e-4683-8e6c-29c6b719dc87/opts
Sep 29 21:42:59 gtw01 dnsmasq[5114]: read /var/lib/neutron/dhcp/fc6519cb-a20e-4683-8e6c-29c6b719dc87/addn_hosts - 6 addresses
Sep 29 21:42:59 gtw01 dnsmasq-dhcp[5114]: read /var/lib/neutron/dhcp/fc6519cb-a20e-4683-8e6c-29c6b719dc87/host
Sep 29 21:42:59 gtw01 dnsmasq-dhcp[5114]: read /var/lib/neutron/dhcp/fc6519cb-a20e-4683-8e6c-29c6b719dc87/opts
Sep 29 21:42:59 gtw01 dnsmasq[4988]: read /var/lib/neutron/dhcp/5170f8b8-e19d-4721-9dec-34d74c73c837/addn_hosts - 3 addresses
Sep 29 21:42:59 gtw01 dnsmasq-dhcp[4988]: read /var/lib/neutron/dhcp/5170f8b8-e19d-4721-9dec-34d74c73c837/host
Sep 29 21:42:59 gtw01 dnsmasq-dhcp[4988]: read /var/lib/neutron/dhcp/5170f8b8-e19d-4721-9dec-34d74c73c837/opts
Sep 29 21:42:59 gtw01 dnsmasq[5028]: read /var/lib/neutron/dhcp/ae222055-0e9c-4f62-852a-4d1054fd01c0/addn_hosts - 2 addresses
Sep 29 21:42:59 gtw01 dnsmasq-dhcp[5028]: read /var/lib/neutron/dhcp/ae222055-0e9c-4f62-852a-4d1054fd01c0/host
Sep 29 21:42:59 gtw01 dnsmasq-dhcp[5028]: read /var/lib/neutron/dhcp/ae222055-0e9c-4f62-852a-4d1054fd01c0/opts
Sep 29 21:43:00 gtw01 dnsmasq[5114]: read /var/lib/neutron/dhcp/fc6519cb-a20e-4683-8e6c-29c6b719dc87/addn_hosts - 5 addresses
Sep 29 21:43:00 gtw01 dnsmasq-dhcp[5114]: read /var/lib/neutron/dhcp/fc6519cb-a20e-4683-8e6c-29c6b719dc87/host
Sep 29 21:43:00 gtw01 dnsmasq-dhcp[5114]: read /var/lib/neutron/dhcp/fc6519cb-a20e-4683-8e6c-29c6b719dc87/opts
Sep 29 21:43:00 gtw01 dnsmasq[5028]: read /var/lib/neutron/dhcp/ae222055-0e9c-4f62-852a-4d1054fd01c0/addn_hosts - 1 addresses
Sep 29 21:43:00 gtw01 dnsmasq-dhcp[5028]: read /var/lib/neutron/dhcp/ae222055-0e9c-4f62-852a-4d1054fd01c0/host
Sep 29 21:43:00 gtw01 dnsmasq-dhcp[5028]: read /var/lib/neutron/dhcp/ae222055-0e9c-4f62-852a-4d1054fd01c0/opts
Sep 29 21:43:00 gtw01 dnsmasq[4988]: read /var/lib/neutron/dhcp/5170f8b8-e19d-4721-9dec-34d74c73c837/addn_hosts - 2 addresses
Sep 29 21:43:00 gtw01 dnsmasq-dhcp[4988]: read /var/lib/neutron/dhcp/5170f8b8-e19d-4721-9dec-34d74c73c837/host
Sep 29 21:43:00 gtw01 dnsmasq-dhcp[4988]: read /var/lib/neutron/dhcp/5170f8b8-e19d-4721-9dec-34d74c73c837/opts
Sep 29 21:43:01 gtw01 dnsmasq[5114]: read /var/lib/neutron/dhcp/fc6519cb-a20e-4683-8e6c-29c6b719dc87/addn_hosts - 4 addresses
Sep 29 21:43:01 gtw01 dnsmasq-dhcp[5114]: read /var/lib/neutron/dhcp/fc6519cb-a20e-4683-8e6c-29c6b719dc87/host
Sep 29 21:43:01 gtw01 dnsmasq-dhcp[5114]: read /var/lib/neutron/dhcp/fc6519cb-a20e-4683-8e6c-29c6b719dc87/opts
Sep 29 21:43:01 gtw01 dnsmasq[4988]: read /var/lib/neutron/dhcp/5170f8b8-e19d-4721-9dec-34d74c73c837/addn_hosts - 1 addresses
Sep 29 21:43:01 gtw01 dnsmasq-dhcp[4988]: read /var/lib/neutron/dhcp/5170f8b8-e19d-4721-9dec-34d74c73c837/host
Sep 29 21:43:01 gtw01 dnsmasq-dhcp[4988]: read /var/lib/neutron/dhcp/5170f8b8-e19d-4721-9dec-34d74c73c837/opts
Sep 29 21:43:02 gtw01 dnsmasq[5114]: read /var/lib/neutron/dhcp/fc6519cb-a20e-4683-8e6c-29c6b719dc87/addn_hosts - 3 addresses
Sep 29 21:43:02 gtw01 dnsmasq-dhcp[5114]: read /var/lib/neutron/dhcp/fc6519cb-a20e-4683-8e6c-29c6b719dc87/host
Sep 29 21:43:02 gtw01 dnsmasq-dhcp[5114]: read /var/lib/neutron/dhcp/fc6519cb-a20e-4683-8e6c-29c6b719dc87/opts
Sep 29 21:43:03 gtw01 dnsmasq[5114]: read /var/lib/neutron/dhcp/fc6519cb-a20e-4683-8e6c-29c6b719dc87/addn_hosts - 2 addresses
Sep 29 21:43:03 gtw01 dnsmasq-dhcp[5114]: read /var/lib/neutron/dhcp/fc6519cb-a20e-4683-8e6c-29c6b719dc87/host
Sep 29 21:43:03 gtw01 dnsmasq-dhcp[5114]: read /var/lib/neutron/dhcp/fc6519cb-a20e-4683-8e6c-29c6b719dc87/opts
Sep 29 21:43:04 gtw01 dnsmasq[5114]: read /var/lib/neutron/dhcp/fc6519cb-a20e-4683-8e6c-29c6b719dc87/addn_hosts - 1 addresses
Sep 29 21:43:04 gtw01 dnsmasq-dhcp[5114]: read /var/lib/neutron/dhcp/fc6519cb-a20e-4683-8e6c-29c6b719dc87/host
Sep 29 21:43:04 gtw01 dnsmasq-dhcp[5114]: read /var/lib/neutron/dhcp/fc6519cb-a20e-4683-8e6c-29c6b719dc87/opts
Sep 29 21:43:10 gtw01 dnsmasq[5028]: read /var/lib/neutron/dhcp/ae222055-0e9c-4f62-852a-4d1054fd01c0/addn_hosts - 1 addresses
Sep 29 21:43:10 gtw01 dnsmasq-dhcp[5028]: read /var/lib/neutron/dhcp/ae222055-0e9c-4f62-852a-4d1054fd01c0/host
Sep 29 21:43:10 gtw01 dnsmasq-dhcp[5028]: read /var/lib/neutron/dhcp/ae222055-0e9c-4f62-852a-4d1054fd01c0/opts
Sep 29 21:43:11 gtw01 kernel: [12949.745056] device tap6210087f-9a left promiscuous mode
Sep 29 21:43:13 gtw01 dnsmasq[4988]: read /var/lib/neutron/dhcp/5170f8b8-e19d-4721-9dec-34d74c73c837/addn_hosts - 1 addresses
Sep 29 21:43:13 gtw01 dnsmasq-dhcp[4988]: read /var/lib/neutron/dhcp/5170f8b8-e19d-4721-9dec-34d74c73c837/host
Sep 29 21:43:13 gtw01 dnsmasq-dhcp[4988]: read /var/lib/neutron/dhcp/5170f8b8-e19d-4721-9dec-34d74c73c837/opts
Sep 29 21:43:14 gtw01 kernel: [12952.986370] device tap5c2eb0f5-d1 left promiscuous mode
Sep 29 21:43:17 gtw01 dnsmasq[5114]: read /var/lib/neutron/dhcp/fc6519cb-a20e-4683-8e6c-29c6b719dc87/addn_hosts - 1 addresses
Sep 29 21:43:17 gtw01 dnsmasq-dhcp[5114]: read /var/lib/neutron/dhcp/fc6519cb-a20e-4683-8e6c-29c6b719dc87/host
Sep 29 21:43:17 gtw01 dnsmasq-dhcp[5114]: read /var/lib/neutron/dhcp/fc6519cb-a20e-4683-8e6c-29c6b719dc87/opts
Sep 29 21:43:18 gtw01 kernel: [12956.386395] device tap61dc6a82-cf left promiscuous mode
Sep 29 21:43:36 gtw01 systemd-udevd[5786]: Could not generate persistent MAC address for tap64193233-71: No such file or directory
Sep 29 21:43:36 gtw01 kernel: [12974.659015] device tap64193233-71 entered promiscuous mode
Sep 29 21:43:36 gtw01 systemd-udevd[5786]: Process '/sbin/ip link set tap64193233-71 txqueuelen 10000' failed with exit code 1.
Sep 29 21:43:38 gtw01 systemd-udevd[5924]: Could not generate persistent MAC address for tapbfe0da17-97: No such file or directory
Sep 29 21:43:38 gtw01 kernel: [12976.714350] device tapbfe0da17-97 entered promiscuous mode
Sep 29 21:43:38 gtw01 systemd-udevd[5924]: Process '/sbin/ip link set tapbfe0da17-97 txqueuelen 10000' failed with exit code 1.
Sep 29 21:43:38 gtw01 systemd-udevd[5998]: Process '/sbin/ip link set tapbfe0da17-97 txqueuelen 10000' failed with exit code 1.
Sep 29 21:43:38 gtw01 systemd-udevd[6029]: Could not generate persistent MAC address for tap12014efc-12: No such file or directory
Sep 29 21:43:38 gtw01 kernel: [12977.131206] device tap12014efc-12 entered promiscuous mode
Sep 29 21:43:39 gtw01 systemd-udevd[6029]: Process '/sbin/ip link set tap12014efc-12 txqueuelen 10000' failed with exit code 1.
Sep 29 21:43:39 gtw01 systemd-udevd[6029]: Process '/sbin/ip link set tap12014efc-12 txqueuelen 10000' failed with exit code 1.
Sep 29 21:43:39 gtw01 systemd-udevd[6149]: Could not generate persistent MAC address for tap849d49c7-64: No such file or directory
Sep 29 21:43:39 gtw01 kernel: [12978.083146] device tap849d49c7-64 entered promiscuous mode
Sep 29 21:43:39 gtw01 systemd-udevd[6149]: Process '/sbin/ip link set tap849d49c7-64 txqueuelen 10000' failed with exit code 1.
