Sep 29 20:34:22 gtw01 dnsmasq-dhcp[18908]: DHCPOFFER(tap8d055819-16) 192.168.120.3 fa:16:3e:0f:79:a7
Sep 29 20:34:22 gtw01 dnsmasq-dhcp[18908]: DHCPREQUEST(tap8d055819-16) 192.168.120.3 fa:16:3e:0f:79:a7
Sep 29 20:34:22 gtw01 dnsmasq-dhcp[18908]: DHCPACK(tap8d055819-16) 192.168.120.3 fa:16:3e:0f:79:a7 host-192-168-120-3
Sep 29 20:34:27 gtw01 dnsmasq[18908]: read /var/lib/neutron/dhcp/9e8f233c-bfb7-466a-9484-cfacf9dfb955/addn_hosts - 4 addresses
Sep 29 20:34:27 gtw01 dnsmasq-dhcp[18908]: read /var/lib/neutron/dhcp/9e8f233c-bfb7-466a-9484-cfacf9dfb955/host
Sep 29 20:34:27 gtw01 dnsmasq-dhcp[18908]: read /var/lib/neutron/dhcp/9e8f233c-bfb7-466a-9484-cfacf9dfb955/opts
Sep 29 20:34:28 gtw01 dnsmasq[18908]: read /var/lib/neutron/dhcp/9e8f233c-bfb7-466a-9484-cfacf9dfb955/addn_hosts - 4 addresses
Sep 29 20:34:28 gtw01 dnsmasq-dhcp[18908]: read /var/lib/neutron/dhcp/9e8f233c-bfb7-466a-9484-cfacf9dfb955/host
Sep 29 20:34:28 gtw01 dnsmasq-dhcp[18908]: read /var/lib/neutron/dhcp/9e8f233c-bfb7-466a-9484-cfacf9dfb955/opts
Sep 29 20:34:29 gtw01 dnsmasq[18908]: read /var/lib/neutron/dhcp/9e8f233c-bfb7-466a-9484-cfacf9dfb955/addn_hosts - 4 addresses
Sep 29 20:34:29 gtw01 dnsmasq-dhcp[18908]: read /var/lib/neutron/dhcp/9e8f233c-bfb7-466a-9484-cfacf9dfb955/host
Sep 29 20:34:29 gtw01 dnsmasq-dhcp[18908]: read /var/lib/neutron/dhcp/9e8f233c-bfb7-466a-9484-cfacf9dfb955/opts
Sep 29 20:34:41 gtw01 dnsmasq-dhcp[18908]: DHCPDISCOVER(tap8d055819-16) fa:16:3e:2c:de:28
Sep 29 20:34:41 gtw01 dnsmasq-dhcp[18908]: DHCPOFFER(tap8d055819-16) 192.168.120.4 fa:16:3e:2c:de:28
Sep 29 20:34:41 gtw01 dnsmasq-dhcp[18908]: DHCPREQUEST(tap8d055819-16) 192.168.120.4 fa:16:3e:2c:de:28
Sep 29 20:34:41 gtw01 dnsmasq-dhcp[18908]: DHCPACK(tap8d055819-16) 192.168.120.4 fa:16:3e:2c:de:28 host-192-168-120-4
Sep 29 20:34:43 gtw01 dnsmasq-dhcp[18908]: DHCPRELEASE(tap8d055819-16) 192.168.120.4 fa:16:3e:2c:de:28
Sep 29 20:34:43 gtw01 dnsmasq-dhcp[18908]: DHCPRELEASE(tap8d055819-16) 192.168.120.4 fa:16:3e:2c:de:28 unknown lease
Sep 29 20:34:44 gtw01 dnsmasq[18908]: read /var/lib/neutron/dhcp/9e8f233c-bfb7-466a-9484-cfacf9dfb955/addn_hosts - 3 addresses
Sep 29 20:34:44 gtw01 dnsmasq-dhcp[18908]: read /var/lib/neutron/dhcp/9e8f233c-bfb7-466a-9484-cfacf9dfb955/host
Sep 29 20:34:44 gtw01 dnsmasq-dhcp[18908]: read /var/lib/neutron/dhcp/9e8f233c-bfb7-466a-9484-cfacf9dfb955/opts
Sep 29 20:34:48 gtw01 dnsmasq-dhcp[18908]: DHCPRELEASE(tap8d055819-16) 192.168.120.3 fa:16:3e:0f:79:a7
Sep 29 20:34:49 gtw01 dnsmasq-dhcp[18908]: DHCPRELEASE(tap8d055819-16) 192.168.120.3 fa:16:3e:0f:79:a7 unknown lease
Sep 29 20:34:49 gtw01 dnsmasq[18908]: read /var/lib/neutron/dhcp/9e8f233c-bfb7-466a-9484-cfacf9dfb955/addn_hosts - 2 addresses
Sep 29 20:34:49 gtw01 dnsmasq-dhcp[18908]: read /var/lib/neutron/dhcp/9e8f233c-bfb7-466a-9484-cfacf9dfb955/host
Sep 29 20:34:49 gtw01 dnsmasq-dhcp[18908]: read /var/lib/neutron/dhcp/9e8f233c-bfb7-466a-9484-cfacf9dfb955/opts
Sep 29 20:34:52 gtw01 dnsmasq[18908]: read /var/lib/neutron/dhcp/9e8f233c-bfb7-466a-9484-cfacf9dfb955/addn_hosts - 1 addresses
Sep 29 20:34:52 gtw01 dnsmasq-dhcp[18908]: read /var/lib/neutron/dhcp/9e8f233c-bfb7-466a-9484-cfacf9dfb955/host
Sep 29 20:34:52 gtw01 dnsmasq-dhcp[18908]: read /var/lib/neutron/dhcp/9e8f233c-bfb7-466a-9484-cfacf9dfb955/opts
Sep 29 20:34:55 gtw01 kernel: [ 8853.582378] device tap8d055819-16 left promiscuous mode
Sep 29 20:35:06 gtw01 kernel: [ 8864.560618] device tap2321e92c-71 entered promiscuous mode
Sep 29 20:35:06 gtw01 systemd-udevd[19184]: Could not generate persistent MAC address for tap2321e92c-71: No such file or directory
Sep 29 20:35:06 gtw01 systemd-udevd[19184]: Process '/sbin/ip link set tap2321e92c-71 txqueuelen 10000' failed with exit code 1.
Sep 29 20:35:09 gtw01 dnsmasq[19315]: started, version 2.80 cachesize 150
Sep 29 20:35:09 gtw01 dnsmasq[19315]: DNS service limited to local subnets
Sep 29 20:35:09 gtw01 dnsmasq[19315]: compile time options: IPv6 GNU-getopt DBus i18n IDN DHCP DHCPv6 no-Lua TFTP conntrack ipset auth DNSSEC loop-detect inotify dumpfile
Sep 29 20:35:09 gtw01 dnsmasq[19315]: warning: no upstream servers configured
Sep 29 20:35:09 gtw01 dnsmasq-dhcp[19315]: DHCP, static leases only on 192.168.120.0, lease time 1h
Sep 29 20:35:09 gtw01 dnsmasq[19315]: read /var/lib/neutron/dhcp/a9b9a73a-33a4-4da1-8694-335221d9a03e/addn_hosts - 1 addresses
Sep 29 20:35:09 gtw01 dnsmasq-dhcp[19315]: read /var/lib/neutron/dhcp/a9b9a73a-33a4-4da1-8694-335221d9a03e/host
Sep 29 20:35:09 gtw01 dnsmasq-dhcp[19315]: read /var/lib/neutron/dhcp/a9b9a73a-33a4-4da1-8694-335221d9a03e/opts
Sep 29 20:35:10 gtw01 haproxy-metadata-proxy-a9b9a73a-33a4-4da1-8694-335221d9a03e[19319]: Proxy listener started.
Sep 29 20:35:10 gtw01 dnsmasq[19315]: read /var/lib/neutron/dhcp/a9b9a73a-33a4-4da1-8694-335221d9a03e/addn_hosts - 2 addresses
Sep 29 20:35:10 gtw01 dnsmasq-dhcp[19315]: read /var/lib/neutron/dhcp/a9b9a73a-33a4-4da1-8694-335221d9a03e/host
Sep 29 20:35:10 gtw01 dnsmasq-dhcp[19315]: read /var/lib/neutron/dhcp/a9b9a73a-33a4-4da1-8694-335221d9a03e/opts
Sep 29 20:35:11 gtw01 dnsmasq[19315]: read /var/lib/neutron/dhcp/a9b9a73a-33a4-4da1-8694-335221d9a03e/addn_hosts - 2 addresses
Sep 29 20:35:11 gtw01 dnsmasq-dhcp[19315]: read /var/lib/neutron/dhcp/a9b9a73a-33a4-4da1-8694-335221d9a03e/host
Sep 29 20:35:11 gtw01 dnsmasq-dhcp[19315]: read /var/lib/neutron/dhcp/a9b9a73a-33a4-4da1-8694-335221d9a03e/opts
Sep 29 20:35:12 gtw01 dnsmasq[19315]: read /var/lib/neutron/dhcp/a9b9a73a-33a4-4da1-8694-335221d9a03e/addn_hosts - 2 addresses
Sep 29 20:35:12 gtw01 dnsmasq-dhcp[19315]: read /var/lib/neutron/dhcp/a9b9a73a-33a4-4da1-8694-335221d9a03e/host
Sep 29 20:35:12 gtw01 dnsmasq-dhcp[19315]: read /var/lib/neutron/dhcp/a9b9a73a-33a4-4da1-8694-335221d9a03e/opts
Sep 29 20:35:13 gtw01 dnsmasq[19315]: read /var/lib/neutron/dhcp/a9b9a73a-33a4-4da1-8694-335221d9a03e/addn_hosts - 2 addresses
Sep 29 20:35:13 gtw01 dnsmasq-dhcp[19315]: read /var/lib/neutron/dhcp/a9b9a73a-33a4-4da1-8694-335221d9a03e/host
Sep 29 20:35:13 gtw01 dnsmasq-dhcp[19315]: read /var/lib/neutron/dhcp/a9b9a73a-33a4-4da1-8694-335221d9a03e/opts
Sep 29 20:35:14 gtw01 dnsmasq[19315]: read /var/lib/neutron/dhcp/a9b9a73a-33a4-4da1-8694-335221d9a03e/addn_hosts - 3 addresses
Sep 29 20:35:14 gtw01 dnsmasq-dhcp[19315]: read /var/lib/neutron/dhcp/a9b9a73a-33a4-4da1-8694-335221d9a03e/host
Sep 29 20:35:14 gtw01 dnsmasq-dhcp[19315]: read /var/lib/neutron/dhcp/a9b9a73a-33a4-4da1-8694-335221d9a03e/opts
Sep 29 20:35:15 gtw01 dnsmasq[19315]: read /var/lib/neutron/dhcp/a9b9a73a-33a4-4da1-8694-335221d9a03e/addn_hosts - 3 addresses
Sep 29 20:35:15 gtw01 dnsmasq-dhcp[19315]: read /var/lib/neutron/dhcp/a9b9a73a-33a4-4da1-8694-335221d9a03e/host
Sep 29 20:35:15 gtw01 dnsmasq-dhcp[19315]: read /var/lib/neutron/dhcp/a9b9a73a-33a4-4da1-8694-335221d9a03e/opts
Sep 29 20:35:16 gtw01 dnsmasq[19315]: read /var/lib/neutron/dhcp/a9b9a73a-33a4-4da1-8694-335221d9a03e/addn_hosts - 3 addresses
Sep 29 20:35:16 gtw01 dnsmasq-dhcp[19315]: read /var/lib/neutron/dhcp/a9b9a73a-33a4-4da1-8694-335221d9a03e/host
Sep 29 20:35:16 gtw01 dnsmasq-dhcp[19315]: read /var/lib/neutron/dhcp/a9b9a73a-33a4-4da1-8694-335221d9a03e/opts
Sep 29 20:35:17 gtw01 dnsmasq[19315]: read /var/lib/neutron/dhcp/a9b9a73a-33a4-4da1-8694-335221d9a03e/addn_hosts - 3 addresses
Sep 29 20:35:17 gtw01 dnsmasq-dhcp[19315]: read /var/lib/neutron/dhcp/a9b9a73a-33a4-4da1-8694-335221d9a03e/host
Sep 29 20:35:17 gtw01 dnsmasq-dhcp[19315]: read /var/lib/neutron/dhcp/a9b9a73a-33a4-4da1-8694-335221d9a03e/opts
Sep 29 20:35:29 gtw01 dnsmasq-dhcp[19315]: DHCPDISCOVER(tap2321e92c-71) fa:16:3e:27:97:39
Sep 29 20:35:29 gtw01 dnsmasq-dhcp[19315]: DHCPOFFER(tap2321e92c-71) 192.168.120.4 fa:16:3e:27:97:39
Sep 29 20:35:29 gtw01 dnsmasq-dhcp[19315]: DHCPREQUEST(tap2321e92c-71) 192.168.120.4 fa:16:3e:27:97:39
Sep 29 20:35:29 gtw01 dnsmasq-dhcp[19315]: DHCPACK(tap2321e92c-71) 192.168.120.4 fa:16:3e:27:97:39 host-192-168-120-4
Sep 29 20:35:34 gtw01 haproxy-metadata-proxy-a9b9a73a-33a4-4da1-8694-335221d9a03e[19320]: 192.168.120.4:55484 [29/Sep/2019:20:35:33.744] listener listener/metadata 1/0/0/469/470 200 147 - - ---- 1/1/0/1/0 0/0 "GET /latest/meta-data/public-ipv4 HTTP/1.1"
Sep 29 20:35:34 gtw01 haproxy-metadata-proxy-a9b9a73a-33a4-4da1-8694-335221d9a03e[19320]: 192.168.120.4:55486 [29/Sep/2019:20:35:34.357] listener listener/metadata 2/0/0/449/451 200 134 - - ---- 1/1/0/1/0 0/0 "POST /openstack/2013-10-17/password HTTP/1.1"
Sep 29 20:35:38 gtw01 dnsmasq-dhcp[19315]: DHCPRELEASE(tap2321e92c-71) 192.168.120.4 fa:16:3e:27:97:39
Sep 29 20:35:39 gtw01 dnsmasq-dhcp[19315]: DHCPRELEASE(tap2321e92c-71) 192.168.120.4 fa:16:3e:27:97:39 unknown lease
Sep 29 20:35:39 gtw01 dnsmasq[19315]: read /var/lib/neutron/dhcp/a9b9a73a-33a4-4da1-8694-335221d9a03e/addn_hosts - 2 addresses
Sep 29 20:35:39 gtw01 dnsmasq-dhcp[19315]: read /var/lib/neutron/dhcp/a9b9a73a-33a4-4da1-8694-335221d9a03e/host
Sep 29 20:35:39 gtw01 dnsmasq-dhcp[19315]: read /var/lib/neutron/dhcp/a9b9a73a-33a4-4da1-8694-335221d9a03e/opts
Sep 29 20:35:44 gtw01 dnsmasq[19315]: read /var/lib/neutron/dhcp/a9b9a73a-33a4-4da1-8694-335221d9a03e/addn_hosts - 1 addresses
Sep 29 20:35:44 gtw01 dnsmasq-dhcp[19315]: read /var/lib/neutron/dhcp/a9b9a73a-33a4-4da1-8694-335221d9a03e/host
Sep 29 20:35:44 gtw01 dnsmasq-dhcp[19315]: read /var/lib/neutron/dhcp/a9b9a73a-33a4-4da1-8694-335221d9a03e/opts
Sep 29 20:35:48 gtw01 kernel: [ 8906.411054] device tap2321e92c-71 left promiscuous mode
Sep 29 20:35:56 gtw01 kernel: [ 8914.391621] device tap6763e78d-26 entered promiscuous mode
Sep 29 20:35:56 gtw01 systemd-udevd[19520]: Could not generate persistent MAC address for tap6763e78d-26: No such file or directory
Sep 29 20:35:56 gtw01 systemd-udevd[19520]: Process '/sbin/ip link set tap6763e78d-26 txqueuelen 10000' failed with exit code 1.
Sep 29 20:35:56 gtw01 systemd-udevd[19520]: Process '/sbin/ip link set tap6763e78d-26 txqueuelen 10000' failed with exit code 1.
Sep 29 20:35:59 gtw01 dnsmasq[19655]: started, version 2.80 cachesize 150
Sep 29 20:35:59 gtw01 dnsmasq[19655]: DNS service limited to local subnets
Sep 29 20:35:59 gtw01 dnsmasq[19655]: compile time options: IPv6 GNU-getopt DBus i18n IDN DHCP DHCPv6 no-Lua TFTP conntrack ipset auth DNSSEC loop-detect inotify dumpfile
Sep 29 20:35:59 gtw01 dnsmasq[19655]: warning: no upstream servers configured
Sep 29 20:35:59 gtw01 dnsmasq-dhcp[19655]: DHCP, static leases only on 192.168.120.0, lease time 1h
Sep 29 20:35:59 gtw01 dnsmasq[19655]: read /var/lib/neutron/dhcp/aef2399c-8e57-44ed-b59f-6c2d38e64b03/addn_hosts - 1 addresses
Sep 29 20:35:59 gtw01 dnsmasq-dhcp[19655]: read /var/lib/neutron/dhcp/aef2399c-8e57-44ed-b59f-6c2d38e64b03/host
Sep 29 20:35:59 gtw01 dnsmasq-dhcp[19655]: read /var/lib/neutron/dhcp/aef2399c-8e57-44ed-b59f-6c2d38e64b03/opts
Sep 29 20:35:59 gtw01 haproxy-metadata-proxy-aef2399c-8e57-44ed-b59f-6c2d38e64b03[19659]: Proxy listener started.
Sep 29 20:36:00 gtw01 dnsmasq[19655]: read /var/lib/neutron/dhcp/aef2399c-8e57-44ed-b59f-6c2d38e64b03/addn_hosts - 2 addresses
Sep 29 20:36:00 gtw01 dnsmasq-dhcp[19655]: read /var/lib/neutron/dhcp/aef2399c-8e57-44ed-b59f-6c2d38e64b03/host
Sep 29 20:36:00 gtw01 dnsmasq-dhcp[19655]: read /var/lib/neutron/dhcp/aef2399c-8e57-44ed-b59f-6c2d38e64b03/opts
Sep 29 20:36:01 gtw01 dnsmasq[19655]: read /var/lib/neutron/dhcp/aef2399c-8e57-44ed-b59f-6c2d38e64b03/addn_hosts - 2 addresses
Sep 29 20:36:01 gtw01 dnsmasq-dhcp[19655]: read /var/lib/neutron/dhcp/aef2399c-8e57-44ed-b59f-6c2d38e64b03/host
Sep 29 20:36:01 gtw01 dnsmasq-dhcp[19655]: read /var/lib/neutron/dhcp/aef2399c-8e57-44ed-b59f-6c2d38e64b03/opts
Sep 29 20:36:02 gtw01 kernel: [ 8920.747884] device tap4b9b3068-67 entered promiscuous mode
Sep 29 20:36:02 gtw01 systemd-udevd[19717]: Could not generate persistent MAC address for tap4b9b3068-67: No such file or directory
Sep 29 20:36:02 gtw01 systemd-udevd[19717]: Process '/sbin/ip link set tap4b9b3068-67 txqueuelen 10000' failed with exit code 1.
Sep 29 20:36:02 gtw01 systemd-udevd[19789]: Process '/sbin/ip link set tap4b9b3068-67 txqueuelen 10000' failed with exit code 1.
Sep 29 20:36:02 gtw01 dnsmasq[19655]: read /var/lib/neutron/dhcp/aef2399c-8e57-44ed-b59f-6c2d38e64b03/addn_hosts - 2 addresses
Sep 29 20:36:02 gtw01 dnsmasq-dhcp[19655]: read /var/lib/neutron/dhcp/aef2399c-8e57-44ed-b59f-6c2d38e64b03/host
Sep 29 20:36:02 gtw01 dnsmasq-dhcp[19655]: read /var/lib/neutron/dhcp/aef2399c-8e57-44ed-b59f-6c2d38e64b03/opts
Sep 29 20:36:03 gtw01 dnsmasq[19655]: read /var/lib/neutron/dhcp/aef2399c-8e57-44ed-b59f-6c2d38e64b03/addn_hosts - 2 addresses
Sep 29 20:36:03 gtw01 dnsmasq-dhcp[19655]: read /var/lib/neutron/dhcp/aef2399c-8e57-44ed-b59f-6c2d38e64b03/host
Sep 29 20:36:03 gtw01 dnsmasq-dhcp[19655]: read /var/lib/neutron/dhcp/aef2399c-8e57-44ed-b59f-6c2d38e64b03/opts
Sep 29 20:36:04 gtw01 dnsmasq[19655]: read /var/lib/neutron/dhcp/aef2399c-8e57-44ed-b59f-6c2d38e64b03/addn_hosts - 2 addresses
Sep 29 20:36:04 gtw01 dnsmasq-dhcp[19655]: read /var/lib/neutron/dhcp/aef2399c-8e57-44ed-b59f-6c2d38e64b03/host
Sep 29 20:36:04 gtw01 dnsmasq-dhcp[19655]: read /var/lib/neutron/dhcp/aef2399c-8e57-44ed-b59f-6c2d38e64b03/opts
Sep 29 20:36:06 gtw01 dnsmasq[19897]: started, version 2.80 cachesize 150
Sep 29 20:36:06 gtw01 dnsmasq[19897]: DNS service limited to local subnets
Sep 29 20:36:06 gtw01 dnsmasq[19897]: compile time options: IPv6 GNU-getopt DBus i18n IDN DHCP DHCPv6 no-Lua TFTP conntrack ipset auth DNSSEC loop-detect inotify dumpfile
Sep 29 20:36:06 gtw01 dnsmasq[19897]: warning: no upstream servers configured
Sep 29 20:36:06 gtw01 dnsmasq-dhcp[19897]: DHCP, static leases only on 192.168.120.0, lease time 1h
Sep 29 20:36:06 gtw01 dnsmasq[19897]: read /var/lib/neutron/dhcp/0469cee8-06ed-4847-8fad-c0af6bb8b469/addn_hosts - 1 addresses
Sep 29 20:36:06 gtw01 dnsmasq-dhcp[19897]: read /var/lib/neutron/dhcp/0469cee8-06ed-4847-8fad-c0af6bb8b469/host
Sep 29 20:36:06 gtw01 dnsmasq-dhcp[19897]: read /var/lib/neutron/dhcp/0469cee8-06ed-4847-8fad-c0af6bb8b469/opts
Sep 29 20:36:06 gtw01 haproxy-metadata-proxy-0469cee8-06ed-4847-8fad-c0af6bb8b469[19901]: Proxy listener started.
Sep 29 20:36:06 gtw01 dnsmasq[19897]: read /var/lib/neutron/dhcp/0469cee8-06ed-4847-8fad-c0af6bb8b469/addn_hosts - 2 addresses
Sep 29 20:36:06 gtw01 dnsmasq-dhcp[19897]: read /var/lib/neutron/dhcp/0469cee8-06ed-4847-8fad-c0af6bb8b469/host
Sep 29 20:36:06 gtw01 dnsmasq-dhcp[19897]: read /var/lib/neutron/dhcp/0469cee8-06ed-4847-8fad-c0af6bb8b469/opts
Sep 29 20:36:07 gtw01 dnsmasq[19897]: read /var/lib/neutron/dhcp/0469cee8-06ed-4847-8fad-c0af6bb8b469/addn_hosts - 2 addresses
Sep 29 20:36:07 gtw01 dnsmasq-dhcp[19897]: read /var/lib/neutron/dhcp/0469cee8-06ed-4847-8fad-c0af6bb8b469/host
Sep 29 20:36:07 gtw01 dnsmasq-dhcp[19897]: read /var/lib/neutron/dhcp/0469cee8-06ed-4847-8fad-c0af6bb8b469/opts
Sep 29 20:36:08 gtw01 dnsmasq[19655]: read /var/lib/neutron/dhcp/aef2399c-8e57-44ed-b59f-6c2d38e64b03/addn_hosts - 3 addresses
Sep 29 20:36:08 gtw01 dnsmasq-dhcp[19655]: read /var/lib/neutron/dhcp/aef2399c-8e57-44ed-b59f-6c2d38e64b03/host
Sep 29 20:36:08 gtw01 dnsmasq-dhcp[19655]: read /var/lib/neutron/dhcp/aef2399c-8e57-44ed-b59f-6c2d38e64b03/opts
Sep 29 20:36:08 gtw01 dnsmasq[19897]: read /var/lib/neutron/dhcp/0469cee8-06ed-4847-8fad-c0af6bb8b469/addn_hosts - 2 addresses
Sep 29 20:36:08 gtw01 dnsmasq-dhcp[19897]: read /var/lib/neutron/dhcp/0469cee8-06ed-4847-8fad-c0af6bb8b469/host
Sep 29 20:36:08 gtw01 dnsmasq-dhcp[19897]: read /var/lib/neutron/dhcp/0469cee8-06ed-4847-8fad-c0af6bb8b469/opts
Sep 29 20:36:09 gtw01 dnsmasq[19655]: read /var/lib/neutron/dhcp/aef2399c-8e57-44ed-b59f-6c2d38e64b03/addn_hosts - 3 addresses
Sep 29 20:36:09 gtw01 dnsmasq-dhcp[19655]: read /var/lib/neutron/dhcp/aef2399c-8e57-44ed-b59f-6c2d38e64b03/host
Sep 29 20:36:09 gtw01 dnsmasq-dhcp[19655]: read /var/lib/neutron/dhcp/aef2399c-8e57-44ed-b59f-6c2d38e64b03/opts
Sep 29 20:36:09 gtw01 dnsmasq[19897]: read /var/lib/neutron/dhcp/0469cee8-06ed-4847-8fad-c0af6bb8b469/addn_hosts - 2 addresses
Sep 29 20:36:09 gtw01 dnsmasq-dhcp[19897]: read /var/lib/neutron/dhcp/0469cee8-06ed-4847-8fad-c0af6bb8b469/host
Sep 29 20:36:09 gtw01 dnsmasq-dhcp[19897]: read /var/lib/neutron/dhcp/0469cee8-06ed-4847-8fad-c0af6bb8b469/opts
Sep 29 20:36:10 gtw01 dnsmasq[19655]: read /var/lib/neutron/dhcp/aef2399c-8e57-44ed-b59f-6c2d38e64b03/addn_hosts - 3 addresses
Sep 29 20:36:10 gtw01 dnsmasq-dhcp[19655]: read /var/lib/neutron/dhcp/aef2399c-8e57-44ed-b59f-6c2d38e64b03/host
Sep 29 20:36:10 gtw01 dnsmasq-dhcp[19655]: read /var/lib/neutron/dhcp/aef2399c-8e57-44ed-b59f-6c2d38e64b03/opts
Sep 29 20:36:10 gtw01 dnsmasq[19897]: read /var/lib/neutron/dhcp/0469cee8-06ed-4847-8fad-c0af6bb8b469/addn_hosts - 2 addresses
Sep 29 20:36:10 gtw01 dnsmasq-dhcp[19897]: read /var/lib/neutron/dhcp/0469cee8-06ed-4847-8fad-c0af6bb8b469/host
Sep 29 20:36:10 gtw01 dnsmasq-dhcp[19897]: read /var/lib/neutron/dhcp/0469cee8-06ed-4847-8fad-c0af6bb8b469/opts
Sep 29 20:36:17 gtw01 dnsmasq[19655]: read /var/lib/neutron/dhcp/aef2399c-8e57-44ed-b59f-6c2d38e64b03/addn_hosts - 4 addresses
Sep 29 20:36:17 gtw01 dnsmasq-dhcp[19655]: read /var/lib/neutron/dhcp/aef2399c-8e57-44ed-b59f-6c2d38e64b03/host
Sep 29 20:36:17 gtw01 dnsmasq-dhcp[19655]: read /var/lib/neutron/dhcp/aef2399c-8e57-44ed-b59f-6c2d38e64b03/opts
Sep 29 20:36:18 gtw01 dnsmasq[19655]: read /var/lib/neutron/dhcp/aef2399c-8e57-44ed-b59f-6c2d38e64b03/addn_hosts - 4 addresses
Sep 29 20:36:18 gtw01 dnsmasq-dhcp[19655]: read /var/lib/neutron/dhcp/aef2399c-8e57-44ed-b59f-6c2d38e64b03/host
Sep 29 20:36:18 gtw01 dnsmasq-dhcp[19655]: read /var/lib/neutron/dhcp/aef2399c-8e57-44ed-b59f-6c2d38e64b03/opts
Sep 29 20:36:19 gtw01 dnsmasq[19655]: read /var/lib/neutron/dhcp/aef2399c-8e57-44ed-b59f-6c2d38e64b03/addn_hosts - 4 addresses
Sep 29 20:36:19 gtw01 dnsmasq-dhcp[19655]: read /var/lib/neutron/dhcp/aef2399c-8e57-44ed-b59f-6c2d38e64b03/host
Sep 29 20:36:19 gtw01 dnsmasq-dhcp[19655]: read /var/lib/neutron/dhcp/aef2399c-8e57-44ed-b59f-6c2d38e64b03/opts
Sep 29 20:36:23 gtw01 dnsmasq-dhcp[19655]: DHCPDISCOVER(tap6763e78d-26) fa:16:3e:13:81:6e
Sep 29 20:36:23 gtw01 dnsmasq-dhcp[19655]: DHCPOFFER(tap6763e78d-26) 192.168.120.11 fa:16:3e:13:81:6e
Sep 29 20:36:23 gtw01 dnsmasq-dhcp[19655]: DHCPREQUEST(tap6763e78d-26) 192.168.120.11 fa:16:3e:13:81:6e
Sep 29 20:36:23 gtw01 dnsmasq-dhcp[19655]: DHCPACK(tap6763e78d-26) 192.168.120.11 fa:16:3e:13:81:6e host-192-168-120-11
Sep 29 20:36:25 gtw01 dnsmasq[19655]: read /var/lib/neutron/dhcp/aef2399c-8e57-44ed-b59f-6c2d38e64b03/addn_hosts - 3 addresses
Sep 29 20:36:25 gtw01 dnsmasq-dhcp[19655]: read /var/lib/neutron/dhcp/aef2399c-8e57-44ed-b59f-6c2d38e64b03/host
Sep 29 20:36:25 gtw01 dnsmasq-dhcp[19655]: read /var/lib/neutron/dhcp/aef2399c-8e57-44ed-b59f-6c2d38e64b03/opts
Sep 29 20:36:27 gtw01 dnsmasq-dhcp[19655]: DHCPRELEASE(tap6763e78d-26) 192.168.120.11 fa:16:3e:13:81:6e
Sep 29 20:36:27 gtw01 dnsmasq-dhcp[19655]: DHCPRELEASE(tap6763e78d-26) 192.168.120.11 fa:16:3e:13:81:6e unknown lease
Sep 29 20:36:28 gtw01 dnsmasq[19655]: read /var/lib/neutron/dhcp/aef2399c-8e57-44ed-b59f-6c2d38e64b03/addn_hosts - 2 addresses
Sep 29 20:36:28 gtw01 dnsmasq-dhcp[19655]: read /var/lib/neutron/dhcp/aef2399c-8e57-44ed-b59f-6c2d38e64b03/host
Sep 29 20:36:28 gtw01 dnsmasq-dhcp[19655]: read /var/lib/neutron/dhcp/aef2399c-8e57-44ed-b59f-6c2d38e64b03/opts
Sep 29 20:36:30 gtw01 dnsmasq[19897]: read /var/lib/neutron/dhcp/0469cee8-06ed-4847-8fad-c0af6bb8b469/addn_hosts - 1 addresses
Sep 29 20:36:30 gtw01 dnsmasq-dhcp[19897]: read /var/lib/neutron/dhcp/0469cee8-06ed-4847-8fad-c0af6bb8b469/host
Sep 29 20:36:30 gtw01 dnsmasq-dhcp[19897]: read /var/lib/neutron/dhcp/0469cee8-06ed-4847-8fad-c0af6bb8b469/opts
Sep 29 20:36:35 gtw01 kernel: [ 8953.403113] device tap4b9b3068-67 left promiscuous mode
Sep 29 20:36:38 gtw01 dnsmasq[19655]: read /var/lib/neutron/dhcp/aef2399c-8e57-44ed-b59f-6c2d38e64b03/addn_hosts - 1 addresses
Sep 29 20:36:38 gtw01 dnsmasq-dhcp[19655]: read /var/lib/neutron/dhcp/aef2399c-8e57-44ed-b59f-6c2d38e64b03/host
Sep 29 20:36:38 gtw01 dnsmasq-dhcp[19655]: read /var/lib/neutron/dhcp/aef2399c-8e57-44ed-b59f-6c2d38e64b03/opts
Sep 29 20:36:43 gtw01 kernel: [ 8961.327605] device tap6763e78d-26 left promiscuous mode
Sep 29 20:36:51 gtw01 kernel: [ 8970.085891] device tapace7a98b-6b entered promiscuous mode
Sep 29 20:36:51 gtw01 systemd-udevd[20192]: Could not generate persistent MAC address for tapace7a98b-6b: No such file or directory
Sep 29 20:36:51 gtw01 systemd-udevd[20192]: Process '/sbin/ip link set tapace7a98b-6b txqueuelen 10000' failed with exit code 1.
Sep 29 20:36:52 gtw01 systemd-udevd[20192]: Process '/sbin/ip link set tapace7a98b-6b txqueuelen 10000' failed with exit code 1.
Sep 29 20:36:55 gtw01 dnsmasq[20326]: started, version 2.80 cachesize 150
Sep 29 20:36:55 gtw01 dnsmasq[20326]: DNS service limited to local subnets
Sep 29 20:36:55 gtw01 dnsmasq[20326]: compile time options: IPv6 GNU-getopt DBus i18n IDN DHCP DHCPv6 no-Lua TFTP conntrack ipset auth DNSSEC loop-detect inotify dumpfile
Sep 29 20:36:55 gtw01 dnsmasq[20326]: warning: no upstream servers configured
Sep 29 20:36:55 gtw01 dnsmasq-dhcp[20326]: DHCP, static leases only on 192.168.120.0, lease time 1h
Sep 29 20:36:55 gtw01 dnsmasq[20326]: read /var/lib/neutron/dhcp/7f733eb2-d730-4f8f-9ac2-13b069ea004a/addn_hosts - 1 addresses
Sep 29 20:36:55 gtw01 dnsmasq-dhcp[20326]: read /var/lib/neutron/dhcp/7f733eb2-d730-4f8f-9ac2-13b069ea004a/host
Sep 29 20:36:55 gtw01 dnsmasq-dhcp[20326]: read /var/lib/neutron/dhcp/7f733eb2-d730-4f8f-9ac2-13b069ea004a/opts
Sep 29 20:36:55 gtw01 haproxy-metadata-proxy-7f733eb2-d730-4f8f-9ac2-13b069ea004a[20330]: Proxy listener started.
Sep 29 20:36:56 gtw01 dnsmasq[20326]: read /var/lib/neutron/dhcp/7f733eb2-d730-4f8f-9ac2-13b069ea004a/addn_hosts - 2 addresses
Sep 29 20:36:56 gtw01 dnsmasq-dhcp[20326]: read /var/lib/neutron/dhcp/7f733eb2-d730-4f8f-9ac2-13b069ea004a/host
Sep 29 20:36:56 gtw01 dnsmasq-dhcp[20326]: read /var/lib/neutron/dhcp/7f733eb2-d730-4f8f-9ac2-13b069ea004a/opts
Sep 29 20:36:57 gtw01 dnsmasq[20326]: read /var/lib/neutron/dhcp/7f733eb2-d730-4f8f-9ac2-13b069ea004a/addn_hosts - 2 addresses
Sep 29 20:36:57 gtw01 dnsmasq-dhcp[20326]: read /var/lib/neutron/dhcp/7f733eb2-d730-4f8f-9ac2-13b069ea004a/host
Sep 29 20:36:57 gtw01 dnsmasq-dhcp[20326]: read /var/lib/neutron/dhcp/7f733eb2-d730-4f8f-9ac2-13b069ea004a/opts
Sep 29 20:36:57 gtw01 kernel: [ 8976.143417] device tapb4dfe201-ac entered promiscuous mode
Sep 29 20:36:57 gtw01 systemd-udevd[20385]: Could not generate persistent MAC address for tapb4dfe201-ac: No such file or directory
Sep 29 20:36:58 gtw01 systemd-udevd[20454]: Process '/sbin/ip link set tapb4dfe201-ac txqueuelen 10000' failed with exit code 1.
Sep 29 20:36:58 gtw01 dnsmasq[20326]: read /var/lib/neutron/dhcp/7f733eb2-d730-4f8f-9ac2-13b069ea004a/addn_hosts - 2 addresses
Sep 29 20:36:58 gtw01 dnsmasq-dhcp[20326]: read /var/lib/neutron/dhcp/7f733eb2-d730-4f8f-9ac2-13b069ea004a/host
Sep 29 20:36:58 gtw01 dnsmasq-dhcp[20326]: read /var/lib/neutron/dhcp/7f733eb2-d730-4f8f-9ac2-13b069ea004a/opts
Sep 29 20:36:59 gtw01 dnsmasq[20326]: read /var/lib/neutron/dhcp/7f733eb2-d730-4f8f-9ac2-13b069ea004a/addn_hosts - 2 addresses
Sep 29 20:36:59 gtw01 dnsmasq-dhcp[20326]: read /var/lib/neutron/dhcp/7f733eb2-d730-4f8f-9ac2-13b069ea004a/host
Sep 29 20:36:59 gtw01 dnsmasq-dhcp[20326]: read /var/lib/neutron/dhcp/7f733eb2-d730-4f8f-9ac2-13b069ea004a/opts
Sep 29 20:37:00 gtw01 dnsmasq[20326]: read /var/lib/neutron/dhcp/7f733eb2-d730-4f8f-9ac2-13b069ea004a/addn_hosts - 2 addresses
Sep 29 20:37:00 gtw01 dnsmasq-dhcp[20326]: read /var/lib/neutron/dhcp/7f733eb2-d730-4f8f-9ac2-13b069ea004a/host
Sep 29 20:37:00 gtw01 dnsmasq-dhcp[20326]: read /var/lib/neutron/dhcp/7f733eb2-d730-4f8f-9ac2-13b069ea004a/opts
Sep 29 20:37:01 gtw01 dnsmasq[20564]: started, version 2.80 cachesize 150
Sep 29 20:37:01 gtw01 dnsmasq[20564]: DNS service limited to local subnets
Sep 29 20:37:01 gtw01 dnsmasq[20564]: compile time options: IPv6 GNU-getopt DBus i18n IDN DHCP DHCPv6 no-Lua TFTP conntrack ipset auth DNSSEC loop-detect inotify dumpfile
Sep 29 20:37:01 gtw01 dnsmasq[20564]: warning: no upstream servers configured
Sep 29 20:37:01 gtw01 dnsmasq-dhcp[20564]: DHCP, static leases only on 192.168.120.0, lease time 1h
Sep 29 20:37:01 gtw01 dnsmasq[20564]: read /var/lib/neutron/dhcp/5ed352bc-0fc5-41d0-b2e3-713df26e39f2/addn_hosts - 1 addresses
Sep 29 20:37:01 gtw01 dnsmasq-dhcp[20564]: read /var/lib/neutron/dhcp/5ed352bc-0fc5-41d0-b2e3-713df26e39f2/host
Sep 29 20:37:01 gtw01 dnsmasq-dhcp[20564]: read /var/lib/neutron/dhcp/5ed352bc-0fc5-41d0-b2e3-713df26e39f2/opts
Sep 29 20:37:01 gtw01 haproxy-metadata-proxy-5ed352bc-0fc5-41d0-b2e3-713df26e39f2[20568]: Proxy listener started.
Sep 29 20:37:02 gtw01 dnsmasq[20564]: read /var/lib/neutron/dhcp/5ed352bc-0fc5-41d0-b2e3-713df26e39f2/addn_hosts - 2 addresses
Sep 29 20:37:02 gtw01 dnsmasq-dhcp[20564]: read /var/lib/neutron/dhcp/5ed352bc-0fc5-41d0-b2e3-713df26e39f2/host
Sep 29 20:37:02 gtw01 dnsmasq-dhcp[20564]: read /var/lib/neutron/dhcp/5ed352bc-0fc5-41d0-b2e3-713df26e39f2/opts
Sep 29 20:37:03 gtw01 dnsmasq[20564]: read /var/lib/neutron/dhcp/5ed352bc-0fc5-41d0-b2e3-713df26e39f2/addn_hosts - 2 addresses
Sep 29 20:37:03 gtw01 dnsmasq-dhcp[20564]: read /var/lib/neutron/dhcp/5ed352bc-0fc5-41d0-b2e3-713df26e39f2/host
Sep 29 20:37:03 gtw01 dnsmasq-dhcp[20564]: read /var/lib/neutron/dhcp/5ed352bc-0fc5-41d0-b2e3-713df26e39f2/opts
Sep 29 20:37:04 gtw01 dnsmasq[20564]: read /var/lib/neutron/dhcp/5ed352bc-0fc5-41d0-b2e3-713df26e39f2/addn_hosts - 2 addresses
Sep 29 20:37:04 gtw01 dnsmasq-dhcp[20564]: read /var/lib/neutron/dhcp/5ed352bc-0fc5-41d0-b2e3-713df26e39f2/host
Sep 29 20:37:04 gtw01 dnsmasq-dhcp[20564]: read /var/lib/neutron/dhcp/5ed352bc-0fc5-41d0-b2e3-713df26e39f2/opts
Sep 29 20:37:05 gtw01 dnsmasq[20564]: read /var/lib/neutron/dhcp/5ed352bc-0fc5-41d0-b2e3-713df26e39f2/addn_hosts - 2 addresses
Sep 29 20:37:05 gtw01 dnsmasq-dhcp[20564]: read /var/lib/neutron/dhcp/5ed352bc-0fc5-41d0-b2e3-713df26e39f2/host
Sep 29 20:37:05 gtw01 dnsmasq-dhcp[20564]: read /var/lib/neutron/dhcp/5ed352bc-0fc5-41d0-b2e3-713df26e39f2/opts
Sep 29 20:37:06 gtw01 dnsmasq[20564]: read /var/lib/neutron/dhcp/5ed352bc-0fc5-41d0-b2e3-713df26e39f2/addn_hosts - 2 addresses
Sep 29 20:37:06 gtw01 dnsmasq-dhcp[20564]: read /var/lib/neutron/dhcp/5ed352bc-0fc5-41d0-b2e3-713df26e39f2/host
Sep 29 20:37:06 gtw01 dnsmasq-dhcp[20564]: read /var/lib/neutron/dhcp/5ed352bc-0fc5-41d0-b2e3-713df26e39f2/opts
Sep 29 20:37:09 gtw01 dnsmasq[20326]: read /var/lib/neutron/dhcp/7f733eb2-d730-4f8f-9ac2-13b069ea004a/addn_hosts - 3 addresses
Sep 29 20:37:09 gtw01 dnsmasq-dhcp[20326]: read /var/lib/neutron/dhcp/7f733eb2-d730-4f8f-9ac2-13b069ea004a/host
Sep 29 20:37:09 gtw01 dnsmasq-dhcp[20326]: read /var/lib/neutron/dhcp/7f733eb2-d730-4f8f-9ac2-13b069ea004a/opts
Sep 29 20:37:10 gtw01 dnsmasq[20326]: read /var/lib/neutron/dhcp/7f733eb2-d730-4f8f-9ac2-13b069ea004a/addn_hosts - 3 addresses
Sep 29 20:37:10 gtw01 dnsmasq-dhcp[20326]: read /var/lib/neutron/dhcp/7f733eb2-d730-4f8f-9ac2-13b069ea004a/host
Sep 29 20:37:10 gtw01 dnsmasq-dhcp[20326]: read /var/lib/neutron/dhcp/7f733eb2-d730-4f8f-9ac2-13b069ea004a/opts
Sep 29 20:37:11 gtw01 dnsmasq[20326]: read /var/lib/neutron/dhcp/7f733eb2-d730-4f8f-9ac2-13b069ea004a/addn_hosts - 3 addresses
Sep 29 20:37:11 gtw01 dnsmasq-dhcp[20326]: read /var/lib/neutron/dhcp/7f733eb2-d730-4f8f-9ac2-13b069ea004a/host
Sep 29 20:37:11 gtw01 dnsmasq-dhcp[20326]: read /var/lib/neutron/dhcp/7f733eb2-d730-4f8f-9ac2-13b069ea004a/opts
Sep 29 20:37:23 gtw01 dnsmasq[20326]: read /var/lib/neutron/dhcp/7f733eb2-d730-4f8f-9ac2-13b069ea004a/addn_hosts - 4 addresses
Sep 29 20:37:23 gtw01 dnsmasq-dhcp[20326]: read /var/lib/neutron/dhcp/7f733eb2-d730-4f8f-9ac2-13b069ea004a/host
Sep 29 20:37:23 gtw01 dnsmasq-dhcp[20326]: read /var/lib/neutron/dhcp/7f733eb2-d730-4f8f-9ac2-13b069ea004a/opts
Sep 29 20:37:24 gtw01 dnsmasq[20326]: read /var/lib/neutron/dhcp/7f733eb2-d730-4f8f-9ac2-13b069ea004a/addn_hosts - 4 addresses
Sep 29 20:37:24 gtw01 dnsmasq-dhcp[20326]: read /var/lib/neutron/dhcp/7f733eb2-d730-4f8f-9ac2-13b069ea004a/host
Sep 29 20:37:24 gtw01 dnsmasq-dhcp[20326]: read /var/lib/neutron/dhcp/7f733eb2-d730-4f8f-9ac2-13b069ea004a/opts
Sep 29 20:37:25 gtw01 dnsmasq[20326]: read /var/lib/neutron/dhcp/7f733eb2-d730-4f8f-9ac2-13b069ea004a/addn_hosts - 4 addresses
Sep 29 20:37:25 gtw01 dnsmasq-dhcp[20326]: read /var/lib/neutron/dhcp/7f733eb2-d730-4f8f-9ac2-13b069ea004a/host
Sep 29 20:37:25 gtw01 dnsmasq-dhcp[20326]: read /var/lib/neutron/dhcp/7f733eb2-d730-4f8f-9ac2-13b069ea004a/opts
Sep 29 20:37:25 gtw01 dnsmasq-dhcp[20326]: DHCPDISCOVER(tapace7a98b-6b) fa:16:3e:8d:4d:91
Sep 29 20:37:25 gtw01 dnsmasq-dhcp[20326]: DHCPOFFER(tapace7a98b-6b) 192.168.120.3 fa:16:3e:8d:4d:91
Sep 29 20:37:25 gtw01 dnsmasq-dhcp[20326]: DHCPREQUEST(tapace7a98b-6b) 192.168.120.3 fa:16:3e:8d:4d:91
Sep 29 20:37:25 gtw01 dnsmasq-dhcp[20326]: DHCPACK(tapace7a98b-6b) 192.168.120.3 fa:16:3e:8d:4d:91 host-192-168-120-3
Sep 29 20:37:44 gtw01 dnsmasq[20326]: read /var/lib/neutron/dhcp/7f733eb2-d730-4f8f-9ac2-13b069ea004a/addn_hosts - 3 addresses
Sep 29 20:37:44 gtw01 dnsmasq-dhcp[20326]: read /var/lib/neutron/dhcp/7f733eb2-d730-4f8f-9ac2-13b069ea004a/host
Sep 29 20:37:44 gtw01 dnsmasq-dhcp[20326]: read /var/lib/neutron/dhcp/7f733eb2-d730-4f8f-9ac2-13b069ea004a/opts
Sep 29 20:37:51 gtw01 dnsmasq-dhcp[20326]: DHCPRELEASE(tapace7a98b-6b) 192.168.120.3 fa:16:3e:8d:4d:91
Sep 29 20:37:52 gtw01 dnsmasq-dhcp[20326]: DHCPRELEASE(tapace7a98b-6b) 192.168.120.3 fa:16:3e:8d:4d:91 unknown lease
Sep 29 20:37:53 gtw01 dnsmasq[20326]: read /var/lib/neutron/dhcp/7f733eb2-d730-4f8f-9ac2-13b069ea004a/addn_hosts - 2 addresses
Sep 29 20:37:53 gtw01 dnsmasq-dhcp[20326]: read /var/lib/neutron/dhcp/7f733eb2-d730-4f8f-9ac2-13b069ea004a/host
Sep 29 20:37:53 gtw01 dnsmasq-dhcp[20326]: read /var/lib/neutron/dhcp/7f733eb2-d730-4f8f-9ac2-13b069ea004a/opts
Sep 29 20:37:57 gtw01 dnsmasq[20564]: read /var/lib/neutron/dhcp/5ed352bc-0fc5-41d0-b2e3-713df26e39f2/addn_hosts - 1 addresses
Sep 29 20:37:57 gtw01 dnsmasq-dhcp[20564]: read /var/lib/neutron/dhcp/5ed352bc-0fc5-41d0-b2e3-713df26e39f2/host
Sep 29 20:37:57 gtw01 dnsmasq-dhcp[20564]: read /var/lib/neutron/dhcp/5ed352bc-0fc5-41d0-b2e3-713df26e39f2/opts
Sep 29 20:38:01 gtw01 kernel: [ 9039.759449] device tapb4dfe201-ac left promiscuous mode
Sep 29 20:38:05 gtw01 dnsmasq[20326]: read /var/lib/neutron/dhcp/7f733eb2-d730-4f8f-9ac2-13b069ea004a/addn_hosts - 1 addresses
Sep 29 20:38:05 gtw01 dnsmasq-dhcp[20326]: read /var/lib/neutron/dhcp/7f733eb2-d730-4f8f-9ac2-13b069ea004a/host
Sep 29 20:38:05 gtw01 dnsmasq-dhcp[20326]: read /var/lib/neutron/dhcp/7f733eb2-d730-4f8f-9ac2-13b069ea004a/opts
Sep 29 20:38:10 gtw01 kernel: [ 9048.506834] device tapace7a98b-6b left promiscuous mode
Sep 29 20:38:26 gtw01 dnsmasq-dhcp[16649]: DHCPRELEASE(tap358752c0-6a) 192.168.120.1 fa:16:3e:f2:34:2e
Sep 29 20:38:27 gtw01 dnsmasq[16649]: read /var/lib/neutron/dhcp/fdba86b2-df9a-4c88-a8f7-3d3512a57c58/addn_hosts - 1 addresses
Sep 29 20:38:27 gtw01 dnsmasq-dhcp[16649]: read /var/lib/neutron/dhcp/fdba86b2-df9a-4c88-a8f7-3d3512a57c58/host
Sep 29 20:38:27 gtw01 dnsmasq-dhcp[16649]: read /var/lib/neutron/dhcp/fdba86b2-df9a-4c88-a8f7-3d3512a57c58/opts
Sep 29 20:38:31 gtw01 kernel: [ 9069.884344] device tap358752c0-6a left promiscuous mode
Sep 29 20:38:42 gtw01 systemd-udevd[20888]: Could not generate persistent MAC address for tap4237ca64-ba: No such file or directory
Sep 29 20:38:42 gtw01 kernel: [ 9080.725777] device tap4237ca64-ba entered promiscuous mode
Sep 29 20:38:42 gtw01 systemd-udevd[20888]: Process '/sbin/ip link set tap4237ca64-ba txqueuelen 10000' failed with exit code 1.
Sep 29 20:38:42 gtw01 systemd-udevd[20960]: Process '/sbin/ip link set tap4237ca64-ba txqueuelen 10000' failed with exit code 1.
Sep 29 20:38:45 gtw01 dnsmasq[21023]: started, version 2.80 cachesize 150
Sep 29 20:38:45 gtw01 dnsmasq[21023]: DNS service limited to local subnets
Sep 29 20:38:45 gtw01 dnsmasq[21023]: compile time options: IPv6 GNU-getopt DBus i18n IDN DHCP DHCPv6 no-Lua TFTP conntrack ipset auth DNSSEC loop-detect inotify dumpfile
Sep 29 20:38:45 gtw01 dnsmasq[21023]: warning: no upstream servers configured
Sep 29 20:38:45 gtw01 dnsmasq-dhcp[21023]: DHCP, static leases only on 192.168.120.0, lease time 1h
Sep 29 20:38:45 gtw01 dnsmasq[21023]: read /var/lib/neutron/dhcp/f04a57a9-d86f-4dd3-865b-956d33c60c1d/addn_hosts - 1 addresses
Sep 29 20:38:45 gtw01 dnsmasq-dhcp[21023]: read /var/lib/neutron/dhcp/f04a57a9-d86f-4dd3-865b-956d33c60c1d/host
Sep 29 20:38:45 gtw01 dnsmasq-dhcp[21023]: read /var/lib/neutron/dhcp/f04a57a9-d86f-4dd3-865b-956d33c60c1d/opts
Sep 29 20:38:46 gtw01 haproxy-metadata-proxy-f04a57a9-d86f-4dd3-865b-956d33c60c1d[21027]: Proxy listener started.
Sep 29 20:38:47 gtw01 dnsmasq[21023]: read /var/lib/neutron/dhcp/f04a57a9-d86f-4dd3-865b-956d33c60c1d/addn_hosts - 2 addresses
Sep 29 20:38:47 gtw01 dnsmasq-dhcp[21023]: read /var/lib/neutron/dhcp/f04a57a9-d86f-4dd3-865b-956d33c60c1d/host
Sep 29 20:38:47 gtw01 dnsmasq-dhcp[21023]: read /var/lib/neutron/dhcp/f04a57a9-d86f-4dd3-865b-956d33c60c1d/opts
Sep 29 20:38:47 gtw01 dnsmasq[21023]: read /var/lib/neutron/dhcp/f04a57a9-d86f-4dd3-865b-956d33c60c1d/addn_hosts - 2 addresses
Sep 29 20:38:47 gtw01 dnsmasq-dhcp[21023]: read /var/lib/neutron/dhcp/f04a57a9-d86f-4dd3-865b-956d33c60c1d/host
Sep 29 20:38:47 gtw01 dnsmasq-dhcp[21023]: read /var/lib/neutron/dhcp/f04a57a9-d86f-4dd3-865b-956d33c60c1d/opts
Sep 29 20:38:48 gtw01 dnsmasq[21023]: read /var/lib/neutron/dhcp/f04a57a9-d86f-4dd3-865b-956d33c60c1d/addn_hosts - 2 addresses
Sep 29 20:38:48 gtw01 dnsmasq-dhcp[21023]: read /var/lib/neutron/dhcp/f04a57a9-d86f-4dd3-865b-956d33c60c1d/host
Sep 29 20:38:48 gtw01 dnsmasq-dhcp[21023]: read /var/lib/neutron/dhcp/f04a57a9-d86f-4dd3-865b-956d33c60c1d/opts
Sep 29 20:38:49 gtw01 dnsmasq[21023]: read /var/lib/neutron/dhcp/f04a57a9-d86f-4dd3-865b-956d33c60c1d/addn_hosts - 2 addresses
Sep 29 20:38:49 gtw01 dnsmasq-dhcp[21023]: read /var/lib/neutron/dhcp/f04a57a9-d86f-4dd3-865b-956d33c60c1d/host
Sep 29 20:38:49 gtw01 dnsmasq-dhcp[21023]: read /var/lib/neutron/dhcp/f04a57a9-d86f-4dd3-865b-956d33c60c1d/opts
Sep 29 20:38:50 gtw01 dnsmasq[21023]: read /var/lib/neutron/dhcp/f04a57a9-d86f-4dd3-865b-956d33c60c1d/addn_hosts - 2 addresses
Sep 29 20:38:50 gtw01 dnsmasq-dhcp[21023]: read /var/lib/neutron/dhcp/f04a57a9-d86f-4dd3-865b-956d33c60c1d/host
Sep 29 20:38:50 gtw01 dnsmasq-dhcp[21023]: read /var/lib/neutron/dhcp/f04a57a9-d86f-4dd3-865b-956d33c60c1d/opts
Sep 29 20:39:58 gtw01 kernel: [ 9156.887023] device tapc3e26576-f1 entered promiscuous mode
Sep 29 20:39:58 gtw01 systemd-udevd[21131]: Could not generate persistent MAC address for tapc3e26576-f1: No such file or directory
Sep 29 20:39:58 gtw01 systemd-udevd[21131]: Process '/sbin/ip link set tapc3e26576-f1 txqueuelen 10000' failed with exit code 1.
Sep 29 20:39:58 gtw01 systemd-udevd[21205]: Process '/sbin/ip link set tapc3e26576-f1 txqueuelen 10000' failed with exit code 1.
Sep 29 20:40:00 gtw01 systemd-udevd[21272]: Could not generate persistent MAC address for tap4953fdcb-3a: No such file or directory
Sep 29 20:40:00 gtw01 kernel: [ 9158.720493] device tap4953fdcb-3a entered promiscuous mode
Sep 29 20:40:00 gtw01 kernel: [ 9158.768468] device tapbc349fab-e5 entered promiscuous mode
Sep 29 20:40:00 gtw01 systemd-udevd[21325]: Could not generate persistent MAC address for tapbc349fab-e5: No such file or directory
Sep 29 20:40:00 gtw01 systemd-udevd[21378]: Process '/sbin/ip link set tap4953fdcb-3a txqueuelen 10000' failed with exit code 1.
Sep 29 20:40:00 gtw01 systemd-udevd[21422]: Process '/sbin/ip link set tapbc349fab-e5 txqueuelen 10000' failed with exit code 1.
Sep 29 20:40:02 gtw01 kernel: [ 9160.389377] device tapdfbe8887-c6 entered promiscuous mode
Sep 29 20:40:02 gtw01 systemd-udevd[21501]: Could not generate persistent MAC address for tapdfbe8887-c6: No such file or directory
Sep 29 20:40:02 gtw01 systemd-udevd[21573]: Process '/sbin/ip link set tapdfbe8887-c6 txqueuelen 10000' failed with exit code 1.
Sep 29 20:40:03 gtw01 dnsmasq[21628]: started, version 2.80 cachesize 150
Sep 29 20:40:03 gtw01 dnsmasq[21628]: DNS service limited to local subnets
Sep 29 20:40:03 gtw01 dnsmasq[21628]: compile time options: IPv6 GNU-getopt DBus i18n IDN DHCP DHCPv6 no-Lua TFTP conntrack ipset auth DNSSEC loop-detect inotify dumpfile
Sep 29 20:40:03 gtw01 dnsmasq[21628]: warning: no upstream servers configured
Sep 29 20:40:03 gtw01 dnsmasq-dhcp[21628]: DHCP, static leases only on 192.168.120.0, lease time 1h
Sep 29 20:40:03 gtw01 dnsmasq[21628]: read /var/lib/neutron/dhcp/e40a52b4-b163-4f5c-a479-014baf15cebc/addn_hosts - 1 addresses
Sep 29 20:40:03 gtw01 dnsmasq-dhcp[21628]: read /var/lib/neutron/dhcp/e40a52b4-b163-4f5c-a479-014baf15cebc/host
Sep 29 20:40:03 gtw01 dnsmasq-dhcp[21628]: read /var/lib/neutron/dhcp/e40a52b4-b163-4f5c-a479-014baf15cebc/opts
Sep 29 20:40:03 gtw01 haproxy-metadata-proxy-e40a52b4-b163-4f5c-a479-014baf15cebc[21640]: Proxy listener started.
Sep 29 20:40:04 gtw01 dnsmasq[21628]: read /var/lib/neutron/dhcp/e40a52b4-b163-4f5c-a479-014baf15cebc/addn_hosts - 1 addresses
Sep 29 20:40:04 gtw01 dnsmasq-dhcp[21628]: read /var/lib/neutron/dhcp/e40a52b4-b163-4f5c-a479-014baf15cebc/host
Sep 29 20:40:05 gtw01 dnsmasq-dhcp[21628]: read /var/lib/neutron/dhcp/e40a52b4-b163-4f5c-a479-014baf15cebc/opts
Sep 29 20:40:05 gtw01 dnsmasq[21722]: started, version 2.80 cachesize 150
Sep 29 20:40:05 gtw01 dnsmasq[21722]: DNS service limited to local subnets
Sep 29 20:40:05 gtw01 dnsmasq[21722]: compile time options: IPv6 GNU-getopt DBus i18n IDN DHCP DHCPv6 no-Lua TFTP conntrack ipset auth DNSSEC loop-detect inotify dumpfile
Sep 29 20:40:05 gtw01 dnsmasq[21722]: warning: no upstream servers configured
Sep 29 20:40:05 gtw01 dnsmasq-dhcp[21722]: DHCP, static leases only on 192.168.120.0, lease time 1h
Sep 29 20:40:05 gtw01 dnsmasq[21722]: read /var/lib/neutron/dhcp/e1dc960d-12d2-4f3e-b47b-2f7dd665ed93/addn_hosts - 1 addresses
Sep 29 20:40:05 gtw01 dnsmasq-dhcp[21722]: read /var/lib/neutron/dhcp/e1dc960d-12d2-4f3e-b47b-2f7dd665ed93/host
Sep 29 20:40:05 gtw01 dnsmasq-dhcp[21722]: read /var/lib/neutron/dhcp/e1dc960d-12d2-4f3e-b47b-2f7dd665ed93/opts
Sep 29 20:40:05 gtw01 dnsmasq[21733]: started, version 2.80 cachesize 150
Sep 29 20:40:05 gtw01 dnsmasq[21733]: DNS service limited to local subnets
Sep 29 20:40:05 gtw01 dnsmasq[21733]: compile time options: IPv6 GNU-getopt DBus i18n IDN DHCP DHCPv6 no-Lua TFTP conntrack ipset auth DNSSEC loop-detect inotify dumpfile
Sep 29 20:40:05 gtw01 dnsmasq[21733]: warning: no upstream servers configured
Sep 29 20:40:05 gtw01 dnsmasq-dhcp[21733]: DHCP, static leases only on 192.168.120.0, lease time 1h
Sep 29 20:40:05 gtw01 dnsmasq[21733]: read /var/lib/neutron/dhcp/532e47f1-7740-41af-aa90-530a4ce2d1b7/addn_hosts - 1 addresses
Sep 29 20:40:05 gtw01 dnsmasq-dhcp[21733]: read /var/lib/neutron/dhcp/532e47f1-7740-41af-aa90-530a4ce2d1b7/host
Sep 29 20:40:05 gtw01 dnsmasq-dhcp[21733]: read /var/lib/neutron/dhcp/532e47f1-7740-41af-aa90-530a4ce2d1b7/opts
Sep 29 20:40:06 gtw01 haproxy-metadata-proxy-e1dc960d-12d2-4f3e-b47b-2f7dd665ed93[21743]: Proxy listener started.
Sep 29 20:40:06 gtw01 haproxy-metadata-proxy-532e47f1-7740-41af-aa90-530a4ce2d1b7[21759]: Proxy listener started.
Sep 29 20:40:06 gtw01 dnsmasq[21628]: read /var/lib/neutron/dhcp/e40a52b4-b163-4f5c-a479-014baf15cebc/addn_hosts - 1 addresses
Sep 29 20:40:06 gtw01 dnsmasq-dhcp[21628]: read /var/lib/neutron/dhcp/e40a52b4-b163-4f5c-a479-014baf15cebc/host
Sep 29 20:40:06 gtw01 dnsmasq-dhcp[21628]: read /var/lib/neutron/dhcp/e40a52b4-b163-4f5c-a479-014baf15cebc/opts
Sep 29 20:40:07 gtw01 dnsmasq[21722]: read /var/lib/neutron/dhcp/e1dc960d-12d2-4f3e-b47b-2f7dd665ed93/addn_hosts - 1 addresses
Sep 29 20:40:07 gtw01 dnsmasq-dhcp[21722]: read /var/lib/neutron/dhcp/e1dc960d-12d2-4f3e-b47b-2f7dd665ed93/host
Sep 29 20:40:07 gtw01 dnsmasq-dhcp[21722]: read /var/lib/neutron/dhcp/e1dc960d-12d2-4f3e-b47b-2f7dd665ed93/opts
Sep 29 20:40:07 gtw01 dnsmasq[21807]: started, version 2.80 cachesize 150
Sep 29 20:40:07 gtw01 dnsmasq[21807]: DNS service limited to local subnets
Sep 29 20:40:07 gtw01 dnsmasq[21807]: compile time options: IPv6 GNU-getopt DBus i18n IDN DHCP DHCPv6 no-Lua TFTP conntrack ipset auth DNSSEC loop-detect inotify dumpfile
Sep 29 20:40:07 gtw01 dnsmasq[21807]: warning: no upstream servers configured
Sep 29 20:40:07 gtw01 dnsmasq-dhcp[21807]: DHCP, static leases only on 192.168.120.0, lease time 1h
Sep 29 20:40:07 gtw01 dnsmasq[21807]: read /var/lib/neutron/dhcp/861ea631-58f5-452d-89e3-b30be96d2a73/addn_hosts - 1 addresses
Sep 29 20:40:07 gtw01 dnsmasq-dhcp[21807]: read /var/lib/neutron/dhcp/861ea631-58f5-452d-89e3-b30be96d2a73/host
Sep 29 20:40:07 gtw01 dnsmasq-dhcp[21807]: read /var/lib/neutron/dhcp/861ea631-58f5-452d-89e3-b30be96d2a73/opts
Sep 29 20:40:07 gtw01 kernel: [ 9165.885392] device tapa9365f6b-10 entered promiscuous mode
Sep 29 20:40:07 gtw01 systemd-udevd[21813]: Could not generate persistent MAC address for tapa9365f6b-10: No such file or directory
Sep 29 20:40:07 gtw01 systemd-udevd[21884]: Process '/sbin/ip link set tapa9365f6b-10 txqueuelen 10000' failed with exit code 1.
Sep 29 20:40:07 gtw01 dnsmasq[21733]: read /var/lib/neutron/dhcp/532e47f1-7740-41af-aa90-530a4ce2d1b7/addn_hosts - 1 addresses
Sep 29 20:40:07 gtw01 dnsmasq-dhcp[21733]: read /var/lib/neutron/dhcp/532e47f1-7740-41af-aa90-530a4ce2d1b7/host
Sep 29 20:40:07 gtw01 dnsmasq-dhcp[21733]: read /var/lib/neutron/dhcp/532e47f1-7740-41af-aa90-530a4ce2d1b7/opts
Sep 29 20:40:08 gtw01 haproxy-metadata-proxy-861ea631-58f5-452d-89e3-b30be96d2a73[21906]: Proxy listener started.
Sep 29 20:40:08 gtw01 dnsmasq[21628]: read /var/lib/neutron/dhcp/e40a52b4-b163-4f5c-a479-014baf15cebc/addn_hosts - 1 addresses
Sep 29 20:40:08 gtw01 dnsmasq-dhcp[21628]: read /var/lib/neutron/dhcp/e40a52b4-b163-4f5c-a479-014baf15cebc/host
Sep 29 20:40:08 gtw01 dnsmasq-dhcp[21628]: read /var/lib/neutron/dhcp/e40a52b4-b163-4f5c-a479-014baf15cebc/opts
Sep 29 20:40:09 gtw01 dnsmasq[21722]: read /var/lib/neutron/dhcp/e1dc960d-12d2-4f3e-b47b-2f7dd665ed93/addn_hosts - 1 addresses
Sep 29 20:40:09 gtw01 dnsmasq-dhcp[21722]: read /var/lib/neutron/dhcp/e1dc960d-12d2-4f3e-b47b-2f7dd665ed93/host
Sep 29 20:40:09 gtw01 dnsmasq-dhcp[21722]: read /var/lib/neutron/dhcp/e1dc960d-12d2-4f3e-b47b-2f7dd665ed93/opts
Sep 29 20:40:09 gtw01 dnsmasq[21807]: read /var/lib/neutron/dhcp/861ea631-58f5-452d-89e3-b30be96d2a73/addn_hosts - 2 addresses
Sep 29 20:40:09 gtw01 dnsmasq-dhcp[21807]: read /var/lib/neutron/dhcp/861ea631-58f5-452d-89e3-b30be96d2a73/host
Sep 29 20:40:09 gtw01 dnsmasq-dhcp[21807]: read /var/lib/neutron/dhcp/861ea631-58f5-452d-89e3-b30be96d2a73/opts
Sep 29 20:40:09 gtw01 dnsmasq[21733]: read /var/lib/neutron/dhcp/532e47f1-7740-41af-aa90-530a4ce2d1b7/addn_hosts - 1 addresses
Sep 29 20:40:09 gtw01 dnsmasq-dhcp[21733]: read /var/lib/neutron/dhcp/532e47f1-7740-41af-aa90-530a4ce2d1b7/host
Sep 29 20:40:09 gtw01 dnsmasq-dhcp[21733]: read /var/lib/neutron/dhcp/532e47f1-7740-41af-aa90-530a4ce2d1b7/opts
Sep 29 20:40:11 gtw01 dnsmasq[21807]: read /var/lib/neutron/dhcp/861ea631-58f5-452d-89e3-b30be96d2a73/addn_hosts - 2 addresses
Sep 29 20:40:11 gtw01 dnsmasq-dhcp[21807]: read /var/lib/neutron/dhcp/861ea631-58f5-452d-89e3-b30be96d2a73/host
Sep 29 20:40:11 gtw01 dnsmasq-dhcp[21807]: read /var/lib/neutron/dhcp/861ea631-58f5-452d-89e3-b30be96d2a73/opts
Sep 29 20:40:11 gtw01 dnsmasq[21733]: read /var/lib/neutron/dhcp/532e47f1-7740-41af-aa90-530a4ce2d1b7/addn_hosts - 2 addresses
Sep 29 20:40:11 gtw01 dnsmasq-dhcp[21733]: read /var/lib/neutron/dhcp/532e47f1-7740-41af-aa90-530a4ce2d1b7/host
Sep 29 20:40:11 gtw01 dnsmasq-dhcp[21733]: read /var/lib/neutron/dhcp/532e47f1-7740-41af-aa90-530a4ce2d1b7/opts
Sep 29 20:40:12 gtw01 dnsmasq[21733]: read /var/lib/neutron/dhcp/532e47f1-7740-41af-aa90-530a4ce2d1b7/addn_hosts - 2 addresses
Sep 29 20:40:12 gtw01 dnsmasq-dhcp[21733]: read /var/lib/neutron/dhcp/532e47f1-7740-41af-aa90-530a4ce2d1b7/host
Sep 29 20:40:12 gtw01 dnsmasq-dhcp[21733]: read /var/lib/neutron/dhcp/532e47f1-7740-41af-aa90-530a4ce2d1b7/opts
Sep 29 20:40:12 gtw01 dnsmasq[21807]: read /var/lib/neutron/dhcp/861ea631-58f5-452d-89e3-b30be96d2a73/addn_hosts - 2 addresses
Sep 29 20:40:12 gtw01 dnsmasq-dhcp[21807]: read /var/lib/neutron/dhcp/861ea631-58f5-452d-89e3-b30be96d2a73/host
Sep 29 20:40:12 gtw01 dnsmasq-dhcp[21807]: read /var/lib/neutron/dhcp/861ea631-58f5-452d-89e3-b30be96d2a73/opts
Sep 29 20:40:12 gtw01 dnsmasq[22090]: started, version 2.80 cachesize 150
Sep 29 20:40:12 gtw01 dnsmasq[22090]: DNS service limited to local subnets
Sep 29 20:40:12 gtw01 dnsmasq[22090]: compile time options: IPv6 GNU-getopt DBus i18n IDN DHCP DHCPv6 no-Lua TFTP conntrack ipset auth DNSSEC loop-detect inotify dumpfile
Sep 29 20:40:12 gtw01 dnsmasq[22090]: warning: no upstream servers configured
Sep 29 20:40:12 gtw01 dnsmasq-dhcp[22090]: DHCP, static leases only on 192.168.120.0, lease time 1h
Sep 29 20:40:12 gtw01 dnsmasq[22090]: read /var/lib/neutron/dhcp/92d0c14c-15fe-442d-a921-83c976f1f781/addn_hosts - 1 addresses
Sep 29 20:40:12 gtw01 dnsmasq-dhcp[22090]: read /var/lib/neutron/dhcp/92d0c14c-15fe-442d-a921-83c976f1f781/host
Sep 29 20:40:12 gtw01 dnsmasq-dhcp[22090]: read /var/lib/neutron/dhcp/92d0c14c-15fe-442d-a921-83c976f1f781/opts
Sep 29 20:40:13 gtw01 haproxy-metadata-proxy-92d0c14c-15fe-442d-a921-83c976f1f781[22102]: Proxy listener started.
Sep 29 20:40:13 gtw01 dnsmasq[21807]: read /var/lib/neutron/dhcp/861ea631-58f5-452d-89e3-b30be96d2a73/addn_hosts - 2 addresses
Sep 29 20:40:13 gtw01 dnsmasq-dhcp[21807]: read /var/lib/neutron/dhcp/861ea631-58f5-452d-89e3-b30be96d2a73/host
Sep 29 20:40:13 gtw01 dnsmasq-dhcp[21807]: read /var/lib/neutron/dhcp/861ea631-58f5-452d-89e3-b30be96d2a73/opts
Sep 29 20:40:13 gtw01 dnsmasq[21733]: read /var/lib/neutron/dhcp/532e47f1-7740-41af-aa90-530a4ce2d1b7/addn_hosts - 2 addresses
Sep 29 20:40:13 gtw01 dnsmasq-dhcp[21733]: read /var/lib/neutron/dhcp/532e47f1-7740-41af-aa90-530a4ce2d1b7/host
Sep 29 20:40:13 gtw01 dnsmasq-dhcp[21733]: read /var/lib/neutron/dhcp/532e47f1-7740-41af-aa90-530a4ce2d1b7/opts
Sep 29 20:40:14 gtw01 dnsmasq[22090]: read /var/lib/neutron/dhcp/92d0c14c-15fe-442d-a921-83c976f1f781/addn_hosts - 2 addresses
Sep 29 20:40:14 gtw01 dnsmasq-dhcp[22090]: read /var/lib/neutron/dhcp/92d0c14c-15fe-442d-a921-83c976f1f781/host
Sep 29 20:40:14 gtw01 dnsmasq-dhcp[22090]: read /var/lib/neutron/dhcp/92d0c14c-15fe-442d-a921-83c976f1f781/opts
Sep 29 20:40:15 gtw01 dnsmasq[21807]: read /var/lib/neutron/dhcp/861ea631-58f5-452d-89e3-b30be96d2a73/addn_hosts - 3 addresses
Sep 29 20:40:15 gtw01 dnsmasq-dhcp[21807]: read /var/lib/neutron/dhcp/861ea631-58f5-452d-89e3-b30be96d2a73/host
Sep 29 20:40:15 gtw01 dnsmasq-dhcp[21807]: read /var/lib/neutron/dhcp/861ea631-58f5-452d-89e3-b30be96d2a73/opts
Sep 29 20:40:15 gtw01 dnsmasq[22090]: read /var/lib/neutron/dhcp/92d0c14c-15fe-442d-a921-83c976f1f781/addn_hosts - 2 addresses
Sep 29 20:40:15 gtw01 dnsmasq-dhcp[22090]: read /var/lib/neutron/dhcp/92d0c14c-15fe-442d-a921-83c976f1f781/host
Sep 29 20:40:15 gtw01 dnsmasq-dhcp[22090]: read /var/lib/neutron/dhcp/92d0c14c-15fe-442d-a921-83c976f1f781/opts
Sep 29 20:40:16 gtw01 dnsmasq[22220]: started, version 2.80 cachesize 150
Sep 29 20:40:16 gtw01 dnsmasq[22220]: DNS service limited to local subnets
Sep 29 20:40:16 gtw01 dnsmasq[22220]: compile time options: IPv6 GNU-getopt DBus i18n IDN DHCP DHCPv6 no-Lua TFTP conntrack ipset auth DNSSEC loop-detect inotify dumpfile
Sep 29 20:40:16 gtw01 dnsmasq[22220]: warning: no upstream servers configured
Sep 29 20:40:16 gtw01 dnsmasq-dhcp[22220]: DHCP, static leases only on 192.168.120.16, lease time 1h
Sep 29 20:40:16 gtw01 dnsmasq-dhcp[22220]: DHCP, static leases only on 192.168.120.0, lease time 1h
Sep 29 20:40:16 gtw01 dnsmasq[22220]: read /var/lib/neutron/dhcp/e1dc960d-12d2-4f3e-b47b-2f7dd665ed93/addn_hosts - 2 addresses
Sep 29 20:40:16 gtw01 dnsmasq-dhcp[22220]: read /var/lib/neutron/dhcp/e1dc960d-12d2-4f3e-b47b-2f7dd665ed93/host
Sep 29 20:40:16 gtw01 dnsmasq-dhcp[22220]: read /var/lib/neutron/dhcp/e1dc960d-12d2-4f3e-b47b-2f7dd665ed93/opts
Sep 29 20:40:17 gtw01 dnsmasq[22090]: read /var/lib/neutron/dhcp/92d0c14c-15fe-442d-a921-83c976f1f781/addn_hosts - 2 addresses
Sep 29 20:40:17 gtw01 dnsmasq-dhcp[22090]: read /var/lib/neutron/dhcp/92d0c14c-15fe-442d-a921-83c976f1f781/host
Sep 29 20:40:17 gtw01 dnsmasq-dhcp[22090]: read /var/lib/neutron/dhcp/92d0c14c-15fe-442d-a921-83c976f1f781/opts
Sep 29 20:40:18 gtw01 dnsmasq[22090]: read /var/lib/neutron/dhcp/92d0c14c-15fe-442d-a921-83c976f1f781/addn_hosts - 2 addresses
Sep 29 20:40:18 gtw01 dnsmasq-dhcp[22090]: read /var/lib/neutron/dhcp/92d0c14c-15fe-442d-a921-83c976f1f781/host
Sep 29 20:40:18 gtw01 dnsmasq-dhcp[22090]: read /var/lib/neutron/dhcp/92d0c14c-15fe-442d-a921-83c976f1f781/opts
Sep 29 20:40:19 gtw01 dnsmasq[22090]: read /var/lib/neutron/dhcp/92d0c14c-15fe-442d-a921-83c976f1f781/addn_hosts - 2 addresses
Sep 29 20:40:19 gtw01 dnsmasq-dhcp[22090]: read /var/lib/neutron/dhcp/92d0c14c-15fe-442d-a921-83c976f1f781/host
Sep 29 20:40:19 gtw01 dnsmasq-dhcp[22090]: read /var/lib/neutron/dhcp/92d0c14c-15fe-442d-a921-83c976f1f781/opts
Sep 29 20:40:19 gtw01 dnsmasq[21733]: read /var/lib/neutron/dhcp/532e47f1-7740-41af-aa90-530a4ce2d1b7/addn_hosts - 1 addresses
Sep 29 20:40:19 gtw01 dnsmasq-dhcp[21733]: read /var/lib/neutron/dhcp/532e47f1-7740-41af-aa90-530a4ce2d1b7/host
Sep 29 20:40:19 gtw01 dnsmasq-dhcp[21733]: read /var/lib/neutron/dhcp/532e47f1-7740-41af-aa90-530a4ce2d1b7/opts
Sep 29 20:40:20 gtw01 dnsmasq[22342]: started, version 2.80 cachesize 150
Sep 29 20:40:20 gtw01 dnsmasq[22342]: DNS service limited to local subnets
Sep 29 20:40:20 gtw01 dnsmasq[22342]: compile time options: IPv6 GNU-getopt DBus i18n IDN DHCP DHCPv6 no-Lua TFTP conntrack ipset auth DNSSEC loop-detect inotify dumpfile
Sep 29 20:40:20 gtw01 dnsmasq[22342]: warning: no upstream servers configured
