Sep 29 19:36:44 gtw01 dnsmasq-dhcp[10221]: read /var/lib/neutron/dhcp/69fc530c-5d7f-40a1-9941-7e8e0f3d4d69/host
Sep 29 19:36:44 gtw01 dnsmasq-dhcp[10221]: read /var/lib/neutron/dhcp/69fc530c-5d7f-40a1-9941-7e8e0f3d4d69/opts
Sep 29 19:36:45 gtw01 dnsmasq[10221]: read /var/lib/neutron/dhcp/69fc530c-5d7f-40a1-9941-7e8e0f3d4d69/addn_hosts - 6 addresses
Sep 29 19:36:45 gtw01 dnsmasq-dhcp[10221]: read /var/lib/neutron/dhcp/69fc530c-5d7f-40a1-9941-7e8e0f3d4d69/host
Sep 29 19:36:45 gtw01 dnsmasq-dhcp[10221]: read /var/lib/neutron/dhcp/69fc530c-5d7f-40a1-9941-7e8e0f3d4d69/opts
Sep 29 19:36:46 gtw01 dnsmasq[10221]: read /var/lib/neutron/dhcp/69fc530c-5d7f-40a1-9941-7e8e0f3d4d69/addn_hosts - 7 addresses
Sep 29 19:36:46 gtw01 dnsmasq-dhcp[10221]: read /var/lib/neutron/dhcp/69fc530c-5d7f-40a1-9941-7e8e0f3d4d69/host
Sep 29 19:36:46 gtw01 dnsmasq-dhcp[10221]: read /var/lib/neutron/dhcp/69fc530c-5d7f-40a1-9941-7e8e0f3d4d69/opts
Sep 29 19:36:47 gtw01 dnsmasq[10221]: read /var/lib/neutron/dhcp/69fc530c-5d7f-40a1-9941-7e8e0f3d4d69/addn_hosts - 7 addresses
Sep 29 19:36:47 gtw01 dnsmasq-dhcp[10221]: read /var/lib/neutron/dhcp/69fc530c-5d7f-40a1-9941-7e8e0f3d4d69/host
Sep 29 19:36:47 gtw01 dnsmasq-dhcp[10221]: read /var/lib/neutron/dhcp/69fc530c-5d7f-40a1-9941-7e8e0f3d4d69/opts
Sep 29 19:36:47 gtw01 dnsmasq[10221]: read /var/lib/neutron/dhcp/69fc530c-5d7f-40a1-9941-7e8e0f3d4d69/addn_hosts - 8 addresses
Sep 29 19:36:47 gtw01 dnsmasq-dhcp[10221]: read /var/lib/neutron/dhcp/69fc530c-5d7f-40a1-9941-7e8e0f3d4d69/host
Sep 29 19:36:47 gtw01 dnsmasq-dhcp[10221]: read /var/lib/neutron/dhcp/69fc530c-5d7f-40a1-9941-7e8e0f3d4d69/opts
Sep 29 19:36:48 gtw01 dnsmasq[10221]: read /var/lib/neutron/dhcp/69fc530c-5d7f-40a1-9941-7e8e0f3d4d69/addn_hosts - 8 addresses
Sep 29 19:36:48 gtw01 dnsmasq-dhcp[10221]: read /var/lib/neutron/dhcp/69fc530c-5d7f-40a1-9941-7e8e0f3d4d69/host
Sep 29 19:36:48 gtw01 dnsmasq-dhcp[10221]: read /var/lib/neutron/dhcp/69fc530c-5d7f-40a1-9941-7e8e0f3d4d69/opts
Sep 29 19:36:49 gtw01 dnsmasq[10221]: read /var/lib/neutron/dhcp/69fc530c-5d7f-40a1-9941-7e8e0f3d4d69/addn_hosts - 8 addresses
Sep 29 19:36:49 gtw01 dnsmasq-dhcp[10221]: read /var/lib/neutron/dhcp/69fc530c-5d7f-40a1-9941-7e8e0f3d4d69/host
Sep 29 19:36:49 gtw01 dnsmasq-dhcp[10221]: read /var/lib/neutron/dhcp/69fc530c-5d7f-40a1-9941-7e8e0f3d4d69/opts
Sep 29 19:36:50 gtw01 dnsmasq[10221]: read /var/lib/neutron/dhcp/69fc530c-5d7f-40a1-9941-7e8e0f3d4d69/addn_hosts - 8 addresses
Sep 29 19:36:50 gtw01 dnsmasq-dhcp[10221]: read /var/lib/neutron/dhcp/69fc530c-5d7f-40a1-9941-7e8e0f3d4d69/host
Sep 29 19:36:50 gtw01 dnsmasq-dhcp[10221]: read /var/lib/neutron/dhcp/69fc530c-5d7f-40a1-9941-7e8e0f3d4d69/opts
Sep 29 19:36:51 gtw01 dnsmasq[10221]: read /var/lib/neutron/dhcp/69fc530c-5d7f-40a1-9941-7e8e0f3d4d69/addn_hosts - 8 addresses
Sep 29 19:36:51 gtw01 dnsmasq-dhcp[10221]: read /var/lib/neutron/dhcp/69fc530c-5d7f-40a1-9941-7e8e0f3d4d69/host
Sep 29 19:36:51 gtw01 dnsmasq-dhcp[10221]: read /var/lib/neutron/dhcp/69fc530c-5d7f-40a1-9941-7e8e0f3d4d69/opts
Sep 29 19:36:52 gtw01 dnsmasq[10221]: read /var/lib/neutron/dhcp/69fc530c-5d7f-40a1-9941-7e8e0f3d4d69/addn_hosts - 8 addresses
Sep 29 19:36:52 gtw01 dnsmasq-dhcp[10221]: read /var/lib/neutron/dhcp/69fc530c-5d7f-40a1-9941-7e8e0f3d4d69/host
Sep 29 19:36:52 gtw01 dnsmasq-dhcp[10221]: read /var/lib/neutron/dhcp/69fc530c-5d7f-40a1-9941-7e8e0f3d4d69/opts
Sep 29 19:36:53 gtw01 dnsmasq[10221]: read /var/lib/neutron/dhcp/69fc530c-5d7f-40a1-9941-7e8e0f3d4d69/addn_hosts - 8 addresses
Sep 29 19:36:53 gtw01 dnsmasq-dhcp[10221]: read /var/lib/neutron/dhcp/69fc530c-5d7f-40a1-9941-7e8e0f3d4d69/host
Sep 29 19:36:53 gtw01 dnsmasq-dhcp[10221]: read /var/lib/neutron/dhcp/69fc530c-5d7f-40a1-9941-7e8e0f3d4d69/opts
Sep 29 19:36:54 gtw01 dnsmasq[10221]: read /var/lib/neutron/dhcp/69fc530c-5d7f-40a1-9941-7e8e0f3d4d69/addn_hosts - 8 addresses
Sep 29 19:36:54 gtw01 dnsmasq-dhcp[10221]: read /var/lib/neutron/dhcp/69fc530c-5d7f-40a1-9941-7e8e0f3d4d69/host
Sep 29 19:36:54 gtw01 dnsmasq-dhcp[10221]: read /var/lib/neutron/dhcp/69fc530c-5d7f-40a1-9941-7e8e0f3d4d69/opts
Sep 29 19:36:55 gtw01 dnsmasq[10221]: read /var/lib/neutron/dhcp/69fc530c-5d7f-40a1-9941-7e8e0f3d4d69/addn_hosts - 7 addresses
Sep 29 19:36:55 gtw01 dnsmasq-dhcp[10221]: read /var/lib/neutron/dhcp/69fc530c-5d7f-40a1-9941-7e8e0f3d4d69/host
Sep 29 19:36:55 gtw01 dnsmasq-dhcp[10221]: read /var/lib/neutron/dhcp/69fc530c-5d7f-40a1-9941-7e8e0f3d4d69/opts
Sep 29 19:36:56 gtw01 dnsmasq[10221]: read /var/lib/neutron/dhcp/69fc530c-5d7f-40a1-9941-7e8e0f3d4d69/addn_hosts - 6 addresses
Sep 29 19:36:56 gtw01 dnsmasq-dhcp[10221]: read /var/lib/neutron/dhcp/69fc530c-5d7f-40a1-9941-7e8e0f3d4d69/host
Sep 29 19:36:56 gtw01 dnsmasq-dhcp[10221]: read /var/lib/neutron/dhcp/69fc530c-5d7f-40a1-9941-7e8e0f3d4d69/opts
Sep 29 19:36:57 gtw01 dnsmasq[10221]: read /var/lib/neutron/dhcp/69fc530c-5d7f-40a1-9941-7e8e0f3d4d69/addn_hosts - 5 addresses
Sep 29 19:36:57 gtw01 dnsmasq-dhcp[10221]: read /var/lib/neutron/dhcp/69fc530c-5d7f-40a1-9941-7e8e0f3d4d69/host
Sep 29 19:36:57 gtw01 dnsmasq-dhcp[10221]: read /var/lib/neutron/dhcp/69fc530c-5d7f-40a1-9941-7e8e0f3d4d69/opts
Sep 29 19:36:58 gtw01 dnsmasq[10221]: read /var/lib/neutron/dhcp/69fc530c-5d7f-40a1-9941-7e8e0f3d4d69/addn_hosts - 4 addresses
Sep 29 19:36:58 gtw01 dnsmasq-dhcp[10221]: read /var/lib/neutron/dhcp/69fc530c-5d7f-40a1-9941-7e8e0f3d4d69/host
Sep 29 19:36:58 gtw01 dnsmasq-dhcp[10221]: read /var/lib/neutron/dhcp/69fc530c-5d7f-40a1-9941-7e8e0f3d4d69/opts
Sep 29 19:37:00 gtw01 dnsmasq[10221]: read /var/lib/neutron/dhcp/69fc530c-5d7f-40a1-9941-7e8e0f3d4d69/addn_hosts - 3 addresses
Sep 29 19:37:00 gtw01 dnsmasq-dhcp[10221]: read /var/lib/neutron/dhcp/69fc530c-5d7f-40a1-9941-7e8e0f3d4d69/host
Sep 29 19:37:00 gtw01 dnsmasq-dhcp[10221]: read /var/lib/neutron/dhcp/69fc530c-5d7f-40a1-9941-7e8e0f3d4d69/opts
Sep 29 19:37:01 gtw01 dnsmasq[10221]: read /var/lib/neutron/dhcp/69fc530c-5d7f-40a1-9941-7e8e0f3d4d69/addn_hosts - 2 addresses
Sep 29 19:37:01 gtw01 dnsmasq-dhcp[10221]: read /var/lib/neutron/dhcp/69fc530c-5d7f-40a1-9941-7e8e0f3d4d69/host
Sep 29 19:37:01 gtw01 dnsmasq-dhcp[10221]: read /var/lib/neutron/dhcp/69fc530c-5d7f-40a1-9941-7e8e0f3d4d69/opts
Sep 29 19:37:03 gtw01 kernel: [ 5381.810245] device tap44ed35da-3f entered promiscuous mode
Sep 29 19:37:03 gtw01 systemd-udevd[10713]: Could not generate persistent MAC address for tap44ed35da-3f: No such file or directory
Sep 29 19:37:03 gtw01 systemd-udevd[10713]: Process '/sbin/ip link set tap44ed35da-3f txqueuelen 10000' failed with exit code 1.
Sep 29 19:37:03 gtw01 systemd-udevd[10788]: Process '/sbin/ip link set tap44ed35da-3f txqueuelen 10000' failed with exit code 1.
Sep 29 19:37:07 gtw01 dnsmasq[10855]: started, version 2.80 cachesize 150
Sep 29 19:37:07 gtw01 dnsmasq[10855]: DNS service limited to local subnets
Sep 29 19:37:07 gtw01 dnsmasq[10855]: compile time options: IPv6 GNU-getopt DBus i18n IDN DHCP DHCPv6 no-Lua TFTP conntrack ipset auth DNSSEC loop-detect inotify dumpfile
Sep 29 19:37:07 gtw01 dnsmasq[10855]: warning: no upstream servers configured
Sep 29 19:37:07 gtw01 dnsmasq-dhcp[10855]: DHCP, static leases only on 192.168.120.0, lease time 1h
Sep 29 19:37:07 gtw01 dnsmasq[10855]: read /var/lib/neutron/dhcp/9243492d-061d-4a57-8ddb-c1196907eac5/addn_hosts - 1 addresses
Sep 29 19:37:07 gtw01 dnsmasq-dhcp[10855]: read /var/lib/neutron/dhcp/9243492d-061d-4a57-8ddb-c1196907eac5/host
Sep 29 19:37:07 gtw01 dnsmasq-dhcp[10855]: read /var/lib/neutron/dhcp/9243492d-061d-4a57-8ddb-c1196907eac5/opts
Sep 29 19:37:07 gtw01 dnsmasq[10221]: read /var/lib/neutron/dhcp/69fc530c-5d7f-40a1-9941-7e8e0f3d4d69/addn_hosts - 3 addresses
Sep 29 19:37:07 gtw01 dnsmasq-dhcp[10221]: read /var/lib/neutron/dhcp/69fc530c-5d7f-40a1-9941-7e8e0f3d4d69/host
Sep 29 19:37:07 gtw01 dnsmasq-dhcp[10221]: read /var/lib/neutron/dhcp/69fc530c-5d7f-40a1-9941-7e8e0f3d4d69/opts
Sep 29 19:37:07 gtw01 haproxy-metadata-proxy-9243492d-061d-4a57-8ddb-c1196907eac5[10863]: Proxy listener started.
Sep 29 19:37:08 gtw01 dnsmasq[10855]: read /var/lib/neutron/dhcp/9243492d-061d-4a57-8ddb-c1196907eac5/addn_hosts - 2 addresses
Sep 29 19:37:08 gtw01 dnsmasq-dhcp[10855]: read /var/lib/neutron/dhcp/9243492d-061d-4a57-8ddb-c1196907eac5/host
Sep 29 19:37:08 gtw01 dnsmasq-dhcp[10855]: read /var/lib/neutron/dhcp/9243492d-061d-4a57-8ddb-c1196907eac5/opts
Sep 29 19:37:08 gtw01 dnsmasq[10221]: read /var/lib/neutron/dhcp/69fc530c-5d7f-40a1-9941-7e8e0f3d4d69/addn_hosts - 3 addresses
Sep 29 19:37:08 gtw01 dnsmasq-dhcp[10221]: read /var/lib/neutron/dhcp/69fc530c-5d7f-40a1-9941-7e8e0f3d4d69/host
Sep 29 19:37:08 gtw01 dnsmasq-dhcp[10221]: read /var/lib/neutron/dhcp/69fc530c-5d7f-40a1-9941-7e8e0f3d4d69/opts
Sep 29 19:37:09 gtw01 dnsmasq[10855]: read /var/lib/neutron/dhcp/9243492d-061d-4a57-8ddb-c1196907eac5/addn_hosts - 2 addresses
Sep 29 19:37:09 gtw01 dnsmasq-dhcp[10855]: read /var/lib/neutron/dhcp/9243492d-061d-4a57-8ddb-c1196907eac5/host
Sep 29 19:37:09 gtw01 dnsmasq-dhcp[10855]: read /var/lib/neutron/dhcp/9243492d-061d-4a57-8ddb-c1196907eac5/opts
Sep 29 19:37:09 gtw01 dnsmasq[10221]: read /var/lib/neutron/dhcp/69fc530c-5d7f-40a1-9941-7e8e0f3d4d69/addn_hosts - 3 addresses
Sep 29 19:37:09 gtw01 dnsmasq-dhcp[10221]: read /var/lib/neutron/dhcp/69fc530c-5d7f-40a1-9941-7e8e0f3d4d69/host
Sep 29 19:37:09 gtw01 dnsmasq-dhcp[10221]: read /var/lib/neutron/dhcp/69fc530c-5d7f-40a1-9941-7e8e0f3d4d69/opts
Sep 29 19:37:10 gtw01 dnsmasq[10855]: read /var/lib/neutron/dhcp/9243492d-061d-4a57-8ddb-c1196907eac5/addn_hosts - 2 addresses
Sep 29 19:37:10 gtw01 dnsmasq-dhcp[10855]: read /var/lib/neutron/dhcp/9243492d-061d-4a57-8ddb-c1196907eac5/host
Sep 29 19:37:10 gtw01 dnsmasq-dhcp[10855]: read /var/lib/neutron/dhcp/9243492d-061d-4a57-8ddb-c1196907eac5/opts
Sep 29 19:37:11 gtw01 dnsmasq[10855]: read /var/lib/neutron/dhcp/9243492d-061d-4a57-8ddb-c1196907eac5/addn_hosts - 2 addresses
Sep 29 19:37:11 gtw01 dnsmasq-dhcp[10855]: read /var/lib/neutron/dhcp/9243492d-061d-4a57-8ddb-c1196907eac5/host
Sep 29 19:37:11 gtw01 dnsmasq-dhcp[10855]: read /var/lib/neutron/dhcp/9243492d-061d-4a57-8ddb-c1196907eac5/opts
Sep 29 19:37:11 gtw01 dnsmasq[10855]: read /var/lib/neutron/dhcp/9243492d-061d-4a57-8ddb-c1196907eac5/addn_hosts - 2 addresses
Sep 29 19:37:11 gtw01 dnsmasq-dhcp[10855]: read /var/lib/neutron/dhcp/9243492d-061d-4a57-8ddb-c1196907eac5/host
Sep 29 19:37:12 gtw01 dnsmasq-dhcp[10855]: read /var/lib/neutron/dhcp/9243492d-061d-4a57-8ddb-c1196907eac5/opts
Sep 29 19:37:17 gtw01 dnsmasq[10855]: read /var/lib/neutron/dhcp/9243492d-061d-4a57-8ddb-c1196907eac5/addn_hosts - 3 addresses
Sep 29 19:37:17 gtw01 dnsmasq-dhcp[10855]: read /var/lib/neutron/dhcp/9243492d-061d-4a57-8ddb-c1196907eac5/host
Sep 29 19:37:17 gtw01 dnsmasq-dhcp[10855]: read /var/lib/neutron/dhcp/9243492d-061d-4a57-8ddb-c1196907eac5/opts
Sep 29 19:37:18 gtw01 dnsmasq[10855]: read /var/lib/neutron/dhcp/9243492d-061d-4a57-8ddb-c1196907eac5/addn_hosts - 3 addresses
Sep 29 19:37:18 gtw01 dnsmasq-dhcp[10855]: read /var/lib/neutron/dhcp/9243492d-061d-4a57-8ddb-c1196907eac5/host
Sep 29 19:37:18 gtw01 dnsmasq-dhcp[10855]: read /var/lib/neutron/dhcp/9243492d-061d-4a57-8ddb-c1196907eac5/opts
Sep 29 19:37:19 gtw01 dnsmasq[10855]: read /var/lib/neutron/dhcp/9243492d-061d-4a57-8ddb-c1196907eac5/addn_hosts - 3 addresses
Sep 29 19:37:19 gtw01 dnsmasq-dhcp[10855]: read /var/lib/neutron/dhcp/9243492d-061d-4a57-8ddb-c1196907eac5/host
Sep 29 19:37:19 gtw01 dnsmasq-dhcp[10855]: read /var/lib/neutron/dhcp/9243492d-061d-4a57-8ddb-c1196907eac5/opts
Sep 29 19:37:20 gtw01 kernel: [ 5398.320789] device tap3a14fbfd-f8 entered promiscuous mode
Sep 29 19:37:20 gtw01 systemd-udevd[11048]: Could not generate persistent MAC address for tap3a14fbfd-f8: No such file or directory
Sep 29 19:37:20 gtw01 systemd-udevd[11119]: Process '/sbin/ip link set tap3a14fbfd-f8 txqueuelen 10000' failed with exit code 1.
Sep 29 19:37:20 gtw01 dnsmasq[10221]: read /var/lib/neutron/dhcp/69fc530c-5d7f-40a1-9941-7e8e0f3d4d69/addn_hosts - 2 addresses
Sep 29 19:37:20 gtw01 dnsmasq-dhcp[10221]: read /var/lib/neutron/dhcp/69fc530c-5d7f-40a1-9941-7e8e0f3d4d69/host
Sep 29 19:37:20 gtw01 dnsmasq-dhcp[10221]: read /var/lib/neutron/dhcp/69fc530c-5d7f-40a1-9941-7e8e0f3d4d69/opts
Sep 29 19:37:23 gtw01 dnsmasq[11199]: started, version 2.80 cachesize 150
Sep 29 19:37:23 gtw01 dnsmasq[11199]: DNS service limited to local subnets
Sep 29 19:37:23 gtw01 dnsmasq[11199]: compile time options: IPv6 GNU-getopt DBus i18n IDN DHCP DHCPv6 no-Lua TFTP conntrack ipset auth DNSSEC loop-detect inotify dumpfile
Sep 29 19:37:23 gtw01 dnsmasq[11199]: warning: no upstream servers configured
Sep 29 19:37:23 gtw01 dnsmasq-dhcp[11199]: DHCP, static leases only on 192.168.120.0, lease time 1h
Sep 29 19:37:23 gtw01 dnsmasq[11199]: read /var/lib/neutron/dhcp/e980ab86-88e0-438b-b43a-fa0f188b691d/addn_hosts - 1 addresses
Sep 29 19:37:23 gtw01 dnsmasq-dhcp[11199]: read /var/lib/neutron/dhcp/e980ab86-88e0-438b-b43a-fa0f188b691d/host
Sep 29 19:37:23 gtw01 dnsmasq-dhcp[11199]: read /var/lib/neutron/dhcp/e980ab86-88e0-438b-b43a-fa0f188b691d/opts
Sep 29 19:37:23 gtw01 haproxy-metadata-proxy-e980ab86-88e0-438b-b43a-fa0f188b691d[11203]: Proxy listener started.
Sep 29 19:37:24 gtw01 kernel: [ 5402.864966] device tap3a14fbfd-f8 left promiscuous mode
Sep 29 19:37:29 gtw01 systemd-udevd[11235]: Could not generate persistent MAC address for tap70e08854-39: No such file or directory
Sep 29 19:37:29 gtw01 kernel: [ 5408.156445] device tap70e08854-39 entered promiscuous mode
Sep 29 19:37:30 gtw01 systemd-udevd[11235]: Process '/sbin/ip link set tap70e08854-39 txqueuelen 10000' failed with exit code 1.
Sep 29 19:37:30 gtw01 systemd-udevd[11235]: Process '/sbin/ip link set tap70e08854-39 txqueuelen 10000' failed with exit code 1.
Sep 29 19:37:31 gtw01 systemd-udevd[11354]: Could not generate persistent MAC address for tapa164c1c9-a7: No such file or directory
Sep 29 19:37:31 gtw01 kernel: [ 5409.442310] device tapa164c1c9-a7 entered promiscuous mode
Sep 29 19:37:31 gtw01 systemd-udevd[11354]: Process '/sbin/ip link set tapa164c1c9-a7 txqueuelen 10000' failed with exit code 1.
Sep 29 19:37:32 gtw01 kernel: [ 5410.976183] device tapceaa57bf-92 entered promiscuous mode
Sep 29 19:37:32 gtw01 systemd-udevd[11499]: Could not generate persistent MAC address for tapceaa57bf-92: No such file or directory
Sep 29 19:37:32 gtw01 systemd-udevd[11566]: Process '/sbin/ip link set tapceaa57bf-92 txqueuelen 10000' failed with exit code 1.
Sep 29 19:37:33 gtw01 dnsmasq-dhcp[10855]: DHCPDISCOVER(tap44ed35da-3f) fa:16:3e:c0:7e:f7
Sep 29 19:37:33 gtw01 dnsmasq-dhcp[10855]: DHCPOFFER(tap44ed35da-3f) 192.168.120.10 fa:16:3e:c0:7e:f7
Sep 29 19:37:33 gtw01 dnsmasq-dhcp[10855]: DHCPREQUEST(tap44ed35da-3f) 192.168.120.10 fa:16:3e:c0:7e:f7
Sep 29 19:37:33 gtw01 dnsmasq-dhcp[10855]: DHCPACK(tap44ed35da-3f) 192.168.120.10 fa:16:3e:c0:7e:f7 host-192-168-120-10
Sep 29 19:37:33 gtw01 kernel: [ 5411.784137] device tap1b2dd1d1-0d entered promiscuous mode
Sep 29 19:37:33 gtw01 systemd-udevd[11610]: Could not generate persistent MAC address for tap1b2dd1d1-0d: No such file or directory
Sep 29 19:37:33 gtw01 systemd-udevd[11610]: Process '/sbin/ip link set tap1b2dd1d1-0d txqueuelen 10000' failed with exit code 1.
Sep 29 19:37:33 gtw01 systemd-udevd[11686]: Process '/sbin/ip link set tap1b2dd1d1-0d txqueuelen 10000' failed with exit code 1.
Sep 29 19:37:34 gtw01 dnsmasq[11718]: started, version 2.80 cachesize 150
Sep 29 19:37:34 gtw01 dnsmasq[11718]: DNS service limited to local subnets
Sep 29 19:37:34 gtw01 dnsmasq[11718]: compile time options: IPv6 GNU-getopt DBus i18n IDN DHCP DHCPv6 no-Lua TFTP conntrack ipset auth DNSSEC loop-detect inotify dumpfile
Sep 29 19:37:34 gtw01 dnsmasq[11718]: warning: no upstream servers configured
Sep 29 19:37:34 gtw01 dnsmasq-dhcp[11718]: DHCP, static leases only on 192.168.120.0, lease time 1h
Sep 29 19:37:34 gtw01 dnsmasq[11718]: read /var/lib/neutron/dhcp/7a4a514a-776e-49b5-bf3a-dc220c0804b1/addn_hosts - 1 addresses
Sep 29 19:37:34 gtw01 dnsmasq-dhcp[11718]: read /var/lib/neutron/dhcp/7a4a514a-776e-49b5-bf3a-dc220c0804b1/host
Sep 29 19:37:34 gtw01 dnsmasq-dhcp[11718]: read /var/lib/neutron/dhcp/7a4a514a-776e-49b5-bf3a-dc220c0804b1/opts
Sep 29 19:37:34 gtw01 haproxy-metadata-proxy-7a4a514a-776e-49b5-bf3a-dc220c0804b1[11735]: Proxy listener started.
Sep 29 19:37:35 gtw01 dnsmasq[11718]: read /var/lib/neutron/dhcp/7a4a514a-776e-49b5-bf3a-dc220c0804b1/addn_hosts - 2 addresses
Sep 29 19:37:35 gtw01 dnsmasq-dhcp[11718]: read /var/lib/neutron/dhcp/7a4a514a-776e-49b5-bf3a-dc220c0804b1/host
Sep 29 19:37:35 gtw01 dnsmasq-dhcp[11718]: read /var/lib/neutron/dhcp/7a4a514a-776e-49b5-bf3a-dc220c0804b1/opts
Sep 29 19:37:36 gtw01 dnsmasq[11798]: started, version 2.80 cachesize 150
Sep 29 19:37:36 gtw01 dnsmasq[11798]: DNS service limited to local subnets
Sep 29 19:37:36 gtw01 dnsmasq[11798]: compile time options: IPv6 GNU-getopt DBus i18n IDN DHCP DHCPv6 no-Lua TFTP conntrack ipset auth DNSSEC loop-detect inotify dumpfile
Sep 29 19:37:36 gtw01 dnsmasq[11798]: warning: no upstream servers configured
Sep 29 19:37:36 gtw01 dnsmasq-dhcp[11798]: DHCP, static leases only on 192.168.120.0, lease time 1h
Sep 29 19:37:36 gtw01 dnsmasq[11798]: read /var/lib/neutron/dhcp/677fa2fe-ba41-436e-9faa-119a216b7b11/addn_hosts - 1 addresses
Sep 29 19:37:36 gtw01 dnsmasq-dhcp[11798]: read /var/lib/neutron/dhcp/677fa2fe-ba41-436e-9faa-119a216b7b11/host
Sep 29 19:37:36 gtw01 dnsmasq-dhcp[11798]: read /var/lib/neutron/dhcp/677fa2fe-ba41-436e-9faa-119a216b7b11/opts
Sep 29 19:37:36 gtw01 haproxy-metadata-proxy-677fa2fe-ba41-436e-9faa-119a216b7b11[11814]: Proxy listener started.
Sep 29 19:37:37 gtw01 dnsmasq[11718]: read /var/lib/neutron/dhcp/7a4a514a-776e-49b5-bf3a-dc220c0804b1/addn_hosts - 2 addresses
Sep 29 19:37:37 gtw01 dnsmasq-dhcp[11718]: read /var/lib/neutron/dhcp/7a4a514a-776e-49b5-bf3a-dc220c0804b1/host
Sep 29 19:37:37 gtw01 dnsmasq-dhcp[11718]: read /var/lib/neutron/dhcp/7a4a514a-776e-49b5-bf3a-dc220c0804b1/opts
Sep 29 19:37:37 gtw01 dnsmasq[11798]: read /var/lib/neutron/dhcp/677fa2fe-ba41-436e-9faa-119a216b7b11/addn_hosts - 2 addresses
Sep 29 19:37:37 gtw01 dnsmasq-dhcp[11798]: read /var/lib/neutron/dhcp/677fa2fe-ba41-436e-9faa-119a216b7b11/host
Sep 29 19:37:37 gtw01 dnsmasq-dhcp[11798]: read /var/lib/neutron/dhcp/677fa2fe-ba41-436e-9faa-119a216b7b11/opts
Sep 29 19:37:37 gtw01 dnsmasq[11865]: started, version 2.80 cachesize 150
Sep 29 19:37:37 gtw01 dnsmasq[11865]: DNS service limited to local subnets
Sep 29 19:37:37 gtw01 dnsmasq[11865]: compile time options: IPv6 GNU-getopt DBus i18n IDN DHCP DHCPv6 no-Lua TFTP conntrack ipset auth DNSSEC loop-detect inotify dumpfile
Sep 29 19:37:37 gtw01 dnsmasq[11865]: warning: no upstream servers configured
Sep 29 19:37:37 gtw01 dnsmasq-dhcp[11865]: DHCP, static leases only on 192.168.121.0, lease time 1h
Sep 29 19:37:37 gtw01 dnsmasq[11865]: read /var/lib/neutron/dhcp/ead86181-b039-4d9c-afe9-dc928c8e3aa0/addn_hosts - 1 addresses
Sep 29 19:37:37 gtw01 dnsmasq-dhcp[11865]: read /var/lib/neutron/dhcp/ead86181-b039-4d9c-afe9-dc928c8e3aa0/host
Sep 29 19:37:37 gtw01 dnsmasq-dhcp[11865]: read /var/lib/neutron/dhcp/ead86181-b039-4d9c-afe9-dc928c8e3aa0/opts
Sep 29 19:37:38 gtw01 haproxy-metadata-proxy-ead86181-b039-4d9c-afe9-dc928c8e3aa0[11878]: Proxy listener started.
Sep 29 19:37:38 gtw01 dnsmasq[11718]: read /var/lib/neutron/dhcp/7a4a514a-776e-49b5-bf3a-dc220c0804b1/addn_hosts - 2 addresses
Sep 29 19:37:38 gtw01 dnsmasq-dhcp[11718]: read /var/lib/neutron/dhcp/7a4a514a-776e-49b5-bf3a-dc220c0804b1/host
Sep 29 19:37:38 gtw01 dnsmasq-dhcp[11718]: read /var/lib/neutron/dhcp/7a4a514a-776e-49b5-bf3a-dc220c0804b1/opts
Sep 29 19:37:38 gtw01 dnsmasq[11904]: started, version 2.80 cachesize 150
Sep 29 19:37:38 gtw01 dnsmasq[11904]: DNS service limited to local subnets
Sep 29 19:37:38 gtw01 dnsmasq[11904]: compile time options: IPv6 GNU-getopt DBus i18n IDN DHCP DHCPv6 no-Lua TFTP conntrack ipset auth DNSSEC loop-detect inotify dumpfile
Sep 29 19:37:38 gtw01 dnsmasq[11904]: warning: no upstream servers configured
Sep 29 19:37:38 gtw01 dnsmasq-dhcp[11904]: DHCP, static leases only on 192.168.120.0, lease time 1h
Sep 29 19:37:38 gtw01 dnsmasq[11904]: read /var/lib/neutron/dhcp/44ca1363-7439-41dc-89cc-a57d907e3658/addn_hosts - 1 addresses
Sep 29 19:37:38 gtw01 dnsmasq-dhcp[11904]: read /var/lib/neutron/dhcp/44ca1363-7439-41dc-89cc-a57d907e3658/host
Sep 29 19:37:38 gtw01 dnsmasq-dhcp[11904]: read /var/lib/neutron/dhcp/44ca1363-7439-41dc-89cc-a57d907e3658/opts
Sep 29 19:37:39 gtw01 haproxy-metadata-proxy-44ca1363-7439-41dc-89cc-a57d907e3658[11919]: Proxy listener started.
Sep 29 19:37:39 gtw01 dnsmasq[11798]: read /var/lib/neutron/dhcp/677fa2fe-ba41-436e-9faa-119a216b7b11/addn_hosts - 2 addresses
Sep 29 19:37:39 gtw01 dnsmasq-dhcp[11798]: read /var/lib/neutron/dhcp/677fa2fe-ba41-436e-9faa-119a216b7b11/host
Sep 29 19:37:39 gtw01 dnsmasq-dhcp[11798]: read /var/lib/neutron/dhcp/677fa2fe-ba41-436e-9faa-119a216b7b11/opts
Sep 29 19:37:39 gtw01 dnsmasq[11865]: read /var/lib/neutron/dhcp/ead86181-b039-4d9c-afe9-dc928c8e3aa0/addn_hosts - 1 addresses
Sep 29 19:37:39 gtw01 dnsmasq-dhcp[11865]: read /var/lib/neutron/dhcp/ead86181-b039-4d9c-afe9-dc928c8e3aa0/host
Sep 29 19:37:39 gtw01 dnsmasq-dhcp[11865]: read /var/lib/neutron/dhcp/ead86181-b039-4d9c-afe9-dc928c8e3aa0/opts
Sep 29 19:37:40 gtw01 dnsmasq-dhcp[11904]: DHCPRELEASE(tap1b2dd1d1-0d) 192.168.120.2 fa:16:3e:f0:27:0e
Sep 29 19:37:40 gtw01 dnsmasq[11718]: read /var/lib/neutron/dhcp/7a4a514a-776e-49b5-bf3a-dc220c0804b1/addn_hosts - 2 addresses
Sep 29 19:37:40 gtw01 dnsmasq-dhcp[11718]: read /var/lib/neutron/dhcp/7a4a514a-776e-49b5-bf3a-dc220c0804b1/host
Sep 29 19:37:40 gtw01 dnsmasq-dhcp[11718]: read /var/lib/neutron/dhcp/7a4a514a-776e-49b5-bf3a-dc220c0804b1/opts
Sep 29 19:37:40 gtw01 dnsmasq[11798]: read /var/lib/neutron/dhcp/677fa2fe-ba41-436e-9faa-119a216b7b11/addn_hosts - 2 addresses
Sep 29 19:37:40 gtw01 dnsmasq-dhcp[11798]: read /var/lib/neutron/dhcp/677fa2fe-ba41-436e-9faa-119a216b7b11/host
Sep 29 19:37:40 gtw01 dnsmasq-dhcp[11798]: read /var/lib/neutron/dhcp/677fa2fe-ba41-436e-9faa-119a216b7b11/opts
Sep 29 19:37:41 gtw01 dnsmasq[11865]: read /var/lib/neutron/dhcp/ead86181-b039-4d9c-afe9-dc928c8e3aa0/addn_hosts - 1 addresses
Sep 29 19:37:41 gtw01 dnsmasq-dhcp[11865]: read /var/lib/neutron/dhcp/ead86181-b039-4d9c-afe9-dc928c8e3aa0/host
Sep 29 19:37:41 gtw01 dnsmasq-dhcp[11865]: read /var/lib/neutron/dhcp/ead86181-b039-4d9c-afe9-dc928c8e3aa0/opts
Sep 29 19:37:41 gtw01 dnsmasq[11904]: read /var/lib/neutron/dhcp/44ca1363-7439-41dc-89cc-a57d907e3658/addn_hosts - 0 addresses
Sep 29 19:37:41 gtw01 dnsmasq-dhcp[11904]: read /var/lib/neutron/dhcp/44ca1363-7439-41dc-89cc-a57d907e3658/host
Sep 29 19:37:41 gtw01 dnsmasq-dhcp[11904]: read /var/lib/neutron/dhcp/44ca1363-7439-41dc-89cc-a57d907e3658/opts
Sep 29 19:37:42 gtw01 dnsmasq[11718]: read /var/lib/neutron/dhcp/7a4a514a-776e-49b5-bf3a-dc220c0804b1/addn_hosts - 3 addresses
Sep 29 19:37:42 gtw01 dnsmasq-dhcp[11718]: read /var/lib/neutron/dhcp/7a4a514a-776e-49b5-bf3a-dc220c0804b1/host
Sep 29 19:37:42 gtw01 dnsmasq-dhcp[11718]: read /var/lib/neutron/dhcp/7a4a514a-776e-49b5-bf3a-dc220c0804b1/opts
Sep 29 19:37:42 gtw01 dnsmasq[11798]: read /var/lib/neutron/dhcp/677fa2fe-ba41-436e-9faa-119a216b7b11/addn_hosts - 2 addresses
Sep 29 19:37:42 gtw01 dnsmasq-dhcp[11798]: read /var/lib/neutron/dhcp/677fa2fe-ba41-436e-9faa-119a216b7b11/host
Sep 29 19:37:42 gtw01 dnsmasq-dhcp[11798]: read /var/lib/neutron/dhcp/677fa2fe-ba41-436e-9faa-119a216b7b11/opts
Sep 29 19:37:43 gtw01 dnsmasq[11865]: read /var/lib/neutron/dhcp/ead86181-b039-4d9c-afe9-dc928c8e3aa0/addn_hosts - 2 addresses
Sep 29 19:37:43 gtw01 dnsmasq-dhcp[11865]: read /var/lib/neutron/dhcp/ead86181-b039-4d9c-afe9-dc928c8e3aa0/host
Sep 29 19:37:43 gtw01 dnsmasq-dhcp[11865]: read /var/lib/neutron/dhcp/ead86181-b039-4d9c-afe9-dc928c8e3aa0/opts
Sep 29 19:37:43 gtw01 kernel: [ 5421.323773] device tap1b2dd1d1-0d left promiscuous mode
Sep 29 19:37:43 gtw01 dnsmasq[11718]: read /var/lib/neutron/dhcp/7a4a514a-776e-49b5-bf3a-dc220c0804b1/addn_hosts - 3 addresses
Sep 29 19:37:43 gtw01 dnsmasq-dhcp[11718]: read /var/lib/neutron/dhcp/7a4a514a-776e-49b5-bf3a-dc220c0804b1/host
Sep 29 19:37:43 gtw01 dnsmasq-dhcp[11718]: read /var/lib/neutron/dhcp/7a4a514a-776e-49b5-bf3a-dc220c0804b1/opts
Sep 29 19:37:44 gtw01 dnsmasq[11798]: read /var/lib/neutron/dhcp/677fa2fe-ba41-436e-9faa-119a216b7b11/addn_hosts - 2 addresses
Sep 29 19:37:44 gtw01 dnsmasq-dhcp[11798]: read /var/lib/neutron/dhcp/677fa2fe-ba41-436e-9faa-119a216b7b11/host
Sep 29 19:37:44 gtw01 dnsmasq-dhcp[11798]: read /var/lib/neutron/dhcp/677fa2fe-ba41-436e-9faa-119a216b7b11/opts
Sep 29 19:37:44 gtw01 dnsmasq[11865]: read /var/lib/neutron/dhcp/ead86181-b039-4d9c-afe9-dc928c8e3aa0/addn_hosts - 2 addresses
Sep 29 19:37:44 gtw01 dnsmasq-dhcp[11865]: read /var/lib/neutron/dhcp/ead86181-b039-4d9c-afe9-dc928c8e3aa0/host
Sep 29 19:37:44 gtw01 dnsmasq-dhcp[11865]: read /var/lib/neutron/dhcp/ead86181-b039-4d9c-afe9-dc928c8e3aa0/opts
Sep 29 19:37:45 gtw01 dnsmasq[11718]: read /var/lib/neutron/dhcp/7a4a514a-776e-49b5-bf3a-dc220c0804b1/addn_hosts - 3 addresses
Sep 29 19:37:45 gtw01 dnsmasq-dhcp[11718]: read /var/lib/neutron/dhcp/7a4a514a-776e-49b5-bf3a-dc220c0804b1/host
Sep 29 19:37:45 gtw01 dnsmasq-dhcp[11718]: read /var/lib/neutron/dhcp/7a4a514a-776e-49b5-bf3a-dc220c0804b1/opts
Sep 29 19:37:45 gtw01 dnsmasq[11798]: read /var/lib/neutron/dhcp/677fa2fe-ba41-436e-9faa-119a216b7b11/addn_hosts - 1 addresses
Sep 29 19:37:45 gtw01 dnsmasq-dhcp[11798]: read /var/lib/neutron/dhcp/677fa2fe-ba41-436e-9faa-119a216b7b11/host
Sep 29 19:37:45 gtw01 dnsmasq-dhcp[11798]: read /var/lib/neutron/dhcp/677fa2fe-ba41-436e-9faa-119a216b7b11/opts
Sep 29 19:37:45 gtw01 kernel: [ 5424.119419] device tapceaa57bf-92 left promiscuous mode
Sep 29 19:37:46 gtw01 dnsmasq-dhcp[10855]: DHCPRELEASE(tap44ed35da-3f) 192.168.120.10 fa:16:3e:c0:7e:f7
Sep 29 19:37:46 gtw01 dnsmasq-dhcp[10855]: DHCPRELEASE(tap44ed35da-3f) 192.168.120.10 fa:16:3e:c0:7e:f7 unknown lease
Sep 29 19:37:46 gtw01 dnsmasq[11718]: read /var/lib/neutron/dhcp/7a4a514a-776e-49b5-bf3a-dc220c0804b1/addn_hosts - 3 addresses
Sep 29 19:37:46 gtw01 dnsmasq-dhcp[11718]: read /var/lib/neutron/dhcp/7a4a514a-776e-49b5-bf3a-dc220c0804b1/host
Sep 29 19:37:46 gtw01 dnsmasq-dhcp[11718]: read /var/lib/neutron/dhcp/7a4a514a-776e-49b5-bf3a-dc220c0804b1/opts
Sep 29 19:37:47 gtw01 kernel: [ 5425.244254] device tapa164c1c9-a7 left promiscuous mode
Sep 29 19:37:47 gtw01 dnsmasq[10855]: read /var/lib/neutron/dhcp/9243492d-061d-4a57-8ddb-c1196907eac5/addn_hosts - 2 addresses
Sep 29 19:37:47 gtw01 dnsmasq-dhcp[10855]: read /var/lib/neutron/dhcp/9243492d-061d-4a57-8ddb-c1196907eac5/host
Sep 29 19:37:47 gtw01 dnsmasq-dhcp[10855]: read /var/lib/neutron/dhcp/9243492d-061d-4a57-8ddb-c1196907eac5/opts
Sep 29 19:37:50 gtw01 dnsmasq[10855]: read /var/lib/neutron/dhcp/9243492d-061d-4a57-8ddb-c1196907eac5/addn_hosts - 1 addresses
Sep 29 19:37:50 gtw01 dnsmasq-dhcp[10855]: read /var/lib/neutron/dhcp/9243492d-061d-4a57-8ddb-c1196907eac5/host
Sep 29 19:37:50 gtw01 dnsmasq-dhcp[10855]: read /var/lib/neutron/dhcp/9243492d-061d-4a57-8ddb-c1196907eac5/opts
Sep 29 19:37:53 gtw01 kernel: [ 5431.489424] device tapad4eecd0-4e entered promiscuous mode
Sep 29 19:37:53 gtw01 systemd-udevd[12245]: Could not generate persistent MAC address for tapad4eecd0-4e: No such file or directory
Sep 29 19:37:53 gtw01 systemd-udevd[12245]: Process '/sbin/ip link set tapad4eecd0-4e txqueuelen 10000' failed with exit code 1.
Sep 29 19:37:53 gtw01 systemd-udevd[12245]: Process '/sbin/ip link set tapad4eecd0-4e txqueuelen 10000' failed with exit code 1.
Sep 29 19:37:55 gtw01 kernel: [ 5433.570192] device tap44ed35da-3f left promiscuous mode
Sep 29 19:37:55 gtw01 dnsmasq-dhcp[11718]: DHCPDISCOVER(tap70e08854-39) fa:16:3e:dd:85:71
Sep 29 19:37:55 gtw01 dnsmasq-dhcp[11718]: DHCPOFFER(tap70e08854-39) 192.168.120.4 fa:16:3e:dd:85:71
Sep 29 19:37:55 gtw01 dnsmasq-dhcp[11718]: DHCPREQUEST(tap70e08854-39) 192.168.120.4 fa:16:3e:dd:85:71
Sep 29 19:37:55 gtw01 dnsmasq-dhcp[11718]: DHCPACK(tap70e08854-39) 192.168.120.4 fa:16:3e:dd:85:71 host-192-168-120-4
Sep 29 19:37:56 gtw01 dnsmasq[12388]: started, version 2.80 cachesize 150
Sep 29 19:37:56 gtw01 dnsmasq[12388]: DNS service limited to local subnets
Sep 29 19:37:56 gtw01 dnsmasq[12388]: compile time options: IPv6 GNU-getopt DBus i18n IDN DHCP DHCPv6 no-Lua TFTP conntrack ipset auth DNSSEC loop-detect inotify dumpfile
Sep 29 19:37:56 gtw01 dnsmasq[12388]: warning: no upstream servers configured
Sep 29 19:37:56 gtw01 dnsmasq-dhcp[12388]: DHCP, static leases only on 192.168.120.0, lease time 1h
Sep 29 19:37:56 gtw01 dnsmasq[12388]: read /var/lib/neutron/dhcp/bc0d8aa9-1ede-4c9d-8239-22a297d275d2/addn_hosts - 1 addresses
Sep 29 19:37:56 gtw01 dnsmasq-dhcp[12388]: read /var/lib/neutron/dhcp/bc0d8aa9-1ede-4c9d-8239-22a297d275d2/host
Sep 29 19:37:56 gtw01 dnsmasq-dhcp[12388]: read /var/lib/neutron/dhcp/bc0d8aa9-1ede-4c9d-8239-22a297d275d2/opts
Sep 29 19:37:56 gtw01 haproxy-metadata-proxy-bc0d8aa9-1ede-4c9d-8239-22a297d275d2[12392]: Proxy listener started.
Sep 29 19:37:57 gtw01 dnsmasq[12388]: read /var/lib/neutron/dhcp/bc0d8aa9-1ede-4c9d-8239-22a297d275d2/addn_hosts - 1 addresses
Sep 29 19:37:57 gtw01 dnsmasq-dhcp[12388]: read /var/lib/neutron/dhcp/bc0d8aa9-1ede-4c9d-8239-22a297d275d2/host
Sep 29 19:37:57 gtw01 dnsmasq-dhcp[12388]: read /var/lib/neutron/dhcp/bc0d8aa9-1ede-4c9d-8239-22a297d275d2/opts
Sep 29 19:37:58 gtw01 dnsmasq[12388]: read /var/lib/neutron/dhcp/bc0d8aa9-1ede-4c9d-8239-22a297d275d2/addn_hosts - 1 addresses
Sep 29 19:37:58 gtw01 dnsmasq-dhcp[12388]: read /var/lib/neutron/dhcp/bc0d8aa9-1ede-4c9d-8239-22a297d275d2/host
Sep 29 19:37:58 gtw01 dnsmasq-dhcp[12388]: read /var/lib/neutron/dhcp/bc0d8aa9-1ede-4c9d-8239-22a297d275d2/opts
Sep 29 19:37:59 gtw01 dnsmasq[12388]: read /var/lib/neutron/dhcp/bc0d8aa9-1ede-4c9d-8239-22a297d275d2/addn_hosts - 2 addresses
Sep 29 19:37:59 gtw01 dnsmasq-dhcp[12388]: read /var/lib/neutron/dhcp/bc0d8aa9-1ede-4c9d-8239-22a297d275d2/host
Sep 29 19:37:59 gtw01 dnsmasq-dhcp[12388]: read /var/lib/neutron/dhcp/bc0d8aa9-1ede-4c9d-8239-22a297d275d2/opts
Sep 29 19:38:00 gtw01 dnsmasq[12388]: read /var/lib/neutron/dhcp/bc0d8aa9-1ede-4c9d-8239-22a297d275d2/addn_hosts - 2 addresses
Sep 29 19:38:00 gtw01 dnsmasq-dhcp[12388]: read /var/lib/neutron/dhcp/bc0d8aa9-1ede-4c9d-8239-22a297d275d2/host
Sep 29 19:38:00 gtw01 dnsmasq-dhcp[12388]: read /var/lib/neutron/dhcp/bc0d8aa9-1ede-4c9d-8239-22a297d275d2/opts
Sep 29 19:38:01 gtw01 dnsmasq-dhcp[11718]: DHCPRELEASE(tap70e08854-39) 192.168.120.4 fa:16:3e:dd:85:71
Sep 29 19:38:01 gtw01 kernel: [ 5439.941180] device tapad4eecd0-4e left promiscuous mode
Sep 29 19:38:03 gtw01 systemd-udevd[12488]: Could not generate persistent MAC address for tapc929c1e6-cd: No such file or directory
Sep 29 19:38:03 gtw01 kernel: [ 5441.227412] device tapc929c1e6-cd entered promiscuous mode
Sep 29 19:38:03 gtw01 systemd-udevd[12488]: Process '/sbin/ip link set tapc929c1e6-cd txqueuelen 10000' failed with exit code 1.
Sep 29 19:38:03 gtw01 systemd-udevd[12488]: Process '/sbin/ip link set tapc929c1e6-cd txqueuelen 10000' failed with exit code 1.
Sep 29 19:38:06 gtw01 dnsmasq[12623]: started, version 2.80 cachesize 150
Sep 29 19:38:06 gtw01 dnsmasq[12623]: DNS service limited to local subnets
Sep 29 19:38:06 gtw01 dnsmasq[12623]: compile time options: IPv6 GNU-getopt DBus i18n IDN DHCP DHCPv6 no-Lua TFTP conntrack ipset auth DNSSEC loop-detect inotify dumpfile
Sep 29 19:38:06 gtw01 dnsmasq[12623]: warning: no upstream servers configured
Sep 29 19:38:06 gtw01 dnsmasq-dhcp[12623]: DHCP, static leases only on 192.168.120.0, lease time 1h
Sep 29 19:38:06 gtw01 dnsmasq[12623]: read /var/lib/neutron/dhcp/71b25fbd-dd63-4fd4-af2d-0cef65d00279/addn_hosts - 1 addresses
Sep 29 19:38:06 gtw01 dnsmasq-dhcp[12623]: read /var/lib/neutron/dhcp/71b25fbd-dd63-4fd4-af2d-0cef65d00279/host
Sep 29 19:38:06 gtw01 dnsmasq-dhcp[12623]: read /var/lib/neutron/dhcp/71b25fbd-dd63-4fd4-af2d-0cef65d00279/opts
Sep 29 19:38:06 gtw01 haproxy-metadata-proxy-71b25fbd-dd63-4fd4-af2d-0cef65d00279[12629]: Proxy listener started.
Sep 29 19:38:07 gtw01 kernel: [ 5445.557441] device tapffc9a60d-a0 entered promiscuous mode
Sep 29 19:38:07 gtw01 systemd-udevd[12653]: Could not generate persistent MAC address for tapffc9a60d-a0: No such file or directory
Sep 29 19:38:07 gtw01 systemd-udevd[12653]: Process '/sbin/ip link set tapffc9a60d-a0 txqueuelen 10000' failed with exit code 1.
Sep 29 19:38:07 gtw01 systemd-udevd[12653]: Process '/sbin/ip link set tapffc9a60d-a0 txqueuelen 10000' failed with exit code 1.
Sep 29 19:38:07 gtw01 dnsmasq[12623]: read /var/lib/neutron/dhcp/71b25fbd-dd63-4fd4-af2d-0cef65d00279/addn_hosts - 2 addresses
Sep 29 19:38:07 gtw01 dnsmasq-dhcp[12623]: read /var/lib/neutron/dhcp/71b25fbd-dd63-4fd4-af2d-0cef65d00279/host
Sep 29 19:38:07 gtw01 dnsmasq-dhcp[12623]: read /var/lib/neutron/dhcp/71b25fbd-dd63-4fd4-af2d-0cef65d00279/opts
Sep 29 19:38:08 gtw01 dnsmasq[12623]: read /var/lib/neutron/dhcp/71b25fbd-dd63-4fd4-af2d-0cef65d00279/addn_hosts - 2 addresses
Sep 29 19:38:08 gtw01 dnsmasq-dhcp[12623]: read /var/lib/neutron/dhcp/71b25fbd-dd63-4fd4-af2d-0cef65d00279/host
Sep 29 19:38:08 gtw01 dnsmasq-dhcp[12623]: read /var/lib/neutron/dhcp/71b25fbd-dd63-4fd4-af2d-0cef65d00279/opts
Sep 29 19:38:09 gtw01 dnsmasq[12623]: read /var/lib/neutron/dhcp/71b25fbd-dd63-4fd4-af2d-0cef65d00279/addn_hosts - 2 addresses
Sep 29 19:38:09 gtw01 dnsmasq-dhcp[12623]: read /var/lib/neutron/dhcp/71b25fbd-dd63-4fd4-af2d-0cef65d00279/host
Sep 29 19:38:09 gtw01 dnsmasq-dhcp[12623]: read /var/lib/neutron/dhcp/71b25fbd-dd63-4fd4-af2d-0cef65d00279/opts
Sep 29 19:38:10 gtw01 dnsmasq[12839]: started, version 2.80 cachesize 150
Sep 29 19:38:10 gtw01 dnsmasq[12839]: DNS service limited to local subnets
Sep 29 19:38:10 gtw01 dnsmasq[12839]: compile time options: IPv6 GNU-getopt DBus i18n IDN DHCP DHCPv6 no-Lua TFTP conntrack ipset auth DNSSEC loop-detect inotify dumpfile
Sep 29 19:38:10 gtw01 dnsmasq[12839]: warning: no upstream servers configured
Sep 29 19:38:10 gtw01 dnsmasq-dhcp[12839]: DHCP, static leases only on 192.168.120.0, lease time 1h
Sep 29 19:38:10 gtw01 dnsmasq[12839]: read /var/lib/neutron/dhcp/beaeaeb1-b0e1-415a-ad2d-ee57c610dd0d/addn_hosts - 1 addresses
Sep 29 19:38:10 gtw01 dnsmasq-dhcp[12839]: read /var/lib/neutron/dhcp/beaeaeb1-b0e1-415a-ad2d-ee57c610dd0d/host
Sep 29 19:38:10 gtw01 dnsmasq-dhcp[12839]: read /var/lib/neutron/dhcp/beaeaeb1-b0e1-415a-ad2d-ee57c610dd0d/opts
Sep 29 19:38:10 gtw01 dnsmasq[12623]: read /var/lib/neutron/dhcp/71b25fbd-dd63-4fd4-af2d-0cef65d00279/addn_hosts - 2 addresses
Sep 29 19:38:10 gtw01 dnsmasq-dhcp[12623]: read /var/lib/neutron/dhcp/71b25fbd-dd63-4fd4-af2d-0cef65d00279/host
Sep 29 19:38:10 gtw01 dnsmasq-dhcp[12623]: read /var/lib/neutron/dhcp/71b25fbd-dd63-4fd4-af2d-0cef65d00279/opts
Sep 29 19:38:11 gtw01 haproxy-metadata-proxy-beaeaeb1-b0e1-415a-ad2d-ee57c610dd0d[12847]: Proxy listener started.
Sep 29 19:38:11 gtw01 dnsmasq[12839]: read /var/lib/neutron/dhcp/beaeaeb1-b0e1-415a-ad2d-ee57c610dd0d/addn_hosts - 1 addresses
Sep 29 19:38:11 gtw01 dnsmasq-dhcp[12839]: read /var/lib/neutron/dhcp/beaeaeb1-b0e1-415a-ad2d-ee57c610dd0d/host
Sep 29 19:38:11 gtw01 dnsmasq-dhcp[12839]: read /var/lib/neutron/dhcp/beaeaeb1-b0e1-415a-ad2d-ee57c610dd0d/opts
Sep 29 19:38:11 gtw01 dnsmasq[12623]: read /var/lib/neutron/dhcp/71b25fbd-dd63-4fd4-af2d-0cef65d00279/addn_hosts - 2 addresses
Sep 29 19:38:11 gtw01 dnsmasq-dhcp[12623]: read /var/lib/neutron/dhcp/71b25fbd-dd63-4fd4-af2d-0cef65d00279/host
Sep 29 19:38:11 gtw01 dnsmasq-dhcp[12623]: read /var/lib/neutron/dhcp/71b25fbd-dd63-4fd4-af2d-0cef65d00279/opts
Sep 29 19:38:12 gtw01 dnsmasq[12839]: read /var/lib/neutron/dhcp/beaeaeb1-b0e1-415a-ad2d-ee57c610dd0d/addn_hosts - 1 addresses
Sep 29 19:38:12 gtw01 dnsmasq-dhcp[12839]: read /var/lib/neutron/dhcp/beaeaeb1-b0e1-415a-ad2d-ee57c610dd0d/host
Sep 29 19:38:12 gtw01 dnsmasq-dhcp[12839]: read /var/lib/neutron/dhcp/beaeaeb1-b0e1-415a-ad2d-ee57c610dd0d/opts
Sep 29 19:38:13 gtw01 dnsmasq[12839]: read /var/lib/neutron/dhcp/beaeaeb1-b0e1-415a-ad2d-ee57c610dd0d/addn_hosts - 2 addresses
Sep 29 19:38:13 gtw01 dnsmasq-dhcp[12839]: read /var/lib/neutron/dhcp/beaeaeb1-b0e1-415a-ad2d-ee57c610dd0d/host
Sep 29 19:38:13 gtw01 dnsmasq-dhcp[12839]: read /var/lib/neutron/dhcp/beaeaeb1-b0e1-415a-ad2d-ee57c610dd0d/opts
Sep 29 19:38:14 gtw01 dnsmasq[12623]: read /var/lib/neutron/dhcp/71b25fbd-dd63-4fd4-af2d-0cef65d00279/addn_hosts - 3 addresses
Sep 29 19:38:14 gtw01 dnsmasq-dhcp[12623]: read /var/lib/neutron/dhcp/71b25fbd-dd63-4fd4-af2d-0cef65d00279/host
Sep 29 19:38:14 gtw01 dnsmasq-dhcp[12623]: read /var/lib/neutron/dhcp/71b25fbd-dd63-4fd4-af2d-0cef65d00279/opts
Sep 29 19:38:14 gtw01 kernel: [ 5452.920008] device tapffc9a60d-a0 left promiscuous mode
Sep 29 19:38:15 gtw01 dnsmasq[12623]: read /var/lib/neutron/dhcp/71b25fbd-dd63-4fd4-af2d-0cef65d00279/addn_hosts - 3 addresses
Sep 29 19:38:15 gtw01 dnsmasq-dhcp[12623]: read /var/lib/neutron/dhcp/71b25fbd-dd63-4fd4-af2d-0cef65d00279/host
Sep 29 19:38:15 gtw01 dnsmasq-dhcp[12623]: read /var/lib/neutron/dhcp/71b25fbd-dd63-4fd4-af2d-0cef65d00279/opts
Sep 29 19:38:16 gtw01 dnsmasq[12623]: read /var/lib/neutron/dhcp/71b25fbd-dd63-4fd4-af2d-0cef65d00279/addn_hosts - 3 addresses
Sep 29 19:38:16 gtw01 dnsmasq-dhcp[12623]: read /var/lib/neutron/dhcp/71b25fbd-dd63-4fd4-af2d-0cef65d00279/host
Sep 29 19:38:16 gtw01 dnsmasq-dhcp[12623]: read /var/lib/neutron/dhcp/71b25fbd-dd63-4fd4-af2d-0cef65d00279/opts
Sep 29 19:38:19 gtw01 dnsmasq-dhcp[11718]: DHCPDISCOVER(tap70e08854-39) fa:16:3e:dd:85:71
Sep 29 19:38:19 gtw01 dnsmasq-dhcp[11718]: DHCPOFFER(tap70e08854-39) 192.168.120.4 fa:16:3e:dd:85:71
Sep 29 19:38:19 gtw01 dnsmasq-dhcp[11718]: DHCPREQUEST(tap70e08854-39) 192.168.120.4 fa:16:3e:dd:85:71
Sep 29 19:38:19 gtw01 dnsmasq-dhcp[11718]: DHCPACK(tap70e08854-39) 192.168.120.4 fa:16:3e:dd:85:71 host-192-168-120-4
Sep 29 19:38:25 gtw01 systemd-udevd[12996]: Could not generate persistent MAC address for tap51e336d5-34: No such file or directory
Sep 29 19:38:25 gtw01 kernel: [ 5463.375269] device tap51e336d5-34 entered promiscuous mode
Sep 29 19:38:25 gtw01 systemd-udevd[12996]: Process '/sbin/ip link set tap51e336d5-34 txqueuelen 10000' failed with exit code 1.
Sep 29 19:38:25 gtw01 systemd-udevd[12996]: Process '/sbin/ip link set tap51e336d5-34 txqueuelen 10000' failed with exit code 1.
Sep 29 19:38:28 gtw01 dnsmasq[13132]: started, version 2.80 cachesize 150
Sep 29 19:38:28 gtw01 dnsmasq[13132]: DNS service limited to local subnets
Sep 29 19:38:28 gtw01 dnsmasq[13132]: compile time options: IPv6 GNU-getopt DBus i18n IDN DHCP DHCPv6 no-Lua TFTP conntrack ipset auth DNSSEC loop-detect inotify dumpfile
Sep 29 19:38:28 gtw01 dnsmasq[13132]: warning: no upstream servers configured
Sep 29 19:38:28 gtw01 dnsmasq-dhcp[13132]: DHCP, static leases only on 192.168.120.0, lease time 1h
Sep 29 19:38:28 gtw01 dnsmasq[13132]: read /var/lib/neutron/dhcp/110c31dd-f5b0-4b18-a938-6c98d814103f/addn_hosts - 1 addresses
Sep 29 19:38:28 gtw01 dnsmasq-dhcp[13132]: read /var/lib/neutron/dhcp/110c31dd-f5b0-4b18-a938-6c98d814103f/host
Sep 29 19:38:28 gtw01 dnsmasq-dhcp[13132]: read /var/lib/neutron/dhcp/110c31dd-f5b0-4b18-a938-6c98d814103f/opts
Sep 29 19:38:28 gtw01 haproxy-metadata-proxy-110c31dd-f5b0-4b18-a938-6c98d814103f[13139]: Proxy listener started.
Sep 29 19:38:29 gtw01 kernel: [ 5467.469753] device tape8a36b1a-08 entered promiscuous mode
Sep 29 19:38:29 gtw01 systemd-udevd[13161]: Could not generate persistent MAC address for tape8a36b1a-08: No such file or directory
Sep 29 19:38:29 gtw01 systemd-udevd[13161]: Process '/sbin/ip link set tape8a36b1a-08 txqueuelen 10000' failed with exit code 1.
Sep 29 19:38:29 gtw01 systemd-udevd[13161]: Process '/sbin/ip link set tape8a36b1a-08 txqueuelen 10000' failed with exit code 1.
Sep 29 19:38:29 gtw01 dnsmasq[13132]: read /var/lib/neutron/dhcp/110c31dd-f5b0-4b18-a938-6c98d814103f/addn_hosts - 2 addresses
Sep 29 19:38:29 gtw01 dnsmasq-dhcp[13132]: read /var/lib/neutron/dhcp/110c31dd-f5b0-4b18-a938-6c98d814103f/host
Sep 29 19:38:29 gtw01 dnsmasq-dhcp[13132]: read /var/lib/neutron/dhcp/110c31dd-f5b0-4b18-a938-6c98d814103f/opts
Sep 29 19:38:29 gtw01 dnsmasq-dhcp[12623]: DHCPDISCOVER(tapc929c1e6-cd) fa:16:3e:a1:5d:24
Sep 29 19:38:29 gtw01 dnsmasq-dhcp[12623]: DHCPOFFER(tapc929c1e6-cd) 192.168.120.5 fa:16:3e:a1:5d:24
Sep 29 19:38:29 gtw01 dnsmasq-dhcp[12623]: DHCPREQUEST(tapc929c1e6-cd) 192.168.120.5 fa:16:3e:a1:5d:24
Sep 29 19:38:29 gtw01 dnsmasq-dhcp[12623]: DHCPACK(tapc929c1e6-cd) 192.168.120.5 fa:16:3e:a1:5d:24 host-192-168-120-5
Sep 29 19:38:30 gtw01 dnsmasq[13132]: read /var/lib/neutron/dhcp/110c31dd-f5b0-4b18-a938-6c98d814103f/addn_hosts - 2 addresses
Sep 29 19:38:30 gtw01 dnsmasq-dhcp[13132]: read /var/lib/neutron/dhcp/110c31dd-f5b0-4b18-a938-6c98d814103f/host
Sep 29 19:38:30 gtw01 dnsmasq-dhcp[13132]: read /var/lib/neutron/dhcp/110c31dd-f5b0-4b18-a938-6c98d814103f/opts
Sep 29 19:38:31 gtw01 dnsmasq[13132]: read /var/lib/neutron/dhcp/110c31dd-f5b0-4b18-a938-6c98d814103f/addn_hosts - 2 addresses
Sep 29 19:38:31 gtw01 dnsmasq-dhcp[13132]: read /var/lib/neutron/dhcp/110c31dd-f5b0-4b18-a938-6c98d814103f/host
Sep 29 19:38:31 gtw01 dnsmasq-dhcp[13132]: read /var/lib/neutron/dhcp/110c31dd-f5b0-4b18-a938-6c98d814103f/opts
Sep 29 19:38:32 gtw01 dnsmasq[13132]: read /var/lib/neutron/dhcp/110c31dd-f5b0-4b18-a938-6c98d814103f/addn_hosts - 2 addresses
Sep 29 19:38:32 gtw01 dnsmasq-dhcp[13132]: read /var/lib/neutron/dhcp/110c31dd-f5b0-4b18-a938-6c98d814103f/host
Sep 29 19:38:32 gtw01 dnsmasq-dhcp[13132]: read /var/lib/neutron/dhcp/110c31dd-f5b0-4b18-a938-6c98d814103f/opts
Sep 29 19:38:32 gtw01 dnsmasq[13350]: started, version 2.80 cachesize 150
Sep 29 19:38:32 gtw01 dnsmasq[13350]: DNS service limited to local subnets
Sep 29 19:38:32 gtw01 dnsmasq[13350]: compile time options: IPv6 GNU-getopt DBus i18n IDN DHCP DHCPv6 no-Lua TFTP conntrack ipset auth DNSSEC loop-detect inotify dumpfile
Sep 29 19:38:32 gtw01 dnsmasq[13350]: warning: no upstream servers configured
Sep 29 19:38:32 gtw01 dnsmasq-dhcp[13350]: DHCP, static leases only on 192.168.121.0, lease time 1h
Sep 29 19:38:32 gtw01 dnsmasq[13350]: read /var/lib/neutron/dhcp/6e6881c0-1a29-43a3-bcb2-8b45f7c4091a/addn_hosts - 1 addresses
Sep 29 19:38:32 gtw01 dnsmasq-dhcp[13350]: read /var/lib/neutron/dhcp/6e6881c0-1a29-43a3-bcb2-8b45f7c4091a/host
Sep 29 19:38:32 gtw01 dnsmasq-dhcp[13350]: read /var/lib/neutron/dhcp/6e6881c0-1a29-43a3-bcb2-8b45f7c4091a/opts
Sep 29 19:38:33 gtw01 haproxy-metadata-proxy-6e6881c0-1a29-43a3-bcb2-8b45f7c4091a[13362]: Proxy listener started.
Sep 29 19:38:33 gtw01 dnsmasq[13132]: read /var/lib/neutron/dhcp/110c31dd-f5b0-4b18-a938-6c98d814103f/addn_hosts - 2 addresses
Sep 29 19:38:33 gtw01 dnsmasq-dhcp[13132]: read /var/lib/neutron/dhcp/110c31dd-f5b0-4b18-a938-6c98d814103f/host
Sep 29 19:38:33 gtw01 dnsmasq-dhcp[13132]: read /var/lib/neutron/dhcp/110c31dd-f5b0-4b18-a938-6c98d814103f/opts
Sep 29 19:38:33 gtw01 kernel: [ 5472.033294] device tap50c2cf8b-73 entered promiscuous mode
Sep 29 19:38:33 gtw01 systemd-udevd[13398]: Could not generate persistent MAC address for tap50c2cf8b-73: No such file or directory
Sep 29 19:38:33 gtw01 systemd-udevd[13465]: Process '/sbin/ip link set tap50c2cf8b-73 txqueuelen 10000' failed with exit code 1.
Sep 29 19:38:34 gtw01 dnsmasq[13350]: read /var/lib/neutron/dhcp/6e6881c0-1a29-43a3-bcb2-8b45f7c4091a/addn_hosts - 2 addresses
Sep 29 19:38:34 gtw01 dnsmasq-dhcp[13350]: read /var/lib/neutron/dhcp/6e6881c0-1a29-43a3-bcb2-8b45f7c4091a/host
Sep 29 19:38:34 gtw01 dnsmasq-dhcp[13350]: read /var/lib/neutron/dhcp/6e6881c0-1a29-43a3-bcb2-8b45f7c4091a/opts
Sep 29 19:38:35 gtw01 dnsmasq[13350]: read /var/lib/neutron/dhcp/6e6881c0-1a29-43a3-bcb2-8b45f7c4091a/addn_hosts - 2 addresses
Sep 29 19:38:35 gtw01 dnsmasq-dhcp[13350]: read /var/lib/neutron/dhcp/6e6881c0-1a29-43a3-bcb2-8b45f7c4091a/host
Sep 29 19:38:35 gtw01 dnsmasq-dhcp[13350]: read /var/lib/neutron/dhcp/6e6881c0-1a29-43a3-bcb2-8b45f7c4091a/opts
Sep 29 19:38:35 gtw01 dnsmasq-dhcp[12623]: DHCPRELEASE(tapc929c1e6-cd) 192.168.120.5 fa:16:3e:a1:5d:24
Sep 29 19:38:36 gtw01 dnsmasq-dhcp[12623]: DHCPRELEASE(tapc929c1e6-cd) 192.168.120.5 fa:16:3e:a1:5d:24 unknown lease
Sep 29 19:38:36 gtw01 dnsmasq[13350]: read /var/lib/neutron/dhcp/6e6881c0-1a29-43a3-bcb2-8b45f7c4091a/addn_hosts - 2 addresses
Sep 29 19:38:36 gtw01 dnsmasq-dhcp[13350]: read /var/lib/neutron/dhcp/6e6881c0-1a29-43a3-bcb2-8b45f7c4091a/host
Sep 29 19:38:36 gtw01 dnsmasq-dhcp[13350]: read /var/lib/neutron/dhcp/6e6881c0-1a29-43a3-bcb2-8b45f7c4091a/opts
Sep 29 19:38:36 gtw01 dnsmasq-dhcp[11718]: DHCPDISCOVER(tap70e08854-39) fa:16:3e:dd:85:71
Sep 29 19:38:36 gtw01 dnsmasq-dhcp[11718]: DHCPOFFER(tap70e08854-39) 192.168.120.4 fa:16:3e:dd:85:71
Sep 29 19:38:36 gtw01 dnsmasq-dhcp[11718]: DHCPREQUEST(tap70e08854-39) 192.168.120.4 fa:16:3e:dd:85:71
Sep 29 19:38:36 gtw01 dnsmasq-dhcp[11718]: DHCPACK(tap70e08854-39) 192.168.120.4 fa:16:3e:dd:85:71 host-192-168-120-4
Sep 29 19:38:37 gtw01 dnsmasq[12623]: read /var/lib/neutron/dhcp/71b25fbd-dd63-4fd4-af2d-0cef65d00279/addn_hosts - 2 addresses
Sep 29 19:38:37 gtw01 dnsmasq-dhcp[12623]: read /var/lib/neutron/dhcp/71b25fbd-dd63-4fd4-af2d-0cef65d00279/host
Sep 29 19:38:37 gtw01 dnsmasq-dhcp[12623]: read /var/lib/neutron/dhcp/71b25fbd-dd63-4fd4-af2d-0cef65d00279/opts
Sep 29 19:38:37 gtw01 dnsmasq[13350]: read /var/lib/neutron/dhcp/6e6881c0-1a29-43a3-bcb2-8b45f7c4091a/addn_hosts - 2 addresses
Sep 29 19:38:37 gtw01 dnsmasq-dhcp[13350]: read /var/lib/neutron/dhcp/6e6881c0-1a29-43a3-bcb2-8b45f7c4091a/host
Sep 29 19:38:37 gtw01 dnsmasq-dhcp[13350]: read /var/lib/neutron/dhcp/6e6881c0-1a29-43a3-bcb2-8b45f7c4091a/opts
Sep 29 19:38:38 gtw01 dnsmasq[13624]: started, version 2.80 cachesize 150
Sep 29 19:38:38 gtw01 dnsmasq[13624]: DNS service limited to local subnets
Sep 29 19:38:38 gtw01 dnsmasq[13624]: compile time options: IPv6 GNU-getopt DBus i18n IDN DHCP DHCPv6 no-Lua TFTP conntrack ipset auth DNSSEC loop-detect inotify dumpfile
Sep 29 19:38:38 gtw01 dnsmasq[13624]: warning: no upstream servers configured
Sep 29 19:38:38 gtw01 dnsmasq-dhcp[13624]: DHCP, static leases only on 192.168.122.0, lease time 1h
Sep 29 19:38:38 gtw01 dnsmasq[13624]: read /var/lib/neutron/dhcp/3c5b602d-4ffb-4d8b-978f-5c1b0e84bfff/addn_hosts - 1 addresses
Sep 29 19:38:38 gtw01 dnsmasq-dhcp[13624]: read /var/lib/neutron/dhcp/3c5b602d-4ffb-4d8b-978f-5c1b0e84bfff/host
Sep 29 19:38:38 gtw01 dnsmasq-dhcp[13624]: read /var/lib/neutron/dhcp/3c5b602d-4ffb-4d8b-978f-5c1b0e84bfff/opts
Sep 29 19:38:38 gtw01 kernel: [ 5476.414117] device tapa36047dc-e5 entered promiscuous mode
Sep 29 19:38:38 gtw01 systemd-udevd[13636]: Could not generate persistent MAC address for tapa36047dc-e5: No such file or directory
Sep 29 19:38:38 gtw01 systemd-udevd[13636]: Process '/sbin/ip link set tapa36047dc-e5 txqueuelen 10000' failed with exit code 1.
Sep 29 19:38:38 gtw01 haproxy-metadata-proxy-3c5b602d-4ffb-4d8b-978f-5c1b0e84bfff[13716]: Proxy listener started.
Sep 29 19:38:39 gtw01 dnsmasq[13350]: read /var/lib/neutron/dhcp/6e6881c0-1a29-43a3-bcb2-8b45f7c4091a/addn_hosts - 2 addresses
Sep 29 19:38:39 gtw01 dnsmasq-dhcp[13350]: read /var/lib/neutron/dhcp/6e6881c0-1a29-43a3-bcb2-8b45f7c4091a/host
Sep 29 19:38:39 gtw01 dnsmasq-dhcp[13350]: read /var/lib/neutron/dhcp/6e6881c0-1a29-43a3-bcb2-8b45f7c4091a/opts
Sep 29 19:38:39 gtw01 dnsmasq[13624]: read /var/lib/neutron/dhcp/3c5b602d-4ffb-4d8b-978f-5c1b0e84bfff/addn_hosts - 2 addresses
Sep 29 19:38:39 gtw01 dnsmasq-dhcp[13624]: read /var/lib/neutron/dhcp/3c5b602d-4ffb-4d8b-978f-5c1b0e84bfff/host
Sep 29 19:38:39 gtw01 dnsmasq-dhcp[13624]: read /var/lib/neutron/dhcp/3c5b602d-4ffb-4d8b-978f-5c1b0e84bfff/opts
Sep 29 19:38:40 gtw01 dnsmasq[13624]: read /var/lib/neutron/dhcp/3c5b602d-4ffb-4d8b-978f-5c1b0e84bfff/addn_hosts - 2 addresses
Sep 29 19:38:40 gtw01 dnsmasq-dhcp[13624]: read /var/lib/neutron/dhcp/3c5b602d-4ffb-4d8b-978f-5c1b0e84bfff/host
Sep 29 19:38:40 gtw01 dnsmasq-dhcp[13624]: read /var/lib/neutron/dhcp/3c5b602d-4ffb-4d8b-978f-5c1b0e84bfff/opts
Sep 29 19:38:40 gtw01 dnsmasq[12623]: read /var/lib/neutron/dhcp/71b25fbd-dd63-4fd4-af2d-0cef65d00279/addn_hosts - 1 addresses
Sep 29 19:38:40 gtw01 dnsmasq-dhcp[12623]: read /var/lib/neutron/dhcp/71b25fbd-dd63-4fd4-af2d-0cef65d00279/host
Sep 29 19:38:40 gtw01 dnsmasq-dhcp[12623]: read /var/lib/neutron/dhcp/71b25fbd-dd63-4fd4-af2d-0cef65d00279/opts
Sep 29 19:38:41 gtw01 dnsmasq[13624]: read /var/lib/neutron/dhcp/3c5b602d-4ffb-4d8b-978f-5c1b0e84bfff/addn_hosts - 2 addresses
Sep 29 19:38:41 gtw01 dnsmasq-dhcp[13624]: read /var/lib/neutron/dhcp/3c5b602d-4ffb-4d8b-978f-5c1b0e84bfff/host
Sep 29 19:38:41 gtw01 dnsmasq-dhcp[13624]: read /var/lib/neutron/dhcp/3c5b602d-4ffb-4d8b-978f-5c1b0e84bfff/opts
Sep 29 19:38:42 gtw01 dnsmasq[13853]: started, version 2.80 cachesize 150
Sep 29 19:38:42 gtw01 dnsmasq[13853]: DNS service limited to local subnets
Sep 29 19:38:42 gtw01 dnsmasq[13853]: compile time options: IPv6 GNU-getopt DBus i18n IDN DHCP DHCPv6 no-Lua TFTP conntrack ipset auth DNSSEC loop-detect inotify dumpfile
Sep 29 19:38:42 gtw01 dnsmasq[13853]: warning: no upstream servers configured
Sep 29 19:38:42 gtw01 dnsmasq-dhcp[13853]: DHCP, static leases only on 192.168.123.0, lease time 1h
Sep 29 19:38:42 gtw01 dnsmasq[13853]: read /var/lib/neutron/dhcp/dbbb5def-8cd5-4d6b-93d4-44168f38bba0/addn_hosts - 1 addresses
Sep 29 19:38:42 gtw01 dnsmasq-dhcp[13853]: read /var/lib/neutron/dhcp/dbbb5def-8cd5-4d6b-93d4-44168f38bba0/host
Sep 29 19:38:42 gtw01 dnsmasq-dhcp[13853]: read /var/lib/neutron/dhcp/dbbb5def-8cd5-4d6b-93d4-44168f38bba0/opts
Sep 29 19:38:42 gtw01 haproxy-metadata-proxy-dbbb5def-8cd5-4d6b-93d4-44168f38bba0[13860]: Proxy listener started.
Sep 29 19:38:42 gtw01 dnsmasq[13624]: read /var/lib/neutron/dhcp/3c5b602d-4ffb-4d8b-978f-5c1b0e84bfff/addn_hosts - 2 addresses
