Sep 29 19:01:04 gtw01 dnsmasq-dhcp[31428]: read /var/lib/neutron/dhcp/0657da5b-ba4e-4bac-8be7-16e85c7e2387/host
Sep 29 19:01:04 gtw01 dnsmasq-dhcp[31428]: read /var/lib/neutron/dhcp/0657da5b-ba4e-4bac-8be7-16e85c7e2387/opts
Sep 29 19:01:05 gtw01 kernel: [ 3223.171796] device tap6e7a8bdb-a7 entered promiscuous mode
Sep 29 19:01:05 gtw01 systemd-udevd[31724]: Could not generate persistent MAC address for tap6e7a8bdb-a7: No such file or directory
Sep 29 19:01:05 gtw01 systemd-udevd[31793]: Process '/sbin/ip link set tap6e7a8bdb-a7 txqueuelen 10000' failed with exit code 1.
Sep 29 19:01:06 gtw01 dnsmasq[31428]: read /var/lib/neutron/dhcp/0657da5b-ba4e-4bac-8be7-16e85c7e2387/addn_hosts - 2 addresses
Sep 29 19:01:06 gtw01 dnsmasq-dhcp[31428]: read /var/lib/neutron/dhcp/0657da5b-ba4e-4bac-8be7-16e85c7e2387/host
Sep 29 19:01:06 gtw01 dnsmasq-dhcp[31428]: read /var/lib/neutron/dhcp/0657da5b-ba4e-4bac-8be7-16e85c7e2387/opts
Sep 29 19:01:07 gtw01 dnsmasq[31890]: started, version 2.80 cachesize 150
Sep 29 19:01:07 gtw01 dnsmasq[31890]: DNS service limited to local subnets
Sep 29 19:01:07 gtw01 dnsmasq[31890]: compile time options: IPv6 GNU-getopt DBus i18n IDN DHCP DHCPv6 no-Lua TFTP conntrack ipset auth DNSSEC loop-detect inotify dumpfile
Sep 29 19:01:07 gtw01 dnsmasq[31890]: warning: no upstream servers configured
Sep 29 19:01:07 gtw01 dnsmasq-dhcp[31890]: DHCP, static leases only on 192.168.120.32, lease time 1h
Sep 29 19:01:07 gtw01 dnsmasq[31890]: read /var/lib/neutron/dhcp/b8a1f30d-cd21-41a6-b548-431d83c2ae6c/addn_hosts - 1 addresses
Sep 29 19:01:07 gtw01 dnsmasq-dhcp[31890]: read /var/lib/neutron/dhcp/b8a1f30d-cd21-41a6-b548-431d83c2ae6c/host
Sep 29 19:01:07 gtw01 dnsmasq-dhcp[31890]: read /var/lib/neutron/dhcp/b8a1f30d-cd21-41a6-b548-431d83c2ae6c/opts
Sep 29 19:01:07 gtw01 haproxy-metadata-proxy-b8a1f30d-cd21-41a6-b548-431d83c2ae6c[31904]: Proxy listener started.
Sep 29 19:01:07 gtw01 kernel: [ 3225.875799] device tap5d85c63e-29 entered promiscuous mode
Sep 29 19:01:07 gtw01 systemd-udevd[31917]: Could not generate persistent MAC address for tap5d85c63e-29: No such file or directory
Sep 29 19:01:07 gtw01 systemd-udevd[31917]: Process '/sbin/ip link set tap5d85c63e-29 txqueuelen 10000' failed with exit code 1.
Sep 29 19:01:08 gtw01 dnsmasq[31890]: read /var/lib/neutron/dhcp/b8a1f30d-cd21-41a6-b548-431d83c2ae6c/addn_hosts - 2 addresses
Sep 29 19:01:08 gtw01 dnsmasq-dhcp[31890]: read /var/lib/neutron/dhcp/b8a1f30d-cd21-41a6-b548-431d83c2ae6c/host
Sep 29 19:01:08 gtw01 dnsmasq-dhcp[31890]: read /var/lib/neutron/dhcp/b8a1f30d-cd21-41a6-b548-431d83c2ae6c/opts
Sep 29 19:01:09 gtw01 kernel: [ 3227.532148] device tap33fbcd6b-00 entered promiscuous mode
Sep 29 19:01:09 gtw01 systemd-udevd[32061]: Could not generate persistent MAC address for tap33fbcd6b-00: No such file or directory
Sep 29 19:01:09 gtw01 systemd-udevd[32134]: Process '/sbin/ip link set tap33fbcd6b-00 txqueuelen 10000' failed with exit code 1.
Sep 29 19:01:09 gtw01 dnsmasq[32154]: started, version 2.80 cachesize 150
Sep 29 19:01:09 gtw01 dnsmasq[32154]: DNS service limited to local subnets
Sep 29 19:01:09 gtw01 dnsmasq[32154]: compile time options: IPv6 GNU-getopt DBus i18n IDN DHCP DHCPv6 no-Lua TFTP conntrack ipset auth DNSSEC loop-detect inotify dumpfile
Sep 29 19:01:09 gtw01 dnsmasq[32154]: warning: no upstream servers configured
Sep 29 19:01:09 gtw01 dnsmasq-dhcp[32154]: DHCP, static leases only on 192.168.120.48, lease time 1h
Sep 29 19:01:09 gtw01 dnsmasq[32154]: read /var/lib/neutron/dhcp/5a9b2bc7-1a99-44a7-b3f9-087fb156b59e/addn_hosts - 1 addresses
Sep 29 19:01:09 gtw01 dnsmasq-dhcp[32154]: read /var/lib/neutron/dhcp/5a9b2bc7-1a99-44a7-b3f9-087fb156b59e/host
Sep 29 19:01:09 gtw01 dnsmasq-dhcp[32154]: read /var/lib/neutron/dhcp/5a9b2bc7-1a99-44a7-b3f9-087fb156b59e/opts
Sep 29 19:01:10 gtw01 haproxy-metadata-proxy-5a9b2bc7-1a99-44a7-b3f9-087fb156b59e[32175]: Proxy listener started.
Sep 29 19:01:10 gtw01 dnsmasq[31890]: read /var/lib/neutron/dhcp/b8a1f30d-cd21-41a6-b548-431d83c2ae6c/addn_hosts - 2 addresses
Sep 29 19:01:10 gtw01 dnsmasq-dhcp[31890]: read /var/lib/neutron/dhcp/b8a1f30d-cd21-41a6-b548-431d83c2ae6c/host
Sep 29 19:01:10 gtw01 dnsmasq-dhcp[31890]: read /var/lib/neutron/dhcp/b8a1f30d-cd21-41a6-b548-431d83c2ae6c/opts
Sep 29 19:01:11 gtw01 kernel: [ 3229.711542] device tap3ae561c2-75 entered promiscuous mode
Sep 29 19:01:11 gtw01 systemd-udevd[32235]: Could not generate persistent MAC address for tap3ae561c2-75: No such file or directory
Sep 29 19:01:11 gtw01 systemd-udevd[32235]: Process '/sbin/ip link set tap3ae561c2-75 txqueuelen 10000' failed with exit code 1.
Sep 29 19:01:11 gtw01 dnsmasq[32154]: read /var/lib/neutron/dhcp/5a9b2bc7-1a99-44a7-b3f9-087fb156b59e/addn_hosts - 2 addresses
Sep 29 19:01:11 gtw01 dnsmasq-dhcp[32154]: read /var/lib/neutron/dhcp/5a9b2bc7-1a99-44a7-b3f9-087fb156b59e/host
Sep 29 19:01:11 gtw01 dnsmasq-dhcp[32154]: read /var/lib/neutron/dhcp/5a9b2bc7-1a99-44a7-b3f9-087fb156b59e/opts
Sep 29 19:01:12 gtw01 dnsmasq[31890]: read /var/lib/neutron/dhcp/b8a1f30d-cd21-41a6-b548-431d83c2ae6c/addn_hosts - 2 addresses
Sep 29 19:01:12 gtw01 dnsmasq-dhcp[31890]: read /var/lib/neutron/dhcp/b8a1f30d-cd21-41a6-b548-431d83c2ae6c/host
Sep 29 19:01:12 gtw01 dnsmasq-dhcp[31890]: read /var/lib/neutron/dhcp/b8a1f30d-cd21-41a6-b548-431d83c2ae6c/opts
Sep 29 19:01:12 gtw01 kernel: [ 3231.059647] device tap2b50cd65-f9 entered promiscuous mode
Sep 29 19:01:12 gtw01 systemd-udevd[32377]: Could not generate persistent MAC address for tap2b50cd65-f9: No such file or directory
Sep 29 19:01:12 gtw01 systemd-udevd[32377]: Process '/sbin/ip link set tap2b50cd65-f9 txqueuelen 10000' failed with exit code 1.
Sep 29 19:01:13 gtw01 systemd-udevd[32452]: Process '/sbin/ip link set tap2b50cd65-f9 txqueuelen 10000' failed with exit code 1.
Sep 29 19:01:13 gtw01 dnsmasq[32502]: started, version 2.80 cachesize 150
Sep 29 19:01:13 gtw01 dnsmasq[32502]: DNS service limited to local subnets
Sep 29 19:01:13 gtw01 dnsmasq[32502]: compile time options: IPv6 GNU-getopt DBus i18n IDN DHCP DHCPv6 no-Lua TFTP conntrack ipset auth DNSSEC loop-detect inotify dumpfile
Sep 29 19:01:13 gtw01 dnsmasq[32502]: warning: no upstream servers configured
Sep 29 19:01:13 gtw01 dnsmasq-dhcp[32502]: DHCP, static leases only on 192.168.120.64, lease time 1h
Sep 29 19:01:13 gtw01 dnsmasq[32502]: read /var/lib/neutron/dhcp/4f68cbc8-f6e9-4c47-829e-32949978296a/addn_hosts - 1 addresses
Sep 29 19:01:13 gtw01 dnsmasq-dhcp[32502]: read /var/lib/neutron/dhcp/4f68cbc8-f6e9-4c47-829e-32949978296a/host
Sep 29 19:01:13 gtw01 dnsmasq-dhcp[32502]: read /var/lib/neutron/dhcp/4f68cbc8-f6e9-4c47-829e-32949978296a/opts
Sep 29 19:01:14 gtw01 dnsmasq[32154]: read /var/lib/neutron/dhcp/5a9b2bc7-1a99-44a7-b3f9-087fb156b59e/addn_hosts - 2 addresses
Sep 29 19:01:14 gtw01 dnsmasq-dhcp[32154]: read /var/lib/neutron/dhcp/5a9b2bc7-1a99-44a7-b3f9-087fb156b59e/host
Sep 29 19:01:14 gtw01 dnsmasq-dhcp[32154]: read /var/lib/neutron/dhcp/5a9b2bc7-1a99-44a7-b3f9-087fb156b59e/opts
Sep 29 19:01:14 gtw01 haproxy-metadata-proxy-4f68cbc8-f6e9-4c47-829e-32949978296a[32523]: Proxy listener started.
Sep 29 19:01:14 gtw01 dnsmasq[31890]: read /var/lib/neutron/dhcp/b8a1f30d-cd21-41a6-b548-431d83c2ae6c/addn_hosts - 2 addresses
Sep 29 19:01:14 gtw01 dnsmasq-dhcp[31890]: read /var/lib/neutron/dhcp/b8a1f30d-cd21-41a6-b548-431d83c2ae6c/host
Sep 29 19:01:14 gtw01 dnsmasq-dhcp[31890]: read /var/lib/neutron/dhcp/b8a1f30d-cd21-41a6-b548-431d83c2ae6c/opts
Sep 29 19:01:15 gtw01 dnsmasq[32602]: started, version 2.80 cachesize 150
Sep 29 19:01:15 gtw01 dnsmasq[32602]: DNS service limited to local subnets
Sep 29 19:01:15 gtw01 dnsmasq[32602]: compile time options: IPv6 GNU-getopt DBus i18n IDN DHCP DHCPv6 no-Lua TFTP conntrack ipset auth DNSSEC loop-detect inotify dumpfile
Sep 29 19:01:15 gtw01 dnsmasq[32602]: warning: no upstream servers configured
Sep 29 19:01:15 gtw01 dnsmasq-dhcp[32602]: DHCP, static leases only on 192.168.120.0, lease time 1h
Sep 29 19:01:15 gtw01 dnsmasq[32602]: read /var/lib/neutron/dhcp/5cc0b4a9-78b0-4b2b-84b8-127e9fb1d810/addn_hosts - 1 addresses
Sep 29 19:01:16 gtw01 dnsmasq-dhcp[32602]: read /var/lib/neutron/dhcp/5cc0b4a9-78b0-4b2b-84b8-127e9fb1d810/host
Sep 29 19:01:16 gtw01 dnsmasq-dhcp[32602]: read /var/lib/neutron/dhcp/5cc0b4a9-78b0-4b2b-84b8-127e9fb1d810/opts
Sep 29 19:01:16 gtw01 dnsmasq[32502]: read /var/lib/neutron/dhcp/4f68cbc8-f6e9-4c47-829e-32949978296a/addn_hosts - 2 addresses
Sep 29 19:01:16 gtw01 dnsmasq-dhcp[32502]: read /var/lib/neutron/dhcp/4f68cbc8-f6e9-4c47-829e-32949978296a/host
Sep 29 19:01:16 gtw01 dnsmasq-dhcp[32502]: read /var/lib/neutron/dhcp/4f68cbc8-f6e9-4c47-829e-32949978296a/opts
Sep 29 19:01:16 gtw01 dnsmasq[32154]: read /var/lib/neutron/dhcp/5a9b2bc7-1a99-44a7-b3f9-087fb156b59e/addn_hosts - 2 addresses
Sep 29 19:01:16 gtw01 dnsmasq-dhcp[32154]: read /var/lib/neutron/dhcp/5a9b2bc7-1a99-44a7-b3f9-087fb156b59e/host
Sep 29 19:01:16 gtw01 dnsmasq-dhcp[32154]: read /var/lib/neutron/dhcp/5a9b2bc7-1a99-44a7-b3f9-087fb156b59e/opts
Sep 29 19:01:16 gtw01 haproxy-metadata-proxy-5cc0b4a9-78b0-4b2b-84b8-127e9fb1d810[32630]: Proxy listener started.
Sep 29 19:01:17 gtw01 systemd-udevd[32665]: Could not generate persistent MAC address for tapc6060913-22: No such file or directory
Sep 29 19:01:17 gtw01 kernel: [ 3235.471617] device tapc6060913-22 entered promiscuous mode
Sep 29 19:01:17 gtw01 systemd-udevd[32741]: Process '/sbin/ip link set tapc6060913-22 txqueuelen 10000' failed with exit code 1.
Sep 29 19:01:18 gtw01 dnsmasq[32502]: read /var/lib/neutron/dhcp/4f68cbc8-f6e9-4c47-829e-32949978296a/addn_hosts - 2 addresses
Sep 29 19:01:18 gtw01 dnsmasq-dhcp[32502]: read /var/lib/neutron/dhcp/4f68cbc8-f6e9-4c47-829e-32949978296a/host
Sep 29 19:01:18 gtw01 dnsmasq-dhcp[32502]: read /var/lib/neutron/dhcp/4f68cbc8-f6e9-4c47-829e-32949978296a/opts
Sep 29 19:01:18 gtw01 dnsmasq[32602]: read /var/lib/neutron/dhcp/5cc0b4a9-78b0-4b2b-84b8-127e9fb1d810/addn_hosts - 2 addresses
Sep 29 19:01:18 gtw01 dnsmasq-dhcp[32602]: read /var/lib/neutron/dhcp/5cc0b4a9-78b0-4b2b-84b8-127e9fb1d810/host
Sep 29 19:01:18 gtw01 dnsmasq-dhcp[32602]: read /var/lib/neutron/dhcp/5cc0b4a9-78b0-4b2b-84b8-127e9fb1d810/opts
Sep 29 19:01:18 gtw01 dnsmasq[32154]: read /var/lib/neutron/dhcp/5a9b2bc7-1a99-44a7-b3f9-087fb156b59e/addn_hosts - 2 addresses
Sep 29 19:01:18 gtw01 dnsmasq-dhcp[32154]: read /var/lib/neutron/dhcp/5a9b2bc7-1a99-44a7-b3f9-087fb156b59e/host
Sep 29 19:01:18 gtw01 dnsmasq-dhcp[32154]: read /var/lib/neutron/dhcp/5a9b2bc7-1a99-44a7-b3f9-087fb156b59e/opts
Sep 29 19:01:18 gtw01 dnsmasq[341]: started, version 2.80 cachesize 150
Sep 29 19:01:18 gtw01 dnsmasq[341]: DNS service limited to local subnets
Sep 29 19:01:18 gtw01 dnsmasq[341]: compile time options: IPv6 GNU-getopt DBus i18n IDN DHCP DHCPv6 no-Lua TFTP conntrack ipset auth DNSSEC loop-detect inotify dumpfile
Sep 29 19:01:18 gtw01 dnsmasq[341]: warning: no upstream servers configured
Sep 29 19:01:18 gtw01 dnsmasq-dhcp[341]: DHCP, static leases only on 192.168.120.80, lease time 1h
Sep 29 19:01:18 gtw01 dnsmasq[341]: read /var/lib/neutron/dhcp/1693a53f-f6b9-44f3-865e-bec3163b7099/addn_hosts - 1 addresses
Sep 29 19:01:18 gtw01 dnsmasq-dhcp[341]: read /var/lib/neutron/dhcp/1693a53f-f6b9-44f3-865e-bec3163b7099/host
Sep 29 19:01:18 gtw01 dnsmasq-dhcp[341]: read /var/lib/neutron/dhcp/1693a53f-f6b9-44f3-865e-bec3163b7099/opts
Sep 29 19:01:18 gtw01 dnsmasq-dhcp[31440]: DHCPRELEASE(tapbbae951f-27) 192.168.120.6 fa:16:3e:ee:50:06
Sep 29 19:01:19 gtw01 haproxy-metadata-proxy-1693a53f-f6b9-44f3-865e-bec3163b7099[366]: Proxy listener started.
Sep 29 19:01:20 gtw01 dnsmasq[31428]: read /var/lib/neutron/dhcp/0657da5b-ba4e-4bac-8be7-16e85c7e2387/addn_hosts - 1 addresses
Sep 29 19:01:20 gtw01 dnsmasq-dhcp[31428]: read /var/lib/neutron/dhcp/0657da5b-ba4e-4bac-8be7-16e85c7e2387/host
Sep 29 19:01:20 gtw01 dnsmasq-dhcp[31428]: read /var/lib/neutron/dhcp/0657da5b-ba4e-4bac-8be7-16e85c7e2387/opts
Sep 29 19:01:20 gtw01 dnsmasq[32502]: read /var/lib/neutron/dhcp/4f68cbc8-f6e9-4c47-829e-32949978296a/addn_hosts - 2 addresses
Sep 29 19:01:20 gtw01 dnsmasq-dhcp[32502]: read /var/lib/neutron/dhcp/4f68cbc8-f6e9-4c47-829e-32949978296a/host
Sep 29 19:01:20 gtw01 dnsmasq-dhcp[32502]: read /var/lib/neutron/dhcp/4f68cbc8-f6e9-4c47-829e-32949978296a/opts
Sep 29 19:01:20 gtw01 dnsmasq[31440]: read /var/lib/neutron/dhcp/32315e54-4061-4f25-a92c-5aec355723e6/addn_hosts - 1 addresses
Sep 29 19:01:20 gtw01 dnsmasq-dhcp[31440]: read /var/lib/neutron/dhcp/32315e54-4061-4f25-a92c-5aec355723e6/host
Sep 29 19:01:20 gtw01 dnsmasq-dhcp[31440]: read /var/lib/neutron/dhcp/32315e54-4061-4f25-a92c-5aec355723e6/opts
Sep 29 19:01:20 gtw01 dnsmasq[436]: started, version 2.80 cachesize 150
Sep 29 19:01:20 gtw01 dnsmasq[436]: DNS service limited to local subnets
Sep 29 19:01:20 gtw01 dnsmasq[436]: compile time options: IPv6 GNU-getopt DBus i18n IDN DHCP DHCPv6 no-Lua TFTP conntrack ipset auth DNSSEC loop-detect inotify dumpfile
Sep 29 19:01:20 gtw01 dnsmasq[436]: warning: no upstream servers configured
Sep 29 19:01:20 gtw01 dnsmasq-dhcp[436]: DHCP, static leases only on 192.168.120.0, lease time 1h
Sep 29 19:01:20 gtw01 dnsmasq[436]: read /var/lib/neutron/dhcp/9803c775-1508-48aa-995b-36df56ecd624/addn_hosts - 1 addresses
Sep 29 19:01:20 gtw01 dnsmasq-dhcp[436]: read /var/lib/neutron/dhcp/9803c775-1508-48aa-995b-36df56ecd624/host
Sep 29 19:01:20 gtw01 dnsmasq-dhcp[436]: read /var/lib/neutron/dhcp/9803c775-1508-48aa-995b-36df56ecd624/opts
Sep 29 19:01:20 gtw01 dnsmasq[32602]: read /var/lib/neutron/dhcp/5cc0b4a9-78b0-4b2b-84b8-127e9fb1d810/addn_hosts - 2 addresses
Sep 29 19:01:20 gtw01 dnsmasq-dhcp[32602]: read /var/lib/neutron/dhcp/5cc0b4a9-78b0-4b2b-84b8-127e9fb1d810/host
Sep 29 19:01:20 gtw01 dnsmasq-dhcp[32602]: read /var/lib/neutron/dhcp/5cc0b4a9-78b0-4b2b-84b8-127e9fb1d810/opts
Sep 29 19:01:21 gtw01 dnsmasq[31890]: read /var/lib/neutron/dhcp/b8a1f30d-cd21-41a6-b548-431d83c2ae6c/addn_hosts - 1 addresses
Sep 29 19:01:21 gtw01 dnsmasq-dhcp[31890]: read /var/lib/neutron/dhcp/b8a1f30d-cd21-41a6-b548-431d83c2ae6c/host
Sep 29 19:01:21 gtw01 dnsmasq-dhcp[31890]: read /var/lib/neutron/dhcp/b8a1f30d-cd21-41a6-b548-431d83c2ae6c/opts
Sep 29 19:01:21 gtw01 haproxy-metadata-proxy-9803c775-1508-48aa-995b-36df56ecd624[468]: Proxy listener started.
Sep 29 19:01:21 gtw01 dnsmasq[341]: read /var/lib/neutron/dhcp/1693a53f-f6b9-44f3-865e-bec3163b7099/addn_hosts - 2 addresses
Sep 29 19:01:21 gtw01 dnsmasq-dhcp[341]: read /var/lib/neutron/dhcp/1693a53f-f6b9-44f3-865e-bec3163b7099/host
Sep 29 19:01:21 gtw01 dnsmasq-dhcp[341]: read /var/lib/neutron/dhcp/1693a53f-f6b9-44f3-865e-bec3163b7099/opts
Sep 29 19:01:23 gtw01 dnsmasq[32502]: read /var/lib/neutron/dhcp/4f68cbc8-f6e9-4c47-829e-32949978296a/addn_hosts - 2 addresses
Sep 29 19:01:23 gtw01 dnsmasq-dhcp[32502]: read /var/lib/neutron/dhcp/4f68cbc8-f6e9-4c47-829e-32949978296a/host
Sep 29 19:01:23 gtw01 dnsmasq-dhcp[32502]: read /var/lib/neutron/dhcp/4f68cbc8-f6e9-4c47-829e-32949978296a/opts
Sep 29 19:01:23 gtw01 kernel: [ 3241.250018] device tap2b50cd65-f9 left promiscuous mode
Sep 29 19:01:23 gtw01 dnsmasq[32602]: read /var/lib/neutron/dhcp/5cc0b4a9-78b0-4b2b-84b8-127e9fb1d810/addn_hosts - 2 addresses
Sep 29 19:01:23 gtw01 dnsmasq-dhcp[32602]: read /var/lib/neutron/dhcp/5cc0b4a9-78b0-4b2b-84b8-127e9fb1d810/host
Sep 29 19:01:23 gtw01 dnsmasq-dhcp[32602]: read /var/lib/neutron/dhcp/5cc0b4a9-78b0-4b2b-84b8-127e9fb1d810/opts
Sep 29 19:01:23 gtw01 dnsmasq[32154]: read /var/lib/neutron/dhcp/5a9b2bc7-1a99-44a7-b3f9-087fb156b59e/addn_hosts - 1 addresses
Sep 29 19:01:23 gtw01 dnsmasq-dhcp[32154]: read /var/lib/neutron/dhcp/5a9b2bc7-1a99-44a7-b3f9-087fb156b59e/host
Sep 29 19:01:23 gtw01 dnsmasq-dhcp[32154]: read /var/lib/neutron/dhcp/5a9b2bc7-1a99-44a7-b3f9-087fb156b59e/opts
Sep 29 19:01:24 gtw01 dnsmasq[341]: read /var/lib/neutron/dhcp/1693a53f-f6b9-44f3-865e-bec3163b7099/addn_hosts - 2 addresses
Sep 29 19:01:24 gtw01 dnsmasq-dhcp[341]: read /var/lib/neutron/dhcp/1693a53f-f6b9-44f3-865e-bec3163b7099/host
Sep 29 19:01:24 gtw01 dnsmasq-dhcp[341]: read /var/lib/neutron/dhcp/1693a53f-f6b9-44f3-865e-bec3163b7099/opts
Sep 29 19:01:24 gtw01 dnsmasq[32502]: read /var/lib/neutron/dhcp/4f68cbc8-f6e9-4c47-829e-32949978296a/addn_hosts - 1 addresses
Sep 29 19:01:24 gtw01 dnsmasq-dhcp[32502]: read /var/lib/neutron/dhcp/4f68cbc8-f6e9-4c47-829e-32949978296a/host
Sep 29 19:01:24 gtw01 dnsmasq-dhcp[32502]: read /var/lib/neutron/dhcp/4f68cbc8-f6e9-4c47-829e-32949978296a/opts
Sep 29 19:01:24 gtw01 dnsmasq[617]: started, version 2.80 cachesize 150
Sep 29 19:01:24 gtw01 dnsmasq[617]: DNS service limited to local subnets
Sep 29 19:01:24 gtw01 dnsmasq[617]: compile time options: IPv6 GNU-getopt DBus i18n IDN DHCP DHCPv6 no-Lua TFTP conntrack ipset auth DNSSEC loop-detect inotify dumpfile
Sep 29 19:01:24 gtw01 dnsmasq[617]: warning: no upstream servers configured
Sep 29 19:01:24 gtw01 dnsmasq-dhcp[617]: DHCP, static leases only on 192.168.120.96, lease time 1h
Sep 29 19:01:24 gtw01 dnsmasq[617]: read /var/lib/neutron/dhcp/c419be8e-274f-4e71-9bd4-1b53023c4fe7/addn_hosts - 1 addresses
Sep 29 19:01:24 gtw01 dnsmasq-dhcp[617]: read /var/lib/neutron/dhcp/c419be8e-274f-4e71-9bd4-1b53023c4fe7/host
Sep 29 19:01:24 gtw01 dnsmasq-dhcp[617]: read /var/lib/neutron/dhcp/c419be8e-274f-4e71-9bd4-1b53023c4fe7/opts
Sep 29 19:01:25 gtw01 dnsmasq[32602]: read /var/lib/neutron/dhcp/5cc0b4a9-78b0-4b2b-84b8-127e9fb1d810/addn_hosts - 3 addresses
Sep 29 19:01:25 gtw01 dnsmasq-dhcp[32602]: read /var/lib/neutron/dhcp/5cc0b4a9-78b0-4b2b-84b8-127e9fb1d810/host
Sep 29 19:01:25 gtw01 dnsmasq-dhcp[32602]: read /var/lib/neutron/dhcp/5cc0b4a9-78b0-4b2b-84b8-127e9fb1d810/opts
Sep 29 19:01:25 gtw01 haproxy-metadata-proxy-c419be8e-274f-4e71-9bd4-1b53023c4fe7[636]: Proxy listener started.
Sep 29 19:01:25 gtw01 dnsmasq[341]: read /var/lib/neutron/dhcp/1693a53f-f6b9-44f3-865e-bec3163b7099/addn_hosts - 2 addresses
Sep 29 19:01:25 gtw01 dnsmasq-dhcp[341]: read /var/lib/neutron/dhcp/1693a53f-f6b9-44f3-865e-bec3163b7099/host
Sep 29 19:01:25 gtw01 dnsmasq-dhcp[341]: read /var/lib/neutron/dhcp/1693a53f-f6b9-44f3-865e-bec3163b7099/opts
Sep 29 19:01:25 gtw01 kernel: [ 3244.063692] device tapbbae951f-27 left promiscuous mode
Sep 29 19:01:26 gtw01 dnsmasq[617]: read /var/lib/neutron/dhcp/c419be8e-274f-4e71-9bd4-1b53023c4fe7/addn_hosts - 1 addresses
Sep 29 19:01:26 gtw01 dnsmasq-dhcp[617]: read /var/lib/neutron/dhcp/c419be8e-274f-4e71-9bd4-1b53023c4fe7/host
Sep 29 19:01:26 gtw01 dnsmasq-dhcp[617]: read /var/lib/neutron/dhcp/c419be8e-274f-4e71-9bd4-1b53023c4fe7/opts
Sep 29 19:01:26 gtw01 dnsmasq[32602]: read /var/lib/neutron/dhcp/5cc0b4a9-78b0-4b2b-84b8-127e9fb1d810/addn_hosts - 3 addresses
Sep 29 19:01:26 gtw01 dnsmasq-dhcp[32602]: read /var/lib/neutron/dhcp/5cc0b4a9-78b0-4b2b-84b8-127e9fb1d810/host
Sep 29 19:01:26 gtw01 dnsmasq-dhcp[32602]: read /var/lib/neutron/dhcp/5cc0b4a9-78b0-4b2b-84b8-127e9fb1d810/opts
Sep 29 19:01:26 gtw01 dnsmasq[341]: read /var/lib/neutron/dhcp/1693a53f-f6b9-44f3-865e-bec3163b7099/addn_hosts - 2 addresses
Sep 29 19:01:26 gtw01 dnsmasq-dhcp[341]: read /var/lib/neutron/dhcp/1693a53f-f6b9-44f3-865e-bec3163b7099/host
Sep 29 19:01:26 gtw01 dnsmasq-dhcp[341]: read /var/lib/neutron/dhcp/1693a53f-f6b9-44f3-865e-bec3163b7099/opts
Sep 29 19:01:27 gtw01 dnsmasq[617]: read /var/lib/neutron/dhcp/c419be8e-274f-4e71-9bd4-1b53023c4fe7/addn_hosts - 2 addresses
Sep 29 19:01:27 gtw01 dnsmasq-dhcp[617]: read /var/lib/neutron/dhcp/c419be8e-274f-4e71-9bd4-1b53023c4fe7/host
Sep 29 19:01:27 gtw01 dnsmasq-dhcp[617]: read /var/lib/neutron/dhcp/c419be8e-274f-4e71-9bd4-1b53023c4fe7/opts
Sep 29 19:01:28 gtw01 kernel: [ 3246.316684] device tapd10a97f3-89 left promiscuous mode
Sep 29 19:01:28 gtw01 dnsmasq[341]: read /var/lib/neutron/dhcp/1693a53f-f6b9-44f3-865e-bec3163b7099/addn_hosts - 2 addresses
Sep 29 19:01:28 gtw01 dnsmasq-dhcp[341]: read /var/lib/neutron/dhcp/1693a53f-f6b9-44f3-865e-bec3163b7099/host
Sep 29 19:01:28 gtw01 dnsmasq-dhcp[341]: read /var/lib/neutron/dhcp/1693a53f-f6b9-44f3-865e-bec3163b7099/opts
Sep 29 19:01:28 gtw01 dnsmasq[32602]: read /var/lib/neutron/dhcp/5cc0b4a9-78b0-4b2b-84b8-127e9fb1d810/addn_hosts - 3 addresses
Sep 29 19:01:28 gtw01 dnsmasq-dhcp[32602]: read /var/lib/neutron/dhcp/5cc0b4a9-78b0-4b2b-84b8-127e9fb1d810/host
Sep 29 19:01:28 gtw01 dnsmasq-dhcp[32602]: read /var/lib/neutron/dhcp/5cc0b4a9-78b0-4b2b-84b8-127e9fb1d810/opts
Sep 29 19:01:28 gtw01 systemd-udevd[783]: Could not generate persistent MAC address for tap668aa43b-2d: No such file or directory
Sep 29 19:01:28 gtw01 kernel: [ 3246.856025] device tap668aa43b-2d entered promiscuous mode
Sep 29 19:01:28 gtw01 systemd-udevd[783]: Process '/sbin/ip link set tap668aa43b-2d txqueuelen 10000' failed with exit code 1.
Sep 29 19:01:28 gtw01 systemd-udevd[783]: Process '/sbin/ip link set tap668aa43b-2d txqueuelen 10000' failed with exit code 1.
Sep 29 19:01:29 gtw01 dnsmasq[617]: read /var/lib/neutron/dhcp/c419be8e-274f-4e71-9bd4-1b53023c4fe7/addn_hosts - 2 addresses
Sep 29 19:01:29 gtw01 dnsmasq-dhcp[617]: read /var/lib/neutron/dhcp/c419be8e-274f-4e71-9bd4-1b53023c4fe7/host
Sep 29 19:01:29 gtw01 dnsmasq-dhcp[617]: read /var/lib/neutron/dhcp/c419be8e-274f-4e71-9bd4-1b53023c4fe7/opts
Sep 29 19:01:29 gtw01 kernel: [ 3248.103683] device tap9e512369-dc left promiscuous mode
Sep 29 19:01:30 gtw01 dnsmasq[341]: read /var/lib/neutron/dhcp/1693a53f-f6b9-44f3-865e-bec3163b7099/addn_hosts - 2 addresses
Sep 29 19:01:30 gtw01 dnsmasq-dhcp[341]: read /var/lib/neutron/dhcp/1693a53f-f6b9-44f3-865e-bec3163b7099/host
Sep 29 19:01:30 gtw01 dnsmasq-dhcp[341]: read /var/lib/neutron/dhcp/1693a53f-f6b9-44f3-865e-bec3163b7099/opts
Sep 29 19:01:30 gtw01 dnsmasq[32602]: read /var/lib/neutron/dhcp/5cc0b4a9-78b0-4b2b-84b8-127e9fb1d810/addn_hosts - 3 addresses
Sep 29 19:01:30 gtw01 dnsmasq-dhcp[32602]: read /var/lib/neutron/dhcp/5cc0b4a9-78b0-4b2b-84b8-127e9fb1d810/host
Sep 29 19:01:30 gtw01 dnsmasq-dhcp[32602]: read /var/lib/neutron/dhcp/5cc0b4a9-78b0-4b2b-84b8-127e9fb1d810/opts
Sep 29 19:01:31 gtw01 kernel: [ 3249.187636] device tap6e7a8bdb-a7 left promiscuous mode
Sep 29 19:01:31 gtw01 dnsmasq[341]: read /var/lib/neutron/dhcp/1693a53f-f6b9-44f3-865e-bec3163b7099/addn_hosts - 2 addresses
Sep 29 19:01:31 gtw01 dnsmasq-dhcp[341]: read /var/lib/neutron/dhcp/1693a53f-f6b9-44f3-865e-bec3163b7099/host
Sep 29 19:01:31 gtw01 dnsmasq-dhcp[341]: read /var/lib/neutron/dhcp/1693a53f-f6b9-44f3-865e-bec3163b7099/opts
Sep 29 19:01:31 gtw01 dnsmasq[617]: read /var/lib/neutron/dhcp/c419be8e-274f-4e71-9bd4-1b53023c4fe7/addn_hosts - 2 addresses
Sep 29 19:01:31 gtw01 dnsmasq-dhcp[617]: read /var/lib/neutron/dhcp/c419be8e-274f-4e71-9bd4-1b53023c4fe7/host
Sep 29 19:01:31 gtw01 dnsmasq-dhcp[617]: read /var/lib/neutron/dhcp/c419be8e-274f-4e71-9bd4-1b53023c4fe7/opts
Sep 29 19:01:31 gtw01 dnsmasq[32602]: read /var/lib/neutron/dhcp/5cc0b4a9-78b0-4b2b-84b8-127e9fb1d810/addn_hosts - 3 addresses
Sep 29 19:01:31 gtw01 dnsmasq-dhcp[32602]: read /var/lib/neutron/dhcp/5cc0b4a9-78b0-4b2b-84b8-127e9fb1d810/host
Sep 29 19:01:31 gtw01 dnsmasq-dhcp[32602]: read /var/lib/neutron/dhcp/5cc0b4a9-78b0-4b2b-84b8-127e9fb1d810/opts
Sep 29 19:01:32 gtw01 kernel: [ 3250.899677] device tap5d85c63e-29 left promiscuous mode
Sep 29 19:01:33 gtw01 dnsmasq[341]: read /var/lib/neutron/dhcp/1693a53f-f6b9-44f3-865e-bec3163b7099/addn_hosts - 1 addresses
Sep 29 19:01:33 gtw01 dnsmasq-dhcp[341]: read /var/lib/neutron/dhcp/1693a53f-f6b9-44f3-865e-bec3163b7099/host
Sep 29 19:01:33 gtw01 dnsmasq-dhcp[341]: read /var/lib/neutron/dhcp/1693a53f-f6b9-44f3-865e-bec3163b7099/opts
Sep 29 19:01:33 gtw01 dnsmasq[32602]: read /var/lib/neutron/dhcp/5cc0b4a9-78b0-4b2b-84b8-127e9fb1d810/addn_hosts - 3 addresses
Sep 29 19:01:33 gtw01 dnsmasq-dhcp[32602]: read /var/lib/neutron/dhcp/5cc0b4a9-78b0-4b2b-84b8-127e9fb1d810/host
Sep 29 19:01:33 gtw01 dnsmasq-dhcp[32602]: read /var/lib/neutron/dhcp/5cc0b4a9-78b0-4b2b-84b8-127e9fb1d810/opts
Sep 29 19:01:33 gtw01 dnsmasq[617]: read /var/lib/neutron/dhcp/c419be8e-274f-4e71-9bd4-1b53023c4fe7/addn_hosts - 2 addresses
Sep 29 19:01:33 gtw01 dnsmasq-dhcp[617]: read /var/lib/neutron/dhcp/c419be8e-274f-4e71-9bd4-1b53023c4fe7/host
Sep 29 19:01:33 gtw01 dnsmasq-dhcp[617]: read /var/lib/neutron/dhcp/c419be8e-274f-4e71-9bd4-1b53023c4fe7/opts
Sep 29 19:01:34 gtw01 dnsmasq[1094]: started, version 2.80 cachesize 150
Sep 29 19:01:34 gtw01 dnsmasq[1094]: DNS service limited to local subnets
Sep 29 19:01:34 gtw01 dnsmasq[1094]: compile time options: IPv6 GNU-getopt DBus i18n IDN DHCP DHCPv6 no-Lua TFTP conntrack ipset auth DNSSEC loop-detect inotify dumpfile
Sep 29 19:01:34 gtw01 dnsmasq[1094]: warning: no upstream servers configured
Sep 29 19:01:34 gtw01 dnsmasq-dhcp[1094]: DHCP, static leases only on 192.168.120.16, lease time 1h
Sep 29 19:01:34 gtw01 dnsmasq[1094]: read /var/lib/neutron/dhcp/0789bd37-b216-434d-a35b-ee810be5f162/addn_hosts - 1 addresses
Sep 29 19:01:34 gtw01 dnsmasq-dhcp[1094]: read /var/lib/neutron/dhcp/0789bd37-b216-434d-a35b-ee810be5f162/host
Sep 29 19:01:34 gtw01 dnsmasq-dhcp[1094]: read /var/lib/neutron/dhcp/0789bd37-b216-434d-a35b-ee810be5f162/opts
Sep 29 19:01:34 gtw01 haproxy-metadata-proxy-0789bd37-b216-434d-a35b-ee810be5f162[1107]: Proxy listener started.
Sep 29 19:01:34 gtw01 kernel: [ 3252.858756] device tap3ae561c2-75 left promiscuous mode
Sep 29 19:01:34 gtw01 dnsmasq[617]: read /var/lib/neutron/dhcp/c419be8e-274f-4e71-9bd4-1b53023c4fe7/addn_hosts - 2 addresses
Sep 29 19:01:34 gtw01 dnsmasq-dhcp[617]: read /var/lib/neutron/dhcp/c419be8e-274f-4e71-9bd4-1b53023c4fe7/host
Sep 29 19:01:34 gtw01 dnsmasq-dhcp[617]: read /var/lib/neutron/dhcp/c419be8e-274f-4e71-9bd4-1b53023c4fe7/opts
Sep 29 19:01:34 gtw01 dnsmasq[32602]: read /var/lib/neutron/dhcp/5cc0b4a9-78b0-4b2b-84b8-127e9fb1d810/addn_hosts - 2 addresses
Sep 29 19:01:34 gtw01 dnsmasq-dhcp[32602]: read /var/lib/neutron/dhcp/5cc0b4a9-78b0-4b2b-84b8-127e9fb1d810/host
Sep 29 19:01:34 gtw01 dnsmasq-dhcp[32602]: read /var/lib/neutron/dhcp/5cc0b4a9-78b0-4b2b-84b8-127e9fb1d810/opts
Sep 29 19:01:35 gtw01 dnsmasq[1094]: read /var/lib/neutron/dhcp/0789bd37-b216-434d-a35b-ee810be5f162/addn_hosts - 2 addresses
Sep 29 19:01:35 gtw01 dnsmasq-dhcp[1094]: read /var/lib/neutron/dhcp/0789bd37-b216-434d-a35b-ee810be5f162/host
Sep 29 19:01:35 gtw01 dnsmasq-dhcp[1094]: read /var/lib/neutron/dhcp/0789bd37-b216-434d-a35b-ee810be5f162/opts
Sep 29 19:01:35 gtw01 dnsmasq[32602]: read /var/lib/neutron/dhcp/5cc0b4a9-78b0-4b2b-84b8-127e9fb1d810/addn_hosts - 1 addresses
Sep 29 19:01:35 gtw01 dnsmasq-dhcp[32602]: read /var/lib/neutron/dhcp/5cc0b4a9-78b0-4b2b-84b8-127e9fb1d810/host
Sep 29 19:01:35 gtw01 dnsmasq-dhcp[32602]: read /var/lib/neutron/dhcp/5cc0b4a9-78b0-4b2b-84b8-127e9fb1d810/opts
Sep 29 19:01:36 gtw01 kernel: [ 3254.327601] device tapc6060913-22 left promiscuous mode
Sep 29 19:01:36 gtw01 dnsmasq[1094]: read /var/lib/neutron/dhcp/0789bd37-b216-434d-a35b-ee810be5f162/addn_hosts - 2 addresses
Sep 29 19:01:36 gtw01 dnsmasq-dhcp[1094]: read /var/lib/neutron/dhcp/0789bd37-b216-434d-a35b-ee810be5f162/host
Sep 29 19:01:36 gtw01 dnsmasq-dhcp[1094]: read /var/lib/neutron/dhcp/0789bd37-b216-434d-a35b-ee810be5f162/opts
Sep 29 19:01:37 gtw01 dnsmasq[1094]: read /var/lib/neutron/dhcp/0789bd37-b216-434d-a35b-ee810be5f162/addn_hosts - 2 addresses
Sep 29 19:01:37 gtw01 dnsmasq-dhcp[1094]: read /var/lib/neutron/dhcp/0789bd37-b216-434d-a35b-ee810be5f162/host
Sep 29 19:01:37 gtw01 dnsmasq-dhcp[1094]: read /var/lib/neutron/dhcp/0789bd37-b216-434d-a35b-ee810be5f162/opts
Sep 29 19:01:37 gtw01 dnsmasq[1094]: read /var/lib/neutron/dhcp/0789bd37-b216-434d-a35b-ee810be5f162/addn_hosts - 2 addresses
Sep 29 19:01:37 gtw01 dnsmasq-dhcp[1094]: read /var/lib/neutron/dhcp/0789bd37-b216-434d-a35b-ee810be5f162/host
Sep 29 19:01:37 gtw01 dnsmasq-dhcp[1094]: read /var/lib/neutron/dhcp/0789bd37-b216-434d-a35b-ee810be5f162/opts
Sep 29 19:01:38 gtw01 dnsmasq[1094]: read /var/lib/neutron/dhcp/0789bd37-b216-434d-a35b-ee810be5f162/addn_hosts - 2 addresses
Sep 29 19:01:38 gtw01 dnsmasq-dhcp[1094]: read /var/lib/neutron/dhcp/0789bd37-b216-434d-a35b-ee810be5f162/host
Sep 29 19:01:38 gtw01 dnsmasq-dhcp[1094]: read /var/lib/neutron/dhcp/0789bd37-b216-434d-a35b-ee810be5f162/opts
Sep 29 19:01:43 gtw01 systemd-udevd[1267]: Could not generate persistent MAC address for tap8a1e2319-e6: No such file or directory
Sep 29 19:01:43 gtw01 kernel: [ 3261.840149] device tap8a1e2319-e6 entered promiscuous mode
Sep 29 19:01:43 gtw01 systemd-udevd[1267]: Process '/sbin/ip link set tap8a1e2319-e6 txqueuelen 10000' failed with exit code 1.
Sep 29 19:01:43 gtw01 systemd-udevd[1341]: Process '/sbin/ip link set tap8a1e2319-e6 txqueuelen 10000' failed with exit code 1.
Sep 29 19:01:47 gtw01 dnsmasq[1402]: started, version 2.80 cachesize 150
Sep 29 19:01:47 gtw01 dnsmasq[1402]: DNS service limited to local subnets
Sep 29 19:01:47 gtw01 dnsmasq[1402]: compile time options: IPv6 GNU-getopt DBus i18n IDN DHCP DHCPv6 no-Lua TFTP conntrack ipset auth DNSSEC loop-detect inotify dumpfile
Sep 29 19:01:47 gtw01 dnsmasq[1402]: warning: no upstream servers configured
Sep 29 19:01:47 gtw01 dnsmasq-dhcp[1402]: DHCP, static leases only on 192.168.120.0, lease time 1h
Sep 29 19:01:47 gtw01 dnsmasq[1402]: read /var/lib/neutron/dhcp/34c3f5cc-4bfc-40bc-81fd-ef0569a6d620/addn_hosts - 1 addresses
Sep 29 19:01:47 gtw01 dnsmasq-dhcp[1402]: read /var/lib/neutron/dhcp/34c3f5cc-4bfc-40bc-81fd-ef0569a6d620/host
Sep 29 19:01:47 gtw01 dnsmasq-dhcp[1402]: read /var/lib/neutron/dhcp/34c3f5cc-4bfc-40bc-81fd-ef0569a6d620/opts
Sep 29 19:01:47 gtw01 haproxy-metadata-proxy-34c3f5cc-4bfc-40bc-81fd-ef0569a6d620[1406]: Proxy listener started.
Sep 29 19:01:48 gtw01 dnsmasq[1402]: read /var/lib/neutron/dhcp/34c3f5cc-4bfc-40bc-81fd-ef0569a6d620/addn_hosts - 3 addresses
Sep 29 19:01:48 gtw01 dnsmasq-dhcp[1402]: read /var/lib/neutron/dhcp/34c3f5cc-4bfc-40bc-81fd-ef0569a6d620/host
Sep 29 19:01:48 gtw01 dnsmasq-dhcp[1402]: read /var/lib/neutron/dhcp/34c3f5cc-4bfc-40bc-81fd-ef0569a6d620/opts
Sep 29 19:01:48 gtw01 dnsmasq[1402]: read /var/lib/neutron/dhcp/34c3f5cc-4bfc-40bc-81fd-ef0569a6d620/addn_hosts - 3 addresses
Sep 29 19:01:48 gtw01 dnsmasq-dhcp[1402]: read /var/lib/neutron/dhcp/34c3f5cc-4bfc-40bc-81fd-ef0569a6d620/host
Sep 29 19:01:49 gtw01 dnsmasq-dhcp[1402]: read /var/lib/neutron/dhcp/34c3f5cc-4bfc-40bc-81fd-ef0569a6d620/opts
Sep 29 19:01:49 gtw01 dnsmasq[1402]: read /var/lib/neutron/dhcp/34c3f5cc-4bfc-40bc-81fd-ef0569a6d620/addn_hosts - 3 addresses
Sep 29 19:01:49 gtw01 dnsmasq-dhcp[1402]: read /var/lib/neutron/dhcp/34c3f5cc-4bfc-40bc-81fd-ef0569a6d620/host
Sep 29 19:01:49 gtw01 dnsmasq-dhcp[1402]: read /var/lib/neutron/dhcp/34c3f5cc-4bfc-40bc-81fd-ef0569a6d620/opts
Sep 29 19:01:50 gtw01 dnsmasq[1402]: read /var/lib/neutron/dhcp/34c3f5cc-4bfc-40bc-81fd-ef0569a6d620/addn_hosts - 3 addresses
Sep 29 19:01:50 gtw01 dnsmasq-dhcp[1402]: read /var/lib/neutron/dhcp/34c3f5cc-4bfc-40bc-81fd-ef0569a6d620/host
Sep 29 19:01:50 gtw01 dnsmasq-dhcp[1402]: read /var/lib/neutron/dhcp/34c3f5cc-4bfc-40bc-81fd-ef0569a6d620/opts
Sep 29 19:01:51 gtw01 systemd-udevd[1486]: Could not generate persistent MAC address for tap66181f5c-d0: No such file or directory
Sep 29 19:01:51 gtw01 kernel: [ 3269.187348] device tap66181f5c-d0 entered promiscuous mode
Sep 29 19:01:51 gtw01 systemd-udevd[1486]: Process '/sbin/ip link set tap66181f5c-d0 txqueuelen 10000' failed with exit code 1.
Sep 29 19:01:51 gtw01 systemd-udevd[1563]: Process '/sbin/ip link set tap66181f5c-d0 txqueuelen 10000' failed with exit code 1.
Sep 29 19:01:51 gtw01 dnsmasq[1402]: read /var/lib/neutron/dhcp/34c3f5cc-4bfc-40bc-81fd-ef0569a6d620/addn_hosts - 3 addresses
Sep 29 19:01:51 gtw01 dnsmasq-dhcp[1402]: read /var/lib/neutron/dhcp/34c3f5cc-4bfc-40bc-81fd-ef0569a6d620/host
Sep 29 19:01:51 gtw01 dnsmasq-dhcp[1402]: read /var/lib/neutron/dhcp/34c3f5cc-4bfc-40bc-81fd-ef0569a6d620/opts
Sep 29 19:01:53 gtw01 dnsmasq[1402]: read /var/lib/neutron/dhcp/34c3f5cc-4bfc-40bc-81fd-ef0569a6d620/addn_hosts - 3 addresses
Sep 29 19:01:53 gtw01 dnsmasq-dhcp[1402]: read /var/lib/neutron/dhcp/34c3f5cc-4bfc-40bc-81fd-ef0569a6d620/host
Sep 29 19:01:53 gtw01 dnsmasq-dhcp[1402]: read /var/lib/neutron/dhcp/34c3f5cc-4bfc-40bc-81fd-ef0569a6d620/opts
Sep 29 19:01:53 gtw01 dnsmasq[31051]: read /var/lib/neutron/dhcp/a7d113dc-b538-4dc5-968d-e87c08725d5d/addn_hosts - 1 addresses
Sep 29 19:01:53 gtw01 dnsmasq-dhcp[31051]: read /var/lib/neutron/dhcp/a7d113dc-b538-4dc5-968d-e87c08725d5d/host
Sep 29 19:01:53 gtw01 dnsmasq-dhcp[31051]: read /var/lib/neutron/dhcp/a7d113dc-b538-4dc5-968d-e87c08725d5d/opts
Sep 29 19:01:54 gtw01 dnsmasq[1402]: read /var/lib/neutron/dhcp/34c3f5cc-4bfc-40bc-81fd-ef0569a6d620/addn_hosts - 2 addresses
Sep 29 19:01:54 gtw01 dnsmasq-dhcp[1402]: read /var/lib/neutron/dhcp/34c3f5cc-4bfc-40bc-81fd-ef0569a6d620/host
Sep 29 19:01:54 gtw01 dnsmasq-dhcp[1402]: read /var/lib/neutron/dhcp/34c3f5cc-4bfc-40bc-81fd-ef0569a6d620/opts
Sep 29 19:01:54 gtw01 dnsmasq[1691]: started, version 2.80 cachesize 150
Sep 29 19:01:54 gtw01 dnsmasq[1691]: DNS service limited to local subnets
Sep 29 19:01:54 gtw01 dnsmasq[1691]: compile time options: IPv6 GNU-getopt DBus i18n IDN DHCP DHCPv6 no-Lua TFTP conntrack ipset auth DNSSEC loop-detect inotify dumpfile
Sep 29 19:01:54 gtw01 dnsmasq[1691]: warning: no upstream servers configured
Sep 29 19:01:54 gtw01 dnsmasq-dhcp[1691]: DHCP, static leases only on 192.168.120.0, lease time 1h
Sep 29 19:01:54 gtw01 dnsmasq[1691]: read /var/lib/neutron/dhcp/148e3e0b-60e5-418e-925c-db4c26f80463/addn_hosts - 1 addresses
Sep 29 19:01:54 gtw01 dnsmasq-dhcp[1691]: read /var/lib/neutron/dhcp/148e3e0b-60e5-418e-925c-db4c26f80463/host
Sep 29 19:01:54 gtw01 dnsmasq-dhcp[1691]: read /var/lib/neutron/dhcp/148e3e0b-60e5-418e-925c-db4c26f80463/opts
Sep 29 19:01:54 gtw01 haproxy-metadata-proxy-148e3e0b-60e5-418e-925c-db4c26f80463[1698]: Proxy listener started.
Sep 29 19:01:55 gtw01 dnsmasq[1402]: read /var/lib/neutron/dhcp/34c3f5cc-4bfc-40bc-81fd-ef0569a6d620/addn_hosts - 1 addresses
Sep 29 19:01:55 gtw01 dnsmasq-dhcp[1402]: read /var/lib/neutron/dhcp/34c3f5cc-4bfc-40bc-81fd-ef0569a6d620/host
Sep 29 19:01:55 gtw01 dnsmasq-dhcp[1402]: read /var/lib/neutron/dhcp/34c3f5cc-4bfc-40bc-81fd-ef0569a6d620/opts
Sep 29 19:01:55 gtw01 kernel: [ 3273.882826] device tap66181f5c-d0 left promiscuous mode
Sep 29 19:01:57 gtw01 systemd-udevd[1743]: Could not generate persistent MAC address for tapd4beaf04-da: No such file or directory
Sep 29 19:01:57 gtw01 kernel: [ 3275.751972] device tapd4beaf04-da entered promiscuous mode
Sep 29 19:01:57 gtw01 systemd-udevd[1743]: Process '/sbin/ip link set tapd4beaf04-da txqueuelen 10000' failed with exit code 1.
Sep 29 19:01:59 gtw01 kernel: [ 3277.806626] device tap8a1e2319-e6 left promiscuous mode
Sep 29 19:02:00 gtw01 dnsmasq[1882]: started, version 2.80 cachesize 150
Sep 29 19:02:00 gtw01 dnsmasq[1882]: DNS service limited to local subnets
Sep 29 19:02:00 gtw01 dnsmasq[1882]: compile time options: IPv6 GNU-getopt DBus i18n IDN DHCP DHCPv6 no-Lua TFTP conntrack ipset auth DNSSEC loop-detect inotify dumpfile
Sep 29 19:02:00 gtw01 dnsmasq[1882]: warning: no upstream servers configured
Sep 29 19:02:00 gtw01 dnsmasq-dhcp[1882]: DHCPv6, static leases only on 2003:0:0:2::, lease time 1h
Sep 29 19:02:01 gtw01 dnsmasq[1882]: read /var/lib/neutron/dhcp/05b59e24-04dc-409d-aa11-c7efaa37a249/addn_hosts - 1 addresses
Sep 29 19:02:01 gtw01 dnsmasq-dhcp[1882]: read /var/lib/neutron/dhcp/05b59e24-04dc-409d-aa11-c7efaa37a249/host
Sep 29 19:02:01 gtw01 dnsmasq-dhcp[1882]: read /var/lib/neutron/dhcp/05b59e24-04dc-409d-aa11-c7efaa37a249/opts
Sep 29 19:02:01 gtw01 dnsmasq[1882]: read /var/lib/neutron/dhcp/05b59e24-04dc-409d-aa11-c7efaa37a249/addn_hosts - 2 addresses
Sep 29 19:02:01 gtw01 dnsmasq-dhcp[1882]: read /var/lib/neutron/dhcp/05b59e24-04dc-409d-aa11-c7efaa37a249/host
Sep 29 19:02:01 gtw01 dnsmasq-dhcp[1882]: read /var/lib/neutron/dhcp/05b59e24-04dc-409d-aa11-c7efaa37a249/opts
Sep 29 19:02:02 gtw01 dnsmasq[1882]: read /var/lib/neutron/dhcp/05b59e24-04dc-409d-aa11-c7efaa37a249/addn_hosts - 2 addresses
Sep 29 19:02:02 gtw01 dnsmasq-dhcp[1882]: read /var/lib/neutron/dhcp/05b59e24-04dc-409d-aa11-c7efaa37a249/host
Sep 29 19:02:02 gtw01 dnsmasq-dhcp[1882]: read /var/lib/neutron/dhcp/05b59e24-04dc-409d-aa11-c7efaa37a249/opts
Sep 29 19:02:03 gtw01 dnsmasq[1882]: read /var/lib/neutron/dhcp/05b59e24-04dc-409d-aa11-c7efaa37a249/addn_hosts - 2 addresses
Sep 29 19:02:03 gtw01 dnsmasq-dhcp[1882]: read /var/lib/neutron/dhcp/05b59e24-04dc-409d-aa11-c7efaa37a249/host
Sep 29 19:02:03 gtw01 dnsmasq-dhcp[1882]: read /var/lib/neutron/dhcp/05b59e24-04dc-409d-aa11-c7efaa37a249/opts
Sep 29 19:02:04 gtw01 dnsmasq[1882]: read /var/lib/neutron/dhcp/05b59e24-04dc-409d-aa11-c7efaa37a249/addn_hosts - 2 addresses
Sep 29 19:02:04 gtw01 dnsmasq-dhcp[1882]: read /var/lib/neutron/dhcp/05b59e24-04dc-409d-aa11-c7efaa37a249/host
Sep 29 19:02:04 gtw01 dnsmasq-dhcp[1882]: read /var/lib/neutron/dhcp/05b59e24-04dc-409d-aa11-c7efaa37a249/opts
Sep 29 19:02:05 gtw01 dnsmasq[1882]: read /var/lib/neutron/dhcp/05b59e24-04dc-409d-aa11-c7efaa37a249/addn_hosts - 2 addresses
Sep 29 19:02:05 gtw01 dnsmasq-dhcp[1882]: read /var/lib/neutron/dhcp/05b59e24-04dc-409d-aa11-c7efaa37a249/host
Sep 29 19:02:05 gtw01 dnsmasq-dhcp[1882]: read /var/lib/neutron/dhcp/05b59e24-04dc-409d-aa11-c7efaa37a249/opts
Sep 29 19:02:06 gtw01 dnsmasq[1882]: read /var/lib/neutron/dhcp/05b59e24-04dc-409d-aa11-c7efaa37a249/addn_hosts - 1 addresses
Sep 29 19:02:06 gtw01 dnsmasq-dhcp[1882]: read /var/lib/neutron/dhcp/05b59e24-04dc-409d-aa11-c7efaa37a249/host
Sep 29 19:02:06 gtw01 dnsmasq-dhcp[1882]: read /var/lib/neutron/dhcp/05b59e24-04dc-409d-aa11-c7efaa37a249/opts
Sep 29 19:02:20 gtw01 kernel: [ 3298.332047] device tap9f9e4bb4-df entered promiscuous mode
Sep 29 19:02:20 gtw01 systemd-udevd[2003]: Could not generate persistent MAC address for tap9f9e4bb4-df: No such file or directory
Sep 29 19:02:20 gtw01 systemd-udevd[2003]: Process '/sbin/ip link set tap9f9e4bb4-df txqueuelen 10000' failed with exit code 1.
Sep 29 19:02:20 gtw01 systemd-udevd[2003]: Process '/sbin/ip link set tap9f9e4bb4-df txqueuelen 10000' failed with exit code 1.
Sep 29 19:02:23 gtw01 dnsmasq[2137]: started, version 2.80 cachesize 150
Sep 29 19:02:23 gtw01 dnsmasq[2137]: DNS service limited to local subnets
Sep 29 19:02:23 gtw01 dnsmasq[2137]: compile time options: IPv6 GNU-getopt DBus i18n IDN DHCP DHCPv6 no-Lua TFTP conntrack ipset auth DNSSEC loop-detect inotify dumpfile
Sep 29 19:02:23 gtw01 dnsmasq[2137]: warning: no upstream servers configured
Sep 29 19:02:23 gtw01 dnsmasq-dhcp[2137]: DHCP, static leases only on 192.168.120.16, lease time 1h
Sep 29 19:02:23 gtw01 dnsmasq[2137]: read /var/lib/neutron/dhcp/1a01678c-bfea-4319-b2b7-0efae22225cd/addn_hosts - 1 addresses
Sep 29 19:02:23 gtw01 dnsmasq-dhcp[2137]: read /var/lib/neutron/dhcp/1a01678c-bfea-4319-b2b7-0efae22225cd/host
Sep 29 19:02:23 gtw01 dnsmasq-dhcp[2137]: read /var/lib/neutron/dhcp/1a01678c-bfea-4319-b2b7-0efae22225cd/opts
Sep 29 19:02:23 gtw01 haproxy-metadata-proxy-1a01678c-bfea-4319-b2b7-0efae22225cd[2141]: Proxy listener started.
Sep 29 19:02:24 gtw01 dnsmasq[2137]: read /var/lib/neutron/dhcp/1a01678c-bfea-4319-b2b7-0efae22225cd/addn_hosts - 1 addresses
Sep 29 19:02:24 gtw01 dnsmasq-dhcp[2137]: read /var/lib/neutron/dhcp/1a01678c-bfea-4319-b2b7-0efae22225cd/host
Sep 29 19:02:24 gtw01 dnsmasq-dhcp[2137]: read /var/lib/neutron/dhcp/1a01678c-bfea-4319-b2b7-0efae22225cd/opts
Sep 29 19:02:25 gtw01 dnsmasq[2137]: read /var/lib/neutron/dhcp/1a01678c-bfea-4319-b2b7-0efae22225cd/addn_hosts - 1 addresses
Sep 29 19:02:25 gtw01 dnsmasq-dhcp[2137]: read /var/lib/neutron/dhcp/1a01678c-bfea-4319-b2b7-0efae22225cd/host
Sep 29 19:02:25 gtw01 dnsmasq-dhcp[2137]: read /var/lib/neutron/dhcp/1a01678c-bfea-4319-b2b7-0efae22225cd/opts
Sep 29 19:02:26 gtw01 dnsmasq[2137]: read /var/lib/neutron/dhcp/1a01678c-bfea-4319-b2b7-0efae22225cd/addn_hosts - 2 addresses
Sep 29 19:02:26 gtw01 dnsmasq-dhcp[2137]: read /var/lib/neutron/dhcp/1a01678c-bfea-4319-b2b7-0efae22225cd/host
Sep 29 19:02:26 gtw01 dnsmasq-dhcp[2137]: read /var/lib/neutron/dhcp/1a01678c-bfea-4319-b2b7-0efae22225cd/opts
Sep 29 19:02:27 gtw01 dnsmasq[2137]: read /var/lib/neutron/dhcp/1a01678c-bfea-4319-b2b7-0efae22225cd/addn_hosts - 2 addresses
Sep 29 19:02:27 gtw01 dnsmasq-dhcp[2137]: read /var/lib/neutron/dhcp/1a01678c-bfea-4319-b2b7-0efae22225cd/host
Sep 29 19:02:27 gtw01 dnsmasq-dhcp[2137]: read /var/lib/neutron/dhcp/1a01678c-bfea-4319-b2b7-0efae22225cd/opts
Sep 29 19:02:27 gtw01 kernel: [ 3305.615700] device tape4c377d5-36 left promiscuous mode
Sep 29 19:02:28 gtw01 kernel: [ 3306.791335] device tap9f9e4bb4-df left promiscuous mode
Sep 29 19:02:29 gtw01 kernel: [ 3307.359647] device tap60b88db6-3b left promiscuous mode
Sep 29 19:02:30 gtw01 kernel: [ 3308.894141] device tapd4beaf04-da left promiscuous mode
Sep 29 19:02:31 gtw01 dnsmasq[1094]: read /var/lib/neutron/dhcp/0789bd37-b216-434d-a35b-ee810be5f162/addn_hosts - 1 addresses
Sep 29 19:02:31 gtw01 dnsmasq-dhcp[1094]: read /var/lib/neutron/dhcp/0789bd37-b216-434d-a35b-ee810be5f162/host
Sep 29 19:02:31 gtw01 dnsmasq-dhcp[1094]: read /var/lib/neutron/dhcp/0789bd37-b216-434d-a35b-ee810be5f162/opts
Sep 29 19:02:34 gtw01 kernel: [ 3312.444034] device tap90a6ae36-b6 entered promiscuous mode
Sep 29 19:02:34 gtw01 systemd-udevd[2267]: Could not generate persistent MAC address for tap90a6ae36-b6: No such file or directory
Sep 29 19:02:34 gtw01 systemd-udevd[2267]: Process '/sbin/ip link set tap90a6ae36-b6 txqueuelen 10000' failed with exit code 1.
Sep 29 19:02:34 gtw01 systemd-udevd[2267]: Process '/sbin/ip link set tap90a6ae36-b6 txqueuelen 10000' failed with exit code 1.
Sep 29 19:02:37 gtw01 kernel: [ 3315.579057] device tapbc0e804e-1a entered promiscuous mode
Sep 29 19:02:37 gtw01 systemd-udevd[2420]: Could not generate persistent MAC address for tapbc0e804e-1a: No such file or directory
Sep 29 19:02:37 gtw01 systemd-udevd[2420]: Process '/sbin/ip link set tapbc0e804e-1a txqueuelen 10000' failed with exit code 1.
Sep 29 19:02:37 gtw01 dnsmasq[2499]: started, version 2.80 cachesize 150
Sep 29 19:02:37 gtw01 dnsmasq[2499]: DNS service limited to local subnets
Sep 29 19:02:37 gtw01 dnsmasq[2499]: compile time options: IPv6 GNU-getopt DBus i18n IDN DHCP DHCPv6 no-Lua TFTP conntrack ipset auth DNSSEC loop-detect inotify dumpfile
Sep 29 19:02:37 gtw01 dnsmasq[2499]: warning: no upstream servers configured
Sep 29 19:02:37 gtw01 dnsmasq-dhcp[2499]: DHCP, static leases only on 192.168.120.32, lease time 1h
Sep 29 19:02:37 gtw01 dnsmasq[2499]: read /var/lib/neutron/dhcp/3e9de26e-96b4-4c2d-bee3-06aad8225c8b/addn_hosts - 1 addresses
Sep 29 19:02:37 gtw01 dnsmasq-dhcp[2499]: read /var/lib/neutron/dhcp/3e9de26e-96b4-4c2d-bee3-06aad8225c8b/host
Sep 29 19:02:37 gtw01 dnsmasq-dhcp[2499]: read /var/lib/neutron/dhcp/3e9de26e-96b4-4c2d-bee3-06aad8225c8b/opts
Sep 29 19:02:37 gtw01 systemd-udevd[2493]: Process '/sbin/ip link set tapbc0e804e-1a txqueuelen 10000' failed with exit code 1.
Sep 29 19:02:37 gtw01 haproxy-metadata-proxy-3e9de26e-96b4-4c2d-bee3-06aad8225c8b[2515]: Proxy listener started.
Sep 29 19:02:38 gtw01 dnsmasq[2499]: read /var/lib/neutron/dhcp/3e9de26e-96b4-4c2d-bee3-06aad8225c8b/addn_hosts - 2 addresses
Sep 29 19:02:38 gtw01 dnsmasq-dhcp[2499]: read /var/lib/neutron/dhcp/3e9de26e-96b4-4c2d-bee3-06aad8225c8b/host
Sep 29 19:02:38 gtw01 dnsmasq-dhcp[2499]: read /var/lib/neutron/dhcp/3e9de26e-96b4-4c2d-bee3-06aad8225c8b/opts
Sep 29 19:02:39 gtw01 dnsmasq[2499]: read /var/lib/neutron/dhcp/3e9de26e-96b4-4c2d-bee3-06aad8225c8b/addn_hosts - 2 addresses
Sep 29 19:02:39 gtw01 dnsmasq-dhcp[2499]: read /var/lib/neutron/dhcp/3e9de26e-96b4-4c2d-bee3-06aad8225c8b/host
Sep 29 19:02:39 gtw01 dnsmasq-dhcp[2499]: read /var/lib/neutron/dhcp/3e9de26e-96b4-4c2d-bee3-06aad8225c8b/opts
Sep 29 19:02:40 gtw01 dnsmasq[2609]: started, version 2.80 cachesize 150
Sep 29 19:02:40 gtw01 dnsmasq[2609]: DNS service limited to local subnets
Sep 29 19:02:40 gtw01 dnsmasq[2609]: compile time options: IPv6 GNU-getopt DBus i18n IDN DHCP DHCPv6 no-Lua TFTP conntrack ipset auth DNSSEC loop-detect inotify dumpfile
Sep 29 19:02:40 gtw01 dnsmasq[2609]: warning: no upstream servers configured
Sep 29 19:02:40 gtw01 dnsmasq-dhcp[2609]: DHCP, static leases only on 192.168.120.32, lease time 1h
Sep 29 19:02:40 gtw01 dnsmasq[2609]: read /var/lib/neutron/dhcp/cd565a76-5e1b-4707-849a-c0393d44cf03/addn_hosts - 1 addresses
Sep 29 19:02:40 gtw01 dnsmasq-dhcp[2609]: read /var/lib/neutron/dhcp/cd565a76-5e1b-4707-849a-c0393d44cf03/host
Sep 29 19:02:40 gtw01 dnsmasq-dhcp[2609]: read /var/lib/neutron/dhcp/cd565a76-5e1b-4707-849a-c0393d44cf03/opts
Sep 29 19:02:40 gtw01 dnsmasq[2499]: read /var/lib/neutron/dhcp/3e9de26e-96b4-4c2d-bee3-06aad8225c8b/addn_hosts - 2 addresses
Sep 29 19:02:40 gtw01 dnsmasq-dhcp[2499]: read /var/lib/neutron/dhcp/3e9de26e-96b4-4c2d-bee3-06aad8225c8b/host
Sep 29 19:02:40 gtw01 dnsmasq-dhcp[2499]: read /var/lib/neutron/dhcp/3e9de26e-96b4-4c2d-bee3-06aad8225c8b/opts
Sep 29 19:02:41 gtw01 haproxy-metadata-proxy-cd565a76-5e1b-4707-849a-c0393d44cf03[2619]: Proxy listener started.
Sep 29 19:02:41 gtw01 dnsmasq[2499]: read /var/lib/neutron/dhcp/3e9de26e-96b4-4c2d-bee3-06aad8225c8b/addn_hosts - 2 addresses
Sep 29 19:02:41 gtw01 dnsmasq-dhcp[2499]: read /var/lib/neutron/dhcp/3e9de26e-96b4-4c2d-bee3-06aad8225c8b/host
Sep 29 19:02:41 gtw01 dnsmasq-dhcp[2499]: read /var/lib/neutron/dhcp/3e9de26e-96b4-4c2d-bee3-06aad8225c8b/opts
Sep 29 19:02:41 gtw01 dnsmasq[2609]: read /var/lib/neutron/dhcp/cd565a76-5e1b-4707-849a-c0393d44cf03/addn_hosts - 2 addresses
Sep 29 19:02:41 gtw01 dnsmasq-dhcp[2609]: read /var/lib/neutron/dhcp/cd565a76-5e1b-4707-849a-c0393d44cf03/host
Sep 29 19:02:41 gtw01 dnsmasq-dhcp[2609]: read /var/lib/neutron/dhcp/cd565a76-5e1b-4707-849a-c0393d44cf03/opts
Sep 29 19:02:42 gtw01 dnsmasq[2499]: read /var/lib/neutron/dhcp/3e9de26e-96b4-4c2d-bee3-06aad8225c8b/addn_hosts - 2 addresses
Sep 29 19:02:42 gtw01 dnsmasq-dhcp[2499]: read /var/lib/neutron/dhcp/3e9de26e-96b4-4c2d-bee3-06aad8225c8b/host
Sep 29 19:02:42 gtw01 dnsmasq-dhcp[2499]: read /var/lib/neutron/dhcp/3e9de26e-96b4-4c2d-bee3-06aad8225c8b/opts
Sep 29 19:02:42 gtw01 dnsmasq[2609]: read /var/lib/neutron/dhcp/cd565a76-5e1b-4707-849a-c0393d44cf03/addn_hosts - 2 addresses
Sep 29 19:02:42 gtw01 dnsmasq-dhcp[2609]: read /var/lib/neutron/dhcp/cd565a76-5e1b-4707-849a-c0393d44cf03/host
Sep 29 19:02:42 gtw01 dnsmasq-dhcp[2609]: read /var/lib/neutron/dhcp/cd565a76-5e1b-4707-849a-c0393d44cf03/opts
Sep 29 19:02:43 gtw01 dnsmasq[2609]: read /var/lib/neutron/dhcp/cd565a76-5e1b-4707-849a-c0393d44cf03/addn_hosts - 2 addresses
Sep 29 19:02:43 gtw01 dnsmasq-dhcp[2609]: read /var/lib/neutron/dhcp/cd565a76-5e1b-4707-849a-c0393d44cf03/host
Sep 29 19:02:43 gtw01 dnsmasq-dhcp[2609]: read /var/lib/neutron/dhcp/cd565a76-5e1b-4707-849a-c0393d44cf03/opts
Sep 29 19:02:44 gtw01 kernel: [ 3322.207658] device tap90a6ae36-b6 left promiscuous mode
Sep 29 19:02:44 gtw01 dnsmasq[2609]: read /var/lib/neutron/dhcp/cd565a76-5e1b-4707-849a-c0393d44cf03/addn_hosts - 2 addresses
Sep 29 19:02:44 gtw01 dnsmasq-dhcp[2609]: read /var/lib/neutron/dhcp/cd565a76-5e1b-4707-849a-c0393d44cf03/host
Sep 29 19:02:44 gtw01 dnsmasq-dhcp[2609]: read /var/lib/neutron/dhcp/cd565a76-5e1b-4707-849a-c0393d44cf03/opts
Sep 29 19:02:45 gtw01 dnsmasq[2609]: read /var/lib/neutron/dhcp/cd565a76-5e1b-4707-849a-c0393d44cf03/addn_hosts - 2 addresses
Sep 29 19:02:45 gtw01 dnsmasq-dhcp[2609]: read /var/lib/neutron/dhcp/cd565a76-5e1b-4707-849a-c0393d44cf03/host
Sep 29 19:02:45 gtw01 dnsmasq-dhcp[2609]: read /var/lib/neutron/dhcp/cd565a76-5e1b-4707-849a-c0393d44cf03/opts
Sep 29 19:02:46 gtw01 dnsmasq[2609]: read /var/lib/neutron/dhcp/cd565a76-5e1b-4707-849a-c0393d44cf03/addn_hosts - 1 addresses
Sep 29 19:02:46 gtw01 dnsmasq-dhcp[2609]: read /var/lib/neutron/dhcp/cd565a76-5e1b-4707-849a-c0393d44cf03/host
Sep 29 19:02:46 gtw01 dnsmasq-dhcp[2609]: read /var/lib/neutron/dhcp/cd565a76-5e1b-4707-849a-c0393d44cf03/opts
Sep 29 19:02:48 gtw01 kernel: [ 3326.309276] device tap8e987da3-c2 entered promiscuous mode
Sep 29 19:02:48 gtw01 systemd-udevd[2795]: Could not generate persistent MAC address for tap8e987da3-c2: No such file or directory
Sep 29 19:02:48 gtw01 systemd-udevd[2795]: Process '/sbin/ip link set tap8e987da3-c2 txqueuelen 10000' failed with exit code 1.
Sep 29 19:02:48 gtw01 systemd-udevd[2875]: Process '/sbin/ip link set tap8e987da3-c2 txqueuelen 10000' failed with exit code 1.
Sep 29 19:02:51 gtw01 dnsmasq[2935]: started, version 2.80 cachesize 150
Sep 29 19:02:51 gtw01 dnsmasq[2935]: DNS service limited to local subnets
Sep 29 19:02:51 gtw01 dnsmasq[2935]: compile time options: IPv6 GNU-getopt DBus i18n IDN DHCP DHCPv6 no-Lua TFTP conntrack ipset auth DNSSEC loop-detect inotify dumpfile
Sep 29 19:02:51 gtw01 dnsmasq[2935]: warning: no upstream servers configured
Sep 29 19:02:51 gtw01 dnsmasq-dhcp[2935]: DHCP, static leases only on 192.168.120.0, lease time 1h
Sep 29 19:02:51 gtw01 dnsmasq[2935]: read /var/lib/neutron/dhcp/eafac94e-09c7-4002-9d51-895e03e440bc/addn_hosts - 1 addresses
Sep 29 19:02:51 gtw01 dnsmasq-dhcp[2935]: read /var/lib/neutron/dhcp/eafac94e-09c7-4002-9d51-895e03e440bc/host
Sep 29 19:02:51 gtw01 dnsmasq-dhcp[2935]: read /var/lib/neutron/dhcp/eafac94e-09c7-4002-9d51-895e03e440bc/opts
Sep 29 19:02:51 gtw01 haproxy-metadata-proxy-eafac94e-09c7-4002-9d51-895e03e440bc[2939]: Proxy listener started.
Sep 29 19:02:52 gtw01 kernel: [ 3330.429644] device tap8e987da3-c2 left promiscuous mode
Sep 29 19:02:57 gtw01 kernel: [ 3335.553809] device tapa99295f0-6c entered promiscuous mode
Sep 29 19:02:57 gtw01 systemd-udevd[2971]: Could not generate persistent MAC address for tapa99295f0-6c: No such file or directory
Sep 29 19:02:57 gtw01 systemd-udevd[2971]: Process '/sbin/ip link set tapa99295f0-6c txqueuelen 10000' failed with exit code 1.
Sep 29 19:02:57 gtw01 systemd-udevd[3045]: Process '/sbin/ip link set tapa99295f0-6c txqueuelen 10000' failed with exit code 1.
