Sep 29 21:46:32 gtw01 dnsmasq-dhcp[10102]: read /var/lib/neutron/dhcp/6ff3ad45-b9af-4ae9-b532-234c69a6669b/host
Sep 29 21:46:32 gtw01 dnsmasq-dhcp[10102]: read /var/lib/neutron/dhcp/6ff3ad45-b9af-4ae9-b532-234c69a6669b/opts
Sep 29 21:46:32 gtw01 dnsmasq[9983]: read /var/lib/neutron/dhcp/329846e3-f755-48f7-9b34-fec6e2da3114/addn_hosts - 4 addresses
Sep 29 21:46:32 gtw01 dnsmasq-dhcp[9983]: read /var/lib/neutron/dhcp/329846e3-f755-48f7-9b34-fec6e2da3114/host
Sep 29 21:46:32 gtw01 dnsmasq-dhcp[9983]: read /var/lib/neutron/dhcp/329846e3-f755-48f7-9b34-fec6e2da3114/opts
Sep 29 21:46:33 gtw01 dnsmasq[10102]: read /var/lib/neutron/dhcp/6ff3ad45-b9af-4ae9-b532-234c69a6669b/addn_hosts - 3 addresses
Sep 29 21:46:33 gtw01 dnsmasq-dhcp[10102]: read /var/lib/neutron/dhcp/6ff3ad45-b9af-4ae9-b532-234c69a6669b/host
Sep 29 21:46:33 gtw01 dnsmasq-dhcp[10102]: read /var/lib/neutron/dhcp/6ff3ad45-b9af-4ae9-b532-234c69a6669b/opts
Sep 29 21:46:33 gtw01 dnsmasq[10187]: read /var/lib/neutron/dhcp/540bbe42-00be-41db-a9af-7c69bed12569/addn_hosts - 2 addresses
Sep 29 21:46:33 gtw01 dnsmasq-dhcp[10187]: read /var/lib/neutron/dhcp/540bbe42-00be-41db-a9af-7c69bed12569/host
Sep 29 21:46:33 gtw01 dnsmasq-dhcp[10187]: read /var/lib/neutron/dhcp/540bbe42-00be-41db-a9af-7c69bed12569/opts
Sep 29 21:46:34 gtw01 dnsmasq[9983]: read /var/lib/neutron/dhcp/329846e3-f755-48f7-9b34-fec6e2da3114/addn_hosts - 5 addresses
Sep 29 21:46:34 gtw01 dnsmasq-dhcp[9983]: read /var/lib/neutron/dhcp/329846e3-f755-48f7-9b34-fec6e2da3114/host
Sep 29 21:46:34 gtw01 dnsmasq-dhcp[9983]: read /var/lib/neutron/dhcp/329846e3-f755-48f7-9b34-fec6e2da3114/opts
Sep 29 21:46:34 gtw01 dnsmasq[10102]: read /var/lib/neutron/dhcp/6ff3ad45-b9af-4ae9-b532-234c69a6669b/addn_hosts - 4 addresses
Sep 29 21:46:34 gtw01 dnsmasq-dhcp[10102]: read /var/lib/neutron/dhcp/6ff3ad45-b9af-4ae9-b532-234c69a6669b/host
Sep 29 21:46:34 gtw01 dnsmasq-dhcp[10102]: read /var/lib/neutron/dhcp/6ff3ad45-b9af-4ae9-b532-234c69a6669b/opts
Sep 29 21:46:34 gtw01 dnsmasq[10187]: read /var/lib/neutron/dhcp/540bbe42-00be-41db-a9af-7c69bed12569/addn_hosts - 3 addresses
Sep 29 21:46:34 gtw01 dnsmasq-dhcp[10187]: read /var/lib/neutron/dhcp/540bbe42-00be-41db-a9af-7c69bed12569/host
Sep 29 21:46:34 gtw01 dnsmasq-dhcp[10187]: read /var/lib/neutron/dhcp/540bbe42-00be-41db-a9af-7c69bed12569/opts
Sep 29 21:46:35 gtw01 dnsmasq[10102]: read /var/lib/neutron/dhcp/6ff3ad45-b9af-4ae9-b532-234c69a6669b/addn_hosts - 4 addresses
Sep 29 21:46:35 gtw01 dnsmasq-dhcp[10102]: read /var/lib/neutron/dhcp/6ff3ad45-b9af-4ae9-b532-234c69a6669b/host
Sep 29 21:46:35 gtw01 dnsmasq-dhcp[10102]: read /var/lib/neutron/dhcp/6ff3ad45-b9af-4ae9-b532-234c69a6669b/opts
Sep 29 21:46:35 gtw01 dnsmasq[9983]: read /var/lib/neutron/dhcp/329846e3-f755-48f7-9b34-fec6e2da3114/addn_hosts - 5 addresses
Sep 29 21:46:35 gtw01 dnsmasq-dhcp[9983]: read /var/lib/neutron/dhcp/329846e3-f755-48f7-9b34-fec6e2da3114/host
Sep 29 21:46:35 gtw01 dnsmasq-dhcp[9983]: read /var/lib/neutron/dhcp/329846e3-f755-48f7-9b34-fec6e2da3114/opts
Sep 29 21:46:35 gtw01 dnsmasq[10187]: read /var/lib/neutron/dhcp/540bbe42-00be-41db-a9af-7c69bed12569/addn_hosts - 3 addresses
Sep 29 21:46:35 gtw01 dnsmasq-dhcp[10187]: read /var/lib/neutron/dhcp/540bbe42-00be-41db-a9af-7c69bed12569/host
Sep 29 21:46:35 gtw01 dnsmasq-dhcp[10187]: read /var/lib/neutron/dhcp/540bbe42-00be-41db-a9af-7c69bed12569/opts
Sep 29 21:46:36 gtw01 dnsmasq[10102]: read /var/lib/neutron/dhcp/6ff3ad45-b9af-4ae9-b532-234c69a6669b/addn_hosts - 3 addresses
Sep 29 21:46:36 gtw01 dnsmasq-dhcp[10102]: read /var/lib/neutron/dhcp/6ff3ad45-b9af-4ae9-b532-234c69a6669b/host
Sep 29 21:46:36 gtw01 dnsmasq-dhcp[10102]: read /var/lib/neutron/dhcp/6ff3ad45-b9af-4ae9-b532-234c69a6669b/opts
Sep 29 21:46:36 gtw01 dnsmasq[9983]: read /var/lib/neutron/dhcp/329846e3-f755-48f7-9b34-fec6e2da3114/addn_hosts - 4 addresses
Sep 29 21:46:36 gtw01 dnsmasq-dhcp[9983]: read /var/lib/neutron/dhcp/329846e3-f755-48f7-9b34-fec6e2da3114/host
Sep 29 21:46:36 gtw01 dnsmasq-dhcp[9983]: read /var/lib/neutron/dhcp/329846e3-f755-48f7-9b34-fec6e2da3114/opts
Sep 29 21:46:37 gtw01 dnsmasq[10187]: read /var/lib/neutron/dhcp/540bbe42-00be-41db-a9af-7c69bed12569/addn_hosts - 3 addresses
Sep 29 21:46:37 gtw01 dnsmasq-dhcp[10187]: read /var/lib/neutron/dhcp/540bbe42-00be-41db-a9af-7c69bed12569/host
Sep 29 21:46:37 gtw01 dnsmasq-dhcp[10187]: read /var/lib/neutron/dhcp/540bbe42-00be-41db-a9af-7c69bed12569/opts
Sep 29 21:46:38 gtw01 dnsmasq[10102]: read /var/lib/neutron/dhcp/6ff3ad45-b9af-4ae9-b532-234c69a6669b/addn_hosts - 2 addresses
Sep 29 21:46:38 gtw01 dnsmasq-dhcp[10102]: read /var/lib/neutron/dhcp/6ff3ad45-b9af-4ae9-b532-234c69a6669b/host
Sep 29 21:46:38 gtw01 dnsmasq-dhcp[10102]: read /var/lib/neutron/dhcp/6ff3ad45-b9af-4ae9-b532-234c69a6669b/opts
Sep 29 21:46:38 gtw01 dnsmasq[9983]: read /var/lib/neutron/dhcp/329846e3-f755-48f7-9b34-fec6e2da3114/addn_hosts - 3 addresses
Sep 29 21:46:38 gtw01 dnsmasq-dhcp[9983]: read /var/lib/neutron/dhcp/329846e3-f755-48f7-9b34-fec6e2da3114/host
Sep 29 21:46:38 gtw01 dnsmasq-dhcp[9983]: read /var/lib/neutron/dhcp/329846e3-f755-48f7-9b34-fec6e2da3114/opts
Sep 29 21:46:38 gtw01 dnsmasq[10187]: read /var/lib/neutron/dhcp/540bbe42-00be-41db-a9af-7c69bed12569/addn_hosts - 2 addresses
Sep 29 21:46:38 gtw01 dnsmasq-dhcp[10187]: read /var/lib/neutron/dhcp/540bbe42-00be-41db-a9af-7c69bed12569/host
Sep 29 21:46:38 gtw01 dnsmasq-dhcp[10187]: read /var/lib/neutron/dhcp/540bbe42-00be-41db-a9af-7c69bed12569/opts
Sep 29 21:46:39 gtw01 dnsmasq[9983]: read /var/lib/neutron/dhcp/329846e3-f755-48f7-9b34-fec6e2da3114/addn_hosts - 2 addresses
Sep 29 21:46:39 gtw01 dnsmasq-dhcp[9983]: read /var/lib/neutron/dhcp/329846e3-f755-48f7-9b34-fec6e2da3114/host
Sep 29 21:46:39 gtw01 dnsmasq-dhcp[9983]: read /var/lib/neutron/dhcp/329846e3-f755-48f7-9b34-fec6e2da3114/opts
Sep 29 21:46:39 gtw01 dnsmasq[10102]: read /var/lib/neutron/dhcp/6ff3ad45-b9af-4ae9-b532-234c69a6669b/addn_hosts - 1 addresses
Sep 29 21:46:39 gtw01 dnsmasq-dhcp[10102]: read /var/lib/neutron/dhcp/6ff3ad45-b9af-4ae9-b532-234c69a6669b/host
Sep 29 21:46:39 gtw01 dnsmasq-dhcp[10102]: read /var/lib/neutron/dhcp/6ff3ad45-b9af-4ae9-b532-234c69a6669b/opts
Sep 29 21:46:39 gtw01 dnsmasq[10187]: read /var/lib/neutron/dhcp/540bbe42-00be-41db-a9af-7c69bed12569/addn_hosts - 1 addresses
Sep 29 21:46:39 gtw01 dnsmasq-dhcp[10187]: read /var/lib/neutron/dhcp/540bbe42-00be-41db-a9af-7c69bed12569/host
Sep 29 21:46:39 gtw01 dnsmasq-dhcp[10187]: read /var/lib/neutron/dhcp/540bbe42-00be-41db-a9af-7c69bed12569/opts
Sep 29 21:46:40 gtw01 dnsmasq[9983]: read /var/lib/neutron/dhcp/329846e3-f755-48f7-9b34-fec6e2da3114/addn_hosts - 1 addresses
Sep 29 21:46:40 gtw01 dnsmasq-dhcp[9983]: read /var/lib/neutron/dhcp/329846e3-f755-48f7-9b34-fec6e2da3114/host
Sep 29 21:46:40 gtw01 dnsmasq-dhcp[9983]: read /var/lib/neutron/dhcp/329846e3-f755-48f7-9b34-fec6e2da3114/opts
Sep 29 21:46:52 gtw01 dnsmasq[9983]: read /var/lib/neutron/dhcp/329846e3-f755-48f7-9b34-fec6e2da3114/addn_hosts - 1 addresses
Sep 29 21:46:52 gtw01 dnsmasq-dhcp[9983]: read /var/lib/neutron/dhcp/329846e3-f755-48f7-9b34-fec6e2da3114/host
Sep 29 21:46:52 gtw01 dnsmasq-dhcp[9983]: read /var/lib/neutron/dhcp/329846e3-f755-48f7-9b34-fec6e2da3114/opts
Sep 29 21:46:53 gtw01 kernel: [13171.664320] device tape3eee016-70 left promiscuous mode
Sep 29 21:46:55 gtw01 dnsmasq[10187]: read /var/lib/neutron/dhcp/540bbe42-00be-41db-a9af-7c69bed12569/addn_hosts - 1 addresses
Sep 29 21:46:55 gtw01 dnsmasq-dhcp[10187]: read /var/lib/neutron/dhcp/540bbe42-00be-41db-a9af-7c69bed12569/host
Sep 29 21:46:55 gtw01 dnsmasq-dhcp[10187]: read /var/lib/neutron/dhcp/540bbe42-00be-41db-a9af-7c69bed12569/opts
Sep 29 21:46:56 gtw01 kernel: [13175.044697] device tap92a44915-c1 left promiscuous mode
Sep 29 21:46:59 gtw01 dnsmasq[10102]: read /var/lib/neutron/dhcp/6ff3ad45-b9af-4ae9-b532-234c69a6669b/addn_hosts - 1 addresses
Sep 29 21:46:59 gtw01 dnsmasq-dhcp[10102]: read /var/lib/neutron/dhcp/6ff3ad45-b9af-4ae9-b532-234c69a6669b/host
Sep 29 21:46:59 gtw01 dnsmasq-dhcp[10102]: read /var/lib/neutron/dhcp/6ff3ad45-b9af-4ae9-b532-234c69a6669b/opts
Sep 29 21:47:00 gtw01 kernel: [13178.424211] device tap43f01319-4e left promiscuous mode
Sep 29 21:47:18 gtw01 kernel: [13196.352044] device tapf26cdb32-f6 entered promiscuous mode
Sep 29 21:47:18 gtw01 systemd-udevd[10662]: Could not generate persistent MAC address for tapf26cdb32-f6: No such file or directory
Sep 29 21:47:18 gtw01 systemd-udevd[10662]: Process '/sbin/ip link set tapf26cdb32-f6 txqueuelen 10000' failed with exit code 1.
Sep 29 21:47:18 gtw01 systemd-udevd[10736]: Process '/sbin/ip link set tapf26cdb32-f6 txqueuelen 10000' failed with exit code 1.
Sep 29 21:47:19 gtw01 kernel: [13198.051785] device tapad3f1fdd-1f entered promiscuous mode
Sep 29 21:47:19 gtw01 systemd-udevd[10792]: Could not generate persistent MAC address for tapad3f1fdd-1f: No such file or directory
Sep 29 21:47:20 gtw01 systemd-udevd[10861]: Process '/sbin/ip link set tapad3f1fdd-1f txqueuelen 10000' failed with exit code 1.
Sep 29 21:47:20 gtw01 systemd-udevd[10917]: Could not generate persistent MAC address for tapf77e14ef-10: No such file or directory
Sep 29 21:47:20 gtw01 kernel: [13199.042734] device tapf77e14ef-10 entered promiscuous mode
Sep 29 21:47:20 gtw01 systemd-udevd[10917]: Process '/sbin/ip link set tapf77e14ef-10 txqueuelen 10000' failed with exit code 1.
Sep 29 21:47:21 gtw01 systemd-udevd[10991]: Process '/sbin/ip link set tapf77e14ef-10 txqueuelen 10000' failed with exit code 1.
Sep 29 21:47:21 gtw01 systemd-udevd[11022]: Could not generate persistent MAC address for tap1bac6c27-c5: No such file or directory
Sep 29 21:47:21 gtw01 kernel: [13199.589268] device tap1bac6c27-c5 entered promiscuous mode
Sep 29 21:47:21 gtw01 systemd-udevd[11022]: Process '/sbin/ip link set tap1bac6c27-c5 txqueuelen 10000' failed with exit code 1.
Sep 29 21:47:21 gtw01 systemd-udevd[11097]: Process '/sbin/ip link set tap1bac6c27-c5 txqueuelen 10000' failed with exit code 1.
Sep 29 21:47:22 gtw01 dnsmasq[11156]: started, version 2.80 cachesize 150
Sep 29 21:47:22 gtw01 dnsmasq[11156]: DNS service limited to local subnets
Sep 29 21:47:22 gtw01 dnsmasq[11156]: compile time options: IPv6 GNU-getopt DBus i18n IDN DHCP DHCPv6 no-Lua TFTP conntrack ipset auth DNSSEC loop-detect inotify dumpfile
Sep 29 21:47:22 gtw01 dnsmasq[11156]: warning: no upstream servers configured
Sep 29 21:47:22 gtw01 dnsmasq-dhcp[11156]: DHCP, static leases only on 1.1.0.104, lease time 1h
Sep 29 21:47:22 gtw01 dnsmasq[11156]: read /var/lib/neutron/dhcp/8c139410-8671-473e-ad50-365b8dc131e2/addn_hosts - 1 addresses
Sep 29 21:47:22 gtw01 dnsmasq-dhcp[11156]: read /var/lib/neutron/dhcp/8c139410-8671-473e-ad50-365b8dc131e2/host
Sep 29 21:47:22 gtw01 dnsmasq-dhcp[11156]: read /var/lib/neutron/dhcp/8c139410-8671-473e-ad50-365b8dc131e2/opts
Sep 29 21:47:23 gtw01 haproxy-metadata-proxy-8c139410-8671-473e-ad50-365b8dc131e2[11174]: Proxy listener started.
Sep 29 21:47:24 gtw01 dnsmasq[11156]: read /var/lib/neutron/dhcp/8c139410-8671-473e-ad50-365b8dc131e2/addn_hosts - 1 addresses
Sep 29 21:47:24 gtw01 dnsmasq-dhcp[11156]: read /var/lib/neutron/dhcp/8c139410-8671-473e-ad50-365b8dc131e2/host
Sep 29 21:47:24 gtw01 dnsmasq-dhcp[11156]: read /var/lib/neutron/dhcp/8c139410-8671-473e-ad50-365b8dc131e2/opts
Sep 29 21:47:25 gtw01 dnsmasq[11257]: started, version 2.80 cachesize 150
Sep 29 21:47:25 gtw01 dnsmasq[11257]: DNS service limited to local subnets
Sep 29 21:47:25 gtw01 dnsmasq[11257]: compile time options: IPv6 GNU-getopt DBus i18n IDN DHCP DHCPv6 no-Lua TFTP conntrack ipset auth DNSSEC loop-detect inotify dumpfile
Sep 29 21:47:25 gtw01 dnsmasq[11257]: warning: no upstream servers configured
Sep 29 21:47:25 gtw01 dnsmasq-dhcp[11257]: DHCP, static leases only on 1.1.0.108, lease time 1h
Sep 29 21:47:25 gtw01 dnsmasq[11257]: read /var/lib/neutron/dhcp/2de0b7df-e329-4cf2-8dd4-be7594867e43/addn_hosts - 1 addresses
Sep 29 21:47:25 gtw01 dnsmasq-dhcp[11257]: read /var/lib/neutron/dhcp/2de0b7df-e329-4cf2-8dd4-be7594867e43/host
Sep 29 21:47:25 gtw01 dnsmasq-dhcp[11257]: read /var/lib/neutron/dhcp/2de0b7df-e329-4cf2-8dd4-be7594867e43/opts
Sep 29 21:47:25 gtw01 haproxy-metadata-proxy-2de0b7df-e329-4cf2-8dd4-be7594867e43[11271]: Proxy listener started.
Sep 29 21:47:25 gtw01 dnsmasq[11283]: started, version 2.80 cachesize 150
Sep 29 21:47:25 gtw01 dnsmasq[11283]: DNS service limited to local subnets
Sep 29 21:47:25 gtw01 dnsmasq[11283]: compile time options: IPv6 GNU-getopt DBus i18n IDN DHCP DHCPv6 no-Lua TFTP conntrack ipset auth DNSSEC loop-detect inotify dumpfile
Sep 29 21:47:25 gtw01 dnsmasq[11283]: warning: no upstream servers configured
Sep 29 21:47:25 gtw01 dnsmasq-dhcp[11283]: DHCP, static leases only on 1.1.0.112, lease time 1h
Sep 29 21:47:25 gtw01 dnsmasq[11283]: read /var/lib/neutron/dhcp/4bac0143-62b6-4d25-84d1-1aa1821f9db4/addn_hosts - 1 addresses
Sep 29 21:47:25 gtw01 dnsmasq-dhcp[11283]: read /var/lib/neutron/dhcp/4bac0143-62b6-4d25-84d1-1aa1821f9db4/host
Sep 29 21:47:25 gtw01 dnsmasq-dhcp[11283]: read /var/lib/neutron/dhcp/4bac0143-62b6-4d25-84d1-1aa1821f9db4/opts
Sep 29 21:47:26 gtw01 dnsmasq[11156]: read /var/lib/neutron/dhcp/8c139410-8671-473e-ad50-365b8dc131e2/addn_hosts - 1 addresses
Sep 29 21:47:26 gtw01 dnsmasq-dhcp[11156]: read /var/lib/neutron/dhcp/8c139410-8671-473e-ad50-365b8dc131e2/host
Sep 29 21:47:26 gtw01 dnsmasq-dhcp[11156]: read /var/lib/neutron/dhcp/8c139410-8671-473e-ad50-365b8dc131e2/opts
Sep 29 21:47:26 gtw01 haproxy-metadata-proxy-4bac0143-62b6-4d25-84d1-1aa1821f9db4[11300]: Proxy listener started.
Sep 29 21:47:26 gtw01 dnsmasq[11331]: started, version 2.80 cachesize 150
Sep 29 21:47:26 gtw01 dnsmasq[11331]: DNS service limited to local subnets
Sep 29 21:47:26 gtw01 dnsmasq[11331]: compile time options: IPv6 GNU-getopt DBus i18n IDN DHCP DHCPv6 no-Lua TFTP conntrack ipset auth DNSSEC loop-detect inotify dumpfile
Sep 29 21:47:26 gtw01 dnsmasq[11331]: warning: no upstream servers configured
Sep 29 21:47:26 gtw01 dnsmasq-dhcp[11331]: DHCP, static leases only on 1.1.0.116, lease time 1h
Sep 29 21:47:26 gtw01 dnsmasq[11331]: read /var/lib/neutron/dhcp/4b2f0272-5a7f-45ad-954e-6547775ba107/addn_hosts - 1 addresses
Sep 29 21:47:26 gtw01 dnsmasq-dhcp[11331]: read /var/lib/neutron/dhcp/4b2f0272-5a7f-45ad-954e-6547775ba107/host
Sep 29 21:47:26 gtw01 dnsmasq-dhcp[11331]: read /var/lib/neutron/dhcp/4b2f0272-5a7f-45ad-954e-6547775ba107/opts
Sep 29 21:47:26 gtw01 systemd-udevd[11335]: Could not generate persistent MAC address for tape06d2c54-89: No such file or directory
Sep 29 21:47:26 gtw01 kernel: [13205.110805] device tape06d2c54-89 entered promiscuous mode
Sep 29 21:47:27 gtw01 systemd-udevd[11407]: Process '/sbin/ip link set tape06d2c54-89 txqueuelen 10000' failed with exit code 1.
Sep 29 21:47:27 gtw01 dnsmasq[11257]: read /var/lib/neutron/dhcp/2de0b7df-e329-4cf2-8dd4-be7594867e43/addn_hosts - 2 addresses
Sep 29 21:47:27 gtw01 dnsmasq-dhcp[11257]: read /var/lib/neutron/dhcp/2de0b7df-e329-4cf2-8dd4-be7594867e43/host
Sep 29 21:47:27 gtw01 dnsmasq-dhcp[11257]: read /var/lib/neutron/dhcp/2de0b7df-e329-4cf2-8dd4-be7594867e43/opts
Sep 29 21:47:27 gtw01 haproxy-metadata-proxy-4b2f0272-5a7f-45ad-954e-6547775ba107[11431]: Proxy listener started.
Sep 29 21:47:27 gtw01 dnsmasq[11283]: read /var/lib/neutron/dhcp/4bac0143-62b6-4d25-84d1-1aa1821f9db4/addn_hosts - 2 addresses
Sep 29 21:47:27 gtw01 dnsmasq-dhcp[11283]: read /var/lib/neutron/dhcp/4bac0143-62b6-4d25-84d1-1aa1821f9db4/host
Sep 29 21:47:27 gtw01 dnsmasq-dhcp[11283]: read /var/lib/neutron/dhcp/4bac0143-62b6-4d25-84d1-1aa1821f9db4/opts
Sep 29 21:47:28 gtw01 dnsmasq[11156]: read /var/lib/neutron/dhcp/8c139410-8671-473e-ad50-365b8dc131e2/addn_hosts - 2 addresses
Sep 29 21:47:28 gtw01 dnsmasq-dhcp[11156]: read /var/lib/neutron/dhcp/8c139410-8671-473e-ad50-365b8dc131e2/host
Sep 29 21:47:28 gtw01 dnsmasq-dhcp[11156]: read /var/lib/neutron/dhcp/8c139410-8671-473e-ad50-365b8dc131e2/opts
Sep 29 21:47:28 gtw01 dnsmasq[11331]: read /var/lib/neutron/dhcp/4b2f0272-5a7f-45ad-954e-6547775ba107/addn_hosts - 2 addresses
Sep 29 21:47:28 gtw01 dnsmasq-dhcp[11331]: read /var/lib/neutron/dhcp/4b2f0272-5a7f-45ad-954e-6547775ba107/host
Sep 29 21:47:28 gtw01 dnsmasq-dhcp[11331]: read /var/lib/neutron/dhcp/4b2f0272-5a7f-45ad-954e-6547775ba107/opts
Sep 29 21:47:29 gtw01 dnsmasq[11257]: read /var/lib/neutron/dhcp/2de0b7df-e329-4cf2-8dd4-be7594867e43/addn_hosts - 2 addresses
Sep 29 21:47:29 gtw01 dnsmasq-dhcp[11257]: read /var/lib/neutron/dhcp/2de0b7df-e329-4cf2-8dd4-be7594867e43/host
Sep 29 21:47:29 gtw01 dnsmasq-dhcp[11257]: read /var/lib/neutron/dhcp/2de0b7df-e329-4cf2-8dd4-be7594867e43/opts
Sep 29 21:47:29 gtw01 dnsmasq[11283]: read /var/lib/neutron/dhcp/4bac0143-62b6-4d25-84d1-1aa1821f9db4/addn_hosts - 2 addresses
Sep 29 21:47:29 gtw01 dnsmasq-dhcp[11283]: read /var/lib/neutron/dhcp/4bac0143-62b6-4d25-84d1-1aa1821f9db4/host
Sep 29 21:47:29 gtw01 dnsmasq-dhcp[11283]: read /var/lib/neutron/dhcp/4bac0143-62b6-4d25-84d1-1aa1821f9db4/opts
Sep 29 21:47:30 gtw01 dnsmasq[11156]: read /var/lib/neutron/dhcp/8c139410-8671-473e-ad50-365b8dc131e2/addn_hosts - 2 addresses
Sep 29 21:47:30 gtw01 dnsmasq-dhcp[11156]: read /var/lib/neutron/dhcp/8c139410-8671-473e-ad50-365b8dc131e2/host
Sep 29 21:47:30 gtw01 dnsmasq-dhcp[11156]: read /var/lib/neutron/dhcp/8c139410-8671-473e-ad50-365b8dc131e2/opts
Sep 29 21:47:30 gtw01 dnsmasq[11331]: read /var/lib/neutron/dhcp/4b2f0272-5a7f-45ad-954e-6547775ba107/addn_hosts - 2 addresses
Sep 29 21:47:30 gtw01 dnsmasq-dhcp[11331]: read /var/lib/neutron/dhcp/4b2f0272-5a7f-45ad-954e-6547775ba107/host
Sep 29 21:47:30 gtw01 dnsmasq-dhcp[11331]: read /var/lib/neutron/dhcp/4b2f0272-5a7f-45ad-954e-6547775ba107/opts
Sep 29 21:47:31 gtw01 dnsmasq[11283]: read /var/lib/neutron/dhcp/4bac0143-62b6-4d25-84d1-1aa1821f9db4/addn_hosts - 2 addresses
Sep 29 21:47:31 gtw01 dnsmasq-dhcp[11283]: read /var/lib/neutron/dhcp/4bac0143-62b6-4d25-84d1-1aa1821f9db4/host
Sep 29 21:47:31 gtw01 dnsmasq-dhcp[11283]: read /var/lib/neutron/dhcp/4bac0143-62b6-4d25-84d1-1aa1821f9db4/opts
Sep 29 21:47:31 gtw01 dnsmasq[11257]: read /var/lib/neutron/dhcp/2de0b7df-e329-4cf2-8dd4-be7594867e43/addn_hosts - 2 addresses
Sep 29 21:47:31 gtw01 dnsmasq-dhcp[11257]: read /var/lib/neutron/dhcp/2de0b7df-e329-4cf2-8dd4-be7594867e43/host
Sep 29 21:47:31 gtw01 dnsmasq-dhcp[11257]: read /var/lib/neutron/dhcp/2de0b7df-e329-4cf2-8dd4-be7594867e43/opts
Sep 29 21:47:32 gtw01 dnsmasq[11156]: read /var/lib/neutron/dhcp/8c139410-8671-473e-ad50-365b8dc131e2/addn_hosts - 2 addresses
Sep 29 21:47:32 gtw01 dnsmasq-dhcp[11156]: read /var/lib/neutron/dhcp/8c139410-8671-473e-ad50-365b8dc131e2/host
Sep 29 21:47:32 gtw01 dnsmasq-dhcp[11156]: read /var/lib/neutron/dhcp/8c139410-8671-473e-ad50-365b8dc131e2/opts
Sep 29 21:47:32 gtw01 dnsmasq[11331]: read /var/lib/neutron/dhcp/4b2f0272-5a7f-45ad-954e-6547775ba107/addn_hosts - 2 addresses
Sep 29 21:47:32 gtw01 dnsmasq-dhcp[11331]: read /var/lib/neutron/dhcp/4b2f0272-5a7f-45ad-954e-6547775ba107/host
Sep 29 21:47:32 gtw01 dnsmasq-dhcp[11331]: read /var/lib/neutron/dhcp/4b2f0272-5a7f-45ad-954e-6547775ba107/opts
Sep 29 21:47:33 gtw01 dnsmasq[11283]: read /var/lib/neutron/dhcp/4bac0143-62b6-4d25-84d1-1aa1821f9db4/addn_hosts - 2 addresses
Sep 29 21:47:33 gtw01 dnsmasq-dhcp[11283]: read /var/lib/neutron/dhcp/4bac0143-62b6-4d25-84d1-1aa1821f9db4/host
Sep 29 21:47:33 gtw01 dnsmasq-dhcp[11283]: read /var/lib/neutron/dhcp/4bac0143-62b6-4d25-84d1-1aa1821f9db4/opts
Sep 29 21:47:33 gtw01 dnsmasq[11682]: started, version 2.80 cachesize 150
Sep 29 21:47:33 gtw01 dnsmasq[11682]: DNS service limited to local subnets
Sep 29 21:47:33 gtw01 dnsmasq[11682]: compile time options: IPv6 GNU-getopt DBus i18n IDN DHCP DHCPv6 no-Lua TFTP conntrack ipset auth DNSSEC loop-detect inotify dumpfile
Sep 29 21:47:33 gtw01 dnsmasq[11682]: warning: no upstream servers configured
Sep 29 21:47:33 gtw01 dnsmasq-dhcp[11682]: DHCP, static leases only on 1.1.0.120, lease time 1h
Sep 29 21:47:33 gtw01 dnsmasq[11682]: read /var/lib/neutron/dhcp/28247a16-6c07-464c-803d-287e2f1f722d/addn_hosts - 1 addresses
Sep 29 21:47:33 gtw01 dnsmasq-dhcp[11682]: read /var/lib/neutron/dhcp/28247a16-6c07-464c-803d-287e2f1f722d/host
Sep 29 21:47:33 gtw01 dnsmasq-dhcp[11682]: read /var/lib/neutron/dhcp/28247a16-6c07-464c-803d-287e2f1f722d/opts
Sep 29 21:47:33 gtw01 dnsmasq[11257]: read /var/lib/neutron/dhcp/2de0b7df-e329-4cf2-8dd4-be7594867e43/addn_hosts - 2 addresses
Sep 29 21:47:33 gtw01 dnsmasq-dhcp[11257]: read /var/lib/neutron/dhcp/2de0b7df-e329-4cf2-8dd4-be7594867e43/host
Sep 29 21:47:33 gtw01 dnsmasq-dhcp[11257]: read /var/lib/neutron/dhcp/2de0b7df-e329-4cf2-8dd4-be7594867e43/opts
Sep 29 21:47:34 gtw01 haproxy-metadata-proxy-28247a16-6c07-464c-803d-287e2f1f722d[11702]: Proxy listener started.
Sep 29 21:47:34 gtw01 dnsmasq[11156]: read /var/lib/neutron/dhcp/8c139410-8671-473e-ad50-365b8dc131e2/addn_hosts - 1 addresses
Sep 29 21:47:34 gtw01 dnsmasq-dhcp[11156]: read /var/lib/neutron/dhcp/8c139410-8671-473e-ad50-365b8dc131e2/host
Sep 29 21:47:34 gtw01 dnsmasq-dhcp[11156]: read /var/lib/neutron/dhcp/8c139410-8671-473e-ad50-365b8dc131e2/opts
Sep 29 21:47:35 gtw01 dnsmasq[11331]: read /var/lib/neutron/dhcp/4b2f0272-5a7f-45ad-954e-6547775ba107/addn_hosts - 2 addresses
Sep 29 21:47:35 gtw01 dnsmasq-dhcp[11331]: read /var/lib/neutron/dhcp/4b2f0272-5a7f-45ad-954e-6547775ba107/host
Sep 29 21:47:35 gtw01 dnsmasq-dhcp[11331]: read /var/lib/neutron/dhcp/4b2f0272-5a7f-45ad-954e-6547775ba107/opts
Sep 29 21:47:35 gtw01 systemd-udevd[11754]: Could not generate persistent MAC address for tap658a4aa5-98: No such file or directory
Sep 29 21:47:35 gtw01 kernel: [13213.706902] device tap658a4aa5-98 entered promiscuous mode
Sep 29 21:47:35 gtw01 dnsmasq[11682]: read /var/lib/neutron/dhcp/28247a16-6c07-464c-803d-287e2f1f722d/addn_hosts - 1 addresses
Sep 29 21:47:35 gtw01 dnsmasq-dhcp[11682]: read /var/lib/neutron/dhcp/28247a16-6c07-464c-803d-287e2f1f722d/host
Sep 29 21:47:35 gtw01 dnsmasq-dhcp[11682]: read /var/lib/neutron/dhcp/28247a16-6c07-464c-803d-287e2f1f722d/opts
Sep 29 21:47:35 gtw01 systemd-udevd[11834]: Process '/sbin/ip link set tap658a4aa5-98 txqueuelen 10000' failed with exit code 1.
Sep 29 21:47:36 gtw01 dnsmasq[11283]: read /var/lib/neutron/dhcp/4bac0143-62b6-4d25-84d1-1aa1821f9db4/addn_hosts - 2 addresses
Sep 29 21:47:36 gtw01 dnsmasq-dhcp[11283]: read /var/lib/neutron/dhcp/4bac0143-62b6-4d25-84d1-1aa1821f9db4/host
Sep 29 21:47:36 gtw01 dnsmasq-dhcp[11283]: read /var/lib/neutron/dhcp/4bac0143-62b6-4d25-84d1-1aa1821f9db4/opts
Sep 29 21:47:36 gtw01 dnsmasq[11257]: read /var/lib/neutron/dhcp/2de0b7df-e329-4cf2-8dd4-be7594867e43/addn_hosts - 2 addresses
Sep 29 21:47:36 gtw01 dnsmasq-dhcp[11257]: read /var/lib/neutron/dhcp/2de0b7df-e329-4cf2-8dd4-be7594867e43/host
Sep 29 21:47:36 gtw01 dnsmasq-dhcp[11257]: read /var/lib/neutron/dhcp/2de0b7df-e329-4cf2-8dd4-be7594867e43/opts
Sep 29 21:47:37 gtw01 dnsmasq[11331]: read /var/lib/neutron/dhcp/4b2f0272-5a7f-45ad-954e-6547775ba107/addn_hosts - 2 addresses
Sep 29 21:47:37 gtw01 dnsmasq-dhcp[11331]: read /var/lib/neutron/dhcp/4b2f0272-5a7f-45ad-954e-6547775ba107/host
Sep 29 21:47:37 gtw01 dnsmasq-dhcp[11331]: read /var/lib/neutron/dhcp/4b2f0272-5a7f-45ad-954e-6547775ba107/opts
Sep 29 21:47:37 gtw01 dnsmasq[11682]: read /var/lib/neutron/dhcp/28247a16-6c07-464c-803d-287e2f1f722d/addn_hosts - 1 addresses
Sep 29 21:47:37 gtw01 dnsmasq-dhcp[11682]: read /var/lib/neutron/dhcp/28247a16-6c07-464c-803d-287e2f1f722d/host
Sep 29 21:47:37 gtw01 dnsmasq-dhcp[11682]: read /var/lib/neutron/dhcp/28247a16-6c07-464c-803d-287e2f1f722d/opts
Sep 29 21:47:38 gtw01 dnsmasq[11283]: read /var/lib/neutron/dhcp/4bac0143-62b6-4d25-84d1-1aa1821f9db4/addn_hosts - 1 addresses
Sep 29 21:47:38 gtw01 dnsmasq-dhcp[11283]: read /var/lib/neutron/dhcp/4bac0143-62b6-4d25-84d1-1aa1821f9db4/host
Sep 29 21:47:38 gtw01 dnsmasq-dhcp[11283]: read /var/lib/neutron/dhcp/4bac0143-62b6-4d25-84d1-1aa1821f9db4/opts
Sep 29 21:47:38 gtw01 dnsmasq[11257]: read /var/lib/neutron/dhcp/2de0b7df-e329-4cf2-8dd4-be7594867e43/addn_hosts - 1 addresses
Sep 29 21:47:38 gtw01 dnsmasq-dhcp[11257]: read /var/lib/neutron/dhcp/2de0b7df-e329-4cf2-8dd4-be7594867e43/host
Sep 29 21:47:38 gtw01 dnsmasq-dhcp[11257]: read /var/lib/neutron/dhcp/2de0b7df-e329-4cf2-8dd4-be7594867e43/opts
Sep 29 21:47:39 gtw01 dnsmasq[11331]: read /var/lib/neutron/dhcp/4b2f0272-5a7f-45ad-954e-6547775ba107/addn_hosts - 1 addresses
Sep 29 21:47:39 gtw01 dnsmasq-dhcp[11331]: read /var/lib/neutron/dhcp/4b2f0272-5a7f-45ad-954e-6547775ba107/host
Sep 29 21:47:39 gtw01 dnsmasq-dhcp[11331]: read /var/lib/neutron/dhcp/4b2f0272-5a7f-45ad-954e-6547775ba107/opts
Sep 29 21:47:39 gtw01 dnsmasq[11682]: read /var/lib/neutron/dhcp/28247a16-6c07-464c-803d-287e2f1f722d/addn_hosts - 2 addresses
Sep 29 21:47:39 gtw01 dnsmasq-dhcp[11682]: read /var/lib/neutron/dhcp/28247a16-6c07-464c-803d-287e2f1f722d/host
Sep 29 21:47:39 gtw01 dnsmasq-dhcp[11682]: read /var/lib/neutron/dhcp/28247a16-6c07-464c-803d-287e2f1f722d/opts
Sep 29 21:47:41 gtw01 kernel: [13219.387411] device tap419009ac-79 entered promiscuous mode
Sep 29 21:47:41 gtw01 systemd-udevd[12057]: Could not generate persistent MAC address for tap419009ac-79: No such file or directory
Sep 29 21:47:41 gtw01 kernel: [13219.406718] device tap543fbe0f-9b entered promiscuous mode
Sep 29 21:47:41 gtw01 systemd-udevd[12082]: Could not generate persistent MAC address for tap543fbe0f-9b: No such file or directory
Sep 29 21:47:41 gtw01 systemd-udevd[12057]: Process '/sbin/ip link set tap419009ac-79 txqueuelen 10000' failed with exit code 1.
Sep 29 21:47:41 gtw01 systemd-udevd[12204]: Process '/sbin/ip link set tap543fbe0f-9b txqueuelen 10000' failed with exit code 1.
Sep 29 21:47:42 gtw01 dnsmasq[11682]: read /var/lib/neutron/dhcp/28247a16-6c07-464c-803d-287e2f1f722d/addn_hosts - 2 addresses
Sep 29 21:47:42 gtw01 dnsmasq-dhcp[11682]: read /var/lib/neutron/dhcp/28247a16-6c07-464c-803d-287e2f1f722d/host
Sep 29 21:47:42 gtw01 dnsmasq-dhcp[11682]: read /var/lib/neutron/dhcp/28247a16-6c07-464c-803d-287e2f1f722d/opts
Sep 29 21:47:42 gtw01 dnsmasq[12259]: started, version 2.80 cachesize 150
Sep 29 21:47:42 gtw01 dnsmasq[12259]: DNS service limited to local subnets
Sep 29 21:47:42 gtw01 dnsmasq[12259]: compile time options: IPv6 GNU-getopt DBus i18n IDN DHCP DHCPv6 no-Lua TFTP conntrack ipset auth DNSSEC loop-detect inotify dumpfile
Sep 29 21:47:42 gtw01 dnsmasq[12259]: warning: no upstream servers configured
Sep 29 21:47:42 gtw01 dnsmasq-dhcp[12259]: DHCP, static leases only on 1.1.0.124, lease time 1h
Sep 29 21:47:42 gtw01 dnsmasq[12259]: read /var/lib/neutron/dhcp/eff53103-859e-4057-96d6-8bf0d81ec452/addn_hosts - 1 addresses
Sep 29 21:47:42 gtw01 dnsmasq-dhcp[12259]: read /var/lib/neutron/dhcp/eff53103-859e-4057-96d6-8bf0d81ec452/host
Sep 29 21:47:42 gtw01 dnsmasq-dhcp[12259]: read /var/lib/neutron/dhcp/eff53103-859e-4057-96d6-8bf0d81ec452/opts
Sep 29 21:47:42 gtw01 systemd-udevd[12275]: Could not generate persistent MAC address for tapbb535689-da: No such file or directory
Sep 29 21:47:42 gtw01 kernel: [13220.847147] device tapbb535689-da entered promiscuous mode
Sep 29 21:47:42 gtw01 systemd-udevd[12342]: Process '/sbin/ip link set tapbb535689-da txqueuelen 10000' failed with exit code 1.
Sep 29 21:47:42 gtw01 haproxy-metadata-proxy-eff53103-859e-4057-96d6-8bf0d81ec452[12359]: Proxy listener started.
Sep 29 21:47:44 gtw01 kernel: [13222.603184] device tap94940849-f9 entered promiscuous mode
Sep 29 21:47:44 gtw01 systemd-udevd[12426]: Could not generate persistent MAC address for tap94940849-f9: No such file or directory
Sep 29 21:47:44 gtw01 dnsmasq[12259]: read /var/lib/neutron/dhcp/eff53103-859e-4057-96d6-8bf0d81ec452/addn_hosts - 1 addresses
Sep 29 21:47:44 gtw01 dnsmasq-dhcp[12259]: read /var/lib/neutron/dhcp/eff53103-859e-4057-96d6-8bf0d81ec452/host
Sep 29 21:47:44 gtw01 dnsmasq-dhcp[12259]: read /var/lib/neutron/dhcp/eff53103-859e-4057-96d6-8bf0d81ec452/opts
Sep 29 21:47:44 gtw01 systemd-udevd[12497]: Process '/sbin/ip link set tap94940849-f9 txqueuelen 10000' failed with exit code 1.
Sep 29 21:47:44 gtw01 dnsmasq[11682]: read /var/lib/neutron/dhcp/28247a16-6c07-464c-803d-287e2f1f722d/addn_hosts - 2 addresses
Sep 29 21:47:44 gtw01 dnsmasq-dhcp[11682]: read /var/lib/neutron/dhcp/28247a16-6c07-464c-803d-287e2f1f722d/host
Sep 29 21:47:44 gtw01 dnsmasq-dhcp[11682]: read /var/lib/neutron/dhcp/28247a16-6c07-464c-803d-287e2f1f722d/opts
Sep 29 21:47:46 gtw01 dnsmasq[12259]: read /var/lib/neutron/dhcp/eff53103-859e-4057-96d6-8bf0d81ec452/addn_hosts - 1 addresses
Sep 29 21:47:46 gtw01 dnsmasq-dhcp[12259]: read /var/lib/neutron/dhcp/eff53103-859e-4057-96d6-8bf0d81ec452/host
Sep 29 21:47:46 gtw01 dnsmasq-dhcp[12259]: read /var/lib/neutron/dhcp/eff53103-859e-4057-96d6-8bf0d81ec452/opts
Sep 29 21:47:46 gtw01 dnsmasq[11682]: read /var/lib/neutron/dhcp/28247a16-6c07-464c-803d-287e2f1f722d/addn_hosts - 1 addresses
Sep 29 21:47:46 gtw01 dnsmasq-dhcp[11682]: read /var/lib/neutron/dhcp/28247a16-6c07-464c-803d-287e2f1f722d/host
Sep 29 21:47:46 gtw01 dnsmasq-dhcp[11682]: read /var/lib/neutron/dhcp/28247a16-6c07-464c-803d-287e2f1f722d/opts
Sep 29 21:47:48 gtw01 dnsmasq[12682]: started, version 2.80 cachesize 150
Sep 29 21:47:48 gtw01 dnsmasq[12682]: DNS service limited to local subnets
Sep 29 21:47:48 gtw01 dnsmasq[12682]: compile time options: IPv6 GNU-getopt DBus i18n IDN DHCP DHCPv6 no-Lua TFTP conntrack ipset auth DNSSEC loop-detect inotify dumpfile
Sep 29 21:47:48 gtw01 dnsmasq[12682]: warning: no upstream servers configured
Sep 29 21:47:48 gtw01 dnsmasq-dhcp[12682]: DHCP, static leases only on 1.1.0.132, lease time 1h
Sep 29 21:47:48 gtw01 dnsmasq[12682]: read /var/lib/neutron/dhcp/63a07da5-6a5e-41f8-8827-ec3cc609303f/addn_hosts - 1 addresses
Sep 29 21:47:48 gtw01 dnsmasq-dhcp[12682]: read /var/lib/neutron/dhcp/63a07da5-6a5e-41f8-8827-ec3cc609303f/host
Sep 29 21:47:48 gtw01 dnsmasq-dhcp[12682]: read /var/lib/neutron/dhcp/63a07da5-6a5e-41f8-8827-ec3cc609303f/opts
Sep 29 21:47:48 gtw01 dnsmasq[12259]: read /var/lib/neutron/dhcp/eff53103-859e-4057-96d6-8bf0d81ec452/addn_hosts - 2 addresses
Sep 29 21:47:48 gtw01 dnsmasq-dhcp[12259]: read /var/lib/neutron/dhcp/eff53103-859e-4057-96d6-8bf0d81ec452/host
Sep 29 21:47:48 gtw01 dnsmasq-dhcp[12259]: read /var/lib/neutron/dhcp/eff53103-859e-4057-96d6-8bf0d81ec452/opts
Sep 29 21:47:48 gtw01 haproxy-metadata-proxy-63a07da5-6a5e-41f8-8827-ec3cc609303f[12696]: Proxy listener started.
Sep 29 21:47:49 gtw01 dnsmasq[12703]: started, version 2.80 cachesize 150
Sep 29 21:47:49 gtw01 dnsmasq[12703]: DNS service limited to local subnets
Sep 29 21:47:49 gtw01 dnsmasq[12703]: compile time options: IPv6 GNU-getopt DBus i18n IDN DHCP DHCPv6 no-Lua TFTP conntrack ipset auth DNSSEC loop-detect inotify dumpfile
Sep 29 21:47:49 gtw01 dnsmasq[12703]: warning: no upstream servers configured
Sep 29 21:47:49 gtw01 dnsmasq-dhcp[12703]: DHCP, static leases only on 1.1.0.128, lease time 1h
Sep 29 21:47:49 gtw01 dnsmasq[12703]: read /var/lib/neutron/dhcp/b942af85-5d68-48d9-8693-13f000a89d73/addn_hosts - 1 addresses
Sep 29 21:47:49 gtw01 dnsmasq-dhcp[12703]: read /var/lib/neutron/dhcp/b942af85-5d68-48d9-8693-13f000a89d73/host
Sep 29 21:47:49 gtw01 dnsmasq-dhcp[12703]: read /var/lib/neutron/dhcp/b942af85-5d68-48d9-8693-13f000a89d73/opts
Sep 29 21:47:49 gtw01 haproxy-metadata-proxy-b942af85-5d68-48d9-8693-13f000a89d73[12720]: Proxy listener started.
Sep 29 21:47:49 gtw01 dnsmasq[12734]: started, version 2.80 cachesize 150
Sep 29 21:47:49 gtw01 dnsmasq[12734]: DNS service limited to local subnets
Sep 29 21:47:49 gtw01 dnsmasq[12734]: compile time options: IPv6 GNU-getopt DBus i18n IDN DHCP DHCPv6 no-Lua TFTP conntrack ipset auth DNSSEC loop-detect inotify dumpfile
Sep 29 21:47:49 gtw01 dnsmasq[12734]: warning: no upstream servers configured
Sep 29 21:47:49 gtw01 dnsmasq-dhcp[12734]: DHCP, static leases only on 1.1.0.136, lease time 1h
Sep 29 21:47:49 gtw01 dnsmasq[12734]: read /var/lib/neutron/dhcp/b06fef23-fc16-4b4f-a265-361e0efa80ee/addn_hosts - 1 addresses
Sep 29 21:47:49 gtw01 dnsmasq-dhcp[12734]: read /var/lib/neutron/dhcp/b06fef23-fc16-4b4f-a265-361e0efa80ee/host
Sep 29 21:47:49 gtw01 dnsmasq-dhcp[12734]: read /var/lib/neutron/dhcp/b06fef23-fc16-4b4f-a265-361e0efa80ee/opts
Sep 29 21:47:50 gtw01 dnsmasq[12682]: read /var/lib/neutron/dhcp/63a07da5-6a5e-41f8-8827-ec3cc609303f/addn_hosts - 1 addresses
Sep 29 21:47:50 gtw01 dnsmasq-dhcp[12682]: read /var/lib/neutron/dhcp/63a07da5-6a5e-41f8-8827-ec3cc609303f/host
Sep 29 21:47:50 gtw01 dnsmasq-dhcp[12682]: read /var/lib/neutron/dhcp/63a07da5-6a5e-41f8-8827-ec3cc609303f/opts
Sep 29 21:47:50 gtw01 haproxy-metadata-proxy-b06fef23-fc16-4b4f-a265-361e0efa80ee[12760]: Proxy listener started.
Sep 29 21:47:50 gtw01 dnsmasq[12259]: read /var/lib/neutron/dhcp/eff53103-859e-4057-96d6-8bf0d81ec452/addn_hosts - 2 addresses
Sep 29 21:47:50 gtw01 dnsmasq-dhcp[12259]: read /var/lib/neutron/dhcp/eff53103-859e-4057-96d6-8bf0d81ec452/host
Sep 29 21:47:50 gtw01 dnsmasq-dhcp[12259]: read /var/lib/neutron/dhcp/eff53103-859e-4057-96d6-8bf0d81ec452/opts
Sep 29 21:47:50 gtw01 dnsmasq[12703]: read /var/lib/neutron/dhcp/b942af85-5d68-48d9-8693-13f000a89d73/addn_hosts - 1 addresses
Sep 29 21:47:50 gtw01 dnsmasq-dhcp[12703]: read /var/lib/neutron/dhcp/b942af85-5d68-48d9-8693-13f000a89d73/host
Sep 29 21:47:50 gtw01 dnsmasq-dhcp[12703]: read /var/lib/neutron/dhcp/b942af85-5d68-48d9-8693-13f000a89d73/opts
Sep 29 21:47:51 gtw01 dnsmasq[12800]: started, version 2.80 cachesize 150
Sep 29 21:47:51 gtw01 dnsmasq[12800]: DNS service limited to local subnets
Sep 29 21:47:51 gtw01 dnsmasq[12800]: compile time options: IPv6 GNU-getopt DBus i18n IDN DHCP DHCPv6 no-Lua TFTP conntrack ipset auth DNSSEC loop-detect inotify dumpfile
Sep 29 21:47:51 gtw01 dnsmasq[12800]: warning: no upstream servers configured
Sep 29 21:47:51 gtw01 dnsmasq-dhcp[12800]: DHCP, static leases only on 1.1.0.140, lease time 1h
Sep 29 21:47:51 gtw01 dnsmasq[12800]: read /var/lib/neutron/dhcp/dba200d9-fda3-4a5b-9ed1-c0b99b574120/addn_hosts - 1 addresses
Sep 29 21:47:51 gtw01 dnsmasq-dhcp[12800]: read /var/lib/neutron/dhcp/dba200d9-fda3-4a5b-9ed1-c0b99b574120/host
Sep 29 21:47:51 gtw01 dnsmasq-dhcp[12800]: read /var/lib/neutron/dhcp/dba200d9-fda3-4a5b-9ed1-c0b99b574120/opts
Sep 29 21:47:51 gtw01 dnsmasq[12734]: read /var/lib/neutron/dhcp/b06fef23-fc16-4b4f-a265-361e0efa80ee/addn_hosts - 1 addresses
Sep 29 21:47:51 gtw01 dnsmasq-dhcp[12734]: read /var/lib/neutron/dhcp/b06fef23-fc16-4b4f-a265-361e0efa80ee/host
Sep 29 21:47:51 gtw01 dnsmasq-dhcp[12734]: read /var/lib/neutron/dhcp/b06fef23-fc16-4b4f-a265-361e0efa80ee/opts
Sep 29 21:47:51 gtw01 haproxy-metadata-proxy-dba200d9-fda3-4a5b-9ed1-c0b99b574120[12817]: Proxy listener started.
Sep 29 21:47:52 gtw01 dnsmasq[12682]: read /var/lib/neutron/dhcp/63a07da5-6a5e-41f8-8827-ec3cc609303f/addn_hosts - 1 addresses
Sep 29 21:47:52 gtw01 dnsmasq-dhcp[12682]: read /var/lib/neutron/dhcp/63a07da5-6a5e-41f8-8827-ec3cc609303f/host
Sep 29 21:47:52 gtw01 dnsmasq-dhcp[12682]: read /var/lib/neutron/dhcp/63a07da5-6a5e-41f8-8827-ec3cc609303f/opts
Sep 29 21:47:52 gtw01 dnsmasq[12259]: read /var/lib/neutron/dhcp/eff53103-859e-4057-96d6-8bf0d81ec452/addn_hosts - 2 addresses
Sep 29 21:47:52 gtw01 dnsmasq-dhcp[12259]: read /var/lib/neutron/dhcp/eff53103-859e-4057-96d6-8bf0d81ec452/host
Sep 29 21:47:52 gtw01 dnsmasq-dhcp[12259]: read /var/lib/neutron/dhcp/eff53103-859e-4057-96d6-8bf0d81ec452/opts
Sep 29 21:47:52 gtw01 dnsmasq[12703]: read /var/lib/neutron/dhcp/b942af85-5d68-48d9-8693-13f000a89d73/addn_hosts - 1 addresses
Sep 29 21:47:52 gtw01 dnsmasq-dhcp[12703]: read /var/lib/neutron/dhcp/b942af85-5d68-48d9-8693-13f000a89d73/host
Sep 29 21:47:52 gtw01 dnsmasq-dhcp[12703]: read /var/lib/neutron/dhcp/b942af85-5d68-48d9-8693-13f000a89d73/opts
Sep 29 21:47:53 gtw01 dnsmasq[12800]: read /var/lib/neutron/dhcp/dba200d9-fda3-4a5b-9ed1-c0b99b574120/addn_hosts - 1 addresses
Sep 29 21:47:53 gtw01 dnsmasq-dhcp[12800]: read /var/lib/neutron/dhcp/dba200d9-fda3-4a5b-9ed1-c0b99b574120/host
Sep 29 21:47:53 gtw01 dnsmasq-dhcp[12800]: read /var/lib/neutron/dhcp/dba200d9-fda3-4a5b-9ed1-c0b99b574120/opts
Sep 29 21:47:53 gtw01 dnsmasq[12734]: read /var/lib/neutron/dhcp/b06fef23-fc16-4b4f-a265-361e0efa80ee/addn_hosts - 1 addresses
Sep 29 21:47:53 gtw01 dnsmasq-dhcp[12734]: read /var/lib/neutron/dhcp/b06fef23-fc16-4b4f-a265-361e0efa80ee/host
Sep 29 21:47:53 gtw01 dnsmasq-dhcp[12734]: read /var/lib/neutron/dhcp/b06fef23-fc16-4b4f-a265-361e0efa80ee/opts
Sep 29 21:47:54 gtw01 dnsmasq[12682]: read /var/lib/neutron/dhcp/63a07da5-6a5e-41f8-8827-ec3cc609303f/addn_hosts - 2 addresses
Sep 29 21:47:54 gtw01 dnsmasq-dhcp[12682]: read /var/lib/neutron/dhcp/63a07da5-6a5e-41f8-8827-ec3cc609303f/host
Sep 29 21:47:54 gtw01 dnsmasq-dhcp[12682]: read /var/lib/neutron/dhcp/63a07da5-6a5e-41f8-8827-ec3cc609303f/opts
Sep 29 21:47:55 gtw01 dnsmasq[12259]: read /var/lib/neutron/dhcp/eff53103-859e-4057-96d6-8bf0d81ec452/addn_hosts - 1 addresses
Sep 29 21:47:55 gtw01 dnsmasq-dhcp[12259]: read /var/lib/neutron/dhcp/eff53103-859e-4057-96d6-8bf0d81ec452/host
Sep 29 21:47:55 gtw01 dnsmasq-dhcp[12259]: read /var/lib/neutron/dhcp/eff53103-859e-4057-96d6-8bf0d81ec452/opts
Sep 29 21:47:55 gtw01 dnsmasq[12703]: read /var/lib/neutron/dhcp/b942af85-5d68-48d9-8693-13f000a89d73/addn_hosts - 2 addresses
Sep 29 21:47:55 gtw01 dnsmasq-dhcp[12703]: read /var/lib/neutron/dhcp/b942af85-5d68-48d9-8693-13f000a89d73/host
Sep 29 21:47:55 gtw01 dnsmasq-dhcp[12703]: read /var/lib/neutron/dhcp/b942af85-5d68-48d9-8693-13f000a89d73/opts
Sep 29 21:47:55 gtw01 dnsmasq[12800]: read /var/lib/neutron/dhcp/dba200d9-fda3-4a5b-9ed1-c0b99b574120/addn_hosts - 1 addresses
Sep 29 21:47:55 gtw01 dnsmasq-dhcp[12800]: read /var/lib/neutron/dhcp/dba200d9-fda3-4a5b-9ed1-c0b99b574120/host
Sep 29 21:47:55 gtw01 dnsmasq-dhcp[12800]: read /var/lib/neutron/dhcp/dba200d9-fda3-4a5b-9ed1-c0b99b574120/opts
Sep 29 21:47:55 gtw01 dnsmasq[12734]: read /var/lib/neutron/dhcp/b06fef23-fc16-4b4f-a265-361e0efa80ee/addn_hosts - 2 addresses
Sep 29 21:47:55 gtw01 dnsmasq-dhcp[12734]: read /var/lib/neutron/dhcp/b06fef23-fc16-4b4f-a265-361e0efa80ee/host
Sep 29 21:47:55 gtw01 dnsmasq-dhcp[12734]: read /var/lib/neutron/dhcp/b06fef23-fc16-4b4f-a265-361e0efa80ee/opts
Sep 29 21:47:56 gtw01 dnsmasq[12682]: read /var/lib/neutron/dhcp/63a07da5-6a5e-41f8-8827-ec3cc609303f/addn_hosts - 2 addresses
Sep 29 21:47:56 gtw01 dnsmasq-dhcp[12682]: read /var/lib/neutron/dhcp/63a07da5-6a5e-41f8-8827-ec3cc609303f/host
Sep 29 21:47:56 gtw01 dnsmasq-dhcp[12682]: read /var/lib/neutron/dhcp/63a07da5-6a5e-41f8-8827-ec3cc609303f/opts
Sep 29 21:47:57 gtw01 dnsmasq[12703]: read /var/lib/neutron/dhcp/b942af85-5d68-48d9-8693-13f000a89d73/addn_hosts - 2 addresses
Sep 29 21:47:57 gtw01 dnsmasq-dhcp[12703]: read /var/lib/neutron/dhcp/b942af85-5d68-48d9-8693-13f000a89d73/host
Sep 29 21:47:57 gtw01 dnsmasq-dhcp[12703]: read /var/lib/neutron/dhcp/b942af85-5d68-48d9-8693-13f000a89d73/opts
Sep 29 21:47:57 gtw01 dnsmasq[12800]: read /var/lib/neutron/dhcp/dba200d9-fda3-4a5b-9ed1-c0b99b574120/addn_hosts - 2 addresses
Sep 29 21:47:57 gtw01 dnsmasq-dhcp[12800]: read /var/lib/neutron/dhcp/dba200d9-fda3-4a5b-9ed1-c0b99b574120/host
Sep 29 21:47:57 gtw01 dnsmasq-dhcp[12800]: read /var/lib/neutron/dhcp/dba200d9-fda3-4a5b-9ed1-c0b99b574120/opts
Sep 29 21:47:57 gtw01 dnsmasq[12734]: read /var/lib/neutron/dhcp/b06fef23-fc16-4b4f-a265-361e0efa80ee/addn_hosts - 2 addresses
Sep 29 21:47:57 gtw01 dnsmasq-dhcp[12734]: read /var/lib/neutron/dhcp/b06fef23-fc16-4b4f-a265-361e0efa80ee/host
Sep 29 21:47:57 gtw01 dnsmasq-dhcp[12734]: read /var/lib/neutron/dhcp/b06fef23-fc16-4b4f-a265-361e0efa80ee/opts
Sep 29 21:47:57 gtw01 dnsmasq[12682]: read /var/lib/neutron/dhcp/63a07da5-6a5e-41f8-8827-ec3cc609303f/addn_hosts - 2 addresses
Sep 29 21:47:57 gtw01 dnsmasq-dhcp[12682]: read /var/lib/neutron/dhcp/63a07da5-6a5e-41f8-8827-ec3cc609303f/host
Sep 29 21:47:57 gtw01 dnsmasq-dhcp[12682]: read /var/lib/neutron/dhcp/63a07da5-6a5e-41f8-8827-ec3cc609303f/opts
Sep 29 21:47:58 gtw01 dnsmasq[12703]: read /var/lib/neutron/dhcp/b942af85-5d68-48d9-8693-13f000a89d73/addn_hosts - 2 addresses
Sep 29 21:47:58 gtw01 dnsmasq-dhcp[12703]: read /var/lib/neutron/dhcp/b942af85-5d68-48d9-8693-13f000a89d73/host
Sep 29 21:47:58 gtw01 dnsmasq-dhcp[12703]: read /var/lib/neutron/dhcp/b942af85-5d68-48d9-8693-13f000a89d73/opts
Sep 29 21:47:58 gtw01 dnsmasq[12800]: read /var/lib/neutron/dhcp/dba200d9-fda3-4a5b-9ed1-c0b99b574120/addn_hosts - 2 addresses
Sep 29 21:47:58 gtw01 dnsmasq-dhcp[12800]: read /var/lib/neutron/dhcp/dba200d9-fda3-4a5b-9ed1-c0b99b574120/host
Sep 29 21:47:58 gtw01 dnsmasq-dhcp[12800]: read /var/lib/neutron/dhcp/dba200d9-fda3-4a5b-9ed1-c0b99b574120/opts
Sep 29 21:47:59 gtw01 dnsmasq[12682]: read /var/lib/neutron/dhcp/63a07da5-6a5e-41f8-8827-ec3cc609303f/addn_hosts - 1 addresses
Sep 29 21:47:59 gtw01 dnsmasq-dhcp[12682]: read /var/lib/neutron/dhcp/63a07da5-6a5e-41f8-8827-ec3cc609303f/host
Sep 29 21:47:59 gtw01 dnsmasq-dhcp[12682]: read /var/lib/neutron/dhcp/63a07da5-6a5e-41f8-8827-ec3cc609303f/opts
Sep 29 21:47:59 gtw01 dnsmasq[12734]: read /var/lib/neutron/dhcp/b06fef23-fc16-4b4f-a265-361e0efa80ee/addn_hosts - 2 addresses
Sep 29 21:47:59 gtw01 dnsmasq-dhcp[12734]: read /var/lib/neutron/dhcp/b06fef23-fc16-4b4f-a265-361e0efa80ee/host
Sep 29 21:47:59 gtw01 dnsmasq-dhcp[12734]: read /var/lib/neutron/dhcp/b06fef23-fc16-4b4f-a265-361e0efa80ee/opts
Sep 29 21:48:00 gtw01 dnsmasq[12703]: read /var/lib/neutron/dhcp/b942af85-5d68-48d9-8693-13f000a89d73/addn_hosts - 1 addresses
Sep 29 21:48:00 gtw01 dnsmasq-dhcp[12703]: read /var/lib/neutron/dhcp/b942af85-5d68-48d9-8693-13f000a89d73/host
Sep 29 21:48:00 gtw01 dnsmasq-dhcp[12703]: read /var/lib/neutron/dhcp/b942af85-5d68-48d9-8693-13f000a89d73/opts
Sep 29 21:48:00 gtw01 dnsmasq[12800]: read /var/lib/neutron/dhcp/dba200d9-fda3-4a5b-9ed1-c0b99b574120/addn_hosts - 2 addresses
Sep 29 21:48:00 gtw01 dnsmasq-dhcp[12800]: read /var/lib/neutron/dhcp/dba200d9-fda3-4a5b-9ed1-c0b99b574120/host
Sep 29 21:48:00 gtw01 dnsmasq-dhcp[12800]: read /var/lib/neutron/dhcp/dba200d9-fda3-4a5b-9ed1-c0b99b574120/opts
Sep 29 21:48:00 gtw01 dnsmasq[12734]: read /var/lib/neutron/dhcp/b06fef23-fc16-4b4f-a265-361e0efa80ee/addn_hosts - 1 addresses
Sep 29 21:48:00 gtw01 dnsmasq-dhcp[12734]: read /var/lib/neutron/dhcp/b06fef23-fc16-4b4f-a265-361e0efa80ee/host
Sep 29 21:48:00 gtw01 dnsmasq-dhcp[12734]: read /var/lib/neutron/dhcp/b06fef23-fc16-4b4f-a265-361e0efa80ee/opts
Sep 29 21:48:01 gtw01 dnsmasq[12800]: read /var/lib/neutron/dhcp/dba200d9-fda3-4a5b-9ed1-c0b99b574120/addn_hosts - 1 addresses
Sep 29 21:48:01 gtw01 dnsmasq-dhcp[12800]: read /var/lib/neutron/dhcp/dba200d9-fda3-4a5b-9ed1-c0b99b574120/host
Sep 29 21:48:01 gtw01 dnsmasq-dhcp[12800]: read /var/lib/neutron/dhcp/dba200d9-fda3-4a5b-9ed1-c0b99b574120/opts
Sep 29 21:48:02 gtw01 kernel: [13240.477275] device tape06d2c54-89 left promiscuous mode
Sep 29 21:48:02 gtw01 kernel: [13240.623409] device tap1bac6c27-c5 left promiscuous mode
Sep 29 21:48:02 gtw01 kernel: [13240.883617] device tapf26cdb32-f6 left promiscuous mode
Sep 29 21:48:03 gtw01 kernel: [13241.184409] device tap658a4aa5-98 left promiscuous mode
Sep 29 21:48:03 gtw01 kernel: [13241.522721] device tapad3f1fdd-1f left promiscuous mode
Sep 29 21:48:03 gtw01 kernel: [13241.936710] device tapbb535689-da left promiscuous mode
Sep 29 21:48:04 gtw01 kernel: [13242.177397] device tap419009ac-79 left promiscuous mode
Sep 29 21:48:04 gtw01 kernel: [13242.896433] device tap94940849-f9 left promiscuous mode
Sep 29 21:48:05 gtw01 kernel: [13243.599231] device tapf77e14ef-10 left promiscuous mode
Sep 29 21:48:05 gtw01 kernel: [13243.898966] device tap543fbe0f-9b left promiscuous mode
Sep 29 21:48:33 gtw01 kernel: [13272.128708] device tap5fba78f7-45 entered promiscuous mode
Sep 29 21:48:33 gtw01 systemd-udevd[13288]: Could not generate persistent MAC address for tap5fba78f7-45: No such file or directory
Sep 29 21:48:34 gtw01 systemd-udevd[13288]: Process '/sbin/ip link set tap5fba78f7-45 txqueuelen 10000' failed with exit code 1.
Sep 29 21:48:34 gtw01 systemd-udevd[13288]: Process '/sbin/ip link set tap5fba78f7-45 txqueuelen 10000' failed with exit code 1.
Sep 29 21:48:35 gtw01 kernel: [13273.379964] device tap1b6e8298-37 entered promiscuous mode
Sep 29 21:48:35 gtw01 systemd-udevd[13406]: Could not generate persistent MAC address for tap1b6e8298-37: No such file or directory
Sep 29 21:48:35 gtw01 systemd-udevd[13406]: Process '/sbin/ip link set tap1b6e8298-37 txqueuelen 10000' failed with exit code 1.
Sep 29 21:48:36 gtw01 kernel: [13274.607544] device tap668cd59c-90 entered promiscuous mode
Sep 29 21:48:36 gtw01 systemd-udevd[13535]: Process '/sbin/ip link set tap668cd59c-90 txqueuelen 10000' failed with exit code 1.
Sep 29 21:48:36 gtw01 systemd-udevd[13613]: Process '/sbin/ip link set tap668cd59c-90 txqueuelen 10000' failed with exit code 1.
Sep 29 21:48:37 gtw01 dnsmasq[13675]: started, version 2.80 cachesize 150
Sep 29 21:48:37 gtw01 dnsmasq[13675]: DNS service limited to local subnets
Sep 29 21:48:37 gtw01 dnsmasq[13675]: compile time options: IPv6 GNU-getopt DBus i18n IDN DHCP DHCPv6 no-Lua TFTP conntrack ipset auth DNSSEC loop-detect inotify dumpfile
Sep 29 21:48:37 gtw01 dnsmasq[13675]: warning: no upstream servers configured
Sep 29 21:48:37 gtw01 dnsmasq-dhcp[13675]: DHCP, static leases only on 10.2.36.0, lease time 1h
Sep 29 21:48:37 gtw01 dnsmasq[13675]: read /var/lib/neutron/dhcp/df2bd4df-5b04-457f-874f-b69df3887954/addn_hosts - 1 addresses
Sep 29 21:48:37 gtw01 dnsmasq-dhcp[13675]: read /var/lib/neutron/dhcp/df2bd4df-5b04-457f-874f-b69df3887954/host
Sep 29 21:48:37 gtw01 dnsmasq-dhcp[13675]: read /var/lib/neutron/dhcp/df2bd4df-5b04-457f-874f-b69df3887954/opts
Sep 29 21:48:38 gtw01 haproxy-metadata-proxy-df2bd4df-5b04-457f-874f-b69df3887954[13685]: Proxy listener started.
Sep 29 21:48:39 gtw01 dnsmasq[13722]: started, version 2.80 cachesize 150
Sep 29 21:48:39 gtw01 dnsmasq[13722]: DNS service limited to local subnets
Sep 29 21:48:39 gtw01 dnsmasq[13722]: compile time options: IPv6 GNU-getopt DBus i18n IDN DHCP DHCPv6 no-Lua TFTP conntrack ipset auth DNSSEC loop-detect inotify dumpfile
Sep 29 21:48:39 gtw01 dnsmasq[13722]: warning: no upstream servers configured
Sep 29 21:48:39 gtw01 dnsmasq-dhcp[13722]: DHCP, static leases only on 10.2.37.0, lease time 1h
Sep 29 21:48:39 gtw01 dnsmasq[13722]: read /var/lib/neutron/dhcp/308549c2-5765-4771-b7d4-682bf98df46f/addn_hosts - 1 addresses
Sep 29 21:48:39 gtw01 dnsmasq-dhcp[13722]: read /var/lib/neutron/dhcp/308549c2-5765-4771-b7d4-682bf98df46f/host
Sep 29 21:48:39 gtw01 dnsmasq-dhcp[13722]: read /var/lib/neutron/dhcp/308549c2-5765-4771-b7d4-682bf98df46f/opts
Sep 29 21:48:39 gtw01 haproxy-metadata-proxy-308549c2-5765-4771-b7d4-682bf98df46f[13730]: Proxy listener started.
Sep 29 21:48:40 gtw01 dnsmasq[13722]: read /var/lib/neutron/dhcp/308549c2-5765-4771-b7d4-682bf98df46f/addn_hosts - 1 addresses
Sep 29 21:48:40 gtw01 dnsmasq-dhcp[13722]: read /var/lib/neutron/dhcp/308549c2-5765-4771-b7d4-682bf98df46f/host
Sep 29 21:48:40 gtw01 dnsmasq-dhcp[13722]: read /var/lib/neutron/dhcp/308549c2-5765-4771-b7d4-682bf98df46f/opts
Sep 29 21:48:40 gtw01 dnsmasq[13775]: started, version 2.80 cachesize 150
Sep 29 21:48:40 gtw01 dnsmasq[13775]: DNS service limited to local subnets
Sep 29 21:48:40 gtw01 dnsmasq[13775]: compile time options: IPv6 GNU-getopt DBus i18n IDN DHCP DHCPv6 no-Lua TFTP conntrack ipset auth DNSSEC loop-detect inotify dumpfile
Sep 29 21:48:40 gtw01 dnsmasq[13775]: warning: no upstream servers configured
Sep 29 21:48:40 gtw01 dnsmasq-dhcp[13775]: DHCP, static leases only on 10.2.38.0, lease time 1h
Sep 29 21:48:40 gtw01 dnsmasq[13775]: read /var/lib/neutron/dhcp/7034d726-b7df-4f2b-a589-5f75587bdcf9/addn_hosts - 1 addresses
Sep 29 21:48:40 gtw01 dnsmasq-dhcp[13775]: read /var/lib/neutron/dhcp/7034d726-b7df-4f2b-a589-5f75587bdcf9/host
Sep 29 21:48:40 gtw01 dnsmasq-dhcp[13775]: read /var/lib/neutron/dhcp/7034d726-b7df-4f2b-a589-5f75587bdcf9/opts
Sep 29 21:48:40 gtw01 haproxy-metadata-proxy-7034d726-b7df-4f2b-a589-5f75587bdcf9[13788]: Proxy listener started.
Sep 29 21:48:41 gtw01 dnsmasq[13722]: read /var/lib/neutron/dhcp/308549c2-5765-4771-b7d4-682bf98df46f/addn_hosts - 1 addresses
Sep 29 21:48:41 gtw01 dnsmasq-dhcp[13722]: read /var/lib/neutron/dhcp/308549c2-5765-4771-b7d4-682bf98df46f/host
Sep 29 21:48:41 gtw01 dnsmasq-dhcp[13722]: read /var/lib/neutron/dhcp/308549c2-5765-4771-b7d4-682bf98df46f/opts
Sep 29 21:48:42 gtw01 dnsmasq[13834]: started, version 2.80 cachesize 150
Sep 29 21:48:42 gtw01 dnsmasq[13834]: DNS service limited to local subnets
Sep 29 21:48:42 gtw01 dnsmasq[13834]: compile time options: IPv6 GNU-getopt DBus i18n IDN DHCP DHCPv6 no-Lua TFTP conntrack ipset auth DNSSEC loop-detect inotify dumpfile
Sep 29 21:48:42 gtw01 dnsmasq[13834]: warning: no upstream servers configured
Sep 29 21:48:42 gtw01 dnsmasq-dhcp[13834]: DHCP, static leases only on 1.1.0.172, lease time 1h
Sep 29 21:48:42 gtw01 dnsmasq-dhcp[13834]: DHCP, static leases only on 10.2.36.0, lease time 1h
Sep 29 21:48:42 gtw01 dnsmasq[13834]: read /var/lib/neutron/dhcp/df2bd4df-5b04-457f-874f-b69df3887954/addn_hosts - 2 addresses
Sep 29 21:48:42 gtw01 dnsmasq-dhcp[13834]: read /var/lib/neutron/dhcp/df2bd4df-5b04-457f-874f-b69df3887954/host
Sep 29 21:48:42 gtw01 dnsmasq-dhcp[13834]: read /var/lib/neutron/dhcp/df2bd4df-5b04-457f-874f-b69df3887954/opts
Sep 29 21:48:42 gtw01 kernel: [13280.251401] device tap668cd59c-90 left promiscuous mode
Sep 29 21:48:43 gtw01 kernel: [13281.906771] device tap1b6e8298-37 left promiscuous mode
Sep 29 21:48:45 gtw01 dnsmasq[13893]: started, version 2.80 cachesize 150
Sep 29 21:48:45 gtw01 dnsmasq[13893]: DNS service limited to local subnets
Sep 29 21:48:45 gtw01 dnsmasq[13893]: compile time options: IPv6 GNU-getopt DBus i18n IDN DHCP DHCPv6 no-Lua TFTP conntrack ipset auth DNSSEC loop-detect inotify dumpfile
Sep 29 21:48:45 gtw01 dnsmasq[13893]: warning: no upstream servers configured
