Sep 29 19:38:42 gtw01 dnsmasq-dhcp[13624]: read /var/lib/neutron/dhcp/3c5b602d-4ffb-4d8b-978f-5c1b0e84bfff/host
Sep 29 19:38:42 gtw01 dnsmasq-dhcp[13624]: read /var/lib/neutron/dhcp/3c5b602d-4ffb-4d8b-978f-5c1b0e84bfff/opts
Sep 29 19:38:43 gtw01 dnsmasq[13853]: read /var/lib/neutron/dhcp/dbbb5def-8cd5-4d6b-93d4-44168f38bba0/addn_hosts - 2 addresses
Sep 29 19:38:43 gtw01 dnsmasq-dhcp[13853]: read /var/lib/neutron/dhcp/dbbb5def-8cd5-4d6b-93d4-44168f38bba0/host
Sep 29 19:38:43 gtw01 dnsmasq-dhcp[13853]: read /var/lib/neutron/dhcp/dbbb5def-8cd5-4d6b-93d4-44168f38bba0/opts
Sep 29 19:38:43 gtw01 dnsmasq[13624]: read /var/lib/neutron/dhcp/3c5b602d-4ffb-4d8b-978f-5c1b0e84bfff/addn_hosts - 2 addresses
Sep 29 19:38:43 gtw01 dnsmasq-dhcp[13624]: read /var/lib/neutron/dhcp/3c5b602d-4ffb-4d8b-978f-5c1b0e84bfff/host
Sep 29 19:38:43 gtw01 dnsmasq-dhcp[13624]: read /var/lib/neutron/dhcp/3c5b602d-4ffb-4d8b-978f-5c1b0e84bfff/opts
Sep 29 19:38:44 gtw01 dnsmasq-dhcp[11718]: DHCPRELEASE(tap70e08854-39) 192.168.120.4 fa:16:3e:dd:85:71
Sep 29 19:38:44 gtw01 dnsmasq[13853]: read /var/lib/neutron/dhcp/dbbb5def-8cd5-4d6b-93d4-44168f38bba0/addn_hosts - 2 addresses
Sep 29 19:38:44 gtw01 dnsmasq-dhcp[13853]: read /var/lib/neutron/dhcp/dbbb5def-8cd5-4d6b-93d4-44168f38bba0/host
Sep 29 19:38:44 gtw01 dnsmasq-dhcp[13853]: read /var/lib/neutron/dhcp/dbbb5def-8cd5-4d6b-93d4-44168f38bba0/opts
Sep 29 19:38:45 gtw01 dnsmasq[13853]: read /var/lib/neutron/dhcp/dbbb5def-8cd5-4d6b-93d4-44168f38bba0/addn_hosts - 2 addresses
Sep 29 19:38:45 gtw01 dnsmasq-dhcp[13853]: read /var/lib/neutron/dhcp/dbbb5def-8cd5-4d6b-93d4-44168f38bba0/host
Sep 29 19:38:45 gtw01 dnsmasq-dhcp[13853]: read /var/lib/neutron/dhcp/dbbb5def-8cd5-4d6b-93d4-44168f38bba0/opts
Sep 29 19:38:46 gtw01 dnsmasq[13853]: read /var/lib/neutron/dhcp/dbbb5def-8cd5-4d6b-93d4-44168f38bba0/addn_hosts - 2 addresses
Sep 29 19:38:46 gtw01 dnsmasq-dhcp[13853]: read /var/lib/neutron/dhcp/dbbb5def-8cd5-4d6b-93d4-44168f38bba0/host
Sep 29 19:38:46 gtw01 dnsmasq-dhcp[13853]: read /var/lib/neutron/dhcp/dbbb5def-8cd5-4d6b-93d4-44168f38bba0/opts
Sep 29 19:38:47 gtw01 dnsmasq[13853]: read /var/lib/neutron/dhcp/dbbb5def-8cd5-4d6b-93d4-44168f38bba0/addn_hosts - 2 addresses
Sep 29 19:38:47 gtw01 dnsmasq-dhcp[13853]: read /var/lib/neutron/dhcp/dbbb5def-8cd5-4d6b-93d4-44168f38bba0/host
Sep 29 19:38:47 gtw01 dnsmasq-dhcp[13853]: read /var/lib/neutron/dhcp/dbbb5def-8cd5-4d6b-93d4-44168f38bba0/opts
Sep 29 19:38:47 gtw01 kernel: [ 5485.523177] device tapc929c1e6-cd left promiscuous mode
Sep 29 19:38:48 gtw01 kernel: [ 5486.607735] device tapa36047dc-e5 left promiscuous mode
Sep 29 19:38:51 gtw01 dnsmasq[13624]: read /var/lib/neutron/dhcp/3c5b602d-4ffb-4d8b-978f-5c1b0e84bfff/addn_hosts - 1 addresses
Sep 29 19:38:51 gtw01 dnsmasq-dhcp[13624]: read /var/lib/neutron/dhcp/3c5b602d-4ffb-4d8b-978f-5c1b0e84bfff/host
Sep 29 19:38:51 gtw01 dnsmasq-dhcp[13624]: read /var/lib/neutron/dhcp/3c5b602d-4ffb-4d8b-978f-5c1b0e84bfff/opts
Sep 29 19:38:54 gtw01 kernel: [ 5492.732588] device tap50c2cf8b-73 left promiscuous mode
Sep 29 19:38:54 gtw01 kernel: [ 5492.884391] device tap835c73e1-fb entered promiscuous mode
Sep 29 19:38:54 gtw01 systemd-udevd[14036]: Could not generate persistent MAC address for tap835c73e1-fb: No such file or directory
Sep 29 19:38:54 gtw01 systemd-udevd[14036]: Process '/sbin/ip link set tap835c73e1-fb txqueuelen 10000' failed with exit code 1.
Sep 29 19:38:54 gtw01 systemd-udevd[14036]: Process '/sbin/ip link set tap835c73e1-fb txqueuelen 10000' failed with exit code 1.
Sep 29 19:38:57 gtw01 dnsmasq[14172]: started, version 2.80 cachesize 150
Sep 29 19:38:57 gtw01 dnsmasq[14172]: DNS service limited to local subnets
Sep 29 19:38:57 gtw01 dnsmasq[14172]: compile time options: IPv6 GNU-getopt DBus i18n IDN DHCP DHCPv6 no-Lua TFTP conntrack ipset auth DNSSEC loop-detect inotify dumpfile
Sep 29 19:38:57 gtw01 dnsmasq[14172]: warning: no upstream servers configured
Sep 29 19:38:57 gtw01 dnsmasq-dhcp[14172]: DHCP, static leases only on 192.168.120.0, lease time 1h
Sep 29 19:38:57 gtw01 dnsmasq[14172]: read /var/lib/neutron/dhcp/3e266cb3-2f7f-40db-94a0-cb73ae184259/addn_hosts - 1 addresses
Sep 29 19:38:57 gtw01 dnsmasq-dhcp[14172]: read /var/lib/neutron/dhcp/3e266cb3-2f7f-40db-94a0-cb73ae184259/host
Sep 29 19:38:57 gtw01 dnsmasq-dhcp[14172]: read /var/lib/neutron/dhcp/3e266cb3-2f7f-40db-94a0-cb73ae184259/opts
Sep 29 19:38:58 gtw01 haproxy-metadata-proxy-3e266cb3-2f7f-40db-94a0-cb73ae184259[14176]: Proxy listener started.
Sep 29 19:38:58 gtw01 dnsmasq[13350]: read /var/lib/neutron/dhcp/6e6881c0-1a29-43a3-bcb2-8b45f7c4091a/addn_hosts - 1 addresses
Sep 29 19:38:58 gtw01 dnsmasq-dhcp[13350]: read /var/lib/neutron/dhcp/6e6881c0-1a29-43a3-bcb2-8b45f7c4091a/host
Sep 29 19:38:58 gtw01 dnsmasq-dhcp[13350]: read /var/lib/neutron/dhcp/6e6881c0-1a29-43a3-bcb2-8b45f7c4091a/opts
Sep 29 19:38:58 gtw01 dnsmasq[14172]: read /var/lib/neutron/dhcp/3e266cb3-2f7f-40db-94a0-cb73ae184259/addn_hosts - 2 addresses
Sep 29 19:38:58 gtw01 dnsmasq-dhcp[14172]: read /var/lib/neutron/dhcp/3e266cb3-2f7f-40db-94a0-cb73ae184259/host
Sep 29 19:38:58 gtw01 dnsmasq-dhcp[14172]: read /var/lib/neutron/dhcp/3e266cb3-2f7f-40db-94a0-cb73ae184259/opts
Sep 29 19:38:59 gtw01 dnsmasq[14172]: read /var/lib/neutron/dhcp/3e266cb3-2f7f-40db-94a0-cb73ae184259/addn_hosts - 2 addresses
Sep 29 19:38:59 gtw01 dnsmasq-dhcp[14172]: read /var/lib/neutron/dhcp/3e266cb3-2f7f-40db-94a0-cb73ae184259/host
Sep 29 19:38:59 gtw01 dnsmasq-dhcp[14172]: read /var/lib/neutron/dhcp/3e266cb3-2f7f-40db-94a0-cb73ae184259/opts
Sep 29 19:39:00 gtw01 dnsmasq[14172]: read /var/lib/neutron/dhcp/3e266cb3-2f7f-40db-94a0-cb73ae184259/addn_hosts - 2 addresses
Sep 29 19:39:00 gtw01 dnsmasq-dhcp[14172]: read /var/lib/neutron/dhcp/3e266cb3-2f7f-40db-94a0-cb73ae184259/host
Sep 29 19:39:00 gtw01 dnsmasq-dhcp[14172]: read /var/lib/neutron/dhcp/3e266cb3-2f7f-40db-94a0-cb73ae184259/opts
Sep 29 19:39:01 gtw01 dnsmasq-dhcp[11718]: DHCPDISCOVER(tap70e08854-39) fa:16:3e:dd:85:71
Sep 29 19:39:01 gtw01 dnsmasq-dhcp[11718]: DHCPOFFER(tap70e08854-39) 192.168.120.4 fa:16:3e:dd:85:71
Sep 29 19:39:01 gtw01 dnsmasq-dhcp[11718]: DHCPREQUEST(tap70e08854-39) 192.168.120.4 fa:16:3e:dd:85:71
Sep 29 19:39:01 gtw01 dnsmasq-dhcp[11718]: DHCPACK(tap70e08854-39) 192.168.120.4 fa:16:3e:dd:85:71 host-192-168-120-4
Sep 29 19:39:01 gtw01 dnsmasq[14172]: read /var/lib/neutron/dhcp/3e266cb3-2f7f-40db-94a0-cb73ae184259/addn_hosts - 3 addresses
Sep 29 19:39:01 gtw01 dnsmasq-dhcp[14172]: read /var/lib/neutron/dhcp/3e266cb3-2f7f-40db-94a0-cb73ae184259/host
Sep 29 19:39:01 gtw01 dnsmasq-dhcp[14172]: read /var/lib/neutron/dhcp/3e266cb3-2f7f-40db-94a0-cb73ae184259/opts
Sep 29 19:39:02 gtw01 kernel: [ 5500.204298] device tape8a36b1a-08 left promiscuous mode
Sep 29 19:39:02 gtw01 dnsmasq[14172]: read /var/lib/neutron/dhcp/3e266cb3-2f7f-40db-94a0-cb73ae184259/addn_hosts - 3 addresses
Sep 29 19:39:02 gtw01 dnsmasq-dhcp[14172]: read /var/lib/neutron/dhcp/3e266cb3-2f7f-40db-94a0-cb73ae184259/host
Sep 29 19:39:02 gtw01 dnsmasq-dhcp[14172]: read /var/lib/neutron/dhcp/3e266cb3-2f7f-40db-94a0-cb73ae184259/opts
Sep 29 19:39:03 gtw01 dnsmasq[14172]: read /var/lib/neutron/dhcp/3e266cb3-2f7f-40db-94a0-cb73ae184259/addn_hosts - 3 addresses
Sep 29 19:39:03 gtw01 dnsmasq-dhcp[14172]: read /var/lib/neutron/dhcp/3e266cb3-2f7f-40db-94a0-cb73ae184259/host
Sep 29 19:39:03 gtw01 dnsmasq-dhcp[14172]: read /var/lib/neutron/dhcp/3e266cb3-2f7f-40db-94a0-cb73ae184259/opts
Sep 29 19:39:04 gtw01 dnsmasq[14172]: read /var/lib/neutron/dhcp/3e266cb3-2f7f-40db-94a0-cb73ae184259/addn_hosts - 4 addresses
Sep 29 19:39:04 gtw01 dnsmasq-dhcp[14172]: read /var/lib/neutron/dhcp/3e266cb3-2f7f-40db-94a0-cb73ae184259/host
Sep 29 19:39:04 gtw01 dnsmasq-dhcp[14172]: read /var/lib/neutron/dhcp/3e266cb3-2f7f-40db-94a0-cb73ae184259/opts
Sep 29 19:39:05 gtw01 dnsmasq[14172]: read /var/lib/neutron/dhcp/3e266cb3-2f7f-40db-94a0-cb73ae184259/addn_hosts - 4 addresses
Sep 29 19:39:05 gtw01 dnsmasq-dhcp[14172]: read /var/lib/neutron/dhcp/3e266cb3-2f7f-40db-94a0-cb73ae184259/host
Sep 29 19:39:05 gtw01 dnsmasq-dhcp[14172]: read /var/lib/neutron/dhcp/3e266cb3-2f7f-40db-94a0-cb73ae184259/opts
Sep 29 19:39:06 gtw01 dnsmasq[14172]: read /var/lib/neutron/dhcp/3e266cb3-2f7f-40db-94a0-cb73ae184259/addn_hosts - 4 addresses
Sep 29 19:39:06 gtw01 dnsmasq-dhcp[14172]: read /var/lib/neutron/dhcp/3e266cb3-2f7f-40db-94a0-cb73ae184259/host
Sep 29 19:39:06 gtw01 dnsmasq-dhcp[14172]: read /var/lib/neutron/dhcp/3e266cb3-2f7f-40db-94a0-cb73ae184259/opts
Sep 29 19:39:06 gtw01 dnsmasq[13132]: read /var/lib/neutron/dhcp/110c31dd-f5b0-4b18-a938-6c98d814103f/addn_hosts - 1 addresses
Sep 29 19:39:06 gtw01 dnsmasq-dhcp[13132]: read /var/lib/neutron/dhcp/110c31dd-f5b0-4b18-a938-6c98d814103f/host
Sep 29 19:39:06 gtw01 dnsmasq-dhcp[13132]: read /var/lib/neutron/dhcp/110c31dd-f5b0-4b18-a938-6c98d814103f/opts
Sep 29 19:39:07 gtw01 dnsmasq[14172]: read /var/lib/neutron/dhcp/3e266cb3-2f7f-40db-94a0-cb73ae184259/addn_hosts - 4 addresses
Sep 29 19:39:07 gtw01 dnsmasq-dhcp[14172]: read /var/lib/neutron/dhcp/3e266cb3-2f7f-40db-94a0-cb73ae184259/host
Sep 29 19:39:07 gtw01 dnsmasq-dhcp[14172]: read /var/lib/neutron/dhcp/3e266cb3-2f7f-40db-94a0-cb73ae184259/opts
Sep 29 19:39:08 gtw01 dnsmasq-dhcp[11718]: DHCPRELEASE(tap70e08854-39) 192.168.120.4 fa:16:3e:dd:85:71
Sep 29 19:39:08 gtw01 dnsmasq[14172]: read /var/lib/neutron/dhcp/3e266cb3-2f7f-40db-94a0-cb73ae184259/addn_hosts - 4 addresses
Sep 29 19:39:08 gtw01 dnsmasq-dhcp[14172]: read /var/lib/neutron/dhcp/3e266cb3-2f7f-40db-94a0-cb73ae184259/host
Sep 29 19:39:08 gtw01 dnsmasq-dhcp[14172]: read /var/lib/neutron/dhcp/3e266cb3-2f7f-40db-94a0-cb73ae184259/opts
Sep 29 19:39:09 gtw01 kernel: [ 5507.355851] device tap51e336d5-34 left promiscuous mode
Sep 29 19:39:09 gtw01 dnsmasq[14172]: read /var/lib/neutron/dhcp/3e266cb3-2f7f-40db-94a0-cb73ae184259/addn_hosts - 4 addresses
Sep 29 19:39:09 gtw01 dnsmasq-dhcp[14172]: read /var/lib/neutron/dhcp/3e266cb3-2f7f-40db-94a0-cb73ae184259/host
Sep 29 19:39:09 gtw01 dnsmasq-dhcp[14172]: read /var/lib/neutron/dhcp/3e266cb3-2f7f-40db-94a0-cb73ae184259/opts
Sep 29 19:39:13 gtw01 dnsmasq-dhcp[14172]: DHCPDISCOVER(tap835c73e1-fb) fa:16:3e:51:d8:fa
Sep 29 19:39:13 gtw01 dnsmasq-dhcp[14172]: DHCPOFFER(tap835c73e1-fb) 192.168.120.8 fa:16:3e:51:d8:fa
Sep 29 19:39:13 gtw01 dnsmasq-dhcp[14172]: DHCPREQUEST(tap835c73e1-fb) 192.168.120.8 fa:16:3e:51:d8:fa
Sep 29 19:39:13 gtw01 dnsmasq-dhcp[14172]: DHCPACK(tap835c73e1-fb) 192.168.120.8 fa:16:3e:51:d8:fa host-192-168-120-8
Sep 29 19:39:16 gtw01 dnsmasq[14172]: read /var/lib/neutron/dhcp/3e266cb3-2f7f-40db-94a0-cb73ae184259/addn_hosts - 3 addresses
Sep 29 19:39:16 gtw01 dnsmasq-dhcp[14172]: read /var/lib/neutron/dhcp/3e266cb3-2f7f-40db-94a0-cb73ae184259/host
Sep 29 19:39:16 gtw01 dnsmasq-dhcp[14172]: read /var/lib/neutron/dhcp/3e266cb3-2f7f-40db-94a0-cb73ae184259/opts
Sep 29 19:39:16 gtw01 dnsmasq-dhcp[14172]: DHCPDISCOVER(tap835c73e1-fb) fa:16:3e:fb:57:9e
Sep 29 19:39:16 gtw01 dnsmasq-dhcp[14172]: DHCPOFFER(tap835c73e1-fb) 192.168.120.3 fa:16:3e:fb:57:9e
Sep 29 19:39:16 gtw01 dnsmasq-dhcp[14172]: DHCPREQUEST(tap835c73e1-fb) 192.168.120.3 fa:16:3e:fb:57:9e
Sep 29 19:39:16 gtw01 dnsmasq-dhcp[14172]: DHCPACK(tap835c73e1-fb) 192.168.120.3 fa:16:3e:fb:57:9e host-192-168-120-3
Sep 29 19:39:19 gtw01 dnsmasq-dhcp[14172]: DHCPRELEASE(tap835c73e1-fb) 192.168.120.3 fa:16:3e:fb:57:9e
Sep 29 19:39:20 gtw01 dnsmasq-dhcp[14172]: DHCPRELEASE(tap835c73e1-fb) 192.168.120.3 fa:16:3e:fb:57:9e unknown lease
Sep 29 19:39:20 gtw01 dnsmasq[14172]: read /var/lib/neutron/dhcp/3e266cb3-2f7f-40db-94a0-cb73ae184259/addn_hosts - 2 addresses
Sep 29 19:39:20 gtw01 dnsmasq-dhcp[14172]: read /var/lib/neutron/dhcp/3e266cb3-2f7f-40db-94a0-cb73ae184259/host
Sep 29 19:39:20 gtw01 dnsmasq-dhcp[14172]: read /var/lib/neutron/dhcp/3e266cb3-2f7f-40db-94a0-cb73ae184259/opts
Sep 29 19:39:22 gtw01 dnsmasq-dhcp[14172]: DHCPRELEASE(tap835c73e1-fb) 192.168.120.8 fa:16:3e:51:d8:fa
Sep 29 19:39:22 gtw01 dnsmasq-dhcp[14172]: DHCPRELEASE(tap835c73e1-fb) 192.168.120.8 fa:16:3e:51:d8:fa unknown lease
Sep 29 19:39:23 gtw01 dnsmasq[14172]: read /var/lib/neutron/dhcp/3e266cb3-2f7f-40db-94a0-cb73ae184259/addn_hosts - 1 addresses
Sep 29 19:39:23 gtw01 dnsmasq-dhcp[14172]: read /var/lib/neutron/dhcp/3e266cb3-2f7f-40db-94a0-cb73ae184259/host
Sep 29 19:39:23 gtw01 dnsmasq-dhcp[14172]: read /var/lib/neutron/dhcp/3e266cb3-2f7f-40db-94a0-cb73ae184259/opts
Sep 29 19:39:24 gtw01 dnsmasq-dhcp[11718]: DHCPDISCOVER(tap70e08854-39) fa:16:3e:dd:85:71
Sep 29 19:39:24 gtw01 dnsmasq-dhcp[11718]: DHCPOFFER(tap70e08854-39) 192.168.120.4 fa:16:3e:dd:85:71
Sep 29 19:39:24 gtw01 dnsmasq-dhcp[11718]: DHCPREQUEST(tap70e08854-39) 192.168.120.4 fa:16:3e:dd:85:71
Sep 29 19:39:24 gtw01 dnsmasq-dhcp[11718]: DHCPACK(tap70e08854-39) 192.168.120.4 fa:16:3e:dd:85:71 host-192-168-120-4
Sep 29 19:39:25 gtw01 kernel: [ 5523.432736] device tap835c73e1-fb left promiscuous mode
Sep 29 19:39:26 gtw01 dnsmasq-dhcp[11718]: DHCPRELEASE(tap70e08854-39) 192.168.120.4 fa:16:3e:dd:85:71
Sep 29 19:39:34 gtw01 dnsmasq[10221]: read /var/lib/neutron/dhcp/69fc530c-5d7f-40a1-9941-7e8e0f3d4d69/addn_hosts - 3 addresses
Sep 29 19:39:34 gtw01 dnsmasq-dhcp[10221]: read /var/lib/neutron/dhcp/69fc530c-5d7f-40a1-9941-7e8e0f3d4d69/host
Sep 29 19:39:34 gtw01 dnsmasq-dhcp[10221]: read /var/lib/neutron/dhcp/69fc530c-5d7f-40a1-9941-7e8e0f3d4d69/opts
Sep 29 19:39:35 gtw01 dnsmasq[10221]: read /var/lib/neutron/dhcp/69fc530c-5d7f-40a1-9941-7e8e0f3d4d69/addn_hosts - 3 addresses
Sep 29 19:39:35 gtw01 dnsmasq-dhcp[10221]: read /var/lib/neutron/dhcp/69fc530c-5d7f-40a1-9941-7e8e0f3d4d69/host
Sep 29 19:39:35 gtw01 dnsmasq-dhcp[10221]: read /var/lib/neutron/dhcp/69fc530c-5d7f-40a1-9941-7e8e0f3d4d69/opts
Sep 29 19:39:36 gtw01 dnsmasq[10221]: read /var/lib/neutron/dhcp/69fc530c-5d7f-40a1-9941-7e8e0f3d4d69/addn_hosts - 3 addresses
Sep 29 19:39:36 gtw01 dnsmasq-dhcp[10221]: read /var/lib/neutron/dhcp/69fc530c-5d7f-40a1-9941-7e8e0f3d4d69/host
Sep 29 19:39:36 gtw01 dnsmasq-dhcp[10221]: read /var/lib/neutron/dhcp/69fc530c-5d7f-40a1-9941-7e8e0f3d4d69/opts
Sep 29 19:39:37 gtw01 dnsmasq[11718]: read /var/lib/neutron/dhcp/7a4a514a-776e-49b5-bf3a-dc220c0804b1/addn_hosts - 2 addresses
Sep 29 19:39:37 gtw01 dnsmasq-dhcp[11718]: read /var/lib/neutron/dhcp/7a4a514a-776e-49b5-bf3a-dc220c0804b1/host
Sep 29 19:39:37 gtw01 dnsmasq-dhcp[11718]: read /var/lib/neutron/dhcp/7a4a514a-776e-49b5-bf3a-dc220c0804b1/opts
Sep 29 19:39:41 gtw01 dnsmasq[11718]: read /var/lib/neutron/dhcp/7a4a514a-776e-49b5-bf3a-dc220c0804b1/addn_hosts - 1 addresses
Sep 29 19:39:41 gtw01 dnsmasq-dhcp[11718]: read /var/lib/neutron/dhcp/7a4a514a-776e-49b5-bf3a-dc220c0804b1/host
Sep 29 19:39:41 gtw01 dnsmasq-dhcp[11718]: read /var/lib/neutron/dhcp/7a4a514a-776e-49b5-bf3a-dc220c0804b1/opts
Sep 29 19:39:45 gtw01 kernel: [ 5543.983325] device tap70e08854-39 left promiscuous mode
Sep 29 19:39:49 gtw01 dnsmasq-dhcp[10221]: DHCPDISCOVER(tap20744de4-ad) fa:16:3e:7b:82:15
Sep 29 19:39:49 gtw01 dnsmasq-dhcp[10221]: DHCPOFFER(tap20744de4-ad) 192.168.120.19 fa:16:3e:7b:82:15
Sep 29 19:39:49 gtw01 dnsmasq-dhcp[10221]: DHCPREQUEST(tap20744de4-ad) 192.168.120.19 fa:16:3e:7b:82:15
Sep 29 19:39:49 gtw01 dnsmasq-dhcp[10221]: DHCPACK(tap20744de4-ad) 192.168.120.19 fa:16:3e:7b:82:15 host-192-168-120-19
Sep 29 19:39:56 gtw01 dnsmasq[10221]: read /var/lib/neutron/dhcp/69fc530c-5d7f-40a1-9941-7e8e0f3d4d69/addn_hosts - 4 addresses
Sep 29 19:39:56 gtw01 dnsmasq-dhcp[10221]: read /var/lib/neutron/dhcp/69fc530c-5d7f-40a1-9941-7e8e0f3d4d69/host
Sep 29 19:39:56 gtw01 dnsmasq-dhcp[10221]: read /var/lib/neutron/dhcp/69fc530c-5d7f-40a1-9941-7e8e0f3d4d69/opts
Sep 29 19:39:57 gtw01 dnsmasq[10221]: read /var/lib/neutron/dhcp/69fc530c-5d7f-40a1-9941-7e8e0f3d4d69/addn_hosts - 4 addresses
Sep 29 19:39:57 gtw01 dnsmasq-dhcp[10221]: read /var/lib/neutron/dhcp/69fc530c-5d7f-40a1-9941-7e8e0f3d4d69/host
Sep 29 19:39:57 gtw01 dnsmasq-dhcp[10221]: read /var/lib/neutron/dhcp/69fc530c-5d7f-40a1-9941-7e8e0f3d4d69/opts
Sep 29 19:39:58 gtw01 dnsmasq[10221]: read /var/lib/neutron/dhcp/69fc530c-5d7f-40a1-9941-7e8e0f3d4d69/addn_hosts - 4 addresses
Sep 29 19:39:58 gtw01 dnsmasq-dhcp[10221]: read /var/lib/neutron/dhcp/69fc530c-5d7f-40a1-9941-7e8e0f3d4d69/host
Sep 29 19:39:58 gtw01 dnsmasq-dhcp[10221]: read /var/lib/neutron/dhcp/69fc530c-5d7f-40a1-9941-7e8e0f3d4d69/opts
Sep 29 19:39:59 gtw01 dnsmasq-dhcp[10221]: DHCPRELEASE(tap20744de4-ad) 192.168.120.19 fa:16:3e:7b:82:15
Sep 29 19:39:59 gtw01 dnsmasq-dhcp[10221]: DHCPRELEASE(tap20744de4-ad) 192.168.120.19 fa:16:3e:7b:82:15 unknown lease
Sep 29 19:40:00 gtw01 dnsmasq[10221]: read /var/lib/neutron/dhcp/69fc530c-5d7f-40a1-9941-7e8e0f3d4d69/addn_hosts - 3 addresses
Sep 29 19:40:00 gtw01 dnsmasq-dhcp[10221]: read /var/lib/neutron/dhcp/69fc530c-5d7f-40a1-9941-7e8e0f3d4d69/host
Sep 29 19:40:00 gtw01 dnsmasq-dhcp[10221]: read /var/lib/neutron/dhcp/69fc530c-5d7f-40a1-9941-7e8e0f3d4d69/opts
Sep 29 19:40:03 gtw01 dnsmasq[10221]: read /var/lib/neutron/dhcp/69fc530c-5d7f-40a1-9941-7e8e0f3d4d69/addn_hosts - 2 addresses
Sep 29 19:40:03 gtw01 dnsmasq-dhcp[10221]: read /var/lib/neutron/dhcp/69fc530c-5d7f-40a1-9941-7e8e0f3d4d69/host
Sep 29 19:40:03 gtw01 dnsmasq-dhcp[10221]: read /var/lib/neutron/dhcp/69fc530c-5d7f-40a1-9941-7e8e0f3d4d69/opts
Sep 29 19:40:08 gtw01 dnsmasq[10221]: read /var/lib/neutron/dhcp/69fc530c-5d7f-40a1-9941-7e8e0f3d4d69/addn_hosts - 3 addresses
Sep 29 19:40:08 gtw01 dnsmasq-dhcp[10221]: read /var/lib/neutron/dhcp/69fc530c-5d7f-40a1-9941-7e8e0f3d4d69/host
Sep 29 19:40:08 gtw01 dnsmasq-dhcp[10221]: read /var/lib/neutron/dhcp/69fc530c-5d7f-40a1-9941-7e8e0f3d4d69/opts
Sep 29 19:40:08 gtw01 dnsmasq[10221]: read /var/lib/neutron/dhcp/69fc530c-5d7f-40a1-9941-7e8e0f3d4d69/addn_hosts - 3 addresses
Sep 29 19:40:08 gtw01 dnsmasq-dhcp[10221]: read /var/lib/neutron/dhcp/69fc530c-5d7f-40a1-9941-7e8e0f3d4d69/host
Sep 29 19:40:08 gtw01 dnsmasq-dhcp[10221]: read /var/lib/neutron/dhcp/69fc530c-5d7f-40a1-9941-7e8e0f3d4d69/opts
Sep 29 19:40:09 gtw01 dnsmasq[10221]: read /var/lib/neutron/dhcp/69fc530c-5d7f-40a1-9941-7e8e0f3d4d69/addn_hosts - 3 addresses
Sep 29 19:40:09 gtw01 dnsmasq-dhcp[10221]: read /var/lib/neutron/dhcp/69fc530c-5d7f-40a1-9941-7e8e0f3d4d69/host
Sep 29 19:40:09 gtw01 dnsmasq-dhcp[10221]: read /var/lib/neutron/dhcp/69fc530c-5d7f-40a1-9941-7e8e0f3d4d69/opts
Sep 29 19:40:12 gtw01 kernel: [ 5570.357912] device tap1301b783-04 entered promiscuous mode
Sep 29 19:40:12 gtw01 systemd-udevd[14745]: Could not generate persistent MAC address for tap1301b783-04: No such file or directory
Sep 29 19:40:12 gtw01 systemd-udevd[14813]: Process '/sbin/ip link set tap1301b783-04 txqueuelen 10000' failed with exit code 1.
Sep 29 19:40:15 gtw01 dnsmasq[14877]: started, version 2.80 cachesize 150
Sep 29 19:40:15 gtw01 dnsmasq[14877]: DNS service limited to local subnets
Sep 29 19:40:15 gtw01 dnsmasq[14877]: compile time options: IPv6 GNU-getopt DBus i18n IDN DHCP DHCPv6 no-Lua TFTP conntrack ipset auth DNSSEC loop-detect inotify dumpfile
Sep 29 19:40:15 gtw01 dnsmasq[14877]: warning: no upstream servers configured
Sep 29 19:40:15 gtw01 dnsmasq-dhcp[14877]: DHCP, static leases only on 192.168.120.0, lease time 1h
Sep 29 19:40:15 gtw01 dnsmasq[14877]: read /var/lib/neutron/dhcp/ddef5d89-8107-4f13-aeab-877598ac9c12/addn_hosts - 1 addresses
Sep 29 19:40:15 gtw01 dnsmasq-dhcp[14877]: read /var/lib/neutron/dhcp/ddef5d89-8107-4f13-aeab-877598ac9c12/host
Sep 29 19:40:15 gtw01 dnsmasq-dhcp[14877]: read /var/lib/neutron/dhcp/ddef5d89-8107-4f13-aeab-877598ac9c12/opts
Sep 29 19:40:15 gtw01 haproxy-metadata-proxy-ddef5d89-8107-4f13-aeab-877598ac9c12[14881]: Proxy listener started.
Sep 29 19:40:16 gtw01 dnsmasq[14877]: read /var/lib/neutron/dhcp/ddef5d89-8107-4f13-aeab-877598ac9c12/addn_hosts - 2 addresses
Sep 29 19:40:16 gtw01 dnsmasq-dhcp[14877]: read /var/lib/neutron/dhcp/ddef5d89-8107-4f13-aeab-877598ac9c12/host
Sep 29 19:40:16 gtw01 dnsmasq-dhcp[14877]: read /var/lib/neutron/dhcp/ddef5d89-8107-4f13-aeab-877598ac9c12/opts
Sep 29 19:40:16 gtw01 dnsmasq[10221]: read /var/lib/neutron/dhcp/69fc530c-5d7f-40a1-9941-7e8e0f3d4d69/addn_hosts - 4 addresses
Sep 29 19:40:16 gtw01 dnsmasq-dhcp[10221]: read /var/lib/neutron/dhcp/69fc530c-5d7f-40a1-9941-7e8e0f3d4d69/host
Sep 29 19:40:16 gtw01 dnsmasq-dhcp[10221]: read /var/lib/neutron/dhcp/69fc530c-5d7f-40a1-9941-7e8e0f3d4d69/opts
Sep 29 19:40:17 gtw01 dnsmasq[14877]: read /var/lib/neutron/dhcp/ddef5d89-8107-4f13-aeab-877598ac9c12/addn_hosts - 2 addresses
Sep 29 19:40:17 gtw01 dnsmasq-dhcp[14877]: read /var/lib/neutron/dhcp/ddef5d89-8107-4f13-aeab-877598ac9c12/host
Sep 29 19:40:17 gtw01 dnsmasq-dhcp[14877]: read /var/lib/neutron/dhcp/ddef5d89-8107-4f13-aeab-877598ac9c12/opts
Sep 29 19:40:17 gtw01 dnsmasq[10221]: read /var/lib/neutron/dhcp/69fc530c-5d7f-40a1-9941-7e8e0f3d4d69/addn_hosts - 4 addresses
Sep 29 19:40:17 gtw01 dnsmasq-dhcp[10221]: read /var/lib/neutron/dhcp/69fc530c-5d7f-40a1-9941-7e8e0f3d4d69/host
Sep 29 19:40:17 gtw01 dnsmasq-dhcp[10221]: read /var/lib/neutron/dhcp/69fc530c-5d7f-40a1-9941-7e8e0f3d4d69/opts
Sep 29 19:40:18 gtw01 dnsmasq[14877]: read /var/lib/neutron/dhcp/ddef5d89-8107-4f13-aeab-877598ac9c12/addn_hosts - 2 addresses
Sep 29 19:40:18 gtw01 dnsmasq-dhcp[14877]: read /var/lib/neutron/dhcp/ddef5d89-8107-4f13-aeab-877598ac9c12/host
Sep 29 19:40:18 gtw01 dnsmasq-dhcp[14877]: read /var/lib/neutron/dhcp/ddef5d89-8107-4f13-aeab-877598ac9c12/opts
Sep 29 19:40:18 gtw01 dnsmasq[10221]: read /var/lib/neutron/dhcp/69fc530c-5d7f-40a1-9941-7e8e0f3d4d69/addn_hosts - 4 addresses
Sep 29 19:40:18 gtw01 dnsmasq-dhcp[10221]: read /var/lib/neutron/dhcp/69fc530c-5d7f-40a1-9941-7e8e0f3d4d69/host
Sep 29 19:40:18 gtw01 dnsmasq-dhcp[10221]: read /var/lib/neutron/dhcp/69fc530c-5d7f-40a1-9941-7e8e0f3d4d69/opts
Sep 29 19:40:19 gtw01 dnsmasq[14877]: read /var/lib/neutron/dhcp/ddef5d89-8107-4f13-aeab-877598ac9c12/addn_hosts - 2 addresses
Sep 29 19:40:19 gtw01 dnsmasq-dhcp[14877]: read /var/lib/neutron/dhcp/ddef5d89-8107-4f13-aeab-877598ac9c12/host
Sep 29 19:40:19 gtw01 dnsmasq-dhcp[14877]: read /var/lib/neutron/dhcp/ddef5d89-8107-4f13-aeab-877598ac9c12/opts
Sep 29 19:40:20 gtw01 dnsmasq[14877]: read /var/lib/neutron/dhcp/ddef5d89-8107-4f13-aeab-877598ac9c12/addn_hosts - 2 addresses
Sep 29 19:40:20 gtw01 dnsmasq-dhcp[14877]: read /var/lib/neutron/dhcp/ddef5d89-8107-4f13-aeab-877598ac9c12/host
Sep 29 19:40:20 gtw01 dnsmasq-dhcp[14877]: read /var/lib/neutron/dhcp/ddef5d89-8107-4f13-aeab-877598ac9c12/opts
Sep 29 19:40:21 gtw01 dnsmasq[14877]: read /var/lib/neutron/dhcp/ddef5d89-8107-4f13-aeab-877598ac9c12/addn_hosts - 3 addresses
Sep 29 19:40:21 gtw01 dnsmasq-dhcp[14877]: read /var/lib/neutron/dhcp/ddef5d89-8107-4f13-aeab-877598ac9c12/host
Sep 29 19:40:21 gtw01 dnsmasq-dhcp[14877]: read /var/lib/neutron/dhcp/ddef5d89-8107-4f13-aeab-877598ac9c12/opts
Sep 29 19:40:22 gtw01 dnsmasq-dhcp[10221]: DHCPDISCOVER(tap20744de4-ad) fa:16:3e:35:b7:e9
Sep 29 19:40:22 gtw01 dnsmasq-dhcp[10221]: DHCPOFFER(tap20744de4-ad) 192.168.120.5 fa:16:3e:35:b7:e9
Sep 29 19:40:22 gtw01 dnsmasq-dhcp[10221]: DHCPREQUEST(tap20744de4-ad) 192.168.120.5 fa:16:3e:35:b7:e9
Sep 29 19:40:22 gtw01 dnsmasq-dhcp[10221]: DHCPACK(tap20744de4-ad) 192.168.120.5 fa:16:3e:35:b7:e9 host-192-168-120-5
Sep 29 19:40:22 gtw01 dnsmasq[14877]: read /var/lib/neutron/dhcp/ddef5d89-8107-4f13-aeab-877598ac9c12/addn_hosts - 3 addresses
Sep 29 19:40:22 gtw01 dnsmasq-dhcp[14877]: read /var/lib/neutron/dhcp/ddef5d89-8107-4f13-aeab-877598ac9c12/host
Sep 29 19:40:22 gtw01 dnsmasq-dhcp[14877]: read /var/lib/neutron/dhcp/ddef5d89-8107-4f13-aeab-877598ac9c12/opts
Sep 29 19:40:23 gtw01 dnsmasq[14877]: read /var/lib/neutron/dhcp/ddef5d89-8107-4f13-aeab-877598ac9c12/addn_hosts - 3 addresses
Sep 29 19:40:23 gtw01 dnsmasq-dhcp[14877]: read /var/lib/neutron/dhcp/ddef5d89-8107-4f13-aeab-877598ac9c12/host
Sep 29 19:40:23 gtw01 dnsmasq-dhcp[14877]: read /var/lib/neutron/dhcp/ddef5d89-8107-4f13-aeab-877598ac9c12/opts
Sep 29 19:40:25 gtw01 dnsmasq[10221]: read /var/lib/neutron/dhcp/69fc530c-5d7f-40a1-9941-7e8e0f3d4d69/addn_hosts - 3 addresses
Sep 29 19:40:25 gtw01 dnsmasq-dhcp[10221]: read /var/lib/neutron/dhcp/69fc530c-5d7f-40a1-9941-7e8e0f3d4d69/host
Sep 29 19:40:25 gtw01 dnsmasq-dhcp[10221]: read /var/lib/neutron/dhcp/69fc530c-5d7f-40a1-9941-7e8e0f3d4d69/opts
Sep 29 19:40:28 gtw01 dnsmasq-dhcp[10221]: DHCPRELEASE(tap20744de4-ad) 192.168.120.5 fa:16:3e:35:b7:e9
Sep 29 19:40:28 gtw01 dnsmasq-dhcp[10221]: DHCPRELEASE(tap20744de4-ad) 192.168.120.5 fa:16:3e:35:b7:e9 unknown lease
Sep 29 19:40:29 gtw01 dnsmasq[10221]: read /var/lib/neutron/dhcp/69fc530c-5d7f-40a1-9941-7e8e0f3d4d69/addn_hosts - 2 addresses
Sep 29 19:40:29 gtw01 dnsmasq-dhcp[10221]: read /var/lib/neutron/dhcp/69fc530c-5d7f-40a1-9941-7e8e0f3d4d69/host
Sep 29 19:40:29 gtw01 dnsmasq-dhcp[10221]: read /var/lib/neutron/dhcp/69fc530c-5d7f-40a1-9941-7e8e0f3d4d69/opts
Sep 29 19:40:33 gtw01 dnsmasq[10221]: read /var/lib/neutron/dhcp/69fc530c-5d7f-40a1-9941-7e8e0f3d4d69/addn_hosts - 3 addresses
Sep 29 19:40:33 gtw01 dnsmasq-dhcp[10221]: read /var/lib/neutron/dhcp/69fc530c-5d7f-40a1-9941-7e8e0f3d4d69/host
Sep 29 19:40:33 gtw01 dnsmasq-dhcp[10221]: read /var/lib/neutron/dhcp/69fc530c-5d7f-40a1-9941-7e8e0f3d4d69/opts
Sep 29 19:40:34 gtw01 dnsmasq[10221]: read /var/lib/neutron/dhcp/69fc530c-5d7f-40a1-9941-7e8e0f3d4d69/addn_hosts - 3 addresses
Sep 29 19:40:34 gtw01 dnsmasq-dhcp[10221]: read /var/lib/neutron/dhcp/69fc530c-5d7f-40a1-9941-7e8e0f3d4d69/host
Sep 29 19:40:34 gtw01 dnsmasq-dhcp[10221]: read /var/lib/neutron/dhcp/69fc530c-5d7f-40a1-9941-7e8e0f3d4d69/opts
Sep 29 19:40:35 gtw01 dnsmasq[10221]: read /var/lib/neutron/dhcp/69fc530c-5d7f-40a1-9941-7e8e0f3d4d69/addn_hosts - 3 addresses
Sep 29 19:40:35 gtw01 dnsmasq-dhcp[10221]: read /var/lib/neutron/dhcp/69fc530c-5d7f-40a1-9941-7e8e0f3d4d69/host
Sep 29 19:40:35 gtw01 dnsmasq-dhcp[10221]: read /var/lib/neutron/dhcp/69fc530c-5d7f-40a1-9941-7e8e0f3d4d69/opts
Sep 29 19:40:36 gtw01 dnsmasq-dhcp[14877]: DHCPDISCOVER(tap1301b783-04) fa:16:3e:06:08:bd
Sep 29 19:40:36 gtw01 dnsmasq-dhcp[14877]: DHCPOFFER(tap1301b783-04) 192.168.120.3 fa:16:3e:06:08:bd
Sep 29 19:40:36 gtw01 dnsmasq-dhcp[14877]: DHCPREQUEST(tap1301b783-04) 192.168.120.3 fa:16:3e:06:08:bd
Sep 29 19:40:36 gtw01 dnsmasq-dhcp[14877]: DHCPACK(tap1301b783-04) 192.168.120.3 fa:16:3e:06:08:bd host-192-168-120-3
Sep 29 19:40:40 gtw01 dnsmasq[10221]: read /var/lib/neutron/dhcp/69fc530c-5d7f-40a1-9941-7e8e0f3d4d69/addn_hosts - 2 addresses
Sep 29 19:40:40 gtw01 dnsmasq-dhcp[10221]: read /var/lib/neutron/dhcp/69fc530c-5d7f-40a1-9941-7e8e0f3d4d69/host
Sep 29 19:40:40 gtw01 dnsmasq-dhcp[10221]: read /var/lib/neutron/dhcp/69fc530c-5d7f-40a1-9941-7e8e0f3d4d69/opts
Sep 29 19:40:45 gtw01 dnsmasq[10221]: read /var/lib/neutron/dhcp/69fc530c-5d7f-40a1-9941-7e8e0f3d4d69/addn_hosts - 3 addresses
Sep 29 19:40:45 gtw01 dnsmasq-dhcp[10221]: read /var/lib/neutron/dhcp/69fc530c-5d7f-40a1-9941-7e8e0f3d4d69/host
Sep 29 19:40:45 gtw01 dnsmasq-dhcp[10221]: read /var/lib/neutron/dhcp/69fc530c-5d7f-40a1-9941-7e8e0f3d4d69/opts
Sep 29 19:40:46 gtw01 dnsmasq[10221]: read /var/lib/neutron/dhcp/69fc530c-5d7f-40a1-9941-7e8e0f3d4d69/addn_hosts - 3 addresses
Sep 29 19:40:46 gtw01 dnsmasq-dhcp[10221]: read /var/lib/neutron/dhcp/69fc530c-5d7f-40a1-9941-7e8e0f3d4d69/host
Sep 29 19:40:46 gtw01 dnsmasq-dhcp[10221]: read /var/lib/neutron/dhcp/69fc530c-5d7f-40a1-9941-7e8e0f3d4d69/opts
Sep 29 19:40:47 gtw01 dnsmasq[10221]: read /var/lib/neutron/dhcp/69fc530c-5d7f-40a1-9941-7e8e0f3d4d69/addn_hosts - 3 addresses
Sep 29 19:40:47 gtw01 dnsmasq-dhcp[10221]: read /var/lib/neutron/dhcp/69fc530c-5d7f-40a1-9941-7e8e0f3d4d69/host
Sep 29 19:40:47 gtw01 dnsmasq-dhcp[10221]: read /var/lib/neutron/dhcp/69fc530c-5d7f-40a1-9941-7e8e0f3d4d69/opts
Sep 29 19:40:51 gtw01 dnsmasq-dhcp[14877]: DHCPRELEASE(tap1301b783-04) 192.168.120.3 fa:16:3e:06:08:bd
Sep 29 19:41:00 gtw01 dnsmasq-dhcp[10221]: DHCPDISCOVER(tap20744de4-ad) fa:16:3e:a6:40:ed
Sep 29 19:41:00 gtw01 dnsmasq-dhcp[10221]: DHCPOFFER(tap20744de4-ad) 192.168.120.11 fa:16:3e:a6:40:ed
Sep 29 19:41:00 gtw01 dnsmasq-dhcp[10221]: DHCPREQUEST(tap20744de4-ad) 192.168.120.11 fa:16:3e:a6:40:ed
Sep 29 19:41:00 gtw01 dnsmasq-dhcp[10221]: DHCPACK(tap20744de4-ad) 192.168.120.11 fa:16:3e:a6:40:ed host-192-168-120-11
Sep 29 19:41:11 gtw01 dnsmasq-dhcp[10221]: DHCPRELEASE(tap20744de4-ad) 192.168.120.11 fa:16:3e:a6:40:ed
Sep 29 19:41:12 gtw01 dnsmasq-dhcp[14877]: DHCPDISCOVER(tap1301b783-04) fa:16:3e:06:08:bd
Sep 29 19:41:12 gtw01 dnsmasq-dhcp[14877]: DHCPOFFER(tap1301b783-04) 192.168.120.3 fa:16:3e:06:08:bd
Sep 29 19:41:12 gtw01 dnsmasq-dhcp[14877]: DHCPREQUEST(tap1301b783-04) 192.168.120.3 fa:16:3e:06:08:bd
Sep 29 19:41:12 gtw01 dnsmasq-dhcp[14877]: DHCPACK(tap1301b783-04) 192.168.120.3 fa:16:3e:06:08:bd host-192-168-120-3
Sep 29 19:41:18 gtw01 dnsmasq[10221]: read /var/lib/neutron/dhcp/69fc530c-5d7f-40a1-9941-7e8e0f3d4d69/addn_hosts - 2 addresses
Sep 29 19:41:18 gtw01 dnsmasq-dhcp[10221]: read /var/lib/neutron/dhcp/69fc530c-5d7f-40a1-9941-7e8e0f3d4d69/host
Sep 29 19:41:18 gtw01 dnsmasq-dhcp[10221]: read /var/lib/neutron/dhcp/69fc530c-5d7f-40a1-9941-7e8e0f3d4d69/opts
Sep 29 19:41:22 gtw01 dnsmasq-dhcp[14877]: DHCPRELEASE(tap1301b783-04) 192.168.120.3 fa:16:3e:06:08:bd
Sep 29 19:41:35 gtw01 kernel: [ 5653.674047] device tap272eed47-88 entered promiscuous mode
Sep 29 19:41:35 gtw01 systemd-udevd[15249]: Could not generate persistent MAC address for tap272eed47-88: No such file or directory
Sep 29 19:41:35 gtw01 systemd-udevd[15249]: Process '/sbin/ip link set tap272eed47-88 txqueuelen 10000' failed with exit code 1.
Sep 29 19:41:35 gtw01 systemd-udevd[15323]: Process '/sbin/ip link set tap272eed47-88 txqueuelen 10000' failed with exit code 1.
Sep 29 19:41:38 gtw01 dnsmasq[15383]: started, version 2.80 cachesize 150
Sep 29 19:41:38 gtw01 dnsmasq[15383]: DNS service limited to local subnets
Sep 29 19:41:38 gtw01 dnsmasq[15383]: compile time options: IPv6 GNU-getopt DBus i18n IDN DHCP DHCPv6 no-Lua TFTP conntrack ipset auth DNSSEC loop-detect inotify dumpfile
Sep 29 19:41:38 gtw01 dnsmasq[15383]: warning: no upstream servers configured
Sep 29 19:41:38 gtw01 dnsmasq-dhcp[15383]: DHCP, static leases only on 192.168.120.240, lease time 1h
Sep 29 19:41:38 gtw01 dnsmasq[15383]: read /var/lib/neutron/dhcp/a0601968-cb60-48d4-a78f-d49bebb9e88c/addn_hosts - 1 addresses
Sep 29 19:41:38 gtw01 dnsmasq-dhcp[15383]: read /var/lib/neutron/dhcp/a0601968-cb60-48d4-a78f-d49bebb9e88c/host
Sep 29 19:41:38 gtw01 dnsmasq-dhcp[15383]: read /var/lib/neutron/dhcp/a0601968-cb60-48d4-a78f-d49bebb9e88c/opts
Sep 29 19:41:38 gtw01 haproxy-metadata-proxy-a0601968-cb60-48d4-a78f-d49bebb9e88c[15387]: Proxy listener started.
Sep 29 19:41:39 gtw01 dnsmasq-dhcp[14877]: DHCPDISCOVER(tap1301b783-04) fa:16:3e:06:08:bd
Sep 29 19:41:39 gtw01 dnsmasq-dhcp[14877]: DHCPOFFER(tap1301b783-04) 192.168.120.3 fa:16:3e:06:08:bd
Sep 29 19:41:39 gtw01 dnsmasq-dhcp[14877]: DHCPREQUEST(tap1301b783-04) 192.168.120.3 fa:16:3e:06:08:bd
Sep 29 19:41:39 gtw01 dnsmasq-dhcp[14877]: DHCPACK(tap1301b783-04) 192.168.120.3 fa:16:3e:06:08:bd host-192-168-120-3
Sep 29 19:41:39 gtw01 dnsmasq[15383]: read /var/lib/neutron/dhcp/a0601968-cb60-48d4-a78f-d49bebb9e88c/addn_hosts - 1 addresses
Sep 29 19:41:39 gtw01 dnsmasq-dhcp[15383]: read /var/lib/neutron/dhcp/a0601968-cb60-48d4-a78f-d49bebb9e88c/host
Sep 29 19:41:39 gtw01 dnsmasq-dhcp[15383]: read /var/lib/neutron/dhcp/a0601968-cb60-48d4-a78f-d49bebb9e88c/opts
Sep 29 19:41:40 gtw01 dnsmasq[15383]: read /var/lib/neutron/dhcp/a0601968-cb60-48d4-a78f-d49bebb9e88c/addn_hosts - 1 addresses
Sep 29 19:41:40 gtw01 dnsmasq-dhcp[15383]: read /var/lib/neutron/dhcp/a0601968-cb60-48d4-a78f-d49bebb9e88c/host
Sep 29 19:41:40 gtw01 dnsmasq-dhcp[15383]: read /var/lib/neutron/dhcp/a0601968-cb60-48d4-a78f-d49bebb9e88c/opts
Sep 29 19:41:41 gtw01 dnsmasq[15383]: read /var/lib/neutron/dhcp/a0601968-cb60-48d4-a78f-d49bebb9e88c/addn_hosts - 1 addresses
Sep 29 19:41:41 gtw01 dnsmasq-dhcp[15383]: read /var/lib/neutron/dhcp/a0601968-cb60-48d4-a78f-d49bebb9e88c/host
Sep 29 19:41:41 gtw01 dnsmasq-dhcp[15383]: read /var/lib/neutron/dhcp/a0601968-cb60-48d4-a78f-d49bebb9e88c/opts
Sep 29 19:41:47 gtw01 dnsmasq-dhcp[14877]: DHCPRELEASE(tap1301b783-04) 192.168.120.3 fa:16:3e:06:08:bd
Sep 29 19:41:47 gtw01 dnsmasq-dhcp[14877]: DHCPRELEASE(tap1301b783-04) 192.168.120.3 fa:16:3e:06:08:bd unknown lease
Sep 29 19:41:48 gtw01 dnsmasq[14877]: read /var/lib/neutron/dhcp/ddef5d89-8107-4f13-aeab-877598ac9c12/addn_hosts - 2 addresses
Sep 29 19:41:48 gtw01 dnsmasq-dhcp[14877]: read /var/lib/neutron/dhcp/ddef5d89-8107-4f13-aeab-877598ac9c12/host
Sep 29 19:41:48 gtw01 dnsmasq-dhcp[14877]: read /var/lib/neutron/dhcp/ddef5d89-8107-4f13-aeab-877598ac9c12/opts
Sep 29 19:41:54 gtw01 kernel: [ 5672.264382] device tapdc0873de-09 entered promiscuous mode
Sep 29 19:41:54 gtw01 systemd-udevd[15483]: Could not generate persistent MAC address for tapdc0873de-09: No such file or directory
Sep 29 19:41:54 gtw01 systemd-udevd[15483]: Process '/sbin/ip link set tapdc0873de-09 txqueuelen 10000' failed with exit code 1.
Sep 29 19:41:54 gtw01 systemd-udevd[15483]: Process '/sbin/ip link set tapdc0873de-09 txqueuelen 10000' failed with exit code 1.
Sep 29 19:41:56 gtw01 dnsmasq[14877]: read /var/lib/neutron/dhcp/ddef5d89-8107-4f13-aeab-877598ac9c12/addn_hosts - 3 addresses
Sep 29 19:41:56 gtw01 dnsmasq-dhcp[14877]: read /var/lib/neutron/dhcp/ddef5d89-8107-4f13-aeab-877598ac9c12/host
Sep 29 19:41:56 gtw01 dnsmasq-dhcp[14877]: read /var/lib/neutron/dhcp/ddef5d89-8107-4f13-aeab-877598ac9c12/opts
Sep 29 19:41:57 gtw01 dnsmasq[15638]: started, version 2.80 cachesize 150
Sep 29 19:41:57 gtw01 dnsmasq[15638]: DNS service limited to local subnets
Sep 29 19:41:57 gtw01 dnsmasq[15638]: compile time options: IPv6 GNU-getopt DBus i18n IDN DHCP DHCPv6 no-Lua TFTP conntrack ipset auth DNSSEC loop-detect inotify dumpfile
Sep 29 19:41:57 gtw01 dnsmasq[15638]: warning: no upstream servers configured
Sep 29 19:41:57 gtw01 dnsmasq-dhcp[15638]: DHCP, static leases only on 192.168.120.0, lease time 1h
Sep 29 19:41:57 gtw01 dnsmasq[15638]: read /var/lib/neutron/dhcp/d7a1750a-7897-4429-b7b0-3ecd545ea164/addn_hosts - 1 addresses
Sep 29 19:41:57 gtw01 dnsmasq-dhcp[15638]: read /var/lib/neutron/dhcp/d7a1750a-7897-4429-b7b0-3ecd545ea164/host
Sep 29 19:41:57 gtw01 dnsmasq-dhcp[15638]: read /var/lib/neutron/dhcp/d7a1750a-7897-4429-b7b0-3ecd545ea164/opts
Sep 29 19:41:57 gtw01 haproxy-metadata-proxy-d7a1750a-7897-4429-b7b0-3ecd545ea164[15645]: Proxy listener started.
Sep 29 19:41:57 gtw01 dnsmasq[14877]: read /var/lib/neutron/dhcp/ddef5d89-8107-4f13-aeab-877598ac9c12/addn_hosts - 3 addresses
Sep 29 19:41:57 gtw01 dnsmasq-dhcp[14877]: read /var/lib/neutron/dhcp/ddef5d89-8107-4f13-aeab-877598ac9c12/host
Sep 29 19:41:57 gtw01 dnsmasq-dhcp[14877]: read /var/lib/neutron/dhcp/ddef5d89-8107-4f13-aeab-877598ac9c12/opts
Sep 29 19:41:58 gtw01 kernel: [ 5676.382529] device tapdc0873de-09 left promiscuous mode
Sep 29 19:41:58 gtw01 dnsmasq[14877]: read /var/lib/neutron/dhcp/ddef5d89-8107-4f13-aeab-877598ac9c12/addn_hosts - 3 addresses
Sep 29 19:41:58 gtw01 dnsmasq-dhcp[14877]: read /var/lib/neutron/dhcp/ddef5d89-8107-4f13-aeab-877598ac9c12/host
Sep 29 19:41:58 gtw01 dnsmasq-dhcp[14877]: read /var/lib/neutron/dhcp/ddef5d89-8107-4f13-aeab-877598ac9c12/opts
Sep 29 19:42:10 gtw01 systemd-udevd[15702]: Could not generate persistent MAC address for tap84588953-5f: No such file or directory
Sep 29 19:42:10 gtw01 kernel: [ 5689.098697] device tap84588953-5f entered promiscuous mode
Sep 29 19:42:10 gtw01 systemd-udevd[15702]: Process '/sbin/ip link set tap84588953-5f txqueuelen 10000' failed with exit code 1.
Sep 29 19:42:11 gtw01 systemd-udevd[15702]: Process '/sbin/ip link set tap84588953-5f txqueuelen 10000' failed with exit code 1.
Sep 29 19:42:11 gtw01 dnsmasq-dhcp[14877]: DHCPDISCOVER(tap1301b783-04) fa:16:3e:65:c9:76
Sep 29 19:42:11 gtw01 dnsmasq-dhcp[14877]: DHCPOFFER(tap1301b783-04) 192.168.120.3 fa:16:3e:65:c9:76
Sep 29 19:42:11 gtw01 dnsmasq-dhcp[14877]: DHCPREQUEST(tap1301b783-04) 192.168.120.3 fa:16:3e:65:c9:76
Sep 29 19:42:11 gtw01 dnsmasq-dhcp[14877]: DHCPACK(tap1301b783-04) 192.168.120.3 fa:16:3e:65:c9:76 host-192-168-120-3
Sep 29 19:42:14 gtw01 dnsmasq[15836]: started, version 2.80 cachesize 150
Sep 29 19:42:14 gtw01 dnsmasq[15836]: DNS service limited to local subnets
Sep 29 19:42:14 gtw01 dnsmasq[15836]: compile time options: IPv6 GNU-getopt DBus i18n IDN DHCP DHCPv6 no-Lua TFTP conntrack ipset auth DNSSEC loop-detect inotify dumpfile
Sep 29 19:42:14 gtw01 dnsmasq[15836]: warning: no upstream servers configured
Sep 29 19:42:14 gtw01 dnsmasq-dhcp[15836]: DHCP, static leases only on 192.168.120.0, lease time 1h
Sep 29 19:42:14 gtw01 dnsmasq[15836]: read /var/lib/neutron/dhcp/1624c58e-53bd-46b7-8530-e481cc9b9626/addn_hosts - 1 addresses
Sep 29 19:42:14 gtw01 dnsmasq-dhcp[15836]: read /var/lib/neutron/dhcp/1624c58e-53bd-46b7-8530-e481cc9b9626/host
Sep 29 19:42:14 gtw01 dnsmasq-dhcp[15836]: read /var/lib/neutron/dhcp/1624c58e-53bd-46b7-8530-e481cc9b9626/opts
Sep 29 19:42:14 gtw01 haproxy-metadata-proxy-1624c58e-53bd-46b7-8530-e481cc9b9626[15840]: Proxy listener started.
Sep 29 19:42:15 gtw01 kernel: [ 5693.221157] device tap84588953-5f left promiscuous mode
Sep 29 19:42:22 gtw01 kernel: [ 5700.513898] device tap3ad549fa-bc entered promiscuous mode
Sep 29 19:42:22 gtw01 systemd-udevd[15872]: Could not generate persistent MAC address for tap3ad549fa-bc: No such file or directory
Sep 29 19:42:22 gtw01 systemd-udevd[15872]: Process '/sbin/ip link set tap3ad549fa-bc txqueuelen 10000' failed with exit code 1.
Sep 29 19:42:22 gtw01 systemd-udevd[15947]: Process '/sbin/ip link set tap3ad549fa-bc txqueuelen 10000' failed with exit code 1.
Sep 29 19:42:25 gtw01 dnsmasq[16006]: started, version 2.80 cachesize 150
Sep 29 19:42:25 gtw01 dnsmasq[16006]: DNS service limited to local subnets
Sep 29 19:42:25 gtw01 dnsmasq[16006]: compile time options: IPv6 GNU-getopt DBus i18n IDN DHCP DHCPv6 no-Lua TFTP conntrack ipset auth DNSSEC loop-detect inotify dumpfile
Sep 29 19:42:25 gtw01 dnsmasq[16006]: warning: no upstream servers configured
Sep 29 19:42:25 gtw01 dnsmasq-dhcp[16006]: DHCP, static leases only on 192.168.120.0, lease time 1h
Sep 29 19:42:25 gtw01 dnsmasq[16006]: read /var/lib/neutron/dhcp/75b5e814-0db3-48fa-a705-0a04204782e3/addn_hosts - 1 addresses
Sep 29 19:42:25 gtw01 dnsmasq-dhcp[16006]: read /var/lib/neutron/dhcp/75b5e814-0db3-48fa-a705-0a04204782e3/host
Sep 29 19:42:25 gtw01 dnsmasq-dhcp[16006]: read /var/lib/neutron/dhcp/75b5e814-0db3-48fa-a705-0a04204782e3/opts
Sep 29 19:42:25 gtw01 haproxy-metadata-proxy-75b5e814-0db3-48fa-a705-0a04204782e3[16010]: Proxy listener started.
Sep 29 19:42:26 gtw01 kernel: [ 5704.551591] device tap3ad549fa-bc left promiscuous mode
Sep 29 19:42:26 gtw01 kernel: [ 5704.806211] device tap272eed47-88 left promiscuous mode
Sep 29 19:42:32 gtw01 dnsmasq-dhcp[14877]: DHCPRELEASE(tap1301b783-04) 192.168.120.3 fa:16:3e:65:c9:76
Sep 29 19:42:32 gtw01 dnsmasq-dhcp[14877]: DHCPRELEASE(tap1301b783-04) 192.168.120.3 fa:16:3e:65:c9:76 unknown lease
Sep 29 19:42:33 gtw01 dnsmasq[14877]: read /var/lib/neutron/dhcp/ddef5d89-8107-4f13-aeab-877598ac9c12/addn_hosts - 2 addresses
Sep 29 19:42:33 gtw01 dnsmasq-dhcp[14877]: read /var/lib/neutron/dhcp/ddef5d89-8107-4f13-aeab-877598ac9c12/host
Sep 29 19:42:33 gtw01 dnsmasq-dhcp[14877]: read /var/lib/neutron/dhcp/ddef5d89-8107-4f13-aeab-877598ac9c12/opts
Sep 29 19:42:35 gtw01 systemd-udevd[16074]: Could not generate persistent MAC address for tap1d119fd2-cc: No such file or directory
Sep 29 19:42:35 gtw01 kernel: [ 5713.219473] device tap1d119fd2-cc entered promiscuous mode
Sep 29 19:42:35 gtw01 systemd-udevd[16074]: Process '/sbin/ip link set tap1d119fd2-cc txqueuelen 10000' failed with exit code 1.
Sep 29 19:42:35 gtw01 systemd-udevd[16148]: Process '/sbin/ip link set tap1d119fd2-cc txqueuelen 10000' failed with exit code 1.
Sep 29 19:42:36 gtw01 systemd-udevd[16193]: Could not generate persistent MAC address for tap3d6fc144-63: No such file or directory
Sep 29 19:42:36 gtw01 kernel: [ 5714.528973] device tap3d6fc144-63 entered promiscuous mode
Sep 29 19:42:36 gtw01 systemd-udevd[16262]: Process '/sbin/ip link set tap3d6fc144-63 txqueuelen 10000' failed with exit code 1.
Sep 29 19:42:38 gtw01 kernel: [ 5716.523580] device tapd756e0f6-33 entered promiscuous mode
Sep 29 19:42:38 gtw01 systemd-udevd[16353]: Could not generate persistent MAC address for tapd756e0f6-33: No such file or directory
Sep 29 19:42:38 gtw01 systemd-udevd[16420]: Process '/sbin/ip link set tapd756e0f6-33 txqueuelen 10000' failed with exit code 1.
Sep 29 19:42:38 gtw01 dnsmasq[16446]: started, version 2.80 cachesize 150
Sep 29 19:42:38 gtw01 dnsmasq[16446]: DNS service limited to local subnets
Sep 29 19:42:38 gtw01 dnsmasq[16446]: compile time options: IPv6 GNU-getopt DBus i18n IDN DHCP DHCPv6 no-Lua TFTP conntrack ipset auth DNSSEC loop-detect inotify dumpfile
Sep 29 19:42:38 gtw01 dnsmasq[16446]: warning: no upstream servers configured
Sep 29 19:42:38 gtw01 dnsmasq-dhcp[16446]: DHCP, static leases only on 192.168.120.0, lease time 1h
Sep 29 19:42:38 gtw01 dnsmasq[16446]: read /var/lib/neutron/dhcp/94454a92-f775-45fd-8d2a-ddefdef3ae6b/addn_hosts - 1 addresses
Sep 29 19:42:38 gtw01 dnsmasq-dhcp[16446]: read /var/lib/neutron/dhcp/94454a92-f775-45fd-8d2a-ddefdef3ae6b/host
Sep 29 19:42:38 gtw01 dnsmasq-dhcp[16446]: read /var/lib/neutron/dhcp/94454a92-f775-45fd-8d2a-ddefdef3ae6b/opts
Sep 29 19:42:39 gtw01 haproxy-metadata-proxy-94454a92-f775-45fd-8d2a-ddefdef3ae6b[16458]: Proxy listener started.
Sep 29 19:42:39 gtw01 dnsmasq[16446]: read /var/lib/neutron/dhcp/94454a92-f775-45fd-8d2a-ddefdef3ae6b/addn_hosts - 1 addresses
Sep 29 19:42:39 gtw01 dnsmasq-dhcp[16446]: read /var/lib/neutron/dhcp/94454a92-f775-45fd-8d2a-ddefdef3ae6b/host
Sep 29 19:42:39 gtw01 dnsmasq-dhcp[16446]: read /var/lib/neutron/dhcp/94454a92-f775-45fd-8d2a-ddefdef3ae6b/opts
Sep 29 19:42:40 gtw01 dnsmasq[16497]: started, version 2.80 cachesize 150
Sep 29 19:42:40 gtw01 dnsmasq[16497]: DNS service limited to local subnets
Sep 29 19:42:40 gtw01 dnsmasq[16497]: compile time options: IPv6 GNU-getopt DBus i18n IDN DHCP DHCPv6 no-Lua TFTP conntrack ipset auth DNSSEC loop-detect inotify dumpfile
Sep 29 19:42:40 gtw01 dnsmasq[16497]: warning: no upstream servers configured
Sep 29 19:42:40 gtw01 dnsmasq-dhcp[16497]: DHCP, static leases only on 192.168.120.0, lease time 1h
Sep 29 19:42:40 gtw01 dnsmasq[16497]: read /var/lib/neutron/dhcp/cfa104f0-c53a-4855-9637-542b67b93866/addn_hosts - 1 addresses
Sep 29 19:42:40 gtw01 dnsmasq-dhcp[16497]: read /var/lib/neutron/dhcp/cfa104f0-c53a-4855-9637-542b67b93866/host
Sep 29 19:42:40 gtw01 dnsmasq-dhcp[16497]: read /var/lib/neutron/dhcp/cfa104f0-c53a-4855-9637-542b67b93866/opts
Sep 29 19:42:40 gtw01 haproxy-metadata-proxy-cfa104f0-c53a-4855-9637-542b67b93866[16512]: Proxy listener started.
Sep 29 19:42:41 gtw01 dnsmasq[16446]: read /var/lib/neutron/dhcp/94454a92-f775-45fd-8d2a-ddefdef3ae6b/addn_hosts - 1 addresses
Sep 29 19:42:41 gtw01 dnsmasq-dhcp[16446]: read /var/lib/neutron/dhcp/94454a92-f775-45fd-8d2a-ddefdef3ae6b/host
Sep 29 19:42:41 gtw01 dnsmasq-dhcp[16446]: read /var/lib/neutron/dhcp/94454a92-f775-45fd-8d2a-ddefdef3ae6b/opts
Sep 29 19:42:41 gtw01 dnsmasq[16497]: read /var/lib/neutron/dhcp/cfa104f0-c53a-4855-9637-542b67b93866/addn_hosts - 1 addresses
Sep 29 19:42:41 gtw01 dnsmasq-dhcp[16497]: read /var/lib/neutron/dhcp/cfa104f0-c53a-4855-9637-542b67b93866/host
Sep 29 19:42:41 gtw01 dnsmasq-dhcp[16497]: read /var/lib/neutron/dhcp/cfa104f0-c53a-4855-9637-542b67b93866/opts
Sep 29 19:42:42 gtw01 dnsmasq[14877]: read /var/lib/neutron/dhcp/ddef5d89-8107-4f13-aeab-877598ac9c12/addn_hosts - 1 addresses
Sep 29 19:42:42 gtw01 dnsmasq-dhcp[14877]: read /var/lib/neutron/dhcp/ddef5d89-8107-4f13-aeab-877598ac9c12/host
Sep 29 19:42:42 gtw01 dnsmasq-dhcp[14877]: read /var/lib/neutron/dhcp/ddef5d89-8107-4f13-aeab-877598ac9c12/opts
Sep 29 19:42:42 gtw01 dnsmasq[16590]: started, version 2.80 cachesize 150
Sep 29 19:42:42 gtw01 dnsmasq[16590]: DNS service limited to local subnets
Sep 29 19:42:42 gtw01 dnsmasq[16590]: compile time options: IPv6 GNU-getopt DBus i18n IDN DHCP DHCPv6 no-Lua TFTP conntrack ipset auth DNSSEC loop-detect inotify dumpfile
Sep 29 19:42:42 gtw01 dnsmasq[16590]: warning: no upstream servers configured
Sep 29 19:42:42 gtw01 dnsmasq-dhcp[16590]: DHCP, static leases only on 192.168.120.0, lease time 1h
Sep 29 19:42:42 gtw01 dnsmasq[16590]: read /var/lib/neutron/dhcp/c5a8e6d4-4334-489e-bb63-a396dcb8c1ca/addn_hosts - 1 addresses
Sep 29 19:42:42 gtw01 dnsmasq-dhcp[16590]: read /var/lib/neutron/dhcp/c5a8e6d4-4334-489e-bb63-a396dcb8c1ca/host
Sep 29 19:42:42 gtw01 dnsmasq-dhcp[16590]: read /var/lib/neutron/dhcp/c5a8e6d4-4334-489e-bb63-a396dcb8c1ca/opts
Sep 29 19:42:42 gtw01 dnsmasq[16446]: read /var/lib/neutron/dhcp/94454a92-f775-45fd-8d2a-ddefdef3ae6b/addn_hosts - 1 addresses
Sep 29 19:42:42 gtw01 dnsmasq-dhcp[16446]: read /var/lib/neutron/dhcp/94454a92-f775-45fd-8d2a-ddefdef3ae6b/host
Sep 29 19:42:42 gtw01 dnsmasq-dhcp[16446]: read /var/lib/neutron/dhcp/94454a92-f775-45fd-8d2a-ddefdef3ae6b/opts
Sep 29 19:42:43 gtw01 haproxy-metadata-proxy-c5a8e6d4-4334-489e-bb63-a396dcb8c1ca[16607]: Proxy listener started.
Sep 29 19:42:43 gtw01 dnsmasq[16497]: read /var/lib/neutron/dhcp/cfa104f0-c53a-4855-9637-542b67b93866/addn_hosts - 1 addresses
Sep 29 19:42:43 gtw01 dnsmasq-dhcp[16497]: read /var/lib/neutron/dhcp/cfa104f0-c53a-4855-9637-542b67b93866/host
Sep 29 19:42:43 gtw01 dnsmasq-dhcp[16497]: read /var/lib/neutron/dhcp/cfa104f0-c53a-4855-9637-542b67b93866/opts
Sep 29 19:42:43 gtw01 dnsmasq[16590]: read /var/lib/neutron/dhcp/c5a8e6d4-4334-489e-bb63-a396dcb8c1ca/addn_hosts - 1 addresses
Sep 29 19:42:43 gtw01 dnsmasq-dhcp[16590]: read /var/lib/neutron/dhcp/c5a8e6d4-4334-489e-bb63-a396dcb8c1ca/host
Sep 29 19:42:43 gtw01 dnsmasq-dhcp[16590]: read /var/lib/neutron/dhcp/c5a8e6d4-4334-489e-bb63-a396dcb8c1ca/opts
Sep 29 19:42:44 gtw01 dnsmasq[16497]: read /var/lib/neutron/dhcp/cfa104f0-c53a-4855-9637-542b67b93866/addn_hosts - 2 addresses
Sep 29 19:42:44 gtw01 dnsmasq-dhcp[16497]: read /var/lib/neutron/dhcp/cfa104f0-c53a-4855-9637-542b67b93866/host
Sep 29 19:42:44 gtw01 dnsmasq-dhcp[16497]: read /var/lib/neutron/dhcp/cfa104f0-c53a-4855-9637-542b67b93866/opts
Sep 29 19:42:45 gtw01 dnsmasq[16590]: read /var/lib/neutron/dhcp/c5a8e6d4-4334-489e-bb63-a396dcb8c1ca/addn_hosts - 1 addresses
Sep 29 19:42:45 gtw01 dnsmasq-dhcp[16590]: read /var/lib/neutron/dhcp/c5a8e6d4-4334-489e-bb63-a396dcb8c1ca/host
Sep 29 19:42:45 gtw01 dnsmasq-dhcp[16590]: read /var/lib/neutron/dhcp/c5a8e6d4-4334-489e-bb63-a396dcb8c1ca/opts
Sep 29 19:42:45 gtw01 systemd-udevd[16704]: Could not generate persistent MAC address for tapcd14f8ad-ac: No such file or directory
Sep 29 19:42:45 gtw01 kernel: [ 5723.767989] device tapcd14f8ad-ac entered promiscuous mode
Sep 29 19:42:45 gtw01 systemd-udevd[16704]: Process '/sbin/ip link set tapcd14f8ad-ac txqueuelen 10000' failed with exit code 1.
Sep 29 19:42:45 gtw01 systemd-udevd[16704]: Process '/sbin/ip link set tapcd14f8ad-ac txqueuelen 10000' failed with exit code 1.
Sep 29 19:42:45 gtw01 dnsmasq[16446]: read /var/lib/neutron/dhcp/94454a92-f775-45fd-8d2a-ddefdef3ae6b/addn_hosts - 2 addresses
Sep 29 19:42:45 gtw01 dnsmasq-dhcp[16446]: read /var/lib/neutron/dhcp/94454a92-f775-45fd-8d2a-ddefdef3ae6b/host
Sep 29 19:42:45 gtw01 dnsmasq-dhcp[16446]: read /var/lib/neutron/dhcp/94454a92-f775-45fd-8d2a-ddefdef3ae6b/opts
Sep 29 19:42:45 gtw01 dnsmasq[16497]: read /var/lib/neutron/dhcp/cfa104f0-c53a-4855-9637-542b67b93866/addn_hosts - 2 addresses
Sep 29 19:42:45 gtw01 dnsmasq-dhcp[16497]: read /var/lib/neutron/dhcp/cfa104f0-c53a-4855-9637-542b67b93866/host
Sep 29 19:42:45 gtw01 dnsmasq-dhcp[16497]: read /var/lib/neutron/dhcp/cfa104f0-c53a-4855-9637-542b67b93866/opts
Sep 29 19:42:46 gtw01 dnsmasq[16590]: read /var/lib/neutron/dhcp/c5a8e6d4-4334-489e-bb63-a396dcb8c1ca/addn_hosts - 1 addresses
Sep 29 19:42:46 gtw01 dnsmasq-dhcp[16590]: read /var/lib/neutron/dhcp/c5a8e6d4-4334-489e-bb63-a396dcb8c1ca/host
Sep 29 19:42:46 gtw01 dnsmasq-dhcp[16590]: read /var/lib/neutron/dhcp/c5a8e6d4-4334-489e-bb63-a396dcb8c1ca/opts
Sep 29 19:42:47 gtw01 kernel: [ 5725.439496] device tap1301b783-04 left promiscuous mode
Sep 29 19:42:47 gtw01 dnsmasq[16497]: read /var/lib/neutron/dhcp/cfa104f0-c53a-4855-9637-542b67b93866/addn_hosts - 2 addresses
Sep 29 19:42:47 gtw01 dnsmasq-dhcp[16497]: read /var/lib/neutron/dhcp/cfa104f0-c53a-4855-9637-542b67b93866/host
Sep 29 19:42:47 gtw01 dnsmasq-dhcp[16497]: read /var/lib/neutron/dhcp/cfa104f0-c53a-4855-9637-542b67b93866/opts
Sep 29 19:42:47 gtw01 dnsmasq[16446]: read /var/lib/neutron/dhcp/94454a92-f775-45fd-8d2a-ddefdef3ae6b/addn_hosts - 2 addresses
Sep 29 19:42:47 gtw01 dnsmasq-dhcp[16446]: read /var/lib/neutron/dhcp/94454a92-f775-45fd-8d2a-ddefdef3ae6b/host
Sep 29 19:42:47 gtw01 dnsmasq-dhcp[16446]: read /var/lib/neutron/dhcp/94454a92-f775-45fd-8d2a-ddefdef3ae6b/opts
Sep 29 19:42:48 gtw01 dnsmasq[16497]: read /var/lib/neutron/dhcp/cfa104f0-c53a-4855-9637-542b67b93866/addn_hosts - 1 addresses
Sep 29 19:42:48 gtw01 dnsmasq-dhcp[16497]: read /var/lib/neutron/dhcp/cfa104f0-c53a-4855-9637-542b67b93866/host
Sep 29 19:42:48 gtw01 dnsmasq-dhcp[16497]: read /var/lib/neutron/dhcp/cfa104f0-c53a-4855-9637-542b67b93866/opts
Sep 29 19:42:49 gtw01 dnsmasq[16446]: read /var/lib/neutron/dhcp/94454a92-f775-45fd-8d2a-ddefdef3ae6b/addn_hosts - 1 addresses
Sep 29 19:42:49 gtw01 dnsmasq-dhcp[16446]: read /var/lib/neutron/dhcp/94454a92-f775-45fd-8d2a-ddefdef3ae6b/host
Sep 29 19:42:49 gtw01 dnsmasq-dhcp[16446]: read /var/lib/neutron/dhcp/94454a92-f775-45fd-8d2a-ddefdef3ae6b/opts
Sep 29 19:42:50 gtw01 dnsmasq[16950]: started, version 2.80 cachesize 150
Sep 29 19:42:50 gtw01 dnsmasq[16950]: DNS service limited to local subnets
Sep 29 19:42:50 gtw01 dnsmasq[16950]: compile time options: IPv6 GNU-getopt DBus i18n IDN DHCP DHCPv6 no-Lua TFTP conntrack ipset auth DNSSEC loop-detect inotify dumpfile
