Apr 18 21:01:14 cmp001 dnsmasq-dhcp[1994]: read /var/lib/neutron/dhcp/6ddb8f89-1ad1-4c5c-8ce9-8ad1a5bb2ec8/opts
Apr 18 21:01:14 cmp001 dnsmasq-dhcp[1597]: DHCPDISCOVER(tapb6740fff-cc) fa:16:3e:34:9f:44
Apr 18 21:01:14 cmp001 dnsmasq-dhcp[1597]: DHCPOFFER(tapb6740fff-cc) 192.168.120.8 fa:16:3e:34:9f:44
Apr 18 21:01:14 cmp001 dnsmasq-dhcp[1597]: DHCPREQUEST(tapb6740fff-cc) 192.168.120.8 fa:16:3e:34:9f:44
Apr 18 21:01:14 cmp001 dnsmasq-dhcp[1597]: DHCPACK(tapb6740fff-cc) 192.168.120.8 fa:16:3e:34:9f:44 host-192-168-120-8
Apr 18 21:01:15 cmp001 dnsmasq[1994]: read /var/lib/neutron/dhcp/6ddb8f89-1ad1-4c5c-8ce9-8ad1a5bb2ec8/addn_hosts - 3 addresses
Apr 18 21:01:15 cmp001 dnsmasq-dhcp[1994]: read /var/lib/neutron/dhcp/6ddb8f89-1ad1-4c5c-8ce9-8ad1a5bb2ec8/host
Apr 18 21:01:15 cmp001 dnsmasq-dhcp[1994]: read /var/lib/neutron/dhcp/6ddb8f89-1ad1-4c5c-8ce9-8ad1a5bb2ec8/opts
Apr 18 21:01:16 cmp001 dnsmasq[23548]: read /var/lib/neutron/dhcp/731cf4a6-fcd6-4114-bc6b-166e39619428/addn_hosts - 5 addresses
Apr 18 21:01:16 cmp001 dnsmasq-dhcp[23548]: read /var/lib/neutron/dhcp/731cf4a6-fcd6-4114-bc6b-166e39619428/host
Apr 18 21:01:16 cmp001 dnsmasq-dhcp[23548]: read /var/lib/neutron/dhcp/731cf4a6-fcd6-4114-bc6b-166e39619428/opts
Apr 18 21:01:20 cmp001 dnsmasq[23548]: read /var/lib/neutron/dhcp/731cf4a6-fcd6-4114-bc6b-166e39619428/addn_hosts - 4 addresses
Apr 18 21:01:20 cmp001 dnsmasq-dhcp[23548]: read /var/lib/neutron/dhcp/731cf4a6-fcd6-4114-bc6b-166e39619428/host
Apr 18 21:01:20 cmp001 dnsmasq-dhcp[23548]: read /var/lib/neutron/dhcp/731cf4a6-fcd6-4114-bc6b-166e39619428/opts
Apr 18 21:01:20 cmp001 kernel: [ 6497.052800] device tapfa717543-f3 left promiscuous mode
Apr 18 21:01:20 cmp001 systemd-udevd[2216]: Process '/sbin/ip link set tapfa717543-f3 txqueuelen 10000' failed with exit code 1.
Apr 18 21:01:20 cmp001 ovs-vsctl: ovs|00001|vsctl|INFO|Called as ovs-vsctl --timeout=5 -- --if-exists del-port tapfa717543-f3
Apr 18 21:01:21 cmp001 dnsmasq[1597]: read /var/lib/neutron/dhcp/1cdbe71c-3692-4e97-94ff-978cb633f878/addn_hosts - 5 addresses
Apr 18 21:01:21 cmp001 dnsmasq-dhcp[1597]: read /var/lib/neutron/dhcp/1cdbe71c-3692-4e97-94ff-978cb633f878/host
Apr 18 21:01:21 cmp001 dnsmasq-dhcp[1597]: read /var/lib/neutron/dhcp/1cdbe71c-3692-4e97-94ff-978cb633f878/opts
Apr 18 21:01:25 cmp001 dnsmasq-dhcp[1597]: DHCPRELEASE(tapb6740fff-cc) 192.168.120.8 fa:16:3e:34:9f:44
Apr 18 21:01:25 cmp001 dnsmasq-dhcp[1597]: DHCPRELEASE(tapb6740fff-cc) 192.168.120.8 fa:16:3e:34:9f:44 unknown lease
Apr 18 21:01:26 cmp001 dnsmasq[1597]: read /var/lib/neutron/dhcp/1cdbe71c-3692-4e97-94ff-978cb633f878/addn_hosts - 4 addresses
Apr 18 21:01:26 cmp001 dnsmasq-dhcp[1597]: read /var/lib/neutron/dhcp/1cdbe71c-3692-4e97-94ff-978cb633f878/host
Apr 18 21:01:26 cmp001 dnsmasq-dhcp[1597]: read /var/lib/neutron/dhcp/1cdbe71c-3692-4e97-94ff-978cb633f878/opts
Apr 18 21:01:27 cmp001 dnsmasq[1597]: read /var/lib/neutron/dhcp/1cdbe71c-3692-4e97-94ff-978cb633f878/addn_hosts - 3 addresses
Apr 18 21:01:27 cmp001 dnsmasq-dhcp[1597]: read /var/lib/neutron/dhcp/1cdbe71c-3692-4e97-94ff-978cb633f878/host
Apr 18 21:01:27 cmp001 dnsmasq-dhcp[1597]: read /var/lib/neutron/dhcp/1cdbe71c-3692-4e97-94ff-978cb633f878/opts
Apr 18 21:01:29 cmp001 dnsmasq[23548]: read /var/lib/neutron/dhcp/731cf4a6-fcd6-4114-bc6b-166e39619428/addn_hosts - 3 addresses
Apr 18 21:01:29 cmp001 dnsmasq-dhcp[23548]: read /var/lib/neutron/dhcp/731cf4a6-fcd6-4114-bc6b-166e39619428/host
Apr 18 21:01:29 cmp001 dnsmasq-dhcp[23548]: read /var/lib/neutron/dhcp/731cf4a6-fcd6-4114-bc6b-166e39619428/opts
Apr 18 21:01:32 cmp001 dnsmasq[2379]: started, version 2.80 cachesize 150
Apr 18 21:01:32 cmp001 dnsmasq[2379]: DNS service limited to local subnets
Apr 18 21:01:32 cmp001 dnsmasq[2379]: compile time options: IPv6 GNU-getopt DBus i18n IDN DHCP DHCPv6 no-Lua TFTP conntrack ipset auth DNSSEC loop-detect inotify dumpfile
Apr 18 21:01:32 cmp001 dnsmasq[2379]: warning: no upstream servers configured
Apr 18 21:01:32 cmp001 dnsmasq-dhcp[2379]: DHCP, static leases only on 192.168.120.0, lease time 10m
Apr 18 21:01:32 cmp001 dnsmasq[2379]: read /var/lib/neutron/dhcp/6ddb8f89-1ad1-4c5c-8ce9-8ad1a5bb2ec8/addn_hosts - 3 addresses
Apr 18 21:01:32 cmp001 dnsmasq-dhcp[2379]: read /var/lib/neutron/dhcp/6ddb8f89-1ad1-4c5c-8ce9-8ad1a5bb2ec8/host
Apr 18 21:01:32 cmp001 dnsmasq-dhcp[2379]: read /var/lib/neutron/dhcp/6ddb8f89-1ad1-4c5c-8ce9-8ad1a5bb2ec8/opts
Apr 18 21:01:32 cmp001 dnsmasq-dhcp[1597]: DHCPRELEASE(tapb6740fff-cc) 192.168.120.1 fa:16:3e:69:b5:34
Apr 18 21:01:33 cmp001 dnsmasq[1597]: read /var/lib/neutron/dhcp/1cdbe71c-3692-4e97-94ff-978cb633f878/addn_hosts - 2 addresses
Apr 18 21:01:33 cmp001 dnsmasq-dhcp[1597]: read /var/lib/neutron/dhcp/1cdbe71c-3692-4e97-94ff-978cb633f878/host
Apr 18 21:01:33 cmp001 dnsmasq-dhcp[1597]: read /var/lib/neutron/dhcp/1cdbe71c-3692-4e97-94ff-978cb633f878/opts
Apr 18 21:01:34 cmp001 haproxy-metadata-proxy-1cdbe71c-3692-4e97-94ff-978cb633f878[2408]: Proxy listener started.
Apr 18 21:01:34 cmp001 dnsmasq[23548]: read /var/lib/neutron/dhcp/731cf4a6-fcd6-4114-bc6b-166e39619428/addn_hosts - 4 addresses
Apr 18 21:01:34 cmp001 dnsmasq-dhcp[23548]: read /var/lib/neutron/dhcp/731cf4a6-fcd6-4114-bc6b-166e39619428/host
Apr 18 21:01:34 cmp001 dnsmasq-dhcp[23548]: read /var/lib/neutron/dhcp/731cf4a6-fcd6-4114-bc6b-166e39619428/opts
Apr 18 21:01:35 cmp001 dnsmasq-dhcp[2379]: DHCPRELEASE(tape9d5fff3-f0) 192.168.120.1 fa:16:3e:c5:cd:99
Apr 18 21:01:35 cmp001 dnsmasq[23548]: read /var/lib/neutron/dhcp/731cf4a6-fcd6-4114-bc6b-166e39619428/addn_hosts - 4 addresses
Apr 18 21:01:35 cmp001 dnsmasq-dhcp[23548]: read /var/lib/neutron/dhcp/731cf4a6-fcd6-4114-bc6b-166e39619428/host
Apr 18 21:01:35 cmp001 dnsmasq-dhcp[23548]: read /var/lib/neutron/dhcp/731cf4a6-fcd6-4114-bc6b-166e39619428/opts
Apr 18 21:01:35 cmp001 dnsmasq[2379]: read /var/lib/neutron/dhcp/6ddb8f89-1ad1-4c5c-8ce9-8ad1a5bb2ec8/addn_hosts - 2 addresses
Apr 18 21:01:35 cmp001 dnsmasq-dhcp[2379]: read /var/lib/neutron/dhcp/6ddb8f89-1ad1-4c5c-8ce9-8ad1a5bb2ec8/host
Apr 18 21:01:35 cmp001 dnsmasq-dhcp[2379]: read /var/lib/neutron/dhcp/6ddb8f89-1ad1-4c5c-8ce9-8ad1a5bb2ec8/opts
Apr 18 21:01:36 cmp001 dnsmasq[23548]: read /var/lib/neutron/dhcp/731cf4a6-fcd6-4114-bc6b-166e39619428/addn_hosts - 4 addresses
Apr 18 21:01:36 cmp001 dnsmasq-dhcp[23548]: read /var/lib/neutron/dhcp/731cf4a6-fcd6-4114-bc6b-166e39619428/host
Apr 18 21:01:36 cmp001 dnsmasq-dhcp[23548]: read /var/lib/neutron/dhcp/731cf4a6-fcd6-4114-bc6b-166e39619428/opts
Apr 18 21:01:36 cmp001 haproxy-metadata-proxy-6ddb8f89-1ad1-4c5c-8ce9-8ad1a5bb2ec8[2476]: Proxy listener started.
Apr 18 21:01:37 cmp001 dnsmasq-dhcp[1597]: DHCPRELEASE(tapb6740fff-cc) 192.168.120.3 fa:16:3e:4f:42:b4
Apr 18 21:01:38 cmp001 dnsmasq[1597]: read /var/lib/neutron/dhcp/1cdbe71c-3692-4e97-94ff-978cb633f878/addn_hosts - 1 addresses
Apr 18 21:01:38 cmp001 dnsmasq-dhcp[1597]: read /var/lib/neutron/dhcp/1cdbe71c-3692-4e97-94ff-978cb633f878/host
Apr 18 21:01:38 cmp001 dnsmasq-dhcp[1597]: read /var/lib/neutron/dhcp/1cdbe71c-3692-4e97-94ff-978cb633f878/opts
Apr 18 21:01:39 cmp001 kernel: [ 6515.858492] device tapb6740fff-cc left promiscuous mode
Apr 18 21:01:40 cmp001 dnsmasq-dhcp[2379]: DHCPRELEASE(tape9d5fff3-f0) 192.168.120.2 fa:16:3e:25:c1:c4
Apr 18 21:01:40 cmp001 dnsmasq[2379]: read /var/lib/neutron/dhcp/6ddb8f89-1ad1-4c5c-8ce9-8ad1a5bb2ec8/addn_hosts - 1 addresses
Apr 18 21:01:40 cmp001 dnsmasq-dhcp[2379]: read /var/lib/neutron/dhcp/6ddb8f89-1ad1-4c5c-8ce9-8ad1a5bb2ec8/host
Apr 18 21:01:40 cmp001 dnsmasq-dhcp[2379]: read /var/lib/neutron/dhcp/6ddb8f89-1ad1-4c5c-8ce9-8ad1a5bb2ec8/opts
Apr 18 21:01:42 cmp001 dnsmasq[23548]: read /var/lib/neutron/dhcp/731cf4a6-fcd6-4114-bc6b-166e39619428/addn_hosts - 3 addresses
Apr 18 21:01:42 cmp001 dnsmasq-dhcp[23548]: read /var/lib/neutron/dhcp/731cf4a6-fcd6-4114-bc6b-166e39619428/host
Apr 18 21:01:42 cmp001 dnsmasq-dhcp[23548]: read /var/lib/neutron/dhcp/731cf4a6-fcd6-4114-bc6b-166e39619428/opts
Apr 18 21:01:42 cmp001 kernel: [ 6518.801800] device tape9d5fff3-f0 left promiscuous mode
Apr 18 21:01:54 cmp001 ovs-vsctl: ovs|00001|vsctl|INFO|Called as ovs-vsctl -- --may-exist add-br br-int -- set Bridge br-int datapath_type=system
Apr 18 21:01:54 cmp001 systemd-udevd[2636]: Could not generate persistent MAC address for tap04c96e04-03: No such file or directory
Apr 18 21:01:54 cmp001 kernel: [ 6531.052088] device tap04c96e04-03 entered promiscuous mode
Apr 18 21:01:54 cmp001 systemd-udevd[2636]: Process '/sbin/ip link set tap04c96e04-03 txqueuelen 10000' failed with exit code 1.
Apr 18 21:01:54 cmp001 libvirtd[14511]: 2019-04-18 21:01:54.636+0000: 14548: error : virFileReadAll:1420 : Failed to open file '/sys/class/net/tap04c96e04-03/operstate': No such file or directory
Apr 18 21:01:54 cmp001 libvirtd[14511]: 2019-04-18 21:01:54.636+0000: 14548: error : virNetDevGetLinkInfo:2552 : unable to read: /sys/class/net/tap04c96e04-03/operstate: No such file or directory
Apr 18 21:01:54 cmp001 systemd-udevd[2710]: Process '/sbin/ip link set tap04c96e04-03 txqueuelen 10000' failed with exit code 1.
Apr 18 21:01:55 cmp001 ovs-vsctl: ovs|00001|vsctl|INFO|Called as ovs-vsctl --timeout=5 -- --if-exists del-port tap1b6193c4-f9 -- add-port br-int tap1b6193c4-f9 -- set Interface tap1b6193c4-f9 "external-ids:attached-mac=\"fa:16:3e:68:9e:b5\"" -- set Interface tap1b6193c4-f9 "external-ids:iface-id=\"1b6193c4-f9f9-4172-9627-a7587554af61\"" -- set Interface tap1b6193c4-f9 "external-ids:vm-id=\"0b57c162-08ea-436d-9b4c-ea0ef7705fed\"" -- set Interface tap1b6193c4-f9 external-ids:iface-status=active
Apr 18 21:01:55 cmp001 kernel: [ 6532.251582] device tap1b6193c4-f9 entered promiscuous mode
Apr 18 21:01:55 cmp001 libvirtd[14511]: 2019-04-18 21:01:55.766+0000: 14518: warning : qemuDomainObjTaint:5532 : Domain id=56 name='instance-0000005e' uuid=0b57c162-08ea-436d-9b4c-ea0ef7705fed is tainted: host-cpu
Apr 18 21:01:58 cmp001 dnsmasq[2901]: started, version 2.80 cachesize 150
Apr 18 21:01:58 cmp001 dnsmasq[2901]: DNS service limited to local subnets
Apr 18 21:01:58 cmp001 dnsmasq[2901]: compile time options: IPv6 GNU-getopt DBus i18n IDN DHCP DHCPv6 no-Lua TFTP conntrack ipset auth DNSSEC loop-detect inotify dumpfile
Apr 18 21:01:58 cmp001 dnsmasq[2901]: warning: no upstream servers configured
Apr 18 21:01:58 cmp001 dnsmasq-dhcp[2901]: DHCP, static leases only on 192.168.120.0, lease time 10m
Apr 18 21:01:58 cmp001 dnsmasq[2901]: read /var/lib/neutron/dhcp/c2715c6d-c075-485f-988b-d0370ed3a72e/addn_hosts - 1 addresses
Apr 18 21:01:58 cmp001 dnsmasq-dhcp[2901]: read /var/lib/neutron/dhcp/c2715c6d-c075-485f-988b-d0370ed3a72e/host
Apr 18 21:01:58 cmp001 dnsmasq-dhcp[2901]: read /var/lib/neutron/dhcp/c2715c6d-c075-485f-988b-d0370ed3a72e/opts
Apr 18 21:01:58 cmp001 haproxy-metadata-proxy-c2715c6d-c075-485f-988b-d0370ed3a72e[2905]: Proxy listener started.
Apr 18 21:01:59 cmp001 dnsmasq[2901]: read /var/lib/neutron/dhcp/c2715c6d-c075-485f-988b-d0370ed3a72e/addn_hosts - 3 addresses
Apr 18 21:01:59 cmp001 dnsmasq-dhcp[2901]: read /var/lib/neutron/dhcp/c2715c6d-c075-485f-988b-d0370ed3a72e/host
Apr 18 21:01:59 cmp001 dnsmasq-dhcp[2901]: read /var/lib/neutron/dhcp/c2715c6d-c075-485f-988b-d0370ed3a72e/opts
Apr 18 21:02:00 cmp001 dnsmasq[2901]: read /var/lib/neutron/dhcp/c2715c6d-c075-485f-988b-d0370ed3a72e/addn_hosts - 3 addresses
Apr 18 21:02:00 cmp001 dnsmasq-dhcp[2901]: read /var/lib/neutron/dhcp/c2715c6d-c075-485f-988b-d0370ed3a72e/host
Apr 18 21:02:00 cmp001 dnsmasq-dhcp[2901]: read /var/lib/neutron/dhcp/c2715c6d-c075-485f-988b-d0370ed3a72e/opts
Apr 18 21:02:01 cmp001 dnsmasq[2901]: read /var/lib/neutron/dhcp/c2715c6d-c075-485f-988b-d0370ed3a72e/addn_hosts - 3 addresses
Apr 18 21:02:01 cmp001 dnsmasq-dhcp[2901]: read /var/lib/neutron/dhcp/c2715c6d-c075-485f-988b-d0370ed3a72e/host
Apr 18 21:02:01 cmp001 dnsmasq-dhcp[2901]: read /var/lib/neutron/dhcp/c2715c6d-c075-485f-988b-d0370ed3a72e/opts
Apr 18 21:02:05 cmp001 dnsmasq[3060]: started, version 2.80 cachesize 150
Apr 18 21:02:05 cmp001 dnsmasq[3060]: DNS service limited to local subnets
Apr 18 21:02:05 cmp001 dnsmasq[3060]: compile time options: IPv6 GNU-getopt DBus i18n IDN DHCP DHCPv6 no-Lua TFTP conntrack ipset auth DNSSEC loop-detect inotify dumpfile
Apr 18 21:02:05 cmp001 dnsmasq[3060]: warning: no upstream servers configured
Apr 18 21:02:05 cmp001 dnsmasq-dhcp[3060]: DHCP, static leases only on 192.168.120.0, lease time 10m
Apr 18 21:02:05 cmp001 dnsmasq[3060]: read /var/lib/neutron/dhcp/c2715c6d-c075-485f-988b-d0370ed3a72e/addn_hosts - 3 addresses
Apr 18 21:02:05 cmp001 dnsmasq-dhcp[3060]: read /var/lib/neutron/dhcp/c2715c6d-c075-485f-988b-d0370ed3a72e/host
Apr 18 21:02:05 cmp001 dnsmasq-dhcp[3060]: read /var/lib/neutron/dhcp/c2715c6d-c075-485f-988b-d0370ed3a72e/opts
Apr 18 21:02:05 cmp001 dnsmasq-dhcp[3060]: DHCPRELEASE(tap04c96e04-03) 192.168.120.1 fa:16:3e:ba:d7:6c
Apr 18 21:02:06 cmp001 dnsmasq[3060]: read /var/lib/neutron/dhcp/c2715c6d-c075-485f-988b-d0370ed3a72e/addn_hosts - 2 addresses
Apr 18 21:02:06 cmp001 dnsmasq-dhcp[3060]: read /var/lib/neutron/dhcp/c2715c6d-c075-485f-988b-d0370ed3a72e/host
Apr 18 21:02:06 cmp001 dnsmasq-dhcp[3060]: read /var/lib/neutron/dhcp/c2715c6d-c075-485f-988b-d0370ed3a72e/opts
Apr 18 21:02:07 cmp001 haproxy-metadata-proxy-c2715c6d-c075-485f-988b-d0370ed3a72e[3125]: Proxy listener started.
Apr 18 21:02:07 cmp001 ovs-vsctl: ovs|00001|vsctl|INFO|Called as ovs-vsctl -- --may-exist add-br br-int -- set Bridge br-int datapath_type=system
Apr 18 21:02:08 cmp001 ovs-vsctl: ovs|00001|vsctl|INFO|Called as ovs-vsctl --timeout=5 -- --if-exists del-port tap73efa898-d8 -- add-port br-int tap73efa898-d8 -- set Interface tap73efa898-d8 "external-ids:attached-mac=\"fa:16:3e:c9:6a:c6\"" -- set Interface tap73efa898-d8 "external-ids:iface-id=\"73efa898-d800-4a12-b8b0-89064a719e91\"" -- set Interface tap73efa898-d8 "external-ids:vm-id=\"97e45946-e143-4a74-8288-51488773a473\"" -- set Interface tap73efa898-d8 external-ids:iface-status=active
Apr 18 21:02:08 cmp001 kernel: [ 6544.630662] device tap73efa898-d8 entered promiscuous mode
Apr 18 21:02:08 cmp001 libvirtd[14511]: 2019-04-18 21:02:08.145+0000: 14523: warning : qemuDomainObjTaint:5532 : Domain id=57 name='instance-0000005f' uuid=97e45946-e143-4a74-8288-51488773a473 is tainted: host-cpu
Apr 18 21:02:10 cmp001 kernel: [ 6546.893783] device tap31dbbe82-c5 entered promiscuous mode
Apr 18 21:02:10 cmp001 systemd-udevd[3316]: Could not generate persistent MAC address for tap31dbbe82-c5: No such file or directory
Apr 18 21:02:10 cmp001 systemd-udevd[3316]: Process '/sbin/ip link set tap31dbbe82-c5 txqueuelen 10000' failed with exit code 1.
Apr 18 21:02:10 cmp001 libvirtd[14511]: 2019-04-18 21:02:10.473+0000: 14548: error : virFileReadAll:1420 : Failed to open file '/sys/class/net/tap31dbbe82-c5/operstate': No such file or directory
Apr 18 21:02:10 cmp001 libvirtd[14511]: 2019-04-18 21:02:10.474+0000: 14548: error : virNetDevGetLinkInfo:2552 : unable to read: /sys/class/net/tap31dbbe82-c5/operstate: No such file or directory
Apr 18 21:02:10 cmp001 systemd-udevd[3389]: Process '/sbin/ip link set tap31dbbe82-c5 txqueuelen 10000' failed with exit code 1.
Apr 18 21:02:10 cmp001 dnsmasq-dhcp[3060]: DHCPRELEASE(tap04c96e04-03) 192.168.120.2 fa:16:3e:ca:6c:4a
Apr 18 21:02:11 cmp001 dnsmasq[3060]: read /var/lib/neutron/dhcp/c2715c6d-c075-485f-988b-d0370ed3a72e/addn_hosts - 1 addresses
Apr 18 21:02:11 cmp001 dnsmasq-dhcp[3060]: read /var/lib/neutron/dhcp/c2715c6d-c075-485f-988b-d0370ed3a72e/host
Apr 18 21:02:11 cmp001 dnsmasq-dhcp[3060]: read /var/lib/neutron/dhcp/c2715c6d-c075-485f-988b-d0370ed3a72e/opts
Apr 18 21:02:13 cmp001 kernel: [ 6550.282808] device tap04c96e04-03 left promiscuous mode
Apr 18 21:02:14 cmp001 dnsmasq[3505]: started, version 2.80 cachesize 150
Apr 18 21:02:14 cmp001 dnsmasq[3505]: DNS service limited to local subnets
Apr 18 21:02:14 cmp001 dnsmasq[3505]: compile time options: IPv6 GNU-getopt DBus i18n IDN DHCP DHCPv6 no-Lua TFTP conntrack ipset auth DNSSEC loop-detect inotify dumpfile
Apr 18 21:02:14 cmp001 dnsmasq[3505]: warning: no upstream servers configured
Apr 18 21:02:14 cmp001 dnsmasq-dhcp[3505]: DHCP, static leases only on 192.168.120.0, lease time 10m
Apr 18 21:02:14 cmp001 dnsmasq[3505]: read /var/lib/neutron/dhcp/87820b5e-86b8-433b-bfb0-3d7025001ee7/addn_hosts - 2 addresses
Apr 18 21:02:14 cmp001 dnsmasq-dhcp[3505]: read /var/lib/neutron/dhcp/87820b5e-86b8-433b-bfb0-3d7025001ee7/host
Apr 18 21:02:14 cmp001 dnsmasq-dhcp[3505]: read /var/lib/neutron/dhcp/87820b5e-86b8-433b-bfb0-3d7025001ee7/opts
Apr 18 21:02:14 cmp001 haproxy-metadata-proxy-87820b5e-86b8-433b-bfb0-3d7025001ee7[3510]: Proxy listener started.
Apr 18 21:02:15 cmp001 dnsmasq[3505]: read /var/lib/neutron/dhcp/87820b5e-86b8-433b-bfb0-3d7025001ee7/addn_hosts - 3 addresses
Apr 18 21:02:15 cmp001 dnsmasq-dhcp[3505]: read /var/lib/neutron/dhcp/87820b5e-86b8-433b-bfb0-3d7025001ee7/host
Apr 18 21:02:15 cmp001 dnsmasq-dhcp[3505]: read /var/lib/neutron/dhcp/87820b5e-86b8-433b-bfb0-3d7025001ee7/opts
Apr 18 21:02:16 cmp001 dnsmasq[3505]: read /var/lib/neutron/dhcp/87820b5e-86b8-433b-bfb0-3d7025001ee7/addn_hosts - 3 addresses
Apr 18 21:02:16 cmp001 dnsmasq-dhcp[3505]: read /var/lib/neutron/dhcp/87820b5e-86b8-433b-bfb0-3d7025001ee7/host
Apr 18 21:02:16 cmp001 dnsmasq-dhcp[3505]: read /var/lib/neutron/dhcp/87820b5e-86b8-433b-bfb0-3d7025001ee7/opts
Apr 18 21:02:18 cmp001 dnsmasq[3505]: read /var/lib/neutron/dhcp/87820b5e-86b8-433b-bfb0-3d7025001ee7/addn_hosts - 4 addresses
Apr 18 21:02:18 cmp001 dnsmasq-dhcp[3505]: read /var/lib/neutron/dhcp/87820b5e-86b8-433b-bfb0-3d7025001ee7/host
Apr 18 21:02:18 cmp001 dnsmasq-dhcp[3505]: read /var/lib/neutron/dhcp/87820b5e-86b8-433b-bfb0-3d7025001ee7/opts
Apr 18 21:02:20 cmp001 dnsmasq[3505]: read /var/lib/neutron/dhcp/87820b5e-86b8-433b-bfb0-3d7025001ee7/addn_hosts - 4 addresses
Apr 18 21:02:20 cmp001 dnsmasq-dhcp[3505]: read /var/lib/neutron/dhcp/87820b5e-86b8-433b-bfb0-3d7025001ee7/host
Apr 18 21:02:20 cmp001 dnsmasq-dhcp[3505]: read /var/lib/neutron/dhcp/87820b5e-86b8-433b-bfb0-3d7025001ee7/opts
Apr 18 21:02:21 cmp001 dnsmasq[3505]: read /var/lib/neutron/dhcp/87820b5e-86b8-433b-bfb0-3d7025001ee7/addn_hosts - 4 addresses
Apr 18 21:02:21 cmp001 dnsmasq-dhcp[3505]: read /var/lib/neutron/dhcp/87820b5e-86b8-433b-bfb0-3d7025001ee7/host
Apr 18 21:02:21 cmp001 dnsmasq-dhcp[3505]: read /var/lib/neutron/dhcp/87820b5e-86b8-433b-bfb0-3d7025001ee7/opts
Apr 18 21:02:22 cmp001 dnsmasq[3505]: read /var/lib/neutron/dhcp/87820b5e-86b8-433b-bfb0-3d7025001ee7/addn_hosts - 4 addresses
Apr 18 21:02:22 cmp001 dnsmasq-dhcp[3505]: read /var/lib/neutron/dhcp/87820b5e-86b8-433b-bfb0-3d7025001ee7/host
Apr 18 21:02:22 cmp001 dnsmasq-dhcp[3505]: read /var/lib/neutron/dhcp/87820b5e-86b8-433b-bfb0-3d7025001ee7/opts
Apr 18 21:02:23 cmp001 dnsmasq[3505]: read /var/lib/neutron/dhcp/87820b5e-86b8-433b-bfb0-3d7025001ee7/addn_hosts - 4 addresses
Apr 18 21:02:23 cmp001 dnsmasq-dhcp[3505]: read /var/lib/neutron/dhcp/87820b5e-86b8-433b-bfb0-3d7025001ee7/host
Apr 18 21:02:23 cmp001 dnsmasq-dhcp[3505]: read /var/lib/neutron/dhcp/87820b5e-86b8-433b-bfb0-3d7025001ee7/opts
Apr 18 21:02:23 cmp001 kernel: [ 6560.333137] device tap73efa898-d8 left promiscuous mode
Apr 18 21:02:23 cmp001 systemd-udevd[3720]: Process '/sbin/ip link set tap73efa898-d8 txqueuelen 10000' failed with exit code 1.
Apr 18 21:02:24 cmp001 ovs-vsctl: ovs|00001|vsctl|INFO|Called as ovs-vsctl --timeout=5 -- --if-exists del-port tap73efa898-d8
Apr 18 21:02:38 cmp001 dnsmasq[3874]: started, version 2.80 cachesize 150
Apr 18 21:02:38 cmp001 dnsmasq[3874]: DNS service limited to local subnets
Apr 18 21:02:38 cmp001 dnsmasq[3874]: compile time options: IPv6 GNU-getopt DBus i18n IDN DHCP DHCPv6 no-Lua TFTP conntrack ipset auth DNSSEC loop-detect inotify dumpfile
Apr 18 21:02:38 cmp001 dnsmasq[3874]: warning: no upstream servers configured
Apr 18 21:02:38 cmp001 dnsmasq-dhcp[3874]: DHCP, static leases only on 192.168.120.0, lease time 10m
Apr 18 21:02:38 cmp001 dnsmasq[3874]: read /var/lib/neutron/dhcp/87820b5e-86b8-433b-bfb0-3d7025001ee7/addn_hosts - 4 addresses
Apr 18 21:02:38 cmp001 dnsmasq-dhcp[3874]: read /var/lib/neutron/dhcp/87820b5e-86b8-433b-bfb0-3d7025001ee7/host
Apr 18 21:02:38 cmp001 dnsmasq-dhcp[3874]: read /var/lib/neutron/dhcp/87820b5e-86b8-433b-bfb0-3d7025001ee7/opts
Apr 18 21:02:38 cmp001 kernel: [ 6575.101036] device tap1b6193c4-f9 left promiscuous mode
Apr 18 21:02:38 cmp001 systemd-udevd[3902]: Process '/sbin/ip link set tap1b6193c4-f9 txqueuelen 10000' failed with exit code 1.
Apr 18 21:02:38 cmp001 dnsmasq-dhcp[3874]: DHCPDISCOVER(tap31dbbe82-c5) fa:16:3e:a0:1a:43
Apr 18 21:02:38 cmp001 dnsmasq-dhcp[3874]: DHCPOFFER(tap31dbbe82-c5) 192.168.120.8 fa:16:3e:a0:1a:43
Apr 18 21:02:38 cmp001 ovs-vsctl: ovs|00001|vsctl|INFO|Called as ovs-vsctl --timeout=5 -- --if-exists del-port tap1b6193c4-f9
Apr 18 21:02:41 cmp001 systemd-udevd[3958]: Could not generate persistent MAC address for tap0ede7eca-1b: No such file or directory
Apr 18 21:02:41 cmp001 kernel: [ 6577.679117] device tap0ede7eca-1b entered promiscuous mode
Apr 18 21:02:41 cmp001 systemd-udevd[3958]: Process '/sbin/ip link set tap0ede7eca-1b txqueuelen 10000' failed with exit code 1.
Apr 18 21:02:41 cmp001 libvirtd[14511]: 2019-04-18 21:02:41.263+0000: 14548: error : virFileReadAll:1420 : Failed to open file '/sys/class/net/tap0ede7eca-1b/operstate': No such file or directory
Apr 18 21:02:41 cmp001 libvirtd[14511]: 2019-04-18 21:02:41.263+0000: 14548: error : virNetDevGetLinkInfo:2552 : unable to read: /sys/class/net/tap0ede7eca-1b/operstate: No such file or directory
Apr 18 21:02:41 cmp001 systemd-udevd[3958]: Process '/sbin/ip link set tap0ede7eca-1b txqueuelen 10000' failed with exit code 1.
Apr 18 21:02:44 cmp001 dnsmasq[4101]: started, version 2.80 cachesize 150
Apr 18 21:02:44 cmp001 dnsmasq[4101]: DNS service limited to local subnets
Apr 18 21:02:44 cmp001 dnsmasq[4101]: compile time options: IPv6 GNU-getopt DBus i18n IDN DHCP DHCPv6 no-Lua TFTP conntrack ipset auth DNSSEC loop-detect inotify dumpfile
Apr 18 21:02:44 cmp001 dnsmasq[4101]: warning: no upstream servers configured
Apr 18 21:02:44 cmp001 dnsmasq-dhcp[4101]: DHCP, static leases only on 192.168.120.0, lease time 10m
Apr 18 21:02:44 cmp001 dnsmasq[4101]: read /var/lib/neutron/dhcp/72c03635-31e9-460e-a86f-c8426b512909/addn_hosts - 1 addresses
Apr 18 21:02:44 cmp001 dnsmasq-dhcp[4101]: read /var/lib/neutron/dhcp/72c03635-31e9-460e-a86f-c8426b512909/host
Apr 18 21:02:44 cmp001 dnsmasq-dhcp[4101]: read /var/lib/neutron/dhcp/72c03635-31e9-460e-a86f-c8426b512909/opts
Apr 18 21:02:44 cmp001 haproxy-metadata-proxy-72c03635-31e9-460e-a86f-c8426b512909[4105]: Proxy listener started.
Apr 18 21:02:45 cmp001 dnsmasq[4101]: read /var/lib/neutron/dhcp/72c03635-31e9-460e-a86f-c8426b512909/addn_hosts - 2 addresses
Apr 18 21:02:45 cmp001 dnsmasq-dhcp[4101]: read /var/lib/neutron/dhcp/72c03635-31e9-460e-a86f-c8426b512909/host
Apr 18 21:02:45 cmp001 dnsmasq-dhcp[4101]: read /var/lib/neutron/dhcp/72c03635-31e9-460e-a86f-c8426b512909/opts
Apr 18 21:02:45 cmp001 dnsmasq[3874]: read /var/lib/neutron/dhcp/87820b5e-86b8-433b-bfb0-3d7025001ee7/addn_hosts - 5 addresses
Apr 18 21:02:45 cmp001 dnsmasq-dhcp[3874]: read /var/lib/neutron/dhcp/87820b5e-86b8-433b-bfb0-3d7025001ee7/host
Apr 18 21:02:45 cmp001 dnsmasq-dhcp[3874]: read /var/lib/neutron/dhcp/87820b5e-86b8-433b-bfb0-3d7025001ee7/opts
Apr 18 21:02:46 cmp001 dnsmasq[4101]: read /var/lib/neutron/dhcp/72c03635-31e9-460e-a86f-c8426b512909/addn_hosts - 3 addresses
Apr 18 21:02:46 cmp001 dnsmasq-dhcp[4101]: read /var/lib/neutron/dhcp/72c03635-31e9-460e-a86f-c8426b512909/host
Apr 18 21:02:46 cmp001 dnsmasq-dhcp[4101]: read /var/lib/neutron/dhcp/72c03635-31e9-460e-a86f-c8426b512909/opts
Apr 18 21:02:46 cmp001 dnsmasq[3874]: read /var/lib/neutron/dhcp/87820b5e-86b8-433b-bfb0-3d7025001ee7/addn_hosts - 5 addresses
Apr 18 21:02:46 cmp001 dnsmasq-dhcp[3874]: read /var/lib/neutron/dhcp/87820b5e-86b8-433b-bfb0-3d7025001ee7/host
Apr 18 21:02:46 cmp001 dnsmasq-dhcp[3874]: read /var/lib/neutron/dhcp/87820b5e-86b8-433b-bfb0-3d7025001ee7/opts
Apr 18 21:02:47 cmp001 dnsmasq[3874]: read /var/lib/neutron/dhcp/87820b5e-86b8-433b-bfb0-3d7025001ee7/addn_hosts - 5 addresses
Apr 18 21:02:47 cmp001 dnsmasq-dhcp[3874]: read /var/lib/neutron/dhcp/87820b5e-86b8-433b-bfb0-3d7025001ee7/host
Apr 18 21:02:47 cmp001 dnsmasq-dhcp[3874]: read /var/lib/neutron/dhcp/87820b5e-86b8-433b-bfb0-3d7025001ee7/opts
Apr 18 21:02:47 cmp001 dnsmasq[4101]: read /var/lib/neutron/dhcp/72c03635-31e9-460e-a86f-c8426b512909/addn_hosts - 4 addresses
Apr 18 21:02:47 cmp001 dnsmasq-dhcp[4101]: read /var/lib/neutron/dhcp/72c03635-31e9-460e-a86f-c8426b512909/host
Apr 18 21:02:47 cmp001 dnsmasq-dhcp[4101]: read /var/lib/neutron/dhcp/72c03635-31e9-460e-a86f-c8426b512909/opts
Apr 18 21:02:48 cmp001 dnsmasq[4101]: read /var/lib/neutron/dhcp/72c03635-31e9-460e-a86f-c8426b512909/addn_hosts - 4 addresses
Apr 18 21:02:48 cmp001 dnsmasq-dhcp[4101]: read /var/lib/neutron/dhcp/72c03635-31e9-460e-a86f-c8426b512909/host
Apr 18 21:02:48 cmp001 dnsmasq-dhcp[4101]: read /var/lib/neutron/dhcp/72c03635-31e9-460e-a86f-c8426b512909/opts
Apr 18 21:02:49 cmp001 dnsmasq[4101]: read /var/lib/neutron/dhcp/72c03635-31e9-460e-a86f-c8426b512909/addn_hosts - 4 addresses
Apr 18 21:02:49 cmp001 dnsmasq-dhcp[4101]: read /var/lib/neutron/dhcp/72c03635-31e9-460e-a86f-c8426b512909/host
Apr 18 21:02:49 cmp001 dnsmasq-dhcp[4101]: read /var/lib/neutron/dhcp/72c03635-31e9-460e-a86f-c8426b512909/opts
Apr 18 21:02:50 cmp001 dnsmasq[4101]: read /var/lib/neutron/dhcp/72c03635-31e9-460e-a86f-c8426b512909/addn_hosts - 4 addresses
Apr 18 21:02:50 cmp001 dnsmasq-dhcp[4101]: read /var/lib/neutron/dhcp/72c03635-31e9-460e-a86f-c8426b512909/host
Apr 18 21:02:50 cmp001 dnsmasq-dhcp[4101]: read /var/lib/neutron/dhcp/72c03635-31e9-460e-a86f-c8426b512909/opts
Apr 18 21:02:51 cmp001 kernel: [ 6588.113475] device tap95b60f50-be entered promiscuous mode
Apr 18 21:02:51 cmp001 systemd-udevd[4282]: Could not generate persistent MAC address for tap95b60f50-be: No such file or directory
Apr 18 21:02:51 cmp001 libvirtd[14511]: 2019-04-18 21:02:51.683+0000: 14548: error : virNetDevSendEthtoolIoctl:3072 : ethtool ioctl error: No such device
Apr 18 21:02:51 cmp001 libvirtd[14511]: 2019-04-18 21:02:51.685+0000: 14548: error : virNetDevSendEthtoolIoctl:3072 : ethtool ioctl error: No such device
Apr 18 21:02:51 cmp001 libvirtd[14511]: 2019-04-18 21:02:51.687+0000: 14548: error : virNetDevSendEthtoolIoctl:3072 : ethtool ioctl error: No such device
Apr 18 21:02:51 cmp001 libvirtd[14511]: 2019-04-18 21:02:51.689+0000: 14548: error : virNetDevSendEthtoolIoctl:3072 : ethtool ioctl error: No such device
Apr 18 21:02:51 cmp001 systemd-udevd[4352]: Process '/sbin/ip link set tap95b60f50-be txqueuelen 10000' failed with exit code 1.
Apr 18 21:02:51 cmp001 libvirtd[14511]: 2019-04-18 21:02:51.691+0000: 14548: error : virNetDevSendEthtoolIoctl:3072 : ethtool ioctl error: No such device
Apr 18 21:02:51 cmp001 libvirtd[14511]: 2019-04-18 21:02:51.693+0000: 14548: error : virNetDevSendEthtoolIoctl:3072 : ethtool ioctl error: No such device
Apr 18 21:02:51 cmp001 libvirtd[14511]: 2019-04-18 21:02:51.695+0000: 14548: error : virNetDevSendEthtoolIoctl:3072 : ethtool ioctl error: No such device
Apr 18 21:02:51 cmp001 libvirtd[14511]: 2019-04-18 21:02:51.697+0000: 14548: error : virNetDevSendEthtoolIoctl:3072 : ethtool ioctl error: No such device
Apr 18 21:02:54 cmp001 dnsmasq[3874]: read /var/lib/neutron/dhcp/87820b5e-86b8-433b-bfb0-3d7025001ee7/addn_hosts - 4 addresses
Apr 18 21:02:54 cmp001 dnsmasq-dhcp[3874]: read /var/lib/neutron/dhcp/87820b5e-86b8-433b-bfb0-3d7025001ee7/host
Apr 18 21:02:54 cmp001 dnsmasq-dhcp[3874]: read /var/lib/neutron/dhcp/87820b5e-86b8-433b-bfb0-3d7025001ee7/opts
Apr 18 21:02:55 cmp001 dnsmasq[4462]: started, version 2.80 cachesize 150
Apr 18 21:02:55 cmp001 dnsmasq[4462]: DNS service limited to local subnets
Apr 18 21:02:55 cmp001 dnsmasq[4462]: compile time options: IPv6 GNU-getopt DBus i18n IDN DHCP DHCPv6 no-Lua TFTP conntrack ipset auth DNSSEC loop-detect inotify dumpfile
Apr 18 21:02:55 cmp001 dnsmasq[4462]: LOUD WARNING: listening on 19.86.0.2 may accept requests via interfaces other than tap95b60f50-be
Apr 18 21:02:55 cmp001 dnsmasq[4462]: LOUD WARNING: use --bind-dynamic rather than --bind-interfaces to avoid DNS amplification attacks via these interface(s)
Apr 18 21:02:55 cmp001 dnsmasq[4462]: warning: no upstream servers configured
Apr 18 21:02:55 cmp001 dnsmasq-dhcp[4462]: DHCP, static leases only on 19.86.0.0, lease time 10m
Apr 18 21:02:55 cmp001 dnsmasq[4462]: read /var/lib/neutron/dhcp/cc8d2e83-98e4-4d43-9157-a3ab987aad90/addn_hosts - 1 addresses
Apr 18 21:02:55 cmp001 dnsmasq-dhcp[4462]: read /var/lib/neutron/dhcp/cc8d2e83-98e4-4d43-9157-a3ab987aad90/host
Apr 18 21:02:55 cmp001 dnsmasq-dhcp[4462]: read /var/lib/neutron/dhcp/cc8d2e83-98e4-4d43-9157-a3ab987aad90/opts
Apr 18 21:02:55 cmp001 haproxy-metadata-proxy-cc8d2e83-98e4-4d43-9157-a3ab987aad90[4467]: Proxy listener started.
Apr 18 21:02:56 cmp001 dnsmasq[4101]: read /var/lib/neutron/dhcp/72c03635-31e9-460e-a86f-c8426b512909/addn_hosts - 4 addresses
Apr 18 21:02:56 cmp001 dnsmasq-dhcp[4101]: read /var/lib/neutron/dhcp/72c03635-31e9-460e-a86f-c8426b512909/host
Apr 18 21:02:56 cmp001 dnsmasq-dhcp[4101]: read /var/lib/neutron/dhcp/72c03635-31e9-460e-a86f-c8426b512909/opts
Apr 18 21:02:56 cmp001 dnsmasq[4462]: read /var/lib/neutron/dhcp/cc8d2e83-98e4-4d43-9157-a3ab987aad90/addn_hosts - 3 addresses
Apr 18 21:02:56 cmp001 dnsmasq-dhcp[4462]: read /var/lib/neutron/dhcp/cc8d2e83-98e4-4d43-9157-a3ab987aad90/host
Apr 18 21:02:56 cmp001 dnsmasq-dhcp[4462]: read /var/lib/neutron/dhcp/cc8d2e83-98e4-4d43-9157-a3ab987aad90/opts
Apr 18 21:02:57 cmp001 dnsmasq[4101]: read /var/lib/neutron/dhcp/72c03635-31e9-460e-a86f-c8426b512909/addn_hosts - 4 addresses
Apr 18 21:02:57 cmp001 dnsmasq-dhcp[4101]: read /var/lib/neutron/dhcp/72c03635-31e9-460e-a86f-c8426b512909/host
Apr 18 21:02:57 cmp001 dnsmasq-dhcp[4101]: read /var/lib/neutron/dhcp/72c03635-31e9-460e-a86f-c8426b512909/opts
Apr 18 21:02:57 cmp001 dnsmasq[4462]: read /var/lib/neutron/dhcp/cc8d2e83-98e4-4d43-9157-a3ab987aad90/addn_hosts - 3 addresses
Apr 18 21:02:57 cmp001 dnsmasq-dhcp[4462]: read /var/lib/neutron/dhcp/cc8d2e83-98e4-4d43-9157-a3ab987aad90/host
Apr 18 21:02:57 cmp001 dnsmasq-dhcp[4462]: read /var/lib/neutron/dhcp/cc8d2e83-98e4-4d43-9157-a3ab987aad90/opts
Apr 18 21:02:58 cmp001 dnsmasq-dhcp[3874]: DHCPRELEASE(tap31dbbe82-c5) 192.168.120.8 fa:16:3e:a0:1a:43
Apr 18 21:02:59 cmp001 dnsmasq[3874]: read /var/lib/neutron/dhcp/87820b5e-86b8-433b-bfb0-3d7025001ee7/addn_hosts - 3 addresses
Apr 18 21:02:59 cmp001 dnsmasq-dhcp[3874]: read /var/lib/neutron/dhcp/87820b5e-86b8-433b-bfb0-3d7025001ee7/host
Apr 18 21:02:59 cmp001 dnsmasq-dhcp[3874]: read /var/lib/neutron/dhcp/87820b5e-86b8-433b-bfb0-3d7025001ee7/opts
Apr 18 21:03:02 cmp001 dnsmasq[23548]: read /var/lib/neutron/dhcp/731cf4a6-fcd6-4114-bc6b-166e39619428/addn_hosts - 4 addresses
Apr 18 21:03:02 cmp001 dnsmasq-dhcp[23548]: read /var/lib/neutron/dhcp/731cf4a6-fcd6-4114-bc6b-166e39619428/host
Apr 18 21:03:02 cmp001 dnsmasq-dhcp[23548]: read /var/lib/neutron/dhcp/731cf4a6-fcd6-4114-bc6b-166e39619428/opts
Apr 18 21:03:03 cmp001 dnsmasq[4462]: read /var/lib/neutron/dhcp/cc8d2e83-98e4-4d43-9157-a3ab987aad90/addn_hosts - 3 addresses
Apr 18 21:03:03 cmp001 dnsmasq-dhcp[4462]: read /var/lib/neutron/dhcp/cc8d2e83-98e4-4d43-9157-a3ab987aad90/host
Apr 18 21:03:03 cmp001 dnsmasq-dhcp[4462]: read /var/lib/neutron/dhcp/cc8d2e83-98e4-4d43-9157-a3ab987aad90/opts
Apr 18 21:03:03 cmp001 dnsmasq[23548]: read /var/lib/neutron/dhcp/731cf4a6-fcd6-4114-bc6b-166e39619428/addn_hosts - 4 addresses
Apr 18 21:03:03 cmp001 dnsmasq-dhcp[23548]: read /var/lib/neutron/dhcp/731cf4a6-fcd6-4114-bc6b-166e39619428/host
Apr 18 21:03:03 cmp001 dnsmasq-dhcp[23548]: read /var/lib/neutron/dhcp/731cf4a6-fcd6-4114-bc6b-166e39619428/opts
Apr 18 21:03:04 cmp001 dnsmasq[4462]: read /var/lib/neutron/dhcp/cc8d2e83-98e4-4d43-9157-a3ab987aad90/addn_hosts - 3 addresses
Apr 18 21:03:04 cmp001 dnsmasq-dhcp[4462]: read /var/lib/neutron/dhcp/cc8d2e83-98e4-4d43-9157-a3ab987aad90/host
Apr 18 21:03:04 cmp001 dnsmasq-dhcp[4462]: read /var/lib/neutron/dhcp/cc8d2e83-98e4-4d43-9157-a3ab987aad90/opts
Apr 18 21:03:04 cmp001 dnsmasq[23548]: read /var/lib/neutron/dhcp/731cf4a6-fcd6-4114-bc6b-166e39619428/addn_hosts - 4 addresses
Apr 18 21:03:04 cmp001 dnsmasq-dhcp[23548]: read /var/lib/neutron/dhcp/731cf4a6-fcd6-4114-bc6b-166e39619428/host
Apr 18 21:03:04 cmp001 dnsmasq-dhcp[23548]: read /var/lib/neutron/dhcp/731cf4a6-fcd6-4114-bc6b-166e39619428/opts
Apr 18 21:03:09 cmp001 ovs-vsctl: ovs|00001|vsctl|INFO|Called as ovs-vsctl -- --may-exist add-br br-int -- set Bridge br-int datapath_type=system
Apr 18 21:03:09 cmp001 ovs-vsctl: message repeated 2 times: [ ovs|00001|vsctl|INFO|Called as ovs-vsctl -- --may-exist add-br br-int -- set Bridge br-int datapath_type=system]
Apr 18 21:03:10 cmp001 ovs-vsctl: ovs|00001|vsctl|INFO|Called as ovs-vsctl --timeout=5 -- --if-exists del-port tap0be2b944-15 -- add-port br-int tap0be2b944-15 -- set Interface tap0be2b944-15 "external-ids:attached-mac=\"fa:16:3e:0e:d9:c8\"" -- set Interface tap0be2b944-15 "external-ids:iface-id=\"0be2b944-153b-42e2-998e-41a139eb6f03\"" -- set Interface tap0be2b944-15 "external-ids:vm-id=\"87c4f849-be18-4824-91fd-a97f4e94a8b9\"" -- set Interface tap0be2b944-15 external-ids:iface-status=active
Apr 18 21:03:10 cmp001 kernel: [ 6607.424217] device tap0be2b944-15 entered promiscuous mode
Apr 18 21:03:10 cmp001 ovs-vsctl: ovs|00001|vsctl|INFO|Called as ovs-vsctl --timeout=5 -- --if-exists del-port tap8f156451-53 -- add-port br-int tap8f156451-53 -- set Interface tap8f156451-53 "external-ids:attached-mac=\"fa:16:3e:7b:dd:67\"" -- set Interface tap8f156451-53 "external-ids:iface-id=\"8f156451-5321-40a3-8d52-63f9f63a117d\"" -- set Interface tap8f156451-53 "external-ids:vm-id=\"87c4f849-be18-4824-91fd-a97f4e94a8b9\"" -- set Interface tap8f156451-53 external-ids:iface-status=active
Apr 18 21:03:10 cmp001 kernel: [ 6607.440850] device tap8f156451-53 entered promiscuous mode
Apr 18 21:03:10 cmp001 ovs-vsctl: ovs|00001|vsctl|INFO|Called as ovs-vsctl --timeout=5 -- --if-exists del-port tap488f91eb-9c -- add-port br-int tap488f91eb-9c -- set Interface tap488f91eb-9c "external-ids:attached-mac=\"fa:16:3e:98:87:f0\"" -- set Interface tap488f91eb-9c "external-ids:iface-id=\"488f91eb-9cc4-4430-be15-7fcb764811f6\"" -- set Interface tap488f91eb-9c "external-ids:vm-id=\"87c4f849-be18-4824-91fd-a97f4e94a8b9\"" -- set Interface tap488f91eb-9c external-ids:iface-status=active
Apr 18 21:03:10 cmp001 kernel: [ 6607.455189] device tap488f91eb-9c entered promiscuous mode
Apr 18 21:03:10 cmp001 libvirtd[14511]: 2019-04-18 21:03:10.969+0000: 14518: warning : qemuDomainObjTaint:5532 : Domain id=58 name='instance-00000062' uuid=87c4f849-be18-4824-91fd-a97f4e94a8b9 is tainted: host-cpu
Apr 18 21:03:13 cmp001 dnsmasq[23548]: read /var/lib/neutron/dhcp/731cf4a6-fcd6-4114-bc6b-166e39619428/addn_hosts - 3 addresses
Apr 18 21:03:13 cmp001 dnsmasq-dhcp[23548]: read /var/lib/neutron/dhcp/731cf4a6-fcd6-4114-bc6b-166e39619428/host
Apr 18 21:03:13 cmp001 dnsmasq-dhcp[23548]: read /var/lib/neutron/dhcp/731cf4a6-fcd6-4114-bc6b-166e39619428/opts
Apr 18 21:03:13 cmp001 dnsmasq[3874]: read /var/lib/neutron/dhcp/87820b5e-86b8-433b-bfb0-3d7025001ee7/addn_hosts - 4 addresses
Apr 18 21:03:13 cmp001 dnsmasq-dhcp[3874]: read /var/lib/neutron/dhcp/87820b5e-86b8-433b-bfb0-3d7025001ee7/host
Apr 18 21:03:13 cmp001 dnsmasq-dhcp[3874]: read /var/lib/neutron/dhcp/87820b5e-86b8-433b-bfb0-3d7025001ee7/opts
Apr 18 21:03:14 cmp001 ovs-vsctl: ovs|00001|vsctl|INFO|Called as ovs-vsctl -- --may-exist add-br br-int -- set Bridge br-int datapath_type=system
Apr 18 21:03:14 cmp001 ovs-vsctl: ovs|00001|vsctl|INFO|Called as ovs-vsctl --timeout=5 -- --if-exists del-port tap96f54bce-c2 -- add-port br-int tap96f54bce-c2 -- set Interface tap96f54bce-c2 "external-ids:attached-mac=\"fa:16:3e:ec:bf:d7\"" -- set Interface tap96f54bce-c2 "external-ids:iface-id=\"96f54bce-c218-4d74-9cef-66599ca9c0f1\"" -- set Interface tap96f54bce-c2 "external-ids:vm-id=\"cd7ab91d-a518-4b78-a641-cafcb7f5c504\"" -- set Interface tap96f54bce-c2 external-ids:iface-status=active
Apr 18 21:03:14 cmp001 kernel: [ 6611.127176] device tap96f54bce-c2 entered promiscuous mode
Apr 18 21:03:14 cmp001 libvirtd[14511]: 2019-04-18 21:03:14.641+0000: 14519: warning : qemuDomainObjTaint:5532 : Domain id=59 name='instance-00000064' uuid=cd7ab91d-a518-4b78-a641-cafcb7f5c504 is tainted: host-cpu
Apr 18 21:03:14 cmp001 dnsmasq[3874]: read /var/lib/neutron/dhcp/87820b5e-86b8-433b-bfb0-3d7025001ee7/addn_hosts - 4 addresses
Apr 18 21:03:14 cmp001 dnsmasq-dhcp[3874]: read /var/lib/neutron/dhcp/87820b5e-86b8-433b-bfb0-3d7025001ee7/host
Apr 18 21:03:14 cmp001 dnsmasq-dhcp[3874]: read /var/lib/neutron/dhcp/87820b5e-86b8-433b-bfb0-3d7025001ee7/opts
Apr 18 21:03:15 cmp001 ovs-vsctl: ovs|00001|vsctl|INFO|Called as ovs-vsctl -- --may-exist add-br br-int -- set Bridge br-int datapath_type=system
Apr 18 21:03:15 cmp001 dnsmasq[3874]: read /var/lib/neutron/dhcp/87820b5e-86b8-433b-bfb0-3d7025001ee7/addn_hosts - 4 addresses
Apr 18 21:03:15 cmp001 dnsmasq-dhcp[3874]: read /var/lib/neutron/dhcp/87820b5e-86b8-433b-bfb0-3d7025001ee7/host
Apr 18 21:03:15 cmp001 dnsmasq-dhcp[3874]: read /var/lib/neutron/dhcp/87820b5e-86b8-433b-bfb0-3d7025001ee7/opts
Apr 18 21:03:16 cmp001 ovs-vsctl: ovs|00001|vsctl|INFO|Called as ovs-vsctl --timeout=5 -- --if-exists del-port tap2d9953a5-9b -- add-port br-int tap2d9953a5-9b -- set Interface tap2d9953a5-9b "external-ids:attached-mac=\"fa:16:3e:6c:fe:7c\"" -- set Interface tap2d9953a5-9b "external-ids:iface-id=\"2d9953a5-9b6d-4a86-8857-77ae4d7a9c3f\"" -- set Interface tap2d9953a5-9b "external-ids:vm-id=\"9ddecdcd-d1fc-4cf1-9471-24f5fe31dc28\"" -- set Interface tap2d9953a5-9b external-ids:iface-status=active
Apr 18 21:03:16 cmp001 kernel: [ 6612.667233] device tap2d9953a5-9b entered promiscuous mode
Apr 18 21:03:16 cmp001 libvirtd[14511]: 2019-04-18 21:03:16.180+0000: 14523: warning : qemuDomainObjTaint:5532 : Domain id=60 name='instance-00000065' uuid=9ddecdcd-d1fc-4cf1-9471-24f5fe31dc28 is tainted: host-cpu
Apr 18 21:03:19 cmp001 dnsmasq[5409]: started, version 2.80 cachesize 150
Apr 18 21:03:19 cmp001 dnsmasq[5409]: DNS service limited to local subnets
Apr 18 21:03:19 cmp001 dnsmasq[5409]: compile time options: IPv6 GNU-getopt DBus i18n IDN DHCP DHCPv6 no-Lua TFTP conntrack ipset auth DNSSEC loop-detect inotify dumpfile
Apr 18 21:03:19 cmp001 dnsmasq[5409]: warning: no upstream servers configured
Apr 18 21:03:19 cmp001 dnsmasq-dhcp[5409]: DHCP, static leases only on 192.168.120.0, lease time 10m
Apr 18 21:03:19 cmp001 dnsmasq[5409]: read /var/lib/neutron/dhcp/72c03635-31e9-460e-a86f-c8426b512909/addn_hosts - 4 addresses
Apr 18 21:03:19 cmp001 dnsmasq-dhcp[5409]: read /var/lib/neutron/dhcp/72c03635-31e9-460e-a86f-c8426b512909/host
Apr 18 21:03:19 cmp001 dnsmasq-dhcp[5409]: read /var/lib/neutron/dhcp/72c03635-31e9-460e-a86f-c8426b512909/opts
Apr 18 21:03:19 cmp001 dnsmasq[5414]: started, version 2.80 cachesize 150
Apr 18 21:03:19 cmp001 dnsmasq[5414]: DNS service limited to local subnets
Apr 18 21:03:19 cmp001 dnsmasq[5414]: compile time options: IPv6 GNU-getopt DBus i18n IDN DHCP DHCPv6 no-Lua TFTP conntrack ipset auth DNSSEC loop-detect inotify dumpfile
Apr 18 21:03:19 cmp001 dnsmasq[5414]: LOUD WARNING: listening on 19.86.0.2 may accept requests via interfaces other than tap95b60f50-be
Apr 18 21:03:19 cmp001 dnsmasq[5414]: LOUD WARNING: use --bind-dynamic rather than --bind-interfaces to avoid DNS amplification attacks via these interface(s)
Apr 18 21:03:19 cmp001 dnsmasq[5414]: warning: no upstream servers configured
Apr 18 21:03:19 cmp001 dnsmasq-dhcp[5414]: DHCP, static leases only on 19.86.0.0, lease time 10m
Apr 18 21:03:19 cmp001 dnsmasq[5414]: read /var/lib/neutron/dhcp/cc8d2e83-98e4-4d43-9157-a3ab987aad90/addn_hosts - 3 addresses
Apr 18 21:03:19 cmp001 dnsmasq-dhcp[5414]: read /var/lib/neutron/dhcp/cc8d2e83-98e4-4d43-9157-a3ab987aad90/host
Apr 18 21:03:19 cmp001 dnsmasq-dhcp[5414]: read /var/lib/neutron/dhcp/cc8d2e83-98e4-4d43-9157-a3ab987aad90/opts
Apr 18 21:03:19 cmp001 dnsmasq[23548]: read /var/lib/neutron/dhcp/731cf4a6-fcd6-4114-bc6b-166e39619428/addn_hosts - 4 addresses
Apr 18 21:03:19 cmp001 dnsmasq-dhcp[23548]: read /var/lib/neutron/dhcp/731cf4a6-fcd6-4114-bc6b-166e39619428/host
Apr 18 21:03:19 cmp001 dnsmasq-dhcp[23548]: read /var/lib/neutron/dhcp/731cf4a6-fcd6-4114-bc6b-166e39619428/opts
Apr 18 21:03:19 cmp001 kernel: [ 6616.332634] device tap0be2b944-15 left promiscuous mode
Apr 18 21:03:19 cmp001 systemd-udevd[5436]: Process '/sbin/ip link set tap0be2b944-15 txqueuelen 10000' failed with exit code 1.
Apr 18 21:03:20 cmp001 kernel: [ 6616.653109] device tap8f156451-53 left promiscuous mode
Apr 18 21:03:20 cmp001 systemd-udevd[5463]: Process '/sbin/ip link set tap8f156451-53 txqueuelen 10000' failed with exit code 1.
Apr 18 21:03:20 cmp001 kernel: [ 6616.693104] device tap488f91eb-9c left promiscuous mode
Apr 18 21:03:20 cmp001 systemd-udevd[5480]: Process '/sbin/ip link set tap488f91eb-9c txqueuelen 10000' failed with exit code 1.
Apr 18 21:03:20 cmp001 ovs-vsctl: ovs|00001|vsctl|INFO|Called as ovs-vsctl --timeout=5 -- --if-exists del-port tap0be2b944-15
Apr 18 21:03:20 cmp001 ovs-vsctl: ovs|00001|vsctl|INFO|Called as ovs-vsctl --timeout=5 -- --if-exists del-port tap8f156451-53
Apr 18 21:03:20 cmp001 ovs-vsctl: ovs|00001|vsctl|INFO|Called as ovs-vsctl --timeout=5 -- --if-exists del-port tap488f91eb-9c
Apr 18 21:03:20 cmp001 dnsmasq[23548]: read /var/lib/neutron/dhcp/731cf4a6-fcd6-4114-bc6b-166e39619428/addn_hosts - 4 addresses
Apr 18 21:03:20 cmp001 dnsmasq-dhcp[23548]: read /var/lib/neutron/dhcp/731cf4a6-fcd6-4114-bc6b-166e39619428/host
Apr 18 21:03:20 cmp001 dnsmasq-dhcp[23548]: read /var/lib/neutron/dhcp/731cf4a6-fcd6-4114-bc6b-166e39619428/opts
Apr 18 21:03:21 cmp001 dnsmasq[23548]: read /var/lib/neutron/dhcp/731cf4a6-fcd6-4114-bc6b-166e39619428/addn_hosts - 4 addresses
Apr 18 21:03:21 cmp001 dnsmasq-dhcp[23548]: read /var/lib/neutron/dhcp/731cf4a6-fcd6-4114-bc6b-166e39619428/host
Apr 18 21:03:21 cmp001 dnsmasq-dhcp[23548]: read /var/lib/neutron/dhcp/731cf4a6-fcd6-4114-bc6b-166e39619428/opts
Apr 18 21:03:23 cmp001 dnsmasq-dhcp[5414]: DHCPRELEASE(tap95b60f50-be) 19.86.0.23 fa:16:3e:7b:dd:67
Apr 18 21:03:24 cmp001 dnsmasq[5414]: read /var/lib/neutron/dhcp/cc8d2e83-98e4-4d43-9157-a3ab987aad90/addn_hosts - 2 addresses
Apr 18 21:03:24 cmp001 dnsmasq-dhcp[5414]: read /var/lib/neutron/dhcp/cc8d2e83-98e4-4d43-9157-a3ab987aad90/host
Apr 18 21:03:24 cmp001 dnsmasq-dhcp[5414]: read /var/lib/neutron/dhcp/cc8d2e83-98e4-4d43-9157-a3ab987aad90/opts
Apr 18 21:03:27 cmp001 dnsmasq-dhcp[5414]: DHCPRELEASE(tap95b60f50-be) 19.86.0.3 fa:16:3e:81:04:b8
Apr 18 21:03:28 cmp001 dnsmasq[5414]: read /var/lib/neutron/dhcp/cc8d2e83-98e4-4d43-9157-a3ab987aad90/addn_hosts - 1 addresses
Apr 18 21:03:28 cmp001 dnsmasq-dhcp[5414]: read /var/lib/neutron/dhcp/cc8d2e83-98e4-4d43-9157-a3ab987aad90/host
Apr 18 21:03:28 cmp001 dnsmasq-dhcp[5414]: read /var/lib/neutron/dhcp/cc8d2e83-98e4-4d43-9157-a3ab987aad90/opts
Apr 18 21:03:29 cmp001 kernel: [ 6626.184900] device tap95b60f50-be left promiscuous mode
Apr 18 21:03:33 cmp001 dnsmasq-dhcp[3874]: DHCPDISCOVER(tap31dbbe82-c5) fa:16:3e:6c:fe:7c
Apr 18 21:03:33 cmp001 dnsmasq-dhcp[3874]: DHCPOFFER(tap31dbbe82-c5) 192.168.120.7 fa:16:3e:6c:fe:7c
Apr 18 21:03:33 cmp001 dnsmasq-dhcp[3874]: DHCPREQUEST(tap31dbbe82-c5) 192.168.120.7 fa:16:3e:6c:fe:7c
Apr 18 21:03:33 cmp001 dnsmasq-dhcp[3874]: DHCPACK(tap31dbbe82-c5) 192.168.120.7 fa:16:3e:6c:fe:7c host-192-168-120-7
Apr 18 21:03:35 cmp001 kernel: [ 6631.544969] device tap96f54bce-c2 left promiscuous mode
Apr 18 21:03:35 cmp001 systemd-udevd[5808]: Process '/sbin/ip link set tap96f54bce-c2 txqueuelen 10000' failed with exit code 1.
Apr 18 21:03:35 cmp001 ovs-vsctl: ovs|00001|vsctl|INFO|Called as ovs-vsctl --timeout=5 -- --if-exists del-port tap96f54bce-c2
Apr 18 21:03:35 cmp001 dnsmasq[23548]: read /var/lib/neutron/dhcp/731cf4a6-fcd6-4114-bc6b-166e39619428/addn_hosts - 3 addresses
Apr 18 21:03:35 cmp001 dnsmasq-dhcp[23548]: read /var/lib/neutron/dhcp/731cf4a6-fcd6-4114-bc6b-166e39619428/host
Apr 18 21:03:35 cmp001 dnsmasq-dhcp[23548]: read /var/lib/neutron/dhcp/731cf4a6-fcd6-4114-bc6b-166e39619428/opts
Apr 18 21:03:37 cmp001 dnsmasq[3874]: read /var/lib/neutron/dhcp/87820b5e-86b8-433b-bfb0-3d7025001ee7/addn_hosts - 5 addresses
Apr 18 21:03:37 cmp001 dnsmasq-dhcp[3874]: read /var/lib/neutron/dhcp/87820b5e-86b8-433b-bfb0-3d7025001ee7/host
Apr 18 21:03:37 cmp001 dnsmasq-dhcp[3874]: read /var/lib/neutron/dhcp/87820b5e-86b8-433b-bfb0-3d7025001ee7/opts
Apr 18 21:03:38 cmp001 dnsmasq[3874]: read /var/lib/neutron/dhcp/87820b5e-86b8-433b-bfb0-3d7025001ee7/addn_hosts - 5 addresses
Apr 18 21:03:38 cmp001 dnsmasq-dhcp[3874]: read /var/lib/neutron/dhcp/87820b5e-86b8-433b-bfb0-3d7025001ee7/host
Apr 18 21:03:38 cmp001 dnsmasq-dhcp[3874]: read /var/lib/neutron/dhcp/87820b5e-86b8-433b-bfb0-3d7025001ee7/opts
Apr 18 21:03:39 cmp001 systemd-udevd[5924]: Could not generate persistent MAC address for tapcd07f9d7-ce: No such file or directory
Apr 18 21:03:39 cmp001 kernel: [ 6636.171277] device tapcd07f9d7-ce entered promiscuous mode
Apr 18 21:03:39 cmp001 dnsmasq[3874]: read /var/lib/neutron/dhcp/87820b5e-86b8-433b-bfb0-3d7025001ee7/addn_hosts - 5 addresses
Apr 18 21:03:39 cmp001 dnsmasq-dhcp[3874]: read /var/lib/neutron/dhcp/87820b5e-86b8-433b-bfb0-3d7025001ee7/host
Apr 18 21:03:39 cmp001 dnsmasq-dhcp[3874]: read /var/lib/neutron/dhcp/87820b5e-86b8-433b-bfb0-3d7025001ee7/opts
Apr 18 21:03:39 cmp001 systemd-udevd[5924]: Process '/sbin/ip link set tapcd07f9d7-ce txqueuelen 10000' failed with exit code 1.
Apr 18 21:03:39 cmp001 libvirtd[14511]: 2019-04-18 21:03:39.758+0000: 14548: error : virFileReadAll:1420 : Failed to open file '/sys/class/net/tapcd07f9d7-ce/operstate': No such file or directory
Apr 18 21:03:39 cmp001 libvirtd[14511]: 2019-04-18 21:03:39.758+0000: 14548: error : virNetDevGetLinkInfo:2552 : unable to read: /sys/class/net/tapcd07f9d7-ce/operstate: No such file or directory
Apr 18 21:03:39 cmp001 systemd-udevd[5996]: Process '/sbin/ip link set tapcd07f9d7-ce txqueuelen 10000' failed with exit code 1.
Apr 18 21:03:43 cmp001 dnsmasq[6071]: started, version 2.80 cachesize 150
Apr 18 21:03:43 cmp001 dnsmasq[6071]: DNS service limited to local subnets
Apr 18 21:03:43 cmp001 dnsmasq[6071]: compile time options: IPv6 GNU-getopt DBus i18n IDN DHCP DHCPv6 no-Lua TFTP conntrack ipset auth DNSSEC loop-detect inotify dumpfile
Apr 18 21:03:43 cmp001 dnsmasq[6071]: LOUD WARNING: listening on 19.80.0.2 may accept requests via interfaces other than tapcd07f9d7-ce
Apr 18 21:03:43 cmp001 dnsmasq[6071]: LOUD WARNING: use --bind-dynamic rather than --bind-interfaces to avoid DNS amplification attacks via these interface(s)
Apr 18 21:03:43 cmp001 dnsmasq[6071]: warning: no upstream servers configured
Apr 18 21:03:43 cmp001 dnsmasq-dhcp[6071]: DHCP, static leases only on 19.80.0.0, lease time 10m
Apr 18 21:03:43 cmp001 dnsmasq[6071]: read /var/lib/neutron/dhcp/20c773ee-a5f0-476e-a4cd-89c160f4d352/addn_hosts - 1 addresses
Apr 18 21:03:43 cmp001 dnsmasq-dhcp[6071]: read /var/lib/neutron/dhcp/20c773ee-a5f0-476e-a4cd-89c160f4d352/host
Apr 18 21:03:43 cmp001 dnsmasq-dhcp[6071]: read /var/lib/neutron/dhcp/20c773ee-a5f0-476e-a4cd-89c160f4d352/opts
Apr 18 21:03:43 cmp001 ovs-vsctl: ovs|00001|vsctl|INFO|Called as ovs-vsctl -- --may-exist add-br br-int -- set Bridge br-int datapath_type=system
Apr 18 21:03:43 cmp001 ovs-vsctl: ovs|00001|vsctl|INFO|Called as ovs-vsctl --timeout=5 -- --if-exists del-port tap8c7e4625-61 -- add-port br-int tap8c7e4625-61 -- set Interface tap8c7e4625-61 "external-ids:attached-mac=\"fa:16:3e:4a:f0:15\"" -- set Interface tap8c7e4625-61 "external-ids:iface-id=\"8c7e4625-6153-492d-95db-7a4c813da706\"" -- set Interface tap8c7e4625-61 "external-ids:vm-id=\"9ddecdcd-d1fc-4cf1-9471-24f5fe31dc28\"" -- set Interface tap8c7e4625-61 external-ids:iface-status=active
Apr 18 21:03:43 cmp001 kernel: [ 6639.677774] device tap8c7e4625-61 entered promiscuous mode
Apr 18 21:03:43 cmp001 haproxy-metadata-proxy-20c773ee-a5f0-476e-a4cd-89c160f4d352[6153]: Proxy listener started.
Apr 18 21:03:44 cmp001 dnsmasq[6071]: read /var/lib/neutron/dhcp/20c773ee-a5f0-476e-a4cd-89c160f4d352/addn_hosts - 2 addresses
Apr 18 21:03:44 cmp001 dnsmasq-dhcp[6071]: read /var/lib/neutron/dhcp/20c773ee-a5f0-476e-a4cd-89c160f4d352/host
Apr 18 21:03:44 cmp001 dnsmasq-dhcp[6071]: read /var/lib/neutron/dhcp/20c773ee-a5f0-476e-a4cd-89c160f4d352/opts
Apr 18 21:03:45 cmp001 dnsmasq[23548]: read /var/lib/neutron/dhcp/731cf4a6-fcd6-4114-bc6b-166e39619428/addn_hosts - 4 addresses
Apr 18 21:03:45 cmp001 dnsmasq-dhcp[23548]: read /var/lib/neutron/dhcp/731cf4a6-fcd6-4114-bc6b-166e39619428/host
Apr 18 21:03:45 cmp001 dnsmasq-dhcp[23548]: read /var/lib/neutron/dhcp/731cf4a6-fcd6-4114-bc6b-166e39619428/opts
Apr 18 21:03:45 cmp001 dnsmasq[6071]: read /var/lib/neutron/dhcp/20c773ee-a5f0-476e-a4cd-89c160f4d352/addn_hosts - 2 addresses
Apr 18 21:03:45 cmp001 dnsmasq-dhcp[6071]: read /var/lib/neutron/dhcp/20c773ee-a5f0-476e-a4cd-89c160f4d352/host
Apr 18 21:03:45 cmp001 dnsmasq-dhcp[6071]: read /var/lib/neutron/dhcp/20c773ee-a5f0-476e-a4cd-89c160f4d352/opts
Apr 18 21:03:46 cmp001 dnsmasq[23548]: read /var/lib/neutron/dhcp/731cf4a6-fcd6-4114-bc6b-166e39619428/addn_hosts - 4 addresses
Apr 18 21:03:46 cmp001 dnsmasq-dhcp[23548]: read /var/lib/neutron/dhcp/731cf4a6-fcd6-4114-bc6b-166e39619428/host
Apr 18 21:03:46 cmp001 dnsmasq-dhcp[23548]: read /var/lib/neutron/dhcp/731cf4a6-fcd6-4114-bc6b-166e39619428/opts
Apr 18 21:03:46 cmp001 dnsmasq[3874]: read /var/lib/neutron/dhcp/87820b5e-86b8-433b-bfb0-3d7025001ee7/addn_hosts - 6 addresses
