Apr 18 20:47:41 cmp001 dnsmasq[17444]: compile time options: IPv6 GNU-getopt DBus i18n IDN DHCP DHCPv6 no-Lua TFTP conntrack ipset auth DNSSEC loop-detect inotify dumpfile
Apr 18 20:47:41 cmp001 dnsmasq[17444]: warning: no upstream servers configured
Apr 18 20:47:41 cmp001 dnsmasq-dhcp[17444]: DHCP, static leases only on 192.168.122.0, lease time 10m
Apr 18 20:47:41 cmp001 dnsmasq[17444]: read /var/lib/neutron/dhcp/c03e73f4-7d2c-4b41-a4e8-898ed5fb9021/addn_hosts - 1 addresses
Apr 18 20:47:41 cmp001 dnsmasq-dhcp[17444]: read /var/lib/neutron/dhcp/c03e73f4-7d2c-4b41-a4e8-898ed5fb9021/host
Apr 18 20:47:41 cmp001 dnsmasq-dhcp[17444]: read /var/lib/neutron/dhcp/c03e73f4-7d2c-4b41-a4e8-898ed5fb9021/opts
Apr 18 20:47:41 cmp001 haproxy-metadata-proxy-c03e73f4-7d2c-4b41-a4e8-898ed5fb9021[17452]: Proxy listener started.
Apr 18 20:47:42 cmp001 dnsmasq[17444]: read /var/lib/neutron/dhcp/c03e73f4-7d2c-4b41-a4e8-898ed5fb9021/addn_hosts - 3 addresses
Apr 18 20:47:42 cmp001 dnsmasq-dhcp[17444]: read /var/lib/neutron/dhcp/c03e73f4-7d2c-4b41-a4e8-898ed5fb9021/host
Apr 18 20:47:42 cmp001 dnsmasq-dhcp[17444]: read /var/lib/neutron/dhcp/c03e73f4-7d2c-4b41-a4e8-898ed5fb9021/opts
Apr 18 20:47:43 cmp001 dnsmasq[17444]: read /var/lib/neutron/dhcp/c03e73f4-7d2c-4b41-a4e8-898ed5fb9021/addn_hosts - 3 addresses
Apr 18 20:47:43 cmp001 dnsmasq-dhcp[17444]: read /var/lib/neutron/dhcp/c03e73f4-7d2c-4b41-a4e8-898ed5fb9021/host
Apr 18 20:47:43 cmp001 dnsmasq-dhcp[17444]: read /var/lib/neutron/dhcp/c03e73f4-7d2c-4b41-a4e8-898ed5fb9021/opts
Apr 18 20:47:45 cmp001 ovs-vsctl: ovs|00001|vsctl|INFO|Called as ovs-vsctl -- --may-exist add-br br-int -- set Bridge br-int datapath_type=system
Apr 18 20:47:45 cmp001 ovs-vsctl: ovs|00001|vsctl|INFO|Called as ovs-vsctl -- --may-exist add-br br-int -- set Bridge br-int datapath_type=system
Apr 18 20:47:46 cmp001 dnsmasq-dhcp[16264]: DHCPRELEASE(tap1befd516-53) 192.168.120.5 fa:16:3e:ee:05:47
Apr 18 20:47:46 cmp001 ovs-vsctl: ovs|00001|vsctl|INFO|Called as ovs-vsctl --timeout=5 -- --if-exists del-port tapc0c1d60b-e0 -- add-port br-int tapc0c1d60b-e0 -- set Interface tapc0c1d60b-e0 "external-ids:attached-mac=\"fa:16:3e:2e:8c:27\"" -- set Interface tapc0c1d60b-e0 "external-ids:iface-id=\"c0c1d60b-e0f7-44f3-a504-8e0e3d0ed076\"" -- set Interface tapc0c1d60b-e0 "external-ids:vm-id=\"ab838523-72e5-41cb-bc64-af33e70833fd\"" -- set Interface tapc0c1d60b-e0 external-ids:iface-status=active
Apr 18 20:47:46 cmp001 kernel: [ 5683.447893] device tapc0c1d60b-e0 entered promiscuous mode
Apr 18 20:47:46 cmp001 libvirtd[14511]: 2019-04-18 20:47:46.959+0000: 14521: warning : qemuDomainObjTaint:5532 : Domain id=21 name='instance-00000025' uuid=ab838523-72e5-41cb-bc64-af33e70833fd is tainted: host-cpu
Apr 18 20:47:47 cmp001 ovs-vsctl: ovs|00001|vsctl|INFO|Called as ovs-vsctl --timeout=5 -- --if-exists del-port tap3b00caa6-ab -- add-port br-int tap3b00caa6-ab -- set Interface tap3b00caa6-ab "external-ids:attached-mac=\"fa:16:3e:4c:b5:f9\"" -- set Interface tap3b00caa6-ab "external-ids:iface-id=\"3b00caa6-ab77-43b0-9712-ec9f7d980d67\"" -- set Interface tap3b00caa6-ab "external-ids:vm-id=\"5bcb5c46-ea7b-4dfe-8ba1-2d530d5d3a7f\"" -- set Interface tap3b00caa6-ab external-ids:iface-status=active
Apr 18 20:47:47 cmp001 kernel: [ 5683.883312] device tap3b00caa6-ab entered promiscuous mode
Apr 18 20:47:47 cmp001 libvirtd[14511]: 2019-04-18 20:47:47.394+0000: 14520: warning : qemuDomainObjTaint:5532 : Domain id=22 name='instance-00000026' uuid=5bcb5c46-ea7b-4dfe-8ba1-2d530d5d3a7f is tainted: host-cpu
Apr 18 20:47:48 cmp001 dnsmasq[17444]: read /var/lib/neutron/dhcp/c03e73f4-7d2c-4b41-a4e8-898ed5fb9021/addn_hosts - 3 addresses
Apr 18 20:47:48 cmp001 dnsmasq-dhcp[17444]: read /var/lib/neutron/dhcp/c03e73f4-7d2c-4b41-a4e8-898ed5fb9021/host
Apr 18 20:47:48 cmp001 dnsmasq-dhcp[17444]: read /var/lib/neutron/dhcp/c03e73f4-7d2c-4b41-a4e8-898ed5fb9021/opts
Apr 18 20:47:49 cmp001 dnsmasq[17444]: read /var/lib/neutron/dhcp/c03e73f4-7d2c-4b41-a4e8-898ed5fb9021/addn_hosts - 3 addresses
Apr 18 20:47:49 cmp001 dnsmasq-dhcp[17444]: read /var/lib/neutron/dhcp/c03e73f4-7d2c-4b41-a4e8-898ed5fb9021/host
Apr 18 20:47:49 cmp001 dnsmasq-dhcp[17444]: read /var/lib/neutron/dhcp/c03e73f4-7d2c-4b41-a4e8-898ed5fb9021/opts
Apr 18 20:47:50 cmp001 systemd-udevd[17824]: Could not generate persistent MAC address for tap82c940d9-fe: No such file or directory
Apr 18 20:47:50 cmp001 kernel: [ 5686.773124] device tap82c940d9-fe entered promiscuous mode
Apr 18 20:47:50 cmp001 libvirtd[14511]: 2019-04-18 20:47:50.331+0000: 14548: error : virNetDevSendEthtoolIoctl:3072 : ethtool ioctl error: No such device
Apr 18 20:47:50 cmp001 libvirtd[14511]: 2019-04-18 20:47:50.334+0000: 14548: error : virNetDevSendEthtoolIoctl:3072 : ethtool ioctl error: No such device
Apr 18 20:47:50 cmp001 libvirtd[14511]: 2019-04-18 20:47:50.336+0000: 14548: error : virNetDevSendEthtoolIoctl:3072 : ethtool ioctl error: No such device
Apr 18 20:47:50 cmp001 libvirtd[14511]: 2019-04-18 20:47:50.338+0000: 14548: error : virNetDevSendEthtoolIoctl:3072 : ethtool ioctl error: No such device
Apr 18 20:47:50 cmp001 systemd-udevd[17895]: Process '/sbin/ip link set tap82c940d9-fe txqueuelen 10000' failed with exit code 1.
Apr 18 20:47:50 cmp001 libvirtd[14511]: 2019-04-18 20:47:50.340+0000: 14548: error : virNetDevSendEthtoolIoctl:3072 : ethtool ioctl error: No such device
Apr 18 20:47:50 cmp001 libvirtd[14511]: 2019-04-18 20:47:50.342+0000: 14548: error : virNetDevSendEthtoolIoctl:3072 : ethtool ioctl error: No such device
Apr 18 20:47:50 cmp001 libvirtd[14511]: 2019-04-18 20:47:50.344+0000: 14548: error : virNetDevSendEthtoolIoctl:3072 : ethtool ioctl error: No such device
Apr 18 20:47:50 cmp001 libvirtd[14511]: 2019-04-18 20:47:50.346+0000: 14548: error : virNetDevSendEthtoolIoctl:3072 : ethtool ioctl error: No such device
Apr 18 20:47:53 cmp001 dnsmasq[17978]: started, version 2.80 cachesize 150
Apr 18 20:47:53 cmp001 dnsmasq[17978]: DNS service limited to local subnets
Apr 18 20:47:53 cmp001 dnsmasq[17978]: compile time options: IPv6 GNU-getopt DBus i18n IDN DHCP DHCPv6 no-Lua TFTP conntrack ipset auth DNSSEC loop-detect inotify dumpfile
Apr 18 20:47:53 cmp001 dnsmasq[17978]: warning: no upstream servers configured
Apr 18 20:47:53 cmp001 dnsmasq-dhcp[17978]: DHCP, static leases only on 192.168.123.0, lease time 10m
Apr 18 20:47:53 cmp001 dnsmasq[17978]: read /var/lib/neutron/dhcp/701a507e-8727-4e98-9a10-681f39dac206/addn_hosts - 1 addresses
Apr 18 20:47:53 cmp001 dnsmasq-dhcp[17978]: read /var/lib/neutron/dhcp/701a507e-8727-4e98-9a10-681f39dac206/host
Apr 18 20:47:53 cmp001 dnsmasq-dhcp[17978]: read /var/lib/neutron/dhcp/701a507e-8727-4e98-9a10-681f39dac206/opts
Apr 18 20:47:53 cmp001 haproxy-metadata-proxy-701a507e-8727-4e98-9a10-681f39dac206[17982]: Proxy listener started.
Apr 18 20:47:54 cmp001 dnsmasq[17978]: read /var/lib/neutron/dhcp/701a507e-8727-4e98-9a10-681f39dac206/addn_hosts - 3 addresses
Apr 18 20:47:54 cmp001 dnsmasq-dhcp[17978]: read /var/lib/neutron/dhcp/701a507e-8727-4e98-9a10-681f39dac206/host
Apr 18 20:47:54 cmp001 dnsmasq-dhcp[17978]: read /var/lib/neutron/dhcp/701a507e-8727-4e98-9a10-681f39dac206/opts
Apr 18 20:47:56 cmp001 dnsmasq[17978]: read /var/lib/neutron/dhcp/701a507e-8727-4e98-9a10-681f39dac206/addn_hosts - 3 addresses
Apr 18 20:47:56 cmp001 dnsmasq-dhcp[17978]: read /var/lib/neutron/dhcp/701a507e-8727-4e98-9a10-681f39dac206/host
Apr 18 20:47:56 cmp001 dnsmasq-dhcp[17978]: read /var/lib/neutron/dhcp/701a507e-8727-4e98-9a10-681f39dac206/opts
Apr 18 20:47:57 cmp001 dnsmasq[17978]: read /var/lib/neutron/dhcp/701a507e-8727-4e98-9a10-681f39dac206/addn_hosts - 3 addresses
Apr 18 20:47:57 cmp001 dnsmasq-dhcp[17978]: read /var/lib/neutron/dhcp/701a507e-8727-4e98-9a10-681f39dac206/host
Apr 18 20:47:57 cmp001 dnsmasq-dhcp[17978]: read /var/lib/neutron/dhcp/701a507e-8727-4e98-9a10-681f39dac206/opts
Apr 18 20:47:58 cmp001 dnsmasq[17978]: read /var/lib/neutron/dhcp/701a507e-8727-4e98-9a10-681f39dac206/addn_hosts - 3 addresses
Apr 18 20:47:58 cmp001 dnsmasq-dhcp[17978]: read /var/lib/neutron/dhcp/701a507e-8727-4e98-9a10-681f39dac206/host
Apr 18 20:47:58 cmp001 dnsmasq-dhcp[17978]: read /var/lib/neutron/dhcp/701a507e-8727-4e98-9a10-681f39dac206/opts
Apr 18 20:47:59 cmp001 dnsmasq[17978]: read /var/lib/neutron/dhcp/701a507e-8727-4e98-9a10-681f39dac206/addn_hosts - 2 addresses
Apr 18 20:47:59 cmp001 dnsmasq-dhcp[17978]: read /var/lib/neutron/dhcp/701a507e-8727-4e98-9a10-681f39dac206/host
Apr 18 20:47:59 cmp001 dnsmasq-dhcp[17978]: read /var/lib/neutron/dhcp/701a507e-8727-4e98-9a10-681f39dac206/opts
Apr 18 20:47:59 cmp001 haproxy-metadata-proxy-701a507e-8727-4e98-9a10-681f39dac206[18116]: Proxy listener started.
Apr 18 20:48:00 cmp001 kernel: [ 5696.907694] device tap3b00caa6-ab left promiscuous mode
Apr 18 20:48:00 cmp001 systemd-udevd[18126]: Process '/sbin/ip link set tap3b00caa6-ab txqueuelen 10000' failed with exit code 1.
Apr 18 20:48:00 cmp001 ovs-vsctl: ovs|00001|vsctl|INFO|Called as ovs-vsctl --timeout=5 -- --if-exists del-port tap3b00caa6-ab
Apr 18 20:48:00 cmp001 dnsmasq[17978]: read /var/lib/neutron/dhcp/701a507e-8727-4e98-9a10-681f39dac206/addn_hosts - 1 addresses
Apr 18 20:48:00 cmp001 dnsmasq-dhcp[17978]: read /var/lib/neutron/dhcp/701a507e-8727-4e98-9a10-681f39dac206/host
Apr 18 20:48:00 cmp001 dnsmasq-dhcp[17978]: read /var/lib/neutron/dhcp/701a507e-8727-4e98-9a10-681f39dac206/opts
Apr 18 20:48:02 cmp001 dnsmasq-dhcp[16264]: DHCPDISCOVER(tap1befd516-53) fa:16:3e:ee:05:47
Apr 18 20:48:02 cmp001 dnsmasq-dhcp[16264]: DHCPOFFER(tap1befd516-53) 192.168.120.5 fa:16:3e:ee:05:47
Apr 18 20:48:02 cmp001 dnsmasq-dhcp[16264]: DHCPREQUEST(tap1befd516-53) 192.168.120.5 fa:16:3e:ee:05:47
Apr 18 20:48:02 cmp001 dnsmasq-dhcp[16264]: DHCPACK(tap1befd516-53) 192.168.120.5 fa:16:3e:ee:05:47 host-192-168-120-5
Apr 18 20:48:03 cmp001 kernel: [ 5700.015567] device tap82c940d9-fe left promiscuous mode
Apr 18 20:48:04 cmp001 kernel: [ 5700.882961] device tapc0c1d60b-e0 left promiscuous mode
Apr 18 20:48:04 cmp001 systemd-udevd[18279]: Process '/sbin/ip link set tapc0c1d60b-e0 txqueuelen 10000' failed with exit code 1.
Apr 18 20:48:04 cmp001 ovs-vsctl: ovs|00001|vsctl|INFO|Called as ovs-vsctl --timeout=5 -- --if-exists del-port tapc0c1d60b-e0
Apr 18 20:48:07 cmp001 dnsmasq[17444]: read /var/lib/neutron/dhcp/c03e73f4-7d2c-4b41-a4e8-898ed5fb9021/addn_hosts - 2 addresses
Apr 18 20:48:07 cmp001 dnsmasq-dhcp[17444]: read /var/lib/neutron/dhcp/c03e73f4-7d2c-4b41-a4e8-898ed5fb9021/host
Apr 18 20:48:07 cmp001 dnsmasq-dhcp[17444]: read /var/lib/neutron/dhcp/c03e73f4-7d2c-4b41-a4e8-898ed5fb9021/opts
Apr 18 20:48:07 cmp001 haproxy-metadata-proxy-c03e73f4-7d2c-4b41-a4e8-898ed5fb9021[18375]: Proxy listener started.
Apr 18 20:48:10 cmp001 dnsmasq[17444]: read /var/lib/neutron/dhcp/c03e73f4-7d2c-4b41-a4e8-898ed5fb9021/addn_hosts - 1 addresses
Apr 18 20:48:10 cmp001 dnsmasq-dhcp[17444]: read /var/lib/neutron/dhcp/c03e73f4-7d2c-4b41-a4e8-898ed5fb9021/host
Apr 18 20:48:10 cmp001 dnsmasq-dhcp[17444]: read /var/lib/neutron/dhcp/c03e73f4-7d2c-4b41-a4e8-898ed5fb9021/opts
Apr 18 20:48:10 cmp001 dnsmasq-dhcp[16264]: DHCPRELEASE(tap1befd516-53) 192.168.120.5 fa:16:3e:ee:05:47
Apr 18 20:48:11 cmp001 kernel: [ 5708.122209] device tape8a030c5-13 left promiscuous mode
Apr 18 20:48:14 cmp001 dnsmasq[17147]: read /var/lib/neutron/dhcp/9c055dfb-1778-4a63-86ee-be6dbc7b8903/addn_hosts - 2 addresses
Apr 18 20:48:14 cmp001 dnsmasq-dhcp[17147]: read /var/lib/neutron/dhcp/9c055dfb-1778-4a63-86ee-be6dbc7b8903/host
Apr 18 20:48:14 cmp001 dnsmasq-dhcp[17147]: read /var/lib/neutron/dhcp/9c055dfb-1778-4a63-86ee-be6dbc7b8903/opts
Apr 18 20:48:15 cmp001 haproxy-metadata-proxy-9c055dfb-1778-4a63-86ee-be6dbc7b8903[18425]: Proxy listener started.
Apr 18 20:48:18 cmp001 dnsmasq[18518]: started, version 2.80 cachesize 150
Apr 18 20:48:18 cmp001 dnsmasq[18518]: DNS service limited to local subnets
Apr 18 20:48:18 cmp001 dnsmasq[18518]: compile time options: IPv6 GNU-getopt DBus i18n IDN DHCP DHCPv6 no-Lua TFTP conntrack ipset auth DNSSEC loop-detect inotify dumpfile
Apr 18 20:48:18 cmp001 dnsmasq[18518]: warning: no upstream servers configured
Apr 18 20:48:18 cmp001 dnsmasq-dhcp[18518]: DHCP, static leases only on 192.168.120.0, lease time 10m
Apr 18 20:48:18 cmp001 dnsmasq[18518]: read /var/lib/neutron/dhcp/7562b5c9-1da4-41d4-a83a-a1e63365c604/addn_hosts - 3 addresses
Apr 18 20:48:18 cmp001 dnsmasq-dhcp[18518]: read /var/lib/neutron/dhcp/7562b5c9-1da4-41d4-a83a-a1e63365c604/host
Apr 18 20:48:18 cmp001 dnsmasq-dhcp[18518]: read /var/lib/neutron/dhcp/7562b5c9-1da4-41d4-a83a-a1e63365c604/opts
Apr 18 20:48:18 cmp001 dnsmasq[18523]: started, version 2.80 cachesize 150
Apr 18 20:48:18 cmp001 dnsmasq[18523]: DNS service limited to local subnets
Apr 18 20:48:18 cmp001 dnsmasq[18523]: compile time options: IPv6 GNU-getopt DBus i18n IDN DHCP DHCPv6 no-Lua TFTP conntrack ipset auth DNSSEC loop-detect inotify dumpfile
Apr 18 20:48:18 cmp001 dnsmasq[18523]: warning: no upstream servers configured
Apr 18 20:48:18 cmp001 dnsmasq-dhcp[18523]: DHCP, static leases only on 192.168.121.0, lease time 10m
Apr 18 20:48:18 cmp001 dnsmasq[18523]: read /var/lib/neutron/dhcp/9c055dfb-1778-4a63-86ee-be6dbc7b8903/addn_hosts - 2 addresses
Apr 18 20:48:18 cmp001 dnsmasq-dhcp[18523]: read /var/lib/neutron/dhcp/9c055dfb-1778-4a63-86ee-be6dbc7b8903/host
Apr 18 20:48:18 cmp001 dnsmasq-dhcp[18523]: read /var/lib/neutron/dhcp/9c055dfb-1778-4a63-86ee-be6dbc7b8903/opts
Apr 18 20:48:19 cmp001 kernel: [ 5715.589920] device tap8fc346e3-b5 left promiscuous mode
Apr 18 20:48:19 cmp001 dnsmasq[12284]: read /var/lib/neutron/dhcp/b6d554f9-247b-437c-81f3-9c65802f4109/addn_hosts - 4 addresses
Apr 18 20:48:19 cmp001 dnsmasq-dhcp[12284]: read /var/lib/neutron/dhcp/b6d554f9-247b-437c-81f3-9c65802f4109/host
Apr 18 20:48:19 cmp001 dnsmasq-dhcp[12284]: read /var/lib/neutron/dhcp/b6d554f9-247b-437c-81f3-9c65802f4109/opts
Apr 18 20:48:20 cmp001 dnsmasq[12284]: read /var/lib/neutron/dhcp/b6d554f9-247b-437c-81f3-9c65802f4109/addn_hosts - 4 addresses
Apr 18 20:48:20 cmp001 dnsmasq-dhcp[12284]: read /var/lib/neutron/dhcp/b6d554f9-247b-437c-81f3-9c65802f4109/host
Apr 18 20:48:20 cmp001 dnsmasq-dhcp[12284]: read /var/lib/neutron/dhcp/b6d554f9-247b-437c-81f3-9c65802f4109/opts
Apr 18 20:48:21 cmp001 dnsmasq[12284]: read /var/lib/neutron/dhcp/b6d554f9-247b-437c-81f3-9c65802f4109/addn_hosts - 4 addresses
Apr 18 20:48:21 cmp001 dnsmasq-dhcp[12284]: read /var/lib/neutron/dhcp/b6d554f9-247b-437c-81f3-9c65802f4109/host
Apr 18 20:48:21 cmp001 dnsmasq-dhcp[12284]: read /var/lib/neutron/dhcp/b6d554f9-247b-437c-81f3-9c65802f4109/opts
Apr 18 20:48:22 cmp001 dnsmasq-dhcp[18518]: DHCPRELEASE(tap2534bf2a-f7) 192.168.120.1 fa:16:3e:1a:49:be
Apr 18 20:48:23 cmp001 dnsmasq[18518]: read /var/lib/neutron/dhcp/7562b5c9-1da4-41d4-a83a-a1e63365c604/addn_hosts - 2 addresses
Apr 18 20:48:23 cmp001 dnsmasq-dhcp[18518]: read /var/lib/neutron/dhcp/7562b5c9-1da4-41d4-a83a-a1e63365c604/host
Apr 18 20:48:23 cmp001 dnsmasq-dhcp[18518]: read /var/lib/neutron/dhcp/7562b5c9-1da4-41d4-a83a-a1e63365c604/opts
Apr 18 20:48:24 cmp001 haproxy-metadata-proxy-7562b5c9-1da4-41d4-a83a-a1e63365c604[18608]: Proxy listener started.
Apr 18 20:48:26 cmp001 dnsmasq-dhcp[16264]: DHCPDISCOVER(tap1befd516-53) fa:16:3e:ee:05:47
Apr 18 20:48:26 cmp001 dnsmasq-dhcp[16264]: DHCPOFFER(tap1befd516-53) 192.168.120.5 fa:16:3e:ee:05:47
Apr 18 20:48:26 cmp001 dnsmasq-dhcp[18518]: DHCPRELEASE(tap2534bf2a-f7) 192.168.120.3 fa:16:3e:50:06:17
Apr 18 20:48:27 cmp001 dnsmasq[18518]: read /var/lib/neutron/dhcp/7562b5c9-1da4-41d4-a83a-a1e63365c604/addn_hosts - 1 addresses
Apr 18 20:48:27 cmp001 dnsmasq-dhcp[18518]: read /var/lib/neutron/dhcp/7562b5c9-1da4-41d4-a83a-a1e63365c604/host
Apr 18 20:48:27 cmp001 dnsmasq-dhcp[18518]: read /var/lib/neutron/dhcp/7562b5c9-1da4-41d4-a83a-a1e63365c604/opts
Apr 18 20:48:28 cmp001 kernel: [ 5724.690242] device tap2534bf2a-f7 left promiscuous mode
Apr 18 20:48:35 cmp001 dnsmasq-dhcp[12284]: DHCPDISCOVER(tapba8ff021-a2) fa:16:3e:e1:04:85
Apr 18 20:48:35 cmp001 dnsmasq-dhcp[12284]: DHCPOFFER(tapba8ff021-a2) 192.168.120.9 fa:16:3e:e1:04:85
Apr 18 20:48:36 cmp001 dnsmasq[16264]: read /var/lib/neutron/dhcp/5e56c27d-f87b-4ba2-9f7a-8f0b9631e324/addn_hosts - 3 addresses
Apr 18 20:48:36 cmp001 dnsmasq-dhcp[16264]: read /var/lib/neutron/dhcp/5e56c27d-f87b-4ba2-9f7a-8f0b9631e324/host
Apr 18 20:48:36 cmp001 dnsmasq-dhcp[16264]: read /var/lib/neutron/dhcp/5e56c27d-f87b-4ba2-9f7a-8f0b9631e324/opts
Apr 18 20:48:41 cmp001 dnsmasq-dhcp[16264]: DHCPRELEASE(tap1befd516-53) 192.168.120.1 fa:16:3e:d6:54:eb
Apr 18 20:48:42 cmp001 dnsmasq[16264]: read /var/lib/neutron/dhcp/5e56c27d-f87b-4ba2-9f7a-8f0b9631e324/addn_hosts - 2 addresses
Apr 18 20:48:42 cmp001 dnsmasq-dhcp[16264]: read /var/lib/neutron/dhcp/5e56c27d-f87b-4ba2-9f7a-8f0b9631e324/host
Apr 18 20:48:42 cmp001 dnsmasq-dhcp[16264]: read /var/lib/neutron/dhcp/5e56c27d-f87b-4ba2-9f7a-8f0b9631e324/opts
Apr 18 20:48:43 cmp001 haproxy-metadata-proxy-5e56c27d-f87b-4ba2-9f7a-8f0b9631e324[18689]: Proxy listener started.
Apr 18 20:48:47 cmp001 dnsmasq-dhcp[16264]: DHCPRELEASE(tap1befd516-53) 192.168.120.3 fa:16:3e:3d:99:c7
Apr 18 20:48:48 cmp001 dnsmasq[16264]: read /var/lib/neutron/dhcp/5e56c27d-f87b-4ba2-9f7a-8f0b9631e324/addn_hosts - 1 addresses
Apr 18 20:48:48 cmp001 dnsmasq-dhcp[16264]: read /var/lib/neutron/dhcp/5e56c27d-f87b-4ba2-9f7a-8f0b9631e324/host
Apr 18 20:48:48 cmp001 dnsmasq-dhcp[16264]: read /var/lib/neutron/dhcp/5e56c27d-f87b-4ba2-9f7a-8f0b9631e324/opts
Apr 18 20:48:49 cmp001 kernel: [ 5745.961412] device tap1befd516-53 left promiscuous mode
Apr 18 20:48:50 cmp001 dnsmasq[12284]: read /var/lib/neutron/dhcp/b6d554f9-247b-437c-81f3-9c65802f4109/addn_hosts - 3 addresses
Apr 18 20:48:50 cmp001 dnsmasq-dhcp[12284]: read /var/lib/neutron/dhcp/b6d554f9-247b-437c-81f3-9c65802f4109/host
Apr 18 20:48:50 cmp001 dnsmasq-dhcp[12284]: read /var/lib/neutron/dhcp/b6d554f9-247b-437c-81f3-9c65802f4109/opts
Apr 18 20:49:01 cmp001 dnsmasq[12284]: read /var/lib/neutron/dhcp/b6d554f9-247b-437c-81f3-9c65802f4109/addn_hosts - 4 addresses
Apr 18 20:49:01 cmp001 dnsmasq-dhcp[12284]: read /var/lib/neutron/dhcp/b6d554f9-247b-437c-81f3-9c65802f4109/host
Apr 18 20:49:01 cmp001 dnsmasq-dhcp[12284]: read /var/lib/neutron/dhcp/b6d554f9-247b-437c-81f3-9c65802f4109/opts
Apr 18 20:49:02 cmp001 kernel: [ 5758.699794] device tapacb281b3-37 entered promiscuous mode
Apr 18 20:49:02 cmp001 systemd-udevd[18783]: Could not generate persistent MAC address for tapacb281b3-37: No such file or directory
Apr 18 20:49:02 cmp001 systemd-udevd[18783]: Process '/sbin/ip link set tapacb281b3-37 txqueuelen 10000' failed with exit code 1.
Apr 18 20:49:02 cmp001 libvirtd[14511]: 2019-04-18 20:49:02.296+0000: 14548: error : virFileReadAll:1420 : Failed to open file '/sys/class/net/tapacb281b3-37/operstate': No such file or directory
Apr 18 20:49:02 cmp001 libvirtd[14511]: 2019-04-18 20:49:02.296+0000: 14548: error : virNetDevGetLinkInfo:2552 : unable to read: /sys/class/net/tapacb281b3-37/operstate: No such file or directory
Apr 18 20:49:02 cmp001 systemd-udevd[18856]: Process '/sbin/ip link set tapacb281b3-37 txqueuelen 10000' failed with exit code 1.
Apr 18 20:49:02 cmp001 dnsmasq[12284]: read /var/lib/neutron/dhcp/b6d554f9-247b-437c-81f3-9c65802f4109/addn_hosts - 4 addresses
Apr 18 20:49:02 cmp001 dnsmasq-dhcp[12284]: read /var/lib/neutron/dhcp/b6d554f9-247b-437c-81f3-9c65802f4109/host
Apr 18 20:49:02 cmp001 dnsmasq-dhcp[12284]: read /var/lib/neutron/dhcp/b6d554f9-247b-437c-81f3-9c65802f4109/opts
Apr 18 20:49:03 cmp001 dnsmasq[12284]: read /var/lib/neutron/dhcp/b6d554f9-247b-437c-81f3-9c65802f4109/addn_hosts - 4 addresses
Apr 18 20:49:03 cmp001 dnsmasq-dhcp[12284]: read /var/lib/neutron/dhcp/b6d554f9-247b-437c-81f3-9c65802f4109/host
Apr 18 20:49:03 cmp001 dnsmasq-dhcp[12284]: read /var/lib/neutron/dhcp/b6d554f9-247b-437c-81f3-9c65802f4109/opts
Apr 18 20:49:05 cmp001 dnsmasq[18956]: started, version 2.80 cachesize 150
Apr 18 20:49:05 cmp001 dnsmasq[18956]: DNS service limited to local subnets
Apr 18 20:49:05 cmp001 dnsmasq[18956]: compile time options: IPv6 GNU-getopt DBus i18n IDN DHCP DHCPv6 no-Lua TFTP conntrack ipset auth DNSSEC loop-detect inotify dumpfile
Apr 18 20:49:05 cmp001 dnsmasq[18956]: warning: no upstream servers configured
Apr 18 20:49:05 cmp001 dnsmasq-dhcp[18956]: DHCP, static leases only on 192.168.120.0, lease time 10m
Apr 18 20:49:05 cmp001 dnsmasq[18956]: read /var/lib/neutron/dhcp/7c1dac68-8777-4187-ba06-0ab8ed0e6ae3/addn_hosts - 1 addresses
Apr 18 20:49:05 cmp001 dnsmasq-dhcp[18956]: read /var/lib/neutron/dhcp/7c1dac68-8777-4187-ba06-0ab8ed0e6ae3/host
Apr 18 20:49:05 cmp001 dnsmasq-dhcp[18956]: read /var/lib/neutron/dhcp/7c1dac68-8777-4187-ba06-0ab8ed0e6ae3/opts
Apr 18 20:49:05 cmp001 haproxy-metadata-proxy-7c1dac68-8777-4187-ba06-0ab8ed0e6ae3[18965]: Proxy listener started.
Apr 18 20:49:06 cmp001 dnsmasq[18956]: read /var/lib/neutron/dhcp/7c1dac68-8777-4187-ba06-0ab8ed0e6ae3/addn_hosts - 3 addresses
Apr 18 20:49:06 cmp001 dnsmasq-dhcp[18956]: read /var/lib/neutron/dhcp/7c1dac68-8777-4187-ba06-0ab8ed0e6ae3/host
Apr 18 20:49:06 cmp001 dnsmasq-dhcp[18956]: read /var/lib/neutron/dhcp/7c1dac68-8777-4187-ba06-0ab8ed0e6ae3/opts
Apr 18 20:49:07 cmp001 dnsmasq[18956]: read /var/lib/neutron/dhcp/7c1dac68-8777-4187-ba06-0ab8ed0e6ae3/addn_hosts - 3 addresses
Apr 18 20:49:07 cmp001 dnsmasq-dhcp[18956]: read /var/lib/neutron/dhcp/7c1dac68-8777-4187-ba06-0ab8ed0e6ae3/host
Apr 18 20:49:07 cmp001 dnsmasq-dhcp[18956]: read /var/lib/neutron/dhcp/7c1dac68-8777-4187-ba06-0ab8ed0e6ae3/opts
Apr 18 20:49:10 cmp001 dnsmasq[12284]: read /var/lib/neutron/dhcp/b6d554f9-247b-437c-81f3-9c65802f4109/addn_hosts - 3 addresses
Apr 18 20:49:10 cmp001 dnsmasq-dhcp[12284]: read /var/lib/neutron/dhcp/b6d554f9-247b-437c-81f3-9c65802f4109/host
Apr 18 20:49:10 cmp001 dnsmasq-dhcp[12284]: read /var/lib/neutron/dhcp/b6d554f9-247b-437c-81f3-9c65802f4109/opts
Apr 18 20:49:13 cmp001 dnsmasq[18956]: read /var/lib/neutron/dhcp/7c1dac68-8777-4187-ba06-0ab8ed0e6ae3/addn_hosts - 3 addresses
Apr 18 20:49:13 cmp001 dnsmasq-dhcp[18956]: read /var/lib/neutron/dhcp/7c1dac68-8777-4187-ba06-0ab8ed0e6ae3/host
Apr 18 20:49:13 cmp001 dnsmasq-dhcp[18956]: read /var/lib/neutron/dhcp/7c1dac68-8777-4187-ba06-0ab8ed0e6ae3/opts
Apr 18 20:49:14 cmp001 dnsmasq[18956]: read /var/lib/neutron/dhcp/7c1dac68-8777-4187-ba06-0ab8ed0e6ae3/addn_hosts - 4 addresses
Apr 18 20:49:14 cmp001 dnsmasq-dhcp[18956]: read /var/lib/neutron/dhcp/7c1dac68-8777-4187-ba06-0ab8ed0e6ae3/host
Apr 18 20:49:14 cmp001 dnsmasq-dhcp[18956]: read /var/lib/neutron/dhcp/7c1dac68-8777-4187-ba06-0ab8ed0e6ae3/opts
Apr 18 20:49:15 cmp001 dnsmasq[12284]: read /var/lib/neutron/dhcp/b6d554f9-247b-437c-81f3-9c65802f4109/addn_hosts - 4 addresses
Apr 18 20:49:15 cmp001 dnsmasq-dhcp[12284]: read /var/lib/neutron/dhcp/b6d554f9-247b-437c-81f3-9c65802f4109/host
Apr 18 20:49:15 cmp001 dnsmasq-dhcp[12284]: read /var/lib/neutron/dhcp/b6d554f9-247b-437c-81f3-9c65802f4109/opts
Apr 18 20:49:15 cmp001 dnsmasq[18956]: read /var/lib/neutron/dhcp/7c1dac68-8777-4187-ba06-0ab8ed0e6ae3/addn_hosts - 4 addresses
Apr 18 20:49:15 cmp001 dnsmasq-dhcp[18956]: read /var/lib/neutron/dhcp/7c1dac68-8777-4187-ba06-0ab8ed0e6ae3/host
Apr 18 20:49:15 cmp001 dnsmasq-dhcp[18956]: read /var/lib/neutron/dhcp/7c1dac68-8777-4187-ba06-0ab8ed0e6ae3/opts
Apr 18 20:49:16 cmp001 ovs-vsctl: ovs|00001|vsctl|INFO|Called as ovs-vsctl -- --may-exist add-br br-int -- set Bridge br-int datapath_type=system
Apr 18 20:49:16 cmp001 dnsmasq[12284]: read /var/lib/neutron/dhcp/b6d554f9-247b-437c-81f3-9c65802f4109/addn_hosts - 4 addresses
Apr 18 20:49:16 cmp001 dnsmasq-dhcp[12284]: read /var/lib/neutron/dhcp/b6d554f9-247b-437c-81f3-9c65802f4109/host
Apr 18 20:49:16 cmp001 dnsmasq-dhcp[12284]: read /var/lib/neutron/dhcp/b6d554f9-247b-437c-81f3-9c65802f4109/opts
Apr 18 20:49:17 cmp001 ovs-vsctl: ovs|00001|vsctl|INFO|Called as ovs-vsctl --timeout=5 -- --if-exists del-port tap88df107e-50 -- add-port br-int tap88df107e-50 -- set Interface tap88df107e-50 "external-ids:attached-mac=\"fa:16:3e:ec:48:f9\"" -- set Interface tap88df107e-50 "external-ids:iface-id=\"88df107e-50f3-49bd-bfb3-ca269db7d8b2\"" -- set Interface tap88df107e-50 "external-ids:vm-id=\"8a6d3f3a-7891-4e72-bad3-184c36dc92ad\"" -- set Interface tap88df107e-50 external-ids:iface-status=active
Apr 18 20:49:17 cmp001 kernel: [ 5773.507027] device tap88df107e-50 entered promiscuous mode
Apr 18 20:49:17 cmp001 libvirtd[14511]: 2019-04-18 20:49:17.021+0000: 14521: warning : qemuDomainObjTaint:5532 : Domain id=23 name='instance-0000002a' uuid=8a6d3f3a-7891-4e72-bad3-184c36dc92ad is tainted: host-cpu
Apr 18 20:49:17 cmp001 dnsmasq[18956]: read /var/lib/neutron/dhcp/7c1dac68-8777-4187-ba06-0ab8ed0e6ae3/addn_hosts - 4 addresses
Apr 18 20:49:17 cmp001 dnsmasq-dhcp[18956]: read /var/lib/neutron/dhcp/7c1dac68-8777-4187-ba06-0ab8ed0e6ae3/host
Apr 18 20:49:17 cmp001 dnsmasq-dhcp[18956]: read /var/lib/neutron/dhcp/7c1dac68-8777-4187-ba06-0ab8ed0e6ae3/opts
Apr 18 20:49:17 cmp001 ovs-vsctl: ovs|00001|vsctl|INFO|Called as ovs-vsctl -- --may-exist add-br br-int -- set Bridge br-int datapath_type=system
Apr 18 20:49:17 cmp001 dnsmasq[12284]: read /var/lib/neutron/dhcp/b6d554f9-247b-437c-81f3-9c65802f4109/addn_hosts - 4 addresses
Apr 18 20:49:17 cmp001 dnsmasq-dhcp[12284]: read /var/lib/neutron/dhcp/b6d554f9-247b-437c-81f3-9c65802f4109/host
Apr 18 20:49:17 cmp001 dnsmasq-dhcp[12284]: read /var/lib/neutron/dhcp/b6d554f9-247b-437c-81f3-9c65802f4109/opts
Apr 18 20:49:17 cmp001 dnsmasq[18956]: read /var/lib/neutron/dhcp/7c1dac68-8777-4187-ba06-0ab8ed0e6ae3/addn_hosts - 4 addresses
Apr 18 20:49:17 cmp001 dnsmasq-dhcp[18956]: read /var/lib/neutron/dhcp/7c1dac68-8777-4187-ba06-0ab8ed0e6ae3/host
Apr 18 20:49:17 cmp001 dnsmasq-dhcp[18956]: read /var/lib/neutron/dhcp/7c1dac68-8777-4187-ba06-0ab8ed0e6ae3/opts
Apr 18 20:49:18 cmp001 ovs-vsctl: ovs|00001|vsctl|INFO|Called as ovs-vsctl --timeout=5 -- --if-exists del-port tapb218838f-b9 -- add-port br-int tapb218838f-b9 -- set Interface tapb218838f-b9 "external-ids:attached-mac=\"fa:16:3e:8e:38:ff\"" -- set Interface tapb218838f-b9 "external-ids:iface-id=\"b218838f-b9a3-4625-8035-de9804d81db5\"" -- set Interface tapb218838f-b9 "external-ids:vm-id=\"5e810adc-5321-4b16-8413-2dd17599041f\"" -- set Interface tapb218838f-b9 external-ids:iface-status=active
Apr 18 20:49:18 cmp001 kernel: [ 5774.848120] device tapb218838f-b9 entered promiscuous mode
Apr 18 20:49:18 cmp001 libvirtd[14511]: 2019-04-18 20:49:18.359+0000: 14518: warning : qemuDomainObjTaint:5532 : Domain id=24 name='instance-0000002b' uuid=5e810adc-5321-4b16-8413-2dd17599041f is tainted: host-cpu
Apr 18 20:49:22 cmp001 dnsmasq[19620]: started, version 2.80 cachesize 150
Apr 18 20:49:22 cmp001 dnsmasq[19620]: DNS service limited to local subnets
Apr 18 20:49:22 cmp001 dnsmasq[19620]: compile time options: IPv6 GNU-getopt DBus i18n IDN DHCP DHCPv6 no-Lua TFTP conntrack ipset auth DNSSEC loop-detect inotify dumpfile
Apr 18 20:49:22 cmp001 dnsmasq[19620]: warning: no upstream servers configured
Apr 18 20:49:22 cmp001 dnsmasq-dhcp[19620]: DHCP, static leases only on 192.168.120.0, lease time 10m
Apr 18 20:49:22 cmp001 dnsmasq[19620]: read /var/lib/neutron/dhcp/7c1dac68-8777-4187-ba06-0ab8ed0e6ae3/addn_hosts - 4 addresses
Apr 18 20:49:22 cmp001 dnsmasq-dhcp[19620]: read /var/lib/neutron/dhcp/7c1dac68-8777-4187-ba06-0ab8ed0e6ae3/host
Apr 18 20:49:22 cmp001 dnsmasq-dhcp[19620]: read /var/lib/neutron/dhcp/7c1dac68-8777-4187-ba06-0ab8ed0e6ae3/opts
Apr 18 20:49:26 cmp001 dnsmasq[12284]: read /var/lib/neutron/dhcp/b6d554f9-247b-437c-81f3-9c65802f4109/addn_hosts - 5 addresses
Apr 18 20:49:26 cmp001 dnsmasq-dhcp[12284]: read /var/lib/neutron/dhcp/b6d554f9-247b-437c-81f3-9c65802f4109/host
Apr 18 20:49:26 cmp001 dnsmasq-dhcp[12284]: read /var/lib/neutron/dhcp/b6d554f9-247b-437c-81f3-9c65802f4109/opts
Apr 18 20:49:27 cmp001 dnsmasq[12284]: read /var/lib/neutron/dhcp/b6d554f9-247b-437c-81f3-9c65802f4109/addn_hosts - 5 addresses
Apr 18 20:49:27 cmp001 dnsmasq-dhcp[12284]: read /var/lib/neutron/dhcp/b6d554f9-247b-437c-81f3-9c65802f4109/host
Apr 18 20:49:27 cmp001 dnsmasq-dhcp[12284]: read /var/lib/neutron/dhcp/b6d554f9-247b-437c-81f3-9c65802f4109/opts
Apr 18 20:49:28 cmp001 ovs-vsctl: ovs|00001|vsctl|INFO|Called as ovs-vsctl -- --may-exist add-br br-int -- set Bridge br-int datapath_type=system
Apr 18 20:49:28 cmp001 dnsmasq[12284]: read /var/lib/neutron/dhcp/b6d554f9-247b-437c-81f3-9c65802f4109/addn_hosts - 5 addresses
Apr 18 20:49:28 cmp001 dnsmasq-dhcp[12284]: read /var/lib/neutron/dhcp/b6d554f9-247b-437c-81f3-9c65802f4109/host
Apr 18 20:49:28 cmp001 dnsmasq-dhcp[12284]: read /var/lib/neutron/dhcp/b6d554f9-247b-437c-81f3-9c65802f4109/opts
Apr 18 20:49:28 cmp001 ovs-vsctl: ovs|00001|vsctl|INFO|Called as ovs-vsctl --timeout=5 -- --if-exists del-port tap07f4e513-c2 -- add-port br-int tap07f4e513-c2 -- set Interface tap07f4e513-c2 "external-ids:attached-mac=\"fa:16:3e:05:a9:db\"" -- set Interface tap07f4e513-c2 "external-ids:iface-id=\"07f4e513-c2dc-42f9-8816-7f90a3185e32\"" -- set Interface tap07f4e513-c2 "external-ids:vm-id=\"1096a4f4-7b77-4c56-9b36-2dcfee434df6\"" -- set Interface tap07f4e513-c2 external-ids:iface-status=active
Apr 18 20:49:28 cmp001 libvirtd[14511]: 2019-04-18 20:49:28.860+0000: 14523: warning : qemuDomainObjTaint:5532 : Domain id=25 name='instance-0000002c' uuid=1096a4f4-7b77-4c56-9b36-2dcfee434df6 is tainted: host-cpu
Apr 18 20:49:28 cmp001 kernel: [ 5785.349064] device tap07f4e513-c2 entered promiscuous mode
Apr 18 20:49:29 cmp001 dnsmasq-dhcp[19620]: DHCPDISCOVER(tapacb281b3-37) fa:16:3e:ec:48:f9
Apr 18 20:49:29 cmp001 dnsmasq-dhcp[19620]: DHCPOFFER(tapacb281b3-37) 192.168.120.8 fa:16:3e:ec:48:f9
Apr 18 20:49:29 cmp001 dnsmasq-dhcp[19620]: DHCPREQUEST(tapacb281b3-37) 192.168.120.8 fa:16:3e:ec:48:f9
Apr 18 20:49:29 cmp001 dnsmasq-dhcp[19620]: DHCPACK(tapacb281b3-37) 192.168.120.8 fa:16:3e:ec:48:f9 host-192-168-120-8
Apr 18 20:49:32 cmp001 kernel: [ 5788.846769] device tap07f4e513-c2 left promiscuous mode
Apr 18 20:49:32 cmp001 systemd-udevd[19990]: Process '/sbin/ip link set tap07f4e513-c2 txqueuelen 10000' failed with exit code 1.
Apr 18 20:49:32 cmp001 dnsmasq-dhcp[12284]: DHCPDISCOVER(tapba8ff021-a2) fa:16:3e:8e:38:ff
Apr 18 20:49:32 cmp001 dnsmasq-dhcp[12284]: DHCPOFFER(tapba8ff021-a2) 192.168.120.4 fa:16:3e:8e:38:ff
Apr 18 20:49:32 cmp001 dnsmasq-dhcp[12284]: DHCPREQUEST(tapba8ff021-a2) 192.168.120.4 fa:16:3e:8e:38:ff
Apr 18 20:49:32 cmp001 dnsmasq-dhcp[12284]: DHCPACK(tapba8ff021-a2) 192.168.120.4 fa:16:3e:8e:38:ff host-192-168-120-4
Apr 18 20:49:32 cmp001 ovs-vsctl: ovs|00001|vsctl|INFO|Called as ovs-vsctl --timeout=5 -- --if-exists del-port tap07f4e513-c2
Apr 18 20:49:34 cmp001 dnsmasq[12284]: read /var/lib/neutron/dhcp/b6d554f9-247b-437c-81f3-9c65802f4109/addn_hosts - 4 addresses
Apr 18 20:49:34 cmp001 dnsmasq-dhcp[12284]: read /var/lib/neutron/dhcp/b6d554f9-247b-437c-81f3-9c65802f4109/host
Apr 18 20:49:34 cmp001 dnsmasq-dhcp[12284]: read /var/lib/neutron/dhcp/b6d554f9-247b-437c-81f3-9c65802f4109/opts
Apr 18 20:49:35 cmp001 kernel: [ 5791.790635] device tapb218838f-b9 left promiscuous mode
Apr 18 20:49:35 cmp001 systemd-udevd[20045]: Process '/sbin/ip link set tapb218838f-b9 txqueuelen 10000' failed with exit code 1.
Apr 18 20:49:35 cmp001 ovs-vsctl: ovs|00001|vsctl|INFO|Called as ovs-vsctl --timeout=5 -- --if-exists del-port tapb218838f-b9
Apr 18 20:49:36 cmp001 dnsmasq-dhcp[12284]: DHCPRELEASE(tapba8ff021-a2) 192.168.120.4 fa:16:3e:8e:38:ff
Apr 18 20:49:36 cmp001 dnsmasq-dhcp[12284]: DHCPRELEASE(tapba8ff021-a2) 192.168.120.4 fa:16:3e:8e:38:ff unknown lease
Apr 18 20:49:37 cmp001 dnsmasq[12284]: read /var/lib/neutron/dhcp/b6d554f9-247b-437c-81f3-9c65802f4109/addn_hosts - 3 addresses
Apr 18 20:49:37 cmp001 dnsmasq-dhcp[12284]: read /var/lib/neutron/dhcp/b6d554f9-247b-437c-81f3-9c65802f4109/host
Apr 18 20:49:37 cmp001 dnsmasq-dhcp[12284]: read /var/lib/neutron/dhcp/b6d554f9-247b-437c-81f3-9c65802f4109/opts
Apr 18 20:49:41 cmp001 dnsmasq[12284]: read /var/lib/neutron/dhcp/b6d554f9-247b-437c-81f3-9c65802f4109/addn_hosts - 4 addresses
Apr 18 20:49:41 cmp001 dnsmasq-dhcp[12284]: read /var/lib/neutron/dhcp/b6d554f9-247b-437c-81f3-9c65802f4109/host
Apr 18 20:49:41 cmp001 dnsmasq-dhcp[12284]: read /var/lib/neutron/dhcp/b6d554f9-247b-437c-81f3-9c65802f4109/opts
Apr 18 20:49:42 cmp001 dnsmasq[12284]: read /var/lib/neutron/dhcp/b6d554f9-247b-437c-81f3-9c65802f4109/addn_hosts - 4 addresses
Apr 18 20:49:42 cmp001 dnsmasq-dhcp[12284]: read /var/lib/neutron/dhcp/b6d554f9-247b-437c-81f3-9c65802f4109/host
Apr 18 20:49:42 cmp001 dnsmasq-dhcp[12284]: read /var/lib/neutron/dhcp/b6d554f9-247b-437c-81f3-9c65802f4109/opts
Apr 18 20:49:43 cmp001 ovs-vsctl: ovs|00001|vsctl|INFO|Called as ovs-vsctl -- --may-exist add-br br-int -- set Bridge br-int datapath_type=system
Apr 18 20:49:43 cmp001 kernel: [ 5799.982219] scsi host2: iSCSI Initiator over TCP/IP
Apr 18 20:49:43 cmp001 ovs-vsctl: ovs|00001|vsctl|INFO|Called as ovs-vsctl --timeout=5 -- --if-exists del-port tapdebdb53d-32 -- add-port br-int tapdebdb53d-32 -- set Interface tapdebdb53d-32 "external-ids:attached-mac=\"fa:16:3e:44:ca:12\"" -- set Interface tapdebdb53d-32 "external-ids:iface-id=\"debdb53d-3253-4428-a398-9d154be2cb1d\"" -- set Interface tapdebdb53d-32 "external-ids:vm-id=\"28018641-85c3-45ec-a258-801baea6890e\"" -- set Interface tapdebdb53d-32 external-ids:iface-status=active
Apr 18 20:49:43 cmp001 kernel: [ 5800.261288] device tapdebdb53d-32 entered promiscuous mode
Apr 18 20:49:43 cmp001 libvirtd[14511]: 2019-04-18 20:49:43.774+0000: 14520: warning : qemuDomainObjTaint:5532 : Domain id=26 name='instance-0000002d' uuid=28018641-85c3-45ec-a258-801baea6890e is tainted: host-cpu
Apr 18 20:49:43 cmp001 dnsmasq[12284]: read /var/lib/neutron/dhcp/b6d554f9-247b-437c-81f3-9c65802f4109/addn_hosts - 4 addresses
Apr 18 20:49:43 cmp001 dnsmasq-dhcp[12284]: read /var/lib/neutron/dhcp/b6d554f9-247b-437c-81f3-9c65802f4109/host
Apr 18 20:49:43 cmp001 dnsmasq-dhcp[12284]: read /var/lib/neutron/dhcp/b6d554f9-247b-437c-81f3-9c65802f4109/opts
Apr 18 20:49:44 cmp001 kernel: [ 5800.995621] scsi 2:0:0:0: RAID              IET      Controller       0001 PQ: 0 ANSI: 5
Apr 18 20:49:44 cmp001 kernel: [ 5800.998344] scsi 2:0:0:0: Attached scsi generic sg1 type 12
Apr 18 20:49:44 cmp001 kernel: [ 5801.000791] scsi 2:0:0:1: Direct-Access     IET      VIRTUAL-DISK     0001 PQ: 0 ANSI: 5
Apr 18 20:49:44 cmp001 kernel: [ 5801.003493] sd 2:0:0:1: Attached scsi generic sg2 type 0
Apr 18 20:49:44 cmp001 kernel: [ 5801.003794] sd 2:0:0:1: Power-on or device reset occurred
Apr 18 20:49:44 cmp001 kernel: [ 5801.006079] sd 2:0:0:1: [sda] 2097152 512-byte logical blocks: (1.07 GB/1.00 GiB)
Apr 18 20:49:44 cmp001 kernel: [ 5801.006626] sd 2:0:0:1: [sda] Write Protect is off
Apr 18 20:49:44 cmp001 kernel: [ 5801.006630] sd 2:0:0:1: [sda] Mode Sense: 69 00 10 08
Apr 18 20:49:44 cmp001 kernel: [ 5801.007671] sd 2:0:0:1: [sda] Write cache: enabled, read cache: enabled, supports DPO and FUA
Apr 18 20:49:44 cmp001 kernel: [ 5801.014031] sd 2:0:0:1: [sda] Attached SCSI disk
Apr 18 20:49:44 cmp001 iscsid: Connection5:0 to [target: iqn.2010-10.org.openstack:volume-0ad34a76-2f12-4ed5-9b63-2500a0c5bfeb, portal: 172.16.10.56,3260] through [iface: default] is operational now
Apr 18 20:49:46 cmp001 dnsmasq-dhcp[19620]: DHCPRELEASE(tapacb281b3-37) 192.168.120.8 fa:16:3e:ec:48:f9
Apr 18 20:49:48 cmp001 kernel: [ 5804.506515] device tapdebdb53d-32 left promiscuous mode
Apr 18 20:49:48 cmp001 systemd-udevd[20405]: Process '/sbin/ip link set tapdebdb53d-32 txqueuelen 10000' failed with exit code 1.
Apr 18 20:49:48 cmp001 ovs-vsctl: ovs|00001|vsctl|INFO|Called as ovs-vsctl --timeout=5 -- --if-exists del-port tapdebdb53d-32
Apr 18 20:49:48 cmp001 kernel: [ 5805.103338] device tap88df107e-50 left promiscuous mode
Apr 18 20:49:48 cmp001 systemd-udevd[20436]: Process '/sbin/ip link set tap88df107e-50 txqueuelen 10000' failed with exit code 1.
Apr 18 20:49:48 cmp001 libvirtd[14511]: 2019-04-18 20:49:48.635+0000: 14511: error : qemuMonitorIO:719 : internal error: End of file from qemu monitor
Apr 18 20:49:48 cmp001 ovs-vsctl: ovs|00001|vsctl|INFO|Called as ovs-vsctl --timeout=5 -- --if-exists del-port tap88df107e-50
Apr 18 20:49:49 cmp001 dnsmasq[12284]: read /var/lib/neutron/dhcp/b6d554f9-247b-437c-81f3-9c65802f4109/addn_hosts - 3 addresses
Apr 18 20:49:49 cmp001 dnsmasq-dhcp[12284]: read /var/lib/neutron/dhcp/b6d554f9-247b-437c-81f3-9c65802f4109/host
Apr 18 20:49:49 cmp001 dnsmasq-dhcp[12284]: read /var/lib/neutron/dhcp/b6d554f9-247b-437c-81f3-9c65802f4109/opts
Apr 18 20:49:52 cmp001 kernel: [ 5808.503290] sd 2:0:0:1: [sda] Synchronizing SCSI cache
Apr 18 20:49:52 cmp001 iscsid: Connection5:0 to [target: iqn.2010-10.org.openstack:volume-0ad34a76-2f12-4ed5-9b63-2500a0c5bfeb, portal: 172.16.10.56,3260] through [iface: default] is shutdown.
Apr 18 20:49:53 cmp001 kernel: [ 5809.984098] scsi host2: iSCSI Initiator over TCP/IP
Apr 18 20:49:54 cmp001 dnsmasq[12284]: read /var/lib/neutron/dhcp/b6d554f9-247b-437c-81f3-9c65802f4109/addn_hosts - 4 addresses
Apr 18 20:49:54 cmp001 dnsmasq-dhcp[12284]: read /var/lib/neutron/dhcp/b6d554f9-247b-437c-81f3-9c65802f4109/host
Apr 18 20:49:54 cmp001 dnsmasq-dhcp[12284]: read /var/lib/neutron/dhcp/b6d554f9-247b-437c-81f3-9c65802f4109/opts
Apr 18 20:49:54 cmp001 kernel: [ 5810.997724] scsi 2:0:0:0: RAID              IET      Controller       0001 PQ: 0 ANSI: 5
Apr 18 20:49:54 cmp001 kernel: [ 5810.999212] scsi 2:0:0:0: Attached scsi generic sg1 type 12
Apr 18 20:49:54 cmp001 kernel: [ 5811.000622] scsi 2:0:0:1: Direct-Access     IET      VIRTUAL-DISK     0001 PQ: 0 ANSI: 5
Apr 18 20:49:54 cmp001 kernel: [ 5811.002198] sd 2:0:0:1: Attached scsi generic sg2 type 0
Apr 18 20:49:54 cmp001 kernel: [ 5811.002286] sd 2:0:0:1: Power-on or device reset occurred
Apr 18 20:49:54 cmp001 kernel: [ 5811.003194] sd 2:0:0:1: [sda] 2097152 512-byte logical blocks: (1.07 GB/1.00 GiB)
Apr 18 20:49:54 cmp001 kernel: [ 5811.003387] sd 2:0:0:1: [sda] Write Protect is off
Apr 18 20:49:54 cmp001 kernel: [ 5811.003390] sd 2:0:0:1: [sda] Mode Sense: 69 00 10 08
Apr 18 20:49:54 cmp001 kernel: [ 5811.003760] sd 2:0:0:1: [sda] Write cache: enabled, read cache: enabled, supports DPO and FUA
Apr 18 20:49:54 cmp001 kernel: [ 5811.008889] sd 2:0:0:1: [sda] Attached SCSI disk
Apr 18 20:49:54 cmp001 ovs-vsctl: ovs|00001|vsctl|INFO|Called as ovs-vsctl -- --may-exist add-br br-int -- set Bridge br-int datapath_type=system
Apr 18 20:49:54 cmp001 iscsid: Connection6:0 to [target: iqn.2010-10.org.openstack:volume-0ad34a76-2f12-4ed5-9b63-2500a0c5bfeb, portal: 172.16.10.56,3260] through [iface: default] is operational now
Apr 18 20:49:55 cmp001 ovs-vsctl: ovs|00001|vsctl|INFO|Called as ovs-vsctl --timeout=5 -- --if-exists del-port tap88df107e-50 -- add-port br-int tap88df107e-50 -- set Interface tap88df107e-50 "external-ids:attached-mac=\"fa:16:3e:ec:48:f9\"" -- set Interface tap88df107e-50 "external-ids:iface-id=\"88df107e-50f3-49bd-bfb3-ca269db7d8b2\"" -- set Interface tap88df107e-50 "external-ids:vm-id=\"8a6d3f3a-7891-4e72-bad3-184c36dc92ad\"" -- set Interface tap88df107e-50 external-ids:iface-status=active
Apr 18 20:49:55 cmp001 kernel: [ 5811.569877] device tap88df107e-50 entered promiscuous mode
Apr 18 20:49:55 cmp001 libvirtd[14511]: 2019-04-18 20:49:55.085+0000: 14519: warning : qemuDomainObjTaint:5532 : Domain id=27 name='instance-0000002a' uuid=8a6d3f3a-7891-4e72-bad3-184c36dc92ad is tainted: host-cpu
Apr 18 20:49:55 cmp001 dnsmasq[12284]: read /var/lib/neutron/dhcp/b6d554f9-247b-437c-81f3-9c65802f4109/addn_hosts - 4 addresses
Apr 18 20:49:55 cmp001 dnsmasq-dhcp[12284]: read /var/lib/neutron/dhcp/b6d554f9-247b-437c-81f3-9c65802f4109/host
Apr 18 20:49:55 cmp001 dnsmasq-dhcp[12284]: read /var/lib/neutron/dhcp/b6d554f9-247b-437c-81f3-9c65802f4109/opts
Apr 18 20:49:55 cmp001 ovs-vsctl: ovs|00001|vsctl|INFO|Called as ovs-vsctl -- --may-exist add-br br-int -- set Bridge br-int datapath_type=system
Apr 18 20:49:56 cmp001 dnsmasq[12284]: read /var/lib/neutron/dhcp/b6d554f9-247b-437c-81f3-9c65802f4109/addn_hosts - 4 addresses
Apr 18 20:49:56 cmp001 dnsmasq-dhcp[12284]: read /var/lib/neutron/dhcp/b6d554f9-247b-437c-81f3-9c65802f4109/host
Apr 18 20:49:56 cmp001 dnsmasq-dhcp[12284]: read /var/lib/neutron/dhcp/b6d554f9-247b-437c-81f3-9c65802f4109/opts
Apr 18 20:49:56 cmp001 ovs-vsctl: ovs|00001|vsctl|INFO|Called as ovs-vsctl --timeout=5 -- --if-exists del-port tapb828aeed-78 -- add-port br-int tapb828aeed-78 -- set Interface tapb828aeed-78 "external-ids:attached-mac=\"fa:16:3e:ea:80:62\"" -- set Interface tapb828aeed-78 "external-ids:iface-id=\"b828aeed-7887-413c-a4d6-f7bda6d46697\"" -- set Interface tapb828aeed-78 "external-ids:vm-id=\"e57009c6-2ef9-4b9b-b953-4576bbc07ce2\"" -- set Interface tapb828aeed-78 external-ids:iface-status=active
Apr 18 20:49:56 cmp001 kernel: [ 5813.357991] device tapb828aeed-78 entered promiscuous mode
Apr 18 20:49:56 cmp001 libvirtd[14511]: 2019-04-18 20:49:56.868+0000: 14519: warning : qemuDomainObjTaint:5532 : Domain id=28 name='instance-0000002e' uuid=e57009c6-2ef9-4b9b-b953-4576bbc07ce2 is tainted: host-cpu
Apr 18 20:50:05 cmp001 dnsmasq-dhcp[19620]: DHCPDISCOVER(tapacb281b3-37) fa:16:3e:ec:48:f9
Apr 18 20:50:05 cmp001 dnsmasq-dhcp[19620]: DHCPOFFER(tapacb281b3-37) 192.168.120.8 fa:16:3e:ec:48:f9
Apr 18 20:50:05 cmp001 dnsmasq-dhcp[19620]: DHCPREQUEST(tapacb281b3-37) 192.168.120.8 fa:16:3e:ec:48:f9
Apr 18 20:50:05 cmp001 dnsmasq-dhcp[19620]: DHCPACK(tapacb281b3-37) 192.168.120.8 fa:16:3e:ec:48:f9 host-192-168-120-8
Apr 18 20:50:09 cmp001 dnsmasq-dhcp[12284]: DHCPDISCOVER(tapba8ff021-a2) fa:16:3e:ea:80:62
Apr 18 20:50:09 cmp001 dnsmasq-dhcp[12284]: DHCPOFFER(tapba8ff021-a2) 192.168.120.14 fa:16:3e:ea:80:62
Apr 18 20:50:09 cmp001 dnsmasq-dhcp[12284]: DHCPREQUEST(tapba8ff021-a2) 192.168.120.14 fa:16:3e:ea:80:62
Apr 18 20:50:09 cmp001 dnsmasq-dhcp[12284]: DHCPACK(tapba8ff021-a2) 192.168.120.14 fa:16:3e:ea:80:62 host-192-168-120-14
Apr 18 20:50:13 cmp001 kernel: [ 5829.641315] sd 2:0:0:1: [sda] Synchronizing SCSI cache
Apr 18 20:50:13 cmp001 iscsid: Connection6:0 to [target: iqn.2010-10.org.openstack:volume-0ad34a76-2f12-4ed5-9b63-2500a0c5bfeb, portal: 172.16.10.56,3260] through [iface: default] is shutdown.
Apr 18 20:50:16 cmp001 dnsmasq-dhcp[19620]: DHCPRELEASE(tapacb281b3-37) 192.168.120.8 fa:16:3e:ec:48:f9
Apr 18 20:50:18 cmp001 kernel: [ 5835.121359] device tap88df107e-50 left promiscuous mode
Apr 18 20:50:18 cmp001 systemd-udevd[21103]: Process '/sbin/ip link set tap88df107e-50 txqueuelen 10000' failed with exit code 1.
Apr 18 20:50:18 cmp001 libvirtd[14511]: 2019-04-18 20:50:18.663+0000: 14511: error : qemuMonitorIO:719 : internal error: End of file from qemu monitor
Apr 18 20:50:18 cmp001 ovs-vsctl: ovs|00001|vsctl|INFO|Called as ovs-vsctl --timeout=5 -- --if-exists del-port tap88df107e-50
Apr 18 20:50:22 cmp001 ovs-vsctl: ovs|00001|vsctl|INFO|Called as ovs-vsctl -- --may-exist add-br br-int -- set Bridge br-int datapath_type=system
Apr 18 20:50:22 cmp001 ovs-vsctl: ovs|00001|vsctl|INFO|Called as ovs-vsctl --timeout=5 -- --if-exists del-port tap88df107e-50 -- add-port br-int tap88df107e-50 -- set Interface tap88df107e-50 "external-ids:attached-mac=\"fa:16:3e:ec:48:f9\"" -- set Interface tap88df107e-50 "external-ids:iface-id=\"88df107e-50f3-49bd-bfb3-ca269db7d8b2\"" -- set Interface tap88df107e-50 "external-ids:vm-id=\"8a6d3f3a-7891-4e72-bad3-184c36dc92ad\"" -- set Interface tap88df107e-50 external-ids:iface-status=active
Apr 18 20:50:22 cmp001 kernel: [ 5838.806585] device tap88df107e-50 entered promiscuous mode
Apr 18 20:50:22 cmp001 libvirtd[14511]: 2019-04-18 20:50:22.317+0000: 14519: warning : qemuDomainObjTaint:5532 : Domain id=29 name='instance-0000002a' uuid=8a6d3f3a-7891-4e72-bad3-184c36dc92ad is tainted: host-cpu
Apr 18 20:50:22 cmp001 dnsmasq-dhcp[12284]: DHCPRELEASE(tapba8ff021-a2) 192.168.120.14 fa:16:3e:ea:80:62
Apr 18 20:50:24 cmp001 kernel: [ 5840.959052] device tapb828aeed-78 left promiscuous mode
Apr 18 20:50:24 cmp001 systemd-udevd[21293]: Process '/sbin/ip link set tapb828aeed-78 txqueuelen 10000' failed with exit code 1.
Apr 18 20:50:24 cmp001 libvirtd[14511]: 2019-04-18 20:50:24.775+0000: 14511: error : qemuMonitorIO:719 : internal error: End of file from qemu monitor
Apr 18 20:50:24 cmp001 ovs-vsctl: ovs|00001|vsctl|INFO|Called as ovs-vsctl --timeout=5 -- --if-exists del-port tapb828aeed-78
Apr 18 20:50:28 cmp001 dnsmasq[12284]: read /var/lib/neutron/dhcp/b6d554f9-247b-437c-81f3-9c65802f4109/addn_hosts - 3 addresses
Apr 18 20:50:28 cmp001 dnsmasq-dhcp[12284]: read /var/lib/neutron/dhcp/b6d554f9-247b-437c-81f3-9c65802f4109/host
Apr 18 20:50:28 cmp001 dnsmasq-dhcp[12284]: read /var/lib/neutron/dhcp/b6d554f9-247b-437c-81f3-9c65802f4109/opts
Apr 18 20:50:33 cmp001 dnsmasq-dhcp[19620]: DHCPDISCOVER(tapacb281b3-37) fa:16:3e:ec:48:f9
Apr 18 20:50:33 cmp001 dnsmasq-dhcp[19620]: DHCPOFFER(tapacb281b3-37) 192.168.120.8 fa:16:3e:ec:48:f9
Apr 18 20:50:33 cmp001 dnsmasq-dhcp[19620]: DHCPREQUEST(tapacb281b3-37) 192.168.120.8 fa:16:3e:ec:48:f9
Apr 18 20:50:33 cmp001 dnsmasq-dhcp[19620]: DHCPACK(tapacb281b3-37) 192.168.120.8 fa:16:3e:ec:48:f9 host-192-168-120-8
Apr 18 20:50:39 cmp001 kernel: [ 5856.198448] device tap88df107e-50 left promiscuous mode
Apr 18 20:50:39 cmp001 systemd-udevd[21412]: Process '/sbin/ip link set tap88df107e-50 txqueuelen 10000' failed with exit code 1.
Apr 18 20:50:39 cmp001 ovs-vsctl: ovs|00001|vsctl|INFO|Called as ovs-vsctl --timeout=5 -- --if-exists del-port tap88df107e-50
Apr 18 20:50:41 cmp001 dnsmasq-dhcp[19620]: DHCPRELEASE(tapacb281b3-37) 192.168.120.8 fa:16:3e:ec:48:f9
Apr 18 20:50:41 cmp001 dnsmasq-dhcp[19620]: DHCPRELEASE(tapacb281b3-37) 192.168.120.8 fa:16:3e:ec:48:f9 unknown lease
Apr 18 20:50:42 cmp001 dnsmasq[19620]: read /var/lib/neutron/dhcp/7c1dac68-8777-4187-ba06-0ab8ed0e6ae3/addn_hosts - 3 addresses
Apr 18 20:50:42 cmp001 dnsmasq-dhcp[19620]: read /var/lib/neutron/dhcp/7c1dac68-8777-4187-ba06-0ab8ed0e6ae3/host
Apr 18 20:50:42 cmp001 dnsmasq-dhcp[19620]: read /var/lib/neutron/dhcp/7c1dac68-8777-4187-ba06-0ab8ed0e6ae3/opts
Apr 18 20:50:51 cmp001 dnsmasq[19620]: read /var/lib/neutron/dhcp/7c1dac68-8777-4187-ba06-0ab8ed0e6ae3/addn_hosts - 4 addresses
Apr 18 20:50:51 cmp001 dnsmasq-dhcp[19620]: read /var/lib/neutron/dhcp/7c1dac68-8777-4187-ba06-0ab8ed0e6ae3/host
Apr 18 20:50:51 cmp001 dnsmasq-dhcp[19620]: read /var/lib/neutron/dhcp/7c1dac68-8777-4187-ba06-0ab8ed0e6ae3/opts
Apr 18 20:50:52 cmp001 dnsmasq[19620]: read /var/lib/neutron/dhcp/7c1dac68-8777-4187-ba06-0ab8ed0e6ae3/addn_hosts - 4 addresses
Apr 18 20:50:52 cmp001 dnsmasq-dhcp[19620]: read /var/lib/neutron/dhcp/7c1dac68-8777-4187-ba06-0ab8ed0e6ae3/host
Apr 18 20:50:52 cmp001 dnsmasq-dhcp[19620]: read /var/lib/neutron/dhcp/7c1dac68-8777-4187-ba06-0ab8ed0e6ae3/opts
Apr 18 20:50:53 cmp001 dnsmasq[19620]: read /var/lib/neutron/dhcp/7c1dac68-8777-4187-ba06-0ab8ed0e6ae3/addn_hosts - 4 addresses
Apr 18 20:50:53 cmp001 dnsmasq-dhcp[19620]: read /var/lib/neutron/dhcp/7c1dac68-8777-4187-ba06-0ab8ed0e6ae3/host
Apr 18 20:50:53 cmp001 dnsmasq-dhcp[19620]: read /var/lib/neutron/dhcp/7c1dac68-8777-4187-ba06-0ab8ed0e6ae3/opts
Apr 18 20:51:00 cmp001 systemd-udevd[21576]: Could not generate persistent MAC address for tapdc74762a-9b: No such file or directory
Apr 18 20:51:00 cmp001 kernel: [ 5876.550464] device tapdc74762a-9b entered promiscuous mode
Apr 18 20:51:00 cmp001 libvirtd[14511]: 2019-04-18 20:51:00.115+0000: 14548: error : virNetDevSendEthtoolIoctl:3072 : ethtool ioctl error: No such device
Apr 18 20:51:00 cmp001 libvirtd[14511]: 2019-04-18 20:51:00.117+0000: 14548: error : virNetDevSendEthtoolIoctl:3072 : ethtool ioctl error: No such device
Apr 18 20:51:00 cmp001 libvirtd[14511]: 2019-04-18 20:51:00.119+0000: 14548: error : virNetDevSendEthtoolIoctl:3072 : ethtool ioctl error: No such device
Apr 18 20:51:00 cmp001 libvirtd[14511]: 2019-04-18 20:51:00.121+0000: 14548: error : virNetDevSendEthtoolIoctl:3072 : ethtool ioctl error: No such device
Apr 18 20:51:00 cmp001 systemd-udevd[21646]: Process '/sbin/ip link set tapdc74762a-9b txqueuelen 10000' failed with exit code 1.
Apr 18 20:51:00 cmp001 libvirtd[14511]: 2019-04-18 20:51:00.123+0000: 14548: error : virNetDevSendEthtoolIoctl:3072 : ethtool ioctl error: No such device
Apr 18 20:51:00 cmp001 libvirtd[14511]: 2019-04-18 20:51:00.125+0000: 14548: error : virNetDevSendEthtoolIoctl:3072 : ethtool ioctl error: No such device
Apr 18 20:51:00 cmp001 libvirtd[14511]: 2019-04-18 20:51:00.127+0000: 14548: error : virNetDevSendEthtoolIoctl:3072 : ethtool ioctl error: No such device
Apr 18 20:51:00 cmp001 libvirtd[14511]: 2019-04-18 20:51:00.130+0000: 14548: error : virNetDevSendEthtoolIoctl:3072 : ethtool ioctl error: No such device
Apr 18 20:51:01 cmp001 tgtd[28979]: tgtd: device_mgmt(246) sz:61 params:path=/dev/vgroot/volume-6836e2b0-8191-4a63-9917-5793922d1821
Apr 18 20:51:01 cmp001 tgtd[28979]: tgtd: bs_thread_open(409) 16
Apr 18 20:51:03 cmp001 dnsmasq[21779]: started, version 2.80 cachesize 150
Apr 18 20:51:03 cmp001 dnsmasq[21779]: DNS service limited to local subnets
Apr 18 20:51:03 cmp001 dnsmasq[21779]: compile time options: IPv6 GNU-getopt DBus i18n IDN DHCP DHCPv6 no-Lua TFTP conntrack ipset auth DNSSEC loop-detect inotify dumpfile
Apr 18 20:51:03 cmp001 dnsmasq[21779]: warning: no upstream servers configured
Apr 18 20:51:03 cmp001 dnsmasq-dhcp[21779]: DHCP, static leases only on 192.168.120.0, lease time 10m
Apr 18 20:51:03 cmp001 dnsmasq[21779]: read /var/lib/neutron/dhcp/ba6d2bdf-5ff5-4e93-8ca1-c81432da6c2d/addn_hosts - 1 addresses
Apr 18 20:51:03 cmp001 dnsmasq-dhcp[21779]: read /var/lib/neutron/dhcp/ba6d2bdf-5ff5-4e93-8ca1-c81432da6c2d/host
Apr 18 20:51:03 cmp001 dnsmasq-dhcp[21779]: read /var/lib/neutron/dhcp/ba6d2bdf-5ff5-4e93-8ca1-c81432da6c2d/opts
Apr 18 20:51:03 cmp001 haproxy-metadata-proxy-ba6d2bdf-5ff5-4e93-8ca1-c81432da6c2d[21783]: Proxy listener started.
