Apr 18 20:58:32 cmp001 systemd-udevd[30899]: Process '/sbin/ip link set tap6228df24-73 txqueuelen 10000' failed with exit code 1.
Apr 18 20:58:33 cmp001 ovs-vsctl: ovs|00001|vsctl|INFO|Called as ovs-vsctl --timeout=5 -- --if-exists del-port tap6228df24-73
Apr 18 20:58:33 cmp001 dnsmasq-dhcp[30404]: DHCPDISCOVER(tap6aa1af26-7a) fa:16:3e:78:28:c4
Apr 18 20:58:33 cmp001 dnsmasq-dhcp[30404]: DHCPOFFER(tap6aa1af26-7a) 192.168.120.6 fa:16:3e:78:28:c4
Apr 18 20:58:33 cmp001 dnsmasq-dhcp[30404]: DHCPREQUEST(tap6aa1af26-7a) 192.168.120.6 fa:16:3e:78:28:c4
Apr 18 20:58:33 cmp001 dnsmasq-dhcp[30404]: DHCPACK(tap6aa1af26-7a) 192.168.120.6 fa:16:3e:78:28:c4 host-192-168-120-6
Apr 18 20:58:34 cmp001 dnsmasq-dhcp[23548]: DHCPRELEASE(tap75a34911-7b) 192.168.120.24 fa:16:3e:8e:7f:ec
Apr 18 20:58:34 cmp001 dnsmasq-dhcp[23548]: DHCPRELEASE(tap75a34911-7b) 192.168.120.24 fa:16:3e:8e:7f:ec unknown lease
Apr 18 20:58:34 cmp001 dnsmasq[30404]: read /var/lib/neutron/dhcp/4f170171-652e-455e-9b2d-7072d4e1f2d7/addn_hosts - 5 addresses
Apr 18 20:58:34 cmp001 dnsmasq-dhcp[30404]: read /var/lib/neutron/dhcp/4f170171-652e-455e-9b2d-7072d4e1f2d7/host
Apr 18 20:58:34 cmp001 dnsmasq-dhcp[30404]: read /var/lib/neutron/dhcp/4f170171-652e-455e-9b2d-7072d4e1f2d7/opts
Apr 18 20:58:35 cmp001 dnsmasq[23548]: read /var/lib/neutron/dhcp/731cf4a6-fcd6-4114-bc6b-166e39619428/addn_hosts - 7 addresses
Apr 18 20:58:35 cmp001 dnsmasq-dhcp[23548]: read /var/lib/neutron/dhcp/731cf4a6-fcd6-4114-bc6b-166e39619428/host
Apr 18 20:58:35 cmp001 dnsmasq-dhcp[23548]: read /var/lib/neutron/dhcp/731cf4a6-fcd6-4114-bc6b-166e39619428/opts
Apr 18 20:58:35 cmp001 dnsmasq[30404]: read /var/lib/neutron/dhcp/4f170171-652e-455e-9b2d-7072d4e1f2d7/addn_hosts - 5 addresses
Apr 18 20:58:35 cmp001 dnsmasq-dhcp[30404]: read /var/lib/neutron/dhcp/4f170171-652e-455e-9b2d-7072d4e1f2d7/host
Apr 18 20:58:35 cmp001 dnsmasq-dhcp[30404]: read /var/lib/neutron/dhcp/4f170171-652e-455e-9b2d-7072d4e1f2d7/opts
Apr 18 20:58:36 cmp001 dnsmasq[30404]: read /var/lib/neutron/dhcp/4f170171-652e-455e-9b2d-7072d4e1f2d7/addn_hosts - 5 addresses
Apr 18 20:58:36 cmp001 dnsmasq-dhcp[30404]: read /var/lib/neutron/dhcp/4f170171-652e-455e-9b2d-7072d4e1f2d7/host
Apr 18 20:58:36 cmp001 dnsmasq-dhcp[30404]: read /var/lib/neutron/dhcp/4f170171-652e-455e-9b2d-7072d4e1f2d7/opts
Apr 18 20:58:37 cmp001 dnsmasq-dhcp[23548]: DHCPRELEASE(tap75a34911-7b) 192.168.120.14 fa:16:3e:63:60:f5
Apr 18 20:58:37 cmp001 dnsmasq-dhcp[23548]: DHCPRELEASE(tap75a34911-7b) 192.168.120.14 fa:16:3e:63:60:f5 unknown lease
Apr 18 20:58:38 cmp001 dnsmasq[23548]: read /var/lib/neutron/dhcp/731cf4a6-fcd6-4114-bc6b-166e39619428/addn_hosts - 6 addresses
Apr 18 20:58:38 cmp001 dnsmasq-dhcp[23548]: read /var/lib/neutron/dhcp/731cf4a6-fcd6-4114-bc6b-166e39619428/host
Apr 18 20:58:38 cmp001 dnsmasq-dhcp[23548]: read /var/lib/neutron/dhcp/731cf4a6-fcd6-4114-bc6b-166e39619428/opts
Apr 18 20:58:43 cmp001 dnsmasq-dhcp[23548]: DHCPDISCOVER(tap75a34911-7b) fa:16:3e:56:ad:6e
Apr 18 20:58:43 cmp001 dnsmasq-dhcp[23548]: DHCPOFFER(tap75a34911-7b) 192.168.120.17 fa:16:3e:56:ad:6e
Apr 18 20:58:46 cmp001 dnsmasq[23548]: read /var/lib/neutron/dhcp/731cf4a6-fcd6-4114-bc6b-166e39619428/addn_hosts - 7 addresses
Apr 18 20:58:46 cmp001 dnsmasq-dhcp[23548]: read /var/lib/neutron/dhcp/731cf4a6-fcd6-4114-bc6b-166e39619428/host
Apr 18 20:58:46 cmp001 dnsmasq-dhcp[23548]: read /var/lib/neutron/dhcp/731cf4a6-fcd6-4114-bc6b-166e39619428/opts
Apr 18 20:58:47 cmp001 dnsmasq[23548]: read /var/lib/neutron/dhcp/731cf4a6-fcd6-4114-bc6b-166e39619428/addn_hosts - 7 addresses
Apr 18 20:58:47 cmp001 dnsmasq-dhcp[23548]: read /var/lib/neutron/dhcp/731cf4a6-fcd6-4114-bc6b-166e39619428/host
Apr 18 20:58:47 cmp001 dnsmasq-dhcp[23548]: read /var/lib/neutron/dhcp/731cf4a6-fcd6-4114-bc6b-166e39619428/opts
Apr 18 20:58:48 cmp001 dnsmasq[23548]: read /var/lib/neutron/dhcp/731cf4a6-fcd6-4114-bc6b-166e39619428/addn_hosts - 7 addresses
Apr 18 20:58:48 cmp001 dnsmasq-dhcp[23548]: read /var/lib/neutron/dhcp/731cf4a6-fcd6-4114-bc6b-166e39619428/host
Apr 18 20:58:48 cmp001 dnsmasq-dhcp[23548]: read /var/lib/neutron/dhcp/731cf4a6-fcd6-4114-bc6b-166e39619428/opts
Apr 18 20:58:50 cmp001 dnsmasq-dhcp[30404]: DHCPDISCOVER(tap6aa1af26-7a) fa:16:3e:07:30:b1
Apr 18 20:58:50 cmp001 dnsmasq-dhcp[30404]: DHCPOFFER(tap6aa1af26-7a) 192.168.120.5 fa:16:3e:07:30:b1
Apr 18 20:58:50 cmp001 dnsmasq-dhcp[30404]: DHCPREQUEST(tap6aa1af26-7a) 192.168.120.5 fa:16:3e:07:30:b1
Apr 18 20:58:50 cmp001 dnsmasq-dhcp[30404]: DHCPACK(tap6aa1af26-7a) 192.168.120.5 fa:16:3e:07:30:b1 host-192-168-120-5
Apr 18 20:58:55 cmp001 kernel: [ 6351.737449] device tap732e91f1-ea entered promiscuous mode
Apr 18 20:58:55 cmp001 systemd-udevd[31117]: Could not generate persistent MAC address for tap732e91f1-ea: No such file or directory
Apr 18 20:58:55 cmp001 libvirtd[14511]: 2019-04-18 20:58:55.307+0000: 14548: error : virNetDevSendEthtoolIoctl:3072 : ethtool ioctl error: No such device
Apr 18 20:58:55 cmp001 libvirtd[14511]: 2019-04-18 20:58:55.311+0000: 14548: error : virNetDevSendEthtoolIoctl:3072 : ethtool ioctl error: No such device
Apr 18 20:58:55 cmp001 systemd-udevd[31187]: Process '/sbin/ip link set tap732e91f1-ea txqueuelen 10000' failed with exit code 1.
Apr 18 20:58:55 cmp001 libvirtd[14511]: 2019-04-18 20:58:55.315+0000: 14548: error : virNetDevSendEthtoolIoctl:3072 : ethtool ioctl error: No such device
Apr 18 20:58:55 cmp001 libvirtd[14511]: 2019-04-18 20:58:55.318+0000: 14548: error : virNetDevSendEthtoolIoctl:3072 : ethtool ioctl error: No such device
Apr 18 20:58:55 cmp001 libvirtd[14511]: 2019-04-18 20:58:55.321+0000: 14548: error : virNetDevSendEthtoolIoctl:3072 : ethtool ioctl error: No such device
Apr 18 20:58:55 cmp001 libvirtd[14511]: 2019-04-18 20:58:55.323+0000: 14548: error : virNetDevSendEthtoolIoctl:3072 : ethtool ioctl error: No such device
Apr 18 20:58:55 cmp001 libvirtd[14511]: 2019-04-18 20:58:55.325+0000: 14548: error : virNetDevSendEthtoolIoctl:3072 : ethtool ioctl error: No such device
Apr 18 20:58:55 cmp001 libvirtd[14511]: 2019-04-18 20:58:55.327+0000: 14548: error : virNetDevSendEthtoolIoctl:3072 : ethtool ioctl error: No such device
Apr 18 20:58:58 cmp001 dnsmasq[31269]: started, version 2.80 cachesize 150
Apr 18 20:58:58 cmp001 dnsmasq[31269]: DNS service limited to local subnets
Apr 18 20:58:58 cmp001 dnsmasq[31269]: compile time options: IPv6 GNU-getopt DBus i18n IDN DHCP DHCPv6 no-Lua TFTP conntrack ipset auth DNSSEC loop-detect inotify dumpfile
Apr 18 20:58:58 cmp001 dnsmasq[31269]: warning: no upstream servers configured
Apr 18 20:58:58 cmp001 dnsmasq-dhcp[31269]: DHCP, static leases only on 192.168.120.0, lease time 10m
Apr 18 20:58:58 cmp001 dnsmasq[31269]: read /var/lib/neutron/dhcp/efd290c2-4283-4192-82c0-c4eaed8ecf05/addn_hosts - 1 addresses
Apr 18 20:58:58 cmp001 dnsmasq-dhcp[31269]: read /var/lib/neutron/dhcp/efd290c2-4283-4192-82c0-c4eaed8ecf05/host
Apr 18 20:58:58 cmp001 dnsmasq-dhcp[31269]: read /var/lib/neutron/dhcp/efd290c2-4283-4192-82c0-c4eaed8ecf05/opts
Apr 18 20:58:58 cmp001 haproxy-metadata-proxy-efd290c2-4283-4192-82c0-c4eaed8ecf05[31273]: Proxy listener started.
Apr 18 20:58:59 cmp001 dnsmasq[31269]: read /var/lib/neutron/dhcp/efd290c2-4283-4192-82c0-c4eaed8ecf05/addn_hosts - 3 addresses
Apr 18 20:58:59 cmp001 dnsmasq-dhcp[31269]: read /var/lib/neutron/dhcp/efd290c2-4283-4192-82c0-c4eaed8ecf05/host
Apr 18 20:58:59 cmp001 dnsmasq-dhcp[31269]: read /var/lib/neutron/dhcp/efd290c2-4283-4192-82c0-c4eaed8ecf05/opts
Apr 18 20:59:01 cmp001 dnsmasq[31269]: read /var/lib/neutron/dhcp/efd290c2-4283-4192-82c0-c4eaed8ecf05/addn_hosts - 3 addresses
Apr 18 20:59:01 cmp001 dnsmasq-dhcp[31269]: read /var/lib/neutron/dhcp/efd290c2-4283-4192-82c0-c4eaed8ecf05/host
Apr 18 20:59:01 cmp001 dnsmasq-dhcp[31269]: read /var/lib/neutron/dhcp/efd290c2-4283-4192-82c0-c4eaed8ecf05/opts
Apr 18 20:59:02 cmp001 dnsmasq[31269]: read /var/lib/neutron/dhcp/efd290c2-4283-4192-82c0-c4eaed8ecf05/addn_hosts - 3 addresses
Apr 18 20:59:02 cmp001 dnsmasq-dhcp[31269]: read /var/lib/neutron/dhcp/efd290c2-4283-4192-82c0-c4eaed8ecf05/host
Apr 18 20:59:02 cmp001 dnsmasq-dhcp[31269]: read /var/lib/neutron/dhcp/efd290c2-4283-4192-82c0-c4eaed8ecf05/opts
Apr 18 20:59:02 cmp001 dnsmasq-dhcp[30404]: DHCPRELEASE(tap6aa1af26-7a) 192.168.120.5 fa:16:3e:07:30:b1
Apr 18 20:59:02 cmp001 dnsmasq-dhcp[30404]: DHCPRELEASE(tap6aa1af26-7a) 192.168.120.5 fa:16:3e:07:30:b1 unknown lease
Apr 18 20:59:02 cmp001 dnsmasq[23548]: read /var/lib/neutron/dhcp/731cf4a6-fcd6-4114-bc6b-166e39619428/addn_hosts - 6 addresses
Apr 18 20:59:02 cmp001 dnsmasq-dhcp[23548]: read /var/lib/neutron/dhcp/731cf4a6-fcd6-4114-bc6b-166e39619428/host
Apr 18 20:59:02 cmp001 dnsmasq-dhcp[23548]: read /var/lib/neutron/dhcp/731cf4a6-fcd6-4114-bc6b-166e39619428/opts
Apr 18 20:59:03 cmp001 dnsmasq[30404]: read /var/lib/neutron/dhcp/4f170171-652e-455e-9b2d-7072d4e1f2d7/addn_hosts - 4 addresses
Apr 18 20:59:03 cmp001 dnsmasq-dhcp[30404]: read /var/lib/neutron/dhcp/4f170171-652e-455e-9b2d-7072d4e1f2d7/host
Apr 18 20:59:03 cmp001 dnsmasq-dhcp[30404]: read /var/lib/neutron/dhcp/4f170171-652e-455e-9b2d-7072d4e1f2d7/opts
Apr 18 20:59:06 cmp001 dnsmasq[23548]: read /var/lib/neutron/dhcp/731cf4a6-fcd6-4114-bc6b-166e39619428/addn_hosts - 7 addresses
Apr 18 20:59:06 cmp001 dnsmasq-dhcp[23548]: read /var/lib/neutron/dhcp/731cf4a6-fcd6-4114-bc6b-166e39619428/host
Apr 18 20:59:06 cmp001 dnsmasq-dhcp[23548]: read /var/lib/neutron/dhcp/731cf4a6-fcd6-4114-bc6b-166e39619428/opts
Apr 18 20:59:07 cmp001 dnsmasq[23548]: read /var/lib/neutron/dhcp/731cf4a6-fcd6-4114-bc6b-166e39619428/addn_hosts - 8 addresses
Apr 18 20:59:07 cmp001 dnsmasq-dhcp[23548]: read /var/lib/neutron/dhcp/731cf4a6-fcd6-4114-bc6b-166e39619428/host
Apr 18 20:59:07 cmp001 dnsmasq-dhcp[23548]: read /var/lib/neutron/dhcp/731cf4a6-fcd6-4114-bc6b-166e39619428/opts
Apr 18 20:59:08 cmp001 dnsmasq[23548]: read /var/lib/neutron/dhcp/731cf4a6-fcd6-4114-bc6b-166e39619428/addn_hosts - 8 addresses
Apr 18 20:59:08 cmp001 dnsmasq-dhcp[23548]: read /var/lib/neutron/dhcp/731cf4a6-fcd6-4114-bc6b-166e39619428/host
Apr 18 20:59:08 cmp001 dnsmasq-dhcp[23548]: read /var/lib/neutron/dhcp/731cf4a6-fcd6-4114-bc6b-166e39619428/opts
Apr 18 20:59:09 cmp001 dnsmasq[23548]: read /var/lib/neutron/dhcp/731cf4a6-fcd6-4114-bc6b-166e39619428/addn_hosts - 8 addresses
Apr 18 20:59:09 cmp001 dnsmasq-dhcp[23548]: read /var/lib/neutron/dhcp/731cf4a6-fcd6-4114-bc6b-166e39619428/host
Apr 18 20:59:09 cmp001 dnsmasq-dhcp[23548]: read /var/lib/neutron/dhcp/731cf4a6-fcd6-4114-bc6b-166e39619428/opts
Apr 18 20:59:10 cmp001 dnsmasq[31269]: read /var/lib/neutron/dhcp/efd290c2-4283-4192-82c0-c4eaed8ecf05/addn_hosts - 3 addresses
Apr 18 20:59:10 cmp001 dnsmasq-dhcp[31269]: read /var/lib/neutron/dhcp/efd290c2-4283-4192-82c0-c4eaed8ecf05/host
Apr 18 20:59:10 cmp001 dnsmasq-dhcp[31269]: read /var/lib/neutron/dhcp/efd290c2-4283-4192-82c0-c4eaed8ecf05/opts
Apr 18 20:59:10 cmp001 dnsmasq[23548]: read /var/lib/neutron/dhcp/731cf4a6-fcd6-4114-bc6b-166e39619428/addn_hosts - 8 addresses
Apr 18 20:59:10 cmp001 dnsmasq-dhcp[23548]: read /var/lib/neutron/dhcp/731cf4a6-fcd6-4114-bc6b-166e39619428/host
Apr 18 20:59:10 cmp001 dnsmasq-dhcp[23548]: read /var/lib/neutron/dhcp/731cf4a6-fcd6-4114-bc6b-166e39619428/opts
Apr 18 20:59:10 cmp001 dnsmasq-dhcp[23548]: DHCPDISCOVER(tap75a34911-7b) fa:16:3e:56:ad:6e
Apr 18 20:59:10 cmp001 dnsmasq-dhcp[23548]: DHCPOFFER(tap75a34911-7b) 192.168.120.17 fa:16:3e:56:ad:6e
Apr 18 20:59:10 cmp001 dnsmasq-dhcp[23548]: DHCPREQUEST(tap75a34911-7b) 192.168.120.17 fa:16:3e:56:ad:6e
Apr 18 20:59:10 cmp001 dnsmasq-dhcp[23548]: DHCPACK(tap75a34911-7b) 192.168.120.17 fa:16:3e:56:ad:6e host-192-168-120-17
Apr 18 20:59:10 cmp001 ovs-vsctl: ovs|00001|vsctl|INFO|Called as ovs-vsctl -- --may-exist add-br br-int -- set Bridge br-int datapath_type=system
Apr 18 20:59:11 cmp001 ovs-vsctl: ovs|00001|vsctl|INFO|Called as ovs-vsctl --timeout=5 -- --if-exists del-port tapc593fb72-c6 -- add-port br-int tapc593fb72-c6 -- set Interface tapc593fb72-c6 "external-ids:attached-mac=\"fa:16:3e:e0:03:0b\"" -- set Interface tapc593fb72-c6 "external-ids:iface-id=\"c593fb72-c640-4d0d-afbc-dfbaaeda088f\"" -- set Interface tapc593fb72-c6 "external-ids:vm-id=\"3dd10e91-f578-434b-af55-54a528337ba2\"" -- set Interface tapc593fb72-c6 external-ids:iface-status=active
Apr 18 20:59:11 cmp001 kernel: [ 6367.919944] device tapc593fb72-c6 entered promiscuous mode
Apr 18 20:59:11 cmp001 libvirtd[14511]: 2019-04-18 20:59:11.432+0000: 14523: warning : qemuDomainObjTaint:5532 : Domain id=49 name='instance-00000051' uuid=3dd10e91-f578-434b-af55-54a528337ba2 is tainted: host-cpu
Apr 18 20:59:11 cmp001 dnsmasq[31269]: read /var/lib/neutron/dhcp/efd290c2-4283-4192-82c0-c4eaed8ecf05/addn_hosts - 3 addresses
Apr 18 20:59:11 cmp001 dnsmasq-dhcp[31269]: read /var/lib/neutron/dhcp/efd290c2-4283-4192-82c0-c4eaed8ecf05/host
Apr 18 20:59:11 cmp001 dnsmasq-dhcp[31269]: read /var/lib/neutron/dhcp/efd290c2-4283-4192-82c0-c4eaed8ecf05/opts
Apr 18 20:59:11 cmp001 dnsmasq[23548]: read /var/lib/neutron/dhcp/731cf4a6-fcd6-4114-bc6b-166e39619428/addn_hosts - 8 addresses
Apr 18 20:59:11 cmp001 dnsmasq-dhcp[23548]: read /var/lib/neutron/dhcp/731cf4a6-fcd6-4114-bc6b-166e39619428/host
Apr 18 20:59:11 cmp001 dnsmasq-dhcp[23548]: read /var/lib/neutron/dhcp/731cf4a6-fcd6-4114-bc6b-166e39619428/opts
Apr 18 20:59:12 cmp001 kernel: [ 6369.481183] device tapb697de01-36 left promiscuous mode
Apr 18 20:59:12 cmp001 systemd-udevd[31722]: Process '/sbin/ip link set tapb697de01-36 txqueuelen 10000' failed with exit code 1.
Apr 18 20:59:13 cmp001 ovs-vsctl: ovs|00001|vsctl|INFO|Called as ovs-vsctl --timeout=5 -- --if-exists del-port tapb697de01-36
Apr 18 20:59:15 cmp001 dnsmasq-dhcp[30404]: DHCPRELEASE(tap6aa1af26-7a) 192.168.120.6 fa:16:3e:78:28:c4
Apr 18 20:59:15 cmp001 dnsmasq-dhcp[30404]: DHCPRELEASE(tap6aa1af26-7a) 192.168.120.6 fa:16:3e:78:28:c4 unknown lease
Apr 18 20:59:16 cmp001 dnsmasq[30404]: read /var/lib/neutron/dhcp/4f170171-652e-455e-9b2d-7072d4e1f2d7/addn_hosts - 3 addresses
Apr 18 20:59:16 cmp001 dnsmasq-dhcp[30404]: read /var/lib/neutron/dhcp/4f170171-652e-455e-9b2d-7072d4e1f2d7/host
Apr 18 20:59:16 cmp001 dnsmasq-dhcp[30404]: read /var/lib/neutron/dhcp/4f170171-652e-455e-9b2d-7072d4e1f2d7/opts
Apr 18 20:59:19 cmp001 dnsmasq[31846]: started, version 2.80 cachesize 150
Apr 18 20:59:19 cmp001 dnsmasq[31846]: DNS service limited to local subnets
Apr 18 20:59:19 cmp001 dnsmasq[31846]: compile time options: IPv6 GNU-getopt DBus i18n IDN DHCP DHCPv6 no-Lua TFTP conntrack ipset auth DNSSEC loop-detect inotify dumpfile
Apr 18 20:59:19 cmp001 dnsmasq[31846]: warning: no upstream servers configured
Apr 18 20:59:19 cmp001 dnsmasq-dhcp[31846]: DHCP, static leases only on 192.168.120.0, lease time 10m
Apr 18 20:59:19 cmp001 dnsmasq[31846]: read /var/lib/neutron/dhcp/efd290c2-4283-4192-82c0-c4eaed8ecf05/addn_hosts - 3 addresses
Apr 18 20:59:19 cmp001 dnsmasq-dhcp[31846]: read /var/lib/neutron/dhcp/efd290c2-4283-4192-82c0-c4eaed8ecf05/host
Apr 18 20:59:19 cmp001 dnsmasq-dhcp[31846]: read /var/lib/neutron/dhcp/efd290c2-4283-4192-82c0-c4eaed8ecf05/opts
Apr 18 20:59:19 cmp001 dnsmasq-dhcp[31846]: DHCPRELEASE(tap732e91f1-ea) 192.168.120.1 fa:16:3e:b0:4a:36
Apr 18 20:59:20 cmp001 dnsmasq-dhcp[30404]: DHCPRELEASE(tap6aa1af26-7a) 192.168.120.1 fa:16:3e:51:54:04
Apr 18 20:59:20 cmp001 dnsmasq[31846]: read /var/lib/neutron/dhcp/efd290c2-4283-4192-82c0-c4eaed8ecf05/addn_hosts - 2 addresses
Apr 18 20:59:20 cmp001 dnsmasq-dhcp[31846]: read /var/lib/neutron/dhcp/efd290c2-4283-4192-82c0-c4eaed8ecf05/host
Apr 18 20:59:20 cmp001 dnsmasq-dhcp[31846]: read /var/lib/neutron/dhcp/efd290c2-4283-4192-82c0-c4eaed8ecf05/opts
Apr 18 20:59:20 cmp001 dnsmasq[30404]: read /var/lib/neutron/dhcp/4f170171-652e-455e-9b2d-7072d4e1f2d7/addn_hosts - 2 addresses
Apr 18 20:59:20 cmp001 dnsmasq-dhcp[30404]: read /var/lib/neutron/dhcp/4f170171-652e-455e-9b2d-7072d4e1f2d7/host
Apr 18 20:59:20 cmp001 dnsmasq-dhcp[30404]: read /var/lib/neutron/dhcp/4f170171-652e-455e-9b2d-7072d4e1f2d7/opts
Apr 18 20:59:21 cmp001 haproxy-metadata-proxy-efd290c2-4283-4192-82c0-c4eaed8ecf05[31893]: Proxy listener started.
Apr 18 20:59:21 cmp001 haproxy-metadata-proxy-4f170171-652e-455e-9b2d-7072d4e1f2d7[31896]: Proxy listener started.
Apr 18 20:59:22 cmp001 dnsmasq-dhcp[31846]: DHCPRELEASE(tap732e91f1-ea) 192.168.120.2 fa:16:3e:22:7a:7f
Apr 18 20:59:22 cmp001 dnsmasq-dhcp[23548]: DHCPDISCOVER(tap75a34911-7b) fa:16:3e:e0:03:0b
Apr 18 20:59:22 cmp001 dnsmasq-dhcp[23548]: DHCPOFFER(tap75a34911-7b) 192.168.120.14 fa:16:3e:e0:03:0b
Apr 18 20:59:22 cmp001 dnsmasq-dhcp[23548]: DHCPREQUEST(tap75a34911-7b) 192.168.120.14 fa:16:3e:e0:03:0b
Apr 18 20:59:22 cmp001 dnsmasq-dhcp[23548]: DHCPACK(tap75a34911-7b) 192.168.120.14 fa:16:3e:e0:03:0b host-192-168-120-14
Apr 18 20:59:23 cmp001 dnsmasq[31846]: read /var/lib/neutron/dhcp/efd290c2-4283-4192-82c0-c4eaed8ecf05/addn_hosts - 1 addresses
Apr 18 20:59:23 cmp001 dnsmasq-dhcp[31846]: read /var/lib/neutron/dhcp/efd290c2-4283-4192-82c0-c4eaed8ecf05/host
Apr 18 20:59:23 cmp001 dnsmasq-dhcp[31846]: read /var/lib/neutron/dhcp/efd290c2-4283-4192-82c0-c4eaed8ecf05/opts
Apr 18 20:59:24 cmp001 dnsmasq-dhcp[30404]: DHCPRELEASE(tap6aa1af26-7a) 192.168.120.3 fa:16:3e:0b:39:20
Apr 18 20:59:24 cmp001 dnsmasq-dhcp[23548]: DHCPDISCOVER(tap75a34911-7b) fa:16:3e:dc:28:25
Apr 18 20:59:24 cmp001 dnsmasq-dhcp[23548]: DHCPOFFER(tap75a34911-7b) 192.168.120.12 fa:16:3e:dc:28:25
Apr 18 20:59:24 cmp001 kernel: [ 6381.187446] device tap732e91f1-ea left promiscuous mode
Apr 18 20:59:25 cmp001 dnsmasq[30404]: read /var/lib/neutron/dhcp/4f170171-652e-455e-9b2d-7072d4e1f2d7/addn_hosts - 1 addresses
Apr 18 20:59:25 cmp001 dnsmasq-dhcp[30404]: read /var/lib/neutron/dhcp/4f170171-652e-455e-9b2d-7072d4e1f2d7/host
Apr 18 20:59:25 cmp001 dnsmasq-dhcp[30404]: read /var/lib/neutron/dhcp/4f170171-652e-455e-9b2d-7072d4e1f2d7/opts
Apr 18 20:59:26 cmp001 kernel: [ 6382.862313] device tap6aa1af26-7a left promiscuous mode
Apr 18 20:59:35 cmp001 dnsmasq[23548]: read /var/lib/neutron/dhcp/731cf4a6-fcd6-4114-bc6b-166e39619428/addn_hosts - 9 addresses
Apr 18 20:59:35 cmp001 dnsmasq-dhcp[23548]: read /var/lib/neutron/dhcp/731cf4a6-fcd6-4114-bc6b-166e39619428/host
Apr 18 20:59:35 cmp001 dnsmasq-dhcp[23548]: read /var/lib/neutron/dhcp/731cf4a6-fcd6-4114-bc6b-166e39619428/opts
Apr 18 20:59:36 cmp001 dnsmasq[23548]: read /var/lib/neutron/dhcp/731cf4a6-fcd6-4114-bc6b-166e39619428/addn_hosts - 8 addresses
Apr 18 20:59:36 cmp001 dnsmasq-dhcp[23548]: read /var/lib/neutron/dhcp/731cf4a6-fcd6-4114-bc6b-166e39619428/host
Apr 18 20:59:36 cmp001 dnsmasq-dhcp[23548]: read /var/lib/neutron/dhcp/731cf4a6-fcd6-4114-bc6b-166e39619428/opts
Apr 18 20:59:37 cmp001 dnsmasq[23548]: read /var/lib/neutron/dhcp/731cf4a6-fcd6-4114-bc6b-166e39619428/addn_hosts - 8 addresses
Apr 18 20:59:37 cmp001 dnsmasq-dhcp[23548]: read /var/lib/neutron/dhcp/731cf4a6-fcd6-4114-bc6b-166e39619428/host
Apr 18 20:59:37 cmp001 dnsmasq-dhcp[23548]: read /var/lib/neutron/dhcp/731cf4a6-fcd6-4114-bc6b-166e39619428/opts
Apr 18 20:59:37 cmp001 ovs-vsctl: ovs|00001|vsctl|INFO|Called as ovs-vsctl -- --may-exist add-br br-int -- set Bridge br-int datapath_type=system
Apr 18 20:59:38 cmp001 ovs-vsctl: ovs|00001|vsctl|INFO|Called as ovs-vsctl --timeout=5 -- --if-exists del-port tap215e4a21-0f -- add-port br-int tap215e4a21-0f -- set Interface tap215e4a21-0f "external-ids:attached-mac=\"fa:16:3e:06:66:4b\"" -- set Interface tap215e4a21-0f "external-ids:iface-id=\"215e4a21-0fca-4d82-a2d0-82e87d9e5c87\"" -- set Interface tap215e4a21-0f "external-ids:vm-id=\"41092a9a-4fdf-408b-8245-f7704ef6b44b\"" -- set Interface tap215e4a21-0f external-ids:iface-status=active
Apr 18 20:59:38 cmp001 kernel: [ 6394.604483] device tap215e4a21-0f entered promiscuous mode
Apr 18 20:59:38 cmp001 libvirtd[14511]: 2019-04-18 20:59:38.118+0000: 14523: warning : qemuDomainObjTaint:5532 : Domain id=50 name='instance-00000052' uuid=41092a9a-4fdf-408b-8245-f7704ef6b44b is tainted: host-cpu
Apr 18 20:59:38 cmp001 dnsmasq[23548]: read /var/lib/neutron/dhcp/731cf4a6-fcd6-4114-bc6b-166e39619428/addn_hosts - 8 addresses
Apr 18 20:59:38 cmp001 dnsmasq-dhcp[23548]: read /var/lib/neutron/dhcp/731cf4a6-fcd6-4114-bc6b-166e39619428/host
Apr 18 20:59:38 cmp001 dnsmasq-dhcp[23548]: read /var/lib/neutron/dhcp/731cf4a6-fcd6-4114-bc6b-166e39619428/opts
Apr 18 20:59:39 cmp001 dnsmasq[23548]: read /var/lib/neutron/dhcp/731cf4a6-fcd6-4114-bc6b-166e39619428/addn_hosts - 9 addresses
Apr 18 20:59:39 cmp001 dnsmasq-dhcp[23548]: read /var/lib/neutron/dhcp/731cf4a6-fcd6-4114-bc6b-166e39619428/host
Apr 18 20:59:39 cmp001 dnsmasq-dhcp[23548]: read /var/lib/neutron/dhcp/731cf4a6-fcd6-4114-bc6b-166e39619428/opts
Apr 18 20:59:40 cmp001 dnsmasq[23548]: read /var/lib/neutron/dhcp/731cf4a6-fcd6-4114-bc6b-166e39619428/addn_hosts - 9 addresses
Apr 18 20:59:40 cmp001 dnsmasq-dhcp[23548]: read /var/lib/neutron/dhcp/731cf4a6-fcd6-4114-bc6b-166e39619428/host
Apr 18 20:59:40 cmp001 dnsmasq-dhcp[23548]: read /var/lib/neutron/dhcp/731cf4a6-fcd6-4114-bc6b-166e39619428/opts
Apr 18 20:59:41 cmp001 dnsmasq[23548]: read /var/lib/neutron/dhcp/731cf4a6-fcd6-4114-bc6b-166e39619428/addn_hosts - 9 addresses
Apr 18 20:59:41 cmp001 dnsmasq-dhcp[23548]: read /var/lib/neutron/dhcp/731cf4a6-fcd6-4114-bc6b-166e39619428/host
Apr 18 20:59:41 cmp001 dnsmasq-dhcp[23548]: read /var/lib/neutron/dhcp/731cf4a6-fcd6-4114-bc6b-166e39619428/opts
Apr 18 20:59:43 cmp001 kernel: [ 6399.912857] device tap215e4a21-0f left promiscuous mode
Apr 18 20:59:43 cmp001 systemd-udevd[32339]: Process '/sbin/ip link set tap215e4a21-0f txqueuelen 10000' failed with exit code 1.
Apr 18 20:59:43 cmp001 ovs-vsctl: ovs|00001|vsctl|INFO|Called as ovs-vsctl --timeout=5 -- --if-exists del-port tap215e4a21-0f
Apr 18 20:59:44 cmp001 ovs-vsctl: ovs|00001|vsctl|INFO|Called as ovs-vsctl --timeout=5 -- --if-exists del-port tap215e4a21-0f -- add-port br-int tap215e4a21-0f -- set Interface tap215e4a21-0f "external-ids:attached-mac=\"fa:16:3e:06:66:4b\"" -- set Interface tap215e4a21-0f "external-ids:iface-id=\"215e4a21-0fca-4d82-a2d0-82e87d9e5c87\"" -- set Interface tap215e4a21-0f "external-ids:vm-id=\"41092a9a-4fdf-408b-8245-f7704ef6b44b\"" -- set Interface tap215e4a21-0f external-ids:iface-status=active
Apr 18 20:59:44 cmp001 kernel: [ 6400.704417] device tap215e4a21-0f entered promiscuous mode
Apr 18 20:59:44 cmp001 libvirtd[14511]: 2019-04-18 20:59:44.220+0000: 14523: warning : qemuDomainObjTaint:5532 : Domain id=51 name='instance-00000052' uuid=41092a9a-4fdf-408b-8245-f7704ef6b44b is tainted: host-cpu
Apr 18 20:59:47 cmp001 kernel: [ 6404.093534] device tap215e4a21-0f left promiscuous mode
Apr 18 20:59:47 cmp001 systemd-udevd[32475]: Process '/sbin/ip link set tap215e4a21-0f txqueuelen 10000' failed with exit code 1.
Apr 18 20:59:47 cmp001 ovs-vsctl: ovs|00001|vsctl|INFO|Called as ovs-vsctl --timeout=5 -- --if-exists del-port tap215e4a21-0f
Apr 18 20:59:50 cmp001 dnsmasq-dhcp[23548]: DHCPRELEASE(tap75a34911-7b) 192.168.120.14 fa:16:3e:e0:03:0b
Apr 18 20:59:50 cmp001 dnsmasq[23548]: read /var/lib/neutron/dhcp/731cf4a6-fcd6-4114-bc6b-166e39619428/addn_hosts - 8 addresses
Apr 18 20:59:50 cmp001 dnsmasq-dhcp[23548]: read /var/lib/neutron/dhcp/731cf4a6-fcd6-4114-bc6b-166e39619428/host
Apr 18 20:59:50 cmp001 dnsmasq-dhcp[23548]: read /var/lib/neutron/dhcp/731cf4a6-fcd6-4114-bc6b-166e39619428/opts
Apr 18 20:59:51 cmp001 dnsmasq[23548]: read /var/lib/neutron/dhcp/731cf4a6-fcd6-4114-bc6b-166e39619428/addn_hosts - 7 addresses
Apr 18 20:59:51 cmp001 dnsmasq-dhcp[23548]: read /var/lib/neutron/dhcp/731cf4a6-fcd6-4114-bc6b-166e39619428/host
Apr 18 20:59:51 cmp001 dnsmasq-dhcp[23548]: read /var/lib/neutron/dhcp/731cf4a6-fcd6-4114-bc6b-166e39619428/opts
Apr 18 20:59:52 cmp001 kernel: [ 6408.625534] device tapc593fb72-c6 left promiscuous mode
Apr 18 20:59:52 cmp001 systemd-udevd[32549]: Process '/sbin/ip link set tapc593fb72-c6 txqueuelen 10000' failed with exit code 1.
Apr 18 20:59:52 cmp001 libvirtd[14511]: 2019-04-18 20:59:52.423+0000: 14511: error : qemuMonitorIO:719 : internal error: End of file from qemu monitor
Apr 18 20:59:52 cmp001 ovs-vsctl: ovs|00001|vsctl|INFO|Called as ovs-vsctl --timeout=5 -- --if-exists del-port tapc593fb72-c6
Apr 18 20:59:55 cmp001 dnsmasq[23548]: read /var/lib/neutron/dhcp/731cf4a6-fcd6-4114-bc6b-166e39619428/addn_hosts - 8 addresses
Apr 18 20:59:55 cmp001 dnsmasq-dhcp[23548]: read /var/lib/neutron/dhcp/731cf4a6-fcd6-4114-bc6b-166e39619428/host
Apr 18 20:59:55 cmp001 dnsmasq-dhcp[23548]: read /var/lib/neutron/dhcp/731cf4a6-fcd6-4114-bc6b-166e39619428/opts
Apr 18 20:59:56 cmp001 dnsmasq[23548]: read /var/lib/neutron/dhcp/731cf4a6-fcd6-4114-bc6b-166e39619428/addn_hosts - 8 addresses
Apr 18 20:59:56 cmp001 dnsmasq-dhcp[23548]: read /var/lib/neutron/dhcp/731cf4a6-fcd6-4114-bc6b-166e39619428/host
Apr 18 20:59:56 cmp001 dnsmasq-dhcp[23548]: read /var/lib/neutron/dhcp/731cf4a6-fcd6-4114-bc6b-166e39619428/opts
Apr 18 20:59:57 cmp001 dnsmasq[23548]: read /var/lib/neutron/dhcp/731cf4a6-fcd6-4114-bc6b-166e39619428/addn_hosts - 8 addresses
Apr 18 20:59:57 cmp001 dnsmasq-dhcp[23548]: read /var/lib/neutron/dhcp/731cf4a6-fcd6-4114-bc6b-166e39619428/host
Apr 18 20:59:57 cmp001 dnsmasq-dhcp[23548]: read /var/lib/neutron/dhcp/731cf4a6-fcd6-4114-bc6b-166e39619428/opts
Apr 18 20:59:58 cmp001 dnsmasq[23548]: read /var/lib/neutron/dhcp/731cf4a6-fcd6-4114-bc6b-166e39619428/addn_hosts - 8 addresses
Apr 18 20:59:58 cmp001 dnsmasq-dhcp[23548]: read /var/lib/neutron/dhcp/731cf4a6-fcd6-4114-bc6b-166e39619428/host
Apr 18 20:59:58 cmp001 dnsmasq-dhcp[23548]: read /var/lib/neutron/dhcp/731cf4a6-fcd6-4114-bc6b-166e39619428/opts
Apr 18 20:59:59 cmp001 dnsmasq[23548]: read /var/lib/neutron/dhcp/731cf4a6-fcd6-4114-bc6b-166e39619428/addn_hosts - 8 addresses
Apr 18 20:59:59 cmp001 dnsmasq-dhcp[23548]: read /var/lib/neutron/dhcp/731cf4a6-fcd6-4114-bc6b-166e39619428/host
Apr 18 20:59:59 cmp001 dnsmasq-dhcp[23548]: read /var/lib/neutron/dhcp/731cf4a6-fcd6-4114-bc6b-166e39619428/opts
Apr 18 20:59:59 cmp001 ovs-vsctl: ovs|00001|vsctl|INFO|Called as ovs-vsctl -- --may-exist add-br br-int -- set Bridge br-int datapath_type=system
Apr 18 21:00:00 cmp001 ovs-vsctl: ovs|00001|vsctl|INFO|Called as ovs-vsctl --timeout=5 -- --if-exists del-port tape01529b4-3a -- add-port br-int tape01529b4-3a -- set Interface tape01529b4-3a "external-ids:attached-mac=\"fa:16:3e:a0:51:8b\"" -- set Interface tape01529b4-3a "external-ids:iface-id=\"e01529b4-3aa6-4f0f-9034-d72f92116c32\"" -- set Interface tape01529b4-3a "external-ids:vm-id=\"436a5d5d-648e-42d4-b7fd-fa0510404ca9\"" -- set Interface tape01529b4-3a external-ids:iface-status=active
Apr 18 21:00:00 cmp001 kernel: [ 6416.875655] device tape01529b4-3a entered promiscuous mode
Apr 18 21:00:00 cmp001 libvirtd[14511]: 2019-04-18 21:00:00.391+0000: 14523: warning : qemuDomainObjTaint:5532 : Domain id=52 name='instance-00000055' uuid=436a5d5d-648e-42d4-b7fd-fa0510404ca9 is tainted: host-cpu
Apr 18 21:00:05 cmp001 kernel: [ 6422.380964] device tape01529b4-3a left promiscuous mode
Apr 18 21:00:05 cmp001 systemd-udevd[385]: Process '/sbin/ip link set tape01529b4-3a txqueuelen 10000' failed with exit code 1.
Apr 18 21:00:06 cmp001 ovs-vsctl: ovs|00001|vsctl|INFO|Called as ovs-vsctl --timeout=5 -- --if-exists del-port tape01529b4-3a
Apr 18 21:00:08 cmp001 dnsmasq[23548]: read /var/lib/neutron/dhcp/731cf4a6-fcd6-4114-bc6b-166e39619428/addn_hosts - 8 addresses
Apr 18 21:00:08 cmp001 dnsmasq-dhcp[23548]: read /var/lib/neutron/dhcp/731cf4a6-fcd6-4114-bc6b-166e39619428/host
Apr 18 21:00:08 cmp001 dnsmasq-dhcp[23548]: read /var/lib/neutron/dhcp/731cf4a6-fcd6-4114-bc6b-166e39619428/opts
Apr 18 21:00:09 cmp001 dnsmasq[23548]: read /var/lib/neutron/dhcp/731cf4a6-fcd6-4114-bc6b-166e39619428/addn_hosts - 8 addresses
Apr 18 21:00:09 cmp001 dnsmasq-dhcp[23548]: read /var/lib/neutron/dhcp/731cf4a6-fcd6-4114-bc6b-166e39619428/host
Apr 18 21:00:09 cmp001 dnsmasq-dhcp[23548]: read /var/lib/neutron/dhcp/731cf4a6-fcd6-4114-bc6b-166e39619428/opts
Apr 18 21:00:10 cmp001 dnsmasq[23548]: read /var/lib/neutron/dhcp/731cf4a6-fcd6-4114-bc6b-166e39619428/addn_hosts - 7 addresses
Apr 18 21:00:10 cmp001 dnsmasq-dhcp[23548]: read /var/lib/neutron/dhcp/731cf4a6-fcd6-4114-bc6b-166e39619428/host
Apr 18 21:00:10 cmp001 dnsmasq-dhcp[23548]: read /var/lib/neutron/dhcp/731cf4a6-fcd6-4114-bc6b-166e39619428/opts
Apr 18 21:00:11 cmp001 ovs-vsctl: ovs|00001|vsctl|INFO|Called as ovs-vsctl -- --may-exist add-br br-int -- set Bridge br-int datapath_type=system
Apr 18 21:00:11 cmp001 ovs-vsctl: ovs|00001|vsctl|INFO|Called as ovs-vsctl --timeout=5 -- --if-exists del-port tapc593fb72-c6 -- add-port br-int tapc593fb72-c6 -- set Interface tapc593fb72-c6 "external-ids:attached-mac=\"fa:16:3e:e0:03:0b\"" -- set Interface tapc593fb72-c6 "external-ids:iface-id=\"c593fb72-c640-4d0d-afbc-dfbaaeda088f\"" -- set Interface tapc593fb72-c6 "external-ids:vm-id=\"3dd10e91-f578-434b-af55-54a528337ba2\"" -- set Interface tapc593fb72-c6 external-ids:iface-status=active
Apr 18 21:00:11 cmp001 kernel: [ 6428.331080] device tapc593fb72-c6 entered promiscuous mode
Apr 18 21:00:11 cmp001 libvirtd[14511]: 2019-04-18 21:00:11.844+0000: 14519: warning : qemuDomainObjTaint:5532 : Domain id=53 name='instance-00000051' uuid=3dd10e91-f578-434b-af55-54a528337ba2 is tainted: host-cpu
Apr 18 21:00:16 cmp001 kernel: [ 6433.457611] device tapc593fb72-c6 left promiscuous mode
Apr 18 21:00:16 cmp001 systemd-udevd[653]: Process '/sbin/ip link set tapc593fb72-c6 txqueuelen 10000' failed with exit code 1.
Apr 18 21:00:17 cmp001 ovs-vsctl: ovs|00001|vsctl|INFO|Called as ovs-vsctl --timeout=5 -- --if-exists del-port tapc593fb72-c6
Apr 18 21:00:20 cmp001 dnsmasq[23548]: read /var/lib/neutron/dhcp/731cf4a6-fcd6-4114-bc6b-166e39619428/addn_hosts - 8 addresses
Apr 18 21:00:20 cmp001 dnsmasq-dhcp[23548]: read /var/lib/neutron/dhcp/731cf4a6-fcd6-4114-bc6b-166e39619428/host
Apr 18 21:00:20 cmp001 dnsmasq-dhcp[23548]: read /var/lib/neutron/dhcp/731cf4a6-fcd6-4114-bc6b-166e39619428/opts
Apr 18 21:00:20 cmp001 dnsmasq[23548]: read /var/lib/neutron/dhcp/731cf4a6-fcd6-4114-bc6b-166e39619428/addn_hosts - 7 addresses
Apr 18 21:00:20 cmp001 dnsmasq-dhcp[23548]: read /var/lib/neutron/dhcp/731cf4a6-fcd6-4114-bc6b-166e39619428/host
Apr 18 21:00:20 cmp001 dnsmasq-dhcp[23548]: read /var/lib/neutron/dhcp/731cf4a6-fcd6-4114-bc6b-166e39619428/opts
Apr 18 21:00:21 cmp001 dnsmasq[23548]: read /var/lib/neutron/dhcp/731cf4a6-fcd6-4114-bc6b-166e39619428/addn_hosts - 7 addresses
Apr 18 21:00:21 cmp001 dnsmasq-dhcp[23548]: read /var/lib/neutron/dhcp/731cf4a6-fcd6-4114-bc6b-166e39619428/host
Apr 18 21:00:21 cmp001 dnsmasq-dhcp[23548]: read /var/lib/neutron/dhcp/731cf4a6-fcd6-4114-bc6b-166e39619428/opts
Apr 18 21:00:23 cmp001 dnsmasq[23548]: read /var/lib/neutron/dhcp/731cf4a6-fcd6-4114-bc6b-166e39619428/addn_hosts - 7 addresses
Apr 18 21:00:23 cmp001 dnsmasq-dhcp[23548]: read /var/lib/neutron/dhcp/731cf4a6-fcd6-4114-bc6b-166e39619428/host
Apr 18 21:00:23 cmp001 dnsmasq-dhcp[23548]: read /var/lib/neutron/dhcp/731cf4a6-fcd6-4114-bc6b-166e39619428/opts
Apr 18 21:00:23 cmp001 dnsmasq-dhcp[23548]: DHCPRELEASE(tap75a34911-7b) 192.168.120.17 fa:16:3e:56:ad:6e
Apr 18 21:00:24 cmp001 dnsmasq-dhcp[23548]: DHCPRELEASE(tap75a34911-7b) 192.168.120.17 fa:16:3e:56:ad:6e unknown lease
Apr 18 21:00:24 cmp001 dnsmasq[23548]: read /var/lib/neutron/dhcp/731cf4a6-fcd6-4114-bc6b-166e39619428/addn_hosts - 6 addresses
Apr 18 21:00:24 cmp001 dnsmasq-dhcp[23548]: read /var/lib/neutron/dhcp/731cf4a6-fcd6-4114-bc6b-166e39619428/host
Apr 18 21:00:24 cmp001 dnsmasq-dhcp[23548]: read /var/lib/neutron/dhcp/731cf4a6-fcd6-4114-bc6b-166e39619428/opts
Apr 18 21:00:26 cmp001 dnsmasq[23548]: read /var/lib/neutron/dhcp/731cf4a6-fcd6-4114-bc6b-166e39619428/addn_hosts - 5 addresses
Apr 18 21:00:26 cmp001 dnsmasq-dhcp[23548]: read /var/lib/neutron/dhcp/731cf4a6-fcd6-4114-bc6b-166e39619428/host
Apr 18 21:00:26 cmp001 dnsmasq-dhcp[23548]: read /var/lib/neutron/dhcp/731cf4a6-fcd6-4114-bc6b-166e39619428/opts
Apr 18 21:00:29 cmp001 dnsmasq[23548]: read /var/lib/neutron/dhcp/731cf4a6-fcd6-4114-bc6b-166e39619428/addn_hosts - 4 addresses
Apr 18 21:00:29 cmp001 dnsmasq-dhcp[23548]: read /var/lib/neutron/dhcp/731cf4a6-fcd6-4114-bc6b-166e39619428/host
Apr 18 21:00:29 cmp001 dnsmasq-dhcp[23548]: read /var/lib/neutron/dhcp/731cf4a6-fcd6-4114-bc6b-166e39619428/opts
Apr 18 21:00:31 cmp001 dnsmasq[23548]: read /var/lib/neutron/dhcp/731cf4a6-fcd6-4114-bc6b-166e39619428/addn_hosts - 3 addresses
Apr 18 21:00:31 cmp001 dnsmasq-dhcp[23548]: read /var/lib/neutron/dhcp/731cf4a6-fcd6-4114-bc6b-166e39619428/host
Apr 18 21:00:31 cmp001 dnsmasq-dhcp[23548]: read /var/lib/neutron/dhcp/731cf4a6-fcd6-4114-bc6b-166e39619428/opts
Apr 18 21:00:38 cmp001 kernel: [ 6455.064498] device tapb6740fff-cc entered promiscuous mode
Apr 18 21:00:38 cmp001 systemd-udevd[849]: Could not generate persistent MAC address for tapb6740fff-cc: No such file or directory
Apr 18 21:00:38 cmp001 libvirtd[14511]: 2019-04-18 21:00:38.622+0000: 14548: error : virNetDevSendEthtoolIoctl:3072 : ethtool ioctl error: No such device
Apr 18 21:00:38 cmp001 libvirtd[14511]: 2019-04-18 21:00:38.624+0000: 14548: error : virNetDevSendEthtoolIoctl:3072 : ethtool ioctl error: No such device
Apr 18 21:00:38 cmp001 libvirtd[14511]: 2019-04-18 21:00:38.626+0000: 14548: error : virNetDevSendEthtoolIoctl:3072 : ethtool ioctl error: No such device
Apr 18 21:00:38 cmp001 libvirtd[14511]: 2019-04-18 21:00:38.628+0000: 14548: error : virNetDevSendEthtoolIoctl:3072 : ethtool ioctl error: No such device
Apr 18 21:00:38 cmp001 libvirtd[14511]: 2019-04-18 21:00:38.630+0000: 14548: error : virNetDevSendEthtoolIoctl:3072 : ethtool ioctl error: No such device
Apr 18 21:00:38 cmp001 systemd-udevd[849]: Process '/sbin/ip link set tapb6740fff-cc txqueuelen 10000' failed with exit code 1.
Apr 18 21:00:38 cmp001 libvirtd[14511]: 2019-04-18 21:00:38.632+0000: 14548: error : virNetDevSendEthtoolIoctl:3072 : ethtool ioctl error: No such device
Apr 18 21:00:38 cmp001 libvirtd[14511]: 2019-04-18 21:00:38.636+0000: 14548: error : virNetDevSendEthtoolIoctl:3072 : ethtool ioctl error: No such device
Apr 18 21:00:38 cmp001 libvirtd[14511]: 2019-04-18 21:00:38.638+0000: 14548: error : virNetDevSendEthtoolIoctl:3072 : ethtool ioctl error: No such device
Apr 18 21:00:41 cmp001 dnsmasq[23548]: read /var/lib/neutron/dhcp/731cf4a6-fcd6-4114-bc6b-166e39619428/addn_hosts - 4 addresses
Apr 18 21:00:41 cmp001 dnsmasq-dhcp[23548]: read /var/lib/neutron/dhcp/731cf4a6-fcd6-4114-bc6b-166e39619428/host
Apr 18 21:00:41 cmp001 dnsmasq-dhcp[23548]: read /var/lib/neutron/dhcp/731cf4a6-fcd6-4114-bc6b-166e39619428/opts
Apr 18 21:00:42 cmp001 dnsmasq[1037]: started, version 2.80 cachesize 150
Apr 18 21:00:42 cmp001 dnsmasq[1037]: DNS service limited to local subnets
Apr 18 21:00:42 cmp001 dnsmasq[1037]: compile time options: IPv6 GNU-getopt DBus i18n IDN DHCP DHCPv6 no-Lua TFTP conntrack ipset auth DNSSEC loop-detect inotify dumpfile
Apr 18 21:00:42 cmp001 dnsmasq[1037]: warning: no upstream servers configured
Apr 18 21:00:42 cmp001 dnsmasq-dhcp[1037]: DHCP, static leases only on 192.168.120.0, lease time 10m
Apr 18 21:00:42 cmp001 dnsmasq[1037]: read /var/lib/neutron/dhcp/1cdbe71c-3692-4e97-94ff-978cb633f878/addn_hosts - 1 addresses
Apr 18 21:00:42 cmp001 dnsmasq-dhcp[1037]: read /var/lib/neutron/dhcp/1cdbe71c-3692-4e97-94ff-978cb633f878/host
Apr 18 21:00:42 cmp001 dnsmasq-dhcp[1037]: read /var/lib/neutron/dhcp/1cdbe71c-3692-4e97-94ff-978cb633f878/opts
Apr 18 21:00:42 cmp001 dnsmasq[23548]: read /var/lib/neutron/dhcp/731cf4a6-fcd6-4114-bc6b-166e39619428/addn_hosts - 5 addresses
Apr 18 21:00:42 cmp001 dnsmasq-dhcp[23548]: read /var/lib/neutron/dhcp/731cf4a6-fcd6-4114-bc6b-166e39619428/host
Apr 18 21:00:42 cmp001 dnsmasq-dhcp[23548]: read /var/lib/neutron/dhcp/731cf4a6-fcd6-4114-bc6b-166e39619428/opts
Apr 18 21:00:42 cmp001 haproxy-metadata-proxy-1cdbe71c-3692-4e97-94ff-978cb633f878[1046]: Proxy listener started.
Apr 18 21:00:43 cmp001 dnsmasq[23548]: read /var/lib/neutron/dhcp/731cf4a6-fcd6-4114-bc6b-166e39619428/addn_hosts - 5 addresses
Apr 18 21:00:43 cmp001 dnsmasq-dhcp[23548]: read /var/lib/neutron/dhcp/731cf4a6-fcd6-4114-bc6b-166e39619428/host
Apr 18 21:00:43 cmp001 dnsmasq-dhcp[23548]: read /var/lib/neutron/dhcp/731cf4a6-fcd6-4114-bc6b-166e39619428/opts
Apr 18 21:00:43 cmp001 dnsmasq[1037]: read /var/lib/neutron/dhcp/1cdbe71c-3692-4e97-94ff-978cb633f878/addn_hosts - 2 addresses
Apr 18 21:00:43 cmp001 dnsmasq-dhcp[1037]: read /var/lib/neutron/dhcp/1cdbe71c-3692-4e97-94ff-978cb633f878/host
Apr 18 21:00:43 cmp001 dnsmasq-dhcp[1037]: read /var/lib/neutron/dhcp/1cdbe71c-3692-4e97-94ff-978cb633f878/opts
Apr 18 21:00:44 cmp001 dnsmasq[23548]: read /var/lib/neutron/dhcp/731cf4a6-fcd6-4114-bc6b-166e39619428/addn_hosts - 5 addresses
Apr 18 21:00:44 cmp001 dnsmasq-dhcp[23548]: read /var/lib/neutron/dhcp/731cf4a6-fcd6-4114-bc6b-166e39619428/host
Apr 18 21:00:44 cmp001 dnsmasq-dhcp[23548]: read /var/lib/neutron/dhcp/731cf4a6-fcd6-4114-bc6b-166e39619428/opts
Apr 18 21:00:44 cmp001 dnsmasq[1037]: read /var/lib/neutron/dhcp/1cdbe71c-3692-4e97-94ff-978cb633f878/addn_hosts - 2 addresses
Apr 18 21:00:44 cmp001 dnsmasq-dhcp[1037]: read /var/lib/neutron/dhcp/1cdbe71c-3692-4e97-94ff-978cb633f878/host
Apr 18 21:00:44 cmp001 dnsmasq-dhcp[1037]: read /var/lib/neutron/dhcp/1cdbe71c-3692-4e97-94ff-978cb633f878/opts
Apr 18 21:00:45 cmp001 dnsmasq[23548]: read /var/lib/neutron/dhcp/731cf4a6-fcd6-4114-bc6b-166e39619428/addn_hosts - 5 addresses
Apr 18 21:00:45 cmp001 dnsmasq-dhcp[23548]: read /var/lib/neutron/dhcp/731cf4a6-fcd6-4114-bc6b-166e39619428/host
Apr 18 21:00:45 cmp001 dnsmasq-dhcp[23548]: read /var/lib/neutron/dhcp/731cf4a6-fcd6-4114-bc6b-166e39619428/opts
Apr 18 21:00:45 cmp001 dnsmasq[1037]: read /var/lib/neutron/dhcp/1cdbe71c-3692-4e97-94ff-978cb633f878/addn_hosts - 3 addresses
Apr 18 21:00:45 cmp001 dnsmasq-dhcp[1037]: read /var/lib/neutron/dhcp/1cdbe71c-3692-4e97-94ff-978cb633f878/host
Apr 18 21:00:45 cmp001 dnsmasq-dhcp[1037]: read /var/lib/neutron/dhcp/1cdbe71c-3692-4e97-94ff-978cb633f878/opts
Apr 18 21:00:46 cmp001 dnsmasq[23548]: read /var/lib/neutron/dhcp/731cf4a6-fcd6-4114-bc6b-166e39619428/addn_hosts - 5 addresses
Apr 18 21:00:46 cmp001 dnsmasq-dhcp[23548]: read /var/lib/neutron/dhcp/731cf4a6-fcd6-4114-bc6b-166e39619428/host
Apr 18 21:00:46 cmp001 dnsmasq-dhcp[23548]: read /var/lib/neutron/dhcp/731cf4a6-fcd6-4114-bc6b-166e39619428/opts
Apr 18 21:00:46 cmp001 ovs-vsctl: ovs|00001|vsctl|INFO|Called as ovs-vsctl -- --may-exist add-br br-int -- set Bridge br-int datapath_type=system
Apr 18 21:00:46 cmp001 dnsmasq[1037]: read /var/lib/neutron/dhcp/1cdbe71c-3692-4e97-94ff-978cb633f878/addn_hosts - 3 addresses
Apr 18 21:00:46 cmp001 dnsmasq-dhcp[1037]: read /var/lib/neutron/dhcp/1cdbe71c-3692-4e97-94ff-978cb633f878/host
Apr 18 21:00:46 cmp001 dnsmasq-dhcp[1037]: read /var/lib/neutron/dhcp/1cdbe71c-3692-4e97-94ff-978cb633f878/opts
Apr 18 21:00:47 cmp001 ovs-vsctl: ovs|00001|vsctl|INFO|Called as ovs-vsctl --timeout=5 -- --if-exists del-port tap1336a03f-24 -- add-port br-int tap1336a03f-24 -- set Interface tap1336a03f-24 "external-ids:attached-mac=\"fa:16:3e:aa:10:60\"" -- set Interface tap1336a03f-24 "external-ids:iface-id=\"1336a03f-2436-4c87-b66e-5f9f8a053eef\"" -- set Interface tap1336a03f-24 "external-ids:vm-id=\"3f36307f-7ada-42cf-904c-93eb02d81a24\"" -- set Interface tap1336a03f-24 external-ids:iface-status=active
Apr 18 21:00:47 cmp001 kernel: [ 6463.509190] device tap1336a03f-24 entered promiscuous mode
Apr 18 21:00:47 cmp001 libvirtd[14511]: 2019-04-18 21:00:47.026+0000: 14521: warning : qemuDomainObjTaint:5532 : Domain id=54 name='instance-00000057' uuid=3f36307f-7ada-42cf-904c-93eb02d81a24 is tainted: host-cpu
Apr 18 21:00:49 cmp001 dnsmasq[23548]: read /var/lib/neutron/dhcp/731cf4a6-fcd6-4114-bc6b-166e39619428/addn_hosts - 6 addresses
Apr 18 21:00:49 cmp001 dnsmasq-dhcp[23548]: read /var/lib/neutron/dhcp/731cf4a6-fcd6-4114-bc6b-166e39619428/host
Apr 18 21:00:49 cmp001 dnsmasq-dhcp[23548]: read /var/lib/neutron/dhcp/731cf4a6-fcd6-4114-bc6b-166e39619428/opts
Apr 18 21:00:50 cmp001 dnsmasq[23548]: read /var/lib/neutron/dhcp/731cf4a6-fcd6-4114-bc6b-166e39619428/addn_hosts - 7 addresses
Apr 18 21:00:50 cmp001 dnsmasq-dhcp[23548]: read /var/lib/neutron/dhcp/731cf4a6-fcd6-4114-bc6b-166e39619428/host
Apr 18 21:00:50 cmp001 dnsmasq-dhcp[23548]: read /var/lib/neutron/dhcp/731cf4a6-fcd6-4114-bc6b-166e39619428/opts
Apr 18 21:00:51 cmp001 dnsmasq[23548]: read /var/lib/neutron/dhcp/731cf4a6-fcd6-4114-bc6b-166e39619428/addn_hosts - 7 addresses
Apr 18 21:00:51 cmp001 dnsmasq-dhcp[23548]: read /var/lib/neutron/dhcp/731cf4a6-fcd6-4114-bc6b-166e39619428/host
Apr 18 21:00:51 cmp001 dnsmasq-dhcp[23548]: read /var/lib/neutron/dhcp/731cf4a6-fcd6-4114-bc6b-166e39619428/opts
Apr 18 21:00:52 cmp001 dnsmasq[23548]: read /var/lib/neutron/dhcp/731cf4a6-fcd6-4114-bc6b-166e39619428/addn_hosts - 7 addresses
Apr 18 21:00:52 cmp001 dnsmasq-dhcp[23548]: read /var/lib/neutron/dhcp/731cf4a6-fcd6-4114-bc6b-166e39619428/host
Apr 18 21:00:52 cmp001 dnsmasq-dhcp[23548]: read /var/lib/neutron/dhcp/731cf4a6-fcd6-4114-bc6b-166e39619428/opts
Apr 18 21:00:52 cmp001 dnsmasq[1037]: read /var/lib/neutron/dhcp/1cdbe71c-3692-4e97-94ff-978cb633f878/addn_hosts - 3 addresses
Apr 18 21:00:52 cmp001 dnsmasq-dhcp[1037]: read /var/lib/neutron/dhcp/1cdbe71c-3692-4e97-94ff-978cb633f878/host
Apr 18 21:00:52 cmp001 dnsmasq-dhcp[1037]: read /var/lib/neutron/dhcp/1cdbe71c-3692-4e97-94ff-978cb633f878/opts
Apr 18 21:00:53 cmp001 dnsmasq[23548]: read /var/lib/neutron/dhcp/731cf4a6-fcd6-4114-bc6b-166e39619428/addn_hosts - 7 addresses
Apr 18 21:00:53 cmp001 dnsmasq-dhcp[23548]: read /var/lib/neutron/dhcp/731cf4a6-fcd6-4114-bc6b-166e39619428/host
Apr 18 21:00:53 cmp001 dnsmasq-dhcp[23548]: read /var/lib/neutron/dhcp/731cf4a6-fcd6-4114-bc6b-166e39619428/opts
Apr 18 21:00:53 cmp001 dnsmasq[1037]: read /var/lib/neutron/dhcp/1cdbe71c-3692-4e97-94ff-978cb633f878/addn_hosts - 3 addresses
Apr 18 21:00:53 cmp001 dnsmasq-dhcp[1037]: read /var/lib/neutron/dhcp/1cdbe71c-3692-4e97-94ff-978cb633f878/host
Apr 18 21:00:53 cmp001 dnsmasq-dhcp[1037]: read /var/lib/neutron/dhcp/1cdbe71c-3692-4e97-94ff-978cb633f878/opts
Apr 18 21:00:54 cmp001 dnsmasq[23548]: read /var/lib/neutron/dhcp/731cf4a6-fcd6-4114-bc6b-166e39619428/addn_hosts - 7 addresses
Apr 18 21:00:54 cmp001 dnsmasq-dhcp[23548]: read /var/lib/neutron/dhcp/731cf4a6-fcd6-4114-bc6b-166e39619428/host
Apr 18 21:00:54 cmp001 dnsmasq-dhcp[23548]: read /var/lib/neutron/dhcp/731cf4a6-fcd6-4114-bc6b-166e39619428/opts
Apr 18 21:00:55 cmp001 dnsmasq[23548]: read /var/lib/neutron/dhcp/731cf4a6-fcd6-4114-bc6b-166e39619428/addn_hosts - 6 addresses
Apr 18 21:00:55 cmp001 dnsmasq-dhcp[23548]: read /var/lib/neutron/dhcp/731cf4a6-fcd6-4114-bc6b-166e39619428/host
Apr 18 21:00:55 cmp001 dnsmasq-dhcp[23548]: read /var/lib/neutron/dhcp/731cf4a6-fcd6-4114-bc6b-166e39619428/opts
Apr 18 21:00:57 cmp001 kernel: [ 6474.121443] device tap1336a03f-24 left promiscuous mode
Apr 18 21:00:57 cmp001 systemd-udevd[1534]: Process '/sbin/ip link set tap1336a03f-24 txqueuelen 10000' failed with exit code 1.
Apr 18 21:00:58 cmp001 ovs-vsctl: ovs|00001|vsctl|INFO|Called as ovs-vsctl --timeout=5 -- --if-exists del-port tap1336a03f-24
Apr 18 21:00:59 cmp001 dnsmasq[1597]: started, version 2.80 cachesize 150
Apr 18 21:00:59 cmp001 dnsmasq[1597]: DNS service limited to local subnets
Apr 18 21:00:59 cmp001 dnsmasq[1597]: compile time options: IPv6 GNU-getopt DBus i18n IDN DHCP DHCPv6 no-Lua TFTP conntrack ipset auth DNSSEC loop-detect inotify dumpfile
Apr 18 21:00:59 cmp001 dnsmasq[1597]: warning: no upstream servers configured
Apr 18 21:00:59 cmp001 dnsmasq-dhcp[1597]: DHCP, static leases only on 192.168.120.0, lease time 10m
Apr 18 21:00:59 cmp001 dnsmasq[1597]: read /var/lib/neutron/dhcp/1cdbe71c-3692-4e97-94ff-978cb633f878/addn_hosts - 3 addresses
Apr 18 21:00:59 cmp001 dnsmasq-dhcp[1597]: read /var/lib/neutron/dhcp/1cdbe71c-3692-4e97-94ff-978cb633f878/host
Apr 18 21:00:59 cmp001 dnsmasq-dhcp[1597]: read /var/lib/neutron/dhcp/1cdbe71c-3692-4e97-94ff-978cb633f878/opts
Apr 18 21:01:00 cmp001 dnsmasq[1597]: read /var/lib/neutron/dhcp/1cdbe71c-3692-4e97-94ff-978cb633f878/addn_hosts - 4 addresses
Apr 18 21:01:00 cmp001 dnsmasq-dhcp[1597]: read /var/lib/neutron/dhcp/1cdbe71c-3692-4e97-94ff-978cb633f878/host
Apr 18 21:01:00 cmp001 dnsmasq-dhcp[1597]: read /var/lib/neutron/dhcp/1cdbe71c-3692-4e97-94ff-978cb633f878/opts
Apr 18 21:01:00 cmp001 dnsmasq[23548]: read /var/lib/neutron/dhcp/731cf4a6-fcd6-4114-bc6b-166e39619428/addn_hosts - 5 addresses
Apr 18 21:01:00 cmp001 dnsmasq-dhcp[23548]: read /var/lib/neutron/dhcp/731cf4a6-fcd6-4114-bc6b-166e39619428/host
Apr 18 21:01:00 cmp001 dnsmasq-dhcp[23548]: read /var/lib/neutron/dhcp/731cf4a6-fcd6-4114-bc6b-166e39619428/opts
Apr 18 21:01:01 cmp001 dnsmasq[1597]: read /var/lib/neutron/dhcp/1cdbe71c-3692-4e97-94ff-978cb633f878/addn_hosts - 4 addresses
Apr 18 21:01:01 cmp001 dnsmasq-dhcp[1597]: read /var/lib/neutron/dhcp/1cdbe71c-3692-4e97-94ff-978cb633f878/host
Apr 18 21:01:01 cmp001 dnsmasq-dhcp[1597]: read /var/lib/neutron/dhcp/1cdbe71c-3692-4e97-94ff-978cb633f878/opts
Apr 18 21:01:02 cmp001 dnsmasq[1597]: read /var/lib/neutron/dhcp/1cdbe71c-3692-4e97-94ff-978cb633f878/addn_hosts - 4 addresses
Apr 18 21:01:02 cmp001 dnsmasq-dhcp[1597]: read /var/lib/neutron/dhcp/1cdbe71c-3692-4e97-94ff-978cb633f878/host
Apr 18 21:01:02 cmp001 dnsmasq-dhcp[1597]: read /var/lib/neutron/dhcp/1cdbe71c-3692-4e97-94ff-978cb633f878/opts
Apr 18 21:01:02 cmp001 ovs-vsctl: ovs|00001|vsctl|INFO|Called as ovs-vsctl -- --may-exist add-br br-int -- set Bridge br-int datapath_type=system
Apr 18 21:01:03 cmp001 systemd-udevd[1718]: Could not generate persistent MAC address for tape9d5fff3-f0: No such file or directory
Apr 18 21:01:03 cmp001 kernel: [ 6479.848664] device tape9d5fff3-f0 entered promiscuous mode
Apr 18 21:01:03 cmp001 systemd-udevd[1718]: Process '/sbin/ip link set tape9d5fff3-f0 txqueuelen 10000' failed with exit code 1.
Apr 18 21:01:03 cmp001 libvirtd[14511]: 2019-04-18 21:01:03.430+0000: 14548: error : virFileReadAll:1420 : Failed to open file '/sys/class/net/tape9d5fff3-f0/operstate': No such file or directory
Apr 18 21:01:03 cmp001 libvirtd[14511]: 2019-04-18 21:01:03.430+0000: 14548: error : virNetDevGetLinkInfo:2552 : unable to read: /sys/class/net/tape9d5fff3-f0/operstate: No such file or directory
Apr 18 21:01:03 cmp001 systemd-udevd[1715]: Process '/sbin/ip link set tape9d5fff3-f0 txqueuelen 10000' failed with exit code 1.
Apr 18 21:01:03 cmp001 ovs-vsctl: ovs|00001|vsctl|INFO|Called as ovs-vsctl --timeout=5 -- --if-exists del-port tapfa717543-f3 -- add-port br-int tapfa717543-f3 -- set Interface tapfa717543-f3 "external-ids:attached-mac=\"fa:16:3e:34:9f:44\"" -- set Interface tapfa717543-f3 "external-ids:iface-id=\"fa717543-f3d9-4527-bc7c-49cfcea6c8b5\"" -- set Interface tapfa717543-f3 "external-ids:vm-id=\"744e3758-8618-444a-9ade-05e8688871b7\"" -- set Interface tapfa717543-f3 external-ids:iface-status=active
Apr 18 21:01:03 cmp001 kernel: [ 6479.998873] device tapfa717543-f3 entered promiscuous mode
Apr 18 21:01:03 cmp001 libvirtd[14511]: 2019-04-18 21:01:03.517+0000: 14521: warning : qemuDomainObjTaint:5532 : Domain id=55 name='instance-0000005b' uuid=744e3758-8618-444a-9ade-05e8688871b7 is tainted: host-cpu
Apr 18 21:01:06 cmp001 dnsmasq[1994]: started, version 2.80 cachesize 150
Apr 18 21:01:06 cmp001 dnsmasq[1994]: DNS service limited to local subnets
Apr 18 21:01:06 cmp001 dnsmasq[1994]: compile time options: IPv6 GNU-getopt DBus i18n IDN DHCP DHCPv6 no-Lua TFTP conntrack ipset auth DNSSEC loop-detect inotify dumpfile
Apr 18 21:01:06 cmp001 dnsmasq[1994]: warning: no upstream servers configured
Apr 18 21:01:06 cmp001 dnsmasq-dhcp[1994]: DHCP, static leases only on 192.168.120.0, lease time 10m
Apr 18 21:01:06 cmp001 dnsmasq[1994]: read /var/lib/neutron/dhcp/6ddb8f89-1ad1-4c5c-8ce9-8ad1a5bb2ec8/addn_hosts - 2 addresses
Apr 18 21:01:06 cmp001 dnsmasq-dhcp[1994]: read /var/lib/neutron/dhcp/6ddb8f89-1ad1-4c5c-8ce9-8ad1a5bb2ec8/host
Apr 18 21:01:06 cmp001 dnsmasq-dhcp[1994]: read /var/lib/neutron/dhcp/6ddb8f89-1ad1-4c5c-8ce9-8ad1a5bb2ec8/opts
Apr 18 21:01:07 cmp001 haproxy-metadata-proxy-6ddb8f89-1ad1-4c5c-8ce9-8ad1a5bb2ec8[2002]: Proxy listener started.
Apr 18 21:01:08 cmp001 dnsmasq[1994]: read /var/lib/neutron/dhcp/6ddb8f89-1ad1-4c5c-8ce9-8ad1a5bb2ec8/addn_hosts - 3 addresses
Apr 18 21:01:08 cmp001 dnsmasq-dhcp[1994]: read /var/lib/neutron/dhcp/6ddb8f89-1ad1-4c5c-8ce9-8ad1a5bb2ec8/host
Apr 18 21:01:08 cmp001 dnsmasq-dhcp[1994]: read /var/lib/neutron/dhcp/6ddb8f89-1ad1-4c5c-8ce9-8ad1a5bb2ec8/opts
Apr 18 21:01:10 cmp001 dnsmasq[23548]: read /var/lib/neutron/dhcp/731cf4a6-fcd6-4114-bc6b-166e39619428/addn_hosts - 6 addresses
Apr 18 21:01:10 cmp001 dnsmasq-dhcp[23548]: read /var/lib/neutron/dhcp/731cf4a6-fcd6-4114-bc6b-166e39619428/host
Apr 18 21:01:10 cmp001 dnsmasq-dhcp[23548]: read /var/lib/neutron/dhcp/731cf4a6-fcd6-4114-bc6b-166e39619428/opts
Apr 18 21:01:12 cmp001 dnsmasq[23548]: read /var/lib/neutron/dhcp/731cf4a6-fcd6-4114-bc6b-166e39619428/addn_hosts - 6 addresses
Apr 18 21:01:12 cmp001 dnsmasq-dhcp[23548]: read /var/lib/neutron/dhcp/731cf4a6-fcd6-4114-bc6b-166e39619428/host
Apr 18 21:01:12 cmp001 dnsmasq-dhcp[23548]: read /var/lib/neutron/dhcp/731cf4a6-fcd6-4114-bc6b-166e39619428/opts
Apr 18 21:01:13 cmp001 dnsmasq[23548]: read /var/lib/neutron/dhcp/731cf4a6-fcd6-4114-bc6b-166e39619428/addn_hosts - 6 addresses
Apr 18 21:01:13 cmp001 dnsmasq-dhcp[23548]: read /var/lib/neutron/dhcp/731cf4a6-fcd6-4114-bc6b-166e39619428/host
Apr 18 21:01:13 cmp001 dnsmasq-dhcp[23548]: read /var/lib/neutron/dhcp/731cf4a6-fcd6-4114-bc6b-166e39619428/opts
Apr 18 21:01:14 cmp001 dnsmasq[1994]: read /var/lib/neutron/dhcp/6ddb8f89-1ad1-4c5c-8ce9-8ad1a5bb2ec8/addn_hosts - 3 addresses
Apr 18 21:01:14 cmp001 dnsmasq-dhcp[1994]: read /var/lib/neutron/dhcp/6ddb8f89-1ad1-4c5c-8ce9-8ad1a5bb2ec8/host
