Apr 18 20:51:04 cmp001 kernel: [ 5880.522261] device tapdc74762a-9b left promiscuous mode
Apr 18 20:51:05 cmp001 dnsmasq-dhcp[19620]: DHCPDISCOVER(tapacb281b3-37) fa:16:3e:09:7a:4d
Apr 18 20:51:05 cmp001 dnsmasq-dhcp[19620]: DHCPOFFER(tapacb281b3-37) 192.168.120.6 fa:16:3e:09:7a:4d
Apr 18 20:51:05 cmp001 dnsmasq-dhcp[19620]: DHCPREQUEST(tapacb281b3-37) 192.168.120.6 fa:16:3e:09:7a:4d
Apr 18 20:51:05 cmp001 dnsmasq-dhcp[19620]: DHCPACK(tapacb281b3-37) 192.168.120.6 fa:16:3e:09:7a:4d host-192-168-120-6
Apr 18 20:51:19 cmp001 dnsmasq-dhcp[19620]: DHCPRELEASE(tapacb281b3-37) 192.168.120.6 fa:16:3e:09:7a:4d
Apr 18 20:51:20 cmp001 dnsmasq-dhcp[19620]: DHCPRELEASE(tapacb281b3-37) 192.168.120.6 fa:16:3e:09:7a:4d unknown lease
Apr 18 20:51:21 cmp001 dnsmasq[19620]: read /var/lib/neutron/dhcp/7c1dac68-8777-4187-ba06-0ab8ed0e6ae3/addn_hosts - 3 addresses
Apr 18 20:51:21 cmp001 dnsmasq-dhcp[19620]: read /var/lib/neutron/dhcp/7c1dac68-8777-4187-ba06-0ab8ed0e6ae3/host
Apr 18 20:51:21 cmp001 dnsmasq-dhcp[19620]: read /var/lib/neutron/dhcp/7c1dac68-8777-4187-ba06-0ab8ed0e6ae3/opts
Apr 18 20:51:29 cmp001 dnsmasq-dhcp[19620]: DHCPRELEASE(tapacb281b3-37) 192.168.120.1 fa:16:3e:98:c9:39
Apr 18 20:51:30 cmp001 dnsmasq[19620]: read /var/lib/neutron/dhcp/7c1dac68-8777-4187-ba06-0ab8ed0e6ae3/addn_hosts - 2 addresses
Apr 18 20:51:30 cmp001 dnsmasq-dhcp[19620]: read /var/lib/neutron/dhcp/7c1dac68-8777-4187-ba06-0ab8ed0e6ae3/host
Apr 18 20:51:30 cmp001 dnsmasq-dhcp[19620]: read /var/lib/neutron/dhcp/7c1dac68-8777-4187-ba06-0ab8ed0e6ae3/opts
Apr 18 20:51:30 cmp001 kernel: [ 5907.138940] device tap701a9a28-44 entered promiscuous mode
Apr 18 20:51:30 cmp001 systemd-udevd[21948]: Could not generate persistent MAC address for tap701a9a28-44: No such file or directory
Apr 18 20:51:30 cmp001 libvirtd[14511]: 2019-04-18 20:51:30.695+0000: 14548: error : virNetDevSendEthtoolIoctl:3072 : ethtool ioctl error: No such device
Apr 18 20:51:30 cmp001 libvirtd[14511]: 2019-04-18 20:51:30.699+0000: 14548: error : virNetDevSendEthtoolIoctl:3072 : ethtool ioctl error: No such device
Apr 18 20:51:30 cmp001 libvirtd[14511]: 2019-04-18 20:51:30.701+0000: 14548: error : virNetDevSendEthtoolIoctl:3072 : ethtool ioctl error: No such device
Apr 18 20:51:30 cmp001 systemd-udevd[22019]: Process '/sbin/ip link set tap701a9a28-44 txqueuelen 10000' failed with exit code 1.
Apr 18 20:51:30 cmp001 libvirtd[14511]: 2019-04-18 20:51:30.704+0000: 14548: error : virNetDevSendEthtoolIoctl:3072 : ethtool ioctl error: No such device
Apr 18 20:51:30 cmp001 libvirtd[14511]: 2019-04-18 20:51:30.707+0000: 14548: error : virNetDevSendEthtoolIoctl:3072 : ethtool ioctl error: No such device
Apr 18 20:51:30 cmp001 libvirtd[14511]: 2019-04-18 20:51:30.711+0000: 14548: error : virNetDevSendEthtoolIoctl:3072 : ethtool ioctl error: No such device
Apr 18 20:51:30 cmp001 libvirtd[14511]: 2019-04-18 20:51:30.714+0000: 14548: error : virNetDevSendEthtoolIoctl:3072 : ethtool ioctl error: No such device
Apr 18 20:51:30 cmp001 libvirtd[14511]: 2019-04-18 20:51:30.717+0000: 14548: error : virNetDevSendEthtoolIoctl:3072 : ethtool ioctl error: No such device
Apr 18 20:51:31 cmp001 haproxy-metadata-proxy-7c1dac68-8777-4187-ba06-0ab8ed0e6ae3[22057]: Proxy listener started.
Apr 18 20:51:33 cmp001 dnsmasq-dhcp[19620]: DHCPRELEASE(tapacb281b3-37) 192.168.120.2 fa:16:3e:13:87:67
Apr 18 20:51:33 cmp001 dnsmasq[22111]: started, version 2.80 cachesize 150
Apr 18 20:51:33 cmp001 dnsmasq[22111]: DNS service limited to local subnets
Apr 18 20:51:33 cmp001 dnsmasq[22111]: compile time options: IPv6 GNU-getopt DBus i18n IDN DHCP DHCPv6 no-Lua TFTP conntrack ipset auth DNSSEC loop-detect inotify dumpfile
Apr 18 20:51:33 cmp001 dnsmasq[22111]: warning: no upstream servers configured
Apr 18 20:51:33 cmp001 dnsmasq-dhcp[22111]: DHCP, static leases only on 192.168.120.0, lease time 10m
Apr 18 20:51:33 cmp001 dnsmasq[22111]: read /var/lib/neutron/dhcp/ebd9af86-ccfa-4c49-8888-86cb85e3dd11/addn_hosts - 1 addresses
Apr 18 20:51:33 cmp001 dnsmasq-dhcp[22111]: read /var/lib/neutron/dhcp/ebd9af86-ccfa-4c49-8888-86cb85e3dd11/host
Apr 18 20:51:33 cmp001 dnsmasq-dhcp[22111]: read /var/lib/neutron/dhcp/ebd9af86-ccfa-4c49-8888-86cb85e3dd11/opts
Apr 18 20:51:34 cmp001 haproxy-metadata-proxy-ebd9af86-ccfa-4c49-8888-86cb85e3dd11[22118]: Proxy listener started.
Apr 18 20:51:34 cmp001 dnsmasq[19620]: read /var/lib/neutron/dhcp/7c1dac68-8777-4187-ba06-0ab8ed0e6ae3/addn_hosts - 1 addresses
Apr 18 20:51:34 cmp001 dnsmasq-dhcp[19620]: read /var/lib/neutron/dhcp/7c1dac68-8777-4187-ba06-0ab8ed0e6ae3/host
Apr 18 20:51:34 cmp001 dnsmasq-dhcp[19620]: read /var/lib/neutron/dhcp/7c1dac68-8777-4187-ba06-0ab8ed0e6ae3/opts
Apr 18 20:51:34 cmp001 kernel: [ 5911.096370] device tap701a9a28-44 left promiscuous mode
Apr 18 20:51:35 cmp001 kernel: [ 5911.936851] device tapacb281b3-37 left promiscuous mode
Apr 18 20:51:47 cmp001 systemd-udevd[22190]: Could not generate persistent MAC address for tap6cb188cc-2a: No such file or directory
Apr 18 20:51:47 cmp001 kernel: [ 5924.060597] device tap6cb188cc-2a entered promiscuous mode
Apr 18 20:51:47 cmp001 systemd-udevd[22259]: Process '/sbin/ip link set tap6cb188cc-2a txqueuelen 10000' failed with exit code 1.
Apr 18 20:51:47 cmp001 systemd-udevd[22279]: Could not generate persistent MAC address for tap8e30ff9e-e9: No such file or directory
Apr 18 20:51:47 cmp001 kernel: [ 5924.321153] device tap8e30ff9e-e9 entered promiscuous mode
Apr 18 20:51:47 cmp001 libvirtd[14511]: 2019-04-18 20:51:47.875+0000: 14548: error : virNetDevSendEthtoolIoctl:3072 : ethtool ioctl error: No such device
Apr 18 20:51:47 cmp001 libvirtd[14511]: 2019-04-18 20:51:47.879+0000: 14548: error : virNetDevSendEthtoolIoctl:3072 : ethtool ioctl error: No such device
Apr 18 20:51:47 cmp001 libvirtd[14511]: 2019-04-18 20:51:47.881+0000: 14548: error : virNetDevSendEthtoolIoctl:3072 : ethtool ioctl error: No such device
Apr 18 20:51:47 cmp001 systemd-udevd[22349]: Process '/sbin/ip link set tap8e30ff9e-e9 txqueuelen 10000' failed with exit code 1.
Apr 18 20:51:47 cmp001 libvirtd[14511]: 2019-04-18 20:51:47.883+0000: 14548: error : virNetDevSendEthtoolIoctl:3072 : ethtool ioctl error: No such device
Apr 18 20:51:47 cmp001 libvirtd[14511]: 2019-04-18 20:51:47.885+0000: 14548: error : virNetDevSendEthtoolIoctl:3072 : ethtool ioctl error: No such device
Apr 18 20:51:47 cmp001 libvirtd[14511]: 2019-04-18 20:51:47.887+0000: 14548: error : virNetDevSendEthtoolIoctl:3072 : ethtool ioctl error: No such device
Apr 18 20:51:47 cmp001 libvirtd[14511]: 2019-04-18 20:51:47.889+0000: 14548: error : virNetDevSendEthtoolIoctl:3072 : ethtool ioctl error: No such device
Apr 18 20:51:47 cmp001 libvirtd[14511]: 2019-04-18 20:51:47.891+0000: 14548: error : virNetDevSendEthtoolIoctl:3072 : ethtool ioctl error: No such device
Apr 18 20:51:51 cmp001 dnsmasq[22477]: started, version 2.80 cachesize 150
Apr 18 20:51:51 cmp001 dnsmasq[22477]: DNS service limited to local subnets
Apr 18 20:51:51 cmp001 dnsmasq[22477]: compile time options: IPv6 GNU-getopt DBus i18n IDN DHCP DHCPv6 no-Lua TFTP conntrack ipset auth DNSSEC loop-detect inotify dumpfile
Apr 18 20:51:51 cmp001 dnsmasq[22477]: warning: no upstream servers configured
Apr 18 20:51:51 cmp001 dnsmasq-dhcp[22477]: DHCP, static leases only on 192.168.120.0, lease time 10m
Apr 18 20:51:51 cmp001 dnsmasq[22477]: read /var/lib/neutron/dhcp/9590bf17-88db-466b-87c7-47924110f0b3/addn_hosts - 1 addresses
Apr 18 20:51:51 cmp001 dnsmasq-dhcp[22477]: read /var/lib/neutron/dhcp/9590bf17-88db-466b-87c7-47924110f0b3/host
Apr 18 20:51:51 cmp001 dnsmasq-dhcp[22477]: read /var/lib/neutron/dhcp/9590bf17-88db-466b-87c7-47924110f0b3/opts
Apr 18 20:51:51 cmp001 dnsmasq[22482]: started, version 2.80 cachesize 150
Apr 18 20:51:51 cmp001 dnsmasq[22482]: DNS service limited to local subnets
Apr 18 20:51:51 cmp001 dnsmasq[22482]: compile time options: IPv6 GNU-getopt DBus i18n IDN DHCP DHCPv6 no-Lua TFTP conntrack ipset auth DNSSEC loop-detect inotify dumpfile
Apr 18 20:51:51 cmp001 dnsmasq[22482]: warning: no upstream servers configured
Apr 18 20:51:51 cmp001 dnsmasq-dhcp[22482]: DHCP, static leases only on 192.168.120.0, lease time 10m
Apr 18 20:51:51 cmp001 dnsmasq[22482]: read /var/lib/neutron/dhcp/065aa411-f955-4fd8-ba12-e72956f693cc/addn_hosts - 1 addresses
Apr 18 20:51:51 cmp001 dnsmasq-dhcp[22482]: read /var/lib/neutron/dhcp/065aa411-f955-4fd8-ba12-e72956f693cc/host
Apr 18 20:51:51 cmp001 dnsmasq-dhcp[22482]: read /var/lib/neutron/dhcp/065aa411-f955-4fd8-ba12-e72956f693cc/opts
Apr 18 20:51:51 cmp001 haproxy-metadata-proxy-9590bf17-88db-466b-87c7-47924110f0b3[22486]: Proxy listener started.
Apr 18 20:51:51 cmp001 haproxy-metadata-proxy-065aa411-f955-4fd8-ba12-e72956f693cc[22489]: Proxy listener started.
Apr 18 20:51:52 cmp001 dnsmasq[22482]: read /var/lib/neutron/dhcp/065aa411-f955-4fd8-ba12-e72956f693cc/addn_hosts - 2 addresses
Apr 18 20:51:52 cmp001 dnsmasq-dhcp[22482]: read /var/lib/neutron/dhcp/065aa411-f955-4fd8-ba12-e72956f693cc/host
Apr 18 20:51:52 cmp001 dnsmasq-dhcp[22482]: read /var/lib/neutron/dhcp/065aa411-f955-4fd8-ba12-e72956f693cc/opts
Apr 18 20:51:52 cmp001 dnsmasq[22477]: read /var/lib/neutron/dhcp/9590bf17-88db-466b-87c7-47924110f0b3/addn_hosts - 2 addresses
Apr 18 20:51:52 cmp001 dnsmasq-dhcp[22477]: read /var/lib/neutron/dhcp/9590bf17-88db-466b-87c7-47924110f0b3/host
Apr 18 20:51:52 cmp001 dnsmasq-dhcp[22477]: read /var/lib/neutron/dhcp/9590bf17-88db-466b-87c7-47924110f0b3/opts
Apr 18 20:51:53 cmp001 dnsmasq[22482]: read /var/lib/neutron/dhcp/065aa411-f955-4fd8-ba12-e72956f693cc/addn_hosts - 3 addresses
Apr 18 20:51:53 cmp001 dnsmasq-dhcp[22482]: read /var/lib/neutron/dhcp/065aa411-f955-4fd8-ba12-e72956f693cc/host
Apr 18 20:51:53 cmp001 dnsmasq-dhcp[22482]: read /var/lib/neutron/dhcp/065aa411-f955-4fd8-ba12-e72956f693cc/opts
Apr 18 20:51:53 cmp001 dnsmasq[22477]: read /var/lib/neutron/dhcp/9590bf17-88db-466b-87c7-47924110f0b3/addn_hosts - 2 addresses
Apr 18 20:51:53 cmp001 dnsmasq-dhcp[22477]: read /var/lib/neutron/dhcp/9590bf17-88db-466b-87c7-47924110f0b3/host
Apr 18 20:51:53 cmp001 dnsmasq-dhcp[22477]: read /var/lib/neutron/dhcp/9590bf17-88db-466b-87c7-47924110f0b3/opts
Apr 18 20:51:54 cmp001 dnsmasq[22482]: read /var/lib/neutron/dhcp/065aa411-f955-4fd8-ba12-e72956f693cc/addn_hosts - 3 addresses
Apr 18 20:51:54 cmp001 dnsmasq-dhcp[22482]: read /var/lib/neutron/dhcp/065aa411-f955-4fd8-ba12-e72956f693cc/host
Apr 18 20:51:54 cmp001 dnsmasq-dhcp[22482]: read /var/lib/neutron/dhcp/065aa411-f955-4fd8-ba12-e72956f693cc/opts
Apr 18 20:51:55 cmp001 dnsmasq[22482]: read /var/lib/neutron/dhcp/065aa411-f955-4fd8-ba12-e72956f693cc/addn_hosts - 2 addresses
Apr 18 20:51:55 cmp001 dnsmasq-dhcp[22482]: read /var/lib/neutron/dhcp/065aa411-f955-4fd8-ba12-e72956f693cc/host
Apr 18 20:51:55 cmp001 dnsmasq-dhcp[22482]: read /var/lib/neutron/dhcp/065aa411-f955-4fd8-ba12-e72956f693cc/opts
Apr 18 20:51:56 cmp001 haproxy-metadata-proxy-065aa411-f955-4fd8-ba12-e72956f693cc[22600]: Proxy listener started.
Apr 18 20:51:59 cmp001 dnsmasq[22696]: started, version 2.80 cachesize 150
Apr 18 20:51:59 cmp001 dnsmasq[22696]: DNS service limited to local subnets
Apr 18 20:51:59 cmp001 dnsmasq[22696]: compile time options: IPv6 GNU-getopt DBus i18n IDN DHCP DHCPv6 no-Lua TFTP conntrack ipset auth DNSSEC loop-detect inotify dumpfile
Apr 18 20:51:59 cmp001 dnsmasq[22696]: warning: no upstream servers configured
Apr 18 20:51:59 cmp001 dnsmasq-dhcp[22696]: DHCP, static leases only on 192.168.120.0, lease time 10m
Apr 18 20:51:59 cmp001 dnsmasq[22696]: read /var/lib/neutron/dhcp/065aa411-f955-4fd8-ba12-e72956f693cc/addn_hosts - 2 addresses
Apr 18 20:51:59 cmp001 dnsmasq-dhcp[22696]: read /var/lib/neutron/dhcp/065aa411-f955-4fd8-ba12-e72956f693cc/host
Apr 18 20:51:59 cmp001 dnsmasq-dhcp[22696]: read /var/lib/neutron/dhcp/065aa411-f955-4fd8-ba12-e72956f693cc/opts
Apr 18 20:51:59 cmp001 dnsmasq[22700]: started, version 2.80 cachesize 150
Apr 18 20:51:59 cmp001 dnsmasq[22700]: DNS service limited to local subnets
Apr 18 20:51:59 cmp001 dnsmasq[22700]: compile time options: IPv6 GNU-getopt DBus i18n IDN DHCP DHCPv6 no-Lua TFTP conntrack ipset auth DNSSEC loop-detect inotify dumpfile
Apr 18 20:51:59 cmp001 dnsmasq[22700]: warning: no upstream servers configured
Apr 18 20:51:59 cmp001 dnsmasq-dhcp[22700]: DHCP, static leases only on 192.168.120.0, lease time 10m
Apr 18 20:51:59 cmp001 dnsmasq[22700]: read /var/lib/neutron/dhcp/9590bf17-88db-466b-87c7-47924110f0b3/addn_hosts - 2 addresses
Apr 18 20:51:59 cmp001 dnsmasq-dhcp[22700]: read /var/lib/neutron/dhcp/9590bf17-88db-466b-87c7-47924110f0b3/host
Apr 18 20:51:59 cmp001 dnsmasq-dhcp[22700]: read /var/lib/neutron/dhcp/9590bf17-88db-466b-87c7-47924110f0b3/opts
Apr 18 20:52:08 cmp001 dnsmasq-dhcp[22700]: DHCPRELEASE(tap6cb188cc-2a) 192.168.120.3 fa:16:3e:4e:d0:38
Apr 18 20:52:09 cmp001 dnsmasq[22700]: read /var/lib/neutron/dhcp/9590bf17-88db-466b-87c7-47924110f0b3/addn_hosts - 1 addresses
Apr 18 20:52:09 cmp001 dnsmasq-dhcp[22700]: read /var/lib/neutron/dhcp/9590bf17-88db-466b-87c7-47924110f0b3/host
Apr 18 20:52:09 cmp001 dnsmasq-dhcp[22700]: read /var/lib/neutron/dhcp/9590bf17-88db-466b-87c7-47924110f0b3/opts
Apr 18 20:52:10 cmp001 dnsmasq-dhcp[22696]: DHCPRELEASE(tap8e30ff9e-e9) 192.168.120.2 fa:16:3e:78:4b:03
Apr 18 20:52:10 cmp001 kernel: [ 5947.049279] device tap6cb188cc-2a left promiscuous mode
Apr 18 20:52:11 cmp001 dnsmasq[22696]: read /var/lib/neutron/dhcp/065aa411-f955-4fd8-ba12-e72956f693cc/addn_hosts - 1 addresses
Apr 18 20:52:11 cmp001 dnsmasq-dhcp[22696]: read /var/lib/neutron/dhcp/065aa411-f955-4fd8-ba12-e72956f693cc/host
Apr 18 20:52:11 cmp001 dnsmasq-dhcp[22696]: read /var/lib/neutron/dhcp/065aa411-f955-4fd8-ba12-e72956f693cc/opts
Apr 18 20:52:12 cmp001 kernel: [ 5948.800528] device tap8e30ff9e-e9 left promiscuous mode
Apr 18 20:52:42 cmp001 dnsmasq-dhcp[12284]: DHCPRELEASE(tapba8ff021-a2) 192.168.120.1 fa:16:3e:16:6f:97
Apr 18 20:52:43 cmp001 dnsmasq[12284]: read /var/lib/neutron/dhcp/b6d554f9-247b-437c-81f3-9c65802f4109/addn_hosts - 2 addresses
Apr 18 20:52:43 cmp001 dnsmasq-dhcp[12284]: read /var/lib/neutron/dhcp/b6d554f9-247b-437c-81f3-9c65802f4109/host
Apr 18 20:52:43 cmp001 dnsmasq-dhcp[12284]: read /var/lib/neutron/dhcp/b6d554f9-247b-437c-81f3-9c65802f4109/opts
Apr 18 20:52:43 cmp001 haproxy-metadata-proxy-b6d554f9-247b-437c-81f3-9c65802f4109[23057]: Proxy listener started.
Apr 18 20:52:46 cmp001 dnsmasq-dhcp[12284]: DHCPRELEASE(tapba8ff021-a2) 192.168.120.2 fa:16:3e:fa:07:10
Apr 18 20:52:47 cmp001 dnsmasq[12284]: read /var/lib/neutron/dhcp/b6d554f9-247b-437c-81f3-9c65802f4109/addn_hosts - 1 addresses
Apr 18 20:52:47 cmp001 dnsmasq-dhcp[12284]: read /var/lib/neutron/dhcp/b6d554f9-247b-437c-81f3-9c65802f4109/host
Apr 18 20:52:47 cmp001 dnsmasq-dhcp[12284]: read /var/lib/neutron/dhcp/b6d554f9-247b-437c-81f3-9c65802f4109/opts
Apr 18 20:52:48 cmp001 kernel: [ 5984.856703] device tapba8ff021-a2 left promiscuous mode
Apr 18 20:52:48 cmp001 kernel: [ 5985.104714] device vxlan_sys_4789 left promiscuous mode
Apr 18 20:52:59 cmp001 systemd-udevd[23123]: Could not generate persistent MAC address for tap75a34911-7b: No such file or directory
Apr 18 20:52:59 cmp001 kernel: [ 5995.604173] device tap75a34911-7b entered promiscuous mode
Apr 18 20:52:59 cmp001 systemd-udevd[23123]: Process '/sbin/ip link set tap75a34911-7b txqueuelen 10000' failed with exit code 1.
Apr 18 20:52:59 cmp001 libvirtd[14511]: 2019-04-18 20:52:59.192+0000: 14548: error : virFileReadAll:1420 : Failed to open file '/sys/class/net/tap75a34911-7b/operstate': No such file or directory
Apr 18 20:52:59 cmp001 libvirtd[14511]: 2019-04-18 20:52:59.192+0000: 14548: error : virNetDevGetLinkInfo:2552 : unable to read: /sys/class/net/tap75a34911-7b/operstate: No such file or directory
Apr 18 20:52:59 cmp001 systemd-udevd[23123]: Process '/sbin/ip link set tap75a34911-7b txqueuelen 10000' failed with exit code 1.
Apr 18 20:53:00 cmp001 kernel: [ 5996.871023] device vxlan_sys_4789 entered promiscuous mode
Apr 18 20:53:00 cmp001 systemd-udevd[23223]: Could not generate persistent MAC address for vxlan_sys_4789: No such file or directory
Apr 18 20:53:02 cmp001 dnsmasq[23328]: started, version 2.80 cachesize 150
Apr 18 20:53:02 cmp001 dnsmasq[23328]: DNS service limited to local subnets
Apr 18 20:53:02 cmp001 dnsmasq[23328]: compile time options: IPv6 GNU-getopt DBus i18n IDN DHCP DHCPv6 no-Lua TFTP conntrack ipset auth DNSSEC loop-detect inotify dumpfile
Apr 18 20:53:02 cmp001 dnsmasq[23328]: warning: no upstream servers configured
Apr 18 20:53:02 cmp001 dnsmasq-dhcp[23328]: DHCP, static leases only on 192.168.120.0, lease time 10m
Apr 18 20:53:02 cmp001 dnsmasq[23328]: read /var/lib/neutron/dhcp/731cf4a6-fcd6-4114-bc6b-166e39619428/addn_hosts - 1 addresses
Apr 18 20:53:02 cmp001 dnsmasq-dhcp[23328]: read /var/lib/neutron/dhcp/731cf4a6-fcd6-4114-bc6b-166e39619428/host
Apr 18 20:53:02 cmp001 dnsmasq-dhcp[23328]: read /var/lib/neutron/dhcp/731cf4a6-fcd6-4114-bc6b-166e39619428/opts
Apr 18 20:53:02 cmp001 haproxy-metadata-proxy-731cf4a6-fcd6-4114-bc6b-166e39619428[23332]: Proxy listener started.
Apr 18 20:53:03 cmp001 dnsmasq[23328]: read /var/lib/neutron/dhcp/731cf4a6-fcd6-4114-bc6b-166e39619428/addn_hosts - 3 addresses
Apr 18 20:53:03 cmp001 dnsmasq-dhcp[23328]: read /var/lib/neutron/dhcp/731cf4a6-fcd6-4114-bc6b-166e39619428/host
Apr 18 20:53:03 cmp001 dnsmasq-dhcp[23328]: read /var/lib/neutron/dhcp/731cf4a6-fcd6-4114-bc6b-166e39619428/opts
Apr 18 20:53:04 cmp001 dnsmasq[23328]: read /var/lib/neutron/dhcp/731cf4a6-fcd6-4114-bc6b-166e39619428/addn_hosts - 3 addresses
Apr 18 20:53:04 cmp001 dnsmasq-dhcp[23328]: read /var/lib/neutron/dhcp/731cf4a6-fcd6-4114-bc6b-166e39619428/host
Apr 18 20:53:04 cmp001 dnsmasq-dhcp[23328]: read /var/lib/neutron/dhcp/731cf4a6-fcd6-4114-bc6b-166e39619428/opts
Apr 18 20:53:10 cmp001 dnsmasq[23328]: read /var/lib/neutron/dhcp/731cf4a6-fcd6-4114-bc6b-166e39619428/addn_hosts - 3 addresses
Apr 18 20:53:10 cmp001 dnsmasq-dhcp[23328]: read /var/lib/neutron/dhcp/731cf4a6-fcd6-4114-bc6b-166e39619428/host
Apr 18 20:53:10 cmp001 dnsmasq-dhcp[23328]: read /var/lib/neutron/dhcp/731cf4a6-fcd6-4114-bc6b-166e39619428/opts
Apr 18 20:53:11 cmp001 dnsmasq[23328]: read /var/lib/neutron/dhcp/731cf4a6-fcd6-4114-bc6b-166e39619428/addn_hosts - 3 addresses
Apr 18 20:53:11 cmp001 dnsmasq-dhcp[23328]: read /var/lib/neutron/dhcp/731cf4a6-fcd6-4114-bc6b-166e39619428/host
Apr 18 20:53:11 cmp001 dnsmasq-dhcp[23328]: read /var/lib/neutron/dhcp/731cf4a6-fcd6-4114-bc6b-166e39619428/opts
Apr 18 20:53:13 cmp001 kernel: [ 6009.559279] device vxlan_sys_4789 left promiscuous mode
Apr 18 20:53:13 cmp001 systemd-udevd[23433]: Could not generate persistent MAC address for vxlan_sys_4789: No such file or directory
Apr 18 20:53:13 cmp001 kernel: [ 6009.587994] device vxlan_sys_4789 entered promiscuous mode
Apr 18 20:53:38 cmp001 dnsmasq[23548]: started, version 2.80 cachesize 150
Apr 18 20:53:38 cmp001 dnsmasq[23548]: DNS service limited to local subnets
Apr 18 20:53:38 cmp001 dnsmasq[23548]: compile time options: IPv6 GNU-getopt DBus i18n IDN DHCP DHCPv6 no-Lua TFTP conntrack ipset auth DNSSEC loop-detect inotify dumpfile
Apr 18 20:53:38 cmp001 dnsmasq[23548]: warning: no upstream servers configured
Apr 18 20:53:38 cmp001 dnsmasq-dhcp[23548]: DHCP, static leases only on 192.168.120.0, lease time 10m
Apr 18 20:53:38 cmp001 dnsmasq[23548]: read /var/lib/neutron/dhcp/731cf4a6-fcd6-4114-bc6b-166e39619428/addn_hosts - 3 addresses
Apr 18 20:53:38 cmp001 dnsmasq-dhcp[23548]: read /var/lib/neutron/dhcp/731cf4a6-fcd6-4114-bc6b-166e39619428/host
Apr 18 20:53:38 cmp001 dnsmasq-dhcp[23548]: read /var/lib/neutron/dhcp/731cf4a6-fcd6-4114-bc6b-166e39619428/opts
Apr 18 20:53:48 cmp001 kernel: [ 6045.039235] device tap11f8ac95-ca entered promiscuous mode
Apr 18 20:53:48 cmp001 systemd-udevd[23570]: Could not generate persistent MAC address for tap11f8ac95-ca: No such file or directory
Apr 18 20:53:48 cmp001 libvirtd[14511]: 2019-04-18 20:53:48.604+0000: 14548: error : virNetDevSendEthtoolIoctl:3072 : ethtool ioctl error: No such device
Apr 18 20:53:48 cmp001 libvirtd[14511]: 2019-04-18 20:53:48.607+0000: 14548: error : virNetDevSendEthtoolIoctl:3072 : ethtool ioctl error: No such device
Apr 18 20:53:48 cmp001 libvirtd[14511]: 2019-04-18 20:53:48.609+0000: 14548: error : virNetDevSendEthtoolIoctl:3072 : ethtool ioctl error: No such device
Apr 18 20:53:48 cmp001 libvirtd[14511]: 2019-04-18 20:53:48.611+0000: 14548: error : virNetDevSendEthtoolIoctl:3072 : ethtool ioctl error: No such device
Apr 18 20:53:48 cmp001 systemd-udevd[23639]: Process '/sbin/ip link set tap11f8ac95-ca txqueuelen 10000' failed with exit code 1.
Apr 18 20:53:48 cmp001 libvirtd[14511]: 2019-04-18 20:53:48.613+0000: 14548: error : virNetDevSendEthtoolIoctl:3072 : ethtool ioctl error: No such device
Apr 18 20:53:48 cmp001 libvirtd[14511]: 2019-04-18 20:53:48.615+0000: 14548: error : virNetDevSendEthtoolIoctl:3072 : ethtool ioctl error: No such device
Apr 18 20:53:48 cmp001 libvirtd[14511]: 2019-04-18 20:53:48.617+0000: 14548: error : virNetDevSendEthtoolIoctl:3072 : ethtool ioctl error: No such device
Apr 18 20:53:48 cmp001 libvirtd[14511]: 2019-04-18 20:53:48.619+0000: 14548: error : virNetDevSendEthtoolIoctl:3072 : ethtool ioctl error: No such device
Apr 18 20:53:51 cmp001 dnsmasq[23723]: started, version 2.80 cachesize 150
Apr 18 20:53:51 cmp001 dnsmasq[23723]: DNS service limited to local subnets
Apr 18 20:53:51 cmp001 dnsmasq[23723]: compile time options: IPv6 GNU-getopt DBus i18n IDN DHCP DHCPv6 no-Lua TFTP conntrack ipset auth DNSSEC loop-detect inotify dumpfile
Apr 18 20:53:51 cmp001 dnsmasq[23723]: warning: no upstream servers configured
Apr 18 20:53:51 cmp001 dnsmasq-dhcp[23723]: DHCP, static leases only on 192.168.120.0, lease time 10m
Apr 18 20:53:51 cmp001 dnsmasq[23723]: read /var/lib/neutron/dhcp/fa395649-69f8-4db3-abe9-dc8d99590ffe/addn_hosts - 1 addresses
Apr 18 20:53:51 cmp001 dnsmasq-dhcp[23723]: read /var/lib/neutron/dhcp/fa395649-69f8-4db3-abe9-dc8d99590ffe/host
Apr 18 20:53:51 cmp001 dnsmasq-dhcp[23723]: read /var/lib/neutron/dhcp/fa395649-69f8-4db3-abe9-dc8d99590ffe/opts
Apr 18 20:53:51 cmp001 haproxy-metadata-proxy-fa395649-69f8-4db3-abe9-dc8d99590ffe[23727]: Proxy listener started.
Apr 18 20:53:52 cmp001 dnsmasq[23723]: read /var/lib/neutron/dhcp/fa395649-69f8-4db3-abe9-dc8d99590ffe/addn_hosts - 3 addresses
Apr 18 20:53:52 cmp001 dnsmasq-dhcp[23723]: read /var/lib/neutron/dhcp/fa395649-69f8-4db3-abe9-dc8d99590ffe/host
Apr 18 20:53:52 cmp001 dnsmasq-dhcp[23723]: read /var/lib/neutron/dhcp/fa395649-69f8-4db3-abe9-dc8d99590ffe/opts
Apr 18 20:53:53 cmp001 dnsmasq[23723]: read /var/lib/neutron/dhcp/fa395649-69f8-4db3-abe9-dc8d99590ffe/addn_hosts - 3 addresses
Apr 18 20:53:53 cmp001 dnsmasq-dhcp[23723]: read /var/lib/neutron/dhcp/fa395649-69f8-4db3-abe9-dc8d99590ffe/host
Apr 18 20:53:53 cmp001 dnsmasq-dhcp[23723]: read /var/lib/neutron/dhcp/fa395649-69f8-4db3-abe9-dc8d99590ffe/opts
Apr 18 20:53:54 cmp001 dnsmasq[23548]: read /var/lib/neutron/dhcp/731cf4a6-fcd6-4114-bc6b-166e39619428/addn_hosts - 4 addresses
Apr 18 20:53:54 cmp001 dnsmasq-dhcp[23548]: read /var/lib/neutron/dhcp/731cf4a6-fcd6-4114-bc6b-166e39619428/host
Apr 18 20:53:54 cmp001 dnsmasq-dhcp[23548]: read /var/lib/neutron/dhcp/731cf4a6-fcd6-4114-bc6b-166e39619428/opts
Apr 18 20:53:55 cmp001 dnsmasq[23548]: read /var/lib/neutron/dhcp/731cf4a6-fcd6-4114-bc6b-166e39619428/addn_hosts - 4 addresses
Apr 18 20:53:55 cmp001 dnsmasq-dhcp[23548]: read /var/lib/neutron/dhcp/731cf4a6-fcd6-4114-bc6b-166e39619428/host
Apr 18 20:53:55 cmp001 dnsmasq-dhcp[23548]: read /var/lib/neutron/dhcp/731cf4a6-fcd6-4114-bc6b-166e39619428/opts
Apr 18 20:53:56 cmp001 ovs-vsctl: ovs|00001|vsctl|INFO|Called as ovs-vsctl -- --may-exist add-br br-int -- set Bridge br-int datapath_type=system
Apr 18 20:53:56 cmp001 dnsmasq[23548]: read /var/lib/neutron/dhcp/731cf4a6-fcd6-4114-bc6b-166e39619428/addn_hosts - 4 addresses
Apr 18 20:53:56 cmp001 dnsmasq-dhcp[23548]: read /var/lib/neutron/dhcp/731cf4a6-fcd6-4114-bc6b-166e39619428/host
Apr 18 20:53:56 cmp001 dnsmasq-dhcp[23548]: read /var/lib/neutron/dhcp/731cf4a6-fcd6-4114-bc6b-166e39619428/opts
Apr 18 20:53:57 cmp001 ovs-vsctl: ovs|00001|vsctl|INFO|Called as ovs-vsctl --timeout=5 -- --if-exists del-port tap124d4253-eb -- add-port br-int tap124d4253-eb -- set Interface tap124d4253-eb "external-ids:attached-mac=\"fa:16:3e:0d:a0:83\"" -- set Interface tap124d4253-eb "external-ids:iface-id=\"124d4253-ebc6-4d84-9ece-49563feb2135\"" -- set Interface tap124d4253-eb "external-ids:vm-id=\"8e424139-c452-481b-b5ad-6501e0dabc6b\"" -- set Interface tap124d4253-eb external-ids:iface-status=active
Apr 18 20:53:57 cmp001 kernel: [ 6053.634120] device tap124d4253-eb entered promiscuous mode
Apr 18 20:53:57 cmp001 libvirtd[14511]: 2019-04-18 20:53:57.145+0000: 14523: warning : qemuDomainObjTaint:5532 : Domain id=30 name='instance-00000030' uuid=8e424139-c452-481b-b5ad-6501e0dabc6b is tainted: host-cpu
Apr 18 20:53:59 cmp001 dnsmasq[23723]: read /var/lib/neutron/dhcp/fa395649-69f8-4db3-abe9-dc8d99590ffe/addn_hosts - 3 addresses
Apr 18 20:53:59 cmp001 dnsmasq-dhcp[23723]: read /var/lib/neutron/dhcp/fa395649-69f8-4db3-abe9-dc8d99590ffe/host
Apr 18 20:53:59 cmp001 dnsmasq-dhcp[23723]: read /var/lib/neutron/dhcp/fa395649-69f8-4db3-abe9-dc8d99590ffe/opts
Apr 18 20:54:00 cmp001 dnsmasq[23723]: read /var/lib/neutron/dhcp/fa395649-69f8-4db3-abe9-dc8d99590ffe/addn_hosts - 3 addresses
Apr 18 20:54:00 cmp001 dnsmasq-dhcp[23723]: read /var/lib/neutron/dhcp/fa395649-69f8-4db3-abe9-dc8d99590ffe/host
Apr 18 20:54:00 cmp001 dnsmasq-dhcp[23723]: read /var/lib/neutron/dhcp/fa395649-69f8-4db3-abe9-dc8d99590ffe/opts
Apr 18 20:54:03 cmp001 kernel: [ 6060.202071] device tap124d4253-eb left promiscuous mode
Apr 18 20:54:03 cmp001 systemd-udevd[24039]: Process '/sbin/ip link set tap124d4253-eb txqueuelen 10000' failed with exit code 1.
Apr 18 20:54:03 cmp001 ovs-vsctl: ovs|00001|vsctl|INFO|Called as ovs-vsctl --timeout=5 -- --if-exists del-port tap124d4253-eb
Apr 18 20:54:05 cmp001 dnsmasq[23548]: read /var/lib/neutron/dhcp/731cf4a6-fcd6-4114-bc6b-166e39619428/addn_hosts - 3 addresses
Apr 18 20:54:05 cmp001 dnsmasq-dhcp[23548]: read /var/lib/neutron/dhcp/731cf4a6-fcd6-4114-bc6b-166e39619428/host
Apr 18 20:54:05 cmp001 dnsmasq-dhcp[23548]: read /var/lib/neutron/dhcp/731cf4a6-fcd6-4114-bc6b-166e39619428/opts
Apr 18 20:54:11 cmp001 dnsmasq[24164]: started, version 2.80 cachesize 150
Apr 18 20:54:11 cmp001 dnsmasq[24164]: DNS service limited to local subnets
Apr 18 20:54:11 cmp001 dnsmasq[24164]: compile time options: IPv6 GNU-getopt DBus i18n IDN DHCP DHCPv6 no-Lua TFTP conntrack ipset auth DNSSEC loop-detect inotify dumpfile
Apr 18 20:54:11 cmp001 dnsmasq[24164]: warning: no upstream servers configured
Apr 18 20:54:11 cmp001 dnsmasq-dhcp[24164]: DHCP, static leases only on 192.168.120.0, lease time 10m
Apr 18 20:54:11 cmp001 dnsmasq[24164]: read /var/lib/neutron/dhcp/fa395649-69f8-4db3-abe9-dc8d99590ffe/addn_hosts - 3 addresses
Apr 18 20:54:11 cmp001 dnsmasq-dhcp[24164]: read /var/lib/neutron/dhcp/fa395649-69f8-4db3-abe9-dc8d99590ffe/host
Apr 18 20:54:11 cmp001 dnsmasq-dhcp[24164]: read /var/lib/neutron/dhcp/fa395649-69f8-4db3-abe9-dc8d99590ffe/opts
Apr 18 20:54:11 cmp001 dnsmasq[24164]: read /var/lib/neutron/dhcp/fa395649-69f8-4db3-abe9-dc8d99590ffe/addn_hosts - 4 addresses
Apr 18 20:54:11 cmp001 dnsmasq-dhcp[24164]: read /var/lib/neutron/dhcp/fa395649-69f8-4db3-abe9-dc8d99590ffe/host
Apr 18 20:54:11 cmp001 dnsmasq-dhcp[24164]: read /var/lib/neutron/dhcp/fa395649-69f8-4db3-abe9-dc8d99590ffe/opts
Apr 18 20:54:12 cmp001 dnsmasq[24164]: read /var/lib/neutron/dhcp/fa395649-69f8-4db3-abe9-dc8d99590ffe/addn_hosts - 4 addresses
Apr 18 20:54:12 cmp001 dnsmasq-dhcp[24164]: read /var/lib/neutron/dhcp/fa395649-69f8-4db3-abe9-dc8d99590ffe/host
Apr 18 20:54:12 cmp001 dnsmasq-dhcp[24164]: read /var/lib/neutron/dhcp/fa395649-69f8-4db3-abe9-dc8d99590ffe/opts
Apr 18 20:54:13 cmp001 dnsmasq[24164]: read /var/lib/neutron/dhcp/fa395649-69f8-4db3-abe9-dc8d99590ffe/addn_hosts - 4 addresses
Apr 18 20:54:13 cmp001 dnsmasq-dhcp[24164]: read /var/lib/neutron/dhcp/fa395649-69f8-4db3-abe9-dc8d99590ffe/host
Apr 18 20:54:13 cmp001 dnsmasq-dhcp[24164]: read /var/lib/neutron/dhcp/fa395649-69f8-4db3-abe9-dc8d99590ffe/opts
Apr 18 20:54:17 cmp001 dnsmasq[23548]: read /var/lib/neutron/dhcp/731cf4a6-fcd6-4114-bc6b-166e39619428/addn_hosts - 4 addresses
Apr 18 20:54:17 cmp001 dnsmasq-dhcp[23548]: read /var/lib/neutron/dhcp/731cf4a6-fcd6-4114-bc6b-166e39619428/host
Apr 18 20:54:17 cmp001 dnsmasq-dhcp[23548]: read /var/lib/neutron/dhcp/731cf4a6-fcd6-4114-bc6b-166e39619428/opts
Apr 18 20:54:18 cmp001 dnsmasq[23548]: read /var/lib/neutron/dhcp/731cf4a6-fcd6-4114-bc6b-166e39619428/addn_hosts - 4 addresses
Apr 18 20:54:18 cmp001 dnsmasq-dhcp[23548]: read /var/lib/neutron/dhcp/731cf4a6-fcd6-4114-bc6b-166e39619428/host
Apr 18 20:54:18 cmp001 dnsmasq-dhcp[23548]: read /var/lib/neutron/dhcp/731cf4a6-fcd6-4114-bc6b-166e39619428/opts
Apr 18 20:54:19 cmp001 ovs-vsctl: ovs|00001|vsctl|INFO|Called as ovs-vsctl -- --may-exist add-br br-int -- set Bridge br-int datapath_type=system
Apr 18 20:54:19 cmp001 dnsmasq[23548]: read /var/lib/neutron/dhcp/731cf4a6-fcd6-4114-bc6b-166e39619428/addn_hosts - 4 addresses
Apr 18 20:54:19 cmp001 dnsmasq-dhcp[23548]: read /var/lib/neutron/dhcp/731cf4a6-fcd6-4114-bc6b-166e39619428/host
Apr 18 20:54:19 cmp001 dnsmasq-dhcp[23548]: read /var/lib/neutron/dhcp/731cf4a6-fcd6-4114-bc6b-166e39619428/opts
Apr 18 20:54:20 cmp001 ovs-vsctl: ovs|00001|vsctl|INFO|Called as ovs-vsctl --timeout=5 -- --if-exists del-port tapb5f043c4-b6 -- add-port br-int tapb5f043c4-b6 -- set Interface tapb5f043c4-b6 "external-ids:attached-mac=\"fa:16:3e:16:90:7c\"" -- set Interface tapb5f043c4-b6 "external-ids:iface-id=\"b5f043c4-b63b-4c19-bcef-5f1b28addc30\"" -- set Interface tapb5f043c4-b6 "external-ids:vm-id=\"9f3b8253-3631-4027-ab62-17a021705cca\"" -- set Interface tapb5f043c4-b6 external-ids:iface-status=active
Apr 18 20:54:20 cmp001 kernel: [ 6076.546603] device tapb5f043c4-b6 entered promiscuous mode
Apr 18 20:54:20 cmp001 libvirtd[14511]: 2019-04-18 20:54:20.058+0000: 14519: warning : qemuDomainObjTaint:5532 : Domain id=31 name='instance-00000032' uuid=9f3b8253-3631-4027-ab62-17a021705cca is tainted: host-cpu
Apr 18 20:54:23 cmp001 kernel: [ 6079.877610] device tapb5f043c4-b6 left promiscuous mode
Apr 18 20:54:23 cmp001 systemd-udevd[24437]: Process '/sbin/ip link set tapb5f043c4-b6 txqueuelen 10000' failed with exit code 1.
Apr 18 20:54:23 cmp001 ovs-vsctl: ovs|00001|vsctl|INFO|Called as ovs-vsctl --timeout=5 -- --if-exists del-port tapb5f043c4-b6
Apr 18 20:54:25 cmp001 dnsmasq[23548]: read /var/lib/neutron/dhcp/731cf4a6-fcd6-4114-bc6b-166e39619428/addn_hosts - 3 addresses
Apr 18 20:54:25 cmp001 dnsmasq-dhcp[23548]: read /var/lib/neutron/dhcp/731cf4a6-fcd6-4114-bc6b-166e39619428/host
Apr 18 20:54:25 cmp001 dnsmasq-dhcp[23548]: read /var/lib/neutron/dhcp/731cf4a6-fcd6-4114-bc6b-166e39619428/opts
Apr 18 20:54:27 cmp001 dnsmasq-dhcp[24164]: DHCPDISCOVER(tap11f8ac95-ca) fa:16:3e:2d:3d:2f
Apr 18 20:54:27 cmp001 dnsmasq-dhcp[24164]: DHCPOFFER(tap11f8ac95-ca) 192.168.120.4 fa:16:3e:2d:3d:2f
Apr 18 20:54:30 cmp001 dnsmasq[23548]: read /var/lib/neutron/dhcp/731cf4a6-fcd6-4114-bc6b-166e39619428/addn_hosts - 4 addresses
Apr 18 20:54:30 cmp001 dnsmasq-dhcp[23548]: read /var/lib/neutron/dhcp/731cf4a6-fcd6-4114-bc6b-166e39619428/host
Apr 18 20:54:30 cmp001 dnsmasq-dhcp[23548]: read /var/lib/neutron/dhcp/731cf4a6-fcd6-4114-bc6b-166e39619428/opts
Apr 18 20:54:31 cmp001 dnsmasq[23548]: read /var/lib/neutron/dhcp/731cf4a6-fcd6-4114-bc6b-166e39619428/addn_hosts - 4 addresses
Apr 18 20:54:31 cmp001 dnsmasq-dhcp[23548]: read /var/lib/neutron/dhcp/731cf4a6-fcd6-4114-bc6b-166e39619428/host
Apr 18 20:54:31 cmp001 dnsmasq-dhcp[23548]: read /var/lib/neutron/dhcp/731cf4a6-fcd6-4114-bc6b-166e39619428/opts
Apr 18 20:54:31 cmp001 ovs-vsctl: ovs|00001|vsctl|INFO|Called as ovs-vsctl -- --may-exist add-br br-int -- set Bridge br-int datapath_type=system
Apr 18 20:54:32 cmp001 dnsmasq[23548]: read /var/lib/neutron/dhcp/731cf4a6-fcd6-4114-bc6b-166e39619428/addn_hosts - 4 addresses
Apr 18 20:54:32 cmp001 dnsmasq-dhcp[23548]: read /var/lib/neutron/dhcp/731cf4a6-fcd6-4114-bc6b-166e39619428/host
Apr 18 20:54:32 cmp001 dnsmasq-dhcp[23548]: read /var/lib/neutron/dhcp/731cf4a6-fcd6-4114-bc6b-166e39619428/opts
Apr 18 20:54:32 cmp001 dnsmasq[24164]: read /var/lib/neutron/dhcp/fa395649-69f8-4db3-abe9-dc8d99590ffe/addn_hosts - 3 addresses
Apr 18 20:54:32 cmp001 dnsmasq-dhcp[24164]: read /var/lib/neutron/dhcp/fa395649-69f8-4db3-abe9-dc8d99590ffe/host
Apr 18 20:54:32 cmp001 dnsmasq-dhcp[24164]: read /var/lib/neutron/dhcp/fa395649-69f8-4db3-abe9-dc8d99590ffe/opts
Apr 18 20:54:32 cmp001 ovs-vsctl: ovs|00001|vsctl|INFO|Called as ovs-vsctl --timeout=5 -- --if-exists del-port tap1692499a-13 -- add-port br-int tap1692499a-13 -- set Interface tap1692499a-13 "external-ids:attached-mac=\"fa:16:3e:18:84:ce\"" -- set Interface tap1692499a-13 "external-ids:iface-id=\"1692499a-13eb-431c-b2a1-e4a7673b0a5a\"" -- set Interface tap1692499a-13 "external-ids:vm-id=\"3ee678ae-750b-4a88-bdd1-f122f1dfe11d\"" -- set Interface tap1692499a-13 external-ids:iface-status=active
Apr 18 20:54:32 cmp001 kernel: [ 6089.177845] device tap1692499a-13 entered promiscuous mode
Apr 18 20:54:32 cmp001 libvirtd[14511]: 2019-04-18 20:54:32.689+0000: 14520: warning : qemuDomainObjTaint:5532 : Domain id=32 name='instance-00000033' uuid=3ee678ae-750b-4a88-bdd1-f122f1dfe11d is tainted: host-cpu
Apr 18 20:54:37 cmp001 dnsmasq[24164]: read /var/lib/neutron/dhcp/fa395649-69f8-4db3-abe9-dc8d99590ffe/addn_hosts - 4 addresses
Apr 18 20:54:37 cmp001 dnsmasq-dhcp[24164]: read /var/lib/neutron/dhcp/fa395649-69f8-4db3-abe9-dc8d99590ffe/host
Apr 18 20:54:37 cmp001 dnsmasq-dhcp[24164]: read /var/lib/neutron/dhcp/fa395649-69f8-4db3-abe9-dc8d99590ffe/opts
Apr 18 20:54:37 cmp001 kernel: [ 6094.233532] device tap1692499a-13 left promiscuous mode
Apr 18 20:54:37 cmp001 systemd-udevd[24778]: Process '/sbin/ip link set tap1692499a-13 txqueuelen 10000' failed with exit code 1.
Apr 18 20:54:37 cmp001 ovs-vsctl: ovs|00001|vsctl|INFO|Called as ovs-vsctl --timeout=5 -- --if-exists del-port tap1692499a-13
Apr 18 20:54:38 cmp001 dnsmasq[24164]: read /var/lib/neutron/dhcp/fa395649-69f8-4db3-abe9-dc8d99590ffe/addn_hosts - 4 addresses
Apr 18 20:54:38 cmp001 dnsmasq-dhcp[24164]: read /var/lib/neutron/dhcp/fa395649-69f8-4db3-abe9-dc8d99590ffe/host
Apr 18 20:54:38 cmp001 dnsmasq-dhcp[24164]: read /var/lib/neutron/dhcp/fa395649-69f8-4db3-abe9-dc8d99590ffe/opts
Apr 18 20:54:38 cmp001 ovs-vsctl: ovs|00001|vsctl|INFO|Called as ovs-vsctl -- --may-exist add-br br-int -- set Bridge br-int datapath_type=system
Apr 18 20:54:39 cmp001 dnsmasq[24164]: read /var/lib/neutron/dhcp/fa395649-69f8-4db3-abe9-dc8d99590ffe/addn_hosts - 4 addresses
Apr 18 20:54:39 cmp001 dnsmasq-dhcp[24164]: read /var/lib/neutron/dhcp/fa395649-69f8-4db3-abe9-dc8d99590ffe/host
Apr 18 20:54:39 cmp001 dnsmasq-dhcp[24164]: read /var/lib/neutron/dhcp/fa395649-69f8-4db3-abe9-dc8d99590ffe/opts
Apr 18 20:54:39 cmp001 ovs-vsctl: ovs|00001|vsctl|INFO|Called as ovs-vsctl --timeout=5 -- --if-exists del-port tape2f9268c-dd -- add-port br-int tape2f9268c-dd -- set Interface tape2f9268c-dd "external-ids:attached-mac=\"fa:16:3e:b1:cb:b1\"" -- set Interface tape2f9268c-dd "external-ids:iface-id=\"e2f9268c-dda9-4638-b0b4-54f582c3c7f7\"" -- set Interface tape2f9268c-dd "external-ids:vm-id=\"5803dc4a-b9b3-49a1-a0e1-65a3f4aa0319\"" -- set Interface tape2f9268c-dd external-ids:iface-status=active
Apr 18 20:54:39 cmp001 kernel: [ 6096.404147] device tape2f9268c-dd entered promiscuous mode
Apr 18 20:54:39 cmp001 libvirtd[14511]: 2019-04-18 20:54:39.918+0000: 14523: warning : qemuDomainObjTaint:5532 : Domain id=33 name='instance-00000034' uuid=5803dc4a-b9b3-49a1-a0e1-65a3f4aa0319 is tainted: host-cpu
Apr 18 20:54:40 cmp001 dnsmasq[23548]: read /var/lib/neutron/dhcp/731cf4a6-fcd6-4114-bc6b-166e39619428/addn_hosts - 3 addresses
Apr 18 20:54:40 cmp001 dnsmasq-dhcp[23548]: read /var/lib/neutron/dhcp/731cf4a6-fcd6-4114-bc6b-166e39619428/host
Apr 18 20:54:40 cmp001 dnsmasq-dhcp[23548]: read /var/lib/neutron/dhcp/731cf4a6-fcd6-4114-bc6b-166e39619428/opts
Apr 18 20:54:51 cmp001 dnsmasq-dhcp[24164]: DHCPDISCOVER(tap11f8ac95-ca) fa:16:3e:b1:cb:b1
Apr 18 20:54:51 cmp001 dnsmasq-dhcp[24164]: DHCPOFFER(tap11f8ac95-ca) 192.168.120.9 fa:16:3e:b1:cb:b1
Apr 18 20:54:51 cmp001 dnsmasq-dhcp[24164]: DHCPREQUEST(tap11f8ac95-ca) 192.168.120.9 fa:16:3e:b1:cb:b1
Apr 18 20:54:51 cmp001 dnsmasq-dhcp[24164]: DHCPACK(tap11f8ac95-ca) 192.168.120.9 fa:16:3e:b1:cb:b1 host-192-168-120-9
Apr 18 20:54:56 cmp001 kernel: [ 6112.921874] device tape2f9268c-dd left promiscuous mode
Apr 18 20:54:56 cmp001 systemd-udevd[25090]: Process '/sbin/ip link set tape2f9268c-dd txqueuelen 10000' failed with exit code 1.
Apr 18 20:54:56 cmp001 ovs-vsctl: ovs|00001|vsctl|INFO|Called as ovs-vsctl --timeout=5 -- --if-exists del-port tape2f9268c-dd
Apr 18 20:54:58 cmp001 dnsmasq-dhcp[24164]: DHCPRELEASE(tap11f8ac95-ca) 192.168.120.9 fa:16:3e:b1:cb:b1
Apr 18 20:54:58 cmp001 dnsmasq-dhcp[24164]: DHCPRELEASE(tap11f8ac95-ca) 192.168.120.9 fa:16:3e:b1:cb:b1 unknown lease
Apr 18 20:54:59 cmp001 dnsmasq[24164]: read /var/lib/neutron/dhcp/fa395649-69f8-4db3-abe9-dc8d99590ffe/addn_hosts - 3 addresses
Apr 18 20:54:59 cmp001 dnsmasq-dhcp[24164]: read /var/lib/neutron/dhcp/fa395649-69f8-4db3-abe9-dc8d99590ffe/host
Apr 18 20:54:59 cmp001 dnsmasq-dhcp[24164]: read /var/lib/neutron/dhcp/fa395649-69f8-4db3-abe9-dc8d99590ffe/opts
Apr 18 20:55:02 cmp001 dnsmasq[23548]: read /var/lib/neutron/dhcp/731cf4a6-fcd6-4114-bc6b-166e39619428/addn_hosts - 4 addresses
Apr 18 20:55:02 cmp001 dnsmasq-dhcp[23548]: read /var/lib/neutron/dhcp/731cf4a6-fcd6-4114-bc6b-166e39619428/host
Apr 18 20:55:02 cmp001 dnsmasq-dhcp[23548]: read /var/lib/neutron/dhcp/731cf4a6-fcd6-4114-bc6b-166e39619428/opts
Apr 18 20:55:03 cmp001 dnsmasq[23548]: read /var/lib/neutron/dhcp/731cf4a6-fcd6-4114-bc6b-166e39619428/addn_hosts - 4 addresses
Apr 18 20:55:03 cmp001 dnsmasq-dhcp[23548]: read /var/lib/neutron/dhcp/731cf4a6-fcd6-4114-bc6b-166e39619428/host
Apr 18 20:55:03 cmp001 dnsmasq-dhcp[23548]: read /var/lib/neutron/dhcp/731cf4a6-fcd6-4114-bc6b-166e39619428/opts
Apr 18 20:55:03 cmp001 ovs-vsctl: ovs|00001|vsctl|INFO|Called as ovs-vsctl -- --may-exist add-br br-int -- set Bridge br-int datapath_type=system
Apr 18 20:55:04 cmp001 dnsmasq[23548]: read /var/lib/neutron/dhcp/731cf4a6-fcd6-4114-bc6b-166e39619428/addn_hosts - 4 addresses
Apr 18 20:55:04 cmp001 dnsmasq-dhcp[23548]: read /var/lib/neutron/dhcp/731cf4a6-fcd6-4114-bc6b-166e39619428/host
Apr 18 20:55:04 cmp001 dnsmasq-dhcp[23548]: read /var/lib/neutron/dhcp/731cf4a6-fcd6-4114-bc6b-166e39619428/opts
Apr 18 20:55:04 cmp001 ovs-vsctl: ovs|00001|vsctl|INFO|Called as ovs-vsctl --timeout=5 -- --if-exists del-port tap9de3b0e7-b5 -- add-port br-int tap9de3b0e7-b5 -- set Interface tap9de3b0e7-b5 "external-ids:attached-mac=\"fa:16:3e:6d:74:dc\"" -- set Interface tap9de3b0e7-b5 "external-ids:iface-id=\"9de3b0e7-b5c7-4748-a4ac-969d1e51b291\"" -- set Interface tap9de3b0e7-b5 "external-ids:vm-id=\"9a921325-bb81-42ea-a22a-ea50508830b5\"" -- set Interface tap9de3b0e7-b5 external-ids:iface-status=active
Apr 18 20:55:04 cmp001 kernel: [ 6120.852402] device tap9de3b0e7-b5 entered promiscuous mode
Apr 18 20:55:04 cmp001 libvirtd[14511]: 2019-04-18 20:55:04.364+0000: 14518: warning : qemuDomainObjTaint:5532 : Domain id=34 name='instance-00000035' uuid=9a921325-bb81-42ea-a22a-ea50508830b5 is tainted: host-cpu
Apr 18 20:55:12 cmp001 dnsmasq[23548]: read /var/lib/neutron/dhcp/731cf4a6-fcd6-4114-bc6b-166e39619428/addn_hosts - 5 addresses
Apr 18 20:55:12 cmp001 dnsmasq-dhcp[23548]: read /var/lib/neutron/dhcp/731cf4a6-fcd6-4114-bc6b-166e39619428/host
Apr 18 20:55:12 cmp001 dnsmasq-dhcp[23548]: read /var/lib/neutron/dhcp/731cf4a6-fcd6-4114-bc6b-166e39619428/opts
Apr 18 20:55:13 cmp001 dnsmasq-dhcp[24164]: DHCPRELEASE(tap11f8ac95-ca) 192.168.120.1 fa:16:3e:1c:a9:63
Apr 18 20:55:13 cmp001 dnsmasq[23548]: read /var/lib/neutron/dhcp/731cf4a6-fcd6-4114-bc6b-166e39619428/addn_hosts - 5 addresses
Apr 18 20:55:13 cmp001 dnsmasq-dhcp[23548]: read /var/lib/neutron/dhcp/731cf4a6-fcd6-4114-bc6b-166e39619428/host
Apr 18 20:55:13 cmp001 dnsmasq-dhcp[23548]: read /var/lib/neutron/dhcp/731cf4a6-fcd6-4114-bc6b-166e39619428/opts
Apr 18 20:55:14 cmp001 ovs-vsctl: ovs|00001|vsctl|INFO|Called as ovs-vsctl -- --may-exist add-br br-int -- set Bridge br-int datapath_type=system
Apr 18 20:55:14 cmp001 dnsmasq[24164]: read /var/lib/neutron/dhcp/fa395649-69f8-4db3-abe9-dc8d99590ffe/addn_hosts - 2 addresses
Apr 18 20:55:14 cmp001 dnsmasq-dhcp[24164]: read /var/lib/neutron/dhcp/fa395649-69f8-4db3-abe9-dc8d99590ffe/host
Apr 18 20:55:14 cmp001 dnsmasq-dhcp[24164]: read /var/lib/neutron/dhcp/fa395649-69f8-4db3-abe9-dc8d99590ffe/opts
Apr 18 20:55:14 cmp001 dnsmasq[23548]: read /var/lib/neutron/dhcp/731cf4a6-fcd6-4114-bc6b-166e39619428/addn_hosts - 5 addresses
Apr 18 20:55:14 cmp001 dnsmasq-dhcp[23548]: read /var/lib/neutron/dhcp/731cf4a6-fcd6-4114-bc6b-166e39619428/host
Apr 18 20:55:14 cmp001 dnsmasq-dhcp[23548]: read /var/lib/neutron/dhcp/731cf4a6-fcd6-4114-bc6b-166e39619428/opts
Apr 18 20:55:15 cmp001 ovs-vsctl: ovs|00001|vsctl|INFO|Called as ovs-vsctl --timeout=5 -- --if-exists del-port tapcbb26c12-76 -- add-port br-int tapcbb26c12-76 -- set Interface tapcbb26c12-76 "external-ids:attached-mac=\"fa:16:3e:24:4c:aa\"" -- set Interface tapcbb26c12-76 "external-ids:iface-id=\"cbb26c12-76a1-468c-bfc3-7c7bfea94047\"" -- set Interface tapcbb26c12-76 "external-ids:vm-id=\"e330d5b7-f5c7-463b-830a-5449ec9571fc\"" -- set Interface tapcbb26c12-76 external-ids:iface-status=active
Apr 18 20:55:15 cmp001 kernel: [ 6131.861611] device tapcbb26c12-76 entered promiscuous mode
Apr 18 20:55:15 cmp001 libvirtd[14511]: 2019-04-18 20:55:15.373+0000: 14518: warning : qemuDomainObjTaint:5532 : Domain id=35 name='instance-00000036' uuid=e330d5b7-f5c7-463b-830a-5449ec9571fc is tainted: host-cpu
Apr 18 20:55:15 cmp001 haproxy-metadata-proxy-fa395649-69f8-4db3-abe9-dc8d99590ffe[25624]: Proxy listener started.
Apr 18 20:55:15 cmp001 dnsmasq-dhcp[23548]: DHCPDISCOVER(tap75a34911-7b) fa:16:3e:6d:74:dc
Apr 18 20:55:15 cmp001 dnsmasq-dhcp[23548]: DHCPOFFER(tap75a34911-7b) 192.168.120.4 fa:16:3e:6d:74:dc
Apr 18 20:55:15 cmp001 dnsmasq-dhcp[23548]: DHCPREQUEST(tap75a34911-7b) 192.168.120.4 fa:16:3e:6d:74:dc
Apr 18 20:55:15 cmp001 dnsmasq-dhcp[23548]: DHCPACK(tap75a34911-7b) 192.168.120.4 fa:16:3e:6d:74:dc host-192-168-120-4
Apr 18 20:55:17 cmp001 dnsmasq-dhcp[24164]: DHCPRELEASE(tap11f8ac95-ca) 192.168.120.2 fa:16:3e:77:9a:c6
Apr 18 20:55:18 cmp001 kernel: [ 6134.893487] device tapcbb26c12-76 left promiscuous mode
Apr 18 20:55:18 cmp001 systemd-udevd[25741]: Process '/sbin/ip link set tapcbb26c12-76 txqueuelen 10000' failed with exit code 1.
Apr 18 20:55:18 cmp001 dnsmasq[24164]: read /var/lib/neutron/dhcp/fa395649-69f8-4db3-abe9-dc8d99590ffe/addn_hosts - 1 addresses
Apr 18 20:55:18 cmp001 dnsmasq-dhcp[24164]: read /var/lib/neutron/dhcp/fa395649-69f8-4db3-abe9-dc8d99590ffe/host
Apr 18 20:55:18 cmp001 dnsmasq-dhcp[24164]: read /var/lib/neutron/dhcp/fa395649-69f8-4db3-abe9-dc8d99590ffe/opts
Apr 18 20:55:18 cmp001 ovs-vsctl: ovs|00001|vsctl|INFO|Called as ovs-vsctl --timeout=5 -- --if-exists del-port tapcbb26c12-76
Apr 18 20:55:19 cmp001 kernel: [ 6136.197943] device tap11f8ac95-ca left promiscuous mode
Apr 18 20:55:22 cmp001 dnsmasq[23548]: read /var/lib/neutron/dhcp/731cf4a6-fcd6-4114-bc6b-166e39619428/addn_hosts - 4 addresses
Apr 18 20:55:22 cmp001 dnsmasq-dhcp[23548]: read /var/lib/neutron/dhcp/731cf4a6-fcd6-4114-bc6b-166e39619428/host
Apr 18 20:55:22 cmp001 dnsmasq-dhcp[23548]: read /var/lib/neutron/dhcp/731cf4a6-fcd6-4114-bc6b-166e39619428/opts
Apr 18 20:55:23 cmp001 kernel: [ 6139.789466] device tap9de3b0e7-b5 left promiscuous mode
Apr 18 20:55:23 cmp001 systemd-udevd[25818]: Process '/sbin/ip link set tap9de3b0e7-b5 txqueuelen 10000' failed with exit code 1.
Apr 18 20:55:23 cmp001 ovs-vsctl: ovs|00001|vsctl|INFO|Called as ovs-vsctl --timeout=5 -- --if-exists del-port tap9de3b0e7-b5
Apr 18 20:55:25 cmp001 dnsmasq-dhcp[23548]: DHCPRELEASE(tap75a34911-7b) 192.168.120.4 fa:16:3e:6d:74:dc
Apr 18 20:55:25 cmp001 dnsmasq-dhcp[23548]: DHCPRELEASE(tap75a34911-7b) 192.168.120.4 fa:16:3e:6d:74:dc unknown lease
Apr 18 20:55:26 cmp001 dnsmasq[23548]: read /var/lib/neutron/dhcp/731cf4a6-fcd6-4114-bc6b-166e39619428/addn_hosts - 3 addresses
Apr 18 20:55:26 cmp001 dnsmasq-dhcp[23548]: read /var/lib/neutron/dhcp/731cf4a6-fcd6-4114-bc6b-166e39619428/host
Apr 18 20:55:26 cmp001 dnsmasq-dhcp[23548]: read /var/lib/neutron/dhcp/731cf4a6-fcd6-4114-bc6b-166e39619428/opts
Apr 18 20:55:36 cmp001 ovs-vsctl: ovs|00001|vsctl|INFO|Called as ovs-vsctl -- --may-exist add-br br-int -- set Bridge br-int datapath_type=system
Apr 18 20:55:40 cmp001 ovs-vsctl: ovs|00001|vsctl|INFO|Called as ovs-vsctl --timeout=5 -- --if-exists del-port tapd52aeb88-e3 -- add-port br-int tapd52aeb88-e3 -- set Interface tapd52aeb88-e3 "external-ids:attached-mac=\"fa:16:3e:fd:91:ff\"" -- set Interface tapd52aeb88-e3 "external-ids:iface-id=\"d52aeb88-e399-4a36-8d88-91b0070e4e8f\"" -- set Interface tapd52aeb88-e3 "external-ids:vm-id=\"52ca6141-e6b1-435d-8438-24134e5a3178\"" -- set Interface tapd52aeb88-e3 external-ids:iface-status=active
Apr 18 20:55:40 cmp001 kernel: [ 6157.016095] device tapd52aeb88-e3 entered promiscuous mode
Apr 18 20:55:40 cmp001 libvirtd[14511]: 2019-04-18 20:55:40.528+0000: 14521: warning : qemuDomainObjTaint:5532 : Domain id=36 name='instance-00000037' uuid=52ca6141-e6b1-435d-8438-24134e5a3178 is tainted: host-cpu
Apr 18 20:55:45 cmp001 ovs-vsctl: ovs|00001|vsctl|INFO|Called as ovs-vsctl -- --may-exist add-br br-int -- set Bridge br-int datapath_type=system
Apr 18 20:55:49 cmp001 ovs-vsctl: ovs|00001|vsctl|INFO|Called as ovs-vsctl --timeout=5 -- --if-exists del-port tap6cd5bed8-cf -- add-port br-int tap6cd5bed8-cf -- set Interface tap6cd5bed8-cf "external-ids:attached-mac=\"fa:16:3e:52:c8:63\"" -- set Interface tap6cd5bed8-cf "external-ids:iface-id=\"6cd5bed8-cfba-4f84-924b-f57ac6003150\"" -- set Interface tap6cd5bed8-cf "external-ids:vm-id=\"6a9f6ac7-c44c-4fb5-9700-da61b8be6726\"" -- set Interface tap6cd5bed8-cf external-ids:iface-status=active
Apr 18 20:55:49 cmp001 kernel: [ 6165.812628] device tap6cd5bed8-cf entered promiscuous mode
Apr 18 20:55:49 cmp001 libvirtd[14511]: 2019-04-18 20:55:49.326+0000: 14520: warning : qemuDomainObjTaint:5532 : Domain id=37 name='instance-00000038' uuid=6a9f6ac7-c44c-4fb5-9700-da61b8be6726 is tainted: host-cpu
Apr 18 20:55:51 cmp001 dnsmasq[23548]: read /var/lib/neutron/dhcp/731cf4a6-fcd6-4114-bc6b-166e39619428/addn_hosts - 4 addresses
Apr 18 20:55:51 cmp001 dnsmasq-dhcp[23548]: read /var/lib/neutron/dhcp/731cf4a6-fcd6-4114-bc6b-166e39619428/host
Apr 18 20:55:51 cmp001 dnsmasq-dhcp[23548]: read /var/lib/neutron/dhcp/731cf4a6-fcd6-4114-bc6b-166e39619428/opts
Apr 18 20:55:53 cmp001 dnsmasq[23548]: read /var/lib/neutron/dhcp/731cf4a6-fcd6-4114-bc6b-166e39619428/addn_hosts - 4 addresses
Apr 18 20:55:53 cmp001 dnsmasq-dhcp[23548]: read /var/lib/neutron/dhcp/731cf4a6-fcd6-4114-bc6b-166e39619428/host
Apr 18 20:55:53 cmp001 dnsmasq-dhcp[23548]: read /var/lib/neutron/dhcp/731cf4a6-fcd6-4114-bc6b-166e39619428/opts
Apr 18 20:55:53 cmp001 ovs-vsctl: ovs|00001|vsctl|INFO|Called as ovs-vsctl -- --may-exist add-br br-int -- set Bridge br-int datapath_type=system
Apr 18 20:55:53 cmp001 dnsmasq[23548]: read /var/lib/neutron/dhcp/731cf4a6-fcd6-4114-bc6b-166e39619428/addn_hosts - 4 addresses
Apr 18 20:55:53 cmp001 dnsmasq-dhcp[23548]: read /var/lib/neutron/dhcp/731cf4a6-fcd6-4114-bc6b-166e39619428/host
Apr 18 20:55:53 cmp001 dnsmasq-dhcp[23548]: read /var/lib/neutron/dhcp/731cf4a6-fcd6-4114-bc6b-166e39619428/opts
Apr 18 20:55:54 cmp001 ovs-vsctl: ovs|00001|vsctl|INFO|Called as ovs-vsctl --timeout=5 -- --if-exists del-port tapb42ade72-ed -- add-port br-int tapb42ade72-ed -- set Interface tapb42ade72-ed "external-ids:attached-mac=\"fa:16:3e:8d:59:92\"" -- set Interface tapb42ade72-ed "external-ids:iface-id=\"b42ade72-ed59-4e34-9152-244f215aef72\"" -- set Interface tapb42ade72-ed "external-ids:vm-id=\"0b2d0e18-8a6b-47db-bc32-915fad51f087\"" -- set Interface tapb42ade72-ed external-ids:iface-status=active
Apr 18 20:55:54 cmp001 kernel: [ 6170.859671] device tapb42ade72-ed entered promiscuous mode
Apr 18 20:55:54 cmp001 libvirtd[14511]: 2019-04-18 20:55:54.371+0000: 14520: warning : qemuDomainObjTaint:5532 : Domain id=38 name='instance-0000003a' uuid=0b2d0e18-8a6b-47db-bc32-915fad51f087 is tainted: host-cpu
Apr 18 20:55:59 cmp001 kernel: [ 6175.993140] device tapb42ade72-ed left promiscuous mode
Apr 18 20:55:59 cmp001 systemd-udevd[26445]: Process '/sbin/ip link set tapb42ade72-ed txqueuelen 10000' failed with exit code 1.
Apr 18 20:55:59 cmp001 ovs-vsctl: ovs|00001|vsctl|INFO|Called as ovs-vsctl --timeout=5 -- --if-exists del-port tapb42ade72-ed
Apr 18 20:56:01 cmp001 ovs-vsctl: ovs|00001|vsctl|INFO|Called as ovs-vsctl -- --may-exist add-br br-int -- set Bridge br-int datapath_type=system
Apr 18 20:56:01 cmp001 dnsmasq[23548]: read /var/lib/neutron/dhcp/731cf4a6-fcd6-4114-bc6b-166e39619428/addn_hosts - 3 addresses
Apr 18 20:56:01 cmp001 dnsmasq-dhcp[23548]: read /var/lib/neutron/dhcp/731cf4a6-fcd6-4114-bc6b-166e39619428/host
Apr 18 20:56:01 cmp001 dnsmasq-dhcp[23548]: read /var/lib/neutron/dhcp/731cf4a6-fcd6-4114-bc6b-166e39619428/opts
Apr 18 20:56:02 cmp001 ovs-vsctl: ovs|00001|vsctl|INFO|Called as ovs-vsctl -- --may-exist add-br br-int -- set Bridge br-int datapath_type=system
