Jul 31 08:13:09 gtw01 dnsmasq-dhcp[26624]: read /var/lib/neutron/dhcp/b9862f18-8a05-4975-8228-37e283c95001/opts
Jul 31 08:13:10 gtw01 dnsmasq[26624]: read /var/lib/neutron/dhcp/b9862f18-8a05-4975-8228-37e283c95001/addn_hosts - 1 addresses
Jul 31 08:13:10 gtw01 dnsmasq-dhcp[26624]: read /var/lib/neutron/dhcp/b9862f18-8a05-4975-8228-37e283c95001/host
Jul 31 08:13:10 gtw01 dnsmasq-dhcp[26624]: read /var/lib/neutron/dhcp/b9862f18-8a05-4975-8228-37e283c95001/opts
Jul 31 08:13:12 gtw01 kernel: [ 2806.343572] device tapd896ec4f-d1 left promiscuous mode
Jul 31 08:13:19 gtw01 kernel: [ 2813.502728] device tap421b033e-49 entered promiscuous mode
Jul 31 08:13:19 gtw01 systemd-udevd[26849]: Could not generate persistent MAC address for tap421b033e-49: No such file or directory
Jul 31 08:13:19 gtw01 systemd-udevd[26849]: Process '/sbin/ip link set tap421b033e-49 txqueuelen 10000' failed with exit code 1.
Jul 31 08:13:19 gtw01 systemd-udevd[26849]: Process '/sbin/ip link set tap421b033e-49 txqueuelen 10000' failed with exit code 1.
Jul 31 08:13:22 gtw01 dnsmasq[26961]: started, version 2.80 cachesize 150
Jul 31 08:13:22 gtw01 dnsmasq[26961]: DNS service limited to local subnets
Jul 31 08:13:22 gtw01 dnsmasq[26961]: compile time options: IPv6 GNU-getopt DBus i18n IDN DHCP DHCPv6 no-Lua TFTP conntrack ipset auth DNSSEC loop-detect inotify dumpfile
Jul 31 08:13:22 gtw01 dnsmasq[26961]: warning: no upstream servers configured
Jul 31 08:13:22 gtw01 dnsmasq-dhcp[26961]: DHCP, static leases only on 192.168.120.0, lease time 1h
Jul 31 08:13:22 gtw01 dnsmasq[26961]: read /var/lib/neutron/dhcp/3a67ad19-f46e-4cf8-b7fa-d4a82fe90379/addn_hosts - 1 addresses
Jul 31 08:13:22 gtw01 dnsmasq-dhcp[26961]: read /var/lib/neutron/dhcp/3a67ad19-f46e-4cf8-b7fa-d4a82fe90379/host
Jul 31 08:13:22 gtw01 dnsmasq-dhcp[26961]: read /var/lib/neutron/dhcp/3a67ad19-f46e-4cf8-b7fa-d4a82fe90379/opts
Jul 31 08:13:22 gtw01 haproxy-metadata-proxy-3a67ad19-f46e-4cf8-b7fa-d4a82fe90379[26965]: Proxy listener started.
Jul 31 08:13:22 gtw01 dnsmasq[26961]: read /var/lib/neutron/dhcp/3a67ad19-f46e-4cf8-b7fa-d4a82fe90379/addn_hosts - 4 addresses
Jul 31 08:13:22 gtw01 dnsmasq-dhcp[26961]: read /var/lib/neutron/dhcp/3a67ad19-f46e-4cf8-b7fa-d4a82fe90379/host
Jul 31 08:13:22 gtw01 dnsmasq-dhcp[26961]: read /var/lib/neutron/dhcp/3a67ad19-f46e-4cf8-b7fa-d4a82fe90379/opts
Jul 31 08:13:23 gtw01 dnsmasq[26961]: read /var/lib/neutron/dhcp/3a67ad19-f46e-4cf8-b7fa-d4a82fe90379/addn_hosts - 4 addresses
Jul 31 08:13:23 gtw01 dnsmasq-dhcp[26961]: read /var/lib/neutron/dhcp/3a67ad19-f46e-4cf8-b7fa-d4a82fe90379/host
Jul 31 08:13:23 gtw01 dnsmasq-dhcp[26961]: read /var/lib/neutron/dhcp/3a67ad19-f46e-4cf8-b7fa-d4a82fe90379/opts
Jul 31 08:13:24 gtw01 dnsmasq[26961]: read /var/lib/neutron/dhcp/3a67ad19-f46e-4cf8-b7fa-d4a82fe90379/addn_hosts - 4 addresses
Jul 31 08:13:24 gtw01 dnsmasq-dhcp[26961]: read /var/lib/neutron/dhcp/3a67ad19-f46e-4cf8-b7fa-d4a82fe90379/host
Jul 31 08:13:24 gtw01 dnsmasq-dhcp[26961]: read /var/lib/neutron/dhcp/3a67ad19-f46e-4cf8-b7fa-d4a82fe90379/opts
Jul 31 08:13:25 gtw01 dnsmasq[26961]: read /var/lib/neutron/dhcp/3a67ad19-f46e-4cf8-b7fa-d4a82fe90379/addn_hosts - 4 addresses
Jul 31 08:13:25 gtw01 dnsmasq-dhcp[26961]: read /var/lib/neutron/dhcp/3a67ad19-f46e-4cf8-b7fa-d4a82fe90379/host
Jul 31 08:13:25 gtw01 dnsmasq-dhcp[26961]: read /var/lib/neutron/dhcp/3a67ad19-f46e-4cf8-b7fa-d4a82fe90379/opts
Jul 31 08:13:26 gtw01 dnsmasq[26961]: read /var/lib/neutron/dhcp/3a67ad19-f46e-4cf8-b7fa-d4a82fe90379/addn_hosts - 4 addresses
Jul 31 08:13:26 gtw01 dnsmasq-dhcp[26961]: read /var/lib/neutron/dhcp/3a67ad19-f46e-4cf8-b7fa-d4a82fe90379/host
Jul 31 08:13:26 gtw01 dnsmasq-dhcp[26961]: read /var/lib/neutron/dhcp/3a67ad19-f46e-4cf8-b7fa-d4a82fe90379/opts
Jul 31 08:13:26 gtw01 dnsmasq[26961]: read /var/lib/neutron/dhcp/3a67ad19-f46e-4cf8-b7fa-d4a82fe90379/addn_hosts - 5 addresses
Jul 31 08:13:26 gtw01 dnsmasq-dhcp[26961]: read /var/lib/neutron/dhcp/3a67ad19-f46e-4cf8-b7fa-d4a82fe90379/host
Jul 31 08:13:26 gtw01 dnsmasq-dhcp[26961]: read /var/lib/neutron/dhcp/3a67ad19-f46e-4cf8-b7fa-d4a82fe90379/opts
Jul 31 08:13:27 gtw01 dnsmasq[26961]: read /var/lib/neutron/dhcp/3a67ad19-f46e-4cf8-b7fa-d4a82fe90379/addn_hosts - 6 addresses
Jul 31 08:13:27 gtw01 dnsmasq-dhcp[26961]: read /var/lib/neutron/dhcp/3a67ad19-f46e-4cf8-b7fa-d4a82fe90379/host
Jul 31 08:13:27 gtw01 dnsmasq-dhcp[26961]: read /var/lib/neutron/dhcp/3a67ad19-f46e-4cf8-b7fa-d4a82fe90379/opts
Jul 31 08:13:28 gtw01 dnsmasq[26961]: read /var/lib/neutron/dhcp/3a67ad19-f46e-4cf8-b7fa-d4a82fe90379/addn_hosts - 7 addresses
Jul 31 08:13:28 gtw01 dnsmasq-dhcp[26961]: read /var/lib/neutron/dhcp/3a67ad19-f46e-4cf8-b7fa-d4a82fe90379/host
Jul 31 08:13:28 gtw01 dnsmasq-dhcp[26961]: read /var/lib/neutron/dhcp/3a67ad19-f46e-4cf8-b7fa-d4a82fe90379/opts
Jul 31 08:13:29 gtw01 dnsmasq[26961]: read /var/lib/neutron/dhcp/3a67ad19-f46e-4cf8-b7fa-d4a82fe90379/addn_hosts - 7 addresses
Jul 31 08:13:29 gtw01 dnsmasq-dhcp[26961]: read /var/lib/neutron/dhcp/3a67ad19-f46e-4cf8-b7fa-d4a82fe90379/host
Jul 31 08:13:29 gtw01 dnsmasq-dhcp[26961]: read /var/lib/neutron/dhcp/3a67ad19-f46e-4cf8-b7fa-d4a82fe90379/opts
Jul 31 08:13:30 gtw01 dnsmasq[26961]: read /var/lib/neutron/dhcp/3a67ad19-f46e-4cf8-b7fa-d4a82fe90379/addn_hosts - 7 addresses
Jul 31 08:13:30 gtw01 dnsmasq-dhcp[26961]: read /var/lib/neutron/dhcp/3a67ad19-f46e-4cf8-b7fa-d4a82fe90379/host
Jul 31 08:13:30 gtw01 dnsmasq-dhcp[26961]: read /var/lib/neutron/dhcp/3a67ad19-f46e-4cf8-b7fa-d4a82fe90379/opts
Jul 31 08:13:30 gtw01 kernel: [ 2824.698367] device tap63fba0cd-70 entered promiscuous mode
Jul 31 08:13:30 gtw01 systemd-udevd[27146]: Could not generate persistent MAC address for tap63fba0cd-70: No such file or directory
Jul 31 08:13:30 gtw01 systemd-udevd[27146]: Process '/sbin/ip link set tap63fba0cd-70 txqueuelen 10000' failed with exit code 1.
Jul 31 08:13:30 gtw01 systemd-udevd[27199]: Process '/sbin/ip link set tap63fba0cd-70 txqueuelen 10000' failed with exit code 1.
Jul 31 08:13:31 gtw01 dnsmasq[26961]: read /var/lib/neutron/dhcp/3a67ad19-f46e-4cf8-b7fa-d4a82fe90379/addn_hosts - 7 addresses
Jul 31 08:13:31 gtw01 dnsmasq-dhcp[26961]: read /var/lib/neutron/dhcp/3a67ad19-f46e-4cf8-b7fa-d4a82fe90379/host
Jul 31 08:13:31 gtw01 dnsmasq-dhcp[26961]: read /var/lib/neutron/dhcp/3a67ad19-f46e-4cf8-b7fa-d4a82fe90379/opts
Jul 31 08:13:32 gtw01 dnsmasq[26961]: read /var/lib/neutron/dhcp/3a67ad19-f46e-4cf8-b7fa-d4a82fe90379/addn_hosts - 7 addresses
Jul 31 08:13:32 gtw01 dnsmasq-dhcp[26961]: read /var/lib/neutron/dhcp/3a67ad19-f46e-4cf8-b7fa-d4a82fe90379/host
Jul 31 08:13:32 gtw01 dnsmasq-dhcp[26961]: read /var/lib/neutron/dhcp/3a67ad19-f46e-4cf8-b7fa-d4a82fe90379/opts
Jul 31 08:13:32 gtw01 kernel: [ 2826.764226] device tapa7a6d31b-3b entered promiscuous mode
Jul 31 08:13:32 gtw01 systemd-udevd[27290]: Process '/sbin/ip link set tapa7a6d31b-3b txqueuelen 10000' failed with exit code 1.
Jul 31 08:13:32 gtw01 systemd-udevd[27345]: Process '/sbin/ip link set tapa7a6d31b-3b txqueuelen 10000' failed with exit code 1.
Jul 31 08:13:33 gtw01 dnsmasq[26961]: read /var/lib/neutron/dhcp/3a67ad19-f46e-4cf8-b7fa-d4a82fe90379/addn_hosts - 6 addresses
Jul 31 08:13:33 gtw01 dnsmasq-dhcp[26961]: read /var/lib/neutron/dhcp/3a67ad19-f46e-4cf8-b7fa-d4a82fe90379/host
Jul 31 08:13:33 gtw01 dnsmasq-dhcp[26961]: read /var/lib/neutron/dhcp/3a67ad19-f46e-4cf8-b7fa-d4a82fe90379/opts
Jul 31 08:13:34 gtw01 dnsmasq[27410]: started, version 2.80 cachesize 150
Jul 31 08:13:34 gtw01 dnsmasq[27410]: DNS service limited to local subnets
Jul 31 08:13:34 gtw01 dnsmasq[27410]: compile time options: IPv6 GNU-getopt DBus i18n IDN DHCP DHCPv6 no-Lua TFTP conntrack ipset auth DNSSEC loop-detect inotify dumpfile
Jul 31 08:13:34 gtw01 dnsmasq[27410]: warning: no upstream servers configured
Jul 31 08:13:34 gtw01 dnsmasq-dhcp[27410]: DHCP, static leases only on 192.168.120.0, lease time 1h
Jul 31 08:13:34 gtw01 dnsmasq[27410]: read /var/lib/neutron/dhcp/84660ee5-0256-47aa-9599-722502d8b38a/addn_hosts - 1 addresses
Jul 31 08:13:34 gtw01 dnsmasq-dhcp[27410]: read /var/lib/neutron/dhcp/84660ee5-0256-47aa-9599-722502d8b38a/host
Jul 31 08:13:34 gtw01 dnsmasq-dhcp[27410]: read /var/lib/neutron/dhcp/84660ee5-0256-47aa-9599-722502d8b38a/opts
Jul 31 08:13:34 gtw01 haproxy-metadata-proxy-84660ee5-0256-47aa-9599-722502d8b38a[27420]: Proxy listener started.
Jul 31 08:13:34 gtw01 kernel: [ 2828.602589] device tap421b033e-49 left promiscuous mode
Jul 31 08:13:34 gtw01 dnsmasq[27410]: read /var/lib/neutron/dhcp/84660ee5-0256-47aa-9599-722502d8b38a/addn_hosts - 4 addresses
Jul 31 08:13:34 gtw01 dnsmasq-dhcp[27410]: read /var/lib/neutron/dhcp/84660ee5-0256-47aa-9599-722502d8b38a/host
Jul 31 08:13:34 gtw01 dnsmasq-dhcp[27410]: read /var/lib/neutron/dhcp/84660ee5-0256-47aa-9599-722502d8b38a/opts
Jul 31 08:13:35 gtw01 dnsmasq[27480]: started, version 2.80 cachesize 150
Jul 31 08:13:35 gtw01 dnsmasq[27480]: DNS service limited to local subnets
Jul 31 08:13:35 gtw01 dnsmasq[27480]: compile time options: IPv6 GNU-getopt DBus i18n IDN DHCP DHCPv6 no-Lua TFTP conntrack ipset auth DNSSEC loop-detect inotify dumpfile
Jul 31 08:13:35 gtw01 dnsmasq[27480]: warning: no upstream servers configured
Jul 31 08:13:35 gtw01 dnsmasq-dhcp[27480]: DHCPv6, static leases only on 2003::, lease time 1h
Jul 31 08:13:35 gtw01 dnsmasq[27480]: read /var/lib/neutron/dhcp/83dc627f-bcae-44b7-88c5-8743302f03a7/addn_hosts - 1 addresses
Jul 31 08:13:35 gtw01 dnsmasq-dhcp[27480]: read /var/lib/neutron/dhcp/83dc627f-bcae-44b7-88c5-8743302f03a7/host
Jul 31 08:13:35 gtw01 dnsmasq-dhcp[27480]: read /var/lib/neutron/dhcp/83dc627f-bcae-44b7-88c5-8743302f03a7/opts
Jul 31 08:13:36 gtw01 kernel: [ 2830.868699] device tap9bca495c-d7 entered promiscuous mode
Jul 31 08:13:36 gtw01 systemd-udevd[27506]: Process '/sbin/ip link set tap9bca495c-d7 txqueuelen 10000' failed with exit code 1.
Jul 31 08:13:36 gtw01 systemd-udevd[27558]: Process '/sbin/ip link set tap9bca495c-d7 txqueuelen 10000' failed with exit code 1.
Jul 31 08:13:36 gtw01 dnsmasq[27480]: read /var/lib/neutron/dhcp/83dc627f-bcae-44b7-88c5-8743302f03a7/addn_hosts - 4 addresses
Jul 31 08:13:36 gtw01 dnsmasq-dhcp[27480]: read /var/lib/neutron/dhcp/83dc627f-bcae-44b7-88c5-8743302f03a7/host
Jul 31 08:13:36 gtw01 dnsmasq-dhcp[27480]: read /var/lib/neutron/dhcp/83dc627f-bcae-44b7-88c5-8743302f03a7/opts
Jul 31 08:13:37 gtw01 dnsmasq[27480]: read /var/lib/neutron/dhcp/83dc627f-bcae-44b7-88c5-8743302f03a7/addn_hosts - 4 addresses
Jul 31 08:13:37 gtw01 dnsmasq-dhcp[27480]: read /var/lib/neutron/dhcp/83dc627f-bcae-44b7-88c5-8743302f03a7/host
Jul 31 08:13:37 gtw01 dnsmasq-dhcp[27480]: read /var/lib/neutron/dhcp/83dc627f-bcae-44b7-88c5-8743302f03a7/opts
Jul 31 08:13:38 gtw01 dnsmasq[27480]: read /var/lib/neutron/dhcp/83dc627f-bcae-44b7-88c5-8743302f03a7/addn_hosts - 4 addresses
Jul 31 08:13:38 gtw01 dnsmasq-dhcp[27480]: read /var/lib/neutron/dhcp/83dc627f-bcae-44b7-88c5-8743302f03a7/host
Jul 31 08:13:38 gtw01 dnsmasq-dhcp[27480]: read /var/lib/neutron/dhcp/83dc627f-bcae-44b7-88c5-8743302f03a7/opts
Jul 31 08:13:39 gtw01 dnsmasq[27687]: started, version 2.80 cachesize 150
Jul 31 08:13:39 gtw01 dnsmasq[27687]: DNS service limited to local subnets
Jul 31 08:13:39 gtw01 dnsmasq[27687]: compile time options: IPv6 GNU-getopt DBus i18n IDN DHCP DHCPv6 no-Lua TFTP conntrack ipset auth DNSSEC loop-detect inotify dumpfile
Jul 31 08:13:39 gtw01 dnsmasq[27687]: warning: no upstream servers configured
Jul 31 08:13:39 gtw01 dnsmasq-dhcp[27687]: DHCP, static leases only on 192.168.120.16, lease time 1h
Jul 31 08:13:39 gtw01 dnsmasq-dhcp[27687]: DHCP, static leases only on 192.168.120.0, lease time 1h
Jul 31 08:13:39 gtw01 dnsmasq[27687]: read /var/lib/neutron/dhcp/84660ee5-0256-47aa-9599-722502d8b38a/addn_hosts - 6 addresses
Jul 31 08:13:39 gtw01 dnsmasq-dhcp[27687]: read /var/lib/neutron/dhcp/84660ee5-0256-47aa-9599-722502d8b38a/host
Jul 31 08:13:39 gtw01 dnsmasq-dhcp[27687]: read /var/lib/neutron/dhcp/84660ee5-0256-47aa-9599-722502d8b38a/opts
Jul 31 08:13:39 gtw01 dnsmasq-dhcp[27687]: DHCPRELEASE(tap63fba0cd-70) 192.168.120.6 fa:16:3e:99:ee:cb
Jul 31 08:13:40 gtw01 dnsmasq[27480]: read /var/lib/neutron/dhcp/83dc627f-bcae-44b7-88c5-8743302f03a7/addn_hosts - 4 addresses
Jul 31 08:13:40 gtw01 dnsmasq-dhcp[27480]: read /var/lib/neutron/dhcp/83dc627f-bcae-44b7-88c5-8743302f03a7/host
Jul 31 08:13:40 gtw01 dnsmasq-dhcp[27480]: read /var/lib/neutron/dhcp/83dc627f-bcae-44b7-88c5-8743302f03a7/opts
Jul 31 08:13:40 gtw01 dnsmasq[27725]: started, version 2.80 cachesize 150
Jul 31 08:13:40 gtw01 dnsmasq[27725]: DNS service limited to local subnets
Jul 31 08:13:40 gtw01 dnsmasq[27725]: compile time options: IPv6 GNU-getopt DBus i18n IDN DHCP DHCPv6 no-Lua TFTP conntrack ipset auth DNSSEC loop-detect inotify dumpfile
Jul 31 08:13:40 gtw01 dnsmasq[27725]: warning: no upstream servers configured
Jul 31 08:13:40 gtw01 dnsmasq-dhcp[27725]: DHCPv6, static leases only on 2003::, lease time 1h
Jul 31 08:13:40 gtw01 dnsmasq[27725]: read /var/lib/neutron/dhcp/d8c25f0d-973f-4f32-86e3-26995e10e226/addn_hosts - 1 addresses
Jul 31 08:13:40 gtw01 dnsmasq-dhcp[27687]: DHCPRELEASE(tap63fba0cd-70) 192.168.120.13 fa:16:3e:e6:50:23 unknown lease
Jul 31 08:13:40 gtw01 dnsmasq-dhcp[27725]: read /var/lib/neutron/dhcp/d8c25f0d-973f-4f32-86e3-26995e10e226/host
Jul 31 08:13:40 gtw01 dnsmasq-dhcp[27725]: read /var/lib/neutron/dhcp/d8c25f0d-973f-4f32-86e3-26995e10e226/opts
Jul 31 08:13:40 gtw01 dnsmasq-dhcp[27687]: DHCPRELEASE(tap63fba0cd-70) 192.168.120.4 fa:16:3e:e6:50:23
Jul 31 08:13:40 gtw01 dnsmasq[27725]: read /var/lib/neutron/dhcp/d8c25f0d-973f-4f32-86e3-26995e10e226/addn_hosts - 3 addresses
Jul 31 08:13:40 gtw01 dnsmasq-dhcp[27725]: read /var/lib/neutron/dhcp/d8c25f0d-973f-4f32-86e3-26995e10e226/host
Jul 31 08:13:40 gtw01 dnsmasq-dhcp[27725]: read /var/lib/neutron/dhcp/d8c25f0d-973f-4f32-86e3-26995e10e226/opts
Jul 31 08:13:41 gtw01 dnsmasq[27480]: read /var/lib/neutron/dhcp/83dc627f-bcae-44b7-88c5-8743302f03a7/addn_hosts - 4 addresses
Jul 31 08:13:41 gtw01 dnsmasq-dhcp[27480]: read /var/lib/neutron/dhcp/83dc627f-bcae-44b7-88c5-8743302f03a7/host
Jul 31 08:13:41 gtw01 dnsmasq-dhcp[27480]: read /var/lib/neutron/dhcp/83dc627f-bcae-44b7-88c5-8743302f03a7/opts
Jul 31 08:13:41 gtw01 dnsmasq-dhcp[27687]: DHCPRELEASE(tap63fba0cd-70) 192.168.120.13 fa:16:3e:e6:50:23
Jul 31 08:13:41 gtw01 dnsmasq[27725]: read /var/lib/neutron/dhcp/d8c25f0d-973f-4f32-86e3-26995e10e226/addn_hosts - 3 addresses
Jul 31 08:13:41 gtw01 dnsmasq-dhcp[27725]: read /var/lib/neutron/dhcp/d8c25f0d-973f-4f32-86e3-26995e10e226/host
Jul 31 08:13:41 gtw01 dnsmasq-dhcp[27725]: read /var/lib/neutron/dhcp/d8c25f0d-973f-4f32-86e3-26995e10e226/opts
Jul 31 08:13:41 gtw01 dnsmasq[27687]: read /var/lib/neutron/dhcp/84660ee5-0256-47aa-9599-722502d8b38a/addn_hosts - 4 addresses
Jul 31 08:13:41 gtw01 dnsmasq-dhcp[27687]: read /var/lib/neutron/dhcp/84660ee5-0256-47aa-9599-722502d8b38a/host
Jul 31 08:13:41 gtw01 dnsmasq-dhcp[27687]: read /var/lib/neutron/dhcp/84660ee5-0256-47aa-9599-722502d8b38a/opts
Jul 31 08:13:42 gtw01 dnsmasq[27480]: read /var/lib/neutron/dhcp/83dc627f-bcae-44b7-88c5-8743302f03a7/addn_hosts - 5 addresses
Jul 31 08:13:42 gtw01 dnsmasq-dhcp[27480]: read /var/lib/neutron/dhcp/83dc627f-bcae-44b7-88c5-8743302f03a7/host
Jul 31 08:13:42 gtw01 dnsmasq-dhcp[27480]: read /var/lib/neutron/dhcp/83dc627f-bcae-44b7-88c5-8743302f03a7/opts
Jul 31 08:13:42 gtw01 dnsmasq[27687]: read /var/lib/neutron/dhcp/84660ee5-0256-47aa-9599-722502d8b38a/addn_hosts - 5 addresses
Jul 31 08:13:42 gtw01 dnsmasq-dhcp[27687]: read /var/lib/neutron/dhcp/84660ee5-0256-47aa-9599-722502d8b38a/host
Jul 31 08:13:42 gtw01 dnsmasq-dhcp[27687]: read /var/lib/neutron/dhcp/84660ee5-0256-47aa-9599-722502d8b38a/opts
Jul 31 08:13:43 gtw01 dnsmasq[27725]: read /var/lib/neutron/dhcp/d8c25f0d-973f-4f32-86e3-26995e10e226/addn_hosts - 3 addresses
Jul 31 08:13:43 gtw01 dnsmasq-dhcp[27725]: read /var/lib/neutron/dhcp/d8c25f0d-973f-4f32-86e3-26995e10e226/host
Jul 31 08:13:43 gtw01 dnsmasq-dhcp[27725]: read /var/lib/neutron/dhcp/d8c25f0d-973f-4f32-86e3-26995e10e226/opts
Jul 31 08:13:43 gtw01 dnsmasq[27480]: read /var/lib/neutron/dhcp/83dc627f-bcae-44b7-88c5-8743302f03a7/addn_hosts - 6 addresses
Jul 31 08:13:43 gtw01 dnsmasq-dhcp[27480]: read /var/lib/neutron/dhcp/83dc627f-bcae-44b7-88c5-8743302f03a7/host
Jul 31 08:13:43 gtw01 dnsmasq-dhcp[27480]: read /var/lib/neutron/dhcp/83dc627f-bcae-44b7-88c5-8743302f03a7/opts
Jul 31 08:13:44 gtw01 dnsmasq[27725]: read /var/lib/neutron/dhcp/d8c25f0d-973f-4f32-86e3-26995e10e226/addn_hosts - 3 addresses
Jul 31 08:13:44 gtw01 dnsmasq-dhcp[27725]: read /var/lib/neutron/dhcp/d8c25f0d-973f-4f32-86e3-26995e10e226/host
Jul 31 08:13:44 gtw01 dnsmasq-dhcp[27725]: read /var/lib/neutron/dhcp/d8c25f0d-973f-4f32-86e3-26995e10e226/opts
Jul 31 08:13:44 gtw01 dnsmasq[27480]: read /var/lib/neutron/dhcp/83dc627f-bcae-44b7-88c5-8743302f03a7/addn_hosts - 7 addresses
Jul 31 08:13:44 gtw01 dnsmasq-dhcp[27480]: read /var/lib/neutron/dhcp/83dc627f-bcae-44b7-88c5-8743302f03a7/host
Jul 31 08:13:44 gtw01 dnsmasq-dhcp[27480]: read /var/lib/neutron/dhcp/83dc627f-bcae-44b7-88c5-8743302f03a7/opts
Jul 31 08:13:45 gtw01 dnsmasq[27480]: read /var/lib/neutron/dhcp/83dc627f-bcae-44b7-88c5-8743302f03a7/addn_hosts - 7 addresses
Jul 31 08:13:45 gtw01 dnsmasq-dhcp[27480]: read /var/lib/neutron/dhcp/83dc627f-bcae-44b7-88c5-8743302f03a7/host
Jul 31 08:13:45 gtw01 dnsmasq-dhcp[27480]: read /var/lib/neutron/dhcp/83dc627f-bcae-44b7-88c5-8743302f03a7/opts
Jul 31 08:13:45 gtw01 dnsmasq[27725]: read /var/lib/neutron/dhcp/d8c25f0d-973f-4f32-86e3-26995e10e226/addn_hosts - 3 addresses
Jul 31 08:13:45 gtw01 dnsmasq-dhcp[27725]: read /var/lib/neutron/dhcp/d8c25f0d-973f-4f32-86e3-26995e10e226/host
Jul 31 08:13:45 gtw01 dnsmasq-dhcp[27725]: read /var/lib/neutron/dhcp/d8c25f0d-973f-4f32-86e3-26995e10e226/opts
Jul 31 08:13:46 gtw01 dnsmasq[27480]: read /var/lib/neutron/dhcp/83dc627f-bcae-44b7-88c5-8743302f03a7/addn_hosts - 7 addresses
Jul 31 08:13:46 gtw01 dnsmasq-dhcp[27480]: read /var/lib/neutron/dhcp/83dc627f-bcae-44b7-88c5-8743302f03a7/host
Jul 31 08:13:46 gtw01 dnsmasq-dhcp[27480]: read /var/lib/neutron/dhcp/83dc627f-bcae-44b7-88c5-8743302f03a7/opts
Jul 31 08:13:46 gtw01 dnsmasq[27725]: read /var/lib/neutron/dhcp/d8c25f0d-973f-4f32-86e3-26995e10e226/addn_hosts - 3 addresses
Jul 31 08:13:46 gtw01 dnsmasq-dhcp[27725]: read /var/lib/neutron/dhcp/d8c25f0d-973f-4f32-86e3-26995e10e226/host
Jul 31 08:13:46 gtw01 dnsmasq-dhcp[27725]: read /var/lib/neutron/dhcp/d8c25f0d-973f-4f32-86e3-26995e10e226/opts
Jul 31 08:13:47 gtw01 dnsmasq[28018]: started, version 2.80 cachesize 150
Jul 31 08:13:47 gtw01 dnsmasq[28018]: DNS service limited to local subnets
Jul 31 08:13:47 gtw01 dnsmasq[28018]: compile time options: IPv6 GNU-getopt DBus i18n IDN DHCP DHCPv6 no-Lua TFTP conntrack ipset auth DNSSEC loop-detect inotify dumpfile
Jul 31 08:13:47 gtw01 dnsmasq[28018]: warning: no upstream servers configured
Jul 31 08:13:47 gtw01 dnsmasq-dhcp[28018]: DHCP, static leases only on 192.168.120.16, lease time 1h
Jul 31 08:13:47 gtw01 dnsmasq[28018]: read /var/lib/neutron/dhcp/84660ee5-0256-47aa-9599-722502d8b38a/addn_hosts - 1 addresses
Jul 31 08:13:47 gtw01 dnsmasq-dhcp[28018]: read /var/lib/neutron/dhcp/84660ee5-0256-47aa-9599-722502d8b38a/host
Jul 31 08:13:47 gtw01 dnsmasq-dhcp[28018]: read /var/lib/neutron/dhcp/84660ee5-0256-47aa-9599-722502d8b38a/opts
Jul 31 08:13:47 gtw01 kernel: [ 2841.994860] device tap63fba0cd-70 left promiscuous mode
Jul 31 08:13:47 gtw01 dnsmasq[27480]: read /var/lib/neutron/dhcp/83dc627f-bcae-44b7-88c5-8743302f03a7/addn_hosts - 7 addresses
Jul 31 08:13:47 gtw01 dnsmasq-dhcp[27480]: read /var/lib/neutron/dhcp/83dc627f-bcae-44b7-88c5-8743302f03a7/host
Jul 31 08:13:47 gtw01 dnsmasq-dhcp[27480]: read /var/lib/neutron/dhcp/83dc627f-bcae-44b7-88c5-8743302f03a7/opts
Jul 31 08:13:47 gtw01 dnsmasq[27725]: read /var/lib/neutron/dhcp/d8c25f0d-973f-4f32-86e3-26995e10e226/addn_hosts - 3 addresses
Jul 31 08:13:47 gtw01 dnsmasq-dhcp[27725]: read /var/lib/neutron/dhcp/d8c25f0d-973f-4f32-86e3-26995e10e226/host
Jul 31 08:13:47 gtw01 dnsmasq-dhcp[27725]: read /var/lib/neutron/dhcp/d8c25f0d-973f-4f32-86e3-26995e10e226/opts
Jul 31 08:13:48 gtw01 kernel: [ 2842.844676] device tapa7a6d31b-3b left promiscuous mode
Jul 31 08:13:48 gtw01 dnsmasq[27725]: read /var/lib/neutron/dhcp/d8c25f0d-973f-4f32-86e3-26995e10e226/addn_hosts - 3 addresses
Jul 31 08:13:48 gtw01 dnsmasq-dhcp[27725]: read /var/lib/neutron/dhcp/d8c25f0d-973f-4f32-86e3-26995e10e226/host
Jul 31 08:13:48 gtw01 dnsmasq-dhcp[27725]: read /var/lib/neutron/dhcp/d8c25f0d-973f-4f32-86e3-26995e10e226/opts
Jul 31 08:13:49 gtw01 dnsmasq[27725]: read /var/lib/neutron/dhcp/d8c25f0d-973f-4f32-86e3-26995e10e226/addn_hosts - 3 addresses
Jul 31 08:13:49 gtw01 dnsmasq-dhcp[27725]: read /var/lib/neutron/dhcp/d8c25f0d-973f-4f32-86e3-26995e10e226/host
Jul 31 08:13:49 gtw01 dnsmasq-dhcp[27725]: read /var/lib/neutron/dhcp/d8c25f0d-973f-4f32-86e3-26995e10e226/opts
Jul 31 08:13:50 gtw01 dnsmasq[27725]: read /var/lib/neutron/dhcp/d8c25f0d-973f-4f32-86e3-26995e10e226/addn_hosts - 2 addresses
Jul 31 08:13:50 gtw01 dnsmasq-dhcp[27725]: read /var/lib/neutron/dhcp/d8c25f0d-973f-4f32-86e3-26995e10e226/host
Jul 31 08:13:50 gtw01 dnsmasq-dhcp[27725]: read /var/lib/neutron/dhcp/d8c25f0d-973f-4f32-86e3-26995e10e226/opts
Jul 31 08:13:51 gtw01 dnsmasq[27725]: read /var/lib/neutron/dhcp/d8c25f0d-973f-4f32-86e3-26995e10e226/addn_hosts - 1 addresses
Jul 31 08:13:51 gtw01 dnsmasq-dhcp[27725]: read /var/lib/neutron/dhcp/d8c25f0d-973f-4f32-86e3-26995e10e226/host
Jul 31 08:13:51 gtw01 dnsmasq-dhcp[27725]: read /var/lib/neutron/dhcp/d8c25f0d-973f-4f32-86e3-26995e10e226/opts
Jul 31 08:13:54 gtw01 kernel: [ 2848.436652] device tap63c94d19-30 entered promiscuous mode
Jul 31 08:13:54 gtw01 systemd-udevd[28151]: Process '/sbin/ip link set tap63c94d19-30 txqueuelen 10000' failed with exit code 1.
Jul 31 08:13:54 gtw01 systemd-udevd[28151]: Process '/sbin/ip link set tap63c94d19-30 txqueuelen 10000' failed with exit code 1.
Jul 31 08:13:57 gtw01 dnsmasq[28266]: started, version 2.80 cachesize 150
Jul 31 08:13:57 gtw01 dnsmasq[28266]: DNS service limited to local subnets
Jul 31 08:13:57 gtw01 dnsmasq[28266]: compile time options: IPv6 GNU-getopt DBus i18n IDN DHCP DHCPv6 no-Lua TFTP conntrack ipset auth DNSSEC loop-detect inotify dumpfile
Jul 31 08:13:57 gtw01 dnsmasq[28266]: warning: no upstream servers configured
Jul 31 08:13:57 gtw01 dnsmasq-dhcp[28266]: DHCPv6, static leases only on 2003:0:0:1::, lease time 1h
Jul 31 08:13:57 gtw01 dnsmasq[28266]: read /var/lib/neutron/dhcp/c292be3c-b67f-4a35-8a59-5d60c17898a2/addn_hosts - 1 addresses
Jul 31 08:13:57 gtw01 dnsmasq-dhcp[28266]: read /var/lib/neutron/dhcp/c292be3c-b67f-4a35-8a59-5d60c17898a2/host
Jul 31 08:13:57 gtw01 dnsmasq-dhcp[28266]: read /var/lib/neutron/dhcp/c292be3c-b67f-4a35-8a59-5d60c17898a2/opts
Jul 31 08:13:57 gtw01 dnsmasq[28266]: read /var/lib/neutron/dhcp/c292be3c-b67f-4a35-8a59-5d60c17898a2/addn_hosts - 2 addresses
Jul 31 08:13:57 gtw01 dnsmasq-dhcp[28266]: read /var/lib/neutron/dhcp/c292be3c-b67f-4a35-8a59-5d60c17898a2/host
Jul 31 08:13:57 gtw01 dnsmasq-dhcp[28266]: read /var/lib/neutron/dhcp/c292be3c-b67f-4a35-8a59-5d60c17898a2/opts
Jul 31 08:13:58 gtw01 dnsmasq[28266]: read /var/lib/neutron/dhcp/c292be3c-b67f-4a35-8a59-5d60c17898a2/addn_hosts - 2 addresses
Jul 31 08:13:58 gtw01 dnsmasq-dhcp[28266]: read /var/lib/neutron/dhcp/c292be3c-b67f-4a35-8a59-5d60c17898a2/host
Jul 31 08:13:58 gtw01 dnsmasq-dhcp[28266]: read /var/lib/neutron/dhcp/c292be3c-b67f-4a35-8a59-5d60c17898a2/opts
Jul 31 08:13:59 gtw01 dnsmasq[28266]: read /var/lib/neutron/dhcp/c292be3c-b67f-4a35-8a59-5d60c17898a2/addn_hosts - 2 addresses
Jul 31 08:13:59 gtw01 dnsmasq-dhcp[28266]: read /var/lib/neutron/dhcp/c292be3c-b67f-4a35-8a59-5d60c17898a2/host
Jul 31 08:13:59 gtw01 dnsmasq-dhcp[28266]: read /var/lib/neutron/dhcp/c292be3c-b67f-4a35-8a59-5d60c17898a2/opts
Jul 31 08:13:59 gtw01 kernel: [ 2853.987513] device tap61dd0175-e4 entered promiscuous mode
Jul 31 08:13:59 gtw01 systemd-udevd[28341]: Process '/sbin/ip link set tap61dd0175-e4 txqueuelen 10000' failed with exit code 1.
Jul 31 08:13:59 gtw01 systemd-udevd[28341]: Process '/sbin/ip link set tap61dd0175-e4 txqueuelen 10000' failed with exit code 1.
Jul 31 08:14:00 gtw01 kernel: [ 2854.431029] device tap435a40dd-18 entered promiscuous mode
Jul 31 08:14:00 gtw01 systemd-udevd[28422]: Could not generate persistent MAC address for tap435a40dd-18: No such file or directory
Jul 31 08:14:00 gtw01 systemd-udevd[28470]: Process '/sbin/ip link set tap435a40dd-18 txqueuelen 10000' failed with exit code 1.
Jul 31 08:14:00 gtw01 dnsmasq[28266]: read /var/lib/neutron/dhcp/c292be3c-b67f-4a35-8a59-5d60c17898a2/addn_hosts - 2 addresses
Jul 31 08:14:00 gtw01 dnsmasq-dhcp[28266]: read /var/lib/neutron/dhcp/c292be3c-b67f-4a35-8a59-5d60c17898a2/host
Jul 31 08:14:00 gtw01 dnsmasq-dhcp[28266]: read /var/lib/neutron/dhcp/c292be3c-b67f-4a35-8a59-5d60c17898a2/opts
Jul 31 08:14:01 gtw01 dnsmasq[28266]: read /var/lib/neutron/dhcp/c292be3c-b67f-4a35-8a59-5d60c17898a2/addn_hosts - 2 addresses
Jul 31 08:14:01 gtw01 dnsmasq-dhcp[28266]: read /var/lib/neutron/dhcp/c292be3c-b67f-4a35-8a59-5d60c17898a2/host
Jul 31 08:14:01 gtw01 dnsmasq-dhcp[28266]: read /var/lib/neutron/dhcp/c292be3c-b67f-4a35-8a59-5d60c17898a2/opts
Jul 31 08:14:03 gtw01 dnsmasq[28608]: started, version 2.80 cachesize 150
Jul 31 08:14:03 gtw01 dnsmasq[28608]: DNS service limited to local subnets
Jul 31 08:14:03 gtw01 dnsmasq[28608]: compile time options: IPv6 GNU-getopt DBus i18n IDN DHCP DHCPv6 no-Lua TFTP conntrack ipset auth DNSSEC loop-detect inotify dumpfile
Jul 31 08:14:03 gtw01 dnsmasq[28608]: warning: no upstream servers configured
Jul 31 08:14:03 gtw01 dnsmasq-dhcp[28608]: DHCP, static leases only on 192.168.120.0, lease time 1h
Jul 31 08:14:03 gtw01 dnsmasq[28608]: read /var/lib/neutron/dhcp/49d0d493-d014-4960-b31b-a8d27809f1f4/addn_hosts - 2 addresses
Jul 31 08:14:03 gtw01 dnsmasq-dhcp[28608]: read /var/lib/neutron/dhcp/49d0d493-d014-4960-b31b-a8d27809f1f4/host
Jul 31 08:14:03 gtw01 dnsmasq-dhcp[28608]: read /var/lib/neutron/dhcp/49d0d493-d014-4960-b31b-a8d27809f1f4/opts
Jul 31 08:14:03 gtw01 dnsmasq[28614]: started, version 2.80 cachesize 150
Jul 31 08:14:03 gtw01 dnsmasq[28614]: DNS service limited to local subnets
Jul 31 08:14:03 gtw01 dnsmasq[28614]: compile time options: IPv6 GNU-getopt DBus i18n IDN DHCP DHCPv6 no-Lua TFTP conntrack ipset auth DNSSEC loop-detect inotify dumpfile
Jul 31 08:14:03 gtw01 dnsmasq[28614]: warning: no upstream servers configured
Jul 31 08:14:03 gtw01 dnsmasq-dhcp[28614]: DHCP, static leases only on 192.168.120.16, lease time 1h
Jul 31 08:14:03 gtw01 dnsmasq[28614]: read /var/lib/neutron/dhcp/a8d58bbd-e918-4cf3-8aaa-013ab358d264/addn_hosts - 1 addresses
Jul 31 08:14:03 gtw01 dnsmasq-dhcp[28614]: read /var/lib/neutron/dhcp/a8d58bbd-e918-4cf3-8aaa-013ab358d264/host
Jul 31 08:14:03 gtw01 dnsmasq-dhcp[28614]: read /var/lib/neutron/dhcp/a8d58bbd-e918-4cf3-8aaa-013ab358d264/opts
Jul 31 08:14:03 gtw01 haproxy-metadata-proxy-49d0d493-d014-4960-b31b-a8d27809f1f4[28618]: Proxy listener started.
Jul 31 08:14:03 gtw01 haproxy-metadata-proxy-a8d58bbd-e918-4cf3-8aaa-013ab358d264[28621]: Proxy listener started.
Jul 31 08:14:04 gtw01 dnsmasq[28608]: read /var/lib/neutron/dhcp/49d0d493-d014-4960-b31b-a8d27809f1f4/addn_hosts - 2 addresses
Jul 31 08:14:04 gtw01 dnsmasq-dhcp[28608]: read /var/lib/neutron/dhcp/49d0d493-d014-4960-b31b-a8d27809f1f4/host
Jul 31 08:14:04 gtw01 dnsmasq-dhcp[28608]: read /var/lib/neutron/dhcp/49d0d493-d014-4960-b31b-a8d27809f1f4/opts
Jul 31 08:14:04 gtw01 dnsmasq[28614]: read /var/lib/neutron/dhcp/a8d58bbd-e918-4cf3-8aaa-013ab358d264/addn_hosts - 2 addresses
Jul 31 08:14:04 gtw01 dnsmasq-dhcp[28614]: read /var/lib/neutron/dhcp/a8d58bbd-e918-4cf3-8aaa-013ab358d264/host
Jul 31 08:14:04 gtw01 dnsmasq-dhcp[28614]: read /var/lib/neutron/dhcp/a8d58bbd-e918-4cf3-8aaa-013ab358d264/opts
Jul 31 08:14:05 gtw01 dnsmasq[28608]: read /var/lib/neutron/dhcp/49d0d493-d014-4960-b31b-a8d27809f1f4/addn_hosts - 2 addresses
Jul 31 08:14:05 gtw01 dnsmasq-dhcp[28608]: read /var/lib/neutron/dhcp/49d0d493-d014-4960-b31b-a8d27809f1f4/host
Jul 31 08:14:05 gtw01 dnsmasq-dhcp[28608]: read /var/lib/neutron/dhcp/49d0d493-d014-4960-b31b-a8d27809f1f4/opts
Jul 31 08:14:05 gtw01 dnsmasq[28614]: read /var/lib/neutron/dhcp/a8d58bbd-e918-4cf3-8aaa-013ab358d264/addn_hosts - 2 addresses
Jul 31 08:14:05 gtw01 dnsmasq-dhcp[28614]: read /var/lib/neutron/dhcp/a8d58bbd-e918-4cf3-8aaa-013ab358d264/host
Jul 31 08:14:05 gtw01 dnsmasq-dhcp[28614]: read /var/lib/neutron/dhcp/a8d58bbd-e918-4cf3-8aaa-013ab358d264/opts
Jul 31 08:14:06 gtw01 dnsmasq[28608]: read /var/lib/neutron/dhcp/49d0d493-d014-4960-b31b-a8d27809f1f4/addn_hosts - 2 addresses
Jul 31 08:14:06 gtw01 dnsmasq-dhcp[28608]: read /var/lib/neutron/dhcp/49d0d493-d014-4960-b31b-a8d27809f1f4/host
Jul 31 08:14:06 gtw01 dnsmasq-dhcp[28608]: read /var/lib/neutron/dhcp/49d0d493-d014-4960-b31b-a8d27809f1f4/opts
Jul 31 08:14:06 gtw01 dnsmasq[28614]: read /var/lib/neutron/dhcp/a8d58bbd-e918-4cf3-8aaa-013ab358d264/addn_hosts - 2 addresses
Jul 31 08:14:06 gtw01 dnsmasq-dhcp[28614]: read /var/lib/neutron/dhcp/a8d58bbd-e918-4cf3-8aaa-013ab358d264/host
Jul 31 08:14:06 gtw01 dnsmasq-dhcp[28614]: read /var/lib/neutron/dhcp/a8d58bbd-e918-4cf3-8aaa-013ab358d264/opts
Jul 31 08:14:07 gtw01 dnsmasq[28608]: read /var/lib/neutron/dhcp/49d0d493-d014-4960-b31b-a8d27809f1f4/addn_hosts - 2 addresses
Jul 31 08:14:07 gtw01 dnsmasq-dhcp[28608]: read /var/lib/neutron/dhcp/49d0d493-d014-4960-b31b-a8d27809f1f4/host
Jul 31 08:14:07 gtw01 dnsmasq-dhcp[28608]: read /var/lib/neutron/dhcp/49d0d493-d014-4960-b31b-a8d27809f1f4/opts
Jul 31 08:14:07 gtw01 kernel: [ 2861.794813] device tap5c91020f-d1 entered promiscuous mode
Jul 31 08:14:07 gtw01 systemd-udevd[28761]: Could not generate persistent MAC address for tap5c91020f-d1: No such file or directory
Jul 31 08:14:07 gtw01 systemd-udevd[28807]: Process '/sbin/ip link set tap5c91020f-d1 txqueuelen 10000' failed with exit code 1.
Jul 31 08:14:07 gtw01 dnsmasq[28614]: read /var/lib/neutron/dhcp/a8d58bbd-e918-4cf3-8aaa-013ab358d264/addn_hosts - 2 addresses
Jul 31 08:14:07 gtw01 dnsmasq-dhcp[28614]: read /var/lib/neutron/dhcp/a8d58bbd-e918-4cf3-8aaa-013ab358d264/host
Jul 31 08:14:07 gtw01 dnsmasq-dhcp[28614]: read /var/lib/neutron/dhcp/a8d58bbd-e918-4cf3-8aaa-013ab358d264/opts
Jul 31 08:14:08 gtw01 kernel: [ 2862.759723] device tap2530b83e-d0 entered promiscuous mode
Jul 31 08:14:08 gtw01 systemd-udevd[28859]: Could not generate persistent MAC address for tap2530b83e-d0: No such file or directory
Jul 31 08:14:08 gtw01 systemd-udevd[28859]: Process '/sbin/ip link set tap2530b83e-d0 txqueuelen 10000' failed with exit code 1.
Jul 31 08:14:10 gtw01 kernel: [ 2864.382737] device tape628d4fe-23 entered promiscuous mode
Jul 31 08:14:10 gtw01 systemd-udevd[28983]: Could not generate persistent MAC address for tape628d4fe-23: No such file or directory
Jul 31 08:14:10 gtw01 systemd-udevd[29029]: Process '/sbin/ip link set tape628d4fe-23 txqueuelen 10000' failed with exit code 1.
Jul 31 08:14:11 gtw01 dnsmasq[29087]: started, version 2.80 cachesize 150
Jul 31 08:14:11 gtw01 dnsmasq[29087]: DNS service limited to local subnets
Jul 31 08:14:11 gtw01 dnsmasq[29087]: compile time options: IPv6 GNU-getopt DBus i18n IDN DHCP DHCPv6 no-Lua TFTP conntrack ipset auth DNSSEC loop-detect inotify dumpfile
Jul 31 08:14:11 gtw01 dnsmasq[29087]: warning: no upstream servers configured
Jul 31 08:14:11 gtw01 dnsmasq-dhcp[29087]: DHCP, static leases only on 192.168.120.32, lease time 1h
Jul 31 08:14:11 gtw01 dnsmasq[29087]: read /var/lib/neutron/dhcp/c1ac0a3c-60bb-4ff4-b610-7157ef38ab26/addn_hosts - 1 addresses
Jul 31 08:14:11 gtw01 dnsmasq-dhcp[29087]: read /var/lib/neutron/dhcp/c1ac0a3c-60bb-4ff4-b610-7157ef38ab26/host
Jul 31 08:14:11 gtw01 dnsmasq-dhcp[29087]: read /var/lib/neutron/dhcp/c1ac0a3c-60bb-4ff4-b610-7157ef38ab26/opts
Jul 31 08:14:11 gtw01 haproxy-metadata-proxy-c1ac0a3c-60bb-4ff4-b610-7157ef38ab26[29104]: Proxy listener started.
Jul 31 08:14:12 gtw01 kernel: [ 2866.578788] device tap155473c3-c6 entered promiscuous mode
Jul 31 08:14:12 gtw01 systemd-udevd[29140]: Could not generate persistent MAC address for tap155473c3-c6: No such file or directory
Jul 31 08:14:12 gtw01 systemd-udevd[29140]: Process '/sbin/ip link set tap155473c3-c6 txqueuelen 10000' failed with exit code 1.
Jul 31 08:14:12 gtw01 systemd-udevd[29198]: Process '/sbin/ip link set tap155473c3-c6 txqueuelen 10000' failed with exit code 1.
Jul 31 08:14:12 gtw01 dnsmasq[29210]: started, version 2.80 cachesize 150
Jul 31 08:14:12 gtw01 dnsmasq[29210]: DNS service limited to local subnets
Jul 31 08:14:12 gtw01 dnsmasq[29210]: compile time options: IPv6 GNU-getopt DBus i18n IDN DHCP DHCPv6 no-Lua TFTP conntrack ipset auth DNSSEC loop-detect inotify dumpfile
Jul 31 08:14:12 gtw01 dnsmasq[29210]: warning: no upstream servers configured
Jul 31 08:14:12 gtw01 dnsmasq-dhcp[29210]: DHCP, static leases only on 192.168.120.0, lease time 1h
Jul 31 08:14:12 gtw01 dnsmasq[29210]: read /var/lib/neutron/dhcp/7a776198-4149-4b78-8c77-b234f9da4543/addn_hosts - 1 addresses
Jul 31 08:14:12 gtw01 dnsmasq-dhcp[29210]: read /var/lib/neutron/dhcp/7a776198-4149-4b78-8c77-b234f9da4543/host
Jul 31 08:14:12 gtw01 dnsmasq-dhcp[29210]: read /var/lib/neutron/dhcp/7a776198-4149-4b78-8c77-b234f9da4543/opts
Jul 31 08:14:12 gtw01 dnsmasq[29087]: read /var/lib/neutron/dhcp/c1ac0a3c-60bb-4ff4-b610-7157ef38ab26/addn_hosts - 2 addresses
Jul 31 08:14:12 gtw01 dnsmasq-dhcp[29087]: read /var/lib/neutron/dhcp/c1ac0a3c-60bb-4ff4-b610-7157ef38ab26/host
Jul 31 08:14:12 gtw01 dnsmasq-dhcp[29087]: read /var/lib/neutron/dhcp/c1ac0a3c-60bb-4ff4-b610-7157ef38ab26/opts
Jul 31 08:14:12 gtw01 haproxy-metadata-proxy-7a776198-4149-4b78-8c77-b234f9da4543[29234]: Proxy listener started.
Jul 31 08:14:13 gtw01 systemd-udevd[29272]: Could not generate persistent MAC address for tapa4349cd7-17: No such file or directory
Jul 31 08:14:13 gtw01 kernel: [ 2867.930766] device tapa4349cd7-17 entered promiscuous mode
Jul 31 08:14:13 gtw01 systemd-udevd[29319]: Process '/sbin/ip link set tapa4349cd7-17 txqueuelen 10000' failed with exit code 1.
Jul 31 08:14:14 gtw01 dnsmasq[29210]: read /var/lib/neutron/dhcp/7a776198-4149-4b78-8c77-b234f9da4543/addn_hosts - 3 addresses
Jul 31 08:14:14 gtw01 dnsmasq-dhcp[29210]: read /var/lib/neutron/dhcp/7a776198-4149-4b78-8c77-b234f9da4543/host
Jul 31 08:14:14 gtw01 dnsmasq-dhcp[29210]: read /var/lib/neutron/dhcp/7a776198-4149-4b78-8c77-b234f9da4543/opts
Jul 31 08:14:14 gtw01 dnsmasq[29087]: read /var/lib/neutron/dhcp/c1ac0a3c-60bb-4ff4-b610-7157ef38ab26/addn_hosts - 2 addresses
Jul 31 08:14:14 gtw01 dnsmasq-dhcp[29087]: read /var/lib/neutron/dhcp/c1ac0a3c-60bb-4ff4-b610-7157ef38ab26/host
Jul 31 08:14:14 gtw01 dnsmasq-dhcp[29087]: read /var/lib/neutron/dhcp/c1ac0a3c-60bb-4ff4-b610-7157ef38ab26/opts
Jul 31 08:14:15 gtw01 kernel: [ 2870.202884] device tape8c21f98-ac entered promiscuous mode
Jul 31 08:14:15 gtw01 systemd-udevd[29435]: Could not generate persistent MAC address for tape8c21f98-ac: No such file or directory
Jul 31 08:14:16 gtw01 systemd-udevd[29483]: Process '/sbin/ip link set tape8c21f98-ac txqueuelen 10000' failed with exit code 1.
Jul 31 08:14:16 gtw01 dnsmasq[29496]: started, version 2.80 cachesize 150
Jul 31 08:14:16 gtw01 dnsmasq[29496]: DNS service limited to local subnets
Jul 31 08:14:16 gtw01 dnsmasq[29496]: compile time options: IPv6 GNU-getopt DBus i18n IDN DHCP DHCPv6 no-Lua TFTP conntrack ipset auth DNSSEC loop-detect inotify dumpfile
Jul 31 08:14:16 gtw01 dnsmasq[29496]: warning: no upstream servers configured
Jul 31 08:14:16 gtw01 dnsmasq-dhcp[29496]: DHCP, static leases only on 192.168.120.48, lease time 1h
Jul 31 08:14:16 gtw01 dnsmasq[29496]: read /var/lib/neutron/dhcp/15dae934-0291-43ed-853f-16a0ec8741ac/addn_hosts - 1 addresses
Jul 31 08:14:16 gtw01 dnsmasq-dhcp[29496]: read /var/lib/neutron/dhcp/15dae934-0291-43ed-853f-16a0ec8741ac/host
Jul 31 08:14:16 gtw01 dnsmasq-dhcp[29496]: read /var/lib/neutron/dhcp/15dae934-0291-43ed-853f-16a0ec8741ac/opts
Jul 31 08:14:16 gtw01 dnsmasq[29210]: read /var/lib/neutron/dhcp/7a776198-4149-4b78-8c77-b234f9da4543/addn_hosts - 3 addresses
Jul 31 08:14:16 gtw01 dnsmasq-dhcp[29210]: read /var/lib/neutron/dhcp/7a776198-4149-4b78-8c77-b234f9da4543/host
Jul 31 08:14:16 gtw01 dnsmasq-dhcp[29210]: read /var/lib/neutron/dhcp/7a776198-4149-4b78-8c77-b234f9da4543/opts
Jul 31 08:14:16 gtw01 haproxy-metadata-proxy-15dae934-0291-43ed-853f-16a0ec8741ac[29517]: Proxy listener started.
Jul 31 08:14:16 gtw01 dnsmasq[29087]: read /var/lib/neutron/dhcp/c1ac0a3c-60bb-4ff4-b610-7157ef38ab26/addn_hosts - 2 addresses
Jul 31 08:14:16 gtw01 dnsmasq-dhcp[29087]: read /var/lib/neutron/dhcp/c1ac0a3c-60bb-4ff4-b610-7157ef38ab26/host
Jul 31 08:14:16 gtw01 dnsmasq-dhcp[29087]: read /var/lib/neutron/dhcp/c1ac0a3c-60bb-4ff4-b610-7157ef38ab26/opts
Jul 31 08:14:17 gtw01 dnsmasq[29496]: read /var/lib/neutron/dhcp/15dae934-0291-43ed-853f-16a0ec8741ac/addn_hosts - 2 addresses
Jul 31 08:14:17 gtw01 dnsmasq-dhcp[29496]: read /var/lib/neutron/dhcp/15dae934-0291-43ed-853f-16a0ec8741ac/host
Jul 31 08:14:17 gtw01 dnsmasq-dhcp[29496]: read /var/lib/neutron/dhcp/15dae934-0291-43ed-853f-16a0ec8741ac/opts
Jul 31 08:14:18 gtw01 dnsmasq[29210]: read /var/lib/neutron/dhcp/7a776198-4149-4b78-8c77-b234f9da4543/addn_hosts - 3 addresses
Jul 31 08:14:18 gtw01 dnsmasq-dhcp[29210]: read /var/lib/neutron/dhcp/7a776198-4149-4b78-8c77-b234f9da4543/host
Jul 31 08:14:18 gtw01 dnsmasq-dhcp[29210]: read /var/lib/neutron/dhcp/7a776198-4149-4b78-8c77-b234f9da4543/opts
Jul 31 08:14:18 gtw01 dnsmasq[29624]: started, version 2.80 cachesize 150
Jul 31 08:14:18 gtw01 dnsmasq[29624]: DNS service limited to local subnets
Jul 31 08:14:18 gtw01 dnsmasq[29624]: compile time options: IPv6 GNU-getopt DBus i18n IDN DHCP DHCPv6 no-Lua TFTP conntrack ipset auth DNSSEC loop-detect inotify dumpfile
Jul 31 08:14:18 gtw01 dnsmasq[29624]: warning: no upstream servers configured
Jul 31 08:14:18 gtw01 dnsmasq-dhcp[29624]: DHCP, static leases only on 192.168.120.64, lease time 1h
Jul 31 08:14:18 gtw01 dnsmasq[29624]: read /var/lib/neutron/dhcp/9d2831b7-6f56-4588-828e-5ad11c4b3f1a/addn_hosts - 1 addresses
Jul 31 08:14:18 gtw01 dnsmasq-dhcp[29624]: read /var/lib/neutron/dhcp/9d2831b7-6f56-4588-828e-5ad11c4b3f1a/host
Jul 31 08:14:18 gtw01 dnsmasq-dhcp[29624]: read /var/lib/neutron/dhcp/9d2831b7-6f56-4588-828e-5ad11c4b3f1a/opts
Jul 31 08:14:18 gtw01 dnsmasq[29087]: read /var/lib/neutron/dhcp/c1ac0a3c-60bb-4ff4-b610-7157ef38ab26/addn_hosts - 2 addresses
Jul 31 08:14:18 gtw01 dnsmasq-dhcp[29087]: read /var/lib/neutron/dhcp/c1ac0a3c-60bb-4ff4-b610-7157ef38ab26/host
Jul 31 08:14:18 gtw01 dnsmasq-dhcp[29087]: read /var/lib/neutron/dhcp/c1ac0a3c-60bb-4ff4-b610-7157ef38ab26/opts
Jul 31 08:14:19 gtw01 haproxy-metadata-proxy-9d2831b7-6f56-4588-828e-5ad11c4b3f1a[29654]: Proxy listener started.
Jul 31 08:14:19 gtw01 dnsmasq[29496]: read /var/lib/neutron/dhcp/15dae934-0291-43ed-853f-16a0ec8741ac/addn_hosts - 2 addresses
Jul 31 08:14:19 gtw01 dnsmasq-dhcp[29496]: read /var/lib/neutron/dhcp/15dae934-0291-43ed-853f-16a0ec8741ac/host
Jul 31 08:14:19 gtw01 dnsmasq-dhcp[29496]: read /var/lib/neutron/dhcp/15dae934-0291-43ed-853f-16a0ec8741ac/opts
Jul 31 08:14:20 gtw01 dnsmasq[29688]: started, version 2.80 cachesize 150
Jul 31 08:14:20 gtw01 dnsmasq[29688]: DNS service limited to local subnets
Jul 31 08:14:20 gtw01 dnsmasq[29688]: compile time options: IPv6 GNU-getopt DBus i18n IDN DHCP DHCPv6 no-Lua TFTP conntrack ipset auth DNSSEC loop-detect inotify dumpfile
Jul 31 08:14:20 gtw01 dnsmasq[29688]: warning: no upstream servers configured
Jul 31 08:14:20 gtw01 dnsmasq-dhcp[29688]: DHCP, static leases only on 192.168.120.0, lease time 1h
Jul 31 08:14:20 gtw01 dnsmasq[29688]: read /var/lib/neutron/dhcp/7fb3f5ee-f5ff-4371-aa7f-549aa4360d45/addn_hosts - 1 addresses
Jul 31 08:14:20 gtw01 dnsmasq-dhcp[29688]: read /var/lib/neutron/dhcp/7fb3f5ee-f5ff-4371-aa7f-549aa4360d45/host
Jul 31 08:14:20 gtw01 dnsmasq-dhcp[29688]: read /var/lib/neutron/dhcp/7fb3f5ee-f5ff-4371-aa7f-549aa4360d45/opts
Jul 31 08:14:20 gtw01 dnsmasq[29210]: read /var/lib/neutron/dhcp/7a776198-4149-4b78-8c77-b234f9da4543/addn_hosts - 3 addresses
Jul 31 08:14:20 gtw01 dnsmasq-dhcp[29210]: read /var/lib/neutron/dhcp/7a776198-4149-4b78-8c77-b234f9da4543/host
Jul 31 08:14:20 gtw01 dnsmasq-dhcp[29210]: read /var/lib/neutron/dhcp/7a776198-4149-4b78-8c77-b234f9da4543/opts
Jul 31 08:14:20 gtw01 haproxy-metadata-proxy-7fb3f5ee-f5ff-4371-aa7f-549aa4360d45[29704]: Proxy listener started.
Jul 31 08:14:20 gtw01 dnsmasq[29624]: read /var/lib/neutron/dhcp/9d2831b7-6f56-4588-828e-5ad11c4b3f1a/addn_hosts - 2 addresses
Jul 31 08:14:20 gtw01 dnsmasq-dhcp[29624]: read /var/lib/neutron/dhcp/9d2831b7-6f56-4588-828e-5ad11c4b3f1a/host
Jul 31 08:14:20 gtw01 dnsmasq-dhcp[29624]: read /var/lib/neutron/dhcp/9d2831b7-6f56-4588-828e-5ad11c4b3f1a/opts
Jul 31 08:14:21 gtw01 kernel: [ 2876.186968] device tapa4349cd7-17 left promiscuous mode
Jul 31 08:14:22 gtw01 kernel: [ 2876.614541] device tap34b58c0f-30 entered promiscuous mode
Jul 31 08:14:22 gtw01 systemd-udevd[29786]: Could not generate persistent MAC address for tap34b58c0f-30: No such file or directory
Jul 31 08:14:22 gtw01 dnsmasq[29496]: read /var/lib/neutron/dhcp/15dae934-0291-43ed-853f-16a0ec8741ac/addn_hosts - 2 addresses
Jul 31 08:14:22 gtw01 dnsmasq-dhcp[29496]: read /var/lib/neutron/dhcp/15dae934-0291-43ed-853f-16a0ec8741ac/host
Jul 31 08:14:22 gtw01 dnsmasq-dhcp[29496]: read /var/lib/neutron/dhcp/15dae934-0291-43ed-853f-16a0ec8741ac/opts
Jul 31 08:14:22 gtw01 systemd-udevd[29786]: Process '/sbin/ip link set tap34b58c0f-30 txqueuelen 10000' failed with exit code 1.
Jul 31 08:14:22 gtw01 dnsmasq[29844]: started, version 2.80 cachesize 150
Jul 31 08:14:22 gtw01 dnsmasq[29844]: DNS service limited to local subnets
Jul 31 08:14:22 gtw01 dnsmasq[29844]: compile time options: IPv6 GNU-getopt DBus i18n IDN DHCP DHCPv6 no-Lua TFTP conntrack ipset auth DNSSEC loop-detect inotify dumpfile
Jul 31 08:14:22 gtw01 dnsmasq[29844]: warning: no upstream servers configured
Jul 31 08:14:22 gtw01 dnsmasq-dhcp[29844]: DHCP, static leases only on 192.168.120.80, lease time 1h
Jul 31 08:14:22 gtw01 dnsmasq[29844]: read /var/lib/neutron/dhcp/6c310b1e-7424-4505-a50e-0051a9cf5b29/addn_hosts - 1 addresses
Jul 31 08:14:22 gtw01 dnsmasq-dhcp[29844]: read /var/lib/neutron/dhcp/6c310b1e-7424-4505-a50e-0051a9cf5b29/host
Jul 31 08:14:22 gtw01 dnsmasq-dhcp[29844]: read /var/lib/neutron/dhcp/6c310b1e-7424-4505-a50e-0051a9cf5b29/opts
Jul 31 08:14:22 gtw01 dnsmasq[29210]: read /var/lib/neutron/dhcp/7a776198-4149-4b78-8c77-b234f9da4543/addn_hosts - 3 addresses
Jul 31 08:14:22 gtw01 dnsmasq-dhcp[29210]: read /var/lib/neutron/dhcp/7a776198-4149-4b78-8c77-b234f9da4543/host
Jul 31 08:14:22 gtw01 dnsmasq-dhcp[29210]: read /var/lib/neutron/dhcp/7a776198-4149-4b78-8c77-b234f9da4543/opts
Jul 31 08:14:22 gtw01 haproxy-metadata-proxy-6c310b1e-7424-4505-a50e-0051a9cf5b29[29860]: Proxy listener started.
Jul 31 08:14:22 gtw01 dnsmasq[29624]: read /var/lib/neutron/dhcp/9d2831b7-6f56-4588-828e-5ad11c4b3f1a/addn_hosts - 2 addresses
Jul 31 08:14:22 gtw01 dnsmasq-dhcp[29624]: read /var/lib/neutron/dhcp/9d2831b7-6f56-4588-828e-5ad11c4b3f1a/host
Jul 31 08:14:22 gtw01 dnsmasq-dhcp[29624]: read /var/lib/neutron/dhcp/9d2831b7-6f56-4588-828e-5ad11c4b3f1a/opts
Jul 31 08:14:23 gtw01 dnsmasq-dhcp[28608]: DHCPRELEASE(tap61dd0175-e4) 192.168.120.8 fa:16:3e:d7:4c:06
Jul 31 08:14:24 gtw01 dnsmasq[29844]: read /var/lib/neutron/dhcp/6c310b1e-7424-4505-a50e-0051a9cf5b29/addn_hosts - 2 addresses
Jul 31 08:14:24 gtw01 dnsmasq-dhcp[29844]: read /var/lib/neutron/dhcp/6c310b1e-7424-4505-a50e-0051a9cf5b29/host
Jul 31 08:14:24 gtw01 dnsmasq-dhcp[29844]: read /var/lib/neutron/dhcp/6c310b1e-7424-4505-a50e-0051a9cf5b29/opts
Jul 31 08:14:24 gtw01 dnsmasq[29496]: read /var/lib/neutron/dhcp/15dae934-0291-43ed-853f-16a0ec8741ac/addn_hosts - 2 addresses
Jul 31 08:14:24 gtw01 dnsmasq-dhcp[29496]: read /var/lib/neutron/dhcp/15dae934-0291-43ed-853f-16a0ec8741ac/host
Jul 31 08:14:24 gtw01 dnsmasq-dhcp[29496]: read /var/lib/neutron/dhcp/15dae934-0291-43ed-853f-16a0ec8741ac/opts
Jul 31 08:14:24 gtw01 dnsmasq[29210]: read /var/lib/neutron/dhcp/7a776198-4149-4b78-8c77-b234f9da4543/addn_hosts - 3 addresses
Jul 31 08:14:24 gtw01 dnsmasq-dhcp[29210]: read /var/lib/neutron/dhcp/7a776198-4149-4b78-8c77-b234f9da4543/host
Jul 31 08:14:24 gtw01 dnsmasq-dhcp[29210]: read /var/lib/neutron/dhcp/7a776198-4149-4b78-8c77-b234f9da4543/opts
Jul 31 08:14:25 gtw01 dnsmasq[29624]: read /var/lib/neutron/dhcp/9d2831b7-6f56-4588-828e-5ad11c4b3f1a/addn_hosts - 2 addresses
Jul 31 08:14:25 gtw01 dnsmasq-dhcp[29624]: read /var/lib/neutron/dhcp/9d2831b7-6f56-4588-828e-5ad11c4b3f1a/host
Jul 31 08:14:25 gtw01 dnsmasq-dhcp[29624]: read /var/lib/neutron/dhcp/9d2831b7-6f56-4588-828e-5ad11c4b3f1a/opts
Jul 31 08:14:25 gtw01 dnsmasq[28608]: read /var/lib/neutron/dhcp/49d0d493-d014-4960-b31b-a8d27809f1f4/addn_hosts - 1 addresses
Jul 31 08:14:25 gtw01 dnsmasq-dhcp[28608]: read /var/lib/neutron/dhcp/49d0d493-d014-4960-b31b-a8d27809f1f4/host
Jul 31 08:14:25 gtw01 dnsmasq-dhcp[28608]: read /var/lib/neutron/dhcp/49d0d493-d014-4960-b31b-a8d27809f1f4/opts
Jul 31 08:14:26 gtw01 kernel: [ 2880.714822] device tapa62d1d35-73 entered promiscuous mode
Jul 31 08:14:26 gtw01 systemd-udevd[30028]: Could not generate persistent MAC address for tapa62d1d35-73: No such file or directory
Jul 31 08:14:26 gtw01 dnsmasq[29844]: read /var/lib/neutron/dhcp/6c310b1e-7424-4505-a50e-0051a9cf5b29/addn_hosts - 2 addresses
Jul 31 08:14:26 gtw01 dnsmasq-dhcp[29844]: read /var/lib/neutron/dhcp/6c310b1e-7424-4505-a50e-0051a9cf5b29/host
Jul 31 08:14:26 gtw01 dnsmasq-dhcp[29844]: read /var/lib/neutron/dhcp/6c310b1e-7424-4505-a50e-0051a9cf5b29/opts
Jul 31 08:14:26 gtw01 dnsmasq[28614]: read /var/lib/neutron/dhcp/a8d58bbd-e918-4cf3-8aaa-013ab358d264/addn_hosts - 1 addresses
Jul 31 08:14:26 gtw01 dnsmasq-dhcp[28614]: read /var/lib/neutron/dhcp/a8d58bbd-e918-4cf3-8aaa-013ab358d264/host
Jul 31 08:14:26 gtw01 dnsmasq-dhcp[28614]: read /var/lib/neutron/dhcp/a8d58bbd-e918-4cf3-8aaa-013ab358d264/opts
Jul 31 08:14:27 gtw01 systemd-udevd[30100]: Process '/sbin/ip link set tapa62d1d35-73 txqueuelen 10000' failed with exit code 1.
Jul 31 08:14:27 gtw01 dnsmasq[29210]: read /var/lib/neutron/dhcp/7a776198-4149-4b78-8c77-b234f9da4543/addn_hosts - 3 addresses
Jul 31 08:14:27 gtw01 dnsmasq-dhcp[29210]: read /var/lib/neutron/dhcp/7a776198-4149-4b78-8c77-b234f9da4543/host
Jul 31 08:14:27 gtw01 dnsmasq-dhcp[29210]: read /var/lib/neutron/dhcp/7a776198-4149-4b78-8c77-b234f9da4543/opts
Jul 31 08:14:27 gtw01 dnsmasq[29624]: read /var/lib/neutron/dhcp/9d2831b7-6f56-4588-828e-5ad11c4b3f1a/addn_hosts - 2 addresses
Jul 31 08:14:27 gtw01 dnsmasq-dhcp[29624]: read /var/lib/neutron/dhcp/9d2831b7-6f56-4588-828e-5ad11c4b3f1a/host
Jul 31 08:14:27 gtw01 dnsmasq-dhcp[29624]: read /var/lib/neutron/dhcp/9d2831b7-6f56-4588-828e-5ad11c4b3f1a/opts
Jul 31 08:14:27 gtw01 dnsmasq[29087]: read /var/lib/neutron/dhcp/c1ac0a3c-60bb-4ff4-b610-7157ef38ab26/addn_hosts - 1 addresses
Jul 31 08:14:27 gtw01 dnsmasq-dhcp[29087]: read /var/lib/neutron/dhcp/c1ac0a3c-60bb-4ff4-b610-7157ef38ab26/host
Jul 31 08:14:27 gtw01 dnsmasq-dhcp[29087]: read /var/lib/neutron/dhcp/c1ac0a3c-60bb-4ff4-b610-7157ef38ab26/opts
Jul 31 08:14:28 gtw01 dnsmasq[29496]: read /var/lib/neutron/dhcp/15dae934-0291-43ed-853f-16a0ec8741ac/addn_hosts - 1 addresses
Jul 31 08:14:28 gtw01 dnsmasq-dhcp[29496]: read /var/lib/neutron/dhcp/15dae934-0291-43ed-853f-16a0ec8741ac/host
Jul 31 08:14:28 gtw01 dnsmasq-dhcp[29496]: read /var/lib/neutron/dhcp/15dae934-0291-43ed-853f-16a0ec8741ac/opts
Jul 31 08:14:29 gtw01 dnsmasq[29844]: read /var/lib/neutron/dhcp/6c310b1e-7424-4505-a50e-0051a9cf5b29/addn_hosts - 2 addresses
Jul 31 08:14:29 gtw01 dnsmasq-dhcp[29844]: read /var/lib/neutron/dhcp/6c310b1e-7424-4505-a50e-0051a9cf5b29/host
Jul 31 08:14:29 gtw01 dnsmasq-dhcp[29844]: read /var/lib/neutron/dhcp/6c310b1e-7424-4505-a50e-0051a9cf5b29/opts
Jul 31 08:14:29 gtw01 dnsmasq[30228]: started, version 2.80 cachesize 150
Jul 31 08:14:29 gtw01 dnsmasq[30228]: DNS service limited to local subnets
Jul 31 08:14:29 gtw01 dnsmasq[30228]: compile time options: IPv6 GNU-getopt DBus i18n IDN DHCP DHCPv6 no-Lua TFTP conntrack ipset auth DNSSEC loop-detect inotify dumpfile
Jul 31 08:14:29 gtw01 dnsmasq[30228]: warning: no upstream servers configured
Jul 31 08:14:29 gtw01 dnsmasq-dhcp[30228]: DHCP, static leases only on 192.168.120.96, lease time 1h
Jul 31 08:14:29 gtw01 dnsmasq[30228]: read /var/lib/neutron/dhcp/3dff8f36-43e7-4fab-a1e4-5cc16214cd89/addn_hosts - 1 addresses
Jul 31 08:14:29 gtw01 dnsmasq-dhcp[30228]: read /var/lib/neutron/dhcp/3dff8f36-43e7-4fab-a1e4-5cc16214cd89/host
Jul 31 08:14:29 gtw01 dnsmasq-dhcp[30228]: read /var/lib/neutron/dhcp/3dff8f36-43e7-4fab-a1e4-5cc16214cd89/opts
Jul 31 08:14:29 gtw01 dnsmasq[29210]: read /var/lib/neutron/dhcp/7a776198-4149-4b78-8c77-b234f9da4543/addn_hosts - 3 addresses
Jul 31 08:14:29 gtw01 dnsmasq-dhcp[29210]: read /var/lib/neutron/dhcp/7a776198-4149-4b78-8c77-b234f9da4543/host
Jul 31 08:14:29 gtw01 dnsmasq-dhcp[29210]: read /var/lib/neutron/dhcp/7a776198-4149-4b78-8c77-b234f9da4543/opts
Jul 31 08:14:30 gtw01 dnsmasq[29624]: read /var/lib/neutron/dhcp/9d2831b7-6f56-4588-828e-5ad11c4b3f1a/addn_hosts - 1 addresses
Jul 31 08:14:30 gtw01 dnsmasq-dhcp[29624]: read /var/lib/neutron/dhcp/9d2831b7-6f56-4588-828e-5ad11c4b3f1a/host
Jul 31 08:14:30 gtw01 dnsmasq-dhcp[29624]: read /var/lib/neutron/dhcp/9d2831b7-6f56-4588-828e-5ad11c4b3f1a/opts
Jul 31 08:14:30 gtw01 haproxy-metadata-proxy-3dff8f36-43e7-4fab-a1e4-5cc16214cd89[30242]: Proxy listener started.
Jul 31 08:14:31 gtw01 dnsmasq[29844]: read /var/lib/neutron/dhcp/6c310b1e-7424-4505-a50e-0051a9cf5b29/addn_hosts - 2 addresses
