Jul 31 08:44:39 gtw01 dnsmasq-dhcp[11025]: read /var/lib/neutron/dhcp/076bfa29-04b4-4424-974d-ea68b60d2ae9/opts
Jul 31 08:44:39 gtw01 dnsmasq[11068]: read /var/lib/neutron/dhcp/d92ced90-d2dc-4d47-8afc-c6408c7db657/addn_hosts - 1 addresses
Jul 31 08:44:39 gtw01 dnsmasq-dhcp[11068]: read /var/lib/neutron/dhcp/d92ced90-d2dc-4d47-8afc-c6408c7db657/host
Jul 31 08:44:39 gtw01 dnsmasq-dhcp[11068]: read /var/lib/neutron/dhcp/d92ced90-d2dc-4d47-8afc-c6408c7db657/opts
Jul 31 08:44:40 gtw01 dnsmasq[11068]: read /var/lib/neutron/dhcp/d92ced90-d2dc-4d47-8afc-c6408c7db657/addn_hosts - 1 addresses
Jul 31 08:44:40 gtw01 dnsmasq-dhcp[11068]: read /var/lib/neutron/dhcp/d92ced90-d2dc-4d47-8afc-c6408c7db657/host
Jul 31 08:44:40 gtw01 dnsmasq-dhcp[11068]: read /var/lib/neutron/dhcp/d92ced90-d2dc-4d47-8afc-c6408c7db657/opts
Jul 31 08:44:40 gtw01 dnsmasq[11025]: read /var/lib/neutron/dhcp/076bfa29-04b4-4424-974d-ea68b60d2ae9/addn_hosts - 2 addresses
Jul 31 08:44:40 gtw01 dnsmasq-dhcp[11025]: read /var/lib/neutron/dhcp/076bfa29-04b4-4424-974d-ea68b60d2ae9/host
Jul 31 08:44:40 gtw01 dnsmasq-dhcp[11025]: read /var/lib/neutron/dhcp/076bfa29-04b4-4424-974d-ea68b60d2ae9/opts
Jul 31 08:44:41 gtw01 dnsmasq[10924]: read /var/lib/neutron/dhcp/7e6f41c0-7677-45f1-85b9-4a268ffeb1df/addn_hosts - 2 addresses
Jul 31 08:44:41 gtw01 dnsmasq-dhcp[10924]: read /var/lib/neutron/dhcp/7e6f41c0-7677-45f1-85b9-4a268ffeb1df/host
Jul 31 08:44:41 gtw01 dnsmasq-dhcp[10924]: read /var/lib/neutron/dhcp/7e6f41c0-7677-45f1-85b9-4a268ffeb1df/opts
Jul 31 08:44:41 gtw01 kernel: [ 4695.528428] device tap43f5e07e-4d entered promiscuous mode
Jul 31 08:44:41 gtw01 systemd-udevd[11205]: Could not generate persistent MAC address for tap43f5e07e-4d: No such file or directory
Jul 31 08:44:41 gtw01 systemd-udevd[11255]: Process '/sbin/ip link set tap43f5e07e-4d txqueuelen 10000' failed with exit code 1.
Jul 31 08:44:42 gtw01 dnsmasq[11025]: read /var/lib/neutron/dhcp/076bfa29-04b4-4424-974d-ea68b60d2ae9/addn_hosts - 2 addresses
Jul 31 08:44:42 gtw01 dnsmasq-dhcp[11025]: read /var/lib/neutron/dhcp/076bfa29-04b4-4424-974d-ea68b60d2ae9/host
Jul 31 08:44:42 gtw01 dnsmasq-dhcp[11025]: read /var/lib/neutron/dhcp/076bfa29-04b4-4424-974d-ea68b60d2ae9/opts
Jul 31 08:44:42 gtw01 dnsmasq[10924]: read /var/lib/neutron/dhcp/7e6f41c0-7677-45f1-85b9-4a268ffeb1df/addn_hosts - 2 addresses
Jul 31 08:44:42 gtw01 dnsmasq-dhcp[10924]: read /var/lib/neutron/dhcp/7e6f41c0-7677-45f1-85b9-4a268ffeb1df/host
Jul 31 08:44:42 gtw01 dnsmasq-dhcp[10924]: read /var/lib/neutron/dhcp/7e6f41c0-7677-45f1-85b9-4a268ffeb1df/opts
Jul 31 08:44:43 gtw01 dnsmasq[11025]: read /var/lib/neutron/dhcp/076bfa29-04b4-4424-974d-ea68b60d2ae9/addn_hosts - 1 addresses
Jul 31 08:44:43 gtw01 dnsmasq-dhcp[11025]: read /var/lib/neutron/dhcp/076bfa29-04b4-4424-974d-ea68b60d2ae9/host
Jul 31 08:44:43 gtw01 dnsmasq-dhcp[11025]: read /var/lib/neutron/dhcp/076bfa29-04b4-4424-974d-ea68b60d2ae9/opts
Jul 31 08:44:44 gtw01 dnsmasq[10924]: read /var/lib/neutron/dhcp/7e6f41c0-7677-45f1-85b9-4a268ffeb1df/addn_hosts - 1 addresses
Jul 31 08:44:44 gtw01 dnsmasq-dhcp[10924]: read /var/lib/neutron/dhcp/7e6f41c0-7677-45f1-85b9-4a268ffeb1df/host
Jul 31 08:44:44 gtw01 dnsmasq-dhcp[10924]: read /var/lib/neutron/dhcp/7e6f41c0-7677-45f1-85b9-4a268ffeb1df/opts
Jul 31 08:44:44 gtw01 dnsmasq[11393]: started, version 2.80 cachesize 150
Jul 31 08:44:44 gtw01 dnsmasq[11393]: DNS service limited to local subnets
Jul 31 08:44:44 gtw01 dnsmasq[11393]: compile time options: IPv6 GNU-getopt DBus i18n IDN DHCP DHCPv6 no-Lua TFTP conntrack ipset auth DNSSEC loop-detect inotify dumpfile
Jul 31 08:44:44 gtw01 dnsmasq[11393]: warning: no upstream servers configured
Jul 31 08:44:44 gtw01 dnsmasq-dhcp[11393]: DHCP, static leases only on 192.168.121.0, lease time 1h
Jul 31 08:44:44 gtw01 dnsmasq[11393]: read /var/lib/neutron/dhcp/27157bff-fd30-4db9-8773-2352cafb02d0/addn_hosts - 1 addresses
Jul 31 08:44:44 gtw01 dnsmasq-dhcp[11393]: read /var/lib/neutron/dhcp/27157bff-fd30-4db9-8773-2352cafb02d0/host
Jul 31 08:44:44 gtw01 dnsmasq-dhcp[11393]: read /var/lib/neutron/dhcp/27157bff-fd30-4db9-8773-2352cafb02d0/opts
Jul 31 08:44:44 gtw01 haproxy-metadata-proxy-27157bff-fd30-4db9-8773-2352cafb02d0[11397]: Proxy listener started.
Jul 31 08:44:45 gtw01 dnsmasq[11393]: read /var/lib/neutron/dhcp/27157bff-fd30-4db9-8773-2352cafb02d0/addn_hosts - 1 addresses
Jul 31 08:44:45 gtw01 dnsmasq-dhcp[11393]: read /var/lib/neutron/dhcp/27157bff-fd30-4db9-8773-2352cafb02d0/host
Jul 31 08:44:45 gtw01 dnsmasq-dhcp[11393]: read /var/lib/neutron/dhcp/27157bff-fd30-4db9-8773-2352cafb02d0/opts
Jul 31 08:44:46 gtw01 dnsmasq[11393]: read /var/lib/neutron/dhcp/27157bff-fd30-4db9-8773-2352cafb02d0/addn_hosts - 1 addresses
Jul 31 08:44:46 gtw01 dnsmasq-dhcp[11393]: read /var/lib/neutron/dhcp/27157bff-fd30-4db9-8773-2352cafb02d0/host
Jul 31 08:44:46 gtw01 dnsmasq-dhcp[11393]: read /var/lib/neutron/dhcp/27157bff-fd30-4db9-8773-2352cafb02d0/opts
Jul 31 08:44:47 gtw01 dnsmasq[11393]: read /var/lib/neutron/dhcp/27157bff-fd30-4db9-8773-2352cafb02d0/addn_hosts - 1 addresses
Jul 31 08:44:47 gtw01 dnsmasq-dhcp[11393]: read /var/lib/neutron/dhcp/27157bff-fd30-4db9-8773-2352cafb02d0/host
Jul 31 08:44:47 gtw01 dnsmasq-dhcp[11393]: read /var/lib/neutron/dhcp/27157bff-fd30-4db9-8773-2352cafb02d0/opts
Jul 31 08:44:48 gtw01 kernel: [ 4702.485182] device tap43f5e07e-4d left promiscuous mode
Jul 31 08:44:50 gtw01 kernel: [ 4705.035635] device tap9c7c5a10-3e left promiscuous mode
Jul 31 08:44:52 gtw01 kernel: [ 4706.384815] device tap62ad91eb-fc left promiscuous mode
Jul 31 08:44:55 gtw01 kernel: [ 4710.128737] device tap7a23f6ca-f6 left promiscuous mode
Jul 31 08:45:33 gtw01 dnsmasq[5457]: read /var/lib/neutron/dhcp/18986f40-ba44-4889-b0a6-fbe8ffe222f7/addn_hosts - 1 addresses
Jul 31 08:45:33 gtw01 dnsmasq-dhcp[5457]: read /var/lib/neutron/dhcp/18986f40-ba44-4889-b0a6-fbe8ffe222f7/host
Jul 31 08:45:33 gtw01 dnsmasq-dhcp[5457]: read /var/lib/neutron/dhcp/18986f40-ba44-4889-b0a6-fbe8ffe222f7/opts
Jul 31 08:45:37 gtw01 kernel: [ 4752.166337] device tap4c7c3b43-f0 left promiscuous mode
Jul 31 08:45:47 gtw01 systemd-udevd[11531]: Could not generate persistent MAC address for tap40c8bd2b-24: No such file or directory
Jul 31 08:45:47 gtw01 kernel: [ 4761.287429] device tap40c8bd2b-24 entered promiscuous mode
Jul 31 08:45:47 gtw01 systemd-udevd[11576]: Process '/sbin/ip link set tap40c8bd2b-24 txqueuelen 10000' failed with exit code 1.
Jul 31 08:45:49 gtw01 dnsmasq[11640]: started, version 2.80 cachesize 150
Jul 31 08:45:49 gtw01 dnsmasq[11640]: DNS service limited to local subnets
Jul 31 08:45:49 gtw01 dnsmasq[11640]: compile time options: IPv6 GNU-getopt DBus i18n IDN DHCP DHCPv6 no-Lua TFTP conntrack ipset auth DNSSEC loop-detect inotify dumpfile
Jul 31 08:45:49 gtw01 dnsmasq[11640]: warning: no upstream servers configured
Jul 31 08:45:49 gtw01 dnsmasq-dhcp[11640]: DHCP, static leases only on 192.168.120.0, lease time 1h
Jul 31 08:45:49 gtw01 dnsmasq[11640]: read /var/lib/neutron/dhcp/77bf4829-020b-41ce-97aa-3081d67fcfed/addn_hosts - 1 addresses
Jul 31 08:45:49 gtw01 dnsmasq-dhcp[11640]: read /var/lib/neutron/dhcp/77bf4829-020b-41ce-97aa-3081d67fcfed/host
Jul 31 08:45:49 gtw01 dnsmasq-dhcp[11640]: read /var/lib/neutron/dhcp/77bf4829-020b-41ce-97aa-3081d67fcfed/opts
Jul 31 08:45:50 gtw01 haproxy-metadata-proxy-77bf4829-020b-41ce-97aa-3081d67fcfed[11644]: Proxy listener started.
Jul 31 08:45:50 gtw01 dnsmasq[11640]: read /var/lib/neutron/dhcp/77bf4829-020b-41ce-97aa-3081d67fcfed/addn_hosts - 2 addresses
Jul 31 08:45:50 gtw01 dnsmasq-dhcp[11640]: read /var/lib/neutron/dhcp/77bf4829-020b-41ce-97aa-3081d67fcfed/host
Jul 31 08:45:50 gtw01 dnsmasq-dhcp[11640]: read /var/lib/neutron/dhcp/77bf4829-020b-41ce-97aa-3081d67fcfed/opts
Jul 31 08:45:51 gtw01 dnsmasq[11640]: read /var/lib/neutron/dhcp/77bf4829-020b-41ce-97aa-3081d67fcfed/addn_hosts - 2 addresses
Jul 31 08:45:51 gtw01 dnsmasq-dhcp[11640]: read /var/lib/neutron/dhcp/77bf4829-020b-41ce-97aa-3081d67fcfed/host
Jul 31 08:45:51 gtw01 dnsmasq-dhcp[11640]: read /var/lib/neutron/dhcp/77bf4829-020b-41ce-97aa-3081d67fcfed/opts
Jul 31 08:45:52 gtw01 dnsmasq[11640]: read /var/lib/neutron/dhcp/77bf4829-020b-41ce-97aa-3081d67fcfed/addn_hosts - 2 addresses
Jul 31 08:45:52 gtw01 dnsmasq-dhcp[11640]: read /var/lib/neutron/dhcp/77bf4829-020b-41ce-97aa-3081d67fcfed/host
Jul 31 08:45:52 gtw01 dnsmasq-dhcp[11640]: read /var/lib/neutron/dhcp/77bf4829-020b-41ce-97aa-3081d67fcfed/opts
Jul 31 08:45:53 gtw01 dnsmasq[11640]: read /var/lib/neutron/dhcp/77bf4829-020b-41ce-97aa-3081d67fcfed/addn_hosts - 2 addresses
Jul 31 08:45:53 gtw01 dnsmasq-dhcp[11640]: read /var/lib/neutron/dhcp/77bf4829-020b-41ce-97aa-3081d67fcfed/host
Jul 31 08:45:53 gtw01 dnsmasq-dhcp[11640]: read /var/lib/neutron/dhcp/77bf4829-020b-41ce-97aa-3081d67fcfed/opts
Jul 31 08:45:54 gtw01 dnsmasq[11640]: read /var/lib/neutron/dhcp/77bf4829-020b-41ce-97aa-3081d67fcfed/addn_hosts - 2 addresses
Jul 31 08:45:54 gtw01 dnsmasq-dhcp[11640]: read /var/lib/neutron/dhcp/77bf4829-020b-41ce-97aa-3081d67fcfed/host
Jul 31 08:45:54 gtw01 dnsmasq-dhcp[11640]: read /var/lib/neutron/dhcp/77bf4829-020b-41ce-97aa-3081d67fcfed/opts
Jul 31 08:46:37 gtw01 kernel: [ 4811.700757] device tap3ab3aab6-8b entered promiscuous mode
Jul 31 08:46:37 gtw01 systemd-udevd[11748]: Could not generate persistent MAC address for tap3ab3aab6-8b: No such file or directory
Jul 31 08:46:37 gtw01 systemd-udevd[11793]: Process '/sbin/ip link set tap3ab3aab6-8b txqueuelen 10000' failed with exit code 1.
Jul 31 08:46:40 gtw01 dnsmasq[11858]: started, version 2.80 cachesize 150
Jul 31 08:46:40 gtw01 dnsmasq[11858]: DNS service limited to local subnets
Jul 31 08:46:40 gtw01 dnsmasq[11858]: compile time options: IPv6 GNU-getopt DBus i18n IDN DHCP DHCPv6 no-Lua TFTP conntrack ipset auth DNSSEC loop-detect inotify dumpfile
Jul 31 08:46:40 gtw01 dnsmasq[11858]: warning: no upstream servers configured
Jul 31 08:46:40 gtw01 dnsmasq-dhcp[11858]: DHCP, static leases only on 192.168.120.0, lease time 1h
Jul 31 08:46:40 gtw01 dnsmasq[11858]: read /var/lib/neutron/dhcp/1ef84f33-d57c-442f-b0cb-bed6e367da85/addn_hosts - 1 addresses
Jul 31 08:46:40 gtw01 dnsmasq-dhcp[11858]: read /var/lib/neutron/dhcp/1ef84f33-d57c-442f-b0cb-bed6e367da85/host
Jul 31 08:46:40 gtw01 dnsmasq-dhcp[11858]: read /var/lib/neutron/dhcp/1ef84f33-d57c-442f-b0cb-bed6e367da85/opts
Jul 31 08:46:40 gtw01 haproxy-metadata-proxy-1ef84f33-d57c-442f-b0cb-bed6e367da85[11862]: Proxy listener started.
Jul 31 08:46:41 gtw01 dnsmasq[11858]: read /var/lib/neutron/dhcp/1ef84f33-d57c-442f-b0cb-bed6e367da85/addn_hosts - 2 addresses
Jul 31 08:46:41 gtw01 dnsmasq-dhcp[11858]: read /var/lib/neutron/dhcp/1ef84f33-d57c-442f-b0cb-bed6e367da85/host
Jul 31 08:46:41 gtw01 dnsmasq-dhcp[11858]: read /var/lib/neutron/dhcp/1ef84f33-d57c-442f-b0cb-bed6e367da85/opts
Jul 31 08:46:42 gtw01 dnsmasq[11858]: read /var/lib/neutron/dhcp/1ef84f33-d57c-442f-b0cb-bed6e367da85/addn_hosts - 2 addresses
Jul 31 08:46:42 gtw01 dnsmasq-dhcp[11858]: read /var/lib/neutron/dhcp/1ef84f33-d57c-442f-b0cb-bed6e367da85/host
Jul 31 08:46:42 gtw01 dnsmasq-dhcp[11858]: read /var/lib/neutron/dhcp/1ef84f33-d57c-442f-b0cb-bed6e367da85/opts
Jul 31 08:46:42 gtw01 dnsmasq[11640]: read /var/lib/neutron/dhcp/77bf4829-020b-41ce-97aa-3081d67fcfed/addn_hosts - 3 addresses
Jul 31 08:46:42 gtw01 dnsmasq-dhcp[11640]: read /var/lib/neutron/dhcp/77bf4829-020b-41ce-97aa-3081d67fcfed/host
Jul 31 08:46:42 gtw01 dnsmasq-dhcp[11640]: read /var/lib/neutron/dhcp/77bf4829-020b-41ce-97aa-3081d67fcfed/opts
Jul 31 08:46:43 gtw01 dnsmasq[11858]: read /var/lib/neutron/dhcp/1ef84f33-d57c-442f-b0cb-bed6e367da85/addn_hosts - 2 addresses
Jul 31 08:46:43 gtw01 dnsmasq-dhcp[11858]: read /var/lib/neutron/dhcp/1ef84f33-d57c-442f-b0cb-bed6e367da85/host
Jul 31 08:46:43 gtw01 dnsmasq-dhcp[11858]: read /var/lib/neutron/dhcp/1ef84f33-d57c-442f-b0cb-bed6e367da85/opts
Jul 31 08:46:43 gtw01 dnsmasq[11640]: read /var/lib/neutron/dhcp/77bf4829-020b-41ce-97aa-3081d67fcfed/addn_hosts - 3 addresses
Jul 31 08:46:43 gtw01 dnsmasq-dhcp[11640]: read /var/lib/neutron/dhcp/77bf4829-020b-41ce-97aa-3081d67fcfed/host
Jul 31 08:46:43 gtw01 dnsmasq-dhcp[11640]: read /var/lib/neutron/dhcp/77bf4829-020b-41ce-97aa-3081d67fcfed/opts
Jul 31 08:46:44 gtw01 dnsmasq[11858]: read /var/lib/neutron/dhcp/1ef84f33-d57c-442f-b0cb-bed6e367da85/addn_hosts - 2 addresses
Jul 31 08:46:44 gtw01 dnsmasq-dhcp[11858]: read /var/lib/neutron/dhcp/1ef84f33-d57c-442f-b0cb-bed6e367da85/host
Jul 31 08:46:44 gtw01 dnsmasq-dhcp[11858]: read /var/lib/neutron/dhcp/1ef84f33-d57c-442f-b0cb-bed6e367da85/opts
Jul 31 08:46:44 gtw01 dnsmasq[11640]: read /var/lib/neutron/dhcp/77bf4829-020b-41ce-97aa-3081d67fcfed/addn_hosts - 3 addresses
Jul 31 08:46:44 gtw01 dnsmasq-dhcp[11640]: read /var/lib/neutron/dhcp/77bf4829-020b-41ce-97aa-3081d67fcfed/host
Jul 31 08:46:44 gtw01 dnsmasq-dhcp[11640]: read /var/lib/neutron/dhcp/77bf4829-020b-41ce-97aa-3081d67fcfed/opts
Jul 31 08:46:45 gtw01 systemd-udevd[11998]: Could not generate persistent MAC address for tap512829f2-ea: No such file or directory
Jul 31 08:46:45 gtw01 kernel: [ 4819.283546] device tap512829f2-ea entered promiscuous mode
Jul 31 08:46:45 gtw01 systemd-udevd[11998]: Process '/sbin/ip link set tap512829f2-ea txqueuelen 10000' failed with exit code 1.
Jul 31 08:46:45 gtw01 dnsmasq[11858]: read /var/lib/neutron/dhcp/1ef84f33-d57c-442f-b0cb-bed6e367da85/addn_hosts - 2 addresses
Jul 31 08:46:45 gtw01 dnsmasq-dhcp[11858]: read /var/lib/neutron/dhcp/1ef84f33-d57c-442f-b0cb-bed6e367da85/host
Jul 31 08:46:45 gtw01 dnsmasq-dhcp[11858]: read /var/lib/neutron/dhcp/1ef84f33-d57c-442f-b0cb-bed6e367da85/opts
Jul 31 08:46:46 gtw01 dnsmasq[11640]: read /var/lib/neutron/dhcp/77bf4829-020b-41ce-97aa-3081d67fcfed/addn_hosts - 4 addresses
Jul 31 08:46:46 gtw01 dnsmasq-dhcp[11640]: read /var/lib/neutron/dhcp/77bf4829-020b-41ce-97aa-3081d67fcfed/host
Jul 31 08:46:46 gtw01 dnsmasq-dhcp[11640]: read /var/lib/neutron/dhcp/77bf4829-020b-41ce-97aa-3081d67fcfed/opts
Jul 31 08:46:46 gtw01 dnsmasq[11640]: read /var/lib/neutron/dhcp/77bf4829-020b-41ce-97aa-3081d67fcfed/addn_hosts - 4 addresses
Jul 31 08:46:46 gtw01 dnsmasq-dhcp[11640]: read /var/lib/neutron/dhcp/77bf4829-020b-41ce-97aa-3081d67fcfed/host
Jul 31 08:46:46 gtw01 dnsmasq-dhcp[11640]: read /var/lib/neutron/dhcp/77bf4829-020b-41ce-97aa-3081d67fcfed/opts
Jul 31 08:46:47 gtw01 dnsmasq[11640]: read /var/lib/neutron/dhcp/77bf4829-020b-41ce-97aa-3081d67fcfed/addn_hosts - 4 addresses
Jul 31 08:46:47 gtw01 dnsmasq-dhcp[11640]: read /var/lib/neutron/dhcp/77bf4829-020b-41ce-97aa-3081d67fcfed/host
Jul 31 08:46:47 gtw01 dnsmasq-dhcp[11640]: read /var/lib/neutron/dhcp/77bf4829-020b-41ce-97aa-3081d67fcfed/opts
Jul 31 08:46:48 gtw01 dnsmasq[12169]: started, version 2.80 cachesize 150
Jul 31 08:46:48 gtw01 dnsmasq[12169]: DNS service limited to local subnets
Jul 31 08:46:48 gtw01 dnsmasq[12169]: compile time options: IPv6 GNU-getopt DBus i18n IDN DHCP DHCPv6 no-Lua TFTP conntrack ipset auth DNSSEC loop-detect inotify dumpfile
Jul 31 08:46:48 gtw01 dnsmasq[12169]: warning: no upstream servers configured
Jul 31 08:46:48 gtw01 dnsmasq-dhcp[12169]: DHCP, static leases only on 192.168.120.0, lease time 1h
Jul 31 08:46:48 gtw01 dnsmasq[12169]: read /var/lib/neutron/dhcp/dafc0ada-f4b7-4510-aa19-0ae765514fc8/addn_hosts - 1 addresses
Jul 31 08:46:48 gtw01 dnsmasq-dhcp[12169]: read /var/lib/neutron/dhcp/dafc0ada-f4b7-4510-aa19-0ae765514fc8/host
Jul 31 08:46:48 gtw01 dnsmasq-dhcp[12169]: read /var/lib/neutron/dhcp/dafc0ada-f4b7-4510-aa19-0ae765514fc8/opts
Jul 31 08:46:48 gtw01 haproxy-metadata-proxy-dafc0ada-f4b7-4510-aa19-0ae765514fc8[12174]: Proxy listener started.
Jul 31 08:46:49 gtw01 dnsmasq[12169]: read /var/lib/neutron/dhcp/dafc0ada-f4b7-4510-aa19-0ae765514fc8/addn_hosts - 2 addresses
Jul 31 08:46:49 gtw01 dnsmasq-dhcp[12169]: read /var/lib/neutron/dhcp/dafc0ada-f4b7-4510-aa19-0ae765514fc8/host
Jul 31 08:46:49 gtw01 dnsmasq-dhcp[12169]: read /var/lib/neutron/dhcp/dafc0ada-f4b7-4510-aa19-0ae765514fc8/opts
Jul 31 08:46:49 gtw01 dnsmasq[12169]: read /var/lib/neutron/dhcp/dafc0ada-f4b7-4510-aa19-0ae765514fc8/addn_hosts - 2 addresses
Jul 31 08:46:49 gtw01 dnsmasq-dhcp[12169]: read /var/lib/neutron/dhcp/dafc0ada-f4b7-4510-aa19-0ae765514fc8/host
Jul 31 08:46:49 gtw01 dnsmasq-dhcp[12169]: read /var/lib/neutron/dhcp/dafc0ada-f4b7-4510-aa19-0ae765514fc8/opts
Jul 31 08:46:50 gtw01 dnsmasq[12169]: read /var/lib/neutron/dhcp/dafc0ada-f4b7-4510-aa19-0ae765514fc8/addn_hosts - 2 addresses
Jul 31 08:46:50 gtw01 dnsmasq-dhcp[12169]: read /var/lib/neutron/dhcp/dafc0ada-f4b7-4510-aa19-0ae765514fc8/host
Jul 31 08:46:50 gtw01 dnsmasq-dhcp[12169]: read /var/lib/neutron/dhcp/dafc0ada-f4b7-4510-aa19-0ae765514fc8/opts
Jul 31 08:46:51 gtw01 dnsmasq[12169]: read /var/lib/neutron/dhcp/dafc0ada-f4b7-4510-aa19-0ae765514fc8/addn_hosts - 2 addresses
Jul 31 08:46:51 gtw01 dnsmasq-dhcp[12169]: read /var/lib/neutron/dhcp/dafc0ada-f4b7-4510-aa19-0ae765514fc8/host
Jul 31 08:46:51 gtw01 dnsmasq-dhcp[12169]: read /var/lib/neutron/dhcp/dafc0ada-f4b7-4510-aa19-0ae765514fc8/opts
Jul 31 08:46:52 gtw01 dnsmasq[12169]: read /var/lib/neutron/dhcp/dafc0ada-f4b7-4510-aa19-0ae765514fc8/addn_hosts - 2 addresses
Jul 31 08:46:52 gtw01 dnsmasq-dhcp[12169]: read /var/lib/neutron/dhcp/dafc0ada-f4b7-4510-aa19-0ae765514fc8/host
Jul 31 08:46:52 gtw01 dnsmasq-dhcp[12169]: read /var/lib/neutron/dhcp/dafc0ada-f4b7-4510-aa19-0ae765514fc8/opts
Jul 31 08:46:53 gtw01 dnsmasq[11640]: read /var/lib/neutron/dhcp/77bf4829-020b-41ce-97aa-3081d67fcfed/addn_hosts - 3 addresses
Jul 31 08:46:53 gtw01 dnsmasq-dhcp[11640]: read /var/lib/neutron/dhcp/77bf4829-020b-41ce-97aa-3081d67fcfed/host
Jul 31 08:46:53 gtw01 dnsmasq-dhcp[11640]: read /var/lib/neutron/dhcp/77bf4829-020b-41ce-97aa-3081d67fcfed/opts
Jul 31 08:46:54 gtw01 dnsmasq[11640]: read /var/lib/neutron/dhcp/77bf4829-020b-41ce-97aa-3081d67fcfed/addn_hosts - 2 addresses
Jul 31 08:46:54 gtw01 dnsmasq-dhcp[11640]: read /var/lib/neutron/dhcp/77bf4829-020b-41ce-97aa-3081d67fcfed/host
Jul 31 08:46:54 gtw01 dnsmasq-dhcp[11640]: read /var/lib/neutron/dhcp/77bf4829-020b-41ce-97aa-3081d67fcfed/opts
Jul 31 08:46:58 gtw01 dnsmasq[11858]: read /var/lib/neutron/dhcp/1ef84f33-d57c-442f-b0cb-bed6e367da85/addn_hosts - 3 addresses
Jul 31 08:46:58 gtw01 dnsmasq-dhcp[11858]: read /var/lib/neutron/dhcp/1ef84f33-d57c-442f-b0cb-bed6e367da85/host
Jul 31 08:46:58 gtw01 dnsmasq-dhcp[11858]: read /var/lib/neutron/dhcp/1ef84f33-d57c-442f-b0cb-bed6e367da85/opts
Jul 31 08:46:58 gtw01 dnsmasq[11858]: read /var/lib/neutron/dhcp/1ef84f33-d57c-442f-b0cb-bed6e367da85/addn_hosts - 3 addresses
Jul 31 08:46:58 gtw01 dnsmasq-dhcp[11858]: read /var/lib/neutron/dhcp/1ef84f33-d57c-442f-b0cb-bed6e367da85/host
Jul 31 08:46:58 gtw01 dnsmasq-dhcp[11858]: read /var/lib/neutron/dhcp/1ef84f33-d57c-442f-b0cb-bed6e367da85/opts
Jul 31 08:46:59 gtw01 dnsmasq[11858]: read /var/lib/neutron/dhcp/1ef84f33-d57c-442f-b0cb-bed6e367da85/addn_hosts - 3 addresses
Jul 31 08:46:59 gtw01 dnsmasq-dhcp[11858]: read /var/lib/neutron/dhcp/1ef84f33-d57c-442f-b0cb-bed6e367da85/host
Jul 31 08:46:59 gtw01 dnsmasq-dhcp[11858]: read /var/lib/neutron/dhcp/1ef84f33-d57c-442f-b0cb-bed6e367da85/opts
Jul 31 08:46:59 gtw01 dnsmasq[11640]: read /var/lib/neutron/dhcp/77bf4829-020b-41ce-97aa-3081d67fcfed/addn_hosts - 3 addresses
Jul 31 08:46:59 gtw01 dnsmasq-dhcp[11640]: read /var/lib/neutron/dhcp/77bf4829-020b-41ce-97aa-3081d67fcfed/host
Jul 31 08:46:59 gtw01 dnsmasq-dhcp[11640]: read /var/lib/neutron/dhcp/77bf4829-020b-41ce-97aa-3081d67fcfed/opts
Jul 31 08:47:00 gtw01 dnsmasq[11640]: read /var/lib/neutron/dhcp/77bf4829-020b-41ce-97aa-3081d67fcfed/addn_hosts - 3 addresses
Jul 31 08:47:00 gtw01 dnsmasq-dhcp[11640]: read /var/lib/neutron/dhcp/77bf4829-020b-41ce-97aa-3081d67fcfed/host
Jul 31 08:47:00 gtw01 dnsmasq-dhcp[11640]: read /var/lib/neutron/dhcp/77bf4829-020b-41ce-97aa-3081d67fcfed/opts
Jul 31 08:47:01 gtw01 dnsmasq[11640]: read /var/lib/neutron/dhcp/77bf4829-020b-41ce-97aa-3081d67fcfed/addn_hosts - 3 addresses
Jul 31 08:47:01 gtw01 dnsmasq-dhcp[11640]: read /var/lib/neutron/dhcp/77bf4829-020b-41ce-97aa-3081d67fcfed/host
Jul 31 08:47:01 gtw01 dnsmasq-dhcp[11640]: read /var/lib/neutron/dhcp/77bf4829-020b-41ce-97aa-3081d67fcfed/opts
Jul 31 08:47:07 gtw01 dnsmasq[11640]: read /var/lib/neutron/dhcp/77bf4829-020b-41ce-97aa-3081d67fcfed/addn_hosts - 2 addresses
Jul 31 08:47:07 gtw01 dnsmasq-dhcp[11640]: read /var/lib/neutron/dhcp/77bf4829-020b-41ce-97aa-3081d67fcfed/host
Jul 31 08:47:07 gtw01 dnsmasq-dhcp[11640]: read /var/lib/neutron/dhcp/77bf4829-020b-41ce-97aa-3081d67fcfed/opts
Jul 31 08:47:13 gtw01 dnsmasq-dhcp[11858]: DHCPDISCOVER(tap3ab3aab6-8b) fa:16:3e:fb:73:b4
Jul 31 08:47:13 gtw01 dnsmasq-dhcp[11858]: DHCPOFFER(tap3ab3aab6-8b) 192.168.120.3 fa:16:3e:fb:73:b4
Jul 31 08:47:13 gtw01 dnsmasq-dhcp[11858]: DHCPREQUEST(tap3ab3aab6-8b) 192.168.120.3 fa:16:3e:fb:73:b4
Jul 31 08:47:13 gtw01 dnsmasq-dhcp[11858]: DHCPACK(tap3ab3aab6-8b) 192.168.120.3 fa:16:3e:fb:73:b4 host-192-168-120-3
Jul 31 08:47:17 gtw01 dnsmasq[11640]: read /var/lib/neutron/dhcp/77bf4829-020b-41ce-97aa-3081d67fcfed/addn_hosts - 3 addresses
Jul 31 08:47:17 gtw01 dnsmasq-dhcp[11640]: read /var/lib/neutron/dhcp/77bf4829-020b-41ce-97aa-3081d67fcfed/host
Jul 31 08:47:17 gtw01 dnsmasq-dhcp[11640]: read /var/lib/neutron/dhcp/77bf4829-020b-41ce-97aa-3081d67fcfed/opts
Jul 31 08:47:18 gtw01 dnsmasq[11640]: read /var/lib/neutron/dhcp/77bf4829-020b-41ce-97aa-3081d67fcfed/addn_hosts - 3 addresses
Jul 31 08:47:18 gtw01 dnsmasq-dhcp[11640]: read /var/lib/neutron/dhcp/77bf4829-020b-41ce-97aa-3081d67fcfed/host
Jul 31 08:47:18 gtw01 dnsmasq-dhcp[11640]: read /var/lib/neutron/dhcp/77bf4829-020b-41ce-97aa-3081d67fcfed/opts
Jul 31 08:47:19 gtw01 dnsmasq-dhcp[11858]: DHCPRELEASE(tap3ab3aab6-8b) 192.168.120.3 fa:16:3e:fb:73:b4
Jul 31 08:47:19 gtw01 dnsmasq-dhcp[11858]: DHCPRELEASE(tap3ab3aab6-8b) 192.168.120.3 fa:16:3e:fb:73:b4 unknown lease
Jul 31 08:47:20 gtw01 dnsmasq[11640]: read /var/lib/neutron/dhcp/77bf4829-020b-41ce-97aa-3081d67fcfed/addn_hosts - 3 addresses
Jul 31 08:47:20 gtw01 dnsmasq-dhcp[11640]: read /var/lib/neutron/dhcp/77bf4829-020b-41ce-97aa-3081d67fcfed/host
Jul 31 08:47:20 gtw01 dnsmasq-dhcp[11640]: read /var/lib/neutron/dhcp/77bf4829-020b-41ce-97aa-3081d67fcfed/opts
Jul 31 08:47:20 gtw01 dnsmasq[11858]: read /var/lib/neutron/dhcp/1ef84f33-d57c-442f-b0cb-bed6e367da85/addn_hosts - 2 addresses
Jul 31 08:47:20 gtw01 dnsmasq-dhcp[11858]: read /var/lib/neutron/dhcp/1ef84f33-d57c-442f-b0cb-bed6e367da85/host
Jul 31 08:47:20 gtw01 dnsmasq-dhcp[11858]: read /var/lib/neutron/dhcp/1ef84f33-d57c-442f-b0cb-bed6e367da85/opts
Jul 31 08:47:21 gtw01 dnsmasq[11858]: read /var/lib/neutron/dhcp/1ef84f33-d57c-442f-b0cb-bed6e367da85/addn_hosts - 3 addresses
Jul 31 08:47:21 gtw01 dnsmasq-dhcp[11858]: read /var/lib/neutron/dhcp/1ef84f33-d57c-442f-b0cb-bed6e367da85/host
Jul 31 08:47:21 gtw01 dnsmasq-dhcp[11858]: read /var/lib/neutron/dhcp/1ef84f33-d57c-442f-b0cb-bed6e367da85/opts
Jul 31 08:47:22 gtw01 dnsmasq[11858]: read /var/lib/neutron/dhcp/1ef84f33-d57c-442f-b0cb-bed6e367da85/addn_hosts - 3 addresses
Jul 31 08:47:22 gtw01 dnsmasq-dhcp[11858]: read /var/lib/neutron/dhcp/1ef84f33-d57c-442f-b0cb-bed6e367da85/host
Jul 31 08:47:22 gtw01 dnsmasq-dhcp[11858]: read /var/lib/neutron/dhcp/1ef84f33-d57c-442f-b0cb-bed6e367da85/opts
Jul 31 08:47:23 gtw01 dnsmasq[11858]: read /var/lib/neutron/dhcp/1ef84f33-d57c-442f-b0cb-bed6e367da85/addn_hosts - 3 addresses
Jul 31 08:47:23 gtw01 dnsmasq-dhcp[11858]: read /var/lib/neutron/dhcp/1ef84f33-d57c-442f-b0cb-bed6e367da85/host
Jul 31 08:47:23 gtw01 dnsmasq-dhcp[11858]: read /var/lib/neutron/dhcp/1ef84f33-d57c-442f-b0cb-bed6e367da85/opts
Jul 31 08:47:27 gtw01 dnsmasq[11640]: read /var/lib/neutron/dhcp/77bf4829-020b-41ce-97aa-3081d67fcfed/addn_hosts - 4 addresses
Jul 31 08:47:27 gtw01 dnsmasq-dhcp[11640]: read /var/lib/neutron/dhcp/77bf4829-020b-41ce-97aa-3081d67fcfed/host
Jul 31 08:47:27 gtw01 dnsmasq-dhcp[11640]: read /var/lib/neutron/dhcp/77bf4829-020b-41ce-97aa-3081d67fcfed/opts
Jul 31 08:47:28 gtw01 dnsmasq[11640]: read /var/lib/neutron/dhcp/77bf4829-020b-41ce-97aa-3081d67fcfed/addn_hosts - 4 addresses
Jul 31 08:47:28 gtw01 dnsmasq-dhcp[11640]: read /var/lib/neutron/dhcp/77bf4829-020b-41ce-97aa-3081d67fcfed/host
Jul 31 08:47:28 gtw01 dnsmasq-dhcp[11640]: read /var/lib/neutron/dhcp/77bf4829-020b-41ce-97aa-3081d67fcfed/opts
Jul 31 08:47:29 gtw01 dnsmasq[11640]: read /var/lib/neutron/dhcp/77bf4829-020b-41ce-97aa-3081d67fcfed/addn_hosts - 4 addresses
Jul 31 08:47:29 gtw01 dnsmasq-dhcp[11640]: read /var/lib/neutron/dhcp/77bf4829-020b-41ce-97aa-3081d67fcfed/host
Jul 31 08:47:29 gtw01 dnsmasq-dhcp[11640]: read /var/lib/neutron/dhcp/77bf4829-020b-41ce-97aa-3081d67fcfed/opts
Jul 31 08:47:32 gtw01 dnsmasq-dhcp[11640]: DHCPDISCOVER(tap40c8bd2b-24) fa:16:3e:58:c2:b4
Jul 31 08:47:32 gtw01 dnsmasq-dhcp[11640]: DHCPOFFER(tap40c8bd2b-24) 192.168.120.5 fa:16:3e:58:c2:b4
Jul 31 08:47:32 gtw01 dnsmasq-dhcp[11640]: DHCPREQUEST(tap40c8bd2b-24) 192.168.120.5 fa:16:3e:58:c2:b4
Jul 31 08:47:32 gtw01 dnsmasq-dhcp[11640]: DHCPACK(tap40c8bd2b-24) 192.168.120.5 fa:16:3e:58:c2:b4 host-192-168-120-5
Jul 31 08:47:35 gtw01 dnsmasq-dhcp[11858]: DHCPDISCOVER(tap3ab3aab6-8b) fa:16:3e:d8:0b:65
Jul 31 08:47:35 gtw01 dnsmasq-dhcp[11858]: DHCPOFFER(tap3ab3aab6-8b) 192.168.120.10 fa:16:3e:d8:0b:65
Jul 31 08:47:35 gtw01 dnsmasq-dhcp[11858]: DHCPREQUEST(tap3ab3aab6-8b) 192.168.120.10 fa:16:3e:d8:0b:65
Jul 31 08:47:35 gtw01 dnsmasq-dhcp[11858]: DHCPACK(tap3ab3aab6-8b) 192.168.120.10 fa:16:3e:d8:0b:65 host-192-168-120-10
Jul 31 08:47:38 gtw01 dnsmasq[11640]: read /var/lib/neutron/dhcp/77bf4829-020b-41ce-97aa-3081d67fcfed/addn_hosts - 3 addresses
Jul 31 08:47:38 gtw01 dnsmasq-dhcp[11640]: read /var/lib/neutron/dhcp/77bf4829-020b-41ce-97aa-3081d67fcfed/host
Jul 31 08:47:38 gtw01 dnsmasq-dhcp[11640]: read /var/lib/neutron/dhcp/77bf4829-020b-41ce-97aa-3081d67fcfed/opts
Jul 31 08:47:40 gtw01 dnsmasq-dhcp[11640]: DHCPRELEASE(tap40c8bd2b-24) 192.168.120.5 fa:16:3e:58:c2:b4
Jul 31 08:47:40 gtw01 dnsmasq-dhcp[11640]: DHCPRELEASE(tap40c8bd2b-24) 192.168.120.5 fa:16:3e:58:c2:b4 unknown lease
Jul 31 08:47:41 gtw01 dnsmasq[11640]: read /var/lib/neutron/dhcp/77bf4829-020b-41ce-97aa-3081d67fcfed/addn_hosts - 2 addresses
Jul 31 08:47:41 gtw01 dnsmasq-dhcp[11640]: read /var/lib/neutron/dhcp/77bf4829-020b-41ce-97aa-3081d67fcfed/host
Jul 31 08:47:41 gtw01 dnsmasq-dhcp[11640]: read /var/lib/neutron/dhcp/77bf4829-020b-41ce-97aa-3081d67fcfed/opts
Jul 31 08:47:45 gtw01 dnsmasq-dhcp[11858]: DHCPRELEASE(tap3ab3aab6-8b) 192.168.120.10 fa:16:3e:d8:0b:65
Jul 31 08:47:45 gtw01 dnsmasq-dhcp[11858]: DHCPRELEASE(tap3ab3aab6-8b) 192.168.120.10 fa:16:3e:d8:0b:65 unknown lease
Jul 31 08:47:46 gtw01 dnsmasq[11858]: read /var/lib/neutron/dhcp/1ef84f33-d57c-442f-b0cb-bed6e367da85/addn_hosts - 2 addresses
Jul 31 08:47:46 gtw01 dnsmasq-dhcp[11858]: read /var/lib/neutron/dhcp/1ef84f33-d57c-442f-b0cb-bed6e367da85/host
Jul 31 08:47:46 gtw01 dnsmasq-dhcp[11858]: read /var/lib/neutron/dhcp/1ef84f33-d57c-442f-b0cb-bed6e367da85/opts
Jul 31 08:47:49 gtw01 dnsmasq[12169]: read /var/lib/neutron/dhcp/dafc0ada-f4b7-4510-aa19-0ae765514fc8/addn_hosts - 1 addresses
Jul 31 08:47:49 gtw01 dnsmasq-dhcp[12169]: read /var/lib/neutron/dhcp/dafc0ada-f4b7-4510-aa19-0ae765514fc8/host
Jul 31 08:47:49 gtw01 dnsmasq-dhcp[12169]: read /var/lib/neutron/dhcp/dafc0ada-f4b7-4510-aa19-0ae765514fc8/opts
Jul 31 08:47:53 gtw01 dnsmasq[11640]: read /var/lib/neutron/dhcp/77bf4829-020b-41ce-97aa-3081d67fcfed/addn_hosts - 3 addresses
Jul 31 08:47:53 gtw01 dnsmasq-dhcp[11640]: read /var/lib/neutron/dhcp/77bf4829-020b-41ce-97aa-3081d67fcfed/host
Jul 31 08:47:53 gtw01 dnsmasq-dhcp[11640]: read /var/lib/neutron/dhcp/77bf4829-020b-41ce-97aa-3081d67fcfed/opts
Jul 31 08:47:54 gtw01 dnsmasq[11640]: read /var/lib/neutron/dhcp/77bf4829-020b-41ce-97aa-3081d67fcfed/addn_hosts - 3 addresses
Jul 31 08:47:54 gtw01 dnsmasq-dhcp[11640]: read /var/lib/neutron/dhcp/77bf4829-020b-41ce-97aa-3081d67fcfed/host
Jul 31 08:47:54 gtw01 dnsmasq-dhcp[11640]: read /var/lib/neutron/dhcp/77bf4829-020b-41ce-97aa-3081d67fcfed/opts
Jul 31 08:47:54 gtw01 kernel: [ 4889.070584] device tap512829f2-ea left promiscuous mode
Jul 31 08:47:55 gtw01 dnsmasq[11640]: read /var/lib/neutron/dhcp/77bf4829-020b-41ce-97aa-3081d67fcfed/addn_hosts - 3 addresses
Jul 31 08:47:55 gtw01 dnsmasq-dhcp[11640]: read /var/lib/neutron/dhcp/77bf4829-020b-41ce-97aa-3081d67fcfed/host
Jul 31 08:47:55 gtw01 dnsmasq-dhcp[11640]: read /var/lib/neutron/dhcp/77bf4829-020b-41ce-97aa-3081d67fcfed/opts
Jul 31 08:47:58 gtw01 dnsmasq[11858]: read /var/lib/neutron/dhcp/1ef84f33-d57c-442f-b0cb-bed6e367da85/addn_hosts - 1 addresses
Jul 31 08:47:58 gtw01 dnsmasq-dhcp[11858]: read /var/lib/neutron/dhcp/1ef84f33-d57c-442f-b0cb-bed6e367da85/host
Jul 31 08:47:58 gtw01 dnsmasq-dhcp[11858]: read /var/lib/neutron/dhcp/1ef84f33-d57c-442f-b0cb-bed6e367da85/opts
Jul 31 08:48:03 gtw01 kernel: [ 4897.395183] device tap3ab3aab6-8b left promiscuous mode
Jul 31 08:48:06 gtw01 dnsmasq[11640]: read /var/lib/neutron/dhcp/77bf4829-020b-41ce-97aa-3081d67fcfed/addn_hosts - 4 addresses
Jul 31 08:48:06 gtw01 dnsmasq-dhcp[11640]: read /var/lib/neutron/dhcp/77bf4829-020b-41ce-97aa-3081d67fcfed/host
Jul 31 08:48:06 gtw01 dnsmasq-dhcp[11640]: read /var/lib/neutron/dhcp/77bf4829-020b-41ce-97aa-3081d67fcfed/opts
Jul 31 08:48:07 gtw01 dnsmasq[11640]: read /var/lib/neutron/dhcp/77bf4829-020b-41ce-97aa-3081d67fcfed/addn_hosts - 5 addresses
Jul 31 08:48:07 gtw01 dnsmasq-dhcp[11640]: read /var/lib/neutron/dhcp/77bf4829-020b-41ce-97aa-3081d67fcfed/host
Jul 31 08:48:07 gtw01 dnsmasq-dhcp[11640]: read /var/lib/neutron/dhcp/77bf4829-020b-41ce-97aa-3081d67fcfed/opts
Jul 31 08:48:08 gtw01 dnsmasq-dhcp[11640]: DHCPDISCOVER(tap40c8bd2b-24) fa:16:3e:67:36:b7
Jul 31 08:48:08 gtw01 dnsmasq-dhcp[11640]: DHCPOFFER(tap40c8bd2b-24) 192.168.120.7 fa:16:3e:67:36:b7
Jul 31 08:48:08 gtw01 dnsmasq-dhcp[11640]: DHCPREQUEST(tap40c8bd2b-24) 192.168.120.7 fa:16:3e:67:36:b7
Jul 31 08:48:08 gtw01 dnsmasq-dhcp[11640]: DHCPACK(tap40c8bd2b-24) 192.168.120.7 fa:16:3e:67:36:b7 host-192-168-120-7
Jul 31 08:48:08 gtw01 dnsmasq[11640]: read /var/lib/neutron/dhcp/77bf4829-020b-41ce-97aa-3081d67fcfed/addn_hosts - 5 addresses
Jul 31 08:48:08 gtw01 dnsmasq-dhcp[11640]: read /var/lib/neutron/dhcp/77bf4829-020b-41ce-97aa-3081d67fcfed/host
Jul 31 08:48:08 gtw01 dnsmasq-dhcp[11640]: read /var/lib/neutron/dhcp/77bf4829-020b-41ce-97aa-3081d67fcfed/opts
Jul 31 08:48:09 gtw01 dnsmasq[11640]: read /var/lib/neutron/dhcp/77bf4829-020b-41ce-97aa-3081d67fcfed/addn_hosts - 5 addresses
Jul 31 08:48:09 gtw01 dnsmasq-dhcp[11640]: read /var/lib/neutron/dhcp/77bf4829-020b-41ce-97aa-3081d67fcfed/host
Jul 31 08:48:09 gtw01 dnsmasq-dhcp[11640]: read /var/lib/neutron/dhcp/77bf4829-020b-41ce-97aa-3081d67fcfed/opts
Jul 31 08:48:10 gtw01 dnsmasq[11640]: read /var/lib/neutron/dhcp/77bf4829-020b-41ce-97aa-3081d67fcfed/addn_hosts - 5 addresses
Jul 31 08:48:10 gtw01 dnsmasq-dhcp[11640]: read /var/lib/neutron/dhcp/77bf4829-020b-41ce-97aa-3081d67fcfed/host
Jul 31 08:48:10 gtw01 dnsmasq-dhcp[11640]: read /var/lib/neutron/dhcp/77bf4829-020b-41ce-97aa-3081d67fcfed/opts
Jul 31 08:48:10 gtw01 dnsmasq[11640]: read /var/lib/neutron/dhcp/77bf4829-020b-41ce-97aa-3081d67fcfed/addn_hosts - 5 addresses
Jul 31 08:48:10 gtw01 dnsmasq-dhcp[11640]: read /var/lib/neutron/dhcp/77bf4829-020b-41ce-97aa-3081d67fcfed/host
Jul 31 08:48:10 gtw01 dnsmasq-dhcp[11640]: read /var/lib/neutron/dhcp/77bf4829-020b-41ce-97aa-3081d67fcfed/opts
Jul 31 08:48:20 gtw01 dnsmasq[11640]: read /var/lib/neutron/dhcp/77bf4829-020b-41ce-97aa-3081d67fcfed/addn_hosts - 6 addresses
Jul 31 08:48:20 gtw01 dnsmasq-dhcp[11640]: read /var/lib/neutron/dhcp/77bf4829-020b-41ce-97aa-3081d67fcfed/host
Jul 31 08:48:20 gtw01 dnsmasq-dhcp[11640]: read /var/lib/neutron/dhcp/77bf4829-020b-41ce-97aa-3081d67fcfed/opts
Jul 31 08:48:20 gtw01 dnsmasq[11640]: read /var/lib/neutron/dhcp/77bf4829-020b-41ce-97aa-3081d67fcfed/addn_hosts - 7 addresses
Jul 31 08:48:20 gtw01 dnsmasq-dhcp[11640]: read /var/lib/neutron/dhcp/77bf4829-020b-41ce-97aa-3081d67fcfed/host
Jul 31 08:48:20 gtw01 dnsmasq-dhcp[11640]: read /var/lib/neutron/dhcp/77bf4829-020b-41ce-97aa-3081d67fcfed/opts
Jul 31 08:48:21 gtw01 dnsmasq-dhcp[11640]: DHCPDISCOVER(tap40c8bd2b-24) fa:16:3e:08:88:ac
Jul 31 08:48:21 gtw01 dnsmasq-dhcp[11640]: DHCPOFFER(tap40c8bd2b-24) 192.168.120.11 fa:16:3e:08:88:ac
Jul 31 08:48:21 gtw01 dnsmasq-dhcp[11640]: DHCPREQUEST(tap40c8bd2b-24) 192.168.120.11 fa:16:3e:08:88:ac
Jul 31 08:48:21 gtw01 dnsmasq-dhcp[11640]: DHCPACK(tap40c8bd2b-24) 192.168.120.11 fa:16:3e:08:88:ac host-192-168-120-11
Jul 31 08:48:21 gtw01 dnsmasq[11640]: read /var/lib/neutron/dhcp/77bf4829-020b-41ce-97aa-3081d67fcfed/addn_hosts - 7 addresses
Jul 31 08:48:21 gtw01 dnsmasq-dhcp[11640]: read /var/lib/neutron/dhcp/77bf4829-020b-41ce-97aa-3081d67fcfed/host
Jul 31 08:48:21 gtw01 dnsmasq-dhcp[11640]: read /var/lib/neutron/dhcp/77bf4829-020b-41ce-97aa-3081d67fcfed/opts
Jul 31 08:48:22 gtw01 dnsmasq[11640]: read /var/lib/neutron/dhcp/77bf4829-020b-41ce-97aa-3081d67fcfed/addn_hosts - 7 addresses
Jul 31 08:48:22 gtw01 dnsmasq-dhcp[11640]: read /var/lib/neutron/dhcp/77bf4829-020b-41ce-97aa-3081d67fcfed/host
Jul 31 08:48:22 gtw01 dnsmasq-dhcp[11640]: read /var/lib/neutron/dhcp/77bf4829-020b-41ce-97aa-3081d67fcfed/opts
Jul 31 08:48:22 gtw01 dnsmasq-dhcp[11640]: DHCPDISCOVER(tap40c8bd2b-24) fa:16:3e:b3:10:33
Jul 31 08:48:22 gtw01 dnsmasq-dhcp[11640]: DHCPOFFER(tap40c8bd2b-24) 192.168.120.3 fa:16:3e:b3:10:33
Jul 31 08:48:22 gtw01 dnsmasq-dhcp[11640]: DHCPREQUEST(tap40c8bd2b-24) 192.168.120.3 fa:16:3e:b3:10:33
Jul 31 08:48:22 gtw01 dnsmasq-dhcp[11640]: DHCPACK(tap40c8bd2b-24) 192.168.120.3 fa:16:3e:b3:10:33 host-192-168-120-3
Jul 31 08:48:23 gtw01 dnsmasq[11640]: read /var/lib/neutron/dhcp/77bf4829-020b-41ce-97aa-3081d67fcfed/addn_hosts - 7 addresses
Jul 31 08:48:23 gtw01 dnsmasq-dhcp[11640]: read /var/lib/neutron/dhcp/77bf4829-020b-41ce-97aa-3081d67fcfed/host
Jul 31 08:48:23 gtw01 dnsmasq-dhcp[11640]: read /var/lib/neutron/dhcp/77bf4829-020b-41ce-97aa-3081d67fcfed/opts
Jul 31 08:48:24 gtw01 dnsmasq[11640]: read /var/lib/neutron/dhcp/77bf4829-020b-41ce-97aa-3081d67fcfed/addn_hosts - 7 addresses
Jul 31 08:48:24 gtw01 dnsmasq-dhcp[11640]: read /var/lib/neutron/dhcp/77bf4829-020b-41ce-97aa-3081d67fcfed/host
Jul 31 08:48:24 gtw01 dnsmasq-dhcp[11640]: read /var/lib/neutron/dhcp/77bf4829-020b-41ce-97aa-3081d67fcfed/opts
Jul 31 08:48:30 gtw01 dnsmasq[11640]: read /var/lib/neutron/dhcp/77bf4829-020b-41ce-97aa-3081d67fcfed/addn_hosts - 6 addresses
Jul 31 08:48:30 gtw01 dnsmasq-dhcp[11640]: read /var/lib/neutron/dhcp/77bf4829-020b-41ce-97aa-3081d67fcfed/host
Jul 31 08:48:30 gtw01 dnsmasq-dhcp[11640]: read /var/lib/neutron/dhcp/77bf4829-020b-41ce-97aa-3081d67fcfed/opts
Jul 31 08:48:31 gtw01 dnsmasq[11640]: read /var/lib/neutron/dhcp/77bf4829-020b-41ce-97aa-3081d67fcfed/addn_hosts - 5 addresses
Jul 31 08:48:31 gtw01 dnsmasq-dhcp[11640]: read /var/lib/neutron/dhcp/77bf4829-020b-41ce-97aa-3081d67fcfed/host
Jul 31 08:48:31 gtw01 dnsmasq-dhcp[11640]: read /var/lib/neutron/dhcp/77bf4829-020b-41ce-97aa-3081d67fcfed/opts
Jul 31 08:48:33 gtw01 dnsmasq-dhcp[11640]: DHCPRELEASE(tap40c8bd2b-24) 192.168.120.11 fa:16:3e:08:88:ac
Jul 31 08:48:34 gtw01 dnsmasq-dhcp[11640]: DHCPRELEASE(tap40c8bd2b-24) 192.168.120.11 fa:16:3e:08:88:ac unknown lease
Jul 31 08:48:34 gtw01 dnsmasq[11640]: read /var/lib/neutron/dhcp/77bf4829-020b-41ce-97aa-3081d67fcfed/addn_hosts - 4 addresses
Jul 31 08:48:34 gtw01 dnsmasq-dhcp[11640]: read /var/lib/neutron/dhcp/77bf4829-020b-41ce-97aa-3081d67fcfed/host
Jul 31 08:48:34 gtw01 dnsmasq-dhcp[11640]: read /var/lib/neutron/dhcp/77bf4829-020b-41ce-97aa-3081d67fcfed/opts
Jul 31 08:48:35 gtw01 dnsmasq-dhcp[11640]: DHCPRELEASE(tap40c8bd2b-24) 192.168.120.3 fa:16:3e:b3:10:33
Jul 31 08:48:35 gtw01 dnsmasq-dhcp[11640]: DHCPRELEASE(tap40c8bd2b-24) 192.168.120.3 fa:16:3e:b3:10:33 unknown lease
Jul 31 08:48:36 gtw01 dnsmasq[11640]: read /var/lib/neutron/dhcp/77bf4829-020b-41ce-97aa-3081d67fcfed/addn_hosts - 3 addresses
Jul 31 08:48:36 gtw01 dnsmasq-dhcp[11640]: read /var/lib/neutron/dhcp/77bf4829-020b-41ce-97aa-3081d67fcfed/host
Jul 31 08:48:36 gtw01 dnsmasq-dhcp[11640]: read /var/lib/neutron/dhcp/77bf4829-020b-41ce-97aa-3081d67fcfed/opts
Jul 31 08:48:36 gtw01 dnsmasq-dhcp[11640]: DHCPRELEASE(tap40c8bd2b-24) 192.168.120.7 fa:16:3e:67:36:b7
Jul 31 08:48:37 gtw01 dnsmasq-dhcp[11640]: DHCPRELEASE(tap40c8bd2b-24) 192.168.120.7 fa:16:3e:67:36:b7 unknown lease
Jul 31 08:48:37 gtw01 dnsmasq[11640]: read /var/lib/neutron/dhcp/77bf4829-020b-41ce-97aa-3081d67fcfed/addn_hosts - 2 addresses
Jul 31 08:48:37 gtw01 dnsmasq-dhcp[11640]: read /var/lib/neutron/dhcp/77bf4829-020b-41ce-97aa-3081d67fcfed/host
Jul 31 08:48:37 gtw01 dnsmasq-dhcp[11640]: read /var/lib/neutron/dhcp/77bf4829-020b-41ce-97aa-3081d67fcfed/opts
Jul 31 08:48:45 gtw01 dnsmasq[11640]: read /var/lib/neutron/dhcp/77bf4829-020b-41ce-97aa-3081d67fcfed/addn_hosts - 3 addresses
Jul 31 08:48:45 gtw01 dnsmasq-dhcp[11640]: read /var/lib/neutron/dhcp/77bf4829-020b-41ce-97aa-3081d67fcfed/host
Jul 31 08:48:45 gtw01 dnsmasq-dhcp[11640]: read /var/lib/neutron/dhcp/77bf4829-020b-41ce-97aa-3081d67fcfed/opts
Jul 31 08:48:46 gtw01 dnsmasq[11640]: read /var/lib/neutron/dhcp/77bf4829-020b-41ce-97aa-3081d67fcfed/addn_hosts - 3 addresses
Jul 31 08:48:46 gtw01 dnsmasq-dhcp[11640]: read /var/lib/neutron/dhcp/77bf4829-020b-41ce-97aa-3081d67fcfed/host
Jul 31 08:48:46 gtw01 dnsmasq-dhcp[11640]: read /var/lib/neutron/dhcp/77bf4829-020b-41ce-97aa-3081d67fcfed/opts
Jul 31 08:48:47 gtw01 dnsmasq[11640]: read /var/lib/neutron/dhcp/77bf4829-020b-41ce-97aa-3081d67fcfed/addn_hosts - 3 addresses
Jul 31 08:48:47 gtw01 dnsmasq-dhcp[11640]: read /var/lib/neutron/dhcp/77bf4829-020b-41ce-97aa-3081d67fcfed/host
Jul 31 08:48:47 gtw01 dnsmasq-dhcp[11640]: read /var/lib/neutron/dhcp/77bf4829-020b-41ce-97aa-3081d67fcfed/opts
Jul 31 08:48:50 gtw01 kernel: [ 4944.827064] device tapa658e991-26 entered promiscuous mode
Jul 31 08:48:50 gtw01 systemd-udevd[13097]: Process '/sbin/ip link set tapa658e991-26 txqueuelen 10000' failed with exit code 1.
Jul 31 08:48:50 gtw01 systemd-udevd[13097]: Process '/sbin/ip link set tapa658e991-26 txqueuelen 10000' failed with exit code 1.
Jul 31 08:48:53 gtw01 dnsmasq[13212]: started, version 2.80 cachesize 150
Jul 31 08:48:53 gtw01 dnsmasq[13212]: DNS service limited to local subnets
Jul 31 08:48:53 gtw01 dnsmasq[13212]: compile time options: IPv6 GNU-getopt DBus i18n IDN DHCP DHCPv6 no-Lua TFTP conntrack ipset auth DNSSEC loop-detect inotify dumpfile
Jul 31 08:48:53 gtw01 dnsmasq[13212]: warning: no upstream servers configured
Jul 31 08:48:53 gtw01 dnsmasq-dhcp[13212]: DHCP, static leases only on 192.168.120.0, lease time 1h
Jul 31 08:48:53 gtw01 dnsmasq[13212]: read /var/lib/neutron/dhcp/68328366-b647-4763-924a-4ea06f74f454/addn_hosts - 1 addresses
Jul 31 08:48:53 gtw01 dnsmasq-dhcp[13212]: read /var/lib/neutron/dhcp/68328366-b647-4763-924a-4ea06f74f454/host
Jul 31 08:48:53 gtw01 dnsmasq-dhcp[13212]: read /var/lib/neutron/dhcp/68328366-b647-4763-924a-4ea06f74f454/opts
Jul 31 08:48:53 gtw01 haproxy-metadata-proxy-68328366-b647-4763-924a-4ea06f74f454[13216]: Proxy listener started.
Jul 31 08:48:54 gtw01 dnsmasq[13212]: read /var/lib/neutron/dhcp/68328366-b647-4763-924a-4ea06f74f454/addn_hosts - 2 addresses
Jul 31 08:48:54 gtw01 dnsmasq-dhcp[13212]: read /var/lib/neutron/dhcp/68328366-b647-4763-924a-4ea06f74f454/host
Jul 31 08:48:54 gtw01 dnsmasq-dhcp[13212]: read /var/lib/neutron/dhcp/68328366-b647-4763-924a-4ea06f74f454/opts
Jul 31 08:48:55 gtw01 dnsmasq[13212]: read /var/lib/neutron/dhcp/68328366-b647-4763-924a-4ea06f74f454/addn_hosts - 2 addresses
Jul 31 08:48:55 gtw01 dnsmasq-dhcp[13212]: read /var/lib/neutron/dhcp/68328366-b647-4763-924a-4ea06f74f454/host
Jul 31 08:48:55 gtw01 dnsmasq-dhcp[13212]: read /var/lib/neutron/dhcp/68328366-b647-4763-924a-4ea06f74f454/opts
Jul 31 08:48:56 gtw01 dnsmasq[13212]: read /var/lib/neutron/dhcp/68328366-b647-4763-924a-4ea06f74f454/addn_hosts - 2 addresses
Jul 31 08:48:56 gtw01 dnsmasq-dhcp[13212]: read /var/lib/neutron/dhcp/68328366-b647-4763-924a-4ea06f74f454/host
Jul 31 08:48:56 gtw01 dnsmasq-dhcp[13212]: read /var/lib/neutron/dhcp/68328366-b647-4763-924a-4ea06f74f454/opts
Jul 31 08:48:56 gtw01 dnsmasq[13212]: read /var/lib/neutron/dhcp/68328366-b647-4763-924a-4ea06f74f454/addn_hosts - 2 addresses
Jul 31 08:48:56 gtw01 dnsmasq-dhcp[13212]: read /var/lib/neutron/dhcp/68328366-b647-4763-924a-4ea06f74f454/host
Jul 31 08:48:56 gtw01 dnsmasq-dhcp[13212]: read /var/lib/neutron/dhcp/68328366-b647-4763-924a-4ea06f74f454/opts
Jul 31 08:48:57 gtw01 dnsmasq[13212]: read /var/lib/neutron/dhcp/68328366-b647-4763-924a-4ea06f74f454/addn_hosts - 2 addresses
Jul 31 08:48:57 gtw01 dnsmasq-dhcp[13212]: read /var/lib/neutron/dhcp/68328366-b647-4763-924a-4ea06f74f454/host
Jul 31 08:48:57 gtw01 dnsmasq-dhcp[13212]: read /var/lib/neutron/dhcp/68328366-b647-4763-924a-4ea06f74f454/opts
Jul 31 08:48:58 gtw01 dnsmasq-dhcp[11640]: DHCPDISCOVER(tap40c8bd2b-24) fa:16:3e:51:13:12
Jul 31 08:48:58 gtw01 dnsmasq-dhcp[11640]: DHCPOFFER(tap40c8bd2b-24) 192.168.120.7 fa:16:3e:51:13:12
Jul 31 08:48:58 gtw01 dnsmasq-dhcp[11640]: DHCPREQUEST(tap40c8bd2b-24) 192.168.120.7 fa:16:3e:51:13:12
Jul 31 08:48:58 gtw01 dnsmasq-dhcp[11640]: DHCPACK(tap40c8bd2b-24) 192.168.120.7 fa:16:3e:51:13:12 host-192-168-120-7
Jul 31 08:48:58 gtw01 dnsmasq[11640]: read /var/lib/neutron/dhcp/77bf4829-020b-41ce-97aa-3081d67fcfed/addn_hosts - 4 addresses
Jul 31 08:48:58 gtw01 dnsmasq-dhcp[11640]: read /var/lib/neutron/dhcp/77bf4829-020b-41ce-97aa-3081d67fcfed/host
Jul 31 08:48:58 gtw01 dnsmasq-dhcp[11640]: read /var/lib/neutron/dhcp/77bf4829-020b-41ce-97aa-3081d67fcfed/opts
Jul 31 08:48:59 gtw01 dnsmasq[13212]: read /var/lib/neutron/dhcp/68328366-b647-4763-924a-4ea06f74f454/addn_hosts - 3 addresses
Jul 31 08:48:59 gtw01 dnsmasq-dhcp[13212]: read /var/lib/neutron/dhcp/68328366-b647-4763-924a-4ea06f74f454/host
Jul 31 08:48:59 gtw01 dnsmasq-dhcp[13212]: read /var/lib/neutron/dhcp/68328366-b647-4763-924a-4ea06f74f454/opts
Jul 31 08:48:59 gtw01 dnsmasq[11640]: read /var/lib/neutron/dhcp/77bf4829-020b-41ce-97aa-3081d67fcfed/addn_hosts - 4 addresses
Jul 31 08:48:59 gtw01 dnsmasq-dhcp[11640]: read /var/lib/neutron/dhcp/77bf4829-020b-41ce-97aa-3081d67fcfed/host
Jul 31 08:48:59 gtw01 dnsmasq-dhcp[11640]: read /var/lib/neutron/dhcp/77bf4829-020b-41ce-97aa-3081d67fcfed/opts
Jul 31 08:49:00 gtw01 dnsmasq[13212]: read /var/lib/neutron/dhcp/68328366-b647-4763-924a-4ea06f74f454/addn_hosts - 3 addresses
Jul 31 08:49:00 gtw01 dnsmasq-dhcp[13212]: read /var/lib/neutron/dhcp/68328366-b647-4763-924a-4ea06f74f454/host
Jul 31 08:49:00 gtw01 dnsmasq-dhcp[13212]: read /var/lib/neutron/dhcp/68328366-b647-4763-924a-4ea06f74f454/opts
Jul 31 08:49:00 gtw01 dnsmasq[11640]: read /var/lib/neutron/dhcp/77bf4829-020b-41ce-97aa-3081d67fcfed/addn_hosts - 4 addresses
Jul 31 08:49:00 gtw01 dnsmasq-dhcp[11640]: read /var/lib/neutron/dhcp/77bf4829-020b-41ce-97aa-3081d67fcfed/host
Jul 31 08:49:00 gtw01 dnsmasq-dhcp[11640]: read /var/lib/neutron/dhcp/77bf4829-020b-41ce-97aa-3081d67fcfed/opts
Jul 31 08:49:01 gtw01 dnsmasq[13212]: read /var/lib/neutron/dhcp/68328366-b647-4763-924a-4ea06f74f454/addn_hosts - 3 addresses
Jul 31 08:49:01 gtw01 dnsmasq-dhcp[13212]: read /var/lib/neutron/dhcp/68328366-b647-4763-924a-4ea06f74f454/host
Jul 31 08:49:01 gtw01 dnsmasq-dhcp[13212]: read /var/lib/neutron/dhcp/68328366-b647-4763-924a-4ea06f74f454/opts
Jul 31 08:49:04 gtw01 dnsmasq-dhcp[11640]: DHCPRELEASE(tap40c8bd2b-24) 192.168.120.7 fa:16:3e:51:13:12
Jul 31 08:49:08 gtw01 dnsmasq[11640]: read /var/lib/neutron/dhcp/77bf4829-020b-41ce-97aa-3081d67fcfed/addn_hosts - 5 addresses
Jul 31 08:49:08 gtw01 dnsmasq-dhcp[11640]: read /var/lib/neutron/dhcp/77bf4829-020b-41ce-97aa-3081d67fcfed/host
Jul 31 08:49:08 gtw01 dnsmasq-dhcp[11640]: read /var/lib/neutron/dhcp/77bf4829-020b-41ce-97aa-3081d67fcfed/opts
Jul 31 08:49:09 gtw01 dnsmasq[11640]: read /var/lib/neutron/dhcp/77bf4829-020b-41ce-97aa-3081d67fcfed/addn_hosts - 5 addresses
Jul 31 08:49:09 gtw01 dnsmasq-dhcp[11640]: read /var/lib/neutron/dhcp/77bf4829-020b-41ce-97aa-3081d67fcfed/host
Jul 31 08:49:09 gtw01 dnsmasq-dhcp[11640]: read /var/lib/neutron/dhcp/77bf4829-020b-41ce-97aa-3081d67fcfed/opts
Jul 31 08:49:10 gtw01 dnsmasq[11640]: read /var/lib/neutron/dhcp/77bf4829-020b-41ce-97aa-3081d67fcfed/addn_hosts - 5 addresses
Jul 31 08:49:10 gtw01 dnsmasq-dhcp[11640]: read /var/lib/neutron/dhcp/77bf4829-020b-41ce-97aa-3081d67fcfed/host
Jul 31 08:49:10 gtw01 dnsmasq-dhcp[11640]: read /var/lib/neutron/dhcp/77bf4829-020b-41ce-97aa-3081d67fcfed/opts
Jul 31 08:49:11 gtw01 dnsmasq[13212]: read /var/lib/neutron/dhcp/68328366-b647-4763-924a-4ea06f74f454/addn_hosts - 4 addresses
Jul 31 08:49:11 gtw01 dnsmasq-dhcp[13212]: read /var/lib/neutron/dhcp/68328366-b647-4763-924a-4ea06f74f454/host
Jul 31 08:49:11 gtw01 dnsmasq-dhcp[13212]: read /var/lib/neutron/dhcp/68328366-b647-4763-924a-4ea06f74f454/opts
Jul 31 08:49:11 gtw01 dnsmasq[11640]: read /var/lib/neutron/dhcp/77bf4829-020b-41ce-97aa-3081d67fcfed/addn_hosts - 5 addresses
Jul 31 08:49:11 gtw01 dnsmasq-dhcp[11640]: read /var/lib/neutron/dhcp/77bf4829-020b-41ce-97aa-3081d67fcfed/host
Jul 31 08:49:11 gtw01 dnsmasq-dhcp[11640]: read /var/lib/neutron/dhcp/77bf4829-020b-41ce-97aa-3081d67fcfed/opts
Jul 31 08:49:12 gtw01 dnsmasq[13212]: read /var/lib/neutron/dhcp/68328366-b647-4763-924a-4ea06f74f454/addn_hosts - 4 addresses
Jul 31 08:49:12 gtw01 dnsmasq-dhcp[13212]: read /var/lib/neutron/dhcp/68328366-b647-4763-924a-4ea06f74f454/host
Jul 31 08:49:12 gtw01 dnsmasq-dhcp[13212]: read /var/lib/neutron/dhcp/68328366-b647-4763-924a-4ea06f74f454/opts
Jul 31 08:49:12 gtw01 dnsmasq[11640]: read /var/lib/neutron/dhcp/77bf4829-020b-41ce-97aa-3081d67fcfed/addn_hosts - 5 addresses
Jul 31 08:49:12 gtw01 dnsmasq-dhcp[11640]: read /var/lib/neutron/dhcp/77bf4829-020b-41ce-97aa-3081d67fcfed/host
Jul 31 08:49:12 gtw01 dnsmasq-dhcp[11640]: read /var/lib/neutron/dhcp/77bf4829-020b-41ce-97aa-3081d67fcfed/opts
Jul 31 08:49:12 gtw01 dnsmasq-dhcp[11640]: DHCPDISCOVER(tap40c8bd2b-24) fa:16:3e:93:cd:a8
Jul 31 08:49:12 gtw01 dnsmasq-dhcp[11640]: DHCPOFFER(tap40c8bd2b-24) 192.168.120.10 fa:16:3e:93:cd:a8
Jul 31 08:49:12 gtw01 dnsmasq-dhcp[11640]: DHCPREQUEST(tap40c8bd2b-24) 192.168.120.10 fa:16:3e:93:cd:a8
Jul 31 08:49:12 gtw01 dnsmasq-dhcp[11640]: DHCPACK(tap40c8bd2b-24) 192.168.120.10 fa:16:3e:93:cd:a8 host-192-168-120-10
Jul 31 08:49:13 gtw01 dnsmasq[13212]: read /var/lib/neutron/dhcp/68328366-b647-4763-924a-4ea06f74f454/addn_hosts - 4 addresses
Jul 31 08:49:13 gtw01 dnsmasq-dhcp[13212]: read /var/lib/neutron/dhcp/68328366-b647-4763-924a-4ea06f74f454/host
Jul 31 08:49:13 gtw01 dnsmasq-dhcp[13212]: read /var/lib/neutron/dhcp/68328366-b647-4763-924a-4ea06f74f454/opts
Jul 31 08:49:13 gtw01 dnsmasq-dhcp[13212]: DHCPDISCOVER(tapa658e991-26) fa:16:3e:60:dd:8e
Jul 31 08:49:13 gtw01 dnsmasq-dhcp[13212]: DHCPOFFER(tapa658e991-26) 192.168.120.9 fa:16:3e:60:dd:8e
Jul 31 08:49:13 gtw01 dnsmasq-dhcp[13212]: DHCPREQUEST(tapa658e991-26) 192.168.120.9 fa:16:3e:60:dd:8e
Jul 31 08:49:13 gtw01 dnsmasq-dhcp[13212]: DHCPACK(tapa658e991-26) 192.168.120.9 fa:16:3e:60:dd:8e host-192-168-120-9
Jul 31 08:49:17 gtw01 dnsmasq[11640]: read /var/lib/neutron/dhcp/77bf4829-020b-41ce-97aa-3081d67fcfed/addn_hosts - 4 addresses
Jul 31 08:49:17 gtw01 dnsmasq-dhcp[11640]: read /var/lib/neutron/dhcp/77bf4829-020b-41ce-97aa-3081d67fcfed/host
Jul 31 08:49:17 gtw01 dnsmasq-dhcp[11640]: read /var/lib/neutron/dhcp/77bf4829-020b-41ce-97aa-3081d67fcfed/opts
Jul 31 08:49:20 gtw01 dnsmasq-dhcp[11640]: DHCPRELEASE(tap40c8bd2b-24) 192.168.120.10 fa:16:3e:93:cd:a8
Jul 31 08:49:20 gtw01 dnsmasq-dhcp[11640]: DHCPRELEASE(tap40c8bd2b-24) 192.168.120.10 fa:16:3e:93:cd:a8 unknown lease
Jul 31 08:49:21 gtw01 dnsmasq[11640]: read /var/lib/neutron/dhcp/77bf4829-020b-41ce-97aa-3081d67fcfed/addn_hosts - 3 addresses
Jul 31 08:49:21 gtw01 dnsmasq-dhcp[11640]: read /var/lib/neutron/dhcp/77bf4829-020b-41ce-97aa-3081d67fcfed/host
Jul 31 08:49:21 gtw01 dnsmasq-dhcp[11640]: read /var/lib/neutron/dhcp/77bf4829-020b-41ce-97aa-3081d67fcfed/opts
Jul 31 08:49:22 gtw01 dnsmasq[11640]: read /var/lib/neutron/dhcp/77bf4829-020b-41ce-97aa-3081d67fcfed/addn_hosts - 4 addresses
Jul 31 08:49:22 gtw01 dnsmasq-dhcp[11640]: read /var/lib/neutron/dhcp/77bf4829-020b-41ce-97aa-3081d67fcfed/host
Jul 31 08:49:22 gtw01 dnsmasq-dhcp[11640]: read /var/lib/neutron/dhcp/77bf4829-020b-41ce-97aa-3081d67fcfed/opts
Jul 31 08:49:23 gtw01 dnsmasq[11640]: read /var/lib/neutron/dhcp/77bf4829-020b-41ce-97aa-3081d67fcfed/addn_hosts - 4 addresses
Jul 31 08:49:23 gtw01 dnsmasq-dhcp[11640]: read /var/lib/neutron/dhcp/77bf4829-020b-41ce-97aa-3081d67fcfed/host
Jul 31 08:49:23 gtw01 dnsmasq-dhcp[11640]: read /var/lib/neutron/dhcp/77bf4829-020b-41ce-97aa-3081d67fcfed/opts
Jul 31 08:49:24 gtw01 dnsmasq-dhcp[11640]: DHCPDISCOVER(tap40c8bd2b-24) fa:16:3e:51:13:12
Jul 31 08:49:24 gtw01 dnsmasq-dhcp[11640]: DHCPOFFER(tap40c8bd2b-24) 192.168.120.7 fa:16:3e:51:13:12
Jul 31 08:49:24 gtw01 dnsmasq-dhcp[11640]: DHCPREQUEST(tap40c8bd2b-24) 192.168.120.7 fa:16:3e:51:13:12
Jul 31 08:49:24 gtw01 dnsmasq-dhcp[11640]: DHCPACK(tap40c8bd2b-24) 192.168.120.7 fa:16:3e:51:13:12 host-192-168-120-7
Jul 31 08:49:24 gtw01 dnsmasq[11640]: read /var/lib/neutron/dhcp/77bf4829-020b-41ce-97aa-3081d67fcfed/addn_hosts - 4 addresses
Jul 31 08:49:24 gtw01 dnsmasq-dhcp[11640]: read /var/lib/neutron/dhcp/77bf4829-020b-41ce-97aa-3081d67fcfed/host
Jul 31 08:49:24 gtw01 dnsmasq-dhcp[11640]: read /var/lib/neutron/dhcp/77bf4829-020b-41ce-97aa-3081d67fcfed/opts
Jul 31 08:49:26 gtw01 dnsmasq[11640]: read /var/lib/neutron/dhcp/77bf4829-020b-41ce-97aa-3081d67fcfed/addn_hosts - 5 addresses
Jul 31 08:49:26 gtw01 dnsmasq-dhcp[11640]: read /var/lib/neutron/dhcp/77bf4829-020b-41ce-97aa-3081d67fcfed/host
Jul 31 08:49:26 gtw01 dnsmasq-dhcp[11640]: read /var/lib/neutron/dhcp/77bf4829-020b-41ce-97aa-3081d67fcfed/opts
