Jul 31 09:40:23 gtw01 dnsmasq-dhcp[13222]: read /var/lib/neutron/dhcp/c12636e9-ac9c-42ef-96db-8fa8d9d2b1fe/opts
Jul 31 09:40:25 gtw01 dnsmasq[12899]: read /var/lib/neutron/dhcp/ac65b43a-a5f3-4dc8-bc25-9982a3aa4678/addn_hosts - 10 addresses
Jul 31 09:40:25 gtw01 dnsmasq-dhcp[12899]: read /var/lib/neutron/dhcp/ac65b43a-a5f3-4dc8-bc25-9982a3aa4678/host
Jul 31 09:40:25 gtw01 dnsmasq-dhcp[12899]: read /var/lib/neutron/dhcp/ac65b43a-a5f3-4dc8-bc25-9982a3aa4678/opts
Jul 31 09:40:27 gtw01 dnsmasq[13137]: read /var/lib/neutron/dhcp/cbfad52b-5d0a-426d-a036-635425906c80/addn_hosts - 1 addresses
Jul 31 09:40:27 gtw01 dnsmasq-dhcp[13137]: read /var/lib/neutron/dhcp/cbfad52b-5d0a-426d-a036-635425906c80/host
Jul 31 09:40:27 gtw01 dnsmasq-dhcp[13137]: read /var/lib/neutron/dhcp/cbfad52b-5d0a-426d-a036-635425906c80/opts
Jul 31 09:40:28 gtw01 dnsmasq[13222]: read /var/lib/neutron/dhcp/c12636e9-ac9c-42ef-96db-8fa8d9d2b1fe/addn_hosts - 2 addresses
Jul 31 09:40:28 gtw01 dnsmasq-dhcp[13222]: read /var/lib/neutron/dhcp/c12636e9-ac9c-42ef-96db-8fa8d9d2b1fe/host
Jul 31 09:40:28 gtw01 dnsmasq-dhcp[13222]: read /var/lib/neutron/dhcp/c12636e9-ac9c-42ef-96db-8fa8d9d2b1fe/opts
Jul 31 09:40:28 gtw01 dnsmasq[12899]: read /var/lib/neutron/dhcp/ac65b43a-a5f3-4dc8-bc25-9982a3aa4678/addn_hosts - 11 addresses
Jul 31 09:40:28 gtw01 dnsmasq-dhcp[12899]: read /var/lib/neutron/dhcp/ac65b43a-a5f3-4dc8-bc25-9982a3aa4678/host
Jul 31 09:40:28 gtw01 dnsmasq-dhcp[12899]: read /var/lib/neutron/dhcp/ac65b43a-a5f3-4dc8-bc25-9982a3aa4678/opts
Jul 31 09:40:29 gtw01 kernel: [ 8044.080127] device tapb90c0077-ce left promiscuous mode
Jul 31 09:40:30 gtw01 dnsmasq[12899]: read /var/lib/neutron/dhcp/ac65b43a-a5f3-4dc8-bc25-9982a3aa4678/addn_hosts - 12 addresses
Jul 31 09:40:30 gtw01 dnsmasq-dhcp[12899]: read /var/lib/neutron/dhcp/ac65b43a-a5f3-4dc8-bc25-9982a3aa4678/host
Jul 31 09:40:30 gtw01 dnsmasq-dhcp[12899]: read /var/lib/neutron/dhcp/ac65b43a-a5f3-4dc8-bc25-9982a3aa4678/opts
Jul 31 09:40:31 gtw01 dnsmasq[13222]: read /var/lib/neutron/dhcp/c12636e9-ac9c-42ef-96db-8fa8d9d2b1fe/addn_hosts - 1 addresses
Jul 31 09:40:31 gtw01 dnsmasq-dhcp[13222]: read /var/lib/neutron/dhcp/c12636e9-ac9c-42ef-96db-8fa8d9d2b1fe/host
Jul 31 09:40:31 gtw01 dnsmasq-dhcp[13222]: read /var/lib/neutron/dhcp/c12636e9-ac9c-42ef-96db-8fa8d9d2b1fe/opts
Jul 31 09:40:32 gtw01 dnsmasq[12899]: read /var/lib/neutron/dhcp/ac65b43a-a5f3-4dc8-bc25-9982a3aa4678/addn_hosts - 11 addresses
Jul 31 09:40:32 gtw01 dnsmasq-dhcp[12899]: read /var/lib/neutron/dhcp/ac65b43a-a5f3-4dc8-bc25-9982a3aa4678/host
Jul 31 09:40:32 gtw01 dnsmasq-dhcp[12899]: read /var/lib/neutron/dhcp/ac65b43a-a5f3-4dc8-bc25-9982a3aa4678/opts
Jul 31 09:40:35 gtw01 dnsmasq[12899]: read /var/lib/neutron/dhcp/ac65b43a-a5f3-4dc8-bc25-9982a3aa4678/addn_hosts - 12 addresses
Jul 31 09:40:35 gtw01 dnsmasq-dhcp[12899]: read /var/lib/neutron/dhcp/ac65b43a-a5f3-4dc8-bc25-9982a3aa4678/host
Jul 31 09:40:35 gtw01 dnsmasq-dhcp[12899]: read /var/lib/neutron/dhcp/ac65b43a-a5f3-4dc8-bc25-9982a3aa4678/opts
Jul 31 09:40:36 gtw01 dnsmasq[12899]: read /var/lib/neutron/dhcp/ac65b43a-a5f3-4dc8-bc25-9982a3aa4678/addn_hosts - 12 addresses
Jul 31 09:40:36 gtw01 dnsmasq-dhcp[12899]: read /var/lib/neutron/dhcp/ac65b43a-a5f3-4dc8-bc25-9982a3aa4678/host
Jul 31 09:40:36 gtw01 dnsmasq-dhcp[12899]: read /var/lib/neutron/dhcp/ac65b43a-a5f3-4dc8-bc25-9982a3aa4678/opts
Jul 31 09:40:36 gtw01 kernel: [ 8050.588405] device tap1ed07a19-a4 entered promiscuous mode
Jul 31 09:40:36 gtw01 systemd-udevd[14354]: Could not generate persistent MAC address for tap1ed07a19-a4: No such file or directory
Jul 31 09:40:36 gtw01 systemd-udevd[14399]: Process '/sbin/ip link set tap1ed07a19-a4 txqueuelen 10000' failed with exit code 1.
Jul 31 09:40:37 gtw01 dnsmasq[12899]: read /var/lib/neutron/dhcp/ac65b43a-a5f3-4dc8-bc25-9982a3aa4678/addn_hosts - 13 addresses
Jul 31 09:40:37 gtw01 dnsmasq-dhcp[12899]: read /var/lib/neutron/dhcp/ac65b43a-a5f3-4dc8-bc25-9982a3aa4678/host
Jul 31 09:40:37 gtw01 dnsmasq-dhcp[12899]: read /var/lib/neutron/dhcp/ac65b43a-a5f3-4dc8-bc25-9982a3aa4678/opts
Jul 31 09:40:39 gtw01 dnsmasq[14481]: started, version 2.80 cachesize 150
Jul 31 09:40:39 gtw01 dnsmasq[14481]: DNS service limited to local subnets
Jul 31 09:40:39 gtw01 dnsmasq[14481]: compile time options: IPv6 GNU-getopt DBus i18n IDN DHCP DHCPv6 no-Lua TFTP conntrack ipset auth DNSSEC loop-detect inotify dumpfile
Jul 31 09:40:39 gtw01 dnsmasq[14481]: warning: no upstream servers configured
Jul 31 09:40:39 gtw01 dnsmasq-dhcp[14481]: DHCP, static leases only on 192.168.120.0, lease time 1h
Jul 31 09:40:39 gtw01 dnsmasq[14481]: read /var/lib/neutron/dhcp/926a6d15-5f81-42ea-a4f3-67019fc9a2a0/addn_hosts - 1 addresses
Jul 31 09:40:39 gtw01 dnsmasq-dhcp[14481]: read /var/lib/neutron/dhcp/926a6d15-5f81-42ea-a4f3-67019fc9a2a0/host
Jul 31 09:40:39 gtw01 dnsmasq-dhcp[14481]: read /var/lib/neutron/dhcp/926a6d15-5f81-42ea-a4f3-67019fc9a2a0/opts
Jul 31 09:40:39 gtw01 haproxy-metadata-proxy-926a6d15-5f81-42ea-a4f3-67019fc9a2a0[14485]: Proxy listener started.
Jul 31 09:40:40 gtw01 dnsmasq[14481]: read /var/lib/neutron/dhcp/926a6d15-5f81-42ea-a4f3-67019fc9a2a0/addn_hosts - 1 addresses
Jul 31 09:40:40 gtw01 dnsmasq-dhcp[14481]: read /var/lib/neutron/dhcp/926a6d15-5f81-42ea-a4f3-67019fc9a2a0/host
Jul 31 09:40:40 gtw01 dnsmasq-dhcp[14481]: read /var/lib/neutron/dhcp/926a6d15-5f81-42ea-a4f3-67019fc9a2a0/opts
Jul 31 09:40:41 gtw01 dnsmasq[14481]: read /var/lib/neutron/dhcp/926a6d15-5f81-42ea-a4f3-67019fc9a2a0/addn_hosts - 1 addresses
Jul 31 09:40:41 gtw01 dnsmasq-dhcp[14481]: read /var/lib/neutron/dhcp/926a6d15-5f81-42ea-a4f3-67019fc9a2a0/host
Jul 31 09:40:41 gtw01 dnsmasq-dhcp[14481]: read /var/lib/neutron/dhcp/926a6d15-5f81-42ea-a4f3-67019fc9a2a0/opts
Jul 31 09:40:42 gtw01 dnsmasq[14481]: read /var/lib/neutron/dhcp/926a6d15-5f81-42ea-a4f3-67019fc9a2a0/addn_hosts - 2 addresses
Jul 31 09:40:42 gtw01 dnsmasq-dhcp[14481]: read /var/lib/neutron/dhcp/926a6d15-5f81-42ea-a4f3-67019fc9a2a0/host
Jul 31 09:40:42 gtw01 dnsmasq-dhcp[14481]: read /var/lib/neutron/dhcp/926a6d15-5f81-42ea-a4f3-67019fc9a2a0/opts
Jul 31 09:40:42 gtw01 dnsmasq[12899]: read /var/lib/neutron/dhcp/ac65b43a-a5f3-4dc8-bc25-9982a3aa4678/addn_hosts - 13 addresses
Jul 31 09:40:42 gtw01 dnsmasq-dhcp[12899]: read /var/lib/neutron/dhcp/ac65b43a-a5f3-4dc8-bc25-9982a3aa4678/host
Jul 31 09:40:42 gtw01 dnsmasq-dhcp[12899]: read /var/lib/neutron/dhcp/ac65b43a-a5f3-4dc8-bc25-9982a3aa4678/opts
Jul 31 09:40:43 gtw01 dnsmasq[14481]: read /var/lib/neutron/dhcp/926a6d15-5f81-42ea-a4f3-67019fc9a2a0/addn_hosts - 2 addresses
Jul 31 09:40:43 gtw01 dnsmasq-dhcp[14481]: read /var/lib/neutron/dhcp/926a6d15-5f81-42ea-a4f3-67019fc9a2a0/host
Jul 31 09:40:43 gtw01 dnsmasq-dhcp[14481]: read /var/lib/neutron/dhcp/926a6d15-5f81-42ea-a4f3-67019fc9a2a0/opts
Jul 31 09:40:43 gtw01 dnsmasq[12899]: read /var/lib/neutron/dhcp/ac65b43a-a5f3-4dc8-bc25-9982a3aa4678/addn_hosts - 13 addresses
Jul 31 09:40:43 gtw01 dnsmasq-dhcp[12899]: read /var/lib/neutron/dhcp/ac65b43a-a5f3-4dc8-bc25-9982a3aa4678/host
Jul 31 09:40:43 gtw01 dnsmasq-dhcp[12899]: read /var/lib/neutron/dhcp/ac65b43a-a5f3-4dc8-bc25-9982a3aa4678/opts
Jul 31 09:40:44 gtw01 dnsmasq[14481]: read /var/lib/neutron/dhcp/926a6d15-5f81-42ea-a4f3-67019fc9a2a0/addn_hosts - 2 addresses
Jul 31 09:40:44 gtw01 dnsmasq-dhcp[14481]: read /var/lib/neutron/dhcp/926a6d15-5f81-42ea-a4f3-67019fc9a2a0/host
Jul 31 09:40:44 gtw01 dnsmasq-dhcp[14481]: read /var/lib/neutron/dhcp/926a6d15-5f81-42ea-a4f3-67019fc9a2a0/opts
Jul 31 09:40:45 gtw01 dnsmasq[12899]: read /var/lib/neutron/dhcp/ac65b43a-a5f3-4dc8-bc25-9982a3aa4678/addn_hosts - 14 addresses
Jul 31 09:40:45 gtw01 dnsmasq-dhcp[12899]: read /var/lib/neutron/dhcp/ac65b43a-a5f3-4dc8-bc25-9982a3aa4678/host
Jul 31 09:40:45 gtw01 dnsmasq-dhcp[12899]: read /var/lib/neutron/dhcp/ac65b43a-a5f3-4dc8-bc25-9982a3aa4678/opts
Jul 31 09:40:45 gtw01 dnsmasq[14481]: read /var/lib/neutron/dhcp/926a6d15-5f81-42ea-a4f3-67019fc9a2a0/addn_hosts - 1 addresses
Jul 31 09:40:45 gtw01 dnsmasq-dhcp[14481]: read /var/lib/neutron/dhcp/926a6d15-5f81-42ea-a4f3-67019fc9a2a0/host
Jul 31 09:40:45 gtw01 dnsmasq-dhcp[14481]: read /var/lib/neutron/dhcp/926a6d15-5f81-42ea-a4f3-67019fc9a2a0/opts
Jul 31 09:40:46 gtw01 dnsmasq[12899]: read /var/lib/neutron/dhcp/ac65b43a-a5f3-4dc8-bc25-9982a3aa4678/addn_hosts - 14 addresses
Jul 31 09:40:46 gtw01 dnsmasq-dhcp[12899]: read /var/lib/neutron/dhcp/ac65b43a-a5f3-4dc8-bc25-9982a3aa4678/host
Jul 31 09:40:46 gtw01 dnsmasq-dhcp[12899]: read /var/lib/neutron/dhcp/ac65b43a-a5f3-4dc8-bc25-9982a3aa4678/opts
Jul 31 09:40:47 gtw01 dnsmasq[12899]: read /var/lib/neutron/dhcp/ac65b43a-a5f3-4dc8-bc25-9982a3aa4678/addn_hosts - 15 addresses
Jul 31 09:40:47 gtw01 dnsmasq-dhcp[12899]: read /var/lib/neutron/dhcp/ac65b43a-a5f3-4dc8-bc25-9982a3aa4678/host
Jul 31 09:40:47 gtw01 dnsmasq-dhcp[12899]: read /var/lib/neutron/dhcp/ac65b43a-a5f3-4dc8-bc25-9982a3aa4678/opts
Jul 31 09:40:48 gtw01 dnsmasq[13222]: read /var/lib/neutron/dhcp/c12636e9-ac9c-42ef-96db-8fa8d9d2b1fe/addn_hosts - 2 addresses
Jul 31 09:40:48 gtw01 dnsmasq-dhcp[13222]: read /var/lib/neutron/dhcp/c12636e9-ac9c-42ef-96db-8fa8d9d2b1fe/host
Jul 31 09:40:48 gtw01 dnsmasq-dhcp[13222]: read /var/lib/neutron/dhcp/c12636e9-ac9c-42ef-96db-8fa8d9d2b1fe/opts
Jul 31 09:40:48 gtw01 dnsmasq[12899]: read /var/lib/neutron/dhcp/ac65b43a-a5f3-4dc8-bc25-9982a3aa4678/addn_hosts - 15 addresses
Jul 31 09:40:48 gtw01 dnsmasq-dhcp[12899]: read /var/lib/neutron/dhcp/ac65b43a-a5f3-4dc8-bc25-9982a3aa4678/host
Jul 31 09:40:48 gtw01 dnsmasq-dhcp[12899]: read /var/lib/neutron/dhcp/ac65b43a-a5f3-4dc8-bc25-9982a3aa4678/opts
Jul 31 09:40:49 gtw01 dnsmasq[12899]: read /var/lib/neutron/dhcp/ac65b43a-a5f3-4dc8-bc25-9982a3aa4678/addn_hosts - 15 addresses
Jul 31 09:40:49 gtw01 dnsmasq-dhcp[12899]: read /var/lib/neutron/dhcp/ac65b43a-a5f3-4dc8-bc25-9982a3aa4678/host
Jul 31 09:40:49 gtw01 dnsmasq-dhcp[12899]: read /var/lib/neutron/dhcp/ac65b43a-a5f3-4dc8-bc25-9982a3aa4678/opts
Jul 31 09:40:50 gtw01 dnsmasq[13222]: read /var/lib/neutron/dhcp/c12636e9-ac9c-42ef-96db-8fa8d9d2b1fe/addn_hosts - 1 addresses
Jul 31 09:40:50 gtw01 dnsmasq-dhcp[13222]: read /var/lib/neutron/dhcp/c12636e9-ac9c-42ef-96db-8fa8d9d2b1fe/host
Jul 31 09:40:50 gtw01 dnsmasq-dhcp[13222]: read /var/lib/neutron/dhcp/c12636e9-ac9c-42ef-96db-8fa8d9d2b1fe/opts
Jul 31 09:40:50 gtw01 dnsmasq[12899]: read /var/lib/neutron/dhcp/ac65b43a-a5f3-4dc8-bc25-9982a3aa4678/addn_hosts - 15 addresses
Jul 31 09:40:50 gtw01 dnsmasq-dhcp[12899]: read /var/lib/neutron/dhcp/ac65b43a-a5f3-4dc8-bc25-9982a3aa4678/host
Jul 31 09:40:50 gtw01 dnsmasq-dhcp[12899]: read /var/lib/neutron/dhcp/ac65b43a-a5f3-4dc8-bc25-9982a3aa4678/opts
Jul 31 09:40:51 gtw01 dnsmasq[12899]: read /var/lib/neutron/dhcp/ac65b43a-a5f3-4dc8-bc25-9982a3aa4678/addn_hosts - 16 addresses
Jul 31 09:40:51 gtw01 dnsmasq-dhcp[12899]: read /var/lib/neutron/dhcp/ac65b43a-a5f3-4dc8-bc25-9982a3aa4678/host
Jul 31 09:40:51 gtw01 dnsmasq-dhcp[12899]: read /var/lib/neutron/dhcp/ac65b43a-a5f3-4dc8-bc25-9982a3aa4678/opts
Jul 31 09:40:52 gtw01 dnsmasq[12899]: read /var/lib/neutron/dhcp/ac65b43a-a5f3-4dc8-bc25-9982a3aa4678/addn_hosts - 16 addresses
Jul 31 09:40:52 gtw01 dnsmasq-dhcp[12899]: read /var/lib/neutron/dhcp/ac65b43a-a5f3-4dc8-bc25-9982a3aa4678/host
Jul 31 09:40:52 gtw01 dnsmasq-dhcp[12899]: read /var/lib/neutron/dhcp/ac65b43a-a5f3-4dc8-bc25-9982a3aa4678/opts
Jul 31 09:40:52 gtw01 dnsmasq[13222]: read /var/lib/neutron/dhcp/c12636e9-ac9c-42ef-96db-8fa8d9d2b1fe/addn_hosts - 2 addresses
Jul 31 09:40:52 gtw01 dnsmasq-dhcp[13222]: read /var/lib/neutron/dhcp/c12636e9-ac9c-42ef-96db-8fa8d9d2b1fe/host
Jul 31 09:40:52 gtw01 dnsmasq-dhcp[13222]: read /var/lib/neutron/dhcp/c12636e9-ac9c-42ef-96db-8fa8d9d2b1fe/opts
Jul 31 09:40:53 gtw01 dnsmasq[12899]: read /var/lib/neutron/dhcp/ac65b43a-a5f3-4dc8-bc25-9982a3aa4678/addn_hosts - 16 addresses
Jul 31 09:40:53 gtw01 dnsmasq-dhcp[12899]: read /var/lib/neutron/dhcp/ac65b43a-a5f3-4dc8-bc25-9982a3aa4678/host
Jul 31 09:40:53 gtw01 dnsmasq-dhcp[12899]: read /var/lib/neutron/dhcp/ac65b43a-a5f3-4dc8-bc25-9982a3aa4678/opts
Jul 31 09:40:54 gtw01 dnsmasq[12899]: read /var/lib/neutron/dhcp/ac65b43a-a5f3-4dc8-bc25-9982a3aa4678/addn_hosts - 16 addresses
Jul 31 09:40:54 gtw01 dnsmasq-dhcp[12899]: read /var/lib/neutron/dhcp/ac65b43a-a5f3-4dc8-bc25-9982a3aa4678/host
Jul 31 09:40:54 gtw01 dnsmasq-dhcp[12899]: read /var/lib/neutron/dhcp/ac65b43a-a5f3-4dc8-bc25-9982a3aa4678/opts
Jul 31 09:40:54 gtw01 dnsmasq[13222]: read /var/lib/neutron/dhcp/c12636e9-ac9c-42ef-96db-8fa8d9d2b1fe/addn_hosts - 1 addresses
Jul 31 09:40:54 gtw01 dnsmasq-dhcp[13222]: read /var/lib/neutron/dhcp/c12636e9-ac9c-42ef-96db-8fa8d9d2b1fe/host
Jul 31 09:40:54 gtw01 dnsmasq-dhcp[13222]: read /var/lib/neutron/dhcp/c12636e9-ac9c-42ef-96db-8fa8d9d2b1fe/opts
Jul 31 09:40:55 gtw01 dnsmasq[12899]: read /var/lib/neutron/dhcp/ac65b43a-a5f3-4dc8-bc25-9982a3aa4678/addn_hosts - 17 addresses
Jul 31 09:40:55 gtw01 dnsmasq-dhcp[12899]: read /var/lib/neutron/dhcp/ac65b43a-a5f3-4dc8-bc25-9982a3aa4678/host
Jul 31 09:40:55 gtw01 dnsmasq-dhcp[12899]: read /var/lib/neutron/dhcp/ac65b43a-a5f3-4dc8-bc25-9982a3aa4678/opts
Jul 31 09:40:56 gtw01 dnsmasq[12899]: read /var/lib/neutron/dhcp/ac65b43a-a5f3-4dc8-bc25-9982a3aa4678/addn_hosts - 17 addresses
Jul 31 09:40:56 gtw01 dnsmasq-dhcp[12899]: read /var/lib/neutron/dhcp/ac65b43a-a5f3-4dc8-bc25-9982a3aa4678/host
Jul 31 09:40:56 gtw01 dnsmasq-dhcp[12899]: read /var/lib/neutron/dhcp/ac65b43a-a5f3-4dc8-bc25-9982a3aa4678/opts
Jul 31 09:40:57 gtw01 dnsmasq[12899]: read /var/lib/neutron/dhcp/ac65b43a-a5f3-4dc8-bc25-9982a3aa4678/addn_hosts - 17 addresses
Jul 31 09:40:57 gtw01 dnsmasq-dhcp[12899]: read /var/lib/neutron/dhcp/ac65b43a-a5f3-4dc8-bc25-9982a3aa4678/host
Jul 31 09:40:57 gtw01 dnsmasq-dhcp[12899]: read /var/lib/neutron/dhcp/ac65b43a-a5f3-4dc8-bc25-9982a3aa4678/opts
Jul 31 09:40:58 gtw01 dnsmasq[13222]: read /var/lib/neutron/dhcp/c12636e9-ac9c-42ef-96db-8fa8d9d2b1fe/addn_hosts - 2 addresses
Jul 31 09:40:58 gtw01 dnsmasq-dhcp[13222]: read /var/lib/neutron/dhcp/c12636e9-ac9c-42ef-96db-8fa8d9d2b1fe/host
Jul 31 09:40:58 gtw01 dnsmasq-dhcp[13222]: read /var/lib/neutron/dhcp/c12636e9-ac9c-42ef-96db-8fa8d9d2b1fe/opts
Jul 31 09:40:58 gtw01 dnsmasq[12899]: read /var/lib/neutron/dhcp/ac65b43a-a5f3-4dc8-bc25-9982a3aa4678/addn_hosts - 17 addresses
Jul 31 09:40:58 gtw01 dnsmasq-dhcp[12899]: read /var/lib/neutron/dhcp/ac65b43a-a5f3-4dc8-bc25-9982a3aa4678/host
Jul 31 09:40:58 gtw01 dnsmasq-dhcp[12899]: read /var/lib/neutron/dhcp/ac65b43a-a5f3-4dc8-bc25-9982a3aa4678/opts
Jul 31 09:41:00 gtw01 dnsmasq[13222]: read /var/lib/neutron/dhcp/c12636e9-ac9c-42ef-96db-8fa8d9d2b1fe/addn_hosts - 1 addresses
Jul 31 09:41:00 gtw01 dnsmasq-dhcp[13222]: read /var/lib/neutron/dhcp/c12636e9-ac9c-42ef-96db-8fa8d9d2b1fe/host
Jul 31 09:41:00 gtw01 dnsmasq-dhcp[13222]: read /var/lib/neutron/dhcp/c12636e9-ac9c-42ef-96db-8fa8d9d2b1fe/opts
Jul 31 09:41:00 gtw01 dnsmasq[12899]: read /var/lib/neutron/dhcp/ac65b43a-a5f3-4dc8-bc25-9982a3aa4678/addn_hosts - 16 addresses
Jul 31 09:41:00 gtw01 dnsmasq-dhcp[12899]: read /var/lib/neutron/dhcp/ac65b43a-a5f3-4dc8-bc25-9982a3aa4678/host
Jul 31 09:41:00 gtw01 dnsmasq-dhcp[12899]: read /var/lib/neutron/dhcp/ac65b43a-a5f3-4dc8-bc25-9982a3aa4678/opts
Jul 31 09:41:01 gtw01 dnsmasq[12899]: read /var/lib/neutron/dhcp/ac65b43a-a5f3-4dc8-bc25-9982a3aa4678/addn_hosts - 15 addresses
Jul 31 09:41:01 gtw01 dnsmasq-dhcp[12899]: read /var/lib/neutron/dhcp/ac65b43a-a5f3-4dc8-bc25-9982a3aa4678/host
Jul 31 09:41:01 gtw01 dnsmasq-dhcp[12899]: read /var/lib/neutron/dhcp/ac65b43a-a5f3-4dc8-bc25-9982a3aa4678/opts
Jul 31 09:41:02 gtw01 dnsmasq[12899]: read /var/lib/neutron/dhcp/ac65b43a-a5f3-4dc8-bc25-9982a3aa4678/addn_hosts - 14 addresses
Jul 31 09:41:02 gtw01 dnsmasq-dhcp[12899]: read /var/lib/neutron/dhcp/ac65b43a-a5f3-4dc8-bc25-9982a3aa4678/host
Jul 31 09:41:02 gtw01 dnsmasq-dhcp[12899]: read /var/lib/neutron/dhcp/ac65b43a-a5f3-4dc8-bc25-9982a3aa4678/opts
Jul 31 09:41:03 gtw01 kernel: [ 8077.345389] device tap1ed07a19-a4 left promiscuous mode
Jul 31 09:41:03 gtw01 dnsmasq[12899]: read /var/lib/neutron/dhcp/ac65b43a-a5f3-4dc8-bc25-9982a3aa4678/addn_hosts - 13 addresses
Jul 31 09:41:03 gtw01 dnsmasq-dhcp[12899]: read /var/lib/neutron/dhcp/ac65b43a-a5f3-4dc8-bc25-9982a3aa4678/host
Jul 31 09:41:03 gtw01 dnsmasq-dhcp[12899]: read /var/lib/neutron/dhcp/ac65b43a-a5f3-4dc8-bc25-9982a3aa4678/opts
Jul 31 09:41:04 gtw01 dnsmasq[12899]: read /var/lib/neutron/dhcp/ac65b43a-a5f3-4dc8-bc25-9982a3aa4678/addn_hosts - 12 addresses
Jul 31 09:41:04 gtw01 dnsmasq-dhcp[12899]: read /var/lib/neutron/dhcp/ac65b43a-a5f3-4dc8-bc25-9982a3aa4678/host
Jul 31 09:41:04 gtw01 dnsmasq-dhcp[12899]: read /var/lib/neutron/dhcp/ac65b43a-a5f3-4dc8-bc25-9982a3aa4678/opts
Jul 31 09:41:05 gtw01 dnsmasq[12899]: read /var/lib/neutron/dhcp/ac65b43a-a5f3-4dc8-bc25-9982a3aa4678/addn_hosts - 11 addresses
Jul 31 09:41:05 gtw01 dnsmasq-dhcp[12899]: read /var/lib/neutron/dhcp/ac65b43a-a5f3-4dc8-bc25-9982a3aa4678/host
Jul 31 09:41:05 gtw01 dnsmasq-dhcp[12899]: read /var/lib/neutron/dhcp/ac65b43a-a5f3-4dc8-bc25-9982a3aa4678/opts
Jul 31 09:41:06 gtw01 dnsmasq[12899]: read /var/lib/neutron/dhcp/ac65b43a-a5f3-4dc8-bc25-9982a3aa4678/addn_hosts - 10 addresses
Jul 31 09:41:06 gtw01 dnsmasq-dhcp[12899]: read /var/lib/neutron/dhcp/ac65b43a-a5f3-4dc8-bc25-9982a3aa4678/host
Jul 31 09:41:06 gtw01 dnsmasq-dhcp[12899]: read /var/lib/neutron/dhcp/ac65b43a-a5f3-4dc8-bc25-9982a3aa4678/opts
Jul 31 09:41:07 gtw01 dnsmasq[12899]: read /var/lib/neutron/dhcp/ac65b43a-a5f3-4dc8-bc25-9982a3aa4678/addn_hosts - 9 addresses
Jul 31 09:41:07 gtw01 dnsmasq-dhcp[12899]: read /var/lib/neutron/dhcp/ac65b43a-a5f3-4dc8-bc25-9982a3aa4678/host
Jul 31 09:41:07 gtw01 dnsmasq-dhcp[12899]: read /var/lib/neutron/dhcp/ac65b43a-a5f3-4dc8-bc25-9982a3aa4678/opts
Jul 31 09:41:07 gtw01 kernel: [ 8081.823786] device tap97bc9f57-9c left promiscuous mode
Jul 31 09:41:08 gtw01 dnsmasq[12899]: read /var/lib/neutron/dhcp/ac65b43a-a5f3-4dc8-bc25-9982a3aa4678/addn_hosts - 7 addresses
Jul 31 09:41:08 gtw01 dnsmasq-dhcp[12899]: read /var/lib/neutron/dhcp/ac65b43a-a5f3-4dc8-bc25-9982a3aa4678/host
Jul 31 09:41:08 gtw01 dnsmasq-dhcp[12899]: read /var/lib/neutron/dhcp/ac65b43a-a5f3-4dc8-bc25-9982a3aa4678/opts
Jul 31 09:41:09 gtw01 dnsmasq[12899]: read /var/lib/neutron/dhcp/ac65b43a-a5f3-4dc8-bc25-9982a3aa4678/addn_hosts - 6 addresses
Jul 31 09:41:09 gtw01 dnsmasq-dhcp[12899]: read /var/lib/neutron/dhcp/ac65b43a-a5f3-4dc8-bc25-9982a3aa4678/host
Jul 31 09:41:09 gtw01 dnsmasq-dhcp[12899]: read /var/lib/neutron/dhcp/ac65b43a-a5f3-4dc8-bc25-9982a3aa4678/opts
Jul 31 09:41:10 gtw01 dnsmasq[12899]: read /var/lib/neutron/dhcp/ac65b43a-a5f3-4dc8-bc25-9982a3aa4678/addn_hosts - 5 addresses
Jul 31 09:41:10 gtw01 dnsmasq-dhcp[12899]: read /var/lib/neutron/dhcp/ac65b43a-a5f3-4dc8-bc25-9982a3aa4678/host
Jul 31 09:41:10 gtw01 dnsmasq-dhcp[12899]: read /var/lib/neutron/dhcp/ac65b43a-a5f3-4dc8-bc25-9982a3aa4678/opts
Jul 31 09:41:11 gtw01 dnsmasq[12899]: read /var/lib/neutron/dhcp/ac65b43a-a5f3-4dc8-bc25-9982a3aa4678/addn_hosts - 4 addresses
Jul 31 09:41:11 gtw01 dnsmasq-dhcp[12899]: read /var/lib/neutron/dhcp/ac65b43a-a5f3-4dc8-bc25-9982a3aa4678/host
Jul 31 09:41:11 gtw01 dnsmasq-dhcp[12899]: read /var/lib/neutron/dhcp/ac65b43a-a5f3-4dc8-bc25-9982a3aa4678/opts
Jul 31 09:41:11 gtw01 kernel: [ 8086.077815] device tap5c61900b-3a left promiscuous mode
Jul 31 09:41:12 gtw01 dnsmasq[12899]: read /var/lib/neutron/dhcp/ac65b43a-a5f3-4dc8-bc25-9982a3aa4678/addn_hosts - 3 addresses
Jul 31 09:41:12 gtw01 dnsmasq-dhcp[12899]: read /var/lib/neutron/dhcp/ac65b43a-a5f3-4dc8-bc25-9982a3aa4678/host
Jul 31 09:41:12 gtw01 dnsmasq-dhcp[12899]: read /var/lib/neutron/dhcp/ac65b43a-a5f3-4dc8-bc25-9982a3aa4678/opts
Jul 31 09:41:13 gtw01 dnsmasq[12899]: read /var/lib/neutron/dhcp/ac65b43a-a5f3-4dc8-bc25-9982a3aa4678/addn_hosts - 2 addresses
Jul 31 09:41:13 gtw01 dnsmasq-dhcp[12899]: read /var/lib/neutron/dhcp/ac65b43a-a5f3-4dc8-bc25-9982a3aa4678/host
Jul 31 09:41:13 gtw01 dnsmasq-dhcp[12899]: read /var/lib/neutron/dhcp/ac65b43a-a5f3-4dc8-bc25-9982a3aa4678/opts
Jul 31 09:41:14 gtw01 kernel: [ 8088.477574] device tap3d454ecc-c0 left promiscuous mode
Jul 31 09:41:27 gtw01 dnsmasq[12478]: read /var/lib/neutron/dhcp/6f5b2bc0-9b3e-4b3b-bac3-93ddb83e1bc1/addn_hosts - 1 addresses
Jul 31 09:41:27 gtw01 dnsmasq-dhcp[12478]: read /var/lib/neutron/dhcp/6f5b2bc0-9b3e-4b3b-bac3-93ddb83e1bc1/host
Jul 31 09:41:27 gtw01 dnsmasq-dhcp[12478]: read /var/lib/neutron/dhcp/6f5b2bc0-9b3e-4b3b-bac3-93ddb83e1bc1/opts
Jul 31 09:41:31 gtw01 kernel: [ 8106.092187] device tape3bd20f8-6d left promiscuous mode
Jul 31 09:41:41 gtw01 kernel: [ 8115.661256] device tap547c0881-e5 entered promiscuous mode
Jul 31 09:41:41 gtw01 systemd-udevd[15242]: Could not generate persistent MAC address for tap547c0881-e5: No such file or directory
Jul 31 09:41:41 gtw01 systemd-udevd[15242]: Process '/sbin/ip link set tap547c0881-e5 txqueuelen 10000' failed with exit code 1.
Jul 31 09:41:44 gtw01 dnsmasq[15350]: started, version 2.80 cachesize 150
Jul 31 09:41:44 gtw01 dnsmasq[15350]: DNS service limited to local subnets
Jul 31 09:41:44 gtw01 dnsmasq[15350]: compile time options: IPv6 GNU-getopt DBus i18n IDN DHCP DHCPv6 no-Lua TFTP conntrack ipset auth DNSSEC loop-detect inotify dumpfile
Jul 31 09:41:44 gtw01 dnsmasq[15350]: warning: no upstream servers configured
Jul 31 09:41:44 gtw01 dnsmasq-dhcp[15350]: DHCP, static leases only on 192.168.120.0, lease time 1h
Jul 31 09:41:44 gtw01 dnsmasq[15350]: read /var/lib/neutron/dhcp/fe5a1607-ae27-4a9c-b957-d7030a8f6352/addn_hosts - 1 addresses
Jul 31 09:41:44 gtw01 dnsmasq-dhcp[15350]: read /var/lib/neutron/dhcp/fe5a1607-ae27-4a9c-b957-d7030a8f6352/host
Jul 31 09:41:44 gtw01 dnsmasq-dhcp[15350]: read /var/lib/neutron/dhcp/fe5a1607-ae27-4a9c-b957-d7030a8f6352/opts
Jul 31 09:41:44 gtw01 haproxy-metadata-proxy-fe5a1607-ae27-4a9c-b957-d7030a8f6352[15354]: Proxy listener started.
Jul 31 09:41:45 gtw01 dnsmasq[15350]: read /var/lib/neutron/dhcp/fe5a1607-ae27-4a9c-b957-d7030a8f6352/addn_hosts - 2 addresses
Jul 31 09:41:45 gtw01 dnsmasq-dhcp[15350]: read /var/lib/neutron/dhcp/fe5a1607-ae27-4a9c-b957-d7030a8f6352/host
Jul 31 09:41:45 gtw01 dnsmasq-dhcp[15350]: read /var/lib/neutron/dhcp/fe5a1607-ae27-4a9c-b957-d7030a8f6352/opts
Jul 31 09:41:46 gtw01 dnsmasq[15350]: read /var/lib/neutron/dhcp/fe5a1607-ae27-4a9c-b957-d7030a8f6352/addn_hosts - 2 addresses
Jul 31 09:41:46 gtw01 dnsmasq-dhcp[15350]: read /var/lib/neutron/dhcp/fe5a1607-ae27-4a9c-b957-d7030a8f6352/host
Jul 31 09:41:46 gtw01 dnsmasq-dhcp[15350]: read /var/lib/neutron/dhcp/fe5a1607-ae27-4a9c-b957-d7030a8f6352/opts
Jul 31 09:41:47 gtw01 dnsmasq[15350]: read /var/lib/neutron/dhcp/fe5a1607-ae27-4a9c-b957-d7030a8f6352/addn_hosts - 2 addresses
Jul 31 09:41:47 gtw01 dnsmasq-dhcp[15350]: read /var/lib/neutron/dhcp/fe5a1607-ae27-4a9c-b957-d7030a8f6352/host
Jul 31 09:41:47 gtw01 dnsmasq-dhcp[15350]: read /var/lib/neutron/dhcp/fe5a1607-ae27-4a9c-b957-d7030a8f6352/opts
Jul 31 09:41:48 gtw01 dnsmasq[15350]: read /var/lib/neutron/dhcp/fe5a1607-ae27-4a9c-b957-d7030a8f6352/addn_hosts - 2 addresses
Jul 31 09:41:48 gtw01 dnsmasq-dhcp[15350]: read /var/lib/neutron/dhcp/fe5a1607-ae27-4a9c-b957-d7030a8f6352/host
Jul 31 09:41:48 gtw01 dnsmasq-dhcp[15350]: read /var/lib/neutron/dhcp/fe5a1607-ae27-4a9c-b957-d7030a8f6352/opts
Jul 31 09:41:49 gtw01 dnsmasq[15350]: read /var/lib/neutron/dhcp/fe5a1607-ae27-4a9c-b957-d7030a8f6352/addn_hosts - 2 addresses
Jul 31 09:41:49 gtw01 dnsmasq-dhcp[15350]: read /var/lib/neutron/dhcp/fe5a1607-ae27-4a9c-b957-d7030a8f6352/host
Jul 31 09:41:49 gtw01 dnsmasq-dhcp[15350]: read /var/lib/neutron/dhcp/fe5a1607-ae27-4a9c-b957-d7030a8f6352/opts
Jul 31 09:42:28 gtw01 kernel: [ 8163.087760] device tap76b3d07b-4f entered promiscuous mode
Jul 31 09:42:28 gtw01 systemd-udevd[15458]: Could not generate persistent MAC address for tap76b3d07b-4f: No such file or directory
Jul 31 09:42:28 gtw01 systemd-udevd[15504]: Process '/sbin/ip link set tap76b3d07b-4f txqueuelen 10000' failed with exit code 1.
Jul 31 09:42:32 gtw01 dnsmasq[15567]: started, version 2.80 cachesize 150
Jul 31 09:42:32 gtw01 dnsmasq[15567]: DNS service limited to local subnets
Jul 31 09:42:32 gtw01 dnsmasq[15567]: compile time options: IPv6 GNU-getopt DBus i18n IDN DHCP DHCPv6 no-Lua TFTP conntrack ipset auth DNSSEC loop-detect inotify dumpfile
Jul 31 09:42:32 gtw01 dnsmasq[15567]: warning: no upstream servers configured
Jul 31 09:42:32 gtw01 dnsmasq-dhcp[15567]: DHCP, static leases only on 192.168.120.0, lease time 1h
Jul 31 09:42:32 gtw01 dnsmasq[15567]: read /var/lib/neutron/dhcp/9de63390-5c0b-4be6-b734-bbbd33717bec/addn_hosts - 1 addresses
Jul 31 09:42:32 gtw01 dnsmasq-dhcp[15567]: read /var/lib/neutron/dhcp/9de63390-5c0b-4be6-b734-bbbd33717bec/host
Jul 31 09:42:32 gtw01 dnsmasq-dhcp[15567]: read /var/lib/neutron/dhcp/9de63390-5c0b-4be6-b734-bbbd33717bec/opts
Jul 31 09:42:32 gtw01 haproxy-metadata-proxy-9de63390-5c0b-4be6-b734-bbbd33717bec[15571]: Proxy listener started.
Jul 31 09:42:33 gtw01 dnsmasq[15567]: read /var/lib/neutron/dhcp/9de63390-5c0b-4be6-b734-bbbd33717bec/addn_hosts - 2 addresses
Jul 31 09:42:33 gtw01 dnsmasq-dhcp[15567]: read /var/lib/neutron/dhcp/9de63390-5c0b-4be6-b734-bbbd33717bec/host
Jul 31 09:42:33 gtw01 dnsmasq-dhcp[15567]: read /var/lib/neutron/dhcp/9de63390-5c0b-4be6-b734-bbbd33717bec/opts
Jul 31 09:42:33 gtw01 dnsmasq[15567]: read /var/lib/neutron/dhcp/9de63390-5c0b-4be6-b734-bbbd33717bec/addn_hosts - 2 addresses
Jul 31 09:42:33 gtw01 dnsmasq-dhcp[15567]: read /var/lib/neutron/dhcp/9de63390-5c0b-4be6-b734-bbbd33717bec/host
Jul 31 09:42:33 gtw01 dnsmasq-dhcp[15567]: read /var/lib/neutron/dhcp/9de63390-5c0b-4be6-b734-bbbd33717bec/opts
Jul 31 09:42:34 gtw01 dnsmasq[15567]: read /var/lib/neutron/dhcp/9de63390-5c0b-4be6-b734-bbbd33717bec/addn_hosts - 2 addresses
Jul 31 09:42:34 gtw01 dnsmasq-dhcp[15567]: read /var/lib/neutron/dhcp/9de63390-5c0b-4be6-b734-bbbd33717bec/host
Jul 31 09:42:34 gtw01 dnsmasq-dhcp[15567]: read /var/lib/neutron/dhcp/9de63390-5c0b-4be6-b734-bbbd33717bec/opts
Jul 31 09:42:35 gtw01 dnsmasq[15567]: read /var/lib/neutron/dhcp/9de63390-5c0b-4be6-b734-bbbd33717bec/addn_hosts - 2 addresses
Jul 31 09:42:35 gtw01 dnsmasq-dhcp[15567]: read /var/lib/neutron/dhcp/9de63390-5c0b-4be6-b734-bbbd33717bec/host
Jul 31 09:42:35 gtw01 dnsmasq-dhcp[15567]: read /var/lib/neutron/dhcp/9de63390-5c0b-4be6-b734-bbbd33717bec/opts
Jul 31 09:42:36 gtw01 dnsmasq[15567]: read /var/lib/neutron/dhcp/9de63390-5c0b-4be6-b734-bbbd33717bec/addn_hosts - 3 addresses
Jul 31 09:42:36 gtw01 dnsmasq-dhcp[15567]: read /var/lib/neutron/dhcp/9de63390-5c0b-4be6-b734-bbbd33717bec/host
Jul 31 09:42:36 gtw01 dnsmasq-dhcp[15567]: read /var/lib/neutron/dhcp/9de63390-5c0b-4be6-b734-bbbd33717bec/opts
Jul 31 09:42:37 gtw01 dnsmasq[15567]: read /var/lib/neutron/dhcp/9de63390-5c0b-4be6-b734-bbbd33717bec/addn_hosts - 3 addresses
Jul 31 09:42:37 gtw01 dnsmasq-dhcp[15567]: read /var/lib/neutron/dhcp/9de63390-5c0b-4be6-b734-bbbd33717bec/host
Jul 31 09:42:37 gtw01 dnsmasq-dhcp[15567]: read /var/lib/neutron/dhcp/9de63390-5c0b-4be6-b734-bbbd33717bec/opts
Jul 31 09:42:40 gtw01 dnsmasq[15567]: read /var/lib/neutron/dhcp/9de63390-5c0b-4be6-b734-bbbd33717bec/addn_hosts - 4 addresses
Jul 31 09:42:40 gtw01 dnsmasq-dhcp[15567]: read /var/lib/neutron/dhcp/9de63390-5c0b-4be6-b734-bbbd33717bec/host
Jul 31 09:42:40 gtw01 dnsmasq-dhcp[15567]: read /var/lib/neutron/dhcp/9de63390-5c0b-4be6-b734-bbbd33717bec/opts
Jul 31 09:42:43 gtw01 dnsmasq[15567]: read /var/lib/neutron/dhcp/9de63390-5c0b-4be6-b734-bbbd33717bec/addn_hosts - 4 addresses
Jul 31 09:42:43 gtw01 dnsmasq-dhcp[15567]: read /var/lib/neutron/dhcp/9de63390-5c0b-4be6-b734-bbbd33717bec/host
Jul 31 09:42:43 gtw01 dnsmasq-dhcp[15567]: read /var/lib/neutron/dhcp/9de63390-5c0b-4be6-b734-bbbd33717bec/opts
Jul 31 09:42:44 gtw01 dnsmasq[15567]: read /var/lib/neutron/dhcp/9de63390-5c0b-4be6-b734-bbbd33717bec/addn_hosts - 4 addresses
Jul 31 09:42:44 gtw01 dnsmasq-dhcp[15567]: read /var/lib/neutron/dhcp/9de63390-5c0b-4be6-b734-bbbd33717bec/host
Jul 31 09:42:44 gtw01 dnsmasq-dhcp[15567]: read /var/lib/neutron/dhcp/9de63390-5c0b-4be6-b734-bbbd33717bec/opts
Jul 31 09:42:49 gtw01 dnsmasq[15567]: read /var/lib/neutron/dhcp/9de63390-5c0b-4be6-b734-bbbd33717bec/addn_hosts - 4 addresses
Jul 31 09:42:49 gtw01 dnsmasq-dhcp[15567]: read /var/lib/neutron/dhcp/9de63390-5c0b-4be6-b734-bbbd33717bec/host
Jul 31 09:42:49 gtw01 dnsmasq-dhcp[15567]: read /var/lib/neutron/dhcp/9de63390-5c0b-4be6-b734-bbbd33717bec/opts
Jul 31 09:42:50 gtw01 dnsmasq[15567]: read /var/lib/neutron/dhcp/9de63390-5c0b-4be6-b734-bbbd33717bec/addn_hosts - 4 addresses
Jul 31 09:42:50 gtw01 dnsmasq-dhcp[15567]: read /var/lib/neutron/dhcp/9de63390-5c0b-4be6-b734-bbbd33717bec/host
Jul 31 09:42:50 gtw01 dnsmasq-dhcp[15567]: read /var/lib/neutron/dhcp/9de63390-5c0b-4be6-b734-bbbd33717bec/opts
Jul 31 09:42:57 gtw01 dnsmasq-dhcp[15567]: DHCPDISCOVER(tap76b3d07b-4f) fa:16:3e:8d:f2:5a
Jul 31 09:42:57 gtw01 dnsmasq-dhcp[15567]: DHCPOFFER(tap76b3d07b-4f) 192.168.120.5 fa:16:3e:8d:f2:5a
Jul 31 09:42:57 gtw01 dnsmasq-dhcp[15567]: DHCPREQUEST(tap76b3d07b-4f) 192.168.120.5 fa:16:3e:8d:f2:5a
Jul 31 09:42:57 gtw01 dnsmasq-dhcp[15567]: DHCPACK(tap76b3d07b-4f) 192.168.120.5 fa:16:3e:8d:f2:5a host-192-168-120-5
Jul 31 09:43:02 gtw01 dnsmasq-dhcp[15567]: DHCPDISCOVER(tap76b3d07b-4f) fa:16:3e:48:6e:f4
Jul 31 09:43:02 gtw01 dnsmasq-dhcp[15567]: DHCPOFFER(tap76b3d07b-4f) 192.168.120.7 fa:16:3e:48:6e:f4
Jul 31 09:43:02 gtw01 dnsmasq-dhcp[15567]: DHCPREQUEST(tap76b3d07b-4f) 192.168.120.7 fa:16:3e:48:6e:f4
Jul 31 09:43:02 gtw01 dnsmasq-dhcp[15567]: DHCPACK(tap76b3d07b-4f) 192.168.120.7 fa:16:3e:48:6e:f4 host-192-168-120-7
Jul 31 09:43:17 gtw01 dnsmasq[15567]: read /var/lib/neutron/dhcp/9de63390-5c0b-4be6-b734-bbbd33717bec/addn_hosts - 4 addresses
Jul 31 09:43:17 gtw01 dnsmasq-dhcp[15567]: read /var/lib/neutron/dhcp/9de63390-5c0b-4be6-b734-bbbd33717bec/host
Jul 31 09:43:17 gtw01 dnsmasq-dhcp[15567]: read /var/lib/neutron/dhcp/9de63390-5c0b-4be6-b734-bbbd33717bec/opts
Jul 31 09:43:20 gtw01 dnsmasq[15567]: read /var/lib/neutron/dhcp/9de63390-5c0b-4be6-b734-bbbd33717bec/addn_hosts - 4 addresses
Jul 31 09:43:20 gtw01 dnsmasq-dhcp[15567]: read /var/lib/neutron/dhcp/9de63390-5c0b-4be6-b734-bbbd33717bec/host
Jul 31 09:43:20 gtw01 dnsmasq-dhcp[15567]: read /var/lib/neutron/dhcp/9de63390-5c0b-4be6-b734-bbbd33717bec/opts
Jul 31 09:43:29 gtw01 dnsmasq[15567]: read /var/lib/neutron/dhcp/9de63390-5c0b-4be6-b734-bbbd33717bec/addn_hosts - 3 addresses
Jul 31 09:43:29 gtw01 dnsmasq-dhcp[15567]: read /var/lib/neutron/dhcp/9de63390-5c0b-4be6-b734-bbbd33717bec/host
Jul 31 09:43:29 gtw01 dnsmasq-dhcp[15567]: read /var/lib/neutron/dhcp/9de63390-5c0b-4be6-b734-bbbd33717bec/opts
Jul 31 09:43:32 gtw01 dnsmasq-dhcp[15567]: DHCPRELEASE(tap76b3d07b-4f) 192.168.120.5 fa:16:3e:8d:f2:5a
Jul 31 09:43:32 gtw01 dnsmasq-dhcp[15567]: DHCPRELEASE(tap76b3d07b-4f) 192.168.120.5 fa:16:3e:8d:f2:5a unknown lease
Jul 31 09:43:33 gtw01 dnsmasq[15567]: read /var/lib/neutron/dhcp/9de63390-5c0b-4be6-b734-bbbd33717bec/addn_hosts - 2 addresses
Jul 31 09:43:33 gtw01 dnsmasq-dhcp[15567]: read /var/lib/neutron/dhcp/9de63390-5c0b-4be6-b734-bbbd33717bec/host
Jul 31 09:43:33 gtw01 dnsmasq-dhcp[15567]: read /var/lib/neutron/dhcp/9de63390-5c0b-4be6-b734-bbbd33717bec/opts
Jul 31 09:43:33 gtw01 dnsmasq-dhcp[15567]: DHCPRELEASE(tap76b3d07b-4f) 192.168.120.7 fa:16:3e:48:6e:f4
Jul 31 09:43:34 gtw01 dnsmasq-dhcp[15567]: DHCPRELEASE(tap76b3d07b-4f) 192.168.120.7 fa:16:3e:48:6e:f4 unknown lease
Jul 31 09:43:34 gtw01 dnsmasq[15567]: read /var/lib/neutron/dhcp/9de63390-5c0b-4be6-b734-bbbd33717bec/addn_hosts - 1 addresses
Jul 31 09:43:34 gtw01 dnsmasq-dhcp[15567]: read /var/lib/neutron/dhcp/9de63390-5c0b-4be6-b734-bbbd33717bec/host
Jul 31 09:43:34 gtw01 dnsmasq-dhcp[15567]: read /var/lib/neutron/dhcp/9de63390-5c0b-4be6-b734-bbbd33717bec/opts
Jul 31 09:43:38 gtw01 kernel: [ 8232.410511] device tap76b3d07b-4f left promiscuous mode
Jul 31 09:44:12 gtw01 dnsmasq[15350]: read /var/lib/neutron/dhcp/fe5a1607-ae27-4a9c-b957-d7030a8f6352/addn_hosts - 1 addresses
Jul 31 09:44:12 gtw01 dnsmasq-dhcp[15350]: read /var/lib/neutron/dhcp/fe5a1607-ae27-4a9c-b957-d7030a8f6352/host
Jul 31 09:44:12 gtw01 dnsmasq-dhcp[15350]: read /var/lib/neutron/dhcp/fe5a1607-ae27-4a9c-b957-d7030a8f6352/opts
Jul 31 09:44:16 gtw01 kernel: [ 8271.059576] device tap547c0881-e5 left promiscuous mode
Jul 31 09:44:33 gtw01 kernel: [ 8287.351877] device tapb8c5a28a-e8 entered promiscuous mode
Jul 31 09:44:33 gtw01 systemd-udevd[15902]: Could not generate persistent MAC address for tapb8c5a28a-e8: No such file or directory
Jul 31 09:44:33 gtw01 systemd-udevd[15902]: Process '/sbin/ip link set tapb8c5a28a-e8 txqueuelen 10000' failed with exit code 1.
Jul 31 09:44:33 gtw01 systemd-udevd[15902]: Process '/sbin/ip link set tapb8c5a28a-e8 txqueuelen 10000' failed with exit code 1.
Jul 31 09:44:36 gtw01 dnsmasq[16014]: started, version 2.80 cachesize 150
Jul 31 09:44:36 gtw01 dnsmasq[16014]: DNS service limited to local subnets
Jul 31 09:44:36 gtw01 dnsmasq[16014]: compile time options: IPv6 GNU-getopt DBus i18n IDN DHCP DHCPv6 no-Lua TFTP conntrack ipset auth DNSSEC loop-detect inotify dumpfile
Jul 31 09:44:36 gtw01 dnsmasq[16014]: warning: no upstream servers configured
Jul 31 09:44:36 gtw01 dnsmasq-dhcp[16014]: DHCP, static leases only on 192.168.120.0, lease time 1h
Jul 31 09:44:36 gtw01 dnsmasq[16014]: read /var/lib/neutron/dhcp/6bb22378-5e04-4e82-bbe2-0fb985e6137a/addn_hosts - 1 addresses
Jul 31 09:44:36 gtw01 dnsmasq-dhcp[16014]: read /var/lib/neutron/dhcp/6bb22378-5e04-4e82-bbe2-0fb985e6137a/host
Jul 31 09:44:36 gtw01 dnsmasq-dhcp[16014]: read /var/lib/neutron/dhcp/6bb22378-5e04-4e82-bbe2-0fb985e6137a/opts
Jul 31 09:44:36 gtw01 haproxy-metadata-proxy-6bb22378-5e04-4e82-bbe2-0fb985e6137a[16018]: Proxy listener started.
Jul 31 09:44:37 gtw01 dnsmasq[16014]: read /var/lib/neutron/dhcp/6bb22378-5e04-4e82-bbe2-0fb985e6137a/addn_hosts - 2 addresses
Jul 31 09:44:37 gtw01 dnsmasq-dhcp[16014]: read /var/lib/neutron/dhcp/6bb22378-5e04-4e82-bbe2-0fb985e6137a/host
Jul 31 09:44:37 gtw01 dnsmasq-dhcp[16014]: read /var/lib/neutron/dhcp/6bb22378-5e04-4e82-bbe2-0fb985e6137a/opts
Jul 31 09:44:38 gtw01 dnsmasq[16014]: read /var/lib/neutron/dhcp/6bb22378-5e04-4e82-bbe2-0fb985e6137a/addn_hosts - 2 addresses
Jul 31 09:44:38 gtw01 dnsmasq-dhcp[16014]: read /var/lib/neutron/dhcp/6bb22378-5e04-4e82-bbe2-0fb985e6137a/host
Jul 31 09:44:38 gtw01 dnsmasq-dhcp[16014]: read /var/lib/neutron/dhcp/6bb22378-5e04-4e82-bbe2-0fb985e6137a/opts
Jul 31 09:44:39 gtw01 dnsmasq[16014]: read /var/lib/neutron/dhcp/6bb22378-5e04-4e82-bbe2-0fb985e6137a/addn_hosts - 2 addresses
Jul 31 09:44:39 gtw01 dnsmasq-dhcp[16014]: read /var/lib/neutron/dhcp/6bb22378-5e04-4e82-bbe2-0fb985e6137a/host
Jul 31 09:44:39 gtw01 dnsmasq-dhcp[16014]: read /var/lib/neutron/dhcp/6bb22378-5e04-4e82-bbe2-0fb985e6137a/opts
Jul 31 09:44:39 gtw01 dnsmasq[16014]: read /var/lib/neutron/dhcp/6bb22378-5e04-4e82-bbe2-0fb985e6137a/addn_hosts - 2 addresses
Jul 31 09:44:39 gtw01 dnsmasq-dhcp[16014]: read /var/lib/neutron/dhcp/6bb22378-5e04-4e82-bbe2-0fb985e6137a/host
Jul 31 09:44:39 gtw01 dnsmasq-dhcp[16014]: read /var/lib/neutron/dhcp/6bb22378-5e04-4e82-bbe2-0fb985e6137a/opts
Jul 31 09:44:40 gtw01 dnsmasq[16014]: read /var/lib/neutron/dhcp/6bb22378-5e04-4e82-bbe2-0fb985e6137a/addn_hosts - 2 addresses
Jul 31 09:44:40 gtw01 dnsmasq-dhcp[16014]: read /var/lib/neutron/dhcp/6bb22378-5e04-4e82-bbe2-0fb985e6137a/host
Jul 31 09:44:40 gtw01 dnsmasq-dhcp[16014]: read /var/lib/neutron/dhcp/6bb22378-5e04-4e82-bbe2-0fb985e6137a/opts
Jul 31 09:45:21 gtw01 kernel: [ 8335.708337] device tapb62397b8-f6 entered promiscuous mode
Jul 31 09:45:21 gtw01 systemd-udevd[16122]: Could not generate persistent MAC address for tapb62397b8-f6: No such file or directory
Jul 31 09:45:21 gtw01 systemd-udevd[16122]: Process '/sbin/ip link set tapb62397b8-f6 txqueuelen 10000' failed with exit code 1.
Jul 31 09:45:21 gtw01 systemd-udevd[16173]: Process '/sbin/ip link set tapb62397b8-f6 txqueuelen 10000' failed with exit code 1.
Jul 31 09:45:24 gtw01 dnsmasq[16243]: started, version 2.80 cachesize 150
Jul 31 09:45:24 gtw01 dnsmasq[16243]: DNS service limited to local subnets
Jul 31 09:45:24 gtw01 dnsmasq[16243]: compile time options: IPv6 GNU-getopt DBus i18n IDN DHCP DHCPv6 no-Lua TFTP conntrack ipset auth DNSSEC loop-detect inotify dumpfile
Jul 31 09:45:24 gtw01 dnsmasq[16243]: warning: no upstream servers configured
Jul 31 09:45:24 gtw01 dnsmasq-dhcp[16243]: DHCP, static leases only on 192.168.120.0, lease time 1h
Jul 31 09:45:24 gtw01 dnsmasq[16243]: read /var/lib/neutron/dhcp/2130da09-eb34-4a1e-bac7-a68c6ff16b72/addn_hosts - 1 addresses
Jul 31 09:45:24 gtw01 dnsmasq-dhcp[16243]: read /var/lib/neutron/dhcp/2130da09-eb34-4a1e-bac7-a68c6ff16b72/host
Jul 31 09:45:24 gtw01 dnsmasq-dhcp[16243]: read /var/lib/neutron/dhcp/2130da09-eb34-4a1e-bac7-a68c6ff16b72/opts
Jul 31 09:45:24 gtw01 haproxy-metadata-proxy-2130da09-eb34-4a1e-bac7-a68c6ff16b72[16250]: Proxy listener started.
Jul 31 09:45:24 gtw01 kernel: [ 8339.050715] device tapf0368693-53 entered promiscuous mode
Jul 31 09:45:24 gtw01 systemd-udevd[16261]: Could not generate persistent MAC address for tapf0368693-53: No such file or directory
Jul 31 09:45:24 gtw01 systemd-udevd[16261]: Process '/sbin/ip link set tapf0368693-53 txqueuelen 10000' failed with exit code 1.
Jul 31 09:45:24 gtw01 systemd-udevd[16311]: Process '/sbin/ip link set tapf0368693-53 txqueuelen 10000' failed with exit code 1.
Jul 31 09:45:25 gtw01 kernel: [ 8340.188312] device tapc14b30bf-1a entered promiscuous mode
Jul 31 09:45:25 gtw01 systemd-udevd[16364]: Could not generate persistent MAC address for tapc14b30bf-1a: No such file or directory
Jul 31 09:45:26 gtw01 systemd-udevd[16411]: Process '/sbin/ip link set tapc14b30bf-1a txqueuelen 10000' failed with exit code 1.
Jul 31 09:45:26 gtw01 dnsmasq[16243]: read /var/lib/neutron/dhcp/2130da09-eb34-4a1e-bac7-a68c6ff16b72/addn_hosts - 1 addresses
Jul 31 09:45:26 gtw01 dnsmasq-dhcp[16243]: read /var/lib/neutron/dhcp/2130da09-eb34-4a1e-bac7-a68c6ff16b72/host
Jul 31 09:45:26 gtw01 dnsmasq-dhcp[16243]: read /var/lib/neutron/dhcp/2130da09-eb34-4a1e-bac7-a68c6ff16b72/opts
Jul 31 09:45:28 gtw01 systemd-udevd[16533]: Could not generate persistent MAC address for tap9af7693e-86: No such file or directory
Jul 31 09:45:28 gtw01 kernel: [ 8342.387640] device tap9af7693e-86 entered promiscuous mode
Jul 31 09:45:28 gtw01 kernel: [ 8342.407234] device tap00e91fe1-54 entered promiscuous mode
Jul 31 09:45:28 gtw01 systemd-udevd[16560]: Could not generate persistent MAC address for tap00e91fe1-54: No such file or directory
Jul 31 09:45:28 gtw01 systemd-udevd[16627]: Process '/sbin/ip link set tap9af7693e-86 txqueuelen 10000' failed with exit code 1.
Jul 31 09:45:28 gtw01 systemd-udevd[16636]: Process '/sbin/ip link set tap00e91fe1-54 txqueuelen 10000' failed with exit code 1.
Jul 31 09:45:28 gtw01 dnsmasq[16243]: read /var/lib/neutron/dhcp/2130da09-eb34-4a1e-bac7-a68c6ff16b72/addn_hosts - 1 addresses
Jul 31 09:45:28 gtw01 dnsmasq-dhcp[16243]: read /var/lib/neutron/dhcp/2130da09-eb34-4a1e-bac7-a68c6ff16b72/host
Jul 31 09:45:28 gtw01 dnsmasq-dhcp[16243]: read /var/lib/neutron/dhcp/2130da09-eb34-4a1e-bac7-a68c6ff16b72/opts
Jul 31 09:45:29 gtw01 systemd-udevd[16713]: Could not generate persistent MAC address for tapccc1f997-71: No such file or directory
Jul 31 09:45:29 gtw01 kernel: [ 8343.967266] device tapccc1f997-71 entered promiscuous mode
Jul 31 09:45:29 gtw01 systemd-udevd[16739]: Could not generate persistent MAC address for tap7c98e57c-b0: No such file or directory
Jul 31 09:45:29 gtw01 kernel: [ 8343.987303] device tap7c98e57c-b0 entered promiscuous mode
Jul 31 09:45:30 gtw01 kernel: [ 8344.238583] device tap1f029dc9-f4 entered promiscuous mode
Jul 31 09:45:30 gtw01 systemd-udevd[16818]: Could not generate persistent MAC address for tap1f029dc9-f4: No such file or directory
Jul 31 09:45:30 gtw01 systemd-udevd[16817]: Process '/sbin/ip link set tapccc1f997-71 txqueuelen 10000' failed with exit code 1.
Jul 31 09:45:30 gtw01 systemd-udevd[16817]: Process '/sbin/ip link set tap7c98e57c-b0 txqueuelen 10000' failed with exit code 1.
Jul 31 09:45:30 gtw01 systemd-udevd[16898]: Process '/sbin/ip link set tap1f029dc9-f4 txqueuelen 10000' failed with exit code 1.
Jul 31 09:45:31 gtw01 dnsmasq[16243]: read /var/lib/neutron/dhcp/2130da09-eb34-4a1e-bac7-a68c6ff16b72/addn_hosts - 1 addresses
Jul 31 09:45:31 gtw01 dnsmasq-dhcp[16243]: read /var/lib/neutron/dhcp/2130da09-eb34-4a1e-bac7-a68c6ff16b72/host
Jul 31 09:45:31 gtw01 dnsmasq-dhcp[16243]: read /var/lib/neutron/dhcp/2130da09-eb34-4a1e-bac7-a68c6ff16b72/opts
Jul 31 09:45:33 gtw01 dnsmasq[17022]: started, version 2.80 cachesize 150
Jul 31 09:45:33 gtw01 dnsmasq[17022]: DNS service limited to local subnets
Jul 31 09:45:33 gtw01 dnsmasq[17022]: compile time options: IPv6 GNU-getopt DBus i18n IDN DHCP DHCPv6 no-Lua TFTP conntrack ipset auth DNSSEC loop-detect inotify dumpfile
Jul 31 09:45:33 gtw01 dnsmasq[17022]: warning: no upstream servers configured
Jul 31 09:45:33 gtw01 dnsmasq-dhcp[17022]: DHCP, static leases only on 192.168.120.0, lease time 1h
Jul 31 09:45:33 gtw01 dnsmasq[17022]: read /var/lib/neutron/dhcp/5365bfe8-1abb-49bd-9a37-1dc6710da0ef/addn_hosts - 1 addresses
Jul 31 09:45:33 gtw01 dnsmasq-dhcp[17022]: read /var/lib/neutron/dhcp/5365bfe8-1abb-49bd-9a37-1dc6710da0ef/host
Jul 31 09:45:33 gtw01 dnsmasq-dhcp[17022]: read /var/lib/neutron/dhcp/5365bfe8-1abb-49bd-9a37-1dc6710da0ef/opts
Jul 31 09:45:34 gtw01 haproxy-metadata-proxy-5365bfe8-1abb-49bd-9a37-1dc6710da0ef[17053]: Proxy listener started.
Jul 31 09:45:34 gtw01 dnsmasq[16243]: read /var/lib/neutron/dhcp/2130da09-eb34-4a1e-bac7-a68c6ff16b72/addn_hosts - 2 addresses
Jul 31 09:45:34 gtw01 dnsmasq-dhcp[16243]: read /var/lib/neutron/dhcp/2130da09-eb34-4a1e-bac7-a68c6ff16b72/host
Jul 31 09:45:34 gtw01 dnsmasq-dhcp[16243]: read /var/lib/neutron/dhcp/2130da09-eb34-4a1e-bac7-a68c6ff16b72/opts
Jul 31 09:45:35 gtw01 dnsmasq[17092]: started, version 2.80 cachesize 150
Jul 31 09:45:35 gtw01 dnsmasq[17092]: DNS service limited to local subnets
Jul 31 09:45:35 gtw01 dnsmasq[17092]: compile time options: IPv6 GNU-getopt DBus i18n IDN DHCP DHCPv6 no-Lua TFTP conntrack ipset auth DNSSEC loop-detect inotify dumpfile
Jul 31 09:45:35 gtw01 dnsmasq[17092]: warning: no upstream servers configured
Jul 31 09:45:35 gtw01 dnsmasq-dhcp[17092]: DHCP, static leases only on 192.168.120.0, lease time 1h
Jul 31 09:45:35 gtw01 dnsmasq[17092]: read /var/lib/neutron/dhcp/28e6682f-eb34-45c4-ac62-c30c2b9d72ad/addn_hosts - 1 addresses
Jul 31 09:45:35 gtw01 dnsmasq-dhcp[17092]: read /var/lib/neutron/dhcp/28e6682f-eb34-45c4-ac62-c30c2b9d72ad/host
Jul 31 09:45:35 gtw01 dnsmasq-dhcp[17092]: read /var/lib/neutron/dhcp/28e6682f-eb34-45c4-ac62-c30c2b9d72ad/opts
Jul 31 09:45:35 gtw01 haproxy-metadata-proxy-28e6682f-eb34-45c4-ac62-c30c2b9d72ad[17131]: Proxy listener started.
Jul 31 09:45:36 gtw01 dnsmasq[17022]: read /var/lib/neutron/dhcp/5365bfe8-1abb-49bd-9a37-1dc6710da0ef/addn_hosts - 2 addresses
Jul 31 09:45:36 gtw01 dnsmasq-dhcp[17022]: read /var/lib/neutron/dhcp/5365bfe8-1abb-49bd-9a37-1dc6710da0ef/host
Jul 31 09:45:36 gtw01 dnsmasq-dhcp[17022]: read /var/lib/neutron/dhcp/5365bfe8-1abb-49bd-9a37-1dc6710da0ef/opts
Jul 31 09:45:37 gtw01 dnsmasq[17186]: started, version 2.80 cachesize 150
Jul 31 09:45:37 gtw01 dnsmasq[17186]: DNS service limited to local subnets
Jul 31 09:45:37 gtw01 dnsmasq[17186]: compile time options: IPv6 GNU-getopt DBus i18n IDN DHCP DHCPv6 no-Lua TFTP conntrack ipset auth DNSSEC loop-detect inotify dumpfile
Jul 31 09:45:37 gtw01 dnsmasq[17186]: warning: no upstream servers configured
Jul 31 09:45:37 gtw01 dnsmasq-dhcp[17186]: DHCP, static leases only on 192.168.120.0, lease time 1h
Jul 31 09:45:37 gtw01 dnsmasq[17186]: read /var/lib/neutron/dhcp/3e0276aa-c2c2-492c-a003-b0d2700bc807/addn_hosts - 1 addresses
Jul 31 09:45:37 gtw01 dnsmasq-dhcp[17186]: read /var/lib/neutron/dhcp/3e0276aa-c2c2-492c-a003-b0d2700bc807/host
Jul 31 09:45:37 gtw01 dnsmasq-dhcp[17186]: read /var/lib/neutron/dhcp/3e0276aa-c2c2-492c-a003-b0d2700bc807/opts
Jul 31 09:45:37 gtw01 haproxy-metadata-proxy-3e0276aa-c2c2-492c-a003-b0d2700bc807[17206]: Proxy listener started.
Jul 31 09:45:38 gtw01 dnsmasq[17221]: started, version 2.80 cachesize 150
Jul 31 09:45:38 gtw01 dnsmasq[17221]: DNS service limited to local subnets
Jul 31 09:45:38 gtw01 dnsmasq[17221]: compile time options: IPv6 GNU-getopt DBus i18n IDN DHCP DHCPv6 no-Lua TFTP conntrack ipset auth DNSSEC loop-detect inotify dumpfile
Jul 31 09:45:38 gtw01 dnsmasq[17221]: warning: no upstream servers configured
Jul 31 09:45:38 gtw01 dnsmasq-dhcp[17221]: DHCP, static leases only on 192.168.120.0, lease time 1h
Jul 31 09:45:38 gtw01 dnsmasq[17221]: read /var/lib/neutron/dhcp/be0b4b69-8cce-4e0a-9e04-5eaa725405d2/addn_hosts - 1 addresses
Jul 31 09:45:38 gtw01 dnsmasq-dhcp[17221]: read /var/lib/neutron/dhcp/be0b4b69-8cce-4e0a-9e04-5eaa725405d2/host
Jul 31 09:45:38 gtw01 dnsmasq-dhcp[17221]: read /var/lib/neutron/dhcp/be0b4b69-8cce-4e0a-9e04-5eaa725405d2/opts
Jul 31 09:45:38 gtw01 dnsmasq[17092]: read /var/lib/neutron/dhcp/28e6682f-eb34-45c4-ac62-c30c2b9d72ad/addn_hosts - 2 addresses
Jul 31 09:45:38 gtw01 dnsmasq-dhcp[17092]: read /var/lib/neutron/dhcp/28e6682f-eb34-45c4-ac62-c30c2b9d72ad/host
Jul 31 09:45:38 gtw01 dnsmasq-dhcp[17092]: read /var/lib/neutron/dhcp/28e6682f-eb34-45c4-ac62-c30c2b9d72ad/opts
Jul 31 09:45:38 gtw01 haproxy-metadata-proxy-be0b4b69-8cce-4e0a-9e04-5eaa725405d2[17245]: Proxy listener started.
Jul 31 09:45:38 gtw01 dnsmasq[17022]: read /var/lib/neutron/dhcp/5365bfe8-1abb-49bd-9a37-1dc6710da0ef/addn_hosts - 2 addresses
Jul 31 09:45:38 gtw01 dnsmasq-dhcp[17022]: read /var/lib/neutron/dhcp/5365bfe8-1abb-49bd-9a37-1dc6710da0ef/host
Jul 31 09:45:38 gtw01 dnsmasq-dhcp[17022]: read /var/lib/neutron/dhcp/5365bfe8-1abb-49bd-9a37-1dc6710da0ef/opts
Jul 31 09:45:39 gtw01 dnsmasq[17264]: started, version 2.80 cachesize 150
Jul 31 09:45:39 gtw01 dnsmasq[17264]: DNS service limited to local subnets
Jul 31 09:45:39 gtw01 dnsmasq[17264]: compile time options: IPv6 GNU-getopt DBus i18n IDN DHCP DHCPv6 no-Lua TFTP conntrack ipset auth DNSSEC loop-detect inotify dumpfile
Jul 31 09:45:39 gtw01 dnsmasq[17264]: warning: no upstream servers configured
Jul 31 09:45:39 gtw01 dnsmasq-dhcp[17264]: DHCP, static leases only on 192.168.120.0, lease time 1h
Jul 31 09:45:39 gtw01 dnsmasq[17264]: read /var/lib/neutron/dhcp/84182771-6728-4dc5-8679-b2dcda6cc4dc/addn_hosts - 1 addresses
Jul 31 09:45:39 gtw01 dnsmasq-dhcp[17264]: read /var/lib/neutron/dhcp/84182771-6728-4dc5-8679-b2dcda6cc4dc/host
Jul 31 09:45:39 gtw01 dnsmasq-dhcp[17264]: read /var/lib/neutron/dhcp/84182771-6728-4dc5-8679-b2dcda6cc4dc/opts
Jul 31 09:45:39 gtw01 dnsmasq[17284]: started, version 2.80 cachesize 150
Jul 31 09:45:39 gtw01 dnsmasq[17284]: DNS service limited to local subnets
Jul 31 09:45:39 gtw01 dnsmasq[17284]: compile time options: IPv6 GNU-getopt DBus i18n IDN DHCP DHCPv6 no-Lua TFTP conntrack ipset auth DNSSEC loop-detect inotify dumpfile
Jul 31 09:45:39 gtw01 dnsmasq[17284]: warning: no upstream servers configured
Jul 31 09:45:39 gtw01 dnsmasq-dhcp[17284]: DHCP, static leases only on 192.168.120.0, lease time 1h
Jul 31 09:45:39 gtw01 dnsmasq[17284]: read /var/lib/neutron/dhcp/3d75925f-e7ab-4926-a00e-6a3c1c6cf323/addn_hosts - 1 addresses
Jul 31 09:45:39 gtw01 dnsmasq-dhcp[17284]: read /var/lib/neutron/dhcp/3d75925f-e7ab-4926-a00e-6a3c1c6cf323/host
Jul 31 09:45:39 gtw01 dnsmasq-dhcp[17284]: read /var/lib/neutron/dhcp/3d75925f-e7ab-4926-a00e-6a3c1c6cf323/opts
Jul 31 09:45:39 gtw01 dnsmasq[17186]: read /var/lib/neutron/dhcp/3e0276aa-c2c2-492c-a003-b0d2700bc807/addn_hosts - 2 addresses
Jul 31 09:45:39 gtw01 dnsmasq-dhcp[17186]: read /var/lib/neutron/dhcp/3e0276aa-c2c2-492c-a003-b0d2700bc807/host
Jul 31 09:45:39 gtw01 dnsmasq-dhcp[17186]: read /var/lib/neutron/dhcp/3e0276aa-c2c2-492c-a003-b0d2700bc807/opts
Jul 31 09:45:39 gtw01 haproxy-metadata-proxy-84182771-6728-4dc5-8679-b2dcda6cc4dc[17290]: Proxy listener started.
Jul 31 09:45:40 gtw01 dnsmasq[17312]: started, version 2.80 cachesize 150
Jul 31 09:45:40 gtw01 dnsmasq[17312]: DNS service limited to local subnets
Jul 31 09:45:40 gtw01 dnsmasq[17312]: compile time options: IPv6 GNU-getopt DBus i18n IDN DHCP DHCPv6 no-Lua TFTP conntrack ipset auth DNSSEC loop-detect inotify dumpfile
Jul 31 09:45:40 gtw01 dnsmasq[17312]: warning: no upstream servers configured
Jul 31 09:45:40 gtw01 dnsmasq-dhcp[17312]: DHCP, static leases only on 192.168.120.0, lease time 1h
Jul 31 09:45:40 gtw01 dnsmasq[17312]: read /var/lib/neutron/dhcp/3c7f7576-690b-4870-971b-948d35f048e2/addn_hosts - 1 addresses
Jul 31 09:45:40 gtw01 dnsmasq-dhcp[17312]: read /var/lib/neutron/dhcp/3c7f7576-690b-4870-971b-948d35f048e2/host
Jul 31 09:45:40 gtw01 dnsmasq-dhcp[17312]: read /var/lib/neutron/dhcp/3c7f7576-690b-4870-971b-948d35f048e2/opts
Jul 31 09:45:40 gtw01 haproxy-metadata-proxy-3d75925f-e7ab-4926-a00e-6a3c1c6cf323[17318]: Proxy listener started.
Jul 31 09:45:40 gtw01 haproxy-metadata-proxy-3c7f7576-690b-4870-971b-948d35f048e2[17330]: Proxy listener started.
Jul 31 09:45:40 gtw01 dnsmasq[17221]: read /var/lib/neutron/dhcp/be0b4b69-8cce-4e0a-9e04-5eaa725405d2/addn_hosts - 2 addresses
Jul 31 09:45:40 gtw01 dnsmasq-dhcp[17221]: read /var/lib/neutron/dhcp/be0b4b69-8cce-4e0a-9e04-5eaa725405d2/host
Jul 31 09:45:40 gtw01 dnsmasq-dhcp[17221]: read /var/lib/neutron/dhcp/be0b4b69-8cce-4e0a-9e04-5eaa725405d2/opts
Jul 31 09:45:41 gtw01 dnsmasq[17092]: read /var/lib/neutron/dhcp/28e6682f-eb34-45c4-ac62-c30c2b9d72ad/addn_hosts - 2 addresses
Jul 31 09:45:41 gtw01 dnsmasq-dhcp[17092]: read /var/lib/neutron/dhcp/28e6682f-eb34-45c4-ac62-c30c2b9d72ad/host
Jul 31 09:45:41 gtw01 dnsmasq-dhcp[17092]: read /var/lib/neutron/dhcp/28e6682f-eb34-45c4-ac62-c30c2b9d72ad/opts
