Jul 31 08:58:01 gtw01 dnsmasq[21243]: warning: no upstream servers configured
Jul 31 08:58:01 gtw01 dnsmasq-dhcp[21243]: DHCP, static leases only on 10.10.10.0, lease time 1h
Jul 31 08:58:01 gtw01 dnsmasq[21243]: read /var/lib/neutron/dhcp/0ed9aa53-d49f-4c9f-8c79-818b8a0a6295/addn_hosts - 1 addresses
Jul 31 08:58:01 gtw01 dnsmasq-dhcp[21243]: read /var/lib/neutron/dhcp/0ed9aa53-d49f-4c9f-8c79-818b8a0a6295/host
Jul 31 08:58:01 gtw01 dnsmasq-dhcp[21243]: read /var/lib/neutron/dhcp/0ed9aa53-d49f-4c9f-8c79-818b8a0a6295/opts
Jul 31 08:58:01 gtw01 haproxy-metadata-proxy-0ed9aa53-d49f-4c9f-8c79-818b8a0a6295[21247]: Proxy listener started.
Jul 31 08:58:02 gtw01 dnsmasq[21243]: read /var/lib/neutron/dhcp/0ed9aa53-d49f-4c9f-8c79-818b8a0a6295/addn_hosts - 1 addresses
Jul 31 08:58:02 gtw01 dnsmasq-dhcp[21243]: read /var/lib/neutron/dhcp/0ed9aa53-d49f-4c9f-8c79-818b8a0a6295/host
Jul 31 08:58:02 gtw01 dnsmasq-dhcp[21243]: read /var/lib/neutron/dhcp/0ed9aa53-d49f-4c9f-8c79-818b8a0a6295/opts
Jul 31 08:58:03 gtw01 dnsmasq[21243]: read /var/lib/neutron/dhcp/0ed9aa53-d49f-4c9f-8c79-818b8a0a6295/addn_hosts - 1 addresses
Jul 31 08:58:03 gtw01 dnsmasq-dhcp[21243]: read /var/lib/neutron/dhcp/0ed9aa53-d49f-4c9f-8c79-818b8a0a6295/host
Jul 31 08:58:03 gtw01 dnsmasq-dhcp[21243]: read /var/lib/neutron/dhcp/0ed9aa53-d49f-4c9f-8c79-818b8a0a6295/opts
Jul 31 08:58:03 gtw01 kernel: [ 5498.224250] device tap73fc195d-34 entered promiscuous mode
Jul 31 08:58:03 gtw01 systemd-udevd[21303]: Could not generate persistent MAC address for tap73fc195d-34: No such file or directory
Jul 31 08:58:04 gtw01 systemd-udevd[21349]: Process '/sbin/ip link set tap73fc195d-34 txqueuelen 10000' failed with exit code 1.
Jul 31 08:58:04 gtw01 dnsmasq[21243]: read /var/lib/neutron/dhcp/0ed9aa53-d49f-4c9f-8c79-818b8a0a6295/addn_hosts - 1 addresses
Jul 31 08:58:04 gtw01 dnsmasq-dhcp[21243]: read /var/lib/neutron/dhcp/0ed9aa53-d49f-4c9f-8c79-818b8a0a6295/host
Jul 31 08:58:04 gtw01 dnsmasq-dhcp[21243]: read /var/lib/neutron/dhcp/0ed9aa53-d49f-4c9f-8c79-818b8a0a6295/opts
Jul 31 08:58:07 gtw01 dnsmasq[21427]: started, version 2.80 cachesize 150
Jul 31 08:58:07 gtw01 dnsmasq[21427]: DNS service limited to local subnets
Jul 31 08:58:07 gtw01 dnsmasq[21427]: compile time options: IPv6 GNU-getopt DBus i18n IDN DHCP DHCPv6 no-Lua TFTP conntrack ipset auth DNSSEC loop-detect inotify dumpfile
Jul 31 08:58:07 gtw01 dnsmasq[21427]: warning: no upstream servers configured
Jul 31 08:58:07 gtw01 dnsmasq-dhcp[21427]: DHCP, static leases only on 192.168.120.0, lease time 1h
Jul 31 08:58:07 gtw01 dnsmasq[21427]: read /var/lib/neutron/dhcp/1365d381-d521-487f-b2c7-256a5d6e2229/addn_hosts - 1 addresses
Jul 31 08:58:07 gtw01 dnsmasq-dhcp[21427]: read /var/lib/neutron/dhcp/1365d381-d521-487f-b2c7-256a5d6e2229/host
Jul 31 08:58:07 gtw01 dnsmasq-dhcp[21427]: read /var/lib/neutron/dhcp/1365d381-d521-487f-b2c7-256a5d6e2229/opts
Jul 31 08:58:07 gtw01 haproxy-metadata-proxy-1365d381-d521-487f-b2c7-256a5d6e2229[21431]: Proxy listener started.
Jul 31 08:58:08 gtw01 dnsmasq[21427]: read /var/lib/neutron/dhcp/1365d381-d521-487f-b2c7-256a5d6e2229/addn_hosts - 2 addresses
Jul 31 08:58:08 gtw01 dnsmasq-dhcp[21427]: read /var/lib/neutron/dhcp/1365d381-d521-487f-b2c7-256a5d6e2229/host
Jul 31 08:58:08 gtw01 dnsmasq-dhcp[21427]: read /var/lib/neutron/dhcp/1365d381-d521-487f-b2c7-256a5d6e2229/opts
Jul 31 08:58:08 gtw01 dnsmasq[21012]: read /var/lib/neutron/dhcp/4794fa85-b4a4-4615-8aab-97413523da09/addn_hosts - 3 addresses
Jul 31 08:58:08 gtw01 dnsmasq-dhcp[21012]: read /var/lib/neutron/dhcp/4794fa85-b4a4-4615-8aab-97413523da09/host
Jul 31 08:58:08 gtw01 dnsmasq-dhcp[21012]: read /var/lib/neutron/dhcp/4794fa85-b4a4-4615-8aab-97413523da09/opts
Jul 31 08:58:09 gtw01 dnsmasq[21427]: read /var/lib/neutron/dhcp/1365d381-d521-487f-b2c7-256a5d6e2229/addn_hosts - 2 addresses
Jul 31 08:58:09 gtw01 dnsmasq-dhcp[21427]: read /var/lib/neutron/dhcp/1365d381-d521-487f-b2c7-256a5d6e2229/host
Jul 31 08:58:09 gtw01 dnsmasq-dhcp[21427]: read /var/lib/neutron/dhcp/1365d381-d521-487f-b2c7-256a5d6e2229/opts
Jul 31 08:58:09 gtw01 dnsmasq[21012]: read /var/lib/neutron/dhcp/4794fa85-b4a4-4615-8aab-97413523da09/addn_hosts - 3 addresses
Jul 31 08:58:09 gtw01 dnsmasq-dhcp[21012]: read /var/lib/neutron/dhcp/4794fa85-b4a4-4615-8aab-97413523da09/host
Jul 31 08:58:09 gtw01 dnsmasq-dhcp[21012]: read /var/lib/neutron/dhcp/4794fa85-b4a4-4615-8aab-97413523da09/opts
Jul 31 08:58:10 gtw01 dnsmasq[21427]: read /var/lib/neutron/dhcp/1365d381-d521-487f-b2c7-256a5d6e2229/addn_hosts - 2 addresses
Jul 31 08:58:10 gtw01 dnsmasq-dhcp[21427]: read /var/lib/neutron/dhcp/1365d381-d521-487f-b2c7-256a5d6e2229/host
Jul 31 08:58:10 gtw01 dnsmasq-dhcp[21427]: read /var/lib/neutron/dhcp/1365d381-d521-487f-b2c7-256a5d6e2229/opts
Jul 31 08:58:10 gtw01 dnsmasq[21012]: read /var/lib/neutron/dhcp/4794fa85-b4a4-4615-8aab-97413523da09/addn_hosts - 3 addresses
Jul 31 08:58:10 gtw01 dnsmasq-dhcp[21012]: read /var/lib/neutron/dhcp/4794fa85-b4a4-4615-8aab-97413523da09/host
Jul 31 08:58:10 gtw01 dnsmasq-dhcp[21012]: read /var/lib/neutron/dhcp/4794fa85-b4a4-4615-8aab-97413523da09/opts
Jul 31 08:58:11 gtw01 dnsmasq[21427]: read /var/lib/neutron/dhcp/1365d381-d521-487f-b2c7-256a5d6e2229/addn_hosts - 3 addresses
Jul 31 08:58:11 gtw01 dnsmasq-dhcp[21427]: read /var/lib/neutron/dhcp/1365d381-d521-487f-b2c7-256a5d6e2229/host
Jul 31 08:58:11 gtw01 dnsmasq-dhcp[21427]: read /var/lib/neutron/dhcp/1365d381-d521-487f-b2c7-256a5d6e2229/opts
Jul 31 08:58:12 gtw01 dnsmasq[21427]: read /var/lib/neutron/dhcp/1365d381-d521-487f-b2c7-256a5d6e2229/addn_hosts - 4 addresses
Jul 31 08:58:12 gtw01 dnsmasq-dhcp[21427]: read /var/lib/neutron/dhcp/1365d381-d521-487f-b2c7-256a5d6e2229/host
Jul 31 08:58:12 gtw01 dnsmasq-dhcp[21427]: read /var/lib/neutron/dhcp/1365d381-d521-487f-b2c7-256a5d6e2229/opts
Jul 31 08:58:13 gtw01 dnsmasq[21427]: read /var/lib/neutron/dhcp/1365d381-d521-487f-b2c7-256a5d6e2229/addn_hosts - 4 addresses
Jul 31 08:58:13 gtw01 dnsmasq-dhcp[21427]: read /var/lib/neutron/dhcp/1365d381-d521-487f-b2c7-256a5d6e2229/host
Jul 31 08:58:13 gtw01 dnsmasq-dhcp[21427]: read /var/lib/neutron/dhcp/1365d381-d521-487f-b2c7-256a5d6e2229/opts
Jul 31 08:58:13 gtw01 dnsmasq[21427]: read /var/lib/neutron/dhcp/1365d381-d521-487f-b2c7-256a5d6e2229/addn_hosts - 4 addresses
Jul 31 08:58:13 gtw01 dnsmasq-dhcp[21427]: read /var/lib/neutron/dhcp/1365d381-d521-487f-b2c7-256a5d6e2229/host
Jul 31 08:58:13 gtw01 dnsmasq-dhcp[21427]: read /var/lib/neutron/dhcp/1365d381-d521-487f-b2c7-256a5d6e2229/opts
Jul 31 08:58:14 gtw01 dnsmasq[21427]: read /var/lib/neutron/dhcp/1365d381-d521-487f-b2c7-256a5d6e2229/addn_hosts - 4 addresses
Jul 31 08:58:14 gtw01 dnsmasq-dhcp[21427]: read /var/lib/neutron/dhcp/1365d381-d521-487f-b2c7-256a5d6e2229/host
Jul 31 08:58:14 gtw01 dnsmasq-dhcp[21427]: read /var/lib/neutron/dhcp/1365d381-d521-487f-b2c7-256a5d6e2229/opts
Jul 31 08:58:15 gtw01 dnsmasq[21427]: read /var/lib/neutron/dhcp/1365d381-d521-487f-b2c7-256a5d6e2229/addn_hosts - 4 addresses
Jul 31 08:58:15 gtw01 dnsmasq-dhcp[21427]: read /var/lib/neutron/dhcp/1365d381-d521-487f-b2c7-256a5d6e2229/host
Jul 31 08:58:15 gtw01 dnsmasq-dhcp[21427]: read /var/lib/neutron/dhcp/1365d381-d521-487f-b2c7-256a5d6e2229/opts
Jul 31 08:58:16 gtw01 dnsmasq[21427]: read /var/lib/neutron/dhcp/1365d381-d521-487f-b2c7-256a5d6e2229/addn_hosts - 4 addresses
Jul 31 08:58:16 gtw01 dnsmasq-dhcp[21427]: read /var/lib/neutron/dhcp/1365d381-d521-487f-b2c7-256a5d6e2229/host
Jul 31 08:58:16 gtw01 dnsmasq-dhcp[21427]: read /var/lib/neutron/dhcp/1365d381-d521-487f-b2c7-256a5d6e2229/opts
Jul 31 08:58:17 gtw01 dnsmasq[21427]: read /var/lib/neutron/dhcp/1365d381-d521-487f-b2c7-256a5d6e2229/addn_hosts - 4 addresses
Jul 31 08:58:17 gtw01 dnsmasq-dhcp[21427]: read /var/lib/neutron/dhcp/1365d381-d521-487f-b2c7-256a5d6e2229/host
Jul 31 08:58:17 gtw01 dnsmasq-dhcp[21427]: read /var/lib/neutron/dhcp/1365d381-d521-487f-b2c7-256a5d6e2229/opts
Jul 31 08:58:18 gtw01 dnsmasq[21427]: read /var/lib/neutron/dhcp/1365d381-d521-487f-b2c7-256a5d6e2229/addn_hosts - 4 addresses
Jul 31 08:58:18 gtw01 dnsmasq-dhcp[21427]: read /var/lib/neutron/dhcp/1365d381-d521-487f-b2c7-256a5d6e2229/host
Jul 31 08:58:18 gtw01 dnsmasq-dhcp[21427]: read /var/lib/neutron/dhcp/1365d381-d521-487f-b2c7-256a5d6e2229/opts
Jul 31 08:58:18 gtw01 dnsmasq[21243]: read /var/lib/neutron/dhcp/0ed9aa53-d49f-4c9f-8c79-818b8a0a6295/addn_hosts - 2 addresses
Jul 31 08:58:18 gtw01 dnsmasq-dhcp[21243]: read /var/lib/neutron/dhcp/0ed9aa53-d49f-4c9f-8c79-818b8a0a6295/host
Jul 31 08:58:18 gtw01 dnsmasq-dhcp[21243]: read /var/lib/neutron/dhcp/0ed9aa53-d49f-4c9f-8c79-818b8a0a6295/opts
Jul 31 08:58:20 gtw01 dnsmasq[21243]: read /var/lib/neutron/dhcp/0ed9aa53-d49f-4c9f-8c79-818b8a0a6295/addn_hosts - 2 addresses
Jul 31 08:58:20 gtw01 dnsmasq-dhcp[21243]: read /var/lib/neutron/dhcp/0ed9aa53-d49f-4c9f-8c79-818b8a0a6295/host
Jul 31 08:58:20 gtw01 dnsmasq-dhcp[21243]: read /var/lib/neutron/dhcp/0ed9aa53-d49f-4c9f-8c79-818b8a0a6295/opts
Jul 31 08:58:20 gtw01 dnsmasq[21243]: read /var/lib/neutron/dhcp/0ed9aa53-d49f-4c9f-8c79-818b8a0a6295/addn_hosts - 2 addresses
Jul 31 08:58:20 gtw01 dnsmasq-dhcp[21243]: read /var/lib/neutron/dhcp/0ed9aa53-d49f-4c9f-8c79-818b8a0a6295/host
Jul 31 08:58:20 gtw01 dnsmasq-dhcp[21243]: read /var/lib/neutron/dhcp/0ed9aa53-d49f-4c9f-8c79-818b8a0a6295/opts
Jul 31 08:58:25 gtw01 dnsmasq-dhcp[21427]: DHCPDISCOVER(tap73fc195d-34) fa:16:3e:2a:8b:ff
Jul 31 08:58:25 gtw01 dnsmasq-dhcp[21427]: DHCPOFFER(tap73fc195d-34) 192.168.120.6 fa:16:3e:2a:8b:ff
Jul 31 08:58:25 gtw01 dnsmasq-dhcp[21427]: DHCPREQUEST(tap73fc195d-34) 192.168.120.6 fa:16:3e:2a:8b:ff
Jul 31 08:58:25 gtw01 dnsmasq-dhcp[21427]: DHCPACK(tap73fc195d-34) 192.168.120.6 fa:16:3e:2a:8b:ff host-192-168-120-6
Jul 31 08:58:26 gtw01 dnsmasq-dhcp[21427]: DHCPDISCOVER(tap73fc195d-34) fa:16:3e:40:d9:fe
Jul 31 08:58:26 gtw01 dnsmasq-dhcp[21427]: DHCPOFFER(tap73fc195d-34) 192.168.120.3 fa:16:3e:40:d9:fe
Jul 31 08:58:26 gtw01 dnsmasq-dhcp[21427]: DHCPREQUEST(tap73fc195d-34) 192.168.120.3 fa:16:3e:40:d9:fe
Jul 31 08:58:26 gtw01 dnsmasq-dhcp[21427]: DHCPACK(tap73fc195d-34) 192.168.120.3 fa:16:3e:40:d9:fe host-192-168-120-3
Jul 31 08:58:26 gtw01 dnsmasq-dhcp[21012]: DHCPDISCOVER(tap6d28c7e5-b7) fa:16:3e:f3:c2:c0
Jul 31 08:58:26 gtw01 dnsmasq-dhcp[21012]: DHCPOFFER(tap6d28c7e5-b7) 192.168.120.3 fa:16:3e:f3:c2:c0
Jul 31 08:58:26 gtw01 dnsmasq-dhcp[21012]: DHCPREQUEST(tap6d28c7e5-b7) 192.168.120.3 fa:16:3e:f3:c2:c0
Jul 31 08:58:26 gtw01 dnsmasq-dhcp[21012]: DHCPACK(tap6d28c7e5-b7) 192.168.120.3 fa:16:3e:f3:c2:c0 host-192-168-120-3
Jul 31 08:58:26 gtw01 dnsmasq-dhcp[21427]: DHCPDISCOVER(tap73fc195d-34) fa:16:3e:b4:21:36
Jul 31 08:58:26 gtw01 dnsmasq-dhcp[21427]: DHCPOFFER(tap73fc195d-34) 192.168.120.4 fa:16:3e:b4:21:36
Jul 31 08:58:26 gtw01 dnsmasq-dhcp[21427]: DHCPREQUEST(tap73fc195d-34) 192.168.120.4 fa:16:3e:b4:21:36
Jul 31 08:58:26 gtw01 dnsmasq-dhcp[21427]: DHCPACK(tap73fc195d-34) 192.168.120.4 fa:16:3e:b4:21:36 host-192-168-120-4
Jul 31 08:58:29 gtw01 haproxy-metadata-proxy-4794fa85-b4a4-4615-8aab-97413523da09[21017]: 192.168.120.3:35422 [31/Jul/2019:08:58:28.606] listener listener/metadata 2/0/1/985/988 200 2277 - - ---- 1/1/0/1/0 0/0 "GET /openstack/latest/meta_data.json HTTP/1.1"
Jul 31 08:58:33 gtw01 dnsmasq[21243]: read /var/lib/neutron/dhcp/0ed9aa53-d49f-4c9f-8c79-818b8a0a6295/addn_hosts - 1 addresses
Jul 31 08:58:33 gtw01 dnsmasq-dhcp[21243]: read /var/lib/neutron/dhcp/0ed9aa53-d49f-4c9f-8c79-818b8a0a6295/host
Jul 31 08:58:33 gtw01 dnsmasq-dhcp[21243]: read /var/lib/neutron/dhcp/0ed9aa53-d49f-4c9f-8c79-818b8a0a6295/opts
Jul 31 08:58:35 gtw01 dnsmasq-dhcp[21012]: DHCPRELEASE(tap6d28c7e5-b7) 192.168.120.3 fa:16:3e:f3:c2:c0
Jul 31 08:58:36 gtw01 dnsmasq-dhcp[21012]: DHCPRELEASE(tap6d28c7e5-b7) 192.168.120.3 fa:16:3e:f3:c2:c0 unknown lease
Jul 31 08:58:36 gtw01 dnsmasq[21012]: read /var/lib/neutron/dhcp/4794fa85-b4a4-4615-8aab-97413523da09/addn_hosts - 2 addresses
Jul 31 08:58:36 gtw01 dnsmasq-dhcp[21012]: read /var/lib/neutron/dhcp/4794fa85-b4a4-4615-8aab-97413523da09/host
Jul 31 08:58:36 gtw01 dnsmasq-dhcp[21012]: read /var/lib/neutron/dhcp/4794fa85-b4a4-4615-8aab-97413523da09/opts
Jul 31 08:58:39 gtw01 kernel: [ 5533.752821] device tap60e3f654-55 left promiscuous mode
Jul 31 08:58:45 gtw01 dnsmasq[21012]: read /var/lib/neutron/dhcp/4794fa85-b4a4-4615-8aab-97413523da09/addn_hosts - 1 addresses
Jul 31 08:58:45 gtw01 dnsmasq-dhcp[21012]: read /var/lib/neutron/dhcp/4794fa85-b4a4-4615-8aab-97413523da09/host
Jul 31 08:58:45 gtw01 dnsmasq-dhcp[21012]: read /var/lib/neutron/dhcp/4794fa85-b4a4-4615-8aab-97413523da09/opts
Jul 31 08:58:49 gtw01 kernel: [ 5543.842817] device tap6d28c7e5-b7 left promiscuous mode
Jul 31 08:58:51 gtw01 dnsmasq-dhcp[21427]: DHCPRELEASE(tap73fc195d-34) 192.168.120.6 fa:16:3e:2a:8b:ff
Jul 31 08:58:56 gtw01 dnsmasq[11640]: read /var/lib/neutron/dhcp/77bf4829-020b-41ce-97aa-3081d67fcfed/addn_hosts - 3 addresses
Jul 31 08:58:56 gtw01 dnsmasq-dhcp[11640]: read /var/lib/neutron/dhcp/77bf4829-020b-41ce-97aa-3081d67fcfed/host
Jul 31 08:58:56 gtw01 dnsmasq-dhcp[11640]: read /var/lib/neutron/dhcp/77bf4829-020b-41ce-97aa-3081d67fcfed/opts
Jul 31 08:58:58 gtw01 dnsmasq[11640]: read /var/lib/neutron/dhcp/77bf4829-020b-41ce-97aa-3081d67fcfed/addn_hosts - 4 addresses
Jul 31 08:58:58 gtw01 dnsmasq-dhcp[11640]: read /var/lib/neutron/dhcp/77bf4829-020b-41ce-97aa-3081d67fcfed/host
Jul 31 08:58:58 gtw01 dnsmasq-dhcp[11640]: read /var/lib/neutron/dhcp/77bf4829-020b-41ce-97aa-3081d67fcfed/opts
Jul 31 08:58:59 gtw01 dnsmasq[11640]: read /var/lib/neutron/dhcp/77bf4829-020b-41ce-97aa-3081d67fcfed/addn_hosts - 4 addresses
Jul 31 08:58:59 gtw01 dnsmasq-dhcp[11640]: read /var/lib/neutron/dhcp/77bf4829-020b-41ce-97aa-3081d67fcfed/host
Jul 31 08:58:59 gtw01 dnsmasq-dhcp[11640]: read /var/lib/neutron/dhcp/77bf4829-020b-41ce-97aa-3081d67fcfed/opts
Jul 31 08:59:00 gtw01 dnsmasq[11640]: read /var/lib/neutron/dhcp/77bf4829-020b-41ce-97aa-3081d67fcfed/addn_hosts - 5 addresses
Jul 31 08:59:00 gtw01 dnsmasq-dhcp[11640]: read /var/lib/neutron/dhcp/77bf4829-020b-41ce-97aa-3081d67fcfed/host
Jul 31 08:59:00 gtw01 dnsmasq-dhcp[11640]: read /var/lib/neutron/dhcp/77bf4829-020b-41ce-97aa-3081d67fcfed/opts
Jul 31 08:59:01 gtw01 dnsmasq[11640]: read /var/lib/neutron/dhcp/77bf4829-020b-41ce-97aa-3081d67fcfed/addn_hosts - 5 addresses
Jul 31 08:59:01 gtw01 dnsmasq-dhcp[11640]: read /var/lib/neutron/dhcp/77bf4829-020b-41ce-97aa-3081d67fcfed/host
Jul 31 08:59:01 gtw01 dnsmasq-dhcp[11640]: read /var/lib/neutron/dhcp/77bf4829-020b-41ce-97aa-3081d67fcfed/opts
Jul 31 08:59:02 gtw01 dnsmasq[11640]: read /var/lib/neutron/dhcp/77bf4829-020b-41ce-97aa-3081d67fcfed/addn_hosts - 5 addresses
Jul 31 08:59:02 gtw01 dnsmasq-dhcp[11640]: read /var/lib/neutron/dhcp/77bf4829-020b-41ce-97aa-3081d67fcfed/host
Jul 31 08:59:02 gtw01 dnsmasq-dhcp[11640]: read /var/lib/neutron/dhcp/77bf4829-020b-41ce-97aa-3081d67fcfed/opts
Jul 31 08:59:03 gtw01 dnsmasq[11640]: read /var/lib/neutron/dhcp/77bf4829-020b-41ce-97aa-3081d67fcfed/addn_hosts - 5 addresses
Jul 31 08:59:03 gtw01 dnsmasq-dhcp[11640]: read /var/lib/neutron/dhcp/77bf4829-020b-41ce-97aa-3081d67fcfed/host
Jul 31 08:59:03 gtw01 dnsmasq-dhcp[11640]: read /var/lib/neutron/dhcp/77bf4829-020b-41ce-97aa-3081d67fcfed/opts
Jul 31 08:59:05 gtw01 dnsmasq-dhcp[21427]: DHCPRELEASE(tap73fc195d-34) 192.168.120.4 fa:16:3e:b4:21:36
Jul 31 08:59:05 gtw01 dnsmasq-dhcp[21427]: DHCPRELEASE(tap73fc195d-34) 192.168.120.4 fa:16:3e:b4:21:36 unknown lease
Jul 31 08:59:06 gtw01 dnsmasq[21427]: read /var/lib/neutron/dhcp/1365d381-d521-487f-b2c7-256a5d6e2229/addn_hosts - 3 addresses
Jul 31 08:59:06 gtw01 dnsmasq-dhcp[21427]: read /var/lib/neutron/dhcp/1365d381-d521-487f-b2c7-256a5d6e2229/host
Jul 31 08:59:06 gtw01 dnsmasq-dhcp[21427]: read /var/lib/neutron/dhcp/1365d381-d521-487f-b2c7-256a5d6e2229/opts
Jul 31 08:59:06 gtw01 dnsmasq[11640]: read /var/lib/neutron/dhcp/77bf4829-020b-41ce-97aa-3081d67fcfed/addn_hosts - 4 addresses
Jul 31 08:59:06 gtw01 dnsmasq-dhcp[11640]: read /var/lib/neutron/dhcp/77bf4829-020b-41ce-97aa-3081d67fcfed/host
Jul 31 08:59:06 gtw01 dnsmasq-dhcp[11640]: read /var/lib/neutron/dhcp/77bf4829-020b-41ce-97aa-3081d67fcfed/opts
Jul 31 08:59:08 gtw01 dnsmasq[11640]: read /var/lib/neutron/dhcp/77bf4829-020b-41ce-97aa-3081d67fcfed/addn_hosts - 3 addresses
Jul 31 08:59:08 gtw01 dnsmasq-dhcp[11640]: read /var/lib/neutron/dhcp/77bf4829-020b-41ce-97aa-3081d67fcfed/host
Jul 31 08:59:08 gtw01 dnsmasq-dhcp[11640]: read /var/lib/neutron/dhcp/77bf4829-020b-41ce-97aa-3081d67fcfed/opts
Jul 31 08:59:08 gtw01 dnsmasq-dhcp[21427]: DHCPRELEASE(tap73fc195d-34) 192.168.120.3 fa:16:3e:40:d9:fe
Jul 31 08:59:08 gtw01 dnsmasq-dhcp[21427]: DHCPRELEASE(tap73fc195d-34) 192.168.120.3 fa:16:3e:40:d9:fe unknown lease
Jul 31 08:59:09 gtw01 dnsmasq[21427]: read /var/lib/neutron/dhcp/1365d381-d521-487f-b2c7-256a5d6e2229/addn_hosts - 2 addresses
Jul 31 08:59:09 gtw01 dnsmasq-dhcp[21427]: read /var/lib/neutron/dhcp/1365d381-d521-487f-b2c7-256a5d6e2229/host
Jul 31 08:59:09 gtw01 dnsmasq-dhcp[21427]: read /var/lib/neutron/dhcp/1365d381-d521-487f-b2c7-256a5d6e2229/opts
Jul 31 08:59:11 gtw01 dnsmasq[21427]: read /var/lib/neutron/dhcp/1365d381-d521-487f-b2c7-256a5d6e2229/addn_hosts - 1 addresses
Jul 31 08:59:12 gtw01 dnsmasq-dhcp[21427]: read /var/lib/neutron/dhcp/1365d381-d521-487f-b2c7-256a5d6e2229/host
Jul 31 08:59:12 gtw01 dnsmasq-dhcp[21427]: read /var/lib/neutron/dhcp/1365d381-d521-487f-b2c7-256a5d6e2229/opts
Jul 31 08:59:14 gtw01 kernel: [ 5568.961159] device tap73fc195d-34 left promiscuous mode
Jul 31 08:59:15 gtw01 dnsmasq-dhcp[11640]: DHCPDISCOVER(tap40c8bd2b-24) fa:16:3e:26:4d:42
Jul 31 08:59:15 gtw01 dnsmasq-dhcp[11640]: DHCPOFFER(tap40c8bd2b-24) 192.168.120.5 fa:16:3e:26:4d:42
Jul 31 08:59:15 gtw01 dnsmasq-dhcp[11640]: DHCPREQUEST(tap40c8bd2b-24) 192.168.120.5 fa:16:3e:26:4d:42
Jul 31 08:59:15 gtw01 dnsmasq-dhcp[11640]: DHCPACK(tap40c8bd2b-24) 192.168.120.5 fa:16:3e:26:4d:42 host-192-168-120-5
Jul 31 08:59:17 gtw01 dnsmasq[11640]: read /var/lib/neutron/dhcp/77bf4829-020b-41ce-97aa-3081d67fcfed/addn_hosts - 4 addresses
Jul 31 08:59:17 gtw01 dnsmasq-dhcp[11640]: read /var/lib/neutron/dhcp/77bf4829-020b-41ce-97aa-3081d67fcfed/host
Jul 31 08:59:17 gtw01 dnsmasq-dhcp[11640]: read /var/lib/neutron/dhcp/77bf4829-020b-41ce-97aa-3081d67fcfed/opts
Jul 31 08:59:18 gtw01 dnsmasq[11640]: read /var/lib/neutron/dhcp/77bf4829-020b-41ce-97aa-3081d67fcfed/addn_hosts - 5 addresses
Jul 31 08:59:18 gtw01 dnsmasq-dhcp[11640]: read /var/lib/neutron/dhcp/77bf4829-020b-41ce-97aa-3081d67fcfed/host
Jul 31 08:59:18 gtw01 dnsmasq-dhcp[11640]: read /var/lib/neutron/dhcp/77bf4829-020b-41ce-97aa-3081d67fcfed/opts
Jul 31 08:59:19 gtw01 dnsmasq[11640]: read /var/lib/neutron/dhcp/77bf4829-020b-41ce-97aa-3081d67fcfed/addn_hosts - 6 addresses
Jul 31 08:59:19 gtw01 dnsmasq-dhcp[11640]: read /var/lib/neutron/dhcp/77bf4829-020b-41ce-97aa-3081d67fcfed/host
Jul 31 08:59:19 gtw01 dnsmasq-dhcp[11640]: read /var/lib/neutron/dhcp/77bf4829-020b-41ce-97aa-3081d67fcfed/opts
Jul 31 08:59:20 gtw01 dnsmasq[11640]: read /var/lib/neutron/dhcp/77bf4829-020b-41ce-97aa-3081d67fcfed/addn_hosts - 6 addresses
Jul 31 08:59:20 gtw01 dnsmasq-dhcp[11640]: read /var/lib/neutron/dhcp/77bf4829-020b-41ce-97aa-3081d67fcfed/host
Jul 31 08:59:20 gtw01 dnsmasq-dhcp[11640]: read /var/lib/neutron/dhcp/77bf4829-020b-41ce-97aa-3081d67fcfed/opts
Jul 31 08:59:21 gtw01 dnsmasq[11640]: read /var/lib/neutron/dhcp/77bf4829-020b-41ce-97aa-3081d67fcfed/addn_hosts - 6 addresses
Jul 31 08:59:21 gtw01 dnsmasq-dhcp[11640]: read /var/lib/neutron/dhcp/77bf4829-020b-41ce-97aa-3081d67fcfed/host
Jul 31 08:59:21 gtw01 dnsmasq-dhcp[11640]: read /var/lib/neutron/dhcp/77bf4829-020b-41ce-97aa-3081d67fcfed/opts
Jul 31 08:59:22 gtw01 dnsmasq[11640]: read /var/lib/neutron/dhcp/77bf4829-020b-41ce-97aa-3081d67fcfed/addn_hosts - 6 addresses
Jul 31 08:59:22 gtw01 dnsmasq-dhcp[11640]: read /var/lib/neutron/dhcp/77bf4829-020b-41ce-97aa-3081d67fcfed/host
Jul 31 08:59:22 gtw01 dnsmasq-dhcp[11640]: read /var/lib/neutron/dhcp/77bf4829-020b-41ce-97aa-3081d67fcfed/opts
Jul 31 08:59:22 gtw01 dnsmasq-dhcp[11640]: DHCPRELEASE(tap40c8bd2b-24) 192.168.120.5 fa:16:3e:26:4d:42
Jul 31 08:59:23 gtw01 dnsmasq[11640]: read /var/lib/neutron/dhcp/77bf4829-020b-41ce-97aa-3081d67fcfed/addn_hosts - 6 addresses
Jul 31 08:59:23 gtw01 dnsmasq-dhcp[11640]: read /var/lib/neutron/dhcp/77bf4829-020b-41ce-97aa-3081d67fcfed/host
Jul 31 08:59:23 gtw01 dnsmasq-dhcp[11640]: read /var/lib/neutron/dhcp/77bf4829-020b-41ce-97aa-3081d67fcfed/opts
Jul 31 08:59:23 gtw01 dnsmasq[11640]: read /var/lib/neutron/dhcp/77bf4829-020b-41ce-97aa-3081d67fcfed/addn_hosts - 6 addresses
Jul 31 08:59:23 gtw01 dnsmasq-dhcp[11640]: read /var/lib/neutron/dhcp/77bf4829-020b-41ce-97aa-3081d67fcfed/host
Jul 31 08:59:23 gtw01 dnsmasq-dhcp[11640]: read /var/lib/neutron/dhcp/77bf4829-020b-41ce-97aa-3081d67fcfed/opts
Jul 31 08:59:24 gtw01 dnsmasq[11640]: read /var/lib/neutron/dhcp/77bf4829-020b-41ce-97aa-3081d67fcfed/addn_hosts - 6 addresses
Jul 31 08:59:24 gtw01 dnsmasq-dhcp[11640]: read /var/lib/neutron/dhcp/77bf4829-020b-41ce-97aa-3081d67fcfed/host
Jul 31 08:59:24 gtw01 dnsmasq-dhcp[11640]: read /var/lib/neutron/dhcp/77bf4829-020b-41ce-97aa-3081d67fcfed/opts
Jul 31 08:59:25 gtw01 kernel: [ 5579.248838] device tap2e48ea6f-b0 entered promiscuous mode
Jul 31 08:59:25 gtw01 systemd-udevd[22173]: Could not generate persistent MAC address for tap2e48ea6f-b0: No such file or directory
Jul 31 08:59:25 gtw01 systemd-udevd[22173]: Process '/sbin/ip link set tap2e48ea6f-b0 txqueuelen 10000' failed with exit code 1.
Jul 31 08:59:25 gtw01 systemd-udevd[22225]: Process '/sbin/ip link set tap2e48ea6f-b0 txqueuelen 10000' failed with exit code 1.
Jul 31 08:59:28 gtw01 dnsmasq[22291]: started, version 2.80 cachesize 150
Jul 31 08:59:28 gtw01 dnsmasq[22291]: DNS service limited to local subnets
Jul 31 08:59:28 gtw01 dnsmasq[22291]: compile time options: IPv6 GNU-getopt DBus i18n IDN DHCP DHCPv6 no-Lua TFTP conntrack ipset auth DNSSEC loop-detect inotify dumpfile
Jul 31 08:59:28 gtw01 dnsmasq[22291]: warning: no upstream servers configured
Jul 31 08:59:28 gtw01 dnsmasq-dhcp[22291]: DHCP, static leases only on 192.168.120.0, lease time 1h
Jul 31 08:59:28 gtw01 dnsmasq[22291]: read /var/lib/neutron/dhcp/8c41ee33-33c7-404f-821f-ff74d45be79a/addn_hosts - 1 addresses
Jul 31 08:59:28 gtw01 dnsmasq-dhcp[22291]: read /var/lib/neutron/dhcp/8c41ee33-33c7-404f-821f-ff74d45be79a/host
Jul 31 08:59:28 gtw01 dnsmasq-dhcp[22291]: read /var/lib/neutron/dhcp/8c41ee33-33c7-404f-821f-ff74d45be79a/opts
Jul 31 08:59:28 gtw01 haproxy-metadata-proxy-8c41ee33-33c7-404f-821f-ff74d45be79a[22295]: Proxy listener started.
Jul 31 08:59:29 gtw01 dnsmasq[22291]: read /var/lib/neutron/dhcp/8c41ee33-33c7-404f-821f-ff74d45be79a/addn_hosts - 2 addresses
Jul 31 08:59:29 gtw01 dnsmasq-dhcp[22291]: read /var/lib/neutron/dhcp/8c41ee33-33c7-404f-821f-ff74d45be79a/host
Jul 31 08:59:29 gtw01 dnsmasq-dhcp[22291]: read /var/lib/neutron/dhcp/8c41ee33-33c7-404f-821f-ff74d45be79a/opts
Jul 31 08:59:29 gtw01 dnsmasq[11640]: read /var/lib/neutron/dhcp/77bf4829-020b-41ce-97aa-3081d67fcfed/addn_hosts - 5 addresses
Jul 31 08:59:29 gtw01 dnsmasq-dhcp[11640]: read /var/lib/neutron/dhcp/77bf4829-020b-41ce-97aa-3081d67fcfed/host
Jul 31 08:59:29 gtw01 dnsmasq-dhcp[11640]: read /var/lib/neutron/dhcp/77bf4829-020b-41ce-97aa-3081d67fcfed/opts
Jul 31 08:59:30 gtw01 dnsmasq[22291]: read /var/lib/neutron/dhcp/8c41ee33-33c7-404f-821f-ff74d45be79a/addn_hosts - 2 addresses
Jul 31 08:59:30 gtw01 dnsmasq-dhcp[22291]: read /var/lib/neutron/dhcp/8c41ee33-33c7-404f-821f-ff74d45be79a/host
Jul 31 08:59:30 gtw01 dnsmasq-dhcp[22291]: read /var/lib/neutron/dhcp/8c41ee33-33c7-404f-821f-ff74d45be79a/opts
Jul 31 08:59:31 gtw01 dnsmasq[22291]: read /var/lib/neutron/dhcp/8c41ee33-33c7-404f-821f-ff74d45be79a/addn_hosts - 2 addresses
Jul 31 08:59:31 gtw01 dnsmasq-dhcp[22291]: read /var/lib/neutron/dhcp/8c41ee33-33c7-404f-821f-ff74d45be79a/host
Jul 31 08:59:31 gtw01 dnsmasq-dhcp[22291]: read /var/lib/neutron/dhcp/8c41ee33-33c7-404f-821f-ff74d45be79a/opts
Jul 31 08:59:32 gtw01 dnsmasq[22291]: read /var/lib/neutron/dhcp/8c41ee33-33c7-404f-821f-ff74d45be79a/addn_hosts - 2 addresses
Jul 31 08:59:32 gtw01 dnsmasq-dhcp[22291]: read /var/lib/neutron/dhcp/8c41ee33-33c7-404f-821f-ff74d45be79a/host
Jul 31 08:59:32 gtw01 dnsmasq-dhcp[22291]: read /var/lib/neutron/dhcp/8c41ee33-33c7-404f-821f-ff74d45be79a/opts
Jul 31 08:59:33 gtw01 dnsmasq[22291]: read /var/lib/neutron/dhcp/8c41ee33-33c7-404f-821f-ff74d45be79a/addn_hosts - 2 addresses
Jul 31 08:59:33 gtw01 dnsmasq-dhcp[22291]: read /var/lib/neutron/dhcp/8c41ee33-33c7-404f-821f-ff74d45be79a/host
Jul 31 08:59:33 gtw01 dnsmasq-dhcp[22291]: read /var/lib/neutron/dhcp/8c41ee33-33c7-404f-821f-ff74d45be79a/opts
Jul 31 08:59:33 gtw01 dnsmasq[11640]: read /var/lib/neutron/dhcp/77bf4829-020b-41ce-97aa-3081d67fcfed/addn_hosts - 4 addresses
Jul 31 08:59:33 gtw01 dnsmasq-dhcp[11640]: read /var/lib/neutron/dhcp/77bf4829-020b-41ce-97aa-3081d67fcfed/host
Jul 31 08:59:33 gtw01 dnsmasq-dhcp[11640]: read /var/lib/neutron/dhcp/77bf4829-020b-41ce-97aa-3081d67fcfed/opts
Jul 31 08:59:34 gtw01 dnsmasq[11640]: read /var/lib/neutron/dhcp/77bf4829-020b-41ce-97aa-3081d67fcfed/addn_hosts - 3 addresses
Jul 31 08:59:34 gtw01 dnsmasq-dhcp[11640]: read /var/lib/neutron/dhcp/77bf4829-020b-41ce-97aa-3081d67fcfed/host
Jul 31 08:59:34 gtw01 dnsmasq-dhcp[11640]: read /var/lib/neutron/dhcp/77bf4829-020b-41ce-97aa-3081d67fcfed/opts
Jul 31 08:59:36 gtw01 dnsmasq[11640]: read /var/lib/neutron/dhcp/77bf4829-020b-41ce-97aa-3081d67fcfed/addn_hosts - 2 addresses
Jul 31 08:59:36 gtw01 dnsmasq-dhcp[11640]: read /var/lib/neutron/dhcp/77bf4829-020b-41ce-97aa-3081d67fcfed/host
Jul 31 08:59:36 gtw01 dnsmasq-dhcp[11640]: read /var/lib/neutron/dhcp/77bf4829-020b-41ce-97aa-3081d67fcfed/opts
Jul 31 08:59:37 gtw01 dnsmasq[22291]: read /var/lib/neutron/dhcp/8c41ee33-33c7-404f-821f-ff74d45be79a/addn_hosts - 3 addresses
Jul 31 08:59:37 gtw01 dnsmasq-dhcp[22291]: read /var/lib/neutron/dhcp/8c41ee33-33c7-404f-821f-ff74d45be79a/host
Jul 31 08:59:37 gtw01 dnsmasq-dhcp[22291]: read /var/lib/neutron/dhcp/8c41ee33-33c7-404f-821f-ff74d45be79a/opts
Jul 31 08:59:38 gtw01 dnsmasq[22291]: read /var/lib/neutron/dhcp/8c41ee33-33c7-404f-821f-ff74d45be79a/addn_hosts - 3 addresses
Jul 31 08:59:38 gtw01 dnsmasq-dhcp[22291]: read /var/lib/neutron/dhcp/8c41ee33-33c7-404f-821f-ff74d45be79a/host
Jul 31 08:59:38 gtw01 dnsmasq-dhcp[22291]: read /var/lib/neutron/dhcp/8c41ee33-33c7-404f-821f-ff74d45be79a/opts
Jul 31 08:59:39 gtw01 dnsmasq[11640]: read /var/lib/neutron/dhcp/77bf4829-020b-41ce-97aa-3081d67fcfed/addn_hosts - 3 addresses
Jul 31 08:59:39 gtw01 dnsmasq-dhcp[11640]: read /var/lib/neutron/dhcp/77bf4829-020b-41ce-97aa-3081d67fcfed/host
Jul 31 08:59:39 gtw01 dnsmasq-dhcp[11640]: read /var/lib/neutron/dhcp/77bf4829-020b-41ce-97aa-3081d67fcfed/opts
Jul 31 08:59:39 gtw01 dnsmasq[22291]: read /var/lib/neutron/dhcp/8c41ee33-33c7-404f-821f-ff74d45be79a/addn_hosts - 3 addresses
Jul 31 08:59:39 gtw01 dnsmasq-dhcp[22291]: read /var/lib/neutron/dhcp/8c41ee33-33c7-404f-821f-ff74d45be79a/host
Jul 31 08:59:39 gtw01 dnsmasq-dhcp[22291]: read /var/lib/neutron/dhcp/8c41ee33-33c7-404f-821f-ff74d45be79a/opts
Jul 31 08:59:40 gtw01 dnsmasq[11640]: read /var/lib/neutron/dhcp/77bf4829-020b-41ce-97aa-3081d67fcfed/addn_hosts - 3 addresses
Jul 31 08:59:40 gtw01 dnsmasq-dhcp[11640]: read /var/lib/neutron/dhcp/77bf4829-020b-41ce-97aa-3081d67fcfed/host
Jul 31 08:59:40 gtw01 dnsmasq-dhcp[11640]: read /var/lib/neutron/dhcp/77bf4829-020b-41ce-97aa-3081d67fcfed/opts
Jul 31 08:59:41 gtw01 dnsmasq[11640]: read /var/lib/neutron/dhcp/77bf4829-020b-41ce-97aa-3081d67fcfed/addn_hosts - 3 addresses
Jul 31 08:59:41 gtw01 dnsmasq-dhcp[11640]: read /var/lib/neutron/dhcp/77bf4829-020b-41ce-97aa-3081d67fcfed/host
Jul 31 08:59:41 gtw01 dnsmasq-dhcp[11640]: read /var/lib/neutron/dhcp/77bf4829-020b-41ce-97aa-3081d67fcfed/opts
Jul 31 08:59:47 gtw01 dnsmasq[11640]: read /var/lib/neutron/dhcp/77bf4829-020b-41ce-97aa-3081d67fcfed/addn_hosts - 4 addresses
Jul 31 08:59:47 gtw01 dnsmasq-dhcp[11640]: read /var/lib/neutron/dhcp/77bf4829-020b-41ce-97aa-3081d67fcfed/host
Jul 31 08:59:47 gtw01 dnsmasq-dhcp[11640]: read /var/lib/neutron/dhcp/77bf4829-020b-41ce-97aa-3081d67fcfed/opts
Jul 31 08:59:48 gtw01 dnsmasq[11640]: read /var/lib/neutron/dhcp/77bf4829-020b-41ce-97aa-3081d67fcfed/addn_hosts - 5 addresses
Jul 31 08:59:48 gtw01 dnsmasq-dhcp[11640]: read /var/lib/neutron/dhcp/77bf4829-020b-41ce-97aa-3081d67fcfed/host
Jul 31 08:59:48 gtw01 dnsmasq-dhcp[11640]: read /var/lib/neutron/dhcp/77bf4829-020b-41ce-97aa-3081d67fcfed/opts
Jul 31 08:59:49 gtw01 dnsmasq[11640]: read /var/lib/neutron/dhcp/77bf4829-020b-41ce-97aa-3081d67fcfed/addn_hosts - 5 addresses
Jul 31 08:59:49 gtw01 dnsmasq-dhcp[11640]: read /var/lib/neutron/dhcp/77bf4829-020b-41ce-97aa-3081d67fcfed/host
Jul 31 08:59:49 gtw01 dnsmasq-dhcp[11640]: read /var/lib/neutron/dhcp/77bf4829-020b-41ce-97aa-3081d67fcfed/opts
Jul 31 08:59:50 gtw01 dnsmasq[11640]: read /var/lib/neutron/dhcp/77bf4829-020b-41ce-97aa-3081d67fcfed/addn_hosts - 5 addresses
Jul 31 08:59:50 gtw01 dnsmasq-dhcp[11640]: read /var/lib/neutron/dhcp/77bf4829-020b-41ce-97aa-3081d67fcfed/host
Jul 31 08:59:50 gtw01 dnsmasq-dhcp[11640]: read /var/lib/neutron/dhcp/77bf4829-020b-41ce-97aa-3081d67fcfed/opts
Jul 31 08:59:51 gtw01 dnsmasq[11640]: read /var/lib/neutron/dhcp/77bf4829-020b-41ce-97aa-3081d67fcfed/addn_hosts - 5 addresses
Jul 31 08:59:51 gtw01 dnsmasq-dhcp[11640]: read /var/lib/neutron/dhcp/77bf4829-020b-41ce-97aa-3081d67fcfed/host
Jul 31 08:59:51 gtw01 dnsmasq-dhcp[11640]: read /var/lib/neutron/dhcp/77bf4829-020b-41ce-97aa-3081d67fcfed/opts
Jul 31 08:59:52 gtw01 dnsmasq[11640]: read /var/lib/neutron/dhcp/77bf4829-020b-41ce-97aa-3081d67fcfed/addn_hosts - 5 addresses
Jul 31 08:59:52 gtw01 dnsmasq-dhcp[11640]: read /var/lib/neutron/dhcp/77bf4829-020b-41ce-97aa-3081d67fcfed/host
Jul 31 08:59:52 gtw01 dnsmasq-dhcp[11640]: read /var/lib/neutron/dhcp/77bf4829-020b-41ce-97aa-3081d67fcfed/opts
Jul 31 08:59:55 gtw01 dnsmasq-dhcp[11640]: DHCPDISCOVER(tap40c8bd2b-24) fa:16:3e:c4:d7:80
Jul 31 08:59:55 gtw01 dnsmasq-dhcp[11640]: DHCPOFFER(tap40c8bd2b-24) 192.168.120.7 fa:16:3e:c4:d7:80
Jul 31 08:59:55 gtw01 dnsmasq-dhcp[11640]: DHCPREQUEST(tap40c8bd2b-24) 192.168.120.7 fa:16:3e:c4:d7:80
Jul 31 08:59:55 gtw01 dnsmasq-dhcp[11640]: DHCPACK(tap40c8bd2b-24) 192.168.120.7 fa:16:3e:c4:d7:80 host-192-168-120-7
Jul 31 08:59:57 gtw01 dnsmasq[11640]: read /var/lib/neutron/dhcp/77bf4829-020b-41ce-97aa-3081d67fcfed/addn_hosts - 4 addresses
Jul 31 08:59:57 gtw01 dnsmasq-dhcp[11640]: read /var/lib/neutron/dhcp/77bf4829-020b-41ce-97aa-3081d67fcfed/host
Jul 31 08:59:57 gtw01 dnsmasq-dhcp[11640]: read /var/lib/neutron/dhcp/77bf4829-020b-41ce-97aa-3081d67fcfed/opts
Jul 31 08:59:58 gtw01 dnsmasq[11640]: read /var/lib/neutron/dhcp/77bf4829-020b-41ce-97aa-3081d67fcfed/addn_hosts - 3 addresses
Jul 31 08:59:58 gtw01 dnsmasq-dhcp[11640]: read /var/lib/neutron/dhcp/77bf4829-020b-41ce-97aa-3081d67fcfed/host
Jul 31 08:59:58 gtw01 dnsmasq-dhcp[11640]: read /var/lib/neutron/dhcp/77bf4829-020b-41ce-97aa-3081d67fcfed/opts
Jul 31 08:59:59 gtw01 dnsmasq-dhcp[11640]: DHCPRELEASE(tap40c8bd2b-24) 192.168.120.7 fa:16:3e:c4:d7:80
Jul 31 09:00:00 gtw01 dnsmasq-dhcp[22291]: DHCPDISCOVER(tap2e48ea6f-b0) fa:16:3e:24:cb:a5
Jul 31 09:00:00 gtw01 dnsmasq-dhcp[22291]: DHCPOFFER(tap2e48ea6f-b0) 192.168.120.5 fa:16:3e:24:cb:a5
Jul 31 09:00:00 gtw01 dnsmasq-dhcp[22291]: DHCPREQUEST(tap2e48ea6f-b0) 192.168.120.5 fa:16:3e:24:cb:a5
Jul 31 09:00:00 gtw01 dnsmasq-dhcp[22291]: DHCPACK(tap2e48ea6f-b0) 192.168.120.5 fa:16:3e:24:cb:a5 host-192-168-120-5
Jul 31 09:00:00 gtw01 dnsmasq[11640]: read /var/lib/neutron/dhcp/77bf4829-020b-41ce-97aa-3081d67fcfed/addn_hosts - 4 addresses
Jul 31 09:00:00 gtw01 dnsmasq-dhcp[11640]: read /var/lib/neutron/dhcp/77bf4829-020b-41ce-97aa-3081d67fcfed/host
Jul 31 09:00:00 gtw01 dnsmasq-dhcp[11640]: read /var/lib/neutron/dhcp/77bf4829-020b-41ce-97aa-3081d67fcfed/opts
Jul 31 09:00:01 gtw01 dnsmasq[11640]: read /var/lib/neutron/dhcp/77bf4829-020b-41ce-97aa-3081d67fcfed/addn_hosts - 5 addresses
Jul 31 09:00:01 gtw01 dnsmasq-dhcp[11640]: read /var/lib/neutron/dhcp/77bf4829-020b-41ce-97aa-3081d67fcfed/host
Jul 31 09:00:01 gtw01 dnsmasq-dhcp[11640]: read /var/lib/neutron/dhcp/77bf4829-020b-41ce-97aa-3081d67fcfed/opts
Jul 31 09:00:02 gtw01 dnsmasq[11640]: read /var/lib/neutron/dhcp/77bf4829-020b-41ce-97aa-3081d67fcfed/addn_hosts - 5 addresses
Jul 31 09:00:02 gtw01 dnsmasq-dhcp[11640]: read /var/lib/neutron/dhcp/77bf4829-020b-41ce-97aa-3081d67fcfed/host
Jul 31 09:00:02 gtw01 dnsmasq-dhcp[11640]: read /var/lib/neutron/dhcp/77bf4829-020b-41ce-97aa-3081d67fcfed/opts
Jul 31 09:00:03 gtw01 dnsmasq[11640]: read /var/lib/neutron/dhcp/77bf4829-020b-41ce-97aa-3081d67fcfed/addn_hosts - 5 addresses
Jul 31 09:00:03 gtw01 dnsmasq-dhcp[11640]: read /var/lib/neutron/dhcp/77bf4829-020b-41ce-97aa-3081d67fcfed/host
Jul 31 09:00:03 gtw01 dnsmasq-dhcp[11640]: read /var/lib/neutron/dhcp/77bf4829-020b-41ce-97aa-3081d67fcfed/opts
Jul 31 09:00:04 gtw01 dnsmasq[11640]: read /var/lib/neutron/dhcp/77bf4829-020b-41ce-97aa-3081d67fcfed/addn_hosts - 5 addresses
Jul 31 09:00:04 gtw01 dnsmasq-dhcp[11640]: read /var/lib/neutron/dhcp/77bf4829-020b-41ce-97aa-3081d67fcfed/host
Jul 31 09:00:04 gtw01 dnsmasq-dhcp[11640]: read /var/lib/neutron/dhcp/77bf4829-020b-41ce-97aa-3081d67fcfed/opts
Jul 31 09:00:05 gtw01 dnsmasq[11640]: read /var/lib/neutron/dhcp/77bf4829-020b-41ce-97aa-3081d67fcfed/addn_hosts - 5 addresses
Jul 31 09:00:05 gtw01 dnsmasq-dhcp[11640]: read /var/lib/neutron/dhcp/77bf4829-020b-41ce-97aa-3081d67fcfed/host
Jul 31 09:00:05 gtw01 dnsmasq-dhcp[11640]: read /var/lib/neutron/dhcp/77bf4829-020b-41ce-97aa-3081d67fcfed/opts
Jul 31 09:00:11 gtw01 dnsmasq[11640]: read /var/lib/neutron/dhcp/77bf4829-020b-41ce-97aa-3081d67fcfed/addn_hosts - 4 addresses
Jul 31 09:00:11 gtw01 dnsmasq-dhcp[11640]: read /var/lib/neutron/dhcp/77bf4829-020b-41ce-97aa-3081d67fcfed/host
Jul 31 09:00:11 gtw01 dnsmasq-dhcp[11640]: read /var/lib/neutron/dhcp/77bf4829-020b-41ce-97aa-3081d67fcfed/opts
Jul 31 09:00:12 gtw01 dnsmasq[11640]: read /var/lib/neutron/dhcp/77bf4829-020b-41ce-97aa-3081d67fcfed/addn_hosts - 3 addresses
Jul 31 09:00:12 gtw01 dnsmasq-dhcp[11640]: read /var/lib/neutron/dhcp/77bf4829-020b-41ce-97aa-3081d67fcfed/host
Jul 31 09:00:12 gtw01 dnsmasq-dhcp[11640]: read /var/lib/neutron/dhcp/77bf4829-020b-41ce-97aa-3081d67fcfed/opts
Jul 31 09:00:14 gtw01 dnsmasq[11640]: read /var/lib/neutron/dhcp/77bf4829-020b-41ce-97aa-3081d67fcfed/addn_hosts - 2 addresses
Jul 31 09:00:14 gtw01 dnsmasq-dhcp[11640]: read /var/lib/neutron/dhcp/77bf4829-020b-41ce-97aa-3081d67fcfed/host
Jul 31 09:00:14 gtw01 dnsmasq-dhcp[11640]: read /var/lib/neutron/dhcp/77bf4829-020b-41ce-97aa-3081d67fcfed/opts
Jul 31 09:00:17 gtw01 dnsmasq[11640]: read /var/lib/neutron/dhcp/77bf4829-020b-41ce-97aa-3081d67fcfed/addn_hosts - 3 addresses
Jul 31 09:00:17 gtw01 dnsmasq-dhcp[11640]: read /var/lib/neutron/dhcp/77bf4829-020b-41ce-97aa-3081d67fcfed/host
Jul 31 09:00:17 gtw01 dnsmasq-dhcp[11640]: read /var/lib/neutron/dhcp/77bf4829-020b-41ce-97aa-3081d67fcfed/opts
Jul 31 09:00:18 gtw01 dnsmasq[22291]: read /var/lib/neutron/dhcp/8c41ee33-33c7-404f-821f-ff74d45be79a/addn_hosts - 4 addresses
Jul 31 09:00:18 gtw01 dnsmasq-dhcp[22291]: read /var/lib/neutron/dhcp/8c41ee33-33c7-404f-821f-ff74d45be79a/host
Jul 31 09:00:18 gtw01 dnsmasq-dhcp[22291]: read /var/lib/neutron/dhcp/8c41ee33-33c7-404f-821f-ff74d45be79a/opts
Jul 31 09:00:18 gtw01 dnsmasq[11640]: read /var/lib/neutron/dhcp/77bf4829-020b-41ce-97aa-3081d67fcfed/addn_hosts - 3 addresses
Jul 31 09:00:18 gtw01 dnsmasq-dhcp[11640]: read /var/lib/neutron/dhcp/77bf4829-020b-41ce-97aa-3081d67fcfed/host
Jul 31 09:00:18 gtw01 dnsmasq-dhcp[11640]: read /var/lib/neutron/dhcp/77bf4829-020b-41ce-97aa-3081d67fcfed/opts
Jul 31 09:00:19 gtw01 dnsmasq[22291]: read /var/lib/neutron/dhcp/8c41ee33-33c7-404f-821f-ff74d45be79a/addn_hosts - 4 addresses
Jul 31 09:00:19 gtw01 dnsmasq-dhcp[22291]: read /var/lib/neutron/dhcp/8c41ee33-33c7-404f-821f-ff74d45be79a/host
Jul 31 09:00:19 gtw01 dnsmasq-dhcp[22291]: read /var/lib/neutron/dhcp/8c41ee33-33c7-404f-821f-ff74d45be79a/opts
Jul 31 09:00:19 gtw01 dnsmasq[11640]: read /var/lib/neutron/dhcp/77bf4829-020b-41ce-97aa-3081d67fcfed/addn_hosts - 3 addresses
Jul 31 09:00:19 gtw01 dnsmasq-dhcp[11640]: read /var/lib/neutron/dhcp/77bf4829-020b-41ce-97aa-3081d67fcfed/host
Jul 31 09:00:19 gtw01 dnsmasq-dhcp[11640]: read /var/lib/neutron/dhcp/77bf4829-020b-41ce-97aa-3081d67fcfed/opts
Jul 31 09:00:19 gtw01 dnsmasq-dhcp[22291]: DHCPDISCOVER(tap2e48ea6f-b0) fa:16:3e:24:cb:a5
Jul 31 09:00:19 gtw01 dnsmasq-dhcp[22291]: DHCPOFFER(tap2e48ea6f-b0) 192.168.120.5 fa:16:3e:24:cb:a5
Jul 31 09:00:19 gtw01 dnsmasq-dhcp[22291]: DHCPREQUEST(tap2e48ea6f-b0) 192.168.120.5 fa:16:3e:24:cb:a5
Jul 31 09:00:19 gtw01 dnsmasq-dhcp[22291]: DHCPACK(tap2e48ea6f-b0) 192.168.120.5 fa:16:3e:24:cb:a5 host-192-168-120-5
Jul 31 09:00:20 gtw01 dnsmasq[22291]: read /var/lib/neutron/dhcp/8c41ee33-33c7-404f-821f-ff74d45be79a/addn_hosts - 4 addresses
Jul 31 09:00:20 gtw01 dnsmasq-dhcp[22291]: read /var/lib/neutron/dhcp/8c41ee33-33c7-404f-821f-ff74d45be79a/host
Jul 31 09:00:20 gtw01 dnsmasq-dhcp[22291]: read /var/lib/neutron/dhcp/8c41ee33-33c7-404f-821f-ff74d45be79a/opts
Jul 31 09:00:26 gtw01 dnsmasq[11640]: read /var/lib/neutron/dhcp/77bf4829-020b-41ce-97aa-3081d67fcfed/addn_hosts - 2 addresses
Jul 31 09:00:26 gtw01 dnsmasq-dhcp[11640]: read /var/lib/neutron/dhcp/77bf4829-020b-41ce-97aa-3081d67fcfed/host
Jul 31 09:00:26 gtw01 dnsmasq-dhcp[11640]: read /var/lib/neutron/dhcp/77bf4829-020b-41ce-97aa-3081d67fcfed/opts
Jul 31 09:00:34 gtw01 dnsmasq-dhcp[22291]: DHCPDISCOVER(tap2e48ea6f-b0) fa:16:3e:4d:7c:a2
Jul 31 09:00:34 gtw01 dnsmasq-dhcp[22291]: DHCPOFFER(tap2e48ea6f-b0) 192.168.120.3 fa:16:3e:4d:7c:a2
Jul 31 09:00:34 gtw01 dnsmasq-dhcp[22291]: DHCPREQUEST(tap2e48ea6f-b0) 192.168.120.3 fa:16:3e:4d:7c:a2
Jul 31 09:00:34 gtw01 dnsmasq-dhcp[22291]: DHCPACK(tap2e48ea6f-b0) 192.168.120.3 fa:16:3e:4d:7c:a2 host-192-168-120-3
Jul 31 09:00:45 gtw01 dnsmasq-dhcp[22291]: DHCPRELEASE(tap2e48ea6f-b0) 192.168.120.3 fa:16:3e:4d:7c:a2
Jul 31 09:00:51 gtw01 dnsmasq[11640]: read /var/lib/neutron/dhcp/77bf4829-020b-41ce-97aa-3081d67fcfed/addn_hosts - 3 addresses
Jul 31 09:00:51 gtw01 dnsmasq-dhcp[11640]: read /var/lib/neutron/dhcp/77bf4829-020b-41ce-97aa-3081d67fcfed/host
Jul 31 09:00:51 gtw01 dnsmasq-dhcp[11640]: read /var/lib/neutron/dhcp/77bf4829-020b-41ce-97aa-3081d67fcfed/opts
Jul 31 09:00:51 gtw01 dnsmasq[11640]: read /var/lib/neutron/dhcp/77bf4829-020b-41ce-97aa-3081d67fcfed/addn_hosts - 3 addresses
Jul 31 09:00:51 gtw01 dnsmasq-dhcp[11640]: read /var/lib/neutron/dhcp/77bf4829-020b-41ce-97aa-3081d67fcfed/host
Jul 31 09:00:51 gtw01 dnsmasq-dhcp[11640]: read /var/lib/neutron/dhcp/77bf4829-020b-41ce-97aa-3081d67fcfed/opts
Jul 31 09:00:52 gtw01 dnsmasq[11640]: read /var/lib/neutron/dhcp/77bf4829-020b-41ce-97aa-3081d67fcfed/addn_hosts - 3 addresses
Jul 31 09:00:52 gtw01 dnsmasq-dhcp[11640]: read /var/lib/neutron/dhcp/77bf4829-020b-41ce-97aa-3081d67fcfed/host
Jul 31 09:00:52 gtw01 dnsmasq-dhcp[11640]: read /var/lib/neutron/dhcp/77bf4829-020b-41ce-97aa-3081d67fcfed/opts
Jul 31 09:00:53 gtw01 dnsmasq[22291]: read /var/lib/neutron/dhcp/8c41ee33-33c7-404f-821f-ff74d45be79a/addn_hosts - 5 addresses
Jul 31 09:00:53 gtw01 dnsmasq-dhcp[22291]: read /var/lib/neutron/dhcp/8c41ee33-33c7-404f-821f-ff74d45be79a/host
Jul 31 09:00:53 gtw01 dnsmasq-dhcp[22291]: read /var/lib/neutron/dhcp/8c41ee33-33c7-404f-821f-ff74d45be79a/opts
Jul 31 09:00:55 gtw01 dnsmasq[22291]: read /var/lib/neutron/dhcp/8c41ee33-33c7-404f-821f-ff74d45be79a/addn_hosts - 5 addresses
Jul 31 09:00:55 gtw01 dnsmasq-dhcp[22291]: read /var/lib/neutron/dhcp/8c41ee33-33c7-404f-821f-ff74d45be79a/host
Jul 31 09:00:55 gtw01 dnsmasq-dhcp[22291]: read /var/lib/neutron/dhcp/8c41ee33-33c7-404f-821f-ff74d45be79a/opts
Jul 31 09:00:56 gtw01 dnsmasq[22291]: read /var/lib/neutron/dhcp/8c41ee33-33c7-404f-821f-ff74d45be79a/addn_hosts - 5 addresses
Jul 31 09:00:56 gtw01 dnsmasq-dhcp[22291]: read /var/lib/neutron/dhcp/8c41ee33-33c7-404f-821f-ff74d45be79a/host
Jul 31 09:00:56 gtw01 dnsmasq-dhcp[22291]: read /var/lib/neutron/dhcp/8c41ee33-33c7-404f-821f-ff74d45be79a/opts
Jul 31 09:00:57 gtw01 dnsmasq[11640]: read /var/lib/neutron/dhcp/77bf4829-020b-41ce-97aa-3081d67fcfed/addn_hosts - 4 addresses
Jul 31 09:00:57 gtw01 dnsmasq-dhcp[11640]: read /var/lib/neutron/dhcp/77bf4829-020b-41ce-97aa-3081d67fcfed/host
Jul 31 09:00:57 gtw01 dnsmasq-dhcp[11640]: read /var/lib/neutron/dhcp/77bf4829-020b-41ce-97aa-3081d67fcfed/opts
Jul 31 09:00:58 gtw01 dnsmasq[11640]: read /var/lib/neutron/dhcp/77bf4829-020b-41ce-97aa-3081d67fcfed/addn_hosts - 4 addresses
Jul 31 09:00:58 gtw01 dnsmasq-dhcp[11640]: read /var/lib/neutron/dhcp/77bf4829-020b-41ce-97aa-3081d67fcfed/host
Jul 31 09:00:58 gtw01 dnsmasq-dhcp[11640]: read /var/lib/neutron/dhcp/77bf4829-020b-41ce-97aa-3081d67fcfed/opts
Jul 31 09:00:59 gtw01 dnsmasq[11640]: read /var/lib/neutron/dhcp/77bf4829-020b-41ce-97aa-3081d67fcfed/addn_hosts - 4 addresses
Jul 31 09:00:59 gtw01 dnsmasq-dhcp[11640]: read /var/lib/neutron/dhcp/77bf4829-020b-41ce-97aa-3081d67fcfed/host
Jul 31 09:00:59 gtw01 dnsmasq-dhcp[11640]: read /var/lib/neutron/dhcp/77bf4829-020b-41ce-97aa-3081d67fcfed/opts
Jul 31 09:01:00 gtw01 dnsmasq[11640]: read /var/lib/neutron/dhcp/77bf4829-020b-41ce-97aa-3081d67fcfed/addn_hosts - 3 addresses
Jul 31 09:01:00 gtw01 dnsmasq-dhcp[11640]: read /var/lib/neutron/dhcp/77bf4829-020b-41ce-97aa-3081d67fcfed/host
Jul 31 09:01:00 gtw01 dnsmasq-dhcp[11640]: read /var/lib/neutron/dhcp/77bf4829-020b-41ce-97aa-3081d67fcfed/opts
Jul 31 09:01:05 gtw01 dnsmasq-dhcp[22291]: DHCPRELEASE(tap2e48ea6f-b0) 192.168.120.5 fa:16:3e:24:cb:a5
Jul 31 09:01:08 gtw01 dnsmasq[11640]: read /var/lib/neutron/dhcp/77bf4829-020b-41ce-97aa-3081d67fcfed/addn_hosts - 2 addresses
Jul 31 09:01:08 gtw01 dnsmasq-dhcp[11640]: read /var/lib/neutron/dhcp/77bf4829-020b-41ce-97aa-3081d67fcfed/host
Jul 31 09:01:08 gtw01 dnsmasq-dhcp[11640]: read /var/lib/neutron/dhcp/77bf4829-020b-41ce-97aa-3081d67fcfed/opts
Jul 31 09:01:08 gtw01 dnsmasq-dhcp[22291]: DHCPDISCOVER(tap2e48ea6f-b0) fa:16:3e:a4:34:3f
Jul 31 09:01:08 gtw01 dnsmasq-dhcp[22291]: DHCPOFFER(tap2e48ea6f-b0) 192.168.120.12 fa:16:3e:a4:34:3f
Jul 31 09:01:09 gtw01 dnsmasq-dhcp[22291]: DHCPREQUEST(tap2e48ea6f-b0) 192.168.120.12 fa:16:3e:a4:34:3f
Jul 31 09:01:09 gtw01 dnsmasq-dhcp[22291]: DHCPACK(tap2e48ea6f-b0) 192.168.120.12 fa:16:3e:a4:34:3f host-192-168-120-12
Jul 31 09:01:09 gtw01 dnsmasq[11640]: read /var/lib/neutron/dhcp/77bf4829-020b-41ce-97aa-3081d67fcfed/addn_hosts - 3 addresses
Jul 31 09:01:09 gtw01 dnsmasq-dhcp[11640]: read /var/lib/neutron/dhcp/77bf4829-020b-41ce-97aa-3081d67fcfed/host
Jul 31 09:01:09 gtw01 dnsmasq-dhcp[11640]: read /var/lib/neutron/dhcp/77bf4829-020b-41ce-97aa-3081d67fcfed/opts
Jul 31 09:01:10 gtw01 dnsmasq[11640]: read /var/lib/neutron/dhcp/77bf4829-020b-41ce-97aa-3081d67fcfed/addn_hosts - 3 addresses
Jul 31 09:01:10 gtw01 dnsmasq-dhcp[11640]: read /var/lib/neutron/dhcp/77bf4829-020b-41ce-97aa-3081d67fcfed/host
Jul 31 09:01:10 gtw01 dnsmasq-dhcp[11640]: read /var/lib/neutron/dhcp/77bf4829-020b-41ce-97aa-3081d67fcfed/opts
Jul 31 09:01:11 gtw01 dnsmasq[11640]: read /var/lib/neutron/dhcp/77bf4829-020b-41ce-97aa-3081d67fcfed/addn_hosts - 3 addresses
Jul 31 09:01:11 gtw01 dnsmasq-dhcp[11640]: read /var/lib/neutron/dhcp/77bf4829-020b-41ce-97aa-3081d67fcfed/host
Jul 31 09:01:11 gtw01 dnsmasq-dhcp[11640]: read /var/lib/neutron/dhcp/77bf4829-020b-41ce-97aa-3081d67fcfed/opts
Jul 31 09:01:17 gtw01 dnsmasq[11640]: read /var/lib/neutron/dhcp/77bf4829-020b-41ce-97aa-3081d67fcfed/addn_hosts - 2 addresses
Jul 31 09:01:17 gtw01 dnsmasq-dhcp[11640]: read /var/lib/neutron/dhcp/77bf4829-020b-41ce-97aa-3081d67fcfed/host
Jul 31 09:01:17 gtw01 dnsmasq-dhcp[11640]: read /var/lib/neutron/dhcp/77bf4829-020b-41ce-97aa-3081d67fcfed/opts
Jul 31 09:01:26 gtw01 dnsmasq-dhcp[22291]: DHCPDISCOVER(tap2e48ea6f-b0) fa:16:3e:24:cb:a5
Jul 31 09:01:26 gtw01 dnsmasq-dhcp[22291]: DHCPOFFER(tap2e48ea6f-b0) 192.168.120.5 fa:16:3e:24:cb:a5
Jul 31 09:01:26 gtw01 dnsmasq-dhcp[22291]: DHCPREQUEST(tap2e48ea6f-b0) 192.168.120.5 fa:16:3e:24:cb:a5
Jul 31 09:01:26 gtw01 dnsmasq-dhcp[22291]: DHCPACK(tap2e48ea6f-b0) 192.168.120.5 fa:16:3e:24:cb:a5 host-192-168-120-5
Jul 31 09:01:27 gtw01 dnsmasq[11640]: read /var/lib/neutron/dhcp/77bf4829-020b-41ce-97aa-3081d67fcfed/addn_hosts - 3 addresses
Jul 31 09:01:27 gtw01 dnsmasq-dhcp[11640]: read /var/lib/neutron/dhcp/77bf4829-020b-41ce-97aa-3081d67fcfed/host
Jul 31 09:01:27 gtw01 dnsmasq-dhcp[11640]: read /var/lib/neutron/dhcp/77bf4829-020b-41ce-97aa-3081d67fcfed/opts
Jul 31 09:01:27 gtw01 dnsmasq[11640]: read /var/lib/neutron/dhcp/77bf4829-020b-41ce-97aa-3081d67fcfed/addn_hosts - 3 addresses
Jul 31 09:01:27 gtw01 dnsmasq-dhcp[11640]: read /var/lib/neutron/dhcp/77bf4829-020b-41ce-97aa-3081d67fcfed/host
Jul 31 09:01:27 gtw01 dnsmasq-dhcp[11640]: read /var/lib/neutron/dhcp/77bf4829-020b-41ce-97aa-3081d67fcfed/opts
Jul 31 09:01:28 gtw01 dnsmasq[11640]: read /var/lib/neutron/dhcp/77bf4829-020b-41ce-97aa-3081d67fcfed/addn_hosts - 3 addresses
Jul 31 09:01:28 gtw01 dnsmasq-dhcp[11640]: read /var/lib/neutron/dhcp/77bf4829-020b-41ce-97aa-3081d67fcfed/host
Jul 31 09:01:28 gtw01 dnsmasq-dhcp[11640]: read /var/lib/neutron/dhcp/77bf4829-020b-41ce-97aa-3081d67fcfed/opts
Jul 31 09:01:29 gtw01 dnsmasq[11640]: read /var/lib/neutron/dhcp/77bf4829-020b-41ce-97aa-3081d67fcfed/addn_hosts - 4 addresses
Jul 31 09:01:29 gtw01 dnsmasq-dhcp[11640]: read /var/lib/neutron/dhcp/77bf4829-020b-41ce-97aa-3081d67fcfed/host
Jul 31 09:01:29 gtw01 dnsmasq-dhcp[11640]: read /var/lib/neutron/dhcp/77bf4829-020b-41ce-97aa-3081d67fcfed/opts
Jul 31 09:01:30 gtw01 dnsmasq[11640]: read /var/lib/neutron/dhcp/77bf4829-020b-41ce-97aa-3081d67fcfed/addn_hosts - 4 addresses
Jul 31 09:01:30 gtw01 dnsmasq-dhcp[11640]: read /var/lib/neutron/dhcp/77bf4829-020b-41ce-97aa-3081d67fcfed/host
Jul 31 09:01:30 gtw01 dnsmasq-dhcp[11640]: read /var/lib/neutron/dhcp/77bf4829-020b-41ce-97aa-3081d67fcfed/opts
Jul 31 09:01:31 gtw01 dnsmasq[11640]: read /var/lib/neutron/dhcp/77bf4829-020b-41ce-97aa-3081d67fcfed/addn_hosts - 4 addresses
Jul 31 09:01:31 gtw01 dnsmasq-dhcp[11640]: read /var/lib/neutron/dhcp/77bf4829-020b-41ce-97aa-3081d67fcfed/host
Jul 31 09:01:31 gtw01 dnsmasq-dhcp[11640]: read /var/lib/neutron/dhcp/77bf4829-020b-41ce-97aa-3081d67fcfed/opts
Jul 31 09:01:41 gtw01 dnsmasq-dhcp[11640]: DHCPDISCOVER(tap40c8bd2b-24) fa:16:3e:c8:f1:3a
Jul 31 09:01:41 gtw01 dnsmasq-dhcp[11640]: DHCPOFFER(tap40c8bd2b-24) 192.168.120.9 fa:16:3e:c8:f1:3a
Jul 31 09:01:41 gtw01 dnsmasq-dhcp[11640]: DHCPREQUEST(tap40c8bd2b-24) 192.168.120.9 fa:16:3e:c8:f1:3a
Jul 31 09:01:41 gtw01 dnsmasq-dhcp[11640]: DHCPACK(tap40c8bd2b-24) 192.168.120.9 fa:16:3e:c8:f1:3a host-192-168-120-9
Jul 31 09:01:43 gtw01 dnsmasq-dhcp[11640]: DHCPDISCOVER(tap40c8bd2b-24) fa:16:3e:a7:8f:dc
Jul 31 09:01:43 gtw01 dnsmasq-dhcp[11640]: DHCPOFFER(tap40c8bd2b-24) 192.168.120.7 fa:16:3e:a7:8f:dc
Jul 31 09:01:43 gtw01 dnsmasq-dhcp[11640]: DHCPREQUEST(tap40c8bd2b-24) 192.168.120.7 fa:16:3e:a7:8f:dc
Jul 31 09:01:43 gtw01 dnsmasq-dhcp[11640]: DHCPACK(tap40c8bd2b-24) 192.168.120.7 fa:16:3e:a7:8f:dc host-192-168-120-7
Jul 31 09:01:44 gtw01 dnsmasq-dhcp[22291]: DHCPDISCOVER(tap2e48ea6f-b0) fa:16:3e:24:cb:a5
Jul 31 09:01:44 gtw01 dnsmasq-dhcp[22291]: DHCPOFFER(tap2e48ea6f-b0) 192.168.120.5 fa:16:3e:24:cb:a5
Jul 31 09:01:44 gtw01 dnsmasq-dhcp[22291]: DHCPREQUEST(tap2e48ea6f-b0) 192.168.120.5 fa:16:3e:24:cb:a5
Jul 31 09:01:44 gtw01 dnsmasq-dhcp[22291]: DHCPACK(tap2e48ea6f-b0) 192.168.120.5 fa:16:3e:24:cb:a5 host-192-168-120-5
Jul 31 09:01:45 gtw01 dnsmasq-dhcp[11640]: DHCPRELEASE(tap40c8bd2b-24) 192.168.120.7 fa:16:3e:a7:8f:dc
Jul 31 09:01:52 gtw01 dnsmasq-dhcp[22291]: DHCPRELEASE(tap2e48ea6f-b0) 192.168.120.5 fa:16:3e:24:cb:a5
Jul 31 09:02:09 gtw01 dnsmasq-dhcp[22291]: DHCPDISCOVER(tap2e48ea6f-b0) fa:16:3e:24:cb:a5
Jul 31 09:02:09 gtw01 dnsmasq-dhcp[22291]: DHCPOFFER(tap2e48ea6f-b0) 192.168.120.5 fa:16:3e:24:cb:a5
Jul 31 09:02:09 gtw01 dnsmasq-dhcp[22291]: DHCPREQUEST(tap2e48ea6f-b0) 192.168.120.5 fa:16:3e:24:cb:a5
Jul 31 09:02:09 gtw01 dnsmasq-dhcp[22291]: DHCPACK(tap2e48ea6f-b0) 192.168.120.5 fa:16:3e:24:cb:a5 host-192-168-120-5
Jul 31 09:02:17 gtw01 dnsmasq-dhcp[22291]: DHCPRELEASE(tap2e48ea6f-b0) 192.168.120.5 fa:16:3e:24:cb:a5
Jul 31 09:02:34 gtw01 dnsmasq-dhcp[22291]: DHCPDISCOVER(tap2e48ea6f-b0) fa:16:3e:24:cb:a5
Jul 31 09:02:34 gtw01 dnsmasq-dhcp[22291]: DHCPOFFER(tap2e48ea6f-b0) 192.168.120.5 fa:16:3e:24:cb:a5
Jul 31 09:02:34 gtw01 dnsmasq-dhcp[22291]: DHCPREQUEST(tap2e48ea6f-b0) 192.168.120.5 fa:16:3e:24:cb:a5
Jul 31 09:02:34 gtw01 dnsmasq-dhcp[22291]: DHCPACK(tap2e48ea6f-b0) 192.168.120.5 fa:16:3e:24:cb:a5 host-192-168-120-5
Jul 31 09:02:46 gtw01 dnsmasq-dhcp[22291]: DHCPRELEASE(tap2e48ea6f-b0) 192.168.120.5 fa:16:3e:24:cb:a5
Jul 31 09:02:55 gtw01 dnsmasq[11640]: read /var/lib/neutron/dhcp/77bf4829-020b-41ce-97aa-3081d67fcfed/addn_hosts - 3 addresses
Jul 31 09:02:55 gtw01 dnsmasq-dhcp[11640]: read /var/lib/neutron/dhcp/77bf4829-020b-41ce-97aa-3081d67fcfed/host
Jul 31 09:02:55 gtw01 dnsmasq-dhcp[11640]: read /var/lib/neutron/dhcp/77bf4829-020b-41ce-97aa-3081d67fcfed/opts
Jul 31 09:02:58 gtw01 dnsmasq-dhcp[11640]: DHCPRELEASE(tap40c8bd2b-24) 192.168.120.9 fa:16:3e:c8:f1:3a
Jul 31 09:02:59 gtw01 dnsmasq-dhcp[11640]: DHCPRELEASE(tap40c8bd2b-24) 192.168.120.9 fa:16:3e:c8:f1:3a unknown lease
Jul 31 09:02:59 gtw01 dnsmasq[11640]: read /var/lib/neutron/dhcp/77bf4829-020b-41ce-97aa-3081d67fcfed/addn_hosts - 2 addresses
Jul 31 09:02:59 gtw01 dnsmasq-dhcp[11640]: read /var/lib/neutron/dhcp/77bf4829-020b-41ce-97aa-3081d67fcfed/host
Jul 31 09:02:59 gtw01 dnsmasq-dhcp[11640]: read /var/lib/neutron/dhcp/77bf4829-020b-41ce-97aa-3081d67fcfed/opts
