Jul 31 09:08:20 gtw01 haproxy-metadata-proxy-d0e62a87-db61-4562-8793-22389f5bd438[29992]: Proxy listener started.
Jul 31 09:08:20 gtw01 dnsmasq[29988]: read /var/lib/neutron/dhcp/d0e62a87-db61-4562-8793-22389f5bd438/addn_hosts - 1 addresses
Jul 31 09:08:20 gtw01 dnsmasq-dhcp[29988]: read /var/lib/neutron/dhcp/d0e62a87-db61-4562-8793-22389f5bd438/host
Jul 31 09:08:20 gtw01 dnsmasq-dhcp[29988]: read /var/lib/neutron/dhcp/d0e62a87-db61-4562-8793-22389f5bd438/opts
Jul 31 09:08:21 gtw01 dnsmasq[29551]: read /var/lib/neutron/dhcp/7d4e0156-73e0-4787-b124-e9817133bf52/addn_hosts - 1 addresses
Jul 31 09:08:21 gtw01 dnsmasq-dhcp[29551]: read /var/lib/neutron/dhcp/7d4e0156-73e0-4787-b124-e9817133bf52/host
Jul 31 09:08:21 gtw01 dnsmasq-dhcp[29551]: read /var/lib/neutron/dhcp/7d4e0156-73e0-4787-b124-e9817133bf52/opts
Jul 31 09:08:22 gtw01 kernel: [ 6116.316144] device tap8ebecccc-bc entered promiscuous mode
Jul 31 09:08:22 gtw01 systemd-udevd[30049]: Process '/sbin/ip link set tap8ebecccc-bc txqueuelen 10000' failed with exit code 1.
Jul 31 09:08:22 gtw01 systemd-udevd[30103]: Process '/sbin/ip link set tap8ebecccc-bc txqueuelen 10000' failed with exit code 1.
Jul 31 09:08:22 gtw01 kernel: [ 6116.680407] device tapdc785e92-92 left promiscuous mode
Jul 31 09:08:24 gtw01 kernel: [ 6118.631381] device tapd914d5ac-b8 left promiscuous mode
Jul 31 09:08:24 gtw01 dnsmasq-dhcp[22291]: DHCPDISCOVER(tap2e48ea6f-b0) fa:16:3e:01:fa:17
Jul 31 09:08:24 gtw01 dnsmasq-dhcp[22291]: DHCPOFFER(tap2e48ea6f-b0) 192.168.120.5 fa:16:3e:01:fa:17
Jul 31 09:08:24 gtw01 dnsmasq-dhcp[22291]: DHCPREQUEST(tap2e48ea6f-b0) 192.168.120.5 fa:16:3e:01:fa:17
Jul 31 09:08:24 gtw01 dnsmasq-dhcp[22291]: DHCPACK(tap2e48ea6f-b0) 192.168.120.5 fa:16:3e:01:fa:17 host-192-168-120-5
Jul 31 09:08:25 gtw01 dnsmasq[30178]: started, version 2.80 cachesize 150
Jul 31 09:08:25 gtw01 dnsmasq[30178]: DNS service limited to local subnets
Jul 31 09:08:25 gtw01 dnsmasq[30178]: compile time options: IPv6 GNU-getopt DBus i18n IDN DHCP DHCPv6 no-Lua TFTP conntrack ipset auth DNSSEC loop-detect inotify dumpfile
Jul 31 09:08:25 gtw01 dnsmasq[30178]: warning: no upstream servers configured
Jul 31 09:08:25 gtw01 dnsmasq-dhcp[30178]: DHCP, static leases only on 192.168.120.0, lease time 1h
Jul 31 09:08:25 gtw01 dnsmasq[30178]: read /var/lib/neutron/dhcp/39655bb2-4a2e-4a7d-a05f-7875d3d55e05/addn_hosts - 1 addresses
Jul 31 09:08:25 gtw01 dnsmasq-dhcp[30178]: read /var/lib/neutron/dhcp/39655bb2-4a2e-4a7d-a05f-7875d3d55e05/host
Jul 31 09:08:25 gtw01 dnsmasq-dhcp[30178]: read /var/lib/neutron/dhcp/39655bb2-4a2e-4a7d-a05f-7875d3d55e05/opts
Jul 31 09:08:25 gtw01 haproxy-metadata-proxy-39655bb2-4a2e-4a7d-a05f-7875d3d55e05[30182]: Proxy listener started.
Jul 31 09:08:26 gtw01 kernel: [ 6120.434951] device tap8ebecccc-bc left promiscuous mode
Jul 31 09:08:28 gtw01 kernel: [ 6122.630488] device tap289ac449-14 entered promiscuous mode
Jul 31 09:08:28 gtw01 systemd-udevd[30214]: Could not generate persistent MAC address for tap289ac449-14: No such file or directory
Jul 31 09:08:28 gtw01 systemd-udevd[30214]: Process '/sbin/ip link set tap289ac449-14 txqueuelen 10000' failed with exit code 1.
Jul 31 09:08:28 gtw01 systemd-udevd[30214]: Process '/sbin/ip link set tap289ac449-14 txqueuelen 10000' failed with exit code 1.
Jul 31 09:08:29 gtw01 dnsmasq-dhcp[22291]: DHCPRELEASE(tap2e48ea6f-b0) 192.168.120.5 fa:16:3e:01:fa:17
Jul 31 09:08:31 gtw01 dnsmasq[30326]: started, version 2.80 cachesize 150
Jul 31 09:08:31 gtw01 dnsmasq[30326]: DNS service limited to local subnets
Jul 31 09:08:31 gtw01 dnsmasq[30326]: compile time options: IPv6 GNU-getopt DBus i18n IDN DHCP DHCPv6 no-Lua TFTP conntrack ipset auth DNSSEC loop-detect inotify dumpfile
Jul 31 09:08:31 gtw01 dnsmasq[30326]: warning: no upstream servers configured
Jul 31 09:08:31 gtw01 dnsmasq-dhcp[30326]: DHCP, static leases only on 192.168.120.0, lease time 1h
Jul 31 09:08:31 gtw01 dnsmasq[30326]: read /var/lib/neutron/dhcp/0d88de44-5ccf-4bfe-a749-f9c924e51120/addn_hosts - 1 addresses
Jul 31 09:08:31 gtw01 dnsmasq-dhcp[30326]: read /var/lib/neutron/dhcp/0d88de44-5ccf-4bfe-a749-f9c924e51120/host
Jul 31 09:08:31 gtw01 dnsmasq-dhcp[30326]: read /var/lib/neutron/dhcp/0d88de44-5ccf-4bfe-a749-f9c924e51120/opts
Jul 31 09:08:31 gtw01 haproxy-metadata-proxy-0d88de44-5ccf-4bfe-a749-f9c924e51120[30330]: Proxy listener started.
Jul 31 09:08:32 gtw01 dnsmasq[29313]: read /var/lib/neutron/dhcp/ee25db7e-0874-4969-8a8c-608d36522b36/addn_hosts - 1 addresses
Jul 31 09:08:32 gtw01 dnsmasq-dhcp[29313]: read /var/lib/neutron/dhcp/ee25db7e-0874-4969-8a8c-608d36522b36/host
Jul 31 09:08:32 gtw01 dnsmasq-dhcp[29313]: read /var/lib/neutron/dhcp/ee25db7e-0874-4969-8a8c-608d36522b36/opts
Jul 31 09:08:32 gtw01 kernel: [ 6126.852809] device tap289ac449-14 left promiscuous mode
Jul 31 09:08:33 gtw01 dnsmasq[29074]: read /var/lib/neutron/dhcp/b7cfbe69-65c3-4c95-bd3f-d112563163c0/addn_hosts - 1 addresses
Jul 31 09:08:33 gtw01 dnsmasq-dhcp[29074]: read /var/lib/neutron/dhcp/b7cfbe69-65c3-4c95-bd3f-d112563163c0/host
Jul 31 09:08:33 gtw01 dnsmasq-dhcp[29074]: read /var/lib/neutron/dhcp/b7cfbe69-65c3-4c95-bd3f-d112563163c0/opts
Jul 31 09:08:33 gtw01 kernel: [ 6127.642214] device tap71f6a461-83 left promiscuous mode
Jul 31 09:08:34 gtw01 kernel: [ 6128.587310] device tap2f513165-b4 entered promiscuous mode
Jul 31 09:08:34 gtw01 systemd-udevd[30401]: Could not generate persistent MAC address for tap2f513165-b4: No such file or directory
Jul 31 09:08:34 gtw01 systemd-udevd[30401]: Process '/sbin/ip link set tap2f513165-b4 txqueuelen 10000' failed with exit code 1.
Jul 31 09:08:34 gtw01 systemd-udevd[30401]: Process '/sbin/ip link set tap2f513165-b4 txqueuelen 10000' failed with exit code 1.
Jul 31 09:08:35 gtw01 kernel: [ 6129.608067] device tap653c2608-d6 left promiscuous mode
Jul 31 09:08:37 gtw01 dnsmasq[30521]: started, version 2.80 cachesize 150
Jul 31 09:08:37 gtw01 dnsmasq[30521]: DNS service limited to local subnets
Jul 31 09:08:37 gtw01 dnsmasq[30521]: compile time options: IPv6 GNU-getopt DBus i18n IDN DHCP DHCPv6 no-Lua TFTP conntrack ipset auth DNSSEC loop-detect inotify dumpfile
Jul 31 09:08:37 gtw01 dnsmasq[30521]: warning: no upstream servers configured
Jul 31 09:08:37 gtw01 dnsmasq-dhcp[30521]: DHCP, static leases only on 192.168.120.0, lease time 1h
Jul 31 09:08:37 gtw01 dnsmasq[30521]: read /var/lib/neutron/dhcp/194afe50-08e2-4b85-8d92-c0bb2fa015c6/addn_hosts - 3 addresses
Jul 31 09:08:37 gtw01 dnsmasq-dhcp[30521]: read /var/lib/neutron/dhcp/194afe50-08e2-4b85-8d92-c0bb2fa015c6/host
Jul 31 09:08:37 gtw01 dnsmasq-dhcp[30521]: read /var/lib/neutron/dhcp/194afe50-08e2-4b85-8d92-c0bb2fa015c6/opts
Jul 31 09:08:37 gtw01 haproxy-metadata-proxy-194afe50-08e2-4b85-8d92-c0bb2fa015c6[30525]: Proxy listener started.
Jul 31 09:08:38 gtw01 dnsmasq-dhcp[30521]: DHCPRELEASE(tap2f513165-b4) 192.168.120.3 fa:16:3e:fd:91:01
Jul 31 09:08:38 gtw01 dnsmasq[30521]: read /var/lib/neutron/dhcp/194afe50-08e2-4b85-8d92-c0bb2fa015c6/addn_hosts - 2 addresses
Jul 31 09:08:38 gtw01 dnsmasq-dhcp[30521]: read /var/lib/neutron/dhcp/194afe50-08e2-4b85-8d92-c0bb2fa015c6/host
Jul 31 09:08:38 gtw01 dnsmasq-dhcp[30521]: read /var/lib/neutron/dhcp/194afe50-08e2-4b85-8d92-c0bb2fa015c6/opts
Jul 31 09:08:39 gtw01 dnsmasq[30521]: read /var/lib/neutron/dhcp/194afe50-08e2-4b85-8d92-c0bb2fa015c6/addn_hosts - 2 addresses
Jul 31 09:08:39 gtw01 dnsmasq-dhcp[30521]: read /var/lib/neutron/dhcp/194afe50-08e2-4b85-8d92-c0bb2fa015c6/host
Jul 31 09:08:39 gtw01 dnsmasq-dhcp[30521]: read /var/lib/neutron/dhcp/194afe50-08e2-4b85-8d92-c0bb2fa015c6/opts
Jul 31 09:08:40 gtw01 dnsmasq[30521]: read /var/lib/neutron/dhcp/194afe50-08e2-4b85-8d92-c0bb2fa015c6/addn_hosts - 2 addresses
Jul 31 09:08:40 gtw01 dnsmasq-dhcp[30521]: read /var/lib/neutron/dhcp/194afe50-08e2-4b85-8d92-c0bb2fa015c6/host
Jul 31 09:08:40 gtw01 dnsmasq-dhcp[30521]: read /var/lib/neutron/dhcp/194afe50-08e2-4b85-8d92-c0bb2fa015c6/opts
Jul 31 09:08:41 gtw01 systemd-udevd[30599]: Could not generate persistent MAC address for tapb227c31d-30: No such file or directory
Jul 31 09:08:41 gtw01 kernel: [ 6135.673772] device tapb227c31d-30 entered promiscuous mode
Jul 31 09:08:41 gtw01 systemd-udevd[30646]: Process '/sbin/ip link set tapb227c31d-30 txqueuelen 10000' failed with exit code 1.
Jul 31 09:08:41 gtw01 dnsmasq[30521]: read /var/lib/neutron/dhcp/194afe50-08e2-4b85-8d92-c0bb2fa015c6/addn_hosts - 3 addresses
Jul 31 09:08:41 gtw01 dnsmasq-dhcp[30521]: read /var/lib/neutron/dhcp/194afe50-08e2-4b85-8d92-c0bb2fa015c6/host
Jul 31 09:08:41 gtw01 dnsmasq-dhcp[30521]: read /var/lib/neutron/dhcp/194afe50-08e2-4b85-8d92-c0bb2fa015c6/opts
Jul 31 09:08:42 gtw01 dnsmasq[30521]: read /var/lib/neutron/dhcp/194afe50-08e2-4b85-8d92-c0bb2fa015c6/addn_hosts - 3 addresses
Jul 31 09:08:42 gtw01 dnsmasq-dhcp[30521]: read /var/lib/neutron/dhcp/194afe50-08e2-4b85-8d92-c0bb2fa015c6/host
Jul 31 09:08:42 gtw01 dnsmasq-dhcp[30521]: read /var/lib/neutron/dhcp/194afe50-08e2-4b85-8d92-c0bb2fa015c6/opts
Jul 31 09:08:44 gtw01 kernel: [ 6138.290754] device tap2f513165-b4 left promiscuous mode
Jul 31 09:08:44 gtw01 dnsmasq[30750]: started, version 2.80 cachesize 150
Jul 31 09:08:44 gtw01 dnsmasq[30750]: DNS service limited to local subnets
Jul 31 09:08:44 gtw01 dnsmasq[30750]: compile time options: IPv6 GNU-getopt DBus i18n IDN DHCP DHCPv6 no-Lua TFTP conntrack ipset auth DNSSEC loop-detect inotify dumpfile
Jul 31 09:08:44 gtw01 dnsmasq[30750]: warning: no upstream servers configured
Jul 31 09:08:44 gtw01 dnsmasq-dhcp[30750]: DHCP, static leases only on 192.168.120.0, lease time 1h
Jul 31 09:08:44 gtw01 dnsmasq[30750]: read /var/lib/neutron/dhcp/f5c8bc53-8888-4d0c-9d33-ca3783af993a/addn_hosts - 1 addresses
Jul 31 09:08:44 gtw01 dnsmasq-dhcp[30750]: read /var/lib/neutron/dhcp/f5c8bc53-8888-4d0c-9d33-ca3783af993a/host
Jul 31 09:08:44 gtw01 dnsmasq-dhcp[30750]: read /var/lib/neutron/dhcp/f5c8bc53-8888-4d0c-9d33-ca3783af993a/opts
Jul 31 09:08:45 gtw01 haproxy-metadata-proxy-f5c8bc53-8888-4d0c-9d33-ca3783af993a[30754]: Proxy listener started.
Jul 31 09:08:45 gtw01 dnsmasq[30750]: read /var/lib/neutron/dhcp/f5c8bc53-8888-4d0c-9d33-ca3783af993a/addn_hosts - 1 addresses
Jul 31 09:08:45 gtw01 dnsmasq-dhcp[30750]: read /var/lib/neutron/dhcp/f5c8bc53-8888-4d0c-9d33-ca3783af993a/host
Jul 31 09:08:45 gtw01 dnsmasq-dhcp[30750]: read /var/lib/neutron/dhcp/f5c8bc53-8888-4d0c-9d33-ca3783af993a/opts
Jul 31 09:08:46 gtw01 dnsmasq[30750]: read /var/lib/neutron/dhcp/f5c8bc53-8888-4d0c-9d33-ca3783af993a/addn_hosts - 1 addresses
Jul 31 09:08:46 gtw01 dnsmasq-dhcp[30750]: read /var/lib/neutron/dhcp/f5c8bc53-8888-4d0c-9d33-ca3783af993a/host
Jul 31 09:08:46 gtw01 dnsmasq-dhcp[30750]: read /var/lib/neutron/dhcp/f5c8bc53-8888-4d0c-9d33-ca3783af993a/opts
Jul 31 09:08:48 gtw01 kernel: [ 6142.275256] device tapb227c31d-30 left promiscuous mode
Jul 31 09:08:51 gtw01 dnsmasq[22291]: read /var/lib/neutron/dhcp/8c41ee33-33c7-404f-821f-ff74d45be79a/addn_hosts - 6 addresses
Jul 31 09:08:51 gtw01 dnsmasq-dhcp[22291]: read /var/lib/neutron/dhcp/8c41ee33-33c7-404f-821f-ff74d45be79a/host
Jul 31 09:08:51 gtw01 dnsmasq-dhcp[22291]: read /var/lib/neutron/dhcp/8c41ee33-33c7-404f-821f-ff74d45be79a/opts
Jul 31 09:08:52 gtw01 dnsmasq-dhcp[22291]: DHCPRELEASE(tap2e48ea6f-b0) 192.168.120.4 fa:16:3e:fb:3e:f3
Jul 31 09:08:53 gtw01 kernel: [ 6147.323706] device tape06a41de-12 entered promiscuous mode
Jul 31 09:08:53 gtw01 systemd-udevd[30834]: Could not generate persistent MAC address for tape06a41de-12: No such file or directory
Jul 31 09:08:53 gtw01 systemd-udevd[30879]: Process '/sbin/ip link set tape06a41de-12 txqueuelen 10000' failed with exit code 1.
Jul 31 09:08:56 gtw01 dnsmasq[30942]: started, version 2.80 cachesize 150
Jul 31 09:08:56 gtw01 dnsmasq[30942]: DNS service limited to local subnets
Jul 31 09:08:56 gtw01 dnsmasq[30942]: compile time options: IPv6 GNU-getopt DBus i18n IDN DHCP DHCPv6 no-Lua TFTP conntrack ipset auth DNSSEC loop-detect inotify dumpfile
Jul 31 09:08:56 gtw01 dnsmasq[30942]: warning: no upstream servers configured
Jul 31 09:08:56 gtw01 dnsmasq-dhcp[30942]: DHCP, static leases only on 192.168.120.0, lease time 1h
Jul 31 09:08:56 gtw01 dnsmasq[30942]: read /var/lib/neutron/dhcp/73f3c9b7-e6a6-4a2e-b2bd-bbe1a29d264d/addn_hosts - 1 addresses
Jul 31 09:08:56 gtw01 dnsmasq-dhcp[30942]: read /var/lib/neutron/dhcp/73f3c9b7-e6a6-4a2e-b2bd-bbe1a29d264d/host
Jul 31 09:08:56 gtw01 dnsmasq-dhcp[30942]: read /var/lib/neutron/dhcp/73f3c9b7-e6a6-4a2e-b2bd-bbe1a29d264d/opts
Jul 31 09:08:56 gtw01 haproxy-metadata-proxy-73f3c9b7-e6a6-4a2e-b2bd-bbe1a29d264d[30946]: Proxy listener started.
Jul 31 09:08:57 gtw01 kernel: [ 6151.410097] device tape06a41de-12 left promiscuous mode
Jul 31 09:08:59 gtw01 systemd-udevd[30978]: Could not generate persistent MAC address for tap8b370005-5c: No such file or directory
Jul 31 09:08:59 gtw01 kernel: [ 6153.997135] device tap8b370005-5c entered promiscuous mode
Jul 31 09:08:59 gtw01 systemd-udevd[30978]: Process '/sbin/ip link set tap8b370005-5c txqueuelen 10000' failed with exit code 1.
Jul 31 09:08:59 gtw01 systemd-udevd[30978]: Process '/sbin/ip link set tap8b370005-5c txqueuelen 10000' failed with exit code 1.
Jul 31 09:09:01 gtw01 kernel: [ 6155.881987] device tap08ac9b00-62 entered promiscuous mode
Jul 31 09:09:01 gtw01 systemd-udevd[31088]: Could not generate persistent MAC address for tap08ac9b00-62: No such file or directory
Jul 31 09:09:01 gtw01 systemd-udevd[31088]: Process '/sbin/ip link set tap08ac9b00-62 txqueuelen 10000' failed with exit code 1.
Jul 31 09:09:01 gtw01 systemd-udevd[31138]: Process '/sbin/ip link set tap08ac9b00-62 txqueuelen 10000' failed with exit code 1.
Jul 31 09:09:03 gtw01 dnsmasq[31188]: started, version 2.80 cachesize 150
Jul 31 09:09:03 gtw01 dnsmasq[31188]: DNS service limited to local subnets
Jul 31 09:09:03 gtw01 dnsmasq[31188]: compile time options: IPv6 GNU-getopt DBus i18n IDN DHCP DHCPv6 no-Lua TFTP conntrack ipset auth DNSSEC loop-detect inotify dumpfile
Jul 31 09:09:03 gtw01 dnsmasq[31188]: warning: no upstream servers configured
Jul 31 09:09:03 gtw01 dnsmasq-dhcp[31188]: DHCP, static leases only on 192.168.120.16, lease time 1h
Jul 31 09:09:03 gtw01 dnsmasq[31188]: read /var/lib/neutron/dhcp/0fe56b58-8912-49b4-b63b-17b94593a122/addn_hosts - 1 addresses
Jul 31 09:09:03 gtw01 dnsmasq-dhcp[31188]: read /var/lib/neutron/dhcp/0fe56b58-8912-49b4-b63b-17b94593a122/host
Jul 31 09:09:03 gtw01 dnsmasq-dhcp[31188]: read /var/lib/neutron/dhcp/0fe56b58-8912-49b4-b63b-17b94593a122/opts
Jul 31 09:09:03 gtw01 haproxy-metadata-proxy-0fe56b58-8912-49b4-b63b-17b94593a122[31196]: Proxy listener started.
Jul 31 09:09:03 gtw01 kernel: [ 6158.077031] device tap8b370005-5c left promiscuous mode
Jul 31 09:09:04 gtw01 dnsmasq[31238]: started, version 2.80 cachesize 150
Jul 31 09:09:04 gtw01 dnsmasq[31238]: DNS service limited to local subnets
Jul 31 09:09:04 gtw01 dnsmasq[31238]: compile time options: IPv6 GNU-getopt DBus i18n IDN DHCP DHCPv6 no-Lua TFTP conntrack ipset auth DNSSEC loop-detect inotify dumpfile
Jul 31 09:09:04 gtw01 dnsmasq[31238]: warning: no upstream servers configured
Jul 31 09:09:04 gtw01 dnsmasq-dhcp[31238]: DHCP, static leases only on 192.168.120.0, lease time 1h
Jul 31 09:09:04 gtw01 dnsmasq[31238]: read /var/lib/neutron/dhcp/16a84849-40b7-4059-aa13-21afe5f6cd7f/addn_hosts - 1 addresses
Jul 31 09:09:04 gtw01 dnsmasq-dhcp[31238]: read /var/lib/neutron/dhcp/16a84849-40b7-4059-aa13-21afe5f6cd7f/host
Jul 31 09:09:04 gtw01 dnsmasq-dhcp[31238]: read /var/lib/neutron/dhcp/16a84849-40b7-4059-aa13-21afe5f6cd7f/opts
Jul 31 09:09:05 gtw01 haproxy-metadata-proxy-16a84849-40b7-4059-aa13-21afe5f6cd7f[31242]: Proxy listener started.
Jul 31 09:09:05 gtw01 kernel: [ 6160.097961] device tap08ac9b00-62 left promiscuous mode
Jul 31 09:09:10 gtw01 systemd-udevd[31274]: Could not generate persistent MAC address for tap8be3f140-0b: No such file or directory
Jul 31 09:09:10 gtw01 kernel: [ 6165.201072] device tap8be3f140-0b entered promiscuous mode
Jul 31 09:09:11 gtw01 systemd-udevd[31320]: Process '/sbin/ip link set tap8be3f140-0b txqueuelen 10000' failed with exit code 1.
Jul 31 09:09:12 gtw01 dnsmasq[22291]: read /var/lib/neutron/dhcp/8c41ee33-33c7-404f-821f-ff74d45be79a/addn_hosts - 5 addresses
Jul 31 09:09:12 gtw01 dnsmasq-dhcp[22291]: read /var/lib/neutron/dhcp/8c41ee33-33c7-404f-821f-ff74d45be79a/host
Jul 31 09:09:12 gtw01 dnsmasq-dhcp[22291]: read /var/lib/neutron/dhcp/8c41ee33-33c7-404f-821f-ff74d45be79a/opts
Jul 31 09:09:14 gtw01 dnsmasq[31402]: started, version 2.80 cachesize 150
Jul 31 09:09:14 gtw01 dnsmasq[31402]: DNS service limited to local subnets
Jul 31 09:09:14 gtw01 dnsmasq[31402]: compile time options: IPv6 GNU-getopt DBus i18n IDN DHCP DHCPv6 no-Lua TFTP conntrack ipset auth DNSSEC loop-detect inotify dumpfile
Jul 31 09:09:14 gtw01 dnsmasq[31402]: warning: no upstream servers configured
Jul 31 09:09:14 gtw01 dnsmasq-dhcp[31402]: DHCP, static leases only on 192.168.120.0, lease time 1h
Jul 31 09:09:14 gtw01 dnsmasq[31402]: read /var/lib/neutron/dhcp/3087306e-57c6-4970-a80b-47c6f93326ea/addn_hosts - 1 addresses
Jul 31 09:09:14 gtw01 dnsmasq-dhcp[31402]: read /var/lib/neutron/dhcp/3087306e-57c6-4970-a80b-47c6f93326ea/host
Jul 31 09:09:14 gtw01 dnsmasq-dhcp[31402]: read /var/lib/neutron/dhcp/3087306e-57c6-4970-a80b-47c6f93326ea/opts
Jul 31 09:09:14 gtw01 haproxy-metadata-proxy-3087306e-57c6-4970-a80b-47c6f93326ea[31412]: Proxy listener started.
Jul 31 09:09:15 gtw01 kernel: [ 6169.317733] device tapd5af5476-6d entered promiscuous mode
Jul 31 09:09:15 gtw01 systemd-udevd[31428]: Could not generate persistent MAC address for tapd5af5476-6d: No such file or directory
Jul 31 09:09:15 gtw01 systemd-udevd[31428]: Process '/sbin/ip link set tapd5af5476-6d txqueuelen 10000' failed with exit code 1.
Jul 31 09:09:15 gtw01 dnsmasq[31402]: read /var/lib/neutron/dhcp/3087306e-57c6-4970-a80b-47c6f93326ea/addn_hosts - 1 addresses
Jul 31 09:09:15 gtw01 dnsmasq-dhcp[31402]: read /var/lib/neutron/dhcp/3087306e-57c6-4970-a80b-47c6f93326ea/host
Jul 31 09:09:15 gtw01 dnsmasq-dhcp[31402]: read /var/lib/neutron/dhcp/3087306e-57c6-4970-a80b-47c6f93326ea/opts
Jul 31 09:09:16 gtw01 dnsmasq-dhcp[22291]: DHCPRELEASE(tap2e48ea6f-b0) 192.168.120.10 fa:16:3e:27:ec:c4
Jul 31 09:09:16 gtw01 dnsmasq[31402]: read /var/lib/neutron/dhcp/3087306e-57c6-4970-a80b-47c6f93326ea/addn_hosts - 2 addresses
Jul 31 09:09:16 gtw01 dnsmasq-dhcp[31402]: read /var/lib/neutron/dhcp/3087306e-57c6-4970-a80b-47c6f93326ea/host
Jul 31 09:09:16 gtw01 dnsmasq-dhcp[31402]: read /var/lib/neutron/dhcp/3087306e-57c6-4970-a80b-47c6f93326ea/opts
Jul 31 09:09:16 gtw01 dnsmasq-dhcp[22291]: DHCPRELEASE(tap2e48ea6f-b0) 192.168.120.10 fa:16:3e:27:ec:c4 unknown lease
Jul 31 09:09:17 gtw01 kernel: [ 6172.201816] device tape7b337d3-96 entered promiscuous mode
Jul 31 09:09:18 gtw01 dnsmasq[22291]: read /var/lib/neutron/dhcp/8c41ee33-33c7-404f-821f-ff74d45be79a/addn_hosts - 4 addresses
Jul 31 09:09:18 gtw01 dnsmasq-dhcp[22291]: read /var/lib/neutron/dhcp/8c41ee33-33c7-404f-821f-ff74d45be79a/host
Jul 31 09:09:18 gtw01 dnsmasq-dhcp[22291]: read /var/lib/neutron/dhcp/8c41ee33-33c7-404f-821f-ff74d45be79a/opts
Jul 31 09:09:18 gtw01 systemd-udevd[31640]: Process '/sbin/ip link set tape7b337d3-96 txqueuelen 10000' failed with exit code 1.
Jul 31 09:09:18 gtw01 dnsmasq[31402]: read /var/lib/neutron/dhcp/3087306e-57c6-4970-a80b-47c6f93326ea/addn_hosts - 2 addresses
Jul 31 09:09:18 gtw01 dnsmasq-dhcp[31402]: read /var/lib/neutron/dhcp/3087306e-57c6-4970-a80b-47c6f93326ea/host
Jul 31 09:09:18 gtw01 dnsmasq-dhcp[31402]: read /var/lib/neutron/dhcp/3087306e-57c6-4970-a80b-47c6f93326ea/opts
Jul 31 09:09:19 gtw01 kernel: [ 6173.969687] device tapf32af26b-e2 entered promiscuous mode
Jul 31 09:09:19 gtw01 systemd-udevd[31718]: Could not generate persistent MAC address for tapf32af26b-e2: No such file or directory
Jul 31 09:09:19 gtw01 dnsmasq[31766]: started, version 2.80 cachesize 150
Jul 31 09:09:19 gtw01 dnsmasq[31766]: DNS service limited to local subnets
Jul 31 09:09:19 gtw01 dnsmasq[31766]: compile time options: IPv6 GNU-getopt DBus i18n IDN DHCP DHCPv6 no-Lua TFTP conntrack ipset auth DNSSEC loop-detect inotify dumpfile
Jul 31 09:09:19 gtw01 dnsmasq[31766]: warning: no upstream servers configured
Jul 31 09:09:19 gtw01 dnsmasq-dhcp[31766]: DHCPv6, static leases only on 2003::, lease time 1h
Jul 31 09:09:19 gtw01 dnsmasq[31766]: read /var/lib/neutron/dhcp/68e9c5d0-c278-45e9-82a8-9777c73e974b/addn_hosts - 1 addresses
Jul 31 09:09:19 gtw01 dnsmasq-dhcp[31766]: read /var/lib/neutron/dhcp/68e9c5d0-c278-45e9-82a8-9777c73e974b/host
Jul 31 09:09:19 gtw01 dnsmasq-dhcp[31766]: read /var/lib/neutron/dhcp/68e9c5d0-c278-45e9-82a8-9777c73e974b/opts
Jul 31 09:09:19 gtw01 dnsmasq-dhcp[22291]: DHCPRELEASE(tap2e48ea6f-b0) 192.168.120.12 fa:16:3e:a4:34:3f
Jul 31 09:09:20 gtw01 systemd-udevd[31773]: Process '/sbin/ip link set tapf32af26b-e2 txqueuelen 10000' failed with exit code 1.
Jul 31 09:09:20 gtw01 kernel: [ 6174.469641] device tap8be3f140-0b left promiscuous mode
Jul 31 09:09:20 gtw01 dnsmasq-dhcp[22291]: DHCPRELEASE(tap2e48ea6f-b0) 192.168.120.12 fa:16:3e:a4:34:3f unknown lease
Jul 31 09:09:20 gtw01 dnsmasq[31766]: read /var/lib/neutron/dhcp/68e9c5d0-c278-45e9-82a8-9777c73e974b/addn_hosts - 1 addresses
Jul 31 09:09:20 gtw01 dnsmasq-dhcp[31766]: read /var/lib/neutron/dhcp/68e9c5d0-c278-45e9-82a8-9777c73e974b/host
Jul 31 09:09:20 gtw01 dnsmasq-dhcp[31766]: read /var/lib/neutron/dhcp/68e9c5d0-c278-45e9-82a8-9777c73e974b/opts
Jul 31 09:09:21 gtw01 dnsmasq[22291]: read /var/lib/neutron/dhcp/8c41ee33-33c7-404f-821f-ff74d45be79a/addn_hosts - 3 addresses
Jul 31 09:09:21 gtw01 dnsmasq-dhcp[22291]: read /var/lib/neutron/dhcp/8c41ee33-33c7-404f-821f-ff74d45be79a/host
Jul 31 09:09:21 gtw01 dnsmasq-dhcp[22291]: read /var/lib/neutron/dhcp/8c41ee33-33c7-404f-821f-ff74d45be79a/opts
Jul 31 09:09:22 gtw01 dnsmasq[31766]: read /var/lib/neutron/dhcp/68e9c5d0-c278-45e9-82a8-9777c73e974b/addn_hosts - 1 addresses
Jul 31 09:09:22 gtw01 dnsmasq-dhcp[31766]: read /var/lib/neutron/dhcp/68e9c5d0-c278-45e9-82a8-9777c73e974b/host
Jul 31 09:09:22 gtw01 dnsmasq-dhcp[31766]: read /var/lib/neutron/dhcp/68e9c5d0-c278-45e9-82a8-9777c73e974b/opts
Jul 31 09:09:24 gtw01 dnsmasq[22291]: read /var/lib/neutron/dhcp/8c41ee33-33c7-404f-821f-ff74d45be79a/addn_hosts - 2 addresses
Jul 31 09:09:24 gtw01 dnsmasq-dhcp[22291]: read /var/lib/neutron/dhcp/8c41ee33-33c7-404f-821f-ff74d45be79a/host
Jul 31 09:09:24 gtw01 dnsmasq-dhcp[22291]: read /var/lib/neutron/dhcp/8c41ee33-33c7-404f-821f-ff74d45be79a/opts
Jul 31 09:09:24 gtw01 systemd-udevd[31950]: Could not generate persistent MAC address for tap93660b3b-ff: No such file or directory
Jul 31 09:09:24 gtw01 kernel: [ 6178.893625] device tap93660b3b-ff entered promiscuous mode
Jul 31 09:09:24 gtw01 dnsmasq[31766]: read /var/lib/neutron/dhcp/68e9c5d0-c278-45e9-82a8-9777c73e974b/addn_hosts - 1 addresses
Jul 31 09:09:24 gtw01 dnsmasq-dhcp[31766]: read /var/lib/neutron/dhcp/68e9c5d0-c278-45e9-82a8-9777c73e974b/host
Jul 31 09:09:24 gtw01 dnsmasq-dhcp[31766]: read /var/lib/neutron/dhcp/68e9c5d0-c278-45e9-82a8-9777c73e974b/opts
Jul 31 09:09:25 gtw01 systemd-udevd[32008]: Process '/sbin/ip link set tap93660b3b-ff txqueuelen 10000' failed with exit code 1.
Jul 31 09:09:25 gtw01 dnsmasq[32025]: started, version 2.80 cachesize 150
Jul 31 09:09:25 gtw01 dnsmasq[32025]: DNS service limited to local subnets
Jul 31 09:09:25 gtw01 dnsmasq[32025]: compile time options: IPv6 GNU-getopt DBus i18n IDN DHCP DHCPv6 no-Lua TFTP conntrack ipset auth DNSSEC loop-detect inotify dumpfile
Jul 31 09:09:25 gtw01 dnsmasq[32025]: warning: no upstream servers configured
Jul 31 09:09:25 gtw01 dnsmasq-dhcp[32025]: DHCPv6, static leases only on 2003::, lease time 1h
Jul 31 09:09:25 gtw01 dnsmasq[32025]: read /var/lib/neutron/dhcp/4fa09ef1-12ee-44a0-a869-b0a7e03c4b4e/addn_hosts - 1 addresses
Jul 31 09:09:25 gtw01 dnsmasq-dhcp[32025]: read /var/lib/neutron/dhcp/4fa09ef1-12ee-44a0-a869-b0a7e03c4b4e/host
Jul 31 09:09:25 gtw01 dnsmasq-dhcp[32025]: read /var/lib/neutron/dhcp/4fa09ef1-12ee-44a0-a869-b0a7e03c4b4e/opts
Jul 31 09:09:26 gtw01 dnsmasq[32025]: read /var/lib/neutron/dhcp/4fa09ef1-12ee-44a0-a869-b0a7e03c4b4e/addn_hosts - 1 addresses
Jul 31 09:09:26 gtw01 dnsmasq-dhcp[32025]: read /var/lib/neutron/dhcp/4fa09ef1-12ee-44a0-a869-b0a7e03c4b4e/host
Jul 31 09:09:26 gtw01 dnsmasq-dhcp[32025]: read /var/lib/neutron/dhcp/4fa09ef1-12ee-44a0-a869-b0a7e03c4b4e/opts
Jul 31 09:09:26 gtw01 kernel: [ 6181.205655] device tap3033c7f7-ad entered promiscuous mode
Jul 31 09:09:26 gtw01 systemd-udevd[32105]: Could not generate persistent MAC address for tap3033c7f7-ad: No such file or directory
Jul 31 09:09:27 gtw01 systemd-udevd[32152]: Process '/sbin/ip link set tap3033c7f7-ad txqueuelen 10000' failed with exit code 1.
Jul 31 09:09:27 gtw01 dnsmasq[31766]: read /var/lib/neutron/dhcp/68e9c5d0-c278-45e9-82a8-9777c73e974b/addn_hosts - 2 addresses
Jul 31 09:09:27 gtw01 dnsmasq-dhcp[31766]: read /var/lib/neutron/dhcp/68e9c5d0-c278-45e9-82a8-9777c73e974b/host
Jul 31 09:09:27 gtw01 dnsmasq-dhcp[31766]: read /var/lib/neutron/dhcp/68e9c5d0-c278-45e9-82a8-9777c73e974b/opts
Jul 31 09:09:27 gtw01 dnsmasq[32176]: started, version 2.80 cachesize 150
Jul 31 09:09:27 gtw01 dnsmasq[32176]: DNS service limited to local subnets
Jul 31 09:09:27 gtw01 dnsmasq[32176]: compile time options: IPv6 GNU-getopt DBus i18n IDN DHCP DHCPv6 no-Lua TFTP conntrack ipset auth DNSSEC loop-detect inotify dumpfile
Jul 31 09:09:27 gtw01 dnsmasq[32176]: warning: no upstream servers configured
Jul 31 09:09:27 gtw01 dnsmasq-dhcp[32176]: DHCPv6, static leases only on 2003::, lease time 1h
Jul 31 09:09:27 gtw01 dnsmasq[32176]: read /var/lib/neutron/dhcp/e6e741b8-eca6-4bdf-8b00-28da9b3b8525/addn_hosts - 1 addresses
Jul 31 09:09:27 gtw01 dnsmasq-dhcp[32176]: read /var/lib/neutron/dhcp/e6e741b8-eca6-4bdf-8b00-28da9b3b8525/host
Jul 31 09:09:27 gtw01 dnsmasq-dhcp[32176]: read /var/lib/neutron/dhcp/e6e741b8-eca6-4bdf-8b00-28da9b3b8525/opts
Jul 31 09:09:28 gtw01 dnsmasq[32025]: read /var/lib/neutron/dhcp/4fa09ef1-12ee-44a0-a869-b0a7e03c4b4e/addn_hosts - 1 addresses
Jul 31 09:09:28 gtw01 dnsmasq-dhcp[32025]: read /var/lib/neutron/dhcp/4fa09ef1-12ee-44a0-a869-b0a7e03c4b4e/host
Jul 31 09:09:28 gtw01 dnsmasq-dhcp[32025]: read /var/lib/neutron/dhcp/4fa09ef1-12ee-44a0-a869-b0a7e03c4b4e/opts
Jul 31 09:09:28 gtw01 dnsmasq[22291]: read /var/lib/neutron/dhcp/8c41ee33-33c7-404f-821f-ff74d45be79a/addn_hosts - 1 addresses
Jul 31 09:09:28 gtw01 dnsmasq-dhcp[22291]: read /var/lib/neutron/dhcp/8c41ee33-33c7-404f-821f-ff74d45be79a/host
Jul 31 09:09:28 gtw01 dnsmasq-dhcp[22291]: read /var/lib/neutron/dhcp/8c41ee33-33c7-404f-821f-ff74d45be79a/opts
Jul 31 09:09:29 gtw01 dnsmasq[32176]: read /var/lib/neutron/dhcp/e6e741b8-eca6-4bdf-8b00-28da9b3b8525/addn_hosts - 1 addresses
Jul 31 09:09:29 gtw01 dnsmasq-dhcp[32176]: read /var/lib/neutron/dhcp/e6e741b8-eca6-4bdf-8b00-28da9b3b8525/host
Jul 31 09:09:29 gtw01 dnsmasq-dhcp[32176]: read /var/lib/neutron/dhcp/e6e741b8-eca6-4bdf-8b00-28da9b3b8525/opts
Jul 31 09:09:30 gtw01 dnsmasq[31766]: read /var/lib/neutron/dhcp/68e9c5d0-c278-45e9-82a8-9777c73e974b/addn_hosts - 2 addresses
Jul 31 09:09:30 gtw01 dnsmasq-dhcp[31766]: read /var/lib/neutron/dhcp/68e9c5d0-c278-45e9-82a8-9777c73e974b/host
Jul 31 09:09:30 gtw01 dnsmasq-dhcp[31766]: read /var/lib/neutron/dhcp/68e9c5d0-c278-45e9-82a8-9777c73e974b/opts
Jul 31 09:09:31 gtw01 dnsmasq[32025]: read /var/lib/neutron/dhcp/4fa09ef1-12ee-44a0-a869-b0a7e03c4b4e/addn_hosts - 2 addresses
Jul 31 09:09:31 gtw01 dnsmasq-dhcp[32025]: read /var/lib/neutron/dhcp/4fa09ef1-12ee-44a0-a869-b0a7e03c4b4e/host
Jul 31 09:09:31 gtw01 dnsmasq-dhcp[32025]: read /var/lib/neutron/dhcp/4fa09ef1-12ee-44a0-a869-b0a7e03c4b4e/opts
Jul 31 09:09:31 gtw01 dnsmasq[32176]: read /var/lib/neutron/dhcp/e6e741b8-eca6-4bdf-8b00-28da9b3b8525/addn_hosts - 1 addresses
Jul 31 09:09:31 gtw01 dnsmasq-dhcp[32176]: read /var/lib/neutron/dhcp/e6e741b8-eca6-4bdf-8b00-28da9b3b8525/host
Jul 31 09:09:31 gtw01 dnsmasq-dhcp[32176]: read /var/lib/neutron/dhcp/e6e741b8-eca6-4bdf-8b00-28da9b3b8525/opts
Jul 31 09:09:31 gtw01 dnsmasq[32344]: started, version 2.80 cachesize 150
Jul 31 09:09:31 gtw01 dnsmasq[32344]: DNS service limited to local subnets
Jul 31 09:09:31 gtw01 dnsmasq[32344]: compile time options: IPv6 GNU-getopt DBus i18n IDN DHCP DHCPv6 no-Lua TFTP conntrack ipset auth DNSSEC loop-detect inotify dumpfile
Jul 31 09:09:31 gtw01 dnsmasq[32344]: warning: no upstream servers configured
Jul 31 09:09:31 gtw01 dnsmasq-dhcp[32344]: DHCP, static leases only on 192.168.120.0, lease time 1h
Jul 31 09:09:31 gtw01 dnsmasq[32344]: read /var/lib/neutron/dhcp/24652107-1b60-4aa7-8925-9d2afb0ce136/addn_hosts - 1 addresses
Jul 31 09:09:31 gtw01 dnsmasq-dhcp[32344]: read /var/lib/neutron/dhcp/24652107-1b60-4aa7-8925-9d2afb0ce136/host
Jul 31 09:09:31 gtw01 dnsmasq-dhcp[32344]: read /var/lib/neutron/dhcp/24652107-1b60-4aa7-8925-9d2afb0ce136/opts
Jul 31 09:09:32 gtw01 haproxy-metadata-proxy-24652107-1b60-4aa7-8925-9d2afb0ce136[32364]: Proxy listener started.
Jul 31 09:09:32 gtw01 dnsmasq[31766]: read /var/lib/neutron/dhcp/68e9c5d0-c278-45e9-82a8-9777c73e974b/addn_hosts - 1 addresses
Jul 31 09:09:32 gtw01 dnsmasq-dhcp[31766]: read /var/lib/neutron/dhcp/68e9c5d0-c278-45e9-82a8-9777c73e974b/host
Jul 31 09:09:32 gtw01 dnsmasq-dhcp[31766]: read /var/lib/neutron/dhcp/68e9c5d0-c278-45e9-82a8-9777c73e974b/opts
Jul 31 09:09:33 gtw01 kernel: [ 6187.325756] device tap2e48ea6f-b0 left promiscuous mode
Jul 31 09:09:33 gtw01 dnsmasq[32025]: read /var/lib/neutron/dhcp/4fa09ef1-12ee-44a0-a869-b0a7e03c4b4e/addn_hosts - 2 addresses
Jul 31 09:09:33 gtw01 dnsmasq-dhcp[32025]: read /var/lib/neutron/dhcp/4fa09ef1-12ee-44a0-a869-b0a7e03c4b4e/host
Jul 31 09:09:33 gtw01 dnsmasq-dhcp[32025]: read /var/lib/neutron/dhcp/4fa09ef1-12ee-44a0-a869-b0a7e03c4b4e/opts
Jul 31 09:09:33 gtw01 dnsmasq[32176]: read /var/lib/neutron/dhcp/e6e741b8-eca6-4bdf-8b00-28da9b3b8525/addn_hosts - 1 addresses
Jul 31 09:09:33 gtw01 dnsmasq-dhcp[32176]: read /var/lib/neutron/dhcp/e6e741b8-eca6-4bdf-8b00-28da9b3b8525/host
Jul 31 09:09:33 gtw01 dnsmasq-dhcp[32176]: read /var/lib/neutron/dhcp/e6e741b8-eca6-4bdf-8b00-28da9b3b8525/opts
Jul 31 09:09:33 gtw01 dnsmasq[32421]: started, version 2.80 cachesize 150
Jul 31 09:09:33 gtw01 dnsmasq[32421]: DNS service limited to local subnets
Jul 31 09:09:33 gtw01 dnsmasq[32421]: compile time options: IPv6 GNU-getopt DBus i18n IDN DHCP DHCPv6 no-Lua TFTP conntrack ipset auth DNSSEC loop-detect inotify dumpfile
Jul 31 09:09:33 gtw01 dnsmasq[32421]: warning: no upstream servers configured
Jul 31 09:09:33 gtw01 dnsmasq-dhcp[32421]: DHCPv6, static leases only on 2003:0:1::, lease time 1h
Jul 31 09:09:33 gtw01 dnsmasq[32421]: read /var/lib/neutron/dhcp/bcdf9c19-2f7f-4671-8460-6b4cc5917e3f/addn_hosts - 1 addresses
Jul 31 09:09:33 gtw01 dnsmasq-dhcp[32421]: read /var/lib/neutron/dhcp/bcdf9c19-2f7f-4671-8460-6b4cc5917e3f/host
Jul 31 09:09:33 gtw01 dnsmasq-dhcp[32421]: read /var/lib/neutron/dhcp/bcdf9c19-2f7f-4671-8460-6b4cc5917e3f/opts
Jul 31 09:09:34 gtw01 kernel: [ 6188.549128] device tap3033c7f7-ad left promiscuous mode
Jul 31 09:09:34 gtw01 dnsmasq[32025]: read /var/lib/neutron/dhcp/4fa09ef1-12ee-44a0-a869-b0a7e03c4b4e/addn_hosts - 2 addresses
Jul 31 09:09:34 gtw01 dnsmasq-dhcp[32025]: read /var/lib/neutron/dhcp/4fa09ef1-12ee-44a0-a869-b0a7e03c4b4e/host
Jul 31 09:09:34 gtw01 dnsmasq-dhcp[32025]: read /var/lib/neutron/dhcp/4fa09ef1-12ee-44a0-a869-b0a7e03c4b4e/opts
Jul 31 09:09:35 gtw01 kernel: [ 6190.177565] device tapf32af26b-e2 left promiscuous mode
Jul 31 09:09:36 gtw01 dnsmasq[32025]: read /var/lib/neutron/dhcp/4fa09ef1-12ee-44a0-a869-b0a7e03c4b4e/addn_hosts - 1 addresses
Jul 31 09:09:36 gtw01 dnsmasq-dhcp[32025]: read /var/lib/neutron/dhcp/4fa09ef1-12ee-44a0-a869-b0a7e03c4b4e/host
Jul 31 09:09:36 gtw01 dnsmasq-dhcp[32025]: read /var/lib/neutron/dhcp/4fa09ef1-12ee-44a0-a869-b0a7e03c4b4e/opts
Jul 31 09:09:36 gtw01 dnsmasq[32522]: started, version 2.80 cachesize 150
Jul 31 09:09:36 gtw01 dnsmasq[32522]: DNS service limited to local subnets
Jul 31 09:09:36 gtw01 dnsmasq[32522]: compile time options: IPv6 GNU-getopt DBus i18n IDN DHCP DHCPv6 no-Lua TFTP conntrack ipset auth DNSSEC loop-detect inotify dumpfile
Jul 31 09:09:36 gtw01 dnsmasq[32522]: warning: no upstream servers configured
Jul 31 09:09:36 gtw01 dnsmasq-dhcp[32522]: DHCP, static leases only on 192.168.120.16, lease time 1h
Jul 31 09:09:36 gtw01 dnsmasq-dhcp[32522]: DHCP, static leases only on 192.168.120.32, lease time 1h
Jul 31 09:09:36 gtw01 dnsmasq-dhcp[32522]: DHCP, static leases only on 192.168.120.0, lease time 1h
Jul 31 09:09:36 gtw01 dnsmasq[32522]: read /var/lib/neutron/dhcp/24652107-1b60-4aa7-8925-9d2afb0ce136/addn_hosts - 4 addresses
Jul 31 09:09:36 gtw01 dnsmasq-dhcp[32522]: read /var/lib/neutron/dhcp/24652107-1b60-4aa7-8925-9d2afb0ce136/host
Jul 31 09:09:36 gtw01 dnsmasq-dhcp[32522]: read /var/lib/neutron/dhcp/24652107-1b60-4aa7-8925-9d2afb0ce136/opts
Jul 31 09:09:37 gtw01 dnsmasq-dhcp[32522]: DHCPRELEASE(tap93660b3b-ff) 192.168.120.2 fa:16:3e:16:87:8a
Jul 31 09:09:37 gtw01 kernel: [ 6191.850473] device tape7b337d3-96 left promiscuous mode
Jul 31 09:09:38 gtw01 dnsmasq[32522]: read /var/lib/neutron/dhcp/24652107-1b60-4aa7-8925-9d2afb0ce136/addn_hosts - 3 addresses
Jul 31 09:09:38 gtw01 dnsmasq-dhcp[32522]: read /var/lib/neutron/dhcp/24652107-1b60-4aa7-8925-9d2afb0ce136/host
Jul 31 09:09:38 gtw01 dnsmasq-dhcp[32522]: read /var/lib/neutron/dhcp/24652107-1b60-4aa7-8925-9d2afb0ce136/opts
Jul 31 09:09:40 gtw01 kernel: [ 6194.316954] device tap93660b3b-ff left promiscuous mode
Jul 31 09:09:40 gtw01 kernel: [ 6195.100999] device tap93660b3b-ff entered promiscuous mode
Jul 31 09:09:40 gtw01 systemd-udevd[32570]: Could not generate persistent MAC address for tap93660b3b-ff: No such file or directory
Jul 31 09:09:40 gtw01 systemd-udevd[32570]: Process '/sbin/ip link set tap93660b3b-ff txqueuelen 10000' failed with exit code 1.
Jul 31 09:09:42 gtw01 dnsmasq[11640]: read /var/lib/neutron/dhcp/77bf4829-020b-41ce-97aa-3081d67fcfed/addn_hosts - 3 addresses
Jul 31 09:09:42 gtw01 dnsmasq-dhcp[11640]: read /var/lib/neutron/dhcp/77bf4829-020b-41ce-97aa-3081d67fcfed/host
Jul 31 09:09:42 gtw01 dnsmasq-dhcp[11640]: read /var/lib/neutron/dhcp/77bf4829-020b-41ce-97aa-3081d67fcfed/opts
Jul 31 09:09:42 gtw01 kernel: [ 6196.826006] device tapd5af5476-6d left promiscuous mode
Jul 31 09:09:43 gtw01 dnsmasq[32696]: started, version 2.80 cachesize 150
Jul 31 09:09:43 gtw01 dnsmasq[32696]: DNS service limited to local subnets
Jul 31 09:09:43 gtw01 dnsmasq[32696]: compile time options: IPv6 GNU-getopt DBus i18n IDN DHCP DHCPv6 no-Lua TFTP conntrack ipset auth DNSSEC loop-detect inotify dumpfile
Jul 31 09:09:43 gtw01 dnsmasq[32696]: warning: no upstream servers configured
Jul 31 09:09:43 gtw01 dnsmasq-dhcp[32696]: DHCP, static leases only on 192.168.120.16, lease time 1h
Jul 31 09:09:43 gtw01 dnsmasq[32696]: read /var/lib/neutron/dhcp/24652107-1b60-4aa7-8925-9d2afb0ce136/addn_hosts - 1 addresses
Jul 31 09:09:43 gtw01 dnsmasq-dhcp[32696]: read /var/lib/neutron/dhcp/24652107-1b60-4aa7-8925-9d2afb0ce136/host
Jul 31 09:09:43 gtw01 dnsmasq-dhcp[32696]: read /var/lib/neutron/dhcp/24652107-1b60-4aa7-8925-9d2afb0ce136/opts
Jul 31 09:09:43 gtw01 dnsmasq[11640]: read /var/lib/neutron/dhcp/77bf4829-020b-41ce-97aa-3081d67fcfed/addn_hosts - 3 addresses
Jul 31 09:09:43 gtw01 dnsmasq-dhcp[11640]: read /var/lib/neutron/dhcp/77bf4829-020b-41ce-97aa-3081d67fcfed/host
Jul 31 09:09:43 gtw01 dnsmasq-dhcp[11640]: read /var/lib/neutron/dhcp/77bf4829-020b-41ce-97aa-3081d67fcfed/opts
Jul 31 09:09:44 gtw01 kernel: [ 6198.464711] device tap93660b3b-ff left promiscuous mode
Jul 31 09:09:44 gtw01 dnsmasq[11640]: read /var/lib/neutron/dhcp/77bf4829-020b-41ce-97aa-3081d67fcfed/addn_hosts - 3 addresses
Jul 31 09:09:44 gtw01 dnsmasq-dhcp[11640]: read /var/lib/neutron/dhcp/77bf4829-020b-41ce-97aa-3081d67fcfed/host
Jul 31 09:09:44 gtw01 dnsmasq-dhcp[11640]: read /var/lib/neutron/dhcp/77bf4829-020b-41ce-97aa-3081d67fcfed/opts
Jul 31 09:09:51 gtw01 kernel: [ 6206.163781] device tapc4535ff1-82 entered promiscuous mode
Jul 31 09:09:51 gtw01 systemd-udevd[32755]: Could not generate persistent MAC address for tapc4535ff1-82: No such file or directory
Jul 31 09:09:52 gtw01 systemd-udevd[336]: Process '/sbin/ip link set tapc4535ff1-82 txqueuelen 10000' failed with exit code 1.
Jul 31 09:09:52 gtw01 kernel: [ 6207.159487] device tapca14859a-41 entered promiscuous mode
Jul 31 09:09:52 gtw01 systemd-udevd[377]: Could not generate persistent MAC address for tapca14859a-41: No such file or directory
Jul 31 09:09:53 gtw01 systemd-udevd[434]: Process '/sbin/ip link set tapca14859a-41 txqueuelen 10000' failed with exit code 1.
Jul 31 09:09:54 gtw01 dnsmasq[11640]: read /var/lib/neutron/dhcp/77bf4829-020b-41ce-97aa-3081d67fcfed/addn_hosts - 2 addresses
Jul 31 09:09:54 gtw01 dnsmasq-dhcp[11640]: read /var/lib/neutron/dhcp/77bf4829-020b-41ce-97aa-3081d67fcfed/host
Jul 31 09:09:54 gtw01 dnsmasq-dhcp[11640]: read /var/lib/neutron/dhcp/77bf4829-020b-41ce-97aa-3081d67fcfed/opts
Jul 31 09:09:54 gtw01 systemd-udevd[511]: Could not generate persistent MAC address for tap9d382d21-20: No such file or directory
Jul 31 09:09:54 gtw01 kernel: [ 6208.713400] device tap9d382d21-20 entered promiscuous mode
Jul 31 09:09:54 gtw01 systemd-udevd[511]: Process '/sbin/ip link set tap9d382d21-20 txqueuelen 10000' failed with exit code 1.
Jul 31 09:09:56 gtw01 kernel: [ 6210.396244] device tapaedbfd9a-b9 entered promiscuous mode
Jul 31 09:09:56 gtw01 systemd-udevd[644]: Could not generate persistent MAC address for tapaedbfd9a-b9: No such file or directory
Jul 31 09:09:56 gtw01 systemd-udevd[693]: Process '/sbin/ip link set tapaedbfd9a-b9 txqueuelen 10000' failed with exit code 1.
Jul 31 09:09:56 gtw01 systemd-udevd[728]: Could not generate persistent MAC address for tap87768f2d-12: No such file or directory
Jul 31 09:09:56 gtw01 kernel: [ 6211.049392] device tap87768f2d-12 entered promiscuous mode
Jul 31 09:09:56 gtw01 systemd-udevd[773]: Process '/sbin/ip link set tap87768f2d-12 txqueuelen 10000' failed with exit code 1.
Jul 31 09:09:57 gtw01 dnsmasq[796]: started, version 2.80 cachesize 150
Jul 31 09:09:57 gtw01 dnsmasq[796]: DNS service limited to local subnets
Jul 31 09:09:57 gtw01 dnsmasq[796]: compile time options: IPv6 GNU-getopt DBus i18n IDN DHCP DHCPv6 no-Lua TFTP conntrack ipset auth DNSSEC loop-detect inotify dumpfile
Jul 31 09:09:57 gtw01 dnsmasq[796]: warning: no upstream servers configured
Jul 31 09:09:57 gtw01 dnsmasq-dhcp[796]: DHCP, static leases only on 192.168.120.0, lease time 1h
Jul 31 09:09:57 gtw01 dnsmasq[796]: read /var/lib/neutron/dhcp/db66c0ba-9b89-4bc4-9439-d238fc7f4fac/addn_hosts - 1 addresses
Jul 31 09:09:57 gtw01 dnsmasq-dhcp[796]: read /var/lib/neutron/dhcp/db66c0ba-9b89-4bc4-9439-d238fc7f4fac/host
Jul 31 09:09:57 gtw01 dnsmasq-dhcp[796]: read /var/lib/neutron/dhcp/db66c0ba-9b89-4bc4-9439-d238fc7f4fac/opts
Jul 31 09:09:57 gtw01 haproxy-metadata-proxy-db66c0ba-9b89-4bc4-9439-d238fc7f4fac[814]: Proxy listener started.
Jul 31 09:09:58 gtw01 dnsmasq[796]: read /var/lib/neutron/dhcp/db66c0ba-9b89-4bc4-9439-d238fc7f4fac/addn_hosts - 1 addresses
Jul 31 09:09:58 gtw01 dnsmasq-dhcp[796]: read /var/lib/neutron/dhcp/db66c0ba-9b89-4bc4-9439-d238fc7f4fac/host
Jul 31 09:09:58 gtw01 dnsmasq-dhcp[796]: read /var/lib/neutron/dhcp/db66c0ba-9b89-4bc4-9439-d238fc7f4fac/opts
Jul 31 09:09:59 gtw01 dnsmasq[879]: started, version 2.80 cachesize 150
Jul 31 09:09:59 gtw01 dnsmasq[879]: DNS service limited to local subnets
Jul 31 09:09:59 gtw01 dnsmasq[879]: compile time options: IPv6 GNU-getopt DBus i18n IDN DHCP DHCPv6 no-Lua TFTP conntrack ipset auth DNSSEC loop-detect inotify dumpfile
Jul 31 09:09:59 gtw01 dnsmasq[879]: warning: no upstream servers configured
Jul 31 09:09:59 gtw01 dnsmasq-dhcp[879]: DHCPv6, static leases only on 2003::, lease time 1h
Jul 31 09:09:59 gtw01 dnsmasq[879]: read /var/lib/neutron/dhcp/11d3e56b-ed2a-4591-81d1-15fc161037d1/addn_hosts - 1 addresses
Jul 31 09:09:59 gtw01 dnsmasq-dhcp[879]: read /var/lib/neutron/dhcp/11d3e56b-ed2a-4591-81d1-15fc161037d1/host
Jul 31 09:09:59 gtw01 dnsmasq-dhcp[879]: read /var/lib/neutron/dhcp/11d3e56b-ed2a-4591-81d1-15fc161037d1/opts
Jul 31 09:10:00 gtw01 dnsmasq[879]: read /var/lib/neutron/dhcp/11d3e56b-ed2a-4591-81d1-15fc161037d1/addn_hosts - 2 addresses
Jul 31 09:10:00 gtw01 dnsmasq-dhcp[879]: read /var/lib/neutron/dhcp/11d3e56b-ed2a-4591-81d1-15fc161037d1/host
Jul 31 09:10:00 gtw01 dnsmasq-dhcp[879]: read /var/lib/neutron/dhcp/11d3e56b-ed2a-4591-81d1-15fc161037d1/opts
Jul 31 09:10:00 gtw01 dnsmasq[941]: started, version 2.80 cachesize 150
Jul 31 09:10:00 gtw01 dnsmasq[941]: DNS service limited to local subnets
Jul 31 09:10:00 gtw01 dnsmasq[941]: compile time options: IPv6 GNU-getopt DBus i18n IDN DHCP DHCPv6 no-Lua TFTP conntrack ipset auth DNSSEC loop-detect inotify dumpfile
Jul 31 09:10:00 gtw01 dnsmasq[941]: warning: no upstream servers configured
Jul 31 09:10:00 gtw01 dnsmasq-dhcp[941]: DHCP, static leases only on 192.168.120.0, lease time 1h
Jul 31 09:10:00 gtw01 dnsmasq[941]: read /var/lib/neutron/dhcp/15c11ca1-323c-4751-bfa0-f1eb7522fa1d/addn_hosts - 1 addresses
Jul 31 09:10:00 gtw01 dnsmasq-dhcp[941]: read /var/lib/neutron/dhcp/15c11ca1-323c-4751-bfa0-f1eb7522fa1d/host
Jul 31 09:10:00 gtw01 dnsmasq-dhcp[941]: read /var/lib/neutron/dhcp/15c11ca1-323c-4751-bfa0-f1eb7522fa1d/opts
Jul 31 09:10:00 gtw01 dnsmasq[796]: read /var/lib/neutron/dhcp/db66c0ba-9b89-4bc4-9439-d238fc7f4fac/addn_hosts - 1 addresses
Jul 31 09:10:00 gtw01 dnsmasq-dhcp[796]: read /var/lib/neutron/dhcp/db66c0ba-9b89-4bc4-9439-d238fc7f4fac/host
Jul 31 09:10:00 gtw01 dnsmasq-dhcp[796]: read /var/lib/neutron/dhcp/db66c0ba-9b89-4bc4-9439-d238fc7f4fac/opts
Jul 31 09:10:01 gtw01 haproxy-metadata-proxy-15c11ca1-323c-4751-bfa0-f1eb7522fa1d[963]: Proxy listener started.
Jul 31 09:10:02 gtw01 dnsmasq[879]: read /var/lib/neutron/dhcp/11d3e56b-ed2a-4591-81d1-15fc161037d1/addn_hosts - 2 addresses
Jul 31 09:10:02 gtw01 dnsmasq-dhcp[879]: read /var/lib/neutron/dhcp/11d3e56b-ed2a-4591-81d1-15fc161037d1/host
Jul 31 09:10:02 gtw01 dnsmasq-dhcp[879]: read /var/lib/neutron/dhcp/11d3e56b-ed2a-4591-81d1-15fc161037d1/opts
Jul 31 09:10:02 gtw01 dnsmasq[941]: read /var/lib/neutron/dhcp/15c11ca1-323c-4751-bfa0-f1eb7522fa1d/addn_hosts - 1 addresses
Jul 31 09:10:02 gtw01 dnsmasq-dhcp[941]: read /var/lib/neutron/dhcp/15c11ca1-323c-4751-bfa0-f1eb7522fa1d/host
Jul 31 09:10:02 gtw01 dnsmasq-dhcp[941]: read /var/lib/neutron/dhcp/15c11ca1-323c-4751-bfa0-f1eb7522fa1d/opts
Jul 31 09:10:02 gtw01 dnsmasq[796]: read /var/lib/neutron/dhcp/db66c0ba-9b89-4bc4-9439-d238fc7f4fac/addn_hosts - 1 addresses
Jul 31 09:10:02 gtw01 dnsmasq-dhcp[796]: read /var/lib/neutron/dhcp/db66c0ba-9b89-4bc4-9439-d238fc7f4fac/host
Jul 31 09:10:02 gtw01 dnsmasq-dhcp[796]: read /var/lib/neutron/dhcp/db66c0ba-9b89-4bc4-9439-d238fc7f4fac/opts
Jul 31 09:10:03 gtw01 dnsmasq[1034]: started, version 2.80 cachesize 150
Jul 31 09:10:03 gtw01 dnsmasq[1034]: DNS service limited to local subnets
Jul 31 09:10:03 gtw01 dnsmasq[1034]: compile time options: IPv6 GNU-getopt DBus i18n IDN DHCP DHCPv6 no-Lua TFTP conntrack ipset auth DNSSEC loop-detect inotify dumpfile
Jul 31 09:10:03 gtw01 dnsmasq[1034]: warning: no upstream servers configured
Jul 31 09:10:03 gtw01 dnsmasq-dhcp[1034]: DHCPv6, static leases only on 2003:0:1::, lease time 1h
Jul 31 09:10:03 gtw01 dnsmasq[1034]: read /var/lib/neutron/dhcp/9b29891c-7540-4a9f-854e-78ee01482fdf/addn_hosts - 1 addresses
Jul 31 09:10:03 gtw01 dnsmasq-dhcp[1034]: read /var/lib/neutron/dhcp/9b29891c-7540-4a9f-854e-78ee01482fdf/host
Jul 31 09:10:03 gtw01 dnsmasq-dhcp[1034]: read /var/lib/neutron/dhcp/9b29891c-7540-4a9f-854e-78ee01482fdf/opts
Jul 31 09:10:03 gtw01 dnsmasq[1047]: started, version 2.80 cachesize 150
Jul 31 09:10:03 gtw01 dnsmasq[1047]: DNS service limited to local subnets
Jul 31 09:10:03 gtw01 dnsmasq[1047]: compile time options: IPv6 GNU-getopt DBus i18n IDN DHCP DHCPv6 no-Lua TFTP conntrack ipset auth DNSSEC loop-detect inotify dumpfile
Jul 31 09:10:03 gtw01 dnsmasq[1047]: warning: no upstream servers configured
Jul 31 09:10:03 gtw01 dnsmasq-dhcp[1047]: DHCP, static leases only on 192.168.120.0, lease time 1h
Jul 31 09:10:03 gtw01 dnsmasq[1047]: read /var/lib/neutron/dhcp/22b3d7fd-01ca-45fa-92cc-78d2670c5b62/addn_hosts - 1 addresses
Jul 31 09:10:03 gtw01 dnsmasq-dhcp[1047]: read /var/lib/neutron/dhcp/22b3d7fd-01ca-45fa-92cc-78d2670c5b62/host
Jul 31 09:10:03 gtw01 dnsmasq-dhcp[1047]: read /var/lib/neutron/dhcp/22b3d7fd-01ca-45fa-92cc-78d2670c5b62/opts
Jul 31 09:10:03 gtw01 haproxy-metadata-proxy-22b3d7fd-01ca-45fa-92cc-78d2670c5b62[1070]: Proxy listener started.
Jul 31 09:10:04 gtw01 dnsmasq[879]: read /var/lib/neutron/dhcp/11d3e56b-ed2a-4591-81d1-15fc161037d1/addn_hosts - 2 addresses
Jul 31 09:10:04 gtw01 dnsmasq-dhcp[879]: read /var/lib/neutron/dhcp/11d3e56b-ed2a-4591-81d1-15fc161037d1/host
Jul 31 09:10:04 gtw01 dnsmasq-dhcp[879]: read /var/lib/neutron/dhcp/11d3e56b-ed2a-4591-81d1-15fc161037d1/opts
Jul 31 09:10:04 gtw01 dnsmasq[1034]: read /var/lib/neutron/dhcp/9b29891c-7540-4a9f-854e-78ee01482fdf/addn_hosts - 1 addresses
Jul 31 09:10:04 gtw01 dnsmasq-dhcp[1034]: read /var/lib/neutron/dhcp/9b29891c-7540-4a9f-854e-78ee01482fdf/host
Jul 31 09:10:04 gtw01 dnsmasq-dhcp[1034]: read /var/lib/neutron/dhcp/9b29891c-7540-4a9f-854e-78ee01482fdf/opts
Jul 31 09:10:04 gtw01 dnsmasq[941]: read /var/lib/neutron/dhcp/15c11ca1-323c-4751-bfa0-f1eb7522fa1d/addn_hosts - 1 addresses
Jul 31 09:10:04 gtw01 dnsmasq-dhcp[941]: read /var/lib/neutron/dhcp/15c11ca1-323c-4751-bfa0-f1eb7522fa1d/host
Jul 31 09:10:04 gtw01 dnsmasq-dhcp[941]: read /var/lib/neutron/dhcp/15c11ca1-323c-4751-bfa0-f1eb7522fa1d/opts
Jul 31 09:10:05 gtw01 systemd-udevd[1121]: Could not generate persistent MAC address for tapb87046f7-43: No such file or directory
Jul 31 09:10:05 gtw01 kernel: [ 6219.317305] device tapb87046f7-43 entered promiscuous mode
Jul 31 09:10:05 gtw01 systemd-udevd[1168]: Process '/sbin/ip link set tapb87046f7-43 txqueuelen 10000' failed with exit code 1.
Jul 31 09:10:05 gtw01 dnsmasq[1047]: read /var/lib/neutron/dhcp/22b3d7fd-01ca-45fa-92cc-78d2670c5b62/addn_hosts - 1 addresses
Jul 31 09:10:05 gtw01 dnsmasq-dhcp[1047]: read /var/lib/neutron/dhcp/22b3d7fd-01ca-45fa-92cc-78d2670c5b62/host
Jul 31 09:10:05 gtw01 dnsmasq-dhcp[1047]: read /var/lib/neutron/dhcp/22b3d7fd-01ca-45fa-92cc-78d2670c5b62/opts
Jul 31 09:10:05 gtw01 dnsmasq[796]: read /var/lib/neutron/dhcp/db66c0ba-9b89-4bc4-9439-d238fc7f4fac/addn_hosts - 2 addresses
Jul 31 09:10:05 gtw01 dnsmasq-dhcp[796]: read /var/lib/neutron/dhcp/db66c0ba-9b89-4bc4-9439-d238fc7f4fac/host
Jul 31 09:10:05 gtw01 dnsmasq-dhcp[796]: read /var/lib/neutron/dhcp/db66c0ba-9b89-4bc4-9439-d238fc7f4fac/opts
Jul 31 09:10:06 gtw01 dnsmasq[879]: read /var/lib/neutron/dhcp/11d3e56b-ed2a-4591-81d1-15fc161037d1/addn_hosts - 2 addresses
Jul 31 09:10:06 gtw01 dnsmasq-dhcp[879]: read /var/lib/neutron/dhcp/11d3e56b-ed2a-4591-81d1-15fc161037d1/host
Jul 31 09:10:06 gtw01 dnsmasq-dhcp[879]: read /var/lib/neutron/dhcp/11d3e56b-ed2a-4591-81d1-15fc161037d1/opts
Jul 31 09:10:07 gtw01 dnsmasq[1034]: read /var/lib/neutron/dhcp/9b29891c-7540-4a9f-854e-78ee01482fdf/addn_hosts - 1 addresses
Jul 31 09:10:07 gtw01 dnsmasq-dhcp[1034]: read /var/lib/neutron/dhcp/9b29891c-7540-4a9f-854e-78ee01482fdf/host
Jul 31 09:10:07 gtw01 dnsmasq-dhcp[1034]: read /var/lib/neutron/dhcp/9b29891c-7540-4a9f-854e-78ee01482fdf/opts
Jul 31 09:10:07 gtw01 dnsmasq[941]: read /var/lib/neutron/dhcp/15c11ca1-323c-4751-bfa0-f1eb7522fa1d/addn_hosts - 2 addresses
Jul 31 09:10:07 gtw01 dnsmasq-dhcp[941]: read /var/lib/neutron/dhcp/15c11ca1-323c-4751-bfa0-f1eb7522fa1d/host
Jul 31 09:10:07 gtw01 dnsmasq-dhcp[941]: read /var/lib/neutron/dhcp/15c11ca1-323c-4751-bfa0-f1eb7522fa1d/opts
Jul 31 09:10:07 gtw01 dnsmasq[1047]: read /var/lib/neutron/dhcp/22b3d7fd-01ca-45fa-92cc-78d2670c5b62/addn_hosts - 1 addresses
Jul 31 09:10:07 gtw01 dnsmasq-dhcp[1047]: read /var/lib/neutron/dhcp/22b3d7fd-01ca-45fa-92cc-78d2670c5b62/host
Jul 31 09:10:07 gtw01 dnsmasq-dhcp[1047]: read /var/lib/neutron/dhcp/22b3d7fd-01ca-45fa-92cc-78d2670c5b62/opts
Jul 31 09:10:08 gtw01 dnsmasq[796]: read /var/lib/neutron/dhcp/db66c0ba-9b89-4bc4-9439-d238fc7f4fac/addn_hosts - 2 addresses
Jul 31 09:10:08 gtw01 dnsmasq-dhcp[796]: read /var/lib/neutron/dhcp/db66c0ba-9b89-4bc4-9439-d238fc7f4fac/host
Jul 31 09:10:08 gtw01 dnsmasq-dhcp[796]: read /var/lib/neutron/dhcp/db66c0ba-9b89-4bc4-9439-d238fc7f4fac/opts
Jul 31 09:10:08 gtw01 dnsmasq[879]: read /var/lib/neutron/dhcp/11d3e56b-ed2a-4591-81d1-15fc161037d1/addn_hosts - 2 addresses
Jul 31 09:10:08 gtw01 dnsmasq-dhcp[879]: read /var/lib/neutron/dhcp/11d3e56b-ed2a-4591-81d1-15fc161037d1/host
Jul 31 09:10:08 gtw01 dnsmasq-dhcp[879]: read /var/lib/neutron/dhcp/11d3e56b-ed2a-4591-81d1-15fc161037d1/opts
Jul 31 09:10:09 gtw01 dnsmasq[941]: read /var/lib/neutron/dhcp/15c11ca1-323c-4751-bfa0-f1eb7522fa1d/addn_hosts - 2 addresses
Jul 31 09:10:09 gtw01 dnsmasq-dhcp[941]: read /var/lib/neutron/dhcp/15c11ca1-323c-4751-bfa0-f1eb7522fa1d/host
Jul 31 09:10:09 gtw01 dnsmasq-dhcp[941]: read /var/lib/neutron/dhcp/15c11ca1-323c-4751-bfa0-f1eb7522fa1d/opts
Jul 31 09:10:09 gtw01 kernel: [ 6223.716393] device tapaedbfd9a-b9 left promiscuous mode
Jul 31 09:10:09 gtw01 dnsmasq[1047]: read /var/lib/neutron/dhcp/22b3d7fd-01ca-45fa-92cc-78d2670c5b62/addn_hosts - 1 addresses
Jul 31 09:10:09 gtw01 dnsmasq-dhcp[1047]: read /var/lib/neutron/dhcp/22b3d7fd-01ca-45fa-92cc-78d2670c5b62/host
Jul 31 09:10:09 gtw01 dnsmasq-dhcp[1047]: read /var/lib/neutron/dhcp/22b3d7fd-01ca-45fa-92cc-78d2670c5b62/opts
Jul 31 09:10:10 gtw01 dnsmasq[796]: read /var/lib/neutron/dhcp/db66c0ba-9b89-4bc4-9439-d238fc7f4fac/addn_hosts - 1 addresses
Jul 31 09:10:10 gtw01 dnsmasq-dhcp[796]: read /var/lib/neutron/dhcp/db66c0ba-9b89-4bc4-9439-d238fc7f4fac/host
Jul 31 09:10:10 gtw01 dnsmasq-dhcp[796]: read /var/lib/neutron/dhcp/db66c0ba-9b89-4bc4-9439-d238fc7f4fac/opts
