Jul 31 08:53:05 gtw01 dnsmasq[15980]: started, version 2.80 cachesize 150
Jul 31 08:53:05 gtw01 dnsmasq[15980]: DNS service limited to local subnets
Jul 31 08:53:05 gtw01 dnsmasq[15980]: compile time options: IPv6 GNU-getopt DBus i18n IDN DHCP DHCPv6 no-Lua TFTP conntrack ipset auth DNSSEC loop-detect inotify dumpfile
Jul 31 08:53:05 gtw01 dnsmasq[15980]: warning: no upstream servers configured
Jul 31 08:53:05 gtw01 dnsmasq-dhcp[15980]: DHCP, static leases only on 192.168.120.0, lease time 1h
Jul 31 08:53:05 gtw01 dnsmasq[15980]: read /var/lib/neutron/dhcp/312f5c54-1ecd-4d66-a658-39672beab10d/addn_hosts - 1 addresses
Jul 31 08:53:05 gtw01 dnsmasq-dhcp[15980]: read /var/lib/neutron/dhcp/312f5c54-1ecd-4d66-a658-39672beab10d/host
Jul 31 08:53:05 gtw01 dnsmasq-dhcp[15980]: read /var/lib/neutron/dhcp/312f5c54-1ecd-4d66-a658-39672beab10d/opts
Jul 31 08:53:06 gtw01 haproxy-metadata-proxy-312f5c54-1ecd-4d66-a658-39672beab10d[15984]: Proxy listener started.
Jul 31 08:53:06 gtw01 dnsmasq[15980]: read /var/lib/neutron/dhcp/312f5c54-1ecd-4d66-a658-39672beab10d/addn_hosts - 2 addresses
Jul 31 08:53:06 gtw01 dnsmasq-dhcp[15980]: read /var/lib/neutron/dhcp/312f5c54-1ecd-4d66-a658-39672beab10d/host
Jul 31 08:53:06 gtw01 dnsmasq-dhcp[15980]: read /var/lib/neutron/dhcp/312f5c54-1ecd-4d66-a658-39672beab10d/opts
Jul 31 08:53:07 gtw01 dnsmasq-dhcp[15632]: DHCPDISCOVER(tapa0233bd3-58) fa:16:3e:07:8d:7b
Jul 31 08:53:07 gtw01 dnsmasq-dhcp[15632]: DHCPOFFER(tapa0233bd3-58) 192.168.120.8 fa:16:3e:07:8d:7b
Jul 31 08:53:07 gtw01 dnsmasq-dhcp[15632]: DHCPREQUEST(tapa0233bd3-58) 192.168.120.8 fa:16:3e:07:8d:7b
Jul 31 08:53:07 gtw01 dnsmasq-dhcp[15632]: DHCPACK(tapa0233bd3-58) 192.168.120.8 fa:16:3e:07:8d:7b host-192-168-120-8
Jul 31 08:53:07 gtw01 dnsmasq[15980]: read /var/lib/neutron/dhcp/312f5c54-1ecd-4d66-a658-39672beab10d/addn_hosts - 2 addresses
Jul 31 08:53:07 gtw01 dnsmasq-dhcp[15980]: read /var/lib/neutron/dhcp/312f5c54-1ecd-4d66-a658-39672beab10d/host
Jul 31 08:53:07 gtw01 dnsmasq-dhcp[15980]: read /var/lib/neutron/dhcp/312f5c54-1ecd-4d66-a658-39672beab10d/opts
Jul 31 08:53:08 gtw01 dnsmasq[15980]: read /var/lib/neutron/dhcp/312f5c54-1ecd-4d66-a658-39672beab10d/addn_hosts - 2 addresses
Jul 31 08:53:08 gtw01 dnsmasq-dhcp[15980]: read /var/lib/neutron/dhcp/312f5c54-1ecd-4d66-a658-39672beab10d/host
Jul 31 08:53:08 gtw01 dnsmasq-dhcp[15980]: read /var/lib/neutron/dhcp/312f5c54-1ecd-4d66-a658-39672beab10d/opts
Jul 31 08:53:09 gtw01 dnsmasq[15980]: read /var/lib/neutron/dhcp/312f5c54-1ecd-4d66-a658-39672beab10d/addn_hosts - 2 addresses
Jul 31 08:53:09 gtw01 dnsmasq-dhcp[15980]: read /var/lib/neutron/dhcp/312f5c54-1ecd-4d66-a658-39672beab10d/host
Jul 31 08:53:09 gtw01 dnsmasq-dhcp[15980]: read /var/lib/neutron/dhcp/312f5c54-1ecd-4d66-a658-39672beab10d/opts
Jul 31 08:53:10 gtw01 dnsmasq[15980]: read /var/lib/neutron/dhcp/312f5c54-1ecd-4d66-a658-39672beab10d/addn_hosts - 2 addresses
Jul 31 08:53:10 gtw01 dnsmasq-dhcp[15980]: read /var/lib/neutron/dhcp/312f5c54-1ecd-4d66-a658-39672beab10d/host
Jul 31 08:53:10 gtw01 dnsmasq-dhcp[15980]: read /var/lib/neutron/dhcp/312f5c54-1ecd-4d66-a658-39672beab10d/opts
Jul 31 08:53:11 gtw01 dnsmasq[11640]: read /var/lib/neutron/dhcp/77bf4829-020b-41ce-97aa-3081d67fcfed/addn_hosts - 6 addresses
Jul 31 08:53:11 gtw01 dnsmasq-dhcp[11640]: read /var/lib/neutron/dhcp/77bf4829-020b-41ce-97aa-3081d67fcfed/host
Jul 31 08:53:11 gtw01 dnsmasq-dhcp[11640]: read /var/lib/neutron/dhcp/77bf4829-020b-41ce-97aa-3081d67fcfed/opts
Jul 31 08:53:12 gtw01 dnsmasq[11640]: read /var/lib/neutron/dhcp/77bf4829-020b-41ce-97aa-3081d67fcfed/addn_hosts - 6 addresses
Jul 31 08:53:12 gtw01 dnsmasq-dhcp[11640]: read /var/lib/neutron/dhcp/77bf4829-020b-41ce-97aa-3081d67fcfed/host
Jul 31 08:53:12 gtw01 dnsmasq-dhcp[11640]: read /var/lib/neutron/dhcp/77bf4829-020b-41ce-97aa-3081d67fcfed/opts
Jul 31 08:53:12 gtw01 dnsmasq[15632]: read /var/lib/neutron/dhcp/fb99a306-17d9-48f0-99d6-c0e6c9cdcf7a/addn_hosts - 4 addresses
Jul 31 08:53:12 gtw01 dnsmasq-dhcp[15632]: read /var/lib/neutron/dhcp/fb99a306-17d9-48f0-99d6-c0e6c9cdcf7a/host
Jul 31 08:53:12 gtw01 dnsmasq-dhcp[15632]: read /var/lib/neutron/dhcp/fb99a306-17d9-48f0-99d6-c0e6c9cdcf7a/opts
Jul 31 08:53:13 gtw01 dnsmasq[11640]: read /var/lib/neutron/dhcp/77bf4829-020b-41ce-97aa-3081d67fcfed/addn_hosts - 6 addresses
Jul 31 08:53:13 gtw01 dnsmasq-dhcp[11640]: read /var/lib/neutron/dhcp/77bf4829-020b-41ce-97aa-3081d67fcfed/host
Jul 31 08:53:13 gtw01 dnsmasq-dhcp[11640]: read /var/lib/neutron/dhcp/77bf4829-020b-41ce-97aa-3081d67fcfed/opts
Jul 31 08:53:17 gtw01 dnsmasq[15632]: read /var/lib/neutron/dhcp/fb99a306-17d9-48f0-99d6-c0e6c9cdcf7a/addn_hosts - 3 addresses
Jul 31 08:53:17 gtw01 dnsmasq-dhcp[15632]: read /var/lib/neutron/dhcp/fb99a306-17d9-48f0-99d6-c0e6c9cdcf7a/host
Jul 31 08:53:17 gtw01 dnsmasq-dhcp[15632]: read /var/lib/neutron/dhcp/fb99a306-17d9-48f0-99d6-c0e6c9cdcf7a/opts
Jul 31 08:53:17 gtw01 dnsmasq[15980]: read /var/lib/neutron/dhcp/312f5c54-1ecd-4d66-a658-39672beab10d/addn_hosts - 1 addresses
Jul 31 08:53:17 gtw01 dnsmasq-dhcp[15980]: read /var/lib/neutron/dhcp/312f5c54-1ecd-4d66-a658-39672beab10d/host
Jul 31 08:53:17 gtw01 dnsmasq-dhcp[15980]: read /var/lib/neutron/dhcp/312f5c54-1ecd-4d66-a658-39672beab10d/opts
Jul 31 08:53:19 gtw01 dnsmasq-dhcp[15632]: DHCPRELEASE(tapa0233bd3-58) 192.168.120.8 fa:16:3e:07:8d:7b
Jul 31 08:53:19 gtw01 dnsmasq-dhcp[15632]: DHCPRELEASE(tapa0233bd3-58) 192.168.120.8 fa:16:3e:07:8d:7b unknown lease
Jul 31 08:53:20 gtw01 dnsmasq[15632]: read /var/lib/neutron/dhcp/fb99a306-17d9-48f0-99d6-c0e6c9cdcf7a/addn_hosts - 2 addresses
Jul 31 08:53:20 gtw01 dnsmasq-dhcp[15632]: read /var/lib/neutron/dhcp/fb99a306-17d9-48f0-99d6-c0e6c9cdcf7a/host
Jul 31 08:53:20 gtw01 dnsmasq-dhcp[15632]: read /var/lib/neutron/dhcp/fb99a306-17d9-48f0-99d6-c0e6c9cdcf7a/opts
Jul 31 08:53:24 gtw01 dnsmasq[11640]: read /var/lib/neutron/dhcp/77bf4829-020b-41ce-97aa-3081d67fcfed/addn_hosts - 5 addresses
Jul 31 08:53:24 gtw01 dnsmasq-dhcp[11640]: read /var/lib/neutron/dhcp/77bf4829-020b-41ce-97aa-3081d67fcfed/host
Jul 31 08:53:24 gtw01 dnsmasq-dhcp[11640]: read /var/lib/neutron/dhcp/77bf4829-020b-41ce-97aa-3081d67fcfed/opts
Jul 31 08:53:24 gtw01 kernel: [ 5218.891080] device tap0bec78b8-fa left promiscuous mode
Jul 31 08:53:24 gtw01 dnsmasq[15632]: read /var/lib/neutron/dhcp/fb99a306-17d9-48f0-99d6-c0e6c9cdcf7a/addn_hosts - 1 addresses
Jul 31 08:53:24 gtw01 dnsmasq-dhcp[15632]: read /var/lib/neutron/dhcp/fb99a306-17d9-48f0-99d6-c0e6c9cdcf7a/host
Jul 31 08:53:24 gtw01 dnsmasq-dhcp[15632]: read /var/lib/neutron/dhcp/fb99a306-17d9-48f0-99d6-c0e6c9cdcf7a/opts
Jul 31 08:53:28 gtw01 dnsmasq[11640]: read /var/lib/neutron/dhcp/77bf4829-020b-41ce-97aa-3081d67fcfed/addn_hosts - 6 addresses
Jul 31 08:53:28 gtw01 dnsmasq-dhcp[11640]: read /var/lib/neutron/dhcp/77bf4829-020b-41ce-97aa-3081d67fcfed/host
Jul 31 08:53:28 gtw01 dnsmasq-dhcp[11640]: read /var/lib/neutron/dhcp/77bf4829-020b-41ce-97aa-3081d67fcfed/opts
Jul 31 08:53:29 gtw01 dnsmasq[11640]: read /var/lib/neutron/dhcp/77bf4829-020b-41ce-97aa-3081d67fcfed/addn_hosts - 6 addresses
Jul 31 08:53:29 gtw01 dnsmasq-dhcp[11640]: read /var/lib/neutron/dhcp/77bf4829-020b-41ce-97aa-3081d67fcfed/host
Jul 31 08:53:29 gtw01 dnsmasq-dhcp[11640]: read /var/lib/neutron/dhcp/77bf4829-020b-41ce-97aa-3081d67fcfed/opts
Jul 31 08:53:29 gtw01 kernel: [ 5223.436577] device tapa0233bd3-58 left promiscuous mode
Jul 31 08:53:30 gtw01 dnsmasq[11640]: read /var/lib/neutron/dhcp/77bf4829-020b-41ce-97aa-3081d67fcfed/addn_hosts - 6 addresses
Jul 31 08:53:30 gtw01 dnsmasq-dhcp[11640]: read /var/lib/neutron/dhcp/77bf4829-020b-41ce-97aa-3081d67fcfed/host
Jul 31 08:53:30 gtw01 dnsmasq-dhcp[11640]: read /var/lib/neutron/dhcp/77bf4829-020b-41ce-97aa-3081d67fcfed/opts
Jul 31 08:53:33 gtw01 kernel: [ 5227.635377] device tap9c9d3a9f-e9 entered promiscuous mode
Jul 31 08:53:33 gtw01 systemd-udevd[16305]: Could not generate persistent MAC address for tap9c9d3a9f-e9: No such file or directory
Jul 31 08:53:33 gtw01 systemd-udevd[16305]: Process '/sbin/ip link set tap9c9d3a9f-e9 txqueuelen 10000' failed with exit code 1.
Jul 31 08:53:33 gtw01 systemd-udevd[16305]: Process '/sbin/ip link set tap9c9d3a9f-e9 txqueuelen 10000' failed with exit code 1.
Jul 31 08:53:36 gtw01 dnsmasq[16417]: started, version 2.80 cachesize 150
Jul 31 08:53:36 gtw01 dnsmasq[16417]: DNS service limited to local subnets
Jul 31 08:53:36 gtw01 dnsmasq[16417]: compile time options: IPv6 GNU-getopt DBus i18n IDN DHCP DHCPv6 no-Lua TFTP conntrack ipset auth DNSSEC loop-detect inotify dumpfile
Jul 31 08:53:36 gtw01 dnsmasq[16417]: warning: no upstream servers configured
Jul 31 08:53:36 gtw01 dnsmasq-dhcp[16417]: DHCP, static leases only on 192.168.120.0, lease time 1h
Jul 31 08:53:36 gtw01 dnsmasq[16417]: read /var/lib/neutron/dhcp/9c964b3d-8a0f-4790-839d-0fb978d35d24/addn_hosts - 1 addresses
Jul 31 08:53:36 gtw01 dnsmasq-dhcp[16417]: read /var/lib/neutron/dhcp/9c964b3d-8a0f-4790-839d-0fb978d35d24/host
Jul 31 08:53:36 gtw01 dnsmasq-dhcp[16417]: read /var/lib/neutron/dhcp/9c964b3d-8a0f-4790-839d-0fb978d35d24/opts
Jul 31 08:53:36 gtw01 haproxy-metadata-proxy-9c964b3d-8a0f-4790-839d-0fb978d35d24[16421]: Proxy listener started.
Jul 31 08:53:37 gtw01 dnsmasq[11640]: read /var/lib/neutron/dhcp/77bf4829-020b-41ce-97aa-3081d67fcfed/addn_hosts - 5 addresses
Jul 31 08:53:37 gtw01 dnsmasq-dhcp[11640]: read /var/lib/neutron/dhcp/77bf4829-020b-41ce-97aa-3081d67fcfed/host
Jul 31 08:53:37 gtw01 dnsmasq-dhcp[11640]: read /var/lib/neutron/dhcp/77bf4829-020b-41ce-97aa-3081d67fcfed/opts
Jul 31 08:53:37 gtw01 dnsmasq[16417]: read /var/lib/neutron/dhcp/9c964b3d-8a0f-4790-839d-0fb978d35d24/addn_hosts - 2 addresses
Jul 31 08:53:37 gtw01 dnsmasq-dhcp[16417]: read /var/lib/neutron/dhcp/9c964b3d-8a0f-4790-839d-0fb978d35d24/host
Jul 31 08:53:37 gtw01 dnsmasq-dhcp[16417]: read /var/lib/neutron/dhcp/9c964b3d-8a0f-4790-839d-0fb978d35d24/opts
Jul 31 08:53:37 gtw01 dnsmasq[11640]: read /var/lib/neutron/dhcp/77bf4829-020b-41ce-97aa-3081d67fcfed/addn_hosts - 6 addresses
Jul 31 08:53:37 gtw01 dnsmasq-dhcp[11640]: read /var/lib/neutron/dhcp/77bf4829-020b-41ce-97aa-3081d67fcfed/host
Jul 31 08:53:37 gtw01 dnsmasq-dhcp[11640]: read /var/lib/neutron/dhcp/77bf4829-020b-41ce-97aa-3081d67fcfed/opts
Jul 31 08:53:38 gtw01 dnsmasq[16417]: read /var/lib/neutron/dhcp/9c964b3d-8a0f-4790-839d-0fb978d35d24/addn_hosts - 2 addresses
Jul 31 08:53:38 gtw01 dnsmasq-dhcp[16417]: read /var/lib/neutron/dhcp/9c964b3d-8a0f-4790-839d-0fb978d35d24/host
Jul 31 08:53:38 gtw01 dnsmasq-dhcp[16417]: read /var/lib/neutron/dhcp/9c964b3d-8a0f-4790-839d-0fb978d35d24/opts
Jul 31 08:53:38 gtw01 dnsmasq[11640]: read /var/lib/neutron/dhcp/77bf4829-020b-41ce-97aa-3081d67fcfed/addn_hosts - 6 addresses
Jul 31 08:53:38 gtw01 dnsmasq-dhcp[11640]: read /var/lib/neutron/dhcp/77bf4829-020b-41ce-97aa-3081d67fcfed/host
Jul 31 08:53:38 gtw01 dnsmasq-dhcp[11640]: read /var/lib/neutron/dhcp/77bf4829-020b-41ce-97aa-3081d67fcfed/opts
Jul 31 08:53:39 gtw01 dnsmasq[16417]: read /var/lib/neutron/dhcp/9c964b3d-8a0f-4790-839d-0fb978d35d24/addn_hosts - 2 addresses
Jul 31 08:53:39 gtw01 dnsmasq-dhcp[16417]: read /var/lib/neutron/dhcp/9c964b3d-8a0f-4790-839d-0fb978d35d24/host
Jul 31 08:53:39 gtw01 dnsmasq-dhcp[16417]: read /var/lib/neutron/dhcp/9c964b3d-8a0f-4790-839d-0fb978d35d24/opts
Jul 31 08:53:39 gtw01 dnsmasq[11640]: read /var/lib/neutron/dhcp/77bf4829-020b-41ce-97aa-3081d67fcfed/addn_hosts - 6 addresses
Jul 31 08:53:39 gtw01 dnsmasq-dhcp[11640]: read /var/lib/neutron/dhcp/77bf4829-020b-41ce-97aa-3081d67fcfed/host
Jul 31 08:53:39 gtw01 dnsmasq-dhcp[11640]: read /var/lib/neutron/dhcp/77bf4829-020b-41ce-97aa-3081d67fcfed/opts
Jul 31 08:53:39 gtw01 dnsmasq-dhcp[11640]: DHCPDISCOVER(tap40c8bd2b-24) fa:16:3e:52:2c:44
Jul 31 08:53:39 gtw01 dnsmasq-dhcp[11640]: DHCPOFFER(tap40c8bd2b-24) 192.168.120.4 fa:16:3e:52:2c:44
Jul 31 08:53:39 gtw01 dnsmasq-dhcp[11640]: DHCPREQUEST(tap40c8bd2b-24) 192.168.120.4 fa:16:3e:52:2c:44
Jul 31 08:53:39 gtw01 dnsmasq-dhcp[11640]: DHCPACK(tap40c8bd2b-24) 192.168.120.4 fa:16:3e:52:2c:44 host-192-168-120-4
Jul 31 08:53:40 gtw01 dnsmasq[16417]: read /var/lib/neutron/dhcp/9c964b3d-8a0f-4790-839d-0fb978d35d24/addn_hosts - 2 addresses
Jul 31 08:53:40 gtw01 dnsmasq-dhcp[16417]: read /var/lib/neutron/dhcp/9c964b3d-8a0f-4790-839d-0fb978d35d24/host
Jul 31 08:53:40 gtw01 dnsmasq-dhcp[16417]: read /var/lib/neutron/dhcp/9c964b3d-8a0f-4790-839d-0fb978d35d24/opts
Jul 31 08:53:41 gtw01 dnsmasq[16417]: read /var/lib/neutron/dhcp/9c964b3d-8a0f-4790-839d-0fb978d35d24/addn_hosts - 2 addresses
Jul 31 08:53:41 gtw01 dnsmasq-dhcp[16417]: read /var/lib/neutron/dhcp/9c964b3d-8a0f-4790-839d-0fb978d35d24/host
Jul 31 08:53:41 gtw01 dnsmasq-dhcp[16417]: read /var/lib/neutron/dhcp/9c964b3d-8a0f-4790-839d-0fb978d35d24/opts
Jul 31 08:53:42 gtw01 dnsmasq[16417]: read /var/lib/neutron/dhcp/9c964b3d-8a0f-4790-839d-0fb978d35d24/addn_hosts - 3 addresses
Jul 31 08:53:42 gtw01 dnsmasq-dhcp[16417]: read /var/lib/neutron/dhcp/9c964b3d-8a0f-4790-839d-0fb978d35d24/host
Jul 31 08:53:42 gtw01 dnsmasq-dhcp[16417]: read /var/lib/neutron/dhcp/9c964b3d-8a0f-4790-839d-0fb978d35d24/opts
Jul 31 08:53:42 gtw01 dnsmasq[16417]: read /var/lib/neutron/dhcp/9c964b3d-8a0f-4790-839d-0fb978d35d24/addn_hosts - 3 addresses
Jul 31 08:53:42 gtw01 dnsmasq-dhcp[16417]: read /var/lib/neutron/dhcp/9c964b3d-8a0f-4790-839d-0fb978d35d24/host
Jul 31 08:53:42 gtw01 dnsmasq-dhcp[16417]: read /var/lib/neutron/dhcp/9c964b3d-8a0f-4790-839d-0fb978d35d24/opts
Jul 31 08:53:43 gtw01 dnsmasq[11640]: read /var/lib/neutron/dhcp/77bf4829-020b-41ce-97aa-3081d67fcfed/addn_hosts - 7 addresses
Jul 31 08:53:43 gtw01 dnsmasq-dhcp[11640]: read /var/lib/neutron/dhcp/77bf4829-020b-41ce-97aa-3081d67fcfed/host
Jul 31 08:53:43 gtw01 dnsmasq-dhcp[11640]: read /var/lib/neutron/dhcp/77bf4829-020b-41ce-97aa-3081d67fcfed/opts
Jul 31 08:53:43 gtw01 dnsmasq[16417]: read /var/lib/neutron/dhcp/9c964b3d-8a0f-4790-839d-0fb978d35d24/addn_hosts - 3 addresses
Jul 31 08:53:43 gtw01 dnsmasq-dhcp[16417]: read /var/lib/neutron/dhcp/9c964b3d-8a0f-4790-839d-0fb978d35d24/host
Jul 31 08:53:43 gtw01 dnsmasq-dhcp[16417]: read /var/lib/neutron/dhcp/9c964b3d-8a0f-4790-839d-0fb978d35d24/opts
Jul 31 08:53:44 gtw01 dnsmasq[11640]: read /var/lib/neutron/dhcp/77bf4829-020b-41ce-97aa-3081d67fcfed/addn_hosts - 7 addresses
Jul 31 08:53:44 gtw01 dnsmasq-dhcp[11640]: read /var/lib/neutron/dhcp/77bf4829-020b-41ce-97aa-3081d67fcfed/host
Jul 31 08:53:44 gtw01 dnsmasq-dhcp[11640]: read /var/lib/neutron/dhcp/77bf4829-020b-41ce-97aa-3081d67fcfed/opts
Jul 31 08:53:45 gtw01 dnsmasq[11640]: read /var/lib/neutron/dhcp/77bf4829-020b-41ce-97aa-3081d67fcfed/addn_hosts - 7 addresses
Jul 31 08:53:45 gtw01 dnsmasq-dhcp[11640]: read /var/lib/neutron/dhcp/77bf4829-020b-41ce-97aa-3081d67fcfed/host
Jul 31 08:53:45 gtw01 dnsmasq-dhcp[11640]: read /var/lib/neutron/dhcp/77bf4829-020b-41ce-97aa-3081d67fcfed/opts
Jul 31 08:53:45 gtw01 dnsmasq[11640]: read /var/lib/neutron/dhcp/77bf4829-020b-41ce-97aa-3081d67fcfed/addn_hosts - 6 addresses
Jul 31 08:53:45 gtw01 dnsmasq-dhcp[11640]: read /var/lib/neutron/dhcp/77bf4829-020b-41ce-97aa-3081d67fcfed/host
Jul 31 08:53:45 gtw01 dnsmasq-dhcp[11640]: read /var/lib/neutron/dhcp/77bf4829-020b-41ce-97aa-3081d67fcfed/opts
Jul 31 08:53:47 gtw01 dnsmasq-dhcp[11640]: DHCPRELEASE(tap40c8bd2b-24) 192.168.120.15 fa:16:3e:d8:48:11
Jul 31 08:53:47 gtw01 dnsmasq-dhcp[11640]: DHCPRELEASE(tap40c8bd2b-24) 192.168.120.15 fa:16:3e:d8:48:11 unknown lease
Jul 31 08:53:48 gtw01 dnsmasq[11640]: read /var/lib/neutron/dhcp/77bf4829-020b-41ce-97aa-3081d67fcfed/addn_hosts - 5 addresses
Jul 31 08:53:48 gtw01 dnsmasq-dhcp[11640]: read /var/lib/neutron/dhcp/77bf4829-020b-41ce-97aa-3081d67fcfed/host
Jul 31 08:53:48 gtw01 dnsmasq-dhcp[11640]: read /var/lib/neutron/dhcp/77bf4829-020b-41ce-97aa-3081d67fcfed/opts
Jul 31 08:53:50 gtw01 dnsmasq-dhcp[11640]: DHCPRELEASE(tap40c8bd2b-24) 192.168.120.10 fa:16:3e:f1:e8:96
Jul 31 08:53:50 gtw01 dnsmasq-dhcp[11640]: DHCPRELEASE(tap40c8bd2b-24) 192.168.120.10 fa:16:3e:f1:e8:96 unknown lease
Jul 31 08:53:51 gtw01 dnsmasq[11640]: read /var/lib/neutron/dhcp/77bf4829-020b-41ce-97aa-3081d67fcfed/addn_hosts - 4 addresses
Jul 31 08:53:51 gtw01 dnsmasq-dhcp[11640]: read /var/lib/neutron/dhcp/77bf4829-020b-41ce-97aa-3081d67fcfed/host
Jul 31 08:53:51 gtw01 dnsmasq-dhcp[11640]: read /var/lib/neutron/dhcp/77bf4829-020b-41ce-97aa-3081d67fcfed/opts
Jul 31 08:53:52 gtw01 dnsmasq[11640]: read /var/lib/neutron/dhcp/77bf4829-020b-41ce-97aa-3081d67fcfed/addn_hosts - 3 addresses
Jul 31 08:53:52 gtw01 dnsmasq-dhcp[11640]: read /var/lib/neutron/dhcp/77bf4829-020b-41ce-97aa-3081d67fcfed/host
Jul 31 08:53:52 gtw01 dnsmasq-dhcp[11640]: read /var/lib/neutron/dhcp/77bf4829-020b-41ce-97aa-3081d67fcfed/opts
Jul 31 08:53:53 gtw01 kernel: [ 5247.400269] device tap956e6267-c7 entered promiscuous mode
Jul 31 08:53:53 gtw01 systemd-udevd[16767]: Could not generate persistent MAC address for tap956e6267-c7: No such file or directory
Jul 31 08:53:53 gtw01 systemd-udevd[16767]: Process '/sbin/ip link set tap956e6267-c7 txqueuelen 10000' failed with exit code 1.
Jul 31 08:53:53 gtw01 dnsmasq-dhcp[11640]: DHCPRELEASE(tap40c8bd2b-24) 192.168.120.4 fa:16:3e:52:2c:44
Jul 31 08:53:53 gtw01 systemd-udevd[16767]: Process '/sbin/ip link set tap956e6267-c7 txqueuelen 10000' failed with exit code 1.
Jul 31 08:53:53 gtw01 dnsmasq-dhcp[11640]: DHCPRELEASE(tap40c8bd2b-24) 192.168.120.4 fa:16:3e:52:2c:44 unknown lease
Jul 31 08:53:54 gtw01 dnsmasq-dhcp[16417]: DHCPDISCOVER(tap9c9d3a9f-e9) fa:16:3e:59:2d:49
Jul 31 08:53:54 gtw01 dnsmasq-dhcp[16417]: DHCPOFFER(tap9c9d3a9f-e9) 192.168.120.8 fa:16:3e:59:2d:49
Jul 31 08:53:54 gtw01 dnsmasq-dhcp[16417]: DHCPREQUEST(tap9c9d3a9f-e9) 192.168.120.8 fa:16:3e:59:2d:49
Jul 31 08:53:54 gtw01 dnsmasq-dhcp[16417]: DHCPACK(tap9c9d3a9f-e9) 192.168.120.8 fa:16:3e:59:2d:49 host-192-168-120-8
Jul 31 08:53:54 gtw01 dnsmasq[11640]: read /var/lib/neutron/dhcp/77bf4829-020b-41ce-97aa-3081d67fcfed/addn_hosts - 2 addresses
Jul 31 08:53:54 gtw01 dnsmasq-dhcp[11640]: read /var/lib/neutron/dhcp/77bf4829-020b-41ce-97aa-3081d67fcfed/host
Jul 31 08:53:54 gtw01 dnsmasq-dhcp[11640]: read /var/lib/neutron/dhcp/77bf4829-020b-41ce-97aa-3081d67fcfed/opts
Jul 31 08:53:56 gtw01 dnsmasq[16901]: started, version 2.80 cachesize 150
Jul 31 08:53:56 gtw01 dnsmasq[16901]: DNS service limited to local subnets
Jul 31 08:53:56 gtw01 dnsmasq[16901]: compile time options: IPv6 GNU-getopt DBus i18n IDN DHCP DHCPv6 no-Lua TFTP conntrack ipset auth DNSSEC loop-detect inotify dumpfile
Jul 31 08:53:56 gtw01 dnsmasq[16901]: warning: no upstream servers configured
Jul 31 08:53:56 gtw01 dnsmasq-dhcp[16901]: DHCP, static leases only on 192.168.120.0, lease time 1h
Jul 31 08:53:56 gtw01 dnsmasq[16901]: read /var/lib/neutron/dhcp/a4ad0927-9ca7-458a-83b1-a790b8a68977/addn_hosts - 1 addresses
Jul 31 08:53:56 gtw01 dnsmasq-dhcp[16901]: read /var/lib/neutron/dhcp/a4ad0927-9ca7-458a-83b1-a790b8a68977/host
Jul 31 08:53:56 gtw01 dnsmasq-dhcp[16901]: read /var/lib/neutron/dhcp/a4ad0927-9ca7-458a-83b1-a790b8a68977/opts
Jul 31 08:53:56 gtw01 haproxy-metadata-proxy-a4ad0927-9ca7-458a-83b1-a790b8a68977[16905]: Proxy listener started.
Jul 31 08:53:56 gtw01 dnsmasq[11640]: read /var/lib/neutron/dhcp/77bf4829-020b-41ce-97aa-3081d67fcfed/addn_hosts - 3 addresses
Jul 31 08:53:56 gtw01 dnsmasq-dhcp[11640]: read /var/lib/neutron/dhcp/77bf4829-020b-41ce-97aa-3081d67fcfed/host
Jul 31 08:53:56 gtw01 dnsmasq-dhcp[11640]: read /var/lib/neutron/dhcp/77bf4829-020b-41ce-97aa-3081d67fcfed/opts
Jul 31 08:53:57 gtw01 dnsmasq[16901]: read /var/lib/neutron/dhcp/a4ad0927-9ca7-458a-83b1-a790b8a68977/addn_hosts - 2 addresses
Jul 31 08:53:57 gtw01 dnsmasq-dhcp[16901]: read /var/lib/neutron/dhcp/a4ad0927-9ca7-458a-83b1-a790b8a68977/host
Jul 31 08:53:57 gtw01 dnsmasq-dhcp[16901]: read /var/lib/neutron/dhcp/a4ad0927-9ca7-458a-83b1-a790b8a68977/opts
Jul 31 08:53:58 gtw01 dnsmasq[16901]: read /var/lib/neutron/dhcp/a4ad0927-9ca7-458a-83b1-a790b8a68977/addn_hosts - 2 addresses
Jul 31 08:53:58 gtw01 dnsmasq-dhcp[16901]: read /var/lib/neutron/dhcp/a4ad0927-9ca7-458a-83b1-a790b8a68977/host
Jul 31 08:53:58 gtw01 dnsmasq-dhcp[16901]: read /var/lib/neutron/dhcp/a4ad0927-9ca7-458a-83b1-a790b8a68977/opts
Jul 31 08:53:58 gtw01 dnsmasq[11640]: read /var/lib/neutron/dhcp/77bf4829-020b-41ce-97aa-3081d67fcfed/addn_hosts - 3 addresses
Jul 31 08:53:58 gtw01 dnsmasq-dhcp[11640]: read /var/lib/neutron/dhcp/77bf4829-020b-41ce-97aa-3081d67fcfed/host
Jul 31 08:53:58 gtw01 dnsmasq-dhcp[11640]: read /var/lib/neutron/dhcp/77bf4829-020b-41ce-97aa-3081d67fcfed/opts
Jul 31 08:53:59 gtw01 dnsmasq[16901]: read /var/lib/neutron/dhcp/a4ad0927-9ca7-458a-83b1-a790b8a68977/addn_hosts - 2 addresses
Jul 31 08:53:59 gtw01 dnsmasq-dhcp[16901]: read /var/lib/neutron/dhcp/a4ad0927-9ca7-458a-83b1-a790b8a68977/host
Jul 31 08:53:59 gtw01 dnsmasq-dhcp[16901]: read /var/lib/neutron/dhcp/a4ad0927-9ca7-458a-83b1-a790b8a68977/opts
Jul 31 08:53:59 gtw01 dnsmasq[11640]: read /var/lib/neutron/dhcp/77bf4829-020b-41ce-97aa-3081d67fcfed/addn_hosts - 3 addresses
Jul 31 08:53:59 gtw01 dnsmasq-dhcp[11640]: read /var/lib/neutron/dhcp/77bf4829-020b-41ce-97aa-3081d67fcfed/host
Jul 31 08:53:59 gtw01 dnsmasq-dhcp[11640]: read /var/lib/neutron/dhcp/77bf4829-020b-41ce-97aa-3081d67fcfed/opts
Jul 31 08:54:00 gtw01 dnsmasq[16901]: read /var/lib/neutron/dhcp/a4ad0927-9ca7-458a-83b1-a790b8a68977/addn_hosts - 2 addresses
Jul 31 08:54:00 gtw01 dnsmasq-dhcp[16901]: read /var/lib/neutron/dhcp/a4ad0927-9ca7-458a-83b1-a790b8a68977/host
Jul 31 08:54:00 gtw01 dnsmasq-dhcp[16901]: read /var/lib/neutron/dhcp/a4ad0927-9ca7-458a-83b1-a790b8a68977/opts
Jul 31 08:54:00 gtw01 dnsmasq[16901]: read /var/lib/neutron/dhcp/a4ad0927-9ca7-458a-83b1-a790b8a68977/addn_hosts - 2 addresses
Jul 31 08:54:00 gtw01 dnsmasq-dhcp[16901]: read /var/lib/neutron/dhcp/a4ad0927-9ca7-458a-83b1-a790b8a68977/host
Jul 31 08:54:00 gtw01 dnsmasq-dhcp[16901]: read /var/lib/neutron/dhcp/a4ad0927-9ca7-458a-83b1-a790b8a68977/opts
Jul 31 08:54:03 gtw01 dnsmasq-dhcp[16417]: DHCPRELEASE(tap9c9d3a9f-e9) 192.168.120.8 fa:16:3e:59:2d:49
Jul 31 08:54:03 gtw01 dnsmasq-dhcp[16417]: DHCPRELEASE(tap9c9d3a9f-e9) 192.168.120.8 fa:16:3e:59:2d:49 unknown lease
Jul 31 08:54:04 gtw01 dnsmasq[16417]: read /var/lib/neutron/dhcp/9c964b3d-8a0f-4790-839d-0fb978d35d24/addn_hosts - 2 addresses
Jul 31 08:54:04 gtw01 dnsmasq-dhcp[16417]: read /var/lib/neutron/dhcp/9c964b3d-8a0f-4790-839d-0fb978d35d24/host
Jul 31 08:54:04 gtw01 dnsmasq-dhcp[16417]: read /var/lib/neutron/dhcp/9c964b3d-8a0f-4790-839d-0fb978d35d24/opts
Jul 31 08:54:04 gtw01 dnsmasq[16901]: read /var/lib/neutron/dhcp/a4ad0927-9ca7-458a-83b1-a790b8a68977/addn_hosts - 3 addresses
Jul 31 08:54:04 gtw01 dnsmasq-dhcp[16901]: read /var/lib/neutron/dhcp/a4ad0927-9ca7-458a-83b1-a790b8a68977/host
Jul 31 08:54:04 gtw01 dnsmasq-dhcp[16901]: read /var/lib/neutron/dhcp/a4ad0927-9ca7-458a-83b1-a790b8a68977/opts
Jul 31 08:54:05 gtw01 dnsmasq[16901]: read /var/lib/neutron/dhcp/a4ad0927-9ca7-458a-83b1-a790b8a68977/addn_hosts - 3 addresses
Jul 31 08:54:05 gtw01 dnsmasq-dhcp[16901]: read /var/lib/neutron/dhcp/a4ad0927-9ca7-458a-83b1-a790b8a68977/host
Jul 31 08:54:05 gtw01 dnsmasq-dhcp[16901]: read /var/lib/neutron/dhcp/a4ad0927-9ca7-458a-83b1-a790b8a68977/opts
Jul 31 08:54:06 gtw01 dnsmasq[16417]: read /var/lib/neutron/dhcp/9c964b3d-8a0f-4790-839d-0fb978d35d24/addn_hosts - 1 addresses
Jul 31 08:54:06 gtw01 dnsmasq-dhcp[16417]: read /var/lib/neutron/dhcp/9c964b3d-8a0f-4790-839d-0fb978d35d24/host
Jul 31 08:54:06 gtw01 dnsmasq-dhcp[16417]: read /var/lib/neutron/dhcp/9c964b3d-8a0f-4790-839d-0fb978d35d24/opts
Jul 31 08:54:06 gtw01 dnsmasq[16901]: read /var/lib/neutron/dhcp/a4ad0927-9ca7-458a-83b1-a790b8a68977/addn_hosts - 3 addresses
Jul 31 08:54:06 gtw01 dnsmasq-dhcp[16901]: read /var/lib/neutron/dhcp/a4ad0927-9ca7-458a-83b1-a790b8a68977/host
Jul 31 08:54:06 gtw01 dnsmasq-dhcp[16901]: read /var/lib/neutron/dhcp/a4ad0927-9ca7-458a-83b1-a790b8a68977/opts
Jul 31 08:54:10 gtw01 kernel: [ 5264.271295] device tap9c9d3a9f-e9 left promiscuous mode
Jul 31 08:54:14 gtw01 kernel: [ 5268.749151] device tapfe463142-66 entered promiscuous mode
Jul 31 08:54:14 gtw01 systemd-udevd[17156]: Process '/sbin/ip link set tapfe463142-66 txqueuelen 10000' failed with exit code 1.
Jul 31 08:54:14 gtw01 systemd-udevd[17209]: Process '/sbin/ip link set tapfe463142-66 txqueuelen 10000' failed with exit code 1.
Jul 31 08:54:14 gtw01 dnsmasq[11640]: read /var/lib/neutron/dhcp/77bf4829-020b-41ce-97aa-3081d67fcfed/addn_hosts - 2 addresses
Jul 31 08:54:14 gtw01 dnsmasq-dhcp[11640]: read /var/lib/neutron/dhcp/77bf4829-020b-41ce-97aa-3081d67fcfed/host
Jul 31 08:54:14 gtw01 dnsmasq-dhcp[11640]: read /var/lib/neutron/dhcp/77bf4829-020b-41ce-97aa-3081d67fcfed/opts
Jul 31 08:54:17 gtw01 dnsmasq-dhcp[16901]: DHCPDISCOVER(tap956e6267-c7) fa:16:3e:b4:4d:c7
Jul 31 08:54:17 gtw01 dnsmasq-dhcp[16901]: DHCPOFFER(tap956e6267-c7) 192.168.120.7 fa:16:3e:b4:4d:c7
Jul 31 08:54:17 gtw01 dnsmasq-dhcp[16901]: DHCPREQUEST(tap956e6267-c7) 192.168.120.7 fa:16:3e:b4:4d:c7
Jul 31 08:54:17 gtw01 dnsmasq-dhcp[16901]: DHCPACK(tap956e6267-c7) 192.168.120.7 fa:16:3e:b4:4d:c7 host-192-168-120-7
Jul 31 08:54:17 gtw01 dnsmasq[17281]: started, version 2.80 cachesize 150
Jul 31 08:54:17 gtw01 dnsmasq[17281]: DNS service limited to local subnets
Jul 31 08:54:17 gtw01 dnsmasq[17281]: compile time options: IPv6 GNU-getopt DBus i18n IDN DHCP DHCPv6 no-Lua TFTP conntrack ipset auth DNSSEC loop-detect inotify dumpfile
Jul 31 08:54:17 gtw01 dnsmasq[17281]: warning: no upstream servers configured
Jul 31 08:54:17 gtw01 dnsmasq-dhcp[17281]: DHCP, static leases only on 192.168.120.0, lease time 1h
Jul 31 08:54:17 gtw01 dnsmasq[17281]: read /var/lib/neutron/dhcp/8a0518a6-63cb-463d-b212-22035a123d14/addn_hosts - 1 addresses
Jul 31 08:54:17 gtw01 dnsmasq-dhcp[17281]: read /var/lib/neutron/dhcp/8a0518a6-63cb-463d-b212-22035a123d14/host
Jul 31 08:54:17 gtw01 dnsmasq-dhcp[17281]: read /var/lib/neutron/dhcp/8a0518a6-63cb-463d-b212-22035a123d14/opts
Jul 31 08:54:17 gtw01 haproxy-metadata-proxy-8a0518a6-63cb-463d-b212-22035a123d14[17285]: Proxy listener started.
Jul 31 08:54:18 gtw01 dnsmasq[17281]: read /var/lib/neutron/dhcp/8a0518a6-63cb-463d-b212-22035a123d14/addn_hosts - 1 addresses
Jul 31 08:54:18 gtw01 dnsmasq-dhcp[17281]: read /var/lib/neutron/dhcp/8a0518a6-63cb-463d-b212-22035a123d14/host
Jul 31 08:54:18 gtw01 dnsmasq-dhcp[17281]: read /var/lib/neutron/dhcp/8a0518a6-63cb-463d-b212-22035a123d14/opts
Jul 31 08:54:19 gtw01 dnsmasq[17281]: read /var/lib/neutron/dhcp/8a0518a6-63cb-463d-b212-22035a123d14/addn_hosts - 1 addresses
Jul 31 08:54:19 gtw01 dnsmasq-dhcp[17281]: read /var/lib/neutron/dhcp/8a0518a6-63cb-463d-b212-22035a123d14/host
Jul 31 08:54:19 gtw01 dnsmasq-dhcp[17281]: read /var/lib/neutron/dhcp/8a0518a6-63cb-463d-b212-22035a123d14/opts
Jul 31 08:54:20 gtw01 dnsmasq[16901]: read /var/lib/neutron/dhcp/a4ad0927-9ca7-458a-83b1-a790b8a68977/addn_hosts - 4 addresses
Jul 31 08:54:20 gtw01 dnsmasq-dhcp[16901]: read /var/lib/neutron/dhcp/a4ad0927-9ca7-458a-83b1-a790b8a68977/host
Jul 31 08:54:20 gtw01 dnsmasq-dhcp[16901]: read /var/lib/neutron/dhcp/a4ad0927-9ca7-458a-83b1-a790b8a68977/opts
Jul 31 08:54:20 gtw01 dnsmasq[17281]: read /var/lib/neutron/dhcp/8a0518a6-63cb-463d-b212-22035a123d14/addn_hosts - 2 addresses
Jul 31 08:54:20 gtw01 dnsmasq-dhcp[17281]: read /var/lib/neutron/dhcp/8a0518a6-63cb-463d-b212-22035a123d14/host
Jul 31 08:54:20 gtw01 dnsmasq-dhcp[17281]: read /var/lib/neutron/dhcp/8a0518a6-63cb-463d-b212-22035a123d14/opts
Jul 31 08:54:21 gtw01 dnsmasq[17281]: read /var/lib/neutron/dhcp/8a0518a6-63cb-463d-b212-22035a123d14/addn_hosts - 2 addresses
Jul 31 08:54:21 gtw01 dnsmasq-dhcp[17281]: read /var/lib/neutron/dhcp/8a0518a6-63cb-463d-b212-22035a123d14/host
Jul 31 08:54:21 gtw01 dnsmasq-dhcp[17281]: read /var/lib/neutron/dhcp/8a0518a6-63cb-463d-b212-22035a123d14/opts
Jul 31 08:54:21 gtw01 dnsmasq[16901]: read /var/lib/neutron/dhcp/a4ad0927-9ca7-458a-83b1-a790b8a68977/addn_hosts - 4 addresses
Jul 31 08:54:21 gtw01 dnsmasq-dhcp[16901]: read /var/lib/neutron/dhcp/a4ad0927-9ca7-458a-83b1-a790b8a68977/host
Jul 31 08:54:21 gtw01 dnsmasq-dhcp[16901]: read /var/lib/neutron/dhcp/a4ad0927-9ca7-458a-83b1-a790b8a68977/opts
Jul 31 08:54:22 gtw01 dnsmasq[17281]: read /var/lib/neutron/dhcp/8a0518a6-63cb-463d-b212-22035a123d14/addn_hosts - 2 addresses
Jul 31 08:54:22 gtw01 dnsmasq-dhcp[17281]: read /var/lib/neutron/dhcp/8a0518a6-63cb-463d-b212-22035a123d14/host
Jul 31 08:54:22 gtw01 dnsmasq-dhcp[17281]: read /var/lib/neutron/dhcp/8a0518a6-63cb-463d-b212-22035a123d14/opts
Jul 31 08:54:22 gtw01 dnsmasq[11640]: read /var/lib/neutron/dhcp/77bf4829-020b-41ce-97aa-3081d67fcfed/addn_hosts - 3 addresses
Jul 31 08:54:22 gtw01 dnsmasq-dhcp[11640]: read /var/lib/neutron/dhcp/77bf4829-020b-41ce-97aa-3081d67fcfed/host
Jul 31 08:54:22 gtw01 dnsmasq-dhcp[11640]: read /var/lib/neutron/dhcp/77bf4829-020b-41ce-97aa-3081d67fcfed/opts
Jul 31 08:54:22 gtw01 dnsmasq[16901]: read /var/lib/neutron/dhcp/a4ad0927-9ca7-458a-83b1-a790b8a68977/addn_hosts - 4 addresses
Jul 31 08:54:22 gtw01 dnsmasq-dhcp[16901]: read /var/lib/neutron/dhcp/a4ad0927-9ca7-458a-83b1-a790b8a68977/host
Jul 31 08:54:22 gtw01 dnsmasq-dhcp[16901]: read /var/lib/neutron/dhcp/a4ad0927-9ca7-458a-83b1-a790b8a68977/opts
Jul 31 08:54:23 gtw01 dnsmasq[17281]: read /var/lib/neutron/dhcp/8a0518a6-63cb-463d-b212-22035a123d14/addn_hosts - 1 addresses
Jul 31 08:54:23 gtw01 dnsmasq-dhcp[17281]: read /var/lib/neutron/dhcp/8a0518a6-63cb-463d-b212-22035a123d14/host
Jul 31 08:54:23 gtw01 dnsmasq-dhcp[17281]: read /var/lib/neutron/dhcp/8a0518a6-63cb-463d-b212-22035a123d14/opts
Jul 31 08:54:23 gtw01 dnsmasq[11640]: read /var/lib/neutron/dhcp/77bf4829-020b-41ce-97aa-3081d67fcfed/addn_hosts - 3 addresses
Jul 31 08:54:23 gtw01 dnsmasq-dhcp[11640]: read /var/lib/neutron/dhcp/77bf4829-020b-41ce-97aa-3081d67fcfed/host
Jul 31 08:54:23 gtw01 dnsmasq-dhcp[11640]: read /var/lib/neutron/dhcp/77bf4829-020b-41ce-97aa-3081d67fcfed/opts
Jul 31 08:54:24 gtw01 dnsmasq[11640]: read /var/lib/neutron/dhcp/77bf4829-020b-41ce-97aa-3081d67fcfed/addn_hosts - 3 addresses
Jul 31 08:54:24 gtw01 dnsmasq-dhcp[11640]: read /var/lib/neutron/dhcp/77bf4829-020b-41ce-97aa-3081d67fcfed/host
Jul 31 08:54:24 gtw01 dnsmasq-dhcp[11640]: read /var/lib/neutron/dhcp/77bf4829-020b-41ce-97aa-3081d67fcfed/opts
Jul 31 08:54:24 gtw01 kernel: [ 5278.595082] device tapfe463142-66 left promiscuous mode
Jul 31 08:54:27 gtw01 dnsmasq[16901]: read /var/lib/neutron/dhcp/a4ad0927-9ca7-458a-83b1-a790b8a68977/addn_hosts - 3 addresses
Jul 31 08:54:27 gtw01 dnsmasq-dhcp[16901]: read /var/lib/neutron/dhcp/a4ad0927-9ca7-458a-83b1-a790b8a68977/host
Jul 31 08:54:27 gtw01 dnsmasq-dhcp[16901]: read /var/lib/neutron/dhcp/a4ad0927-9ca7-458a-83b1-a790b8a68977/opts
Jul 31 08:54:30 gtw01 dnsmasq-dhcp[16901]: DHCPRELEASE(tap956e6267-c7) 192.168.120.7 fa:16:3e:b4:4d:c7
Jul 31 08:54:30 gtw01 dnsmasq-dhcp[16901]: DHCPRELEASE(tap956e6267-c7) 192.168.120.7 fa:16:3e:b4:4d:c7 unknown lease
Jul 31 08:54:31 gtw01 dnsmasq[16901]: read /var/lib/neutron/dhcp/a4ad0927-9ca7-458a-83b1-a790b8a68977/addn_hosts - 2 addresses
Jul 31 08:54:31 gtw01 dnsmasq-dhcp[16901]: read /var/lib/neutron/dhcp/a4ad0927-9ca7-458a-83b1-a790b8a68977/host
Jul 31 08:54:31 gtw01 dnsmasq-dhcp[16901]: read /var/lib/neutron/dhcp/a4ad0927-9ca7-458a-83b1-a790b8a68977/opts
Jul 31 08:54:32 gtw01 dnsmasq[11640]: read /var/lib/neutron/dhcp/77bf4829-020b-41ce-97aa-3081d67fcfed/addn_hosts - 2 addresses
Jul 31 08:54:32 gtw01 dnsmasq-dhcp[11640]: read /var/lib/neutron/dhcp/77bf4829-020b-41ce-97aa-3081d67fcfed/host
Jul 31 08:54:32 gtw01 dnsmasq-dhcp[11640]: read /var/lib/neutron/dhcp/77bf4829-020b-41ce-97aa-3081d67fcfed/opts
Jul 31 08:54:36 gtw01 dnsmasq[11640]: read /var/lib/neutron/dhcp/77bf4829-020b-41ce-97aa-3081d67fcfed/addn_hosts - 3 addresses
Jul 31 08:54:36 gtw01 dnsmasq-dhcp[11640]: read /var/lib/neutron/dhcp/77bf4829-020b-41ce-97aa-3081d67fcfed/host
Jul 31 08:54:36 gtw01 dnsmasq-dhcp[11640]: read /var/lib/neutron/dhcp/77bf4829-020b-41ce-97aa-3081d67fcfed/opts
Jul 31 08:54:37 gtw01 dnsmasq[11640]: read /var/lib/neutron/dhcp/77bf4829-020b-41ce-97aa-3081d67fcfed/addn_hosts - 3 addresses
Jul 31 08:54:37 gtw01 dnsmasq-dhcp[11640]: read /var/lib/neutron/dhcp/77bf4829-020b-41ce-97aa-3081d67fcfed/host
Jul 31 08:54:37 gtw01 dnsmasq-dhcp[11640]: read /var/lib/neutron/dhcp/77bf4829-020b-41ce-97aa-3081d67fcfed/opts
Jul 31 08:54:37 gtw01 dnsmasq[16901]: read /var/lib/neutron/dhcp/a4ad0927-9ca7-458a-83b1-a790b8a68977/addn_hosts - 3 addresses
Jul 31 08:54:37 gtw01 dnsmasq-dhcp[16901]: read /var/lib/neutron/dhcp/a4ad0927-9ca7-458a-83b1-a790b8a68977/host
Jul 31 08:54:37 gtw01 dnsmasq-dhcp[16901]: read /var/lib/neutron/dhcp/a4ad0927-9ca7-458a-83b1-a790b8a68977/opts
Jul 31 08:54:38 gtw01 dnsmasq[11640]: read /var/lib/neutron/dhcp/77bf4829-020b-41ce-97aa-3081d67fcfed/addn_hosts - 3 addresses
Jul 31 08:54:38 gtw01 dnsmasq-dhcp[11640]: read /var/lib/neutron/dhcp/77bf4829-020b-41ce-97aa-3081d67fcfed/host
Jul 31 08:54:38 gtw01 dnsmasq-dhcp[11640]: read /var/lib/neutron/dhcp/77bf4829-020b-41ce-97aa-3081d67fcfed/opts
Jul 31 08:54:38 gtw01 dnsmasq[16901]: read /var/lib/neutron/dhcp/a4ad0927-9ca7-458a-83b1-a790b8a68977/addn_hosts - 3 addresses
Jul 31 08:54:38 gtw01 dnsmasq-dhcp[16901]: read /var/lib/neutron/dhcp/a4ad0927-9ca7-458a-83b1-a790b8a68977/host
Jul 31 08:54:38 gtw01 dnsmasq-dhcp[16901]: read /var/lib/neutron/dhcp/a4ad0927-9ca7-458a-83b1-a790b8a68977/opts
Jul 31 08:54:39 gtw01 dnsmasq[16901]: read /var/lib/neutron/dhcp/a4ad0927-9ca7-458a-83b1-a790b8a68977/addn_hosts - 3 addresses
Jul 31 08:54:39 gtw01 dnsmasq-dhcp[16901]: read /var/lib/neutron/dhcp/a4ad0927-9ca7-458a-83b1-a790b8a68977/host
Jul 31 08:54:39 gtw01 dnsmasq-dhcp[16901]: read /var/lib/neutron/dhcp/a4ad0927-9ca7-458a-83b1-a790b8a68977/opts
Jul 31 08:54:49 gtw01 dnsmasq-dhcp[11640]: DHCPDISCOVER(tap40c8bd2b-24) fa:16:3e:0d:66:70
Jul 31 08:54:49 gtw01 dnsmasq-dhcp[11640]: DHCPOFFER(tap40c8bd2b-24) 192.168.120.12 fa:16:3e:0d:66:70
Jul 31 08:54:49 gtw01 dnsmasq-dhcp[11640]: DHCPREQUEST(tap40c8bd2b-24) 192.168.120.12 fa:16:3e:0d:66:70
Jul 31 08:54:49 gtw01 dnsmasq-dhcp[11640]: DHCPACK(tap40c8bd2b-24) 192.168.120.12 fa:16:3e:0d:66:70 host-192-168-120-12
Jul 31 08:54:50 gtw01 dnsmasq-dhcp[11640]: DHCPRELEASE(tap40c8bd2b-24) 192.168.120.12 fa:16:3e:0d:66:70
Jul 31 08:54:51 gtw01 dnsmasq-dhcp[16901]: DHCPDISCOVER(tap956e6267-c7) fa:16:3e:d3:c0:85
Jul 31 08:54:51 gtw01 dnsmasq-dhcp[16901]: DHCPOFFER(tap956e6267-c7) 192.168.120.7 fa:16:3e:d3:c0:85
Jul 31 08:54:51 gtw01 dnsmasq-dhcp[16901]: DHCPREQUEST(tap956e6267-c7) 192.168.120.7 fa:16:3e:d3:c0:85
Jul 31 08:54:51 gtw01 dnsmasq-dhcp[16901]: DHCPACK(tap956e6267-c7) 192.168.120.7 fa:16:3e:d3:c0:85 host-192-168-120-7
Jul 31 08:54:56 gtw01 kernel: [ 5310.256399] device tap17dfb505-5e entered promiscuous mode
Jul 31 08:54:56 gtw01 systemd-udevd[17669]: Could not generate persistent MAC address for tap17dfb505-5e: No such file or directory
Jul 31 08:54:56 gtw01 dnsmasq[11640]: read /var/lib/neutron/dhcp/77bf4829-020b-41ce-97aa-3081d67fcfed/addn_hosts - 2 addresses
Jul 31 08:54:56 gtw01 dnsmasq-dhcp[11640]: read /var/lib/neutron/dhcp/77bf4829-020b-41ce-97aa-3081d67fcfed/host
Jul 31 08:54:56 gtw01 dnsmasq-dhcp[11640]: read /var/lib/neutron/dhcp/77bf4829-020b-41ce-97aa-3081d67fcfed/opts
Jul 31 08:54:56 gtw01 systemd-udevd[17669]: Process '/sbin/ip link set tap17dfb505-5e txqueuelen 10000' failed with exit code 1.
Jul 31 08:54:56 gtw01 systemd-udevd[17669]: Process '/sbin/ip link set tap17dfb505-5e txqueuelen 10000' failed with exit code 1.
Jul 31 08:54:58 gtw01 dnsmasq[17790]: started, version 2.80 cachesize 150
Jul 31 08:54:58 gtw01 dnsmasq[17790]: DNS service limited to local subnets
Jul 31 08:54:58 gtw01 dnsmasq[17790]: compile time options: IPv6 GNU-getopt DBus i18n IDN DHCP DHCPv6 no-Lua TFTP conntrack ipset auth DNSSEC loop-detect inotify dumpfile
Jul 31 08:54:58 gtw01 dnsmasq[17790]: warning: no upstream servers configured
Jul 31 08:54:58 gtw01 dnsmasq-dhcp[17790]: DHCP, static leases only on 192.168.120.0, lease time 1h
Jul 31 08:54:58 gtw01 dnsmasq[17790]: read /var/lib/neutron/dhcp/adeecaef-b9e6-4f6d-9a90-2c8b706811f9/addn_hosts - 1 addresses
Jul 31 08:54:58 gtw01 dnsmasq-dhcp[17790]: read /var/lib/neutron/dhcp/adeecaef-b9e6-4f6d-9a90-2c8b706811f9/host
Jul 31 08:54:58 gtw01 dnsmasq-dhcp[17790]: read /var/lib/neutron/dhcp/adeecaef-b9e6-4f6d-9a90-2c8b706811f9/opts
Jul 31 08:54:59 gtw01 haproxy-metadata-proxy-adeecaef-b9e6-4f6d-9a90-2c8b706811f9[17794]: Proxy listener started.
Jul 31 08:54:59 gtw01 dnsmasq[17790]: read /var/lib/neutron/dhcp/adeecaef-b9e6-4f6d-9a90-2c8b706811f9/addn_hosts - 2 addresses
Jul 31 08:54:59 gtw01 dnsmasq-dhcp[17790]: read /var/lib/neutron/dhcp/adeecaef-b9e6-4f6d-9a90-2c8b706811f9/host
Jul 31 08:54:59 gtw01 dnsmasq-dhcp[17790]: read /var/lib/neutron/dhcp/adeecaef-b9e6-4f6d-9a90-2c8b706811f9/opts
Jul 31 08:55:00 gtw01 dnsmasq[11640]: read /var/lib/neutron/dhcp/77bf4829-020b-41ce-97aa-3081d67fcfed/addn_hosts - 3 addresses
Jul 31 08:55:00 gtw01 dnsmasq-dhcp[11640]: read /var/lib/neutron/dhcp/77bf4829-020b-41ce-97aa-3081d67fcfed/host
Jul 31 08:55:00 gtw01 dnsmasq-dhcp[11640]: read /var/lib/neutron/dhcp/77bf4829-020b-41ce-97aa-3081d67fcfed/opts
Jul 31 08:55:00 gtw01 dnsmasq[17790]: read /var/lib/neutron/dhcp/adeecaef-b9e6-4f6d-9a90-2c8b706811f9/addn_hosts - 2 addresses
Jul 31 08:55:00 gtw01 dnsmasq-dhcp[17790]: read /var/lib/neutron/dhcp/adeecaef-b9e6-4f6d-9a90-2c8b706811f9/host
Jul 31 08:55:00 gtw01 dnsmasq-dhcp[17790]: read /var/lib/neutron/dhcp/adeecaef-b9e6-4f6d-9a90-2c8b706811f9/opts
Jul 31 08:55:01 gtw01 dnsmasq[16901]: read /var/lib/neutron/dhcp/a4ad0927-9ca7-458a-83b1-a790b8a68977/addn_hosts - 4 addresses
Jul 31 08:55:01 gtw01 dnsmasq-dhcp[16901]: read /var/lib/neutron/dhcp/a4ad0927-9ca7-458a-83b1-a790b8a68977/host
Jul 31 08:55:01 gtw01 dnsmasq-dhcp[16901]: read /var/lib/neutron/dhcp/a4ad0927-9ca7-458a-83b1-a790b8a68977/opts
Jul 31 08:55:01 gtw01 dnsmasq[11640]: read /var/lib/neutron/dhcp/77bf4829-020b-41ce-97aa-3081d67fcfed/addn_hosts - 3 addresses
Jul 31 08:55:01 gtw01 dnsmasq-dhcp[11640]: read /var/lib/neutron/dhcp/77bf4829-020b-41ce-97aa-3081d67fcfed/host
Jul 31 08:55:01 gtw01 dnsmasq-dhcp[11640]: read /var/lib/neutron/dhcp/77bf4829-020b-41ce-97aa-3081d67fcfed/opts
Jul 31 08:55:01 gtw01 dnsmasq[17790]: read /var/lib/neutron/dhcp/adeecaef-b9e6-4f6d-9a90-2c8b706811f9/addn_hosts - 2 addresses
Jul 31 08:55:01 gtw01 dnsmasq-dhcp[17790]: read /var/lib/neutron/dhcp/adeecaef-b9e6-4f6d-9a90-2c8b706811f9/host
Jul 31 08:55:01 gtw01 dnsmasq-dhcp[17790]: read /var/lib/neutron/dhcp/adeecaef-b9e6-4f6d-9a90-2c8b706811f9/opts
Jul 31 08:55:02 gtw01 dnsmasq[16901]: read /var/lib/neutron/dhcp/a4ad0927-9ca7-458a-83b1-a790b8a68977/addn_hosts - 4 addresses
Jul 31 08:55:02 gtw01 dnsmasq-dhcp[16901]: read /var/lib/neutron/dhcp/a4ad0927-9ca7-458a-83b1-a790b8a68977/host
Jul 31 08:55:02 gtw01 dnsmasq-dhcp[16901]: read /var/lib/neutron/dhcp/a4ad0927-9ca7-458a-83b1-a790b8a68977/opts
Jul 31 08:55:02 gtw01 dnsmasq[11640]: read /var/lib/neutron/dhcp/77bf4829-020b-41ce-97aa-3081d67fcfed/addn_hosts - 3 addresses
Jul 31 08:55:02 gtw01 dnsmasq-dhcp[11640]: read /var/lib/neutron/dhcp/77bf4829-020b-41ce-97aa-3081d67fcfed/host
Jul 31 08:55:02 gtw01 dnsmasq-dhcp[11640]: read /var/lib/neutron/dhcp/77bf4829-020b-41ce-97aa-3081d67fcfed/opts
Jul 31 08:55:02 gtw01 dnsmasq[17790]: read /var/lib/neutron/dhcp/adeecaef-b9e6-4f6d-9a90-2c8b706811f9/addn_hosts - 2 addresses
Jul 31 08:55:02 gtw01 dnsmasq-dhcp[17790]: read /var/lib/neutron/dhcp/adeecaef-b9e6-4f6d-9a90-2c8b706811f9/host
Jul 31 08:55:02 gtw01 dnsmasq-dhcp[17790]: read /var/lib/neutron/dhcp/adeecaef-b9e6-4f6d-9a90-2c8b706811f9/opts
Jul 31 08:55:03 gtw01 dnsmasq[16901]: read /var/lib/neutron/dhcp/a4ad0927-9ca7-458a-83b1-a790b8a68977/addn_hosts - 4 addresses
Jul 31 08:55:03 gtw01 dnsmasq-dhcp[16901]: read /var/lib/neutron/dhcp/a4ad0927-9ca7-458a-83b1-a790b8a68977/host
Jul 31 08:55:03 gtw01 dnsmasq-dhcp[16901]: read /var/lib/neutron/dhcp/a4ad0927-9ca7-458a-83b1-a790b8a68977/opts
Jul 31 08:55:03 gtw01 dnsmasq[17790]: read /var/lib/neutron/dhcp/adeecaef-b9e6-4f6d-9a90-2c8b706811f9/addn_hosts - 2 addresses
Jul 31 08:55:03 gtw01 dnsmasq-dhcp[17790]: read /var/lib/neutron/dhcp/adeecaef-b9e6-4f6d-9a90-2c8b706811f9/host
Jul 31 08:55:03 gtw01 dnsmasq-dhcp[17790]: read /var/lib/neutron/dhcp/adeecaef-b9e6-4f6d-9a90-2c8b706811f9/opts
Jul 31 08:55:05 gtw01 dnsmasq[16901]: read /var/lib/neutron/dhcp/a4ad0927-9ca7-458a-83b1-a790b8a68977/addn_hosts - 5 addresses
Jul 31 08:55:05 gtw01 dnsmasq-dhcp[16901]: read /var/lib/neutron/dhcp/a4ad0927-9ca7-458a-83b1-a790b8a68977/host
Jul 31 08:55:05 gtw01 dnsmasq-dhcp[16901]: read /var/lib/neutron/dhcp/a4ad0927-9ca7-458a-83b1-a790b8a68977/opts
Jul 31 08:55:06 gtw01 dnsmasq[16901]: read /var/lib/neutron/dhcp/a4ad0927-9ca7-458a-83b1-a790b8a68977/addn_hosts - 5 addresses
Jul 31 08:55:06 gtw01 dnsmasq-dhcp[16901]: read /var/lib/neutron/dhcp/a4ad0927-9ca7-458a-83b1-a790b8a68977/host
Jul 31 08:55:06 gtw01 dnsmasq-dhcp[16901]: read /var/lib/neutron/dhcp/a4ad0927-9ca7-458a-83b1-a790b8a68977/opts
Jul 31 08:55:07 gtw01 dnsmasq[16901]: read /var/lib/neutron/dhcp/a4ad0927-9ca7-458a-83b1-a790b8a68977/addn_hosts - 5 addresses
Jul 31 08:55:07 gtw01 dnsmasq-dhcp[16901]: read /var/lib/neutron/dhcp/a4ad0927-9ca7-458a-83b1-a790b8a68977/host
Jul 31 08:55:07 gtw01 dnsmasq-dhcp[16901]: read /var/lib/neutron/dhcp/a4ad0927-9ca7-458a-83b1-a790b8a68977/opts
Jul 31 08:55:08 gtw01 dnsmasq[11640]: read /var/lib/neutron/dhcp/77bf4829-020b-41ce-97aa-3081d67fcfed/addn_hosts - 2 addresses
Jul 31 08:55:08 gtw01 dnsmasq-dhcp[11640]: read /var/lib/neutron/dhcp/77bf4829-020b-41ce-97aa-3081d67fcfed/host
Jul 31 08:55:08 gtw01 dnsmasq-dhcp[11640]: read /var/lib/neutron/dhcp/77bf4829-020b-41ce-97aa-3081d67fcfed/opts
Jul 31 08:55:09 gtw01 dnsmasq[17790]: read /var/lib/neutron/dhcp/adeecaef-b9e6-4f6d-9a90-2c8b706811f9/addn_hosts - 3 addresses
Jul 31 08:55:09 gtw01 dnsmasq-dhcp[17790]: read /var/lib/neutron/dhcp/adeecaef-b9e6-4f6d-9a90-2c8b706811f9/host
Jul 31 08:55:09 gtw01 dnsmasq-dhcp[17790]: read /var/lib/neutron/dhcp/adeecaef-b9e6-4f6d-9a90-2c8b706811f9/opts
Jul 31 08:55:10 gtw01 dnsmasq[17790]: read /var/lib/neutron/dhcp/adeecaef-b9e6-4f6d-9a90-2c8b706811f9/addn_hosts - 3 addresses
Jul 31 08:55:10 gtw01 dnsmasq-dhcp[17790]: read /var/lib/neutron/dhcp/adeecaef-b9e6-4f6d-9a90-2c8b706811f9/host
Jul 31 08:55:10 gtw01 dnsmasq-dhcp[17790]: read /var/lib/neutron/dhcp/adeecaef-b9e6-4f6d-9a90-2c8b706811f9/opts
Jul 31 08:55:11 gtw01 dnsmasq[17790]: read /var/lib/neutron/dhcp/adeecaef-b9e6-4f6d-9a90-2c8b706811f9/addn_hosts - 3 addresses
Jul 31 08:55:11 gtw01 dnsmasq-dhcp[17790]: read /var/lib/neutron/dhcp/adeecaef-b9e6-4f6d-9a90-2c8b706811f9/host
Jul 31 08:55:11 gtw01 dnsmasq-dhcp[17790]: read /var/lib/neutron/dhcp/adeecaef-b9e6-4f6d-9a90-2c8b706811f9/opts
Jul 31 08:55:11 gtw01 dnsmasq[16901]: read /var/lib/neutron/dhcp/a4ad0927-9ca7-458a-83b1-a790b8a68977/addn_hosts - 4 addresses
Jul 31 08:55:11 gtw01 dnsmasq-dhcp[16901]: read /var/lib/neutron/dhcp/a4ad0927-9ca7-458a-83b1-a790b8a68977/host
Jul 31 08:55:11 gtw01 dnsmasq-dhcp[16901]: read /var/lib/neutron/dhcp/a4ad0927-9ca7-458a-83b1-a790b8a68977/opts
Jul 31 08:55:12 gtw01 dnsmasq[16901]: read /var/lib/neutron/dhcp/a4ad0927-9ca7-458a-83b1-a790b8a68977/addn_hosts - 3 addresses
Jul 31 08:55:12 gtw01 dnsmasq-dhcp[16901]: read /var/lib/neutron/dhcp/a4ad0927-9ca7-458a-83b1-a790b8a68977/host
Jul 31 08:55:12 gtw01 dnsmasq-dhcp[16901]: read /var/lib/neutron/dhcp/a4ad0927-9ca7-458a-83b1-a790b8a68977/opts
Jul 31 08:55:12 gtw01 dnsmasq[11640]: read /var/lib/neutron/dhcp/77bf4829-020b-41ce-97aa-3081d67fcfed/addn_hosts - 3 addresses
Jul 31 08:55:12 gtw01 dnsmasq-dhcp[11640]: read /var/lib/neutron/dhcp/77bf4829-020b-41ce-97aa-3081d67fcfed/host
Jul 31 08:55:12 gtw01 dnsmasq-dhcp[11640]: read /var/lib/neutron/dhcp/77bf4829-020b-41ce-97aa-3081d67fcfed/opts
Jul 31 08:55:13 gtw01 dnsmasq[11640]: read /var/lib/neutron/dhcp/77bf4829-020b-41ce-97aa-3081d67fcfed/addn_hosts - 3 addresses
Jul 31 08:55:13 gtw01 dnsmasq-dhcp[11640]: read /var/lib/neutron/dhcp/77bf4829-020b-41ce-97aa-3081d67fcfed/host
Jul 31 08:55:13 gtw01 dnsmasq-dhcp[11640]: read /var/lib/neutron/dhcp/77bf4829-020b-41ce-97aa-3081d67fcfed/opts
Jul 31 08:55:14 gtw01 dnsmasq-dhcp[16901]: DHCPRELEASE(tap956e6267-c7) 192.168.120.7 fa:16:3e:d3:c0:85
Jul 31 08:55:14 gtw01 dnsmasq-dhcp[16901]: DHCPRELEASE(tap956e6267-c7) 192.168.120.7 fa:16:3e:d3:c0:85 unknown lease
Jul 31 08:55:14 gtw01 dnsmasq[11640]: read /var/lib/neutron/dhcp/77bf4829-020b-41ce-97aa-3081d67fcfed/addn_hosts - 3 addresses
Jul 31 08:55:14 gtw01 dnsmasq-dhcp[11640]: read /var/lib/neutron/dhcp/77bf4829-020b-41ce-97aa-3081d67fcfed/host
Jul 31 08:55:14 gtw01 dnsmasq-dhcp[11640]: read /var/lib/neutron/dhcp/77bf4829-020b-41ce-97aa-3081d67fcfed/opts
Jul 31 08:55:15 gtw01 dnsmasq[16901]: read /var/lib/neutron/dhcp/a4ad0927-9ca7-458a-83b1-a790b8a68977/addn_hosts - 2 addresses
Jul 31 08:55:15 gtw01 dnsmasq-dhcp[16901]: read /var/lib/neutron/dhcp/a4ad0927-9ca7-458a-83b1-a790b8a68977/host
Jul 31 08:55:15 gtw01 dnsmasq-dhcp[16901]: read /var/lib/neutron/dhcp/a4ad0927-9ca7-458a-83b1-a790b8a68977/opts
Jul 31 08:55:18 gtw01 dnsmasq[16901]: read /var/lib/neutron/dhcp/a4ad0927-9ca7-458a-83b1-a790b8a68977/addn_hosts - 3 addresses
Jul 31 08:55:18 gtw01 dnsmasq-dhcp[16901]: read /var/lib/neutron/dhcp/a4ad0927-9ca7-458a-83b1-a790b8a68977/host
Jul 31 08:55:18 gtw01 dnsmasq-dhcp[16901]: read /var/lib/neutron/dhcp/a4ad0927-9ca7-458a-83b1-a790b8a68977/opts
Jul 31 08:55:23 gtw01 dnsmasq[16901]: read /var/lib/neutron/dhcp/a4ad0927-9ca7-458a-83b1-a790b8a68977/addn_hosts - 4 addresses
Jul 31 08:55:24 gtw01 dnsmasq-dhcp[16901]: read /var/lib/neutron/dhcp/a4ad0927-9ca7-458a-83b1-a790b8a68977/host
Jul 31 08:55:24 gtw01 dnsmasq-dhcp[16901]: read /var/lib/neutron/dhcp/a4ad0927-9ca7-458a-83b1-a790b8a68977/opts
Jul 31 08:55:24 gtw01 dnsmasq[16901]: read /var/lib/neutron/dhcp/a4ad0927-9ca7-458a-83b1-a790b8a68977/addn_hosts - 4 addresses
Jul 31 08:55:24 gtw01 dnsmasq-dhcp[16901]: read /var/lib/neutron/dhcp/a4ad0927-9ca7-458a-83b1-a790b8a68977/host
Jul 31 08:55:24 gtw01 dnsmasq-dhcp[16901]: read /var/lib/neutron/dhcp/a4ad0927-9ca7-458a-83b1-a790b8a68977/opts
Jul 31 08:55:25 gtw01 dnsmasq[16901]: read /var/lib/neutron/dhcp/a4ad0927-9ca7-458a-83b1-a790b8a68977/addn_hosts - 4 addresses
Jul 31 08:55:25 gtw01 dnsmasq-dhcp[16901]: read /var/lib/neutron/dhcp/a4ad0927-9ca7-458a-83b1-a790b8a68977/host
Jul 31 08:55:25 gtw01 dnsmasq-dhcp[16901]: read /var/lib/neutron/dhcp/a4ad0927-9ca7-458a-83b1-a790b8a68977/opts
Jul 31 08:55:26 gtw01 dnsmasq-dhcp[17790]: DHCPDISCOVER(tap17dfb505-5e) fa:16:3e:91:02:8d
Jul 31 08:55:26 gtw01 dnsmasq-dhcp[17790]: DHCPOFFER(tap17dfb505-5e) 192.168.120.3 fa:16:3e:91:02:8d
Jul 31 08:55:26 gtw01 dnsmasq-dhcp[17790]: DHCPREQUEST(tap17dfb505-5e) 192.168.120.3 fa:16:3e:91:02:8d
Jul 31 08:55:26 gtw01 dnsmasq-dhcp[17790]: DHCPACK(tap17dfb505-5e) 192.168.120.3 fa:16:3e:91:02:8d host-192-168-120-3
Jul 31 08:55:27 gtw01 dnsmasq-dhcp[11640]: DHCPDISCOVER(tap40c8bd2b-24) fa:16:3e:f4:96:9f
Jul 31 08:55:27 gtw01 dnsmasq-dhcp[11640]: DHCPOFFER(tap40c8bd2b-24) 192.168.120.4 fa:16:3e:f4:96:9f
Jul 31 08:55:27 gtw01 dnsmasq-dhcp[11640]: DHCPREQUEST(tap40c8bd2b-24) 192.168.120.4 fa:16:3e:f4:96:9f
Jul 31 08:55:27 gtw01 dnsmasq-dhcp[11640]: DHCPACK(tap40c8bd2b-24) 192.168.120.4 fa:16:3e:f4:96:9f host-192-168-120-4
Jul 31 08:55:30 gtw01 dnsmasq-dhcp[17790]: DHCPRELEASE(tap17dfb505-5e) 192.168.120.3 fa:16:3e:91:02:8d
Jul 31 08:55:30 gtw01 dnsmasq-dhcp[17790]: DHCPRELEASE(tap17dfb505-5e) 192.168.120.3 fa:16:3e:91:02:8d unknown lease
Jul 31 08:55:31 gtw01 dnsmasq[17790]: read /var/lib/neutron/dhcp/adeecaef-b9e6-4f6d-9a90-2c8b706811f9/addn_hosts - 2 addresses
Jul 31 08:55:31 gtw01 dnsmasq-dhcp[17790]: read /var/lib/neutron/dhcp/adeecaef-b9e6-4f6d-9a90-2c8b706811f9/host
Jul 31 08:55:31 gtw01 dnsmasq-dhcp[17790]: read /var/lib/neutron/dhcp/adeecaef-b9e6-4f6d-9a90-2c8b706811f9/opts
Jul 31 08:55:31 gtw01 dnsmasq-dhcp[11640]: DHCPRELEASE(tap40c8bd2b-24) 192.168.120.4 fa:16:3e:f4:96:9f
Jul 31 08:55:34 gtw01 dnsmasq[16901]: read /var/lib/neutron/dhcp/a4ad0927-9ca7-458a-83b1-a790b8a68977/addn_hosts - 5 addresses
Jul 31 08:55:34 gtw01 dnsmasq-dhcp[16901]: read /var/lib/neutron/dhcp/a4ad0927-9ca7-458a-83b1-a790b8a68977/host
Jul 31 08:55:34 gtw01 dnsmasq-dhcp[16901]: read /var/lib/neutron/dhcp/a4ad0927-9ca7-458a-83b1-a790b8a68977/opts
Jul 31 08:55:35 gtw01 dnsmasq[16901]: read /var/lib/neutron/dhcp/a4ad0927-9ca7-458a-83b1-a790b8a68977/addn_hosts - 5 addresses
Jul 31 08:55:35 gtw01 dnsmasq-dhcp[16901]: read /var/lib/neutron/dhcp/a4ad0927-9ca7-458a-83b1-a790b8a68977/host
Jul 31 08:55:35 gtw01 dnsmasq-dhcp[16901]: read /var/lib/neutron/dhcp/a4ad0927-9ca7-458a-83b1-a790b8a68977/opts
Jul 31 08:55:36 gtw01 dnsmasq[11640]: read /var/lib/neutron/dhcp/77bf4829-020b-41ce-97aa-3081d67fcfed/addn_hosts - 3 addresses
Jul 31 08:55:36 gtw01 dnsmasq-dhcp[11640]: read /var/lib/neutron/dhcp/77bf4829-020b-41ce-97aa-3081d67fcfed/host
Jul 31 08:55:36 gtw01 dnsmasq-dhcp[11640]: read /var/lib/neutron/dhcp/77bf4829-020b-41ce-97aa-3081d67fcfed/opts
Jul 31 08:55:36 gtw01 dnsmasq-dhcp[16901]: DHCPDISCOVER(tap956e6267-c7) fa:16:3e:57:13:ca
Jul 31 08:55:36 gtw01 dnsmasq-dhcp[16901]: DHCPOFFER(tap956e6267-c7) 192.168.120.12 fa:16:3e:57:13:ca
Jul 31 08:55:36 gtw01 dnsmasq-dhcp[16901]: DHCPREQUEST(tap956e6267-c7) 192.168.120.12 fa:16:3e:57:13:ca
Jul 31 08:55:36 gtw01 dnsmasq-dhcp[16901]: DHCPACK(tap956e6267-c7) 192.168.120.12 fa:16:3e:57:13:ca host-192-168-120-12
Jul 31 08:55:36 gtw01 dnsmasq[16901]: read /var/lib/neutron/dhcp/a4ad0927-9ca7-458a-83b1-a790b8a68977/addn_hosts - 5 addresses
Jul 31 08:55:36 gtw01 dnsmasq-dhcp[16901]: read /var/lib/neutron/dhcp/a4ad0927-9ca7-458a-83b1-a790b8a68977/host
Jul 31 08:55:36 gtw01 dnsmasq-dhcp[16901]: read /var/lib/neutron/dhcp/a4ad0927-9ca7-458a-83b1-a790b8a68977/opts
Jul 31 08:55:37 gtw01 dnsmasq[17790]: read /var/lib/neutron/dhcp/adeecaef-b9e6-4f6d-9a90-2c8b706811f9/addn_hosts - 1 addresses
