Jul 31 08:00:51 gtw01 dnsmasq-dhcp[15679]: read /var/lib/neutron/dhcp/abc5c4cd-4b8d-439a-bcdb-d5cc67eab665/opts
Jul 31 08:00:52 gtw01 dnsmasq[15679]: read /var/lib/neutron/dhcp/abc5c4cd-4b8d-439a-bcdb-d5cc67eab665/addn_hosts - 3 addresses
Jul 31 08:00:52 gtw01 dnsmasq-dhcp[15679]: read /var/lib/neutron/dhcp/abc5c4cd-4b8d-439a-bcdb-d5cc67eab665/host
Jul 31 08:00:52 gtw01 dnsmasq-dhcp[15679]: read /var/lib/neutron/dhcp/abc5c4cd-4b8d-439a-bcdb-d5cc67eab665/opts
Jul 31 08:00:58 gtw01 dnsmasq[15679]: read /var/lib/neutron/dhcp/abc5c4cd-4b8d-439a-bcdb-d5cc67eab665/addn_hosts - 4 addresses
Jul 31 08:00:58 gtw01 dnsmasq-dhcp[15679]: read /var/lib/neutron/dhcp/abc5c4cd-4b8d-439a-bcdb-d5cc67eab665/host
Jul 31 08:00:58 gtw01 dnsmasq-dhcp[15679]: read /var/lib/neutron/dhcp/abc5c4cd-4b8d-439a-bcdb-d5cc67eab665/opts
Jul 31 08:00:59 gtw01 dnsmasq[15679]: read /var/lib/neutron/dhcp/abc5c4cd-4b8d-439a-bcdb-d5cc67eab665/addn_hosts - 4 addresses
Jul 31 08:00:59 gtw01 dnsmasq-dhcp[15679]: read /var/lib/neutron/dhcp/abc5c4cd-4b8d-439a-bcdb-d5cc67eab665/host
Jul 31 08:00:59 gtw01 dnsmasq-dhcp[15679]: read /var/lib/neutron/dhcp/abc5c4cd-4b8d-439a-bcdb-d5cc67eab665/opts
Jul 31 08:01:00 gtw01 dnsmasq[15679]: read /var/lib/neutron/dhcp/abc5c4cd-4b8d-439a-bcdb-d5cc67eab665/addn_hosts - 4 addresses
Jul 31 08:01:00 gtw01 dnsmasq-dhcp[15679]: read /var/lib/neutron/dhcp/abc5c4cd-4b8d-439a-bcdb-d5cc67eab665/host
Jul 31 08:01:00 gtw01 dnsmasq-dhcp[15679]: read /var/lib/neutron/dhcp/abc5c4cd-4b8d-439a-bcdb-d5cc67eab665/opts
Jul 31 08:01:02 gtw01 dnsmasq-dhcp[15679]: DHCPDISCOVER(tap719c0133-45) fa:16:3e:a4:b2:4d
Jul 31 08:01:02 gtw01 dnsmasq-dhcp[15679]: DHCPOFFER(tap719c0133-45) 192.168.120.5 fa:16:3e:a4:b2:4d
Jul 31 08:01:02 gtw01 dnsmasq-dhcp[15679]: DHCPREQUEST(tap719c0133-45) 192.168.120.5 fa:16:3e:a4:b2:4d
Jul 31 08:01:02 gtw01 dnsmasq-dhcp[15679]: DHCPACK(tap719c0133-45) 192.168.120.5 fa:16:3e:a4:b2:4d host-192-168-120-5
Jul 31 08:01:16 gtw01 dnsmasq-dhcp[15679]: DHCPDISCOVER(tap719c0133-45) fa:16:3e:dd:bc:c0
Jul 31 08:01:16 gtw01 dnsmasq-dhcp[15679]: DHCPOFFER(tap719c0133-45) 192.168.120.25 fa:16:3e:dd:bc:c0
Jul 31 08:01:16 gtw01 dnsmasq-dhcp[15679]: DHCPREQUEST(tap719c0133-45) 192.168.120.25 fa:16:3e:dd:bc:c0
Jul 31 08:01:16 gtw01 dnsmasq-dhcp[15679]: DHCPACK(tap719c0133-45) 192.168.120.25 fa:16:3e:dd:bc:c0 host-192-168-120-25
Jul 31 08:01:23 gtw01 dnsmasq-dhcp[15679]: DHCPRELEASE(tap719c0133-45) 192.168.120.5 fa:16:3e:a4:b2:4d
Jul 31 08:01:23 gtw01 dnsmasq-dhcp[15679]: DHCPRELEASE(tap719c0133-45) 192.168.120.5 fa:16:3e:a4:b2:4d unknown lease
Jul 31 08:01:24 gtw01 dnsmasq[15679]: read /var/lib/neutron/dhcp/abc5c4cd-4b8d-439a-bcdb-d5cc67eab665/addn_hosts - 3 addresses
Jul 31 08:01:24 gtw01 dnsmasq-dhcp[15679]: read /var/lib/neutron/dhcp/abc5c4cd-4b8d-439a-bcdb-d5cc67eab665/host
Jul 31 08:01:24 gtw01 dnsmasq-dhcp[15679]: read /var/lib/neutron/dhcp/abc5c4cd-4b8d-439a-bcdb-d5cc67eab665/opts
Jul 31 08:01:27 gtw01 dnsmasq-dhcp[15679]: DHCPRELEASE(tap719c0133-45) 192.168.120.25 fa:16:3e:dd:bc:c0
Jul 31 08:01:27 gtw01 dnsmasq-dhcp[15679]: DHCPRELEASE(tap719c0133-45) 192.168.120.25 fa:16:3e:dd:bc:c0 unknown lease
Jul 31 08:01:28 gtw01 dnsmasq[15679]: read /var/lib/neutron/dhcp/abc5c4cd-4b8d-439a-bcdb-d5cc67eab665/addn_hosts - 2 addresses
Jul 31 08:01:28 gtw01 dnsmasq-dhcp[15679]: read /var/lib/neutron/dhcp/abc5c4cd-4b8d-439a-bcdb-d5cc67eab665/host
Jul 31 08:01:28 gtw01 dnsmasq-dhcp[15679]: read /var/lib/neutron/dhcp/abc5c4cd-4b8d-439a-bcdb-d5cc67eab665/opts
Jul 31 08:01:30 gtw01 dnsmasq[15679]: read /var/lib/neutron/dhcp/abc5c4cd-4b8d-439a-bcdb-d5cc67eab665/addn_hosts - 1 addresses
Jul 31 08:01:30 gtw01 dnsmasq-dhcp[15679]: read /var/lib/neutron/dhcp/abc5c4cd-4b8d-439a-bcdb-d5cc67eab665/host
Jul 31 08:01:30 gtw01 dnsmasq-dhcp[15679]: read /var/lib/neutron/dhcp/abc5c4cd-4b8d-439a-bcdb-d5cc67eab665/opts
Jul 31 08:01:34 gtw01 kernel: [ 2108.753138] device tap719c0133-45 left promiscuous mode
Jul 31 08:01:42 gtw01 systemd-udevd[15956]: Could not generate persistent MAC address for tapb376802c-b3: No such file or directory
Jul 31 08:01:42 gtw01 kernel: [ 2116.320391] device tapb376802c-b3 entered promiscuous mode
Jul 31 08:01:42 gtw01 systemd-udevd[15956]: Process '/sbin/ip link set tapb376802c-b3 txqueuelen 10000' failed with exit code 1.
Jul 31 08:01:42 gtw01 systemd-udevd[16007]: Process '/sbin/ip link set tapb376802c-b3 txqueuelen 10000' failed with exit code 1.
Jul 31 08:01:44 gtw01 dnsmasq[16069]: started, version 2.80 cachesize 150
Jul 31 08:01:44 gtw01 dnsmasq[16069]: DNS service limited to local subnets
Jul 31 08:01:44 gtw01 dnsmasq[16069]: compile time options: IPv6 GNU-getopt DBus i18n IDN DHCP DHCPv6 no-Lua TFTP conntrack ipset auth DNSSEC loop-detect inotify dumpfile
Jul 31 08:01:44 gtw01 dnsmasq[16069]: warning: no upstream servers configured
Jul 31 08:01:44 gtw01 dnsmasq-dhcp[16069]: DHCP, static leases only on 192.168.120.0, lease time 1h
Jul 31 08:01:44 gtw01 dnsmasq[16069]: read /var/lib/neutron/dhcp/ada7705a-9997-4c59-912c-963a2f467506/addn_hosts - 1 addresses
Jul 31 08:01:44 gtw01 dnsmasq-dhcp[16069]: read /var/lib/neutron/dhcp/ada7705a-9997-4c59-912c-963a2f467506/host
Jul 31 08:01:44 gtw01 dnsmasq-dhcp[16069]: read /var/lib/neutron/dhcp/ada7705a-9997-4c59-912c-963a2f467506/opts
Jul 31 08:01:45 gtw01 haproxy-metadata-proxy-ada7705a-9997-4c59-912c-963a2f467506[16073]: Proxy listener started.
Jul 31 08:01:45 gtw01 dnsmasq[16069]: read /var/lib/neutron/dhcp/ada7705a-9997-4c59-912c-963a2f467506/addn_hosts - 2 addresses
Jul 31 08:01:45 gtw01 dnsmasq-dhcp[16069]: read /var/lib/neutron/dhcp/ada7705a-9997-4c59-912c-963a2f467506/host
Jul 31 08:01:45 gtw01 dnsmasq-dhcp[16069]: read /var/lib/neutron/dhcp/ada7705a-9997-4c59-912c-963a2f467506/opts
Jul 31 08:01:46 gtw01 dnsmasq[16069]: read /var/lib/neutron/dhcp/ada7705a-9997-4c59-912c-963a2f467506/addn_hosts - 2 addresses
Jul 31 08:01:46 gtw01 dnsmasq-dhcp[16069]: read /var/lib/neutron/dhcp/ada7705a-9997-4c59-912c-963a2f467506/host
Jul 31 08:01:46 gtw01 dnsmasq-dhcp[16069]: read /var/lib/neutron/dhcp/ada7705a-9997-4c59-912c-963a2f467506/opts
Jul 31 08:01:47 gtw01 dnsmasq[16069]: read /var/lib/neutron/dhcp/ada7705a-9997-4c59-912c-963a2f467506/addn_hosts - 2 addresses
Jul 31 08:01:47 gtw01 dnsmasq-dhcp[16069]: read /var/lib/neutron/dhcp/ada7705a-9997-4c59-912c-963a2f467506/host
Jul 31 08:01:47 gtw01 dnsmasq-dhcp[16069]: read /var/lib/neutron/dhcp/ada7705a-9997-4c59-912c-963a2f467506/opts
Jul 31 08:01:48 gtw01 dnsmasq[16069]: read /var/lib/neutron/dhcp/ada7705a-9997-4c59-912c-963a2f467506/addn_hosts - 2 addresses
Jul 31 08:01:48 gtw01 dnsmasq-dhcp[16069]: read /var/lib/neutron/dhcp/ada7705a-9997-4c59-912c-963a2f467506/host
Jul 31 08:01:48 gtw01 dnsmasq-dhcp[16069]: read /var/lib/neutron/dhcp/ada7705a-9997-4c59-912c-963a2f467506/opts
Jul 31 08:01:49 gtw01 dnsmasq[16069]: read /var/lib/neutron/dhcp/ada7705a-9997-4c59-912c-963a2f467506/addn_hosts - 2 addresses
Jul 31 08:01:49 gtw01 dnsmasq-dhcp[16069]: read /var/lib/neutron/dhcp/ada7705a-9997-4c59-912c-963a2f467506/host
Jul 31 08:01:49 gtw01 dnsmasq-dhcp[16069]: read /var/lib/neutron/dhcp/ada7705a-9997-4c59-912c-963a2f467506/opts
Jul 31 08:01:49 gtw01 dnsmasq[16069]: read /var/lib/neutron/dhcp/ada7705a-9997-4c59-912c-963a2f467506/addn_hosts - 3 addresses
Jul 31 08:01:49 gtw01 dnsmasq-dhcp[16069]: read /var/lib/neutron/dhcp/ada7705a-9997-4c59-912c-963a2f467506/host
Jul 31 08:01:49 gtw01 dnsmasq-dhcp[16069]: read /var/lib/neutron/dhcp/ada7705a-9997-4c59-912c-963a2f467506/opts
Jul 31 08:01:50 gtw01 dnsmasq[16069]: read /var/lib/neutron/dhcp/ada7705a-9997-4c59-912c-963a2f467506/addn_hosts - 3 addresses
Jul 31 08:01:50 gtw01 dnsmasq-dhcp[16069]: read /var/lib/neutron/dhcp/ada7705a-9997-4c59-912c-963a2f467506/host
Jul 31 08:01:50 gtw01 dnsmasq-dhcp[16069]: read /var/lib/neutron/dhcp/ada7705a-9997-4c59-912c-963a2f467506/opts
Jul 31 08:01:51 gtw01 dnsmasq[16069]: read /var/lib/neutron/dhcp/ada7705a-9997-4c59-912c-963a2f467506/addn_hosts - 3 addresses
Jul 31 08:01:51 gtw01 dnsmasq-dhcp[16069]: read /var/lib/neutron/dhcp/ada7705a-9997-4c59-912c-963a2f467506/host
Jul 31 08:01:51 gtw01 dnsmasq-dhcp[16069]: read /var/lib/neutron/dhcp/ada7705a-9997-4c59-912c-963a2f467506/opts
Jul 31 08:01:57 gtw01 dnsmasq[16069]: read /var/lib/neutron/dhcp/ada7705a-9997-4c59-912c-963a2f467506/addn_hosts - 4 addresses
Jul 31 08:01:57 gtw01 dnsmasq-dhcp[16069]: read /var/lib/neutron/dhcp/ada7705a-9997-4c59-912c-963a2f467506/host
Jul 31 08:01:57 gtw01 dnsmasq-dhcp[16069]: read /var/lib/neutron/dhcp/ada7705a-9997-4c59-912c-963a2f467506/opts
Jul 31 08:01:58 gtw01 dnsmasq[16069]: read /var/lib/neutron/dhcp/ada7705a-9997-4c59-912c-963a2f467506/addn_hosts - 4 addresses
Jul 31 08:01:58 gtw01 dnsmasq-dhcp[16069]: read /var/lib/neutron/dhcp/ada7705a-9997-4c59-912c-963a2f467506/host
Jul 31 08:01:58 gtw01 dnsmasq-dhcp[16069]: read /var/lib/neutron/dhcp/ada7705a-9997-4c59-912c-963a2f467506/opts
Jul 31 08:01:59 gtw01 dnsmasq[16069]: read /var/lib/neutron/dhcp/ada7705a-9997-4c59-912c-963a2f467506/addn_hosts - 4 addresses
Jul 31 08:01:59 gtw01 dnsmasq-dhcp[16069]: read /var/lib/neutron/dhcp/ada7705a-9997-4c59-912c-963a2f467506/host
Jul 31 08:01:59 gtw01 dnsmasq-dhcp[16069]: read /var/lib/neutron/dhcp/ada7705a-9997-4c59-912c-963a2f467506/opts
Jul 31 08:02:01 gtw01 dnsmasq-dhcp[16069]: DHCPDISCOVER(tapb376802c-b3) fa:16:3e:be:6b:bf
Jul 31 08:02:01 gtw01 dnsmasq-dhcp[16069]: DHCPOFFER(tapb376802c-b3) 192.168.120.6 fa:16:3e:be:6b:bf
Jul 31 08:02:01 gtw01 dnsmasq-dhcp[16069]: DHCPREQUEST(tapb376802c-b3) 192.168.120.6 fa:16:3e:be:6b:bf
Jul 31 08:02:01 gtw01 dnsmasq-dhcp[16069]: DHCPACK(tapb376802c-b3) 192.168.120.6 fa:16:3e:be:6b:bf host-192-168-120-6
Jul 31 08:02:11 gtw01 dnsmasq-dhcp[16069]: DHCPDISCOVER(tapb376802c-b3) fa:16:3e:73:ce:85
Jul 31 08:02:11 gtw01 dnsmasq-dhcp[16069]: DHCPOFFER(tapb376802c-b3) 192.168.120.8 fa:16:3e:73:ce:85
Jul 31 08:02:11 gtw01 dnsmasq-dhcp[16069]: DHCPREQUEST(tapb376802c-b3) 192.168.120.8 fa:16:3e:73:ce:85
Jul 31 08:02:11 gtw01 dnsmasq-dhcp[16069]: DHCPACK(tapb376802c-b3) 192.168.120.8 fa:16:3e:73:ce:85 host-192-168-120-8
Jul 31 08:02:15 gtw01 dnsmasq-dhcp[16069]: DHCPRELEASE(tapb376802c-b3) 192.168.120.6 fa:16:3e:be:6b:bf
Jul 31 08:02:15 gtw01 dnsmasq-dhcp[16069]: DHCPRELEASE(tapb376802c-b3) 192.168.120.6 fa:16:3e:be:6b:bf unknown lease
Jul 31 08:02:15 gtw01 dnsmasq[16069]: read /var/lib/neutron/dhcp/ada7705a-9997-4c59-912c-963a2f467506/addn_hosts - 3 addresses
Jul 31 08:02:15 gtw01 dnsmasq-dhcp[16069]: read /var/lib/neutron/dhcp/ada7705a-9997-4c59-912c-963a2f467506/host
Jul 31 08:02:15 gtw01 dnsmasq-dhcp[16069]: read /var/lib/neutron/dhcp/ada7705a-9997-4c59-912c-963a2f467506/opts
Jul 31 08:02:17 gtw01 dnsmasq-dhcp[16069]: DHCPRELEASE(tapb376802c-b3) 192.168.120.8 fa:16:3e:73:ce:85
Jul 31 08:02:17 gtw01 dnsmasq-dhcp[16069]: DHCPRELEASE(tapb376802c-b3) 192.168.120.8 fa:16:3e:73:ce:85 unknown lease
Jul 31 08:02:18 gtw01 dnsmasq[16069]: read /var/lib/neutron/dhcp/ada7705a-9997-4c59-912c-963a2f467506/addn_hosts - 2 addresses
Jul 31 08:02:18 gtw01 dnsmasq-dhcp[16069]: read /var/lib/neutron/dhcp/ada7705a-9997-4c59-912c-963a2f467506/host
Jul 31 08:02:18 gtw01 dnsmasq-dhcp[16069]: read /var/lib/neutron/dhcp/ada7705a-9997-4c59-912c-963a2f467506/opts
Jul 31 08:02:20 gtw01 dnsmasq[16069]: read /var/lib/neutron/dhcp/ada7705a-9997-4c59-912c-963a2f467506/addn_hosts - 1 addresses
Jul 31 08:02:20 gtw01 dnsmasq-dhcp[16069]: read /var/lib/neutron/dhcp/ada7705a-9997-4c59-912c-963a2f467506/host
Jul 31 08:02:20 gtw01 dnsmasq-dhcp[16069]: read /var/lib/neutron/dhcp/ada7705a-9997-4c59-912c-963a2f467506/opts
Jul 31 08:02:24 gtw01 kernel: [ 2158.955740] device tapb376802c-b3 left promiscuous mode
Jul 31 08:02:32 gtw01 systemd-udevd[16346]: Could not generate persistent MAC address for tap7b24d7b4-70: No such file or directory
Jul 31 08:02:32 gtw01 kernel: [ 2166.996388] device tap7b24d7b4-70 entered promiscuous mode
Jul 31 08:02:32 gtw01 systemd-udevd[16346]: Process '/sbin/ip link set tap7b24d7b4-70 txqueuelen 10000' failed with exit code 1.
Jul 31 08:02:32 gtw01 systemd-udevd[16398]: Process '/sbin/ip link set tap7b24d7b4-70 txqueuelen 10000' failed with exit code 1.
Jul 31 08:02:35 gtw01 dnsmasq[16458]: started, version 2.80 cachesize 150
Jul 31 08:02:35 gtw01 dnsmasq[16458]: DNS service limited to local subnets
Jul 31 08:02:35 gtw01 dnsmasq[16458]: compile time options: IPv6 GNU-getopt DBus i18n IDN DHCP DHCPv6 no-Lua TFTP conntrack ipset auth DNSSEC loop-detect inotify dumpfile
Jul 31 08:02:35 gtw01 dnsmasq[16458]: warning: no upstream servers configured
Jul 31 08:02:35 gtw01 dnsmasq-dhcp[16458]: DHCP, static leases only on 192.168.120.0, lease time 1h
Jul 31 08:02:35 gtw01 dnsmasq[16458]: read /var/lib/neutron/dhcp/f1b70553-ec66-469a-a7ad-5a841dc3788f/addn_hosts - 1 addresses
Jul 31 08:02:35 gtw01 dnsmasq-dhcp[16458]: read /var/lib/neutron/dhcp/f1b70553-ec66-469a-a7ad-5a841dc3788f/host
Jul 31 08:02:35 gtw01 dnsmasq-dhcp[16458]: read /var/lib/neutron/dhcp/f1b70553-ec66-469a-a7ad-5a841dc3788f/opts
Jul 31 08:02:35 gtw01 haproxy-metadata-proxy-f1b70553-ec66-469a-a7ad-5a841dc3788f[16462]: Proxy listener started.
Jul 31 08:02:36 gtw01 dnsmasq[16458]: read /var/lib/neutron/dhcp/f1b70553-ec66-469a-a7ad-5a841dc3788f/addn_hosts - 2 addresses
Jul 31 08:02:36 gtw01 dnsmasq-dhcp[16458]: read /var/lib/neutron/dhcp/f1b70553-ec66-469a-a7ad-5a841dc3788f/host
Jul 31 08:02:36 gtw01 dnsmasq-dhcp[16458]: read /var/lib/neutron/dhcp/f1b70553-ec66-469a-a7ad-5a841dc3788f/opts
Jul 31 08:02:37 gtw01 dnsmasq[16458]: read /var/lib/neutron/dhcp/f1b70553-ec66-469a-a7ad-5a841dc3788f/addn_hosts - 2 addresses
Jul 31 08:02:37 gtw01 dnsmasq-dhcp[16458]: read /var/lib/neutron/dhcp/f1b70553-ec66-469a-a7ad-5a841dc3788f/host
Jul 31 08:02:37 gtw01 dnsmasq-dhcp[16458]: read /var/lib/neutron/dhcp/f1b70553-ec66-469a-a7ad-5a841dc3788f/opts
Jul 31 08:02:38 gtw01 dnsmasq[16458]: read /var/lib/neutron/dhcp/f1b70553-ec66-469a-a7ad-5a841dc3788f/addn_hosts - 2 addresses
Jul 31 08:02:38 gtw01 dnsmasq-dhcp[16458]: read /var/lib/neutron/dhcp/f1b70553-ec66-469a-a7ad-5a841dc3788f/host
Jul 31 08:02:38 gtw01 dnsmasq-dhcp[16458]: read /var/lib/neutron/dhcp/f1b70553-ec66-469a-a7ad-5a841dc3788f/opts
Jul 31 08:02:38 gtw01 dnsmasq[16458]: read /var/lib/neutron/dhcp/f1b70553-ec66-469a-a7ad-5a841dc3788f/addn_hosts - 2 addresses
Jul 31 08:02:38 gtw01 dnsmasq-dhcp[16458]: read /var/lib/neutron/dhcp/f1b70553-ec66-469a-a7ad-5a841dc3788f/host
Jul 31 08:02:38 gtw01 dnsmasq-dhcp[16458]: read /var/lib/neutron/dhcp/f1b70553-ec66-469a-a7ad-5a841dc3788f/opts
Jul 31 08:02:39 gtw01 dnsmasq[16458]: read /var/lib/neutron/dhcp/f1b70553-ec66-469a-a7ad-5a841dc3788f/addn_hosts - 3 addresses
Jul 31 08:02:39 gtw01 dnsmasq-dhcp[16458]: read /var/lib/neutron/dhcp/f1b70553-ec66-469a-a7ad-5a841dc3788f/host
Jul 31 08:02:39 gtw01 dnsmasq-dhcp[16458]: read /var/lib/neutron/dhcp/f1b70553-ec66-469a-a7ad-5a841dc3788f/opts
Jul 31 08:02:40 gtw01 dnsmasq[16458]: read /var/lib/neutron/dhcp/f1b70553-ec66-469a-a7ad-5a841dc3788f/addn_hosts - 3 addresses
Jul 31 08:02:40 gtw01 dnsmasq-dhcp[16458]: read /var/lib/neutron/dhcp/f1b70553-ec66-469a-a7ad-5a841dc3788f/host
Jul 31 08:02:40 gtw01 dnsmasq-dhcp[16458]: read /var/lib/neutron/dhcp/f1b70553-ec66-469a-a7ad-5a841dc3788f/opts
Jul 31 08:02:41 gtw01 dnsmasq[16458]: read /var/lib/neutron/dhcp/f1b70553-ec66-469a-a7ad-5a841dc3788f/addn_hosts - 3 addresses
Jul 31 08:02:41 gtw01 dnsmasq-dhcp[16458]: read /var/lib/neutron/dhcp/f1b70553-ec66-469a-a7ad-5a841dc3788f/host
Jul 31 08:02:41 gtw01 dnsmasq-dhcp[16458]: read /var/lib/neutron/dhcp/f1b70553-ec66-469a-a7ad-5a841dc3788f/opts
Jul 31 08:02:42 gtw01 dnsmasq[16458]: read /var/lib/neutron/dhcp/f1b70553-ec66-469a-a7ad-5a841dc3788f/addn_hosts - 3 addresses
Jul 31 08:02:42 gtw01 dnsmasq-dhcp[16458]: read /var/lib/neutron/dhcp/f1b70553-ec66-469a-a7ad-5a841dc3788f/host
Jul 31 08:02:42 gtw01 dnsmasq-dhcp[16458]: read /var/lib/neutron/dhcp/f1b70553-ec66-469a-a7ad-5a841dc3788f/opts
Jul 31 08:02:54 gtw01 dnsmasq-dhcp[16458]: DHCPDISCOVER(tap7b24d7b4-70) fa:16:3e:ca:df:ab
Jul 31 08:02:54 gtw01 dnsmasq-dhcp[16458]: DHCPOFFER(tap7b24d7b4-70) 192.168.120.23 fa:16:3e:ca:df:ab
Jul 31 08:02:54 gtw01 dnsmasq-dhcp[16458]: DHCPREQUEST(tap7b24d7b4-70) 192.168.120.23 fa:16:3e:ca:df:ab
Jul 31 08:02:54 gtw01 dnsmasq-dhcp[16458]: DHCPACK(tap7b24d7b4-70) 192.168.120.23 fa:16:3e:ca:df:ab host-192-168-120-23
Jul 31 08:03:11 gtw01 dnsmasq[16458]: read /var/lib/neutron/dhcp/f1b70553-ec66-469a-a7ad-5a841dc3788f/addn_hosts - 4 addresses
Jul 31 08:03:11 gtw01 dnsmasq-dhcp[16458]: read /var/lib/neutron/dhcp/f1b70553-ec66-469a-a7ad-5a841dc3788f/host
Jul 31 08:03:11 gtw01 dnsmasq-dhcp[16458]: read /var/lib/neutron/dhcp/f1b70553-ec66-469a-a7ad-5a841dc3788f/opts
Jul 31 08:03:12 gtw01 dnsmasq[16458]: read /var/lib/neutron/dhcp/f1b70553-ec66-469a-a7ad-5a841dc3788f/addn_hosts - 4 addresses
Jul 31 08:03:12 gtw01 dnsmasq-dhcp[16458]: read /var/lib/neutron/dhcp/f1b70553-ec66-469a-a7ad-5a841dc3788f/host
Jul 31 08:03:12 gtw01 dnsmasq-dhcp[16458]: read /var/lib/neutron/dhcp/f1b70553-ec66-469a-a7ad-5a841dc3788f/opts
Jul 31 08:03:12 gtw01 dnsmasq[16458]: read /var/lib/neutron/dhcp/f1b70553-ec66-469a-a7ad-5a841dc3788f/addn_hosts - 4 addresses
Jul 31 08:03:12 gtw01 dnsmasq-dhcp[16458]: read /var/lib/neutron/dhcp/f1b70553-ec66-469a-a7ad-5a841dc3788f/host
Jul 31 08:03:12 gtw01 dnsmasq-dhcp[16458]: read /var/lib/neutron/dhcp/f1b70553-ec66-469a-a7ad-5a841dc3788f/opts
Jul 31 08:03:32 gtw01 dnsmasq-dhcp[16458]: DHCPDISCOVER(tap7b24d7b4-70) fa:16:3e:17:15:cd
Jul 31 08:03:32 gtw01 dnsmasq-dhcp[16458]: DHCPOFFER(tap7b24d7b4-70) 192.168.120.10 fa:16:3e:17:15:cd
Jul 31 08:03:32 gtw01 dnsmasq-dhcp[16458]: DHCPREQUEST(tap7b24d7b4-70) 192.168.120.10 fa:16:3e:17:15:cd
Jul 31 08:03:32 gtw01 dnsmasq-dhcp[16458]: DHCPACK(tap7b24d7b4-70) 192.168.120.10 fa:16:3e:17:15:cd host-192-168-120-10
Jul 31 08:04:06 gtw01 dnsmasq-dhcp[16458]: DHCPRELEASE(tap7b24d7b4-70) 192.168.120.23 fa:16:3e:ca:df:ab
Jul 31 08:04:07 gtw01 dnsmasq-dhcp[16458]: DHCPRELEASE(tap7b24d7b4-70) 192.168.120.23 fa:16:3e:ca:df:ab unknown lease
Jul 31 08:04:07 gtw01 dnsmasq[16458]: read /var/lib/neutron/dhcp/f1b70553-ec66-469a-a7ad-5a841dc3788f/addn_hosts - 3 addresses
Jul 31 08:04:07 gtw01 dnsmasq-dhcp[16458]: read /var/lib/neutron/dhcp/f1b70553-ec66-469a-a7ad-5a841dc3788f/host
Jul 31 08:04:07 gtw01 dnsmasq-dhcp[16458]: read /var/lib/neutron/dhcp/f1b70553-ec66-469a-a7ad-5a841dc3788f/opts
Jul 31 08:04:13 gtw01 dnsmasq-dhcp[16458]: DHCPRELEASE(tap7b24d7b4-70) 192.168.120.10 fa:16:3e:17:15:cd
Jul 31 08:04:14 gtw01 dnsmasq-dhcp[16458]: DHCPRELEASE(tap7b24d7b4-70) 192.168.120.10 fa:16:3e:17:15:cd unknown lease
Jul 31 08:04:14 gtw01 dnsmasq[16458]: read /var/lib/neutron/dhcp/f1b70553-ec66-469a-a7ad-5a841dc3788f/addn_hosts - 2 addresses
Jul 31 08:04:14 gtw01 dnsmasq-dhcp[16458]: read /var/lib/neutron/dhcp/f1b70553-ec66-469a-a7ad-5a841dc3788f/host
Jul 31 08:04:14 gtw01 dnsmasq-dhcp[16458]: read /var/lib/neutron/dhcp/f1b70553-ec66-469a-a7ad-5a841dc3788f/opts
Jul 31 08:04:16 gtw01 dnsmasq[16458]: read /var/lib/neutron/dhcp/f1b70553-ec66-469a-a7ad-5a841dc3788f/addn_hosts - 1 addresses
Jul 31 08:04:16 gtw01 dnsmasq-dhcp[16458]: read /var/lib/neutron/dhcp/f1b70553-ec66-469a-a7ad-5a841dc3788f/host
Jul 31 08:04:16 gtw01 dnsmasq-dhcp[16458]: read /var/lib/neutron/dhcp/f1b70553-ec66-469a-a7ad-5a841dc3788f/opts
Jul 31 08:04:21 gtw01 kernel: [ 2275.561342] device tap7b24d7b4-70 left promiscuous mode
Jul 31 08:04:30 gtw01 systemd-udevd[16736]: Could not generate persistent MAC address for tapaf12dcf8-59: No such file or directory
Jul 31 08:04:30 gtw01 kernel: [ 2284.471900] device tapaf12dcf8-59 entered promiscuous mode
Jul 31 08:04:30 gtw01 systemd-udevd[16736]: Process '/sbin/ip link set tapaf12dcf8-59 txqueuelen 10000' failed with exit code 1.
Jul 31 08:04:30 gtw01 systemd-udevd[16788]: Process '/sbin/ip link set tapaf12dcf8-59 txqueuelen 10000' failed with exit code 1.
Jul 31 08:04:33 gtw01 dnsmasq[16848]: started, version 2.80 cachesize 150
Jul 31 08:04:33 gtw01 dnsmasq[16848]: DNS service limited to local subnets
Jul 31 08:04:33 gtw01 dnsmasq[16848]: compile time options: IPv6 GNU-getopt DBus i18n IDN DHCP DHCPv6 no-Lua TFTP conntrack ipset auth DNSSEC loop-detect inotify dumpfile
Jul 31 08:04:33 gtw01 dnsmasq[16848]: warning: no upstream servers configured
Jul 31 08:04:33 gtw01 dnsmasq-dhcp[16848]: DHCP, static leases only on 172.16.64.0, lease time 1h
Jul 31 08:04:33 gtw01 dnsmasq[16848]: read /var/lib/neutron/dhcp/997b4fc4-9f9e-455c-876f-c69f7a0d8082/addn_hosts - 1 addresses
Jul 31 08:04:33 gtw01 dnsmasq-dhcp[16848]: read /var/lib/neutron/dhcp/997b4fc4-9f9e-455c-876f-c69f7a0d8082/host
Jul 31 08:04:33 gtw01 dnsmasq-dhcp[16848]: read /var/lib/neutron/dhcp/997b4fc4-9f9e-455c-876f-c69f7a0d8082/opts
Jul 31 08:04:33 gtw01 haproxy-metadata-proxy-997b4fc4-9f9e-455c-876f-c69f7a0d8082[16852]: Proxy listener started.
Jul 31 08:04:34 gtw01 dnsmasq[16848]: read /var/lib/neutron/dhcp/997b4fc4-9f9e-455c-876f-c69f7a0d8082/addn_hosts - 2 addresses
Jul 31 08:04:34 gtw01 dnsmasq-dhcp[16848]: read /var/lib/neutron/dhcp/997b4fc4-9f9e-455c-876f-c69f7a0d8082/host
Jul 31 08:04:34 gtw01 dnsmasq-dhcp[16848]: read /var/lib/neutron/dhcp/997b4fc4-9f9e-455c-876f-c69f7a0d8082/opts
Jul 31 08:04:34 gtw01 dnsmasq[16848]: read /var/lib/neutron/dhcp/997b4fc4-9f9e-455c-876f-c69f7a0d8082/addn_hosts - 2 addresses
Jul 31 08:04:34 gtw01 dnsmasq-dhcp[16848]: read /var/lib/neutron/dhcp/997b4fc4-9f9e-455c-876f-c69f7a0d8082/host
Jul 31 08:04:34 gtw01 dnsmasq-dhcp[16848]: read /var/lib/neutron/dhcp/997b4fc4-9f9e-455c-876f-c69f7a0d8082/opts
Jul 31 08:04:35 gtw01 dnsmasq[16848]: read /var/lib/neutron/dhcp/997b4fc4-9f9e-455c-876f-c69f7a0d8082/addn_hosts - 2 addresses
Jul 31 08:04:35 gtw01 dnsmasq-dhcp[16848]: read /var/lib/neutron/dhcp/997b4fc4-9f9e-455c-876f-c69f7a0d8082/host
Jul 31 08:04:35 gtw01 dnsmasq-dhcp[16848]: read /var/lib/neutron/dhcp/997b4fc4-9f9e-455c-876f-c69f7a0d8082/opts
Jul 31 08:04:36 gtw01 dnsmasq[16848]: read /var/lib/neutron/dhcp/997b4fc4-9f9e-455c-876f-c69f7a0d8082/addn_hosts - 2 addresses
Jul 31 08:04:36 gtw01 dnsmasq-dhcp[16848]: read /var/lib/neutron/dhcp/997b4fc4-9f9e-455c-876f-c69f7a0d8082/host
Jul 31 08:04:36 gtw01 dnsmasq-dhcp[16848]: read /var/lib/neutron/dhcp/997b4fc4-9f9e-455c-876f-c69f7a0d8082/opts
Jul 31 08:04:37 gtw01 dnsmasq[16848]: read /var/lib/neutron/dhcp/997b4fc4-9f9e-455c-876f-c69f7a0d8082/addn_hosts - 1 addresses
Jul 31 08:04:37 gtw01 dnsmasq-dhcp[16848]: read /var/lib/neutron/dhcp/997b4fc4-9f9e-455c-876f-c69f7a0d8082/host
Jul 31 08:04:37 gtw01 dnsmasq-dhcp[16848]: read /var/lib/neutron/dhcp/997b4fc4-9f9e-455c-876f-c69f7a0d8082/opts
Jul 31 08:04:38 gtw01 kernel: [ 2292.773818] device tapaf12dcf8-59 left promiscuous mode
Jul 31 08:04:49 gtw01 kernel: [ 2303.535495] device tap33ba46b8-54 entered promiscuous mode
Jul 31 08:04:49 gtw01 systemd-udevd[16964]: Could not generate persistent MAC address for tap33ba46b8-54: No such file or directory
Jul 31 08:04:49 gtw01 systemd-udevd[16964]: Process '/sbin/ip link set tap33ba46b8-54 txqueuelen 10000' failed with exit code 1.
Jul 31 08:04:49 gtw01 systemd-udevd[17016]: Process '/sbin/ip link set tap33ba46b8-54 txqueuelen 10000' failed with exit code 1.
Jul 31 08:04:52 gtw01 dnsmasq[17076]: started, version 2.80 cachesize 150
Jul 31 08:04:52 gtw01 dnsmasq[17076]: DNS service limited to local subnets
Jul 31 08:04:52 gtw01 dnsmasq[17076]: compile time options: IPv6 GNU-getopt DBus i18n IDN DHCP DHCPv6 no-Lua TFTP conntrack ipset auth DNSSEC loop-detect inotify dumpfile
Jul 31 08:04:52 gtw01 dnsmasq[17076]: warning: no upstream servers configured
Jul 31 08:04:52 gtw01 dnsmasq-dhcp[17076]: DHCP, static leases only on 192.168.120.0, lease time 1h
Jul 31 08:04:52 gtw01 dnsmasq[17076]: read /var/lib/neutron/dhcp/e7dabab6-0133-4d91-99d1-097cc81a5016/addn_hosts - 1 addresses
Jul 31 08:04:52 gtw01 dnsmasq-dhcp[17076]: read /var/lib/neutron/dhcp/e7dabab6-0133-4d91-99d1-097cc81a5016/host
Jul 31 08:04:52 gtw01 dnsmasq-dhcp[17076]: read /var/lib/neutron/dhcp/e7dabab6-0133-4d91-99d1-097cc81a5016/opts
Jul 31 08:04:52 gtw01 haproxy-metadata-proxy-e7dabab6-0133-4d91-99d1-097cc81a5016[17080]: Proxy listener started.
Jul 31 08:04:53 gtw01 dnsmasq[17076]: read /var/lib/neutron/dhcp/e7dabab6-0133-4d91-99d1-097cc81a5016/addn_hosts - 2 addresses
Jul 31 08:04:53 gtw01 dnsmasq-dhcp[17076]: read /var/lib/neutron/dhcp/e7dabab6-0133-4d91-99d1-097cc81a5016/host
Jul 31 08:04:53 gtw01 dnsmasq-dhcp[17076]: read /var/lib/neutron/dhcp/e7dabab6-0133-4d91-99d1-097cc81a5016/opts
Jul 31 08:04:53 gtw01 dnsmasq[17076]: read /var/lib/neutron/dhcp/e7dabab6-0133-4d91-99d1-097cc81a5016/addn_hosts - 2 addresses
Jul 31 08:04:53 gtw01 dnsmasq-dhcp[17076]: read /var/lib/neutron/dhcp/e7dabab6-0133-4d91-99d1-097cc81a5016/host
Jul 31 08:04:53 gtw01 dnsmasq-dhcp[17076]: read /var/lib/neutron/dhcp/e7dabab6-0133-4d91-99d1-097cc81a5016/opts
Jul 31 08:04:54 gtw01 dnsmasq[17076]: read /var/lib/neutron/dhcp/e7dabab6-0133-4d91-99d1-097cc81a5016/addn_hosts - 2 addresses
Jul 31 08:04:54 gtw01 dnsmasq-dhcp[17076]: read /var/lib/neutron/dhcp/e7dabab6-0133-4d91-99d1-097cc81a5016/host
Jul 31 08:04:54 gtw01 dnsmasq-dhcp[17076]: read /var/lib/neutron/dhcp/e7dabab6-0133-4d91-99d1-097cc81a5016/opts
Jul 31 08:04:55 gtw01 dnsmasq[17076]: read /var/lib/neutron/dhcp/e7dabab6-0133-4d91-99d1-097cc81a5016/addn_hosts - 2 addresses
Jul 31 08:04:55 gtw01 dnsmasq-dhcp[17076]: read /var/lib/neutron/dhcp/e7dabab6-0133-4d91-99d1-097cc81a5016/host
Jul 31 08:04:55 gtw01 dnsmasq-dhcp[17076]: read /var/lib/neutron/dhcp/e7dabab6-0133-4d91-99d1-097cc81a5016/opts
Jul 31 08:04:56 gtw01 dnsmasq[17076]: read /var/lib/neutron/dhcp/e7dabab6-0133-4d91-99d1-097cc81a5016/addn_hosts - 2 addresses
Jul 31 08:04:56 gtw01 dnsmasq-dhcp[17076]: read /var/lib/neutron/dhcp/e7dabab6-0133-4d91-99d1-097cc81a5016/host
Jul 31 08:04:56 gtw01 dnsmasq-dhcp[17076]: read /var/lib/neutron/dhcp/e7dabab6-0133-4d91-99d1-097cc81a5016/opts
Jul 31 08:05:29 gtw01 kernel: [ 2343.729792] device tap89b3d28d-5b entered promiscuous mode
Jul 31 08:05:29 gtw01 systemd-udevd[17197]: Process '/sbin/ip link set tap89b3d28d-5b txqueuelen 10000' failed with exit code 1.
Jul 31 08:05:29 gtw01 systemd-udevd[17197]: Process '/sbin/ip link set tap89b3d28d-5b txqueuelen 10000' failed with exit code 1.
Jul 31 08:05:29 gtw01 kernel: [ 2343.935019] device tapfe42a7bb-73 entered promiscuous mode
Jul 31 08:05:29 gtw01 systemd-udevd[17269]: Could not generate persistent MAC address for tapfe42a7bb-73: No such file or directory
Jul 31 08:05:29 gtw01 systemd-udevd[17269]: Process '/sbin/ip link set tapfe42a7bb-73 txqueuelen 10000' failed with exit code 1.
Jul 31 08:05:33 gtw01 dnsmasq[17429]: started, version 2.80 cachesize 150
Jul 31 08:05:33 gtw01 dnsmasq[17429]: DNS service limited to local subnets
Jul 31 08:05:33 gtw01 dnsmasq[17429]: compile time options: IPv6 GNU-getopt DBus i18n IDN DHCP DHCPv6 no-Lua TFTP conntrack ipset auth DNSSEC loop-detect inotify dumpfile
Jul 31 08:05:33 gtw01 dnsmasq[17429]: warning: no upstream servers configured
Jul 31 08:05:33 gtw01 dnsmasq-dhcp[17429]: DHCP, static leases only on 192.168.120.0, lease time 1h
Jul 31 08:05:33 gtw01 dnsmasq[17429]: read /var/lib/neutron/dhcp/9590b11f-5fdf-42a9-96c3-b8ded736b054/addn_hosts - 1 addresses
Jul 31 08:05:33 gtw01 dnsmasq-dhcp[17429]: read /var/lib/neutron/dhcp/9590b11f-5fdf-42a9-96c3-b8ded736b054/host
Jul 31 08:05:33 gtw01 dnsmasq-dhcp[17429]: read /var/lib/neutron/dhcp/9590b11f-5fdf-42a9-96c3-b8ded736b054/opts
Jul 31 08:05:33 gtw01 haproxy-metadata-proxy-9590b11f-5fdf-42a9-96c3-b8ded736b054[17439]: Proxy listener started.
Jul 31 08:05:33 gtw01 dnsmasq[17445]: started, version 2.80 cachesize 150
Jul 31 08:05:33 gtw01 dnsmasq[17445]: DNS service limited to local subnets
Jul 31 08:05:33 gtw01 dnsmasq[17445]: compile time options: IPv6 GNU-getopt DBus i18n IDN DHCP DHCPv6 no-Lua TFTP conntrack ipset auth DNSSEC loop-detect inotify dumpfile
Jul 31 08:05:33 gtw01 dnsmasq[17445]: warning: no upstream servers configured
Jul 31 08:05:33 gtw01 dnsmasq-dhcp[17445]: DHCP, static leases only on 192.168.120.0, lease time 1h
Jul 31 08:05:33 gtw01 dnsmasq[17445]: read /var/lib/neutron/dhcp/207455f6-4fd0-4e50-a9fa-bb5c42874e5d/addn_hosts - 1 addresses
Jul 31 08:05:33 gtw01 dnsmasq-dhcp[17445]: read /var/lib/neutron/dhcp/207455f6-4fd0-4e50-a9fa-bb5c42874e5d/host
Jul 31 08:05:33 gtw01 dnsmasq-dhcp[17445]: read /var/lib/neutron/dhcp/207455f6-4fd0-4e50-a9fa-bb5c42874e5d/opts
Jul 31 08:05:33 gtw01 kernel: [ 2347.918715] device tapbfc9f403-05 entered promiscuous mode
Jul 31 08:05:33 gtw01 systemd-udevd[17457]: Could not generate persistent MAC address for tapbfc9f403-05: No such file or directory
Jul 31 08:05:33 gtw01 haproxy-metadata-proxy-207455f6-4fd0-4e50-a9fa-bb5c42874e5d[17494]: Proxy listener started.
Jul 31 08:05:33 gtw01 systemd-udevd[17504]: Process '/sbin/ip link set tapbfc9f403-05 txqueuelen 10000' failed with exit code 1.
Jul 31 08:05:34 gtw01 dnsmasq[17429]: read /var/lib/neutron/dhcp/9590b11f-5fdf-42a9-96c3-b8ded736b054/addn_hosts - 2 addresses
Jul 31 08:05:34 gtw01 dnsmasq-dhcp[17429]: read /var/lib/neutron/dhcp/9590b11f-5fdf-42a9-96c3-b8ded736b054/host
Jul 31 08:05:34 gtw01 dnsmasq-dhcp[17429]: read /var/lib/neutron/dhcp/9590b11f-5fdf-42a9-96c3-b8ded736b054/opts
Jul 31 08:05:34 gtw01 dnsmasq[17445]: read /var/lib/neutron/dhcp/207455f6-4fd0-4e50-a9fa-bb5c42874e5d/addn_hosts - 2 addresses
Jul 31 08:05:34 gtw01 dnsmasq-dhcp[17445]: read /var/lib/neutron/dhcp/207455f6-4fd0-4e50-a9fa-bb5c42874e5d/host
Jul 31 08:05:34 gtw01 dnsmasq-dhcp[17445]: read /var/lib/neutron/dhcp/207455f6-4fd0-4e50-a9fa-bb5c42874e5d/opts
Jul 31 08:05:35 gtw01 dnsmasq[17429]: read /var/lib/neutron/dhcp/9590b11f-5fdf-42a9-96c3-b8ded736b054/addn_hosts - 2 addresses
Jul 31 08:05:35 gtw01 dnsmasq-dhcp[17429]: read /var/lib/neutron/dhcp/9590b11f-5fdf-42a9-96c3-b8ded736b054/host
Jul 31 08:05:35 gtw01 dnsmasq-dhcp[17429]: read /var/lib/neutron/dhcp/9590b11f-5fdf-42a9-96c3-b8ded736b054/opts
Jul 31 08:05:36 gtw01 dnsmasq[17445]: read /var/lib/neutron/dhcp/207455f6-4fd0-4e50-a9fa-bb5c42874e5d/addn_hosts - 2 addresses
Jul 31 08:05:36 gtw01 dnsmasq-dhcp[17445]: read /var/lib/neutron/dhcp/207455f6-4fd0-4e50-a9fa-bb5c42874e5d/host
Jul 31 08:05:36 gtw01 dnsmasq-dhcp[17445]: read /var/lib/neutron/dhcp/207455f6-4fd0-4e50-a9fa-bb5c42874e5d/opts
Jul 31 08:05:37 gtw01 dnsmasq[17429]: read /var/lib/neutron/dhcp/9590b11f-5fdf-42a9-96c3-b8ded736b054/addn_hosts - 2 addresses
Jul 31 08:05:37 gtw01 dnsmasq-dhcp[17429]: read /var/lib/neutron/dhcp/9590b11f-5fdf-42a9-96c3-b8ded736b054/host
Jul 31 08:05:37 gtw01 dnsmasq-dhcp[17429]: read /var/lib/neutron/dhcp/9590b11f-5fdf-42a9-96c3-b8ded736b054/opts
Jul 31 08:05:37 gtw01 dnsmasq[17445]: read /var/lib/neutron/dhcp/207455f6-4fd0-4e50-a9fa-bb5c42874e5d/addn_hosts - 2 addresses
Jul 31 08:05:37 gtw01 dnsmasq-dhcp[17445]: read /var/lib/neutron/dhcp/207455f6-4fd0-4e50-a9fa-bb5c42874e5d/host
Jul 31 08:05:37 gtw01 dnsmasq-dhcp[17445]: read /var/lib/neutron/dhcp/207455f6-4fd0-4e50-a9fa-bb5c42874e5d/opts
Jul 31 08:05:38 gtw01 dnsmasq[17663]: started, version 2.80 cachesize 150
Jul 31 08:05:38 gtw01 dnsmasq[17663]: DNS service limited to local subnets
Jul 31 08:05:38 gtw01 dnsmasq[17663]: compile time options: IPv6 GNU-getopt DBus i18n IDN DHCP DHCPv6 no-Lua TFTP conntrack ipset auth DNSSEC loop-detect inotify dumpfile
Jul 31 08:05:38 gtw01 dnsmasq[17663]: warning: no upstream servers configured
Jul 31 08:05:38 gtw01 dnsmasq-dhcp[17663]: DHCP, static leases only on 192.168.120.0, lease time 1h
Jul 31 08:05:38 gtw01 dnsmasq[17663]: read /var/lib/neutron/dhcp/73f310e1-46f3-4832-9f15-8511e8c51c9f/addn_hosts - 1 addresses
Jul 31 08:05:38 gtw01 dnsmasq-dhcp[17663]: read /var/lib/neutron/dhcp/73f310e1-46f3-4832-9f15-8511e8c51c9f/host
Jul 31 08:05:38 gtw01 dnsmasq-dhcp[17663]: read /var/lib/neutron/dhcp/73f310e1-46f3-4832-9f15-8511e8c51c9f/opts
Jul 31 08:05:38 gtw01 haproxy-metadata-proxy-73f310e1-46f3-4832-9f15-8511e8c51c9f[17670]: Proxy listener started.
Jul 31 08:05:38 gtw01 dnsmasq[17429]: read /var/lib/neutron/dhcp/9590b11f-5fdf-42a9-96c3-b8ded736b054/addn_hosts - 2 addresses
Jul 31 08:05:38 gtw01 dnsmasq-dhcp[17429]: read /var/lib/neutron/dhcp/9590b11f-5fdf-42a9-96c3-b8ded736b054/host
Jul 31 08:05:38 gtw01 dnsmasq-dhcp[17429]: read /var/lib/neutron/dhcp/9590b11f-5fdf-42a9-96c3-b8ded736b054/opts
Jul 31 08:05:38 gtw01 dnsmasq[17445]: read /var/lib/neutron/dhcp/207455f6-4fd0-4e50-a9fa-bb5c42874e5d/addn_hosts - 2 addresses
Jul 31 08:05:38 gtw01 dnsmasq-dhcp[17445]: read /var/lib/neutron/dhcp/207455f6-4fd0-4e50-a9fa-bb5c42874e5d/host
Jul 31 08:05:38 gtw01 dnsmasq-dhcp[17445]: read /var/lib/neutron/dhcp/207455f6-4fd0-4e50-a9fa-bb5c42874e5d/opts
Jul 31 08:05:39 gtw01 dnsmasq[17663]: read /var/lib/neutron/dhcp/73f310e1-46f3-4832-9f15-8511e8c51c9f/addn_hosts - 2 addresses
Jul 31 08:05:39 gtw01 dnsmasq-dhcp[17663]: read /var/lib/neutron/dhcp/73f310e1-46f3-4832-9f15-8511e8c51c9f/host
Jul 31 08:05:39 gtw01 dnsmasq-dhcp[17663]: read /var/lib/neutron/dhcp/73f310e1-46f3-4832-9f15-8511e8c51c9f/opts
Jul 31 08:05:39 gtw01 dnsmasq[17429]: read /var/lib/neutron/dhcp/9590b11f-5fdf-42a9-96c3-b8ded736b054/addn_hosts - 3 addresses
Jul 31 08:05:39 gtw01 dnsmasq-dhcp[17429]: read /var/lib/neutron/dhcp/9590b11f-5fdf-42a9-96c3-b8ded736b054/host
Jul 31 08:05:39 gtw01 dnsmasq-dhcp[17429]: read /var/lib/neutron/dhcp/9590b11f-5fdf-42a9-96c3-b8ded736b054/opts
Jul 31 08:05:40 gtw01 dnsmasq[17445]: read /var/lib/neutron/dhcp/207455f6-4fd0-4e50-a9fa-bb5c42874e5d/addn_hosts - 2 addresses
Jul 31 08:05:40 gtw01 dnsmasq-dhcp[17445]: read /var/lib/neutron/dhcp/207455f6-4fd0-4e50-a9fa-bb5c42874e5d/host
Jul 31 08:05:40 gtw01 dnsmasq-dhcp[17445]: read /var/lib/neutron/dhcp/207455f6-4fd0-4e50-a9fa-bb5c42874e5d/opts
Jul 31 08:05:40 gtw01 dnsmasq[17663]: read /var/lib/neutron/dhcp/73f310e1-46f3-4832-9f15-8511e8c51c9f/addn_hosts - 2 addresses
Jul 31 08:05:40 gtw01 dnsmasq-dhcp[17663]: read /var/lib/neutron/dhcp/73f310e1-46f3-4832-9f15-8511e8c51c9f/host
Jul 31 08:05:40 gtw01 dnsmasq-dhcp[17663]: read /var/lib/neutron/dhcp/73f310e1-46f3-4832-9f15-8511e8c51c9f/opts
Jul 31 08:05:41 gtw01 dnsmasq[17429]: read /var/lib/neutron/dhcp/9590b11f-5fdf-42a9-96c3-b8ded736b054/addn_hosts - 3 addresses
Jul 31 08:05:41 gtw01 dnsmasq-dhcp[17429]: read /var/lib/neutron/dhcp/9590b11f-5fdf-42a9-96c3-b8ded736b054/host
Jul 31 08:05:41 gtw01 dnsmasq-dhcp[17429]: read /var/lib/neutron/dhcp/9590b11f-5fdf-42a9-96c3-b8ded736b054/opts
Jul 31 08:05:41 gtw01 dnsmasq[17663]: read /var/lib/neutron/dhcp/73f310e1-46f3-4832-9f15-8511e8c51c9f/addn_hosts - 2 addresses
Jul 31 08:05:41 gtw01 dnsmasq-dhcp[17663]: read /var/lib/neutron/dhcp/73f310e1-46f3-4832-9f15-8511e8c51c9f/host
Jul 31 08:05:41 gtw01 dnsmasq-dhcp[17663]: read /var/lib/neutron/dhcp/73f310e1-46f3-4832-9f15-8511e8c51c9f/opts
Jul 31 08:05:42 gtw01 dnsmasq[17429]: read /var/lib/neutron/dhcp/9590b11f-5fdf-42a9-96c3-b8ded736b054/addn_hosts - 3 addresses
Jul 31 08:05:42 gtw01 dnsmasq-dhcp[17429]: read /var/lib/neutron/dhcp/9590b11f-5fdf-42a9-96c3-b8ded736b054/host
Jul 31 08:05:42 gtw01 dnsmasq-dhcp[17429]: read /var/lib/neutron/dhcp/9590b11f-5fdf-42a9-96c3-b8ded736b054/opts
Jul 31 08:05:42 gtw01 dnsmasq[17663]: read /var/lib/neutron/dhcp/73f310e1-46f3-4832-9f15-8511e8c51c9f/addn_hosts - 2 addresses
Jul 31 08:05:42 gtw01 dnsmasq-dhcp[17663]: read /var/lib/neutron/dhcp/73f310e1-46f3-4832-9f15-8511e8c51c9f/host
Jul 31 08:05:42 gtw01 dnsmasq-dhcp[17663]: read /var/lib/neutron/dhcp/73f310e1-46f3-4832-9f15-8511e8c51c9f/opts
Jul 31 08:05:43 gtw01 dnsmasq[17429]: read /var/lib/neutron/dhcp/9590b11f-5fdf-42a9-96c3-b8ded736b054/addn_hosts - 3 addresses
Jul 31 08:05:43 gtw01 dnsmasq-dhcp[17429]: read /var/lib/neutron/dhcp/9590b11f-5fdf-42a9-96c3-b8ded736b054/host
Jul 31 08:05:43 gtw01 dnsmasq-dhcp[17429]: read /var/lib/neutron/dhcp/9590b11f-5fdf-42a9-96c3-b8ded736b054/opts
Jul 31 08:05:43 gtw01 dnsmasq[17663]: read /var/lib/neutron/dhcp/73f310e1-46f3-4832-9f15-8511e8c51c9f/addn_hosts - 2 addresses
Jul 31 08:05:43 gtw01 dnsmasq-dhcp[17663]: read /var/lib/neutron/dhcp/73f310e1-46f3-4832-9f15-8511e8c51c9f/host
Jul 31 08:05:43 gtw01 dnsmasq-dhcp[17663]: read /var/lib/neutron/dhcp/73f310e1-46f3-4832-9f15-8511e8c51c9f/opts
Jul 31 08:05:44 gtw01 dnsmasq[17663]: read /var/lib/neutron/dhcp/73f310e1-46f3-4832-9f15-8511e8c51c9f/addn_hosts - 3 addresses
Jul 31 08:05:44 gtw01 dnsmasq-dhcp[17663]: read /var/lib/neutron/dhcp/73f310e1-46f3-4832-9f15-8511e8c51c9f/host
Jul 31 08:05:44 gtw01 dnsmasq-dhcp[17663]: read /var/lib/neutron/dhcp/73f310e1-46f3-4832-9f15-8511e8c51c9f/opts
Jul 31 08:05:44 gtw01 dnsmasq[17445]: read /var/lib/neutron/dhcp/207455f6-4fd0-4e50-a9fa-bb5c42874e5d/addn_hosts - 3 addresses
Jul 31 08:05:44 gtw01 dnsmasq-dhcp[17445]: read /var/lib/neutron/dhcp/207455f6-4fd0-4e50-a9fa-bb5c42874e5d/host
Jul 31 08:05:44 gtw01 dnsmasq-dhcp[17445]: read /var/lib/neutron/dhcp/207455f6-4fd0-4e50-a9fa-bb5c42874e5d/opts
Jul 31 08:05:45 gtw01 dnsmasq[17663]: read /var/lib/neutron/dhcp/73f310e1-46f3-4832-9f15-8511e8c51c9f/addn_hosts - 3 addresses
Jul 31 08:05:45 gtw01 dnsmasq-dhcp[17663]: read /var/lib/neutron/dhcp/73f310e1-46f3-4832-9f15-8511e8c51c9f/host
Jul 31 08:05:45 gtw01 dnsmasq-dhcp[17663]: read /var/lib/neutron/dhcp/73f310e1-46f3-4832-9f15-8511e8c51c9f/opts
Jul 31 08:05:45 gtw01 dnsmasq[17445]: read /var/lib/neutron/dhcp/207455f6-4fd0-4e50-a9fa-bb5c42874e5d/addn_hosts - 3 addresses
Jul 31 08:05:45 gtw01 dnsmasq-dhcp[17445]: read /var/lib/neutron/dhcp/207455f6-4fd0-4e50-a9fa-bb5c42874e5d/host
Jul 31 08:05:45 gtw01 dnsmasq-dhcp[17445]: read /var/lib/neutron/dhcp/207455f6-4fd0-4e50-a9fa-bb5c42874e5d/opts
Jul 31 08:05:46 gtw01 dnsmasq[17663]: read /var/lib/neutron/dhcp/73f310e1-46f3-4832-9f15-8511e8c51c9f/addn_hosts - 3 addresses
Jul 31 08:05:46 gtw01 dnsmasq-dhcp[17663]: read /var/lib/neutron/dhcp/73f310e1-46f3-4832-9f15-8511e8c51c9f/host
Jul 31 08:05:46 gtw01 dnsmasq-dhcp[17663]: read /var/lib/neutron/dhcp/73f310e1-46f3-4832-9f15-8511e8c51c9f/opts
Jul 31 08:05:46 gtw01 dnsmasq[17445]: read /var/lib/neutron/dhcp/207455f6-4fd0-4e50-a9fa-bb5c42874e5d/addn_hosts - 3 addresses
Jul 31 08:05:46 gtw01 dnsmasq-dhcp[17445]: read /var/lib/neutron/dhcp/207455f6-4fd0-4e50-a9fa-bb5c42874e5d/host
Jul 31 08:05:46 gtw01 dnsmasq-dhcp[17445]: read /var/lib/neutron/dhcp/207455f6-4fd0-4e50-a9fa-bb5c42874e5d/opts
Jul 31 08:05:48 gtw01 dnsmasq[17429]: read /var/lib/neutron/dhcp/9590b11f-5fdf-42a9-96c3-b8ded736b054/addn_hosts - 2 addresses
Jul 31 08:05:48 gtw01 dnsmasq-dhcp[17429]: read /var/lib/neutron/dhcp/9590b11f-5fdf-42a9-96c3-b8ded736b054/host
Jul 31 08:05:48 gtw01 dnsmasq-dhcp[17429]: read /var/lib/neutron/dhcp/9590b11f-5fdf-42a9-96c3-b8ded736b054/opts
Jul 31 08:05:49 gtw01 systemd-udevd[17995]: Could not generate persistent MAC address for tapdd7a240f-e6: No such file or directory
Jul 31 08:05:49 gtw01 kernel: [ 2363.912694] device tapdd7a240f-e6 entered promiscuous mode
Jul 31 08:05:49 gtw01 systemd-udevd[17995]: Process '/sbin/ip link set tapdd7a240f-e6 txqueuelen 10000' failed with exit code 1.
Jul 31 08:05:49 gtw01 systemd-udevd[18046]: Process '/sbin/ip link set tapdd7a240f-e6 txqueuelen 10000' failed with exit code 1.
Jul 31 08:05:52 gtw01 dnsmasq[17429]: read /var/lib/neutron/dhcp/9590b11f-5fdf-42a9-96c3-b8ded736b054/addn_hosts - 1 addresses
Jul 31 08:05:52 gtw01 dnsmasq-dhcp[17429]: read /var/lib/neutron/dhcp/9590b11f-5fdf-42a9-96c3-b8ded736b054/host
Jul 31 08:05:52 gtw01 dnsmasq-dhcp[17429]: read /var/lib/neutron/dhcp/9590b11f-5fdf-42a9-96c3-b8ded736b054/opts
Jul 31 08:05:53 gtw01 dnsmasq[18123]: started, version 2.80 cachesize 150
Jul 31 08:05:53 gtw01 dnsmasq[18123]: DNS service limited to local subnets
Jul 31 08:05:53 gtw01 dnsmasq[18123]: compile time options: IPv6 GNU-getopt DBus i18n IDN DHCP DHCPv6 no-Lua TFTP conntrack ipset auth DNSSEC loop-detect inotify dumpfile
Jul 31 08:05:53 gtw01 dnsmasq[18123]: warning: no upstream servers configured
Jul 31 08:05:53 gtw01 dnsmasq-dhcp[18123]: DHCP, static leases only on 192.168.120.0, lease time 1h
Jul 31 08:05:53 gtw01 dnsmasq[18123]: read /var/lib/neutron/dhcp/ec9a5976-f7d8-43fd-bbdc-a75e7c5401b8/addn_hosts - 1 addresses
Jul 31 08:05:53 gtw01 dnsmasq-dhcp[18123]: read /var/lib/neutron/dhcp/ec9a5976-f7d8-43fd-bbdc-a75e7c5401b8/host
Jul 31 08:05:53 gtw01 dnsmasq-dhcp[18123]: read /var/lib/neutron/dhcp/ec9a5976-f7d8-43fd-bbdc-a75e7c5401b8/opts
Jul 31 08:05:53 gtw01 haproxy-metadata-proxy-ec9a5976-f7d8-43fd-bbdc-a75e7c5401b8[18127]: Proxy listener started.
Jul 31 08:05:54 gtw01 dnsmasq[18123]: read /var/lib/neutron/dhcp/ec9a5976-f7d8-43fd-bbdc-a75e7c5401b8/addn_hosts - 2 addresses
Jul 31 08:05:54 gtw01 dnsmasq-dhcp[18123]: read /var/lib/neutron/dhcp/ec9a5976-f7d8-43fd-bbdc-a75e7c5401b8/host
Jul 31 08:05:54 gtw01 dnsmasq-dhcp[18123]: read /var/lib/neutron/dhcp/ec9a5976-f7d8-43fd-bbdc-a75e7c5401b8/opts
Jul 31 08:05:55 gtw01 dnsmasq[18123]: read /var/lib/neutron/dhcp/ec9a5976-f7d8-43fd-bbdc-a75e7c5401b8/addn_hosts - 2 addresses
Jul 31 08:05:55 gtw01 dnsmasq-dhcp[18123]: read /var/lib/neutron/dhcp/ec9a5976-f7d8-43fd-bbdc-a75e7c5401b8/host
Jul 31 08:05:55 gtw01 dnsmasq-dhcp[18123]: read /var/lib/neutron/dhcp/ec9a5976-f7d8-43fd-bbdc-a75e7c5401b8/opts
Jul 31 08:05:56 gtw01 dnsmasq[18123]: read /var/lib/neutron/dhcp/ec9a5976-f7d8-43fd-bbdc-a75e7c5401b8/addn_hosts - 2 addresses
Jul 31 08:05:56 gtw01 dnsmasq-dhcp[18123]: read /var/lib/neutron/dhcp/ec9a5976-f7d8-43fd-bbdc-a75e7c5401b8/host
Jul 31 08:05:56 gtw01 dnsmasq-dhcp[18123]: read /var/lib/neutron/dhcp/ec9a5976-f7d8-43fd-bbdc-a75e7c5401b8/opts
Jul 31 08:05:56 gtw01 kernel: [ 2370.492588] device tap89b3d28d-5b left promiscuous mode
Jul 31 08:05:57 gtw01 dnsmasq[18123]: read /var/lib/neutron/dhcp/ec9a5976-f7d8-43fd-bbdc-a75e7c5401b8/addn_hosts - 2 addresses
Jul 31 08:05:57 gtw01 dnsmasq-dhcp[18123]: read /var/lib/neutron/dhcp/ec9a5976-f7d8-43fd-bbdc-a75e7c5401b8/host
Jul 31 08:05:57 gtw01 dnsmasq-dhcp[18123]: read /var/lib/neutron/dhcp/ec9a5976-f7d8-43fd-bbdc-a75e7c5401b8/opts
Jul 31 08:05:57 gtw01 dnsmasq[17445]: read /var/lib/neutron/dhcp/207455f6-4fd0-4e50-a9fa-bb5c42874e5d/addn_hosts - 2 addresses
Jul 31 08:05:57 gtw01 dnsmasq-dhcp[17445]: read /var/lib/neutron/dhcp/207455f6-4fd0-4e50-a9fa-bb5c42874e5d/host
Jul 31 08:05:57 gtw01 dnsmasq-dhcp[17445]: read /var/lib/neutron/dhcp/207455f6-4fd0-4e50-a9fa-bb5c42874e5d/opts
Jul 31 08:05:58 gtw01 dnsmasq[18123]: read /var/lib/neutron/dhcp/ec9a5976-f7d8-43fd-bbdc-a75e7c5401b8/addn_hosts - 3 addresses
Jul 31 08:05:58 gtw01 dnsmasq-dhcp[18123]: read /var/lib/neutron/dhcp/ec9a5976-f7d8-43fd-bbdc-a75e7c5401b8/host
Jul 31 08:05:58 gtw01 dnsmasq-dhcp[18123]: read /var/lib/neutron/dhcp/ec9a5976-f7d8-43fd-bbdc-a75e7c5401b8/opts
Jul 31 08:05:58 gtw01 dnsmasq-dhcp[17663]: DHCPDISCOVER(tapbfc9f403-05) fa:16:3e:58:3c:6a
Jul 31 08:05:58 gtw01 dnsmasq-dhcp[17663]: DHCPOFFER(tapbfc9f403-05) 192.168.120.5 fa:16:3e:58:3c:6a
Jul 31 08:05:58 gtw01 dnsmasq-dhcp[17663]: DHCPREQUEST(tapbfc9f403-05) 192.168.120.5 fa:16:3e:58:3c:6a
Jul 31 08:05:58 gtw01 dnsmasq-dhcp[17663]: DHCPACK(tapbfc9f403-05) 192.168.120.5 fa:16:3e:58:3c:6a host-192-168-120-5
Jul 31 08:05:59 gtw01 dnsmasq[18123]: read /var/lib/neutron/dhcp/ec9a5976-f7d8-43fd-bbdc-a75e7c5401b8/addn_hosts - 3 addresses
Jul 31 08:05:59 gtw01 dnsmasq-dhcp[18123]: read /var/lib/neutron/dhcp/ec9a5976-f7d8-43fd-bbdc-a75e7c5401b8/host
Jul 31 08:05:59 gtw01 dnsmasq-dhcp[18123]: read /var/lib/neutron/dhcp/ec9a5976-f7d8-43fd-bbdc-a75e7c5401b8/opts
Jul 31 08:06:00 gtw01 dnsmasq[18123]: read /var/lib/neutron/dhcp/ec9a5976-f7d8-43fd-bbdc-a75e7c5401b8/addn_hosts - 3 addresses
Jul 31 08:06:00 gtw01 dnsmasq-dhcp[18123]: read /var/lib/neutron/dhcp/ec9a5976-f7d8-43fd-bbdc-a75e7c5401b8/host
Jul 31 08:06:00 gtw01 dnsmasq-dhcp[18123]: read /var/lib/neutron/dhcp/ec9a5976-f7d8-43fd-bbdc-a75e7c5401b8/opts
Jul 31 08:06:01 gtw01 dnsmasq[18123]: read /var/lib/neutron/dhcp/ec9a5976-f7d8-43fd-bbdc-a75e7c5401b8/addn_hosts - 3 addresses
Jul 31 08:06:01 gtw01 dnsmasq-dhcp[18123]: read /var/lib/neutron/dhcp/ec9a5976-f7d8-43fd-bbdc-a75e7c5401b8/host
Jul 31 08:06:01 gtw01 dnsmasq-dhcp[18123]: read /var/lib/neutron/dhcp/ec9a5976-f7d8-43fd-bbdc-a75e7c5401b8/opts
Jul 31 08:06:02 gtw01 dnsmasq[17445]: read /var/lib/neutron/dhcp/207455f6-4fd0-4e50-a9fa-bb5c42874e5d/addn_hosts - 1 addresses
Jul 31 08:06:02 gtw01 dnsmasq-dhcp[17445]: read /var/lib/neutron/dhcp/207455f6-4fd0-4e50-a9fa-bb5c42874e5d/host
Jul 31 08:06:02 gtw01 dnsmasq-dhcp[17445]: read /var/lib/neutron/dhcp/207455f6-4fd0-4e50-a9fa-bb5c42874e5d/opts
Jul 31 08:06:02 gtw01 kernel: [ 2377.209050] device tapde31378a-7c entered promiscuous mode
Jul 31 08:06:02 gtw01 systemd-udevd[18317]: Could not generate persistent MAC address for tapde31378a-7c: No such file or directory
Jul 31 08:06:03 gtw01 systemd-udevd[18317]: Process '/sbin/ip link set tapde31378a-7c txqueuelen 10000' failed with exit code 1.
Jul 31 08:06:03 gtw01 systemd-udevd[18371]: Process '/sbin/ip link set tapde31378a-7c txqueuelen 10000' failed with exit code 1.
Jul 31 08:06:06 gtw01 dnsmasq[18434]: started, version 2.80 cachesize 150
Jul 31 08:06:06 gtw01 dnsmasq[18434]: DNS service limited to local subnets
Jul 31 08:06:06 gtw01 dnsmasq[18434]: compile time options: IPv6 GNU-getopt DBus i18n IDN DHCP DHCPv6 no-Lua TFTP conntrack ipset auth DNSSEC loop-detect inotify dumpfile
Jul 31 08:06:06 gtw01 dnsmasq[18434]: warning: no upstream servers configured
Jul 31 08:06:06 gtw01 dnsmasq-dhcp[18434]: DHCP, static leases only on 192.168.120.0, lease time 1h
Jul 31 08:06:06 gtw01 dnsmasq[18434]: read /var/lib/neutron/dhcp/2f2d47d4-71df-46ed-ae28-4371e69a7fdf/addn_hosts - 1 addresses
Jul 31 08:06:06 gtw01 dnsmasq-dhcp[18434]: read /var/lib/neutron/dhcp/2f2d47d4-71df-46ed-ae28-4371e69a7fdf/host
Jul 31 08:06:06 gtw01 dnsmasq-dhcp[18434]: read /var/lib/neutron/dhcp/2f2d47d4-71df-46ed-ae28-4371e69a7fdf/opts
Jul 31 08:06:06 gtw01 haproxy-metadata-proxy-2f2d47d4-71df-46ed-ae28-4371e69a7fdf[18442]: Proxy listener started.
Jul 31 08:06:06 gtw01 kernel: [ 2380.948144] device tapfe42a7bb-73 left promiscuous mode
Jul 31 08:06:07 gtw01 dnsmasq[18434]: read /var/lib/neutron/dhcp/2f2d47d4-71df-46ed-ae28-4371e69a7fdf/addn_hosts - 2 addresses
Jul 31 08:06:07 gtw01 dnsmasq-dhcp[18434]: read /var/lib/neutron/dhcp/2f2d47d4-71df-46ed-ae28-4371e69a7fdf/host
Jul 31 08:06:07 gtw01 dnsmasq-dhcp[18434]: read /var/lib/neutron/dhcp/2f2d47d4-71df-46ed-ae28-4371e69a7fdf/opts
Jul 31 08:06:08 gtw01 dnsmasq[17663]: read /var/lib/neutron/dhcp/73f310e1-46f3-4832-9f15-8511e8c51c9f/addn_hosts - 4 addresses
Jul 31 08:06:08 gtw01 dnsmasq-dhcp[17663]: read /var/lib/neutron/dhcp/73f310e1-46f3-4832-9f15-8511e8c51c9f/host
Jul 31 08:06:08 gtw01 dnsmasq-dhcp[17663]: read /var/lib/neutron/dhcp/73f310e1-46f3-4832-9f15-8511e8c51c9f/opts
Jul 31 08:06:08 gtw01 dnsmasq[18434]: read /var/lib/neutron/dhcp/2f2d47d4-71df-46ed-ae28-4371e69a7fdf/addn_hosts - 2 addresses
Jul 31 08:06:08 gtw01 dnsmasq-dhcp[18434]: read /var/lib/neutron/dhcp/2f2d47d4-71df-46ed-ae28-4371e69a7fdf/host
Jul 31 08:06:08 gtw01 dnsmasq-dhcp[18434]: read /var/lib/neutron/dhcp/2f2d47d4-71df-46ed-ae28-4371e69a7fdf/opts
Jul 31 08:06:09 gtw01 dnsmasq[18434]: read /var/lib/neutron/dhcp/2f2d47d4-71df-46ed-ae28-4371e69a7fdf/addn_hosts - 2 addresses
Jul 31 08:06:09 gtw01 dnsmasq-dhcp[18434]: read /var/lib/neutron/dhcp/2f2d47d4-71df-46ed-ae28-4371e69a7fdf/host
Jul 31 08:06:09 gtw01 dnsmasq-dhcp[18434]: read /var/lib/neutron/dhcp/2f2d47d4-71df-46ed-ae28-4371e69a7fdf/opts
Jul 31 08:06:10 gtw01 dnsmasq[18434]: read /var/lib/neutron/dhcp/2f2d47d4-71df-46ed-ae28-4371e69a7fdf/addn_hosts - 2 addresses
Jul 31 08:06:10 gtw01 dnsmasq-dhcp[18434]: read /var/lib/neutron/dhcp/2f2d47d4-71df-46ed-ae28-4371e69a7fdf/host
Jul 31 08:06:10 gtw01 dnsmasq-dhcp[18434]: read /var/lib/neutron/dhcp/2f2d47d4-71df-46ed-ae28-4371e69a7fdf/opts
Jul 31 08:06:11 gtw01 dnsmasq[18434]: read /var/lib/neutron/dhcp/2f2d47d4-71df-46ed-ae28-4371e69a7fdf/addn_hosts - 3 addresses
Jul 31 08:06:11 gtw01 dnsmasq-dhcp[18434]: read /var/lib/neutron/dhcp/2f2d47d4-71df-46ed-ae28-4371e69a7fdf/host
Jul 31 08:06:11 gtw01 dnsmasq-dhcp[18434]: read /var/lib/neutron/dhcp/2f2d47d4-71df-46ed-ae28-4371e69a7fdf/opts
Jul 31 08:06:11 gtw01 dnsmasq[17663]: read /var/lib/neutron/dhcp/73f310e1-46f3-4832-9f15-8511e8c51c9f/addn_hosts - 3 addresses
Jul 31 08:06:11 gtw01 dnsmasq-dhcp[17663]: read /var/lib/neutron/dhcp/73f310e1-46f3-4832-9f15-8511e8c51c9f/host
Jul 31 08:06:11 gtw01 dnsmasq-dhcp[17663]: read /var/lib/neutron/dhcp/73f310e1-46f3-4832-9f15-8511e8c51c9f/opts
Jul 31 08:06:12 gtw01 dnsmasq[18434]: read /var/lib/neutron/dhcp/2f2d47d4-71df-46ed-ae28-4371e69a7fdf/addn_hosts - 3 addresses
Jul 31 08:06:12 gtw01 dnsmasq-dhcp[18434]: read /var/lib/neutron/dhcp/2f2d47d4-71df-46ed-ae28-4371e69a7fdf/host
Jul 31 08:06:12 gtw01 dnsmasq-dhcp[18434]: read /var/lib/neutron/dhcp/2f2d47d4-71df-46ed-ae28-4371e69a7fdf/opts
Jul 31 08:06:12 gtw01 dnsmasq-dhcp[17663]: DHCPRELEASE(tapbfc9f403-05) 192.168.120.5 fa:16:3e:58:3c:6a
Jul 31 08:06:12 gtw01 dnsmasq-dhcp[17663]: DHCPRELEASE(tapbfc9f403-05) 192.168.120.5 fa:16:3e:58:3c:6a unknown lease
Jul 31 08:06:13 gtw01 dnsmasq-dhcp[18123]: DHCPDISCOVER(tapdd7a240f-e6) fa:16:3e:4f:62:4c
Jul 31 08:06:13 gtw01 dnsmasq-dhcp[18123]: DHCPOFFER(tapdd7a240f-e6) 192.168.120.4 fa:16:3e:4f:62:4c
Jul 31 08:06:13 gtw01 dnsmasq-dhcp[18123]: DHCPREQUEST(tapdd7a240f-e6) 192.168.120.4 fa:16:3e:4f:62:4c
Jul 31 08:06:13 gtw01 dnsmasq-dhcp[18123]: DHCPACK(tapdd7a240f-e6) 192.168.120.4 fa:16:3e:4f:62:4c host-192-168-120-4
Jul 31 08:06:13 gtw01 dnsmasq[18434]: read /var/lib/neutron/dhcp/2f2d47d4-71df-46ed-ae28-4371e69a7fdf/addn_hosts - 3 addresses
Jul 31 08:06:13 gtw01 dnsmasq-dhcp[18434]: read /var/lib/neutron/dhcp/2f2d47d4-71df-46ed-ae28-4371e69a7fdf/host
Jul 31 08:06:13 gtw01 dnsmasq-dhcp[18434]: read /var/lib/neutron/dhcp/2f2d47d4-71df-46ed-ae28-4371e69a7fdf/opts
Jul 31 08:06:13 gtw01 dnsmasq[17663]: read /var/lib/neutron/dhcp/73f310e1-46f3-4832-9f15-8511e8c51c9f/addn_hosts - 2 addresses
Jul 31 08:06:13 gtw01 dnsmasq-dhcp[17663]: read /var/lib/neutron/dhcp/73f310e1-46f3-4832-9f15-8511e8c51c9f/host
