Jul 31 09:45:41 gtw01 dnsmasq[17264]: read /var/lib/neutron/dhcp/84182771-6728-4dc5-8679-b2dcda6cc4dc/addn_hosts - 2 addresses
Jul 31 09:45:41 gtw01 dnsmasq-dhcp[17264]: read /var/lib/neutron/dhcp/84182771-6728-4dc5-8679-b2dcda6cc4dc/host
Jul 31 09:45:41 gtw01 dnsmasq-dhcp[17264]: read /var/lib/neutron/dhcp/84182771-6728-4dc5-8679-b2dcda6cc4dc/opts
Jul 31 09:45:42 gtw01 systemd-udevd[17386]: Could not generate persistent MAC address for tape73bfac4-2a: No such file or directory
Jul 31 09:45:42 gtw01 kernel: [ 8356.367845] device tape73bfac4-2a entered promiscuous mode
Jul 31 09:45:42 gtw01 systemd-udevd[17433]: Process '/sbin/ip link set tape73bfac4-2a txqueuelen 10000' failed with exit code 1.
Jul 31 09:45:42 gtw01 dnsmasq[17186]: read /var/lib/neutron/dhcp/3e0276aa-c2c2-492c-a003-b0d2700bc807/addn_hosts - 2 addresses
Jul 31 09:45:42 gtw01 dnsmasq-dhcp[17186]: read /var/lib/neutron/dhcp/3e0276aa-c2c2-492c-a003-b0d2700bc807/host
Jul 31 09:45:42 gtw01 dnsmasq-dhcp[17186]: read /var/lib/neutron/dhcp/3e0276aa-c2c2-492c-a003-b0d2700bc807/opts
Jul 31 09:45:42 gtw01 dnsmasq[17312]: read /var/lib/neutron/dhcp/3c7f7576-690b-4870-971b-948d35f048e2/addn_hosts - 2 addresses
Jul 31 09:45:42 gtw01 dnsmasq-dhcp[17312]: read /var/lib/neutron/dhcp/3c7f7576-690b-4870-971b-948d35f048e2/host
Jul 31 09:45:42 gtw01 dnsmasq-dhcp[17312]: read /var/lib/neutron/dhcp/3c7f7576-690b-4870-971b-948d35f048e2/opts
Jul 31 09:45:42 gtw01 dnsmasq[17284]: read /var/lib/neutron/dhcp/3d75925f-e7ab-4926-a00e-6a3c1c6cf323/addn_hosts - 2 addresses
Jul 31 09:45:42 gtw01 dnsmasq-dhcp[17284]: read /var/lib/neutron/dhcp/3d75925f-e7ab-4926-a00e-6a3c1c6cf323/host
Jul 31 09:45:42 gtw01 dnsmasq-dhcp[17284]: read /var/lib/neutron/dhcp/3d75925f-e7ab-4926-a00e-6a3c1c6cf323/opts
Jul 31 09:45:43 gtw01 dnsmasq[17221]: read /var/lib/neutron/dhcp/be0b4b69-8cce-4e0a-9e04-5eaa725405d2/addn_hosts - 2 addresses
Jul 31 09:45:43 gtw01 dnsmasq-dhcp[17221]: read /var/lib/neutron/dhcp/be0b4b69-8cce-4e0a-9e04-5eaa725405d2/host
Jul 31 09:45:43 gtw01 dnsmasq-dhcp[17221]: read /var/lib/neutron/dhcp/be0b4b69-8cce-4e0a-9e04-5eaa725405d2/opts
Jul 31 09:45:44 gtw01 dnsmasq[17264]: read /var/lib/neutron/dhcp/84182771-6728-4dc5-8679-b2dcda6cc4dc/addn_hosts - 2 addresses
Jul 31 09:45:44 gtw01 dnsmasq-dhcp[17264]: read /var/lib/neutron/dhcp/84182771-6728-4dc5-8679-b2dcda6cc4dc/host
Jul 31 09:45:44 gtw01 dnsmasq-dhcp[17264]: read /var/lib/neutron/dhcp/84182771-6728-4dc5-8679-b2dcda6cc4dc/opts
Jul 31 09:45:45 gtw01 dnsmasq[17312]: read /var/lib/neutron/dhcp/3c7f7576-690b-4870-971b-948d35f048e2/addn_hosts - 2 addresses
Jul 31 09:45:45 gtw01 dnsmasq-dhcp[17312]: read /var/lib/neutron/dhcp/3c7f7576-690b-4870-971b-948d35f048e2/host
Jul 31 09:45:45 gtw01 dnsmasq-dhcp[17312]: read /var/lib/neutron/dhcp/3c7f7576-690b-4870-971b-948d35f048e2/opts
Jul 31 09:45:45 gtw01 dnsmasq[17284]: read /var/lib/neutron/dhcp/3d75925f-e7ab-4926-a00e-6a3c1c6cf323/addn_hosts - 2 addresses
Jul 31 09:45:45 gtw01 dnsmasq-dhcp[17284]: read /var/lib/neutron/dhcp/3d75925f-e7ab-4926-a00e-6a3c1c6cf323/host
Jul 31 09:45:45 gtw01 dnsmasq-dhcp[17284]: read /var/lib/neutron/dhcp/3d75925f-e7ab-4926-a00e-6a3c1c6cf323/opts
Jul 31 09:45:45 gtw01 dnsmasq[17186]: read /var/lib/neutron/dhcp/3e0276aa-c2c2-492c-a003-b0d2700bc807/addn_hosts - 2 addresses
Jul 31 09:45:45 gtw01 dnsmasq-dhcp[17186]: read /var/lib/neutron/dhcp/3e0276aa-c2c2-492c-a003-b0d2700bc807/host
Jul 31 09:45:45 gtw01 dnsmasq-dhcp[17186]: read /var/lib/neutron/dhcp/3e0276aa-c2c2-492c-a003-b0d2700bc807/opts
Jul 31 09:45:46 gtw01 systemd-udevd[17622]: Could not generate persistent MAC address for tap6cfedd3b-d5: No such file or directory
Jul 31 09:45:46 gtw01 kernel: [ 8360.623172] device tap6cfedd3b-d5 entered promiscuous mode
Jul 31 09:45:46 gtw01 dnsmasq[17221]: read /var/lib/neutron/dhcp/be0b4b69-8cce-4e0a-9e04-5eaa725405d2/addn_hosts - 2 addresses
Jul 31 09:45:46 gtw01 dnsmasq-dhcp[17221]: read /var/lib/neutron/dhcp/be0b4b69-8cce-4e0a-9e04-5eaa725405d2/host
Jul 31 09:45:46 gtw01 dnsmasq-dhcp[17221]: read /var/lib/neutron/dhcp/be0b4b69-8cce-4e0a-9e04-5eaa725405d2/opts
Jul 31 09:45:46 gtw01 systemd-udevd[17672]: Process '/sbin/ip link set tap6cfedd3b-d5 txqueuelen 10000' failed with exit code 1.
Jul 31 09:45:47 gtw01 dnsmasq[17284]: read /var/lib/neutron/dhcp/3d75925f-e7ab-4926-a00e-6a3c1c6cf323/addn_hosts - 2 addresses
Jul 31 09:45:47 gtw01 dnsmasq-dhcp[17284]: read /var/lib/neutron/dhcp/3d75925f-e7ab-4926-a00e-6a3c1c6cf323/host
Jul 31 09:45:47 gtw01 dnsmasq-dhcp[17284]: read /var/lib/neutron/dhcp/3d75925f-e7ab-4926-a00e-6a3c1c6cf323/opts
Jul 31 09:45:47 gtw01 kernel: [ 8362.187228] device tapb2af88d8-ef entered promiscuous mode
Jul 31 09:45:47 gtw01 systemd-udevd[17747]: Could not generate persistent MAC address for tapb2af88d8-ef: No such file or directory
Jul 31 09:45:48 gtw01 systemd-udevd[17793]: Process '/sbin/ip link set tapb2af88d8-ef txqueuelen 10000' failed with exit code 1.
Jul 31 09:45:48 gtw01 dnsmasq[17221]: read /var/lib/neutron/dhcp/be0b4b69-8cce-4e0a-9e04-5eaa725405d2/addn_hosts - 2 addresses
Jul 31 09:45:48 gtw01 dnsmasq-dhcp[17221]: read /var/lib/neutron/dhcp/be0b4b69-8cce-4e0a-9e04-5eaa725405d2/host
Jul 31 09:45:48 gtw01 dnsmasq-dhcp[17221]: read /var/lib/neutron/dhcp/be0b4b69-8cce-4e0a-9e04-5eaa725405d2/opts
Jul 31 09:45:49 gtw01 dnsmasq[17878]: started, version 2.80 cachesize 150
Jul 31 09:45:49 gtw01 dnsmasq[17878]: DNS service limited to local subnets
Jul 31 09:45:49 gtw01 dnsmasq[17878]: compile time options: IPv6 GNU-getopt DBus i18n IDN DHCP DHCPv6 no-Lua TFTP conntrack ipset auth DNSSEC loop-detect inotify dumpfile
Jul 31 09:45:49 gtw01 dnsmasq[17878]: warning: no upstream servers configured
Jul 31 09:45:49 gtw01 dnsmasq-dhcp[17878]: DHCP, static leases only on 192.168.120.0, lease time 1h
Jul 31 09:45:49 gtw01 dnsmasq[17878]: read /var/lib/neutron/dhcp/5f1fe4e7-405c-4157-8808-10acab612b1f/addn_hosts - 1 addresses
Jul 31 09:45:49 gtw01 dnsmasq-dhcp[17878]: read /var/lib/neutron/dhcp/5f1fe4e7-405c-4157-8808-10acab612b1f/host
Jul 31 09:45:49 gtw01 dnsmasq-dhcp[17878]: read /var/lib/neutron/dhcp/5f1fe4e7-405c-4157-8808-10acab612b1f/opts
Jul 31 09:45:49 gtw01 dnsmasq[17284]: read /var/lib/neutron/dhcp/3d75925f-e7ab-4926-a00e-6a3c1c6cf323/addn_hosts - 2 addresses
Jul 31 09:45:49 gtw01 dnsmasq-dhcp[17284]: read /var/lib/neutron/dhcp/3d75925f-e7ab-4926-a00e-6a3c1c6cf323/host
Jul 31 09:45:49 gtw01 dnsmasq-dhcp[17284]: read /var/lib/neutron/dhcp/3d75925f-e7ab-4926-a00e-6a3c1c6cf323/opts
Jul 31 09:45:50 gtw01 haproxy-metadata-proxy-5f1fe4e7-405c-4157-8808-10acab612b1f[17903]: Proxy listener started.
Jul 31 09:45:51 gtw01 systemd-udevd[17952]: Could not generate persistent MAC address for tap68c029a0-da: No such file or directory
Jul 31 09:45:51 gtw01 kernel: [ 8365.259090] device tap68c029a0-da entered promiscuous mode
Jul 31 09:45:51 gtw01 systemd-udevd[17998]: Process '/sbin/ip link set tap68c029a0-da txqueuelen 10000' failed with exit code 1.
Jul 31 09:45:51 gtw01 kernel: [ 8365.712493] device tap9323fdb2-ab entered promiscuous mode
Jul 31 09:45:51 gtw01 systemd-udevd[18030]: Could not generate persistent MAC address for tap9323fdb2-ab: No such file or directory
Jul 31 09:45:51 gtw01 systemd-udevd[18078]: Process '/sbin/ip link set tap9323fdb2-ab txqueuelen 10000' failed with exit code 1.
Jul 31 09:45:52 gtw01 systemd-udevd[18137]: Could not generate persistent MAC address for tap095d3168-6d: No such file or directory
Jul 31 09:45:52 gtw01 kernel: [ 8366.842380] device tap095d3168-6d entered promiscuous mode
Jul 31 09:45:52 gtw01 dnsmasq[18191]: started, version 2.80 cachesize 150
Jul 31 09:45:52 gtw01 dnsmasq[18191]: DNS service limited to local subnets
Jul 31 09:45:52 gtw01 dnsmasq[18191]: compile time options: IPv6 GNU-getopt DBus i18n IDN DHCP DHCPv6 no-Lua TFTP conntrack ipset auth DNSSEC loop-detect inotify dumpfile
Jul 31 09:45:52 gtw01 dnsmasq[18191]: warning: no upstream servers configured
Jul 31 09:45:52 gtw01 dnsmasq-dhcp[18191]: DHCP, static leases only on 192.168.120.0, lease time 1h
Jul 31 09:45:52 gtw01 systemd-udevd[18192]: Process '/sbin/ip link set tap095d3168-6d txqueuelen 10000' failed with exit code 1.
Jul 31 09:45:52 gtw01 dnsmasq[18191]: read /var/lib/neutron/dhcp/d40dcde9-f57d-4035-9018-177d4a3fee4b/addn_hosts - 1 addresses
Jul 31 09:45:52 gtw01 dnsmasq-dhcp[18191]: read /var/lib/neutron/dhcp/d40dcde9-f57d-4035-9018-177d4a3fee4b/host
Jul 31 09:45:52 gtw01 dnsmasq-dhcp[18191]: read /var/lib/neutron/dhcp/d40dcde9-f57d-4035-9018-177d4a3fee4b/opts
Jul 31 09:45:53 gtw01 dnsmasq[17878]: read /var/lib/neutron/dhcp/5f1fe4e7-405c-4157-8808-10acab612b1f/addn_hosts - 2 addresses
Jul 31 09:45:53 gtw01 dnsmasq-dhcp[17878]: read /var/lib/neutron/dhcp/5f1fe4e7-405c-4157-8808-10acab612b1f/host
Jul 31 09:45:53 gtw01 dnsmasq-dhcp[17878]: read /var/lib/neutron/dhcp/5f1fe4e7-405c-4157-8808-10acab612b1f/opts
Jul 31 09:45:53 gtw01 haproxy-metadata-proxy-d40dcde9-f57d-4035-9018-177d4a3fee4b[18225]: Proxy listener started.
Jul 31 09:45:54 gtw01 dnsmasq[18272]: started, version 2.80 cachesize 150
Jul 31 09:45:54 gtw01 dnsmasq[18272]: DNS service limited to local subnets
Jul 31 09:45:54 gtw01 dnsmasq[18272]: compile time options: IPv6 GNU-getopt DBus i18n IDN DHCP DHCPv6 no-Lua TFTP conntrack ipset auth DNSSEC loop-detect inotify dumpfile
Jul 31 09:45:54 gtw01 dnsmasq[18272]: warning: no upstream servers configured
Jul 31 09:45:54 gtw01 dnsmasq-dhcp[18272]: DHCP, static leases only on 192.168.120.0, lease time 1h
Jul 31 09:45:54 gtw01 dnsmasq[18272]: read /var/lib/neutron/dhcp/0e4cfa21-c646-4142-8f4b-0a1792fe9cda/addn_hosts - 1 addresses
Jul 31 09:45:54 gtw01 dnsmasq-dhcp[18272]: read /var/lib/neutron/dhcp/0e4cfa21-c646-4142-8f4b-0a1792fe9cda/host
Jul 31 09:45:54 gtw01 dnsmasq-dhcp[18272]: read /var/lib/neutron/dhcp/0e4cfa21-c646-4142-8f4b-0a1792fe9cda/opts
Jul 31 09:45:54 gtw01 haproxy-metadata-proxy-0e4cfa21-c646-4142-8f4b-0a1792fe9cda[18300]: Proxy listener started.
Jul 31 09:45:55 gtw01 kernel: [ 8369.423104] device tap678204d4-eb entered promiscuous mode
Jul 31 09:45:55 gtw01 systemd-udevd[18324]: Could not generate persistent MAC address for tap678204d4-eb: No such file or directory
Jul 31 09:45:55 gtw01 systemd-udevd[18392]: Could not generate persistent MAC address for tap8836eac7-e6: No such file or directory
Jul 31 09:45:55 gtw01 kernel: [ 8369.862114] device tap8836eac7-e6 entered promiscuous mode
Jul 31 09:45:55 gtw01 systemd-udevd[18390]: Process '/sbin/ip link set tap678204d4-eb txqueuelen 10000' failed with exit code 1.
Jul 31 09:45:55 gtw01 dnsmasq[18191]: read /var/lib/neutron/dhcp/d40dcde9-f57d-4035-9018-177d4a3fee4b/addn_hosts - 2 addresses
Jul 31 09:45:55 gtw01 dnsmasq-dhcp[18191]: read /var/lib/neutron/dhcp/d40dcde9-f57d-4035-9018-177d4a3fee4b/host
Jul 31 09:45:55 gtw01 dnsmasq-dhcp[18191]: read /var/lib/neutron/dhcp/d40dcde9-f57d-4035-9018-177d4a3fee4b/opts
Jul 31 09:45:56 gtw01 dnsmasq[17264]: read /var/lib/neutron/dhcp/84182771-6728-4dc5-8679-b2dcda6cc4dc/addn_hosts - 2 addresses
Jul 31 09:45:56 gtw01 dnsmasq-dhcp[17264]: read /var/lib/neutron/dhcp/84182771-6728-4dc5-8679-b2dcda6cc4dc/host
Jul 31 09:45:56 gtw01 dnsmasq-dhcp[17264]: read /var/lib/neutron/dhcp/84182771-6728-4dc5-8679-b2dcda6cc4dc/opts
Jul 31 09:45:56 gtw01 systemd-udevd[18469]: Process '/sbin/ip link set tap8836eac7-e6 txqueuelen 10000' failed with exit code 1.
Jul 31 09:45:56 gtw01 dnsmasq[18272]: read /var/lib/neutron/dhcp/0e4cfa21-c646-4142-8f4b-0a1792fe9cda/addn_hosts - 2 addresses
Jul 31 09:45:56 gtw01 dnsmasq-dhcp[18272]: read /var/lib/neutron/dhcp/0e4cfa21-c646-4142-8f4b-0a1792fe9cda/host
Jul 31 09:45:56 gtw01 dnsmasq-dhcp[18272]: read /var/lib/neutron/dhcp/0e4cfa21-c646-4142-8f4b-0a1792fe9cda/opts
Jul 31 09:45:58 gtw01 dnsmasq[17022]: read /var/lib/neutron/dhcp/5365bfe8-1abb-49bd-9a37-1dc6710da0ef/addn_hosts - 2 addresses
Jul 31 09:45:58 gtw01 dnsmasq-dhcp[17022]: read /var/lib/neutron/dhcp/5365bfe8-1abb-49bd-9a37-1dc6710da0ef/host
Jul 31 09:45:58 gtw01 dnsmasq-dhcp[17022]: read /var/lib/neutron/dhcp/5365bfe8-1abb-49bd-9a37-1dc6710da0ef/opts
Jul 31 09:45:58 gtw01 dnsmasq[17186]: read /var/lib/neutron/dhcp/3e0276aa-c2c2-492c-a003-b0d2700bc807/addn_hosts - 2 addresses
Jul 31 09:45:58 gtw01 dnsmasq-dhcp[17186]: read /var/lib/neutron/dhcp/3e0276aa-c2c2-492c-a003-b0d2700bc807/host
Jul 31 09:45:58 gtw01 dnsmasq-dhcp[17186]: read /var/lib/neutron/dhcp/3e0276aa-c2c2-492c-a003-b0d2700bc807/opts
Jul 31 09:45:59 gtw01 dnsmasq[18607]: started, version 2.80 cachesize 150
Jul 31 09:45:59 gtw01 dnsmasq[18607]: DNS service limited to local subnets
Jul 31 09:45:59 gtw01 dnsmasq[18607]: compile time options: IPv6 GNU-getopt DBus i18n IDN DHCP DHCPv6 no-Lua TFTP conntrack ipset auth DNSSEC loop-detect inotify dumpfile
Jul 31 09:45:59 gtw01 dnsmasq[18607]: warning: no upstream servers configured
Jul 31 09:45:59 gtw01 dnsmasq-dhcp[18607]: DHCP, static leases only on 192.168.120.0, lease time 1h
Jul 31 09:45:59 gtw01 dnsmasq[18607]: read /var/lib/neutron/dhcp/86a27450-f195-4d9b-969f-ee4587f2d8cc/addn_hosts - 1 addresses
Jul 31 09:45:59 gtw01 dnsmasq-dhcp[18607]: read /var/lib/neutron/dhcp/86a27450-f195-4d9b-969f-ee4587f2d8cc/host
Jul 31 09:45:59 gtw01 dnsmasq-dhcp[18607]: read /var/lib/neutron/dhcp/86a27450-f195-4d9b-969f-ee4587f2d8cc/opts
Jul 31 09:45:59 gtw01 dnsmasq[18615]: started, version 2.80 cachesize 150
Jul 31 09:45:59 gtw01 dnsmasq[18615]: DNS service limited to local subnets
Jul 31 09:45:59 gtw01 dnsmasq[18615]: compile time options: IPv6 GNU-getopt DBus i18n IDN DHCP DHCPv6 no-Lua TFTP conntrack ipset auth DNSSEC loop-detect inotify dumpfile
Jul 31 09:45:59 gtw01 dnsmasq[18615]: warning: no upstream servers configured
Jul 31 09:45:59 gtw01 dnsmasq-dhcp[18615]: DHCP, static leases only on 192.168.120.0, lease time 1h
Jul 31 09:45:59 gtw01 dnsmasq[18615]: read /var/lib/neutron/dhcp/10617d81-f21f-4038-880e-f57185367e3a/addn_hosts - 2 addresses
Jul 31 09:45:59 gtw01 dnsmasq-dhcp[18615]: read /var/lib/neutron/dhcp/10617d81-f21f-4038-880e-f57185367e3a/host
Jul 31 09:45:59 gtw01 dnsmasq-dhcp[18615]: read /var/lib/neutron/dhcp/10617d81-f21f-4038-880e-f57185367e3a/opts
Jul 31 09:45:59 gtw01 haproxy-metadata-proxy-86a27450-f195-4d9b-969f-ee4587f2d8cc[18646]: Proxy listener started.
Jul 31 09:45:59 gtw01 haproxy-metadata-proxy-10617d81-f21f-4038-880e-f57185367e3a[18649]: Proxy listener started.
Jul 31 09:46:00 gtw01 kernel: [ 8374.490085] device tap00e91fe1-54 left promiscuous mode
Jul 31 09:46:00 gtw01 dnsmasq[18689]: started, version 2.80 cachesize 150
Jul 31 09:46:00 gtw01 dnsmasq[18689]: DNS service limited to local subnets
Jul 31 09:46:00 gtw01 dnsmasq[18689]: compile time options: IPv6 GNU-getopt DBus i18n IDN DHCP DHCPv6 no-Lua TFTP conntrack ipset auth DNSSEC loop-detect inotify dumpfile
Jul 31 09:46:00 gtw01 dnsmasq[18689]: warning: no upstream servers configured
Jul 31 09:46:00 gtw01 dnsmasq-dhcp[18689]: DHCP, static leases only on 192.168.120.0, lease time 1h
Jul 31 09:46:00 gtw01 dnsmasq[18689]: read /var/lib/neutron/dhcp/0abccdab-c4ad-4bea-8b84-d05e0030ecb2/addn_hosts - 2 addresses
Jul 31 09:46:00 gtw01 dnsmasq-dhcp[18689]: read /var/lib/neutron/dhcp/0abccdab-c4ad-4bea-8b84-d05e0030ecb2/host
Jul 31 09:46:00 gtw01 dnsmasq-dhcp[18689]: read /var/lib/neutron/dhcp/0abccdab-c4ad-4bea-8b84-d05e0030ecb2/opts
Jul 31 09:46:01 gtw01 haproxy-metadata-proxy-0abccdab-c4ad-4bea-8b84-d05e0030ecb2[18725]: Proxy listener started.
Jul 31 09:46:01 gtw01 kernel: [ 8376.099006] device tapccc1f997-71 left promiscuous mode
Jul 31 09:46:02 gtw01 dnsmasq[18615]: read /var/lib/neutron/dhcp/10617d81-f21f-4038-880e-f57185367e3a/addn_hosts - 2 addresses
Jul 31 09:46:02 gtw01 dnsmasq-dhcp[18615]: read /var/lib/neutron/dhcp/10617d81-f21f-4038-880e-f57185367e3a/host
Jul 31 09:46:02 gtw01 dnsmasq-dhcp[18615]: read /var/lib/neutron/dhcp/10617d81-f21f-4038-880e-f57185367e3a/opts
Jul 31 09:46:02 gtw01 dnsmasq[18607]: read /var/lib/neutron/dhcp/86a27450-f195-4d9b-969f-ee4587f2d8cc/addn_hosts - 2 addresses
Jul 31 09:46:02 gtw01 dnsmasq-dhcp[18607]: read /var/lib/neutron/dhcp/86a27450-f195-4d9b-969f-ee4587f2d8cc/host
Jul 31 09:46:02 gtw01 dnsmasq-dhcp[18607]: read /var/lib/neutron/dhcp/86a27450-f195-4d9b-969f-ee4587f2d8cc/opts
Jul 31 09:46:02 gtw01 dnsmasq[17264]: read /var/lib/neutron/dhcp/84182771-6728-4dc5-8679-b2dcda6cc4dc/addn_hosts - 2 addresses
Jul 31 09:46:02 gtw01 dnsmasq-dhcp[17264]: read /var/lib/neutron/dhcp/84182771-6728-4dc5-8679-b2dcda6cc4dc/host
Jul 31 09:46:02 gtw01 dnsmasq-dhcp[17264]: read /var/lib/neutron/dhcp/84182771-6728-4dc5-8679-b2dcda6cc4dc/opts
Jul 31 09:46:02 gtw01 kernel: [ 8376.872344] device tapf0368693-53 left promiscuous mode
Jul 31 09:46:03 gtw01 dnsmasq[17312]: read /var/lib/neutron/dhcp/3c7f7576-690b-4870-971b-948d35f048e2/addn_hosts - 2 addresses
Jul 31 09:46:03 gtw01 dnsmasq-dhcp[17312]: read /var/lib/neutron/dhcp/3c7f7576-690b-4870-971b-948d35f048e2/host
Jul 31 09:46:03 gtw01 dnsmasq-dhcp[17312]: read /var/lib/neutron/dhcp/3c7f7576-690b-4870-971b-948d35f048e2/opts
Jul 31 09:46:03 gtw01 dnsmasq[18689]: read /var/lib/neutron/dhcp/0abccdab-c4ad-4bea-8b84-d05e0030ecb2/addn_hosts - 2 addresses
Jul 31 09:46:03 gtw01 dnsmasq-dhcp[18689]: read /var/lib/neutron/dhcp/0abccdab-c4ad-4bea-8b84-d05e0030ecb2/host
Jul 31 09:46:03 gtw01 dnsmasq-dhcp[18689]: read /var/lib/neutron/dhcp/0abccdab-c4ad-4bea-8b84-d05e0030ecb2/opts
Jul 31 09:46:03 gtw01 dnsmasq[18822]: started, version 2.80 cachesize 150
Jul 31 09:46:03 gtw01 dnsmasq[18822]: DNS service limited to local subnets
Jul 31 09:46:03 gtw01 dnsmasq[18822]: compile time options: IPv6 GNU-getopt DBus i18n IDN DHCP DHCPv6 no-Lua TFTP conntrack ipset auth DNSSEC loop-detect inotify dumpfile
Jul 31 09:46:03 gtw01 dnsmasq[18822]: warning: no upstream servers configured
Jul 31 09:46:03 gtw01 dnsmasq-dhcp[18822]: DHCP, static leases only on 192.168.120.0, lease time 1h
Jul 31 09:46:03 gtw01 dnsmasq[18822]: read /var/lib/neutron/dhcp/b65e581c-e9d9-46c1-92e6-abee41f7ee93/addn_hosts - 1 addresses
Jul 31 09:46:03 gtw01 dnsmasq-dhcp[18822]: read /var/lib/neutron/dhcp/b65e581c-e9d9-46c1-92e6-abee41f7ee93/host
Jul 31 09:46:03 gtw01 dnsmasq-dhcp[18822]: read /var/lib/neutron/dhcp/b65e581c-e9d9-46c1-92e6-abee41f7ee93/opts
Jul 31 09:46:04 gtw01 haproxy-metadata-proxy-b65e581c-e9d9-46c1-92e6-abee41f7ee93[18846]: Proxy listener started.
Jul 31 09:46:04 gtw01 dnsmasq[16243]: read /var/lib/neutron/dhcp/2130da09-eb34-4a1e-bac7-a68c6ff16b72/addn_hosts - 2 addresses
Jul 31 09:46:04 gtw01 dnsmasq-dhcp[16243]: read /var/lib/neutron/dhcp/2130da09-eb34-4a1e-bac7-a68c6ff16b72/host
Jul 31 09:46:04 gtw01 dnsmasq-dhcp[16243]: read /var/lib/neutron/dhcp/2130da09-eb34-4a1e-bac7-a68c6ff16b72/opts
Jul 31 09:46:05 gtw01 dnsmasq[16014]: read /var/lib/neutron/dhcp/6bb22378-5e04-4e82-bbe2-0fb985e6137a/addn_hosts - 3 addresses
Jul 31 09:46:05 gtw01 dnsmasq-dhcp[16014]: read /var/lib/neutron/dhcp/6bb22378-5e04-4e82-bbe2-0fb985e6137a/host
Jul 31 09:46:05 gtw01 dnsmasq-dhcp[16014]: read /var/lib/neutron/dhcp/6bb22378-5e04-4e82-bbe2-0fb985e6137a/opts
Jul 31 09:46:05 gtw01 kernel: [ 8379.477707] device tap9af7693e-86 left promiscuous mode
Jul 31 09:46:05 gtw01 dnsmasq[17092]: read /var/lib/neutron/dhcp/28e6682f-eb34-45c4-ac62-c30c2b9d72ad/addn_hosts - 2 addresses
Jul 31 09:46:05 gtw01 dnsmasq-dhcp[17092]: read /var/lib/neutron/dhcp/28e6682f-eb34-45c4-ac62-c30c2b9d72ad/host
Jul 31 09:46:05 gtw01 dnsmasq-dhcp[17092]: read /var/lib/neutron/dhcp/28e6682f-eb34-45c4-ac62-c30c2b9d72ad/opts
Jul 31 09:46:05 gtw01 dnsmasq[18882]: started, version 2.80 cachesize 150
Jul 31 09:46:05 gtw01 dnsmasq[18882]: DNS service limited to local subnets
Jul 31 09:46:05 gtw01 dnsmasq[18882]: compile time options: IPv6 GNU-getopt DBus i18n IDN DHCP DHCPv6 no-Lua TFTP conntrack ipset auth DNSSEC loop-detect inotify dumpfile
Jul 31 09:46:05 gtw01 dnsmasq[18882]: warning: no upstream servers configured
Jul 31 09:46:05 gtw01 dnsmasq-dhcp[18882]: DHCP, static leases only on 192.168.120.0, lease time 1h
Jul 31 09:46:05 gtw01 dnsmasq[18882]: read /var/lib/neutron/dhcp/2525b019-6614-476a-a86b-6ce5e4e8094b/addn_hosts - 1 addresses
Jul 31 09:46:05 gtw01 dnsmasq-dhcp[18882]: read /var/lib/neutron/dhcp/2525b019-6614-476a-a86b-6ce5e4e8094b/host
Jul 31 09:46:05 gtw01 dnsmasq-dhcp[18882]: read /var/lib/neutron/dhcp/2525b019-6614-476a-a86b-6ce5e4e8094b/opts
Jul 31 09:46:05 gtw01 dnsmasq[17312]: read /var/lib/neutron/dhcp/3c7f7576-690b-4870-971b-948d35f048e2/addn_hosts - 2 addresses
Jul 31 09:46:05 gtw01 dnsmasq-dhcp[17312]: read /var/lib/neutron/dhcp/3c7f7576-690b-4870-971b-948d35f048e2/host
Jul 31 09:46:05 gtw01 dnsmasq-dhcp[17312]: read /var/lib/neutron/dhcp/3c7f7576-690b-4870-971b-948d35f048e2/opts
Jul 31 09:46:06 gtw01 haproxy-metadata-proxy-2525b019-6614-476a-a86b-6ce5e4e8094b[18913]: Proxy listener started.
Jul 31 09:46:06 gtw01 dnsmasq[18822]: read /var/lib/neutron/dhcp/b65e581c-e9d9-46c1-92e6-abee41f7ee93/addn_hosts - 2 addresses
Jul 31 09:46:06 gtw01 dnsmasq-dhcp[18822]: read /var/lib/neutron/dhcp/b65e581c-e9d9-46c1-92e6-abee41f7ee93/host
Jul 31 09:46:06 gtw01 dnsmasq-dhcp[18822]: read /var/lib/neutron/dhcp/b65e581c-e9d9-46c1-92e6-abee41f7ee93/opts
Jul 31 09:46:06 gtw01 dnsmasq[17878]: read /var/lib/neutron/dhcp/5f1fe4e7-405c-4157-8808-10acab612b1f/addn_hosts - 2 addresses
Jul 31 09:46:06 gtw01 dnsmasq-dhcp[17878]: read /var/lib/neutron/dhcp/5f1fe4e7-405c-4157-8808-10acab612b1f/host
Jul 31 09:46:06 gtw01 dnsmasq-dhcp[17878]: read /var/lib/neutron/dhcp/5f1fe4e7-405c-4157-8808-10acab612b1f/opts
Jul 31 09:46:07 gtw01 dnsmasq[18191]: read /var/lib/neutron/dhcp/d40dcde9-f57d-4035-9018-177d4a3fee4b/addn_hosts - 2 addresses
Jul 31 09:46:07 gtw01 dnsmasq-dhcp[18191]: read /var/lib/neutron/dhcp/d40dcde9-f57d-4035-9018-177d4a3fee4b/host
Jul 31 09:46:07 gtw01 dnsmasq-dhcp[18191]: read /var/lib/neutron/dhcp/d40dcde9-f57d-4035-9018-177d4a3fee4b/opts
Jul 31 09:46:07 gtw01 dnsmasq[17092]: read /var/lib/neutron/dhcp/28e6682f-eb34-45c4-ac62-c30c2b9d72ad/addn_hosts - 2 addresses
Jul 31 09:46:07 gtw01 dnsmasq-dhcp[17092]: read /var/lib/neutron/dhcp/28e6682f-eb34-45c4-ac62-c30c2b9d72ad/host
Jul 31 09:46:07 gtw01 dnsmasq-dhcp[17092]: read /var/lib/neutron/dhcp/28e6682f-eb34-45c4-ac62-c30c2b9d72ad/opts
Jul 31 09:46:07 gtw01 dnsmasq[18615]: read /var/lib/neutron/dhcp/10617d81-f21f-4038-880e-f57185367e3a/addn_hosts - 2 addresses
Jul 31 09:46:07 gtw01 dnsmasq-dhcp[18615]: read /var/lib/neutron/dhcp/10617d81-f21f-4038-880e-f57185367e3a/host
Jul 31 09:46:07 gtw01 dnsmasq-dhcp[18615]: read /var/lib/neutron/dhcp/10617d81-f21f-4038-880e-f57185367e3a/opts
Jul 31 09:46:07 gtw01 dnsmasq[18882]: read /var/lib/neutron/dhcp/2525b019-6614-476a-a86b-6ce5e4e8094b/addn_hosts - 2 addresses
Jul 31 09:46:07 gtw01 dnsmasq-dhcp[18882]: read /var/lib/neutron/dhcp/2525b019-6614-476a-a86b-6ce5e4e8094b/host
Jul 31 09:46:07 gtw01 dnsmasq-dhcp[18882]: read /var/lib/neutron/dhcp/2525b019-6614-476a-a86b-6ce5e4e8094b/opts
Jul 31 09:46:08 gtw01 dnsmasq[18272]: read /var/lib/neutron/dhcp/0e4cfa21-c646-4142-8f4b-0a1792fe9cda/addn_hosts - 2 addresses
Jul 31 09:46:08 gtw01 dnsmasq-dhcp[18272]: read /var/lib/neutron/dhcp/0e4cfa21-c646-4142-8f4b-0a1792fe9cda/host
Jul 31 09:46:08 gtw01 dnsmasq-dhcp[18272]: read /var/lib/neutron/dhcp/0e4cfa21-c646-4142-8f4b-0a1792fe9cda/opts
Jul 31 09:46:09 gtw01 dnsmasq[18607]: read /var/lib/neutron/dhcp/86a27450-f195-4d9b-969f-ee4587f2d8cc/addn_hosts - 2 addresses
Jul 31 09:46:09 gtw01 dnsmasq-dhcp[18607]: read /var/lib/neutron/dhcp/86a27450-f195-4d9b-969f-ee4587f2d8cc/host
Jul 31 09:46:09 gtw01 dnsmasq-dhcp[18607]: read /var/lib/neutron/dhcp/86a27450-f195-4d9b-969f-ee4587f2d8cc/opts
Jul 31 09:46:09 gtw01 dnsmasq[17878]: read /var/lib/neutron/dhcp/5f1fe4e7-405c-4157-8808-10acab612b1f/addn_hosts - 2 addresses
Jul 31 09:46:09 gtw01 dnsmasq-dhcp[17878]: read /var/lib/neutron/dhcp/5f1fe4e7-405c-4157-8808-10acab612b1f/host
Jul 31 09:46:09 gtw01 dnsmasq-dhcp[17878]: read /var/lib/neutron/dhcp/5f1fe4e7-405c-4157-8808-10acab612b1f/opts
Jul 31 09:46:09 gtw01 dnsmasq[18689]: read /var/lib/neutron/dhcp/0abccdab-c4ad-4bea-8b84-d05e0030ecb2/addn_hosts - 2 addresses
Jul 31 09:46:09 gtw01 dnsmasq-dhcp[18689]: read /var/lib/neutron/dhcp/0abccdab-c4ad-4bea-8b84-d05e0030ecb2/host
Jul 31 09:46:09 gtw01 dnsmasq-dhcp[18689]: read /var/lib/neutron/dhcp/0abccdab-c4ad-4bea-8b84-d05e0030ecb2/opts
Jul 31 09:46:10 gtw01 dnsmasq[18615]: read /var/lib/neutron/dhcp/10617d81-f21f-4038-880e-f57185367e3a/addn_hosts - 2 addresses
Jul 31 09:46:10 gtw01 dnsmasq-dhcp[18615]: read /var/lib/neutron/dhcp/10617d81-f21f-4038-880e-f57185367e3a/host
Jul 31 09:46:10 gtw01 dnsmasq-dhcp[18615]: read /var/lib/neutron/dhcp/10617d81-f21f-4038-880e-f57185367e3a/opts
Jul 31 09:46:10 gtw01 dnsmasq[18191]: read /var/lib/neutron/dhcp/d40dcde9-f57d-4035-9018-177d4a3fee4b/addn_hosts - 2 addresses
Jul 31 09:46:10 gtw01 dnsmasq-dhcp[18191]: read /var/lib/neutron/dhcp/d40dcde9-f57d-4035-9018-177d4a3fee4b/host
Jul 31 09:46:10 gtw01 dnsmasq-dhcp[18191]: read /var/lib/neutron/dhcp/d40dcde9-f57d-4035-9018-177d4a3fee4b/opts
Jul 31 09:46:11 gtw01 dnsmasq[18822]: read /var/lib/neutron/dhcp/b65e581c-e9d9-46c1-92e6-abee41f7ee93/addn_hosts - 2 addresses
Jul 31 09:46:11 gtw01 dnsmasq-dhcp[18822]: read /var/lib/neutron/dhcp/b65e581c-e9d9-46c1-92e6-abee41f7ee93/host
Jul 31 09:46:11 gtw01 dnsmasq-dhcp[18822]: read /var/lib/neutron/dhcp/b65e581c-e9d9-46c1-92e6-abee41f7ee93/opts
Jul 31 09:46:11 gtw01 dnsmasq[18272]: read /var/lib/neutron/dhcp/0e4cfa21-c646-4142-8f4b-0a1792fe9cda/addn_hosts - 2 addresses
Jul 31 09:46:11 gtw01 dnsmasq-dhcp[18272]: read /var/lib/neutron/dhcp/0e4cfa21-c646-4142-8f4b-0a1792fe9cda/host
Jul 31 09:46:11 gtw01 dnsmasq-dhcp[18272]: read /var/lib/neutron/dhcp/0e4cfa21-c646-4142-8f4b-0a1792fe9cda/opts
Jul 31 09:46:11 gtw01 dnsmasq[18882]: read /var/lib/neutron/dhcp/2525b019-6614-476a-a86b-6ce5e4e8094b/addn_hosts - 2 addresses
Jul 31 09:46:11 gtw01 dnsmasq-dhcp[18882]: read /var/lib/neutron/dhcp/2525b019-6614-476a-a86b-6ce5e4e8094b/host
Jul 31 09:46:11 gtw01 dnsmasq-dhcp[18882]: read /var/lib/neutron/dhcp/2525b019-6614-476a-a86b-6ce5e4e8094b/opts
Jul 31 09:46:12 gtw01 dnsmasq[18607]: read /var/lib/neutron/dhcp/86a27450-f195-4d9b-969f-ee4587f2d8cc/addn_hosts - 2 addresses
Jul 31 09:46:12 gtw01 dnsmasq-dhcp[18607]: read /var/lib/neutron/dhcp/86a27450-f195-4d9b-969f-ee4587f2d8cc/host
Jul 31 09:46:12 gtw01 dnsmasq-dhcp[18607]: read /var/lib/neutron/dhcp/86a27450-f195-4d9b-969f-ee4587f2d8cc/opts
Jul 31 09:46:12 gtw01 dnsmasq[18689]: read /var/lib/neutron/dhcp/0abccdab-c4ad-4bea-8b84-d05e0030ecb2/addn_hosts - 2 addresses
Jul 31 09:46:12 gtw01 dnsmasq-dhcp[18689]: read /var/lib/neutron/dhcp/0abccdab-c4ad-4bea-8b84-d05e0030ecb2/host
Jul 31 09:46:12 gtw01 dnsmasq-dhcp[18689]: read /var/lib/neutron/dhcp/0abccdab-c4ad-4bea-8b84-d05e0030ecb2/opts
Jul 31 09:46:12 gtw01 dnsmasq[17878]: read /var/lib/neutron/dhcp/5f1fe4e7-405c-4157-8808-10acab612b1f/addn_hosts - 2 addresses
Jul 31 09:46:12 gtw01 dnsmasq-dhcp[17878]: read /var/lib/neutron/dhcp/5f1fe4e7-405c-4157-8808-10acab612b1f/host
Jul 31 09:46:12 gtw01 dnsmasq-dhcp[17878]: read /var/lib/neutron/dhcp/5f1fe4e7-405c-4157-8808-10acab612b1f/opts
Jul 31 09:46:12 gtw01 dnsmasq[18615]: read /var/lib/neutron/dhcp/10617d81-f21f-4038-880e-f57185367e3a/addn_hosts - 2 addresses
Jul 31 09:46:12 gtw01 dnsmasq-dhcp[18615]: read /var/lib/neutron/dhcp/10617d81-f21f-4038-880e-f57185367e3a/host
Jul 31 09:46:12 gtw01 dnsmasq-dhcp[18615]: read /var/lib/neutron/dhcp/10617d81-f21f-4038-880e-f57185367e3a/opts
Jul 31 09:46:13 gtw01 dnsmasq[18191]: read /var/lib/neutron/dhcp/d40dcde9-f57d-4035-9018-177d4a3fee4b/addn_hosts - 2 addresses
Jul 31 09:46:13 gtw01 dnsmasq-dhcp[18191]: read /var/lib/neutron/dhcp/d40dcde9-f57d-4035-9018-177d4a3fee4b/host
Jul 31 09:46:13 gtw01 dnsmasq-dhcp[18191]: read /var/lib/neutron/dhcp/d40dcde9-f57d-4035-9018-177d4a3fee4b/opts
Jul 31 09:46:14 gtw01 dnsmasq[18272]: read /var/lib/neutron/dhcp/0e4cfa21-c646-4142-8f4b-0a1792fe9cda/addn_hosts - 2 addresses
Jul 31 09:46:14 gtw01 dnsmasq-dhcp[18272]: read /var/lib/neutron/dhcp/0e4cfa21-c646-4142-8f4b-0a1792fe9cda/host
Jul 31 09:46:14 gtw01 dnsmasq-dhcp[18272]: read /var/lib/neutron/dhcp/0e4cfa21-c646-4142-8f4b-0a1792fe9cda/opts
Jul 31 09:46:14 gtw01 dnsmasq[18607]: read /var/lib/neutron/dhcp/86a27450-f195-4d9b-969f-ee4587f2d8cc/addn_hosts - 2 addresses
Jul 31 09:46:14 gtw01 dnsmasq-dhcp[18607]: read /var/lib/neutron/dhcp/86a27450-f195-4d9b-969f-ee4587f2d8cc/host
Jul 31 09:46:14 gtw01 dnsmasq-dhcp[18607]: read /var/lib/neutron/dhcp/86a27450-f195-4d9b-969f-ee4587f2d8cc/opts
Jul 31 09:46:14 gtw01 dnsmasq[18822]: read /var/lib/neutron/dhcp/b65e581c-e9d9-46c1-92e6-abee41f7ee93/addn_hosts - 2 addresses
Jul 31 09:46:14 gtw01 dnsmasq-dhcp[18822]: read /var/lib/neutron/dhcp/b65e581c-e9d9-46c1-92e6-abee41f7ee93/host
Jul 31 09:46:14 gtw01 dnsmasq-dhcp[18822]: read /var/lib/neutron/dhcp/b65e581c-e9d9-46c1-92e6-abee41f7ee93/opts
Jul 31 09:46:14 gtw01 dnsmasq[18882]: read /var/lib/neutron/dhcp/2525b019-6614-476a-a86b-6ce5e4e8094b/addn_hosts - 2 addresses
Jul 31 09:46:14 gtw01 dnsmasq-dhcp[18882]: read /var/lib/neutron/dhcp/2525b019-6614-476a-a86b-6ce5e4e8094b/host
Jul 31 09:46:14 gtw01 dnsmasq-dhcp[18882]: read /var/lib/neutron/dhcp/2525b019-6614-476a-a86b-6ce5e4e8094b/opts
Jul 31 09:46:15 gtw01 dnsmasq[18689]: read /var/lib/neutron/dhcp/0abccdab-c4ad-4bea-8b84-d05e0030ecb2/addn_hosts - 2 addresses
Jul 31 09:46:15 gtw01 dnsmasq-dhcp[18689]: read /var/lib/neutron/dhcp/0abccdab-c4ad-4bea-8b84-d05e0030ecb2/host
Jul 31 09:46:15 gtw01 dnsmasq-dhcp[18689]: read /var/lib/neutron/dhcp/0abccdab-c4ad-4bea-8b84-d05e0030ecb2/opts
Jul 31 09:46:16 gtw01 kernel: [ 8390.407295] device tap68c029a0-da left promiscuous mode
Jul 31 09:46:16 gtw01 kernel: [ 8390.424474] device tape73bfac4-2a left promiscuous mode
Jul 31 09:46:16 gtw01 kernel: [ 8390.644110] device tap6cfedd3b-d5 left promiscuous mode
Jul 31 09:46:17 gtw01 dnsmasq[17264]: read /var/lib/neutron/dhcp/84182771-6728-4dc5-8679-b2dcda6cc4dc/addn_hosts - 3 addresses
Jul 31 09:46:17 gtw01 dnsmasq-dhcp[17264]: read /var/lib/neutron/dhcp/84182771-6728-4dc5-8679-b2dcda6cc4dc/host
Jul 31 09:46:17 gtw01 dnsmasq-dhcp[17264]: read /var/lib/neutron/dhcp/84182771-6728-4dc5-8679-b2dcda6cc4dc/opts
Jul 31 09:46:17 gtw01 dnsmasq[16243]: read /var/lib/neutron/dhcp/2130da09-eb34-4a1e-bac7-a68c6ff16b72/addn_hosts - 3 addresses
Jul 31 09:46:17 gtw01 dnsmasq-dhcp[16243]: read /var/lib/neutron/dhcp/2130da09-eb34-4a1e-bac7-a68c6ff16b72/host
Jul 31 09:46:17 gtw01 dnsmasq-dhcp[16243]: read /var/lib/neutron/dhcp/2130da09-eb34-4a1e-bac7-a68c6ff16b72/opts
Jul 31 09:46:17 gtw01 dnsmasq[18822]: read /var/lib/neutron/dhcp/b65e581c-e9d9-46c1-92e6-abee41f7ee93/addn_hosts - 2 addresses
Jul 31 09:46:17 gtw01 dnsmasq-dhcp[18822]: read /var/lib/neutron/dhcp/b65e581c-e9d9-46c1-92e6-abee41f7ee93/host
Jul 31 09:46:17 gtw01 dnsmasq-dhcp[18822]: read /var/lib/neutron/dhcp/b65e581c-e9d9-46c1-92e6-abee41f7ee93/opts
Jul 31 09:46:17 gtw01 dnsmasq[18882]: read /var/lib/neutron/dhcp/2525b019-6614-476a-a86b-6ce5e4e8094b/addn_hosts - 2 addresses
Jul 31 09:46:17 gtw01 dnsmasq-dhcp[18882]: read /var/lib/neutron/dhcp/2525b019-6614-476a-a86b-6ce5e4e8094b/host
Jul 31 09:46:17 gtw01 dnsmasq-dhcp[18882]: read /var/lib/neutron/dhcp/2525b019-6614-476a-a86b-6ce5e4e8094b/opts
Jul 31 09:46:17 gtw01 kernel: [ 8392.113767] device tapc14b30bf-1a left promiscuous mode
Jul 31 09:46:18 gtw01 dnsmasq[17312]: read /var/lib/neutron/dhcp/3c7f7576-690b-4870-971b-948d35f048e2/addn_hosts - 2 addresses
Jul 31 09:46:18 gtw01 dnsmasq-dhcp[17312]: read /var/lib/neutron/dhcp/3c7f7576-690b-4870-971b-948d35f048e2/host
Jul 31 09:46:18 gtw01 dnsmasq-dhcp[17312]: read /var/lib/neutron/dhcp/3c7f7576-690b-4870-971b-948d35f048e2/opts
Jul 31 09:46:18 gtw01 dnsmasq[16014]: read /var/lib/neutron/dhcp/6bb22378-5e04-4e82-bbe2-0fb985e6137a/addn_hosts - 3 addresses
Jul 31 09:46:18 gtw01 dnsmasq-dhcp[16014]: read /var/lib/neutron/dhcp/6bb22378-5e04-4e82-bbe2-0fb985e6137a/host
Jul 31 09:46:18 gtw01 dnsmasq-dhcp[16014]: read /var/lib/neutron/dhcp/6bb22378-5e04-4e82-bbe2-0fb985e6137a/opts
Jul 31 09:46:19 gtw01 dnsmasq[18607]: read /var/lib/neutron/dhcp/86a27450-f195-4d9b-969f-ee4587f2d8cc/addn_hosts - 2 addresses
Jul 31 09:46:19 gtw01 dnsmasq-dhcp[18607]: read /var/lib/neutron/dhcp/86a27450-f195-4d9b-969f-ee4587f2d8cc/host
Jul 31 09:46:19 gtw01 dnsmasq-dhcp[18607]: read /var/lib/neutron/dhcp/86a27450-f195-4d9b-969f-ee4587f2d8cc/opts
Jul 31 09:46:19 gtw01 dnsmasq[17264]: read /var/lib/neutron/dhcp/84182771-6728-4dc5-8679-b2dcda6cc4dc/addn_hosts - 3 addresses
Jul 31 09:46:19 gtw01 dnsmasq-dhcp[17264]: read /var/lib/neutron/dhcp/84182771-6728-4dc5-8679-b2dcda6cc4dc/host
Jul 31 09:46:19 gtw01 dnsmasq-dhcp[17264]: read /var/lib/neutron/dhcp/84182771-6728-4dc5-8679-b2dcda6cc4dc/opts
Jul 31 09:46:20 gtw01 dnsmasq[18882]: read /var/lib/neutron/dhcp/2525b019-6614-476a-a86b-6ce5e4e8094b/addn_hosts - 2 addresses
Jul 31 09:46:20 gtw01 dnsmasq-dhcp[18882]: read /var/lib/neutron/dhcp/2525b019-6614-476a-a86b-6ce5e4e8094b/host
Jul 31 09:46:20 gtw01 dnsmasq-dhcp[18882]: read /var/lib/neutron/dhcp/2525b019-6614-476a-a86b-6ce5e4e8094b/opts
Jul 31 09:46:20 gtw01 kernel: [ 8394.644791] device tapb2af88d8-ef left promiscuous mode
Jul 31 09:46:20 gtw01 dnsmasq[18822]: read /var/lib/neutron/dhcp/b65e581c-e9d9-46c1-92e6-abee41f7ee93/addn_hosts - 2 addresses
Jul 31 09:46:20 gtw01 dnsmasq-dhcp[18822]: read /var/lib/neutron/dhcp/b65e581c-e9d9-46c1-92e6-abee41f7ee93/host
Jul 31 09:46:20 gtw01 dnsmasq-dhcp[18822]: read /var/lib/neutron/dhcp/b65e581c-e9d9-46c1-92e6-abee41f7ee93/opts
Jul 31 09:46:20 gtw01 dnsmasq[18689]: read /var/lib/neutron/dhcp/0abccdab-c4ad-4bea-8b84-d05e0030ecb2/addn_hosts - 2 addresses
Jul 31 09:46:20 gtw01 dnsmasq-dhcp[18689]: read /var/lib/neutron/dhcp/0abccdab-c4ad-4bea-8b84-d05e0030ecb2/host
Jul 31 09:46:20 gtw01 dnsmasq-dhcp[18689]: read /var/lib/neutron/dhcp/0abccdab-c4ad-4bea-8b84-d05e0030ecb2/opts
Jul 31 09:46:21 gtw01 dnsmasq[16014]: read /var/lib/neutron/dhcp/6bb22378-5e04-4e82-bbe2-0fb985e6137a/addn_hosts - 3 addresses
Jul 31 09:46:21 gtw01 dnsmasq-dhcp[16014]: read /var/lib/neutron/dhcp/6bb22378-5e04-4e82-bbe2-0fb985e6137a/host
Jul 31 09:46:21 gtw01 dnsmasq-dhcp[16014]: read /var/lib/neutron/dhcp/6bb22378-5e04-4e82-bbe2-0fb985e6137a/opts
Jul 31 09:46:21 gtw01 kernel: [ 8395.987072] device tap1f029dc9-f4 left promiscuous mode
Jul 31 09:46:22 gtw01 dnsmasq[17264]: read /var/lib/neutron/dhcp/84182771-6728-4dc5-8679-b2dcda6cc4dc/addn_hosts - 3 addresses
Jul 31 09:46:22 gtw01 dnsmasq-dhcp[17264]: read /var/lib/neutron/dhcp/84182771-6728-4dc5-8679-b2dcda6cc4dc/host
Jul 31 09:46:22 gtw01 dnsmasq-dhcp[17264]: read /var/lib/neutron/dhcp/84182771-6728-4dc5-8679-b2dcda6cc4dc/opts
Jul 31 09:46:22 gtw01 dnsmasq[16243]: read /var/lib/neutron/dhcp/2130da09-eb34-4a1e-bac7-a68c6ff16b72/addn_hosts - 3 addresses
Jul 31 09:46:22 gtw01 dnsmasq-dhcp[16243]: read /var/lib/neutron/dhcp/2130da09-eb34-4a1e-bac7-a68c6ff16b72/host
Jul 31 09:46:22 gtw01 dnsmasq-dhcp[16243]: read /var/lib/neutron/dhcp/2130da09-eb34-4a1e-bac7-a68c6ff16b72/opts
Jul 31 09:46:22 gtw01 dnsmasq[18822]: read /var/lib/neutron/dhcp/b65e581c-e9d9-46c1-92e6-abee41f7ee93/addn_hosts - 1 addresses
Jul 31 09:46:22 gtw01 dnsmasq-dhcp[18822]: read /var/lib/neutron/dhcp/b65e581c-e9d9-46c1-92e6-abee41f7ee93/host
Jul 31 09:46:22 gtw01 dnsmasq-dhcp[18822]: read /var/lib/neutron/dhcp/b65e581c-e9d9-46c1-92e6-abee41f7ee93/opts
Jul 31 09:46:23 gtw01 dnsmasq[16014]: read /var/lib/neutron/dhcp/6bb22378-5e04-4e82-bbe2-0fb985e6137a/addn_hosts - 2 addresses
Jul 31 09:46:23 gtw01 dnsmasq-dhcp[16014]: read /var/lib/neutron/dhcp/6bb22378-5e04-4e82-bbe2-0fb985e6137a/host
Jul 31 09:46:23 gtw01 dnsmasq-dhcp[16014]: read /var/lib/neutron/dhcp/6bb22378-5e04-4e82-bbe2-0fb985e6137a/opts
Jul 31 09:46:23 gtw01 dnsmasq[18882]: read /var/lib/neutron/dhcp/2525b019-6614-476a-a86b-6ce5e4e8094b/addn_hosts - 1 addresses
Jul 31 09:46:23 gtw01 dnsmasq-dhcp[18882]: read /var/lib/neutron/dhcp/2525b019-6614-476a-a86b-6ce5e4e8094b/host
Jul 31 09:46:23 gtw01 dnsmasq-dhcp[18882]: read /var/lib/neutron/dhcp/2525b019-6614-476a-a86b-6ce5e4e8094b/opts
Jul 31 09:46:23 gtw01 dnsmasq[17264]: read /var/lib/neutron/dhcp/84182771-6728-4dc5-8679-b2dcda6cc4dc/addn_hosts - 3 addresses
Jul 31 09:46:23 gtw01 dnsmasq-dhcp[17264]: read /var/lib/neutron/dhcp/84182771-6728-4dc5-8679-b2dcda6cc4dc/host
Jul 31 09:46:23 gtw01 dnsmasq-dhcp[17264]: read /var/lib/neutron/dhcp/84182771-6728-4dc5-8679-b2dcda6cc4dc/opts
Jul 31 09:46:24 gtw01 dnsmasq[16243]: read /var/lib/neutron/dhcp/2130da09-eb34-4a1e-bac7-a68c6ff16b72/addn_hosts - 3 addresses
Jul 31 09:46:24 gtw01 dnsmasq-dhcp[16243]: read /var/lib/neutron/dhcp/2130da09-eb34-4a1e-bac7-a68c6ff16b72/host
Jul 31 09:46:24 gtw01 dnsmasq-dhcp[16243]: read /var/lib/neutron/dhcp/2130da09-eb34-4a1e-bac7-a68c6ff16b72/opts
Jul 31 09:46:24 gtw01 dnsmasq[17264]: read /var/lib/neutron/dhcp/84182771-6728-4dc5-8679-b2dcda6cc4dc/addn_hosts - 2 addresses
Jul 31 09:46:24 gtw01 dnsmasq-dhcp[17264]: read /var/lib/neutron/dhcp/84182771-6728-4dc5-8679-b2dcda6cc4dc/host
Jul 31 09:46:24 gtw01 dnsmasq-dhcp[17264]: read /var/lib/neutron/dhcp/84182771-6728-4dc5-8679-b2dcda6cc4dc/opts
Jul 31 09:46:26 gtw01 dnsmasq[18607]: read /var/lib/neutron/dhcp/86a27450-f195-4d9b-969f-ee4587f2d8cc/addn_hosts - 1 addresses
Jul 31 09:46:26 gtw01 dnsmasq-dhcp[18607]: read /var/lib/neutron/dhcp/86a27450-f195-4d9b-969f-ee4587f2d8cc/host
Jul 31 09:46:26 gtw01 dnsmasq-dhcp[18607]: read /var/lib/neutron/dhcp/86a27450-f195-4d9b-969f-ee4587f2d8cc/opts
Jul 31 09:46:26 gtw01 kernel: [ 8401.036768] device tap8836eac7-e6 left promiscuous mode
Jul 31 09:46:27 gtw01 kernel: [ 8401.454311] device tap678204d4-eb left promiscuous mode
Jul 31 09:46:28 gtw01 dnsmasq-dhcp[16243]: DHCPDISCOVER(tapb62397b8-f6) fa:16:3e:29:d0:df
Jul 31 09:46:28 gtw01 dnsmasq-dhcp[16243]: DHCPOFFER(tapb62397b8-f6) 192.168.120.3 fa:16:3e:29:d0:df
Jul 31 09:46:28 gtw01 dnsmasq-dhcp[16243]: DHCPREQUEST(tapb62397b8-f6) 192.168.120.3 fa:16:3e:29:d0:df
Jul 31 09:46:28 gtw01 dnsmasq-dhcp[16243]: DHCPACK(tapb62397b8-f6) 192.168.120.3 fa:16:3e:29:d0:df host-192-168-120-3
Jul 31 09:46:30 gtw01 kernel: [ 8404.988787] device tap9323fdb2-ab left promiscuous mode
Jul 31 09:46:34 gtw01 dnsmasq[17264]: read /var/lib/neutron/dhcp/84182771-6728-4dc5-8679-b2dcda6cc4dc/addn_hosts - 1 addresses
Jul 31 09:46:34 gtw01 dnsmasq-dhcp[17264]: read /var/lib/neutron/dhcp/84182771-6728-4dc5-8679-b2dcda6cc4dc/host
Jul 31 09:46:34 gtw01 dnsmasq-dhcp[17264]: read /var/lib/neutron/dhcp/84182771-6728-4dc5-8679-b2dcda6cc4dc/opts
Jul 31 09:46:34 gtw01 dnsmasq-dhcp[16243]: DHCPRELEASE(tapb62397b8-f6) 192.168.120.3 fa:16:3e:29:d0:df
Jul 31 09:46:35 gtw01 dnsmasq-dhcp[16243]: DHCPRELEASE(tapb62397b8-f6) 192.168.120.3 fa:16:3e:29:d0:df unknown lease
Jul 31 09:46:35 gtw01 dnsmasq[16243]: read /var/lib/neutron/dhcp/2130da09-eb34-4a1e-bac7-a68c6ff16b72/addn_hosts - 2 addresses
Jul 31 09:46:35 gtw01 dnsmasq-dhcp[16243]: read /var/lib/neutron/dhcp/2130da09-eb34-4a1e-bac7-a68c6ff16b72/host
Jul 31 09:46:35 gtw01 dnsmasq-dhcp[16243]: read /var/lib/neutron/dhcp/2130da09-eb34-4a1e-bac7-a68c6ff16b72/opts
Jul 31 09:46:37 gtw01 dnsmasq-dhcp[18689]: DHCPRELEASE(tap095d3168-6d) 192.168.120.1 fa:16:3e:41:fa:d0
Jul 31 09:46:38 gtw01 dnsmasq[18689]: read /var/lib/neutron/dhcp/0abccdab-c4ad-4bea-8b84-d05e0030ecb2/addn_hosts - 1 addresses
Jul 31 09:46:38 gtw01 dnsmasq-dhcp[18689]: read /var/lib/neutron/dhcp/0abccdab-c4ad-4bea-8b84-d05e0030ecb2/host
Jul 31 09:46:38 gtw01 dnsmasq-dhcp[18689]: read /var/lib/neutron/dhcp/0abccdab-c4ad-4bea-8b84-d05e0030ecb2/opts
Jul 31 09:46:38 gtw01 kernel: [ 8412.476385] device tap7c98e57c-b0 left promiscuous mode
Jul 31 09:46:41 gtw01 kernel: [ 8416.069494] device tap095d3168-6d left promiscuous mode
Jul 31 09:46:45 gtw01 dnsmasq[16243]: read /var/lib/neutron/dhcp/2130da09-eb34-4a1e-bac7-a68c6ff16b72/addn_hosts - 1 addresses
Jul 31 09:46:45 gtw01 dnsmasq-dhcp[16243]: read /var/lib/neutron/dhcp/2130da09-eb34-4a1e-bac7-a68c6ff16b72/host
Jul 31 09:46:45 gtw01 dnsmasq-dhcp[16243]: read /var/lib/neutron/dhcp/2130da09-eb34-4a1e-bac7-a68c6ff16b72/opts
Jul 31 09:46:49 gtw01 kernel: [ 8423.232632] device tapb62397b8-f6 left promiscuous mode
Jul 31 09:47:02 gtw01 dnsmasq[16014]: read /var/lib/neutron/dhcp/6bb22378-5e04-4e82-bbe2-0fb985e6137a/addn_hosts - 1 addresses
Jul 31 09:47:02 gtw01 dnsmasq-dhcp[16014]: read /var/lib/neutron/dhcp/6bb22378-5e04-4e82-bbe2-0fb985e6137a/host
Jul 31 09:47:02 gtw01 dnsmasq-dhcp[16014]: read /var/lib/neutron/dhcp/6bb22378-5e04-4e82-bbe2-0fb985e6137a/opts
Jul 31 09:47:06 gtw01 kernel: [ 8440.828739] device tapb8c5a28a-e8 left promiscuous mode
Jul 31 09:47:20 gtw01 kernel: [ 8454.798157] device tap9496fd3b-fd entered promiscuous mode
Jul 31 09:47:20 gtw01 systemd-udevd[19879]: Could not generate persistent MAC address for tap9496fd3b-fd: No such file or directory
Jul 31 09:47:20 gtw01 systemd-udevd[19879]: Process '/sbin/ip link set tap9496fd3b-fd txqueuelen 10000' failed with exit code 1.
Jul 31 09:47:20 gtw01 systemd-udevd[19879]: Process '/sbin/ip link set tap9496fd3b-fd txqueuelen 10000' failed with exit code 1.
Jul 31 09:47:23 gtw01 dnsmasq[19991]: started, version 2.80 cachesize 150
Jul 31 09:47:23 gtw01 dnsmasq[19991]: DNS service limited to local subnets
Jul 31 09:47:23 gtw01 dnsmasq[19991]: compile time options: IPv6 GNU-getopt DBus i18n IDN DHCP DHCPv6 no-Lua TFTP conntrack ipset auth DNSSEC loop-detect inotify dumpfile
Jul 31 09:47:23 gtw01 dnsmasq[19991]: warning: no upstream servers configured
Jul 31 09:47:23 gtw01 dnsmasq-dhcp[19991]: DHCP, static leases only on 192.168.120.0, lease time 1h
Jul 31 09:47:23 gtw01 dnsmasq[19991]: read /var/lib/neutron/dhcp/b9b43ba0-53fc-414b-95c8-333ed5821557/addn_hosts - 1 addresses
Jul 31 09:47:23 gtw01 dnsmasq-dhcp[19991]: read /var/lib/neutron/dhcp/b9b43ba0-53fc-414b-95c8-333ed5821557/host
Jul 31 09:47:23 gtw01 dnsmasq-dhcp[19991]: read /var/lib/neutron/dhcp/b9b43ba0-53fc-414b-95c8-333ed5821557/opts
Jul 31 09:47:24 gtw01 haproxy-metadata-proxy-b9b43ba0-53fc-414b-95c8-333ed5821557[19995]: Proxy listener started.
Jul 31 09:47:24 gtw01 dnsmasq[19991]: read /var/lib/neutron/dhcp/b9b43ba0-53fc-414b-95c8-333ed5821557/addn_hosts - 2 addresses
Jul 31 09:47:24 gtw01 dnsmasq-dhcp[19991]: read /var/lib/neutron/dhcp/b9b43ba0-53fc-414b-95c8-333ed5821557/host
Jul 31 09:47:24 gtw01 dnsmasq-dhcp[19991]: read /var/lib/neutron/dhcp/b9b43ba0-53fc-414b-95c8-333ed5821557/opts
Jul 31 09:47:25 gtw01 dnsmasq[19991]: read /var/lib/neutron/dhcp/b9b43ba0-53fc-414b-95c8-333ed5821557/addn_hosts - 2 addresses
Jul 31 09:47:25 gtw01 dnsmasq-dhcp[19991]: read /var/lib/neutron/dhcp/b9b43ba0-53fc-414b-95c8-333ed5821557/host
Jul 31 09:47:25 gtw01 dnsmasq-dhcp[19991]: read /var/lib/neutron/dhcp/b9b43ba0-53fc-414b-95c8-333ed5821557/opts
Jul 31 09:47:26 gtw01 dnsmasq[19991]: read /var/lib/neutron/dhcp/b9b43ba0-53fc-414b-95c8-333ed5821557/addn_hosts - 2 addresses
Jul 31 09:47:26 gtw01 dnsmasq-dhcp[19991]: read /var/lib/neutron/dhcp/b9b43ba0-53fc-414b-95c8-333ed5821557/host
Jul 31 09:47:26 gtw01 dnsmasq-dhcp[19991]: read /var/lib/neutron/dhcp/b9b43ba0-53fc-414b-95c8-333ed5821557/opts
Jul 31 09:47:27 gtw01 dnsmasq[19991]: read /var/lib/neutron/dhcp/b9b43ba0-53fc-414b-95c8-333ed5821557/addn_hosts - 2 addresses
Jul 31 09:47:27 gtw01 dnsmasq-dhcp[19991]: read /var/lib/neutron/dhcp/b9b43ba0-53fc-414b-95c8-333ed5821557/host
Jul 31 09:47:27 gtw01 dnsmasq-dhcp[19991]: read /var/lib/neutron/dhcp/b9b43ba0-53fc-414b-95c8-333ed5821557/opts
Jul 31 09:47:28 gtw01 dnsmasq[19991]: read /var/lib/neutron/dhcp/b9b43ba0-53fc-414b-95c8-333ed5821557/addn_hosts - 2 addresses
Jul 31 09:47:28 gtw01 dnsmasq-dhcp[19991]: read /var/lib/neutron/dhcp/b9b43ba0-53fc-414b-95c8-333ed5821557/host
Jul 31 09:47:28 gtw01 dnsmasq-dhcp[19991]: read /var/lib/neutron/dhcp/b9b43ba0-53fc-414b-95c8-333ed5821557/opts
Jul 31 09:50:40 gtw01 dnsmasq[19991]: read /var/lib/neutron/dhcp/b9b43ba0-53fc-414b-95c8-333ed5821557/addn_hosts - 3 addresses
Jul 31 09:50:40 gtw01 dnsmasq-dhcp[19991]: read /var/lib/neutron/dhcp/b9b43ba0-53fc-414b-95c8-333ed5821557/host
Jul 31 09:50:40 gtw01 dnsmasq-dhcp[19991]: read /var/lib/neutron/dhcp/b9b43ba0-53fc-414b-95c8-333ed5821557/opts
Jul 31 09:50:43 gtw01 dnsmasq[19991]: read /var/lib/neutron/dhcp/b9b43ba0-53fc-414b-95c8-333ed5821557/addn_hosts - 4 addresses
Jul 31 09:50:43 gtw01 dnsmasq-dhcp[19991]: read /var/lib/neutron/dhcp/b9b43ba0-53fc-414b-95c8-333ed5821557/host
Jul 31 09:50:43 gtw01 dnsmasq-dhcp[19991]: read /var/lib/neutron/dhcp/b9b43ba0-53fc-414b-95c8-333ed5821557/opts
Jul 31 09:50:44 gtw01 dnsmasq[19991]: read /var/lib/neutron/dhcp/b9b43ba0-53fc-414b-95c8-333ed5821557/addn_hosts - 4 addresses
Jul 31 09:50:44 gtw01 dnsmasq-dhcp[19991]: read /var/lib/neutron/dhcp/b9b43ba0-53fc-414b-95c8-333ed5821557/host
Jul 31 09:50:44 gtw01 dnsmasq-dhcp[19991]: read /var/lib/neutron/dhcp/b9b43ba0-53fc-414b-95c8-333ed5821557/opts
Jul 31 09:50:45 gtw01 dnsmasq[19991]: read /var/lib/neutron/dhcp/b9b43ba0-53fc-414b-95c8-333ed5821557/addn_hosts - 5 addresses
Jul 31 09:50:45 gtw01 dnsmasq-dhcp[19991]: read /var/lib/neutron/dhcp/b9b43ba0-53fc-414b-95c8-333ed5821557/host
Jul 31 09:50:45 gtw01 dnsmasq-dhcp[19991]: read /var/lib/neutron/dhcp/b9b43ba0-53fc-414b-95c8-333ed5821557/opts
Jul 31 09:50:45 gtw01 dnsmasq[19991]: read /var/lib/neutron/dhcp/b9b43ba0-53fc-414b-95c8-333ed5821557/addn_hosts - 6 addresses
Jul 31 09:50:45 gtw01 dnsmasq-dhcp[19991]: read /var/lib/neutron/dhcp/b9b43ba0-53fc-414b-95c8-333ed5821557/host
Jul 31 09:50:45 gtw01 dnsmasq-dhcp[19991]: read /var/lib/neutron/dhcp/b9b43ba0-53fc-414b-95c8-333ed5821557/opts
Jul 31 09:50:46 gtw01 dnsmasq[19991]: read /var/lib/neutron/dhcp/b9b43ba0-53fc-414b-95c8-333ed5821557/addn_hosts - 7 addresses
Jul 31 09:50:46 gtw01 dnsmasq-dhcp[19991]: read /var/lib/neutron/dhcp/b9b43ba0-53fc-414b-95c8-333ed5821557/host
Jul 31 09:50:46 gtw01 dnsmasq-dhcp[19991]: read /var/lib/neutron/dhcp/b9b43ba0-53fc-414b-95c8-333ed5821557/opts
Jul 31 09:50:47 gtw01 dnsmasq[19991]: read /var/lib/neutron/dhcp/b9b43ba0-53fc-414b-95c8-333ed5821557/addn_hosts - 8 addresses
Jul 31 09:50:47 gtw01 dnsmasq-dhcp[19991]: read /var/lib/neutron/dhcp/b9b43ba0-53fc-414b-95c8-333ed5821557/host
Jul 31 09:50:47 gtw01 dnsmasq-dhcp[19991]: read /var/lib/neutron/dhcp/b9b43ba0-53fc-414b-95c8-333ed5821557/opts
Jul 31 09:50:48 gtw01 dnsmasq[19991]: read /var/lib/neutron/dhcp/b9b43ba0-53fc-414b-95c8-333ed5821557/addn_hosts - 9 addresses
Jul 31 09:50:48 gtw01 dnsmasq-dhcp[19991]: read /var/lib/neutron/dhcp/b9b43ba0-53fc-414b-95c8-333ed5821557/host
Jul 31 09:50:48 gtw01 dnsmasq-dhcp[19991]: read /var/lib/neutron/dhcp/b9b43ba0-53fc-414b-95c8-333ed5821557/opts
Jul 31 09:50:49 gtw01 dnsmasq[19991]: read /var/lib/neutron/dhcp/b9b43ba0-53fc-414b-95c8-333ed5821557/addn_hosts - 10 addresses
Jul 31 09:50:49 gtw01 dnsmasq-dhcp[19991]: read /var/lib/neutron/dhcp/b9b43ba0-53fc-414b-95c8-333ed5821557/host
Jul 31 09:50:49 gtw01 dnsmasq-dhcp[19991]: read /var/lib/neutron/dhcp/b9b43ba0-53fc-414b-95c8-333ed5821557/opts
Jul 31 09:50:50 gtw01 dnsmasq[19991]: read /var/lib/neutron/dhcp/b9b43ba0-53fc-414b-95c8-333ed5821557/addn_hosts - 10 addresses
Jul 31 09:50:50 gtw01 dnsmasq-dhcp[19991]: read /var/lib/neutron/dhcp/b9b43ba0-53fc-414b-95c8-333ed5821557/host
Jul 31 09:50:50 gtw01 dnsmasq-dhcp[19991]: read /var/lib/neutron/dhcp/b9b43ba0-53fc-414b-95c8-333ed5821557/opts
Jul 31 09:50:51 gtw01 dnsmasq[19991]: read /var/lib/neutron/dhcp/b9b43ba0-53fc-414b-95c8-333ed5821557/addn_hosts - 10 addresses
Jul 31 09:50:51 gtw01 dnsmasq-dhcp[19991]: read /var/lib/neutron/dhcp/b9b43ba0-53fc-414b-95c8-333ed5821557/host
Jul 31 09:50:51 gtw01 dnsmasq-dhcp[19991]: read /var/lib/neutron/dhcp/b9b43ba0-53fc-414b-95c8-333ed5821557/opts
Jul 31 09:50:52 gtw01 dnsmasq[19991]: read /var/lib/neutron/dhcp/b9b43ba0-53fc-414b-95c8-333ed5821557/addn_hosts - 10 addresses
Jul 31 09:50:52 gtw01 dnsmasq-dhcp[19991]: read /var/lib/neutron/dhcp/b9b43ba0-53fc-414b-95c8-333ed5821557/host
Jul 31 09:50:52 gtw01 dnsmasq-dhcp[19991]: read /var/lib/neutron/dhcp/b9b43ba0-53fc-414b-95c8-333ed5821557/opts
Jul 31 09:50:53 gtw01 dnsmasq[19991]: read /var/lib/neutron/dhcp/b9b43ba0-53fc-414b-95c8-333ed5821557/addn_hosts - 10 addresses
Jul 31 09:50:53 gtw01 dnsmasq-dhcp[19991]: read /var/lib/neutron/dhcp/b9b43ba0-53fc-414b-95c8-333ed5821557/host
Jul 31 09:50:53 gtw01 dnsmasq-dhcp[19991]: read /var/lib/neutron/dhcp/b9b43ba0-53fc-414b-95c8-333ed5821557/opts
Jul 31 09:50:54 gtw01 dnsmasq[19991]: read /var/lib/neutron/dhcp/b9b43ba0-53fc-414b-95c8-333ed5821557/addn_hosts - 10 addresses
Jul 31 09:50:54 gtw01 dnsmasq-dhcp[19991]: read /var/lib/neutron/dhcp/b9b43ba0-53fc-414b-95c8-333ed5821557/host
Jul 31 09:50:54 gtw01 dnsmasq-dhcp[19991]: read /var/lib/neutron/dhcp/b9b43ba0-53fc-414b-95c8-333ed5821557/opts
Jul 31 09:50:55 gtw01 dnsmasq[19991]: read /var/lib/neutron/dhcp/b9b43ba0-53fc-414b-95c8-333ed5821557/addn_hosts - 10 addresses
Jul 31 09:50:55 gtw01 dnsmasq-dhcp[19991]: read /var/lib/neutron/dhcp/b9b43ba0-53fc-414b-95c8-333ed5821557/host
Jul 31 09:50:55 gtw01 dnsmasq-dhcp[19991]: read /var/lib/neutron/dhcp/b9b43ba0-53fc-414b-95c8-333ed5821557/opts
Jul 31 09:50:56 gtw01 dnsmasq[19991]: read /var/lib/neutron/dhcp/b9b43ba0-53fc-414b-95c8-333ed5821557/addn_hosts - 10 addresses
Jul 31 09:50:56 gtw01 dnsmasq-dhcp[19991]: read /var/lib/neutron/dhcp/b9b43ba0-53fc-414b-95c8-333ed5821557/host
Jul 31 09:50:56 gtw01 dnsmasq-dhcp[19991]: read /var/lib/neutron/dhcp/b9b43ba0-53fc-414b-95c8-333ed5821557/opts
Jul 31 09:50:57 gtw01 dnsmasq[19991]: read /var/lib/neutron/dhcp/b9b43ba0-53fc-414b-95c8-333ed5821557/addn_hosts - 10 addresses
Jul 31 09:50:57 gtw01 dnsmasq-dhcp[19991]: read /var/lib/neutron/dhcp/b9b43ba0-53fc-414b-95c8-333ed5821557/host
Jul 31 09:50:57 gtw01 dnsmasq-dhcp[19991]: read /var/lib/neutron/dhcp/b9b43ba0-53fc-414b-95c8-333ed5821557/opts
Jul 31 09:50:58 gtw01 dnsmasq[19991]: read /var/lib/neutron/dhcp/b9b43ba0-53fc-414b-95c8-333ed5821557/addn_hosts - 10 addresses
Jul 31 09:50:58 gtw01 dnsmasq-dhcp[19991]: read /var/lib/neutron/dhcp/b9b43ba0-53fc-414b-95c8-333ed5821557/host
