Jul 31 09:06:54 gtw01 dnsmasq-dhcp[26473]: DHCPv6, static leases only on 2003::, lease time 1h
Jul 31 09:06:54 gtw01 dnsmasq[26473]: read /var/lib/neutron/dhcp/0cd26f16-756c-41a0-9cee-92c564ecd01f/addn_hosts - 1 addresses
Jul 31 09:06:54 gtw01 dnsmasq-dhcp[26473]: read /var/lib/neutron/dhcp/0cd26f16-756c-41a0-9cee-92c564ecd01f/host
Jul 31 09:06:54 gtw01 dnsmasq-dhcp[26473]: read /var/lib/neutron/dhcp/0cd26f16-756c-41a0-9cee-92c564ecd01f/opts
Jul 31 09:06:55 gtw01 kernel: [ 6029.501783] device tap44de2df5-cb left promiscuous mode
Jul 31 09:06:57 gtw01 dnsmasq[26553]: started, version 2.80 cachesize 150
Jul 31 09:06:57 gtw01 dnsmasq[26553]: DNS service limited to local subnets
Jul 31 09:06:57 gtw01 dnsmasq[26553]: compile time options: IPv6 GNU-getopt DBus i18n IDN DHCP DHCPv6 no-Lua TFTP conntrack ipset auth DNSSEC loop-detect inotify dumpfile
Jul 31 09:06:57 gtw01 dnsmasq[26553]: warning: no upstream servers configured
Jul 31 09:06:57 gtw01 dnsmasq-dhcp[26553]: DHCP, static leases only on 192.168.120.0, lease time 1h
Jul 31 09:06:57 gtw01 dnsmasq[26553]: read /var/lib/neutron/dhcp/24074a73-7dd1-46cd-8657-3c588110ee9d/addn_hosts - 1 addresses
Jul 31 09:06:57 gtw01 dnsmasq-dhcp[26553]: read /var/lib/neutron/dhcp/24074a73-7dd1-46cd-8657-3c588110ee9d/host
Jul 31 09:06:57 gtw01 dnsmasq-dhcp[26553]: read /var/lib/neutron/dhcp/24074a73-7dd1-46cd-8657-3c588110ee9d/opts
Jul 31 09:06:57 gtw01 haproxy-metadata-proxy-24074a73-7dd1-46cd-8657-3c588110ee9d[26561]: Proxy listener started.
Jul 31 09:06:58 gtw01 dnsmasq[26581]: started, version 2.80 cachesize 150
Jul 31 09:06:58 gtw01 dnsmasq[26581]: DNS service limited to local subnets
Jul 31 09:06:58 gtw01 dnsmasq[26581]: compile time options: IPv6 GNU-getopt DBus i18n IDN DHCP DHCPv6 no-Lua TFTP conntrack ipset auth DNSSEC loop-detect inotify dumpfile
Jul 31 09:06:58 gtw01 dnsmasq[26581]: warning: no upstream servers configured
Jul 31 09:06:58 gtw01 dnsmasq-dhcp[26581]: DHCP, static leases only on 192.168.121.0, lease time 1h
Jul 31 09:06:58 gtw01 dnsmasq[26581]: read /var/lib/neutron/dhcp/b73e57a4-4294-4b2b-b618-0c953e00d4c3/addn_hosts - 1 addresses
Jul 31 09:06:58 gtw01 dnsmasq-dhcp[26581]: read /var/lib/neutron/dhcp/b73e57a4-4294-4b2b-b618-0c953e00d4c3/host
Jul 31 09:06:58 gtw01 dnsmasq-dhcp[26581]: read /var/lib/neutron/dhcp/b73e57a4-4294-4b2b-b618-0c953e00d4c3/opts
Jul 31 09:06:58 gtw01 dnsmasq[26553]: read /var/lib/neutron/dhcp/24074a73-7dd1-46cd-8657-3c588110ee9d/addn_hosts - 2 addresses
Jul 31 09:06:58 gtw01 dnsmasq-dhcp[26553]: read /var/lib/neutron/dhcp/24074a73-7dd1-46cd-8657-3c588110ee9d/host
Jul 31 09:06:58 gtw01 dnsmasq-dhcp[26553]: read /var/lib/neutron/dhcp/24074a73-7dd1-46cd-8657-3c588110ee9d/opts
Jul 31 09:06:58 gtw01 haproxy-metadata-proxy-b73e57a4-4294-4b2b-b618-0c953e00d4c3[26589]: Proxy listener started.
Jul 31 09:06:59 gtw01 dnsmasq[26581]: read /var/lib/neutron/dhcp/b73e57a4-4294-4b2b-b618-0c953e00d4c3/addn_hosts - 2 addresses
Jul 31 09:06:59 gtw01 dnsmasq-dhcp[26581]: read /var/lib/neutron/dhcp/b73e57a4-4294-4b2b-b618-0c953e00d4c3/host
Jul 31 09:06:59 gtw01 dnsmasq-dhcp[26581]: read /var/lib/neutron/dhcp/b73e57a4-4294-4b2b-b618-0c953e00d4c3/opts
Jul 31 09:06:59 gtw01 dnsmasq[26553]: read /var/lib/neutron/dhcp/24074a73-7dd1-46cd-8657-3c588110ee9d/addn_hosts - 2 addresses
Jul 31 09:06:59 gtw01 dnsmasq-dhcp[26553]: read /var/lib/neutron/dhcp/24074a73-7dd1-46cd-8657-3c588110ee9d/host
Jul 31 09:06:59 gtw01 dnsmasq-dhcp[26553]: read /var/lib/neutron/dhcp/24074a73-7dd1-46cd-8657-3c588110ee9d/opts
Jul 31 09:07:00 gtw01 dnsmasq[26581]: read /var/lib/neutron/dhcp/b73e57a4-4294-4b2b-b618-0c953e00d4c3/addn_hosts - 2 addresses
Jul 31 09:07:00 gtw01 dnsmasq-dhcp[26581]: read /var/lib/neutron/dhcp/b73e57a4-4294-4b2b-b618-0c953e00d4c3/host
Jul 31 09:07:00 gtw01 dnsmasq-dhcp[26581]: read /var/lib/neutron/dhcp/b73e57a4-4294-4b2b-b618-0c953e00d4c3/opts
Jul 31 09:07:00 gtw01 dnsmasq[26553]: read /var/lib/neutron/dhcp/24074a73-7dd1-46cd-8657-3c588110ee9d/addn_hosts - 2 addresses
Jul 31 09:07:00 gtw01 dnsmasq-dhcp[26553]: read /var/lib/neutron/dhcp/24074a73-7dd1-46cd-8657-3c588110ee9d/host
Jul 31 09:07:00 gtw01 dnsmasq-dhcp[26553]: read /var/lib/neutron/dhcp/24074a73-7dd1-46cd-8657-3c588110ee9d/opts
Jul 31 09:07:01 gtw01 dnsmasq[26581]: read /var/lib/neutron/dhcp/b73e57a4-4294-4b2b-b618-0c953e00d4c3/addn_hosts - 2 addresses
Jul 31 09:07:01 gtw01 dnsmasq-dhcp[26581]: read /var/lib/neutron/dhcp/b73e57a4-4294-4b2b-b618-0c953e00d4c3/host
Jul 31 09:07:01 gtw01 dnsmasq-dhcp[26581]: read /var/lib/neutron/dhcp/b73e57a4-4294-4b2b-b618-0c953e00d4c3/opts
Jul 31 09:07:01 gtw01 dnsmasq[26553]: read /var/lib/neutron/dhcp/24074a73-7dd1-46cd-8657-3c588110ee9d/addn_hosts - 2 addresses
Jul 31 09:07:01 gtw01 dnsmasq-dhcp[26553]: read /var/lib/neutron/dhcp/24074a73-7dd1-46cd-8657-3c588110ee9d/host
Jul 31 09:07:01 gtw01 dnsmasq-dhcp[26553]: read /var/lib/neutron/dhcp/24074a73-7dd1-46cd-8657-3c588110ee9d/opts
Jul 31 09:07:02 gtw01 dnsmasq[26581]: read /var/lib/neutron/dhcp/b73e57a4-4294-4b2b-b618-0c953e00d4c3/addn_hosts - 2 addresses
Jul 31 09:07:02 gtw01 dnsmasq-dhcp[26581]: read /var/lib/neutron/dhcp/b73e57a4-4294-4b2b-b618-0c953e00d4c3/host
Jul 31 09:07:02 gtw01 dnsmasq-dhcp[26581]: read /var/lib/neutron/dhcp/b73e57a4-4294-4b2b-b618-0c953e00d4c3/opts
Jul 31 09:07:02 gtw01 dnsmasq[26553]: read /var/lib/neutron/dhcp/24074a73-7dd1-46cd-8657-3c588110ee9d/addn_hosts - 2 addresses
Jul 31 09:07:02 gtw01 dnsmasq-dhcp[26553]: read /var/lib/neutron/dhcp/24074a73-7dd1-46cd-8657-3c588110ee9d/host
Jul 31 09:07:02 gtw01 dnsmasq-dhcp[26553]: read /var/lib/neutron/dhcp/24074a73-7dd1-46cd-8657-3c588110ee9d/opts
Jul 31 09:07:03 gtw01 systemd-udevd[26756]: Could not generate persistent MAC address for tap6cdcbe16-db: No such file or directory
Jul 31 09:07:03 gtw01 kernel: [ 6037.510239] device tap6cdcbe16-db entered promiscuous mode
Jul 31 09:07:03 gtw01 dnsmasq[26581]: read /var/lib/neutron/dhcp/b73e57a4-4294-4b2b-b618-0c953e00d4c3/addn_hosts - 2 addresses
Jul 31 09:07:03 gtw01 dnsmasq-dhcp[26581]: read /var/lib/neutron/dhcp/b73e57a4-4294-4b2b-b618-0c953e00d4c3/host
Jul 31 09:07:03 gtw01 dnsmasq-dhcp[26581]: read /var/lib/neutron/dhcp/b73e57a4-4294-4b2b-b618-0c953e00d4c3/opts
Jul 31 09:07:03 gtw01 systemd-udevd[26805]: Process '/sbin/ip link set tap6cdcbe16-db txqueuelen 10000' failed with exit code 1.
Jul 31 09:07:03 gtw01 dnsmasq[26553]: read /var/lib/neutron/dhcp/24074a73-7dd1-46cd-8657-3c588110ee9d/addn_hosts - 1 addresses
Jul 31 09:07:03 gtw01 dnsmasq-dhcp[26553]: read /var/lib/neutron/dhcp/24074a73-7dd1-46cd-8657-3c588110ee9d/host
Jul 31 09:07:03 gtw01 dnsmasq-dhcp[26553]: read /var/lib/neutron/dhcp/24074a73-7dd1-46cd-8657-3c588110ee9d/opts
Jul 31 09:07:04 gtw01 dnsmasq[26581]: read /var/lib/neutron/dhcp/b73e57a4-4294-4b2b-b618-0c953e00d4c3/addn_hosts - 1 addresses
Jul 31 09:07:04 gtw01 dnsmasq-dhcp[26581]: read /var/lib/neutron/dhcp/b73e57a4-4294-4b2b-b618-0c953e00d4c3/host
Jul 31 09:07:04 gtw01 dnsmasq-dhcp[26581]: read /var/lib/neutron/dhcp/b73e57a4-4294-4b2b-b618-0c953e00d4c3/opts
Jul 31 09:07:06 gtw01 kernel: [ 6040.967612] device tap3f8bc531-73 left promiscuous mode
Jul 31 09:07:06 gtw01 dnsmasq[26911]: started, version 2.80 cachesize 150
Jul 31 09:07:06 gtw01 dnsmasq[26911]: DNS service limited to local subnets
Jul 31 09:07:06 gtw01 dnsmasq[26911]: compile time options: IPv6 GNU-getopt DBus i18n IDN DHCP DHCPv6 no-Lua TFTP conntrack ipset auth DNSSEC loop-detect inotify dumpfile
Jul 31 09:07:06 gtw01 dnsmasq[26911]: warning: no upstream servers configured
Jul 31 09:07:06 gtw01 dnsmasq-dhcp[26911]: DHCPv6, static leases only on 2003::, lease time 1h
Jul 31 09:07:06 gtw01 dnsmasq[26911]: read /var/lib/neutron/dhcp/bf98b92e-8503-4552-bb3f-15bf7967f741/addn_hosts - 1 addresses
Jul 31 09:07:06 gtw01 dnsmasq-dhcp[26911]: read /var/lib/neutron/dhcp/bf98b92e-8503-4552-bb3f-15bf7967f741/host
Jul 31 09:07:06 gtw01 dnsmasq-dhcp[26911]: read /var/lib/neutron/dhcp/bf98b92e-8503-4552-bb3f-15bf7967f741/opts
Jul 31 09:07:07 gtw01 dnsmasq[26911]: read /var/lib/neutron/dhcp/bf98b92e-8503-4552-bb3f-15bf7967f741/addn_hosts - 1 addresses
Jul 31 09:07:07 gtw01 dnsmasq-dhcp[26911]: read /var/lib/neutron/dhcp/bf98b92e-8503-4552-bb3f-15bf7967f741/host
Jul 31 09:07:07 gtw01 dnsmasq-dhcp[26911]: read /var/lib/neutron/dhcp/bf98b92e-8503-4552-bb3f-15bf7967f741/opts
Jul 31 09:07:08 gtw01 kernel: [ 6042.501321] device tap1c11d787-c0 left promiscuous mode
Jul 31 09:07:08 gtw01 dnsmasq[26911]: read /var/lib/neutron/dhcp/bf98b92e-8503-4552-bb3f-15bf7967f741/addn_hosts - 0 addresses
Jul 31 09:07:08 gtw01 dnsmasq-dhcp[26911]: read /var/lib/neutron/dhcp/bf98b92e-8503-4552-bb3f-15bf7967f741/host
Jul 31 09:07:08 gtw01 dnsmasq-dhcp[26911]: read /var/lib/neutron/dhcp/bf98b92e-8503-4552-bb3f-15bf7967f741/opts
Jul 31 09:07:09 gtw01 kernel: [ 6044.126247] device tap6cdcbe16-db left promiscuous mode
Jul 31 09:07:13 gtw01 kernel: [ 6047.757294] device tap8dc04d2d-de entered promiscuous mode
Jul 31 09:07:13 gtw01 systemd-udevd[26979]: Could not generate persistent MAC address for tap8dc04d2d-de: No such file or directory
Jul 31 09:07:13 gtw01 systemd-udevd[26979]: Process '/sbin/ip link set tap8dc04d2d-de txqueuelen 10000' failed with exit code 1.
Jul 31 09:07:14 gtw01 kernel: [ 6048.791256] device tap86f7f5dd-97 entered promiscuous mode
Jul 31 09:07:14 gtw01 systemd-udevd[27067]: Could not generate persistent MAC address for tap86f7f5dd-97: No such file or directory
Jul 31 09:07:14 gtw01 systemd-udevd[27067]: Process '/sbin/ip link set tap86f7f5dd-97 txqueuelen 10000' failed with exit code 1.
Jul 31 09:07:14 gtw01 systemd-udevd[27067]: Process '/sbin/ip link set tap86f7f5dd-97 txqueuelen 10000' failed with exit code 1.
Jul 31 09:07:17 gtw01 dnsmasq[27205]: started, version 2.80 cachesize 150
Jul 31 09:07:17 gtw01 dnsmasq[27205]: DNS service limited to local subnets
Jul 31 09:07:17 gtw01 dnsmasq[27205]: compile time options: IPv6 GNU-getopt DBus i18n IDN DHCP DHCPv6 no-Lua TFTP conntrack ipset auth DNSSEC loop-detect inotify dumpfile
Jul 31 09:07:17 gtw01 dnsmasq[27205]: warning: no upstream servers configured
Jul 31 09:07:17 gtw01 dnsmasq-dhcp[27205]: DHCP, static leases only on 192.168.120.0, lease time 1h
Jul 31 09:07:17 gtw01 dnsmasq[27205]: read /var/lib/neutron/dhcp/8eade77d-6799-44c8-a83a-2e31ecb4220b/addn_hosts - 1 addresses
Jul 31 09:07:17 gtw01 dnsmasq-dhcp[27205]: read /var/lib/neutron/dhcp/8eade77d-6799-44c8-a83a-2e31ecb4220b/host
Jul 31 09:07:17 gtw01 dnsmasq-dhcp[27205]: read /var/lib/neutron/dhcp/8eade77d-6799-44c8-a83a-2e31ecb4220b/opts
Jul 31 09:07:17 gtw01 haproxy-metadata-proxy-8eade77d-6799-44c8-a83a-2e31ecb4220b[27212]: Proxy listener started.
Jul 31 09:07:17 gtw01 dnsmasq[27232]: started, version 2.80 cachesize 150
Jul 31 09:07:17 gtw01 dnsmasq[27232]: DNS service limited to local subnets
Jul 31 09:07:17 gtw01 dnsmasq[27232]: compile time options: IPv6 GNU-getopt DBus i18n IDN DHCP DHCPv6 no-Lua TFTP conntrack ipset auth DNSSEC loop-detect inotify dumpfile
Jul 31 09:07:17 gtw01 dnsmasq[27232]: warning: no upstream servers configured
Jul 31 09:07:17 gtw01 dnsmasq-dhcp[27232]: DHCPv6, static leases only on 2003::, lease time 1h
Jul 31 09:07:17 gtw01 dnsmasq[27232]: read /var/lib/neutron/dhcp/8babd6a9-0ec8-4590-962e-cb06575480b4/addn_hosts - 1 addresses
Jul 31 09:07:17 gtw01 dnsmasq-dhcp[27232]: read /var/lib/neutron/dhcp/8babd6a9-0ec8-4590-962e-cb06575480b4/host
Jul 31 09:07:17 gtw01 dnsmasq-dhcp[27232]: read /var/lib/neutron/dhcp/8babd6a9-0ec8-4590-962e-cb06575480b4/opts
Jul 31 09:07:17 gtw01 dnsmasq[27205]: read /var/lib/neutron/dhcp/8eade77d-6799-44c8-a83a-2e31ecb4220b/addn_hosts - 1 addresses
Jul 31 09:07:17 gtw01 dnsmasq-dhcp[27205]: read /var/lib/neutron/dhcp/8eade77d-6799-44c8-a83a-2e31ecb4220b/host
Jul 31 09:07:17 gtw01 dnsmasq-dhcp[27205]: read /var/lib/neutron/dhcp/8eade77d-6799-44c8-a83a-2e31ecb4220b/opts
Jul 31 09:07:18 gtw01 kernel: [ 6052.525256] device tap86f7f5dd-97 left promiscuous mode
Jul 31 09:07:18 gtw01 dnsmasq[27205]: read /var/lib/neutron/dhcp/8eade77d-6799-44c8-a83a-2e31ecb4220b/addn_hosts - 1 addresses
Jul 31 09:07:18 gtw01 dnsmasq-dhcp[27205]: read /var/lib/neutron/dhcp/8eade77d-6799-44c8-a83a-2e31ecb4220b/host
Jul 31 09:07:18 gtw01 dnsmasq-dhcp[27205]: read /var/lib/neutron/dhcp/8eade77d-6799-44c8-a83a-2e31ecb4220b/opts
Jul 31 09:07:19 gtw01 dnsmasq[27205]: read /var/lib/neutron/dhcp/8eade77d-6799-44c8-a83a-2e31ecb4220b/addn_hosts - 2 addresses
Jul 31 09:07:19 gtw01 dnsmasq-dhcp[27205]: read /var/lib/neutron/dhcp/8eade77d-6799-44c8-a83a-2e31ecb4220b/host
Jul 31 09:07:19 gtw01 dnsmasq-dhcp[27205]: read /var/lib/neutron/dhcp/8eade77d-6799-44c8-a83a-2e31ecb4220b/opts
Jul 31 09:07:20 gtw01 kernel: [ 6055.230041] device tap8dc04d2d-de left promiscuous mode
Jul 31 09:07:22 gtw01 kernel: [ 6056.536856] device tapb002f472-e4 entered promiscuous mode
Jul 31 09:07:22 gtw01 systemd-udevd[27319]: Could not generate persistent MAC address for tapb002f472-e4: No such file or directory
Jul 31 09:07:22 gtw01 systemd-udevd[27365]: Process '/sbin/ip link set tapb002f472-e4 txqueuelen 10000' failed with exit code 1.
Jul 31 09:07:22 gtw01 kernel: [ 6056.990860] device tap3d58592d-67 entered promiscuous mode
Jul 31 09:07:22 gtw01 systemd-udevd[27393]: Could not generate persistent MAC address for tap3d58592d-67: No such file or directory
Jul 31 09:07:22 gtw01 systemd-udevd[27438]: Process '/sbin/ip link set tap3d58592d-67 txqueuelen 10000' failed with exit code 1.
Jul 31 09:07:25 gtw01 kernel: [ 6059.786378] device tape9bdc4a0-0d entered promiscuous mode
Jul 31 09:07:25 gtw01 systemd-udevd[27551]: Process '/sbin/ip link set tape9bdc4a0-0d txqueuelen 10000' failed with exit code 1.
Jul 31 09:07:25 gtw01 systemd-udevd[27606]: Process '/sbin/ip link set tape9bdc4a0-0d txqueuelen 10000' failed with exit code 1.
Jul 31 09:07:26 gtw01 dnsmasq[27635]: started, version 2.80 cachesize 150
Jul 31 09:07:26 gtw01 dnsmasq[27635]: DNS service limited to local subnets
Jul 31 09:07:26 gtw01 dnsmasq[27635]: compile time options: IPv6 GNU-getopt DBus i18n IDN DHCP DHCPv6 no-Lua TFTP conntrack ipset auth DNSSEC loop-detect inotify dumpfile
Jul 31 09:07:26 gtw01 dnsmasq[27635]: warning: no upstream servers configured
Jul 31 09:07:26 gtw01 dnsmasq-dhcp[27635]: DHCPv6, static leases only on 2003::, lease time 1h
Jul 31 09:07:26 gtw01 dnsmasq[27635]: read /var/lib/neutron/dhcp/2fcafbd2-9e1e-4c91-af1d-c47577a95ebb/addn_hosts - 1 addresses
Jul 31 09:07:26 gtw01 dnsmasq-dhcp[27635]: read /var/lib/neutron/dhcp/2fcafbd2-9e1e-4c91-af1d-c47577a95ebb/host
Jul 31 09:07:26 gtw01 dnsmasq-dhcp[27635]: read /var/lib/neutron/dhcp/2fcafbd2-9e1e-4c91-af1d-c47577a95ebb/opts
Jul 31 09:07:26 gtw01 dnsmasq[27650]: started, version 2.80 cachesize 150
Jul 31 09:07:26 gtw01 dnsmasq[27650]: DNS service limited to local subnets
Jul 31 09:07:26 gtw01 dnsmasq[27650]: compile time options: IPv6 GNU-getopt DBus i18n IDN DHCP DHCPv6 no-Lua TFTP conntrack ipset auth DNSSEC loop-detect inotify dumpfile
Jul 31 09:07:26 gtw01 dnsmasq[27650]: warning: no upstream servers configured
Jul 31 09:07:26 gtw01 dnsmasq-dhcp[27650]: DHCPv6, static leases only on 2003::, lease time 1h
Jul 31 09:07:26 gtw01 dnsmasq[27650]: read /var/lib/neutron/dhcp/25a47934-b17e-4b5f-830c-c5d01203d375/addn_hosts - 1 addresses
Jul 31 09:07:26 gtw01 dnsmasq-dhcp[27650]: read /var/lib/neutron/dhcp/25a47934-b17e-4b5f-830c-c5d01203d375/host
Jul 31 09:07:26 gtw01 dnsmasq-dhcp[27650]: read /var/lib/neutron/dhcp/25a47934-b17e-4b5f-830c-c5d01203d375/opts
Jul 31 09:07:27 gtw01 dnsmasq[27635]: read /var/lib/neutron/dhcp/2fcafbd2-9e1e-4c91-af1d-c47577a95ebb/addn_hosts - 3 addresses
Jul 31 09:07:27 gtw01 dnsmasq-dhcp[27635]: read /var/lib/neutron/dhcp/2fcafbd2-9e1e-4c91-af1d-c47577a95ebb/host
Jul 31 09:07:27 gtw01 dnsmasq-dhcp[27635]: read /var/lib/neutron/dhcp/2fcafbd2-9e1e-4c91-af1d-c47577a95ebb/opts
Jul 31 09:07:27 gtw01 kernel: [ 6061.722458] device tap3d58592d-67 left promiscuous mode
Jul 31 09:07:28 gtw01 dnsmasq[27635]: read /var/lib/neutron/dhcp/2fcafbd2-9e1e-4c91-af1d-c47577a95ebb/addn_hosts - 3 addresses
Jul 31 09:07:28 gtw01 dnsmasq-dhcp[27635]: read /var/lib/neutron/dhcp/2fcafbd2-9e1e-4c91-af1d-c47577a95ebb/host
Jul 31 09:07:28 gtw01 dnsmasq-dhcp[27635]: read /var/lib/neutron/dhcp/2fcafbd2-9e1e-4c91-af1d-c47577a95ebb/opts
Jul 31 09:07:29 gtw01 dnsmasq[27635]: read /var/lib/neutron/dhcp/2fcafbd2-9e1e-4c91-af1d-c47577a95ebb/addn_hosts - 3 addresses
Jul 31 09:07:29 gtw01 dnsmasq-dhcp[27635]: read /var/lib/neutron/dhcp/2fcafbd2-9e1e-4c91-af1d-c47577a95ebb/host
Jul 31 09:07:29 gtw01 dnsmasq-dhcp[27635]: read /var/lib/neutron/dhcp/2fcafbd2-9e1e-4c91-af1d-c47577a95ebb/opts
Jul 31 09:07:29 gtw01 dnsmasq[27736]: started, version 2.80 cachesize 150
Jul 31 09:07:29 gtw01 dnsmasq[27736]: DNS service limited to local subnets
Jul 31 09:07:29 gtw01 dnsmasq[27736]: compile time options: IPv6 GNU-getopt DBus i18n IDN DHCP DHCPv6 no-Lua TFTP conntrack ipset auth DNSSEC loop-detect inotify dumpfile
Jul 31 09:07:29 gtw01 dnsmasq[27736]: warning: no upstream servers configured
Jul 31 09:07:29 gtw01 dnsmasq-dhcp[27736]: DHCP, static leases only on 192.168.120.0, lease time 1h
Jul 31 09:07:29 gtw01 dnsmasq[27736]: read /var/lib/neutron/dhcp/fb721299-bd13-49d1-84af-336ff6135bed/addn_hosts - 1 addresses
Jul 31 09:07:29 gtw01 dnsmasq-dhcp[27736]: read /var/lib/neutron/dhcp/fb721299-bd13-49d1-84af-336ff6135bed/host
Jul 31 09:07:29 gtw01 dnsmasq-dhcp[27736]: read /var/lib/neutron/dhcp/fb721299-bd13-49d1-84af-336ff6135bed/opts
Jul 31 09:07:29 gtw01 haproxy-metadata-proxy-fb721299-bd13-49d1-84af-336ff6135bed[27744]: Proxy listener started.
Jul 31 09:07:30 gtw01 dnsmasq[27635]: read /var/lib/neutron/dhcp/2fcafbd2-9e1e-4c91-af1d-c47577a95ebb/addn_hosts - 4 addresses
Jul 31 09:07:30 gtw01 dnsmasq-dhcp[27635]: read /var/lib/neutron/dhcp/2fcafbd2-9e1e-4c91-af1d-c47577a95ebb/host
Jul 31 09:07:30 gtw01 dnsmasq-dhcp[27635]: read /var/lib/neutron/dhcp/2fcafbd2-9e1e-4c91-af1d-c47577a95ebb/opts
Jul 31 09:07:30 gtw01 dnsmasq-dhcp[27736]: DHCPRELEASE(tape9bdc4a0-0d) 192.168.120.2 fa:16:3e:87:01:33
Jul 31 09:07:30 gtw01 kernel: [ 6064.826128] device tap783fbd61-f0 entered promiscuous mode
Jul 31 09:07:30 gtw01 systemd-udevd[27786]: Could not generate persistent MAC address for tap783fbd61-f0: No such file or directory
Jul 31 09:07:30 gtw01 systemd-udevd[27786]: Process '/sbin/ip link set tap783fbd61-f0 txqueuelen 10000' failed with exit code 1.
Jul 31 09:07:31 gtw01 dnsmasq[27736]: read /var/lib/neutron/dhcp/fb721299-bd13-49d1-84af-336ff6135bed/addn_hosts - 0 addresses
Jul 31 09:07:31 gtw01 dnsmasq-dhcp[27736]: read /var/lib/neutron/dhcp/fb721299-bd13-49d1-84af-336ff6135bed/host
Jul 31 09:07:31 gtw01 dnsmasq-dhcp[27736]: read /var/lib/neutron/dhcp/fb721299-bd13-49d1-84af-336ff6135bed/opts
Jul 31 09:07:31 gtw01 dnsmasq[27635]: read /var/lib/neutron/dhcp/2fcafbd2-9e1e-4c91-af1d-c47577a95ebb/addn_hosts - 5 addresses
Jul 31 09:07:31 gtw01 dnsmasq-dhcp[27635]: read /var/lib/neutron/dhcp/2fcafbd2-9e1e-4c91-af1d-c47577a95ebb/host
Jul 31 09:07:31 gtw01 dnsmasq-dhcp[27635]: read /var/lib/neutron/dhcp/2fcafbd2-9e1e-4c91-af1d-c47577a95ebb/opts
Jul 31 09:07:32 gtw01 kernel: [ 6066.758306] device tape9bdc4a0-0d left promiscuous mode
Jul 31 09:07:32 gtw01 dnsmasq[27635]: read /var/lib/neutron/dhcp/2fcafbd2-9e1e-4c91-af1d-c47577a95ebb/addn_hosts - 5 addresses
Jul 31 09:07:32 gtw01 dnsmasq-dhcp[27635]: read /var/lib/neutron/dhcp/2fcafbd2-9e1e-4c91-af1d-c47577a95ebb/host
Jul 31 09:07:32 gtw01 dnsmasq-dhcp[27635]: read /var/lib/neutron/dhcp/2fcafbd2-9e1e-4c91-af1d-c47577a95ebb/opts
Jul 31 09:07:33 gtw01 dnsmasq[27635]: read /var/lib/neutron/dhcp/2fcafbd2-9e1e-4c91-af1d-c47577a95ebb/addn_hosts - 6 addresses
Jul 31 09:07:33 gtw01 dnsmasq-dhcp[27635]: read /var/lib/neutron/dhcp/2fcafbd2-9e1e-4c91-af1d-c47577a95ebb/host
Jul 31 09:07:33 gtw01 dnsmasq-dhcp[27635]: read /var/lib/neutron/dhcp/2fcafbd2-9e1e-4c91-af1d-c47577a95ebb/opts
Jul 31 09:07:34 gtw01 dnsmasq[27969]: started, version 2.80 cachesize 150
Jul 31 09:07:34 gtw01 dnsmasq[27969]: DNS service limited to local subnets
Jul 31 09:07:34 gtw01 dnsmasq[27969]: compile time options: IPv6 GNU-getopt DBus i18n IDN DHCP DHCPv6 no-Lua TFTP conntrack ipset auth DNSSEC loop-detect inotify dumpfile
Jul 31 09:07:34 gtw01 dnsmasq[27969]: warning: no upstream servers configured
Jul 31 09:07:34 gtw01 dnsmasq-dhcp[27969]: DHCPv6, static leases only on 2003::, lease time 1h
Jul 31 09:07:34 gtw01 dnsmasq[27969]: read /var/lib/neutron/dhcp/0c8a4971-4a1a-4b53-a240-7aa6b3a9d682/addn_hosts - 1 addresses
Jul 31 09:07:34 gtw01 dnsmasq-dhcp[27969]: read /var/lib/neutron/dhcp/0c8a4971-4a1a-4b53-a240-7aa6b3a9d682/host
Jul 31 09:07:34 gtw01 dnsmasq-dhcp[27969]: read /var/lib/neutron/dhcp/0c8a4971-4a1a-4b53-a240-7aa6b3a9d682/opts
Jul 31 09:07:34 gtw01 kernel: [ 6068.759441] device tapb002f472-e4 left promiscuous mode
Jul 31 09:07:34 gtw01 dnsmasq[27969]: read /var/lib/neutron/dhcp/0c8a4971-4a1a-4b53-a240-7aa6b3a9d682/addn_hosts - 1 addresses
Jul 31 09:07:34 gtw01 dnsmasq-dhcp[27969]: read /var/lib/neutron/dhcp/0c8a4971-4a1a-4b53-a240-7aa6b3a9d682/host
Jul 31 09:07:34 gtw01 dnsmasq-dhcp[27969]: read /var/lib/neutron/dhcp/0c8a4971-4a1a-4b53-a240-7aa6b3a9d682/opts
Jul 31 09:07:35 gtw01 dnsmasq[27969]: read /var/lib/neutron/dhcp/0c8a4971-4a1a-4b53-a240-7aa6b3a9d682/addn_hosts - 1 addresses
Jul 31 09:07:35 gtw01 dnsmasq-dhcp[27969]: read /var/lib/neutron/dhcp/0c8a4971-4a1a-4b53-a240-7aa6b3a9d682/host
Jul 31 09:07:35 gtw01 dnsmasq-dhcp[27969]: read /var/lib/neutron/dhcp/0c8a4971-4a1a-4b53-a240-7aa6b3a9d682/opts
Jul 31 09:07:36 gtw01 dnsmasq[27969]: read /var/lib/neutron/dhcp/0c8a4971-4a1a-4b53-a240-7aa6b3a9d682/addn_hosts - 2 addresses
Jul 31 09:07:36 gtw01 dnsmasq-dhcp[27969]: read /var/lib/neutron/dhcp/0c8a4971-4a1a-4b53-a240-7aa6b3a9d682/host
Jul 31 09:07:36 gtw01 dnsmasq-dhcp[27969]: read /var/lib/neutron/dhcp/0c8a4971-4a1a-4b53-a240-7aa6b3a9d682/opts
Jul 31 09:07:37 gtw01 kernel: [ 6072.155106] device tap783fbd61-f0 left promiscuous mode
Jul 31 09:07:39 gtw01 kernel: [ 6073.866259] device tapc8fe1c51-8c entered promiscuous mode
Jul 31 09:07:39 gtw01 systemd-udevd[28049]: Could not generate persistent MAC address for tapc8fe1c51-8c: No such file or directory
Jul 31 09:07:39 gtw01 systemd-udevd[28049]: Process '/sbin/ip link set tapc8fe1c51-8c txqueuelen 10000' failed with exit code 1.
Jul 31 09:07:39 gtw01 systemd-udevd[28101]: Process '/sbin/ip link set tapc8fe1c51-8c txqueuelen 10000' failed with exit code 1.
Jul 31 09:07:42 gtw01 systemd-udevd[28168]: Could not generate persistent MAC address for tap3878625d-b0: No such file or directory
Jul 31 09:07:42 gtw01 kernel: [ 6076.434424] device tap3878625d-b0 entered promiscuous mode
Jul 31 09:07:42 gtw01 systemd-udevd[28168]: Process '/sbin/ip link set tap3878625d-b0 txqueuelen 10000' failed with exit code 1.
Jul 31 09:07:42 gtw01 systemd-udevd[28168]: Process '/sbin/ip link set tap3878625d-b0 txqueuelen 10000' failed with exit code 1.
Jul 31 09:07:42 gtw01 dnsmasq[28252]: started, version 2.80 cachesize 150
Jul 31 09:07:42 gtw01 dnsmasq[28252]: DNS service limited to local subnets
Jul 31 09:07:42 gtw01 dnsmasq[28252]: compile time options: IPv6 GNU-getopt DBus i18n IDN DHCP DHCPv6 no-Lua TFTP conntrack ipset auth DNSSEC loop-detect inotify dumpfile
Jul 31 09:07:42 gtw01 dnsmasq[28252]: warning: no upstream servers configured
Jul 31 09:07:42 gtw01 dnsmasq-dhcp[28252]: DHCP, static leases only on 192.168.120.0, lease time 1h
Jul 31 09:07:42 gtw01 dnsmasq[28252]: read /var/lib/neutron/dhcp/4df774e6-6c48-456a-9ad0-571b12cc94bb/addn_hosts - 1 addresses
Jul 31 09:07:42 gtw01 dnsmasq-dhcp[28252]: read /var/lib/neutron/dhcp/4df774e6-6c48-456a-9ad0-571b12cc94bb/host
Jul 31 09:07:42 gtw01 dnsmasq-dhcp[28252]: read /var/lib/neutron/dhcp/4df774e6-6c48-456a-9ad0-571b12cc94bb/opts
Jul 31 09:07:43 gtw01 haproxy-metadata-proxy-4df774e6-6c48-456a-9ad0-571b12cc94bb[28258]: Proxy listener started.
Jul 31 09:07:43 gtw01 dnsmasq[28252]: read /var/lib/neutron/dhcp/4df774e6-6c48-456a-9ad0-571b12cc94bb/addn_hosts - 1 addresses
Jul 31 09:07:43 gtw01 dnsmasq-dhcp[28252]: read /var/lib/neutron/dhcp/4df774e6-6c48-456a-9ad0-571b12cc94bb/host
Jul 31 09:07:43 gtw01 dnsmasq-dhcp[28252]: read /var/lib/neutron/dhcp/4df774e6-6c48-456a-9ad0-571b12cc94bb/opts
Jul 31 09:07:44 gtw01 kernel: [ 6078.822713] device tap57912f7b-38 entered promiscuous mode
Jul 31 09:07:44 gtw01 systemd-udevd[28317]: Could not generate persistent MAC address for tap57912f7b-38: No such file or directory
Jul 31 09:07:44 gtw01 systemd-udevd[28364]: Process '/sbin/ip link set tap57912f7b-38 txqueuelen 10000' failed with exit code 1.
Jul 31 09:07:45 gtw01 dnsmasq[22291]: read /var/lib/neutron/dhcp/8c41ee33-33c7-404f-821f-ff74d45be79a/addn_hosts - 5 addresses
Jul 31 09:07:45 gtw01 dnsmasq-dhcp[22291]: read /var/lib/neutron/dhcp/8c41ee33-33c7-404f-821f-ff74d45be79a/host
Jul 31 09:07:45 gtw01 dnsmasq-dhcp[22291]: read /var/lib/neutron/dhcp/8c41ee33-33c7-404f-821f-ff74d45be79a/opts
Jul 31 09:07:45 gtw01 dnsmasq[28252]: read /var/lib/neutron/dhcp/4df774e6-6c48-456a-9ad0-571b12cc94bb/addn_hosts - 1 addresses
Jul 31 09:07:45 gtw01 dnsmasq-dhcp[28252]: read /var/lib/neutron/dhcp/4df774e6-6c48-456a-9ad0-571b12cc94bb/host
Jul 31 09:07:45 gtw01 dnsmasq-dhcp[28252]: read /var/lib/neutron/dhcp/4df774e6-6c48-456a-9ad0-571b12cc94bb/opts
Jul 31 09:07:46 gtw01 dnsmasq[28450]: started, version 2.80 cachesize 150
Jul 31 09:07:46 gtw01 dnsmasq[28450]: DNS service limited to local subnets
Jul 31 09:07:46 gtw01 dnsmasq[28450]: compile time options: IPv6 GNU-getopt DBus i18n IDN DHCP DHCPv6 no-Lua TFTP conntrack ipset auth DNSSEC loop-detect inotify dumpfile
Jul 31 09:07:46 gtw01 dnsmasq[28450]: warning: no upstream servers configured
Jul 31 09:07:46 gtw01 dnsmasq-dhcp[28450]: DHCPv6, static leases only on 2003::, lease time 1h
Jul 31 09:07:46 gtw01 dnsmasq[28450]: read /var/lib/neutron/dhcp/d2def51e-9fc8-4c18-b88e-51cda7b406b4/addn_hosts - 1 addresses
Jul 31 09:07:46 gtw01 dnsmasq-dhcp[28450]: read /var/lib/neutron/dhcp/d2def51e-9fc8-4c18-b88e-51cda7b406b4/host
Jul 31 09:07:46 gtw01 dnsmasq-dhcp[28450]: read /var/lib/neutron/dhcp/d2def51e-9fc8-4c18-b88e-51cda7b406b4/opts
Jul 31 09:07:46 gtw01 dnsmasq[28252]: read /var/lib/neutron/dhcp/4df774e6-6c48-456a-9ad0-571b12cc94bb/addn_hosts - 2 addresses
Jul 31 09:07:46 gtw01 dnsmasq-dhcp[28252]: read /var/lib/neutron/dhcp/4df774e6-6c48-456a-9ad0-571b12cc94bb/host
Jul 31 09:07:46 gtw01 dnsmasq-dhcp[28252]: read /var/lib/neutron/dhcp/4df774e6-6c48-456a-9ad0-571b12cc94bb/opts
Jul 31 09:07:48 gtw01 kernel: [ 6082.628510] device tapc8fe1c51-8c left promiscuous mode
Jul 31 09:07:48 gtw01 kernel: [ 6082.740790] device tap3878625d-b0 left promiscuous mode
Jul 31 09:07:48 gtw01 dnsmasq[28513]: started, version 2.80 cachesize 150
Jul 31 09:07:48 gtw01 dnsmasq[28513]: DNS service limited to local subnets
Jul 31 09:07:48 gtw01 dnsmasq[28513]: compile time options: IPv6 GNU-getopt DBus i18n IDN DHCP DHCPv6 no-Lua TFTP conntrack ipset auth DNSSEC loop-detect inotify dumpfile
Jul 31 09:07:48 gtw01 dnsmasq[28513]: warning: no upstream servers configured
Jul 31 09:07:48 gtw01 dnsmasq-dhcp[28513]: DHCP, static leases only on 192.168.120.0, lease time 1h
Jul 31 09:07:48 gtw01 dnsmasq[28513]: read /var/lib/neutron/dhcp/357cdb0e-c7b4-478e-97c5-086f7df9bcfb/addn_hosts - 1 addresses
Jul 31 09:07:48 gtw01 dnsmasq-dhcp[28513]: read /var/lib/neutron/dhcp/357cdb0e-c7b4-478e-97c5-086f7df9bcfb/host
Jul 31 09:07:48 gtw01 dnsmasq-dhcp[28513]: read /var/lib/neutron/dhcp/357cdb0e-c7b4-478e-97c5-086f7df9bcfb/opts
Jul 31 09:07:48 gtw01 haproxy-metadata-proxy-357cdb0e-c7b4-478e-97c5-086f7df9bcfb[28517]: Proxy listener started.
Jul 31 09:07:49 gtw01 dnsmasq[28513]: read /var/lib/neutron/dhcp/357cdb0e-c7b4-478e-97c5-086f7df9bcfb/addn_hosts - 3 addresses
Jul 31 09:07:49 gtw01 dnsmasq-dhcp[28513]: read /var/lib/neutron/dhcp/357cdb0e-c7b4-478e-97c5-086f7df9bcfb/host
Jul 31 09:07:49 gtw01 dnsmasq-dhcp[28513]: read /var/lib/neutron/dhcp/357cdb0e-c7b4-478e-97c5-086f7df9bcfb/opts
Jul 31 09:07:50 gtw01 kernel: [ 6084.688459] device tap3878625d-b0 entered promiscuous mode
Jul 31 09:07:50 gtw01 systemd-udevd[28551]: Could not generate persistent MAC address for tap3878625d-b0: No such file or directory
Jul 31 09:07:50 gtw01 systemd-udevd[28599]: Process '/sbin/ip link set tap3878625d-b0 txqueuelen 10000' failed with exit code 1.
Jul 31 09:07:50 gtw01 dnsmasq[28513]: read /var/lib/neutron/dhcp/357cdb0e-c7b4-478e-97c5-086f7df9bcfb/addn_hosts - 3 addresses
Jul 31 09:07:50 gtw01 dnsmasq-dhcp[28513]: read /var/lib/neutron/dhcp/357cdb0e-c7b4-478e-97c5-086f7df9bcfb/host
Jul 31 09:07:50 gtw01 dnsmasq-dhcp[28513]: read /var/lib/neutron/dhcp/357cdb0e-c7b4-478e-97c5-086f7df9bcfb/opts
Jul 31 09:07:51 gtw01 dnsmasq[22291]: read /var/lib/neutron/dhcp/8c41ee33-33c7-404f-821f-ff74d45be79a/addn_hosts - 6 addresses
Jul 31 09:07:51 gtw01 dnsmasq-dhcp[22291]: read /var/lib/neutron/dhcp/8c41ee33-33c7-404f-821f-ff74d45be79a/host
Jul 31 09:07:51 gtw01 dnsmasq-dhcp[22291]: read /var/lib/neutron/dhcp/8c41ee33-33c7-404f-821f-ff74d45be79a/opts
Jul 31 09:07:51 gtw01 dnsmasq[28513]: read /var/lib/neutron/dhcp/357cdb0e-c7b4-478e-97c5-086f7df9bcfb/addn_hosts - 3 addresses
Jul 31 09:07:51 gtw01 dnsmasq-dhcp[28513]: read /var/lib/neutron/dhcp/357cdb0e-c7b4-478e-97c5-086f7df9bcfb/host
Jul 31 09:07:51 gtw01 dnsmasq-dhcp[28513]: read /var/lib/neutron/dhcp/357cdb0e-c7b4-478e-97c5-086f7df9bcfb/opts
Jul 31 09:07:52 gtw01 dnsmasq[22291]: read /var/lib/neutron/dhcp/8c41ee33-33c7-404f-821f-ff74d45be79a/addn_hosts - 6 addresses
Jul 31 09:07:52 gtw01 dnsmasq-dhcp[22291]: read /var/lib/neutron/dhcp/8c41ee33-33c7-404f-821f-ff74d45be79a/host
Jul 31 09:07:52 gtw01 dnsmasq-dhcp[22291]: read /var/lib/neutron/dhcp/8c41ee33-33c7-404f-821f-ff74d45be79a/opts
Jul 31 09:07:53 gtw01 dnsmasq[28513]: read /var/lib/neutron/dhcp/357cdb0e-c7b4-478e-97c5-086f7df9bcfb/addn_hosts - 4 addresses
Jul 31 09:07:53 gtw01 dnsmasq-dhcp[28513]: read /var/lib/neutron/dhcp/357cdb0e-c7b4-478e-97c5-086f7df9bcfb/host
Jul 31 09:07:53 gtw01 dnsmasq-dhcp[28513]: read /var/lib/neutron/dhcp/357cdb0e-c7b4-478e-97c5-086f7df9bcfb/opts
Jul 31 09:07:53 gtw01 dnsmasq[28744]: started, version 2.80 cachesize 150
Jul 31 09:07:53 gtw01 dnsmasq[28744]: DNS service limited to local subnets
Jul 31 09:07:53 gtw01 dnsmasq[28744]: compile time options: IPv6 GNU-getopt DBus i18n IDN DHCP DHCPv6 no-Lua TFTP conntrack ipset auth DNSSEC loop-detect inotify dumpfile
Jul 31 09:07:53 gtw01 dnsmasq[28744]: warning: no upstream servers configured
Jul 31 09:07:53 gtw01 dnsmasq-dhcp[28744]: DHCPv6, static leases only on 2003:0:0:1::, lease time 1h
Jul 31 09:07:53 gtw01 dnsmasq-dhcp[28744]: DHCPv6, static leases only on 2003::, lease time 1h
Jul 31 09:07:53 gtw01 dnsmasq[28744]: read /var/lib/neutron/dhcp/d2def51e-9fc8-4c18-b88e-51cda7b406b4/addn_hosts - 2 addresses
Jul 31 09:07:53 gtw01 dnsmasq-dhcp[28744]: read /var/lib/neutron/dhcp/d2def51e-9fc8-4c18-b88e-51cda7b406b4/host
Jul 31 09:07:53 gtw01 dnsmasq-dhcp[28744]: read /var/lib/neutron/dhcp/d2def51e-9fc8-4c18-b88e-51cda7b406b4/opts
Jul 31 09:07:54 gtw01 kernel: [ 6088.422984] device tap653c2608-d6 entered promiscuous mode
Jul 31 09:07:54 gtw01 systemd-udevd[28757]: Could not generate persistent MAC address for tap653c2608-d6: No such file or directory
Jul 31 09:07:54 gtw01 systemd-udevd[28803]: Process '/sbin/ip link set tap653c2608-d6 txqueuelen 10000' failed with exit code 1.
Jul 31 09:07:54 gtw01 dnsmasq[22291]: read /var/lib/neutron/dhcp/8c41ee33-33c7-404f-821f-ff74d45be79a/addn_hosts - 6 addresses
Jul 31 09:07:54 gtw01 dnsmasq-dhcp[22291]: read /var/lib/neutron/dhcp/8c41ee33-33c7-404f-821f-ff74d45be79a/host
Jul 31 09:07:54 gtw01 dnsmasq-dhcp[22291]: read /var/lib/neutron/dhcp/8c41ee33-33c7-404f-821f-ff74d45be79a/opts
Jul 31 09:07:54 gtw01 dnsmasq[28513]: read /var/lib/neutron/dhcp/357cdb0e-c7b4-478e-97c5-086f7df9bcfb/addn_hosts - 4 addresses
Jul 31 09:07:54 gtw01 dnsmasq-dhcp[28513]: read /var/lib/neutron/dhcp/357cdb0e-c7b4-478e-97c5-086f7df9bcfb/host
Jul 31 09:07:54 gtw01 dnsmasq-dhcp[28513]: read /var/lib/neutron/dhcp/357cdb0e-c7b4-478e-97c5-086f7df9bcfb/opts
Jul 31 09:07:55 gtw01 dnsmasq[28513]: read /var/lib/neutron/dhcp/357cdb0e-c7b4-478e-97c5-086f7df9bcfb/addn_hosts - 5 addresses
Jul 31 09:07:55 gtw01 dnsmasq-dhcp[28513]: read /var/lib/neutron/dhcp/357cdb0e-c7b4-478e-97c5-086f7df9bcfb/host
Jul 31 09:07:55 gtw01 dnsmasq-dhcp[28513]: read /var/lib/neutron/dhcp/357cdb0e-c7b4-478e-97c5-086f7df9bcfb/opts
Jul 31 09:07:57 gtw01 dnsmasq[28513]: read /var/lib/neutron/dhcp/357cdb0e-c7b4-478e-97c5-086f7df9bcfb/addn_hosts - 6 addresses
Jul 31 09:07:57 gtw01 dnsmasq-dhcp[28513]: read /var/lib/neutron/dhcp/357cdb0e-c7b4-478e-97c5-086f7df9bcfb/host
Jul 31 09:07:57 gtw01 dnsmasq-dhcp[28513]: read /var/lib/neutron/dhcp/357cdb0e-c7b4-478e-97c5-086f7df9bcfb/opts
Jul 31 09:07:58 gtw01 kernel: [ 6092.646654] device tap71f6a461-83 entered promiscuous mode
Jul 31 09:07:58 gtw01 systemd-udevd[28986]: Could not generate persistent MAC address for tap71f6a461-83: No such file or directory
Jul 31 09:07:58 gtw01 systemd-udevd[29035]: Process '/sbin/ip link set tap71f6a461-83 txqueuelen 10000' failed with exit code 1.
Jul 31 09:07:58 gtw01 dnsmasq[29057]: started, version 2.80 cachesize 150
Jul 31 09:07:58 gtw01 dnsmasq[29057]: DNS service limited to local subnets
Jul 31 09:07:58 gtw01 dnsmasq[29057]: compile time options: IPv6 GNU-getopt DBus i18n IDN DHCP DHCPv6 no-Lua TFTP conntrack ipset auth DNSSEC loop-detect inotify dumpfile
Jul 31 09:07:58 gtw01 dnsmasq[29057]: warning: no upstream servers configured
Jul 31 09:07:58 gtw01 dnsmasq-dhcp[29057]: DHCPv6, static leases only on 2003:0:0:1::, lease time 1h
Jul 31 09:07:58 gtw01 dnsmasq-dhcp[29057]: DHCPv6, static leases only on 2003:0:0:2::, lease time 1h
Jul 31 09:07:58 gtw01 dnsmasq-dhcp[29057]: DHCPv6, static leases only on 2003::, lease time 1h
Jul 31 09:07:58 gtw01 dnsmasq[29057]: read /var/lib/neutron/dhcp/d2def51e-9fc8-4c18-b88e-51cda7b406b4/addn_hosts - 4 addresses
Jul 31 09:07:58 gtw01 dnsmasq-dhcp[29057]: read /var/lib/neutron/dhcp/d2def51e-9fc8-4c18-b88e-51cda7b406b4/host
Jul 31 09:07:58 gtw01 dnsmasq-dhcp[29057]: read /var/lib/neutron/dhcp/d2def51e-9fc8-4c18-b88e-51cda7b406b4/opts
Jul 31 09:07:58 gtw01 dnsmasq[28513]: read /var/lib/neutron/dhcp/357cdb0e-c7b4-478e-97c5-086f7df9bcfb/addn_hosts - 6 addresses
Jul 31 09:07:58 gtw01 dnsmasq-dhcp[28513]: read /var/lib/neutron/dhcp/357cdb0e-c7b4-478e-97c5-086f7df9bcfb/host
Jul 31 09:07:58 gtw01 dnsmasq-dhcp[28513]: read /var/lib/neutron/dhcp/357cdb0e-c7b4-478e-97c5-086f7df9bcfb/opts
Jul 31 09:07:59 gtw01 dnsmasq[29074]: started, version 2.80 cachesize 150
Jul 31 09:07:59 gtw01 dnsmasq[29074]: DNS service limited to local subnets
Jul 31 09:07:59 gtw01 dnsmasq[29074]: compile time options: IPv6 GNU-getopt DBus i18n IDN DHCP DHCPv6 no-Lua TFTP conntrack ipset auth DNSSEC loop-detect inotify dumpfile
Jul 31 09:07:59 gtw01 dnsmasq[29074]: warning: no upstream servers configured
Jul 31 09:07:59 gtw01 dnsmasq-dhcp[29074]: DHCP, static leases only on 192.168.120.0, lease time 1h
Jul 31 09:07:59 gtw01 dnsmasq[29074]: read /var/lib/neutron/dhcp/b7cfbe69-65c3-4c95-bd3f-d112563163c0/addn_hosts - 1 addresses
Jul 31 09:07:59 gtw01 dnsmasq-dhcp[29074]: read /var/lib/neutron/dhcp/b7cfbe69-65c3-4c95-bd3f-d112563163c0/host
Jul 31 09:07:59 gtw01 dnsmasq-dhcp[29074]: read /var/lib/neutron/dhcp/b7cfbe69-65c3-4c95-bd3f-d112563163c0/opts
Jul 31 09:07:59 gtw01 haproxy-metadata-proxy-b7cfbe69-65c3-4c95-bd3f-d112563163c0[29089]: Proxy listener started.
Jul 31 09:08:00 gtw01 dnsmasq[28513]: read /var/lib/neutron/dhcp/357cdb0e-c7b4-478e-97c5-086f7df9bcfb/addn_hosts - 6 addresses
Jul 31 09:08:00 gtw01 dnsmasq-dhcp[28513]: read /var/lib/neutron/dhcp/357cdb0e-c7b4-478e-97c5-086f7df9bcfb/host
Jul 31 09:08:00 gtw01 dnsmasq-dhcp[28513]: read /var/lib/neutron/dhcp/357cdb0e-c7b4-478e-97c5-086f7df9bcfb/opts
Jul 31 09:08:00 gtw01 dnsmasq[29074]: read /var/lib/neutron/dhcp/b7cfbe69-65c3-4c95-bd3f-d112563163c0/addn_hosts - 2 addresses
Jul 31 09:08:00 gtw01 dnsmasq-dhcp[29074]: read /var/lib/neutron/dhcp/b7cfbe69-65c3-4c95-bd3f-d112563163c0/host
Jul 31 09:08:00 gtw01 dnsmasq-dhcp[29074]: read /var/lib/neutron/dhcp/b7cfbe69-65c3-4c95-bd3f-d112563163c0/opts
Jul 31 09:08:02 gtw01 kernel: [ 6096.550020] device tap57912f7b-38 left promiscuous mode
Jul 31 09:08:02 gtw01 dnsmasq[29074]: read /var/lib/neutron/dhcp/b7cfbe69-65c3-4c95-bd3f-d112563163c0/addn_hosts - 2 addresses
Jul 31 09:08:02 gtw01 dnsmasq-dhcp[29074]: read /var/lib/neutron/dhcp/b7cfbe69-65c3-4c95-bd3f-d112563163c0/host
Jul 31 09:08:02 gtw01 dnsmasq-dhcp[29074]: read /var/lib/neutron/dhcp/b7cfbe69-65c3-4c95-bd3f-d112563163c0/opts
Jul 31 09:08:02 gtw01 systemd-udevd[29233]: Could not generate persistent MAC address for tapd914d5ac-b8: No such file or directory
Jul 31 09:08:02 gtw01 kernel: [ 6097.014694] device tapd914d5ac-b8 entered promiscuous mode
Jul 31 09:08:02 gtw01 systemd-udevd[29282]: Process '/sbin/ip link set tapd914d5ac-b8 txqueuelen 10000' failed with exit code 1.
Jul 31 09:08:03 gtw01 dnsmasq[29313]: started, version 2.80 cachesize 150
Jul 31 09:08:03 gtw01 dnsmasq[29313]: DNS service limited to local subnets
Jul 31 09:08:03 gtw01 dnsmasq[29313]: compile time options: IPv6 GNU-getopt DBus i18n IDN DHCP DHCPv6 no-Lua TFTP conntrack ipset auth DNSSEC loop-detect inotify dumpfile
Jul 31 09:08:03 gtw01 dnsmasq[29313]: warning: no upstream servers configured
Jul 31 09:08:03 gtw01 dnsmasq-dhcp[29313]: DHCP, static leases only on 192.168.121.0, lease time 1h
Jul 31 09:08:03 gtw01 dnsmasq[29313]: read /var/lib/neutron/dhcp/ee25db7e-0874-4969-8a8c-608d36522b36/addn_hosts - 1 addresses
Jul 31 09:08:03 gtw01 dnsmasq-dhcp[29313]: read /var/lib/neutron/dhcp/ee25db7e-0874-4969-8a8c-608d36522b36/host
Jul 31 09:08:03 gtw01 dnsmasq-dhcp[29313]: read /var/lib/neutron/dhcp/ee25db7e-0874-4969-8a8c-608d36522b36/opts
Jul 31 09:08:03 gtw01 haproxy-metadata-proxy-ee25db7e-0874-4969-8a8c-608d36522b36[29329]: Proxy listener started.
Jul 31 09:08:04 gtw01 dnsmasq[29340]: started, version 2.80 cachesize 150
Jul 31 09:08:04 gtw01 dnsmasq[29340]: DNS service limited to local subnets
Jul 31 09:08:04 gtw01 dnsmasq[29340]: compile time options: IPv6 GNU-getopt DBus i18n IDN DHCP DHCPv6 no-Lua TFTP conntrack ipset auth DNSSEC loop-detect inotify dumpfile
Jul 31 09:08:04 gtw01 dnsmasq[29340]: warning: no upstream servers configured
Jul 31 09:08:04 gtw01 dnsmasq-dhcp[29340]: DHCPv6, static leases only on 2003:0:0:1::, lease time 1h
Jul 31 09:08:04 gtw01 dnsmasq-dhcp[29340]: DHCPv6, static leases only on 2003:0:0:2::, lease time 1h
Jul 31 09:08:04 gtw01 dnsmasq[29340]: read /var/lib/neutron/dhcp/d2def51e-9fc8-4c18-b88e-51cda7b406b4/addn_hosts - 2 addresses
Jul 31 09:08:04 gtw01 dnsmasq-dhcp[29340]: read /var/lib/neutron/dhcp/d2def51e-9fc8-4c18-b88e-51cda7b406b4/host
Jul 31 09:08:04 gtw01 dnsmasq-dhcp[29340]: read /var/lib/neutron/dhcp/d2def51e-9fc8-4c18-b88e-51cda7b406b4/opts
Jul 31 09:08:04 gtw01 dnsmasq[29074]: read /var/lib/neutron/dhcp/b7cfbe69-65c3-4c95-bd3f-d112563163c0/addn_hosts - 2 addresses
Jul 31 09:08:04 gtw01 dnsmasq-dhcp[29074]: read /var/lib/neutron/dhcp/b7cfbe69-65c3-4c95-bd3f-d112563163c0/host
Jul 31 09:08:04 gtw01 dnsmasq-dhcp[29074]: read /var/lib/neutron/dhcp/b7cfbe69-65c3-4c95-bd3f-d112563163c0/opts
Jul 31 09:08:05 gtw01 kernel: [ 6099.296944] device tap3878625d-b0 left promiscuous mode
Jul 31 09:08:05 gtw01 dnsmasq[29313]: read /var/lib/neutron/dhcp/ee25db7e-0874-4969-8a8c-608d36522b36/addn_hosts - 2 addresses
Jul 31 09:08:05 gtw01 dnsmasq-dhcp[29313]: read /var/lib/neutron/dhcp/ee25db7e-0874-4969-8a8c-608d36522b36/host
Jul 31 09:08:05 gtw01 dnsmasq-dhcp[29313]: read /var/lib/neutron/dhcp/ee25db7e-0874-4969-8a8c-608d36522b36/opts
Jul 31 09:08:05 gtw01 dnsmasq-dhcp[22291]: DHCPDISCOVER(tap2e48ea6f-b0) fa:16:3e:fb:3e:f3
Jul 31 09:08:05 gtw01 dnsmasq-dhcp[22291]: DHCPOFFER(tap2e48ea6f-b0) 192.168.120.4 fa:16:3e:fb:3e:f3
Jul 31 09:08:05 gtw01 dnsmasq-dhcp[22291]: DHCPREQUEST(tap2e48ea6f-b0) 192.168.120.4 fa:16:3e:fb:3e:f3
Jul 31 09:08:05 gtw01 dnsmasq-dhcp[22291]: DHCPACK(tap2e48ea6f-b0) 192.168.120.4 fa:16:3e:fb:3e:f3 host-192-168-120-4
Jul 31 09:08:05 gtw01 dnsmasq[29074]: read /var/lib/neutron/dhcp/b7cfbe69-65c3-4c95-bd3f-d112563163c0/addn_hosts - 2 addresses
Jul 31 09:08:05 gtw01 dnsmasq-dhcp[29074]: read /var/lib/neutron/dhcp/b7cfbe69-65c3-4c95-bd3f-d112563163c0/host
Jul 31 09:08:05 gtw01 dnsmasq-dhcp[29074]: read /var/lib/neutron/dhcp/b7cfbe69-65c3-4c95-bd3f-d112563163c0/opts
Jul 31 09:08:06 gtw01 dnsmasq[29313]: read /var/lib/neutron/dhcp/ee25db7e-0874-4969-8a8c-608d36522b36/addn_hosts - 2 addresses
Jul 31 09:08:06 gtw01 dnsmasq-dhcp[29313]: read /var/lib/neutron/dhcp/ee25db7e-0874-4969-8a8c-608d36522b36/host
Jul 31 09:08:06 gtw01 dnsmasq-dhcp[29313]: read /var/lib/neutron/dhcp/ee25db7e-0874-4969-8a8c-608d36522b36/opts
Jul 31 09:08:07 gtw01 dnsmasq[29074]: read /var/lib/neutron/dhcp/b7cfbe69-65c3-4c95-bd3f-d112563163c0/addn_hosts - 2 addresses
Jul 31 09:08:07 gtw01 dnsmasq-dhcp[29074]: read /var/lib/neutron/dhcp/b7cfbe69-65c3-4c95-bd3f-d112563163c0/host
Jul 31 09:08:07 gtw01 dnsmasq-dhcp[29074]: read /var/lib/neutron/dhcp/b7cfbe69-65c3-4c95-bd3f-d112563163c0/opts
Jul 31 09:08:07 gtw01 kernel: [ 6101.578803] device tap9a40d23d-6b entered promiscuous mode
Jul 31 09:08:07 gtw01 systemd-udevd[29471]: Process '/sbin/ip link set tap9a40d23d-6b txqueuelen 10000' failed with exit code 1.
Jul 31 09:08:07 gtw01 systemd-udevd[29471]: Process '/sbin/ip link set tap9a40d23d-6b txqueuelen 10000' failed with exit code 1.
Jul 31 09:08:07 gtw01 dnsmasq[29551]: started, version 2.80 cachesize 150
Jul 31 09:08:07 gtw01 dnsmasq[29551]: DNS service limited to local subnets
Jul 31 09:08:07 gtw01 dnsmasq[29551]: compile time options: IPv6 GNU-getopt DBus i18n IDN DHCP DHCPv6 no-Lua TFTP conntrack ipset auth DNSSEC loop-detect inotify dumpfile
Jul 31 09:08:07 gtw01 dnsmasq[29551]: warning: no upstream servers configured
Jul 31 09:08:07 gtw01 dnsmasq-dhcp[29551]: DHCP, static leases only on 192.168.122.0, lease time 1h
Jul 31 09:08:07 gtw01 dnsmasq[29551]: read /var/lib/neutron/dhcp/7d4e0156-73e0-4787-b124-e9817133bf52/addn_hosts - 1 addresses
Jul 31 09:08:07 gtw01 dnsmasq-dhcp[29551]: read /var/lib/neutron/dhcp/7d4e0156-73e0-4787-b124-e9817133bf52/host
Jul 31 09:08:07 gtw01 dnsmasq-dhcp[29551]: read /var/lib/neutron/dhcp/7d4e0156-73e0-4787-b124-e9817133bf52/opts
Jul 31 09:08:08 gtw01 dnsmasq[29313]: read /var/lib/neutron/dhcp/ee25db7e-0874-4969-8a8c-608d36522b36/addn_hosts - 2 addresses
Jul 31 09:08:08 gtw01 dnsmasq-dhcp[29313]: read /var/lib/neutron/dhcp/ee25db7e-0874-4969-8a8c-608d36522b36/host
Jul 31 09:08:08 gtw01 dnsmasq-dhcp[29313]: read /var/lib/neutron/dhcp/ee25db7e-0874-4969-8a8c-608d36522b36/opts
Jul 31 09:08:08 gtw01 haproxy-metadata-proxy-7d4e0156-73e0-4787-b124-e9817133bf52[29565]: Proxy listener started.
Jul 31 09:08:08 gtw01 dnsmasq[22291]: read /var/lib/neutron/dhcp/8c41ee33-33c7-404f-821f-ff74d45be79a/addn_hosts - 7 addresses
Jul 31 09:08:08 gtw01 dnsmasq-dhcp[22291]: read /var/lib/neutron/dhcp/8c41ee33-33c7-404f-821f-ff74d45be79a/host
Jul 31 09:08:08 gtw01 dnsmasq-dhcp[22291]: read /var/lib/neutron/dhcp/8c41ee33-33c7-404f-821f-ff74d45be79a/opts
Jul 31 09:08:09 gtw01 dnsmasq[29313]: read /var/lib/neutron/dhcp/ee25db7e-0874-4969-8a8c-608d36522b36/addn_hosts - 2 addresses
Jul 31 09:08:09 gtw01 dnsmasq-dhcp[29313]: read /var/lib/neutron/dhcp/ee25db7e-0874-4969-8a8c-608d36522b36/host
Jul 31 09:08:09 gtw01 dnsmasq-dhcp[29313]: read /var/lib/neutron/dhcp/ee25db7e-0874-4969-8a8c-608d36522b36/opts
Jul 31 09:08:09 gtw01 dnsmasq[29551]: read /var/lib/neutron/dhcp/7d4e0156-73e0-4787-b124-e9817133bf52/addn_hosts - 2 addresses
Jul 31 09:08:09 gtw01 dnsmasq-dhcp[29551]: read /var/lib/neutron/dhcp/7d4e0156-73e0-4787-b124-e9817133bf52/host
Jul 31 09:08:09 gtw01 dnsmasq-dhcp[29551]: read /var/lib/neutron/dhcp/7d4e0156-73e0-4787-b124-e9817133bf52/opts
Jul 31 09:08:10 gtw01 dnsmasq[22291]: read /var/lib/neutron/dhcp/8c41ee33-33c7-404f-821f-ff74d45be79a/addn_hosts - 7 addresses
Jul 31 09:08:10 gtw01 dnsmasq-dhcp[22291]: read /var/lib/neutron/dhcp/8c41ee33-33c7-404f-821f-ff74d45be79a/host
Jul 31 09:08:10 gtw01 dnsmasq-dhcp[22291]: read /var/lib/neutron/dhcp/8c41ee33-33c7-404f-821f-ff74d45be79a/opts
Jul 31 09:08:11 gtw01 dnsmasq[29313]: read /var/lib/neutron/dhcp/ee25db7e-0874-4969-8a8c-608d36522b36/addn_hosts - 2 addresses
Jul 31 09:08:11 gtw01 dnsmasq-dhcp[29313]: read /var/lib/neutron/dhcp/ee25db7e-0874-4969-8a8c-608d36522b36/host
Jul 31 09:08:11 gtw01 dnsmasq-dhcp[29313]: read /var/lib/neutron/dhcp/ee25db7e-0874-4969-8a8c-608d36522b36/opts
Jul 31 09:08:11 gtw01 dnsmasq[29551]: read /var/lib/neutron/dhcp/7d4e0156-73e0-4787-b124-e9817133bf52/addn_hosts - 2 addresses
Jul 31 09:08:11 gtw01 dnsmasq-dhcp[29551]: read /var/lib/neutron/dhcp/7d4e0156-73e0-4787-b124-e9817133bf52/host
Jul 31 09:08:11 gtw01 dnsmasq-dhcp[29551]: read /var/lib/neutron/dhcp/7d4e0156-73e0-4787-b124-e9817133bf52/opts
Jul 31 09:08:11 gtw01 dnsmasq[22291]: read /var/lib/neutron/dhcp/8c41ee33-33c7-404f-821f-ff74d45be79a/addn_hosts - 7 addresses
Jul 31 09:08:11 gtw01 dnsmasq-dhcp[22291]: read /var/lib/neutron/dhcp/8c41ee33-33c7-404f-821f-ff74d45be79a/host
Jul 31 09:08:11 gtw01 dnsmasq-dhcp[22291]: read /var/lib/neutron/dhcp/8c41ee33-33c7-404f-821f-ff74d45be79a/opts
Jul 31 09:08:12 gtw01 dnsmasq[29739]: started, version 2.80 cachesize 150
Jul 31 09:08:12 gtw01 dnsmasq[29739]: DNS service limited to local subnets
Jul 31 09:08:12 gtw01 dnsmasq[29739]: compile time options: IPv6 GNU-getopt DBus i18n IDN DHCP DHCPv6 no-Lua TFTP conntrack ipset auth DNSSEC loop-detect inotify dumpfile
Jul 31 09:08:12 gtw01 dnsmasq[29739]: warning: no upstream servers configured
Jul 31 09:08:12 gtw01 dnsmasq-dhcp[29739]: DHCP, static leases only on 192.168.123.0, lease time 1h
Jul 31 09:08:12 gtw01 dnsmasq[29739]: read /var/lib/neutron/dhcp/c60a89de-2ea9-4381-a751-158bc4683f33/addn_hosts - 1 addresses
Jul 31 09:08:12 gtw01 dnsmasq-dhcp[29739]: read /var/lib/neutron/dhcp/c60a89de-2ea9-4381-a751-158bc4683f33/host
Jul 31 09:08:12 gtw01 dnsmasq-dhcp[29739]: read /var/lib/neutron/dhcp/c60a89de-2ea9-4381-a751-158bc4683f33/opts
Jul 31 09:08:12 gtw01 dnsmasq[29551]: read /var/lib/neutron/dhcp/7d4e0156-73e0-4787-b124-e9817133bf52/addn_hosts - 2 addresses
Jul 31 09:08:12 gtw01 dnsmasq-dhcp[29551]: read /var/lib/neutron/dhcp/7d4e0156-73e0-4787-b124-e9817133bf52/host
Jul 31 09:08:12 gtw01 dnsmasq-dhcp[29551]: read /var/lib/neutron/dhcp/7d4e0156-73e0-4787-b124-e9817133bf52/opts
Jul 31 09:08:12 gtw01 haproxy-metadata-proxy-c60a89de-2ea9-4381-a751-158bc4683f33[29747]: Proxy listener started.
Jul 31 09:08:13 gtw01 dnsmasq[29551]: read /var/lib/neutron/dhcp/7d4e0156-73e0-4787-b124-e9817133bf52/addn_hosts - 2 addresses
Jul 31 09:08:13 gtw01 dnsmasq-dhcp[29551]: read /var/lib/neutron/dhcp/7d4e0156-73e0-4787-b124-e9817133bf52/host
Jul 31 09:08:13 gtw01 dnsmasq-dhcp[29551]: read /var/lib/neutron/dhcp/7d4e0156-73e0-4787-b124-e9817133bf52/opts
Jul 31 09:08:13 gtw01 dnsmasq[29739]: read /var/lib/neutron/dhcp/c60a89de-2ea9-4381-a751-158bc4683f33/addn_hosts - 1 addresses
Jul 31 09:08:13 gtw01 dnsmasq-dhcp[29739]: read /var/lib/neutron/dhcp/c60a89de-2ea9-4381-a751-158bc4683f33/host
Jul 31 09:08:13 gtw01 dnsmasq-dhcp[29739]: read /var/lib/neutron/dhcp/c60a89de-2ea9-4381-a751-158bc4683f33/opts
Jul 31 09:08:14 gtw01 dnsmasq[29551]: read /var/lib/neutron/dhcp/7d4e0156-73e0-4787-b124-e9817133bf52/addn_hosts - 2 addresses
Jul 31 09:08:14 gtw01 dnsmasq-dhcp[29551]: read /var/lib/neutron/dhcp/7d4e0156-73e0-4787-b124-e9817133bf52/host
Jul 31 09:08:14 gtw01 dnsmasq-dhcp[29551]: read /var/lib/neutron/dhcp/7d4e0156-73e0-4787-b124-e9817133bf52/opts
Jul 31 09:08:14 gtw01 dnsmasq[29739]: read /var/lib/neutron/dhcp/c60a89de-2ea9-4381-a751-158bc4683f33/addn_hosts - 1 addresses
Jul 31 09:08:14 gtw01 dnsmasq-dhcp[29739]: read /var/lib/neutron/dhcp/c60a89de-2ea9-4381-a751-158bc4683f33/host
Jul 31 09:08:14 gtw01 dnsmasq-dhcp[29739]: read /var/lib/neutron/dhcp/c60a89de-2ea9-4381-a751-158bc4683f33/opts
Jul 31 09:08:15 gtw01 dnsmasq[29739]: read /var/lib/neutron/dhcp/c60a89de-2ea9-4381-a751-158bc4683f33/addn_hosts - 2 addresses
Jul 31 09:08:15 gtw01 dnsmasq-dhcp[29739]: read /var/lib/neutron/dhcp/c60a89de-2ea9-4381-a751-158bc4683f33/host
Jul 31 09:08:15 gtw01 dnsmasq-dhcp[29739]: read /var/lib/neutron/dhcp/c60a89de-2ea9-4381-a751-158bc4683f33/opts
Jul 31 09:08:16 gtw01 kernel: [ 6110.659739] device tapdc785e92-92 entered promiscuous mode
Jul 31 09:08:16 gtw01 systemd-udevd[29856]: Could not generate persistent MAC address for tapdc785e92-92: No such file or directory
Jul 31 09:08:16 gtw01 systemd-udevd[29856]: Process '/sbin/ip link set tapdc785e92-92 txqueuelen 10000' failed with exit code 1.
Jul 31 09:08:16 gtw01 dnsmasq[29739]: read /var/lib/neutron/dhcp/c60a89de-2ea9-4381-a751-158bc4683f33/addn_hosts - 2 addresses
Jul 31 09:08:16 gtw01 dnsmasq-dhcp[29739]: read /var/lib/neutron/dhcp/c60a89de-2ea9-4381-a751-158bc4683f33/host
Jul 31 09:08:16 gtw01 dnsmasq-dhcp[29739]: read /var/lib/neutron/dhcp/c60a89de-2ea9-4381-a751-158bc4683f33/opts
Jul 31 09:08:18 gtw01 kernel: [ 6112.543414] device tap9a40d23d-6b left promiscuous mode
Jul 31 09:08:19 gtw01 dnsmasq[29988]: started, version 2.80 cachesize 150
Jul 31 09:08:19 gtw01 dnsmasq[29988]: DNS service limited to local subnets
Jul 31 09:08:19 gtw01 dnsmasq[29988]: compile time options: IPv6 GNU-getopt DBus i18n IDN DHCP DHCPv6 no-Lua TFTP conntrack ipset auth DNSSEC loop-detect inotify dumpfile
Jul 31 09:08:19 gtw01 dnsmasq[29988]: warning: no upstream servers configured
Jul 31 09:08:19 gtw01 dnsmasq-dhcp[29988]: DHCP, static leases only on 192.168.120.0, lease time 1h
Jul 31 09:08:19 gtw01 dnsmasq[29988]: read /var/lib/neutron/dhcp/d0e62a87-db61-4562-8793-22389f5bd438/addn_hosts - 1 addresses
Jul 31 09:08:19 gtw01 dnsmasq-dhcp[29988]: read /var/lib/neutron/dhcp/d0e62a87-db61-4562-8793-22389f5bd438/host
Jul 31 09:08:19 gtw01 dnsmasq-dhcp[29988]: read /var/lib/neutron/dhcp/d0e62a87-db61-4562-8793-22389f5bd438/opts
