Jul 31 09:36:02 gtw01 dnsmasq-dhcp[11212]: read /var/lib/neutron/dhcp/de12dbe5-898a-42d8-af0d-ceb6d54cb76d/opts
Jul 31 09:36:02 gtw01 haproxy-metadata-proxy-de12dbe5-898a-42d8-af0d-ceb6d54cb76d[11216]: Proxy listener started.
Jul 31 09:36:03 gtw01 dnsmasq[11212]: read /var/lib/neutron/dhcp/de12dbe5-898a-42d8-af0d-ceb6d54cb76d/addn_hosts - 2 addresses
Jul 31 09:36:03 gtw01 dnsmasq-dhcp[11212]: read /var/lib/neutron/dhcp/de12dbe5-898a-42d8-af0d-ceb6d54cb76d/host
Jul 31 09:36:03 gtw01 dnsmasq-dhcp[11212]: read /var/lib/neutron/dhcp/de12dbe5-898a-42d8-af0d-ceb6d54cb76d/opts
Jul 31 09:36:04 gtw01 dnsmasq[11212]: read /var/lib/neutron/dhcp/de12dbe5-898a-42d8-af0d-ceb6d54cb76d/addn_hosts - 2 addresses
Jul 31 09:36:04 gtw01 dnsmasq-dhcp[11212]: read /var/lib/neutron/dhcp/de12dbe5-898a-42d8-af0d-ceb6d54cb76d/host
Jul 31 09:36:04 gtw01 dnsmasq-dhcp[11212]: read /var/lib/neutron/dhcp/de12dbe5-898a-42d8-af0d-ceb6d54cb76d/opts
Jul 31 09:36:05 gtw01 dnsmasq[11212]: read /var/lib/neutron/dhcp/de12dbe5-898a-42d8-af0d-ceb6d54cb76d/addn_hosts - 2 addresses
Jul 31 09:36:05 gtw01 dnsmasq-dhcp[11212]: read /var/lib/neutron/dhcp/de12dbe5-898a-42d8-af0d-ceb6d54cb76d/host
Jul 31 09:36:05 gtw01 dnsmasq-dhcp[11212]: read /var/lib/neutron/dhcp/de12dbe5-898a-42d8-af0d-ceb6d54cb76d/opts
Jul 31 09:36:05 gtw01 kernel: [ 7779.663162] device tapa6b77ddb-4b entered promiscuous mode
Jul 31 09:36:05 gtw01 systemd-udevd[11282]: Could not generate persistent MAC address for tapa6b77ddb-4b: No such file or directory
Jul 31 09:36:05 gtw01 systemd-udevd[11328]: Process '/sbin/ip link set tapa6b77ddb-4b txqueuelen 10000' failed with exit code 1.
Jul 31 09:36:06 gtw01 dnsmasq[11212]: read /var/lib/neutron/dhcp/de12dbe5-898a-42d8-af0d-ceb6d54cb76d/addn_hosts - 2 addresses
Jul 31 09:36:06 gtw01 dnsmasq-dhcp[11212]: read /var/lib/neutron/dhcp/de12dbe5-898a-42d8-af0d-ceb6d54cb76d/host
Jul 31 09:36:06 gtw01 dnsmasq-dhcp[11212]: read /var/lib/neutron/dhcp/de12dbe5-898a-42d8-af0d-ceb6d54cb76d/opts
Jul 31 09:36:07 gtw01 dnsmasq[11212]: read /var/lib/neutron/dhcp/de12dbe5-898a-42d8-af0d-ceb6d54cb76d/addn_hosts - 2 addresses
Jul 31 09:36:07 gtw01 dnsmasq-dhcp[11212]: read /var/lib/neutron/dhcp/de12dbe5-898a-42d8-af0d-ceb6d54cb76d/host
Jul 31 09:36:07 gtw01 dnsmasq-dhcp[11212]: read /var/lib/neutron/dhcp/de12dbe5-898a-42d8-af0d-ceb6d54cb76d/opts
Jul 31 09:36:08 gtw01 dnsmasq[11428]: started, version 2.80 cachesize 150
Jul 31 09:36:08 gtw01 dnsmasq[11428]: DNS service limited to local subnets
Jul 31 09:36:08 gtw01 dnsmasq[11428]: compile time options: IPv6 GNU-getopt DBus i18n IDN DHCP DHCPv6 no-Lua TFTP conntrack ipset auth DNSSEC loop-detect inotify dumpfile
Jul 31 09:36:08 gtw01 dnsmasq[11428]: warning: no upstream servers configured
Jul 31 09:36:08 gtw01 dnsmasq-dhcp[11428]: DHCP, static leases only on 192.168.120.0, lease time 1h
Jul 31 09:36:08 gtw01 dnsmasq[11428]: read /var/lib/neutron/dhcp/2fcc07a6-47e8-4ae8-b8be-70b090b986d5/addn_hosts - 1 addresses
Jul 31 09:36:08 gtw01 dnsmasq-dhcp[11428]: read /var/lib/neutron/dhcp/2fcc07a6-47e8-4ae8-b8be-70b090b986d5/host
Jul 31 09:36:08 gtw01 dnsmasq-dhcp[11428]: read /var/lib/neutron/dhcp/2fcc07a6-47e8-4ae8-b8be-70b090b986d5/opts
Jul 31 09:36:09 gtw01 haproxy-metadata-proxy-2fcc07a6-47e8-4ae8-b8be-70b090b986d5[11432]: Proxy listener started.
Jul 31 09:36:09 gtw01 dnsmasq[11428]: read /var/lib/neutron/dhcp/2fcc07a6-47e8-4ae8-b8be-70b090b986d5/addn_hosts - 2 addresses
Jul 31 09:36:09 gtw01 dnsmasq-dhcp[11428]: read /var/lib/neutron/dhcp/2fcc07a6-47e8-4ae8-b8be-70b090b986d5/host
Jul 31 09:36:09 gtw01 dnsmasq-dhcp[11428]: read /var/lib/neutron/dhcp/2fcc07a6-47e8-4ae8-b8be-70b090b986d5/opts
Jul 31 09:36:10 gtw01 dnsmasq[11428]: read /var/lib/neutron/dhcp/2fcc07a6-47e8-4ae8-b8be-70b090b986d5/addn_hosts - 2 addresses
Jul 31 09:36:10 gtw01 dnsmasq-dhcp[11428]: read /var/lib/neutron/dhcp/2fcc07a6-47e8-4ae8-b8be-70b090b986d5/host
Jul 31 09:36:10 gtw01 dnsmasq-dhcp[11428]: read /var/lib/neutron/dhcp/2fcc07a6-47e8-4ae8-b8be-70b090b986d5/opts
Jul 31 09:36:11 gtw01 dnsmasq[11212]: read /var/lib/neutron/dhcp/de12dbe5-898a-42d8-af0d-ceb6d54cb76d/addn_hosts - 3 addresses
Jul 31 09:36:11 gtw01 dnsmasq-dhcp[11212]: read /var/lib/neutron/dhcp/de12dbe5-898a-42d8-af0d-ceb6d54cb76d/host
Jul 31 09:36:11 gtw01 dnsmasq-dhcp[11212]: read /var/lib/neutron/dhcp/de12dbe5-898a-42d8-af0d-ceb6d54cb76d/opts
Jul 31 09:36:11 gtw01 dnsmasq[11428]: read /var/lib/neutron/dhcp/2fcc07a6-47e8-4ae8-b8be-70b090b986d5/addn_hosts - 2 addresses
Jul 31 09:36:11 gtw01 dnsmasq-dhcp[11428]: read /var/lib/neutron/dhcp/2fcc07a6-47e8-4ae8-b8be-70b090b986d5/host
Jul 31 09:36:11 gtw01 dnsmasq-dhcp[11428]: read /var/lib/neutron/dhcp/2fcc07a6-47e8-4ae8-b8be-70b090b986d5/opts
Jul 31 09:36:12 gtw01 dnsmasq[11212]: read /var/lib/neutron/dhcp/de12dbe5-898a-42d8-af0d-ceb6d54cb76d/addn_hosts - 3 addresses
Jul 31 09:36:12 gtw01 dnsmasq-dhcp[11212]: read /var/lib/neutron/dhcp/de12dbe5-898a-42d8-af0d-ceb6d54cb76d/host
Jul 31 09:36:12 gtw01 dnsmasq-dhcp[11212]: read /var/lib/neutron/dhcp/de12dbe5-898a-42d8-af0d-ceb6d54cb76d/opts
Jul 31 09:36:12 gtw01 dnsmasq[11428]: read /var/lib/neutron/dhcp/2fcc07a6-47e8-4ae8-b8be-70b090b986d5/addn_hosts - 2 addresses
Jul 31 09:36:12 gtw01 dnsmasq-dhcp[11428]: read /var/lib/neutron/dhcp/2fcc07a6-47e8-4ae8-b8be-70b090b986d5/host
Jul 31 09:36:12 gtw01 dnsmasq-dhcp[11428]: read /var/lib/neutron/dhcp/2fcc07a6-47e8-4ae8-b8be-70b090b986d5/opts
Jul 31 09:36:13 gtw01 dnsmasq[11212]: read /var/lib/neutron/dhcp/de12dbe5-898a-42d8-af0d-ceb6d54cb76d/addn_hosts - 3 addresses
Jul 31 09:36:13 gtw01 dnsmasq-dhcp[11212]: read /var/lib/neutron/dhcp/de12dbe5-898a-42d8-af0d-ceb6d54cb76d/host
Jul 31 09:36:13 gtw01 dnsmasq-dhcp[11212]: read /var/lib/neutron/dhcp/de12dbe5-898a-42d8-af0d-ceb6d54cb76d/opts
Jul 31 09:36:13 gtw01 dnsmasq[11428]: read /var/lib/neutron/dhcp/2fcc07a6-47e8-4ae8-b8be-70b090b986d5/addn_hosts - 2 addresses
Jul 31 09:36:13 gtw01 dnsmasq-dhcp[11428]: read /var/lib/neutron/dhcp/2fcc07a6-47e8-4ae8-b8be-70b090b986d5/host
Jul 31 09:36:13 gtw01 dnsmasq-dhcp[11428]: read /var/lib/neutron/dhcp/2fcc07a6-47e8-4ae8-b8be-70b090b986d5/opts
Jul 31 09:36:19 gtw01 dnsmasq[11212]: read /var/lib/neutron/dhcp/de12dbe5-898a-42d8-af0d-ceb6d54cb76d/addn_hosts - 4 addresses
Jul 31 09:36:19 gtw01 dnsmasq-dhcp[11212]: read /var/lib/neutron/dhcp/de12dbe5-898a-42d8-af0d-ceb6d54cb76d/host
Jul 31 09:36:19 gtw01 dnsmasq-dhcp[11212]: read /var/lib/neutron/dhcp/de12dbe5-898a-42d8-af0d-ceb6d54cb76d/opts
Jul 31 09:36:19 gtw01 dnsmasq[11212]: read /var/lib/neutron/dhcp/de12dbe5-898a-42d8-af0d-ceb6d54cb76d/addn_hosts - 4 addresses
Jul 31 09:36:19 gtw01 dnsmasq-dhcp[11212]: read /var/lib/neutron/dhcp/de12dbe5-898a-42d8-af0d-ceb6d54cb76d/host
Jul 31 09:36:19 gtw01 dnsmasq-dhcp[11212]: read /var/lib/neutron/dhcp/de12dbe5-898a-42d8-af0d-ceb6d54cb76d/opts
Jul 31 09:36:20 gtw01 dnsmasq[11212]: read /var/lib/neutron/dhcp/de12dbe5-898a-42d8-af0d-ceb6d54cb76d/addn_hosts - 4 addresses
Jul 31 09:36:20 gtw01 dnsmasq-dhcp[11212]: read /var/lib/neutron/dhcp/de12dbe5-898a-42d8-af0d-ceb6d54cb76d/host
Jul 31 09:36:20 gtw01 dnsmasq-dhcp[11212]: read /var/lib/neutron/dhcp/de12dbe5-898a-42d8-af0d-ceb6d54cb76d/opts
Jul 31 09:36:24 gtw01 dnsmasq-dhcp[11212]: DHCPDISCOVER(tap87ee598f-46) fa:16:3e:a1:04:17
Jul 31 09:36:24 gtw01 dnsmasq-dhcp[11212]: DHCPOFFER(tap87ee598f-46) 192.168.120.4 fa:16:3e:a1:04:17
Jul 31 09:36:24 gtw01 dnsmasq-dhcp[11212]: DHCPREQUEST(tap87ee598f-46) 192.168.120.4 fa:16:3e:a1:04:17
Jul 31 09:36:24 gtw01 dnsmasq-dhcp[11212]: DHCPACK(tap87ee598f-46) 192.168.120.4 fa:16:3e:a1:04:17 host-192-168-120-4
Jul 31 09:36:25 gtw01 dnsmasq[11212]: read /var/lib/neutron/dhcp/de12dbe5-898a-42d8-af0d-ceb6d54cb76d/addn_hosts - 3 addresses
Jul 31 09:36:25 gtw01 dnsmasq-dhcp[11212]: read /var/lib/neutron/dhcp/de12dbe5-898a-42d8-af0d-ceb6d54cb76d/host
Jul 31 09:36:25 gtw01 dnsmasq-dhcp[11212]: read /var/lib/neutron/dhcp/de12dbe5-898a-42d8-af0d-ceb6d54cb76d/opts
Jul 31 09:36:27 gtw01 dnsmasq-dhcp[11212]: DHCPRELEASE(tap87ee598f-46) 192.168.120.4 fa:16:3e:a1:04:17
Jul 31 09:36:28 gtw01 dnsmasq-dhcp[11212]: DHCPRELEASE(tap87ee598f-46) 192.168.120.4 fa:16:3e:a1:04:17 unknown lease
Jul 31 09:36:28 gtw01 dnsmasq[11212]: read /var/lib/neutron/dhcp/de12dbe5-898a-42d8-af0d-ceb6d54cb76d/addn_hosts - 2 addresses
Jul 31 09:36:28 gtw01 dnsmasq-dhcp[11212]: read /var/lib/neutron/dhcp/de12dbe5-898a-42d8-af0d-ceb6d54cb76d/host
Jul 31 09:36:28 gtw01 dnsmasq-dhcp[11212]: read /var/lib/neutron/dhcp/de12dbe5-898a-42d8-af0d-ceb6d54cb76d/opts
Jul 31 09:36:31 gtw01 dnsmasq[11428]: read /var/lib/neutron/dhcp/2fcc07a6-47e8-4ae8-b8be-70b090b986d5/addn_hosts - 1 addresses
Jul 31 09:36:31 gtw01 dnsmasq-dhcp[11428]: read /var/lib/neutron/dhcp/2fcc07a6-47e8-4ae8-b8be-70b090b986d5/host
Jul 31 09:36:31 gtw01 dnsmasq-dhcp[11428]: read /var/lib/neutron/dhcp/2fcc07a6-47e8-4ae8-b8be-70b090b986d5/opts
Jul 31 09:36:35 gtw01 kernel: [ 7809.318001] device tapa6b77ddb-4b left promiscuous mode
Jul 31 09:36:38 gtw01 dnsmasq[11212]: read /var/lib/neutron/dhcp/de12dbe5-898a-42d8-af0d-ceb6d54cb76d/addn_hosts - 1 addresses
Jul 31 09:36:38 gtw01 dnsmasq-dhcp[11212]: read /var/lib/neutron/dhcp/de12dbe5-898a-42d8-af0d-ceb6d54cb76d/host
Jul 31 09:36:38 gtw01 dnsmasq-dhcp[11212]: read /var/lib/neutron/dhcp/de12dbe5-898a-42d8-af0d-ceb6d54cb76d/opts
Jul 31 09:36:42 gtw01 kernel: [ 7816.372468] device tap87ee598f-46 left promiscuous mode
Jul 31 09:36:50 gtw01 kernel: [ 7824.342968] device tapb6a8d24d-da entered promiscuous mode
Jul 31 09:36:50 gtw01 systemd-udevd[11721]: Could not generate persistent MAC address for tapb6a8d24d-da: No such file or directory
Jul 31 09:36:50 gtw01 systemd-udevd[11721]: Process '/sbin/ip link set tapb6a8d24d-da txqueuelen 10000' failed with exit code 1.
Jul 31 09:36:53 gtw01 dnsmasq[11829]: started, version 2.80 cachesize 150
Jul 31 09:36:53 gtw01 dnsmasq[11829]: DNS service limited to local subnets
Jul 31 09:36:53 gtw01 dnsmasq[11829]: compile time options: IPv6 GNU-getopt DBus i18n IDN DHCP DHCPv6 no-Lua TFTP conntrack ipset auth DNSSEC loop-detect inotify dumpfile
Jul 31 09:36:53 gtw01 dnsmasq[11829]: warning: no upstream servers configured
Jul 31 09:36:53 gtw01 dnsmasq-dhcp[11829]: DHCP, static leases only on 192.168.120.0, lease time 1h
Jul 31 09:36:53 gtw01 dnsmasq[11829]: read /var/lib/neutron/dhcp/fa7d1b2e-c064-488a-966c-859f14a49b2a/addn_hosts - 1 addresses
Jul 31 09:36:53 gtw01 dnsmasq-dhcp[11829]: read /var/lib/neutron/dhcp/fa7d1b2e-c064-488a-966c-859f14a49b2a/host
Jul 31 09:36:53 gtw01 dnsmasq-dhcp[11829]: read /var/lib/neutron/dhcp/fa7d1b2e-c064-488a-966c-859f14a49b2a/opts
Jul 31 09:36:53 gtw01 haproxy-metadata-proxy-fa7d1b2e-c064-488a-966c-859f14a49b2a[11833]: Proxy listener started.
Jul 31 09:36:54 gtw01 dnsmasq[11829]: read /var/lib/neutron/dhcp/fa7d1b2e-c064-488a-966c-859f14a49b2a/addn_hosts - 2 addresses
Jul 31 09:36:54 gtw01 dnsmasq-dhcp[11829]: read /var/lib/neutron/dhcp/fa7d1b2e-c064-488a-966c-859f14a49b2a/host
Jul 31 09:36:54 gtw01 dnsmasq-dhcp[11829]: read /var/lib/neutron/dhcp/fa7d1b2e-c064-488a-966c-859f14a49b2a/opts
Jul 31 09:36:55 gtw01 dnsmasq[11829]: read /var/lib/neutron/dhcp/fa7d1b2e-c064-488a-966c-859f14a49b2a/addn_hosts - 2 addresses
Jul 31 09:36:55 gtw01 dnsmasq-dhcp[11829]: read /var/lib/neutron/dhcp/fa7d1b2e-c064-488a-966c-859f14a49b2a/host
Jul 31 09:36:55 gtw01 dnsmasq-dhcp[11829]: read /var/lib/neutron/dhcp/fa7d1b2e-c064-488a-966c-859f14a49b2a/opts
Jul 31 09:36:55 gtw01 kernel: [ 7829.970406] device tap1c91e8f6-57 entered promiscuous mode
Jul 31 09:36:55 gtw01 systemd-udevd[11885]: Could not generate persistent MAC address for tap1c91e8f6-57: No such file or directory
Jul 31 09:36:55 gtw01 systemd-udevd[11931]: Process '/sbin/ip link set tap1c91e8f6-57 txqueuelen 10000' failed with exit code 1.
Jul 31 09:36:56 gtw01 dnsmasq[11829]: read /var/lib/neutron/dhcp/fa7d1b2e-c064-488a-966c-859f14a49b2a/addn_hosts - 2 addresses
Jul 31 09:36:56 gtw01 dnsmasq-dhcp[11829]: read /var/lib/neutron/dhcp/fa7d1b2e-c064-488a-966c-859f14a49b2a/host
Jul 31 09:36:56 gtw01 dnsmasq-dhcp[11829]: read /var/lib/neutron/dhcp/fa7d1b2e-c064-488a-966c-859f14a49b2a/opts
Jul 31 09:36:57 gtw01 dnsmasq[11829]: read /var/lib/neutron/dhcp/fa7d1b2e-c064-488a-966c-859f14a49b2a/addn_hosts - 2 addresses
Jul 31 09:36:57 gtw01 dnsmasq-dhcp[11829]: read /var/lib/neutron/dhcp/fa7d1b2e-c064-488a-966c-859f14a49b2a/host
Jul 31 09:36:57 gtw01 dnsmasq-dhcp[11829]: read /var/lib/neutron/dhcp/fa7d1b2e-c064-488a-966c-859f14a49b2a/opts
Jul 31 09:36:58 gtw01 dnsmasq[11829]: read /var/lib/neutron/dhcp/fa7d1b2e-c064-488a-966c-859f14a49b2a/addn_hosts - 2 addresses
Jul 31 09:36:58 gtw01 dnsmasq-dhcp[11829]: read /var/lib/neutron/dhcp/fa7d1b2e-c064-488a-966c-859f14a49b2a/host
Jul 31 09:36:58 gtw01 dnsmasq-dhcp[11829]: read /var/lib/neutron/dhcp/fa7d1b2e-c064-488a-966c-859f14a49b2a/opts
Jul 31 09:36:59 gtw01 dnsmasq[12046]: started, version 2.80 cachesize 150
Jul 31 09:36:59 gtw01 dnsmasq[12046]: DNS service limited to local subnets
Jul 31 09:36:59 gtw01 dnsmasq[12046]: compile time options: IPv6 GNU-getopt DBus i18n IDN DHCP DHCPv6 no-Lua TFTP conntrack ipset auth DNSSEC loop-detect inotify dumpfile
Jul 31 09:36:59 gtw01 dnsmasq[12046]: warning: no upstream servers configured
Jul 31 09:36:59 gtw01 dnsmasq-dhcp[12046]: DHCP, static leases only on 192.168.120.0, lease time 1h
Jul 31 09:36:59 gtw01 dnsmasq[12046]: read /var/lib/neutron/dhcp/0167e7b1-ce97-4b1c-86c2-2ac0a70fd77b/addn_hosts - 1 addresses
Jul 31 09:36:59 gtw01 dnsmasq-dhcp[12046]: read /var/lib/neutron/dhcp/0167e7b1-ce97-4b1c-86c2-2ac0a70fd77b/host
Jul 31 09:36:59 gtw01 dnsmasq-dhcp[12046]: read /var/lib/neutron/dhcp/0167e7b1-ce97-4b1c-86c2-2ac0a70fd77b/opts
Jul 31 09:36:59 gtw01 haproxy-metadata-proxy-0167e7b1-ce97-4b1c-86c2-2ac0a70fd77b[12050]: Proxy listener started.
Jul 31 09:37:00 gtw01 dnsmasq[12046]: read /var/lib/neutron/dhcp/0167e7b1-ce97-4b1c-86c2-2ac0a70fd77b/addn_hosts - 2 addresses
Jul 31 09:37:00 gtw01 dnsmasq-dhcp[12046]: read /var/lib/neutron/dhcp/0167e7b1-ce97-4b1c-86c2-2ac0a70fd77b/host
Jul 31 09:37:00 gtw01 dnsmasq-dhcp[12046]: read /var/lib/neutron/dhcp/0167e7b1-ce97-4b1c-86c2-2ac0a70fd77b/opts
Jul 31 09:37:01 gtw01 dnsmasq[12046]: read /var/lib/neutron/dhcp/0167e7b1-ce97-4b1c-86c2-2ac0a70fd77b/addn_hosts - 2 addresses
Jul 31 09:37:01 gtw01 dnsmasq-dhcp[12046]: read /var/lib/neutron/dhcp/0167e7b1-ce97-4b1c-86c2-2ac0a70fd77b/host
Jul 31 09:37:01 gtw01 dnsmasq-dhcp[12046]: read /var/lib/neutron/dhcp/0167e7b1-ce97-4b1c-86c2-2ac0a70fd77b/opts
Jul 31 09:37:02 gtw01 dnsmasq[12046]: read /var/lib/neutron/dhcp/0167e7b1-ce97-4b1c-86c2-2ac0a70fd77b/addn_hosts - 2 addresses
Jul 31 09:37:02 gtw01 dnsmasq-dhcp[12046]: read /var/lib/neutron/dhcp/0167e7b1-ce97-4b1c-86c2-2ac0a70fd77b/host
Jul 31 09:37:02 gtw01 dnsmasq-dhcp[12046]: read /var/lib/neutron/dhcp/0167e7b1-ce97-4b1c-86c2-2ac0a70fd77b/opts
Jul 31 09:37:02 gtw01 dnsmasq[12046]: read /var/lib/neutron/dhcp/0167e7b1-ce97-4b1c-86c2-2ac0a70fd77b/addn_hosts - 2 addresses
Jul 31 09:37:02 gtw01 dnsmasq-dhcp[12046]: read /var/lib/neutron/dhcp/0167e7b1-ce97-4b1c-86c2-2ac0a70fd77b/host
Jul 31 09:37:02 gtw01 dnsmasq-dhcp[12046]: read /var/lib/neutron/dhcp/0167e7b1-ce97-4b1c-86c2-2ac0a70fd77b/opts
Jul 31 09:37:03 gtw01 dnsmasq[12046]: read /var/lib/neutron/dhcp/0167e7b1-ce97-4b1c-86c2-2ac0a70fd77b/addn_hosts - 2 addresses
Jul 31 09:37:03 gtw01 dnsmasq-dhcp[12046]: read /var/lib/neutron/dhcp/0167e7b1-ce97-4b1c-86c2-2ac0a70fd77b/host
Jul 31 09:37:03 gtw01 dnsmasq-dhcp[12046]: read /var/lib/neutron/dhcp/0167e7b1-ce97-4b1c-86c2-2ac0a70fd77b/opts
Jul 31 09:37:06 gtw01 dnsmasq[11829]: read /var/lib/neutron/dhcp/fa7d1b2e-c064-488a-966c-859f14a49b2a/addn_hosts - 3 addresses
Jul 31 09:37:06 gtw01 dnsmasq-dhcp[11829]: read /var/lib/neutron/dhcp/fa7d1b2e-c064-488a-966c-859f14a49b2a/host
Jul 31 09:37:06 gtw01 dnsmasq-dhcp[11829]: read /var/lib/neutron/dhcp/fa7d1b2e-c064-488a-966c-859f14a49b2a/opts
Jul 31 09:37:07 gtw01 dnsmasq[11829]: read /var/lib/neutron/dhcp/fa7d1b2e-c064-488a-966c-859f14a49b2a/addn_hosts - 3 addresses
Jul 31 09:37:07 gtw01 dnsmasq-dhcp[11829]: read /var/lib/neutron/dhcp/fa7d1b2e-c064-488a-966c-859f14a49b2a/host
Jul 31 09:37:07 gtw01 dnsmasq-dhcp[11829]: read /var/lib/neutron/dhcp/fa7d1b2e-c064-488a-966c-859f14a49b2a/opts
Jul 31 09:37:08 gtw01 dnsmasq[11829]: read /var/lib/neutron/dhcp/fa7d1b2e-c064-488a-966c-859f14a49b2a/addn_hosts - 3 addresses
Jul 31 09:37:08 gtw01 dnsmasq-dhcp[11829]: read /var/lib/neutron/dhcp/fa7d1b2e-c064-488a-966c-859f14a49b2a/host
Jul 31 09:37:08 gtw01 dnsmasq-dhcp[11829]: read /var/lib/neutron/dhcp/fa7d1b2e-c064-488a-966c-859f14a49b2a/opts
Jul 31 09:37:18 gtw01 dnsmasq[11829]: read /var/lib/neutron/dhcp/fa7d1b2e-c064-488a-966c-859f14a49b2a/addn_hosts - 4 addresses
Jul 31 09:37:18 gtw01 dnsmasq-dhcp[11829]: read /var/lib/neutron/dhcp/fa7d1b2e-c064-488a-966c-859f14a49b2a/host
Jul 31 09:37:18 gtw01 dnsmasq-dhcp[11829]: read /var/lib/neutron/dhcp/fa7d1b2e-c064-488a-966c-859f14a49b2a/opts
Jul 31 09:37:19 gtw01 dnsmasq[11829]: read /var/lib/neutron/dhcp/fa7d1b2e-c064-488a-966c-859f14a49b2a/addn_hosts - 4 addresses
Jul 31 09:37:19 gtw01 dnsmasq-dhcp[11829]: read /var/lib/neutron/dhcp/fa7d1b2e-c064-488a-966c-859f14a49b2a/host
Jul 31 09:37:19 gtw01 dnsmasq-dhcp[11829]: read /var/lib/neutron/dhcp/fa7d1b2e-c064-488a-966c-859f14a49b2a/opts
Jul 31 09:37:20 gtw01 dnsmasq[11829]: read /var/lib/neutron/dhcp/fa7d1b2e-c064-488a-966c-859f14a49b2a/addn_hosts - 4 addresses
Jul 31 09:37:20 gtw01 dnsmasq-dhcp[11829]: read /var/lib/neutron/dhcp/fa7d1b2e-c064-488a-966c-859f14a49b2a/host
Jul 31 09:37:20 gtw01 dnsmasq-dhcp[11829]: read /var/lib/neutron/dhcp/fa7d1b2e-c064-488a-966c-859f14a49b2a/opts
Jul 31 09:37:22 gtw01 dnsmasq-dhcp[11829]: DHCPDISCOVER(tapb6a8d24d-da) fa:16:3e:fa:8c:44
Jul 31 09:37:22 gtw01 dnsmasq-dhcp[11829]: DHCPOFFER(tapb6a8d24d-da) 192.168.120.4 fa:16:3e:fa:8c:44
Jul 31 09:37:22 gtw01 dnsmasq-dhcp[11829]: DHCPREQUEST(tapb6a8d24d-da) 192.168.120.4 fa:16:3e:fa:8c:44
Jul 31 09:37:22 gtw01 dnsmasq-dhcp[11829]: DHCPACK(tapb6a8d24d-da) 192.168.120.4 fa:16:3e:fa:8c:44 host-192-168-120-4
Jul 31 09:37:38 gtw01 dnsmasq[11829]: read /var/lib/neutron/dhcp/fa7d1b2e-c064-488a-966c-859f14a49b2a/addn_hosts - 3 addresses
Jul 31 09:37:38 gtw01 dnsmasq-dhcp[11829]: read /var/lib/neutron/dhcp/fa7d1b2e-c064-488a-966c-859f14a49b2a/host
Jul 31 09:37:38 gtw01 dnsmasq-dhcp[11829]: read /var/lib/neutron/dhcp/fa7d1b2e-c064-488a-966c-859f14a49b2a/opts
Jul 31 09:37:44 gtw01 dnsmasq-dhcp[11829]: DHCPRELEASE(tapb6a8d24d-da) 192.168.120.4 fa:16:3e:fa:8c:44
Jul 31 09:37:45 gtw01 dnsmasq-dhcp[11829]: DHCPRELEASE(tapb6a8d24d-da) 192.168.120.4 fa:16:3e:fa:8c:44 unknown lease
Jul 31 09:37:45 gtw01 dnsmasq[11829]: read /var/lib/neutron/dhcp/fa7d1b2e-c064-488a-966c-859f14a49b2a/addn_hosts - 2 addresses
Jul 31 09:37:45 gtw01 dnsmasq-dhcp[11829]: read /var/lib/neutron/dhcp/fa7d1b2e-c064-488a-966c-859f14a49b2a/host
Jul 31 09:37:45 gtw01 dnsmasq-dhcp[11829]: read /var/lib/neutron/dhcp/fa7d1b2e-c064-488a-966c-859f14a49b2a/opts
Jul 31 09:37:50 gtw01 dnsmasq[12046]: read /var/lib/neutron/dhcp/0167e7b1-ce97-4b1c-86c2-2ac0a70fd77b/addn_hosts - 1 addresses
Jul 31 09:37:50 gtw01 dnsmasq-dhcp[12046]: read /var/lib/neutron/dhcp/0167e7b1-ce97-4b1c-86c2-2ac0a70fd77b/host
Jul 31 09:37:50 gtw01 dnsmasq-dhcp[12046]: read /var/lib/neutron/dhcp/0167e7b1-ce97-4b1c-86c2-2ac0a70fd77b/opts
Jul 31 09:37:54 gtw01 kernel: [ 7888.853751] device tap1c91e8f6-57 left promiscuous mode
Jul 31 09:37:57 gtw01 dnsmasq[11829]: read /var/lib/neutron/dhcp/fa7d1b2e-c064-488a-966c-859f14a49b2a/addn_hosts - 1 addresses
Jul 31 09:37:57 gtw01 dnsmasq-dhcp[11829]: read /var/lib/neutron/dhcp/fa7d1b2e-c064-488a-966c-859f14a49b2a/host
Jul 31 09:37:57 gtw01 dnsmasq-dhcp[11829]: read /var/lib/neutron/dhcp/fa7d1b2e-c064-488a-966c-859f14a49b2a/opts
Jul 31 09:38:01 gtw01 kernel: [ 7895.801703] device tapb6a8d24d-da left promiscuous mode
Jul 31 09:38:16 gtw01 dnsmasq[8384]: read /var/lib/neutron/dhcp/9201bfa0-6fc9-4dcf-ae66-dff15b684374/addn_hosts - 1 addresses
Jul 31 09:38:16 gtw01 dnsmasq-dhcp[8384]: read /var/lib/neutron/dhcp/9201bfa0-6fc9-4dcf-ae66-dff15b684374/host
Jul 31 09:38:16 gtw01 dnsmasq-dhcp[8384]: read /var/lib/neutron/dhcp/9201bfa0-6fc9-4dcf-ae66-dff15b684374/opts
Jul 31 09:38:20 gtw01 kernel: [ 7914.729335] device tap7f20e27c-60 left promiscuous mode
Jul 31 09:38:29 gtw01 systemd-udevd[12366]: Could not generate persistent MAC address for tape3bd20f8-6d: No such file or directory
Jul 31 09:38:29 gtw01 kernel: [ 7924.041449] device tape3bd20f8-6d entered promiscuous mode
Jul 31 09:38:29 gtw01 systemd-udevd[12366]: Process '/sbin/ip link set tape3bd20f8-6d txqueuelen 10000' failed with exit code 1.
Jul 31 09:38:29 gtw01 systemd-udevd[12366]: Process '/sbin/ip link set tape3bd20f8-6d txqueuelen 10000' failed with exit code 1.
Jul 31 09:38:32 gtw01 dnsmasq[12478]: started, version 2.80 cachesize 150
Jul 31 09:38:32 gtw01 dnsmasq[12478]: DNS service limited to local subnets
Jul 31 09:38:32 gtw01 dnsmasq[12478]: compile time options: IPv6 GNU-getopt DBus i18n IDN DHCP DHCPv6 no-Lua TFTP conntrack ipset auth DNSSEC loop-detect inotify dumpfile
Jul 31 09:38:32 gtw01 dnsmasq[12478]: warning: no upstream servers configured
Jul 31 09:38:32 gtw01 dnsmasq-dhcp[12478]: DHCP, static leases only on 192.168.120.0, lease time 1h
Jul 31 09:38:32 gtw01 dnsmasq[12478]: read /var/lib/neutron/dhcp/6f5b2bc0-9b3e-4b3b-bac3-93ddb83e1bc1/addn_hosts - 1 addresses
Jul 31 09:38:32 gtw01 dnsmasq-dhcp[12478]: read /var/lib/neutron/dhcp/6f5b2bc0-9b3e-4b3b-bac3-93ddb83e1bc1/host
Jul 31 09:38:32 gtw01 dnsmasq-dhcp[12478]: read /var/lib/neutron/dhcp/6f5b2bc0-9b3e-4b3b-bac3-93ddb83e1bc1/opts
Jul 31 09:38:33 gtw01 haproxy-metadata-proxy-6f5b2bc0-9b3e-4b3b-bac3-93ddb83e1bc1[12482]: Proxy listener started.
Jul 31 09:38:33 gtw01 dnsmasq[12478]: read /var/lib/neutron/dhcp/6f5b2bc0-9b3e-4b3b-bac3-93ddb83e1bc1/addn_hosts - 2 addresses
Jul 31 09:38:33 gtw01 dnsmasq-dhcp[12478]: read /var/lib/neutron/dhcp/6f5b2bc0-9b3e-4b3b-bac3-93ddb83e1bc1/host
Jul 31 09:38:33 gtw01 dnsmasq-dhcp[12478]: read /var/lib/neutron/dhcp/6f5b2bc0-9b3e-4b3b-bac3-93ddb83e1bc1/opts
Jul 31 09:38:34 gtw01 dnsmasq[12478]: read /var/lib/neutron/dhcp/6f5b2bc0-9b3e-4b3b-bac3-93ddb83e1bc1/addn_hosts - 2 addresses
Jul 31 09:38:34 gtw01 dnsmasq-dhcp[12478]: read /var/lib/neutron/dhcp/6f5b2bc0-9b3e-4b3b-bac3-93ddb83e1bc1/host
Jul 31 09:38:34 gtw01 dnsmasq-dhcp[12478]: read /var/lib/neutron/dhcp/6f5b2bc0-9b3e-4b3b-bac3-93ddb83e1bc1/opts
Jul 31 09:38:35 gtw01 dnsmasq[12478]: read /var/lib/neutron/dhcp/6f5b2bc0-9b3e-4b3b-bac3-93ddb83e1bc1/addn_hosts - 2 addresses
Jul 31 09:38:35 gtw01 dnsmasq-dhcp[12478]: read /var/lib/neutron/dhcp/6f5b2bc0-9b3e-4b3b-bac3-93ddb83e1bc1/host
Jul 31 09:38:35 gtw01 dnsmasq-dhcp[12478]: read /var/lib/neutron/dhcp/6f5b2bc0-9b3e-4b3b-bac3-93ddb83e1bc1/opts
Jul 31 09:38:36 gtw01 dnsmasq[12478]: read /var/lib/neutron/dhcp/6f5b2bc0-9b3e-4b3b-bac3-93ddb83e1bc1/addn_hosts - 2 addresses
Jul 31 09:38:36 gtw01 dnsmasq-dhcp[12478]: read /var/lib/neutron/dhcp/6f5b2bc0-9b3e-4b3b-bac3-93ddb83e1bc1/host
Jul 31 09:38:36 gtw01 dnsmasq-dhcp[12478]: read /var/lib/neutron/dhcp/6f5b2bc0-9b3e-4b3b-bac3-93ddb83e1bc1/opts
Jul 31 09:38:37 gtw01 dnsmasq[12478]: read /var/lib/neutron/dhcp/6f5b2bc0-9b3e-4b3b-bac3-93ddb83e1bc1/addn_hosts - 2 addresses
Jul 31 09:38:37 gtw01 dnsmasq-dhcp[12478]: read /var/lib/neutron/dhcp/6f5b2bc0-9b3e-4b3b-bac3-93ddb83e1bc1/host
Jul 31 09:38:37 gtw01 dnsmasq-dhcp[12478]: read /var/lib/neutron/dhcp/6f5b2bc0-9b3e-4b3b-bac3-93ddb83e1bc1/opts
Jul 31 09:39:35 gtw01 kernel: [ 7989.596862] device tap3d454ecc-c0 entered promiscuous mode
Jul 31 09:39:35 gtw01 systemd-udevd[12586]: Could not generate persistent MAC address for tap3d454ecc-c0: No such file or directory
Jul 31 09:39:35 gtw01 systemd-udevd[12586]: Process '/sbin/ip link set tap3d454ecc-c0 txqueuelen 10000' failed with exit code 1.
Jul 31 09:39:36 gtw01 systemd-udevd[12673]: Could not generate persistent MAC address for tap07a96ec7-da: No such file or directory
Jul 31 09:39:36 gtw01 kernel: [ 7990.476435] device tap07a96ec7-da entered promiscuous mode
Jul 31 09:39:36 gtw01 systemd-udevd[12673]: Process '/sbin/ip link set tap07a96ec7-da txqueuelen 10000' failed with exit code 1.
Jul 31 09:39:36 gtw01 systemd-udevd[12725]: Process '/sbin/ip link set tap07a96ec7-da txqueuelen 10000' failed with exit code 1.
Jul 31 09:39:38 gtw01 kernel: [ 7992.440363] device tapb90c0077-ce entered promiscuous mode
Jul 31 09:39:38 gtw01 systemd-udevd[12817]: Could not generate persistent MAC address for tapb90c0077-ce: No such file or directory
Jul 31 09:39:38 gtw01 systemd-udevd[12862]: Process '/sbin/ip link set tapb90c0077-ce txqueuelen 10000' failed with exit code 1.
Jul 31 09:39:38 gtw01 dnsmasq[12899]: started, version 2.80 cachesize 150
Jul 31 09:39:38 gtw01 dnsmasq[12899]: DNS service limited to local subnets
Jul 31 09:39:38 gtw01 dnsmasq[12899]: compile time options: IPv6 GNU-getopt DBus i18n IDN DHCP DHCPv6 no-Lua TFTP conntrack ipset auth DNSSEC loop-detect inotify dumpfile
Jul 31 09:39:38 gtw01 dnsmasq[12899]: warning: no upstream servers configured
Jul 31 09:39:38 gtw01 dnsmasq-dhcp[12899]: DHCP, static leases only on 192.168.120.0, lease time 1h
Jul 31 09:39:38 gtw01 dnsmasq[12899]: read /var/lib/neutron/dhcp/ac65b43a-a5f3-4dc8-bc25-9982a3aa4678/addn_hosts - 1 addresses
Jul 31 09:39:38 gtw01 dnsmasq-dhcp[12899]: read /var/lib/neutron/dhcp/ac65b43a-a5f3-4dc8-bc25-9982a3aa4678/host
Jul 31 09:39:38 gtw01 dnsmasq-dhcp[12899]: read /var/lib/neutron/dhcp/ac65b43a-a5f3-4dc8-bc25-9982a3aa4678/opts
Jul 31 09:39:39 gtw01 haproxy-metadata-proxy-ac65b43a-a5f3-4dc8-bc25-9982a3aa4678[12906]: Proxy listener started.
Jul 31 09:39:39 gtw01 dnsmasq[12899]: read /var/lib/neutron/dhcp/ac65b43a-a5f3-4dc8-bc25-9982a3aa4678/addn_hosts - 2 addresses
Jul 31 09:39:39 gtw01 dnsmasq[12946]: started, version 2.80 cachesize 150
Jul 31 09:39:39 gtw01 dnsmasq[12946]: DNS service limited to local subnets
Jul 31 09:39:39 gtw01 dnsmasq[12946]: compile time options: IPv6 GNU-getopt DBus i18n IDN DHCP DHCPv6 no-Lua TFTP conntrack ipset auth DNSSEC loop-detect inotify dumpfile
Jul 31 09:39:39 gtw01 dnsmasq[12946]: warning: no upstream servers configured
Jul 31 09:39:39 gtw01 dnsmasq-dhcp[12946]: DHCP, static leases only on 192.168.120.0, lease time 1h
Jul 31 09:39:39 gtw01 dnsmasq[12946]: read /var/lib/neutron/dhcp/02edfc8b-d3e3-4f4f-be77-63b1e9323738/addn_hosts - 1 addresses
Jul 31 09:39:39 gtw01 dnsmasq-dhcp[12946]: read /var/lib/neutron/dhcp/02edfc8b-d3e3-4f4f-be77-63b1e9323738/host
Jul 31 09:39:39 gtw01 dnsmasq-dhcp[12946]: read /var/lib/neutron/dhcp/02edfc8b-d3e3-4f4f-be77-63b1e9323738/opts
Jul 31 09:39:39 gtw01 dnsmasq-dhcp[12899]: read /var/lib/neutron/dhcp/ac65b43a-a5f3-4dc8-bc25-9982a3aa4678/host
Jul 31 09:39:39 gtw01 dnsmasq-dhcp[12899]: read /var/lib/neutron/dhcp/ac65b43a-a5f3-4dc8-bc25-9982a3aa4678/opts
Jul 31 09:39:40 gtw01 haproxy-metadata-proxy-02edfc8b-d3e3-4f4f-be77-63b1e9323738[12960]: Proxy listener started.
Jul 31 09:39:40 gtw01 kernel: [ 7994.638537] device tap5c61900b-3a entered promiscuous mode
Jul 31 09:39:40 gtw01 systemd-udevd[12974]: Could not generate persistent MAC address for tap5c61900b-3a: No such file or directory
Jul 31 09:39:40 gtw01 systemd-udevd[12974]: Process '/sbin/ip link set tap5c61900b-3a txqueuelen 10000' failed with exit code 1.
Jul 31 09:39:40 gtw01 systemd-udevd[12974]: Process '/sbin/ip link set tap5c61900b-3a txqueuelen 10000' failed with exit code 1.
Jul 31 09:39:41 gtw01 dnsmasq[12899]: read /var/lib/neutron/dhcp/ac65b43a-a5f3-4dc8-bc25-9982a3aa4678/addn_hosts - 2 addresses
Jul 31 09:39:41 gtw01 dnsmasq-dhcp[12899]: read /var/lib/neutron/dhcp/ac65b43a-a5f3-4dc8-bc25-9982a3aa4678/host
Jul 31 09:39:41 gtw01 dnsmasq-dhcp[12899]: read /var/lib/neutron/dhcp/ac65b43a-a5f3-4dc8-bc25-9982a3aa4678/opts
Jul 31 09:39:41 gtw01 dnsmasq[12946]: read /var/lib/neutron/dhcp/02edfc8b-d3e3-4f4f-be77-63b1e9323738/addn_hosts - 1 addresses
Jul 31 09:39:41 gtw01 dnsmasq-dhcp[12946]: read /var/lib/neutron/dhcp/02edfc8b-d3e3-4f4f-be77-63b1e9323738/host
Jul 31 09:39:41 gtw01 dnsmasq-dhcp[12946]: read /var/lib/neutron/dhcp/02edfc8b-d3e3-4f4f-be77-63b1e9323738/opts
Jul 31 09:39:42 gtw01 dnsmasq[13137]: started, version 2.80 cachesize 150
Jul 31 09:39:42 gtw01 dnsmasq[13137]: DNS service limited to local subnets
Jul 31 09:39:42 gtw01 dnsmasq[13137]: compile time options: IPv6 GNU-getopt DBus i18n IDN DHCP DHCPv6 no-Lua TFTP conntrack ipset auth DNSSEC loop-detect inotify dumpfile
Jul 31 09:39:42 gtw01 dnsmasq[13137]: warning: no upstream servers configured
Jul 31 09:39:42 gtw01 dnsmasq-dhcp[13137]: DHCP, static leases only on 192.168.120.0, lease time 1h
Jul 31 09:39:42 gtw01 dnsmasq[13137]: read /var/lib/neutron/dhcp/cbfad52b-5d0a-426d-a036-635425906c80/addn_hosts - 1 addresses
Jul 31 09:39:42 gtw01 dnsmasq-dhcp[13137]: read /var/lib/neutron/dhcp/cbfad52b-5d0a-426d-a036-635425906c80/host
Jul 31 09:39:42 gtw01 dnsmasq-dhcp[13137]: read /var/lib/neutron/dhcp/cbfad52b-5d0a-426d-a036-635425906c80/opts
Jul 31 09:39:42 gtw01 dnsmasq[12899]: read /var/lib/neutron/dhcp/ac65b43a-a5f3-4dc8-bc25-9982a3aa4678/addn_hosts - 2 addresses
Jul 31 09:39:42 gtw01 dnsmasq-dhcp[12899]: read /var/lib/neutron/dhcp/ac65b43a-a5f3-4dc8-bc25-9982a3aa4678/host
Jul 31 09:39:42 gtw01 dnsmasq-dhcp[12899]: read /var/lib/neutron/dhcp/ac65b43a-a5f3-4dc8-bc25-9982a3aa4678/opts
Jul 31 09:39:42 gtw01 dnsmasq[12946]: read /var/lib/neutron/dhcp/02edfc8b-d3e3-4f4f-be77-63b1e9323738/addn_hosts - 1 addresses
Jul 31 09:39:42 gtw01 dnsmasq-dhcp[12946]: read /var/lib/neutron/dhcp/02edfc8b-d3e3-4f4f-be77-63b1e9323738/host
Jul 31 09:39:42 gtw01 dnsmasq-dhcp[12946]: read /var/lib/neutron/dhcp/02edfc8b-d3e3-4f4f-be77-63b1e9323738/opts
Jul 31 09:39:43 gtw01 haproxy-metadata-proxy-cbfad52b-5d0a-426d-a036-635425906c80[13154]: Proxy listener started.
Jul 31 09:39:44 gtw01 dnsmasq[13137]: read /var/lib/neutron/dhcp/cbfad52b-5d0a-426d-a036-635425906c80/addn_hosts - 1 addresses
Jul 31 09:39:44 gtw01 dnsmasq-dhcp[13137]: read /var/lib/neutron/dhcp/cbfad52b-5d0a-426d-a036-635425906c80/host
Jul 31 09:39:44 gtw01 dnsmasq-dhcp[13137]: read /var/lib/neutron/dhcp/cbfad52b-5d0a-426d-a036-635425906c80/opts
Jul 31 09:39:44 gtw01 dnsmasq[12899]: read /var/lib/neutron/dhcp/ac65b43a-a5f3-4dc8-bc25-9982a3aa4678/addn_hosts - 2 addresses
Jul 31 09:39:44 gtw01 dnsmasq-dhcp[12899]: read /var/lib/neutron/dhcp/ac65b43a-a5f3-4dc8-bc25-9982a3aa4678/host
Jul 31 09:39:44 gtw01 dnsmasq-dhcp[12899]: read /var/lib/neutron/dhcp/ac65b43a-a5f3-4dc8-bc25-9982a3aa4678/opts
Jul 31 09:39:44 gtw01 dnsmasq[12946]: read /var/lib/neutron/dhcp/02edfc8b-d3e3-4f4f-be77-63b1e9323738/addn_hosts - 1 addresses
Jul 31 09:39:44 gtw01 dnsmasq-dhcp[12946]: read /var/lib/neutron/dhcp/02edfc8b-d3e3-4f4f-be77-63b1e9323738/host
Jul 31 09:39:44 gtw01 dnsmasq-dhcp[12946]: read /var/lib/neutron/dhcp/02edfc8b-d3e3-4f4f-be77-63b1e9323738/opts
Jul 31 09:39:44 gtw01 dnsmasq[13222]: started, version 2.80 cachesize 150
Jul 31 09:39:44 gtw01 dnsmasq[13222]: DNS service limited to local subnets
Jul 31 09:39:44 gtw01 dnsmasq[13222]: compile time options: IPv6 GNU-getopt DBus i18n IDN DHCP DHCPv6 no-Lua TFTP conntrack ipset auth DNSSEC loop-detect inotify dumpfile
Jul 31 09:39:44 gtw01 dnsmasq[13222]: warning: no upstream servers configured
Jul 31 09:39:44 gtw01 dnsmasq-dhcp[13222]: DHCP, static leases only on 192.168.120.0, lease time 1h
Jul 31 09:39:44 gtw01 dnsmasq[13222]: read /var/lib/neutron/dhcp/c12636e9-ac9c-42ef-96db-8fa8d9d2b1fe/addn_hosts - 1 addresses
Jul 31 09:39:44 gtw01 dnsmasq-dhcp[13222]: read /var/lib/neutron/dhcp/c12636e9-ac9c-42ef-96db-8fa8d9d2b1fe/host
Jul 31 09:39:44 gtw01 dnsmasq-dhcp[13222]: read /var/lib/neutron/dhcp/c12636e9-ac9c-42ef-96db-8fa8d9d2b1fe/opts
Jul 31 09:39:44 gtw01 haproxy-metadata-proxy-c12636e9-ac9c-42ef-96db-8fa8d9d2b1fe[13237]: Proxy listener started.
Jul 31 09:39:45 gtw01 dnsmasq[13137]: read /var/lib/neutron/dhcp/cbfad52b-5d0a-426d-a036-635425906c80/addn_hosts - 1 addresses
Jul 31 09:39:45 gtw01 dnsmasq-dhcp[13137]: read /var/lib/neutron/dhcp/cbfad52b-5d0a-426d-a036-635425906c80/host
Jul 31 09:39:45 gtw01 dnsmasq-dhcp[13137]: read /var/lib/neutron/dhcp/cbfad52b-5d0a-426d-a036-635425906c80/opts
Jul 31 09:39:45 gtw01 dnsmasq[13222]: read /var/lib/neutron/dhcp/c12636e9-ac9c-42ef-96db-8fa8d9d2b1fe/addn_hosts - 1 addresses
Jul 31 09:39:45 gtw01 dnsmasq-dhcp[13222]: read /var/lib/neutron/dhcp/c12636e9-ac9c-42ef-96db-8fa8d9d2b1fe/host
Jul 31 09:39:45 gtw01 dnsmasq-dhcp[13222]: read /var/lib/neutron/dhcp/c12636e9-ac9c-42ef-96db-8fa8d9d2b1fe/opts
Jul 31 09:39:46 gtw01 dnsmasq[13137]: read /var/lib/neutron/dhcp/cbfad52b-5d0a-426d-a036-635425906c80/addn_hosts - 1 addresses
Jul 31 09:39:46 gtw01 dnsmasq-dhcp[13137]: read /var/lib/neutron/dhcp/cbfad52b-5d0a-426d-a036-635425906c80/host
Jul 31 09:39:46 gtw01 dnsmasq-dhcp[13137]: read /var/lib/neutron/dhcp/cbfad52b-5d0a-426d-a036-635425906c80/opts
Jul 31 09:39:46 gtw01 dnsmasq[13222]: read /var/lib/neutron/dhcp/c12636e9-ac9c-42ef-96db-8fa8d9d2b1fe/addn_hosts - 1 addresses
Jul 31 09:39:46 gtw01 dnsmasq-dhcp[13222]: read /var/lib/neutron/dhcp/c12636e9-ac9c-42ef-96db-8fa8d9d2b1fe/host
Jul 31 09:39:46 gtw01 dnsmasq-dhcp[13222]: read /var/lib/neutron/dhcp/c12636e9-ac9c-42ef-96db-8fa8d9d2b1fe/opts
Jul 31 09:39:47 gtw01 dnsmasq[12899]: read /var/lib/neutron/dhcp/ac65b43a-a5f3-4dc8-bc25-9982a3aa4678/addn_hosts - 3 addresses
Jul 31 09:39:47 gtw01 dnsmasq-dhcp[12899]: read /var/lib/neutron/dhcp/ac65b43a-a5f3-4dc8-bc25-9982a3aa4678/host
Jul 31 09:39:47 gtw01 dnsmasq-dhcp[12899]: read /var/lib/neutron/dhcp/ac65b43a-a5f3-4dc8-bc25-9982a3aa4678/opts
Jul 31 09:39:47 gtw01 dnsmasq[13222]: read /var/lib/neutron/dhcp/c12636e9-ac9c-42ef-96db-8fa8d9d2b1fe/addn_hosts - 1 addresses
Jul 31 09:39:47 gtw01 dnsmasq-dhcp[13222]: read /var/lib/neutron/dhcp/c12636e9-ac9c-42ef-96db-8fa8d9d2b1fe/host
Jul 31 09:39:47 gtw01 dnsmasq-dhcp[13222]: read /var/lib/neutron/dhcp/c12636e9-ac9c-42ef-96db-8fa8d9d2b1fe/opts
Jul 31 09:39:48 gtw01 dnsmasq[13137]: read /var/lib/neutron/dhcp/cbfad52b-5d0a-426d-a036-635425906c80/addn_hosts - 2 addresses
Jul 31 09:39:48 gtw01 dnsmasq-dhcp[13137]: read /var/lib/neutron/dhcp/cbfad52b-5d0a-426d-a036-635425906c80/host
Jul 31 09:39:48 gtw01 dnsmasq-dhcp[13137]: read /var/lib/neutron/dhcp/cbfad52b-5d0a-426d-a036-635425906c80/opts
Jul 31 09:39:49 gtw01 kernel: [ 8003.393799] device tap97bc9f57-9c entered promiscuous mode
Jul 31 09:39:49 gtw01 systemd-udevd[13414]: Could not generate persistent MAC address for tap97bc9f57-9c: No such file or directory
Jul 31 09:39:49 gtw01 systemd-udevd[13459]: Process '/sbin/ip link set tap97bc9f57-9c txqueuelen 10000' failed with exit code 1.
Jul 31 09:39:49 gtw01 dnsmasq[13486]: started, version 2.80 cachesize 150
Jul 31 09:39:49 gtw01 dnsmasq[13486]: DNS service limited to local subnets
Jul 31 09:39:49 gtw01 dnsmasq[13486]: compile time options: IPv6 GNU-getopt DBus i18n IDN DHCP DHCPv6 no-Lua TFTP conntrack ipset auth DNSSEC loop-detect inotify dumpfile
Jul 31 09:39:49 gtw01 dnsmasq[13486]: warning: no upstream servers configured
Jul 31 09:39:49 gtw01 dnsmasq-dhcp[13486]: DHCP, static leases only on 192.168.120.16, lease time 1h
Jul 31 09:39:49 gtw01 dnsmasq-dhcp[13486]: DHCP, static leases only on 192.168.120.0, lease time 1h
Jul 31 09:39:49 gtw01 dnsmasq[13486]: read /var/lib/neutron/dhcp/02edfc8b-d3e3-4f4f-be77-63b1e9323738/addn_hosts - 2 addresses
Jul 31 09:39:49 gtw01 dnsmasq-dhcp[13486]: read /var/lib/neutron/dhcp/02edfc8b-d3e3-4f4f-be77-63b1e9323738/host
Jul 31 09:39:49 gtw01 dnsmasq-dhcp[13486]: read /var/lib/neutron/dhcp/02edfc8b-d3e3-4f4f-be77-63b1e9323738/opts
Jul 31 09:39:49 gtw01 dnsmasq[13137]: read /var/lib/neutron/dhcp/cbfad52b-5d0a-426d-a036-635425906c80/addn_hosts - 2 addresses
Jul 31 09:39:49 gtw01 dnsmasq-dhcp[13137]: read /var/lib/neutron/dhcp/cbfad52b-5d0a-426d-a036-635425906c80/host
Jul 31 09:39:49 gtw01 dnsmasq-dhcp[13137]: read /var/lib/neutron/dhcp/cbfad52b-5d0a-426d-a036-635425906c80/opts
Jul 31 09:39:50 gtw01 dnsmasq[13486]: read /var/lib/neutron/dhcp/02edfc8b-d3e3-4f4f-be77-63b1e9323738/addn_hosts - 2 addresses
Jul 31 09:39:50 gtw01 dnsmasq-dhcp[13486]: read /var/lib/neutron/dhcp/02edfc8b-d3e3-4f4f-be77-63b1e9323738/host
Jul 31 09:39:50 gtw01 dnsmasq-dhcp[13486]: read /var/lib/neutron/dhcp/02edfc8b-d3e3-4f4f-be77-63b1e9323738/opts
Jul 31 09:39:52 gtw01 dnsmasq[13567]: started, version 2.80 cachesize 150
Jul 31 09:39:52 gtw01 dnsmasq[13567]: DNS service limited to local subnets
Jul 31 09:39:52 gtw01 dnsmasq[13567]: compile time options: IPv6 GNU-getopt DBus i18n IDN DHCP DHCPv6 no-Lua TFTP conntrack ipset auth DNSSEC loop-detect inotify dumpfile
Jul 31 09:39:52 gtw01 dnsmasq[13567]: warning: no upstream servers configured
Jul 31 09:39:52 gtw01 dnsmasq-dhcp[13567]: DHCP, static leases only on 192.168.120.0, lease time 1h
Jul 31 09:39:52 gtw01 dnsmasq[13567]: read /var/lib/neutron/dhcp/78ca556f-72aa-45d3-a3f0-c1f6d0d6f1a8/addn_hosts - 1 addresses
Jul 31 09:39:52 gtw01 dnsmasq-dhcp[13567]: read /var/lib/neutron/dhcp/78ca556f-72aa-45d3-a3f0-c1f6d0d6f1a8/host
Jul 31 09:39:52 gtw01 dnsmasq-dhcp[13567]: read /var/lib/neutron/dhcp/78ca556f-72aa-45d3-a3f0-c1f6d0d6f1a8/opts
Jul 31 09:39:52 gtw01 haproxy-metadata-proxy-78ca556f-72aa-45d3-a3f0-c1f6d0d6f1a8[13571]: Proxy listener started.
Jul 31 09:39:53 gtw01 dnsmasq[13567]: read /var/lib/neutron/dhcp/78ca556f-72aa-45d3-a3f0-c1f6d0d6f1a8/addn_hosts - 2 addresses
Jul 31 09:39:53 gtw01 dnsmasq-dhcp[13567]: read /var/lib/neutron/dhcp/78ca556f-72aa-45d3-a3f0-c1f6d0d6f1a8/host
Jul 31 09:39:53 gtw01 dnsmasq-dhcp[13567]: read /var/lib/neutron/dhcp/78ca556f-72aa-45d3-a3f0-c1f6d0d6f1a8/opts
Jul 31 09:39:54 gtw01 dnsmasq[13567]: read /var/lib/neutron/dhcp/78ca556f-72aa-45d3-a3f0-c1f6d0d6f1a8/addn_hosts - 2 addresses
Jul 31 09:39:54 gtw01 dnsmasq-dhcp[13567]: read /var/lib/neutron/dhcp/78ca556f-72aa-45d3-a3f0-c1f6d0d6f1a8/host
Jul 31 09:39:54 gtw01 dnsmasq-dhcp[13567]: read /var/lib/neutron/dhcp/78ca556f-72aa-45d3-a3f0-c1f6d0d6f1a8/opts
Jul 31 09:39:55 gtw01 dnsmasq[13137]: read /var/lib/neutron/dhcp/cbfad52b-5d0a-426d-a036-635425906c80/addn_hosts - 1 addresses
Jul 31 09:39:55 gtw01 dnsmasq-dhcp[13137]: read /var/lib/neutron/dhcp/cbfad52b-5d0a-426d-a036-635425906c80/host
Jul 31 09:39:55 gtw01 dnsmasq-dhcp[13137]: read /var/lib/neutron/dhcp/cbfad52b-5d0a-426d-a036-635425906c80/opts
Jul 31 09:39:55 gtw01 dnsmasq[13567]: read /var/lib/neutron/dhcp/78ca556f-72aa-45d3-a3f0-c1f6d0d6f1a8/addn_hosts - 2 addresses
Jul 31 09:39:55 gtw01 dnsmasq-dhcp[13567]: read /var/lib/neutron/dhcp/78ca556f-72aa-45d3-a3f0-c1f6d0d6f1a8/host
Jul 31 09:39:55 gtw01 dnsmasq-dhcp[13567]: read /var/lib/neutron/dhcp/78ca556f-72aa-45d3-a3f0-c1f6d0d6f1a8/opts
Jul 31 09:39:55 gtw01 dnsmasq[13671]: started, version 2.80 cachesize 150
Jul 31 09:39:55 gtw01 dnsmasq[13671]: DNS service limited to local subnets
Jul 31 09:39:55 gtw01 dnsmasq[13671]: compile time options: IPv6 GNU-getopt DBus i18n IDN DHCP DHCPv6 no-Lua TFTP conntrack ipset auth DNSSEC loop-detect inotify dumpfile
Jul 31 09:39:55 gtw01 dnsmasq[13671]: warning: no upstream servers configured
Jul 31 09:39:55 gtw01 dnsmasq-dhcp[13671]: DHCP, static leases only on 192.168.120.32, lease time 1h
Jul 31 09:39:55 gtw01 dnsmasq-dhcp[13671]: DHCP, static leases only on 192.168.120.16, lease time 1h
Jul 31 09:39:55 gtw01 dnsmasq-dhcp[13671]: DHCP, static leases only on 192.168.120.0, lease time 1h
Jul 31 09:39:55 gtw01 dnsmasq[13671]: read /var/lib/neutron/dhcp/02edfc8b-d3e3-4f4f-be77-63b1e9323738/addn_hosts - 3 addresses
Jul 31 09:39:55 gtw01 dnsmasq-dhcp[13671]: read /var/lib/neutron/dhcp/02edfc8b-d3e3-4f4f-be77-63b1e9323738/host
Jul 31 09:39:55 gtw01 dnsmasq-dhcp[13671]: read /var/lib/neutron/dhcp/02edfc8b-d3e3-4f4f-be77-63b1e9323738/opts
Jul 31 09:39:55 gtw01 dnsmasq[13671]: read /var/lib/neutron/dhcp/02edfc8b-d3e3-4f4f-be77-63b1e9323738/addn_hosts - 3 addresses
Jul 31 09:39:55 gtw01 dnsmasq-dhcp[13671]: read /var/lib/neutron/dhcp/02edfc8b-d3e3-4f4f-be77-63b1e9323738/host
Jul 31 09:39:55 gtw01 dnsmasq-dhcp[13671]: read /var/lib/neutron/dhcp/02edfc8b-d3e3-4f4f-be77-63b1e9323738/opts
Jul 31 09:39:56 gtw01 dnsmasq[13567]: read /var/lib/neutron/dhcp/78ca556f-72aa-45d3-a3f0-c1f6d0d6f1a8/addn_hosts - 2 addresses
Jul 31 09:39:56 gtw01 dnsmasq-dhcp[13567]: read /var/lib/neutron/dhcp/78ca556f-72aa-45d3-a3f0-c1f6d0d6f1a8/host
Jul 31 09:39:56 gtw01 dnsmasq-dhcp[13567]: read /var/lib/neutron/dhcp/78ca556f-72aa-45d3-a3f0-c1f6d0d6f1a8/opts
Jul 31 09:39:57 gtw01 dnsmasq[12899]: read /var/lib/neutron/dhcp/ac65b43a-a5f3-4dc8-bc25-9982a3aa4678/addn_hosts - 4 addresses
Jul 31 09:39:57 gtw01 dnsmasq-dhcp[12899]: read /var/lib/neutron/dhcp/ac65b43a-a5f3-4dc8-bc25-9982a3aa4678/host
Jul 31 09:39:57 gtw01 dnsmasq-dhcp[12899]: read /var/lib/neutron/dhcp/ac65b43a-a5f3-4dc8-bc25-9982a3aa4678/opts
Jul 31 09:39:57 gtw01 dnsmasq[13567]: read /var/lib/neutron/dhcp/78ca556f-72aa-45d3-a3f0-c1f6d0d6f1a8/addn_hosts - 2 addresses
Jul 31 09:39:57 gtw01 dnsmasq-dhcp[13567]: read /var/lib/neutron/dhcp/78ca556f-72aa-45d3-a3f0-c1f6d0d6f1a8/host
Jul 31 09:39:57 gtw01 dnsmasq-dhcp[13567]: read /var/lib/neutron/dhcp/78ca556f-72aa-45d3-a3f0-c1f6d0d6f1a8/opts
Jul 31 09:39:59 gtw01 dnsmasq[13567]: read /var/lib/neutron/dhcp/78ca556f-72aa-45d3-a3f0-c1f6d0d6f1a8/addn_hosts - 1 addresses
Jul 31 09:39:59 gtw01 dnsmasq-dhcp[13567]: read /var/lib/neutron/dhcp/78ca556f-72aa-45d3-a3f0-c1f6d0d6f1a8/host
Jul 31 09:39:59 gtw01 dnsmasq-dhcp[13567]: read /var/lib/neutron/dhcp/78ca556f-72aa-45d3-a3f0-c1f6d0d6f1a8/opts
Jul 31 09:40:00 gtw01 dnsmasq[13815]: started, version 2.80 cachesize 150
Jul 31 09:40:00 gtw01 dnsmasq[13815]: DNS service limited to local subnets
Jul 31 09:40:00 gtw01 dnsmasq[13815]: compile time options: IPv6 GNU-getopt DBus i18n IDN DHCP DHCPv6 no-Lua TFTP conntrack ipset auth DNSSEC loop-detect inotify dumpfile
Jul 31 09:40:00 gtw01 dnsmasq[13815]: warning: no upstream servers configured
Jul 31 09:40:00 gtw01 dnsmasq-dhcp[13815]: DHCP, static leases only on 192.168.120.16, lease time 1h
Jul 31 09:40:00 gtw01 dnsmasq-dhcp[13815]: DHCP, static leases only on 192.168.120.0, lease time 1h
Jul 31 09:40:00 gtw01 dnsmasq[13815]: read /var/lib/neutron/dhcp/02edfc8b-d3e3-4f4f-be77-63b1e9323738/addn_hosts - 2 addresses
Jul 31 09:40:00 gtw01 dnsmasq-dhcp[13815]: read /var/lib/neutron/dhcp/02edfc8b-d3e3-4f4f-be77-63b1e9323738/host
Jul 31 09:40:00 gtw01 dnsmasq-dhcp[13815]: read /var/lib/neutron/dhcp/02edfc8b-d3e3-4f4f-be77-63b1e9323738/opts
Jul 31 09:40:00 gtw01 dnsmasq[13137]: read /var/lib/neutron/dhcp/cbfad52b-5d0a-426d-a036-635425906c80/addn_hosts - 2 addresses
Jul 31 09:40:00 gtw01 dnsmasq-dhcp[13137]: read /var/lib/neutron/dhcp/cbfad52b-5d0a-426d-a036-635425906c80/host
Jul 31 09:40:00 gtw01 dnsmasq-dhcp[13137]: read /var/lib/neutron/dhcp/cbfad52b-5d0a-426d-a036-635425906c80/opts
Jul 31 09:40:01 gtw01 dnsmasq[13137]: read /var/lib/neutron/dhcp/cbfad52b-5d0a-426d-a036-635425906c80/addn_hosts - 2 addresses
Jul 31 09:40:01 gtw01 dnsmasq-dhcp[13137]: read /var/lib/neutron/dhcp/cbfad52b-5d0a-426d-a036-635425906c80/host
Jul 31 09:40:01 gtw01 dnsmasq-dhcp[13137]: read /var/lib/neutron/dhcp/cbfad52b-5d0a-426d-a036-635425906c80/opts
Jul 31 09:40:04 gtw01 dnsmasq[12899]: read /var/lib/neutron/dhcp/ac65b43a-a5f3-4dc8-bc25-9982a3aa4678/addn_hosts - 5 addresses
Jul 31 09:40:04 gtw01 dnsmasq-dhcp[12899]: read /var/lib/neutron/dhcp/ac65b43a-a5f3-4dc8-bc25-9982a3aa4678/host
Jul 31 09:40:04 gtw01 dnsmasq-dhcp[12899]: read /var/lib/neutron/dhcp/ac65b43a-a5f3-4dc8-bc25-9982a3aa4678/opts
Jul 31 09:40:05 gtw01 dnsmasq[12899]: read /var/lib/neutron/dhcp/ac65b43a-a5f3-4dc8-bc25-9982a3aa4678/addn_hosts - 5 addresses
Jul 31 09:40:05 gtw01 dnsmasq-dhcp[12899]: read /var/lib/neutron/dhcp/ac65b43a-a5f3-4dc8-bc25-9982a3aa4678/host
Jul 31 09:40:05 gtw01 dnsmasq-dhcp[12899]: read /var/lib/neutron/dhcp/ac65b43a-a5f3-4dc8-bc25-9982a3aa4678/opts
Jul 31 09:40:05 gtw01 dnsmasq[13137]: read /var/lib/neutron/dhcp/cbfad52b-5d0a-426d-a036-635425906c80/addn_hosts - 1 addresses
Jul 31 09:40:05 gtw01 dnsmasq-dhcp[13137]: read /var/lib/neutron/dhcp/cbfad52b-5d0a-426d-a036-635425906c80/host
Jul 31 09:40:05 gtw01 dnsmasq-dhcp[13137]: read /var/lib/neutron/dhcp/cbfad52b-5d0a-426d-a036-635425906c80/opts
Jul 31 09:40:06 gtw01 dnsmasq[13137]: read /var/lib/neutron/dhcp/cbfad52b-5d0a-426d-a036-635425906c80/addn_hosts - 2 addresses
Jul 31 09:40:06 gtw01 dnsmasq-dhcp[13137]: read /var/lib/neutron/dhcp/cbfad52b-5d0a-426d-a036-635425906c80/host
Jul 31 09:40:06 gtw01 dnsmasq-dhcp[13137]: read /var/lib/neutron/dhcp/cbfad52b-5d0a-426d-a036-635425906c80/opts
Jul 31 09:40:08 gtw01 dnsmasq[13137]: read /var/lib/neutron/dhcp/cbfad52b-5d0a-426d-a036-635425906c80/addn_hosts - 2 addresses
Jul 31 09:40:08 gtw01 dnsmasq-dhcp[13137]: read /var/lib/neutron/dhcp/cbfad52b-5d0a-426d-a036-635425906c80/host
Jul 31 09:40:08 gtw01 dnsmasq-dhcp[13137]: read /var/lib/neutron/dhcp/cbfad52b-5d0a-426d-a036-635425906c80/opts
Jul 31 09:40:11 gtw01 dnsmasq[13137]: read /var/lib/neutron/dhcp/cbfad52b-5d0a-426d-a036-635425906c80/addn_hosts - 1 addresses
Jul 31 09:40:11 gtw01 dnsmasq-dhcp[13137]: read /var/lib/neutron/dhcp/cbfad52b-5d0a-426d-a036-635425906c80/host
Jul 31 09:40:11 gtw01 dnsmasq-dhcp[13137]: read /var/lib/neutron/dhcp/cbfad52b-5d0a-426d-a036-635425906c80/opts
Jul 31 09:40:12 gtw01 dnsmasq[12899]: read /var/lib/neutron/dhcp/ac65b43a-a5f3-4dc8-bc25-9982a3aa4678/addn_hosts - 6 addresses
Jul 31 09:40:12 gtw01 dnsmasq-dhcp[12899]: read /var/lib/neutron/dhcp/ac65b43a-a5f3-4dc8-bc25-9982a3aa4678/host
Jul 31 09:40:12 gtw01 dnsmasq-dhcp[12899]: read /var/lib/neutron/dhcp/ac65b43a-a5f3-4dc8-bc25-9982a3aa4678/opts
Jul 31 09:40:14 gtw01 dnsmasq[13815]: read /var/lib/neutron/dhcp/02edfc8b-d3e3-4f4f-be77-63b1e9323738/addn_hosts - 2 addresses
Jul 31 09:40:14 gtw01 dnsmasq-dhcp[13815]: read /var/lib/neutron/dhcp/02edfc8b-d3e3-4f4f-be77-63b1e9323738/host
Jul 31 09:40:14 gtw01 dnsmasq-dhcp[13815]: read /var/lib/neutron/dhcp/02edfc8b-d3e3-4f4f-be77-63b1e9323738/opts
Jul 31 09:40:15 gtw01 dnsmasq[13137]: read /var/lib/neutron/dhcp/cbfad52b-5d0a-426d-a036-635425906c80/addn_hosts - 2 addresses
Jul 31 09:40:15 gtw01 dnsmasq-dhcp[13137]: read /var/lib/neutron/dhcp/cbfad52b-5d0a-426d-a036-635425906c80/host
Jul 31 09:40:15 gtw01 dnsmasq-dhcp[13137]: read /var/lib/neutron/dhcp/cbfad52b-5d0a-426d-a036-635425906c80/opts
Jul 31 09:40:16 gtw01 dnsmasq[13137]: read /var/lib/neutron/dhcp/cbfad52b-5d0a-426d-a036-635425906c80/addn_hosts - 2 addresses
Jul 31 09:40:16 gtw01 dnsmasq-dhcp[13137]: read /var/lib/neutron/dhcp/cbfad52b-5d0a-426d-a036-635425906c80/host
Jul 31 09:40:16 gtw01 dnsmasq-dhcp[13137]: read /var/lib/neutron/dhcp/cbfad52b-5d0a-426d-a036-635425906c80/opts
Jul 31 09:40:19 gtw01 dnsmasq[14056]: started, version 2.80 cachesize 150
Jul 31 09:40:19 gtw01 dnsmasq[14056]: DNS service limited to local subnets
Jul 31 09:40:19 gtw01 dnsmasq[14056]: compile time options: IPv6 GNU-getopt DBus i18n IDN DHCP DHCPv6 no-Lua TFTP conntrack ipset auth DNSSEC loop-detect inotify dumpfile
Jul 31 09:40:19 gtw01 dnsmasq[14056]: warning: no upstream servers configured
Jul 31 09:40:19 gtw01 dnsmasq-dhcp[14056]: DHCP, static leases only on 192.168.120.16, lease time 1h
Jul 31 09:40:19 gtw01 dnsmasq-dhcp[14056]: DHCP, static leases only on 192.168.120.0, lease time 1h
Jul 31 09:40:19 gtw01 dnsmasq[14056]: read /var/lib/neutron/dhcp/02edfc8b-d3e3-4f4f-be77-63b1e9323738/addn_hosts - 2 addresses
Jul 31 09:40:19 gtw01 dnsmasq-dhcp[14056]: read /var/lib/neutron/dhcp/02edfc8b-d3e3-4f4f-be77-63b1e9323738/host
Jul 31 09:40:19 gtw01 dnsmasq-dhcp[14056]: read /var/lib/neutron/dhcp/02edfc8b-d3e3-4f4f-be77-63b1e9323738/opts
Jul 31 09:40:20 gtw01 dnsmasq[12899]: read /var/lib/neutron/dhcp/ac65b43a-a5f3-4dc8-bc25-9982a3aa4678/addn_hosts - 7 addresses
Jul 31 09:40:20 gtw01 dnsmasq-dhcp[12899]: read /var/lib/neutron/dhcp/ac65b43a-a5f3-4dc8-bc25-9982a3aa4678/host
Jul 31 09:40:20 gtw01 dnsmasq-dhcp[12899]: read /var/lib/neutron/dhcp/ac65b43a-a5f3-4dc8-bc25-9982a3aa4678/opts
Jul 31 09:40:20 gtw01 dnsmasq[13222]: read /var/lib/neutron/dhcp/c12636e9-ac9c-42ef-96db-8fa8d9d2b1fe/addn_hosts - 2 addresses
Jul 31 09:40:20 gtw01 dnsmasq-dhcp[13222]: read /var/lib/neutron/dhcp/c12636e9-ac9c-42ef-96db-8fa8d9d2b1fe/host
Jul 31 09:40:20 gtw01 dnsmasq-dhcp[13222]: read /var/lib/neutron/dhcp/c12636e9-ac9c-42ef-96db-8fa8d9d2b1fe/opts
Jul 31 09:40:21 gtw01 dnsmasq[13137]: read /var/lib/neutron/dhcp/cbfad52b-5d0a-426d-a036-635425906c80/addn_hosts - 1 addresses
Jul 31 09:40:21 gtw01 dnsmasq-dhcp[13137]: read /var/lib/neutron/dhcp/cbfad52b-5d0a-426d-a036-635425906c80/host
Jul 31 09:40:21 gtw01 dnsmasq-dhcp[13137]: read /var/lib/neutron/dhcp/cbfad52b-5d0a-426d-a036-635425906c80/opts
Jul 31 09:40:21 gtw01 kernel: [ 8035.796267] device tap07a96ec7-da left promiscuous mode
Jul 31 09:40:22 gtw01 dnsmasq[12899]: read /var/lib/neutron/dhcp/ac65b43a-a5f3-4dc8-bc25-9982a3aa4678/addn_hosts - 9 addresses
Jul 31 09:40:22 gtw01 dnsmasq-dhcp[12899]: read /var/lib/neutron/dhcp/ac65b43a-a5f3-4dc8-bc25-9982a3aa4678/host
Jul 31 09:40:22 gtw01 dnsmasq-dhcp[12899]: read /var/lib/neutron/dhcp/ac65b43a-a5f3-4dc8-bc25-9982a3aa4678/opts
Jul 31 09:40:22 gtw01 dnsmasq[13137]: read /var/lib/neutron/dhcp/cbfad52b-5d0a-426d-a036-635425906c80/addn_hosts - 2 addresses
Jul 31 09:40:22 gtw01 dnsmasq-dhcp[13137]: read /var/lib/neutron/dhcp/cbfad52b-5d0a-426d-a036-635425906c80/host
Jul 31 09:40:22 gtw01 dnsmasq-dhcp[13137]: read /var/lib/neutron/dhcp/cbfad52b-5d0a-426d-a036-635425906c80/opts
Jul 31 09:40:23 gtw01 dnsmasq[13137]: read /var/lib/neutron/dhcp/cbfad52b-5d0a-426d-a036-635425906c80/addn_hosts - 2 addresses
Jul 31 09:40:23 gtw01 dnsmasq-dhcp[13137]: read /var/lib/neutron/dhcp/cbfad52b-5d0a-426d-a036-635425906c80/host
Jul 31 09:40:23 gtw01 dnsmasq-dhcp[13137]: read /var/lib/neutron/dhcp/cbfad52b-5d0a-426d-a036-635425906c80/opts
Jul 31 09:40:23 gtw01 dnsmasq[13222]: read /var/lib/neutron/dhcp/c12636e9-ac9c-42ef-96db-8fa8d9d2b1fe/addn_hosts - 1 addresses
Jul 31 09:40:23 gtw01 dnsmasq-dhcp[13222]: read /var/lib/neutron/dhcp/c12636e9-ac9c-42ef-96db-8fa8d9d2b1fe/host
