Jul 31 08:55:37 gtw01 dnsmasq-dhcp[17790]: read /var/lib/neutron/dhcp/adeecaef-b9e6-4f6d-9a90-2c8b706811f9/host
Jul 31 08:55:37 gtw01 dnsmasq-dhcp[17790]: read /var/lib/neutron/dhcp/adeecaef-b9e6-4f6d-9a90-2c8b706811f9/opts
Jul 31 08:55:37 gtw01 dnsmasq[11640]: read /var/lib/neutron/dhcp/77bf4829-020b-41ce-97aa-3081d67fcfed/addn_hosts - 3 addresses
Jul 31 08:55:37 gtw01 dnsmasq-dhcp[11640]: read /var/lib/neutron/dhcp/77bf4829-020b-41ce-97aa-3081d67fcfed/host
Jul 31 08:55:37 gtw01 dnsmasq-dhcp[11640]: read /var/lib/neutron/dhcp/77bf4829-020b-41ce-97aa-3081d67fcfed/opts
Jul 31 08:55:42 gtw01 kernel: [ 5356.834271] device tap17dfb505-5e left promiscuous mode
Jul 31 08:55:45 gtw01 dnsmasq[11640]: read /var/lib/neutron/dhcp/77bf4829-020b-41ce-97aa-3081d67fcfed/addn_hosts - 2 addresses
Jul 31 08:55:45 gtw01 dnsmasq-dhcp[11640]: read /var/lib/neutron/dhcp/77bf4829-020b-41ce-97aa-3081d67fcfed/host
Jul 31 08:55:45 gtw01 dnsmasq-dhcp[11640]: read /var/lib/neutron/dhcp/77bf4829-020b-41ce-97aa-3081d67fcfed/opts
Jul 31 08:55:49 gtw01 dnsmasq-dhcp[16901]: DHCPDISCOVER(tap956e6267-c7) fa:16:3e:1d:e5:42
Jul 31 08:55:49 gtw01 dnsmasq-dhcp[16901]: DHCPOFFER(tap956e6267-c7) 192.168.120.4 fa:16:3e:1d:e5:42
Jul 31 08:55:49 gtw01 dnsmasq-dhcp[16901]: DHCPREQUEST(tap956e6267-c7) 192.168.120.4 fa:16:3e:1d:e5:42
Jul 31 08:55:49 gtw01 dnsmasq-dhcp[16901]: DHCPACK(tap956e6267-c7) 192.168.120.4 fa:16:3e:1d:e5:42 host-192-168-120-4
Jul 31 08:55:50 gtw01 kernel: [ 5364.273084] device tapdfe0d30b-48 entered promiscuous mode
Jul 31 08:55:50 gtw01 systemd-udevd[18420]: Could not generate persistent MAC address for tapdfe0d30b-48: No such file or directory
Jul 31 08:55:50 gtw01 systemd-udevd[18466]: Process '/sbin/ip link set tapdfe0d30b-48 txqueuelen 10000' failed with exit code 1.
Jul 31 08:55:53 gtw01 dnsmasq[18530]: started, version 2.80 cachesize 150
Jul 31 08:55:53 gtw01 dnsmasq[18530]: DNS service limited to local subnets
Jul 31 08:55:53 gtw01 dnsmasq[18530]: compile time options: IPv6 GNU-getopt DBus i18n IDN DHCP DHCPv6 no-Lua TFTP conntrack ipset auth DNSSEC loop-detect inotify dumpfile
Jul 31 08:55:53 gtw01 dnsmasq[18530]: warning: no upstream servers configured
Jul 31 08:55:53 gtw01 dnsmasq-dhcp[18530]: DHCP, static leases only on 192.168.120.0, lease time 1h
Jul 31 08:55:53 gtw01 dnsmasq[18530]: read /var/lib/neutron/dhcp/cf3dc17c-3778-4d26-b85c-7b33dddafb5d/addn_hosts - 1 addresses
Jul 31 08:55:53 gtw01 dnsmasq-dhcp[18530]: read /var/lib/neutron/dhcp/cf3dc17c-3778-4d26-b85c-7b33dddafb5d/host
Jul 31 08:55:53 gtw01 dnsmasq-dhcp[18530]: read /var/lib/neutron/dhcp/cf3dc17c-3778-4d26-b85c-7b33dddafb5d/opts
Jul 31 08:55:53 gtw01 haproxy-metadata-proxy-cf3dc17c-3778-4d26-b85c-7b33dddafb5d[18534]: Proxy listener started.
Jul 31 08:55:54 gtw01 dnsmasq[18530]: read /var/lib/neutron/dhcp/cf3dc17c-3778-4d26-b85c-7b33dddafb5d/addn_hosts - 2 addresses
Jul 31 08:55:54 gtw01 dnsmasq-dhcp[18530]: read /var/lib/neutron/dhcp/cf3dc17c-3778-4d26-b85c-7b33dddafb5d/host
Jul 31 08:55:54 gtw01 dnsmasq-dhcp[18530]: read /var/lib/neutron/dhcp/cf3dc17c-3778-4d26-b85c-7b33dddafb5d/opts
Jul 31 08:55:55 gtw01 dnsmasq[18530]: read /var/lib/neutron/dhcp/cf3dc17c-3778-4d26-b85c-7b33dddafb5d/addn_hosts - 2 addresses
Jul 31 08:55:55 gtw01 dnsmasq-dhcp[18530]: read /var/lib/neutron/dhcp/cf3dc17c-3778-4d26-b85c-7b33dddafb5d/host
Jul 31 08:55:55 gtw01 dnsmasq-dhcp[18530]: read /var/lib/neutron/dhcp/cf3dc17c-3778-4d26-b85c-7b33dddafb5d/opts
Jul 31 08:55:56 gtw01 dnsmasq[18530]: read /var/lib/neutron/dhcp/cf3dc17c-3778-4d26-b85c-7b33dddafb5d/addn_hosts - 2 addresses
Jul 31 08:55:56 gtw01 dnsmasq-dhcp[18530]: read /var/lib/neutron/dhcp/cf3dc17c-3778-4d26-b85c-7b33dddafb5d/host
Jul 31 08:55:56 gtw01 dnsmasq-dhcp[18530]: read /var/lib/neutron/dhcp/cf3dc17c-3778-4d26-b85c-7b33dddafb5d/opts
Jul 31 08:55:56 gtw01 dnsmasq[11640]: read /var/lib/neutron/dhcp/77bf4829-020b-41ce-97aa-3081d67fcfed/addn_hosts - 3 addresses
Jul 31 08:55:56 gtw01 dnsmasq-dhcp[11640]: read /var/lib/neutron/dhcp/77bf4829-020b-41ce-97aa-3081d67fcfed/host
Jul 31 08:55:56 gtw01 dnsmasq-dhcp[11640]: read /var/lib/neutron/dhcp/77bf4829-020b-41ce-97aa-3081d67fcfed/opts
Jul 31 08:55:57 gtw01 dnsmasq[18530]: read /var/lib/neutron/dhcp/cf3dc17c-3778-4d26-b85c-7b33dddafb5d/addn_hosts - 2 addresses
Jul 31 08:55:57 gtw01 dnsmasq-dhcp[18530]: read /var/lib/neutron/dhcp/cf3dc17c-3778-4d26-b85c-7b33dddafb5d/host
Jul 31 08:55:57 gtw01 dnsmasq-dhcp[18530]: read /var/lib/neutron/dhcp/cf3dc17c-3778-4d26-b85c-7b33dddafb5d/opts
Jul 31 08:55:57 gtw01 dnsmasq[11640]: read /var/lib/neutron/dhcp/77bf4829-020b-41ce-97aa-3081d67fcfed/addn_hosts - 3 addresses
Jul 31 08:55:57 gtw01 dnsmasq-dhcp[11640]: read /var/lib/neutron/dhcp/77bf4829-020b-41ce-97aa-3081d67fcfed/host
Jul 31 08:55:57 gtw01 dnsmasq-dhcp[11640]: read /var/lib/neutron/dhcp/77bf4829-020b-41ce-97aa-3081d67fcfed/opts
Jul 31 08:55:58 gtw01 dnsmasq[18530]: read /var/lib/neutron/dhcp/cf3dc17c-3778-4d26-b85c-7b33dddafb5d/addn_hosts - 2 addresses
Jul 31 08:55:58 gtw01 dnsmasq-dhcp[18530]: read /var/lib/neutron/dhcp/cf3dc17c-3778-4d26-b85c-7b33dddafb5d/host
Jul 31 08:55:58 gtw01 dnsmasq-dhcp[18530]: read /var/lib/neutron/dhcp/cf3dc17c-3778-4d26-b85c-7b33dddafb5d/opts
Jul 31 08:55:58 gtw01 dnsmasq[11640]: read /var/lib/neutron/dhcp/77bf4829-020b-41ce-97aa-3081d67fcfed/addn_hosts - 3 addresses
Jul 31 08:55:58 gtw01 dnsmasq-dhcp[11640]: read /var/lib/neutron/dhcp/77bf4829-020b-41ce-97aa-3081d67fcfed/host
Jul 31 08:55:58 gtw01 dnsmasq-dhcp[11640]: read /var/lib/neutron/dhcp/77bf4829-020b-41ce-97aa-3081d67fcfed/opts
Jul 31 08:55:58 gtw01 dnsmasq[16901]: read /var/lib/neutron/dhcp/a4ad0927-9ca7-458a-83b1-a790b8a68977/addn_hosts - 5 addresses
Jul 31 08:55:58 gtw01 dnsmasq-dhcp[16901]: read /var/lib/neutron/dhcp/a4ad0927-9ca7-458a-83b1-a790b8a68977/host
Jul 31 08:55:58 gtw01 dnsmasq-dhcp[16901]: read /var/lib/neutron/dhcp/a4ad0927-9ca7-458a-83b1-a790b8a68977/opts
Jul 31 08:55:59 gtw01 dnsmasq[18530]: read /var/lib/neutron/dhcp/cf3dc17c-3778-4d26-b85c-7b33dddafb5d/addn_hosts - 3 addresses
Jul 31 08:55:59 gtw01 dnsmasq-dhcp[18530]: read /var/lib/neutron/dhcp/cf3dc17c-3778-4d26-b85c-7b33dddafb5d/host
Jul 31 08:55:59 gtw01 dnsmasq-dhcp[18530]: read /var/lib/neutron/dhcp/cf3dc17c-3778-4d26-b85c-7b33dddafb5d/opts
Jul 31 08:56:00 gtw01 dnsmasq[16901]: read /var/lib/neutron/dhcp/a4ad0927-9ca7-458a-83b1-a790b8a68977/addn_hosts - 5 addresses
Jul 31 08:56:00 gtw01 dnsmasq-dhcp[16901]: read /var/lib/neutron/dhcp/a4ad0927-9ca7-458a-83b1-a790b8a68977/host
Jul 31 08:56:00 gtw01 dnsmasq-dhcp[16901]: read /var/lib/neutron/dhcp/a4ad0927-9ca7-458a-83b1-a790b8a68977/opts
Jul 31 08:56:00 gtw01 dnsmasq[18530]: read /var/lib/neutron/dhcp/cf3dc17c-3778-4d26-b85c-7b33dddafb5d/addn_hosts - 3 addresses
Jul 31 08:56:00 gtw01 dnsmasq-dhcp[18530]: read /var/lib/neutron/dhcp/cf3dc17c-3778-4d26-b85c-7b33dddafb5d/host
Jul 31 08:56:00 gtw01 dnsmasq-dhcp[18530]: read /var/lib/neutron/dhcp/cf3dc17c-3778-4d26-b85c-7b33dddafb5d/opts
Jul 31 08:56:01 gtw01 dnsmasq[18530]: read /var/lib/neutron/dhcp/cf3dc17c-3778-4d26-b85c-7b33dddafb5d/addn_hosts - 3 addresses
Jul 31 08:56:01 gtw01 dnsmasq-dhcp[18530]: read /var/lib/neutron/dhcp/cf3dc17c-3778-4d26-b85c-7b33dddafb5d/host
Jul 31 08:56:01 gtw01 dnsmasq-dhcp[18530]: read /var/lib/neutron/dhcp/cf3dc17c-3778-4d26-b85c-7b33dddafb5d/opts
Jul 31 08:56:03 gtw01 dnsmasq[16901]: read /var/lib/neutron/dhcp/a4ad0927-9ca7-458a-83b1-a790b8a68977/addn_hosts - 5 addresses
Jul 31 08:56:03 gtw01 dnsmasq-dhcp[16901]: read /var/lib/neutron/dhcp/a4ad0927-9ca7-458a-83b1-a790b8a68977/host
Jul 31 08:56:03 gtw01 dnsmasq-dhcp[16901]: read /var/lib/neutron/dhcp/a4ad0927-9ca7-458a-83b1-a790b8a68977/opts
Jul 31 08:56:05 gtw01 dnsmasq[16901]: read /var/lib/neutron/dhcp/a4ad0927-9ca7-458a-83b1-a790b8a68977/addn_hosts - 5 addresses
Jul 31 08:56:05 gtw01 dnsmasq-dhcp[16901]: read /var/lib/neutron/dhcp/a4ad0927-9ca7-458a-83b1-a790b8a68977/host
Jul 31 08:56:05 gtw01 dnsmasq-dhcp[16901]: read /var/lib/neutron/dhcp/a4ad0927-9ca7-458a-83b1-a790b8a68977/opts
Jul 31 08:56:05 gtw01 dnsmasq[16901]: read /var/lib/neutron/dhcp/a4ad0927-9ca7-458a-83b1-a790b8a68977/addn_hosts - 5 addresses
Jul 31 08:56:05 gtw01 dnsmasq-dhcp[16901]: read /var/lib/neutron/dhcp/a4ad0927-9ca7-458a-83b1-a790b8a68977/host
Jul 31 08:56:05 gtw01 dnsmasq-dhcp[16901]: read /var/lib/neutron/dhcp/a4ad0927-9ca7-458a-83b1-a790b8a68977/opts
Jul 31 08:56:09 gtw01 dnsmasq[16901]: read /var/lib/neutron/dhcp/a4ad0927-9ca7-458a-83b1-a790b8a68977/addn_hosts - 5 addresses
Jul 31 08:56:09 gtw01 dnsmasq-dhcp[16901]: read /var/lib/neutron/dhcp/a4ad0927-9ca7-458a-83b1-a790b8a68977/host
Jul 31 08:56:09 gtw01 dnsmasq-dhcp[16901]: read /var/lib/neutron/dhcp/a4ad0927-9ca7-458a-83b1-a790b8a68977/opts
Jul 31 08:56:10 gtw01 dnsmasq-dhcp[11640]: DHCPDISCOVER(tap40c8bd2b-24) fa:16:3e:fa:29:52
Jul 31 08:56:10 gtw01 dnsmasq-dhcp[11640]: DHCPOFFER(tap40c8bd2b-24) 192.168.120.6 fa:16:3e:fa:29:52
Jul 31 08:56:10 gtw01 dnsmasq-dhcp[11640]: DHCPREQUEST(tap40c8bd2b-24) 192.168.120.6 fa:16:3e:fa:29:52
Jul 31 08:56:10 gtw01 dnsmasq-dhcp[11640]: DHCPACK(tap40c8bd2b-24) 192.168.120.6 fa:16:3e:fa:29:52 host-192-168-120-6
Jul 31 08:56:11 gtw01 dnsmasq-dhcp[16901]: DHCPRELEASE(tap956e6267-c7) 192.168.120.4 fa:16:3e:1d:e5:42
Jul 31 08:56:12 gtw01 dnsmasq-dhcp[16901]: DHCPRELEASE(tap956e6267-c7) 192.168.120.4 fa:16:3e:1d:e5:42 unknown lease
Jul 31 08:56:12 gtw01 dnsmasq-dhcp[18530]: DHCPDISCOVER(tapdfe0d30b-48) fa:16:3e:13:69:d1
Jul 31 08:56:12 gtw01 dnsmasq-dhcp[18530]: DHCPOFFER(tapdfe0d30b-48) 192.168.120.10 fa:16:3e:13:69:d1
Jul 31 08:56:12 gtw01 dnsmasq-dhcp[18530]: DHCPREQUEST(tapdfe0d30b-48) 192.168.120.10 fa:16:3e:13:69:d1
Jul 31 08:56:12 gtw01 dnsmasq-dhcp[18530]: DHCPACK(tapdfe0d30b-48) 192.168.120.10 fa:16:3e:13:69:d1 host-192-168-120-10
Jul 31 08:56:12 gtw01 dnsmasq[16901]: read /var/lib/neutron/dhcp/a4ad0927-9ca7-458a-83b1-a790b8a68977/addn_hosts - 4 addresses
Jul 31 08:56:12 gtw01 dnsmasq-dhcp[16901]: read /var/lib/neutron/dhcp/a4ad0927-9ca7-458a-83b1-a790b8a68977/host
Jul 31 08:56:12 gtw01 dnsmasq-dhcp[16901]: read /var/lib/neutron/dhcp/a4ad0927-9ca7-458a-83b1-a790b8a68977/opts
Jul 31 08:56:13 gtw01 dnsmasq-dhcp[11640]: DHCPRELEASE(tap40c8bd2b-24) 192.168.120.6 fa:16:3e:fa:29:52
Jul 31 08:56:14 gtw01 dnsmasq-dhcp[16901]: DHCPRELEASE(tap956e6267-c7) 192.168.120.12 fa:16:3e:57:13:ca
Jul 31 08:56:14 gtw01 dnsmasq-dhcp[16901]: DHCPRELEASE(tap956e6267-c7) 192.168.120.12 fa:16:3e:57:13:ca unknown lease
Jul 31 08:56:15 gtw01 dnsmasq[16901]: read /var/lib/neutron/dhcp/a4ad0927-9ca7-458a-83b1-a790b8a68977/addn_hosts - 3 addresses
Jul 31 08:56:15 gtw01 dnsmasq-dhcp[16901]: read /var/lib/neutron/dhcp/a4ad0927-9ca7-458a-83b1-a790b8a68977/host
Jul 31 08:56:15 gtw01 dnsmasq-dhcp[16901]: read /var/lib/neutron/dhcp/a4ad0927-9ca7-458a-83b1-a790b8a68977/opts
Jul 31 08:56:18 gtw01 dnsmasq[16901]: read /var/lib/neutron/dhcp/a4ad0927-9ca7-458a-83b1-a790b8a68977/addn_hosts - 2 addresses
Jul 31 08:56:18 gtw01 dnsmasq-dhcp[16901]: read /var/lib/neutron/dhcp/a4ad0927-9ca7-458a-83b1-a790b8a68977/host
Jul 31 08:56:18 gtw01 dnsmasq-dhcp[16901]: read /var/lib/neutron/dhcp/a4ad0927-9ca7-458a-83b1-a790b8a68977/opts
Jul 31 08:56:20 gtw01 dnsmasq[16901]: read /var/lib/neutron/dhcp/a4ad0927-9ca7-458a-83b1-a790b8a68977/addn_hosts - 1 addresses
Jul 31 08:56:20 gtw01 dnsmasq-dhcp[16901]: read /var/lib/neutron/dhcp/a4ad0927-9ca7-458a-83b1-a790b8a68977/host
Jul 31 08:56:20 gtw01 dnsmasq-dhcp[16901]: read /var/lib/neutron/dhcp/a4ad0927-9ca7-458a-83b1-a790b8a68977/opts
Jul 31 08:56:23 gtw01 dnsmasq-dhcp[18530]: DHCPRELEASE(tapdfe0d30b-48) 192.168.120.10 fa:16:3e:13:69:d1
Jul 31 08:56:23 gtw01 dnsmasq-dhcp[18530]: DHCPRELEASE(tapdfe0d30b-48) 192.168.120.10 fa:16:3e:13:69:d1 unknown lease
Jul 31 08:56:24 gtw01 kernel: [ 5398.371287] device tap956e6267-c7 left promiscuous mode
Jul 31 08:56:24 gtw01 dnsmasq[18530]: read /var/lib/neutron/dhcp/cf3dc17c-3778-4d26-b85c-7b33dddafb5d/addn_hosts - 2 addresses
Jul 31 08:56:24 gtw01 dnsmasq-dhcp[18530]: read /var/lib/neutron/dhcp/cf3dc17c-3778-4d26-b85c-7b33dddafb5d/host
Jul 31 08:56:24 gtw01 dnsmasq-dhcp[18530]: read /var/lib/neutron/dhcp/cf3dc17c-3778-4d26-b85c-7b33dddafb5d/opts
Jul 31 08:56:27 gtw01 dnsmasq[18530]: read /var/lib/neutron/dhcp/cf3dc17c-3778-4d26-b85c-7b33dddafb5d/addn_hosts - 1 addresses
Jul 31 08:56:27 gtw01 dnsmasq-dhcp[18530]: read /var/lib/neutron/dhcp/cf3dc17c-3778-4d26-b85c-7b33dddafb5d/host
Jul 31 08:56:27 gtw01 dnsmasq-dhcp[18530]: read /var/lib/neutron/dhcp/cf3dc17c-3778-4d26-b85c-7b33dddafb5d/opts
Jul 31 08:56:31 gtw01 kernel: [ 5405.360261] device tap09ed8bc1-1f entered promiscuous mode
Jul 31 08:56:31 gtw01 systemd-udevd[18958]: Could not generate persistent MAC address for tap09ed8bc1-1f: No such file or directory
Jul 31 08:56:31 gtw01 systemd-udevd[19003]: Process '/sbin/ip link set tap09ed8bc1-1f txqueuelen 10000' failed with exit code 1.
Jul 31 08:56:31 gtw01 kernel: [ 5405.891533] device tapdfe0d30b-48 left promiscuous mode
Jul 31 08:56:34 gtw01 dnsmasq[19075]: started, version 2.80 cachesize 150
Jul 31 08:56:34 gtw01 dnsmasq[19075]: DNS service limited to local subnets
Jul 31 08:56:34 gtw01 dnsmasq[19075]: compile time options: IPv6 GNU-getopt DBus i18n IDN DHCP DHCPv6 no-Lua TFTP conntrack ipset auth DNSSEC loop-detect inotify dumpfile
Jul 31 08:56:34 gtw01 dnsmasq[19075]: warning: no upstream servers configured
Jul 31 08:56:34 gtw01 dnsmasq-dhcp[19075]: DHCP, static leases only on 192.168.120.0, lease time 1h
Jul 31 08:56:34 gtw01 dnsmasq[19075]: read /var/lib/neutron/dhcp/e4044246-bdf9-46d4-80ed-165d9677d6e7/addn_hosts - 1 addresses
Jul 31 08:56:34 gtw01 dnsmasq-dhcp[19075]: read /var/lib/neutron/dhcp/e4044246-bdf9-46d4-80ed-165d9677d6e7/host
Jul 31 08:56:34 gtw01 dnsmasq-dhcp[19075]: read /var/lib/neutron/dhcp/e4044246-bdf9-46d4-80ed-165d9677d6e7/opts
Jul 31 08:56:34 gtw01 haproxy-metadata-proxy-e4044246-bdf9-46d4-80ed-165d9677d6e7[19079]: Proxy listener started.
Jul 31 08:56:35 gtw01 dnsmasq[19075]: read /var/lib/neutron/dhcp/e4044246-bdf9-46d4-80ed-165d9677d6e7/addn_hosts - 2 addresses
Jul 31 08:56:35 gtw01 dnsmasq-dhcp[19075]: read /var/lib/neutron/dhcp/e4044246-bdf9-46d4-80ed-165d9677d6e7/host
Jul 31 08:56:35 gtw01 dnsmasq-dhcp[19075]: read /var/lib/neutron/dhcp/e4044246-bdf9-46d4-80ed-165d9677d6e7/opts
Jul 31 08:56:36 gtw01 systemd-udevd[19121]: Could not generate persistent MAC address for tap3e60df61-b8: No such file or directory
Jul 31 08:56:36 gtw01 kernel: [ 5410.471795] device tap3e60df61-b8 entered promiscuous mode
Jul 31 08:56:36 gtw01 systemd-udevd[19166]: Process '/sbin/ip link set tap3e60df61-b8 txqueuelen 10000' failed with exit code 1.
Jul 31 08:56:36 gtw01 dnsmasq[19075]: read /var/lib/neutron/dhcp/e4044246-bdf9-46d4-80ed-165d9677d6e7/addn_hosts - 2 addresses
Jul 31 08:56:36 gtw01 dnsmasq-dhcp[19075]: read /var/lib/neutron/dhcp/e4044246-bdf9-46d4-80ed-165d9677d6e7/host
Jul 31 08:56:36 gtw01 dnsmasq-dhcp[19075]: read /var/lib/neutron/dhcp/e4044246-bdf9-46d4-80ed-165d9677d6e7/opts
Jul 31 08:56:37 gtw01 dnsmasq[19075]: read /var/lib/neutron/dhcp/e4044246-bdf9-46d4-80ed-165d9677d6e7/addn_hosts - 2 addresses
Jul 31 08:56:37 gtw01 dnsmasq-dhcp[19075]: read /var/lib/neutron/dhcp/e4044246-bdf9-46d4-80ed-165d9677d6e7/host
Jul 31 08:56:37 gtw01 dnsmasq-dhcp[19075]: read /var/lib/neutron/dhcp/e4044246-bdf9-46d4-80ed-165d9677d6e7/opts
Jul 31 08:56:38 gtw01 systemd-udevd[19255]: Could not generate persistent MAC address for tap386157e9-a6: No such file or directory
Jul 31 08:56:38 gtw01 kernel: [ 5412.622976] device tap386157e9-a6 entered promiscuous mode
Jul 31 08:56:38 gtw01 systemd-udevd[19308]: Process '/sbin/ip link set tap386157e9-a6 txqueuelen 10000' failed with exit code 1.
Jul 31 08:56:39 gtw01 dnsmasq[19075]: read /var/lib/neutron/dhcp/e4044246-bdf9-46d4-80ed-165d9677d6e7/addn_hosts - 2 addresses
Jul 31 08:56:39 gtw01 dnsmasq-dhcp[19075]: read /var/lib/neutron/dhcp/e4044246-bdf9-46d4-80ed-165d9677d6e7/host
Jul 31 08:56:39 gtw01 dnsmasq-dhcp[19075]: read /var/lib/neutron/dhcp/e4044246-bdf9-46d4-80ed-165d9677d6e7/opts
Jul 31 08:56:39 gtw01 kernel: [ 5413.823643] device tap654e7407-46 entered promiscuous mode
Jul 31 08:56:39 gtw01 systemd-udevd[19364]: Could not generate persistent MAC address for tap654e7407-46: No such file or directory
Jul 31 08:56:39 gtw01 systemd-udevd[19409]: Process '/sbin/ip link set tap654e7407-46 txqueuelen 10000' failed with exit code 1.
Jul 31 08:56:41 gtw01 dnsmasq[19075]: read /var/lib/neutron/dhcp/e4044246-bdf9-46d4-80ed-165d9677d6e7/addn_hosts - 2 addresses
Jul 31 08:56:41 gtw01 dnsmasq-dhcp[19075]: read /var/lib/neutron/dhcp/e4044246-bdf9-46d4-80ed-165d9677d6e7/host
Jul 31 08:56:41 gtw01 dnsmasq-dhcp[19075]: read /var/lib/neutron/dhcp/e4044246-bdf9-46d4-80ed-165d9677d6e7/opts
Jul 31 08:56:41 gtw01 dnsmasq[19481]: started, version 2.80 cachesize 150
Jul 31 08:56:41 gtw01 dnsmasq[19481]: DNS service limited to local subnets
Jul 31 08:56:41 gtw01 dnsmasq[19481]: compile time options: IPv6 GNU-getopt DBus i18n IDN DHCP DHCPv6 no-Lua TFTP conntrack ipset auth DNSSEC loop-detect inotify dumpfile
Jul 31 08:56:41 gtw01 dnsmasq[19481]: warning: no upstream servers configured
Jul 31 08:56:41 gtw01 dnsmasq-dhcp[19481]: DHCP, static leases only on 19.80.0.0, lease time 1h
Jul 31 08:56:41 gtw01 dnsmasq[19481]: read /var/lib/neutron/dhcp/c925f6c4-9491-4b57-b8c9-39c465598eb5/addn_hosts - 1 addresses
Jul 31 08:56:41 gtw01 dnsmasq-dhcp[19481]: read /var/lib/neutron/dhcp/c925f6c4-9491-4b57-b8c9-39c465598eb5/host
Jul 31 08:56:41 gtw01 dnsmasq-dhcp[19481]: read /var/lib/neutron/dhcp/c925f6c4-9491-4b57-b8c9-39c465598eb5/opts
Jul 31 08:56:41 gtw01 haproxy-metadata-proxy-c925f6c4-9491-4b57-b8c9-39c465598eb5[19492]: Proxy listener started.
Jul 31 08:56:42 gtw01 dnsmasq[19481]: read /var/lib/neutron/dhcp/c925f6c4-9491-4b57-b8c9-39c465598eb5/addn_hosts - 2 addresses
Jul 31 08:56:42 gtw01 dnsmasq-dhcp[19481]: read /var/lib/neutron/dhcp/c925f6c4-9491-4b57-b8c9-39c465598eb5/host
Jul 31 08:56:42 gtw01 dnsmasq-dhcp[19481]: read /var/lib/neutron/dhcp/c925f6c4-9491-4b57-b8c9-39c465598eb5/opts
Jul 31 08:56:43 gtw01 dnsmasq[19561]: started, version 2.80 cachesize 150
Jul 31 08:56:43 gtw01 dnsmasq[19561]: DNS service limited to local subnets
Jul 31 08:56:43 gtw01 dnsmasq[19561]: compile time options: IPv6 GNU-getopt DBus i18n IDN DHCP DHCPv6 no-Lua TFTP conntrack ipset auth DNSSEC loop-detect inotify dumpfile
Jul 31 08:56:43 gtw01 dnsmasq[19561]: warning: no upstream servers configured
Jul 31 08:56:43 gtw01 dnsmasq-dhcp[19561]: DHCP, static leases only on 19.86.0.0, lease time 1h
Jul 31 08:56:43 gtw01 dnsmasq[19561]: read /var/lib/neutron/dhcp/35f65271-4282-4158-a9c4-e1e7bf6383f7/addn_hosts - 1 addresses
Jul 31 08:56:43 gtw01 dnsmasq-dhcp[19561]: read /var/lib/neutron/dhcp/35f65271-4282-4158-a9c4-e1e7bf6383f7/host
Jul 31 08:56:43 gtw01 dnsmasq-dhcp[19561]: read /var/lib/neutron/dhcp/35f65271-4282-4158-a9c4-e1e7bf6383f7/opts
Jul 31 08:56:43 gtw01 haproxy-metadata-proxy-35f65271-4282-4158-a9c4-e1e7bf6383f7[19573]: Proxy listener started.
Jul 31 08:56:43 gtw01 dnsmasq[19481]: read /var/lib/neutron/dhcp/c925f6c4-9491-4b57-b8c9-39c465598eb5/addn_hosts - 2 addresses
Jul 31 08:56:43 gtw01 dnsmasq-dhcp[19481]: read /var/lib/neutron/dhcp/c925f6c4-9491-4b57-b8c9-39c465598eb5/host
Jul 31 08:56:43 gtw01 dnsmasq-dhcp[19481]: read /var/lib/neutron/dhcp/c925f6c4-9491-4b57-b8c9-39c465598eb5/opts
Jul 31 08:56:44 gtw01 dnsmasq[19602]: started, version 2.80 cachesize 150
Jul 31 08:56:44 gtw01 dnsmasq[19602]: DNS service limited to local subnets
Jul 31 08:56:44 gtw01 dnsmasq[19602]: compile time options: IPv6 GNU-getopt DBus i18n IDN DHCP DHCPv6 no-Lua TFTP conntrack ipset auth DNSSEC loop-detect inotify dumpfile
Jul 31 08:56:44 gtw01 dnsmasq[19602]: warning: no upstream servers configured
Jul 31 08:56:44 gtw01 dnsmasq-dhcp[19602]: DHCP, static leases only on 192.168.120.0, lease time 1h
Jul 31 08:56:44 gtw01 dnsmasq[19602]: read /var/lib/neutron/dhcp/7a30aba9-9baa-43f9-86c9-7e02c8585ccb/addn_hosts - 1 addresses
Jul 31 08:56:44 gtw01 dnsmasq-dhcp[19602]: read /var/lib/neutron/dhcp/7a30aba9-9baa-43f9-86c9-7e02c8585ccb/host
Jul 31 08:56:44 gtw01 dnsmasq-dhcp[19602]: read /var/lib/neutron/dhcp/7a30aba9-9baa-43f9-86c9-7e02c8585ccb/opts
Jul 31 08:56:44 gtw01 dnsmasq[19561]: read /var/lib/neutron/dhcp/35f65271-4282-4158-a9c4-e1e7bf6383f7/addn_hosts - 2 addresses
Jul 31 08:56:44 gtw01 dnsmasq-dhcp[19561]: read /var/lib/neutron/dhcp/35f65271-4282-4158-a9c4-e1e7bf6383f7/host
Jul 31 08:56:44 gtw01 dnsmasq-dhcp[19561]: read /var/lib/neutron/dhcp/35f65271-4282-4158-a9c4-e1e7bf6383f7/opts
Jul 31 08:56:44 gtw01 haproxy-metadata-proxy-7a30aba9-9baa-43f9-86c9-7e02c8585ccb[19613]: Proxy listener started.
Jul 31 08:56:44 gtw01 dnsmasq[19481]: read /var/lib/neutron/dhcp/c925f6c4-9491-4b57-b8c9-39c465598eb5/addn_hosts - 2 addresses
Jul 31 08:56:44 gtw01 dnsmasq-dhcp[19481]: read /var/lib/neutron/dhcp/c925f6c4-9491-4b57-b8c9-39c465598eb5/host
Jul 31 08:56:44 gtw01 dnsmasq-dhcp[19481]: read /var/lib/neutron/dhcp/c925f6c4-9491-4b57-b8c9-39c465598eb5/opts
Jul 31 08:56:45 gtw01 dnsmasq[19602]: read /var/lib/neutron/dhcp/7a30aba9-9baa-43f9-86c9-7e02c8585ccb/addn_hosts - 2 addresses
Jul 31 08:56:45 gtw01 dnsmasq-dhcp[19602]: read /var/lib/neutron/dhcp/7a30aba9-9baa-43f9-86c9-7e02c8585ccb/host
Jul 31 08:56:45 gtw01 dnsmasq-dhcp[19602]: read /var/lib/neutron/dhcp/7a30aba9-9baa-43f9-86c9-7e02c8585ccb/opts
Jul 31 08:56:45 gtw01 dnsmasq[19561]: read /var/lib/neutron/dhcp/35f65271-4282-4158-a9c4-e1e7bf6383f7/addn_hosts - 2 addresses
Jul 31 08:56:45 gtw01 dnsmasq-dhcp[19561]: read /var/lib/neutron/dhcp/35f65271-4282-4158-a9c4-e1e7bf6383f7/host
Jul 31 08:56:45 gtw01 dnsmasq-dhcp[19561]: read /var/lib/neutron/dhcp/35f65271-4282-4158-a9c4-e1e7bf6383f7/opts
Jul 31 08:56:46 gtw01 dnsmasq[19481]: read /var/lib/neutron/dhcp/c925f6c4-9491-4b57-b8c9-39c465598eb5/addn_hosts - 3 addresses
Jul 31 08:56:46 gtw01 dnsmasq-dhcp[19481]: read /var/lib/neutron/dhcp/c925f6c4-9491-4b57-b8c9-39c465598eb5/host
Jul 31 08:56:46 gtw01 dnsmasq-dhcp[19481]: read /var/lib/neutron/dhcp/c925f6c4-9491-4b57-b8c9-39c465598eb5/opts
Jul 31 08:56:46 gtw01 dnsmasq[19561]: read /var/lib/neutron/dhcp/35f65271-4282-4158-a9c4-e1e7bf6383f7/addn_hosts - 2 addresses
Jul 31 08:56:46 gtw01 dnsmasq-dhcp[19561]: read /var/lib/neutron/dhcp/35f65271-4282-4158-a9c4-e1e7bf6383f7/host
Jul 31 08:56:46 gtw01 dnsmasq-dhcp[19561]: read /var/lib/neutron/dhcp/35f65271-4282-4158-a9c4-e1e7bf6383f7/opts
Jul 31 08:56:46 gtw01 dnsmasq[19602]: read /var/lib/neutron/dhcp/7a30aba9-9baa-43f9-86c9-7e02c8585ccb/addn_hosts - 2 addresses
Jul 31 08:56:46 gtw01 dnsmasq-dhcp[19602]: read /var/lib/neutron/dhcp/7a30aba9-9baa-43f9-86c9-7e02c8585ccb/host
Jul 31 08:56:46 gtw01 dnsmasq-dhcp[19602]: read /var/lib/neutron/dhcp/7a30aba9-9baa-43f9-86c9-7e02c8585ccb/opts
Jul 31 08:56:47 gtw01 dnsmasq[19481]: read /var/lib/neutron/dhcp/c925f6c4-9491-4b57-b8c9-39c465598eb5/addn_hosts - 3 addresses
Jul 31 08:56:47 gtw01 dnsmasq-dhcp[19481]: read /var/lib/neutron/dhcp/c925f6c4-9491-4b57-b8c9-39c465598eb5/host
Jul 31 08:56:47 gtw01 dnsmasq-dhcp[19481]: read /var/lib/neutron/dhcp/c925f6c4-9491-4b57-b8c9-39c465598eb5/opts
Jul 31 08:56:48 gtw01 dnsmasq[19602]: read /var/lib/neutron/dhcp/7a30aba9-9baa-43f9-86c9-7e02c8585ccb/addn_hosts - 2 addresses
Jul 31 08:56:48 gtw01 dnsmasq-dhcp[19602]: read /var/lib/neutron/dhcp/7a30aba9-9baa-43f9-86c9-7e02c8585ccb/host
Jul 31 08:56:48 gtw01 dnsmasq-dhcp[19602]: read /var/lib/neutron/dhcp/7a30aba9-9baa-43f9-86c9-7e02c8585ccb/opts
Jul 31 08:56:48 gtw01 dnsmasq[19561]: read /var/lib/neutron/dhcp/35f65271-4282-4158-a9c4-e1e7bf6383f7/addn_hosts - 2 addresses
Jul 31 08:56:48 gtw01 dnsmasq-dhcp[19561]: read /var/lib/neutron/dhcp/35f65271-4282-4158-a9c4-e1e7bf6383f7/host
Jul 31 08:56:48 gtw01 dnsmasq-dhcp[19561]: read /var/lib/neutron/dhcp/35f65271-4282-4158-a9c4-e1e7bf6383f7/opts
Jul 31 08:56:48 gtw01 dnsmasq[19481]: read /var/lib/neutron/dhcp/c925f6c4-9491-4b57-b8c9-39c465598eb5/addn_hosts - 3 addresses
Jul 31 08:56:48 gtw01 dnsmasq-dhcp[19481]: read /var/lib/neutron/dhcp/c925f6c4-9491-4b57-b8c9-39c465598eb5/host
Jul 31 08:56:48 gtw01 dnsmasq-dhcp[19481]: read /var/lib/neutron/dhcp/c925f6c4-9491-4b57-b8c9-39c465598eb5/opts
Jul 31 08:56:49 gtw01 dnsmasq[19602]: read /var/lib/neutron/dhcp/7a30aba9-9baa-43f9-86c9-7e02c8585ccb/addn_hosts - 2 addresses
Jul 31 08:56:49 gtw01 dnsmasq-dhcp[19602]: read /var/lib/neutron/dhcp/7a30aba9-9baa-43f9-86c9-7e02c8585ccb/host
Jul 31 08:56:49 gtw01 dnsmasq-dhcp[19602]: read /var/lib/neutron/dhcp/7a30aba9-9baa-43f9-86c9-7e02c8585ccb/opts
Jul 31 08:56:49 gtw01 dnsmasq[19561]: read /var/lib/neutron/dhcp/35f65271-4282-4158-a9c4-e1e7bf6383f7/addn_hosts - 2 addresses
Jul 31 08:56:49 gtw01 dnsmasq-dhcp[19561]: read /var/lib/neutron/dhcp/35f65271-4282-4158-a9c4-e1e7bf6383f7/host
Jul 31 08:56:49 gtw01 dnsmasq-dhcp[19561]: read /var/lib/neutron/dhcp/35f65271-4282-4158-a9c4-e1e7bf6383f7/opts
Jul 31 08:56:49 gtw01 dnsmasq[19481]: read /var/lib/neutron/dhcp/c925f6c4-9491-4b57-b8c9-39c465598eb5/addn_hosts - 3 addresses
Jul 31 08:56:49 gtw01 dnsmasq-dhcp[19481]: read /var/lib/neutron/dhcp/c925f6c4-9491-4b57-b8c9-39c465598eb5/host
Jul 31 08:56:49 gtw01 dnsmasq-dhcp[19481]: read /var/lib/neutron/dhcp/c925f6c4-9491-4b57-b8c9-39c465598eb5/opts
Jul 31 08:56:51 gtw01 dnsmasq[19602]: read /var/lib/neutron/dhcp/7a30aba9-9baa-43f9-86c9-7e02c8585ccb/addn_hosts - 3 addresses
Jul 31 08:56:51 gtw01 dnsmasq-dhcp[19602]: read /var/lib/neutron/dhcp/7a30aba9-9baa-43f9-86c9-7e02c8585ccb/host
Jul 31 08:56:51 gtw01 dnsmasq-dhcp[19602]: read /var/lib/neutron/dhcp/7a30aba9-9baa-43f9-86c9-7e02c8585ccb/opts
Jul 31 08:56:51 gtw01 dnsmasq[19561]: read /var/lib/neutron/dhcp/35f65271-4282-4158-a9c4-e1e7bf6383f7/addn_hosts - 2 addresses
Jul 31 08:56:51 gtw01 dnsmasq-dhcp[19561]: read /var/lib/neutron/dhcp/35f65271-4282-4158-a9c4-e1e7bf6383f7/host
Jul 31 08:56:51 gtw01 dnsmasq-dhcp[19561]: read /var/lib/neutron/dhcp/35f65271-4282-4158-a9c4-e1e7bf6383f7/opts
Jul 31 08:56:51 gtw01 dnsmasq[19481]: read /var/lib/neutron/dhcp/c925f6c4-9491-4b57-b8c9-39c465598eb5/addn_hosts - 3 addresses
Jul 31 08:56:51 gtw01 dnsmasq-dhcp[19481]: read /var/lib/neutron/dhcp/c925f6c4-9491-4b57-b8c9-39c465598eb5/host
Jul 31 08:56:51 gtw01 dnsmasq-dhcp[19481]: read /var/lib/neutron/dhcp/c925f6c4-9491-4b57-b8c9-39c465598eb5/opts
Jul 31 08:56:52 gtw01 dnsmasq[19602]: read /var/lib/neutron/dhcp/7a30aba9-9baa-43f9-86c9-7e02c8585ccb/addn_hosts - 3 addresses
Jul 31 08:56:52 gtw01 dnsmasq-dhcp[19602]: read /var/lib/neutron/dhcp/7a30aba9-9baa-43f9-86c9-7e02c8585ccb/host
Jul 31 08:56:52 gtw01 dnsmasq-dhcp[19602]: read /var/lib/neutron/dhcp/7a30aba9-9baa-43f9-86c9-7e02c8585ccb/opts
Jul 31 08:56:52 gtw01 dnsmasq[19481]: read /var/lib/neutron/dhcp/c925f6c4-9491-4b57-b8c9-39c465598eb5/addn_hosts - 3 addresses
Jul 31 08:56:52 gtw01 dnsmasq-dhcp[19481]: read /var/lib/neutron/dhcp/c925f6c4-9491-4b57-b8c9-39c465598eb5/host
Jul 31 08:56:52 gtw01 dnsmasq-dhcp[19481]: read /var/lib/neutron/dhcp/c925f6c4-9491-4b57-b8c9-39c465598eb5/opts
Jul 31 08:56:53 gtw01 dnsmasq[19602]: read /var/lib/neutron/dhcp/7a30aba9-9baa-43f9-86c9-7e02c8585ccb/addn_hosts - 3 addresses
Jul 31 08:56:53 gtw01 dnsmasq-dhcp[19602]: read /var/lib/neutron/dhcp/7a30aba9-9baa-43f9-86c9-7e02c8585ccb/host
Jul 31 08:56:53 gtw01 dnsmasq-dhcp[19602]: read /var/lib/neutron/dhcp/7a30aba9-9baa-43f9-86c9-7e02c8585ccb/opts
Jul 31 08:56:54 gtw01 dnsmasq[19602]: read /var/lib/neutron/dhcp/7a30aba9-9baa-43f9-86c9-7e02c8585ccb/addn_hosts - 3 addresses
Jul 31 08:56:54 gtw01 dnsmasq-dhcp[19602]: read /var/lib/neutron/dhcp/7a30aba9-9baa-43f9-86c9-7e02c8585ccb/host
Jul 31 08:56:54 gtw01 dnsmasq-dhcp[19602]: read /var/lib/neutron/dhcp/7a30aba9-9baa-43f9-86c9-7e02c8585ccb/opts
Jul 31 08:56:55 gtw01 dnsmasq[19481]: read /var/lib/neutron/dhcp/c925f6c4-9491-4b57-b8c9-39c465598eb5/addn_hosts - 2 addresses
Jul 31 08:56:55 gtw01 dnsmasq-dhcp[19481]: read /var/lib/neutron/dhcp/c925f6c4-9491-4b57-b8c9-39c465598eb5/host
Jul 31 08:56:55 gtw01 dnsmasq-dhcp[19481]: read /var/lib/neutron/dhcp/c925f6c4-9491-4b57-b8c9-39c465598eb5/opts
Jul 31 08:56:56 gtw01 dnsmasq[19481]: read /var/lib/neutron/dhcp/c925f6c4-9491-4b57-b8c9-39c465598eb5/addn_hosts - 1 addresses
Jul 31 08:56:56 gtw01 dnsmasq-dhcp[19481]: read /var/lib/neutron/dhcp/c925f6c4-9491-4b57-b8c9-39c465598eb5/host
Jul 31 08:56:56 gtw01 dnsmasq-dhcp[19481]: read /var/lib/neutron/dhcp/c925f6c4-9491-4b57-b8c9-39c465598eb5/opts
Jul 31 08:56:57 gtw01 dnsmasq[19561]: read /var/lib/neutron/dhcp/35f65271-4282-4158-a9c4-e1e7bf6383f7/addn_hosts - 1 addresses
Jul 31 08:56:57 gtw01 dnsmasq-dhcp[19561]: read /var/lib/neutron/dhcp/35f65271-4282-4158-a9c4-e1e7bf6383f7/host
Jul 31 08:56:57 gtw01 dnsmasq-dhcp[19561]: read /var/lib/neutron/dhcp/35f65271-4282-4158-a9c4-e1e7bf6383f7/opts
Jul 31 08:57:00 gtw01 kernel: [ 5434.334108] device tap386157e9-a6 left promiscuous mode
Jul 31 08:57:02 gtw01 dnsmasq-dhcp[19602]: DHCPDISCOVER(tap654e7407-46) fa:16:3e:55:ba:1d
Jul 31 08:57:02 gtw01 dnsmasq-dhcp[19602]: DHCPOFFER(tap654e7407-46) 192.168.120.3 fa:16:3e:55:ba:1d
Jul 31 08:57:02 gtw01 dnsmasq-dhcp[19602]: DHCPREQUEST(tap654e7407-46) 192.168.120.3 fa:16:3e:55:ba:1d
Jul 31 08:57:02 gtw01 dnsmasq-dhcp[19602]: DHCPACK(tap654e7407-46) 192.168.120.3 fa:16:3e:55:ba:1d host-192-168-120-3
Jul 31 08:57:04 gtw01 kernel: [ 5438.389029] device tap3e60df61-b8 left promiscuous mode
Jul 31 08:57:08 gtw01 dnsmasq-dhcp[19602]: DHCPRELEASE(tap654e7407-46) 192.168.120.3 fa:16:3e:55:ba:1d
Jul 31 08:57:08 gtw01 dnsmasq-dhcp[19602]: DHCPRELEASE(tap654e7407-46) 192.168.120.3 fa:16:3e:55:ba:1d unknown lease
Jul 31 08:57:08 gtw01 kernel: [ 5443.081561] device tape8b34580-1a entered promiscuous mode
Jul 31 08:57:08 gtw01 systemd-udevd[20035]: Process '/sbin/ip link set tape8b34580-1a txqueuelen 10000' failed with exit code 1.
Jul 31 08:57:08 gtw01 systemd-udevd[20087]: Process '/sbin/ip link set tape8b34580-1a txqueuelen 10000' failed with exit code 1.
Jul 31 08:57:09 gtw01 dnsmasq[19602]: read /var/lib/neutron/dhcp/7a30aba9-9baa-43f9-86c9-7e02c8585ccb/addn_hosts - 2 addresses
Jul 31 08:57:09 gtw01 dnsmasq-dhcp[19602]: read /var/lib/neutron/dhcp/7a30aba9-9baa-43f9-86c9-7e02c8585ccb/host
Jul 31 08:57:09 gtw01 dnsmasq-dhcp[19602]: read /var/lib/neutron/dhcp/7a30aba9-9baa-43f9-86c9-7e02c8585ccb/opts
Jul 31 08:57:11 gtw01 kernel: [ 5445.340178] device tapb4641d14-d2 entered promiscuous mode
Jul 31 08:57:11 gtw01 systemd-udevd[20163]: Could not generate persistent MAC address for tapb4641d14-d2: No such file or directory
Jul 31 08:57:11 gtw01 systemd-udevd[20163]: Process '/sbin/ip link set tapb4641d14-d2 txqueuelen 10000' failed with exit code 1.
Jul 31 08:57:12 gtw01 dnsmasq[20250]: started, version 2.80 cachesize 150
Jul 31 08:57:12 gtw01 dnsmasq[20250]: DNS service limited to local subnets
Jul 31 08:57:12 gtw01 dnsmasq[20250]: compile time options: IPv6 GNU-getopt DBus i18n IDN DHCP DHCPv6 no-Lua TFTP conntrack ipset auth DNSSEC loop-detect inotify dumpfile
Jul 31 08:57:12 gtw01 dnsmasq[20250]: warning: no upstream servers configured
Jul 31 08:57:12 gtw01 dnsmasq-dhcp[20250]: DHCP, static leases only on 19.80.0.0, lease time 1h
Jul 31 08:57:12 gtw01 dnsmasq[20250]: read /var/lib/neutron/dhcp/b94c657a-04d8-42b8-b7bd-2eb97a561fd6/addn_hosts - 1 addresses
Jul 31 08:57:12 gtw01 dnsmasq-dhcp[20250]: read /var/lib/neutron/dhcp/b94c657a-04d8-42b8-b7bd-2eb97a561fd6/host
Jul 31 08:57:12 gtw01 dnsmasq-dhcp[20250]: read /var/lib/neutron/dhcp/b94c657a-04d8-42b8-b7bd-2eb97a561fd6/opts
Jul 31 08:57:12 gtw01 haproxy-metadata-proxy-b94c657a-04d8-42b8-b7bd-2eb97a561fd6[20257]: Proxy listener started.
Jul 31 08:57:13 gtw01 dnsmasq[19602]: read /var/lib/neutron/dhcp/7a30aba9-9baa-43f9-86c9-7e02c8585ccb/addn_hosts - 1 addresses
Jul 31 08:57:13 gtw01 dnsmasq-dhcp[19602]: read /var/lib/neutron/dhcp/7a30aba9-9baa-43f9-86c9-7e02c8585ccb/host
Jul 31 08:57:13 gtw01 dnsmasq-dhcp[19602]: read /var/lib/neutron/dhcp/7a30aba9-9baa-43f9-86c9-7e02c8585ccb/opts
Jul 31 08:57:13 gtw01 dnsmasq[20250]: read /var/lib/neutron/dhcp/b94c657a-04d8-42b8-b7bd-2eb97a561fd6/addn_hosts - 1 addresses
Jul 31 08:57:13 gtw01 dnsmasq-dhcp[20250]: read /var/lib/neutron/dhcp/b94c657a-04d8-42b8-b7bd-2eb97a561fd6/host
Jul 31 08:57:13 gtw01 dnsmasq-dhcp[20250]: read /var/lib/neutron/dhcp/b94c657a-04d8-42b8-b7bd-2eb97a561fd6/opts
Jul 31 08:57:14 gtw01 dnsmasq[20250]: read /var/lib/neutron/dhcp/b94c657a-04d8-42b8-b7bd-2eb97a561fd6/addn_hosts - 1 addresses
Jul 31 08:57:14 gtw01 dnsmasq-dhcp[20250]: read /var/lib/neutron/dhcp/b94c657a-04d8-42b8-b7bd-2eb97a561fd6/host
Jul 31 08:57:14 gtw01 dnsmasq-dhcp[20250]: read /var/lib/neutron/dhcp/b94c657a-04d8-42b8-b7bd-2eb97a561fd6/opts
Jul 31 08:57:14 gtw01 dnsmasq[20339]: started, version 2.80 cachesize 150
Jul 31 08:57:14 gtw01 dnsmasq[20339]: DNS service limited to local subnets
Jul 31 08:57:14 gtw01 dnsmasq[20339]: compile time options: IPv6 GNU-getopt DBus i18n IDN DHCP DHCPv6 no-Lua TFTP conntrack ipset auth DNSSEC loop-detect inotify dumpfile
Jul 31 08:57:14 gtw01 dnsmasq[20339]: warning: no upstream servers configured
Jul 31 08:57:14 gtw01 dnsmasq-dhcp[20339]: DHCP, static leases only on 19.86.0.0, lease time 1h
Jul 31 08:57:14 gtw01 dnsmasq[20339]: read /var/lib/neutron/dhcp/91b8dca6-b5a9-46e3-a7f1-db40db9d86cc/addn_hosts - 1 addresses
Jul 31 08:57:14 gtw01 dnsmasq-dhcp[20339]: read /var/lib/neutron/dhcp/91b8dca6-b5a9-46e3-a7f1-db40db9d86cc/host
Jul 31 08:57:14 gtw01 dnsmasq-dhcp[20339]: read /var/lib/neutron/dhcp/91b8dca6-b5a9-46e3-a7f1-db40db9d86cc/opts
Jul 31 08:57:15 gtw01 haproxy-metadata-proxy-91b8dca6-b5a9-46e3-a7f1-db40db9d86cc[20347]: Proxy listener started.
Jul 31 08:57:15 gtw01 dnsmasq[20250]: read /var/lib/neutron/dhcp/b94c657a-04d8-42b8-b7bd-2eb97a561fd6/addn_hosts - 2 addresses
Jul 31 08:57:15 gtw01 dnsmasq-dhcp[20250]: read /var/lib/neutron/dhcp/b94c657a-04d8-42b8-b7bd-2eb97a561fd6/host
Jul 31 08:57:15 gtw01 dnsmasq-dhcp[20250]: read /var/lib/neutron/dhcp/b94c657a-04d8-42b8-b7bd-2eb97a561fd6/opts
Jul 31 08:57:15 gtw01 dnsmasq[20339]: read /var/lib/neutron/dhcp/91b8dca6-b5a9-46e3-a7f1-db40db9d86cc/addn_hosts - 2 addresses
Jul 31 08:57:15 gtw01 dnsmasq-dhcp[20339]: read /var/lib/neutron/dhcp/91b8dca6-b5a9-46e3-a7f1-db40db9d86cc/host
Jul 31 08:57:15 gtw01 dnsmasq-dhcp[20339]: read /var/lib/neutron/dhcp/91b8dca6-b5a9-46e3-a7f1-db40db9d86cc/opts
Jul 31 08:57:16 gtw01 dnsmasq[20250]: read /var/lib/neutron/dhcp/b94c657a-04d8-42b8-b7bd-2eb97a561fd6/addn_hosts - 2 addresses
Jul 31 08:57:16 gtw01 dnsmasq-dhcp[20250]: read /var/lib/neutron/dhcp/b94c657a-04d8-42b8-b7bd-2eb97a561fd6/host
Jul 31 08:57:16 gtw01 dnsmasq-dhcp[20250]: read /var/lib/neutron/dhcp/b94c657a-04d8-42b8-b7bd-2eb97a561fd6/opts
Jul 31 08:57:16 gtw01 dnsmasq[20339]: read /var/lib/neutron/dhcp/91b8dca6-b5a9-46e3-a7f1-db40db9d86cc/addn_hosts - 2 addresses
Jul 31 08:57:16 gtw01 dnsmasq-dhcp[20339]: read /var/lib/neutron/dhcp/91b8dca6-b5a9-46e3-a7f1-db40db9d86cc/host
Jul 31 08:57:16 gtw01 dnsmasq-dhcp[20339]: read /var/lib/neutron/dhcp/91b8dca6-b5a9-46e3-a7f1-db40db9d86cc/opts
Jul 31 08:57:17 gtw01 dnsmasq[20250]: read /var/lib/neutron/dhcp/b94c657a-04d8-42b8-b7bd-2eb97a561fd6/addn_hosts - 2 addresses
Jul 31 08:57:17 gtw01 dnsmasq-dhcp[20250]: read /var/lib/neutron/dhcp/b94c657a-04d8-42b8-b7bd-2eb97a561fd6/host
Jul 31 08:57:17 gtw01 dnsmasq-dhcp[20250]: read /var/lib/neutron/dhcp/b94c657a-04d8-42b8-b7bd-2eb97a561fd6/opts
Jul 31 08:57:17 gtw01 dnsmasq[20339]: read /var/lib/neutron/dhcp/91b8dca6-b5a9-46e3-a7f1-db40db9d86cc/addn_hosts - 2 addresses
Jul 31 08:57:17 gtw01 dnsmasq-dhcp[20339]: read /var/lib/neutron/dhcp/91b8dca6-b5a9-46e3-a7f1-db40db9d86cc/host
Jul 31 08:57:17 gtw01 dnsmasq-dhcp[20339]: read /var/lib/neutron/dhcp/91b8dca6-b5a9-46e3-a7f1-db40db9d86cc/opts
Jul 31 08:57:18 gtw01 kernel: [ 5452.580139] device tap654e7407-46 left promiscuous mode
Jul 31 08:57:18 gtw01 dnsmasq[20250]: read /var/lib/neutron/dhcp/b94c657a-04d8-42b8-b7bd-2eb97a561fd6/addn_hosts - 2 addresses
Jul 31 08:57:18 gtw01 dnsmasq-dhcp[20250]: read /var/lib/neutron/dhcp/b94c657a-04d8-42b8-b7bd-2eb97a561fd6/host
Jul 31 08:57:18 gtw01 dnsmasq-dhcp[20250]: read /var/lib/neutron/dhcp/b94c657a-04d8-42b8-b7bd-2eb97a561fd6/opts
Jul 31 08:57:19 gtw01 dnsmasq[20339]: read /var/lib/neutron/dhcp/91b8dca6-b5a9-46e3-a7f1-db40db9d86cc/addn_hosts - 2 addresses
Jul 31 08:57:19 gtw01 dnsmasq-dhcp[20339]: read /var/lib/neutron/dhcp/91b8dca6-b5a9-46e3-a7f1-db40db9d86cc/host
Jul 31 08:57:19 gtw01 dnsmasq-dhcp[20339]: read /var/lib/neutron/dhcp/91b8dca6-b5a9-46e3-a7f1-db40db9d86cc/opts
Jul 31 08:57:19 gtw01 dnsmasq[20339]: read /var/lib/neutron/dhcp/91b8dca6-b5a9-46e3-a7f1-db40db9d86cc/addn_hosts - 2 addresses
Jul 31 08:57:19 gtw01 dnsmasq-dhcp[20339]: read /var/lib/neutron/dhcp/91b8dca6-b5a9-46e3-a7f1-db40db9d86cc/host
Jul 31 08:57:19 gtw01 dnsmasq-dhcp[20339]: read /var/lib/neutron/dhcp/91b8dca6-b5a9-46e3-a7f1-db40db9d86cc/opts
Jul 31 08:57:20 gtw01 dnsmasq[11640]: read /var/lib/neutron/dhcp/77bf4829-020b-41ce-97aa-3081d67fcfed/addn_hosts - 4 addresses
Jul 31 08:57:20 gtw01 dnsmasq-dhcp[11640]: read /var/lib/neutron/dhcp/77bf4829-020b-41ce-97aa-3081d67fcfed/host
Jul 31 08:57:20 gtw01 dnsmasq-dhcp[11640]: read /var/lib/neutron/dhcp/77bf4829-020b-41ce-97aa-3081d67fcfed/opts
Jul 31 08:57:20 gtw01 dnsmasq[20339]: read /var/lib/neutron/dhcp/91b8dca6-b5a9-46e3-a7f1-db40db9d86cc/addn_hosts - 2 addresses
Jul 31 08:57:20 gtw01 dnsmasq-dhcp[20339]: read /var/lib/neutron/dhcp/91b8dca6-b5a9-46e3-a7f1-db40db9d86cc/host
Jul 31 08:57:20 gtw01 dnsmasq-dhcp[20339]: read /var/lib/neutron/dhcp/91b8dca6-b5a9-46e3-a7f1-db40db9d86cc/opts
Jul 31 08:57:21 gtw01 dnsmasq[11640]: read /var/lib/neutron/dhcp/77bf4829-020b-41ce-97aa-3081d67fcfed/addn_hosts - 4 addresses
Jul 31 08:57:21 gtw01 dnsmasq-dhcp[11640]: read /var/lib/neutron/dhcp/77bf4829-020b-41ce-97aa-3081d67fcfed/host
Jul 31 08:57:21 gtw01 dnsmasq-dhcp[11640]: read /var/lib/neutron/dhcp/77bf4829-020b-41ce-97aa-3081d67fcfed/opts
Jul 31 08:57:22 gtw01 dnsmasq[11640]: read /var/lib/neutron/dhcp/77bf4829-020b-41ce-97aa-3081d67fcfed/addn_hosts - 4 addresses
Jul 31 08:57:22 gtw01 dnsmasq-dhcp[11640]: read /var/lib/neutron/dhcp/77bf4829-020b-41ce-97aa-3081d67fcfed/host
Jul 31 08:57:22 gtw01 dnsmasq-dhcp[11640]: read /var/lib/neutron/dhcp/77bf4829-020b-41ce-97aa-3081d67fcfed/opts
Jul 31 08:57:24 gtw01 dnsmasq[11640]: read /var/lib/neutron/dhcp/77bf4829-020b-41ce-97aa-3081d67fcfed/addn_hosts - 3 addresses
Jul 31 08:57:24 gtw01 dnsmasq-dhcp[11640]: read /var/lib/neutron/dhcp/77bf4829-020b-41ce-97aa-3081d67fcfed/host
Jul 31 08:57:24 gtw01 dnsmasq-dhcp[11640]: read /var/lib/neutron/dhcp/77bf4829-020b-41ce-97aa-3081d67fcfed/opts
Jul 31 08:57:27 gtw01 dnsmasq[11640]: read /var/lib/neutron/dhcp/77bf4829-020b-41ce-97aa-3081d67fcfed/addn_hosts - 4 addresses
Jul 31 08:57:27 gtw01 dnsmasq-dhcp[11640]: read /var/lib/neutron/dhcp/77bf4829-020b-41ce-97aa-3081d67fcfed/host
Jul 31 08:57:27 gtw01 dnsmasq-dhcp[11640]: read /var/lib/neutron/dhcp/77bf4829-020b-41ce-97aa-3081d67fcfed/opts
Jul 31 08:57:28 gtw01 dnsmasq[20250]: read /var/lib/neutron/dhcp/b94c657a-04d8-42b8-b7bd-2eb97a561fd6/addn_hosts - 1 addresses
Jul 31 08:57:28 gtw01 dnsmasq-dhcp[20250]: read /var/lib/neutron/dhcp/b94c657a-04d8-42b8-b7bd-2eb97a561fd6/host
Jul 31 08:57:28 gtw01 dnsmasq-dhcp[20250]: read /var/lib/neutron/dhcp/b94c657a-04d8-42b8-b7bd-2eb97a561fd6/opts
Jul 31 08:57:28 gtw01 dnsmasq[11640]: read /var/lib/neutron/dhcp/77bf4829-020b-41ce-97aa-3081d67fcfed/addn_hosts - 4 addresses
Jul 31 08:57:28 gtw01 dnsmasq-dhcp[11640]: read /var/lib/neutron/dhcp/77bf4829-020b-41ce-97aa-3081d67fcfed/host
Jul 31 08:57:28 gtw01 dnsmasq-dhcp[11640]: read /var/lib/neutron/dhcp/77bf4829-020b-41ce-97aa-3081d67fcfed/opts
Jul 31 08:57:29 gtw01 dnsmasq[20339]: read /var/lib/neutron/dhcp/91b8dca6-b5a9-46e3-a7f1-db40db9d86cc/addn_hosts - 1 addresses
Jul 31 08:57:29 gtw01 dnsmasq-dhcp[20339]: read /var/lib/neutron/dhcp/91b8dca6-b5a9-46e3-a7f1-db40db9d86cc/host
Jul 31 08:57:29 gtw01 dnsmasq-dhcp[20339]: read /var/lib/neutron/dhcp/91b8dca6-b5a9-46e3-a7f1-db40db9d86cc/opts
Jul 31 08:57:29 gtw01 dnsmasq[11640]: read /var/lib/neutron/dhcp/77bf4829-020b-41ce-97aa-3081d67fcfed/addn_hosts - 4 addresses
Jul 31 08:57:29 gtw01 dnsmasq-dhcp[11640]: read /var/lib/neutron/dhcp/77bf4829-020b-41ce-97aa-3081d67fcfed/host
Jul 31 08:57:29 gtw01 dnsmasq-dhcp[11640]: read /var/lib/neutron/dhcp/77bf4829-020b-41ce-97aa-3081d67fcfed/opts
Jul 31 08:57:30 gtw01 dnsmasq[11640]: read /var/lib/neutron/dhcp/77bf4829-020b-41ce-97aa-3081d67fcfed/addn_hosts - 5 addresses
Jul 31 08:57:30 gtw01 dnsmasq-dhcp[11640]: read /var/lib/neutron/dhcp/77bf4829-020b-41ce-97aa-3081d67fcfed/host
Jul 31 08:57:30 gtw01 dnsmasq-dhcp[11640]: read /var/lib/neutron/dhcp/77bf4829-020b-41ce-97aa-3081d67fcfed/opts
Jul 31 08:57:31 gtw01 dnsmasq[11640]: read /var/lib/neutron/dhcp/77bf4829-020b-41ce-97aa-3081d67fcfed/addn_hosts - 5 addresses
Jul 31 08:57:31 gtw01 dnsmasq-dhcp[11640]: read /var/lib/neutron/dhcp/77bf4829-020b-41ce-97aa-3081d67fcfed/host
Jul 31 08:57:31 gtw01 dnsmasq-dhcp[11640]: read /var/lib/neutron/dhcp/77bf4829-020b-41ce-97aa-3081d67fcfed/opts
Jul 31 08:57:32 gtw01 dnsmasq[11640]: read /var/lib/neutron/dhcp/77bf4829-020b-41ce-97aa-3081d67fcfed/addn_hosts - 5 addresses
Jul 31 08:57:32 gtw01 dnsmasq-dhcp[11640]: read /var/lib/neutron/dhcp/77bf4829-020b-41ce-97aa-3081d67fcfed/host
Jul 31 08:57:32 gtw01 dnsmasq-dhcp[11640]: read /var/lib/neutron/dhcp/77bf4829-020b-41ce-97aa-3081d67fcfed/opts
Jul 31 08:57:32 gtw01 kernel: [ 5466.796953] device tapb4641d14-d2 left promiscuous mode
Jul 31 08:57:33 gtw01 dnsmasq[11640]: read /var/lib/neutron/dhcp/77bf4829-020b-41ce-97aa-3081d67fcfed/addn_hosts - 4 addresses
Jul 31 08:57:33 gtw01 dnsmasq-dhcp[11640]: read /var/lib/neutron/dhcp/77bf4829-020b-41ce-97aa-3081d67fcfed/host
Jul 31 08:57:33 gtw01 dnsmasq-dhcp[11640]: read /var/lib/neutron/dhcp/77bf4829-020b-41ce-97aa-3081d67fcfed/opts
Jul 31 08:57:36 gtw01 kernel: [ 5470.542199] device tape8b34580-1a left promiscuous mode
Jul 31 08:57:40 gtw01 dnsmasq[19075]: read /var/lib/neutron/dhcp/e4044246-bdf9-46d4-80ed-165d9677d6e7/addn_hosts - 1 addresses
Jul 31 08:57:40 gtw01 dnsmasq-dhcp[19075]: read /var/lib/neutron/dhcp/e4044246-bdf9-46d4-80ed-165d9677d6e7/host
Jul 31 08:57:40 gtw01 dnsmasq-dhcp[19075]: read /var/lib/neutron/dhcp/e4044246-bdf9-46d4-80ed-165d9677d6e7/opts
Jul 31 08:57:40 gtw01 dnsmasq[11640]: read /var/lib/neutron/dhcp/77bf4829-020b-41ce-97aa-3081d67fcfed/addn_hosts - 5 addresses
Jul 31 08:57:40 gtw01 dnsmasq-dhcp[11640]: read /var/lib/neutron/dhcp/77bf4829-020b-41ce-97aa-3081d67fcfed/host
Jul 31 08:57:40 gtw01 dnsmasq-dhcp[11640]: read /var/lib/neutron/dhcp/77bf4829-020b-41ce-97aa-3081d67fcfed/opts
Jul 31 08:57:41 gtw01 dnsmasq[11640]: read /var/lib/neutron/dhcp/77bf4829-020b-41ce-97aa-3081d67fcfed/addn_hosts - 5 addresses
Jul 31 08:57:41 gtw01 dnsmasq-dhcp[11640]: read /var/lib/neutron/dhcp/77bf4829-020b-41ce-97aa-3081d67fcfed/host
Jul 31 08:57:41 gtw01 dnsmasq-dhcp[11640]: read /var/lib/neutron/dhcp/77bf4829-020b-41ce-97aa-3081d67fcfed/opts
Jul 31 08:57:42 gtw01 dnsmasq[11640]: read /var/lib/neutron/dhcp/77bf4829-020b-41ce-97aa-3081d67fcfed/addn_hosts - 5 addresses
Jul 31 08:57:42 gtw01 dnsmasq-dhcp[11640]: read /var/lib/neutron/dhcp/77bf4829-020b-41ce-97aa-3081d67fcfed/host
Jul 31 08:57:42 gtw01 dnsmasq-dhcp[11640]: read /var/lib/neutron/dhcp/77bf4829-020b-41ce-97aa-3081d67fcfed/opts
Jul 31 08:57:43 gtw01 dnsmasq[11640]: read /var/lib/neutron/dhcp/77bf4829-020b-41ce-97aa-3081d67fcfed/addn_hosts - 4 addresses
Jul 31 08:57:43 gtw01 dnsmasq-dhcp[11640]: read /var/lib/neutron/dhcp/77bf4829-020b-41ce-97aa-3081d67fcfed/host
Jul 31 08:57:43 gtw01 dnsmasq-dhcp[11640]: read /var/lib/neutron/dhcp/77bf4829-020b-41ce-97aa-3081d67fcfed/opts
Jul 31 08:57:43 gtw01 dnsmasq-dhcp[11640]: DHCPDISCOVER(tap40c8bd2b-24) fa:16:3e:d2:f8:e1
Jul 31 08:57:43 gtw01 dnsmasq-dhcp[11640]: DHCPOFFER(tap40c8bd2b-24) 192.168.120.9 fa:16:3e:d2:f8:e1
Jul 31 08:57:43 gtw01 dnsmasq-dhcp[11640]: DHCPREQUEST(tap40c8bd2b-24) 192.168.120.9 fa:16:3e:d2:f8:e1
Jul 31 08:57:43 gtw01 dnsmasq-dhcp[11640]: DHCPACK(tap40c8bd2b-24) 192.168.120.9 fa:16:3e:d2:f8:e1 host-192-168-120-9
Jul 31 08:57:44 gtw01 kernel: [ 5478.958796] device tap09ed8bc1-1f left promiscuous mode
Jul 31 08:57:46 gtw01 dnsmasq-dhcp[11640]: DHCPRELEASE(tap40c8bd2b-24) 192.168.120.9 fa:16:3e:d2:f8:e1
Jul 31 08:57:50 gtw01 dnsmasq[11640]: read /var/lib/neutron/dhcp/77bf4829-020b-41ce-97aa-3081d67fcfed/addn_hosts - 5 addresses
Jul 31 08:57:50 gtw01 dnsmasq-dhcp[11640]: read /var/lib/neutron/dhcp/77bf4829-020b-41ce-97aa-3081d67fcfed/host
Jul 31 08:57:50 gtw01 dnsmasq-dhcp[11640]: read /var/lib/neutron/dhcp/77bf4829-020b-41ce-97aa-3081d67fcfed/opts
Jul 31 08:57:51 gtw01 dnsmasq[11640]: read /var/lib/neutron/dhcp/77bf4829-020b-41ce-97aa-3081d67fcfed/addn_hosts - 5 addresses
Jul 31 08:57:51 gtw01 dnsmasq-dhcp[11640]: read /var/lib/neutron/dhcp/77bf4829-020b-41ce-97aa-3081d67fcfed/host
Jul 31 08:57:51 gtw01 dnsmasq-dhcp[11640]: read /var/lib/neutron/dhcp/77bf4829-020b-41ce-97aa-3081d67fcfed/opts
Jul 31 08:57:52 gtw01 dnsmasq[11640]: read /var/lib/neutron/dhcp/77bf4829-020b-41ce-97aa-3081d67fcfed/addn_hosts - 5 addresses
Jul 31 08:57:52 gtw01 dnsmasq-dhcp[11640]: read /var/lib/neutron/dhcp/77bf4829-020b-41ce-97aa-3081d67fcfed/host
Jul 31 08:57:52 gtw01 dnsmasq-dhcp[11640]: read /var/lib/neutron/dhcp/77bf4829-020b-41ce-97aa-3081d67fcfed/opts
Jul 31 08:57:52 gtw01 kernel: [ 5486.630933] device tap6d28c7e5-b7 entered promiscuous mode
Jul 31 08:57:52 gtw01 systemd-udevd[20901]: Could not generate persistent MAC address for tap6d28c7e5-b7: No such file or directory
Jul 31 08:57:52 gtw01 systemd-udevd[20946]: Process '/sbin/ip link set tap6d28c7e5-b7 txqueuelen 10000' failed with exit code 1.
Jul 31 08:57:55 gtw01 dnsmasq[21012]: started, version 2.80 cachesize 150
Jul 31 08:57:55 gtw01 dnsmasq[21012]: DNS service limited to local subnets
Jul 31 08:57:55 gtw01 dnsmasq[21012]: compile time options: IPv6 GNU-getopt DBus i18n IDN DHCP DHCPv6 no-Lua TFTP conntrack ipset auth DNSSEC loop-detect inotify dumpfile
Jul 31 08:57:55 gtw01 dnsmasq[21012]: warning: no upstream servers configured
Jul 31 08:57:55 gtw01 dnsmasq-dhcp[21012]: DHCP, static leases only on 192.168.120.0, lease time 1h
Jul 31 08:57:55 gtw01 dnsmasq[21012]: read /var/lib/neutron/dhcp/4794fa85-b4a4-4615-8aab-97413523da09/addn_hosts - 1 addresses
Jul 31 08:57:55 gtw01 dnsmasq-dhcp[21012]: read /var/lib/neutron/dhcp/4794fa85-b4a4-4615-8aab-97413523da09/host
Jul 31 08:57:55 gtw01 dnsmasq-dhcp[21012]: read /var/lib/neutron/dhcp/4794fa85-b4a4-4615-8aab-97413523da09/opts
Jul 31 08:57:55 gtw01 haproxy-metadata-proxy-4794fa85-b4a4-4615-8aab-97413523da09[21016]: Proxy listener started.
Jul 31 08:57:55 gtw01 dnsmasq-dhcp[11640]: DHCPDISCOVER(tap40c8bd2b-24) fa:16:3e:98:9a:67
Jul 31 08:57:56 gtw01 dnsmasq-dhcp[11640]: DHCPOFFER(tap40c8bd2b-24) 192.168.120.17 fa:16:3e:98:9a:67
Jul 31 08:57:56 gtw01 dnsmasq-dhcp[11640]: DHCPREQUEST(tap40c8bd2b-24) 192.168.120.17 fa:16:3e:98:9a:67
Jul 31 08:57:56 gtw01 dnsmasq-dhcp[11640]: DHCPACK(tap40c8bd2b-24) 192.168.120.17 fa:16:3e:98:9a:67 host-192-168-120-17
Jul 31 08:57:56 gtw01 dnsmasq[21012]: read /var/lib/neutron/dhcp/4794fa85-b4a4-4615-8aab-97413523da09/addn_hosts - 2 addresses
Jul 31 08:57:56 gtw01 dnsmasq-dhcp[21012]: read /var/lib/neutron/dhcp/4794fa85-b4a4-4615-8aab-97413523da09/host
Jul 31 08:57:56 gtw01 dnsmasq-dhcp[21012]: read /var/lib/neutron/dhcp/4794fa85-b4a4-4615-8aab-97413523da09/opts
Jul 31 08:57:56 gtw01 dnsmasq[11640]: read /var/lib/neutron/dhcp/77bf4829-020b-41ce-97aa-3081d67fcfed/addn_hosts - 4 addresses
Jul 31 08:57:56 gtw01 dnsmasq-dhcp[11640]: read /var/lib/neutron/dhcp/77bf4829-020b-41ce-97aa-3081d67fcfed/host
Jul 31 08:57:56 gtw01 dnsmasq-dhcp[11640]: read /var/lib/neutron/dhcp/77bf4829-020b-41ce-97aa-3081d67fcfed/opts
Jul 31 08:57:57 gtw01 dnsmasq[21012]: read /var/lib/neutron/dhcp/4794fa85-b4a4-4615-8aab-97413523da09/addn_hosts - 2 addresses
Jul 31 08:57:57 gtw01 dnsmasq-dhcp[21012]: read /var/lib/neutron/dhcp/4794fa85-b4a4-4615-8aab-97413523da09/host
Jul 31 08:57:57 gtw01 dnsmasq-dhcp[21012]: read /var/lib/neutron/dhcp/4794fa85-b4a4-4615-8aab-97413523da09/opts
Jul 31 08:57:58 gtw01 kernel: [ 5492.464063] device tap60e3f654-55 entered promiscuous mode
Jul 31 08:57:58 gtw01 systemd-udevd[21089]: Could not generate persistent MAC address for tap60e3f654-55: No such file or directory
Jul 31 08:57:58 gtw01 systemd-udevd[21089]: Process '/sbin/ip link set tap60e3f654-55 txqueuelen 10000' failed with exit code 1.
Jul 31 08:57:58 gtw01 dnsmasq-dhcp[11640]: DHCPRELEASE(tap40c8bd2b-24) 192.168.120.17 fa:16:3e:98:9a:67
Jul 31 08:57:58 gtw01 dnsmasq[21012]: read /var/lib/neutron/dhcp/4794fa85-b4a4-4615-8aab-97413523da09/addn_hosts - 2 addresses
Jul 31 08:57:58 gtw01 dnsmasq-dhcp[21012]: read /var/lib/neutron/dhcp/4794fa85-b4a4-4615-8aab-97413523da09/host
Jul 31 08:57:58 gtw01 dnsmasq-dhcp[21012]: read /var/lib/neutron/dhcp/4794fa85-b4a4-4615-8aab-97413523da09/opts
Jul 31 08:57:59 gtw01 dnsmasq[21012]: read /var/lib/neutron/dhcp/4794fa85-b4a4-4615-8aab-97413523da09/addn_hosts - 2 addresses
Jul 31 08:57:59 gtw01 dnsmasq-dhcp[21012]: read /var/lib/neutron/dhcp/4794fa85-b4a4-4615-8aab-97413523da09/host
Jul 31 08:57:59 gtw01 dnsmasq-dhcp[21012]: read /var/lib/neutron/dhcp/4794fa85-b4a4-4615-8aab-97413523da09/opts
Jul 31 08:58:00 gtw01 dnsmasq[21012]: read /var/lib/neutron/dhcp/4794fa85-b4a4-4615-8aab-97413523da09/addn_hosts - 2 addresses
Jul 31 08:58:00 gtw01 dnsmasq-dhcp[21012]: read /var/lib/neutron/dhcp/4794fa85-b4a4-4615-8aab-97413523da09/host
Jul 31 08:58:00 gtw01 dnsmasq-dhcp[21012]: read /var/lib/neutron/dhcp/4794fa85-b4a4-4615-8aab-97413523da09/opts
Jul 31 08:58:01 gtw01 dnsmasq[21243]: started, version 2.80 cachesize 150
Jul 31 08:58:01 gtw01 dnsmasq[21243]: DNS service limited to local subnets
Jul 31 08:58:01 gtw01 dnsmasq[21243]: compile time options: IPv6 GNU-getopt DBus i18n IDN DHCP DHCPv6 no-Lua TFTP conntrack ipset auth DNSSEC loop-detect inotify dumpfile
