Jul 31 08:40:38 gtw01 dnsmasq[8079]: read /var/lib/neutron/dhcp/4f38fc14-b707-4b1d-b7c2-afd094be961d/addn_hosts - 2 addresses
Jul 31 08:40:38 gtw01 dnsmasq-dhcp[8079]: read /var/lib/neutron/dhcp/4f38fc14-b707-4b1d-b7c2-afd094be961d/host
Jul 31 08:40:38 gtw01 dnsmasq-dhcp[8079]: read /var/lib/neutron/dhcp/4f38fc14-b707-4b1d-b7c2-afd094be961d/opts
Jul 31 08:40:38 gtw01 dnsmasq-dhcp[7773]: DHCPDISCOVER(tapd7876270-a0) fa:16:3e:61:ac:c7
Jul 31 08:40:38 gtw01 dnsmasq-dhcp[7773]: DHCPOFFER(tapd7876270-a0) 192.168.120.10 fa:16:3e:61:ac:c7
Jul 31 08:40:38 gtw01 dnsmasq-dhcp[7773]: DHCPREQUEST(tapd7876270-a0) 192.168.120.10 fa:16:3e:61:ac:c7
Jul 31 08:40:38 gtw01 dnsmasq-dhcp[7773]: DHCPACK(tapd7876270-a0) 192.168.120.10 fa:16:3e:61:ac:c7 host-192-168-120-10
Jul 31 08:40:38 gtw01 dnsmasq[8289]: read /var/lib/neutron/dhcp/3ccc1bda-5031-4877-8d6c-d559aac143c8/addn_hosts - 2 addresses
Jul 31 08:40:38 gtw01 dnsmasq-dhcp[8289]: read /var/lib/neutron/dhcp/3ccc1bda-5031-4877-8d6c-d559aac143c8/host
Jul 31 08:40:38 gtw01 dnsmasq-dhcp[8289]: read /var/lib/neutron/dhcp/3ccc1bda-5031-4877-8d6c-d559aac143c8/opts
Jul 31 08:40:39 gtw01 dnsmasq[8289]: read /var/lib/neutron/dhcp/3ccc1bda-5031-4877-8d6c-d559aac143c8/addn_hosts - 2 addresses
Jul 31 08:40:39 gtw01 dnsmasq-dhcp[8289]: read /var/lib/neutron/dhcp/3ccc1bda-5031-4877-8d6c-d559aac143c8/host
Jul 31 08:40:39 gtw01 dnsmasq-dhcp[8289]: read /var/lib/neutron/dhcp/3ccc1bda-5031-4877-8d6c-d559aac143c8/opts
Jul 31 08:40:40 gtw01 dnsmasq[8289]: read /var/lib/neutron/dhcp/3ccc1bda-5031-4877-8d6c-d559aac143c8/addn_hosts - 2 addresses
Jul 31 08:40:40 gtw01 dnsmasq-dhcp[8289]: read /var/lib/neutron/dhcp/3ccc1bda-5031-4877-8d6c-d559aac143c8/host
Jul 31 08:40:40 gtw01 dnsmasq-dhcp[8289]: read /var/lib/neutron/dhcp/3ccc1bda-5031-4877-8d6c-d559aac143c8/opts
Jul 31 08:40:41 gtw01 systemd-udevd[8493]: Could not generate persistent MAC address for tap385e4198-ad: No such file or directory
Jul 31 08:40:41 gtw01 kernel: [ 4455.902153] device tap385e4198-ad entered promiscuous mode
Jul 31 08:40:41 gtw01 systemd-udevd[8544]: Process '/sbin/ip link set tap385e4198-ad txqueuelen 10000' failed with exit code 1.
Jul 31 08:40:42 gtw01 dnsmasq[8571]: started, version 2.80 cachesize 150
Jul 31 08:40:42 gtw01 dnsmasq[8571]: DNS service limited to local subnets
Jul 31 08:40:42 gtw01 dnsmasq[8571]: compile time options: IPv6 GNU-getopt DBus i18n IDN DHCP DHCPv6 no-Lua TFTP conntrack ipset auth DNSSEC loop-detect inotify dumpfile
Jul 31 08:40:42 gtw01 dnsmasq[8571]: warning: no upstream servers configured
Jul 31 08:40:42 gtw01 dnsmasq-dhcp[8571]: DHCP, static leases only on 192.168.122.0, lease time 1h
Jul 31 08:40:42 gtw01 dnsmasq[8571]: read /var/lib/neutron/dhcp/720aa49c-5000-4094-a3f5-6732287276dd/addn_hosts - 1 addresses
Jul 31 08:40:42 gtw01 dnsmasq-dhcp[8571]: read /var/lib/neutron/dhcp/720aa49c-5000-4094-a3f5-6732287276dd/host
Jul 31 08:40:42 gtw01 dnsmasq-dhcp[8571]: read /var/lib/neutron/dhcp/720aa49c-5000-4094-a3f5-6732287276dd/opts
Jul 31 08:40:42 gtw01 dnsmasq[8289]: read /var/lib/neutron/dhcp/3ccc1bda-5031-4877-8d6c-d559aac143c8/addn_hosts - 2 addresses
Jul 31 08:40:42 gtw01 dnsmasq-dhcp[8289]: read /var/lib/neutron/dhcp/3ccc1bda-5031-4877-8d6c-d559aac143c8/host
Jul 31 08:40:42 gtw01 dnsmasq-dhcp[8289]: read /var/lib/neutron/dhcp/3ccc1bda-5031-4877-8d6c-d559aac143c8/opts
Jul 31 08:40:42 gtw01 haproxy-metadata-proxy-720aa49c-5000-4094-a3f5-6732287276dd[8583]: Proxy listener started.
Jul 31 08:40:43 gtw01 dnsmasq-dhcp[6927]: DHCPDISCOVER(tapb2e1dc08-49) fa:16:3e:e7:e7:93
Jul 31 08:40:43 gtw01 dnsmasq-dhcp[6927]: DHCPOFFER(tapb2e1dc08-49) 192.168.120.10 fa:16:3e:e7:e7:93
Jul 31 08:40:43 gtw01 dnsmasq-dhcp[6927]: DHCPREQUEST(tapb2e1dc08-49) 192.168.120.10 fa:16:3e:e7:e7:93
Jul 31 08:40:43 gtw01 dnsmasq-dhcp[6927]: DHCPACK(tapb2e1dc08-49) 192.168.120.10 fa:16:3e:e7:e7:93 host-192-168-120-10
Jul 31 08:40:43 gtw01 dnsmasq[8571]: read /var/lib/neutron/dhcp/720aa49c-5000-4094-a3f5-6732287276dd/addn_hosts - 2 addresses
Jul 31 08:40:43 gtw01 dnsmasq-dhcp[8571]: read /var/lib/neutron/dhcp/720aa49c-5000-4094-a3f5-6732287276dd/host
Jul 31 08:40:43 gtw01 dnsmasq-dhcp[8571]: read /var/lib/neutron/dhcp/720aa49c-5000-4094-a3f5-6732287276dd/opts
Jul 31 08:40:43 gtw01 dnsmasq[8289]: read /var/lib/neutron/dhcp/3ccc1bda-5031-4877-8d6c-d559aac143c8/addn_hosts - 2 addresses
Jul 31 08:40:43 gtw01 dnsmasq-dhcp[8289]: read /var/lib/neutron/dhcp/3ccc1bda-5031-4877-8d6c-d559aac143c8/host
Jul 31 08:40:43 gtw01 dnsmasq-dhcp[8289]: read /var/lib/neutron/dhcp/3ccc1bda-5031-4877-8d6c-d559aac143c8/opts
Jul 31 08:40:44 gtw01 dnsmasq[8571]: read /var/lib/neutron/dhcp/720aa49c-5000-4094-a3f5-6732287276dd/addn_hosts - 2 addresses
Jul 31 08:40:44 gtw01 dnsmasq-dhcp[8571]: read /var/lib/neutron/dhcp/720aa49c-5000-4094-a3f5-6732287276dd/host
Jul 31 08:40:44 gtw01 dnsmasq-dhcp[8571]: read /var/lib/neutron/dhcp/720aa49c-5000-4094-a3f5-6732287276dd/opts
Jul 31 08:40:45 gtw01 dnsmasq[8571]: read /var/lib/neutron/dhcp/720aa49c-5000-4094-a3f5-6732287276dd/addn_hosts - 2 addresses
Jul 31 08:40:45 gtw01 dnsmasq-dhcp[8571]: read /var/lib/neutron/dhcp/720aa49c-5000-4094-a3f5-6732287276dd/host
Jul 31 08:40:45 gtw01 dnsmasq-dhcp[8571]: read /var/lib/neutron/dhcp/720aa49c-5000-4094-a3f5-6732287276dd/opts
Jul 31 08:40:45 gtw01 dnsmasq[8698]: started, version 2.80 cachesize 150
Jul 31 08:40:45 gtw01 dnsmasq[8698]: DNS service limited to local subnets
Jul 31 08:40:45 gtw01 dnsmasq[8698]: compile time options: IPv6 GNU-getopt DBus i18n IDN DHCP DHCPv6 no-Lua TFTP conntrack ipset auth DNSSEC loop-detect inotify dumpfile
Jul 31 08:40:45 gtw01 dnsmasq[8698]: warning: no upstream servers configured
Jul 31 08:40:45 gtw01 dnsmasq-dhcp[8698]: DHCP, static leases only on 192.168.123.0, lease time 1h
Jul 31 08:40:45 gtw01 dnsmasq[8698]: read /var/lib/neutron/dhcp/9e489427-d9cd-4eac-bbc3-9e01f1cf2fef/addn_hosts - 1 addresses
Jul 31 08:40:45 gtw01 dnsmasq-dhcp[8698]: read /var/lib/neutron/dhcp/9e489427-d9cd-4eac-bbc3-9e01f1cf2fef/host
Jul 31 08:40:45 gtw01 dnsmasq-dhcp[8698]: read /var/lib/neutron/dhcp/9e489427-d9cd-4eac-bbc3-9e01f1cf2fef/opts
Jul 31 08:40:46 gtw01 haproxy-metadata-proxy-9e489427-d9cd-4eac-bbc3-9e01f1cf2fef[8705]: Proxy listener started.
Jul 31 08:40:46 gtw01 dnsmasq[8571]: read /var/lib/neutron/dhcp/720aa49c-5000-4094-a3f5-6732287276dd/addn_hosts - 2 addresses
Jul 31 08:40:46 gtw01 dnsmasq-dhcp[8571]: read /var/lib/neutron/dhcp/720aa49c-5000-4094-a3f5-6732287276dd/host
Jul 31 08:40:46 gtw01 dnsmasq-dhcp[8571]: read /var/lib/neutron/dhcp/720aa49c-5000-4094-a3f5-6732287276dd/opts
Jul 31 08:40:46 gtw01 dnsmasq[8698]: read /var/lib/neutron/dhcp/9e489427-d9cd-4eac-bbc3-9e01f1cf2fef/addn_hosts - 1 addresses
Jul 31 08:40:46 gtw01 dnsmasq-dhcp[8698]: read /var/lib/neutron/dhcp/9e489427-d9cd-4eac-bbc3-9e01f1cf2fef/host
Jul 31 08:40:46 gtw01 dnsmasq-dhcp[8698]: read /var/lib/neutron/dhcp/9e489427-d9cd-4eac-bbc3-9e01f1cf2fef/opts
Jul 31 08:40:47 gtw01 dnsmasq[8571]: read /var/lib/neutron/dhcp/720aa49c-5000-4094-a3f5-6732287276dd/addn_hosts - 2 addresses
Jul 31 08:40:47 gtw01 dnsmasq-dhcp[8571]: read /var/lib/neutron/dhcp/720aa49c-5000-4094-a3f5-6732287276dd/host
Jul 31 08:40:47 gtw01 dnsmasq-dhcp[8571]: read /var/lib/neutron/dhcp/720aa49c-5000-4094-a3f5-6732287276dd/opts
Jul 31 08:40:47 gtw01 dnsmasq[8698]: read /var/lib/neutron/dhcp/9e489427-d9cd-4eac-bbc3-9e01f1cf2fef/addn_hosts - 1 addresses
Jul 31 08:40:47 gtw01 dnsmasq-dhcp[8698]: read /var/lib/neutron/dhcp/9e489427-d9cd-4eac-bbc3-9e01f1cf2fef/host
Jul 31 08:40:47 gtw01 dnsmasq-dhcp[8698]: read /var/lib/neutron/dhcp/9e489427-d9cd-4eac-bbc3-9e01f1cf2fef/opts
Jul 31 08:40:48 gtw01 kernel: [ 4463.067795] device tap385e4198-ad left promiscuous mode
Jul 31 08:40:49 gtw01 dnsmasq-dhcp[7773]: DHCPRELEASE(tapd7876270-a0) 192.168.120.10 fa:16:3e:61:ac:c7
Jul 31 08:40:49 gtw01 dnsmasq-dhcp[7773]: DHCPRELEASE(tapd7876270-a0) 192.168.120.10 fa:16:3e:61:ac:c7 unknown lease
Jul 31 08:40:50 gtw01 dnsmasq[7773]: read /var/lib/neutron/dhcp/9976ffb4-dc00-4245-8f91-c8b6d493b551/addn_hosts - 2 addresses
Jul 31 08:40:50 gtw01 dnsmasq-dhcp[7773]: read /var/lib/neutron/dhcp/9976ffb4-dc00-4245-8f91-c8b6d493b551/host
Jul 31 08:40:50 gtw01 dnsmasq-dhcp[7773]: read /var/lib/neutron/dhcp/9976ffb4-dc00-4245-8f91-c8b6d493b551/opts
Jul 31 08:40:51 gtw01 dnsmasq[8571]: read /var/lib/neutron/dhcp/720aa49c-5000-4094-a3f5-6732287276dd/addn_hosts - 1 addresses
Jul 31 08:40:51 gtw01 dnsmasq-dhcp[8571]: read /var/lib/neutron/dhcp/720aa49c-5000-4094-a3f5-6732287276dd/host
Jul 31 08:40:51 gtw01 dnsmasq-dhcp[8571]: read /var/lib/neutron/dhcp/720aa49c-5000-4094-a3f5-6732287276dd/opts
Jul 31 08:40:52 gtw01 dnsmasq-dhcp[6927]: DHCPRELEASE(tapb2e1dc08-49) 192.168.120.10 fa:16:3e:e7:e7:93
Jul 31 08:40:53 gtw01 dnsmasq[7773]: read /var/lib/neutron/dhcp/9976ffb4-dc00-4245-8f91-c8b6d493b551/addn_hosts - 1 addresses
Jul 31 08:40:53 gtw01 dnsmasq-dhcp[7773]: read /var/lib/neutron/dhcp/9976ffb4-dc00-4245-8f91-c8b6d493b551/host
Jul 31 08:40:53 gtw01 dnsmasq-dhcp[7773]: read /var/lib/neutron/dhcp/9976ffb4-dc00-4245-8f91-c8b6d493b551/opts
Jul 31 08:40:54 gtw01 kernel: [ 4468.608582] device tapd0e1dfb5-dd left promiscuous mode
Jul 31 08:40:56 gtw01 kernel: [ 4471.077390] device tapd7876270-a0 left promiscuous mode
Jul 31 08:40:57 gtw01 dnsmasq[8289]: read /var/lib/neutron/dhcp/3ccc1bda-5031-4877-8d6c-d559aac143c8/addn_hosts - 1 addresses
Jul 31 08:40:57 gtw01 dnsmasq-dhcp[8289]: read /var/lib/neutron/dhcp/3ccc1bda-5031-4877-8d6c-d559aac143c8/host
Jul 31 08:40:57 gtw01 dnsmasq-dhcp[8289]: read /var/lib/neutron/dhcp/3ccc1bda-5031-4877-8d6c-d559aac143c8/opts
Jul 31 08:40:59 gtw01 kernel: [ 4474.042808] device tap7c4549ec-4d left promiscuous mode
Jul 31 08:41:02 gtw01 dnsmasq[8079]: read /var/lib/neutron/dhcp/4f38fc14-b707-4b1d-b7c2-afd094be961d/addn_hosts - 1 addresses
Jul 31 08:41:02 gtw01 dnsmasq-dhcp[8079]: read /var/lib/neutron/dhcp/4f38fc14-b707-4b1d-b7c2-afd094be961d/host
Jul 31 08:41:02 gtw01 dnsmasq-dhcp[8079]: read /var/lib/neutron/dhcp/4f38fc14-b707-4b1d-b7c2-afd094be961d/opts
Jul 31 08:41:04 gtw01 kernel: [ 4478.559171] device tap33f1d755-d9 entered promiscuous mode
Jul 31 08:41:04 gtw01 systemd-udevd[8914]: Could not generate persistent MAC address for tap33f1d755-d9: No such file or directory
Jul 31 08:41:04 gtw01 systemd-udevd[8914]: Process '/sbin/ip link set tap33f1d755-d9 txqueuelen 10000' failed with exit code 1.
Jul 31 08:41:04 gtw01 systemd-udevd[8964]: Process '/sbin/ip link set tap33f1d755-d9 txqueuelen 10000' failed with exit code 1.
Jul 31 08:41:04 gtw01 kernel: [ 4479.219275] device tap2380a95d-71 left promiscuous mode
Jul 31 08:41:07 gtw01 dnsmasq[9034]: started, version 2.80 cachesize 150
Jul 31 08:41:07 gtw01 dnsmasq[9034]: DNS service limited to local subnets
Jul 31 08:41:07 gtw01 dnsmasq[9034]: compile time options: IPv6 GNU-getopt DBus i18n IDN DHCP DHCPv6 no-Lua TFTP conntrack ipset auth DNSSEC loop-detect inotify dumpfile
Jul 31 08:41:07 gtw01 dnsmasq[9034]: warning: no upstream servers configured
Jul 31 08:41:07 gtw01 dnsmasq-dhcp[9034]: DHCP, static leases only on 192.168.120.0, lease time 1h
Jul 31 08:41:07 gtw01 dnsmasq[9034]: read /var/lib/neutron/dhcp/02ceadeb-76eb-4e9f-a99b-03ff18066fd6/addn_hosts - 1 addresses
Jul 31 08:41:07 gtw01 dnsmasq-dhcp[9034]: read /var/lib/neutron/dhcp/02ceadeb-76eb-4e9f-a99b-03ff18066fd6/host
Jul 31 08:41:07 gtw01 dnsmasq-dhcp[9034]: read /var/lib/neutron/dhcp/02ceadeb-76eb-4e9f-a99b-03ff18066fd6/opts
Jul 31 08:41:07 gtw01 haproxy-metadata-proxy-02ceadeb-76eb-4e9f-a99b-03ff18066fd6[9038]: Proxy listener started.
Jul 31 08:41:08 gtw01 dnsmasq[9034]: read /var/lib/neutron/dhcp/02ceadeb-76eb-4e9f-a99b-03ff18066fd6/addn_hosts - 3 addresses
Jul 31 08:41:08 gtw01 dnsmasq-dhcp[9034]: read /var/lib/neutron/dhcp/02ceadeb-76eb-4e9f-a99b-03ff18066fd6/host
Jul 31 08:41:08 gtw01 dnsmasq-dhcp[9034]: read /var/lib/neutron/dhcp/02ceadeb-76eb-4e9f-a99b-03ff18066fd6/opts
Jul 31 08:41:09 gtw01 dnsmasq-dhcp[6927]: DHCPDISCOVER(tapb2e1dc08-49) fa:16:3e:e7:e7:93
Jul 31 08:41:09 gtw01 dnsmasq-dhcp[6927]: DHCPOFFER(tapb2e1dc08-49) 192.168.120.10 fa:16:3e:e7:e7:93
Jul 31 08:41:09 gtw01 dnsmasq-dhcp[6927]: DHCPREQUEST(tapb2e1dc08-49) 192.168.120.10 fa:16:3e:e7:e7:93
Jul 31 08:41:09 gtw01 dnsmasq-dhcp[6927]: DHCPACK(tapb2e1dc08-49) 192.168.120.10 fa:16:3e:e7:e7:93 host-192-168-120-10
Jul 31 08:41:09 gtw01 dnsmasq[9034]: read /var/lib/neutron/dhcp/02ceadeb-76eb-4e9f-a99b-03ff18066fd6/addn_hosts - 3 addresses
Jul 31 08:41:09 gtw01 dnsmasq-dhcp[9034]: read /var/lib/neutron/dhcp/02ceadeb-76eb-4e9f-a99b-03ff18066fd6/host
Jul 31 08:41:09 gtw01 dnsmasq-dhcp[9034]: read /var/lib/neutron/dhcp/02ceadeb-76eb-4e9f-a99b-03ff18066fd6/opts
Jul 31 08:41:10 gtw01 dnsmasq[9034]: read /var/lib/neutron/dhcp/02ceadeb-76eb-4e9f-a99b-03ff18066fd6/addn_hosts - 3 addresses
Jul 31 08:41:10 gtw01 dnsmasq-dhcp[9034]: read /var/lib/neutron/dhcp/02ceadeb-76eb-4e9f-a99b-03ff18066fd6/host
Jul 31 08:41:10 gtw01 dnsmasq-dhcp[9034]: read /var/lib/neutron/dhcp/02ceadeb-76eb-4e9f-a99b-03ff18066fd6/opts
Jul 31 08:41:11 gtw01 dnsmasq[9034]: read /var/lib/neutron/dhcp/02ceadeb-76eb-4e9f-a99b-03ff18066fd6/addn_hosts - 3 addresses
Jul 31 08:41:11 gtw01 dnsmasq-dhcp[9034]: read /var/lib/neutron/dhcp/02ceadeb-76eb-4e9f-a99b-03ff18066fd6/host
Jul 31 08:41:11 gtw01 dnsmasq-dhcp[9034]: read /var/lib/neutron/dhcp/02ceadeb-76eb-4e9f-a99b-03ff18066fd6/opts
Jul 31 08:41:12 gtw01 dnsmasq[9034]: read /var/lib/neutron/dhcp/02ceadeb-76eb-4e9f-a99b-03ff18066fd6/addn_hosts - 4 addresses
Jul 31 08:41:12 gtw01 dnsmasq-dhcp[9034]: read /var/lib/neutron/dhcp/02ceadeb-76eb-4e9f-a99b-03ff18066fd6/host
Jul 31 08:41:12 gtw01 dnsmasq-dhcp[9034]: read /var/lib/neutron/dhcp/02ceadeb-76eb-4e9f-a99b-03ff18066fd6/opts
Jul 31 08:41:13 gtw01 dnsmasq[9034]: read /var/lib/neutron/dhcp/02ceadeb-76eb-4e9f-a99b-03ff18066fd6/addn_hosts - 4 addresses
Jul 31 08:41:13 gtw01 dnsmasq-dhcp[9034]: read /var/lib/neutron/dhcp/02ceadeb-76eb-4e9f-a99b-03ff18066fd6/host
Jul 31 08:41:13 gtw01 dnsmasq-dhcp[9034]: read /var/lib/neutron/dhcp/02ceadeb-76eb-4e9f-a99b-03ff18066fd6/opts
Jul 31 08:41:14 gtw01 dnsmasq[9034]: read /var/lib/neutron/dhcp/02ceadeb-76eb-4e9f-a99b-03ff18066fd6/addn_hosts - 4 addresses
Jul 31 08:41:14 gtw01 dnsmasq-dhcp[9034]: read /var/lib/neutron/dhcp/02ceadeb-76eb-4e9f-a99b-03ff18066fd6/host
Jul 31 08:41:14 gtw01 dnsmasq-dhcp[9034]: read /var/lib/neutron/dhcp/02ceadeb-76eb-4e9f-a99b-03ff18066fd6/opts
Jul 31 08:41:15 gtw01 dnsmasq[9034]: read /var/lib/neutron/dhcp/02ceadeb-76eb-4e9f-a99b-03ff18066fd6/addn_hosts - 4 addresses
Jul 31 08:41:15 gtw01 dnsmasq-dhcp[9034]: read /var/lib/neutron/dhcp/02ceadeb-76eb-4e9f-a99b-03ff18066fd6/host
Jul 31 08:41:15 gtw01 dnsmasq-dhcp[9034]: read /var/lib/neutron/dhcp/02ceadeb-76eb-4e9f-a99b-03ff18066fd6/opts
Jul 31 08:41:16 gtw01 dnsmasq[9034]: read /var/lib/neutron/dhcp/02ceadeb-76eb-4e9f-a99b-03ff18066fd6/addn_hosts - 4 addresses
Jul 31 08:41:16 gtw01 dnsmasq-dhcp[9034]: read /var/lib/neutron/dhcp/02ceadeb-76eb-4e9f-a99b-03ff18066fd6/host
Jul 31 08:41:16 gtw01 dnsmasq-dhcp[9034]: read /var/lib/neutron/dhcp/02ceadeb-76eb-4e9f-a99b-03ff18066fd6/opts
Jul 31 08:41:16 gtw01 dnsmasq[9034]: read /var/lib/neutron/dhcp/02ceadeb-76eb-4e9f-a99b-03ff18066fd6/addn_hosts - 4 addresses
Jul 31 08:41:16 gtw01 dnsmasq-dhcp[9034]: read /var/lib/neutron/dhcp/02ceadeb-76eb-4e9f-a99b-03ff18066fd6/host
Jul 31 08:41:16 gtw01 dnsmasq-dhcp[9034]: read /var/lib/neutron/dhcp/02ceadeb-76eb-4e9f-a99b-03ff18066fd6/opts
Jul 31 08:41:17 gtw01 dnsmasq-dhcp[6927]: DHCPRELEASE(tapb2e1dc08-49) 192.168.120.10 fa:16:3e:e7:e7:93
Jul 31 08:41:17 gtw01 dnsmasq[9034]: read /var/lib/neutron/dhcp/02ceadeb-76eb-4e9f-a99b-03ff18066fd6/addn_hosts - 4 addresses
Jul 31 08:41:17 gtw01 dnsmasq-dhcp[9034]: read /var/lib/neutron/dhcp/02ceadeb-76eb-4e9f-a99b-03ff18066fd6/host
Jul 31 08:41:17 gtw01 dnsmasq-dhcp[9034]: read /var/lib/neutron/dhcp/02ceadeb-76eb-4e9f-a99b-03ff18066fd6/opts
Jul 31 08:41:18 gtw01 dnsmasq[9034]: read /var/lib/neutron/dhcp/02ceadeb-76eb-4e9f-a99b-03ff18066fd6/addn_hosts - 4 addresses
Jul 31 08:41:18 gtw01 dnsmasq-dhcp[9034]: read /var/lib/neutron/dhcp/02ceadeb-76eb-4e9f-a99b-03ff18066fd6/host
Jul 31 08:41:18 gtw01 dnsmasq-dhcp[9034]: read /var/lib/neutron/dhcp/02ceadeb-76eb-4e9f-a99b-03ff18066fd6/opts
Jul 31 08:41:19 gtw01 dnsmasq[9034]: read /var/lib/neutron/dhcp/02ceadeb-76eb-4e9f-a99b-03ff18066fd6/addn_hosts - 3 addresses
Jul 31 08:41:19 gtw01 dnsmasq-dhcp[9034]: read /var/lib/neutron/dhcp/02ceadeb-76eb-4e9f-a99b-03ff18066fd6/host
Jul 31 08:41:19 gtw01 dnsmasq-dhcp[9034]: read /var/lib/neutron/dhcp/02ceadeb-76eb-4e9f-a99b-03ff18066fd6/opts
Jul 31 08:41:22 gtw01 dnsmasq[9034]: read /var/lib/neutron/dhcp/02ceadeb-76eb-4e9f-a99b-03ff18066fd6/addn_hosts - 2 addresses
Jul 31 08:41:22 gtw01 dnsmasq-dhcp[9034]: read /var/lib/neutron/dhcp/02ceadeb-76eb-4e9f-a99b-03ff18066fd6/host
Jul 31 08:41:22 gtw01 dnsmasq-dhcp[9034]: read /var/lib/neutron/dhcp/02ceadeb-76eb-4e9f-a99b-03ff18066fd6/opts
Jul 31 08:41:22 gtw01 dnsmasq-dhcp[9034]: DHCPDISCOVER(tap33f1d755-d9) fa:16:3e:da:ca:74
Jul 31 08:41:22 gtw01 dnsmasq-dhcp[9034]: DHCPOFFER(tap33f1d755-d9) 192.168.120.4 fa:16:3e:da:ca:74
Jul 31 08:41:22 gtw01 dnsmasq-dhcp[9034]: DHCPREQUEST(tap33f1d755-d9) 192.168.120.4 fa:16:3e:da:ca:74
Jul 31 08:41:22 gtw01 dnsmasq-dhcp[9034]: DHCPACK(tap33f1d755-d9) 192.168.120.4 fa:16:3e:da:ca:74 host-192-168-120-4
Jul 31 08:41:24 gtw01 dnsmasq-dhcp[9034]: DHCPRELEASE(tap33f1d755-d9) 192.168.120.4 fa:16:3e:da:ca:74
Jul 31 08:41:24 gtw01 dnsmasq-dhcp[9034]: DHCPRELEASE(tap33f1d755-d9) 192.168.120.4 fa:16:3e:da:ca:74 unknown lease
Jul 31 08:41:25 gtw01 dnsmasq[9034]: read /var/lib/neutron/dhcp/02ceadeb-76eb-4e9f-a99b-03ff18066fd6/addn_hosts - 1 addresses
Jul 31 08:41:25 gtw01 dnsmasq-dhcp[9034]: read /var/lib/neutron/dhcp/02ceadeb-76eb-4e9f-a99b-03ff18066fd6/host
Jul 31 08:41:25 gtw01 dnsmasq-dhcp[9034]: read /var/lib/neutron/dhcp/02ceadeb-76eb-4e9f-a99b-03ff18066fd6/opts
Jul 31 08:41:27 gtw01 kernel: [ 4501.537269] device tap33f1d755-d9 left promiscuous mode
Jul 31 08:41:33 gtw01 dnsmasq-dhcp[6927]: DHCPDISCOVER(tapb2e1dc08-49) fa:16:3e:e7:e7:93
Jul 31 08:41:33 gtw01 dnsmasq-dhcp[6927]: DHCPOFFER(tapb2e1dc08-49) 192.168.120.10 fa:16:3e:e7:e7:93
Jul 31 08:41:33 gtw01 dnsmasq-dhcp[6927]: DHCPREQUEST(tapb2e1dc08-49) 192.168.120.10 fa:16:3e:e7:e7:93
Jul 31 08:41:33 gtw01 dnsmasq-dhcp[6927]: DHCPACK(tapb2e1dc08-49) 192.168.120.10 fa:16:3e:e7:e7:93 host-192-168-120-10
Jul 31 08:41:35 gtw01 dnsmasq[5457]: read /var/lib/neutron/dhcp/18986f40-ba44-4889-b0a6-fbe8ffe222f7/addn_hosts - 3 addresses
Jul 31 08:41:35 gtw01 dnsmasq-dhcp[5457]: read /var/lib/neutron/dhcp/18986f40-ba44-4889-b0a6-fbe8ffe222f7/host
Jul 31 08:41:35 gtw01 dnsmasq-dhcp[5457]: read /var/lib/neutron/dhcp/18986f40-ba44-4889-b0a6-fbe8ffe222f7/opts
Jul 31 08:41:35 gtw01 dnsmasq-dhcp[6927]: DHCPRELEASE(tapb2e1dc08-49) 192.168.120.10 fa:16:3e:e7:e7:93
Jul 31 08:41:36 gtw01 dnsmasq[5457]: read /var/lib/neutron/dhcp/18986f40-ba44-4889-b0a6-fbe8ffe222f7/addn_hosts - 3 addresses
Jul 31 08:41:36 gtw01 dnsmasq-dhcp[5457]: read /var/lib/neutron/dhcp/18986f40-ba44-4889-b0a6-fbe8ffe222f7/host
Jul 31 08:41:36 gtw01 dnsmasq-dhcp[5457]: read /var/lib/neutron/dhcp/18986f40-ba44-4889-b0a6-fbe8ffe222f7/opts
Jul 31 08:41:37 gtw01 dnsmasq[5457]: read /var/lib/neutron/dhcp/18986f40-ba44-4889-b0a6-fbe8ffe222f7/addn_hosts - 3 addresses
Jul 31 08:41:37 gtw01 dnsmasq-dhcp[5457]: read /var/lib/neutron/dhcp/18986f40-ba44-4889-b0a6-fbe8ffe222f7/host
Jul 31 08:41:37 gtw01 dnsmasq-dhcp[5457]: read /var/lib/neutron/dhcp/18986f40-ba44-4889-b0a6-fbe8ffe222f7/opts
Jul 31 08:41:46 gtw01 dnsmasq[6927]: read /var/lib/neutron/dhcp/d66fe126-9def-4496-b84f-733286e00771/addn_hosts - 2 addresses
Jul 31 08:41:46 gtw01 dnsmasq-dhcp[6927]: read /var/lib/neutron/dhcp/d66fe126-9def-4496-b84f-733286e00771/host
Jul 31 08:41:46 gtw01 dnsmasq-dhcp[6927]: read /var/lib/neutron/dhcp/d66fe126-9def-4496-b84f-733286e00771/opts
Jul 31 08:41:47 gtw01 dnsmasq-dhcp[5457]: DHCPDISCOVER(tap4c7c3b43-f0) fa:16:3e:69:b0:eb
Jul 31 08:41:47 gtw01 dnsmasq-dhcp[5457]: DHCPOFFER(tap4c7c3b43-f0) 192.168.120.3 fa:16:3e:69:b0:eb
Jul 31 08:41:47 gtw01 dnsmasq-dhcp[5457]: DHCPREQUEST(tap4c7c3b43-f0) 192.168.120.3 fa:16:3e:69:b0:eb
Jul 31 08:41:47 gtw01 dnsmasq-dhcp[5457]: DHCPACK(tap4c7c3b43-f0) 192.168.120.3 fa:16:3e:69:b0:eb host-192-168-120-3
Jul 31 08:41:49 gtw01 dnsmasq[6927]: read /var/lib/neutron/dhcp/d66fe126-9def-4496-b84f-733286e00771/addn_hosts - 1 addresses
Jul 31 08:41:49 gtw01 dnsmasq-dhcp[6927]: read /var/lib/neutron/dhcp/d66fe126-9def-4496-b84f-733286e00771/host
Jul 31 08:41:49 gtw01 dnsmasq-dhcp[6927]: read /var/lib/neutron/dhcp/d66fe126-9def-4496-b84f-733286e00771/opts
Jul 31 08:41:53 gtw01 kernel: [ 4528.219585] device tapb2e1dc08-49 left promiscuous mode
Jul 31 08:41:55 gtw01 dnsmasq-dhcp[5457]: DHCPRELEASE(tap4c7c3b43-f0) 192.168.120.3 fa:16:3e:69:b0:eb
Jul 31 08:41:55 gtw01 dnsmasq-dhcp[5457]: DHCPRELEASE(tap4c7c3b43-f0) 192.168.120.3 fa:16:3e:69:b0:eb unknown lease
Jul 31 08:41:56 gtw01 dnsmasq[5457]: read /var/lib/neutron/dhcp/18986f40-ba44-4889-b0a6-fbe8ffe222f7/addn_hosts - 2 addresses
Jul 31 08:41:56 gtw01 dnsmasq-dhcp[5457]: read /var/lib/neutron/dhcp/18986f40-ba44-4889-b0a6-fbe8ffe222f7/host
Jul 31 08:41:56 gtw01 dnsmasq-dhcp[5457]: read /var/lib/neutron/dhcp/18986f40-ba44-4889-b0a6-fbe8ffe222f7/opts
Jul 31 08:42:04 gtw01 dnsmasq[5457]: read /var/lib/neutron/dhcp/18986f40-ba44-4889-b0a6-fbe8ffe222f7/addn_hosts - 3 addresses
Jul 31 08:42:04 gtw01 dnsmasq-dhcp[5457]: read /var/lib/neutron/dhcp/18986f40-ba44-4889-b0a6-fbe8ffe222f7/host
Jul 31 08:42:04 gtw01 dnsmasq-dhcp[5457]: read /var/lib/neutron/dhcp/18986f40-ba44-4889-b0a6-fbe8ffe222f7/opts
Jul 31 08:42:05 gtw01 dnsmasq[5457]: read /var/lib/neutron/dhcp/18986f40-ba44-4889-b0a6-fbe8ffe222f7/addn_hosts - 3 addresses
Jul 31 08:42:05 gtw01 dnsmasq-dhcp[5457]: read /var/lib/neutron/dhcp/18986f40-ba44-4889-b0a6-fbe8ffe222f7/host
Jul 31 08:42:05 gtw01 dnsmasq-dhcp[5457]: read /var/lib/neutron/dhcp/18986f40-ba44-4889-b0a6-fbe8ffe222f7/opts
Jul 31 08:42:06 gtw01 dnsmasq[5457]: read /var/lib/neutron/dhcp/18986f40-ba44-4889-b0a6-fbe8ffe222f7/addn_hosts - 3 addresses
Jul 31 08:42:06 gtw01 dnsmasq-dhcp[5457]: read /var/lib/neutron/dhcp/18986f40-ba44-4889-b0a6-fbe8ffe222f7/host
Jul 31 08:42:06 gtw01 dnsmasq-dhcp[5457]: read /var/lib/neutron/dhcp/18986f40-ba44-4889-b0a6-fbe8ffe222f7/opts
Jul 31 08:42:07 gtw01 kernel: [ 4541.378954] device tap2d36ac24-48 entered promiscuous mode
Jul 31 08:42:07 gtw01 systemd-udevd[9480]: Could not generate persistent MAC address for tap2d36ac24-48: No such file or directory
Jul 31 08:42:07 gtw01 systemd-udevd[9480]: Process '/sbin/ip link set tap2d36ac24-48 txqueuelen 10000' failed with exit code 1.
Jul 31 08:42:10 gtw01 dnsmasq[9588]: started, version 2.80 cachesize 150
Jul 31 08:42:10 gtw01 dnsmasq[9588]: DNS service limited to local subnets
Jul 31 08:42:10 gtw01 dnsmasq[9588]: compile time options: IPv6 GNU-getopt DBus i18n IDN DHCP DHCPv6 no-Lua TFTP conntrack ipset auth DNSSEC loop-detect inotify dumpfile
Jul 31 08:42:10 gtw01 dnsmasq[9588]: warning: no upstream servers configured
Jul 31 08:42:10 gtw01 dnsmasq-dhcp[9588]: DHCP, static leases only on 192.168.120.0, lease time 1h
Jul 31 08:42:10 gtw01 dnsmasq[9588]: read /var/lib/neutron/dhcp/5a5d5748-b169-49f0-a4b5-dca0a1d2b19e/addn_hosts - 1 addresses
Jul 31 08:42:10 gtw01 dnsmasq-dhcp[9588]: read /var/lib/neutron/dhcp/5a5d5748-b169-49f0-a4b5-dca0a1d2b19e/host
Jul 31 08:42:10 gtw01 dnsmasq-dhcp[9588]: read /var/lib/neutron/dhcp/5a5d5748-b169-49f0-a4b5-dca0a1d2b19e/opts
Jul 31 08:42:10 gtw01 haproxy-metadata-proxy-5a5d5748-b169-49f0-a4b5-dca0a1d2b19e[9592]: Proxy listener started.
Jul 31 08:42:11 gtw01 dnsmasq[9588]: read /var/lib/neutron/dhcp/5a5d5748-b169-49f0-a4b5-dca0a1d2b19e/addn_hosts - 2 addresses
Jul 31 08:42:11 gtw01 dnsmasq-dhcp[9588]: read /var/lib/neutron/dhcp/5a5d5748-b169-49f0-a4b5-dca0a1d2b19e/host
Jul 31 08:42:11 gtw01 dnsmasq-dhcp[9588]: read /var/lib/neutron/dhcp/5a5d5748-b169-49f0-a4b5-dca0a1d2b19e/opts
Jul 31 08:42:11 gtw01 dnsmasq[5457]: read /var/lib/neutron/dhcp/18986f40-ba44-4889-b0a6-fbe8ffe222f7/addn_hosts - 2 addresses
Jul 31 08:42:11 gtw01 dnsmasq-dhcp[5457]: read /var/lib/neutron/dhcp/18986f40-ba44-4889-b0a6-fbe8ffe222f7/host
Jul 31 08:42:11 gtw01 dnsmasq-dhcp[5457]: read /var/lib/neutron/dhcp/18986f40-ba44-4889-b0a6-fbe8ffe222f7/opts
Jul 31 08:42:12 gtw01 dnsmasq[9588]: read /var/lib/neutron/dhcp/5a5d5748-b169-49f0-a4b5-dca0a1d2b19e/addn_hosts - 2 addresses
Jul 31 08:42:12 gtw01 dnsmasq-dhcp[9588]: read /var/lib/neutron/dhcp/5a5d5748-b169-49f0-a4b5-dca0a1d2b19e/host
Jul 31 08:42:12 gtw01 dnsmasq-dhcp[9588]: read /var/lib/neutron/dhcp/5a5d5748-b169-49f0-a4b5-dca0a1d2b19e/opts
Jul 31 08:42:13 gtw01 dnsmasq[9588]: read /var/lib/neutron/dhcp/5a5d5748-b169-49f0-a4b5-dca0a1d2b19e/addn_hosts - 2 addresses
Jul 31 08:42:13 gtw01 dnsmasq-dhcp[9588]: read /var/lib/neutron/dhcp/5a5d5748-b169-49f0-a4b5-dca0a1d2b19e/host
Jul 31 08:42:13 gtw01 dnsmasq-dhcp[9588]: read /var/lib/neutron/dhcp/5a5d5748-b169-49f0-a4b5-dca0a1d2b19e/opts
Jul 31 08:42:14 gtw01 dnsmasq[9588]: read /var/lib/neutron/dhcp/5a5d5748-b169-49f0-a4b5-dca0a1d2b19e/addn_hosts - 2 addresses
Jul 31 08:42:14 gtw01 dnsmasq-dhcp[9588]: read /var/lib/neutron/dhcp/5a5d5748-b169-49f0-a4b5-dca0a1d2b19e/host
Jul 31 08:42:14 gtw01 dnsmasq-dhcp[9588]: read /var/lib/neutron/dhcp/5a5d5748-b169-49f0-a4b5-dca0a1d2b19e/opts
Jul 31 08:42:14 gtw01 dnsmasq[9588]: read /var/lib/neutron/dhcp/5a5d5748-b169-49f0-a4b5-dca0a1d2b19e/addn_hosts - 2 addresses
Jul 31 08:42:14 gtw01 dnsmasq-dhcp[9588]: read /var/lib/neutron/dhcp/5a5d5748-b169-49f0-a4b5-dca0a1d2b19e/host
Jul 31 08:42:14 gtw01 dnsmasq-dhcp[9588]: read /var/lib/neutron/dhcp/5a5d5748-b169-49f0-a4b5-dca0a1d2b19e/opts
Jul 31 08:42:15 gtw01 dnsmasq[9588]: read /var/lib/neutron/dhcp/5a5d5748-b169-49f0-a4b5-dca0a1d2b19e/addn_hosts - 3 addresses
Jul 31 08:42:15 gtw01 dnsmasq-dhcp[9588]: read /var/lib/neutron/dhcp/5a5d5748-b169-49f0-a4b5-dca0a1d2b19e/host
Jul 31 08:42:15 gtw01 dnsmasq-dhcp[9588]: read /var/lib/neutron/dhcp/5a5d5748-b169-49f0-a4b5-dca0a1d2b19e/opts
Jul 31 08:42:16 gtw01 dnsmasq[5457]: read /var/lib/neutron/dhcp/18986f40-ba44-4889-b0a6-fbe8ffe222f7/addn_hosts - 3 addresses
Jul 31 08:42:16 gtw01 dnsmasq-dhcp[5457]: read /var/lib/neutron/dhcp/18986f40-ba44-4889-b0a6-fbe8ffe222f7/host
Jul 31 08:42:16 gtw01 dnsmasq-dhcp[5457]: read /var/lib/neutron/dhcp/18986f40-ba44-4889-b0a6-fbe8ffe222f7/opts
Jul 31 08:42:16 gtw01 dnsmasq[9588]: read /var/lib/neutron/dhcp/5a5d5748-b169-49f0-a4b5-dca0a1d2b19e/addn_hosts - 3 addresses
Jul 31 08:42:16 gtw01 dnsmasq-dhcp[9588]: read /var/lib/neutron/dhcp/5a5d5748-b169-49f0-a4b5-dca0a1d2b19e/host
Jul 31 08:42:16 gtw01 dnsmasq-dhcp[9588]: read /var/lib/neutron/dhcp/5a5d5748-b169-49f0-a4b5-dca0a1d2b19e/opts
Jul 31 08:42:17 gtw01 dnsmasq[5457]: read /var/lib/neutron/dhcp/18986f40-ba44-4889-b0a6-fbe8ffe222f7/addn_hosts - 3 addresses
Jul 31 08:42:17 gtw01 dnsmasq-dhcp[5457]: read /var/lib/neutron/dhcp/18986f40-ba44-4889-b0a6-fbe8ffe222f7/host
Jul 31 08:42:17 gtw01 dnsmasq-dhcp[5457]: read /var/lib/neutron/dhcp/18986f40-ba44-4889-b0a6-fbe8ffe222f7/opts
Jul 31 08:42:17 gtw01 dnsmasq[9588]: read /var/lib/neutron/dhcp/5a5d5748-b169-49f0-a4b5-dca0a1d2b19e/addn_hosts - 3 addresses
Jul 31 08:42:17 gtw01 dnsmasq-dhcp[9588]: read /var/lib/neutron/dhcp/5a5d5748-b169-49f0-a4b5-dca0a1d2b19e/host
Jul 31 08:42:17 gtw01 dnsmasq-dhcp[9588]: read /var/lib/neutron/dhcp/5a5d5748-b169-49f0-a4b5-dca0a1d2b19e/opts
Jul 31 08:42:18 gtw01 dnsmasq[5457]: read /var/lib/neutron/dhcp/18986f40-ba44-4889-b0a6-fbe8ffe222f7/addn_hosts - 3 addresses
Jul 31 08:42:18 gtw01 dnsmasq-dhcp[5457]: read /var/lib/neutron/dhcp/18986f40-ba44-4889-b0a6-fbe8ffe222f7/host
Jul 31 08:42:18 gtw01 dnsmasq-dhcp[5457]: read /var/lib/neutron/dhcp/18986f40-ba44-4889-b0a6-fbe8ffe222f7/opts
Jul 31 08:42:25 gtw01 dnsmasq[5457]: read /var/lib/neutron/dhcp/18986f40-ba44-4889-b0a6-fbe8ffe222f7/addn_hosts - 4 addresses
Jul 31 08:42:25 gtw01 dnsmasq-dhcp[5457]: read /var/lib/neutron/dhcp/18986f40-ba44-4889-b0a6-fbe8ffe222f7/host
Jul 31 08:42:25 gtw01 dnsmasq-dhcp[5457]: read /var/lib/neutron/dhcp/18986f40-ba44-4889-b0a6-fbe8ffe222f7/opts
Jul 31 08:42:25 gtw01 dnsmasq[5457]: read /var/lib/neutron/dhcp/18986f40-ba44-4889-b0a6-fbe8ffe222f7/addn_hosts - 4 addresses
Jul 31 08:42:25 gtw01 dnsmasq-dhcp[5457]: read /var/lib/neutron/dhcp/18986f40-ba44-4889-b0a6-fbe8ffe222f7/host
Jul 31 08:42:25 gtw01 dnsmasq-dhcp[5457]: read /var/lib/neutron/dhcp/18986f40-ba44-4889-b0a6-fbe8ffe222f7/opts
Jul 31 08:42:26 gtw01 dnsmasq[5457]: read /var/lib/neutron/dhcp/18986f40-ba44-4889-b0a6-fbe8ffe222f7/addn_hosts - 4 addresses
Jul 31 08:42:26 gtw01 dnsmasq-dhcp[5457]: read /var/lib/neutron/dhcp/18986f40-ba44-4889-b0a6-fbe8ffe222f7/host
Jul 31 08:42:26 gtw01 dnsmasq-dhcp[5457]: read /var/lib/neutron/dhcp/18986f40-ba44-4889-b0a6-fbe8ffe222f7/opts
Jul 31 08:42:29 gtw01 dnsmasq-dhcp[9588]: DHCPDISCOVER(tap2d36ac24-48) fa:16:3e:02:7c:aa
Jul 31 08:42:29 gtw01 dnsmasq-dhcp[9588]: DHCPOFFER(tap2d36ac24-48) 192.168.120.6 fa:16:3e:02:7c:aa
Jul 31 08:42:29 gtw01 dnsmasq-dhcp[9588]: DHCPREQUEST(tap2d36ac24-48) 192.168.120.6 fa:16:3e:02:7c:aa
Jul 31 08:42:29 gtw01 dnsmasq-dhcp[9588]: DHCPACK(tap2d36ac24-48) 192.168.120.6 fa:16:3e:02:7c:aa host-192-168-120-6
Jul 31 08:42:31 gtw01 dnsmasq[5457]: read /var/lib/neutron/dhcp/18986f40-ba44-4889-b0a6-fbe8ffe222f7/addn_hosts - 3 addresses
Jul 31 08:42:31 gtw01 dnsmasq-dhcp[5457]: read /var/lib/neutron/dhcp/18986f40-ba44-4889-b0a6-fbe8ffe222f7/host
Jul 31 08:42:31 gtw01 dnsmasq-dhcp[5457]: read /var/lib/neutron/dhcp/18986f40-ba44-4889-b0a6-fbe8ffe222f7/opts
Jul 31 08:42:31 gtw01 dnsmasq-dhcp[5457]: DHCPDISCOVER(tap4c7c3b43-f0) fa:16:3e:f7:d8:71
Jul 31 08:42:31 gtw01 dnsmasq-dhcp[5457]: DHCPOFFER(tap4c7c3b43-f0) 192.168.120.17 fa:16:3e:f7:d8:71
Jul 31 08:42:31 gtw01 dnsmasq-dhcp[5457]: DHCPREQUEST(tap4c7c3b43-f0) 192.168.120.17 fa:16:3e:f7:d8:71
Jul 31 08:42:31 gtw01 dnsmasq-dhcp[5457]: DHCPACK(tap4c7c3b43-f0) 192.168.120.17 fa:16:3e:f7:d8:71 host-192-168-120-17
Jul 31 08:42:33 gtw01 dnsmasq-dhcp[5457]: DHCPRELEASE(tap4c7c3b43-f0) 192.168.120.17 fa:16:3e:f7:d8:71
Jul 31 08:42:34 gtw01 dnsmasq-dhcp[5457]: DHCPRELEASE(tap4c7c3b43-f0) 192.168.120.17 fa:16:3e:f7:d8:71 unknown lease
Jul 31 08:42:34 gtw01 dnsmasq[5457]: read /var/lib/neutron/dhcp/18986f40-ba44-4889-b0a6-fbe8ffe222f7/addn_hosts - 2 addresses
Jul 31 08:42:34 gtw01 dnsmasq-dhcp[5457]: read /var/lib/neutron/dhcp/18986f40-ba44-4889-b0a6-fbe8ffe222f7/host
Jul 31 08:42:34 gtw01 dnsmasq-dhcp[5457]: read /var/lib/neutron/dhcp/18986f40-ba44-4889-b0a6-fbe8ffe222f7/opts
Jul 31 08:42:38 gtw01 dnsmasq[5457]: read /var/lib/neutron/dhcp/18986f40-ba44-4889-b0a6-fbe8ffe222f7/addn_hosts - 3 addresses
Jul 31 08:42:38 gtw01 dnsmasq-dhcp[5457]: read /var/lib/neutron/dhcp/18986f40-ba44-4889-b0a6-fbe8ffe222f7/host
Jul 31 08:42:38 gtw01 dnsmasq-dhcp[5457]: read /var/lib/neutron/dhcp/18986f40-ba44-4889-b0a6-fbe8ffe222f7/opts
Jul 31 08:42:39 gtw01 dnsmasq[5457]: read /var/lib/neutron/dhcp/18986f40-ba44-4889-b0a6-fbe8ffe222f7/addn_hosts - 3 addresses
Jul 31 08:42:39 gtw01 dnsmasq-dhcp[5457]: read /var/lib/neutron/dhcp/18986f40-ba44-4889-b0a6-fbe8ffe222f7/host
Jul 31 08:42:39 gtw01 dnsmasq-dhcp[5457]: read /var/lib/neutron/dhcp/18986f40-ba44-4889-b0a6-fbe8ffe222f7/opts
Jul 31 08:42:40 gtw01 dnsmasq[5457]: read /var/lib/neutron/dhcp/18986f40-ba44-4889-b0a6-fbe8ffe222f7/addn_hosts - 3 addresses
Jul 31 08:42:40 gtw01 dnsmasq-dhcp[5457]: read /var/lib/neutron/dhcp/18986f40-ba44-4889-b0a6-fbe8ffe222f7/host
Jul 31 08:42:40 gtw01 dnsmasq-dhcp[5457]: read /var/lib/neutron/dhcp/18986f40-ba44-4889-b0a6-fbe8ffe222f7/opts
Jul 31 08:42:44 gtw01 dnsmasq[5457]: read /var/lib/neutron/dhcp/18986f40-ba44-4889-b0a6-fbe8ffe222f7/addn_hosts - 2 addresses
Jul 31 08:42:44 gtw01 dnsmasq-dhcp[5457]: read /var/lib/neutron/dhcp/18986f40-ba44-4889-b0a6-fbe8ffe222f7/host
Jul 31 08:42:44 gtw01 dnsmasq-dhcp[5457]: read /var/lib/neutron/dhcp/18986f40-ba44-4889-b0a6-fbe8ffe222f7/opts
Jul 31 08:42:46 gtw01 dnsmasq-dhcp[9588]: DHCPRELEASE(tap2d36ac24-48) 192.168.120.6 fa:16:3e:02:7c:aa
Jul 31 08:42:49 gtw01 dnsmasq[5457]: read /var/lib/neutron/dhcp/18986f40-ba44-4889-b0a6-fbe8ffe222f7/addn_hosts - 3 addresses
Jul 31 08:42:49 gtw01 dnsmasq-dhcp[5457]: read /var/lib/neutron/dhcp/18986f40-ba44-4889-b0a6-fbe8ffe222f7/host
Jul 31 08:42:49 gtw01 dnsmasq-dhcp[5457]: read /var/lib/neutron/dhcp/18986f40-ba44-4889-b0a6-fbe8ffe222f7/opts
Jul 31 08:42:50 gtw01 dnsmasq[5457]: read /var/lib/neutron/dhcp/18986f40-ba44-4889-b0a6-fbe8ffe222f7/addn_hosts - 3 addresses
Jul 31 08:42:50 gtw01 dnsmasq-dhcp[5457]: read /var/lib/neutron/dhcp/18986f40-ba44-4889-b0a6-fbe8ffe222f7/host
Jul 31 08:42:50 gtw01 dnsmasq-dhcp[5457]: read /var/lib/neutron/dhcp/18986f40-ba44-4889-b0a6-fbe8ffe222f7/opts
Jul 31 08:42:50 gtw01 dnsmasq[5457]: read /var/lib/neutron/dhcp/18986f40-ba44-4889-b0a6-fbe8ffe222f7/addn_hosts - 3 addresses
Jul 31 08:42:50 gtw01 dnsmasq-dhcp[5457]: read /var/lib/neutron/dhcp/18986f40-ba44-4889-b0a6-fbe8ffe222f7/host
Jul 31 08:42:50 gtw01 dnsmasq-dhcp[5457]: read /var/lib/neutron/dhcp/18986f40-ba44-4889-b0a6-fbe8ffe222f7/opts
Jul 31 08:43:04 gtw01 dnsmasq-dhcp[5457]: DHCPDISCOVER(tap4c7c3b43-f0) fa:16:3e:5e:4a:53
Jul 31 08:43:04 gtw01 dnsmasq-dhcp[5457]: DHCPOFFER(tap4c7c3b43-f0) 192.168.120.7 fa:16:3e:5e:4a:53
Jul 31 08:43:04 gtw01 dnsmasq-dhcp[5457]: DHCPREQUEST(tap4c7c3b43-f0) 192.168.120.7 fa:16:3e:5e:4a:53
Jul 31 08:43:04 gtw01 dnsmasq-dhcp[5457]: DHCPACK(tap4c7c3b43-f0) 192.168.120.7 fa:16:3e:5e:4a:53 host-192-168-120-7
Jul 31 08:43:07 gtw01 dnsmasq-dhcp[9588]: DHCPDISCOVER(tap2d36ac24-48) fa:16:3e:02:7c:aa
Jul 31 08:43:07 gtw01 dnsmasq-dhcp[9588]: DHCPOFFER(tap2d36ac24-48) 192.168.120.6 fa:16:3e:02:7c:aa
Jul 31 08:43:07 gtw01 dnsmasq-dhcp[9588]: DHCPREQUEST(tap2d36ac24-48) 192.168.120.6 fa:16:3e:02:7c:aa
Jul 31 08:43:07 gtw01 dnsmasq-dhcp[9588]: DHCPACK(tap2d36ac24-48) 192.168.120.6 fa:16:3e:02:7c:aa host-192-168-120-6
Jul 31 08:43:16 gtw01 dnsmasq-dhcp[5457]: DHCPRELEASE(tap4c7c3b43-f0) 192.168.120.7 fa:16:3e:5e:4a:53
Jul 31 08:43:16 gtw01 dnsmasq-dhcp[9588]: DHCPRELEASE(tap2d36ac24-48) 192.168.120.6 fa:16:3e:02:7c:aa
Jul 31 08:43:23 gtw01 dnsmasq[5457]: read /var/lib/neutron/dhcp/18986f40-ba44-4889-b0a6-fbe8ffe222f7/addn_hosts - 2 addresses
Jul 31 08:43:23 gtw01 dnsmasq-dhcp[5457]: read /var/lib/neutron/dhcp/18986f40-ba44-4889-b0a6-fbe8ffe222f7/host
Jul 31 08:43:23 gtw01 dnsmasq-dhcp[5457]: read /var/lib/neutron/dhcp/18986f40-ba44-4889-b0a6-fbe8ffe222f7/opts
Jul 31 08:43:33 gtw01 dnsmasq-dhcp[9588]: DHCPDISCOVER(tap2d36ac24-48) fa:16:3e:02:7c:aa
Jul 31 08:43:33 gtw01 dnsmasq-dhcp[9588]: DHCPOFFER(tap2d36ac24-48) 192.168.120.6 fa:16:3e:02:7c:aa
Jul 31 08:43:33 gtw01 dnsmasq-dhcp[9588]: DHCPREQUEST(tap2d36ac24-48) 192.168.120.6 fa:16:3e:02:7c:aa
Jul 31 08:43:33 gtw01 dnsmasq-dhcp[9588]: DHCPACK(tap2d36ac24-48) 192.168.120.6 fa:16:3e:02:7c:aa host-192-168-120-6
Jul 31 08:43:38 gtw01 kernel: [ 4633.113312] device tap2d6ad8a6-af entered promiscuous mode
Jul 31 08:43:38 gtw01 systemd-udevd[10026]: Could not generate persistent MAC address for tap2d6ad8a6-af: No such file or directory
Jul 31 08:43:38 gtw01 systemd-udevd[10026]: Process '/sbin/ip link set tap2d6ad8a6-af txqueuelen 10000' failed with exit code 1.
Jul 31 08:43:38 gtw01 systemd-udevd[10026]: Process '/sbin/ip link set tap2d6ad8a6-af txqueuelen 10000' failed with exit code 1.
Jul 31 08:43:41 gtw01 dnsmasq[10138]: started, version 2.80 cachesize 150
Jul 31 08:43:41 gtw01 dnsmasq[10138]: DNS service limited to local subnets
Jul 31 08:43:41 gtw01 dnsmasq[10138]: compile time options: IPv6 GNU-getopt DBus i18n IDN DHCP DHCPv6 no-Lua TFTP conntrack ipset auth DNSSEC loop-detect inotify dumpfile
Jul 31 08:43:41 gtw01 dnsmasq[10138]: warning: no upstream servers configured
Jul 31 08:43:41 gtw01 dnsmasq-dhcp[10138]: DHCP, static leases only on 192.168.120.240, lease time 1h
Jul 31 08:43:41 gtw01 dnsmasq[10138]: read /var/lib/neutron/dhcp/f258bfb8-63d1-453e-8be1-8167ebb1ca25/addn_hosts - 1 addresses
Jul 31 08:43:41 gtw01 dnsmasq-dhcp[10138]: read /var/lib/neutron/dhcp/f258bfb8-63d1-453e-8be1-8167ebb1ca25/host
Jul 31 08:43:41 gtw01 dnsmasq-dhcp[10138]: read /var/lib/neutron/dhcp/f258bfb8-63d1-453e-8be1-8167ebb1ca25/opts
Jul 31 08:43:41 gtw01 haproxy-metadata-proxy-f258bfb8-63d1-453e-8be1-8167ebb1ca25[10142]: Proxy listener started.
Jul 31 08:43:42 gtw01 dnsmasq-dhcp[9588]: DHCPRELEASE(tap2d36ac24-48) 192.168.120.6 fa:16:3e:02:7c:aa
Jul 31 08:43:42 gtw01 dnsmasq-dhcp[9588]: DHCPRELEASE(tap2d36ac24-48) 192.168.120.6 fa:16:3e:02:7c:aa unknown lease
Jul 31 08:43:42 gtw01 dnsmasq[10138]: read /var/lib/neutron/dhcp/f258bfb8-63d1-453e-8be1-8167ebb1ca25/addn_hosts - 1 addresses
Jul 31 08:43:42 gtw01 dnsmasq-dhcp[10138]: read /var/lib/neutron/dhcp/f258bfb8-63d1-453e-8be1-8167ebb1ca25/host
Jul 31 08:43:42 gtw01 dnsmasq-dhcp[10138]: read /var/lib/neutron/dhcp/f258bfb8-63d1-453e-8be1-8167ebb1ca25/opts
Jul 31 08:43:43 gtw01 dnsmasq[9588]: read /var/lib/neutron/dhcp/5a5d5748-b169-49f0-a4b5-dca0a1d2b19e/addn_hosts - 2 addresses
Jul 31 08:43:43 gtw01 dnsmasq-dhcp[9588]: read /var/lib/neutron/dhcp/5a5d5748-b169-49f0-a4b5-dca0a1d2b19e/host
Jul 31 08:43:43 gtw01 dnsmasq-dhcp[9588]: read /var/lib/neutron/dhcp/5a5d5748-b169-49f0-a4b5-dca0a1d2b19e/opts
Jul 31 08:43:43 gtw01 dnsmasq[10138]: read /var/lib/neutron/dhcp/f258bfb8-63d1-453e-8be1-8167ebb1ca25/addn_hosts - 1 addresses
Jul 31 08:43:43 gtw01 dnsmasq-dhcp[10138]: read /var/lib/neutron/dhcp/f258bfb8-63d1-453e-8be1-8167ebb1ca25/host
Jul 31 08:43:43 gtw01 dnsmasq-dhcp[10138]: read /var/lib/neutron/dhcp/f258bfb8-63d1-453e-8be1-8167ebb1ca25/opts
Jul 31 08:43:44 gtw01 dnsmasq[10138]: read /var/lib/neutron/dhcp/f258bfb8-63d1-453e-8be1-8167ebb1ca25/addn_hosts - 1 addresses
Jul 31 08:43:44 gtw01 dnsmasq-dhcp[10138]: read /var/lib/neutron/dhcp/f258bfb8-63d1-453e-8be1-8167ebb1ca25/host
Jul 31 08:43:44 gtw01 dnsmasq-dhcp[10138]: read /var/lib/neutron/dhcp/f258bfb8-63d1-453e-8be1-8167ebb1ca25/opts
Jul 31 08:43:49 gtw01 dnsmasq[9588]: read /var/lib/neutron/dhcp/5a5d5748-b169-49f0-a4b5-dca0a1d2b19e/addn_hosts - 3 addresses
Jul 31 08:43:49 gtw01 dnsmasq-dhcp[9588]: read /var/lib/neutron/dhcp/5a5d5748-b169-49f0-a4b5-dca0a1d2b19e/host
Jul 31 08:43:49 gtw01 dnsmasq-dhcp[9588]: read /var/lib/neutron/dhcp/5a5d5748-b169-49f0-a4b5-dca0a1d2b19e/opts
Jul 31 08:43:50 gtw01 dnsmasq[9588]: read /var/lib/neutron/dhcp/5a5d5748-b169-49f0-a4b5-dca0a1d2b19e/addn_hosts - 3 addresses
Jul 31 08:43:50 gtw01 dnsmasq-dhcp[9588]: read /var/lib/neutron/dhcp/5a5d5748-b169-49f0-a4b5-dca0a1d2b19e/host
Jul 31 08:43:50 gtw01 dnsmasq-dhcp[9588]: read /var/lib/neutron/dhcp/5a5d5748-b169-49f0-a4b5-dca0a1d2b19e/opts
Jul 31 08:43:51 gtw01 dnsmasq[9588]: read /var/lib/neutron/dhcp/5a5d5748-b169-49f0-a4b5-dca0a1d2b19e/addn_hosts - 3 addresses
Jul 31 08:43:51 gtw01 dnsmasq-dhcp[9588]: read /var/lib/neutron/dhcp/5a5d5748-b169-49f0-a4b5-dca0a1d2b19e/host
Jul 31 08:43:51 gtw01 dnsmasq-dhcp[9588]: read /var/lib/neutron/dhcp/5a5d5748-b169-49f0-a4b5-dca0a1d2b19e/opts
Jul 31 08:44:04 gtw01 dnsmasq-dhcp[9588]: DHCPDISCOVER(tap2d36ac24-48) fa:16:3e:1a:26:65
Jul 31 08:44:04 gtw01 dnsmasq-dhcp[9588]: DHCPOFFER(tap2d36ac24-48) 192.168.120.3 fa:16:3e:1a:26:65
Jul 31 08:44:04 gtw01 dnsmasq-dhcp[9588]: DHCPREQUEST(tap2d36ac24-48) 192.168.120.3 fa:16:3e:1a:26:65
Jul 31 08:44:04 gtw01 dnsmasq-dhcp[9588]: DHCPACK(tap2d36ac24-48) 192.168.120.3 fa:16:3e:1a:26:65 host-192-168-120-3
Jul 31 08:44:08 gtw01 kernel: [ 4662.770050] device tapde0a6622-87 entered promiscuous mode
Jul 31 08:44:08 gtw01 systemd-udevd[10285]: Could not generate persistent MAC address for tapde0a6622-87: No such file or directory
Jul 31 08:44:08 gtw01 systemd-udevd[10285]: Process '/sbin/ip link set tapde0a6622-87 txqueuelen 10000' failed with exit code 1.
Jul 31 08:44:08 gtw01 systemd-udevd[10285]: Process '/sbin/ip link set tapde0a6622-87 txqueuelen 10000' failed with exit code 1.
Jul 31 08:44:11 gtw01 dnsmasq[10397]: started, version 2.80 cachesize 150
Jul 31 08:44:11 gtw01 dnsmasq[10397]: DNS service limited to local subnets
Jul 31 08:44:11 gtw01 dnsmasq[10397]: compile time options: IPv6 GNU-getopt DBus i18n IDN DHCP DHCPv6 no-Lua TFTP conntrack ipset auth DNSSEC loop-detect inotify dumpfile
Jul 31 08:44:11 gtw01 dnsmasq[10397]: warning: no upstream servers configured
Jul 31 08:44:11 gtw01 dnsmasq-dhcp[10397]: DHCP, static leases only on 192.168.120.0, lease time 1h
Jul 31 08:44:11 gtw01 dnsmasq[10397]: read /var/lib/neutron/dhcp/bfab8efd-af30-486a-bbbe-446fbe4d2486/addn_hosts - 1 addresses
Jul 31 08:44:11 gtw01 dnsmasq-dhcp[10397]: read /var/lib/neutron/dhcp/bfab8efd-af30-486a-bbbe-446fbe4d2486/host
Jul 31 08:44:11 gtw01 dnsmasq-dhcp[10397]: read /var/lib/neutron/dhcp/bfab8efd-af30-486a-bbbe-446fbe4d2486/opts
Jul 31 08:44:11 gtw01 haproxy-metadata-proxy-bfab8efd-af30-486a-bbbe-446fbe4d2486[10401]: Proxy listener started.
Jul 31 08:44:12 gtw01 kernel: [ 4666.312657] device tapde0a6622-87 left promiscuous mode
Jul 31 08:44:17 gtw01 kernel: [ 4672.149105] device tapd55daad1-06 entered promiscuous mode
Jul 31 08:44:17 gtw01 systemd-udevd[10433]: Could not generate persistent MAC address for tapd55daad1-06: No such file or directory
Jul 31 08:44:17 gtw01 systemd-udevd[10433]: Process '/sbin/ip link set tapd55daad1-06 txqueuelen 10000' failed with exit code 1.
Jul 31 08:44:18 gtw01 dnsmasq-dhcp[9588]: DHCPRELEASE(tap2d36ac24-48) 192.168.120.3 fa:16:3e:1a:26:65
Jul 31 08:44:18 gtw01 dnsmasq-dhcp[9588]: DHCPRELEASE(tap2d36ac24-48) 192.168.120.3 fa:16:3e:1a:26:65 unknown lease
Jul 31 08:44:19 gtw01 dnsmasq[9588]: read /var/lib/neutron/dhcp/5a5d5748-b169-49f0-a4b5-dca0a1d2b19e/addn_hosts - 2 addresses
Jul 31 08:44:19 gtw01 dnsmasq-dhcp[9588]: read /var/lib/neutron/dhcp/5a5d5748-b169-49f0-a4b5-dca0a1d2b19e/host
Jul 31 08:44:19 gtw01 dnsmasq-dhcp[9588]: read /var/lib/neutron/dhcp/5a5d5748-b169-49f0-a4b5-dca0a1d2b19e/opts
Jul 31 08:44:20 gtw01 dnsmasq[10565]: started, version 2.80 cachesize 150
Jul 31 08:44:20 gtw01 dnsmasq[10565]: DNS service limited to local subnets
Jul 31 08:44:20 gtw01 dnsmasq[10565]: compile time options: IPv6 GNU-getopt DBus i18n IDN DHCP DHCPv6 no-Lua TFTP conntrack ipset auth DNSSEC loop-detect inotify dumpfile
Jul 31 08:44:20 gtw01 dnsmasq[10565]: warning: no upstream servers configured
Jul 31 08:44:20 gtw01 dnsmasq-dhcp[10565]: DHCP, static leases only on 192.168.120.0, lease time 1h
Jul 31 08:44:20 gtw01 dnsmasq[10565]: read /var/lib/neutron/dhcp/c370c789-e8d2-4af2-a993-38f5372cf3fb/addn_hosts - 1 addresses
Jul 31 08:44:20 gtw01 dnsmasq-dhcp[10565]: read /var/lib/neutron/dhcp/c370c789-e8d2-4af2-a993-38f5372cf3fb/host
Jul 31 08:44:20 gtw01 dnsmasq-dhcp[10565]: read /var/lib/neutron/dhcp/c370c789-e8d2-4af2-a993-38f5372cf3fb/opts
Jul 31 08:44:21 gtw01 haproxy-metadata-proxy-c370c789-e8d2-4af2-a993-38f5372cf3fb[10569]: Proxy listener started.
Jul 31 08:44:21 gtw01 kernel: [ 4675.691309] device tapd55daad1-06 left promiscuous mode
Jul 31 08:44:22 gtw01 kernel: [ 4677.103344] device tap2d6ad8a6-af left promiscuous mode
Jul 31 08:44:27 gtw01 dnsmasq[9588]: read /var/lib/neutron/dhcp/5a5d5748-b169-49f0-a4b5-dca0a1d2b19e/addn_hosts - 1 addresses
Jul 31 08:44:27 gtw01 dnsmasq-dhcp[9588]: read /var/lib/neutron/dhcp/5a5d5748-b169-49f0-a4b5-dca0a1d2b19e/host
Jul 31 08:44:27 gtw01 dnsmasq-dhcp[9588]: read /var/lib/neutron/dhcp/5a5d5748-b169-49f0-a4b5-dca0a1d2b19e/opts
Jul 31 08:44:31 gtw01 kernel: [ 4685.370579] device tap7a23f6ca-f6 entered promiscuous mode
Jul 31 08:44:31 gtw01 systemd-udevd[10628]: Could not generate persistent MAC address for tap7a23f6ca-f6: No such file or directory
Jul 31 08:44:31 gtw01 systemd-udevd[10674]: Process '/sbin/ip link set tap7a23f6ca-f6 txqueuelen 10000' failed with exit code 1.
Jul 31 08:44:31 gtw01 kernel: [ 4685.752108] device tap2d36ac24-48 left promiscuous mode
Jul 31 08:44:32 gtw01 kernel: [ 4687.189509] device tap62ad91eb-fc entered promiscuous mode
Jul 31 08:44:32 gtw01 systemd-udevd[10741]: Could not generate persistent MAC address for tap62ad91eb-fc: No such file or directory
Jul 31 08:44:33 gtw01 systemd-udevd[10741]: Process '/sbin/ip link set tap62ad91eb-fc txqueuelen 10000' failed with exit code 1.
Jul 31 08:44:33 gtw01 systemd-udevd[10793]: Process '/sbin/ip link set tap62ad91eb-fc txqueuelen 10000' failed with exit code 1.
Jul 31 08:44:34 gtw01 systemd-udevd[10850]: Could not generate persistent MAC address for tap9c7c5a10-3e: No such file or directory
Jul 31 08:44:34 gtw01 kernel: [ 4688.316390] device tap9c7c5a10-3e entered promiscuous mode
Jul 31 08:44:34 gtw01 systemd-udevd[10897]: Process '/sbin/ip link set tap9c7c5a10-3e txqueuelen 10000' failed with exit code 1.
Jul 31 08:44:34 gtw01 dnsmasq[10924]: started, version 2.80 cachesize 150
Jul 31 08:44:34 gtw01 dnsmasq[10924]: DNS service limited to local subnets
Jul 31 08:44:34 gtw01 dnsmasq[10924]: compile time options: IPv6 GNU-getopt DBus i18n IDN DHCP DHCPv6 no-Lua TFTP conntrack ipset auth DNSSEC loop-detect inotify dumpfile
Jul 31 08:44:34 gtw01 dnsmasq[10924]: warning: no upstream servers configured
Jul 31 08:44:34 gtw01 dnsmasq-dhcp[10924]: DHCP, static leases only on 192.168.120.0, lease time 1h
Jul 31 08:44:34 gtw01 dnsmasq[10924]: read /var/lib/neutron/dhcp/7e6f41c0-7677-45f1-85b9-4a268ffeb1df/addn_hosts - 1 addresses
Jul 31 08:44:34 gtw01 dnsmasq-dhcp[10924]: read /var/lib/neutron/dhcp/7e6f41c0-7677-45f1-85b9-4a268ffeb1df/host
Jul 31 08:44:34 gtw01 dnsmasq-dhcp[10924]: read /var/lib/neutron/dhcp/7e6f41c0-7677-45f1-85b9-4a268ffeb1df/opts
Jul 31 08:44:34 gtw01 haproxy-metadata-proxy-7e6f41c0-7677-45f1-85b9-4a268ffeb1df[10935]: Proxy listener started.
Jul 31 08:44:35 gtw01 dnsmasq[10924]: read /var/lib/neutron/dhcp/7e6f41c0-7677-45f1-85b9-4a268ffeb1df/addn_hosts - 1 addresses
Jul 31 08:44:35 gtw01 dnsmasq-dhcp[10924]: read /var/lib/neutron/dhcp/7e6f41c0-7677-45f1-85b9-4a268ffeb1df/host
Jul 31 08:44:35 gtw01 dnsmasq-dhcp[10924]: read /var/lib/neutron/dhcp/7e6f41c0-7677-45f1-85b9-4a268ffeb1df/opts
Jul 31 08:44:36 gtw01 dnsmasq[10924]: read /var/lib/neutron/dhcp/7e6f41c0-7677-45f1-85b9-4a268ffeb1df/addn_hosts - 1 addresses
Jul 31 08:44:36 gtw01 dnsmasq-dhcp[10924]: read /var/lib/neutron/dhcp/7e6f41c0-7677-45f1-85b9-4a268ffeb1df/host
Jul 31 08:44:36 gtw01 dnsmasq-dhcp[10924]: read /var/lib/neutron/dhcp/7e6f41c0-7677-45f1-85b9-4a268ffeb1df/opts
Jul 31 08:44:36 gtw01 dnsmasq[11025]: started, version 2.80 cachesize 150
Jul 31 08:44:36 gtw01 dnsmasq[11025]: DNS service limited to local subnets
Jul 31 08:44:36 gtw01 dnsmasq[11025]: compile time options: IPv6 GNU-getopt DBus i18n IDN DHCP DHCPv6 no-Lua TFTP conntrack ipset auth DNSSEC loop-detect inotify dumpfile
Jul 31 08:44:36 gtw01 dnsmasq[11025]: warning: no upstream servers configured
Jul 31 08:44:36 gtw01 dnsmasq-dhcp[11025]: DHCP, static leases only on 192.168.120.0, lease time 1h
Jul 31 08:44:36 gtw01 dnsmasq[11025]: read /var/lib/neutron/dhcp/076bfa29-04b4-4424-974d-ea68b60d2ae9/addn_hosts - 1 addresses
Jul 31 08:44:36 gtw01 dnsmasq-dhcp[11025]: read /var/lib/neutron/dhcp/076bfa29-04b4-4424-974d-ea68b60d2ae9/host
Jul 31 08:44:36 gtw01 dnsmasq-dhcp[11025]: read /var/lib/neutron/dhcp/076bfa29-04b4-4424-974d-ea68b60d2ae9/opts
Jul 31 08:44:37 gtw01 haproxy-metadata-proxy-076bfa29-04b4-4424-974d-ea68b60d2ae9[11034]: Proxy listener started.
Jul 31 08:44:37 gtw01 dnsmasq[10924]: read /var/lib/neutron/dhcp/7e6f41c0-7677-45f1-85b9-4a268ffeb1df/addn_hosts - 1 addresses
Jul 31 08:44:37 gtw01 dnsmasq-dhcp[10924]: read /var/lib/neutron/dhcp/7e6f41c0-7677-45f1-85b9-4a268ffeb1df/host
Jul 31 08:44:37 gtw01 dnsmasq-dhcp[10924]: read /var/lib/neutron/dhcp/7e6f41c0-7677-45f1-85b9-4a268ffeb1df/opts
Jul 31 08:44:37 gtw01 dnsmasq[11025]: read /var/lib/neutron/dhcp/076bfa29-04b4-4424-974d-ea68b60d2ae9/addn_hosts - 1 addresses
Jul 31 08:44:37 gtw01 dnsmasq-dhcp[11025]: read /var/lib/neutron/dhcp/076bfa29-04b4-4424-974d-ea68b60d2ae9/host
Jul 31 08:44:37 gtw01 dnsmasq-dhcp[11025]: read /var/lib/neutron/dhcp/076bfa29-04b4-4424-974d-ea68b60d2ae9/opts
Jul 31 08:44:37 gtw01 dnsmasq[11068]: started, version 2.80 cachesize 150
Jul 31 08:44:37 gtw01 dnsmasq[11068]: DNS service limited to local subnets
Jul 31 08:44:37 gtw01 dnsmasq[11068]: compile time options: IPv6 GNU-getopt DBus i18n IDN DHCP DHCPv6 no-Lua TFTP conntrack ipset auth DNSSEC loop-detect inotify dumpfile
Jul 31 08:44:37 gtw01 dnsmasq[11068]: warning: no upstream servers configured
Jul 31 08:44:37 gtw01 dnsmasq-dhcp[11068]: DHCP, static leases only on 192.168.120.0, lease time 1h
Jul 31 08:44:37 gtw01 dnsmasq[11068]: read /var/lib/neutron/dhcp/d92ced90-d2dc-4d47-8afc-c6408c7db657/addn_hosts - 1 addresses
Jul 31 08:44:37 gtw01 dnsmasq-dhcp[11068]: read /var/lib/neutron/dhcp/d92ced90-d2dc-4d47-8afc-c6408c7db657/host
Jul 31 08:44:37 gtw01 dnsmasq-dhcp[11068]: read /var/lib/neutron/dhcp/d92ced90-d2dc-4d47-8afc-c6408c7db657/opts
Jul 31 08:44:38 gtw01 haproxy-metadata-proxy-d92ced90-d2dc-4d47-8afc-c6408c7db657[11081]: Proxy listener started.
Jul 31 08:44:38 gtw01 dnsmasq[11025]: read /var/lib/neutron/dhcp/076bfa29-04b4-4424-974d-ea68b60d2ae9/addn_hosts - 1 addresses
Jul 31 08:44:38 gtw01 dnsmasq-dhcp[11025]: read /var/lib/neutron/dhcp/076bfa29-04b4-4424-974d-ea68b60d2ae9/host
Jul 31 08:44:38 gtw01 dnsmasq-dhcp[11025]: read /var/lib/neutron/dhcp/076bfa29-04b4-4424-974d-ea68b60d2ae9/opts
Jul 31 08:44:38 gtw01 dnsmasq[11068]: read /var/lib/neutron/dhcp/d92ced90-d2dc-4d47-8afc-c6408c7db657/addn_hosts - 1 addresses
Jul 31 08:44:38 gtw01 dnsmasq-dhcp[11068]: read /var/lib/neutron/dhcp/d92ced90-d2dc-4d47-8afc-c6408c7db657/host
Jul 31 08:44:38 gtw01 dnsmasq-dhcp[11068]: read /var/lib/neutron/dhcp/d92ced90-d2dc-4d47-8afc-c6408c7db657/opts
Jul 31 08:44:39 gtw01 dnsmasq[11025]: read /var/lib/neutron/dhcp/076bfa29-04b4-4424-974d-ea68b60d2ae9/addn_hosts - 2 addresses
Jul 31 08:44:39 gtw01 dnsmasq-dhcp[11025]: read /var/lib/neutron/dhcp/076bfa29-04b4-4424-974d-ea68b60d2ae9/host
