Jul 15 14:32:01 gtw01 dnsmasq-dhcp[29260]: read /var/lib/neutron/dhcp/e49a5da2-ee11-40f7-b1bb-7588d2f5139f/host
Jul 15 14:32:01 gtw01 dnsmasq-dhcp[29260]: read /var/lib/neutron/dhcp/e49a5da2-ee11-40f7-b1bb-7588d2f5139f/opts
Jul 15 14:32:01 gtw01 dnsmasq[24977]: read /var/lib/neutron/dhcp/aa46876e-bb51-4e69-9390-744fcbd14c97/addn_hosts - 3 addresses
Jul 15 14:32:01 gtw01 dnsmasq-dhcp[24977]: read /var/lib/neutron/dhcp/aa46876e-bb51-4e69-9390-744fcbd14c97/host
Jul 15 14:32:01 gtw01 dnsmasq-dhcp[24977]: read /var/lib/neutron/dhcp/aa46876e-bb51-4e69-9390-744fcbd14c97/opts
Jul 15 14:32:02 gtw01 dnsmasq[29260]: read /var/lib/neutron/dhcp/e49a5da2-ee11-40f7-b1bb-7588d2f5139f/addn_hosts - 2 addresses
Jul 15 14:32:02 gtw01 dnsmasq-dhcp[29260]: read /var/lib/neutron/dhcp/e49a5da2-ee11-40f7-b1bb-7588d2f5139f/host
Jul 15 14:32:02 gtw01 dnsmasq-dhcp[29260]: read /var/lib/neutron/dhcp/e49a5da2-ee11-40f7-b1bb-7588d2f5139f/opts
Jul 15 14:32:02 gtw01 dnsmasq[29260]: read /var/lib/neutron/dhcp/e49a5da2-ee11-40f7-b1bb-7588d2f5139f/addn_hosts - 2 addresses
Jul 15 14:32:02 gtw01 dnsmasq-dhcp[29260]: read /var/lib/neutron/dhcp/e49a5da2-ee11-40f7-b1bb-7588d2f5139f/host
Jul 15 14:32:02 gtw01 dnsmasq-dhcp[29260]: read /var/lib/neutron/dhcp/e49a5da2-ee11-40f7-b1bb-7588d2f5139f/opts
Jul 15 14:32:03 gtw01 systemd-udevd[29495]: Could not generate persistent MAC address for qr-e8a10e12-cf: No such file or directory
Jul 15 14:32:03 gtw01 kernel: [ 5224.875398] device qr-e8a10e12-cf entered promiscuous mode
Jul 15 14:32:03 gtw01 dnsmasq[29260]: read /var/lib/neutron/dhcp/e49a5da2-ee11-40f7-b1bb-7588d2f5139f/addn_hosts - 2 addresses
Jul 15 14:32:03 gtw01 dnsmasq-dhcp[29260]: read /var/lib/neutron/dhcp/e49a5da2-ee11-40f7-b1bb-7588d2f5139f/host
Jul 15 14:32:03 gtw01 dnsmasq-dhcp[29260]: read /var/lib/neutron/dhcp/e49a5da2-ee11-40f7-b1bb-7588d2f5139f/opts
Jul 15 14:32:04 gtw01 kernel: [ 5225.645580] device vxlan_sys_4789 entered promiscuous mode
Jul 15 14:32:04 gtw01 systemd-udevd[29599]: Could not generate persistent MAC address for vxlan_sys_4789: No such file or directory
Jul 15 14:32:07 gtw01 kernel: [ 5229.079035] device vxlan_sys_4789 left promiscuous mode
Jul 15 14:32:07 gtw01 dnsmasq[24977]: read /var/lib/neutron/dhcp/aa46876e-bb51-4e69-9390-744fcbd14c97/addn_hosts - 2 addresses
Jul 15 14:32:07 gtw01 dnsmasq-dhcp[24977]: read /var/lib/neutron/dhcp/aa46876e-bb51-4e69-9390-744fcbd14c97/host
Jul 15 14:32:07 gtw01 dnsmasq-dhcp[24977]: read /var/lib/neutron/dhcp/aa46876e-bb51-4e69-9390-744fcbd14c97/opts
Jul 15 14:32:11 gtw01 dnsmasq[29260]: read /var/lib/neutron/dhcp/e49a5da2-ee11-40f7-b1bb-7588d2f5139f/addn_hosts - 2 addresses
Jul 15 14:32:11 gtw01 dnsmasq-dhcp[29260]: read /var/lib/neutron/dhcp/e49a5da2-ee11-40f7-b1bb-7588d2f5139f/host
Jul 15 14:32:11 gtw01 dnsmasq-dhcp[29260]: read /var/lib/neutron/dhcp/e49a5da2-ee11-40f7-b1bb-7588d2f5139f/opts
Jul 15 14:32:12 gtw01 kernel: [ 5234.353151] device tapf213e268-3a left promiscuous mode
Jul 15 14:32:15 gtw01 kernel: [ 5237.000328] device qg-16227722-4c left promiscuous mode
Jul 15 14:32:17 gtw01 kernel: [ 5239.388822] device qr-e8a10e12-cf left promiscuous mode
Jul 15 14:32:35 gtw01 kernel: [ 5257.261748] device tap16c04b28-b3 entered promiscuous mode
Jul 15 14:32:35 gtw01 systemd-udevd[30073]: Could not generate persistent MAC address for tap16c04b28-b3: No such file or directory
Jul 15 14:32:35 gtw01 systemd-udevd[30073]: Process '/sbin/ip link set tap16c04b28-b3 txqueuelen 10000' failed with exit code 1.
Jul 15 14:32:35 gtw01 systemd-udevd[30149]: Process '/sbin/ip link set tap16c04b28-b3 txqueuelen 10000' failed with exit code 1.
Jul 15 14:32:36 gtw01 kernel: [ 5258.009392] device qg-7e0ccdda-57 entered promiscuous mode
Jul 15 14:32:36 gtw01 systemd-udevd[30183]: Could not generate persistent MAC address for qg-7e0ccdda-57: No such file or directory
Jul 15 14:32:38 gtw01 dnsmasq[30375]: started, version 2.80 cachesize 150
Jul 15 14:32:38 gtw01 dnsmasq[30375]: DNS service limited to local subnets
Jul 15 14:32:38 gtw01 dnsmasq[30375]: compile time options: IPv6 GNU-getopt DBus i18n IDN DHCP DHCPv6 no-Lua TFTP conntrack ipset auth DNSSEC loop-detect inotify dumpfile
Jul 15 14:32:38 gtw01 dnsmasq[30375]: LOUD WARNING: listening on 100.1.0.130 may accept requests via interfaces other than tap16c04b28-b3
Jul 15 14:32:38 gtw01 dnsmasq[30375]: LOUD WARNING: use --bind-dynamic rather than --bind-interfaces to avoid DNS amplification attacks via these interface(s)
Jul 15 14:32:38 gtw01 dnsmasq[30375]: warning: no upstream servers configured
Jul 15 14:32:38 gtw01 dnsmasq-dhcp[30375]: DHCP, static leases only on 100.1.0.128, lease time 1h
Jul 15 14:32:38 gtw01 dnsmasq[30375]: read /var/lib/neutron/dhcp/b213d5f6-293c-4c78-a16f-28be249d1dd1/addn_hosts - 1 addresses
Jul 15 14:32:38 gtw01 dnsmasq-dhcp[30375]: read /var/lib/neutron/dhcp/b213d5f6-293c-4c78-a16f-28be249d1dd1/host
Jul 15 14:32:38 gtw01 dnsmasq-dhcp[30375]: read /var/lib/neutron/dhcp/b213d5f6-293c-4c78-a16f-28be249d1dd1/opts
Jul 15 14:32:39 gtw01 haproxy-metadata-proxy-b213d5f6-293c-4c78-a16f-28be249d1dd1[30384]: Proxy listener started.
Jul 15 14:32:39 gtw01 dnsmasq[30375]: read /var/lib/neutron/dhcp/b213d5f6-293c-4c78-a16f-28be249d1dd1/addn_hosts - 2 addresses
Jul 15 14:32:39 gtw01 dnsmasq-dhcp[30375]: read /var/lib/neutron/dhcp/b213d5f6-293c-4c78-a16f-28be249d1dd1/host
Jul 15 14:32:39 gtw01 dnsmasq-dhcp[30375]: read /var/lib/neutron/dhcp/b213d5f6-293c-4c78-a16f-28be249d1dd1/opts
Jul 15 14:32:40 gtw01 dnsmasq[30375]: read /var/lib/neutron/dhcp/b213d5f6-293c-4c78-a16f-28be249d1dd1/addn_hosts - 2 addresses
Jul 15 14:32:40 gtw01 dnsmasq-dhcp[30375]: read /var/lib/neutron/dhcp/b213d5f6-293c-4c78-a16f-28be249d1dd1/host
Jul 15 14:32:40 gtw01 dnsmasq-dhcp[30375]: read /var/lib/neutron/dhcp/b213d5f6-293c-4c78-a16f-28be249d1dd1/opts
Jul 15 14:32:41 gtw01 dnsmasq[30375]: read /var/lib/neutron/dhcp/b213d5f6-293c-4c78-a16f-28be249d1dd1/addn_hosts - 2 addresses
Jul 15 14:32:41 gtw01 dnsmasq-dhcp[30375]: read /var/lib/neutron/dhcp/b213d5f6-293c-4c78-a16f-28be249d1dd1/host
Jul 15 14:32:41 gtw01 dnsmasq-dhcp[30375]: read /var/lib/neutron/dhcp/b213d5f6-293c-4c78-a16f-28be249d1dd1/opts
Jul 15 14:32:42 gtw01 haproxy-metadata-proxy-dbb28761-4ab0-4b3f-80db-a37e88a44817[30503]: Proxy listener started.
Jul 15 14:32:42 gtw01 dnsmasq[30375]: read /var/lib/neutron/dhcp/b213d5f6-293c-4c78-a16f-28be249d1dd1/addn_hosts - 2 addresses
Jul 15 14:32:42 gtw01 dnsmasq-dhcp[30375]: read /var/lib/neutron/dhcp/b213d5f6-293c-4c78-a16f-28be249d1dd1/host
Jul 15 14:32:42 gtw01 dnsmasq-dhcp[30375]: read /var/lib/neutron/dhcp/b213d5f6-293c-4c78-a16f-28be249d1dd1/opts
Jul 15 14:32:43 gtw01 dnsmasq[30375]: read /var/lib/neutron/dhcp/b213d5f6-293c-4c78-a16f-28be249d1dd1/addn_hosts - 2 addresses
Jul 15 14:32:43 gtw01 dnsmasq-dhcp[30375]: read /var/lib/neutron/dhcp/b213d5f6-293c-4c78-a16f-28be249d1dd1/host
Jul 15 14:32:43 gtw01 dnsmasq-dhcp[30375]: read /var/lib/neutron/dhcp/b213d5f6-293c-4c78-a16f-28be249d1dd1/opts
Jul 15 14:32:44 gtw01 systemd-udevd[30550]: Could not generate persistent MAC address for qr-5f1a1a8c-1e: No such file or directory
Jul 15 14:32:44 gtw01 kernel: [ 5266.321756] device qr-5f1a1a8c-1e entered promiscuous mode
Jul 15 14:32:44 gtw01 dnsmasq[30375]: read /var/lib/neutron/dhcp/b213d5f6-293c-4c78-a16f-28be249d1dd1/addn_hosts - 2 addresses
Jul 15 14:32:44 gtw01 dnsmasq-dhcp[30375]: read /var/lib/neutron/dhcp/b213d5f6-293c-4c78-a16f-28be249d1dd1/host
Jul 15 14:32:44 gtw01 dnsmasq-dhcp[30375]: read /var/lib/neutron/dhcp/b213d5f6-293c-4c78-a16f-28be249d1dd1/opts
Jul 15 14:32:45 gtw01 dnsmasq[30375]: read /var/lib/neutron/dhcp/b213d5f6-293c-4c78-a16f-28be249d1dd1/addn_hosts - 2 addresses
Jul 15 14:32:45 gtw01 dnsmasq-dhcp[30375]: read /var/lib/neutron/dhcp/b213d5f6-293c-4c78-a16f-28be249d1dd1/host
Jul 15 14:32:45 gtw01 dnsmasq-dhcp[30375]: read /var/lib/neutron/dhcp/b213d5f6-293c-4c78-a16f-28be249d1dd1/opts
Jul 15 14:32:45 gtw01 dnsmasq[24977]: read /var/lib/neutron/dhcp/aa46876e-bb51-4e69-9390-744fcbd14c97/addn_hosts - 3 addresses
Jul 15 14:32:45 gtw01 dnsmasq-dhcp[24977]: read /var/lib/neutron/dhcp/aa46876e-bb51-4e69-9390-744fcbd14c97/host
Jul 15 14:32:45 gtw01 dnsmasq-dhcp[24977]: read /var/lib/neutron/dhcp/aa46876e-bb51-4e69-9390-744fcbd14c97/opts
Jul 15 14:32:46 gtw01 dnsmasq[24977]: read /var/lib/neutron/dhcp/aa46876e-bb51-4e69-9390-744fcbd14c97/addn_hosts - 3 addresses
Jul 15 14:32:46 gtw01 dnsmasq-dhcp[24977]: read /var/lib/neutron/dhcp/aa46876e-bb51-4e69-9390-744fcbd14c97/host
Jul 15 14:32:46 gtw01 dnsmasq-dhcp[24977]: read /var/lib/neutron/dhcp/aa46876e-bb51-4e69-9390-744fcbd14c97/opts
Jul 15 14:32:47 gtw01 dnsmasq[24977]: read /var/lib/neutron/dhcp/aa46876e-bb51-4e69-9390-744fcbd14c97/addn_hosts - 3 addresses
Jul 15 14:32:47 gtw01 dnsmasq-dhcp[24977]: read /var/lib/neutron/dhcp/aa46876e-bb51-4e69-9390-744fcbd14c97/host
Jul 15 14:32:47 gtw01 dnsmasq-dhcp[24977]: read /var/lib/neutron/dhcp/aa46876e-bb51-4e69-9390-744fcbd14c97/opts
Jul 15 14:32:51 gtw01 systemd-udevd[30850]: Could not generate persistent MAC address for vxlan_sys_4789: No such file or directory
Jul 15 14:32:51 gtw01 kernel: [ 5273.510340] device vxlan_sys_4789 entered promiscuous mode
Jul 15 14:32:54 gtw01 kernel: [ 5275.883124] device vxlan_sys_4789 left promiscuous mode
Jul 15 14:32:54 gtw01 dnsmasq[24977]: read /var/lib/neutron/dhcp/aa46876e-bb51-4e69-9390-744fcbd14c97/addn_hosts - 2 addresses
Jul 15 14:32:54 gtw01 dnsmasq-dhcp[24977]: read /var/lib/neutron/dhcp/aa46876e-bb51-4e69-9390-744fcbd14c97/host
Jul 15 14:32:54 gtw01 dnsmasq-dhcp[24977]: read /var/lib/neutron/dhcp/aa46876e-bb51-4e69-9390-744fcbd14c97/opts
Jul 15 14:33:03 gtw01 dnsmasq[30375]: read /var/lib/neutron/dhcp/b213d5f6-293c-4c78-a16f-28be249d1dd1/addn_hosts - 2 addresses
Jul 15 14:33:03 gtw01 dnsmasq-dhcp[30375]: read /var/lib/neutron/dhcp/b213d5f6-293c-4c78-a16f-28be249d1dd1/host
Jul 15 14:33:03 gtw01 dnsmasq-dhcp[30375]: read /var/lib/neutron/dhcp/b213d5f6-293c-4c78-a16f-28be249d1dd1/opts
Jul 15 14:33:03 gtw01 kernel: [ 5285.387596] device tap16c04b28-b3 left promiscuous mode
Jul 15 14:33:06 gtw01 kernel: [ 5288.209661] device qg-7e0ccdda-57 left promiscuous mode
Jul 15 14:33:08 gtw01 kernel: [ 5290.568431] device qr-5f1a1a8c-1e left promiscuous mode
Jul 15 14:33:25 gtw01 systemd-udevd[31166]: Could not generate persistent MAC address for tap8c18a727-50: No such file or directory
Jul 15 14:33:25 gtw01 kernel: [ 5306.771358] device tap8c18a727-50 entered promiscuous mode
Jul 15 14:33:25 gtw01 systemd-udevd[31166]: Process '/sbin/ip link set tap8c18a727-50 txqueuelen 10000' failed with exit code 1.
Jul 15 14:33:25 gtw01 systemd-udevd[31242]: Process '/sbin/ip link set tap8c18a727-50 txqueuelen 10000' failed with exit code 1.
Jul 15 14:33:26 gtw01 systemd-udevd[31281]: Could not generate persistent MAC address for qr-23f8ed75-47: No such file or directory
Jul 15 14:33:26 gtw01 kernel: [ 5307.827109] device qr-23f8ed75-47 entered promiscuous mode
Jul 15 14:33:27 gtw01 systemd-udevd[31415]: Could not generate persistent MAC address for qg-ed479236-a9: No such file or directory
Jul 15 14:33:27 gtw01 kernel: [ 5308.994765] device qg-ed479236-a9 entered promiscuous mode
Jul 15 14:33:28 gtw01 dnsmasq[31549]: started, version 2.80 cachesize 150
Jul 15 14:33:28 gtw01 dnsmasq[31549]: DNS service limited to local subnets
Jul 15 14:33:28 gtw01 dnsmasq[31549]: compile time options: IPv6 GNU-getopt DBus i18n IDN DHCP DHCPv6 no-Lua TFTP conntrack ipset auth DNSSEC loop-detect inotify dumpfile
Jul 15 14:33:28 gtw01 dnsmasq[31549]: LOUD WARNING: listening on 100.1.1.2 may accept requests via interfaces other than tap8c18a727-50
Jul 15 14:33:28 gtw01 dnsmasq[31549]: LOUD WARNING: use --bind-dynamic rather than --bind-interfaces to avoid DNS amplification attacks via these interface(s)
Jul 15 14:33:28 gtw01 dnsmasq[31549]: warning: no upstream servers configured
Jul 15 14:33:28 gtw01 dnsmasq-dhcp[31549]: DHCP, static leases only on 100.1.1.0, lease time 1h
Jul 15 14:33:28 gtw01 dnsmasq[31549]: read /var/lib/neutron/dhcp/742567d0-6b5f-45a7-b905-94548961aaa2/addn_hosts - 1 addresses
Jul 15 14:33:28 gtw01 dnsmasq-dhcp[31549]: read /var/lib/neutron/dhcp/742567d0-6b5f-45a7-b905-94548961aaa2/host
Jul 15 14:33:28 gtw01 dnsmasq-dhcp[31549]: read /var/lib/neutron/dhcp/742567d0-6b5f-45a7-b905-94548961aaa2/opts
Jul 15 14:33:28 gtw01 haproxy-metadata-proxy-742567d0-6b5f-45a7-b905-94548961aaa2[31561]: Proxy listener started.
Jul 15 14:33:29 gtw01 dnsmasq[31549]: read /var/lib/neutron/dhcp/742567d0-6b5f-45a7-b905-94548961aaa2/addn_hosts - 2 addresses
Jul 15 14:33:29 gtw01 dnsmasq-dhcp[31549]: read /var/lib/neutron/dhcp/742567d0-6b5f-45a7-b905-94548961aaa2/host
Jul 15 14:33:29 gtw01 dnsmasq-dhcp[31549]: read /var/lib/neutron/dhcp/742567d0-6b5f-45a7-b905-94548961aaa2/opts
Jul 15 14:33:30 gtw01 dnsmasq[24977]: read /var/lib/neutron/dhcp/aa46876e-bb51-4e69-9390-744fcbd14c97/addn_hosts - 3 addresses
Jul 15 14:33:30 gtw01 dnsmasq-dhcp[24977]: read /var/lib/neutron/dhcp/aa46876e-bb51-4e69-9390-744fcbd14c97/host
Jul 15 14:33:30 gtw01 dnsmasq-dhcp[24977]: read /var/lib/neutron/dhcp/aa46876e-bb51-4e69-9390-744fcbd14c97/opts
Jul 15 14:33:30 gtw01 dnsmasq[31549]: read /var/lib/neutron/dhcp/742567d0-6b5f-45a7-b905-94548961aaa2/addn_hosts - 2 addresses
Jul 15 14:33:30 gtw01 dnsmasq-dhcp[31549]: read /var/lib/neutron/dhcp/742567d0-6b5f-45a7-b905-94548961aaa2/host
Jul 15 14:33:30 gtw01 dnsmasq-dhcp[31549]: read /var/lib/neutron/dhcp/742567d0-6b5f-45a7-b905-94548961aaa2/opts
Jul 15 14:33:31 gtw01 dnsmasq[24977]: read /var/lib/neutron/dhcp/aa46876e-bb51-4e69-9390-744fcbd14c97/addn_hosts - 3 addresses
Jul 15 14:33:31 gtw01 dnsmasq-dhcp[24977]: read /var/lib/neutron/dhcp/aa46876e-bb51-4e69-9390-744fcbd14c97/host
Jul 15 14:33:31 gtw01 dnsmasq-dhcp[24977]: read /var/lib/neutron/dhcp/aa46876e-bb51-4e69-9390-744fcbd14c97/opts
Jul 15 14:33:31 gtw01 dnsmasq[31549]: read /var/lib/neutron/dhcp/742567d0-6b5f-45a7-b905-94548961aaa2/addn_hosts - 2 addresses
Jul 15 14:33:31 gtw01 dnsmasq-dhcp[31549]: read /var/lib/neutron/dhcp/742567d0-6b5f-45a7-b905-94548961aaa2/host
Jul 15 14:33:31 gtw01 dnsmasq-dhcp[31549]: read /var/lib/neutron/dhcp/742567d0-6b5f-45a7-b905-94548961aaa2/opts
Jul 15 14:33:32 gtw01 dnsmasq[24977]: read /var/lib/neutron/dhcp/aa46876e-bb51-4e69-9390-744fcbd14c97/addn_hosts - 3 addresses
Jul 15 14:33:32 gtw01 dnsmasq-dhcp[24977]: read /var/lib/neutron/dhcp/aa46876e-bb51-4e69-9390-744fcbd14c97/host
Jul 15 14:33:32 gtw01 dnsmasq-dhcp[24977]: read /var/lib/neutron/dhcp/aa46876e-bb51-4e69-9390-744fcbd14c97/opts
Jul 15 14:33:32 gtw01 dnsmasq[31549]: read /var/lib/neutron/dhcp/742567d0-6b5f-45a7-b905-94548961aaa2/addn_hosts - 2 addresses
Jul 15 14:33:32 gtw01 dnsmasq-dhcp[31549]: read /var/lib/neutron/dhcp/742567d0-6b5f-45a7-b905-94548961aaa2/host
Jul 15 14:33:32 gtw01 dnsmasq-dhcp[31549]: read /var/lib/neutron/dhcp/742567d0-6b5f-45a7-b905-94548961aaa2/opts
Jul 15 14:33:33 gtw01 dnsmasq[31549]: read /var/lib/neutron/dhcp/742567d0-6b5f-45a7-b905-94548961aaa2/addn_hosts - 2 addresses
Jul 15 14:33:33 gtw01 dnsmasq-dhcp[31549]: read /var/lib/neutron/dhcp/742567d0-6b5f-45a7-b905-94548961aaa2/host
Jul 15 14:33:33 gtw01 dnsmasq-dhcp[31549]: read /var/lib/neutron/dhcp/742567d0-6b5f-45a7-b905-94548961aaa2/opts
Jul 15 14:33:34 gtw01 haproxy-metadata-proxy-70137da5-dccf-4c32-8ed3-60a4fc6e01c4[31795]: Proxy listener started.
Jul 15 14:33:34 gtw01 kernel: [ 5316.394305] device vxlan_sys_4789 entered promiscuous mode
Jul 15 14:33:34 gtw01 systemd-udevd[31802]: Could not generate persistent MAC address for vxlan_sys_4789: No such file or directory
Jul 15 14:33:35 gtw01 dnsmasq[31549]: read /var/lib/neutron/dhcp/742567d0-6b5f-45a7-b905-94548961aaa2/addn_hosts - 2 addresses
Jul 15 14:33:35 gtw01 dnsmasq-dhcp[31549]: read /var/lib/neutron/dhcp/742567d0-6b5f-45a7-b905-94548961aaa2/host
Jul 15 14:33:35 gtw01 dnsmasq-dhcp[31549]: read /var/lib/neutron/dhcp/742567d0-6b5f-45a7-b905-94548961aaa2/opts
Jul 15 14:33:36 gtw01 dnsmasq[31549]: read /var/lib/neutron/dhcp/742567d0-6b5f-45a7-b905-94548961aaa2/addn_hosts - 2 addresses
Jul 15 14:33:36 gtw01 dnsmasq-dhcp[31549]: read /var/lib/neutron/dhcp/742567d0-6b5f-45a7-b905-94548961aaa2/host
Jul 15 14:33:36 gtw01 dnsmasq-dhcp[31549]: read /var/lib/neutron/dhcp/742567d0-6b5f-45a7-b905-94548961aaa2/opts
Jul 15 14:33:42 gtw01 kernel: [ 5323.910930] device vxlan_sys_4789 left promiscuous mode
Jul 15 14:33:42 gtw01 dnsmasq[24977]: read /var/lib/neutron/dhcp/aa46876e-bb51-4e69-9390-744fcbd14c97/addn_hosts - 2 addresses
Jul 15 14:33:42 gtw01 dnsmasq-dhcp[24977]: read /var/lib/neutron/dhcp/aa46876e-bb51-4e69-9390-744fcbd14c97/host
Jul 15 14:33:42 gtw01 dnsmasq-dhcp[24977]: read /var/lib/neutron/dhcp/aa46876e-bb51-4e69-9390-744fcbd14c97/opts
Jul 15 14:33:46 gtw01 dnsmasq[31549]: read /var/lib/neutron/dhcp/742567d0-6b5f-45a7-b905-94548961aaa2/addn_hosts - 2 addresses
Jul 15 14:33:46 gtw01 dnsmasq-dhcp[31549]: read /var/lib/neutron/dhcp/742567d0-6b5f-45a7-b905-94548961aaa2/host
Jul 15 14:33:46 gtw01 dnsmasq-dhcp[31549]: read /var/lib/neutron/dhcp/742567d0-6b5f-45a7-b905-94548961aaa2/opts
Jul 15 14:33:47 gtw01 kernel: [ 5328.864716] device tap8c18a727-50 left promiscuous mode
Jul 15 14:33:49 gtw01 kernel: [ 5331.623444] device qg-ed479236-a9 left promiscuous mode
Jul 15 14:33:52 gtw01 kernel: [ 5333.830356] device qr-23f8ed75-47 left promiscuous mode
Jul 15 14:34:08 gtw01 dnsmasq[24977]: read /var/lib/neutron/dhcp/aa46876e-bb51-4e69-9390-744fcbd14c97/addn_hosts - 3 addresses
Jul 15 14:34:08 gtw01 dnsmasq-dhcp[24977]: read /var/lib/neutron/dhcp/aa46876e-bb51-4e69-9390-744fcbd14c97/host
Jul 15 14:34:08 gtw01 dnsmasq-dhcp[24977]: read /var/lib/neutron/dhcp/aa46876e-bb51-4e69-9390-744fcbd14c97/opts
Jul 15 14:34:09 gtw01 dnsmasq[24977]: read /var/lib/neutron/dhcp/aa46876e-bb51-4e69-9390-744fcbd14c97/addn_hosts - 3 addresses
Jul 15 14:34:09 gtw01 dnsmasq-dhcp[24977]: read /var/lib/neutron/dhcp/aa46876e-bb51-4e69-9390-744fcbd14c97/host
Jul 15 14:34:09 gtw01 dnsmasq-dhcp[24977]: read /var/lib/neutron/dhcp/aa46876e-bb51-4e69-9390-744fcbd14c97/opts
Jul 15 14:34:10 gtw01 dnsmasq[24977]: read /var/lib/neutron/dhcp/aa46876e-bb51-4e69-9390-744fcbd14c97/addn_hosts - 3 addresses
Jul 15 14:34:10 gtw01 dnsmasq-dhcp[24977]: read /var/lib/neutron/dhcp/aa46876e-bb51-4e69-9390-744fcbd14c97/host
Jul 15 14:34:10 gtw01 dnsmasq-dhcp[24977]: read /var/lib/neutron/dhcp/aa46876e-bb51-4e69-9390-744fcbd14c97/opts
Jul 15 14:34:12 gtw01 systemd-udevd[32280]: Could not generate persistent MAC address for vxlan_sys_4789: No such file or directory
Jul 15 14:34:12 gtw01 kernel: [ 5353.684148] device vxlan_sys_4789 entered promiscuous mode
Jul 15 14:34:25 gtw01 dnsmasq-dhcp[24977]: DHCPDISCOVER(tapef790dfe-85) fa:16:3e:6d:cc:9b
Jul 15 14:34:25 gtw01 dnsmasq-dhcp[24977]: DHCPOFFER(tapef790dfe-85) 192.168.120.4 fa:16:3e:6d:cc:9b
Jul 15 14:34:25 gtw01 dnsmasq-dhcp[24977]: DHCPREQUEST(tapef790dfe-85) 192.168.120.4 fa:16:3e:6d:cc:9b
Jul 15 14:34:25 gtw01 dnsmasq-dhcp[24977]: DHCPACK(tapef790dfe-85) 192.168.120.4 fa:16:3e:6d:cc:9b host-192-168-120-4
Jul 15 14:34:38 gtw01 dnsmasq-dhcp[24977]: DHCPRELEASE(tapef790dfe-85) 192.168.120.4 fa:16:3e:6d:cc:9b
Jul 15 14:34:51 gtw01 kernel: [ 5393.014118] device vxlan_sys_4789 left promiscuous mode
Jul 15 14:34:59 gtw01 dnsmasq[24977]: read /var/lib/neutron/dhcp/aa46876e-bb51-4e69-9390-744fcbd14c97/addn_hosts - 3 addresses
Jul 15 14:34:59 gtw01 dnsmasq-dhcp[24977]: read /var/lib/neutron/dhcp/aa46876e-bb51-4e69-9390-744fcbd14c97/host
Jul 15 14:34:59 gtw01 dnsmasq-dhcp[24977]: read /var/lib/neutron/dhcp/aa46876e-bb51-4e69-9390-744fcbd14c97/opts
Jul 15 14:35:00 gtw01 dnsmasq[24977]: read /var/lib/neutron/dhcp/aa46876e-bb51-4e69-9390-744fcbd14c97/addn_hosts - 3 addresses
Jul 15 14:35:00 gtw01 dnsmasq-dhcp[24977]: read /var/lib/neutron/dhcp/aa46876e-bb51-4e69-9390-744fcbd14c97/host
Jul 15 14:35:00 gtw01 dnsmasq-dhcp[24977]: read /var/lib/neutron/dhcp/aa46876e-bb51-4e69-9390-744fcbd14c97/opts
Jul 15 14:35:02 gtw01 systemd-udevd[32386]: Could not generate persistent MAC address for vxlan_sys_4789: No such file or directory
Jul 15 14:35:02 gtw01 kernel: [ 5404.618623] device vxlan_sys_4789 entered promiscuous mode
Jul 15 14:35:07 gtw01 kernel: [ 5409.613944] device vxlan_sys_4789 left promiscuous mode
Jul 15 14:35:08 gtw01 dnsmasq[24977]: read /var/lib/neutron/dhcp/aa46876e-bb51-4e69-9390-744fcbd14c97/addn_hosts - 2 addresses
Jul 15 14:35:08 gtw01 dnsmasq-dhcp[24977]: read /var/lib/neutron/dhcp/aa46876e-bb51-4e69-9390-744fcbd14c97/host
Jul 15 14:35:08 gtw01 dnsmasq-dhcp[24977]: read /var/lib/neutron/dhcp/aa46876e-bb51-4e69-9390-744fcbd14c97/opts
Jul 15 14:35:27 gtw01 kernel: [ 5428.967715] device tapc9324493-4d entered promiscuous mode
Jul 15 14:35:27 gtw01 systemd-udevd[32520]: Could not generate persistent MAC address for tapc9324493-4d: No such file or directory
Jul 15 14:35:27 gtw01 systemd-udevd[32520]: Process '/sbin/ip link set tapc9324493-4d txqueuelen 10000' failed with exit code 1.
Jul 15 14:35:27 gtw01 systemd-udevd[32595]: Process '/sbin/ip link set tapc9324493-4d txqueuelen 10000' failed with exit code 1.
Jul 15 14:35:28 gtw01 systemd-udevd[32624]: Could not generate persistent MAC address for qg-9cbf1ece-90: No such file or directory
Jul 15 14:35:28 gtw01 kernel: [ 5429.676514] device qg-9cbf1ece-90 entered promiscuous mode
Jul 15 14:35:30 gtw01 dnsmasq[343]: started, version 2.80 cachesize 150
Jul 15 14:35:30 gtw01 dnsmasq[343]: DNS service limited to local subnets
Jul 15 14:35:30 gtw01 dnsmasq[343]: compile time options: IPv6 GNU-getopt DBus i18n IDN DHCP DHCPv6 no-Lua TFTP conntrack ipset auth DNSSEC loop-detect inotify dumpfile
Jul 15 14:35:30 gtw01 dnsmasq[343]: warning: no upstream servers configured
Jul 15 14:35:30 gtw01 dnsmasq-dhcp[343]: DHCP, static leases only on 10.2.3.0, lease time 1h
Jul 15 14:35:30 gtw01 dnsmasq[343]: read /var/lib/neutron/dhcp/676662ad-602d-40d4-bafb-87bf930f6512/addn_hosts - 1 addresses
Jul 15 14:35:30 gtw01 dnsmasq-dhcp[343]: read /var/lib/neutron/dhcp/676662ad-602d-40d4-bafb-87bf930f6512/host
Jul 15 14:35:30 gtw01 dnsmasq-dhcp[343]: read /var/lib/neutron/dhcp/676662ad-602d-40d4-bafb-87bf930f6512/opts
Jul 15 14:35:30 gtw01 haproxy-metadata-proxy-676662ad-602d-40d4-bafb-87bf930f6512[362]: Proxy listener started.
Jul 15 14:35:31 gtw01 dnsmasq[343]: read /var/lib/neutron/dhcp/676662ad-602d-40d4-bafb-87bf930f6512/addn_hosts - 2 addresses
Jul 15 14:35:31 gtw01 dnsmasq-dhcp[343]: read /var/lib/neutron/dhcp/676662ad-602d-40d4-bafb-87bf930f6512/host
Jul 15 14:35:31 gtw01 dnsmasq-dhcp[343]: read /var/lib/neutron/dhcp/676662ad-602d-40d4-bafb-87bf930f6512/opts
Jul 15 14:35:32 gtw01 dnsmasq[343]: read /var/lib/neutron/dhcp/676662ad-602d-40d4-bafb-87bf930f6512/addn_hosts - 2 addresses
Jul 15 14:35:32 gtw01 dnsmasq-dhcp[343]: read /var/lib/neutron/dhcp/676662ad-602d-40d4-bafb-87bf930f6512/host
Jul 15 14:35:32 gtw01 dnsmasq-dhcp[343]: read /var/lib/neutron/dhcp/676662ad-602d-40d4-bafb-87bf930f6512/opts
Jul 15 14:35:33 gtw01 dnsmasq[343]: read /var/lib/neutron/dhcp/676662ad-602d-40d4-bafb-87bf930f6512/addn_hosts - 2 addresses
Jul 15 14:35:33 gtw01 dnsmasq-dhcp[343]: read /var/lib/neutron/dhcp/676662ad-602d-40d4-bafb-87bf930f6512/host
Jul 15 14:35:33 gtw01 dnsmasq-dhcp[343]: read /var/lib/neutron/dhcp/676662ad-602d-40d4-bafb-87bf930f6512/opts
Jul 15 14:35:34 gtw01 haproxy-metadata-proxy-904ae579-9429-4924-934b-a52638647b51[493]: Proxy listener started.
Jul 15 14:35:34 gtw01 dnsmasq[343]: read /var/lib/neutron/dhcp/676662ad-602d-40d4-bafb-87bf930f6512/addn_hosts - 2 addresses
Jul 15 14:35:34 gtw01 dnsmasq-dhcp[343]: read /var/lib/neutron/dhcp/676662ad-602d-40d4-bafb-87bf930f6512/host
Jul 15 14:35:34 gtw01 dnsmasq-dhcp[343]: read /var/lib/neutron/dhcp/676662ad-602d-40d4-bafb-87bf930f6512/opts
Jul 15 14:35:35 gtw01 dnsmasq[343]: read /var/lib/neutron/dhcp/676662ad-602d-40d4-bafb-87bf930f6512/addn_hosts - 3 addresses
Jul 15 14:35:35 gtw01 dnsmasq-dhcp[343]: read /var/lib/neutron/dhcp/676662ad-602d-40d4-bafb-87bf930f6512/host
Jul 15 14:35:35 gtw01 dnsmasq-dhcp[343]: read /var/lib/neutron/dhcp/676662ad-602d-40d4-bafb-87bf930f6512/opts
Jul 15 14:35:36 gtw01 dnsmasq[343]: read /var/lib/neutron/dhcp/676662ad-602d-40d4-bafb-87bf930f6512/addn_hosts - 3 addresses
Jul 15 14:35:36 gtw01 dnsmasq-dhcp[343]: read /var/lib/neutron/dhcp/676662ad-602d-40d4-bafb-87bf930f6512/host
Jul 15 14:35:36 gtw01 dnsmasq-dhcp[343]: read /var/lib/neutron/dhcp/676662ad-602d-40d4-bafb-87bf930f6512/opts
Jul 15 14:35:37 gtw01 systemd-udevd[548]: Could not generate persistent MAC address for qr-9d13a681-c0: No such file or directory
Jul 15 14:35:37 gtw01 kernel: [ 5438.763502] device qr-9d13a681-c0 entered promiscuous mode
Jul 15 14:35:37 gtw01 kernel: [ 5438.894055] device vxlan_sys_4789 entered promiscuous mode
Jul 15 14:35:37 gtw01 systemd-udevd[629]: Could not generate persistent MAC address for vxlan_sys_4789: No such file or directory
Jul 15 14:35:37 gtw01 dnsmasq[343]: read /var/lib/neutron/dhcp/676662ad-602d-40d4-bafb-87bf930f6512/addn_hosts - 3 addresses
Jul 15 14:35:37 gtw01 dnsmasq-dhcp[343]: read /var/lib/neutron/dhcp/676662ad-602d-40d4-bafb-87bf930f6512/host
Jul 15 14:35:37 gtw01 dnsmasq-dhcp[343]: read /var/lib/neutron/dhcp/676662ad-602d-40d4-bafb-87bf930f6512/opts
Jul 15 14:35:38 gtw01 dnsmasq[343]: read /var/lib/neutron/dhcp/676662ad-602d-40d4-bafb-87bf930f6512/addn_hosts - 3 addresses
Jul 15 14:35:38 gtw01 dnsmasq-dhcp[343]: read /var/lib/neutron/dhcp/676662ad-602d-40d4-bafb-87bf930f6512/host
Jul 15 14:35:38 gtw01 dnsmasq-dhcp[343]: read /var/lib/neutron/dhcp/676662ad-602d-40d4-bafb-87bf930f6512/opts
Jul 15 14:35:39 gtw01 dnsmasq[343]: read /var/lib/neutron/dhcp/676662ad-602d-40d4-bafb-87bf930f6512/addn_hosts - 3 addresses
Jul 15 14:35:39 gtw01 dnsmasq-dhcp[343]: read /var/lib/neutron/dhcp/676662ad-602d-40d4-bafb-87bf930f6512/host
Jul 15 14:35:39 gtw01 dnsmasq-dhcp[343]: read /var/lib/neutron/dhcp/676662ad-602d-40d4-bafb-87bf930f6512/opts
Jul 15 14:35:40 gtw01 dnsmasq[343]: read /var/lib/neutron/dhcp/676662ad-602d-40d4-bafb-87bf930f6512/addn_hosts - 3 addresses
Jul 15 14:35:40 gtw01 dnsmasq-dhcp[343]: read /var/lib/neutron/dhcp/676662ad-602d-40d4-bafb-87bf930f6512/host
Jul 15 14:35:40 gtw01 dnsmasq-dhcp[343]: read /var/lib/neutron/dhcp/676662ad-602d-40d4-bafb-87bf930f6512/opts
Jul 15 14:35:42 gtw01 kernel: [ 5443.902924] device vxlan_sys_4789 left promiscuous mode
Jul 15 14:35:42 gtw01 dnsmasq[343]: read /var/lib/neutron/dhcp/676662ad-602d-40d4-bafb-87bf930f6512/addn_hosts - 2 addresses
Jul 15 14:35:42 gtw01 dnsmasq-dhcp[343]: read /var/lib/neutron/dhcp/676662ad-602d-40d4-bafb-87bf930f6512/host
Jul 15 14:35:42 gtw01 dnsmasq-dhcp[343]: read /var/lib/neutron/dhcp/676662ad-602d-40d4-bafb-87bf930f6512/opts
Jul 15 14:35:47 gtw01 dnsmasq[343]: read /var/lib/neutron/dhcp/676662ad-602d-40d4-bafb-87bf930f6512/addn_hosts - 2 addresses
Jul 15 14:35:47 gtw01 dnsmasq-dhcp[343]: read /var/lib/neutron/dhcp/676662ad-602d-40d4-bafb-87bf930f6512/host
Jul 15 14:35:47 gtw01 dnsmasq-dhcp[343]: read /var/lib/neutron/dhcp/676662ad-602d-40d4-bafb-87bf930f6512/opts
Jul 15 14:35:47 gtw01 kernel: [ 5449.545813] device tapc9324493-4d left promiscuous mode
Jul 15 14:35:50 gtw01 kernel: [ 5452.403304] device qg-9cbf1ece-90 left promiscuous mode
Jul 15 14:35:53 gtw01 kernel: [ 5454.716622] device qr-9d13a681-c0 left promiscuous mode
Jul 15 14:36:08 gtw01 systemd-udevd[1174]: Could not generate persistent MAC address for tap84b4509f-58: No such file or directory
Jul 15 14:36:08 gtw01 kernel: [ 5470.175261] device tap84b4509f-58 entered promiscuous mode
Jul 15 14:36:09 gtw01 systemd-udevd[1256]: Could not generate persistent MAC address for qg-6b18b98e-12: No such file or directory
Jul 15 14:36:09 gtw01 kernel: [ 5470.735661] device qg-6b18b98e-12 entered promiscuous mode
Jul 15 14:36:09 gtw01 systemd-udevd[1334]: Process '/sbin/ip link set tap84b4509f-58 txqueuelen 10000' failed with exit code 1.
Jul 15 14:36:12 gtw01 dnsmasq[1481]: started, version 2.80 cachesize 150
Jul 15 14:36:12 gtw01 dnsmasq[1481]: DNS service limited to local subnets
Jul 15 14:36:12 gtw01 dnsmasq[1481]: compile time options: IPv6 GNU-getopt DBus i18n IDN DHCP DHCPv6 no-Lua TFTP conntrack ipset auth DNSSEC loop-detect inotify dumpfile
Jul 15 14:36:12 gtw01 dnsmasq[1481]: warning: no upstream servers configured
Jul 15 14:36:12 gtw01 dnsmasq-dhcp[1481]: DHCP, static leases only on 10.2.4.0, lease time 1h
Jul 15 14:36:12 gtw01 dnsmasq[1481]: read /var/lib/neutron/dhcp/71bada1a-3b7a-4d81-b600-583170bbc1e6/addn_hosts - 1 addresses
Jul 15 14:36:12 gtw01 dnsmasq-dhcp[1481]: read /var/lib/neutron/dhcp/71bada1a-3b7a-4d81-b600-583170bbc1e6/host
Jul 15 14:36:12 gtw01 dnsmasq-dhcp[1481]: read /var/lib/neutron/dhcp/71bada1a-3b7a-4d81-b600-583170bbc1e6/opts
Jul 15 14:36:12 gtw01 haproxy-metadata-proxy-71bada1a-3b7a-4d81-b600-583170bbc1e6[1491]: Proxy listener started.
Jul 15 14:36:13 gtw01 dnsmasq[1481]: read /var/lib/neutron/dhcp/71bada1a-3b7a-4d81-b600-583170bbc1e6/addn_hosts - 2 addresses
Jul 15 14:36:13 gtw01 dnsmasq-dhcp[1481]: read /var/lib/neutron/dhcp/71bada1a-3b7a-4d81-b600-583170bbc1e6/host
Jul 15 14:36:13 gtw01 dnsmasq-dhcp[1481]: read /var/lib/neutron/dhcp/71bada1a-3b7a-4d81-b600-583170bbc1e6/opts
Jul 15 14:36:14 gtw01 dnsmasq[24977]: read /var/lib/neutron/dhcp/aa46876e-bb51-4e69-9390-744fcbd14c97/addn_hosts - 3 addresses
Jul 15 14:36:14 gtw01 dnsmasq-dhcp[24977]: read /var/lib/neutron/dhcp/aa46876e-bb51-4e69-9390-744fcbd14c97/host
Jul 15 14:36:14 gtw01 dnsmasq-dhcp[24977]: read /var/lib/neutron/dhcp/aa46876e-bb51-4e69-9390-744fcbd14c97/opts
Jul 15 14:36:14 gtw01 dnsmasq[1481]: read /var/lib/neutron/dhcp/71bada1a-3b7a-4d81-b600-583170bbc1e6/addn_hosts - 2 addresses
Jul 15 14:36:14 gtw01 dnsmasq-dhcp[1481]: read /var/lib/neutron/dhcp/71bada1a-3b7a-4d81-b600-583170bbc1e6/host
Jul 15 14:36:14 gtw01 dnsmasq-dhcp[1481]: read /var/lib/neutron/dhcp/71bada1a-3b7a-4d81-b600-583170bbc1e6/opts
Jul 15 14:36:15 gtw01 dnsmasq[24977]: read /var/lib/neutron/dhcp/aa46876e-bb51-4e69-9390-744fcbd14c97/addn_hosts - 3 addresses
Jul 15 14:36:15 gtw01 dnsmasq-dhcp[24977]: read /var/lib/neutron/dhcp/aa46876e-bb51-4e69-9390-744fcbd14c97/host
Jul 15 14:36:15 gtw01 dnsmasq-dhcp[24977]: read /var/lib/neutron/dhcp/aa46876e-bb51-4e69-9390-744fcbd14c97/opts
Jul 15 14:36:15 gtw01 haproxy-metadata-proxy-255ee8ae-d5eb-47f8-8604-bbe6d7ea98da[1618]: Proxy listener started.
Jul 15 14:36:15 gtw01 dnsmasq[1481]: read /var/lib/neutron/dhcp/71bada1a-3b7a-4d81-b600-583170bbc1e6/addn_hosts - 2 addresses
Jul 15 14:36:15 gtw01 dnsmasq-dhcp[1481]: read /var/lib/neutron/dhcp/71bada1a-3b7a-4d81-b600-583170bbc1e6/host
Jul 15 14:36:15 gtw01 dnsmasq-dhcp[1481]: read /var/lib/neutron/dhcp/71bada1a-3b7a-4d81-b600-583170bbc1e6/opts
Jul 15 14:36:16 gtw01 dnsmasq[24977]: read /var/lib/neutron/dhcp/aa46876e-bb51-4e69-9390-744fcbd14c97/addn_hosts - 3 addresses
Jul 15 14:36:16 gtw01 dnsmasq-dhcp[24977]: read /var/lib/neutron/dhcp/aa46876e-bb51-4e69-9390-744fcbd14c97/host
Jul 15 14:36:16 gtw01 dnsmasq-dhcp[24977]: read /var/lib/neutron/dhcp/aa46876e-bb51-4e69-9390-744fcbd14c97/opts
Jul 15 14:36:16 gtw01 dnsmasq[1481]: read /var/lib/neutron/dhcp/71bada1a-3b7a-4d81-b600-583170bbc1e6/addn_hosts - 2 addresses
Jul 15 14:36:16 gtw01 dnsmasq-dhcp[1481]: read /var/lib/neutron/dhcp/71bada1a-3b7a-4d81-b600-583170bbc1e6/host
Jul 15 14:36:16 gtw01 dnsmasq-dhcp[1481]: read /var/lib/neutron/dhcp/71bada1a-3b7a-4d81-b600-583170bbc1e6/opts
Jul 15 14:36:17 gtw01 dnsmasq[1481]: read /var/lib/neutron/dhcp/71bada1a-3b7a-4d81-b600-583170bbc1e6/addn_hosts - 2 addresses
Jul 15 14:36:17 gtw01 dnsmasq-dhcp[1481]: read /var/lib/neutron/dhcp/71bada1a-3b7a-4d81-b600-583170bbc1e6/host
Jul 15 14:36:17 gtw01 dnsmasq-dhcp[1481]: read /var/lib/neutron/dhcp/71bada1a-3b7a-4d81-b600-583170bbc1e6/opts
Jul 15 14:36:17 gtw01 kernel: [ 5479.270035] device qr-54aab846-1a entered promiscuous mode
Jul 15 14:36:17 gtw01 systemd-udevd[1689]: Could not generate persistent MAC address for qr-54aab846-1a: No such file or directory
Jul 15 14:36:18 gtw01 dnsmasq[1481]: read /var/lib/neutron/dhcp/71bada1a-3b7a-4d81-b600-583170bbc1e6/addn_hosts - 2 addresses
Jul 15 14:36:18 gtw01 dnsmasq-dhcp[1481]: read /var/lib/neutron/dhcp/71bada1a-3b7a-4d81-b600-583170bbc1e6/host
Jul 15 14:36:18 gtw01 dnsmasq-dhcp[1481]: read /var/lib/neutron/dhcp/71bada1a-3b7a-4d81-b600-583170bbc1e6/opts
Jul 15 14:36:18 gtw01 kernel: [ 5480.574138] device vxlan_sys_4789 entered promiscuous mode
Jul 15 14:36:18 gtw01 systemd-udevd[1817]: Could not generate persistent MAC address for vxlan_sys_4789: No such file or directory
Jul 15 14:36:19 gtw01 dnsmasq[1481]: read /var/lib/neutron/dhcp/71bada1a-3b7a-4d81-b600-583170bbc1e6/addn_hosts - 2 addresses
Jul 15 14:36:19 gtw01 dnsmasq-dhcp[1481]: read /var/lib/neutron/dhcp/71bada1a-3b7a-4d81-b600-583170bbc1e6/host
Jul 15 14:36:19 gtw01 dnsmasq-dhcp[1481]: read /var/lib/neutron/dhcp/71bada1a-3b7a-4d81-b600-583170bbc1e6/opts
Jul 15 14:36:31 gtw01 kernel: [ 5492.714692] device vxlan_sys_4789 left promiscuous mode
Jul 15 14:36:31 gtw01 dnsmasq[24977]: read /var/lib/neutron/dhcp/aa46876e-bb51-4e69-9390-744fcbd14c97/addn_hosts - 2 addresses
Jul 15 14:36:31 gtw01 dnsmasq-dhcp[24977]: read /var/lib/neutron/dhcp/aa46876e-bb51-4e69-9390-744fcbd14c97/host
Jul 15 14:36:31 gtw01 dnsmasq-dhcp[24977]: read /var/lib/neutron/dhcp/aa46876e-bb51-4e69-9390-744fcbd14c97/opts
Jul 15 14:36:38 gtw01 dnsmasq[1481]: read /var/lib/neutron/dhcp/71bada1a-3b7a-4d81-b600-583170bbc1e6/addn_hosts - 2 addresses
Jul 15 14:36:38 gtw01 dnsmasq-dhcp[1481]: read /var/lib/neutron/dhcp/71bada1a-3b7a-4d81-b600-583170bbc1e6/host
Jul 15 14:36:38 gtw01 dnsmasq-dhcp[1481]: read /var/lib/neutron/dhcp/71bada1a-3b7a-4d81-b600-583170bbc1e6/opts
Jul 15 14:36:39 gtw01 kernel: [ 5501.160987] device tap84b4509f-58 left promiscuous mode
Jul 15 14:36:41 gtw01 kernel: [ 5503.636739] device qg-6b18b98e-12 left promiscuous mode
Jul 15 14:36:44 gtw01 kernel: [ 5505.999905] device qr-54aab846-1a left promiscuous mode
Jul 15 14:38:20 gtw01 dnsmasq[24977]: read /var/lib/neutron/dhcp/aa46876e-bb51-4e69-9390-744fcbd14c97/addn_hosts - 1 addresses
Jul 15 14:38:20 gtw01 dnsmasq-dhcp[24977]: read /var/lib/neutron/dhcp/aa46876e-bb51-4e69-9390-744fcbd14c97/host
Jul 15 14:38:20 gtw01 dnsmasq-dhcp[24977]: read /var/lib/neutron/dhcp/aa46876e-bb51-4e69-9390-744fcbd14c97/opts
Jul 15 14:38:21 gtw01 haproxy-metadata-proxy-aa46876e-bb51-4e69-9390-744fcbd14c97[2381]: Proxy listener started.
Jul 15 14:38:22 gtw01 kernel: [ 5603.878992] device qr-716abb95-ea left promiscuous mode
Jul 15 14:38:25 gtw01 kernel: [ 5606.781375] device qg-27bea6e0-16 left promiscuous mode
Jul 15 14:38:25 gtw01 kernel: [ 5606.924847] device tapef790dfe-85 left promiscuous mode
Jul 15 14:38:35 gtw01 systemd-udevd[2546]: Could not generate persistent MAC address for tap8a7bf5d1-1f: No such file or directory
Jul 15 14:38:35 gtw01 kernel: [ 5617.547319] device tap8a7bf5d1-1f entered promiscuous mode
Jul 15 14:38:35 gtw01 systemd-udevd[2546]: Process '/sbin/ip link set tap8a7bf5d1-1f txqueuelen 10000' failed with exit code 1.
Jul 15 14:38:36 gtw01 systemd-udevd[2546]: Process '/sbin/ip link set tap8a7bf5d1-1f txqueuelen 10000' failed with exit code 1.
Jul 15 14:38:39 gtw01 kernel: [ 5620.709466] device qg-85268ec6-5c entered promiscuous mode
Jul 15 14:38:39 gtw01 systemd-udevd[2738]: Could not generate persistent MAC address for qg-85268ec6-5c: No such file or directory
Jul 15 14:38:39 gtw01 dnsmasq[2836]: started, version 2.80 cachesize 150
Jul 15 14:38:39 gtw01 dnsmasq[2836]: DNS service limited to local subnets
Jul 15 14:38:39 gtw01 dnsmasq[2836]: compile time options: IPv6 GNU-getopt DBus i18n IDN DHCP DHCPv6 no-Lua TFTP conntrack ipset auth DNSSEC loop-detect inotify dumpfile
Jul 15 14:38:39 gtw01 dnsmasq[2836]: warning: no upstream servers configured
Jul 15 14:38:39 gtw01 dnsmasq-dhcp[2836]: DHCP, static leases only on 192.168.120.0, lease time 1h
Jul 15 14:38:39 gtw01 dnsmasq[2836]: read /var/lib/neutron/dhcp/f10d1cff-8d6f-410f-a3cc-8f40011334e1/addn_hosts - 1 addresses
Jul 15 14:38:39 gtw01 dnsmasq-dhcp[2836]: read /var/lib/neutron/dhcp/f10d1cff-8d6f-410f-a3cc-8f40011334e1/host
Jul 15 14:38:39 gtw01 dnsmasq-dhcp[2836]: read /var/lib/neutron/dhcp/f10d1cff-8d6f-410f-a3cc-8f40011334e1/opts
Jul 15 14:38:39 gtw01 haproxy-metadata-proxy-f10d1cff-8d6f-410f-a3cc-8f40011334e1[2848]: Proxy listener started.
Jul 15 14:38:40 gtw01 dnsmasq[2836]: read /var/lib/neutron/dhcp/f10d1cff-8d6f-410f-a3cc-8f40011334e1/addn_hosts - 2 addresses
Jul 15 14:38:40 gtw01 dnsmasq-dhcp[2836]: read /var/lib/neutron/dhcp/f10d1cff-8d6f-410f-a3cc-8f40011334e1/host
Jul 15 14:38:40 gtw01 dnsmasq-dhcp[2836]: read /var/lib/neutron/dhcp/f10d1cff-8d6f-410f-a3cc-8f40011334e1/opts
Jul 15 14:38:41 gtw01 dnsmasq[2836]: read /var/lib/neutron/dhcp/f10d1cff-8d6f-410f-a3cc-8f40011334e1/addn_hosts - 2 addresses
Jul 15 14:38:41 gtw01 dnsmasq-dhcp[2836]: read /var/lib/neutron/dhcp/f10d1cff-8d6f-410f-a3cc-8f40011334e1/host
Jul 15 14:38:41 gtw01 dnsmasq-dhcp[2836]: read /var/lib/neutron/dhcp/f10d1cff-8d6f-410f-a3cc-8f40011334e1/opts
Jul 15 14:38:42 gtw01 dnsmasq[2836]: read /var/lib/neutron/dhcp/f10d1cff-8d6f-410f-a3cc-8f40011334e1/addn_hosts - 2 addresses
Jul 15 14:38:42 gtw01 dnsmasq-dhcp[2836]: read /var/lib/neutron/dhcp/f10d1cff-8d6f-410f-a3cc-8f40011334e1/host
Jul 15 14:38:42 gtw01 dnsmasq-dhcp[2836]: read /var/lib/neutron/dhcp/f10d1cff-8d6f-410f-a3cc-8f40011334e1/opts
Jul 15 14:38:43 gtw01 dnsmasq[2836]: read /var/lib/neutron/dhcp/f10d1cff-8d6f-410f-a3cc-8f40011334e1/addn_hosts - 2 addresses
Jul 15 14:38:43 gtw01 dnsmasq-dhcp[2836]: read /var/lib/neutron/dhcp/f10d1cff-8d6f-410f-a3cc-8f40011334e1/host
Jul 15 14:38:43 gtw01 dnsmasq-dhcp[2836]: read /var/lib/neutron/dhcp/f10d1cff-8d6f-410f-a3cc-8f40011334e1/opts
Jul 15 14:38:44 gtw01 dnsmasq[2836]: read /var/lib/neutron/dhcp/f10d1cff-8d6f-410f-a3cc-8f40011334e1/addn_hosts - 2 addresses
Jul 15 14:38:44 gtw01 dnsmasq-dhcp[2836]: read /var/lib/neutron/dhcp/f10d1cff-8d6f-410f-a3cc-8f40011334e1/host
Jul 15 14:38:44 gtw01 dnsmasq-dhcp[2836]: read /var/lib/neutron/dhcp/f10d1cff-8d6f-410f-a3cc-8f40011334e1/opts
Jul 15 14:38:45 gtw01 haproxy-metadata-proxy-fb39caec-1f0c-4f7f-af14-dbb24f2f9276[3048]: Proxy listener started.
Jul 15 14:38:46 gtw01 dnsmasq[2836]: read /var/lib/neutron/dhcp/f10d1cff-8d6f-410f-a3cc-8f40011334e1/addn_hosts - 2 addresses
Jul 15 14:38:46 gtw01 dnsmasq-dhcp[2836]: read /var/lib/neutron/dhcp/f10d1cff-8d6f-410f-a3cc-8f40011334e1/host
Jul 15 14:38:46 gtw01 dnsmasq-dhcp[2836]: read /var/lib/neutron/dhcp/f10d1cff-8d6f-410f-a3cc-8f40011334e1/opts
Jul 15 14:38:47 gtw01 kernel: [ 5628.807400] device qr-c2b3df39-92 entered promiscuous mode
Jul 15 14:38:47 gtw01 systemd-udevd[3078]: Could not generate persistent MAC address for qr-c2b3df39-92: No such file or directory
Jul 15 14:38:47 gtw01 dnsmasq[2836]: read /var/lib/neutron/dhcp/f10d1cff-8d6f-410f-a3cc-8f40011334e1/addn_hosts - 2 addresses
Jul 15 14:38:47 gtw01 dnsmasq-dhcp[2836]: read /var/lib/neutron/dhcp/f10d1cff-8d6f-410f-a3cc-8f40011334e1/host
Jul 15 14:38:47 gtw01 dnsmasq-dhcp[2836]: read /var/lib/neutron/dhcp/f10d1cff-8d6f-410f-a3cc-8f40011334e1/opts
Jul 15 14:39:33 gtw01 dnsmasq[2836]: read /var/lib/neutron/dhcp/f10d1cff-8d6f-410f-a3cc-8f40011334e1/addn_hosts - 3 addresses
Jul 15 14:39:33 gtw01 dnsmasq-dhcp[2836]: read /var/lib/neutron/dhcp/f10d1cff-8d6f-410f-a3cc-8f40011334e1/host
Jul 15 14:39:33 gtw01 dnsmasq-dhcp[2836]: read /var/lib/neutron/dhcp/f10d1cff-8d6f-410f-a3cc-8f40011334e1/opts
Jul 15 14:39:34 gtw01 dnsmasq[2836]: read /var/lib/neutron/dhcp/f10d1cff-8d6f-410f-a3cc-8f40011334e1/addn_hosts - 4 addresses
Jul 15 14:39:34 gtw01 dnsmasq-dhcp[2836]: read /var/lib/neutron/dhcp/f10d1cff-8d6f-410f-a3cc-8f40011334e1/host
Jul 15 14:39:34 gtw01 dnsmasq-dhcp[2836]: read /var/lib/neutron/dhcp/f10d1cff-8d6f-410f-a3cc-8f40011334e1/opts
Jul 15 14:39:35 gtw01 dnsmasq[2836]: read /var/lib/neutron/dhcp/f10d1cff-8d6f-410f-a3cc-8f40011334e1/addn_hosts - 5 addresses
Jul 15 14:39:35 gtw01 dnsmasq-dhcp[2836]: read /var/lib/neutron/dhcp/f10d1cff-8d6f-410f-a3cc-8f40011334e1/host
Jul 15 14:39:35 gtw01 dnsmasq-dhcp[2836]: read /var/lib/neutron/dhcp/f10d1cff-8d6f-410f-a3cc-8f40011334e1/opts
Jul 15 14:39:36 gtw01 dnsmasq[2836]: read /var/lib/neutron/dhcp/f10d1cff-8d6f-410f-a3cc-8f40011334e1/addn_hosts - 6 addresses
Jul 15 14:39:36 gtw01 dnsmasq-dhcp[2836]: read /var/lib/neutron/dhcp/f10d1cff-8d6f-410f-a3cc-8f40011334e1/host
Jul 15 14:39:36 gtw01 dnsmasq-dhcp[2836]: read /var/lib/neutron/dhcp/f10d1cff-8d6f-410f-a3cc-8f40011334e1/opts
Jul 15 14:39:37 gtw01 dnsmasq[2836]: read /var/lib/neutron/dhcp/f10d1cff-8d6f-410f-a3cc-8f40011334e1/addn_hosts - 7 addresses
Jul 15 14:39:37 gtw01 dnsmasq-dhcp[2836]: read /var/lib/neutron/dhcp/f10d1cff-8d6f-410f-a3cc-8f40011334e1/host
Jul 15 14:39:37 gtw01 dnsmasq-dhcp[2836]: read /var/lib/neutron/dhcp/f10d1cff-8d6f-410f-a3cc-8f40011334e1/opts
Jul 15 14:39:38 gtw01 dnsmasq[2836]: read /var/lib/neutron/dhcp/f10d1cff-8d6f-410f-a3cc-8f40011334e1/addn_hosts - 7 addresses
Jul 15 14:39:38 gtw01 dnsmasq-dhcp[2836]: read /var/lib/neutron/dhcp/f10d1cff-8d6f-410f-a3cc-8f40011334e1/host
Jul 15 14:39:38 gtw01 dnsmasq-dhcp[2836]: read /var/lib/neutron/dhcp/f10d1cff-8d6f-410f-a3cc-8f40011334e1/opts
Jul 15 14:39:39 gtw01 dnsmasq[2836]: read /var/lib/neutron/dhcp/f10d1cff-8d6f-410f-a3cc-8f40011334e1/addn_hosts - 7 addresses
Jul 15 14:39:39 gtw01 dnsmasq-dhcp[2836]: read /var/lib/neutron/dhcp/f10d1cff-8d6f-410f-a3cc-8f40011334e1/host
Jul 15 14:39:39 gtw01 dnsmasq-dhcp[2836]: read /var/lib/neutron/dhcp/f10d1cff-8d6f-410f-a3cc-8f40011334e1/opts
Jul 15 14:39:39 gtw01 systemd-udevd[3443]: Could not generate persistent MAC address for vxlan_sys_4789: No such file or directory
Jul 15 14:39:39 gtw01 kernel: [ 5681.301510] device vxlan_sys_4789 entered promiscuous mode
Jul 15 14:39:40 gtw01 dnsmasq[2836]: read /var/lib/neutron/dhcp/f10d1cff-8d6f-410f-a3cc-8f40011334e1/addn_hosts - 7 addresses
Jul 15 14:39:40 gtw01 dnsmasq-dhcp[2836]: read /var/lib/neutron/dhcp/f10d1cff-8d6f-410f-a3cc-8f40011334e1/host
Jul 15 14:39:40 gtw01 dnsmasq-dhcp[2836]: read /var/lib/neutron/dhcp/f10d1cff-8d6f-410f-a3cc-8f40011334e1/opts
Jul 15 14:39:40 gtw01 dnsmasq[2836]: read /var/lib/neutron/dhcp/f10d1cff-8d6f-410f-a3cc-8f40011334e1/addn_hosts - 8 addresses
Jul 15 14:39:40 gtw01 dnsmasq-dhcp[2836]: read /var/lib/neutron/dhcp/f10d1cff-8d6f-410f-a3cc-8f40011334e1/host
Jul 15 14:39:40 gtw01 dnsmasq-dhcp[2836]: read /var/lib/neutron/dhcp/f10d1cff-8d6f-410f-a3cc-8f40011334e1/opts
Jul 15 14:39:41 gtw01 dnsmasq[2836]: read /var/lib/neutron/dhcp/f10d1cff-8d6f-410f-a3cc-8f40011334e1/addn_hosts - 8 addresses
Jul 15 14:39:41 gtw01 dnsmasq-dhcp[2836]: read /var/lib/neutron/dhcp/f10d1cff-8d6f-410f-a3cc-8f40011334e1/host
Jul 15 14:39:41 gtw01 dnsmasq-dhcp[2836]: read /var/lib/neutron/dhcp/f10d1cff-8d6f-410f-a3cc-8f40011334e1/opts
Jul 15 14:39:42 gtw01 dnsmasq[2836]: read /var/lib/neutron/dhcp/f10d1cff-8d6f-410f-a3cc-8f40011334e1/addn_hosts - 8 addresses
Jul 15 14:39:42 gtw01 dnsmasq-dhcp[2836]: read /var/lib/neutron/dhcp/f10d1cff-8d6f-410f-a3cc-8f40011334e1/host
Jul 15 14:39:42 gtw01 dnsmasq-dhcp[2836]: read /var/lib/neutron/dhcp/f10d1cff-8d6f-410f-a3cc-8f40011334e1/opts
Jul 15 14:39:43 gtw01 dnsmasq[2836]: read /var/lib/neutron/dhcp/f10d1cff-8d6f-410f-a3cc-8f40011334e1/addn_hosts - 8 addresses
Jul 15 14:39:43 gtw01 dnsmasq-dhcp[2836]: read /var/lib/neutron/dhcp/f10d1cff-8d6f-410f-a3cc-8f40011334e1/host
Jul 15 14:39:43 gtw01 dnsmasq-dhcp[2836]: read /var/lib/neutron/dhcp/f10d1cff-8d6f-410f-a3cc-8f40011334e1/opts
Jul 15 14:39:44 gtw01 dnsmasq[2836]: read /var/lib/neutron/dhcp/f10d1cff-8d6f-410f-a3cc-8f40011334e1/addn_hosts - 8 addresses
Jul 15 14:39:44 gtw01 dnsmasq-dhcp[2836]: read /var/lib/neutron/dhcp/f10d1cff-8d6f-410f-a3cc-8f40011334e1/host
Jul 15 14:39:44 gtw01 dnsmasq-dhcp[2836]: read /var/lib/neutron/dhcp/f10d1cff-8d6f-410f-a3cc-8f40011334e1/opts
Jul 15 14:39:45 gtw01 dnsmasq[2836]: read /var/lib/neutron/dhcp/f10d1cff-8d6f-410f-a3cc-8f40011334e1/addn_hosts - 8 addresses
Jul 15 14:39:45 gtw01 dnsmasq-dhcp[2836]: read /var/lib/neutron/dhcp/f10d1cff-8d6f-410f-a3cc-8f40011334e1/host
Jul 15 14:39:45 gtw01 dnsmasq-dhcp[2836]: read /var/lib/neutron/dhcp/f10d1cff-8d6f-410f-a3cc-8f40011334e1/opts
Jul 15 14:39:46 gtw01 dnsmasq[2836]: read /var/lib/neutron/dhcp/f10d1cff-8d6f-410f-a3cc-8f40011334e1/addn_hosts - 8 addresses
Jul 15 14:39:46 gtw01 dnsmasq-dhcp[2836]: read /var/lib/neutron/dhcp/f10d1cff-8d6f-410f-a3cc-8f40011334e1/host
Jul 15 14:39:46 gtw01 dnsmasq-dhcp[2836]: read /var/lib/neutron/dhcp/f10d1cff-8d6f-410f-a3cc-8f40011334e1/opts
Jul 15 14:39:47 gtw01 dnsmasq[2836]: read /var/lib/neutron/dhcp/f10d1cff-8d6f-410f-a3cc-8f40011334e1/addn_hosts - 8 addresses
Jul 15 14:39:47 gtw01 dnsmasq-dhcp[2836]: read /var/lib/neutron/dhcp/f10d1cff-8d6f-410f-a3cc-8f40011334e1/host
Jul 15 14:39:47 gtw01 dnsmasq-dhcp[2836]: read /var/lib/neutron/dhcp/f10d1cff-8d6f-410f-a3cc-8f40011334e1/opts
Jul 15 14:39:48 gtw01 dnsmasq[2836]: read /var/lib/neutron/dhcp/f10d1cff-8d6f-410f-a3cc-8f40011334e1/addn_hosts - 8 addresses
Jul 15 14:39:48 gtw01 dnsmasq-dhcp[2836]: read /var/lib/neutron/dhcp/f10d1cff-8d6f-410f-a3cc-8f40011334e1/host
Jul 15 14:39:48 gtw01 dnsmasq-dhcp[2836]: read /var/lib/neutron/dhcp/f10d1cff-8d6f-410f-a3cc-8f40011334e1/opts
Jul 15 14:39:49 gtw01 dnsmasq[2836]: read /var/lib/neutron/dhcp/f10d1cff-8d6f-410f-a3cc-8f40011334e1/addn_hosts - 8 addresses
Jul 15 14:39:49 gtw01 dnsmasq-dhcp[2836]: read /var/lib/neutron/dhcp/f10d1cff-8d6f-410f-a3cc-8f40011334e1/host
Jul 15 14:39:49 gtw01 dnsmasq-dhcp[2836]: read /var/lib/neutron/dhcp/f10d1cff-8d6f-410f-a3cc-8f40011334e1/opts
Jul 15 14:39:50 gtw01 dnsmasq[2836]: read /var/lib/neutron/dhcp/f10d1cff-8d6f-410f-a3cc-8f40011334e1/addn_hosts - 7 addresses
Jul 15 14:39:50 gtw01 dnsmasq-dhcp[2836]: read /var/lib/neutron/dhcp/f10d1cff-8d6f-410f-a3cc-8f40011334e1/host
Jul 15 14:39:50 gtw01 dnsmasq-dhcp[2836]: read /var/lib/neutron/dhcp/f10d1cff-8d6f-410f-a3cc-8f40011334e1/opts
Jul 15 14:39:51 gtw01 dnsmasq[2836]: read /var/lib/neutron/dhcp/f10d1cff-8d6f-410f-a3cc-8f40011334e1/addn_hosts - 6 addresses
Jul 15 14:39:51 gtw01 dnsmasq-dhcp[2836]: read /var/lib/neutron/dhcp/f10d1cff-8d6f-410f-a3cc-8f40011334e1/host
Jul 15 14:39:51 gtw01 dnsmasq-dhcp[2836]: read /var/lib/neutron/dhcp/f10d1cff-8d6f-410f-a3cc-8f40011334e1/opts
Jul 15 14:39:52 gtw01 dnsmasq[2836]: read /var/lib/neutron/dhcp/f10d1cff-8d6f-410f-a3cc-8f40011334e1/addn_hosts - 5 addresses
Jul 15 14:39:52 gtw01 dnsmasq-dhcp[2836]: read /var/lib/neutron/dhcp/f10d1cff-8d6f-410f-a3cc-8f40011334e1/host
Jul 15 14:39:52 gtw01 dnsmasq-dhcp[2836]: read /var/lib/neutron/dhcp/f10d1cff-8d6f-410f-a3cc-8f40011334e1/opts
Jul 15 14:39:53 gtw01 dnsmasq[2836]: read /var/lib/neutron/dhcp/f10d1cff-8d6f-410f-a3cc-8f40011334e1/addn_hosts - 4 addresses
Jul 15 14:39:53 gtw01 dnsmasq-dhcp[2836]: read /var/lib/neutron/dhcp/f10d1cff-8d6f-410f-a3cc-8f40011334e1/host
Jul 15 14:39:53 gtw01 dnsmasq-dhcp[2836]: read /var/lib/neutron/dhcp/f10d1cff-8d6f-410f-a3cc-8f40011334e1/opts
Jul 15 14:39:55 gtw01 kernel: [ 5697.086155] device vxlan_sys_4789 left promiscuous mode
Jul 15 14:39:55 gtw01 dnsmasq[2836]: read /var/lib/neutron/dhcp/f10d1cff-8d6f-410f-a3cc-8f40011334e1/addn_hosts - 3 addresses
Jul 15 14:39:55 gtw01 dnsmasq-dhcp[2836]: read /var/lib/neutron/dhcp/f10d1cff-8d6f-410f-a3cc-8f40011334e1/host
Jul 15 14:39:55 gtw01 dnsmasq-dhcp[2836]: read /var/lib/neutron/dhcp/f10d1cff-8d6f-410f-a3cc-8f40011334e1/opts
Jul 15 14:39:59 gtw01 kernel: [ 5701.085654] device vxlan_sys_4789 entered promiscuous mode
Jul 15 14:39:59 gtw01 systemd-udevd[3813]: Could not generate persistent MAC address for vxlan_sys_4789: No such file or directory
Jul 15 14:40:04 gtw01 kernel: [ 5705.870285] device vxlan_sys_4789 left promiscuous mode
Jul 15 14:40:04 gtw01 dnsmasq[2836]: read /var/lib/neutron/dhcp/f10d1cff-8d6f-410f-a3cc-8f40011334e1/addn_hosts - 2 addresses
Jul 15 14:40:04 gtw01 dnsmasq-dhcp[2836]: read /var/lib/neutron/dhcp/f10d1cff-8d6f-410f-a3cc-8f40011334e1/host
Jul 15 14:40:04 gtw01 dnsmasq-dhcp[2836]: read /var/lib/neutron/dhcp/f10d1cff-8d6f-410f-a3cc-8f40011334e1/opts
Jul 15 14:40:07 gtw01 dnsmasq[2836]: read /var/lib/neutron/dhcp/f10d1cff-8d6f-410f-a3cc-8f40011334e1/addn_hosts - 3 addresses
Jul 15 14:40:07 gtw01 dnsmasq-dhcp[2836]: read /var/lib/neutron/dhcp/f10d1cff-8d6f-410f-a3cc-8f40011334e1/host
Jul 15 14:40:07 gtw01 dnsmasq-dhcp[2836]: read /var/lib/neutron/dhcp/f10d1cff-8d6f-410f-a3cc-8f40011334e1/opts
Jul 15 14:40:08 gtw01 dnsmasq[2836]: read /var/lib/neutron/dhcp/f10d1cff-8d6f-410f-a3cc-8f40011334e1/addn_hosts - 3 addresses
Jul 15 14:40:08 gtw01 dnsmasq-dhcp[2836]: read /var/lib/neutron/dhcp/f10d1cff-8d6f-410f-a3cc-8f40011334e1/host
Jul 15 14:40:08 gtw01 dnsmasq-dhcp[2836]: read /var/lib/neutron/dhcp/f10d1cff-8d6f-410f-a3cc-8f40011334e1/opts
Jul 15 14:40:09 gtw01 dnsmasq[2836]: read /var/lib/neutron/dhcp/f10d1cff-8d6f-410f-a3cc-8f40011334e1/addn_hosts - 3 addresses
Jul 15 14:40:09 gtw01 dnsmasq-dhcp[2836]: read /var/lib/neutron/dhcp/f10d1cff-8d6f-410f-a3cc-8f40011334e1/host
Jul 15 14:40:09 gtw01 dnsmasq-dhcp[2836]: read /var/lib/neutron/dhcp/f10d1cff-8d6f-410f-a3cc-8f40011334e1/opts
Jul 15 14:40:10 gtw01 systemd-udevd[3960]: Could not generate persistent MAC address for vxlan_sys_4789: No such file or directory
Jul 15 14:40:10 gtw01 kernel: [ 5712.585812] device vxlan_sys_4789 entered promiscuous mode
Jul 15 14:40:14 gtw01 systemd-udevd[4046]: Could not generate persistent MAC address for tap6b77034f-b7: No such file or directory
Jul 15 14:40:14 gtw01 kernel: [ 5715.662032] device tap6b77034f-b7 entered promiscuous mode
Jul 15 14:40:14 gtw01 systemd-udevd[4046]: Process '/sbin/ip link set tap6b77034f-b7 txqueuelen 10000' failed with exit code 1.
Jul 15 14:40:17 gtw01 dnsmasq[4193]: started, version 2.80 cachesize 150
Jul 15 14:40:17 gtw01 dnsmasq[4193]: DNS service limited to local subnets
Jul 15 14:40:17 gtw01 dnsmasq[4193]: compile time options: IPv6 GNU-getopt DBus i18n IDN DHCP DHCPv6 no-Lua TFTP conntrack ipset auth DNSSEC loop-detect inotify dumpfile
