Jul 15 14:40:17 gtw01 dnsmasq[4193]: warning: no upstream servers configured
Jul 15 14:40:17 gtw01 dnsmasq-dhcp[4193]: DHCP, static leases only on 192.168.120.0, lease time 1h
Jul 15 14:40:17 gtw01 dnsmasq[4193]: read /var/lib/neutron/dhcp/02ce4f6e-db97-427c-b8d9-522d375a0ba6/addn_hosts - 1 addresses
Jul 15 14:40:17 gtw01 dnsmasq-dhcp[4193]: read /var/lib/neutron/dhcp/02ce4f6e-db97-427c-b8d9-522d375a0ba6/host
Jul 15 14:40:17 gtw01 dnsmasq-dhcp[4193]: read /var/lib/neutron/dhcp/02ce4f6e-db97-427c-b8d9-522d375a0ba6/opts
Jul 15 14:40:17 gtw01 haproxy-metadata-proxy-02ce4f6e-db97-427c-b8d9-522d375a0ba6[4197]: Proxy listener started.
Jul 15 14:40:17 gtw01 kernel: [ 5719.318981] device vxlan_sys_4789 left promiscuous mode
Jul 15 14:40:18 gtw01 dnsmasq[4193]: read /var/lib/neutron/dhcp/02ce4f6e-db97-427c-b8d9-522d375a0ba6/addn_hosts - 2 addresses
Jul 15 14:40:18 gtw01 dnsmasq-dhcp[4193]: read /var/lib/neutron/dhcp/02ce4f6e-db97-427c-b8d9-522d375a0ba6/host
Jul 15 14:40:18 gtw01 dnsmasq-dhcp[4193]: read /var/lib/neutron/dhcp/02ce4f6e-db97-427c-b8d9-522d375a0ba6/opts
Jul 15 14:40:19 gtw01 kernel: [ 5721.276225] device qr-dede7cef-a5 entered promiscuous mode
Jul 15 14:40:19 gtw01 systemd-udevd[4268]: Could not generate persistent MAC address for qr-dede7cef-a5: No such file or directory
Jul 15 14:40:19 gtw01 dnsmasq[4193]: read /var/lib/neutron/dhcp/02ce4f6e-db97-427c-b8d9-522d375a0ba6/addn_hosts - 2 addresses
Jul 15 14:40:19 gtw01 dnsmasq-dhcp[4193]: read /var/lib/neutron/dhcp/02ce4f6e-db97-427c-b8d9-522d375a0ba6/host
Jul 15 14:40:19 gtw01 dnsmasq-dhcp[4193]: read /var/lib/neutron/dhcp/02ce4f6e-db97-427c-b8d9-522d375a0ba6/opts
Jul 15 14:40:19 gtw01 systemd-udevd[4339]: Could not generate persistent MAC address for vxlan_sys_4789: No such file or directory
Jul 15 14:40:19 gtw01 kernel: [ 5721.384106] device vxlan_sys_4789 entered promiscuous mode
Jul 15 14:40:20 gtw01 dnsmasq[4193]: read /var/lib/neutron/dhcp/02ce4f6e-db97-427c-b8d9-522d375a0ba6/addn_hosts - 2 addresses
Jul 15 14:40:20 gtw01 dnsmasq-dhcp[4193]: read /var/lib/neutron/dhcp/02ce4f6e-db97-427c-b8d9-522d375a0ba6/host
Jul 15 14:40:20 gtw01 dnsmasq-dhcp[4193]: read /var/lib/neutron/dhcp/02ce4f6e-db97-427c-b8d9-522d375a0ba6/opts
Jul 15 14:40:20 gtw01 systemd-udevd[4461]: Could not generate persistent MAC address for qg-fc7b1db5-73: No such file or directory
Jul 15 14:40:20 gtw01 kernel: [ 5722.486466] device qg-fc7b1db5-73 entered promiscuous mode
Jul 15 14:40:21 gtw01 kernel: [ 5722.951227] device vxlan_sys_4789 left promiscuous mode
Jul 15 14:40:21 gtw01 dnsmasq[4193]: read /var/lib/neutron/dhcp/02ce4f6e-db97-427c-b8d9-522d375a0ba6/addn_hosts - 2 addresses
Jul 15 14:40:21 gtw01 dnsmasq-dhcp[4193]: read /var/lib/neutron/dhcp/02ce4f6e-db97-427c-b8d9-522d375a0ba6/host
Jul 15 14:40:21 gtw01 dnsmasq-dhcp[4193]: read /var/lib/neutron/dhcp/02ce4f6e-db97-427c-b8d9-522d375a0ba6/opts
Jul 15 14:40:21 gtw01 dnsmasq[2836]: read /var/lib/neutron/dhcp/f10d1cff-8d6f-410f-a3cc-8f40011334e1/addn_hosts - 2 addresses
Jul 15 14:40:21 gtw01 dnsmasq-dhcp[2836]: read /var/lib/neutron/dhcp/f10d1cff-8d6f-410f-a3cc-8f40011334e1/host
Jul 15 14:40:21 gtw01 dnsmasq-dhcp[2836]: read /var/lib/neutron/dhcp/f10d1cff-8d6f-410f-a3cc-8f40011334e1/opts
Jul 15 14:40:22 gtw01 dnsmasq[4193]: read /var/lib/neutron/dhcp/02ce4f6e-db97-427c-b8d9-522d375a0ba6/addn_hosts - 2 addresses
Jul 15 14:40:22 gtw01 dnsmasq-dhcp[4193]: read /var/lib/neutron/dhcp/02ce4f6e-db97-427c-b8d9-522d375a0ba6/host
Jul 15 14:40:22 gtw01 dnsmasq-dhcp[4193]: read /var/lib/neutron/dhcp/02ce4f6e-db97-427c-b8d9-522d375a0ba6/opts
Jul 15 14:40:24 gtw01 kernel: [ 5726.413247] device tap83dbbef5-1b entered promiscuous mode
Jul 15 14:40:24 gtw01 systemd-udevd[4730]: Could not generate persistent MAC address for tap83dbbef5-1b: No such file or directory
Jul 15 14:40:24 gtw01 systemd-udevd[4730]: Process '/sbin/ip link set tap83dbbef5-1b txqueuelen 10000' failed with exit code 1.
Jul 15 14:40:24 gtw01 systemd-udevd[4730]: Process '/sbin/ip link set tap83dbbef5-1b txqueuelen 10000' failed with exit code 1.
Jul 15 14:40:27 gtw01 haproxy-metadata-proxy-47c84c9f-1612-404a-afd6-bd1a7484475a[4916]: Proxy listener started.
Jul 15 14:40:28 gtw01 dnsmasq[4954]: started, version 2.80 cachesize 150
Jul 15 14:40:28 gtw01 dnsmasq[4954]: DNS service limited to local subnets
Jul 15 14:40:28 gtw01 dnsmasq[4954]: compile time options: IPv6 GNU-getopt DBus i18n IDN DHCP DHCPv6 no-Lua TFTP conntrack ipset auth DNSSEC loop-detect inotify dumpfile
Jul 15 14:40:28 gtw01 dnsmasq[4954]: warning: no upstream servers configured
Jul 15 14:40:28 gtw01 dnsmasq-dhcp[4954]: DHCP, static leases only on 192.168.120.0, lease time 1h
Jul 15 14:40:28 gtw01 dnsmasq[4954]: read /var/lib/neutron/dhcp/eb8c6d8b-2d8e-499d-8596-b0362c2f5164/addn_hosts - 1 addresses
Jul 15 14:40:28 gtw01 dnsmasq-dhcp[4954]: read /var/lib/neutron/dhcp/eb8c6d8b-2d8e-499d-8596-b0362c2f5164/host
Jul 15 14:40:28 gtw01 dnsmasq-dhcp[4954]: read /var/lib/neutron/dhcp/eb8c6d8b-2d8e-499d-8596-b0362c2f5164/opts
Jul 15 14:40:28 gtw01 dnsmasq[4193]: read /var/lib/neutron/dhcp/02ce4f6e-db97-427c-b8d9-522d375a0ba6/addn_hosts - 3 addresses
Jul 15 14:40:28 gtw01 dnsmasq-dhcp[4193]: read /var/lib/neutron/dhcp/02ce4f6e-db97-427c-b8d9-522d375a0ba6/host
Jul 15 14:40:28 gtw01 dnsmasq-dhcp[4193]: read /var/lib/neutron/dhcp/02ce4f6e-db97-427c-b8d9-522d375a0ba6/opts
Jul 15 14:40:28 gtw01 haproxy-metadata-proxy-eb8c6d8b-2d8e-499d-8596-b0362c2f5164[4964]: Proxy listener started.
Jul 15 14:40:29 gtw01 kernel: [ 5730.843769] device tap83dbbef5-1b left promiscuous mode
Jul 15 14:40:29 gtw01 dnsmasq[4193]: read /var/lib/neutron/dhcp/02ce4f6e-db97-427c-b8d9-522d375a0ba6/addn_hosts - 3 addresses
Jul 15 14:40:29 gtw01 dnsmasq-dhcp[4193]: read /var/lib/neutron/dhcp/02ce4f6e-db97-427c-b8d9-522d375a0ba6/host
Jul 15 14:40:29 gtw01 dnsmasq-dhcp[4193]: read /var/lib/neutron/dhcp/02ce4f6e-db97-427c-b8d9-522d375a0ba6/opts
Jul 15 14:40:30 gtw01 dnsmasq[4193]: read /var/lib/neutron/dhcp/02ce4f6e-db97-427c-b8d9-522d375a0ba6/addn_hosts - 3 addresses
Jul 15 14:40:30 gtw01 dnsmasq-dhcp[4193]: read /var/lib/neutron/dhcp/02ce4f6e-db97-427c-b8d9-522d375a0ba6/host
Jul 15 14:40:30 gtw01 dnsmasq-dhcp[4193]: read /var/lib/neutron/dhcp/02ce4f6e-db97-427c-b8d9-522d375a0ba6/opts
Jul 15 14:40:31 gtw01 systemd-udevd[5094]: Could not generate persistent MAC address for tape9a7d2a8-83: No such file or directory
Jul 15 14:40:31 gtw01 kernel: [ 5732.789808] device tape9a7d2a8-83 entered promiscuous mode
Jul 15 14:40:31 gtw01 systemd-udevd[5094]: Process '/sbin/ip link set tape9a7d2a8-83 txqueuelen 10000' failed with exit code 1.
Jul 15 14:40:31 gtw01 systemd-udevd[5094]: Process '/sbin/ip link set tape9a7d2a8-83 txqueuelen 10000' failed with exit code 1.
Jul 15 14:40:31 gtw01 systemd-udevd[5192]: Could not generate persistent MAC address for tap686a3c78-c3: No such file or directory
Jul 15 14:40:31 gtw01 kernel: [ 5733.022936] device tap686a3c78-c3 entered promiscuous mode
Jul 15 14:40:31 gtw01 systemd-udevd[5192]: Process '/sbin/ip link set tap686a3c78-c3 txqueuelen 10000' failed with exit code 1.
Jul 15 14:40:31 gtw01 systemd-udevd[5268]: Process '/sbin/ip link set tap686a3c78-c3 txqueuelen 10000' failed with exit code 1.
Jul 15 14:40:31 gtw01 dnsmasq[4193]: read /var/lib/neutron/dhcp/02ce4f6e-db97-427c-b8d9-522d375a0ba6/addn_hosts - 3 addresses
Jul 15 14:40:31 gtw01 dnsmasq-dhcp[4193]: read /var/lib/neutron/dhcp/02ce4f6e-db97-427c-b8d9-522d375a0ba6/host
Jul 15 14:40:31 gtw01 dnsmasq-dhcp[4193]: read /var/lib/neutron/dhcp/02ce4f6e-db97-427c-b8d9-522d375a0ba6/opts
Jul 15 14:40:32 gtw01 dnsmasq[4193]: read /var/lib/neutron/dhcp/02ce4f6e-db97-427c-b8d9-522d375a0ba6/addn_hosts - 3 addresses
Jul 15 14:40:32 gtw01 dnsmasq-dhcp[4193]: read /var/lib/neutron/dhcp/02ce4f6e-db97-427c-b8d9-522d375a0ba6/host
Jul 15 14:40:32 gtw01 dnsmasq-dhcp[4193]: read /var/lib/neutron/dhcp/02ce4f6e-db97-427c-b8d9-522d375a0ba6/opts
Jul 15 14:40:33 gtw01 systemd-udevd[5407]: Could not generate persistent MAC address for tap007d7b48-0a: No such file or directory
Jul 15 14:40:33 gtw01 kernel: [ 5735.006250] device tap007d7b48-0a entered promiscuous mode
Jul 15 14:40:33 gtw01 systemd-udevd[5485]: Process '/sbin/ip link set tap007d7b48-0a txqueuelen 10000' failed with exit code 1.
Jul 15 14:40:34 gtw01 kernel: [ 5736.080113] device vxlan_sys_4789 entered promiscuous mode
Jul 15 14:40:34 gtw01 systemd-udevd[5560]: Could not generate persistent MAC address for vxlan_sys_4789: No such file or directory
Jul 15 14:40:35 gtw01 dnsmasq[5670]: started, version 2.80 cachesize 150
Jul 15 14:40:35 gtw01 dnsmasq[5670]: DNS service limited to local subnets
Jul 15 14:40:35 gtw01 dnsmasq[5670]: compile time options: IPv6 GNU-getopt DBus i18n IDN DHCP DHCPv6 no-Lua TFTP conntrack ipset auth DNSSEC loop-detect inotify dumpfile
Jul 15 14:40:35 gtw01 dnsmasq[5670]: warning: no upstream servers configured
Jul 15 14:40:35 gtw01 dnsmasq-dhcp[5670]: DHCP, static leases only on 192.168.120.0, lease time 1h
Jul 15 14:40:35 gtw01 dnsmasq[5670]: read /var/lib/neutron/dhcp/d4aef619-4eb4-4ac0-afff-451cd6bbcb6e/addn_hosts - 1 addresses
Jul 15 14:40:35 gtw01 dnsmasq-dhcp[5670]: read /var/lib/neutron/dhcp/d4aef619-4eb4-4ac0-afff-451cd6bbcb6e/host
Jul 15 14:40:35 gtw01 dnsmasq-dhcp[5670]: read /var/lib/neutron/dhcp/d4aef619-4eb4-4ac0-afff-451cd6bbcb6e/opts
Jul 15 14:40:35 gtw01 dnsmasq[5677]: started, version 2.80 cachesize 150
Jul 15 14:40:35 gtw01 dnsmasq[5677]: DNS service limited to local subnets
Jul 15 14:40:35 gtw01 dnsmasq[5677]: compile time options: IPv6 GNU-getopt DBus i18n IDN DHCP DHCPv6 no-Lua TFTP conntrack ipset auth DNSSEC loop-detect inotify dumpfile
Jul 15 14:40:35 gtw01 dnsmasq[5677]: warning: no upstream servers configured
Jul 15 14:40:35 gtw01 dnsmasq-dhcp[5677]: DHCP, static leases only on 192.168.120.0, lease time 1h
Jul 15 14:40:35 gtw01 dnsmasq[5677]: read /var/lib/neutron/dhcp/f1beeb19-70d5-474c-82f9-5b8368e2200e/addn_hosts - 1 addresses
Jul 15 14:40:35 gtw01 dnsmasq-dhcp[5677]: read /var/lib/neutron/dhcp/f1beeb19-70d5-474c-82f9-5b8368e2200e/host
Jul 15 14:40:35 gtw01 dnsmasq-dhcp[5677]: read /var/lib/neutron/dhcp/f1beeb19-70d5-474c-82f9-5b8368e2200e/opts
Jul 15 14:40:35 gtw01 haproxy-metadata-proxy-d4aef619-4eb4-4ac0-afff-451cd6bbcb6e[5679]: Proxy listener started.
Jul 15 14:40:35 gtw01 haproxy-metadata-proxy-f1beeb19-70d5-474c-82f9-5b8368e2200e[5687]: Proxy listener started.
Jul 15 14:40:36 gtw01 dnsmasq[5670]: read /var/lib/neutron/dhcp/d4aef619-4eb4-4ac0-afff-451cd6bbcb6e/addn_hosts - 2 addresses
Jul 15 14:40:36 gtw01 dnsmasq-dhcp[5670]: read /var/lib/neutron/dhcp/d4aef619-4eb4-4ac0-afff-451cd6bbcb6e/host
Jul 15 14:40:36 gtw01 dnsmasq-dhcp[5670]: read /var/lib/neutron/dhcp/d4aef619-4eb4-4ac0-afff-451cd6bbcb6e/opts
Jul 15 14:40:36 gtw01 dnsmasq[5677]: read /var/lib/neutron/dhcp/f1beeb19-70d5-474c-82f9-5b8368e2200e/addn_hosts - 2 addresses
Jul 15 14:40:36 gtw01 dnsmasq-dhcp[5677]: read /var/lib/neutron/dhcp/f1beeb19-70d5-474c-82f9-5b8368e2200e/host
Jul 15 14:40:36 gtw01 dnsmasq-dhcp[5677]: read /var/lib/neutron/dhcp/f1beeb19-70d5-474c-82f9-5b8368e2200e/opts
Jul 15 14:40:37 gtw01 dnsmasq[5836]: started, version 2.80 cachesize 150
Jul 15 14:40:37 gtw01 dnsmasq[5836]: DNS service limited to local subnets
Jul 15 14:40:37 gtw01 dnsmasq[5836]: compile time options: IPv6 GNU-getopt DBus i18n IDN DHCP DHCPv6 no-Lua TFTP conntrack ipset auth DNSSEC loop-detect inotify dumpfile
Jul 15 14:40:37 gtw01 dnsmasq[5836]: warning: no upstream servers configured
Jul 15 14:40:37 gtw01 dnsmasq-dhcp[5836]: DHCP, static leases only on 192.168.121.0, lease time 1h
Jul 15 14:40:37 gtw01 dnsmasq[5836]: read /var/lib/neutron/dhcp/207d3b3f-5819-4d22-8bee-569126d1f5ab/addn_hosts - 1 addresses
Jul 15 14:40:37 gtw01 dnsmasq-dhcp[5836]: read /var/lib/neutron/dhcp/207d3b3f-5819-4d22-8bee-569126d1f5ab/host
Jul 15 14:40:37 gtw01 dnsmasq-dhcp[5836]: read /var/lib/neutron/dhcp/207d3b3f-5819-4d22-8bee-569126d1f5ab/opts
Jul 15 14:40:38 gtw01 haproxy-metadata-proxy-207d3b3f-5819-4d22-8bee-569126d1f5ab[5855]: Proxy listener started.
Jul 15 14:40:38 gtw01 systemd-udevd[5861]: Could not generate persistent MAC address for qg-9c72eaba-8d: No such file or directory
Jul 15 14:40:38 gtw01 kernel: [ 5739.818406] device qg-9c72eaba-8d entered promiscuous mode
Jul 15 14:40:38 gtw01 dnsmasq[5670]: read /var/lib/neutron/dhcp/d4aef619-4eb4-4ac0-afff-451cd6bbcb6e/addn_hosts - 2 addresses
Jul 15 14:40:38 gtw01 dnsmasq-dhcp[5670]: read /var/lib/neutron/dhcp/d4aef619-4eb4-4ac0-afff-451cd6bbcb6e/host
Jul 15 14:40:38 gtw01 dnsmasq-dhcp[5670]: read /var/lib/neutron/dhcp/d4aef619-4eb4-4ac0-afff-451cd6bbcb6e/opts
Jul 15 14:40:38 gtw01 systemd-udevd[5946]: Could not generate persistent MAC address for tap09f1eab9-e3: No such file or directory
Jul 15 14:40:38 gtw01 kernel: [ 5739.955506] device tap09f1eab9-e3 entered promiscuous mode
Jul 15 14:40:38 gtw01 systemd-udevd[5946]: Process '/sbin/ip link set tap09f1eab9-e3 txqueuelen 10000' failed with exit code 1.
Jul 15 14:40:38 gtw01 systemd-udevd[5946]: Process '/sbin/ip link set tap09f1eab9-e3 txqueuelen 10000' failed with exit code 1.
Jul 15 14:40:38 gtw01 dnsmasq[5677]: read /var/lib/neutron/dhcp/f1beeb19-70d5-474c-82f9-5b8368e2200e/addn_hosts - 2 addresses
Jul 15 14:40:38 gtw01 dnsmasq-dhcp[5677]: read /var/lib/neutron/dhcp/f1beeb19-70d5-474c-82f9-5b8368e2200e/host
Jul 15 14:40:38 gtw01 dnsmasq-dhcp[5677]: read /var/lib/neutron/dhcp/f1beeb19-70d5-474c-82f9-5b8368e2200e/opts
Jul 15 14:40:39 gtw01 dnsmasq[5836]: read /var/lib/neutron/dhcp/207d3b3f-5819-4d22-8bee-569126d1f5ab/addn_hosts - 2 addresses
Jul 15 14:40:39 gtw01 dnsmasq-dhcp[5836]: read /var/lib/neutron/dhcp/207d3b3f-5819-4d22-8bee-569126d1f5ab/host
Jul 15 14:40:39 gtw01 dnsmasq-dhcp[5836]: read /var/lib/neutron/dhcp/207d3b3f-5819-4d22-8bee-569126d1f5ab/opts
Jul 15 14:40:39 gtw01 dnsmasq[5670]: read /var/lib/neutron/dhcp/d4aef619-4eb4-4ac0-afff-451cd6bbcb6e/addn_hosts - 2 addresses
Jul 15 14:40:39 gtw01 dnsmasq-dhcp[5670]: read /var/lib/neutron/dhcp/d4aef619-4eb4-4ac0-afff-451cd6bbcb6e/host
Jul 15 14:40:39 gtw01 dnsmasq-dhcp[5670]: read /var/lib/neutron/dhcp/d4aef619-4eb4-4ac0-afff-451cd6bbcb6e/opts
Jul 15 14:40:39 gtw01 dnsmasq[5677]: read /var/lib/neutron/dhcp/f1beeb19-70d5-474c-82f9-5b8368e2200e/addn_hosts - 2 addresses
Jul 15 14:40:39 gtw01 dnsmasq-dhcp[5677]: read /var/lib/neutron/dhcp/f1beeb19-70d5-474c-82f9-5b8368e2200e/host
Jul 15 14:40:39 gtw01 dnsmasq-dhcp[5677]: read /var/lib/neutron/dhcp/f1beeb19-70d5-474c-82f9-5b8368e2200e/opts
Jul 15 14:40:40 gtw01 dnsmasq[5836]: read /var/lib/neutron/dhcp/207d3b3f-5819-4d22-8bee-569126d1f5ab/addn_hosts - 2 addresses
Jul 15 14:40:40 gtw01 dnsmasq-dhcp[5836]: read /var/lib/neutron/dhcp/207d3b3f-5819-4d22-8bee-569126d1f5ab/host
Jul 15 14:40:40 gtw01 dnsmasq-dhcp[5836]: read /var/lib/neutron/dhcp/207d3b3f-5819-4d22-8bee-569126d1f5ab/opts
Jul 15 14:40:40 gtw01 dnsmasq[5670]: read /var/lib/neutron/dhcp/d4aef619-4eb4-4ac0-afff-451cd6bbcb6e/addn_hosts - 2 addresses
Jul 15 14:40:40 gtw01 dnsmasq-dhcp[5670]: read /var/lib/neutron/dhcp/d4aef619-4eb4-4ac0-afff-451cd6bbcb6e/host
Jul 15 14:40:40 gtw01 dnsmasq-dhcp[5670]: read /var/lib/neutron/dhcp/d4aef619-4eb4-4ac0-afff-451cd6bbcb6e/opts
Jul 15 14:40:41 gtw01 dnsmasq[5677]: read /var/lib/neutron/dhcp/f1beeb19-70d5-474c-82f9-5b8368e2200e/addn_hosts - 2 addresses
Jul 15 14:40:41 gtw01 dnsmasq-dhcp[5677]: read /var/lib/neutron/dhcp/f1beeb19-70d5-474c-82f9-5b8368e2200e/host
Jul 15 14:40:41 gtw01 dnsmasq-dhcp[5677]: read /var/lib/neutron/dhcp/f1beeb19-70d5-474c-82f9-5b8368e2200e/opts
Jul 15 14:40:42 gtw01 dnsmasq[5670]: read /var/lib/neutron/dhcp/d4aef619-4eb4-4ac0-afff-451cd6bbcb6e/addn_hosts - 2 addresses
Jul 15 14:40:42 gtw01 dnsmasq-dhcp[5670]: read /var/lib/neutron/dhcp/d4aef619-4eb4-4ac0-afff-451cd6bbcb6e/host
Jul 15 14:40:42 gtw01 dnsmasq-dhcp[5670]: read /var/lib/neutron/dhcp/d4aef619-4eb4-4ac0-afff-451cd6bbcb6e/opts
Jul 15 14:40:42 gtw01 dnsmasq[5836]: read /var/lib/neutron/dhcp/207d3b3f-5819-4d22-8bee-569126d1f5ab/addn_hosts - 2 addresses
Jul 15 14:40:42 gtw01 dnsmasq-dhcp[5836]: read /var/lib/neutron/dhcp/207d3b3f-5819-4d22-8bee-569126d1f5ab/host
Jul 15 14:40:42 gtw01 dnsmasq-dhcp[5836]: read /var/lib/neutron/dhcp/207d3b3f-5819-4d22-8bee-569126d1f5ab/opts
Jul 15 14:40:42 gtw01 dnsmasq[5677]: read /var/lib/neutron/dhcp/f1beeb19-70d5-474c-82f9-5b8368e2200e/addn_hosts - 2 addresses
Jul 15 14:40:42 gtw01 dnsmasq-dhcp[5677]: read /var/lib/neutron/dhcp/f1beeb19-70d5-474c-82f9-5b8368e2200e/host
Jul 15 14:40:42 gtw01 dnsmasq-dhcp[5677]: read /var/lib/neutron/dhcp/f1beeb19-70d5-474c-82f9-5b8368e2200e/opts
Jul 15 14:40:43 gtw01 dnsmasq[6384]: started, version 2.80 cachesize 150
Jul 15 14:40:43 gtw01 dnsmasq[6384]: DNS service limited to local subnets
Jul 15 14:40:43 gtw01 dnsmasq[6384]: compile time options: IPv6 GNU-getopt DBus i18n IDN DHCP DHCPv6 no-Lua TFTP conntrack ipset auth DNSSEC loop-detect inotify dumpfile
Jul 15 14:40:43 gtw01 dnsmasq[6384]: warning: no upstream servers configured
Jul 15 14:40:43 gtw01 dnsmasq-dhcp[6384]: DHCP, static leases only on 192.168.120.0, lease time 1h
Jul 15 14:40:43 gtw01 dnsmasq[6384]: read /var/lib/neutron/dhcp/71675124-609b-48d0-9512-2cb2b1b47b1a/addn_hosts - 1 addresses
Jul 15 14:40:43 gtw01 dnsmasq-dhcp[6384]: read /var/lib/neutron/dhcp/71675124-609b-48d0-9512-2cb2b1b47b1a/host
Jul 15 14:40:43 gtw01 dnsmasq-dhcp[6384]: read /var/lib/neutron/dhcp/71675124-609b-48d0-9512-2cb2b1b47b1a/opts
Jul 15 14:40:43 gtw01 haproxy-metadata-proxy-71675124-609b-48d0-9512-2cb2b1b47b1a[6400]: Proxy listener started.
Jul 15 14:40:43 gtw01 dnsmasq[5836]: read /var/lib/neutron/dhcp/207d3b3f-5819-4d22-8bee-569126d1f5ab/addn_hosts - 2 addresses
Jul 15 14:40:43 gtw01 dnsmasq-dhcp[5836]: read /var/lib/neutron/dhcp/207d3b3f-5819-4d22-8bee-569126d1f5ab/host
Jul 15 14:40:43 gtw01 dnsmasq-dhcp[5836]: read /var/lib/neutron/dhcp/207d3b3f-5819-4d22-8bee-569126d1f5ab/opts
Jul 15 14:40:44 gtw01 dnsmasq[6384]: read /var/lib/neutron/dhcp/71675124-609b-48d0-9512-2cb2b1b47b1a/addn_hosts - 1 addresses
Jul 15 14:40:44 gtw01 dnsmasq-dhcp[6384]: read /var/lib/neutron/dhcp/71675124-609b-48d0-9512-2cb2b1b47b1a/host
Jul 15 14:40:44 gtw01 dnsmasq-dhcp[6384]: read /var/lib/neutron/dhcp/71675124-609b-48d0-9512-2cb2b1b47b1a/opts
Jul 15 14:40:44 gtw01 dnsmasq-dhcp[4193]: DHCPDISCOVER(tap6b77034f-b7) fa:16:3e:99:04:af
Jul 15 14:40:44 gtw01 dnsmasq-dhcp[4193]: DHCPOFFER(tap6b77034f-b7) 192.168.120.12 fa:16:3e:99:04:af
Jul 15 14:40:44 gtw01 dnsmasq-dhcp[4193]: DHCPREQUEST(tap6b77034f-b7) 192.168.120.12 fa:16:3e:99:04:af
Jul 15 14:40:44 gtw01 dnsmasq-dhcp[4193]: DHCPACK(tap6b77034f-b7) 192.168.120.12 fa:16:3e:99:04:af host-192-168-120-12
Jul 15 14:40:44 gtw01 dnsmasq[5677]: read /var/lib/neutron/dhcp/f1beeb19-70d5-474c-82f9-5b8368e2200e/addn_hosts - 1 addresses
Jul 15 14:40:44 gtw01 dnsmasq-dhcp[5677]: read /var/lib/neutron/dhcp/f1beeb19-70d5-474c-82f9-5b8368e2200e/host
Jul 15 14:40:44 gtw01 dnsmasq-dhcp[5677]: read /var/lib/neutron/dhcp/f1beeb19-70d5-474c-82f9-5b8368e2200e/opts
Jul 15 14:40:44 gtw01 dnsmasq[5836]: read /var/lib/neutron/dhcp/207d3b3f-5819-4d22-8bee-569126d1f5ab/addn_hosts - 2 addresses
Jul 15 14:40:44 gtw01 dnsmasq-dhcp[5836]: read /var/lib/neutron/dhcp/207d3b3f-5819-4d22-8bee-569126d1f5ab/host
Jul 15 14:40:44 gtw01 dnsmasq-dhcp[5836]: read /var/lib/neutron/dhcp/207d3b3f-5819-4d22-8bee-569126d1f5ab/opts
Jul 15 14:40:45 gtw01 dnsmasq[6384]: read /var/lib/neutron/dhcp/71675124-609b-48d0-9512-2cb2b1b47b1a/addn_hosts - 2 addresses
Jul 15 14:40:45 gtw01 dnsmasq-dhcp[6384]: read /var/lib/neutron/dhcp/71675124-609b-48d0-9512-2cb2b1b47b1a/host
Jul 15 14:40:45 gtw01 dnsmasq-dhcp[6384]: read /var/lib/neutron/dhcp/71675124-609b-48d0-9512-2cb2b1b47b1a/opts
Jul 15 14:40:45 gtw01 haproxy-metadata-proxy-94646ea8-f9bf-4d5c-a6be-0b7cdffe81a8[6540]: Proxy listener started.
Jul 15 14:40:45 gtw01 haproxy-metadata-proxy-f1beeb19-70d5-474c-82f9-5b8368e2200e[6560]: Proxy listener started.
Jul 15 14:40:45 gtw01 dnsmasq[5836]: read /var/lib/neutron/dhcp/207d3b3f-5819-4d22-8bee-569126d1f5ab/addn_hosts - 1 addresses
Jul 15 14:40:45 gtw01 dnsmasq-dhcp[5836]: read /var/lib/neutron/dhcp/207d3b3f-5819-4d22-8bee-569126d1f5ab/host
Jul 15 14:40:45 gtw01 dnsmasq-dhcp[5836]: read /var/lib/neutron/dhcp/207d3b3f-5819-4d22-8bee-569126d1f5ab/opts
Jul 15 14:40:46 gtw01 dnsmasq[6384]: read /var/lib/neutron/dhcp/71675124-609b-48d0-9512-2cb2b1b47b1a/addn_hosts - 2 addresses
Jul 15 14:40:46 gtw01 dnsmasq-dhcp[6384]: read /var/lib/neutron/dhcp/71675124-609b-48d0-9512-2cb2b1b47b1a/host
Jul 15 14:40:46 gtw01 dnsmasq-dhcp[6384]: read /var/lib/neutron/dhcp/71675124-609b-48d0-9512-2cb2b1b47b1a/opts
Jul 15 14:40:46 gtw01 haproxy-metadata-proxy-207d3b3f-5819-4d22-8bee-569126d1f5ab[6607]: Proxy listener started.
Jul 15 14:40:47 gtw01 dnsmasq[5670]: read /var/lib/neutron/dhcp/d4aef619-4eb4-4ac0-afff-451cd6bbcb6e/addn_hosts - 2 addresses
Jul 15 14:40:47 gtw01 dnsmasq-dhcp[5670]: read /var/lib/neutron/dhcp/d4aef619-4eb4-4ac0-afff-451cd6bbcb6e/host
Jul 15 14:40:47 gtw01 dnsmasq-dhcp[5670]: read /var/lib/neutron/dhcp/d4aef619-4eb4-4ac0-afff-451cd6bbcb6e/opts
Jul 15 14:40:47 gtw01 kernel: [ 5749.274304] device tap09f1eab9-e3 left promiscuous mode
Jul 15 14:40:48 gtw01 kernel: [ 5749.642473] device qr-e32b13a3-0d entered promiscuous mode
Jul 15 14:40:48 gtw01 systemd-udevd[6646]: Could not generate persistent MAC address for qr-e32b13a3-0d: No such file or directory
Jul 15 14:40:48 gtw01 dnsmasq[5670]: read /var/lib/neutron/dhcp/d4aef619-4eb4-4ac0-afff-451cd6bbcb6e/addn_hosts - 2 addresses
Jul 15 14:40:48 gtw01 dnsmasq-dhcp[5670]: read /var/lib/neutron/dhcp/d4aef619-4eb4-4ac0-afff-451cd6bbcb6e/host
Jul 15 14:40:48 gtw01 dnsmasq-dhcp[5670]: read /var/lib/neutron/dhcp/d4aef619-4eb4-4ac0-afff-451cd6bbcb6e/opts
Jul 15 14:40:48 gtw01 kernel: [ 5750.246422] device tap007d7b48-0a left promiscuous mode
Jul 15 14:40:49 gtw01 dnsmasq[5670]: read /var/lib/neutron/dhcp/d4aef619-4eb4-4ac0-afff-451cd6bbcb6e/addn_hosts - 3 addresses
Jul 15 14:40:49 gtw01 dnsmasq-dhcp[5670]: read /var/lib/neutron/dhcp/d4aef619-4eb4-4ac0-afff-451cd6bbcb6e/host
Jul 15 14:40:49 gtw01 dnsmasq-dhcp[5670]: read /var/lib/neutron/dhcp/d4aef619-4eb4-4ac0-afff-451cd6bbcb6e/opts
Jul 15 14:40:50 gtw01 dnsmasq[5670]: read /var/lib/neutron/dhcp/d4aef619-4eb4-4ac0-afff-451cd6bbcb6e/addn_hosts - 3 addresses
Jul 15 14:40:50 gtw01 dnsmasq-dhcp[5670]: read /var/lib/neutron/dhcp/d4aef619-4eb4-4ac0-afff-451cd6bbcb6e/host
Jul 15 14:40:50 gtw01 dnsmasq-dhcp[5670]: read /var/lib/neutron/dhcp/d4aef619-4eb4-4ac0-afff-451cd6bbcb6e/opts
Jul 15 14:40:50 gtw01 kernel: [ 5752.591613] device tap686a3c78-c3 left promiscuous mode
Jul 15 14:40:51 gtw01 dnsmasq-dhcp[4193]: DHCPRELEASE(tap6b77034f-b7) 192.168.120.12 fa:16:3e:99:04:af
Jul 15 14:40:51 gtw01 dnsmasq[5670]: read /var/lib/neutron/dhcp/d4aef619-4eb4-4ac0-afff-451cd6bbcb6e/addn_hosts - 3 addresses
Jul 15 14:40:51 gtw01 dnsmasq-dhcp[5670]: read /var/lib/neutron/dhcp/d4aef619-4eb4-4ac0-afff-451cd6bbcb6e/host
Jul 15 14:40:51 gtw01 dnsmasq-dhcp[5670]: read /var/lib/neutron/dhcp/d4aef619-4eb4-4ac0-afff-451cd6bbcb6e/opts
Jul 15 14:40:51 gtw01 dnsmasq-dhcp[4193]: DHCPRELEASE(tap6b77034f-b7) 192.168.120.12 fa:16:3e:99:04:af unknown lease
Jul 15 14:40:52 gtw01 kernel: [ 5753.781518] device vxlan_sys_4789 left promiscuous mode
Jul 15 14:40:52 gtw01 dnsmasq[4193]: read /var/lib/neutron/dhcp/02ce4f6e-db97-427c-b8d9-522d375a0ba6/addn_hosts - 2 addresses
Jul 15 14:40:52 gtw01 dnsmasq-dhcp[4193]: read /var/lib/neutron/dhcp/02ce4f6e-db97-427c-b8d9-522d375a0ba6/host
Jul 15 14:40:52 gtw01 dnsmasq-dhcp[4193]: read /var/lib/neutron/dhcp/02ce4f6e-db97-427c-b8d9-522d375a0ba6/opts
Jul 15 14:40:54 gtw01 systemd-udevd[7002]: Could not generate persistent MAC address for vxlan_sys_4789: No such file or directory
Jul 15 14:40:54 gtw01 kernel: [ 5755.880122] device vxlan_sys_4789 entered promiscuous mode
Jul 15 14:40:58 gtw01 dnsmasq[4193]: read /var/lib/neutron/dhcp/02ce4f6e-db97-427c-b8d9-522d375a0ba6/addn_hosts - 1 addresses
Jul 15 14:40:58 gtw01 dnsmasq-dhcp[4193]: read /var/lib/neutron/dhcp/02ce4f6e-db97-427c-b8d9-522d375a0ba6/host
Jul 15 14:40:58 gtw01 dnsmasq-dhcp[4193]: read /var/lib/neutron/dhcp/02ce4f6e-db97-427c-b8d9-522d375a0ba6/opts
Jul 15 14:40:58 gtw01 haproxy-metadata-proxy-02ce4f6e-db97-427c-b8d9-522d375a0ba6[7181]: Proxy listener started.
Jul 15 14:40:59 gtw01 kernel: [ 5761.249234] device tap4daf85ef-68 entered promiscuous mode
Jul 15 14:40:59 gtw01 systemd-udevd[7218]: Could not generate persistent MAC address for tap4daf85ef-68: No such file or directory
Jul 15 14:40:59 gtw01 systemd-udevd[7218]: Process '/sbin/ip link set tap4daf85ef-68 txqueuelen 10000' failed with exit code 1.
Jul 15 14:40:59 gtw01 systemd-udevd[7218]: Process '/sbin/ip link set tap4daf85ef-68 txqueuelen 10000' failed with exit code 1.
Jul 15 14:41:00 gtw01 kernel: [ 5762.241767] device qr-dede7cef-a5 left promiscuous mode
Jul 15 14:41:01 gtw01 kernel: [ 5763.193288] device qg-fc7b1db5-73 left promiscuous mode
Jul 15 14:41:03 gtw01 dnsmasq[7465]: started, version 2.80 cachesize 150
Jul 15 14:41:03 gtw01 dnsmasq[7465]: DNS service limited to local subnets
Jul 15 14:41:03 gtw01 dnsmasq[7465]: compile time options: IPv6 GNU-getopt DBus i18n IDN DHCP DHCPv6 no-Lua TFTP conntrack ipset auth DNSSEC loop-detect inotify dumpfile
Jul 15 14:41:03 gtw01 dnsmasq[7465]: warning: no upstream servers configured
Jul 15 14:41:03 gtw01 dnsmasq-dhcp[7465]: DHCP, static leases only on 192.168.120.0, lease time 1h
Jul 15 14:41:03 gtw01 dnsmasq[7465]: read /var/lib/neutron/dhcp/940fee5b-3a87-44db-a5b4-341362d8578a/addn_hosts - 1 addresses
Jul 15 14:41:03 gtw01 dnsmasq-dhcp[7465]: read /var/lib/neutron/dhcp/940fee5b-3a87-44db-a5b4-341362d8578a/host
Jul 15 14:41:03 gtw01 dnsmasq-dhcp[7465]: read /var/lib/neutron/dhcp/940fee5b-3a87-44db-a5b4-341362d8578a/opts
Jul 15 14:41:03 gtw01 haproxy-metadata-proxy-940fee5b-3a87-44db-a5b4-341362d8578a[7480]: Proxy listener started.
Jul 15 14:41:03 gtw01 kernel: [ 5764.980807] device tap6b77034f-b7 left promiscuous mode
Jul 15 14:41:04 gtw01 dnsmasq[7465]: read /var/lib/neutron/dhcp/940fee5b-3a87-44db-a5b4-341362d8578a/addn_hosts - 1 addresses
Jul 15 14:41:04 gtw01 dnsmasq-dhcp[7465]: read /var/lib/neutron/dhcp/940fee5b-3a87-44db-a5b4-341362d8578a/host
Jul 15 14:41:04 gtw01 dnsmasq-dhcp[7465]: read /var/lib/neutron/dhcp/940fee5b-3a87-44db-a5b4-341362d8578a/opts
Jul 15 14:41:04 gtw01 dnsmasq-dhcp[5670]: DHCPDISCOVER(tape9a7d2a8-83) fa:16:3e:58:74:e5
Jul 15 14:41:04 gtw01 dnsmasq-dhcp[5670]: DHCPOFFER(tape9a7d2a8-83) 192.168.120.5 fa:16:3e:58:74:e5
Jul 15 14:41:04 gtw01 dnsmasq-dhcp[5670]: DHCPREQUEST(tape9a7d2a8-83) 192.168.120.5 fa:16:3e:58:74:e5
Jul 15 14:41:04 gtw01 dnsmasq-dhcp[5670]: DHCPACK(tape9a7d2a8-83) 192.168.120.5 fa:16:3e:58:74:e5 host-192-168-120-5
Jul 15 14:41:05 gtw01 dnsmasq[7465]: read /var/lib/neutron/dhcp/940fee5b-3a87-44db-a5b4-341362d8578a/addn_hosts - 2 addresses
Jul 15 14:41:05 gtw01 dnsmasq-dhcp[7465]: read /var/lib/neutron/dhcp/940fee5b-3a87-44db-a5b4-341362d8578a/host
Jul 15 14:41:05 gtw01 dnsmasq-dhcp[7465]: read /var/lib/neutron/dhcp/940fee5b-3a87-44db-a5b4-341362d8578a/opts
Jul 15 14:41:06 gtw01 dnsmasq[7465]: read /var/lib/neutron/dhcp/940fee5b-3a87-44db-a5b4-341362d8578a/addn_hosts - 2 addresses
Jul 15 14:41:06 gtw01 dnsmasq-dhcp[7465]: read /var/lib/neutron/dhcp/940fee5b-3a87-44db-a5b4-341362d8578a/host
Jul 15 14:41:06 gtw01 dnsmasq-dhcp[7465]: read /var/lib/neutron/dhcp/940fee5b-3a87-44db-a5b4-341362d8578a/opts
Jul 15 14:41:06 gtw01 dnsmasq[7465]: read /var/lib/neutron/dhcp/940fee5b-3a87-44db-a5b4-341362d8578a/addn_hosts - 2 addresses
Jul 15 14:41:06 gtw01 dnsmasq-dhcp[7465]: read /var/lib/neutron/dhcp/940fee5b-3a87-44db-a5b4-341362d8578a/host
Jul 15 14:41:06 gtw01 dnsmasq-dhcp[7465]: read /var/lib/neutron/dhcp/940fee5b-3a87-44db-a5b4-341362d8578a/opts
Jul 15 14:41:08 gtw01 kernel: [ 5769.643548] device tap4daf85ef-68 left promiscuous mode
Jul 15 14:41:09 gtw01 dnsmasq-dhcp[5670]: DHCPRELEASE(tape9a7d2a8-83) 192.168.120.5 fa:16:3e:58:74:e5
Jul 15 14:41:11 gtw01 systemd-udevd[7678]: Could not generate persistent MAC address for tapc7ebc05d-4f: No such file or directory
Jul 15 14:41:11 gtw01 kernel: [ 5773.247757] device tapc7ebc05d-4f entered promiscuous mode
Jul 15 14:41:11 gtw01 systemd-udevd[7678]: Process '/sbin/ip link set tapc7ebc05d-4f txqueuelen 10000' failed with exit code 1.
Jul 15 14:41:11 gtw01 systemd-udevd[7752]: Process '/sbin/ip link set tapc7ebc05d-4f txqueuelen 10000' failed with exit code 1.
Jul 15 14:41:12 gtw01 systemd-udevd[7807]: Could not generate persistent MAC address for tapae87e7bb-f9: No such file or directory
Jul 15 14:41:12 gtw01 kernel: [ 5774.226240] device tapae87e7bb-f9 entered promiscuous mode
Jul 15 14:41:12 gtw01 systemd-udevd[7807]: Process '/sbin/ip link set tapae87e7bb-f9 txqueuelen 10000' failed with exit code 1.
Jul 15 14:41:12 gtw01 systemd-udevd[7885]: Process '/sbin/ip link set tapae87e7bb-f9 txqueuelen 10000' failed with exit code 1.
Jul 15 14:41:14 gtw01 kernel: [ 5775.992728] device vxlan_sys_4789 left promiscuous mode
Jul 15 14:41:15 gtw01 dnsmasq[8013]: started, version 2.80 cachesize 150
Jul 15 14:41:15 gtw01 dnsmasq[8013]: DNS service limited to local subnets
Jul 15 14:41:15 gtw01 dnsmasq[8013]: compile time options: IPv6 GNU-getopt DBus i18n IDN DHCP DHCPv6 no-Lua TFTP conntrack ipset auth DNSSEC loop-detect inotify dumpfile
Jul 15 14:41:15 gtw01 dnsmasq[8013]: warning: no upstream servers configured
Jul 15 14:41:15 gtw01 dnsmasq-dhcp[8013]: DHCP, static leases only on 192.168.120.0, lease time 1h
Jul 15 14:41:15 gtw01 dnsmasq[8013]: read /var/lib/neutron/dhcp/c95500f9-c9b2-4935-bcfb-ce4a2094b8d6/addn_hosts - 1 addresses
Jul 15 14:41:15 gtw01 dnsmasq-dhcp[8013]: read /var/lib/neutron/dhcp/c95500f9-c9b2-4935-bcfb-ce4a2094b8d6/host
Jul 15 14:41:15 gtw01 dnsmasq-dhcp[8013]: read /var/lib/neutron/dhcp/c95500f9-c9b2-4935-bcfb-ce4a2094b8d6/opts
Jul 15 14:41:15 gtw01 haproxy-metadata-proxy-c95500f9-c9b2-4935-bcfb-ce4a2094b8d6[8024]: Proxy listener started.
Jul 15 14:41:15 gtw01 systemd-udevd[8033]: Could not generate persistent MAC address for qg-c90d1985-ae: No such file or directory
Jul 15 14:41:15 gtw01 kernel: [ 5777.181127] device qg-c90d1985-ae entered promiscuous mode
Jul 15 14:41:16 gtw01 dnsmasq[8128]: started, version 2.80 cachesize 150
Jul 15 14:41:16 gtw01 dnsmasq[8128]: DNS service limited to local subnets
Jul 15 14:41:16 gtw01 dnsmasq[8128]: compile time options: IPv6 GNU-getopt DBus i18n IDN DHCP DHCPv6 no-Lua TFTP conntrack ipset auth DNSSEC loop-detect inotify dumpfile
Jul 15 14:41:16 gtw01 dnsmasq[8128]: warning: no upstream servers configured
Jul 15 14:41:16 gtw01 dnsmasq-dhcp[8128]: DHCP, static leases only on 192.168.120.0, lease time 1h
Jul 15 14:41:16 gtw01 dnsmasq[8128]: read /var/lib/neutron/dhcp/cf77a113-a591-49e3-b481-bd7921d66a8e/addn_hosts - 1 addresses
Jul 15 14:41:16 gtw01 dnsmasq-dhcp[8128]: read /var/lib/neutron/dhcp/cf77a113-a591-49e3-b481-bd7921d66a8e/host
Jul 15 14:41:16 gtw01 dnsmasq-dhcp[8128]: read /var/lib/neutron/dhcp/cf77a113-a591-49e3-b481-bd7921d66a8e/opts
Jul 15 14:41:16 gtw01 haproxy-metadata-proxy-cf77a113-a591-49e3-b481-bd7921d66a8e[8136]: Proxy listener started.
Jul 15 14:41:18 gtw01 dnsmasq[8128]: read /var/lib/neutron/dhcp/cf77a113-a591-49e3-b481-bd7921d66a8e/addn_hosts - 1 addresses
Jul 15 14:41:18 gtw01 dnsmasq-dhcp[8128]: read /var/lib/neutron/dhcp/cf77a113-a591-49e3-b481-bd7921d66a8e/host
Jul 15 14:41:18 gtw01 dnsmasq-dhcp[8128]: read /var/lib/neutron/dhcp/cf77a113-a591-49e3-b481-bd7921d66a8e/opts
Jul 15 14:41:19 gtw01 dnsmasq[8128]: read /var/lib/neutron/dhcp/cf77a113-a591-49e3-b481-bd7921d66a8e/addn_hosts - 1 addresses
Jul 15 14:41:19 gtw01 dnsmasq-dhcp[8128]: read /var/lib/neutron/dhcp/cf77a113-a591-49e3-b481-bd7921d66a8e/host
Jul 15 14:41:19 gtw01 dnsmasq-dhcp[8128]: read /var/lib/neutron/dhcp/cf77a113-a591-49e3-b481-bd7921d66a8e/opts
Jul 15 14:41:20 gtw01 dnsmasq[8013]: read /var/lib/neutron/dhcp/c95500f9-c9b2-4935-bcfb-ce4a2094b8d6/addn_hosts - 2 addresses
Jul 15 14:41:20 gtw01 dnsmasq-dhcp[8013]: read /var/lib/neutron/dhcp/c95500f9-c9b2-4935-bcfb-ce4a2094b8d6/host
Jul 15 14:41:20 gtw01 dnsmasq-dhcp[8013]: read /var/lib/neutron/dhcp/c95500f9-c9b2-4935-bcfb-ce4a2094b8d6/opts
Jul 15 14:41:20 gtw01 dnsmasq[8128]: read /var/lib/neutron/dhcp/cf77a113-a591-49e3-b481-bd7921d66a8e/addn_hosts - 2 addresses
Jul 15 14:41:20 gtw01 dnsmasq-dhcp[8128]: read /var/lib/neutron/dhcp/cf77a113-a591-49e3-b481-bd7921d66a8e/host
Jul 15 14:41:20 gtw01 dnsmasq-dhcp[8128]: read /var/lib/neutron/dhcp/cf77a113-a591-49e3-b481-bd7921d66a8e/opts
Jul 15 14:41:21 gtw01 dnsmasq[8013]: read /var/lib/neutron/dhcp/c95500f9-c9b2-4935-bcfb-ce4a2094b8d6/addn_hosts - 2 addresses
Jul 15 14:41:21 gtw01 dnsmasq-dhcp[8013]: read /var/lib/neutron/dhcp/c95500f9-c9b2-4935-bcfb-ce4a2094b8d6/host
Jul 15 14:41:21 gtw01 dnsmasq-dhcp[8013]: read /var/lib/neutron/dhcp/c95500f9-c9b2-4935-bcfb-ce4a2094b8d6/opts
Jul 15 14:41:21 gtw01 dnsmasq[8128]: read /var/lib/neutron/dhcp/cf77a113-a591-49e3-b481-bd7921d66a8e/addn_hosts - 2 addresses
Jul 15 14:41:21 gtw01 dnsmasq-dhcp[8128]: read /var/lib/neutron/dhcp/cf77a113-a591-49e3-b481-bd7921d66a8e/host
Jul 15 14:41:21 gtw01 dnsmasq-dhcp[8128]: read /var/lib/neutron/dhcp/cf77a113-a591-49e3-b481-bd7921d66a8e/opts
Jul 15 14:41:22 gtw01 haproxy-metadata-proxy-b798d9bf-c2f1-4c98-873d-05d9cb61043d[8360]: Proxy listener started.
Jul 15 14:41:22 gtw01 dnsmasq[8013]: read /var/lib/neutron/dhcp/c95500f9-c9b2-4935-bcfb-ce4a2094b8d6/addn_hosts - 2 addresses
Jul 15 14:41:22 gtw01 dnsmasq-dhcp[8013]: read /var/lib/neutron/dhcp/c95500f9-c9b2-4935-bcfb-ce4a2094b8d6/host
Jul 15 14:41:22 gtw01 dnsmasq-dhcp[8013]: read /var/lib/neutron/dhcp/c95500f9-c9b2-4935-bcfb-ce4a2094b8d6/opts
Jul 15 14:41:22 gtw01 dnsmasq[8128]: read /var/lib/neutron/dhcp/cf77a113-a591-49e3-b481-bd7921d66a8e/addn_hosts - 2 addresses
Jul 15 14:41:22 gtw01 dnsmasq-dhcp[8128]: read /var/lib/neutron/dhcp/cf77a113-a591-49e3-b481-bd7921d66a8e/host
Jul 15 14:41:22 gtw01 dnsmasq-dhcp[8128]: read /var/lib/neutron/dhcp/cf77a113-a591-49e3-b481-bd7921d66a8e/opts
Jul 15 14:41:23 gtw01 dnsmasq[8013]: read /var/lib/neutron/dhcp/c95500f9-c9b2-4935-bcfb-ce4a2094b8d6/addn_hosts - 2 addresses
Jul 15 14:41:23 gtw01 dnsmasq-dhcp[8013]: read /var/lib/neutron/dhcp/c95500f9-c9b2-4935-bcfb-ce4a2094b8d6/host
Jul 15 14:41:23 gtw01 dnsmasq-dhcp[8013]: read /var/lib/neutron/dhcp/c95500f9-c9b2-4935-bcfb-ce4a2094b8d6/opts
Jul 15 14:41:23 gtw01 dnsmasq[8128]: read /var/lib/neutron/dhcp/cf77a113-a591-49e3-b481-bd7921d66a8e/addn_hosts - 1 addresses
Jul 15 14:41:23 gtw01 dnsmasq-dhcp[8128]: read /var/lib/neutron/dhcp/cf77a113-a591-49e3-b481-bd7921d66a8e/host
Jul 15 14:41:23 gtw01 dnsmasq-dhcp[8128]: read /var/lib/neutron/dhcp/cf77a113-a591-49e3-b481-bd7921d66a8e/opts
Jul 15 14:41:24 gtw01 dnsmasq[8013]: read /var/lib/neutron/dhcp/c95500f9-c9b2-4935-bcfb-ce4a2094b8d6/addn_hosts - 2 addresses
Jul 15 14:41:24 gtw01 dnsmasq-dhcp[8013]: read /var/lib/neutron/dhcp/c95500f9-c9b2-4935-bcfb-ce4a2094b8d6/host
Jul 15 14:41:24 gtw01 dnsmasq-dhcp[8013]: read /var/lib/neutron/dhcp/c95500f9-c9b2-4935-bcfb-ce4a2094b8d6/opts
Jul 15 14:41:24 gtw01 haproxy-metadata-proxy-cf77a113-a591-49e3-b481-bd7921d66a8e[8452]: Proxy listener started.
Jul 15 14:41:25 gtw01 kernel: [ 5787.002386] device vxlan_sys_4789 entered promiscuous mode
Jul 15 14:41:25 gtw01 systemd-udevd[8467]: Could not generate persistent MAC address for vxlan_sys_4789: No such file or directory
Jul 15 14:41:25 gtw01 dnsmasq[8013]: read /var/lib/neutron/dhcp/c95500f9-c9b2-4935-bcfb-ce4a2094b8d6/addn_hosts - 2 addresses
Jul 15 14:41:25 gtw01 dnsmasq-dhcp[8013]: read /var/lib/neutron/dhcp/c95500f9-c9b2-4935-bcfb-ce4a2094b8d6/host
Jul 15 14:41:25 gtw01 dnsmasq-dhcp[8013]: read /var/lib/neutron/dhcp/c95500f9-c9b2-4935-bcfb-ce4a2094b8d6/opts
Jul 15 14:41:25 gtw01 kernel: [ 5787.190791] device qr-da31aa47-87 entered promiscuous mode
Jul 15 14:41:25 gtw01 systemd-udevd[8541]: Could not generate persistent MAC address for qr-da31aa47-87: No such file or directory
Jul 15 14:41:26 gtw01 dnsmasq[8013]: read /var/lib/neutron/dhcp/c95500f9-c9b2-4935-bcfb-ce4a2094b8d6/addn_hosts - 2 addresses
Jul 15 14:41:26 gtw01 dnsmasq-dhcp[8013]: read /var/lib/neutron/dhcp/c95500f9-c9b2-4935-bcfb-ce4a2094b8d6/host
Jul 15 14:41:26 gtw01 dnsmasq-dhcp[8013]: read /var/lib/neutron/dhcp/c95500f9-c9b2-4935-bcfb-ce4a2094b8d6/opts
Jul 15 14:41:32 gtw01 kernel: [ 5794.399946] device tapae87e7bb-f9 left promiscuous mode
Jul 15 14:41:32 gtw01 dnsmasq-dhcp[5670]: DHCPDISCOVER(tape9a7d2a8-83) fa:16:3e:58:74:e5
Jul 15 14:41:32 gtw01 dnsmasq-dhcp[5670]: DHCPOFFER(tape9a7d2a8-83) 192.168.120.5 fa:16:3e:58:74:e5
Jul 15 14:41:32 gtw01 dnsmasq-dhcp[5670]: DHCPREQUEST(tape9a7d2a8-83) 192.168.120.5 fa:16:3e:58:74:e5
Jul 15 14:41:32 gtw01 dnsmasq-dhcp[5670]: DHCPACK(tape9a7d2a8-83) 192.168.120.5 fa:16:3e:58:74:e5 host-192-168-120-5
Jul 15 14:41:40 gtw01 dnsmasq[8013]: read /var/lib/neutron/dhcp/c95500f9-c9b2-4935-bcfb-ce4a2094b8d6/addn_hosts - 3 addresses
Jul 15 14:41:40 gtw01 dnsmasq-dhcp[8013]: read /var/lib/neutron/dhcp/c95500f9-c9b2-4935-bcfb-ce4a2094b8d6/host
Jul 15 14:41:40 gtw01 dnsmasq-dhcp[8013]: read /var/lib/neutron/dhcp/c95500f9-c9b2-4935-bcfb-ce4a2094b8d6/opts
Jul 15 14:41:41 gtw01 dnsmasq[8013]: read /var/lib/neutron/dhcp/c95500f9-c9b2-4935-bcfb-ce4a2094b8d6/addn_hosts - 3 addresses
Jul 15 14:41:41 gtw01 dnsmasq-dhcp[8013]: read /var/lib/neutron/dhcp/c95500f9-c9b2-4935-bcfb-ce4a2094b8d6/host
Jul 15 14:41:41 gtw01 dnsmasq-dhcp[8013]: read /var/lib/neutron/dhcp/c95500f9-c9b2-4935-bcfb-ce4a2094b8d6/opts
Jul 15 14:41:42 gtw01 kernel: [ 5804.079503] device tapbf44458f-3f entered promiscuous mode
Jul 15 14:41:42 gtw01 systemd-udevd[8891]: Could not generate persistent MAC address for tapbf44458f-3f: No such file or directory
Jul 15 14:41:42 gtw01 systemd-udevd[8891]: Process '/sbin/ip link set tapbf44458f-3f txqueuelen 10000' failed with exit code 1.
Jul 15 14:41:42 gtw01 systemd-udevd[8891]: Process '/sbin/ip link set tapbf44458f-3f txqueuelen 10000' failed with exit code 1.
Jul 15 14:41:42 gtw01 dnsmasq[8013]: read /var/lib/neutron/dhcp/c95500f9-c9b2-4935-bcfb-ce4a2094b8d6/addn_hosts - 3 addresses
Jul 15 14:41:42 gtw01 dnsmasq-dhcp[8013]: read /var/lib/neutron/dhcp/c95500f9-c9b2-4935-bcfb-ce4a2094b8d6/host
Jul 15 14:41:42 gtw01 dnsmasq-dhcp[8013]: read /var/lib/neutron/dhcp/c95500f9-c9b2-4935-bcfb-ce4a2094b8d6/opts
Jul 15 14:41:44 gtw01 kernel: [ 5805.893670] device vxlan_sys_4789 left promiscuous mode
Jul 15 14:41:45 gtw01 dnsmasq[9065]: started, version 2.80 cachesize 150
Jul 15 14:41:45 gtw01 dnsmasq[9065]: DNS service limited to local subnets
Jul 15 14:41:45 gtw01 dnsmasq[9065]: compile time options: IPv6 GNU-getopt DBus i18n IDN DHCP DHCPv6 no-Lua TFTP conntrack ipset auth DNSSEC loop-detect inotify dumpfile
Jul 15 14:41:45 gtw01 dnsmasq[9065]: warning: no upstream servers configured
Jul 15 14:41:45 gtw01 dnsmasq-dhcp[9065]: DHCP, static leases only on 192.168.120.0, lease time 1h
Jul 15 14:41:45 gtw01 dnsmasq[9065]: read /var/lib/neutron/dhcp/7e99369e-ba6f-43a1-8c70-a78c16e66d3e/addn_hosts - 1 addresses
Jul 15 14:41:45 gtw01 dnsmasq-dhcp[9065]: read /var/lib/neutron/dhcp/7e99369e-ba6f-43a1-8c70-a78c16e66d3e/host
Jul 15 14:41:45 gtw01 dnsmasq-dhcp[9065]: read /var/lib/neutron/dhcp/7e99369e-ba6f-43a1-8c70-a78c16e66d3e/opts
Jul 15 14:41:46 gtw01 haproxy-metadata-proxy-7e99369e-ba6f-43a1-8c70-a78c16e66d3e[9072]: Proxy listener started.
Jul 15 14:41:46 gtw01 systemd-udevd[9078]: Could not generate persistent MAC address for vxlan_sys_4789: No such file or directory
Jul 15 14:41:46 gtw01 kernel: [ 5807.822844] device vxlan_sys_4789 entered promiscuous mode
Jul 15 14:41:47 gtw01 dnsmasq[9065]: read /var/lib/neutron/dhcp/7e99369e-ba6f-43a1-8c70-a78c16e66d3e/addn_hosts - 2 addresses
Jul 15 14:41:47 gtw01 dnsmasq-dhcp[9065]: read /var/lib/neutron/dhcp/7e99369e-ba6f-43a1-8c70-a78c16e66d3e/host
Jul 15 14:41:47 gtw01 dnsmasq-dhcp[9065]: read /var/lib/neutron/dhcp/7e99369e-ba6f-43a1-8c70-a78c16e66d3e/opts
Jul 15 14:41:47 gtw01 systemd-udevd[9175]: Could not generate persistent MAC address for qr-6c6722d0-5a: No such file or directory
Jul 15 14:41:47 gtw01 kernel: [ 5808.846341] device qr-6c6722d0-5a entered promiscuous mode
Jul 15 14:41:48 gtw01 systemd-udevd[9311]: Could not generate persistent MAC address for tapd084b117-9c: No such file or directory
Jul 15 14:41:48 gtw01 kernel: [ 5809.754278] device tapd084b117-9c entered promiscuous mode
Jul 15 14:41:48 gtw01 systemd-udevd[9311]: Process '/sbin/ip link set tapd084b117-9c txqueuelen 10000' failed with exit code 1.
Jul 15 14:41:48 gtw01 dnsmasq[9065]: read /var/lib/neutron/dhcp/7e99369e-ba6f-43a1-8c70-a78c16e66d3e/addn_hosts - 2 addresses
Jul 15 14:41:48 gtw01 dnsmasq-dhcp[9065]: read /var/lib/neutron/dhcp/7e99369e-ba6f-43a1-8c70-a78c16e66d3e/host
Jul 15 14:41:48 gtw01 dnsmasq-dhcp[9065]: read /var/lib/neutron/dhcp/7e99369e-ba6f-43a1-8c70-a78c16e66d3e/opts
Jul 15 14:41:49 gtw01 dnsmasq[9065]: read /var/lib/neutron/dhcp/7e99369e-ba6f-43a1-8c70-a78c16e66d3e/addn_hosts - 2 addresses
Jul 15 14:41:49 gtw01 dnsmasq-dhcp[9065]: read /var/lib/neutron/dhcp/7e99369e-ba6f-43a1-8c70-a78c16e66d3e/host
Jul 15 14:41:49 gtw01 dnsmasq-dhcp[9065]: read /var/lib/neutron/dhcp/7e99369e-ba6f-43a1-8c70-a78c16e66d3e/opts
Jul 15 14:41:50 gtw01 dnsmasq[9065]: read /var/lib/neutron/dhcp/7e99369e-ba6f-43a1-8c70-a78c16e66d3e/addn_hosts - 2 addresses
Jul 15 14:41:50 gtw01 dnsmasq-dhcp[9065]: read /var/lib/neutron/dhcp/7e99369e-ba6f-43a1-8c70-a78c16e66d3e/host
Jul 15 14:41:50 gtw01 dnsmasq-dhcp[9065]: read /var/lib/neutron/dhcp/7e99369e-ba6f-43a1-8c70-a78c16e66d3e/opts
Jul 15 14:41:51 gtw01 dnsmasq[9065]: read /var/lib/neutron/dhcp/7e99369e-ba6f-43a1-8c70-a78c16e66d3e/addn_hosts - 2 addresses
Jul 15 14:41:51 gtw01 dnsmasq-dhcp[9065]: read /var/lib/neutron/dhcp/7e99369e-ba6f-43a1-8c70-a78c16e66d3e/host
Jul 15 14:41:51 gtw01 dnsmasq-dhcp[9065]: read /var/lib/neutron/dhcp/7e99369e-ba6f-43a1-8c70-a78c16e66d3e/opts
Jul 15 14:41:52 gtw01 dnsmasq[9609]: started, version 2.80 cachesize 150
Jul 15 14:41:52 gtw01 dnsmasq[9609]: DNS service limited to local subnets
Jul 15 14:41:52 gtw01 dnsmasq[9609]: compile time options: IPv6 GNU-getopt DBus i18n IDN DHCP DHCPv6 no-Lua TFTP conntrack ipset auth DNSSEC loop-detect inotify dumpfile
Jul 15 14:41:52 gtw01 dnsmasq[9609]: warning: no upstream servers configured
Jul 15 14:41:52 gtw01 dnsmasq-dhcp[9609]: DHCP, static leases only on 192.168.121.0, lease time 1h
Jul 15 14:41:52 gtw01 dnsmasq[9609]: read /var/lib/neutron/dhcp/d7cb8b70-07bd-451a-b426-c815784b3efa/addn_hosts - 1 addresses
Jul 15 14:41:52 gtw01 dnsmasq-dhcp[9609]: read /var/lib/neutron/dhcp/d7cb8b70-07bd-451a-b426-c815784b3efa/host
Jul 15 14:41:52 gtw01 dnsmasq-dhcp[9609]: read /var/lib/neutron/dhcp/d7cb8b70-07bd-451a-b426-c815784b3efa/opts
Jul 15 14:41:52 gtw01 systemd-udevd[9635]: Could not generate persistent MAC address for tapcad93d9e-ab: No such file or directory
Jul 15 14:41:52 gtw01 kernel: [ 5814.163802] device tapcad93d9e-ab entered promiscuous mode
Jul 15 14:41:52 gtw01 haproxy-metadata-proxy-d7cb8b70-07bd-451a-b426-c815784b3efa[9631]: Proxy listener started.
Jul 15 14:41:52 gtw01 systemd-udevd[9710]: Process '/sbin/ip link set tapcad93d9e-ab txqueuelen 10000' failed with exit code 1.
Jul 15 14:41:52 gtw01 haproxy-metadata-proxy-03729f69-696a-4448-bbaa-0a1c6f1eb755[9722]: Proxy listener started.
Jul 15 14:41:52 gtw01 dnsmasq[9065]: read /var/lib/neutron/dhcp/7e99369e-ba6f-43a1-8c70-a78c16e66d3e/addn_hosts - 2 addresses
Jul 15 14:41:52 gtw01 dnsmasq-dhcp[9065]: read /var/lib/neutron/dhcp/7e99369e-ba6f-43a1-8c70-a78c16e66d3e/host
Jul 15 14:41:52 gtw01 dnsmasq-dhcp[9065]: read /var/lib/neutron/dhcp/7e99369e-ba6f-43a1-8c70-a78c16e66d3e/opts
Jul 15 14:41:53 gtw01 dnsmasq[9609]: read /var/lib/neutron/dhcp/d7cb8b70-07bd-451a-b426-c815784b3efa/addn_hosts - 2 addresses
Jul 15 14:41:53 gtw01 dnsmasq-dhcp[9609]: read /var/lib/neutron/dhcp/d7cb8b70-07bd-451a-b426-c815784b3efa/host
Jul 15 14:41:53 gtw01 dnsmasq-dhcp[9609]: read /var/lib/neutron/dhcp/d7cb8b70-07bd-451a-b426-c815784b3efa/opts
Jul 15 14:41:53 gtw01 dnsmasq-dhcp[5670]: DHCPDISCOVER(tape9a7d2a8-83) fa:16:3e:58:74:e5
Jul 15 14:41:53 gtw01 dnsmasq-dhcp[5670]: DHCPOFFER(tape9a7d2a8-83) 192.168.120.5 fa:16:3e:58:74:e5
Jul 15 14:41:53 gtw01 dnsmasq-dhcp[5670]: DHCPREQUEST(tape9a7d2a8-83) 192.168.120.5 fa:16:3e:58:74:e5
Jul 15 14:41:53 gtw01 dnsmasq-dhcp[5670]: DHCPACK(tape9a7d2a8-83) 192.168.120.5 fa:16:3e:58:74:e5 host-192-168-120-5
Jul 15 14:41:53 gtw01 dnsmasq[9065]: read /var/lib/neutron/dhcp/7e99369e-ba6f-43a1-8c70-a78c16e66d3e/addn_hosts - 2 addresses
Jul 15 14:41:53 gtw01 dnsmasq-dhcp[9065]: read /var/lib/neutron/dhcp/7e99369e-ba6f-43a1-8c70-a78c16e66d3e/host
Jul 15 14:41:53 gtw01 dnsmasq-dhcp[9065]: read /var/lib/neutron/dhcp/7e99369e-ba6f-43a1-8c70-a78c16e66d3e/opts
Jul 15 14:41:55 gtw01 dnsmasq[9609]: read /var/lib/neutron/dhcp/d7cb8b70-07bd-451a-b426-c815784b3efa/addn_hosts - 2 addresses
Jul 15 14:41:55 gtw01 dnsmasq-dhcp[9609]: read /var/lib/neutron/dhcp/d7cb8b70-07bd-451a-b426-c815784b3efa/host
Jul 15 14:41:55 gtw01 dnsmasq-dhcp[9609]: read /var/lib/neutron/dhcp/d7cb8b70-07bd-451a-b426-c815784b3efa/opts
Jul 15 14:41:55 gtw01 dnsmasq[9609]: read /var/lib/neutron/dhcp/d7cb8b70-07bd-451a-b426-c815784b3efa/addn_hosts - 2 addresses
Jul 15 14:41:55 gtw01 dnsmasq-dhcp[9609]: read /var/lib/neutron/dhcp/d7cb8b70-07bd-451a-b426-c815784b3efa/host
Jul 15 14:41:55 gtw01 dnsmasq-dhcp[9609]: read /var/lib/neutron/dhcp/d7cb8b70-07bd-451a-b426-c815784b3efa/opts
Jul 15 14:41:56 gtw01 systemd-udevd[9923]: Could not generate persistent MAC address for qr-3f55c28e-c6: No such file or directory
Jul 15 14:41:56 gtw01 kernel: [ 5818.043462] device qr-3f55c28e-c6 entered promiscuous mode
Jul 15 14:41:56 gtw01 dnsmasq[9934]: started, version 2.80 cachesize 150
Jul 15 14:41:56 gtw01 dnsmasq[9934]: DNS service limited to local subnets
Jul 15 14:41:56 gtw01 dnsmasq[9934]: compile time options: IPv6 GNU-getopt DBus i18n IDN DHCP DHCPv6 no-Lua TFTP conntrack ipset auth DNSSEC loop-detect inotify dumpfile
Jul 15 14:41:56 gtw01 dnsmasq[9934]: warning: no upstream servers configured
Jul 15 14:41:56 gtw01 dnsmasq-dhcp[9934]: DHCP, static leases only on 192.168.122.0, lease time 1h
Jul 15 14:41:56 gtw01 dnsmasq[9934]: read /var/lib/neutron/dhcp/f181091c-2038-4def-b187-fa3b352e4290/addn_hosts - 1 addresses
Jul 15 14:41:56 gtw01 dnsmasq-dhcp[9934]: read /var/lib/neutron/dhcp/f181091c-2038-4def-b187-fa3b352e4290/host
Jul 15 14:41:56 gtw01 dnsmasq-dhcp[9934]: read /var/lib/neutron/dhcp/f181091c-2038-4def-b187-fa3b352e4290/opts
Jul 15 14:41:56 gtw01 haproxy-metadata-proxy-f181091c-2038-4def-b187-fa3b352e4290[10011]: Proxy listener started.
Jul 15 14:41:57 gtw01 dnsmasq[9609]: read /var/lib/neutron/dhcp/d7cb8b70-07bd-451a-b426-c815784b3efa/addn_hosts - 2 addresses
Jul 15 14:41:57 gtw01 dnsmasq-dhcp[9609]: read /var/lib/neutron/dhcp/d7cb8b70-07bd-451a-b426-c815784b3efa/host
Jul 15 14:41:57 gtw01 dnsmasq-dhcp[9609]: read /var/lib/neutron/dhcp/d7cb8b70-07bd-451a-b426-c815784b3efa/opts
Jul 15 14:41:57 gtw01 dnsmasq[9934]: read /var/lib/neutron/dhcp/f181091c-2038-4def-b187-fa3b352e4290/addn_hosts - 2 addresses
Jul 15 14:41:57 gtw01 dnsmasq-dhcp[9934]: read /var/lib/neutron/dhcp/f181091c-2038-4def-b187-fa3b352e4290/host
Jul 15 14:41:57 gtw01 dnsmasq-dhcp[9934]: read /var/lib/neutron/dhcp/f181091c-2038-4def-b187-fa3b352e4290/opts
Jul 15 14:41:57 gtw01 kernel: [ 5819.119242] device qr-e991fbe0-09 entered promiscuous mode
Jul 15 14:41:57 gtw01 systemd-udevd[10072]: Could not generate persistent MAC address for qr-e991fbe0-09: No such file or directory
Jul 15 14:41:57 gtw01 systemd-udevd[10158]: Could not generate persistent MAC address for tapc00075bb-70: No such file or directory
Jul 15 14:41:57 gtw01 kernel: [ 5819.303639] device tapc00075bb-70 entered promiscuous mode
Jul 15 14:41:57 gtw01 kernel: [ 5819.310353] IPv4: martian source 192.168.122.1 from 192.168.122.1, on dev qr-e991fbe0-09
Jul 15 14:41:57 gtw01 kernel: [ 5819.310356] ll header: 00000000: ff ff ff ff ff ff fa 16 3e 7c 94 64 08 06        ........>|.d..
Jul 15 14:41:57 gtw01 systemd-udevd[10231]: Process '/sbin/ip link set tapc00075bb-70 txqueuelen 10000' failed with exit code 1.
Jul 15 14:41:58 gtw01 dnsmasq[9609]: read /var/lib/neutron/dhcp/d7cb8b70-07bd-451a-b426-c815784b3efa/addn_hosts - 2 addresses
Jul 15 14:41:58 gtw01 dnsmasq-dhcp[9609]: read /var/lib/neutron/dhcp/d7cb8b70-07bd-451a-b426-c815784b3efa/host
Jul 15 14:41:58 gtw01 dnsmasq-dhcp[9609]: read /var/lib/neutron/dhcp/d7cb8b70-07bd-451a-b426-c815784b3efa/opts
Jul 15 14:41:58 gtw01 kernel: [ 5820.445079] IPv4: martian source 192.168.121.1 from 192.168.121.1, on dev qr-3f55c28e-c6
Jul 15 14:41:58 gtw01 kernel: [ 5820.445082] ll header: 00000000: ff ff ff ff ff ff fa 16 3e 35 bc 67 08 06        ........>5.g..
Jul 15 14:41:58 gtw01 dnsmasq[9934]: read /var/lib/neutron/dhcp/f181091c-2038-4def-b187-fa3b352e4290/addn_hosts - 2 addresses
Jul 15 14:41:58 gtw01 dnsmasq-dhcp[9934]: read /var/lib/neutron/dhcp/f181091c-2038-4def-b187-fa3b352e4290/host
Jul 15 14:41:58 gtw01 dnsmasq-dhcp[9934]: read /var/lib/neutron/dhcp/f181091c-2038-4def-b187-fa3b352e4290/opts
Jul 15 14:41:59 gtw01 dnsmasq[9609]: read /var/lib/neutron/dhcp/d7cb8b70-07bd-451a-b426-c815784b3efa/addn_hosts - 2 addresses
Jul 15 14:41:59 gtw01 dnsmasq-dhcp[9609]: read /var/lib/neutron/dhcp/d7cb8b70-07bd-451a-b426-c815784b3efa/host
Jul 15 14:41:59 gtw01 dnsmasq-dhcp[9609]: read /var/lib/neutron/dhcp/d7cb8b70-07bd-451a-b426-c815784b3efa/opts
Jul 15 14:42:00 gtw01 dnsmasq-dhcp[8013]: DHCPDISCOVER(tapc7ebc05d-4f) fa:16:3e:e3:43:17
Jul 15 14:42:00 gtw01 dnsmasq-dhcp[8013]: DHCPOFFER(tapc7ebc05d-4f) 192.168.120.7 fa:16:3e:e3:43:17
Jul 15 14:42:00 gtw01 dnsmasq-dhcp[8013]: DHCPREQUEST(tapc7ebc05d-4f) 192.168.120.7 fa:16:3e:e3:43:17
Jul 15 14:42:00 gtw01 dnsmasq-dhcp[8013]: DHCPACK(tapc7ebc05d-4f) 192.168.120.7 fa:16:3e:e3:43:17 host-192-168-120-7
