Jul 15 15:51:03 gtw01 dnsmasq[26429]: warning: no upstream servers configured
Jul 15 15:51:03 gtw01 dnsmasq-dhcp[26429]: DHCP, static leases only on 192.168.120.16, lease time 1h
Jul 15 15:51:03 gtw01 dnsmasq-dhcp[26429]: DHCP, static leases only on 192.168.120.32, lease time 1h
Jul 15 15:51:03 gtw01 dnsmasq-dhcp[26429]: DHCP, static leases only on 192.168.120.0, lease time 1h
Jul 15 15:51:03 gtw01 dnsmasq[26429]: read /var/lib/neutron/dhcp/7de0af39-c99f-43fd-bf24-fdbc7b016eaf/addn_hosts - 3 addresses
Jul 15 15:51:03 gtw01 dnsmasq-dhcp[26429]: read /var/lib/neutron/dhcp/7de0af39-c99f-43fd-bf24-fdbc7b016eaf/host
Jul 15 15:51:03 gtw01 dnsmasq-dhcp[26429]: read /var/lib/neutron/dhcp/7de0af39-c99f-43fd-bf24-fdbc7b016eaf/opts
Jul 15 15:51:03 gtw01 dnsmasq[26429]: read /var/lib/neutron/dhcp/7de0af39-c99f-43fd-bf24-fdbc7b016eaf/addn_hosts - 3 addresses
Jul 15 15:51:03 gtw01 dnsmasq-dhcp[26429]: read /var/lib/neutron/dhcp/7de0af39-c99f-43fd-bf24-fdbc7b016eaf/host
Jul 15 15:51:03 gtw01 dnsmasq-dhcp[26429]: read /var/lib/neutron/dhcp/7de0af39-c99f-43fd-bf24-fdbc7b016eaf/opts
Jul 15 15:51:07 gtw01 dnsmasq[25908]: read /var/lib/neutron/dhcp/49da0f26-681b-4513-bf87-b77e86e47027/addn_hosts - 2 addresses
Jul 15 15:51:07 gtw01 dnsmasq-dhcp[25908]: read /var/lib/neutron/dhcp/49da0f26-681b-4513-bf87-b77e86e47027/host
Jul 15 15:51:07 gtw01 dnsmasq-dhcp[25908]: read /var/lib/neutron/dhcp/49da0f26-681b-4513-bf87-b77e86e47027/opts
Jul 15 15:51:08 gtw01 dnsmasq[26518]: started, version 2.80 cachesize 150
Jul 15 15:51:08 gtw01 dnsmasq[26518]: DNS service limited to local subnets
Jul 15 15:51:08 gtw01 dnsmasq[26518]: compile time options: IPv6 GNU-getopt DBus i18n IDN DHCP DHCPv6 no-Lua TFTP conntrack ipset auth DNSSEC loop-detect inotify dumpfile
Jul 15 15:51:08 gtw01 dnsmasq[26518]: warning: no upstream servers configured
Jul 15 15:51:08 gtw01 dnsmasq-dhcp[26518]: DHCP, static leases only on 192.168.120.16, lease time 1h
Jul 15 15:51:08 gtw01 dnsmasq-dhcp[26518]: DHCP, static leases only on 192.168.120.0, lease time 1h
Jul 15 15:51:08 gtw01 dnsmasq[26518]: read /var/lib/neutron/dhcp/7de0af39-c99f-43fd-bf24-fdbc7b016eaf/addn_hosts - 2 addresses
Jul 15 15:51:08 gtw01 dnsmasq-dhcp[26518]: read /var/lib/neutron/dhcp/7de0af39-c99f-43fd-bf24-fdbc7b016eaf/host
Jul 15 15:51:08 gtw01 dnsmasq-dhcp[26518]: read /var/lib/neutron/dhcp/7de0af39-c99f-43fd-bf24-fdbc7b016eaf/opts
Jul 15 15:51:09 gtw01 dnsmasq[25908]: read /var/lib/neutron/dhcp/49da0f26-681b-4513-bf87-b77e86e47027/addn_hosts - 2 addresses
Jul 15 15:51:09 gtw01 dnsmasq-dhcp[25908]: read /var/lib/neutron/dhcp/49da0f26-681b-4513-bf87-b77e86e47027/host
Jul 15 15:51:09 gtw01 dnsmasq-dhcp[25908]: read /var/lib/neutron/dhcp/49da0f26-681b-4513-bf87-b77e86e47027/opts
Jul 15 15:51:10 gtw01 dnsmasq[25364]: read /var/lib/neutron/dhcp/a5a90a8f-bcdd-45ee-bc1c-89c99ecdeb99/addn_hosts - 5 addresses
Jul 15 15:51:10 gtw01 dnsmasq-dhcp[25364]: read /var/lib/neutron/dhcp/a5a90a8f-bcdd-45ee-bc1c-89c99ecdeb99/host
Jul 15 15:51:10 gtw01 dnsmasq-dhcp[25364]: read /var/lib/neutron/dhcp/a5a90a8f-bcdd-45ee-bc1c-89c99ecdeb99/opts
Jul 15 15:51:10 gtw01 systemd-udevd[26582]: Could not generate persistent MAC address for ha-17baa1ca-8c: No such file or directory
Jul 15 15:51:10 gtw01 kernel: [ 9972.605882] device ha-17baa1ca-8c entered promiscuous mode
Jul 15 15:51:11 gtw01 dnsmasq[25364]: read /var/lib/neutron/dhcp/a5a90a8f-bcdd-45ee-bc1c-89c99ecdeb99/addn_hosts - 5 addresses
Jul 15 15:51:11 gtw01 dnsmasq-dhcp[25364]: read /var/lib/neutron/dhcp/a5a90a8f-bcdd-45ee-bc1c-89c99ecdeb99/host
Jul 15 15:51:11 gtw01 dnsmasq-dhcp[25364]: read /var/lib/neutron/dhcp/a5a90a8f-bcdd-45ee-bc1c-89c99ecdeb99/opts
Jul 15 15:51:14 gtw01 neutron-keepalived-state-change: 2019-07-15 15:51:14.452 26684 INFO neutron.common.config [-] Logging enabled!
Jul 15 15:51:14 gtw01 neutron-keepalived-state-change: 2019-07-15 15:51:14.453 26684 INFO neutron.common.config [-] /usr/bin/neutron-keepalived-state-change version 13.0.3
Jul 15 15:51:14 gtw01 neutron-keepalived-state-change: 2019-07-15 15:51:14.453 26684 DEBUG neutron.common.config [-] command line: /usr/bin/neutron-keepalived-state-change --router_id=8e028f70-96de-4f9a-aa8c-8f7e1c227de2 --namespace=qrouter-8e028f70-96de-4f9a-aa8c-8f7e1c227de2 --conf_dir=/var/lib/neutron/ha_confs/8e028f70-96de-4f9a-aa8c-8f7e1c227de2 --monitor_interface=ha-17baa1ca-8c --monitor_cidr=169.254.0.253/24 --pid_file=/var/lib/neutron/external/pids/8e028f70-96de-4f9a-aa8c-8f7e1c227de2.monitor.pid --state_path=/var/lib/neutron --user=114 --group=118 setup_logging /usr/lib/python2.7/dist-packages/neutron/common/config.py:103
Jul 15 15:51:14 gtw01 neutron-keepalived-state-change: 2019-07-15 15:51:14.462 26725 DEBUG neutron.agent.linux.async_process [-] Launching async process [ip netns exec qrouter-8e028f70-96de-4f9a-aa8c-8f7e1c227de2 ip -o monitor address]. start /usr/lib/python2.7/dist-packages/neutron/agent/linux/async_process.py:112
Jul 15 15:51:14 gtw01 neutron-keepalived-state-change: 2019-07-15 15:51:14.463 26725 DEBUG neutron.agent.linux.utils [-] Running command: ['ip', 'netns', 'exec', 'qrouter-8e028f70-96de-4f9a-aa8c-8f7e1c227de2', 'ip', '-o', 'monitor', 'address'] create_process /usr/lib/python2.7/dist-packages/neutron/agent/linux/utils.py:87
Jul 15 15:51:14 gtw01 neutron-keepalived-state-change: 2019-07-15 15:51:14.492 26725 DEBUG neutron.agent.linux.utils [-] Found cmdline ['ip', 'netns', 'exec', 'qrouter-8e028f70-96de-4f9a-aa8c-8f7e1c227de2', 'ip', '-o', 'monitor', 'address'] for rocess with PID 26726. get_cmdline_from_pid /usr/lib/python2.7/dist-packages/neutron/agent/linux/utils.py:329
Jul 15 15:51:14 gtw01 dnsmasq[25908]: read /var/lib/neutron/dhcp/49da0f26-681b-4513-bf87-b77e86e47027/addn_hosts - 1 addresses
Jul 15 15:51:14 gtw01 dnsmasq-dhcp[25908]: read /var/lib/neutron/dhcp/49da0f26-681b-4513-bf87-b77e86e47027/host
Jul 15 15:51:14 gtw01 dnsmasq-dhcp[25908]: read /var/lib/neutron/dhcp/49da0f26-681b-4513-bf87-b77e86e47027/opts
Jul 15 15:51:15 gtw01 neutron-keepalived-state-change: 2019-07-15 15:51:15.493 26725 DEBUG neutron.agent.linux.utils [-] Found cmdline ['ip', '-o', 'monitor', 'address'] for rocess with PID 26726. get_cmdline_from_pid /usr/lib/python2.7/dist-packages/neutron/agent/linux/utils.py:329
Jul 15 15:51:15 gtw01 neutron-keepalived-state-change: 2019-07-15 15:51:15.494 26725 INFO neutron.agent.linux.daemon [-] Process runs with uid/gid: 114/118
Jul 15 15:51:15 gtw01 neutron-keepalived-state-change: 2019-07-15 15:51:15.495 26725 DEBUG neutron.agent.linux.utils [-] Running command: ['sudo', '/usr/bin/neutron-rootwrap', '/etc/neutron/rootwrap.conf', 'ip', 'netns', 'exec', 'qrouter-8e028f70-96de-4f9a-aa8c-8f7e1c227de2', 'ip', 'addr', 'show', 'ha-17baa1ca-8c'] create_process /usr/lib/python2.7/dist-packages/neutron/agent/linux/utils.py:87
Jul 15 15:51:15 gtw01 neutron-keepalived-state-change: 2019-07-15 15:51:15.868 26725 DEBUG neutron.agent.l3.keepalived_state_change [-] Initial status of router 8e028f70-96de-4f9a-aa8c-8f7e1c227de2 is backup handle_initial_state /usr/lib/python2.7/dist-packages/neutron/agent/l3/keepalived_state_change.py:106
Jul 15 15:51:15 gtw01 dnsmasq[25908]: read /var/lib/neutron/dhcp/49da0f26-681b-4513-bf87-b77e86e47027/addn_hosts - 2 addresses
Jul 15 15:51:15 gtw01 dnsmasq-dhcp[25908]: read /var/lib/neutron/dhcp/49da0f26-681b-4513-bf87-b77e86e47027/host
Jul 15 15:51:15 gtw01 dnsmasq-dhcp[25908]: read /var/lib/neutron/dhcp/49da0f26-681b-4513-bf87-b77e86e47027/opts
Jul 15 15:51:16 gtw01 dnsmasq[25908]: read /var/lib/neutron/dhcp/49da0f26-681b-4513-bf87-b77e86e47027/addn_hosts - 2 addresses
Jul 15 15:51:16 gtw01 dnsmasq-dhcp[25908]: read /var/lib/neutron/dhcp/49da0f26-681b-4513-bf87-b77e86e47027/host
Jul 15 15:51:16 gtw01 dnsmasq-dhcp[25908]: read /var/lib/neutron/dhcp/49da0f26-681b-4513-bf87-b77e86e47027/opts
Jul 15 15:51:18 gtw01 neutron-keepalived-state-change: 2019-07-15 15:51:18.124 26725 DEBUG neutron.agent.linux.utils [-] Running command: ['sudo', '/usr/bin/neutron-rootwrap', '/etc/neutron/rootwrap.conf', 'kill', '-9', '26726'] create_process /usr/lib/python2.7/dist-packages/neutron/agent/linux/utils.py:87
Jul 15 15:51:18 gtw01 neutron-keepalived-state-change: 2019-07-15 15:51:18.151 26725 CRITICAL neutron [-] Unhandled error: AssertionError: do not call blocking functions from the mainloop#0122019-07-15 15:51:18.151 26725 ERROR neutron Traceback (most recent call last):#0122019-07-15 15:51:18.151 26725 ERROR neutron   File "/usr/bin/neutron-keepalived-state-change", line 10, in <module>#0122019-07-15 15:51:18.151 26725 ERROR neutron     sys.exit(main())#0122019-07-15 15:51:18.151 26725 ERROR neutron   File "/usr/lib/python2.7/dist-packages/neutron/cmd/keepalived_state_change.py", line 19, in main#0122019-07-15 15:51:18.151 26725 ERROR neutron     keepalived_state_change.main()#0122019-07-15 15:51:18.151 26725 ERROR neutron   File "/usr/lib/python2.7/dist-packages/neutron/agent/l3/keepalived_state_change.py", line 176, in main#0122019-07-15 15:51:18.151 26725 ERROR neutron     cfg.CONF.monitor_cidr).start()#0122019-07-15 15:51:18.151 26725 ERROR neutron   File "/usr/lib/python2.7/dist-packages/neutron/agent/linux/daemon.py", line 248, in start#0122019-07-15 15:51:18.151 26725 ERROR neutron     self.run()#0122019-07-15 15:51:18.151 26725 ERROR neutron   File "/usr/lib/python2.7/dist-packages/neutron/agent/l3/keepalived_state_change.py", line 71, in run#0122019-07-15 15:51:18.151 26725 ERROR neutron     for iterable in self.monitor:#0122019-07-15 15:51:18.151 26725 ERROR neutron   File "/usr/lib/python2.7/dist-packages/neutron/agent/linux/async_process.py", line 284, in _iter_queue#0122019-07-15 15:51:18.151 26725 ERROR neutron     yield queue.get(block=block)#0122019-07-15 15:51:18.151 26725 ERROR neutron   File "/usr/lib/python2.7/dist-packages/eventlet/queue.py", line 313, in get#0122019-07-15 15:51:18.151 26725 ERROR neutron     return waiter.wait()#0122019-07-15 15:51:18.151 26725 ERROR neutron   File "/usr/lib/python2.7/dist-packages/eventlet/queue.py", line 141, in wait#0122019-07-15 15:51:18.151 26725 ERROR neutron     return get_hub().switch()#0122019-07-15 15:51:18.151 26725 ERROR neutron   File "/usr/lib/python2.7/dist-packages/eventlet/hubs/hub.py", line 294, in switch#0122019-07-15 15:51:18.151 26725 ERROR neutron     return self.greenlet.switch()#0122019-07-15 15:51:18.151 26725 ERROR neutron   File "/usr/lib/python2.7/dist-packages/eventlet/hubs/hub.py", line 346, in run#0122019-07-15 15:51:18.151 26725 ERROR neutron     self.wait(sleep_time)#0122019-07-15 15:51:18.151 26725 ERROR neutron   File "/usr/lib/python2.7/dist-packages/eventlet/hubs/poll.py", line 85, in wait#0122019-07-15 15:51:18.151 26725 ERROR neutron     presult = self.do_poll(seconds)#0122019-07-15 15:51:18.151 26725 ERROR neutron   File "/usr/lib/python2.7/dist-packages/eventlet/hubs/epolls.py", line 62, in do_poll#0122019-07-15 15:51:18.151 26725 ERROR neutron     return self.poll.poll(seconds)#0122019-07-15 15:51:18.151 26725 ERROR neutron   File "/usr/lib/python2.7/dist-packages/neutron/agent/l3/keepalived_state_change.py", line 152, in handle_sigterm#0122019-07-15 15:51:18.151 26725 ERROR neutron     self._kill_monitor()#0122019-07-15 15:51:18.151 26725 ERROR neutron   File "/usr/lib/python2.7/dist-packages/neutron/agent/l3/keepalived_state_change.py", line 149, in _kill_monitor#0122019-07-15 15:51:18.151 26725 ERROR neutron     run_as_root=True)#0122019-07-15 15:51:18.151 26725 ERROR neutron   File "/usr/lib/python2.7/dist-packages/neutron/agent/linux/utils.py", line 219, in kill_process#0122019-07-15 15:51:18.151 26725 ERROR neutron     execute(['kill', '-%d' % signal, pid], run_as_root=run_as_root)#0122019-07-15 15:51:18.151 26725 ERROR neutron   File "/usr/lib/python2.7/dist-packages/neutron/agent/linux/utils.py", line 126, in execute#0122019-07-15 15:51:18.151 26725 ERROR neutron     _stdout, _stderr = obj.communicate(_process_input)#0122019-07-15 15:51:18.151 26725 ERROR neutron   File "/usr/lib/python2.7/subprocess.py", line 800, in communicate#0122019-07-15 15:51:18.151 26725 ERROR neutron     return self._communicate(input)#0122019-07-15 15:51:18.151 26725 ERROR neutron   File "/usr/lib/python2.7/subprocess.py", line 1419, in _communicate#0122019-07-15 15:51:18.151 26725 ERROR neutron     stdout, stderr = self._communicate_with_select(input)#0122019-07-15 15:51:18.151 26725 ERROR neutron   File "/usr/lib/python2.7/subprocess.py", line 1520, in _communicate_with_select#0122019-07-15 15:51:18.151 26725 ERROR neutron     rlist, wlist, xlist = select.select(read_set, write_set, [])#0122019-07-15 15:51:18.151 26725 ERROR neutron   File "/usr/lib/python2.7/dist-packages/eventlet/green/select.py", line 40, in select#0122019-07-15 15:51:18.151 26725 ERROR neutron     assert hub.greenlet is not current, 'do not call blocking functions from the mainloop'#0122019-07-15 15:51:18.151 26725 ERROR neutron AssertionError: do not call blocking functions from the mainloop#0122019-07-15 15:51:18.151 26725 ERROR neutron
Jul 15 15:51:19 gtw01 kernel: [ 9980.784514] device ha-17baa1ca-8c left promiscuous mode
Jul 15 15:51:19 gtw01 dnsmasq[25364]: read /var/lib/neutron/dhcp/a5a90a8f-bcdd-45ee-bc1c-89c99ecdeb99/addn_hosts - 6 addresses
Jul 15 15:51:19 gtw01 dnsmasq-dhcp[25364]: read /var/lib/neutron/dhcp/a5a90a8f-bcdd-45ee-bc1c-89c99ecdeb99/host
Jul 15 15:51:19 gtw01 dnsmasq-dhcp[25364]: read /var/lib/neutron/dhcp/a5a90a8f-bcdd-45ee-bc1c-89c99ecdeb99/opts
Jul 15 15:51:19 gtw01 dnsmasq[25908]: read /var/lib/neutron/dhcp/49da0f26-681b-4513-bf87-b77e86e47027/addn_hosts - 1 addresses
Jul 15 15:51:19 gtw01 dnsmasq-dhcp[25908]: read /var/lib/neutron/dhcp/49da0f26-681b-4513-bf87-b77e86e47027/host
Jul 15 15:51:19 gtw01 dnsmasq-dhcp[25908]: read /var/lib/neutron/dhcp/49da0f26-681b-4513-bf87-b77e86e47027/opts
Jul 15 15:51:22 gtw01 dnsmasq[25908]: read /var/lib/neutron/dhcp/49da0f26-681b-4513-bf87-b77e86e47027/addn_hosts - 2 addresses
Jul 15 15:51:22 gtw01 dnsmasq-dhcp[25908]: read /var/lib/neutron/dhcp/49da0f26-681b-4513-bf87-b77e86e47027/host
Jul 15 15:51:22 gtw01 dnsmasq-dhcp[25908]: read /var/lib/neutron/dhcp/49da0f26-681b-4513-bf87-b77e86e47027/opts
Jul 15 15:51:23 gtw01 dnsmasq[25908]: read /var/lib/neutron/dhcp/49da0f26-681b-4513-bf87-b77e86e47027/addn_hosts - 2 addresses
Jul 15 15:51:23 gtw01 dnsmasq-dhcp[25908]: read /var/lib/neutron/dhcp/49da0f26-681b-4513-bf87-b77e86e47027/host
Jul 15 15:51:23 gtw01 dnsmasq-dhcp[25908]: read /var/lib/neutron/dhcp/49da0f26-681b-4513-bf87-b77e86e47027/opts
Jul 15 15:51:26 gtw01 dnsmasq[26987]: started, version 2.80 cachesize 150
Jul 15 15:51:26 gtw01 dnsmasq[26987]: DNS service limited to local subnets
Jul 15 15:51:26 gtw01 dnsmasq[26987]: compile time options: IPv6 GNU-getopt DBus i18n IDN DHCP DHCPv6 no-Lua TFTP conntrack ipset auth DNSSEC loop-detect inotify dumpfile
Jul 15 15:51:26 gtw01 dnsmasq[26987]: warning: no upstream servers configured
Jul 15 15:51:26 gtw01 dnsmasq-dhcp[26987]: DHCP, static leases only on 192.168.120.16, lease time 1h
Jul 15 15:51:26 gtw01 dnsmasq-dhcp[26987]: DHCP, static leases only on 192.168.120.0, lease time 1h
Jul 15 15:51:26 gtw01 dnsmasq[26987]: read /var/lib/neutron/dhcp/7de0af39-c99f-43fd-bf24-fdbc7b016eaf/addn_hosts - 2 addresses
Jul 15 15:51:26 gtw01 dnsmasq-dhcp[26987]: read /var/lib/neutron/dhcp/7de0af39-c99f-43fd-bf24-fdbc7b016eaf/host
Jul 15 15:51:26 gtw01 dnsmasq-dhcp[26987]: read /var/lib/neutron/dhcp/7de0af39-c99f-43fd-bf24-fdbc7b016eaf/opts
Jul 15 15:51:26 gtw01 dnsmasq[25364]: read /var/lib/neutron/dhcp/a5a90a8f-bcdd-45ee-bc1c-89c99ecdeb99/addn_hosts - 7 addresses
Jul 15 15:51:26 gtw01 dnsmasq-dhcp[25364]: read /var/lib/neutron/dhcp/a5a90a8f-bcdd-45ee-bc1c-89c99ecdeb99/host
Jul 15 15:51:26 gtw01 dnsmasq-dhcp[25364]: read /var/lib/neutron/dhcp/a5a90a8f-bcdd-45ee-bc1c-89c99ecdeb99/opts
Jul 15 15:51:26 gtw01 dnsmasq[25288]: read /var/lib/neutron/dhcp/7f78c4e0-dbdb-456d-88e8-d52c7caf711c/addn_hosts - 2 addresses
Jul 15 15:51:26 gtw01 dnsmasq-dhcp[25288]: read /var/lib/neutron/dhcp/7f78c4e0-dbdb-456d-88e8-d52c7caf711c/host
Jul 15 15:51:26 gtw01 dnsmasq-dhcp[25288]: read /var/lib/neutron/dhcp/7f78c4e0-dbdb-456d-88e8-d52c7caf711c/opts
Jul 15 15:51:27 gtw01 dnsmasq-dhcp[26987]: DHCPRELEASE(tapcfee0bcb-99) 192.168.120.18 fa:16:3e:25:a6:20 unknown lease
Jul 15 15:51:27 gtw01 dnsmasq-dhcp[26987]: DHCPRELEASE(tapcfee0bcb-99) 192.168.120.18 fa:16:3e:25:a6:20 unknown lease
Jul 15 15:51:27 gtw01 dnsmasq[25288]: read /var/lib/neutron/dhcp/7f78c4e0-dbdb-456d-88e8-d52c7caf711c/addn_hosts - 2 addresses
Jul 15 15:51:27 gtw01 dnsmasq-dhcp[25288]: read /var/lib/neutron/dhcp/7f78c4e0-dbdb-456d-88e8-d52c7caf711c/host
Jul 15 15:51:27 gtw01 dnsmasq-dhcp[25288]: read /var/lib/neutron/dhcp/7f78c4e0-dbdb-456d-88e8-d52c7caf711c/opts
Jul 15 15:51:28 gtw01 dnsmasq[25908]: read /var/lib/neutron/dhcp/49da0f26-681b-4513-bf87-b77e86e47027/addn_hosts - 1 addresses
Jul 15 15:51:28 gtw01 dnsmasq-dhcp[25908]: read /var/lib/neutron/dhcp/49da0f26-681b-4513-bf87-b77e86e47027/host
Jul 15 15:51:28 gtw01 dnsmasq-dhcp[25908]: read /var/lib/neutron/dhcp/49da0f26-681b-4513-bf87-b77e86e47027/opts
Jul 15 15:51:28 gtw01 dnsmasq-dhcp[26987]: DHCPRELEASE(tapcfee0bcb-99) 192.168.120.18 fa:16:3e:25:a6:20 unknown lease
Jul 15 15:51:28 gtw01 dnsmasq[25288]: read /var/lib/neutron/dhcp/7f78c4e0-dbdb-456d-88e8-d52c7caf711c/addn_hosts - 2 addresses
Jul 15 15:51:28 gtw01 dnsmasq-dhcp[25288]: read /var/lib/neutron/dhcp/7f78c4e0-dbdb-456d-88e8-d52c7caf711c/host
Jul 15 15:51:28 gtw01 dnsmasq-dhcp[25288]: read /var/lib/neutron/dhcp/7f78c4e0-dbdb-456d-88e8-d52c7caf711c/opts
Jul 15 15:51:29 gtw01 dnsmasq[26987]: read /var/lib/neutron/dhcp/7de0af39-c99f-43fd-bf24-fdbc7b016eaf/addn_hosts - 1 addresses
Jul 15 15:51:29 gtw01 dnsmasq-dhcp[26987]: read /var/lib/neutron/dhcp/7de0af39-c99f-43fd-bf24-fdbc7b016eaf/host
Jul 15 15:51:29 gtw01 dnsmasq-dhcp[26987]: read /var/lib/neutron/dhcp/7de0af39-c99f-43fd-bf24-fdbc7b016eaf/opts
Jul 15 15:51:29 gtw01 dnsmasq[25908]: read /var/lib/neutron/dhcp/49da0f26-681b-4513-bf87-b77e86e47027/addn_hosts - 2 addresses
Jul 15 15:51:29 gtw01 dnsmasq-dhcp[25908]: read /var/lib/neutron/dhcp/49da0f26-681b-4513-bf87-b77e86e47027/host
Jul 15 15:51:29 gtw01 dnsmasq-dhcp[25908]: read /var/lib/neutron/dhcp/49da0f26-681b-4513-bf87-b77e86e47027/opts
Jul 15 15:51:30 gtw01 dnsmasq[25288]: read /var/lib/neutron/dhcp/7f78c4e0-dbdb-456d-88e8-d52c7caf711c/addn_hosts - 1 addresses
Jul 15 15:51:30 gtw01 dnsmasq-dhcp[25288]: read /var/lib/neutron/dhcp/7f78c4e0-dbdb-456d-88e8-d52c7caf711c/host
Jul 15 15:51:30 gtw01 dnsmasq-dhcp[25288]: read /var/lib/neutron/dhcp/7f78c4e0-dbdb-456d-88e8-d52c7caf711c/opts
Jul 15 15:51:30 gtw01 systemd-udevd[27187]: Could not generate persistent MAC address for qg-f836559c-4e: No such file or directory
Jul 15 15:51:30 gtw01 kernel: [ 9992.381497] device qg-f836559c-4e entered promiscuous mode
Jul 15 15:51:32 gtw01 dnsmasq[25364]: read /var/lib/neutron/dhcp/a5a90a8f-bcdd-45ee-bc1c-89c99ecdeb99/addn_hosts - 9 addresses
Jul 15 15:51:32 gtw01 dnsmasq-dhcp[25364]: read /var/lib/neutron/dhcp/a5a90a8f-bcdd-45ee-bc1c-89c99ecdeb99/host
Jul 15 15:51:32 gtw01 dnsmasq-dhcp[25364]: read /var/lib/neutron/dhcp/a5a90a8f-bcdd-45ee-bc1c-89c99ecdeb99/opts
Jul 15 15:51:32 gtw01 dnsmasq[25908]: read /var/lib/neutron/dhcp/49da0f26-681b-4513-bf87-b77e86e47027/addn_hosts - 2 addresses
Jul 15 15:51:32 gtw01 dnsmasq-dhcp[25908]: read /var/lib/neutron/dhcp/49da0f26-681b-4513-bf87-b77e86e47027/host
Jul 15 15:51:32 gtw01 dnsmasq-dhcp[25908]: read /var/lib/neutron/dhcp/49da0f26-681b-4513-bf87-b77e86e47027/opts
Jul 15 15:51:32 gtw01 dnsmasq[27357]: started, version 2.80 cachesize 150
Jul 15 15:51:32 gtw01 dnsmasq[27357]: DNS service limited to local subnets
Jul 15 15:51:32 gtw01 dnsmasq[27357]: compile time options: IPv6 GNU-getopt DBus i18n IDN DHCP DHCPv6 no-Lua TFTP conntrack ipset auth DNSSEC loop-detect inotify dumpfile
Jul 15 15:51:32 gtw01 dnsmasq[27357]: warning: no upstream servers configured
Jul 15 15:51:32 gtw01 dnsmasq-dhcp[27357]: DHCP, static leases only on 192.168.120.0, lease time 1h
Jul 15 15:51:32 gtw01 dnsmasq[27357]: read /var/lib/neutron/dhcp/7de0af39-c99f-43fd-bf24-fdbc7b016eaf/addn_hosts - 1 addresses
Jul 15 15:51:32 gtw01 dnsmasq-dhcp[27357]: read /var/lib/neutron/dhcp/7de0af39-c99f-43fd-bf24-fdbc7b016eaf/host
Jul 15 15:51:32 gtw01 dnsmasq-dhcp[27357]: read /var/lib/neutron/dhcp/7de0af39-c99f-43fd-bf24-fdbc7b016eaf/opts
Jul 15 15:51:33 gtw01 kernel: [ 9994.738256] device tapcfee0bcb-99 left promiscuous mode
Jul 15 15:51:34 gtw01 dnsmasq[25288]: read /var/lib/neutron/dhcp/7f78c4e0-dbdb-456d-88e8-d52c7caf711c/addn_hosts - 2 addresses
Jul 15 15:51:34 gtw01 dnsmasq-dhcp[25288]: read /var/lib/neutron/dhcp/7f78c4e0-dbdb-456d-88e8-d52c7caf711c/host
Jul 15 15:51:34 gtw01 dnsmasq-dhcp[25288]: read /var/lib/neutron/dhcp/7f78c4e0-dbdb-456d-88e8-d52c7caf711c/opts
Jul 15 15:51:36 gtw01 dnsmasq[25908]: read /var/lib/neutron/dhcp/49da0f26-681b-4513-bf87-b77e86e47027/addn_hosts - 1 addresses
Jul 15 15:51:36 gtw01 dnsmasq-dhcp[25908]: read /var/lib/neutron/dhcp/49da0f26-681b-4513-bf87-b77e86e47027/host
Jul 15 15:51:36 gtw01 dnsmasq-dhcp[25908]: read /var/lib/neutron/dhcp/49da0f26-681b-4513-bf87-b77e86e47027/opts
Jul 15 15:51:36 gtw01 haproxy-metadata-proxy-721a8f4d-6d77-4a56-ab49-4aa16cf4a349[27534]: Proxy listener started.
Jul 15 15:51:36 gtw01 dnsmasq[25364]: read /var/lib/neutron/dhcp/a5a90a8f-bcdd-45ee-bc1c-89c99ecdeb99/addn_hosts - 10 addresses
Jul 15 15:51:36 gtw01 dnsmasq-dhcp[25364]: read /var/lib/neutron/dhcp/a5a90a8f-bcdd-45ee-bc1c-89c99ecdeb99/host
Jul 15 15:51:36 gtw01 dnsmasq-dhcp[25364]: read /var/lib/neutron/dhcp/a5a90a8f-bcdd-45ee-bc1c-89c99ecdeb99/opts
Jul 15 15:51:37 gtw01 dnsmasq[25288]: read /var/lib/neutron/dhcp/7f78c4e0-dbdb-456d-88e8-d52c7caf711c/addn_hosts - 2 addresses
Jul 15 15:51:37 gtw01 dnsmasq-dhcp[25288]: read /var/lib/neutron/dhcp/7f78c4e0-dbdb-456d-88e8-d52c7caf711c/host
Jul 15 15:51:37 gtw01 dnsmasq-dhcp[25288]: read /var/lib/neutron/dhcp/7f78c4e0-dbdb-456d-88e8-d52c7caf711c/opts
Jul 15 15:51:37 gtw01 kernel: [ 9999.418840] device qg-f836559c-4e left promiscuous mode
Jul 15 15:51:38 gtw01 dnsmasq[25288]: read /var/lib/neutron/dhcp/7f78c4e0-dbdb-456d-88e8-d52c7caf711c/addn_hosts - 2 addresses
Jul 15 15:51:38 gtw01 dnsmasq-dhcp[25288]: read /var/lib/neutron/dhcp/7f78c4e0-dbdb-456d-88e8-d52c7caf711c/host
Jul 15 15:51:38 gtw01 dnsmasq-dhcp[25288]: read /var/lib/neutron/dhcp/7f78c4e0-dbdb-456d-88e8-d52c7caf711c/opts
Jul 15 15:51:39 gtw01 kernel: [10001.041678] device tap8021338f-63 left promiscuous mode
Jul 15 15:51:39 gtw01 dnsmasq[25288]: read /var/lib/neutron/dhcp/7f78c4e0-dbdb-456d-88e8-d52c7caf711c/addn_hosts - 1 addresses
Jul 15 15:51:39 gtw01 dnsmasq-dhcp[25288]: read /var/lib/neutron/dhcp/7f78c4e0-dbdb-456d-88e8-d52c7caf711c/host
Jul 15 15:51:39 gtw01 dnsmasq-dhcp[25288]: read /var/lib/neutron/dhcp/7f78c4e0-dbdb-456d-88e8-d52c7caf711c/opts
Jul 15 15:51:39 gtw01 dnsmasq[25364]: read /var/lib/neutron/dhcp/a5a90a8f-bcdd-45ee-bc1c-89c99ecdeb99/addn_hosts - 11 addresses
Jul 15 15:51:39 gtw01 dnsmasq-dhcp[25364]: read /var/lib/neutron/dhcp/a5a90a8f-bcdd-45ee-bc1c-89c99ecdeb99/host
Jul 15 15:51:39 gtw01 dnsmasq-dhcp[25364]: read /var/lib/neutron/dhcp/a5a90a8f-bcdd-45ee-bc1c-89c99ecdeb99/opts
Jul 15 15:51:41 gtw01 dnsmasq[25364]: read /var/lib/neutron/dhcp/a5a90a8f-bcdd-45ee-bc1c-89c99ecdeb99/addn_hosts - 12 addresses
Jul 15 15:51:41 gtw01 dnsmasq-dhcp[25364]: read /var/lib/neutron/dhcp/a5a90a8f-bcdd-45ee-bc1c-89c99ecdeb99/host
Jul 15 15:51:41 gtw01 dnsmasq-dhcp[25364]: read /var/lib/neutron/dhcp/a5a90a8f-bcdd-45ee-bc1c-89c99ecdeb99/opts
Jul 15 15:51:42 gtw01 haproxy-metadata-proxy-67566358-c2ad-4f6f-b8f2-7cb9defe4e15[27793]: Proxy listener started.
Jul 15 15:51:43 gtw01 dnsmasq[25364]: read /var/lib/neutron/dhcp/a5a90a8f-bcdd-45ee-bc1c-89c99ecdeb99/addn_hosts - 11 addresses
Jul 15 15:51:43 gtw01 dnsmasq-dhcp[25364]: read /var/lib/neutron/dhcp/a5a90a8f-bcdd-45ee-bc1c-89c99ecdeb99/host
Jul 15 15:51:43 gtw01 dnsmasq-dhcp[25364]: read /var/lib/neutron/dhcp/a5a90a8f-bcdd-45ee-bc1c-89c99ecdeb99/opts
Jul 15 15:51:45 gtw01 dnsmasq[25364]: read /var/lib/neutron/dhcp/a5a90a8f-bcdd-45ee-bc1c-89c99ecdeb99/addn_hosts - 12 addresses
Jul 15 15:51:45 gtw01 dnsmasq-dhcp[25364]: read /var/lib/neutron/dhcp/a5a90a8f-bcdd-45ee-bc1c-89c99ecdeb99/host
Jul 15 15:51:45 gtw01 dnsmasq-dhcp[25364]: read /var/lib/neutron/dhcp/a5a90a8f-bcdd-45ee-bc1c-89c99ecdeb99/opts
Jul 15 15:51:46 gtw01 kernel: [10008.230886] device tapb87fd7b0-7a entered promiscuous mode
Jul 15 15:51:46 gtw01 systemd-udevd[27875]: Could not generate persistent MAC address for tapb87fd7b0-7a: No such file or directory
Jul 15 15:51:46 gtw01 systemd-udevd[27875]: Process '/sbin/ip link set tapb87fd7b0-7a txqueuelen 10000' failed with exit code 1.
Jul 15 15:51:46 gtw01 systemd-udevd[27875]: Process '/sbin/ip link set tapb87fd7b0-7a txqueuelen 10000' failed with exit code 1.
Jul 15 15:51:46 gtw01 dnsmasq[25364]: read /var/lib/neutron/dhcp/a5a90a8f-bcdd-45ee-bc1c-89c99ecdeb99/addn_hosts - 12 addresses
Jul 15 15:51:46 gtw01 dnsmasq-dhcp[25364]: read /var/lib/neutron/dhcp/a5a90a8f-bcdd-45ee-bc1c-89c99ecdeb99/host
Jul 15 15:51:46 gtw01 dnsmasq-dhcp[25364]: read /var/lib/neutron/dhcp/a5a90a8f-bcdd-45ee-bc1c-89c99ecdeb99/opts
Jul 15 15:51:48 gtw01 dnsmasq[25364]: read /var/lib/neutron/dhcp/a5a90a8f-bcdd-45ee-bc1c-89c99ecdeb99/addn_hosts - 13 addresses
Jul 15 15:51:48 gtw01 dnsmasq-dhcp[25364]: read /var/lib/neutron/dhcp/a5a90a8f-bcdd-45ee-bc1c-89c99ecdeb99/host
Jul 15 15:51:48 gtw01 dnsmasq-dhcp[25364]: read /var/lib/neutron/dhcp/a5a90a8f-bcdd-45ee-bc1c-89c99ecdeb99/opts
Jul 15 15:51:50 gtw01 dnsmasq[28062]: started, version 2.80 cachesize 150
Jul 15 15:51:50 gtw01 dnsmasq[28062]: DNS service limited to local subnets
Jul 15 15:51:50 gtw01 dnsmasq[28062]: compile time options: IPv6 GNU-getopt DBus i18n IDN DHCP DHCPv6 no-Lua TFTP conntrack ipset auth DNSSEC loop-detect inotify dumpfile
Jul 15 15:51:50 gtw01 dnsmasq[28062]: warning: no upstream servers configured
Jul 15 15:51:50 gtw01 dnsmasq-dhcp[28062]: DHCP, static leases only on 192.168.120.0, lease time 1h
Jul 15 15:51:50 gtw01 dnsmasq[28062]: read /var/lib/neutron/dhcp/fd0e6574-4a1b-4de2-a382-0f63b180e9d7/addn_hosts - 1 addresses
Jul 15 15:51:50 gtw01 dnsmasq-dhcp[28062]: read /var/lib/neutron/dhcp/fd0e6574-4a1b-4de2-a382-0f63b180e9d7/host
Jul 15 15:51:50 gtw01 dnsmasq-dhcp[28062]: read /var/lib/neutron/dhcp/fd0e6574-4a1b-4de2-a382-0f63b180e9d7/opts
Jul 15 15:51:50 gtw01 haproxy-metadata-proxy-fd0e6574-4a1b-4de2-a382-0f63b180e9d7[28066]: Proxy listener started.
Jul 15 15:51:51 gtw01 dnsmasq[28062]: read /var/lib/neutron/dhcp/fd0e6574-4a1b-4de2-a382-0f63b180e9d7/addn_hosts - 1 addresses
Jul 15 15:51:51 gtw01 dnsmasq-dhcp[28062]: read /var/lib/neutron/dhcp/fd0e6574-4a1b-4de2-a382-0f63b180e9d7/host
Jul 15 15:51:51 gtw01 dnsmasq-dhcp[28062]: read /var/lib/neutron/dhcp/fd0e6574-4a1b-4de2-a382-0f63b180e9d7/opts
Jul 15 15:51:51 gtw01 dnsmasq[28062]: read /var/lib/neutron/dhcp/fd0e6574-4a1b-4de2-a382-0f63b180e9d7/addn_hosts - 1 addresses
Jul 15 15:51:51 gtw01 dnsmasq-dhcp[28062]: read /var/lib/neutron/dhcp/fd0e6574-4a1b-4de2-a382-0f63b180e9d7/host
Jul 15 15:51:51 gtw01 dnsmasq-dhcp[28062]: read /var/lib/neutron/dhcp/fd0e6574-4a1b-4de2-a382-0f63b180e9d7/opts
Jul 15 15:51:52 gtw01 dnsmasq[25364]: read /var/lib/neutron/dhcp/a5a90a8f-bcdd-45ee-bc1c-89c99ecdeb99/addn_hosts - 13 addresses
Jul 15 15:51:52 gtw01 dnsmasq-dhcp[25364]: read /var/lib/neutron/dhcp/a5a90a8f-bcdd-45ee-bc1c-89c99ecdeb99/host
Jul 15 15:51:52 gtw01 dnsmasq-dhcp[25364]: read /var/lib/neutron/dhcp/a5a90a8f-bcdd-45ee-bc1c-89c99ecdeb99/opts
Jul 15 15:51:52 gtw01 dnsmasq[28062]: read /var/lib/neutron/dhcp/fd0e6574-4a1b-4de2-a382-0f63b180e9d7/addn_hosts - 2 addresses
Jul 15 15:51:52 gtw01 dnsmasq-dhcp[28062]: read /var/lib/neutron/dhcp/fd0e6574-4a1b-4de2-a382-0f63b180e9d7/host
Jul 15 15:51:52 gtw01 dnsmasq-dhcp[28062]: read /var/lib/neutron/dhcp/fd0e6574-4a1b-4de2-a382-0f63b180e9d7/opts
Jul 15 15:51:53 gtw01 dnsmasq[25364]: read /var/lib/neutron/dhcp/a5a90a8f-bcdd-45ee-bc1c-89c99ecdeb99/addn_hosts - 13 addresses
Jul 15 15:51:53 gtw01 dnsmasq-dhcp[25364]: read /var/lib/neutron/dhcp/a5a90a8f-bcdd-45ee-bc1c-89c99ecdeb99/host
Jul 15 15:51:53 gtw01 dnsmasq-dhcp[25364]: read /var/lib/neutron/dhcp/a5a90a8f-bcdd-45ee-bc1c-89c99ecdeb99/opts
Jul 15 15:51:54 gtw01 dnsmasq[28062]: read /var/lib/neutron/dhcp/fd0e6574-4a1b-4de2-a382-0f63b180e9d7/addn_hosts - 2 addresses
Jul 15 15:51:54 gtw01 dnsmasq-dhcp[28062]: read /var/lib/neutron/dhcp/fd0e6574-4a1b-4de2-a382-0f63b180e9d7/host
Jul 15 15:51:54 gtw01 dnsmasq-dhcp[28062]: read /var/lib/neutron/dhcp/fd0e6574-4a1b-4de2-a382-0f63b180e9d7/opts
Jul 15 15:51:54 gtw01 dnsmasq[25364]: read /var/lib/neutron/dhcp/a5a90a8f-bcdd-45ee-bc1c-89c99ecdeb99/addn_hosts - 14 addresses
Jul 15 15:51:54 gtw01 dnsmasq-dhcp[25364]: read /var/lib/neutron/dhcp/a5a90a8f-bcdd-45ee-bc1c-89c99ecdeb99/host
Jul 15 15:51:54 gtw01 dnsmasq-dhcp[25364]: read /var/lib/neutron/dhcp/a5a90a8f-bcdd-45ee-bc1c-89c99ecdeb99/opts
Jul 15 15:51:55 gtw01 dnsmasq[28062]: read /var/lib/neutron/dhcp/fd0e6574-4a1b-4de2-a382-0f63b180e9d7/addn_hosts - 2 addresses
Jul 15 15:51:55 gtw01 dnsmasq-dhcp[28062]: read /var/lib/neutron/dhcp/fd0e6574-4a1b-4de2-a382-0f63b180e9d7/host
Jul 15 15:51:55 gtw01 dnsmasq-dhcp[28062]: read /var/lib/neutron/dhcp/fd0e6574-4a1b-4de2-a382-0f63b180e9d7/opts
Jul 15 15:51:55 gtw01 dnsmasq[25364]: read /var/lib/neutron/dhcp/a5a90a8f-bcdd-45ee-bc1c-89c99ecdeb99/addn_hosts - 14 addresses
Jul 15 15:51:55 gtw01 dnsmasq-dhcp[25364]: read /var/lib/neutron/dhcp/a5a90a8f-bcdd-45ee-bc1c-89c99ecdeb99/host
Jul 15 15:51:55 gtw01 dnsmasq-dhcp[25364]: read /var/lib/neutron/dhcp/a5a90a8f-bcdd-45ee-bc1c-89c99ecdeb99/opts
Jul 15 15:51:56 gtw01 dnsmasq[28062]: read /var/lib/neutron/dhcp/fd0e6574-4a1b-4de2-a382-0f63b180e9d7/addn_hosts - 1 addresses
Jul 15 15:51:56 gtw01 dnsmasq-dhcp[28062]: read /var/lib/neutron/dhcp/fd0e6574-4a1b-4de2-a382-0f63b180e9d7/host
Jul 15 15:51:56 gtw01 dnsmasq-dhcp[28062]: read /var/lib/neutron/dhcp/fd0e6574-4a1b-4de2-a382-0f63b180e9d7/opts
Jul 15 15:51:56 gtw01 haproxy-metadata-proxy-fd0e6574-4a1b-4de2-a382-0f63b180e9d7[28264]: Proxy listener started.
Jul 15 15:51:57 gtw01 kernel: [10018.899882] device ha-afb9fc4d-6d entered promiscuous mode
Jul 15 15:51:57 gtw01 systemd-udevd[28276]: Could not generate persistent MAC address for ha-afb9fc4d-6d: No such file or directory
Jul 15 15:51:57 gtw01 dnsmasq[25364]: read /var/lib/neutron/dhcp/a5a90a8f-bcdd-45ee-bc1c-89c99ecdeb99/addn_hosts - 15 addresses
Jul 15 15:51:57 gtw01 dnsmasq-dhcp[25364]: read /var/lib/neutron/dhcp/a5a90a8f-bcdd-45ee-bc1c-89c99ecdeb99/host
Jul 15 15:51:57 gtw01 dnsmasq-dhcp[25364]: read /var/lib/neutron/dhcp/a5a90a8f-bcdd-45ee-bc1c-89c99ecdeb99/opts
Jul 15 15:51:58 gtw01 dnsmasq[25364]: read /var/lib/neutron/dhcp/a5a90a8f-bcdd-45ee-bc1c-89c99ecdeb99/addn_hosts - 15 addresses
Jul 15 15:51:58 gtw01 dnsmasq-dhcp[25364]: read /var/lib/neutron/dhcp/a5a90a8f-bcdd-45ee-bc1c-89c99ecdeb99/host
Jul 15 15:51:58 gtw01 dnsmasq-dhcp[25364]: read /var/lib/neutron/dhcp/a5a90a8f-bcdd-45ee-bc1c-89c99ecdeb99/opts
Jul 15 15:51:59 gtw01 dnsmasq[25364]: read /var/lib/neutron/dhcp/a5a90a8f-bcdd-45ee-bc1c-89c99ecdeb99/addn_hosts - 15 addresses
Jul 15 15:51:59 gtw01 dnsmasq-dhcp[25364]: read /var/lib/neutron/dhcp/a5a90a8f-bcdd-45ee-bc1c-89c99ecdeb99/host
Jul 15 15:51:59 gtw01 dnsmasq-dhcp[25364]: read /var/lib/neutron/dhcp/a5a90a8f-bcdd-45ee-bc1c-89c99ecdeb99/opts
Jul 15 15:52:00 gtw01 neutron-keepalived-state-change: 2019-07-15 15:52:00.330 28379 INFO neutron.common.config [-] Logging enabled!
Jul 15 15:52:00 gtw01 neutron-keepalived-state-change: 2019-07-15 15:52:00.331 28379 INFO neutron.common.config [-] /usr/bin/neutron-keepalived-state-change version 13.0.3
Jul 15 15:52:00 gtw01 neutron-keepalived-state-change: 2019-07-15 15:52:00.332 28379 DEBUG neutron.common.config [-] command line: /usr/bin/neutron-keepalived-state-change --router_id=c745773c-2724-48eb-a624-1c04d6be8ef7 --namespace=qrouter-c745773c-2724-48eb-a624-1c04d6be8ef7 --conf_dir=/var/lib/neutron/ha_confs/c745773c-2724-48eb-a624-1c04d6be8ef7 --monitor_interface=ha-afb9fc4d-6d --monitor_cidr=169.254.0.32/24 --pid_file=/var/lib/neutron/external/pids/c745773c-2724-48eb-a624-1c04d6be8ef7.monitor.pid --state_path=/var/lib/neutron --user=114 --group=118 setup_logging /usr/lib/python2.7/dist-packages/neutron/common/config.py:103
Jul 15 15:52:00 gtw01 neutron-keepalived-state-change: 2019-07-15 15:52:00.344 28446 DEBUG neutron.agent.linux.async_process [-] Launching async process [ip netns exec qrouter-c745773c-2724-48eb-a624-1c04d6be8ef7 ip -o monitor address]. start /usr/lib/python2.7/dist-packages/neutron/agent/linux/async_process.py:112
Jul 15 15:52:00 gtw01 neutron-keepalived-state-change: 2019-07-15 15:52:00.345 28446 DEBUG neutron.agent.linux.utils [-] Running command: ['ip', 'netns', 'exec', 'qrouter-c745773c-2724-48eb-a624-1c04d6be8ef7', 'ip', '-o', 'monitor', 'address'] create_process /usr/lib/python2.7/dist-packages/neutron/agent/linux/utils.py:87
Jul 15 15:52:00 gtw01 neutron-keepalived-state-change: 2019-07-15 15:52:00.387 28446 DEBUG neutron.agent.linux.utils [-] Found cmdline ['ip', 'netns', 'exec', 'qrouter-c745773c-2724-48eb-a624-1c04d6be8ef7', 'ip', '-o', 'monitor', 'address'] for rocess with PID 28447. get_cmdline_from_pid /usr/lib/python2.7/dist-packages/neutron/agent/linux/utils.py:329
Jul 15 15:52:00 gtw01 dnsmasq[25364]: read /var/lib/neutron/dhcp/a5a90a8f-bcdd-45ee-bc1c-89c99ecdeb99/addn_hosts - 15 addresses
Jul 15 15:52:00 gtw01 dnsmasq-dhcp[25364]: read /var/lib/neutron/dhcp/a5a90a8f-bcdd-45ee-bc1c-89c99ecdeb99/host
Jul 15 15:52:00 gtw01 dnsmasq-dhcp[25364]: read /var/lib/neutron/dhcp/a5a90a8f-bcdd-45ee-bc1c-89c99ecdeb99/opts
Jul 15 15:52:01 gtw01 neutron-keepalived-state-change: 2019-07-15 15:52:01.389 28446 DEBUG neutron.agent.linux.utils [-] Found cmdline ['ip', '-o', 'monitor', 'address'] for rocess with PID 28447. get_cmdline_from_pid /usr/lib/python2.7/dist-packages/neutron/agent/linux/utils.py:329
Jul 15 15:52:01 gtw01 neutron-keepalived-state-change: 2019-07-15 15:52:01.390 28446 INFO neutron.agent.linux.daemon [-] Process runs with uid/gid: 114/118
Jul 15 15:52:01 gtw01 neutron-keepalived-state-change: 2019-07-15 15:52:01.391 28446 DEBUG neutron.agent.linux.utils [-] Running command: ['sudo', '/usr/bin/neutron-rootwrap', '/etc/neutron/rootwrap.conf', 'ip', 'netns', 'exec', 'qrouter-c745773c-2724-48eb-a624-1c04d6be8ef7', 'ip', 'addr', 'show', 'ha-afb9fc4d-6d'] create_process /usr/lib/python2.7/dist-packages/neutron/agent/linux/utils.py:87
Jul 15 15:52:01 gtw01 dnsmasq[25364]: read /var/lib/neutron/dhcp/a5a90a8f-bcdd-45ee-bc1c-89c99ecdeb99/addn_hosts - 16 addresses
Jul 15 15:52:01 gtw01 dnsmasq-dhcp[25364]: read /var/lib/neutron/dhcp/a5a90a8f-bcdd-45ee-bc1c-89c99ecdeb99/host
Jul 15 15:52:01 gtw01 dnsmasq-dhcp[25364]: read /var/lib/neutron/dhcp/a5a90a8f-bcdd-45ee-bc1c-89c99ecdeb99/opts
Jul 15 15:52:01 gtw01 neutron-keepalived-state-change: 2019-07-15 15:52:01.704 28446 DEBUG neutron.agent.l3.keepalived_state_change [-] Initial status of router c745773c-2724-48eb-a624-1c04d6be8ef7 is backup handle_initial_state /usr/lib/python2.7/dist-packages/neutron/agent/l3/keepalived_state_change.py:106
Jul 15 15:52:02 gtw01 dnsmasq[25364]: read /var/lib/neutron/dhcp/a5a90a8f-bcdd-45ee-bc1c-89c99ecdeb99/addn_hosts - 16 addresses
Jul 15 15:52:02 gtw01 dnsmasq-dhcp[25364]: read /var/lib/neutron/dhcp/a5a90a8f-bcdd-45ee-bc1c-89c99ecdeb99/host
Jul 15 15:52:02 gtw01 dnsmasq-dhcp[25364]: read /var/lib/neutron/dhcp/a5a90a8f-bcdd-45ee-bc1c-89c99ecdeb99/opts
Jul 15 15:52:04 gtw01 dnsmasq[25364]: read /var/lib/neutron/dhcp/a5a90a8f-bcdd-45ee-bc1c-89c99ecdeb99/addn_hosts - 16 addresses
Jul 15 15:52:04 gtw01 dnsmasq-dhcp[25364]: read /var/lib/neutron/dhcp/a5a90a8f-bcdd-45ee-bc1c-89c99ecdeb99/host
Jul 15 15:52:04 gtw01 dnsmasq-dhcp[25364]: read /var/lib/neutron/dhcp/a5a90a8f-bcdd-45ee-bc1c-89c99ecdeb99/opts
Jul 15 15:52:04 gtw01 neutron-keepalived-state-change: 2019-07-15 15:52:04.293 28446 DEBUG neutron.agent.linux.utils [-] Running command: ['sudo', '/usr/bin/neutron-rootwrap', '/etc/neutron/rootwrap.conf', 'kill', '-9', '28447'] create_process /usr/lib/python2.7/dist-packages/neutron/agent/linux/utils.py:87
Jul 15 15:52:04 gtw01 neutron-keepalived-state-change: 2019-07-15 15:52:04.323 28446 CRITICAL neutron [-] Unhandled error: AssertionError: do not call blocking functions from the mainloop#0122019-07-15 15:52:04.323 28446 ERROR neutron Traceback (most recent call last):#0122019-07-15 15:52:04.323 28446 ERROR neutron   File "/usr/bin/neutron-keepalived-state-change", line 10, in <module>#0122019-07-15 15:52:04.323 28446 ERROR neutron     sys.exit(main())#0122019-07-15 15:52:04.323 28446 ERROR neutron   File "/usr/lib/python2.7/dist-packages/neutron/cmd/keepalived_state_change.py", line 19, in main#0122019-07-15 15:52:04.323 28446 ERROR neutron     keepalived_state_change.main()#0122019-07-15 15:52:04.323 28446 ERROR neutron   File "/usr/lib/python2.7/dist-packages/neutron/agent/l3/keepalived_state_change.py", line 176, in main#0122019-07-15 15:52:04.323 28446 ERROR neutron     cfg.CONF.monitor_cidr).start()#0122019-07-15 15:52:04.323 28446 ERROR neutron   File "/usr/lib/python2.7/dist-packages/neutron/agent/linux/daemon.py", line 248, in start#0122019-07-15 15:52:04.323 28446 ERROR neutron     self.run()#0122019-07-15 15:52:04.323 28446 ERROR neutron   File "/usr/lib/python2.7/dist-packages/neutron/agent/l3/keepalived_state_change.py", line 71, in run#0122019-07-15 15:52:04.323 28446 ERROR neutron     for iterable in self.monitor:#0122019-07-15 15:52:04.323 28446 ERROR neutron   File "/usr/lib/python2.7/dist-packages/neutron/agent/linux/async_process.py", line 284, in _iter_queue#0122019-07-15 15:52:04.323 28446 ERROR neutron     yield queue.get(block=block)#0122019-07-15 15:52:04.323 28446 ERROR neutron   File "/usr/lib/python2.7/dist-packages/eventlet/queue.py", line 313, in get#0122019-07-15 15:52:04.323 28446 ERROR neutron     return waiter.wait()#0122019-07-15 15:52:04.323 28446 ERROR neutron   File "/usr/lib/python2.7/dist-packages/eventlet/queue.py", line 141, in wait#0122019-07-15 15:52:04.323 28446 ERROR neutron     return get_hub().switch()#0122019-07-15 15:52:04.323 28446 ERROR neutron   File "/usr/lib/python2.7/dist-packages/eventlet/hubs/hub.py", line 294, in switch#0122019-07-15 15:52:04.323 28446 ERROR neutron     return self.greenlet.switch()#0122019-07-15 15:52:04.323 28446 ERROR neutron   File "/usr/lib/python2.7/dist-packages/eventlet/hubs/hub.py", line 346, in run#0122019-07-15 15:52:04.323 28446 ERROR neutron     self.wait(sleep_time)#0122019-07-15 15:52:04.323 28446 ERROR neutron   File "/usr/lib/python2.7/dist-packages/eventlet/hubs/poll.py", line 85, in wait#0122019-07-15 15:52:04.323 28446 ERROR neutron     presult = self.do_poll(seconds)#0122019-07-15 15:52:04.323 28446 ERROR neutron   File "/usr/lib/python2.7/dist-packages/eventlet/hubs/epolls.py", line 62, in do_poll#0122019-07-15 15:52:04.323 28446 ERROR neutron     return self.poll.poll(seconds)#0122019-07-15 15:52:04.323 28446 ERROR neutron   File "/usr/lib/python2.7/dist-packages/neutron/agent/l3/keepalived_state_change.py", line 152, in handle_sigterm#0122019-07-15 15:52:04.323 28446 ERROR neutron     self._kill_monitor()#0122019-07-15 15:52:04.323 28446 ERROR neutron   File "/usr/lib/python2.7/dist-packages/neutron/agent/l3/keepalived_state_change.py", line 149, in _kill_monitor#0122019-07-15 15:52:04.323 28446 ERROR neutron     run_as_root=True)#0122019-07-15 15:52:04.323 28446 ERROR neutron   File "/usr/lib/python2.7/dist-packages/neutron/agent/linux/utils.py", line 219, in kill_process#0122019-07-15 15:52:04.323 28446 ERROR neutron     execute(['kill', '-%d' % signal, pid], run_as_root=run_as_root)#0122019-07-15 15:52:04.323 28446 ERROR neutron   File "/usr/lib/python2.7/dist-packages/neutron/agent/linux/utils.py", line 126, in execute#0122019-07-15 15:52:04.323 28446 ERROR neutron     _stdout, _stderr = obj.communicate(_process_input)#0122019-07-15 15:52:04.323 28446 ERROR neutron   File "/usr/lib/python2.7/subprocess.py", line 800, in communicate#0122019-07-15 15:52:04.323 28446 ERROR neutron     return self._communicate(input)#0122019-07-15 15:52:04.323 28446 ERROR neutron   File "/usr/lib/python2.7/subprocess.py", line 1419, in _communicate#0122019-07-15 15:52:04.323 28446 ERROR neutron     stdout, stderr = self._communicate_with_select(input)#0122019-07-15 15:52:04.323 28446 ERROR neutron   File "/usr/lib/python2.7/subprocess.py", line 1520, in _communicate_with_select#0122019-07-15 15:52:04.323 28446 ERROR neutron     rlist, wlist, xlist = select.select(read_set, write_set, [])#0122019-07-15 15:52:04.323 28446 ERROR neutron   File "/usr/lib/python2.7/dist-packages/eventlet/green/select.py", line 40, in select#0122019-07-15 15:52:04.323 28446 ERROR neutron     assert hub.greenlet is not current, 'do not call blocking functions from the mainloop'#0122019-07-15 15:52:04.323 28446 ERROR neutron AssertionError: do not call blocking functions from the mainloop#0122019-07-15 15:52:04.323 28446 ERROR neutron
Jul 15 15:52:05 gtw01 kernel: [10026.989758] device ha-afb9fc4d-6d left promiscuous mode
Jul 15 15:52:05 gtw01 dnsmasq[25364]: read /var/lib/neutron/dhcp/a5a90a8f-bcdd-45ee-bc1c-89c99ecdeb99/addn_hosts - 16 addresses
Jul 15 15:52:05 gtw01 dnsmasq-dhcp[25364]: read /var/lib/neutron/dhcp/a5a90a8f-bcdd-45ee-bc1c-89c99ecdeb99/host
Jul 15 15:52:05 gtw01 dnsmasq-dhcp[25364]: read /var/lib/neutron/dhcp/a5a90a8f-bcdd-45ee-bc1c-89c99ecdeb99/opts
Jul 15 15:52:06 gtw01 dnsmasq[25364]: read /var/lib/neutron/dhcp/a5a90a8f-bcdd-45ee-bc1c-89c99ecdeb99/addn_hosts - 17 addresses
Jul 15 15:52:06 gtw01 dnsmasq-dhcp[25364]: read /var/lib/neutron/dhcp/a5a90a8f-bcdd-45ee-bc1c-89c99ecdeb99/host
Jul 15 15:52:06 gtw01 dnsmasq-dhcp[25364]: read /var/lib/neutron/dhcp/a5a90a8f-bcdd-45ee-bc1c-89c99ecdeb99/opts
Jul 15 15:52:08 gtw01 dnsmasq[25364]: read /var/lib/neutron/dhcp/a5a90a8f-bcdd-45ee-bc1c-89c99ecdeb99/addn_hosts - 17 addresses
Jul 15 15:52:08 gtw01 dnsmasq-dhcp[25364]: read /var/lib/neutron/dhcp/a5a90a8f-bcdd-45ee-bc1c-89c99ecdeb99/host
Jul 15 15:52:08 gtw01 dnsmasq-dhcp[25364]: read /var/lib/neutron/dhcp/a5a90a8f-bcdd-45ee-bc1c-89c99ecdeb99/opts
Jul 15 15:52:09 gtw01 dnsmasq[25364]: read /var/lib/neutron/dhcp/a5a90a8f-bcdd-45ee-bc1c-89c99ecdeb99/addn_hosts - 17 addresses
Jul 15 15:52:09 gtw01 dnsmasq-dhcp[25364]: read /var/lib/neutron/dhcp/a5a90a8f-bcdd-45ee-bc1c-89c99ecdeb99/host
Jul 15 15:52:09 gtw01 dnsmasq-dhcp[25364]: read /var/lib/neutron/dhcp/a5a90a8f-bcdd-45ee-bc1c-89c99ecdeb99/opts
Jul 15 15:52:11 gtw01 dnsmasq[25364]: read /var/lib/neutron/dhcp/a5a90a8f-bcdd-45ee-bc1c-89c99ecdeb99/addn_hosts - 17 addresses
Jul 15 15:52:11 gtw01 dnsmasq-dhcp[25364]: read /var/lib/neutron/dhcp/a5a90a8f-bcdd-45ee-bc1c-89c99ecdeb99/host
Jul 15 15:52:11 gtw01 dnsmasq-dhcp[25364]: read /var/lib/neutron/dhcp/a5a90a8f-bcdd-45ee-bc1c-89c99ecdeb99/opts
Jul 15 15:52:12 gtw01 dnsmasq[25288]: read /var/lib/neutron/dhcp/7f78c4e0-dbdb-456d-88e8-d52c7caf711c/addn_hosts - 2 addresses
Jul 15 15:52:12 gtw01 dnsmasq-dhcp[25288]: read /var/lib/neutron/dhcp/7f78c4e0-dbdb-456d-88e8-d52c7caf711c/host
Jul 15 15:52:12 gtw01 dnsmasq-dhcp[25288]: read /var/lib/neutron/dhcp/7f78c4e0-dbdb-456d-88e8-d52c7caf711c/opts
Jul 15 15:52:13 gtw01 dnsmasq[25364]: read /var/lib/neutron/dhcp/a5a90a8f-bcdd-45ee-bc1c-89c99ecdeb99/addn_hosts - 16 addresses
Jul 15 15:52:13 gtw01 dnsmasq-dhcp[25364]: read /var/lib/neutron/dhcp/a5a90a8f-bcdd-45ee-bc1c-89c99ecdeb99/host
Jul 15 15:52:13 gtw01 dnsmasq-dhcp[25364]: read /var/lib/neutron/dhcp/a5a90a8f-bcdd-45ee-bc1c-89c99ecdeb99/opts
Jul 15 15:52:14 gtw01 dnsmasq[25364]: read /var/lib/neutron/dhcp/a5a90a8f-bcdd-45ee-bc1c-89c99ecdeb99/addn_hosts - 15 addresses
Jul 15 15:52:14 gtw01 dnsmasq-dhcp[25364]: read /var/lib/neutron/dhcp/a5a90a8f-bcdd-45ee-bc1c-89c99ecdeb99/host
Jul 15 15:52:14 gtw01 dnsmasq-dhcp[25364]: read /var/lib/neutron/dhcp/a5a90a8f-bcdd-45ee-bc1c-89c99ecdeb99/opts
Jul 15 15:52:15 gtw01 dnsmasq[25288]: read /var/lib/neutron/dhcp/7f78c4e0-dbdb-456d-88e8-d52c7caf711c/addn_hosts - 1 addresses
Jul 15 15:52:15 gtw01 dnsmasq-dhcp[25288]: read /var/lib/neutron/dhcp/7f78c4e0-dbdb-456d-88e8-d52c7caf711c/host
Jul 15 15:52:15 gtw01 dnsmasq-dhcp[25288]: read /var/lib/neutron/dhcp/7f78c4e0-dbdb-456d-88e8-d52c7caf711c/opts
Jul 15 15:52:15 gtw01 dnsmasq[25364]: read /var/lib/neutron/dhcp/a5a90a8f-bcdd-45ee-bc1c-89c99ecdeb99/addn_hosts - 14 addresses
Jul 15 15:52:15 gtw01 dnsmasq-dhcp[25364]: read /var/lib/neutron/dhcp/a5a90a8f-bcdd-45ee-bc1c-89c99ecdeb99/host
Jul 15 15:52:15 gtw01 dnsmasq-dhcp[25364]: read /var/lib/neutron/dhcp/a5a90a8f-bcdd-45ee-bc1c-89c99ecdeb99/opts
Jul 15 15:52:16 gtw01 dnsmasq[25364]: read /var/lib/neutron/dhcp/a5a90a8f-bcdd-45ee-bc1c-89c99ecdeb99/addn_hosts - 13 addresses
Jul 15 15:52:16 gtw01 dnsmasq-dhcp[25364]: read /var/lib/neutron/dhcp/a5a90a8f-bcdd-45ee-bc1c-89c99ecdeb99/host
Jul 15 15:52:16 gtw01 dnsmasq-dhcp[25364]: read /var/lib/neutron/dhcp/a5a90a8f-bcdd-45ee-bc1c-89c99ecdeb99/opts
Jul 15 15:52:17 gtw01 dnsmasq[25364]: read /var/lib/neutron/dhcp/a5a90a8f-bcdd-45ee-bc1c-89c99ecdeb99/addn_hosts - 12 addresses
Jul 15 15:52:17 gtw01 dnsmasq-dhcp[25364]: read /var/lib/neutron/dhcp/a5a90a8f-bcdd-45ee-bc1c-89c99ecdeb99/host
Jul 15 15:52:17 gtw01 dnsmasq-dhcp[25364]: read /var/lib/neutron/dhcp/a5a90a8f-bcdd-45ee-bc1c-89c99ecdeb99/opts
Jul 15 15:52:18 gtw01 dnsmasq[25288]: read /var/lib/neutron/dhcp/7f78c4e0-dbdb-456d-88e8-d52c7caf711c/addn_hosts - 2 addresses
Jul 15 15:52:18 gtw01 dnsmasq-dhcp[25288]: read /var/lib/neutron/dhcp/7f78c4e0-dbdb-456d-88e8-d52c7caf711c/host
Jul 15 15:52:18 gtw01 dnsmasq-dhcp[25288]: read /var/lib/neutron/dhcp/7f78c4e0-dbdb-456d-88e8-d52c7caf711c/opts
Jul 15 15:52:18 gtw01 dnsmasq[25364]: read /var/lib/neutron/dhcp/a5a90a8f-bcdd-45ee-bc1c-89c99ecdeb99/addn_hosts - 11 addresses
Jul 15 15:52:18 gtw01 dnsmasq-dhcp[25364]: read /var/lib/neutron/dhcp/a5a90a8f-bcdd-45ee-bc1c-89c99ecdeb99/host
Jul 15 15:52:18 gtw01 dnsmasq-dhcp[25364]: read /var/lib/neutron/dhcp/a5a90a8f-bcdd-45ee-bc1c-89c99ecdeb99/opts
Jul 15 15:52:19 gtw01 dnsmasq[25364]: read /var/lib/neutron/dhcp/a5a90a8f-bcdd-45ee-bc1c-89c99ecdeb99/addn_hosts - 10 addresses
Jul 15 15:52:19 gtw01 dnsmasq-dhcp[25364]: read /var/lib/neutron/dhcp/a5a90a8f-bcdd-45ee-bc1c-89c99ecdeb99/host
Jul 15 15:52:19 gtw01 dnsmasq-dhcp[25364]: read /var/lib/neutron/dhcp/a5a90a8f-bcdd-45ee-bc1c-89c99ecdeb99/opts
Jul 15 15:52:20 gtw01 dnsmasq[25364]: read /var/lib/neutron/dhcp/a5a90a8f-bcdd-45ee-bc1c-89c99ecdeb99/addn_hosts - 9 addresses
Jul 15 15:52:20 gtw01 dnsmasq-dhcp[25364]: read /var/lib/neutron/dhcp/a5a90a8f-bcdd-45ee-bc1c-89c99ecdeb99/host
Jul 15 15:52:20 gtw01 dnsmasq-dhcp[25364]: read /var/lib/neutron/dhcp/a5a90a8f-bcdd-45ee-bc1c-89c99ecdeb99/opts
Jul 15 15:52:21 gtw01 dnsmasq[25288]: read /var/lib/neutron/dhcp/7f78c4e0-dbdb-456d-88e8-d52c7caf711c/addn_hosts - 1 addresses
Jul 15 15:52:21 gtw01 dnsmasq-dhcp[25288]: read /var/lib/neutron/dhcp/7f78c4e0-dbdb-456d-88e8-d52c7caf711c/host
Jul 15 15:52:21 gtw01 dnsmasq-dhcp[25288]: read /var/lib/neutron/dhcp/7f78c4e0-dbdb-456d-88e8-d52c7caf711c/opts
Jul 15 15:52:21 gtw01 dnsmasq[25364]: read /var/lib/neutron/dhcp/a5a90a8f-bcdd-45ee-bc1c-89c99ecdeb99/addn_hosts - 7 addresses
Jul 15 15:52:21 gtw01 dnsmasq-dhcp[25364]: read /var/lib/neutron/dhcp/a5a90a8f-bcdd-45ee-bc1c-89c99ecdeb99/host
Jul 15 15:52:21 gtw01 dnsmasq-dhcp[25364]: read /var/lib/neutron/dhcp/a5a90a8f-bcdd-45ee-bc1c-89c99ecdeb99/opts
Jul 15 15:52:22 gtw01 dnsmasq[25364]: read /var/lib/neutron/dhcp/a5a90a8f-bcdd-45ee-bc1c-89c99ecdeb99/addn_hosts - 6 addresses
Jul 15 15:52:22 gtw01 dnsmasq-dhcp[25364]: read /var/lib/neutron/dhcp/a5a90a8f-bcdd-45ee-bc1c-89c99ecdeb99/host
Jul 15 15:52:22 gtw01 dnsmasq-dhcp[25364]: read /var/lib/neutron/dhcp/a5a90a8f-bcdd-45ee-bc1c-89c99ecdeb99/opts
Jul 15 15:52:23 gtw01 dnsmasq[25364]: read /var/lib/neutron/dhcp/a5a90a8f-bcdd-45ee-bc1c-89c99ecdeb99/addn_hosts - 5 addresses
Jul 15 15:52:23 gtw01 dnsmasq-dhcp[25364]: read /var/lib/neutron/dhcp/a5a90a8f-bcdd-45ee-bc1c-89c99ecdeb99/host
Jul 15 15:52:23 gtw01 dnsmasq-dhcp[25364]: read /var/lib/neutron/dhcp/a5a90a8f-bcdd-45ee-bc1c-89c99ecdeb99/opts
Jul 15 15:52:24 gtw01 dnsmasq[25364]: read /var/lib/neutron/dhcp/a5a90a8f-bcdd-45ee-bc1c-89c99ecdeb99/addn_hosts - 4 addresses
Jul 15 15:52:24 gtw01 dnsmasq-dhcp[25364]: read /var/lib/neutron/dhcp/a5a90a8f-bcdd-45ee-bc1c-89c99ecdeb99/host
Jul 15 15:52:24 gtw01 dnsmasq-dhcp[25364]: read /var/lib/neutron/dhcp/a5a90a8f-bcdd-45ee-bc1c-89c99ecdeb99/opts
Jul 15 15:52:25 gtw01 dnsmasq[25364]: read /var/lib/neutron/dhcp/a5a90a8f-bcdd-45ee-bc1c-89c99ecdeb99/addn_hosts - 3 addresses
Jul 15 15:52:25 gtw01 dnsmasq-dhcp[25364]: read /var/lib/neutron/dhcp/a5a90a8f-bcdd-45ee-bc1c-89c99ecdeb99/host
Jul 15 15:52:25 gtw01 dnsmasq-dhcp[25364]: read /var/lib/neutron/dhcp/a5a90a8f-bcdd-45ee-bc1c-89c99ecdeb99/opts
Jul 15 15:52:26 gtw01 dnsmasq[25288]: read /var/lib/neutron/dhcp/7f78c4e0-dbdb-456d-88e8-d52c7caf711c/addn_hosts - 2 addresses
Jul 15 15:52:26 gtw01 dnsmasq-dhcp[25288]: read /var/lib/neutron/dhcp/7f78c4e0-dbdb-456d-88e8-d52c7caf711c/host
Jul 15 15:52:26 gtw01 dnsmasq-dhcp[25288]: read /var/lib/neutron/dhcp/7f78c4e0-dbdb-456d-88e8-d52c7caf711c/opts
Jul 15 15:52:27 gtw01 kernel: [10048.832656] device tap67490886-80 left promiscuous mode
Jul 15 15:52:29 gtw01 dnsmasq[25288]: read /var/lib/neutron/dhcp/7f78c4e0-dbdb-456d-88e8-d52c7caf711c/addn_hosts - 1 addresses
Jul 15 15:52:29 gtw01 dnsmasq-dhcp[25288]: read /var/lib/neutron/dhcp/7f78c4e0-dbdb-456d-88e8-d52c7caf711c/host
Jul 15 15:52:29 gtw01 dnsmasq-dhcp[25288]: read /var/lib/neutron/dhcp/7f78c4e0-dbdb-456d-88e8-d52c7caf711c/opts
Jul 15 15:52:32 gtw01 kernel: [10054.435334] device tapb87fd7b0-7a left promiscuous mode
Jul 15 15:52:36 gtw01 kernel: [10058.472964] device tape4baad0a-a1 left promiscuous mode
