Jul 15 15:16:48 gtw01 dnsmasq-dhcp[28691]: read /var/lib/neutron/dhcp/b690bd72-f65a-434b-a5d0-f46e3c8f9a1e/host
Jul 15 15:16:48 gtw01 dnsmasq-dhcp[28691]: read /var/lib/neutron/dhcp/b690bd72-f65a-434b-a5d0-f46e3c8f9a1e/opts
Jul 15 15:16:48 gtw01 dnsmasq[28493]: read /var/lib/neutron/dhcp/0784b93b-1774-4759-8244-e05f8e72e2f4/addn_hosts - 1 addresses
Jul 15 15:16:48 gtw01 dnsmasq-dhcp[28493]: read /var/lib/neutron/dhcp/0784b93b-1774-4759-8244-e05f8e72e2f4/host
Jul 15 15:16:48 gtw01 dnsmasq-dhcp[28493]: read /var/lib/neutron/dhcp/0784b93b-1774-4759-8244-e05f8e72e2f4/opts
Jul 15 15:16:49 gtw01 dnsmasq[28793]: started, version 2.80 cachesize 150
Jul 15 15:16:49 gtw01 dnsmasq[28793]: DNS service limited to local subnets
Jul 15 15:16:49 gtw01 dnsmasq[28793]: compile time options: IPv6 GNU-getopt DBus i18n IDN DHCP DHCPv6 no-Lua TFTP conntrack ipset auth DNSSEC loop-detect inotify dumpfile
Jul 15 15:16:49 gtw01 dnsmasq[28793]: warning: no upstream servers configured
Jul 15 15:16:49 gtw01 dnsmasq-dhcp[28793]: DHCP, static leases only on 192.168.120.0, lease time 1h
Jul 15 15:16:49 gtw01 dnsmasq[28793]: read /var/lib/neutron/dhcp/907eaf98-2618-42bb-b7dc-606a3002797c/addn_hosts - 1 addresses
Jul 15 15:16:49 gtw01 dnsmasq-dhcp[28793]: read /var/lib/neutron/dhcp/907eaf98-2618-42bb-b7dc-606a3002797c/host
Jul 15 15:16:49 gtw01 dnsmasq-dhcp[28793]: read /var/lib/neutron/dhcp/907eaf98-2618-42bb-b7dc-606a3002797c/opts
Jul 15 15:16:49 gtw01 haproxy-metadata-proxy-907eaf98-2618-42bb-b7dc-606a3002797c[28801]: Proxy listener started.
Jul 15 15:16:49 gtw01 dnsmasq[28691]: read /var/lib/neutron/dhcp/b690bd72-f65a-434b-a5d0-f46e3c8f9a1e/addn_hosts - 2 addresses
Jul 15 15:16:49 gtw01 dnsmasq-dhcp[28691]: read /var/lib/neutron/dhcp/b690bd72-f65a-434b-a5d0-f46e3c8f9a1e/host
Jul 15 15:16:49 gtw01 dnsmasq-dhcp[28691]: read /var/lib/neutron/dhcp/b690bd72-f65a-434b-a5d0-f46e3c8f9a1e/opts
Jul 15 15:16:49 gtw01 dnsmasq[28793]: read /var/lib/neutron/dhcp/907eaf98-2618-42bb-b7dc-606a3002797c/addn_hosts - 1 addresses
Jul 15 15:16:49 gtw01 dnsmasq-dhcp[28793]: read /var/lib/neutron/dhcp/907eaf98-2618-42bb-b7dc-606a3002797c/host
Jul 15 15:16:49 gtw01 dnsmasq-dhcp[28793]: read /var/lib/neutron/dhcp/907eaf98-2618-42bb-b7dc-606a3002797c/opts
Jul 15 15:16:50 gtw01 dnsmasq[28691]: read /var/lib/neutron/dhcp/b690bd72-f65a-434b-a5d0-f46e3c8f9a1e/addn_hosts - 2 addresses
Jul 15 15:16:50 gtw01 dnsmasq-dhcp[28691]: read /var/lib/neutron/dhcp/b690bd72-f65a-434b-a5d0-f46e3c8f9a1e/host
Jul 15 15:16:50 gtw01 dnsmasq-dhcp[28691]: read /var/lib/neutron/dhcp/b690bd72-f65a-434b-a5d0-f46e3c8f9a1e/opts
Jul 15 15:16:50 gtw01 dnsmasq[28793]: read /var/lib/neutron/dhcp/907eaf98-2618-42bb-b7dc-606a3002797c/addn_hosts - 1 addresses
Jul 15 15:16:50 gtw01 dnsmasq-dhcp[28793]: read /var/lib/neutron/dhcp/907eaf98-2618-42bb-b7dc-606a3002797c/host
Jul 15 15:16:50 gtw01 dnsmasq-dhcp[28793]: read /var/lib/neutron/dhcp/907eaf98-2618-42bb-b7dc-606a3002797c/opts
Jul 15 15:16:51 gtw01 dnsmasq[28691]: read /var/lib/neutron/dhcp/b690bd72-f65a-434b-a5d0-f46e3c8f9a1e/addn_hosts - 2 addresses
Jul 15 15:16:51 gtw01 dnsmasq-dhcp[28691]: read /var/lib/neutron/dhcp/b690bd72-f65a-434b-a5d0-f46e3c8f9a1e/host
Jul 15 15:16:51 gtw01 dnsmasq-dhcp[28691]: read /var/lib/neutron/dhcp/b690bd72-f65a-434b-a5d0-f46e3c8f9a1e/opts
Jul 15 15:16:51 gtw01 dnsmasq[28793]: read /var/lib/neutron/dhcp/907eaf98-2618-42bb-b7dc-606a3002797c/addn_hosts - 1 addresses
Jul 15 15:16:51 gtw01 dnsmasq-dhcp[28793]: read /var/lib/neutron/dhcp/907eaf98-2618-42bb-b7dc-606a3002797c/host
Jul 15 15:16:51 gtw01 dnsmasq-dhcp[28793]: read /var/lib/neutron/dhcp/907eaf98-2618-42bb-b7dc-606a3002797c/opts
Jul 15 15:16:52 gtw01 dnsmasq[28691]: read /var/lib/neutron/dhcp/b690bd72-f65a-434b-a5d0-f46e3c8f9a1e/addn_hosts - 2 addresses
Jul 15 15:16:52 gtw01 dnsmasq-dhcp[28691]: read /var/lib/neutron/dhcp/b690bd72-f65a-434b-a5d0-f46e3c8f9a1e/host
Jul 15 15:16:52 gtw01 dnsmasq-dhcp[28691]: read /var/lib/neutron/dhcp/b690bd72-f65a-434b-a5d0-f46e3c8f9a1e/opts
Jul 15 15:16:53 gtw01 dnsmasq[28691]: read /var/lib/neutron/dhcp/b690bd72-f65a-434b-a5d0-f46e3c8f9a1e/addn_hosts - 1 addresses
Jul 15 15:16:53 gtw01 dnsmasq-dhcp[28691]: read /var/lib/neutron/dhcp/b690bd72-f65a-434b-a5d0-f46e3c8f9a1e/host
Jul 15 15:16:53 gtw01 dnsmasq-dhcp[28691]: read /var/lib/neutron/dhcp/b690bd72-f65a-434b-a5d0-f46e3c8f9a1e/opts
Jul 15 15:16:54 gtw01 haproxy-metadata-proxy-b690bd72-f65a-434b-a5d0-f46e3c8f9a1e[28969]: Proxy listener started.
Jul 15 15:16:54 gtw01 kernel: [ 7915.867894] device tapb156ce32-b5 entered promiscuous mode
Jul 15 15:16:54 gtw01 systemd-udevd[28978]: Could not generate persistent MAC address for tapb156ce32-b5: No such file or directory
Jul 15 15:16:54 gtw01 systemd-udevd[28978]: Process '/sbin/ip link set tapb156ce32-b5 txqueuelen 10000' failed with exit code 1.
Jul 15 15:16:54 gtw01 systemd-udevd[28978]: Process '/sbin/ip link set tapb156ce32-b5 txqueuelen 10000' failed with exit code 1.
Jul 15 15:16:54 gtw01 dnsmasq[28493]: read /var/lib/neutron/dhcp/0784b93b-1774-4759-8244-e05f8e72e2f4/addn_hosts - 2 addresses
Jul 15 15:16:54 gtw01 dnsmasq-dhcp[28493]: read /var/lib/neutron/dhcp/0784b93b-1774-4759-8244-e05f8e72e2f4/host
Jul 15 15:16:54 gtw01 dnsmasq-dhcp[28493]: read /var/lib/neutron/dhcp/0784b93b-1774-4759-8244-e05f8e72e2f4/opts
Jul 15 15:16:55 gtw01 kernel: [ 7917.246972] device tap6c796b53-87 entered promiscuous mode
Jul 15 15:16:55 gtw01 systemd-udevd[29125]: Could not generate persistent MAC address for tap6c796b53-87: No such file or directory
Jul 15 15:16:55 gtw01 systemd-udevd[29125]: Process '/sbin/ip link set tap6c796b53-87 txqueuelen 10000' failed with exit code 1.
Jul 15 15:16:55 gtw01 systemd-udevd[29203]: Process '/sbin/ip link set tap6c796b53-87 txqueuelen 10000' failed with exit code 1.
Jul 15 15:16:56 gtw01 dnsmasq[28493]: read /var/lib/neutron/dhcp/0784b93b-1774-4759-8244-e05f8e72e2f4/addn_hosts - 2 addresses
Jul 15 15:16:56 gtw01 dnsmasq-dhcp[28493]: read /var/lib/neutron/dhcp/0784b93b-1774-4759-8244-e05f8e72e2f4/host
Jul 15 15:16:56 gtw01 dnsmasq-dhcp[28493]: read /var/lib/neutron/dhcp/0784b93b-1774-4759-8244-e05f8e72e2f4/opts
Jul 15 15:16:56 gtw01 kernel: [ 7918.597562] device tap10fe46df-2e entered promiscuous mode
Jul 15 15:16:56 gtw01 systemd-udevd[29290]: Could not generate persistent MAC address for tap10fe46df-2e: No such file or directory
Jul 15 15:16:57 gtw01 systemd-udevd[29290]: Process '/sbin/ip link set tap10fe46df-2e txqueuelen 10000' failed with exit code 1.
Jul 15 15:16:57 gtw01 systemd-udevd[29290]: Process '/sbin/ip link set tap10fe46df-2e txqueuelen 10000' failed with exit code 1.
Jul 15 15:16:57 gtw01 dnsmasq[29422]: started, version 2.80 cachesize 150
Jul 15 15:16:57 gtw01 dnsmasq[29422]: DNS service limited to local subnets
Jul 15 15:16:57 gtw01 dnsmasq[29422]: compile time options: IPv6 GNU-getopt DBus i18n IDN DHCP DHCPv6 no-Lua TFTP conntrack ipset auth DNSSEC loop-detect inotify dumpfile
Jul 15 15:16:57 gtw01 dnsmasq[29422]: warning: no upstream servers configured
Jul 15 15:16:57 gtw01 dnsmasq-dhcp[29422]: DHCP, static leases only on 192.168.121.0, lease time 1h
Jul 15 15:16:57 gtw01 dnsmasq[29422]: read /var/lib/neutron/dhcp/7585c566-e02d-470d-bf2f-fccd1fabec20/addn_hosts - 1 addresses
Jul 15 15:16:57 gtw01 dnsmasq-dhcp[29422]: read /var/lib/neutron/dhcp/7585c566-e02d-470d-bf2f-fccd1fabec20/host
Jul 15 15:16:57 gtw01 dnsmasq-dhcp[29422]: read /var/lib/neutron/dhcp/7585c566-e02d-470d-bf2f-fccd1fabec20/opts
Jul 15 15:16:58 gtw01 haproxy-metadata-proxy-7585c566-e02d-470d-bf2f-fccd1fabec20[29436]: Proxy listener started.
Jul 15 15:16:58 gtw01 dnsmasq[28493]: read /var/lib/neutron/dhcp/0784b93b-1774-4759-8244-e05f8e72e2f4/addn_hosts - 1 addresses
Jul 15 15:16:58 gtw01 dnsmasq-dhcp[28493]: read /var/lib/neutron/dhcp/0784b93b-1774-4759-8244-e05f8e72e2f4/host
Jul 15 15:16:58 gtw01 dnsmasq-dhcp[28493]: read /var/lib/neutron/dhcp/0784b93b-1774-4759-8244-e05f8e72e2f4/opts
Jul 15 15:16:58 gtw01 dnsmasq[29422]: read /var/lib/neutron/dhcp/7585c566-e02d-470d-bf2f-fccd1fabec20/addn_hosts - 1 addresses
Jul 15 15:16:58 gtw01 dnsmasq-dhcp[29422]: read /var/lib/neutron/dhcp/7585c566-e02d-470d-bf2f-fccd1fabec20/host
Jul 15 15:16:58 gtw01 dnsmasq-dhcp[29422]: read /var/lib/neutron/dhcp/7585c566-e02d-470d-bf2f-fccd1fabec20/opts
Jul 15 15:16:59 gtw01 dnsmasq[29519]: started, version 2.80 cachesize 150
Jul 15 15:16:59 gtw01 dnsmasq[29519]: DNS service limited to local subnets
Jul 15 15:16:59 gtw01 dnsmasq[29519]: compile time options: IPv6 GNU-getopt DBus i18n IDN DHCP DHCPv6 no-Lua TFTP conntrack ipset auth DNSSEC loop-detect inotify dumpfile
Jul 15 15:16:59 gtw01 dnsmasq[29519]: warning: no upstream servers configured
Jul 15 15:16:59 gtw01 dnsmasq-dhcp[29519]: DHCPv6, static leases only on 2003::, lease time 1h
Jul 15 15:16:59 gtw01 dnsmasq[29519]: read /var/lib/neutron/dhcp/11a0347a-c4c1-41a1-ad09-c0d8e6433a7e/addn_hosts - 1 addresses
Jul 15 15:16:59 gtw01 dnsmasq-dhcp[29519]: read /var/lib/neutron/dhcp/11a0347a-c4c1-41a1-ad09-c0d8e6433a7e/host
Jul 15 15:16:59 gtw01 dnsmasq-dhcp[29519]: read /var/lib/neutron/dhcp/11a0347a-c4c1-41a1-ad09-c0d8e6433a7e/opts
Jul 15 15:16:59 gtw01 haproxy-metadata-proxy-0784b93b-1774-4759-8244-e05f8e72e2f4[29524]: Proxy listener started.
Jul 15 15:17:00 gtw01 dnsmasq[29422]: read /var/lib/neutron/dhcp/7585c566-e02d-470d-bf2f-fccd1fabec20/addn_hosts - 1 addresses
Jul 15 15:17:00 gtw01 dnsmasq-dhcp[29422]: read /var/lib/neutron/dhcp/7585c566-e02d-470d-bf2f-fccd1fabec20/host
Jul 15 15:17:00 gtw01 dnsmasq-dhcp[29422]: read /var/lib/neutron/dhcp/7585c566-e02d-470d-bf2f-fccd1fabec20/opts
Jul 15 15:17:00 gtw01 dnsmasq[29519]: read /var/lib/neutron/dhcp/11a0347a-c4c1-41a1-ad09-c0d8e6433a7e/addn_hosts - 2 addresses
Jul 15 15:17:00 gtw01 dnsmasq-dhcp[29519]: read /var/lib/neutron/dhcp/11a0347a-c4c1-41a1-ad09-c0d8e6433a7e/host
Jul 15 15:17:00 gtw01 dnsmasq-dhcp[29519]: read /var/lib/neutron/dhcp/11a0347a-c4c1-41a1-ad09-c0d8e6433a7e/opts
Jul 15 15:17:00 gtw01 dnsmasq[29588]: started, version 2.80 cachesize 150
Jul 15 15:17:00 gtw01 dnsmasq[29588]: DNS service limited to local subnets
Jul 15 15:17:00 gtw01 dnsmasq[29588]: compile time options: IPv6 GNU-getopt DBus i18n IDN DHCP DHCPv6 no-Lua TFTP conntrack ipset auth DNSSEC loop-detect inotify dumpfile
Jul 15 15:17:00 gtw01 dnsmasq[29588]: warning: no upstream servers configured
Jul 15 15:17:00 gtw01 dnsmasq-dhcp[29588]: DHCPv6, static leases only on 2003:0:1::, lease time 1h
Jul 15 15:17:00 gtw01 dnsmasq[29588]: read /var/lib/neutron/dhcp/100ee7b8-af9a-4c06-ad75-0bcf156fbc70/addn_hosts - 1 addresses
Jul 15 15:17:00 gtw01 dnsmasq-dhcp[29588]: read /var/lib/neutron/dhcp/100ee7b8-af9a-4c06-ad75-0bcf156fbc70/host
Jul 15 15:17:00 gtw01 dnsmasq-dhcp[29588]: read /var/lib/neutron/dhcp/100ee7b8-af9a-4c06-ad75-0bcf156fbc70/opts
Jul 15 15:17:00 gtw01 dnsmasq[29422]: read /var/lib/neutron/dhcp/7585c566-e02d-470d-bf2f-fccd1fabec20/addn_hosts - 1 addresses
Jul 15 15:17:00 gtw01 dnsmasq-dhcp[29422]: read /var/lib/neutron/dhcp/7585c566-e02d-470d-bf2f-fccd1fabec20/host
Jul 15 15:17:00 gtw01 dnsmasq-dhcp[29422]: read /var/lib/neutron/dhcp/7585c566-e02d-470d-bf2f-fccd1fabec20/opts
Jul 15 15:17:01 gtw01 CRON[29612]: (root) CMD (   cd / && run-parts --report /etc/cron.hourly)
Jul 15 15:17:01 gtw01 dnsmasq[29519]: read /var/lib/neutron/dhcp/11a0347a-c4c1-41a1-ad09-c0d8e6433a7e/addn_hosts - 2 addresses
Jul 15 15:17:01 gtw01 dnsmasq-dhcp[29519]: read /var/lib/neutron/dhcp/11a0347a-c4c1-41a1-ad09-c0d8e6433a7e/host
Jul 15 15:17:01 gtw01 dnsmasq-dhcp[29519]: read /var/lib/neutron/dhcp/11a0347a-c4c1-41a1-ad09-c0d8e6433a7e/opts
Jul 15 15:17:01 gtw01 dnsmasq[29588]: read /var/lib/neutron/dhcp/100ee7b8-af9a-4c06-ad75-0bcf156fbc70/addn_hosts - 2 addresses
Jul 15 15:17:01 gtw01 dnsmasq-dhcp[29588]: read /var/lib/neutron/dhcp/100ee7b8-af9a-4c06-ad75-0bcf156fbc70/host
Jul 15 15:17:01 gtw01 dnsmasq-dhcp[29588]: read /var/lib/neutron/dhcp/100ee7b8-af9a-4c06-ad75-0bcf156fbc70/opts
Jul 15 15:17:02 gtw01 kernel: [ 7923.805697] device tapb156ce32-b5 left promiscuous mode
Jul 15 15:17:02 gtw01 dnsmasq[29519]: read /var/lib/neutron/dhcp/11a0347a-c4c1-41a1-ad09-c0d8e6433a7e/addn_hosts - 2 addresses
Jul 15 15:17:02 gtw01 dnsmasq-dhcp[29519]: read /var/lib/neutron/dhcp/11a0347a-c4c1-41a1-ad09-c0d8e6433a7e/host
Jul 15 15:17:02 gtw01 dnsmasq-dhcp[29519]: read /var/lib/neutron/dhcp/11a0347a-c4c1-41a1-ad09-c0d8e6433a7e/opts
Jul 15 15:17:02 gtw01 dnsmasq[29588]: read /var/lib/neutron/dhcp/100ee7b8-af9a-4c06-ad75-0bcf156fbc70/addn_hosts - 2 addresses
Jul 15 15:17:02 gtw01 dnsmasq-dhcp[29588]: read /var/lib/neutron/dhcp/100ee7b8-af9a-4c06-ad75-0bcf156fbc70/host
Jul 15 15:17:02 gtw01 dnsmasq-dhcp[29588]: read /var/lib/neutron/dhcp/100ee7b8-af9a-4c06-ad75-0bcf156fbc70/opts
Jul 15 15:17:03 gtw01 dnsmasq[29519]: read /var/lib/neutron/dhcp/11a0347a-c4c1-41a1-ad09-c0d8e6433a7e/addn_hosts - 2 addresses
Jul 15 15:17:03 gtw01 dnsmasq-dhcp[29519]: read /var/lib/neutron/dhcp/11a0347a-c4c1-41a1-ad09-c0d8e6433a7e/host
Jul 15 15:17:03 gtw01 dnsmasq-dhcp[29519]: read /var/lib/neutron/dhcp/11a0347a-c4c1-41a1-ad09-c0d8e6433a7e/opts
Jul 15 15:17:03 gtw01 dnsmasq[29588]: read /var/lib/neutron/dhcp/100ee7b8-af9a-4c06-ad75-0bcf156fbc70/addn_hosts - 2 addresses
Jul 15 15:17:03 gtw01 dnsmasq-dhcp[29588]: read /var/lib/neutron/dhcp/100ee7b8-af9a-4c06-ad75-0bcf156fbc70/host
Jul 15 15:17:03 gtw01 dnsmasq-dhcp[29588]: read /var/lib/neutron/dhcp/100ee7b8-af9a-4c06-ad75-0bcf156fbc70/opts
Jul 15 15:17:04 gtw01 dnsmasq[29519]: read /var/lib/neutron/dhcp/11a0347a-c4c1-41a1-ad09-c0d8e6433a7e/addn_hosts - 2 addresses
Jul 15 15:17:04 gtw01 dnsmasq-dhcp[29519]: read /var/lib/neutron/dhcp/11a0347a-c4c1-41a1-ad09-c0d8e6433a7e/host
Jul 15 15:17:04 gtw01 dnsmasq-dhcp[29519]: read /var/lib/neutron/dhcp/11a0347a-c4c1-41a1-ad09-c0d8e6433a7e/opts
Jul 15 15:17:04 gtw01 dnsmasq[29588]: read /var/lib/neutron/dhcp/100ee7b8-af9a-4c06-ad75-0bcf156fbc70/addn_hosts - 2 addresses
Jul 15 15:17:04 gtw01 dnsmasq-dhcp[29588]: read /var/lib/neutron/dhcp/100ee7b8-af9a-4c06-ad75-0bcf156fbc70/host
Jul 15 15:17:04 gtw01 dnsmasq-dhcp[29588]: read /var/lib/neutron/dhcp/100ee7b8-af9a-4c06-ad75-0bcf156fbc70/opts
Jul 15 15:17:05 gtw01 kernel: [ 7926.744380] device tap9e1d4a5b-de left promiscuous mode
Jul 15 15:17:05 gtw01 dnsmasq[29588]: read /var/lib/neutron/dhcp/100ee7b8-af9a-4c06-ad75-0bcf156fbc70/addn_hosts - 2 addresses
Jul 15 15:17:05 gtw01 dnsmasq-dhcp[29588]: read /var/lib/neutron/dhcp/100ee7b8-af9a-4c06-ad75-0bcf156fbc70/host
Jul 15 15:17:05 gtw01 dnsmasq-dhcp[29588]: read /var/lib/neutron/dhcp/100ee7b8-af9a-4c06-ad75-0bcf156fbc70/opts
Jul 15 15:17:06 gtw01 dnsmasq[29519]: read /var/lib/neutron/dhcp/11a0347a-c4c1-41a1-ad09-c0d8e6433a7e/addn_hosts - 1 addresses
Jul 15 15:17:06 gtw01 dnsmasq-dhcp[29519]: read /var/lib/neutron/dhcp/11a0347a-c4c1-41a1-ad09-c0d8e6433a7e/host
Jul 15 15:17:06 gtw01 dnsmasq-dhcp[29519]: read /var/lib/neutron/dhcp/11a0347a-c4c1-41a1-ad09-c0d8e6433a7e/opts
Jul 15 15:17:06 gtw01 dnsmasq[29588]: read /var/lib/neutron/dhcp/100ee7b8-af9a-4c06-ad75-0bcf156fbc70/addn_hosts - 1 addresses
Jul 15 15:17:06 gtw01 dnsmasq-dhcp[29588]: read /var/lib/neutron/dhcp/100ee7b8-af9a-4c06-ad75-0bcf156fbc70/host
Jul 15 15:17:06 gtw01 dnsmasq-dhcp[29588]: read /var/lib/neutron/dhcp/100ee7b8-af9a-4c06-ad75-0bcf156fbc70/opts
Jul 15 15:17:06 gtw01 kernel: [ 7928.337962] device tap0c3e89af-62 left promiscuous mode
Jul 15 15:17:10 gtw01 kernel: [ 7931.663419] device tap10fe46df-2e left promiscuous mode
Jul 15 15:17:10 gtw01 kernel: [ 7931.758021] device tap5936aa91-16 left promiscuous mode
Jul 15 15:17:11 gtw01 kernel: [ 7933.050190] device tap6c796b53-87 left promiscuous mode
Jul 15 15:17:16 gtw01 kernel: [ 7938.212918] device tap0e90f73a-36 entered promiscuous mode
Jul 15 15:17:16 gtw01 systemd-udevd[29969]: Could not generate persistent MAC address for tap0e90f73a-36: No such file or directory
Jul 15 15:17:16 gtw01 systemd-udevd[29969]: Process '/sbin/ip link set tap0e90f73a-36 txqueuelen 10000' failed with exit code 1.
Jul 15 15:17:16 gtw01 systemd-udevd[30043]: Process '/sbin/ip link set tap0e90f73a-36 txqueuelen 10000' failed with exit code 1.
Jul 15 15:17:19 gtw01 dnsmasq[30121]: started, version 2.80 cachesize 150
Jul 15 15:17:19 gtw01 dnsmasq[30121]: DNS service limited to local subnets
Jul 15 15:17:19 gtw01 dnsmasq[30121]: compile time options: IPv6 GNU-getopt DBus i18n IDN DHCP DHCPv6 no-Lua TFTP conntrack ipset auth DNSSEC loop-detect inotify dumpfile
Jul 15 15:17:19 gtw01 dnsmasq[30121]: warning: no upstream servers configured
Jul 15 15:17:19 gtw01 dnsmasq-dhcp[30121]: DHCPv6, static leases only on 2003::, lease time 1h
Jul 15 15:17:19 gtw01 dnsmasq[30121]: read /var/lib/neutron/dhcp/8be04a78-e170-4a32-bac9-0fa7651099e2/addn_hosts - 1 addresses
Jul 15 15:17:19 gtw01 dnsmasq-dhcp[30121]: read /var/lib/neutron/dhcp/8be04a78-e170-4a32-bac9-0fa7651099e2/host
Jul 15 15:17:19 gtw01 dnsmasq-dhcp[30121]: read /var/lib/neutron/dhcp/8be04a78-e170-4a32-bac9-0fa7651099e2/opts
Jul 15 15:17:20 gtw01 dnsmasq[30121]: read /var/lib/neutron/dhcp/8be04a78-e170-4a32-bac9-0fa7651099e2/addn_hosts - 2 addresses
Jul 15 15:17:20 gtw01 dnsmasq-dhcp[30121]: read /var/lib/neutron/dhcp/8be04a78-e170-4a32-bac9-0fa7651099e2/host
Jul 15 15:17:20 gtw01 dnsmasq-dhcp[30121]: read /var/lib/neutron/dhcp/8be04a78-e170-4a32-bac9-0fa7651099e2/opts
Jul 15 15:17:21 gtw01 dnsmasq[30121]: read /var/lib/neutron/dhcp/8be04a78-e170-4a32-bac9-0fa7651099e2/addn_hosts - 2 addresses
Jul 15 15:17:21 gtw01 dnsmasq-dhcp[30121]: read /var/lib/neutron/dhcp/8be04a78-e170-4a32-bac9-0fa7651099e2/host
Jul 15 15:17:21 gtw01 dnsmasq-dhcp[30121]: read /var/lib/neutron/dhcp/8be04a78-e170-4a32-bac9-0fa7651099e2/opts
Jul 15 15:17:22 gtw01 dnsmasq[30121]: read /var/lib/neutron/dhcp/8be04a78-e170-4a32-bac9-0fa7651099e2/addn_hosts - 2 addresses
Jul 15 15:17:22 gtw01 dnsmasq-dhcp[30121]: read /var/lib/neutron/dhcp/8be04a78-e170-4a32-bac9-0fa7651099e2/host
Jul 15 15:17:22 gtw01 dnsmasq-dhcp[30121]: read /var/lib/neutron/dhcp/8be04a78-e170-4a32-bac9-0fa7651099e2/opts
Jul 15 15:17:23 gtw01 dnsmasq[30121]: read /var/lib/neutron/dhcp/8be04a78-e170-4a32-bac9-0fa7651099e2/addn_hosts - 2 addresses
Jul 15 15:17:23 gtw01 dnsmasq-dhcp[30121]: read /var/lib/neutron/dhcp/8be04a78-e170-4a32-bac9-0fa7651099e2/host
Jul 15 15:17:23 gtw01 dnsmasq-dhcp[30121]: read /var/lib/neutron/dhcp/8be04a78-e170-4a32-bac9-0fa7651099e2/opts
Jul 15 15:17:23 gtw01 dnsmasq[17160]: read /var/lib/neutron/dhcp/6e27b216-4503-43bd-924e-0e7d283c4bf3/addn_hosts - 3 addresses
Jul 15 15:17:23 gtw01 dnsmasq-dhcp[17160]: read /var/lib/neutron/dhcp/6e27b216-4503-43bd-924e-0e7d283c4bf3/host
Jul 15 15:17:23 gtw01 dnsmasq-dhcp[17160]: read /var/lib/neutron/dhcp/6e27b216-4503-43bd-924e-0e7d283c4bf3/opts
Jul 15 15:17:24 gtw01 dnsmasq[30121]: read /var/lib/neutron/dhcp/8be04a78-e170-4a32-bac9-0fa7651099e2/addn_hosts - 2 addresses
Jul 15 15:17:24 gtw01 dnsmasq-dhcp[30121]: read /var/lib/neutron/dhcp/8be04a78-e170-4a32-bac9-0fa7651099e2/host
Jul 15 15:17:24 gtw01 dnsmasq-dhcp[30121]: read /var/lib/neutron/dhcp/8be04a78-e170-4a32-bac9-0fa7651099e2/opts
Jul 15 15:17:24 gtw01 dnsmasq[17160]: read /var/lib/neutron/dhcp/6e27b216-4503-43bd-924e-0e7d283c4bf3/addn_hosts - 3 addresses
Jul 15 15:17:24 gtw01 dnsmasq-dhcp[17160]: read /var/lib/neutron/dhcp/6e27b216-4503-43bd-924e-0e7d283c4bf3/host
Jul 15 15:17:24 gtw01 dnsmasq-dhcp[17160]: read /var/lib/neutron/dhcp/6e27b216-4503-43bd-924e-0e7d283c4bf3/opts
Jul 15 15:17:25 gtw01 dnsmasq[30121]: read /var/lib/neutron/dhcp/8be04a78-e170-4a32-bac9-0fa7651099e2/addn_hosts - 2 addresses
Jul 15 15:17:25 gtw01 dnsmasq-dhcp[30121]: read /var/lib/neutron/dhcp/8be04a78-e170-4a32-bac9-0fa7651099e2/host
Jul 15 15:17:25 gtw01 dnsmasq-dhcp[30121]: read /var/lib/neutron/dhcp/8be04a78-e170-4a32-bac9-0fa7651099e2/opts
Jul 15 15:17:25 gtw01 dnsmasq[17160]: read /var/lib/neutron/dhcp/6e27b216-4503-43bd-924e-0e7d283c4bf3/addn_hosts - 3 addresses
Jul 15 15:17:25 gtw01 dnsmasq-dhcp[17160]: read /var/lib/neutron/dhcp/6e27b216-4503-43bd-924e-0e7d283c4bf3/host
Jul 15 15:17:25 gtw01 dnsmasq-dhcp[17160]: read /var/lib/neutron/dhcp/6e27b216-4503-43bd-924e-0e7d283c4bf3/opts
Jul 15 15:17:26 gtw01 kernel: [ 7948.285634] device tap0e90f73a-36 left promiscuous mode
Jul 15 15:17:30 gtw01 kernel: [ 7952.178333] device tap12b503c7-39 entered promiscuous mode
Jul 15 15:17:30 gtw01 systemd-udevd[30332]: Could not generate persistent MAC address for tap12b503c7-39: No such file or directory
Jul 15 15:17:30 gtw01 systemd-udevd[30332]: Process '/sbin/ip link set tap12b503c7-39 txqueuelen 10000' failed with exit code 1.
Jul 15 15:17:30 gtw01 systemd-udevd[30406]: Process '/sbin/ip link set tap12b503c7-39 txqueuelen 10000' failed with exit code 1.
Jul 15 15:17:33 gtw01 dnsmasq[30487]: started, version 2.80 cachesize 150
Jul 15 15:17:33 gtw01 dnsmasq[30487]: DNS service limited to local subnets
Jul 15 15:17:33 gtw01 dnsmasq[30487]: compile time options: IPv6 GNU-getopt DBus i18n IDN DHCP DHCPv6 no-Lua TFTP conntrack ipset auth DNSSEC loop-detect inotify dumpfile
Jul 15 15:17:33 gtw01 dnsmasq[30487]: warning: no upstream servers configured
Jul 15 15:17:33 gtw01 dnsmasq-dhcp[30487]: DHCPv6, static leases only on 2003::, lease time 1h
Jul 15 15:17:33 gtw01 dnsmasq[30487]: read /var/lib/neutron/dhcp/66dc59e3-82d9-4a3d-a554-76126b38873a/addn_hosts - 1 addresses
Jul 15 15:17:33 gtw01 dnsmasq-dhcp[30487]: read /var/lib/neutron/dhcp/66dc59e3-82d9-4a3d-a554-76126b38873a/host
Jul 15 15:17:33 gtw01 dnsmasq-dhcp[30487]: read /var/lib/neutron/dhcp/66dc59e3-82d9-4a3d-a554-76126b38873a/opts
Jul 15 15:17:34 gtw01 dnsmasq[30487]: read /var/lib/neutron/dhcp/66dc59e3-82d9-4a3d-a554-76126b38873a/addn_hosts - 1 addresses
Jul 15 15:17:34 gtw01 dnsmasq-dhcp[30487]: read /var/lib/neutron/dhcp/66dc59e3-82d9-4a3d-a554-76126b38873a/host
Jul 15 15:17:34 gtw01 dnsmasq-dhcp[30487]: read /var/lib/neutron/dhcp/66dc59e3-82d9-4a3d-a554-76126b38873a/opts
Jul 15 15:17:35 gtw01 dnsmasq[30487]: read /var/lib/neutron/dhcp/66dc59e3-82d9-4a3d-a554-76126b38873a/addn_hosts - 1 addresses
Jul 15 15:17:35 gtw01 dnsmasq-dhcp[30487]: read /var/lib/neutron/dhcp/66dc59e3-82d9-4a3d-a554-76126b38873a/host
Jul 15 15:17:35 gtw01 dnsmasq-dhcp[30487]: read /var/lib/neutron/dhcp/66dc59e3-82d9-4a3d-a554-76126b38873a/opts
Jul 15 15:17:36 gtw01 dnsmasq[30487]: read /var/lib/neutron/dhcp/66dc59e3-82d9-4a3d-a554-76126b38873a/addn_hosts - 2 addresses
Jul 15 15:17:36 gtw01 dnsmasq-dhcp[30487]: read /var/lib/neutron/dhcp/66dc59e3-82d9-4a3d-a554-76126b38873a/host
Jul 15 15:17:36 gtw01 dnsmasq-dhcp[30487]: read /var/lib/neutron/dhcp/66dc59e3-82d9-4a3d-a554-76126b38873a/opts
Jul 15 15:17:37 gtw01 kernel: [ 7958.980193] device tap12b503c7-39 left promiscuous mode
Jul 15 15:17:41 gtw01 dnsmasq-dhcp[17160]: DHCPDISCOVER(tap3e35a4ac-07) fa:16:3e:ff:c5:2e
Jul 15 15:17:41 gtw01 dnsmasq-dhcp[17160]: DHCPOFFER(tap3e35a4ac-07) 192.168.120.28 fa:16:3e:ff:c5:2e
Jul 15 15:17:41 gtw01 dnsmasq-dhcp[17160]: DHCPREQUEST(tap3e35a4ac-07) 192.168.120.28 fa:16:3e:ff:c5:2e
Jul 15 15:17:41 gtw01 dnsmasq-dhcp[17160]: DHCPACK(tap3e35a4ac-07) 192.168.120.28 fa:16:3e:ff:c5:2e host-192-168-120-28
Jul 15 15:17:47 gtw01 systemd-udevd[30607]: Could not generate persistent MAC address for tap76a45a4a-65: No such file or directory
Jul 15 15:17:47 gtw01 kernel: [ 7969.238585] device tap76a45a4a-65 entered promiscuous mode
Jul 15 15:17:47 gtw01 systemd-udevd[30607]: Process '/sbin/ip link set tap76a45a4a-65 txqueuelen 10000' failed with exit code 1.
Jul 15 15:17:47 gtw01 systemd-udevd[30681]: Process '/sbin/ip link set tap76a45a4a-65 txqueuelen 10000' failed with exit code 1.
Jul 15 15:17:51 gtw01 dnsmasq[30758]: started, version 2.80 cachesize 150
Jul 15 15:17:51 gtw01 dnsmasq[30758]: DNS service limited to local subnets
Jul 15 15:17:51 gtw01 dnsmasq[30758]: compile time options: IPv6 GNU-getopt DBus i18n IDN DHCP DHCPv6 no-Lua TFTP conntrack ipset auth DNSSEC loop-detect inotify dumpfile
Jul 15 15:17:51 gtw01 dnsmasq[30758]: warning: no upstream servers configured
Jul 15 15:17:51 gtw01 dnsmasq-dhcp[30758]: DHCPv6, static leases only on 2003::, lease time 1h
Jul 15 15:17:51 gtw01 dnsmasq[30758]: read /var/lib/neutron/dhcp/10effa45-cf81-41d4-a737-74f8ce4205b4/addn_hosts - 1 addresses
Jul 15 15:17:51 gtw01 dnsmasq-dhcp[30758]: read /var/lib/neutron/dhcp/10effa45-cf81-41d4-a737-74f8ce4205b4/host
Jul 15 15:17:51 gtw01 dnsmasq-dhcp[30758]: read /var/lib/neutron/dhcp/10effa45-cf81-41d4-a737-74f8ce4205b4/opts
Jul 15 15:17:51 gtw01 dnsmasq[30758]: read /var/lib/neutron/dhcp/10effa45-cf81-41d4-a737-74f8ce4205b4/addn_hosts - 1 addresses
Jul 15 15:17:51 gtw01 dnsmasq-dhcp[30758]: read /var/lib/neutron/dhcp/10effa45-cf81-41d4-a737-74f8ce4205b4/host
Jul 15 15:17:51 gtw01 dnsmasq-dhcp[30758]: read /var/lib/neutron/dhcp/10effa45-cf81-41d4-a737-74f8ce4205b4/opts
Jul 15 15:17:52 gtw01 dnsmasq[30758]: read /var/lib/neutron/dhcp/10effa45-cf81-41d4-a737-74f8ce4205b4/addn_hosts - 1 addresses
Jul 15 15:17:52 gtw01 dnsmasq-dhcp[30758]: read /var/lib/neutron/dhcp/10effa45-cf81-41d4-a737-74f8ce4205b4/host
Jul 15 15:17:52 gtw01 dnsmasq-dhcp[30758]: read /var/lib/neutron/dhcp/10effa45-cf81-41d4-a737-74f8ce4205b4/opts
Jul 15 15:17:53 gtw01 dnsmasq[30758]: read /var/lib/neutron/dhcp/10effa45-cf81-41d4-a737-74f8ce4205b4/addn_hosts - 2 addresses
Jul 15 15:17:53 gtw01 dnsmasq-dhcp[30758]: read /var/lib/neutron/dhcp/10effa45-cf81-41d4-a737-74f8ce4205b4/host
Jul 15 15:17:53 gtw01 dnsmasq-dhcp[30758]: read /var/lib/neutron/dhcp/10effa45-cf81-41d4-a737-74f8ce4205b4/opts
Jul 15 15:17:54 gtw01 dnsmasq-dhcp[17160]: DHCPRELEASE(tap3e35a4ac-07) 192.168.120.28 fa:16:3e:ff:c5:2e
Jul 15 15:17:54 gtw01 dnsmasq-dhcp[17160]: DHCPRELEASE(tap3e35a4ac-07) 192.168.120.28 fa:16:3e:ff:c5:2e unknown lease
Jul 15 15:17:54 gtw01 dnsmasq[30758]: read /var/lib/neutron/dhcp/10effa45-cf81-41d4-a737-74f8ce4205b4/addn_hosts - 2 addresses
Jul 15 15:17:54 gtw01 dnsmasq-dhcp[30758]: read /var/lib/neutron/dhcp/10effa45-cf81-41d4-a737-74f8ce4205b4/host
Jul 15 15:17:54 gtw01 dnsmasq-dhcp[30758]: read /var/lib/neutron/dhcp/10effa45-cf81-41d4-a737-74f8ce4205b4/opts
Jul 15 15:17:55 gtw01 dnsmasq[17160]: read /var/lib/neutron/dhcp/6e27b216-4503-43bd-924e-0e7d283c4bf3/addn_hosts - 2 addresses
Jul 15 15:17:55 gtw01 dnsmasq-dhcp[17160]: read /var/lib/neutron/dhcp/6e27b216-4503-43bd-924e-0e7d283c4bf3/host
Jul 15 15:17:55 gtw01 dnsmasq-dhcp[17160]: read /var/lib/neutron/dhcp/6e27b216-4503-43bd-924e-0e7d283c4bf3/opts
Jul 15 15:17:55 gtw01 kernel: [ 7977.568014] device tap76a45a4a-65 left promiscuous mode
Jul 15 15:17:56 gtw01 kernel: [ 7978.231691] device vxlan_sys_4789 left promiscuous mode
Jul 15 15:18:00 gtw01 systemd-udevd[30939]: Could not generate persistent MAC address for tap8693333f-84: No such file or directory
Jul 15 15:18:00 gtw01 kernel: [ 7982.003513] device tap8693333f-84 entered promiscuous mode
Jul 15 15:18:00 gtw01 systemd-udevd[30939]: Process '/sbin/ip link set tap8693333f-84 txqueuelen 10000' failed with exit code 1.
Jul 15 15:18:00 gtw01 systemd-udevd[30939]: Process '/sbin/ip link set tap8693333f-84 txqueuelen 10000' failed with exit code 1.
Jul 15 15:18:03 gtw01 kernel: [ 7984.893149] device qr-0d9c97ed-79 left promiscuous mode
Jul 15 15:18:03 gtw01 dnsmasq[31103]: started, version 2.80 cachesize 150
Jul 15 15:18:03 gtw01 dnsmasq[31103]: DNS service limited to local subnets
Jul 15 15:18:03 gtw01 dnsmasq[31103]: compile time options: IPv6 GNU-getopt DBus i18n IDN DHCP DHCPv6 no-Lua TFTP conntrack ipset auth DNSSEC loop-detect inotify dumpfile
Jul 15 15:18:03 gtw01 dnsmasq[31103]: warning: no upstream servers configured
Jul 15 15:18:03 gtw01 dnsmasq-dhcp[31103]: DHCPv6, static leases only on 2003::, lease time 1h
Jul 15 15:18:03 gtw01 dnsmasq[31103]: read /var/lib/neutron/dhcp/572a490d-3f7b-479b-8046-47bdfd5b25eb/addn_hosts - 1 addresses
Jul 15 15:18:03 gtw01 dnsmasq-dhcp[31103]: read /var/lib/neutron/dhcp/572a490d-3f7b-479b-8046-47bdfd5b25eb/host
Jul 15 15:18:03 gtw01 dnsmasq-dhcp[31103]: read /var/lib/neutron/dhcp/572a490d-3f7b-479b-8046-47bdfd5b25eb/opts
Jul 15 15:18:04 gtw01 kernel: [ 7985.677441] device qg-ab4d7b11-dc left promiscuous mode
Jul 15 15:18:04 gtw01 dnsmasq[31103]: read /var/lib/neutron/dhcp/572a490d-3f7b-479b-8046-47bdfd5b25eb/addn_hosts - 2 addresses
Jul 15 15:18:04 gtw01 dnsmasq-dhcp[31103]: read /var/lib/neutron/dhcp/572a490d-3f7b-479b-8046-47bdfd5b25eb/host
Jul 15 15:18:04 gtw01 dnsmasq-dhcp[31103]: read /var/lib/neutron/dhcp/572a490d-3f7b-479b-8046-47bdfd5b25eb/opts
Jul 15 15:18:05 gtw01 dnsmasq[31103]: read /var/lib/neutron/dhcp/572a490d-3f7b-479b-8046-47bdfd5b25eb/addn_hosts - 2 addresses
Jul 15 15:18:05 gtw01 dnsmasq-dhcp[31103]: read /var/lib/neutron/dhcp/572a490d-3f7b-479b-8046-47bdfd5b25eb/host
Jul 15 15:18:05 gtw01 dnsmasq-dhcp[31103]: read /var/lib/neutron/dhcp/572a490d-3f7b-479b-8046-47bdfd5b25eb/opts
Jul 15 15:18:06 gtw01 dnsmasq[17160]: read /var/lib/neutron/dhcp/6e27b216-4503-43bd-924e-0e7d283c4bf3/addn_hosts - 3 addresses
Jul 15 15:18:06 gtw01 dnsmasq-dhcp[17160]: read /var/lib/neutron/dhcp/6e27b216-4503-43bd-924e-0e7d283c4bf3/host
Jul 15 15:18:06 gtw01 dnsmasq-dhcp[17160]: read /var/lib/neutron/dhcp/6e27b216-4503-43bd-924e-0e7d283c4bf3/opts
Jul 15 15:18:06 gtw01 systemd-udevd[31260]: Could not generate persistent MAC address for qr-3beda224-10: No such file or directory
Jul 15 15:18:06 gtw01 kernel: [ 7988.074422] device qr-3beda224-10 entered promiscuous mode
Jul 15 15:18:06 gtw01 dnsmasq[31103]: read /var/lib/neutron/dhcp/572a490d-3f7b-479b-8046-47bdfd5b25eb/addn_hosts - 2 addresses
Jul 15 15:18:06 gtw01 dnsmasq-dhcp[31103]: read /var/lib/neutron/dhcp/572a490d-3f7b-479b-8046-47bdfd5b25eb/host
Jul 15 15:18:06 gtw01 dnsmasq-dhcp[31103]: read /var/lib/neutron/dhcp/572a490d-3f7b-479b-8046-47bdfd5b25eb/opts
Jul 15 15:18:07 gtw01 systemd-udevd[31377]: Could not generate persistent MAC address for tapcb0f4d1d-db: No such file or directory
Jul 15 15:18:07 gtw01 kernel: [ 7988.694566] device tapcb0f4d1d-db entered promiscuous mode
Jul 15 15:18:07 gtw01 systemd-udevd[31377]: Process '/sbin/ip link set tapcb0f4d1d-db txqueuelen 10000' failed with exit code 1.
Jul 15 15:18:07 gtw01 systemd-udevd[31377]: Process '/sbin/ip link set tapcb0f4d1d-db txqueuelen 10000' failed with exit code 1.
Jul 15 15:18:07 gtw01 dnsmasq[17160]: read /var/lib/neutron/dhcp/6e27b216-4503-43bd-924e-0e7d283c4bf3/addn_hosts - 3 addresses
Jul 15 15:18:07 gtw01 dnsmasq-dhcp[17160]: read /var/lib/neutron/dhcp/6e27b216-4503-43bd-924e-0e7d283c4bf3/host
Jul 15 15:18:07 gtw01 dnsmasq-dhcp[17160]: read /var/lib/neutron/dhcp/6e27b216-4503-43bd-924e-0e7d283c4bf3/opts
Jul 15 15:18:07 gtw01 radvd[31500]: version 2.11 started
Jul 15 15:18:08 gtw01 dnsmasq[31103]: read /var/lib/neutron/dhcp/572a490d-3f7b-479b-8046-47bdfd5b25eb/addn_hosts - 2 addresses
Jul 15 15:18:08 gtw01 dnsmasq-dhcp[31103]: read /var/lib/neutron/dhcp/572a490d-3f7b-479b-8046-47bdfd5b25eb/host
Jul 15 15:18:08 gtw01 dnsmasq-dhcp[31103]: read /var/lib/neutron/dhcp/572a490d-3f7b-479b-8046-47bdfd5b25eb/opts
Jul 15 15:18:08 gtw01 dnsmasq[17160]: read /var/lib/neutron/dhcp/6e27b216-4503-43bd-924e-0e7d283c4bf3/addn_hosts - 3 addresses
Jul 15 15:18:08 gtw01 dnsmasq-dhcp[17160]: read /var/lib/neutron/dhcp/6e27b216-4503-43bd-924e-0e7d283c4bf3/host
Jul 15 15:18:08 gtw01 dnsmasq-dhcp[17160]: read /var/lib/neutron/dhcp/6e27b216-4503-43bd-924e-0e7d283c4bf3/opts
Jul 15 15:18:09 gtw01 dnsmasq[31103]: read /var/lib/neutron/dhcp/572a490d-3f7b-479b-8046-47bdfd5b25eb/addn_hosts - 2 addresses
Jul 15 15:18:09 gtw01 dnsmasq-dhcp[31103]: read /var/lib/neutron/dhcp/572a490d-3f7b-479b-8046-47bdfd5b25eb/host
Jul 15 15:18:09 gtw01 dnsmasq-dhcp[31103]: read /var/lib/neutron/dhcp/572a490d-3f7b-479b-8046-47bdfd5b25eb/opts
Jul 15 15:18:10 gtw01 dnsmasq[31103]: read /var/lib/neutron/dhcp/572a490d-3f7b-479b-8046-47bdfd5b25eb/addn_hosts - 2 addresses
Jul 15 15:18:10 gtw01 dnsmasq-dhcp[31103]: read /var/lib/neutron/dhcp/572a490d-3f7b-479b-8046-47bdfd5b25eb/host
Jul 15 15:18:10 gtw01 dnsmasq-dhcp[31103]: read /var/lib/neutron/dhcp/572a490d-3f7b-479b-8046-47bdfd5b25eb/opts
Jul 15 15:18:10 gtw01 kernel: [ 7992.202339] device tapf95a2e87-e4 entered promiscuous mode
Jul 15 15:18:10 gtw01 systemd-udevd[31680]: Could not generate persistent MAC address for tapf95a2e87-e4: No such file or directory
Jul 15 15:18:10 gtw01 systemd-udevd[31680]: Process '/sbin/ip link set tapf95a2e87-e4 txqueuelen 10000' failed with exit code 1.
Jul 15 15:18:10 gtw01 systemd-udevd[31680]: Process '/sbin/ip link set tapf95a2e87-e4 txqueuelen 10000' failed with exit code 1.
Jul 15 15:18:11 gtw01 dnsmasq[31796]: started, version 2.80 cachesize 150
Jul 15 15:18:11 gtw01 dnsmasq[31796]: DNS service limited to local subnets
Jul 15 15:18:11 gtw01 dnsmasq[31796]: compile time options: IPv6 GNU-getopt DBus i18n IDN DHCP DHCPv6 no-Lua TFTP conntrack ipset auth DNSSEC loop-detect inotify dumpfile
Jul 15 15:18:11 gtw01 dnsmasq[31796]: warning: no upstream servers configured
Jul 15 15:18:11 gtw01 dnsmasq-dhcp[31796]: DHCPv6, static leases only on 2003:0:1::, lease time 1h
Jul 15 15:18:11 gtw01 dnsmasq[31796]: read /var/lib/neutron/dhcp/1b31fe09-1fc9-4d7a-a68e-59ae623fb0d8/addn_hosts - 1 addresses
Jul 15 15:18:11 gtw01 dnsmasq-dhcp[31796]: read /var/lib/neutron/dhcp/1b31fe09-1fc9-4d7a-a68e-59ae623fb0d8/host
Jul 15 15:18:11 gtw01 dnsmasq-dhcp[31796]: read /var/lib/neutron/dhcp/1b31fe09-1fc9-4d7a-a68e-59ae623fb0d8/opts
Jul 15 15:18:11 gtw01 dnsmasq[31103]: read /var/lib/neutron/dhcp/572a490d-3f7b-479b-8046-47bdfd5b25eb/addn_hosts - 2 addresses
Jul 15 15:18:11 gtw01 dnsmasq-dhcp[31103]: read /var/lib/neutron/dhcp/572a490d-3f7b-479b-8046-47bdfd5b25eb/host
Jul 15 15:18:11 gtw01 dnsmasq-dhcp[31103]: read /var/lib/neutron/dhcp/572a490d-3f7b-479b-8046-47bdfd5b25eb/opts
Jul 15 15:18:11 gtw01 systemd-udevd[31824]: Could not generate persistent MAC address for vxlan_sys_4789: No such file or directory
Jul 15 15:18:11 gtw01 kernel: [ 7993.437282] device vxlan_sys_4789 entered promiscuous mode
Jul 15 15:18:11 gtw01 haproxy-metadata-proxy-c90b7b3c-f41b-43fe-a388-2e8080eea969[31823]: Proxy listener started.
Jul 15 15:18:12 gtw01 dnsmasq[31796]: read /var/lib/neutron/dhcp/1b31fe09-1fc9-4d7a-a68e-59ae623fb0d8/addn_hosts - 2 addresses
Jul 15 15:18:12 gtw01 dnsmasq-dhcp[31796]: read /var/lib/neutron/dhcp/1b31fe09-1fc9-4d7a-a68e-59ae623fb0d8/host
Jul 15 15:18:12 gtw01 dnsmasq-dhcp[31796]: read /var/lib/neutron/dhcp/1b31fe09-1fc9-4d7a-a68e-59ae623fb0d8/opts
Jul 15 15:18:13 gtw01 dnsmasq[31796]: read /var/lib/neutron/dhcp/1b31fe09-1fc9-4d7a-a68e-59ae623fb0d8/addn_hosts - 2 addresses
Jul 15 15:18:13 gtw01 dnsmasq-dhcp[31796]: read /var/lib/neutron/dhcp/1b31fe09-1fc9-4d7a-a68e-59ae623fb0d8/host
Jul 15 15:18:13 gtw01 dnsmasq-dhcp[31796]: read /var/lib/neutron/dhcp/1b31fe09-1fc9-4d7a-a68e-59ae623fb0d8/opts
Jul 15 15:18:14 gtw01 dnsmasq[31987]: started, version 2.80 cachesize 150
Jul 15 15:18:14 gtw01 dnsmasq[31987]: DNS service limited to local subnets
Jul 15 15:18:14 gtw01 dnsmasq[31987]: compile time options: IPv6 GNU-getopt DBus i18n IDN DHCP DHCPv6 no-Lua TFTP conntrack ipset auth DNSSEC loop-detect inotify dumpfile
Jul 15 15:18:14 gtw01 dnsmasq[31987]: warning: no upstream servers configured
Jul 15 15:18:14 gtw01 dnsmasq-dhcp[31987]: DHCPv6, static leases only on 2003:0:2::, lease time 1h
Jul 15 15:18:14 gtw01 dnsmasq[31987]: read /var/lib/neutron/dhcp/a1656243-1e62-4eb8-b59f-e58563df43ca/addn_hosts - 1 addresses
Jul 15 15:18:14 gtw01 dnsmasq[31796]: read /var/lib/neutron/dhcp/1b31fe09-1fc9-4d7a-a68e-59ae623fb0d8/addn_hosts - 2 addresses
Jul 15 15:18:14 gtw01 dnsmasq-dhcp[31796]: read /var/lib/neutron/dhcp/1b31fe09-1fc9-4d7a-a68e-59ae623fb0d8/host
Jul 15 15:18:14 gtw01 dnsmasq-dhcp[31796]: read /var/lib/neutron/dhcp/1b31fe09-1fc9-4d7a-a68e-59ae623fb0d8/opts
Jul 15 15:18:14 gtw01 dnsmasq-dhcp[31987]: read /var/lib/neutron/dhcp/a1656243-1e62-4eb8-b59f-e58563df43ca/host
Jul 15 15:18:14 gtw01 dnsmasq-dhcp[31987]: read /var/lib/neutron/dhcp/a1656243-1e62-4eb8-b59f-e58563df43ca/opts
Jul 15 15:18:15 gtw01 dnsmasq[31796]: read /var/lib/neutron/dhcp/1b31fe09-1fc9-4d7a-a68e-59ae623fb0d8/addn_hosts - 2 addresses
Jul 15 15:18:15 gtw01 dnsmasq-dhcp[31796]: read /var/lib/neutron/dhcp/1b31fe09-1fc9-4d7a-a68e-59ae623fb0d8/host
Jul 15 15:18:15 gtw01 dnsmasq-dhcp[31796]: read /var/lib/neutron/dhcp/1b31fe09-1fc9-4d7a-a68e-59ae623fb0d8/opts
Jul 15 15:18:15 gtw01 dnsmasq[31987]: read /var/lib/neutron/dhcp/a1656243-1e62-4eb8-b59f-e58563df43ca/addn_hosts - 2 addresses
Jul 15 15:18:15 gtw01 dnsmasq-dhcp[31987]: read /var/lib/neutron/dhcp/a1656243-1e62-4eb8-b59f-e58563df43ca/host
Jul 15 15:18:15 gtw01 dnsmasq-dhcp[31987]: read /var/lib/neutron/dhcp/a1656243-1e62-4eb8-b59f-e58563df43ca/opts
Jul 15 15:18:16 gtw01 kernel: [ 7997.814642] device qr-7e07fe7d-0b entered promiscuous mode
Jul 15 15:18:16 gtw01 systemd-udevd[32054]: Could not generate persistent MAC address for qr-7e07fe7d-0b: No such file or directory
Jul 15 15:18:16 gtw01 dnsmasq[31796]: read /var/lib/neutron/dhcp/1b31fe09-1fc9-4d7a-a68e-59ae623fb0d8/addn_hosts - 2 addresses
Jul 15 15:18:16 gtw01 dnsmasq-dhcp[31796]: read /var/lib/neutron/dhcp/1b31fe09-1fc9-4d7a-a68e-59ae623fb0d8/host
Jul 15 15:18:16 gtw01 dnsmasq-dhcp[31796]: read /var/lib/neutron/dhcp/1b31fe09-1fc9-4d7a-a68e-59ae623fb0d8/opts
Jul 15 15:18:16 gtw01 dnsmasq[31987]: read /var/lib/neutron/dhcp/a1656243-1e62-4eb8-b59f-e58563df43ca/addn_hosts - 2 addresses
Jul 15 15:18:16 gtw01 dnsmasq-dhcp[31987]: read /var/lib/neutron/dhcp/a1656243-1e62-4eb8-b59f-e58563df43ca/host
Jul 15 15:18:16 gtw01 dnsmasq-dhcp[31987]: read /var/lib/neutron/dhcp/a1656243-1e62-4eb8-b59f-e58563df43ca/opts
Jul 15 15:18:17 gtw01 systemd-udevd[32194]: Could not generate persistent MAC address for qr-ab1a1181-15: No such file or directory
Jul 15 15:18:17 gtw01 kernel: [ 7998.750412] device qr-ab1a1181-15 entered promiscuous mode
Jul 15 15:18:17 gtw01 dnsmasq[17160]: read /var/lib/neutron/dhcp/6e27b216-4503-43bd-924e-0e7d283c4bf3/addn_hosts - 4 addresses
Jul 15 15:18:17 gtw01 dnsmasq-dhcp[17160]: read /var/lib/neutron/dhcp/6e27b216-4503-43bd-924e-0e7d283c4bf3/host
Jul 15 15:18:17 gtw01 dnsmasq-dhcp[17160]: read /var/lib/neutron/dhcp/6e27b216-4503-43bd-924e-0e7d283c4bf3/opts
Jul 15 15:18:17 gtw01 dnsmasq[31796]: read /var/lib/neutron/dhcp/1b31fe09-1fc9-4d7a-a68e-59ae623fb0d8/addn_hosts - 2 addresses
Jul 15 15:18:17 gtw01 dnsmasq-dhcp[31796]: read /var/lib/neutron/dhcp/1b31fe09-1fc9-4d7a-a68e-59ae623fb0d8/host
Jul 15 15:18:17 gtw01 dnsmasq-dhcp[31796]: read /var/lib/neutron/dhcp/1b31fe09-1fc9-4d7a-a68e-59ae623fb0d8/opts
Jul 15 15:18:17 gtw01 dnsmasq[31987]: read /var/lib/neutron/dhcp/a1656243-1e62-4eb8-b59f-e58563df43ca/addn_hosts - 2 addresses
Jul 15 15:18:17 gtw01 dnsmasq-dhcp[31987]: read /var/lib/neutron/dhcp/a1656243-1e62-4eb8-b59f-e58563df43ca/host
Jul 15 15:18:17 gtw01 dnsmasq-dhcp[31987]: read /var/lib/neutron/dhcp/a1656243-1e62-4eb8-b59f-e58563df43ca/opts
Jul 15 15:18:18 gtw01 radvd[31502]: attempting to reread config file
Jul 15 15:18:18 gtw01 radvd[31502]: resuming normal operation
Jul 15 15:18:18 gtw01 systemd-udevd[32355]: Could not generate persistent MAC address for tap7c46574c-5b: No such file or directory
Jul 15 15:18:18 gtw01 kernel: [ 7999.955785] device tap7c46574c-5b entered promiscuous mode
Jul 15 15:18:18 gtw01 systemd-udevd[32355]: Process '/sbin/ip link set tap7c46574c-5b txqueuelen 10000' failed with exit code 1.
Jul 15 15:18:18 gtw01 systemd-udevd[32355]: Process '/sbin/ip link set tap7c46574c-5b txqueuelen 10000' failed with exit code 1.
Jul 15 15:18:18 gtw01 dnsmasq[17160]: read /var/lib/neutron/dhcp/6e27b216-4503-43bd-924e-0e7d283c4bf3/addn_hosts - 4 addresses
Jul 15 15:18:18 gtw01 dnsmasq-dhcp[17160]: read /var/lib/neutron/dhcp/6e27b216-4503-43bd-924e-0e7d283c4bf3/host
Jul 15 15:18:18 gtw01 dnsmasq-dhcp[17160]: read /var/lib/neutron/dhcp/6e27b216-4503-43bd-924e-0e7d283c4bf3/opts
Jul 15 15:18:18 gtw01 dnsmasq[31796]: read /var/lib/neutron/dhcp/1b31fe09-1fc9-4d7a-a68e-59ae623fb0d8/addn_hosts - 2 addresses
Jul 15 15:18:18 gtw01 dnsmasq-dhcp[31796]: read /var/lib/neutron/dhcp/1b31fe09-1fc9-4d7a-a68e-59ae623fb0d8/host
Jul 15 15:18:18 gtw01 dnsmasq-dhcp[31796]: read /var/lib/neutron/dhcp/1b31fe09-1fc9-4d7a-a68e-59ae623fb0d8/opts
Jul 15 15:18:19 gtw01 dnsmasq[31987]: read /var/lib/neutron/dhcp/a1656243-1e62-4eb8-b59f-e58563df43ca/addn_hosts - 2 addresses
Jul 15 15:18:19 gtw01 dnsmasq-dhcp[31987]: read /var/lib/neutron/dhcp/a1656243-1e62-4eb8-b59f-e58563df43ca/host
Jul 15 15:18:19 gtw01 dnsmasq-dhcp[31987]: read /var/lib/neutron/dhcp/a1656243-1e62-4eb8-b59f-e58563df43ca/opts
Jul 15 15:18:19 gtw01 dnsmasq[17160]: read /var/lib/neutron/dhcp/6e27b216-4503-43bd-924e-0e7d283c4bf3/addn_hosts - 4 addresses
Jul 15 15:18:19 gtw01 dnsmasq-dhcp[17160]: read /var/lib/neutron/dhcp/6e27b216-4503-43bd-924e-0e7d283c4bf3/host
Jul 15 15:18:19 gtw01 dnsmasq-dhcp[17160]: read /var/lib/neutron/dhcp/6e27b216-4503-43bd-924e-0e7d283c4bf3/opts
Jul 15 15:18:20 gtw01 dnsmasq[31987]: read /var/lib/neutron/dhcp/a1656243-1e62-4eb8-b59f-e58563df43ca/addn_hosts - 2 addresses
Jul 15 15:18:20 gtw01 dnsmasq-dhcp[31987]: read /var/lib/neutron/dhcp/a1656243-1e62-4eb8-b59f-e58563df43ca/host
Jul 15 15:18:20 gtw01 dnsmasq-dhcp[31987]: read /var/lib/neutron/dhcp/a1656243-1e62-4eb8-b59f-e58563df43ca/opts
Jul 15 15:18:21 gtw01 dnsmasq[31987]: read /var/lib/neutron/dhcp/a1656243-1e62-4eb8-b59f-e58563df43ca/addn_hosts - 2 addresses
Jul 15 15:18:21 gtw01 dnsmasq-dhcp[31987]: read /var/lib/neutron/dhcp/a1656243-1e62-4eb8-b59f-e58563df43ca/host
Jul 15 15:18:21 gtw01 dnsmasq-dhcp[31987]: read /var/lib/neutron/dhcp/a1656243-1e62-4eb8-b59f-e58563df43ca/opts
Jul 15 15:18:22 gtw01 dnsmasq[32642]: started, version 2.80 cachesize 150
Jul 15 15:18:22 gtw01 dnsmasq[32642]: DNS service limited to local subnets
Jul 15 15:18:22 gtw01 dnsmasq[32642]: compile time options: IPv6 GNU-getopt DBus i18n IDN DHCP DHCPv6 no-Lua TFTP conntrack ipset auth DNSSEC loop-detect inotify dumpfile
Jul 15 15:18:22 gtw01 dnsmasq[32642]: warning: no upstream servers configured
Jul 15 15:18:22 gtw01 dnsmasq[31987]: read /var/lib/neutron/dhcp/a1656243-1e62-4eb8-b59f-e58563df43ca/addn_hosts - 2 addresses
Jul 15 15:18:22 gtw01 dnsmasq-dhcp[31987]: read /var/lib/neutron/dhcp/a1656243-1e62-4eb8-b59f-e58563df43ca/host
Jul 15 15:18:22 gtw01 dnsmasq-dhcp[31987]: read /var/lib/neutron/dhcp/a1656243-1e62-4eb8-b59f-e58563df43ca/opts
Jul 15 15:18:22 gtw01 dnsmasq-dhcp[32642]: DHCPv6, static leases only on 2003:0:3::, lease time 1h
Jul 15 15:18:22 gtw01 dnsmasq[32642]: read /var/lib/neutron/dhcp/2d185927-461b-4682-af6e-9c49546e059e/addn_hosts - 1 addresses
Jul 15 15:18:22 gtw01 dnsmasq-dhcp[32642]: read /var/lib/neutron/dhcp/2d185927-461b-4682-af6e-9c49546e059e/host
Jul 15 15:18:22 gtw01 dnsmasq-dhcp[32642]: read /var/lib/neutron/dhcp/2d185927-461b-4682-af6e-9c49546e059e/opts
Jul 15 15:18:22 gtw01 dnsmasq-dhcp[17160]: DHCPDISCOVER(tap3e35a4ac-07) fa:16:3e:d0:86:11
Jul 15 15:18:22 gtw01 dnsmasq-dhcp[17160]: DHCPOFFER(tap3e35a4ac-07) 192.168.120.8 fa:16:3e:d0:86:11
Jul 15 15:18:22 gtw01 dnsmasq-dhcp[17160]: DHCPREQUEST(tap3e35a4ac-07) 192.168.120.8 fa:16:3e:d0:86:11
Jul 15 15:18:22 gtw01 dnsmasq-dhcp[17160]: DHCPACK(tap3e35a4ac-07) 192.168.120.8 fa:16:3e:d0:86:11 host-192-168-120-8
Jul 15 15:18:22 gtw01 systemd-udevd[32657]: Could not generate persistent MAC address for qr-a58f6919-e3: No such file or directory
Jul 15 15:18:22 gtw01 kernel: [ 8004.613707] device qr-a58f6919-e3 entered promiscuous mode
Jul 15 15:18:23 gtw01 dnsmasq[32642]: read /var/lib/neutron/dhcp/2d185927-461b-4682-af6e-9c49546e059e/addn_hosts - 2 addresses
Jul 15 15:18:23 gtw01 dnsmasq-dhcp[32642]: read /var/lib/neutron/dhcp/2d185927-461b-4682-af6e-9c49546e059e/host
Jul 15 15:18:23 gtw01 dnsmasq-dhcp[32642]: read /var/lib/neutron/dhcp/2d185927-461b-4682-af6e-9c49546e059e/opts
Jul 15 15:18:24 gtw01 radvd[31502]: attempting to reread config file
Jul 15 15:18:24 gtw01 radvd[31502]: resuming normal operation
Jul 15 15:18:24 gtw01 dnsmasq[32642]: read /var/lib/neutron/dhcp/2d185927-461b-4682-af6e-9c49546e059e/addn_hosts - 2 addresses
Jul 15 15:18:24 gtw01 dnsmasq-dhcp[32642]: read /var/lib/neutron/dhcp/2d185927-461b-4682-af6e-9c49546e059e/host
Jul 15 15:18:24 gtw01 dnsmasq-dhcp[32642]: read /var/lib/neutron/dhcp/2d185927-461b-4682-af6e-9c49546e059e/opts
Jul 15 15:18:25 gtw01 dnsmasq[32642]: read /var/lib/neutron/dhcp/2d185927-461b-4682-af6e-9c49546e059e/addn_hosts - 2 addresses
Jul 15 15:18:25 gtw01 dnsmasq-dhcp[32642]: read /var/lib/neutron/dhcp/2d185927-461b-4682-af6e-9c49546e059e/host
Jul 15 15:18:25 gtw01 dnsmasq-dhcp[32642]: read /var/lib/neutron/dhcp/2d185927-461b-4682-af6e-9c49546e059e/opts
Jul 15 15:18:26 gtw01 dnsmasq[32642]: read /var/lib/neutron/dhcp/2d185927-461b-4682-af6e-9c49546e059e/addn_hosts - 2 addresses
Jul 15 15:18:26 gtw01 dnsmasq-dhcp[32642]: read /var/lib/neutron/dhcp/2d185927-461b-4682-af6e-9c49546e059e/host
Jul 15 15:18:26 gtw01 dnsmasq-dhcp[32642]: read /var/lib/neutron/dhcp/2d185927-461b-4682-af6e-9c49546e059e/opts
Jul 15 15:18:27 gtw01 dnsmasq[32642]: read /var/lib/neutron/dhcp/2d185927-461b-4682-af6e-9c49546e059e/addn_hosts - 2 addresses
Jul 15 15:18:27 gtw01 dnsmasq-dhcp[32642]: read /var/lib/neutron/dhcp/2d185927-461b-4682-af6e-9c49546e059e/host
Jul 15 15:18:27 gtw01 dnsmasq-dhcp[32642]: read /var/lib/neutron/dhcp/2d185927-461b-4682-af6e-9c49546e059e/opts
Jul 15 15:18:27 gtw01 kernel: [ 8008.851334] device qr-a58f6919-e3 left promiscuous mode
Jul 15 15:18:27 gtw01 radvd[31502]: attempting to reread config file
Jul 15 15:18:27 gtw01 radvd[31502]: resuming normal operation
Jul 15 15:18:28 gtw01 dnsmasq[32642]: read /var/lib/neutron/dhcp/2d185927-461b-4682-af6e-9c49546e059e/addn_hosts - 2 addresses
Jul 15 15:18:28 gtw01 dnsmasq-dhcp[32642]: read /var/lib/neutron/dhcp/2d185927-461b-4682-af6e-9c49546e059e/host
Jul 15 15:18:28 gtw01 dnsmasq-dhcp[32642]: read /var/lib/neutron/dhcp/2d185927-461b-4682-af6e-9c49546e059e/opts
Jul 15 15:18:29 gtw01 kernel: [ 8010.658506] device tap7c46574c-5b left promiscuous mode
Jul 15 15:18:30 gtw01 dnsmasq-dhcp[17160]: DHCPRELEASE(tap3e35a4ac-07) 192.168.120.8 fa:16:3e:d0:86:11
Jul 15 15:18:31 gtw01 dnsmasq-dhcp[17160]: DHCPRELEASE(tap3e35a4ac-07) 192.168.120.8 fa:16:3e:d0:86:11 unknown lease
Jul 15 15:18:32 gtw01 dnsmasq[17160]: read /var/lib/neutron/dhcp/6e27b216-4503-43bd-924e-0e7d283c4bf3/addn_hosts - 3 addresses
Jul 15 15:18:32 gtw01 dnsmasq-dhcp[17160]: read /var/lib/neutron/dhcp/6e27b216-4503-43bd-924e-0e7d283c4bf3/host
Jul 15 15:18:32 gtw01 dnsmasq-dhcp[17160]: read /var/lib/neutron/dhcp/6e27b216-4503-43bd-924e-0e7d283c4bf3/opts
Jul 15 15:18:32 gtw01 dnsmasq[31987]: read /var/lib/neutron/dhcp/a1656243-1e62-4eb8-b59f-e58563df43ca/addn_hosts - 1 addresses
Jul 15 15:18:32 gtw01 dnsmasq-dhcp[31987]: read /var/lib/neutron/dhcp/a1656243-1e62-4eb8-b59f-e58563df43ca/host
Jul 15 15:18:32 gtw01 dnsmasq-dhcp[31987]: read /var/lib/neutron/dhcp/a1656243-1e62-4eb8-b59f-e58563df43ca/opts
Jul 15 15:18:33 gtw01 dnsmasq-dhcp[17160]: DHCPDISCOVER(tap3e35a4ac-07) fa:16:3e:bc:84:d4
Jul 15 15:18:33 gtw01 dnsmasq-dhcp[17160]: DHCPOFFER(tap3e35a4ac-07) 192.168.120.3 fa:16:3e:bc:84:d4
Jul 15 15:18:33 gtw01 dnsmasq-dhcp[17160]: DHCPREQUEST(tap3e35a4ac-07) 192.168.120.3 fa:16:3e:bc:84:d4
Jul 15 15:18:33 gtw01 dnsmasq-dhcp[17160]: DHCPACK(tap3e35a4ac-07) 192.168.120.3 fa:16:3e:bc:84:d4 host-192-168-120-3
Jul 15 15:18:33 gtw01 kernel: [ 8015.571168] device qr-7e07fe7d-0b left promiscuous mode
Jul 15 15:18:34 gtw01 radvd[31502]: attempting to reread config file
Jul 15 15:18:34 gtw01 radvd[31502]: resuming normal operation
Jul 15 15:18:34 gtw01 kernel: [ 8016.374783] device tapf95a2e87-e4 left promiscuous mode
Jul 15 15:18:37 gtw01 dnsmasq[31796]: read /var/lib/neutron/dhcp/1b31fe09-1fc9-4d7a-a68e-59ae623fb0d8/addn_hosts - 1 addresses
Jul 15 15:18:37 gtw01 dnsmasq-dhcp[31796]: read /var/lib/neutron/dhcp/1b31fe09-1fc9-4d7a-a68e-59ae623fb0d8/host
Jul 15 15:18:37 gtw01 dnsmasq-dhcp[31796]: read /var/lib/neutron/dhcp/1b31fe09-1fc9-4d7a-a68e-59ae623fb0d8/opts
Jul 15 15:18:39 gtw01 kernel: [ 8021.394323] device qr-ab1a1181-15 left promiscuous mode
Jul 15 15:18:39 gtw01 radvd[31502]: attempting to reread config file
Jul 15 15:18:39 gtw01 radvd[31502]: resuming normal operation
Jul 15 15:18:40 gtw01 kernel: [ 8022.490827] device tapcb0f4d1d-db left promiscuous mode
Jul 15 15:18:44 gtw01 dnsmasq[31103]: read /var/lib/neutron/dhcp/572a490d-3f7b-479b-8046-47bdfd5b25eb/addn_hosts - 1 addresses
Jul 15 15:18:44 gtw01 dnsmasq-dhcp[31103]: read /var/lib/neutron/dhcp/572a490d-3f7b-479b-8046-47bdfd5b25eb/host
Jul 15 15:18:44 gtw01 dnsmasq-dhcp[31103]: read /var/lib/neutron/dhcp/572a490d-3f7b-479b-8046-47bdfd5b25eb/opts
Jul 15 15:18:45 gtw01 kernel: [ 8027.007684] device qr-3beda224-10 left promiscuous mode
Jul 15 15:18:45 gtw01 radvd[31503]: Exiting, privsep_read_loop had readn return 0 bytes
Jul 15 15:18:45 gtw01 radvd[31503]: Exiting, privsep_read_loop is complete.
Jul 15 15:18:46 gtw01 kernel: [ 8028.326190] device tap8693333f-84 left promiscuous mode
Jul 15 15:18:56 gtw01 haproxy-metadata-proxy-79c8b624-8c87-429e-9a6c-2af1e24adfcd[955]: Proxy listener started.
Jul 15 15:18:58 gtw01 dnsmasq-dhcp[17160]: DHCPRELEASE(tap3e35a4ac-07) 192.168.120.3 fa:16:3e:bc:84:d4
Jul 15 15:19:02 gtw01 kernel: [ 8043.807482] device vxlan_sys_4789 left promiscuous mode
Jul 15 15:19:03 gtw01 systemd-udevd[979]: Could not generate persistent MAC address for vxlan_sys_4789: No such file or directory
Jul 15 15:19:03 gtw01 kernel: [ 8045.523897] device vxlan_sys_4789 entered promiscuous mode
Jul 15 15:19:07 gtw01 kernel: [ 8049.065210] device vxlan_sys_4789 left promiscuous mode
Jul 15 15:19:07 gtw01 dnsmasq[17160]: read /var/lib/neutron/dhcp/6e27b216-4503-43bd-924e-0e7d283c4bf3/addn_hosts - 2 addresses
Jul 15 15:19:07 gtw01 dnsmasq-dhcp[17160]: read /var/lib/neutron/dhcp/6e27b216-4503-43bd-924e-0e7d283c4bf3/host
Jul 15 15:19:07 gtw01 dnsmasq-dhcp[17160]: read /var/lib/neutron/dhcp/6e27b216-4503-43bd-924e-0e7d283c4bf3/opts
