Jul 15 14:59:34 gtw01 kernel: [ 6876.316660] device qr-b968d58f-c9 entered promiscuous mode
Jul 15 14:59:34 gtw01 dnsmasq[30258]: read /var/lib/neutron/dhcp/ad6eb076-3757-4074-95c6-de96dc74f07c/addn_hosts - 3 addresses
Jul 15 14:59:34 gtw01 dnsmasq-dhcp[30258]: read /var/lib/neutron/dhcp/ad6eb076-3757-4074-95c6-de96dc74f07c/host
Jul 15 14:59:34 gtw01 dnsmasq-dhcp[30258]: read /var/lib/neutron/dhcp/ad6eb076-3757-4074-95c6-de96dc74f07c/opts
Jul 15 14:59:34 gtw01 kernel: [ 6876.494921] device qr-f7bcc6d7-c6 left promiscuous mode
Jul 15 14:59:35 gtw01 kernel: [ 6877.450415] device qg-ebd8582c-34 left promiscuous mode
Jul 15 14:59:36 gtw01 kernel: [ 6878.576062] device vxlan_sys_4789 entered promiscuous mode
Jul 15 14:59:36 gtw01 systemd-udevd[31280]: Could not generate persistent MAC address for vxlan_sys_4789: No such file or directory
Jul 15 14:59:37 gtw01 dnsmasq[31373]: started, version 2.80 cachesize 150
Jul 15 14:59:37 gtw01 dnsmasq[31373]: DNS service limited to local subnets
Jul 15 14:59:37 gtw01 dnsmasq[31373]: compile time options: IPv6 GNU-getopt DBus i18n IDN DHCP DHCPv6 no-Lua TFTP conntrack ipset auth DNSSEC loop-detect inotify dumpfile
Jul 15 14:59:37 gtw01 dnsmasq[31373]: warning: no upstream servers configured
Jul 15 14:59:37 gtw01 dnsmasq-dhcp[31373]: DHCP, static leases only on 192.168.120.0, lease time 1h
Jul 15 14:59:37 gtw01 dnsmasq[31373]: read /var/lib/neutron/dhcp/f8402513-5c0c-44b4-b602-2a3587d9f5ba/addn_hosts - 1 addresses
Jul 15 14:59:37 gtw01 dnsmasq-dhcp[31373]: read /var/lib/neutron/dhcp/f8402513-5c0c-44b4-b602-2a3587d9f5ba/host
Jul 15 14:59:37 gtw01 dnsmasq-dhcp[31373]: read /var/lib/neutron/dhcp/f8402513-5c0c-44b4-b602-2a3587d9f5ba/opts
Jul 15 14:59:37 gtw01 haproxy-metadata-proxy-f8402513-5c0c-44b4-b602-2a3587d9f5ba[31385]: Proxy listener started.
Jul 15 14:59:37 gtw01 kernel: [ 6879.525265] device qr-5de74eea-fb entered promiscuous mode
Jul 15 14:59:37 gtw01 systemd-udevd[31404]: Could not generate persistent MAC address for qr-5de74eea-fb: No such file or directory
Jul 15 14:59:38 gtw01 dnsmasq[31373]: read /var/lib/neutron/dhcp/f8402513-5c0c-44b4-b602-2a3587d9f5ba/addn_hosts - 2 addresses
Jul 15 14:59:38 gtw01 dnsmasq-dhcp[31373]: read /var/lib/neutron/dhcp/f8402513-5c0c-44b4-b602-2a3587d9f5ba/host
Jul 15 14:59:38 gtw01 dnsmasq-dhcp[31373]: read /var/lib/neutron/dhcp/f8402513-5c0c-44b4-b602-2a3587d9f5ba/opts
Jul 15 14:59:42 gtw01 kernel: [ 6884.276409] device tapc9996390-8a left promiscuous mode
Jul 15 14:59:42 gtw01 systemd-udevd[31634]: Could not generate persistent MAC address for qg-03af5570-bc: No such file or directory
Jul 15 14:59:42 gtw01 kernel: [ 6884.576021] device qg-03af5570-bc entered promiscuous mode
Jul 15 14:59:42 gtw01 dnsmasq[31373]: read /var/lib/neutron/dhcp/f8402513-5c0c-44b4-b602-2a3587d9f5ba/addn_hosts - 2 addresses
Jul 15 14:59:42 gtw01 dnsmasq-dhcp[31373]: read /var/lib/neutron/dhcp/f8402513-5c0c-44b4-b602-2a3587d9f5ba/host
Jul 15 14:59:42 gtw01 dnsmasq-dhcp[31373]: read /var/lib/neutron/dhcp/f8402513-5c0c-44b4-b602-2a3587d9f5ba/opts
Jul 15 14:59:43 gtw01 dnsmasq[31373]: read /var/lib/neutron/dhcp/f8402513-5c0c-44b4-b602-2a3587d9f5ba/addn_hosts - 2 addresses
Jul 15 14:59:43 gtw01 dnsmasq-dhcp[31373]: read /var/lib/neutron/dhcp/f8402513-5c0c-44b4-b602-2a3587d9f5ba/host
Jul 15 14:59:43 gtw01 dnsmasq-dhcp[31373]: read /var/lib/neutron/dhcp/f8402513-5c0c-44b4-b602-2a3587d9f5ba/opts
Jul 15 14:59:44 gtw01 dnsmasq[31373]: read /var/lib/neutron/dhcp/f8402513-5c0c-44b4-b602-2a3587d9f5ba/addn_hosts - 2 addresses
Jul 15 14:59:44 gtw01 dnsmasq-dhcp[31373]: read /var/lib/neutron/dhcp/f8402513-5c0c-44b4-b602-2a3587d9f5ba/host
Jul 15 14:59:44 gtw01 dnsmasq-dhcp[31373]: read /var/lib/neutron/dhcp/f8402513-5c0c-44b4-b602-2a3587d9f5ba/opts
Jul 15 14:59:45 gtw01 kernel: [ 6887.040521] IPv4: martian source 192.168.120.1 from 192.168.120.1, on dev qg-03af5570-bc
Jul 15 14:59:45 gtw01 kernel: [ 6887.040525] ll header: 00000000: ff ff ff ff ff ff fa 16 3e 44 a6 63 08 06        ........>D.c..
Jul 15 14:59:45 gtw01 dnsmasq[31373]: read /var/lib/neutron/dhcp/f8402513-5c0c-44b4-b602-2a3587d9f5ba/addn_hosts - 2 addresses
Jul 15 14:59:45 gtw01 dnsmasq-dhcp[31373]: read /var/lib/neutron/dhcp/f8402513-5c0c-44b4-b602-2a3587d9f5ba/host
Jul 15 14:59:45 gtw01 dnsmasq-dhcp[31373]: read /var/lib/neutron/dhcp/f8402513-5c0c-44b4-b602-2a3587d9f5ba/opts
Jul 15 14:59:45 gtw01 kernel: [ 6887.456822] IPv4: martian source 10.16.0.123 from 10.16.0.123, on dev qr-5de74eea-fb
Jul 15 14:59:45 gtw01 kernel: [ 6887.456825] ll header: 00000000: ff ff ff ff ff ff fa 16 3e 13 96 12 08 06        ........>.....
Jul 15 14:59:46 gtw01 dnsmasq[31373]: read /var/lib/neutron/dhcp/f8402513-5c0c-44b4-b602-2a3587d9f5ba/addn_hosts - 3 addresses
Jul 15 14:59:46 gtw01 dnsmasq-dhcp[31373]: read /var/lib/neutron/dhcp/f8402513-5c0c-44b4-b602-2a3587d9f5ba/host
Jul 15 14:59:46 gtw01 dnsmasq-dhcp[31373]: read /var/lib/neutron/dhcp/f8402513-5c0c-44b4-b602-2a3587d9f5ba/opts
Jul 15 14:59:47 gtw01 dnsmasq-dhcp[30258]: DHCPDISCOVER(tap67a3b7fc-18) fa:16:3e:ff:e1:ef
Jul 15 14:59:47 gtw01 dnsmasq-dhcp[30258]: DHCPOFFER(tap67a3b7fc-18) 192.168.120.5 fa:16:3e:ff:e1:ef
Jul 15 14:59:47 gtw01 dnsmasq-dhcp[30258]: DHCPREQUEST(tap67a3b7fc-18) 192.168.120.5 fa:16:3e:ff:e1:ef
Jul 15 14:59:47 gtw01 dnsmasq-dhcp[30258]: DHCPACK(tap67a3b7fc-18) 192.168.120.5 fa:16:3e:ff:e1:ef host-192-168-120-5
Jul 15 14:59:48 gtw01 dnsmasq[17160]: read /var/lib/neutron/dhcp/6e27b216-4503-43bd-924e-0e7d283c4bf3/addn_hosts - 3 addresses
Jul 15 14:59:48 gtw01 dnsmasq-dhcp[17160]: read /var/lib/neutron/dhcp/6e27b216-4503-43bd-924e-0e7d283c4bf3/host
Jul 15 14:59:48 gtw01 dnsmasq-dhcp[17160]: read /var/lib/neutron/dhcp/6e27b216-4503-43bd-924e-0e7d283c4bf3/opts
Jul 15 14:59:48 gtw01 dnsmasq[31373]: read /var/lib/neutron/dhcp/f8402513-5c0c-44b4-b602-2a3587d9f5ba/addn_hosts - 3 addresses
Jul 15 14:59:48 gtw01 dnsmasq-dhcp[31373]: read /var/lib/neutron/dhcp/f8402513-5c0c-44b4-b602-2a3587d9f5ba/host
Jul 15 14:59:48 gtw01 dnsmasq-dhcp[31373]: read /var/lib/neutron/dhcp/f8402513-5c0c-44b4-b602-2a3587d9f5ba/opts
Jul 15 14:59:49 gtw01 systemd-udevd[32083]: Could not generate persistent MAC address for tap2a83365d-3d: No such file or directory
Jul 15 14:59:49 gtw01 kernel: [ 6891.128849] device tap2a83365d-3d entered promiscuous mode
Jul 15 14:59:49 gtw01 systemd-udevd[32083]: Process '/sbin/ip link set tap2a83365d-3d txqueuelen 10000' failed with exit code 1.
Jul 15 14:59:49 gtw01 dnsmasq[17160]: read /var/lib/neutron/dhcp/6e27b216-4503-43bd-924e-0e7d283c4bf3/addn_hosts - 3 addresses
Jul 15 14:59:49 gtw01 dnsmasq-dhcp[17160]: read /var/lib/neutron/dhcp/6e27b216-4503-43bd-924e-0e7d283c4bf3/host
Jul 15 14:59:49 gtw01 dnsmasq-dhcp[17160]: read /var/lib/neutron/dhcp/6e27b216-4503-43bd-924e-0e7d283c4bf3/opts
Jul 15 14:59:49 gtw01 systemd-udevd[32083]: Process '/sbin/ip link set tap2a83365d-3d txqueuelen 10000' failed with exit code 1.
Jul 15 14:59:49 gtw01 dnsmasq[31373]: read /var/lib/neutron/dhcp/f8402513-5c0c-44b4-b602-2a3587d9f5ba/addn_hosts - 3 addresses
Jul 15 14:59:49 gtw01 dnsmasq-dhcp[31373]: read /var/lib/neutron/dhcp/f8402513-5c0c-44b4-b602-2a3587d9f5ba/host
Jul 15 14:59:49 gtw01 dnsmasq-dhcp[31373]: read /var/lib/neutron/dhcp/f8402513-5c0c-44b4-b602-2a3587d9f5ba/opts
Jul 15 14:59:49 gtw01 haproxy-metadata-proxy-86322a8f-659b-4a5f-91dc-a234ab7260c0[32196]: Proxy listener started.
Jul 15 14:59:50 gtw01 dnsmasq[17160]: read /var/lib/neutron/dhcp/6e27b216-4503-43bd-924e-0e7d283c4bf3/addn_hosts - 3 addresses
Jul 15 14:59:50 gtw01 dnsmasq-dhcp[17160]: read /var/lib/neutron/dhcp/6e27b216-4503-43bd-924e-0e7d283c4bf3/host
Jul 15 14:59:50 gtw01 dnsmasq-dhcp[17160]: read /var/lib/neutron/dhcp/6e27b216-4503-43bd-924e-0e7d283c4bf3/opts
Jul 15 14:59:51 gtw01 dnsmasq[31373]: read /var/lib/neutron/dhcp/f8402513-5c0c-44b4-b602-2a3587d9f5ba/addn_hosts - 3 addresses
Jul 15 14:59:51 gtw01 dnsmasq-dhcp[31373]: read /var/lib/neutron/dhcp/f8402513-5c0c-44b4-b602-2a3587d9f5ba/host
Jul 15 14:59:51 gtw01 dnsmasq-dhcp[31373]: read /var/lib/neutron/dhcp/f8402513-5c0c-44b4-b602-2a3587d9f5ba/opts
Jul 15 14:59:52 gtw01 dnsmasq[31373]: read /var/lib/neutron/dhcp/f8402513-5c0c-44b4-b602-2a3587d9f5ba/addn_hosts - 3 addresses
Jul 15 14:59:52 gtw01 dnsmasq-dhcp[31373]: read /var/lib/neutron/dhcp/f8402513-5c0c-44b4-b602-2a3587d9f5ba/host
Jul 15 14:59:52 gtw01 dnsmasq-dhcp[31373]: read /var/lib/neutron/dhcp/f8402513-5c0c-44b4-b602-2a3587d9f5ba/opts
Jul 15 14:59:53 gtw01 dnsmasq[32401]: started, version 2.80 cachesize 150
Jul 15 14:59:53 gtw01 dnsmasq[32401]: DNS service limited to local subnets
Jul 15 14:59:53 gtw01 dnsmasq[32401]: compile time options: IPv6 GNU-getopt DBus i18n IDN DHCP DHCPv6 no-Lua TFTP conntrack ipset auth DNSSEC loop-detect inotify dumpfile
Jul 15 14:59:53 gtw01 dnsmasq[32401]: warning: no upstream servers configured
Jul 15 14:59:53 gtw01 dnsmasq-dhcp[32401]: DHCP, static leases only on 192.168.120.0, lease time 1h
Jul 15 14:59:53 gtw01 dnsmasq[32401]: read /var/lib/neutron/dhcp/f5cd2a32-976b-4c39-8802-d21159d7c871/addn_hosts - 1 addresses
Jul 15 14:59:53 gtw01 dnsmasq-dhcp[32401]: read /var/lib/neutron/dhcp/f5cd2a32-976b-4c39-8802-d21159d7c871/host
Jul 15 14:59:53 gtw01 dnsmasq-dhcp[32401]: read /var/lib/neutron/dhcp/f5cd2a32-976b-4c39-8802-d21159d7c871/opts
Jul 15 14:59:53 gtw01 haproxy-metadata-proxy-f5cd2a32-976b-4c39-8802-d21159d7c871[32412]: Proxy listener started.
Jul 15 14:59:54 gtw01 kernel: [ 6895.706545] device qg-5ee2c692-c8 entered promiscuous mode
Jul 15 14:59:54 gtw01 systemd-udevd[32427]: Could not generate persistent MAC address for qg-5ee2c692-c8: No such file or directory
Jul 15 14:59:54 gtw01 dnsmasq[32401]: read /var/lib/neutron/dhcp/f5cd2a32-976b-4c39-8802-d21159d7c871/addn_hosts - 2 addresses
Jul 15 14:59:54 gtw01 dnsmasq-dhcp[32401]: read /var/lib/neutron/dhcp/f5cd2a32-976b-4c39-8802-d21159d7c871/host
Jul 15 14:59:54 gtw01 dnsmasq-dhcp[32401]: read /var/lib/neutron/dhcp/f5cd2a32-976b-4c39-8802-d21159d7c871/opts
Jul 15 14:59:55 gtw01 dnsmasq[32401]: read /var/lib/neutron/dhcp/f5cd2a32-976b-4c39-8802-d21159d7c871/addn_hosts - 2 addresses
Jul 15 14:59:55 gtw01 dnsmasq-dhcp[32401]: read /var/lib/neutron/dhcp/f5cd2a32-976b-4c39-8802-d21159d7c871/host
Jul 15 14:59:55 gtw01 dnsmasq-dhcp[32401]: read /var/lib/neutron/dhcp/f5cd2a32-976b-4c39-8802-d21159d7c871/opts
Jul 15 14:59:56 gtw01 dnsmasq[32401]: read /var/lib/neutron/dhcp/f5cd2a32-976b-4c39-8802-d21159d7c871/addn_hosts - 2 addresses
Jul 15 14:59:56 gtw01 dnsmasq-dhcp[32401]: read /var/lib/neutron/dhcp/f5cd2a32-976b-4c39-8802-d21159d7c871/host
Jul 15 14:59:56 gtw01 dnsmasq-dhcp[32401]: read /var/lib/neutron/dhcp/f5cd2a32-976b-4c39-8802-d21159d7c871/opts
Jul 15 14:59:57 gtw01 dnsmasq[32401]: read /var/lib/neutron/dhcp/f5cd2a32-976b-4c39-8802-d21159d7c871/addn_hosts - 2 addresses
Jul 15 14:59:57 gtw01 dnsmasq-dhcp[32401]: read /var/lib/neutron/dhcp/f5cd2a32-976b-4c39-8802-d21159d7c871/host
Jul 15 14:59:57 gtw01 dnsmasq-dhcp[32401]: read /var/lib/neutron/dhcp/f5cd2a32-976b-4c39-8802-d21159d7c871/opts
Jul 15 14:59:58 gtw01 dnsmasq[32401]: read /var/lib/neutron/dhcp/f5cd2a32-976b-4c39-8802-d21159d7c871/addn_hosts - 2 addresses
Jul 15 14:59:58 gtw01 dnsmasq-dhcp[32401]: read /var/lib/neutron/dhcp/f5cd2a32-976b-4c39-8802-d21159d7c871/host
Jul 15 14:59:58 gtw01 dnsmasq-dhcp[32401]: read /var/lib/neutron/dhcp/f5cd2a32-976b-4c39-8802-d21159d7c871/opts
Jul 15 14:59:59 gtw01 dnsmasq[17160]: read /var/lib/neutron/dhcp/6e27b216-4503-43bd-924e-0e7d283c4bf3/addn_hosts - 2 addresses
Jul 15 14:59:59 gtw01 dnsmasq-dhcp[17160]: read /var/lib/neutron/dhcp/6e27b216-4503-43bd-924e-0e7d283c4bf3/host
Jul 15 14:59:59 gtw01 dnsmasq-dhcp[17160]: read /var/lib/neutron/dhcp/6e27b216-4503-43bd-924e-0e7d283c4bf3/opts
Jul 15 15:00:01 gtw01 dnsmasq-dhcp[30258]: DHCPRELEASE(tap67a3b7fc-18) 192.168.120.5 fa:16:3e:ff:e1:ef
Jul 15 15:00:01 gtw01 dnsmasq-dhcp[30258]: DHCPRELEASE(tap67a3b7fc-18) 192.168.120.5 fa:16:3e:ff:e1:ef unknown lease
Jul 15 15:00:01 gtw01 haproxy-metadata-proxy-fec9a9db-3368-4483-901c-3ee4261de21b[440]: Proxy listener started.
Jul 15 15:00:01 gtw01 dnsmasq[30258]: read /var/lib/neutron/dhcp/ad6eb076-3757-4074-95c6-de96dc74f07c/addn_hosts - 2 addresses
Jul 15 15:00:01 gtw01 dnsmasq-dhcp[30258]: read /var/lib/neutron/dhcp/ad6eb076-3757-4074-95c6-de96dc74f07c/host
Jul 15 15:00:01 gtw01 dnsmasq-dhcp[30258]: read /var/lib/neutron/dhcp/ad6eb076-3757-4074-95c6-de96dc74f07c/opts
Jul 15 15:00:03 gtw01 dnsmasq[32401]: read /var/lib/neutron/dhcp/f5cd2a32-976b-4c39-8802-d21159d7c871/addn_hosts - 2 addresses
Jul 15 15:00:03 gtw01 dnsmasq-dhcp[32401]: read /var/lib/neutron/dhcp/f5cd2a32-976b-4c39-8802-d21159d7c871/host
Jul 15 15:00:03 gtw01 dnsmasq-dhcp[32401]: read /var/lib/neutron/dhcp/f5cd2a32-976b-4c39-8802-d21159d7c871/opts
Jul 15 15:00:03 gtw01 dnsmasq-dhcp[31373]: DHCPDISCOVER(tap7eb641c6-39) fa:16:3e:f1:3d:49
Jul 15 15:00:03 gtw01 dnsmasq-dhcp[31373]: DHCPOFFER(tap7eb641c6-39) 192.168.120.8 fa:16:3e:f1:3d:49
Jul 15 15:00:03 gtw01 dnsmasq-dhcp[31373]: DHCPREQUEST(tap7eb641c6-39) 192.168.120.8 fa:16:3e:f1:3d:49
Jul 15 15:00:03 gtw01 dnsmasq-dhcp[31373]: DHCPACK(tap7eb641c6-39) 192.168.120.8 fa:16:3e:f1:3d:49 host-192-168-120-8
Jul 15 15:00:04 gtw01 dnsmasq[32401]: read /var/lib/neutron/dhcp/f5cd2a32-976b-4c39-8802-d21159d7c871/addn_hosts - 3 addresses
Jul 15 15:00:04 gtw01 dnsmasq-dhcp[32401]: read /var/lib/neutron/dhcp/f5cd2a32-976b-4c39-8802-d21159d7c871/host
Jul 15 15:00:04 gtw01 dnsmasq-dhcp[32401]: read /var/lib/neutron/dhcp/f5cd2a32-976b-4c39-8802-d21159d7c871/opts
Jul 15 15:00:04 gtw01 dnsmasq[30258]: read /var/lib/neutron/dhcp/ad6eb076-3757-4074-95c6-de96dc74f07c/addn_hosts - 1 addresses
Jul 15 15:00:04 gtw01 dnsmasq-dhcp[30258]: read /var/lib/neutron/dhcp/ad6eb076-3757-4074-95c6-de96dc74f07c/host
Jul 15 15:00:04 gtw01 dnsmasq-dhcp[30258]: read /var/lib/neutron/dhcp/ad6eb076-3757-4074-95c6-de96dc74f07c/opts
Jul 15 15:00:04 gtw01 kernel: [ 6906.524702] device qr-48ea7419-bd entered promiscuous mode
Jul 15 15:00:04 gtw01 systemd-udevd[552]: Could not generate persistent MAC address for qr-48ea7419-bd: No such file or directory
Jul 15 15:00:05 gtw01 dnsmasq[17160]: read /var/lib/neutron/dhcp/6e27b216-4503-43bd-924e-0e7d283c4bf3/addn_hosts - 3 addresses
Jul 15 15:00:05 gtw01 dnsmasq-dhcp[17160]: read /var/lib/neutron/dhcp/6e27b216-4503-43bd-924e-0e7d283c4bf3/host
Jul 15 15:00:05 gtw01 dnsmasq-dhcp[17160]: read /var/lib/neutron/dhcp/6e27b216-4503-43bd-924e-0e7d283c4bf3/opts
Jul 15 15:00:05 gtw01 dnsmasq[32401]: read /var/lib/neutron/dhcp/f5cd2a32-976b-4c39-8802-d21159d7c871/addn_hosts - 3 addresses
Jul 15 15:00:05 gtw01 dnsmasq-dhcp[32401]: read /var/lib/neutron/dhcp/f5cd2a32-976b-4c39-8802-d21159d7c871/host
Jul 15 15:00:05 gtw01 dnsmasq-dhcp[32401]: read /var/lib/neutron/dhcp/f5cd2a32-976b-4c39-8802-d21159d7c871/opts
Jul 15 15:00:05 gtw01 haproxy-metadata-proxy-ad6eb076-3757-4074-95c6-de96dc74f07c[658]: Proxy listener started.
Jul 15 15:00:06 gtw01 dnsmasq[17160]: read /var/lib/neutron/dhcp/6e27b216-4503-43bd-924e-0e7d283c4bf3/addn_hosts - 3 addresses
Jul 15 15:00:06 gtw01 dnsmasq-dhcp[17160]: read /var/lib/neutron/dhcp/6e27b216-4503-43bd-924e-0e7d283c4bf3/host
Jul 15 15:00:06 gtw01 dnsmasq-dhcp[17160]: read /var/lib/neutron/dhcp/6e27b216-4503-43bd-924e-0e7d283c4bf3/opts
Jul 15 15:00:06 gtw01 kernel: [ 6907.984628] IPv4: martian source 192.168.120.1 from 192.168.120.1, on dev qr-b968d58f-c9
Jul 15 15:00:06 gtw01 kernel: [ 6907.984631] ll header: 00000000: ff ff ff ff ff ff fa 16 3e 62 92 35 08 06        ........>b.5..
Jul 15 15:00:06 gtw01 dnsmasq[32401]: read /var/lib/neutron/dhcp/f5cd2a32-976b-4c39-8802-d21159d7c871/addn_hosts - 3 addresses
Jul 15 15:00:06 gtw01 dnsmasq-dhcp[32401]: read /var/lib/neutron/dhcp/f5cd2a32-976b-4c39-8802-d21159d7c871/host
Jul 15 15:00:06 gtw01 dnsmasq-dhcp[32401]: read /var/lib/neutron/dhcp/f5cd2a32-976b-4c39-8802-d21159d7c871/opts
Jul 15 15:00:06 gtw01 kernel: [ 6908.257978] device qr-b968d58f-c9 left promiscuous mode
Jul 15 15:00:07 gtw01 dnsmasq[17160]: read /var/lib/neutron/dhcp/6e27b216-4503-43bd-924e-0e7d283c4bf3/addn_hosts - 3 addresses
Jul 15 15:00:07 gtw01 dnsmasq-dhcp[17160]: read /var/lib/neutron/dhcp/6e27b216-4503-43bd-924e-0e7d283c4bf3/host
Jul 15 15:00:07 gtw01 dnsmasq-dhcp[17160]: read /var/lib/neutron/dhcp/6e27b216-4503-43bd-924e-0e7d283c4bf3/opts
Jul 15 15:00:07 gtw01 kernel: [ 6909.158799] device qg-4d402cbc-1c left promiscuous mode
Jul 15 15:00:07 gtw01 dnsmasq[32401]: read /var/lib/neutron/dhcp/f5cd2a32-976b-4c39-8802-d21159d7c871/addn_hosts - 3 addresses
Jul 15 15:00:07 gtw01 dnsmasq-dhcp[32401]: read /var/lib/neutron/dhcp/f5cd2a32-976b-4c39-8802-d21159d7c871/host
Jul 15 15:00:07 gtw01 dnsmasq-dhcp[32401]: read /var/lib/neutron/dhcp/f5cd2a32-976b-4c39-8802-d21159d7c871/opts
Jul 15 15:00:09 gtw01 kernel: [ 6911.361228] device tap67a3b7fc-18 left promiscuous mode
Jul 15 15:00:14 gtw01 dnsmasq[31373]: read /var/lib/neutron/dhcp/f8402513-5c0c-44b4-b602-2a3587d9f5ba/addn_hosts - 4 addresses
Jul 15 15:00:14 gtw01 dnsmasq-dhcp[31373]: read /var/lib/neutron/dhcp/f8402513-5c0c-44b4-b602-2a3587d9f5ba/host
Jul 15 15:00:14 gtw01 dnsmasq-dhcp[31373]: read /var/lib/neutron/dhcp/f8402513-5c0c-44b4-b602-2a3587d9f5ba/opts
Jul 15 15:00:15 gtw01 dnsmasq[31373]: read /var/lib/neutron/dhcp/f8402513-5c0c-44b4-b602-2a3587d9f5ba/addn_hosts - 4 addresses
Jul 15 15:00:15 gtw01 dnsmasq-dhcp[31373]: read /var/lib/neutron/dhcp/f8402513-5c0c-44b4-b602-2a3587d9f5ba/host
Jul 15 15:00:15 gtw01 dnsmasq-dhcp[31373]: read /var/lib/neutron/dhcp/f8402513-5c0c-44b4-b602-2a3587d9f5ba/opts
Jul 15 15:00:16 gtw01 dnsmasq[31373]: read /var/lib/neutron/dhcp/f8402513-5c0c-44b4-b602-2a3587d9f5ba/addn_hosts - 4 addresses
Jul 15 15:00:16 gtw01 dnsmasq-dhcp[31373]: read /var/lib/neutron/dhcp/f8402513-5c0c-44b4-b602-2a3587d9f5ba/host
Jul 15 15:00:16 gtw01 dnsmasq-dhcp[31373]: read /var/lib/neutron/dhcp/f8402513-5c0c-44b4-b602-2a3587d9f5ba/opts
Jul 15 15:00:20 gtw01 dnsmasq-dhcp[32401]: DHCPDISCOVER(tap2a83365d-3d) fa:16:3e:ea:25:59
Jul 15 15:00:20 gtw01 dnsmasq-dhcp[32401]: DHCPOFFER(tap2a83365d-3d) 192.168.120.7 fa:16:3e:ea:25:59
Jul 15 15:00:20 gtw01 dnsmasq-dhcp[32401]: DHCPREQUEST(tap2a83365d-3d) 192.168.120.7 fa:16:3e:ea:25:59
Jul 15 15:00:20 gtw01 dnsmasq-dhcp[32401]: DHCPACK(tap2a83365d-3d) 192.168.120.7 fa:16:3e:ea:25:59 host-192-168-120-7
Jul 15 15:00:21 gtw01 dnsmasq[31373]: read /var/lib/neutron/dhcp/f8402513-5c0c-44b4-b602-2a3587d9f5ba/addn_hosts - 3 addresses
Jul 15 15:00:21 gtw01 dnsmasq-dhcp[31373]: read /var/lib/neutron/dhcp/f8402513-5c0c-44b4-b602-2a3587d9f5ba/host
Jul 15 15:00:21 gtw01 dnsmasq-dhcp[31373]: read /var/lib/neutron/dhcp/f8402513-5c0c-44b4-b602-2a3587d9f5ba/opts
Jul 15 15:00:21 gtw01 dnsmasq[17160]: read /var/lib/neutron/dhcp/6e27b216-4503-43bd-924e-0e7d283c4bf3/addn_hosts - 2 addresses
Jul 15 15:00:21 gtw01 dnsmasq-dhcp[17160]: read /var/lib/neutron/dhcp/6e27b216-4503-43bd-924e-0e7d283c4bf3/host
Jul 15 15:00:21 gtw01 dnsmasq-dhcp[17160]: read /var/lib/neutron/dhcp/6e27b216-4503-43bd-924e-0e7d283c4bf3/opts
Jul 15 15:00:23 gtw01 dnsmasq-dhcp[31373]: DHCPRELEASE(tap7eb641c6-39) 192.168.120.8 fa:16:3e:f1:3d:49
Jul 15 15:00:23 gtw01 dnsmasq-dhcp[31373]: DHCPRELEASE(tap7eb641c6-39) 192.168.120.8 fa:16:3e:f1:3d:49 unknown lease
Jul 15 15:00:24 gtw01 dnsmasq[31373]: read /var/lib/neutron/dhcp/f8402513-5c0c-44b4-b602-2a3587d9f5ba/addn_hosts - 2 addresses
Jul 15 15:00:24 gtw01 dnsmasq-dhcp[31373]: read /var/lib/neutron/dhcp/f8402513-5c0c-44b4-b602-2a3587d9f5ba/host
Jul 15 15:00:24 gtw01 dnsmasq-dhcp[31373]: read /var/lib/neutron/dhcp/f8402513-5c0c-44b4-b602-2a3587d9f5ba/opts
Jul 15 15:00:25 gtw01 kernel: [ 6926.707868] device qg-e88d48eb-3c entered promiscuous mode
Jul 15 15:00:25 gtw01 systemd-udevd[1219]: Could not generate persistent MAC address for qg-e88d48eb-3c: No such file or directory
Jul 15 15:00:29 gtw01 dnsmasq[17160]: read /var/lib/neutron/dhcp/6e27b216-4503-43bd-924e-0e7d283c4bf3/addn_hosts - 3 addresses
Jul 15 15:00:29 gtw01 dnsmasq-dhcp[17160]: read /var/lib/neutron/dhcp/6e27b216-4503-43bd-924e-0e7d283c4bf3/host
Jul 15 15:00:29 gtw01 dnsmasq-dhcp[17160]: read /var/lib/neutron/dhcp/6e27b216-4503-43bd-924e-0e7d283c4bf3/opts
Jul 15 15:00:31 gtw01 haproxy-metadata-proxy-a08c3fed-9c1f-4891-a3b1-4fc129c33aa7[1491]: Proxy listener started.
Jul 15 15:00:31 gtw01 dnsmasq-dhcp[32401]: DHCPRELEASE(tap2a83365d-3d) 192.168.120.7 fa:16:3e:ea:25:59
Jul 15 15:00:31 gtw01 dnsmasq-dhcp[32401]: DHCPRELEASE(tap2a83365d-3d) 192.168.120.7 fa:16:3e:ea:25:59 unknown lease
Jul 15 15:00:31 gtw01 dnsmasq[17160]: read /var/lib/neutron/dhcp/6e27b216-4503-43bd-924e-0e7d283c4bf3/addn_hosts - 3 addresses
Jul 15 15:00:31 gtw01 dnsmasq-dhcp[17160]: read /var/lib/neutron/dhcp/6e27b216-4503-43bd-924e-0e7d283c4bf3/host
Jul 15 15:00:31 gtw01 dnsmasq-dhcp[17160]: read /var/lib/neutron/dhcp/6e27b216-4503-43bd-924e-0e7d283c4bf3/opts
Jul 15 15:00:31 gtw01 kernel: [ 6933.554285] device vxlan_sys_4789 left promiscuous mode
Jul 15 15:00:32 gtw01 dnsmasq[32401]: read /var/lib/neutron/dhcp/f5cd2a32-976b-4c39-8802-d21159d7c871/addn_hosts - 2 addresses
Jul 15 15:00:32 gtw01 dnsmasq-dhcp[32401]: read /var/lib/neutron/dhcp/f5cd2a32-976b-4c39-8802-d21159d7c871/host
Jul 15 15:00:32 gtw01 dnsmasq-dhcp[32401]: read /var/lib/neutron/dhcp/f5cd2a32-976b-4c39-8802-d21159d7c871/opts
Jul 15 15:00:32 gtw01 dnsmasq[17160]: read /var/lib/neutron/dhcp/6e27b216-4503-43bd-924e-0e7d283c4bf3/addn_hosts - 3 addresses
Jul 15 15:00:32 gtw01 dnsmasq-dhcp[17160]: read /var/lib/neutron/dhcp/6e27b216-4503-43bd-924e-0e7d283c4bf3/host
Jul 15 15:00:32 gtw01 dnsmasq-dhcp[17160]: read /var/lib/neutron/dhcp/6e27b216-4503-43bd-924e-0e7d283c4bf3/opts
Jul 15 15:00:34 gtw01 systemd-udevd[1589]: Could not generate persistent MAC address for qr-f595442f-b0: No such file or directory
Jul 15 15:00:34 gtw01 kernel: [ 6935.956732] device qr-f595442f-b0 entered promiscuous mode
Jul 15 15:00:34 gtw01 dnsmasq[31373]: read /var/lib/neutron/dhcp/f8402513-5c0c-44b4-b602-2a3587d9f5ba/addn_hosts - 3 addresses
Jul 15 15:00:34 gtw01 dnsmasq-dhcp[31373]: read /var/lib/neutron/dhcp/f8402513-5c0c-44b4-b602-2a3587d9f5ba/host
Jul 15 15:00:34 gtw01 dnsmasq-dhcp[31373]: read /var/lib/neutron/dhcp/f8402513-5c0c-44b4-b602-2a3587d9f5ba/opts
Jul 15 15:00:35 gtw01 dnsmasq[31373]: read /var/lib/neutron/dhcp/f8402513-5c0c-44b4-b602-2a3587d9f5ba/addn_hosts - 3 addresses
Jul 15 15:00:35 gtw01 dnsmasq-dhcp[31373]: read /var/lib/neutron/dhcp/f8402513-5c0c-44b4-b602-2a3587d9f5ba/host
Jul 15 15:00:35 gtw01 dnsmasq-dhcp[31373]: read /var/lib/neutron/dhcp/f8402513-5c0c-44b4-b602-2a3587d9f5ba/opts
Jul 15 15:00:35 gtw01 systemd-udevd[1763]: Could not generate persistent MAC address for vxlan_sys_4789: No such file or directory
Jul 15 15:00:35 gtw01 kernel: [ 6937.535641] device vxlan_sys_4789 entered promiscuous mode
Jul 15 15:00:36 gtw01 dnsmasq[31373]: read /var/lib/neutron/dhcp/f8402513-5c0c-44b4-b602-2a3587d9f5ba/addn_hosts - 3 addresses
Jul 15 15:00:36 gtw01 dnsmasq-dhcp[31373]: read /var/lib/neutron/dhcp/f8402513-5c0c-44b4-b602-2a3587d9f5ba/host
Jul 15 15:00:36 gtw01 dnsmasq-dhcp[31373]: read /var/lib/neutron/dhcp/f8402513-5c0c-44b4-b602-2a3587d9f5ba/opts
Jul 15 15:00:38 gtw01 dnsmasq[32401]: read /var/lib/neutron/dhcp/f5cd2a32-976b-4c39-8802-d21159d7c871/addn_hosts - 1 addresses
Jul 15 15:00:38 gtw01 dnsmasq-dhcp[32401]: read /var/lib/neutron/dhcp/f5cd2a32-976b-4c39-8802-d21159d7c871/host
Jul 15 15:00:38 gtw01 dnsmasq-dhcp[32401]: read /var/lib/neutron/dhcp/f5cd2a32-976b-4c39-8802-d21159d7c871/opts
Jul 15 15:00:38 gtw01 haproxy-metadata-proxy-f5cd2a32-976b-4c39-8802-d21159d7c871[1953]: Proxy listener started.
Jul 15 15:00:40 gtw01 kernel: [ 6941.816514] device qr-48ea7419-bd left promiscuous mode
Jul 15 15:00:41 gtw01 kernel: [ 6942.745369] device qg-5ee2c692-c8 left promiscuous mode
Jul 15 15:00:42 gtw01 dnsmasq[17160]: read /var/lib/neutron/dhcp/6e27b216-4503-43bd-924e-0e7d283c4bf3/addn_hosts - 2 addresses
Jul 15 15:00:42 gtw01 dnsmasq-dhcp[17160]: read /var/lib/neutron/dhcp/6e27b216-4503-43bd-924e-0e7d283c4bf3/host
Jul 15 15:00:42 gtw01 dnsmasq-dhcp[17160]: read /var/lib/neutron/dhcp/6e27b216-4503-43bd-924e-0e7d283c4bf3/opts
Jul 15 15:00:43 gtw01 kernel: [ 6944.708735] device tap2a83365d-3d left promiscuous mode
Jul 15 15:00:47 gtw01 dnsmasq[17160]: read /var/lib/neutron/dhcp/6e27b216-4503-43bd-924e-0e7d283c4bf3/addn_hosts - 3 addresses
Jul 15 15:00:47 gtw01 dnsmasq-dhcp[17160]: read /var/lib/neutron/dhcp/6e27b216-4503-43bd-924e-0e7d283c4bf3/host
Jul 15 15:00:47 gtw01 dnsmasq-dhcp[17160]: read /var/lib/neutron/dhcp/6e27b216-4503-43bd-924e-0e7d283c4bf3/opts
Jul 15 15:00:48 gtw01 dnsmasq[17160]: read /var/lib/neutron/dhcp/6e27b216-4503-43bd-924e-0e7d283c4bf3/addn_hosts - 3 addresses
Jul 15 15:00:48 gtw01 dnsmasq-dhcp[17160]: read /var/lib/neutron/dhcp/6e27b216-4503-43bd-924e-0e7d283c4bf3/host
Jul 15 15:00:48 gtw01 dnsmasq-dhcp[17160]: read /var/lib/neutron/dhcp/6e27b216-4503-43bd-924e-0e7d283c4bf3/opts
Jul 15 15:00:49 gtw01 dnsmasq[17160]: read /var/lib/neutron/dhcp/6e27b216-4503-43bd-924e-0e7d283c4bf3/addn_hosts - 3 addresses
Jul 15 15:00:49 gtw01 dnsmasq-dhcp[17160]: read /var/lib/neutron/dhcp/6e27b216-4503-43bd-924e-0e7d283c4bf3/host
Jul 15 15:00:49 gtw01 dnsmasq-dhcp[17160]: read /var/lib/neutron/dhcp/6e27b216-4503-43bd-924e-0e7d283c4bf3/opts
Jul 15 15:00:50 gtw01 kernel: [ 6952.206847] device tapc93cc296-3d entered promiscuous mode
Jul 15 15:00:50 gtw01 systemd-udevd[2284]: Could not generate persistent MAC address for tapc93cc296-3d: No such file or directory
Jul 15 15:00:50 gtw01 systemd-udevd[2284]: Process '/sbin/ip link set tapc93cc296-3d txqueuelen 10000' failed with exit code 1.
Jul 15 15:00:50 gtw01 systemd-udevd[2358]: Process '/sbin/ip link set tapc93cc296-3d txqueuelen 10000' failed with exit code 1.
Jul 15 15:00:51 gtw01 dnsmasq-dhcp[31373]: DHCPDISCOVER(tap7eb641c6-39) fa:16:3e:6d:eb:ca
Jul 15 15:00:51 gtw01 dnsmasq-dhcp[31373]: DHCPOFFER(tap7eb641c6-39) 192.168.120.3 fa:16:3e:6d:eb:ca
Jul 15 15:00:51 gtw01 dnsmasq-dhcp[31373]: DHCPREQUEST(tap7eb641c6-39) 192.168.120.3 fa:16:3e:6d:eb:ca
Jul 15 15:00:51 gtw01 dnsmasq-dhcp[31373]: DHCPACK(tap7eb641c6-39) 192.168.120.3 fa:16:3e:6d:eb:ca host-192-168-120-3
Jul 15 15:00:53 gtw01 dnsmasq[2461]: started, version 2.80 cachesize 150
Jul 15 15:00:53 gtw01 dnsmasq[2461]: DNS service limited to local subnets
Jul 15 15:00:53 gtw01 dnsmasq[2461]: compile time options: IPv6 GNU-getopt DBus i18n IDN DHCP DHCPv6 no-Lua TFTP conntrack ipset auth DNSSEC loop-detect inotify dumpfile
Jul 15 15:00:53 gtw01 dnsmasq[2461]: warning: no upstream servers configured
Jul 15 15:00:53 gtw01 dnsmasq-dhcp[2461]: DHCP, static leases only on 192.168.120.0, lease time 1h
Jul 15 15:00:53 gtw01 dnsmasq[2461]: read /var/lib/neutron/dhcp/4bf0f283-f32e-46dc-b60b-57c146377407/addn_hosts - 1 addresses
Jul 15 15:00:53 gtw01 dnsmasq-dhcp[2461]: read /var/lib/neutron/dhcp/4bf0f283-f32e-46dc-b60b-57c146377407/host
Jul 15 15:00:53 gtw01 dnsmasq-dhcp[2461]: read /var/lib/neutron/dhcp/4bf0f283-f32e-46dc-b60b-57c146377407/opts
Jul 15 15:00:54 gtw01 haproxy-metadata-proxy-4bf0f283-f32e-46dc-b60b-57c146377407[2469]: Proxy listener started.
Jul 15 15:00:54 gtw01 systemd-udevd[2476]: Could not generate persistent MAC address for qr-d6c80d2c-0f: No such file or directory
Jul 15 15:00:54 gtw01 kernel: [ 6955.852997] device qr-d6c80d2c-0f entered promiscuous mode
Jul 15 15:00:54 gtw01 dnsmasq[2461]: read /var/lib/neutron/dhcp/4bf0f283-f32e-46dc-b60b-57c146377407/addn_hosts - 2 addresses
Jul 15 15:00:54 gtw01 dnsmasq-dhcp[2461]: read /var/lib/neutron/dhcp/4bf0f283-f32e-46dc-b60b-57c146377407/host
Jul 15 15:00:54 gtw01 dnsmasq-dhcp[2461]: read /var/lib/neutron/dhcp/4bf0f283-f32e-46dc-b60b-57c146377407/opts
Jul 15 15:00:55 gtw01 kernel: [ 6957.046478] device qg-3282f061-ca entered promiscuous mode
Jul 15 15:00:55 gtw01 systemd-udevd[2607]: Could not generate persistent MAC address for qg-3282f061-ca: No such file or directory
Jul 15 15:00:56 gtw01 dnsmasq[2461]: read /var/lib/neutron/dhcp/4bf0f283-f32e-46dc-b60b-57c146377407/addn_hosts - 2 addresses
Jul 15 15:00:56 gtw01 dnsmasq-dhcp[2461]: read /var/lib/neutron/dhcp/4bf0f283-f32e-46dc-b60b-57c146377407/host
Jul 15 15:00:56 gtw01 dnsmasq-dhcp[2461]: read /var/lib/neutron/dhcp/4bf0f283-f32e-46dc-b60b-57c146377407/opts
Jul 15 15:00:56 gtw01 dnsmasq[2461]: read /var/lib/neutron/dhcp/4bf0f283-f32e-46dc-b60b-57c146377407/addn_hosts - 2 addresses
Jul 15 15:00:56 gtw01 dnsmasq-dhcp[2461]: read /var/lib/neutron/dhcp/4bf0f283-f32e-46dc-b60b-57c146377407/host
Jul 15 15:00:57 gtw01 dnsmasq-dhcp[2461]: read /var/lib/neutron/dhcp/4bf0f283-f32e-46dc-b60b-57c146377407/opts
Jul 15 15:00:57 gtw01 dnsmasq[2461]: read /var/lib/neutron/dhcp/4bf0f283-f32e-46dc-b60b-57c146377407/addn_hosts - 2 addresses
Jul 15 15:00:57 gtw01 dnsmasq-dhcp[2461]: read /var/lib/neutron/dhcp/4bf0f283-f32e-46dc-b60b-57c146377407/host
Jul 15 15:00:57 gtw01 dnsmasq-dhcp[2461]: read /var/lib/neutron/dhcp/4bf0f283-f32e-46dc-b60b-57c146377407/opts
Jul 15 15:00:58 gtw01 dnsmasq[2461]: read /var/lib/neutron/dhcp/4bf0f283-f32e-46dc-b60b-57c146377407/addn_hosts - 2 addresses
Jul 15 15:00:58 gtw01 dnsmasq-dhcp[2461]: read /var/lib/neutron/dhcp/4bf0f283-f32e-46dc-b60b-57c146377407/host
Jul 15 15:00:58 gtw01 dnsmasq-dhcp[2461]: read /var/lib/neutron/dhcp/4bf0f283-f32e-46dc-b60b-57c146377407/opts
Jul 15 15:01:00 gtw01 dnsmasq[2461]: read /var/lib/neutron/dhcp/4bf0f283-f32e-46dc-b60b-57c146377407/addn_hosts - 3 addresses
Jul 15 15:01:00 gtw01 dnsmasq-dhcp[2461]: read /var/lib/neutron/dhcp/4bf0f283-f32e-46dc-b60b-57c146377407/host
Jul 15 15:01:00 gtw01 dnsmasq-dhcp[2461]: read /var/lib/neutron/dhcp/4bf0f283-f32e-46dc-b60b-57c146377407/opts
Jul 15 15:01:01 gtw01 haproxy-metadata-proxy-34804ca4-6963-4c1c-a18a-f1dc8f46dd58[2955]: Proxy listener started.
Jul 15 15:01:02 gtw01 dnsmasq[2461]: read /var/lib/neutron/dhcp/4bf0f283-f32e-46dc-b60b-57c146377407/addn_hosts - 3 addresses
Jul 15 15:01:02 gtw01 dnsmasq-dhcp[2461]: read /var/lib/neutron/dhcp/4bf0f283-f32e-46dc-b60b-57c146377407/host
Jul 15 15:01:02 gtw01 dnsmasq-dhcp[2461]: read /var/lib/neutron/dhcp/4bf0f283-f32e-46dc-b60b-57c146377407/opts
Jul 15 15:01:02 gtw01 dnsmasq[31373]: read /var/lib/neutron/dhcp/f8402513-5c0c-44b4-b602-2a3587d9f5ba/addn_hosts - 4 addresses
Jul 15 15:01:02 gtw01 dnsmasq-dhcp[31373]: read /var/lib/neutron/dhcp/f8402513-5c0c-44b4-b602-2a3587d9f5ba/host
Jul 15 15:01:02 gtw01 dnsmasq-dhcp[31373]: read /var/lib/neutron/dhcp/f8402513-5c0c-44b4-b602-2a3587d9f5ba/opts
Jul 15 15:01:03 gtw01 dnsmasq[2461]: read /var/lib/neutron/dhcp/4bf0f283-f32e-46dc-b60b-57c146377407/addn_hosts - 3 addresses
Jul 15 15:01:03 gtw01 dnsmasq-dhcp[2461]: read /var/lib/neutron/dhcp/4bf0f283-f32e-46dc-b60b-57c146377407/host
Jul 15 15:01:03 gtw01 dnsmasq-dhcp[2461]: read /var/lib/neutron/dhcp/4bf0f283-f32e-46dc-b60b-57c146377407/opts
Jul 15 15:01:03 gtw01 dnsmasq[31373]: read /var/lib/neutron/dhcp/f8402513-5c0c-44b4-b602-2a3587d9f5ba/addn_hosts - 4 addresses
Jul 15 15:01:03 gtw01 dnsmasq-dhcp[31373]: read /var/lib/neutron/dhcp/f8402513-5c0c-44b4-b602-2a3587d9f5ba/host
Jul 15 15:01:03 gtw01 dnsmasq-dhcp[31373]: read /var/lib/neutron/dhcp/f8402513-5c0c-44b4-b602-2a3587d9f5ba/opts
Jul 15 15:01:03 gtw01 dnsmasq-dhcp[17160]: DHCPDISCOVER(tap3e35a4ac-07) fa:16:3e:f2:a1:42
Jul 15 15:01:03 gtw01 dnsmasq-dhcp[17160]: DHCPOFFER(tap3e35a4ac-07) 192.168.120.4 fa:16:3e:f2:a1:42
Jul 15 15:01:03 gtw01 dnsmasq-dhcp[17160]: DHCPREQUEST(tap3e35a4ac-07) 192.168.120.4 fa:16:3e:f2:a1:42
Jul 15 15:01:03 gtw01 dnsmasq-dhcp[17160]: DHCPACK(tap3e35a4ac-07) 192.168.120.4 fa:16:3e:f2:a1:42 host-192-168-120-4
Jul 15 15:01:04 gtw01 dnsmasq[2461]: read /var/lib/neutron/dhcp/4bf0f283-f32e-46dc-b60b-57c146377407/addn_hosts - 3 addresses
Jul 15 15:01:04 gtw01 dnsmasq-dhcp[2461]: read /var/lib/neutron/dhcp/4bf0f283-f32e-46dc-b60b-57c146377407/host
Jul 15 15:01:04 gtw01 dnsmasq-dhcp[2461]: read /var/lib/neutron/dhcp/4bf0f283-f32e-46dc-b60b-57c146377407/opts
Jul 15 15:01:04 gtw01 dnsmasq[31373]: read /var/lib/neutron/dhcp/f8402513-5c0c-44b4-b602-2a3587d9f5ba/addn_hosts - 4 addresses
Jul 15 15:01:04 gtw01 dnsmasq-dhcp[31373]: read /var/lib/neutron/dhcp/f8402513-5c0c-44b4-b602-2a3587d9f5ba/host
Jul 15 15:01:04 gtw01 dnsmasq-dhcp[31373]: read /var/lib/neutron/dhcp/f8402513-5c0c-44b4-b602-2a3587d9f5ba/opts
Jul 15 15:01:05 gtw01 dnsmasq[2461]: read /var/lib/neutron/dhcp/4bf0f283-f32e-46dc-b60b-57c146377407/addn_hosts - 3 addresses
Jul 15 15:01:05 gtw01 dnsmasq-dhcp[2461]: read /var/lib/neutron/dhcp/4bf0f283-f32e-46dc-b60b-57c146377407/host
Jul 15 15:01:05 gtw01 dnsmasq-dhcp[2461]: read /var/lib/neutron/dhcp/4bf0f283-f32e-46dc-b60b-57c146377407/opts
Jul 15 15:01:09 gtw01 dnsmasq[31373]: read /var/lib/neutron/dhcp/f8402513-5c0c-44b4-b602-2a3587d9f5ba/addn_hosts - 5 addresses
Jul 15 15:01:09 gtw01 dnsmasq-dhcp[31373]: read /var/lib/neutron/dhcp/f8402513-5c0c-44b4-b602-2a3587d9f5ba/host
Jul 15 15:01:09 gtw01 dnsmasq-dhcp[31373]: read /var/lib/neutron/dhcp/f8402513-5c0c-44b4-b602-2a3587d9f5ba/opts
Jul 15 15:01:10 gtw01 dnsmasq[31373]: read /var/lib/neutron/dhcp/f8402513-5c0c-44b4-b602-2a3587d9f5ba/addn_hosts - 5 addresses
Jul 15 15:01:10 gtw01 dnsmasq-dhcp[31373]: read /var/lib/neutron/dhcp/f8402513-5c0c-44b4-b602-2a3587d9f5ba/host
Jul 15 15:01:10 gtw01 dnsmasq-dhcp[31373]: read /var/lib/neutron/dhcp/f8402513-5c0c-44b4-b602-2a3587d9f5ba/opts
Jul 15 15:01:11 gtw01 dnsmasq[31373]: read /var/lib/neutron/dhcp/f8402513-5c0c-44b4-b602-2a3587d9f5ba/addn_hosts - 5 addresses
Jul 15 15:01:11 gtw01 dnsmasq-dhcp[31373]: read /var/lib/neutron/dhcp/f8402513-5c0c-44b4-b602-2a3587d9f5ba/host
Jul 15 15:01:11 gtw01 dnsmasq-dhcp[31373]: read /var/lib/neutron/dhcp/f8402513-5c0c-44b4-b602-2a3587d9f5ba/opts
Jul 15 15:01:15 gtw01 dnsmasq-dhcp[2461]: DHCPDISCOVER(tapc93cc296-3d) fa:16:3e:c3:f2:b4
Jul 15 15:01:15 gtw01 dnsmasq-dhcp[2461]: DHCPOFFER(tapc93cc296-3d) 192.168.120.6 fa:16:3e:c3:f2:b4
Jul 15 15:01:15 gtw01 dnsmasq-dhcp[2461]: DHCPREQUEST(tapc93cc296-3d) 192.168.120.6 fa:16:3e:c3:f2:b4
Jul 15 15:01:15 gtw01 dnsmasq-dhcp[2461]: DHCPACK(tapc93cc296-3d) 192.168.120.6 fa:16:3e:c3:f2:b4 host-192-168-120-6
Jul 15 15:01:17 gtw01 dnsmasq[31373]: read /var/lib/neutron/dhcp/f8402513-5c0c-44b4-b602-2a3587d9f5ba/addn_hosts - 4 addresses
Jul 15 15:01:17 gtw01 dnsmasq-dhcp[31373]: read /var/lib/neutron/dhcp/f8402513-5c0c-44b4-b602-2a3587d9f5ba/host
Jul 15 15:01:17 gtw01 dnsmasq-dhcp[31373]: read /var/lib/neutron/dhcp/f8402513-5c0c-44b4-b602-2a3587d9f5ba/opts
Jul 15 15:01:18 gtw01 dnsmasq[31373]: read /var/lib/neutron/dhcp/f8402513-5c0c-44b4-b602-2a3587d9f5ba/addn_hosts - 3 addresses
Jul 15 15:01:18 gtw01 dnsmasq-dhcp[31373]: read /var/lib/neutron/dhcp/f8402513-5c0c-44b4-b602-2a3587d9f5ba/host
Jul 15 15:01:18 gtw01 dnsmasq-dhcp[31373]: read /var/lib/neutron/dhcp/f8402513-5c0c-44b4-b602-2a3587d9f5ba/opts
Jul 15 15:01:24 gtw01 dnsmasq-dhcp[31373]: DHCPRELEASE(tap7eb641c6-39) 192.168.120.3 fa:16:3e:6d:eb:ca
Jul 15 15:01:24 gtw01 dnsmasq-dhcp[31373]: DHCPRELEASE(tap7eb641c6-39) 192.168.120.3 fa:16:3e:6d:eb:ca unknown lease
Jul 15 15:01:25 gtw01 dnsmasq-dhcp[2461]: DHCPRELEASE(tapc93cc296-3d) 192.168.120.6 fa:16:3e:c3:f2:b4
Jul 15 15:01:25 gtw01 dnsmasq[31373]: read /var/lib/neutron/dhcp/f8402513-5c0c-44b4-b602-2a3587d9f5ba/addn_hosts - 2 addresses
Jul 15 15:01:25 gtw01 dnsmasq-dhcp[31373]: read /var/lib/neutron/dhcp/f8402513-5c0c-44b4-b602-2a3587d9f5ba/host
Jul 15 15:01:25 gtw01 dnsmasq-dhcp[31373]: read /var/lib/neutron/dhcp/f8402513-5c0c-44b4-b602-2a3587d9f5ba/opts
Jul 15 15:01:25 gtw01 dnsmasq-dhcp[2461]: DHCPRELEASE(tapc93cc296-3d) 192.168.120.6 fa:16:3e:c3:f2:b4 unknown lease
Jul 15 15:01:26 gtw01 dnsmasq[2461]: read /var/lib/neutron/dhcp/4bf0f283-f32e-46dc-b60b-57c146377407/addn_hosts - 2 addresses
Jul 15 15:01:26 gtw01 dnsmasq-dhcp[2461]: read /var/lib/neutron/dhcp/4bf0f283-f32e-46dc-b60b-57c146377407/host
Jul 15 15:01:26 gtw01 dnsmasq-dhcp[2461]: read /var/lib/neutron/dhcp/4bf0f283-f32e-46dc-b60b-57c146377407/opts
Jul 15 15:01:29 gtw01 dnsmasq[31373]: read /var/lib/neutron/dhcp/f8402513-5c0c-44b4-b602-2a3587d9f5ba/addn_hosts - 3 addresses
Jul 15 15:01:29 gtw01 dnsmasq-dhcp[31373]: read /var/lib/neutron/dhcp/f8402513-5c0c-44b4-b602-2a3587d9f5ba/host
Jul 15 15:01:29 gtw01 dnsmasq-dhcp[31373]: read /var/lib/neutron/dhcp/f8402513-5c0c-44b4-b602-2a3587d9f5ba/opts
Jul 15 15:01:30 gtw01 dnsmasq[2461]: read /var/lib/neutron/dhcp/4bf0f283-f32e-46dc-b60b-57c146377407/addn_hosts - 1 addresses
Jul 15 15:01:30 gtw01 dnsmasq-dhcp[2461]: read /var/lib/neutron/dhcp/4bf0f283-f32e-46dc-b60b-57c146377407/host
Jul 15 15:01:30 gtw01 dnsmasq-dhcp[2461]: read /var/lib/neutron/dhcp/4bf0f283-f32e-46dc-b60b-57c146377407/opts
Jul 15 15:01:30 gtw01 haproxy-metadata-proxy-4bf0f283-f32e-46dc-b60b-57c146377407[3522]: Proxy listener started.
Jul 15 15:01:32 gtw01 kernel: [ 6993.812293] device qr-d6c80d2c-0f left promiscuous mode
Jul 15 15:01:34 gtw01 kernel: [ 6996.581753] device tapc93cc296-3d left promiscuous mode
Jul 15 15:01:35 gtw01 kernel: [ 6996.703713] device qg-3282f061-ca left promiscuous mode
Jul 15 15:01:35 gtw01 dnsmasq[31373]: read /var/lib/neutron/dhcp/f8402513-5c0c-44b4-b602-2a3587d9f5ba/addn_hosts - 4 addresses
Jul 15 15:01:35 gtw01 dnsmasq-dhcp[31373]: read /var/lib/neutron/dhcp/f8402513-5c0c-44b4-b602-2a3587d9f5ba/host
Jul 15 15:01:35 gtw01 dnsmasq-dhcp[31373]: read /var/lib/neutron/dhcp/f8402513-5c0c-44b4-b602-2a3587d9f5ba/opts
Jul 15 15:01:36 gtw01 dnsmasq[31373]: read /var/lib/neutron/dhcp/f8402513-5c0c-44b4-b602-2a3587d9f5ba/addn_hosts - 4 addresses
Jul 15 15:01:36 gtw01 dnsmasq-dhcp[31373]: read /var/lib/neutron/dhcp/f8402513-5c0c-44b4-b602-2a3587d9f5ba/host
Jul 15 15:01:36 gtw01 dnsmasq-dhcp[31373]: read /var/lib/neutron/dhcp/f8402513-5c0c-44b4-b602-2a3587d9f5ba/opts
Jul 15 15:01:37 gtw01 dnsmasq[31373]: read /var/lib/neutron/dhcp/f8402513-5c0c-44b4-b602-2a3587d9f5ba/addn_hosts - 4 addresses
Jul 15 15:01:37 gtw01 dnsmasq-dhcp[31373]: read /var/lib/neutron/dhcp/f8402513-5c0c-44b4-b602-2a3587d9f5ba/host
Jul 15 15:01:37 gtw01 dnsmasq-dhcp[31373]: read /var/lib/neutron/dhcp/f8402513-5c0c-44b4-b602-2a3587d9f5ba/opts
Jul 15 15:01:37 gtw01 dnsmasq-dhcp[17160]: DHCPRELEASE(tap3e35a4ac-07) 192.168.120.4 fa:16:3e:f2:a1:42
Jul 15 15:01:43 gtw01 dnsmasq[17160]: read /var/lib/neutron/dhcp/6e27b216-4503-43bd-924e-0e7d283c4bf3/addn_hosts - 2 addresses
Jul 15 15:01:43 gtw01 dnsmasq-dhcp[17160]: read /var/lib/neutron/dhcp/6e27b216-4503-43bd-924e-0e7d283c4bf3/host
Jul 15 15:01:43 gtw01 dnsmasq-dhcp[17160]: read /var/lib/neutron/dhcp/6e27b216-4503-43bd-924e-0e7d283c4bf3/opts
Jul 15 15:01:44 gtw01 dnsmasq[17160]: read /var/lib/neutron/dhcp/6e27b216-4503-43bd-924e-0e7d283c4bf3/addn_hosts - 3 addresses
Jul 15 15:01:44 gtw01 dnsmasq-dhcp[17160]: read /var/lib/neutron/dhcp/6e27b216-4503-43bd-924e-0e7d283c4bf3/host
Jul 15 15:01:44 gtw01 dnsmasq-dhcp[17160]: read /var/lib/neutron/dhcp/6e27b216-4503-43bd-924e-0e7d283c4bf3/opts
Jul 15 15:01:47 gtw01 dnsmasq[17160]: read /var/lib/neutron/dhcp/6e27b216-4503-43bd-924e-0e7d283c4bf3/addn_hosts - 3 addresses
Jul 15 15:01:47 gtw01 dnsmasq-dhcp[17160]: read /var/lib/neutron/dhcp/6e27b216-4503-43bd-924e-0e7d283c4bf3/host
Jul 15 15:01:47 gtw01 dnsmasq-dhcp[17160]: read /var/lib/neutron/dhcp/6e27b216-4503-43bd-924e-0e7d283c4bf3/opts
Jul 15 15:01:48 gtw01 dnsmasq[17160]: read /var/lib/neutron/dhcp/6e27b216-4503-43bd-924e-0e7d283c4bf3/addn_hosts - 3 addresses
Jul 15 15:01:48 gtw01 dnsmasq-dhcp[17160]: read /var/lib/neutron/dhcp/6e27b216-4503-43bd-924e-0e7d283c4bf3/host
Jul 15 15:01:48 gtw01 dnsmasq-dhcp[17160]: read /var/lib/neutron/dhcp/6e27b216-4503-43bd-924e-0e7d283c4bf3/opts
Jul 15 15:01:49 gtw01 dnsmasq[31373]: read /var/lib/neutron/dhcp/f8402513-5c0c-44b4-b602-2a3587d9f5ba/addn_hosts - 5 addresses
Jul 15 15:01:49 gtw01 dnsmasq-dhcp[31373]: read /var/lib/neutron/dhcp/f8402513-5c0c-44b4-b602-2a3587d9f5ba/host
Jul 15 15:01:49 gtw01 dnsmasq-dhcp[31373]: read /var/lib/neutron/dhcp/f8402513-5c0c-44b4-b602-2a3587d9f5ba/opts
Jul 15 15:01:50 gtw01 dnsmasq[17160]: read /var/lib/neutron/dhcp/6e27b216-4503-43bd-924e-0e7d283c4bf3/addn_hosts - 4 addresses
Jul 15 15:01:50 gtw01 dnsmasq-dhcp[17160]: read /var/lib/neutron/dhcp/6e27b216-4503-43bd-924e-0e7d283c4bf3/host
Jul 15 15:01:50 gtw01 dnsmasq-dhcp[17160]: read /var/lib/neutron/dhcp/6e27b216-4503-43bd-924e-0e7d283c4bf3/opts
Jul 15 15:01:50 gtw01 dnsmasq-dhcp[31373]: DHCPDISCOVER(tap7eb641c6-39) fa:16:3e:48:8d:81
Jul 15 15:01:50 gtw01 dnsmasq-dhcp[31373]: DHCPOFFER(tap7eb641c6-39) 192.168.120.5 fa:16:3e:48:8d:81
Jul 15 15:01:50 gtw01 dnsmasq-dhcp[31373]: DHCPREQUEST(tap7eb641c6-39) 192.168.120.5 fa:16:3e:48:8d:81
Jul 15 15:01:50 gtw01 dnsmasq-dhcp[31373]: DHCPACK(tap7eb641c6-39) 192.168.120.5 fa:16:3e:48:8d:81 host-192-168-120-5
Jul 15 15:01:51 gtw01 dnsmasq[17160]: read /var/lib/neutron/dhcp/6e27b216-4503-43bd-924e-0e7d283c4bf3/addn_hosts - 4 addresses
Jul 15 15:01:51 gtw01 dnsmasq-dhcp[17160]: read /var/lib/neutron/dhcp/6e27b216-4503-43bd-924e-0e7d283c4bf3/host
Jul 15 15:01:51 gtw01 dnsmasq-dhcp[17160]: read /var/lib/neutron/dhcp/6e27b216-4503-43bd-924e-0e7d283c4bf3/opts
Jul 15 15:01:51 gtw01 dnsmasq[31373]: read /var/lib/neutron/dhcp/f8402513-5c0c-44b4-b602-2a3587d9f5ba/addn_hosts - 5 addresses
Jul 15 15:01:51 gtw01 dnsmasq-dhcp[31373]: read /var/lib/neutron/dhcp/f8402513-5c0c-44b4-b602-2a3587d9f5ba/host
Jul 15 15:01:51 gtw01 dnsmasq-dhcp[31373]: read /var/lib/neutron/dhcp/f8402513-5c0c-44b4-b602-2a3587d9f5ba/opts
Jul 15 15:01:52 gtw01 dnsmasq[17160]: read /var/lib/neutron/dhcp/6e27b216-4503-43bd-924e-0e7d283c4bf3/addn_hosts - 4 addresses
Jul 15 15:01:52 gtw01 dnsmasq-dhcp[17160]: read /var/lib/neutron/dhcp/6e27b216-4503-43bd-924e-0e7d283c4bf3/host
Jul 15 15:01:52 gtw01 dnsmasq-dhcp[17160]: read /var/lib/neutron/dhcp/6e27b216-4503-43bd-924e-0e7d283c4bf3/opts
Jul 15 15:01:52 gtw01 dnsmasq[31373]: read /var/lib/neutron/dhcp/f8402513-5c0c-44b4-b602-2a3587d9f5ba/addn_hosts - 5 addresses
Jul 15 15:01:52 gtw01 dnsmasq-dhcp[31373]: read /var/lib/neutron/dhcp/f8402513-5c0c-44b4-b602-2a3587d9f5ba/host
Jul 15 15:01:52 gtw01 dnsmasq-dhcp[31373]: read /var/lib/neutron/dhcp/f8402513-5c0c-44b4-b602-2a3587d9f5ba/opts
Jul 15 15:01:58 gtw01 dnsmasq[17160]: read /var/lib/neutron/dhcp/6e27b216-4503-43bd-924e-0e7d283c4bf3/addn_hosts - 3 addresses
Jul 15 15:01:58 gtw01 dnsmasq-dhcp[17160]: read /var/lib/neutron/dhcp/6e27b216-4503-43bd-924e-0e7d283c4bf3/host
Jul 15 15:01:58 gtw01 dnsmasq-dhcp[17160]: read /var/lib/neutron/dhcp/6e27b216-4503-43bd-924e-0e7d283c4bf3/opts
Jul 15 15:01:59 gtw01 dnsmasq[17160]: read /var/lib/neutron/dhcp/6e27b216-4503-43bd-924e-0e7d283c4bf3/addn_hosts - 2 addresses
Jul 15 15:01:59 gtw01 dnsmasq-dhcp[17160]: read /var/lib/neutron/dhcp/6e27b216-4503-43bd-924e-0e7d283c4bf3/host
Jul 15 15:01:59 gtw01 dnsmasq-dhcp[17160]: read /var/lib/neutron/dhcp/6e27b216-4503-43bd-924e-0e7d283c4bf3/opts
Jul 15 15:02:02 gtw01 dnsmasq[31373]: read /var/lib/neutron/dhcp/f8402513-5c0c-44b4-b602-2a3587d9f5ba/addn_hosts - 5 addresses
Jul 15 15:02:02 gtw01 dnsmasq-dhcp[31373]: read /var/lib/neutron/dhcp/f8402513-5c0c-44b4-b602-2a3587d9f5ba/host
Jul 15 15:02:02 gtw01 dnsmasq-dhcp[31373]: read /var/lib/neutron/dhcp/f8402513-5c0c-44b4-b602-2a3587d9f5ba/opts
Jul 15 15:02:03 gtw01 dnsmasq[31373]: read /var/lib/neutron/dhcp/f8402513-5c0c-44b4-b602-2a3587d9f5ba/addn_hosts - 5 addresses
Jul 15 15:02:03 gtw01 dnsmasq-dhcp[31373]: read /var/lib/neutron/dhcp/f8402513-5c0c-44b4-b602-2a3587d9f5ba/host
Jul 15 15:02:03 gtw01 dnsmasq-dhcp[31373]: read /var/lib/neutron/dhcp/f8402513-5c0c-44b4-b602-2a3587d9f5ba/opts
Jul 15 15:02:04 gtw01 dnsmasq[17160]: read /var/lib/neutron/dhcp/6e27b216-4503-43bd-924e-0e7d283c4bf3/addn_hosts - 3 addresses
Jul 15 15:02:04 gtw01 dnsmasq-dhcp[17160]: read /var/lib/neutron/dhcp/6e27b216-4503-43bd-924e-0e7d283c4bf3/host
Jul 15 15:02:04 gtw01 dnsmasq-dhcp[17160]: read /var/lib/neutron/dhcp/6e27b216-4503-43bd-924e-0e7d283c4bf3/opts
Jul 15 15:02:05 gtw01 dnsmasq[17160]: read /var/lib/neutron/dhcp/6e27b216-4503-43bd-924e-0e7d283c4bf3/addn_hosts - 3 addresses
Jul 15 15:02:05 gtw01 dnsmasq-dhcp[17160]: read /var/lib/neutron/dhcp/6e27b216-4503-43bd-924e-0e7d283c4bf3/host
Jul 15 15:02:05 gtw01 dnsmasq-dhcp[17160]: read /var/lib/neutron/dhcp/6e27b216-4503-43bd-924e-0e7d283c4bf3/opts
Jul 15 15:02:06 gtw01 dnsmasq[17160]: read /var/lib/neutron/dhcp/6e27b216-4503-43bd-924e-0e7d283c4bf3/addn_hosts - 3 addresses
Jul 15 15:02:06 gtw01 dnsmasq-dhcp[17160]: read /var/lib/neutron/dhcp/6e27b216-4503-43bd-924e-0e7d283c4bf3/host
Jul 15 15:02:06 gtw01 dnsmasq-dhcp[17160]: read /var/lib/neutron/dhcp/6e27b216-4503-43bd-924e-0e7d283c4bf3/opts
Jul 15 15:02:07 gtw01 dnsmasq[17160]: read /var/lib/neutron/dhcp/6e27b216-4503-43bd-924e-0e7d283c4bf3/addn_hosts - 4 addresses
Jul 15 15:02:07 gtw01 dnsmasq-dhcp[17160]: read /var/lib/neutron/dhcp/6e27b216-4503-43bd-924e-0e7d283c4bf3/host
Jul 15 15:02:07 gtw01 dnsmasq-dhcp[17160]: read /var/lib/neutron/dhcp/6e27b216-4503-43bd-924e-0e7d283c4bf3/opts
Jul 15 15:02:08 gtw01 dnsmasq-dhcp[31373]: DHCPDISCOVER(tap7eb641c6-39) fa:16:3e:98:68:dd
Jul 15 15:02:08 gtw01 dnsmasq-dhcp[31373]: DHCPOFFER(tap7eb641c6-39) 192.168.120.3 fa:16:3e:98:68:dd
Jul 15 15:02:08 gtw01 dnsmasq-dhcp[31373]: DHCPREQUEST(tap7eb641c6-39) 192.168.120.3 fa:16:3e:98:68:dd
Jul 15 15:02:08 gtw01 dnsmasq-dhcp[31373]: DHCPACK(tap7eb641c6-39) 192.168.120.3 fa:16:3e:98:68:dd host-192-168-120-3
Jul 15 15:02:08 gtw01 dnsmasq[17160]: read /var/lib/neutron/dhcp/6e27b216-4503-43bd-924e-0e7d283c4bf3/addn_hosts - 4 addresses
Jul 15 15:02:08 gtw01 dnsmasq-dhcp[17160]: read /var/lib/neutron/dhcp/6e27b216-4503-43bd-924e-0e7d283c4bf3/host
Jul 15 15:02:08 gtw01 dnsmasq-dhcp[17160]: read /var/lib/neutron/dhcp/6e27b216-4503-43bd-924e-0e7d283c4bf3/opts
Jul 15 15:02:08 gtw01 dnsmasq[31373]: read /var/lib/neutron/dhcp/f8402513-5c0c-44b4-b602-2a3587d9f5ba/addn_hosts - 5 addresses
Jul 15 15:02:08 gtw01 dnsmasq-dhcp[31373]: read /var/lib/neutron/dhcp/f8402513-5c0c-44b4-b602-2a3587d9f5ba/host
Jul 15 15:02:08 gtw01 dnsmasq-dhcp[31373]: read /var/lib/neutron/dhcp/f8402513-5c0c-44b4-b602-2a3587d9f5ba/opts
Jul 15 15:02:09 gtw01 dnsmasq[17160]: read /var/lib/neutron/dhcp/6e27b216-4503-43bd-924e-0e7d283c4bf3/addn_hosts - 4 addresses
Jul 15 15:02:09 gtw01 dnsmasq-dhcp[17160]: read /var/lib/neutron/dhcp/6e27b216-4503-43bd-924e-0e7d283c4bf3/host
Jul 15 15:02:09 gtw01 dnsmasq-dhcp[17160]: read /var/lib/neutron/dhcp/6e27b216-4503-43bd-924e-0e7d283c4bf3/opts
Jul 15 15:02:15 gtw01 dnsmasq[17160]: read /var/lib/neutron/dhcp/6e27b216-4503-43bd-924e-0e7d283c4bf3/addn_hosts - 3 addresses
Jul 15 15:02:15 gtw01 dnsmasq-dhcp[17160]: read /var/lib/neutron/dhcp/6e27b216-4503-43bd-924e-0e7d283c4bf3/host
Jul 15 15:02:15 gtw01 dnsmasq-dhcp[17160]: read /var/lib/neutron/dhcp/6e27b216-4503-43bd-924e-0e7d283c4bf3/opts
Jul 15 15:02:20 gtw01 dnsmasq-dhcp[17160]: DHCPDISCOVER(tap3e35a4ac-07) fa:16:3e:c0:c9:81
Jul 15 15:02:20 gtw01 dnsmasq-dhcp[17160]: DHCPOFFER(tap3e35a4ac-07) 192.168.120.9 fa:16:3e:c0:c9:81
Jul 15 15:02:20 gtw01 dnsmasq-dhcp[17160]: DHCPREQUEST(tap3e35a4ac-07) 192.168.120.9 fa:16:3e:c0:c9:81
Jul 15 15:02:20 gtw01 dnsmasq-dhcp[17160]: DHCPACK(tap3e35a4ac-07) 192.168.120.9 fa:16:3e:c0:c9:81 host-192-168-120-9
Jul 15 15:02:23 gtw01 systemd-udevd[4234]: Could not generate persistent MAC address for tap16d7a4cd-fd: No such file or directory
Jul 15 15:02:23 gtw01 kernel: [ 7044.763858] device tap16d7a4cd-fd entered promiscuous mode
Jul 15 15:02:23 gtw01 systemd-udevd[4302]: Process '/sbin/ip link set tap16d7a4cd-fd txqueuelen 10000' failed with exit code 1.
Jul 15 15:02:26 gtw01 dnsmasq[31373]: read /var/lib/neutron/dhcp/f8402513-5c0c-44b4-b602-2a3587d9f5ba/addn_hosts - 5 addresses
Jul 15 15:02:26 gtw01 dnsmasq-dhcp[31373]: read /var/lib/neutron/dhcp/f8402513-5c0c-44b4-b602-2a3587d9f5ba/host
Jul 15 15:02:26 gtw01 dnsmasq-dhcp[31373]: read /var/lib/neutron/dhcp/f8402513-5c0c-44b4-b602-2a3587d9f5ba/opts
Jul 15 15:02:26 gtw01 dnsmasq[4395]: started, version 2.80 cachesize 150
Jul 15 15:02:26 gtw01 dnsmasq[4395]: DNS service limited to local subnets
Jul 15 15:02:26 gtw01 dnsmasq[4395]: compile time options: IPv6 GNU-getopt DBus i18n IDN DHCP DHCPv6 no-Lua TFTP conntrack ipset auth DNSSEC loop-detect inotify dumpfile
Jul 15 15:02:26 gtw01 dnsmasq[4395]: warning: no upstream servers configured
Jul 15 15:02:26 gtw01 dnsmasq-dhcp[4395]: DHCP, static leases only on 192.168.120.0, lease time 1h
Jul 15 15:02:26 gtw01 dnsmasq[4395]: read /var/lib/neutron/dhcp/ee834e86-6c40-418b-8ff0-b3bb59c8827c/addn_hosts - 1 addresses
Jul 15 15:02:26 gtw01 dnsmasq-dhcp[4395]: read /var/lib/neutron/dhcp/ee834e86-6c40-418b-8ff0-b3bb59c8827c/host
Jul 15 15:02:26 gtw01 dnsmasq-dhcp[4395]: read /var/lib/neutron/dhcp/ee834e86-6c40-418b-8ff0-b3bb59c8827c/opts
Jul 15 15:02:26 gtw01 haproxy-metadata-proxy-ee834e86-6c40-418b-8ff0-b3bb59c8827c[4403]: Proxy listener started.
Jul 15 15:02:27 gtw01 dnsmasq[31373]: read /var/lib/neutron/dhcp/f8402513-5c0c-44b4-b602-2a3587d9f5ba/addn_hosts - 5 addresses
Jul 15 15:02:27 gtw01 dnsmasq-dhcp[31373]: read /var/lib/neutron/dhcp/f8402513-5c0c-44b4-b602-2a3587d9f5ba/host
Jul 15 15:02:27 gtw01 dnsmasq-dhcp[31373]: read /var/lib/neutron/dhcp/f8402513-5c0c-44b4-b602-2a3587d9f5ba/opts
Jul 15 15:02:27 gtw01 dnsmasq[4395]: read /var/lib/neutron/dhcp/ee834e86-6c40-418b-8ff0-b3bb59c8827c/addn_hosts - 2 addresses
Jul 15 15:02:27 gtw01 dnsmasq-dhcp[4395]: read /var/lib/neutron/dhcp/ee834e86-6c40-418b-8ff0-b3bb59c8827c/host
Jul 15 15:02:27 gtw01 dnsmasq-dhcp[4395]: read /var/lib/neutron/dhcp/ee834e86-6c40-418b-8ff0-b3bb59c8827c/opts
Jul 15 15:02:28 gtw01 dnsmasq[4395]: read /var/lib/neutron/dhcp/ee834e86-6c40-418b-8ff0-b3bb59c8827c/addn_hosts - 2 addresses
Jul 15 15:02:28 gtw01 dnsmasq-dhcp[4395]: read /var/lib/neutron/dhcp/ee834e86-6c40-418b-8ff0-b3bb59c8827c/host
Jul 15 15:02:28 gtw01 dnsmasq-dhcp[4395]: read /var/lib/neutron/dhcp/ee834e86-6c40-418b-8ff0-b3bb59c8827c/opts
Jul 15 15:02:29 gtw01 dnsmasq[4395]: read /var/lib/neutron/dhcp/ee834e86-6c40-418b-8ff0-b3bb59c8827c/addn_hosts - 2 addresses
