Jul 15 15:09:20 gtw01 dnsmasq-dhcp[17160]: read /var/lib/neutron/dhcp/6e27b216-4503-43bd-924e-0e7d283c4bf3/opts
Jul 15 15:09:21 gtw01 dnsmasq[17160]: read /var/lib/neutron/dhcp/6e27b216-4503-43bd-924e-0e7d283c4bf3/addn_hosts - 4 addresses
Jul 15 15:09:21 gtw01 dnsmasq-dhcp[17160]: read /var/lib/neutron/dhcp/6e27b216-4503-43bd-924e-0e7d283c4bf3/host
Jul 15 15:09:21 gtw01 dnsmasq-dhcp[17160]: read /var/lib/neutron/dhcp/6e27b216-4503-43bd-924e-0e7d283c4bf3/opts
Jul 15 15:09:22 gtw01 dnsmasq[17160]: read /var/lib/neutron/dhcp/6e27b216-4503-43bd-924e-0e7d283c4bf3/addn_hosts - 4 addresses
Jul 15 15:09:22 gtw01 dnsmasq-dhcp[17160]: read /var/lib/neutron/dhcp/6e27b216-4503-43bd-924e-0e7d283c4bf3/host
Jul 15 15:09:22 gtw01 dnsmasq-dhcp[17160]: read /var/lib/neutron/dhcp/6e27b216-4503-43bd-924e-0e7d283c4bf3/opts
Jul 15 15:09:23 gtw01 dnsmasq-dhcp[7369]: DHCPDISCOVER(tap2be36376-cd) fa:16:3e:ad:94:a2
Jul 15 15:09:23 gtw01 dnsmasq-dhcp[7369]: DHCPOFFER(tap2be36376-cd) 192.168.120.3 fa:16:3e:ad:94:a2
Jul 15 15:09:23 gtw01 dnsmasq-dhcp[7369]: DHCPREQUEST(tap2be36376-cd) 192.168.120.3 fa:16:3e:ad:94:a2
Jul 15 15:09:23 gtw01 dnsmasq-dhcp[7369]: DHCPACK(tap2be36376-cd) 192.168.120.3 fa:16:3e:ad:94:a2 host-192-168-120-3
Jul 15 15:09:28 gtw01 dnsmasq-dhcp[7369]: DHCPRELEASE(tap2be36376-cd) 192.168.120.3 fa:16:3e:ad:94:a2
Jul 15 15:09:28 gtw01 dnsmasq[17160]: read /var/lib/neutron/dhcp/6e27b216-4503-43bd-924e-0e7d283c4bf3/addn_hosts - 3 addresses
Jul 15 15:09:28 gtw01 dnsmasq-dhcp[17160]: read /var/lib/neutron/dhcp/6e27b216-4503-43bd-924e-0e7d283c4bf3/host
Jul 15 15:09:28 gtw01 dnsmasq-dhcp[17160]: read /var/lib/neutron/dhcp/6e27b216-4503-43bd-924e-0e7d283c4bf3/opts
Jul 15 15:09:34 gtw01 dnsmasq[17160]: read /var/lib/neutron/dhcp/6e27b216-4503-43bd-924e-0e7d283c4bf3/addn_hosts - 4 addresses
Jul 15 15:09:34 gtw01 dnsmasq-dhcp[17160]: read /var/lib/neutron/dhcp/6e27b216-4503-43bd-924e-0e7d283c4bf3/host
Jul 15 15:09:34 gtw01 dnsmasq-dhcp[17160]: read /var/lib/neutron/dhcp/6e27b216-4503-43bd-924e-0e7d283c4bf3/opts
Jul 15 15:09:36 gtw01 dnsmasq[17160]: read /var/lib/neutron/dhcp/6e27b216-4503-43bd-924e-0e7d283c4bf3/addn_hosts - 4 addresses
Jul 15 15:09:36 gtw01 dnsmasq-dhcp[17160]: read /var/lib/neutron/dhcp/6e27b216-4503-43bd-924e-0e7d283c4bf3/host
Jul 15 15:09:36 gtw01 dnsmasq-dhcp[17160]: read /var/lib/neutron/dhcp/6e27b216-4503-43bd-924e-0e7d283c4bf3/opts
Jul 15 15:09:36 gtw01 dnsmasq[17160]: read /var/lib/neutron/dhcp/6e27b216-4503-43bd-924e-0e7d283c4bf3/addn_hosts - 4 addresses
Jul 15 15:09:36 gtw01 dnsmasq-dhcp[17160]: read /var/lib/neutron/dhcp/6e27b216-4503-43bd-924e-0e7d283c4bf3/host
Jul 15 15:09:36 gtw01 dnsmasq-dhcp[17160]: read /var/lib/neutron/dhcp/6e27b216-4503-43bd-924e-0e7d283c4bf3/opts
Jul 15 15:09:47 gtw01 dnsmasq[17160]: read /var/lib/neutron/dhcp/6e27b216-4503-43bd-924e-0e7d283c4bf3/addn_hosts - 5 addresses
Jul 15 15:09:47 gtw01 dnsmasq-dhcp[17160]: read /var/lib/neutron/dhcp/6e27b216-4503-43bd-924e-0e7d283c4bf3/host
Jul 15 15:09:47 gtw01 dnsmasq-dhcp[17160]: read /var/lib/neutron/dhcp/6e27b216-4503-43bd-924e-0e7d283c4bf3/opts
Jul 15 15:09:48 gtw01 dnsmasq[7369]: read /var/lib/neutron/dhcp/4d2cf358-9ed4-4d50-9f5b-21f62d10bb19/addn_hosts - 5 addresses
Jul 15 15:09:48 gtw01 dnsmasq-dhcp[7369]: read /var/lib/neutron/dhcp/4d2cf358-9ed4-4d50-9f5b-21f62d10bb19/host
Jul 15 15:09:48 gtw01 dnsmasq-dhcp[7369]: read /var/lib/neutron/dhcp/4d2cf358-9ed4-4d50-9f5b-21f62d10bb19/opts
Jul 15 15:09:49 gtw01 dnsmasq[17160]: read /var/lib/neutron/dhcp/6e27b216-4503-43bd-924e-0e7d283c4bf3/addn_hosts - 5 addresses
Jul 15 15:09:49 gtw01 dnsmasq-dhcp[17160]: read /var/lib/neutron/dhcp/6e27b216-4503-43bd-924e-0e7d283c4bf3/host
Jul 15 15:09:49 gtw01 dnsmasq-dhcp[17160]: read /var/lib/neutron/dhcp/6e27b216-4503-43bd-924e-0e7d283c4bf3/opts
Jul 15 15:09:50 gtw01 dnsmasq[17160]: read /var/lib/neutron/dhcp/6e27b216-4503-43bd-924e-0e7d283c4bf3/addn_hosts - 5 addresses
Jul 15 15:09:50 gtw01 dnsmasq-dhcp[17160]: read /var/lib/neutron/dhcp/6e27b216-4503-43bd-924e-0e7d283c4bf3/host
Jul 15 15:09:50 gtw01 dnsmasq-dhcp[17160]: read /var/lib/neutron/dhcp/6e27b216-4503-43bd-924e-0e7d283c4bf3/opts
Jul 15 15:09:51 gtw01 dnsmasq-dhcp[17160]: DHCPDISCOVER(tap3e35a4ac-07) fa:16:3e:ca:66:79
Jul 15 15:09:51 gtw01 dnsmasq-dhcp[17160]: DHCPOFFER(tap3e35a4ac-07) 192.168.120.5 fa:16:3e:ca:66:79
Jul 15 15:09:51 gtw01 dnsmasq-dhcp[17160]: DHCPREQUEST(tap3e35a4ac-07) 192.168.120.5 fa:16:3e:ca:66:79
Jul 15 15:09:51 gtw01 dnsmasq-dhcp[17160]: DHCPACK(tap3e35a4ac-07) 192.168.120.5 fa:16:3e:ca:66:79 host-192-168-120-5
Jul 15 15:09:52 gtw01 kernel: [ 7494.070489] device qr-a75f9748-dd left promiscuous mode
Jul 15 15:09:53 gtw01 kernel: [ 7494.903826] device qg-82ad0526-15 left promiscuous mode
Jul 15 15:09:57 gtw01 dnsmasq[7369]: read /var/lib/neutron/dhcp/4d2cf358-9ed4-4d50-9f5b-21f62d10bb19/addn_hosts - 6 addresses
Jul 15 15:09:57 gtw01 dnsmasq-dhcp[7369]: read /var/lib/neutron/dhcp/4d2cf358-9ed4-4d50-9f5b-21f62d10bb19/host
Jul 15 15:09:57 gtw01 dnsmasq-dhcp[7369]: read /var/lib/neutron/dhcp/4d2cf358-9ed4-4d50-9f5b-21f62d10bb19/opts
Jul 15 15:09:59 gtw01 dnsmasq[7369]: read /var/lib/neutron/dhcp/4d2cf358-9ed4-4d50-9f5b-21f62d10bb19/addn_hosts - 6 addresses
Jul 15 15:09:59 gtw01 dnsmasq-dhcp[7369]: read /var/lib/neutron/dhcp/4d2cf358-9ed4-4d50-9f5b-21f62d10bb19/host
Jul 15 15:09:59 gtw01 dnsmasq-dhcp[7369]: read /var/lib/neutron/dhcp/4d2cf358-9ed4-4d50-9f5b-21f62d10bb19/opts
Jul 15 15:09:59 gtw01 dnsmasq[7369]: read /var/lib/neutron/dhcp/4d2cf358-9ed4-4d50-9f5b-21f62d10bb19/addn_hosts - 6 addresses
Jul 15 15:09:59 gtw01 dnsmasq-dhcp[7369]: read /var/lib/neutron/dhcp/4d2cf358-9ed4-4d50-9f5b-21f62d10bb19/host
Jul 15 15:09:59 gtw01 dnsmasq-dhcp[7369]: read /var/lib/neutron/dhcp/4d2cf358-9ed4-4d50-9f5b-21f62d10bb19/opts
Jul 15 15:10:00 gtw01 dnsmasq[17160]: read /var/lib/neutron/dhcp/6e27b216-4503-43bd-924e-0e7d283c4bf3/addn_hosts - 4 addresses
Jul 15 15:10:00 gtw01 dnsmasq-dhcp[17160]: read /var/lib/neutron/dhcp/6e27b216-4503-43bd-924e-0e7d283c4bf3/host
Jul 15 15:10:00 gtw01 dnsmasq-dhcp[17160]: read /var/lib/neutron/dhcp/6e27b216-4503-43bd-924e-0e7d283c4bf3/opts
Jul 15 15:10:03 gtw01 dnsmasq-dhcp[17160]: DHCPRELEASE(tap3e35a4ac-07) 192.168.120.5 fa:16:3e:ca:66:79
Jul 15 15:10:03 gtw01 dnsmasq-dhcp[17160]: DHCPRELEASE(tap3e35a4ac-07) 192.168.120.5 fa:16:3e:ca:66:79 unknown lease
Jul 15 15:10:04 gtw01 dnsmasq[17160]: read /var/lib/neutron/dhcp/6e27b216-4503-43bd-924e-0e7d283c4bf3/addn_hosts - 3 addresses
Jul 15 15:10:04 gtw01 dnsmasq-dhcp[17160]: read /var/lib/neutron/dhcp/6e27b216-4503-43bd-924e-0e7d283c4bf3/host
Jul 15 15:10:04 gtw01 dnsmasq-dhcp[17160]: read /var/lib/neutron/dhcp/6e27b216-4503-43bd-924e-0e7d283c4bf3/opts
Jul 15 15:10:05 gtw01 dnsmasq[17160]: read /var/lib/neutron/dhcp/6e27b216-4503-43bd-924e-0e7d283c4bf3/addn_hosts - 4 addresses
Jul 15 15:10:05 gtw01 dnsmasq-dhcp[17160]: read /var/lib/neutron/dhcp/6e27b216-4503-43bd-924e-0e7d283c4bf3/host
Jul 15 15:10:05 gtw01 dnsmasq-dhcp[17160]: read /var/lib/neutron/dhcp/6e27b216-4503-43bd-924e-0e7d283c4bf3/opts
Jul 15 15:10:06 gtw01 dnsmasq[17160]: read /var/lib/neutron/dhcp/6e27b216-4503-43bd-924e-0e7d283c4bf3/addn_hosts - 4 addresses
Jul 15 15:10:06 gtw01 dnsmasq-dhcp[17160]: read /var/lib/neutron/dhcp/6e27b216-4503-43bd-924e-0e7d283c4bf3/host
Jul 15 15:10:06 gtw01 dnsmasq-dhcp[17160]: read /var/lib/neutron/dhcp/6e27b216-4503-43bd-924e-0e7d283c4bf3/opts
Jul 15 15:10:07 gtw01 dnsmasq[17160]: read /var/lib/neutron/dhcp/6e27b216-4503-43bd-924e-0e7d283c4bf3/addn_hosts - 4 addresses
Jul 15 15:10:07 gtw01 dnsmasq-dhcp[17160]: read /var/lib/neutron/dhcp/6e27b216-4503-43bd-924e-0e7d283c4bf3/host
Jul 15 15:10:07 gtw01 dnsmasq-dhcp[17160]: read /var/lib/neutron/dhcp/6e27b216-4503-43bd-924e-0e7d283c4bf3/opts
Jul 15 15:10:10 gtw01 dnsmasq[17160]: read /var/lib/neutron/dhcp/6e27b216-4503-43bd-924e-0e7d283c4bf3/addn_hosts - 5 addresses
Jul 15 15:10:10 gtw01 dnsmasq-dhcp[17160]: read /var/lib/neutron/dhcp/6e27b216-4503-43bd-924e-0e7d283c4bf3/host
Jul 15 15:10:10 gtw01 dnsmasq-dhcp[17160]: read /var/lib/neutron/dhcp/6e27b216-4503-43bd-924e-0e7d283c4bf3/opts
Jul 15 15:10:12 gtw01 dnsmasq[17160]: read /var/lib/neutron/dhcp/6e27b216-4503-43bd-924e-0e7d283c4bf3/addn_hosts - 5 addresses
Jul 15 15:10:12 gtw01 dnsmasq-dhcp[17160]: read /var/lib/neutron/dhcp/6e27b216-4503-43bd-924e-0e7d283c4bf3/host
Jul 15 15:10:12 gtw01 dnsmasq-dhcp[17160]: read /var/lib/neutron/dhcp/6e27b216-4503-43bd-924e-0e7d283c4bf3/opts
Jul 15 15:10:13 gtw01 dnsmasq[17160]: read /var/lib/neutron/dhcp/6e27b216-4503-43bd-924e-0e7d283c4bf3/addn_hosts - 5 addresses
Jul 15 15:10:13 gtw01 dnsmasq-dhcp[17160]: read /var/lib/neutron/dhcp/6e27b216-4503-43bd-924e-0e7d283c4bf3/host
Jul 15 15:10:13 gtw01 dnsmasq-dhcp[17160]: read /var/lib/neutron/dhcp/6e27b216-4503-43bd-924e-0e7d283c4bf3/opts
Jul 15 15:10:14 gtw01 dnsmasq[17160]: read /var/lib/neutron/dhcp/6e27b216-4503-43bd-924e-0e7d283c4bf3/addn_hosts - 4 addresses
Jul 15 15:10:14 gtw01 dnsmasq-dhcp[17160]: read /var/lib/neutron/dhcp/6e27b216-4503-43bd-924e-0e7d283c4bf3/host
Jul 15 15:10:14 gtw01 dnsmasq-dhcp[17160]: read /var/lib/neutron/dhcp/6e27b216-4503-43bd-924e-0e7d283c4bf3/opts
Jul 15 15:10:16 gtw01 dnsmasq-dhcp[7369]: DHCPDISCOVER(tap2be36376-cd) fa:16:3e:b5:43:77
Jul 15 15:10:16 gtw01 dnsmasq-dhcp[7369]: DHCPOFFER(tap2be36376-cd) 192.168.120.3 fa:16:3e:b5:43:77
Jul 15 15:10:16 gtw01 dnsmasq-dhcp[7369]: DHCPREQUEST(tap2be36376-cd) 192.168.120.3 fa:16:3e:b5:43:77
Jul 15 15:10:16 gtw01 dnsmasq-dhcp[7369]: DHCPACK(tap2be36376-cd) 192.168.120.3 fa:16:3e:b5:43:77 host-192-168-120-3
Jul 15 15:10:19 gtw01 dnsmasq[17160]: read /var/lib/neutron/dhcp/6e27b216-4503-43bd-924e-0e7d283c4bf3/addn_hosts - 3 addresses
Jul 15 15:10:19 gtw01 dnsmasq-dhcp[17160]: read /var/lib/neutron/dhcp/6e27b216-4503-43bd-924e-0e7d283c4bf3/host
Jul 15 15:10:19 gtw01 dnsmasq-dhcp[17160]: read /var/lib/neutron/dhcp/6e27b216-4503-43bd-924e-0e7d283c4bf3/opts
Jul 15 15:10:26 gtw01 dnsmasq[17160]: read /var/lib/neutron/dhcp/6e27b216-4503-43bd-924e-0e7d283c4bf3/addn_hosts - 4 addresses
Jul 15 15:10:26 gtw01 dnsmasq-dhcp[17160]: read /var/lib/neutron/dhcp/6e27b216-4503-43bd-924e-0e7d283c4bf3/host
Jul 15 15:10:26 gtw01 dnsmasq-dhcp[17160]: read /var/lib/neutron/dhcp/6e27b216-4503-43bd-924e-0e7d283c4bf3/opts
Jul 15 15:10:27 gtw01 dnsmasq[17160]: read /var/lib/neutron/dhcp/6e27b216-4503-43bd-924e-0e7d283c4bf3/addn_hosts - 4 addresses
Jul 15 15:10:27 gtw01 dnsmasq-dhcp[17160]: read /var/lib/neutron/dhcp/6e27b216-4503-43bd-924e-0e7d283c4bf3/host
Jul 15 15:10:27 gtw01 dnsmasq-dhcp[17160]: read /var/lib/neutron/dhcp/6e27b216-4503-43bd-924e-0e7d283c4bf3/opts
Jul 15 15:10:28 gtw01 dnsmasq[17160]: read /var/lib/neutron/dhcp/6e27b216-4503-43bd-924e-0e7d283c4bf3/addn_hosts - 4 addresses
Jul 15 15:10:28 gtw01 dnsmasq-dhcp[17160]: read /var/lib/neutron/dhcp/6e27b216-4503-43bd-924e-0e7d283c4bf3/host
Jul 15 15:10:28 gtw01 dnsmasq-dhcp[17160]: read /var/lib/neutron/dhcp/6e27b216-4503-43bd-924e-0e7d283c4bf3/opts
Jul 15 15:10:32 gtw01 systemd-udevd[14222]: Could not generate persistent MAC address for tap05a70d30-9c: No such file or directory
Jul 15 15:10:32 gtw01 kernel: [ 7533.980190] device tap05a70d30-9c entered promiscuous mode
Jul 15 15:10:32 gtw01 systemd-udevd[14222]: Process '/sbin/ip link set tap05a70d30-9c txqueuelen 10000' failed with exit code 1.
Jul 15 15:10:32 gtw01 systemd-udevd[14222]: Process '/sbin/ip link set tap05a70d30-9c txqueuelen 10000' failed with exit code 1.
Jul 15 15:10:35 gtw01 dnsmasq[14372]: started, version 2.80 cachesize 150
Jul 15 15:10:35 gtw01 dnsmasq[14372]: DNS service limited to local subnets
Jul 15 15:10:35 gtw01 dnsmasq[14372]: compile time options: IPv6 GNU-getopt DBus i18n IDN DHCP DHCPv6 no-Lua TFTP conntrack ipset auth DNSSEC loop-detect inotify dumpfile
Jul 15 15:10:35 gtw01 dnsmasq[14372]: warning: no upstream servers configured
Jul 15 15:10:35 gtw01 dnsmasq-dhcp[14372]: DHCP, static leases only on 192.168.120.0, lease time 1h
Jul 15 15:10:35 gtw01 dnsmasq[14372]: read /var/lib/neutron/dhcp/3c3e27eb-dc00-4b1b-9826-3a5f2cba4fe8/addn_hosts - 1 addresses
Jul 15 15:10:35 gtw01 dnsmasq-dhcp[14372]: read /var/lib/neutron/dhcp/3c3e27eb-dc00-4b1b-9826-3a5f2cba4fe8/host
Jul 15 15:10:35 gtw01 dnsmasq-dhcp[14372]: read /var/lib/neutron/dhcp/3c3e27eb-dc00-4b1b-9826-3a5f2cba4fe8/opts
Jul 15 15:10:35 gtw01 haproxy-metadata-proxy-3c3e27eb-dc00-4b1b-9826-3a5f2cba4fe8[14376]: Proxy listener started.
Jul 15 15:10:36 gtw01 dnsmasq[14372]: read /var/lib/neutron/dhcp/3c3e27eb-dc00-4b1b-9826-3a5f2cba4fe8/addn_hosts - 3 addresses
Jul 15 15:10:36 gtw01 dnsmasq-dhcp[14372]: read /var/lib/neutron/dhcp/3c3e27eb-dc00-4b1b-9826-3a5f2cba4fe8/host
Jul 15 15:10:36 gtw01 dnsmasq-dhcp[14372]: read /var/lib/neutron/dhcp/3c3e27eb-dc00-4b1b-9826-3a5f2cba4fe8/opts
Jul 15 15:10:37 gtw01 dnsmasq[14372]: read /var/lib/neutron/dhcp/3c3e27eb-dc00-4b1b-9826-3a5f2cba4fe8/addn_hosts - 3 addresses
Jul 15 15:10:37 gtw01 dnsmasq-dhcp[14372]: read /var/lib/neutron/dhcp/3c3e27eb-dc00-4b1b-9826-3a5f2cba4fe8/host
Jul 15 15:10:37 gtw01 dnsmasq-dhcp[14372]: read /var/lib/neutron/dhcp/3c3e27eb-dc00-4b1b-9826-3a5f2cba4fe8/opts
Jul 15 15:10:38 gtw01 dnsmasq[14372]: read /var/lib/neutron/dhcp/3c3e27eb-dc00-4b1b-9826-3a5f2cba4fe8/addn_hosts - 3 addresses
Jul 15 15:10:38 gtw01 dnsmasq-dhcp[14372]: read /var/lib/neutron/dhcp/3c3e27eb-dc00-4b1b-9826-3a5f2cba4fe8/host
Jul 15 15:10:38 gtw01 dnsmasq-dhcp[14372]: read /var/lib/neutron/dhcp/3c3e27eb-dc00-4b1b-9826-3a5f2cba4fe8/opts
Jul 15 15:10:39 gtw01 dnsmasq[14372]: read /var/lib/neutron/dhcp/3c3e27eb-dc00-4b1b-9826-3a5f2cba4fe8/addn_hosts - 3 addresses
Jul 15 15:10:39 gtw01 dnsmasq-dhcp[14372]: read /var/lib/neutron/dhcp/3c3e27eb-dc00-4b1b-9826-3a5f2cba4fe8/host
Jul 15 15:10:39 gtw01 dnsmasq-dhcp[14372]: read /var/lib/neutron/dhcp/3c3e27eb-dc00-4b1b-9826-3a5f2cba4fe8/opts
Jul 15 15:10:40 gtw01 dnsmasq[14372]: read /var/lib/neutron/dhcp/3c3e27eb-dc00-4b1b-9826-3a5f2cba4fe8/addn_hosts - 3 addresses
Jul 15 15:10:40 gtw01 dnsmasq-dhcp[14372]: read /var/lib/neutron/dhcp/3c3e27eb-dc00-4b1b-9826-3a5f2cba4fe8/host
Jul 15 15:10:40 gtw01 dnsmasq-dhcp[14372]: read /var/lib/neutron/dhcp/3c3e27eb-dc00-4b1b-9826-3a5f2cba4fe8/opts
Jul 15 15:10:41 gtw01 dnsmasq[14372]: read /var/lib/neutron/dhcp/3c3e27eb-dc00-4b1b-9826-3a5f2cba4fe8/addn_hosts - 3 addresses
Jul 15 15:10:41 gtw01 dnsmasq-dhcp[14372]: read /var/lib/neutron/dhcp/3c3e27eb-dc00-4b1b-9826-3a5f2cba4fe8/host
Jul 15 15:10:41 gtw01 dnsmasq-dhcp[14372]: read /var/lib/neutron/dhcp/3c3e27eb-dc00-4b1b-9826-3a5f2cba4fe8/opts
Jul 15 15:10:42 gtw01 dnsmasq[14372]: read /var/lib/neutron/dhcp/3c3e27eb-dc00-4b1b-9826-3a5f2cba4fe8/addn_hosts - 2 addresses
Jul 15 15:10:42 gtw01 dnsmasq-dhcp[14372]: read /var/lib/neutron/dhcp/3c3e27eb-dc00-4b1b-9826-3a5f2cba4fe8/host
Jul 15 15:10:42 gtw01 dnsmasq-dhcp[14372]: read /var/lib/neutron/dhcp/3c3e27eb-dc00-4b1b-9826-3a5f2cba4fe8/opts
Jul 15 15:10:42 gtw01 dnsmasq-dhcp[7369]: DHCPRELEASE(tap2be36376-cd) 192.168.120.3 fa:16:3e:b5:43:77
Jul 15 15:10:42 gtw01 dnsmasq-dhcp[17160]: DHCPDISCOVER(tap3e35a4ac-07) fa:16:3e:4e:05:94
Jul 15 15:10:42 gtw01 dnsmasq-dhcp[17160]: DHCPOFFER(tap3e35a4ac-07) 192.168.120.9 fa:16:3e:4e:05:94
Jul 15 15:10:42 gtw01 dnsmasq-dhcp[17160]: DHCPREQUEST(tap3e35a4ac-07) 192.168.120.9 fa:16:3e:4e:05:94
Jul 15 15:10:42 gtw01 dnsmasq-dhcp[17160]: DHCPACK(tap3e35a4ac-07) 192.168.120.9 fa:16:3e:4e:05:94 host-192-168-120-9
Jul 15 15:10:42 gtw01 dnsmasq[14372]: read /var/lib/neutron/dhcp/3c3e27eb-dc00-4b1b-9826-3a5f2cba4fe8/addn_hosts - 1 addresses
Jul 15 15:10:42 gtw01 dnsmasq-dhcp[14372]: read /var/lib/neutron/dhcp/3c3e27eb-dc00-4b1b-9826-3a5f2cba4fe8/host
Jul 15 15:10:42 gtw01 dnsmasq-dhcp[14372]: read /var/lib/neutron/dhcp/3c3e27eb-dc00-4b1b-9826-3a5f2cba4fe8/opts
Jul 15 15:10:43 gtw01 haproxy-metadata-proxy-3c3e27eb-dc00-4b1b-9826-3a5f2cba4fe8[14537]: Proxy listener started.
Jul 15 15:10:47 gtw01 kernel: [ 7548.688073] device tap05a70d30-9c left promiscuous mode
Jul 15 15:11:01 gtw01 CRON[14614]: (root) CMD (   test -x /etc/cron.daily/popularity-contest && /etc/cron.daily/popularity-contest --crond)
Jul 15 15:11:08 gtw01 kernel: [ 7570.329808] device tap9ec96c81-11 entered promiscuous mode
Jul 15 15:11:08 gtw01 systemd-udevd[14637]: Could not generate persistent MAC address for tap9ec96c81-11: No such file or directory
Jul 15 15:11:08 gtw01 systemd-udevd[14637]: Process '/sbin/ip link set tap9ec96c81-11 txqueuelen 10000' failed with exit code 1.
Jul 15 15:11:08 gtw01 systemd-udevd[14637]: Process '/sbin/ip link set tap9ec96c81-11 txqueuelen 10000' failed with exit code 1.
Jul 15 15:11:11 gtw01 dnsmasq[7369]: read /var/lib/neutron/dhcp/4d2cf358-9ed4-4d50-9f5b-21f62d10bb19/addn_hosts - 5 addresses
Jul 15 15:11:11 gtw01 dnsmasq-dhcp[7369]: read /var/lib/neutron/dhcp/4d2cf358-9ed4-4d50-9f5b-21f62d10bb19/host
Jul 15 15:11:11 gtw01 dnsmasq-dhcp[7369]: read /var/lib/neutron/dhcp/4d2cf358-9ed4-4d50-9f5b-21f62d10bb19/opts
Jul 15 15:11:11 gtw01 dnsmasq[14803]: started, version 2.80 cachesize 150
Jul 15 15:11:11 gtw01 dnsmasq[14803]: DNS service limited to local subnets
Jul 15 15:11:11 gtw01 dnsmasq[14803]: compile time options: IPv6 GNU-getopt DBus i18n IDN DHCP DHCPv6 no-Lua TFTP conntrack ipset auth DNSSEC loop-detect inotify dumpfile
Jul 15 15:11:11 gtw01 dnsmasq[14803]: warning: no upstream servers configured
Jul 15 15:11:11 gtw01 dnsmasq-dhcp[14803]: DHCPv6, static leases only on 2003:0:0:ffff::, lease time 1h
Jul 15 15:11:11 gtw01 dnsmasq[14803]: read /var/lib/neutron/dhcp/edf23714-08d7-48a4-bd48-775b47146a7c/addn_hosts - 1 addresses
Jul 15 15:11:11 gtw01 dnsmasq-dhcp[14803]: read /var/lib/neutron/dhcp/edf23714-08d7-48a4-bd48-775b47146a7c/host
Jul 15 15:11:11 gtw01 dnsmasq-dhcp[14803]: read /var/lib/neutron/dhcp/edf23714-08d7-48a4-bd48-775b47146a7c/opts
Jul 15 15:11:12 gtw01 dnsmasq[14803]: read /var/lib/neutron/dhcp/edf23714-08d7-48a4-bd48-775b47146a7c/addn_hosts - 1 addresses
Jul 15 15:11:12 gtw01 dnsmasq-dhcp[14803]: read /var/lib/neutron/dhcp/edf23714-08d7-48a4-bd48-775b47146a7c/host
Jul 15 15:11:12 gtw01 dnsmasq-dhcp[14803]: read /var/lib/neutron/dhcp/edf23714-08d7-48a4-bd48-775b47146a7c/opts
Jul 15 15:11:13 gtw01 dnsmasq[14803]: read /var/lib/neutron/dhcp/edf23714-08d7-48a4-bd48-775b47146a7c/addn_hosts - 1 addresses
Jul 15 15:11:13 gtw01 dnsmasq-dhcp[14803]: read /var/lib/neutron/dhcp/edf23714-08d7-48a4-bd48-775b47146a7c/host
Jul 15 15:11:13 gtw01 dnsmasq-dhcp[14803]: read /var/lib/neutron/dhcp/edf23714-08d7-48a4-bd48-775b47146a7c/opts
Jul 15 15:11:14 gtw01 dnsmasq[14803]: read /var/lib/neutron/dhcp/edf23714-08d7-48a4-bd48-775b47146a7c/addn_hosts - 1 addresses
Jul 15 15:11:14 gtw01 dnsmasq-dhcp[14803]: read /var/lib/neutron/dhcp/edf23714-08d7-48a4-bd48-775b47146a7c/host
Jul 15 15:11:14 gtw01 dnsmasq-dhcp[14803]: read /var/lib/neutron/dhcp/edf23714-08d7-48a4-bd48-775b47146a7c/opts
Jul 15 15:11:16 gtw01 systemd-udevd[14931]: Could not generate persistent MAC address for tap5775a61c-5a: No such file or directory
Jul 15 15:11:16 gtw01 kernel: [ 7577.794370] device tap5775a61c-5a entered promiscuous mode
Jul 15 15:11:16 gtw01 systemd-udevd[14931]: Process '/sbin/ip link set tap5775a61c-5a txqueuelen 10000' failed with exit code 1.
Jul 15 15:11:16 gtw01 dnsmasq-dhcp[17160]: DHCPRELEASE(tap3e35a4ac-07) 192.168.120.9 fa:16:3e:4e:05:94
Jul 15 15:11:16 gtw01 systemd-udevd[14931]: Process '/sbin/ip link set tap5775a61c-5a txqueuelen 10000' failed with exit code 1.
Jul 15 15:11:19 gtw01 dnsmasq[15086]: started, version 2.80 cachesize 150
Jul 15 15:11:19 gtw01 dnsmasq[15086]: DNS service limited to local subnets
Jul 15 15:11:19 gtw01 dnsmasq[15086]: compile time options: IPv6 GNU-getopt DBus i18n IDN DHCP DHCPv6 no-Lua TFTP conntrack ipset auth DNSSEC loop-detect inotify dumpfile
Jul 15 15:11:19 gtw01 dnsmasq[15086]: warning: no upstream servers configured
Jul 15 15:11:19 gtw01 dnsmasq-dhcp[15086]: DHCPv6, static leases only on 2003::, lease time 1h
Jul 15 15:11:19 gtw01 dnsmasq[15086]: read /var/lib/neutron/dhcp/fffa2a58-b2e2-4dff-8f77-c1b25da05b7b/addn_hosts - 1 addresses
Jul 15 15:11:19 gtw01 dnsmasq-dhcp[15086]: read /var/lib/neutron/dhcp/fffa2a58-b2e2-4dff-8f77-c1b25da05b7b/host
Jul 15 15:11:19 gtw01 dnsmasq-dhcp[15086]: read /var/lib/neutron/dhcp/fffa2a58-b2e2-4dff-8f77-c1b25da05b7b/opts
Jul 15 15:11:19 gtw01 kernel: [ 7581.021286] device tap5775a61c-5a left promiscuous mode
Jul 15 15:11:21 gtw01 systemd-udevd[15129]: Could not generate persistent MAC address for tap4242477d-5f: No such file or directory
Jul 15 15:11:21 gtw01 kernel: [ 7583.446738] device tap4242477d-5f entered promiscuous mode
Jul 15 15:11:23 gtw01 systemd-udevd[15212]: Process '/sbin/ip link set tap4242477d-5f txqueuelen 10000' failed with exit code 1.
Jul 15 15:11:26 gtw01 dnsmasq[15284]: started, version 2.80 cachesize 150
Jul 15 15:11:26 gtw01 dnsmasq[15284]: DNS service limited to local subnets
Jul 15 15:11:26 gtw01 dnsmasq[15284]: compile time options: IPv6 GNU-getopt DBus i18n IDN DHCP DHCPv6 no-Lua TFTP conntrack ipset auth DNSSEC loop-detect inotify dumpfile
Jul 15 15:11:26 gtw01 dnsmasq[15284]: warning: no upstream servers configured
Jul 15 15:11:26 gtw01 dnsmasq-dhcp[15284]: DHCPv6, static leases only on 2003::, lease time 1h
Jul 15 15:11:26 gtw01 dnsmasq[15284]: read /var/lib/neutron/dhcp/866696ab-7f84-4b19-891a-67e8f7a570a2/addn_hosts - 1 addresses
Jul 15 15:11:26 gtw01 dnsmasq-dhcp[15284]: read /var/lib/neutron/dhcp/866696ab-7f84-4b19-891a-67e8f7a570a2/host
Jul 15 15:11:26 gtw01 dnsmasq-dhcp[15284]: read /var/lib/neutron/dhcp/866696ab-7f84-4b19-891a-67e8f7a570a2/opts
Jul 15 15:11:27 gtw01 dnsmasq[7369]: read /var/lib/neutron/dhcp/4d2cf358-9ed4-4d50-9f5b-21f62d10bb19/addn_hosts - 6 addresses
Jul 15 15:11:27 gtw01 dnsmasq-dhcp[7369]: read /var/lib/neutron/dhcp/4d2cf358-9ed4-4d50-9f5b-21f62d10bb19/host
Jul 15 15:11:27 gtw01 dnsmasq-dhcp[7369]: read /var/lib/neutron/dhcp/4d2cf358-9ed4-4d50-9f5b-21f62d10bb19/opts
Jul 15 15:11:27 gtw01 dnsmasq[17160]: read /var/lib/neutron/dhcp/6e27b216-4503-43bd-924e-0e7d283c4bf3/addn_hosts - 3 addresses
Jul 15 15:11:27 gtw01 dnsmasq-dhcp[17160]: read /var/lib/neutron/dhcp/6e27b216-4503-43bd-924e-0e7d283c4bf3/host
Jul 15 15:11:27 gtw01 dnsmasq-dhcp[17160]: read /var/lib/neutron/dhcp/6e27b216-4503-43bd-924e-0e7d283c4bf3/opts
Jul 15 15:11:27 gtw01 dnsmasq[15284]: read /var/lib/neutron/dhcp/866696ab-7f84-4b19-891a-67e8f7a570a2/addn_hosts - 1 addresses
Jul 15 15:11:27 gtw01 dnsmasq-dhcp[15284]: read /var/lib/neutron/dhcp/866696ab-7f84-4b19-891a-67e8f7a570a2/host
Jul 15 15:11:27 gtw01 dnsmasq-dhcp[15284]: read /var/lib/neutron/dhcp/866696ab-7f84-4b19-891a-67e8f7a570a2/opts
Jul 15 15:11:28 gtw01 dnsmasq[7369]: read /var/lib/neutron/dhcp/4d2cf358-9ed4-4d50-9f5b-21f62d10bb19/addn_hosts - 6 addresses
Jul 15 15:11:28 gtw01 dnsmasq-dhcp[7369]: read /var/lib/neutron/dhcp/4d2cf358-9ed4-4d50-9f5b-21f62d10bb19/host
Jul 15 15:11:28 gtw01 dnsmasq-dhcp[7369]: read /var/lib/neutron/dhcp/4d2cf358-9ed4-4d50-9f5b-21f62d10bb19/opts
Jul 15 15:11:28 gtw01 dnsmasq-dhcp[17160]: DHCPRELEASE(tap3e35a4ac-07) 192.168.120.7 fa:16:3e:ad:a3:09
Jul 15 15:11:28 gtw01 dnsmasq-dhcp[17160]: DHCPRELEASE(tap3e35a4ac-07) 192.168.120.7 fa:16:3e:ad:a3:09 unknown lease
Jul 15 15:11:28 gtw01 dnsmasq[15284]: read /var/lib/neutron/dhcp/866696ab-7f84-4b19-891a-67e8f7a570a2/addn_hosts - 1 addresses
Jul 15 15:11:28 gtw01 dnsmasq-dhcp[15284]: read /var/lib/neutron/dhcp/866696ab-7f84-4b19-891a-67e8f7a570a2/host
Jul 15 15:11:28 gtw01 dnsmasq-dhcp[15284]: read /var/lib/neutron/dhcp/866696ab-7f84-4b19-891a-67e8f7a570a2/opts
Jul 15 15:11:29 gtw01 dnsmasq[7369]: read /var/lib/neutron/dhcp/4d2cf358-9ed4-4d50-9f5b-21f62d10bb19/addn_hosts - 6 addresses
Jul 15 15:11:29 gtw01 dnsmasq-dhcp[7369]: read /var/lib/neutron/dhcp/4d2cf358-9ed4-4d50-9f5b-21f62d10bb19/host
Jul 15 15:11:29 gtw01 dnsmasq-dhcp[7369]: read /var/lib/neutron/dhcp/4d2cf358-9ed4-4d50-9f5b-21f62d10bb19/opts
Jul 15 15:11:29 gtw01 dnsmasq[17160]: read /var/lib/neutron/dhcp/6e27b216-4503-43bd-924e-0e7d283c4bf3/addn_hosts - 2 addresses
Jul 15 15:11:29 gtw01 dnsmasq-dhcp[17160]: read /var/lib/neutron/dhcp/6e27b216-4503-43bd-924e-0e7d283c4bf3/host
Jul 15 15:11:29 gtw01 dnsmasq-dhcp[17160]: read /var/lib/neutron/dhcp/6e27b216-4503-43bd-924e-0e7d283c4bf3/opts
Jul 15 15:11:29 gtw01 dnsmasq[15284]: read /var/lib/neutron/dhcp/866696ab-7f84-4b19-891a-67e8f7a570a2/addn_hosts - 1 addresses
Jul 15 15:11:29 gtw01 dnsmasq-dhcp[15284]: read /var/lib/neutron/dhcp/866696ab-7f84-4b19-891a-67e8f7a570a2/host
Jul 15 15:11:29 gtw01 dnsmasq-dhcp[15284]: read /var/lib/neutron/dhcp/866696ab-7f84-4b19-891a-67e8f7a570a2/opts
Jul 15 15:11:30 gtw01 systemd-udevd[15452]: Could not generate persistent MAC address for tapb1ed7b5e-12: No such file or directory
Jul 15 15:11:30 gtw01 kernel: [ 7591.690302] device tapb1ed7b5e-12 entered promiscuous mode
Jul 15 15:11:30 gtw01 systemd-udevd[15452]: Process '/sbin/ip link set tapb1ed7b5e-12 txqueuelen 10000' failed with exit code 1.
Jul 15 15:11:30 gtw01 systemd-udevd[15452]: Process '/sbin/ip link set tapb1ed7b5e-12 txqueuelen 10000' failed with exit code 1.
Jul 15 15:11:33 gtw01 dnsmasq[15608]: started, version 2.80 cachesize 150
Jul 15 15:11:33 gtw01 dnsmasq[15608]: DNS service limited to local subnets
Jul 15 15:11:33 gtw01 dnsmasq[15608]: compile time options: IPv6 GNU-getopt DBus i18n IDN DHCP DHCPv6 no-Lua TFTP conntrack ipset auth DNSSEC loop-detect inotify dumpfile
Jul 15 15:11:33 gtw01 dnsmasq[15608]: warning: no upstream servers configured
Jul 15 15:11:33 gtw01 dnsmasq-dhcp[15608]: DHCPv6, static leases only on 2003::, lease time 1h
Jul 15 15:11:33 gtw01 dnsmasq[15608]: read /var/lib/neutron/dhcp/de0e3a67-3cb0-4743-bfb5-6ef8d2cbf12a/addn_hosts - 1 addresses
Jul 15 15:11:33 gtw01 dnsmasq-dhcp[15608]: read /var/lib/neutron/dhcp/de0e3a67-3cb0-4743-bfb5-6ef8d2cbf12a/host
Jul 15 15:11:33 gtw01 dnsmasq-dhcp[15608]: read /var/lib/neutron/dhcp/de0e3a67-3cb0-4743-bfb5-6ef8d2cbf12a/opts
Jul 15 15:11:34 gtw01 dnsmasq[15608]: read /var/lib/neutron/dhcp/de0e3a67-3cb0-4743-bfb5-6ef8d2cbf12a/addn_hosts - 1 addresses
Jul 15 15:11:34 gtw01 dnsmasq-dhcp[15608]: read /var/lib/neutron/dhcp/de0e3a67-3cb0-4743-bfb5-6ef8d2cbf12a/host
Jul 15 15:11:34 gtw01 dnsmasq-dhcp[15608]: read /var/lib/neutron/dhcp/de0e3a67-3cb0-4743-bfb5-6ef8d2cbf12a/opts
Jul 15 15:11:35 gtw01 dnsmasq[15608]: read /var/lib/neutron/dhcp/de0e3a67-3cb0-4743-bfb5-6ef8d2cbf12a/addn_hosts - 1 addresses
Jul 15 15:11:35 gtw01 dnsmasq-dhcp[15608]: read /var/lib/neutron/dhcp/de0e3a67-3cb0-4743-bfb5-6ef8d2cbf12a/host
Jul 15 15:11:35 gtw01 dnsmasq-dhcp[15608]: read /var/lib/neutron/dhcp/de0e3a67-3cb0-4743-bfb5-6ef8d2cbf12a/opts
Jul 15 15:11:36 gtw01 dnsmasq[15608]: read /var/lib/neutron/dhcp/de0e3a67-3cb0-4743-bfb5-6ef8d2cbf12a/addn_hosts - 1 addresses
Jul 15 15:11:36 gtw01 dnsmasq-dhcp[15608]: read /var/lib/neutron/dhcp/de0e3a67-3cb0-4743-bfb5-6ef8d2cbf12a/host
Jul 15 15:11:36 gtw01 dnsmasq-dhcp[15608]: read /var/lib/neutron/dhcp/de0e3a67-3cb0-4743-bfb5-6ef8d2cbf12a/opts
Jul 15 15:11:39 gtw01 dnsmasq-dhcp[7369]: DHCPDISCOVER(tap2be36376-cd) fa:16:3e:9e:30:63
Jul 15 15:11:39 gtw01 dnsmasq-dhcp[7369]: DHCPOFFER(tap2be36376-cd) 192.168.120.4 fa:16:3e:9e:30:63
Jul 15 15:11:39 gtw01 dnsmasq-dhcp[7369]: DHCPREQUEST(tap2be36376-cd) 192.168.120.4 fa:16:3e:9e:30:63
Jul 15 15:11:39 gtw01 dnsmasq-dhcp[7369]: DHCPACK(tap2be36376-cd) 192.168.120.4 fa:16:3e:9e:30:63 host-192-168-120-4
Jul 15 15:11:41 gtw01 kernel: [ 7602.841300] device tape18dbbe0-32 entered promiscuous mode
Jul 15 15:11:41 gtw01 systemd-udevd[15752]: Could not generate persistent MAC address for tape18dbbe0-32: No such file or directory
Jul 15 15:11:41 gtw01 systemd-udevd[15752]: Process '/sbin/ip link set tape18dbbe0-32 txqueuelen 10000' failed with exit code 1.
Jul 15 15:11:41 gtw01 systemd-udevd[15826]: Process '/sbin/ip link set tape18dbbe0-32 txqueuelen 10000' failed with exit code 1.
Jul 15 15:11:41 gtw01 dnsmasq[7369]: read /var/lib/neutron/dhcp/4d2cf358-9ed4-4d50-9f5b-21f62d10bb19/addn_hosts - 7 addresses
Jul 15 15:11:41 gtw01 dnsmasq-dhcp[7369]: read /var/lib/neutron/dhcp/4d2cf358-9ed4-4d50-9f5b-21f62d10bb19/host
Jul 15 15:11:41 gtw01 dnsmasq-dhcp[7369]: read /var/lib/neutron/dhcp/4d2cf358-9ed4-4d50-9f5b-21f62d10bb19/opts
Jul 15 15:11:43 gtw01 dnsmasq[7369]: read /var/lib/neutron/dhcp/4d2cf358-9ed4-4d50-9f5b-21f62d10bb19/addn_hosts - 7 addresses
Jul 15 15:11:43 gtw01 dnsmasq-dhcp[7369]: read /var/lib/neutron/dhcp/4d2cf358-9ed4-4d50-9f5b-21f62d10bb19/host
Jul 15 15:11:43 gtw01 dnsmasq-dhcp[7369]: read /var/lib/neutron/dhcp/4d2cf358-9ed4-4d50-9f5b-21f62d10bb19/opts
Jul 15 15:11:44 gtw01 dnsmasq[7369]: read /var/lib/neutron/dhcp/4d2cf358-9ed4-4d50-9f5b-21f62d10bb19/addn_hosts - 7 addresses
Jul 15 15:11:44 gtw01 dnsmasq-dhcp[7369]: read /var/lib/neutron/dhcp/4d2cf358-9ed4-4d50-9f5b-21f62d10bb19/host
Jul 15 15:11:44 gtw01 dnsmasq-dhcp[7369]: read /var/lib/neutron/dhcp/4d2cf358-9ed4-4d50-9f5b-21f62d10bb19/opts
Jul 15 15:11:44 gtw01 dnsmasq[15948]: started, version 2.80 cachesize 150
Jul 15 15:11:44 gtw01 dnsmasq[15948]: DNS service limited to local subnets
Jul 15 15:11:44 gtw01 dnsmasq[15948]: compile time options: IPv6 GNU-getopt DBus i18n IDN DHCP DHCPv6 no-Lua TFTP conntrack ipset auth DNSSEC loop-detect inotify dumpfile
Jul 15 15:11:44 gtw01 dnsmasq[15948]: warning: no upstream servers configured
Jul 15 15:11:44 gtw01 dnsmasq-dhcp[15948]: DHCPv6, static leases only on 2003::, lease time 1h
Jul 15 15:11:44 gtw01 dnsmasq[15948]: read /var/lib/neutron/dhcp/62f18e98-e926-42d2-b844-10db81eda046/addn_hosts - 1 addresses
Jul 15 15:11:44 gtw01 dnsmasq-dhcp[15948]: read /var/lib/neutron/dhcp/62f18e98-e926-42d2-b844-10db81eda046/host
Jul 15 15:11:44 gtw01 dnsmasq-dhcp[15948]: read /var/lib/neutron/dhcp/62f18e98-e926-42d2-b844-10db81eda046/opts
Jul 15 15:11:48 gtw01 dnsmasq[16012]: started, version 2.80 cachesize 150
Jul 15 15:11:48 gtw01 dnsmasq[16012]: DNS service limited to local subnets
Jul 15 15:11:48 gtw01 dnsmasq[16012]: compile time options: IPv6 GNU-getopt DBus i18n IDN DHCP DHCPv6 no-Lua TFTP conntrack ipset auth DNSSEC loop-detect inotify dumpfile
Jul 15 15:11:48 gtw01 dnsmasq[16012]: warning: no upstream servers configured
Jul 15 15:11:48 gtw01 dnsmasq-dhcp[16012]: DHCP, static leases only on 192.168.120.0, lease time 1h
Jul 15 15:11:48 gtw01 dnsmasq-dhcp[16012]: DHCPv6, static leases only on 2003::, lease time 1h
Jul 15 15:11:48 gtw01 dnsmasq[16012]: read /var/lib/neutron/dhcp/62f18e98-e926-42d2-b844-10db81eda046/addn_hosts - 2 addresses
Jul 15 15:11:48 gtw01 dnsmasq-dhcp[16012]: read /var/lib/neutron/dhcp/62f18e98-e926-42d2-b844-10db81eda046/host
Jul 15 15:11:48 gtw01 dnsmasq-dhcp[16012]: read /var/lib/neutron/dhcp/62f18e98-e926-42d2-b844-10db81eda046/opts
Jul 15 15:11:49 gtw01 haproxy-metadata-proxy-62f18e98-e926-42d2-b844-10db81eda046[16020]: Proxy listener started.
Jul 15 15:11:49 gtw01 dnsmasq[16012]: read /var/lib/neutron/dhcp/62f18e98-e926-42d2-b844-10db81eda046/addn_hosts - 2 addresses
Jul 15 15:11:49 gtw01 dnsmasq-dhcp[16012]: read /var/lib/neutron/dhcp/62f18e98-e926-42d2-b844-10db81eda046/host
Jul 15 15:11:49 gtw01 dnsmasq-dhcp[16012]: read /var/lib/neutron/dhcp/62f18e98-e926-42d2-b844-10db81eda046/opts
Jul 15 15:11:50 gtw01 dnsmasq[16012]: read /var/lib/neutron/dhcp/62f18e98-e926-42d2-b844-10db81eda046/addn_hosts - 2 addresses
Jul 15 15:11:50 gtw01 dnsmasq-dhcp[16012]: read /var/lib/neutron/dhcp/62f18e98-e926-42d2-b844-10db81eda046/host
Jul 15 15:11:50 gtw01 dnsmasq-dhcp[16012]: read /var/lib/neutron/dhcp/62f18e98-e926-42d2-b844-10db81eda046/opts
Jul 15 15:11:58 gtw01 systemd-udevd[16082]: Could not generate persistent MAC address for tap9dce7300-1a: No such file or directory
Jul 15 15:11:58 gtw01 kernel: [ 7619.870891] device tap9dce7300-1a entered promiscuous mode
Jul 15 15:11:58 gtw01 systemd-udevd[16082]: Process '/sbin/ip link set tap9dce7300-1a txqueuelen 10000' failed with exit code 1.
Jul 15 15:11:58 gtw01 systemd-udevd[16156]: Process '/sbin/ip link set tap9dce7300-1a txqueuelen 10000' failed with exit code 1.
Jul 15 15:11:59 gtw01 dnsmasq-dhcp[7369]: DHCPDISCOVER(tap2be36376-cd) fa:16:3e:be:85:0f
Jul 15 15:11:59 gtw01 dnsmasq-dhcp[7369]: DHCPOFFER(tap2be36376-cd) 192.168.120.5 fa:16:3e:be:85:0f
Jul 15 15:11:59 gtw01 dnsmasq-dhcp[7369]: DHCPREQUEST(tap2be36376-cd) 192.168.120.5 fa:16:3e:be:85:0f
Jul 15 15:11:59 gtw01 dnsmasq-dhcp[7369]: DHCPACK(tap2be36376-cd) 192.168.120.5 fa:16:3e:be:85:0f host-192-168-120-5
Jul 15 15:12:01 gtw01 dnsmasq[16240]: started, version 2.80 cachesize 150
Jul 15 15:12:01 gtw01 dnsmasq[16240]: DNS service limited to local subnets
Jul 15 15:12:01 gtw01 dnsmasq[16240]: compile time options: IPv6 GNU-getopt DBus i18n IDN DHCP DHCPv6 no-Lua TFTP conntrack ipset auth DNSSEC loop-detect inotify dumpfile
Jul 15 15:12:01 gtw01 dnsmasq[16240]: warning: no upstream servers configured
Jul 15 15:12:01 gtw01 dnsmasq-dhcp[16240]: DHCPv6, static leases only on 2003::, lease time 1h
Jul 15 15:12:01 gtw01 dnsmasq[16240]: read /var/lib/neutron/dhcp/fdcd42c6-018a-460b-b76c-04b80be6798c/addn_hosts - 1 addresses
Jul 15 15:12:01 gtw01 dnsmasq-dhcp[16240]: read /var/lib/neutron/dhcp/fdcd42c6-018a-460b-b76c-04b80be6798c/host
Jul 15 15:12:01 gtw01 dnsmasq-dhcp[16240]: read /var/lib/neutron/dhcp/fdcd42c6-018a-460b-b76c-04b80be6798c/opts
Jul 15 15:12:01 gtw01 kernel: [ 7623.449484] device tap9dce7300-1a left promiscuous mode
Jul 15 15:12:02 gtw01 dnsmasq-dhcp[7369]: DHCPRELEASE(tap2be36376-cd) 192.168.120.5 fa:16:3e:be:85:0f
Jul 15 15:12:04 gtw01 dnsmasq[16320]: started, version 2.80 cachesize 150
Jul 15 15:12:04 gtw01 dnsmasq[16320]: DNS service limited to local subnets
Jul 15 15:12:04 gtw01 dnsmasq[16320]: compile time options: IPv6 GNU-getopt DBus i18n IDN DHCP DHCPv6 no-Lua TFTP conntrack ipset auth DNSSEC loop-detect inotify dumpfile
Jul 15 15:12:04 gtw01 dnsmasq[16320]: warning: no upstream servers configured
Jul 15 15:12:04 gtw01 dnsmasq-dhcp[16320]: DHCPv6, static leases only on 2003::, lease time 1h
Jul 15 15:12:04 gtw01 dnsmasq[16320]: read /var/lib/neutron/dhcp/62f18e98-e926-42d2-b844-10db81eda046/addn_hosts - 1 addresses
Jul 15 15:12:04 gtw01 dnsmasq-dhcp[16320]: read /var/lib/neutron/dhcp/62f18e98-e926-42d2-b844-10db81eda046/host
Jul 15 15:12:04 gtw01 dnsmasq-dhcp[16320]: read /var/lib/neutron/dhcp/62f18e98-e926-42d2-b844-10db81eda046/opts
Jul 15 15:12:05 gtw01 dnsmasq[16320]: read /var/lib/neutron/dhcp/62f18e98-e926-42d2-b844-10db81eda046/addn_hosts - 1 addresses
Jul 15 15:12:05 gtw01 dnsmasq-dhcp[16320]: read /var/lib/neutron/dhcp/62f18e98-e926-42d2-b844-10db81eda046/host
Jul 15 15:12:05 gtw01 dnsmasq-dhcp[16320]: read /var/lib/neutron/dhcp/62f18e98-e926-42d2-b844-10db81eda046/opts
Jul 15 15:12:06 gtw01 kernel: [ 7627.824979] device tape18dbbe0-32 left promiscuous mode
Jul 15 15:12:08 gtw01 dnsmasq[7369]: read /var/lib/neutron/dhcp/4d2cf358-9ed4-4d50-9f5b-21f62d10bb19/addn_hosts - 7 addresses
Jul 15 15:12:08 gtw01 dnsmasq-dhcp[7369]: read /var/lib/neutron/dhcp/4d2cf358-9ed4-4d50-9f5b-21f62d10bb19/host
Jul 15 15:12:08 gtw01 dnsmasq-dhcp[7369]: read /var/lib/neutron/dhcp/4d2cf358-9ed4-4d50-9f5b-21f62d10bb19/opts
Jul 15 15:12:09 gtw01 kernel: [ 7630.716747] device tapb1ed7b5e-12 left promiscuous mode
Jul 15 15:12:09 gtw01 dnsmasq[7369]: read /var/lib/neutron/dhcp/4d2cf358-9ed4-4d50-9f5b-21f62d10bb19/addn_hosts - 7 addresses
Jul 15 15:12:09 gtw01 dnsmasq-dhcp[7369]: read /var/lib/neutron/dhcp/4d2cf358-9ed4-4d50-9f5b-21f62d10bb19/host
Jul 15 15:12:09 gtw01 dnsmasq-dhcp[7369]: read /var/lib/neutron/dhcp/4d2cf358-9ed4-4d50-9f5b-21f62d10bb19/opts
Jul 15 15:12:14 gtw01 kernel: [ 7635.816806] device tap4242477d-5f left promiscuous mode
Jul 15 15:12:17 gtw01 kernel: [ 7638.936943] device tap9ec96c81-11 left promiscuous mode
Jul 15 15:12:26 gtw01 dnsmasq[7369]: read /var/lib/neutron/dhcp/4d2cf358-9ed4-4d50-9f5b-21f62d10bb19/addn_hosts - 6 addresses
Jul 15 15:12:26 gtw01 dnsmasq-dhcp[7369]: read /var/lib/neutron/dhcp/4d2cf358-9ed4-4d50-9f5b-21f62d10bb19/host
Jul 15 15:12:26 gtw01 dnsmasq-dhcp[7369]: read /var/lib/neutron/dhcp/4d2cf358-9ed4-4d50-9f5b-21f62d10bb19/opts
Jul 15 15:12:27 gtw01 kernel: [ 7649.385813] device tapcb00d93a-5e entered promiscuous mode
Jul 15 15:12:27 gtw01 systemd-udevd[16531]: Could not generate persistent MAC address for tapcb00d93a-5e: No such file or directory
Jul 15 15:12:27 gtw01 systemd-udevd[16531]: Process '/sbin/ip link set tapcb00d93a-5e txqueuelen 10000' failed with exit code 1.
Jul 15 15:12:27 gtw01 systemd-udevd[16531]: Process '/sbin/ip link set tapcb00d93a-5e txqueuelen 10000' failed with exit code 1.
Jul 15 15:12:28 gtw01 kernel: [ 7650.269448] device tap81ecbaf0-3c entered promiscuous mode
Jul 15 15:12:28 gtw01 systemd-udevd[16649]: Could not generate persistent MAC address for tap81ecbaf0-3c: No such file or directory
Jul 15 15:12:28 gtw01 systemd-udevd[16649]: Process '/sbin/ip link set tap81ecbaf0-3c txqueuelen 10000' failed with exit code 1.
Jul 15 15:12:28 gtw01 systemd-udevd[16722]: Process '/sbin/ip link set tap81ecbaf0-3c txqueuelen 10000' failed with exit code 1.
Jul 15 15:12:29 gtw01 dnsmasq-dhcp[7369]: DHCPRELEASE(tap2be36376-cd) 192.168.120.4 fa:16:3e:9e:30:63
Jul 15 15:12:31 gtw01 dnsmasq[16839]: started, version 2.80 cachesize 150
Jul 15 15:12:31 gtw01 dnsmasq[16839]: DNS service limited to local subnets
Jul 15 15:12:31 gtw01 dnsmasq[16839]: compile time options: IPv6 GNU-getopt DBus i18n IDN DHCP DHCPv6 no-Lua TFTP conntrack ipset auth DNSSEC loop-detect inotify dumpfile
Jul 15 15:12:31 gtw01 dnsmasq[16839]: warning: no upstream servers configured
Jul 15 15:12:31 gtw01 dnsmasq-dhcp[16839]: DHCP, static leases only on 192.168.120.0, lease time 1h
Jul 15 15:12:31 gtw01 dnsmasq[16839]: read /var/lib/neutron/dhcp/46b06f24-14f3-4b28-ab9d-ae1dbabf49ad/addn_hosts - 1 addresses
Jul 15 15:12:31 gtw01 dnsmasq-dhcp[16839]: read /var/lib/neutron/dhcp/46b06f24-14f3-4b28-ab9d-ae1dbabf49ad/host
Jul 15 15:12:31 gtw01 dnsmasq-dhcp[16839]: read /var/lib/neutron/dhcp/46b06f24-14f3-4b28-ab9d-ae1dbabf49ad/opts
Jul 15 15:12:31 gtw01 haproxy-metadata-proxy-46b06f24-14f3-4b28-ab9d-ae1dbabf49ad[16849]: Proxy listener started.
Jul 15 15:12:32 gtw01 dnsmasq[16864]: started, version 2.80 cachesize 150
Jul 15 15:12:32 gtw01 dnsmasq[16864]: DNS service limited to local subnets
Jul 15 15:12:32 gtw01 dnsmasq[16864]: compile time options: IPv6 GNU-getopt DBus i18n IDN DHCP DHCPv6 no-Lua TFTP conntrack ipset auth DNSSEC loop-detect inotify dumpfile
Jul 15 15:12:32 gtw01 dnsmasq[16864]: warning: no upstream servers configured
Jul 15 15:12:32 gtw01 dnsmasq-dhcp[16864]: DHCP, static leases only on 192.168.121.0, lease time 1h
Jul 15 15:12:32 gtw01 dnsmasq[16864]: read /var/lib/neutron/dhcp/79a9d07a-1533-4bcc-8d30-b4518ce3cd0b/addn_hosts - 1 addresses
Jul 15 15:12:32 gtw01 dnsmasq-dhcp[16864]: read /var/lib/neutron/dhcp/79a9d07a-1533-4bcc-8d30-b4518ce3cd0b/host
Jul 15 15:12:32 gtw01 dnsmasq-dhcp[16864]: read /var/lib/neutron/dhcp/79a9d07a-1533-4bcc-8d30-b4518ce3cd0b/opts
Jul 15 15:12:32 gtw01 haproxy-metadata-proxy-79a9d07a-1533-4bcc-8d30-b4518ce3cd0b[16871]: Proxy listener started.
Jul 15 15:12:32 gtw01 dnsmasq[16839]: read /var/lib/neutron/dhcp/46b06f24-14f3-4b28-ab9d-ae1dbabf49ad/addn_hosts - 2 addresses
Jul 15 15:12:32 gtw01 dnsmasq-dhcp[16839]: read /var/lib/neutron/dhcp/46b06f24-14f3-4b28-ab9d-ae1dbabf49ad/host
Jul 15 15:12:32 gtw01 dnsmasq-dhcp[16839]: read /var/lib/neutron/dhcp/46b06f24-14f3-4b28-ab9d-ae1dbabf49ad/opts
Jul 15 15:12:33 gtw01 dnsmasq[16864]: read /var/lib/neutron/dhcp/79a9d07a-1533-4bcc-8d30-b4518ce3cd0b/addn_hosts - 2 addresses
Jul 15 15:12:33 gtw01 dnsmasq-dhcp[16864]: read /var/lib/neutron/dhcp/79a9d07a-1533-4bcc-8d30-b4518ce3cd0b/host
Jul 15 15:12:33 gtw01 dnsmasq-dhcp[16864]: read /var/lib/neutron/dhcp/79a9d07a-1533-4bcc-8d30-b4518ce3cd0b/opts
Jul 15 15:12:33 gtw01 dnsmasq[16839]: read /var/lib/neutron/dhcp/46b06f24-14f3-4b28-ab9d-ae1dbabf49ad/addn_hosts - 2 addresses
Jul 15 15:12:33 gtw01 dnsmasq-dhcp[16839]: read /var/lib/neutron/dhcp/46b06f24-14f3-4b28-ab9d-ae1dbabf49ad/host
Jul 15 15:12:33 gtw01 dnsmasq-dhcp[16839]: read /var/lib/neutron/dhcp/46b06f24-14f3-4b28-ab9d-ae1dbabf49ad/opts
Jul 15 15:12:34 gtw01 dnsmasq[16864]: read /var/lib/neutron/dhcp/79a9d07a-1533-4bcc-8d30-b4518ce3cd0b/addn_hosts - 2 addresses
Jul 15 15:12:34 gtw01 dnsmasq-dhcp[16864]: read /var/lib/neutron/dhcp/79a9d07a-1533-4bcc-8d30-b4518ce3cd0b/host
Jul 15 15:12:34 gtw01 dnsmasq-dhcp[16864]: read /var/lib/neutron/dhcp/79a9d07a-1533-4bcc-8d30-b4518ce3cd0b/opts
Jul 15 15:12:34 gtw01 dnsmasq[16839]: read /var/lib/neutron/dhcp/46b06f24-14f3-4b28-ab9d-ae1dbabf49ad/addn_hosts - 2 addresses
Jul 15 15:12:34 gtw01 dnsmasq-dhcp[16839]: read /var/lib/neutron/dhcp/46b06f24-14f3-4b28-ab9d-ae1dbabf49ad/host
Jul 15 15:12:34 gtw01 dnsmasq-dhcp[16839]: read /var/lib/neutron/dhcp/46b06f24-14f3-4b28-ab9d-ae1dbabf49ad/opts
Jul 15 15:12:35 gtw01 dnsmasq[16864]: read /var/lib/neutron/dhcp/79a9d07a-1533-4bcc-8d30-b4518ce3cd0b/addn_hosts - 2 addresses
Jul 15 15:12:35 gtw01 dnsmasq-dhcp[16864]: read /var/lib/neutron/dhcp/79a9d07a-1533-4bcc-8d30-b4518ce3cd0b/host
Jul 15 15:12:35 gtw01 dnsmasq-dhcp[16864]: read /var/lib/neutron/dhcp/79a9d07a-1533-4bcc-8d30-b4518ce3cd0b/opts
Jul 15 15:12:35 gtw01 dnsmasq[16839]: read /var/lib/neutron/dhcp/46b06f24-14f3-4b28-ab9d-ae1dbabf49ad/addn_hosts - 2 addresses
Jul 15 15:12:35 gtw01 dnsmasq-dhcp[16839]: read /var/lib/neutron/dhcp/46b06f24-14f3-4b28-ab9d-ae1dbabf49ad/host
Jul 15 15:12:35 gtw01 dnsmasq-dhcp[16839]: read /var/lib/neutron/dhcp/46b06f24-14f3-4b28-ab9d-ae1dbabf49ad/opts
Jul 15 15:12:36 gtw01 dnsmasq[16864]: read /var/lib/neutron/dhcp/79a9d07a-1533-4bcc-8d30-b4518ce3cd0b/addn_hosts - 2 addresses
Jul 15 15:12:36 gtw01 dnsmasq-dhcp[16864]: read /var/lib/neutron/dhcp/79a9d07a-1533-4bcc-8d30-b4518ce3cd0b/host
Jul 15 15:12:36 gtw01 dnsmasq-dhcp[16864]: read /var/lib/neutron/dhcp/79a9d07a-1533-4bcc-8d30-b4518ce3cd0b/opts
Jul 15 15:12:36 gtw01 dnsmasq[16839]: read /var/lib/neutron/dhcp/46b06f24-14f3-4b28-ab9d-ae1dbabf49ad/addn_hosts - 2 addresses
Jul 15 15:12:36 gtw01 dnsmasq-dhcp[16839]: read /var/lib/neutron/dhcp/46b06f24-14f3-4b28-ab9d-ae1dbabf49ad/host
Jul 15 15:12:36 gtw01 dnsmasq-dhcp[16839]: read /var/lib/neutron/dhcp/46b06f24-14f3-4b28-ab9d-ae1dbabf49ad/opts
Jul 15 15:12:37 gtw01 dnsmasq[16864]: read /var/lib/neutron/dhcp/79a9d07a-1533-4bcc-8d30-b4518ce3cd0b/addn_hosts - 2 addresses
Jul 15 15:12:37 gtw01 dnsmasq-dhcp[16864]: read /var/lib/neutron/dhcp/79a9d07a-1533-4bcc-8d30-b4518ce3cd0b/host
Jul 15 15:12:37 gtw01 dnsmasq-dhcp[16864]: read /var/lib/neutron/dhcp/79a9d07a-1533-4bcc-8d30-b4518ce3cd0b/opts
Jul 15 15:12:38 gtw01 dnsmasq[16864]: read /var/lib/neutron/dhcp/79a9d07a-1533-4bcc-8d30-b4518ce3cd0b/addn_hosts - 1 addresses
Jul 15 15:12:38 gtw01 dnsmasq-dhcp[16864]: read /var/lib/neutron/dhcp/79a9d07a-1533-4bcc-8d30-b4518ce3cd0b/host
Jul 15 15:12:38 gtw01 dnsmasq-dhcp[16864]: read /var/lib/neutron/dhcp/79a9d07a-1533-4bcc-8d30-b4518ce3cd0b/opts
Jul 15 15:12:38 gtw01 haproxy-metadata-proxy-79a9d07a-1533-4bcc-8d30-b4518ce3cd0b[17070]: Proxy listener started.
Jul 15 15:12:40 gtw01 dnsmasq[16839]: read /var/lib/neutron/dhcp/46b06f24-14f3-4b28-ab9d-ae1dbabf49ad/addn_hosts - 1 addresses
Jul 15 15:12:40 gtw01 dnsmasq-dhcp[16839]: read /var/lib/neutron/dhcp/46b06f24-14f3-4b28-ab9d-ae1dbabf49ad/host
Jul 15 15:12:40 gtw01 dnsmasq-dhcp[16839]: read /var/lib/neutron/dhcp/46b06f24-14f3-4b28-ab9d-ae1dbabf49ad/opts
Jul 15 15:12:41 gtw01 haproxy-metadata-proxy-46b06f24-14f3-4b28-ab9d-ae1dbabf49ad[17091]: Proxy listener started.
Jul 15 15:12:45 gtw01 dnsmasq[7369]: read /var/lib/neutron/dhcp/4d2cf358-9ed4-4d50-9f5b-21f62d10bb19/addn_hosts - 5 addresses
Jul 15 15:12:45 gtw01 dnsmasq-dhcp[7369]: read /var/lib/neutron/dhcp/4d2cf358-9ed4-4d50-9f5b-21f62d10bb19/host
Jul 15 15:12:45 gtw01 dnsmasq-dhcp[7369]: read /var/lib/neutron/dhcp/4d2cf358-9ed4-4d50-9f5b-21f62d10bb19/opts
Jul 15 15:12:45 gtw01 kernel: [ 7667.059657] device tap81ecbaf0-3c left promiscuous mode
Jul 15 15:12:47 gtw01 kernel: [ 7668.954618] device tapcb00d93a-5e left promiscuous mode
Jul 15 15:12:50 gtw01 dnsmasq-dhcp[7369]: DHCPRELEASE(tap2be36376-cd) 192.168.120.13 fa:16:3e:85:48:ca
Jul 15 15:12:50 gtw01 dnsmasq-dhcp[7369]: DHCPRELEASE(tap2be36376-cd) 192.168.120.13 fa:16:3e:85:48:ca unknown lease
Jul 15 15:12:51 gtw01 dnsmasq[7369]: read /var/lib/neutron/dhcp/4d2cf358-9ed4-4d50-9f5b-21f62d10bb19/addn_hosts - 4 addresses
Jul 15 15:12:51 gtw01 dnsmasq-dhcp[7369]: read /var/lib/neutron/dhcp/4d2cf358-9ed4-4d50-9f5b-21f62d10bb19/host
Jul 15 15:12:51 gtw01 dnsmasq-dhcp[7369]: read /var/lib/neutron/dhcp/4d2cf358-9ed4-4d50-9f5b-21f62d10bb19/opts
Jul 15 15:12:53 gtw01 kernel: [ 7675.501222] device vxlan_sys_4789 left promiscuous mode
Jul 15 15:12:54 gtw01 kernel: [ 7675.929252] device tapee7c28c4-7c entered promiscuous mode
Jul 15 15:12:54 gtw01 systemd-udevd[17302]: Could not generate persistent MAC address for tapee7c28c4-7c: No such file or directory
Jul 15 15:12:54 gtw01 systemd-udevd[17302]: Process '/sbin/ip link set tapee7c28c4-7c txqueuelen 10000' failed with exit code 1.
Jul 15 15:12:54 gtw01 systemd-udevd[17302]: Process '/sbin/ip link set tapee7c28c4-7c txqueuelen 10000' failed with exit code 1.
Jul 15 15:12:54 gtw01 dnsmasq-dhcp[7369]: DHCPRELEASE(tap2be36376-cd) 192.168.120.7 fa:16:3e:43:f4:1d
Jul 15 15:12:55 gtw01 dnsmasq-dhcp[7369]: DHCPRELEASE(tap2be36376-cd) 192.168.120.7 fa:16:3e:43:f4:1d unknown lease
Jul 15 15:12:55 gtw01 dnsmasq[7369]: read /var/lib/neutron/dhcp/4d2cf358-9ed4-4d50-9f5b-21f62d10bb19/addn_hosts - 3 addresses
Jul 15 15:12:55 gtw01 dnsmasq-dhcp[7369]: read /var/lib/neutron/dhcp/4d2cf358-9ed4-4d50-9f5b-21f62d10bb19/host
Jul 15 15:12:55 gtw01 dnsmasq-dhcp[7369]: read /var/lib/neutron/dhcp/4d2cf358-9ed4-4d50-9f5b-21f62d10bb19/opts
Jul 15 15:12:57 gtw01 dnsmasq[17499]: started, version 2.80 cachesize 150
Jul 15 15:12:57 gtw01 dnsmasq[17499]: DNS service limited to local subnets
Jul 15 15:12:57 gtw01 dnsmasq[17499]: compile time options: IPv6 GNU-getopt DBus i18n IDN DHCP DHCPv6 no-Lua TFTP conntrack ipset auth DNSSEC loop-detect inotify dumpfile
Jul 15 15:12:57 gtw01 dnsmasq[17499]: warning: no upstream servers configured
Jul 15 15:12:57 gtw01 dnsmasq-dhcp[17499]: DHCP, static leases only on 192.168.120.0, lease time 1h
Jul 15 15:12:57 gtw01 dnsmasq[17499]: read /var/lib/neutron/dhcp/d299b86d-aafd-433a-9ba9-a12b7f2e1982/addn_hosts - 1 addresses
Jul 15 15:12:57 gtw01 dnsmasq-dhcp[17499]: read /var/lib/neutron/dhcp/d299b86d-aafd-433a-9ba9-a12b7f2e1982/host
Jul 15 15:12:57 gtw01 dnsmasq-dhcp[17499]: read /var/lib/neutron/dhcp/d299b86d-aafd-433a-9ba9-a12b7f2e1982/opts
Jul 15 15:12:58 gtw01 dnsmasq[7369]: read /var/lib/neutron/dhcp/4d2cf358-9ed4-4d50-9f5b-21f62d10bb19/addn_hosts - 2 addresses
Jul 15 15:12:58 gtw01 dnsmasq-dhcp[7369]: read /var/lib/neutron/dhcp/4d2cf358-9ed4-4d50-9f5b-21f62d10bb19/host
Jul 15 15:12:58 gtw01 dnsmasq-dhcp[7369]: read /var/lib/neutron/dhcp/4d2cf358-9ed4-4d50-9f5b-21f62d10bb19/opts
Jul 15 15:12:58 gtw01 haproxy-metadata-proxy-d299b86d-aafd-433a-9ba9-a12b7f2e1982[17507]: Proxy listener started.
Jul 15 15:12:58 gtw01 dnsmasq[17499]: read /var/lib/neutron/dhcp/d299b86d-aafd-433a-9ba9-a12b7f2e1982/addn_hosts - 2 addresses
Jul 15 15:12:58 gtw01 dnsmasq-dhcp[17499]: read /var/lib/neutron/dhcp/d299b86d-aafd-433a-9ba9-a12b7f2e1982/host
Jul 15 15:12:58 gtw01 dnsmasq-dhcp[17499]: read /var/lib/neutron/dhcp/d299b86d-aafd-433a-9ba9-a12b7f2e1982/opts
Jul 15 15:12:59 gtw01 dnsmasq[17499]: read /var/lib/neutron/dhcp/d299b86d-aafd-433a-9ba9-a12b7f2e1982/addn_hosts - 2 addresses
Jul 15 15:12:59 gtw01 dnsmasq-dhcp[17499]: read /var/lib/neutron/dhcp/d299b86d-aafd-433a-9ba9-a12b7f2e1982/host
Jul 15 15:12:59 gtw01 dnsmasq-dhcp[17499]: read /var/lib/neutron/dhcp/d299b86d-aafd-433a-9ba9-a12b7f2e1982/opts
Jul 15 15:13:00 gtw01 dnsmasq[17499]: read /var/lib/neutron/dhcp/d299b86d-aafd-433a-9ba9-a12b7f2e1982/addn_hosts - 2 addresses
Jul 15 15:13:00 gtw01 dnsmasq-dhcp[17499]: read /var/lib/neutron/dhcp/d299b86d-aafd-433a-9ba9-a12b7f2e1982/host
Jul 15 15:13:00 gtw01 dnsmasq-dhcp[17499]: read /var/lib/neutron/dhcp/d299b86d-aafd-433a-9ba9-a12b7f2e1982/opts
Jul 15 15:13:01 gtw01 dnsmasq[17499]: read /var/lib/neutron/dhcp/d299b86d-aafd-433a-9ba9-a12b7f2e1982/addn_hosts - 2 addresses
Jul 15 15:13:01 gtw01 dnsmasq-dhcp[17499]: read /var/lib/neutron/dhcp/d299b86d-aafd-433a-9ba9-a12b7f2e1982/host
Jul 15 15:13:01 gtw01 dnsmasq-dhcp[17499]: read /var/lib/neutron/dhcp/d299b86d-aafd-433a-9ba9-a12b7f2e1982/opts
Jul 15 15:13:02 gtw01 dnsmasq[7369]: read /var/lib/neutron/dhcp/4d2cf358-9ed4-4d50-9f5b-21f62d10bb19/addn_hosts - 1 addresses
Jul 15 15:13:02 gtw01 dnsmasq-dhcp[7369]: read /var/lib/neutron/dhcp/4d2cf358-9ed4-4d50-9f5b-21f62d10bb19/host
Jul 15 15:13:02 gtw01 dnsmasq-dhcp[7369]: read /var/lib/neutron/dhcp/4d2cf358-9ed4-4d50-9f5b-21f62d10bb19/opts
Jul 15 15:13:02 gtw01 dnsmasq[17499]: read /var/lib/neutron/dhcp/d299b86d-aafd-433a-9ba9-a12b7f2e1982/addn_hosts - 2 addresses
Jul 15 15:13:02 gtw01 dnsmasq-dhcp[17499]: read /var/lib/neutron/dhcp/d299b86d-aafd-433a-9ba9-a12b7f2e1982/host
Jul 15 15:13:02 gtw01 dnsmasq-dhcp[17499]: read /var/lib/neutron/dhcp/d299b86d-aafd-433a-9ba9-a12b7f2e1982/opts
Jul 15 15:13:03 gtw01 haproxy-metadata-proxy-4d2cf358-9ed4-4d50-9f5b-21f62d10bb19[17643]: Proxy listener started.
Jul 15 15:13:03 gtw01 kernel: [ 7685.353748] device tapee7c28c4-7c left promiscuous mode
Jul 15 15:13:05 gtw01 kernel: [ 7687.512391] device qr-64dafe5e-09 left promiscuous mode
Jul 15 15:13:06 gtw01 kernel: [ 7687.931047] device tap84f75116-c0 entered promiscuous mode
Jul 15 15:13:06 gtw01 systemd-udevd[17726]: Could not generate persistent MAC address for tap84f75116-c0: No such file or directory
Jul 15 15:13:06 gtw01 systemd-udevd[17726]: Process '/sbin/ip link set tap84f75116-c0 txqueuelen 10000' failed with exit code 1.
Jul 15 15:13:06 gtw01 systemd-udevd[17804]: Process '/sbin/ip link set tap84f75116-c0 txqueuelen 10000' failed with exit code 1.
Jul 15 15:13:06 gtw01 kernel: [ 7688.420389] device tap0d574fb9-d2 entered promiscuous mode
