Jul 15 15:46:44 gtw01 systemd-udevd[20313]: Could not generate persistent MAC address for tap6a8393cc-29: No such file or directory
Jul 15 15:46:44 gtw01 systemd-udevd[20313]: Process '/sbin/ip link set tap6a8393cc-29 txqueuelen 10000' failed with exit code 1.
Jul 15 15:46:44 gtw01 systemd-udevd[20391]: Process '/sbin/ip link set tap6a8393cc-29 txqueuelen 10000' failed with exit code 1.
Jul 15 15:46:45 gtw01 dnsmasq[20155]: read /var/lib/neutron/dhcp/9b0787a1-7a03-46aa-8c19-f71138caf3b3/addn_hosts - 2 addresses
Jul 15 15:46:45 gtw01 dnsmasq-dhcp[20155]: read /var/lib/neutron/dhcp/9b0787a1-7a03-46aa-8c19-f71138caf3b3/host
Jul 15 15:46:45 gtw01 dnsmasq-dhcp[20155]: read /var/lib/neutron/dhcp/9b0787a1-7a03-46aa-8c19-f71138caf3b3/opts
Jul 15 15:46:46 gtw01 dnsmasq[20155]: read /var/lib/neutron/dhcp/9b0787a1-7a03-46aa-8c19-f71138caf3b3/addn_hosts - 2 addresses
Jul 15 15:46:46 gtw01 dnsmasq-dhcp[20155]: read /var/lib/neutron/dhcp/9b0787a1-7a03-46aa-8c19-f71138caf3b3/host
Jul 15 15:46:46 gtw01 dnsmasq-dhcp[20155]: read /var/lib/neutron/dhcp/9b0787a1-7a03-46aa-8c19-f71138caf3b3/opts
Jul 15 15:46:47 gtw01 haproxy-metadata-proxy-0790807d-d0db-4a33-9e82-c9477c83deb4[20559]: Proxy listener started.
Jul 15 15:46:48 gtw01 kernel: [ 9709.763999] device qr-ad5f8d04-80 entered promiscuous mode
Jul 15 15:46:48 gtw01 systemd-udevd[20576]: Could not generate persistent MAC address for qr-ad5f8d04-80: No such file or directory
Jul 15 15:46:48 gtw01 dnsmasq[20660]: started, version 2.80 cachesize 150
Jul 15 15:46:48 gtw01 dnsmasq[20660]: DNS service limited to local subnets
Jul 15 15:46:48 gtw01 dnsmasq[20660]: compile time options: IPv6 GNU-getopt DBus i18n IDN DHCP DHCPv6 no-Lua TFTP conntrack ipset auth DNSSEC loop-detect inotify dumpfile
Jul 15 15:46:48 gtw01 dnsmasq[20660]: warning: no upstream servers configured
Jul 15 15:46:48 gtw01 dnsmasq-dhcp[20660]: DHCP, static leases only on 192.168.120.0, lease time 1h
Jul 15 15:46:48 gtw01 dnsmasq[20660]: read /var/lib/neutron/dhcp/281dc5dd-57fa-4d48-98b9-5c96f934608f/addn_hosts - 1 addresses
Jul 15 15:46:48 gtw01 dnsmasq-dhcp[20660]: read /var/lib/neutron/dhcp/281dc5dd-57fa-4d48-98b9-5c96f934608f/host
Jul 15 15:46:48 gtw01 dnsmasq-dhcp[20660]: read /var/lib/neutron/dhcp/281dc5dd-57fa-4d48-98b9-5c96f934608f/opts
Jul 15 15:46:48 gtw01 haproxy-metadata-proxy-281dc5dd-57fa-4d48-98b9-5c96f934608f[20670]: Proxy listener started.
Jul 15 15:46:49 gtw01 systemd-udevd[20716]: Could not generate persistent MAC address for qg-ee363459-0d: No such file or directory
Jul 15 15:46:49 gtw01 kernel: [ 9711.049178] device qg-ee363459-0d entered promiscuous mode
Jul 15 15:46:49 gtw01 dnsmasq[20155]: read /var/lib/neutron/dhcp/9b0787a1-7a03-46aa-8c19-f71138caf3b3/addn_hosts - 2 addresses
Jul 15 15:46:49 gtw01 dnsmasq-dhcp[20155]: read /var/lib/neutron/dhcp/9b0787a1-7a03-46aa-8c19-f71138caf3b3/host
Jul 15 15:46:49 gtw01 dnsmasq-dhcp[20155]: read /var/lib/neutron/dhcp/9b0787a1-7a03-46aa-8c19-f71138caf3b3/opts
Jul 15 15:46:49 gtw01 dnsmasq[20660]: read /var/lib/neutron/dhcp/281dc5dd-57fa-4d48-98b9-5c96f934608f/addn_hosts - 2 addresses
Jul 15 15:46:49 gtw01 dnsmasq-dhcp[20660]: read /var/lib/neutron/dhcp/281dc5dd-57fa-4d48-98b9-5c96f934608f/host
Jul 15 15:46:49 gtw01 dnsmasq-dhcp[20660]: read /var/lib/neutron/dhcp/281dc5dd-57fa-4d48-98b9-5c96f934608f/opts
Jul 15 15:46:50 gtw01 systemd-udevd[20834]: Could not generate persistent MAC address for qr-e389495c-50: No such file or directory
Jul 15 15:46:50 gtw01 kernel: [ 9711.731454] device qr-e389495c-50 entered promiscuous mode
Jul 15 15:46:50 gtw01 dnsmasq[20155]: read /var/lib/neutron/dhcp/9b0787a1-7a03-46aa-8c19-f71138caf3b3/addn_hosts - 2 addresses
Jul 15 15:46:50 gtw01 dnsmasq-dhcp[20155]: read /var/lib/neutron/dhcp/9b0787a1-7a03-46aa-8c19-f71138caf3b3/host
Jul 15 15:46:50 gtw01 dnsmasq-dhcp[20155]: read /var/lib/neutron/dhcp/9b0787a1-7a03-46aa-8c19-f71138caf3b3/opts
Jul 15 15:46:50 gtw01 dnsmasq[20660]: read /var/lib/neutron/dhcp/281dc5dd-57fa-4d48-98b9-5c96f934608f/addn_hosts - 2 addresses
Jul 15 15:46:50 gtw01 dnsmasq-dhcp[20660]: read /var/lib/neutron/dhcp/281dc5dd-57fa-4d48-98b9-5c96f934608f/host
Jul 15 15:46:50 gtw01 dnsmasq-dhcp[20660]: read /var/lib/neutron/dhcp/281dc5dd-57fa-4d48-98b9-5c96f934608f/opts
Jul 15 15:46:51 gtw01 kernel: [ 9712.973717] IPv4: martian source 192.168.120.1 from 192.168.120.1, on dev qr-ad5f8d04-80
Jul 15 15:46:51 gtw01 kernel: [ 9712.973720] ll header: 00000000: ff ff ff ff ff ff fa 16 3e a7 28 e0 08 06        ........>.(...
Jul 15 15:46:51 gtw01 kernel: [ 9712.973723] IPv4: martian source 192.168.120.1 from 192.168.120.1, on dev qg-ee363459-0d
Jul 15 15:46:51 gtw01 kernel: [ 9712.973724] ll header: 00000000: ff ff ff ff ff ff fa 16 3e a7 28 e0 08 06        ........>.(...
Jul 15 15:46:51 gtw01 dnsmasq[20660]: read /var/lib/neutron/dhcp/281dc5dd-57fa-4d48-98b9-5c96f934608f/addn_hosts - 2 addresses
Jul 15 15:46:51 gtw01 dnsmasq-dhcp[20660]: read /var/lib/neutron/dhcp/281dc5dd-57fa-4d48-98b9-5c96f934608f/host
Jul 15 15:46:51 gtw01 dnsmasq-dhcp[20660]: read /var/lib/neutron/dhcp/281dc5dd-57fa-4d48-98b9-5c96f934608f/opts
Jul 15 15:46:52 gtw01 dnsmasq[20155]: read /var/lib/neutron/dhcp/9b0787a1-7a03-46aa-8c19-f71138caf3b3/addn_hosts - 3 addresses
Jul 15 15:46:52 gtw01 dnsmasq-dhcp[20155]: read /var/lib/neutron/dhcp/9b0787a1-7a03-46aa-8c19-f71138caf3b3/host
Jul 15 15:46:52 gtw01 dnsmasq-dhcp[20155]: read /var/lib/neutron/dhcp/9b0787a1-7a03-46aa-8c19-f71138caf3b3/opts
Jul 15 15:46:53 gtw01 dnsmasq[20660]: read /var/lib/neutron/dhcp/281dc5dd-57fa-4d48-98b9-5c96f934608f/addn_hosts - 2 addresses
Jul 15 15:46:53 gtw01 dnsmasq-dhcp[20660]: read /var/lib/neutron/dhcp/281dc5dd-57fa-4d48-98b9-5c96f934608f/host
Jul 15 15:46:53 gtw01 dnsmasq-dhcp[20660]: read /var/lib/neutron/dhcp/281dc5dd-57fa-4d48-98b9-5c96f934608f/opts
Jul 15 15:46:53 gtw01 dnsmasq[20155]: read /var/lib/neutron/dhcp/9b0787a1-7a03-46aa-8c19-f71138caf3b3/addn_hosts - 3 addresses
Jul 15 15:46:53 gtw01 dnsmasq-dhcp[20155]: read /var/lib/neutron/dhcp/9b0787a1-7a03-46aa-8c19-f71138caf3b3/host
Jul 15 15:46:53 gtw01 dnsmasq-dhcp[20155]: read /var/lib/neutron/dhcp/9b0787a1-7a03-46aa-8c19-f71138caf3b3/opts
Jul 15 15:46:53 gtw01 dnsmasq[20660]: read /var/lib/neutron/dhcp/281dc5dd-57fa-4d48-98b9-5c96f934608f/addn_hosts - 2 addresses
Jul 15 15:46:53 gtw01 dnsmasq-dhcp[20660]: read /var/lib/neutron/dhcp/281dc5dd-57fa-4d48-98b9-5c96f934608f/host
Jul 15 15:46:53 gtw01 dnsmasq-dhcp[20660]: read /var/lib/neutron/dhcp/281dc5dd-57fa-4d48-98b9-5c96f934608f/opts
Jul 15 15:46:54 gtw01 dnsmasq[20155]: read /var/lib/neutron/dhcp/9b0787a1-7a03-46aa-8c19-f71138caf3b3/addn_hosts - 3 addresses
Jul 15 15:46:54 gtw01 dnsmasq-dhcp[20155]: read /var/lib/neutron/dhcp/9b0787a1-7a03-46aa-8c19-f71138caf3b3/host
Jul 15 15:46:54 gtw01 dnsmasq-dhcp[20155]: read /var/lib/neutron/dhcp/9b0787a1-7a03-46aa-8c19-f71138caf3b3/opts
Jul 15 15:46:56 gtw01 haproxy-metadata-proxy-b4462842-1925-4e5c-8702-c0efc1a8b950[21302]: Proxy listener started.
Jul 15 15:46:56 gtw01 systemd-udevd[21310]: Could not generate persistent MAC address for vxlan_sys_4789: No such file or directory
Jul 15 15:46:56 gtw01 kernel: [ 9718.543016] device vxlan_sys_4789 entered promiscuous mode
Jul 15 15:46:58 gtw01 dnsmasq[20660]: read /var/lib/neutron/dhcp/281dc5dd-57fa-4d48-98b9-5c96f934608f/addn_hosts - 2 addresses
Jul 15 15:46:58 gtw01 dnsmasq-dhcp[20660]: read /var/lib/neutron/dhcp/281dc5dd-57fa-4d48-98b9-5c96f934608f/host
Jul 15 15:46:58 gtw01 dnsmasq-dhcp[20660]: read /var/lib/neutron/dhcp/281dc5dd-57fa-4d48-98b9-5c96f934608f/opts
Jul 15 15:46:59 gtw01 dnsmasq[20660]: read /var/lib/neutron/dhcp/281dc5dd-57fa-4d48-98b9-5c96f934608f/addn_hosts - 2 addresses
Jul 15 15:46:59 gtw01 dnsmasq-dhcp[20660]: read /var/lib/neutron/dhcp/281dc5dd-57fa-4d48-98b9-5c96f934608f/host
Jul 15 15:46:59 gtw01 dnsmasq-dhcp[20660]: read /var/lib/neutron/dhcp/281dc5dd-57fa-4d48-98b9-5c96f934608f/opts
Jul 15 15:47:02 gtw01 dnsmasq[20155]: read /var/lib/neutron/dhcp/9b0787a1-7a03-46aa-8c19-f71138caf3b3/addn_hosts - 4 addresses
Jul 15 15:47:02 gtw01 dnsmasq-dhcp[20155]: read /var/lib/neutron/dhcp/9b0787a1-7a03-46aa-8c19-f71138caf3b3/host
Jul 15 15:47:02 gtw01 dnsmasq-dhcp[20155]: read /var/lib/neutron/dhcp/9b0787a1-7a03-46aa-8c19-f71138caf3b3/opts
Jul 15 15:47:03 gtw01 dnsmasq[20155]: read /var/lib/neutron/dhcp/9b0787a1-7a03-46aa-8c19-f71138caf3b3/addn_hosts - 4 addresses
Jul 15 15:47:03 gtw01 dnsmasq-dhcp[20155]: read /var/lib/neutron/dhcp/9b0787a1-7a03-46aa-8c19-f71138caf3b3/host
Jul 15 15:47:03 gtw01 dnsmasq-dhcp[20155]: read /var/lib/neutron/dhcp/9b0787a1-7a03-46aa-8c19-f71138caf3b3/opts
Jul 15 15:47:04 gtw01 dnsmasq[20155]: read /var/lib/neutron/dhcp/9b0787a1-7a03-46aa-8c19-f71138caf3b3/addn_hosts - 4 addresses
Jul 15 15:47:04 gtw01 dnsmasq-dhcp[20155]: read /var/lib/neutron/dhcp/9b0787a1-7a03-46aa-8c19-f71138caf3b3/host
Jul 15 15:47:04 gtw01 dnsmasq-dhcp[20155]: read /var/lib/neutron/dhcp/9b0787a1-7a03-46aa-8c19-f71138caf3b3/opts
Jul 15 15:47:08 gtw01 dnsmasq-dhcp[20155]: DHCPDISCOVER(tap49047fb1-ee) fa:16:3e:ce:20:85
Jul 15 15:47:08 gtw01 dnsmasq-dhcp[20155]: DHCPOFFER(tap49047fb1-ee) 192.168.120.10 fa:16:3e:ce:20:85
Jul 15 15:47:08 gtw01 dnsmasq-dhcp[20155]: DHCPREQUEST(tap49047fb1-ee) 192.168.120.10 fa:16:3e:ce:20:85
Jul 15 15:47:08 gtw01 dnsmasq-dhcp[20155]: DHCPACK(tap49047fb1-ee) 192.168.120.10 fa:16:3e:ce:20:85 host-192-168-120-10
Jul 15 15:47:09 gtw01 dnsmasq[20155]: read /var/lib/neutron/dhcp/9b0787a1-7a03-46aa-8c19-f71138caf3b3/addn_hosts - 3 addresses
Jul 15 15:47:09 gtw01 dnsmasq-dhcp[20155]: read /var/lib/neutron/dhcp/9b0787a1-7a03-46aa-8c19-f71138caf3b3/host
Jul 15 15:47:09 gtw01 dnsmasq-dhcp[20155]: read /var/lib/neutron/dhcp/9b0787a1-7a03-46aa-8c19-f71138caf3b3/opts
Jul 15 15:47:12 gtw01 kernel: [ 9733.882396] device vxlan_sys_4789 left promiscuous mode
Jul 15 15:47:12 gtw01 dnsmasq-dhcp[20155]: DHCPRELEASE(tap49047fb1-ee) 192.168.120.10 fa:16:3e:ce:20:85
Jul 15 15:47:12 gtw01 dnsmasq-dhcp[20155]: DHCPRELEASE(tap49047fb1-ee) 192.168.120.10 fa:16:3e:ce:20:85 unknown lease
Jul 15 15:47:13 gtw01 dnsmasq[20155]: read /var/lib/neutron/dhcp/9b0787a1-7a03-46aa-8c19-f71138caf3b3/addn_hosts - 2 addresses
Jul 15 15:47:13 gtw01 dnsmasq-dhcp[20155]: read /var/lib/neutron/dhcp/9b0787a1-7a03-46aa-8c19-f71138caf3b3/host
Jul 15 15:47:13 gtw01 dnsmasq-dhcp[20155]: read /var/lib/neutron/dhcp/9b0787a1-7a03-46aa-8c19-f71138caf3b3/opts
Jul 15 15:47:16 gtw01 dnsmasq[20660]: read /var/lib/neutron/dhcp/281dc5dd-57fa-4d48-98b9-5c96f934608f/addn_hosts - 1 addresses
Jul 15 15:47:16 gtw01 dnsmasq-dhcp[20660]: read /var/lib/neutron/dhcp/281dc5dd-57fa-4d48-98b9-5c96f934608f/host
Jul 15 15:47:16 gtw01 dnsmasq-dhcp[20660]: read /var/lib/neutron/dhcp/281dc5dd-57fa-4d48-98b9-5c96f934608f/opts
Jul 15 15:47:16 gtw01 haproxy-metadata-proxy-281dc5dd-57fa-4d48-98b9-5c96f934608f[21683]: Proxy listener started.
Jul 15 15:47:18 gtw01 kernel: [ 9739.707533] device qr-ad5f8d04-80 left promiscuous mode
Jul 15 15:47:20 gtw01 kernel: [ 9742.606432] device tap6a8393cc-29 left promiscuous mode
Jul 15 15:47:21 gtw01 kernel: [ 9742.754245] device qg-ee363459-0d left promiscuous mode
Jul 15 15:47:23 gtw01 dnsmasq[20155]: read /var/lib/neutron/dhcp/9b0787a1-7a03-46aa-8c19-f71138caf3b3/addn_hosts - 1 addresses
Jul 15 15:47:23 gtw01 dnsmasq-dhcp[20155]: read /var/lib/neutron/dhcp/9b0787a1-7a03-46aa-8c19-f71138caf3b3/host
Jul 15 15:47:23 gtw01 dnsmasq-dhcp[20155]: read /var/lib/neutron/dhcp/9b0787a1-7a03-46aa-8c19-f71138caf3b3/opts
Jul 15 15:47:24 gtw01 haproxy-metadata-proxy-9b0787a1-7a03-46aa-8c19-f71138caf3b3[21839]: Proxy listener started.
Jul 15 15:47:25 gtw01 kernel: [ 9747.517334] device qr-e389495c-50 left promiscuous mode
Jul 15 15:47:26 gtw01 kernel: [ 9748.313164] device qg-51aebdce-82 left promiscuous mode
Jul 15 15:47:28 gtw01 kernel: [ 9750.095273] device tap49047fb1-ee left promiscuous mode
Jul 15 15:47:36 gtw01 kernel: [ 9757.914344] device tapaf3e14a4-3c entered promiscuous mode
Jul 15 15:47:36 gtw01 systemd-udevd[21999]: Could not generate persistent MAC address for tapaf3e14a4-3c: No such file or directory
Jul 15 15:47:36 gtw01 systemd-udevd[21999]: Process '/sbin/ip link set tapaf3e14a4-3c txqueuelen 10000' failed with exit code 1.
Jul 15 15:47:36 gtw01 systemd-udevd[21999]: Process '/sbin/ip link set tapaf3e14a4-3c txqueuelen 10000' failed with exit code 1.
Jul 15 15:47:39 gtw01 dnsmasq[22174]: started, version 2.80 cachesize 150
Jul 15 15:47:39 gtw01 dnsmasq[22174]: DNS service limited to local subnets
Jul 15 15:47:39 gtw01 dnsmasq[22174]: compile time options: IPv6 GNU-getopt DBus i18n IDN DHCP DHCPv6 no-Lua TFTP conntrack ipset auth DNSSEC loop-detect inotify dumpfile
Jul 15 15:47:39 gtw01 dnsmasq[22174]: warning: no upstream servers configured
Jul 15 15:47:39 gtw01 dnsmasq-dhcp[22174]: DHCP, static leases only on 192.168.120.0, lease time 1h
Jul 15 15:47:39 gtw01 dnsmasq[22174]: read /var/lib/neutron/dhcp/4e9b3879-2044-4914-91ba-31acf8a2fc73/addn_hosts - 1 addresses
Jul 15 15:47:39 gtw01 dnsmasq-dhcp[22174]: read /var/lib/neutron/dhcp/4e9b3879-2044-4914-91ba-31acf8a2fc73/host
Jul 15 15:47:39 gtw01 dnsmasq-dhcp[22174]: read /var/lib/neutron/dhcp/4e9b3879-2044-4914-91ba-31acf8a2fc73/opts
Jul 15 15:47:39 gtw01 systemd-udevd[22183]: Could not generate persistent MAC address for qg-01243263-6a: No such file or directory
Jul 15 15:47:39 gtw01 kernel: [ 9761.264659] device qg-01243263-6a entered promiscuous mode
Jul 15 15:47:39 gtw01 haproxy-metadata-proxy-4e9b3879-2044-4914-91ba-31acf8a2fc73[22213]: Proxy listener started.
Jul 15 15:47:40 gtw01 dnsmasq[22174]: read /var/lib/neutron/dhcp/4e9b3879-2044-4914-91ba-31acf8a2fc73/addn_hosts - 2 addresses
Jul 15 15:47:40 gtw01 dnsmasq-dhcp[22174]: read /var/lib/neutron/dhcp/4e9b3879-2044-4914-91ba-31acf8a2fc73/host
Jul 15 15:47:40 gtw01 dnsmasq-dhcp[22174]: read /var/lib/neutron/dhcp/4e9b3879-2044-4914-91ba-31acf8a2fc73/opts
Jul 15 15:47:41 gtw01 dnsmasq[22174]: read /var/lib/neutron/dhcp/4e9b3879-2044-4914-91ba-31acf8a2fc73/addn_hosts - 2 addresses
Jul 15 15:47:41 gtw01 dnsmasq-dhcp[22174]: read /var/lib/neutron/dhcp/4e9b3879-2044-4914-91ba-31acf8a2fc73/host
Jul 15 15:47:41 gtw01 dnsmasq-dhcp[22174]: read /var/lib/neutron/dhcp/4e9b3879-2044-4914-91ba-31acf8a2fc73/opts
Jul 15 15:47:42 gtw01 dnsmasq[22174]: read /var/lib/neutron/dhcp/4e9b3879-2044-4914-91ba-31acf8a2fc73/addn_hosts - 2 addresses
Jul 15 15:47:42 gtw01 dnsmasq-dhcp[22174]: read /var/lib/neutron/dhcp/4e9b3879-2044-4914-91ba-31acf8a2fc73/host
Jul 15 15:47:42 gtw01 dnsmasq-dhcp[22174]: read /var/lib/neutron/dhcp/4e9b3879-2044-4914-91ba-31acf8a2fc73/opts
Jul 15 15:47:43 gtw01 kernel: [ 9764.739435] device tap4876f7cb-37 entered promiscuous mode
Jul 15 15:47:43 gtw01 systemd-udevd[22419]: Could not generate persistent MAC address for tap4876f7cb-37: No such file or directory
Jul 15 15:47:43 gtw01 systemd-udevd[22419]: Process '/sbin/ip link set tap4876f7cb-37 txqueuelen 10000' failed with exit code 1.
Jul 15 15:47:43 gtw01 systemd-udevd[22499]: Process '/sbin/ip link set tap4876f7cb-37 txqueuelen 10000' failed with exit code 1.
Jul 15 15:47:43 gtw01 dnsmasq[22174]: read /var/lib/neutron/dhcp/4e9b3879-2044-4914-91ba-31acf8a2fc73/addn_hosts - 2 addresses
Jul 15 15:47:43 gtw01 dnsmasq-dhcp[22174]: read /var/lib/neutron/dhcp/4e9b3879-2044-4914-91ba-31acf8a2fc73/host
Jul 15 15:47:43 gtw01 dnsmasq-dhcp[22174]: read /var/lib/neutron/dhcp/4e9b3879-2044-4914-91ba-31acf8a2fc73/opts
Jul 15 15:47:44 gtw01 dnsmasq[22174]: read /var/lib/neutron/dhcp/4e9b3879-2044-4914-91ba-31acf8a2fc73/addn_hosts - 2 addresses
Jul 15 15:47:44 gtw01 dnsmasq-dhcp[22174]: read /var/lib/neutron/dhcp/4e9b3879-2044-4914-91ba-31acf8a2fc73/host
Jul 15 15:47:44 gtw01 dnsmasq-dhcp[22174]: read /var/lib/neutron/dhcp/4e9b3879-2044-4914-91ba-31acf8a2fc73/opts
Jul 15 15:47:46 gtw01 haproxy-metadata-proxy-aebad9ec-092c-403c-833d-742288931dc8[22665]: Proxy listener started.
Jul 15 15:47:46 gtw01 kernel: [ 9768.122132] device qr-b7a4fdc4-bf entered promiscuous mode
Jul 15 15:47:46 gtw01 systemd-udevd[22677]: Could not generate persistent MAC address for qr-b7a4fdc4-bf: No such file or directory
Jul 15 15:47:46 gtw01 dnsmasq[22760]: started, version 2.80 cachesize 150
Jul 15 15:47:46 gtw01 dnsmasq[22760]: DNS service limited to local subnets
Jul 15 15:47:46 gtw01 dnsmasq[22760]: compile time options: IPv6 GNU-getopt DBus i18n IDN DHCP DHCPv6 no-Lua TFTP conntrack ipset auth DNSSEC loop-detect inotify dumpfile
Jul 15 15:47:46 gtw01 dnsmasq[22760]: warning: no upstream servers configured
Jul 15 15:47:46 gtw01 dnsmasq-dhcp[22760]: DHCP, static leases only on 192.168.120.0, lease time 1h
Jul 15 15:47:46 gtw01 dnsmasq[22760]: read /var/lib/neutron/dhcp/0abca334-8f03-4ab1-bbaf-a16b16806cad/addn_hosts - 1 addresses
Jul 15 15:47:46 gtw01 dnsmasq-dhcp[22760]: read /var/lib/neutron/dhcp/0abca334-8f03-4ab1-bbaf-a16b16806cad/host
Jul 15 15:47:46 gtw01 dnsmasq-dhcp[22760]: read /var/lib/neutron/dhcp/0abca334-8f03-4ab1-bbaf-a16b16806cad/opts
Jul 15 15:47:47 gtw01 haproxy-metadata-proxy-0abca334-8f03-4ab1-bbaf-a16b16806cad[22769]: Proxy listener started.
Jul 15 15:47:47 gtw01 kernel: [ 9769.377849] device qg-2c51385e-61 entered promiscuous mode
Jul 15 15:47:47 gtw01 systemd-udevd[22805]: Could not generate persistent MAC address for qg-2c51385e-61: No such file or directory
Jul 15 15:47:48 gtw01 dnsmasq[22760]: read /var/lib/neutron/dhcp/0abca334-8f03-4ab1-bbaf-a16b16806cad/addn_hosts - 2 addresses
Jul 15 15:47:48 gtw01 dnsmasq-dhcp[22760]: read /var/lib/neutron/dhcp/0abca334-8f03-4ab1-bbaf-a16b16806cad/host
Jul 15 15:47:48 gtw01 dnsmasq-dhcp[22760]: read /var/lib/neutron/dhcp/0abca334-8f03-4ab1-bbaf-a16b16806cad/opts
Jul 15 15:47:48 gtw01 dnsmasq[22174]: read /var/lib/neutron/dhcp/4e9b3879-2044-4914-91ba-31acf8a2fc73/addn_hosts - 2 addresses
Jul 15 15:47:48 gtw01 dnsmasq-dhcp[22174]: read /var/lib/neutron/dhcp/4e9b3879-2044-4914-91ba-31acf8a2fc73/host
Jul 15 15:47:48 gtw01 dnsmasq-dhcp[22174]: read /var/lib/neutron/dhcp/4e9b3879-2044-4914-91ba-31acf8a2fc73/opts
Jul 15 15:47:48 gtw01 systemd-udevd[22950]: Could not generate persistent MAC address for qr-57d90e1b-cc: No such file or directory
Jul 15 15:47:48 gtw01 kernel: [ 9770.453885] device qr-57d90e1b-cc entered promiscuous mode
Jul 15 15:47:49 gtw01 dnsmasq[22760]: read /var/lib/neutron/dhcp/0abca334-8f03-4ab1-bbaf-a16b16806cad/addn_hosts - 2 addresses
Jul 15 15:47:49 gtw01 dnsmasq-dhcp[22760]: read /var/lib/neutron/dhcp/0abca334-8f03-4ab1-bbaf-a16b16806cad/host
Jul 15 15:47:49 gtw01 dnsmasq-dhcp[22760]: read /var/lib/neutron/dhcp/0abca334-8f03-4ab1-bbaf-a16b16806cad/opts
Jul 15 15:47:49 gtw01 dnsmasq[22174]: read /var/lib/neutron/dhcp/4e9b3879-2044-4914-91ba-31acf8a2fc73/addn_hosts - 2 addresses
Jul 15 15:47:49 gtw01 dnsmasq-dhcp[22174]: read /var/lib/neutron/dhcp/4e9b3879-2044-4914-91ba-31acf8a2fc73/host
Jul 15 15:47:49 gtw01 dnsmasq-dhcp[22174]: read /var/lib/neutron/dhcp/4e9b3879-2044-4914-91ba-31acf8a2fc73/opts
Jul 15 15:47:50 gtw01 kernel: [ 9771.713700] IPv4: martian source 192.168.120.1 from 192.168.120.1, on dev qr-b7a4fdc4-bf
Jul 15 15:47:50 gtw01 kernel: [ 9771.713704] ll header: 00000000: ff ff ff ff ff ff fa 16 3e f5 5e 4b 08 06        ........>.^K..
Jul 15 15:47:50 gtw01 kernel: [ 9771.713706] IPv4: martian source 192.168.120.1 from 192.168.120.1, on dev qg-2c51385e-61
Jul 15 15:47:50 gtw01 kernel: [ 9771.713707] ll header: 00000000: ff ff ff ff ff ff fa 16 3e f5 5e 4b 08 06        ........>.^K..
Jul 15 15:47:50 gtw01 dnsmasq[22760]: read /var/lib/neutron/dhcp/0abca334-8f03-4ab1-bbaf-a16b16806cad/addn_hosts - 2 addresses
Jul 15 15:47:50 gtw01 dnsmasq-dhcp[22760]: read /var/lib/neutron/dhcp/0abca334-8f03-4ab1-bbaf-a16b16806cad/host
Jul 15 15:47:50 gtw01 dnsmasq-dhcp[22760]: read /var/lib/neutron/dhcp/0abca334-8f03-4ab1-bbaf-a16b16806cad/opts
Jul 15 15:47:50 gtw01 kernel: [ 9771.965386] IPv4: martian source 192.168.120.1 from 192.168.120.1, on dev qg-2c51385e-61
Jul 15 15:47:50 gtw01 kernel: [ 9771.965390] ll header: 00000000: ff ff ff ff ff ff fa 16 3e f9 ac dd 08 06        ........>.....
Jul 15 15:47:50 gtw01 kernel: [ 9771.965394] IPv4: martian source 192.168.120.1 from 192.168.120.1, on dev qr-57d90e1b-cc
Jul 15 15:47:50 gtw01 kernel: [ 9771.965395] ll header: 00000000: ff ff ff ff ff ff fa 16 3e f9 ac dd 08 06        ........>.....
Jul 15 15:47:50 gtw01 kernel: [ 9772.473727] IPv4: martian source 10.16.0.113 from 10.16.0.113, on dev qr-b7a4fdc4-bf
Jul 15 15:47:50 gtw01 kernel: [ 9772.473731] ll header: 00000000: ff ff ff ff ff ff fa 16 3e 3a 6b a9 08 06        ........>:k...
Jul 15 15:47:50 gtw01 kernel: [ 9772.473736] IPv4: martian source 10.16.0.113 from 10.16.0.113, on dev qr-57d90e1b-cc
Jul 15 15:47:50 gtw01 kernel: [ 9772.473737] ll header: 00000000: ff ff ff ff ff ff fa 16 3e 3a 6b a9 08 06        ........>:k...
Jul 15 15:47:51 gtw01 dnsmasq[22760]: read /var/lib/neutron/dhcp/0abca334-8f03-4ab1-bbaf-a16b16806cad/addn_hosts - 2 addresses
Jul 15 15:47:51 gtw01 dnsmasq-dhcp[22760]: read /var/lib/neutron/dhcp/0abca334-8f03-4ab1-bbaf-a16b16806cad/host
Jul 15 15:47:51 gtw01 dnsmasq-dhcp[22760]: read /var/lib/neutron/dhcp/0abca334-8f03-4ab1-bbaf-a16b16806cad/opts
Jul 15 15:47:52 gtw01 dnsmasq[22760]: read /var/lib/neutron/dhcp/0abca334-8f03-4ab1-bbaf-a16b16806cad/addn_hosts - 2 addresses
Jul 15 15:47:52 gtw01 dnsmasq-dhcp[22760]: read /var/lib/neutron/dhcp/0abca334-8f03-4ab1-bbaf-a16b16806cad/host
Jul 15 15:47:52 gtw01 dnsmasq-dhcp[22760]: read /var/lib/neutron/dhcp/0abca334-8f03-4ab1-bbaf-a16b16806cad/opts
Jul 15 15:47:54 gtw01 haproxy-metadata-proxy-7385f1cd-3339-4a0d-a4b9-3c6d6567fb3a[23351]: Proxy listener started.
Jul 15 15:47:56 gtw01 dnsmasq[22760]: read /var/lib/neutron/dhcp/0abca334-8f03-4ab1-bbaf-a16b16806cad/addn_hosts - 2 addresses
Jul 15 15:47:56 gtw01 dnsmasq-dhcp[22760]: read /var/lib/neutron/dhcp/0abca334-8f03-4ab1-bbaf-a16b16806cad/host
Jul 15 15:47:56 gtw01 dnsmasq-dhcp[22760]: read /var/lib/neutron/dhcp/0abca334-8f03-4ab1-bbaf-a16b16806cad/opts
Jul 15 15:47:56 gtw01 dnsmasq[22174]: read /var/lib/neutron/dhcp/4e9b3879-2044-4914-91ba-31acf8a2fc73/addn_hosts - 3 addresses
Jul 15 15:47:56 gtw01 dnsmasq-dhcp[22174]: read /var/lib/neutron/dhcp/4e9b3879-2044-4914-91ba-31acf8a2fc73/host
Jul 15 15:47:56 gtw01 dnsmasq-dhcp[22174]: read /var/lib/neutron/dhcp/4e9b3879-2044-4914-91ba-31acf8a2fc73/opts
Jul 15 15:47:57 gtw01 dnsmasq[22760]: read /var/lib/neutron/dhcp/0abca334-8f03-4ab1-bbaf-a16b16806cad/addn_hosts - 2 addresses
Jul 15 15:47:57 gtw01 dnsmasq-dhcp[22760]: read /var/lib/neutron/dhcp/0abca334-8f03-4ab1-bbaf-a16b16806cad/host
Jul 15 15:47:57 gtw01 dnsmasq-dhcp[22760]: read /var/lib/neutron/dhcp/0abca334-8f03-4ab1-bbaf-a16b16806cad/opts
Jul 15 15:47:57 gtw01 dnsmasq[22174]: read /var/lib/neutron/dhcp/4e9b3879-2044-4914-91ba-31acf8a2fc73/addn_hosts - 3 addresses
Jul 15 15:47:57 gtw01 dnsmasq-dhcp[22174]: read /var/lib/neutron/dhcp/4e9b3879-2044-4914-91ba-31acf8a2fc73/host
Jul 15 15:47:57 gtw01 dnsmasq-dhcp[22174]: read /var/lib/neutron/dhcp/4e9b3879-2044-4914-91ba-31acf8a2fc73/opts
Jul 15 15:47:58 gtw01 dnsmasq[22174]: read /var/lib/neutron/dhcp/4e9b3879-2044-4914-91ba-31acf8a2fc73/addn_hosts - 3 addresses
Jul 15 15:47:58 gtw01 dnsmasq-dhcp[22174]: read /var/lib/neutron/dhcp/4e9b3879-2044-4914-91ba-31acf8a2fc73/host
Jul 15 15:47:58 gtw01 dnsmasq-dhcp[22174]: read /var/lib/neutron/dhcp/4e9b3879-2044-4914-91ba-31acf8a2fc73/opts
Jul 15 15:48:02 gtw01 kernel: [ 9784.616129] device vxlan_sys_4789 entered promiscuous mode
Jul 15 15:48:02 gtw01 systemd-udevd[23567]: Could not generate persistent MAC address for vxlan_sys_4789: No such file or directory
Jul 15 15:48:09 gtw01 dnsmasq[22174]: read /var/lib/neutron/dhcp/4e9b3879-2044-4914-91ba-31acf8a2fc73/addn_hosts - 4 addresses
Jul 15 15:48:09 gtw01 dnsmasq-dhcp[22174]: read /var/lib/neutron/dhcp/4e9b3879-2044-4914-91ba-31acf8a2fc73/host
Jul 15 15:48:09 gtw01 dnsmasq-dhcp[22174]: read /var/lib/neutron/dhcp/4e9b3879-2044-4914-91ba-31acf8a2fc73/opts
Jul 15 15:48:10 gtw01 dnsmasq[22174]: read /var/lib/neutron/dhcp/4e9b3879-2044-4914-91ba-31acf8a2fc73/addn_hosts - 4 addresses
Jul 15 15:48:10 gtw01 dnsmasq-dhcp[22174]: read /var/lib/neutron/dhcp/4e9b3879-2044-4914-91ba-31acf8a2fc73/host
Jul 15 15:48:10 gtw01 dnsmasq-dhcp[22174]: read /var/lib/neutron/dhcp/4e9b3879-2044-4914-91ba-31acf8a2fc73/opts
Jul 15 15:48:11 gtw01 dnsmasq[22174]: read /var/lib/neutron/dhcp/4e9b3879-2044-4914-91ba-31acf8a2fc73/addn_hosts - 4 addresses
Jul 15 15:48:11 gtw01 dnsmasq-dhcp[22174]: read /var/lib/neutron/dhcp/4e9b3879-2044-4914-91ba-31acf8a2fc73/host
Jul 15 15:48:11 gtw01 dnsmasq-dhcp[22174]: read /var/lib/neutron/dhcp/4e9b3879-2044-4914-91ba-31acf8a2fc73/opts
Jul 15 15:48:14 gtw01 dnsmasq-dhcp[22174]: DHCPDISCOVER(tapaf3e14a4-3c) fa:16:3e:7b:d9:ca
Jul 15 15:48:14 gtw01 dnsmasq-dhcp[22174]: DHCPOFFER(tapaf3e14a4-3c) 192.168.120.7 fa:16:3e:7b:d9:ca
Jul 15 15:48:14 gtw01 dnsmasq-dhcp[22174]: DHCPREQUEST(tapaf3e14a4-3c) 192.168.120.7 fa:16:3e:7b:d9:ca
Jul 15 15:48:14 gtw01 dnsmasq-dhcp[22174]: DHCPACK(tapaf3e14a4-3c) 192.168.120.7 fa:16:3e:7b:d9:ca host-192-168-120-7
Jul 15 15:48:31 gtw01 dnsmasq[22174]: read /var/lib/neutron/dhcp/4e9b3879-2044-4914-91ba-31acf8a2fc73/addn_hosts - 3 addresses
Jul 15 15:48:31 gtw01 dnsmasq-dhcp[22174]: read /var/lib/neutron/dhcp/4e9b3879-2044-4914-91ba-31acf8a2fc73/host
Jul 15 15:48:31 gtw01 dnsmasq-dhcp[22174]: read /var/lib/neutron/dhcp/4e9b3879-2044-4914-91ba-31acf8a2fc73/opts
Jul 15 15:48:37 gtw01 kernel: [ 9819.626868] device vxlan_sys_4789 left promiscuous mode
Jul 15 15:48:38 gtw01 dnsmasq-dhcp[22174]: DHCPRELEASE(tapaf3e14a4-3c) 192.168.120.7 fa:16:3e:7b:d9:ca
Jul 15 15:48:38 gtw01 dnsmasq-dhcp[22174]: DHCPRELEASE(tapaf3e14a4-3c) 192.168.120.7 fa:16:3e:7b:d9:ca unknown lease
Jul 15 15:48:39 gtw01 dnsmasq[22174]: read /var/lib/neutron/dhcp/4e9b3879-2044-4914-91ba-31acf8a2fc73/addn_hosts - 2 addresses
Jul 15 15:48:39 gtw01 dnsmasq-dhcp[22174]: read /var/lib/neutron/dhcp/4e9b3879-2044-4914-91ba-31acf8a2fc73/host
Jul 15 15:48:39 gtw01 dnsmasq-dhcp[22174]: read /var/lib/neutron/dhcp/4e9b3879-2044-4914-91ba-31acf8a2fc73/opts
Jul 15 15:48:43 gtw01 dnsmasq[22760]: read /var/lib/neutron/dhcp/0abca334-8f03-4ab1-bbaf-a16b16806cad/addn_hosts - 1 addresses
Jul 15 15:48:43 gtw01 dnsmasq-dhcp[22760]: read /var/lib/neutron/dhcp/0abca334-8f03-4ab1-bbaf-a16b16806cad/host
Jul 15 15:48:43 gtw01 dnsmasq-dhcp[22760]: read /var/lib/neutron/dhcp/0abca334-8f03-4ab1-bbaf-a16b16806cad/opts
Jul 15 15:48:44 gtw01 haproxy-metadata-proxy-0abca334-8f03-4ab1-bbaf-a16b16806cad[23773]: Proxy listener started.
Jul 15 15:48:45 gtw01 kernel: [ 9826.756847] device qr-b7a4fdc4-bf left promiscuous mode
Jul 15 15:48:45 gtw01 kernel: [ 9827.585770] device qg-2c51385e-61 left promiscuous mode
Jul 15 15:48:47 gtw01 kernel: [ 9829.504387] device tap4876f7cb-37 left promiscuous mode
Jul 15 15:48:51 gtw01 dnsmasq[22174]: read /var/lib/neutron/dhcp/4e9b3879-2044-4914-91ba-31acf8a2fc73/addn_hosts - 1 addresses
Jul 15 15:48:51 gtw01 dnsmasq-dhcp[22174]: read /var/lib/neutron/dhcp/4e9b3879-2044-4914-91ba-31acf8a2fc73/host
Jul 15 15:48:51 gtw01 dnsmasq-dhcp[22174]: read /var/lib/neutron/dhcp/4e9b3879-2044-4914-91ba-31acf8a2fc73/opts
Jul 15 15:48:51 gtw01 haproxy-metadata-proxy-4e9b3879-2044-4914-91ba-31acf8a2fc73[23919]: Proxy listener started.
Jul 15 15:48:52 gtw01 kernel: [ 9834.341530] device qr-57d90e1b-cc left promiscuous mode
Jul 15 15:48:53 gtw01 kernel: [ 9835.131939] device qg-01243263-6a left promiscuous mode
Jul 15 15:48:55 gtw01 kernel: [ 9837.546849] device tapaf3e14a4-3c left promiscuous mode
Jul 15 15:49:11 gtw01 dnsmasq[10410]: read /var/lib/neutron/dhcp/4c3f2ad1-c96c-45e9-a70c-f92f06486857/addn_hosts - 1 addresses
Jul 15 15:49:11 gtw01 dnsmasq-dhcp[10410]: read /var/lib/neutron/dhcp/4c3f2ad1-c96c-45e9-a70c-f92f06486857/host
Jul 15 15:49:11 gtw01 dnsmasq-dhcp[10410]: read /var/lib/neutron/dhcp/4c3f2ad1-c96c-45e9-a70c-f92f06486857/opts
Jul 15 15:49:12 gtw01 haproxy-metadata-proxy-4c3f2ad1-c96c-45e9-a70c-f92f06486857[24068]: Proxy listener started.
Jul 15 15:49:13 gtw01 kernel: [ 9855.045363] device qr-ed3e6002-c0 left promiscuous mode
Jul 15 15:49:16 gtw01 kernel: [ 9858.055316] device qg-0bfeebf0-83 left promiscuous mode
Jul 15 15:49:16 gtw01 kernel: [ 9858.439290] device tapc7341a37-52 left promiscuous mode
Jul 15 15:49:26 gtw01 kernel: [ 9867.989458] device tap0ae31e6f-36 entered promiscuous mode
Jul 15 15:49:26 gtw01 systemd-udevd[24217]: Could not generate persistent MAC address for tap0ae31e6f-36: No such file or directory
Jul 15 15:49:26 gtw01 systemd-udevd[24217]: Process '/sbin/ip link set tap0ae31e6f-36 txqueuelen 10000' failed with exit code 1.
Jul 15 15:49:26 gtw01 systemd-udevd[24290]: Process '/sbin/ip link set tap0ae31e6f-36 txqueuelen 10000' failed with exit code 1.
Jul 15 15:49:29 gtw01 dnsmasq[24385]: started, version 2.80 cachesize 150
Jul 15 15:49:29 gtw01 dnsmasq[24385]: DNS service limited to local subnets
Jul 15 15:49:29 gtw01 dnsmasq[24385]: compile time options: IPv6 GNU-getopt DBus i18n IDN DHCP DHCPv6 no-Lua TFTP conntrack ipset auth DNSSEC loop-detect inotify dumpfile
Jul 15 15:49:29 gtw01 dnsmasq[24385]: warning: no upstream servers configured
Jul 15 15:49:29 gtw01 dnsmasq-dhcp[24385]: DHCP, static leases only on 192.168.120.0, lease time 1h
Jul 15 15:49:29 gtw01 dnsmasq[24385]: read /var/lib/neutron/dhcp/e044d2d9-8ded-4f9f-a42e-86347535d1c6/addn_hosts - 1 addresses
Jul 15 15:49:29 gtw01 dnsmasq-dhcp[24385]: read /var/lib/neutron/dhcp/e044d2d9-8ded-4f9f-a42e-86347535d1c6/host
Jul 15 15:49:29 gtw01 dnsmasq-dhcp[24385]: read /var/lib/neutron/dhcp/e044d2d9-8ded-4f9f-a42e-86347535d1c6/opts
Jul 15 15:49:30 gtw01 haproxy-metadata-proxy-e044d2d9-8ded-4f9f-a42e-86347535d1c6[24392]: Proxy listener started.
Jul 15 15:49:30 gtw01 kernel: [ 9871.863714] device qr-46ecc1e3-f6 entered promiscuous mode
Jul 15 15:49:30 gtw01 systemd-udevd[24400]: Could not generate persistent MAC address for qr-46ecc1e3-f6: No such file or directory
Jul 15 15:49:30 gtw01 dnsmasq[24385]: read /var/lib/neutron/dhcp/e044d2d9-8ded-4f9f-a42e-86347535d1c6/addn_hosts - 2 addresses
Jul 15 15:49:30 gtw01 dnsmasq-dhcp[24385]: read /var/lib/neutron/dhcp/e044d2d9-8ded-4f9f-a42e-86347535d1c6/host
Jul 15 15:49:30 gtw01 dnsmasq-dhcp[24385]: read /var/lib/neutron/dhcp/e044d2d9-8ded-4f9f-a42e-86347535d1c6/opts
Jul 15 15:49:31 gtw01 systemd-udevd[24525]: Could not generate persistent MAC address for qg-69d5137b-d1: No such file or directory
Jul 15 15:49:31 gtw01 kernel: [ 9872.966652] device qg-69d5137b-d1 entered promiscuous mode
Jul 15 15:49:31 gtw01 dnsmasq[24385]: read /var/lib/neutron/dhcp/e044d2d9-8ded-4f9f-a42e-86347535d1c6/addn_hosts - 2 addresses
Jul 15 15:49:31 gtw01 dnsmasq-dhcp[24385]: read /var/lib/neutron/dhcp/e044d2d9-8ded-4f9f-a42e-86347535d1c6/host
Jul 15 15:49:31 gtw01 dnsmasq-dhcp[24385]: read /var/lib/neutron/dhcp/e044d2d9-8ded-4f9f-a42e-86347535d1c6/opts
Jul 15 15:49:32 gtw01 dnsmasq[24385]: read /var/lib/neutron/dhcp/e044d2d9-8ded-4f9f-a42e-86347535d1c6/addn_hosts - 2 addresses
Jul 15 15:49:32 gtw01 dnsmasq-dhcp[24385]: read /var/lib/neutron/dhcp/e044d2d9-8ded-4f9f-a42e-86347535d1c6/host
Jul 15 15:49:32 gtw01 dnsmasq-dhcp[24385]: read /var/lib/neutron/dhcp/e044d2d9-8ded-4f9f-a42e-86347535d1c6/opts
Jul 15 15:49:33 gtw01 dnsmasq[24385]: read /var/lib/neutron/dhcp/e044d2d9-8ded-4f9f-a42e-86347535d1c6/addn_hosts - 2 addresses
Jul 15 15:49:33 gtw01 dnsmasq-dhcp[24385]: read /var/lib/neutron/dhcp/e044d2d9-8ded-4f9f-a42e-86347535d1c6/host
Jul 15 15:49:33 gtw01 dnsmasq-dhcp[24385]: read /var/lib/neutron/dhcp/e044d2d9-8ded-4f9f-a42e-86347535d1c6/opts
Jul 15 15:49:34 gtw01 dnsmasq[24385]: read /var/lib/neutron/dhcp/e044d2d9-8ded-4f9f-a42e-86347535d1c6/addn_hosts - 2 addresses
Jul 15 15:49:34 gtw01 dnsmasq-dhcp[24385]: read /var/lib/neutron/dhcp/e044d2d9-8ded-4f9f-a42e-86347535d1c6/host
Jul 15 15:49:34 gtw01 dnsmasq-dhcp[24385]: read /var/lib/neutron/dhcp/e044d2d9-8ded-4f9f-a42e-86347535d1c6/opts
Jul 15 15:49:37 gtw01 haproxy-metadata-proxy-eee6f150-4c21-4b1e-977e-e610a3bae4a6[24833]: Proxy listener started.
Jul 15 15:49:39 gtw01 dnsmasq[24385]: read /var/lib/neutron/dhcp/e044d2d9-8ded-4f9f-a42e-86347535d1c6/addn_hosts - 2 addresses
Jul 15 15:49:39 gtw01 dnsmasq-dhcp[24385]: read /var/lib/neutron/dhcp/e044d2d9-8ded-4f9f-a42e-86347535d1c6/host
Jul 15 15:49:39 gtw01 dnsmasq-dhcp[24385]: read /var/lib/neutron/dhcp/e044d2d9-8ded-4f9f-a42e-86347535d1c6/opts
Jul 15 15:49:40 gtw01 dnsmasq[24385]: read /var/lib/neutron/dhcp/e044d2d9-8ded-4f9f-a42e-86347535d1c6/addn_hosts - 2 addresses
Jul 15 15:49:40 gtw01 dnsmasq-dhcp[24385]: read /var/lib/neutron/dhcp/e044d2d9-8ded-4f9f-a42e-86347535d1c6/host
Jul 15 15:49:40 gtw01 dnsmasq-dhcp[24385]: read /var/lib/neutron/dhcp/e044d2d9-8ded-4f9f-a42e-86347535d1c6/opts
Jul 15 15:50:35 gtw01 systemd-udevd[25016]: Could not generate persistent MAC address for tap41d867d4-04: No such file or directory
Jul 15 15:50:35 gtw01 kernel: [ 9937.313578] device tap41d867d4-04 entered promiscuous mode
Jul 15 15:50:35 gtw01 systemd-udevd[25016]: Process '/sbin/ip link set tap41d867d4-04 txqueuelen 10000' failed with exit code 1.
Jul 15 15:50:35 gtw01 systemd-udevd[25089]: Process '/sbin/ip link set tap41d867d4-04 txqueuelen 10000' failed with exit code 1.
Jul 15 15:50:37 gtw01 kernel: [ 9939.311273] device tap67490886-80 entered promiscuous mode
Jul 15 15:50:37 gtw01 systemd-udevd[25162]: Could not generate persistent MAC address for tap67490886-80: No such file or directory
Jul 15 15:50:37 gtw01 systemd-udevd[25162]: Process '/sbin/ip link set tap67490886-80 txqueuelen 10000' failed with exit code 1.
Jul 15 15:50:37 gtw01 systemd-udevd[25239]: Process '/sbin/ip link set tap67490886-80 txqueuelen 10000' failed with exit code 1.
Jul 15 15:50:39 gtw01 dnsmasq[25288]: started, version 2.80 cachesize 150
Jul 15 15:50:39 gtw01 dnsmasq[25288]: DNS service limited to local subnets
Jul 15 15:50:39 gtw01 dnsmasq[25288]: compile time options: IPv6 GNU-getopt DBus i18n IDN DHCP DHCPv6 no-Lua TFTP conntrack ipset auth DNSSEC loop-detect inotify dumpfile
Jul 15 15:50:39 gtw01 dnsmasq[25288]: warning: no upstream servers configured
Jul 15 15:50:39 gtw01 dnsmasq-dhcp[25288]: DHCP, static leases only on 192.168.120.0, lease time 1h
Jul 15 15:50:39 gtw01 dnsmasq[25288]: read /var/lib/neutron/dhcp/7f78c4e0-dbdb-456d-88e8-d52c7caf711c/addn_hosts - 1 addresses
Jul 15 15:50:39 gtw01 dnsmasq-dhcp[25288]: read /var/lib/neutron/dhcp/7f78c4e0-dbdb-456d-88e8-d52c7caf711c/host
Jul 15 15:50:39 gtw01 dnsmasq-dhcp[25288]: read /var/lib/neutron/dhcp/7f78c4e0-dbdb-456d-88e8-d52c7caf711c/opts
Jul 15 15:50:39 gtw01 haproxy-metadata-proxy-7f78c4e0-dbdb-456d-88e8-d52c7caf711c[25296]: Proxy listener started.
Jul 15 15:50:40 gtw01 dnsmasq[25288]: read /var/lib/neutron/dhcp/7f78c4e0-dbdb-456d-88e8-d52c7caf711c/addn_hosts - 1 addresses
Jul 15 15:50:40 gtw01 dnsmasq-dhcp[25288]: read /var/lib/neutron/dhcp/7f78c4e0-dbdb-456d-88e8-d52c7caf711c/host
Jul 15 15:50:40 gtw01 dnsmasq-dhcp[25288]: read /var/lib/neutron/dhcp/7f78c4e0-dbdb-456d-88e8-d52c7caf711c/opts
Jul 15 15:50:41 gtw01 dnsmasq[25364]: started, version 2.80 cachesize 150
Jul 15 15:50:41 gtw01 dnsmasq[25364]: DNS service limited to local subnets
Jul 15 15:50:41 gtw01 dnsmasq[25364]: compile time options: IPv6 GNU-getopt DBus i18n IDN DHCP DHCPv6 no-Lua TFTP conntrack ipset auth DNSSEC loop-detect inotify dumpfile
Jul 15 15:50:41 gtw01 dnsmasq[25364]: warning: no upstream servers configured
Jul 15 15:50:41 gtw01 dnsmasq-dhcp[25364]: DHCP, static leases only on 192.168.120.0, lease time 1h
Jul 15 15:50:41 gtw01 dnsmasq[25364]: read /var/lib/neutron/dhcp/a5a90a8f-bcdd-45ee-bc1c-89c99ecdeb99/addn_hosts - 1 addresses
Jul 15 15:50:41 gtw01 dnsmasq-dhcp[25364]: read /var/lib/neutron/dhcp/a5a90a8f-bcdd-45ee-bc1c-89c99ecdeb99/host
Jul 15 15:50:41 gtw01 dnsmasq-dhcp[25364]: read /var/lib/neutron/dhcp/a5a90a8f-bcdd-45ee-bc1c-89c99ecdeb99/opts
Jul 15 15:50:41 gtw01 haproxy-metadata-proxy-a5a90a8f-bcdd-45ee-bc1c-89c99ecdeb99[25381]: Proxy listener started.
Jul 15 15:50:41 gtw01 dnsmasq[25288]: read /var/lib/neutron/dhcp/7f78c4e0-dbdb-456d-88e8-d52c7caf711c/addn_hosts - 1 addresses
Jul 15 15:50:41 gtw01 dnsmasq-dhcp[25288]: read /var/lib/neutron/dhcp/7f78c4e0-dbdb-456d-88e8-d52c7caf711c/host
Jul 15 15:50:41 gtw01 dnsmasq-dhcp[25288]: read /var/lib/neutron/dhcp/7f78c4e0-dbdb-456d-88e8-d52c7caf711c/opts
Jul 15 15:50:41 gtw01 kernel: [ 9943.517506] device tap8021338f-63 entered promiscuous mode
Jul 15 15:50:41 gtw01 systemd-udevd[25422]: Could not generate persistent MAC address for tap8021338f-63: No such file or directory
Jul 15 15:50:41 gtw01 systemd-udevd[25494]: Process '/sbin/ip link set tap8021338f-63 txqueuelen 10000' failed with exit code 1.
Jul 15 15:50:42 gtw01 dnsmasq[25364]: read /var/lib/neutron/dhcp/a5a90a8f-bcdd-45ee-bc1c-89c99ecdeb99/addn_hosts - 2 addresses
Jul 15 15:50:42 gtw01 dnsmasq-dhcp[25364]: read /var/lib/neutron/dhcp/a5a90a8f-bcdd-45ee-bc1c-89c99ecdeb99/host
Jul 15 15:50:42 gtw01 dnsmasq-dhcp[25364]: read /var/lib/neutron/dhcp/a5a90a8f-bcdd-45ee-bc1c-89c99ecdeb99/opts
Jul 15 15:50:42 gtw01 systemd-udevd[25530]: Could not generate persistent MAC address for tapcfee0bcb-99: No such file or directory
Jul 15 15:50:42 gtw01 kernel: [ 9943.945395] device tapcfee0bcb-99 entered promiscuous mode
Jul 15 15:50:42 gtw01 systemd-udevd[25530]: Process '/sbin/ip link set tapcfee0bcb-99 txqueuelen 10000' failed with exit code 1.
Jul 15 15:50:42 gtw01 systemd-udevd[25609]: Process '/sbin/ip link set tapcfee0bcb-99 txqueuelen 10000' failed with exit code 1.
Jul 15 15:50:42 gtw01 dnsmasq[25288]: read /var/lib/neutron/dhcp/7f78c4e0-dbdb-456d-88e8-d52c7caf711c/addn_hosts - 1 addresses
Jul 15 15:50:42 gtw01 dnsmasq-dhcp[25288]: read /var/lib/neutron/dhcp/7f78c4e0-dbdb-456d-88e8-d52c7caf711c/host
Jul 15 15:50:42 gtw01 dnsmasq-dhcp[25288]: read /var/lib/neutron/dhcp/7f78c4e0-dbdb-456d-88e8-d52c7caf711c/opts
Jul 15 15:50:43 gtw01 dnsmasq[25364]: read /var/lib/neutron/dhcp/a5a90a8f-bcdd-45ee-bc1c-89c99ecdeb99/addn_hosts - 2 addresses
Jul 15 15:50:43 gtw01 dnsmasq-dhcp[25364]: read /var/lib/neutron/dhcp/a5a90a8f-bcdd-45ee-bc1c-89c99ecdeb99/host
Jul 15 15:50:43 gtw01 dnsmasq-dhcp[25364]: read /var/lib/neutron/dhcp/a5a90a8f-bcdd-45ee-bc1c-89c99ecdeb99/opts
Jul 15 15:50:44 gtw01 dnsmasq[25364]: read /var/lib/neutron/dhcp/a5a90a8f-bcdd-45ee-bc1c-89c99ecdeb99/addn_hosts - 2 addresses
Jul 15 15:50:44 gtw01 dnsmasq-dhcp[25364]: read /var/lib/neutron/dhcp/a5a90a8f-bcdd-45ee-bc1c-89c99ecdeb99/host
Jul 15 15:50:44 gtw01 dnsmasq-dhcp[25364]: read /var/lib/neutron/dhcp/a5a90a8f-bcdd-45ee-bc1c-89c99ecdeb99/opts
Jul 15 15:50:44 gtw01 kernel: [ 9945.935061] device tape4baad0a-a1 entered promiscuous mode
Jul 15 15:50:44 gtw01 systemd-udevd[25746]: Could not generate persistent MAC address for tape4baad0a-a1: No such file or directory
Jul 15 15:50:44 gtw01 systemd-udevd[25746]: Process '/sbin/ip link set tape4baad0a-a1 txqueuelen 10000' failed with exit code 1.
Jul 15 15:50:44 gtw01 systemd-udevd[25746]: Process '/sbin/ip link set tape4baad0a-a1 txqueuelen 10000' failed with exit code 1.
Jul 15 15:50:45 gtw01 dnsmasq[25364]: read /var/lib/neutron/dhcp/a5a90a8f-bcdd-45ee-bc1c-89c99ecdeb99/addn_hosts - 2 addresses
Jul 15 15:50:45 gtw01 dnsmasq-dhcp[25364]: read /var/lib/neutron/dhcp/a5a90a8f-bcdd-45ee-bc1c-89c99ecdeb99/host
Jul 15 15:50:45 gtw01 dnsmasq-dhcp[25364]: read /var/lib/neutron/dhcp/a5a90a8f-bcdd-45ee-bc1c-89c99ecdeb99/opts
Jul 15 15:50:45 gtw01 dnsmasq[25908]: started, version 2.80 cachesize 150
Jul 15 15:50:45 gtw01 dnsmasq[25908]: DNS service limited to local subnets
Jul 15 15:50:45 gtw01 dnsmasq[25908]: compile time options: IPv6 GNU-getopt DBus i18n IDN DHCP DHCPv6 no-Lua TFTP conntrack ipset auth DNSSEC loop-detect inotify dumpfile
Jul 15 15:50:45 gtw01 dnsmasq[25908]: warning: no upstream servers configured
Jul 15 15:50:45 gtw01 dnsmasq-dhcp[25908]: DHCP, static leases only on 192.168.120.0, lease time 1h
Jul 15 15:50:45 gtw01 dnsmasq[25908]: read /var/lib/neutron/dhcp/49da0f26-681b-4513-bf87-b77e86e47027/addn_hosts - 1 addresses
Jul 15 15:50:45 gtw01 dnsmasq-dhcp[25908]: read /var/lib/neutron/dhcp/49da0f26-681b-4513-bf87-b77e86e47027/host
Jul 15 15:50:45 gtw01 dnsmasq-dhcp[25908]: read /var/lib/neutron/dhcp/49da0f26-681b-4513-bf87-b77e86e47027/opts
Jul 15 15:50:45 gtw01 haproxy-metadata-proxy-49da0f26-681b-4513-bf87-b77e86e47027[25919]: Proxy listener started.
Jul 15 15:50:45 gtw01 dnsmasq[25925]: started, version 2.80 cachesize 150
Jul 15 15:50:45 gtw01 dnsmasq[25925]: DNS service limited to local subnets
Jul 15 15:50:45 gtw01 dnsmasq[25925]: compile time options: IPv6 GNU-getopt DBus i18n IDN DHCP DHCPv6 no-Lua TFTP conntrack ipset auth DNSSEC loop-detect inotify dumpfile
Jul 15 15:50:45 gtw01 dnsmasq[25925]: warning: no upstream servers configured
Jul 15 15:50:45 gtw01 dnsmasq-dhcp[25925]: DHCP, static leases only on 192.168.120.0, lease time 1h
Jul 15 15:50:45 gtw01 dnsmasq[25925]: read /var/lib/neutron/dhcp/7de0af39-c99f-43fd-bf24-fdbc7b016eaf/addn_hosts - 1 addresses
Jul 15 15:50:45 gtw01 dnsmasq-dhcp[25925]: read /var/lib/neutron/dhcp/7de0af39-c99f-43fd-bf24-fdbc7b016eaf/host
Jul 15 15:50:45 gtw01 dnsmasq-dhcp[25925]: read /var/lib/neutron/dhcp/7de0af39-c99f-43fd-bf24-fdbc7b016eaf/opts
Jul 15 15:50:46 gtw01 haproxy-metadata-proxy-7de0af39-c99f-43fd-bf24-fdbc7b016eaf[25931]: Proxy listener started.
Jul 15 15:50:46 gtw01 dnsmasq[25908]: read /var/lib/neutron/dhcp/49da0f26-681b-4513-bf87-b77e86e47027/addn_hosts - 1 addresses
Jul 15 15:50:46 gtw01 dnsmasq-dhcp[25908]: read /var/lib/neutron/dhcp/49da0f26-681b-4513-bf87-b77e86e47027/host
Jul 15 15:50:46 gtw01 dnsmasq-dhcp[25908]: read /var/lib/neutron/dhcp/49da0f26-681b-4513-bf87-b77e86e47027/opts
Jul 15 15:50:47 gtw01 dnsmasq[25925]: read /var/lib/neutron/dhcp/7de0af39-c99f-43fd-bf24-fdbc7b016eaf/addn_hosts - 1 addresses
Jul 15 15:50:47 gtw01 dnsmasq-dhcp[25925]: read /var/lib/neutron/dhcp/7de0af39-c99f-43fd-bf24-fdbc7b016eaf/host
Jul 15 15:50:47 gtw01 dnsmasq-dhcp[25925]: read /var/lib/neutron/dhcp/7de0af39-c99f-43fd-bf24-fdbc7b016eaf/opts
Jul 15 15:50:47 gtw01 dnsmasq[25908]: read /var/lib/neutron/dhcp/49da0f26-681b-4513-bf87-b77e86e47027/addn_hosts - 1 addresses
Jul 15 15:50:47 gtw01 dnsmasq-dhcp[25908]: read /var/lib/neutron/dhcp/49da0f26-681b-4513-bf87-b77e86e47027/host
Jul 15 15:50:47 gtw01 dnsmasq-dhcp[25908]: read /var/lib/neutron/dhcp/49da0f26-681b-4513-bf87-b77e86e47027/opts
Jul 15 15:50:47 gtw01 dnsmasq[25925]: read /var/lib/neutron/dhcp/7de0af39-c99f-43fd-bf24-fdbc7b016eaf/addn_hosts - 1 addresses
Jul 15 15:50:47 gtw01 dnsmasq-dhcp[25925]: read /var/lib/neutron/dhcp/7de0af39-c99f-43fd-bf24-fdbc7b016eaf/host
Jul 15 15:50:47 gtw01 dnsmasq-dhcp[25925]: read /var/lib/neutron/dhcp/7de0af39-c99f-43fd-bf24-fdbc7b016eaf/opts
Jul 15 15:50:47 gtw01 dnsmasq[26036]: started, version 2.80 cachesize 150
Jul 15 15:50:47 gtw01 dnsmasq[26036]: DNS service limited to local subnets
Jul 15 15:50:47 gtw01 dnsmasq[26036]: compile time options: IPv6 GNU-getopt DBus i18n IDN DHCP DHCPv6 no-Lua TFTP conntrack ipset auth DNSSEC loop-detect inotify dumpfile
Jul 15 15:50:47 gtw01 dnsmasq[26036]: warning: no upstream servers configured
Jul 15 15:50:47 gtw01 dnsmasq-dhcp[26036]: DHCP, static leases only on 192.168.120.0, lease time 1h
Jul 15 15:50:47 gtw01 dnsmasq[26036]: read /var/lib/neutron/dhcp/72cd72cf-8e81-481b-9cfc-8fffb9d261a1/addn_hosts - 1 addresses
Jul 15 15:50:47 gtw01 dnsmasq-dhcp[26036]: read /var/lib/neutron/dhcp/72cd72cf-8e81-481b-9cfc-8fffb9d261a1/host
Jul 15 15:50:47 gtw01 dnsmasq-dhcp[26036]: read /var/lib/neutron/dhcp/72cd72cf-8e81-481b-9cfc-8fffb9d261a1/opts
Jul 15 15:50:48 gtw01 haproxy-metadata-proxy-72cd72cf-8e81-481b-9cfc-8fffb9d261a1[26045]: Proxy listener started.
Jul 15 15:50:48 gtw01 dnsmasq[25908]: read /var/lib/neutron/dhcp/49da0f26-681b-4513-bf87-b77e86e47027/addn_hosts - 1 addresses
Jul 15 15:50:48 gtw01 dnsmasq-dhcp[25908]: read /var/lib/neutron/dhcp/49da0f26-681b-4513-bf87-b77e86e47027/host
Jul 15 15:50:48 gtw01 dnsmasq-dhcp[25908]: read /var/lib/neutron/dhcp/49da0f26-681b-4513-bf87-b77e86e47027/opts
Jul 15 15:50:48 gtw01 dnsmasq[25925]: read /var/lib/neutron/dhcp/7de0af39-c99f-43fd-bf24-fdbc7b016eaf/addn_hosts - 1 addresses
Jul 15 15:50:48 gtw01 dnsmasq-dhcp[25925]: read /var/lib/neutron/dhcp/7de0af39-c99f-43fd-bf24-fdbc7b016eaf/host
Jul 15 15:50:48 gtw01 dnsmasq-dhcp[25925]: read /var/lib/neutron/dhcp/7de0af39-c99f-43fd-bf24-fdbc7b016eaf/opts
Jul 15 15:50:48 gtw01 dnsmasq[26036]: read /var/lib/neutron/dhcp/72cd72cf-8e81-481b-9cfc-8fffb9d261a1/addn_hosts - 1 addresses
Jul 15 15:50:48 gtw01 dnsmasq-dhcp[26036]: read /var/lib/neutron/dhcp/72cd72cf-8e81-481b-9cfc-8fffb9d261a1/host
Jul 15 15:50:48 gtw01 dnsmasq-dhcp[26036]: read /var/lib/neutron/dhcp/72cd72cf-8e81-481b-9cfc-8fffb9d261a1/opts
Jul 15 15:50:49 gtw01 dnsmasq[26036]: read /var/lib/neutron/dhcp/72cd72cf-8e81-481b-9cfc-8fffb9d261a1/addn_hosts - 1 addresses
Jul 15 15:50:49 gtw01 dnsmasq-dhcp[26036]: read /var/lib/neutron/dhcp/72cd72cf-8e81-481b-9cfc-8fffb9d261a1/host
Jul 15 15:50:49 gtw01 dnsmasq-dhcp[26036]: read /var/lib/neutron/dhcp/72cd72cf-8e81-481b-9cfc-8fffb9d261a1/opts
Jul 15 15:50:49 gtw01 dnsmasq[25364]: read /var/lib/neutron/dhcp/a5a90a8f-bcdd-45ee-bc1c-89c99ecdeb99/addn_hosts - 3 addresses
Jul 15 15:50:49 gtw01 dnsmasq-dhcp[25364]: read /var/lib/neutron/dhcp/a5a90a8f-bcdd-45ee-bc1c-89c99ecdeb99/host
Jul 15 15:50:49 gtw01 dnsmasq-dhcp[25364]: read /var/lib/neutron/dhcp/a5a90a8f-bcdd-45ee-bc1c-89c99ecdeb99/opts
Jul 15 15:50:50 gtw01 dnsmasq[26036]: read /var/lib/neutron/dhcp/72cd72cf-8e81-481b-9cfc-8fffb9d261a1/addn_hosts - 2 addresses
Jul 15 15:50:50 gtw01 dnsmasq-dhcp[26036]: read /var/lib/neutron/dhcp/72cd72cf-8e81-481b-9cfc-8fffb9d261a1/host
Jul 15 15:50:50 gtw01 dnsmasq-dhcp[26036]: read /var/lib/neutron/dhcp/72cd72cf-8e81-481b-9cfc-8fffb9d261a1/opts
Jul 15 15:50:51 gtw01 dnsmasq[26036]: read /var/lib/neutron/dhcp/72cd72cf-8e81-481b-9cfc-8fffb9d261a1/addn_hosts - 2 addresses
Jul 15 15:50:51 gtw01 dnsmasq-dhcp[26036]: read /var/lib/neutron/dhcp/72cd72cf-8e81-481b-9cfc-8fffb9d261a1/host
Jul 15 15:50:51 gtw01 dnsmasq-dhcp[26036]: read /var/lib/neutron/dhcp/72cd72cf-8e81-481b-9cfc-8fffb9d261a1/opts
Jul 15 15:50:52 gtw01 dnsmasq[26036]: read /var/lib/neutron/dhcp/72cd72cf-8e81-481b-9cfc-8fffb9d261a1/addn_hosts - 2 addresses
Jul 15 15:50:52 gtw01 dnsmasq-dhcp[26036]: read /var/lib/neutron/dhcp/72cd72cf-8e81-481b-9cfc-8fffb9d261a1/host
Jul 15 15:50:52 gtw01 dnsmasq-dhcp[26036]: read /var/lib/neutron/dhcp/72cd72cf-8e81-481b-9cfc-8fffb9d261a1/opts
Jul 15 15:50:53 gtw01 dnsmasq[25908]: read /var/lib/neutron/dhcp/49da0f26-681b-4513-bf87-b77e86e47027/addn_hosts - 2 addresses
Jul 15 15:50:53 gtw01 dnsmasq-dhcp[25908]: read /var/lib/neutron/dhcp/49da0f26-681b-4513-bf87-b77e86e47027/host
Jul 15 15:50:53 gtw01 dnsmasq-dhcp[25908]: read /var/lib/neutron/dhcp/49da0f26-681b-4513-bf87-b77e86e47027/opts
Jul 15 15:50:55 gtw01 dnsmasq[25908]: read /var/lib/neutron/dhcp/49da0f26-681b-4513-bf87-b77e86e47027/addn_hosts - 2 addresses
Jul 15 15:50:55 gtw01 dnsmasq-dhcp[25908]: read /var/lib/neutron/dhcp/49da0f26-681b-4513-bf87-b77e86e47027/host
Jul 15 15:50:55 gtw01 dnsmasq-dhcp[25908]: read /var/lib/neutron/dhcp/49da0f26-681b-4513-bf87-b77e86e47027/opts
Jul 15 15:50:57 gtw01 dnsmasq[26294]: started, version 2.80 cachesize 150
Jul 15 15:50:57 gtw01 dnsmasq[26294]: DNS service limited to local subnets
Jul 15 15:50:57 gtw01 dnsmasq[26294]: compile time options: IPv6 GNU-getopt DBus i18n IDN DHCP DHCPv6 no-Lua TFTP conntrack ipset auth DNSSEC loop-detect inotify dumpfile
Jul 15 15:50:57 gtw01 dnsmasq[26294]: warning: no upstream servers configured
Jul 15 15:50:57 gtw01 dnsmasq-dhcp[26294]: DHCP, static leases only on 192.168.120.16, lease time 1h
Jul 15 15:50:57 gtw01 dnsmasq-dhcp[26294]: DHCP, static leases only on 192.168.120.0, lease time 1h
Jul 15 15:50:57 gtw01 dnsmasq[26294]: read /var/lib/neutron/dhcp/7de0af39-c99f-43fd-bf24-fdbc7b016eaf/addn_hosts - 2 addresses
Jul 15 15:50:57 gtw01 dnsmasq-dhcp[26294]: read /var/lib/neutron/dhcp/7de0af39-c99f-43fd-bf24-fdbc7b016eaf/host
Jul 15 15:50:57 gtw01 dnsmasq-dhcp[26294]: read /var/lib/neutron/dhcp/7de0af39-c99f-43fd-bf24-fdbc7b016eaf/opts
Jul 15 15:50:57 gtw01 dnsmasq[26036]: read /var/lib/neutron/dhcp/72cd72cf-8e81-481b-9cfc-8fffb9d261a1/addn_hosts - 1 addresses
Jul 15 15:50:57 gtw01 dnsmasq-dhcp[26036]: read /var/lib/neutron/dhcp/72cd72cf-8e81-481b-9cfc-8fffb9d261a1/host
Jul 15 15:50:57 gtw01 dnsmasq-dhcp[26036]: read /var/lib/neutron/dhcp/72cd72cf-8e81-481b-9cfc-8fffb9d261a1/opts
Jul 15 15:50:57 gtw01 dnsmasq[26294]: read /var/lib/neutron/dhcp/7de0af39-c99f-43fd-bf24-fdbc7b016eaf/addn_hosts - 2 addresses
Jul 15 15:50:57 gtw01 dnsmasq-dhcp[26294]: read /var/lib/neutron/dhcp/7de0af39-c99f-43fd-bf24-fdbc7b016eaf/host
Jul 15 15:50:57 gtw01 dnsmasq-dhcp[26294]: read /var/lib/neutron/dhcp/7de0af39-c99f-43fd-bf24-fdbc7b016eaf/opts
Jul 15 15:50:58 gtw01 haproxy-metadata-proxy-72cd72cf-8e81-481b-9cfc-8fffb9d261a1[26320]: Proxy listener started.
Jul 15 15:51:00 gtw01 dnsmasq[25364]: read /var/lib/neutron/dhcp/a5a90a8f-bcdd-45ee-bc1c-89c99ecdeb99/addn_hosts - 4 addresses
Jul 15 15:51:00 gtw01 dnsmasq-dhcp[25364]: read /var/lib/neutron/dhcp/a5a90a8f-bcdd-45ee-bc1c-89c99ecdeb99/host
Jul 15 15:51:00 gtw01 dnsmasq-dhcp[25364]: read /var/lib/neutron/dhcp/a5a90a8f-bcdd-45ee-bc1c-89c99ecdeb99/opts
Jul 15 15:51:00 gtw01 dnsmasq[25908]: read /var/lib/neutron/dhcp/49da0f26-681b-4513-bf87-b77e86e47027/addn_hosts - 1 addresses
Jul 15 15:51:00 gtw01 dnsmasq-dhcp[25908]: read /var/lib/neutron/dhcp/49da0f26-681b-4513-bf87-b77e86e47027/host
Jul 15 15:51:00 gtw01 dnsmasq-dhcp[25908]: read /var/lib/neutron/dhcp/49da0f26-681b-4513-bf87-b77e86e47027/opts
Jul 15 15:51:03 gtw01 dnsmasq[26429]: started, version 2.80 cachesize 150
Jul 15 15:51:03 gtw01 dnsmasq[26429]: DNS service limited to local subnets
Jul 15 15:51:03 gtw01 dnsmasq[26429]: compile time options: IPv6 GNU-getopt DBus i18n IDN DHCP DHCPv6 no-Lua TFTP conntrack ipset auth DNSSEC loop-detect inotify dumpfile
