Jul 15 15:04:32 gtw01 dnsmasq[8788]: read /var/lib/neutron/dhcp/01ce541e-60ba-4a32-91c6-938fbd016d46/addn_hosts - 2 addresses
Jul 15 15:04:32 gtw01 dnsmasq-dhcp[8788]: read /var/lib/neutron/dhcp/01ce541e-60ba-4a32-91c6-938fbd016d46/host
Jul 15 15:04:32 gtw01 dnsmasq-dhcp[8788]: read /var/lib/neutron/dhcp/01ce541e-60ba-4a32-91c6-938fbd016d46/opts
Jul 15 15:04:32 gtw01 systemd-udevd[9269]: Could not generate persistent MAC address for tapd1e0945e-de: No such file or directory
Jul 15 15:04:32 gtw01 kernel: [ 7174.367196] device tapd1e0945e-de entered promiscuous mode
Jul 15 15:04:32 gtw01 systemd-udevd[9269]: Process '/sbin/ip link set tapd1e0945e-de txqueuelen 10000' failed with exit code 1.
Jul 15 15:04:32 gtw01 systemd-udevd[9358]: Process '/sbin/ip link set tapd1e0945e-de txqueuelen 10000' failed with exit code 1.
Jul 15 15:04:32 gtw01 dnsmasq[7369]: read /var/lib/neutron/dhcp/4d2cf358-9ed4-4d50-9f5b-21f62d10bb19/addn_hosts - 4 addresses
Jul 15 15:04:32 gtw01 dnsmasq-dhcp[7369]: read /var/lib/neutron/dhcp/4d2cf358-9ed4-4d50-9f5b-21f62d10bb19/host
Jul 15 15:04:32 gtw01 dnsmasq-dhcp[7369]: read /var/lib/neutron/dhcp/4d2cf358-9ed4-4d50-9f5b-21f62d10bb19/opts
Jul 15 15:04:35 gtw01 haproxy-metadata-proxy-e74c8ec9-4d44-471f-b0b8-8c724d809550[9482]: Proxy listener started.
Jul 15 15:04:36 gtw01 dnsmasq[9495]: started, version 2.80 cachesize 150
Jul 15 15:04:36 gtw01 dnsmasq[9495]: DNS service limited to local subnets
Jul 15 15:04:36 gtw01 dnsmasq[9495]: compile time options: IPv6 GNU-getopt DBus i18n IDN DHCP DHCPv6 no-Lua TFTP conntrack ipset auth DNSSEC loop-detect inotify dumpfile
Jul 15 15:04:36 gtw01 dnsmasq[9495]: warning: no upstream servers configured
Jul 15 15:04:36 gtw01 dnsmasq-dhcp[9495]: DHCP, static leases only on 10.10.10.0, lease time 1h
Jul 15 15:04:36 gtw01 dnsmasq[9495]: read /var/lib/neutron/dhcp/882c649a-8696-459a-b2e9-3a3fdec52526/addn_hosts - 1 addresses
Jul 15 15:04:36 gtw01 dnsmasq-dhcp[9495]: read /var/lib/neutron/dhcp/882c649a-8696-459a-b2e9-3a3fdec52526/host
Jul 15 15:04:36 gtw01 dnsmasq-dhcp[9495]: read /var/lib/neutron/dhcp/882c649a-8696-459a-b2e9-3a3fdec52526/opts
Jul 15 15:04:36 gtw01 haproxy-metadata-proxy-882c649a-8696-459a-b2e9-3a3fdec52526[9499]: Proxy listener started.
Jul 15 15:04:37 gtw01 dnsmasq[9495]: read /var/lib/neutron/dhcp/882c649a-8696-459a-b2e9-3a3fdec52526/addn_hosts - 1 addresses
Jul 15 15:04:37 gtw01 dnsmasq-dhcp[9495]: read /var/lib/neutron/dhcp/882c649a-8696-459a-b2e9-3a3fdec52526/host
Jul 15 15:04:37 gtw01 dnsmasq-dhcp[9495]: read /var/lib/neutron/dhcp/882c649a-8696-459a-b2e9-3a3fdec52526/opts
Jul 15 15:04:37 gtw01 dnsmasq[8788]: read /var/lib/neutron/dhcp/01ce541e-60ba-4a32-91c6-938fbd016d46/addn_hosts - 2 addresses
Jul 15 15:04:37 gtw01 dnsmasq-dhcp[8788]: read /var/lib/neutron/dhcp/01ce541e-60ba-4a32-91c6-938fbd016d46/host
Jul 15 15:04:37 gtw01 dnsmasq-dhcp[8788]: read /var/lib/neutron/dhcp/01ce541e-60ba-4a32-91c6-938fbd016d46/opts
Jul 15 15:04:38 gtw01 dnsmasq[9495]: read /var/lib/neutron/dhcp/882c649a-8696-459a-b2e9-3a3fdec52526/addn_hosts - 1 addresses
Jul 15 15:04:38 gtw01 dnsmasq-dhcp[9495]: read /var/lib/neutron/dhcp/882c649a-8696-459a-b2e9-3a3fdec52526/host
Jul 15 15:04:38 gtw01 dnsmasq-dhcp[9495]: read /var/lib/neutron/dhcp/882c649a-8696-459a-b2e9-3a3fdec52526/opts
Jul 15 15:04:38 gtw01 dnsmasq[8788]: read /var/lib/neutron/dhcp/01ce541e-60ba-4a32-91c6-938fbd016d46/addn_hosts - 2 addresses
Jul 15 15:04:38 gtw01 dnsmasq-dhcp[8788]: read /var/lib/neutron/dhcp/01ce541e-60ba-4a32-91c6-938fbd016d46/host
Jul 15 15:04:38 gtw01 dnsmasq-dhcp[8788]: read /var/lib/neutron/dhcp/01ce541e-60ba-4a32-91c6-938fbd016d46/opts
Jul 15 15:04:39 gtw01 dnsmasq[9495]: read /var/lib/neutron/dhcp/882c649a-8696-459a-b2e9-3a3fdec52526/addn_hosts - 1 addresses
Jul 15 15:04:39 gtw01 dnsmasq-dhcp[9495]: read /var/lib/neutron/dhcp/882c649a-8696-459a-b2e9-3a3fdec52526/host
Jul 15 15:04:39 gtw01 dnsmasq-dhcp[9495]: read /var/lib/neutron/dhcp/882c649a-8696-459a-b2e9-3a3fdec52526/opts
Jul 15 15:04:40 gtw01 dnsmasq[8788]: read /var/lib/neutron/dhcp/01ce541e-60ba-4a32-91c6-938fbd016d46/addn_hosts - 3 addresses
Jul 15 15:04:40 gtw01 dnsmasq-dhcp[8788]: read /var/lib/neutron/dhcp/01ce541e-60ba-4a32-91c6-938fbd016d46/host
Jul 15 15:04:40 gtw01 dnsmasq-dhcp[8788]: read /var/lib/neutron/dhcp/01ce541e-60ba-4a32-91c6-938fbd016d46/opts
Jul 15 15:04:41 gtw01 dnsmasq[8788]: read /var/lib/neutron/dhcp/01ce541e-60ba-4a32-91c6-938fbd016d46/addn_hosts - 3 addresses
Jul 15 15:04:41 gtw01 dnsmasq-dhcp[8788]: read /var/lib/neutron/dhcp/01ce541e-60ba-4a32-91c6-938fbd016d46/host
Jul 15 15:04:41 gtw01 dnsmasq-dhcp[8788]: read /var/lib/neutron/dhcp/01ce541e-60ba-4a32-91c6-938fbd016d46/opts
Jul 15 15:04:42 gtw01 dnsmasq[8788]: read /var/lib/neutron/dhcp/01ce541e-60ba-4a32-91c6-938fbd016d46/addn_hosts - 3 addresses
Jul 15 15:04:42 gtw01 dnsmasq-dhcp[8788]: read /var/lib/neutron/dhcp/01ce541e-60ba-4a32-91c6-938fbd016d46/host
Jul 15 15:04:42 gtw01 dnsmasq-dhcp[8788]: read /var/lib/neutron/dhcp/01ce541e-60ba-4a32-91c6-938fbd016d46/opts
Jul 15 15:04:46 gtw01 dnsmasq-dhcp[7369]: DHCPDISCOVER(tap2be36376-cd) fa:16:3e:56:1e:39
Jul 15 15:04:46 gtw01 dnsmasq-dhcp[7369]: DHCPOFFER(tap2be36376-cd) 192.168.120.6 fa:16:3e:56:1e:39
Jul 15 15:04:46 gtw01 dnsmasq-dhcp[7369]: DHCPREQUEST(tap2be36376-cd) 192.168.120.6 fa:16:3e:56:1e:39
Jul 15 15:04:46 gtw01 dnsmasq-dhcp[7369]: DHCPACK(tap2be36376-cd) 192.168.120.6 fa:16:3e:56:1e:39 host-192-168-120-6
Jul 15 15:04:46 gtw01 dnsmasq-dhcp[17160]: DHCPRELEASE(tap3e35a4ac-07) 192.168.120.5 fa:16:3e:ee:f1:0d
Jul 15 15:04:47 gtw01 dnsmasq[9495]: read /var/lib/neutron/dhcp/882c649a-8696-459a-b2e9-3a3fdec52526/addn_hosts - 2 addresses
Jul 15 15:04:47 gtw01 dnsmasq-dhcp[9495]: read /var/lib/neutron/dhcp/882c649a-8696-459a-b2e9-3a3fdec52526/host
Jul 15 15:04:47 gtw01 dnsmasq-dhcp[9495]: read /var/lib/neutron/dhcp/882c649a-8696-459a-b2e9-3a3fdec52526/opts
Jul 15 15:04:48 gtw01 dnsmasq[9495]: read /var/lib/neutron/dhcp/882c649a-8696-459a-b2e9-3a3fdec52526/addn_hosts - 2 addresses
Jul 15 15:04:48 gtw01 dnsmasq-dhcp[9495]: read /var/lib/neutron/dhcp/882c649a-8696-459a-b2e9-3a3fdec52526/host
Jul 15 15:04:48 gtw01 dnsmasq-dhcp[9495]: read /var/lib/neutron/dhcp/882c649a-8696-459a-b2e9-3a3fdec52526/opts
Jul 15 15:04:49 gtw01 dnsmasq[9495]: read /var/lib/neutron/dhcp/882c649a-8696-459a-b2e9-3a3fdec52526/addn_hosts - 2 addresses
Jul 15 15:04:49 gtw01 dnsmasq-dhcp[9495]: read /var/lib/neutron/dhcp/882c649a-8696-459a-b2e9-3a3fdec52526/host
Jul 15 15:04:49 gtw01 dnsmasq-dhcp[9495]: read /var/lib/neutron/dhcp/882c649a-8696-459a-b2e9-3a3fdec52526/opts
Jul 15 15:04:55 gtw01 dnsmasq-dhcp[8788]: DHCPDISCOVER(tapa75580ff-0a) fa:16:3e:bd:76:a2
Jul 15 15:04:55 gtw01 dnsmasq-dhcp[8788]: DHCPOFFER(tapa75580ff-0a) 192.168.120.7 fa:16:3e:bd:76:a2
Jul 15 15:04:55 gtw01 dnsmasq-dhcp[8788]: DHCPREQUEST(tapa75580ff-0a) 192.168.120.7 fa:16:3e:bd:76:a2
Jul 15 15:04:55 gtw01 dnsmasq-dhcp[8788]: DHCPACK(tapa75580ff-0a) 192.168.120.7 fa:16:3e:bd:76:a2 host-192-168-120-7
Jul 15 15:04:58 gtw01 dnsmasq[17160]: read /var/lib/neutron/dhcp/6e27b216-4503-43bd-924e-0e7d283c4bf3/addn_hosts - 2 addresses
Jul 15 15:04:58 gtw01 dnsmasq-dhcp[17160]: read /var/lib/neutron/dhcp/6e27b216-4503-43bd-924e-0e7d283c4bf3/host
Jul 15 15:04:58 gtw01 dnsmasq-dhcp[17160]: read /var/lib/neutron/dhcp/6e27b216-4503-43bd-924e-0e7d283c4bf3/opts
Jul 15 15:04:58 gtw01 dnsmasq-dhcp[7369]: DHCPRELEASE(tap2be36376-cd) 192.168.120.6 fa:16:3e:56:1e:39
Jul 15 15:04:58 gtw01 haproxy-metadata-proxy-e74c8ec9-4d44-471f-b0b8-8c724d809550[9483]: 192.168.120.7:43348 [15/Jul/2019:15:04:56.907] listener listener/metadata 1/0/1/1566/1568 200 2285 - - ---- 1/1/0/1/0 0/0 "GET /openstack/latest/meta_data.json HTTP/1.1"
Jul 15 15:05:00 gtw01 dnsmasq[17160]: read /var/lib/neutron/dhcp/6e27b216-4503-43bd-924e-0e7d283c4bf3/addn_hosts - 3 addresses
Jul 15 15:05:00 gtw01 dnsmasq-dhcp[17160]: read /var/lib/neutron/dhcp/6e27b216-4503-43bd-924e-0e7d283c4bf3/host
Jul 15 15:05:00 gtw01 dnsmasq-dhcp[17160]: read /var/lib/neutron/dhcp/6e27b216-4503-43bd-924e-0e7d283c4bf3/opts
Jul 15 15:05:01 gtw01 dnsmasq[17160]: read /var/lib/neutron/dhcp/6e27b216-4503-43bd-924e-0e7d283c4bf3/addn_hosts - 3 addresses
Jul 15 15:05:01 gtw01 dnsmasq-dhcp[17160]: read /var/lib/neutron/dhcp/6e27b216-4503-43bd-924e-0e7d283c4bf3/host
Jul 15 15:05:01 gtw01 dnsmasq-dhcp[17160]: read /var/lib/neutron/dhcp/6e27b216-4503-43bd-924e-0e7d283c4bf3/opts
Jul 15 15:05:02 gtw01 dnsmasq[17160]: read /var/lib/neutron/dhcp/6e27b216-4503-43bd-924e-0e7d283c4bf3/addn_hosts - 3 addresses
Jul 15 15:05:02 gtw01 dnsmasq-dhcp[17160]: read /var/lib/neutron/dhcp/6e27b216-4503-43bd-924e-0e7d283c4bf3/host
Jul 15 15:05:02 gtw01 dnsmasq-dhcp[17160]: read /var/lib/neutron/dhcp/6e27b216-4503-43bd-924e-0e7d283c4bf3/opts
Jul 15 15:05:04 gtw01 dnsmasq[9495]: read /var/lib/neutron/dhcp/882c649a-8696-459a-b2e9-3a3fdec52526/addn_hosts - 1 addresses
Jul 15 15:05:04 gtw01 dnsmasq-dhcp[9495]: read /var/lib/neutron/dhcp/882c649a-8696-459a-b2e9-3a3fdec52526/host
Jul 15 15:05:04 gtw01 dnsmasq-dhcp[9495]: read /var/lib/neutron/dhcp/882c649a-8696-459a-b2e9-3a3fdec52526/opts
Jul 15 15:05:06 gtw01 dnsmasq-dhcp[8788]: DHCPRELEASE(tapa75580ff-0a) 192.168.120.7 fa:16:3e:bd:76:a2
Jul 15 15:05:06 gtw01 dnsmasq-dhcp[8788]: DHCPRELEASE(tapa75580ff-0a) 192.168.120.7 fa:16:3e:bd:76:a2 unknown lease
Jul 15 15:05:07 gtw01 dnsmasq[8788]: read /var/lib/neutron/dhcp/01ce541e-60ba-4a32-91c6-938fbd016d46/addn_hosts - 2 addresses
Jul 15 15:05:07 gtw01 dnsmasq-dhcp[8788]: read /var/lib/neutron/dhcp/01ce541e-60ba-4a32-91c6-938fbd016d46/host
Jul 15 15:05:07 gtw01 dnsmasq-dhcp[8788]: read /var/lib/neutron/dhcp/01ce541e-60ba-4a32-91c6-938fbd016d46/opts
Jul 15 15:05:08 gtw01 dnsmasq[7369]: read /var/lib/neutron/dhcp/4d2cf358-9ed4-4d50-9f5b-21f62d10bb19/addn_hosts - 5 addresses
Jul 15 15:05:08 gtw01 dnsmasq-dhcp[7369]: read /var/lib/neutron/dhcp/4d2cf358-9ed4-4d50-9f5b-21f62d10bb19/host
Jul 15 15:05:08 gtw01 dnsmasq-dhcp[7369]: read /var/lib/neutron/dhcp/4d2cf358-9ed4-4d50-9f5b-21f62d10bb19/opts
Jul 15 15:05:09 gtw01 dnsmasq[7369]: read /var/lib/neutron/dhcp/4d2cf358-9ed4-4d50-9f5b-21f62d10bb19/addn_hosts - 5 addresses
Jul 15 15:05:09 gtw01 dnsmasq-dhcp[7369]: read /var/lib/neutron/dhcp/4d2cf358-9ed4-4d50-9f5b-21f62d10bb19/host
Jul 15 15:05:09 gtw01 dnsmasq-dhcp[7369]: read /var/lib/neutron/dhcp/4d2cf358-9ed4-4d50-9f5b-21f62d10bb19/opts
Jul 15 15:05:10 gtw01 dnsmasq[7369]: read /var/lib/neutron/dhcp/4d2cf358-9ed4-4d50-9f5b-21f62d10bb19/addn_hosts - 5 addresses
Jul 15 15:05:10 gtw01 dnsmasq-dhcp[7369]: read /var/lib/neutron/dhcp/4d2cf358-9ed4-4d50-9f5b-21f62d10bb19/host
Jul 15 15:05:10 gtw01 dnsmasq-dhcp[7369]: read /var/lib/neutron/dhcp/4d2cf358-9ed4-4d50-9f5b-21f62d10bb19/opts
Jul 15 15:05:12 gtw01 kernel: [ 7214.256622] device tapd1e0945e-de left promiscuous mode
Jul 15 15:05:16 gtw01 dnsmasq-dhcp[17160]: DHCPDISCOVER(tap3e35a4ac-07) fa:16:3e:78:96:72
Jul 15 15:05:16 gtw01 dnsmasq-dhcp[17160]: DHCPOFFER(tap3e35a4ac-07) 192.168.120.5 fa:16:3e:78:96:72
Jul 15 15:05:16 gtw01 dnsmasq-dhcp[17160]: DHCPREQUEST(tap3e35a4ac-07) 192.168.120.5 fa:16:3e:78:96:72
Jul 15 15:05:16 gtw01 dnsmasq-dhcp[17160]: DHCPACK(tap3e35a4ac-07) 192.168.120.5 fa:16:3e:78:96:72 host-192-168-120-5
Jul 15 15:05:17 gtw01 dnsmasq[8788]: read /var/lib/neutron/dhcp/01ce541e-60ba-4a32-91c6-938fbd016d46/addn_hosts - 1 addresses
Jul 15 15:05:17 gtw01 dnsmasq-dhcp[8788]: read /var/lib/neutron/dhcp/01ce541e-60ba-4a32-91c6-938fbd016d46/host
Jul 15 15:05:17 gtw01 dnsmasq-dhcp[8788]: read /var/lib/neutron/dhcp/01ce541e-60ba-4a32-91c6-938fbd016d46/opts
Jul 15 15:05:18 gtw01 haproxy-metadata-proxy-01ce541e-60ba-4a32-91c6-938fbd016d46[10150]: Proxy listener started.
Jul 15 15:05:19 gtw01 kernel: [ 7221.275716] device qr-e9e99bc8-32 left promiscuous mode
Jul 15 15:05:19 gtw01 dnsmasq-dhcp[7369]: DHCPRELEASE(tap2be36376-cd) 192.168.120.3 fa:16:3e:60:49:f3
Jul 15 15:05:20 gtw01 kernel: [ 7222.027304] device qg-8b2864e0-36 left promiscuous mode
Jul 15 15:05:22 gtw01 kernel: [ 7224.489018] device tapa75580ff-0a left promiscuous mode
Jul 15 15:05:24 gtw01 dnsmasq-dhcp[7369]: DHCPDISCOVER(tap2be36376-cd) fa:16:3e:43:f4:1d
Jul 15 15:05:24 gtw01 dnsmasq-dhcp[7369]: DHCPOFFER(tap2be36376-cd) 192.168.120.7 fa:16:3e:43:f4:1d
Jul 15 15:05:24 gtw01 dnsmasq-dhcp[7369]: DHCPREQUEST(tap2be36376-cd) 192.168.120.7 fa:16:3e:43:f4:1d
Jul 15 15:05:24 gtw01 dnsmasq-dhcp[7369]: DHCPACK(tap2be36376-cd) 192.168.120.7 fa:16:3e:43:f4:1d host-192-168-120-7
Jul 15 15:05:32 gtw01 dnsmasq[17160]: read /var/lib/neutron/dhcp/6e27b216-4503-43bd-924e-0e7d283c4bf3/addn_hosts - 4 addresses
Jul 15 15:05:32 gtw01 dnsmasq-dhcp[17160]: read /var/lib/neutron/dhcp/6e27b216-4503-43bd-924e-0e7d283c4bf3/host
Jul 15 15:05:32 gtw01 dnsmasq-dhcp[17160]: read /var/lib/neutron/dhcp/6e27b216-4503-43bd-924e-0e7d283c4bf3/opts
Jul 15 15:05:33 gtw01 dnsmasq[17160]: read /var/lib/neutron/dhcp/6e27b216-4503-43bd-924e-0e7d283c4bf3/addn_hosts - 4 addresses
Jul 15 15:05:33 gtw01 dnsmasq-dhcp[17160]: read /var/lib/neutron/dhcp/6e27b216-4503-43bd-924e-0e7d283c4bf3/host
Jul 15 15:05:33 gtw01 dnsmasq-dhcp[17160]: read /var/lib/neutron/dhcp/6e27b216-4503-43bd-924e-0e7d283c4bf3/opts
Jul 15 15:05:34 gtw01 dnsmasq[17160]: read /var/lib/neutron/dhcp/6e27b216-4503-43bd-924e-0e7d283c4bf3/addn_hosts - 4 addresses
Jul 15 15:05:34 gtw01 dnsmasq-dhcp[17160]: read /var/lib/neutron/dhcp/6e27b216-4503-43bd-924e-0e7d283c4bf3/host
Jul 15 15:05:34 gtw01 dnsmasq-dhcp[17160]: read /var/lib/neutron/dhcp/6e27b216-4503-43bd-924e-0e7d283c4bf3/opts
Jul 15 15:05:38 gtw01 dnsmasq-dhcp[7369]: DHCPDISCOVER(tap2be36376-cd) fa:16:3e:60:49:f3
Jul 15 15:05:38 gtw01 dnsmasq-dhcp[7369]: DHCPOFFER(tap2be36376-cd) 192.168.120.3 fa:16:3e:60:49:f3
Jul 15 15:05:38 gtw01 dnsmasq-dhcp[7369]: DHCPREQUEST(tap2be36376-cd) 192.168.120.3 fa:16:3e:60:49:f3
Jul 15 15:05:38 gtw01 dnsmasq-dhcp[7369]: DHCPACK(tap2be36376-cd) 192.168.120.3 fa:16:3e:60:49:f3 host-192-168-120-3
Jul 15 15:05:39 gtw01 dnsmasq[17160]: read /var/lib/neutron/dhcp/6e27b216-4503-43bd-924e-0e7d283c4bf3/addn_hosts - 3 addresses
Jul 15 15:05:39 gtw01 dnsmasq-dhcp[17160]: read /var/lib/neutron/dhcp/6e27b216-4503-43bd-924e-0e7d283c4bf3/host
Jul 15 15:05:39 gtw01 dnsmasq-dhcp[17160]: read /var/lib/neutron/dhcp/6e27b216-4503-43bd-924e-0e7d283c4bf3/opts
Jul 15 15:05:42 gtw01 dnsmasq-dhcp[17160]: DHCPRELEASE(tap3e35a4ac-07) 192.168.120.5 fa:16:3e:78:96:72
Jul 15 15:05:50 gtw01 dnsmasq[17160]: read /var/lib/neutron/dhcp/6e27b216-4503-43bd-924e-0e7d283c4bf3/addn_hosts - 4 addresses
Jul 15 15:05:50 gtw01 dnsmasq-dhcp[17160]: read /var/lib/neutron/dhcp/6e27b216-4503-43bd-924e-0e7d283c4bf3/host
Jul 15 15:05:50 gtw01 dnsmasq-dhcp[17160]: read /var/lib/neutron/dhcp/6e27b216-4503-43bd-924e-0e7d283c4bf3/opts
Jul 15 15:05:51 gtw01 dnsmasq[17160]: read /var/lib/neutron/dhcp/6e27b216-4503-43bd-924e-0e7d283c4bf3/addn_hosts - 5 addresses
Jul 15 15:05:51 gtw01 dnsmasq-dhcp[17160]: read /var/lib/neutron/dhcp/6e27b216-4503-43bd-924e-0e7d283c4bf3/host
Jul 15 15:05:51 gtw01 dnsmasq-dhcp[17160]: read /var/lib/neutron/dhcp/6e27b216-4503-43bd-924e-0e7d283c4bf3/opts
Jul 15 15:05:52 gtw01 dnsmasq[17160]: read /var/lib/neutron/dhcp/6e27b216-4503-43bd-924e-0e7d283c4bf3/addn_hosts - 6 addresses
Jul 15 15:05:52 gtw01 dnsmasq-dhcp[17160]: read /var/lib/neutron/dhcp/6e27b216-4503-43bd-924e-0e7d283c4bf3/host
Jul 15 15:05:52 gtw01 dnsmasq-dhcp[17160]: read /var/lib/neutron/dhcp/6e27b216-4503-43bd-924e-0e7d283c4bf3/opts
Jul 15 15:05:52 gtw01 dnsmasq-dhcp[7369]: DHCPDISCOVER(tap2be36376-cd) fa:16:3e:60:49:f3
Jul 15 15:05:52 gtw01 dnsmasq-dhcp[7369]: DHCPOFFER(tap2be36376-cd) 192.168.120.3 fa:16:3e:60:49:f3
Jul 15 15:05:52 gtw01 dnsmasq-dhcp[7369]: DHCPREQUEST(tap2be36376-cd) 192.168.120.3 fa:16:3e:60:49:f3
Jul 15 15:05:52 gtw01 dnsmasq-dhcp[7369]: DHCPACK(tap2be36376-cd) 192.168.120.3 fa:16:3e:60:49:f3 host-192-168-120-3
Jul 15 15:05:53 gtw01 dnsmasq[17160]: read /var/lib/neutron/dhcp/6e27b216-4503-43bd-924e-0e7d283c4bf3/addn_hosts - 6 addresses
Jul 15 15:05:53 gtw01 dnsmasq-dhcp[17160]: read /var/lib/neutron/dhcp/6e27b216-4503-43bd-924e-0e7d283c4bf3/host
Jul 15 15:05:53 gtw01 dnsmasq-dhcp[17160]: read /var/lib/neutron/dhcp/6e27b216-4503-43bd-924e-0e7d283c4bf3/opts
Jul 15 15:05:54 gtw01 dnsmasq[17160]: read /var/lib/neutron/dhcp/6e27b216-4503-43bd-924e-0e7d283c4bf3/addn_hosts - 6 addresses
Jul 15 15:05:54 gtw01 dnsmasq-dhcp[17160]: read /var/lib/neutron/dhcp/6e27b216-4503-43bd-924e-0e7d283c4bf3/host
Jul 15 15:05:54 gtw01 dnsmasq-dhcp[17160]: read /var/lib/neutron/dhcp/6e27b216-4503-43bd-924e-0e7d283c4bf3/opts
Jul 15 15:05:55 gtw01 dnsmasq[17160]: read /var/lib/neutron/dhcp/6e27b216-4503-43bd-924e-0e7d283c4bf3/addn_hosts - 6 addresses
Jul 15 15:05:55 gtw01 dnsmasq-dhcp[17160]: read /var/lib/neutron/dhcp/6e27b216-4503-43bd-924e-0e7d283c4bf3/host
Jul 15 15:05:55 gtw01 dnsmasq-dhcp[17160]: read /var/lib/neutron/dhcp/6e27b216-4503-43bd-924e-0e7d283c4bf3/opts
Jul 15 15:05:56 gtw01 dnsmasq[17160]: read /var/lib/neutron/dhcp/6e27b216-4503-43bd-924e-0e7d283c4bf3/addn_hosts - 6 addresses
Jul 15 15:05:56 gtw01 dnsmasq-dhcp[17160]: read /var/lib/neutron/dhcp/6e27b216-4503-43bd-924e-0e7d283c4bf3/host
Jul 15 15:05:56 gtw01 dnsmasq-dhcp[17160]: read /var/lib/neutron/dhcp/6e27b216-4503-43bd-924e-0e7d283c4bf3/opts
Jul 15 15:05:57 gtw01 dnsmasq[17160]: read /var/lib/neutron/dhcp/6e27b216-4503-43bd-924e-0e7d283c4bf3/addn_hosts - 6 addresses
Jul 15 15:05:57 gtw01 dnsmasq-dhcp[17160]: read /var/lib/neutron/dhcp/6e27b216-4503-43bd-924e-0e7d283c4bf3/host
Jul 15 15:05:57 gtw01 dnsmasq-dhcp[17160]: read /var/lib/neutron/dhcp/6e27b216-4503-43bd-924e-0e7d283c4bf3/opts
Jul 15 15:05:58 gtw01 dnsmasq[17160]: read /var/lib/neutron/dhcp/6e27b216-4503-43bd-924e-0e7d283c4bf3/addn_hosts - 6 addresses
Jul 15 15:05:58 gtw01 dnsmasq-dhcp[17160]: read /var/lib/neutron/dhcp/6e27b216-4503-43bd-924e-0e7d283c4bf3/host
Jul 15 15:05:58 gtw01 dnsmasq-dhcp[17160]: read /var/lib/neutron/dhcp/6e27b216-4503-43bd-924e-0e7d283c4bf3/opts
Jul 15 15:05:58 gtw01 dnsmasq[17160]: read /var/lib/neutron/dhcp/6e27b216-4503-43bd-924e-0e7d283c4bf3/addn_hosts - 5 addresses
Jul 15 15:05:58 gtw01 dnsmasq-dhcp[17160]: read /var/lib/neutron/dhcp/6e27b216-4503-43bd-924e-0e7d283c4bf3/host
Jul 15 15:05:58 gtw01 dnsmasq-dhcp[17160]: read /var/lib/neutron/dhcp/6e27b216-4503-43bd-924e-0e7d283c4bf3/opts
Jul 15 15:05:59 gtw01 dnsmasq[17160]: read /var/lib/neutron/dhcp/6e27b216-4503-43bd-924e-0e7d283c4bf3/addn_hosts - 6 addresses
Jul 15 15:05:59 gtw01 dnsmasq-dhcp[17160]: read /var/lib/neutron/dhcp/6e27b216-4503-43bd-924e-0e7d283c4bf3/host
Jul 15 15:05:59 gtw01 dnsmasq-dhcp[17160]: read /var/lib/neutron/dhcp/6e27b216-4503-43bd-924e-0e7d283c4bf3/opts
Jul 15 15:06:01 gtw01 dnsmasq[17160]: read /var/lib/neutron/dhcp/6e27b216-4503-43bd-924e-0e7d283c4bf3/addn_hosts - 6 addresses
Jul 15 15:06:01 gtw01 dnsmasq-dhcp[17160]: read /var/lib/neutron/dhcp/6e27b216-4503-43bd-924e-0e7d283c4bf3/host
Jul 15 15:06:01 gtw01 dnsmasq-dhcp[17160]: read /var/lib/neutron/dhcp/6e27b216-4503-43bd-924e-0e7d283c4bf3/opts
Jul 15 15:06:02 gtw01 dnsmasq[17160]: read /var/lib/neutron/dhcp/6e27b216-4503-43bd-924e-0e7d283c4bf3/addn_hosts - 6 addresses
Jul 15 15:06:02 gtw01 dnsmasq-dhcp[17160]: read /var/lib/neutron/dhcp/6e27b216-4503-43bd-924e-0e7d283c4bf3/host
Jul 15 15:06:02 gtw01 dnsmasq-dhcp[17160]: read /var/lib/neutron/dhcp/6e27b216-4503-43bd-924e-0e7d283c4bf3/opts
Jul 15 15:06:02 gtw01 dnsmasq-dhcp[7369]: DHCPRELEASE(tap2be36376-cd) 192.168.120.3 fa:16:3e:60:49:f3
Jul 15 15:06:03 gtw01 dnsmasq[17160]: read /var/lib/neutron/dhcp/6e27b216-4503-43bd-924e-0e7d283c4bf3/addn_hosts - 5 addresses
Jul 15 15:06:03 gtw01 dnsmasq-dhcp[17160]: read /var/lib/neutron/dhcp/6e27b216-4503-43bd-924e-0e7d283c4bf3/host
Jul 15 15:06:03 gtw01 dnsmasq-dhcp[17160]: read /var/lib/neutron/dhcp/6e27b216-4503-43bd-924e-0e7d283c4bf3/opts
Jul 15 15:06:07 gtw01 dnsmasq[17160]: read /var/lib/neutron/dhcp/6e27b216-4503-43bd-924e-0e7d283c4bf3/addn_hosts - 4 addresses
Jul 15 15:06:07 gtw01 dnsmasq-dhcp[17160]: read /var/lib/neutron/dhcp/6e27b216-4503-43bd-924e-0e7d283c4bf3/host
Jul 15 15:06:07 gtw01 dnsmasq-dhcp[17160]: read /var/lib/neutron/dhcp/6e27b216-4503-43bd-924e-0e7d283c4bf3/opts
Jul 15 15:06:08 gtw01 dnsmasq[17160]: read /var/lib/neutron/dhcp/6e27b216-4503-43bd-924e-0e7d283c4bf3/addn_hosts - 3 addresses
Jul 15 15:06:08 gtw01 dnsmasq-dhcp[17160]: read /var/lib/neutron/dhcp/6e27b216-4503-43bd-924e-0e7d283c4bf3/host
Jul 15 15:06:08 gtw01 dnsmasq-dhcp[17160]: read /var/lib/neutron/dhcp/6e27b216-4503-43bd-924e-0e7d283c4bf3/opts
Jul 15 15:06:15 gtw01 dnsmasq-dhcp[17160]: DHCPDISCOVER(tap3e35a4ac-07) fa:16:3e:24:4b:00
Jul 15 15:06:15 gtw01 dnsmasq-dhcp[17160]: DHCPOFFER(tap3e35a4ac-07) 192.168.120.5 fa:16:3e:24:4b:00
Jul 15 15:06:15 gtw01 dnsmasq-dhcp[17160]: DHCPREQUEST(tap3e35a4ac-07) 192.168.120.5 fa:16:3e:24:4b:00
Jul 15 15:06:15 gtw01 dnsmasq-dhcp[17160]: DHCPACK(tap3e35a4ac-07) 192.168.120.5 fa:16:3e:24:4b:00 host-192-168-120-5
Jul 15 15:06:16 gtw01 dnsmasq[17160]: read /var/lib/neutron/dhcp/6e27b216-4503-43bd-924e-0e7d283c4bf3/addn_hosts - 4 addresses
Jul 15 15:06:16 gtw01 dnsmasq-dhcp[17160]: read /var/lib/neutron/dhcp/6e27b216-4503-43bd-924e-0e7d283c4bf3/host
Jul 15 15:06:16 gtw01 dnsmasq-dhcp[17160]: read /var/lib/neutron/dhcp/6e27b216-4503-43bd-924e-0e7d283c4bf3/opts
Jul 15 15:06:17 gtw01 dnsmasq[17160]: read /var/lib/neutron/dhcp/6e27b216-4503-43bd-924e-0e7d283c4bf3/addn_hosts - 5 addresses
Jul 15 15:06:17 gtw01 dnsmasq-dhcp[17160]: read /var/lib/neutron/dhcp/6e27b216-4503-43bd-924e-0e7d283c4bf3/host
Jul 15 15:06:17 gtw01 dnsmasq-dhcp[17160]: read /var/lib/neutron/dhcp/6e27b216-4503-43bd-924e-0e7d283c4bf3/opts
Jul 15 15:06:18 gtw01 dnsmasq-dhcp[7369]: DHCPDISCOVER(tap2be36376-cd) fa:16:3e:60:49:f3
Jul 15 15:06:18 gtw01 dnsmasq-dhcp[7369]: DHCPOFFER(tap2be36376-cd) 192.168.120.3 fa:16:3e:60:49:f3
Jul 15 15:06:18 gtw01 dnsmasq-dhcp[7369]: DHCPREQUEST(tap2be36376-cd) 192.168.120.3 fa:16:3e:60:49:f3
Jul 15 15:06:18 gtw01 dnsmasq-dhcp[7369]: DHCPACK(tap2be36376-cd) 192.168.120.3 fa:16:3e:60:49:f3 host-192-168-120-3
Jul 15 15:06:18 gtw01 dnsmasq[17160]: read /var/lib/neutron/dhcp/6e27b216-4503-43bd-924e-0e7d283c4bf3/addn_hosts - 5 addresses
Jul 15 15:06:18 gtw01 dnsmasq-dhcp[17160]: read /var/lib/neutron/dhcp/6e27b216-4503-43bd-924e-0e7d283c4bf3/host
Jul 15 15:06:18 gtw01 dnsmasq-dhcp[17160]: read /var/lib/neutron/dhcp/6e27b216-4503-43bd-924e-0e7d283c4bf3/opts
Jul 15 15:06:19 gtw01 dnsmasq[17160]: read /var/lib/neutron/dhcp/6e27b216-4503-43bd-924e-0e7d283c4bf3/addn_hosts - 5 addresses
Jul 15 15:06:19 gtw01 dnsmasq-dhcp[17160]: read /var/lib/neutron/dhcp/6e27b216-4503-43bd-924e-0e7d283c4bf3/host
Jul 15 15:06:19 gtw01 dnsmasq-dhcp[17160]: read /var/lib/neutron/dhcp/6e27b216-4503-43bd-924e-0e7d283c4bf3/opts
Jul 15 15:06:20 gtw01 dnsmasq[17160]: read /var/lib/neutron/dhcp/6e27b216-4503-43bd-924e-0e7d283c4bf3/addn_hosts - 5 addresses
Jul 15 15:06:20 gtw01 dnsmasq-dhcp[17160]: read /var/lib/neutron/dhcp/6e27b216-4503-43bd-924e-0e7d283c4bf3/host
Jul 15 15:06:20 gtw01 dnsmasq-dhcp[17160]: read /var/lib/neutron/dhcp/6e27b216-4503-43bd-924e-0e7d283c4bf3/opts
Jul 15 15:06:21 gtw01 dnsmasq[17160]: read /var/lib/neutron/dhcp/6e27b216-4503-43bd-924e-0e7d283c4bf3/addn_hosts - 5 addresses
Jul 15 15:06:21 gtw01 dnsmasq-dhcp[17160]: read /var/lib/neutron/dhcp/6e27b216-4503-43bd-924e-0e7d283c4bf3/host
Jul 15 15:06:21 gtw01 dnsmasq-dhcp[17160]: read /var/lib/neutron/dhcp/6e27b216-4503-43bd-924e-0e7d283c4bf3/opts
Jul 15 15:06:25 gtw01 dnsmasq-dhcp[7369]: DHCPRELEASE(tap2be36376-cd) 192.168.120.3 fa:16:3e:60:49:f3
Jul 15 15:06:27 gtw01 dnsmasq[17160]: read /var/lib/neutron/dhcp/6e27b216-4503-43bd-924e-0e7d283c4bf3/addn_hosts - 4 addresses
Jul 15 15:06:27 gtw01 dnsmasq-dhcp[17160]: read /var/lib/neutron/dhcp/6e27b216-4503-43bd-924e-0e7d283c4bf3/host
Jul 15 15:06:27 gtw01 dnsmasq-dhcp[17160]: read /var/lib/neutron/dhcp/6e27b216-4503-43bd-924e-0e7d283c4bf3/opts
Jul 15 15:06:28 gtw01 dnsmasq[17160]: read /var/lib/neutron/dhcp/6e27b216-4503-43bd-924e-0e7d283c4bf3/addn_hosts - 3 addresses
Jul 15 15:06:28 gtw01 dnsmasq-dhcp[17160]: read /var/lib/neutron/dhcp/6e27b216-4503-43bd-924e-0e7d283c4bf3/host
Jul 15 15:06:28 gtw01 dnsmasq-dhcp[17160]: read /var/lib/neutron/dhcp/6e27b216-4503-43bd-924e-0e7d283c4bf3/opts
Jul 15 15:06:31 gtw01 dnsmasq[17160]: read /var/lib/neutron/dhcp/6e27b216-4503-43bd-924e-0e7d283c4bf3/addn_hosts - 4 addresses
Jul 15 15:06:31 gtw01 dnsmasq-dhcp[17160]: read /var/lib/neutron/dhcp/6e27b216-4503-43bd-924e-0e7d283c4bf3/host
Jul 15 15:06:31 gtw01 dnsmasq-dhcp[17160]: read /var/lib/neutron/dhcp/6e27b216-4503-43bd-924e-0e7d283c4bf3/opts
Jul 15 15:06:31 gtw01 dnsmasq[17160]: read /var/lib/neutron/dhcp/6e27b216-4503-43bd-924e-0e7d283c4bf3/addn_hosts - 5 addresses
Jul 15 15:06:31 gtw01 dnsmasq-dhcp[17160]: read /var/lib/neutron/dhcp/6e27b216-4503-43bd-924e-0e7d283c4bf3/host
Jul 15 15:06:31 gtw01 dnsmasq-dhcp[17160]: read /var/lib/neutron/dhcp/6e27b216-4503-43bd-924e-0e7d283c4bf3/opts
Jul 15 15:06:32 gtw01 dnsmasq[17160]: read /var/lib/neutron/dhcp/6e27b216-4503-43bd-924e-0e7d283c4bf3/addn_hosts - 5 addresses
Jul 15 15:06:32 gtw01 dnsmasq-dhcp[17160]: read /var/lib/neutron/dhcp/6e27b216-4503-43bd-924e-0e7d283c4bf3/host
Jul 15 15:06:32 gtw01 dnsmasq-dhcp[17160]: read /var/lib/neutron/dhcp/6e27b216-4503-43bd-924e-0e7d283c4bf3/opts
Jul 15 15:06:33 gtw01 dnsmasq[17160]: read /var/lib/neutron/dhcp/6e27b216-4503-43bd-924e-0e7d283c4bf3/addn_hosts - 5 addresses
Jul 15 15:06:33 gtw01 dnsmasq-dhcp[17160]: read /var/lib/neutron/dhcp/6e27b216-4503-43bd-924e-0e7d283c4bf3/host
Jul 15 15:06:33 gtw01 dnsmasq-dhcp[17160]: read /var/lib/neutron/dhcp/6e27b216-4503-43bd-924e-0e7d283c4bf3/opts
Jul 15 15:06:34 gtw01 dnsmasq[17160]: read /var/lib/neutron/dhcp/6e27b216-4503-43bd-924e-0e7d283c4bf3/addn_hosts - 5 addresses
Jul 15 15:06:34 gtw01 dnsmasq-dhcp[17160]: read /var/lib/neutron/dhcp/6e27b216-4503-43bd-924e-0e7d283c4bf3/host
Jul 15 15:06:34 gtw01 dnsmasq-dhcp[17160]: read /var/lib/neutron/dhcp/6e27b216-4503-43bd-924e-0e7d283c4bf3/opts
Jul 15 15:06:35 gtw01 dnsmasq[17160]: read /var/lib/neutron/dhcp/6e27b216-4503-43bd-924e-0e7d283c4bf3/addn_hosts - 5 addresses
Jul 15 15:06:35 gtw01 dnsmasq-dhcp[17160]: read /var/lib/neutron/dhcp/6e27b216-4503-43bd-924e-0e7d283c4bf3/host
Jul 15 15:06:35 gtw01 dnsmasq-dhcp[17160]: read /var/lib/neutron/dhcp/6e27b216-4503-43bd-924e-0e7d283c4bf3/opts
Jul 15 15:06:40 gtw01 dnsmasq[17160]: read /var/lib/neutron/dhcp/6e27b216-4503-43bd-924e-0e7d283c4bf3/addn_hosts - 4 addresses
Jul 15 15:06:40 gtw01 dnsmasq-dhcp[17160]: read /var/lib/neutron/dhcp/6e27b216-4503-43bd-924e-0e7d283c4bf3/host
Jul 15 15:06:40 gtw01 dnsmasq-dhcp[17160]: read /var/lib/neutron/dhcp/6e27b216-4503-43bd-924e-0e7d283c4bf3/opts
Jul 15 15:06:41 gtw01 dnsmasq-dhcp[17160]: DHCPRELEASE(tap3e35a4ac-07) 192.168.120.5 fa:16:3e:24:4b:00
Jul 15 15:06:41 gtw01 dnsmasq[17160]: read /var/lib/neutron/dhcp/6e27b216-4503-43bd-924e-0e7d283c4bf3/addn_hosts - 3 addresses
Jul 15 15:06:41 gtw01 dnsmasq-dhcp[17160]: read /var/lib/neutron/dhcp/6e27b216-4503-43bd-924e-0e7d283c4bf3/host
Jul 15 15:06:41 gtw01 dnsmasq-dhcp[17160]: read /var/lib/neutron/dhcp/6e27b216-4503-43bd-924e-0e7d283c4bf3/opts
Jul 15 15:06:43 gtw01 dnsmasq-dhcp[7369]: DHCPDISCOVER(tap2be36376-cd) fa:16:3e:60:49:f3
Jul 15 15:06:43 gtw01 dnsmasq-dhcp[7369]: DHCPOFFER(tap2be36376-cd) 192.168.120.3 fa:16:3e:60:49:f3
Jul 15 15:06:43 gtw01 dnsmasq-dhcp[7369]: DHCPREQUEST(tap2be36376-cd) 192.168.120.3 fa:16:3e:60:49:f3
Jul 15 15:06:43 gtw01 dnsmasq-dhcp[7369]: DHCPACK(tap2be36376-cd) 192.168.120.3 fa:16:3e:60:49:f3 host-192-168-120-3
Jul 15 15:06:45 gtw01 dnsmasq[17160]: read /var/lib/neutron/dhcp/6e27b216-4503-43bd-924e-0e7d283c4bf3/addn_hosts - 3 addresses
Jul 15 15:06:45 gtw01 dnsmasq-dhcp[17160]: read /var/lib/neutron/dhcp/6e27b216-4503-43bd-924e-0e7d283c4bf3/host
Jul 15 15:06:45 gtw01 dnsmasq-dhcp[17160]: read /var/lib/neutron/dhcp/6e27b216-4503-43bd-924e-0e7d283c4bf3/opts
Jul 15 15:06:46 gtw01 dnsmasq[17160]: read /var/lib/neutron/dhcp/6e27b216-4503-43bd-924e-0e7d283c4bf3/addn_hosts - 3 addresses
Jul 15 15:06:46 gtw01 dnsmasq-dhcp[17160]: read /var/lib/neutron/dhcp/6e27b216-4503-43bd-924e-0e7d283c4bf3/host
Jul 15 15:06:46 gtw01 dnsmasq-dhcp[17160]: read /var/lib/neutron/dhcp/6e27b216-4503-43bd-924e-0e7d283c4bf3/opts
Jul 15 15:06:53 gtw01 dnsmasq[17160]: read /var/lib/neutron/dhcp/6e27b216-4503-43bd-924e-0e7d283c4bf3/addn_hosts - 2 addresses
Jul 15 15:06:53 gtw01 dnsmasq-dhcp[17160]: read /var/lib/neutron/dhcp/6e27b216-4503-43bd-924e-0e7d283c4bf3/host
Jul 15 15:06:53 gtw01 dnsmasq-dhcp[17160]: read /var/lib/neutron/dhcp/6e27b216-4503-43bd-924e-0e7d283c4bf3/opts
Jul 15 15:06:55 gtw01 dnsmasq-dhcp[7369]: DHCPRELEASE(tap2be36376-cd) 192.168.120.3 fa:16:3e:60:49:f3
Jul 15 15:06:57 gtw01 dnsmasq[17160]: read /var/lib/neutron/dhcp/6e27b216-4503-43bd-924e-0e7d283c4bf3/addn_hosts - 3 addresses
Jul 15 15:06:57 gtw01 dnsmasq-dhcp[17160]: read /var/lib/neutron/dhcp/6e27b216-4503-43bd-924e-0e7d283c4bf3/host
Jul 15 15:06:57 gtw01 dnsmasq-dhcp[17160]: read /var/lib/neutron/dhcp/6e27b216-4503-43bd-924e-0e7d283c4bf3/opts
Jul 15 15:06:58 gtw01 dnsmasq[17160]: read /var/lib/neutron/dhcp/6e27b216-4503-43bd-924e-0e7d283c4bf3/addn_hosts - 3 addresses
Jul 15 15:06:58 gtw01 dnsmasq-dhcp[17160]: read /var/lib/neutron/dhcp/6e27b216-4503-43bd-924e-0e7d283c4bf3/host
Jul 15 15:06:58 gtw01 dnsmasq-dhcp[17160]: read /var/lib/neutron/dhcp/6e27b216-4503-43bd-924e-0e7d283c4bf3/opts
Jul 15 15:06:58 gtw01 dnsmasq[17160]: read /var/lib/neutron/dhcp/6e27b216-4503-43bd-924e-0e7d283c4bf3/addn_hosts - 3 addresses
Jul 15 15:06:58 gtw01 dnsmasq-dhcp[17160]: read /var/lib/neutron/dhcp/6e27b216-4503-43bd-924e-0e7d283c4bf3/host
Jul 15 15:06:58 gtw01 dnsmasq-dhcp[17160]: read /var/lib/neutron/dhcp/6e27b216-4503-43bd-924e-0e7d283c4bf3/opts
Jul 15 15:07:00 gtw01 salt-minion[6541]: [INFO    ] Running scheduled job: __mine_interval
Jul 15 15:07:07 gtw01 dnsmasq[17160]: read /var/lib/neutron/dhcp/6e27b216-4503-43bd-924e-0e7d283c4bf3/addn_hosts - 2 addresses
Jul 15 15:07:07 gtw01 dnsmasq-dhcp[17160]: read /var/lib/neutron/dhcp/6e27b216-4503-43bd-924e-0e7d283c4bf3/host
Jul 15 15:07:07 gtw01 dnsmasq-dhcp[17160]: read /var/lib/neutron/dhcp/6e27b216-4503-43bd-924e-0e7d283c4bf3/opts
Jul 15 15:07:18 gtw01 dnsmasq-dhcp[7369]: DHCPDISCOVER(tap2be36376-cd) fa:16:3e:60:49:f3
Jul 15 15:07:18 gtw01 dnsmasq-dhcp[7369]: DHCPOFFER(tap2be36376-cd) 192.168.120.3 fa:16:3e:60:49:f3
Jul 15 15:07:18 gtw01 dnsmasq-dhcp[7369]: DHCPREQUEST(tap2be36376-cd) 192.168.120.3 fa:16:3e:60:49:f3
Jul 15 15:07:18 gtw01 dnsmasq-dhcp[7369]: DHCPACK(tap2be36376-cd) 192.168.120.3 fa:16:3e:60:49:f3 host-192-168-120-3
Jul 15 15:07:21 gtw01 dnsmasq[17160]: read /var/lib/neutron/dhcp/6e27b216-4503-43bd-924e-0e7d283c4bf3/addn_hosts - 3 addresses
Jul 15 15:07:21 gtw01 dnsmasq-dhcp[17160]: read /var/lib/neutron/dhcp/6e27b216-4503-43bd-924e-0e7d283c4bf3/host
Jul 15 15:07:21 gtw01 dnsmasq-dhcp[17160]: read /var/lib/neutron/dhcp/6e27b216-4503-43bd-924e-0e7d283c4bf3/opts
Jul 15 15:07:22 gtw01 dnsmasq[17160]: read /var/lib/neutron/dhcp/6e27b216-4503-43bd-924e-0e7d283c4bf3/addn_hosts - 3 addresses
Jul 15 15:07:22 gtw01 dnsmasq-dhcp[17160]: read /var/lib/neutron/dhcp/6e27b216-4503-43bd-924e-0e7d283c4bf3/host
Jul 15 15:07:22 gtw01 dnsmasq-dhcp[17160]: read /var/lib/neutron/dhcp/6e27b216-4503-43bd-924e-0e7d283c4bf3/opts
Jul 15 15:07:23 gtw01 dnsmasq[17160]: read /var/lib/neutron/dhcp/6e27b216-4503-43bd-924e-0e7d283c4bf3/addn_hosts - 3 addresses
Jul 15 15:07:23 gtw01 dnsmasq-dhcp[17160]: read /var/lib/neutron/dhcp/6e27b216-4503-43bd-924e-0e7d283c4bf3/host
Jul 15 15:07:23 gtw01 dnsmasq-dhcp[17160]: read /var/lib/neutron/dhcp/6e27b216-4503-43bd-924e-0e7d283c4bf3/opts
Jul 15 15:07:28 gtw01 dnsmasq[17160]: read /var/lib/neutron/dhcp/6e27b216-4503-43bd-924e-0e7d283c4bf3/addn_hosts - 2 addresses
Jul 15 15:07:28 gtw01 dnsmasq-dhcp[17160]: read /var/lib/neutron/dhcp/6e27b216-4503-43bd-924e-0e7d283c4bf3/host
Jul 15 15:07:28 gtw01 dnsmasq-dhcp[17160]: read /var/lib/neutron/dhcp/6e27b216-4503-43bd-924e-0e7d283c4bf3/opts
Jul 15 15:07:30 gtw01 dnsmasq-dhcp[7369]: DHCPRELEASE(tap2be36376-cd) 192.168.120.3 fa:16:3e:60:49:f3
Jul 15 15:07:37 gtw01 dnsmasq[17160]: read /var/lib/neutron/dhcp/6e27b216-4503-43bd-924e-0e7d283c4bf3/addn_hosts - 3 addresses
Jul 15 15:07:37 gtw01 dnsmasq-dhcp[17160]: read /var/lib/neutron/dhcp/6e27b216-4503-43bd-924e-0e7d283c4bf3/host
Jul 15 15:07:37 gtw01 dnsmasq-dhcp[17160]: read /var/lib/neutron/dhcp/6e27b216-4503-43bd-924e-0e7d283c4bf3/opts
Jul 15 15:07:39 gtw01 dnsmasq[17160]: read /var/lib/neutron/dhcp/6e27b216-4503-43bd-924e-0e7d283c4bf3/addn_hosts - 3 addresses
Jul 15 15:07:39 gtw01 dnsmasq-dhcp[17160]: read /var/lib/neutron/dhcp/6e27b216-4503-43bd-924e-0e7d283c4bf3/host
Jul 15 15:07:39 gtw01 dnsmasq-dhcp[17160]: read /var/lib/neutron/dhcp/6e27b216-4503-43bd-924e-0e7d283c4bf3/opts
Jul 15 15:07:39 gtw01 dnsmasq[17160]: read /var/lib/neutron/dhcp/6e27b216-4503-43bd-924e-0e7d283c4bf3/addn_hosts - 4 addresses
Jul 15 15:07:39 gtw01 dnsmasq-dhcp[17160]: read /var/lib/neutron/dhcp/6e27b216-4503-43bd-924e-0e7d283c4bf3/host
Jul 15 15:07:39 gtw01 dnsmasq-dhcp[17160]: read /var/lib/neutron/dhcp/6e27b216-4503-43bd-924e-0e7d283c4bf3/opts
Jul 15 15:07:40 gtw01 dnsmasq[17160]: read /var/lib/neutron/dhcp/6e27b216-4503-43bd-924e-0e7d283c4bf3/addn_hosts - 4 addresses
Jul 15 15:07:40 gtw01 dnsmasq-dhcp[17160]: read /var/lib/neutron/dhcp/6e27b216-4503-43bd-924e-0e7d283c4bf3/host
Jul 15 15:07:40 gtw01 dnsmasq-dhcp[17160]: read /var/lib/neutron/dhcp/6e27b216-4503-43bd-924e-0e7d283c4bf3/opts
Jul 15 15:07:41 gtw01 dnsmasq[17160]: read /var/lib/neutron/dhcp/6e27b216-4503-43bd-924e-0e7d283c4bf3/addn_hosts - 4 addresses
Jul 15 15:07:41 gtw01 dnsmasq-dhcp[17160]: read /var/lib/neutron/dhcp/6e27b216-4503-43bd-924e-0e7d283c4bf3/host
Jul 15 15:07:41 gtw01 dnsmasq-dhcp[17160]: read /var/lib/neutron/dhcp/6e27b216-4503-43bd-924e-0e7d283c4bf3/opts
Jul 15 15:07:42 gtw01 dnsmasq[17160]: read /var/lib/neutron/dhcp/6e27b216-4503-43bd-924e-0e7d283c4bf3/addn_hosts - 4 addresses
Jul 15 15:07:42 gtw01 dnsmasq-dhcp[17160]: read /var/lib/neutron/dhcp/6e27b216-4503-43bd-924e-0e7d283c4bf3/host
Jul 15 15:07:42 gtw01 dnsmasq-dhcp[17160]: read /var/lib/neutron/dhcp/6e27b216-4503-43bd-924e-0e7d283c4bf3/opts
Jul 15 15:07:43 gtw01 dnsmasq[7369]: read /var/lib/neutron/dhcp/4d2cf358-9ed4-4d50-9f5b-21f62d10bb19/addn_hosts - 6 addresses
Jul 15 15:07:43 gtw01 dnsmasq-dhcp[7369]: read /var/lib/neutron/dhcp/4d2cf358-9ed4-4d50-9f5b-21f62d10bb19/host
Jul 15 15:07:43 gtw01 dnsmasq-dhcp[7369]: read /var/lib/neutron/dhcp/4d2cf358-9ed4-4d50-9f5b-21f62d10bb19/opts
Jul 15 15:07:44 gtw01 dnsmasq[7369]: read /var/lib/neutron/dhcp/4d2cf358-9ed4-4d50-9f5b-21f62d10bb19/addn_hosts - 6 addresses
Jul 15 15:07:44 gtw01 dnsmasq-dhcp[7369]: read /var/lib/neutron/dhcp/4d2cf358-9ed4-4d50-9f5b-21f62d10bb19/host
Jul 15 15:07:44 gtw01 dnsmasq-dhcp[7369]: read /var/lib/neutron/dhcp/4d2cf358-9ed4-4d50-9f5b-21f62d10bb19/opts
Jul 15 15:07:45 gtw01 dnsmasq[7369]: read /var/lib/neutron/dhcp/4d2cf358-9ed4-4d50-9f5b-21f62d10bb19/addn_hosts - 6 addresses
Jul 15 15:07:45 gtw01 dnsmasq-dhcp[7369]: read /var/lib/neutron/dhcp/4d2cf358-9ed4-4d50-9f5b-21f62d10bb19/host
Jul 15 15:07:45 gtw01 dnsmasq-dhcp[7369]: read /var/lib/neutron/dhcp/4d2cf358-9ed4-4d50-9f5b-21f62d10bb19/opts
Jul 15 15:07:48 gtw01 dnsmasq[17160]: read /var/lib/neutron/dhcp/6e27b216-4503-43bd-924e-0e7d283c4bf3/addn_hosts - 3 addresses
Jul 15 15:07:48 gtw01 dnsmasq-dhcp[17160]: read /var/lib/neutron/dhcp/6e27b216-4503-43bd-924e-0e7d283c4bf3/host
Jul 15 15:07:48 gtw01 dnsmasq-dhcp[17160]: read /var/lib/neutron/dhcp/6e27b216-4503-43bd-924e-0e7d283c4bf3/opts
Jul 15 15:07:49 gtw01 dnsmasq-dhcp[7369]: DHCPDISCOVER(tap2be36376-cd) fa:16:3e:60:49:f3
Jul 15 15:07:49 gtw01 dnsmasq-dhcp[7369]: DHCPOFFER(tap2be36376-cd) 192.168.120.3 fa:16:3e:60:49:f3
Jul 15 15:07:49 gtw01 dnsmasq-dhcp[7369]: DHCPREQUEST(tap2be36376-cd) 192.168.120.3 fa:16:3e:60:49:f3
Jul 15 15:07:49 gtw01 dnsmasq-dhcp[7369]: DHCPACK(tap2be36376-cd) 192.168.120.3 fa:16:3e:60:49:f3 host-192-168-120-3
Jul 15 15:07:50 gtw01 dnsmasq[7369]: read /var/lib/neutron/dhcp/4d2cf358-9ed4-4d50-9f5b-21f62d10bb19/addn_hosts - 6 addresses
Jul 15 15:07:50 gtw01 dnsmasq-dhcp[7369]: read /var/lib/neutron/dhcp/4d2cf358-9ed4-4d50-9f5b-21f62d10bb19/host
Jul 15 15:07:50 gtw01 dnsmasq-dhcp[7369]: read /var/lib/neutron/dhcp/4d2cf358-9ed4-4d50-9f5b-21f62d10bb19/opts
Jul 15 15:07:52 gtw01 dnsmasq[17160]: read /var/lib/neutron/dhcp/6e27b216-4503-43bd-924e-0e7d283c4bf3/addn_hosts - 2 addresses
Jul 15 15:07:52 gtw01 dnsmasq-dhcp[17160]: read /var/lib/neutron/dhcp/6e27b216-4503-43bd-924e-0e7d283c4bf3/host
Jul 15 15:07:52 gtw01 dnsmasq-dhcp[17160]: read /var/lib/neutron/dhcp/6e27b216-4503-43bd-924e-0e7d283c4bf3/opts
Jul 15 15:07:54 gtw01 dnsmasq-dhcp[7369]: DHCPRELEASE(tap2be36376-cd) 192.168.120.3 fa:16:3e:60:49:f3
Jul 15 15:07:58 gtw01 dnsmasq-dhcp[7369]: DHCPDISCOVER(tap2be36376-cd) fa:16:3e:85:48:ca
Jul 15 15:07:58 gtw01 dnsmasq-dhcp[7369]: DHCPOFFER(tap2be36376-cd) 192.168.120.13 fa:16:3e:85:48:ca
Jul 15 15:07:58 gtw01 dnsmasq-dhcp[7369]: DHCPREQUEST(tap2be36376-cd) 192.168.120.13 fa:16:3e:85:48:ca
Jul 15 15:07:58 gtw01 dnsmasq-dhcp[7369]: DHCPACK(tap2be36376-cd) 192.168.120.13 fa:16:3e:85:48:ca host-192-168-120-13
Jul 15 15:07:59 gtw01 dnsmasq[17160]: read /var/lib/neutron/dhcp/6e27b216-4503-43bd-924e-0e7d283c4bf3/addn_hosts - 3 addresses
Jul 15 15:07:59 gtw01 dnsmasq-dhcp[17160]: read /var/lib/neutron/dhcp/6e27b216-4503-43bd-924e-0e7d283c4bf3/host
Jul 15 15:07:59 gtw01 dnsmasq-dhcp[17160]: read /var/lib/neutron/dhcp/6e27b216-4503-43bd-924e-0e7d283c4bf3/opts
Jul 15 15:08:00 gtw01 dnsmasq[7369]: read /var/lib/neutron/dhcp/4d2cf358-9ed4-4d50-9f5b-21f62d10bb19/addn_hosts - 6 addresses
Jul 15 15:08:00 gtw01 dnsmasq-dhcp[7369]: read /var/lib/neutron/dhcp/4d2cf358-9ed4-4d50-9f5b-21f62d10bb19/host
Jul 15 15:08:00 gtw01 dnsmasq-dhcp[7369]: read /var/lib/neutron/dhcp/4d2cf358-9ed4-4d50-9f5b-21f62d10bb19/opts
Jul 15 15:08:01 gtw01 dnsmasq[7369]: read /var/lib/neutron/dhcp/4d2cf358-9ed4-4d50-9f5b-21f62d10bb19/addn_hosts - 6 addresses
Jul 15 15:08:01 gtw01 dnsmasq-dhcp[7369]: read /var/lib/neutron/dhcp/4d2cf358-9ed4-4d50-9f5b-21f62d10bb19/host
Jul 15 15:08:01 gtw01 dnsmasq-dhcp[7369]: read /var/lib/neutron/dhcp/4d2cf358-9ed4-4d50-9f5b-21f62d10bb19/opts
Jul 15 15:08:01 gtw01 dnsmasq[17160]: read /var/lib/neutron/dhcp/6e27b216-4503-43bd-924e-0e7d283c4bf3/addn_hosts - 3 addresses
Jul 15 15:08:01 gtw01 dnsmasq-dhcp[17160]: read /var/lib/neutron/dhcp/6e27b216-4503-43bd-924e-0e7d283c4bf3/host
Jul 15 15:08:01 gtw01 dnsmasq-dhcp[17160]: read /var/lib/neutron/dhcp/6e27b216-4503-43bd-924e-0e7d283c4bf3/opts
Jul 15 15:08:02 gtw01 dnsmasq[17160]: read /var/lib/neutron/dhcp/6e27b216-4503-43bd-924e-0e7d283c4bf3/addn_hosts - 4 addresses
Jul 15 15:08:02 gtw01 dnsmasq-dhcp[17160]: read /var/lib/neutron/dhcp/6e27b216-4503-43bd-924e-0e7d283c4bf3/host
Jul 15 15:08:02 gtw01 dnsmasq-dhcp[17160]: read /var/lib/neutron/dhcp/6e27b216-4503-43bd-924e-0e7d283c4bf3/opts
Jul 15 15:08:03 gtw01 dnsmasq[17160]: read /var/lib/neutron/dhcp/6e27b216-4503-43bd-924e-0e7d283c4bf3/addn_hosts - 4 addresses
Jul 15 15:08:03 gtw01 dnsmasq-dhcp[17160]: read /var/lib/neutron/dhcp/6e27b216-4503-43bd-924e-0e7d283c4bf3/host
Jul 15 15:08:03 gtw01 dnsmasq-dhcp[17160]: read /var/lib/neutron/dhcp/6e27b216-4503-43bd-924e-0e7d283c4bf3/opts
Jul 15 15:08:04 gtw01 dnsmasq[17160]: read /var/lib/neutron/dhcp/6e27b216-4503-43bd-924e-0e7d283c4bf3/addn_hosts - 4 addresses
Jul 15 15:08:04 gtw01 dnsmasq-dhcp[17160]: read /var/lib/neutron/dhcp/6e27b216-4503-43bd-924e-0e7d283c4bf3/host
Jul 15 15:08:04 gtw01 dnsmasq-dhcp[17160]: read /var/lib/neutron/dhcp/6e27b216-4503-43bd-924e-0e7d283c4bf3/opts
Jul 15 15:08:05 gtw01 dnsmasq[17160]: read /var/lib/neutron/dhcp/6e27b216-4503-43bd-924e-0e7d283c4bf3/addn_hosts - 4 addresses
Jul 15 15:08:05 gtw01 dnsmasq-dhcp[17160]: read /var/lib/neutron/dhcp/6e27b216-4503-43bd-924e-0e7d283c4bf3/host
Jul 15 15:08:05 gtw01 dnsmasq-dhcp[17160]: read /var/lib/neutron/dhcp/6e27b216-4503-43bd-924e-0e7d283c4bf3/opts
Jul 15 15:08:06 gtw01 kernel: [ 7388.252039] device qr-a75f9748-dd entered promiscuous mode
Jul 15 15:08:06 gtw01 systemd-udevd[11534]: Could not generate persistent MAC address for qr-a75f9748-dd: No such file or directory
Jul 15 15:08:07 gtw01 kernel: [ 7389.384264] device qg-82ad0526-15 entered promiscuous mode
Jul 15 15:08:07 gtw01 systemd-udevd[11634]: Could not generate persistent MAC address for qg-82ad0526-15: No such file or directory
Jul 15 15:08:10 gtw01 systemd-udevd[11827]: Could not generate persistent MAC address for qg-0d6a30c2-ff: No such file or directory
Jul 15 15:08:10 gtw01 kernel: [ 7392.311606] device qg-0d6a30c2-ff entered promiscuous mode
Jul 15 15:08:12 gtw01 dnsmasq[7369]: read /var/lib/neutron/dhcp/4d2cf358-9ed4-4d50-9f5b-21f62d10bb19/addn_hosts - 5 addresses
Jul 15 15:08:12 gtw01 dnsmasq-dhcp[7369]: read /var/lib/neutron/dhcp/4d2cf358-9ed4-4d50-9f5b-21f62d10bb19/host
Jul 15 15:08:12 gtw01 dnsmasq-dhcp[7369]: read /var/lib/neutron/dhcp/4d2cf358-9ed4-4d50-9f5b-21f62d10bb19/opts
Jul 15 15:08:15 gtw01 haproxy-metadata-proxy-07ea6688-b7f5-4467-aeed-7adc135334ec[12134]: Proxy listener started.
Jul 15 15:08:17 gtw01 haproxy-metadata-proxy-6a852b21-2f3e-4b92-a998-a43c8ff8ee81[12252]: Proxy listener started.
Jul 15 15:08:18 gtw01 dnsmasq-dhcp[17160]: DHCPDISCOVER(tap3e35a4ac-07) fa:16:3e:b0:c0:c5
Jul 15 15:08:18 gtw01 dnsmasq-dhcp[17160]: DHCPOFFER(tap3e35a4ac-07) 192.168.120.17 fa:16:3e:b0:c0:c5
Jul 15 15:08:18 gtw01 dnsmasq-dhcp[17160]: DHCPREQUEST(tap3e35a4ac-07) 192.168.120.17 fa:16:3e:b0:c0:c5
Jul 15 15:08:18 gtw01 dnsmasq-dhcp[17160]: DHCPACK(tap3e35a4ac-07) 192.168.120.17 fa:16:3e:b0:c0:c5 host-192-168-120-17
Jul 15 15:08:18 gtw01 haproxy-metadata-proxy-af7c3c60-00d2-43dc-9b54-0fa982e29342[12269]: Proxy listener started.
Jul 15 15:08:18 gtw01 dnsmasq[7369]: read /var/lib/neutron/dhcp/4d2cf358-9ed4-4d50-9f5b-21f62d10bb19/addn_hosts - 6 addresses
Jul 15 15:08:18 gtw01 dnsmasq-dhcp[7369]: read /var/lib/neutron/dhcp/4d2cf358-9ed4-4d50-9f5b-21f62d10bb19/host
Jul 15 15:08:18 gtw01 dnsmasq-dhcp[7369]: read /var/lib/neutron/dhcp/4d2cf358-9ed4-4d50-9f5b-21f62d10bb19/opts
Jul 15 15:08:19 gtw01 kernel: [ 7400.669035] device qg-0d6a30c2-ff left promiscuous mode
Jul 15 15:08:20 gtw01 dnsmasq-dhcp[17160]: DHCPDISCOVER(tap3e35a4ac-07) fa:16:3e:47:71:21
Jul 15 15:08:20 gtw01 dnsmasq-dhcp[17160]: DHCPOFFER(tap3e35a4ac-07) 192.168.120.3 fa:16:3e:47:71:21
Jul 15 15:08:20 gtw01 dnsmasq-dhcp[17160]: DHCPREQUEST(tap3e35a4ac-07) 192.168.120.3 fa:16:3e:47:71:21
Jul 15 15:08:20 gtw01 dnsmasq-dhcp[17160]: DHCPACK(tap3e35a4ac-07) 192.168.120.3 fa:16:3e:47:71:21 host-192-168-120-3
Jul 15 15:08:20 gtw01 dnsmasq[7369]: read /var/lib/neutron/dhcp/4d2cf358-9ed4-4d50-9f5b-21f62d10bb19/addn_hosts - 6 addresses
Jul 15 15:08:20 gtw01 dnsmasq-dhcp[7369]: read /var/lib/neutron/dhcp/4d2cf358-9ed4-4d50-9f5b-21f62d10bb19/host
Jul 15 15:08:20 gtw01 dnsmasq-dhcp[7369]: read /var/lib/neutron/dhcp/4d2cf358-9ed4-4d50-9f5b-21f62d10bb19/opts
Jul 15 15:08:21 gtw01 dnsmasq[7369]: read /var/lib/neutron/dhcp/4d2cf358-9ed4-4d50-9f5b-21f62d10bb19/addn_hosts - 6 addresses
Jul 15 15:08:21 gtw01 dnsmasq-dhcp[7369]: read /var/lib/neutron/dhcp/4d2cf358-9ed4-4d50-9f5b-21f62d10bb19/host
Jul 15 15:08:21 gtw01 dnsmasq-dhcp[7369]: read /var/lib/neutron/dhcp/4d2cf358-9ed4-4d50-9f5b-21f62d10bb19/opts
Jul 15 15:08:21 gtw01 dnsmasq-dhcp[17160]: DHCPRELEASE(tap3e35a4ac-07) 192.168.120.3 fa:16:3e:47:71:21
Jul 15 15:08:35 gtw01 dnsmasq-dhcp[7369]: DHCPDISCOVER(tap2be36376-cd) fa:16:3e:ca:6c:3b
Jul 15 15:08:35 gtw01 dnsmasq-dhcp[7369]: DHCPOFFER(tap2be36376-cd) 192.168.120.10 fa:16:3e:ca:6c:3b
Jul 15 15:08:35 gtw01 dnsmasq-dhcp[7369]: DHCPREQUEST(tap2be36376-cd) 192.168.120.10 fa:16:3e:ca:6c:3b
Jul 15 15:08:35 gtw01 dnsmasq-dhcp[7369]: DHCPACK(tap2be36376-cd) 192.168.120.10 fa:16:3e:ca:6c:3b host-192-168-120-10
Jul 15 15:08:37 gtw01 dnsmasq-dhcp[7369]: DHCPRELEASE(tap2be36376-cd) 192.168.120.10 fa:16:3e:ca:6c:3b
Jul 15 15:08:39 gtw01 dnsmasq[17160]: read /var/lib/neutron/dhcp/6e27b216-4503-43bd-924e-0e7d283c4bf3/addn_hosts - 3 addresses
Jul 15 15:08:39 gtw01 dnsmasq-dhcp[17160]: read /var/lib/neutron/dhcp/6e27b216-4503-43bd-924e-0e7d283c4bf3/host
Jul 15 15:08:39 gtw01 dnsmasq-dhcp[17160]: read /var/lib/neutron/dhcp/6e27b216-4503-43bd-924e-0e7d283c4bf3/opts
Jul 15 15:08:42 gtw01 dnsmasq-dhcp[17160]: DHCPRELEASE(tap3e35a4ac-07) 192.168.120.17 fa:16:3e:b0:c0:c5
Jul 15 15:08:43 gtw01 dnsmasq-dhcp[17160]: DHCPRELEASE(tap3e35a4ac-07) 192.168.120.17 fa:16:3e:b0:c0:c5 unknown lease
Jul 15 15:08:43 gtw01 dnsmasq[17160]: read /var/lib/neutron/dhcp/6e27b216-4503-43bd-924e-0e7d283c4bf3/addn_hosts - 2 addresses
Jul 15 15:08:43 gtw01 dnsmasq-dhcp[17160]: read /var/lib/neutron/dhcp/6e27b216-4503-43bd-924e-0e7d283c4bf3/host
Jul 15 15:08:43 gtw01 dnsmasq-dhcp[17160]: read /var/lib/neutron/dhcp/6e27b216-4503-43bd-924e-0e7d283c4bf3/opts
Jul 15 15:08:52 gtw01 dnsmasq[17160]: read /var/lib/neutron/dhcp/6e27b216-4503-43bd-924e-0e7d283c4bf3/addn_hosts - 3 addresses
Jul 15 15:08:52 gtw01 dnsmasq-dhcp[17160]: read /var/lib/neutron/dhcp/6e27b216-4503-43bd-924e-0e7d283c4bf3/host
Jul 15 15:08:52 gtw01 dnsmasq-dhcp[17160]: read /var/lib/neutron/dhcp/6e27b216-4503-43bd-924e-0e7d283c4bf3/opts
Jul 15 15:08:53 gtw01 dnsmasq[17160]: read /var/lib/neutron/dhcp/6e27b216-4503-43bd-924e-0e7d283c4bf3/addn_hosts - 3 addresses
Jul 15 15:08:53 gtw01 dnsmasq-dhcp[17160]: read /var/lib/neutron/dhcp/6e27b216-4503-43bd-924e-0e7d283c4bf3/host
Jul 15 15:08:53 gtw01 dnsmasq-dhcp[17160]: read /var/lib/neutron/dhcp/6e27b216-4503-43bd-924e-0e7d283c4bf3/opts
Jul 15 15:08:54 gtw01 dnsmasq[17160]: read /var/lib/neutron/dhcp/6e27b216-4503-43bd-924e-0e7d283c4bf3/addn_hosts - 3 addresses
Jul 15 15:08:54 gtw01 dnsmasq-dhcp[17160]: read /var/lib/neutron/dhcp/6e27b216-4503-43bd-924e-0e7d283c4bf3/host
Jul 15 15:08:54 gtw01 dnsmasq-dhcp[17160]: read /var/lib/neutron/dhcp/6e27b216-4503-43bd-924e-0e7d283c4bf3/opts
Jul 15 15:08:57 gtw01 dnsmasq[7369]: read /var/lib/neutron/dhcp/4d2cf358-9ed4-4d50-9f5b-21f62d10bb19/addn_hosts - 5 addresses
Jul 15 15:08:57 gtw01 dnsmasq-dhcp[7369]: read /var/lib/neutron/dhcp/4d2cf358-9ed4-4d50-9f5b-21f62d10bb19/host
Jul 15 15:08:57 gtw01 dnsmasq-dhcp[7369]: read /var/lib/neutron/dhcp/4d2cf358-9ed4-4d50-9f5b-21f62d10bb19/opts
Jul 15 15:08:59 gtw01 kernel: [ 7441.045969] device qg-8eb285ee-17 entered promiscuous mode
Jul 15 15:08:59 gtw01 systemd-udevd[12727]: Could not generate persistent MAC address for qg-8eb285ee-17: No such file or directory
Jul 15 15:09:05 gtw01 dnsmasq[17160]: read /var/lib/neutron/dhcp/6e27b216-4503-43bd-924e-0e7d283c4bf3/addn_hosts - 4 addresses
Jul 15 15:09:05 gtw01 dnsmasq-dhcp[17160]: read /var/lib/neutron/dhcp/6e27b216-4503-43bd-924e-0e7d283c4bf3/host
Jul 15 15:09:05 gtw01 dnsmasq-dhcp[17160]: read /var/lib/neutron/dhcp/6e27b216-4503-43bd-924e-0e7d283c4bf3/opts
Jul 15 15:09:05 gtw01 haproxy-metadata-proxy-f0379a14-cc87-45fd-8e4e-e8c67345917e[13087]: Proxy listener started.
Jul 15 15:09:05 gtw01 haproxy-metadata-proxy-114b978c-59aa-4f74-84f3-37e4c08f8438[13105]: Proxy listener started.
Jul 15 15:09:06 gtw01 dnsmasq[7369]: read /var/lib/neutron/dhcp/4d2cf358-9ed4-4d50-9f5b-21f62d10bb19/addn_hosts - 6 addresses
Jul 15 15:09:06 gtw01 dnsmasq-dhcp[7369]: read /var/lib/neutron/dhcp/4d2cf358-9ed4-4d50-9f5b-21f62d10bb19/host
Jul 15 15:09:06 gtw01 dnsmasq-dhcp[7369]: read /var/lib/neutron/dhcp/4d2cf358-9ed4-4d50-9f5b-21f62d10bb19/opts
Jul 15 15:09:06 gtw01 kernel: [ 7448.504352] device qg-8eb285ee-17 left promiscuous mode
Jul 15 15:09:07 gtw01 dnsmasq[17160]: read /var/lib/neutron/dhcp/6e27b216-4503-43bd-924e-0e7d283c4bf3/addn_hosts - 4 addresses
Jul 15 15:09:07 gtw01 dnsmasq-dhcp[17160]: read /var/lib/neutron/dhcp/6e27b216-4503-43bd-924e-0e7d283c4bf3/host
Jul 15 15:09:07 gtw01 dnsmasq-dhcp[17160]: read /var/lib/neutron/dhcp/6e27b216-4503-43bd-924e-0e7d283c4bf3/opts
Jul 15 15:09:07 gtw01 dnsmasq-dhcp[17160]: DHCPDISCOVER(tap3e35a4ac-07) fa:16:3e:ad:a3:09
Jul 15 15:09:07 gtw01 dnsmasq-dhcp[17160]: DHCPOFFER(tap3e35a4ac-07) 192.168.120.7 fa:16:3e:ad:a3:09
Jul 15 15:09:07 gtw01 dnsmasq-dhcp[17160]: DHCPREQUEST(tap3e35a4ac-07) 192.168.120.7 fa:16:3e:ad:a3:09
Jul 15 15:09:07 gtw01 dnsmasq-dhcp[17160]: DHCPACK(tap3e35a4ac-07) 192.168.120.7 fa:16:3e:ad:a3:09 host-192-168-120-7
Jul 15 15:09:08 gtw01 dnsmasq[17160]: read /var/lib/neutron/dhcp/6e27b216-4503-43bd-924e-0e7d283c4bf3/addn_hosts - 4 addresses
Jul 15 15:09:08 gtw01 dnsmasq-dhcp[17160]: read /var/lib/neutron/dhcp/6e27b216-4503-43bd-924e-0e7d283c4bf3/host
Jul 15 15:09:08 gtw01 dnsmasq-dhcp[17160]: read /var/lib/neutron/dhcp/6e27b216-4503-43bd-924e-0e7d283c4bf3/opts
Jul 15 15:09:08 gtw01 dnsmasq[7369]: read /var/lib/neutron/dhcp/4d2cf358-9ed4-4d50-9f5b-21f62d10bb19/addn_hosts - 6 addresses
Jul 15 15:09:08 gtw01 dnsmasq-dhcp[7369]: read /var/lib/neutron/dhcp/4d2cf358-9ed4-4d50-9f5b-21f62d10bb19/host
Jul 15 15:09:08 gtw01 dnsmasq-dhcp[7369]: read /var/lib/neutron/dhcp/4d2cf358-9ed4-4d50-9f5b-21f62d10bb19/opts
Jul 15 15:09:09 gtw01 dnsmasq[7369]: read /var/lib/neutron/dhcp/4d2cf358-9ed4-4d50-9f5b-21f62d10bb19/addn_hosts - 6 addresses
Jul 15 15:09:09 gtw01 dnsmasq-dhcp[7369]: read /var/lib/neutron/dhcp/4d2cf358-9ed4-4d50-9f5b-21f62d10bb19/host
Jul 15 15:09:09 gtw01 dnsmasq-dhcp[7369]: read /var/lib/neutron/dhcp/4d2cf358-9ed4-4d50-9f5b-21f62d10bb19/opts
Jul 15 15:09:14 gtw01 dnsmasq[17160]: read /var/lib/neutron/dhcp/6e27b216-4503-43bd-924e-0e7d283c4bf3/addn_hosts - 3 addresses
Jul 15 15:09:14 gtw01 dnsmasq-dhcp[17160]: read /var/lib/neutron/dhcp/6e27b216-4503-43bd-924e-0e7d283c4bf3/host
Jul 15 15:09:14 gtw01 dnsmasq-dhcp[17160]: read /var/lib/neutron/dhcp/6e27b216-4503-43bd-924e-0e7d283c4bf3/opts
Jul 15 15:09:20 gtw01 dnsmasq[17160]: read /var/lib/neutron/dhcp/6e27b216-4503-43bd-924e-0e7d283c4bf3/addn_hosts - 4 addresses
Jul 15 15:09:20 gtw01 dnsmasq-dhcp[17160]: read /var/lib/neutron/dhcp/6e27b216-4503-43bd-924e-0e7d283c4bf3/host
