Jul 15 14:57:00 gtw01 dnsmasq-dhcp[17160]: DHCPRELEASE(tap3e35a4ac-07) 192.168.120.17 fa:16:3e:96:e4:4a unknown lease
Jul 15 14:57:01 gtw01 dnsmasq[17160]: read /var/lib/neutron/dhcp/6e27b216-4503-43bd-924e-0e7d283c4bf3/addn_hosts - 11 addresses
Jul 15 14:57:01 gtw01 dnsmasq-dhcp[17160]: read /var/lib/neutron/dhcp/6e27b216-4503-43bd-924e-0e7d283c4bf3/host
Jul 15 14:57:01 gtw01 dnsmasq-dhcp[17160]: read /var/lib/neutron/dhcp/6e27b216-4503-43bd-924e-0e7d283c4bf3/opts
Jul 15 14:57:03 gtw01 dnsmasq[17160]: read /var/lib/neutron/dhcp/6e27b216-4503-43bd-924e-0e7d283c4bf3/addn_hosts - 10 addresses
Jul 15 14:57:03 gtw01 dnsmasq-dhcp[17160]: read /var/lib/neutron/dhcp/6e27b216-4503-43bd-924e-0e7d283c4bf3/host
Jul 15 14:57:03 gtw01 dnsmasq-dhcp[17160]: read /var/lib/neutron/dhcp/6e27b216-4503-43bd-924e-0e7d283c4bf3/opts
Jul 15 14:57:04 gtw01 dnsmasq[17160]: read /var/lib/neutron/dhcp/6e27b216-4503-43bd-924e-0e7d283c4bf3/addn_hosts - 9 addresses
Jul 15 14:57:04 gtw01 dnsmasq-dhcp[17160]: read /var/lib/neutron/dhcp/6e27b216-4503-43bd-924e-0e7d283c4bf3/host
Jul 15 14:57:04 gtw01 dnsmasq-dhcp[17160]: read /var/lib/neutron/dhcp/6e27b216-4503-43bd-924e-0e7d283c4bf3/opts
Jul 15 14:57:06 gtw01 dnsmasq-dhcp[17160]: DHCPRELEASE(tap3e35a4ac-07) 192.168.120.29 fa:16:3e:9d:f7:78
Jul 15 14:57:06 gtw01 dnsmasq-dhcp[17160]: DHCPRELEASE(tap3e35a4ac-07) 192.168.120.29 fa:16:3e:9d:f7:78 unknown lease
Jul 15 14:57:07 gtw01 dnsmasq[17160]: read /var/lib/neutron/dhcp/6e27b216-4503-43bd-924e-0e7d283c4bf3/addn_hosts - 8 addresses
Jul 15 14:57:07 gtw01 dnsmasq-dhcp[17160]: read /var/lib/neutron/dhcp/6e27b216-4503-43bd-924e-0e7d283c4bf3/host
Jul 15 14:57:07 gtw01 dnsmasq-dhcp[17160]: read /var/lib/neutron/dhcp/6e27b216-4503-43bd-924e-0e7d283c4bf3/opts
Jul 15 14:57:08 gtw01 dnsmasq-dhcp[17160]: DHCPRELEASE(tap3e35a4ac-07) 192.168.120.7 fa:16:3e:1d:cb:85
Jul 15 14:57:08 gtw01 dnsmasq-dhcp[17160]: DHCPRELEASE(tap3e35a4ac-07) 192.168.120.7 fa:16:3e:1d:cb:85 unknown lease
Jul 15 14:57:09 gtw01 dnsmasq[17160]: read /var/lib/neutron/dhcp/6e27b216-4503-43bd-924e-0e7d283c4bf3/addn_hosts - 7 addresses
Jul 15 14:57:09 gtw01 dnsmasq-dhcp[17160]: read /var/lib/neutron/dhcp/6e27b216-4503-43bd-924e-0e7d283c4bf3/host
Jul 15 14:57:09 gtw01 dnsmasq-dhcp[17160]: read /var/lib/neutron/dhcp/6e27b216-4503-43bd-924e-0e7d283c4bf3/opts
Jul 15 14:57:10 gtw01 dnsmasq-dhcp[17160]: DHCPRELEASE(tap3e35a4ac-07) 192.168.120.24 fa:16:3e:62:28:fa
Jul 15 14:57:10 gtw01 dnsmasq-dhcp[17160]: DHCPRELEASE(tap3e35a4ac-07) 192.168.120.24 fa:16:3e:62:28:fa unknown lease
Jul 15 14:57:11 gtw01 dnsmasq-dhcp[17160]: DHCPDISCOVER(tap3e35a4ac-07) fa:16:3e:7a:86:0c
Jul 15 14:57:11 gtw01 dnsmasq-dhcp[17160]: DHCPOFFER(tap3e35a4ac-07) 192.168.120.4 fa:16:3e:7a:86:0c
Jul 15 14:57:11 gtw01 dnsmasq-dhcp[17160]: DHCPREQUEST(tap3e35a4ac-07) 192.168.120.4 fa:16:3e:7a:86:0c
Jul 15 14:57:11 gtw01 dnsmasq-dhcp[17160]: DHCPACK(tap3e35a4ac-07) 192.168.120.4 fa:16:3e:7a:86:0c host-192-168-120-4
Jul 15 14:57:11 gtw01 dnsmasq[17160]: read /var/lib/neutron/dhcp/6e27b216-4503-43bd-924e-0e7d283c4bf3/addn_hosts - 6 addresses
Jul 15 14:57:11 gtw01 dnsmasq-dhcp[17160]: read /var/lib/neutron/dhcp/6e27b216-4503-43bd-924e-0e7d283c4bf3/host
Jul 15 14:57:11 gtw01 dnsmasq-dhcp[17160]: read /var/lib/neutron/dhcp/6e27b216-4503-43bd-924e-0e7d283c4bf3/opts
Jul 15 14:57:11 gtw01 dnsmasq-dhcp[17160]: DHCPRELEASE(tap3e35a4ac-07) 192.168.120.6 fa:16:3e:72:ad:18
Jul 15 14:57:12 gtw01 dnsmasq-dhcp[17160]: DHCPRELEASE(tap3e35a4ac-07) 192.168.120.6 fa:16:3e:72:ad:18 unknown lease
Jul 15 14:57:12 gtw01 dnsmasq[17160]: read /var/lib/neutron/dhcp/6e27b216-4503-43bd-924e-0e7d283c4bf3/addn_hosts - 5 addresses
Jul 15 14:57:12 gtw01 dnsmasq-dhcp[17160]: read /var/lib/neutron/dhcp/6e27b216-4503-43bd-924e-0e7d283c4bf3/host
Jul 15 14:57:12 gtw01 dnsmasq-dhcp[17160]: read /var/lib/neutron/dhcp/6e27b216-4503-43bd-924e-0e7d283c4bf3/opts
Jul 15 14:57:13 gtw01 dnsmasq-dhcp[17160]: DHCPRELEASE(tap3e35a4ac-07) 192.168.120.15 fa:16:3e:8b:8e:87
Jul 15 14:57:13 gtw01 dnsmasq-dhcp[17160]: DHCPRELEASE(tap3e35a4ac-07) 192.168.120.15 fa:16:3e:8b:8e:87 unknown lease
Jul 15 14:57:14 gtw01 dnsmasq[17160]: read /var/lib/neutron/dhcp/6e27b216-4503-43bd-924e-0e7d283c4bf3/addn_hosts - 4 addresses
Jul 15 14:57:14 gtw01 dnsmasq-dhcp[17160]: read /var/lib/neutron/dhcp/6e27b216-4503-43bd-924e-0e7d283c4bf3/host
Jul 15 14:57:14 gtw01 dnsmasq-dhcp[17160]: read /var/lib/neutron/dhcp/6e27b216-4503-43bd-924e-0e7d283c4bf3/opts
Jul 15 14:57:15 gtw01 dnsmasq-dhcp[17160]: DHCPRELEASE(tap3e35a4ac-07) 192.168.120.9 fa:16:3e:31:af:31
Jul 15 14:57:15 gtw01 dnsmasq-dhcp[17160]: DHCPRELEASE(tap3e35a4ac-07) 192.168.120.9 fa:16:3e:31:af:31 unknown lease
Jul 15 14:57:16 gtw01 dnsmasq[17160]: read /var/lib/neutron/dhcp/6e27b216-4503-43bd-924e-0e7d283c4bf3/addn_hosts - 3 addresses
Jul 15 14:57:16 gtw01 dnsmasq-dhcp[17160]: read /var/lib/neutron/dhcp/6e27b216-4503-43bd-924e-0e7d283c4bf3/host
Jul 15 14:57:16 gtw01 dnsmasq-dhcp[17160]: read /var/lib/neutron/dhcp/6e27b216-4503-43bd-924e-0e7d283c4bf3/opts
Jul 15 14:57:21 gtw01 dnsmasq-dhcp[17160]: DHCPRELEASE(tap3e35a4ac-07) 192.168.120.4 fa:16:3e:7a:86:0c
Jul 15 14:57:24 gtw01 kernel: [ 6746.326428] device vxlan_sys_4789 left promiscuous mode
Jul 15 14:57:30 gtw01 dnsmasq[17160]: read /var/lib/neutron/dhcp/6e27b216-4503-43bd-924e-0e7d283c4bf3/addn_hosts - 2 addresses
Jul 15 14:57:30 gtw01 dnsmasq-dhcp[17160]: read /var/lib/neutron/dhcp/6e27b216-4503-43bd-924e-0e7d283c4bf3/host
Jul 15 14:57:30 gtw01 dnsmasq-dhcp[17160]: read /var/lib/neutron/dhcp/6e27b216-4503-43bd-924e-0e7d283c4bf3/opts
Jul 15 14:57:33 gtw01 dnsmasq[17160]: read /var/lib/neutron/dhcp/6e27b216-4503-43bd-924e-0e7d283c4bf3/addn_hosts - 3 addresses
Jul 15 14:57:33 gtw01 dnsmasq-dhcp[17160]: read /var/lib/neutron/dhcp/6e27b216-4503-43bd-924e-0e7d283c4bf3/host
Jul 15 14:57:33 gtw01 dnsmasq-dhcp[17160]: read /var/lib/neutron/dhcp/6e27b216-4503-43bd-924e-0e7d283c4bf3/opts
Jul 15 14:57:34 gtw01 dnsmasq[17160]: read /var/lib/neutron/dhcp/6e27b216-4503-43bd-924e-0e7d283c4bf3/addn_hosts - 4 addresses
Jul 15 14:57:34 gtw01 dnsmasq-dhcp[17160]: read /var/lib/neutron/dhcp/6e27b216-4503-43bd-924e-0e7d283c4bf3/host
Jul 15 14:57:34 gtw01 dnsmasq-dhcp[17160]: read /var/lib/neutron/dhcp/6e27b216-4503-43bd-924e-0e7d283c4bf3/opts
Jul 15 14:57:35 gtw01 dnsmasq[17160]: read /var/lib/neutron/dhcp/6e27b216-4503-43bd-924e-0e7d283c4bf3/addn_hosts - 4 addresses
Jul 15 14:57:35 gtw01 dnsmasq-dhcp[17160]: read /var/lib/neutron/dhcp/6e27b216-4503-43bd-924e-0e7d283c4bf3/host
Jul 15 14:57:35 gtw01 dnsmasq-dhcp[17160]: read /var/lib/neutron/dhcp/6e27b216-4503-43bd-924e-0e7d283c4bf3/opts
Jul 15 14:57:35 gtw01 systemd-udevd[25545]: Could not generate persistent MAC address for tap702ba32e-0c: No such file or directory
Jul 15 14:57:35 gtw01 kernel: [ 6757.488363] device tap702ba32e-0c entered promiscuous mode
Jul 15 14:57:35 gtw01 systemd-udevd[25545]: Process '/sbin/ip link set tap702ba32e-0c txqueuelen 10000' failed with exit code 1.
Jul 15 14:57:35 gtw01 systemd-udevd[25622]: Process '/sbin/ip link set tap702ba32e-0c txqueuelen 10000' failed with exit code 1.
Jul 15 14:57:36 gtw01 dnsmasq[17160]: read /var/lib/neutron/dhcp/6e27b216-4503-43bd-924e-0e7d283c4bf3/addn_hosts - 4 addresses
Jul 15 14:57:36 gtw01 dnsmasq-dhcp[17160]: read /var/lib/neutron/dhcp/6e27b216-4503-43bd-924e-0e7d283c4bf3/host
Jul 15 14:57:36 gtw01 dnsmasq-dhcp[17160]: read /var/lib/neutron/dhcp/6e27b216-4503-43bd-924e-0e7d283c4bf3/opts
Jul 15 14:57:37 gtw01 dnsmasq[17160]: read /var/lib/neutron/dhcp/6e27b216-4503-43bd-924e-0e7d283c4bf3/addn_hosts - 4 addresses
Jul 15 14:57:37 gtw01 dnsmasq-dhcp[17160]: read /var/lib/neutron/dhcp/6e27b216-4503-43bd-924e-0e7d283c4bf3/host
Jul 15 14:57:37 gtw01 dnsmasq-dhcp[17160]: read /var/lib/neutron/dhcp/6e27b216-4503-43bd-924e-0e7d283c4bf3/opts
Jul 15 14:57:38 gtw01 systemd-udevd[25744]: Could not generate persistent MAC address for vxlan_sys_4789: No such file or directory
Jul 15 14:57:38 gtw01 kernel: [ 6760.389115] device vxlan_sys_4789 entered promiscuous mode
Jul 15 14:57:38 gtw01 dnsmasq[17160]: read /var/lib/neutron/dhcp/6e27b216-4503-43bd-924e-0e7d283c4bf3/addn_hosts - 4 addresses
Jul 15 14:57:38 gtw01 dnsmasq-dhcp[17160]: read /var/lib/neutron/dhcp/6e27b216-4503-43bd-924e-0e7d283c4bf3/host
Jul 15 14:57:38 gtw01 dnsmasq-dhcp[17160]: read /var/lib/neutron/dhcp/6e27b216-4503-43bd-924e-0e7d283c4bf3/opts
Jul 15 14:57:39 gtw01 kernel: [ 6760.891255] device qr-8aeb2672-22 entered promiscuous mode
Jul 15 14:57:39 gtw01 systemd-udevd[25837]: Could not generate persistent MAC address for qr-8aeb2672-22: No such file or directory
Jul 15 14:57:39 gtw01 dnsmasq[25922]: started, version 2.80 cachesize 150
Jul 15 14:57:39 gtw01 dnsmasq[25922]: DNS service limited to local subnets
Jul 15 14:57:39 gtw01 dnsmasq[25922]: compile time options: IPv6 GNU-getopt DBus i18n IDN DHCP DHCPv6 no-Lua TFTP conntrack ipset auth DNSSEC loop-detect inotify dumpfile
Jul 15 14:57:39 gtw01 dnsmasq[25922]: warning: no upstream servers configured
Jul 15 14:57:39 gtw01 dnsmasq-dhcp[25922]: DHCP, static leases only on 192.168.120.0, lease time 1h
Jul 15 14:57:39 gtw01 dnsmasq[25922]: read /var/lib/neutron/dhcp/fbbbf1ce-9bc5-466a-bc91-a61169c93eef/addn_hosts - 1 addresses
Jul 15 14:57:39 gtw01 dnsmasq-dhcp[25922]: read /var/lib/neutron/dhcp/fbbbf1ce-9bc5-466a-bc91-a61169c93eef/host
Jul 15 14:57:39 gtw01 dnsmasq-dhcp[25922]: read /var/lib/neutron/dhcp/fbbbf1ce-9bc5-466a-bc91-a61169c93eef/opts
Jul 15 14:57:39 gtw01 haproxy-metadata-proxy-fbbbf1ce-9bc5-466a-bc91-a61169c93eef[25931]: Proxy listener started.
Jul 15 14:57:40 gtw01 kernel: [ 6762.113403] device qg-fd09b7e1-a6 entered promiscuous mode
Jul 15 14:57:40 gtw01 systemd-udevd[25971]: Could not generate persistent MAC address for qg-fd09b7e1-a6: No such file or directory
Jul 15 14:57:40 gtw01 dnsmasq[25922]: read /var/lib/neutron/dhcp/fbbbf1ce-9bc5-466a-bc91-a61169c93eef/addn_hosts - 2 addresses
Jul 15 14:57:40 gtw01 dnsmasq-dhcp[25922]: read /var/lib/neutron/dhcp/fbbbf1ce-9bc5-466a-bc91-a61169c93eef/host
Jul 15 14:57:40 gtw01 dnsmasq-dhcp[25922]: read /var/lib/neutron/dhcp/fbbbf1ce-9bc5-466a-bc91-a61169c93eef/opts
Jul 15 14:57:41 gtw01 dnsmasq[25922]: read /var/lib/neutron/dhcp/fbbbf1ce-9bc5-466a-bc91-a61169c93eef/addn_hosts - 2 addresses
Jul 15 14:57:41 gtw01 dnsmasq-dhcp[25922]: read /var/lib/neutron/dhcp/fbbbf1ce-9bc5-466a-bc91-a61169c93eef/host
Jul 15 14:57:41 gtw01 dnsmasq-dhcp[25922]: read /var/lib/neutron/dhcp/fbbbf1ce-9bc5-466a-bc91-a61169c93eef/opts
Jul 15 14:57:42 gtw01 dnsmasq[25922]: read /var/lib/neutron/dhcp/fbbbf1ce-9bc5-466a-bc91-a61169c93eef/addn_hosts - 2 addresses
Jul 15 14:57:42 gtw01 dnsmasq-dhcp[25922]: read /var/lib/neutron/dhcp/fbbbf1ce-9bc5-466a-bc91-a61169c93eef/host
Jul 15 14:57:42 gtw01 dnsmasq-dhcp[25922]: read /var/lib/neutron/dhcp/fbbbf1ce-9bc5-466a-bc91-a61169c93eef/opts
Jul 15 14:57:43 gtw01 dnsmasq[25922]: read /var/lib/neutron/dhcp/fbbbf1ce-9bc5-466a-bc91-a61169c93eef/addn_hosts - 2 addresses
Jul 15 14:57:43 gtw01 dnsmasq-dhcp[25922]: read /var/lib/neutron/dhcp/fbbbf1ce-9bc5-466a-bc91-a61169c93eef/host
Jul 15 14:57:43 gtw01 dnsmasq-dhcp[25922]: read /var/lib/neutron/dhcp/fbbbf1ce-9bc5-466a-bc91-a61169c93eef/opts
Jul 15 14:57:44 gtw01 dnsmasq[25922]: read /var/lib/neutron/dhcp/fbbbf1ce-9bc5-466a-bc91-a61169c93eef/addn_hosts - 2 addresses
Jul 15 14:57:44 gtw01 dnsmasq-dhcp[25922]: read /var/lib/neutron/dhcp/fbbbf1ce-9bc5-466a-bc91-a61169c93eef/host
Jul 15 14:57:44 gtw01 dnsmasq-dhcp[25922]: read /var/lib/neutron/dhcp/fbbbf1ce-9bc5-466a-bc91-a61169c93eef/opts
Jul 15 14:57:45 gtw01 dnsmasq[25922]: read /var/lib/neutron/dhcp/fbbbf1ce-9bc5-466a-bc91-a61169c93eef/addn_hosts - 1 addresses
Jul 15 14:57:45 gtw01 dnsmasq-dhcp[25922]: read /var/lib/neutron/dhcp/fbbbf1ce-9bc5-466a-bc91-a61169c93eef/host
Jul 15 14:57:45 gtw01 dnsmasq-dhcp[25922]: read /var/lib/neutron/dhcp/fbbbf1ce-9bc5-466a-bc91-a61169c93eef/opts
Jul 15 14:57:45 gtw01 kernel: [ 6767.462115] IPv4: martian source 192.168.120.1 from 192.168.120.1, on dev qg-fd09b7e1-a6
Jul 15 14:57:45 gtw01 kernel: [ 6767.462120] ll header: 00000000: ff ff ff ff ff ff fa 16 3e 3b cb 60 08 06        ........>;.`..
Jul 15 14:57:46 gtw01 haproxy-metadata-proxy-fbbbf1ce-9bc5-466a-bc91-a61169c93eef[26308]: Proxy listener started.
Jul 15 14:57:47 gtw01 haproxy-metadata-proxy-af966ef3-df03-486e-ac33-8f6d7066d1d0[26328]: Proxy listener started.
Jul 15 14:57:47 gtw01 dnsmasq[17160]: read /var/lib/neutron/dhcp/6e27b216-4503-43bd-924e-0e7d283c4bf3/addn_hosts - 3 addresses
Jul 15 14:57:47 gtw01 dnsmasq-dhcp[17160]: read /var/lib/neutron/dhcp/6e27b216-4503-43bd-924e-0e7d283c4bf3/host
Jul 15 14:57:47 gtw01 dnsmasq-dhcp[17160]: read /var/lib/neutron/dhcp/6e27b216-4503-43bd-924e-0e7d283c4bf3/opts
Jul 15 14:57:47 gtw01 kernel: [ 6769.052721] device qr-8aeb2672-22 left promiscuous mode
Jul 15 14:57:48 gtw01 kernel: [ 6769.807697] device qg-fd09b7e1-a6 left promiscuous mode
Jul 15 14:57:48 gtw01 kernel: [ 6770.459436] device tap702ba32e-0c left promiscuous mode
Jul 15 14:57:49 gtw01 dnsmasq[17160]: read /var/lib/neutron/dhcp/6e27b216-4503-43bd-924e-0e7d283c4bf3/addn_hosts - 4 addresses
Jul 15 14:57:49 gtw01 dnsmasq-dhcp[17160]: read /var/lib/neutron/dhcp/6e27b216-4503-43bd-924e-0e7d283c4bf3/host
Jul 15 14:57:49 gtw01 dnsmasq-dhcp[17160]: read /var/lib/neutron/dhcp/6e27b216-4503-43bd-924e-0e7d283c4bf3/opts
Jul 15 14:57:50 gtw01 dnsmasq[17160]: read /var/lib/neutron/dhcp/6e27b216-4503-43bd-924e-0e7d283c4bf3/addn_hosts - 4 addresses
Jul 15 14:57:50 gtw01 dnsmasq-dhcp[17160]: read /var/lib/neutron/dhcp/6e27b216-4503-43bd-924e-0e7d283c4bf3/host
Jul 15 14:57:50 gtw01 dnsmasq-dhcp[17160]: read /var/lib/neutron/dhcp/6e27b216-4503-43bd-924e-0e7d283c4bf3/opts
Jul 15 14:57:51 gtw01 dnsmasq-dhcp[17160]: DHCPDISCOVER(tap3e35a4ac-07) fa:16:3e:85:54:80
Jul 15 14:57:51 gtw01 dnsmasq-dhcp[17160]: DHCPOFFER(tap3e35a4ac-07) 192.168.120.5 fa:16:3e:85:54:80
Jul 15 14:57:51 gtw01 dnsmasq-dhcp[17160]: DHCPREQUEST(tap3e35a4ac-07) 192.168.120.5 fa:16:3e:85:54:80
Jul 15 14:57:51 gtw01 dnsmasq-dhcp[17160]: DHCPACK(tap3e35a4ac-07) 192.168.120.5 fa:16:3e:85:54:80 host-192-168-120-5
Jul 15 14:57:51 gtw01 dnsmasq[17160]: read /var/lib/neutron/dhcp/6e27b216-4503-43bd-924e-0e7d283c4bf3/addn_hosts - 4 addresses
Jul 15 14:57:51 gtw01 dnsmasq-dhcp[17160]: read /var/lib/neutron/dhcp/6e27b216-4503-43bd-924e-0e7d283c4bf3/host
Jul 15 14:57:51 gtw01 dnsmasq-dhcp[17160]: read /var/lib/neutron/dhcp/6e27b216-4503-43bd-924e-0e7d283c4bf3/opts
Jul 15 14:57:53 gtw01 kernel: [ 6775.193315] device vxlan_sys_4789 left promiscuous mode
Jul 15 14:57:53 gtw01 dnsmasq-dhcp[17160]: DHCPRELEASE(tap3e35a4ac-07) 192.168.120.5 fa:16:3e:85:54:80
Jul 15 14:57:53 gtw01 dnsmasq-dhcp[17160]: DHCPRELEASE(tap3e35a4ac-07) 192.168.120.5 fa:16:3e:85:54:80 unknown lease
Jul 15 14:57:54 gtw01 dnsmasq[17160]: read /var/lib/neutron/dhcp/6e27b216-4503-43bd-924e-0e7d283c4bf3/addn_hosts - 3 addresses
Jul 15 14:57:54 gtw01 dnsmasq-dhcp[17160]: read /var/lib/neutron/dhcp/6e27b216-4503-43bd-924e-0e7d283c4bf3/host
Jul 15 14:57:54 gtw01 dnsmasq-dhcp[17160]: read /var/lib/neutron/dhcp/6e27b216-4503-43bd-924e-0e7d283c4bf3/opts
Jul 15 14:57:54 gtw01 kernel: [ 6776.548840] device vxlan_sys_4789 entered promiscuous mode
Jul 15 14:57:54 gtw01 systemd-udevd[26543]: Could not generate persistent MAC address for vxlan_sys_4789: No such file or directory
Jul 15 14:57:59 gtw01 kernel: [ 6781.044971] device vxlan_sys_4789 left promiscuous mode
Jul 15 14:57:59 gtw01 dnsmasq[17160]: read /var/lib/neutron/dhcp/6e27b216-4503-43bd-924e-0e7d283c4bf3/addn_hosts - 2 addresses
Jul 15 14:57:59 gtw01 dnsmasq-dhcp[17160]: read /var/lib/neutron/dhcp/6e27b216-4503-43bd-924e-0e7d283c4bf3/host
Jul 15 14:57:59 gtw01 dnsmasq-dhcp[17160]: read /var/lib/neutron/dhcp/6e27b216-4503-43bd-924e-0e7d283c4bf3/opts
Jul 15 14:58:10 gtw01 dnsmasq[17160]: read /var/lib/neutron/dhcp/6e27b216-4503-43bd-924e-0e7d283c4bf3/addn_hosts - 3 addresses
Jul 15 14:58:10 gtw01 dnsmasq-dhcp[17160]: read /var/lib/neutron/dhcp/6e27b216-4503-43bd-924e-0e7d283c4bf3/host
Jul 15 14:58:10 gtw01 dnsmasq-dhcp[17160]: read /var/lib/neutron/dhcp/6e27b216-4503-43bd-924e-0e7d283c4bf3/opts
Jul 15 14:58:11 gtw01 dnsmasq[17160]: read /var/lib/neutron/dhcp/6e27b216-4503-43bd-924e-0e7d283c4bf3/addn_hosts - 3 addresses
Jul 15 14:58:11 gtw01 dnsmasq-dhcp[17160]: read /var/lib/neutron/dhcp/6e27b216-4503-43bd-924e-0e7d283c4bf3/host
Jul 15 14:58:11 gtw01 dnsmasq-dhcp[17160]: read /var/lib/neutron/dhcp/6e27b216-4503-43bd-924e-0e7d283c4bf3/opts
Jul 15 14:58:12 gtw01 dnsmasq[17160]: read /var/lib/neutron/dhcp/6e27b216-4503-43bd-924e-0e7d283c4bf3/addn_hosts - 3 addresses
Jul 15 14:58:12 gtw01 dnsmasq-dhcp[17160]: read /var/lib/neutron/dhcp/6e27b216-4503-43bd-924e-0e7d283c4bf3/host
Jul 15 14:58:12 gtw01 dnsmasq-dhcp[17160]: read /var/lib/neutron/dhcp/6e27b216-4503-43bd-924e-0e7d283c4bf3/opts
Jul 15 14:58:13 gtw01 kernel: [ 6795.507141] device vxlan_sys_4789 entered promiscuous mode
Jul 15 14:58:13 gtw01 systemd-udevd[26704]: Could not generate persistent MAC address for vxlan_sys_4789: No such file or directory
Jul 15 14:58:16 gtw01 kernel: [ 6798.049539] device vxlan_sys_4789 left promiscuous mode
Jul 15 14:58:16 gtw01 dnsmasq[17160]: read /var/lib/neutron/dhcp/6e27b216-4503-43bd-924e-0e7d283c4bf3/addn_hosts - 2 addresses
Jul 15 14:58:16 gtw01 dnsmasq-dhcp[17160]: read /var/lib/neutron/dhcp/6e27b216-4503-43bd-924e-0e7d283c4bf3/host
Jul 15 14:58:16 gtw01 dnsmasq-dhcp[17160]: read /var/lib/neutron/dhcp/6e27b216-4503-43bd-924e-0e7d283c4bf3/opts
Jul 15 14:58:22 gtw01 dnsmasq[17160]: read /var/lib/neutron/dhcp/6e27b216-4503-43bd-924e-0e7d283c4bf3/addn_hosts - 3 addresses
Jul 15 14:58:22 gtw01 dnsmasq-dhcp[17160]: read /var/lib/neutron/dhcp/6e27b216-4503-43bd-924e-0e7d283c4bf3/host
Jul 15 14:58:22 gtw01 dnsmasq-dhcp[17160]: read /var/lib/neutron/dhcp/6e27b216-4503-43bd-924e-0e7d283c4bf3/opts
Jul 15 14:58:23 gtw01 dnsmasq[17160]: read /var/lib/neutron/dhcp/6e27b216-4503-43bd-924e-0e7d283c4bf3/addn_hosts - 3 addresses
Jul 15 14:58:23 gtw01 dnsmasq-dhcp[17160]: read /var/lib/neutron/dhcp/6e27b216-4503-43bd-924e-0e7d283c4bf3/host
Jul 15 14:58:23 gtw01 dnsmasq-dhcp[17160]: read /var/lib/neutron/dhcp/6e27b216-4503-43bd-924e-0e7d283c4bf3/opts
Jul 15 14:58:24 gtw01 dnsmasq[17160]: read /var/lib/neutron/dhcp/6e27b216-4503-43bd-924e-0e7d283c4bf3/addn_hosts - 3 addresses
Jul 15 14:58:24 gtw01 dnsmasq-dhcp[17160]: read /var/lib/neutron/dhcp/6e27b216-4503-43bd-924e-0e7d283c4bf3/host
Jul 15 14:58:24 gtw01 dnsmasq-dhcp[17160]: read /var/lib/neutron/dhcp/6e27b216-4503-43bd-924e-0e7d283c4bf3/opts
Jul 15 14:58:27 gtw01 dnsmasq[17160]: read /var/lib/neutron/dhcp/6e27b216-4503-43bd-924e-0e7d283c4bf3/addn_hosts - 4 addresses
Jul 15 14:58:27 gtw01 dnsmasq-dhcp[17160]: read /var/lib/neutron/dhcp/6e27b216-4503-43bd-924e-0e7d283c4bf3/host
Jul 15 14:58:27 gtw01 dnsmasq-dhcp[17160]: read /var/lib/neutron/dhcp/6e27b216-4503-43bd-924e-0e7d283c4bf3/opts
Jul 15 14:58:27 gtw01 kernel: [ 6808.998367] device tapc9996390-8a entered promiscuous mode
Jul 15 14:58:27 gtw01 systemd-udevd[26877]: Could not generate persistent MAC address for tapc9996390-8a: No such file or directory
Jul 15 14:58:27 gtw01 systemd-udevd[26946]: Process '/sbin/ip link set tapc9996390-8a txqueuelen 10000' failed with exit code 1.
Jul 15 14:58:27 gtw01 kernel: [ 6809.248484] device vxlan_sys_4789 entered promiscuous mode
Jul 15 14:58:27 gtw01 systemd-udevd[26964]: Could not generate persistent MAC address for vxlan_sys_4789: No such file or directory
Jul 15 14:58:28 gtw01 dnsmasq[17160]: read /var/lib/neutron/dhcp/6e27b216-4503-43bd-924e-0e7d283c4bf3/addn_hosts - 4 addresses
Jul 15 14:58:28 gtw01 dnsmasq-dhcp[17160]: read /var/lib/neutron/dhcp/6e27b216-4503-43bd-924e-0e7d283c4bf3/host
Jul 15 14:58:28 gtw01 dnsmasq-dhcp[17160]: read /var/lib/neutron/dhcp/6e27b216-4503-43bd-924e-0e7d283c4bf3/opts
Jul 15 14:58:29 gtw01 dnsmasq[17160]: read /var/lib/neutron/dhcp/6e27b216-4503-43bd-924e-0e7d283c4bf3/addn_hosts - 4 addresses
Jul 15 14:58:29 gtw01 dnsmasq-dhcp[17160]: read /var/lib/neutron/dhcp/6e27b216-4503-43bd-924e-0e7d283c4bf3/host
Jul 15 14:58:29 gtw01 dnsmasq-dhcp[17160]: read /var/lib/neutron/dhcp/6e27b216-4503-43bd-924e-0e7d283c4bf3/opts
Jul 15 14:58:30 gtw01 kernel: [ 6812.111101] device vxlan_sys_4789 left promiscuous mode
Jul 15 14:58:30 gtw01 dnsmasq[27144]: started, version 2.80 cachesize 150
Jul 15 14:58:30 gtw01 dnsmasq[27144]: DNS service limited to local subnets
Jul 15 14:58:30 gtw01 dnsmasq[27144]: compile time options: IPv6 GNU-getopt DBus i18n IDN DHCP DHCPv6 no-Lua TFTP conntrack ipset auth DNSSEC loop-detect inotify dumpfile
Jul 15 14:58:30 gtw01 dnsmasq[27144]: warning: no upstream servers configured
Jul 15 14:58:30 gtw01 dnsmasq-dhcp[27144]: DHCP, static leases only on 192.168.120.0, lease time 1h
Jul 15 14:58:30 gtw01 dnsmasq[27144]: read /var/lib/neutron/dhcp/9016af6f-05d6-4ed8-bf4e-07e532054df5/addn_hosts - 1 addresses
Jul 15 14:58:30 gtw01 dnsmasq-dhcp[27144]: read /var/lib/neutron/dhcp/9016af6f-05d6-4ed8-bf4e-07e532054df5/host
Jul 15 14:58:30 gtw01 dnsmasq-dhcp[27144]: read /var/lib/neutron/dhcp/9016af6f-05d6-4ed8-bf4e-07e532054df5/opts
Jul 15 14:58:30 gtw01 dnsmasq[17160]: read /var/lib/neutron/dhcp/6e27b216-4503-43bd-924e-0e7d283c4bf3/addn_hosts - 3 addresses
Jul 15 14:58:30 gtw01 dnsmasq-dhcp[17160]: read /var/lib/neutron/dhcp/6e27b216-4503-43bd-924e-0e7d283c4bf3/host
Jul 15 14:58:30 gtw01 dnsmasq-dhcp[17160]: read /var/lib/neutron/dhcp/6e27b216-4503-43bd-924e-0e7d283c4bf3/opts
Jul 15 14:58:30 gtw01 haproxy-metadata-proxy-9016af6f-05d6-4ed8-bf4e-07e532054df5[27156]: Proxy listener started.
Jul 15 14:58:31 gtw01 dnsmasq[27144]: read /var/lib/neutron/dhcp/9016af6f-05d6-4ed8-bf4e-07e532054df5/addn_hosts - 2 addresses
Jul 15 14:58:31 gtw01 dnsmasq-dhcp[27144]: read /var/lib/neutron/dhcp/9016af6f-05d6-4ed8-bf4e-07e532054df5/host
Jul 15 14:58:31 gtw01 dnsmasq-dhcp[27144]: read /var/lib/neutron/dhcp/9016af6f-05d6-4ed8-bf4e-07e532054df5/opts
Jul 15 14:58:32 gtw01 systemd-udevd[27199]: Could not generate persistent MAC address for vxlan_sys_4789: No such file or directory
Jul 15 14:58:32 gtw01 kernel: [ 6813.923826] device vxlan_sys_4789 entered promiscuous mode
Jul 15 14:58:32 gtw01 dnsmasq[27144]: read /var/lib/neutron/dhcp/9016af6f-05d6-4ed8-bf4e-07e532054df5/addn_hosts - 2 addresses
Jul 15 14:58:32 gtw01 dnsmasq-dhcp[27144]: read /var/lib/neutron/dhcp/9016af6f-05d6-4ed8-bf4e-07e532054df5/host
Jul 15 14:58:33 gtw01 dnsmasq-dhcp[27144]: read /var/lib/neutron/dhcp/9016af6f-05d6-4ed8-bf4e-07e532054df5/opts
Jul 15 14:58:33 gtw01 systemd-udevd[27298]: Could not generate persistent MAC address for qg-ebd8582c-34: No such file or directory
Jul 15 14:58:33 gtw01 kernel: [ 6814.683776] device qg-ebd8582c-34 entered promiscuous mode
Jul 15 14:58:33 gtw01 dnsmasq[27144]: read /var/lib/neutron/dhcp/9016af6f-05d6-4ed8-bf4e-07e532054df5/addn_hosts - 2 addresses
Jul 15 14:58:33 gtw01 dnsmasq-dhcp[27144]: read /var/lib/neutron/dhcp/9016af6f-05d6-4ed8-bf4e-07e532054df5/host
Jul 15 14:58:33 gtw01 dnsmasq-dhcp[27144]: read /var/lib/neutron/dhcp/9016af6f-05d6-4ed8-bf4e-07e532054df5/opts
Jul 15 14:58:34 gtw01 dnsmasq[27144]: read /var/lib/neutron/dhcp/9016af6f-05d6-4ed8-bf4e-07e532054df5/addn_hosts - 2 addresses
Jul 15 14:58:34 gtw01 dnsmasq-dhcp[27144]: read /var/lib/neutron/dhcp/9016af6f-05d6-4ed8-bf4e-07e532054df5/host
Jul 15 14:58:34 gtw01 dnsmasq-dhcp[27144]: read /var/lib/neutron/dhcp/9016af6f-05d6-4ed8-bf4e-07e532054df5/opts
Jul 15 14:58:35 gtw01 kernel: [ 6816.882603] device tap4a1dbd8b-54 entered promiscuous mode
Jul 15 14:58:35 gtw01 systemd-udevd[27478]: Could not generate persistent MAC address for tap4a1dbd8b-54: No such file or directory
Jul 15 14:58:35 gtw01 systemd-udevd[27478]: Process '/sbin/ip link set tap4a1dbd8b-54 txqueuelen 10000' failed with exit code 1.
Jul 15 14:58:35 gtw01 systemd-udevd[27478]: Process '/sbin/ip link set tap4a1dbd8b-54 txqueuelen 10000' failed with exit code 1.
Jul 15 14:58:35 gtw01 dnsmasq[27144]: read /var/lib/neutron/dhcp/9016af6f-05d6-4ed8-bf4e-07e532054df5/addn_hosts - 2 addresses
Jul 15 14:58:35 gtw01 dnsmasq-dhcp[27144]: read /var/lib/neutron/dhcp/9016af6f-05d6-4ed8-bf4e-07e532054df5/host
Jul 15 14:58:35 gtw01 dnsmasq-dhcp[27144]: read /var/lib/neutron/dhcp/9016af6f-05d6-4ed8-bf4e-07e532054df5/opts
Jul 15 14:58:38 gtw01 dnsmasq[27731]: started, version 2.80 cachesize 150
Jul 15 14:58:38 gtw01 dnsmasq[27731]: DNS service limited to local subnets
Jul 15 14:58:38 gtw01 dnsmasq[27731]: compile time options: IPv6 GNU-getopt DBus i18n IDN DHCP DHCPv6 no-Lua TFTP conntrack ipset auth DNSSEC loop-detect inotify dumpfile
Jul 15 14:58:38 gtw01 dnsmasq[27731]: warning: no upstream servers configured
Jul 15 14:58:38 gtw01 dnsmasq-dhcp[27731]: DHCP, static leases only on 192.168.120.0, lease time 1h
Jul 15 14:58:38 gtw01 dnsmasq[27731]: read /var/lib/neutron/dhcp/7ea7638d-9be2-4657-b4ea-40c5b2aca270/addn_hosts - 1 addresses
Jul 15 14:58:38 gtw01 dnsmasq-dhcp[27731]: read /var/lib/neutron/dhcp/7ea7638d-9be2-4657-b4ea-40c5b2aca270/host
Jul 15 14:58:38 gtw01 dnsmasq-dhcp[27731]: read /var/lib/neutron/dhcp/7ea7638d-9be2-4657-b4ea-40c5b2aca270/opts
Jul 15 14:58:39 gtw01 haproxy-metadata-proxy-7ea7638d-9be2-4657-b4ea-40c5b2aca270[27741]: Proxy listener started.
Jul 15 14:58:39 gtw01 haproxy-metadata-proxy-1e46e036-4ef4-4287-907f-87c3fe491074[27767]: Proxy listener started.
Jul 15 14:58:39 gtw01 kernel: [ 6821.407034] device qg-70199dba-dd entered promiscuous mode
Jul 15 14:58:39 gtw01 systemd-udevd[27775]: Could not generate persistent MAC address for qg-70199dba-dd: No such file or directory
Jul 15 14:58:39 gtw01 dnsmasq[27731]: read /var/lib/neutron/dhcp/7ea7638d-9be2-4657-b4ea-40c5b2aca270/addn_hosts - 2 addresses
Jul 15 14:58:39 gtw01 dnsmasq-dhcp[27731]: read /var/lib/neutron/dhcp/7ea7638d-9be2-4657-b4ea-40c5b2aca270/host
Jul 15 14:58:39 gtw01 dnsmasq-dhcp[27731]: read /var/lib/neutron/dhcp/7ea7638d-9be2-4657-b4ea-40c5b2aca270/opts
Jul 15 14:58:40 gtw01 kernel: [ 6822.204309] device vxlan_sys_4789 left promiscuous mode
Jul 15 14:58:40 gtw01 dnsmasq[17160]: read /var/lib/neutron/dhcp/6e27b216-4503-43bd-924e-0e7d283c4bf3/addn_hosts - 2 addresses
Jul 15 14:58:40 gtw01 dnsmasq-dhcp[17160]: read /var/lib/neutron/dhcp/6e27b216-4503-43bd-924e-0e7d283c4bf3/host
Jul 15 14:58:40 gtw01 dnsmasq-dhcp[17160]: read /var/lib/neutron/dhcp/6e27b216-4503-43bd-924e-0e7d283c4bf3/opts
Jul 15 14:58:41 gtw01 dnsmasq[27731]: read /var/lib/neutron/dhcp/7ea7638d-9be2-4657-b4ea-40c5b2aca270/addn_hosts - 2 addresses
Jul 15 14:58:41 gtw01 dnsmasq-dhcp[27731]: read /var/lib/neutron/dhcp/7ea7638d-9be2-4657-b4ea-40c5b2aca270/host
Jul 15 14:58:41 gtw01 dnsmasq-dhcp[27731]: read /var/lib/neutron/dhcp/7ea7638d-9be2-4657-b4ea-40c5b2aca270/opts
Jul 15 14:58:42 gtw01 dnsmasq[27144]: read /var/lib/neutron/dhcp/9016af6f-05d6-4ed8-bf4e-07e532054df5/addn_hosts - 2 addresses
Jul 15 14:58:42 gtw01 dnsmasq-dhcp[27144]: read /var/lib/neutron/dhcp/9016af6f-05d6-4ed8-bf4e-07e532054df5/host
Jul 15 14:58:42 gtw01 dnsmasq-dhcp[27144]: read /var/lib/neutron/dhcp/9016af6f-05d6-4ed8-bf4e-07e532054df5/opts
Jul 15 14:58:42 gtw01 kernel: [ 6823.875958] device qr-f7bcc6d7-c6 entered promiscuous mode
Jul 15 14:58:42 gtw01 dnsmasq[27731]: read /var/lib/neutron/dhcp/7ea7638d-9be2-4657-b4ea-40c5b2aca270/addn_hosts - 2 addresses
Jul 15 14:58:42 gtw01 dnsmasq-dhcp[27731]: read /var/lib/neutron/dhcp/7ea7638d-9be2-4657-b4ea-40c5b2aca270/host
Jul 15 14:58:42 gtw01 dnsmasq-dhcp[27731]: read /var/lib/neutron/dhcp/7ea7638d-9be2-4657-b4ea-40c5b2aca270/opts
Jul 15 14:58:43 gtw01 kernel: [ 6824.812660] IPv4: martian source 10.16.0.131 from 10.16.0.131, on dev qr-f7bcc6d7-c6
Jul 15 14:58:43 gtw01 kernel: [ 6824.812663] ll header: 00000000: ff ff ff ff ff ff fa 16 3e 16 ef eb 08 06        ........>.....
Jul 15 14:58:43 gtw01 dnsmasq[27144]: read /var/lib/neutron/dhcp/9016af6f-05d6-4ed8-bf4e-07e532054df5/addn_hosts - 2 addresses
Jul 15 14:58:43 gtw01 dnsmasq-dhcp[27144]: read /var/lib/neutron/dhcp/9016af6f-05d6-4ed8-bf4e-07e532054df5/host
Jul 15 14:58:43 gtw01 dnsmasq-dhcp[27144]: read /var/lib/neutron/dhcp/9016af6f-05d6-4ed8-bf4e-07e532054df5/opts
Jul 15 14:58:43 gtw01 dnsmasq[27731]: read /var/lib/neutron/dhcp/7ea7638d-9be2-4657-b4ea-40c5b2aca270/addn_hosts - 2 addresses
Jul 15 14:58:43 gtw01 dnsmasq-dhcp[27731]: read /var/lib/neutron/dhcp/7ea7638d-9be2-4657-b4ea-40c5b2aca270/host
Jul 15 14:58:43 gtw01 dnsmasq-dhcp[27731]: read /var/lib/neutron/dhcp/7ea7638d-9be2-4657-b4ea-40c5b2aca270/opts
Jul 15 14:58:44 gtw01 dnsmasq[27731]: read /var/lib/neutron/dhcp/7ea7638d-9be2-4657-b4ea-40c5b2aca270/addn_hosts - 2 addresses
Jul 15 14:58:44 gtw01 dnsmasq-dhcp[27731]: read /var/lib/neutron/dhcp/7ea7638d-9be2-4657-b4ea-40c5b2aca270/host
Jul 15 14:58:44 gtw01 dnsmasq-dhcp[27731]: read /var/lib/neutron/dhcp/7ea7638d-9be2-4657-b4ea-40c5b2aca270/opts
Jul 15 14:58:47 gtw01 haproxy-metadata-proxy-f6f562bf-4e3e-49a9-9265-1d9c3443ebb1[28328]: Proxy listener started.
Jul 15 14:58:49 gtw01 dnsmasq[27731]: read /var/lib/neutron/dhcp/7ea7638d-9be2-4657-b4ea-40c5b2aca270/addn_hosts - 3 addresses
Jul 15 14:58:49 gtw01 dnsmasq-dhcp[27731]: read /var/lib/neutron/dhcp/7ea7638d-9be2-4657-b4ea-40c5b2aca270/host
Jul 15 14:58:49 gtw01 dnsmasq-dhcp[27731]: read /var/lib/neutron/dhcp/7ea7638d-9be2-4657-b4ea-40c5b2aca270/opts
Jul 15 14:58:49 gtw01 systemd-udevd[28412]: Could not generate persistent MAC address for tapc7653297-68: No such file or directory
Jul 15 14:58:49 gtw01 kernel: [ 6831.299777] device tapc7653297-68 entered promiscuous mode
Jul 15 14:58:49 gtw01 systemd-udevd[28412]: Process '/sbin/ip link set tapc7653297-68 txqueuelen 10000' failed with exit code 1.
Jul 15 14:58:49 gtw01 systemd-udevd[28412]: Process '/sbin/ip link set tapc7653297-68 txqueuelen 10000' failed with exit code 1.
Jul 15 14:58:49 gtw01 systemd-udevd[28504]: Could not generate persistent MAC address for qr-aef86f0e-c6: No such file or directory
Jul 15 14:58:49 gtw01 kernel: [ 6831.524590] device qr-aef86f0e-c6 entered promiscuous mode
Jul 15 14:58:50 gtw01 dnsmasq[27731]: read /var/lib/neutron/dhcp/7ea7638d-9be2-4657-b4ea-40c5b2aca270/addn_hosts - 3 addresses
Jul 15 14:58:50 gtw01 dnsmasq-dhcp[27731]: read /var/lib/neutron/dhcp/7ea7638d-9be2-4657-b4ea-40c5b2aca270/host
Jul 15 14:58:50 gtw01 dnsmasq-dhcp[27731]: read /var/lib/neutron/dhcp/7ea7638d-9be2-4657-b4ea-40c5b2aca270/opts
Jul 15 14:58:50 gtw01 dnsmasq[17160]: read /var/lib/neutron/dhcp/6e27b216-4503-43bd-924e-0e7d283c4bf3/addn_hosts - 3 addresses
Jul 15 14:58:50 gtw01 dnsmasq-dhcp[17160]: read /var/lib/neutron/dhcp/6e27b216-4503-43bd-924e-0e7d283c4bf3/host
Jul 15 14:58:50 gtw01 dnsmasq-dhcp[17160]: read /var/lib/neutron/dhcp/6e27b216-4503-43bd-924e-0e7d283c4bf3/opts
Jul 15 14:58:50 gtw01 dnsmasq[27144]: read /var/lib/neutron/dhcp/9016af6f-05d6-4ed8-bf4e-07e532054df5/addn_hosts - 3 addresses
Jul 15 14:58:50 gtw01 dnsmasq-dhcp[27144]: read /var/lib/neutron/dhcp/9016af6f-05d6-4ed8-bf4e-07e532054df5/host
Jul 15 14:58:50 gtw01 dnsmasq-dhcp[27144]: read /var/lib/neutron/dhcp/9016af6f-05d6-4ed8-bf4e-07e532054df5/opts
Jul 15 14:58:51 gtw01 dnsmasq[27731]: read /var/lib/neutron/dhcp/7ea7638d-9be2-4657-b4ea-40c5b2aca270/addn_hosts - 3 addresses
Jul 15 14:58:51 gtw01 dnsmasq-dhcp[27731]: read /var/lib/neutron/dhcp/7ea7638d-9be2-4657-b4ea-40c5b2aca270/host
Jul 15 14:58:51 gtw01 dnsmasq-dhcp[27731]: read /var/lib/neutron/dhcp/7ea7638d-9be2-4657-b4ea-40c5b2aca270/opts
Jul 15 14:58:51 gtw01 dnsmasq[17160]: read /var/lib/neutron/dhcp/6e27b216-4503-43bd-924e-0e7d283c4bf3/addn_hosts - 3 addresses
Jul 15 14:58:51 gtw01 dnsmasq-dhcp[17160]: read /var/lib/neutron/dhcp/6e27b216-4503-43bd-924e-0e7d283c4bf3/host
Jul 15 14:58:51 gtw01 dnsmasq-dhcp[17160]: read /var/lib/neutron/dhcp/6e27b216-4503-43bd-924e-0e7d283c4bf3/opts
Jul 15 14:58:52 gtw01 dnsmasq[27144]: read /var/lib/neutron/dhcp/9016af6f-05d6-4ed8-bf4e-07e532054df5/addn_hosts - 3 addresses
Jul 15 14:58:52 gtw01 dnsmasq-dhcp[27144]: read /var/lib/neutron/dhcp/9016af6f-05d6-4ed8-bf4e-07e532054df5/host
Jul 15 14:58:52 gtw01 dnsmasq-dhcp[27144]: read /var/lib/neutron/dhcp/9016af6f-05d6-4ed8-bf4e-07e532054df5/opts
Jul 15 14:58:52 gtw01 dnsmasq[27731]: read /var/lib/neutron/dhcp/7ea7638d-9be2-4657-b4ea-40c5b2aca270/addn_hosts - 3 addresses
Jul 15 14:58:52 gtw01 dnsmasq-dhcp[27731]: read /var/lib/neutron/dhcp/7ea7638d-9be2-4657-b4ea-40c5b2aca270/host
Jul 15 14:58:52 gtw01 dnsmasq-dhcp[27731]: read /var/lib/neutron/dhcp/7ea7638d-9be2-4657-b4ea-40c5b2aca270/opts
Jul 15 14:58:53 gtw01 dnsmasq[17160]: read /var/lib/neutron/dhcp/6e27b216-4503-43bd-924e-0e7d283c4bf3/addn_hosts - 3 addresses
Jul 15 14:58:53 gtw01 dnsmasq-dhcp[17160]: read /var/lib/neutron/dhcp/6e27b216-4503-43bd-924e-0e7d283c4bf3/host
Jul 15 14:58:53 gtw01 dnsmasq-dhcp[17160]: read /var/lib/neutron/dhcp/6e27b216-4503-43bd-924e-0e7d283c4bf3/opts
Jul 15 14:58:54 gtw01 dnsmasq[27144]: read /var/lib/neutron/dhcp/9016af6f-05d6-4ed8-bf4e-07e532054df5/addn_hosts - 3 addresses
Jul 15 14:58:54 gtw01 dnsmasq-dhcp[27144]: read /var/lib/neutron/dhcp/9016af6f-05d6-4ed8-bf4e-07e532054df5/host
Jul 15 14:58:54 gtw01 dnsmasq-dhcp[27144]: read /var/lib/neutron/dhcp/9016af6f-05d6-4ed8-bf4e-07e532054df5/opts
Jul 15 14:58:54 gtw01 dnsmasq[28859]: started, version 2.80 cachesize 150
Jul 15 14:58:54 gtw01 dnsmasq[28859]: DNS service limited to local subnets
Jul 15 14:58:54 gtw01 dnsmasq[28859]: compile time options: IPv6 GNU-getopt DBus i18n IDN DHCP DHCPv6 no-Lua TFTP conntrack ipset auth DNSSEC loop-detect inotify dumpfile
Jul 15 14:58:54 gtw01 dnsmasq[28859]: warning: no upstream servers configured
Jul 15 14:58:54 gtw01 dnsmasq-dhcp[28859]: DHCP, static leases only on 192.168.120.0, lease time 1h
Jul 15 14:58:54 gtw01 dnsmasq[28859]: read /var/lib/neutron/dhcp/d595fd12-595b-4790-be56-6c8d98707182/addn_hosts - 1 addresses
Jul 15 14:58:54 gtw01 dnsmasq-dhcp[28859]: read /var/lib/neutron/dhcp/d595fd12-595b-4790-be56-6c8d98707182/host
Jul 15 14:58:54 gtw01 dnsmasq-dhcp[28859]: read /var/lib/neutron/dhcp/d595fd12-595b-4790-be56-6c8d98707182/opts
Jul 15 14:58:54 gtw01 dnsmasq[27731]: read /var/lib/neutron/dhcp/7ea7638d-9be2-4657-b4ea-40c5b2aca270/addn_hosts - 3 addresses
Jul 15 14:58:54 gtw01 dnsmasq-dhcp[27731]: read /var/lib/neutron/dhcp/7ea7638d-9be2-4657-b4ea-40c5b2aca270/host
Jul 15 14:58:54 gtw01 dnsmasq-dhcp[27731]: read /var/lib/neutron/dhcp/7ea7638d-9be2-4657-b4ea-40c5b2aca270/opts
Jul 15 14:58:54 gtw01 systemd-udevd[28867]: Could not generate persistent MAC address for vxlan_sys_4789: No such file or directory
Jul 15 14:58:54 gtw01 kernel: [ 6836.081490] device vxlan_sys_4789 entered promiscuous mode
Jul 15 14:58:54 gtw01 haproxy-metadata-proxy-d595fd12-595b-4790-be56-6c8d98707182[28917]: Proxy listener started.
Jul 15 14:58:55 gtw01 dnsmasq[28859]: read /var/lib/neutron/dhcp/d595fd12-595b-4790-be56-6c8d98707182/addn_hosts - 2 addresses
Jul 15 14:58:55 gtw01 dnsmasq-dhcp[28859]: read /var/lib/neutron/dhcp/d595fd12-595b-4790-be56-6c8d98707182/host
Jul 15 14:58:55 gtw01 dnsmasq-dhcp[28859]: read /var/lib/neutron/dhcp/d595fd12-595b-4790-be56-6c8d98707182/opts
Jul 15 14:58:56 gtw01 systemd-udevd[29042]: Could not generate persistent MAC address for qg-b9a600de-54: No such file or directory
Jul 15 14:58:56 gtw01 kernel: [ 6838.045179] device qg-b9a600de-54 entered promiscuous mode
Jul 15 14:58:56 gtw01 dnsmasq[28859]: read /var/lib/neutron/dhcp/d595fd12-595b-4790-be56-6c8d98707182/addn_hosts - 2 addresses
Jul 15 14:58:56 gtw01 dnsmasq-dhcp[28859]: read /var/lib/neutron/dhcp/d595fd12-595b-4790-be56-6c8d98707182/host
Jul 15 14:58:56 gtw01 dnsmasq-dhcp[28859]: read /var/lib/neutron/dhcp/d595fd12-595b-4790-be56-6c8d98707182/opts
Jul 15 14:58:57 gtw01 dnsmasq[28859]: read /var/lib/neutron/dhcp/d595fd12-595b-4790-be56-6c8d98707182/addn_hosts - 2 addresses
Jul 15 14:58:57 gtw01 dnsmasq-dhcp[28859]: read /var/lib/neutron/dhcp/d595fd12-595b-4790-be56-6c8d98707182/host
Jul 15 14:58:57 gtw01 dnsmasq-dhcp[28859]: read /var/lib/neutron/dhcp/d595fd12-595b-4790-be56-6c8d98707182/opts
Jul 15 14:58:58 gtw01 dnsmasq[28859]: read /var/lib/neutron/dhcp/d595fd12-595b-4790-be56-6c8d98707182/addn_hosts - 2 addresses
Jul 15 14:58:58 gtw01 dnsmasq-dhcp[28859]: read /var/lib/neutron/dhcp/d595fd12-595b-4790-be56-6c8d98707182/host
Jul 15 14:58:58 gtw01 dnsmasq-dhcp[28859]: read /var/lib/neutron/dhcp/d595fd12-595b-4790-be56-6c8d98707182/opts
Jul 15 14:58:59 gtw01 dnsmasq[28859]: read /var/lib/neutron/dhcp/d595fd12-595b-4790-be56-6c8d98707182/addn_hosts - 2 addresses
Jul 15 14:58:59 gtw01 dnsmasq-dhcp[28859]: read /var/lib/neutron/dhcp/d595fd12-595b-4790-be56-6c8d98707182/host
Jul 15 14:58:59 gtw01 dnsmasq-dhcp[28859]: read /var/lib/neutron/dhcp/d595fd12-595b-4790-be56-6c8d98707182/opts
Jul 15 14:59:03 gtw01 haproxy-metadata-proxy-0c494eb1-a663-483f-8e58-0bd5470839ad[29403]: Proxy listener started.
Jul 15 14:59:04 gtw01 dnsmasq[17160]: read /var/lib/neutron/dhcp/6e27b216-4503-43bd-924e-0e7d283c4bf3/addn_hosts - 2 addresses
Jul 15 14:59:04 gtw01 dnsmasq-dhcp[17160]: read /var/lib/neutron/dhcp/6e27b216-4503-43bd-924e-0e7d283c4bf3/host
Jul 15 14:59:04 gtw01 dnsmasq-dhcp[17160]: read /var/lib/neutron/dhcp/6e27b216-4503-43bd-924e-0e7d283c4bf3/opts
Jul 15 14:59:04 gtw01 dnsmasq[28859]: read /var/lib/neutron/dhcp/d595fd12-595b-4790-be56-6c8d98707182/addn_hosts - 2 addresses
Jul 15 14:59:04 gtw01 dnsmasq-dhcp[28859]: read /var/lib/neutron/dhcp/d595fd12-595b-4790-be56-6c8d98707182/host
Jul 15 14:59:04 gtw01 dnsmasq-dhcp[28859]: read /var/lib/neutron/dhcp/d595fd12-595b-4790-be56-6c8d98707182/opts
Jul 15 14:59:05 gtw01 dnsmasq-dhcp[27731]: DHCPDISCOVER(tap4a1dbd8b-54) fa:16:3e:41:94:9e
Jul 15 14:59:05 gtw01 dnsmasq-dhcp[27731]: DHCPOFFER(tap4a1dbd8b-54) 192.168.120.12 fa:16:3e:41:94:9e
Jul 15 14:59:05 gtw01 dnsmasq-dhcp[27731]: DHCPREQUEST(tap4a1dbd8b-54) 192.168.120.12 fa:16:3e:41:94:9e
Jul 15 14:59:05 gtw01 dnsmasq-dhcp[27731]: DHCPACK(tap4a1dbd8b-54) 192.168.120.12 fa:16:3e:41:94:9e host-192-168-120-12
Jul 15 14:59:05 gtw01 systemd-udevd[29458]: Could not generate persistent MAC address for qr-4e75737a-71: No such file or directory
Jul 15 14:59:05 gtw01 kernel: [ 6847.019005] device qr-4e75737a-71 entered promiscuous mode
Jul 15 14:59:05 gtw01 dnsmasq[28859]: read /var/lib/neutron/dhcp/d595fd12-595b-4790-be56-6c8d98707182/addn_hosts - 2 addresses
Jul 15 14:59:05 gtw01 dnsmasq-dhcp[28859]: read /var/lib/neutron/dhcp/d595fd12-595b-4790-be56-6c8d98707182/host
Jul 15 14:59:05 gtw01 dnsmasq-dhcp[28859]: read /var/lib/neutron/dhcp/d595fd12-595b-4790-be56-6c8d98707182/opts
Jul 15 14:59:08 gtw01 dnsmasq[28859]: read /var/lib/neutron/dhcp/d595fd12-595b-4790-be56-6c8d98707182/addn_hosts - 1 addresses
Jul 15 14:59:08 gtw01 dnsmasq-dhcp[28859]: read /var/lib/neutron/dhcp/d595fd12-595b-4790-be56-6c8d98707182/host
Jul 15 14:59:08 gtw01 dnsmasq-dhcp[28859]: read /var/lib/neutron/dhcp/d595fd12-595b-4790-be56-6c8d98707182/opts
Jul 15 14:59:08 gtw01 haproxy-metadata-proxy-d595fd12-595b-4790-be56-6c8d98707182[29722]: Proxy listener started.
Jul 15 14:59:09 gtw01 dnsmasq[17160]: read /var/lib/neutron/dhcp/6e27b216-4503-43bd-924e-0e7d283c4bf3/addn_hosts - 3 addresses
Jul 15 14:59:09 gtw01 dnsmasq-dhcp[17160]: read /var/lib/neutron/dhcp/6e27b216-4503-43bd-924e-0e7d283c4bf3/host
Jul 15 14:59:09 gtw01 dnsmasq-dhcp[17160]: read /var/lib/neutron/dhcp/6e27b216-4503-43bd-924e-0e7d283c4bf3/opts
Jul 15 14:59:10 gtw01 dnsmasq[17160]: read /var/lib/neutron/dhcp/6e27b216-4503-43bd-924e-0e7d283c4bf3/addn_hosts - 3 addresses
Jul 15 14:59:10 gtw01 dnsmasq-dhcp[17160]: read /var/lib/neutron/dhcp/6e27b216-4503-43bd-924e-0e7d283c4bf3/host
Jul 15 14:59:10 gtw01 dnsmasq-dhcp[17160]: read /var/lib/neutron/dhcp/6e27b216-4503-43bd-924e-0e7d283c4bf3/opts
Jul 15 14:59:11 gtw01 kernel: [ 6852.809551] device qr-4e75737a-71 left promiscuous mode
Jul 15 14:59:11 gtw01 dnsmasq[17160]: read /var/lib/neutron/dhcp/6e27b216-4503-43bd-924e-0e7d283c4bf3/addn_hosts - 3 addresses
Jul 15 14:59:11 gtw01 dnsmasq-dhcp[17160]: read /var/lib/neutron/dhcp/6e27b216-4503-43bd-924e-0e7d283c4bf3/host
Jul 15 14:59:11 gtw01 dnsmasq-dhcp[17160]: read /var/lib/neutron/dhcp/6e27b216-4503-43bd-924e-0e7d283c4bf3/opts
Jul 15 14:59:12 gtw01 kernel: [ 6853.755685] device qg-b9a600de-54 left promiscuous mode
Jul 15 14:59:12 gtw01 kernel: [ 6853.927809] device tapc7653297-68 left promiscuous mode
Jul 15 14:59:12 gtw01 dnsmasq-dhcp[27144]: DHCPDISCOVER(tapc9996390-8a) fa:16:3e:ed:9d:bb
Jul 15 14:59:12 gtw01 dnsmasq-dhcp[27144]: DHCPOFFER(tapc9996390-8a) 192.168.120.4 fa:16:3e:ed:9d:bb
Jul 15 14:59:12 gtw01 dnsmasq-dhcp[27144]: DHCPREQUEST(tapc9996390-8a) 192.168.120.4 fa:16:3e:ed:9d:bb
Jul 15 14:59:12 gtw01 dnsmasq-dhcp[27144]: DHCPACK(tapc9996390-8a) 192.168.120.4 fa:16:3e:ed:9d:bb host-192-168-120-4
Jul 15 14:59:14 gtw01 dnsmasq[27731]: read /var/lib/neutron/dhcp/7ea7638d-9be2-4657-b4ea-40c5b2aca270/addn_hosts - 4 addresses
Jul 15 14:59:14 gtw01 dnsmasq-dhcp[27731]: read /var/lib/neutron/dhcp/7ea7638d-9be2-4657-b4ea-40c5b2aca270/host
Jul 15 14:59:14 gtw01 dnsmasq-dhcp[27731]: read /var/lib/neutron/dhcp/7ea7638d-9be2-4657-b4ea-40c5b2aca270/opts
Jul 15 14:59:16 gtw01 dnsmasq[17160]: read /var/lib/neutron/dhcp/6e27b216-4503-43bd-924e-0e7d283c4bf3/addn_hosts - 2 addresses
Jul 15 14:59:16 gtw01 dnsmasq-dhcp[17160]: read /var/lib/neutron/dhcp/6e27b216-4503-43bd-924e-0e7d283c4bf3/host
Jul 15 14:59:16 gtw01 dnsmasq-dhcp[17160]: read /var/lib/neutron/dhcp/6e27b216-4503-43bd-924e-0e7d283c4bf3/opts
Jul 15 14:59:17 gtw01 dnsmasq[27731]: read /var/lib/neutron/dhcp/7ea7638d-9be2-4657-b4ea-40c5b2aca270/addn_hosts - 3 addresses
Jul 15 14:59:17 gtw01 dnsmasq-dhcp[27731]: read /var/lib/neutron/dhcp/7ea7638d-9be2-4657-b4ea-40c5b2aca270/host
Jul 15 14:59:17 gtw01 dnsmasq-dhcp[27731]: read /var/lib/neutron/dhcp/7ea7638d-9be2-4657-b4ea-40c5b2aca270/opts
Jul 15 14:59:20 gtw01 dnsmasq-dhcp[27731]: DHCPRELEASE(tap4a1dbd8b-54) 192.168.120.12 fa:16:3e:41:94:9e
Jul 15 14:59:20 gtw01 dnsmasq-dhcp[27731]: DHCPRELEASE(tap4a1dbd8b-54) 192.168.120.12 fa:16:3e:41:94:9e unknown lease
Jul 15 14:59:20 gtw01 kernel: [ 6862.050253] device tap67a3b7fc-18 entered promiscuous mode
Jul 15 14:59:20 gtw01 systemd-udevd[30034]: Could not generate persistent MAC address for tap67a3b7fc-18: No such file or directory
Jul 15 14:59:20 gtw01 systemd-udevd[30034]: Process '/sbin/ip link set tap67a3b7fc-18 txqueuelen 10000' failed with exit code 1.
Jul 15 14:59:20 gtw01 systemd-udevd[30034]: Process '/sbin/ip link set tap67a3b7fc-18 txqueuelen 10000' failed with exit code 1.
Jul 15 14:59:21 gtw01 dnsmasq[27731]: read /var/lib/neutron/dhcp/7ea7638d-9be2-4657-b4ea-40c5b2aca270/addn_hosts - 2 addresses
Jul 15 14:59:21 gtw01 dnsmasq-dhcp[27731]: read /var/lib/neutron/dhcp/7ea7638d-9be2-4657-b4ea-40c5b2aca270/host
Jul 15 14:59:21 gtw01 dnsmasq-dhcp[27731]: read /var/lib/neutron/dhcp/7ea7638d-9be2-4657-b4ea-40c5b2aca270/opts
Jul 15 14:59:24 gtw01 dnsmasq[30258]: started, version 2.80 cachesize 150
Jul 15 14:59:24 gtw01 dnsmasq[30258]: DNS service limited to local subnets
Jul 15 14:59:24 gtw01 dnsmasq[30258]: compile time options: IPv6 GNU-getopt DBus i18n IDN DHCP DHCPv6 no-Lua TFTP conntrack ipset auth DNSSEC loop-detect inotify dumpfile
Jul 15 14:59:24 gtw01 dnsmasq[30258]: warning: no upstream servers configured
Jul 15 14:59:24 gtw01 dnsmasq-dhcp[30258]: DHCP, static leases only on 192.168.120.0, lease time 1h
Jul 15 14:59:24 gtw01 dnsmasq[30258]: read /var/lib/neutron/dhcp/ad6eb076-3757-4074-95c6-de96dc74f07c/addn_hosts - 1 addresses
Jul 15 14:59:24 gtw01 dnsmasq-dhcp[30258]: read /var/lib/neutron/dhcp/ad6eb076-3757-4074-95c6-de96dc74f07c/host
Jul 15 14:59:24 gtw01 dnsmasq-dhcp[30258]: read /var/lib/neutron/dhcp/ad6eb076-3757-4074-95c6-de96dc74f07c/opts
Jul 15 14:59:24 gtw01 haproxy-metadata-proxy-ad6eb076-3757-4074-95c6-de96dc74f07c[30274]: Proxy listener started.
Jul 15 14:59:24 gtw01 dnsmasq-dhcp[27144]: DHCPRELEASE(tapc9996390-8a) 192.168.120.4 fa:16:3e:ed:9d:bb
Jul 15 14:59:24 gtw01 dnsmasq-dhcp[27144]: DHCPRELEASE(tapc9996390-8a) 192.168.120.4 fa:16:3e:ed:9d:bb unknown lease
Jul 15 14:59:24 gtw01 kernel: [ 6866.447391] device vxlan_sys_4789 left promiscuous mode
Jul 15 14:59:24 gtw01 kernel: [ 6866.518161] device qg-4d402cbc-1c entered promiscuous mode
Jul 15 14:59:24 gtw01 systemd-udevd[30314]: Could not generate persistent MAC address for qg-4d402cbc-1c: No such file or directory
Jul 15 14:59:25 gtw01 dnsmasq[30258]: read /var/lib/neutron/dhcp/ad6eb076-3757-4074-95c6-de96dc74f07c/addn_hosts - 2 addresses
Jul 15 14:59:25 gtw01 dnsmasq-dhcp[30258]: read /var/lib/neutron/dhcp/ad6eb076-3757-4074-95c6-de96dc74f07c/host
Jul 15 14:59:25 gtw01 dnsmasq-dhcp[30258]: read /var/lib/neutron/dhcp/ad6eb076-3757-4074-95c6-de96dc74f07c/opts
Jul 15 14:59:25 gtw01 dnsmasq[27144]: read /var/lib/neutron/dhcp/9016af6f-05d6-4ed8-bf4e-07e532054df5/addn_hosts - 2 addresses
Jul 15 14:59:25 gtw01 dnsmasq-dhcp[27144]: read /var/lib/neutron/dhcp/9016af6f-05d6-4ed8-bf4e-07e532054df5/host
Jul 15 14:59:25 gtw01 dnsmasq-dhcp[27144]: read /var/lib/neutron/dhcp/9016af6f-05d6-4ed8-bf4e-07e532054df5/opts
Jul 15 14:59:25 gtw01 dnsmasq[27731]: read /var/lib/neutron/dhcp/7ea7638d-9be2-4657-b4ea-40c5b2aca270/addn_hosts - 1 addresses
Jul 15 14:59:25 gtw01 dnsmasq-dhcp[27731]: read /var/lib/neutron/dhcp/7ea7638d-9be2-4657-b4ea-40c5b2aca270/host
Jul 15 14:59:25 gtw01 dnsmasq-dhcp[27731]: read /var/lib/neutron/dhcp/7ea7638d-9be2-4657-b4ea-40c5b2aca270/opts
Jul 15 14:59:26 gtw01 dnsmasq[30258]: read /var/lib/neutron/dhcp/ad6eb076-3757-4074-95c6-de96dc74f07c/addn_hosts - 2 addresses
Jul 15 14:59:26 gtw01 dnsmasq-dhcp[30258]: read /var/lib/neutron/dhcp/ad6eb076-3757-4074-95c6-de96dc74f07c/host
Jul 15 14:59:26 gtw01 dnsmasq-dhcp[30258]: read /var/lib/neutron/dhcp/ad6eb076-3757-4074-95c6-de96dc74f07c/opts
Jul 15 14:59:26 gtw01 haproxy-metadata-proxy-7ea7638d-9be2-4657-b4ea-40c5b2aca270[30493]: Proxy listener started.
Jul 15 14:59:27 gtw01 dnsmasq[30258]: read /var/lib/neutron/dhcp/ad6eb076-3757-4074-95c6-de96dc74f07c/addn_hosts - 2 addresses
Jul 15 14:59:27 gtw01 dnsmasq-dhcp[30258]: read /var/lib/neutron/dhcp/ad6eb076-3757-4074-95c6-de96dc74f07c/host
Jul 15 14:59:27 gtw01 dnsmasq-dhcp[30258]: read /var/lib/neutron/dhcp/ad6eb076-3757-4074-95c6-de96dc74f07c/opts
Jul 15 14:59:27 gtw01 kernel: [ 6869.413381] IPv4: martian source 10.16.0.113 from 10.16.0.113, on dev qr-aef86f0e-c6
Jul 15 14:59:27 gtw01 kernel: [ 6869.413385] ll header: 00000000: ff ff ff ff ff ff fa 16 3e d6 95 20 08 06        ........>.. ..
Jul 15 14:59:28 gtw01 kernel: [ 6869.676851] device qr-aef86f0e-c6 left promiscuous mode
Jul 15 14:59:28 gtw01 dnsmasq[30258]: read /var/lib/neutron/dhcp/ad6eb076-3757-4074-95c6-de96dc74f07c/addn_hosts - 2 addresses
Jul 15 14:59:28 gtw01 dnsmasq-dhcp[30258]: read /var/lib/neutron/dhcp/ad6eb076-3757-4074-95c6-de96dc74f07c/host
Jul 15 14:59:28 gtw01 dnsmasq-dhcp[30258]: read /var/lib/neutron/dhcp/ad6eb076-3757-4074-95c6-de96dc74f07c/opts
Jul 15 14:59:29 gtw01 dnsmasq[30258]: read /var/lib/neutron/dhcp/ad6eb076-3757-4074-95c6-de96dc74f07c/addn_hosts - 2 addresses
Jul 15 14:59:29 gtw01 dnsmasq-dhcp[30258]: read /var/lib/neutron/dhcp/ad6eb076-3757-4074-95c6-de96dc74f07c/host
Jul 15 14:59:29 gtw01 dnsmasq-dhcp[30258]: read /var/lib/neutron/dhcp/ad6eb076-3757-4074-95c6-de96dc74f07c/opts
Jul 15 14:59:30 gtw01 dnsmasq[30258]: read /var/lib/neutron/dhcp/ad6eb076-3757-4074-95c6-de96dc74f07c/addn_hosts - 3 addresses
Jul 15 14:59:30 gtw01 dnsmasq-dhcp[30258]: read /var/lib/neutron/dhcp/ad6eb076-3757-4074-95c6-de96dc74f07c/host
Jul 15 14:59:30 gtw01 dnsmasq-dhcp[30258]: read /var/lib/neutron/dhcp/ad6eb076-3757-4074-95c6-de96dc74f07c/opts
Jul 15 14:59:31 gtw01 kernel: [ 6873.046209] device qg-70199dba-dd left promiscuous mode
Jul 15 14:59:31 gtw01 dnsmasq[30258]: read /var/lib/neutron/dhcp/ad6eb076-3757-4074-95c6-de96dc74f07c/addn_hosts - 3 addresses
Jul 15 14:59:31 gtw01 dnsmasq-dhcp[30258]: read /var/lib/neutron/dhcp/ad6eb076-3757-4074-95c6-de96dc74f07c/host
Jul 15 14:59:31 gtw01 dnsmasq-dhcp[30258]: read /var/lib/neutron/dhcp/ad6eb076-3757-4074-95c6-de96dc74f07c/opts
Jul 15 14:59:31 gtw01 dnsmasq[27144]: read /var/lib/neutron/dhcp/9016af6f-05d6-4ed8-bf4e-07e532054df5/addn_hosts - 1 addresses
Jul 15 14:59:31 gtw01 dnsmasq-dhcp[27144]: read /var/lib/neutron/dhcp/9016af6f-05d6-4ed8-bf4e-07e532054df5/host
Jul 15 14:59:31 gtw01 dnsmasq-dhcp[27144]: read /var/lib/neutron/dhcp/9016af6f-05d6-4ed8-bf4e-07e532054df5/opts
Jul 15 14:59:32 gtw01 haproxy-metadata-proxy-b5c4ec7c-cfe7-4ffb-a8db-2202e348ab66[30823]: Proxy listener started.
Jul 15 14:59:32 gtw01 dnsmasq[30258]: read /var/lib/neutron/dhcp/ad6eb076-3757-4074-95c6-de96dc74f07c/addn_hosts - 3 addresses
Jul 15 14:59:32 gtw01 dnsmasq-dhcp[30258]: read /var/lib/neutron/dhcp/ad6eb076-3757-4074-95c6-de96dc74f07c/host
Jul 15 14:59:32 gtw01 dnsmasq-dhcp[30258]: read /var/lib/neutron/dhcp/ad6eb076-3757-4074-95c6-de96dc74f07c/opts
Jul 15 14:59:32 gtw01 haproxy-metadata-proxy-9016af6f-05d6-4ed8-bf4e-07e532054df5[30863]: Proxy listener started.
Jul 15 14:59:33 gtw01 kernel: [ 6874.657037] device tap4a1dbd8b-54 left promiscuous mode
Jul 15 14:59:33 gtw01 systemd-udevd[30925]: Could not generate persistent MAC address for tap7eb641c6-39: No such file or directory
Jul 15 14:59:33 gtw01 kernel: [ 6875.416835] device tap7eb641c6-39 entered promiscuous mode
Jul 15 14:59:33 gtw01 systemd-udevd[30925]: Process '/sbin/ip link set tap7eb641c6-39 txqueuelen 10000' failed with exit code 1.
Jul 15 14:59:33 gtw01 dnsmasq[30258]: read /var/lib/neutron/dhcp/ad6eb076-3757-4074-95c6-de96dc74f07c/addn_hosts - 3 addresses
Jul 15 14:59:33 gtw01 dnsmasq-dhcp[30258]: read /var/lib/neutron/dhcp/ad6eb076-3757-4074-95c6-de96dc74f07c/host
Jul 15 14:59:33 gtw01 dnsmasq-dhcp[30258]: read /var/lib/neutron/dhcp/ad6eb076-3757-4074-95c6-de96dc74f07c/opts
Jul 15 14:59:33 gtw01 systemd-udevd[31003]: Process '/sbin/ip link set tap7eb641c6-39 txqueuelen 10000' failed with exit code 1.
Jul 15 14:59:34 gtw01 systemd-udevd[31042]: Could not generate persistent MAC address for qr-b968d58f-c9: No such file or directory
