Jul 15 14:03:03 gtw01 dnsmasq[13938]: started, version 2.80 cachesize 150
Jul 15 14:03:03 gtw01 dnsmasq[13938]: DNS service limited to local subnets
Jul 15 14:03:03 gtw01 dnsmasq[13938]: compile time options: IPv6 GNU-getopt DBus i18n IDN DHCP DHCPv6 no-Lua TFTP conntrack ipset auth DNSSEC loop-detect inotify dumpfile
Jul 15 14:03:03 gtw01 dnsmasq[13938]: warning: no upstream servers configured
Jul 15 14:03:03 gtw01 dnsmasq-dhcp[13938]: DHCP, static leases only on 192.168.120.32, lease time 1h
Jul 15 14:03:03 gtw01 dnsmasq[13938]: read /var/lib/neutron/dhcp/8242e023-9839-4b89-ad92-b896095a5f17/addn_hosts - 1 addresses
Jul 15 14:03:03 gtw01 dnsmasq-dhcp[13938]: read /var/lib/neutron/dhcp/8242e023-9839-4b89-ad92-b896095a5f17/host
Jul 15 14:03:03 gtw01 dnsmasq-dhcp[13938]: read /var/lib/neutron/dhcp/8242e023-9839-4b89-ad92-b896095a5f17/opts
Jul 15 14:03:04 gtw01 haproxy-metadata-proxy-8242e023-9839-4b89-ad92-b896095a5f17[13953]: Proxy listener started.
Jul 15 14:03:04 gtw01 dnsmasq[12812]: read /var/lib/neutron/dhcp/05298aad-3e65-4975-875b-ddb283c2e500/addn_hosts - 3 addresses
Jul 15 14:03:04 gtw01 dnsmasq-dhcp[12812]: read /var/lib/neutron/dhcp/05298aad-3e65-4975-875b-ddb283c2e500/host
Jul 15 14:03:04 gtw01 dnsmasq-dhcp[12812]: read /var/lib/neutron/dhcp/05298aad-3e65-4975-875b-ddb283c2e500/opts
Jul 15 14:03:05 gtw01 dnsmasq[13938]: read /var/lib/neutron/dhcp/8242e023-9839-4b89-ad92-b896095a5f17/addn_hosts - 2 addresses
Jul 15 14:03:05 gtw01 dnsmasq-dhcp[13938]: read /var/lib/neutron/dhcp/8242e023-9839-4b89-ad92-b896095a5f17/host
Jul 15 14:03:05 gtw01 dnsmasq-dhcp[13938]: read /var/lib/neutron/dhcp/8242e023-9839-4b89-ad92-b896095a5f17/opts
Jul 15 14:03:05 gtw01 dnsmasq[12812]: read /var/lib/neutron/dhcp/05298aad-3e65-4975-875b-ddb283c2e500/addn_hosts - 2 addresses
Jul 15 14:03:05 gtw01 dnsmasq-dhcp[12812]: read /var/lib/neutron/dhcp/05298aad-3e65-4975-875b-ddb283c2e500/host
Jul 15 14:03:05 gtw01 dnsmasq-dhcp[12812]: read /var/lib/neutron/dhcp/05298aad-3e65-4975-875b-ddb283c2e500/opts
Jul 15 14:03:05 gtw01 dnsmasq[14078]: started, version 2.80 cachesize 150
Jul 15 14:03:05 gtw01 dnsmasq[14078]: DNS service limited to local subnets
Jul 15 14:03:05 gtw01 dnsmasq[14078]: compile time options: IPv6 GNU-getopt DBus i18n IDN DHCP DHCPv6 no-Lua TFTP conntrack ipset auth DNSSEC loop-detect inotify dumpfile
Jul 15 14:03:05 gtw01 dnsmasq[14078]: warning: no upstream servers configured
Jul 15 14:03:05 gtw01 dnsmasq-dhcp[14078]: DHCPv6, static leases only on 2003::, lease time 1h
Jul 15 14:03:05 gtw01 dnsmasq[14078]: read /var/lib/neutron/dhcp/0276b271-4f35-4948-a1e6-7f555672177b/addn_hosts - 1 addresses
Jul 15 14:03:05 gtw01 dnsmasq-dhcp[14078]: read /var/lib/neutron/dhcp/0276b271-4f35-4948-a1e6-7f555672177b/host
Jul 15 14:03:05 gtw01 dnsmasq-dhcp[14078]: read /var/lib/neutron/dhcp/0276b271-4f35-4948-a1e6-7f555672177b/opts
Jul 15 14:03:06 gtw01 dnsmasq[13938]: read /var/lib/neutron/dhcp/8242e023-9839-4b89-ad92-b896095a5f17/addn_hosts - 2 addresses
Jul 15 14:03:06 gtw01 dnsmasq-dhcp[13938]: read /var/lib/neutron/dhcp/8242e023-9839-4b89-ad92-b896095a5f17/host
Jul 15 14:03:06 gtw01 dnsmasq-dhcp[13938]: read /var/lib/neutron/dhcp/8242e023-9839-4b89-ad92-b896095a5f17/opts
Jul 15 14:03:06 gtw01 dnsmasq[12812]: read /var/lib/neutron/dhcp/05298aad-3e65-4975-875b-ddb283c2e500/addn_hosts - 1 addresses
Jul 15 14:03:06 gtw01 dnsmasq-dhcp[12812]: read /var/lib/neutron/dhcp/05298aad-3e65-4975-875b-ddb283c2e500/host
Jul 15 14:03:06 gtw01 dnsmasq-dhcp[12812]: read /var/lib/neutron/dhcp/05298aad-3e65-4975-875b-ddb283c2e500/opts
Jul 15 14:03:06 gtw01 dnsmasq[14078]: read /var/lib/neutron/dhcp/0276b271-4f35-4948-a1e6-7f555672177b/addn_hosts - 3 addresses
Jul 15 14:03:06 gtw01 dnsmasq-dhcp[14078]: read /var/lib/neutron/dhcp/0276b271-4f35-4948-a1e6-7f555672177b/host
Jul 15 14:03:06 gtw01 dnsmasq-dhcp[14078]: read /var/lib/neutron/dhcp/0276b271-4f35-4948-a1e6-7f555672177b/opts
Jul 15 14:03:07 gtw01 kernel: [ 3488.691031] device tapd9e02f1c-d4 entered promiscuous mode
Jul 15 14:03:07 gtw01 systemd-udevd[14162]: Could not generate persistent MAC address for tapd9e02f1c-d4: No such file or directory
Jul 15 14:03:07 gtw01 systemd-udevd[14162]: Process '/sbin/ip link set tapd9e02f1c-d4 txqueuelen 10000' failed with exit code 1.
Jul 15 14:03:07 gtw01 systemd-udevd[14242]: Process '/sbin/ip link set tapd9e02f1c-d4 txqueuelen 10000' failed with exit code 1.
Jul 15 14:03:07 gtw01 dnsmasq[13938]: read /var/lib/neutron/dhcp/8242e023-9839-4b89-ad92-b896095a5f17/addn_hosts - 2 addresses
Jul 15 14:03:07 gtw01 dnsmasq-dhcp[13938]: read /var/lib/neutron/dhcp/8242e023-9839-4b89-ad92-b896095a5f17/host
Jul 15 14:03:07 gtw01 dnsmasq-dhcp[13938]: read /var/lib/neutron/dhcp/8242e023-9839-4b89-ad92-b896095a5f17/opts
Jul 15 14:03:07 gtw01 dnsmasq[14277]: started, version 2.80 cachesize 150
Jul 15 14:03:07 gtw01 dnsmasq[14277]: DNS service limited to local subnets
Jul 15 14:03:07 gtw01 dnsmasq[14277]: compile time options: IPv6 GNU-getopt DBus i18n IDN DHCP DHCPv6 no-Lua TFTP conntrack ipset auth DNSSEC loop-detect inotify dumpfile
Jul 15 14:03:07 gtw01 dnsmasq[14277]: warning: no upstream servers configured
Jul 15 14:03:07 gtw01 dnsmasq-dhcp[14277]: DHCP, static leases only on 192.168.120.48, lease time 1h
Jul 15 14:03:07 gtw01 dnsmasq[14277]: read /var/lib/neutron/dhcp/b11bf5aa-eb68-4cf1-be1e-bb6f3a6c823f/addn_hosts - 1 addresses
Jul 15 14:03:07 gtw01 dnsmasq-dhcp[14277]: read /var/lib/neutron/dhcp/b11bf5aa-eb68-4cf1-be1e-bb6f3a6c823f/host
Jul 15 14:03:07 gtw01 dnsmasq-dhcp[14277]: read /var/lib/neutron/dhcp/b11bf5aa-eb68-4cf1-be1e-bb6f3a6c823f/opts
Jul 15 14:03:07 gtw01 haproxy-metadata-proxy-b11bf5aa-eb68-4cf1-be1e-bb6f3a6c823f[14293]: Proxy listener started.
Jul 15 14:03:08 gtw01 dnsmasq[14078]: read /var/lib/neutron/dhcp/0276b271-4f35-4948-a1e6-7f555672177b/addn_hosts - 3 addresses
Jul 15 14:03:08 gtw01 dnsmasq-dhcp[14078]: read /var/lib/neutron/dhcp/0276b271-4f35-4948-a1e6-7f555672177b/host
Jul 15 14:03:08 gtw01 dnsmasq-dhcp[14078]: read /var/lib/neutron/dhcp/0276b271-4f35-4948-a1e6-7f555672177b/opts
Jul 15 14:03:08 gtw01 kernel: [ 3489.892369] device tapa28c058c-63 entered promiscuous mode
Jul 15 14:03:08 gtw01 systemd-udevd[14328]: Could not generate persistent MAC address for tapa28c058c-63: No such file or directory
Jul 15 14:03:08 gtw01 systemd-udevd[14402]: Process '/sbin/ip link set tapa28c058c-63 txqueuelen 10000' failed with exit code 1.
Jul 15 14:03:08 gtw01 dnsmasq[13938]: read /var/lib/neutron/dhcp/8242e023-9839-4b89-ad92-b896095a5f17/addn_hosts - 2 addresses
Jul 15 14:03:08 gtw01 dnsmasq-dhcp[13938]: read /var/lib/neutron/dhcp/8242e023-9839-4b89-ad92-b896095a5f17/host
Jul 15 14:03:08 gtw01 dnsmasq-dhcp[13938]: read /var/lib/neutron/dhcp/8242e023-9839-4b89-ad92-b896095a5f17/opts
Jul 15 14:03:08 gtw01 dnsmasq[14277]: read /var/lib/neutron/dhcp/b11bf5aa-eb68-4cf1-be1e-bb6f3a6c823f/addn_hosts - 2 addresses
Jul 15 14:03:08 gtw01 dnsmasq-dhcp[14277]: read /var/lib/neutron/dhcp/b11bf5aa-eb68-4cf1-be1e-bb6f3a6c823f/host
Jul 15 14:03:08 gtw01 dnsmasq-dhcp[14277]: read /var/lib/neutron/dhcp/b11bf5aa-eb68-4cf1-be1e-bb6f3a6c823f/opts
Jul 15 14:03:11 gtw01 dnsmasq[14078]: read /var/lib/neutron/dhcp/0276b271-4f35-4948-a1e6-7f555672177b/addn_hosts - 3 addresses
Jul 15 14:03:11 gtw01 dnsmasq-dhcp[14078]: read /var/lib/neutron/dhcp/0276b271-4f35-4948-a1e6-7f555672177b/host
Jul 15 14:03:11 gtw01 dnsmasq-dhcp[14078]: read /var/lib/neutron/dhcp/0276b271-4f35-4948-a1e6-7f555672177b/opts
Jul 15 14:03:11 gtw01 dnsmasq[14277]: read /var/lib/neutron/dhcp/b11bf5aa-eb68-4cf1-be1e-bb6f3a6c823f/addn_hosts - 2 addresses
Jul 15 14:03:11 gtw01 dnsmasq-dhcp[14277]: read /var/lib/neutron/dhcp/b11bf5aa-eb68-4cf1-be1e-bb6f3a6c823f/host
Jul 15 14:03:11 gtw01 dnsmasq-dhcp[14277]: read /var/lib/neutron/dhcp/b11bf5aa-eb68-4cf1-be1e-bb6f3a6c823f/opts
Jul 15 14:03:12 gtw01 dnsmasq[14078]: read /var/lib/neutron/dhcp/0276b271-4f35-4948-a1e6-7f555672177b/addn_hosts - 3 addresses
Jul 15 14:03:12 gtw01 dnsmasq-dhcp[14078]: read /var/lib/neutron/dhcp/0276b271-4f35-4948-a1e6-7f555672177b/host
Jul 15 14:03:12 gtw01 dnsmasq-dhcp[14078]: read /var/lib/neutron/dhcp/0276b271-4f35-4948-a1e6-7f555672177b/opts
Jul 15 14:03:13 gtw01 dnsmasq[14277]: read /var/lib/neutron/dhcp/b11bf5aa-eb68-4cf1-be1e-bb6f3a6c823f/addn_hosts - 2 addresses
Jul 15 14:03:13 gtw01 dnsmasq-dhcp[14277]: read /var/lib/neutron/dhcp/b11bf5aa-eb68-4cf1-be1e-bb6f3a6c823f/host
Jul 15 14:03:13 gtw01 dnsmasq-dhcp[14277]: read /var/lib/neutron/dhcp/b11bf5aa-eb68-4cf1-be1e-bb6f3a6c823f/opts
Jul 15 14:03:13 gtw01 dnsmasq[14637]: started, version 2.80 cachesize 150
Jul 15 14:03:13 gtw01 dnsmasq[14637]: DNS service limited to local subnets
Jul 15 14:03:13 gtw01 dnsmasq[14637]: compile time options: IPv6 GNU-getopt DBus i18n IDN DHCP DHCPv6 no-Lua TFTP conntrack ipset auth DNSSEC loop-detect inotify dumpfile
Jul 15 14:03:13 gtw01 dnsmasq[14637]: warning: no upstream servers configured
Jul 15 14:03:13 gtw01 dnsmasq-dhcp[14637]: DHCP, static leases only on 192.168.120.64, lease time 1h
Jul 15 14:03:13 gtw01 dnsmasq[14637]: read /var/lib/neutron/dhcp/16a62fe9-8000-47fa-bbd8-2a6ee5e571f9/addn_hosts - 1 addresses
Jul 15 14:03:13 gtw01 dnsmasq-dhcp[14637]: read /var/lib/neutron/dhcp/16a62fe9-8000-47fa-bbd8-2a6ee5e571f9/host
Jul 15 14:03:13 gtw01 dnsmasq-dhcp[14637]: read /var/lib/neutron/dhcp/16a62fe9-8000-47fa-bbd8-2a6ee5e571f9/opts
Jul 15 14:03:13 gtw01 haproxy-metadata-proxy-16a62fe9-8000-47fa-bbd8-2a6ee5e571f9[14651]: Proxy listener started.
Jul 15 14:03:13 gtw01 dnsmasq[14078]: read /var/lib/neutron/dhcp/0276b271-4f35-4948-a1e6-7f555672177b/addn_hosts - 3 addresses
Jul 15 14:03:13 gtw01 dnsmasq-dhcp[14078]: read /var/lib/neutron/dhcp/0276b271-4f35-4948-a1e6-7f555672177b/host
Jul 15 14:03:13 gtw01 dnsmasq-dhcp[14078]: read /var/lib/neutron/dhcp/0276b271-4f35-4948-a1e6-7f555672177b/opts
Jul 15 14:03:14 gtw01 dnsmasq[14277]: read /var/lib/neutron/dhcp/b11bf5aa-eb68-4cf1-be1e-bb6f3a6c823f/addn_hosts - 2 addresses
Jul 15 14:03:14 gtw01 dnsmasq-dhcp[14277]: read /var/lib/neutron/dhcp/b11bf5aa-eb68-4cf1-be1e-bb6f3a6c823f/host
Jul 15 14:03:14 gtw01 dnsmasq-dhcp[14277]: read /var/lib/neutron/dhcp/b11bf5aa-eb68-4cf1-be1e-bb6f3a6c823f/opts
Jul 15 14:03:14 gtw01 dnsmasq[14637]: read /var/lib/neutron/dhcp/16a62fe9-8000-47fa-bbd8-2a6ee5e571f9/addn_hosts - 2 addresses
Jul 15 14:03:14 gtw01 dnsmasq-dhcp[14637]: read /var/lib/neutron/dhcp/16a62fe9-8000-47fa-bbd8-2a6ee5e571f9/host
Jul 15 14:03:14 gtw01 dnsmasq-dhcp[14637]: read /var/lib/neutron/dhcp/16a62fe9-8000-47fa-bbd8-2a6ee5e571f9/opts
Jul 15 14:03:14 gtw01 kernel: [ 3496.571842] device tap4b663dd6-b7 entered promiscuous mode
Jul 15 14:03:14 gtw01 systemd-udevd[14741]: Could not generate persistent MAC address for tap4b663dd6-b7: No such file or directory
Jul 15 14:03:14 gtw01 dnsmasq[14078]: read /var/lib/neutron/dhcp/0276b271-4f35-4948-a1e6-7f555672177b/addn_hosts - 3 addresses
Jul 15 14:03:14 gtw01 dnsmasq-dhcp[14078]: read /var/lib/neutron/dhcp/0276b271-4f35-4948-a1e6-7f555672177b/host
Jul 15 14:03:14 gtw01 dnsmasq-dhcp[14078]: read /var/lib/neutron/dhcp/0276b271-4f35-4948-a1e6-7f555672177b/opts
Jul 15 14:03:14 gtw01 dnsmasq[14774]: started, version 2.80 cachesize 150
Jul 15 14:03:14 gtw01 dnsmasq[14774]: DNS service limited to local subnets
Jul 15 14:03:14 gtw01 dnsmasq[14774]: compile time options: IPv6 GNU-getopt DBus i18n IDN DHCP DHCPv6 no-Lua TFTP conntrack ipset auth DNSSEC loop-detect inotify dumpfile
Jul 15 14:03:14 gtw01 dnsmasq[14774]: warning: no upstream servers configured
Jul 15 14:03:14 gtw01 dnsmasq-dhcp[14774]: DHCP, static leases only on 192.168.120.80, lease time 1h
Jul 15 14:03:14 gtw01 dnsmasq[14774]: read /var/lib/neutron/dhcp/16f42623-3d6f-4104-993c-6f4dfc5a3cf9/addn_hosts - 1 addresses
Jul 15 14:03:14 gtw01 dnsmasq-dhcp[14774]: read /var/lib/neutron/dhcp/16f42623-3d6f-4104-993c-6f4dfc5a3cf9/host
Jul 15 14:03:14 gtw01 dnsmasq-dhcp[14774]: read /var/lib/neutron/dhcp/16f42623-3d6f-4104-993c-6f4dfc5a3cf9/opts
Jul 15 14:03:15 gtw01 systemd-udevd[14815]: Process '/sbin/ip link set tap4b663dd6-b7 txqueuelen 10000' failed with exit code 1.
Jul 15 14:03:15 gtw01 haproxy-metadata-proxy-16f42623-3d6f-4104-993c-6f4dfc5a3cf9[14838]: Proxy listener started.
Jul 15 14:03:15 gtw01 dnsmasq[14637]: read /var/lib/neutron/dhcp/16a62fe9-8000-47fa-bbd8-2a6ee5e571f9/addn_hosts - 2 addresses
Jul 15 14:03:15 gtw01 dnsmasq-dhcp[14637]: read /var/lib/neutron/dhcp/16a62fe9-8000-47fa-bbd8-2a6ee5e571f9/host
Jul 15 14:03:15 gtw01 dnsmasq-dhcp[14637]: read /var/lib/neutron/dhcp/16a62fe9-8000-47fa-bbd8-2a6ee5e571f9/opts
Jul 15 14:03:15 gtw01 dnsmasq[14078]: read /var/lib/neutron/dhcp/0276b271-4f35-4948-a1e6-7f555672177b/addn_hosts - 3 addresses
Jul 15 14:03:15 gtw01 dnsmasq-dhcp[14078]: read /var/lib/neutron/dhcp/0276b271-4f35-4948-a1e6-7f555672177b/host
Jul 15 14:03:15 gtw01 dnsmasq-dhcp[14078]: read /var/lib/neutron/dhcp/0276b271-4f35-4948-a1e6-7f555672177b/opts
Jul 15 14:03:16 gtw01 dnsmasq[14774]: read /var/lib/neutron/dhcp/16f42623-3d6f-4104-993c-6f4dfc5a3cf9/addn_hosts - 2 addresses
Jul 15 14:03:16 gtw01 dnsmasq-dhcp[14774]: read /var/lib/neutron/dhcp/16f42623-3d6f-4104-993c-6f4dfc5a3cf9/host
Jul 15 14:03:16 gtw01 dnsmasq-dhcp[14774]: read /var/lib/neutron/dhcp/16f42623-3d6f-4104-993c-6f4dfc5a3cf9/opts
Jul 15 14:03:17 gtw01 dnsmasq[14637]: read /var/lib/neutron/dhcp/16a62fe9-8000-47fa-bbd8-2a6ee5e571f9/addn_hosts - 2 addresses
Jul 15 14:03:17 gtw01 dnsmasq-dhcp[14637]: read /var/lib/neutron/dhcp/16a62fe9-8000-47fa-bbd8-2a6ee5e571f9/host
Jul 15 14:03:17 gtw01 dnsmasq-dhcp[14637]: read /var/lib/neutron/dhcp/16a62fe9-8000-47fa-bbd8-2a6ee5e571f9/opts
Jul 15 14:03:17 gtw01 dnsmasq[14078]: read /var/lib/neutron/dhcp/0276b271-4f35-4948-a1e6-7f555672177b/addn_hosts - 3 addresses
Jul 15 14:03:17 gtw01 dnsmasq-dhcp[14078]: read /var/lib/neutron/dhcp/0276b271-4f35-4948-a1e6-7f555672177b/host
Jul 15 14:03:17 gtw01 dnsmasq-dhcp[14078]: read /var/lib/neutron/dhcp/0276b271-4f35-4948-a1e6-7f555672177b/opts
Jul 15 14:03:17 gtw01 dnsmasq[14774]: read /var/lib/neutron/dhcp/16f42623-3d6f-4104-993c-6f4dfc5a3cf9/addn_hosts - 2 addresses
Jul 15 14:03:17 gtw01 dnsmasq-dhcp[14774]: read /var/lib/neutron/dhcp/16f42623-3d6f-4104-993c-6f4dfc5a3cf9/host
Jul 15 14:03:17 gtw01 dnsmasq-dhcp[14774]: read /var/lib/neutron/dhcp/16f42623-3d6f-4104-993c-6f4dfc5a3cf9/opts
Jul 15 14:03:17 gtw01 systemd-udevd[14998]: Could not generate persistent MAC address for tapeab9da7d-2b: No such file or directory
Jul 15 14:03:17 gtw01 kernel: [ 3499.296318] device tapeab9da7d-2b entered promiscuous mode
Jul 15 14:03:17 gtw01 systemd-udevd[14998]: Process '/sbin/ip link set tapeab9da7d-2b txqueuelen 10000' failed with exit code 1.
Jul 15 14:03:17 gtw01 systemd-udevd[14998]: Process '/sbin/ip link set tapeab9da7d-2b txqueuelen 10000' failed with exit code 1.
Jul 15 14:03:18 gtw01 dnsmasq[14637]: read /var/lib/neutron/dhcp/16a62fe9-8000-47fa-bbd8-2a6ee5e571f9/addn_hosts - 2 addresses
Jul 15 14:03:18 gtw01 dnsmasq-dhcp[14637]: read /var/lib/neutron/dhcp/16a62fe9-8000-47fa-bbd8-2a6ee5e571f9/host
Jul 15 14:03:18 gtw01 dnsmasq-dhcp[14637]: read /var/lib/neutron/dhcp/16a62fe9-8000-47fa-bbd8-2a6ee5e571f9/opts
Jul 15 14:03:18 gtw01 dnsmasq[14078]: read /var/lib/neutron/dhcp/0276b271-4f35-4948-a1e6-7f555672177b/addn_hosts - 3 addresses
Jul 15 14:03:18 gtw01 dnsmasq-dhcp[14078]: read /var/lib/neutron/dhcp/0276b271-4f35-4948-a1e6-7f555672177b/host
Jul 15 14:03:18 gtw01 dnsmasq-dhcp[14078]: read /var/lib/neutron/dhcp/0276b271-4f35-4948-a1e6-7f555672177b/opts
Jul 15 14:03:18 gtw01 dnsmasq[12181]: read /var/lib/neutron/dhcp/3a4ed700-6afd-4a31-837b-845190efeb63/addn_hosts - 1 addresses
Jul 15 14:03:18 gtw01 dnsmasq-dhcp[12181]: read /var/lib/neutron/dhcp/3a4ed700-6afd-4a31-837b-845190efeb63/host
Jul 15 14:03:18 gtw01 dnsmasq-dhcp[12181]: read /var/lib/neutron/dhcp/3a4ed700-6afd-4a31-837b-845190efeb63/opts
Jul 15 14:03:18 gtw01 dnsmasq[14774]: read /var/lib/neutron/dhcp/16f42623-3d6f-4104-993c-6f4dfc5a3cf9/addn_hosts - 2 addresses
Jul 15 14:03:18 gtw01 dnsmasq-dhcp[14774]: read /var/lib/neutron/dhcp/16f42623-3d6f-4104-993c-6f4dfc5a3cf9/host
Jul 15 14:03:18 gtw01 dnsmasq-dhcp[14774]: read /var/lib/neutron/dhcp/16f42623-3d6f-4104-993c-6f4dfc5a3cf9/opts
Jul 15 14:03:19 gtw01 dnsmasq[12444]: read /var/lib/neutron/dhcp/e739ba83-3a5b-456f-9aea-663d902ff57d/addn_hosts - 1 addresses
Jul 15 14:03:19 gtw01 dnsmasq-dhcp[12444]: read /var/lib/neutron/dhcp/e739ba83-3a5b-456f-9aea-663d902ff57d/host
Jul 15 14:03:19 gtw01 dnsmasq-dhcp[12444]: read /var/lib/neutron/dhcp/e739ba83-3a5b-456f-9aea-663d902ff57d/opts
Jul 15 14:03:19 gtw01 dnsmasq[15209]: started, version 2.80 cachesize 150
Jul 15 14:03:19 gtw01 dnsmasq[15209]: DNS service limited to local subnets
Jul 15 14:03:19 gtw01 dnsmasq[15209]: compile time options: IPv6 GNU-getopt DBus i18n IDN DHCP DHCPv6 no-Lua TFTP conntrack ipset auth DNSSEC loop-detect inotify dumpfile
Jul 15 14:03:19 gtw01 dnsmasq[15209]: warning: no upstream servers configured
Jul 15 14:03:19 gtw01 dnsmasq-dhcp[15209]: DHCP, static leases only on 192.168.120.96, lease time 1h
Jul 15 14:03:19 gtw01 dnsmasq[15209]: read /var/lib/neutron/dhcp/ea190c34-d5b3-4cda-8e58-93f74a45a9e5/addn_hosts - 1 addresses
Jul 15 14:03:19 gtw01 dnsmasq-dhcp[15209]: read /var/lib/neutron/dhcp/ea190c34-d5b3-4cda-8e58-93f74a45a9e5/host
Jul 15 14:03:19 gtw01 dnsmasq-dhcp[15209]: read /var/lib/neutron/dhcp/ea190c34-d5b3-4cda-8e58-93f74a45a9e5/opts
Jul 15 14:03:19 gtw01 haproxy-metadata-proxy-ea190c34-d5b3-4cda-8e58-93f74a45a9e5[15227]: Proxy listener started.
Jul 15 14:03:19 gtw01 dnsmasq[14078]: read /var/lib/neutron/dhcp/0276b271-4f35-4948-a1e6-7f555672177b/addn_hosts - 2 addresses
Jul 15 14:03:19 gtw01 dnsmasq-dhcp[14078]: read /var/lib/neutron/dhcp/0276b271-4f35-4948-a1e6-7f555672177b/host
Jul 15 14:03:19 gtw01 dnsmasq-dhcp[14078]: read /var/lib/neutron/dhcp/0276b271-4f35-4948-a1e6-7f555672177b/opts
Jul 15 14:03:20 gtw01 dnsmasq[14774]: read /var/lib/neutron/dhcp/16f42623-3d6f-4104-993c-6f4dfc5a3cf9/addn_hosts - 2 addresses
Jul 15 14:03:20 gtw01 dnsmasq-dhcp[14774]: read /var/lib/neutron/dhcp/16f42623-3d6f-4104-993c-6f4dfc5a3cf9/host
Jul 15 14:03:20 gtw01 dnsmasq-dhcp[14774]: read /var/lib/neutron/dhcp/16f42623-3d6f-4104-993c-6f4dfc5a3cf9/opts
Jul 15 14:03:20 gtw01 dnsmasq[13938]: read /var/lib/neutron/dhcp/8242e023-9839-4b89-ad92-b896095a5f17/addn_hosts - 1 addresses
Jul 15 14:03:20 gtw01 dnsmasq-dhcp[13938]: read /var/lib/neutron/dhcp/8242e023-9839-4b89-ad92-b896095a5f17/host
Jul 15 14:03:20 gtw01 dnsmasq-dhcp[13938]: read /var/lib/neutron/dhcp/8242e023-9839-4b89-ad92-b896095a5f17/opts
Jul 15 14:03:20 gtw01 dnsmasq[15209]: read /var/lib/neutron/dhcp/ea190c34-d5b3-4cda-8e58-93f74a45a9e5/addn_hosts - 2 addresses
Jul 15 14:03:20 gtw01 dnsmasq-dhcp[15209]: read /var/lib/neutron/dhcp/ea190c34-d5b3-4cda-8e58-93f74a45a9e5/host
Jul 15 14:03:20 gtw01 dnsmasq-dhcp[15209]: read /var/lib/neutron/dhcp/ea190c34-d5b3-4cda-8e58-93f74a45a9e5/opts
Jul 15 14:03:21 gtw01 dnsmasq[14277]: read /var/lib/neutron/dhcp/b11bf5aa-eb68-4cf1-be1e-bb6f3a6c823f/addn_hosts - 1 addresses
Jul 15 14:03:21 gtw01 dnsmasq-dhcp[14277]: read /var/lib/neutron/dhcp/b11bf5aa-eb68-4cf1-be1e-bb6f3a6c823f/host
Jul 15 14:03:21 gtw01 dnsmasq-dhcp[14277]: read /var/lib/neutron/dhcp/b11bf5aa-eb68-4cf1-be1e-bb6f3a6c823f/opts
Jul 15 14:03:21 gtw01 dnsmasq[14078]: read /var/lib/neutron/dhcp/0276b271-4f35-4948-a1e6-7f555672177b/addn_hosts - 1 addresses
Jul 15 14:03:21 gtw01 dnsmasq-dhcp[14078]: read /var/lib/neutron/dhcp/0276b271-4f35-4948-a1e6-7f555672177b/host
Jul 15 14:03:21 gtw01 dnsmasq-dhcp[14078]: read /var/lib/neutron/dhcp/0276b271-4f35-4948-a1e6-7f555672177b/opts
Jul 15 14:03:26 gtw01 dnsmasq[14774]: read /var/lib/neutron/dhcp/16f42623-3d6f-4104-993c-6f4dfc5a3cf9/addn_hosts - 2 addresses
Jul 15 14:03:26 gtw01 dnsmasq-dhcp[14774]: read /var/lib/neutron/dhcp/16f42623-3d6f-4104-993c-6f4dfc5a3cf9/host
Jul 15 14:03:26 gtw01 dnsmasq-dhcp[14774]: read /var/lib/neutron/dhcp/16f42623-3d6f-4104-993c-6f4dfc5a3cf9/opts
Jul 15 14:03:26 gtw01 dnsmasq[14637]: read /var/lib/neutron/dhcp/16a62fe9-8000-47fa-bbd8-2a6ee5e571f9/addn_hosts - 1 addresses
Jul 15 14:03:26 gtw01 dnsmasq-dhcp[14637]: read /var/lib/neutron/dhcp/16a62fe9-8000-47fa-bbd8-2a6ee5e571f9/host
Jul 15 14:03:26 gtw01 dnsmasq-dhcp[14637]: read /var/lib/neutron/dhcp/16a62fe9-8000-47fa-bbd8-2a6ee5e571f9/opts
Jul 15 14:03:27 gtw01 kernel: [ 3508.644232] device qr-5b624bcb-f6 entered promiscuous mode
Jul 15 14:03:27 gtw01 systemd-udevd[15456]: Could not generate persistent MAC address for qr-5b624bcb-f6: No such file or directory
Jul 15 14:03:27 gtw01 dnsmasq[15209]: read /var/lib/neutron/dhcp/ea190c34-d5b3-4cda-8e58-93f74a45a9e5/addn_hosts - 2 addresses
Jul 15 14:03:27 gtw01 dnsmasq-dhcp[15209]: read /var/lib/neutron/dhcp/ea190c34-d5b3-4cda-8e58-93f74a45a9e5/host
Jul 15 14:03:27 gtw01 dnsmasq-dhcp[15209]: read /var/lib/neutron/dhcp/ea190c34-d5b3-4cda-8e58-93f74a45a9e5/opts
Jul 15 14:03:27 gtw01 kernel: [ 3509.344269] device tap0b6bd948-9c entered promiscuous mode
Jul 15 14:03:27 gtw01 systemd-udevd[15587]: Could not generate persistent MAC address for tap0b6bd948-9c: No such file or directory
Jul 15 14:03:27 gtw01 systemd-udevd[15671]: Process '/sbin/ip link set tap0b6bd948-9c txqueuelen 10000' failed with exit code 1.
Jul 15 14:03:27 gtw01 dnsmasq[15690]: started, version 2.80 cachesize 150
Jul 15 14:03:27 gtw01 dnsmasq[15690]: DNS service limited to local subnets
Jul 15 14:03:27 gtw01 dnsmasq[15690]: compile time options: IPv6 GNU-getopt DBus i18n IDN DHCP DHCPv6 no-Lua TFTP conntrack ipset auth DNSSEC loop-detect inotify dumpfile
Jul 15 14:03:27 gtw01 dnsmasq[15690]: warning: no upstream servers configured
Jul 15 14:03:27 gtw01 dnsmasq-dhcp[15690]: DHCP, static leases only on 192.168.120.16, lease time 1h
Jul 15 14:03:27 gtw01 dnsmasq[15690]: read /var/lib/neutron/dhcp/403e44b6-e220-412a-9662-4a90b800db5b/addn_hosts - 1 addresses
Jul 15 14:03:27 gtw01 dnsmasq-dhcp[15690]: read /var/lib/neutron/dhcp/403e44b6-e220-412a-9662-4a90b800db5b/host
Jul 15 14:03:27 gtw01 dnsmasq-dhcp[15690]: read /var/lib/neutron/dhcp/403e44b6-e220-412a-9662-4a90b800db5b/opts
Jul 15 14:03:28 gtw01 kernel: [ 3509.789858] device tap58eb254d-cb left promiscuous mode
Jul 15 14:03:28 gtw01 kernel: [ 3510.064669] device tap525b4e83-85 left promiscuous mode
Jul 15 14:03:28 gtw01 haproxy-metadata-proxy-403e44b6-e220-412a-9662-4a90b800db5b[15723]: Proxy listener started.
Jul 15 14:03:28 gtw01 dnsmasq[14774]: read /var/lib/neutron/dhcp/16f42623-3d6f-4104-993c-6f4dfc5a3cf9/addn_hosts - 2 addresses
Jul 15 14:03:28 gtw01 dnsmasq-dhcp[14774]: read /var/lib/neutron/dhcp/16f42623-3d6f-4104-993c-6f4dfc5a3cf9/host
Jul 15 14:03:28 gtw01 dnsmasq-dhcp[14774]: read /var/lib/neutron/dhcp/16f42623-3d6f-4104-993c-6f4dfc5a3cf9/opts
Jul 15 14:03:28 gtw01 dnsmasq[15209]: read /var/lib/neutron/dhcp/ea190c34-d5b3-4cda-8e58-93f74a45a9e5/addn_hosts - 2 addresses
Jul 15 14:03:28 gtw01 dnsmasq-dhcp[15209]: read /var/lib/neutron/dhcp/ea190c34-d5b3-4cda-8e58-93f74a45a9e5/host
Jul 15 14:03:28 gtw01 dnsmasq-dhcp[15209]: read /var/lib/neutron/dhcp/ea190c34-d5b3-4cda-8e58-93f74a45a9e5/opts
Jul 15 14:03:29 gtw01 kernel: [ 3510.643675] device tap87379836-15 left promiscuous mode
Jul 15 14:03:29 gtw01 dnsmasq[15690]: read /var/lib/neutron/dhcp/403e44b6-e220-412a-9662-4a90b800db5b/addn_hosts - 2 addresses
Jul 15 14:03:29 gtw01 dnsmasq-dhcp[15690]: read /var/lib/neutron/dhcp/403e44b6-e220-412a-9662-4a90b800db5b/host
Jul 15 14:03:29 gtw01 dnsmasq-dhcp[15690]: read /var/lib/neutron/dhcp/403e44b6-e220-412a-9662-4a90b800db5b/opts
Jul 15 14:03:30 gtw01 dnsmasq[14774]: read /var/lib/neutron/dhcp/16f42623-3d6f-4104-993c-6f4dfc5a3cf9/addn_hosts - 2 addresses
Jul 15 14:03:30 gtw01 dnsmasq-dhcp[14774]: read /var/lib/neutron/dhcp/16f42623-3d6f-4104-993c-6f4dfc5a3cf9/host
Jul 15 14:03:30 gtw01 dnsmasq-dhcp[14774]: read /var/lib/neutron/dhcp/16f42623-3d6f-4104-993c-6f4dfc5a3cf9/opts
Jul 15 14:03:30 gtw01 dnsmasq[15209]: read /var/lib/neutron/dhcp/ea190c34-d5b3-4cda-8e58-93f74a45a9e5/addn_hosts - 2 addresses
Jul 15 14:03:30 gtw01 dnsmasq-dhcp[15209]: read /var/lib/neutron/dhcp/ea190c34-d5b3-4cda-8e58-93f74a45a9e5/host
Jul 15 14:03:30 gtw01 dnsmasq-dhcp[15209]: read /var/lib/neutron/dhcp/ea190c34-d5b3-4cda-8e58-93f74a45a9e5/opts
Jul 15 14:03:30 gtw01 kernel: [ 3512.585890] device tap6e01be1f-52 left promiscuous mode
Jul 15 14:03:31 gtw01 kernel: [ 3513.068209] device tapd9e02f1c-d4 left promiscuous mode
Jul 15 14:03:31 gtw01 dnsmasq[15690]: read /var/lib/neutron/dhcp/403e44b6-e220-412a-9662-4a90b800db5b/addn_hosts - 2 addresses
Jul 15 14:03:31 gtw01 dnsmasq-dhcp[15690]: read /var/lib/neutron/dhcp/403e44b6-e220-412a-9662-4a90b800db5b/host
Jul 15 14:03:31 gtw01 dnsmasq-dhcp[15690]: read /var/lib/neutron/dhcp/403e44b6-e220-412a-9662-4a90b800db5b/opts
Jul 15 14:03:31 gtw01 dnsmasq[14774]: read /var/lib/neutron/dhcp/16f42623-3d6f-4104-993c-6f4dfc5a3cf9/addn_hosts - 1 addresses
Jul 15 14:03:31 gtw01 dnsmasq-dhcp[14774]: read /var/lib/neutron/dhcp/16f42623-3d6f-4104-993c-6f4dfc5a3cf9/host
Jul 15 14:03:31 gtw01 dnsmasq-dhcp[14774]: read /var/lib/neutron/dhcp/16f42623-3d6f-4104-993c-6f4dfc5a3cf9/opts
Jul 15 14:03:31 gtw01 systemd-udevd[15988]: Could not generate persistent MAC address for qr-16cee5e4-81: No such file or directory
Jul 15 14:03:31 gtw01 kernel: [ 3513.395065] device qr-16cee5e4-81 entered promiscuous mode
Jul 15 14:03:31 gtw01 systemd-udevd[16054]: Could not generate persistent MAC address for tapafa7284a-d3: No such file or directory
Jul 15 14:03:31 gtw01 kernel: [ 3513.524543] device tapafa7284a-d3 entered promiscuous mode
Jul 15 14:03:31 gtw01 dnsmasq[15209]: read /var/lib/neutron/dhcp/ea190c34-d5b3-4cda-8e58-93f74a45a9e5/addn_hosts - 2 addresses
Jul 15 14:03:31 gtw01 dnsmasq-dhcp[15209]: read /var/lib/neutron/dhcp/ea190c34-d5b3-4cda-8e58-93f74a45a9e5/host
Jul 15 14:03:31 gtw01 dnsmasq-dhcp[15209]: read /var/lib/neutron/dhcp/ea190c34-d5b3-4cda-8e58-93f74a45a9e5/opts
Jul 15 14:03:32 gtw01 systemd-udevd[16054]: Process '/sbin/ip link set tapafa7284a-d3 txqueuelen 10000' failed with exit code 1.
Jul 15 14:03:32 gtw01 haproxy-metadata-proxy-a794d5d0-9d62-4220-b7ce-fdffa385fc1d[16225]: Proxy listener started.
Jul 15 14:03:33 gtw01 radvd[16251]: version 2.11 started
Jul 15 14:03:33 gtw01 dnsmasq[15690]: read /var/lib/neutron/dhcp/403e44b6-e220-412a-9662-4a90b800db5b/addn_hosts - 2 addresses
Jul 15 14:03:33 gtw01 dnsmasq-dhcp[15690]: read /var/lib/neutron/dhcp/403e44b6-e220-412a-9662-4a90b800db5b/host
Jul 15 14:03:33 gtw01 dnsmasq-dhcp[15690]: read /var/lib/neutron/dhcp/403e44b6-e220-412a-9662-4a90b800db5b/opts
Jul 15 14:03:33 gtw01 dnsmasq[15209]: read /var/lib/neutron/dhcp/ea190c34-d5b3-4cda-8e58-93f74a45a9e5/addn_hosts - 2 addresses
Jul 15 14:03:33 gtw01 dnsmasq-dhcp[15209]: read /var/lib/neutron/dhcp/ea190c34-d5b3-4cda-8e58-93f74a45a9e5/host
Jul 15 14:03:33 gtw01 dnsmasq-dhcp[15209]: read /var/lib/neutron/dhcp/ea190c34-d5b3-4cda-8e58-93f74a45a9e5/opts
Jul 15 14:03:33 gtw01 dnsmasq[16298]: started, version 2.80 cachesize 150
Jul 15 14:03:33 gtw01 dnsmasq[16298]: DNS service limited to local subnets
Jul 15 14:03:33 gtw01 dnsmasq[16298]: compile time options: IPv6 GNU-getopt DBus i18n IDN DHCP DHCPv6 no-Lua TFTP conntrack ipset auth DNSSEC loop-detect inotify dumpfile
Jul 15 14:03:33 gtw01 dnsmasq[16298]: warning: no upstream servers configured
Jul 15 14:03:33 gtw01 dnsmasq-dhcp[16298]: DHCP, static leases only on 192.168.120.0, lease time 1h
Jul 15 14:03:33 gtw01 dnsmasq[16298]: read /var/lib/neutron/dhcp/5ae6f838-0e8b-46e3-8a3a-1061daf458e6/addn_hosts - 1 addresses
Jul 15 14:03:33 gtw01 dnsmasq-dhcp[16298]: read /var/lib/neutron/dhcp/5ae6f838-0e8b-46e3-8a3a-1061daf458e6/host
Jul 15 14:03:33 gtw01 dnsmasq-dhcp[16298]: read /var/lib/neutron/dhcp/5ae6f838-0e8b-46e3-8a3a-1061daf458e6/opts
Jul 15 14:03:34 gtw01 kernel: [ 3515.720711] device tapa28c058c-63 left promiscuous mode
Jul 15 14:03:34 gtw01 haproxy-metadata-proxy-5ae6f838-0e8b-46e3-8a3a-1061daf458e6[16336]: Proxy listener started.
Jul 15 14:03:34 gtw01 dnsmasq[15690]: read /var/lib/neutron/dhcp/403e44b6-e220-412a-9662-4a90b800db5b/addn_hosts - 2 addresses
Jul 15 14:03:34 gtw01 dnsmasq-dhcp[15690]: read /var/lib/neutron/dhcp/403e44b6-e220-412a-9662-4a90b800db5b/host
Jul 15 14:03:34 gtw01 dnsmasq-dhcp[15690]: read /var/lib/neutron/dhcp/403e44b6-e220-412a-9662-4a90b800db5b/opts
Jul 15 14:03:35 gtw01 dnsmasq[16298]: read /var/lib/neutron/dhcp/5ae6f838-0e8b-46e3-8a3a-1061daf458e6/addn_hosts - 3 addresses
Jul 15 14:03:35 gtw01 dnsmasq-dhcp[16298]: read /var/lib/neutron/dhcp/5ae6f838-0e8b-46e3-8a3a-1061daf458e6/host
Jul 15 14:03:35 gtw01 dnsmasq-dhcp[16298]: read /var/lib/neutron/dhcp/5ae6f838-0e8b-46e3-8a3a-1061daf458e6/opts
Jul 15 14:03:35 gtw01 kernel: [ 3517.087205] device tap4b663dd6-b7 left promiscuous mode
Jul 15 14:03:36 gtw01 dnsmasq[15690]: read /var/lib/neutron/dhcp/403e44b6-e220-412a-9662-4a90b800db5b/addn_hosts - 2 addresses
Jul 15 14:03:36 gtw01 dnsmasq-dhcp[15690]: read /var/lib/neutron/dhcp/403e44b6-e220-412a-9662-4a90b800db5b/host
Jul 15 14:03:36 gtw01 dnsmasq-dhcp[15690]: read /var/lib/neutron/dhcp/403e44b6-e220-412a-9662-4a90b800db5b/opts
Jul 15 14:03:36 gtw01 dnsmasq[16298]: read /var/lib/neutron/dhcp/5ae6f838-0e8b-46e3-8a3a-1061daf458e6/addn_hosts - 3 addresses
Jul 15 14:03:36 gtw01 dnsmasq-dhcp[16298]: read /var/lib/neutron/dhcp/5ae6f838-0e8b-46e3-8a3a-1061daf458e6/host
Jul 15 14:03:36 gtw01 dnsmasq-dhcp[16298]: read /var/lib/neutron/dhcp/5ae6f838-0e8b-46e3-8a3a-1061daf458e6/opts
Jul 15 14:03:36 gtw01 dnsmasq[16519]: started, version 2.80 cachesize 150
Jul 15 14:03:36 gtw01 dnsmasq[16519]: DNS service limited to local subnets
Jul 15 14:03:36 gtw01 dnsmasq[16519]: compile time options: IPv6 GNU-getopt DBus i18n IDN DHCP DHCPv6 no-Lua TFTP conntrack ipset auth DNSSEC loop-detect inotify dumpfile
Jul 15 14:03:36 gtw01 dnsmasq[16519]: warning: no upstream servers configured
Jul 15 14:03:36 gtw01 dnsmasq-dhcp[16519]: DHCPv6, static leases only on 2003:0:0:1::, lease time 1h
Jul 15 14:03:36 gtw01 dnsmasq[16519]: read /var/lib/neutron/dhcp/965221e6-a1c7-4cf5-8d92-860473cfe798/addn_hosts - 2 addresses
Jul 15 14:03:36 gtw01 dnsmasq-dhcp[16519]: read /var/lib/neutron/dhcp/965221e6-a1c7-4cf5-8d92-860473cfe798/host
Jul 15 14:03:36 gtw01 dnsmasq-dhcp[16519]: read /var/lib/neutron/dhcp/965221e6-a1c7-4cf5-8d92-860473cfe798/opts
Jul 15 14:03:37 gtw01 kernel: [ 3518.698833] device qr-5b624bcb-f6 left promiscuous mode
Jul 15 14:03:37 gtw01 dnsmasq[15690]: read /var/lib/neutron/dhcp/403e44b6-e220-412a-9662-4a90b800db5b/addn_hosts - 2 addresses
Jul 15 14:03:37 gtw01 dnsmasq-dhcp[15690]: read /var/lib/neutron/dhcp/403e44b6-e220-412a-9662-4a90b800db5b/host
Jul 15 14:03:37 gtw01 dnsmasq-dhcp[15690]: read /var/lib/neutron/dhcp/403e44b6-e220-412a-9662-4a90b800db5b/opts
Jul 15 14:03:37 gtw01 dnsmasq[16298]: read /var/lib/neutron/dhcp/5ae6f838-0e8b-46e3-8a3a-1061daf458e6/addn_hosts - 3 addresses
Jul 15 14:03:37 gtw01 dnsmasq-dhcp[16298]: read /var/lib/neutron/dhcp/5ae6f838-0e8b-46e3-8a3a-1061daf458e6/host
Jul 15 14:03:37 gtw01 dnsmasq-dhcp[16298]: read /var/lib/neutron/dhcp/5ae6f838-0e8b-46e3-8a3a-1061daf458e6/opts
Jul 15 14:03:37 gtw01 dnsmasq[16519]: read /var/lib/neutron/dhcp/965221e6-a1c7-4cf5-8d92-860473cfe798/addn_hosts - 2 addresses
Jul 15 14:03:37 gtw01 dnsmasq-dhcp[16519]: read /var/lib/neutron/dhcp/965221e6-a1c7-4cf5-8d92-860473cfe798/host
Jul 15 14:03:37 gtw01 dnsmasq-dhcp[16519]: read /var/lib/neutron/dhcp/965221e6-a1c7-4cf5-8d92-860473cfe798/opts
Jul 15 14:03:37 gtw01 haproxy-metadata-proxy-3e1bfb8b-4b2f-4592-b66f-7208bc131d5f[16601]: Proxy listener started.
Jul 15 14:03:38 gtw01 dnsmasq[15690]: read /var/lib/neutron/dhcp/403e44b6-e220-412a-9662-4a90b800db5b/addn_hosts - 2 addresses
Jul 15 14:03:38 gtw01 dnsmasq-dhcp[15690]: read /var/lib/neutron/dhcp/403e44b6-e220-412a-9662-4a90b800db5b/host
Jul 15 14:03:38 gtw01 dnsmasq-dhcp[15690]: read /var/lib/neutron/dhcp/403e44b6-e220-412a-9662-4a90b800db5b/opts
Jul 15 14:03:38 gtw01 dnsmasq[16519]: read /var/lib/neutron/dhcp/965221e6-a1c7-4cf5-8d92-860473cfe798/addn_hosts - 2 addresses
Jul 15 14:03:38 gtw01 dnsmasq-dhcp[16519]: read /var/lib/neutron/dhcp/965221e6-a1c7-4cf5-8d92-860473cfe798/host
Jul 15 14:03:38 gtw01 dnsmasq-dhcp[16519]: read /var/lib/neutron/dhcp/965221e6-a1c7-4cf5-8d92-860473cfe798/opts
Jul 15 14:03:38 gtw01 dnsmasq[16298]: read /var/lib/neutron/dhcp/5ae6f838-0e8b-46e3-8a3a-1061daf458e6/addn_hosts - 3 addresses
Jul 15 14:03:38 gtw01 dnsmasq-dhcp[16298]: read /var/lib/neutron/dhcp/5ae6f838-0e8b-46e3-8a3a-1061daf458e6/host
Jul 15 14:03:38 gtw01 dnsmasq-dhcp[16298]: read /var/lib/neutron/dhcp/5ae6f838-0e8b-46e3-8a3a-1061daf458e6/opts
Jul 15 14:03:39 gtw01 dnsmasq[15690]: read /var/lib/neutron/dhcp/403e44b6-e220-412a-9662-4a90b800db5b/addn_hosts - 1 addresses
Jul 15 14:03:39 gtw01 dnsmasq-dhcp[15690]: read /var/lib/neutron/dhcp/403e44b6-e220-412a-9662-4a90b800db5b/host
Jul 15 14:03:39 gtw01 dnsmasq-dhcp[15690]: read /var/lib/neutron/dhcp/403e44b6-e220-412a-9662-4a90b800db5b/opts
Jul 15 14:03:39 gtw01 dnsmasq[16519]: read /var/lib/neutron/dhcp/965221e6-a1c7-4cf5-8d92-860473cfe798/addn_hosts - 2 addresses
Jul 15 14:03:39 gtw01 dnsmasq-dhcp[16519]: read /var/lib/neutron/dhcp/965221e6-a1c7-4cf5-8d92-860473cfe798/host
Jul 15 14:03:39 gtw01 dnsmasq-dhcp[16519]: read /var/lib/neutron/dhcp/965221e6-a1c7-4cf5-8d92-860473cfe798/opts
Jul 15 14:03:39 gtw01 dnsmasq[16298]: read /var/lib/neutron/dhcp/5ae6f838-0e8b-46e3-8a3a-1061daf458e6/addn_hosts - 3 addresses
Jul 15 14:03:39 gtw01 dnsmasq-dhcp[16298]: read /var/lib/neutron/dhcp/5ae6f838-0e8b-46e3-8a3a-1061daf458e6/host
Jul 15 14:03:39 gtw01 dnsmasq-dhcp[16298]: read /var/lib/neutron/dhcp/5ae6f838-0e8b-46e3-8a3a-1061daf458e6/opts
Jul 15 14:03:40 gtw01 haproxy-metadata-proxy-403e44b6-e220-412a-9662-4a90b800db5b[16732]: Proxy listener started.
Jul 15 14:03:40 gtw01 dnsmasq[16519]: read /var/lib/neutron/dhcp/965221e6-a1c7-4cf5-8d92-860473cfe798/addn_hosts - 2 addresses
Jul 15 14:03:40 gtw01 dnsmasq-dhcp[16519]: read /var/lib/neutron/dhcp/965221e6-a1c7-4cf5-8d92-860473cfe798/host
Jul 15 14:03:40 gtw01 dnsmasq-dhcp[16519]: read /var/lib/neutron/dhcp/965221e6-a1c7-4cf5-8d92-860473cfe798/opts
Jul 15 14:03:40 gtw01 kernel: [ 3522.201317] device tap1a456e02-6a entered promiscuous mode
Jul 15 14:03:40 gtw01 systemd-udevd[16769]: Could not generate persistent MAC address for tap1a456e02-6a: No such file or directory
Jul 15 14:03:40 gtw01 dnsmasq[16298]: read /var/lib/neutron/dhcp/5ae6f838-0e8b-46e3-8a3a-1061daf458e6/addn_hosts - 3 addresses
Jul 15 14:03:40 gtw01 dnsmasq-dhcp[16298]: read /var/lib/neutron/dhcp/5ae6f838-0e8b-46e3-8a3a-1061daf458e6/host
Jul 15 14:03:40 gtw01 dnsmasq-dhcp[16298]: read /var/lib/neutron/dhcp/5ae6f838-0e8b-46e3-8a3a-1061daf458e6/opts
Jul 15 14:03:40 gtw01 systemd-udevd[16769]: Process '/sbin/ip link set tap1a456e02-6a txqueuelen 10000' failed with exit code 1.
Jul 15 14:03:40 gtw01 systemd-udevd[16769]: Process '/sbin/ip link set tap1a456e02-6a txqueuelen 10000' failed with exit code 1.
Jul 15 14:03:41 gtw01 dnsmasq[16519]: read /var/lib/neutron/dhcp/965221e6-a1c7-4cf5-8d92-860473cfe798/addn_hosts - 2 addresses
Jul 15 14:03:41 gtw01 dnsmasq-dhcp[16519]: read /var/lib/neutron/dhcp/965221e6-a1c7-4cf5-8d92-860473cfe798/host
Jul 15 14:03:41 gtw01 dnsmasq-dhcp[16519]: read /var/lib/neutron/dhcp/965221e6-a1c7-4cf5-8d92-860473cfe798/opts
Jul 15 14:03:41 gtw01 dnsmasq[16298]: read /var/lib/neutron/dhcp/5ae6f838-0e8b-46e3-8a3a-1061daf458e6/addn_hosts - 2 addresses
Jul 15 14:03:41 gtw01 dnsmasq-dhcp[16298]: read /var/lib/neutron/dhcp/5ae6f838-0e8b-46e3-8a3a-1061daf458e6/host
Jul 15 14:03:41 gtw01 dnsmasq-dhcp[16298]: read /var/lib/neutron/dhcp/5ae6f838-0e8b-46e3-8a3a-1061daf458e6/opts
Jul 15 14:03:42 gtw01 dnsmasq[16519]: read /var/lib/neutron/dhcp/965221e6-a1c7-4cf5-8d92-860473cfe798/addn_hosts - 2 addresses
Jul 15 14:03:42 gtw01 dnsmasq-dhcp[16519]: read /var/lib/neutron/dhcp/965221e6-a1c7-4cf5-8d92-860473cfe798/host
Jul 15 14:03:42 gtw01 dnsmasq-dhcp[16519]: read /var/lib/neutron/dhcp/965221e6-a1c7-4cf5-8d92-860473cfe798/opts
Jul 15 14:03:42 gtw01 dnsmasq[16298]: read /var/lib/neutron/dhcp/5ae6f838-0e8b-46e3-8a3a-1061daf458e6/addn_hosts - 1 addresses
Jul 15 14:03:42 gtw01 dnsmasq-dhcp[16298]: read /var/lib/neutron/dhcp/5ae6f838-0e8b-46e3-8a3a-1061daf458e6/host
Jul 15 14:03:42 gtw01 dnsmasq-dhcp[16298]: read /var/lib/neutron/dhcp/5ae6f838-0e8b-46e3-8a3a-1061daf458e6/opts
Jul 15 14:03:43 gtw01 haproxy-metadata-proxy-5ae6f838-0e8b-46e3-8a3a-1061daf458e6[17044]: Proxy listener started.
Jul 15 14:03:43 gtw01 dnsmasq[16519]: read /var/lib/neutron/dhcp/965221e6-a1c7-4cf5-8d92-860473cfe798/addn_hosts - 2 addresses
Jul 15 14:03:43 gtw01 dnsmasq-dhcp[16519]: read /var/lib/neutron/dhcp/965221e6-a1c7-4cf5-8d92-860473cfe798/host
Jul 15 14:03:43 gtw01 dnsmasq-dhcp[16519]: read /var/lib/neutron/dhcp/965221e6-a1c7-4cf5-8d92-860473cfe798/opts
Jul 15 14:03:44 gtw01 dnsmasq[17117]: started, version 2.80 cachesize 150
Jul 15 14:03:44 gtw01 dnsmasq[17117]: DNS service limited to local subnets
Jul 15 14:03:44 gtw01 dnsmasq[17117]: compile time options: IPv6 GNU-getopt DBus i18n IDN DHCP DHCPv6 no-Lua TFTP conntrack ipset auth DNSSEC loop-detect inotify dumpfile
Jul 15 14:03:44 gtw01 dnsmasq[17117]: warning: no upstream servers configured
Jul 15 14:03:44 gtw01 dnsmasq-dhcp[17117]: DHCP, static leases only on 192.168.120.32, lease time 1h
Jul 15 14:03:44 gtw01 dnsmasq[17117]: read /var/lib/neutron/dhcp/c84181d6-7afd-4a4d-b381-314f7fa3a5c9/addn_hosts - 1 addresses
Jul 15 14:03:44 gtw01 dnsmasq-dhcp[17117]: read /var/lib/neutron/dhcp/c84181d6-7afd-4a4d-b381-314f7fa3a5c9/host
Jul 15 14:03:44 gtw01 dnsmasq-dhcp[17117]: read /var/lib/neutron/dhcp/c84181d6-7afd-4a4d-b381-314f7fa3a5c9/opts
Jul 15 14:03:44 gtw01 kernel: [ 3526.309946] device qr-16cee5e4-81 left promiscuous mode
Jul 15 14:03:44 gtw01 radvd[16257]: Exiting, privsep_read_loop had readn return 0 bytes
Jul 15 14:03:44 gtw01 radvd[16257]: Exiting, privsep_read_loop is complete.
Jul 15 14:03:45 gtw01 haproxy-metadata-proxy-c84181d6-7afd-4a4d-b381-314f7fa3a5c9[17143]: Proxy listener started.
Jul 15 14:03:45 gtw01 dnsmasq[16519]: read /var/lib/neutron/dhcp/965221e6-a1c7-4cf5-8d92-860473cfe798/addn_hosts - 1 addresses
Jul 15 14:03:45 gtw01 dnsmasq-dhcp[16519]: read /var/lib/neutron/dhcp/965221e6-a1c7-4cf5-8d92-860473cfe798/host
Jul 15 14:03:45 gtw01 dnsmasq-dhcp[16519]: read /var/lib/neutron/dhcp/965221e6-a1c7-4cf5-8d92-860473cfe798/opts
Jul 15 14:03:45 gtw01 kernel: [ 3526.664708] device tap0b6bd948-9c left promiscuous mode
Jul 15 14:03:45 gtw01 kernel: [ 3526.880897] device qr-f0366209-b9 entered promiscuous mode
Jul 15 14:03:45 gtw01 systemd-udevd[17162]: Could not generate persistent MAC address for qr-f0366209-b9: No such file or directory
Jul 15 14:03:45 gtw01 dnsmasq[17117]: read /var/lib/neutron/dhcp/c84181d6-7afd-4a4d-b381-314f7fa3a5c9/addn_hosts - 2 addresses
Jul 15 14:03:45 gtw01 dnsmasq-dhcp[17117]: read /var/lib/neutron/dhcp/c84181d6-7afd-4a4d-b381-314f7fa3a5c9/host
Jul 15 14:03:45 gtw01 dnsmasq-dhcp[17117]: read /var/lib/neutron/dhcp/c84181d6-7afd-4a4d-b381-314f7fa3a5c9/opts
Jul 15 14:03:47 gtw01 dnsmasq[17117]: read /var/lib/neutron/dhcp/c84181d6-7afd-4a4d-b381-314f7fa3a5c9/addn_hosts - 2 addresses
Jul 15 14:03:47 gtw01 dnsmasq-dhcp[17117]: read /var/lib/neutron/dhcp/c84181d6-7afd-4a4d-b381-314f7fa3a5c9/host
Jul 15 14:03:47 gtw01 dnsmasq-dhcp[17117]: read /var/lib/neutron/dhcp/c84181d6-7afd-4a4d-b381-314f7fa3a5c9/opts
Jul 15 14:03:48 gtw01 kernel: [ 3529.662750] device tap24278fd3-b9 entered promiscuous mode
Jul 15 14:03:48 gtw01 systemd-udevd[17385]: Could not generate persistent MAC address for tap24278fd3-b9: No such file or directory
Jul 15 14:03:48 gtw01 dnsmasq[17117]: read /var/lib/neutron/dhcp/c84181d6-7afd-4a4d-b381-314f7fa3a5c9/addn_hosts - 2 addresses
Jul 15 14:03:48 gtw01 dnsmasq-dhcp[17117]: read /var/lib/neutron/dhcp/c84181d6-7afd-4a4d-b381-314f7fa3a5c9/host
Jul 15 14:03:48 gtw01 dnsmasq-dhcp[17117]: read /var/lib/neutron/dhcp/c84181d6-7afd-4a4d-b381-314f7fa3a5c9/opts
Jul 15 14:03:48 gtw01 systemd-udevd[17385]: Process '/sbin/ip link set tap24278fd3-b9 txqueuelen 10000' failed with exit code 1.
Jul 15 14:03:48 gtw01 systemd-udevd[17460]: Process '/sbin/ip link set tap24278fd3-b9 txqueuelen 10000' failed with exit code 1.
Jul 15 14:03:49 gtw01 dnsmasq[17117]: read /var/lib/neutron/dhcp/c84181d6-7afd-4a4d-b381-314f7fa3a5c9/addn_hosts - 2 addresses
Jul 15 14:03:49 gtw01 dnsmasq-dhcp[17117]: read /var/lib/neutron/dhcp/c84181d6-7afd-4a4d-b381-314f7fa3a5c9/host
Jul 15 14:03:49 gtw01 dnsmasq-dhcp[17117]: read /var/lib/neutron/dhcp/c84181d6-7afd-4a4d-b381-314f7fa3a5c9/opts
Jul 15 14:03:50 gtw01 systemd-udevd[17589]: Could not generate persistent MAC address for tap6f6f0b17-13: No such file or directory
Jul 15 14:03:50 gtw01 kernel: [ 3531.672290] device tap6f6f0b17-13 entered promiscuous mode
Jul 15 14:03:50 gtw01 systemd-udevd[17589]: Process '/sbin/ip link set tap6f6f0b17-13 txqueuelen 10000' failed with exit code 1.
Jul 15 14:03:50 gtw01 systemd-udevd[17669]: Process '/sbin/ip link set tap6f6f0b17-13 txqueuelen 10000' failed with exit code 1.
Jul 15 14:03:50 gtw01 dnsmasq[17117]: read /var/lib/neutron/dhcp/c84181d6-7afd-4a4d-b381-314f7fa3a5c9/addn_hosts - 2 addresses
Jul 15 14:03:50 gtw01 dnsmasq-dhcp[17117]: read /var/lib/neutron/dhcp/c84181d6-7afd-4a4d-b381-314f7fa3a5c9/host
Jul 15 14:03:50 gtw01 dnsmasq-dhcp[17117]: read /var/lib/neutron/dhcp/c84181d6-7afd-4a4d-b381-314f7fa3a5c9/opts
Jul 15 14:03:50 gtw01 haproxy-metadata-proxy-f66ef456-df07-4d08-a1d9-0fbc0a48cec8[17690]: Proxy listener started.
Jul 15 14:03:51 gtw01 dnsmasq[17117]: read /var/lib/neutron/dhcp/c84181d6-7afd-4a4d-b381-314f7fa3a5c9/addn_hosts - 2 addresses
Jul 15 14:03:51 gtw01 dnsmasq-dhcp[17117]: read /var/lib/neutron/dhcp/c84181d6-7afd-4a4d-b381-314f7fa3a5c9/host
Jul 15 14:03:51 gtw01 dnsmasq-dhcp[17117]: read /var/lib/neutron/dhcp/c84181d6-7afd-4a4d-b381-314f7fa3a5c9/opts
Jul 15 14:03:51 gtw01 kernel: [ 3533.032634] device qr-f0366209-b9 left promiscuous mode
Jul 15 14:03:52 gtw01 dnsmasq[17819]: started, version 2.80 cachesize 150
Jul 15 14:03:52 gtw01 dnsmasq[17819]: DNS service limited to local subnets
Jul 15 14:03:52 gtw01 dnsmasq[17819]: compile time options: IPv6 GNU-getopt DBus i18n IDN DHCP DHCPv6 no-Lua TFTP conntrack ipset auth DNSSEC loop-detect inotify dumpfile
Jul 15 14:03:52 gtw01 dnsmasq[17819]: warning: no upstream servers configured
Jul 15 14:03:52 gtw01 dnsmasq-dhcp[17819]: DHCPv6, static leases only on 2003:0:0:2::, lease time 1h
Jul 15 14:03:52 gtw01 dnsmasq[17819]: read /var/lib/neutron/dhcp/1cab873f-ac45-4914-8263-ff275d19354b/addn_hosts - 1 addresses
Jul 15 14:03:52 gtw01 dnsmasq-dhcp[17819]: read /var/lib/neutron/dhcp/1cab873f-ac45-4914-8263-ff275d19354b/host
Jul 15 14:03:52 gtw01 dnsmasq-dhcp[17819]: read /var/lib/neutron/dhcp/1cab873f-ac45-4914-8263-ff275d19354b/opts
Jul 15 14:03:52 gtw01 dnsmasq[17117]: read /var/lib/neutron/dhcp/c84181d6-7afd-4a4d-b381-314f7fa3a5c9/addn_hosts - 2 addresses
Jul 15 14:03:52 gtw01 dnsmasq-dhcp[17117]: read /var/lib/neutron/dhcp/c84181d6-7afd-4a4d-b381-314f7fa3a5c9/host
Jul 15 14:03:52 gtw01 dnsmasq-dhcp[17117]: read /var/lib/neutron/dhcp/c84181d6-7afd-4a4d-b381-314f7fa3a5c9/opts
Jul 15 14:03:53 gtw01 dnsmasq[17819]: read /var/lib/neutron/dhcp/1cab873f-ac45-4914-8263-ff275d19354b/addn_hosts - 2 addresses
Jul 15 14:03:53 gtw01 dnsmasq-dhcp[17819]: read /var/lib/neutron/dhcp/1cab873f-ac45-4914-8263-ff275d19354b/host
Jul 15 14:03:53 gtw01 dnsmasq-dhcp[17819]: read /var/lib/neutron/dhcp/1cab873f-ac45-4914-8263-ff275d19354b/opts
Jul 15 14:03:53 gtw01 kernel: [ 3534.973696] device qr-d48c393e-32 entered promiscuous mode
Jul 15 14:03:53 gtw01 systemd-udevd[17898]: Could not generate persistent MAC address for qr-d48c393e-32: No such file or directory
Jul 15 14:03:53 gtw01 dnsmasq[17117]: read /var/lib/neutron/dhcp/c84181d6-7afd-4a4d-b381-314f7fa3a5c9/addn_hosts - 1 addresses
Jul 15 14:03:53 gtw01 dnsmasq-dhcp[17117]: read /var/lib/neutron/dhcp/c84181d6-7afd-4a4d-b381-314f7fa3a5c9/host
Jul 15 14:03:53 gtw01 dnsmasq-dhcp[17117]: read /var/lib/neutron/dhcp/c84181d6-7afd-4a4d-b381-314f7fa3a5c9/opts
Jul 15 14:03:53 gtw01 dnsmasq[18003]: started, version 2.80 cachesize 150
Jul 15 14:03:53 gtw01 dnsmasq[18003]: DNS service limited to local subnets
Jul 15 14:03:53 gtw01 dnsmasq[18003]: compile time options: IPv6 GNU-getopt DBus i18n IDN DHCP DHCPv6 no-Lua TFTP conntrack ipset auth DNSSEC loop-detect inotify dumpfile
Jul 15 14:03:53 gtw01 dnsmasq[18003]: warning: no upstream servers configured
Jul 15 14:03:53 gtw01 dnsmasq-dhcp[18003]: DHCP, static leases only on 192.168.120.0, lease time 1h
Jul 15 14:03:53 gtw01 dnsmasq[18003]: read /var/lib/neutron/dhcp/c85572aa-e088-43b5-a688-1c1915f83376/addn_hosts - 1 addresses
Jul 15 14:03:53 gtw01 dnsmasq-dhcp[18003]: read /var/lib/neutron/dhcp/c85572aa-e088-43b5-a688-1c1915f83376/host
Jul 15 14:03:53 gtw01 dnsmasq-dhcp[18003]: read /var/lib/neutron/dhcp/c85572aa-e088-43b5-a688-1c1915f83376/opts
Jul 15 14:03:54 gtw01 haproxy-metadata-proxy-c85572aa-e088-43b5-a688-1c1915f83376[18016]: Proxy listener started.
Jul 15 14:03:54 gtw01 dnsmasq[17819]: read /var/lib/neutron/dhcp/1cab873f-ac45-4914-8263-ff275d19354b/addn_hosts - 2 addresses
Jul 15 14:03:54 gtw01 dnsmasq-dhcp[17819]: read /var/lib/neutron/dhcp/1cab873f-ac45-4914-8263-ff275d19354b/host
Jul 15 14:03:54 gtw01 dnsmasq-dhcp[17819]: read /var/lib/neutron/dhcp/1cab873f-ac45-4914-8263-ff275d19354b/opts
Jul 15 14:03:54 gtw01 radvd[18034]: version 2.11 started
Jul 15 14:03:54 gtw01 haproxy-metadata-proxy-c84181d6-7afd-4a4d-b381-314f7fa3a5c9[18040]: Proxy listener started.
Jul 15 14:03:55 gtw01 dnsmasq[17819]: read /var/lib/neutron/dhcp/1cab873f-ac45-4914-8263-ff275d19354b/addn_hosts - 2 addresses
Jul 15 14:03:55 gtw01 dnsmasq-dhcp[17819]: read /var/lib/neutron/dhcp/1cab873f-ac45-4914-8263-ff275d19354b/host
Jul 15 14:03:55 gtw01 dnsmasq-dhcp[17819]: read /var/lib/neutron/dhcp/1cab873f-ac45-4914-8263-ff275d19354b/opts
Jul 15 14:03:56 gtw01 dnsmasq[17819]: read /var/lib/neutron/dhcp/1cab873f-ac45-4914-8263-ff275d19354b/addn_hosts - 2 addresses
Jul 15 14:03:56 gtw01 dnsmasq-dhcp[17819]: read /var/lib/neutron/dhcp/1cab873f-ac45-4914-8263-ff275d19354b/host
Jul 15 14:03:56 gtw01 dnsmasq-dhcp[17819]: read /var/lib/neutron/dhcp/1cab873f-ac45-4914-8263-ff275d19354b/opts
Jul 15 14:03:57 gtw01 dnsmasq[17819]: read /var/lib/neutron/dhcp/1cab873f-ac45-4914-8263-ff275d19354b/addn_hosts - 2 addresses
Jul 15 14:03:57 gtw01 dnsmasq-dhcp[17819]: read /var/lib/neutron/dhcp/1cab873f-ac45-4914-8263-ff275d19354b/host
Jul 15 14:03:57 gtw01 dnsmasq-dhcp[17819]: read /var/lib/neutron/dhcp/1cab873f-ac45-4914-8263-ff275d19354b/opts
Jul 15 14:03:57 gtw01 dnsmasq[17819]: read /var/lib/neutron/dhcp/1cab873f-ac45-4914-8263-ff275d19354b/addn_hosts - 2 addresses
Jul 15 14:03:57 gtw01 dnsmasq-dhcp[17819]: read /var/lib/neutron/dhcp/1cab873f-ac45-4914-8263-ff275d19354b/host
Jul 15 14:03:58 gtw01 dnsmasq-dhcp[17819]: read /var/lib/neutron/dhcp/1cab873f-ac45-4914-8263-ff275d19354b/opts
Jul 15 14:03:58 gtw01 kernel: [ 3539.981295] device tap6f6f0b17-13 left promiscuous mode
Jul 15 14:03:58 gtw01 haproxy-metadata-proxy-e3614908-6bc5-44c3-acd5-e220bd4ddd8e[18188]: Proxy listener started.
Jul 15 14:03:58 gtw01 dnsmasq[17819]: read /var/lib/neutron/dhcp/1cab873f-ac45-4914-8263-ff275d19354b/addn_hosts - 2 addresses
Jul 15 14:03:58 gtw01 dnsmasq-dhcp[17819]: read /var/lib/neutron/dhcp/1cab873f-ac45-4914-8263-ff275d19354b/host
Jul 15 14:03:58 gtw01 dnsmasq-dhcp[17819]: read /var/lib/neutron/dhcp/1cab873f-ac45-4914-8263-ff275d19354b/opts
Jul 15 14:03:59 gtw01 dnsmasq[17819]: read /var/lib/neutron/dhcp/1cab873f-ac45-4914-8263-ff275d19354b/addn_hosts - 1 addresses
Jul 15 14:03:59 gtw01 dnsmasq-dhcp[17819]: read /var/lib/neutron/dhcp/1cab873f-ac45-4914-8263-ff275d19354b/host
Jul 15 14:03:59 gtw01 dnsmasq-dhcp[17819]: read /var/lib/neutron/dhcp/1cab873f-ac45-4914-8263-ff275d19354b/opts
Jul 15 14:04:01 gtw01 kernel: [ 3543.604510] device qr-d48c393e-32 left promiscuous mode
Jul 15 14:04:02 gtw01 radvd[18037]: Exiting, privsep_read_loop had readn return 0 bytes
Jul 15 14:04:02 gtw01 radvd[18037]: Exiting, privsep_read_loop is complete.
Jul 15 14:04:08 gtw01 kernel: [ 3549.842193] device tapff6ce313-07 entered promiscuous mode
Jul 15 14:04:08 gtw01 systemd-udevd[18365]: Could not generate persistent MAC address for tapff6ce313-07: No such file or directory
Jul 15 14:04:08 gtw01 systemd-udevd[18365]: Process '/sbin/ip link set tapff6ce313-07 txqueuelen 10000' failed with exit code 1.
Jul 15 14:04:08 gtw01 systemd-udevd[18439]: Process '/sbin/ip link set tapff6ce313-07 txqueuelen 10000' failed with exit code 1.
Jul 15 14:04:11 gtw01 dnsmasq[18516]: started, version 2.80 cachesize 150
Jul 15 14:04:11 gtw01 dnsmasq[18516]: DNS service limited to local subnets
Jul 15 14:04:11 gtw01 dnsmasq[18516]: compile time options: IPv6 GNU-getopt DBus i18n IDN DHCP DHCPv6 no-Lua TFTP conntrack ipset auth DNSSEC loop-detect inotify dumpfile
Jul 15 14:04:11 gtw01 dnsmasq[18516]: warning: no upstream servers configured
Jul 15 14:04:11 gtw01 dnsmasq-dhcp[18516]: DHCP, static leases only on 192.168.120.16, lease time 1h
Jul 15 14:04:11 gtw01 dnsmasq[18516]: read /var/lib/neutron/dhcp/963681c2-bd54-439c-8abe-52093c6af55c/addn_hosts - 1 addresses
Jul 15 14:04:11 gtw01 dnsmasq-dhcp[18516]: read /var/lib/neutron/dhcp/963681c2-bd54-439c-8abe-52093c6af55c/host
Jul 15 14:04:11 gtw01 dnsmasq-dhcp[18516]: read /var/lib/neutron/dhcp/963681c2-bd54-439c-8abe-52093c6af55c/opts
Jul 15 14:04:11 gtw01 haproxy-metadata-proxy-963681c2-bd54-439c-8abe-52093c6af55c[18520]: Proxy listener started.
Jul 15 14:04:12 gtw01 dnsmasq[18516]: read /var/lib/neutron/dhcp/963681c2-bd54-439c-8abe-52093c6af55c/addn_hosts - 2 addresses
Jul 15 14:04:12 gtw01 dnsmasq-dhcp[18516]: read /var/lib/neutron/dhcp/963681c2-bd54-439c-8abe-52093c6af55c/host
Jul 15 14:04:12 gtw01 dnsmasq-dhcp[18516]: read /var/lib/neutron/dhcp/963681c2-bd54-439c-8abe-52093c6af55c/opts
