Jul 15 15:52:40 gtw01 kernel: [10062.455791] device tap41d867d4-04 left promiscuous mode
Jul 15 15:52:55 gtw01 dnsmasq[24385]: read /var/lib/neutron/dhcp/e044d2d9-8ded-4f9f-a42e-86347535d1c6/addn_hosts - 1 addresses
Jul 15 15:52:55 gtw01 dnsmasq-dhcp[24385]: read /var/lib/neutron/dhcp/e044d2d9-8ded-4f9f-a42e-86347535d1c6/host
Jul 15 15:52:55 gtw01 dnsmasq-dhcp[24385]: read /var/lib/neutron/dhcp/e044d2d9-8ded-4f9f-a42e-86347535d1c6/opts
Jul 15 15:52:55 gtw01 haproxy-metadata-proxy-e044d2d9-8ded-4f9f-a42e-86347535d1c6[29203]: Proxy listener started.
Jul 15 15:52:57 gtw01 kernel: [10078.914336] device qr-46ecc1e3-f6 left promiscuous mode
Jul 15 15:52:58 gtw01 kernel: [10079.741028] device qg-69d5137b-d1 left promiscuous mode
Jul 15 15:53:00 gtw01 kernel: [10081.867212] device tap0ae31e6f-36 left promiscuous mode
Jul 15 15:53:10 gtw01 kernel: [10091.642660] device tap7f953cab-fa entered promiscuous mode
Jul 15 15:53:10 gtw01 systemd-udevd[29344]: Could not generate persistent MAC address for tap7f953cab-fa: No such file or directory
Jul 15 15:53:10 gtw01 systemd-udevd[29344]: Process '/sbin/ip link set tap7f953cab-fa txqueuelen 10000' failed with exit code 1.
Jul 15 15:53:10 gtw01 systemd-udevd[29344]: Process '/sbin/ip link set tap7f953cab-fa txqueuelen 10000' failed with exit code 1.
Jul 15 15:53:12 gtw01 systemd-udevd[29515]: Could not generate persistent MAC address for qg-f850c633-15: No such file or directory
Jul 15 15:53:12 gtw01 kernel: [10094.606979] device qg-f850c633-15 entered promiscuous mode
Jul 15 15:53:13 gtw01 dnsmasq[29609]: started, version 2.80 cachesize 150
Jul 15 15:53:13 gtw01 dnsmasq[29609]: DNS service limited to local subnets
Jul 15 15:53:13 gtw01 dnsmasq[29609]: compile time options: IPv6 GNU-getopt DBus i18n IDN DHCP DHCPv6 no-Lua TFTP conntrack ipset auth DNSSEC loop-detect inotify dumpfile
Jul 15 15:53:13 gtw01 dnsmasq[29609]: warning: no upstream servers configured
Jul 15 15:53:13 gtw01 dnsmasq-dhcp[29609]: DHCP, static leases only on 192.168.120.0, lease time 1h
Jul 15 15:53:13 gtw01 dnsmasq[29609]: read /var/lib/neutron/dhcp/bab03404-ed0d-4574-98ba-3b3b73d4929f/addn_hosts - 1 addresses
Jul 15 15:53:13 gtw01 dnsmasq-dhcp[29609]: read /var/lib/neutron/dhcp/bab03404-ed0d-4574-98ba-3b3b73d4929f/host
Jul 15 15:53:13 gtw01 dnsmasq-dhcp[29609]: read /var/lib/neutron/dhcp/bab03404-ed0d-4574-98ba-3b3b73d4929f/opts
Jul 15 15:53:13 gtw01 haproxy-metadata-proxy-bab03404-ed0d-4574-98ba-3b3b73d4929f[29617]: Proxy listener started.
Jul 15 15:53:14 gtw01 dnsmasq[29609]: read /var/lib/neutron/dhcp/bab03404-ed0d-4574-98ba-3b3b73d4929f/addn_hosts - 2 addresses
Jul 15 15:53:14 gtw01 dnsmasq-dhcp[29609]: read /var/lib/neutron/dhcp/bab03404-ed0d-4574-98ba-3b3b73d4929f/host
Jul 15 15:53:14 gtw01 dnsmasq-dhcp[29609]: read /var/lib/neutron/dhcp/bab03404-ed0d-4574-98ba-3b3b73d4929f/opts
Jul 15 15:53:15 gtw01 dnsmasq[29609]: read /var/lib/neutron/dhcp/bab03404-ed0d-4574-98ba-3b3b73d4929f/addn_hosts - 2 addresses
Jul 15 15:53:15 gtw01 dnsmasq-dhcp[29609]: read /var/lib/neutron/dhcp/bab03404-ed0d-4574-98ba-3b3b73d4929f/host
Jul 15 15:53:15 gtw01 dnsmasq-dhcp[29609]: read /var/lib/neutron/dhcp/bab03404-ed0d-4574-98ba-3b3b73d4929f/opts
Jul 15 15:53:16 gtw01 dnsmasq[29609]: read /var/lib/neutron/dhcp/bab03404-ed0d-4574-98ba-3b3b73d4929f/addn_hosts - 2 addresses
Jul 15 15:53:16 gtw01 dnsmasq-dhcp[29609]: read /var/lib/neutron/dhcp/bab03404-ed0d-4574-98ba-3b3b73d4929f/host
Jul 15 15:53:16 gtw01 dnsmasq-dhcp[29609]: read /var/lib/neutron/dhcp/bab03404-ed0d-4574-98ba-3b3b73d4929f/opts
Jul 15 15:53:17 gtw01 dnsmasq[29609]: read /var/lib/neutron/dhcp/bab03404-ed0d-4574-98ba-3b3b73d4929f/addn_hosts - 2 addresses
Jul 15 15:53:17 gtw01 dnsmasq-dhcp[29609]: read /var/lib/neutron/dhcp/bab03404-ed0d-4574-98ba-3b3b73d4929f/host
Jul 15 15:53:17 gtw01 dnsmasq-dhcp[29609]: read /var/lib/neutron/dhcp/bab03404-ed0d-4574-98ba-3b3b73d4929f/opts
Jul 15 15:53:18 gtw01 dnsmasq[29609]: read /var/lib/neutron/dhcp/bab03404-ed0d-4574-98ba-3b3b73d4929f/addn_hosts - 2 addresses
Jul 15 15:53:18 gtw01 dnsmasq-dhcp[29609]: read /var/lib/neutron/dhcp/bab03404-ed0d-4574-98ba-3b3b73d4929f/host
Jul 15 15:53:18 gtw01 dnsmasq-dhcp[29609]: read /var/lib/neutron/dhcp/bab03404-ed0d-4574-98ba-3b3b73d4929f/opts
Jul 15 15:53:19 gtw01 haproxy-metadata-proxy-756a283f-bf86-4c54-bbef-562743a6b610[29827]: Proxy listener started.
Jul 15 15:53:21 gtw01 dnsmasq[29609]: read /var/lib/neutron/dhcp/bab03404-ed0d-4574-98ba-3b3b73d4929f/addn_hosts - 2 addresses
Jul 15 15:53:21 gtw01 dnsmasq-dhcp[29609]: read /var/lib/neutron/dhcp/bab03404-ed0d-4574-98ba-3b3b73d4929f/host
Jul 15 15:53:21 gtw01 dnsmasq-dhcp[29609]: read /var/lib/neutron/dhcp/bab03404-ed0d-4574-98ba-3b3b73d4929f/opts
Jul 15 15:53:21 gtw01 systemd-udevd[29858]: Could not generate persistent MAC address for qr-a5f7e4a0-91: No such file or directory
Jul 15 15:53:21 gtw01 kernel: [10103.176649] device qr-a5f7e4a0-91 entered promiscuous mode
Jul 15 15:53:21 gtw01 dnsmasq[29609]: read /var/lib/neutron/dhcp/bab03404-ed0d-4574-98ba-3b3b73d4929f/addn_hosts - 2 addresses
Jul 15 15:53:21 gtw01 dnsmasq-dhcp[29609]: read /var/lib/neutron/dhcp/bab03404-ed0d-4574-98ba-3b3b73d4929f/host
Jul 15 15:53:21 gtw01 dnsmasq-dhcp[29609]: read /var/lib/neutron/dhcp/bab03404-ed0d-4574-98ba-3b3b73d4929f/opts
Jul 15 15:54:02 gtw01 kernel: [10144.066570] device tap376ccc66-98 entered promiscuous mode
Jul 15 15:54:02 gtw01 systemd-udevd[30133]: Could not generate persistent MAC address for tap376ccc66-98: No such file or directory
Jul 15 15:54:02 gtw01 systemd-udevd[30199]: Process '/sbin/ip link set tap376ccc66-98 txqueuelen 10000' failed with exit code 1.
Jul 15 15:54:05 gtw01 dnsmasq[30294]: started, version 2.80 cachesize 150
Jul 15 15:54:05 gtw01 dnsmasq[30294]: DNS service limited to local subnets
Jul 15 15:54:05 gtw01 dnsmasq[30294]: compile time options: IPv6 GNU-getopt DBus i18n IDN DHCP DHCPv6 no-Lua TFTP conntrack ipset auth DNSSEC loop-detect inotify dumpfile
Jul 15 15:54:05 gtw01 dnsmasq[30294]: warning: no upstream servers configured
Jul 15 15:54:05 gtw01 dnsmasq-dhcp[30294]: DHCP, static leases only on 192.168.120.0, lease time 1h
Jul 15 15:54:05 gtw01 dnsmasq[30294]: read /var/lib/neutron/dhcp/32a85ee7-0f47-4205-92e3-2429fc57711a/addn_hosts - 1 addresses
Jul 15 15:54:05 gtw01 dnsmasq-dhcp[30294]: read /var/lib/neutron/dhcp/32a85ee7-0f47-4205-92e3-2429fc57711a/host
Jul 15 15:54:05 gtw01 dnsmasq-dhcp[30294]: read /var/lib/neutron/dhcp/32a85ee7-0f47-4205-92e3-2429fc57711a/opts
Jul 15 15:54:06 gtw01 haproxy-metadata-proxy-32a85ee7-0f47-4205-92e3-2429fc57711a[30304]: Proxy listener started.
Jul 15 15:54:07 gtw01 dnsmasq[30294]: read /var/lib/neutron/dhcp/32a85ee7-0f47-4205-92e3-2429fc57711a/addn_hosts - 2 addresses
Jul 15 15:54:07 gtw01 dnsmasq-dhcp[30294]: read /var/lib/neutron/dhcp/32a85ee7-0f47-4205-92e3-2429fc57711a/host
Jul 15 15:54:07 gtw01 dnsmasq-dhcp[30294]: read /var/lib/neutron/dhcp/32a85ee7-0f47-4205-92e3-2429fc57711a/opts
Jul 15 15:54:07 gtw01 systemd-udevd[30349]: Could not generate persistent MAC address for qg-e3381e7e-db: No such file or directory
Jul 15 15:54:07 gtw01 kernel: [10149.129462] device qg-e3381e7e-db entered promiscuous mode
Jul 15 15:54:08 gtw01 dnsmasq[30294]: read /var/lib/neutron/dhcp/32a85ee7-0f47-4205-92e3-2429fc57711a/addn_hosts - 2 addresses
Jul 15 15:54:08 gtw01 dnsmasq-dhcp[30294]: read /var/lib/neutron/dhcp/32a85ee7-0f47-4205-92e3-2429fc57711a/host
Jul 15 15:54:08 gtw01 dnsmasq-dhcp[30294]: read /var/lib/neutron/dhcp/32a85ee7-0f47-4205-92e3-2429fc57711a/opts
Jul 15 15:54:09 gtw01 dnsmasq[30294]: read /var/lib/neutron/dhcp/32a85ee7-0f47-4205-92e3-2429fc57711a/addn_hosts - 2 addresses
Jul 15 15:54:09 gtw01 dnsmasq-dhcp[30294]: read /var/lib/neutron/dhcp/32a85ee7-0f47-4205-92e3-2429fc57711a/host
Jul 15 15:54:09 gtw01 dnsmasq-dhcp[30294]: read /var/lib/neutron/dhcp/32a85ee7-0f47-4205-92e3-2429fc57711a/opts
Jul 15 15:54:10 gtw01 dnsmasq[30294]: read /var/lib/neutron/dhcp/32a85ee7-0f47-4205-92e3-2429fc57711a/addn_hosts - 2 addresses
Jul 15 15:54:10 gtw01 dnsmasq-dhcp[30294]: read /var/lib/neutron/dhcp/32a85ee7-0f47-4205-92e3-2429fc57711a/host
Jul 15 15:54:10 gtw01 dnsmasq-dhcp[30294]: read /var/lib/neutron/dhcp/32a85ee7-0f47-4205-92e3-2429fc57711a/opts
Jul 15 15:54:11 gtw01 dnsmasq[30294]: read /var/lib/neutron/dhcp/32a85ee7-0f47-4205-92e3-2429fc57711a/addn_hosts - 3 addresses
Jul 15 15:54:11 gtw01 dnsmasq-dhcp[30294]: read /var/lib/neutron/dhcp/32a85ee7-0f47-4205-92e3-2429fc57711a/host
Jul 15 15:54:11 gtw01 dnsmasq-dhcp[30294]: read /var/lib/neutron/dhcp/32a85ee7-0f47-4205-92e3-2429fc57711a/opts
Jul 15 15:54:12 gtw01 dnsmasq[30294]: read /var/lib/neutron/dhcp/32a85ee7-0f47-4205-92e3-2429fc57711a/addn_hosts - 3 addresses
Jul 15 15:54:12 gtw01 dnsmasq-dhcp[30294]: read /var/lib/neutron/dhcp/32a85ee7-0f47-4205-92e3-2429fc57711a/host
Jul 15 15:54:12 gtw01 dnsmasq-dhcp[30294]: read /var/lib/neutron/dhcp/32a85ee7-0f47-4205-92e3-2429fc57711a/opts
Jul 15 15:54:13 gtw01 haproxy-metadata-proxy-8a3ffa7b-4769-41b8-a4fe-3b731b120423[30662]: Proxy listener started.
Jul 15 15:54:16 gtw01 dnsmasq[30294]: read /var/lib/neutron/dhcp/32a85ee7-0f47-4205-92e3-2429fc57711a/addn_hosts - 3 addresses
Jul 15 15:54:16 gtw01 dnsmasq-dhcp[30294]: read /var/lib/neutron/dhcp/32a85ee7-0f47-4205-92e3-2429fc57711a/host
Jul 15 15:54:16 gtw01 dnsmasq-dhcp[30294]: read /var/lib/neutron/dhcp/32a85ee7-0f47-4205-92e3-2429fc57711a/opts
Jul 15 15:54:16 gtw01 kernel: [10158.258088] device qr-c63537b1-93 entered promiscuous mode
Jul 15 15:54:16 gtw01 systemd-udevd[30700]: Could not generate persistent MAC address for qr-c63537b1-93: No such file or directory
Jul 15 15:54:17 gtw01 dnsmasq[30294]: read /var/lib/neutron/dhcp/32a85ee7-0f47-4205-92e3-2429fc57711a/addn_hosts - 3 addresses
Jul 15 15:54:17 gtw01 dnsmasq-dhcp[30294]: read /var/lib/neutron/dhcp/32a85ee7-0f47-4205-92e3-2429fc57711a/host
Jul 15 15:54:17 gtw01 dnsmasq-dhcp[30294]: read /var/lib/neutron/dhcp/32a85ee7-0f47-4205-92e3-2429fc57711a/opts
Jul 15 15:54:19 gtw01 dnsmasq[30294]: read /var/lib/neutron/dhcp/32a85ee7-0f47-4205-92e3-2429fc57711a/addn_hosts - 4 addresses
Jul 15 15:54:19 gtw01 dnsmasq-dhcp[30294]: read /var/lib/neutron/dhcp/32a85ee7-0f47-4205-92e3-2429fc57711a/host
Jul 15 15:54:19 gtw01 dnsmasq-dhcp[30294]: read /var/lib/neutron/dhcp/32a85ee7-0f47-4205-92e3-2429fc57711a/opts
Jul 15 15:54:23 gtw01 dnsmasq[30294]: read /var/lib/neutron/dhcp/32a85ee7-0f47-4205-92e3-2429fc57711a/addn_hosts - 4 addresses
Jul 15 15:54:23 gtw01 dnsmasq-dhcp[30294]: read /var/lib/neutron/dhcp/32a85ee7-0f47-4205-92e3-2429fc57711a/host
Jul 15 15:54:23 gtw01 dnsmasq-dhcp[30294]: read /var/lib/neutron/dhcp/32a85ee7-0f47-4205-92e3-2429fc57711a/opts
Jul 15 15:54:24 gtw01 dnsmasq[30294]: read /var/lib/neutron/dhcp/32a85ee7-0f47-4205-92e3-2429fc57711a/addn_hosts - 4 addresses
Jul 15 15:54:24 gtw01 dnsmasq-dhcp[30294]: read /var/lib/neutron/dhcp/32a85ee7-0f47-4205-92e3-2429fc57711a/host
Jul 15 15:54:24 gtw01 dnsmasq-dhcp[30294]: read /var/lib/neutron/dhcp/32a85ee7-0f47-4205-92e3-2429fc57711a/opts
Jul 15 15:54:29 gtw01 kernel: [10170.706827] device vxlan_sys_4789 entered promiscuous mode
Jul 15 15:54:29 gtw01 systemd-udevd[31145]: Could not generate persistent MAC address for vxlan_sys_4789: No such file or directory
Jul 15 15:54:30 gtw01 dnsmasq[30294]: read /var/lib/neutron/dhcp/32a85ee7-0f47-4205-92e3-2429fc57711a/addn_hosts - 4 addresses
Jul 15 15:54:30 gtw01 dnsmasq-dhcp[30294]: read /var/lib/neutron/dhcp/32a85ee7-0f47-4205-92e3-2429fc57711a/host
Jul 15 15:54:30 gtw01 dnsmasq-dhcp[30294]: read /var/lib/neutron/dhcp/32a85ee7-0f47-4205-92e3-2429fc57711a/opts
Jul 15 15:54:31 gtw01 dnsmasq[30294]: read /var/lib/neutron/dhcp/32a85ee7-0f47-4205-92e3-2429fc57711a/addn_hosts - 4 addresses
Jul 15 15:54:31 gtw01 dnsmasq-dhcp[30294]: read /var/lib/neutron/dhcp/32a85ee7-0f47-4205-92e3-2429fc57711a/host
Jul 15 15:54:31 gtw01 dnsmasq-dhcp[30294]: read /var/lib/neutron/dhcp/32a85ee7-0f47-4205-92e3-2429fc57711a/opts
Jul 15 15:54:40 gtw01 dnsmasq-dhcp[30294]: DHCPDISCOVER(tap376ccc66-98) fa:16:3e:18:38:e4
Jul 15 15:54:40 gtw01 dnsmasq-dhcp[30294]: DHCPOFFER(tap376ccc66-98) 192.168.120.7 fa:16:3e:18:38:e4
Jul 15 15:54:40 gtw01 dnsmasq-dhcp[30294]: DHCPREQUEST(tap376ccc66-98) 192.168.120.7 fa:16:3e:18:38:e4
Jul 15 15:54:40 gtw01 dnsmasq-dhcp[30294]: DHCPACK(tap376ccc66-98) 192.168.120.7 fa:16:3e:18:38:e4 host-192-168-120-7
Jul 15 15:54:46 gtw01 dnsmasq-dhcp[30294]: DHCPDISCOVER(tap376ccc66-98) fa:16:3e:71:84:ac
Jul 15 15:54:46 gtw01 dnsmasq-dhcp[30294]: DHCPOFFER(tap376ccc66-98) 192.168.120.8 fa:16:3e:71:84:ac
Jul 15 15:54:46 gtw01 dnsmasq-dhcp[30294]: DHCPREQUEST(tap376ccc66-98) 192.168.120.8 fa:16:3e:71:84:ac
Jul 15 15:54:46 gtw01 dnsmasq-dhcp[30294]: DHCPACK(tap376ccc66-98) 192.168.120.8 fa:16:3e:71:84:ac host-192-168-120-8
Jul 15 15:55:20 gtw01 dnsmasq[30294]: read /var/lib/neutron/dhcp/32a85ee7-0f47-4205-92e3-2429fc57711a/addn_hosts - 4 addresses
Jul 15 15:55:20 gtw01 dnsmasq-dhcp[30294]: read /var/lib/neutron/dhcp/32a85ee7-0f47-4205-92e3-2429fc57711a/host
Jul 15 15:55:20 gtw01 dnsmasq-dhcp[30294]: read /var/lib/neutron/dhcp/32a85ee7-0f47-4205-92e3-2429fc57711a/opts
Jul 15 15:55:24 gtw01 kernel: [10226.253409] device vxlan_sys_4789 left promiscuous mode
Jul 15 15:55:25 gtw01 dnsmasq[30294]: read /var/lib/neutron/dhcp/32a85ee7-0f47-4205-92e3-2429fc57711a/addn_hosts - 4 addresses
Jul 15 15:55:25 gtw01 dnsmasq-dhcp[30294]: read /var/lib/neutron/dhcp/32a85ee7-0f47-4205-92e3-2429fc57711a/host
Jul 15 15:55:25 gtw01 dnsmasq-dhcp[30294]: read /var/lib/neutron/dhcp/32a85ee7-0f47-4205-92e3-2429fc57711a/opts
Jul 15 15:55:33 gtw01 dnsmasq[30294]: read /var/lib/neutron/dhcp/32a85ee7-0f47-4205-92e3-2429fc57711a/addn_hosts - 3 addresses
Jul 15 15:55:33 gtw01 dnsmasq-dhcp[30294]: read /var/lib/neutron/dhcp/32a85ee7-0f47-4205-92e3-2429fc57711a/host
Jul 15 15:55:33 gtw01 dnsmasq-dhcp[30294]: read /var/lib/neutron/dhcp/32a85ee7-0f47-4205-92e3-2429fc57711a/opts
Jul 15 15:55:34 gtw01 haproxy-metadata-proxy-32a85ee7-0f47-4205-92e3-2429fc57711a[31550]: Proxy listener started.
Jul 15 15:55:35 gtw01 kernel: [10236.986663] device qr-c63537b1-93 left promiscuous mode
Jul 15 15:55:36 gtw01 kernel: [10237.766647] device qg-e3381e7e-db left promiscuous mode
Jul 15 15:55:37 gtw01 dnsmasq-dhcp[30294]: DHCPRELEASE(tap376ccc66-98) 192.168.120.7 fa:16:3e:18:38:e4
Jul 15 15:55:37 gtw01 dnsmasq-dhcp[30294]: DHCPRELEASE(tap376ccc66-98) 192.168.120.7 fa:16:3e:18:38:e4 unknown lease
Jul 15 15:55:38 gtw01 dnsmasq[30294]: read /var/lib/neutron/dhcp/32a85ee7-0f47-4205-92e3-2429fc57711a/addn_hosts - 2 addresses
Jul 15 15:55:38 gtw01 dnsmasq-dhcp[30294]: read /var/lib/neutron/dhcp/32a85ee7-0f47-4205-92e3-2429fc57711a/host
Jul 15 15:55:38 gtw01 dnsmasq-dhcp[30294]: read /var/lib/neutron/dhcp/32a85ee7-0f47-4205-92e3-2429fc57711a/opts
Jul 15 15:55:39 gtw01 dnsmasq-dhcp[30294]: DHCPRELEASE(tap376ccc66-98) 192.168.120.8 fa:16:3e:71:84:ac
Jul 15 15:55:39 gtw01 dnsmasq-dhcp[30294]: DHCPRELEASE(tap376ccc66-98) 192.168.120.8 fa:16:3e:71:84:ac unknown lease
Jul 15 15:55:40 gtw01 dnsmasq[30294]: read /var/lib/neutron/dhcp/32a85ee7-0f47-4205-92e3-2429fc57711a/addn_hosts - 1 addresses
Jul 15 15:55:40 gtw01 dnsmasq-dhcp[30294]: read /var/lib/neutron/dhcp/32a85ee7-0f47-4205-92e3-2429fc57711a/host
Jul 15 15:55:40 gtw01 dnsmasq-dhcp[30294]: read /var/lib/neutron/dhcp/32a85ee7-0f47-4205-92e3-2429fc57711a/opts
Jul 15 15:55:43 gtw01 kernel: [10245.401321] device tap376ccc66-98 left promiscuous mode
Jul 15 15:56:02 gtw01 dnsmasq[29609]: read /var/lib/neutron/dhcp/bab03404-ed0d-4574-98ba-3b3b73d4929f/addn_hosts - 1 addresses
Jul 15 15:56:02 gtw01 dnsmasq-dhcp[29609]: read /var/lib/neutron/dhcp/bab03404-ed0d-4574-98ba-3b3b73d4929f/host
Jul 15 15:56:02 gtw01 dnsmasq-dhcp[29609]: read /var/lib/neutron/dhcp/bab03404-ed0d-4574-98ba-3b3b73d4929f/opts
Jul 15 15:56:02 gtw01 haproxy-metadata-proxy-bab03404-ed0d-4574-98ba-3b3b73d4929f[31774]: Proxy listener started.
Jul 15 15:56:03 gtw01 kernel: [10265.516148] device qr-a5f7e4a0-91 left promiscuous mode
Jul 15 15:56:04 gtw01 kernel: [10266.277553] device qg-f850c633-15 left promiscuous mode
Jul 15 15:56:06 gtw01 kernel: [10268.599496] device tap7f953cab-fa left promiscuous mode
Jul 15 15:56:25 gtw01 kernel: [10287.068861] device tapaf8ff4c9-7a entered promiscuous mode
Jul 15 15:56:25 gtw01 systemd-udevd[31929]: Could not generate persistent MAC address for tapaf8ff4c9-7a: No such file or directory
Jul 15 15:56:25 gtw01 systemd-udevd[31929]: Process '/sbin/ip link set tapaf8ff4c9-7a txqueuelen 10000' failed with exit code 1.
Jul 15 15:56:25 gtw01 systemd-udevd[32002]: Process '/sbin/ip link set tapaf8ff4c9-7a txqueuelen 10000' failed with exit code 1.
Jul 15 15:56:28 gtw01 systemd-udevd[32104]: Could not generate persistent MAC address for qg-2c2e6233-2d: No such file or directory
Jul 15 15:56:28 gtw01 kernel: [10290.107128] device qg-2c2e6233-2d entered promiscuous mode
Jul 15 15:56:28 gtw01 dnsmasq[32189]: started, version 2.80 cachesize 150
Jul 15 15:56:28 gtw01 dnsmasq[32189]: DNS service limited to local subnets
Jul 15 15:56:28 gtw01 dnsmasq[32189]: compile time options: IPv6 GNU-getopt DBus i18n IDN DHCP DHCPv6 no-Lua TFTP conntrack ipset auth DNSSEC loop-detect inotify dumpfile
Jul 15 15:56:28 gtw01 dnsmasq[32189]: warning: no upstream servers configured
Jul 15 15:56:28 gtw01 dnsmasq-dhcp[32189]: DHCP, static leases only on 192.168.120.0, lease time 1h
Jul 15 15:56:28 gtw01 dnsmasq[32189]: read /var/lib/neutron/dhcp/1614004e-ca12-46e5-9d6d-2e54aaabf8d3/addn_hosts - 1 addresses
Jul 15 15:56:28 gtw01 dnsmasq-dhcp[32189]: read /var/lib/neutron/dhcp/1614004e-ca12-46e5-9d6d-2e54aaabf8d3/host
Jul 15 15:56:28 gtw01 dnsmasq-dhcp[32189]: read /var/lib/neutron/dhcp/1614004e-ca12-46e5-9d6d-2e54aaabf8d3/opts
Jul 15 15:56:29 gtw01 haproxy-metadata-proxy-1614004e-ca12-46e5-9d6d-2e54aaabf8d3[32198]: Proxy listener started.
Jul 15 15:56:29 gtw01 dnsmasq[32189]: read /var/lib/neutron/dhcp/1614004e-ca12-46e5-9d6d-2e54aaabf8d3/addn_hosts - 2 addresses
Jul 15 15:56:29 gtw01 dnsmasq-dhcp[32189]: read /var/lib/neutron/dhcp/1614004e-ca12-46e5-9d6d-2e54aaabf8d3/host
Jul 15 15:56:29 gtw01 dnsmasq-dhcp[32189]: read /var/lib/neutron/dhcp/1614004e-ca12-46e5-9d6d-2e54aaabf8d3/opts
Jul 15 15:56:30 gtw01 dnsmasq[32189]: read /var/lib/neutron/dhcp/1614004e-ca12-46e5-9d6d-2e54aaabf8d3/addn_hosts - 2 addresses
Jul 15 15:56:30 gtw01 dnsmasq-dhcp[32189]: read /var/lib/neutron/dhcp/1614004e-ca12-46e5-9d6d-2e54aaabf8d3/host
Jul 15 15:56:30 gtw01 dnsmasq-dhcp[32189]: read /var/lib/neutron/dhcp/1614004e-ca12-46e5-9d6d-2e54aaabf8d3/opts
Jul 15 15:56:31 gtw01 dnsmasq[32189]: read /var/lib/neutron/dhcp/1614004e-ca12-46e5-9d6d-2e54aaabf8d3/addn_hosts - 2 addresses
Jul 15 15:56:31 gtw01 dnsmasq-dhcp[32189]: read /var/lib/neutron/dhcp/1614004e-ca12-46e5-9d6d-2e54aaabf8d3/host
Jul 15 15:56:31 gtw01 dnsmasq-dhcp[32189]: read /var/lib/neutron/dhcp/1614004e-ca12-46e5-9d6d-2e54aaabf8d3/opts
Jul 15 15:56:32 gtw01 dnsmasq[32189]: read /var/lib/neutron/dhcp/1614004e-ca12-46e5-9d6d-2e54aaabf8d3/addn_hosts - 2 addresses
Jul 15 15:56:32 gtw01 dnsmasq-dhcp[32189]: read /var/lib/neutron/dhcp/1614004e-ca12-46e5-9d6d-2e54aaabf8d3/host
Jul 15 15:56:32 gtw01 dnsmasq-dhcp[32189]: read /var/lib/neutron/dhcp/1614004e-ca12-46e5-9d6d-2e54aaabf8d3/opts
Jul 15 15:56:33 gtw01 dnsmasq[32189]: read /var/lib/neutron/dhcp/1614004e-ca12-46e5-9d6d-2e54aaabf8d3/addn_hosts - 2 addresses
Jul 15 15:56:33 gtw01 dnsmasq-dhcp[32189]: read /var/lib/neutron/dhcp/1614004e-ca12-46e5-9d6d-2e54aaabf8d3/host
Jul 15 15:56:33 gtw01 dnsmasq-dhcp[32189]: read /var/lib/neutron/dhcp/1614004e-ca12-46e5-9d6d-2e54aaabf8d3/opts
Jul 15 15:56:34 gtw01 haproxy-metadata-proxy-048c13cb-cd26-490e-b459-e1851db40354[32413]: Proxy listener started.
Jul 15 15:56:36 gtw01 dnsmasq[32189]: read /var/lib/neutron/dhcp/1614004e-ca12-46e5-9d6d-2e54aaabf8d3/addn_hosts - 2 addresses
Jul 15 15:56:36 gtw01 dnsmasq-dhcp[32189]: read /var/lib/neutron/dhcp/1614004e-ca12-46e5-9d6d-2e54aaabf8d3/host
Jul 15 15:56:36 gtw01 dnsmasq-dhcp[32189]: read /var/lib/neutron/dhcp/1614004e-ca12-46e5-9d6d-2e54aaabf8d3/opts
Jul 15 15:56:36 gtw01 systemd-udevd[32445]: Could not generate persistent MAC address for qr-d667a5f3-da: No such file or directory
Jul 15 15:56:36 gtw01 kernel: [10298.429605] device qr-d667a5f3-da entered promiscuous mode
Jul 15 15:56:37 gtw01 dnsmasq[32189]: read /var/lib/neutron/dhcp/1614004e-ca12-46e5-9d6d-2e54aaabf8d3/addn_hosts - 2 addresses
Jul 15 15:56:37 gtw01 dnsmasq-dhcp[32189]: read /var/lib/neutron/dhcp/1614004e-ca12-46e5-9d6d-2e54aaabf8d3/host
Jul 15 15:56:37 gtw01 dnsmasq-dhcp[32189]: read /var/lib/neutron/dhcp/1614004e-ca12-46e5-9d6d-2e54aaabf8d3/opts
Jul 15 15:57:18 gtw01 kernel: [10340.014972] device tap42dad79e-fa entered promiscuous mode
Jul 15 15:57:18 gtw01 systemd-udevd[32727]: Could not generate persistent MAC address for tap42dad79e-fa: No such file or directory
Jul 15 15:57:18 gtw01 systemd-udevd[32727]: Process '/sbin/ip link set tap42dad79e-fa txqueuelen 10000' failed with exit code 1.
Jul 15 15:57:18 gtw01 systemd-udevd[332]: Process '/sbin/ip link set tap42dad79e-fa txqueuelen 10000' failed with exit code 1.
Jul 15 15:57:18 gtw01 systemd-udevd[367]: Could not generate persistent MAC address for tapad03b563-16: No such file or directory
Jul 15 15:57:18 gtw01 kernel: [10340.500308] device tapad03b563-16 entered promiscuous mode
Jul 15 15:57:18 gtw01 systemd-udevd[367]: Process '/sbin/ip link set tapad03b563-16 txqueuelen 10000' failed with exit code 1.
Jul 15 15:57:19 gtw01 systemd-udevd[367]: Process '/sbin/ip link set tapad03b563-16 txqueuelen 10000' failed with exit code 1.
Jul 15 15:57:19 gtw01 kernel: [10341.306887] device tap593aefb9-5a entered promiscuous mode
Jul 15 15:57:19 gtw01 systemd-udevd[504]: Could not generate persistent MAC address for tap593aefb9-5a: No such file or directory
Jul 15 15:57:19 gtw01 systemd-udevd[574]: Process '/sbin/ip link set tap593aefb9-5a txqueuelen 10000' failed with exit code 1.
Jul 15 15:57:22 gtw01 dnsmasq[708]: started, version 2.80 cachesize 150
Jul 15 15:57:22 gtw01 dnsmasq[708]: DNS service limited to local subnets
Jul 15 15:57:22 gtw01 dnsmasq[708]: compile time options: IPv6 GNU-getopt DBus i18n IDN DHCP DHCPv6 no-Lua TFTP conntrack ipset auth DNSSEC loop-detect inotify dumpfile
Jul 15 15:57:22 gtw01 dnsmasq[708]: warning: no upstream servers configured
Jul 15 15:57:22 gtw01 dnsmasq-dhcp[708]: DHCP, static leases only on 192.168.120.0, lease time 1h
Jul 15 15:57:22 gtw01 dnsmasq[708]: read /var/lib/neutron/dhcp/44555cbe-9198-4b12-b507-6504d3b72789/addn_hosts - 1 addresses
Jul 15 15:57:22 gtw01 dnsmasq-dhcp[708]: read /var/lib/neutron/dhcp/44555cbe-9198-4b12-b507-6504d3b72789/host
Jul 15 15:57:22 gtw01 dnsmasq-dhcp[708]: read /var/lib/neutron/dhcp/44555cbe-9198-4b12-b507-6504d3b72789/opts
Jul 15 15:57:22 gtw01 haproxy-metadata-proxy-44555cbe-9198-4b12-b507-6504d3b72789[717]: Proxy listener started.
Jul 15 15:57:22 gtw01 dnsmasq[729]: started, version 2.80 cachesize 150
Jul 15 15:57:22 gtw01 dnsmasq[729]: DNS service limited to local subnets
Jul 15 15:57:22 gtw01 dnsmasq[729]: compile time options: IPv6 GNU-getopt DBus i18n IDN DHCP DHCPv6 no-Lua TFTP conntrack ipset auth DNSSEC loop-detect inotify dumpfile
Jul 15 15:57:22 gtw01 dnsmasq[729]: warning: no upstream servers configured
Jul 15 15:57:22 gtw01 dnsmasq-dhcp[729]: DHCP, static leases only on 192.168.120.0, lease time 1h
Jul 15 15:57:22 gtw01 dnsmasq[729]: read /var/lib/neutron/dhcp/7cc546e4-1180-4069-8725-fa081f202447/addn_hosts - 1 addresses
Jul 15 15:57:22 gtw01 dnsmasq-dhcp[729]: read /var/lib/neutron/dhcp/7cc546e4-1180-4069-8725-fa081f202447/host
Jul 15 15:57:22 gtw01 dnsmasq-dhcp[729]: read /var/lib/neutron/dhcp/7cc546e4-1180-4069-8725-fa081f202447/opts
Jul 15 15:57:22 gtw01 haproxy-metadata-proxy-7cc546e4-1180-4069-8725-fa081f202447[736]: Proxy listener started.
Jul 15 15:57:23 gtw01 dnsmasq[765]: started, version 2.80 cachesize 150
Jul 15 15:57:23 gtw01 dnsmasq[765]: DNS service limited to local subnets
Jul 15 15:57:23 gtw01 dnsmasq[765]: compile time options: IPv6 GNU-getopt DBus i18n IDN DHCP DHCPv6 no-Lua TFTP conntrack ipset auth DNSSEC loop-detect inotify dumpfile
Jul 15 15:57:23 gtw01 dnsmasq[765]: warning: no upstream servers configured
Jul 15 15:57:23 gtw01 dnsmasq-dhcp[765]: DHCP, static leases only on 192.168.120.0, lease time 1h
Jul 15 15:57:23 gtw01 dnsmasq[765]: read /var/lib/neutron/dhcp/8ac2e636-2830-4331-b0df-02808feccd35/addn_hosts - 1 addresses
Jul 15 15:57:23 gtw01 dnsmasq-dhcp[765]: read /var/lib/neutron/dhcp/8ac2e636-2830-4331-b0df-02808feccd35/host
Jul 15 15:57:23 gtw01 dnsmasq-dhcp[765]: read /var/lib/neutron/dhcp/8ac2e636-2830-4331-b0df-02808feccd35/opts
Jul 15 15:57:23 gtw01 haproxy-metadata-proxy-8ac2e636-2830-4331-b0df-02808feccd35[776]: Proxy listener started.
Jul 15 15:57:23 gtw01 dnsmasq[708]: read /var/lib/neutron/dhcp/44555cbe-9198-4b12-b507-6504d3b72789/addn_hosts - 1 addresses
Jul 15 15:57:23 gtw01 dnsmasq-dhcp[708]: read /var/lib/neutron/dhcp/44555cbe-9198-4b12-b507-6504d3b72789/host
Jul 15 15:57:23 gtw01 dnsmasq-dhcp[708]: read /var/lib/neutron/dhcp/44555cbe-9198-4b12-b507-6504d3b72789/opts
Jul 15 15:57:23 gtw01 kernel: [10345.221344] device tapd2c8cd46-67 entered promiscuous mode
Jul 15 15:57:23 gtw01 systemd-udevd[785]: Could not generate persistent MAC address for tapd2c8cd46-67: No such file or directory
Jul 15 15:57:23 gtw01 systemd-udevd[785]: Process '/sbin/ip link set tapd2c8cd46-67 txqueuelen 10000' failed with exit code 1.
Jul 15 15:57:23 gtw01 systemd-udevd[871]: Process '/sbin/ip link set tapd2c8cd46-67 txqueuelen 10000' failed with exit code 1.
Jul 15 15:57:24 gtw01 systemd-udevd[914]: Could not generate persistent MAC address for tap6e1f96b6-e5: No such file or directory
Jul 15 15:57:24 gtw01 kernel: [10346.174532] device tap6e1f96b6-e5 entered promiscuous mode
Jul 15 15:57:24 gtw01 dnsmasq[708]: read /var/lib/neutron/dhcp/44555cbe-9198-4b12-b507-6504d3b72789/addn_hosts - 1 addresses
Jul 15 15:57:24 gtw01 dnsmasq-dhcp[708]: read /var/lib/neutron/dhcp/44555cbe-9198-4b12-b507-6504d3b72789/host
Jul 15 15:57:24 gtw01 dnsmasq-dhcp[708]: read /var/lib/neutron/dhcp/44555cbe-9198-4b12-b507-6504d3b72789/opts
Jul 15 15:57:24 gtw01 systemd-udevd[914]: Process '/sbin/ip link set tap6e1f96b6-e5 txqueuelen 10000' failed with exit code 1.
Jul 15 15:57:24 gtw01 systemd-udevd[914]: Process '/sbin/ip link set tap6e1f96b6-e5 txqueuelen 10000' failed with exit code 1.
Jul 15 15:57:25 gtw01 dnsmasq[729]: read /var/lib/neutron/dhcp/7cc546e4-1180-4069-8725-fa081f202447/addn_hosts - 1 addresses
Jul 15 15:57:25 gtw01 dnsmasq-dhcp[729]: read /var/lib/neutron/dhcp/7cc546e4-1180-4069-8725-fa081f202447/host
Jul 15 15:57:25 gtw01 dnsmasq-dhcp[729]: read /var/lib/neutron/dhcp/7cc546e4-1180-4069-8725-fa081f202447/opts
Jul 15 15:57:25 gtw01 dnsmasq[708]: read /var/lib/neutron/dhcp/44555cbe-9198-4b12-b507-6504d3b72789/addn_hosts - 1 addresses
Jul 15 15:57:25 gtw01 dnsmasq-dhcp[708]: read /var/lib/neutron/dhcp/44555cbe-9198-4b12-b507-6504d3b72789/host
Jul 15 15:57:25 gtw01 dnsmasq-dhcp[708]: read /var/lib/neutron/dhcp/44555cbe-9198-4b12-b507-6504d3b72789/opts
Jul 15 15:57:25 gtw01 dnsmasq[765]: read /var/lib/neutron/dhcp/8ac2e636-2830-4331-b0df-02808feccd35/addn_hosts - 2 addresses
Jul 15 15:57:25 gtw01 dnsmasq-dhcp[765]: read /var/lib/neutron/dhcp/8ac2e636-2830-4331-b0df-02808feccd35/host
Jul 15 15:57:25 gtw01 dnsmasq-dhcp[765]: read /var/lib/neutron/dhcp/8ac2e636-2830-4331-b0df-02808feccd35/opts
Jul 15 15:57:26 gtw01 systemd-udevd[1168]: Could not generate persistent MAC address for tapda85b392-a4: No such file or directory
Jul 15 15:57:26 gtw01 kernel: [10348.460555] device tapda85b392-a4 entered promiscuous mode
Jul 15 15:57:26 gtw01 dnsmasq[729]: read /var/lib/neutron/dhcp/7cc546e4-1180-4069-8725-fa081f202447/addn_hosts - 1 addresses
Jul 15 15:57:26 gtw01 dnsmasq-dhcp[729]: read /var/lib/neutron/dhcp/7cc546e4-1180-4069-8725-fa081f202447/host
Jul 15 15:57:26 gtw01 dnsmasq-dhcp[729]: read /var/lib/neutron/dhcp/7cc546e4-1180-4069-8725-fa081f202447/opts
Jul 15 15:57:27 gtw01 systemd-udevd[1284]: Could not generate persistent MAC address for qr-bf2b9dd0-81: No such file or directory
Jul 15 15:57:27 gtw01 kernel: [10349.180321] device qr-bf2b9dd0-81 entered promiscuous mode
Jul 15 15:57:27 gtw01 dnsmasq[708]: read /var/lib/neutron/dhcp/44555cbe-9198-4b12-b507-6504d3b72789/addn_hosts - 2 addresses
Jul 15 15:57:27 gtw01 dnsmasq-dhcp[708]: read /var/lib/neutron/dhcp/44555cbe-9198-4b12-b507-6504d3b72789/host
Jul 15 15:57:27 gtw01 dnsmasq-dhcp[708]: read /var/lib/neutron/dhcp/44555cbe-9198-4b12-b507-6504d3b72789/opts
Jul 15 15:57:27 gtw01 dnsmasq[765]: read /var/lib/neutron/dhcp/8ac2e636-2830-4331-b0df-02808feccd35/addn_hosts - 2 addresses
Jul 15 15:57:27 gtw01 dnsmasq-dhcp[765]: read /var/lib/neutron/dhcp/8ac2e636-2830-4331-b0df-02808feccd35/host
Jul 15 15:57:27 gtw01 dnsmasq-dhcp[765]: read /var/lib/neutron/dhcp/8ac2e636-2830-4331-b0df-02808feccd35/opts
Jul 15 15:57:28 gtw01 dnsmasq[729]: read /var/lib/neutron/dhcp/7cc546e4-1180-4069-8725-fa081f202447/addn_hosts - 1 addresses
Jul 15 15:57:28 gtw01 dnsmasq-dhcp[729]: read /var/lib/neutron/dhcp/7cc546e4-1180-4069-8725-fa081f202447/host
Jul 15 15:57:28 gtw01 dnsmasq-dhcp[729]: read /var/lib/neutron/dhcp/7cc546e4-1180-4069-8725-fa081f202447/opts
Jul 15 15:57:28 gtw01 dnsmasq[765]: read /var/lib/neutron/dhcp/8ac2e636-2830-4331-b0df-02808feccd35/addn_hosts - 2 addresses
Jul 15 15:57:28 gtw01 systemd-udevd[1443]: Could not generate persistent MAC address for qg-af164d68-a9: No such file or directory
Jul 15 15:57:28 gtw01 kernel: [10350.360505] device qg-af164d68-a9 entered promiscuous mode
Jul 15 15:57:28 gtw01 dnsmasq-dhcp[765]: read /var/lib/neutron/dhcp/8ac2e636-2830-4331-b0df-02808feccd35/host
Jul 15 15:57:28 gtw01 dnsmasq-dhcp[765]: read /var/lib/neutron/dhcp/8ac2e636-2830-4331-b0df-02808feccd35/opts
Jul 15 15:57:28 gtw01 dnsmasq[708]: read /var/lib/neutron/dhcp/44555cbe-9198-4b12-b507-6504d3b72789/addn_hosts - 2 addresses
Jul 15 15:57:28 gtw01 dnsmasq-dhcp[708]: read /var/lib/neutron/dhcp/44555cbe-9198-4b12-b507-6504d3b72789/host
Jul 15 15:57:28 gtw01 dnsmasq-dhcp[708]: read /var/lib/neutron/dhcp/44555cbe-9198-4b12-b507-6504d3b72789/opts
Jul 15 15:57:29 gtw01 systemd-udevd[1547]: Process '/sbin/ip link set tapda85b392-a4 txqueuelen 10000' failed with exit code 1.
Jul 15 15:57:29 gtw01 kernel: [10350.796436] device tap5e2b3e58-26 entered promiscuous mode
Jul 15 15:57:29 gtw01 systemd-udevd[1566]: Could not generate persistent MAC address for tap5e2b3e58-26: No such file or directory
Jul 15 15:57:29 gtw01 systemd-udevd[1690]: Process '/sbin/ip link set tap5e2b3e58-26 txqueuelen 10000' failed with exit code 1.
Jul 15 15:57:30 gtw01 kernel: [10352.340975] device tap4f0a0245-fb entered promiscuous mode
Jul 15 15:57:30 gtw01 systemd-udevd[1775]: Could not generate persistent MAC address for tap4f0a0245-fb: No such file or directory
Jul 15 15:57:30 gtw01 dnsmasq[1801]: started, version 2.80 cachesize 150
Jul 15 15:57:30 gtw01 dnsmasq[1801]: DNS service limited to local subnets
Jul 15 15:57:30 gtw01 dnsmasq[1801]: compile time options: IPv6 GNU-getopt DBus i18n IDN DHCP DHCPv6 no-Lua TFTP conntrack ipset auth DNSSEC loop-detect inotify dumpfile
Jul 15 15:57:30 gtw01 dnsmasq[1801]: warning: no upstream servers configured
Jul 15 15:57:30 gtw01 dnsmasq-dhcp[1801]: DHCP, static leases only on 192.168.120.0, lease time 1h
Jul 15 15:57:30 gtw01 dnsmasq[1801]: read /var/lib/neutron/dhcp/2d05f256-76af-47fb-81f0-beb9a2072573/addn_hosts - 1 addresses
Jul 15 15:57:30 gtw01 dnsmasq-dhcp[1801]: read /var/lib/neutron/dhcp/2d05f256-76af-47fb-81f0-beb9a2072573/host
Jul 15 15:57:30 gtw01 dnsmasq-dhcp[1801]: read /var/lib/neutron/dhcp/2d05f256-76af-47fb-81f0-beb9a2072573/opts
Jul 15 15:57:31 gtw01 systemd-udevd[1861]: Process '/sbin/ip link set tap4f0a0245-fb txqueuelen 10000' failed with exit code 1.
Jul 15 15:57:31 gtw01 dnsmasq[765]: read /var/lib/neutron/dhcp/8ac2e636-2830-4331-b0df-02808feccd35/addn_hosts - 2 addresses
Jul 15 15:57:31 gtw01 dnsmasq-dhcp[765]: read /var/lib/neutron/dhcp/8ac2e636-2830-4331-b0df-02808feccd35/host
Jul 15 15:57:31 gtw01 dnsmasq-dhcp[765]: read /var/lib/neutron/dhcp/8ac2e636-2830-4331-b0df-02808feccd35/opts
Jul 15 15:57:31 gtw01 haproxy-metadata-proxy-2d05f256-76af-47fb-81f0-beb9a2072573[1893]: Proxy listener started.
Jul 15 15:57:31 gtw01 dnsmasq[729]: read /var/lib/neutron/dhcp/7cc546e4-1180-4069-8725-fa081f202447/addn_hosts - 2 addresses
Jul 15 15:57:31 gtw01 dnsmasq-dhcp[729]: read /var/lib/neutron/dhcp/7cc546e4-1180-4069-8725-fa081f202447/host
Jul 15 15:57:31 gtw01 dnsmasq-dhcp[729]: read /var/lib/neutron/dhcp/7cc546e4-1180-4069-8725-fa081f202447/opts
Jul 15 15:57:31 gtw01 kernel: [10353.485547] device qg-552944b2-34 entered promiscuous mode
Jul 15 15:57:31 gtw01 systemd-udevd[1941]: Could not generate persistent MAC address for qg-552944b2-34: No such file or directory
Jul 15 15:57:32 gtw01 kernel: [10353.888374] device qr-94933a87-d7 entered promiscuous mode
Jul 15 15:57:32 gtw01 systemd-udevd[2047]: Could not generate persistent MAC address for qr-94933a87-d7: No such file or directory
Jul 15 15:57:34 gtw01 dnsmasq[765]: read /var/lib/neutron/dhcp/8ac2e636-2830-4331-b0df-02808feccd35/addn_hosts - 2 addresses
Jul 15 15:57:34 gtw01 dnsmasq-dhcp[765]: read /var/lib/neutron/dhcp/8ac2e636-2830-4331-b0df-02808feccd35/host
Jul 15 15:57:34 gtw01 dnsmasq-dhcp[765]: read /var/lib/neutron/dhcp/8ac2e636-2830-4331-b0df-02808feccd35/opts
Jul 15 15:57:34 gtw01 dnsmasq[1801]: read /var/lib/neutron/dhcp/2d05f256-76af-47fb-81f0-beb9a2072573/addn_hosts - 2 addresses
Jul 15 15:57:34 gtw01 dnsmasq-dhcp[1801]: read /var/lib/neutron/dhcp/2d05f256-76af-47fb-81f0-beb9a2072573/host
Jul 15 15:57:34 gtw01 dnsmasq-dhcp[1801]: read /var/lib/neutron/dhcp/2d05f256-76af-47fb-81f0-beb9a2072573/opts
Jul 15 15:57:34 gtw01 kernel: [10356.122977] IPv4: martian source 192.168.120.1 from 192.168.120.1, on dev qr-94933a87-d7
Jul 15 15:57:34 gtw01 kernel: [10356.122980] ll header: 00000000: ff ff ff ff ff ff fa 16 3e 90 e3 0b 08 06        ........>.....
Jul 15 15:57:34 gtw01 dnsmasq[2313]: started, version 2.80 cachesize 150
Jul 15 15:57:34 gtw01 dnsmasq[2313]: DNS service limited to local subnets
Jul 15 15:57:34 gtw01 dnsmasq[2313]: compile time options: IPv6 GNU-getopt DBus i18n IDN DHCP DHCPv6 no-Lua TFTP conntrack ipset auth DNSSEC loop-detect inotify dumpfile
Jul 15 15:57:34 gtw01 dnsmasq[2313]: warning: no upstream servers configured
Jul 15 15:57:34 gtw01 dnsmasq-dhcp[2313]: DHCP, static leases only on 192.168.120.0, lease time 1h
Jul 15 15:57:34 gtw01 dnsmasq[2313]: read /var/lib/neutron/dhcp/97f95e7a-2e56-4962-b2df-409287c7bc1e/addn_hosts - 1 addresses
Jul 15 15:57:34 gtw01 dnsmasq-dhcp[2313]: read /var/lib/neutron/dhcp/97f95e7a-2e56-4962-b2df-409287c7bc1e/host
Jul 15 15:57:34 gtw01 dnsmasq-dhcp[2313]: read /var/lib/neutron/dhcp/97f95e7a-2e56-4962-b2df-409287c7bc1e/opts
Jul 15 15:57:34 gtw01 kernel: [10356.437302] IPv4: martian source 192.168.120.1 from 192.168.120.1, on dev qr-bf2b9dd0-81
Jul 15 15:57:34 gtw01 kernel: [10356.437307] ll header: 00000000: ff ff ff ff ff ff fa 16 3e 42 8d 6c 08 06        ........>B.l..
Jul 15 15:57:34 gtw01 kernel: [10356.445113] device qg-f0f35ab0-a7 entered promiscuous mode
Jul 15 15:57:34 gtw01 systemd-udevd[2327]: Could not generate persistent MAC address for qg-f0f35ab0-a7: No such file or directory
Jul 15 15:57:35 gtw01 dnsmasq[729]: read /var/lib/neutron/dhcp/7cc546e4-1180-4069-8725-fa081f202447/addn_hosts - 2 addresses
Jul 15 15:57:35 gtw01 dnsmasq-dhcp[729]: read /var/lib/neutron/dhcp/7cc546e4-1180-4069-8725-fa081f202447/host
Jul 15 15:57:35 gtw01 dnsmasq-dhcp[729]: read /var/lib/neutron/dhcp/7cc546e4-1180-4069-8725-fa081f202447/opts
Jul 15 15:57:35 gtw01 haproxy-metadata-proxy-97f95e7a-2e56-4962-b2df-409287c7bc1e[2447]: Proxy listener started.
Jul 15 15:57:36 gtw01 systemd-udevd[2504]: Could not generate persistent MAC address for qg-75e0f77a-c0: No such file or directory
Jul 15 15:57:36 gtw01 kernel: [10357.776548] device qg-75e0f77a-c0 entered promiscuous mode
Jul 15 15:57:37 gtw01 dnsmasq[2313]: read /var/lib/neutron/dhcp/97f95e7a-2e56-4962-b2df-409287c7bc1e/addn_hosts - 2 addresses
Jul 15 15:57:37 gtw01 dnsmasq-dhcp[2313]: read /var/lib/neutron/dhcp/97f95e7a-2e56-4962-b2df-409287c7bc1e/host
Jul 15 15:57:37 gtw01 dnsmasq-dhcp[2313]: read /var/lib/neutron/dhcp/97f95e7a-2e56-4962-b2df-409287c7bc1e/opts
Jul 15 15:57:37 gtw01 dnsmasq[1801]: read /var/lib/neutron/dhcp/2d05f256-76af-47fb-81f0-beb9a2072573/addn_hosts - 2 addresses
Jul 15 15:57:37 gtw01 dnsmasq-dhcp[1801]: read /var/lib/neutron/dhcp/2d05f256-76af-47fb-81f0-beb9a2072573/host
Jul 15 15:57:37 gtw01 dnsmasq-dhcp[1801]: read /var/lib/neutron/dhcp/2d05f256-76af-47fb-81f0-beb9a2072573/opts
Jul 15 15:57:38 gtw01 dnsmasq[2756]: started, version 2.80 cachesize 150
Jul 15 15:57:38 gtw01 dnsmasq[2756]: DNS service limited to local subnets
Jul 15 15:57:38 gtw01 dnsmasq[2756]: compile time options: IPv6 GNU-getopt DBus i18n IDN DHCP DHCPv6 no-Lua TFTP conntrack ipset auth DNSSEC loop-detect inotify dumpfile
Jul 15 15:57:38 gtw01 dnsmasq[2756]: warning: no upstream servers configured
Jul 15 15:57:38 gtw01 dnsmasq-dhcp[2756]: DHCP, static leases only on 192.168.120.0, lease time 1h
Jul 15 15:57:38 gtw01 dnsmasq[2756]: read /var/lib/neutron/dhcp/3d693748-2690-4c6a-93bb-080e51dd657f/addn_hosts - 1 addresses
Jul 15 15:57:38 gtw01 dnsmasq-dhcp[2756]: read /var/lib/neutron/dhcp/3d693748-2690-4c6a-93bb-080e51dd657f/host
Jul 15 15:57:38 gtw01 dnsmasq-dhcp[2756]: read /var/lib/neutron/dhcp/3d693748-2690-4c6a-93bb-080e51dd657f/opts
Jul 15 15:57:38 gtw01 dnsmasq[2771]: started, version 2.80 cachesize 150
Jul 15 15:57:38 gtw01 dnsmasq[2771]: DNS service limited to local subnets
Jul 15 15:57:38 gtw01 dnsmasq[2771]: compile time options: IPv6 GNU-getopt DBus i18n IDN DHCP DHCPv6 no-Lua TFTP conntrack ipset auth DNSSEC loop-detect inotify dumpfile
Jul 15 15:57:38 gtw01 dnsmasq[2771]: warning: no upstream servers configured
Jul 15 15:57:38 gtw01 dnsmasq-dhcp[2771]: DHCP, static leases only on 192.168.120.0, lease time 1h
Jul 15 15:57:38 gtw01 dnsmasq[2771]: read /var/lib/neutron/dhcp/14342349-2b95-417e-a5b4-5cdea03a2c04/addn_hosts - 1 addresses
Jul 15 15:57:38 gtw01 dnsmasq-dhcp[2771]: read /var/lib/neutron/dhcp/14342349-2b95-417e-a5b4-5cdea03a2c04/host
Jul 15 15:57:38 gtw01 dnsmasq-dhcp[2771]: read /var/lib/neutron/dhcp/14342349-2b95-417e-a5b4-5cdea03a2c04/opts
Jul 15 15:57:38 gtw01 systemd-udevd[2782]: Could not generate persistent MAC address for qg-908fe5b3-4d: No such file or directory
Jul 15 15:57:38 gtw01 kernel: [10359.900331] device qg-908fe5b3-4d entered promiscuous mode
Jul 15 15:57:38 gtw01 kernel: [10360.080055] IPv4: martian source 192.168.120.1 from 192.168.120.1, on dev qr-bf2b9dd0-81
Jul 15 15:57:38 gtw01 kernel: [10360.080060] ll header: 00000000: ff ff ff ff ff ff fa 16 3e 42 8d 6c 08 06        ........>B.l..
Jul 15 15:57:38 gtw01 haproxy-metadata-proxy-3d693748-2690-4c6a-93bb-080e51dd657f[2886]: Proxy listener started.
Jul 15 15:57:38 gtw01 haproxy-metadata-proxy-14342349-2b95-417e-a5b4-5cdea03a2c04[2898]: Proxy listener started.
Jul 15 15:57:39 gtw01 dnsmasq[2921]: started, version 2.80 cachesize 150
Jul 15 15:57:39 gtw01 dnsmasq[2921]: DNS service limited to local subnets
Jul 15 15:57:39 gtw01 dnsmasq[2921]: compile time options: IPv6 GNU-getopt DBus i18n IDN DHCP DHCPv6 no-Lua TFTP conntrack ipset auth DNSSEC loop-detect inotify dumpfile
Jul 15 15:57:39 gtw01 dnsmasq[2921]: warning: no upstream servers configured
Jul 15 15:57:39 gtw01 dnsmasq-dhcp[2921]: DHCP, static leases only on 192.168.120.0, lease time 1h
Jul 15 15:57:39 gtw01 dnsmasq[2921]: read /var/lib/neutron/dhcp/5be2058c-c299-4a50-af89-7f4a4ff5752a/addn_hosts - 1 addresses
Jul 15 15:57:39 gtw01 dnsmasq-dhcp[2921]: read /var/lib/neutron/dhcp/5be2058c-c299-4a50-af89-7f4a4ff5752a/host
Jul 15 15:57:39 gtw01 dnsmasq-dhcp[2921]: read /var/lib/neutron/dhcp/5be2058c-c299-4a50-af89-7f4a4ff5752a/opts
Jul 15 15:57:39 gtw01 dnsmasq[32189]: read /var/lib/neutron/dhcp/1614004e-ca12-46e5-9d6d-2e54aaabf8d3/addn_hosts - 3 addresses
Jul 15 15:57:39 gtw01 dnsmasq-dhcp[32189]: read /var/lib/neutron/dhcp/1614004e-ca12-46e5-9d6d-2e54aaabf8d3/host
Jul 15 15:57:39 gtw01 dnsmasq-dhcp[32189]: read /var/lib/neutron/dhcp/1614004e-ca12-46e5-9d6d-2e54aaabf8d3/opts
Jul 15 15:57:40 gtw01 haproxy-metadata-proxy-5be2058c-c299-4a50-af89-7f4a4ff5752a[2997]: Proxy listener started.
Jul 15 15:57:40 gtw01 dnsmasq[1801]: read /var/lib/neutron/dhcp/2d05f256-76af-47fb-81f0-beb9a2072573/addn_hosts - 2 addresses
Jul 15 15:57:40 gtw01 dnsmasq-dhcp[1801]: read /var/lib/neutron/dhcp/2d05f256-76af-47fb-81f0-beb9a2072573/host
Jul 15 15:57:40 gtw01 dnsmasq-dhcp[1801]: read /var/lib/neutron/dhcp/2d05f256-76af-47fb-81f0-beb9a2072573/opts
Jul 15 15:57:40 gtw01 dnsmasq[2313]: read /var/lib/neutron/dhcp/97f95e7a-2e56-4962-b2df-409287c7bc1e/addn_hosts - 2 addresses
Jul 15 15:57:40 gtw01 dnsmasq-dhcp[2313]: read /var/lib/neutron/dhcp/97f95e7a-2e56-4962-b2df-409287c7bc1e/host
Jul 15 15:57:40 gtw01 dnsmasq-dhcp[2313]: read /var/lib/neutron/dhcp/97f95e7a-2e56-4962-b2df-409287c7bc1e/opts
Jul 15 15:57:40 gtw01 dnsmasq[2756]: read /var/lib/neutron/dhcp/3d693748-2690-4c6a-93bb-080e51dd657f/addn_hosts - 1 addresses
Jul 15 15:57:40 gtw01 dnsmasq-dhcp[2756]: read /var/lib/neutron/dhcp/3d693748-2690-4c6a-93bb-080e51dd657f/host
Jul 15 15:57:40 gtw01 dnsmasq-dhcp[2756]: read /var/lib/neutron/dhcp/3d693748-2690-4c6a-93bb-080e51dd657f/opts
Jul 15 15:57:40 gtw01 dnsmasq[2771]: read /var/lib/neutron/dhcp/14342349-2b95-417e-a5b4-5cdea03a2c04/addn_hosts - 2 addresses
Jul 15 15:57:40 gtw01 dnsmasq-dhcp[2771]: read /var/lib/neutron/dhcp/14342349-2b95-417e-a5b4-5cdea03a2c04/host
Jul 15 15:57:40 gtw01 dnsmasq-dhcp[2771]: read /var/lib/neutron/dhcp/14342349-2b95-417e-a5b4-5cdea03a2c04/opts
Jul 15 15:57:41 gtw01 kernel: [10362.880430] device tap1fd3590d-55 entered promiscuous mode
Jul 15 15:57:41 gtw01 systemd-udevd[3099]: Could not generate persistent MAC address for tap1fd3590d-55: No such file or directory
Jul 15 15:57:41 gtw01 systemd-udevd[3099]: Process '/sbin/ip link set tap1fd3590d-55 txqueuelen 10000' failed with exit code 1.
Jul 15 15:57:41 gtw01 systemd-udevd[3099]: Process '/sbin/ip link set tap1fd3590d-55 txqueuelen 10000' failed with exit code 1.
Jul 15 15:57:41 gtw01 kernel: [10363.412214] device qg-50704b1e-fe entered promiscuous mode
Jul 15 15:57:41 gtw01 systemd-udevd[3228]: Could not generate persistent MAC address for qg-50704b1e-fe: No such file or directory
Jul 15 15:57:42 gtw01 haproxy-metadata-proxy-87729517-09a2-4a75-bdd4-a18f6a702f86[3337]: Proxy listener started.
Jul 15 15:57:42 gtw01 kernel: [10363.986117] device qg-9f85bfae-e6 entered promiscuous mode
Jul 15 15:57:42 gtw01 systemd-udevd[3348]: Could not generate persistent MAC address for qg-9f85bfae-e6: No such file or directory
Jul 15 15:57:42 gtw01 dnsmasq[2921]: read /var/lib/neutron/dhcp/5be2058c-c299-4a50-af89-7f4a4ff5752a/addn_hosts - 2 addresses
Jul 15 15:57:42 gtw01 dnsmasq-dhcp[2921]: read /var/lib/neutron/dhcp/5be2058c-c299-4a50-af89-7f4a4ff5752a/host
Jul 15 15:57:42 gtw01 dnsmasq-dhcp[2921]: read /var/lib/neutron/dhcp/5be2058c-c299-4a50-af89-7f4a4ff5752a/opts
Jul 15 15:57:42 gtw01 kernel: [10364.387983] IPv4: martian source 192.168.120.1 from 192.168.120.1, on dev qr-bf2b9dd0-81
Jul 15 15:57:42 gtw01 kernel: [10364.387988] ll header: 00000000: ff ff ff ff ff ff fa 16 3e 42 8d 6c 08 06        ........>B.l..
Jul 15 15:57:42 gtw01 dnsmasq[1801]: read /var/lib/neutron/dhcp/2d05f256-76af-47fb-81f0-beb9a2072573/addn_hosts - 2 addresses
Jul 15 15:57:42 gtw01 dnsmasq-dhcp[1801]: read /var/lib/neutron/dhcp/2d05f256-76af-47fb-81f0-beb9a2072573/host
Jul 15 15:57:42 gtw01 dnsmasq-dhcp[1801]: read /var/lib/neutron/dhcp/2d05f256-76af-47fb-81f0-beb9a2072573/opts
Jul 15 15:57:42 gtw01 systemd-udevd[3456]: Could not generate persistent MAC address for qg-0c842ba8-a6: No such file or directory
Jul 15 15:57:42 gtw01 kernel: [10364.575705] device qg-0c842ba8-a6 entered promiscuous mode
Jul 15 15:57:43 gtw01 dnsmasq[2313]: read /var/lib/neutron/dhcp/97f95e7a-2e56-4962-b2df-409287c7bc1e/addn_hosts - 2 addresses
Jul 15 15:57:43 gtw01 dnsmasq-dhcp[2313]: read /var/lib/neutron/dhcp/97f95e7a-2e56-4962-b2df-409287c7bc1e/host
Jul 15 15:57:43 gtw01 dnsmasq-dhcp[2313]: read /var/lib/neutron/dhcp/97f95e7a-2e56-4962-b2df-409287c7bc1e/opts
Jul 15 15:57:43 gtw01 dnsmasq[2756]: read /var/lib/neutron/dhcp/3d693748-2690-4c6a-93bb-080e51dd657f/addn_hosts - 1 addresses
Jul 15 15:57:43 gtw01 dnsmasq-dhcp[2756]: read /var/lib/neutron/dhcp/3d693748-2690-4c6a-93bb-080e51dd657f/host
Jul 15 15:57:43 gtw01 dnsmasq-dhcp[2756]: read /var/lib/neutron/dhcp/3d693748-2690-4c6a-93bb-080e51dd657f/opts
Jul 15 15:57:44 gtw01 kernel: [10366.488333] device tapf3d54a25-d2 entered promiscuous mode
Jul 15 15:57:44 gtw01 systemd-udevd[3689]: Could not generate persistent MAC address for tapf3d54a25-d2: No such file or directory
Jul 15 15:57:45 gtw01 systemd-udevd[3794]: Process '/sbin/ip link set tapf3d54a25-d2 txqueuelen 10000' failed with exit code 1.
Jul 15 15:57:45 gtw01 dnsmasq[2771]: read /var/lib/neutron/dhcp/14342349-2b95-417e-a5b4-5cdea03a2c04/addn_hosts - 2 addresses
Jul 15 15:57:45 gtw01 dnsmasq-dhcp[2771]: read /var/lib/neutron/dhcp/14342349-2b95-417e-a5b4-5cdea03a2c04/host
Jul 15 15:57:45 gtw01 dnsmasq-dhcp[2771]: read /var/lib/neutron/dhcp/14342349-2b95-417e-a5b4-5cdea03a2c04/opts
Jul 15 15:57:45 gtw01 dnsmasq[1801]: read /var/lib/neutron/dhcp/2d05f256-76af-47fb-81f0-beb9a2072573/addn_hosts - 2 addresses
Jul 15 15:57:45 gtw01 dnsmasq-dhcp[1801]: read /var/lib/neutron/dhcp/2d05f256-76af-47fb-81f0-beb9a2072573/host
Jul 15 15:57:45 gtw01 dnsmasq-dhcp[1801]: read /var/lib/neutron/dhcp/2d05f256-76af-47fb-81f0-beb9a2072573/opts
Jul 15 15:57:46 gtw01 dnsmasq[2313]: read /var/lib/neutron/dhcp/97f95e7a-2e56-4962-b2df-409287c7bc1e/addn_hosts - 2 addresses
Jul 15 15:57:46 gtw01 dnsmasq-dhcp[2313]: read /var/lib/neutron/dhcp/97f95e7a-2e56-4962-b2df-409287c7bc1e/host
Jul 15 15:57:46 gtw01 dnsmasq-dhcp[2313]: read /var/lib/neutron/dhcp/97f95e7a-2e56-4962-b2df-409287c7bc1e/opts
Jul 15 15:57:46 gtw01 dnsmasq[2921]: read /var/lib/neutron/dhcp/5be2058c-c299-4a50-af89-7f4a4ff5752a/addn_hosts - 2 addresses
Jul 15 15:57:46 gtw01 dnsmasq-dhcp[2921]: read /var/lib/neutron/dhcp/5be2058c-c299-4a50-af89-7f4a4ff5752a/host
Jul 15 15:57:46 gtw01 dnsmasq-dhcp[2921]: read /var/lib/neutron/dhcp/5be2058c-c299-4a50-af89-7f4a4ff5752a/opts
Jul 15 15:57:47 gtw01 kernel: [10369.068352] device tap85b4ddfa-82 entered promiscuous mode
Jul 15 15:57:47 gtw01 systemd-udevd[3972]: Could not generate persistent MAC address for tap85b4ddfa-82: No such file or directory
Jul 15 15:57:47 gtw01 dnsmasq[2756]: read /var/lib/neutron/dhcp/3d693748-2690-4c6a-93bb-080e51dd657f/addn_hosts - 2 addresses
Jul 15 15:57:47 gtw01 dnsmasq-dhcp[2756]: read /var/lib/neutron/dhcp/3d693748-2690-4c6a-93bb-080e51dd657f/host
Jul 15 15:57:47 gtw01 dnsmasq-dhcp[2756]: read /var/lib/neutron/dhcp/3d693748-2690-4c6a-93bb-080e51dd657f/opts
Jul 15 15:57:47 gtw01 systemd-udevd[3972]: Process '/sbin/ip link set tap85b4ddfa-82 txqueuelen 10000' failed with exit code 1.
Jul 15 15:57:47 gtw01 systemd-udevd[4059]: Process '/sbin/ip link set tap85b4ddfa-82 txqueuelen 10000' failed with exit code 1.
Jul 15 15:57:48 gtw01 dnsmasq[2771]: read /var/lib/neutron/dhcp/14342349-2b95-417e-a5b4-5cdea03a2c04/addn_hosts - 2 addresses
Jul 15 15:57:48 gtw01 dnsmasq-dhcp[2771]: read /var/lib/neutron/dhcp/14342349-2b95-417e-a5b4-5cdea03a2c04/host
Jul 15 15:57:48 gtw01 dnsmasq-dhcp[2771]: read /var/lib/neutron/dhcp/14342349-2b95-417e-a5b4-5cdea03a2c04/opts
Jul 15 15:57:49 gtw01 dnsmasq[2921]: read /var/lib/neutron/dhcp/5be2058c-c299-4a50-af89-7f4a4ff5752a/addn_hosts - 2 addresses
Jul 15 15:57:49 gtw01 dnsmasq-dhcp[2921]: read /var/lib/neutron/dhcp/5be2058c-c299-4a50-af89-7f4a4ff5752a/host
Jul 15 15:57:49 gtw01 dnsmasq-dhcp[2921]: read /var/lib/neutron/dhcp/5be2058c-c299-4a50-af89-7f4a4ff5752a/opts
Jul 15 15:57:49 gtw01 dnsmasq[2313]: read /var/lib/neutron/dhcp/97f95e7a-2e56-4962-b2df-409287c7bc1e/addn_hosts - 2 addresses
Jul 15 15:57:49 gtw01 dnsmasq-dhcp[2313]: read /var/lib/neutron/dhcp/97f95e7a-2e56-4962-b2df-409287c7bc1e/host
Jul 15 15:57:49 gtw01 dnsmasq-dhcp[2313]: read /var/lib/neutron/dhcp/97f95e7a-2e56-4962-b2df-409287c7bc1e/opts
Jul 15 15:57:50 gtw01 haproxy-metadata-proxy-1b5628d9-b4a0-41b8-bda4-6194a8144b40[4292]: Proxy listener started.
Jul 15 15:57:51 gtw01 dnsmasq[2756]: read /var/lib/neutron/dhcp/3d693748-2690-4c6a-93bb-080e51dd657f/addn_hosts - 2 addresses
Jul 15 15:57:51 gtw01 dnsmasq-dhcp[2756]: read /var/lib/neutron/dhcp/3d693748-2690-4c6a-93bb-080e51dd657f/host
Jul 15 15:57:51 gtw01 dnsmasq-dhcp[2756]: read /var/lib/neutron/dhcp/3d693748-2690-4c6a-93bb-080e51dd657f/opts
Jul 15 15:57:51 gtw01 dnsmasq[2771]: read /var/lib/neutron/dhcp/14342349-2b95-417e-a5b4-5cdea03a2c04/addn_hosts - 2 addresses
Jul 15 15:57:51 gtw01 dnsmasq-dhcp[2771]: read /var/lib/neutron/dhcp/14342349-2b95-417e-a5b4-5cdea03a2c04/host
Jul 15 15:57:51 gtw01 dnsmasq-dhcp[2771]: read /var/lib/neutron/dhcp/14342349-2b95-417e-a5b4-5cdea03a2c04/opts
Jul 15 15:57:52 gtw01 kernel: [10373.698647] device vxlan_sys_4789 entered promiscuous mode
Jul 15 15:57:52 gtw01 systemd-udevd[4416]: Could not generate persistent MAC address for vxlan_sys_4789: No such file or directory
Jul 15 15:57:52 gtw01 dnsmasq[4494]: started, version 2.80 cachesize 150
Jul 15 15:57:52 gtw01 dnsmasq[4494]: DNS service limited to local subnets
Jul 15 15:57:52 gtw01 dnsmasq[4494]: compile time options: IPv6 GNU-getopt DBus i18n IDN DHCP DHCPv6 no-Lua TFTP conntrack ipset auth DNSSEC loop-detect inotify dumpfile
Jul 15 15:57:52 gtw01 dnsmasq[4494]: warning: no upstream servers configured
Jul 15 15:57:52 gtw01 dnsmasq-dhcp[4494]: DHCP, static leases only on 192.168.120.0, lease time 1h
Jul 15 15:57:52 gtw01 dnsmasq[4494]: read /var/lib/neutron/dhcp/92c5ee22-65a7-43d0-890e-3cbddf4541ac/addn_hosts - 1 addresses
