Jul 15 15:02:29 gtw01 dnsmasq-dhcp[4395]: read /var/lib/neutron/dhcp/ee834e86-6c40-418b-8ff0-b3bb59c8827c/host
Jul 15 15:02:29 gtw01 dnsmasq-dhcp[4395]: read /var/lib/neutron/dhcp/ee834e86-6c40-418b-8ff0-b3bb59c8827c/opts
Jul 15 15:02:30 gtw01 dnsmasq[4395]: read /var/lib/neutron/dhcp/ee834e86-6c40-418b-8ff0-b3bb59c8827c/addn_hosts - 3 addresses
Jul 15 15:02:30 gtw01 dnsmasq-dhcp[4395]: read /var/lib/neutron/dhcp/ee834e86-6c40-418b-8ff0-b3bb59c8827c/host
Jul 15 15:02:30 gtw01 dnsmasq-dhcp[4395]: read /var/lib/neutron/dhcp/ee834e86-6c40-418b-8ff0-b3bb59c8827c/opts
Jul 15 15:02:31 gtw01 dnsmasq[4395]: read /var/lib/neutron/dhcp/ee834e86-6c40-418b-8ff0-b3bb59c8827c/addn_hosts - 4 addresses
Jul 15 15:02:31 gtw01 dnsmasq-dhcp[4395]: read /var/lib/neutron/dhcp/ee834e86-6c40-418b-8ff0-b3bb59c8827c/host
Jul 15 15:02:31 gtw01 dnsmasq-dhcp[4395]: read /var/lib/neutron/dhcp/ee834e86-6c40-418b-8ff0-b3bb59c8827c/opts
Jul 15 15:02:31 gtw01 dnsmasq[31373]: read /var/lib/neutron/dhcp/f8402513-5c0c-44b4-b602-2a3587d9f5ba/addn_hosts - 5 addresses
Jul 15 15:02:31 gtw01 dnsmasq-dhcp[31373]: read /var/lib/neutron/dhcp/f8402513-5c0c-44b4-b602-2a3587d9f5ba/host
Jul 15 15:02:31 gtw01 dnsmasq-dhcp[31373]: read /var/lib/neutron/dhcp/f8402513-5c0c-44b4-b602-2a3587d9f5ba/opts
Jul 15 15:02:32 gtw01 dnsmasq[4395]: read /var/lib/neutron/dhcp/ee834e86-6c40-418b-8ff0-b3bb59c8827c/addn_hosts - 4 addresses
Jul 15 15:02:32 gtw01 dnsmasq-dhcp[4395]: read /var/lib/neutron/dhcp/ee834e86-6c40-418b-8ff0-b3bb59c8827c/host
Jul 15 15:02:32 gtw01 dnsmasq-dhcp[4395]: read /var/lib/neutron/dhcp/ee834e86-6c40-418b-8ff0-b3bb59c8827c/opts
Jul 15 15:02:33 gtw01 dnsmasq[4395]: read /var/lib/neutron/dhcp/ee834e86-6c40-418b-8ff0-b3bb59c8827c/addn_hosts - 4 addresses
Jul 15 15:02:33 gtw01 dnsmasq-dhcp[4395]: read /var/lib/neutron/dhcp/ee834e86-6c40-418b-8ff0-b3bb59c8827c/host
Jul 15 15:02:33 gtw01 dnsmasq-dhcp[4395]: read /var/lib/neutron/dhcp/ee834e86-6c40-418b-8ff0-b3bb59c8827c/opts
Jul 15 15:02:34 gtw01 dnsmasq[4395]: read /var/lib/neutron/dhcp/ee834e86-6c40-418b-8ff0-b3bb59c8827c/addn_hosts - 4 addresses
Jul 15 15:02:34 gtw01 dnsmasq-dhcp[4395]: read /var/lib/neutron/dhcp/ee834e86-6c40-418b-8ff0-b3bb59c8827c/host
Jul 15 15:02:34 gtw01 dnsmasq-dhcp[4395]: read /var/lib/neutron/dhcp/ee834e86-6c40-418b-8ff0-b3bb59c8827c/opts
Jul 15 15:02:34 gtw01 dnsmasq-dhcp[31373]: DHCPRELEASE(tap7eb641c6-39) 192.168.120.3 fa:16:3e:98:68:dd
Jul 15 15:02:34 gtw01 dnsmasq-dhcp[31373]: DHCPRELEASE(tap7eb641c6-39) 192.168.120.3 fa:16:3e:98:68:dd unknown lease
Jul 15 15:02:34 gtw01 dnsmasq[4395]: read /var/lib/neutron/dhcp/ee834e86-6c40-418b-8ff0-b3bb59c8827c/addn_hosts - 4 addresses
Jul 15 15:02:34 gtw01 dnsmasq-dhcp[4395]: read /var/lib/neutron/dhcp/ee834e86-6c40-418b-8ff0-b3bb59c8827c/host
Jul 15 15:02:34 gtw01 dnsmasq-dhcp[4395]: read /var/lib/neutron/dhcp/ee834e86-6c40-418b-8ff0-b3bb59c8827c/opts
Jul 15 15:02:35 gtw01 dnsmasq[31373]: read /var/lib/neutron/dhcp/f8402513-5c0c-44b4-b602-2a3587d9f5ba/addn_hosts - 4 addresses
Jul 15 15:02:35 gtw01 dnsmasq-dhcp[31373]: read /var/lib/neutron/dhcp/f8402513-5c0c-44b4-b602-2a3587d9f5ba/host
Jul 15 15:02:35 gtw01 dnsmasq-dhcp[31373]: read /var/lib/neutron/dhcp/f8402513-5c0c-44b4-b602-2a3587d9f5ba/opts
Jul 15 15:02:35 gtw01 dnsmasq[4395]: read /var/lib/neutron/dhcp/ee834e86-6c40-418b-8ff0-b3bb59c8827c/addn_hosts - 4 addresses
Jul 15 15:02:35 gtw01 dnsmasq-dhcp[4395]: read /var/lib/neutron/dhcp/ee834e86-6c40-418b-8ff0-b3bb59c8827c/host
Jul 15 15:02:35 gtw01 dnsmasq-dhcp[4395]: read /var/lib/neutron/dhcp/ee834e86-6c40-418b-8ff0-b3bb59c8827c/opts
Jul 15 15:02:36 gtw01 dnsmasq[4395]: read /var/lib/neutron/dhcp/ee834e86-6c40-418b-8ff0-b3bb59c8827c/addn_hosts - 4 addresses
Jul 15 15:02:36 gtw01 dnsmasq-dhcp[4395]: read /var/lib/neutron/dhcp/ee834e86-6c40-418b-8ff0-b3bb59c8827c/host
Jul 15 15:02:36 gtw01 dnsmasq-dhcp[4395]: read /var/lib/neutron/dhcp/ee834e86-6c40-418b-8ff0-b3bb59c8827c/opts
Jul 15 15:02:37 gtw01 dnsmasq[4395]: read /var/lib/neutron/dhcp/ee834e86-6c40-418b-8ff0-b3bb59c8827c/addn_hosts - 4 addresses
Jul 15 15:02:37 gtw01 dnsmasq-dhcp[4395]: read /var/lib/neutron/dhcp/ee834e86-6c40-418b-8ff0-b3bb59c8827c/host
Jul 15 15:02:37 gtw01 dnsmasq-dhcp[4395]: read /var/lib/neutron/dhcp/ee834e86-6c40-418b-8ff0-b3bb59c8827c/opts
Jul 15 15:02:37 gtw01 dnsmasq-dhcp[31373]: DHCPRELEASE(tap7eb641c6-39) 192.168.120.5 fa:16:3e:48:8d:81
Jul 15 15:02:38 gtw01 dnsmasq-dhcp[31373]: DHCPRELEASE(tap7eb641c6-39) 192.168.120.5 fa:16:3e:48:8d:81 unknown lease
Jul 15 15:02:38 gtw01 dnsmasq[31373]: read /var/lib/neutron/dhcp/f8402513-5c0c-44b4-b602-2a3587d9f5ba/addn_hosts - 3 addresses
Jul 15 15:02:38 gtw01 dnsmasq-dhcp[31373]: read /var/lib/neutron/dhcp/f8402513-5c0c-44b4-b602-2a3587d9f5ba/host
Jul 15 15:02:38 gtw01 dnsmasq-dhcp[31373]: read /var/lib/neutron/dhcp/f8402513-5c0c-44b4-b602-2a3587d9f5ba/opts
Jul 15 15:02:41 gtw01 dnsmasq[31373]: read /var/lib/neutron/dhcp/f8402513-5c0c-44b4-b602-2a3587d9f5ba/addn_hosts - 2 addresses
Jul 15 15:02:41 gtw01 dnsmasq-dhcp[31373]: read /var/lib/neutron/dhcp/f8402513-5c0c-44b4-b602-2a3587d9f5ba/host
Jul 15 15:02:41 gtw01 dnsmasq-dhcp[31373]: read /var/lib/neutron/dhcp/f8402513-5c0c-44b4-b602-2a3587d9f5ba/opts
Jul 15 15:02:42 gtw01 dnsmasq[31373]: read /var/lib/neutron/dhcp/f8402513-5c0c-44b4-b602-2a3587d9f5ba/addn_hosts - 1 addresses
Jul 15 15:02:42 gtw01 dnsmasq-dhcp[31373]: read /var/lib/neutron/dhcp/f8402513-5c0c-44b4-b602-2a3587d9f5ba/host
Jul 15 15:02:42 gtw01 dnsmasq-dhcp[31373]: read /var/lib/neutron/dhcp/f8402513-5c0c-44b4-b602-2a3587d9f5ba/opts
Jul 15 15:02:43 gtw01 haproxy-metadata-proxy-f8402513-5c0c-44b4-b602-2a3587d9f5ba[4792]: Proxy listener started.
Jul 15 15:02:44 gtw01 dnsmasq-dhcp[4395]: DHCPDISCOVER(tap16d7a4cd-fd) fa:16:3e:c0:e8:74
Jul 15 15:02:44 gtw01 dnsmasq-dhcp[4395]: DHCPOFFER(tap16d7a4cd-fd) 192.168.120.3 fa:16:3e:c0:e8:74
Jul 15 15:02:44 gtw01 dnsmasq-dhcp[4395]: DHCPREQUEST(tap16d7a4cd-fd) 192.168.120.3 fa:16:3e:c0:e8:74
Jul 15 15:02:44 gtw01 dnsmasq-dhcp[4395]: DHCPACK(tap16d7a4cd-fd) 192.168.120.3 fa:16:3e:c0:e8:74 host-192-168-120-3
Jul 15 15:02:44 gtw01 dnsmasq-dhcp[4395]: DHCPDISCOVER(tap16d7a4cd-fd) fa:16:3e:a6:9b:80
Jul 15 15:02:44 gtw01 dnsmasq-dhcp[4395]: DHCPOFFER(tap16d7a4cd-fd) 192.168.120.7 fa:16:3e:a6:9b:80
Jul 15 15:02:44 gtw01 dnsmasq-dhcp[4395]: DHCPREQUEST(tap16d7a4cd-fd) 192.168.120.7 fa:16:3e:a6:9b:80
Jul 15 15:02:44 gtw01 dnsmasq-dhcp[4395]: DHCPACK(tap16d7a4cd-fd) 192.168.120.7 fa:16:3e:a6:9b:80 host-192-168-120-7
Jul 15 15:02:44 gtw01 dnsmasq-dhcp[17160]: DHCPRELEASE(tap3e35a4ac-07) 192.168.120.9 fa:16:3e:c0:c9:81
Jul 15 15:02:44 gtw01 kernel: [ 7066.604180] device qr-5de74eea-fb left promiscuous mode
Jul 15 15:02:47 gtw01 dnsmasq-dhcp[4395]: DHCPDISCOVER(tap16d7a4cd-fd) fa:16:3e:68:f9:42
Jul 15 15:02:47 gtw01 dnsmasq-dhcp[4395]: DHCPOFFER(tap16d7a4cd-fd) 192.168.120.6 fa:16:3e:68:f9:42
Jul 15 15:02:47 gtw01 dnsmasq-dhcp[4395]: DHCPREQUEST(tap16d7a4cd-fd) 192.168.120.6 fa:16:3e:68:f9:42
Jul 15 15:02:47 gtw01 dnsmasq-dhcp[4395]: DHCPACK(tap16d7a4cd-fd) 192.168.120.6 fa:16:3e:68:f9:42 host-192-168-120-6
Jul 15 15:02:47 gtw01 kernel: [ 7069.509144] device qg-03af5570-bc left promiscuous mode
Jul 15 15:02:48 gtw01 kernel: [ 7069.952991] device tap7eb641c6-39 left promiscuous mode
Jul 15 15:02:50 gtw01 dnsmasq[17160]: read /var/lib/neutron/dhcp/6e27b216-4503-43bd-924e-0e7d283c4bf3/addn_hosts - 3 addresses
Jul 15 15:02:50 gtw01 dnsmasq-dhcp[17160]: read /var/lib/neutron/dhcp/6e27b216-4503-43bd-924e-0e7d283c4bf3/host
Jul 15 15:02:50 gtw01 dnsmasq-dhcp[17160]: read /var/lib/neutron/dhcp/6e27b216-4503-43bd-924e-0e7d283c4bf3/opts
Jul 15 15:02:51 gtw01 dnsmasq[17160]: read /var/lib/neutron/dhcp/6e27b216-4503-43bd-924e-0e7d283c4bf3/addn_hosts - 3 addresses
Jul 15 15:02:51 gtw01 dnsmasq-dhcp[17160]: read /var/lib/neutron/dhcp/6e27b216-4503-43bd-924e-0e7d283c4bf3/host
Jul 15 15:02:51 gtw01 dnsmasq-dhcp[17160]: read /var/lib/neutron/dhcp/6e27b216-4503-43bd-924e-0e7d283c4bf3/opts
Jul 15 15:02:55 gtw01 kernel: [ 7077.309528] device tap0996ec84-78 entered promiscuous mode
Jul 15 15:02:55 gtw01 systemd-udevd[4966]: Could not generate persistent MAC address for tap0996ec84-78: No such file or directory
Jul 15 15:02:55 gtw01 systemd-udevd[5033]: Process '/sbin/ip link set tap0996ec84-78 txqueuelen 10000' failed with exit code 1.
Jul 15 15:02:57 gtw01 dnsmasq[17160]: read /var/lib/neutron/dhcp/6e27b216-4503-43bd-924e-0e7d283c4bf3/addn_hosts - 2 addresses
Jul 15 15:02:57 gtw01 dnsmasq-dhcp[17160]: read /var/lib/neutron/dhcp/6e27b216-4503-43bd-924e-0e7d283c4bf3/host
Jul 15 15:02:57 gtw01 dnsmasq-dhcp[17160]: read /var/lib/neutron/dhcp/6e27b216-4503-43bd-924e-0e7d283c4bf3/opts
Jul 15 15:02:58 gtw01 dnsmasq[5147]: started, version 2.80 cachesize 150
Jul 15 15:02:58 gtw01 dnsmasq[5147]: DNS service limited to local subnets
Jul 15 15:02:58 gtw01 dnsmasq[5147]: compile time options: IPv6 GNU-getopt DBus i18n IDN DHCP DHCPv6 no-Lua TFTP conntrack ipset auth DNSSEC loop-detect inotify dumpfile
Jul 15 15:02:58 gtw01 dnsmasq[5147]: warning: no upstream servers configured
Jul 15 15:02:58 gtw01 dnsmasq-dhcp[5147]: DHCP, static leases only on 192.168.120.0, lease time 1h
Jul 15 15:02:58 gtw01 dnsmasq[5147]: read /var/lib/neutron/dhcp/779c19fa-dd2b-4d6a-b88a-4a4b2708b670/addn_hosts - 1 addresses
Jul 15 15:02:58 gtw01 dnsmasq-dhcp[5147]: read /var/lib/neutron/dhcp/779c19fa-dd2b-4d6a-b88a-4a4b2708b670/host
Jul 15 15:02:58 gtw01 dnsmasq-dhcp[5147]: read /var/lib/neutron/dhcp/779c19fa-dd2b-4d6a-b88a-4a4b2708b670/opts
Jul 15 15:02:59 gtw01 haproxy-metadata-proxy-779c19fa-dd2b-4d6a-b88a-4a4b2708b670[5156]: Proxy listener started.
Jul 15 15:02:59 gtw01 systemd-udevd[5177]: Could not generate persistent MAC address for qg-d0303c76-17: No such file or directory
Jul 15 15:02:59 gtw01 kernel: [ 7081.203352] device qg-d0303c76-17 entered promiscuous mode
Jul 15 15:02:59 gtw01 dnsmasq[5147]: read /var/lib/neutron/dhcp/779c19fa-dd2b-4d6a-b88a-4a4b2708b670/addn_hosts - 2 addresses
Jul 15 15:02:59 gtw01 dnsmasq-dhcp[5147]: read /var/lib/neutron/dhcp/779c19fa-dd2b-4d6a-b88a-4a4b2708b670/host
Jul 15 15:02:59 gtw01 dnsmasq-dhcp[5147]: read /var/lib/neutron/dhcp/779c19fa-dd2b-4d6a-b88a-4a4b2708b670/opts
Jul 15 15:03:00 gtw01 dnsmasq[5147]: read /var/lib/neutron/dhcp/779c19fa-dd2b-4d6a-b88a-4a4b2708b670/addn_hosts - 2 addresses
Jul 15 15:03:00 gtw01 dnsmasq-dhcp[5147]: read /var/lib/neutron/dhcp/779c19fa-dd2b-4d6a-b88a-4a4b2708b670/host
Jul 15 15:03:00 gtw01 dnsmasq-dhcp[5147]: read /var/lib/neutron/dhcp/779c19fa-dd2b-4d6a-b88a-4a4b2708b670/opts
Jul 15 15:03:01 gtw01 dnsmasq[5147]: read /var/lib/neutron/dhcp/779c19fa-dd2b-4d6a-b88a-4a4b2708b670/addn_hosts - 2 addresses
Jul 15 15:03:01 gtw01 dnsmasq-dhcp[5147]: read /var/lib/neutron/dhcp/779c19fa-dd2b-4d6a-b88a-4a4b2708b670/host
Jul 15 15:03:01 gtw01 dnsmasq-dhcp[5147]: read /var/lib/neutron/dhcp/779c19fa-dd2b-4d6a-b88a-4a4b2708b670/opts
Jul 15 15:03:02 gtw01 dnsmasq[5147]: read /var/lib/neutron/dhcp/779c19fa-dd2b-4d6a-b88a-4a4b2708b670/addn_hosts - 2 addresses
Jul 15 15:03:02 gtw01 dnsmasq-dhcp[5147]: read /var/lib/neutron/dhcp/779c19fa-dd2b-4d6a-b88a-4a4b2708b670/host
Jul 15 15:03:02 gtw01 dnsmasq-dhcp[5147]: read /var/lib/neutron/dhcp/779c19fa-dd2b-4d6a-b88a-4a4b2708b670/opts
Jul 15 15:03:03 gtw01 dnsmasq[5147]: read /var/lib/neutron/dhcp/779c19fa-dd2b-4d6a-b88a-4a4b2708b670/addn_hosts - 2 addresses
Jul 15 15:03:03 gtw01 dnsmasq-dhcp[5147]: read /var/lib/neutron/dhcp/779c19fa-dd2b-4d6a-b88a-4a4b2708b670/host
Jul 15 15:03:03 gtw01 dnsmasq-dhcp[5147]: read /var/lib/neutron/dhcp/779c19fa-dd2b-4d6a-b88a-4a4b2708b670/opts
Jul 15 15:03:04 gtw01 kernel: [ 7085.726588] device tapf0ab3062-10 entered promiscuous mode
Jul 15 15:03:04 gtw01 systemd-udevd[5441]: Could not generate persistent MAC address for tapf0ab3062-10: No such file or directory
Jul 15 15:03:04 gtw01 systemd-udevd[5441]: Process '/sbin/ip link set tapf0ab3062-10 txqueuelen 10000' failed with exit code 1.
Jul 15 15:03:04 gtw01 systemd-udevd[5520]: Process '/sbin/ip link set tapf0ab3062-10 txqueuelen 10000' failed with exit code 1.
Jul 15 15:03:06 gtw01 systemd-udevd[5641]: Could not generate persistent MAC address for tap2ee26a95-e9: No such file or directory
Jul 15 15:03:06 gtw01 kernel: [ 7087.692892] device tap2ee26a95-e9 entered promiscuous mode
Jul 15 15:03:06 gtw01 haproxy-metadata-proxy-7b52fc0d-8b85-4173-bc0e-a7ab635df9dd[5636]: Proxy listener started.
Jul 15 15:03:06 gtw01 systemd-udevd[5641]: Process '/sbin/ip link set tap2ee26a95-e9 txqueuelen 10000' failed with exit code 1.
Jul 15 15:03:06 gtw01 systemd-udevd[5641]: Process '/sbin/ip link set tap2ee26a95-e9 txqueuelen 10000' failed with exit code 1.
Jul 15 15:03:07 gtw01 dnsmasq[5787]: started, version 2.80 cachesize 150
Jul 15 15:03:07 gtw01 dnsmasq[5787]: DNS service limited to local subnets
Jul 15 15:03:07 gtw01 dnsmasq[5787]: compile time options: IPv6 GNU-getopt DBus i18n IDN DHCP DHCPv6 no-Lua TFTP conntrack ipset auth DNSSEC loop-detect inotify dumpfile
Jul 15 15:03:07 gtw01 dnsmasq[5787]: LOUD WARNING: listening on 19.80.0.2 may accept requests via interfaces other than tapf0ab3062-10
Jul 15 15:03:07 gtw01 dnsmasq[5787]: LOUD WARNING: use --bind-dynamic rather than --bind-interfaces to avoid DNS amplification attacks via these interface(s)
Jul 15 15:03:07 gtw01 dnsmasq[5787]: warning: no upstream servers configured
Jul 15 15:03:07 gtw01 dnsmasq-dhcp[5787]: DHCP, static leases only on 19.80.0.0, lease time 1h
Jul 15 15:03:07 gtw01 dnsmasq[5787]: read /var/lib/neutron/dhcp/593a2eb1-3aea-481b-bc27-834cc77b2e79/addn_hosts - 1 addresses
Jul 15 15:03:07 gtw01 dnsmasq-dhcp[5787]: read /var/lib/neutron/dhcp/593a2eb1-3aea-481b-bc27-834cc77b2e79/host
Jul 15 15:03:07 gtw01 dnsmasq-dhcp[5787]: read /var/lib/neutron/dhcp/593a2eb1-3aea-481b-bc27-834cc77b2e79/opts
Jul 15 15:03:07 gtw01 haproxy-metadata-proxy-593a2eb1-3aea-481b-bc27-834cc77b2e79[5797]: Proxy listener started.
Jul 15 15:03:08 gtw01 dnsmasq[5147]: read /var/lib/neutron/dhcp/779c19fa-dd2b-4d6a-b88a-4a4b2708b670/addn_hosts - 2 addresses
Jul 15 15:03:08 gtw01 dnsmasq-dhcp[5147]: read /var/lib/neutron/dhcp/779c19fa-dd2b-4d6a-b88a-4a4b2708b670/host
Jul 15 15:03:08 gtw01 dnsmasq-dhcp[5147]: read /var/lib/neutron/dhcp/779c19fa-dd2b-4d6a-b88a-4a4b2708b670/opts
Jul 15 15:03:08 gtw01 dnsmasq[5787]: read /var/lib/neutron/dhcp/593a2eb1-3aea-481b-bc27-834cc77b2e79/addn_hosts - 1 addresses
Jul 15 15:03:08 gtw01 dnsmasq-dhcp[5787]: read /var/lib/neutron/dhcp/593a2eb1-3aea-481b-bc27-834cc77b2e79/host
Jul 15 15:03:08 gtw01 dnsmasq-dhcp[5787]: read /var/lib/neutron/dhcp/593a2eb1-3aea-481b-bc27-834cc77b2e79/opts
Jul 15 15:03:09 gtw01 systemd-udevd[5881]: Could not generate persistent MAC address for qr-b179d445-eb: No such file or directory
Jul 15 15:03:09 gtw01 kernel: [ 7091.024506] device qr-b179d445-eb entered promiscuous mode
Jul 15 15:03:09 gtw01 dnsmasq[5965]: started, version 2.80 cachesize 150
Jul 15 15:03:09 gtw01 dnsmasq[5965]: DNS service limited to local subnets
Jul 15 15:03:09 gtw01 dnsmasq[5965]: compile time options: IPv6 GNU-getopt DBus i18n IDN DHCP DHCPv6 no-Lua TFTP conntrack ipset auth DNSSEC loop-detect inotify dumpfile
Jul 15 15:03:09 gtw01 dnsmasq[5965]: LOUD WARNING: listening on 19.86.0.2 may accept requests via interfaces other than tap2ee26a95-e9
Jul 15 15:03:09 gtw01 dnsmasq[5965]: LOUD WARNING: use --bind-dynamic rather than --bind-interfaces to avoid DNS amplification attacks via these interface(s)
Jul 15 15:03:09 gtw01 dnsmasq[5965]: warning: no upstream servers configured
Jul 15 15:03:09 gtw01 dnsmasq-dhcp[5965]: DHCP, static leases only on 19.86.0.0, lease time 1h
Jul 15 15:03:09 gtw01 dnsmasq[5965]: read /var/lib/neutron/dhcp/3a63bc08-e96f-4586-8014-fe91b657e5f3/addn_hosts - 1 addresses
Jul 15 15:03:09 gtw01 dnsmasq-dhcp[5965]: read /var/lib/neutron/dhcp/3a63bc08-e96f-4586-8014-fe91b657e5f3/host
Jul 15 15:03:09 gtw01 dnsmasq-dhcp[5965]: read /var/lib/neutron/dhcp/3a63bc08-e96f-4586-8014-fe91b657e5f3/opts
Jul 15 15:03:09 gtw01 dnsmasq[5147]: read /var/lib/neutron/dhcp/779c19fa-dd2b-4d6a-b88a-4a4b2708b670/addn_hosts - 2 addresses
Jul 15 15:03:09 gtw01 dnsmasq-dhcp[5147]: read /var/lib/neutron/dhcp/779c19fa-dd2b-4d6a-b88a-4a4b2708b670/host
Jul 15 15:03:09 gtw01 dnsmasq-dhcp[5147]: read /var/lib/neutron/dhcp/779c19fa-dd2b-4d6a-b88a-4a4b2708b670/opts
Jul 15 15:03:09 gtw01 haproxy-metadata-proxy-3a63bc08-e96f-4586-8014-fe91b657e5f3[5987]: Proxy listener started.
Jul 15 15:03:09 gtw01 dnsmasq[5787]: read /var/lib/neutron/dhcp/593a2eb1-3aea-481b-bc27-834cc77b2e79/addn_hosts - 1 addresses
Jul 15 15:03:09 gtw01 dnsmasq-dhcp[5787]: read /var/lib/neutron/dhcp/593a2eb1-3aea-481b-bc27-834cc77b2e79/host
Jul 15 15:03:09 gtw01 dnsmasq-dhcp[5787]: read /var/lib/neutron/dhcp/593a2eb1-3aea-481b-bc27-834cc77b2e79/opts
Jul 15 15:03:10 gtw01 dnsmasq[17160]: read /var/lib/neutron/dhcp/6e27b216-4503-43bd-924e-0e7d283c4bf3/addn_hosts - 3 addresses
Jul 15 15:03:10 gtw01 dnsmasq-dhcp[17160]: read /var/lib/neutron/dhcp/6e27b216-4503-43bd-924e-0e7d283c4bf3/host
Jul 15 15:03:10 gtw01 dnsmasq-dhcp[17160]: read /var/lib/neutron/dhcp/6e27b216-4503-43bd-924e-0e7d283c4bf3/opts
Jul 15 15:03:10 gtw01 dnsmasq[5965]: read /var/lib/neutron/dhcp/3a63bc08-e96f-4586-8014-fe91b657e5f3/addn_hosts - 2 addresses
Jul 15 15:03:10 gtw01 dnsmasq-dhcp[5965]: read /var/lib/neutron/dhcp/3a63bc08-e96f-4586-8014-fe91b657e5f3/host
Jul 15 15:03:10 gtw01 dnsmasq-dhcp[5965]: read /var/lib/neutron/dhcp/3a63bc08-e96f-4586-8014-fe91b657e5f3/opts
Jul 15 15:03:11 gtw01 dnsmasq[5787]: read /var/lib/neutron/dhcp/593a2eb1-3aea-481b-bc27-834cc77b2e79/addn_hosts - 2 addresses
Jul 15 15:03:11 gtw01 dnsmasq-dhcp[5787]: read /var/lib/neutron/dhcp/593a2eb1-3aea-481b-bc27-834cc77b2e79/host
Jul 15 15:03:11 gtw01 dnsmasq-dhcp[5787]: read /var/lib/neutron/dhcp/593a2eb1-3aea-481b-bc27-834cc77b2e79/opts
Jul 15 15:03:11 gtw01 dnsmasq[17160]: read /var/lib/neutron/dhcp/6e27b216-4503-43bd-924e-0e7d283c4bf3/addn_hosts - 3 addresses
Jul 15 15:03:11 gtw01 dnsmasq-dhcp[17160]: read /var/lib/neutron/dhcp/6e27b216-4503-43bd-924e-0e7d283c4bf3/host
Jul 15 15:03:11 gtw01 dnsmasq-dhcp[17160]: read /var/lib/neutron/dhcp/6e27b216-4503-43bd-924e-0e7d283c4bf3/opts
Jul 15 15:03:11 gtw01 dnsmasq-dhcp[4395]: DHCPRELEASE(tap16d7a4cd-fd) 192.168.120.3 fa:16:3e:c0:e8:74
Jul 15 15:03:11 gtw01 dnsmasq[5965]: read /var/lib/neutron/dhcp/3a63bc08-e96f-4586-8014-fe91b657e5f3/addn_hosts - 2 addresses
Jul 15 15:03:11 gtw01 dnsmasq-dhcp[5965]: read /var/lib/neutron/dhcp/3a63bc08-e96f-4586-8014-fe91b657e5f3/host
Jul 15 15:03:11 gtw01 dnsmasq-dhcp[5965]: read /var/lib/neutron/dhcp/3a63bc08-e96f-4586-8014-fe91b657e5f3/opts
Jul 15 15:03:12 gtw01 kernel: [ 7093.810487] device qr-f595442f-b0 left promiscuous mode
Jul 15 15:03:12 gtw01 dnsmasq[5787]: read /var/lib/neutron/dhcp/593a2eb1-3aea-481b-bc27-834cc77b2e79/addn_hosts - 3 addresses
Jul 15 15:03:12 gtw01 dnsmasq-dhcp[5787]: read /var/lib/neutron/dhcp/593a2eb1-3aea-481b-bc27-834cc77b2e79/host
Jul 15 15:03:12 gtw01 dnsmasq-dhcp[5787]: read /var/lib/neutron/dhcp/593a2eb1-3aea-481b-bc27-834cc77b2e79/opts
Jul 15 15:03:13 gtw01 kernel: [ 7094.841830] device qg-e88d48eb-3c left promiscuous mode
Jul 15 15:03:13 gtw01 dnsmasq[17160]: read /var/lib/neutron/dhcp/6e27b216-4503-43bd-924e-0e7d283c4bf3/addn_hosts - 3 addresses
Jul 15 15:03:13 gtw01 dnsmasq-dhcp[17160]: read /var/lib/neutron/dhcp/6e27b216-4503-43bd-924e-0e7d283c4bf3/host
Jul 15 15:03:13 gtw01 dnsmasq-dhcp[17160]: read /var/lib/neutron/dhcp/6e27b216-4503-43bd-924e-0e7d283c4bf3/opts
Jul 15 15:03:13 gtw01 dnsmasq[5965]: read /var/lib/neutron/dhcp/3a63bc08-e96f-4586-8014-fe91b657e5f3/addn_hosts - 2 addresses
Jul 15 15:03:13 gtw01 dnsmasq-dhcp[5965]: read /var/lib/neutron/dhcp/3a63bc08-e96f-4586-8014-fe91b657e5f3/host
Jul 15 15:03:13 gtw01 dnsmasq-dhcp[5965]: read /var/lib/neutron/dhcp/3a63bc08-e96f-4586-8014-fe91b657e5f3/opts
Jul 15 15:03:13 gtw01 dnsmasq[5787]: read /var/lib/neutron/dhcp/593a2eb1-3aea-481b-bc27-834cc77b2e79/addn_hosts - 3 addresses
Jul 15 15:03:13 gtw01 dnsmasq-dhcp[5787]: read /var/lib/neutron/dhcp/593a2eb1-3aea-481b-bc27-834cc77b2e79/host
Jul 15 15:03:13 gtw01 dnsmasq-dhcp[5787]: read /var/lib/neutron/dhcp/593a2eb1-3aea-481b-bc27-834cc77b2e79/opts
Jul 15 15:03:14 gtw01 dnsmasq[5965]: read /var/lib/neutron/dhcp/3a63bc08-e96f-4586-8014-fe91b657e5f3/addn_hosts - 2 addresses
Jul 15 15:03:14 gtw01 dnsmasq-dhcp[5965]: read /var/lib/neutron/dhcp/3a63bc08-e96f-4586-8014-fe91b657e5f3/host
Jul 15 15:03:14 gtw01 dnsmasq-dhcp[5965]: read /var/lib/neutron/dhcp/3a63bc08-e96f-4586-8014-fe91b657e5f3/opts
Jul 15 15:03:14 gtw01 dnsmasq[5787]: read /var/lib/neutron/dhcp/593a2eb1-3aea-481b-bc27-834cc77b2e79/addn_hosts - 3 addresses
Jul 15 15:03:14 gtw01 dnsmasq-dhcp[5787]: read /var/lib/neutron/dhcp/593a2eb1-3aea-481b-bc27-834cc77b2e79/host
Jul 15 15:03:14 gtw01 dnsmasq-dhcp[5787]: read /var/lib/neutron/dhcp/593a2eb1-3aea-481b-bc27-834cc77b2e79/opts
Jul 15 15:03:15 gtw01 dnsmasq[5965]: read /var/lib/neutron/dhcp/3a63bc08-e96f-4586-8014-fe91b657e5f3/addn_hosts - 2 addresses
Jul 15 15:03:15 gtw01 dnsmasq-dhcp[5965]: read /var/lib/neutron/dhcp/3a63bc08-e96f-4586-8014-fe91b657e5f3/host
Jul 15 15:03:15 gtw01 dnsmasq-dhcp[5965]: read /var/lib/neutron/dhcp/3a63bc08-e96f-4586-8014-fe91b657e5f3/opts
Jul 15 15:03:15 gtw01 dnsmasq[5787]: read /var/lib/neutron/dhcp/593a2eb1-3aea-481b-bc27-834cc77b2e79/addn_hosts - 3 addresses
Jul 15 15:03:15 gtw01 dnsmasq-dhcp[5787]: read /var/lib/neutron/dhcp/593a2eb1-3aea-481b-bc27-834cc77b2e79/host
Jul 15 15:03:15 gtw01 dnsmasq-dhcp[5787]: read /var/lib/neutron/dhcp/593a2eb1-3aea-481b-bc27-834cc77b2e79/opts
Jul 15 15:03:16 gtw01 dnsmasq[5787]: read /var/lib/neutron/dhcp/593a2eb1-3aea-481b-bc27-834cc77b2e79/addn_hosts - 3 addresses
Jul 15 15:03:16 gtw01 dnsmasq-dhcp[5787]: read /var/lib/neutron/dhcp/593a2eb1-3aea-481b-bc27-834cc77b2e79/host
Jul 15 15:03:16 gtw01 dnsmasq-dhcp[5787]: read /var/lib/neutron/dhcp/593a2eb1-3aea-481b-bc27-834cc77b2e79/opts
Jul 15 15:03:16 gtw01 dnsmasq[5965]: read /var/lib/neutron/dhcp/3a63bc08-e96f-4586-8014-fe91b657e5f3/addn_hosts - 2 addresses
Jul 15 15:03:16 gtw01 dnsmasq-dhcp[5965]: read /var/lib/neutron/dhcp/3a63bc08-e96f-4586-8014-fe91b657e5f3/host
Jul 15 15:03:16 gtw01 dnsmasq-dhcp[5965]: read /var/lib/neutron/dhcp/3a63bc08-e96f-4586-8014-fe91b657e5f3/opts
Jul 15 15:03:17 gtw01 dnsmasq[5787]: read /var/lib/neutron/dhcp/593a2eb1-3aea-481b-bc27-834cc77b2e79/addn_hosts - 3 addresses
Jul 15 15:03:17 gtw01 dnsmasq-dhcp[5787]: read /var/lib/neutron/dhcp/593a2eb1-3aea-481b-bc27-834cc77b2e79/host
Jul 15 15:03:17 gtw01 dnsmasq-dhcp[5787]: read /var/lib/neutron/dhcp/593a2eb1-3aea-481b-bc27-834cc77b2e79/opts
Jul 15 15:03:24 gtw01 dnsmasq[17160]: read /var/lib/neutron/dhcp/6e27b216-4503-43bd-924e-0e7d283c4bf3/addn_hosts - 4 addresses
Jul 15 15:03:24 gtw01 dnsmasq-dhcp[17160]: read /var/lib/neutron/dhcp/6e27b216-4503-43bd-924e-0e7d283c4bf3/host
Jul 15 15:03:24 gtw01 dnsmasq-dhcp[17160]: read /var/lib/neutron/dhcp/6e27b216-4503-43bd-924e-0e7d283c4bf3/opts
Jul 15 15:03:24 gtw01 dnsmasq-dhcp[4395]: DHCPRELEASE(tap16d7a4cd-fd) 192.168.120.6 fa:16:3e:68:f9:42
Jul 15 15:03:24 gtw01 dnsmasq-dhcp[4395]: DHCPRELEASE(tap16d7a4cd-fd) 192.168.120.6 fa:16:3e:68:f9:42 unknown lease
Jul 15 15:03:25 gtw01 dnsmasq[17160]: read /var/lib/neutron/dhcp/6e27b216-4503-43bd-924e-0e7d283c4bf3/addn_hosts - 4 addresses
Jul 15 15:03:25 gtw01 dnsmasq-dhcp[17160]: read /var/lib/neutron/dhcp/6e27b216-4503-43bd-924e-0e7d283c4bf3/host
Jul 15 15:03:25 gtw01 dnsmasq-dhcp[17160]: read /var/lib/neutron/dhcp/6e27b216-4503-43bd-924e-0e7d283c4bf3/opts
Jul 15 15:03:25 gtw01 dnsmasq[4395]: read /var/lib/neutron/dhcp/ee834e86-6c40-418b-8ff0-b3bb59c8827c/addn_hosts - 3 addresses
Jul 15 15:03:25 gtw01 dnsmasq-dhcp[4395]: read /var/lib/neutron/dhcp/ee834e86-6c40-418b-8ff0-b3bb59c8827c/host
Jul 15 15:03:25 gtw01 dnsmasq-dhcp[4395]: read /var/lib/neutron/dhcp/ee834e86-6c40-418b-8ff0-b3bb59c8827c/opts
Jul 15 15:03:26 gtw01 dnsmasq[17160]: read /var/lib/neutron/dhcp/6e27b216-4503-43bd-924e-0e7d283c4bf3/addn_hosts - 4 addresses
Jul 15 15:03:26 gtw01 dnsmasq-dhcp[17160]: read /var/lib/neutron/dhcp/6e27b216-4503-43bd-924e-0e7d283c4bf3/host
Jul 15 15:03:26 gtw01 dnsmasq-dhcp[17160]: read /var/lib/neutron/dhcp/6e27b216-4503-43bd-924e-0e7d283c4bf3/opts
Jul 15 15:03:27 gtw01 dnsmasq-dhcp[17160]: DHCPDISCOVER(tap3e35a4ac-07) fa:16:3e:02:1e:0f
Jul 15 15:03:27 gtw01 dnsmasq-dhcp[17160]: DHCPOFFER(tap3e35a4ac-07) 192.168.120.4 fa:16:3e:02:1e:0f
Jul 15 15:03:27 gtw01 dnsmasq-dhcp[17160]: DHCPREQUEST(tap3e35a4ac-07) 192.168.120.4 fa:16:3e:02:1e:0f
Jul 15 15:03:27 gtw01 dnsmasq-dhcp[17160]: DHCPACK(tap3e35a4ac-07) 192.168.120.4 fa:16:3e:02:1e:0f host-192-168-120-4
Jul 15 15:03:28 gtw01 dnsmasq-dhcp[4395]: DHCPRELEASE(tap16d7a4cd-fd) 192.168.120.7 fa:16:3e:a6:9b:80
Jul 15 15:03:28 gtw01 dnsmasq-dhcp[4395]: DHCPRELEASE(tap16d7a4cd-fd) 192.168.120.7 fa:16:3e:a6:9b:80 unknown lease
Jul 15 15:03:28 gtw01 dnsmasq[5965]: read /var/lib/neutron/dhcp/3a63bc08-e96f-4586-8014-fe91b657e5f3/addn_hosts - 1 addresses
Jul 15 15:03:28 gtw01 dnsmasq-dhcp[5965]: read /var/lib/neutron/dhcp/3a63bc08-e96f-4586-8014-fe91b657e5f3/host
Jul 15 15:03:28 gtw01 dnsmasq-dhcp[5965]: read /var/lib/neutron/dhcp/3a63bc08-e96f-4586-8014-fe91b657e5f3/opts
Jul 15 15:03:29 gtw01 dnsmasq[4395]: read /var/lib/neutron/dhcp/ee834e86-6c40-418b-8ff0-b3bb59c8827c/addn_hosts - 2 addresses
Jul 15 15:03:29 gtw01 dnsmasq-dhcp[4395]: read /var/lib/neutron/dhcp/ee834e86-6c40-418b-8ff0-b3bb59c8827c/host
Jul 15 15:03:29 gtw01 dnsmasq-dhcp[4395]: read /var/lib/neutron/dhcp/ee834e86-6c40-418b-8ff0-b3bb59c8827c/opts
Jul 15 15:03:29 gtw01 dnsmasq[5787]: read /var/lib/neutron/dhcp/593a2eb1-3aea-481b-bc27-834cc77b2e79/addn_hosts - 2 addresses
Jul 15 15:03:29 gtw01 dnsmasq-dhcp[5787]: read /var/lib/neutron/dhcp/593a2eb1-3aea-481b-bc27-834cc77b2e79/host
Jul 15 15:03:29 gtw01 dnsmasq-dhcp[5787]: read /var/lib/neutron/dhcp/593a2eb1-3aea-481b-bc27-834cc77b2e79/opts
Jul 15 15:03:30 gtw01 dnsmasq[5787]: read /var/lib/neutron/dhcp/593a2eb1-3aea-481b-bc27-834cc77b2e79/addn_hosts - 1 addresses
Jul 15 15:03:30 gtw01 dnsmasq-dhcp[5787]: read /var/lib/neutron/dhcp/593a2eb1-3aea-481b-bc27-834cc77b2e79/host
Jul 15 15:03:30 gtw01 dnsmasq-dhcp[5787]: read /var/lib/neutron/dhcp/593a2eb1-3aea-481b-bc27-834cc77b2e79/opts
Jul 15 15:03:31 gtw01 dnsmasq[4395]: read /var/lib/neutron/dhcp/ee834e86-6c40-418b-8ff0-b3bb59c8827c/addn_hosts - 1 addresses
Jul 15 15:03:31 gtw01 dnsmasq-dhcp[4395]: read /var/lib/neutron/dhcp/ee834e86-6c40-418b-8ff0-b3bb59c8827c/host
Jul 15 15:03:31 gtw01 dnsmasq-dhcp[4395]: read /var/lib/neutron/dhcp/ee834e86-6c40-418b-8ff0-b3bb59c8827c/opts
Jul 15 15:03:33 gtw01 dnsmasq[17160]: read /var/lib/neutron/dhcp/6e27b216-4503-43bd-924e-0e7d283c4bf3/addn_hosts - 3 addresses
Jul 15 15:03:33 gtw01 dnsmasq-dhcp[17160]: read /var/lib/neutron/dhcp/6e27b216-4503-43bd-924e-0e7d283c4bf3/host
Jul 15 15:03:33 gtw01 dnsmasq-dhcp[17160]: read /var/lib/neutron/dhcp/6e27b216-4503-43bd-924e-0e7d283c4bf3/opts
Jul 15 15:03:33 gtw01 kernel: [ 7114.736025] device tap2ee26a95-e9 left promiscuous mode
Jul 15 15:03:34 gtw01 kernel: [ 7115.940579] device tap16d7a4cd-fd left promiscuous mode
Jul 15 15:03:36 gtw01 kernel: [ 7117.831199] device tapf0ab3062-10 left promiscuous mode
Jul 15 15:03:40 gtw01 systemd-udevd[6826]: Could not generate persistent MAC address for tap58135fee-79: No such file or directory
Jul 15 15:03:40 gtw01 kernel: [ 7122.166724] device tap58135fee-79 entered promiscuous mode
Jul 15 15:03:40 gtw01 systemd-udevd[6826]: Process '/sbin/ip link set tap58135fee-79 txqueuelen 10000' failed with exit code 1.
Jul 15 15:03:40 gtw01 systemd-udevd[6900]: Process '/sbin/ip link set tap58135fee-79 txqueuelen 10000' failed with exit code 1.
Jul 15 15:03:41 gtw01 systemd-udevd[6963]: Could not generate persistent MAC address for tap2be36376-cd: No such file or directory
Jul 15 15:03:41 gtw01 kernel: [ 7123.244044] device tap2be36376-cd entered promiscuous mode
Jul 15 15:03:41 gtw01 systemd-udevd[7034]: Process '/sbin/ip link set tap2be36376-cd txqueuelen 10000' failed with exit code 1.
Jul 15 15:03:42 gtw01 systemd-udevd[7074]: Could not generate persistent MAC address for tap7e3f6665-1b: No such file or directory
Jul 15 15:03:42 gtw01 kernel: [ 7123.895247] device tap7e3f6665-1b entered promiscuous mode
Jul 15 15:03:42 gtw01 systemd-udevd[7074]: Process '/sbin/ip link set tap7e3f6665-1b txqueuelen 10000' failed with exit code 1.
Jul 15 15:03:42 gtw01 systemd-udevd[7074]: Process '/sbin/ip link set tap7e3f6665-1b txqueuelen 10000' failed with exit code 1.
Jul 15 15:03:43 gtw01 dnsmasq[17160]: read /var/lib/neutron/dhcp/6e27b216-4503-43bd-924e-0e7d283c4bf3/addn_hosts - 4 addresses
Jul 15 15:03:43 gtw01 dnsmasq-dhcp[17160]: read /var/lib/neutron/dhcp/6e27b216-4503-43bd-924e-0e7d283c4bf3/host
Jul 15 15:03:43 gtw01 dnsmasq-dhcp[17160]: read /var/lib/neutron/dhcp/6e27b216-4503-43bd-924e-0e7d283c4bf3/opts
Jul 15 15:03:44 gtw01 dnsmasq[17160]: read /var/lib/neutron/dhcp/6e27b216-4503-43bd-924e-0e7d283c4bf3/addn_hosts - 4 addresses
Jul 15 15:03:44 gtw01 dnsmasq-dhcp[17160]: read /var/lib/neutron/dhcp/6e27b216-4503-43bd-924e-0e7d283c4bf3/host
Jul 15 15:03:44 gtw01 dnsmasq-dhcp[17160]: read /var/lib/neutron/dhcp/6e27b216-4503-43bd-924e-0e7d283c4bf3/opts
Jul 15 15:03:44 gtw01 dnsmasq[7281]: started, version 2.80 cachesize 150
Jul 15 15:03:44 gtw01 dnsmasq[7281]: DNS service limited to local subnets
Jul 15 15:03:44 gtw01 dnsmasq[7281]: compile time options: IPv6 GNU-getopt DBus i18n IDN DHCP DHCPv6 no-Lua TFTP conntrack ipset auth DNSSEC loop-detect inotify dumpfile
Jul 15 15:03:44 gtw01 dnsmasq[7281]: LOUD WARNING: listening on 19.80.0.2 may accept requests via interfaces other than tap58135fee-79
Jul 15 15:03:44 gtw01 dnsmasq[7281]: LOUD WARNING: use --bind-dynamic rather than --bind-interfaces to avoid DNS amplification attacks via these interface(s)
Jul 15 15:03:44 gtw01 dnsmasq[7281]: warning: no upstream servers configured
Jul 15 15:03:44 gtw01 dnsmasq-dhcp[7281]: DHCP, static leases only on 19.80.0.0, lease time 1h
Jul 15 15:03:44 gtw01 dnsmasq[7281]: read /var/lib/neutron/dhcp/7f1e31b3-6c74-4924-b1b6-9db1104891cf/addn_hosts - 1 addresses
Jul 15 15:03:44 gtw01 dnsmasq-dhcp[7281]: read /var/lib/neutron/dhcp/7f1e31b3-6c74-4924-b1b6-9db1104891cf/host
Jul 15 15:03:44 gtw01 dnsmasq-dhcp[7281]: read /var/lib/neutron/dhcp/7f1e31b3-6c74-4924-b1b6-9db1104891cf/opts
Jul 15 15:03:44 gtw01 haproxy-metadata-proxy-7f1e31b3-6c74-4924-b1b6-9db1104891cf[7304]: Proxy listener started.
Jul 15 15:03:45 gtw01 dnsmasq[17160]: read /var/lib/neutron/dhcp/6e27b216-4503-43bd-924e-0e7d283c4bf3/addn_hosts - 4 addresses
Jul 15 15:03:45 gtw01 dnsmasq-dhcp[17160]: read /var/lib/neutron/dhcp/6e27b216-4503-43bd-924e-0e7d283c4bf3/host
Jul 15 15:03:45 gtw01 dnsmasq-dhcp[17160]: read /var/lib/neutron/dhcp/6e27b216-4503-43bd-924e-0e7d283c4bf3/opts
Jul 15 15:03:45 gtw01 dnsmasq[7281]: read /var/lib/neutron/dhcp/7f1e31b3-6c74-4924-b1b6-9db1104891cf/addn_hosts - 2 addresses
Jul 15 15:03:45 gtw01 dnsmasq-dhcp[7281]: read /var/lib/neutron/dhcp/7f1e31b3-6c74-4924-b1b6-9db1104891cf/host
Jul 15 15:03:45 gtw01 dnsmasq-dhcp[7281]: read /var/lib/neutron/dhcp/7f1e31b3-6c74-4924-b1b6-9db1104891cf/opts
Jul 15 15:03:45 gtw01 dnsmasq[7369]: started, version 2.80 cachesize 150
Jul 15 15:03:45 gtw01 dnsmasq[7369]: DNS service limited to local subnets
Jul 15 15:03:45 gtw01 dnsmasq[7369]: compile time options: IPv6 GNU-getopt DBus i18n IDN DHCP DHCPv6 no-Lua TFTP conntrack ipset auth DNSSEC loop-detect inotify dumpfile
Jul 15 15:03:45 gtw01 dnsmasq[7369]: warning: no upstream servers configured
Jul 15 15:03:45 gtw01 dnsmasq-dhcp[7369]: DHCP, static leases only on 192.168.120.0, lease time 1h
Jul 15 15:03:45 gtw01 dnsmasq[7369]: read /var/lib/neutron/dhcp/4d2cf358-9ed4-4d50-9f5b-21f62d10bb19/addn_hosts - 1 addresses
Jul 15 15:03:45 gtw01 dnsmasq-dhcp[7369]: read /var/lib/neutron/dhcp/4d2cf358-9ed4-4d50-9f5b-21f62d10bb19/host
Jul 15 15:03:45 gtw01 dnsmasq-dhcp[7369]: read /var/lib/neutron/dhcp/4d2cf358-9ed4-4d50-9f5b-21f62d10bb19/opts
Jul 15 15:03:45 gtw01 systemd-udevd[7393]: Could not generate persistent MAC address for qg-a352b5ba-9b: No such file or directory
Jul 15 15:03:45 gtw01 kernel: [ 7127.480354] device qg-a352b5ba-9b entered promiscuous mode
Jul 15 15:03:45 gtw01 haproxy-metadata-proxy-4d2cf358-9ed4-4d50-9f5b-21f62d10bb19[7390]: Proxy listener started.
Jul 15 15:03:46 gtw01 dnsmasq[7496]: started, version 2.80 cachesize 150
Jul 15 15:03:46 gtw01 dnsmasq[7496]: DNS service limited to local subnets
Jul 15 15:03:46 gtw01 dnsmasq[7496]: compile time options: IPv6 GNU-getopt DBus i18n IDN DHCP DHCPv6 no-Lua TFTP conntrack ipset auth DNSSEC loop-detect inotify dumpfile
Jul 15 15:03:46 gtw01 dnsmasq[7496]: LOUD WARNING: listening on 19.86.0.2 may accept requests via interfaces other than tap7e3f6665-1b
Jul 15 15:03:46 gtw01 dnsmasq[7496]: LOUD WARNING: use --bind-dynamic rather than --bind-interfaces to avoid DNS amplification attacks via these interface(s)
Jul 15 15:03:46 gtw01 dnsmasq[7496]: warning: no upstream servers configured
Jul 15 15:03:46 gtw01 dnsmasq-dhcp[7496]: DHCP, static leases only on 19.86.0.0, lease time 1h
Jul 15 15:03:46 gtw01 dnsmasq[7496]: read /var/lib/neutron/dhcp/0de5c3bc-177f-42e2-822e-22396d409c95/addn_hosts - 1 addresses
Jul 15 15:03:46 gtw01 dnsmasq-dhcp[7496]: read /var/lib/neutron/dhcp/0de5c3bc-177f-42e2-822e-22396d409c95/host
Jul 15 15:03:46 gtw01 dnsmasq-dhcp[7496]: read /var/lib/neutron/dhcp/0de5c3bc-177f-42e2-822e-22396d409c95/opts
Jul 15 15:03:46 gtw01 haproxy-metadata-proxy-0de5c3bc-177f-42e2-822e-22396d409c95[7509]: Proxy listener started.
Jul 15 15:03:46 gtw01 dnsmasq[7281]: read /var/lib/neutron/dhcp/7f1e31b3-6c74-4924-b1b6-9db1104891cf/addn_hosts - 2 addresses
Jul 15 15:03:46 gtw01 dnsmasq-dhcp[7281]: read /var/lib/neutron/dhcp/7f1e31b3-6c74-4924-b1b6-9db1104891cf/host
Jul 15 15:03:46 gtw01 dnsmasq-dhcp[7281]: read /var/lib/neutron/dhcp/7f1e31b3-6c74-4924-b1b6-9db1104891cf/opts
Jul 15 15:03:46 gtw01 dnsmasq[7369]: read /var/lib/neutron/dhcp/4d2cf358-9ed4-4d50-9f5b-21f62d10bb19/addn_hosts - 2 addresses
Jul 15 15:03:46 gtw01 dnsmasq-dhcp[7369]: read /var/lib/neutron/dhcp/4d2cf358-9ed4-4d50-9f5b-21f62d10bb19/host
Jul 15 15:03:46 gtw01 dnsmasq-dhcp[7369]: read /var/lib/neutron/dhcp/4d2cf358-9ed4-4d50-9f5b-21f62d10bb19/opts
Jul 15 15:03:47 gtw01 dnsmasq[7496]: read /var/lib/neutron/dhcp/0de5c3bc-177f-42e2-822e-22396d409c95/addn_hosts - 2 addresses
Jul 15 15:03:47 gtw01 dnsmasq-dhcp[7496]: read /var/lib/neutron/dhcp/0de5c3bc-177f-42e2-822e-22396d409c95/host
Jul 15 15:03:47 gtw01 dnsmasq-dhcp[7496]: read /var/lib/neutron/dhcp/0de5c3bc-177f-42e2-822e-22396d409c95/opts
Jul 15 15:03:47 gtw01 dnsmasq[7281]: read /var/lib/neutron/dhcp/7f1e31b3-6c74-4924-b1b6-9db1104891cf/addn_hosts - 2 addresses
Jul 15 15:03:47 gtw01 dnsmasq-dhcp[7281]: read /var/lib/neutron/dhcp/7f1e31b3-6c74-4924-b1b6-9db1104891cf/host
Jul 15 15:03:47 gtw01 dnsmasq-dhcp[7281]: read /var/lib/neutron/dhcp/7f1e31b3-6c74-4924-b1b6-9db1104891cf/opts
Jul 15 15:03:48 gtw01 dnsmasq[7369]: read /var/lib/neutron/dhcp/4d2cf358-9ed4-4d50-9f5b-21f62d10bb19/addn_hosts - 2 addresses
Jul 15 15:03:48 gtw01 dnsmasq-dhcp[7369]: read /var/lib/neutron/dhcp/4d2cf358-9ed4-4d50-9f5b-21f62d10bb19/host
Jul 15 15:03:48 gtw01 dnsmasq-dhcp[7369]: read /var/lib/neutron/dhcp/4d2cf358-9ed4-4d50-9f5b-21f62d10bb19/opts
Jul 15 15:03:48 gtw01 dnsmasq[7496]: read /var/lib/neutron/dhcp/0de5c3bc-177f-42e2-822e-22396d409c95/addn_hosts - 2 addresses
Jul 15 15:03:48 gtw01 dnsmasq-dhcp[7496]: read /var/lib/neutron/dhcp/0de5c3bc-177f-42e2-822e-22396d409c95/host
Jul 15 15:03:48 gtw01 dnsmasq-dhcp[7496]: read /var/lib/neutron/dhcp/0de5c3bc-177f-42e2-822e-22396d409c95/opts
Jul 15 15:03:48 gtw01 dnsmasq[7281]: read /var/lib/neutron/dhcp/7f1e31b3-6c74-4924-b1b6-9db1104891cf/addn_hosts - 2 addresses
Jul 15 15:03:48 gtw01 dnsmasq-dhcp[7281]: read /var/lib/neutron/dhcp/7f1e31b3-6c74-4924-b1b6-9db1104891cf/host
Jul 15 15:03:48 gtw01 dnsmasq-dhcp[7281]: read /var/lib/neutron/dhcp/7f1e31b3-6c74-4924-b1b6-9db1104891cf/opts
Jul 15 15:03:49 gtw01 dnsmasq[7369]: read /var/lib/neutron/dhcp/4d2cf358-9ed4-4d50-9f5b-21f62d10bb19/addn_hosts - 2 addresses
Jul 15 15:03:49 gtw01 dnsmasq-dhcp[7369]: read /var/lib/neutron/dhcp/4d2cf358-9ed4-4d50-9f5b-21f62d10bb19/host
Jul 15 15:03:49 gtw01 dnsmasq-dhcp[7369]: read /var/lib/neutron/dhcp/4d2cf358-9ed4-4d50-9f5b-21f62d10bb19/opts
Jul 15 15:03:49 gtw01 dnsmasq[7496]: read /var/lib/neutron/dhcp/0de5c3bc-177f-42e2-822e-22396d409c95/addn_hosts - 2 addresses
Jul 15 15:03:49 gtw01 dnsmasq-dhcp[7496]: read /var/lib/neutron/dhcp/0de5c3bc-177f-42e2-822e-22396d409c95/host
Jul 15 15:03:49 gtw01 dnsmasq-dhcp[7496]: read /var/lib/neutron/dhcp/0de5c3bc-177f-42e2-822e-22396d409c95/opts
Jul 15 15:03:49 gtw01 dnsmasq[7281]: read /var/lib/neutron/dhcp/7f1e31b3-6c74-4924-b1b6-9db1104891cf/addn_hosts - 2 addresses
Jul 15 15:03:49 gtw01 dnsmasq-dhcp[7281]: read /var/lib/neutron/dhcp/7f1e31b3-6c74-4924-b1b6-9db1104891cf/host
Jul 15 15:03:49 gtw01 dnsmasq-dhcp[7281]: read /var/lib/neutron/dhcp/7f1e31b3-6c74-4924-b1b6-9db1104891cf/opts
Jul 15 15:03:50 gtw01 dnsmasq[7369]: read /var/lib/neutron/dhcp/4d2cf358-9ed4-4d50-9f5b-21f62d10bb19/addn_hosts - 2 addresses
Jul 15 15:03:50 gtw01 dnsmasq-dhcp[7369]: read /var/lib/neutron/dhcp/4d2cf358-9ed4-4d50-9f5b-21f62d10bb19/host
Jul 15 15:03:50 gtw01 dnsmasq-dhcp[7369]: read /var/lib/neutron/dhcp/4d2cf358-9ed4-4d50-9f5b-21f62d10bb19/opts
Jul 15 15:03:50 gtw01 dnsmasq[7496]: read /var/lib/neutron/dhcp/0de5c3bc-177f-42e2-822e-22396d409c95/addn_hosts - 2 addresses
Jul 15 15:03:50 gtw01 dnsmasq-dhcp[7496]: read /var/lib/neutron/dhcp/0de5c3bc-177f-42e2-822e-22396d409c95/host
Jul 15 15:03:50 gtw01 dnsmasq-dhcp[7496]: read /var/lib/neutron/dhcp/0de5c3bc-177f-42e2-822e-22396d409c95/opts
Jul 15 15:03:50 gtw01 dnsmasq[7281]: read /var/lib/neutron/dhcp/7f1e31b3-6c74-4924-b1b6-9db1104891cf/addn_hosts - 2 addresses
Jul 15 15:03:50 gtw01 dnsmasq-dhcp[7281]: read /var/lib/neutron/dhcp/7f1e31b3-6c74-4924-b1b6-9db1104891cf/host
Jul 15 15:03:50 gtw01 dnsmasq-dhcp[7281]: read /var/lib/neutron/dhcp/7f1e31b3-6c74-4924-b1b6-9db1104891cf/opts
Jul 15 15:03:51 gtw01 dnsmasq[7369]: read /var/lib/neutron/dhcp/4d2cf358-9ed4-4d50-9f5b-21f62d10bb19/addn_hosts - 2 addresses
Jul 15 15:03:51 gtw01 dnsmasq-dhcp[7369]: read /var/lib/neutron/dhcp/4d2cf358-9ed4-4d50-9f5b-21f62d10bb19/host
Jul 15 15:03:51 gtw01 dnsmasq-dhcp[7369]: read /var/lib/neutron/dhcp/4d2cf358-9ed4-4d50-9f5b-21f62d10bb19/opts
Jul 15 15:03:51 gtw01 dnsmasq[7496]: read /var/lib/neutron/dhcp/0de5c3bc-177f-42e2-822e-22396d409c95/addn_hosts - 2 addresses
Jul 15 15:03:51 gtw01 dnsmasq-dhcp[7496]: read /var/lib/neutron/dhcp/0de5c3bc-177f-42e2-822e-22396d409c95/host
Jul 15 15:03:51 gtw01 dnsmasq-dhcp[7496]: read /var/lib/neutron/dhcp/0de5c3bc-177f-42e2-822e-22396d409c95/opts
Jul 15 15:03:51 gtw01 dnsmasq-dhcp[17160]: DHCPRELEASE(tap3e35a4ac-07) 192.168.120.4 fa:16:3e:02:1e:0f
Jul 15 15:03:52 gtw01 haproxy-metadata-proxy-af02a531-5d6a-48a9-b693-c98fd78daf9e[7874]: Proxy listener started.
Jul 15 15:03:52 gtw01 dnsmasq[7496]: read /var/lib/neutron/dhcp/0de5c3bc-177f-42e2-822e-22396d409c95/addn_hosts - 2 addresses
Jul 15 15:03:52 gtw01 dnsmasq-dhcp[7496]: read /var/lib/neutron/dhcp/0de5c3bc-177f-42e2-822e-22396d409c95/host
Jul 15 15:03:52 gtw01 dnsmasq-dhcp[7496]: read /var/lib/neutron/dhcp/0de5c3bc-177f-42e2-822e-22396d409c95/opts
Jul 15 15:03:54 gtw01 dnsmasq[7369]: read /var/lib/neutron/dhcp/4d2cf358-9ed4-4d50-9f5b-21f62d10bb19/addn_hosts - 2 addresses
Jul 15 15:03:54 gtw01 dnsmasq-dhcp[7369]: read /var/lib/neutron/dhcp/4d2cf358-9ed4-4d50-9f5b-21f62d10bb19/host
Jul 15 15:03:54 gtw01 dnsmasq-dhcp[7369]: read /var/lib/neutron/dhcp/4d2cf358-9ed4-4d50-9f5b-21f62d10bb19/opts
Jul 15 15:03:54 gtw01 systemd-udevd[7912]: Could not generate persistent MAC address for qr-64dafe5e-09: No such file or directory
Jul 15 15:03:54 gtw01 kernel: [ 7136.075614] device qr-64dafe5e-09 entered promiscuous mode
Jul 15 15:03:55 gtw01 dnsmasq[7369]: read /var/lib/neutron/dhcp/4d2cf358-9ed4-4d50-9f5b-21f62d10bb19/addn_hosts - 3 addresses
Jul 15 15:03:55 gtw01 dnsmasq-dhcp[7369]: read /var/lib/neutron/dhcp/4d2cf358-9ed4-4d50-9f5b-21f62d10bb19/host
Jul 15 15:03:55 gtw01 dnsmasq-dhcp[7369]: read /var/lib/neutron/dhcp/4d2cf358-9ed4-4d50-9f5b-21f62d10bb19/opts
Jul 15 15:03:56 gtw01 dnsmasq[7369]: read /var/lib/neutron/dhcp/4d2cf358-9ed4-4d50-9f5b-21f62d10bb19/addn_hosts - 3 addresses
Jul 15 15:03:56 gtw01 dnsmasq-dhcp[7369]: read /var/lib/neutron/dhcp/4d2cf358-9ed4-4d50-9f5b-21f62d10bb19/host
Jul 15 15:03:56 gtw01 dnsmasq-dhcp[7369]: read /var/lib/neutron/dhcp/4d2cf358-9ed4-4d50-9f5b-21f62d10bb19/opts
Jul 15 15:03:57 gtw01 dnsmasq[7369]: read /var/lib/neutron/dhcp/4d2cf358-9ed4-4d50-9f5b-21f62d10bb19/addn_hosts - 3 addresses
Jul 15 15:03:57 gtw01 dnsmasq-dhcp[7369]: read /var/lib/neutron/dhcp/4d2cf358-9ed4-4d50-9f5b-21f62d10bb19/host
Jul 15 15:03:57 gtw01 dnsmasq-dhcp[7369]: read /var/lib/neutron/dhcp/4d2cf358-9ed4-4d50-9f5b-21f62d10bb19/opts
Jul 15 15:03:57 gtw01 dnsmasq[7369]: read /var/lib/neutron/dhcp/4d2cf358-9ed4-4d50-9f5b-21f62d10bb19/addn_hosts - 3 addresses
Jul 15 15:03:57 gtw01 dnsmasq-dhcp[7369]: read /var/lib/neutron/dhcp/4d2cf358-9ed4-4d50-9f5b-21f62d10bb19/host
Jul 15 15:03:57 gtw01 dnsmasq-dhcp[7369]: read /var/lib/neutron/dhcp/4d2cf358-9ed4-4d50-9f5b-21f62d10bb19/opts
Jul 15 15:03:58 gtw01 dnsmasq-dhcp[17160]: DHCPDISCOVER(tap3e35a4ac-07) fa:16:3e:ef:ac:ec
Jul 15 15:03:58 gtw01 dnsmasq-dhcp[17160]: DHCPOFFER(tap3e35a4ac-07) 192.168.120.7 fa:16:3e:ef:ac:ec
Jul 15 15:03:58 gtw01 dnsmasq-dhcp[17160]: DHCPREQUEST(tap3e35a4ac-07) 192.168.120.7 fa:16:3e:ef:ac:ec
Jul 15 15:03:58 gtw01 dnsmasq-dhcp[17160]: DHCPACK(tap3e35a4ac-07) 192.168.120.7 fa:16:3e:ef:ac:ec host-192-168-120-7
Jul 15 15:03:59 gtw01 dnsmasq[7281]: read /var/lib/neutron/dhcp/7f1e31b3-6c74-4924-b1b6-9db1104891cf/addn_hosts - 1 addresses
Jul 15 15:03:59 gtw01 dnsmasq-dhcp[7281]: read /var/lib/neutron/dhcp/7f1e31b3-6c74-4924-b1b6-9db1104891cf/host
Jul 15 15:03:59 gtw01 dnsmasq-dhcp[7281]: read /var/lib/neutron/dhcp/7f1e31b3-6c74-4924-b1b6-9db1104891cf/opts
Jul 15 15:04:01 gtw01 dnsmasq[7496]: read /var/lib/neutron/dhcp/0de5c3bc-177f-42e2-822e-22396d409c95/addn_hosts - 1 addresses
Jul 15 15:04:01 gtw01 dnsmasq-dhcp[7496]: read /var/lib/neutron/dhcp/0de5c3bc-177f-42e2-822e-22396d409c95/host
Jul 15 15:04:01 gtw01 dnsmasq-dhcp[7496]: read /var/lib/neutron/dhcp/0de5c3bc-177f-42e2-822e-22396d409c95/opts
Jul 15 15:04:02 gtw01 dnsmasq[17160]: read /var/lib/neutron/dhcp/6e27b216-4503-43bd-924e-0e7d283c4bf3/addn_hosts - 3 addresses
Jul 15 15:04:02 gtw01 dnsmasq-dhcp[17160]: read /var/lib/neutron/dhcp/6e27b216-4503-43bd-924e-0e7d283c4bf3/host
Jul 15 15:04:02 gtw01 dnsmasq-dhcp[17160]: read /var/lib/neutron/dhcp/6e27b216-4503-43bd-924e-0e7d283c4bf3/opts
Jul 15 15:04:03 gtw01 kernel: [ 7145.519421] device tap7e3f6665-1b left promiscuous mode
Jul 15 15:04:05 gtw01 dnsmasq[17160]: read /var/lib/neutron/dhcp/6e27b216-4503-43bd-924e-0e7d283c4bf3/addn_hosts - 4 addresses
Jul 15 15:04:05 gtw01 dnsmasq-dhcp[17160]: read /var/lib/neutron/dhcp/6e27b216-4503-43bd-924e-0e7d283c4bf3/host
Jul 15 15:04:05 gtw01 dnsmasq-dhcp[17160]: read /var/lib/neutron/dhcp/6e27b216-4503-43bd-924e-0e7d283c4bf3/opts
Jul 15 15:04:06 gtw01 dnsmasq[17160]: read /var/lib/neutron/dhcp/6e27b216-4503-43bd-924e-0e7d283c4bf3/addn_hosts - 4 addresses
Jul 15 15:04:06 gtw01 dnsmasq-dhcp[17160]: read /var/lib/neutron/dhcp/6e27b216-4503-43bd-924e-0e7d283c4bf3/host
Jul 15 15:04:06 gtw01 dnsmasq-dhcp[17160]: read /var/lib/neutron/dhcp/6e27b216-4503-43bd-924e-0e7d283c4bf3/opts
Jul 15 15:04:07 gtw01 kernel: [ 7148.811648] device tap58135fee-79 left promiscuous mode
Jul 15 15:04:07 gtw01 dnsmasq[17160]: read /var/lib/neutron/dhcp/6e27b216-4503-43bd-924e-0e7d283c4bf3/addn_hosts - 4 addresses
Jul 15 15:04:07 gtw01 dnsmasq-dhcp[17160]: read /var/lib/neutron/dhcp/6e27b216-4503-43bd-924e-0e7d283c4bf3/host
Jul 15 15:04:07 gtw01 dnsmasq-dhcp[17160]: read /var/lib/neutron/dhcp/6e27b216-4503-43bd-924e-0e7d283c4bf3/opts
Jul 15 15:04:10 gtw01 dnsmasq[5147]: read /var/lib/neutron/dhcp/779c19fa-dd2b-4d6a-b88a-4a4b2708b670/addn_hosts - 1 addresses
Jul 15 15:04:10 gtw01 dnsmasq-dhcp[5147]: read /var/lib/neutron/dhcp/779c19fa-dd2b-4d6a-b88a-4a4b2708b670/host
Jul 15 15:04:10 gtw01 dnsmasq-dhcp[5147]: read /var/lib/neutron/dhcp/779c19fa-dd2b-4d6a-b88a-4a4b2708b670/opts
Jul 15 15:04:11 gtw01 haproxy-metadata-proxy-779c19fa-dd2b-4d6a-b88a-4a4b2708b670[8456]: Proxy listener started.
Jul 15 15:04:12 gtw01 kernel: [ 7154.496477] device qr-b179d445-eb left promiscuous mode
Jul 15 15:04:13 gtw01 kernel: [ 7155.331605] device qg-d0303c76-17 left promiscuous mode
Jul 15 15:04:15 gtw01 kernel: [ 7157.151923] device tap0996ec84-78 left promiscuous mode
Jul 15 15:04:21 gtw01 dnsmasq-dhcp[17160]: DHCPRELEASE(tap3e35a4ac-07) 192.168.120.7 fa:16:3e:ef:ac:ec
Jul 15 15:04:22 gtw01 dnsmasq-dhcp[17160]: DHCPDISCOVER(tap3e35a4ac-07) fa:16:3e:ee:f1:0d
Jul 15 15:04:22 gtw01 dnsmasq-dhcp[17160]: DHCPOFFER(tap3e35a4ac-07) 192.168.120.5 fa:16:3e:ee:f1:0d
Jul 15 15:04:22 gtw01 dnsmasq-dhcp[17160]: DHCPREQUEST(tap3e35a4ac-07) 192.168.120.5 fa:16:3e:ee:f1:0d
Jul 15 15:04:22 gtw01 dnsmasq-dhcp[17160]: DHCPACK(tap3e35a4ac-07) 192.168.120.5 fa:16:3e:ee:f1:0d host-192-168-120-5
Jul 15 15:04:23 gtw01 systemd-udevd[8627]: Could not generate persistent MAC address for tapa75580ff-0a: No such file or directory
Jul 15 15:04:23 gtw01 kernel: [ 7165.184365] device tapa75580ff-0a entered promiscuous mode
Jul 15 15:04:23 gtw01 systemd-udevd[8627]: Process '/sbin/ip link set tapa75580ff-0a txqueuelen 10000' failed with exit code 1.
Jul 15 15:04:23 gtw01 systemd-udevd[8701]: Process '/sbin/ip link set tapa75580ff-0a txqueuelen 10000' failed with exit code 1.
Jul 15 15:04:26 gtw01 dnsmasq[8788]: started, version 2.80 cachesize 150
Jul 15 15:04:26 gtw01 dnsmasq[8788]: DNS service limited to local subnets
Jul 15 15:04:26 gtw01 dnsmasq[8788]: compile time options: IPv6 GNU-getopt DBus i18n IDN DHCP DHCPv6 no-Lua TFTP conntrack ipset auth DNSSEC loop-detect inotify dumpfile
Jul 15 15:04:26 gtw01 dnsmasq[8788]: warning: no upstream servers configured
Jul 15 15:04:26 gtw01 dnsmasq-dhcp[8788]: DHCP, static leases only on 192.168.120.0, lease time 1h
Jul 15 15:04:26 gtw01 dnsmasq[8788]: read /var/lib/neutron/dhcp/01ce541e-60ba-4a32-91c6-938fbd016d46/addn_hosts - 1 addresses
Jul 15 15:04:26 gtw01 dnsmasq-dhcp[8788]: read /var/lib/neutron/dhcp/01ce541e-60ba-4a32-91c6-938fbd016d46/host
Jul 15 15:04:26 gtw01 dnsmasq-dhcp[8788]: read /var/lib/neutron/dhcp/01ce541e-60ba-4a32-91c6-938fbd016d46/opts
Jul 15 15:04:26 gtw01 haproxy-metadata-proxy-01ce541e-60ba-4a32-91c6-938fbd016d46[8795]: Proxy listener started.
Jul 15 15:04:27 gtw01 kernel: [ 7169.090985] device qr-e9e99bc8-32 entered promiscuous mode
Jul 15 15:04:27 gtw01 systemd-udevd[8809]: Could not generate persistent MAC address for qr-e9e99bc8-32: No such file or directory
Jul 15 15:04:27 gtw01 dnsmasq[8788]: read /var/lib/neutron/dhcp/01ce541e-60ba-4a32-91c6-938fbd016d46/addn_hosts - 2 addresses
Jul 15 15:04:27 gtw01 dnsmasq-dhcp[8788]: read /var/lib/neutron/dhcp/01ce541e-60ba-4a32-91c6-938fbd016d46/host
Jul 15 15:04:27 gtw01 dnsmasq-dhcp[8788]: read /var/lib/neutron/dhcp/01ce541e-60ba-4a32-91c6-938fbd016d46/opts
Jul 15 15:04:28 gtw01 kernel: [ 7170.308871] device qg-8b2864e0-36 entered promiscuous mode
Jul 15 15:04:28 gtw01 systemd-udevd[8949]: Could not generate persistent MAC address for qg-8b2864e0-36: No such file or directory
Jul 15 15:04:29 gtw01 dnsmasq[8788]: read /var/lib/neutron/dhcp/01ce541e-60ba-4a32-91c6-938fbd016d46/addn_hosts - 2 addresses
Jul 15 15:04:29 gtw01 dnsmasq-dhcp[8788]: read /var/lib/neutron/dhcp/01ce541e-60ba-4a32-91c6-938fbd016d46/host
Jul 15 15:04:29 gtw01 dnsmasq-dhcp[8788]: read /var/lib/neutron/dhcp/01ce541e-60ba-4a32-91c6-938fbd016d46/opts
Jul 15 15:04:30 gtw01 dnsmasq[8788]: read /var/lib/neutron/dhcp/01ce541e-60ba-4a32-91c6-938fbd016d46/addn_hosts - 2 addresses
Jul 15 15:04:30 gtw01 dnsmasq-dhcp[8788]: read /var/lib/neutron/dhcp/01ce541e-60ba-4a32-91c6-938fbd016d46/host
Jul 15 15:04:30 gtw01 dnsmasq-dhcp[8788]: read /var/lib/neutron/dhcp/01ce541e-60ba-4a32-91c6-938fbd016d46/opts
Jul 15 15:04:30 gtw01 dnsmasq[7369]: read /var/lib/neutron/dhcp/4d2cf358-9ed4-4d50-9f5b-21f62d10bb19/addn_hosts - 4 addresses
Jul 15 15:04:30 gtw01 dnsmasq-dhcp[7369]: read /var/lib/neutron/dhcp/4d2cf358-9ed4-4d50-9f5b-21f62d10bb19/host
Jul 15 15:04:30 gtw01 dnsmasq-dhcp[7369]: read /var/lib/neutron/dhcp/4d2cf358-9ed4-4d50-9f5b-21f62d10bb19/opts
Jul 15 15:04:31 gtw01 dnsmasq[8788]: read /var/lib/neutron/dhcp/01ce541e-60ba-4a32-91c6-938fbd016d46/addn_hosts - 2 addresses
Jul 15 15:04:31 gtw01 dnsmasq-dhcp[8788]: read /var/lib/neutron/dhcp/01ce541e-60ba-4a32-91c6-938fbd016d46/host
Jul 15 15:04:31 gtw01 dnsmasq-dhcp[8788]: read /var/lib/neutron/dhcp/01ce541e-60ba-4a32-91c6-938fbd016d46/opts
Jul 15 15:04:31 gtw01 dnsmasq[17160]: read /var/lib/neutron/dhcp/6e27b216-4503-43bd-924e-0e7d283c4bf3/addn_hosts - 3 addresses
Jul 15 15:04:31 gtw01 dnsmasq-dhcp[17160]: read /var/lib/neutron/dhcp/6e27b216-4503-43bd-924e-0e7d283c4bf3/host
Jul 15 15:04:31 gtw01 dnsmasq-dhcp[17160]: read /var/lib/neutron/dhcp/6e27b216-4503-43bd-924e-0e7d283c4bf3/opts
Jul 15 15:04:31 gtw01 dnsmasq[7369]: read /var/lib/neutron/dhcp/4d2cf358-9ed4-4d50-9f5b-21f62d10bb19/addn_hosts - 4 addresses
Jul 15 15:04:31 gtw01 dnsmasq-dhcp[7369]: read /var/lib/neutron/dhcp/4d2cf358-9ed4-4d50-9f5b-21f62d10bb19/host
Jul 15 15:04:31 gtw01 dnsmasq-dhcp[7369]: read /var/lib/neutron/dhcp/4d2cf358-9ed4-4d50-9f5b-21f62d10bb19/opts
Jul 15 15:04:32 gtw01 dnsmasq-dhcp[7369]: DHCPDISCOVER(tap2be36376-cd) fa:16:3e:60:49:f3
Jul 15 15:04:32 gtw01 dnsmasq-dhcp[7369]: DHCPOFFER(tap2be36376-cd) 192.168.120.3 fa:16:3e:60:49:f3
Jul 15 15:04:32 gtw01 dnsmasq-dhcp[7369]: DHCPREQUEST(tap2be36376-cd) 192.168.120.3 fa:16:3e:60:49:f3
Jul 15 15:04:32 gtw01 dnsmasq-dhcp[7369]: DHCPACK(tap2be36376-cd) 192.168.120.3 fa:16:3e:60:49:f3 host-192-168-120-3
