Jul 15 14:46:12 gtw01 haproxy-metadata-proxy-c80ca66f-73e2-4f97-a5c5-97968ad1b7df[15773]: Proxy listener started.
Jul 15 14:46:12 gtw01 dnsmasq[15641]: read /var/lib/neutron/dhcp/66e28a5c-8b5c-468c-adf5-1f91fed88ef8/addn_hosts - 1 addresses
Jul 15 14:46:12 gtw01 dnsmasq-dhcp[15641]: read /var/lib/neutron/dhcp/66e28a5c-8b5c-468c-adf5-1f91fed88ef8/host
Jul 15 14:46:12 gtw01 dnsmasq-dhcp[15641]: read /var/lib/neutron/dhcp/66e28a5c-8b5c-468c-adf5-1f91fed88ef8/opts
Jul 15 14:46:13 gtw01 dnsmasq[15758]: read /var/lib/neutron/dhcp/c80ca66f-73e2-4f97-a5c5-97968ad1b7df/addn_hosts - 2 addresses
Jul 15 14:46:13 gtw01 dnsmasq-dhcp[15758]: read /var/lib/neutron/dhcp/c80ca66f-73e2-4f97-a5c5-97968ad1b7df/host
Jul 15 14:46:13 gtw01 dnsmasq-dhcp[15758]: read /var/lib/neutron/dhcp/c80ca66f-73e2-4f97-a5c5-97968ad1b7df/opts
Jul 15 14:46:13 gtw01 dnsmasq[15641]: read /var/lib/neutron/dhcp/66e28a5c-8b5c-468c-adf5-1f91fed88ef8/addn_hosts - 1 addresses
Jul 15 14:46:13 gtw01 dnsmasq-dhcp[15641]: read /var/lib/neutron/dhcp/66e28a5c-8b5c-468c-adf5-1f91fed88ef8/host
Jul 15 14:46:13 gtw01 dnsmasq-dhcp[15641]: read /var/lib/neutron/dhcp/66e28a5c-8b5c-468c-adf5-1f91fed88ef8/opts
Jul 15 14:46:13 gtw01 dnsmasq[15844]: started, version 2.80 cachesize 150
Jul 15 14:46:13 gtw01 dnsmasq[15844]: DNS service limited to local subnets
Jul 15 14:46:13 gtw01 dnsmasq[15844]: compile time options: IPv6 GNU-getopt DBus i18n IDN DHCP DHCPv6 no-Lua TFTP conntrack ipset auth DNSSEC loop-detect inotify dumpfile
Jul 15 14:46:13 gtw01 dnsmasq[15844]: warning: no upstream servers configured
Jul 15 14:46:13 gtw01 dnsmasq-dhcp[15844]: DHCP, static leases only on 192.168.120.0, lease time 1h
Jul 15 14:46:13 gtw01 dnsmasq[15844]: read /var/lib/neutron/dhcp/5b120360-c341-49af-8c80-2b62da76ec29/addn_hosts - 1 addresses
Jul 15 14:46:13 gtw01 dnsmasq-dhcp[15844]: read /var/lib/neutron/dhcp/5b120360-c341-49af-8c80-2b62da76ec29/host
Jul 15 14:46:13 gtw01 dnsmasq-dhcp[15844]: read /var/lib/neutron/dhcp/5b120360-c341-49af-8c80-2b62da76ec29/opts
Jul 15 14:46:13 gtw01 haproxy-metadata-proxy-5b120360-c341-49af-8c80-2b62da76ec29[15856]: Proxy listener started.
Jul 15 14:46:14 gtw01 dnsmasq[15758]: read /var/lib/neutron/dhcp/c80ca66f-73e2-4f97-a5c5-97968ad1b7df/addn_hosts - 2 addresses
Jul 15 14:46:14 gtw01 dnsmasq-dhcp[15758]: read /var/lib/neutron/dhcp/c80ca66f-73e2-4f97-a5c5-97968ad1b7df/host
Jul 15 14:46:14 gtw01 dnsmasq-dhcp[15758]: read /var/lib/neutron/dhcp/c80ca66f-73e2-4f97-a5c5-97968ad1b7df/opts
Jul 15 14:46:14 gtw01 dnsmasq[15844]: read /var/lib/neutron/dhcp/5b120360-c341-49af-8c80-2b62da76ec29/addn_hosts - 1 addresses
Jul 15 14:46:14 gtw01 dnsmasq-dhcp[15844]: read /var/lib/neutron/dhcp/5b120360-c341-49af-8c80-2b62da76ec29/host
Jul 15 14:46:14 gtw01 dnsmasq-dhcp[15844]: read /var/lib/neutron/dhcp/5b120360-c341-49af-8c80-2b62da76ec29/opts
Jul 15 14:46:15 gtw01 dnsmasq[15758]: read /var/lib/neutron/dhcp/c80ca66f-73e2-4f97-a5c5-97968ad1b7df/addn_hosts - 2 addresses
Jul 15 14:46:15 gtw01 dnsmasq-dhcp[15758]: read /var/lib/neutron/dhcp/c80ca66f-73e2-4f97-a5c5-97968ad1b7df/host
Jul 15 14:46:15 gtw01 dnsmasq-dhcp[15758]: read /var/lib/neutron/dhcp/c80ca66f-73e2-4f97-a5c5-97968ad1b7df/opts
Jul 15 14:46:15 gtw01 dnsmasq[15844]: read /var/lib/neutron/dhcp/5b120360-c341-49af-8c80-2b62da76ec29/addn_hosts - 1 addresses
Jul 15 14:46:15 gtw01 dnsmasq-dhcp[15844]: read /var/lib/neutron/dhcp/5b120360-c341-49af-8c80-2b62da76ec29/host
Jul 15 14:46:15 gtw01 dnsmasq-dhcp[15844]: read /var/lib/neutron/dhcp/5b120360-c341-49af-8c80-2b62da76ec29/opts
Jul 15 14:46:15 gtw01 dnsmasq-dhcp[13286]: DHCPDISCOVER(tap6c466775-d3) fa:16:3e:13:21:c0
Jul 15 14:46:15 gtw01 dnsmasq-dhcp[13286]: DHCPOFFER(tap6c466775-d3) 192.168.120.4 fa:16:3e:13:21:c0
Jul 15 14:46:15 gtw01 dnsmasq-dhcp[13286]: DHCPREQUEST(tap6c466775-d3) 192.168.120.4 fa:16:3e:13:21:c0
Jul 15 14:46:15 gtw01 dnsmasq-dhcp[13286]: DHCPACK(tap6c466775-d3) 192.168.120.4 fa:16:3e:13:21:c0 host-192-168-120-4
Jul 15 14:46:16 gtw01 dnsmasq[15758]: read /var/lib/neutron/dhcp/c80ca66f-73e2-4f97-a5c5-97968ad1b7df/addn_hosts - 2 addresses
Jul 15 14:46:16 gtw01 dnsmasq-dhcp[15758]: read /var/lib/neutron/dhcp/c80ca66f-73e2-4f97-a5c5-97968ad1b7df/host
Jul 15 14:46:16 gtw01 dnsmasq-dhcp[15758]: read /var/lib/neutron/dhcp/c80ca66f-73e2-4f97-a5c5-97968ad1b7df/opts
Jul 15 14:46:16 gtw01 dnsmasq[15844]: read /var/lib/neutron/dhcp/5b120360-c341-49af-8c80-2b62da76ec29/addn_hosts - 1 addresses
Jul 15 14:46:16 gtw01 dnsmasq-dhcp[15844]: read /var/lib/neutron/dhcp/5b120360-c341-49af-8c80-2b62da76ec29/host
Jul 15 14:46:16 gtw01 dnsmasq-dhcp[15844]: read /var/lib/neutron/dhcp/5b120360-c341-49af-8c80-2b62da76ec29/opts
Jul 15 14:46:17 gtw01 dnsmasq[15758]: read /var/lib/neutron/dhcp/c80ca66f-73e2-4f97-a5c5-97968ad1b7df/addn_hosts - 2 addresses
Jul 15 14:46:17 gtw01 dnsmasq-dhcp[15758]: read /var/lib/neutron/dhcp/c80ca66f-73e2-4f97-a5c5-97968ad1b7df/host
Jul 15 14:46:17 gtw01 dnsmasq-dhcp[15758]: read /var/lib/neutron/dhcp/c80ca66f-73e2-4f97-a5c5-97968ad1b7df/opts
Jul 15 14:46:18 gtw01 dnsmasq[15758]: read /var/lib/neutron/dhcp/c80ca66f-73e2-4f97-a5c5-97968ad1b7df/addn_hosts - 1 addresses
Jul 15 14:46:18 gtw01 dnsmasq-dhcp[15758]: read /var/lib/neutron/dhcp/c80ca66f-73e2-4f97-a5c5-97968ad1b7df/host
Jul 15 14:46:18 gtw01 dnsmasq-dhcp[15758]: read /var/lib/neutron/dhcp/c80ca66f-73e2-4f97-a5c5-97968ad1b7df/opts
Jul 15 14:46:18 gtw01 systemd-udevd[16046]: Could not generate persistent MAC address for tap4bf8e59c-69: No such file or directory
Jul 15 14:46:18 gtw01 kernel: [ 6080.240831] device tap4bf8e59c-69 entered promiscuous mode
Jul 15 14:46:18 gtw01 systemd-udevd[16046]: Process '/sbin/ip link set tap4bf8e59c-69 txqueuelen 10000' failed with exit code 1.
Jul 15 14:46:18 gtw01 systemd-udevd[16046]: Process '/sbin/ip link set tap4bf8e59c-69 txqueuelen 10000' failed with exit code 1.
Jul 15 14:46:18 gtw01 dnsmasq[15641]: read /var/lib/neutron/dhcp/66e28a5c-8b5c-468c-adf5-1f91fed88ef8/addn_hosts - 2 addresses
Jul 15 14:46:18 gtw01 dnsmasq-dhcp[15641]: read /var/lib/neutron/dhcp/66e28a5c-8b5c-468c-adf5-1f91fed88ef8/host
Jul 15 14:46:18 gtw01 dnsmasq-dhcp[15641]: read /var/lib/neutron/dhcp/66e28a5c-8b5c-468c-adf5-1f91fed88ef8/opts
Jul 15 14:46:18 gtw01 haproxy-metadata-proxy-c80ca66f-73e2-4f97-a5c5-97968ad1b7df[16144]: Proxy listener started.
Jul 15 14:46:19 gtw01 dnsmasq[15641]: read /var/lib/neutron/dhcp/66e28a5c-8b5c-468c-adf5-1f91fed88ef8/addn_hosts - 2 addresses
Jul 15 14:46:19 gtw01 dnsmasq-dhcp[15641]: read /var/lib/neutron/dhcp/66e28a5c-8b5c-468c-adf5-1f91fed88ef8/host
Jul 15 14:46:19 gtw01 dnsmasq-dhcp[15641]: read /var/lib/neutron/dhcp/66e28a5c-8b5c-468c-adf5-1f91fed88ef8/opts
Jul 15 14:46:22 gtw01 dnsmasq[16236]: started, version 2.80 cachesize 150
Jul 15 14:46:22 gtw01 dnsmasq[16236]: DNS service limited to local subnets
Jul 15 14:46:22 gtw01 dnsmasq[16236]: compile time options: IPv6 GNU-getopt DBus i18n IDN DHCP DHCPv6 no-Lua TFTP conntrack ipset auth DNSSEC loop-detect inotify dumpfile
Jul 15 14:46:22 gtw01 dnsmasq[16236]: warning: no upstream servers configured
Jul 15 14:46:22 gtw01 dnsmasq-dhcp[16236]: DHCP, static leases only on 192.168.121.0, lease time 1h
Jul 15 14:46:22 gtw01 dnsmasq[16236]: read /var/lib/neutron/dhcp/0a32da30-a941-4013-b5b0-98338f9b1284/addn_hosts - 1 addresses
Jul 15 14:46:22 gtw01 dnsmasq-dhcp[16236]: read /var/lib/neutron/dhcp/0a32da30-a941-4013-b5b0-98338f9b1284/host
Jul 15 14:46:22 gtw01 dnsmasq-dhcp[16236]: read /var/lib/neutron/dhcp/0a32da30-a941-4013-b5b0-98338f9b1284/opts
Jul 15 14:46:22 gtw01 haproxy-metadata-proxy-0a32da30-a941-4013-b5b0-98338f9b1284[16243]: Proxy listener started.
Jul 15 14:46:22 gtw01 dnsmasq[15641]: read /var/lib/neutron/dhcp/66e28a5c-8b5c-468c-adf5-1f91fed88ef8/addn_hosts - 1 addresses
Jul 15 14:46:22 gtw01 dnsmasq-dhcp[15641]: read /var/lib/neutron/dhcp/66e28a5c-8b5c-468c-adf5-1f91fed88ef8/host
Jul 15 14:46:22 gtw01 dnsmasq-dhcp[15641]: read /var/lib/neutron/dhcp/66e28a5c-8b5c-468c-adf5-1f91fed88ef8/opts
Jul 15 14:46:23 gtw01 dnsmasq[16236]: read /var/lib/neutron/dhcp/0a32da30-a941-4013-b5b0-98338f9b1284/addn_hosts - 1 addresses
Jul 15 14:46:23 gtw01 dnsmasq-dhcp[16236]: read /var/lib/neutron/dhcp/0a32da30-a941-4013-b5b0-98338f9b1284/host
Jul 15 14:46:23 gtw01 dnsmasq-dhcp[16236]: read /var/lib/neutron/dhcp/0a32da30-a941-4013-b5b0-98338f9b1284/opts
Jul 15 14:46:23 gtw01 haproxy-metadata-proxy-66e28a5c-8b5c-468c-adf5-1f91fed88ef8[16269]: Proxy listener started.
Jul 15 14:46:24 gtw01 dnsmasq[16236]: read /var/lib/neutron/dhcp/0a32da30-a941-4013-b5b0-98338f9b1284/addn_hosts - 1 addresses
Jul 15 14:46:24 gtw01 dnsmasq-dhcp[16236]: read /var/lib/neutron/dhcp/0a32da30-a941-4013-b5b0-98338f9b1284/host
Jul 15 14:46:24 gtw01 dnsmasq-dhcp[16236]: read /var/lib/neutron/dhcp/0a32da30-a941-4013-b5b0-98338f9b1284/opts
Jul 15 14:46:25 gtw01 dnsmasq[16236]: read /var/lib/neutron/dhcp/0a32da30-a941-4013-b5b0-98338f9b1284/addn_hosts - 1 addresses
Jul 15 14:46:25 gtw01 dnsmasq-dhcp[16236]: read /var/lib/neutron/dhcp/0a32da30-a941-4013-b5b0-98338f9b1284/host
Jul 15 14:46:25 gtw01 dnsmasq-dhcp[16236]: read /var/lib/neutron/dhcp/0a32da30-a941-4013-b5b0-98338f9b1284/opts
Jul 15 14:46:26 gtw01 kernel: [ 6087.973620] device tap4bf8e59c-69 left promiscuous mode
Jul 15 14:46:29 gtw01 kernel: [ 6091.195109] device tap66676f31-2e left promiscuous mode
Jul 15 14:46:30 gtw01 kernel: [ 6091.912017] device tap31d88c43-d1 left promiscuous mode
Jul 15 14:46:34 gtw01 kernel: [ 6095.843684] device tap9005d4d2-60 left promiscuous mode
Jul 15 14:46:34 gtw01 dnsmasq-dhcp[13286]: DHCPRELEASE(tap6c466775-d3) 192.168.120.4 fa:16:3e:13:21:c0
Jul 15 14:46:34 gtw01 kernel: [ 6096.477726] device vxlan_sys_4789 left promiscuous mode
Jul 15 14:46:34 gtw01 dnsmasq-dhcp[13286]: DHCPRELEASE(tap6c466775-d3) 192.168.120.4 fa:16:3e:13:21:c0 unknown lease
Jul 15 14:46:35 gtw01 dnsmasq[13286]: read /var/lib/neutron/dhcp/07ea087a-9172-4e60-b452-5bd2ed8ccc35/addn_hosts - 2 addresses
Jul 15 14:46:35 gtw01 dnsmasq-dhcp[13286]: read /var/lib/neutron/dhcp/07ea087a-9172-4e60-b452-5bd2ed8ccc35/host
Jul 15 14:46:35 gtw01 dnsmasq-dhcp[13286]: read /var/lib/neutron/dhcp/07ea087a-9172-4e60-b452-5bd2ed8ccc35/opts
Jul 15 14:46:45 gtw01 dnsmasq[13286]: read /var/lib/neutron/dhcp/07ea087a-9172-4e60-b452-5bd2ed8ccc35/addn_hosts - 1 addresses
Jul 15 14:46:45 gtw01 dnsmasq-dhcp[13286]: read /var/lib/neutron/dhcp/07ea087a-9172-4e60-b452-5bd2ed8ccc35/host
Jul 15 14:46:45 gtw01 dnsmasq-dhcp[13286]: read /var/lib/neutron/dhcp/07ea087a-9172-4e60-b452-5bd2ed8ccc35/opts
Jul 15 14:46:46 gtw01 haproxy-metadata-proxy-07ea087a-9172-4e60-b452-5bd2ed8ccc35[16587]: Proxy listener started.
Jul 15 14:46:47 gtw01 kernel: [ 6109.608016] device qr-1728a190-fa left promiscuous mode
Jul 15 14:46:50 gtw01 kernel: [ 6112.033320] device tap6c466775-d3 left promiscuous mode
Jul 15 14:46:51 gtw01 kernel: [ 6112.654088] device qg-0c4f4b75-3e left promiscuous mode
Jul 15 14:47:59 gtw01 dnsmasq[2836]: read /var/lib/neutron/dhcp/f10d1cff-8d6f-410f-a3cc-8f40011334e1/addn_hosts - 1 addresses
Jul 15 14:47:59 gtw01 dnsmasq-dhcp[2836]: read /var/lib/neutron/dhcp/f10d1cff-8d6f-410f-a3cc-8f40011334e1/host
Jul 15 14:47:59 gtw01 dnsmasq-dhcp[2836]: read /var/lib/neutron/dhcp/f10d1cff-8d6f-410f-a3cc-8f40011334e1/opts
Jul 15 14:48:00 gtw01 haproxy-metadata-proxy-f10d1cff-8d6f-410f-a3cc-8f40011334e1[16744]: Proxy listener started.
Jul 15 14:48:01 gtw01 kernel: [ 6182.957947] device qr-c2b3df39-92 left promiscuous mode
Jul 15 14:48:04 gtw01 kernel: [ 6186.006449] device tap8a7bf5d1-1f left promiscuous mode
Jul 15 14:48:04 gtw01 kernel: [ 6186.103077] device qg-85268ec6-5c left promiscuous mode
Jul 15 14:48:14 gtw01 systemd-udevd[16892]: Could not generate persistent MAC address for tap3e35a4ac-07: No such file or directory
Jul 15 14:48:14 gtw01 kernel: [ 6195.992703] device tap3e35a4ac-07 entered promiscuous mode
Jul 15 14:48:14 gtw01 systemd-udevd[16892]: Process '/sbin/ip link set tap3e35a4ac-07 txqueuelen 10000' failed with exit code 1.
Jul 15 14:48:14 gtw01 systemd-udevd[16966]: Process '/sbin/ip link set tap3e35a4ac-07 txqueuelen 10000' failed with exit code 1.
Jul 15 14:48:17 gtw01 kernel: [ 6198.868032] device qg-b8c4ea8d-1a entered promiscuous mode
Jul 15 14:48:17 gtw01 systemd-udevd[17062]: Could not generate persistent MAC address for qg-b8c4ea8d-1a: No such file or directory
Jul 15 14:48:17 gtw01 dnsmasq[17160]: started, version 2.80 cachesize 150
Jul 15 14:48:17 gtw01 dnsmasq[17160]: DNS service limited to local subnets
Jul 15 14:48:17 gtw01 dnsmasq[17160]: compile time options: IPv6 GNU-getopt DBus i18n IDN DHCP DHCPv6 no-Lua TFTP conntrack ipset auth DNSSEC loop-detect inotify dumpfile
Jul 15 14:48:17 gtw01 dnsmasq[17160]: warning: no upstream servers configured
Jul 15 14:48:17 gtw01 dnsmasq-dhcp[17160]: DHCP, static leases only on 192.168.120.0, lease time 1h
Jul 15 14:48:17 gtw01 dnsmasq[17160]: read /var/lib/neutron/dhcp/6e27b216-4503-43bd-924e-0e7d283c4bf3/addn_hosts - 1 addresses
Jul 15 14:48:17 gtw01 dnsmasq-dhcp[17160]: read /var/lib/neutron/dhcp/6e27b216-4503-43bd-924e-0e7d283c4bf3/host
Jul 15 14:48:17 gtw01 dnsmasq-dhcp[17160]: read /var/lib/neutron/dhcp/6e27b216-4503-43bd-924e-0e7d283c4bf3/opts
Jul 15 14:48:18 gtw01 haproxy-metadata-proxy-6e27b216-4503-43bd-924e-0e7d283c4bf3[17172]: Proxy listener started.
Jul 15 14:48:18 gtw01 dnsmasq[17160]: read /var/lib/neutron/dhcp/6e27b216-4503-43bd-924e-0e7d283c4bf3/addn_hosts - 2 addresses
Jul 15 14:48:18 gtw01 dnsmasq-dhcp[17160]: read /var/lib/neutron/dhcp/6e27b216-4503-43bd-924e-0e7d283c4bf3/host
Jul 15 14:48:18 gtw01 dnsmasq-dhcp[17160]: read /var/lib/neutron/dhcp/6e27b216-4503-43bd-924e-0e7d283c4bf3/opts
Jul 15 14:48:19 gtw01 dnsmasq[17160]: read /var/lib/neutron/dhcp/6e27b216-4503-43bd-924e-0e7d283c4bf3/addn_hosts - 2 addresses
Jul 15 14:48:19 gtw01 dnsmasq-dhcp[17160]: read /var/lib/neutron/dhcp/6e27b216-4503-43bd-924e-0e7d283c4bf3/host
Jul 15 14:48:19 gtw01 dnsmasq-dhcp[17160]: read /var/lib/neutron/dhcp/6e27b216-4503-43bd-924e-0e7d283c4bf3/opts
Jul 15 14:48:20 gtw01 dnsmasq[17160]: read /var/lib/neutron/dhcp/6e27b216-4503-43bd-924e-0e7d283c4bf3/addn_hosts - 2 addresses
Jul 15 14:48:20 gtw01 dnsmasq-dhcp[17160]: read /var/lib/neutron/dhcp/6e27b216-4503-43bd-924e-0e7d283c4bf3/host
Jul 15 14:48:20 gtw01 dnsmasq-dhcp[17160]: read /var/lib/neutron/dhcp/6e27b216-4503-43bd-924e-0e7d283c4bf3/opts
Jul 15 14:48:21 gtw01 dnsmasq[17160]: read /var/lib/neutron/dhcp/6e27b216-4503-43bd-924e-0e7d283c4bf3/addn_hosts - 2 addresses
Jul 15 14:48:21 gtw01 dnsmasq-dhcp[17160]: read /var/lib/neutron/dhcp/6e27b216-4503-43bd-924e-0e7d283c4bf3/host
Jul 15 14:48:21 gtw01 dnsmasq-dhcp[17160]: read /var/lib/neutron/dhcp/6e27b216-4503-43bd-924e-0e7d283c4bf3/opts
Jul 15 14:48:22 gtw01 dnsmasq[17160]: read /var/lib/neutron/dhcp/6e27b216-4503-43bd-924e-0e7d283c4bf3/addn_hosts - 2 addresses
Jul 15 14:48:22 gtw01 dnsmasq-dhcp[17160]: read /var/lib/neutron/dhcp/6e27b216-4503-43bd-924e-0e7d283c4bf3/host
Jul 15 14:48:22 gtw01 dnsmasq-dhcp[17160]: read /var/lib/neutron/dhcp/6e27b216-4503-43bd-924e-0e7d283c4bf3/opts
Jul 15 14:48:23 gtw01 haproxy-metadata-proxy-5092e03a-643d-461e-82e4-7574fd9c8a12[17368]: Proxy listener started.
Jul 15 14:48:25 gtw01 dnsmasq[17160]: read /var/lib/neutron/dhcp/6e27b216-4503-43bd-924e-0e7d283c4bf3/addn_hosts - 2 addresses
Jul 15 14:48:25 gtw01 dnsmasq-dhcp[17160]: read /var/lib/neutron/dhcp/6e27b216-4503-43bd-924e-0e7d283c4bf3/host
Jul 15 14:48:25 gtw01 dnsmasq-dhcp[17160]: read /var/lib/neutron/dhcp/6e27b216-4503-43bd-924e-0e7d283c4bf3/opts
Jul 15 14:48:25 gtw01 kernel: [ 6207.118057] device qr-983e5dde-fe entered promiscuous mode
Jul 15 14:48:25 gtw01 systemd-udevd[17397]: Could not generate persistent MAC address for qr-983e5dde-fe: No such file or directory
Jul 15 14:48:26 gtw01 dnsmasq[17160]: read /var/lib/neutron/dhcp/6e27b216-4503-43bd-924e-0e7d283c4bf3/addn_hosts - 2 addresses
Jul 15 14:48:26 gtw01 dnsmasq-dhcp[17160]: read /var/lib/neutron/dhcp/6e27b216-4503-43bd-924e-0e7d283c4bf3/host
Jul 15 14:48:26 gtw01 dnsmasq-dhcp[17160]: read /var/lib/neutron/dhcp/6e27b216-4503-43bd-924e-0e7d283c4bf3/opts
Jul 15 14:49:10 gtw01 systemd-udevd[17671]: Could not generate persistent MAC address for tap11b6ffec-d5: No such file or directory
Jul 15 14:49:10 gtw01 kernel: [ 6252.504930] device tap11b6ffec-d5 entered promiscuous mode
Jul 15 14:49:10 gtw01 systemd-udevd[17671]: Process '/sbin/ip link set tap11b6ffec-d5 txqueuelen 10000' failed with exit code 1.
Jul 15 14:49:10 gtw01 systemd-udevd[17745]: Process '/sbin/ip link set tap11b6ffec-d5 txqueuelen 10000' failed with exit code 1.
Jul 15 14:49:14 gtw01 dnsmasq[17842]: started, version 2.80 cachesize 150
Jul 15 14:49:14 gtw01 dnsmasq[17842]: DNS service limited to local subnets
Jul 15 14:49:14 gtw01 dnsmasq[17842]: compile time options: IPv6 GNU-getopt DBus i18n IDN DHCP DHCPv6 no-Lua TFTP conntrack ipset auth DNSSEC loop-detect inotify dumpfile
Jul 15 14:49:14 gtw01 dnsmasq[17842]: warning: no upstream servers configured
Jul 15 14:49:14 gtw01 dnsmasq-dhcp[17842]: DHCP, static leases only on 192.168.120.0, lease time 1h
Jul 15 14:49:14 gtw01 dnsmasq[17842]: read /var/lib/neutron/dhcp/bcf22259-5c6a-4afa-9c2d-7fb2b74683a3/addn_hosts - 1 addresses
Jul 15 14:49:14 gtw01 dnsmasq-dhcp[17842]: read /var/lib/neutron/dhcp/bcf22259-5c6a-4afa-9c2d-7fb2b74683a3/host
Jul 15 14:49:14 gtw01 dnsmasq-dhcp[17842]: read /var/lib/neutron/dhcp/bcf22259-5c6a-4afa-9c2d-7fb2b74683a3/opts
Jul 15 14:49:14 gtw01 haproxy-metadata-proxy-bcf22259-5c6a-4afa-9c2d-7fb2b74683a3[17850]: Proxy listener started.
Jul 15 14:49:14 gtw01 systemd-udevd[17858]: Could not generate persistent MAC address for qg-f14a7b39-10: No such file or directory
Jul 15 14:49:14 gtw01 kernel: [ 6256.361203] device qg-f14a7b39-10 entered promiscuous mode
Jul 15 14:49:15 gtw01 dnsmasq[17160]: read /var/lib/neutron/dhcp/6e27b216-4503-43bd-924e-0e7d283c4bf3/addn_hosts - 3 addresses
Jul 15 14:49:15 gtw01 dnsmasq-dhcp[17160]: read /var/lib/neutron/dhcp/6e27b216-4503-43bd-924e-0e7d283c4bf3/host
Jul 15 14:49:15 gtw01 dnsmasq-dhcp[17160]: read /var/lib/neutron/dhcp/6e27b216-4503-43bd-924e-0e7d283c4bf3/opts
Jul 15 14:49:15 gtw01 dnsmasq[17842]: read /var/lib/neutron/dhcp/bcf22259-5c6a-4afa-9c2d-7fb2b74683a3/addn_hosts - 2 addresses
Jul 15 14:49:15 gtw01 dnsmasq-dhcp[17842]: read /var/lib/neutron/dhcp/bcf22259-5c6a-4afa-9c2d-7fb2b74683a3/host
Jul 15 14:49:15 gtw01 dnsmasq-dhcp[17842]: read /var/lib/neutron/dhcp/bcf22259-5c6a-4afa-9c2d-7fb2b74683a3/opts
Jul 15 14:49:16 gtw01 dnsmasq[17160]: read /var/lib/neutron/dhcp/6e27b216-4503-43bd-924e-0e7d283c4bf3/addn_hosts - 3 addresses
Jul 15 14:49:16 gtw01 dnsmasq-dhcp[17160]: read /var/lib/neutron/dhcp/6e27b216-4503-43bd-924e-0e7d283c4bf3/host
Jul 15 14:49:16 gtw01 dnsmasq-dhcp[17160]: read /var/lib/neutron/dhcp/6e27b216-4503-43bd-924e-0e7d283c4bf3/opts
Jul 15 14:49:16 gtw01 dnsmasq[17842]: read /var/lib/neutron/dhcp/bcf22259-5c6a-4afa-9c2d-7fb2b74683a3/addn_hosts - 2 addresses
Jul 15 14:49:16 gtw01 dnsmasq-dhcp[17842]: read /var/lib/neutron/dhcp/bcf22259-5c6a-4afa-9c2d-7fb2b74683a3/host
Jul 15 14:49:16 gtw01 dnsmasq-dhcp[17842]: read /var/lib/neutron/dhcp/bcf22259-5c6a-4afa-9c2d-7fb2b74683a3/opts
Jul 15 14:49:17 gtw01 dnsmasq[17160]: read /var/lib/neutron/dhcp/6e27b216-4503-43bd-924e-0e7d283c4bf3/addn_hosts - 3 addresses
Jul 15 14:49:17 gtw01 dnsmasq-dhcp[17160]: read /var/lib/neutron/dhcp/6e27b216-4503-43bd-924e-0e7d283c4bf3/host
Jul 15 14:49:17 gtw01 dnsmasq-dhcp[17160]: read /var/lib/neutron/dhcp/6e27b216-4503-43bd-924e-0e7d283c4bf3/opts
Jul 15 14:49:17 gtw01 dnsmasq[17842]: read /var/lib/neutron/dhcp/bcf22259-5c6a-4afa-9c2d-7fb2b74683a3/addn_hosts - 2 addresses
Jul 15 14:49:17 gtw01 dnsmasq-dhcp[17842]: read /var/lib/neutron/dhcp/bcf22259-5c6a-4afa-9c2d-7fb2b74683a3/host
Jul 15 14:49:17 gtw01 dnsmasq-dhcp[17842]: read /var/lib/neutron/dhcp/bcf22259-5c6a-4afa-9c2d-7fb2b74683a3/opts
Jul 15 14:49:18 gtw01 dnsmasq[17160]: read /var/lib/neutron/dhcp/6e27b216-4503-43bd-924e-0e7d283c4bf3/addn_hosts - 4 addresses
Jul 15 14:49:18 gtw01 dnsmasq-dhcp[17160]: read /var/lib/neutron/dhcp/6e27b216-4503-43bd-924e-0e7d283c4bf3/host
Jul 15 14:49:18 gtw01 dnsmasq-dhcp[17160]: read /var/lib/neutron/dhcp/6e27b216-4503-43bd-924e-0e7d283c4bf3/opts
Jul 15 14:49:18 gtw01 dnsmasq[17842]: read /var/lib/neutron/dhcp/bcf22259-5c6a-4afa-9c2d-7fb2b74683a3/addn_hosts - 2 addresses
Jul 15 14:49:18 gtw01 dnsmasq-dhcp[17842]: read /var/lib/neutron/dhcp/bcf22259-5c6a-4afa-9c2d-7fb2b74683a3/host
Jul 15 14:49:18 gtw01 dnsmasq-dhcp[17842]: read /var/lib/neutron/dhcp/bcf22259-5c6a-4afa-9c2d-7fb2b74683a3/opts
Jul 15 14:49:19 gtw01 dnsmasq[17160]: read /var/lib/neutron/dhcp/6e27b216-4503-43bd-924e-0e7d283c4bf3/addn_hosts - 4 addresses
Jul 15 14:49:19 gtw01 dnsmasq-dhcp[17160]: read /var/lib/neutron/dhcp/6e27b216-4503-43bd-924e-0e7d283c4bf3/host
Jul 15 14:49:19 gtw01 dnsmasq-dhcp[17160]: read /var/lib/neutron/dhcp/6e27b216-4503-43bd-924e-0e7d283c4bf3/opts
Jul 15 14:49:19 gtw01 kernel: [ 6261.208291] device tap0db05d46-f3 entered promiscuous mode
Jul 15 14:49:19 gtw01 systemd-udevd[18201]: Could not generate persistent MAC address for tap0db05d46-f3: No such file or directory
Jul 15 14:49:19 gtw01 dnsmasq[17842]: read /var/lib/neutron/dhcp/bcf22259-5c6a-4afa-9c2d-7fb2b74683a3/addn_hosts - 2 addresses
Jul 15 14:49:19 gtw01 dnsmasq-dhcp[17842]: read /var/lib/neutron/dhcp/bcf22259-5c6a-4afa-9c2d-7fb2b74683a3/host
Jul 15 14:49:19 gtw01 dnsmasq-dhcp[17842]: read /var/lib/neutron/dhcp/bcf22259-5c6a-4afa-9c2d-7fb2b74683a3/opts
Jul 15 14:49:19 gtw01 systemd-udevd[18276]: Process '/sbin/ip link set tap0db05d46-f3 txqueuelen 10000' failed with exit code 1.
Jul 15 14:49:20 gtw01 dnsmasq[17160]: read /var/lib/neutron/dhcp/6e27b216-4503-43bd-924e-0e7d283c4bf3/addn_hosts - 4 addresses
Jul 15 14:49:20 gtw01 dnsmasq-dhcp[17160]: read /var/lib/neutron/dhcp/6e27b216-4503-43bd-924e-0e7d283c4bf3/host
Jul 15 14:49:20 gtw01 dnsmasq-dhcp[17160]: read /var/lib/neutron/dhcp/6e27b216-4503-43bd-924e-0e7d283c4bf3/opts
Jul 15 14:49:20 gtw01 kernel: [ 6262.364402] device vxlan_sys_4789 entered promiscuous mode
Jul 15 14:49:20 gtw01 systemd-udevd[18345]: Could not generate persistent MAC address for vxlan_sys_4789: No such file or directory
Jul 15 14:49:21 gtw01 haproxy-metadata-proxy-226d63f9-dc42-4958-8d3d-61f407ece910[18444]: Proxy listener started.
Jul 15 14:49:23 gtw01 dnsmasq[17842]: read /var/lib/neutron/dhcp/bcf22259-5c6a-4afa-9c2d-7fb2b74683a3/addn_hosts - 2 addresses
Jul 15 14:49:23 gtw01 dnsmasq-dhcp[17842]: read /var/lib/neutron/dhcp/bcf22259-5c6a-4afa-9c2d-7fb2b74683a3/host
Jul 15 14:49:23 gtw01 dnsmasq-dhcp[17842]: read /var/lib/neutron/dhcp/bcf22259-5c6a-4afa-9c2d-7fb2b74683a3/opts
Jul 15 14:49:23 gtw01 dnsmasq[18528]: started, version 2.80 cachesize 150
Jul 15 14:49:23 gtw01 dnsmasq[18528]: DNS service limited to local subnets
Jul 15 14:49:23 gtw01 dnsmasq[18528]: compile time options: IPv6 GNU-getopt DBus i18n IDN DHCP DHCPv6 no-Lua TFTP conntrack ipset auth DNSSEC loop-detect inotify dumpfile
Jul 15 14:49:23 gtw01 dnsmasq[18528]: warning: no upstream servers configured
Jul 15 14:49:23 gtw01 dnsmasq-dhcp[18528]: DHCP, static leases only on 192.168.120.0, lease time 1h
Jul 15 14:49:23 gtw01 dnsmasq[18528]: read /var/lib/neutron/dhcp/4729a957-1592-4619-87a2-50cc635237ac/addn_hosts - 1 addresses
Jul 15 14:49:23 gtw01 dnsmasq-dhcp[18528]: read /var/lib/neutron/dhcp/4729a957-1592-4619-87a2-50cc635237ac/host
Jul 15 14:49:23 gtw01 dnsmasq-dhcp[18528]: read /var/lib/neutron/dhcp/4729a957-1592-4619-87a2-50cc635237ac/opts
Jul 15 14:49:23 gtw01 kernel: [ 6265.117250] device qr-c732c995-d4 entered promiscuous mode
Jul 15 14:49:23 gtw01 systemd-udevd[18540]: Could not generate persistent MAC address for qr-c732c995-d4: No such file or directory
Jul 15 14:49:23 gtw01 haproxy-metadata-proxy-4729a957-1592-4619-87a2-50cc635237ac[18593]: Proxy listener started.
Jul 15 14:49:23 gtw01 kernel: [ 6265.451338] device qr-529dada0-c5 entered promiscuous mode
Jul 15 14:49:23 gtw01 systemd-udevd[18626]: Could not generate persistent MAC address for qr-529dada0-c5: No such file or directory
Jul 15 14:49:24 gtw01 kernel: [ 6266.265720] IPv4: martian source 192.168.120.1 from 192.168.120.1, on dev qr-529dada0-c5
Jul 15 14:49:24 gtw01 kernel: [ 6266.265724] ll header: 00000000: ff ff ff ff ff ff fa 16 3e d3 6c 04 08 06        ........>.l...
Jul 15 14:49:24 gtw01 kernel: [ 6266.410325] device qg-a808199e-17 entered promiscuous mode
Jul 15 14:49:24 gtw01 systemd-udevd[18741]: Could not generate persistent MAC address for qg-a808199e-17: No such file or directory
Jul 15 14:49:25 gtw01 dnsmasq[17842]: read /var/lib/neutron/dhcp/bcf22259-5c6a-4afa-9c2d-7fb2b74683a3/addn_hosts - 2 addresses
Jul 15 14:49:25 gtw01 dnsmasq-dhcp[17842]: read /var/lib/neutron/dhcp/bcf22259-5c6a-4afa-9c2d-7fb2b74683a3/host
Jul 15 14:49:25 gtw01 dnsmasq-dhcp[17842]: read /var/lib/neutron/dhcp/bcf22259-5c6a-4afa-9c2d-7fb2b74683a3/opts
Jul 15 14:49:25 gtw01 kernel: [ 6266.927247] IPv4: martian source 192.168.120.1 from 192.168.120.1, on dev qr-c732c995-d4
Jul 15 14:49:25 gtw01 kernel: [ 6266.927251] ll header: 00000000: ff ff ff ff ff ff fa 16 3e f9 cf f8 08 06        ........>.....
Jul 15 14:49:25 gtw01 kernel: [ 6266.927254] IPv4: martian source 192.168.120.1 from 192.168.120.1, on dev qg-a808199e-17
Jul 15 14:49:25 gtw01 kernel: [ 6266.927255] ll header: 00000000: ff ff ff ff ff ff fa 16 3e f9 cf f8 08 06        ........>.....
Jul 15 14:49:25 gtw01 dnsmasq[18528]: read /var/lib/neutron/dhcp/4729a957-1592-4619-87a2-50cc635237ac/addn_hosts - 2 addresses
Jul 15 14:49:25 gtw01 dnsmasq-dhcp[18528]: read /var/lib/neutron/dhcp/4729a957-1592-4619-87a2-50cc635237ac/host
Jul 15 14:49:25 gtw01 dnsmasq-dhcp[18528]: read /var/lib/neutron/dhcp/4729a957-1592-4619-87a2-50cc635237ac/opts
Jul 15 14:49:26 gtw01 dnsmasq[18528]: read /var/lib/neutron/dhcp/4729a957-1592-4619-87a2-50cc635237ac/addn_hosts - 2 addresses
Jul 15 14:49:26 gtw01 dnsmasq-dhcp[18528]: read /var/lib/neutron/dhcp/4729a957-1592-4619-87a2-50cc635237ac/host
Jul 15 14:49:26 gtw01 dnsmasq-dhcp[18528]: read /var/lib/neutron/dhcp/4729a957-1592-4619-87a2-50cc635237ac/opts
Jul 15 14:49:27 gtw01 dnsmasq[18528]: read /var/lib/neutron/dhcp/4729a957-1592-4619-87a2-50cc635237ac/addn_hosts - 2 addresses
Jul 15 14:49:27 gtw01 dnsmasq-dhcp[18528]: read /var/lib/neutron/dhcp/4729a957-1592-4619-87a2-50cc635237ac/host
Jul 15 14:49:27 gtw01 dnsmasq-dhcp[18528]: read /var/lib/neutron/dhcp/4729a957-1592-4619-87a2-50cc635237ac/opts
Jul 15 14:49:28 gtw01 kernel: [ 6269.948673] device vxlan_sys_4789 left promiscuous mode
Jul 15 14:49:28 gtw01 dnsmasq[17160]: read /var/lib/neutron/dhcp/6e27b216-4503-43bd-924e-0e7d283c4bf3/addn_hosts - 3 addresses
Jul 15 14:49:28 gtw01 dnsmasq-dhcp[17160]: read /var/lib/neutron/dhcp/6e27b216-4503-43bd-924e-0e7d283c4bf3/host
Jul 15 14:49:28 gtw01 dnsmasq-dhcp[17160]: read /var/lib/neutron/dhcp/6e27b216-4503-43bd-924e-0e7d283c4bf3/opts
Jul 15 14:49:28 gtw01 dnsmasq[18528]: read /var/lib/neutron/dhcp/4729a957-1592-4619-87a2-50cc635237ac/addn_hosts - 2 addresses
Jul 15 14:49:28 gtw01 dnsmasq-dhcp[18528]: read /var/lib/neutron/dhcp/4729a957-1592-4619-87a2-50cc635237ac/host
Jul 15 14:49:28 gtw01 dnsmasq-dhcp[18528]: read /var/lib/neutron/dhcp/4729a957-1592-4619-87a2-50cc635237ac/opts
Jul 15 14:49:29 gtw01 dnsmasq[17160]: read /var/lib/neutron/dhcp/6e27b216-4503-43bd-924e-0e7d283c4bf3/addn_hosts - 2 addresses
Jul 15 14:49:29 gtw01 dnsmasq-dhcp[17160]: read /var/lib/neutron/dhcp/6e27b216-4503-43bd-924e-0e7d283c4bf3/host
Jul 15 14:49:29 gtw01 dnsmasq-dhcp[17160]: read /var/lib/neutron/dhcp/6e27b216-4503-43bd-924e-0e7d283c4bf3/opts
Jul 15 14:49:29 gtw01 dnsmasq[18528]: read /var/lib/neutron/dhcp/4729a957-1592-4619-87a2-50cc635237ac/addn_hosts - 2 addresses
Jul 15 14:49:29 gtw01 dnsmasq-dhcp[18528]: read /var/lib/neutron/dhcp/4729a957-1592-4619-87a2-50cc635237ac/host
Jul 15 14:49:29 gtw01 dnsmasq-dhcp[18528]: read /var/lib/neutron/dhcp/4729a957-1592-4619-87a2-50cc635237ac/opts
Jul 15 14:49:32 gtw01 haproxy-metadata-proxy-4fedfbde-843a-4d5c-a3c2-7ff48191b5b7[19219]: Proxy listener started.
Jul 15 14:49:33 gtw01 dnsmasq[17842]: read /var/lib/neutron/dhcp/bcf22259-5c6a-4afa-9c2d-7fb2b74683a3/addn_hosts - 3 addresses
Jul 15 14:49:33 gtw01 dnsmasq-dhcp[17842]: read /var/lib/neutron/dhcp/bcf22259-5c6a-4afa-9c2d-7fb2b74683a3/host
Jul 15 14:49:33 gtw01 dnsmasq-dhcp[17842]: read /var/lib/neutron/dhcp/bcf22259-5c6a-4afa-9c2d-7fb2b74683a3/opts
Jul 15 14:49:34 gtw01 dnsmasq[18528]: read /var/lib/neutron/dhcp/4729a957-1592-4619-87a2-50cc635237ac/addn_hosts - 2 addresses
Jul 15 14:49:34 gtw01 dnsmasq-dhcp[18528]: read /var/lib/neutron/dhcp/4729a957-1592-4619-87a2-50cc635237ac/host
Jul 15 14:49:34 gtw01 dnsmasq-dhcp[18528]: read /var/lib/neutron/dhcp/4729a957-1592-4619-87a2-50cc635237ac/opts
Jul 15 14:49:34 gtw01 dnsmasq[17160]: read /var/lib/neutron/dhcp/6e27b216-4503-43bd-924e-0e7d283c4bf3/addn_hosts - 3 addresses
Jul 15 14:49:34 gtw01 dnsmasq-dhcp[17160]: read /var/lib/neutron/dhcp/6e27b216-4503-43bd-924e-0e7d283c4bf3/host
Jul 15 14:49:34 gtw01 dnsmasq-dhcp[17160]: read /var/lib/neutron/dhcp/6e27b216-4503-43bd-924e-0e7d283c4bf3/opts
Jul 15 14:49:35 gtw01 dnsmasq[18528]: read /var/lib/neutron/dhcp/4729a957-1592-4619-87a2-50cc635237ac/addn_hosts - 2 addresses
Jul 15 14:49:35 gtw01 dnsmasq-dhcp[18528]: read /var/lib/neutron/dhcp/4729a957-1592-4619-87a2-50cc635237ac/host
Jul 15 14:49:35 gtw01 dnsmasq-dhcp[18528]: read /var/lib/neutron/dhcp/4729a957-1592-4619-87a2-50cc635237ac/opts
Jul 15 14:49:35 gtw01 dnsmasq[17842]: read /var/lib/neutron/dhcp/bcf22259-5c6a-4afa-9c2d-7fb2b74683a3/addn_hosts - 3 addresses
Jul 15 14:49:35 gtw01 dnsmasq-dhcp[17842]: read /var/lib/neutron/dhcp/bcf22259-5c6a-4afa-9c2d-7fb2b74683a3/host
Jul 15 14:49:35 gtw01 dnsmasq-dhcp[17842]: read /var/lib/neutron/dhcp/bcf22259-5c6a-4afa-9c2d-7fb2b74683a3/opts
Jul 15 14:49:36 gtw01 dnsmasq[17160]: read /var/lib/neutron/dhcp/6e27b216-4503-43bd-924e-0e7d283c4bf3/addn_hosts - 3 addresses
Jul 15 14:49:36 gtw01 dnsmasq-dhcp[17160]: read /var/lib/neutron/dhcp/6e27b216-4503-43bd-924e-0e7d283c4bf3/host
Jul 15 14:49:36 gtw01 dnsmasq-dhcp[17160]: read /var/lib/neutron/dhcp/6e27b216-4503-43bd-924e-0e7d283c4bf3/opts
Jul 15 14:49:36 gtw01 dnsmasq[17842]: read /var/lib/neutron/dhcp/bcf22259-5c6a-4afa-9c2d-7fb2b74683a3/addn_hosts - 3 addresses
Jul 15 14:49:36 gtw01 dnsmasq-dhcp[17842]: read /var/lib/neutron/dhcp/bcf22259-5c6a-4afa-9c2d-7fb2b74683a3/host
Jul 15 14:49:36 gtw01 dnsmasq-dhcp[17842]: read /var/lib/neutron/dhcp/bcf22259-5c6a-4afa-9c2d-7fb2b74683a3/opts
Jul 15 14:49:37 gtw01 dnsmasq[17160]: read /var/lib/neutron/dhcp/6e27b216-4503-43bd-924e-0e7d283c4bf3/addn_hosts - 3 addresses
Jul 15 14:49:37 gtw01 dnsmasq-dhcp[17160]: read /var/lib/neutron/dhcp/6e27b216-4503-43bd-924e-0e7d283c4bf3/host
Jul 15 14:49:37 gtw01 dnsmasq-dhcp[17160]: read /var/lib/neutron/dhcp/6e27b216-4503-43bd-924e-0e7d283c4bf3/opts
Jul 15 14:49:38 gtw01 systemd-udevd[19461]: Could not generate persistent MAC address for vxlan_sys_4789: No such file or directory
Jul 15 14:49:38 gtw01 kernel: [ 6280.525485] device vxlan_sys_4789 entered promiscuous mode
Jul 15 14:49:44 gtw01 dnsmasq[17160]: read /var/lib/neutron/dhcp/6e27b216-4503-43bd-924e-0e7d283c4bf3/addn_hosts - 2 addresses
Jul 15 14:49:44 gtw01 dnsmasq-dhcp[17160]: read /var/lib/neutron/dhcp/6e27b216-4503-43bd-924e-0e7d283c4bf3/host
Jul 15 14:49:44 gtw01 dnsmasq-dhcp[17160]: read /var/lib/neutron/dhcp/6e27b216-4503-43bd-924e-0e7d283c4bf3/opts
Jul 15 14:49:49 gtw01 dnsmasq-dhcp[17842]: DHCPDISCOVER(tap11b6ffec-d5) fa:16:3e:4d:b6:7b
Jul 15 14:49:49 gtw01 dnsmasq-dhcp[17842]: DHCPOFFER(tap11b6ffec-d5) 192.168.120.5 fa:16:3e:4d:b6:7b
Jul 15 14:49:49 gtw01 dnsmasq-dhcp[17842]: DHCPREQUEST(tap11b6ffec-d5) 192.168.120.5 fa:16:3e:4d:b6:7b
Jul 15 14:49:49 gtw01 dnsmasq-dhcp[17842]: DHCPACK(tap11b6ffec-d5) 192.168.120.5 fa:16:3e:4d:b6:7b host-192-168-120-5
Jul 15 14:49:50 gtw01 dnsmasq[17160]: read /var/lib/neutron/dhcp/6e27b216-4503-43bd-924e-0e7d283c4bf3/addn_hosts - 3 addresses
Jul 15 14:49:50 gtw01 dnsmasq-dhcp[17160]: read /var/lib/neutron/dhcp/6e27b216-4503-43bd-924e-0e7d283c4bf3/host
Jul 15 14:49:50 gtw01 dnsmasq-dhcp[17160]: read /var/lib/neutron/dhcp/6e27b216-4503-43bd-924e-0e7d283c4bf3/opts
Jul 15 14:49:56 gtw01 dnsmasq[17160]: read /var/lib/neutron/dhcp/6e27b216-4503-43bd-924e-0e7d283c4bf3/addn_hosts - 3 addresses
Jul 15 14:49:56 gtw01 dnsmasq-dhcp[17160]: read /var/lib/neutron/dhcp/6e27b216-4503-43bd-924e-0e7d283c4bf3/host
Jul 15 14:49:56 gtw01 dnsmasq-dhcp[17160]: read /var/lib/neutron/dhcp/6e27b216-4503-43bd-924e-0e7d283c4bf3/opts
Jul 15 14:49:58 gtw01 dnsmasq[17160]: read /var/lib/neutron/dhcp/6e27b216-4503-43bd-924e-0e7d283c4bf3/addn_hosts - 3 addresses
Jul 15 14:49:58 gtw01 dnsmasq-dhcp[17160]: read /var/lib/neutron/dhcp/6e27b216-4503-43bd-924e-0e7d283c4bf3/host
Jul 15 14:49:58 gtw01 dnsmasq-dhcp[17160]: read /var/lib/neutron/dhcp/6e27b216-4503-43bd-924e-0e7d283c4bf3/opts
Jul 15 14:50:03 gtw01 dnsmasq-dhcp[17842]: DHCPRELEASE(tap11b6ffec-d5) 192.168.120.5 fa:16:3e:4d:b6:7b
Jul 15 14:50:03 gtw01 dnsmasq-dhcp[17842]: DHCPRELEASE(tap11b6ffec-d5) 192.168.120.5 fa:16:3e:4d:b6:7b unknown lease
Jul 15 14:50:03 gtw01 kernel: [ 6305.099338] device vxlan_sys_4789 left promiscuous mode
Jul 15 14:50:04 gtw01 dnsmasq[17842]: read /var/lib/neutron/dhcp/bcf22259-5c6a-4afa-9c2d-7fb2b74683a3/addn_hosts - 2 addresses
Jul 15 14:50:04 gtw01 dnsmasq-dhcp[17842]: read /var/lib/neutron/dhcp/bcf22259-5c6a-4afa-9c2d-7fb2b74683a3/host
Jul 15 14:50:04 gtw01 dnsmasq-dhcp[17842]: read /var/lib/neutron/dhcp/bcf22259-5c6a-4afa-9c2d-7fb2b74683a3/opts
Jul 15 14:50:05 gtw01 kernel: [ 6306.932051] device vxlan_sys_4789 entered promiscuous mode
Jul 15 14:50:05 gtw01 systemd-udevd[19732]: Could not generate persistent MAC address for vxlan_sys_4789: No such file or directory
Jul 15 14:50:05 gtw01 dnsmasq[17842]: read /var/lib/neutron/dhcp/bcf22259-5c6a-4afa-9c2d-7fb2b74683a3/addn_hosts - 3 addresses
Jul 15 14:50:05 gtw01 dnsmasq-dhcp[17842]: read /var/lib/neutron/dhcp/bcf22259-5c6a-4afa-9c2d-7fb2b74683a3/host
Jul 15 14:50:05 gtw01 dnsmasq-dhcp[17842]: read /var/lib/neutron/dhcp/bcf22259-5c6a-4afa-9c2d-7fb2b74683a3/opts
Jul 15 14:50:06 gtw01 dnsmasq[17842]: read /var/lib/neutron/dhcp/bcf22259-5c6a-4afa-9c2d-7fb2b74683a3/addn_hosts - 3 addresses
Jul 15 14:50:06 gtw01 dnsmasq-dhcp[17842]: read /var/lib/neutron/dhcp/bcf22259-5c6a-4afa-9c2d-7fb2b74683a3/host
Jul 15 14:50:06 gtw01 dnsmasq-dhcp[17842]: read /var/lib/neutron/dhcp/bcf22259-5c6a-4afa-9c2d-7fb2b74683a3/opts
Jul 15 14:50:07 gtw01 dnsmasq[17842]: read /var/lib/neutron/dhcp/bcf22259-5c6a-4afa-9c2d-7fb2b74683a3/addn_hosts - 3 addresses
Jul 15 14:50:07 gtw01 dnsmasq-dhcp[17842]: read /var/lib/neutron/dhcp/bcf22259-5c6a-4afa-9c2d-7fb2b74683a3/host
Jul 15 14:50:07 gtw01 dnsmasq-dhcp[17842]: read /var/lib/neutron/dhcp/bcf22259-5c6a-4afa-9c2d-7fb2b74683a3/opts
Jul 15 14:50:11 gtw01 dnsmasq[17160]: read /var/lib/neutron/dhcp/6e27b216-4503-43bd-924e-0e7d283c4bf3/addn_hosts - 4 addresses
Jul 15 14:50:11 gtw01 dnsmasq-dhcp[17160]: read /var/lib/neutron/dhcp/6e27b216-4503-43bd-924e-0e7d283c4bf3/host
Jul 15 14:50:11 gtw01 dnsmasq-dhcp[17160]: read /var/lib/neutron/dhcp/6e27b216-4503-43bd-924e-0e7d283c4bf3/opts
Jul 15 14:50:12 gtw01 dnsmasq[17160]: read /var/lib/neutron/dhcp/6e27b216-4503-43bd-924e-0e7d283c4bf3/addn_hosts - 4 addresses
Jul 15 14:50:12 gtw01 dnsmasq-dhcp[17160]: read /var/lib/neutron/dhcp/6e27b216-4503-43bd-924e-0e7d283c4bf3/host
Jul 15 14:50:12 gtw01 dnsmasq-dhcp[17160]: read /var/lib/neutron/dhcp/6e27b216-4503-43bd-924e-0e7d283c4bf3/opts
Jul 15 14:50:13 gtw01 dnsmasq[17160]: read /var/lib/neutron/dhcp/6e27b216-4503-43bd-924e-0e7d283c4bf3/addn_hosts - 4 addresses
Jul 15 14:50:13 gtw01 dnsmasq-dhcp[17160]: read /var/lib/neutron/dhcp/6e27b216-4503-43bd-924e-0e7d283c4bf3/host
Jul 15 14:50:13 gtw01 dnsmasq-dhcp[17160]: read /var/lib/neutron/dhcp/6e27b216-4503-43bd-924e-0e7d283c4bf3/opts
Jul 15 14:50:17 gtw01 dnsmasq-dhcp[17160]: DHCPDISCOVER(tap3e35a4ac-07) fa:16:3e:93:b6:dc
Jul 15 14:50:17 gtw01 dnsmasq-dhcp[17160]: DHCPOFFER(tap3e35a4ac-07) 192.168.120.24 fa:16:3e:93:b6:dc
Jul 15 14:50:17 gtw01 dnsmasq-dhcp[17160]: DHCPREQUEST(tap3e35a4ac-07) 192.168.120.24 fa:16:3e:93:b6:dc
Jul 15 14:50:17 gtw01 dnsmasq-dhcp[17160]: DHCPACK(tap3e35a4ac-07) 192.168.120.24 fa:16:3e:93:b6:dc host-192-168-120-24
Jul 15 14:50:25 gtw01 dnsmasq-dhcp[17842]: DHCPDISCOVER(tap11b6ffec-d5) fa:16:3e:40:7e:49
Jul 15 14:50:25 gtw01 dnsmasq-dhcp[17842]: DHCPOFFER(tap11b6ffec-d5) 192.168.120.4 fa:16:3e:40:7e:49
Jul 15 14:50:25 gtw01 dnsmasq-dhcp[17842]: DHCPREQUEST(tap11b6ffec-d5) 192.168.120.4 fa:16:3e:40:7e:49
Jul 15 14:50:25 gtw01 dnsmasq-dhcp[17842]: DHCPACK(tap11b6ffec-d5) 192.168.120.4 fa:16:3e:40:7e:49 host-192-168-120-4
Jul 15 14:50:25 gtw01 dnsmasq[17160]: read /var/lib/neutron/dhcp/6e27b216-4503-43bd-924e-0e7d283c4bf3/addn_hosts - 3 addresses
Jul 15 14:50:25 gtw01 dnsmasq-dhcp[17160]: read /var/lib/neutron/dhcp/6e27b216-4503-43bd-924e-0e7d283c4bf3/host
Jul 15 14:50:25 gtw01 dnsmasq-dhcp[17160]: read /var/lib/neutron/dhcp/6e27b216-4503-43bd-924e-0e7d283c4bf3/opts
Jul 15 14:50:27 gtw01 dnsmasq-dhcp[17160]: DHCPRELEASE(tap3e35a4ac-07) 192.168.120.24 fa:16:3e:93:b6:dc
Jul 15 14:50:27 gtw01 dnsmasq-dhcp[17160]: DHCPRELEASE(tap3e35a4ac-07) 192.168.120.24 fa:16:3e:93:b6:dc unknown lease
Jul 15 14:50:28 gtw01 dnsmasq[17160]: read /var/lib/neutron/dhcp/6e27b216-4503-43bd-924e-0e7d283c4bf3/addn_hosts - 2 addresses
Jul 15 14:50:28 gtw01 dnsmasq-dhcp[17160]: read /var/lib/neutron/dhcp/6e27b216-4503-43bd-924e-0e7d283c4bf3/host
Jul 15 14:50:28 gtw01 dnsmasq-dhcp[17160]: read /var/lib/neutron/dhcp/6e27b216-4503-43bd-924e-0e7d283c4bf3/opts
Jul 15 14:50:28 gtw01 kernel: [ 6330.341286] device vxlan_sys_4789 left promiscuous mode
Jul 15 14:50:29 gtw01 dnsmasq-dhcp[17842]: DHCPRELEASE(tap11b6ffec-d5) 192.168.120.4 fa:16:3e:40:7e:49
Jul 15 14:50:30 gtw01 dnsmasq-dhcp[17842]: DHCPRELEASE(tap11b6ffec-d5) 192.168.120.4 fa:16:3e:40:7e:49 unknown lease
Jul 15 14:50:30 gtw01 dnsmasq[17842]: read /var/lib/neutron/dhcp/bcf22259-5c6a-4afa-9c2d-7fb2b74683a3/addn_hosts - 2 addresses
Jul 15 14:50:30 gtw01 dnsmasq-dhcp[17842]: read /var/lib/neutron/dhcp/bcf22259-5c6a-4afa-9c2d-7fb2b74683a3/host
Jul 15 14:50:30 gtw01 dnsmasq-dhcp[17842]: read /var/lib/neutron/dhcp/bcf22259-5c6a-4afa-9c2d-7fb2b74683a3/opts
Jul 15 14:50:35 gtw01 dnsmasq[18528]: read /var/lib/neutron/dhcp/4729a957-1592-4619-87a2-50cc635237ac/addn_hosts - 1 addresses
Jul 15 14:50:35 gtw01 dnsmasq-dhcp[18528]: read /var/lib/neutron/dhcp/4729a957-1592-4619-87a2-50cc635237ac/host
Jul 15 14:50:35 gtw01 dnsmasq-dhcp[18528]: read /var/lib/neutron/dhcp/4729a957-1592-4619-87a2-50cc635237ac/opts
Jul 15 14:50:36 gtw01 haproxy-metadata-proxy-4729a957-1592-4619-87a2-50cc635237ac[20146]: Proxy listener started.
Jul 15 14:50:37 gtw01 kernel: [ 6339.035710] device qr-c732c995-d4 left promiscuous mode
Jul 15 14:50:38 gtw01 kernel: [ 6339.810613] device qg-a808199e-17 left promiscuous mode
Jul 15 14:50:41 gtw01 kernel: [ 6342.871783] device tap0db05d46-f3 left promiscuous mode
Jul 15 14:50:42 gtw01 dnsmasq[17160]: read /var/lib/neutron/dhcp/6e27b216-4503-43bd-924e-0e7d283c4bf3/addn_hosts - 3 addresses
Jul 15 14:50:42 gtw01 dnsmasq-dhcp[17160]: read /var/lib/neutron/dhcp/6e27b216-4503-43bd-924e-0e7d283c4bf3/host
Jul 15 14:50:42 gtw01 dnsmasq-dhcp[17160]: read /var/lib/neutron/dhcp/6e27b216-4503-43bd-924e-0e7d283c4bf3/opts
Jul 15 14:50:43 gtw01 dnsmasq[17160]: read /var/lib/neutron/dhcp/6e27b216-4503-43bd-924e-0e7d283c4bf3/addn_hosts - 3 addresses
Jul 15 14:50:43 gtw01 dnsmasq-dhcp[17160]: read /var/lib/neutron/dhcp/6e27b216-4503-43bd-924e-0e7d283c4bf3/host
Jul 15 14:50:43 gtw01 dnsmasq-dhcp[17160]: read /var/lib/neutron/dhcp/6e27b216-4503-43bd-924e-0e7d283c4bf3/opts
Jul 15 14:50:44 gtw01 dnsmasq[17842]: read /var/lib/neutron/dhcp/bcf22259-5c6a-4afa-9c2d-7fb2b74683a3/addn_hosts - 1 addresses
Jul 15 14:50:44 gtw01 dnsmasq-dhcp[17842]: read /var/lib/neutron/dhcp/bcf22259-5c6a-4afa-9c2d-7fb2b74683a3/host
Jul 15 14:50:44 gtw01 dnsmasq-dhcp[17842]: read /var/lib/neutron/dhcp/bcf22259-5c6a-4afa-9c2d-7fb2b74683a3/opts
Jul 15 14:50:44 gtw01 dnsmasq[17160]: read /var/lib/neutron/dhcp/6e27b216-4503-43bd-924e-0e7d283c4bf3/addn_hosts - 3 addresses
Jul 15 14:50:44 gtw01 dnsmasq-dhcp[17160]: read /var/lib/neutron/dhcp/6e27b216-4503-43bd-924e-0e7d283c4bf3/host
Jul 15 14:50:44 gtw01 dnsmasq-dhcp[17160]: read /var/lib/neutron/dhcp/6e27b216-4503-43bd-924e-0e7d283c4bf3/opts
Jul 15 14:50:45 gtw01 haproxy-metadata-proxy-bcf22259-5c6a-4afa-9c2d-7fb2b74683a3[20356]: Proxy listener started.
Jul 15 14:50:47 gtw01 kernel: [ 6348.953853] device qr-529dada0-c5 left promiscuous mode
Jul 15 14:50:47 gtw01 systemd-udevd[20361]: Could not generate persistent MAC address for vxlan_sys_4789: No such file or directory
Jul 15 14:50:47 gtw01 kernel: [ 6349.008366] device vxlan_sys_4789 entered promiscuous mode
Jul 15 14:50:48 gtw01 kernel: [ 6349.711844] device qg-f14a7b39-10 left promiscuous mode
Jul 15 14:50:50 gtw01 kernel: [ 6351.846674] device tap11b6ffec-d5 left promiscuous mode
Jul 15 14:50:55 gtw01 dnsmasq[17160]: read /var/lib/neutron/dhcp/6e27b216-4503-43bd-924e-0e7d283c4bf3/addn_hosts - 4 addresses
Jul 15 14:50:55 gtw01 dnsmasq-dhcp[17160]: read /var/lib/neutron/dhcp/6e27b216-4503-43bd-924e-0e7d283c4bf3/host
Jul 15 14:50:55 gtw01 dnsmasq-dhcp[17160]: read /var/lib/neutron/dhcp/6e27b216-4503-43bd-924e-0e7d283c4bf3/opts
Jul 15 14:50:56 gtw01 dnsmasq[17160]: read /var/lib/neutron/dhcp/6e27b216-4503-43bd-924e-0e7d283c4bf3/addn_hosts - 5 addresses
Jul 15 14:50:56 gtw01 dnsmasq-dhcp[17160]: read /var/lib/neutron/dhcp/6e27b216-4503-43bd-924e-0e7d283c4bf3/host
Jul 15 14:50:56 gtw01 dnsmasq-dhcp[17160]: read /var/lib/neutron/dhcp/6e27b216-4503-43bd-924e-0e7d283c4bf3/opts
Jul 15 14:50:57 gtw01 dnsmasq[17160]: read /var/lib/neutron/dhcp/6e27b216-4503-43bd-924e-0e7d283c4bf3/addn_hosts - 5 addresses
Jul 15 14:50:57 gtw01 dnsmasq-dhcp[17160]: read /var/lib/neutron/dhcp/6e27b216-4503-43bd-924e-0e7d283c4bf3/host
Jul 15 14:50:57 gtw01 dnsmasq-dhcp[17160]: read /var/lib/neutron/dhcp/6e27b216-4503-43bd-924e-0e7d283c4bf3/opts
Jul 15 14:50:57 gtw01 dnsmasq-dhcp[17160]: DHCPDISCOVER(tap3e35a4ac-07) fa:16:3e:2f:99:2c
Jul 15 14:50:58 gtw01 dnsmasq-dhcp[17160]: DHCPOFFER(tap3e35a4ac-07) 192.168.120.11 fa:16:3e:2f:99:2c
Jul 15 14:50:58 gtw01 dnsmasq-dhcp[17160]: DHCPREQUEST(tap3e35a4ac-07) 192.168.120.11 fa:16:3e:2f:99:2c
Jul 15 14:50:58 gtw01 dnsmasq-dhcp[17160]: DHCPACK(tap3e35a4ac-07) 192.168.120.11 fa:16:3e:2f:99:2c host-192-168-120-11
Jul 15 14:50:58 gtw01 dnsmasq[17160]: read /var/lib/neutron/dhcp/6e27b216-4503-43bd-924e-0e7d283c4bf3/addn_hosts - 5 addresses
Jul 15 14:50:58 gtw01 dnsmasq-dhcp[17160]: read /var/lib/neutron/dhcp/6e27b216-4503-43bd-924e-0e7d283c4bf3/host
Jul 15 14:50:58 gtw01 dnsmasq-dhcp[17160]: read /var/lib/neutron/dhcp/6e27b216-4503-43bd-924e-0e7d283c4bf3/opts
Jul 15 14:50:59 gtw01 dnsmasq[17160]: read /var/lib/neutron/dhcp/6e27b216-4503-43bd-924e-0e7d283c4bf3/addn_hosts - 5 addresses
Jul 15 14:50:59 gtw01 dnsmasq-dhcp[17160]: read /var/lib/neutron/dhcp/6e27b216-4503-43bd-924e-0e7d283c4bf3/host
Jul 15 14:50:59 gtw01 dnsmasq-dhcp[17160]: read /var/lib/neutron/dhcp/6e27b216-4503-43bd-924e-0e7d283c4bf3/opts
Jul 15 14:51:00 gtw01 dnsmasq[17160]: read /var/lib/neutron/dhcp/6e27b216-4503-43bd-924e-0e7d283c4bf3/addn_hosts - 5 addresses
Jul 15 14:51:00 gtw01 dnsmasq-dhcp[17160]: read /var/lib/neutron/dhcp/6e27b216-4503-43bd-924e-0e7d283c4bf3/host
Jul 15 14:51:00 gtw01 dnsmasq-dhcp[17160]: read /var/lib/neutron/dhcp/6e27b216-4503-43bd-924e-0e7d283c4bf3/opts
Jul 15 14:51:11 gtw01 dnsmasq-dhcp[17160]: DHCPDISCOVER(tap3e35a4ac-07) fa:16:3e:45:01:30
Jul 15 14:51:11 gtw01 dnsmasq-dhcp[17160]: DHCPOFFER(tap3e35a4ac-07) 192.168.120.3 fa:16:3e:45:01:30
Jul 15 14:51:11 gtw01 dnsmasq-dhcp[17160]: DHCPREQUEST(tap3e35a4ac-07) 192.168.120.3 fa:16:3e:45:01:30
Jul 15 14:51:11 gtw01 dnsmasq-dhcp[17160]: DHCPACK(tap3e35a4ac-07) 192.168.120.3 fa:16:3e:45:01:30 host-192-168-120-3
Jul 15 14:51:34 gtw01 dnsmasq-dhcp[17160]: DHCPDISCOVER(tap3e35a4ac-07) fa:16:3e:66:bb:32
Jul 15 14:51:34 gtw01 dnsmasq-dhcp[17160]: DHCPOFFER(tap3e35a4ac-07) 192.168.120.16 fa:16:3e:66:bb:32
Jul 15 14:51:34 gtw01 dnsmasq-dhcp[17160]: DHCPREQUEST(tap3e35a4ac-07) 192.168.120.16 fa:16:3e:66:bb:32
Jul 15 14:51:34 gtw01 dnsmasq-dhcp[17160]: DHCPACK(tap3e35a4ac-07) 192.168.120.16 fa:16:3e:66:bb:32 host-192-168-120-16
Jul 15 14:51:36 gtw01 dnsmasq[17160]: read /var/lib/neutron/dhcp/6e27b216-4503-43bd-924e-0e7d283c4bf3/addn_hosts - 6 addresses
Jul 15 14:51:36 gtw01 dnsmasq-dhcp[17160]: read /var/lib/neutron/dhcp/6e27b216-4503-43bd-924e-0e7d283c4bf3/host
Jul 15 14:51:36 gtw01 dnsmasq-dhcp[17160]: read /var/lib/neutron/dhcp/6e27b216-4503-43bd-924e-0e7d283c4bf3/opts
Jul 15 14:51:40 gtw01 dnsmasq[17160]: read /var/lib/neutron/dhcp/6e27b216-4503-43bd-924e-0e7d283c4bf3/addn_hosts - 7 addresses
Jul 15 14:51:40 gtw01 dnsmasq-dhcp[17160]: read /var/lib/neutron/dhcp/6e27b216-4503-43bd-924e-0e7d283c4bf3/host
Jul 15 14:51:40 gtw01 dnsmasq-dhcp[17160]: read /var/lib/neutron/dhcp/6e27b216-4503-43bd-924e-0e7d283c4bf3/opts
Jul 15 14:51:42 gtw01 dnsmasq[17160]: read /var/lib/neutron/dhcp/6e27b216-4503-43bd-924e-0e7d283c4bf3/addn_hosts - 7 addresses
Jul 15 14:51:42 gtw01 dnsmasq-dhcp[17160]: read /var/lib/neutron/dhcp/6e27b216-4503-43bd-924e-0e7d283c4bf3/host
Jul 15 14:51:42 gtw01 dnsmasq-dhcp[17160]: read /var/lib/neutron/dhcp/6e27b216-4503-43bd-924e-0e7d283c4bf3/opts
Jul 15 14:51:43 gtw01 dnsmasq[17160]: read /var/lib/neutron/dhcp/6e27b216-4503-43bd-924e-0e7d283c4bf3/addn_hosts - 7 addresses
Jul 15 14:51:43 gtw01 dnsmasq-dhcp[17160]: read /var/lib/neutron/dhcp/6e27b216-4503-43bd-924e-0e7d283c4bf3/host
Jul 15 14:51:43 gtw01 dnsmasq-dhcp[17160]: read /var/lib/neutron/dhcp/6e27b216-4503-43bd-924e-0e7d283c4bf3/opts
Jul 15 14:51:44 gtw01 dnsmasq[17160]: read /var/lib/neutron/dhcp/6e27b216-4503-43bd-924e-0e7d283c4bf3/addn_hosts - 7 addresses
Jul 15 14:51:44 gtw01 dnsmasq-dhcp[17160]: read /var/lib/neutron/dhcp/6e27b216-4503-43bd-924e-0e7d283c4bf3/host
Jul 15 14:51:44 gtw01 dnsmasq-dhcp[17160]: read /var/lib/neutron/dhcp/6e27b216-4503-43bd-924e-0e7d283c4bf3/opts
Jul 15 14:51:45 gtw01 dnsmasq[17160]: read /var/lib/neutron/dhcp/6e27b216-4503-43bd-924e-0e7d283c4bf3/addn_hosts - 7 addresses
Jul 15 14:51:45 gtw01 dnsmasq-dhcp[17160]: read /var/lib/neutron/dhcp/6e27b216-4503-43bd-924e-0e7d283c4bf3/host
Jul 15 14:51:45 gtw01 dnsmasq-dhcp[17160]: read /var/lib/neutron/dhcp/6e27b216-4503-43bd-924e-0e7d283c4bf3/opts
Jul 15 14:52:06 gtw01 dnsmasq[17160]: read /var/lib/neutron/dhcp/6e27b216-4503-43bd-924e-0e7d283c4bf3/addn_hosts - 6 addresses
Jul 15 14:52:06 gtw01 dnsmasq-dhcp[17160]: read /var/lib/neutron/dhcp/6e27b216-4503-43bd-924e-0e7d283c4bf3/host
Jul 15 14:52:06 gtw01 dnsmasq-dhcp[17160]: read /var/lib/neutron/dhcp/6e27b216-4503-43bd-924e-0e7d283c4bf3/opts
Jul 15 14:52:07 gtw01 dnsmasq[17160]: read /var/lib/neutron/dhcp/6e27b216-4503-43bd-924e-0e7d283c4bf3/addn_hosts - 5 addresses
Jul 15 14:52:07 gtw01 dnsmasq-dhcp[17160]: read /var/lib/neutron/dhcp/6e27b216-4503-43bd-924e-0e7d283c4bf3/host
Jul 15 14:52:07 gtw01 dnsmasq-dhcp[17160]: read /var/lib/neutron/dhcp/6e27b216-4503-43bd-924e-0e7d283c4bf3/opts
Jul 15 14:52:09 gtw01 dnsmasq-dhcp[17160]: DHCPRELEASE(tap3e35a4ac-07) 192.168.120.16 fa:16:3e:66:bb:32
Jul 15 14:52:10 gtw01 dnsmasq-dhcp[17160]: DHCPRELEASE(tap3e35a4ac-07) 192.168.120.16 fa:16:3e:66:bb:32 unknown lease
Jul 15 14:52:10 gtw01 dnsmasq[17160]: read /var/lib/neutron/dhcp/6e27b216-4503-43bd-924e-0e7d283c4bf3/addn_hosts - 4 addresses
Jul 15 14:52:10 gtw01 dnsmasq-dhcp[17160]: read /var/lib/neutron/dhcp/6e27b216-4503-43bd-924e-0e7d283c4bf3/host
Jul 15 14:52:10 gtw01 dnsmasq-dhcp[17160]: read /var/lib/neutron/dhcp/6e27b216-4503-43bd-924e-0e7d283c4bf3/opts
Jul 15 14:52:11 gtw01 dnsmasq-dhcp[17160]: DHCPRELEASE(tap3e35a4ac-07) 192.168.120.3 fa:16:3e:45:01:30
Jul 15 14:52:11 gtw01 dnsmasq-dhcp[17160]: DHCPRELEASE(tap3e35a4ac-07) 192.168.120.3 fa:16:3e:45:01:30 unknown lease
Jul 15 14:52:12 gtw01 dnsmasq[17160]: read /var/lib/neutron/dhcp/6e27b216-4503-43bd-924e-0e7d283c4bf3/addn_hosts - 3 addresses
Jul 15 14:52:12 gtw01 dnsmasq-dhcp[17160]: read /var/lib/neutron/dhcp/6e27b216-4503-43bd-924e-0e7d283c4bf3/host
Jul 15 14:52:12 gtw01 dnsmasq-dhcp[17160]: read /var/lib/neutron/dhcp/6e27b216-4503-43bd-924e-0e7d283c4bf3/opts
Jul 15 14:52:13 gtw01 kernel: [ 6434.995746] device vxlan_sys_4789 left promiscuous mode
Jul 15 14:52:13 gtw01 dnsmasq-dhcp[17160]: DHCPRELEASE(tap3e35a4ac-07) 192.168.120.11 fa:16:3e:2f:99:2c
Jul 15 14:52:13 gtw01 dnsmasq-dhcp[17160]: DHCPRELEASE(tap3e35a4ac-07) 192.168.120.11 fa:16:3e:2f:99:2c unknown lease
Jul 15 14:52:14 gtw01 dnsmasq[17160]: read /var/lib/neutron/dhcp/6e27b216-4503-43bd-924e-0e7d283c4bf3/addn_hosts - 2 addresses
Jul 15 14:52:14 gtw01 dnsmasq-dhcp[17160]: read /var/lib/neutron/dhcp/6e27b216-4503-43bd-924e-0e7d283c4bf3/host
Jul 15 14:52:14 gtw01 dnsmasq-dhcp[17160]: read /var/lib/neutron/dhcp/6e27b216-4503-43bd-924e-0e7d283c4bf3/opts
Jul 15 14:52:26 gtw01 dnsmasq[17160]: read /var/lib/neutron/dhcp/6e27b216-4503-43bd-924e-0e7d283c4bf3/addn_hosts - 3 addresses
Jul 15 14:52:26 gtw01 dnsmasq-dhcp[17160]: read /var/lib/neutron/dhcp/6e27b216-4503-43bd-924e-0e7d283c4bf3/host
Jul 15 14:52:26 gtw01 dnsmasq-dhcp[17160]: read /var/lib/neutron/dhcp/6e27b216-4503-43bd-924e-0e7d283c4bf3/opts
Jul 15 14:52:27 gtw01 dnsmasq[17160]: read /var/lib/neutron/dhcp/6e27b216-4503-43bd-924e-0e7d283c4bf3/addn_hosts - 3 addresses
Jul 15 14:52:27 gtw01 dnsmasq-dhcp[17160]: read /var/lib/neutron/dhcp/6e27b216-4503-43bd-924e-0e7d283c4bf3/host
Jul 15 14:52:27 gtw01 dnsmasq-dhcp[17160]: read /var/lib/neutron/dhcp/6e27b216-4503-43bd-924e-0e7d283c4bf3/opts
Jul 15 14:52:28 gtw01 dnsmasq[17160]: read /var/lib/neutron/dhcp/6e27b216-4503-43bd-924e-0e7d283c4bf3/addn_hosts - 3 addresses
Jul 15 14:52:28 gtw01 dnsmasq-dhcp[17160]: read /var/lib/neutron/dhcp/6e27b216-4503-43bd-924e-0e7d283c4bf3/host
