Jul 15 16:40:59 gtw01 dnsmasq-dhcp[18512]: read /var/lib/neutron/dhcp/a9db4605-35df-4048-9a26-d407fe8c9b4e/opts
Jul 15 16:40:59 gtw01 systemd-udevd[19316]: Could not generate persistent MAC address for vxlan_sys_4789: No such file or directory
Jul 15 16:40:59 gtw01 kernel: [12961.585382] device vxlan_sys_4789 entered promiscuous mode
Jul 15 16:41:00 gtw01 dnsmasq[18883]: read /var/lib/neutron/dhcp/be1a3704-b90e-4e06-8f78-847a27c7163f/addn_hosts - 3 addresses
Jul 15 16:41:00 gtw01 dnsmasq-dhcp[18883]: read /var/lib/neutron/dhcp/be1a3704-b90e-4e06-8f78-847a27c7163f/host
Jul 15 16:41:00 gtw01 dnsmasq-dhcp[18883]: read /var/lib/neutron/dhcp/be1a3704-b90e-4e06-8f78-847a27c7163f/opts
Jul 15 16:41:00 gtw01 dnsmasq[18461]: read /var/lib/neutron/dhcp/4ac4d06e-d6ed-470b-b734-84d0c7441903/addn_hosts - 3 addresses
Jul 15 16:41:00 gtw01 dnsmasq-dhcp[18461]: read /var/lib/neutron/dhcp/4ac4d06e-d6ed-470b-b734-84d0c7441903/host
Jul 15 16:41:00 gtw01 dnsmasq-dhcp[18461]: read /var/lib/neutron/dhcp/4ac4d06e-d6ed-470b-b734-84d0c7441903/opts
Jul 15 16:41:01 gtw01 dnsmasq[18512]: read /var/lib/neutron/dhcp/a9db4605-35df-4048-9a26-d407fe8c9b4e/addn_hosts - 3 addresses
Jul 15 16:41:01 gtw01 dnsmasq-dhcp[18512]: read /var/lib/neutron/dhcp/a9db4605-35df-4048-9a26-d407fe8c9b4e/host
Jul 15 16:41:01 gtw01 dnsmasq-dhcp[18512]: read /var/lib/neutron/dhcp/a9db4605-35df-4048-9a26-d407fe8c9b4e/opts
Jul 15 16:41:01 gtw01 dnsmasq[18883]: read /var/lib/neutron/dhcp/be1a3704-b90e-4e06-8f78-847a27c7163f/addn_hosts - 3 addresses
Jul 15 16:41:01 gtw01 dnsmasq-dhcp[18883]: read /var/lib/neutron/dhcp/be1a3704-b90e-4e06-8f78-847a27c7163f/host
Jul 15 16:41:01 gtw01 dnsmasq-dhcp[18883]: read /var/lib/neutron/dhcp/be1a3704-b90e-4e06-8f78-847a27c7163f/opts
Jul 15 16:41:01 gtw01 dnsmasq[18461]: read /var/lib/neutron/dhcp/4ac4d06e-d6ed-470b-b734-84d0c7441903/addn_hosts - 3 addresses
Jul 15 16:41:01 gtw01 dnsmasq-dhcp[18461]: read /var/lib/neutron/dhcp/4ac4d06e-d6ed-470b-b734-84d0c7441903/host
Jul 15 16:41:01 gtw01 dnsmasq-dhcp[18461]: read /var/lib/neutron/dhcp/4ac4d06e-d6ed-470b-b734-84d0c7441903/opts
Jul 15 16:41:02 gtw01 haproxy-metadata-proxy-49d7686e-708b-48a3-aa0e-7bcc5d9b4f04[19545]: Proxy listener started.
Jul 15 16:41:02 gtw01 dnsmasq[18512]: read /var/lib/neutron/dhcp/a9db4605-35df-4048-9a26-d407fe8c9b4e/addn_hosts - 3 addresses
Jul 15 16:41:02 gtw01 dnsmasq-dhcp[18512]: read /var/lib/neutron/dhcp/a9db4605-35df-4048-9a26-d407fe8c9b4e/host
Jul 15 16:41:02 gtw01 dnsmasq-dhcp[18512]: read /var/lib/neutron/dhcp/a9db4605-35df-4048-9a26-d407fe8c9b4e/opts
Jul 15 16:41:02 gtw01 kernel: [12964.205869] device qr-2fafd939-89 entered promiscuous mode
Jul 15 16:41:02 gtw01 systemd-udevd[19560]: Could not generate persistent MAC address for qr-2fafd939-89: No such file or directory
Jul 15 16:41:02 gtw01 dnsmasq[18461]: read /var/lib/neutron/dhcp/4ac4d06e-d6ed-470b-b734-84d0c7441903/addn_hosts - 3 addresses
Jul 15 16:41:02 gtw01 dnsmasq-dhcp[18461]: read /var/lib/neutron/dhcp/4ac4d06e-d6ed-470b-b734-84d0c7441903/host
Jul 15 16:41:02 gtw01 dnsmasq-dhcp[18461]: read /var/lib/neutron/dhcp/4ac4d06e-d6ed-470b-b734-84d0c7441903/opts
Jul 15 16:41:02 gtw01 dnsmasq[18883]: read /var/lib/neutron/dhcp/be1a3704-b90e-4e06-8f78-847a27c7163f/addn_hosts - 3 addresses
Jul 15 16:41:02 gtw01 dnsmasq-dhcp[18883]: read /var/lib/neutron/dhcp/be1a3704-b90e-4e06-8f78-847a27c7163f/host
Jul 15 16:41:02 gtw01 dnsmasq-dhcp[18883]: read /var/lib/neutron/dhcp/be1a3704-b90e-4e06-8f78-847a27c7163f/opts
Jul 15 16:41:03 gtw01 dnsmasq[18512]: read /var/lib/neutron/dhcp/a9db4605-35df-4048-9a26-d407fe8c9b4e/addn_hosts - 3 addresses
Jul 15 16:41:03 gtw01 dnsmasq-dhcp[18512]: read /var/lib/neutron/dhcp/a9db4605-35df-4048-9a26-d407fe8c9b4e/host
Jul 15 16:41:03 gtw01 dnsmasq-dhcp[18512]: read /var/lib/neutron/dhcp/a9db4605-35df-4048-9a26-d407fe8c9b4e/opts
Jul 15 16:41:04 gtw01 dnsmasq[18883]: read /var/lib/neutron/dhcp/be1a3704-b90e-4e06-8f78-847a27c7163f/addn_hosts - 3 addresses
Jul 15 16:41:04 gtw01 dnsmasq-dhcp[18883]: read /var/lib/neutron/dhcp/be1a3704-b90e-4e06-8f78-847a27c7163f/host
Jul 15 16:41:04 gtw01 dnsmasq-dhcp[18883]: read /var/lib/neutron/dhcp/be1a3704-b90e-4e06-8f78-847a27c7163f/opts
Jul 15 16:41:04 gtw01 haproxy-metadata-proxy-d65d9723-efcb-4a15-917f-ce954ddda027[19754]: Proxy listener started.
Jul 15 16:41:05 gtw01 dnsmasq[18461]: read /var/lib/neutron/dhcp/4ac4d06e-d6ed-470b-b734-84d0c7441903/addn_hosts - 3 addresses
Jul 15 16:41:05 gtw01 dnsmasq-dhcp[18461]: read /var/lib/neutron/dhcp/4ac4d06e-d6ed-470b-b734-84d0c7441903/host
Jul 15 16:41:05 gtw01 dnsmasq-dhcp[18461]: read /var/lib/neutron/dhcp/4ac4d06e-d6ed-470b-b734-84d0c7441903/opts
Jul 15 16:41:05 gtw01 dnsmasq[18883]: read /var/lib/neutron/dhcp/be1a3704-b90e-4e06-8f78-847a27c7163f/addn_hosts - 3 addresses
Jul 15 16:41:05 gtw01 dnsmasq-dhcp[18883]: read /var/lib/neutron/dhcp/be1a3704-b90e-4e06-8f78-847a27c7163f/host
Jul 15 16:41:05 gtw01 dnsmasq-dhcp[18883]: read /var/lib/neutron/dhcp/be1a3704-b90e-4e06-8f78-847a27c7163f/opts
Jul 15 16:41:06 gtw01 dnsmasq[18883]: read /var/lib/neutron/dhcp/be1a3704-b90e-4e06-8f78-847a27c7163f/addn_hosts - 3 addresses
Jul 15 16:41:06 gtw01 dnsmasq-dhcp[18883]: read /var/lib/neutron/dhcp/be1a3704-b90e-4e06-8f78-847a27c7163f/host
Jul 15 16:41:06 gtw01 dnsmasq-dhcp[18883]: read /var/lib/neutron/dhcp/be1a3704-b90e-4e06-8f78-847a27c7163f/opts
Jul 15 16:41:06 gtw01 dnsmasq[18461]: read /var/lib/neutron/dhcp/4ac4d06e-d6ed-470b-b734-84d0c7441903/addn_hosts - 3 addresses
Jul 15 16:41:06 gtw01 dnsmasq-dhcp[18461]: read /var/lib/neutron/dhcp/4ac4d06e-d6ed-470b-b734-84d0c7441903/host
Jul 15 16:41:06 gtw01 dnsmasq-dhcp[18461]: read /var/lib/neutron/dhcp/4ac4d06e-d6ed-470b-b734-84d0c7441903/opts
Jul 15 16:41:06 gtw01 dnsmasq[18512]: read /var/lib/neutron/dhcp/a9db4605-35df-4048-9a26-d407fe8c9b4e/addn_hosts - 3 addresses
Jul 15 16:41:06 gtw01 dnsmasq-dhcp[18512]: read /var/lib/neutron/dhcp/a9db4605-35df-4048-9a26-d407fe8c9b4e/host
Jul 15 16:41:06 gtw01 dnsmasq-dhcp[18512]: read /var/lib/neutron/dhcp/a9db4605-35df-4048-9a26-d407fe8c9b4e/opts
Jul 15 16:41:07 gtw01 kernel: [12968.690479] device qr-1cd7778d-e7 entered promiscuous mode
Jul 15 16:41:07 gtw01 systemd-udevd[19913]: Could not generate persistent MAC address for qr-1cd7778d-e7: No such file or directory
Jul 15 16:41:07 gtw01 dnsmasq[17671]: read /var/lib/neutron/dhcp/b6fae295-ebf1-4e13-a436-79d566e58c07/addn_hosts - 3 addresses
Jul 15 16:41:07 gtw01 dnsmasq-dhcp[17671]: read /var/lib/neutron/dhcp/b6fae295-ebf1-4e13-a436-79d566e58c07/host
Jul 15 16:41:07 gtw01 dnsmasq-dhcp[17671]: read /var/lib/neutron/dhcp/b6fae295-ebf1-4e13-a436-79d566e58c07/opts
Jul 15 16:41:07 gtw01 dnsmasq[18883]: read /var/lib/neutron/dhcp/be1a3704-b90e-4e06-8f78-847a27c7163f/addn_hosts - 3 addresses
Jul 15 16:41:07 gtw01 dnsmasq-dhcp[18883]: read /var/lib/neutron/dhcp/be1a3704-b90e-4e06-8f78-847a27c7163f/host
Jul 15 16:41:07 gtw01 dnsmasq-dhcp[18883]: read /var/lib/neutron/dhcp/be1a3704-b90e-4e06-8f78-847a27c7163f/opts
Jul 15 16:41:07 gtw01 dnsmasq[18512]: read /var/lib/neutron/dhcp/a9db4605-35df-4048-9a26-d407fe8c9b4e/addn_hosts - 3 addresses
Jul 15 16:41:07 gtw01 dnsmasq-dhcp[18512]: read /var/lib/neutron/dhcp/a9db4605-35df-4048-9a26-d407fe8c9b4e/host
Jul 15 16:41:07 gtw01 dnsmasq-dhcp[18512]: read /var/lib/neutron/dhcp/a9db4605-35df-4048-9a26-d407fe8c9b4e/opts
Jul 15 16:41:08 gtw01 kernel: [12969.766439] device qr-a6ab53cf-00 entered promiscuous mode
Jul 15 16:41:08 gtw01 systemd-udevd[20062]: Could not generate persistent MAC address for qr-a6ab53cf-00: No such file or directory
Jul 15 16:41:08 gtw01 kernel: [12969.917425] device qr-d3627237-02 entered promiscuous mode
Jul 15 16:41:08 gtw01 systemd-udevd[20139]: Could not generate persistent MAC address for qr-d3627237-02: No such file or directory
Jul 15 16:41:08 gtw01 dnsmasq[17671]: read /var/lib/neutron/dhcp/b6fae295-ebf1-4e13-a436-79d566e58c07/addn_hosts - 3 addresses
Jul 15 16:41:08 gtw01 dnsmasq-dhcp[17671]: read /var/lib/neutron/dhcp/b6fae295-ebf1-4e13-a436-79d566e58c07/host
Jul 15 16:41:08 gtw01 dnsmasq-dhcp[17671]: read /var/lib/neutron/dhcp/b6fae295-ebf1-4e13-a436-79d566e58c07/opts
Jul 15 16:41:08 gtw01 dnsmasq[18883]: read /var/lib/neutron/dhcp/be1a3704-b90e-4e06-8f78-847a27c7163f/addn_hosts - 3 addresses
Jul 15 16:41:08 gtw01 dnsmasq-dhcp[18883]: read /var/lib/neutron/dhcp/be1a3704-b90e-4e06-8f78-847a27c7163f/host
Jul 15 16:41:08 gtw01 dnsmasq-dhcp[18883]: read /var/lib/neutron/dhcp/be1a3704-b90e-4e06-8f78-847a27c7163f/opts
Jul 15 16:41:09 gtw01 kernel: [12970.653794] IPv4: martian source 11.11.11.1 from 11.11.11.1, on dev qr-2fafd939-89
Jul 15 16:41:09 gtw01 kernel: [12970.653813] ll header: 00000000: ff ff ff ff ff ff fa 16 3e 3a 62 ca 08 06        ........>:b...
Jul 15 16:41:09 gtw01 kernel: [12970.653822] IPv4: martian source 11.11.11.1 from 11.11.11.1, on dev qr-a6ab53cf-00
Jul 15 16:41:09 gtw01 kernel: [12970.653823] ll header: 00000000: ff ff ff ff ff ff fa 16 3e 3a 62 ca 08 06        ........>:b...
Jul 15 16:41:09 gtw01 kernel: [12970.653828] IPv4: martian source 11.11.11.1 from 11.11.11.1, on dev qr-d3627237-02
Jul 15 16:41:09 gtw01 kernel: [12970.653829] ll header: 00000000: ff ff ff ff ff ff fa 16 3e 3a 62 ca 08 06        ........>:b...
Jul 15 16:41:09 gtw01 kernel: [12971.513823] IPv4: martian source 11.11.11.1 from 11.11.11.1, on dev qr-1cd7778d-e7
Jul 15 16:41:09 gtw01 kernel: [12971.513829] ll header: 00000000: ff ff ff ff ff ff fa 16 3e 71 ff 87 08 06        ........>q....
Jul 15 16:41:09 gtw01 kernel: [12971.513836] IPv4: martian source 11.11.11.1 from 11.11.11.1, on dev qr-a6ab53cf-00
Jul 15 16:41:09 gtw01 kernel: [12971.513837] ll header: 00000000: ff ff ff ff ff ff fa 16 3e 71 ff 87 08 06        ........>q....
Jul 15 16:41:09 gtw01 kernel: [12971.513842] IPv4: martian source 11.11.11.1 from 11.11.11.1, on dev qr-d3627237-02
Jul 15 16:41:09 gtw01 kernel: [12971.513843] ll header: 00000000: ff ff ff ff ff ff fa 16 3e 71 ff 87 08 06        ........>q....
Jul 15 16:41:09 gtw01 dnsmasq[17671]: read /var/lib/neutron/dhcp/b6fae295-ebf1-4e13-a436-79d566e58c07/addn_hosts - 3 addresses
Jul 15 16:41:09 gtw01 dnsmasq-dhcp[17671]: read /var/lib/neutron/dhcp/b6fae295-ebf1-4e13-a436-79d566e58c07/host
Jul 15 16:41:09 gtw01 dnsmasq-dhcp[17671]: read /var/lib/neutron/dhcp/b6fae295-ebf1-4e13-a436-79d566e58c07/opts
Jul 15 16:41:10 gtw01 kernel: [12971.802440] IPv4: martian source 11.11.11.1 from 11.11.11.1, on dev qr-2fafd939-89
Jul 15 16:41:10 gtw01 kernel: [12971.802444] ll header: 00000000: ff ff ff ff ff ff fa 16 3e 11 64 82 08 06        ........>.d...
Jul 15 16:41:10 gtw01 kernel: [12971.802451] IPv4: martian source 11.11.11.1 from 11.11.11.1, on dev qr-1cd7778d-e7
Jul 15 16:41:10 gtw01 kernel: [12971.802452] ll header: 00000000: ff ff ff ff ff ff fa 16 3e 11 64 82 08 06        ........>.d...
Jul 15 16:41:10 gtw01 kernel: [12971.802457] IPv4: martian source 11.11.11.1 from 11.11.11.1, on dev qr-d3627237-02
Jul 15 16:41:10 gtw01 kernel: [12971.802458] ll header: 00000000: ff ff ff ff ff ff fa 16 3e 11 64 82 08 06        ........>.d...
Jul 15 16:41:10 gtw01 kernel: [12972.197932] IPv4: martian source 11.11.11.1 from 11.11.11.1, on dev qr-2fafd939-89
Jul 15 16:41:10 gtw01 kernel: [12972.197937] ll header: 00000000: ff ff ff ff ff ff fa 16 3e 9d 9b f5 08 06        ........>.....
Jul 15 16:41:10 gtw01 dnsmasq[17671]: read /var/lib/neutron/dhcp/b6fae295-ebf1-4e13-a436-79d566e58c07/addn_hosts - 2 addresses
Jul 15 16:41:10 gtw01 dnsmasq-dhcp[17671]: read /var/lib/neutron/dhcp/b6fae295-ebf1-4e13-a436-79d566e58c07/host
Jul 15 16:41:10 gtw01 dnsmasq-dhcp[17671]: read /var/lib/neutron/dhcp/b6fae295-ebf1-4e13-a436-79d566e58c07/opts
Jul 15 16:41:11 gtw01 haproxy-metadata-proxy-b6fae295-ebf1-4e13-a436-79d566e58c07[20459]: Proxy listener started.
Jul 15 16:41:12 gtw01 dnsmasq[17671]: read /var/lib/neutron/dhcp/b6fae295-ebf1-4e13-a436-79d566e58c07/addn_hosts - 1 addresses
Jul 15 16:41:12 gtw01 dnsmasq-dhcp[17671]: read /var/lib/neutron/dhcp/b6fae295-ebf1-4e13-a436-79d566e58c07/host
Jul 15 16:41:12 gtw01 dnsmasq-dhcp[17671]: read /var/lib/neutron/dhcp/b6fae295-ebf1-4e13-a436-79d566e58c07/opts
Jul 15 16:41:13 gtw01 kernel: [12975.426041] device qr-d3627237-02 left promiscuous mode
Jul 15 16:41:14 gtw01 kernel: [12976.414219] device qg-26333a38-39 left promiscuous mode
Jul 15 16:41:15 gtw01 dnsmasq[18461]: read /var/lib/neutron/dhcp/4ac4d06e-d6ed-470b-b734-84d0c7441903/addn_hosts - 2 addresses
Jul 15 16:41:15 gtw01 dnsmasq-dhcp[18461]: read /var/lib/neutron/dhcp/4ac4d06e-d6ed-470b-b734-84d0c7441903/host
Jul 15 16:41:15 gtw01 dnsmasq-dhcp[18461]: read /var/lib/neutron/dhcp/4ac4d06e-d6ed-470b-b734-84d0c7441903/opts
Jul 15 16:41:16 gtw01 kernel: [12977.710428] device tapb4ee8f8c-f2 left promiscuous mode
Jul 15 16:41:16 gtw01 haproxy-metadata-proxy-4ac4d06e-d6ed-470b-b734-84d0c7441903[20738]: Proxy listener started.
Jul 15 16:41:17 gtw01 dnsmasq[18512]: read /var/lib/neutron/dhcp/a9db4605-35df-4048-9a26-d407fe8c9b4e/addn_hosts - 3 addresses
Jul 15 16:41:17 gtw01 dnsmasq-dhcp[18512]: read /var/lib/neutron/dhcp/a9db4605-35df-4048-9a26-d407fe8c9b4e/host
Jul 15 16:41:17 gtw01 dnsmasq-dhcp[18512]: read /var/lib/neutron/dhcp/a9db4605-35df-4048-9a26-d407fe8c9b4e/opts
Jul 15 16:41:17 gtw01 dnsmasq[18461]: read /var/lib/neutron/dhcp/4ac4d06e-d6ed-470b-b734-84d0c7441903/addn_hosts - 2 addresses
Jul 15 16:41:17 gtw01 dnsmasq-dhcp[18461]: read /var/lib/neutron/dhcp/4ac4d06e-d6ed-470b-b734-84d0c7441903/host
Jul 15 16:41:17 gtw01 dnsmasq-dhcp[18461]: read /var/lib/neutron/dhcp/4ac4d06e-d6ed-470b-b734-84d0c7441903/opts
Jul 15 16:41:19 gtw01 dnsmasq[18512]: read /var/lib/neutron/dhcp/a9db4605-35df-4048-9a26-d407fe8c9b4e/addn_hosts - 2 addresses
Jul 15 16:41:19 gtw01 dnsmasq-dhcp[18512]: read /var/lib/neutron/dhcp/a9db4605-35df-4048-9a26-d407fe8c9b4e/host
Jul 15 16:41:19 gtw01 dnsmasq-dhcp[18512]: read /var/lib/neutron/dhcp/a9db4605-35df-4048-9a26-d407fe8c9b4e/opts
Jul 15 16:41:20 gtw01 dnsmasq[18512]: read /var/lib/neutron/dhcp/a9db4605-35df-4048-9a26-d407fe8c9b4e/addn_hosts - 1 addresses
Jul 15 16:41:20 gtw01 dnsmasq-dhcp[18512]: read /var/lib/neutron/dhcp/a9db4605-35df-4048-9a26-d407fe8c9b4e/host
Jul 15 16:41:20 gtw01 dnsmasq-dhcp[18512]: read /var/lib/neutron/dhcp/a9db4605-35df-4048-9a26-d407fe8c9b4e/opts
Jul 15 16:41:20 gtw01 kernel: [12982.178253] device qr-1cd7778d-e7 left promiscuous mode
Jul 15 16:41:20 gtw01 haproxy-metadata-proxy-a9db4605-35df-4048-9a26-d407fe8c9b4e[20841]: Proxy listener started.
Jul 15 16:41:21 gtw01 dnsmasq[18461]: read /var/lib/neutron/dhcp/4ac4d06e-d6ed-470b-b734-84d0c7441903/addn_hosts - 1 addresses
Jul 15 16:41:21 gtw01 dnsmasq-dhcp[18461]: read /var/lib/neutron/dhcp/4ac4d06e-d6ed-470b-b734-84d0c7441903/host
Jul 15 16:41:21 gtw01 dnsmasq-dhcp[18461]: read /var/lib/neutron/dhcp/4ac4d06e-d6ed-470b-b734-84d0c7441903/opts
Jul 15 16:41:22 gtw01 kernel: [12983.685141] device vxlan_sys_4789 left promiscuous mode
Jul 15 16:41:23 gtw01 dnsmasq[18883]: read /var/lib/neutron/dhcp/be1a3704-b90e-4e06-8f78-847a27c7163f/addn_hosts - 2 addresses
Jul 15 16:41:23 gtw01 dnsmasq-dhcp[18883]: read /var/lib/neutron/dhcp/be1a3704-b90e-4e06-8f78-847a27c7163f/host
Jul 15 16:41:23 gtw01 dnsmasq-dhcp[18883]: read /var/lib/neutron/dhcp/be1a3704-b90e-4e06-8f78-847a27c7163f/opts
Jul 15 16:41:23 gtw01 kernel: [12985.297270] device qr-a6ab53cf-00 left promiscuous mode
Jul 15 16:41:24 gtw01 haproxy-metadata-proxy-be1a3704-b90e-4e06-8f78-847a27c7163f[20960]: Proxy listener started.
Jul 15 16:41:25 gtw01 kernel: [12987.204064] device tap03825f10-66 left promiscuous mode
Jul 15 16:41:26 gtw01 kernel: [12988.123899] device qg-1b50a031-b4 left promiscuous mode
Jul 15 16:41:26 gtw01 kernel: [12988.185764] device qr-2fafd939-89 left promiscuous mode
Jul 15 16:41:27 gtw01 dnsmasq[18883]: read /var/lib/neutron/dhcp/be1a3704-b90e-4e06-8f78-847a27c7163f/addn_hosts - 2 addresses
Jul 15 16:41:27 gtw01 dnsmasq-dhcp[18883]: read /var/lib/neutron/dhcp/be1a3704-b90e-4e06-8f78-847a27c7163f/host
Jul 15 16:41:27 gtw01 dnsmasq-dhcp[18883]: read /var/lib/neutron/dhcp/be1a3704-b90e-4e06-8f78-847a27c7163f/opts
Jul 15 16:41:28 gtw01 kernel: [12990.455989] device tapdccf3255-51 left promiscuous mode
Jul 15 16:41:30 gtw01 dnsmasq[18883]: read /var/lib/neutron/dhcp/be1a3704-b90e-4e06-8f78-847a27c7163f/addn_hosts - 1 addresses
Jul 15 16:41:30 gtw01 dnsmasq-dhcp[18883]: read /var/lib/neutron/dhcp/be1a3704-b90e-4e06-8f78-847a27c7163f/host
Jul 15 16:41:30 gtw01 dnsmasq-dhcp[18883]: read /var/lib/neutron/dhcp/be1a3704-b90e-4e06-8f78-847a27c7163f/opts
Jul 15 16:41:30 gtw01 kernel: [12992.041335] device qg-3cf0c057-bd left promiscuous mode
Jul 15 16:41:31 gtw01 kernel: [12992.679089] device qg-4eb1812a-32 left promiscuous mode
Jul 15 16:41:32 gtw01 kernel: [12994.455392] device tap3bc77c5a-a3 entered promiscuous mode
Jul 15 16:41:32 gtw01 systemd-udevd[21266]: Could not generate persistent MAC address for tap3bc77c5a-a3: No such file or directory
Jul 15 16:41:32 gtw01 systemd-udevd[21266]: Process '/sbin/ip link set tap3bc77c5a-a3 txqueuelen 10000' failed with exit code 1.
Jul 15 16:41:32 gtw01 systemd-udevd[21339]: Process '/sbin/ip link set tap3bc77c5a-a3 txqueuelen 10000' failed with exit code 1.
Jul 15 16:41:35 gtw01 kernel: [12996.962280] device tapae6e667a-8f left promiscuous mode
Jul 15 16:41:35 gtw01 kernel: [12997.207268] device qg-17f30933-3c entered promiscuous mode
Jul 15 16:41:35 gtw01 systemd-udevd[21449]: Could not generate persistent MAC address for qg-17f30933-3c: No such file or directory
Jul 15 16:41:36 gtw01 dnsmasq[21551]: started, version 2.80 cachesize 150
Jul 15 16:41:36 gtw01 dnsmasq[21551]: DNS service limited to local subnets
Jul 15 16:41:36 gtw01 dnsmasq[21551]: compile time options: IPv6 GNU-getopt DBus i18n IDN DHCP DHCPv6 no-Lua TFTP conntrack ipset auth DNSSEC loop-detect inotify dumpfile
Jul 15 16:41:36 gtw01 dnsmasq[21551]: LOUD WARNING: listening on 11.11.11.2 may accept requests via interfaces other than tap3bc77c5a-a3
Jul 15 16:41:36 gtw01 dnsmasq[21551]: LOUD WARNING: use --bind-dynamic rather than --bind-interfaces to avoid DNS amplification attacks via these interface(s)
Jul 15 16:41:36 gtw01 dnsmasq[21551]: warning: no upstream servers configured
Jul 15 16:41:36 gtw01 dnsmasq-dhcp[21551]: DHCP, static leases only on 11.11.11.0, lease time 1h
Jul 15 16:41:36 gtw01 dnsmasq[21551]: read /var/lib/neutron/dhcp/cb4360de-0fbf-459d-87ea-a26e3e828b87/addn_hosts - 1 addresses
Jul 15 16:41:36 gtw01 dnsmasq-dhcp[21551]: read /var/lib/neutron/dhcp/cb4360de-0fbf-459d-87ea-a26e3e828b87/host
Jul 15 16:41:36 gtw01 dnsmasq-dhcp[21551]: read /var/lib/neutron/dhcp/cb4360de-0fbf-459d-87ea-a26e3e828b87/opts
Jul 15 16:41:36 gtw01 haproxy-metadata-proxy-cb4360de-0fbf-459d-87ea-a26e3e828b87[21557]: Proxy listener started.
Jul 15 16:41:37 gtw01 dnsmasq[21551]: read /var/lib/neutron/dhcp/cb4360de-0fbf-459d-87ea-a26e3e828b87/addn_hosts - 3 addresses
Jul 15 16:41:37 gtw01 dnsmasq-dhcp[21551]: read /var/lib/neutron/dhcp/cb4360de-0fbf-459d-87ea-a26e3e828b87/host
Jul 15 16:41:37 gtw01 dnsmasq-dhcp[21551]: read /var/lib/neutron/dhcp/cb4360de-0fbf-459d-87ea-a26e3e828b87/opts
Jul 15 16:41:39 gtw01 kernel: [13000.679044] device tap845de157-65 entered promiscuous mode
Jul 15 16:41:39 gtw01 systemd-udevd[21670]: Could not generate persistent MAC address for tap845de157-65: No such file or directory
Jul 15 16:41:39 gtw01 systemd-udevd[21670]: Process '/sbin/ip link set tap845de157-65 txqueuelen 10000' failed with exit code 1.
Jul 15 16:41:39 gtw01 systemd-udevd[21747]: Process '/sbin/ip link set tap845de157-65 txqueuelen 10000' failed with exit code 1.
Jul 15 16:41:39 gtw01 dnsmasq[21551]: read /var/lib/neutron/dhcp/cb4360de-0fbf-459d-87ea-a26e3e828b87/addn_hosts - 3 addresses
Jul 15 16:41:39 gtw01 dnsmasq-dhcp[21551]: read /var/lib/neutron/dhcp/cb4360de-0fbf-459d-87ea-a26e3e828b87/host
Jul 15 16:41:39 gtw01 dnsmasq-dhcp[21551]: read /var/lib/neutron/dhcp/cb4360de-0fbf-459d-87ea-a26e3e828b87/opts
Jul 15 16:41:40 gtw01 dnsmasq[21551]: read /var/lib/neutron/dhcp/cb4360de-0fbf-459d-87ea-a26e3e828b87/addn_hosts - 3 addresses
Jul 15 16:41:40 gtw01 dnsmasq-dhcp[21551]: read /var/lib/neutron/dhcp/cb4360de-0fbf-459d-87ea-a26e3e828b87/host
Jul 15 16:41:40 gtw01 dnsmasq-dhcp[21551]: read /var/lib/neutron/dhcp/cb4360de-0fbf-459d-87ea-a26e3e828b87/opts
Jul 15 16:41:41 gtw01 dnsmasq[21551]: read /var/lib/neutron/dhcp/cb4360de-0fbf-459d-87ea-a26e3e828b87/addn_hosts - 3 addresses
Jul 15 16:41:41 gtw01 dnsmasq-dhcp[21551]: read /var/lib/neutron/dhcp/cb4360de-0fbf-459d-87ea-a26e3e828b87/host
Jul 15 16:41:41 gtw01 dnsmasq-dhcp[21551]: read /var/lib/neutron/dhcp/cb4360de-0fbf-459d-87ea-a26e3e828b87/opts
Jul 15 16:41:42 gtw01 haproxy-metadata-proxy-cd4268af-601b-4a1e-b232-3c18ee153b4b[21926]: Proxy listener started.
Jul 15 16:41:42 gtw01 dnsmasq[21551]: read /var/lib/neutron/dhcp/cb4360de-0fbf-459d-87ea-a26e3e828b87/addn_hosts - 3 addresses
Jul 15 16:41:42 gtw01 dnsmasq-dhcp[21551]: read /var/lib/neutron/dhcp/cb4360de-0fbf-459d-87ea-a26e3e828b87/host
Jul 15 16:41:42 gtw01 dnsmasq-dhcp[21551]: read /var/lib/neutron/dhcp/cb4360de-0fbf-459d-87ea-a26e3e828b87/opts
Jul 15 16:41:42 gtw01 dnsmasq[21946]: started, version 2.80 cachesize 150
Jul 15 16:41:42 gtw01 dnsmasq[21946]: DNS service limited to local subnets
Jul 15 16:41:42 gtw01 dnsmasq[21946]: compile time options: IPv6 GNU-getopt DBus i18n IDN DHCP DHCPv6 no-Lua TFTP conntrack ipset auth DNSSEC loop-detect inotify dumpfile
Jul 15 16:41:42 gtw01 dnsmasq[21946]: LOUD WARNING: listening on 11.11.11.2 may accept requests via interfaces other than tap845de157-65
Jul 15 16:41:42 gtw01 dnsmasq[21946]: LOUD WARNING: use --bind-dynamic rather than --bind-interfaces to avoid DNS amplification attacks via these interface(s)
Jul 15 16:41:42 gtw01 dnsmasq[21946]: warning: no upstream servers configured
Jul 15 16:41:42 gtw01 dnsmasq-dhcp[21946]: DHCP, static leases only on 11.11.11.0, lease time 1h
Jul 15 16:41:42 gtw01 dnsmasq[21946]: read /var/lib/neutron/dhcp/df7b2534-beb8-4891-b538-ac0c6dde3c11/addn_hosts - 1 addresses
Jul 15 16:41:42 gtw01 dnsmasq-dhcp[21946]: read /var/lib/neutron/dhcp/df7b2534-beb8-4891-b538-ac0c6dde3c11/host
Jul 15 16:41:42 gtw01 dnsmasq-dhcp[21946]: read /var/lib/neutron/dhcp/df7b2534-beb8-4891-b538-ac0c6dde3c11/opts
Jul 15 16:41:43 gtw01 haproxy-metadata-proxy-df7b2534-beb8-4891-b538-ac0c6dde3c11[21953]: Proxy listener started.
Jul 15 16:41:43 gtw01 dnsmasq[21551]: read /var/lib/neutron/dhcp/cb4360de-0fbf-459d-87ea-a26e3e828b87/addn_hosts - 3 addresses
Jul 15 16:41:43 gtw01 dnsmasq-dhcp[21551]: read /var/lib/neutron/dhcp/cb4360de-0fbf-459d-87ea-a26e3e828b87/host
Jul 15 16:41:43 gtw01 dnsmasq-dhcp[21551]: read /var/lib/neutron/dhcp/cb4360de-0fbf-459d-87ea-a26e3e828b87/opts
Jul 15 16:41:44 gtw01 dnsmasq[21551]: read /var/lib/neutron/dhcp/cb4360de-0fbf-459d-87ea-a26e3e828b87/addn_hosts - 3 addresses
Jul 15 16:41:44 gtw01 dnsmasq-dhcp[21551]: read /var/lib/neutron/dhcp/cb4360de-0fbf-459d-87ea-a26e3e828b87/host
Jul 15 16:41:44 gtw01 dnsmasq-dhcp[21551]: read /var/lib/neutron/dhcp/cb4360de-0fbf-459d-87ea-a26e3e828b87/opts
Jul 15 16:41:45 gtw01 dnsmasq[21946]: read /var/lib/neutron/dhcp/df7b2534-beb8-4891-b538-ac0c6dde3c11/addn_hosts - 2 addresses
Jul 15 16:41:45 gtw01 dnsmasq-dhcp[21946]: read /var/lib/neutron/dhcp/df7b2534-beb8-4891-b538-ac0c6dde3c11/host
Jul 15 16:41:45 gtw01 dnsmasq-dhcp[21946]: read /var/lib/neutron/dhcp/df7b2534-beb8-4891-b538-ac0c6dde3c11/opts
Jul 15 16:41:45 gtw01 dnsmasq[21551]: read /var/lib/neutron/dhcp/cb4360de-0fbf-459d-87ea-a26e3e828b87/addn_hosts - 3 addresses
Jul 15 16:41:45 gtw01 dnsmasq-dhcp[21551]: read /var/lib/neutron/dhcp/cb4360de-0fbf-459d-87ea-a26e3e828b87/host
Jul 15 16:41:45 gtw01 dnsmasq-dhcp[21551]: read /var/lib/neutron/dhcp/cb4360de-0fbf-459d-87ea-a26e3e828b87/opts
Jul 15 16:41:46 gtw01 dnsmasq[21946]: read /var/lib/neutron/dhcp/df7b2534-beb8-4891-b538-ac0c6dde3c11/addn_hosts - 2 addresses
Jul 15 16:41:46 gtw01 dnsmasq-dhcp[21946]: read /var/lib/neutron/dhcp/df7b2534-beb8-4891-b538-ac0c6dde3c11/host
Jul 15 16:41:46 gtw01 dnsmasq-dhcp[21946]: read /var/lib/neutron/dhcp/df7b2534-beb8-4891-b538-ac0c6dde3c11/opts
Jul 15 16:41:47 gtw01 dnsmasq[21946]: read /var/lib/neutron/dhcp/df7b2534-beb8-4891-b538-ac0c6dde3c11/addn_hosts - 2 addresses
Jul 15 16:41:47 gtw01 dnsmasq-dhcp[21946]: read /var/lib/neutron/dhcp/df7b2534-beb8-4891-b538-ac0c6dde3c11/host
Jul 15 16:41:47 gtw01 dnsmasq-dhcp[21946]: read /var/lib/neutron/dhcp/df7b2534-beb8-4891-b538-ac0c6dde3c11/opts
Jul 15 16:41:47 gtw01 kernel: [13009.618333] device tap5fc979bb-4f entered promiscuous mode
Jul 15 16:41:47 gtw01 systemd-udevd[22087]: Could not generate persistent MAC address for tap5fc979bb-4f: No such file or directory
Jul 15 16:41:48 gtw01 systemd-udevd[22087]: Process '/sbin/ip link set tap5fc979bb-4f txqueuelen 10000' failed with exit code 1.
Jul 15 16:41:48 gtw01 systemd-udevd[22165]: Process '/sbin/ip link set tap5fc979bb-4f txqueuelen 10000' failed with exit code 1.
Jul 15 16:41:48 gtw01 dnsmasq[21946]: read /var/lib/neutron/dhcp/df7b2534-beb8-4891-b538-ac0c6dde3c11/addn_hosts - 2 addresses
Jul 15 16:41:48 gtw01 dnsmasq-dhcp[21946]: read /var/lib/neutron/dhcp/df7b2534-beb8-4891-b538-ac0c6dde3c11/host
Jul 15 16:41:48 gtw01 dnsmasq-dhcp[21946]: read /var/lib/neutron/dhcp/df7b2534-beb8-4891-b538-ac0c6dde3c11/opts
Jul 15 16:41:48 gtw01 dnsmasq[21551]: read /var/lib/neutron/dhcp/cb4360de-0fbf-459d-87ea-a26e3e828b87/addn_hosts - 3 addresses
Jul 15 16:41:48 gtw01 dnsmasq-dhcp[21551]: read /var/lib/neutron/dhcp/cb4360de-0fbf-459d-87ea-a26e3e828b87/host
Jul 15 16:41:48 gtw01 dnsmasq-dhcp[21551]: read /var/lib/neutron/dhcp/cb4360de-0fbf-459d-87ea-a26e3e828b87/opts
Jul 15 16:41:49 gtw01 dnsmasq[21946]: read /var/lib/neutron/dhcp/df7b2534-beb8-4891-b538-ac0c6dde3c11/addn_hosts - 2 addresses
Jul 15 16:41:49 gtw01 dnsmasq-dhcp[21946]: read /var/lib/neutron/dhcp/df7b2534-beb8-4891-b538-ac0c6dde3c11/host
Jul 15 16:41:49 gtw01 dnsmasq-dhcp[21946]: read /var/lib/neutron/dhcp/df7b2534-beb8-4891-b538-ac0c6dde3c11/opts
Jul 15 16:41:49 gtw01 systemd-udevd[22277]: Could not generate persistent MAC address for qg-cb044515-c2: No such file or directory
Jul 15 16:41:49 gtw01 kernel: [13011.298022] device qg-cb044515-c2 entered promiscuous mode
Jul 15 16:41:49 gtw01 dnsmasq[21551]: read /var/lib/neutron/dhcp/cb4360de-0fbf-459d-87ea-a26e3e828b87/addn_hosts - 3 addresses
Jul 15 16:41:49 gtw01 dnsmasq-dhcp[21551]: read /var/lib/neutron/dhcp/cb4360de-0fbf-459d-87ea-a26e3e828b87/host
Jul 15 16:41:49 gtw01 dnsmasq-dhcp[21551]: read /var/lib/neutron/dhcp/cb4360de-0fbf-459d-87ea-a26e3e828b87/opts
Jul 15 16:41:50 gtw01 dnsmasq[21946]: read /var/lib/neutron/dhcp/df7b2534-beb8-4891-b538-ac0c6dde3c11/addn_hosts - 2 addresses
Jul 15 16:41:50 gtw01 dnsmasq-dhcp[21946]: read /var/lib/neutron/dhcp/df7b2534-beb8-4891-b538-ac0c6dde3c11/host
Jul 15 16:41:50 gtw01 dnsmasq-dhcp[21946]: read /var/lib/neutron/dhcp/df7b2534-beb8-4891-b538-ac0c6dde3c11/opts
Jul 15 16:41:50 gtw01 systemd-udevd[22432]: Could not generate persistent MAC address for qg-127c8076-99: No such file or directory
Jul 15 16:41:50 gtw01 kernel: [13012.413189] device qg-127c8076-99 entered promiscuous mode
Jul 15 16:41:51 gtw01 systemd-udevd[22530]: Could not generate persistent MAC address for qr-2143973d-06: No such file or directory
Jul 15 16:41:51 gtw01 kernel: [13012.802442] device qr-2143973d-06 entered promiscuous mode
Jul 15 16:41:51 gtw01 kernel: [13012.861346] device vxlan_sys_4789 entered promiscuous mode
Jul 15 16:41:51 gtw01 systemd-udevd[22563]: Could not generate persistent MAC address for vxlan_sys_4789: No such file or directory
Jul 15 16:41:52 gtw01 dnsmasq[22728]: started, version 2.80 cachesize 150
Jul 15 16:41:52 gtw01 dnsmasq[22728]: DNS service limited to local subnets
Jul 15 16:41:52 gtw01 dnsmasq[22728]: compile time options: IPv6 GNU-getopt DBus i18n IDN DHCP DHCPv6 no-Lua TFTP conntrack ipset auth DNSSEC loop-detect inotify dumpfile
Jul 15 16:41:52 gtw01 dnsmasq[22728]: LOUD WARNING: listening on 11.11.11.2 may accept requests via interfaces other than tap5fc979bb-4f
Jul 15 16:41:52 gtw01 dnsmasq[22728]: LOUD WARNING: use --bind-dynamic rather than --bind-interfaces to avoid DNS amplification attacks via these interface(s)
Jul 15 16:41:52 gtw01 dnsmasq[22728]: warning: no upstream servers configured
Jul 15 16:41:52 gtw01 dnsmasq-dhcp[22728]: DHCP, static leases only on 11.11.11.0, lease time 1h
Jul 15 16:41:52 gtw01 dnsmasq[22728]: read /var/lib/neutron/dhcp/fbcbca50-e620-4b0c-bf70-fb0c15686707/addn_hosts - 1 addresses
Jul 15 16:41:52 gtw01 dnsmasq-dhcp[22728]: read /var/lib/neutron/dhcp/fbcbca50-e620-4b0c-bf70-fb0c15686707/host
Jul 15 16:41:52 gtw01 dnsmasq-dhcp[22728]: read /var/lib/neutron/dhcp/fbcbca50-e620-4b0c-bf70-fb0c15686707/opts
Jul 15 16:41:52 gtw01 haproxy-metadata-proxy-fbcbca50-e620-4b0c-bf70-fb0c15686707[22741]: Proxy listener started.
Jul 15 16:41:54 gtw01 dnsmasq[22728]: read /var/lib/neutron/dhcp/fbcbca50-e620-4b0c-bf70-fb0c15686707/addn_hosts - 3 addresses
Jul 15 16:41:54 gtw01 dnsmasq-dhcp[22728]: read /var/lib/neutron/dhcp/fbcbca50-e620-4b0c-bf70-fb0c15686707/host
Jul 15 16:41:54 gtw01 dnsmasq-dhcp[22728]: read /var/lib/neutron/dhcp/fbcbca50-e620-4b0c-bf70-fb0c15686707/opts
Jul 15 16:41:54 gtw01 systemd-udevd[22896]: Could not generate persistent MAC address for tap9dc1f355-b5: No such file or directory
Jul 15 16:41:54 gtw01 kernel: [13016.511214] device tap9dc1f355-b5 entered promiscuous mode
Jul 15 16:41:54 gtw01 systemd-udevd[22896]: Process '/sbin/ip link set tap9dc1f355-b5 txqueuelen 10000' failed with exit code 1.
Jul 15 16:41:55 gtw01 systemd-udevd[22896]: Process '/sbin/ip link set tap9dc1f355-b5 txqueuelen 10000' failed with exit code 1.
Jul 15 16:41:55 gtw01 dnsmasq[21946]: read /var/lib/neutron/dhcp/df7b2534-beb8-4891-b538-ac0c6dde3c11/addn_hosts - 3 addresses
Jul 15 16:41:55 gtw01 dnsmasq-dhcp[21946]: read /var/lib/neutron/dhcp/df7b2534-beb8-4891-b538-ac0c6dde3c11/host
Jul 15 16:41:55 gtw01 dnsmasq-dhcp[21946]: read /var/lib/neutron/dhcp/df7b2534-beb8-4891-b538-ac0c6dde3c11/opts
Jul 15 16:41:56 gtw01 dnsmasq[22728]: read /var/lib/neutron/dhcp/fbcbca50-e620-4b0c-bf70-fb0c15686707/addn_hosts - 3 addresses
Jul 15 16:41:56 gtw01 dnsmasq-dhcp[22728]: read /var/lib/neutron/dhcp/fbcbca50-e620-4b0c-bf70-fb0c15686707/host
Jul 15 16:41:56 gtw01 dnsmasq-dhcp[22728]: read /var/lib/neutron/dhcp/fbcbca50-e620-4b0c-bf70-fb0c15686707/opts
Jul 15 16:41:57 gtw01 dnsmasq[22728]: read /var/lib/neutron/dhcp/fbcbca50-e620-4b0c-bf70-fb0c15686707/addn_hosts - 3 addresses
Jul 15 16:41:57 gtw01 dnsmasq-dhcp[22728]: read /var/lib/neutron/dhcp/fbcbca50-e620-4b0c-bf70-fb0c15686707/host
Jul 15 16:41:57 gtw01 dnsmasq-dhcp[22728]: read /var/lib/neutron/dhcp/fbcbca50-e620-4b0c-bf70-fb0c15686707/opts
Jul 15 16:41:58 gtw01 haproxy-metadata-proxy-7c865ae6-7893-4011-806c-5bff9faa66a6[23195]: Proxy listener started.
Jul 15 16:41:58 gtw01 dnsmasq[22728]: read /var/lib/neutron/dhcp/fbcbca50-e620-4b0c-bf70-fb0c15686707/addn_hosts - 3 addresses
Jul 15 16:41:58 gtw01 dnsmasq-dhcp[22728]: read /var/lib/neutron/dhcp/fbcbca50-e620-4b0c-bf70-fb0c15686707/host
Jul 15 16:41:58 gtw01 dnsmasq-dhcp[22728]: read /var/lib/neutron/dhcp/fbcbca50-e620-4b0c-bf70-fb0c15686707/opts
Jul 15 16:41:58 gtw01 dnsmasq[21946]: read /var/lib/neutron/dhcp/df7b2534-beb8-4891-b538-ac0c6dde3c11/addn_hosts - 3 addresses
Jul 15 16:41:58 gtw01 dnsmasq-dhcp[21946]: read /var/lib/neutron/dhcp/df7b2534-beb8-4891-b538-ac0c6dde3c11/host
Jul 15 16:41:58 gtw01 dnsmasq-dhcp[21946]: read /var/lib/neutron/dhcp/df7b2534-beb8-4891-b538-ac0c6dde3c11/opts
Jul 15 16:41:59 gtw01 haproxy-metadata-proxy-7a607f01-aa01-43a7-85bb-febac21a3416[23286]: Proxy listener started.
Jul 15 16:41:59 gtw01 dnsmasq[23298]: started, version 2.80 cachesize 150
Jul 15 16:41:59 gtw01 dnsmasq[23298]: DNS service limited to local subnets
Jul 15 16:41:59 gtw01 dnsmasq[23298]: compile time options: IPv6 GNU-getopt DBus i18n IDN DHCP DHCPv6 no-Lua TFTP conntrack ipset auth DNSSEC loop-detect inotify dumpfile
Jul 15 16:41:59 gtw01 dnsmasq[23298]: LOUD WARNING: listening on 11.11.11.2 may accept requests via interfaces other than tap9dc1f355-b5
Jul 15 16:41:59 gtw01 dnsmasq[23298]: LOUD WARNING: use --bind-dynamic rather than --bind-interfaces to avoid DNS amplification attacks via these interface(s)
Jul 15 16:41:59 gtw01 dnsmasq[23298]: warning: no upstream servers configured
Jul 15 16:41:59 gtw01 dnsmasq-dhcp[23298]: DHCP, static leases only on 11.11.11.0, lease time 1h
Jul 15 16:41:59 gtw01 dnsmasq[23298]: read /var/lib/neutron/dhcp/527bb2ec-5c0c-4620-8a4f-4c60694cc702/addn_hosts - 1 addresses
Jul 15 16:41:59 gtw01 dnsmasq-dhcp[23298]: read /var/lib/neutron/dhcp/527bb2ec-5c0c-4620-8a4f-4c60694cc702/host
Jul 15 16:41:59 gtw01 dnsmasq-dhcp[23298]: read /var/lib/neutron/dhcp/527bb2ec-5c0c-4620-8a4f-4c60694cc702/opts
Jul 15 16:41:59 gtw01 dnsmasq[22728]: read /var/lib/neutron/dhcp/fbcbca50-e620-4b0c-bf70-fb0c15686707/addn_hosts - 3 addresses
Jul 15 16:41:59 gtw01 dnsmasq-dhcp[22728]: read /var/lib/neutron/dhcp/fbcbca50-e620-4b0c-bf70-fb0c15686707/host
Jul 15 16:41:59 gtw01 dnsmasq-dhcp[22728]: read /var/lib/neutron/dhcp/fbcbca50-e620-4b0c-bf70-fb0c15686707/opts
Jul 15 16:41:59 gtw01 haproxy-metadata-proxy-527bb2ec-5c0c-4620-8a4f-4c60694cc702[23309]: Proxy listener started.
Jul 15 16:42:00 gtw01 dnsmasq[22728]: read /var/lib/neutron/dhcp/fbcbca50-e620-4b0c-bf70-fb0c15686707/addn_hosts - 3 addresses
Jul 15 16:42:00 gtw01 dnsmasq-dhcp[22728]: read /var/lib/neutron/dhcp/fbcbca50-e620-4b0c-bf70-fb0c15686707/host
Jul 15 16:42:00 gtw01 dnsmasq-dhcp[22728]: read /var/lib/neutron/dhcp/fbcbca50-e620-4b0c-bf70-fb0c15686707/opts
Jul 15 16:42:01 gtw01 dnsmasq[23298]: read /var/lib/neutron/dhcp/527bb2ec-5c0c-4620-8a4f-4c60694cc702/addn_hosts - 2 addresses
Jul 15 16:42:01 gtw01 dnsmasq-dhcp[23298]: read /var/lib/neutron/dhcp/527bb2ec-5c0c-4620-8a4f-4c60694cc702/host
Jul 15 16:42:01 gtw01 dnsmasq-dhcp[23298]: read /var/lib/neutron/dhcp/527bb2ec-5c0c-4620-8a4f-4c60694cc702/opts
Jul 15 16:42:01 gtw01 dnsmasq[21551]: read /var/lib/neutron/dhcp/cb4360de-0fbf-459d-87ea-a26e3e828b87/addn_hosts - 3 addresses
Jul 15 16:42:01 gtw01 dnsmasq-dhcp[21551]: read /var/lib/neutron/dhcp/cb4360de-0fbf-459d-87ea-a26e3e828b87/host
Jul 15 16:42:01 gtw01 dnsmasq-dhcp[21551]: read /var/lib/neutron/dhcp/cb4360de-0fbf-459d-87ea-a26e3e828b87/opts
Jul 15 16:42:02 gtw01 dnsmasq[22728]: read /var/lib/neutron/dhcp/fbcbca50-e620-4b0c-bf70-fb0c15686707/addn_hosts - 3 addresses
Jul 15 16:42:02 gtw01 dnsmasq-dhcp[22728]: read /var/lib/neutron/dhcp/fbcbca50-e620-4b0c-bf70-fb0c15686707/host
Jul 15 16:42:02 gtw01 dnsmasq-dhcp[22728]: read /var/lib/neutron/dhcp/fbcbca50-e620-4b0c-bf70-fb0c15686707/opts
Jul 15 16:42:02 gtw01 dnsmasq[23298]: read /var/lib/neutron/dhcp/527bb2ec-5c0c-4620-8a4f-4c60694cc702/addn_hosts - 2 addresses
Jul 15 16:42:02 gtw01 dnsmasq-dhcp[23298]: read /var/lib/neutron/dhcp/527bb2ec-5c0c-4620-8a4f-4c60694cc702/host
Jul 15 16:42:02 gtw01 dnsmasq-dhcp[23298]: read /var/lib/neutron/dhcp/527bb2ec-5c0c-4620-8a4f-4c60694cc702/opts
Jul 15 16:42:03 gtw01 dnsmasq[22728]: read /var/lib/neutron/dhcp/fbcbca50-e620-4b0c-bf70-fb0c15686707/addn_hosts - 3 addresses
Jul 15 16:42:03 gtw01 dnsmasq-dhcp[22728]: read /var/lib/neutron/dhcp/fbcbca50-e620-4b0c-bf70-fb0c15686707/host
Jul 15 16:42:03 gtw01 dnsmasq-dhcp[22728]: read /var/lib/neutron/dhcp/fbcbca50-e620-4b0c-bf70-fb0c15686707/opts
Jul 15 16:42:03 gtw01 dnsmasq[23298]: read /var/lib/neutron/dhcp/527bb2ec-5c0c-4620-8a4f-4c60694cc702/addn_hosts - 2 addresses
Jul 15 16:42:03 gtw01 dnsmasq-dhcp[23298]: read /var/lib/neutron/dhcp/527bb2ec-5c0c-4620-8a4f-4c60694cc702/host
Jul 15 16:42:03 gtw01 dnsmasq-dhcp[23298]: read /var/lib/neutron/dhcp/527bb2ec-5c0c-4620-8a4f-4c60694cc702/opts
Jul 15 16:42:03 gtw01 dnsmasq[21551]: read /var/lib/neutron/dhcp/cb4360de-0fbf-459d-87ea-a26e3e828b87/addn_hosts - 2 addresses
Jul 15 16:42:03 gtw01 dnsmasq-dhcp[21551]: read /var/lib/neutron/dhcp/cb4360de-0fbf-459d-87ea-a26e3e828b87/host
Jul 15 16:42:03 gtw01 dnsmasq-dhcp[21551]: read /var/lib/neutron/dhcp/cb4360de-0fbf-459d-87ea-a26e3e828b87/opts
Jul 15 16:42:04 gtw01 dnsmasq[21946]: read /var/lib/neutron/dhcp/df7b2534-beb8-4891-b538-ac0c6dde3c11/addn_hosts - 3 addresses
Jul 15 16:42:04 gtw01 dnsmasq-dhcp[21946]: read /var/lib/neutron/dhcp/df7b2534-beb8-4891-b538-ac0c6dde3c11/host
Jul 15 16:42:04 gtw01 dnsmasq-dhcp[21946]: read /var/lib/neutron/dhcp/df7b2534-beb8-4891-b538-ac0c6dde3c11/opts
Jul 15 16:42:04 gtw01 kernel: [13025.955395] device qg-4d861c40-71 entered promiscuous mode
Jul 15 16:42:04 gtw01 systemd-udevd[23536]: Could not generate persistent MAC address for qg-4d861c40-71: No such file or directory
Jul 15 16:42:04 gtw01 dnsmasq[22728]: read /var/lib/neutron/dhcp/fbcbca50-e620-4b0c-bf70-fb0c15686707/addn_hosts - 3 addresses
Jul 15 16:42:04 gtw01 dnsmasq-dhcp[22728]: read /var/lib/neutron/dhcp/fbcbca50-e620-4b0c-bf70-fb0c15686707/host
Jul 15 16:42:04 gtw01 dnsmasq-dhcp[22728]: read /var/lib/neutron/dhcp/fbcbca50-e620-4b0c-bf70-fb0c15686707/opts
Jul 15 16:42:04 gtw01 systemd-udevd[23624]: Could not generate persistent MAC address for qr-985261a7-31: No such file or directory
Jul 15 16:42:04 gtw01 kernel: [13026.190045] device qr-985261a7-31 entered promiscuous mode
Jul 15 16:42:04 gtw01 dnsmasq[23298]: read /var/lib/neutron/dhcp/527bb2ec-5c0c-4620-8a4f-4c60694cc702/addn_hosts - 2 addresses
Jul 15 16:42:04 gtw01 dnsmasq-dhcp[23298]: read /var/lib/neutron/dhcp/527bb2ec-5c0c-4620-8a4f-4c60694cc702/host
Jul 15 16:42:04 gtw01 dnsmasq-dhcp[23298]: read /var/lib/neutron/dhcp/527bb2ec-5c0c-4620-8a4f-4c60694cc702/opts
Jul 15 16:42:05 gtw01 haproxy-metadata-proxy-cb4360de-0fbf-459d-87ea-a26e3e828b87[23724]: Proxy listener started.
Jul 15 16:42:05 gtw01 dnsmasq[21946]: read /var/lib/neutron/dhcp/df7b2534-beb8-4891-b538-ac0c6dde3c11/addn_hosts - 3 addresses
Jul 15 16:42:05 gtw01 dnsmasq-dhcp[21946]: read /var/lib/neutron/dhcp/df7b2534-beb8-4891-b538-ac0c6dde3c11/host
Jul 15 16:42:05 gtw01 dnsmasq-dhcp[21946]: read /var/lib/neutron/dhcp/df7b2534-beb8-4891-b538-ac0c6dde3c11/opts
Jul 15 16:42:05 gtw01 dnsmasq[22728]: read /var/lib/neutron/dhcp/fbcbca50-e620-4b0c-bf70-fb0c15686707/addn_hosts - 3 addresses
Jul 15 16:42:05 gtw01 dnsmasq-dhcp[22728]: read /var/lib/neutron/dhcp/fbcbca50-e620-4b0c-bf70-fb0c15686707/host
Jul 15 16:42:05 gtw01 dnsmasq-dhcp[22728]: read /var/lib/neutron/dhcp/fbcbca50-e620-4b0c-bf70-fb0c15686707/opts
Jul 15 16:42:05 gtw01 dnsmasq[23298]: read /var/lib/neutron/dhcp/527bb2ec-5c0c-4620-8a4f-4c60694cc702/addn_hosts - 2 addresses
Jul 15 16:42:05 gtw01 dnsmasq-dhcp[23298]: read /var/lib/neutron/dhcp/527bb2ec-5c0c-4620-8a4f-4c60694cc702/host
Jul 15 16:42:05 gtw01 dnsmasq-dhcp[23298]: read /var/lib/neutron/dhcp/527bb2ec-5c0c-4620-8a4f-4c60694cc702/opts
Jul 15 16:42:06 gtw01 systemd-udevd[23819]: Could not generate persistent MAC address for qr-89df786c-bc: No such file or directory
Jul 15 16:42:06 gtw01 kernel: [13027.954007] device qr-89df786c-bc entered promiscuous mode
Jul 15 16:42:06 gtw01 dnsmasq[21551]: read /var/lib/neutron/dhcp/cb4360de-0fbf-459d-87ea-a26e3e828b87/addn_hosts - 1 addresses
Jul 15 16:42:06 gtw01 dnsmasq-dhcp[21551]: read /var/lib/neutron/dhcp/cb4360de-0fbf-459d-87ea-a26e3e828b87/host
Jul 15 16:42:06 gtw01 dnsmasq-dhcp[21551]: read /var/lib/neutron/dhcp/cb4360de-0fbf-459d-87ea-a26e3e828b87/opts
Jul 15 16:42:07 gtw01 dnsmasq[21946]: read /var/lib/neutron/dhcp/df7b2534-beb8-4891-b538-ac0c6dde3c11/addn_hosts - 3 addresses
Jul 15 16:42:07 gtw01 dnsmasq-dhcp[21946]: read /var/lib/neutron/dhcp/df7b2534-beb8-4891-b538-ac0c6dde3c11/host
Jul 15 16:42:07 gtw01 dnsmasq-dhcp[21946]: read /var/lib/neutron/dhcp/df7b2534-beb8-4891-b538-ac0c6dde3c11/opts
Jul 15 16:42:07 gtw01 dnsmasq[23298]: read /var/lib/neutron/dhcp/527bb2ec-5c0c-4620-8a4f-4c60694cc702/addn_hosts - 2 addresses
Jul 15 16:42:07 gtw01 dnsmasq-dhcp[23298]: read /var/lib/neutron/dhcp/527bb2ec-5c0c-4620-8a4f-4c60694cc702/host
Jul 15 16:42:07 gtw01 dnsmasq-dhcp[23298]: read /var/lib/neutron/dhcp/527bb2ec-5c0c-4620-8a4f-4c60694cc702/opts
Jul 15 16:42:08 gtw01 kernel: [13029.814095] net_ratelimit: 8 callbacks suppressed
Jul 15 16:42:08 gtw01 kernel: [13029.814099] IPv4: martian source 10.16.0.129 from 10.16.0.129, on dev qr-985261a7-31
Jul 15 16:42:08 gtw01 kernel: [13029.814115] ll header: 00000000: ff ff ff ff ff ff fa 16 3e bf d3 bd 08 06        ........>.....
Jul 15 16:42:08 gtw01 kernel: [13029.814125] IPv4: martian source 10.16.0.129 from 10.16.0.129, on dev qr-89df786c-bc
Jul 15 16:42:08 gtw01 kernel: [13029.814127] ll header: 00000000: ff ff ff ff ff ff fa 16 3e bf d3 bd 08 06        ........>.....
Jul 15 16:42:08 gtw01 kernel: [13029.927155] IPv4: martian source 11.11.11.1 from 11.11.11.1, on dev qr-985261a7-31
Jul 15 16:42:08 gtw01 kernel: [13029.927159] ll header: 00000000: ff ff ff ff ff ff fa 16 3e 27 79 f2 08 06        ........>'y...
Jul 15 16:42:08 gtw01 dnsmasq[21946]: read /var/lib/neutron/dhcp/df7b2534-beb8-4891-b538-ac0c6dde3c11/addn_hosts - 2 addresses
Jul 15 16:42:08 gtw01 dnsmasq-dhcp[21946]: read /var/lib/neutron/dhcp/df7b2534-beb8-4891-b538-ac0c6dde3c11/host
Jul 15 16:42:08 gtw01 dnsmasq-dhcp[21946]: read /var/lib/neutron/dhcp/df7b2534-beb8-4891-b538-ac0c6dde3c11/opts
Jul 15 16:42:08 gtw01 kernel: [13030.565641] IPv4: martian source 11.11.11.1 from 11.11.11.1, on dev qr-89df786c-bc
Jul 15 16:42:08 gtw01 kernel: [13030.565694] ll header: 00000000: ff ff ff ff ff ff fa 16 3e ce bf 11 08 06        ........>.....
Jul 15 16:42:09 gtw01 kernel: [13031.077544] device qr-2143973d-06 left promiscuous mode
Jul 15 16:42:10 gtw01 kernel: [13031.941072] device qg-17f30933-3c left promiscuous mode
Jul 15 16:42:10 gtw01 dnsmasq[23298]: read /var/lib/neutron/dhcp/527bb2ec-5c0c-4620-8a4f-4c60694cc702/addn_hosts - 3 addresses
Jul 15 16:42:10 gtw01 dnsmasq-dhcp[23298]: read /var/lib/neutron/dhcp/527bb2ec-5c0c-4620-8a4f-4c60694cc702/host
Jul 15 16:42:10 gtw01 dnsmasq-dhcp[23298]: read /var/lib/neutron/dhcp/527bb2ec-5c0c-4620-8a4f-4c60694cc702/opts
Jul 15 16:42:11 gtw01 kernel: [13032.645660] IPv4: martian source 10.16.0.129 from 10.16.0.129, on dev qr-985261a7-31
Jul 15 16:42:11 gtw01 kernel: [13032.645663] ll header: 00000000: ff ff ff ff ff ff fa 16 3e bf d3 bd 08 06        ........>.....
Jul 15 16:42:11 gtw01 kernel: [13032.645670] IPv4: martian source 10.16.0.129 from 10.16.0.129, on dev qr-89df786c-bc
Jul 15 16:42:11 gtw01 kernel: [13032.645671] ll header: 00000000: ff ff ff ff ff ff fa 16 3e bf d3 bd 08 06        ........>.....
Jul 15 16:42:11 gtw01 kernel: [13032.657718] IPv4: martian source 11.11.11.1 from 11.11.11.1, on dev qr-985261a7-31
Jul 15 16:42:11 gtw01 kernel: [13032.657722] ll header: 00000000: ff ff ff ff ff ff fa 16 3e 27 79 f2 08 06        ........>'y...
Jul 15 16:42:11 gtw01 kernel: [13033.513633] IPv4: martian source 11.11.11.1 from 11.11.11.1, on dev qr-89df786c-bc
Jul 15 16:42:11 gtw01 kernel: [13033.513637] ll header: 00000000: ff ff ff ff ff ff fa 16 3e ce bf 11 08 06        ........>.....
Jul 15 16:42:11 gtw01 dnsmasq[21946]: read /var/lib/neutron/dhcp/df7b2534-beb8-4891-b538-ac0c6dde3c11/addn_hosts - 1 addresses
Jul 15 16:42:11 gtw01 dnsmasq-dhcp[21946]: read /var/lib/neutron/dhcp/df7b2534-beb8-4891-b538-ac0c6dde3c11/host
Jul 15 16:42:11 gtw01 dnsmasq-dhcp[21946]: read /var/lib/neutron/dhcp/df7b2534-beb8-4891-b538-ac0c6dde3c11/opts
Jul 15 16:42:12 gtw01 dnsmasq[23298]: read /var/lib/neutron/dhcp/527bb2ec-5c0c-4620-8a4f-4c60694cc702/addn_hosts - 3 addresses
Jul 15 16:42:12 gtw01 dnsmasq-dhcp[23298]: read /var/lib/neutron/dhcp/527bb2ec-5c0c-4620-8a4f-4c60694cc702/host
Jul 15 16:42:12 gtw01 dnsmasq-dhcp[23298]: read /var/lib/neutron/dhcp/527bb2ec-5c0c-4620-8a4f-4c60694cc702/opts
Jul 15 16:42:13 gtw01 haproxy-metadata-proxy-df7b2534-beb8-4891-b538-ac0c6dde3c11[24306]: Proxy listener started.
Jul 15 16:42:13 gtw01 dnsmasq[22728]: read /var/lib/neutron/dhcp/fbcbca50-e620-4b0c-bf70-fb0c15686707/addn_hosts - 3 addresses
Jul 15 16:42:13 gtw01 dnsmasq-dhcp[22728]: read /var/lib/neutron/dhcp/fbcbca50-e620-4b0c-bf70-fb0c15686707/host
Jul 15 16:42:13 gtw01 dnsmasq-dhcp[22728]: read /var/lib/neutron/dhcp/fbcbca50-e620-4b0c-bf70-fb0c15686707/opts
Jul 15 16:42:13 gtw01 kernel: [13035.410223] device tap3bc77c5a-a3 left promiscuous mode
Jul 15 16:42:13 gtw01 haproxy-metadata-proxy-a9f97772-1e21-4be3-8813-027461da8432[24354]: Proxy listener started.
Jul 15 16:42:14 gtw01 dnsmasq[22728]: read /var/lib/neutron/dhcp/fbcbca50-e620-4b0c-bf70-fb0c15686707/addn_hosts - 2 addresses
Jul 15 16:42:14 gtw01 dnsmasq-dhcp[22728]: read /var/lib/neutron/dhcp/fbcbca50-e620-4b0c-bf70-fb0c15686707/host
Jul 15 16:42:14 gtw01 dnsmasq-dhcp[22728]: read /var/lib/neutron/dhcp/fbcbca50-e620-4b0c-bf70-fb0c15686707/opts
Jul 15 16:42:15 gtw01 haproxy-metadata-proxy-fbcbca50-e620-4b0c-bf70-fb0c15686707[24417]: Proxy listener started.
Jul 15 16:42:15 gtw01 dnsmasq[22728]: read /var/lib/neutron/dhcp/fbcbca50-e620-4b0c-bf70-fb0c15686707/addn_hosts - 1 addresses
Jul 15 16:42:15 gtw01 dnsmasq-dhcp[22728]: read /var/lib/neutron/dhcp/fbcbca50-e620-4b0c-bf70-fb0c15686707/host
Jul 15 16:42:15 gtw01 dnsmasq-dhcp[22728]: read /var/lib/neutron/dhcp/fbcbca50-e620-4b0c-bf70-fb0c15686707/opts
Jul 15 16:42:16 gtw01 kernel: [13037.831061] device qr-89df786c-bc left promiscuous mode
Jul 15 16:42:17 gtw01 kernel: [13038.685086] device qr-985261a7-31 left promiscuous mode
Jul 15 16:42:18 gtw01 dnsmasq[23298]: read /var/lib/neutron/dhcp/527bb2ec-5c0c-4620-8a4f-4c60694cc702/addn_hosts - 3 addresses
Jul 15 16:42:18 gtw01 dnsmasq-dhcp[23298]: read /var/lib/neutron/dhcp/527bb2ec-5c0c-4620-8a4f-4c60694cc702/host
Jul 15 16:42:18 gtw01 dnsmasq-dhcp[23298]: read /var/lib/neutron/dhcp/527bb2ec-5c0c-4620-8a4f-4c60694cc702/opts
Jul 15 16:42:19 gtw01 dnsmasq[23298]: read /var/lib/neutron/dhcp/527bb2ec-5c0c-4620-8a4f-4c60694cc702/addn_hosts - 3 addresses
Jul 15 16:42:19 gtw01 dnsmasq-dhcp[23298]: read /var/lib/neutron/dhcp/527bb2ec-5c0c-4620-8a4f-4c60694cc702/host
Jul 15 16:42:19 gtw01 dnsmasq-dhcp[23298]: read /var/lib/neutron/dhcp/527bb2ec-5c0c-4620-8a4f-4c60694cc702/opts
Jul 15 16:42:20 gtw01 dnsmasq[23298]: read /var/lib/neutron/dhcp/527bb2ec-5c0c-4620-8a4f-4c60694cc702/addn_hosts - 3 addresses
Jul 15 16:42:20 gtw01 dnsmasq-dhcp[23298]: read /var/lib/neutron/dhcp/527bb2ec-5c0c-4620-8a4f-4c60694cc702/host
Jul 15 16:42:20 gtw01 dnsmasq-dhcp[23298]: read /var/lib/neutron/dhcp/527bb2ec-5c0c-4620-8a4f-4c60694cc702/opts
Jul 15 16:42:20 gtw01 kernel: [13041.870242] device qr-d3a38fc2-bc entered promiscuous mode
Jul 15 16:42:20 gtw01 systemd-udevd[24585]: Could not generate persistent MAC address for qr-d3a38fc2-bc: No such file or directory
Jul 15 16:42:20 gtw01 kernel: [13042.479573] device tap5fc979bb-4f left promiscuous mode
Jul 15 16:42:21 gtw01 kernel: [13042.920358] device tap845de157-65 left promiscuous mode
Jul 15 16:42:22 gtw01 kernel: [13043.748272] device qg-127c8076-99 left promiscuous mode
Jul 15 16:42:22 gtw01 dnsmasq[23298]: read /var/lib/neutron/dhcp/527bb2ec-5c0c-4620-8a4f-4c60694cc702/addn_hosts - 2 addresses
Jul 15 16:42:22 gtw01 dnsmasq-dhcp[23298]: read /var/lib/neutron/dhcp/527bb2ec-5c0c-4620-8a4f-4c60694cc702/host
Jul 15 16:42:22 gtw01 dnsmasq-dhcp[23298]: read /var/lib/neutron/dhcp/527bb2ec-5c0c-4620-8a4f-4c60694cc702/opts
Jul 15 16:42:23 gtw01 haproxy-metadata-proxy-527bb2ec-5c0c-4620-8a4f-4c60694cc702[24842]: Proxy listener started.
Jul 15 16:42:23 gtw01 dnsmasq[23298]: read /var/lib/neutron/dhcp/527bb2ec-5c0c-4620-8a4f-4c60694cc702/addn_hosts - 1 addresses
Jul 15 16:42:23 gtw01 dnsmasq-dhcp[23298]: read /var/lib/neutron/dhcp/527bb2ec-5c0c-4620-8a4f-4c60694cc702/host
Jul 15 16:42:23 gtw01 dnsmasq-dhcp[23298]: read /var/lib/neutron/dhcp/527bb2ec-5c0c-4620-8a4f-4c60694cc702/opts
Jul 15 16:42:23 gtw01 kernel: [13045.206025] device qg-cb044515-c2 left promiscuous mode
Jul 15 16:42:25 gtw01 kernel: [13047.550356] device vxlan_sys_4789 left promiscuous mode
Jul 15 16:42:27 gtw01 kernel: [13048.693012] device tap9dc1f355-b5 left promiscuous mode
Jul 15 16:42:27 gtw01 kernel: [13049.495346] device qr-d3a38fc2-bc left promiscuous mode
Jul 15 16:42:28 gtw01 kernel: [13050.364427] device qg-4d861c40-71 left promiscuous mode
Jul 15 16:42:29 gtw01 kernel: [13050.691694] device tap683f8d80-6c entered promiscuous mode
Jul 15 16:42:29 gtw01 systemd-udevd[25114]: Could not generate persistent MAC address for tap683f8d80-6c: No such file or directory
Jul 15 16:42:29 gtw01 systemd-udevd[25114]: Process '/sbin/ip link set tap683f8d80-6c txqueuelen 10000' failed with exit code 1.
Jul 15 16:42:29 gtw01 systemd-udevd[25114]: Process '/sbin/ip link set tap683f8d80-6c txqueuelen 10000' failed with exit code 1.
Jul 15 16:42:32 gtw01 dnsmasq[25334]: started, version 2.80 cachesize 150
Jul 15 16:42:32 gtw01 dnsmasq[25334]: DNS service limited to local subnets
Jul 15 16:42:32 gtw01 dnsmasq[25334]: compile time options: IPv6 GNU-getopt DBus i18n IDN DHCP DHCPv6 no-Lua TFTP conntrack ipset auth DNSSEC loop-detect inotify dumpfile
Jul 15 16:42:32 gtw01 dnsmasq[25334]: LOUD WARNING: listening on 11.11.11.2 may accept requests via interfaces other than tap683f8d80-6c
Jul 15 16:42:32 gtw01 dnsmasq[25334]: LOUD WARNING: use --bind-dynamic rather than --bind-interfaces to avoid DNS amplification attacks via these interface(s)
Jul 15 16:42:32 gtw01 dnsmasq[25334]: warning: no upstream servers configured
Jul 15 16:42:32 gtw01 dnsmasq-dhcp[25334]: DHCP, static leases only on 11.11.11.0, lease time 1h
Jul 15 16:42:32 gtw01 dnsmasq[25334]: read /var/lib/neutron/dhcp/88288e1a-35b8-4730-b0d8-66892ea3160b/addn_hosts - 1 addresses
Jul 15 16:42:32 gtw01 dnsmasq-dhcp[25334]: read /var/lib/neutron/dhcp/88288e1a-35b8-4730-b0d8-66892ea3160b/host
Jul 15 16:42:32 gtw01 dnsmasq-dhcp[25334]: read /var/lib/neutron/dhcp/88288e1a-35b8-4730-b0d8-66892ea3160b/opts
Jul 15 16:42:33 gtw01 haproxy-metadata-proxy-88288e1a-35b8-4730-b0d8-66892ea3160b[25342]: Proxy listener started.
Jul 15 16:42:33 gtw01 kernel: [13054.701053] device qg-9e11923b-a8 entered promiscuous mode
