Jul 15 15:13:06 gtw01 systemd-udevd[17834]: Could not generate persistent MAC address for tap0d574fb9-d2: No such file or directory
Jul 15 15:13:06 gtw01 systemd-udevd[17834]: Process '/sbin/ip link set tap0d574fb9-d2 txqueuelen 10000' failed with exit code 1.
Jul 15 15:13:06 gtw01 systemd-udevd[17913]: Process '/sbin/ip link set tap0d574fb9-d2 txqueuelen 10000' failed with exit code 1.
Jul 15 15:13:09 gtw01 kernel: [ 7690.657008] device qg-a352b5ba-9b left promiscuous mode
Jul 15 15:13:09 gtw01 kernel: [ 7691.050830] device tap2be36376-cd left promiscuous mode
Jul 15 15:13:09 gtw01 kernel: [ 7691.096342] device tap33ae0051-c7 entered promiscuous mode
Jul 15 15:13:09 gtw01 systemd-udevd[18090]: Could not generate persistent MAC address for tap33ae0051-c7: No such file or directory
Jul 15 15:13:09 gtw01 systemd-udevd[18090]: Process '/sbin/ip link set tap33ae0051-c7 txqueuelen 10000' failed with exit code 1.
Jul 15 15:13:09 gtw01 systemd-udevd[18090]: Process '/sbin/ip link set tap33ae0051-c7 txqueuelen 10000' failed with exit code 1.
Jul 15 15:13:09 gtw01 dnsmasq[18198]: started, version 2.80 cachesize 150
Jul 15 15:13:09 gtw01 dnsmasq[18198]: DNS service limited to local subnets
Jul 15 15:13:09 gtw01 dnsmasq[18198]: compile time options: IPv6 GNU-getopt DBus i18n IDN DHCP DHCPv6 no-Lua TFTP conntrack ipset auth DNSSEC loop-detect inotify dumpfile
Jul 15 15:13:09 gtw01 dnsmasq[18198]: warning: no upstream servers configured
Jul 15 15:13:09 gtw01 dnsmasq-dhcp[18198]: DHCPv6, static leases only on 2003::, lease time 1h
Jul 15 15:13:09 gtw01 dnsmasq[18198]: read /var/lib/neutron/dhcp/d9a75111-be91-4a2b-b8bc-8a4dcd668b33/addn_hosts - 1 addresses
Jul 15 15:13:09 gtw01 dnsmasq-dhcp[18198]: read /var/lib/neutron/dhcp/d9a75111-be91-4a2b-b8bc-8a4dcd668b33/host
Jul 15 15:13:09 gtw01 dnsmasq-dhcp[18198]: read /var/lib/neutron/dhcp/d9a75111-be91-4a2b-b8bc-8a4dcd668b33/opts
Jul 15 15:13:10 gtw01 dnsmasq[18216]: started, version 2.80 cachesize 150
Jul 15 15:13:10 gtw01 dnsmasq[18216]: DNS service limited to local subnets
Jul 15 15:13:10 gtw01 dnsmasq[18216]: compile time options: IPv6 GNU-getopt DBus i18n IDN DHCP DHCPv6 no-Lua TFTP conntrack ipset auth DNSSEC loop-detect inotify dumpfile
Jul 15 15:13:10 gtw01 dnsmasq[18216]: warning: no upstream servers configured
Jul 15 15:13:10 gtw01 dnsmasq-dhcp[18216]: DHCPv6, static leases only on 2003:0:0:1::, lease time 1h
Jul 15 15:13:10 gtw01 dnsmasq[18216]: read /var/lib/neutron/dhcp/3982205c-2c21-4918-8a02-d151091d225e/addn_hosts - 1 addresses
Jul 15 15:13:10 gtw01 dnsmasq-dhcp[18216]: read /var/lib/neutron/dhcp/3982205c-2c21-4918-8a02-d151091d225e/host
Jul 15 15:13:10 gtw01 dnsmasq-dhcp[18216]: read /var/lib/neutron/dhcp/3982205c-2c21-4918-8a02-d151091d225e/opts
Jul 15 15:13:10 gtw01 kernel: [ 7692.221821] device tap84f75116-c0 left promiscuous mode
Jul 15 15:13:11 gtw01 kernel: [ 7692.846085] device tap0d574fb9-d2 left promiscuous mode
Jul 15 15:13:12 gtw01 dnsmasq[18294]: started, version 2.80 cachesize 150
Jul 15 15:13:12 gtw01 dnsmasq[18294]: DNS service limited to local subnets
Jul 15 15:13:12 gtw01 dnsmasq[18294]: compile time options: IPv6 GNU-getopt DBus i18n IDN DHCP DHCPv6 no-Lua TFTP conntrack ipset auth DNSSEC loop-detect inotify dumpfile
Jul 15 15:13:12 gtw01 dnsmasq[18294]: warning: no upstream servers configured
Jul 15 15:13:12 gtw01 dnsmasq-dhcp[18294]: DHCP, static leases only on 192.168.120.0, lease time 1h
Jul 15 15:13:12 gtw01 dnsmasq[18294]: read /var/lib/neutron/dhcp/56b04d51-6963-420a-bc1a-1db545f66cac/addn_hosts - 1 addresses
Jul 15 15:13:12 gtw01 dnsmasq-dhcp[18294]: read /var/lib/neutron/dhcp/56b04d51-6963-420a-bc1a-1db545f66cac/host
Jul 15 15:13:12 gtw01 dnsmasq-dhcp[18294]: read /var/lib/neutron/dhcp/56b04d51-6963-420a-bc1a-1db545f66cac/opts
Jul 15 15:13:13 gtw01 haproxy-metadata-proxy-56b04d51-6963-420a-bc1a-1db545f66cac[18302]: Proxy listener started.
Jul 15 15:13:14 gtw01 dnsmasq[18294]: read /var/lib/neutron/dhcp/56b04d51-6963-420a-bc1a-1db545f66cac/addn_hosts - 1 addresses
Jul 15 15:13:14 gtw01 dnsmasq-dhcp[18294]: read /var/lib/neutron/dhcp/56b04d51-6963-420a-bc1a-1db545f66cac/host
Jul 15 15:13:14 gtw01 dnsmasq-dhcp[18294]: read /var/lib/neutron/dhcp/56b04d51-6963-420a-bc1a-1db545f66cac/opts
Jul 15 15:13:15 gtw01 dnsmasq[18294]: read /var/lib/neutron/dhcp/56b04d51-6963-420a-bc1a-1db545f66cac/addn_hosts - 1 addresses
Jul 15 15:13:15 gtw01 dnsmasq-dhcp[18294]: read /var/lib/neutron/dhcp/56b04d51-6963-420a-bc1a-1db545f66cac/host
Jul 15 15:13:15 gtw01 dnsmasq-dhcp[18294]: read /var/lib/neutron/dhcp/56b04d51-6963-420a-bc1a-1db545f66cac/opts
Jul 15 15:13:16 gtw01 dnsmasq[18294]: read /var/lib/neutron/dhcp/56b04d51-6963-420a-bc1a-1db545f66cac/addn_hosts - 2 addresses
Jul 15 15:13:16 gtw01 dnsmasq-dhcp[18294]: read /var/lib/neutron/dhcp/56b04d51-6963-420a-bc1a-1db545f66cac/host
Jul 15 15:13:16 gtw01 dnsmasq-dhcp[18294]: read /var/lib/neutron/dhcp/56b04d51-6963-420a-bc1a-1db545f66cac/opts
Jul 15 15:13:17 gtw01 dnsmasq[18294]: read /var/lib/neutron/dhcp/56b04d51-6963-420a-bc1a-1db545f66cac/addn_hosts - 2 addresses
Jul 15 15:13:17 gtw01 dnsmasq-dhcp[18294]: read /var/lib/neutron/dhcp/56b04d51-6963-420a-bc1a-1db545f66cac/host
Jul 15 15:13:17 gtw01 dnsmasq-dhcp[18294]: read /var/lib/neutron/dhcp/56b04d51-6963-420a-bc1a-1db545f66cac/opts
Jul 15 15:13:18 gtw01 kernel: [ 7700.074505] device tap33ae0051-c7 left promiscuous mode
Jul 15 15:13:20 gtw01 dnsmasq[17160]: read /var/lib/neutron/dhcp/6e27b216-4503-43bd-924e-0e7d283c4bf3/addn_hosts - 3 addresses
Jul 15 15:13:20 gtw01 dnsmasq-dhcp[17160]: read /var/lib/neutron/dhcp/6e27b216-4503-43bd-924e-0e7d283c4bf3/host
Jul 15 15:13:20 gtw01 dnsmasq-dhcp[17160]: read /var/lib/neutron/dhcp/6e27b216-4503-43bd-924e-0e7d283c4bf3/opts
Jul 15 15:13:21 gtw01 dnsmasq[17160]: read /var/lib/neutron/dhcp/6e27b216-4503-43bd-924e-0e7d283c4bf3/addn_hosts - 3 addresses
Jul 15 15:13:21 gtw01 dnsmasq-dhcp[17160]: read /var/lib/neutron/dhcp/6e27b216-4503-43bd-924e-0e7d283c4bf3/host
Jul 15 15:13:21 gtw01 dnsmasq-dhcp[17160]: read /var/lib/neutron/dhcp/6e27b216-4503-43bd-924e-0e7d283c4bf3/opts
Jul 15 15:13:22 gtw01 dnsmasq[17160]: read /var/lib/neutron/dhcp/6e27b216-4503-43bd-924e-0e7d283c4bf3/addn_hosts - 3 addresses
Jul 15 15:13:22 gtw01 dnsmasq-dhcp[17160]: read /var/lib/neutron/dhcp/6e27b216-4503-43bd-924e-0e7d283c4bf3/host
Jul 15 15:13:22 gtw01 dnsmasq-dhcp[17160]: read /var/lib/neutron/dhcp/6e27b216-4503-43bd-924e-0e7d283c4bf3/opts
Jul 15 15:13:25 gtw01 kernel: [ 7707.537342] device vxlan_sys_4789 entered promiscuous mode
Jul 15 15:13:25 gtw01 systemd-udevd[18495]: Could not generate persistent MAC address for vxlan_sys_4789: No such file or directory
Jul 15 15:13:30 gtw01 kernel: [ 7712.125211] device tap37b1ad48-2b entered promiscuous mode
Jul 15 15:13:30 gtw01 systemd-udevd[18606]: Could not generate persistent MAC address for tap37b1ad48-2b: No such file or directory
Jul 15 15:13:30 gtw01 systemd-udevd[18673]: Process '/sbin/ip link set tap37b1ad48-2b txqueuelen 10000' failed with exit code 1.
Jul 15 15:13:33 gtw01 dnsmasq[18755]: started, version 2.80 cachesize 150
Jul 15 15:13:33 gtw01 dnsmasq[18755]: DNS service limited to local subnets
Jul 15 15:13:33 gtw01 dnsmasq[18755]: compile time options: IPv6 GNU-getopt DBus i18n IDN DHCP DHCPv6 no-Lua TFTP conntrack ipset auth DNSSEC loop-detect inotify dumpfile
Jul 15 15:13:33 gtw01 dnsmasq[18755]: warning: no upstream servers configured
Jul 15 15:13:33 gtw01 dnsmasq-dhcp[18755]: DHCP, static leases only on 192.168.120.0, lease time 1h
Jul 15 15:13:33 gtw01 dnsmasq[18755]: read /var/lib/neutron/dhcp/d068c911-98f0-4910-bbc4-7c6b2b9a60ea/addn_hosts - 1 addresses
Jul 15 15:13:33 gtw01 dnsmasq-dhcp[18755]: read /var/lib/neutron/dhcp/d068c911-98f0-4910-bbc4-7c6b2b9a60ea/host
Jul 15 15:13:33 gtw01 dnsmasq-dhcp[18755]: read /var/lib/neutron/dhcp/d068c911-98f0-4910-bbc4-7c6b2b9a60ea/opts
Jul 15 15:13:34 gtw01 haproxy-metadata-proxy-d068c911-98f0-4910-bbc4-7c6b2b9a60ea[18765]: Proxy listener started.
Jul 15 15:13:34 gtw01 kernel: [ 7715.883782] device vxlan_sys_4789 left promiscuous mode
Jul 15 15:13:34 gtw01 dnsmasq[17160]: read /var/lib/neutron/dhcp/6e27b216-4503-43bd-924e-0e7d283c4bf3/addn_hosts - 2 addresses
Jul 15 15:13:34 gtw01 dnsmasq-dhcp[17160]: read /var/lib/neutron/dhcp/6e27b216-4503-43bd-924e-0e7d283c4bf3/host
Jul 15 15:13:34 gtw01 dnsmasq-dhcp[17160]: read /var/lib/neutron/dhcp/6e27b216-4503-43bd-924e-0e7d283c4bf3/opts
Jul 15 15:13:34 gtw01 dnsmasq[18755]: read /var/lib/neutron/dhcp/d068c911-98f0-4910-bbc4-7c6b2b9a60ea/addn_hosts - 2 addresses
Jul 15 15:13:34 gtw01 dnsmasq-dhcp[18755]: read /var/lib/neutron/dhcp/d068c911-98f0-4910-bbc4-7c6b2b9a60ea/host
Jul 15 15:13:34 gtw01 dnsmasq-dhcp[18755]: read /var/lib/neutron/dhcp/d068c911-98f0-4910-bbc4-7c6b2b9a60ea/opts
Jul 15 15:13:34 gtw01 kernel: [ 7716.499033] device tapbaf58d24-68 entered promiscuous mode
Jul 15 15:13:34 gtw01 systemd-udevd[18811]: Could not generate persistent MAC address for tapbaf58d24-68: No such file or directory
Jul 15 15:13:34 gtw01 systemd-udevd[18811]: Process '/sbin/ip link set tapbaf58d24-68 txqueuelen 10000' failed with exit code 1.
Jul 15 15:13:34 gtw01 systemd-udevd[18811]: Process '/sbin/ip link set tapbaf58d24-68 txqueuelen 10000' failed with exit code 1.
Jul 15 15:13:36 gtw01 dnsmasq[18755]: read /var/lib/neutron/dhcp/d068c911-98f0-4910-bbc4-7c6b2b9a60ea/addn_hosts - 2 addresses
Jul 15 15:13:36 gtw01 dnsmasq-dhcp[18755]: read /var/lib/neutron/dhcp/d068c911-98f0-4910-bbc4-7c6b2b9a60ea/host
Jul 15 15:13:36 gtw01 dnsmasq-dhcp[18755]: read /var/lib/neutron/dhcp/d068c911-98f0-4910-bbc4-7c6b2b9a60ea/opts
Jul 15 15:13:36 gtw01 dnsmasq[18755]: read /var/lib/neutron/dhcp/d068c911-98f0-4910-bbc4-7c6b2b9a60ea/addn_hosts - 2 addresses
Jul 15 15:13:36 gtw01 dnsmasq-dhcp[18755]: read /var/lib/neutron/dhcp/d068c911-98f0-4910-bbc4-7c6b2b9a60ea/host
Jul 15 15:13:36 gtw01 dnsmasq-dhcp[18755]: read /var/lib/neutron/dhcp/d068c911-98f0-4910-bbc4-7c6b2b9a60ea/opts
Jul 15 15:13:37 gtw01 dnsmasq[18755]: read /var/lib/neutron/dhcp/d068c911-98f0-4910-bbc4-7c6b2b9a60ea/addn_hosts - 2 addresses
Jul 15 15:13:37 gtw01 dnsmasq-dhcp[18755]: read /var/lib/neutron/dhcp/d068c911-98f0-4910-bbc4-7c6b2b9a60ea/host
Jul 15 15:13:37 gtw01 dnsmasq-dhcp[18755]: read /var/lib/neutron/dhcp/d068c911-98f0-4910-bbc4-7c6b2b9a60ea/opts
Jul 15 15:13:38 gtw01 dnsmasq[19034]: started, version 2.80 cachesize 150
Jul 15 15:13:38 gtw01 dnsmasq[19034]: DNS service limited to local subnets
Jul 15 15:13:38 gtw01 dnsmasq[19034]: compile time options: IPv6 GNU-getopt DBus i18n IDN DHCP DHCPv6 no-Lua TFTP conntrack ipset auth DNSSEC loop-detect inotify dumpfile
Jul 15 15:13:38 gtw01 dnsmasq[19034]: warning: no upstream servers configured
Jul 15 15:13:38 gtw01 dnsmasq-dhcp[19034]: DHCPv6, static leases only on 2003::, lease time 1h
Jul 15 15:13:38 gtw01 dnsmasq[19034]: read /var/lib/neutron/dhcp/13ee17f2-10ec-4a80-9cac-ed43b18ae0f6/addn_hosts - 1 addresses
Jul 15 15:13:38 gtw01 dnsmasq-dhcp[19034]: read /var/lib/neutron/dhcp/13ee17f2-10ec-4a80-9cac-ed43b18ae0f6/host
Jul 15 15:13:38 gtw01 dnsmasq-dhcp[19034]: read /var/lib/neutron/dhcp/13ee17f2-10ec-4a80-9cac-ed43b18ae0f6/opts
Jul 15 15:13:38 gtw01 kernel: [ 7720.489303] device tapbaf58d24-68 left promiscuous mode
Jul 15 15:13:38 gtw01 dnsmasq[18755]: read /var/lib/neutron/dhcp/d068c911-98f0-4910-bbc4-7c6b2b9a60ea/addn_hosts - 2 addresses
Jul 15 15:13:38 gtw01 dnsmasq-dhcp[18755]: read /var/lib/neutron/dhcp/d068c911-98f0-4910-bbc4-7c6b2b9a60ea/host
Jul 15 15:13:38 gtw01 dnsmasq-dhcp[18755]: read /var/lib/neutron/dhcp/d068c911-98f0-4910-bbc4-7c6b2b9a60ea/opts
Jul 15 15:13:40 gtw01 kernel: [ 7721.688095] device tap37b1ad48-2b left promiscuous mode
Jul 15 15:13:42 gtw01 kernel: [ 7724.484334] device tap2d6003ee-93 entered promiscuous mode
Jul 15 15:13:42 gtw01 systemd-udevd[19123]: Could not generate persistent MAC address for tap2d6003ee-93: No such file or directory
Jul 15 15:13:42 gtw01 systemd-udevd[19123]: Process '/sbin/ip link set tap2d6003ee-93 txqueuelen 10000' failed with exit code 1.
Jul 15 15:13:42 gtw01 systemd-udevd[19123]: Process '/sbin/ip link set tap2d6003ee-93 txqueuelen 10000' failed with exit code 1.
Jul 15 15:13:45 gtw01 kernel: [ 7726.678305] device tap87d0523b-5e entered promiscuous mode
Jul 15 15:13:45 gtw01 systemd-udevd[19270]: Could not generate persistent MAC address for tap87d0523b-5e: No such file or directory
Jul 15 15:13:45 gtw01 systemd-udevd[19270]: Process '/sbin/ip link set tap87d0523b-5e txqueuelen 10000' failed with exit code 1.
Jul 15 15:13:45 gtw01 systemd-udevd[19270]: Process '/sbin/ip link set tap87d0523b-5e txqueuelen 10000' failed with exit code 1.
Jul 15 15:13:46 gtw01 dnsmasq[19411]: started, version 2.80 cachesize 150
Jul 15 15:13:46 gtw01 dnsmasq[19411]: DNS service limited to local subnets
Jul 15 15:13:46 gtw01 dnsmasq[19411]: compile time options: IPv6 GNU-getopt DBus i18n IDN DHCP DHCPv6 no-Lua TFTP conntrack ipset auth DNSSEC loop-detect inotify dumpfile
Jul 15 15:13:46 gtw01 dnsmasq[19411]: warning: no upstream servers configured
Jul 15 15:13:46 gtw01 dnsmasq-dhcp[19411]: DHCPv6, static leases only on 2003::, lease time 1h
Jul 15 15:13:46 gtw01 dnsmasq[19411]: read /var/lib/neutron/dhcp/c6b747d3-be47-477c-ab62-cadd00417c5f/addn_hosts - 1 addresses
Jul 15 15:13:46 gtw01 dnsmasq-dhcp[19411]: read /var/lib/neutron/dhcp/c6b747d3-be47-477c-ab62-cadd00417c5f/host
Jul 15 15:13:46 gtw01 dnsmasq-dhcp[19411]: read /var/lib/neutron/dhcp/c6b747d3-be47-477c-ab62-cadd00417c5f/opts
Jul 15 15:13:46 gtw01 kernel: [ 7728.246093] device tap2d6003ee-93 left promiscuous mode
Jul 15 15:13:47 gtw01 kernel: [ 7728.803839] device qr-0d9c97ed-79 entered promiscuous mode
Jul 15 15:13:47 gtw01 systemd-udevd[19461]: Could not generate persistent MAC address for qr-0d9c97ed-79: No such file or directory
Jul 15 15:13:48 gtw01 systemd-udevd[19616]: Could not generate persistent MAC address for qg-ab4d7b11-dc: No such file or directory
Jul 15 15:13:48 gtw01 kernel: [ 7730.176733] device qg-ab4d7b11-dc entered promiscuous mode
Jul 15 15:13:48 gtw01 dnsmasq[19673]: started, version 2.80 cachesize 150
Jul 15 15:13:48 gtw01 dnsmasq[19673]: DNS service limited to local subnets
Jul 15 15:13:48 gtw01 dnsmasq[19673]: compile time options: IPv6 GNU-getopt DBus i18n IDN DHCP DHCPv6 no-Lua TFTP conntrack ipset auth DNSSEC loop-detect inotify dumpfile
Jul 15 15:13:48 gtw01 dnsmasq[19673]: warning: no upstream servers configured
Jul 15 15:13:48 gtw01 dnsmasq-dhcp[19673]: DHCP, static leases only on 192.168.120.0, lease time 1h
Jul 15 15:13:48 gtw01 dnsmasq[19673]: read /var/lib/neutron/dhcp/42b9ac2e-880c-4785-be4a-8b2b2c3f61d4/addn_hosts - 1 addresses
Jul 15 15:13:48 gtw01 dnsmasq-dhcp[19673]: read /var/lib/neutron/dhcp/42b9ac2e-880c-4785-be4a-8b2b2c3f61d4/host
Jul 15 15:13:48 gtw01 dnsmasq-dhcp[19673]: read /var/lib/neutron/dhcp/42b9ac2e-880c-4785-be4a-8b2b2c3f61d4/opts
Jul 15 15:13:48 gtw01 kernel: [ 7730.441828] device tap20623e50-fc entered promiscuous mode
Jul 15 15:13:48 gtw01 systemd-udevd[19711]: Could not generate persistent MAC address for tap20623e50-fc: No such file or directory
Jul 15 15:13:48 gtw01 systemd-udevd[19711]: Process '/sbin/ip link set tap20623e50-fc txqueuelen 10000' failed with exit code 1.
Jul 15 15:13:48 gtw01 haproxy-metadata-proxy-42b9ac2e-880c-4785-be4a-8b2b2c3f61d4[19752]: Proxy listener started.
Jul 15 15:13:48 gtw01 systemd-udevd[19711]: Process '/sbin/ip link set tap20623e50-fc txqueuelen 10000' failed with exit code 1.
Jul 15 15:13:50 gtw01 dnsmasq[19673]: read /var/lib/neutron/dhcp/42b9ac2e-880c-4785-be4a-8b2b2c3f61d4/addn_hosts - 2 addresses
Jul 15 15:13:50 gtw01 dnsmasq-dhcp[19673]: read /var/lib/neutron/dhcp/42b9ac2e-880c-4785-be4a-8b2b2c3f61d4/host
Jul 15 15:13:50 gtw01 dnsmasq-dhcp[19673]: read /var/lib/neutron/dhcp/42b9ac2e-880c-4785-be4a-8b2b2c3f61d4/opts
Jul 15 15:13:51 gtw01 kernel: [ 7733.484200] device qr-104b82f2-9a entered promiscuous mode
Jul 15 15:13:51 gtw01 systemd-udevd[19985]: Could not generate persistent MAC address for qr-104b82f2-9a: No such file or directory
Jul 15 15:13:51 gtw01 dnsmasq[19673]: read /var/lib/neutron/dhcp/42b9ac2e-880c-4785-be4a-8b2b2c3f61d4/addn_hosts - 2 addresses
Jul 15 15:13:51 gtw01 dnsmasq-dhcp[19673]: read /var/lib/neutron/dhcp/42b9ac2e-880c-4785-be4a-8b2b2c3f61d4/host
Jul 15 15:13:51 gtw01 dnsmasq-dhcp[19673]: read /var/lib/neutron/dhcp/42b9ac2e-880c-4785-be4a-8b2b2c3f61d4/opts
Jul 15 15:13:52 gtw01 kernel: [ 7734.236975] device tapf506da57-7c entered promiscuous mode
Jul 15 15:13:52 gtw01 systemd-udevd[20116]: Could not generate persistent MAC address for tapf506da57-7c: No such file or directory
Jul 15 15:13:52 gtw01 systemd-udevd[20116]: Process '/sbin/ip link set tapf506da57-7c txqueuelen 10000' failed with exit code 1.
Jul 15 15:13:53 gtw01 dnsmasq[20222]: started, version 2.80 cachesize 150
Jul 15 15:13:53 gtw01 dnsmasq[20222]: DNS service limited to local subnets
Jul 15 15:13:53 gtw01 dnsmasq[20222]: compile time options: IPv6 GNU-getopt DBus i18n IDN DHCP DHCPv6 no-Lua TFTP conntrack ipset auth DNSSEC loop-detect inotify dumpfile
Jul 15 15:13:53 gtw01 dnsmasq[20222]: warning: no upstream servers configured
Jul 15 15:13:53 gtw01 dnsmasq-dhcp[20222]: DHCPv6, static leases only on 2003::, lease time 1h
Jul 15 15:13:53 gtw01 dnsmasq[20222]: read /var/lib/neutron/dhcp/9d6e3fd7-95bc-4543-9b37-20904709b9ef/addn_hosts - 1 addresses
Jul 15 15:13:53 gtw01 dnsmasq-dhcp[20222]: read /var/lib/neutron/dhcp/9d6e3fd7-95bc-4543-9b37-20904709b9ef/host
Jul 15 15:13:53 gtw01 dnsmasq-dhcp[20222]: read /var/lib/neutron/dhcp/9d6e3fd7-95bc-4543-9b37-20904709b9ef/opts
Jul 15 15:13:53 gtw01 dnsmasq[19673]: read /var/lib/neutron/dhcp/42b9ac2e-880c-4785-be4a-8b2b2c3f61d4/addn_hosts - 2 addresses
Jul 15 15:13:53 gtw01 dnsmasq-dhcp[19673]: read /var/lib/neutron/dhcp/42b9ac2e-880c-4785-be4a-8b2b2c3f61d4/host
Jul 15 15:13:53 gtw01 dnsmasq-dhcp[19673]: read /var/lib/neutron/dhcp/42b9ac2e-880c-4785-be4a-8b2b2c3f61d4/opts
Jul 15 15:13:53 gtw01 kernel: [ 7735.062023] IPv4: martian source 192.168.120.1 from 192.168.120.1, on dev qr-0d9c97ed-79
Jul 15 15:13:53 gtw01 kernel: [ 7735.062028] ll header: 00000000: ff ff ff ff ff ff fa 16 3e 77 14 d0 08 06        ........>w....
Jul 15 15:13:53 gtw01 kernel: [ 7735.462530] IPv4: martian source 192.168.120.1 from 192.168.120.1, on dev qr-104b82f2-9a
Jul 15 15:13:53 gtw01 kernel: [ 7735.462534] ll header: 00000000: ff ff ff ff ff ff fa 16 3e 69 e8 e9 08 06        ........>i....
Jul 15 15:13:53 gtw01 dnsmasq[20222]: read /var/lib/neutron/dhcp/9d6e3fd7-95bc-4543-9b37-20904709b9ef/addn_hosts - 3 addresses
Jul 15 15:13:53 gtw01 dnsmasq-dhcp[20222]: read /var/lib/neutron/dhcp/9d6e3fd7-95bc-4543-9b37-20904709b9ef/host
Jul 15 15:13:53 gtw01 dnsmasq-dhcp[20222]: read /var/lib/neutron/dhcp/9d6e3fd7-95bc-4543-9b37-20904709b9ef/opts
Jul 15 15:13:54 gtw01 dnsmasq[19673]: read /var/lib/neutron/dhcp/42b9ac2e-880c-4785-be4a-8b2b2c3f61d4/addn_hosts - 2 addresses
Jul 15 15:13:54 gtw01 dnsmasq-dhcp[19673]: read /var/lib/neutron/dhcp/42b9ac2e-880c-4785-be4a-8b2b2c3f61d4/host
Jul 15 15:13:54 gtw01 dnsmasq-dhcp[19673]: read /var/lib/neutron/dhcp/42b9ac2e-880c-4785-be4a-8b2b2c3f61d4/opts
Jul 15 15:13:55 gtw01 dnsmasq[20222]: read /var/lib/neutron/dhcp/9d6e3fd7-95bc-4543-9b37-20904709b9ef/addn_hosts - 3 addresses
Jul 15 15:13:55 gtw01 dnsmasq-dhcp[20222]: read /var/lib/neutron/dhcp/9d6e3fd7-95bc-4543-9b37-20904709b9ef/host
Jul 15 15:13:55 gtw01 dnsmasq-dhcp[20222]: read /var/lib/neutron/dhcp/9d6e3fd7-95bc-4543-9b37-20904709b9ef/opts
Jul 15 15:13:55 gtw01 dnsmasq[19673]: read /var/lib/neutron/dhcp/42b9ac2e-880c-4785-be4a-8b2b2c3f61d4/addn_hosts - 2 addresses
Jul 15 15:13:55 gtw01 dnsmasq-dhcp[19673]: read /var/lib/neutron/dhcp/42b9ac2e-880c-4785-be4a-8b2b2c3f61d4/host
Jul 15 15:13:55 gtw01 dnsmasq-dhcp[19673]: read /var/lib/neutron/dhcp/42b9ac2e-880c-4785-be4a-8b2b2c3f61d4/opts
Jul 15 15:13:56 gtw01 kernel: [ 7737.834725] IPv4: martian source 192.168.120.1 from 192.168.120.1, on dev qr-0d9c97ed-79
Jul 15 15:13:56 gtw01 kernel: [ 7737.834729] ll header: 00000000: ff ff ff ff ff ff fa 16 3e 77 14 d0 08 06        ........>w....
Jul 15 15:13:56 gtw01 dnsmasq[20222]: read /var/lib/neutron/dhcp/9d6e3fd7-95bc-4543-9b37-20904709b9ef/addn_hosts - 3 addresses
Jul 15 15:13:56 gtw01 dnsmasq-dhcp[20222]: read /var/lib/neutron/dhcp/9d6e3fd7-95bc-4543-9b37-20904709b9ef/host
Jul 15 15:13:56 gtw01 dnsmasq-dhcp[20222]: read /var/lib/neutron/dhcp/9d6e3fd7-95bc-4543-9b37-20904709b9ef/opts
Jul 15 15:13:56 gtw01 haproxy-metadata-proxy-de8925cd-5d8b-42ff-9115-7e769116090f[20453]: Proxy listener started.
Jul 15 15:13:56 gtw01 dnsmasq[19673]: read /var/lib/neutron/dhcp/42b9ac2e-880c-4785-be4a-8b2b2c3f61d4/addn_hosts - 2 addresses
Jul 15 15:13:56 gtw01 dnsmasq-dhcp[19673]: read /var/lib/neutron/dhcp/42b9ac2e-880c-4785-be4a-8b2b2c3f61d4/host
Jul 15 15:13:56 gtw01 dnsmasq-dhcp[19673]: read /var/lib/neutron/dhcp/42b9ac2e-880c-4785-be4a-8b2b2c3f61d4/opts
Jul 15 15:13:56 gtw01 dnsmasq[20494]: started, version 2.80 cachesize 150
Jul 15 15:13:56 gtw01 dnsmasq[20494]: DNS service limited to local subnets
Jul 15 15:13:56 gtw01 dnsmasq[20494]: compile time options: IPv6 GNU-getopt DBus i18n IDN DHCP DHCPv6 no-Lua TFTP conntrack ipset auth DNSSEC loop-detect inotify dumpfile
Jul 15 15:13:56 gtw01 dnsmasq[20494]: warning: no upstream servers configured
Jul 15 15:13:56 gtw01 dnsmasq-dhcp[20494]: DHCP, static leases only on 192.168.121.0, lease time 1h
Jul 15 15:13:56 gtw01 dnsmasq[20494]: read /var/lib/neutron/dhcp/c1c915f1-f84a-41f1-8cd8-c6820a10a868/addn_hosts - 1 addresses
Jul 15 15:13:56 gtw01 dnsmasq-dhcp[20494]: read /var/lib/neutron/dhcp/c1c915f1-f84a-41f1-8cd8-c6820a10a868/host
Jul 15 15:13:56 gtw01 dnsmasq-dhcp[20494]: read /var/lib/neutron/dhcp/c1c915f1-f84a-41f1-8cd8-c6820a10a868/opts
Jul 15 15:13:57 gtw01 haproxy-metadata-proxy-c1c915f1-f84a-41f1-8cd8-c6820a10a868[20509]: Proxy listener started.
Jul 15 15:13:57 gtw01 dnsmasq[20222]: read /var/lib/neutron/dhcp/9d6e3fd7-95bc-4543-9b37-20904709b9ef/addn_hosts - 4 addresses
Jul 15 15:13:57 gtw01 dnsmasq-dhcp[20222]: read /var/lib/neutron/dhcp/9d6e3fd7-95bc-4543-9b37-20904709b9ef/host
Jul 15 15:13:57 gtw01 dnsmasq-dhcp[20222]: read /var/lib/neutron/dhcp/9d6e3fd7-95bc-4543-9b37-20904709b9ef/opts
Jul 15 15:13:57 gtw01 haproxy-metadata-proxy-ebf916b3-d63b-4698-a30d-2b2ac753e5af[20556]: Proxy listener started.
Jul 15 15:13:58 gtw01 dnsmasq[19673]: read /var/lib/neutron/dhcp/42b9ac2e-880c-4785-be4a-8b2b2c3f61d4/addn_hosts - 2 addresses
Jul 15 15:13:58 gtw01 dnsmasq-dhcp[19673]: read /var/lib/neutron/dhcp/42b9ac2e-880c-4785-be4a-8b2b2c3f61d4/host
Jul 15 15:13:58 gtw01 dnsmasq-dhcp[19673]: read /var/lib/neutron/dhcp/42b9ac2e-880c-4785-be4a-8b2b2c3f61d4/opts
Jul 15 15:13:58 gtw01 dnsmasq[20494]: read /var/lib/neutron/dhcp/c1c915f1-f84a-41f1-8cd8-c6820a10a868/addn_hosts - 2 addresses
Jul 15 15:13:58 gtw01 dnsmasq-dhcp[20494]: read /var/lib/neutron/dhcp/c1c915f1-f84a-41f1-8cd8-c6820a10a868/host
Jul 15 15:13:58 gtw01 dnsmasq-dhcp[20494]: read /var/lib/neutron/dhcp/c1c915f1-f84a-41f1-8cd8-c6820a10a868/opts
Jul 15 15:13:58 gtw01 dnsmasq[20222]: read /var/lib/neutron/dhcp/9d6e3fd7-95bc-4543-9b37-20904709b9ef/addn_hosts - 4 addresses
Jul 15 15:13:58 gtw01 dnsmasq-dhcp[20222]: read /var/lib/neutron/dhcp/9d6e3fd7-95bc-4543-9b37-20904709b9ef/host
Jul 15 15:13:58 gtw01 dnsmasq-dhcp[20222]: read /var/lib/neutron/dhcp/9d6e3fd7-95bc-4543-9b37-20904709b9ef/opts
Jul 15 15:13:58 gtw01 kernel: [ 7740.494698] IPv4: martian source 192.168.120.1 from 192.168.120.1, on dev qr-0d9c97ed-79
Jul 15 15:13:58 gtw01 kernel: [ 7740.494702] ll header: 00000000: ff ff ff ff ff ff fa 16 3e 77 14 d0 08 06        ........>w....
Jul 15 15:13:59 gtw01 systemd-udevd[20655]: Could not generate persistent MAC address for tap81c0ec50-dc: No such file or directory
Jul 15 15:13:59 gtw01 kernel: [ 7740.963646] device tap81c0ec50-dc entered promiscuous mode
Jul 15 15:13:59 gtw01 systemd-udevd[20655]: Process '/sbin/ip link set tap81c0ec50-dc txqueuelen 10000' failed with exit code 1.
Jul 15 15:13:59 gtw01 systemd-udevd[20731]: Process '/sbin/ip link set tap81c0ec50-dc txqueuelen 10000' failed with exit code 1.
Jul 15 15:13:59 gtw01 dnsmasq[20494]: read /var/lib/neutron/dhcp/c1c915f1-f84a-41f1-8cd8-c6820a10a868/addn_hosts - 2 addresses
Jul 15 15:13:59 gtw01 dnsmasq-dhcp[20494]: read /var/lib/neutron/dhcp/c1c915f1-f84a-41f1-8cd8-c6820a10a868/host
Jul 15 15:13:59 gtw01 dnsmasq-dhcp[20494]: read /var/lib/neutron/dhcp/c1c915f1-f84a-41f1-8cd8-c6820a10a868/opts
Jul 15 15:13:59 gtw01 dnsmasq[20222]: read /var/lib/neutron/dhcp/9d6e3fd7-95bc-4543-9b37-20904709b9ef/addn_hosts - 4 addresses
Jul 15 15:13:59 gtw01 dnsmasq-dhcp[20222]: read /var/lib/neutron/dhcp/9d6e3fd7-95bc-4543-9b37-20904709b9ef/host
Jul 15 15:13:59 gtw01 dnsmasq-dhcp[20222]: read /var/lib/neutron/dhcp/9d6e3fd7-95bc-4543-9b37-20904709b9ef/opts
Jul 15 15:14:00 gtw01 dnsmasq[20494]: read /var/lib/neutron/dhcp/c1c915f1-f84a-41f1-8cd8-c6820a10a868/addn_hosts - 2 addresses
Jul 15 15:14:00 gtw01 dnsmasq-dhcp[20494]: read /var/lib/neutron/dhcp/c1c915f1-f84a-41f1-8cd8-c6820a10a868/host
Jul 15 15:14:00 gtw01 dnsmasq-dhcp[20494]: read /var/lib/neutron/dhcp/c1c915f1-f84a-41f1-8cd8-c6820a10a868/opts
Jul 15 15:14:01 gtw01 dnsmasq[20222]: read /var/lib/neutron/dhcp/9d6e3fd7-95bc-4543-9b37-20904709b9ef/addn_hosts - 5 addresses
Jul 15 15:14:01 gtw01 dnsmasq-dhcp[20222]: read /var/lib/neutron/dhcp/9d6e3fd7-95bc-4543-9b37-20904709b9ef/host
Jul 15 15:14:01 gtw01 dnsmasq-dhcp[20222]: read /var/lib/neutron/dhcp/9d6e3fd7-95bc-4543-9b37-20904709b9ef/opts
Jul 15 15:14:01 gtw01 kernel: [ 7742.889474] device tap25362748-30 entered promiscuous mode
Jul 15 15:14:01 gtw01 systemd-udevd[20850]: Could not generate persistent MAC address for tap25362748-30: No such file or directory
Jul 15 15:14:01 gtw01 systemd-udevd[20919]: Process '/sbin/ip link set tap25362748-30 txqueuelen 10000' failed with exit code 1.
Jul 15 15:14:01 gtw01 dnsmasq[20494]: read /var/lib/neutron/dhcp/c1c915f1-f84a-41f1-8cd8-c6820a10a868/addn_hosts - 2 addresses
Jul 15 15:14:01 gtw01 dnsmasq-dhcp[20494]: read /var/lib/neutron/dhcp/c1c915f1-f84a-41f1-8cd8-c6820a10a868/host
Jul 15 15:14:01 gtw01 dnsmasq-dhcp[20494]: read /var/lib/neutron/dhcp/c1c915f1-f84a-41f1-8cd8-c6820a10a868/opts
Jul 15 15:14:02 gtw01 dnsmasq[20222]: read /var/lib/neutron/dhcp/9d6e3fd7-95bc-4543-9b37-20904709b9ef/addn_hosts - 5 addresses
Jul 15 15:14:02 gtw01 dnsmasq-dhcp[20222]: read /var/lib/neutron/dhcp/9d6e3fd7-95bc-4543-9b37-20904709b9ef/host
Jul 15 15:14:02 gtw01 dnsmasq-dhcp[20222]: read /var/lib/neutron/dhcp/9d6e3fd7-95bc-4543-9b37-20904709b9ef/opts
Jul 15 15:14:02 gtw01 systemd-udevd[21032]: Could not generate persistent MAC address for qr-68707cfc-3e: No such file or directory
Jul 15 15:14:02 gtw01 kernel: [ 7744.375186] device qr-68707cfc-3e entered promiscuous mode
Jul 15 15:14:03 gtw01 dnsmasq[20494]: read /var/lib/neutron/dhcp/c1c915f1-f84a-41f1-8cd8-c6820a10a868/addn_hosts - 2 addresses
Jul 15 15:14:03 gtw01 dnsmasq-dhcp[20494]: read /var/lib/neutron/dhcp/c1c915f1-f84a-41f1-8cd8-c6820a10a868/host
Jul 15 15:14:03 gtw01 dnsmasq-dhcp[20494]: read /var/lib/neutron/dhcp/c1c915f1-f84a-41f1-8cd8-c6820a10a868/opts
Jul 15 15:14:03 gtw01 dnsmasq[20222]: read /var/lib/neutron/dhcp/9d6e3fd7-95bc-4543-9b37-20904709b9ef/addn_hosts - 5 addresses
Jul 15 15:14:03 gtw01 dnsmasq-dhcp[20222]: read /var/lib/neutron/dhcp/9d6e3fd7-95bc-4543-9b37-20904709b9ef/host
Jul 15 15:14:03 gtw01 dnsmasq-dhcp[20222]: read /var/lib/neutron/dhcp/9d6e3fd7-95bc-4543-9b37-20904709b9ef/opts
Jul 15 15:14:03 gtw01 dnsmasq[21158]: started, version 2.80 cachesize 150
Jul 15 15:14:03 gtw01 dnsmasq[21158]: DNS service limited to local subnets
Jul 15 15:14:03 gtw01 dnsmasq[21158]: compile time options: IPv6 GNU-getopt DBus i18n IDN DHCP DHCPv6 no-Lua TFTP conntrack ipset auth DNSSEC loop-detect inotify dumpfile
Jul 15 15:14:03 gtw01 dnsmasq[21158]: warning: no upstream servers configured
Jul 15 15:14:03 gtw01 dnsmasq-dhcp[21158]: DHCP, static leases only on 192.168.122.0, lease time 1h
Jul 15 15:14:03 gtw01 dnsmasq[21158]: read /var/lib/neutron/dhcp/54bd012a-fb39-43f0-8541-86891c84f005/addn_hosts - 1 addresses
Jul 15 15:14:03 gtw01 dnsmasq-dhcp[21158]: read /var/lib/neutron/dhcp/54bd012a-fb39-43f0-8541-86891c84f005/host
Jul 15 15:14:03 gtw01 dnsmasq-dhcp[21158]: read /var/lib/neutron/dhcp/54bd012a-fb39-43f0-8541-86891c84f005/opts
Jul 15 15:14:03 gtw01 haproxy-metadata-proxy-54bd012a-fb39-43f0-8541-86891c84f005[21188]: Proxy listener started.
Jul 15 15:14:04 gtw01 systemd-udevd[21209]: Could not generate persistent MAC address for qr-cdca2248-97: No such file or directory
Jul 15 15:14:04 gtw01 kernel: [ 7745.710402] device qr-cdca2248-97 entered promiscuous mode
Jul 15 15:14:04 gtw01 kernel: [ 7745.929854] IPv4: martian source 192.168.122.1 from 192.168.122.1, on dev qr-0d9c97ed-79
Jul 15 15:14:04 gtw01 kernel: [ 7745.929858] ll header: 00000000: ff ff ff ff ff ff fa 16 3e 5c 8d cb 08 06        ........>\....
Jul 15 15:14:04 gtw01 kernel: [ 7745.929866] IPv4: martian source 192.168.122.1 from 192.168.122.1, on dev qr-cdca2248-97
Jul 15 15:14:04 gtw01 kernel: [ 7745.929867] ll header: 00000000: ff ff ff ff ff ff fa 16 3e 5c 8d cb 08 06        ........>\....
Jul 15 15:14:04 gtw01 dnsmasq[20494]: read /var/lib/neutron/dhcp/c1c915f1-f84a-41f1-8cd8-c6820a10a868/addn_hosts - 2 addresses
Jul 15 15:14:04 gtw01 dnsmasq-dhcp[20494]: read /var/lib/neutron/dhcp/c1c915f1-f84a-41f1-8cd8-c6820a10a868/host
Jul 15 15:14:04 gtw01 dnsmasq-dhcp[20494]: read /var/lib/neutron/dhcp/c1c915f1-f84a-41f1-8cd8-c6820a10a868/opts
Jul 15 15:14:05 gtw01 dnsmasq[20222]: read /var/lib/neutron/dhcp/9d6e3fd7-95bc-4543-9b37-20904709b9ef/addn_hosts - 4 addresses
Jul 15 15:14:05 gtw01 dnsmasq-dhcp[20222]: read /var/lib/neutron/dhcp/9d6e3fd7-95bc-4543-9b37-20904709b9ef/host
Jul 15 15:14:05 gtw01 dnsmasq-dhcp[20222]: read /var/lib/neutron/dhcp/9d6e3fd7-95bc-4543-9b37-20904709b9ef/opts
Jul 15 15:14:05 gtw01 dnsmasq[21158]: read /var/lib/neutron/dhcp/54bd012a-fb39-43f0-8541-86891c84f005/addn_hosts - 2 addresses
Jul 15 15:14:05 gtw01 dnsmasq-dhcp[21158]: read /var/lib/neutron/dhcp/54bd012a-fb39-43f0-8541-86891c84f005/host
Jul 15 15:14:05 gtw01 dnsmasq-dhcp[21158]: read /var/lib/neutron/dhcp/54bd012a-fb39-43f0-8541-86891c84f005/opts
Jul 15 15:14:05 gtw01 kernel: [ 7747.346534] device vxlan_sys_4789 entered promiscuous mode
Jul 15 15:14:05 gtw01 systemd-udevd[21396]: Could not generate persistent MAC address for vxlan_sys_4789: No such file or directory
Jul 15 15:14:06 gtw01 kernel: [ 7747.810863] IPv4: martian source 192.168.121.1 from 192.168.121.1, on dev qr-0d9c97ed-79
Jul 15 15:14:06 gtw01 kernel: [ 7747.810867] ll header: 00000000: ff ff ff ff ff ff fa 16 3e d6 dc 7e 08 06        ........>..~..
Jul 15 15:14:06 gtw01 kernel: [ 7747.810876] IPv4: martian source 192.168.121.1 from 192.168.121.1, on dev qr-68707cfc-3e
Jul 15 15:14:06 gtw01 kernel: [ 7747.810877] ll header: 00000000: ff ff ff ff ff ff fa 16 3e d6 dc 7e 08 06        ........>..~..
Jul 15 15:14:06 gtw01 dnsmasq[20494]: read /var/lib/neutron/dhcp/c1c915f1-f84a-41f1-8cd8-c6820a10a868/addn_hosts - 2 addresses
Jul 15 15:14:06 gtw01 dnsmasq-dhcp[20494]: read /var/lib/neutron/dhcp/c1c915f1-f84a-41f1-8cd8-c6820a10a868/host
Jul 15 15:14:06 gtw01 dnsmasq-dhcp[20494]: read /var/lib/neutron/dhcp/c1c915f1-f84a-41f1-8cd8-c6820a10a868/opts
Jul 15 15:14:06 gtw01 dnsmasq[21551]: started, version 2.80 cachesize 150
Jul 15 15:14:06 gtw01 dnsmasq[21551]: DNS service limited to local subnets
Jul 15 15:14:06 gtw01 dnsmasq[21551]: compile time options: IPv6 GNU-getopt DBus i18n IDN DHCP DHCPv6 no-Lua TFTP conntrack ipset auth DNSSEC loop-detect inotify dumpfile
Jul 15 15:14:06 gtw01 dnsmasq[21551]: warning: no upstream servers configured
Jul 15 15:14:06 gtw01 dnsmasq-dhcp[21551]: DHCPv6, static leases only on 2003::, lease time 1h
Jul 15 15:14:06 gtw01 dnsmasq[21551]: read /var/lib/neutron/dhcp/f43fcae8-e80c-4352-9147-934f6aa6a209/addn_hosts - 1 addresses
Jul 15 15:14:06 gtw01 dnsmasq-dhcp[21551]: read /var/lib/neutron/dhcp/f43fcae8-e80c-4352-9147-934f6aa6a209/host
Jul 15 15:14:06 gtw01 dnsmasq-dhcp[21551]: read /var/lib/neutron/dhcp/f43fcae8-e80c-4352-9147-934f6aa6a209/opts
Jul 15 15:14:07 gtw01 dnsmasq[20222]: read /var/lib/neutron/dhcp/9d6e3fd7-95bc-4543-9b37-20904709b9ef/addn_hosts - 3 addresses
Jul 15 15:14:07 gtw01 dnsmasq-dhcp[20222]: read /var/lib/neutron/dhcp/9d6e3fd7-95bc-4543-9b37-20904709b9ef/host
Jul 15 15:14:07 gtw01 dnsmasq-dhcp[20222]: read /var/lib/neutron/dhcp/9d6e3fd7-95bc-4543-9b37-20904709b9ef/opts
Jul 15 15:14:07 gtw01 systemd-udevd[21571]: Could not generate persistent MAC address for tap294b8658-33: No such file or directory
Jul 15 15:14:07 gtw01 kernel: [ 7748.819139] device tap294b8658-33 entered promiscuous mode
Jul 15 15:14:07 gtw01 systemd-udevd[21652]: Process '/sbin/ip link set tap294b8658-33 txqueuelen 10000' failed with exit code 1.
Jul 15 15:14:07 gtw01 dnsmasq[21551]: read /var/lib/neutron/dhcp/f43fcae8-e80c-4352-9147-934f6aa6a209/addn_hosts - 1 addresses
Jul 15 15:14:07 gtw01 dnsmasq-dhcp[21551]: read /var/lib/neutron/dhcp/f43fcae8-e80c-4352-9147-934f6aa6a209/host
Jul 15 15:14:07 gtw01 dnsmasq-dhcp[21551]: read /var/lib/neutron/dhcp/f43fcae8-e80c-4352-9147-934f6aa6a209/opts
Jul 15 15:14:08 gtw01 dnsmasq[21158]: read /var/lib/neutron/dhcp/54bd012a-fb39-43f0-8541-86891c84f005/addn_hosts - 2 addresses
Jul 15 15:14:08 gtw01 dnsmasq-dhcp[21158]: read /var/lib/neutron/dhcp/54bd012a-fb39-43f0-8541-86891c84f005/host
Jul 15 15:14:08 gtw01 dnsmasq-dhcp[21158]: read /var/lib/neutron/dhcp/54bd012a-fb39-43f0-8541-86891c84f005/opts
Jul 15 15:14:08 gtw01 dnsmasq[20222]: read /var/lib/neutron/dhcp/9d6e3fd7-95bc-4543-9b37-20904709b9ef/addn_hosts - 4 addresses
Jul 15 15:14:08 gtw01 dnsmasq-dhcp[20222]: read /var/lib/neutron/dhcp/9d6e3fd7-95bc-4543-9b37-20904709b9ef/host
Jul 15 15:14:08 gtw01 dnsmasq-dhcp[20222]: read /var/lib/neutron/dhcp/9d6e3fd7-95bc-4543-9b37-20904709b9ef/opts
Jul 15 15:14:09 gtw01 kernel: [ 7750.819401] device tap25362748-30 left promiscuous mode
Jul 15 15:14:09 gtw01 dnsmasq[21158]: read /var/lib/neutron/dhcp/54bd012a-fb39-43f0-8541-86891c84f005/addn_hosts - 2 addresses
Jul 15 15:14:09 gtw01 dnsmasq-dhcp[21158]: read /var/lib/neutron/dhcp/54bd012a-fb39-43f0-8541-86891c84f005/host
Jul 15 15:14:09 gtw01 dnsmasq-dhcp[21158]: read /var/lib/neutron/dhcp/54bd012a-fb39-43f0-8541-86891c84f005/opts
Jul 15 15:14:09 gtw01 dnsmasq[20222]: read /var/lib/neutron/dhcp/9d6e3fd7-95bc-4543-9b37-20904709b9ef/addn_hosts - 4 addresses
Jul 15 15:14:09 gtw01 dnsmasq-dhcp[20222]: read /var/lib/neutron/dhcp/9d6e3fd7-95bc-4543-9b37-20904709b9ef/host
Jul 15 15:14:09 gtw01 dnsmasq-dhcp[20222]: read /var/lib/neutron/dhcp/9d6e3fd7-95bc-4543-9b37-20904709b9ef/opts
Jul 15 15:14:10 gtw01 dnsmasq[21158]: read /var/lib/neutron/dhcp/54bd012a-fb39-43f0-8541-86891c84f005/addn_hosts - 2 addresses
Jul 15 15:14:10 gtw01 dnsmasq-dhcp[21158]: read /var/lib/neutron/dhcp/54bd012a-fb39-43f0-8541-86891c84f005/host
Jul 15 15:14:10 gtw01 dnsmasq-dhcp[21158]: read /var/lib/neutron/dhcp/54bd012a-fb39-43f0-8541-86891c84f005/opts
Jul 15 15:14:10 gtw01 dnsmasq[20222]: read /var/lib/neutron/dhcp/9d6e3fd7-95bc-4543-9b37-20904709b9ef/addn_hosts - 3 addresses
Jul 15 15:14:10 gtw01 dnsmasq-dhcp[20222]: read /var/lib/neutron/dhcp/9d6e3fd7-95bc-4543-9b37-20904709b9ef/host
Jul 15 15:14:10 gtw01 dnsmasq-dhcp[20222]: read /var/lib/neutron/dhcp/9d6e3fd7-95bc-4543-9b37-20904709b9ef/opts
Jul 15 15:14:11 gtw01 dnsmasq[21158]: read /var/lib/neutron/dhcp/54bd012a-fb39-43f0-8541-86891c84f005/addn_hosts - 2 addresses
Jul 15 15:14:11 gtw01 dnsmasq-dhcp[21158]: read /var/lib/neutron/dhcp/54bd012a-fb39-43f0-8541-86891c84f005/host
Jul 15 15:14:11 gtw01 dnsmasq-dhcp[21158]: read /var/lib/neutron/dhcp/54bd012a-fb39-43f0-8541-86891c84f005/opts
Jul 15 15:14:11 gtw01 dnsmasq[21896]: started, version 2.80 cachesize 150
Jul 15 15:14:11 gtw01 dnsmasq[21896]: DNS service limited to local subnets
Jul 15 15:14:11 gtw01 dnsmasq[21896]: compile time options: IPv6 GNU-getopt DBus i18n IDN DHCP DHCPv6 no-Lua TFTP conntrack ipset auth DNSSEC loop-detect inotify dumpfile
Jul 15 15:14:11 gtw01 dnsmasq[21896]: warning: no upstream servers configured
Jul 15 15:14:11 gtw01 dnsmasq-dhcp[21896]: DHCP, static leases only on 192.168.123.0, lease time 1h
Jul 15 15:14:11 gtw01 dnsmasq[21896]: read /var/lib/neutron/dhcp/6627de71-33f0-4336-9a1e-facb9f82d22e/addn_hosts - 1 addresses
Jul 15 15:14:11 gtw01 dnsmasq-dhcp[21896]: read /var/lib/neutron/dhcp/6627de71-33f0-4336-9a1e-facb9f82d22e/host
Jul 15 15:14:11 gtw01 dnsmasq-dhcp[21896]: read /var/lib/neutron/dhcp/6627de71-33f0-4336-9a1e-facb9f82d22e/opts
Jul 15 15:14:11 gtw01 dnsmasq[20222]: read /var/lib/neutron/dhcp/9d6e3fd7-95bc-4543-9b37-20904709b9ef/addn_hosts - 2 addresses
Jul 15 15:14:11 gtw01 dnsmasq-dhcp[20222]: read /var/lib/neutron/dhcp/9d6e3fd7-95bc-4543-9b37-20904709b9ef/host
Jul 15 15:14:11 gtw01 dnsmasq-dhcp[20222]: read /var/lib/neutron/dhcp/9d6e3fd7-95bc-4543-9b37-20904709b9ef/opts
Jul 15 15:14:11 gtw01 haproxy-metadata-proxy-6627de71-33f0-4336-9a1e-facb9f82d22e[21911]: Proxy listener started.
Jul 15 15:14:11 gtw01 systemd-udevd[21918]: Could not generate persistent MAC address for qr-adfb9eaf-08: No such file or directory
Jul 15 15:14:11 gtw01 kernel: [ 7753.390309] device qr-adfb9eaf-08 entered promiscuous mode
Jul 15 15:14:12 gtw01 dnsmasq[21158]: read /var/lib/neutron/dhcp/54bd012a-fb39-43f0-8541-86891c84f005/addn_hosts - 2 addresses
Jul 15 15:14:12 gtw01 dnsmasq-dhcp[21158]: read /var/lib/neutron/dhcp/54bd012a-fb39-43f0-8541-86891c84f005/host
Jul 15 15:14:12 gtw01 dnsmasq-dhcp[21158]: read /var/lib/neutron/dhcp/54bd012a-fb39-43f0-8541-86891c84f005/opts
Jul 15 15:14:12 gtw01 dnsmasq[20222]: read /var/lib/neutron/dhcp/9d6e3fd7-95bc-4543-9b37-20904709b9ef/addn_hosts - 1 addresses
Jul 15 15:14:12 gtw01 dnsmasq-dhcp[20222]: read /var/lib/neutron/dhcp/9d6e3fd7-95bc-4543-9b37-20904709b9ef/host
Jul 15 15:14:12 gtw01 dnsmasq-dhcp[20222]: read /var/lib/neutron/dhcp/9d6e3fd7-95bc-4543-9b37-20904709b9ef/opts
Jul 15 15:14:12 gtw01 dnsmasq[21896]: read /var/lib/neutron/dhcp/6627de71-33f0-4336-9a1e-facb9f82d22e/addn_hosts - 2 addresses
Jul 15 15:14:12 gtw01 dnsmasq-dhcp[21896]: read /var/lib/neutron/dhcp/6627de71-33f0-4336-9a1e-facb9f82d22e/host
Jul 15 15:14:12 gtw01 dnsmasq-dhcp[21896]: read /var/lib/neutron/dhcp/6627de71-33f0-4336-9a1e-facb9f82d22e/opts
Jul 15 15:14:12 gtw01 kernel: [ 7754.623093] IPv4: martian source 192.168.123.1 from 192.168.123.1, on dev qr-68707cfc-3e
Jul 15 15:14:12 gtw01 kernel: [ 7754.623097] ll header: 00000000: ff ff ff ff ff ff fa 16 3e 54 92 da 08 06        ........>T....
Jul 15 15:14:13 gtw01 dnsmasq[21158]: read /var/lib/neutron/dhcp/54bd012a-fb39-43f0-8541-86891c84f005/addn_hosts - 2 addresses
Jul 15 15:14:13 gtw01 dnsmasq-dhcp[21158]: read /var/lib/neutron/dhcp/54bd012a-fb39-43f0-8541-86891c84f005/host
Jul 15 15:14:13 gtw01 dnsmasq-dhcp[21158]: read /var/lib/neutron/dhcp/54bd012a-fb39-43f0-8541-86891c84f005/opts
Jul 15 15:14:14 gtw01 kernel: [ 7755.657875] device tap20623e50-fc left promiscuous mode
Jul 15 15:14:14 gtw01 dnsmasq[21896]: read /var/lib/neutron/dhcp/6627de71-33f0-4336-9a1e-facb9f82d22e/addn_hosts - 2 addresses
Jul 15 15:14:14 gtw01 dnsmasq-dhcp[21896]: read /var/lib/neutron/dhcp/6627de71-33f0-4336-9a1e-facb9f82d22e/host
Jul 15 15:14:14 gtw01 dnsmasq-dhcp[21896]: read /var/lib/neutron/dhcp/6627de71-33f0-4336-9a1e-facb9f82d22e/opts
Jul 15 15:14:15 gtw01 kernel: [ 7756.835322] device tap6885701f-a8 entered promiscuous mode
Jul 15 15:14:15 gtw01 systemd-udevd[22197]: Could not generate persistent MAC address for tap6885701f-a8: No such file or directory
Jul 15 15:14:15 gtw01 systemd-udevd[22197]: Process '/sbin/ip link set tap6885701f-a8 txqueuelen 10000' failed with exit code 1.
Jul 15 15:14:15 gtw01 systemd-udevd[22197]: Process '/sbin/ip link set tap6885701f-a8 txqueuelen 10000' failed with exit code 1.
Jul 15 15:14:15 gtw01 dnsmasq[21896]: read /var/lib/neutron/dhcp/6627de71-33f0-4336-9a1e-facb9f82d22e/addn_hosts - 2 addresses
Jul 15 15:14:15 gtw01 dnsmasq-dhcp[21896]: read /var/lib/neutron/dhcp/6627de71-33f0-4336-9a1e-facb9f82d22e/host
Jul 15 15:14:15 gtw01 dnsmasq-dhcp[21896]: read /var/lib/neutron/dhcp/6627de71-33f0-4336-9a1e-facb9f82d22e/opts
Jul 15 15:14:15 gtw01 kernel: [ 7757.488371] device qr-adfb9eaf-08 left promiscuous mode
Jul 15 15:14:16 gtw01 dnsmasq[21896]: read /var/lib/neutron/dhcp/6627de71-33f0-4336-9a1e-facb9f82d22e/addn_hosts - 2 addresses
Jul 15 15:14:16 gtw01 dnsmasq-dhcp[21896]: read /var/lib/neutron/dhcp/6627de71-33f0-4336-9a1e-facb9f82d22e/host
Jul 15 15:14:16 gtw01 dnsmasq-dhcp[21896]: read /var/lib/neutron/dhcp/6627de71-33f0-4336-9a1e-facb9f82d22e/opts
Jul 15 15:14:17 gtw01 dnsmasq[21896]: read /var/lib/neutron/dhcp/6627de71-33f0-4336-9a1e-facb9f82d22e/addn_hosts - 2 addresses
Jul 15 15:14:17 gtw01 dnsmasq-dhcp[21896]: read /var/lib/neutron/dhcp/6627de71-33f0-4336-9a1e-facb9f82d22e/host
Jul 15 15:14:17 gtw01 dnsmasq-dhcp[21896]: read /var/lib/neutron/dhcp/6627de71-33f0-4336-9a1e-facb9f82d22e/opts
Jul 15 15:14:18 gtw01 dnsmasq[22430]: started, version 2.80 cachesize 150
Jul 15 15:14:18 gtw01 dnsmasq[22430]: DNS service limited to local subnets
Jul 15 15:14:18 gtw01 dnsmasq[22430]: compile time options: IPv6 GNU-getopt DBus i18n IDN DHCP DHCPv6 no-Lua TFTP conntrack ipset auth DNSSEC loop-detect inotify dumpfile
Jul 15 15:14:18 gtw01 dnsmasq[22430]: warning: no upstream servers configured
Jul 15 15:14:18 gtw01 dnsmasq-dhcp[22430]: DHCPv6, static leases only on 2003::, lease time 1h
Jul 15 15:14:18 gtw01 dnsmasq[22430]: read /var/lib/neutron/dhcp/c4274ad6-a8aa-4b2d-afa5-f978b1a093d5/addn_hosts - 1 addresses
Jul 15 15:14:18 gtw01 dnsmasq-dhcp[22430]: read /var/lib/neutron/dhcp/c4274ad6-a8aa-4b2d-afa5-f978b1a093d5/host
Jul 15 15:14:18 gtw01 dnsmasq-dhcp[22430]: read /var/lib/neutron/dhcp/c4274ad6-a8aa-4b2d-afa5-f978b1a093d5/opts
Jul 15 15:14:18 gtw01 kernel: [ 7760.452120] device tap294b8658-33 left promiscuous mode
Jul 15 15:14:19 gtw01 kernel: [ 7760.995588] device tap6885701f-a8 left promiscuous mode
Jul 15 15:14:22 gtw01 kernel: [ 7763.893011] device tapccdf2067-54 entered promiscuous mode
Jul 15 15:14:22 gtw01 systemd-udevd[22529]: Could not generate persistent MAC address for tapccdf2067-54: No such file or directory
Jul 15 15:14:22 gtw01 systemd-udevd[22529]: Process '/sbin/ip link set tapccdf2067-54 txqueuelen 10000' failed with exit code 1.
Jul 15 15:14:22 gtw01 systemd-udevd[22605]: Process '/sbin/ip link set tapccdf2067-54 txqueuelen 10000' failed with exit code 1.
Jul 15 15:14:23 gtw01 kernel: [ 7765.081053] device qr-68707cfc-3e left promiscuous mode
Jul 15 15:14:25 gtw01 dnsmasq[22733]: started, version 2.80 cachesize 150
Jul 15 15:14:25 gtw01 dnsmasq[22733]: DNS service limited to local subnets
Jul 15 15:14:25 gtw01 dnsmasq[22733]: compile time options: IPv6 GNU-getopt DBus i18n IDN DHCP DHCPv6 no-Lua TFTP conntrack ipset auth DNSSEC loop-detect inotify dumpfile
Jul 15 15:14:25 gtw01 dnsmasq[22733]: warning: no upstream servers configured
Jul 15 15:14:25 gtw01 dnsmasq-dhcp[22733]: DHCP, static leases only on 192.168.120.0, lease time 1h
Jul 15 15:14:25 gtw01 dnsmasq[22733]: read /var/lib/neutron/dhcp/39b93be8-73f4-45a4-9aff-fb957e670e11/addn_hosts - 1 addresses
Jul 15 15:14:25 gtw01 dnsmasq-dhcp[22733]: read /var/lib/neutron/dhcp/39b93be8-73f4-45a4-9aff-fb957e670e11/host
Jul 15 15:14:25 gtw01 dnsmasq-dhcp[22733]: read /var/lib/neutron/dhcp/39b93be8-73f4-45a4-9aff-fb957e670e11/opts
Jul 15 15:14:25 gtw01 haproxy-metadata-proxy-39b93be8-73f4-45a4-9aff-fb957e670e11[22737]: Proxy listener started.
Jul 15 15:14:26 gtw01 dnsmasq[21158]: read /var/lib/neutron/dhcp/54bd012a-fb39-43f0-8541-86891c84f005/addn_hosts - 1 addresses
Jul 15 15:14:26 gtw01 dnsmasq-dhcp[21158]: read /var/lib/neutron/dhcp/54bd012a-fb39-43f0-8541-86891c84f005/host
Jul 15 15:14:26 gtw01 dnsmasq-dhcp[21158]: read /var/lib/neutron/dhcp/54bd012a-fb39-43f0-8541-86891c84f005/opts
Jul 15 15:14:27 gtw01 haproxy-metadata-proxy-54bd012a-fb39-43f0-8541-86891c84f005[22802]: Proxy listener started.
Jul 15 15:14:27 gtw01 dnsmasq[20494]: read /var/lib/neutron/dhcp/c1c915f1-f84a-41f1-8cd8-c6820a10a868/addn_hosts - 1 addresses
Jul 15 15:14:27 gtw01 dnsmasq-dhcp[20494]: read /var/lib/neutron/dhcp/c1c915f1-f84a-41f1-8cd8-c6820a10a868/host
Jul 15 15:14:27 gtw01 dnsmasq-dhcp[20494]: read /var/lib/neutron/dhcp/c1c915f1-f84a-41f1-8cd8-c6820a10a868/opts
Jul 15 15:14:27 gtw01 kernel: [ 7769.392128] device tap81c0ec50-dc left promiscuous mode
Jul 15 15:14:28 gtw01 haproxy-metadata-proxy-c1c915f1-f84a-41f1-8cd8-c6820a10a868[22852]: Proxy listener started.
Jul 15 15:14:28 gtw01 dnsmasq[22861]: started, version 2.80 cachesize 150
Jul 15 15:14:28 gtw01 dnsmasq[22861]: DNS service limited to local subnets
Jul 15 15:14:28 gtw01 dnsmasq[22861]: compile time options: IPv6 GNU-getopt DBus i18n IDN DHCP DHCPv6 no-Lua TFTP conntrack ipset auth DNSSEC loop-detect inotify dumpfile
Jul 15 15:14:28 gtw01 dnsmasq[22861]: warning: no upstream servers configured
Jul 15 15:14:28 gtw01 dnsmasq-dhcp[22861]: DHCP, static leases only on 192.168.120.0, lease time 1h
Jul 15 15:14:28 gtw01 dnsmasq[22861]: read /var/lib/neutron/dhcp/39b93be8-73f4-45a4-9aff-fb957e670e11/addn_hosts - 3 addresses
Jul 15 15:14:28 gtw01 dnsmasq-dhcp[22861]: read /var/lib/neutron/dhcp/39b93be8-73f4-45a4-9aff-fb957e670e11/host
Jul 15 15:14:28 gtw01 dnsmasq-dhcp[22861]: read /var/lib/neutron/dhcp/39b93be8-73f4-45a4-9aff-fb957e670e11/opts
Jul 15 15:14:29 gtw01 dnsmasq-dhcp[22861]: DHCPRELEASE(tapccdf2067-54) 192.168.120.3 fa:16:3e:21:35:ef
Jul 15 15:14:29 gtw01 kernel: [ 7770.970549] device qr-cdca2248-97 left promiscuous mode
Jul 15 15:14:30 gtw01 dnsmasq[22861]: read /var/lib/neutron/dhcp/39b93be8-73f4-45a4-9aff-fb957e670e11/addn_hosts - 3 addresses
Jul 15 15:14:30 gtw01 dnsmasq-dhcp[22861]: read /var/lib/neutron/dhcp/39b93be8-73f4-45a4-9aff-fb957e670e11/host
Jul 15 15:14:30 gtw01 dnsmasq-dhcp[22861]: read /var/lib/neutron/dhcp/39b93be8-73f4-45a4-9aff-fb957e670e11/opts
Jul 15 15:14:31 gtw01 kernel: [ 7772.727648] device tapf506da57-7c left promiscuous mode
Jul 15 15:14:31 gtw01 dnsmasq[22861]: read /var/lib/neutron/dhcp/39b93be8-73f4-45a4-9aff-fb957e670e11/addn_hosts - 3 addresses
Jul 15 15:14:31 gtw01 dnsmasq-dhcp[22861]: read /var/lib/neutron/dhcp/39b93be8-73f4-45a4-9aff-fb957e670e11/host
Jul 15 15:14:31 gtw01 dnsmasq-dhcp[22861]: read /var/lib/neutron/dhcp/39b93be8-73f4-45a4-9aff-fb957e670e11/opts
Jul 15 15:14:31 gtw01 systemd-udevd[22992]: Could not generate persistent MAC address for tapc72dc96c-cf: No such file or directory
Jul 15 15:14:31 gtw01 kernel: [ 7773.271337] device tapc72dc96c-cf entered promiscuous mode
Jul 15 15:14:31 gtw01 systemd-udevd[22992]: Process '/sbin/ip link set tapc72dc96c-cf txqueuelen 10000' failed with exit code 1.
Jul 15 15:14:31 gtw01 systemd-udevd[22992]: Process '/sbin/ip link set tapc72dc96c-cf txqueuelen 10000' failed with exit code 1.
Jul 15 15:14:32 gtw01 dnsmasq[22861]: read /var/lib/neutron/dhcp/39b93be8-73f4-45a4-9aff-fb957e670e11/addn_hosts - 3 addresses
Jul 15 15:14:32 gtw01 dnsmasq-dhcp[22861]: read /var/lib/neutron/dhcp/39b93be8-73f4-45a4-9aff-fb957e670e11/host
Jul 15 15:14:32 gtw01 dnsmasq-dhcp[22861]: read /var/lib/neutron/dhcp/39b93be8-73f4-45a4-9aff-fb957e670e11/opts
Jul 15 15:14:33 gtw01 dnsmasq[22861]: read /var/lib/neutron/dhcp/39b93be8-73f4-45a4-9aff-fb957e670e11/addn_hosts - 4 addresses
Jul 15 15:14:33 gtw01 dnsmasq-dhcp[22861]: read /var/lib/neutron/dhcp/39b93be8-73f4-45a4-9aff-fb957e670e11/host
Jul 15 15:14:33 gtw01 dnsmasq-dhcp[22861]: read /var/lib/neutron/dhcp/39b93be8-73f4-45a4-9aff-fb957e670e11/opts
Jul 15 15:14:34 gtw01 dnsmasq[22861]: read /var/lib/neutron/dhcp/39b93be8-73f4-45a4-9aff-fb957e670e11/addn_hosts - 4 addresses
Jul 15 15:14:34 gtw01 dnsmasq-dhcp[22861]: read /var/lib/neutron/dhcp/39b93be8-73f4-45a4-9aff-fb957e670e11/host
Jul 15 15:14:34 gtw01 dnsmasq-dhcp[22861]: read /var/lib/neutron/dhcp/39b93be8-73f4-45a4-9aff-fb957e670e11/opts
Jul 15 15:14:34 gtw01 dnsmasq[19673]: read /var/lib/neutron/dhcp/42b9ac2e-880c-4785-be4a-8b2b2c3f61d4/addn_hosts - 1 addresses
Jul 15 15:14:34 gtw01 dnsmasq-dhcp[19673]: read /var/lib/neutron/dhcp/42b9ac2e-880c-4785-be4a-8b2b2c3f61d4/host
Jul 15 15:14:34 gtw01 dnsmasq-dhcp[19673]: read /var/lib/neutron/dhcp/42b9ac2e-880c-4785-be4a-8b2b2c3f61d4/opts
Jul 15 15:14:35 gtw01 haproxy-metadata-proxy-42b9ac2e-880c-4785-be4a-8b2b2c3f61d4[23231]: Proxy listener started.
Jul 15 15:14:35 gtw01 dnsmasq[23236]: started, version 2.80 cachesize 150
Jul 15 15:14:35 gtw01 dnsmasq[23236]: DNS service limited to local subnets
Jul 15 15:14:35 gtw01 dnsmasq[23236]: compile time options: IPv6 GNU-getopt DBus i18n IDN DHCP DHCPv6 no-Lua TFTP conntrack ipset auth DNSSEC loop-detect inotify dumpfile
Jul 15 15:14:35 gtw01 dnsmasq[23236]: warning: no upstream servers configured
Jul 15 15:14:35 gtw01 dnsmasq-dhcp[23236]: DHCPv6, static leases only on 2003::, lease time 1h
Jul 15 15:14:35 gtw01 dnsmasq[23236]: read /var/lib/neutron/dhcp/171d5395-7da9-426d-bde1-024e4091b8ab/addn_hosts - 1 addresses
Jul 15 15:14:35 gtw01 dnsmasq-dhcp[23236]: read /var/lib/neutron/dhcp/171d5395-7da9-426d-bde1-024e4091b8ab/host
Jul 15 15:14:35 gtw01 dnsmasq-dhcp[23236]: read /var/lib/neutron/dhcp/171d5395-7da9-426d-bde1-024e4091b8ab/opts
Jul 15 15:14:35 gtw01 kernel: [ 7776.833990] device qr-104b82f2-9a left promiscuous mode
Jul 15 15:14:35 gtw01 dnsmasq[22861]: read /var/lib/neutron/dhcp/39b93be8-73f4-45a4-9aff-fb957e670e11/addn_hosts - 5 addresses
Jul 15 15:14:35 gtw01 dnsmasq-dhcp[22861]: read /var/lib/neutron/dhcp/39b93be8-73f4-45a4-9aff-fb957e670e11/host
Jul 15 15:14:35 gtw01 dnsmasq-dhcp[22861]: read /var/lib/neutron/dhcp/39b93be8-73f4-45a4-9aff-fb957e670e11/opts
Jul 15 15:14:35 gtw01 dnsmasq[23236]: read /var/lib/neutron/dhcp/171d5395-7da9-426d-bde1-024e4091b8ab/addn_hosts - 2 addresses
Jul 15 15:14:35 gtw01 dnsmasq-dhcp[23236]: read /var/lib/neutron/dhcp/171d5395-7da9-426d-bde1-024e4091b8ab/host
