Jul 15 15:57:52 gtw01 dnsmasq-dhcp[4494]: read /var/lib/neutron/dhcp/92c5ee22-65a7-43d0-890e-3cbddf4541ac/host
Jul 15 15:57:52 gtw01 dnsmasq-dhcp[4494]: read /var/lib/neutron/dhcp/92c5ee22-65a7-43d0-890e-3cbddf4541ac/opts
Jul 15 15:57:52 gtw01 systemd-udevd[4531]: Could not generate persistent MAC address for tap2d5684f3-e0: No such file or directory
Jul 15 15:57:52 gtw01 kernel: [10374.324191] device tap2d5684f3-e0 entered promiscuous mode
Jul 15 15:57:53 gtw01 systemd-udevd[4619]: Process '/sbin/ip link set tap2d5684f3-e0 txqueuelen 10000' failed with exit code 1.
Jul 15 15:57:53 gtw01 dnsmasq[2921]: read /var/lib/neutron/dhcp/5be2058c-c299-4a50-af89-7f4a4ff5752a/addn_hosts - 2 addresses
Jul 15 15:57:53 gtw01 dnsmasq-dhcp[2921]: read /var/lib/neutron/dhcp/5be2058c-c299-4a50-af89-7f4a4ff5752a/host
Jul 15 15:57:53 gtw01 dnsmasq-dhcp[2921]: read /var/lib/neutron/dhcp/5be2058c-c299-4a50-af89-7f4a4ff5752a/opts
Jul 15 15:57:53 gtw01 haproxy-metadata-proxy-92c5ee22-65a7-43d0-890e-3cbddf4541ac[4639]: Proxy listener started.
Jul 15 15:57:53 gtw01 kernel: [10375.264105] IPv4: martian source 10.16.0.126 from 10.16.0.126, on dev qr-bf2b9dd0-81
Jul 15 15:57:53 gtw01 kernel: [10375.264108] ll header: 00000000: ff ff ff ff ff ff fa 16 3e 84 c7 a9 08 06        ........>.....
Jul 15 15:57:53 gtw01 kernel: [10375.264113] IPv4: martian source 10.16.0.126 from 10.16.0.126, on dev qr-94933a87-d7
Jul 15 15:57:53 gtw01 kernel: [10375.264114] ll header: 00000000: ff ff ff ff ff ff fa 16 3e 84 c7 a9 08 06        ........>.....
Jul 15 15:57:54 gtw01 dnsmasq[2771]: read /var/lib/neutron/dhcp/14342349-2b95-417e-a5b4-5cdea03a2c04/addn_hosts - 2 addresses
Jul 15 15:57:54 gtw01 dnsmasq-dhcp[2771]: read /var/lib/neutron/dhcp/14342349-2b95-417e-a5b4-5cdea03a2c04/host
Jul 15 15:57:54 gtw01 dnsmasq-dhcp[2771]: read /var/lib/neutron/dhcp/14342349-2b95-417e-a5b4-5cdea03a2c04/opts
Jul 15 15:57:54 gtw01 dnsmasq[4494]: read /var/lib/neutron/dhcp/92c5ee22-65a7-43d0-890e-3cbddf4541ac/addn_hosts - 2 addresses
Jul 15 15:57:54 gtw01 dnsmasq-dhcp[4494]: read /var/lib/neutron/dhcp/92c5ee22-65a7-43d0-890e-3cbddf4541ac/host
Jul 15 15:57:54 gtw01 dnsmasq-dhcp[4494]: read /var/lib/neutron/dhcp/92c5ee22-65a7-43d0-890e-3cbddf4541ac/opts
Jul 15 15:57:55 gtw01 dnsmasq[4795]: started, version 2.80 cachesize 150
Jul 15 15:57:55 gtw01 dnsmasq[4795]: DNS service limited to local subnets
Jul 15 15:57:55 gtw01 dnsmasq[4795]: compile time options: IPv6 GNU-getopt DBus i18n IDN DHCP DHCPv6 no-Lua TFTP conntrack ipset auth DNSSEC loop-detect inotify dumpfile
Jul 15 15:57:55 gtw01 dnsmasq[4795]: warning: no upstream servers configured
Jul 15 15:57:55 gtw01 dnsmasq-dhcp[4795]: DHCP, static leases only on 192.168.120.0, lease time 1h
Jul 15 15:57:55 gtw01 dnsmasq[4795]: read /var/lib/neutron/dhcp/75f962eb-4657-473d-b481-5f785bd8aaa9/addn_hosts - 1 addresses
Jul 15 15:57:55 gtw01 dnsmasq-dhcp[4795]: read /var/lib/neutron/dhcp/75f962eb-4657-473d-b481-5f785bd8aaa9/host
Jul 15 15:57:55 gtw01 dnsmasq-dhcp[4795]: read /var/lib/neutron/dhcp/75f962eb-4657-473d-b481-5f785bd8aaa9/opts
Jul 15 15:57:55 gtw01 haproxy-metadata-proxy-75f962eb-4657-473d-b481-5f785bd8aaa9[4840]: Proxy listener started.
Jul 15 15:57:56 gtw01 systemd-udevd[4875]: Could not generate persistent MAC address for qr-e3efe17e-ce: No such file or directory
Jul 15 15:57:56 gtw01 kernel: [10377.784393] device qr-e3efe17e-ce entered promiscuous mode
Jul 15 15:57:56 gtw01 dnsmasq[4885]: started, version 2.80 cachesize 150
Jul 15 15:57:56 gtw01 dnsmasq[4885]: DNS service limited to local subnets
Jul 15 15:57:56 gtw01 dnsmasq[4885]: compile time options: IPv6 GNU-getopt DBus i18n IDN DHCP DHCPv6 no-Lua TFTP conntrack ipset auth DNSSEC loop-detect inotify dumpfile
Jul 15 15:57:56 gtw01 dnsmasq[4885]: warning: no upstream servers configured
Jul 15 15:57:56 gtw01 dnsmasq-dhcp[4885]: DHCP, static leases only on 192.168.120.0, lease time 1h
Jul 15 15:57:56 gtw01 dnsmasq[4885]: read /var/lib/neutron/dhcp/e06e5f54-928c-4d66-9ada-7fc0ba0665e1/addn_hosts - 1 addresses
Jul 15 15:57:56 gtw01 dnsmasq-dhcp[4885]: read /var/lib/neutron/dhcp/e06e5f54-928c-4d66-9ada-7fc0ba0665e1/host
Jul 15 15:57:56 gtw01 dnsmasq-dhcp[4885]: read /var/lib/neutron/dhcp/e06e5f54-928c-4d66-9ada-7fc0ba0665e1/opts
Jul 15 15:57:56 gtw01 haproxy-metadata-proxy-e06e5f54-928c-4d66-9ada-7fc0ba0665e1[4991]: Proxy listener started.
Jul 15 15:57:57 gtw01 systemd-udevd[5054]: Could not generate persistent MAC address for tap67588451-f9: No such file or directory
Jul 15 15:57:57 gtw01 kernel: [10379.028263] device tap67588451-f9 entered promiscuous mode
Jul 15 15:57:57 gtw01 dnsmasq[4494]: read /var/lib/neutron/dhcp/92c5ee22-65a7-43d0-890e-3cbddf4541ac/addn_hosts - 2 addresses
Jul 15 15:57:57 gtw01 dnsmasq-dhcp[4494]: read /var/lib/neutron/dhcp/92c5ee22-65a7-43d0-890e-3cbddf4541ac/host
Jul 15 15:57:57 gtw01 dnsmasq-dhcp[4494]: read /var/lib/neutron/dhcp/92c5ee22-65a7-43d0-890e-3cbddf4541ac/opts
Jul 15 15:57:57 gtw01 systemd-udevd[5054]: Process '/sbin/ip link set tap67588451-f9 txqueuelen 10000' failed with exit code 1.
Jul 15 15:57:57 gtw01 systemd-udevd[5146]: Process '/sbin/ip link set tap67588451-f9 txqueuelen 10000' failed with exit code 1.
Jul 15 15:57:57 gtw01 haproxy-metadata-proxy-2eaab7c8-f488-4d97-a2c3-7045379aa203[5173]: Proxy listener started.
Jul 15 15:57:58 gtw01 haproxy-metadata-proxy-40a08d52-ef01-4f53-a85f-6ccbee09ca93[5220]: Proxy listener started.
Jul 15 15:57:58 gtw01 dnsmasq[4795]: read /var/lib/neutron/dhcp/75f962eb-4657-473d-b481-5f785bd8aaa9/addn_hosts - 2 addresses
Jul 15 15:57:58 gtw01 dnsmasq-dhcp[4795]: read /var/lib/neutron/dhcp/75f962eb-4657-473d-b481-5f785bd8aaa9/host
Jul 15 15:57:58 gtw01 dnsmasq-dhcp[4795]: read /var/lib/neutron/dhcp/75f962eb-4657-473d-b481-5f785bd8aaa9/opts
Jul 15 15:57:58 gtw01 dnsmasq[4885]: read /var/lib/neutron/dhcp/e06e5f54-928c-4d66-9ada-7fc0ba0665e1/addn_hosts - 2 addresses
Jul 15 15:57:58 gtw01 dnsmasq-dhcp[4885]: read /var/lib/neutron/dhcp/e06e5f54-928c-4d66-9ada-7fc0ba0665e1/host
Jul 15 15:57:58 gtw01 dnsmasq-dhcp[4885]: read /var/lib/neutron/dhcp/e06e5f54-928c-4d66-9ada-7fc0ba0665e1/opts
Jul 15 15:57:59 gtw01 dnsmasq[4494]: read /var/lib/neutron/dhcp/92c5ee22-65a7-43d0-890e-3cbddf4541ac/addn_hosts - 2 addresses
Jul 15 15:57:59 gtw01 dnsmasq-dhcp[4494]: read /var/lib/neutron/dhcp/92c5ee22-65a7-43d0-890e-3cbddf4541ac/host
Jul 15 15:57:59 gtw01 dnsmasq-dhcp[4494]: read /var/lib/neutron/dhcp/92c5ee22-65a7-43d0-890e-3cbddf4541ac/opts
Jul 15 15:57:59 gtw01 kernel: [10381.592049] IPv4: martian source 192.168.120.1 from 192.168.120.1, on dev qr-94933a87-d7
Jul 15 15:57:59 gtw01 kernel: [10381.592053] ll header: 00000000: ff ff ff ff ff ff fa 16 3e f8 83 ce 08 06        ........>.....
Jul 15 15:58:00 gtw01 dnsmasq[5366]: started, version 2.80 cachesize 150
Jul 15 15:58:00 gtw01 dnsmasq[5366]: DNS service limited to local subnets
Jul 15 15:58:00 gtw01 dnsmasq[5366]: compile time options: IPv6 GNU-getopt DBus i18n IDN DHCP DHCPv6 no-Lua TFTP conntrack ipset auth DNSSEC loop-detect inotify dumpfile
Jul 15 15:58:00 gtw01 dnsmasq[5366]: warning: no upstream servers configured
Jul 15 15:58:00 gtw01 dnsmasq-dhcp[5366]: DHCP, static leases only on 192.168.120.0, lease time 1h
Jul 15 15:58:00 gtw01 dnsmasq[5366]: read /var/lib/neutron/dhcp/27e83558-f2e7-402c-971c-6fcbde367755/addn_hosts - 1 addresses
Jul 15 15:58:00 gtw01 dnsmasq-dhcp[5366]: read /var/lib/neutron/dhcp/27e83558-f2e7-402c-971c-6fcbde367755/host
Jul 15 15:58:00 gtw01 dnsmasq-dhcp[5366]: read /var/lib/neutron/dhcp/27e83558-f2e7-402c-971c-6fcbde367755/opts
Jul 15 15:58:00 gtw01 haproxy-metadata-proxy-c6c84cd0-d68f-4740-83ac-b2d16de522e5[5378]: Proxy listener started.
Jul 15 15:58:01 gtw01 haproxy-metadata-proxy-27e83558-f2e7-402c-971c-6fcbde367755[5412]: Proxy listener started.
Jul 15 15:58:01 gtw01 kernel: [10383.346720] device vxlan_sys_4789 left promiscuous mode
Jul 15 15:58:01 gtw01 dnsmasq[4795]: read /var/lib/neutron/dhcp/75f962eb-4657-473d-b481-5f785bd8aaa9/addn_hosts - 2 addresses
Jul 15 15:58:01 gtw01 dnsmasq-dhcp[4795]: read /var/lib/neutron/dhcp/75f962eb-4657-473d-b481-5f785bd8aaa9/host
Jul 15 15:58:01 gtw01 dnsmasq-dhcp[4795]: read /var/lib/neutron/dhcp/75f962eb-4657-473d-b481-5f785bd8aaa9/opts
Jul 15 15:58:01 gtw01 dnsmasq[2921]: read /var/lib/neutron/dhcp/5be2058c-c299-4a50-af89-7f4a4ff5752a/addn_hosts - 2 addresses
Jul 15 15:58:01 gtw01 dnsmasq-dhcp[2921]: read /var/lib/neutron/dhcp/5be2058c-c299-4a50-af89-7f4a4ff5752a/host
Jul 15 15:58:01 gtw01 dnsmasq-dhcp[2921]: read /var/lib/neutron/dhcp/5be2058c-c299-4a50-af89-7f4a4ff5752a/opts
Jul 15 15:58:02 gtw01 systemd-udevd[5518]: Could not generate persistent MAC address for tap0d9a33e3-96: No such file or directory
Jul 15 15:58:02 gtw01 kernel: [10383.872301] device tap0d9a33e3-96 entered promiscuous mode
Jul 15 15:58:02 gtw01 dnsmasq[4885]: read /var/lib/neutron/dhcp/e06e5f54-928c-4d66-9ada-7fc0ba0665e1/addn_hosts - 2 addresses
Jul 15 15:58:02 gtw01 dnsmasq-dhcp[4885]: read /var/lib/neutron/dhcp/e06e5f54-928c-4d66-9ada-7fc0ba0665e1/host
Jul 15 15:58:02 gtw01 dnsmasq-dhcp[4885]: read /var/lib/neutron/dhcp/e06e5f54-928c-4d66-9ada-7fc0ba0665e1/opts
Jul 15 15:58:02 gtw01 systemd-udevd[5598]: Process '/sbin/ip link set tap0d9a33e3-96 txqueuelen 10000' failed with exit code 1.
Jul 15 15:58:03 gtw01 kernel: [10385.068184] IPv4: martian source 192.168.120.1 from 192.168.120.1, on dev qr-94933a87-d7
Jul 15 15:58:03 gtw01 kernel: [10385.068188] ll header: 00000000: ff ff ff ff ff ff fa 16 3e f8 83 ce 08 06        ........>.....
Jul 15 15:58:03 gtw01 systemd-udevd[5717]: Could not generate persistent MAC address for qr-4e954bf5-6d: No such file or directory
Jul 15 15:58:03 gtw01 kernel: [10385.584368] device qr-4e954bf5-6d entered promiscuous mode
Jul 15 15:58:04 gtw01 haproxy-metadata-proxy-b81597cd-3b02-40e1-942c-902016c66bea[5738]: Proxy listener started.
Jul 15 15:58:04 gtw01 systemd-udevd[5815]: Could not generate persistent MAC address for tap471026dc-1a: No such file or directory
Jul 15 15:58:04 gtw01 kernel: [10385.867870] device tap471026dc-1a entered promiscuous mode
Jul 15 15:58:04 gtw01 dnsmasq[2756]: read /var/lib/neutron/dhcp/3d693748-2690-4c6a-93bb-080e51dd657f/addn_hosts - 2 addresses
Jul 15 15:58:04 gtw01 dnsmasq-dhcp[2756]: read /var/lib/neutron/dhcp/3d693748-2690-4c6a-93bb-080e51dd657f/host
Jul 15 15:58:04 gtw01 dnsmasq-dhcp[2756]: read /var/lib/neutron/dhcp/3d693748-2690-4c6a-93bb-080e51dd657f/opts
Jul 15 15:58:04 gtw01 dnsmasq[4795]: read /var/lib/neutron/dhcp/75f962eb-4657-473d-b481-5f785bd8aaa9/addn_hosts - 2 addresses
Jul 15 15:58:04 gtw01 dnsmasq-dhcp[4795]: read /var/lib/neutron/dhcp/75f962eb-4657-473d-b481-5f785bd8aaa9/host
Jul 15 15:58:04 gtw01 dnsmasq-dhcp[4795]: read /var/lib/neutron/dhcp/75f962eb-4657-473d-b481-5f785bd8aaa9/opts
Jul 15 15:58:04 gtw01 haproxy-metadata-proxy-d309feb9-3047-438b-8bfc-7c38f51ed725[5906]: Proxy listener started.
Jul 15 15:58:04 gtw01 haproxy-metadata-proxy-4692a43f-7744-4e69-ae9c-bf5d0838e460[5924]: Proxy listener started.
Jul 15 15:58:05 gtw01 systemd-udevd[5942]: Process '/sbin/ip link set tap471026dc-1a txqueuelen 10000' failed with exit code 1.
Jul 15 15:58:05 gtw01 systemd-udevd[5958]: Could not generate persistent MAC address for qr-42f1795c-aa: No such file or directory
Jul 15 15:58:05 gtw01 kernel: [10386.750045] device qr-42f1795c-aa entered promiscuous mode
Jul 15 15:58:05 gtw01 dnsmasq[4494]: read /var/lib/neutron/dhcp/92c5ee22-65a7-43d0-890e-3cbddf4541ac/addn_hosts - 2 addresses
Jul 15 15:58:05 gtw01 dnsmasq-dhcp[4494]: read /var/lib/neutron/dhcp/92c5ee22-65a7-43d0-890e-3cbddf4541ac/host
Jul 15 15:58:05 gtw01 dnsmasq-dhcp[4494]: read /var/lib/neutron/dhcp/92c5ee22-65a7-43d0-890e-3cbddf4541ac/opts
Jul 15 15:58:05 gtw01 dnsmasq[5366]: read /var/lib/neutron/dhcp/27e83558-f2e7-402c-971c-6fcbde367755/addn_hosts - 2 addresses
Jul 15 15:58:05 gtw01 dnsmasq-dhcp[5366]: read /var/lib/neutron/dhcp/27e83558-f2e7-402c-971c-6fcbde367755/host
Jul 15 15:58:05 gtw01 dnsmasq-dhcp[5366]: read /var/lib/neutron/dhcp/27e83558-f2e7-402c-971c-6fcbde367755/opts
Jul 15 15:58:05 gtw01 systemd-udevd[6084]: Could not generate persistent MAC address for tap64024196-cb: No such file or directory
Jul 15 15:58:05 gtw01 kernel: [10387.424306] device tap64024196-cb entered promiscuous mode
Jul 15 15:58:06 gtw01 kernel: [10387.943785] IPv4: martian source 192.168.120.1 from 192.168.120.1, on dev qr-94933a87-d7
Jul 15 15:58:06 gtw01 kernel: [10387.943790] ll header: 00000000: ff ff ff ff ff ff fa 16 3e f8 83 ce 08 06        ........>.....
Jul 15 15:58:06 gtw01 kernel: [10387.943805] IPv4: martian source 192.168.120.1 from 192.168.120.1, on dev qr-4e954bf5-6d
Jul 15 15:58:06 gtw01 kernel: [10387.943806] ll header: 00000000: ff ff ff ff ff ff fa 16 3e f8 83 ce 08 06        ........>.....
Jul 15 15:58:06 gtw01 kernel: [10387.943812] IPv4: martian source 192.168.120.1 from 192.168.120.1, on dev qr-42f1795c-aa
Jul 15 15:58:06 gtw01 kernel: [10387.943813] ll header: 00000000: ff ff ff ff ff ff fa 16 3e f8 83 ce 08 06        ........>.....
Jul 15 15:58:06 gtw01 systemd-udevd[6197]: Process '/sbin/ip link set tap64024196-cb txqueuelen 10000' failed with exit code 1.
Jul 15 15:58:06 gtw01 kernel: [10388.016234] IPv4: martian source 192.168.120.1 from 192.168.120.1, on dev qr-94933a87-d7
Jul 15 15:58:06 gtw01 kernel: [10388.016238] ll header: 00000000: ff ff ff ff ff ff fa 16 3e f9 84 15 08 06        ........>.....
Jul 15 15:58:06 gtw01 kernel: [10388.016248] IPv4: martian source 192.168.120.1 from 192.168.120.1, on dev qr-e3efe17e-ce
Jul 15 15:58:06 gtw01 kernel: [10388.016249] ll header: 00000000: ff ff ff ff ff ff fa 16 3e f9 84 15 08 06        ........>.....
Jul 15 15:58:06 gtw01 kernel: [10388.016260] IPv4: martian source 192.168.120.1 from 192.168.120.1, on dev qr-42f1795c-aa
Jul 15 15:58:06 gtw01 kernel: [10388.016261] ll header: 00000000: ff ff ff ff ff ff fa 16 3e f9 84 15 08 06        ........>.....
Jul 15 15:58:06 gtw01 dnsmasq[6230]: started, version 2.80 cachesize 150
Jul 15 15:58:06 gtw01 dnsmasq[6230]: DNS service limited to local subnets
Jul 15 15:58:06 gtw01 dnsmasq[6230]: compile time options: IPv6 GNU-getopt DBus i18n IDN DHCP DHCPv6 no-Lua TFTP conntrack ipset auth DNSSEC loop-detect inotify dumpfile
Jul 15 15:58:06 gtw01 dnsmasq[6230]: warning: no upstream servers configured
Jul 15 15:58:06 gtw01 dnsmasq-dhcp[6230]: DHCP, static leases only on 192.168.120.0, lease time 1h
Jul 15 15:58:06 gtw01 dnsmasq[6230]: read /var/lib/neutron/dhcp/be1c33a5-7f42-4202-a659-23a465fadb65/addn_hosts - 1 addresses
Jul 15 15:58:06 gtw01 dnsmasq-dhcp[6230]: read /var/lib/neutron/dhcp/be1c33a5-7f42-4202-a659-23a465fadb65/host
Jul 15 15:58:06 gtw01 dnsmasq-dhcp[6230]: read /var/lib/neutron/dhcp/be1c33a5-7f42-4202-a659-23a465fadb65/opts
Jul 15 15:58:07 gtw01 dnsmasq[4885]: read /var/lib/neutron/dhcp/e06e5f54-928c-4d66-9ada-7fc0ba0665e1/addn_hosts - 2 addresses
Jul 15 15:58:07 gtw01 dnsmasq-dhcp[4885]: read /var/lib/neutron/dhcp/e06e5f54-928c-4d66-9ada-7fc0ba0665e1/host
Jul 15 15:58:07 gtw01 dnsmasq-dhcp[4885]: read /var/lib/neutron/dhcp/e06e5f54-928c-4d66-9ada-7fc0ba0665e1/opts
Jul 15 15:58:07 gtw01 haproxy-metadata-proxy-be1c33a5-7f42-4202-a659-23a465fadb65[6272]: Proxy listener started.
Jul 15 15:58:07 gtw01 dnsmasq[4795]: read /var/lib/neutron/dhcp/75f962eb-4657-473d-b481-5f785bd8aaa9/addn_hosts - 2 addresses
Jul 15 15:58:07 gtw01 dnsmasq-dhcp[4795]: read /var/lib/neutron/dhcp/75f962eb-4657-473d-b481-5f785bd8aaa9/host
Jul 15 15:58:07 gtw01 dnsmasq-dhcp[4795]: read /var/lib/neutron/dhcp/75f962eb-4657-473d-b481-5f785bd8aaa9/opts
Jul 15 15:58:07 gtw01 kernel: [10389.398811] IPv4: martian source 192.168.120.1 from 192.168.120.1, on dev qr-94933a87-d7
Jul 15 15:58:07 gtw01 kernel: [10389.398816] ll header: 00000000: ff ff ff ff ff ff fa 16 3e af 48 b9 08 06        ........>.H...
Jul 15 15:58:07 gtw01 kernel: [10389.398827] IPv4: martian source 192.168.120.1 from 192.168.120.1, on dev qr-e3efe17e-ce
Jul 15 15:58:07 gtw01 kernel: [10389.398828] ll header: 00000000: ff ff ff ff ff ff fa 16 3e af 48 b9 08 06        ........>.H...
Jul 15 15:58:07 gtw01 kernel: [10389.398838] IPv4: martian source 192.168.120.1 from 192.168.120.1, on dev qr-4e954bf5-6d
Jul 15 15:58:07 gtw01 kernel: [10389.398839] ll header: 00000000: ff ff ff ff ff ff fa 16 3e af 48 b9 08 06        ........>.H...
Jul 15 15:58:07 gtw01 dnsmasq[4494]: read /var/lib/neutron/dhcp/92c5ee22-65a7-43d0-890e-3cbddf4541ac/addn_hosts - 2 addresses
Jul 15 15:58:07 gtw01 dnsmasq-dhcp[4494]: read /var/lib/neutron/dhcp/92c5ee22-65a7-43d0-890e-3cbddf4541ac/host
Jul 15 15:58:07 gtw01 dnsmasq-dhcp[4494]: read /var/lib/neutron/dhcp/92c5ee22-65a7-43d0-890e-3cbddf4541ac/opts
Jul 15 15:58:09 gtw01 dnsmasq[5366]: read /var/lib/neutron/dhcp/27e83558-f2e7-402c-971c-6fcbde367755/addn_hosts - 2 addresses
Jul 15 15:58:09 gtw01 dnsmasq-dhcp[5366]: read /var/lib/neutron/dhcp/27e83558-f2e7-402c-971c-6fcbde367755/host
Jul 15 15:58:09 gtw01 dnsmasq-dhcp[5366]: read /var/lib/neutron/dhcp/27e83558-f2e7-402c-971c-6fcbde367755/opts
Jul 15 15:58:09 gtw01 dnsmasq[4885]: read /var/lib/neutron/dhcp/e06e5f54-928c-4d66-9ada-7fc0ba0665e1/addn_hosts - 2 addresses
Jul 15 15:58:09 gtw01 dnsmasq-dhcp[4885]: read /var/lib/neutron/dhcp/e06e5f54-928c-4d66-9ada-7fc0ba0665e1/host
Jul 15 15:58:09 gtw01 dnsmasq-dhcp[4885]: read /var/lib/neutron/dhcp/e06e5f54-928c-4d66-9ada-7fc0ba0665e1/opts
Jul 15 15:58:09 gtw01 kernel: [10391.257137] IPv4: martian source 192.168.120.1 from 192.168.120.1, on dev qr-94933a87-d7
Jul 15 15:58:09 gtw01 kernel: [10391.257141] ll header: 00000000: ff ff ff ff ff ff fa 16 3e f9 84 15 08 06        ........>.....
Jul 15 15:58:09 gtw01 dnsmasq[4795]: read /var/lib/neutron/dhcp/75f962eb-4657-473d-b481-5f785bd8aaa9/addn_hosts - 2 addresses
Jul 15 15:58:09 gtw01 dnsmasq-dhcp[4795]: read /var/lib/neutron/dhcp/75f962eb-4657-473d-b481-5f785bd8aaa9/host
Jul 15 15:58:09 gtw01 dnsmasq-dhcp[4795]: read /var/lib/neutron/dhcp/75f962eb-4657-473d-b481-5f785bd8aaa9/opts
Jul 15 15:58:10 gtw01 dnsmasq[6230]: read /var/lib/neutron/dhcp/be1c33a5-7f42-4202-a659-23a465fadb65/addn_hosts - 2 addresses
Jul 15 15:58:10 gtw01 dnsmasq-dhcp[6230]: read /var/lib/neutron/dhcp/be1c33a5-7f42-4202-a659-23a465fadb65/host
Jul 15 15:58:10 gtw01 dnsmasq-dhcp[6230]: read /var/lib/neutron/dhcp/be1c33a5-7f42-4202-a659-23a465fadb65/opts
Jul 15 15:58:11 gtw01 systemd-udevd[6627]: Could not generate persistent MAC address for qr-482caccf-af: No such file or directory
Jul 15 15:58:11 gtw01 kernel: [10392.952338] device qr-482caccf-af entered promiscuous mode
Jul 15 15:58:11 gtw01 dnsmasq[6726]: started, version 2.80 cachesize 150
Jul 15 15:58:11 gtw01 dnsmasq[6726]: DNS service limited to local subnets
Jul 15 15:58:11 gtw01 dnsmasq[6726]: compile time options: IPv6 GNU-getopt DBus i18n IDN DHCP DHCPv6 no-Lua TFTP conntrack ipset auth DNSSEC loop-detect inotify dumpfile
Jul 15 15:58:11 gtw01 dnsmasq[6726]: warning: no upstream servers configured
Jul 15 15:58:11 gtw01 dnsmasq-dhcp[6726]: DHCP, static leases only on 192.168.120.0, lease time 1h
Jul 15 15:58:11 gtw01 dnsmasq[6726]: read /var/lib/neutron/dhcp/7ef68b83-63ed-4f7b-b7e2-e4969e95a5ff/addn_hosts - 1 addresses
Jul 15 15:58:11 gtw01 dnsmasq-dhcp[6726]: read /var/lib/neutron/dhcp/7ef68b83-63ed-4f7b-b7e2-e4969e95a5ff/host
Jul 15 15:58:11 gtw01 dnsmasq-dhcp[6726]: read /var/lib/neutron/dhcp/7ef68b83-63ed-4f7b-b7e2-e4969e95a5ff/opts
Jul 15 15:58:11 gtw01 dnsmasq[32189]: read /var/lib/neutron/dhcp/1614004e-ca12-46e5-9d6d-2e54aaabf8d3/addn_hosts - 3 addresses
Jul 15 15:58:11 gtw01 dnsmasq-dhcp[32189]: read /var/lib/neutron/dhcp/1614004e-ca12-46e5-9d6d-2e54aaabf8d3/host
Jul 15 15:58:11 gtw01 dnsmasq-dhcp[32189]: read /var/lib/neutron/dhcp/1614004e-ca12-46e5-9d6d-2e54aaabf8d3/opts
Jul 15 15:58:12 gtw01 dnsmasq[5366]: read /var/lib/neutron/dhcp/27e83558-f2e7-402c-971c-6fcbde367755/addn_hosts - 2 addresses
Jul 15 15:58:12 gtw01 dnsmasq-dhcp[5366]: read /var/lib/neutron/dhcp/27e83558-f2e7-402c-971c-6fcbde367755/host
Jul 15 15:58:12 gtw01 dnsmasq-dhcp[5366]: read /var/lib/neutron/dhcp/27e83558-f2e7-402c-971c-6fcbde367755/opts
Jul 15 15:58:12 gtw01 haproxy-metadata-proxy-7ef68b83-63ed-4f7b-b7e2-e4969e95a5ff[6802]: Proxy listener started.
Jul 15 15:58:12 gtw01 dnsmasq[4885]: read /var/lib/neutron/dhcp/e06e5f54-928c-4d66-9ada-7fc0ba0665e1/addn_hosts - 2 addresses
Jul 15 15:58:12 gtw01 dnsmasq-dhcp[4885]: read /var/lib/neutron/dhcp/e06e5f54-928c-4d66-9ada-7fc0ba0665e1/host
Jul 15 15:58:12 gtw01 dnsmasq-dhcp[4885]: read /var/lib/neutron/dhcp/e06e5f54-928c-4d66-9ada-7fc0ba0665e1/opts
Jul 15 15:58:12 gtw01 kernel: [10394.539780] net_ratelimit: 5 callbacks suppressed
Jul 15 15:58:12 gtw01 kernel: [10394.539782] IPv4: martian source 192.168.120.1 from 192.168.120.1, on dev qr-94933a87-d7
Jul 15 15:58:12 gtw01 kernel: [10394.539786] ll header: 00000000: ff ff ff ff ff ff fa 16 3e f9 84 15 08 06        ........>.....
Jul 15 15:58:12 gtw01 kernel: [10394.539797] IPv4: martian source 192.168.120.1 from 192.168.120.1, on dev qr-e3efe17e-ce
Jul 15 15:58:12 gtw01 kernel: [10394.539798] ll header: 00000000: ff ff ff ff ff ff fa 16 3e f9 84 15 08 06        ........>.....
Jul 15 15:58:12 gtw01 kernel: [10394.539811] IPv4: martian source 192.168.120.1 from 192.168.120.1, on dev qr-42f1795c-aa
Jul 15 15:58:12 gtw01 kernel: [10394.539812] ll header: 00000000: ff ff ff ff ff ff fa 16 3e f9 84 15 08 06        ........>.....
Jul 15 15:58:12 gtw01 kernel: [10394.539818] IPv4: martian source 192.168.120.1 from 192.168.120.1, on dev qr-482caccf-af
Jul 15 15:58:12 gtw01 kernel: [10394.539819] ll header: 00000000: ff ff ff ff ff ff fa 16 3e f9 84 15 08 06        ........>.....
Jul 15 15:58:13 gtw01 dnsmasq[765]: read /var/lib/neutron/dhcp/8ac2e636-2830-4331-b0df-02808feccd35/addn_hosts - 2 addresses
Jul 15 15:58:13 gtw01 dnsmasq-dhcp[765]: read /var/lib/neutron/dhcp/8ac2e636-2830-4331-b0df-02808feccd35/host
Jul 15 15:58:13 gtw01 dnsmasq-dhcp[765]: read /var/lib/neutron/dhcp/8ac2e636-2830-4331-b0df-02808feccd35/opts
Jul 15 15:58:13 gtw01 dnsmasq[6874]: started, version 2.80 cachesize 150
Jul 15 15:58:13 gtw01 dnsmasq[6874]: DNS service limited to local subnets
Jul 15 15:58:13 gtw01 dnsmasq[6874]: compile time options: IPv6 GNU-getopt DBus i18n IDN DHCP DHCPv6 no-Lua TFTP conntrack ipset auth DNSSEC loop-detect inotify dumpfile
Jul 15 15:58:13 gtw01 dnsmasq[6874]: warning: no upstream servers configured
Jul 15 15:58:13 gtw01 dnsmasq-dhcp[6874]: DHCP, static leases only on 192.168.120.0, lease time 1h
Jul 15 15:58:13 gtw01 dnsmasq[6874]: read /var/lib/neutron/dhcp/32b6b3a4-9c5f-446e-9bf8-4647304bc9f9/addn_hosts - 1 addresses
Jul 15 15:58:13 gtw01 dnsmasq-dhcp[6874]: read /var/lib/neutron/dhcp/32b6b3a4-9c5f-446e-9bf8-4647304bc9f9/host
Jul 15 15:58:13 gtw01 dnsmasq-dhcp[6874]: read /var/lib/neutron/dhcp/32b6b3a4-9c5f-446e-9bf8-4647304bc9f9/opts
Jul 15 15:58:14 gtw01 kernel: [10395.884122] IPv4: martian source 192.168.120.1 from 192.168.120.1, on dev qr-94933a87-d7
Jul 15 15:58:14 gtw01 kernel: [10395.884127] ll header: 00000000: ff ff ff ff ff ff fa 16 3e af 48 b9 08 06        ........>.H...
Jul 15 15:58:14 gtw01 kernel: [10395.884136] IPv4: martian source 192.168.120.1 from 192.168.120.1, on dev qr-e3efe17e-ce
Jul 15 15:58:14 gtw01 kernel: [10395.884137] ll header: 00000000: ff ff ff ff ff ff fa 16 3e af 48 b9 08 06        ........>.H...
Jul 15 15:58:14 gtw01 kernel: [10395.884147] IPv4: martian source 192.168.120.1 from 192.168.120.1, on dev qr-4e954bf5-6d
Jul 15 15:58:14 gtw01 kernel: [10395.884148] ll header: 00000000: ff ff ff ff ff ff fa 16 3e af 48 b9 08 06        ........>.H...
Jul 15 15:58:14 gtw01 kernel: [10395.884158] IPv4: martian source 192.168.120.1 from 192.168.120.1, on dev qr-482caccf-af
Jul 15 15:58:14 gtw01 kernel: [10395.884158] ll header: 00000000: ff ff ff ff ff ff fa 16 3e af 48 b9 08 06        ........>.H...
Jul 15 15:58:14 gtw01 haproxy-metadata-proxy-32b6b3a4-9c5f-446e-9bf8-4647304bc9f9[6927]: Proxy listener started.
Jul 15 15:58:14 gtw01 dnsmasq[32189]: read /var/lib/neutron/dhcp/1614004e-ca12-46e5-9d6d-2e54aaabf8d3/addn_hosts - 3 addresses
Jul 15 15:58:14 gtw01 dnsmasq-dhcp[32189]: read /var/lib/neutron/dhcp/1614004e-ca12-46e5-9d6d-2e54aaabf8d3/host
Jul 15 15:58:14 gtw01 dnsmasq-dhcp[32189]: read /var/lib/neutron/dhcp/1614004e-ca12-46e5-9d6d-2e54aaabf8d3/opts
Jul 15 15:58:14 gtw01 dnsmasq[6230]: read /var/lib/neutron/dhcp/be1c33a5-7f42-4202-a659-23a465fadb65/addn_hosts - 2 addresses
Jul 15 15:58:14 gtw01 dnsmasq-dhcp[6230]: read /var/lib/neutron/dhcp/be1c33a5-7f42-4202-a659-23a465fadb65/host
Jul 15 15:58:14 gtw01 dnsmasq-dhcp[6230]: read /var/lib/neutron/dhcp/be1c33a5-7f42-4202-a659-23a465fadb65/opts
Jul 15 15:58:15 gtw01 kernel: [10396.752088] IPv4: martian source 192.168.120.1 from 192.168.120.1, on dev qr-94933a87-d7
Jul 15 15:58:15 gtw01 kernel: [10396.752093] ll header: 00000000: ff ff ff ff ff ff fa 16 3e e5 cb 54 08 06        ........>..T..
Jul 15 15:58:15 gtw01 kernel: [10396.752103] IPv4: martian source 192.168.120.1 from 192.168.120.1, on dev qr-e3efe17e-ce
Jul 15 15:58:15 gtw01 kernel: [10396.752104] ll header: 00000000: ff ff ff ff ff ff fa 16 3e e5 cb 54 08 06        ........>..T..
Jul 15 15:58:15 gtw01 dnsmasq[7022]: started, version 2.80 cachesize 150
Jul 15 15:58:15 gtw01 dnsmasq[7022]: DNS service limited to local subnets
Jul 15 15:58:15 gtw01 dnsmasq[7022]: compile time options: IPv6 GNU-getopt DBus i18n IDN DHCP DHCPv6 no-Lua TFTP conntrack ipset auth DNSSEC loop-detect inotify dumpfile
Jul 15 15:58:15 gtw01 dnsmasq[7022]: warning: no upstream servers configured
Jul 15 15:58:15 gtw01 dnsmasq-dhcp[7022]: DHCP, static leases only on 192.168.120.0, lease time 1h
Jul 15 15:58:15 gtw01 dnsmasq[7022]: read /var/lib/neutron/dhcp/a7b47009-31ba-4a62-900e-5cc3d881a637/addn_hosts - 1 addresses
Jul 15 15:58:15 gtw01 dnsmasq-dhcp[7022]: read /var/lib/neutron/dhcp/a7b47009-31ba-4a62-900e-5cc3d881a637/host
Jul 15 15:58:15 gtw01 dnsmasq-dhcp[7022]: read /var/lib/neutron/dhcp/a7b47009-31ba-4a62-900e-5cc3d881a637/opts
Jul 15 15:58:15 gtw01 systemd-udevd[7028]: Could not generate persistent MAC address for qr-556037c7-1c: No such file or directory
Jul 15 15:58:15 gtw01 kernel: [10397.108476] device qr-556037c7-1c entered promiscuous mode
Jul 15 15:58:15 gtw01 dnsmasq[5366]: read /var/lib/neutron/dhcp/27e83558-f2e7-402c-971c-6fcbde367755/addn_hosts - 2 addresses
Jul 15 15:58:15 gtw01 dnsmasq-dhcp[5366]: read /var/lib/neutron/dhcp/27e83558-f2e7-402c-971c-6fcbde367755/host
Jul 15 15:58:15 gtw01 dnsmasq-dhcp[5366]: read /var/lib/neutron/dhcp/27e83558-f2e7-402c-971c-6fcbde367755/opts
Jul 15 15:58:15 gtw01 dnsmasq[6726]: read /var/lib/neutron/dhcp/7ef68b83-63ed-4f7b-b7e2-e4969e95a5ff/addn_hosts - 2 addresses
Jul 15 15:58:15 gtw01 dnsmasq-dhcp[6726]: read /var/lib/neutron/dhcp/7ef68b83-63ed-4f7b-b7e2-e4969e95a5ff/host
Jul 15 15:58:15 gtw01 dnsmasq-dhcp[6726]: read /var/lib/neutron/dhcp/7ef68b83-63ed-4f7b-b7e2-e4969e95a5ff/opts
Jul 15 15:58:15 gtw01 systemd-udevd[7127]: Could not generate persistent MAC address for qr-dade492c-e9: No such file or directory
Jul 15 15:58:15 gtw01 kernel: [10397.515430] device qr-dade492c-e9 entered promiscuous mode
Jul 15 15:58:16 gtw01 dnsmasq[729]: read /var/lib/neutron/dhcp/7cc546e4-1180-4069-8725-fa081f202447/addn_hosts - 2 addresses
Jul 15 15:58:16 gtw01 dnsmasq-dhcp[729]: read /var/lib/neutron/dhcp/7cc546e4-1180-4069-8725-fa081f202447/host
Jul 15 15:58:16 gtw01 dnsmasq-dhcp[729]: read /var/lib/neutron/dhcp/7cc546e4-1180-4069-8725-fa081f202447/opts
Jul 15 15:58:16 gtw01 haproxy-metadata-proxy-a7b47009-31ba-4a62-900e-5cc3d881a637[7228]: Proxy listener started.
Jul 15 15:58:16 gtw01 dnsmasq[765]: read /var/lib/neutron/dhcp/8ac2e636-2830-4331-b0df-02808feccd35/addn_hosts - 2 addresses
Jul 15 15:58:16 gtw01 dnsmasq-dhcp[765]: read /var/lib/neutron/dhcp/8ac2e636-2830-4331-b0df-02808feccd35/host
Jul 15 15:58:16 gtw01 dnsmasq-dhcp[765]: read /var/lib/neutron/dhcp/8ac2e636-2830-4331-b0df-02808feccd35/opts
Jul 15 15:58:16 gtw01 dnsmasq[6874]: read /var/lib/neutron/dhcp/32b6b3a4-9c5f-446e-9bf8-4647304bc9f9/addn_hosts - 2 addresses
Jul 15 15:58:16 gtw01 dnsmasq-dhcp[6874]: read /var/lib/neutron/dhcp/32b6b3a4-9c5f-446e-9bf8-4647304bc9f9/host
Jul 15 15:58:16 gtw01 dnsmasq-dhcp[6874]: read /var/lib/neutron/dhcp/32b6b3a4-9c5f-446e-9bf8-4647304bc9f9/opts
Jul 15 15:58:17 gtw01 dnsmasq[1801]: read /var/lib/neutron/dhcp/2d05f256-76af-47fb-81f0-beb9a2072573/addn_hosts - 2 addresses
Jul 15 15:58:17 gtw01 dnsmasq-dhcp[1801]: read /var/lib/neutron/dhcp/2d05f256-76af-47fb-81f0-beb9a2072573/host
Jul 15 15:58:17 gtw01 dnsmasq-dhcp[1801]: read /var/lib/neutron/dhcp/2d05f256-76af-47fb-81f0-beb9a2072573/opts
Jul 15 15:58:18 gtw01 dnsmasq[6230]: read /var/lib/neutron/dhcp/be1c33a5-7f42-4202-a659-23a465fadb65/addn_hosts - 2 addresses
Jul 15 15:58:18 gtw01 dnsmasq-dhcp[6230]: read /var/lib/neutron/dhcp/be1c33a5-7f42-4202-a659-23a465fadb65/host
Jul 15 15:58:18 gtw01 dnsmasq-dhcp[6230]: read /var/lib/neutron/dhcp/be1c33a5-7f42-4202-a659-23a465fadb65/opts
Jul 15 15:58:18 gtw01 dnsmasq[5366]: read /var/lib/neutron/dhcp/27e83558-f2e7-402c-971c-6fcbde367755/addn_hosts - 2 addresses
Jul 15 15:58:18 gtw01 dnsmasq-dhcp[5366]: read /var/lib/neutron/dhcp/27e83558-f2e7-402c-971c-6fcbde367755/host
Jul 15 15:58:18 gtw01 dnsmasq-dhcp[5366]: read /var/lib/neutron/dhcp/27e83558-f2e7-402c-971c-6fcbde367755/opts
Jul 15 15:58:18 gtw01 dnsmasq[7022]: read /var/lib/neutron/dhcp/a7b47009-31ba-4a62-900e-5cc3d881a637/addn_hosts - 2 addresses
Jul 15 15:58:18 gtw01 dnsmasq-dhcp[7022]: read /var/lib/neutron/dhcp/a7b47009-31ba-4a62-900e-5cc3d881a637/host
Jul 15 15:58:18 gtw01 dnsmasq-dhcp[7022]: read /var/lib/neutron/dhcp/a7b47009-31ba-4a62-900e-5cc3d881a637/opts
Jul 15 15:58:19 gtw01 kernel: [10400.631800] net_ratelimit: 2 callbacks suppressed
Jul 15 15:58:19 gtw01 kernel: [10400.631803] IPv4: martian source 192.168.120.1 from 192.168.120.1, on dev qr-94933a87-d7
Jul 15 15:58:19 gtw01 kernel: [10400.631806] ll header: 00000000: ff ff ff ff ff ff fa 16 3e e5 cb 54 08 06        ........>..T..
Jul 15 15:58:19 gtw01 kernel: [10400.631816] IPv4: martian source 192.168.120.1 from 192.168.120.1, on dev qr-e3efe17e-ce
Jul 15 15:58:19 gtw01 kernel: [10400.631817] ll header: 00000000: ff ff ff ff ff ff fa 16 3e e5 cb 54 08 06        ........>..T..
Jul 15 15:58:19 gtw01 kernel: [10400.631828] IPv4: martian source 192.168.120.1 from 192.168.120.1, on dev qr-4e954bf5-6d
Jul 15 15:58:19 gtw01 kernel: [10400.631829] ll header: 00000000: ff ff ff ff ff ff fa 16 3e e5 cb 54 08 06        ........>..T..
Jul 15 15:58:19 gtw01 kernel: [10400.631836] IPv4: martian source 192.168.120.1 from 192.168.120.1, on dev qr-42f1795c-aa
Jul 15 15:58:19 gtw01 kernel: [10400.631837] ll header: 00000000: ff ff ff ff ff ff fa 16 3e e5 cb 54 08 06        ........>..T..
Jul 15 15:58:19 gtw01 kernel: [10400.631843] IPv4: martian source 192.168.120.1 from 192.168.120.1, on dev qr-556037c7-1c
Jul 15 15:58:19 gtw01 kernel: [10400.631843] ll header: 00000000: ff ff ff ff ff ff fa 16 3e e5 cb 54 08 06        ........>..T..
Jul 15 15:58:19 gtw01 kernel: [10400.631847] IPv4: martian source 192.168.120.1 from 192.168.120.1, on dev qr-dade492c-e9
Jul 15 15:58:19 gtw01 kernel: [10400.631848] ll header: 00000000: ff ff ff ff ff ff fa 16 3e e5 cb 54 08 06        ........>..T..
Jul 15 15:58:19 gtw01 dnsmasq[729]: read /var/lib/neutron/dhcp/7cc546e4-1180-4069-8725-fa081f202447/addn_hosts - 2 addresses
Jul 15 15:58:19 gtw01 dnsmasq-dhcp[729]: read /var/lib/neutron/dhcp/7cc546e4-1180-4069-8725-fa081f202447/host
Jul 15 15:58:19 gtw01 dnsmasq-dhcp[729]: read /var/lib/neutron/dhcp/7cc546e4-1180-4069-8725-fa081f202447/opts
Jul 15 15:58:19 gtw01 systemd-udevd[7507]: Could not generate persistent MAC address for qr-f31d938b-e9: No such file or directory
Jul 15 15:58:19 gtw01 kernel: [10401.325184] device qr-f31d938b-e9 entered promiscuous mode
Jul 15 15:58:19 gtw01 dnsmasq[6726]: read /var/lib/neutron/dhcp/7ef68b83-63ed-4f7b-b7e2-e4969e95a5ff/addn_hosts - 2 addresses
Jul 15 15:58:19 gtw01 dnsmasq-dhcp[6726]: read /var/lib/neutron/dhcp/7ef68b83-63ed-4f7b-b7e2-e4969e95a5ff/host
Jul 15 15:58:19 gtw01 dnsmasq-dhcp[6726]: read /var/lib/neutron/dhcp/7ef68b83-63ed-4f7b-b7e2-e4969e95a5ff/opts
Jul 15 15:58:20 gtw01 dnsmasq[765]: read /var/lib/neutron/dhcp/8ac2e636-2830-4331-b0df-02808feccd35/addn_hosts - 3 addresses
Jul 15 15:58:20 gtw01 dnsmasq-dhcp[765]: read /var/lib/neutron/dhcp/8ac2e636-2830-4331-b0df-02808feccd35/host
Jul 15 15:58:20 gtw01 dnsmasq-dhcp[765]: read /var/lib/neutron/dhcp/8ac2e636-2830-4331-b0df-02808feccd35/opts
Jul 15 15:58:20 gtw01 systemd-udevd[7636]: Could not generate persistent MAC address for qr-f82e0173-91: No such file or directory
Jul 15 15:58:20 gtw01 kernel: [10402.100224] device qr-f82e0173-91 entered promiscuous mode
Jul 15 15:58:20 gtw01 kernel: [10402.168339] IPv4: martian source 192.168.120.1 from 192.168.120.1, on dev qr-94933a87-d7
Jul 15 15:58:20 gtw01 kernel: [10402.168343] ll header: 00000000: ff ff ff ff ff ff fa 16 3e 8a 2e 20 08 06        ........>.. ..
Jul 15 15:58:20 gtw01 kernel: [10402.168344] IPv4: martian source 192.168.120.1 from 192.168.120.1, on dev qg-f0f35ab0-a7
Jul 15 15:58:20 gtw01 kernel: [10402.168345] ll header: 00000000: ff ff ff ff ff ff fa 16 3e 8a 2e 20 08 06        ........>.. ..
Jul 15 15:58:20 gtw01 kernel: [10402.168350] IPv4: martian source 192.168.120.1 from 192.168.120.1, on dev qg-75e0f77a-c0
Jul 15 15:58:20 gtw01 kernel: [10402.168350] ll header: 00000000: ff ff ff ff ff ff fa 16 3e 8a 2e 20 08 06        ........>.. ..
Jul 15 15:58:20 gtw01 kernel: [10402.168354] IPv4: martian source 192.168.120.1 from 192.168.120.1, on dev qg-908fe5b3-4d
Jul 15 15:58:20 gtw01 kernel: [10402.168355] ll header: 00000000: ff ff ff ff ff ff fa 16 3e 8a 2e 20 08 06        ........>.. ..
Jul 15 15:58:20 gtw01 dnsmasq[6874]: read /var/lib/neutron/dhcp/32b6b3a4-9c5f-446e-9bf8-4647304bc9f9/addn_hosts - 2 addresses
Jul 15 15:58:20 gtw01 dnsmasq-dhcp[6874]: read /var/lib/neutron/dhcp/32b6b3a4-9c5f-446e-9bf8-4647304bc9f9/host
Jul 15 15:58:20 gtw01 dnsmasq-dhcp[6874]: read /var/lib/neutron/dhcp/32b6b3a4-9c5f-446e-9bf8-4647304bc9f9/opts
Jul 15 15:58:21 gtw01 kernel: [10402.700359] device qg-b4fac967-5a entered promiscuous mode
Jul 15 15:58:21 gtw01 systemd-udevd[7757]: Could not generate persistent MAC address for qg-b4fac967-5a: No such file or directory
Jul 15 15:58:21 gtw01 kernel: [10403.260044] device tapd2c8cd46-67 left promiscuous mode
Jul 15 15:58:21 gtw01 dnsmasq[6230]: read /var/lib/neutron/dhcp/be1c33a5-7f42-4202-a659-23a465fadb65/addn_hosts - 2 addresses
Jul 15 15:58:21 gtw01 dnsmasq-dhcp[6230]: read /var/lib/neutron/dhcp/be1c33a5-7f42-4202-a659-23a465fadb65/host
Jul 15 15:58:21 gtw01 dnsmasq-dhcp[6230]: read /var/lib/neutron/dhcp/be1c33a5-7f42-4202-a659-23a465fadb65/opts
Jul 15 15:58:22 gtw01 dnsmasq[7022]: read /var/lib/neutron/dhcp/a7b47009-31ba-4a62-900e-5cc3d881a637/addn_hosts - 2 addresses
Jul 15 15:58:22 gtw01 dnsmasq-dhcp[7022]: read /var/lib/neutron/dhcp/a7b47009-31ba-4a62-900e-5cc3d881a637/host
Jul 15 15:58:22 gtw01 dnsmasq-dhcp[7022]: read /var/lib/neutron/dhcp/a7b47009-31ba-4a62-900e-5cc3d881a637/opts
Jul 15 15:58:22 gtw01 dnsmasq[2313]: read /var/lib/neutron/dhcp/97f95e7a-2e56-4962-b2df-409287c7bc1e/addn_hosts - 2 addresses
Jul 15 15:58:22 gtw01 dnsmasq-dhcp[2313]: read /var/lib/neutron/dhcp/97f95e7a-2e56-4962-b2df-409287c7bc1e/host
Jul 15 15:58:22 gtw01 dnsmasq-dhcp[2313]: read /var/lib/neutron/dhcp/97f95e7a-2e56-4962-b2df-409287c7bc1e/opts
Jul 15 15:58:23 gtw01 kernel: [10404.678582] device tap42dad79e-fa left promiscuous mode
Jul 15 15:58:23 gtw01 dnsmasq[6726]: read /var/lib/neutron/dhcp/7ef68b83-63ed-4f7b-b7e2-e4969e95a5ff/addn_hosts - 2 addresses
Jul 15 15:58:23 gtw01 dnsmasq-dhcp[6726]: read /var/lib/neutron/dhcp/7ef68b83-63ed-4f7b-b7e2-e4969e95a5ff/host
Jul 15 15:58:23 gtw01 dnsmasq-dhcp[6726]: read /var/lib/neutron/dhcp/7ef68b83-63ed-4f7b-b7e2-e4969e95a5ff/opts
Jul 15 15:58:23 gtw01 dnsmasq[2771]: read /var/lib/neutron/dhcp/14342349-2b95-417e-a5b4-5cdea03a2c04/addn_hosts - 2 addresses
Jul 15 15:58:23 gtw01 dnsmasq-dhcp[2771]: read /var/lib/neutron/dhcp/14342349-2b95-417e-a5b4-5cdea03a2c04/host
Jul 15 15:58:23 gtw01 dnsmasq-dhcp[2771]: read /var/lib/neutron/dhcp/14342349-2b95-417e-a5b4-5cdea03a2c04/opts
Jul 15 15:58:24 gtw01 dnsmasq[4795]: read /var/lib/neutron/dhcp/75f962eb-4657-473d-b481-5f785bd8aaa9/addn_hosts - 2 addresses
Jul 15 15:58:24 gtw01 dnsmasq-dhcp[4795]: read /var/lib/neutron/dhcp/75f962eb-4657-473d-b481-5f785bd8aaa9/host
Jul 15 15:58:24 gtw01 dnsmasq-dhcp[4795]: read /var/lib/neutron/dhcp/75f962eb-4657-473d-b481-5f785bd8aaa9/opts
Jul 15 15:58:24 gtw01 dnsmasq[6874]: read /var/lib/neutron/dhcp/32b6b3a4-9c5f-446e-9bf8-4647304bc9f9/addn_hosts - 2 addresses
Jul 15 15:58:24 gtw01 dnsmasq-dhcp[6874]: read /var/lib/neutron/dhcp/32b6b3a4-9c5f-446e-9bf8-4647304bc9f9/host
Jul 15 15:58:24 gtw01 dnsmasq-dhcp[6874]: read /var/lib/neutron/dhcp/32b6b3a4-9c5f-446e-9bf8-4647304bc9f9/opts
Jul 15 15:58:24 gtw01 kernel: [10406.235888] net_ratelimit: 26 callbacks suppressed
Jul 15 15:58:24 gtw01 kernel: [10406.235891] IPv4: martian source 192.168.120.1 from 192.168.120.1, on dev qr-94933a87-d7
Jul 15 15:58:24 gtw01 kernel: [10406.235895] ll header: 00000000: ff ff ff ff ff ff fa 16 3e 84 1b 8a 08 06        ........>.....
Jul 15 15:58:24 gtw01 kernel: [10406.235898] IPv4: martian source 192.168.120.1 from 192.168.120.1, on dev qg-f0f35ab0-a7
Jul 15 15:58:24 gtw01 kernel: [10406.235899] ll header: 00000000: ff ff ff ff ff ff fa 16 3e 84 1b 8a 08 06        ........>.....
Jul 15 15:58:24 gtw01 kernel: [10406.235903] IPv4: martian source 192.168.120.1 from 192.168.120.1, on dev qg-75e0f77a-c0
Jul 15 15:58:24 gtw01 kernel: [10406.235904] ll header: 00000000: ff ff ff ff ff ff fa 16 3e 84 1b 8a 08 06        ........>.....
Jul 15 15:58:24 gtw01 kernel: [10406.235908] IPv4: martian source 192.168.120.1 from 192.168.120.1, on dev qg-908fe5b3-4d
Jul 15 15:58:24 gtw01 kernel: [10406.235909] ll header: 00000000: ff ff ff ff ff ff fa 16 3e 84 1b 8a 08 06        ........>.....
Jul 15 15:58:24 gtw01 kernel: [10406.235913] IPv4: martian source 192.168.120.1 from 192.168.120.1, on dev qr-e3efe17e-ce
Jul 15 15:58:24 gtw01 kernel: [10406.235914] ll header: 00000000: ff ff ff ff ff ff fa 16 3e 84 1b 8a 08 06        ........>.....
Jul 15 15:58:24 gtw01 kernel: [10406.235915] IPv4: martian source 192.168.120.1 from 192.168.120.1, on dev qr-4e954bf5-6d
Jul 15 15:58:24 gtw01 kernel: [10406.235916] ll header: 00000000: ff ff ff ff ff ff fa 16 3e 84 1b 8a 08 06        ........>.....
Jul 15 15:58:24 gtw01 kernel: [10406.235918] IPv4: martian source 192.168.120.1 from 192.168.120.1, on dev qr-42f1795c-aa
Jul 15 15:58:24 gtw01 kernel: [10406.235919] ll header: 00000000: ff ff ff ff ff ff fa 16 3e 84 1b 8a 08 06        ........>.....
Jul 15 15:58:24 gtw01 kernel: [10406.235922] IPv4: martian source 192.168.120.1 from 192.168.120.1, on dev qr-f82e0173-91
Jul 15 15:58:24 gtw01 kernel: [10406.235923] ll header: 00000000: ff ff ff ff ff ff fa 16 3e 84 1b 8a 08 06        ........>.....
Jul 15 15:58:24 gtw01 kernel: [10406.235927] IPv4: martian source 192.168.120.1 from 192.168.120.1, on dev qg-b4fac967-5a
Jul 15 15:58:24 gtw01 kernel: [10406.235927] ll header: 00000000: ff ff ff ff ff ff fa 16 3e 84 1b 8a 08 06        ........>.....
Jul 15 15:58:25 gtw01 dnsmasq[6230]: read /var/lib/neutron/dhcp/be1c33a5-7f42-4202-a659-23a465fadb65/addn_hosts - 2 addresses
Jul 15 15:58:25 gtw01 dnsmasq-dhcp[6230]: read /var/lib/neutron/dhcp/be1c33a5-7f42-4202-a659-23a465fadb65/host
Jul 15 15:58:25 gtw01 dnsmasq-dhcp[6230]: read /var/lib/neutron/dhcp/be1c33a5-7f42-4202-a659-23a465fadb65/opts
Jul 15 15:58:25 gtw01 systemd-udevd[8161]: Could not generate persistent MAC address for qg-10a69a2f-fd: No such file or directory
Jul 15 15:58:25 gtw01 kernel: [10406.935710] device qg-10a69a2f-fd entered promiscuous mode
Jul 15 15:58:25 gtw01 systemd-udevd[8242]: Could not generate persistent MAC address for qr-3357d549-8a: No such file or directory
Jul 15 15:58:25 gtw01 kernel: [10407.140675] device qr-3357d549-8a entered promiscuous mode
Jul 15 15:58:25 gtw01 dnsmasq[4494]: read /var/lib/neutron/dhcp/92c5ee22-65a7-43d0-890e-3cbddf4541ac/addn_hosts - 2 addresses
Jul 15 15:58:25 gtw01 dnsmasq-dhcp[4494]: read /var/lib/neutron/dhcp/92c5ee22-65a7-43d0-890e-3cbddf4541ac/host
Jul 15 15:58:25 gtw01 dnsmasq-dhcp[4494]: read /var/lib/neutron/dhcp/92c5ee22-65a7-43d0-890e-3cbddf4541ac/opts
Jul 15 15:58:25 gtw01 kernel: [10407.452197] device vxlan_sys_4789 entered promiscuous mode
Jul 15 15:58:25 gtw01 systemd-udevd[8342]: Could not generate persistent MAC address for vxlan_sys_4789: No such file or directory
Jul 15 15:58:25 gtw01 kernel: [10407.495976] IPv4: martian source 192.168.120.1 from 192.168.120.1, on dev qr-94933a87-d7
Jul 15 15:58:25 gtw01 kernel: [10407.495979] ll header: 00000000: ff ff ff ff ff ff fa 16 3e 05 5f 91 08 06        ........>._...
Jul 15 15:58:26 gtw01 dnsmasq[2313]: read /var/lib/neutron/dhcp/97f95e7a-2e56-4962-b2df-409287c7bc1e/addn_hosts - 2 addresses
Jul 15 15:58:26 gtw01 dnsmasq-dhcp[2313]: read /var/lib/neutron/dhcp/97f95e7a-2e56-4962-b2df-409287c7bc1e/host
Jul 15 15:58:26 gtw01 dnsmasq-dhcp[2313]: read /var/lib/neutron/dhcp/97f95e7a-2e56-4962-b2df-409287c7bc1e/opts
Jul 15 15:58:26 gtw01 kernel: [10407.952232] device qg-4253de00-a3 entered promiscuous mode
Jul 15 15:58:26 gtw01 systemd-udevd[8454]: Could not generate persistent MAC address for qg-4253de00-a3: No such file or directory
Jul 15 15:58:26 gtw01 dnsmasq[7022]: read /var/lib/neutron/dhcp/a7b47009-31ba-4a62-900e-5cc3d881a637/addn_hosts - 2 addresses
Jul 15 15:58:26 gtw01 dnsmasq-dhcp[7022]: read /var/lib/neutron/dhcp/a7b47009-31ba-4a62-900e-5cc3d881a637/host
Jul 15 15:58:26 gtw01 dnsmasq-dhcp[7022]: read /var/lib/neutron/dhcp/a7b47009-31ba-4a62-900e-5cc3d881a637/opts
Jul 15 15:58:26 gtw01 dnsmasq[6726]: read /var/lib/neutron/dhcp/7ef68b83-63ed-4f7b-b7e2-e4969e95a5ff/addn_hosts - 2 addresses
Jul 15 15:58:26 gtw01 dnsmasq-dhcp[6726]: read /var/lib/neutron/dhcp/7ef68b83-63ed-4f7b-b7e2-e4969e95a5ff/host
Jul 15 15:58:26 gtw01 dnsmasq-dhcp[6726]: read /var/lib/neutron/dhcp/7ef68b83-63ed-4f7b-b7e2-e4969e95a5ff/opts
Jul 15 15:58:27 gtw01 dnsmasq[4795]: read /var/lib/neutron/dhcp/75f962eb-4657-473d-b481-5f785bd8aaa9/addn_hosts - 2 addresses
Jul 15 15:58:27 gtw01 dnsmasq-dhcp[4795]: read /var/lib/neutron/dhcp/75f962eb-4657-473d-b481-5f785bd8aaa9/host
Jul 15 15:58:27 gtw01 dnsmasq-dhcp[4795]: read /var/lib/neutron/dhcp/75f962eb-4657-473d-b481-5f785bd8aaa9/opts
Jul 15 15:58:27 gtw01 dnsmasq[2771]: read /var/lib/neutron/dhcp/14342349-2b95-417e-a5b4-5cdea03a2c04/addn_hosts - 3 addresses
Jul 15 15:58:27 gtw01 dnsmasq-dhcp[2771]: read /var/lib/neutron/dhcp/14342349-2b95-417e-a5b4-5cdea03a2c04/host
Jul 15 15:58:27 gtw01 dnsmasq-dhcp[2771]: read /var/lib/neutron/dhcp/14342349-2b95-417e-a5b4-5cdea03a2c04/opts
Jul 15 15:58:27 gtw01 dnsmasq[6874]: read /var/lib/neutron/dhcp/32b6b3a4-9c5f-446e-9bf8-4647304bc9f9/addn_hosts - 2 addresses
Jul 15 15:58:27 gtw01 dnsmasq-dhcp[6874]: read /var/lib/neutron/dhcp/32b6b3a4-9c5f-446e-9bf8-4647304bc9f9/host
Jul 15 15:58:27 gtw01 dnsmasq-dhcp[6874]: read /var/lib/neutron/dhcp/32b6b3a4-9c5f-446e-9bf8-4647304bc9f9/opts
Jul 15 15:58:28 gtw01 dnsmasq[4885]: read /var/lib/neutron/dhcp/e06e5f54-928c-4d66-9ada-7fc0ba0665e1/addn_hosts - 2 addresses
Jul 15 15:58:28 gtw01 dnsmasq-dhcp[4885]: read /var/lib/neutron/dhcp/e06e5f54-928c-4d66-9ada-7fc0ba0665e1/host
Jul 15 15:58:28 gtw01 dnsmasq-dhcp[4885]: read /var/lib/neutron/dhcp/e06e5f54-928c-4d66-9ada-7fc0ba0665e1/opts
Jul 15 15:58:28 gtw01 dnsmasq[4494]: read /var/lib/neutron/dhcp/92c5ee22-65a7-43d0-890e-3cbddf4541ac/addn_hosts - 2 addresses
Jul 15 15:58:28 gtw01 dnsmasq-dhcp[4494]: read /var/lib/neutron/dhcp/92c5ee22-65a7-43d0-890e-3cbddf4541ac/host
Jul 15 15:58:28 gtw01 dnsmasq-dhcp[4494]: read /var/lib/neutron/dhcp/92c5ee22-65a7-43d0-890e-3cbddf4541ac/opts
Jul 15 15:58:29 gtw01 kernel: [10410.785036] device tap6e1f96b6-e5 left promiscuous mode
Jul 15 15:58:29 gtw01 dnsmasq[6726]: read /var/lib/neutron/dhcp/7ef68b83-63ed-4f7b-b7e2-e4969e95a5ff/addn_hosts - 2 addresses
Jul 15 15:58:29 gtw01 dnsmasq-dhcp[6726]: read /var/lib/neutron/dhcp/7ef68b83-63ed-4f7b-b7e2-e4969e95a5ff/host
Jul 15 15:58:29 gtw01 dnsmasq-dhcp[6726]: read /var/lib/neutron/dhcp/7ef68b83-63ed-4f7b-b7e2-e4969e95a5ff/opts
Jul 15 15:58:29 gtw01 dnsmasq[7022]: read /var/lib/neutron/dhcp/a7b47009-31ba-4a62-900e-5cc3d881a637/addn_hosts - 2 addresses
Jul 15 15:58:29 gtw01 dnsmasq-dhcp[7022]: read /var/lib/neutron/dhcp/a7b47009-31ba-4a62-900e-5cc3d881a637/host
Jul 15 15:58:29 gtw01 dnsmasq-dhcp[7022]: read /var/lib/neutron/dhcp/a7b47009-31ba-4a62-900e-5cc3d881a637/opts
Jul 15 15:58:29 gtw01 kernel: [10411.436055] net_ratelimit: 21 callbacks suppressed
Jul 15 15:58:29 gtw01 kernel: [10411.436057] IPv4: martian source 192.168.120.1 from 192.168.120.1, on dev qr-94933a87-d7
Jul 15 15:58:29 gtw01 kernel: [10411.436061] ll header: 00000000: ff ff ff ff ff ff fa 16 3e 05 5f 91 08 06        ........>._...
Jul 15 15:58:29 gtw01 kernel: [10411.436064] IPv4: martian source 192.168.120.1 from 192.168.120.1, on dev qg-f0f35ab0-a7
Jul 15 15:58:29 gtw01 kernel: [10411.436065] ll header: 00000000: ff ff ff ff ff ff fa 16 3e 05 5f 91 08 06        ........>._...
Jul 15 15:58:29 gtw01 kernel: [10411.436070] IPv4: martian source 192.168.120.1 from 192.168.120.1, on dev qg-75e0f77a-c0
Jul 15 15:58:29 gtw01 kernel: [10411.436071] ll header: 00000000: ff ff ff ff ff ff fa 16 3e 05 5f 91 08 06        ........>._...
Jul 15 15:58:29 gtw01 kernel: [10411.436075] IPv4: martian source 192.168.120.1 from 192.168.120.1, on dev qg-908fe5b3-4d
Jul 15 15:58:29 gtw01 kernel: [10411.436076] ll header: 00000000: ff ff ff ff ff ff fa 16 3e 05 5f 91 08 06        ........>._...
Jul 15 15:58:29 gtw01 kernel: [10411.436081] IPv4: martian source 192.168.120.1 from 192.168.120.1, on dev qr-e3efe17e-ce
Jul 15 15:58:29 gtw01 kernel: [10411.436082] ll header: 00000000: ff ff ff ff ff ff fa 16 3e 05 5f 91 08 06        ........>._...
Jul 15 15:58:29 gtw01 kernel: [10411.436083] IPv4: martian source 192.168.120.1 from 192.168.120.1, on dev qr-4e954bf5-6d
Jul 15 15:58:29 gtw01 kernel: [10411.436084] ll header: 00000000: ff ff ff ff ff ff fa 16 3e 05 5f 91 08 06        ........>._...
Jul 15 15:58:29 gtw01 kernel: [10411.436086] IPv4: martian source 192.168.120.1 from 192.168.120.1, on dev qr-42f1795c-aa
Jul 15 15:58:29 gtw01 kernel: [10411.436087] ll header: 00000000: ff ff ff ff ff ff fa 16 3e 05 5f 91 08 06        ........>._...
Jul 15 15:58:29 gtw01 kernel: [10411.436090] IPv4: martian source 192.168.120.1 from 192.168.120.1, on dev qr-dade492c-e9
Jul 15 15:58:29 gtw01 kernel: [10411.436091] ll header: 00000000: ff ff ff ff ff ff fa 16 3e 05 5f 91 08 06        ........>._...
Jul 15 15:58:29 gtw01 kernel: [10411.436095] IPv4: martian source 192.168.120.1 from 192.168.120.1, on dev qg-b4fac967-5a
Jul 15 15:58:29 gtw01 kernel: [10411.436096] ll header: 00000000: ff ff ff ff ff ff fa 16 3e 05 5f 91 08 06        ........>._...
Jul 15 15:58:29 gtw01 kernel: [10411.436099] IPv4: martian source 192.168.120.1 from 192.168.120.1, on dev qg-10a69a2f-fd
Jul 15 15:58:29 gtw01 kernel: [10411.436100] ll header: 00000000: ff ff ff ff ff ff fa 16 3e 05 5f 91 08 06        ........>._...
Jul 15 15:58:30 gtw01 dnsmasq[2771]: read /var/lib/neutron/dhcp/14342349-2b95-417e-a5b4-5cdea03a2c04/addn_hosts - 3 addresses
Jul 15 15:58:30 gtw01 dnsmasq-dhcp[2771]: read /var/lib/neutron/dhcp/14342349-2b95-417e-a5b4-5cdea03a2c04/host
Jul 15 15:58:30 gtw01 dnsmasq-dhcp[2771]: read /var/lib/neutron/dhcp/14342349-2b95-417e-a5b4-5cdea03a2c04/opts
Jul 15 15:58:30 gtw01 dnsmasq[2921]: read /var/lib/neutron/dhcp/5be2058c-c299-4a50-af89-7f4a4ff5752a/addn_hosts - 2 addresses
Jul 15 15:58:30 gtw01 dnsmasq-dhcp[2921]: read /var/lib/neutron/dhcp/5be2058c-c299-4a50-af89-7f4a4ff5752a/host
Jul 15 15:58:30 gtw01 dnsmasq-dhcp[2921]: read /var/lib/neutron/dhcp/5be2058c-c299-4a50-af89-7f4a4ff5752a/opts
Jul 15 15:58:30 gtw01 dnsmasq[6874]: read /var/lib/neutron/dhcp/32b6b3a4-9c5f-446e-9bf8-4647304bc9f9/addn_hosts - 2 addresses
Jul 15 15:58:30 gtw01 dnsmasq-dhcp[6874]: read /var/lib/neutron/dhcp/32b6b3a4-9c5f-446e-9bf8-4647304bc9f9/host
Jul 15 15:58:30 gtw01 dnsmasq-dhcp[6874]: read /var/lib/neutron/dhcp/32b6b3a4-9c5f-446e-9bf8-4647304bc9f9/opts
Jul 15 15:58:31 gtw01 dnsmasq[4885]: read /var/lib/neutron/dhcp/e06e5f54-928c-4d66-9ada-7fc0ba0665e1/addn_hosts - 2 addresses
Jul 15 15:58:31 gtw01 dnsmasq-dhcp[4885]: read /var/lib/neutron/dhcp/e06e5f54-928c-4d66-9ada-7fc0ba0665e1/host
Jul 15 15:58:31 gtw01 dnsmasq-dhcp[4885]: read /var/lib/neutron/dhcp/e06e5f54-928c-4d66-9ada-7fc0ba0665e1/opts
Jul 15 15:58:32 gtw01 dnsmasq[765]: read /var/lib/neutron/dhcp/8ac2e636-2830-4331-b0df-02808feccd35/addn_hosts - 3 addresses
Jul 15 15:58:32 gtw01 dnsmasq-dhcp[765]: read /var/lib/neutron/dhcp/8ac2e636-2830-4331-b0df-02808feccd35/host
Jul 15 15:58:32 gtw01 dnsmasq-dhcp[765]: read /var/lib/neutron/dhcp/8ac2e636-2830-4331-b0df-02808feccd35/opts
Jul 15 15:58:32 gtw01 dnsmasq[2756]: read /var/lib/neutron/dhcp/3d693748-2690-4c6a-93bb-080e51dd657f/addn_hosts - 2 addresses
Jul 15 15:58:32 gtw01 dnsmasq-dhcp[2756]: read /var/lib/neutron/dhcp/3d693748-2690-4c6a-93bb-080e51dd657f/host
Jul 15 15:58:32 gtw01 dnsmasq-dhcp[2756]: read /var/lib/neutron/dhcp/3d693748-2690-4c6a-93bb-080e51dd657f/opts
Jul 15 15:58:32 gtw01 dnsmasq[7022]: read /var/lib/neutron/dhcp/a7b47009-31ba-4a62-900e-5cc3d881a637/addn_hosts - 2 addresses
Jul 15 15:58:32 gtw01 dnsmasq-dhcp[7022]: read /var/lib/neutron/dhcp/a7b47009-31ba-4a62-900e-5cc3d881a637/host
Jul 15 15:58:32 gtw01 dnsmasq-dhcp[7022]: read /var/lib/neutron/dhcp/a7b47009-31ba-4a62-900e-5cc3d881a637/opts
Jul 15 15:58:32 gtw01 dnsmasq[5366]: read /var/lib/neutron/dhcp/27e83558-f2e7-402c-971c-6fcbde367755/addn_hosts - 2 addresses
Jul 15 15:58:32 gtw01 dnsmasq-dhcp[5366]: read /var/lib/neutron/dhcp/27e83558-f2e7-402c-971c-6fcbde367755/host
