Jul 15 13:47:20 gtw01 dnsmasq-dhcp[21223]: DHCPACK(tap5364f63a-16) 192.168.120.5 fa:16:3e:8f:72:ed host-192-168-120-5
Jul 15 13:49:11 gtw01 dnsmasq-dhcp[21223]: DHCPRELEASE(tap5364f63a-16) 192.168.120.20 fa:16:3e:0c:64:a0
Jul 15 13:49:11 gtw01 dnsmasq-dhcp[21223]: DHCPRELEASE(tap5364f63a-16) 192.168.120.20 fa:16:3e:0c:64:a0 unknown lease
Jul 15 13:49:12 gtw01 dnsmasq[21223]: read /var/lib/neutron/dhcp/d531b9f9-9bcd-4614-ac11-59572baa1fae/addn_hosts - 3 addresses
Jul 15 13:49:12 gtw01 dnsmasq-dhcp[21223]: read /var/lib/neutron/dhcp/d531b9f9-9bcd-4614-ac11-59572baa1fae/host
Jul 15 13:49:12 gtw01 dnsmasq-dhcp[21223]: read /var/lib/neutron/dhcp/d531b9f9-9bcd-4614-ac11-59572baa1fae/opts
Jul 15 13:49:20 gtw01 kernel: [ 2662.039444] device vxlan_sys_4789 left promiscuous mode
Jul 15 13:49:21 gtw01 dnsmasq-dhcp[21223]: DHCPRELEASE(tap5364f63a-16) 192.168.120.5 fa:16:3e:8f:72:ed
Jul 15 13:49:21 gtw01 dnsmasq-dhcp[21223]: DHCPRELEASE(tap5364f63a-16) 192.168.120.5 fa:16:3e:8f:72:ed unknown lease
Jul 15 13:49:22 gtw01 dnsmasq[21223]: read /var/lib/neutron/dhcp/d531b9f9-9bcd-4614-ac11-59572baa1fae/addn_hosts - 2 addresses
Jul 15 13:49:22 gtw01 dnsmasq-dhcp[21223]: read /var/lib/neutron/dhcp/d531b9f9-9bcd-4614-ac11-59572baa1fae/host
Jul 15 13:49:22 gtw01 dnsmasq-dhcp[21223]: read /var/lib/neutron/dhcp/d531b9f9-9bcd-4614-ac11-59572baa1fae/opts
Jul 15 13:49:24 gtw01 dnsmasq[21223]: read /var/lib/neutron/dhcp/d531b9f9-9bcd-4614-ac11-59572baa1fae/addn_hosts - 1 addresses
Jul 15 13:49:24 gtw01 dnsmasq-dhcp[21223]: read /var/lib/neutron/dhcp/d531b9f9-9bcd-4614-ac11-59572baa1fae/host
Jul 15 13:49:24 gtw01 dnsmasq-dhcp[21223]: read /var/lib/neutron/dhcp/d531b9f9-9bcd-4614-ac11-59572baa1fae/opts
Jul 15 13:49:25 gtw01 haproxy-metadata-proxy-d531b9f9-9bcd-4614-ac11-59572baa1fae[22221]: Proxy listener started.
Jul 15 13:49:26 gtw01 kernel: [ 2668.238050] device qr-8aae91e3-a0 left promiscuous mode
Jul 15 13:49:27 gtw01 kernel: [ 2668.982534] device qg-282da5c1-14 left promiscuous mode
Jul 15 13:49:29 gtw01 kernel: [ 2671.207159] device tap5364f63a-16 left promiscuous mode
Jul 15 13:49:39 gtw01 systemd-udevd[22346]: Could not generate persistent MAC address for tap2e34a639-a9: No such file or directory
Jul 15 13:49:39 gtw01 kernel: [ 2681.548159] device tap2e34a639-a9 entered promiscuous mode
Jul 15 13:49:39 gtw01 systemd-udevd[22346]: Process '/sbin/ip link set tap2e34a639-a9 txqueuelen 10000' failed with exit code 1.
Jul 15 13:49:39 gtw01 systemd-udevd[22420]: Process '/sbin/ip link set tap2e34a639-a9 txqueuelen 10000' failed with exit code 1.
Jul 15 13:49:42 gtw01 kernel: [ 2684.380932] device qr-9db73573-ed entered promiscuous mode
Jul 15 13:49:42 gtw01 systemd-udevd[22517]: Could not generate persistent MAC address for qr-9db73573-ed: No such file or directory
Jul 15 13:49:43 gtw01 dnsmasq[22603]: started, version 2.80 cachesize 150
Jul 15 13:49:43 gtw01 dnsmasq[22603]: DNS service limited to local subnets
Jul 15 13:49:43 gtw01 dnsmasq[22603]: compile time options: IPv6 GNU-getopt DBus i18n IDN DHCP DHCPv6 no-Lua TFTP conntrack ipset auth DNSSEC loop-detect inotify dumpfile
Jul 15 13:49:43 gtw01 dnsmasq[22603]: warning: no upstream servers configured
Jul 15 13:49:43 gtw01 dnsmasq-dhcp[22603]: DHCP, static leases only on 192.168.120.0, lease time 1h
Jul 15 13:49:43 gtw01 dnsmasq[22603]: read /var/lib/neutron/dhcp/72635fcc-ef24-4b48-983c-71124fa16428/addn_hosts - 1 addresses
Jul 15 13:49:43 gtw01 dnsmasq-dhcp[22603]: read /var/lib/neutron/dhcp/72635fcc-ef24-4b48-983c-71124fa16428/host
Jul 15 13:49:43 gtw01 dnsmasq-dhcp[22603]: read /var/lib/neutron/dhcp/72635fcc-ef24-4b48-983c-71124fa16428/opts
Jul 15 13:49:43 gtw01 haproxy-metadata-proxy-72635fcc-ef24-4b48-983c-71124fa16428[22612]: Proxy listener started.
Jul 15 13:49:43 gtw01 systemd-udevd[22636]: Could not generate persistent MAC address for qg-8f8016b2-cd: No such file or directory
Jul 15 13:49:43 gtw01 kernel: [ 2685.539049] device qg-8f8016b2-cd entered promiscuous mode
Jul 15 13:49:44 gtw01 dnsmasq[22603]: read /var/lib/neutron/dhcp/72635fcc-ef24-4b48-983c-71124fa16428/addn_hosts - 2 addresses
Jul 15 13:49:44 gtw01 dnsmasq-dhcp[22603]: read /var/lib/neutron/dhcp/72635fcc-ef24-4b48-983c-71124fa16428/host
Jul 15 13:49:44 gtw01 dnsmasq-dhcp[22603]: read /var/lib/neutron/dhcp/72635fcc-ef24-4b48-983c-71124fa16428/opts
Jul 15 13:49:45 gtw01 dnsmasq[22603]: read /var/lib/neutron/dhcp/72635fcc-ef24-4b48-983c-71124fa16428/addn_hosts - 2 addresses
Jul 15 13:49:45 gtw01 dnsmasq-dhcp[22603]: read /var/lib/neutron/dhcp/72635fcc-ef24-4b48-983c-71124fa16428/host
Jul 15 13:49:45 gtw01 dnsmasq-dhcp[22603]: read /var/lib/neutron/dhcp/72635fcc-ef24-4b48-983c-71124fa16428/opts
Jul 15 13:49:46 gtw01 dnsmasq[22603]: read /var/lib/neutron/dhcp/72635fcc-ef24-4b48-983c-71124fa16428/addn_hosts - 2 addresses
Jul 15 13:49:46 gtw01 dnsmasq-dhcp[22603]: read /var/lib/neutron/dhcp/72635fcc-ef24-4b48-983c-71124fa16428/host
Jul 15 13:49:46 gtw01 dnsmasq-dhcp[22603]: read /var/lib/neutron/dhcp/72635fcc-ef24-4b48-983c-71124fa16428/opts
Jul 15 13:49:47 gtw01 dnsmasq[22603]: read /var/lib/neutron/dhcp/72635fcc-ef24-4b48-983c-71124fa16428/addn_hosts - 2 addresses
Jul 15 13:49:47 gtw01 dnsmasq-dhcp[22603]: read /var/lib/neutron/dhcp/72635fcc-ef24-4b48-983c-71124fa16428/host
Jul 15 13:49:47 gtw01 dnsmasq-dhcp[22603]: read /var/lib/neutron/dhcp/72635fcc-ef24-4b48-983c-71124fa16428/opts
Jul 15 13:49:48 gtw01 dnsmasq[22603]: read /var/lib/neutron/dhcp/72635fcc-ef24-4b48-983c-71124fa16428/addn_hosts - 2 addresses
Jul 15 13:49:48 gtw01 dnsmasq-dhcp[22603]: read /var/lib/neutron/dhcp/72635fcc-ef24-4b48-983c-71124fa16428/host
Jul 15 13:49:48 gtw01 dnsmasq-dhcp[22603]: read /var/lib/neutron/dhcp/72635fcc-ef24-4b48-983c-71124fa16428/opts
Jul 15 13:49:50 gtw01 haproxy-metadata-proxy-76bc725f-e26c-4794-b16f-6ea02c639ba2[22947]: Proxy listener started.
Jul 15 13:49:51 gtw01 dnsmasq[22603]: read /var/lib/neutron/dhcp/72635fcc-ef24-4b48-983c-71124fa16428/addn_hosts - 2 addresses
Jul 15 13:49:51 gtw01 dnsmasq-dhcp[22603]: read /var/lib/neutron/dhcp/72635fcc-ef24-4b48-983c-71124fa16428/host
Jul 15 13:49:51 gtw01 dnsmasq-dhcp[22603]: read /var/lib/neutron/dhcp/72635fcc-ef24-4b48-983c-71124fa16428/opts
Jul 15 13:49:52 gtw01 dnsmasq[22603]: read /var/lib/neutron/dhcp/72635fcc-ef24-4b48-983c-71124fa16428/addn_hosts - 2 addresses
Jul 15 13:49:52 gtw01 dnsmasq-dhcp[22603]: read /var/lib/neutron/dhcp/72635fcc-ef24-4b48-983c-71124fa16428/host
Jul 15 13:49:52 gtw01 dnsmasq-dhcp[22603]: read /var/lib/neutron/dhcp/72635fcc-ef24-4b48-983c-71124fa16428/opts
Jul 15 13:50:25 gtw01 kernel: [ 2726.950858] device tap5f1e56bb-97 entered promiscuous mode
Jul 15 13:50:25 gtw01 systemd-udevd[23120]: Could not generate persistent MAC address for tap5f1e56bb-97: No such file or directory
Jul 15 13:50:25 gtw01 systemd-udevd[23120]: Process '/sbin/ip link set tap5f1e56bb-97 txqueuelen 10000' failed with exit code 1.
Jul 15 13:50:25 gtw01 systemd-udevd[23194]: Process '/sbin/ip link set tap5f1e56bb-97 txqueuelen 10000' failed with exit code 1.
Jul 15 13:50:26 gtw01 systemd-udevd[23243]: Could not generate persistent MAC address for tap8f85e5fc-19: No such file or directory
Jul 15 13:50:26 gtw01 kernel: [ 2728.558020] device tap8f85e5fc-19 entered promiscuous mode
Jul 15 13:50:26 gtw01 systemd-udevd[23243]: Process '/sbin/ip link set tap8f85e5fc-19 txqueuelen 10000' failed with exit code 1.
Jul 15 13:50:27 gtw01 systemd-udevd[23243]: Process '/sbin/ip link set tap8f85e5fc-19 txqueuelen 10000' failed with exit code 1.
Jul 15 13:50:28 gtw01 dnsmasq[23395]: started, version 2.80 cachesize 150
Jul 15 13:50:28 gtw01 dnsmasq[23395]: DNS service limited to local subnets
Jul 15 13:50:28 gtw01 dnsmasq[23395]: compile time options: IPv6 GNU-getopt DBus i18n IDN DHCP DHCPv6 no-Lua TFTP conntrack ipset auth DNSSEC loop-detect inotify dumpfile
Jul 15 13:50:28 gtw01 dnsmasq[23395]: warning: no upstream servers configured
Jul 15 13:50:28 gtw01 dnsmasq-dhcp[23395]: DHCP, static leases only on 192.168.120.0, lease time 1h
Jul 15 13:50:28 gtw01 dnsmasq[23395]: read /var/lib/neutron/dhcp/60875cf1-8f75-4a24-88d2-efde2c041cf4/addn_hosts - 1 addresses
Jul 15 13:50:28 gtw01 dnsmasq-dhcp[23395]: read /var/lib/neutron/dhcp/60875cf1-8f75-4a24-88d2-efde2c041cf4/host
Jul 15 13:50:28 gtw01 dnsmasq-dhcp[23395]: read /var/lib/neutron/dhcp/60875cf1-8f75-4a24-88d2-efde2c041cf4/opts
Jul 15 13:50:28 gtw01 haproxy-metadata-proxy-60875cf1-8f75-4a24-88d2-efde2c041cf4[23408]: Proxy listener started.
Jul 15 13:50:30 gtw01 dnsmasq[23395]: read /var/lib/neutron/dhcp/60875cf1-8f75-4a24-88d2-efde2c041cf4/addn_hosts - 2 addresses
Jul 15 13:50:30 gtw01 dnsmasq-dhcp[23395]: read /var/lib/neutron/dhcp/60875cf1-8f75-4a24-88d2-efde2c041cf4/host
Jul 15 13:50:30 gtw01 dnsmasq-dhcp[23395]: read /var/lib/neutron/dhcp/60875cf1-8f75-4a24-88d2-efde2c041cf4/opts
Jul 15 13:50:30 gtw01 systemd-udevd[23492]: Could not generate persistent MAC address for qg-27865ac2-d6: No such file or directory
Jul 15 13:50:30 gtw01 kernel: [ 2731.789309] device qg-27865ac2-d6 entered promiscuous mode
Jul 15 13:50:30 gtw01 systemd-udevd[23581]: Could not generate persistent MAC address for qg-087d7407-eb: No such file or directory
Jul 15 13:50:30 gtw01 kernel: [ 2732.006401] device qg-087d7407-eb entered promiscuous mode
Jul 15 13:50:30 gtw01 dnsmasq[23653]: started, version 2.80 cachesize 150
Jul 15 13:50:30 gtw01 dnsmasq[23653]: DNS service limited to local subnets
Jul 15 13:50:30 gtw01 dnsmasq[23653]: compile time options: IPv6 GNU-getopt DBus i18n IDN DHCP DHCPv6 no-Lua TFTP conntrack ipset auth DNSSEC loop-detect inotify dumpfile
Jul 15 13:50:30 gtw01 dnsmasq[23653]: warning: no upstream servers configured
Jul 15 13:50:30 gtw01 dnsmasq-dhcp[23653]: DHCP, static leases only on 192.168.120.0, lease time 1h
Jul 15 13:50:30 gtw01 dnsmasq[23653]: read /var/lib/neutron/dhcp/2d5a9fba-6e3f-4e07-9075-78e643f2f926/addn_hosts - 1 addresses
Jul 15 13:50:30 gtw01 dnsmasq-dhcp[23653]: read /var/lib/neutron/dhcp/2d5a9fba-6e3f-4e07-9075-78e643f2f926/host
Jul 15 13:50:30 gtw01 dnsmasq-dhcp[23653]: read /var/lib/neutron/dhcp/2d5a9fba-6e3f-4e07-9075-78e643f2f926/opts
Jul 15 13:50:32 gtw01 haproxy-metadata-proxy-2d5a9fba-6e3f-4e07-9075-78e643f2f926[23687]: Proxy listener started.
Jul 15 13:50:35 gtw01 kernel: [ 2737.522354] device tapa936ffb3-b7 entered promiscuous mode
Jul 15 13:50:35 gtw01 systemd-udevd[23756]: Could not generate persistent MAC address for tapa936ffb3-b7: No such file or directory
Jul 15 13:50:35 gtw01 dnsmasq[23395]: read /var/lib/neutron/dhcp/60875cf1-8f75-4a24-88d2-efde2c041cf4/addn_hosts - 2 addresses
Jul 15 13:50:35 gtw01 dnsmasq-dhcp[23395]: read /var/lib/neutron/dhcp/60875cf1-8f75-4a24-88d2-efde2c041cf4/host
Jul 15 13:50:35 gtw01 dnsmasq-dhcp[23395]: read /var/lib/neutron/dhcp/60875cf1-8f75-4a24-88d2-efde2c041cf4/opts
Jul 15 13:50:35 gtw01 systemd-udevd[23756]: Process '/sbin/ip link set tapa936ffb3-b7 txqueuelen 10000' failed with exit code 1.
Jul 15 13:50:36 gtw01 dnsmasq[23653]: read /var/lib/neutron/dhcp/2d5a9fba-6e3f-4e07-9075-78e643f2f926/addn_hosts - 2 addresses
Jul 15 13:50:36 gtw01 dnsmasq-dhcp[23653]: read /var/lib/neutron/dhcp/2d5a9fba-6e3f-4e07-9075-78e643f2f926/host
Jul 15 13:50:36 gtw01 dnsmasq-dhcp[23653]: read /var/lib/neutron/dhcp/2d5a9fba-6e3f-4e07-9075-78e643f2f926/opts
Jul 15 13:50:36 gtw01 systemd-udevd[23756]: Process '/sbin/ip link set tapa936ffb3-b7 txqueuelen 10000' failed with exit code 1.
Jul 15 13:50:38 gtw01 dnsmasq[23395]: read /var/lib/neutron/dhcp/60875cf1-8f75-4a24-88d2-efde2c041cf4/addn_hosts - 2 addresses
Jul 15 13:50:38 gtw01 dnsmasq-dhcp[23395]: read /var/lib/neutron/dhcp/60875cf1-8f75-4a24-88d2-efde2c041cf4/host
Jul 15 13:50:38 gtw01 dnsmasq-dhcp[23395]: read /var/lib/neutron/dhcp/60875cf1-8f75-4a24-88d2-efde2c041cf4/opts
Jul 15 13:50:39 gtw01 kernel: [ 2740.666887] device qr-746f7182-d8 entered promiscuous mode
Jul 15 13:50:39 gtw01 systemd-udevd[23950]: Could not generate persistent MAC address for qr-746f7182-d8: No such file or directory
Jul 15 13:50:39 gtw01 dnsmasq[23653]: read /var/lib/neutron/dhcp/2d5a9fba-6e3f-4e07-9075-78e643f2f926/addn_hosts - 2 addresses
Jul 15 13:50:39 gtw01 dnsmasq-dhcp[23653]: read /var/lib/neutron/dhcp/2d5a9fba-6e3f-4e07-9075-78e643f2f926/host
Jul 15 13:50:39 gtw01 dnsmasq-dhcp[23653]: read /var/lib/neutron/dhcp/2d5a9fba-6e3f-4e07-9075-78e643f2f926/opts
Jul 15 13:50:39 gtw01 dnsmasq[23395]: read /var/lib/neutron/dhcp/60875cf1-8f75-4a24-88d2-efde2c041cf4/addn_hosts - 2 addresses
Jul 15 13:50:39 gtw01 dnsmasq-dhcp[23395]: read /var/lib/neutron/dhcp/60875cf1-8f75-4a24-88d2-efde2c041cf4/host
Jul 15 13:50:39 gtw01 dnsmasq-dhcp[23395]: read /var/lib/neutron/dhcp/60875cf1-8f75-4a24-88d2-efde2c041cf4/opts
Jul 15 13:50:41 gtw01 kernel: [ 2742.806357] device qg-c15a135f-f9 entered promiscuous mode
Jul 15 13:50:41 gtw01 systemd-udevd[24172]: Could not generate persistent MAC address for qg-c15a135f-f9: No such file or directory
Jul 15 13:50:41 gtw01 dnsmasq[23653]: read /var/lib/neutron/dhcp/2d5a9fba-6e3f-4e07-9075-78e643f2f926/addn_hosts - 2 addresses
Jul 15 13:50:41 gtw01 dnsmasq-dhcp[23653]: read /var/lib/neutron/dhcp/2d5a9fba-6e3f-4e07-9075-78e643f2f926/host
Jul 15 13:50:41 gtw01 dnsmasq-dhcp[23653]: read /var/lib/neutron/dhcp/2d5a9fba-6e3f-4e07-9075-78e643f2f926/opts
Jul 15 13:50:41 gtw01 dnsmasq[23395]: read /var/lib/neutron/dhcp/60875cf1-8f75-4a24-88d2-efde2c041cf4/addn_hosts - 2 addresses
Jul 15 13:50:41 gtw01 dnsmasq-dhcp[23395]: read /var/lib/neutron/dhcp/60875cf1-8f75-4a24-88d2-efde2c041cf4/host
Jul 15 13:50:41 gtw01 dnsmasq-dhcp[23395]: read /var/lib/neutron/dhcp/60875cf1-8f75-4a24-88d2-efde2c041cf4/opts
Jul 15 13:50:42 gtw01 dnsmasq[23653]: read /var/lib/neutron/dhcp/2d5a9fba-6e3f-4e07-9075-78e643f2f926/addn_hosts - 2 addresses
Jul 15 13:50:42 gtw01 dnsmasq-dhcp[23653]: read /var/lib/neutron/dhcp/2d5a9fba-6e3f-4e07-9075-78e643f2f926/host
Jul 15 13:50:42 gtw01 dnsmasq-dhcp[23653]: read /var/lib/neutron/dhcp/2d5a9fba-6e3f-4e07-9075-78e643f2f926/opts
Jul 15 13:50:43 gtw01 dnsmasq[24382]: started, version 2.80 cachesize 150
Jul 15 13:50:43 gtw01 dnsmasq[24382]: DNS service limited to local subnets
Jul 15 13:50:43 gtw01 dnsmasq[24382]: compile time options: IPv6 GNU-getopt DBus i18n IDN DHCP DHCPv6 no-Lua TFTP conntrack ipset auth DNSSEC loop-detect inotify dumpfile
Jul 15 13:50:43 gtw01 dnsmasq[24382]: warning: no upstream servers configured
Jul 15 13:50:43 gtw01 dnsmasq-dhcp[24382]: DHCP, static leases only on 192.168.120.0, lease time 1h
Jul 15 13:50:43 gtw01 dnsmasq[24382]: read /var/lib/neutron/dhcp/97796c1f-8d7a-4888-819b-7f2f5494856a/addn_hosts - 1 addresses
Jul 15 13:50:43 gtw01 dnsmasq-dhcp[24382]: read /var/lib/neutron/dhcp/97796c1f-8d7a-4888-819b-7f2f5494856a/host
Jul 15 13:50:43 gtw01 dnsmasq-dhcp[24382]: read /var/lib/neutron/dhcp/97796c1f-8d7a-4888-819b-7f2f5494856a/opts
Jul 15 13:50:45 gtw01 dnsmasq[23395]: read /var/lib/neutron/dhcp/60875cf1-8f75-4a24-88d2-efde2c041cf4/addn_hosts - 3 addresses
Jul 15 13:50:45 gtw01 dnsmasq-dhcp[23395]: read /var/lib/neutron/dhcp/60875cf1-8f75-4a24-88d2-efde2c041cf4/host
Jul 15 13:50:45 gtw01 dnsmasq-dhcp[23395]: read /var/lib/neutron/dhcp/60875cf1-8f75-4a24-88d2-efde2c041cf4/opts
Jul 15 13:50:46 gtw01 kernel: [ 2748.223655] IPv4: martian source 192.168.120.1 from 192.168.120.1, on dev qg-c15a135f-f9
Jul 15 13:50:46 gtw01 kernel: [ 2748.223658] ll header: 00000000: ff ff ff ff ff ff fa 16 3e 18 ea bc 08 06        ........>.....
Jul 15 13:50:47 gtw01 haproxy-metadata-proxy-97796c1f-8d7a-4888-819b-7f2f5494856a[24418]: Proxy listener started.
Jul 15 13:50:47 gtw01 systemd-udevd[24425]: Could not generate persistent MAC address for vxlan_sys_4789: No such file or directory
Jul 15 13:50:47 gtw01 kernel: [ 2749.077397] device vxlan_sys_4789 entered promiscuous mode
Jul 15 13:50:48 gtw01 dnsmasq[23653]: read /var/lib/neutron/dhcp/2d5a9fba-6e3f-4e07-9075-78e643f2f926/addn_hosts - 2 addresses
Jul 15 13:50:48 gtw01 dnsmasq-dhcp[23653]: read /var/lib/neutron/dhcp/2d5a9fba-6e3f-4e07-9075-78e643f2f926/host
Jul 15 13:50:48 gtw01 dnsmasq-dhcp[23653]: read /var/lib/neutron/dhcp/2d5a9fba-6e3f-4e07-9075-78e643f2f926/opts
Jul 15 13:50:48 gtw01 dnsmasq[24382]: read /var/lib/neutron/dhcp/97796c1f-8d7a-4888-819b-7f2f5494856a/addn_hosts - 3 addresses
Jul 15 13:50:48 gtw01 dnsmasq-dhcp[24382]: read /var/lib/neutron/dhcp/97796c1f-8d7a-4888-819b-7f2f5494856a/host
Jul 15 13:50:48 gtw01 dnsmasq-dhcp[24382]: read /var/lib/neutron/dhcp/97796c1f-8d7a-4888-819b-7f2f5494856a/opts
Jul 15 13:50:48 gtw01 dnsmasq[23395]: read /var/lib/neutron/dhcp/60875cf1-8f75-4a24-88d2-efde2c041cf4/addn_hosts - 3 addresses
Jul 15 13:50:48 gtw01 dnsmasq-dhcp[23395]: read /var/lib/neutron/dhcp/60875cf1-8f75-4a24-88d2-efde2c041cf4/host
Jul 15 13:50:48 gtw01 dnsmasq-dhcp[23395]: read /var/lib/neutron/dhcp/60875cf1-8f75-4a24-88d2-efde2c041cf4/opts
Jul 15 13:50:49 gtw01 systemd-udevd[24643]: Could not generate persistent MAC address for taped2b3be6-6b: No such file or directory
Jul 15 13:50:49 gtw01 kernel: [ 2750.997254] device taped2b3be6-6b entered promiscuous mode
Jul 15 13:50:49 gtw01 systemd-udevd[24643]: Process '/sbin/ip link set taped2b3be6-6b txqueuelen 10000' failed with exit code 1.
Jul 15 13:50:49 gtw01 systemd-udevd[24643]: Process '/sbin/ip link set taped2b3be6-6b txqueuelen 10000' failed with exit code 1.
Jul 15 13:50:49 gtw01 haproxy-metadata-proxy-48216bd6-2b53-4636-a85b-6ba508d34d2c[24745]: Proxy listener started.
Jul 15 13:50:50 gtw01 dnsmasq[23653]: read /var/lib/neutron/dhcp/2d5a9fba-6e3f-4e07-9075-78e643f2f926/addn_hosts - 3 addresses
Jul 15 13:50:50 gtw01 dnsmasq-dhcp[23653]: read /var/lib/neutron/dhcp/2d5a9fba-6e3f-4e07-9075-78e643f2f926/host
Jul 15 13:50:50 gtw01 dnsmasq-dhcp[23653]: read /var/lib/neutron/dhcp/2d5a9fba-6e3f-4e07-9075-78e643f2f926/opts
Jul 15 13:50:50 gtw01 dnsmasq[23395]: read /var/lib/neutron/dhcp/60875cf1-8f75-4a24-88d2-efde2c041cf4/addn_hosts - 3 addresses
Jul 15 13:50:50 gtw01 dnsmasq-dhcp[23395]: read /var/lib/neutron/dhcp/60875cf1-8f75-4a24-88d2-efde2c041cf4/host
Jul 15 13:50:50 gtw01 dnsmasq-dhcp[23395]: read /var/lib/neutron/dhcp/60875cf1-8f75-4a24-88d2-efde2c041cf4/opts
Jul 15 13:50:50 gtw01 dnsmasq[24382]: read /var/lib/neutron/dhcp/97796c1f-8d7a-4888-819b-7f2f5494856a/addn_hosts - 3 addresses
Jul 15 13:50:50 gtw01 dnsmasq-dhcp[24382]: read /var/lib/neutron/dhcp/97796c1f-8d7a-4888-819b-7f2f5494856a/host
Jul 15 13:50:50 gtw01 dnsmasq-dhcp[24382]: read /var/lib/neutron/dhcp/97796c1f-8d7a-4888-819b-7f2f5494856a/opts
Jul 15 13:50:50 gtw01 haproxy-metadata-proxy-75892d4a-2b8c-458d-a251-a34088fe1d76[24829]: Proxy listener started.
Jul 15 13:50:51 gtw01 dnsmasq[23653]: read /var/lib/neutron/dhcp/2d5a9fba-6e3f-4e07-9075-78e643f2f926/addn_hosts - 3 addresses
Jul 15 13:50:51 gtw01 dnsmasq-dhcp[23653]: read /var/lib/neutron/dhcp/2d5a9fba-6e3f-4e07-9075-78e643f2f926/host
Jul 15 13:50:51 gtw01 dnsmasq-dhcp[23653]: read /var/lib/neutron/dhcp/2d5a9fba-6e3f-4e07-9075-78e643f2f926/opts
Jul 15 13:50:52 gtw01 dnsmasq[24382]: read /var/lib/neutron/dhcp/97796c1f-8d7a-4888-819b-7f2f5494856a/addn_hosts - 3 addresses
Jul 15 13:50:52 gtw01 dnsmasq-dhcp[24382]: read /var/lib/neutron/dhcp/97796c1f-8d7a-4888-819b-7f2f5494856a/host
Jul 15 13:50:52 gtw01 dnsmasq-dhcp[24382]: read /var/lib/neutron/dhcp/97796c1f-8d7a-4888-819b-7f2f5494856a/opts
Jul 15 13:50:52 gtw01 dnsmasq[23653]: read /var/lib/neutron/dhcp/2d5a9fba-6e3f-4e07-9075-78e643f2f926/addn_hosts - 3 addresses
Jul 15 13:50:52 gtw01 dnsmasq-dhcp[23653]: read /var/lib/neutron/dhcp/2d5a9fba-6e3f-4e07-9075-78e643f2f926/host
Jul 15 13:50:52 gtw01 dnsmasq-dhcp[23653]: read /var/lib/neutron/dhcp/2d5a9fba-6e3f-4e07-9075-78e643f2f926/opts
Jul 15 13:50:53 gtw01 dnsmasq[24382]: read /var/lib/neutron/dhcp/97796c1f-8d7a-4888-819b-7f2f5494856a/addn_hosts - 3 addresses
Jul 15 13:50:53 gtw01 dnsmasq-dhcp[24382]: read /var/lib/neutron/dhcp/97796c1f-8d7a-4888-819b-7f2f5494856a/host
Jul 15 13:50:53 gtw01 dnsmasq-dhcp[24382]: read /var/lib/neutron/dhcp/97796c1f-8d7a-4888-819b-7f2f5494856a/opts
Jul 15 13:50:53 gtw01 dnsmasq[23395]: read /var/lib/neutron/dhcp/60875cf1-8f75-4a24-88d2-efde2c041cf4/addn_hosts - 3 addresses
Jul 15 13:50:53 gtw01 dnsmasq-dhcp[23395]: read /var/lib/neutron/dhcp/60875cf1-8f75-4a24-88d2-efde2c041cf4/host
Jul 15 13:50:53 gtw01 dnsmasq-dhcp[23395]: read /var/lib/neutron/dhcp/60875cf1-8f75-4a24-88d2-efde2c041cf4/opts
Jul 15 13:50:53 gtw01 kernel: [ 2755.598337] device qr-2f98faf6-48 entered promiscuous mode
Jul 15 13:50:53 gtw01 systemd-udevd[25045]: Could not generate persistent MAC address for qr-2f98faf6-48: No such file or directory
Jul 15 13:50:54 gtw01 dnsmasq[23653]: read /var/lib/neutron/dhcp/2d5a9fba-6e3f-4e07-9075-78e643f2f926/addn_hosts - 3 addresses
Jul 15 13:50:54 gtw01 dnsmasq-dhcp[23653]: read /var/lib/neutron/dhcp/2d5a9fba-6e3f-4e07-9075-78e643f2f926/host
Jul 15 13:50:54 gtw01 dnsmasq-dhcp[23653]: read /var/lib/neutron/dhcp/2d5a9fba-6e3f-4e07-9075-78e643f2f926/opts
Jul 15 13:50:54 gtw01 haproxy-metadata-proxy-eec83e3a-b858-468d-a4ac-4572ab932f76[25141]: Proxy listener started.
Jul 15 13:50:54 gtw01 systemd-udevd[25166]: Could not generate persistent MAC address for qr-ddf1bb8c-eb: No such file or directory
Jul 15 13:50:54 gtw01 kernel: [ 2756.203299] device qr-ddf1bb8c-eb entered promiscuous mode
Jul 15 13:50:54 gtw01 dnsmasq[25167]: started, version 2.80 cachesize 150
Jul 15 13:50:54 gtw01 dnsmasq[25167]: DNS service limited to local subnets
Jul 15 13:50:54 gtw01 dnsmasq[25167]: compile time options: IPv6 GNU-getopt DBus i18n IDN DHCP DHCPv6 no-Lua TFTP conntrack ipset auth DNSSEC loop-detect inotify dumpfile
Jul 15 13:50:54 gtw01 dnsmasq[25167]: warning: no upstream servers configured
Jul 15 13:50:54 gtw01 dnsmasq-dhcp[25167]: DHCP, static leases only on 192.168.120.0, lease time 1h
Jul 15 13:50:54 gtw01 dnsmasq[25167]: read /var/lib/neutron/dhcp/d4dbcaa4-b3da-431b-92f9-dd2d54287daa/addn_hosts - 1 addresses
Jul 15 13:50:54 gtw01 dnsmasq-dhcp[25167]: read /var/lib/neutron/dhcp/d4dbcaa4-b3da-431b-92f9-dd2d54287daa/host
Jul 15 13:50:54 gtw01 dnsmasq-dhcp[25167]: read /var/lib/neutron/dhcp/d4dbcaa4-b3da-431b-92f9-dd2d54287daa/opts
Jul 15 13:50:54 gtw01 dnsmasq[24382]: read /var/lib/neutron/dhcp/97796c1f-8d7a-4888-819b-7f2f5494856a/addn_hosts - 3 addresses
Jul 15 13:50:54 gtw01 dnsmasq-dhcp[24382]: read /var/lib/neutron/dhcp/97796c1f-8d7a-4888-819b-7f2f5494856a/host
Jul 15 13:50:54 gtw01 dnsmasq-dhcp[24382]: read /var/lib/neutron/dhcp/97796c1f-8d7a-4888-819b-7f2f5494856a/opts
Jul 15 13:50:54 gtw01 haproxy-metadata-proxy-d4dbcaa4-b3da-431b-92f9-dd2d54287daa[25266]: Proxy listener started.
Jul 15 13:50:55 gtw01 dnsmasq[23395]: read /var/lib/neutron/dhcp/60875cf1-8f75-4a24-88d2-efde2c041cf4/addn_hosts - 3 addresses
Jul 15 13:50:55 gtw01 dnsmasq-dhcp[23395]: read /var/lib/neutron/dhcp/60875cf1-8f75-4a24-88d2-efde2c041cf4/host
Jul 15 13:50:55 gtw01 dnsmasq-dhcp[23395]: read /var/lib/neutron/dhcp/60875cf1-8f75-4a24-88d2-efde2c041cf4/opts
Jul 15 13:50:55 gtw01 kernel: [ 2756.930417] device qr-b3e32506-cf entered promiscuous mode
Jul 15 13:50:55 gtw01 systemd-udevd[25297]: Could not generate persistent MAC address for qr-b3e32506-cf: No such file or directory
Jul 15 13:50:55 gtw01 kernel: [ 2757.146236] IPv4: martian source 192.168.120.1 from 192.168.120.1, on dev qr-746f7182-d8
Jul 15 13:50:55 gtw01 kernel: [ 2757.146239] ll header: 00000000: ff ff ff ff ff ff fa 16 3e c8 96 87 08 06        ........>.....
Jul 15 13:50:55 gtw01 kernel: [ 2757.146244] IPv4: martian source 192.168.120.1 from 192.168.120.1, on dev qr-ddf1bb8c-eb
Jul 15 13:50:55 gtw01 kernel: [ 2757.146245] ll header: 00000000: ff ff ff ff ff ff fa 16 3e c8 96 87 08 06        ........>.....
Jul 15 13:50:55 gtw01 kernel: [ 2757.146249] IPv4: martian source 192.168.120.1 from 192.168.120.1, on dev qr-b3e32506-cf
Jul 15 13:50:55 gtw01 kernel: [ 2757.146250] ll header: 00000000: ff ff ff ff ff ff fa 16 3e c8 96 87 08 06        ........>.....
Jul 15 13:50:55 gtw01 dnsmasq[23653]: read /var/lib/neutron/dhcp/2d5a9fba-6e3f-4e07-9075-78e643f2f926/addn_hosts - 3 addresses
Jul 15 13:50:55 gtw01 dnsmasq-dhcp[23653]: read /var/lib/neutron/dhcp/2d5a9fba-6e3f-4e07-9075-78e643f2f926/host
Jul 15 13:50:55 gtw01 dnsmasq-dhcp[23653]: read /var/lib/neutron/dhcp/2d5a9fba-6e3f-4e07-9075-78e643f2f926/opts
Jul 15 13:50:55 gtw01 kernel: [ 2757.398243] device qg-30c092b5-b4 entered promiscuous mode
Jul 15 13:50:55 gtw01 systemd-udevd[25407]: Could not generate persistent MAC address for qg-30c092b5-b4: No such file or directory
Jul 15 13:50:56 gtw01 dnsmasq[24382]: read /var/lib/neutron/dhcp/97796c1f-8d7a-4888-819b-7f2f5494856a/addn_hosts - 3 addresses
Jul 15 13:50:56 gtw01 dnsmasq-dhcp[24382]: read /var/lib/neutron/dhcp/97796c1f-8d7a-4888-819b-7f2f5494856a/host
Jul 15 13:50:56 gtw01 dnsmasq-dhcp[24382]: read /var/lib/neutron/dhcp/97796c1f-8d7a-4888-819b-7f2f5494856a/opts
Jul 15 13:50:56 gtw01 kernel: [ 2757.924207] IPv4: martian source 192.168.120.1 from 192.168.120.1, on dev qr-746f7182-d8
Jul 15 13:50:56 gtw01 kernel: [ 2757.924211] ll header: 00000000: ff ff ff ff ff ff fa 16 3e 43 0f 49 08 06        ........>C.I..
Jul 15 13:50:56 gtw01 kernel: [ 2757.924215] IPv4: martian source 192.168.120.1 from 192.168.120.1, on dev qr-2f98faf6-48
Jul 15 13:50:56 gtw01 kernel: [ 2757.924216] ll header: 00000000: ff ff ff ff ff ff fa 16 3e 43 0f 49 08 06        ........>C.I..
Jul 15 13:50:56 gtw01 kernel: [ 2757.924219] IPv4: martian source 192.168.120.1 from 192.168.120.1, on dev qr-b3e32506-cf
Jul 15 13:50:56 gtw01 kernel: [ 2757.924220] ll header: 00000000: ff ff ff ff ff ff fa 16 3e 43 0f 49 08 06        ........>C.I..
Jul 15 13:50:56 gtw01 kernel: [ 2757.924222] IPv4: martian source 192.168.120.1 from 192.168.120.1, on dev qg-30c092b5-b4
Jul 15 13:50:56 gtw01 kernel: [ 2757.924223] ll header: 00000000: ff ff ff ff ff ff fa 16 3e 43 0f 49 08 06        ........>C.I..
Jul 15 13:50:56 gtw01 dnsmasq[23395]: read /var/lib/neutron/dhcp/60875cf1-8f75-4a24-88d2-efde2c041cf4/addn_hosts - 2 addresses
Jul 15 13:50:56 gtw01 dnsmasq-dhcp[23395]: read /var/lib/neutron/dhcp/60875cf1-8f75-4a24-88d2-efde2c041cf4/host
Jul 15 13:50:56 gtw01 dnsmasq-dhcp[23395]: read /var/lib/neutron/dhcp/60875cf1-8f75-4a24-88d2-efde2c041cf4/opts
Jul 15 13:50:56 gtw01 dnsmasq[25167]: read /var/lib/neutron/dhcp/d4dbcaa4-b3da-431b-92f9-dd2d54287daa/addn_hosts - 2 addresses
Jul 15 13:50:56 gtw01 dnsmasq-dhcp[25167]: read /var/lib/neutron/dhcp/d4dbcaa4-b3da-431b-92f9-dd2d54287daa/host
Jul 15 13:50:56 gtw01 dnsmasq-dhcp[25167]: read /var/lib/neutron/dhcp/d4dbcaa4-b3da-431b-92f9-dd2d54287daa/opts
Jul 15 13:50:57 gtw01 kernel: [ 2758.904114] IPv4: martian source 192.168.120.1 from 192.168.120.1, on dev qr-746f7182-d8
Jul 15 13:50:57 gtw01 kernel: [ 2758.904118] ll header: 00000000: ff ff ff ff ff ff fa 16 3e b5 7c 9c 08 06        ........>.|...
Jul 15 13:50:57 gtw01 kernel: [ 2758.904123] IPv4: martian source 192.168.120.1 from 192.168.120.1, on dev qr-2f98faf6-48
Jul 15 13:50:57 gtw01 kernel: [ 2758.904124] ll header: 00000000: ff ff ff ff ff ff fa 16 3e b5 7c 9c 08 06        ........>.|...
Jul 15 13:50:57 gtw01 kernel: [ 2758.904127] IPv4: martian source 192.168.120.1 from 192.168.120.1, on dev qr-ddf1bb8c-eb
Jul 15 13:50:57 gtw01 kernel: [ 2758.904128] ll header: 00000000: ff ff ff ff ff ff fa 16 3e b5 7c 9c 08 06        ........>.|...
Jul 15 13:50:57 gtw01 dnsmasq[24382]: read /var/lib/neutron/dhcp/97796c1f-8d7a-4888-819b-7f2f5494856a/addn_hosts - 3 addresses
Jul 15 13:50:57 gtw01 dnsmasq-dhcp[24382]: read /var/lib/neutron/dhcp/97796c1f-8d7a-4888-819b-7f2f5494856a/host
Jul 15 13:50:57 gtw01 dnsmasq-dhcp[24382]: read /var/lib/neutron/dhcp/97796c1f-8d7a-4888-819b-7f2f5494856a/opts
Jul 15 13:50:58 gtw01 dnsmasq[25167]: read /var/lib/neutron/dhcp/d4dbcaa4-b3da-431b-92f9-dd2d54287daa/addn_hosts - 2 addresses
Jul 15 13:50:58 gtw01 dnsmasq-dhcp[25167]: read /var/lib/neutron/dhcp/d4dbcaa4-b3da-431b-92f9-dd2d54287daa/host
Jul 15 13:50:58 gtw01 dnsmasq-dhcp[25167]: read /var/lib/neutron/dhcp/d4dbcaa4-b3da-431b-92f9-dd2d54287daa/opts
Jul 15 13:50:58 gtw01 dnsmasq[24382]: read /var/lib/neutron/dhcp/97796c1f-8d7a-4888-819b-7f2f5494856a/addn_hosts - 3 addresses
Jul 15 13:50:58 gtw01 dnsmasq-dhcp[24382]: read /var/lib/neutron/dhcp/97796c1f-8d7a-4888-819b-7f2f5494856a/host
Jul 15 13:50:58 gtw01 dnsmasq-dhcp[24382]: read /var/lib/neutron/dhcp/97796c1f-8d7a-4888-819b-7f2f5494856a/opts
Jul 15 13:50:59 gtw01 dnsmasq[25167]: read /var/lib/neutron/dhcp/d4dbcaa4-b3da-431b-92f9-dd2d54287daa/addn_hosts - 2 addresses
Jul 15 13:50:59 gtw01 dnsmasq-dhcp[25167]: read /var/lib/neutron/dhcp/d4dbcaa4-b3da-431b-92f9-dd2d54287daa/host
Jul 15 13:50:59 gtw01 dnsmasq-dhcp[25167]: read /var/lib/neutron/dhcp/d4dbcaa4-b3da-431b-92f9-dd2d54287daa/opts
Jul 15 13:50:59 gtw01 dnsmasq[24382]: read /var/lib/neutron/dhcp/97796c1f-8d7a-4888-819b-7f2f5494856a/addn_hosts - 3 addresses
Jul 15 13:50:59 gtw01 dnsmasq-dhcp[24382]: read /var/lib/neutron/dhcp/97796c1f-8d7a-4888-819b-7f2f5494856a/host
Jul 15 13:50:59 gtw01 dnsmasq-dhcp[24382]: read /var/lib/neutron/dhcp/97796c1f-8d7a-4888-819b-7f2f5494856a/opts
Jul 15 13:51:01 gtw01 dnsmasq[25167]: read /var/lib/neutron/dhcp/d4dbcaa4-b3da-431b-92f9-dd2d54287daa/addn_hosts - 2 addresses
Jul 15 13:51:01 gtw01 dnsmasq-dhcp[25167]: read /var/lib/neutron/dhcp/d4dbcaa4-b3da-431b-92f9-dd2d54287daa/host
Jul 15 13:51:01 gtw01 dnsmasq-dhcp[25167]: read /var/lib/neutron/dhcp/d4dbcaa4-b3da-431b-92f9-dd2d54287daa/opts
Jul 15 13:51:01 gtw01 dnsmasq[24382]: read /var/lib/neutron/dhcp/97796c1f-8d7a-4888-819b-7f2f5494856a/addn_hosts - 3 addresses
Jul 15 13:51:01 gtw01 dnsmasq-dhcp[24382]: read /var/lib/neutron/dhcp/97796c1f-8d7a-4888-819b-7f2f5494856a/host
Jul 15 13:51:01 gtw01 dnsmasq-dhcp[24382]: read /var/lib/neutron/dhcp/97796c1f-8d7a-4888-819b-7f2f5494856a/opts
Jul 15 13:51:02 gtw01 dnsmasq[25167]: read /var/lib/neutron/dhcp/d4dbcaa4-b3da-431b-92f9-dd2d54287daa/addn_hosts - 2 addresses
Jul 15 13:51:02 gtw01 dnsmasq-dhcp[25167]: read /var/lib/neutron/dhcp/d4dbcaa4-b3da-431b-92f9-dd2d54287daa/host
Jul 15 13:51:02 gtw01 dnsmasq-dhcp[25167]: read /var/lib/neutron/dhcp/d4dbcaa4-b3da-431b-92f9-dd2d54287daa/opts
Jul 15 13:51:04 gtw01 dnsmasq[23395]: read /var/lib/neutron/dhcp/60875cf1-8f75-4a24-88d2-efde2c041cf4/addn_hosts - 1 addresses
Jul 15 13:51:04 gtw01 dnsmasq-dhcp[23395]: read /var/lib/neutron/dhcp/60875cf1-8f75-4a24-88d2-efde2c041cf4/host
Jul 15 13:51:04 gtw01 dnsmasq-dhcp[23395]: read /var/lib/neutron/dhcp/60875cf1-8f75-4a24-88d2-efde2c041cf4/opts
Jul 15 13:51:04 gtw01 haproxy-metadata-proxy-60875cf1-8f75-4a24-88d2-efde2c041cf4[26138]: Proxy listener started.
Jul 15 13:51:05 gtw01 dnsmasq-dhcp[24382]: DHCPDISCOVER(tapa936ffb3-b7) fa:16:3e:42:3c:c3
Jul 15 13:51:05 gtw01 dnsmasq-dhcp[24382]: DHCPOFFER(tapa936ffb3-b7) 192.168.120.3 fa:16:3e:42:3c:c3
Jul 15 13:51:05 gtw01 haproxy-metadata-proxy-79fa958b-e928-43c1-9fd3-e99916724cce[26167]: Proxy listener started.
Jul 15 13:51:05 gtw01 dnsmasq-dhcp[24382]: DHCPREQUEST(tapa936ffb3-b7) 192.168.120.3 fa:16:3e:42:3c:c3
Jul 15 13:51:05 gtw01 dnsmasq-dhcp[24382]: DHCPACK(tapa936ffb3-b7) 192.168.120.3 fa:16:3e:42:3c:c3 host-192-168-120-3
Jul 15 13:51:07 gtw01 dnsmasq[25167]: read /var/lib/neutron/dhcp/d4dbcaa4-b3da-431b-92f9-dd2d54287daa/addn_hosts - 2 addresses
Jul 15 13:51:07 gtw01 dnsmasq-dhcp[25167]: read /var/lib/neutron/dhcp/d4dbcaa4-b3da-431b-92f9-dd2d54287daa/host
Jul 15 13:51:07 gtw01 dnsmasq-dhcp[25167]: read /var/lib/neutron/dhcp/d4dbcaa4-b3da-431b-92f9-dd2d54287daa/opts
Jul 15 13:51:08 gtw01 dnsmasq[25167]: read /var/lib/neutron/dhcp/d4dbcaa4-b3da-431b-92f9-dd2d54287daa/addn_hosts - 2 addresses
Jul 15 13:51:08 gtw01 dnsmasq-dhcp[25167]: read /var/lib/neutron/dhcp/d4dbcaa4-b3da-431b-92f9-dd2d54287daa/host
Jul 15 13:51:08 gtw01 dnsmasq-dhcp[25167]: read /var/lib/neutron/dhcp/d4dbcaa4-b3da-431b-92f9-dd2d54287daa/opts
Jul 15 13:51:11 gtw01 dnsmasq[25167]: read /var/lib/neutron/dhcp/d4dbcaa4-b3da-431b-92f9-dd2d54287daa/addn_hosts - 3 addresses
Jul 15 13:51:11 gtw01 dnsmasq-dhcp[25167]: read /var/lib/neutron/dhcp/d4dbcaa4-b3da-431b-92f9-dd2d54287daa/host
Jul 15 13:51:11 gtw01 dnsmasq-dhcp[25167]: read /var/lib/neutron/dhcp/d4dbcaa4-b3da-431b-92f9-dd2d54287daa/opts
Jul 15 13:51:12 gtw01 kernel: [ 2773.851058] device qr-b3e32506-cf left promiscuous mode
Jul 15 13:51:12 gtw01 dnsmasq[25167]: read /var/lib/neutron/dhcp/d4dbcaa4-b3da-431b-92f9-dd2d54287daa/addn_hosts - 3 addresses
Jul 15 13:51:12 gtw01 dnsmasq-dhcp[25167]: read /var/lib/neutron/dhcp/d4dbcaa4-b3da-431b-92f9-dd2d54287daa/host
Jul 15 13:51:12 gtw01 dnsmasq-dhcp[25167]: read /var/lib/neutron/dhcp/d4dbcaa4-b3da-431b-92f9-dd2d54287daa/opts
Jul 15 13:51:13 gtw01 kernel: [ 2774.672875] device qg-087d7407-eb left promiscuous mode
Jul 15 13:51:13 gtw01 dnsmasq[23653]: read /var/lib/neutron/dhcp/2d5a9fba-6e3f-4e07-9075-78e643f2f926/addn_hosts - 2 addresses
Jul 15 13:51:13 gtw01 dnsmasq-dhcp[23653]: read /var/lib/neutron/dhcp/2d5a9fba-6e3f-4e07-9075-78e643f2f926/host
Jul 15 13:51:13 gtw01 dnsmasq-dhcp[23653]: read /var/lib/neutron/dhcp/2d5a9fba-6e3f-4e07-9075-78e643f2f926/opts
Jul 15 13:51:13 gtw01 dnsmasq[25167]: read /var/lib/neutron/dhcp/d4dbcaa4-b3da-431b-92f9-dd2d54287daa/addn_hosts - 3 addresses
Jul 15 13:51:13 gtw01 dnsmasq-dhcp[25167]: read /var/lib/neutron/dhcp/d4dbcaa4-b3da-431b-92f9-dd2d54287daa/host
Jul 15 13:51:13 gtw01 dnsmasq-dhcp[25167]: read /var/lib/neutron/dhcp/d4dbcaa4-b3da-431b-92f9-dd2d54287daa/opts
Jul 15 13:51:17 gtw01 dnsmasq[24382]: read /var/lib/neutron/dhcp/97796c1f-8d7a-4888-819b-7f2f5494856a/addn_hosts - 4 addresses
Jul 15 13:51:17 gtw01 dnsmasq-dhcp[24382]: read /var/lib/neutron/dhcp/97796c1f-8d7a-4888-819b-7f2f5494856a/host
Jul 15 13:51:17 gtw01 dnsmasq-dhcp[24382]: read /var/lib/neutron/dhcp/97796c1f-8d7a-4888-819b-7f2f5494856a/opts
Jul 15 13:51:18 gtw01 kernel: [ 2779.710779] device tap5f1e56bb-97 left promiscuous mode
Jul 15 13:51:21 gtw01 dnsmasq[24382]: read /var/lib/neutron/dhcp/97796c1f-8d7a-4888-819b-7f2f5494856a/addn_hosts - 3 addresses
Jul 15 13:51:21 gtw01 dnsmasq-dhcp[24382]: read /var/lib/neutron/dhcp/97796c1f-8d7a-4888-819b-7f2f5494856a/host
Jul 15 13:51:21 gtw01 dnsmasq-dhcp[24382]: read /var/lib/neutron/dhcp/97796c1f-8d7a-4888-819b-7f2f5494856a/opts
Jul 15 13:51:21 gtw01 dnsmasq[23653]: read /var/lib/neutron/dhcp/2d5a9fba-6e3f-4e07-9075-78e643f2f926/addn_hosts - 1 addresses
Jul 15 13:51:21 gtw01 dnsmasq-dhcp[23653]: read /var/lib/neutron/dhcp/2d5a9fba-6e3f-4e07-9075-78e643f2f926/host
Jul 15 13:51:21 gtw01 dnsmasq-dhcp[23653]: read /var/lib/neutron/dhcp/2d5a9fba-6e3f-4e07-9075-78e643f2f926/opts
Jul 15 13:51:22 gtw01 haproxy-metadata-proxy-2d5a9fba-6e3f-4e07-9075-78e643f2f926[26773]: Proxy listener started.
Jul 15 13:51:25 gtw01 dnsmasq-dhcp[24382]: DHCPRELEASE(tapa936ffb3-b7) 192.168.120.3 fa:16:3e:42:3c:c3
Jul 15 13:51:25 gtw01 dnsmasq-dhcp[24382]: DHCPRELEASE(tapa936ffb3-b7) 192.168.120.3 fa:16:3e:42:3c:c3 unknown lease
Jul 15 13:51:25 gtw01 kernel: [ 2787.593891] device qr-ddf1bb8c-eb left promiscuous mode
Jul 15 13:51:26 gtw01 dnsmasq[24382]: read /var/lib/neutron/dhcp/97796c1f-8d7a-4888-819b-7f2f5494856a/addn_hosts - 2 addresses
Jul 15 13:51:26 gtw01 dnsmasq-dhcp[24382]: read /var/lib/neutron/dhcp/97796c1f-8d7a-4888-819b-7f2f5494856a/host
Jul 15 13:51:26 gtw01 dnsmasq-dhcp[24382]: read /var/lib/neutron/dhcp/97796c1f-8d7a-4888-819b-7f2f5494856a/opts
Jul 15 13:51:28 gtw01 systemd-udevd[26946]: Could not generate persistent MAC address for tap43286b93-88: No such file or directory
Jul 15 13:51:28 gtw01 kernel: [ 2790.534135] device tap43286b93-88 entered promiscuous mode
Jul 15 13:51:28 gtw01 systemd-udevd[26946]: Process '/sbin/ip link set tap43286b93-88 txqueuelen 10000' failed with exit code 1.
Jul 15 13:51:29 gtw01 systemd-udevd[26946]: Process '/sbin/ip link set tap43286b93-88 txqueuelen 10000' failed with exit code 1.
Jul 15 13:51:29 gtw01 kernel: [ 2790.803749] device qg-27865ac2-d6 left promiscuous mode
Jul 15 13:51:29 gtw01 kernel: [ 2791.584046] device tap8f85e5fc-19 left promiscuous mode
Jul 15 13:51:30 gtw01 dnsmasq[24382]: read /var/lib/neutron/dhcp/97796c1f-8d7a-4888-819b-7f2f5494856a/addn_hosts - 1 addresses
Jul 15 13:51:30 gtw01 dnsmasq-dhcp[24382]: read /var/lib/neutron/dhcp/97796c1f-8d7a-4888-819b-7f2f5494856a/host
Jul 15 13:51:30 gtw01 dnsmasq-dhcp[24382]: read /var/lib/neutron/dhcp/97796c1f-8d7a-4888-819b-7f2f5494856a/opts
Jul 15 13:51:30 gtw01 dnsmasq-dhcp[25167]: DHCPDISCOVER(taped2b3be6-6b) fa:16:3e:67:08:ad
Jul 15 13:51:30 gtw01 dnsmasq-dhcp[25167]: DHCPOFFER(taped2b3be6-6b) 192.168.120.4 fa:16:3e:67:08:ad
Jul 15 13:51:30 gtw01 dnsmasq-dhcp[25167]: DHCPREQUEST(taped2b3be6-6b) 192.168.120.4 fa:16:3e:67:08:ad
Jul 15 13:51:30 gtw01 dnsmasq-dhcp[25167]: DHCPACK(taped2b3be6-6b) 192.168.120.4 fa:16:3e:67:08:ad host-192-168-120-4
Jul 15 13:51:31 gtw01 haproxy-metadata-proxy-97796c1f-8d7a-4888-819b-7f2f5494856a[27181]: Proxy listener started.
Jul 15 13:51:32 gtw01 systemd-udevd[27236]: Could not generate persistent MAC address for qr-44c107c7-fb: No such file or directory
Jul 15 13:51:32 gtw01 kernel: [ 2794.009321] device qr-44c107c7-fb entered promiscuous mode
Jul 15 13:51:32 gtw01 dnsmasq[27256]: started, version 2.80 cachesize 150
Jul 15 13:51:32 gtw01 dnsmasq[27256]: DNS service limited to local subnets
Jul 15 13:51:32 gtw01 dnsmasq[27256]: compile time options: IPv6 GNU-getopt DBus i18n IDN DHCP DHCPv6 no-Lua TFTP conntrack ipset auth DNSSEC loop-detect inotify dumpfile
Jul 15 13:51:32 gtw01 dnsmasq[27256]: warning: no upstream servers configured
Jul 15 13:51:32 gtw01 dnsmasq-dhcp[27256]: DHCP, static leases only on 192.168.120.0, lease time 1h
Jul 15 13:51:32 gtw01 dnsmasq[27256]: read /var/lib/neutron/dhcp/39d412d3-82cc-4b56-b63a-5b0d209396ec/addn_hosts - 1 addresses
Jul 15 13:51:32 gtw01 dnsmasq-dhcp[27256]: read /var/lib/neutron/dhcp/39d412d3-82cc-4b56-b63a-5b0d209396ec/host
Jul 15 13:51:32 gtw01 dnsmasq-dhcp[27256]: read /var/lib/neutron/dhcp/39d412d3-82cc-4b56-b63a-5b0d209396ec/opts
Jul 15 13:51:32 gtw01 haproxy-metadata-proxy-39d412d3-82cc-4b56-b63a-5b0d209396ec[27320]: Proxy listener started.
Jul 15 13:51:33 gtw01 kernel: [ 2795.134301] net_ratelimit: 17 callbacks suppressed
Jul 15 13:51:33 gtw01 kernel: [ 2795.134303] IPv4: martian source 192.168.120.1 from 192.168.120.1, on dev qr-746f7182-d8
Jul 15 13:51:33 gtw01 kernel: [ 2795.134306] ll header: 00000000: ff ff ff ff ff ff fa 16 3e f2 0b 42 08 06        ........>..B..
Jul 15 13:51:33 gtw01 systemd-udevd[27355]: Could not generate persistent MAC address for qg-b5342f0e-48: No such file or directory
Jul 15 13:51:33 gtw01 kernel: [ 2795.148798] device qg-b5342f0e-48 entered promiscuous mode
Jul 15 13:51:35 gtw01 dnsmasq[27256]: read /var/lib/neutron/dhcp/39d412d3-82cc-4b56-b63a-5b0d209396ec/addn_hosts - 2 addresses
Jul 15 13:51:35 gtw01 dnsmasq-dhcp[27256]: read /var/lib/neutron/dhcp/39d412d3-82cc-4b56-b63a-5b0d209396ec/host
Jul 15 13:51:35 gtw01 dnsmasq-dhcp[27256]: read /var/lib/neutron/dhcp/39d412d3-82cc-4b56-b63a-5b0d209396ec/opts
Jul 15 13:51:35 gtw01 kernel: [ 2797.098178] device qr-746f7182-d8 left promiscuous mode
Jul 15 13:51:36 gtw01 dnsmasq[27256]: read /var/lib/neutron/dhcp/39d412d3-82cc-4b56-b63a-5b0d209396ec/addn_hosts - 2 addresses
Jul 15 13:51:36 gtw01 dnsmasq-dhcp[27256]: read /var/lib/neutron/dhcp/39d412d3-82cc-4b56-b63a-5b0d209396ec/host
Jul 15 13:51:36 gtw01 dnsmasq-dhcp[27256]: read /var/lib/neutron/dhcp/39d412d3-82cc-4b56-b63a-5b0d209396ec/opts
Jul 15 13:51:37 gtw01 dnsmasq[27256]: read /var/lib/neutron/dhcp/39d412d3-82cc-4b56-b63a-5b0d209396ec/addn_hosts - 2 addresses
Jul 15 13:51:37 gtw01 dnsmasq-dhcp[27256]: read /var/lib/neutron/dhcp/39d412d3-82cc-4b56-b63a-5b0d209396ec/host
Jul 15 13:51:37 gtw01 dnsmasq-dhcp[27256]: read /var/lib/neutron/dhcp/39d412d3-82cc-4b56-b63a-5b0d209396ec/opts
Jul 15 13:51:37 gtw01 kernel: [ 2799.129794] device vxlan_sys_4789 left promiscuous mode
Jul 15 13:51:38 gtw01 kernel: [ 2799.664341] device tapa936ffb3-b7 left promiscuous mode
Jul 15 13:51:38 gtw01 dnsmasq[27256]: read /var/lib/neutron/dhcp/39d412d3-82cc-4b56-b63a-5b0d209396ec/addn_hosts - 2 addresses
Jul 15 13:51:38 gtw01 dnsmasq-dhcp[27256]: read /var/lib/neutron/dhcp/39d412d3-82cc-4b56-b63a-5b0d209396ec/host
Jul 15 13:51:38 gtw01 dnsmasq-dhcp[27256]: read /var/lib/neutron/dhcp/39d412d3-82cc-4b56-b63a-5b0d209396ec/opts
Jul 15 13:51:38 gtw01 kernel: [ 2800.289378] device qg-c15a135f-f9 left promiscuous mode
Jul 15 13:51:39 gtw01 dnsmasq[27256]: read /var/lib/neutron/dhcp/39d412d3-82cc-4b56-b63a-5b0d209396ec/addn_hosts - 2 addresses
Jul 15 13:51:39 gtw01 dnsmasq-dhcp[27256]: read /var/lib/neutron/dhcp/39d412d3-82cc-4b56-b63a-5b0d209396ec/host
Jul 15 13:51:39 gtw01 dnsmasq-dhcp[27256]: read /var/lib/neutron/dhcp/39d412d3-82cc-4b56-b63a-5b0d209396ec/opts
Jul 15 13:51:39 gtw01 systemd-udevd[27769]: Could not generate persistent MAC address for vxlan_sys_4789: No such file or directory
Jul 15 13:51:39 gtw01 kernel: [ 2801.261027] device vxlan_sys_4789 entered promiscuous mode
Jul 15 13:51:40 gtw01 haproxy-metadata-proxy-8f28366b-79dd-4593-87cd-5c9f0614abc3[27859]: Proxy listener started.
Jul 15 13:51:43 gtw01 dnsmasq[27256]: read /var/lib/neutron/dhcp/39d412d3-82cc-4b56-b63a-5b0d209396ec/addn_hosts - 2 addresses
Jul 15 13:51:43 gtw01 dnsmasq-dhcp[27256]: read /var/lib/neutron/dhcp/39d412d3-82cc-4b56-b63a-5b0d209396ec/host
Jul 15 13:51:43 gtw01 dnsmasq-dhcp[27256]: read /var/lib/neutron/dhcp/39d412d3-82cc-4b56-b63a-5b0d209396ec/opts
Jul 15 13:51:44 gtw01 dnsmasq[27256]: read /var/lib/neutron/dhcp/39d412d3-82cc-4b56-b63a-5b0d209396ec/addn_hosts - 2 addresses
Jul 15 13:51:44 gtw01 dnsmasq-dhcp[27256]: read /var/lib/neutron/dhcp/39d412d3-82cc-4b56-b63a-5b0d209396ec/host
Jul 15 13:51:44 gtw01 dnsmasq-dhcp[27256]: read /var/lib/neutron/dhcp/39d412d3-82cc-4b56-b63a-5b0d209396ec/opts
Jul 15 13:51:47 gtw01 dnsmasq-dhcp[25167]: DHCPDISCOVER(taped2b3be6-6b) fa:16:3e:67:08:ad
Jul 15 13:51:47 gtw01 dnsmasq-dhcp[25167]: DHCPOFFER(taped2b3be6-6b) 192.168.120.4 fa:16:3e:67:08:ad
Jul 15 13:51:47 gtw01 dnsmasq-dhcp[25167]: DHCPREQUEST(taped2b3be6-6b) 192.168.120.4 fa:16:3e:67:08:ad
Jul 15 13:51:47 gtw01 dnsmasq-dhcp[25167]: DHCPACK(taped2b3be6-6b) 192.168.120.4 fa:16:3e:67:08:ad host-192-168-120-4
Jul 15 13:51:47 gtw01 dnsmasq[27256]: read /var/lib/neutron/dhcp/39d412d3-82cc-4b56-b63a-5b0d209396ec/addn_hosts - 3 addresses
Jul 15 13:51:47 gtw01 dnsmasq-dhcp[27256]: read /var/lib/neutron/dhcp/39d412d3-82cc-4b56-b63a-5b0d209396ec/host
Jul 15 13:51:47 gtw01 dnsmasq-dhcp[27256]: read /var/lib/neutron/dhcp/39d412d3-82cc-4b56-b63a-5b0d209396ec/opts
Jul 15 13:51:48 gtw01 dnsmasq[27256]: read /var/lib/neutron/dhcp/39d412d3-82cc-4b56-b63a-5b0d209396ec/addn_hosts - 3 addresses
Jul 15 13:51:48 gtw01 dnsmasq-dhcp[27256]: read /var/lib/neutron/dhcp/39d412d3-82cc-4b56-b63a-5b0d209396ec/host
Jul 15 13:51:48 gtw01 dnsmasq-dhcp[27256]: read /var/lib/neutron/dhcp/39d412d3-82cc-4b56-b63a-5b0d209396ec/opts
Jul 15 13:51:49 gtw01 dnsmasq[27256]: read /var/lib/neutron/dhcp/39d412d3-82cc-4b56-b63a-5b0d209396ec/addn_hosts - 3 addresses
Jul 15 13:51:49 gtw01 dnsmasq-dhcp[27256]: read /var/lib/neutron/dhcp/39d412d3-82cc-4b56-b63a-5b0d209396ec/host
Jul 15 13:51:49 gtw01 dnsmasq-dhcp[27256]: read /var/lib/neutron/dhcp/39d412d3-82cc-4b56-b63a-5b0d209396ec/opts
Jul 15 13:51:56 gtw01 dnsmasq[27256]: read /var/lib/neutron/dhcp/39d412d3-82cc-4b56-b63a-5b0d209396ec/addn_hosts - 2 addresses
Jul 15 13:51:56 gtw01 dnsmasq-dhcp[27256]: read /var/lib/neutron/dhcp/39d412d3-82cc-4b56-b63a-5b0d209396ec/host
Jul 15 13:51:56 gtw01 dnsmasq-dhcp[27256]: read /var/lib/neutron/dhcp/39d412d3-82cc-4b56-b63a-5b0d209396ec/opts
Jul 15 13:51:57 gtw01 dnsmasq-dhcp[25167]: DHCPRELEASE(taped2b3be6-6b) 192.168.120.4 fa:16:3e:67:08:ad
Jul 15 13:51:57 gtw01 dnsmasq-dhcp[25167]: DHCPRELEASE(taped2b3be6-6b) 192.168.120.4 fa:16:3e:67:08:ad unknown lease
Jul 15 13:51:57 gtw01 kernel: [ 2819.107653] device vxlan_sys_4789 left promiscuous mode
Jul 15 13:51:58 gtw01 dnsmasq[25167]: read /var/lib/neutron/dhcp/d4dbcaa4-b3da-431b-92f9-dd2d54287daa/addn_hosts - 2 addresses
Jul 15 13:51:58 gtw01 dnsmasq-dhcp[25167]: read /var/lib/neutron/dhcp/d4dbcaa4-b3da-431b-92f9-dd2d54287daa/host
Jul 15 13:51:58 gtw01 dnsmasq-dhcp[25167]: read /var/lib/neutron/dhcp/d4dbcaa4-b3da-431b-92f9-dd2d54287daa/opts
Jul 15 13:52:02 gtw01 dnsmasq[27256]: read /var/lib/neutron/dhcp/39d412d3-82cc-4b56-b63a-5b0d209396ec/addn_hosts - 1 addresses
Jul 15 13:52:02 gtw01 dnsmasq-dhcp[27256]: read /var/lib/neutron/dhcp/39d412d3-82cc-4b56-b63a-5b0d209396ec/host
Jul 15 13:52:02 gtw01 dnsmasq-dhcp[27256]: read /var/lib/neutron/dhcp/39d412d3-82cc-4b56-b63a-5b0d209396ec/opts
Jul 15 13:52:03 gtw01 dnsmasq[25167]: read /var/lib/neutron/dhcp/d4dbcaa4-b3da-431b-92f9-dd2d54287daa/addn_hosts - 1 addresses
Jul 15 13:52:03 gtw01 dnsmasq-dhcp[25167]: read /var/lib/neutron/dhcp/d4dbcaa4-b3da-431b-92f9-dd2d54287daa/host
Jul 15 13:52:03 gtw01 dnsmasq-dhcp[25167]: read /var/lib/neutron/dhcp/d4dbcaa4-b3da-431b-92f9-dd2d54287daa/opts
Jul 15 13:52:03 gtw01 haproxy-metadata-proxy-39d412d3-82cc-4b56-b63a-5b0d209396ec[28316]: Proxy listener started.
Jul 15 13:52:04 gtw01 haproxy-metadata-proxy-d4dbcaa4-b3da-431b-92f9-dd2d54287daa[28324]: Proxy listener started.
Jul 15 13:52:06 gtw01 kernel: [ 2827.895249] device qr-44c107c7-fb left promiscuous mode
Jul 15 13:52:06 gtw01 kernel: [ 2828.105514] device qr-2f98faf6-48 left promiscuous mode
Jul 15 13:52:09 gtw01 kernel: [ 2830.904387] device qg-b5342f0e-48 left promiscuous mode
Jul 15 13:52:09 gtw01 kernel: [ 2831.192488] device qg-30c092b5-b4 left promiscuous mode
Jul 15 13:52:12 gtw01 kernel: [ 2833.687658] device tap43286b93-88 left promiscuous mode
Jul 15 13:52:12 gtw01 kernel: [ 2833.849593] device taped2b3be6-6b left promiscuous mode
Jul 15 13:52:17 gtw01 systemd-udevd[28573]: Could not generate persistent MAC address for tapb2776938-cf: No such file or directory
Jul 15 13:52:17 gtw01 kernel: [ 2838.786279] device tapb2776938-cf entered promiscuous mode
Jul 15 13:52:17 gtw01 systemd-udevd[28573]: Process '/sbin/ip link set tapb2776938-cf txqueuelen 10000' failed with exit code 1.
Jul 15 13:52:17 gtw01 systemd-udevd[28647]: Process '/sbin/ip link set tapb2776938-cf txqueuelen 10000' failed with exit code 1.
Jul 15 13:52:19 gtw01 systemd-udevd[28735]: Could not generate persistent MAC address for tap5a1e6a6d-1b: No such file or directory
Jul 15 13:52:19 gtw01 kernel: [ 2841.594187] device tap5a1e6a6d-1b entered promiscuous mode
Jul 15 13:52:20 gtw01 systemd-udevd[28804]: Process '/sbin/ip link set tap5a1e6a6d-1b txqueuelen 10000' failed with exit code 1.
Jul 15 13:52:20 gtw01 dnsmasq[28831]: started, version 2.80 cachesize 150
Jul 15 13:52:20 gtw01 dnsmasq[28831]: DNS service limited to local subnets
Jul 15 13:52:20 gtw01 dnsmasq[28831]: compile time options: IPv6 GNU-getopt DBus i18n IDN DHCP DHCPv6 no-Lua TFTP conntrack ipset auth DNSSEC loop-detect inotify dumpfile
Jul 15 13:52:20 gtw01 dnsmasq[28831]: warning: no upstream servers configured
Jul 15 13:52:20 gtw01 dnsmasq-dhcp[28831]: DHCP, static leases only on 192.168.120.240, lease time 1h
Jul 15 13:52:20 gtw01 dnsmasq[28831]: read /var/lib/neutron/dhcp/3e14f4ce-21df-4c9d-85c0-b905b3a3e11c/addn_hosts - 1 addresses
Jul 15 13:52:20 gtw01 dnsmasq-dhcp[28831]: read /var/lib/neutron/dhcp/3e14f4ce-21df-4c9d-85c0-b905b3a3e11c/host
Jul 15 13:52:20 gtw01 dnsmasq-dhcp[28831]: read /var/lib/neutron/dhcp/3e14f4ce-21df-4c9d-85c0-b905b3a3e11c/opts
Jul 15 13:52:20 gtw01 haproxy-metadata-proxy-3e14f4ce-21df-4c9d-85c0-b905b3a3e11c[28839]: Proxy listener started.
Jul 15 13:52:21 gtw01 dnsmasq[28831]: read /var/lib/neutron/dhcp/3e14f4ce-21df-4c9d-85c0-b905b3a3e11c/addn_hosts - 1 addresses
Jul 15 13:52:21 gtw01 dnsmasq-dhcp[28831]: read /var/lib/neutron/dhcp/3e14f4ce-21df-4c9d-85c0-b905b3a3e11c/host
Jul 15 13:52:21 gtw01 dnsmasq-dhcp[28831]: read /var/lib/neutron/dhcp/3e14f4ce-21df-4c9d-85c0-b905b3a3e11c/opts
Jul 15 13:52:22 gtw01 dnsmasq[28831]: read /var/lib/neutron/dhcp/3e14f4ce-21df-4c9d-85c0-b905b3a3e11c/addn_hosts - 1 addresses
Jul 15 13:52:22 gtw01 dnsmasq-dhcp[28831]: read /var/lib/neutron/dhcp/3e14f4ce-21df-4c9d-85c0-b905b3a3e11c/host
Jul 15 13:52:22 gtw01 dnsmasq-dhcp[28831]: read /var/lib/neutron/dhcp/3e14f4ce-21df-4c9d-85c0-b905b3a3e11c/opts
Jul 15 13:52:23 gtw01 dnsmasq[28952]: started, version 2.80 cachesize 150
Jul 15 13:52:23 gtw01 dnsmasq[28952]: DNS service limited to local subnets
Jul 15 13:52:23 gtw01 dnsmasq[28952]: compile time options: IPv6 GNU-getopt DBus i18n IDN DHCP DHCPv6 no-Lua TFTP conntrack ipset auth DNSSEC loop-detect inotify dumpfile
Jul 15 13:52:23 gtw01 dnsmasq[28952]: warning: no upstream servers configured
Jul 15 13:52:23 gtw01 dnsmasq-dhcp[28952]: DHCP, static leases only on 192.168.120.0, lease time 1h
Jul 15 13:52:23 gtw01 dnsmasq[28952]: read /var/lib/neutron/dhcp/b935e3de-fff7-49f7-847b-6bdba98a92a6/addn_hosts - 1 addresses
Jul 15 13:52:23 gtw01 dnsmasq-dhcp[28952]: read /var/lib/neutron/dhcp/b935e3de-fff7-49f7-847b-6bdba98a92a6/host
Jul 15 13:52:23 gtw01 dnsmasq-dhcp[28952]: read /var/lib/neutron/dhcp/b935e3de-fff7-49f7-847b-6bdba98a92a6/opts
Jul 15 13:52:23 gtw01 dnsmasq[28831]: read /var/lib/neutron/dhcp/3e14f4ce-21df-4c9d-85c0-b905b3a3e11c/addn_hosts - 1 addresses
Jul 15 13:52:23 gtw01 dnsmasq-dhcp[28831]: read /var/lib/neutron/dhcp/3e14f4ce-21df-4c9d-85c0-b905b3a3e11c/host
Jul 15 13:52:23 gtw01 dnsmasq-dhcp[28831]: read /var/lib/neutron/dhcp/3e14f4ce-21df-4c9d-85c0-b905b3a3e11c/opts
Jul 15 13:52:23 gtw01 haproxy-metadata-proxy-b935e3de-fff7-49f7-847b-6bdba98a92a6[28960]: Proxy listener started.
Jul 15 13:52:24 gtw01 kernel: [ 2845.655960] device tap5a1e6a6d-1b left promiscuous mode
Jul 15 13:52:25 gtw01 kernel: [ 2847.151618] device tapb2776938-cf left promiscuous mode
Jul 15 13:52:32 gtw01 systemd-udevd[29047]: Could not generate persistent MAC address for tap0fe2fc03-d9: No such file or directory
Jul 15 13:52:32 gtw01 kernel: [ 2853.649444] device tap0fe2fc03-d9 entered promiscuous mode
