Jun 26 17:36:01 gtw01 dnsmasq[30319]: read /var/lib/neutron/dhcp/a9f0eb09-132c-40bd-851a-4a3a70fb346d/addn_hosts - 4 addresses
Jun 26 17:36:01 gtw01 dnsmasq-dhcp[30319]: read /var/lib/neutron/dhcp/a9f0eb09-132c-40bd-851a-4a3a70fb346d/host
Jun 26 17:36:01 gtw01 dnsmasq-dhcp[30319]: read /var/lib/neutron/dhcp/a9f0eb09-132c-40bd-851a-4a3a70fb346d/opts
Jun 26 17:36:02 gtw01 dnsmasq[30319]: read /var/lib/neutron/dhcp/a9f0eb09-132c-40bd-851a-4a3a70fb346d/addn_hosts - 4 addresses
Jun 26 17:36:02 gtw01 dnsmasq-dhcp[30319]: read /var/lib/neutron/dhcp/a9f0eb09-132c-40bd-851a-4a3a70fb346d/host
Jun 26 17:36:02 gtw01 dnsmasq-dhcp[30319]: read /var/lib/neutron/dhcp/a9f0eb09-132c-40bd-851a-4a3a70fb346d/opts
Jun 26 17:36:03 gtw01 dnsmasq[30319]: read /var/lib/neutron/dhcp/a9f0eb09-132c-40bd-851a-4a3a70fb346d/addn_hosts - 4 addresses
Jun 26 17:36:03 gtw01 dnsmasq-dhcp[30319]: read /var/lib/neutron/dhcp/a9f0eb09-132c-40bd-851a-4a3a70fb346d/host
Jun 26 17:36:03 gtw01 dnsmasq-dhcp[30319]: read /var/lib/neutron/dhcp/a9f0eb09-132c-40bd-851a-4a3a70fb346d/opts
Jun 26 17:36:04 gtw01 dnsmasq[30319]: read /var/lib/neutron/dhcp/a9f0eb09-132c-40bd-851a-4a3a70fb346d/addn_hosts - 4 addresses
Jun 26 17:36:04 gtw01 dnsmasq-dhcp[30319]: read /var/lib/neutron/dhcp/a9f0eb09-132c-40bd-851a-4a3a70fb346d/host
Jun 26 17:36:04 gtw01 dnsmasq-dhcp[30319]: read /var/lib/neutron/dhcp/a9f0eb09-132c-40bd-851a-4a3a70fb346d/opts
Jun 26 17:36:14 gtw01 dnsmasq-dhcp[30319]: DHCPDISCOVER(tap5714cb85-3e) fa:16:3e:f5:25:82
Jun 26 17:36:14 gtw01 dnsmasq-dhcp[30319]: DHCPOFFER(tap5714cb85-3e) 192.168.120.5 fa:16:3e:f5:25:82
Jun 26 17:36:14 gtw01 dnsmasq-dhcp[30319]: DHCPREQUEST(tap5714cb85-3e) 192.168.120.5 fa:16:3e:f5:25:82
Jun 26 17:36:14 gtw01 dnsmasq-dhcp[30319]: DHCPACK(tap5714cb85-3e) 192.168.120.5 fa:16:3e:f5:25:82 host-192-168-120-5
Jun 26 17:36:17 gtw01 dnsmasq-dhcp[30319]: DHCPDISCOVER(tap5714cb85-3e) fa:16:3e:de:2a:e8
Jun 26 17:36:17 gtw01 dnsmasq-dhcp[30319]: DHCPOFFER(tap5714cb85-3e) 192.168.120.7 fa:16:3e:de:2a:e8
Jun 26 17:36:17 gtw01 dnsmasq-dhcp[30319]: DHCPREQUEST(tap5714cb85-3e) 192.168.120.7 fa:16:3e:de:2a:e8
Jun 26 17:36:17 gtw01 dnsmasq-dhcp[30319]: DHCPACK(tap5714cb85-3e) 192.168.120.7 fa:16:3e:de:2a:e8 host-192-168-120-7
Jun 26 17:36:17 gtw01 dnsmasq-dhcp[30319]: DHCPRELEASE(tap5714cb85-3e) 192.168.120.5 fa:16:3e:f5:25:82
Jun 26 17:36:17 gtw01 dnsmasq-dhcp[30319]: DHCPRELEASE(tap5714cb85-3e) 192.168.120.5 fa:16:3e:f5:25:82 unknown lease
Jun 26 17:36:18 gtw01 dnsmasq[30319]: read /var/lib/neutron/dhcp/a9f0eb09-132c-40bd-851a-4a3a70fb346d/addn_hosts - 3 addresses
Jun 26 17:36:18 gtw01 dnsmasq-dhcp[30319]: read /var/lib/neutron/dhcp/a9f0eb09-132c-40bd-851a-4a3a70fb346d/host
Jun 26 17:36:18 gtw01 dnsmasq-dhcp[30319]: read /var/lib/neutron/dhcp/a9f0eb09-132c-40bd-851a-4a3a70fb346d/opts
Jun 26 17:36:19 gtw01 dnsmasq-dhcp[30319]: DHCPRELEASE(tap5714cb85-3e) 192.168.120.7 fa:16:3e:de:2a:e8
Jun 26 17:36:20 gtw01 dnsmasq-dhcp[30319]: DHCPRELEASE(tap5714cb85-3e) 192.168.120.7 fa:16:3e:de:2a:e8 unknown lease
Jun 26 17:36:20 gtw01 dnsmasq[30319]: read /var/lib/neutron/dhcp/a9f0eb09-132c-40bd-851a-4a3a70fb346d/addn_hosts - 2 addresses
Jun 26 17:36:20 gtw01 dnsmasq-dhcp[30319]: read /var/lib/neutron/dhcp/a9f0eb09-132c-40bd-851a-4a3a70fb346d/host
Jun 26 17:36:20 gtw01 dnsmasq-dhcp[30319]: read /var/lib/neutron/dhcp/a9f0eb09-132c-40bd-851a-4a3a70fb346d/opts
Jun 26 17:51:35 gtw01 kernel: [14368.213880] device tapd0399be8-a9 entered promiscuous mode
Jun 26 17:51:35 gtw01 systemd-udevd[5806]: Could not generate persistent MAC address for tapd0399be8-a9: No such file or directory
Jun 26 17:51:35 gtw01 systemd-udevd[5806]: Process '/sbin/ip link set tapd0399be8-a9 txqueuelen 10000' failed with exit code 1.
Jun 26 17:51:35 gtw01 systemd-udevd[5806]: Process '/sbin/ip link set tapd0399be8-a9 txqueuelen 10000' failed with exit code 1.
Jun 26 17:51:36 gtw01 kernel: [14369.574447] device tap5c658821-aa entered promiscuous mode
Jun 26 17:51:36 gtw01 systemd-udevd[5925]: Could not generate persistent MAC address for tap5c658821-aa: No such file or directory
Jun 26 17:51:36 gtw01 systemd-udevd[5925]: Process '/sbin/ip link set tap5c658821-aa txqueuelen 10000' failed with exit code 1.
Jun 26 17:51:36 gtw01 systemd-udevd[5925]: Process '/sbin/ip link set tap5c658821-aa txqueuelen 10000' failed with exit code 1.
Jun 26 17:51:38 gtw01 kernel: [14371.141448] device tap2ad1b076-0d entered promiscuous mode
Jun 26 17:51:38 gtw01 systemd-udevd[6068]: Could not generate persistent MAC address for tap2ad1b076-0d: No such file or directory
Jun 26 17:51:38 gtw01 systemd-udevd[6068]: Process '/sbin/ip link set tap2ad1b076-0d txqueuelen 10000' failed with exit code 1.
Jun 26 17:51:38 gtw01 systemd-udevd[6143]: Process '/sbin/ip link set tap2ad1b076-0d txqueuelen 10000' failed with exit code 1.
Jun 26 17:51:39 gtw01 dnsmasq[6189]: started, version 2.80 cachesize 150
Jun 26 17:51:39 gtw01 dnsmasq[6189]: DNS service limited to local subnets
Jun 26 17:51:39 gtw01 dnsmasq[6189]: compile time options: IPv6 GNU-getopt DBus i18n IDN DHCP DHCPv6 no-Lua TFTP conntrack ipset auth DNSSEC loop-detect inotify dumpfile
Jun 26 17:51:39 gtw01 dnsmasq[6189]: warning: no upstream servers configured
Jun 26 17:51:39 gtw01 dnsmasq-dhcp[6189]: DHCP, static leases only on 10.2.0.0, lease time 1h
Jun 26 17:51:39 gtw01 dnsmasq[6189]: read /var/lib/neutron/dhcp/afcfc7f6-5e0e-48ee-a6b4-c191ad60cbdd/addn_hosts - 1 addresses
Jun 26 17:51:39 gtw01 dnsmasq-dhcp[6189]: read /var/lib/neutron/dhcp/afcfc7f6-5e0e-48ee-a6b4-c191ad60cbdd/host
Jun 26 17:51:39 gtw01 dnsmasq-dhcp[6189]: read /var/lib/neutron/dhcp/afcfc7f6-5e0e-48ee-a6b4-c191ad60cbdd/opts
Jun 26 17:51:39 gtw01 haproxy-metadata-proxy-afcfc7f6-5e0e-48ee-a6b4-c191ad60cbdd[6201]: Proxy listener started.
Jun 26 17:51:40 gtw01 dnsmasq[6189]: read /var/lib/neutron/dhcp/afcfc7f6-5e0e-48ee-a6b4-c191ad60cbdd/addn_hosts - 1 addresses
Jun 26 17:51:40 gtw01 dnsmasq-dhcp[6189]: read /var/lib/neutron/dhcp/afcfc7f6-5e0e-48ee-a6b4-c191ad60cbdd/host
Jun 26 17:51:40 gtw01 dnsmasq-dhcp[6189]: read /var/lib/neutron/dhcp/afcfc7f6-5e0e-48ee-a6b4-c191ad60cbdd/opts
Jun 26 17:51:40 gtw01 dnsmasq[6246]: started, version 2.80 cachesize 150
Jun 26 17:51:40 gtw01 dnsmasq[6246]: DNS service limited to local subnets
Jun 26 17:51:40 gtw01 dnsmasq[6246]: compile time options: IPv6 GNU-getopt DBus i18n IDN DHCP DHCPv6 no-Lua TFTP conntrack ipset auth DNSSEC loop-detect inotify dumpfile
Jun 26 17:51:40 gtw01 dnsmasq[6246]: warning: no upstream servers configured
Jun 26 17:51:40 gtw01 dnsmasq-dhcp[6246]: DHCP, static leases only on 10.2.1.0, lease time 1h
Jun 26 17:51:40 gtw01 dnsmasq[6246]: read /var/lib/neutron/dhcp/faf1f304-1b0e-4ebd-a21a-b686e1510c9d/addn_hosts - 1 addresses
Jun 26 17:51:40 gtw01 dnsmasq-dhcp[6246]: read /var/lib/neutron/dhcp/faf1f304-1b0e-4ebd-a21a-b686e1510c9d/host
Jun 26 17:51:40 gtw01 dnsmasq-dhcp[6246]: read /var/lib/neutron/dhcp/faf1f304-1b0e-4ebd-a21a-b686e1510c9d/opts
Jun 26 17:51:41 gtw01 haproxy-metadata-proxy-faf1f304-1b0e-4ebd-a21a-b686e1510c9d[6255]: Proxy listener started.
Jun 26 17:51:41 gtw01 dnsmasq[6189]: read /var/lib/neutron/dhcp/afcfc7f6-5e0e-48ee-a6b4-c191ad60cbdd/addn_hosts - 1 addresses
Jun 26 17:51:41 gtw01 dnsmasq-dhcp[6189]: read /var/lib/neutron/dhcp/afcfc7f6-5e0e-48ee-a6b4-c191ad60cbdd/host
Jun 26 17:51:41 gtw01 dnsmasq-dhcp[6189]: read /var/lib/neutron/dhcp/afcfc7f6-5e0e-48ee-a6b4-c191ad60cbdd/opts
Jun 26 17:51:42 gtw01 dnsmasq[6246]: read /var/lib/neutron/dhcp/faf1f304-1b0e-4ebd-a21a-b686e1510c9d/addn_hosts - 5 addresses
Jun 26 17:51:42 gtw01 dnsmasq-dhcp[6246]: read /var/lib/neutron/dhcp/faf1f304-1b0e-4ebd-a21a-b686e1510c9d/host
Jun 26 17:51:42 gtw01 dnsmasq-dhcp[6246]: read /var/lib/neutron/dhcp/faf1f304-1b0e-4ebd-a21a-b686e1510c9d/opts
Jun 26 17:51:42 gtw01 dnsmasq[6314]: started, version 2.80 cachesize 150
Jun 26 17:51:42 gtw01 dnsmasq[6314]: DNS service limited to local subnets
Jun 26 17:51:42 gtw01 dnsmasq[6314]: compile time options: IPv6 GNU-getopt DBus i18n IDN DHCP DHCPv6 no-Lua TFTP conntrack ipset auth DNSSEC loop-detect inotify dumpfile
Jun 26 17:51:42 gtw01 dnsmasq[6314]: warning: no upstream servers configured
Jun 26 17:51:42 gtw01 dnsmasq-dhcp[6314]: DHCP, static leases only on 10.2.2.0, lease time 1h
Jun 26 17:51:42 gtw01 dnsmasq[6314]: read /var/lib/neutron/dhcp/d31c0494-05e9-4af4-9ff4-ec1d26958384/addn_hosts - 1 addresses
Jun 26 17:51:42 gtw01 dnsmasq-dhcp[6314]: read /var/lib/neutron/dhcp/d31c0494-05e9-4af4-9ff4-ec1d26958384/host
Jun 26 17:51:42 gtw01 dnsmasq-dhcp[6314]: read /var/lib/neutron/dhcp/d31c0494-05e9-4af4-9ff4-ec1d26958384/opts
Jun 26 17:51:43 gtw01 haproxy-metadata-proxy-d31c0494-05e9-4af4-9ff4-ec1d26958384[6325]: Proxy listener started.
Jun 26 17:51:43 gtw01 dnsmasq[6189]: read /var/lib/neutron/dhcp/afcfc7f6-5e0e-48ee-a6b4-c191ad60cbdd/addn_hosts - 2 addresses
Jun 26 17:51:43 gtw01 dnsmasq-dhcp[6189]: read /var/lib/neutron/dhcp/afcfc7f6-5e0e-48ee-a6b4-c191ad60cbdd/host
Jun 26 17:51:43 gtw01 dnsmasq-dhcp[6189]: read /var/lib/neutron/dhcp/afcfc7f6-5e0e-48ee-a6b4-c191ad60cbdd/opts
Jun 26 17:51:43 gtw01 dnsmasq[6246]: read /var/lib/neutron/dhcp/faf1f304-1b0e-4ebd-a21a-b686e1510c9d/addn_hosts - 5 addresses
Jun 26 17:51:43 gtw01 dnsmasq-dhcp[6246]: read /var/lib/neutron/dhcp/faf1f304-1b0e-4ebd-a21a-b686e1510c9d/host
Jun 26 17:51:43 gtw01 dnsmasq-dhcp[6246]: read /var/lib/neutron/dhcp/faf1f304-1b0e-4ebd-a21a-b686e1510c9d/opts
Jun 26 17:51:44 gtw01 dnsmasq[6314]: read /var/lib/neutron/dhcp/d31c0494-05e9-4af4-9ff4-ec1d26958384/addn_hosts - 2 addresses
Jun 26 17:51:44 gtw01 dnsmasq-dhcp[6314]: read /var/lib/neutron/dhcp/d31c0494-05e9-4af4-9ff4-ec1d26958384/host
Jun 26 17:51:44 gtw01 dnsmasq-dhcp[6314]: read /var/lib/neutron/dhcp/d31c0494-05e9-4af4-9ff4-ec1d26958384/opts
Jun 26 17:51:44 gtw01 dnsmasq[6189]: read /var/lib/neutron/dhcp/afcfc7f6-5e0e-48ee-a6b4-c191ad60cbdd/addn_hosts - 2 addresses
Jun 26 17:51:44 gtw01 dnsmasq-dhcp[6189]: read /var/lib/neutron/dhcp/afcfc7f6-5e0e-48ee-a6b4-c191ad60cbdd/host
Jun 26 17:51:44 gtw01 dnsmasq-dhcp[6189]: read /var/lib/neutron/dhcp/afcfc7f6-5e0e-48ee-a6b4-c191ad60cbdd/opts
Jun 26 17:51:45 gtw01 dnsmasq[6246]: read /var/lib/neutron/dhcp/faf1f304-1b0e-4ebd-a21a-b686e1510c9d/addn_hosts - 5 addresses
Jun 26 17:51:45 gtw01 dnsmasq-dhcp[6246]: read /var/lib/neutron/dhcp/faf1f304-1b0e-4ebd-a21a-b686e1510c9d/host
Jun 26 17:51:45 gtw01 dnsmasq-dhcp[6246]: read /var/lib/neutron/dhcp/faf1f304-1b0e-4ebd-a21a-b686e1510c9d/opts
Jun 26 17:51:45 gtw01 dnsmasq[6314]: read /var/lib/neutron/dhcp/d31c0494-05e9-4af4-9ff4-ec1d26958384/addn_hosts - 2 addresses
Jun 26 17:51:45 gtw01 dnsmasq-dhcp[6314]: read /var/lib/neutron/dhcp/d31c0494-05e9-4af4-9ff4-ec1d26958384/host
Jun 26 17:51:45 gtw01 dnsmasq-dhcp[6314]: read /var/lib/neutron/dhcp/d31c0494-05e9-4af4-9ff4-ec1d26958384/opts
Jun 26 17:51:45 gtw01 dnsmasq[6189]: read /var/lib/neutron/dhcp/afcfc7f6-5e0e-48ee-a6b4-c191ad60cbdd/addn_hosts - 3 addresses
Jun 26 17:51:45 gtw01 dnsmasq-dhcp[6189]: read /var/lib/neutron/dhcp/afcfc7f6-5e0e-48ee-a6b4-c191ad60cbdd/host
Jun 26 17:51:45 gtw01 dnsmasq-dhcp[6189]: read /var/lib/neutron/dhcp/afcfc7f6-5e0e-48ee-a6b4-c191ad60cbdd/opts
Jun 26 17:51:46 gtw01 dnsmasq[6246]: read /var/lib/neutron/dhcp/faf1f304-1b0e-4ebd-a21a-b686e1510c9d/addn_hosts - 5 addresses
Jun 26 17:51:46 gtw01 dnsmasq-dhcp[6246]: read /var/lib/neutron/dhcp/faf1f304-1b0e-4ebd-a21a-b686e1510c9d/host
Jun 26 17:51:46 gtw01 dnsmasq-dhcp[6246]: read /var/lib/neutron/dhcp/faf1f304-1b0e-4ebd-a21a-b686e1510c9d/opts
Jun 26 17:51:46 gtw01 dnsmasq[6314]: read /var/lib/neutron/dhcp/d31c0494-05e9-4af4-9ff4-ec1d26958384/addn_hosts - 2 addresses
Jun 26 17:51:46 gtw01 dnsmasq-dhcp[6314]: read /var/lib/neutron/dhcp/d31c0494-05e9-4af4-9ff4-ec1d26958384/host
Jun 26 17:51:46 gtw01 dnsmasq-dhcp[6314]: read /var/lib/neutron/dhcp/d31c0494-05e9-4af4-9ff4-ec1d26958384/opts
Jun 26 17:51:47 gtw01 dnsmasq[6189]: read /var/lib/neutron/dhcp/afcfc7f6-5e0e-48ee-a6b4-c191ad60cbdd/addn_hosts - 4 addresses
Jun 26 17:51:47 gtw01 dnsmasq-dhcp[6189]: read /var/lib/neutron/dhcp/afcfc7f6-5e0e-48ee-a6b4-c191ad60cbdd/host
Jun 26 17:51:47 gtw01 dnsmasq-dhcp[6189]: read /var/lib/neutron/dhcp/afcfc7f6-5e0e-48ee-a6b4-c191ad60cbdd/opts
Jun 26 17:51:47 gtw01 dnsmasq[6246]: read /var/lib/neutron/dhcp/faf1f304-1b0e-4ebd-a21a-b686e1510c9d/addn_hosts - 5 addresses
Jun 26 17:51:47 gtw01 dnsmasq-dhcp[6246]: read /var/lib/neutron/dhcp/faf1f304-1b0e-4ebd-a21a-b686e1510c9d/host
Jun 26 17:51:47 gtw01 dnsmasq-dhcp[6246]: read /var/lib/neutron/dhcp/faf1f304-1b0e-4ebd-a21a-b686e1510c9d/opts
Jun 26 17:51:48 gtw01 dnsmasq[6314]: read /var/lib/neutron/dhcp/d31c0494-05e9-4af4-9ff4-ec1d26958384/addn_hosts - 2 addresses
Jun 26 17:51:48 gtw01 dnsmasq-dhcp[6314]: read /var/lib/neutron/dhcp/d31c0494-05e9-4af4-9ff4-ec1d26958384/host
Jun 26 17:51:48 gtw01 dnsmasq-dhcp[6314]: read /var/lib/neutron/dhcp/d31c0494-05e9-4af4-9ff4-ec1d26958384/opts
Jun 26 17:51:48 gtw01 dnsmasq[6189]: read /var/lib/neutron/dhcp/afcfc7f6-5e0e-48ee-a6b4-c191ad60cbdd/addn_hosts - 4 addresses
Jun 26 17:51:48 gtw01 dnsmasq-dhcp[6189]: read /var/lib/neutron/dhcp/afcfc7f6-5e0e-48ee-a6b4-c191ad60cbdd/host
Jun 26 17:51:48 gtw01 dnsmasq-dhcp[6189]: read /var/lib/neutron/dhcp/afcfc7f6-5e0e-48ee-a6b4-c191ad60cbdd/opts
Jun 26 17:51:49 gtw01 dnsmasq[6246]: read /var/lib/neutron/dhcp/faf1f304-1b0e-4ebd-a21a-b686e1510c9d/addn_hosts - 5 addresses
Jun 26 17:51:49 gtw01 dnsmasq-dhcp[6246]: read /var/lib/neutron/dhcp/faf1f304-1b0e-4ebd-a21a-b686e1510c9d/host
Jun 26 17:51:49 gtw01 dnsmasq-dhcp[6246]: read /var/lib/neutron/dhcp/faf1f304-1b0e-4ebd-a21a-b686e1510c9d/opts
Jun 26 17:51:49 gtw01 dnsmasq[6314]: read /var/lib/neutron/dhcp/d31c0494-05e9-4af4-9ff4-ec1d26958384/addn_hosts - 2 addresses
Jun 26 17:51:49 gtw01 dnsmasq-dhcp[6314]: read /var/lib/neutron/dhcp/d31c0494-05e9-4af4-9ff4-ec1d26958384/host
Jun 26 17:51:49 gtw01 dnsmasq-dhcp[6314]: read /var/lib/neutron/dhcp/d31c0494-05e9-4af4-9ff4-ec1d26958384/opts
Jun 26 17:51:49 gtw01 dnsmasq[6189]: read /var/lib/neutron/dhcp/afcfc7f6-5e0e-48ee-a6b4-c191ad60cbdd/addn_hosts - 4 addresses
Jun 26 17:51:49 gtw01 dnsmasq-dhcp[6189]: read /var/lib/neutron/dhcp/afcfc7f6-5e0e-48ee-a6b4-c191ad60cbdd/host
Jun 26 17:51:49 gtw01 dnsmasq-dhcp[6189]: read /var/lib/neutron/dhcp/afcfc7f6-5e0e-48ee-a6b4-c191ad60cbdd/opts
Jun 26 17:51:50 gtw01 dnsmasq[6246]: read /var/lib/neutron/dhcp/faf1f304-1b0e-4ebd-a21a-b686e1510c9d/addn_hosts - 6 addresses
Jun 26 17:51:50 gtw01 dnsmasq-dhcp[6246]: read /var/lib/neutron/dhcp/faf1f304-1b0e-4ebd-a21a-b686e1510c9d/host
Jun 26 17:51:50 gtw01 dnsmasq-dhcp[6246]: read /var/lib/neutron/dhcp/faf1f304-1b0e-4ebd-a21a-b686e1510c9d/opts
Jun 26 17:51:50 gtw01 dnsmasq[6189]: read /var/lib/neutron/dhcp/afcfc7f6-5e0e-48ee-a6b4-c191ad60cbdd/addn_hosts - 4 addresses
Jun 26 17:51:50 gtw01 dnsmasq-dhcp[6189]: read /var/lib/neutron/dhcp/afcfc7f6-5e0e-48ee-a6b4-c191ad60cbdd/host
Jun 26 17:51:50 gtw01 dnsmasq-dhcp[6189]: read /var/lib/neutron/dhcp/afcfc7f6-5e0e-48ee-a6b4-c191ad60cbdd/opts
Jun 26 17:51:51 gtw01 dnsmasq[6246]: read /var/lib/neutron/dhcp/faf1f304-1b0e-4ebd-a21a-b686e1510c9d/addn_hosts - 7 addresses
Jun 26 17:51:51 gtw01 dnsmasq-dhcp[6246]: read /var/lib/neutron/dhcp/faf1f304-1b0e-4ebd-a21a-b686e1510c9d/host
Jun 26 17:51:51 gtw01 dnsmasq-dhcp[6246]: read /var/lib/neutron/dhcp/faf1f304-1b0e-4ebd-a21a-b686e1510c9d/opts
Jun 26 17:51:52 gtw01 dnsmasq[6246]: read /var/lib/neutron/dhcp/faf1f304-1b0e-4ebd-a21a-b686e1510c9d/addn_hosts - 7 addresses
Jun 26 17:51:52 gtw01 dnsmasq-dhcp[6246]: read /var/lib/neutron/dhcp/faf1f304-1b0e-4ebd-a21a-b686e1510c9d/host
Jun 26 17:51:52 gtw01 dnsmasq-dhcp[6246]: read /var/lib/neutron/dhcp/faf1f304-1b0e-4ebd-a21a-b686e1510c9d/opts
Jun 26 17:51:53 gtw01 dnsmasq[6246]: read /var/lib/neutron/dhcp/faf1f304-1b0e-4ebd-a21a-b686e1510c9d/addn_hosts - 7 addresses
Jun 26 17:51:53 gtw01 dnsmasq-dhcp[6246]: read /var/lib/neutron/dhcp/faf1f304-1b0e-4ebd-a21a-b686e1510c9d/host
Jun 26 17:51:53 gtw01 dnsmasq-dhcp[6246]: read /var/lib/neutron/dhcp/faf1f304-1b0e-4ebd-a21a-b686e1510c9d/opts
Jun 26 17:51:54 gtw01 dnsmasq[6246]: read /var/lib/neutron/dhcp/faf1f304-1b0e-4ebd-a21a-b686e1510c9d/addn_hosts - 7 addresses
Jun 26 17:51:54 gtw01 dnsmasq-dhcp[6246]: read /var/lib/neutron/dhcp/faf1f304-1b0e-4ebd-a21a-b686e1510c9d/host
Jun 26 17:51:54 gtw01 dnsmasq-dhcp[6246]: read /var/lib/neutron/dhcp/faf1f304-1b0e-4ebd-a21a-b686e1510c9d/opts
Jun 26 17:51:55 gtw01 dnsmasq[6246]: read /var/lib/neutron/dhcp/faf1f304-1b0e-4ebd-a21a-b686e1510c9d/addn_hosts - 7 addresses
Jun 26 17:51:55 gtw01 dnsmasq-dhcp[6246]: read /var/lib/neutron/dhcp/faf1f304-1b0e-4ebd-a21a-b686e1510c9d/host
Jun 26 17:51:55 gtw01 dnsmasq-dhcp[6246]: read /var/lib/neutron/dhcp/faf1f304-1b0e-4ebd-a21a-b686e1510c9d/opts
Jun 26 17:51:56 gtw01 dnsmasq[6246]: read /var/lib/neutron/dhcp/faf1f304-1b0e-4ebd-a21a-b686e1510c9d/addn_hosts - 7 addresses
Jun 26 17:51:56 gtw01 dnsmasq-dhcp[6246]: read /var/lib/neutron/dhcp/faf1f304-1b0e-4ebd-a21a-b686e1510c9d/host
Jun 26 17:51:56 gtw01 dnsmasq-dhcp[6246]: read /var/lib/neutron/dhcp/faf1f304-1b0e-4ebd-a21a-b686e1510c9d/opts
Jun 26 17:51:57 gtw01 dnsmasq[6246]: read /var/lib/neutron/dhcp/faf1f304-1b0e-4ebd-a21a-b686e1510c9d/addn_hosts - 7 addresses
Jun 26 17:51:57 gtw01 dnsmasq-dhcp[6246]: read /var/lib/neutron/dhcp/faf1f304-1b0e-4ebd-a21a-b686e1510c9d/host
Jun 26 17:51:57 gtw01 dnsmasq-dhcp[6246]: read /var/lib/neutron/dhcp/faf1f304-1b0e-4ebd-a21a-b686e1510c9d/opts
Jun 26 17:51:58 gtw01 dnsmasq[6246]: read /var/lib/neutron/dhcp/faf1f304-1b0e-4ebd-a21a-b686e1510c9d/addn_hosts - 7 addresses
Jun 26 17:51:58 gtw01 dnsmasq-dhcp[6246]: read /var/lib/neutron/dhcp/faf1f304-1b0e-4ebd-a21a-b686e1510c9d/host
Jun 26 17:51:58 gtw01 dnsmasq-dhcp[6246]: read /var/lib/neutron/dhcp/faf1f304-1b0e-4ebd-a21a-b686e1510c9d/opts
Jun 26 17:51:59 gtw01 dnsmasq[6246]: read /var/lib/neutron/dhcp/faf1f304-1b0e-4ebd-a21a-b686e1510c9d/addn_hosts - 6 addresses
Jun 26 17:51:59 gtw01 dnsmasq-dhcp[6246]: read /var/lib/neutron/dhcp/faf1f304-1b0e-4ebd-a21a-b686e1510c9d/host
Jun 26 17:51:59 gtw01 dnsmasq-dhcp[6246]: read /var/lib/neutron/dhcp/faf1f304-1b0e-4ebd-a21a-b686e1510c9d/opts
Jun 26 17:51:59 gtw01 dnsmasq[6189]: read /var/lib/neutron/dhcp/afcfc7f6-5e0e-48ee-a6b4-c191ad60cbdd/addn_hosts - 3 addresses
Jun 26 17:51:59 gtw01 dnsmasq-dhcp[6189]: read /var/lib/neutron/dhcp/afcfc7f6-5e0e-48ee-a6b4-c191ad60cbdd/host
Jun 26 17:51:59 gtw01 dnsmasq-dhcp[6189]: read /var/lib/neutron/dhcp/afcfc7f6-5e0e-48ee-a6b4-c191ad60cbdd/opts
Jun 26 17:52:00 gtw01 dnsmasq[6314]: read /var/lib/neutron/dhcp/d31c0494-05e9-4af4-9ff4-ec1d26958384/addn_hosts - 1 addresses
Jun 26 17:52:00 gtw01 dnsmasq-dhcp[6314]: read /var/lib/neutron/dhcp/d31c0494-05e9-4af4-9ff4-ec1d26958384/host
Jun 26 17:52:00 gtw01 dnsmasq-dhcp[6314]: read /var/lib/neutron/dhcp/d31c0494-05e9-4af4-9ff4-ec1d26958384/opts
Jun 26 17:52:00 gtw01 dnsmasq[6246]: read /var/lib/neutron/dhcp/faf1f304-1b0e-4ebd-a21a-b686e1510c9d/addn_hosts - 5 addresses
Jun 26 17:52:00 gtw01 dnsmasq-dhcp[6246]: read /var/lib/neutron/dhcp/faf1f304-1b0e-4ebd-a21a-b686e1510c9d/host
Jun 26 17:52:00 gtw01 dnsmasq-dhcp[6246]: read /var/lib/neutron/dhcp/faf1f304-1b0e-4ebd-a21a-b686e1510c9d/opts
Jun 26 17:52:01 gtw01 dnsmasq[6189]: read /var/lib/neutron/dhcp/afcfc7f6-5e0e-48ee-a6b4-c191ad60cbdd/addn_hosts - 2 addresses
Jun 26 17:52:01 gtw01 dnsmasq-dhcp[6189]: read /var/lib/neutron/dhcp/afcfc7f6-5e0e-48ee-a6b4-c191ad60cbdd/host
Jun 26 17:52:01 gtw01 dnsmasq-dhcp[6189]: read /var/lib/neutron/dhcp/afcfc7f6-5e0e-48ee-a6b4-c191ad60cbdd/opts
Jun 26 17:52:01 gtw01 dnsmasq[6246]: read /var/lib/neutron/dhcp/faf1f304-1b0e-4ebd-a21a-b686e1510c9d/addn_hosts - 4 addresses
Jun 26 17:52:01 gtw01 dnsmasq-dhcp[6246]: read /var/lib/neutron/dhcp/faf1f304-1b0e-4ebd-a21a-b686e1510c9d/host
Jun 26 17:52:01 gtw01 dnsmasq-dhcp[6246]: read /var/lib/neutron/dhcp/faf1f304-1b0e-4ebd-a21a-b686e1510c9d/opts
Jun 26 17:52:02 gtw01 dnsmasq[6189]: read /var/lib/neutron/dhcp/afcfc7f6-5e0e-48ee-a6b4-c191ad60cbdd/addn_hosts - 1 addresses
Jun 26 17:52:02 gtw01 dnsmasq-dhcp[6189]: read /var/lib/neutron/dhcp/afcfc7f6-5e0e-48ee-a6b4-c191ad60cbdd/host
Jun 26 17:52:02 gtw01 dnsmasq-dhcp[6189]: read /var/lib/neutron/dhcp/afcfc7f6-5e0e-48ee-a6b4-c191ad60cbdd/opts
Jun 26 17:52:02 gtw01 dnsmasq[6246]: read /var/lib/neutron/dhcp/faf1f304-1b0e-4ebd-a21a-b686e1510c9d/addn_hosts - 3 addresses
Jun 26 17:52:02 gtw01 dnsmasq-dhcp[6246]: read /var/lib/neutron/dhcp/faf1f304-1b0e-4ebd-a21a-b686e1510c9d/host
Jun 26 17:52:02 gtw01 dnsmasq-dhcp[6246]: read /var/lib/neutron/dhcp/faf1f304-1b0e-4ebd-a21a-b686e1510c9d/opts
Jun 26 17:52:03 gtw01 dnsmasq[6246]: read /var/lib/neutron/dhcp/faf1f304-1b0e-4ebd-a21a-b686e1510c9d/addn_hosts - 2 addresses
Jun 26 17:52:03 gtw01 dnsmasq-dhcp[6246]: read /var/lib/neutron/dhcp/faf1f304-1b0e-4ebd-a21a-b686e1510c9d/host
Jun 26 17:52:03 gtw01 dnsmasq-dhcp[6246]: read /var/lib/neutron/dhcp/faf1f304-1b0e-4ebd-a21a-b686e1510c9d/opts
Jun 26 17:52:04 gtw01 dnsmasq[6246]: read /var/lib/neutron/dhcp/faf1f304-1b0e-4ebd-a21a-b686e1510c9d/addn_hosts - 1 addresses
Jun 26 17:52:04 gtw01 dnsmasq-dhcp[6246]: read /var/lib/neutron/dhcp/faf1f304-1b0e-4ebd-a21a-b686e1510c9d/host
Jun 26 17:52:04 gtw01 dnsmasq-dhcp[6246]: read /var/lib/neutron/dhcp/faf1f304-1b0e-4ebd-a21a-b686e1510c9d/opts
Jun 26 17:52:11 gtw01 dnsmasq[6189]: read /var/lib/neutron/dhcp/afcfc7f6-5e0e-48ee-a6b4-c191ad60cbdd/addn_hosts - 1 addresses
Jun 26 17:52:11 gtw01 dnsmasq-dhcp[6189]: read /var/lib/neutron/dhcp/afcfc7f6-5e0e-48ee-a6b4-c191ad60cbdd/host
Jun 26 17:52:11 gtw01 dnsmasq-dhcp[6189]: read /var/lib/neutron/dhcp/afcfc7f6-5e0e-48ee-a6b4-c191ad60cbdd/opts
Jun 26 17:52:12 gtw01 kernel: [14405.557077] device tapd0399be8-a9 left promiscuous mode
Jun 26 17:52:15 gtw01 dnsmasq[6314]: read /var/lib/neutron/dhcp/d31c0494-05e9-4af4-9ff4-ec1d26958384/addn_hosts - 1 addresses
Jun 26 17:52:15 gtw01 dnsmasq-dhcp[6314]: read /var/lib/neutron/dhcp/d31c0494-05e9-4af4-9ff4-ec1d26958384/host
Jun 26 17:52:15 gtw01 dnsmasq-dhcp[6314]: read /var/lib/neutron/dhcp/d31c0494-05e9-4af4-9ff4-ec1d26958384/opts
Jun 26 17:52:16 gtw01 kernel: [14408.797859] device tap2ad1b076-0d left promiscuous mode
Jun 26 17:52:18 gtw01 dnsmasq[6246]: read /var/lib/neutron/dhcp/faf1f304-1b0e-4ebd-a21a-b686e1510c9d/addn_hosts - 1 addresses
Jun 26 17:52:18 gtw01 dnsmasq-dhcp[6246]: read /var/lib/neutron/dhcp/faf1f304-1b0e-4ebd-a21a-b686e1510c9d/host
Jun 26 17:52:18 gtw01 dnsmasq-dhcp[6246]: read /var/lib/neutron/dhcp/faf1f304-1b0e-4ebd-a21a-b686e1510c9d/opts
Jun 26 17:52:19 gtw01 kernel: [14412.364271] device tap5c658821-aa left promiscuous mode
Jun 26 17:52:37 gtw01 kernel: [14430.270011] device tap7532d34e-52 entered promiscuous mode
Jun 26 17:52:37 gtw01 systemd-udevd[7008]: Could not generate persistent MAC address for tap7532d34e-52: No such file or directory
Jun 26 17:52:37 gtw01 systemd-udevd[7008]: Process '/sbin/ip link set tap7532d34e-52 txqueuelen 10000' failed with exit code 1.
Jun 26 17:52:37 gtw01 systemd-udevd[7082]: Process '/sbin/ip link set tap7532d34e-52 txqueuelen 10000' failed with exit code 1.
Jun 26 17:52:38 gtw01 kernel: [14430.848337] device tapc03f9a2c-62 entered promiscuous mode
Jun 26 17:52:38 gtw01 systemd-udevd[7107]: Could not generate persistent MAC address for tapc03f9a2c-62: No such file or directory
Jun 26 17:52:38 gtw01 systemd-udevd[7177]: Process '/sbin/ip link set tapc03f9a2c-62 txqueuelen 10000' failed with exit code 1.
Jun 26 17:52:40 gtw01 kernel: [14433.098108] device tap3e44fb0a-9a entered promiscuous mode
Jun 26 17:52:40 gtw01 kernel: [14433.220020] device tapdd054165-ff entered promiscuous mode
Jun 26 17:52:40 gtw01 systemd-udevd[7321]: Could not generate persistent MAC address for tapdd054165-ff: No such file or directory
Jun 26 17:52:40 gtw01 systemd-udevd[7269]: Process '/sbin/ip link set tap3e44fb0a-9a txqueuelen 10000' failed with exit code 1.
Jun 26 17:52:40 gtw01 systemd-udevd[7321]: Process '/sbin/ip link set tapdd054165-ff txqueuelen 10000' failed with exit code 1.
Jun 26 17:52:42 gtw01 dnsmasq[7500]: started, version 2.80 cachesize 150
Jun 26 17:52:42 gtw01 dnsmasq[7500]: DNS service limited to local subnets
Jun 26 17:52:42 gtw01 dnsmasq[7500]: compile time options: IPv6 GNU-getopt DBus i18n IDN DHCP DHCPv6 no-Lua TFTP conntrack ipset auth DNSSEC loop-detect inotify dumpfile
Jun 26 17:52:42 gtw01 dnsmasq[7500]: LOUD WARNING: listening on 1.1.0.14 may accept requests via interfaces other than tap7532d34e-52
Jun 26 17:52:42 gtw01 dnsmasq[7500]: LOUD WARNING: use --bind-dynamic rather than --bind-interfaces to avoid DNS amplification attacks via these interface(s)
Jun 26 17:52:42 gtw01 dnsmasq[7500]: warning: no upstream servers configured
Jun 26 17:52:42 gtw01 dnsmasq-dhcp[7500]: DHCP, static leases only on 1.1.0.12, lease time 1h
Jun 26 17:52:42 gtw01 dnsmasq[7500]: read /var/lib/neutron/dhcp/9196585d-594d-444a-8f34-3de696aea027/addn_hosts - 1 addresses
Jun 26 17:52:42 gtw01 dnsmasq-dhcp[7500]: read /var/lib/neutron/dhcp/9196585d-594d-444a-8f34-3de696aea027/host
Jun 26 17:52:42 gtw01 dnsmasq-dhcp[7500]: read /var/lib/neutron/dhcp/9196585d-594d-444a-8f34-3de696aea027/opts
Jun 26 17:52:42 gtw01 haproxy-metadata-proxy-9196585d-594d-444a-8f34-3de696aea027[7513]: Proxy listener started.
Jun 26 17:52:43 gtw01 dnsmasq[7525]: started, version 2.80 cachesize 150
Jun 26 17:52:43 gtw01 dnsmasq[7525]: DNS service limited to local subnets
Jun 26 17:52:43 gtw01 dnsmasq[7525]: compile time options: IPv6 GNU-getopt DBus i18n IDN DHCP DHCPv6 no-Lua TFTP conntrack ipset auth DNSSEC loop-detect inotify dumpfile
Jun 26 17:52:43 gtw01 dnsmasq[7525]: LOUD WARNING: listening on 1.1.0.22 may accept requests via interfaces other than tapc03f9a2c-62
Jun 26 17:52:43 gtw01 dnsmasq[7525]: LOUD WARNING: use --bind-dynamic rather than --bind-interfaces to avoid DNS amplification attacks via these interface(s)
Jun 26 17:52:43 gtw01 dnsmasq[7525]: warning: no upstream servers configured
Jun 26 17:52:43 gtw01 dnsmasq-dhcp[7525]: DHCP, static leases only on 1.1.0.20, lease time 1h
Jun 26 17:52:43 gtw01 dnsmasq[7525]: read /var/lib/neutron/dhcp/8b61b008-f773-47c3-b93f-03e0b5d18eca/addn_hosts - 1 addresses
Jun 26 17:52:43 gtw01 dnsmasq-dhcp[7525]: read /var/lib/neutron/dhcp/8b61b008-f773-47c3-b93f-03e0b5d18eca/host
Jun 26 17:52:43 gtw01 dnsmasq-dhcp[7525]: read /var/lib/neutron/dhcp/8b61b008-f773-47c3-b93f-03e0b5d18eca/opts
Jun 26 17:52:43 gtw01 haproxy-metadata-proxy-8b61b008-f773-47c3-b93f-03e0b5d18eca[7544]: Proxy listener started.
Jun 26 17:52:44 gtw01 dnsmasq[7500]: read /var/lib/neutron/dhcp/9196585d-594d-444a-8f34-3de696aea027/addn_hosts - 2 addresses
Jun 26 17:52:44 gtw01 dnsmasq-dhcp[7500]: read /var/lib/neutron/dhcp/9196585d-594d-444a-8f34-3de696aea027/host
Jun 26 17:52:44 gtw01 dnsmasq-dhcp[7500]: read /var/lib/neutron/dhcp/9196585d-594d-444a-8f34-3de696aea027/opts
Jun 26 17:52:45 gtw01 dnsmasq[7525]: read /var/lib/neutron/dhcp/8b61b008-f773-47c3-b93f-03e0b5d18eca/addn_hosts - 2 addresses
Jun 26 17:52:45 gtw01 dnsmasq-dhcp[7525]: read /var/lib/neutron/dhcp/8b61b008-f773-47c3-b93f-03e0b5d18eca/host
Jun 26 17:52:45 gtw01 dnsmasq-dhcp[7525]: read /var/lib/neutron/dhcp/8b61b008-f773-47c3-b93f-03e0b5d18eca/opts
Jun 26 17:52:45 gtw01 kernel: [14438.598325] device tapf4457309-6f entered promiscuous mode
Jun 26 17:52:46 gtw01 systemd-udevd[7630]: Process '/sbin/ip link set tapf4457309-6f txqueuelen 10000' failed with exit code 1.
Jun 26 17:52:46 gtw01 systemd-udevd[7710]: Process '/sbin/ip link set tapf4457309-6f txqueuelen 10000' failed with exit code 1.
Jun 26 17:52:46 gtw01 kernel: [14439.382463] device tapa50726c6-c6 entered promiscuous mode
Jun 26 17:52:46 gtw01 systemd-udevd[7740]: Could not generate persistent MAC address for tapa50726c6-c6: No such file or directory
Jun 26 17:52:46 gtw01 systemd-udevd[7810]: Process '/sbin/ip link set tapa50726c6-c6 txqueuelen 10000' failed with exit code 1.
Jun 26 17:52:47 gtw01 dnsmasq[7853]: started, version 2.80 cachesize 150
Jun 26 17:52:47 gtw01 dnsmasq[7853]: DNS service limited to local subnets
Jun 26 17:52:47 gtw01 dnsmasq[7853]: compile time options: IPv6 GNU-getopt DBus i18n IDN DHCP DHCPv6 no-Lua TFTP conntrack ipset auth DNSSEC loop-detect inotify dumpfile
Jun 26 17:52:47 gtw01 dnsmasq[7853]: LOUD WARNING: listening on 1.1.0.18 may accept requests via interfaces other than tap3e44fb0a-9a
Jun 26 17:52:47 gtw01 dnsmasq[7853]: LOUD WARNING: use --bind-dynamic rather than --bind-interfaces to avoid DNS amplification attacks via these interface(s)
Jun 26 17:52:47 gtw01 dnsmasq[7853]: warning: no upstream servers configured
Jun 26 17:52:47 gtw01 dnsmasq-dhcp[7853]: DHCP, static leases only on 1.1.0.16, lease time 1h
Jun 26 17:52:47 gtw01 dnsmasq[7853]: read /var/lib/neutron/dhcp/e9835002-4b0c-49ef-88f9-cb3b0a5afd43/addn_hosts - 1 addresses
Jun 26 17:52:47 gtw01 dnsmasq-dhcp[7853]: read /var/lib/neutron/dhcp/e9835002-4b0c-49ef-88f9-cb3b0a5afd43/host
Jun 26 17:52:47 gtw01 dnsmasq-dhcp[7853]: read /var/lib/neutron/dhcp/e9835002-4b0c-49ef-88f9-cb3b0a5afd43/opts
Jun 26 17:52:47 gtw01 dnsmasq[7500]: read /var/lib/neutron/dhcp/9196585d-594d-444a-8f34-3de696aea027/addn_hosts - 2 addresses
Jun 26 17:52:47 gtw01 dnsmasq-dhcp[7500]: read /var/lib/neutron/dhcp/9196585d-594d-444a-8f34-3de696aea027/host
Jun 26 17:52:47 gtw01 dnsmasq-dhcp[7500]: read /var/lib/neutron/dhcp/9196585d-594d-444a-8f34-3de696aea027/opts
Jun 26 17:52:48 gtw01 dnsmasq[7863]: started, version 2.80 cachesize 150
Jun 26 17:52:48 gtw01 dnsmasq[7863]: DNS service limited to local subnets
Jun 26 17:52:48 gtw01 dnsmasq[7863]: compile time options: IPv6 GNU-getopt DBus i18n IDN DHCP DHCPv6 no-Lua TFTP conntrack ipset auth DNSSEC loop-detect inotify dumpfile
Jun 26 17:52:48 gtw01 dnsmasq[7863]: LOUD WARNING: listening on 1.1.0.26 may accept requests via interfaces other than tapdd054165-ff
Jun 26 17:52:48 gtw01 dnsmasq[7863]: LOUD WARNING: use --bind-dynamic rather than --bind-interfaces to avoid DNS amplification attacks via these interface(s)
Jun 26 17:52:48 gtw01 dnsmasq[7863]: warning: no upstream servers configured
Jun 26 17:52:48 gtw01 dnsmasq-dhcp[7863]: DHCP, static leases only on 1.1.0.24, lease time 1h
Jun 26 17:52:48 gtw01 dnsmasq[7863]: read /var/lib/neutron/dhcp/3eeffaef-f6b2-4668-8fa7-2bc5d15177a9/addn_hosts - 1 addresses
Jun 26 17:52:48 gtw01 dnsmasq-dhcp[7863]: read /var/lib/neutron/dhcp/3eeffaef-f6b2-4668-8fa7-2bc5d15177a9/host
Jun 26 17:52:48 gtw01 dnsmasq-dhcp[7863]: read /var/lib/neutron/dhcp/3eeffaef-f6b2-4668-8fa7-2bc5d15177a9/opts
Jun 26 17:52:48 gtw01 haproxy-metadata-proxy-e9835002-4b0c-49ef-88f9-cb3b0a5afd43[7888]: Proxy listener started.
Jun 26 17:52:49 gtw01 haproxy-metadata-proxy-3eeffaef-f6b2-4668-8fa7-2bc5d15177a9[7894]: Proxy listener started.
Jun 26 17:52:49 gtw01 dnsmasq[7525]: read /var/lib/neutron/dhcp/8b61b008-f773-47c3-b93f-03e0b5d18eca/addn_hosts - 2 addresses
Jun 26 17:52:49 gtw01 dnsmasq-dhcp[7525]: read /var/lib/neutron/dhcp/8b61b008-f773-47c3-b93f-03e0b5d18eca/host
Jun 26 17:52:49 gtw01 dnsmasq-dhcp[7525]: read /var/lib/neutron/dhcp/8b61b008-f773-47c3-b93f-03e0b5d18eca/opts
Jun 26 17:52:50 gtw01 dnsmasq[7853]: read /var/lib/neutron/dhcp/e9835002-4b0c-49ef-88f9-cb3b0a5afd43/addn_hosts - 2 addresses
Jun 26 17:52:50 gtw01 dnsmasq-dhcp[7853]: read /var/lib/neutron/dhcp/e9835002-4b0c-49ef-88f9-cb3b0a5afd43/host
Jun 26 17:52:50 gtw01 dnsmasq-dhcp[7853]: read /var/lib/neutron/dhcp/e9835002-4b0c-49ef-88f9-cb3b0a5afd43/opts
Jun 26 17:52:50 gtw01 dnsmasq[7500]: read /var/lib/neutron/dhcp/9196585d-594d-444a-8f34-3de696aea027/addn_hosts - 2 addresses
Jun 26 17:52:50 gtw01 dnsmasq-dhcp[7500]: read /var/lib/neutron/dhcp/9196585d-594d-444a-8f34-3de696aea027/host
Jun 26 17:52:50 gtw01 dnsmasq-dhcp[7500]: read /var/lib/neutron/dhcp/9196585d-594d-444a-8f34-3de696aea027/opts
Jun 26 17:52:51 gtw01 dnsmasq[7863]: read /var/lib/neutron/dhcp/3eeffaef-f6b2-4668-8fa7-2bc5d15177a9/addn_hosts - 2 addresses
Jun 26 17:52:51 gtw01 dnsmasq-dhcp[7863]: read /var/lib/neutron/dhcp/3eeffaef-f6b2-4668-8fa7-2bc5d15177a9/host
Jun 26 17:52:51 gtw01 dnsmasq-dhcp[7863]: read /var/lib/neutron/dhcp/3eeffaef-f6b2-4668-8fa7-2bc5d15177a9/opts
Jun 26 17:52:51 gtw01 kernel: [14444.206493] device tape924fb02-15 entered promiscuous mode
Jun 26 17:52:51 gtw01 systemd-udevd[7987]: Could not generate persistent MAC address for tape924fb02-15: No such file or directory
Jun 26 17:52:51 gtw01 systemd-udevd[8067]: Process '/sbin/ip link set tape924fb02-15 txqueuelen 10000' failed with exit code 1.
Jun 26 17:52:52 gtw01 dnsmasq[7525]: read /var/lib/neutron/dhcp/8b61b008-f773-47c3-b93f-03e0b5d18eca/addn_hosts - 2 addresses
Jun 26 17:52:52 gtw01 dnsmasq-dhcp[7525]: read /var/lib/neutron/dhcp/8b61b008-f773-47c3-b93f-03e0b5d18eca/host
Jun 26 17:52:52 gtw01 dnsmasq-dhcp[7525]: read /var/lib/neutron/dhcp/8b61b008-f773-47c3-b93f-03e0b5d18eca/opts
Jun 26 17:52:53 gtw01 systemd-udevd[8126]: Could not generate persistent MAC address for tapa5a3089e-17: No such file or directory
Jun 26 17:52:53 gtw01 kernel: [14445.825935] device tapa5a3089e-17 entered promiscuous mode
Jun 26 17:52:53 gtw01 systemd-udevd[8219]: Process '/sbin/ip link set tapa5a3089e-17 txqueuelen 10000' failed with exit code 1.
Jun 26 17:52:54 gtw01 dnsmasq[7853]: read /var/lib/neutron/dhcp/e9835002-4b0c-49ef-88f9-cb3b0a5afd43/addn_hosts - 2 addresses
Jun 26 17:52:54 gtw01 dnsmasq-dhcp[7853]: read /var/lib/neutron/dhcp/e9835002-4b0c-49ef-88f9-cb3b0a5afd43/host
Jun 26 17:52:54 gtw01 dnsmasq-dhcp[7853]: read /var/lib/neutron/dhcp/e9835002-4b0c-49ef-88f9-cb3b0a5afd43/opts
Jun 26 17:52:54 gtw01 dnsmasq[7500]: read /var/lib/neutron/dhcp/9196585d-594d-444a-8f34-3de696aea027/addn_hosts - 2 addresses
Jun 26 17:52:54 gtw01 dnsmasq-dhcp[7500]: read /var/lib/neutron/dhcp/9196585d-594d-444a-8f34-3de696aea027/host
Jun 26 17:52:54 gtw01 dnsmasq-dhcp[7500]: read /var/lib/neutron/dhcp/9196585d-594d-444a-8f34-3de696aea027/opts
Jun 26 17:52:55 gtw01 dnsmasq[7863]: read /var/lib/neutron/dhcp/3eeffaef-f6b2-4668-8fa7-2bc5d15177a9/addn_hosts - 2 addresses
Jun 26 17:52:55 gtw01 dnsmasq-dhcp[7863]: read /var/lib/neutron/dhcp/3eeffaef-f6b2-4668-8fa7-2bc5d15177a9/host
Jun 26 17:52:55 gtw01 dnsmasq-dhcp[7863]: read /var/lib/neutron/dhcp/3eeffaef-f6b2-4668-8fa7-2bc5d15177a9/opts
Jun 26 17:52:56 gtw01 dnsmasq[7525]: read /var/lib/neutron/dhcp/8b61b008-f773-47c3-b93f-03e0b5d18eca/addn_hosts - 2 addresses
Jun 26 17:52:56 gtw01 dnsmasq-dhcp[7525]: read /var/lib/neutron/dhcp/8b61b008-f773-47c3-b93f-03e0b5d18eca/host
Jun 26 17:52:56 gtw01 dnsmasq-dhcp[7525]: read /var/lib/neutron/dhcp/8b61b008-f773-47c3-b93f-03e0b5d18eca/opts
Jun 26 17:52:57 gtw01 dnsmasq[8366]: started, version 2.80 cachesize 150
Jun 26 17:52:57 gtw01 dnsmasq[8366]: DNS service limited to local subnets
Jun 26 17:52:57 gtw01 dnsmasq[8366]: compile time options: IPv6 GNU-getopt DBus i18n IDN DHCP DHCPv6 no-Lua TFTP conntrack ipset auth DNSSEC loop-detect inotify dumpfile
Jun 26 17:52:57 gtw01 dnsmasq[8366]: LOUD WARNING: listening on 1.1.0.34 may accept requests via interfaces other than tapf4457309-6f
Jun 26 17:52:57 gtw01 dnsmasq[8366]: LOUD WARNING: use --bind-dynamic rather than --bind-interfaces to avoid DNS amplification attacks via these interface(s)
Jun 26 17:52:57 gtw01 dnsmasq[8366]: warning: no upstream servers configured
Jun 26 17:52:57 gtw01 dnsmasq-dhcp[8366]: DHCP, static leases only on 1.1.0.32, lease time 1h
Jun 26 17:52:57 gtw01 dnsmasq[8366]: read /var/lib/neutron/dhcp/dc8915e2-1d39-4f32-9fbd-90560e571681/addn_hosts - 1 addresses
Jun 26 17:52:57 gtw01 dnsmasq-dhcp[8366]: read /var/lib/neutron/dhcp/dc8915e2-1d39-4f32-9fbd-90560e571681/host
Jun 26 17:52:57 gtw01 dnsmasq-dhcp[8366]: read /var/lib/neutron/dhcp/dc8915e2-1d39-4f32-9fbd-90560e571681/opts
Jun 26 17:52:57 gtw01 dnsmasq[7853]: read /var/lib/neutron/dhcp/e9835002-4b0c-49ef-88f9-cb3b0a5afd43/addn_hosts - 2 addresses
Jun 26 17:52:57 gtw01 dnsmasq-dhcp[7853]: read /var/lib/neutron/dhcp/e9835002-4b0c-49ef-88f9-cb3b0a5afd43/host
Jun 26 17:52:57 gtw01 dnsmasq-dhcp[7853]: read /var/lib/neutron/dhcp/e9835002-4b0c-49ef-88f9-cb3b0a5afd43/opts
Jun 26 17:52:57 gtw01 dnsmasq[8374]: started, version 2.80 cachesize 150
Jun 26 17:52:57 gtw01 dnsmasq[8374]: DNS service limited to local subnets
Jun 26 17:52:57 gtw01 dnsmasq[8374]: compile time options: IPv6 GNU-getopt DBus i18n IDN DHCP DHCPv6 no-Lua TFTP conntrack ipset auth DNSSEC loop-detect inotify dumpfile
Jun 26 17:52:57 gtw01 dnsmasq[8374]: LOUD WARNING: listening on 1.1.0.30 may accept requests via interfaces other than tapa50726c6-c6
Jun 26 17:52:57 gtw01 dnsmasq[8374]: LOUD WARNING: use --bind-dynamic rather than --bind-interfaces to avoid DNS amplification attacks via these interface(s)
Jun 26 17:52:57 gtw01 dnsmasq[8374]: warning: no upstream servers configured
Jun 26 17:52:57 gtw01 dnsmasq-dhcp[8374]: DHCP, static leases only on 1.1.0.28, lease time 1h
Jun 26 17:52:57 gtw01 dnsmasq[8374]: read /var/lib/neutron/dhcp/07010388-bba4-4cd2-a233-a8a83e198083/addn_hosts - 1 addresses
Jun 26 17:52:57 gtw01 dnsmasq-dhcp[8374]: read /var/lib/neutron/dhcp/07010388-bba4-4cd2-a233-a8a83e198083/host
Jun 26 17:52:57 gtw01 dnsmasq-dhcp[8374]: read /var/lib/neutron/dhcp/07010388-bba4-4cd2-a233-a8a83e198083/opts
Jun 26 17:52:58 gtw01 dnsmasq[7500]: read /var/lib/neutron/dhcp/9196585d-594d-444a-8f34-3de696aea027/addn_hosts - 2 addresses
Jun 26 17:52:58 gtw01 dnsmasq-dhcp[7500]: read /var/lib/neutron/dhcp/9196585d-594d-444a-8f34-3de696aea027/host
Jun 26 17:52:58 gtw01 dnsmasq-dhcp[7500]: read /var/lib/neutron/dhcp/9196585d-594d-444a-8f34-3de696aea027/opts
Jun 26 17:52:58 gtw01 haproxy-metadata-proxy-dc8915e2-1d39-4f32-9fbd-90560e571681[8394]: Proxy listener started.
Jun 26 17:52:58 gtw01 haproxy-metadata-proxy-07010388-bba4-4cd2-a233-a8a83e198083[8401]: Proxy listener started.
Jun 26 17:52:58 gtw01 dnsmasq[7863]: read /var/lib/neutron/dhcp/3eeffaef-f6b2-4668-8fa7-2bc5d15177a9/addn_hosts - 2 addresses
Jun 26 17:52:58 gtw01 dnsmasq-dhcp[7863]: read /var/lib/neutron/dhcp/3eeffaef-f6b2-4668-8fa7-2bc5d15177a9/host
Jun 26 17:52:58 gtw01 dnsmasq-dhcp[7863]: read /var/lib/neutron/dhcp/3eeffaef-f6b2-4668-8fa7-2bc5d15177a9/opts
Jun 26 17:52:59 gtw01 dnsmasq[7525]: read /var/lib/neutron/dhcp/8b61b008-f773-47c3-b93f-03e0b5d18eca/addn_hosts - 2 addresses
Jun 26 17:52:59 gtw01 dnsmasq-dhcp[7525]: read /var/lib/neutron/dhcp/8b61b008-f773-47c3-b93f-03e0b5d18eca/host
Jun 26 17:52:59 gtw01 dnsmasq-dhcp[7525]: read /var/lib/neutron/dhcp/8b61b008-f773-47c3-b93f-03e0b5d18eca/opts
Jun 26 17:53:00 gtw01 dnsmasq[8374]: read /var/lib/neutron/dhcp/07010388-bba4-4cd2-a233-a8a83e198083/addn_hosts - 2 addresses
Jun 26 17:53:00 gtw01 dnsmasq-dhcp[8374]: read /var/lib/neutron/dhcp/07010388-bba4-4cd2-a233-a8a83e198083/host
Jun 26 17:53:00 gtw01 dnsmasq-dhcp[8374]: read /var/lib/neutron/dhcp/07010388-bba4-4cd2-a233-a8a83e198083/opts
Jun 26 17:53:00 gtw01 dnsmasq[8366]: read /var/lib/neutron/dhcp/dc8915e2-1d39-4f32-9fbd-90560e571681/addn_hosts - 2 addresses
Jun 26 17:53:00 gtw01 dnsmasq-dhcp[8366]: read /var/lib/neutron/dhcp/dc8915e2-1d39-4f32-9fbd-90560e571681/host
Jun 26 17:53:00 gtw01 dnsmasq-dhcp[8366]: read /var/lib/neutron/dhcp/dc8915e2-1d39-4f32-9fbd-90560e571681/opts
Jun 26 17:53:00 gtw01 dnsmasq[7853]: read /var/lib/neutron/dhcp/e9835002-4b0c-49ef-88f9-cb3b0a5afd43/addn_hosts - 2 addresses
Jun 26 17:53:00 gtw01 dnsmasq-dhcp[7853]: read /var/lib/neutron/dhcp/e9835002-4b0c-49ef-88f9-cb3b0a5afd43/host
Jun 26 17:53:00 gtw01 dnsmasq-dhcp[7853]: read /var/lib/neutron/dhcp/e9835002-4b0c-49ef-88f9-cb3b0a5afd43/opts
Jun 26 17:53:02 gtw01 dnsmasq[7863]: read /var/lib/neutron/dhcp/3eeffaef-f6b2-4668-8fa7-2bc5d15177a9/addn_hosts - 2 addresses
Jun 26 17:53:02 gtw01 dnsmasq-dhcp[7863]: read /var/lib/neutron/dhcp/3eeffaef-f6b2-4668-8fa7-2bc5d15177a9/host
Jun 26 17:53:02 gtw01 dnsmasq-dhcp[7863]: read /var/lib/neutron/dhcp/3eeffaef-f6b2-4668-8fa7-2bc5d15177a9/opts
Jun 26 17:53:02 gtw01 dnsmasq[8554]: started, version 2.80 cachesize 150
Jun 26 17:53:02 gtw01 dnsmasq[8554]: DNS service limited to local subnets
Jun 26 17:53:02 gtw01 dnsmasq[8554]: compile time options: IPv6 GNU-getopt DBus i18n IDN DHCP DHCPv6 no-Lua TFTP conntrack ipset auth DNSSEC loop-detect inotify dumpfile
Jun 26 17:53:02 gtw01 dnsmasq[8554]: LOUD WARNING: listening on 1.1.0.38 may accept requests via interfaces other than tape924fb02-15
Jun 26 17:53:02 gtw01 dnsmasq[8554]: LOUD WARNING: use --bind-dynamic rather than --bind-interfaces to avoid DNS amplification attacks via these interface(s)
Jun 26 17:53:02 gtw01 dnsmasq[8554]: warning: no upstream servers configured
Jun 26 17:53:02 gtw01 dnsmasq-dhcp[8554]: DHCP, static leases only on 1.1.0.36, lease time 1h
Jun 26 17:53:02 gtw01 dnsmasq[8554]: read /var/lib/neutron/dhcp/cec45ca9-cb58-4660-8969-6dc3a87cd49e/addn_hosts - 1 addresses
Jun 26 17:53:02 gtw01 dnsmasq-dhcp[8554]: read /var/lib/neutron/dhcp/cec45ca9-cb58-4660-8969-6dc3a87cd49e/host
Jun 26 17:53:02 gtw01 dnsmasq-dhcp[8554]: read /var/lib/neutron/dhcp/cec45ca9-cb58-4660-8969-6dc3a87cd49e/opts
Jun 26 17:53:03 gtw01 haproxy-metadata-proxy-cec45ca9-cb58-4660-8969-6dc3a87cd49e[8580]: Proxy listener started.
Jun 26 17:53:03 gtw01 dnsmasq[8374]: read /var/lib/neutron/dhcp/07010388-bba4-4cd2-a233-a8a83e198083/addn_hosts - 2 addresses
Jun 26 17:53:03 gtw01 dnsmasq-dhcp[8374]: read /var/lib/neutron/dhcp/07010388-bba4-4cd2-a233-a8a83e198083/host
Jun 26 17:53:03 gtw01 dnsmasq-dhcp[8374]: read /var/lib/neutron/dhcp/07010388-bba4-4cd2-a233-a8a83e198083/opts
Jun 26 17:53:03 gtw01 dnsmasq[7853]: read /var/lib/neutron/dhcp/e9835002-4b0c-49ef-88f9-cb3b0a5afd43/addn_hosts - 2 addresses
Jun 26 17:53:03 gtw01 dnsmasq-dhcp[7853]: read /var/lib/neutron/dhcp/e9835002-4b0c-49ef-88f9-cb3b0a5afd43/host
Jun 26 17:53:03 gtw01 dnsmasq-dhcp[7853]: read /var/lib/neutron/dhcp/e9835002-4b0c-49ef-88f9-cb3b0a5afd43/opts
Jun 26 17:53:04 gtw01 dnsmasq[8366]: read /var/lib/neutron/dhcp/dc8915e2-1d39-4f32-9fbd-90560e571681/addn_hosts - 2 addresses
Jun 26 17:53:04 gtw01 dnsmasq-dhcp[8366]: read /var/lib/neutron/dhcp/dc8915e2-1d39-4f32-9fbd-90560e571681/host
Jun 26 17:53:04 gtw01 dnsmasq-dhcp[8366]: read /var/lib/neutron/dhcp/dc8915e2-1d39-4f32-9fbd-90560e571681/opts
Jun 26 17:53:04 gtw01 dnsmasq[8614]: started, version 2.80 cachesize 150
Jun 26 17:53:04 gtw01 dnsmasq[8614]: DNS service limited to local subnets
Jun 26 17:53:04 gtw01 dnsmasq[8614]: compile time options: IPv6 GNU-getopt DBus i18n IDN DHCP DHCPv6 no-Lua TFTP conntrack ipset auth DNSSEC loop-detect inotify dumpfile
Jun 26 17:53:04 gtw01 dnsmasq[8614]: LOUD WARNING: listening on 1.1.0.42 may accept requests via interfaces other than tapa5a3089e-17
Jun 26 17:53:04 gtw01 dnsmasq[8614]: LOUD WARNING: use --bind-dynamic rather than --bind-interfaces to avoid DNS amplification attacks via these interface(s)
Jun 26 17:53:04 gtw01 dnsmasq[8614]: warning: no upstream servers configured
Jun 26 17:53:04 gtw01 dnsmasq-dhcp[8614]: DHCP, static leases only on 1.1.0.40, lease time 1h
Jun 26 17:53:04 gtw01 dnsmasq[8614]: read /var/lib/neutron/dhcp/0ed7a62e-5585-493c-9681-f21fa4c91ff3/addn_hosts - 1 addresses
Jun 26 17:53:04 gtw01 dnsmasq-dhcp[8614]: read /var/lib/neutron/dhcp/0ed7a62e-5585-493c-9681-f21fa4c91ff3/host
Jun 26 17:53:04 gtw01 dnsmasq-dhcp[8614]: read /var/lib/neutron/dhcp/0ed7a62e-5585-493c-9681-f21fa4c91ff3/opts
Jun 26 17:53:05 gtw01 haproxy-metadata-proxy-0ed7a62e-5585-493c-9681-f21fa4c91ff3[8645]: Proxy listener started.
Jun 26 17:53:05 gtw01 kernel: [14458.025453] device tapd31b45f3-9a entered promiscuous mode
Jun 26 17:53:05 gtw01 systemd-udevd[8653]: Could not generate persistent MAC address for tapd31b45f3-9a: No such file or directory
Jun 26 17:53:05 gtw01 systemd-udevd[8726]: Process '/sbin/ip link set tapd31b45f3-9a txqueuelen 10000' failed with exit code 1.
Jun 26 17:53:05 gtw01 dnsmasq[8554]: read /var/lib/neutron/dhcp/cec45ca9-cb58-4660-8969-6dc3a87cd49e/addn_hosts - 2 addresses
Jun 26 17:53:05 gtw01 dnsmasq-dhcp[8554]: read /var/lib/neutron/dhcp/cec45ca9-cb58-4660-8969-6dc3a87cd49e/host
Jun 26 17:53:05 gtw01 dnsmasq-dhcp[8554]: read /var/lib/neutron/dhcp/cec45ca9-cb58-4660-8969-6dc3a87cd49e/opts
Jun 26 17:53:05 gtw01 dnsmasq[7863]: read /var/lib/neutron/dhcp/3eeffaef-f6b2-4668-8fa7-2bc5d15177a9/addn_hosts - 2 addresses
Jun 26 17:53:06 gtw01 dnsmasq-dhcp[7863]: read /var/lib/neutron/dhcp/3eeffaef-f6b2-4668-8fa7-2bc5d15177a9/host
Jun 26 17:53:06 gtw01 dnsmasq-dhcp[7863]: read /var/lib/neutron/dhcp/3eeffaef-f6b2-4668-8fa7-2bc5d15177a9/opts
Jun 26 17:53:06 gtw01 kernel: [14459.366623] device tap03e596ea-db entered promiscuous mode
Jun 26 17:53:06 gtw01 systemd-udevd[8778]: Could not generate persistent MAC address for tap03e596ea-db: No such file or directory
Jun 26 17:53:06 gtw01 systemd-udevd[8856]: Process '/sbin/ip link set tap03e596ea-db txqueuelen 10000' failed with exit code 1.
Jun 26 17:53:07 gtw01 dnsmasq[8614]: read /var/lib/neutron/dhcp/0ed7a62e-5585-493c-9681-f21fa4c91ff3/addn_hosts - 2 addresses
Jun 26 17:53:07 gtw01 dnsmasq-dhcp[8614]: read /var/lib/neutron/dhcp/0ed7a62e-5585-493c-9681-f21fa4c91ff3/host
Jun 26 17:53:07 gtw01 dnsmasq-dhcp[8614]: read /var/lib/neutron/dhcp/0ed7a62e-5585-493c-9681-f21fa4c91ff3/opts
Jun 26 17:53:07 gtw01 dnsmasq[8374]: read /var/lib/neutron/dhcp/07010388-bba4-4cd2-a233-a8a83e198083/addn_hosts - 2 addresses
Jun 26 17:53:07 gtw01 dnsmasq-dhcp[8374]: read /var/lib/neutron/dhcp/07010388-bba4-4cd2-a233-a8a83e198083/host
Jun 26 17:53:07 gtw01 dnsmasq-dhcp[8374]: read /var/lib/neutron/dhcp/07010388-bba4-4cd2-a233-a8a83e198083/opts
Jun 26 17:53:07 gtw01 dnsmasq[8366]: read /var/lib/neutron/dhcp/dc8915e2-1d39-4f32-9fbd-90560e571681/addn_hosts - 2 addresses
Jun 26 17:53:07 gtw01 dnsmasq-dhcp[8366]: read /var/lib/neutron/dhcp/dc8915e2-1d39-4f32-9fbd-90560e571681/host
Jun 26 17:53:07 gtw01 dnsmasq-dhcp[8366]: read /var/lib/neutron/dhcp/dc8915e2-1d39-4f32-9fbd-90560e571681/opts
Jun 26 17:53:08 gtw01 dnsmasq[8554]: read /var/lib/neutron/dhcp/cec45ca9-cb58-4660-8969-6dc3a87cd49e/addn_hosts - 2 addresses
Jun 26 17:53:08 gtw01 dnsmasq-dhcp[8554]: read /var/lib/neutron/dhcp/cec45ca9-cb58-4660-8969-6dc3a87cd49e/host
Jun 26 17:53:08 gtw01 dnsmasq-dhcp[8554]: read /var/lib/neutron/dhcp/cec45ca9-cb58-4660-8969-6dc3a87cd49e/opts
Jun 26 17:53:09 gtw01 dnsmasq[8614]: read /var/lib/neutron/dhcp/0ed7a62e-5585-493c-9681-f21fa4c91ff3/addn_hosts - 2 addresses
Jun 26 17:53:09 gtw01 dnsmasq-dhcp[8614]: read /var/lib/neutron/dhcp/0ed7a62e-5585-493c-9681-f21fa4c91ff3/host
Jun 26 17:53:09 gtw01 dnsmasq-dhcp[8614]: read /var/lib/neutron/dhcp/0ed7a62e-5585-493c-9681-f21fa4c91ff3/opts
Jun 26 17:53:09 gtw01 dnsmasq[8374]: read /var/lib/neutron/dhcp/07010388-bba4-4cd2-a233-a8a83e198083/addn_hosts - 2 addresses
Jun 26 17:53:09 gtw01 dnsmasq-dhcp[8374]: read /var/lib/neutron/dhcp/07010388-bba4-4cd2-a233-a8a83e198083/host
Jun 26 17:53:09 gtw01 dnsmasq-dhcp[8374]: read /var/lib/neutron/dhcp/07010388-bba4-4cd2-a233-a8a83e198083/opts
Jun 26 17:53:10 gtw01 dnsmasq[8366]: read /var/lib/neutron/dhcp/dc8915e2-1d39-4f32-9fbd-90560e571681/addn_hosts - 2 addresses
Jun 26 17:53:10 gtw01 dnsmasq-dhcp[8366]: read /var/lib/neutron/dhcp/dc8915e2-1d39-4f32-9fbd-90560e571681/host
Jun 26 17:53:10 gtw01 dnsmasq-dhcp[8366]: read /var/lib/neutron/dhcp/dc8915e2-1d39-4f32-9fbd-90560e571681/opts
Jun 26 17:53:11 gtw01 dnsmasq[7525]: read /var/lib/neutron/dhcp/8b61b008-f773-47c3-b93f-03e0b5d18eca/addn_hosts - 1 addresses
Jun 26 17:53:11 gtw01 dnsmasq-dhcp[7525]: read /var/lib/neutron/dhcp/8b61b008-f773-47c3-b93f-03e0b5d18eca/host
Jun 26 17:53:11 gtw01 dnsmasq-dhcp[7525]: read /var/lib/neutron/dhcp/8b61b008-f773-47c3-b93f-03e0b5d18eca/opts
Jun 26 17:53:11 gtw01 dnsmasq[8554]: read /var/lib/neutron/dhcp/cec45ca9-cb58-4660-8969-6dc3a87cd49e/addn_hosts - 2 addresses
Jun 26 17:53:11 gtw01 dnsmasq-dhcp[8554]: read /var/lib/neutron/dhcp/cec45ca9-cb58-4660-8969-6dc3a87cd49e/host
Jun 26 17:53:11 gtw01 dnsmasq-dhcp[8554]: read /var/lib/neutron/dhcp/cec45ca9-cb58-4660-8969-6dc3a87cd49e/opts
Jun 26 17:53:12 gtw01 dnsmasq[7863]: read /var/lib/neutron/dhcp/3eeffaef-f6b2-4668-8fa7-2bc5d15177a9/addn_hosts - 1 addresses
Jun 26 17:53:12 gtw01 dnsmasq-dhcp[7863]: read /var/lib/neutron/dhcp/3eeffaef-f6b2-4668-8fa7-2bc5d15177a9/host
Jun 26 17:53:12 gtw01 dnsmasq-dhcp[7863]: read /var/lib/neutron/dhcp/3eeffaef-f6b2-4668-8fa7-2bc5d15177a9/opts
Jun 26 17:53:12 gtw01 dnsmasq[8614]: read /var/lib/neutron/dhcp/0ed7a62e-5585-493c-9681-f21fa4c91ff3/addn_hosts - 2 addresses
Jun 26 17:53:12 gtw01 dnsmasq-dhcp[8614]: read /var/lib/neutron/dhcp/0ed7a62e-5585-493c-9681-f21fa4c91ff3/host
Jun 26 17:53:12 gtw01 dnsmasq-dhcp[8614]: read /var/lib/neutron/dhcp/0ed7a62e-5585-493c-9681-f21fa4c91ff3/opts
Jun 26 17:53:13 gtw01 dnsmasq[8374]: read /var/lib/neutron/dhcp/07010388-bba4-4cd2-a233-a8a83e198083/addn_hosts - 2 addresses
Jun 26 17:53:13 gtw01 dnsmasq-dhcp[8374]: read /var/lib/neutron/dhcp/07010388-bba4-4cd2-a233-a8a83e198083/host
Jun 26 17:53:13 gtw01 dnsmasq-dhcp[8374]: read /var/lib/neutron/dhcp/07010388-bba4-4cd2-a233-a8a83e198083/opts
Jun 26 17:53:13 gtw01 dnsmasq[8366]: read /var/lib/neutron/dhcp/dc8915e2-1d39-4f32-9fbd-90560e571681/addn_hosts - 2 addresses
Jun 26 17:53:13 gtw01 dnsmasq-dhcp[8366]: read /var/lib/neutron/dhcp/dc8915e2-1d39-4f32-9fbd-90560e571681/host
Jun 26 17:53:13 gtw01 dnsmasq-dhcp[8366]: read /var/lib/neutron/dhcp/dc8915e2-1d39-4f32-9fbd-90560e571681/opts
Jun 26 17:53:14 gtw01 dnsmasq[9158]: started, version 2.80 cachesize 150
Jun 26 17:53:14 gtw01 dnsmasq[9158]: DNS service limited to local subnets
Jun 26 17:53:14 gtw01 dnsmasq[9158]: compile time options: IPv6 GNU-getopt DBus i18n IDN DHCP DHCPv6 no-Lua TFTP conntrack ipset auth DNSSEC loop-detect inotify dumpfile
Jun 26 17:53:14 gtw01 dnsmasq[9158]: LOUD WARNING: listening on 1.1.0.46 may accept requests via interfaces other than tapd31b45f3-9a
Jun 26 17:53:14 gtw01 dnsmasq[9158]: LOUD WARNING: use --bind-dynamic rather than --bind-interfaces to avoid DNS amplification attacks via these interface(s)
Jun 26 17:53:14 gtw01 dnsmasq[9158]: warning: no upstream servers configured
Jun 26 17:53:14 gtw01 dnsmasq-dhcp[9158]: DHCP, static leases only on 1.1.0.44, lease time 1h
