Jun 26 14:44:43 gtw01 dnsmasq[19214]: read /var/lib/neutron/dhcp/a3a1c4a0-9a6b-4cc1-93ba-dfc873922b6b/addn_hosts - 2 addresses
Jun 26 14:44:43 gtw01 dnsmasq-dhcp[19214]: read /var/lib/neutron/dhcp/a3a1c4a0-9a6b-4cc1-93ba-dfc873922b6b/host
Jun 26 14:44:43 gtw01 dnsmasq-dhcp[19214]: read /var/lib/neutron/dhcp/a3a1c4a0-9a6b-4cc1-93ba-dfc873922b6b/opts
Jun 26 14:44:43 gtw01 dnsmasq[19214]: read /var/lib/neutron/dhcp/a3a1c4a0-9a6b-4cc1-93ba-dfc873922b6b/addn_hosts - 2 addresses
Jun 26 14:44:43 gtw01 dnsmasq-dhcp[19214]: read /var/lib/neutron/dhcp/a3a1c4a0-9a6b-4cc1-93ba-dfc873922b6b/host
Jun 26 14:44:43 gtw01 dnsmasq-dhcp[19214]: read /var/lib/neutron/dhcp/a3a1c4a0-9a6b-4cc1-93ba-dfc873922b6b/opts
Jun 26 14:44:52 gtw01 dnsmasq[18471]: read /var/lib/neutron/dhcp/818beb38-86a9-44a4-99cc-2618976b20bc/addn_hosts - 2 addresses
Jun 26 14:44:52 gtw01 dnsmasq-dhcp[18471]: read /var/lib/neutron/dhcp/818beb38-86a9-44a4-99cc-2618976b20bc/host
Jun 26 14:44:52 gtw01 dnsmasq-dhcp[18471]: read /var/lib/neutron/dhcp/818beb38-86a9-44a4-99cc-2618976b20bc/opts
Jun 26 14:44:53 gtw01 dnsmasq[18519]: read /var/lib/neutron/dhcp/e3cddf8a-4979-4d34-a697-aae2bbf491a5/addn_hosts - 2 addresses
Jun 26 14:44:53 gtw01 dnsmasq-dhcp[18519]: read /var/lib/neutron/dhcp/e3cddf8a-4979-4d34-a697-aae2bbf491a5/host
Jun 26 14:44:53 gtw01 dnsmasq-dhcp[18519]: read /var/lib/neutron/dhcp/e3cddf8a-4979-4d34-a697-aae2bbf491a5/opts
Jun 26 14:44:53 gtw01 dnsmasq[19214]: read /var/lib/neutron/dhcp/a3a1c4a0-9a6b-4cc1-93ba-dfc873922b6b/addn_hosts - 3 addresses
Jun 26 14:44:53 gtw01 dnsmasq-dhcp[19214]: read /var/lib/neutron/dhcp/a3a1c4a0-9a6b-4cc1-93ba-dfc873922b6b/host
Jun 26 14:44:53 gtw01 dnsmasq-dhcp[19214]: read /var/lib/neutron/dhcp/a3a1c4a0-9a6b-4cc1-93ba-dfc873922b6b/opts
Jun 26 14:44:54 gtw01 dnsmasq[19214]: read /var/lib/neutron/dhcp/a3a1c4a0-9a6b-4cc1-93ba-dfc873922b6b/addn_hosts - 3 addresses
Jun 26 14:44:54 gtw01 dnsmasq-dhcp[19214]: read /var/lib/neutron/dhcp/a3a1c4a0-9a6b-4cc1-93ba-dfc873922b6b/host
Jun 26 14:44:54 gtw01 dnsmasq-dhcp[19214]: read /var/lib/neutron/dhcp/a3a1c4a0-9a6b-4cc1-93ba-dfc873922b6b/opts
Jun 26 14:44:55 gtw01 dnsmasq[19214]: read /var/lib/neutron/dhcp/a3a1c4a0-9a6b-4cc1-93ba-dfc873922b6b/addn_hosts - 3 addresses
Jun 26 14:44:55 gtw01 dnsmasq-dhcp[19214]: read /var/lib/neutron/dhcp/a3a1c4a0-9a6b-4cc1-93ba-dfc873922b6b/host
Jun 26 14:44:55 gtw01 dnsmasq-dhcp[19214]: read /var/lib/neutron/dhcp/a3a1c4a0-9a6b-4cc1-93ba-dfc873922b6b/opts
Jun 26 14:44:57 gtw01 dnsmasq[18519]: read /var/lib/neutron/dhcp/e3cddf8a-4979-4d34-a697-aae2bbf491a5/addn_hosts - 1 addresses
Jun 26 14:44:57 gtw01 dnsmasq-dhcp[18519]: read /var/lib/neutron/dhcp/e3cddf8a-4979-4d34-a697-aae2bbf491a5/host
Jun 26 14:44:57 gtw01 dnsmasq-dhcp[18519]: read /var/lib/neutron/dhcp/e3cddf8a-4979-4d34-a697-aae2bbf491a5/opts
Jun 26 14:44:57 gtw01 dnsmasq[18471]: read /var/lib/neutron/dhcp/818beb38-86a9-44a4-99cc-2618976b20bc/addn_hosts - 1 addresses
Jun 26 14:44:57 gtw01 dnsmasq-dhcp[18471]: read /var/lib/neutron/dhcp/818beb38-86a9-44a4-99cc-2618976b20bc/host
Jun 26 14:44:57 gtw01 dnsmasq-dhcp[18471]: read /var/lib/neutron/dhcp/818beb38-86a9-44a4-99cc-2618976b20bc/opts
Jun 26 14:45:07 gtw01 dnsmasq-dhcp[18818]: DHCPDISCOVER(tape76a90b0-5e) fa:16:3e:d8:22:f9
Jun 26 14:45:07 gtw01 dnsmasq-dhcp[18818]: DHCPOFFER(tape76a90b0-5e) 192.168.120.5 fa:16:3e:d8:22:f9
Jun 26 14:45:07 gtw01 dnsmasq-dhcp[18818]: DHCPREQUEST(tape76a90b0-5e) 192.168.120.5 fa:16:3e:d8:22:f9
Jun 26 14:45:07 gtw01 dnsmasq-dhcp[18818]: DHCPACK(tape76a90b0-5e) 192.168.120.5 fa:16:3e:d8:22:f9 host-192-168-120-5
Jun 26 14:45:14 gtw01 kernel: [ 3187.404411] device tap13614829-ea left promiscuous mode
Jun 26 14:45:15 gtw01 dnsmasq-dhcp[19214]: DHCPDISCOVER(tapc4de7f0e-02) fa:16:3e:7e:3c:c9
Jun 26 14:45:15 gtw01 dnsmasq-dhcp[19214]: DHCPOFFER(tapc4de7f0e-02) 192.168.120.8 fa:16:3e:7e:3c:c9
Jun 26 14:45:15 gtw01 dnsmasq-dhcp[19214]: DHCPREQUEST(tapc4de7f0e-02) 192.168.120.8 fa:16:3e:7e:3c:c9
Jun 26 14:45:15 gtw01 dnsmasq-dhcp[19214]: DHCPACK(tapc4de7f0e-02) 192.168.120.8 fa:16:3e:7e:3c:c9 host-192-168-120-8
Jun 26 14:45:16 gtw01 kernel: [ 3188.746938] device tap571d4025-39 left promiscuous mode
Jun 26 14:45:21 gtw01 dnsmasq[18818]: read /var/lib/neutron/dhcp/e1e76741-df98-44dc-a1b4-4a53adf1040c/addn_hosts - 4 addresses
Jun 26 14:45:21 gtw01 dnsmasq-dhcp[18818]: read /var/lib/neutron/dhcp/e1e76741-df98-44dc-a1b4-4a53adf1040c/host
Jun 26 14:45:21 gtw01 dnsmasq-dhcp[18818]: read /var/lib/neutron/dhcp/e1e76741-df98-44dc-a1b4-4a53adf1040c/opts
Jun 26 14:45:27 gtw01 kernel: [ 3199.704762] device tap216432f8-12 entered promiscuous mode
Jun 26 14:45:27 gtw01 systemd-udevd[19468]: Could not generate persistent MAC address for tap216432f8-12: No such file or directory
Jun 26 14:45:27 gtw01 systemd-udevd[19468]: Process '/sbin/ip link set tap216432f8-12 txqueuelen 10000' failed with exit code 1.
Jun 26 14:45:27 gtw01 systemd-udevd[19468]: Process '/sbin/ip link set tap216432f8-12 txqueuelen 10000' failed with exit code 1.
Jun 26 14:45:27 gtw01 dnsmasq[18818]: read /var/lib/neutron/dhcp/e1e76741-df98-44dc-a1b4-4a53adf1040c/addn_hosts - 3 addresses
Jun 26 14:45:27 gtw01 dnsmasq-dhcp[18818]: read /var/lib/neutron/dhcp/e1e76741-df98-44dc-a1b4-4a53adf1040c/host
Jun 26 14:45:27 gtw01 dnsmasq-dhcp[18818]: read /var/lib/neutron/dhcp/e1e76741-df98-44dc-a1b4-4a53adf1040c/opts
Jun 26 14:45:30 gtw01 dnsmasq[19619]: started, version 2.80 cachesize 150
Jun 26 14:45:30 gtw01 dnsmasq[19619]: DNS service limited to local subnets
Jun 26 14:45:30 gtw01 dnsmasq[19619]: compile time options: IPv6 GNU-getopt DBus i18n IDN DHCP DHCPv6 no-Lua TFTP conntrack ipset auth DNSSEC loop-detect inotify dumpfile
Jun 26 14:45:30 gtw01 dnsmasq[19619]: warning: no upstream servers configured
Jun 26 14:45:30 gtw01 dnsmasq-dhcp[19619]: DHCP, static leases only on 192.168.120.0, lease time 1h
Jun 26 14:45:30 gtw01 dnsmasq[19619]: read /var/lib/neutron/dhcp/4f6ed906-fa89-49c0-9be4-a42a13dde90d/addn_hosts - 1 addresses
Jun 26 14:45:30 gtw01 dnsmasq-dhcp[19619]: read /var/lib/neutron/dhcp/4f6ed906-fa89-49c0-9be4-a42a13dde90d/host
Jun 26 14:45:30 gtw01 dnsmasq-dhcp[19619]: read /var/lib/neutron/dhcp/4f6ed906-fa89-49c0-9be4-a42a13dde90d/opts
Jun 26 14:45:30 gtw01 haproxy-metadata-proxy-4f6ed906-fa89-49c0-9be4-a42a13dde90d[19623]: Proxy listener started.
Jun 26 14:45:31 gtw01 dnsmasq[19619]: read /var/lib/neutron/dhcp/4f6ed906-fa89-49c0-9be4-a42a13dde90d/addn_hosts - 2 addresses
Jun 26 14:45:31 gtw01 dnsmasq-dhcp[19619]: read /var/lib/neutron/dhcp/4f6ed906-fa89-49c0-9be4-a42a13dde90d/host
Jun 26 14:45:31 gtw01 dnsmasq-dhcp[19619]: read /var/lib/neutron/dhcp/4f6ed906-fa89-49c0-9be4-a42a13dde90d/opts
Jun 26 14:45:32 gtw01 dnsmasq[19619]: read /var/lib/neutron/dhcp/4f6ed906-fa89-49c0-9be4-a42a13dde90d/addn_hosts - 2 addresses
Jun 26 14:45:32 gtw01 dnsmasq-dhcp[19619]: read /var/lib/neutron/dhcp/4f6ed906-fa89-49c0-9be4-a42a13dde90d/host
Jun 26 14:45:32 gtw01 dnsmasq-dhcp[19619]: read /var/lib/neutron/dhcp/4f6ed906-fa89-49c0-9be4-a42a13dde90d/opts
Jun 26 14:45:33 gtw01 dnsmasq-dhcp[18818]: DHCPRELEASE(tape76a90b0-5e) 192.168.120.5 fa:16:3e:d8:22:f9
Jun 26 14:45:33 gtw01 dnsmasq-dhcp[18818]: DHCPRELEASE(tape76a90b0-5e) 192.168.120.5 fa:16:3e:d8:22:f9 unknown lease
Jun 26 14:45:33 gtw01 dnsmasq[19619]: read /var/lib/neutron/dhcp/4f6ed906-fa89-49c0-9be4-a42a13dde90d/addn_hosts - 2 addresses
Jun 26 14:45:33 gtw01 dnsmasq-dhcp[19619]: read /var/lib/neutron/dhcp/4f6ed906-fa89-49c0-9be4-a42a13dde90d/host
Jun 26 14:45:33 gtw01 dnsmasq-dhcp[19619]: read /var/lib/neutron/dhcp/4f6ed906-fa89-49c0-9be4-a42a13dde90d/opts
Jun 26 14:45:34 gtw01 dnsmasq[18818]: read /var/lib/neutron/dhcp/e1e76741-df98-44dc-a1b4-4a53adf1040c/addn_hosts - 2 addresses
Jun 26 14:45:34 gtw01 dnsmasq-dhcp[18818]: read /var/lib/neutron/dhcp/e1e76741-df98-44dc-a1b4-4a53adf1040c/host
Jun 26 14:45:34 gtw01 dnsmasq-dhcp[18818]: read /var/lib/neutron/dhcp/e1e76741-df98-44dc-a1b4-4a53adf1040c/opts
Jun 26 14:45:34 gtw01 dnsmasq[19619]: read /var/lib/neutron/dhcp/4f6ed906-fa89-49c0-9be4-a42a13dde90d/addn_hosts - 2 addresses
Jun 26 14:45:34 gtw01 dnsmasq-dhcp[19619]: read /var/lib/neutron/dhcp/4f6ed906-fa89-49c0-9be4-a42a13dde90d/host
Jun 26 14:45:34 gtw01 dnsmasq-dhcp[19619]: read /var/lib/neutron/dhcp/4f6ed906-fa89-49c0-9be4-a42a13dde90d/opts
Jun 26 14:45:35 gtw01 dnsmasq[19619]: read /var/lib/neutron/dhcp/4f6ed906-fa89-49c0-9be4-a42a13dde90d/addn_hosts - 2 addresses
Jun 26 14:45:35 gtw01 dnsmasq-dhcp[19619]: read /var/lib/neutron/dhcp/4f6ed906-fa89-49c0-9be4-a42a13dde90d/host
Jun 26 14:45:35 gtw01 dnsmasq-dhcp[19619]: read /var/lib/neutron/dhcp/4f6ed906-fa89-49c0-9be4-a42a13dde90d/opts
Jun 26 14:45:35 gtw01 dnsmasq-dhcp[19214]: DHCPDISCOVER(tapc4de7f0e-02) fa:16:3e:7e:3c:c9
Jun 26 14:45:35 gtw01 dnsmasq-dhcp[19214]: DHCPOFFER(tapc4de7f0e-02) 192.168.120.8 fa:16:3e:7e:3c:c9
Jun 26 14:45:35 gtw01 dnsmasq-dhcp[19214]: DHCPREQUEST(tapc4de7f0e-02) 192.168.120.8 fa:16:3e:7e:3c:c9
Jun 26 14:45:35 gtw01 dnsmasq-dhcp[19214]: DHCPACK(tapc4de7f0e-02) 192.168.120.8 fa:16:3e:7e:3c:c9 host-192-168-120-8
Jun 26 14:45:37 gtw01 dnsmasq[18818]: read /var/lib/neutron/dhcp/e1e76741-df98-44dc-a1b4-4a53adf1040c/addn_hosts - 1 addresses
Jun 26 14:45:37 gtw01 dnsmasq-dhcp[18818]: read /var/lib/neutron/dhcp/e1e76741-df98-44dc-a1b4-4a53adf1040c/host
Jun 26 14:45:37 gtw01 dnsmasq-dhcp[18818]: read /var/lib/neutron/dhcp/e1e76741-df98-44dc-a1b4-4a53adf1040c/opts
Jun 26 14:45:37 gtw01 dnsmasq[19619]: read /var/lib/neutron/dhcp/4f6ed906-fa89-49c0-9be4-a42a13dde90d/addn_hosts - 3 addresses
Jun 26 14:45:37 gtw01 dnsmasq-dhcp[19619]: read /var/lib/neutron/dhcp/4f6ed906-fa89-49c0-9be4-a42a13dde90d/host
Jun 26 14:45:37 gtw01 dnsmasq-dhcp[19619]: read /var/lib/neutron/dhcp/4f6ed906-fa89-49c0-9be4-a42a13dde90d/opts
Jun 26 14:45:38 gtw01 dnsmasq[19619]: read /var/lib/neutron/dhcp/4f6ed906-fa89-49c0-9be4-a42a13dde90d/addn_hosts - 3 addresses
Jun 26 14:45:38 gtw01 dnsmasq-dhcp[19619]: read /var/lib/neutron/dhcp/4f6ed906-fa89-49c0-9be4-a42a13dde90d/host
Jun 26 14:45:38 gtw01 dnsmasq-dhcp[19619]: read /var/lib/neutron/dhcp/4f6ed906-fa89-49c0-9be4-a42a13dde90d/opts
Jun 26 14:45:39 gtw01 dnsmasq[19619]: read /var/lib/neutron/dhcp/4f6ed906-fa89-49c0-9be4-a42a13dde90d/addn_hosts - 3 addresses
Jun 26 14:45:39 gtw01 dnsmasq-dhcp[19619]: read /var/lib/neutron/dhcp/4f6ed906-fa89-49c0-9be4-a42a13dde90d/host
Jun 26 14:45:39 gtw01 dnsmasq-dhcp[19619]: read /var/lib/neutron/dhcp/4f6ed906-fa89-49c0-9be4-a42a13dde90d/opts
Jun 26 14:45:51 gtw01 kernel: [ 3224.075240] device tape76a90b0-5e left promiscuous mode
Jun 26 14:45:54 gtw01 dnsmasq-dhcp[19214]: DHCPRELEASE(tapc4de7f0e-02) 192.168.120.8 fa:16:3e:7e:3c:c9
Jun 26 14:45:54 gtw01 dnsmasq-dhcp[19214]: DHCPRELEASE(tapc4de7f0e-02) 192.168.120.8 fa:16:3e:7e:3c:c9 unknown lease
Jun 26 14:45:55 gtw01 dnsmasq[19214]: read /var/lib/neutron/dhcp/a3a1c4a0-9a6b-4cc1-93ba-dfc873922b6b/addn_hosts - 2 addresses
Jun 26 14:45:55 gtw01 dnsmasq-dhcp[19214]: read /var/lib/neutron/dhcp/a3a1c4a0-9a6b-4cc1-93ba-dfc873922b6b/host
Jun 26 14:45:55 gtw01 dnsmasq-dhcp[19214]: read /var/lib/neutron/dhcp/a3a1c4a0-9a6b-4cc1-93ba-dfc873922b6b/opts
Jun 26 14:46:06 gtw01 dnsmasq-dhcp[19619]: DHCPDISCOVER(tap216432f8-12) fa:16:3e:91:79:77
Jun 26 14:46:06 gtw01 dnsmasq-dhcp[19619]: DHCPOFFER(tap216432f8-12) 192.168.120.3 fa:16:3e:91:79:77
Jun 26 14:46:06 gtw01 dnsmasq-dhcp[19619]: DHCPREQUEST(tap216432f8-12) 192.168.120.3 fa:16:3e:91:79:77
Jun 26 14:46:06 gtw01 dnsmasq-dhcp[19619]: DHCPACK(tap216432f8-12) 192.168.120.3 fa:16:3e:91:79:77 host-192-168-120-3
Jun 26 14:46:13 gtw01 dnsmasq[19214]: read /var/lib/neutron/dhcp/a3a1c4a0-9a6b-4cc1-93ba-dfc873922b6b/addn_hosts - 1 addresses
Jun 26 14:46:13 gtw01 dnsmasq-dhcp[19214]: read /var/lib/neutron/dhcp/a3a1c4a0-9a6b-4cc1-93ba-dfc873922b6b/host
Jun 26 14:46:13 gtw01 dnsmasq-dhcp[19214]: read /var/lib/neutron/dhcp/a3a1c4a0-9a6b-4cc1-93ba-dfc873922b6b/opts
Jun 26 14:46:15 gtw01 dnsmasq-dhcp[19619]: DHCPRELEASE(tap216432f8-12) 192.168.120.3 fa:16:3e:91:79:77
Jun 26 14:46:16 gtw01 dnsmasq-dhcp[19619]: DHCPRELEASE(tap216432f8-12) 192.168.120.3 fa:16:3e:91:79:77 unknown lease
Jun 26 14:46:16 gtw01 dnsmasq[19619]: read /var/lib/neutron/dhcp/4f6ed906-fa89-49c0-9be4-a42a13dde90d/addn_hosts - 2 addresses
Jun 26 14:46:16 gtw01 dnsmasq-dhcp[19619]: read /var/lib/neutron/dhcp/4f6ed906-fa89-49c0-9be4-a42a13dde90d/host
Jun 26 14:46:16 gtw01 dnsmasq-dhcp[19619]: read /var/lib/neutron/dhcp/4f6ed906-fa89-49c0-9be4-a42a13dde90d/opts
Jun 26 14:46:22 gtw01 kernel: [ 3254.615834] device tapc4de7f0e-02 left promiscuous mode
Jun 26 14:46:24 gtw01 dnsmasq[19619]: read /var/lib/neutron/dhcp/4f6ed906-fa89-49c0-9be4-a42a13dde90d/addn_hosts - 1 addresses
Jun 26 14:46:24 gtw01 dnsmasq-dhcp[19619]: read /var/lib/neutron/dhcp/4f6ed906-fa89-49c0-9be4-a42a13dde90d/host
Jun 26 14:46:24 gtw01 dnsmasq-dhcp[19619]: read /var/lib/neutron/dhcp/4f6ed906-fa89-49c0-9be4-a42a13dde90d/opts
Jun 26 14:46:28 gtw01 kernel: [ 3261.119487] device tap216432f8-12 left promiscuous mode
Jun 26 14:46:52 gtw01 kernel: [ 3284.701811] device tap5aff7ac4-5e entered promiscuous mode
Jun 26 14:46:52 gtw01 systemd-udevd[19923]: Could not generate persistent MAC address for tap5aff7ac4-5e: No such file or directory
Jun 26 14:46:52 gtw01 systemd-udevd[19923]: Process '/sbin/ip link set tap5aff7ac4-5e txqueuelen 10000' failed with exit code 1.
Jun 26 14:46:52 gtw01 systemd-udevd[19998]: Process '/sbin/ip link set tap5aff7ac4-5e txqueuelen 10000' failed with exit code 1.
Jun 26 14:46:55 gtw01 dnsmasq[20057]: started, version 2.80 cachesize 150
Jun 26 14:46:55 gtw01 dnsmasq[20057]: DNS service limited to local subnets
Jun 26 14:46:55 gtw01 dnsmasq[20057]: compile time options: IPv6 GNU-getopt DBus i18n IDN DHCP DHCPv6 no-Lua TFTP conntrack ipset auth DNSSEC loop-detect inotify dumpfile
Jun 26 14:46:55 gtw01 dnsmasq[20057]: warning: no upstream servers configured
Jun 26 14:46:55 gtw01 dnsmasq-dhcp[20057]: DHCPv6, static leases only on 2003:0:0:ffff::, lease time 1h
Jun 26 14:46:55 gtw01 dnsmasq[20057]: read /var/lib/neutron/dhcp/86a48096-39ec-40b3-981d-aa61a99474d6/addn_hosts - 1 addresses
Jun 26 14:46:55 gtw01 dnsmasq-dhcp[20057]: read /var/lib/neutron/dhcp/86a48096-39ec-40b3-981d-aa61a99474d6/host
Jun 26 14:46:55 gtw01 dnsmasq-dhcp[20057]: read /var/lib/neutron/dhcp/86a48096-39ec-40b3-981d-aa61a99474d6/opts
Jun 26 14:46:59 gtw01 dnsmasq[20057]: read /var/lib/neutron/dhcp/86a48096-39ec-40b3-981d-aa61a99474d6/addn_hosts - 1 addresses
Jun 26 14:46:59 gtw01 dnsmasq-dhcp[20057]: read /var/lib/neutron/dhcp/86a48096-39ec-40b3-981d-aa61a99474d6/host
Jun 26 14:46:59 gtw01 dnsmasq-dhcp[20057]: read /var/lib/neutron/dhcp/86a48096-39ec-40b3-981d-aa61a99474d6/opts
Jun 26 14:47:00 gtw01 kernel: [ 3292.794467] device tap59dc8d10-cc entered promiscuous mode
Jun 26 14:47:00 gtw01 systemd-udevd[20108]: Process '/sbin/ip link set tap59dc8d10-cc txqueuelen 10000' failed with exit code 1.
Jun 26 14:47:00 gtw01 systemd-udevd[20185]: Process '/sbin/ip link set tap59dc8d10-cc txqueuelen 10000' failed with exit code 1.
Jun 26 14:47:00 gtw01 kernel: [ 3293.053466] device tap602ed255-31 entered promiscuous mode
Jun 26 14:47:00 gtw01 systemd-udevd[20202]: Could not generate persistent MAC address for tap602ed255-31: No such file or directory
Jun 26 14:47:00 gtw01 systemd-udevd[20202]: Process '/sbin/ip link set tap602ed255-31 txqueuelen 10000' failed with exit code 1.
Jun 26 14:47:00 gtw01 systemd-udevd[20278]: Process '/sbin/ip link set tap602ed255-31 txqueuelen 10000' failed with exit code 1.
Jun 26 14:47:00 gtw01 dnsmasq[20057]: read /var/lib/neutron/dhcp/86a48096-39ec-40b3-981d-aa61a99474d6/addn_hosts - 1 addresses
Jun 26 14:47:00 gtw01 dnsmasq-dhcp[20057]: read /var/lib/neutron/dhcp/86a48096-39ec-40b3-981d-aa61a99474d6/host
Jun 26 14:47:00 gtw01 dnsmasq-dhcp[20057]: read /var/lib/neutron/dhcp/86a48096-39ec-40b3-981d-aa61a99474d6/opts
Jun 26 14:47:02 gtw01 dnsmasq[20057]: read /var/lib/neutron/dhcp/86a48096-39ec-40b3-981d-aa61a99474d6/addn_hosts - 1 addresses
Jun 26 14:47:02 gtw01 dnsmasq-dhcp[20057]: read /var/lib/neutron/dhcp/86a48096-39ec-40b3-981d-aa61a99474d6/host
Jun 26 14:47:02 gtw01 dnsmasq-dhcp[20057]: read /var/lib/neutron/dhcp/86a48096-39ec-40b3-981d-aa61a99474d6/opts
Jun 26 14:47:04 gtw01 dnsmasq[20412]: started, version 2.80 cachesize 150
Jun 26 14:47:04 gtw01 dnsmasq[20412]: DNS service limited to local subnets
Jun 26 14:47:04 gtw01 dnsmasq[20412]: compile time options: IPv6 GNU-getopt DBus i18n IDN DHCP DHCPv6 no-Lua TFTP conntrack ipset auth DNSSEC loop-detect inotify dumpfile
Jun 26 14:47:04 gtw01 dnsmasq[20412]: warning: no upstream servers configured
Jun 26 14:47:04 gtw01 dnsmasq-dhcp[20412]: DHCP, static leases only on 192.168.120.240, lease time 1h
Jun 26 14:47:04 gtw01 dnsmasq[20412]: read /var/lib/neutron/dhcp/4e522751-7a36-4cdb-b662-589e6e185902/addn_hosts - 1 addresses
Jun 26 14:47:04 gtw01 dnsmasq-dhcp[20412]: read /var/lib/neutron/dhcp/4e522751-7a36-4cdb-b662-589e6e185902/host
Jun 26 14:47:04 gtw01 dnsmasq-dhcp[20412]: read /var/lib/neutron/dhcp/4e522751-7a36-4cdb-b662-589e6e185902/opts
Jun 26 14:47:04 gtw01 dnsmasq[20421]: started, version 2.80 cachesize 150
Jun 26 14:47:04 gtw01 dnsmasq[20421]: DNS service limited to local subnets
Jun 26 14:47:04 gtw01 dnsmasq[20421]: compile time options: IPv6 GNU-getopt DBus i18n IDN DHCP DHCPv6 no-Lua TFTP conntrack ipset auth DNSSEC loop-detect inotify dumpfile
Jun 26 14:47:04 gtw01 dnsmasq[20421]: warning: no upstream servers configured
Jun 26 14:47:04 gtw01 dnsmasq-dhcp[20421]: DHCPv6, static leases only on 2003::, lease time 1h
Jun 26 14:47:04 gtw01 dnsmasq[20421]: read /var/lib/neutron/dhcp/dfd1ad24-b83a-4d49-80c7-e0e95ea1824c/addn_hosts - 1 addresses
Jun 26 14:47:04 gtw01 dnsmasq-dhcp[20421]: read /var/lib/neutron/dhcp/dfd1ad24-b83a-4d49-80c7-e0e95ea1824c/host
Jun 26 14:47:04 gtw01 dnsmasq-dhcp[20421]: read /var/lib/neutron/dhcp/dfd1ad24-b83a-4d49-80c7-e0e95ea1824c/opts
Jun 26 14:47:04 gtw01 haproxy-metadata-proxy-4e522751-7a36-4cdb-b662-589e6e185902[20426]: Proxy listener started.
Jun 26 14:47:04 gtw01 kernel: [ 3297.312127] device tap602ed255-31 left promiscuous mode
Jun 26 14:47:05 gtw01 kernel: [ 3297.759528] device tape687a9a6-15 entered promiscuous mode
Jun 26 14:47:05 gtw01 systemd-udevd[20449]: Could not generate persistent MAC address for tape687a9a6-15: No such file or directory
Jun 26 14:47:05 gtw01 systemd-udevd[20449]: Process '/sbin/ip link set tape687a9a6-15 txqueuelen 10000' failed with exit code 1.
Jun 26 14:47:05 gtw01 systemd-udevd[20524]: Process '/sbin/ip link set tape687a9a6-15 txqueuelen 10000' failed with exit code 1.
Jun 26 14:47:05 gtw01 dnsmasq[20412]: read /var/lib/neutron/dhcp/4e522751-7a36-4cdb-b662-589e6e185902/addn_hosts - 1 addresses
Jun 26 14:47:05 gtw01 dnsmasq-dhcp[20412]: read /var/lib/neutron/dhcp/4e522751-7a36-4cdb-b662-589e6e185902/host
Jun 26 14:47:05 gtw01 dnsmasq-dhcp[20412]: read /var/lib/neutron/dhcp/4e522751-7a36-4cdb-b662-589e6e185902/opts
Jun 26 14:47:06 gtw01 dnsmasq[20412]: read /var/lib/neutron/dhcp/4e522751-7a36-4cdb-b662-589e6e185902/addn_hosts - 1 addresses
Jun 26 14:47:06 gtw01 dnsmasq-dhcp[20412]: read /var/lib/neutron/dhcp/4e522751-7a36-4cdb-b662-589e6e185902/host
Jun 26 14:47:06 gtw01 dnsmasq-dhcp[20412]: read /var/lib/neutron/dhcp/4e522751-7a36-4cdb-b662-589e6e185902/opts
Jun 26 14:47:07 gtw01 dnsmasq[20412]: read /var/lib/neutron/dhcp/4e522751-7a36-4cdb-b662-589e6e185902/addn_hosts - 1 addresses
Jun 26 14:47:07 gtw01 dnsmasq-dhcp[20412]: read /var/lib/neutron/dhcp/4e522751-7a36-4cdb-b662-589e6e185902/host
Jun 26 14:47:07 gtw01 dnsmasq-dhcp[20412]: read /var/lib/neutron/dhcp/4e522751-7a36-4cdb-b662-589e6e185902/opts
Jun 26 14:47:08 gtw01 kernel: [ 3301.156920] device tap5aff7ac4-5e left promiscuous mode
Jun 26 14:47:08 gtw01 dnsmasq[20634]: started, version 2.80 cachesize 150
Jun 26 14:47:08 gtw01 dnsmasq[20634]: DNS service limited to local subnets
Jun 26 14:47:08 gtw01 dnsmasq[20634]: compile time options: IPv6 GNU-getopt DBus i18n IDN DHCP DHCPv6 no-Lua TFTP conntrack ipset auth DNSSEC loop-detect inotify dumpfile
Jun 26 14:47:08 gtw01 dnsmasq[20634]: warning: no upstream servers configured
Jun 26 14:47:08 gtw01 dnsmasq-dhcp[20634]: DHCP, static leases only on 192.168.120.0, lease time 1h
Jun 26 14:47:08 gtw01 dnsmasq[20634]: read /var/lib/neutron/dhcp/eb45bc04-5f5d-4f48-a96d-e8541e8e0053/addn_hosts - 1 addresses
Jun 26 14:47:08 gtw01 dnsmasq-dhcp[20634]: read /var/lib/neutron/dhcp/eb45bc04-5f5d-4f48-a96d-e8541e8e0053/host
Jun 26 14:47:08 gtw01 dnsmasq-dhcp[20634]: read /var/lib/neutron/dhcp/eb45bc04-5f5d-4f48-a96d-e8541e8e0053/opts
Jun 26 14:47:09 gtw01 haproxy-metadata-proxy-eb45bc04-5f5d-4f48-a96d-e8541e8e0053[20638]: Proxy listener started.
Jun 26 14:47:09 gtw01 kernel: [ 3302.140934] device tape687a9a6-15 left promiscuous mode
Jun 26 14:47:13 gtw01 kernel: [ 3306.361073] device tap59dc8d10-cc left promiscuous mode
Jun 26 14:47:13 gtw01 kernel: [ 3306.491683] device tap76667909-59 entered promiscuous mode
Jun 26 14:47:13 gtw01 systemd-udevd[20691]: Could not generate persistent MAC address for tap76667909-59: No such file or directory
Jun 26 14:47:13 gtw01 systemd-udevd[20691]: Process '/sbin/ip link set tap76667909-59 txqueuelen 10000' failed with exit code 1.
Jun 26 14:47:14 gtw01 systemd-udevd[20768]: Process '/sbin/ip link set tap76667909-59 txqueuelen 10000' failed with exit code 1.
Jun 26 14:47:14 gtw01 kernel: [ 3306.719905] device tap30111728-9a entered promiscuous mode
Jun 26 14:47:14 gtw01 systemd-udevd[20782]: Could not generate persistent MAC address for tap30111728-9a: No such file or directory
Jun 26 14:47:14 gtw01 systemd-udevd[20782]: Process '/sbin/ip link set tap30111728-9a txqueuelen 10000' failed with exit code 1.
Jun 26 14:47:14 gtw01 systemd-udevd[20858]: Process '/sbin/ip link set tap30111728-9a txqueuelen 10000' failed with exit code 1.
Jun 26 14:47:17 gtw01 dnsmasq[20963]: started, version 2.80 cachesize 150
Jun 26 14:47:17 gtw01 dnsmasq[20963]: DNS service limited to local subnets
Jun 26 14:47:17 gtw01 dnsmasq[20963]: compile time options: IPv6 GNU-getopt DBus i18n IDN DHCP DHCPv6 no-Lua TFTP conntrack ipset auth DNSSEC loop-detect inotify dumpfile
Jun 26 14:47:17 gtw01 dnsmasq[20963]: warning: no upstream servers configured
Jun 26 14:47:17 gtw01 dnsmasq-dhcp[20963]: DHCPv6, static leases only on 2003::, lease time 1h
Jun 26 14:47:17 gtw01 dnsmasq[20963]: read /var/lib/neutron/dhcp/a1f0b4f4-b7bb-4016-b56c-e980b0585119/addn_hosts - 1 addresses
Jun 26 14:47:17 gtw01 dnsmasq-dhcp[20963]: read /var/lib/neutron/dhcp/a1f0b4f4-b7bb-4016-b56c-e980b0585119/host
Jun 26 14:47:17 gtw01 dnsmasq-dhcp[20963]: read /var/lib/neutron/dhcp/a1f0b4f4-b7bb-4016-b56c-e980b0585119/opts
Jun 26 14:47:17 gtw01 dnsmasq[20966]: started, version 2.80 cachesize 150
Jun 26 14:47:17 gtw01 dnsmasq[20966]: DNS service limited to local subnets
Jun 26 14:47:17 gtw01 dnsmasq[20966]: compile time options: IPv6 GNU-getopt DBus i18n IDN DHCP DHCPv6 no-Lua TFTP conntrack ipset auth DNSSEC loop-detect inotify dumpfile
Jun 26 14:47:17 gtw01 dnsmasq[20966]: warning: no upstream servers configured
Jun 26 14:47:17 gtw01 dnsmasq-dhcp[20966]: DHCPv6, static leases only on 2003:0:0:1::, lease time 1h
Jun 26 14:47:17 gtw01 dnsmasq[20966]: read /var/lib/neutron/dhcp/cdbdc9b6-ec50-4b21-b737-c8b9f7cc014a/addn_hosts - 1 addresses
Jun 26 14:47:17 gtw01 dnsmasq-dhcp[20966]: read /var/lib/neutron/dhcp/cdbdc9b6-ec50-4b21-b737-c8b9f7cc014a/host
Jun 26 14:47:17 gtw01 dnsmasq-dhcp[20966]: read /var/lib/neutron/dhcp/cdbdc9b6-ec50-4b21-b737-c8b9f7cc014a/opts
Jun 26 14:47:17 gtw01 kernel: [ 3310.454440] device tap76667909-59 left promiscuous mode
Jun 26 14:47:19 gtw01 kernel: [ 3311.717149] device tap30111728-9a left promiscuous mode
Jun 26 14:47:22 gtw01 kernel: [ 3315.363535] device tap3e082729-33 entered promiscuous mode
Jun 26 14:47:22 gtw01 systemd-udevd[20998]: Could not generate persistent MAC address for tap3e082729-33: No such file or directory
Jun 26 14:47:22 gtw01 systemd-udevd[20998]: Process '/sbin/ip link set tap3e082729-33 txqueuelen 10000' failed with exit code 1.
Jun 26 14:47:22 gtw01 systemd-udevd[20998]: Process '/sbin/ip link set tap3e082729-33 txqueuelen 10000' failed with exit code 1.
Jun 26 14:47:25 gtw01 dnsmasq[21132]: started, version 2.80 cachesize 150
Jun 26 14:47:25 gtw01 dnsmasq[21132]: DNS service limited to local subnets
Jun 26 14:47:25 gtw01 dnsmasq[21132]: compile time options: IPv6 GNU-getopt DBus i18n IDN DHCP DHCPv6 no-Lua TFTP conntrack ipset auth DNSSEC loop-detect inotify dumpfile
Jun 26 14:47:25 gtw01 dnsmasq[21132]: warning: no upstream servers configured
Jun 26 14:47:25 gtw01 dnsmasq-dhcp[21132]: DHCPv6, static leases only on 2003::, lease time 1h
Jun 26 14:47:25 gtw01 dnsmasq[21132]: read /var/lib/neutron/dhcp/69182a3f-f4af-4b94-a8a5-b93e2e293c10/addn_hosts - 1 addresses
Jun 26 14:47:25 gtw01 dnsmasq-dhcp[21132]: read /var/lib/neutron/dhcp/69182a3f-f4af-4b94-a8a5-b93e2e293c10/host
Jun 26 14:47:25 gtw01 dnsmasq-dhcp[21132]: read /var/lib/neutron/dhcp/69182a3f-f4af-4b94-a8a5-b93e2e293c10/opts
Jun 26 14:47:32 gtw01 dnsmasq[21132]: read /var/lib/neutron/dhcp/69182a3f-f4af-4b94-a8a5-b93e2e293c10/addn_hosts - 2 addresses
Jun 26 14:47:32 gtw01 dnsmasq-dhcp[21132]: read /var/lib/neutron/dhcp/69182a3f-f4af-4b94-a8a5-b93e2e293c10/host
Jun 26 14:47:32 gtw01 dnsmasq-dhcp[21132]: read /var/lib/neutron/dhcp/69182a3f-f4af-4b94-a8a5-b93e2e293c10/opts
Jun 26 14:47:33 gtw01 dnsmasq[21132]: read /var/lib/neutron/dhcp/69182a3f-f4af-4b94-a8a5-b93e2e293c10/addn_hosts - 2 addresses
Jun 26 14:47:33 gtw01 dnsmasq-dhcp[21132]: read /var/lib/neutron/dhcp/69182a3f-f4af-4b94-a8a5-b93e2e293c10/host
Jun 26 14:47:33 gtw01 dnsmasq-dhcp[21132]: read /var/lib/neutron/dhcp/69182a3f-f4af-4b94-a8a5-b93e2e293c10/opts
Jun 26 14:47:34 gtw01 dnsmasq[21132]: read /var/lib/neutron/dhcp/69182a3f-f4af-4b94-a8a5-b93e2e293c10/addn_hosts - 2 addresses
Jun 26 14:47:34 gtw01 dnsmasq-dhcp[21132]: read /var/lib/neutron/dhcp/69182a3f-f4af-4b94-a8a5-b93e2e293c10/host
Jun 26 14:47:34 gtw01 dnsmasq-dhcp[21132]: read /var/lib/neutron/dhcp/69182a3f-f4af-4b94-a8a5-b93e2e293c10/opts
Jun 26 14:47:34 gtw01 dnsmasq[21132]: read /var/lib/neutron/dhcp/69182a3f-f4af-4b94-a8a5-b93e2e293c10/addn_hosts - 2 addresses
Jun 26 14:47:34 gtw01 dnsmasq-dhcp[21132]: read /var/lib/neutron/dhcp/69182a3f-f4af-4b94-a8a5-b93e2e293c10/host
Jun 26 14:47:34 gtw01 dnsmasq-dhcp[21132]: read /var/lib/neutron/dhcp/69182a3f-f4af-4b94-a8a5-b93e2e293c10/opts
Jun 26 14:47:35 gtw01 dnsmasq[21132]: read /var/lib/neutron/dhcp/69182a3f-f4af-4b94-a8a5-b93e2e293c10/addn_hosts - 1 addresses
Jun 26 14:47:35 gtw01 dnsmasq-dhcp[21132]: read /var/lib/neutron/dhcp/69182a3f-f4af-4b94-a8a5-b93e2e293c10/host
Jun 26 14:47:35 gtw01 dnsmasq-dhcp[21132]: read /var/lib/neutron/dhcp/69182a3f-f4af-4b94-a8a5-b93e2e293c10/opts
Jun 26 14:47:39 gtw01 kernel: [ 3332.222788] device tap3e082729-33 left promiscuous mode
Jun 26 14:47:46 gtw01 kernel: [ 3338.677521] device tapd91dd168-43 entered promiscuous mode
Jun 26 14:47:46 gtw01 systemd-udevd[21239]: Process '/sbin/ip link set tapd91dd168-43 txqueuelen 10000' failed with exit code 1.
Jun 26 14:47:46 gtw01 systemd-udevd[21239]: Process '/sbin/ip link set tapd91dd168-43 txqueuelen 10000' failed with exit code 1.
Jun 26 14:47:48 gtw01 dnsmasq[18099]: read /var/lib/neutron/dhcp/5bed29a7-bfce-4e5d-80bc-13a6519b968f/addn_hosts - 3 addresses
Jun 26 14:47:48 gtw01 dnsmasq-dhcp[18099]: read /var/lib/neutron/dhcp/5bed29a7-bfce-4e5d-80bc-13a6519b968f/host
Jun 26 14:47:48 gtw01 dnsmasq-dhcp[18099]: read /var/lib/neutron/dhcp/5bed29a7-bfce-4e5d-80bc-13a6519b968f/opts
Jun 26 14:47:49 gtw01 dnsmasq[21395]: started, version 2.80 cachesize 150
Jun 26 14:47:49 gtw01 dnsmasq[21395]: DNS service limited to local subnets
Jun 26 14:47:49 gtw01 dnsmasq[21395]: compile time options: IPv6 GNU-getopt DBus i18n IDN DHCP DHCPv6 no-Lua TFTP conntrack ipset auth DNSSEC loop-detect inotify dumpfile
Jun 26 14:47:49 gtw01 dnsmasq[21395]: warning: no upstream servers configured
Jun 26 14:47:49 gtw01 dnsmasq-dhcp[21395]: DHCPv6, static leases only on 2003::, lease time 1h
Jun 26 14:47:49 gtw01 dnsmasq[21395]: read /var/lib/neutron/dhcp/a6c59378-cbd5-4f64-8edd-ac7add79c1dc/addn_hosts - 1 addresses
Jun 26 14:47:49 gtw01 dnsmasq-dhcp[21395]: read /var/lib/neutron/dhcp/a6c59378-cbd5-4f64-8edd-ac7add79c1dc/host
Jun 26 14:47:49 gtw01 dnsmasq-dhcp[21395]: read /var/lib/neutron/dhcp/a6c59378-cbd5-4f64-8edd-ac7add79c1dc/opts
Jun 26 14:47:49 gtw01 dnsmasq[18099]: read /var/lib/neutron/dhcp/5bed29a7-bfce-4e5d-80bc-13a6519b968f/addn_hosts - 3 addresses
Jun 26 14:47:49 gtw01 dnsmasq-dhcp[18099]: read /var/lib/neutron/dhcp/5bed29a7-bfce-4e5d-80bc-13a6519b968f/host
Jun 26 14:47:49 gtw01 dnsmasq-dhcp[18099]: read /var/lib/neutron/dhcp/5bed29a7-bfce-4e5d-80bc-13a6519b968f/opts
Jun 26 14:47:50 gtw01 kernel: [ 3342.772684] device tapd91dd168-43 left promiscuous mode
Jun 26 14:47:50 gtw01 dnsmasq[18099]: read /var/lib/neutron/dhcp/5bed29a7-bfce-4e5d-80bc-13a6519b968f/addn_hosts - 3 addresses
Jun 26 14:47:50 gtw01 dnsmasq-dhcp[18099]: read /var/lib/neutron/dhcp/5bed29a7-bfce-4e5d-80bc-13a6519b968f/host
Jun 26 14:47:50 gtw01 dnsmasq-dhcp[18099]: read /var/lib/neutron/dhcp/5bed29a7-bfce-4e5d-80bc-13a6519b968f/opts
Jun 26 14:47:55 gtw01 kernel: [ 3347.922709] device tap171e8bb5-d9 entered promiscuous mode
Jun 26 14:47:55 gtw01 systemd-udevd[21454]: Could not generate persistent MAC address for tap171e8bb5-d9: No such file or directory
Jun 26 14:47:55 gtw01 systemd-udevd[21454]: Process '/sbin/ip link set tap171e8bb5-d9 txqueuelen 10000' failed with exit code 1.
Jun 26 14:47:55 gtw01 systemd-udevd[21454]: Process '/sbin/ip link set tap171e8bb5-d9 txqueuelen 10000' failed with exit code 1.
Jun 26 14:47:56 gtw01 kernel: [ 3348.695529] device tap76009039-79 entered promiscuous mode
Jun 26 14:47:56 gtw01 systemd-udevd[21562]: Process '/sbin/ip link set tap76009039-79 txqueuelen 10000' failed with exit code 1.
Jun 26 14:47:56 gtw01 systemd-udevd[21642]: Process '/sbin/ip link set tap76009039-79 txqueuelen 10000' failed with exit code 1.
Jun 26 14:47:59 gtw01 dnsmasq[18099]: read /var/lib/neutron/dhcp/5bed29a7-bfce-4e5d-80bc-13a6519b968f/addn_hosts - 2 addresses
Jun 26 14:47:59 gtw01 dnsmasq-dhcp[18099]: read /var/lib/neutron/dhcp/5bed29a7-bfce-4e5d-80bc-13a6519b968f/host
Jun 26 14:47:59 gtw01 dnsmasq-dhcp[18099]: read /var/lib/neutron/dhcp/5bed29a7-bfce-4e5d-80bc-13a6519b968f/opts
Jun 26 14:47:59 gtw01 dnsmasq[21741]: started, version 2.80 cachesize 150
Jun 26 14:47:59 gtw01 dnsmasq[21741]: DNS service limited to local subnets
Jun 26 14:47:59 gtw01 dnsmasq[21741]: compile time options: IPv6 GNU-getopt DBus i18n IDN DHCP DHCPv6 no-Lua TFTP conntrack ipset auth DNSSEC loop-detect inotify dumpfile
Jun 26 14:47:59 gtw01 dnsmasq[21741]: warning: no upstream servers configured
Jun 26 14:47:59 gtw01 dnsmasq-dhcp[21741]: DHCP, static leases only on 192.168.120.0, lease time 1h
Jun 26 14:47:59 gtw01 dnsmasq[21741]: read /var/lib/neutron/dhcp/2c39f854-4f90-42fe-ab64-6ca269248478/addn_hosts - 1 addresses
Jun 26 14:47:59 gtw01 dnsmasq-dhcp[21741]: read /var/lib/neutron/dhcp/2c39f854-4f90-42fe-ab64-6ca269248478/host
Jun 26 14:47:59 gtw01 dnsmasq-dhcp[21741]: read /var/lib/neutron/dhcp/2c39f854-4f90-42fe-ab64-6ca269248478/opts
Jun 26 14:47:59 gtw01 haproxy-metadata-proxy-2c39f854-4f90-42fe-ab64-6ca269248478[21753]: Proxy listener started.
Jun 26 14:47:59 gtw01 dnsmasq[21765]: started, version 2.80 cachesize 150
Jun 26 14:47:59 gtw01 dnsmasq[21765]: DNS service limited to local subnets
Jun 26 14:47:59 gtw01 dnsmasq[21765]: compile time options: IPv6 GNU-getopt DBus i18n IDN DHCP DHCPv6 no-Lua TFTP conntrack ipset auth DNSSEC loop-detect inotify dumpfile
Jun 26 14:47:59 gtw01 dnsmasq[21765]: warning: no upstream servers configured
Jun 26 14:47:59 gtw01 dnsmasq-dhcp[21765]: DHCP, static leases only on 192.168.120.16, lease time 1h
Jun 26 14:47:59 gtw01 dnsmasq[21765]: read /var/lib/neutron/dhcp/f7f3cc44-4b3a-4d25-b6a5-b9c82b688bb6/addn_hosts - 1 addresses
Jun 26 14:47:59 gtw01 dnsmasq-dhcp[21765]: read /var/lib/neutron/dhcp/f7f3cc44-4b3a-4d25-b6a5-b9c82b688bb6/host
Jun 26 14:47:59 gtw01 dnsmasq-dhcp[21765]: read /var/lib/neutron/dhcp/f7f3cc44-4b3a-4d25-b6a5-b9c82b688bb6/opts
Jun 26 14:48:00 gtw01 haproxy-metadata-proxy-f7f3cc44-4b3a-4d25-b6a5-b9c82b688bb6[21771]: Proxy listener started.
Jun 26 14:48:00 gtw01 kernel: [ 3353.117948] device tap171e8bb5-d9 left promiscuous mode
Jun 26 14:48:00 gtw01 kernel: [ 3353.426446] device tap76009039-79 left promiscuous mode
Jun 26 14:48:04 gtw01 kernel: [ 3357.430126] device tap7f1b61d1-64 entered promiscuous mode
Jun 26 14:48:04 gtw01 systemd-udevd[21807]: Could not generate persistent MAC address for tap7f1b61d1-64: No such file or directory
Jun 26 14:48:04 gtw01 systemd-udevd[21807]: Process '/sbin/ip link set tap7f1b61d1-64 txqueuelen 10000' failed with exit code 1.
Jun 26 14:48:05 gtw01 systemd-udevd[21883]: Process '/sbin/ip link set tap7f1b61d1-64 txqueuelen 10000' failed with exit code 1.
Jun 26 14:48:05 gtw01 kernel: [ 3358.436369] device tapf3259c26-6e entered promiscuous mode
Jun 26 14:48:05 gtw01 systemd-udevd[21919]: Could not generate persistent MAC address for tapf3259c26-6e: No such file or directory
Jun 26 14:48:05 gtw01 systemd-udevd[21919]: Process '/sbin/ip link set tapf3259c26-6e txqueuelen 10000' failed with exit code 1.
Jun 26 14:48:06 gtw01 systemd-udevd[21997]: Process '/sbin/ip link set tapf3259c26-6e txqueuelen 10000' failed with exit code 1.
Jun 26 14:48:08 gtw01 dnsmasq[22081]: started, version 2.80 cachesize 150
Jun 26 14:48:08 gtw01 dnsmasq[22081]: DNS service limited to local subnets
Jun 26 14:48:08 gtw01 dnsmasq[22081]: compile time options: IPv6 GNU-getopt DBus i18n IDN DHCP DHCPv6 no-Lua TFTP conntrack ipset auth DNSSEC loop-detect inotify dumpfile
Jun 26 14:48:08 gtw01 dnsmasq[22081]: warning: no upstream servers configured
Jun 26 14:48:08 gtw01 dnsmasq-dhcp[22081]: DHCPv6, static leases only on 2003::, lease time 1h
Jun 26 14:48:08 gtw01 dnsmasq[22081]: read /var/lib/neutron/dhcp/6e94d57e-ab5a-4afe-9f4a-a13493d580c7/addn_hosts - 1 addresses
Jun 26 14:48:08 gtw01 dnsmasq-dhcp[22081]: read /var/lib/neutron/dhcp/6e94d57e-ab5a-4afe-9f4a-a13493d580c7/host
Jun 26 14:48:08 gtw01 dnsmasq-dhcp[22081]: read /var/lib/neutron/dhcp/6e94d57e-ab5a-4afe-9f4a-a13493d580c7/opts
Jun 26 14:48:09 gtw01 dnsmasq[22081]: read /var/lib/neutron/dhcp/6e94d57e-ab5a-4afe-9f4a-a13493d580c7/addn_hosts - 2 addresses
Jun 26 14:48:09 gtw01 dnsmasq-dhcp[22081]: read /var/lib/neutron/dhcp/6e94d57e-ab5a-4afe-9f4a-a13493d580c7/host
Jun 26 14:48:09 gtw01 dnsmasq-dhcp[22081]: read /var/lib/neutron/dhcp/6e94d57e-ab5a-4afe-9f4a-a13493d580c7/opts
Jun 26 14:48:09 gtw01 dnsmasq[22107]: started, version 2.80 cachesize 150
Jun 26 14:48:09 gtw01 dnsmasq[22107]: DNS service limited to local subnets
Jun 26 14:48:09 gtw01 dnsmasq[22107]: compile time options: IPv6 GNU-getopt DBus i18n IDN DHCP DHCPv6 no-Lua TFTP conntrack ipset auth DNSSEC loop-detect inotify dumpfile
Jun 26 14:48:09 gtw01 dnsmasq[22107]: warning: no upstream servers configured
Jun 26 14:48:09 gtw01 dnsmasq-dhcp[22107]: DHCPv6, static leases only on 2003:0:1::, lease time 1h
Jun 26 14:48:09 gtw01 dnsmasq[22107]: read /var/lib/neutron/dhcp/6894f466-3a77-4d3e-8b04-7ca3cea262b7/addn_hosts - 1 addresses
Jun 26 14:48:09 gtw01 dnsmasq-dhcp[22107]: read /var/lib/neutron/dhcp/6894f466-3a77-4d3e-8b04-7ca3cea262b7/host
Jun 26 14:48:09 gtw01 dnsmasq-dhcp[22107]: read /var/lib/neutron/dhcp/6894f466-3a77-4d3e-8b04-7ca3cea262b7/opts
Jun 26 14:48:10 gtw01 dnsmasq[22081]: read /var/lib/neutron/dhcp/6e94d57e-ab5a-4afe-9f4a-a13493d580c7/addn_hosts - 2 addresses
Jun 26 14:48:10 gtw01 dnsmasq-dhcp[22081]: read /var/lib/neutron/dhcp/6e94d57e-ab5a-4afe-9f4a-a13493d580c7/host
Jun 26 14:48:10 gtw01 dnsmasq-dhcp[22081]: read /var/lib/neutron/dhcp/6e94d57e-ab5a-4afe-9f4a-a13493d580c7/opts
Jun 26 14:48:10 gtw01 dnsmasq[22107]: read /var/lib/neutron/dhcp/6894f466-3a77-4d3e-8b04-7ca3cea262b7/addn_hosts - 2 addresses
Jun 26 14:48:10 gtw01 dnsmasq-dhcp[22107]: read /var/lib/neutron/dhcp/6894f466-3a77-4d3e-8b04-7ca3cea262b7/host
Jun 26 14:48:10 gtw01 dnsmasq-dhcp[22107]: read /var/lib/neutron/dhcp/6894f466-3a77-4d3e-8b04-7ca3cea262b7/opts
Jun 26 14:48:11 gtw01 dnsmasq[22081]: read /var/lib/neutron/dhcp/6e94d57e-ab5a-4afe-9f4a-a13493d580c7/addn_hosts - 2 addresses
Jun 26 14:48:11 gtw01 dnsmasq-dhcp[22081]: read /var/lib/neutron/dhcp/6e94d57e-ab5a-4afe-9f4a-a13493d580c7/host
Jun 26 14:48:11 gtw01 dnsmasq-dhcp[22081]: read /var/lib/neutron/dhcp/6e94d57e-ab5a-4afe-9f4a-a13493d580c7/opts
Jun 26 14:48:11 gtw01 dnsmasq[22107]: read /var/lib/neutron/dhcp/6894f466-3a77-4d3e-8b04-7ca3cea262b7/addn_hosts - 2 addresses
Jun 26 14:48:11 gtw01 dnsmasq-dhcp[22107]: read /var/lib/neutron/dhcp/6894f466-3a77-4d3e-8b04-7ca3cea262b7/host
Jun 26 14:48:11 gtw01 dnsmasq-dhcp[22107]: read /var/lib/neutron/dhcp/6894f466-3a77-4d3e-8b04-7ca3cea262b7/opts
Jun 26 14:48:12 gtw01 kernel: [ 3364.813936] device tap00f586d0-d7 entered promiscuous mode
Jun 26 14:48:12 gtw01 systemd-udevd[22204]: Could not generate persistent MAC address for tap00f586d0-d7: No such file or directory
Jun 26 14:48:12 gtw01 dnsmasq[22081]: read /var/lib/neutron/dhcp/6e94d57e-ab5a-4afe-9f4a-a13493d580c7/addn_hosts - 2 addresses
Jun 26 14:48:12 gtw01 dnsmasq-dhcp[22081]: read /var/lib/neutron/dhcp/6e94d57e-ab5a-4afe-9f4a-a13493d580c7/host
Jun 26 14:48:12 gtw01 dnsmasq-dhcp[22081]: read /var/lib/neutron/dhcp/6e94d57e-ab5a-4afe-9f4a-a13493d580c7/opts
Jun 26 14:48:12 gtw01 dnsmasq[22107]: read /var/lib/neutron/dhcp/6894f466-3a77-4d3e-8b04-7ca3cea262b7/addn_hosts - 2 addresses
Jun 26 14:48:12 gtw01 dnsmasq-dhcp[22107]: read /var/lib/neutron/dhcp/6894f466-3a77-4d3e-8b04-7ca3cea262b7/host
Jun 26 14:48:12 gtw01 dnsmasq-dhcp[22107]: read /var/lib/neutron/dhcp/6894f466-3a77-4d3e-8b04-7ca3cea262b7/opts
Jun 26 14:48:13 gtw01 systemd-udevd[22303]: Process '/sbin/ip link set tap00f586d0-d7 txqueuelen 10000' failed with exit code 1.
Jun 26 14:48:13 gtw01 dnsmasq[22081]: read /var/lib/neutron/dhcp/6e94d57e-ab5a-4afe-9f4a-a13493d580c7/addn_hosts - 2 addresses
Jun 26 14:48:13 gtw01 dnsmasq-dhcp[22081]: read /var/lib/neutron/dhcp/6e94d57e-ab5a-4afe-9f4a-a13493d580c7/host
Jun 26 14:48:13 gtw01 dnsmasq-dhcp[22081]: read /var/lib/neutron/dhcp/6e94d57e-ab5a-4afe-9f4a-a13493d580c7/opts
Jun 26 14:48:14 gtw01 dnsmasq[22107]: read /var/lib/neutron/dhcp/6894f466-3a77-4d3e-8b04-7ca3cea262b7/addn_hosts - 2 addresses
Jun 26 14:48:14 gtw01 dnsmasq-dhcp[22107]: read /var/lib/neutron/dhcp/6894f466-3a77-4d3e-8b04-7ca3cea262b7/host
Jun 26 14:48:14 gtw01 dnsmasq-dhcp[22107]: read /var/lib/neutron/dhcp/6894f466-3a77-4d3e-8b04-7ca3cea262b7/opts
Jun 26 14:48:15 gtw01 kernel: [ 3368.242869] device tap6c441045-8a entered promiscuous mode
Jun 26 14:48:15 gtw01 systemd-udevd[22395]: Process '/sbin/ip link set tap6c441045-8a txqueuelen 10000' failed with exit code 1.
Jun 26 14:48:16 gtw01 systemd-udevd[22481]: Process '/sbin/ip link set tap6c441045-8a txqueuelen 10000' failed with exit code 1.
Jun 26 14:48:16 gtw01 kernel: [ 3368.890297] device tap281ef8e2-db entered promiscuous mode
Jun 26 14:48:16 gtw01 systemd-udevd[22501]: Could not generate persistent MAC address for tap281ef8e2-db: No such file or directory
Jun 26 14:48:16 gtw01 dnsmasq[22081]: read /var/lib/neutron/dhcp/6e94d57e-ab5a-4afe-9f4a-a13493d580c7/addn_hosts - 1 addresses
Jun 26 14:48:16 gtw01 dnsmasq-dhcp[22081]: read /var/lib/neutron/dhcp/6e94d57e-ab5a-4afe-9f4a-a13493d580c7/host
Jun 26 14:48:16 gtw01 dnsmasq-dhcp[22081]: read /var/lib/neutron/dhcp/6e94d57e-ab5a-4afe-9f4a-a13493d580c7/opts
Jun 26 14:48:16 gtw01 systemd-udevd[22573]: Process '/sbin/ip link set tap281ef8e2-db txqueuelen 10000' failed with exit code 1.
Jun 26 14:48:16 gtw01 dnsmasq[22107]: read /var/lib/neutron/dhcp/6894f466-3a77-4d3e-8b04-7ca3cea262b7/addn_hosts - 2 addresses
Jun 26 14:48:16 gtw01 dnsmasq-dhcp[22107]: read /var/lib/neutron/dhcp/6894f466-3a77-4d3e-8b04-7ca3cea262b7/host
Jun 26 14:48:16 gtw01 dnsmasq-dhcp[22107]: read /var/lib/neutron/dhcp/6894f466-3a77-4d3e-8b04-7ca3cea262b7/opts
Jun 26 14:48:18 gtw01 dnsmasq[22107]: read /var/lib/neutron/dhcp/6894f466-3a77-4d3e-8b04-7ca3cea262b7/addn_hosts - 1 addresses
Jun 26 14:48:18 gtw01 dnsmasq-dhcp[22107]: read /var/lib/neutron/dhcp/6894f466-3a77-4d3e-8b04-7ca3cea262b7/host
Jun 26 14:48:18 gtw01 dnsmasq-dhcp[22107]: read /var/lib/neutron/dhcp/6894f466-3a77-4d3e-8b04-7ca3cea262b7/opts
Jun 26 14:48:19 gtw01 kernel: [ 3372.481574] device tapf3259c26-6e left promiscuous mode
Jun 26 14:48:19 gtw01 dnsmasq[22722]: started, version 2.80 cachesize 150
Jun 26 14:48:19 gtw01 dnsmasq[22722]: DNS service limited to local subnets
Jun 26 14:48:19 gtw01 dnsmasq[22722]: compile time options: IPv6 GNU-getopt DBus i18n IDN DHCP DHCPv6 no-Lua TFTP conntrack ipset auth DNSSEC loop-detect inotify dumpfile
Jun 26 14:48:19 gtw01 dnsmasq[22722]: warning: no upstream servers configured
Jun 26 14:48:19 gtw01 dnsmasq-dhcp[22722]: DHCP, static leases only on 192.168.120.0, lease time 1h
Jun 26 14:48:19 gtw01 dnsmasq[22722]: read /var/lib/neutron/dhcp/263edf7a-14cb-42a8-986c-733aa8380b6a/addn_hosts - 1 addresses
Jun 26 14:48:19 gtw01 dnsmasq-dhcp[22722]: read /var/lib/neutron/dhcp/263edf7a-14cb-42a8-986c-733aa8380b6a/host
Jun 26 14:48:19 gtw01 dnsmasq-dhcp[22722]: read /var/lib/neutron/dhcp/263edf7a-14cb-42a8-986c-733aa8380b6a/opts
Jun 26 14:48:20 gtw01 haproxy-metadata-proxy-263edf7a-14cb-42a8-986c-733aa8380b6a[22734]: Proxy listener started.
Jun 26 14:48:21 gtw01 kernel: [ 3373.879073] device tap00f586d0-d7 left promiscuous mode
Jun 26 14:48:21 gtw01 dnsmasq[22774]: started, version 2.80 cachesize 150
Jun 26 14:48:21 gtw01 dnsmasq[22774]: DNS service limited to local subnets
Jun 26 14:48:21 gtw01 dnsmasq[22774]: compile time options: IPv6 GNU-getopt DBus i18n IDN DHCP DHCPv6 no-Lua TFTP conntrack ipset auth DNSSEC loop-detect inotify dumpfile
Jun 26 14:48:21 gtw01 dnsmasq[22774]: warning: no upstream servers configured
Jun 26 14:48:21 gtw01 dnsmasq-dhcp[22774]: DHCP, static leases only on 192.168.120.0, lease time 1h
Jun 26 14:48:21 gtw01 dnsmasq[22774]: read /var/lib/neutron/dhcp/7fd0918a-d029-4a34-9a0a-a5bb063d2988/addn_hosts - 1 addresses
Jun 26 14:48:21 gtw01 dnsmasq-dhcp[22774]: read /var/lib/neutron/dhcp/7fd0918a-d029-4a34-9a0a-a5bb063d2988/host
Jun 26 14:48:21 gtw01 dnsmasq-dhcp[22774]: read /var/lib/neutron/dhcp/7fd0918a-d029-4a34-9a0a-a5bb063d2988/opts
Jun 26 14:48:21 gtw01 kernel: [ 3374.493215] device tap7f1b61d1-64 left promiscuous mode
Jun 26 14:48:21 gtw01 kernel: [ 3374.493235] Virtual device tap7f1b61d1-64 asks to queue packet!
Jun 26 14:48:22 gtw01 haproxy-metadata-proxy-7fd0918a-d029-4a34-9a0a-a5bb063d2988[22791]: Proxy listener started.
Jun 26 14:48:22 gtw01 dnsmasq[22796]: started, version 2.80 cachesize 150
Jun 26 14:48:22 gtw01 dnsmasq[22796]: DNS service limited to local subnets
Jun 26 14:48:22 gtw01 dnsmasq[22796]: compile time options: IPv6 GNU-getopt DBus i18n IDN DHCP DHCPv6 no-Lua TFTP conntrack ipset auth DNSSEC loop-detect inotify dumpfile
Jun 26 14:48:22 gtw01 dnsmasq[22796]: warning: no upstream servers configured
Jun 26 14:48:22 gtw01 dnsmasq-dhcp[22796]: DHCP, static leases only on 192.168.121.0, lease time 1h
Jun 26 14:48:22 gtw01 dnsmasq[22796]: read /var/lib/neutron/dhcp/172dc267-5e94-467b-a0d8-6f0c262ba3cc/addn_hosts - 1 addresses
Jun 26 14:48:22 gtw01 dnsmasq-dhcp[22796]: read /var/lib/neutron/dhcp/172dc267-5e94-467b-a0d8-6f0c262ba3cc/host
Jun 26 14:48:22 gtw01 dnsmasq-dhcp[22796]: read /var/lib/neutron/dhcp/172dc267-5e94-467b-a0d8-6f0c262ba3cc/opts
Jun 26 14:48:22 gtw01 systemd-udevd[22804]: Could not generate persistent MAC address for tap19f31d15-ce: No such file or directory
Jun 26 14:48:22 gtw01 kernel: [ 3374.813893] device tap19f31d15-ce entered promiscuous mode
Jun 26 14:48:22 gtw01 systemd-udevd[22804]: Process '/sbin/ip link set tap19f31d15-ce txqueuelen 10000' failed with exit code 1.
Jun 26 14:48:22 gtw01 haproxy-metadata-proxy-172dc267-5e94-467b-a0d8-6f0c262ba3cc[22852]: Proxy listener started.
Jun 26 14:48:22 gtw01 systemd-udevd[22804]: Process '/sbin/ip link set tap19f31d15-ce txqueuelen 10000' failed with exit code 1.
Jun 26 14:48:23 gtw01 dnsmasq[22774]: read /var/lib/neutron/dhcp/7fd0918a-d029-4a34-9a0a-a5bb063d2988/addn_hosts - 2 addresses
Jun 26 14:48:23 gtw01 dnsmasq-dhcp[22774]: read /var/lib/neutron/dhcp/7fd0918a-d029-4a34-9a0a-a5bb063d2988/host
Jun 26 14:48:23 gtw01 dnsmasq-dhcp[22774]: read /var/lib/neutron/dhcp/7fd0918a-d029-4a34-9a0a-a5bb063d2988/opts
Jun 26 14:48:23 gtw01 dnsmasq[22796]: read /var/lib/neutron/dhcp/172dc267-5e94-467b-a0d8-6f0c262ba3cc/addn_hosts - 1 addresses
Jun 26 14:48:23 gtw01 dnsmasq-dhcp[22796]: read /var/lib/neutron/dhcp/172dc267-5e94-467b-a0d8-6f0c262ba3cc/host
Jun 26 14:48:23 gtw01 dnsmasq-dhcp[22796]: read /var/lib/neutron/dhcp/172dc267-5e94-467b-a0d8-6f0c262ba3cc/opts
Jun 26 14:48:24 gtw01 dnsmasq[22774]: read /var/lib/neutron/dhcp/7fd0918a-d029-4a34-9a0a-a5bb063d2988/addn_hosts - 2 addresses
Jun 26 14:48:24 gtw01 dnsmasq-dhcp[22774]: read /var/lib/neutron/dhcp/7fd0918a-d029-4a34-9a0a-a5bb063d2988/host
Jun 26 14:48:24 gtw01 dnsmasq-dhcp[22774]: read /var/lib/neutron/dhcp/7fd0918a-d029-4a34-9a0a-a5bb063d2988/opts
Jun 26 14:48:24 gtw01 dnsmasq[22796]: read /var/lib/neutron/dhcp/172dc267-5e94-467b-a0d8-6f0c262ba3cc/addn_hosts - 1 addresses
Jun 26 14:48:24 gtw01 dnsmasq-dhcp[22796]: read /var/lib/neutron/dhcp/172dc267-5e94-467b-a0d8-6f0c262ba3cc/host
Jun 26 14:48:24 gtw01 dnsmasq-dhcp[22796]: read /var/lib/neutron/dhcp/172dc267-5e94-467b-a0d8-6f0c262ba3cc/opts
Jun 26 14:48:25 gtw01 dnsmasq[22796]: read /var/lib/neutron/dhcp/172dc267-5e94-467b-a0d8-6f0c262ba3cc/addn_hosts - 2 addresses
Jun 26 14:48:25 gtw01 dnsmasq-dhcp[22796]: read /var/lib/neutron/dhcp/172dc267-5e94-467b-a0d8-6f0c262ba3cc/host
Jun 26 14:48:25 gtw01 dnsmasq-dhcp[22796]: read /var/lib/neutron/dhcp/172dc267-5e94-467b-a0d8-6f0c262ba3cc/opts
Jun 26 14:48:26 gtw01 dnsmasq[22774]: read /var/lib/neutron/dhcp/7fd0918a-d029-4a34-9a0a-a5bb063d2988/addn_hosts - 2 addresses
Jun 26 14:48:26 gtw01 dnsmasq-dhcp[22774]: read /var/lib/neutron/dhcp/7fd0918a-d029-4a34-9a0a-a5bb063d2988/host
Jun 26 14:48:26 gtw01 dnsmasq-dhcp[22774]: read /var/lib/neutron/dhcp/7fd0918a-d029-4a34-9a0a-a5bb063d2988/opts
Jun 26 14:48:26 gtw01 dnsmasq[23032]: started, version 2.80 cachesize 150
Jun 26 14:48:26 gtw01 dnsmasq[23032]: DNS service limited to local subnets
Jun 26 14:48:26 gtw01 dnsmasq[23032]: compile time options: IPv6 GNU-getopt DBus i18n IDN DHCP DHCPv6 no-Lua TFTP conntrack ipset auth DNSSEC loop-detect inotify dumpfile
Jun 26 14:48:26 gtw01 dnsmasq[23032]: warning: no upstream servers configured
Jun 26 14:48:26 gtw01 dnsmasq-dhcp[23032]: DHCP, static leases only on 192.168.120.0, lease time 1h
Jun 26 14:48:26 gtw01 dnsmasq[23032]: read /var/lib/neutron/dhcp/0702ce3e-bccb-4150-a49f-96d6a3de0978/addn_hosts - 1 addresses
Jun 26 14:48:26 gtw01 dnsmasq-dhcp[23032]: read /var/lib/neutron/dhcp/0702ce3e-bccb-4150-a49f-96d6a3de0978/host
Jun 26 14:48:26 gtw01 dnsmasq-dhcp[23032]: read /var/lib/neutron/dhcp/0702ce3e-bccb-4150-a49f-96d6a3de0978/opts
Jun 26 14:48:26 gtw01 haproxy-metadata-proxy-0702ce3e-bccb-4150-a49f-96d6a3de0978[23046]: Proxy listener started.
Jun 26 14:48:27 gtw01 dnsmasq[22796]: read /var/lib/neutron/dhcp/172dc267-5e94-467b-a0d8-6f0c262ba3cc/addn_hosts - 2 addresses
Jun 26 14:48:27 gtw01 dnsmasq-dhcp[22796]: read /var/lib/neutron/dhcp/172dc267-5e94-467b-a0d8-6f0c262ba3cc/host
Jun 26 14:48:27 gtw01 dnsmasq-dhcp[22796]: read /var/lib/neutron/dhcp/172dc267-5e94-467b-a0d8-6f0c262ba3cc/opts
Jun 26 14:48:27 gtw01 dnsmasq[22774]: read /var/lib/neutron/dhcp/7fd0918a-d029-4a34-9a0a-a5bb063d2988/addn_hosts - 2 addresses
Jun 26 14:48:27 gtw01 dnsmasq-dhcp[22774]: read /var/lib/neutron/dhcp/7fd0918a-d029-4a34-9a0a-a5bb063d2988/host
Jun 26 14:48:27 gtw01 dnsmasq-dhcp[22774]: read /var/lib/neutron/dhcp/7fd0918a-d029-4a34-9a0a-a5bb063d2988/opts
Jun 26 14:48:27 gtw01 kernel: [ 3380.554644] device tap19f31d15-ce left promiscuous mode
Jun 26 14:48:28 gtw01 kernel: [ 3381.015423] device tap379b1018-5a entered promiscuous mode
Jun 26 14:48:28 gtw01 systemd-udevd[23106]: Could not generate persistent MAC address for tap379b1018-5a: No such file or directory
Jun 26 14:48:28 gtw01 systemd-udevd[23106]: Process '/sbin/ip link set tap379b1018-5a txqueuelen 10000' failed with exit code 1.
Jun 26 14:48:28 gtw01 systemd-udevd[23106]: Process '/sbin/ip link set tap379b1018-5a txqueuelen 10000' failed with exit code 1.
Jun 26 14:48:28 gtw01 dnsmasq[22774]: read /var/lib/neutron/dhcp/7fd0918a-d029-4a34-9a0a-a5bb063d2988/addn_hosts - 2 addresses
Jun 26 14:48:28 gtw01 dnsmasq-dhcp[22774]: read /var/lib/neutron/dhcp/7fd0918a-d029-4a34-9a0a-a5bb063d2988/host
Jun 26 14:48:28 gtw01 dnsmasq-dhcp[22774]: read /var/lib/neutron/dhcp/7fd0918a-d029-4a34-9a0a-a5bb063d2988/opts
Jun 26 14:48:29 gtw01 kernel: [ 3381.776272] device tap281ef8e2-db left promiscuous mode
Jun 26 14:48:30 gtw01 kernel: [ 3382.856919] device tap6c441045-8a left promiscuous mode
Jun 26 14:48:32 gtw01 dnsmasq[23271]: started, version 2.80 cachesize 150
Jun 26 14:48:32 gtw01 dnsmasq[23271]: DNS service limited to local subnets
Jun 26 14:48:32 gtw01 dnsmasq[23271]: compile time options: IPv6 GNU-getopt DBus i18n IDN DHCP DHCPv6 no-Lua TFTP conntrack ipset auth DNSSEC loop-detect inotify dumpfile
Jun 26 14:48:32 gtw01 dnsmasq[23271]: warning: no upstream servers configured
Jun 26 14:48:32 gtw01 dnsmasq-dhcp[23271]: DHCPv6, static leases only on 2003::, lease time 1h
Jun 26 14:48:32 gtw01 dnsmasq[23271]: read /var/lib/neutron/dhcp/1ac8e59b-ba92-4835-b9e2-bd0cae480d8f/addn_hosts - 1 addresses
Jun 26 14:48:32 gtw01 dnsmasq-dhcp[23271]: read /var/lib/neutron/dhcp/1ac8e59b-ba92-4835-b9e2-bd0cae480d8f/host
Jun 26 14:48:32 gtw01 dnsmasq-dhcp[23271]: read /var/lib/neutron/dhcp/1ac8e59b-ba92-4835-b9e2-bd0cae480d8f/opts
Jun 26 14:48:32 gtw01 dnsmasq[23271]: read /var/lib/neutron/dhcp/1ac8e59b-ba92-4835-b9e2-bd0cae480d8f/addn_hosts - 1 addresses
