Jun 26 14:54:38 gtw01 dnsmasq-dhcp[27825]: DHCP, static leases only on 192.168.120.0, lease time 1h
Jun 26 14:54:38 gtw01 dnsmasq[27825]: read /var/lib/neutron/dhcp/5997fa27-b72b-47e0-9827-a0e7e3e395e1/addn_hosts - 1 addresses
Jun 26 14:54:38 gtw01 dnsmasq-dhcp[27825]: read /var/lib/neutron/dhcp/5997fa27-b72b-47e0-9827-a0e7e3e395e1/host
Jun 26 14:54:38 gtw01 dnsmasq-dhcp[27825]: read /var/lib/neutron/dhcp/5997fa27-b72b-47e0-9827-a0e7e3e395e1/opts
Jun 26 14:54:38 gtw01 haproxy-metadata-proxy-5997fa27-b72b-47e0-9827-a0e7e3e395e1[27839]: Proxy listener started.
Jun 26 14:54:39 gtw01 dnsmasq[27780]: read /var/lib/neutron/dhcp/bc0992d4-df42-45bc-989b-dafb03bbf6eb/addn_hosts - 3 addresses
Jun 26 14:54:39 gtw01 dnsmasq-dhcp[27780]: read /var/lib/neutron/dhcp/bc0992d4-df42-45bc-989b-dafb03bbf6eb/host
Jun 26 14:54:39 gtw01 dnsmasq-dhcp[27780]: read /var/lib/neutron/dhcp/bc0992d4-df42-45bc-989b-dafb03bbf6eb/opts
Jun 26 14:54:39 gtw01 kernel: [ 3752.461591] device tapb7c92c4c-75 left promiscuous mode
Jun 26 14:54:40 gtw01 dnsmasq[27914]: started, version 2.80 cachesize 150
Jun 26 14:54:40 gtw01 dnsmasq[27914]: DNS service limited to local subnets
Jun 26 14:54:40 gtw01 dnsmasq[27914]: compile time options: IPv6 GNU-getopt DBus i18n IDN DHCP DHCPv6 no-Lua TFTP conntrack ipset auth DNSSEC loop-detect inotify dumpfile
Jun 26 14:54:40 gtw01 dnsmasq[27914]: warning: no upstream servers configured
Jun 26 14:54:40 gtw01 dnsmasq-dhcp[27914]: DHCP, static leases only on 192.168.120.16, lease time 1h
Jun 26 14:54:40 gtw01 dnsmasq[27914]: read /var/lib/neutron/dhcp/c42b1674-71af-4c5d-a8b5-37c41d18e671/addn_hosts - 1 addresses
Jun 26 14:54:40 gtw01 dnsmasq-dhcp[27914]: read /var/lib/neutron/dhcp/c42b1674-71af-4c5d-a8b5-37c41d18e671/host
Jun 26 14:54:40 gtw01 dnsmasq-dhcp[27914]: read /var/lib/neutron/dhcp/c42b1674-71af-4c5d-a8b5-37c41d18e671/opts
Jun 26 14:54:41 gtw01 kernel: [ 3753.653424] device tapdb7a3abe-fa entered promiscuous mode
Jun 26 14:54:41 gtw01 dnsmasq[27780]: read /var/lib/neutron/dhcp/bc0992d4-df42-45bc-989b-dafb03bbf6eb/addn_hosts - 3 addresses
Jun 26 14:54:41 gtw01 dnsmasq-dhcp[27780]: read /var/lib/neutron/dhcp/bc0992d4-df42-45bc-989b-dafb03bbf6eb/host
Jun 26 14:54:41 gtw01 dnsmasq-dhcp[27780]: read /var/lib/neutron/dhcp/bc0992d4-df42-45bc-989b-dafb03bbf6eb/opts
Jun 26 14:54:41 gtw01 systemd-udevd[27926]: Process '/sbin/ip link set tapdb7a3abe-fa txqueuelen 10000' failed with exit code 1.
Jun 26 14:54:41 gtw01 haproxy-metadata-proxy-c42b1674-71af-4c5d-a8b5-37c41d18e671[27982]: Proxy listener started.
Jun 26 14:54:41 gtw01 systemd-udevd[27926]: Process '/sbin/ip link set tapdb7a3abe-fa txqueuelen 10000' failed with exit code 1.
Jun 26 14:54:42 gtw01 kernel: [ 3754.690254] device tapf3e0291b-47 left promiscuous mode
Jun 26 14:54:42 gtw01 dnsmasq[27780]: read /var/lib/neutron/dhcp/bc0992d4-df42-45bc-989b-dafb03bbf6eb/addn_hosts - 3 addresses
Jun 26 14:54:42 gtw01 dnsmasq-dhcp[27780]: read /var/lib/neutron/dhcp/bc0992d4-df42-45bc-989b-dafb03bbf6eb/host
Jun 26 14:54:42 gtw01 dnsmasq-dhcp[27780]: read /var/lib/neutron/dhcp/bc0992d4-df42-45bc-989b-dafb03bbf6eb/opts
Jun 26 14:54:43 gtw01 dnsmasq[27780]: read /var/lib/neutron/dhcp/bc0992d4-df42-45bc-989b-dafb03bbf6eb/addn_hosts - 3 addresses
Jun 26 14:54:43 gtw01 dnsmasq-dhcp[27780]: read /var/lib/neutron/dhcp/bc0992d4-df42-45bc-989b-dafb03bbf6eb/host
Jun 26 14:54:43 gtw01 dnsmasq-dhcp[27780]: read /var/lib/neutron/dhcp/bc0992d4-df42-45bc-989b-dafb03bbf6eb/opts
Jun 26 14:54:44 gtw01 dnsmasq[27780]: read /var/lib/neutron/dhcp/bc0992d4-df42-45bc-989b-dafb03bbf6eb/addn_hosts - 3 addresses
Jun 26 14:54:44 gtw01 dnsmasq-dhcp[27780]: read /var/lib/neutron/dhcp/bc0992d4-df42-45bc-989b-dafb03bbf6eb/host
Jun 26 14:54:44 gtw01 dnsmasq-dhcp[27780]: read /var/lib/neutron/dhcp/bc0992d4-df42-45bc-989b-dafb03bbf6eb/opts
Jun 26 14:54:44 gtw01 dnsmasq[28128]: started, version 2.80 cachesize 150
Jun 26 14:54:44 gtw01 dnsmasq[28128]: DNS service limited to local subnets
Jun 26 14:54:44 gtw01 dnsmasq[28128]: compile time options: IPv6 GNU-getopt DBus i18n IDN DHCP DHCPv6 no-Lua TFTP conntrack ipset auth DNSSEC loop-detect inotify dumpfile
Jun 26 14:54:44 gtw01 dnsmasq[28128]: warning: no upstream servers configured
Jun 26 14:54:44 gtw01 dnsmasq-dhcp[28128]: DHCP, static leases only on 192.168.120.16, lease time 1h
Jun 26 14:54:44 gtw01 dnsmasq[28128]: read /var/lib/neutron/dhcp/cb4878f7-2df5-477e-a92c-269cf5c4680e/addn_hosts - 1 addresses
Jun 26 14:54:44 gtw01 dnsmasq-dhcp[28128]: read /var/lib/neutron/dhcp/cb4878f7-2df5-477e-a92c-269cf5c4680e/host
Jun 26 14:54:44 gtw01 dnsmasq-dhcp[28128]: read /var/lib/neutron/dhcp/cb4878f7-2df5-477e-a92c-269cf5c4680e/opts
Jun 26 14:54:44 gtw01 haproxy-metadata-proxy-cb4878f7-2df5-477e-a92c-269cf5c4680e[28132]: Proxy listener started.
Jun 26 14:54:45 gtw01 dnsmasq[28128]: read /var/lib/neutron/dhcp/cb4878f7-2df5-477e-a92c-269cf5c4680e/addn_hosts - 3 addresses
Jun 26 14:54:45 gtw01 dnsmasq-dhcp[28128]: read /var/lib/neutron/dhcp/cb4878f7-2df5-477e-a92c-269cf5c4680e/host
Jun 26 14:54:45 gtw01 dnsmasq-dhcp[28128]: read /var/lib/neutron/dhcp/cb4878f7-2df5-477e-a92c-269cf5c4680e/opts
Jun 26 14:54:46 gtw01 dnsmasq[28128]: read /var/lib/neutron/dhcp/cb4878f7-2df5-477e-a92c-269cf5c4680e/addn_hosts - 3 addresses
Jun 26 14:54:46 gtw01 dnsmasq-dhcp[28128]: read /var/lib/neutron/dhcp/cb4878f7-2df5-477e-a92c-269cf5c4680e/host
Jun 26 14:54:46 gtw01 dnsmasq-dhcp[28128]: read /var/lib/neutron/dhcp/cb4878f7-2df5-477e-a92c-269cf5c4680e/opts
Jun 26 14:54:47 gtw01 dnsmasq[28128]: read /var/lib/neutron/dhcp/cb4878f7-2df5-477e-a92c-269cf5c4680e/addn_hosts - 3 addresses
Jun 26 14:54:47 gtw01 dnsmasq-dhcp[28128]: read /var/lib/neutron/dhcp/cb4878f7-2df5-477e-a92c-269cf5c4680e/host
Jun 26 14:54:47 gtw01 dnsmasq-dhcp[28128]: read /var/lib/neutron/dhcp/cb4878f7-2df5-477e-a92c-269cf5c4680e/opts
Jun 26 14:54:47 gtw01 kernel: [ 3760.505665] device tap42044953-ac entered promiscuous mode
Jun 26 14:54:47 gtw01 systemd-udevd[28200]: Could not generate persistent MAC address for tap42044953-ac: No such file or directory
Jun 26 14:54:48 gtw01 systemd-udevd[28200]: Process '/sbin/ip link set tap42044953-ac txqueuelen 10000' failed with exit code 1.
Jun 26 14:54:48 gtw01 systemd-udevd[28200]: Process '/sbin/ip link set tap42044953-ac txqueuelen 10000' failed with exit code 1.
Jun 26 14:54:48 gtw01 dnsmasq[28128]: read /var/lib/neutron/dhcp/cb4878f7-2df5-477e-a92c-269cf5c4680e/addn_hosts - 3 addresses
Jun 26 14:54:48 gtw01 dnsmasq-dhcp[28128]: read /var/lib/neutron/dhcp/cb4878f7-2df5-477e-a92c-269cf5c4680e/host
Jun 26 14:54:48 gtw01 dnsmasq-dhcp[28128]: read /var/lib/neutron/dhcp/cb4878f7-2df5-477e-a92c-269cf5c4680e/opts
Jun 26 14:54:49 gtw01 dnsmasq[28128]: read /var/lib/neutron/dhcp/cb4878f7-2df5-477e-a92c-269cf5c4680e/addn_hosts - 3 addresses
Jun 26 14:54:49 gtw01 dnsmasq-dhcp[28128]: read /var/lib/neutron/dhcp/cb4878f7-2df5-477e-a92c-269cf5c4680e/host
Jun 26 14:54:49 gtw01 dnsmasq-dhcp[28128]: read /var/lib/neutron/dhcp/cb4878f7-2df5-477e-a92c-269cf5c4680e/opts
Jun 26 14:54:50 gtw01 dnsmasq[28128]: read /var/lib/neutron/dhcp/cb4878f7-2df5-477e-a92c-269cf5c4680e/addn_hosts - 3 addresses
Jun 26 14:54:50 gtw01 dnsmasq-dhcp[28128]: read /var/lib/neutron/dhcp/cb4878f7-2df5-477e-a92c-269cf5c4680e/host
Jun 26 14:54:50 gtw01 dnsmasq-dhcp[28128]: read /var/lib/neutron/dhcp/cb4878f7-2df5-477e-a92c-269cf5c4680e/opts
Jun 26 14:54:51 gtw01 dnsmasq[28385]: started, version 2.80 cachesize 150
Jun 26 14:54:51 gtw01 dnsmasq[28385]: DNS service limited to local subnets
Jun 26 14:54:51 gtw01 dnsmasq[28385]: compile time options: IPv6 GNU-getopt DBus i18n IDN DHCP DHCPv6 no-Lua TFTP conntrack ipset auth DNSSEC loop-detect inotify dumpfile
Jun 26 14:54:51 gtw01 dnsmasq[28385]: warning: no upstream servers configured
Jun 26 14:54:51 gtw01 dnsmasq-dhcp[28385]: DHCPv6, static leases only on 2003::, lease time 1h
Jun 26 14:54:51 gtw01 dnsmasq[28385]: read /var/lib/neutron/dhcp/2c21abf2-fdfc-4b42-a5ba-16a7a985f447/addn_hosts - 1 addresses
Jun 26 14:54:51 gtw01 dnsmasq-dhcp[28385]: read /var/lib/neutron/dhcp/2c21abf2-fdfc-4b42-a5ba-16a7a985f447/host
Jun 26 14:54:51 gtw01 dnsmasq-dhcp[28385]: read /var/lib/neutron/dhcp/2c21abf2-fdfc-4b42-a5ba-16a7a985f447/opts
Jun 26 14:54:52 gtw01 dnsmasq[28385]: read /var/lib/neutron/dhcp/2c21abf2-fdfc-4b42-a5ba-16a7a985f447/addn_hosts - 1 addresses
Jun 26 14:54:52 gtw01 dnsmasq-dhcp[28385]: read /var/lib/neutron/dhcp/2c21abf2-fdfc-4b42-a5ba-16a7a985f447/host
Jun 26 14:54:52 gtw01 dnsmasq-dhcp[28385]: read /var/lib/neutron/dhcp/2c21abf2-fdfc-4b42-a5ba-16a7a985f447/opts
Jun 26 14:54:53 gtw01 dnsmasq[28385]: read /var/lib/neutron/dhcp/2c21abf2-fdfc-4b42-a5ba-16a7a985f447/addn_hosts - 1 addresses
Jun 26 14:54:53 gtw01 dnsmasq-dhcp[28385]: read /var/lib/neutron/dhcp/2c21abf2-fdfc-4b42-a5ba-16a7a985f447/host
Jun 26 14:54:53 gtw01 dnsmasq-dhcp[28385]: read /var/lib/neutron/dhcp/2c21abf2-fdfc-4b42-a5ba-16a7a985f447/opts
Jun 26 14:54:54 gtw01 kernel: [ 3766.790970] device tap42044953-ac left promiscuous mode
Jun 26 14:54:59 gtw01 dnsmasq[27780]: read /var/lib/neutron/dhcp/bc0992d4-df42-45bc-989b-dafb03bbf6eb/addn_hosts - 2 addresses
Jun 26 14:54:59 gtw01 dnsmasq-dhcp[27780]: read /var/lib/neutron/dhcp/bc0992d4-df42-45bc-989b-dafb03bbf6eb/host
Jun 26 14:54:59 gtw01 dnsmasq-dhcp[27780]: read /var/lib/neutron/dhcp/bc0992d4-df42-45bc-989b-dafb03bbf6eb/opts
Jun 26 14:55:04 gtw01 dnsmasq[28128]: read /var/lib/neutron/dhcp/cb4878f7-2df5-477e-a92c-269cf5c4680e/addn_hosts - 2 addresses
Jun 26 14:55:04 gtw01 dnsmasq-dhcp[28128]: read /var/lib/neutron/dhcp/cb4878f7-2df5-477e-a92c-269cf5c4680e/host
Jun 26 14:55:04 gtw01 dnsmasq-dhcp[28128]: read /var/lib/neutron/dhcp/cb4878f7-2df5-477e-a92c-269cf5c4680e/opts
Jun 26 14:55:08 gtw01 dnsmasq[27780]: read /var/lib/neutron/dhcp/bc0992d4-df42-45bc-989b-dafb03bbf6eb/addn_hosts - 1 addresses
Jun 26 14:55:08 gtw01 dnsmasq-dhcp[27780]: read /var/lib/neutron/dhcp/bc0992d4-df42-45bc-989b-dafb03bbf6eb/host
Jun 26 14:55:08 gtw01 dnsmasq-dhcp[27780]: read /var/lib/neutron/dhcp/bc0992d4-df42-45bc-989b-dafb03bbf6eb/opts
Jun 26 14:55:09 gtw01 dnsmasq[28128]: read /var/lib/neutron/dhcp/cb4878f7-2df5-477e-a92c-269cf5c4680e/addn_hosts - 1 addresses
Jun 26 14:55:09 gtw01 dnsmasq-dhcp[28128]: read /var/lib/neutron/dhcp/cb4878f7-2df5-477e-a92c-269cf5c4680e/host
Jun 26 14:55:09 gtw01 dnsmasq-dhcp[28128]: read /var/lib/neutron/dhcp/cb4878f7-2df5-477e-a92c-269cf5c4680e/opts
Jun 26 14:55:12 gtw01 kernel: [ 3784.714218] device tap5f51736c-aa left promiscuous mode
Jun 26 14:55:14 gtw01 kernel: [ 3786.665983] device tapdb7a3abe-fa left promiscuous mode
Jun 26 14:55:18 gtw01 systemd-udevd[28527]: Could not generate persistent MAC address for tapebf4e578-10: No such file or directory
Jun 26 14:55:18 gtw01 kernel: [ 3791.222614] device tapebf4e578-10 entered promiscuous mode
Jun 26 14:55:18 gtw01 systemd-udevd[28527]: Process '/sbin/ip link set tapebf4e578-10 txqueuelen 10000' failed with exit code 1.
Jun 26 14:55:18 gtw01 systemd-udevd[28527]: Process '/sbin/ip link set tapebf4e578-10 txqueuelen 10000' failed with exit code 1.
Jun 26 14:55:21 gtw01 dnsmasq[28661]: started, version 2.80 cachesize 150
Jun 26 14:55:21 gtw01 dnsmasq[28661]: DNS service limited to local subnets
Jun 26 14:55:21 gtw01 dnsmasq[28661]: compile time options: IPv6 GNU-getopt DBus i18n IDN DHCP DHCPv6 no-Lua TFTP conntrack ipset auth DNSSEC loop-detect inotify dumpfile
Jun 26 14:55:21 gtw01 dnsmasq[28661]: warning: no upstream servers configured
Jun 26 14:55:21 gtw01 dnsmasq-dhcp[28661]: DHCP, static leases only on 192.168.120.0, lease time 1h
Jun 26 14:55:21 gtw01 dnsmasq[28661]: read /var/lib/neutron/dhcp/f19cd58f-a95d-4599-ad3b-02fa99455529/addn_hosts - 1 addresses
Jun 26 14:55:21 gtw01 dnsmasq-dhcp[28661]: read /var/lib/neutron/dhcp/f19cd58f-a95d-4599-ad3b-02fa99455529/host
Jun 26 14:55:21 gtw01 dnsmasq-dhcp[28661]: read /var/lib/neutron/dhcp/f19cd58f-a95d-4599-ad3b-02fa99455529/opts
Jun 26 14:55:22 gtw01 haproxy-metadata-proxy-f19cd58f-a95d-4599-ad3b-02fa99455529[28665]: Proxy listener started.
Jun 26 14:55:22 gtw01 kernel: [ 3795.544504] device tapd98933ae-0f entered promiscuous mode
Jun 26 14:55:23 gtw01 systemd-udevd[28692]: Could not generate persistent MAC address for tapd98933ae-0f: No such file or directory
Jun 26 14:55:23 gtw01 systemd-udevd[28692]: Process '/sbin/ip link set tapd98933ae-0f txqueuelen 10000' failed with exit code 1.
Jun 26 14:55:23 gtw01 dnsmasq[28661]: read /var/lib/neutron/dhcp/f19cd58f-a95d-4599-ad3b-02fa99455529/addn_hosts - 3 addresses
Jun 26 14:55:23 gtw01 dnsmasq-dhcp[28661]: read /var/lib/neutron/dhcp/f19cd58f-a95d-4599-ad3b-02fa99455529/host
Jun 26 14:55:23 gtw01 dnsmasq-dhcp[28661]: read /var/lib/neutron/dhcp/f19cd58f-a95d-4599-ad3b-02fa99455529/opts
Jun 26 14:55:24 gtw01 dnsmasq[28661]: read /var/lib/neutron/dhcp/f19cd58f-a95d-4599-ad3b-02fa99455529/addn_hosts - 3 addresses
Jun 26 14:55:24 gtw01 dnsmasq-dhcp[28661]: read /var/lib/neutron/dhcp/f19cd58f-a95d-4599-ad3b-02fa99455529/host
Jun 26 14:55:24 gtw01 dnsmasq-dhcp[28661]: read /var/lib/neutron/dhcp/f19cd58f-a95d-4599-ad3b-02fa99455529/opts
Jun 26 14:55:25 gtw01 kernel: [ 3797.754903] device tapd445b8a5-bc entered promiscuous mode
Jun 26 14:55:25 gtw01 systemd-udevd[28844]: Could not generate persistent MAC address for tapd445b8a5-bc: No such file or directory
Jun 26 14:55:25 gtw01 systemd-udevd[28844]: Process '/sbin/ip link set tapd445b8a5-bc txqueuelen 10000' failed with exit code 1.
Jun 26 14:55:25 gtw01 systemd-udevd[28844]: Process '/sbin/ip link set tapd445b8a5-bc txqueuelen 10000' failed with exit code 1.
Jun 26 14:55:25 gtw01 dnsmasq[28661]: read /var/lib/neutron/dhcp/f19cd58f-a95d-4599-ad3b-02fa99455529/addn_hosts - 3 addresses
Jun 26 14:55:25 gtw01 dnsmasq-dhcp[28661]: read /var/lib/neutron/dhcp/f19cd58f-a95d-4599-ad3b-02fa99455529/host
Jun 26 14:55:25 gtw01 dnsmasq-dhcp[28661]: read /var/lib/neutron/dhcp/f19cd58f-a95d-4599-ad3b-02fa99455529/opts
Jun 26 14:55:27 gtw01 kernel: [ 3799.882191] device tap2511714d-0e entered promiscuous mode
Jun 26 14:55:27 gtw01 systemd-udevd[29009]: Could not generate persistent MAC address for tap2511714d-0e: No such file or directory
Jun 26 14:55:27 gtw01 systemd-udevd[29009]: Process '/sbin/ip link set tap2511714d-0e txqueuelen 10000' failed with exit code 1.
Jun 26 14:55:27 gtw01 systemd-udevd[29009]: Process '/sbin/ip link set tap2511714d-0e txqueuelen 10000' failed with exit code 1.
Jun 26 14:55:27 gtw01 dnsmasq[28661]: read /var/lib/neutron/dhcp/f19cd58f-a95d-4599-ad3b-02fa99455529/addn_hosts - 3 addresses
Jun 26 14:55:27 gtw01 dnsmasq-dhcp[28661]: read /var/lib/neutron/dhcp/f19cd58f-a95d-4599-ad3b-02fa99455529/host
Jun 26 14:55:27 gtw01 dnsmasq-dhcp[28661]: read /var/lib/neutron/dhcp/f19cd58f-a95d-4599-ad3b-02fa99455529/opts
Jun 26 14:55:27 gtw01 dnsmasq[29115]: started, version 2.80 cachesize 150
Jun 26 14:55:27 gtw01 dnsmasq[29115]: DNS service limited to local subnets
Jun 26 14:55:27 gtw01 dnsmasq[29115]: compile time options: IPv6 GNU-getopt DBus i18n IDN DHCP DHCPv6 no-Lua TFTP conntrack ipset auth DNSSEC loop-detect inotify dumpfile
Jun 26 14:55:27 gtw01 dnsmasq[29115]: warning: no upstream servers configured
Jun 26 14:55:27 gtw01 dnsmasq-dhcp[29115]: DHCP, static leases only on 192.168.120.0, lease time 1h
Jun 26 14:55:27 gtw01 dnsmasq[29115]: read /var/lib/neutron/dhcp/00dd1884-8245-4291-9729-aa3a18d9cf6d/addn_hosts - 1 addresses
Jun 26 14:55:27 gtw01 dnsmasq-dhcp[29115]: read /var/lib/neutron/dhcp/00dd1884-8245-4291-9729-aa3a18d9cf6d/host
Jun 26 14:55:27 gtw01 dnsmasq-dhcp[29115]: read /var/lib/neutron/dhcp/00dd1884-8245-4291-9729-aa3a18d9cf6d/opts
Jun 26 14:55:28 gtw01 haproxy-metadata-proxy-00dd1884-8245-4291-9729-aa3a18d9cf6d[29134]: Proxy listener started.
Jun 26 14:55:29 gtw01 dnsmasq[28661]: read /var/lib/neutron/dhcp/f19cd58f-a95d-4599-ad3b-02fa99455529/addn_hosts - 3 addresses
Jun 26 14:55:29 gtw01 dnsmasq-dhcp[28661]: read /var/lib/neutron/dhcp/f19cd58f-a95d-4599-ad3b-02fa99455529/host
Jun 26 14:55:29 gtw01 dnsmasq-dhcp[28661]: read /var/lib/neutron/dhcp/f19cd58f-a95d-4599-ad3b-02fa99455529/opts
Jun 26 14:55:29 gtw01 kernel: [ 3802.462296] device tap0191e26e-d9 entered promiscuous mode
Jun 26 14:55:30 gtw01 systemd-udevd[29193]: Process '/sbin/ip link set tap0191e26e-d9 txqueuelen 10000' failed with exit code 1.
Jun 26 14:55:30 gtw01 systemd-udevd[29193]: Process '/sbin/ip link set tap0191e26e-d9 txqueuelen 10000' failed with exit code 1.
Jun 26 14:55:30 gtw01 dnsmasq[29115]: read /var/lib/neutron/dhcp/00dd1884-8245-4291-9729-aa3a18d9cf6d/addn_hosts - 1 addresses
Jun 26 14:55:30 gtw01 dnsmasq-dhcp[29115]: read /var/lib/neutron/dhcp/00dd1884-8245-4291-9729-aa3a18d9cf6d/host
Jun 26 14:55:30 gtw01 dnsmasq-dhcp[29115]: read /var/lib/neutron/dhcp/00dd1884-8245-4291-9729-aa3a18d9cf6d/opts
Jun 26 14:55:31 gtw01 kernel: [ 3804.546443] device tapc3db6899-ee entered promiscuous mode
Jun 26 14:55:31 gtw01 systemd-udevd[29358]: Could not generate persistent MAC address for tapc3db6899-ee: No such file or directory
Jun 26 14:55:32 gtw01 dnsmasq[29380]: started, version 2.80 cachesize 150
Jun 26 14:55:32 gtw01 dnsmasq[29380]: DNS service limited to local subnets
Jun 26 14:55:32 gtw01 dnsmasq[29380]: compile time options: IPv6 GNU-getopt DBus i18n IDN DHCP DHCPv6 no-Lua TFTP conntrack ipset auth DNSSEC loop-detect inotify dumpfile
Jun 26 14:55:32 gtw01 dnsmasq[29380]: warning: no upstream servers configured
Jun 26 14:55:32 gtw01 dnsmasq-dhcp[29380]: DHCP, static leases only on 192.168.120.16, lease time 1h
Jun 26 14:55:32 gtw01 dnsmasq[29380]: read /var/lib/neutron/dhcp/8f368cdd-0ad7-4414-b61c-206f70281175/addn_hosts - 1 addresses
Jun 26 14:55:32 gtw01 dnsmasq-dhcp[29380]: read /var/lib/neutron/dhcp/8f368cdd-0ad7-4414-b61c-206f70281175/host
Jun 26 14:55:32 gtw01 dnsmasq-dhcp[29380]: read /var/lib/neutron/dhcp/8f368cdd-0ad7-4414-b61c-206f70281175/opts
Jun 26 14:55:32 gtw01 systemd-udevd[29358]: Process '/sbin/ip link set tapc3db6899-ee txqueuelen 10000' failed with exit code 1.
Jun 26 14:55:32 gtw01 systemd-udevd[29441]: Process '/sbin/ip link set tapc3db6899-ee txqueuelen 10000' failed with exit code 1.
Jun 26 14:55:32 gtw01 dnsmasq[28661]: read /var/lib/neutron/dhcp/f19cd58f-a95d-4599-ad3b-02fa99455529/addn_hosts - 4 addresses
Jun 26 14:55:32 gtw01 dnsmasq-dhcp[28661]: read /var/lib/neutron/dhcp/f19cd58f-a95d-4599-ad3b-02fa99455529/host
Jun 26 14:55:32 gtw01 dnsmasq-dhcp[28661]: read /var/lib/neutron/dhcp/f19cd58f-a95d-4599-ad3b-02fa99455529/opts
Jun 26 14:55:32 gtw01 haproxy-metadata-proxy-8f368cdd-0ad7-4414-b61c-206f70281175[29467]: Proxy listener started.
Jun 26 14:55:33 gtw01 dnsmasq[28661]: read /var/lib/neutron/dhcp/f19cd58f-a95d-4599-ad3b-02fa99455529/addn_hosts - 4 addresses
Jun 26 14:55:33 gtw01 dnsmasq-dhcp[28661]: read /var/lib/neutron/dhcp/f19cd58f-a95d-4599-ad3b-02fa99455529/host
Jun 26 14:55:33 gtw01 dnsmasq-dhcp[28661]: read /var/lib/neutron/dhcp/f19cd58f-a95d-4599-ad3b-02fa99455529/opts
Jun 26 14:55:34 gtw01 dnsmasq[29530]: started, version 2.80 cachesize 150
Jun 26 14:55:34 gtw01 dnsmasq[29530]: DNS service limited to local subnets
Jun 26 14:55:34 gtw01 dnsmasq[29530]: compile time options: IPv6 GNU-getopt DBus i18n IDN DHCP DHCPv6 no-Lua TFTP conntrack ipset auth DNSSEC loop-detect inotify dumpfile
Jun 26 14:55:34 gtw01 dnsmasq[29530]: warning: no upstream servers configured
Jun 26 14:55:34 gtw01 dnsmasq-dhcp[29530]: DHCP, static leases only on 192.168.120.32, lease time 1h
Jun 26 14:55:34 gtw01 dnsmasq[29530]: read /var/lib/neutron/dhcp/beef01ba-b25e-401c-95ad-f4631a45a163/addn_hosts - 1 addresses
Jun 26 14:55:34 gtw01 dnsmasq-dhcp[29530]: read /var/lib/neutron/dhcp/beef01ba-b25e-401c-95ad-f4631a45a163/host
Jun 26 14:55:34 gtw01 dnsmasq-dhcp[29530]: read /var/lib/neutron/dhcp/beef01ba-b25e-401c-95ad-f4631a45a163/opts
Jun 26 14:55:34 gtw01 haproxy-metadata-proxy-beef01ba-b25e-401c-95ad-f4631a45a163[29546]: Proxy listener started.
Jun 26 14:55:34 gtw01 kernel: [ 3807.530342] device tapd98933ae-0f left promiscuous mode
Jun 26 14:55:35 gtw01 dnsmasq[29591]: started, version 2.80 cachesize 150
Jun 26 14:55:35 gtw01 dnsmasq[29591]: DNS service limited to local subnets
Jun 26 14:55:35 gtw01 dnsmasq[29591]: compile time options: IPv6 GNU-getopt DBus i18n IDN DHCP DHCPv6 no-Lua TFTP conntrack ipset auth DNSSEC loop-detect inotify dumpfile
Jun 26 14:55:35 gtw01 dnsmasq[29591]: warning: no upstream servers configured
Jun 26 14:55:35 gtw01 dnsmasq-dhcp[29591]: DHCP, static leases only on 192.168.120.48, lease time 1h
Jun 26 14:55:35 gtw01 dnsmasq[29591]: read /var/lib/neutron/dhcp/7184b770-7453-403c-a834-034438a9311f/addn_hosts - 1 addresses
Jun 26 14:55:35 gtw01 dnsmasq-dhcp[29591]: read /var/lib/neutron/dhcp/7184b770-7453-403c-a834-034438a9311f/host
Jun 26 14:55:35 gtw01 dnsmasq-dhcp[29591]: read /var/lib/neutron/dhcp/7184b770-7453-403c-a834-034438a9311f/opts
Jun 26 14:55:35 gtw01 haproxy-metadata-proxy-7184b770-7453-403c-a834-034438a9311f[29599]: Proxy listener started.
Jun 26 14:55:36 gtw01 dnsmasq[29611]: started, version 2.80 cachesize 150
Jun 26 14:55:36 gtw01 dnsmasq[29611]: DNS service limited to local subnets
Jun 26 14:55:36 gtw01 dnsmasq[29611]: compile time options: IPv6 GNU-getopt DBus i18n IDN DHCP DHCPv6 no-Lua TFTP conntrack ipset auth DNSSEC loop-detect inotify dumpfile
Jun 26 14:55:36 gtw01 dnsmasq[29611]: warning: no upstream servers configured
Jun 26 14:55:36 gtw01 dnsmasq-dhcp[29611]: DHCP, static leases only on 192.168.120.64, lease time 1h
Jun 26 14:55:36 gtw01 dnsmasq[29611]: read /var/lib/neutron/dhcp/b19f5924-fc62-4b75-beba-ca257ebcfc6e/addn_hosts - 1 addresses
Jun 26 14:55:36 gtw01 dnsmasq-dhcp[29611]: read /var/lib/neutron/dhcp/b19f5924-fc62-4b75-beba-ca257ebcfc6e/host
Jun 26 14:55:36 gtw01 dnsmasq-dhcp[29611]: read /var/lib/neutron/dhcp/b19f5924-fc62-4b75-beba-ca257ebcfc6e/opts
Jun 26 14:55:36 gtw01 haproxy-metadata-proxy-b19f5924-fc62-4b75-beba-ca257ebcfc6e[29615]: Proxy listener started.
Jun 26 14:55:40 gtw01 dnsmasq[29380]: read /var/lib/neutron/dhcp/8f368cdd-0ad7-4414-b61c-206f70281175/addn_hosts - 1 addresses
Jun 26 14:55:40 gtw01 dnsmasq-dhcp[29380]: read /var/lib/neutron/dhcp/8f368cdd-0ad7-4414-b61c-206f70281175/host
Jun 26 14:55:40 gtw01 dnsmasq-dhcp[29380]: read /var/lib/neutron/dhcp/8f368cdd-0ad7-4414-b61c-206f70281175/opts
Jun 26 14:55:41 gtw01 dnsmasq[29380]: read /var/lib/neutron/dhcp/8f368cdd-0ad7-4414-b61c-206f70281175/addn_hosts - 1 addresses
Jun 26 14:55:41 gtw01 dnsmasq-dhcp[29380]: read /var/lib/neutron/dhcp/8f368cdd-0ad7-4414-b61c-206f70281175/host
Jun 26 14:55:41 gtw01 dnsmasq-dhcp[29380]: read /var/lib/neutron/dhcp/8f368cdd-0ad7-4414-b61c-206f70281175/opts
Jun 26 14:55:42 gtw01 dnsmasq[29380]: read /var/lib/neutron/dhcp/8f368cdd-0ad7-4414-b61c-206f70281175/addn_hosts - 1 addresses
Jun 26 14:55:42 gtw01 dnsmasq-dhcp[29380]: read /var/lib/neutron/dhcp/8f368cdd-0ad7-4414-b61c-206f70281175/host
Jun 26 14:55:42 gtw01 dnsmasq-dhcp[29380]: read /var/lib/neutron/dhcp/8f368cdd-0ad7-4414-b61c-206f70281175/opts
Jun 26 14:55:42 gtw01 dnsmasq[29611]: read /var/lib/neutron/dhcp/b19f5924-fc62-4b75-beba-ca257ebcfc6e/addn_hosts - 1 addresses
Jun 26 14:55:42 gtw01 dnsmasq-dhcp[29611]: read /var/lib/neutron/dhcp/b19f5924-fc62-4b75-beba-ca257ebcfc6e/host
Jun 26 14:55:42 gtw01 dnsmasq-dhcp[29611]: read /var/lib/neutron/dhcp/b19f5924-fc62-4b75-beba-ca257ebcfc6e/opts
Jun 26 14:55:42 gtw01 dnsmasq[29530]: read /var/lib/neutron/dhcp/beef01ba-b25e-401c-95ad-f4631a45a163/addn_hosts - 1 addresses
Jun 26 14:55:42 gtw01 dnsmasq-dhcp[29530]: read /var/lib/neutron/dhcp/beef01ba-b25e-401c-95ad-f4631a45a163/host
Jun 26 14:55:42 gtw01 dnsmasq-dhcp[29530]: read /var/lib/neutron/dhcp/beef01ba-b25e-401c-95ad-f4631a45a163/opts
Jun 26 14:55:43 gtw01 dnsmasq[29530]: read /var/lib/neutron/dhcp/beef01ba-b25e-401c-95ad-f4631a45a163/addn_hosts - 1 addresses
Jun 26 14:55:43 gtw01 dnsmasq-dhcp[29530]: read /var/lib/neutron/dhcp/beef01ba-b25e-401c-95ad-f4631a45a163/host
Jun 26 14:55:43 gtw01 dnsmasq-dhcp[29530]: read /var/lib/neutron/dhcp/beef01ba-b25e-401c-95ad-f4631a45a163/opts
Jun 26 14:55:43 gtw01 dnsmasq[29611]: read /var/lib/neutron/dhcp/b19f5924-fc62-4b75-beba-ca257ebcfc6e/addn_hosts - 1 addresses
Jun 26 14:55:43 gtw01 dnsmasq-dhcp[29611]: read /var/lib/neutron/dhcp/b19f5924-fc62-4b75-beba-ca257ebcfc6e/host
Jun 26 14:55:43 gtw01 dnsmasq-dhcp[29611]: read /var/lib/neutron/dhcp/b19f5924-fc62-4b75-beba-ca257ebcfc6e/opts
Jun 26 14:55:44 gtw01 dnsmasq[29591]: read /var/lib/neutron/dhcp/7184b770-7453-403c-a834-034438a9311f/addn_hosts - 1 addresses
Jun 26 14:55:44 gtw01 dnsmasq-dhcp[29591]: read /var/lib/neutron/dhcp/7184b770-7453-403c-a834-034438a9311f/host
Jun 26 14:55:44 gtw01 dnsmasq-dhcp[29591]: read /var/lib/neutron/dhcp/7184b770-7453-403c-a834-034438a9311f/opts
Jun 26 14:55:45 gtw01 kernel: [ 3817.850563] device tapd445b8a5-bc left promiscuous mode
Jun 26 14:55:45 gtw01 dnsmasq[29530]: read /var/lib/neutron/dhcp/beef01ba-b25e-401c-95ad-f4631a45a163/addn_hosts - 1 addresses
Jun 26 14:55:45 gtw01 dnsmasq-dhcp[29530]: read /var/lib/neutron/dhcp/beef01ba-b25e-401c-95ad-f4631a45a163/host
Jun 26 14:55:45 gtw01 dnsmasq-dhcp[29530]: read /var/lib/neutron/dhcp/beef01ba-b25e-401c-95ad-f4631a45a163/opts
Jun 26 14:55:45 gtw01 dnsmasq[29611]: read /var/lib/neutron/dhcp/b19f5924-fc62-4b75-beba-ca257ebcfc6e/addn_hosts - 1 addresses
Jun 26 14:55:45 gtw01 dnsmasq-dhcp[29611]: read /var/lib/neutron/dhcp/b19f5924-fc62-4b75-beba-ca257ebcfc6e/host
Jun 26 14:55:45 gtw01 dnsmasq-dhcp[29611]: read /var/lib/neutron/dhcp/b19f5924-fc62-4b75-beba-ca257ebcfc6e/opts
Jun 26 14:55:46 gtw01 dnsmasq[29591]: read /var/lib/neutron/dhcp/7184b770-7453-403c-a834-034438a9311f/addn_hosts - 1 addresses
Jun 26 14:55:46 gtw01 dnsmasq-dhcp[29591]: read /var/lib/neutron/dhcp/7184b770-7453-403c-a834-034438a9311f/host
Jun 26 14:55:46 gtw01 dnsmasq-dhcp[29591]: read /var/lib/neutron/dhcp/7184b770-7453-403c-a834-034438a9311f/opts
Jun 26 14:55:47 gtw01 kernel: [ 3819.609301] device tap2511714d-0e left promiscuous mode
Jun 26 14:55:47 gtw01 dnsmasq[29591]: read /var/lib/neutron/dhcp/7184b770-7453-403c-a834-034438a9311f/addn_hosts - 1 addresses
Jun 26 14:55:47 gtw01 dnsmasq-dhcp[29591]: read /var/lib/neutron/dhcp/7184b770-7453-403c-a834-034438a9311f/host
Jun 26 14:55:47 gtw01 dnsmasq-dhcp[29591]: read /var/lib/neutron/dhcp/7184b770-7453-403c-a834-034438a9311f/opts
Jun 26 14:55:49 gtw01 kernel: [ 3821.881972] device tap0191e26e-d9 left promiscuous mode
Jun 26 14:55:50 gtw01 kernel: [ 3823.414537] device tapc3db6899-ee left promiscuous mode
Jun 26 14:55:59 gtw01 dnsmasq[28661]: read /var/lib/neutron/dhcp/f19cd58f-a95d-4599-ad3b-02fa99455529/addn_hosts - 3 addresses
Jun 26 14:55:59 gtw01 dnsmasq-dhcp[28661]: read /var/lib/neutron/dhcp/f19cd58f-a95d-4599-ad3b-02fa99455529/host
Jun 26 14:55:59 gtw01 dnsmasq-dhcp[28661]: read /var/lib/neutron/dhcp/f19cd58f-a95d-4599-ad3b-02fa99455529/opts
Jun 26 14:56:03 gtw01 dnsmasq[28661]: read /var/lib/neutron/dhcp/f19cd58f-a95d-4599-ad3b-02fa99455529/addn_hosts - 2 addresses
Jun 26 14:56:03 gtw01 dnsmasq-dhcp[28661]: read /var/lib/neutron/dhcp/f19cd58f-a95d-4599-ad3b-02fa99455529/host
Jun 26 14:56:03 gtw01 dnsmasq-dhcp[28661]: read /var/lib/neutron/dhcp/f19cd58f-a95d-4599-ad3b-02fa99455529/opts
Jun 26 14:56:05 gtw01 dnsmasq[28661]: read /var/lib/neutron/dhcp/f19cd58f-a95d-4599-ad3b-02fa99455529/addn_hosts - 1 addresses
Jun 26 14:56:05 gtw01 dnsmasq-dhcp[28661]: read /var/lib/neutron/dhcp/f19cd58f-a95d-4599-ad3b-02fa99455529/host
Jun 26 14:56:05 gtw01 dnsmasq-dhcp[28661]: read /var/lib/neutron/dhcp/f19cd58f-a95d-4599-ad3b-02fa99455529/opts
Jun 26 14:56:07 gtw01 kernel: [ 3839.888135] device tapebf4e578-10 left promiscuous mode
Jun 26 14:56:15 gtw01 kernel: [ 3848.383443] device tap35a17e5f-f0 entered promiscuous mode
Jun 26 14:56:15 gtw01 systemd-udevd[29924]: Process '/sbin/ip link set tap35a17e5f-f0 txqueuelen 10000' failed with exit code 1.
Jun 26 14:56:15 gtw01 systemd-udevd[29924]: Process '/sbin/ip link set tap35a17e5f-f0 txqueuelen 10000' failed with exit code 1.
Jun 26 14:56:18 gtw01 dnsmasq[30058]: started, version 2.80 cachesize 150
Jun 26 14:56:18 gtw01 dnsmasq[30058]: DNS service limited to local subnets
Jun 26 14:56:18 gtw01 dnsmasq[30058]: compile time options: IPv6 GNU-getopt DBus i18n IDN DHCP DHCPv6 no-Lua TFTP conntrack ipset auth DNSSEC loop-detect inotify dumpfile
Jun 26 14:56:18 gtw01 dnsmasq[30058]: warning: no upstream servers configured
Jun 26 14:56:18 gtw01 dnsmasq-dhcp[30058]: DHCP, static leases only on 192.168.120.0, lease time 1h
Jun 26 14:56:18 gtw01 dnsmasq[30058]: read /var/lib/neutron/dhcp/52d44c8f-8b02-41e3-8966-8420088410f8/addn_hosts - 1 addresses
Jun 26 14:56:18 gtw01 dnsmasq-dhcp[30058]: read /var/lib/neutron/dhcp/52d44c8f-8b02-41e3-8966-8420088410f8/host
Jun 26 14:56:18 gtw01 dnsmasq-dhcp[30058]: read /var/lib/neutron/dhcp/52d44c8f-8b02-41e3-8966-8420088410f8/opts
Jun 26 14:56:19 gtw01 haproxy-metadata-proxy-52d44c8f-8b02-41e3-8966-8420088410f8[30062]: Proxy listener started.
Jun 26 14:56:19 gtw01 dnsmasq[30058]: read /var/lib/neutron/dhcp/52d44c8f-8b02-41e3-8966-8420088410f8/addn_hosts - 5 addresses
Jun 26 14:56:19 gtw01 dnsmasq-dhcp[30058]: read /var/lib/neutron/dhcp/52d44c8f-8b02-41e3-8966-8420088410f8/host
Jun 26 14:56:19 gtw01 dnsmasq-dhcp[30058]: read /var/lib/neutron/dhcp/52d44c8f-8b02-41e3-8966-8420088410f8/opts
Jun 26 14:56:20 gtw01 dnsmasq[30058]: read /var/lib/neutron/dhcp/52d44c8f-8b02-41e3-8966-8420088410f8/addn_hosts - 5 addresses
Jun 26 14:56:20 gtw01 dnsmasq-dhcp[30058]: read /var/lib/neutron/dhcp/52d44c8f-8b02-41e3-8966-8420088410f8/host
Jun 26 14:56:20 gtw01 dnsmasq-dhcp[30058]: read /var/lib/neutron/dhcp/52d44c8f-8b02-41e3-8966-8420088410f8/opts
Jun 26 14:56:21 gtw01 dnsmasq[30058]: read /var/lib/neutron/dhcp/52d44c8f-8b02-41e3-8966-8420088410f8/addn_hosts - 5 addresses
Jun 26 14:56:21 gtw01 dnsmasq-dhcp[30058]: read /var/lib/neutron/dhcp/52d44c8f-8b02-41e3-8966-8420088410f8/host
Jun 26 14:56:21 gtw01 dnsmasq-dhcp[30058]: read /var/lib/neutron/dhcp/52d44c8f-8b02-41e3-8966-8420088410f8/opts
Jun 26 14:56:22 gtw01 dnsmasq[30058]: read /var/lib/neutron/dhcp/52d44c8f-8b02-41e3-8966-8420088410f8/addn_hosts - 5 addresses
Jun 26 14:56:22 gtw01 dnsmasq-dhcp[30058]: read /var/lib/neutron/dhcp/52d44c8f-8b02-41e3-8966-8420088410f8/host
Jun 26 14:56:22 gtw01 dnsmasq-dhcp[30058]: read /var/lib/neutron/dhcp/52d44c8f-8b02-41e3-8966-8420088410f8/opts
Jun 26 14:56:23 gtw01 dnsmasq[30058]: read /var/lib/neutron/dhcp/52d44c8f-8b02-41e3-8966-8420088410f8/addn_hosts - 5 addresses
Jun 26 14:56:23 gtw01 dnsmasq-dhcp[30058]: read /var/lib/neutron/dhcp/52d44c8f-8b02-41e3-8966-8420088410f8/host
Jun 26 14:56:23 gtw01 dnsmasq-dhcp[30058]: read /var/lib/neutron/dhcp/52d44c8f-8b02-41e3-8966-8420088410f8/opts
Jun 26 14:56:24 gtw01 dnsmasq[30058]: read /var/lib/neutron/dhcp/52d44c8f-8b02-41e3-8966-8420088410f8/addn_hosts - 5 addresses
Jun 26 14:56:24 gtw01 dnsmasq-dhcp[30058]: read /var/lib/neutron/dhcp/52d44c8f-8b02-41e3-8966-8420088410f8/host
Jun 26 14:56:24 gtw01 dnsmasq-dhcp[30058]: read /var/lib/neutron/dhcp/52d44c8f-8b02-41e3-8966-8420088410f8/opts
Jun 26 14:56:25 gtw01 dnsmasq[30058]: read /var/lib/neutron/dhcp/52d44c8f-8b02-41e3-8966-8420088410f8/addn_hosts - 6 addresses
Jun 26 14:56:25 gtw01 dnsmasq-dhcp[30058]: read /var/lib/neutron/dhcp/52d44c8f-8b02-41e3-8966-8420088410f8/host
Jun 26 14:56:25 gtw01 dnsmasq-dhcp[30058]: read /var/lib/neutron/dhcp/52d44c8f-8b02-41e3-8966-8420088410f8/opts
Jun 26 14:56:26 gtw01 dnsmasq[30058]: read /var/lib/neutron/dhcp/52d44c8f-8b02-41e3-8966-8420088410f8/addn_hosts - 7 addresses
Jun 26 14:56:26 gtw01 dnsmasq-dhcp[30058]: read /var/lib/neutron/dhcp/52d44c8f-8b02-41e3-8966-8420088410f8/host
Jun 26 14:56:26 gtw01 dnsmasq-dhcp[30058]: read /var/lib/neutron/dhcp/52d44c8f-8b02-41e3-8966-8420088410f8/opts
Jun 26 14:56:27 gtw01 dnsmasq[30058]: read /var/lib/neutron/dhcp/52d44c8f-8b02-41e3-8966-8420088410f8/addn_hosts - 7 addresses
Jun 26 14:56:27 gtw01 dnsmasq-dhcp[30058]: read /var/lib/neutron/dhcp/52d44c8f-8b02-41e3-8966-8420088410f8/host
Jun 26 14:56:27 gtw01 dnsmasq-dhcp[30058]: read /var/lib/neutron/dhcp/52d44c8f-8b02-41e3-8966-8420088410f8/opts
Jun 26 14:56:28 gtw01 dnsmasq[30058]: read /var/lib/neutron/dhcp/52d44c8f-8b02-41e3-8966-8420088410f8/addn_hosts - 7 addresses
Jun 26 14:56:28 gtw01 dnsmasq-dhcp[30058]: read /var/lib/neutron/dhcp/52d44c8f-8b02-41e3-8966-8420088410f8/host
Jun 26 14:56:28 gtw01 dnsmasq-dhcp[30058]: read /var/lib/neutron/dhcp/52d44c8f-8b02-41e3-8966-8420088410f8/opts
Jun 26 14:56:29 gtw01 dnsmasq[30058]: read /var/lib/neutron/dhcp/52d44c8f-8b02-41e3-8966-8420088410f8/addn_hosts - 7 addresses
Jun 26 14:56:29 gtw01 dnsmasq-dhcp[30058]: read /var/lib/neutron/dhcp/52d44c8f-8b02-41e3-8966-8420088410f8/host
Jun 26 14:56:29 gtw01 dnsmasq-dhcp[30058]: read /var/lib/neutron/dhcp/52d44c8f-8b02-41e3-8966-8420088410f8/opts
Jun 26 14:56:29 gtw01 dnsmasq[30058]: read /var/lib/neutron/dhcp/52d44c8f-8b02-41e3-8966-8420088410f8/addn_hosts - 7 addresses
Jun 26 14:56:29 gtw01 dnsmasq-dhcp[30058]: read /var/lib/neutron/dhcp/52d44c8f-8b02-41e3-8966-8420088410f8/host
Jun 26 14:56:29 gtw01 dnsmasq-dhcp[30058]: read /var/lib/neutron/dhcp/52d44c8f-8b02-41e3-8966-8420088410f8/opts
Jun 26 14:56:30 gtw01 dnsmasq[30058]: read /var/lib/neutron/dhcp/52d44c8f-8b02-41e3-8966-8420088410f8/addn_hosts - 6 addresses
Jun 26 14:56:30 gtw01 dnsmasq-dhcp[30058]: read /var/lib/neutron/dhcp/52d44c8f-8b02-41e3-8966-8420088410f8/host
Jun 26 14:56:30 gtw01 dnsmasq-dhcp[30058]: read /var/lib/neutron/dhcp/52d44c8f-8b02-41e3-8966-8420088410f8/opts
Jun 26 14:56:31 gtw01 dnsmasq[30058]: read /var/lib/neutron/dhcp/52d44c8f-8b02-41e3-8966-8420088410f8/addn_hosts - 5 addresses
Jun 26 14:56:31 gtw01 dnsmasq-dhcp[30058]: read /var/lib/neutron/dhcp/52d44c8f-8b02-41e3-8966-8420088410f8/host
Jun 26 14:56:31 gtw01 dnsmasq-dhcp[30058]: read /var/lib/neutron/dhcp/52d44c8f-8b02-41e3-8966-8420088410f8/opts
Jun 26 14:56:33 gtw01 dnsmasq[30058]: read /var/lib/neutron/dhcp/52d44c8f-8b02-41e3-8966-8420088410f8/addn_hosts - 4 addresses
Jun 26 14:56:33 gtw01 dnsmasq-dhcp[30058]: read /var/lib/neutron/dhcp/52d44c8f-8b02-41e3-8966-8420088410f8/host
Jun 26 14:56:33 gtw01 dnsmasq-dhcp[30058]: read /var/lib/neutron/dhcp/52d44c8f-8b02-41e3-8966-8420088410f8/opts
Jun 26 14:56:34 gtw01 kernel: [ 3866.865240] device tapc7d34a28-04 entered promiscuous mode
Jun 26 14:56:34 gtw01 systemd-udevd[30325]: Could not generate persistent MAC address for tapc7d34a28-04: No such file or directory
Jun 26 14:56:34 gtw01 systemd-udevd[30325]: Process '/sbin/ip link set tapc7d34a28-04 txqueuelen 10000' failed with exit code 1.
Jun 26 14:56:34 gtw01 systemd-udevd[30400]: Process '/sbin/ip link set tapc7d34a28-04 txqueuelen 10000' failed with exit code 1.
Jun 26 14:56:36 gtw01 dnsmasq[30058]: read /var/lib/neutron/dhcp/52d44c8f-8b02-41e3-8966-8420088410f8/addn_hosts - 3 addresses
Jun 26 14:56:36 gtw01 dnsmasq-dhcp[30058]: read /var/lib/neutron/dhcp/52d44c8f-8b02-41e3-8966-8420088410f8/host
Jun 26 14:56:36 gtw01 dnsmasq-dhcp[30058]: read /var/lib/neutron/dhcp/52d44c8f-8b02-41e3-8966-8420088410f8/opts
Jun 26 14:56:37 gtw01 dnsmasq[30058]: read /var/lib/neutron/dhcp/52d44c8f-8b02-41e3-8966-8420088410f8/addn_hosts - 2 addresses
Jun 26 14:56:37 gtw01 dnsmasq-dhcp[30058]: read /var/lib/neutron/dhcp/52d44c8f-8b02-41e3-8966-8420088410f8/host
Jun 26 14:56:37 gtw01 dnsmasq-dhcp[30058]: read /var/lib/neutron/dhcp/52d44c8f-8b02-41e3-8966-8420088410f8/opts
Jun 26 14:56:37 gtw01 dnsmasq[30490]: started, version 2.80 cachesize 150
Jun 26 14:56:37 gtw01 dnsmasq[30490]: DNS service limited to local subnets
Jun 26 14:56:37 gtw01 dnsmasq[30490]: compile time options: IPv6 GNU-getopt DBus i18n IDN DHCP DHCPv6 no-Lua TFTP conntrack ipset auth DNSSEC loop-detect inotify dumpfile
Jun 26 14:56:37 gtw01 dnsmasq[30490]: warning: no upstream servers configured
Jun 26 14:56:37 gtw01 dnsmasq-dhcp[30490]: DHCP, static leases only on 192.168.120.0, lease time 1h
Jun 26 14:56:37 gtw01 dnsmasq[30490]: read /var/lib/neutron/dhcp/ce86533c-f1d3-4562-a568-266aaae8b563/addn_hosts - 1 addresses
Jun 26 14:56:37 gtw01 dnsmasq-dhcp[30490]: read /var/lib/neutron/dhcp/ce86533c-f1d3-4562-a568-266aaae8b563/host
Jun 26 14:56:37 gtw01 dnsmasq-dhcp[30490]: read /var/lib/neutron/dhcp/ce86533c-f1d3-4562-a568-266aaae8b563/opts
Jun 26 14:56:37 gtw01 haproxy-metadata-proxy-ce86533c-f1d3-4562-a568-266aaae8b563[30495]: Proxy listener started.
Jun 26 14:56:39 gtw01 dnsmasq[30058]: read /var/lib/neutron/dhcp/52d44c8f-8b02-41e3-8966-8420088410f8/addn_hosts - 1 addresses
Jun 26 14:56:39 gtw01 dnsmasq-dhcp[30058]: read /var/lib/neutron/dhcp/52d44c8f-8b02-41e3-8966-8420088410f8/host
Jun 26 14:56:39 gtw01 dnsmasq-dhcp[30058]: read /var/lib/neutron/dhcp/52d44c8f-8b02-41e3-8966-8420088410f8/opts
Jun 26 14:56:40 gtw01 dnsmasq[30490]: read /var/lib/neutron/dhcp/ce86533c-f1d3-4562-a568-266aaae8b563/addn_hosts - 3 addresses
Jun 26 14:56:40 gtw01 dnsmasq-dhcp[30490]: read /var/lib/neutron/dhcp/ce86533c-f1d3-4562-a568-266aaae8b563/host
Jun 26 14:56:40 gtw01 dnsmasq-dhcp[30490]: read /var/lib/neutron/dhcp/ce86533c-f1d3-4562-a568-266aaae8b563/opts
Jun 26 14:56:43 gtw01 kernel: [ 3876.533403] device tap35a17e5f-f0 left promiscuous mode
Jun 26 14:56:45 gtw01 dnsmasq[30490]: read /var/lib/neutron/dhcp/ce86533c-f1d3-4562-a568-266aaae8b563/addn_hosts - 3 addresses
Jun 26 14:56:45 gtw01 dnsmasq-dhcp[30490]: read /var/lib/neutron/dhcp/ce86533c-f1d3-4562-a568-266aaae8b563/host
Jun 26 14:56:45 gtw01 dnsmasq-dhcp[30490]: read /var/lib/neutron/dhcp/ce86533c-f1d3-4562-a568-266aaae8b563/opts
Jun 26 14:56:46 gtw01 dnsmasq[30490]: read /var/lib/neutron/dhcp/ce86533c-f1d3-4562-a568-266aaae8b563/addn_hosts - 3 addresses
Jun 26 14:56:46 gtw01 dnsmasq-dhcp[30490]: read /var/lib/neutron/dhcp/ce86533c-f1d3-4562-a568-266aaae8b563/host
Jun 26 14:56:46 gtw01 dnsmasq-dhcp[30490]: read /var/lib/neutron/dhcp/ce86533c-f1d3-4562-a568-266aaae8b563/opts
Jun 26 14:56:47 gtw01 dnsmasq[30490]: read /var/lib/neutron/dhcp/ce86533c-f1d3-4562-a568-266aaae8b563/addn_hosts - 2 addresses
Jun 26 14:56:47 gtw01 dnsmasq-dhcp[30490]: read /var/lib/neutron/dhcp/ce86533c-f1d3-4562-a568-266aaae8b563/host
Jun 26 14:56:47 gtw01 dnsmasq-dhcp[30490]: read /var/lib/neutron/dhcp/ce86533c-f1d3-4562-a568-266aaae8b563/opts
Jun 26 14:56:48 gtw01 dnsmasq[30490]: read /var/lib/neutron/dhcp/ce86533c-f1d3-4562-a568-266aaae8b563/addn_hosts - 2 addresses
Jun 26 14:56:48 gtw01 dnsmasq-dhcp[30490]: read /var/lib/neutron/dhcp/ce86533c-f1d3-4562-a568-266aaae8b563/host
Jun 26 14:56:48 gtw01 dnsmasq-dhcp[30490]: read /var/lib/neutron/dhcp/ce86533c-f1d3-4562-a568-266aaae8b563/opts
Jun 26 14:56:49 gtw01 dnsmasq[30490]: read /var/lib/neutron/dhcp/ce86533c-f1d3-4562-a568-266aaae8b563/addn_hosts - 3 addresses
Jun 26 14:56:49 gtw01 dnsmasq-dhcp[30490]: read /var/lib/neutron/dhcp/ce86533c-f1d3-4562-a568-266aaae8b563/host
Jun 26 14:56:49 gtw01 dnsmasq-dhcp[30490]: read /var/lib/neutron/dhcp/ce86533c-f1d3-4562-a568-266aaae8b563/opts
Jun 26 14:56:50 gtw01 dnsmasq[30490]: read /var/lib/neutron/dhcp/ce86533c-f1d3-4562-a568-266aaae8b563/addn_hosts - 4 addresses
Jun 26 14:56:50 gtw01 dnsmasq-dhcp[30490]: read /var/lib/neutron/dhcp/ce86533c-f1d3-4562-a568-266aaae8b563/host
Jun 26 14:56:50 gtw01 dnsmasq-dhcp[30490]: read /var/lib/neutron/dhcp/ce86533c-f1d3-4562-a568-266aaae8b563/opts
Jun 26 14:56:58 gtw01 dnsmasq[30682]: started, version 2.80 cachesize 150
Jun 26 14:56:58 gtw01 dnsmasq[30682]: DNS service limited to local subnets
Jun 26 14:56:58 gtw01 dnsmasq[30682]: compile time options: IPv6 GNU-getopt DBus i18n IDN DHCP DHCPv6 no-Lua TFTP conntrack ipset auth DNSSEC loop-detect inotify dumpfile
Jun 26 14:56:58 gtw01 dnsmasq[30682]: warning: no upstream servers configured
Jun 26 14:56:58 gtw01 dnsmasq-dhcp[30682]: DHCP, static leases only on 192.168.120.16, lease time 1h
Jun 26 14:56:58 gtw01 dnsmasq-dhcp[30682]: DHCP, static leases only on 192.168.120.0, lease time 1h
Jun 26 14:56:58 gtw01 dnsmasq[30682]: read /var/lib/neutron/dhcp/ce86533c-f1d3-4562-a568-266aaae8b563/addn_hosts - 5 addresses
Jun 26 14:56:58 gtw01 dnsmasq-dhcp[30682]: read /var/lib/neutron/dhcp/ce86533c-f1d3-4562-a568-266aaae8b563/host
Jun 26 14:56:58 gtw01 dnsmasq-dhcp[30682]: read /var/lib/neutron/dhcp/ce86533c-f1d3-4562-a568-266aaae8b563/opts
Jun 26 14:56:58 gtw01 dnsmasq[30682]: read /var/lib/neutron/dhcp/ce86533c-f1d3-4562-a568-266aaae8b563/addn_hosts - 6 addresses
Jun 26 14:56:58 gtw01 dnsmasq-dhcp[30682]: read /var/lib/neutron/dhcp/ce86533c-f1d3-4562-a568-266aaae8b563/host
Jun 26 14:56:58 gtw01 dnsmasq-dhcp[30682]: read /var/lib/neutron/dhcp/ce86533c-f1d3-4562-a568-266aaae8b563/opts
Jun 26 14:56:59 gtw01 kernel: [ 3891.931582] device tapae802627-7b entered promiscuous mode
Jun 26 14:56:59 gtw01 systemd-udevd[30717]: Could not generate persistent MAC address for tapae802627-7b: No such file or directory
Jun 26 14:56:59 gtw01 systemd-udevd[30717]: Process '/sbin/ip link set tapae802627-7b txqueuelen 10000' failed with exit code 1.
Jun 26 14:56:59 gtw01 systemd-udevd[30717]: Process '/sbin/ip link set tapae802627-7b txqueuelen 10000' failed with exit code 1.
Jun 26 14:57:00 gtw01 dnsmasq[30682]: read /var/lib/neutron/dhcp/ce86533c-f1d3-4562-a568-266aaae8b563/addn_hosts - 7 addresses
Jun 26 14:57:00 gtw01 dnsmasq-dhcp[30682]: read /var/lib/neutron/dhcp/ce86533c-f1d3-4562-a568-266aaae8b563/host
Jun 26 14:57:00 gtw01 dnsmasq-dhcp[30682]: read /var/lib/neutron/dhcp/ce86533c-f1d3-4562-a568-266aaae8b563/opts
Jun 26 14:57:01 gtw01 dnsmasq[30682]: read /var/lib/neutron/dhcp/ce86533c-f1d3-4562-a568-266aaae8b563/addn_hosts - 7 addresses
Jun 26 14:57:01 gtw01 dnsmasq-dhcp[30682]: read /var/lib/neutron/dhcp/ce86533c-f1d3-4562-a568-266aaae8b563/host
Jun 26 14:57:01 gtw01 dnsmasq-dhcp[30682]: read /var/lib/neutron/dhcp/ce86533c-f1d3-4562-a568-266aaae8b563/opts
Jun 26 14:57:02 gtw01 dnsmasq[30682]: read /var/lib/neutron/dhcp/ce86533c-f1d3-4562-a568-266aaae8b563/addn_hosts - 7 addresses
Jun 26 14:57:02 gtw01 dnsmasq-dhcp[30682]: read /var/lib/neutron/dhcp/ce86533c-f1d3-4562-a568-266aaae8b563/host
Jun 26 14:57:02 gtw01 dnsmasq-dhcp[30682]: read /var/lib/neutron/dhcp/ce86533c-f1d3-4562-a568-266aaae8b563/opts
Jun 26 14:57:02 gtw01 dnsmasq[30922]: started, version 2.80 cachesize 150
Jun 26 14:57:02 gtw01 dnsmasq[30922]: DNS service limited to local subnets
Jun 26 14:57:02 gtw01 dnsmasq[30922]: compile time options: IPv6 GNU-getopt DBus i18n IDN DHCP DHCPv6 no-Lua TFTP conntrack ipset auth DNSSEC loop-detect inotify dumpfile
Jun 26 14:57:02 gtw01 dnsmasq[30922]: warning: no upstream servers configured
Jun 26 14:57:02 gtw01 dnsmasq-dhcp[30922]: DHCPv6, static leases only on 2003::, lease time 1h
Jun 26 14:57:02 gtw01 dnsmasq[30922]: read /var/lib/neutron/dhcp/e29b017f-0aab-40e4-9350-41a2a0a24839/addn_hosts - 1 addresses
Jun 26 14:57:02 gtw01 dnsmasq-dhcp[30922]: read /var/lib/neutron/dhcp/e29b017f-0aab-40e4-9350-41a2a0a24839/host
Jun 26 14:57:02 gtw01 dnsmasq-dhcp[30922]: read /var/lib/neutron/dhcp/e29b017f-0aab-40e4-9350-41a2a0a24839/opts
Jun 26 14:57:02 gtw01 dnsmasq-dhcp[30682]: DHCPRELEASE(tapc7d34a28-04) 192.168.120.9 fa:16:3e:ac:72:78
Jun 26 14:57:03 gtw01 dnsmasq-dhcp[30682]: DHCPRELEASE(tapc7d34a28-04) 192.168.120.5 fa:16:3e:ac:72:78
Jun 26 14:57:03 gtw01 kernel: [ 3895.997856] device tap669e0785-4f entered promiscuous mode
Jun 26 14:57:03 gtw01 systemd-udevd[30943]: Could not generate persistent MAC address for tap669e0785-4f: No such file or directory
Jun 26 14:57:03 gtw01 systemd-udevd[30943]: Process '/sbin/ip link set tap669e0785-4f txqueuelen 10000' failed with exit code 1.
Jun 26 14:57:03 gtw01 systemd-udevd[30943]: Process '/sbin/ip link set tap669e0785-4f txqueuelen 10000' failed with exit code 1.
Jun 26 14:57:03 gtw01 dnsmasq[30922]: read /var/lib/neutron/dhcp/e29b017f-0aab-40e4-9350-41a2a0a24839/addn_hosts - 3 addresses
Jun 26 14:57:03 gtw01 dnsmasq-dhcp[30922]: read /var/lib/neutron/dhcp/e29b017f-0aab-40e4-9350-41a2a0a24839/host
Jun 26 14:57:03 gtw01 dnsmasq-dhcp[30922]: read /var/lib/neutron/dhcp/e29b017f-0aab-40e4-9350-41a2a0a24839/opts
Jun 26 14:57:04 gtw01 dnsmasq[30682]: read /var/lib/neutron/dhcp/ce86533c-f1d3-4562-a568-266aaae8b563/addn_hosts - 5 addresses
Jun 26 14:57:04 gtw01 dnsmasq-dhcp[30682]: read /var/lib/neutron/dhcp/ce86533c-f1d3-4562-a568-266aaae8b563/host
Jun 26 14:57:04 gtw01 dnsmasq-dhcp[30682]: read /var/lib/neutron/dhcp/ce86533c-f1d3-4562-a568-266aaae8b563/opts
Jun 26 14:57:04 gtw01 dnsmasq[30922]: read /var/lib/neutron/dhcp/e29b017f-0aab-40e4-9350-41a2a0a24839/addn_hosts - 3 addresses
Jun 26 14:57:04 gtw01 dnsmasq-dhcp[30922]: read /var/lib/neutron/dhcp/e29b017f-0aab-40e4-9350-41a2a0a24839/host
Jun 26 14:57:04 gtw01 dnsmasq-dhcp[30922]: read /var/lib/neutron/dhcp/e29b017f-0aab-40e4-9350-41a2a0a24839/opts
Jun 26 14:57:05 gtw01 kernel: [ 3898.013020] device tapc7d34a28-04 left promiscuous mode
Jun 26 14:57:06 gtw01 dnsmasq[30922]: read /var/lib/neutron/dhcp/e29b017f-0aab-40e4-9350-41a2a0a24839/addn_hosts - 3 addresses
Jun 26 14:57:06 gtw01 dnsmasq-dhcp[30922]: read /var/lib/neutron/dhcp/e29b017f-0aab-40e4-9350-41a2a0a24839/host
Jun 26 14:57:06 gtw01 dnsmasq-dhcp[30922]: read /var/lib/neutron/dhcp/e29b017f-0aab-40e4-9350-41a2a0a24839/opts
Jun 26 14:57:07 gtw01 dnsmasq[30922]: read /var/lib/neutron/dhcp/e29b017f-0aab-40e4-9350-41a2a0a24839/addn_hosts - 3 addresses
Jun 26 14:57:07 gtw01 dnsmasq-dhcp[30922]: read /var/lib/neutron/dhcp/e29b017f-0aab-40e4-9350-41a2a0a24839/host
Jun 26 14:57:07 gtw01 dnsmasq-dhcp[30922]: read /var/lib/neutron/dhcp/e29b017f-0aab-40e4-9350-41a2a0a24839/opts
Jun 26 14:57:07 gtw01 dnsmasq[31158]: started, version 2.80 cachesize 150
Jun 26 14:57:07 gtw01 dnsmasq[31158]: DNS service limited to local subnets
Jun 26 14:57:07 gtw01 dnsmasq[31158]: compile time options: IPv6 GNU-getopt DBus i18n IDN DHCP DHCPv6 no-Lua TFTP conntrack ipset auth DNSSEC loop-detect inotify dumpfile
Jun 26 14:57:07 gtw01 dnsmasq[31158]: warning: no upstream servers configured
Jun 26 14:57:07 gtw01 dnsmasq-dhcp[31158]: DHCPv6, static leases only on 2003::, lease time 1h
Jun 26 14:57:07 gtw01 dnsmasq[31158]: read /var/lib/neutron/dhcp/662c8190-ea74-418f-8131-b0f33406ca52/addn_hosts - 1 addresses
Jun 26 14:57:07 gtw01 dnsmasq-dhcp[31158]: read /var/lib/neutron/dhcp/662c8190-ea74-418f-8131-b0f33406ca52/host
Jun 26 14:57:07 gtw01 dnsmasq-dhcp[31158]: read /var/lib/neutron/dhcp/662c8190-ea74-418f-8131-b0f33406ca52/opts
Jun 26 14:57:07 gtw01 dnsmasq[30922]: read /var/lib/neutron/dhcp/e29b017f-0aab-40e4-9350-41a2a0a24839/addn_hosts - 3 addresses
Jun 26 14:57:07 gtw01 dnsmasq-dhcp[30922]: read /var/lib/neutron/dhcp/e29b017f-0aab-40e4-9350-41a2a0a24839/host
Jun 26 14:57:07 gtw01 dnsmasq-dhcp[30922]: read /var/lib/neutron/dhcp/e29b017f-0aab-40e4-9350-41a2a0a24839/opts
Jun 26 14:57:08 gtw01 dnsmasq[31158]: read /var/lib/neutron/dhcp/662c8190-ea74-418f-8131-b0f33406ca52/addn_hosts - 5 addresses
Jun 26 14:57:08 gtw01 dnsmasq-dhcp[31158]: read /var/lib/neutron/dhcp/662c8190-ea74-418f-8131-b0f33406ca52/host
Jun 26 14:57:08 gtw01 dnsmasq-dhcp[31158]: read /var/lib/neutron/dhcp/662c8190-ea74-418f-8131-b0f33406ca52/opts
Jun 26 14:57:09 gtw01 dnsmasq[30922]: read /var/lib/neutron/dhcp/e29b017f-0aab-40e4-9350-41a2a0a24839/addn_hosts - 3 addresses
Jun 26 14:57:09 gtw01 dnsmasq-dhcp[30922]: read /var/lib/neutron/dhcp/e29b017f-0aab-40e4-9350-41a2a0a24839/host
Jun 26 14:57:09 gtw01 dnsmasq-dhcp[30922]: read /var/lib/neutron/dhcp/e29b017f-0aab-40e4-9350-41a2a0a24839/opts
Jun 26 14:57:09 gtw01 dnsmasq[31158]: read /var/lib/neutron/dhcp/662c8190-ea74-418f-8131-b0f33406ca52/addn_hosts - 5 addresses
Jun 26 14:57:09 gtw01 dnsmasq-dhcp[31158]: read /var/lib/neutron/dhcp/662c8190-ea74-418f-8131-b0f33406ca52/host
Jun 26 14:57:09 gtw01 dnsmasq-dhcp[31158]: read /var/lib/neutron/dhcp/662c8190-ea74-418f-8131-b0f33406ca52/opts
Jun 26 14:57:10 gtw01 dnsmasq[30922]: read /var/lib/neutron/dhcp/e29b017f-0aab-40e4-9350-41a2a0a24839/addn_hosts - 3 addresses
Jun 26 14:57:10 gtw01 dnsmasq-dhcp[30922]: read /var/lib/neutron/dhcp/e29b017f-0aab-40e4-9350-41a2a0a24839/host
Jun 26 14:57:10 gtw01 dnsmasq-dhcp[30922]: read /var/lib/neutron/dhcp/e29b017f-0aab-40e4-9350-41a2a0a24839/opts
Jun 26 14:57:10 gtw01 dnsmasq[31158]: read /var/lib/neutron/dhcp/662c8190-ea74-418f-8131-b0f33406ca52/addn_hosts - 5 addresses
Jun 26 14:57:10 gtw01 dnsmasq-dhcp[31158]: read /var/lib/neutron/dhcp/662c8190-ea74-418f-8131-b0f33406ca52/host
Jun 26 14:57:10 gtw01 dnsmasq-dhcp[31158]: read /var/lib/neutron/dhcp/662c8190-ea74-418f-8131-b0f33406ca52/opts
Jun 26 14:57:10 gtw01 dnsmasq[30922]: read /var/lib/neutron/dhcp/e29b017f-0aab-40e4-9350-41a2a0a24839/addn_hosts - 3 addresses
Jun 26 14:57:10 gtw01 dnsmasq-dhcp[30922]: read /var/lib/neutron/dhcp/e29b017f-0aab-40e4-9350-41a2a0a24839/host
Jun 26 14:57:10 gtw01 dnsmasq-dhcp[30922]: read /var/lib/neutron/dhcp/e29b017f-0aab-40e4-9350-41a2a0a24839/opts
Jun 26 14:57:11 gtw01 dnsmasq[31158]: read /var/lib/neutron/dhcp/662c8190-ea74-418f-8131-b0f33406ca52/addn_hosts - 5 addresses
Jun 26 14:57:11 gtw01 dnsmasq-dhcp[31158]: read /var/lib/neutron/dhcp/662c8190-ea74-418f-8131-b0f33406ca52/host
Jun 26 14:57:11 gtw01 dnsmasq-dhcp[31158]: read /var/lib/neutron/dhcp/662c8190-ea74-418f-8131-b0f33406ca52/opts
Jun 26 14:57:11 gtw01 dnsmasq[30922]: read /var/lib/neutron/dhcp/e29b017f-0aab-40e4-9350-41a2a0a24839/addn_hosts - 3 addresses
Jun 26 14:57:11 gtw01 dnsmasq-dhcp[30922]: read /var/lib/neutron/dhcp/e29b017f-0aab-40e4-9350-41a2a0a24839/host
Jun 26 14:57:11 gtw01 dnsmasq-dhcp[30922]: read /var/lib/neutron/dhcp/e29b017f-0aab-40e4-9350-41a2a0a24839/opts
Jun 26 14:57:12 gtw01 dnsmasq[31158]: read /var/lib/neutron/dhcp/662c8190-ea74-418f-8131-b0f33406ca52/addn_hosts - 5 addresses
Jun 26 14:57:12 gtw01 dnsmasq-dhcp[31158]: read /var/lib/neutron/dhcp/662c8190-ea74-418f-8131-b0f33406ca52/host
Jun 26 14:57:12 gtw01 dnsmasq-dhcp[31158]: read /var/lib/neutron/dhcp/662c8190-ea74-418f-8131-b0f33406ca52/opts
Jun 26 14:57:12 gtw01 dnsmasq[30922]: read /var/lib/neutron/dhcp/e29b017f-0aab-40e4-9350-41a2a0a24839/addn_hosts - 2 addresses
