Jun 26 16:00:46 gtw01 dnsmasq[26351]: read /var/lib/neutron/dhcp/cbf10eb4-eb02-4de0-9c28-e351ff3e191e/addn_hosts - 5 addresses
Jun 26 16:00:46 gtw01 dnsmasq-dhcp[26351]: read /var/lib/neutron/dhcp/cbf10eb4-eb02-4de0-9c28-e351ff3e191e/host
Jun 26 16:00:46 gtw01 dnsmasq-dhcp[26351]: read /var/lib/neutron/dhcp/cbf10eb4-eb02-4de0-9c28-e351ff3e191e/opts
Jun 26 16:00:53 gtw01 dnsmasq-dhcp[26351]: DHCPRELEASE(tapa0a67aa9-45) 192.168.120.3 fa:16:3e:13:9e:49
Jun 26 16:00:58 gtw01 dnsmasq-dhcp[26351]: DHCPDISCOVER(tapa0a67aa9-45) fa:16:3e:5c:1d:29
Jun 26 16:00:58 gtw01 dnsmasq-dhcp[26351]: DHCPOFFER(tapa0a67aa9-45) 192.168.120.8 fa:16:3e:5c:1d:29
Jun 26 16:00:58 gtw01 dnsmasq-dhcp[26351]: DHCPREQUEST(tapa0a67aa9-45) 192.168.120.8 fa:16:3e:5c:1d:29
Jun 26 16:00:58 gtw01 dnsmasq-dhcp[26351]: DHCPACK(tapa0a67aa9-45) 192.168.120.8 fa:16:3e:5c:1d:29 host-192-168-120-8
Jun 26 16:01:13 gtw01 dnsmasq-dhcp[26351]: DHCPDISCOVER(tapa0a67aa9-45) fa:16:3e:13:9e:49
Jun 26 16:01:13 gtw01 dnsmasq-dhcp[26351]: DHCPOFFER(tapa0a67aa9-45) 192.168.120.3 fa:16:3e:13:9e:49
Jun 26 16:01:13 gtw01 dnsmasq-dhcp[26351]: DHCPREQUEST(tapa0a67aa9-45) 192.168.120.3 fa:16:3e:13:9e:49
Jun 26 16:01:13 gtw01 dnsmasq-dhcp[26351]: DHCPACK(tapa0a67aa9-45) 192.168.120.3 fa:16:3e:13:9e:49 host-192-168-120-3
Jun 26 16:01:14 gtw01 dnsmasq[17953]: read /var/lib/neutron/dhcp/08aefdb8-b1ee-403c-a711-680217fa0635/addn_hosts - 3 addresses
Jun 26 16:01:14 gtw01 dnsmasq-dhcp[17953]: read /var/lib/neutron/dhcp/08aefdb8-b1ee-403c-a711-680217fa0635/host
Jun 26 16:01:14 gtw01 dnsmasq-dhcp[17953]: read /var/lib/neutron/dhcp/08aefdb8-b1ee-403c-a711-680217fa0635/opts
Jun 26 16:01:16 gtw01 dnsmasq[17953]: read /var/lib/neutron/dhcp/08aefdb8-b1ee-403c-a711-680217fa0635/addn_hosts - 4 addresses
Jun 26 16:01:16 gtw01 dnsmasq-dhcp[17953]: read /var/lib/neutron/dhcp/08aefdb8-b1ee-403c-a711-680217fa0635/host
Jun 26 16:01:16 gtw01 dnsmasq-dhcp[17953]: read /var/lib/neutron/dhcp/08aefdb8-b1ee-403c-a711-680217fa0635/opts
Jun 26 16:01:17 gtw01 dnsmasq[17953]: read /var/lib/neutron/dhcp/08aefdb8-b1ee-403c-a711-680217fa0635/addn_hosts - 4 addresses
Jun 26 16:01:17 gtw01 dnsmasq-dhcp[17953]: read /var/lib/neutron/dhcp/08aefdb8-b1ee-403c-a711-680217fa0635/host
Jun 26 16:01:17 gtw01 dnsmasq-dhcp[17953]: read /var/lib/neutron/dhcp/08aefdb8-b1ee-403c-a711-680217fa0635/opts
Jun 26 16:01:18 gtw01 dnsmasq[17953]: read /var/lib/neutron/dhcp/08aefdb8-b1ee-403c-a711-680217fa0635/addn_hosts - 4 addresses
Jun 26 16:01:18 gtw01 dnsmasq-dhcp[17953]: read /var/lib/neutron/dhcp/08aefdb8-b1ee-403c-a711-680217fa0635/host
Jun 26 16:01:18 gtw01 dnsmasq-dhcp[17953]: read /var/lib/neutron/dhcp/08aefdb8-b1ee-403c-a711-680217fa0635/opts
Jun 26 16:01:27 gtw01 dnsmasq[17953]: read /var/lib/neutron/dhcp/08aefdb8-b1ee-403c-a711-680217fa0635/addn_hosts - 3 addresses
Jun 26 16:01:27 gtw01 dnsmasq-dhcp[17953]: read /var/lib/neutron/dhcp/08aefdb8-b1ee-403c-a711-680217fa0635/host
Jun 26 16:01:27 gtw01 dnsmasq-dhcp[17953]: read /var/lib/neutron/dhcp/08aefdb8-b1ee-403c-a711-680217fa0635/opts
Jun 26 16:01:28 gtw01 dnsmasq-dhcp[26351]: DHCPDISCOVER(tapa0a67aa9-45) fa:16:3e:13:9e:49
Jun 26 16:01:28 gtw01 dnsmasq-dhcp[26351]: DHCPOFFER(tapa0a67aa9-45) 192.168.120.3 fa:16:3e:13:9e:49
Jun 26 16:01:28 gtw01 dnsmasq-dhcp[26351]: DHCPREQUEST(tapa0a67aa9-45) 192.168.120.3 fa:16:3e:13:9e:49
Jun 26 16:01:28 gtw01 dnsmasq-dhcp[26351]: DHCPACK(tapa0a67aa9-45) 192.168.120.3 fa:16:3e:13:9e:49 host-192-168-120-3
Jun 26 16:01:30 gtw01 dnsmasq-dhcp[17953]: DHCPDISCOVER(tap4b728202-3b) fa:16:3e:a7:7d:48
Jun 26 16:01:30 gtw01 dnsmasq-dhcp[17953]: DHCPOFFER(tap4b728202-3b) 192.168.120.4 fa:16:3e:a7:7d:48
Jun 26 16:01:30 gtw01 dnsmasq-dhcp[17953]: DHCPREQUEST(tap4b728202-3b) 192.168.120.4 fa:16:3e:a7:7d:48
Jun 26 16:01:30 gtw01 dnsmasq-dhcp[17953]: DHCPACK(tap4b728202-3b) 192.168.120.4 fa:16:3e:a7:7d:48 host-192-168-120-4
Jun 26 16:01:31 gtw01 dnsmasq-dhcp[17953]: DHCPRELEASE(tap4b728202-3b) 192.168.120.4 fa:16:3e:a7:7d:48
Jun 26 16:01:35 gtw01 dnsmasq-dhcp[26351]: DHCPRELEASE(tapa0a67aa9-45) 192.168.120.3 fa:16:3e:13:9e:49
Jun 26 16:01:52 gtw01 dnsmasq-dhcp[26351]: DHCPDISCOVER(tapa0a67aa9-45) fa:16:3e:13:9e:49
Jun 26 16:01:52 gtw01 dnsmasq-dhcp[26351]: DHCPOFFER(tapa0a67aa9-45) 192.168.120.3 fa:16:3e:13:9e:49
Jun 26 16:01:52 gtw01 dnsmasq-dhcp[26351]: DHCPREQUEST(tapa0a67aa9-45) 192.168.120.3 fa:16:3e:13:9e:49
Jun 26 16:01:52 gtw01 dnsmasq-dhcp[26351]: DHCPACK(tapa0a67aa9-45) 192.168.120.3 fa:16:3e:13:9e:49 host-192-168-120-3
Jun 26 16:01:59 gtw01 dnsmasq-dhcp[26351]: DHCPRELEASE(tapa0a67aa9-45) 192.168.120.3 fa:16:3e:13:9e:49
Jun 26 16:02:16 gtw01 dnsmasq-dhcp[26351]: DHCPDISCOVER(tapa0a67aa9-45) fa:16:3e:13:9e:49
Jun 26 16:02:16 gtw01 dnsmasq-dhcp[26351]: DHCPOFFER(tapa0a67aa9-45) 192.168.120.3 fa:16:3e:13:9e:49
Jun 26 16:02:16 gtw01 dnsmasq-dhcp[26351]: DHCPREQUEST(tapa0a67aa9-45) 192.168.120.3 fa:16:3e:13:9e:49
Jun 26 16:02:16 gtw01 dnsmasq-dhcp[26351]: DHCPACK(tapa0a67aa9-45) 192.168.120.3 fa:16:3e:13:9e:49 host-192-168-120-3
Jun 26 16:02:17 gtw01 dnsmasq-dhcp[26351]: DHCPRELEASE(tapa0a67aa9-45) 192.168.120.3 fa:16:3e:13:9e:49
Jun 26 16:02:40 gtw01 dnsmasq-dhcp[26351]: DHCPDISCOVER(tapa0a67aa9-45) fa:16:3e:13:9e:49
Jun 26 16:02:40 gtw01 dnsmasq-dhcp[26351]: DHCPOFFER(tapa0a67aa9-45) 192.168.120.3 fa:16:3e:13:9e:49
Jun 26 16:02:40 gtw01 dnsmasq-dhcp[26351]: DHCPREQUEST(tapa0a67aa9-45) 192.168.120.3 fa:16:3e:13:9e:49
Jun 26 16:02:40 gtw01 dnsmasq-dhcp[26351]: DHCPACK(tapa0a67aa9-45) 192.168.120.3 fa:16:3e:13:9e:49 host-192-168-120-3
Jun 26 16:02:42 gtw01 dnsmasq[17953]: read /var/lib/neutron/dhcp/08aefdb8-b1ee-403c-a711-680217fa0635/addn_hosts - 2 addresses
Jun 26 16:02:42 gtw01 dnsmasq-dhcp[17953]: read /var/lib/neutron/dhcp/08aefdb8-b1ee-403c-a711-680217fa0635/host
Jun 26 16:02:42 gtw01 dnsmasq-dhcp[17953]: read /var/lib/neutron/dhcp/08aefdb8-b1ee-403c-a711-680217fa0635/opts
Jun 26 16:02:42 gtw01 dnsmasq-dhcp[26351]: DHCPRELEASE(tapa0a67aa9-45) 192.168.120.3 fa:16:3e:13:9e:49
Jun 26 16:02:44 gtw01 dnsmasq[17953]: read /var/lib/neutron/dhcp/08aefdb8-b1ee-403c-a711-680217fa0635/addn_hosts - 3 addresses
Jun 26 16:02:44 gtw01 dnsmasq-dhcp[17953]: read /var/lib/neutron/dhcp/08aefdb8-b1ee-403c-a711-680217fa0635/host
Jun 26 16:02:44 gtw01 dnsmasq-dhcp[17953]: read /var/lib/neutron/dhcp/08aefdb8-b1ee-403c-a711-680217fa0635/opts
Jun 26 16:02:45 gtw01 dnsmasq[17953]: read /var/lib/neutron/dhcp/08aefdb8-b1ee-403c-a711-680217fa0635/addn_hosts - 3 addresses
Jun 26 16:02:45 gtw01 dnsmasq-dhcp[17953]: read /var/lib/neutron/dhcp/08aefdb8-b1ee-403c-a711-680217fa0635/host
Jun 26 16:02:45 gtw01 dnsmasq-dhcp[17953]: read /var/lib/neutron/dhcp/08aefdb8-b1ee-403c-a711-680217fa0635/opts
Jun 26 16:02:46 gtw01 dnsmasq[17953]: read /var/lib/neutron/dhcp/08aefdb8-b1ee-403c-a711-680217fa0635/addn_hosts - 3 addresses
Jun 26 16:02:46 gtw01 dnsmasq-dhcp[17953]: read /var/lib/neutron/dhcp/08aefdb8-b1ee-403c-a711-680217fa0635/host
Jun 26 16:02:46 gtw01 dnsmasq-dhcp[17953]: read /var/lib/neutron/dhcp/08aefdb8-b1ee-403c-a711-680217fa0635/opts
Jun 26 16:02:55 gtw01 dnsmasq[26351]: read /var/lib/neutron/dhcp/cbf10eb4-eb02-4de0-9c28-e351ff3e191e/addn_hosts - 6 addresses
Jun 26 16:02:55 gtw01 dnsmasq-dhcp[26351]: read /var/lib/neutron/dhcp/cbf10eb4-eb02-4de0-9c28-e351ff3e191e/host
Jun 26 16:02:55 gtw01 dnsmasq-dhcp[26351]: read /var/lib/neutron/dhcp/cbf10eb4-eb02-4de0-9c28-e351ff3e191e/opts
Jun 26 16:02:56 gtw01 dnsmasq[26351]: read /var/lib/neutron/dhcp/cbf10eb4-eb02-4de0-9c28-e351ff3e191e/addn_hosts - 6 addresses
Jun 26 16:02:56 gtw01 dnsmasq-dhcp[26351]: read /var/lib/neutron/dhcp/cbf10eb4-eb02-4de0-9c28-e351ff3e191e/host
Jun 26 16:02:56 gtw01 dnsmasq-dhcp[26351]: read /var/lib/neutron/dhcp/cbf10eb4-eb02-4de0-9c28-e351ff3e191e/opts
Jun 26 16:02:57 gtw01 dnsmasq[26351]: read /var/lib/neutron/dhcp/cbf10eb4-eb02-4de0-9c28-e351ff3e191e/addn_hosts - 6 addresses
Jun 26 16:02:57 gtw01 dnsmasq-dhcp[26351]: read /var/lib/neutron/dhcp/cbf10eb4-eb02-4de0-9c28-e351ff3e191e/host
Jun 26 16:02:57 gtw01 dnsmasq-dhcp[26351]: read /var/lib/neutron/dhcp/cbf10eb4-eb02-4de0-9c28-e351ff3e191e/opts
Jun 26 16:02:59 gtw01 dnsmasq-dhcp[26351]: DHCPDISCOVER(tapa0a67aa9-45) fa:16:3e:13:9e:49
Jun 26 16:02:59 gtw01 dnsmasq-dhcp[26351]: DHCPOFFER(tapa0a67aa9-45) 192.168.120.3 fa:16:3e:13:9e:49
Jun 26 16:02:59 gtw01 dnsmasq-dhcp[26351]: DHCPREQUEST(tapa0a67aa9-45) 192.168.120.3 fa:16:3e:13:9e:49
Jun 26 16:02:59 gtw01 dnsmasq-dhcp[26351]: DHCPACK(tapa0a67aa9-45) 192.168.120.3 fa:16:3e:13:9e:49 host-192-168-120-3
Jun 26 16:03:00 gtw01 dnsmasq-dhcp[17953]: DHCPDISCOVER(tap4b728202-3b) fa:16:3e:1e:bf:19
Jun 26 16:03:00 gtw01 dnsmasq-dhcp[17953]: DHCPOFFER(tap4b728202-3b) 192.168.120.16 fa:16:3e:1e:bf:19
Jun 26 16:03:00 gtw01 dnsmasq-dhcp[17953]: DHCPREQUEST(tap4b728202-3b) 192.168.120.16 fa:16:3e:1e:bf:19
Jun 26 16:03:00 gtw01 dnsmasq-dhcp[17953]: DHCPACK(tap4b728202-3b) 192.168.120.16 fa:16:3e:1e:bf:19 host-192-168-120-16
Jun 26 16:03:01 gtw01 dnsmasq-dhcp[23086]: DHCPRELEASE(tapf828473c-c7) 192.168.120.11 fa:16:3e:2a:ed:c5
Jun 26 16:03:01 gtw01 dnsmasq-dhcp[23086]: DHCPRELEASE(tapf828473c-c7) 192.168.120.11 fa:16:3e:2a:ed:c5 unknown lease
Jun 26 16:03:01 gtw01 dnsmasq[26351]: read /var/lib/neutron/dhcp/cbf10eb4-eb02-4de0-9c28-e351ff3e191e/addn_hosts - 6 addresses
Jun 26 16:03:01 gtw01 dnsmasq-dhcp[26351]: read /var/lib/neutron/dhcp/cbf10eb4-eb02-4de0-9c28-e351ff3e191e/host
Jun 26 16:03:01 gtw01 dnsmasq-dhcp[26351]: read /var/lib/neutron/dhcp/cbf10eb4-eb02-4de0-9c28-e351ff3e191e/opts
Jun 26 16:03:02 gtw01 dnsmasq[23086]: read /var/lib/neutron/dhcp/c7ccaa80-08b6-4ec7-8b6f-c576a7734878/addn_hosts - 4 addresses
Jun 26 16:03:02 gtw01 dnsmasq-dhcp[23086]: read /var/lib/neutron/dhcp/c7ccaa80-08b6-4ec7-8b6f-c576a7734878/host
Jun 26 16:03:02 gtw01 dnsmasq-dhcp[23086]: read /var/lib/neutron/dhcp/c7ccaa80-08b6-4ec7-8b6f-c576a7734878/opts
Jun 26 16:03:03 gtw01 dnsmasq-dhcp[23086]: DHCPRELEASE(tapf828473c-c7) 192.168.120.3 fa:16:3e:49:bc:c4
Jun 26 16:03:03 gtw01 dnsmasq-dhcp[23086]: DHCPRELEASE(tapf828473c-c7) 192.168.120.3 fa:16:3e:49:bc:c4 unknown lease
Jun 26 16:03:04 gtw01 dnsmasq[23086]: read /var/lib/neutron/dhcp/c7ccaa80-08b6-4ec7-8b6f-c576a7734878/addn_hosts - 3 addresses
Jun 26 16:03:04 gtw01 dnsmasq-dhcp[23086]: read /var/lib/neutron/dhcp/c7ccaa80-08b6-4ec7-8b6f-c576a7734878/host
Jun 26 16:03:04 gtw01 dnsmasq-dhcp[23086]: read /var/lib/neutron/dhcp/c7ccaa80-08b6-4ec7-8b6f-c576a7734878/opts
Jun 26 16:03:05 gtw01 dnsmasq-dhcp[17953]: DHCPRELEASE(tap4b728202-3b) 192.168.120.16 fa:16:3e:1e:bf:19
Jun 26 16:03:05 gtw01 dnsmasq-dhcp[26351]: DHCPRELEASE(tapa0a67aa9-45) 192.168.120.3 fa:16:3e:13:9e:49
Jun 26 16:03:07 gtw01 dnsmasq[23086]: read /var/lib/neutron/dhcp/c7ccaa80-08b6-4ec7-8b6f-c576a7734878/addn_hosts - 2 addresses
Jun 26 16:03:07 gtw01 dnsmasq-dhcp[23086]: read /var/lib/neutron/dhcp/c7ccaa80-08b6-4ec7-8b6f-c576a7734878/host
Jun 26 16:03:07 gtw01 dnsmasq-dhcp[23086]: read /var/lib/neutron/dhcp/c7ccaa80-08b6-4ec7-8b6f-c576a7734878/opts
Jun 26 16:03:09 gtw01 dnsmasq[23086]: read /var/lib/neutron/dhcp/c7ccaa80-08b6-4ec7-8b6f-c576a7734878/addn_hosts - 1 addresses
Jun 26 16:03:09 gtw01 dnsmasq-dhcp[23086]: read /var/lib/neutron/dhcp/c7ccaa80-08b6-4ec7-8b6f-c576a7734878/host
Jun 26 16:03:09 gtw01 dnsmasq-dhcp[23086]: read /var/lib/neutron/dhcp/c7ccaa80-08b6-4ec7-8b6f-c576a7734878/opts
Jun 26 16:03:15 gtw01 dnsmasq-dhcp[26351]: DHCPDISCOVER(tapa0a67aa9-45) fa:16:3e:e1:51:1b
Jun 26 16:03:15 gtw01 dnsmasq-dhcp[26351]: DHCPOFFER(tapa0a67aa9-45) 192.168.120.12 fa:16:3e:e1:51:1b
Jun 26 16:03:15 gtw01 dnsmasq-dhcp[26351]: DHCPREQUEST(tapa0a67aa9-45) 192.168.120.12 fa:16:3e:e1:51:1b
Jun 26 16:03:15 gtw01 dnsmasq-dhcp[26351]: DHCPACK(tapa0a67aa9-45) 192.168.120.12 fa:16:3e:e1:51:1b host-192-168-120-12
Jun 26 16:03:16 gtw01 dnsmasq[26351]: read /var/lib/neutron/dhcp/cbf10eb4-eb02-4de0-9c28-e351ff3e191e/addn_hosts - 6 addresses
Jun 26 16:03:16 gtw01 dnsmasq-dhcp[26351]: read /var/lib/neutron/dhcp/cbf10eb4-eb02-4de0-9c28-e351ff3e191e/host
Jun 26 16:03:16 gtw01 dnsmasq-dhcp[26351]: read /var/lib/neutron/dhcp/cbf10eb4-eb02-4de0-9c28-e351ff3e191e/opts
Jun 26 16:03:17 gtw01 dnsmasq[26351]: read /var/lib/neutron/dhcp/cbf10eb4-eb02-4de0-9c28-e351ff3e191e/addn_hosts - 6 addresses
Jun 26 16:03:17 gtw01 dnsmasq-dhcp[26351]: read /var/lib/neutron/dhcp/cbf10eb4-eb02-4de0-9c28-e351ff3e191e/host
Jun 26 16:03:17 gtw01 dnsmasq-dhcp[26351]: read /var/lib/neutron/dhcp/cbf10eb4-eb02-4de0-9c28-e351ff3e191e/opts
Jun 26 16:03:21 gtw01 kernel: [ 7874.175653] device tapf828473c-c7 left promiscuous mode
Jun 26 16:03:25 gtw01 dnsmasq[17953]: read /var/lib/neutron/dhcp/08aefdb8-b1ee-403c-a711-680217fa0635/addn_hosts - 2 addresses
Jun 26 16:03:25 gtw01 dnsmasq-dhcp[17953]: read /var/lib/neutron/dhcp/08aefdb8-b1ee-403c-a711-680217fa0635/host
Jun 26 16:03:25 gtw01 dnsmasq-dhcp[17953]: read /var/lib/neutron/dhcp/08aefdb8-b1ee-403c-a711-680217fa0635/opts
Jun 26 16:03:28 gtw01 dnsmasq[26351]: read /var/lib/neutron/dhcp/cbf10eb4-eb02-4de0-9c28-e351ff3e191e/addn_hosts - 5 addresses
Jun 26 16:03:28 gtw01 dnsmasq-dhcp[26351]: read /var/lib/neutron/dhcp/cbf10eb4-eb02-4de0-9c28-e351ff3e191e/host
Jun 26 16:03:28 gtw01 dnsmasq-dhcp[26351]: read /var/lib/neutron/dhcp/cbf10eb4-eb02-4de0-9c28-e351ff3e191e/opts
Jun 26 16:03:29 gtw01 dnsmasq[17953]: read /var/lib/neutron/dhcp/08aefdb8-b1ee-403c-a711-680217fa0635/addn_hosts - 3 addresses
Jun 26 16:03:29 gtw01 dnsmasq-dhcp[17953]: read /var/lib/neutron/dhcp/08aefdb8-b1ee-403c-a711-680217fa0635/host
Jun 26 16:03:29 gtw01 dnsmasq-dhcp[17953]: read /var/lib/neutron/dhcp/08aefdb8-b1ee-403c-a711-680217fa0635/opts
Jun 26 16:03:29 gtw01 dnsmasq[17953]: read /var/lib/neutron/dhcp/08aefdb8-b1ee-403c-a711-680217fa0635/addn_hosts - 3 addresses
Jun 26 16:03:29 gtw01 dnsmasq-dhcp[17953]: read /var/lib/neutron/dhcp/08aefdb8-b1ee-403c-a711-680217fa0635/host
Jun 26 16:03:29 gtw01 dnsmasq-dhcp[17953]: read /var/lib/neutron/dhcp/08aefdb8-b1ee-403c-a711-680217fa0635/opts
Jun 26 16:03:31 gtw01 dnsmasq[17953]: read /var/lib/neutron/dhcp/08aefdb8-b1ee-403c-a711-680217fa0635/addn_hosts - 3 addresses
Jun 26 16:03:31 gtw01 dnsmasq-dhcp[17953]: read /var/lib/neutron/dhcp/08aefdb8-b1ee-403c-a711-680217fa0635/host
Jun 26 16:03:31 gtw01 dnsmasq-dhcp[17953]: read /var/lib/neutron/dhcp/08aefdb8-b1ee-403c-a711-680217fa0635/opts
Jun 26 16:03:31 gtw01 kernel: [ 7883.855989] device tap5530f1c1-55 entered promiscuous mode
Jun 26 16:03:31 gtw01 systemd-udevd[27218]: Could not generate persistent MAC address for tap5530f1c1-55: No such file or directory
Jun 26 16:03:31 gtw01 systemd-udevd[27218]: Process '/sbin/ip link set tap5530f1c1-55 txqueuelen 10000' failed with exit code 1.
Jun 26 16:03:31 gtw01 systemd-udevd[27294]: Process '/sbin/ip link set tap5530f1c1-55 txqueuelen 10000' failed with exit code 1.
Jun 26 16:03:33 gtw01 dnsmasq[26351]: read /var/lib/neutron/dhcp/cbf10eb4-eb02-4de0-9c28-e351ff3e191e/addn_hosts - 6 addresses
Jun 26 16:03:33 gtw01 dnsmasq-dhcp[26351]: read /var/lib/neutron/dhcp/cbf10eb4-eb02-4de0-9c28-e351ff3e191e/host
Jun 26 16:03:33 gtw01 dnsmasq-dhcp[26351]: read /var/lib/neutron/dhcp/cbf10eb4-eb02-4de0-9c28-e351ff3e191e/opts
Jun 26 16:03:34 gtw01 dnsmasq[27383]: started, version 2.80 cachesize 150
Jun 26 16:03:34 gtw01 dnsmasq[27383]: DNS service limited to local subnets
Jun 26 16:03:34 gtw01 dnsmasq[27383]: compile time options: IPv6 GNU-getopt DBus i18n IDN DHCP DHCPv6 no-Lua TFTP conntrack ipset auth DNSSEC loop-detect inotify dumpfile
Jun 26 16:03:34 gtw01 dnsmasq[27383]: warning: no upstream servers configured
Jun 26 16:03:34 gtw01 dnsmasq-dhcp[27383]: DHCP, static leases only on 192.168.120.0, lease time 1h
Jun 26 16:03:34 gtw01 dnsmasq[27383]: read /var/lib/neutron/dhcp/0fc40f8c-b4ad-412b-af08-9b7f367cbabd/addn_hosts - 1 addresses
Jun 26 16:03:34 gtw01 dnsmasq-dhcp[27383]: read /var/lib/neutron/dhcp/0fc40f8c-b4ad-412b-af08-9b7f367cbabd/host
Jun 26 16:03:34 gtw01 dnsmasq-dhcp[27383]: read /var/lib/neutron/dhcp/0fc40f8c-b4ad-412b-af08-9b7f367cbabd/opts
Jun 26 16:03:34 gtw01 dnsmasq[26351]: read /var/lib/neutron/dhcp/cbf10eb4-eb02-4de0-9c28-e351ff3e191e/addn_hosts - 6 addresses
Jun 26 16:03:34 gtw01 dnsmasq-dhcp[26351]: read /var/lib/neutron/dhcp/cbf10eb4-eb02-4de0-9c28-e351ff3e191e/host
Jun 26 16:03:34 gtw01 dnsmasq-dhcp[26351]: read /var/lib/neutron/dhcp/cbf10eb4-eb02-4de0-9c28-e351ff3e191e/opts
Jun 26 16:03:34 gtw01 haproxy-metadata-proxy-0fc40f8c-b4ad-412b-af08-9b7f367cbabd[27391]: Proxy listener started.
Jun 26 16:03:35 gtw01 dnsmasq[26351]: read /var/lib/neutron/dhcp/cbf10eb4-eb02-4de0-9c28-e351ff3e191e/addn_hosts - 6 addresses
Jun 26 16:03:35 gtw01 dnsmasq-dhcp[26351]: read /var/lib/neutron/dhcp/cbf10eb4-eb02-4de0-9c28-e351ff3e191e/host
Jun 26 16:03:35 gtw01 dnsmasq-dhcp[26351]: read /var/lib/neutron/dhcp/cbf10eb4-eb02-4de0-9c28-e351ff3e191e/opts
Jun 26 16:03:35 gtw01 dnsmasq[27383]: read /var/lib/neutron/dhcp/0fc40f8c-b4ad-412b-af08-9b7f367cbabd/addn_hosts - 2 addresses
Jun 26 16:03:35 gtw01 dnsmasq-dhcp[27383]: read /var/lib/neutron/dhcp/0fc40f8c-b4ad-412b-af08-9b7f367cbabd/host
Jun 26 16:03:35 gtw01 dnsmasq-dhcp[27383]: read /var/lib/neutron/dhcp/0fc40f8c-b4ad-412b-af08-9b7f367cbabd/opts
Jun 26 16:03:36 gtw01 dnsmasq[27383]: read /var/lib/neutron/dhcp/0fc40f8c-b4ad-412b-af08-9b7f367cbabd/addn_hosts - 2 addresses
Jun 26 16:03:36 gtw01 dnsmasq-dhcp[27383]: read /var/lib/neutron/dhcp/0fc40f8c-b4ad-412b-af08-9b7f367cbabd/host
Jun 26 16:03:36 gtw01 dnsmasq-dhcp[27383]: read /var/lib/neutron/dhcp/0fc40f8c-b4ad-412b-af08-9b7f367cbabd/opts
Jun 26 16:03:37 gtw01 dnsmasq[27383]: read /var/lib/neutron/dhcp/0fc40f8c-b4ad-412b-af08-9b7f367cbabd/addn_hosts - 2 addresses
Jun 26 16:03:37 gtw01 dnsmasq-dhcp[27383]: read /var/lib/neutron/dhcp/0fc40f8c-b4ad-412b-af08-9b7f367cbabd/host
Jun 26 16:03:37 gtw01 dnsmasq-dhcp[27383]: read /var/lib/neutron/dhcp/0fc40f8c-b4ad-412b-af08-9b7f367cbabd/opts
Jun 26 16:03:38 gtw01 dnsmasq[27383]: read /var/lib/neutron/dhcp/0fc40f8c-b4ad-412b-af08-9b7f367cbabd/addn_hosts - 2 addresses
Jun 26 16:03:38 gtw01 dnsmasq-dhcp[27383]: read /var/lib/neutron/dhcp/0fc40f8c-b4ad-412b-af08-9b7f367cbabd/host
Jun 26 16:03:38 gtw01 dnsmasq-dhcp[27383]: read /var/lib/neutron/dhcp/0fc40f8c-b4ad-412b-af08-9b7f367cbabd/opts
Jun 26 16:03:39 gtw01 dnsmasq[27383]: read /var/lib/neutron/dhcp/0fc40f8c-b4ad-412b-af08-9b7f367cbabd/addn_hosts - 2 addresses
Jun 26 16:03:39 gtw01 dnsmasq-dhcp[27383]: read /var/lib/neutron/dhcp/0fc40f8c-b4ad-412b-af08-9b7f367cbabd/host
Jun 26 16:03:39 gtw01 dnsmasq-dhcp[27383]: read /var/lib/neutron/dhcp/0fc40f8c-b4ad-412b-af08-9b7f367cbabd/opts
Jun 26 16:03:39 gtw01 kernel: [ 7892.604420] device tap7e21ffe2-33 entered promiscuous mode
Jun 26 16:03:39 gtw01 systemd-udevd[27515]: Could not generate persistent MAC address for tap7e21ffe2-33: No such file or directory
Jun 26 16:03:40 gtw01 systemd-udevd[27515]: Process '/sbin/ip link set tap7e21ffe2-33 txqueuelen 10000' failed with exit code 1.
Jun 26 16:03:40 gtw01 systemd-udevd[27515]: Process '/sbin/ip link set tap7e21ffe2-33 txqueuelen 10000' failed with exit code 1.
Jun 26 16:03:41 gtw01 kernel: [ 7894.255690] device tap159934fe-2c entered promiscuous mode
Jun 26 16:03:41 gtw01 systemd-udevd[27635]: Could not generate persistent MAC address for tap159934fe-2c: No such file or directory
Jun 26 16:03:41 gtw01 systemd-udevd[27635]: Process '/sbin/ip link set tap159934fe-2c txqueuelen 10000' failed with exit code 1.
Jun 26 16:03:41 gtw01 systemd-udevd[27635]: Process '/sbin/ip link set tap159934fe-2c txqueuelen 10000' failed with exit code 1.
Jun 26 16:03:43 gtw01 dnsmasq[27782]: started, version 2.80 cachesize 150
Jun 26 16:03:43 gtw01 dnsmasq[27782]: DNS service limited to local subnets
Jun 26 16:03:43 gtw01 dnsmasq[27782]: compile time options: IPv6 GNU-getopt DBus i18n IDN DHCP DHCPv6 no-Lua TFTP conntrack ipset auth DNSSEC loop-detect inotify dumpfile
Jun 26 16:03:43 gtw01 dnsmasq[27782]: LOUD WARNING: listening on 19.80.0.2 may accept requests via interfaces other than tap7e21ffe2-33
Jun 26 16:03:43 gtw01 dnsmasq[27782]: LOUD WARNING: use --bind-dynamic rather than --bind-interfaces to avoid DNS amplification attacks via these interface(s)
Jun 26 16:03:43 gtw01 dnsmasq[27782]: warning: no upstream servers configured
Jun 26 16:03:43 gtw01 dnsmasq-dhcp[27782]: DHCP, static leases only on 19.80.0.0, lease time 1h
Jun 26 16:03:43 gtw01 dnsmasq[27782]: read /var/lib/neutron/dhcp/c6f2d94e-a7f0-435d-83e6-f4f289b976c8/addn_hosts - 1 addresses
Jun 26 16:03:43 gtw01 dnsmasq-dhcp[27782]: read /var/lib/neutron/dhcp/c6f2d94e-a7f0-435d-83e6-f4f289b976c8/host
Jun 26 16:03:43 gtw01 dnsmasq-dhcp[27782]: read /var/lib/neutron/dhcp/c6f2d94e-a7f0-435d-83e6-f4f289b976c8/opts
Jun 26 16:03:43 gtw01 haproxy-metadata-proxy-c6f2d94e-a7f0-435d-83e6-f4f289b976c8[27788]: Proxy listener started.
Jun 26 16:03:44 gtw01 dnsmasq-dhcp[17953]: DHCPDISCOVER(tap4b728202-3b) fa:16:3e:f1:91:ae
Jun 26 16:03:44 gtw01 dnsmasq-dhcp[17953]: DHCPOFFER(tap4b728202-3b) 192.168.120.4 fa:16:3e:f1:91:ae
Jun 26 16:03:44 gtw01 dnsmasq-dhcp[17953]: DHCPREQUEST(tap4b728202-3b) 192.168.120.4 fa:16:3e:f1:91:ae
Jun 26 16:03:44 gtw01 dnsmasq-dhcp[17953]: DHCPACK(tap4b728202-3b) 192.168.120.4 fa:16:3e:f1:91:ae host-192-168-120-4
Jun 26 16:03:44 gtw01 dnsmasq[27782]: read /var/lib/neutron/dhcp/c6f2d94e-a7f0-435d-83e6-f4f289b976c8/addn_hosts - 1 addresses
Jun 26 16:03:44 gtw01 dnsmasq-dhcp[27782]: read /var/lib/neutron/dhcp/c6f2d94e-a7f0-435d-83e6-f4f289b976c8/host
Jun 26 16:03:44 gtw01 dnsmasq-dhcp[27782]: read /var/lib/neutron/dhcp/c6f2d94e-a7f0-435d-83e6-f4f289b976c8/opts
Jun 26 16:03:45 gtw01 dnsmasq[27821]: started, version 2.80 cachesize 150
Jun 26 16:03:45 gtw01 dnsmasq[27821]: DNS service limited to local subnets
Jun 26 16:03:45 gtw01 dnsmasq[27821]: compile time options: IPv6 GNU-getopt DBus i18n IDN DHCP DHCPv6 no-Lua TFTP conntrack ipset auth DNSSEC loop-detect inotify dumpfile
Jun 26 16:03:45 gtw01 dnsmasq[27821]: LOUD WARNING: listening on 19.86.0.2 may accept requests via interfaces other than tap159934fe-2c
Jun 26 16:03:45 gtw01 dnsmasq[27821]: LOUD WARNING: use --bind-dynamic rather than --bind-interfaces to avoid DNS amplification attacks via these interface(s)
Jun 26 16:03:45 gtw01 dnsmasq[27821]: warning: no upstream servers configured
Jun 26 16:03:45 gtw01 dnsmasq-dhcp[27821]: DHCP, static leases only on 19.86.0.0, lease time 1h
Jun 26 16:03:45 gtw01 dnsmasq[27821]: read /var/lib/neutron/dhcp/bc606aaa-a614-43c6-8132-1f5ba355be99/addn_hosts - 1 addresses
Jun 26 16:03:45 gtw01 dnsmasq-dhcp[27821]: read /var/lib/neutron/dhcp/bc606aaa-a614-43c6-8132-1f5ba355be99/host
Jun 26 16:03:45 gtw01 dnsmasq-dhcp[27821]: read /var/lib/neutron/dhcp/bc606aaa-a614-43c6-8132-1f5ba355be99/opts
Jun 26 16:03:45 gtw01 haproxy-metadata-proxy-bc606aaa-a614-43c6-8132-1f5ba355be99[27829]: Proxy listener started.
Jun 26 16:03:45 gtw01 dnsmasq[27782]: read /var/lib/neutron/dhcp/c6f2d94e-a7f0-435d-83e6-f4f289b976c8/addn_hosts - 1 addresses
Jun 26 16:03:45 gtw01 dnsmasq-dhcp[27782]: read /var/lib/neutron/dhcp/c6f2d94e-a7f0-435d-83e6-f4f289b976c8/host
Jun 26 16:03:45 gtw01 dnsmasq-dhcp[27782]: read /var/lib/neutron/dhcp/c6f2d94e-a7f0-435d-83e6-f4f289b976c8/opts
Jun 26 16:03:46 gtw01 dnsmasq[27821]: read /var/lib/neutron/dhcp/bc606aaa-a614-43c6-8132-1f5ba355be99/addn_hosts - 1 addresses
Jun 26 16:03:46 gtw01 dnsmasq-dhcp[27821]: read /var/lib/neutron/dhcp/bc606aaa-a614-43c6-8132-1f5ba355be99/host
Jun 26 16:03:46 gtw01 dnsmasq-dhcp[27821]: read /var/lib/neutron/dhcp/bc606aaa-a614-43c6-8132-1f5ba355be99/opts
Jun 26 16:03:46 gtw01 dnsmasq[27782]: read /var/lib/neutron/dhcp/c6f2d94e-a7f0-435d-83e6-f4f289b976c8/addn_hosts - 2 addresses
Jun 26 16:03:46 gtw01 dnsmasq-dhcp[27782]: read /var/lib/neutron/dhcp/c6f2d94e-a7f0-435d-83e6-f4f289b976c8/host
Jun 26 16:03:46 gtw01 dnsmasq-dhcp[27782]: read /var/lib/neutron/dhcp/c6f2d94e-a7f0-435d-83e6-f4f289b976c8/opts
Jun 26 16:03:47 gtw01 dnsmasq[27821]: read /var/lib/neutron/dhcp/bc606aaa-a614-43c6-8132-1f5ba355be99/addn_hosts - 1 addresses
Jun 26 16:03:47 gtw01 dnsmasq-dhcp[27821]: read /var/lib/neutron/dhcp/bc606aaa-a614-43c6-8132-1f5ba355be99/host
Jun 26 16:03:47 gtw01 dnsmasq-dhcp[27821]: read /var/lib/neutron/dhcp/bc606aaa-a614-43c6-8132-1f5ba355be99/opts
Jun 26 16:03:47 gtw01 dnsmasq-dhcp[26351]: DHCPDISCOVER(tapa0a67aa9-45) fa:16:3e:49:65:2d
Jun 26 16:03:47 gtw01 dnsmasq-dhcp[26351]: DHCPOFFER(tapa0a67aa9-45) 192.168.120.6 fa:16:3e:49:65:2d
Jun 26 16:03:47 gtw01 dnsmasq-dhcp[26351]: DHCPREQUEST(tapa0a67aa9-45) 192.168.120.6 fa:16:3e:49:65:2d
Jun 26 16:03:47 gtw01 dnsmasq-dhcp[26351]: DHCPACK(tapa0a67aa9-45) 192.168.120.6 fa:16:3e:49:65:2d host-192-168-120-6
Jun 26 16:03:47 gtw01 dnsmasq[27782]: read /var/lib/neutron/dhcp/c6f2d94e-a7f0-435d-83e6-f4f289b976c8/addn_hosts - 2 addresses
Jun 26 16:03:47 gtw01 dnsmasq-dhcp[27782]: read /var/lib/neutron/dhcp/c6f2d94e-a7f0-435d-83e6-f4f289b976c8/host
Jun 26 16:03:47 gtw01 dnsmasq-dhcp[27782]: read /var/lib/neutron/dhcp/c6f2d94e-a7f0-435d-83e6-f4f289b976c8/opts
Jun 26 16:03:48 gtw01 dnsmasq[27821]: read /var/lib/neutron/dhcp/bc606aaa-a614-43c6-8132-1f5ba355be99/addn_hosts - 2 addresses
Jun 26 16:03:48 gtw01 dnsmasq-dhcp[27821]: read /var/lib/neutron/dhcp/bc606aaa-a614-43c6-8132-1f5ba355be99/host
Jun 26 16:03:48 gtw01 dnsmasq-dhcp[27821]: read /var/lib/neutron/dhcp/bc606aaa-a614-43c6-8132-1f5ba355be99/opts
Jun 26 16:03:48 gtw01 dnsmasq-dhcp[17953]: DHCPRELEASE(tap4b728202-3b) 192.168.120.4 fa:16:3e:f1:91:ae
Jun 26 16:03:48 gtw01 dnsmasq[27782]: read /var/lib/neutron/dhcp/c6f2d94e-a7f0-435d-83e6-f4f289b976c8/addn_hosts - 3 addresses
Jun 26 16:03:48 gtw01 dnsmasq-dhcp[27782]: read /var/lib/neutron/dhcp/c6f2d94e-a7f0-435d-83e6-f4f289b976c8/host
Jun 26 16:03:48 gtw01 dnsmasq-dhcp[27782]: read /var/lib/neutron/dhcp/c6f2d94e-a7f0-435d-83e6-f4f289b976c8/opts
Jun 26 16:03:49 gtw01 dnsmasq[27821]: read /var/lib/neutron/dhcp/bc606aaa-a614-43c6-8132-1f5ba355be99/addn_hosts - 2 addresses
Jun 26 16:03:49 gtw01 dnsmasq-dhcp[27821]: read /var/lib/neutron/dhcp/bc606aaa-a614-43c6-8132-1f5ba355be99/host
Jun 26 16:03:49 gtw01 dnsmasq-dhcp[27821]: read /var/lib/neutron/dhcp/bc606aaa-a614-43c6-8132-1f5ba355be99/opts
Jun 26 16:03:49 gtw01 dnsmasq[27782]: read /var/lib/neutron/dhcp/c6f2d94e-a7f0-435d-83e6-f4f289b976c8/addn_hosts - 3 addresses
Jun 26 16:03:49 gtw01 dnsmasq-dhcp[27782]: read /var/lib/neutron/dhcp/c6f2d94e-a7f0-435d-83e6-f4f289b976c8/host
Jun 26 16:03:49 gtw01 dnsmasq-dhcp[27782]: read /var/lib/neutron/dhcp/c6f2d94e-a7f0-435d-83e6-f4f289b976c8/opts
Jun 26 16:03:50 gtw01 dnsmasq[27821]: read /var/lib/neutron/dhcp/bc606aaa-a614-43c6-8132-1f5ba355be99/addn_hosts - 2 addresses
Jun 26 16:03:50 gtw01 dnsmasq-dhcp[27821]: read /var/lib/neutron/dhcp/bc606aaa-a614-43c6-8132-1f5ba355be99/host
Jun 26 16:03:50 gtw01 dnsmasq-dhcp[27821]: read /var/lib/neutron/dhcp/bc606aaa-a614-43c6-8132-1f5ba355be99/opts
Jun 26 16:03:50 gtw01 dnsmasq[27782]: read /var/lib/neutron/dhcp/c6f2d94e-a7f0-435d-83e6-f4f289b976c8/addn_hosts - 3 addresses
Jun 26 16:03:50 gtw01 dnsmasq-dhcp[27782]: read /var/lib/neutron/dhcp/c6f2d94e-a7f0-435d-83e6-f4f289b976c8/host
Jun 26 16:03:50 gtw01 dnsmasq-dhcp[27782]: read /var/lib/neutron/dhcp/c6f2d94e-a7f0-435d-83e6-f4f289b976c8/opts
Jun 26 16:03:51 gtw01 dnsmasq[27821]: read /var/lib/neutron/dhcp/bc606aaa-a614-43c6-8132-1f5ba355be99/addn_hosts - 2 addresses
Jun 26 16:03:51 gtw01 dnsmasq-dhcp[27821]: read /var/lib/neutron/dhcp/bc606aaa-a614-43c6-8132-1f5ba355be99/host
Jun 26 16:03:51 gtw01 dnsmasq-dhcp[27821]: read /var/lib/neutron/dhcp/bc606aaa-a614-43c6-8132-1f5ba355be99/opts
Jun 26 16:03:51 gtw01 dnsmasq-dhcp[26351]: DHCPRELEASE(tapa0a67aa9-45) 192.168.120.6 fa:16:3e:49:65:2d
Jun 26 16:03:51 gtw01 dnsmasq[27782]: read /var/lib/neutron/dhcp/c6f2d94e-a7f0-435d-83e6-f4f289b976c8/addn_hosts - 3 addresses
Jun 26 16:03:51 gtw01 dnsmasq-dhcp[27782]: read /var/lib/neutron/dhcp/c6f2d94e-a7f0-435d-83e6-f4f289b976c8/host
Jun 26 16:03:51 gtw01 dnsmasq-dhcp[27782]: read /var/lib/neutron/dhcp/c6f2d94e-a7f0-435d-83e6-f4f289b976c8/opts
Jun 26 16:03:52 gtw01 dnsmasq[27782]: read /var/lib/neutron/dhcp/c6f2d94e-a7f0-435d-83e6-f4f289b976c8/addn_hosts - 3 addresses
Jun 26 16:03:52 gtw01 dnsmasq-dhcp[27782]: read /var/lib/neutron/dhcp/c6f2d94e-a7f0-435d-83e6-f4f289b976c8/host
Jun 26 16:03:52 gtw01 dnsmasq-dhcp[27782]: read /var/lib/neutron/dhcp/c6f2d94e-a7f0-435d-83e6-f4f289b976c8/opts
Jun 26 16:04:01 gtw01 dnsmasq[26351]: read /var/lib/neutron/dhcp/cbf10eb4-eb02-4de0-9c28-e351ff3e191e/addn_hosts - 6 addresses
Jun 26 16:04:01 gtw01 dnsmasq-dhcp[26351]: read /var/lib/neutron/dhcp/cbf10eb4-eb02-4de0-9c28-e351ff3e191e/host
Jun 26 16:04:01 gtw01 dnsmasq-dhcp[26351]: read /var/lib/neutron/dhcp/cbf10eb4-eb02-4de0-9c28-e351ff3e191e/opts
Jun 26 16:04:02 gtw01 dnsmasq[26351]: read /var/lib/neutron/dhcp/cbf10eb4-eb02-4de0-9c28-e351ff3e191e/addn_hosts - 6 addresses
Jun 26 16:04:02 gtw01 dnsmasq-dhcp[26351]: read /var/lib/neutron/dhcp/cbf10eb4-eb02-4de0-9c28-e351ff3e191e/host
Jun 26 16:04:02 gtw01 dnsmasq-dhcp[26351]: read /var/lib/neutron/dhcp/cbf10eb4-eb02-4de0-9c28-e351ff3e191e/opts
Jun 26 16:04:04 gtw01 dnsmasq[17953]: read /var/lib/neutron/dhcp/08aefdb8-b1ee-403c-a711-680217fa0635/addn_hosts - 2 addresses
Jun 26 16:04:04 gtw01 dnsmasq-dhcp[17953]: read /var/lib/neutron/dhcp/08aefdb8-b1ee-403c-a711-680217fa0635/host
Jun 26 16:04:04 gtw01 dnsmasq-dhcp[17953]: read /var/lib/neutron/dhcp/08aefdb8-b1ee-403c-a711-680217fa0635/opts
Jun 26 16:04:05 gtw01 dnsmasq[27782]: read /var/lib/neutron/dhcp/c6f2d94e-a7f0-435d-83e6-f4f289b976c8/addn_hosts - 2 addresses
Jun 26 16:04:05 gtw01 dnsmasq-dhcp[27782]: read /var/lib/neutron/dhcp/c6f2d94e-a7f0-435d-83e6-f4f289b976c8/host
Jun 26 16:04:05 gtw01 dnsmasq-dhcp[27782]: read /var/lib/neutron/dhcp/c6f2d94e-a7f0-435d-83e6-f4f289b976c8/opts
Jun 26 16:04:06 gtw01 dnsmasq[27821]: read /var/lib/neutron/dhcp/bc606aaa-a614-43c6-8132-1f5ba355be99/addn_hosts - 1 addresses
Jun 26 16:04:06 gtw01 dnsmasq-dhcp[27821]: read /var/lib/neutron/dhcp/bc606aaa-a614-43c6-8132-1f5ba355be99/host
Jun 26 16:04:06 gtw01 dnsmasq-dhcp[27821]: read /var/lib/neutron/dhcp/bc606aaa-a614-43c6-8132-1f5ba355be99/opts
Jun 26 16:04:06 gtw01 dnsmasq[17953]: read /var/lib/neutron/dhcp/08aefdb8-b1ee-403c-a711-680217fa0635/addn_hosts - 3 addresses
Jun 26 16:04:06 gtw01 dnsmasq-dhcp[17953]: read /var/lib/neutron/dhcp/08aefdb8-b1ee-403c-a711-680217fa0635/host
Jun 26 16:04:06 gtw01 dnsmasq-dhcp[17953]: read /var/lib/neutron/dhcp/08aefdb8-b1ee-403c-a711-680217fa0635/opts
Jun 26 16:04:07 gtw01 dnsmasq[17953]: read /var/lib/neutron/dhcp/08aefdb8-b1ee-403c-a711-680217fa0635/addn_hosts - 3 addresses
Jun 26 16:04:07 gtw01 dnsmasq-dhcp[17953]: read /var/lib/neutron/dhcp/08aefdb8-b1ee-403c-a711-680217fa0635/host
Jun 26 16:04:07 gtw01 dnsmasq-dhcp[17953]: read /var/lib/neutron/dhcp/08aefdb8-b1ee-403c-a711-680217fa0635/opts
Jun 26 16:04:07 gtw01 dnsmasq[27782]: read /var/lib/neutron/dhcp/c6f2d94e-a7f0-435d-83e6-f4f289b976c8/addn_hosts - 1 addresses
Jun 26 16:04:07 gtw01 dnsmasq-dhcp[27782]: read /var/lib/neutron/dhcp/c6f2d94e-a7f0-435d-83e6-f4f289b976c8/host
Jun 26 16:04:07 gtw01 dnsmasq-dhcp[27782]: read /var/lib/neutron/dhcp/c6f2d94e-a7f0-435d-83e6-f4f289b976c8/opts
Jun 26 16:04:08 gtw01 dnsmasq[17953]: read /var/lib/neutron/dhcp/08aefdb8-b1ee-403c-a711-680217fa0635/addn_hosts - 3 addresses
Jun 26 16:04:08 gtw01 dnsmasq-dhcp[17953]: read /var/lib/neutron/dhcp/08aefdb8-b1ee-403c-a711-680217fa0635/host
Jun 26 16:04:08 gtw01 dnsmasq-dhcp[17953]: read /var/lib/neutron/dhcp/08aefdb8-b1ee-403c-a711-680217fa0635/opts
Jun 26 16:04:11 gtw01 kernel: [ 7923.768045] device tap159934fe-2c left promiscuous mode
Jun 26 16:04:15 gtw01 kernel: [ 7927.799979] device tap7e21ffe2-33 left promiscuous mode
Jun 26 16:04:15 gtw01 dnsmasq[26351]: read /var/lib/neutron/dhcp/cbf10eb4-eb02-4de0-9c28-e351ff3e191e/addn_hosts - 5 addresses
Jun 26 16:04:15 gtw01 dnsmasq-dhcp[26351]: read /var/lib/neutron/dhcp/cbf10eb4-eb02-4de0-9c28-e351ff3e191e/host
Jun 26 16:04:15 gtw01 dnsmasq-dhcp[26351]: read /var/lib/neutron/dhcp/cbf10eb4-eb02-4de0-9c28-e351ff3e191e/opts
Jun 26 16:04:15 gtw01 dnsmasq[17953]: read /var/lib/neutron/dhcp/08aefdb8-b1ee-403c-a711-680217fa0635/addn_hosts - 2 addresses
Jun 26 16:04:15 gtw01 dnsmasq-dhcp[17953]: read /var/lib/neutron/dhcp/08aefdb8-b1ee-403c-a711-680217fa0635/host
Jun 26 16:04:15 gtw01 dnsmasq-dhcp[17953]: read /var/lib/neutron/dhcp/08aefdb8-b1ee-403c-a711-680217fa0635/opts
Jun 26 16:04:20 gtw01 dnsmasq[26351]: read /var/lib/neutron/dhcp/cbf10eb4-eb02-4de0-9c28-e351ff3e191e/addn_hosts - 6 addresses
Jun 26 16:04:20 gtw01 dnsmasq-dhcp[26351]: read /var/lib/neutron/dhcp/cbf10eb4-eb02-4de0-9c28-e351ff3e191e/host
Jun 26 16:04:20 gtw01 dnsmasq-dhcp[26351]: read /var/lib/neutron/dhcp/cbf10eb4-eb02-4de0-9c28-e351ff3e191e/opts
Jun 26 16:04:21 gtw01 kernel: [ 7933.927346] device tap02364891-8d entered promiscuous mode
Jun 26 16:04:21 gtw01 systemd-udevd[28284]: Could not generate persistent MAC address for tap02364891-8d: No such file or directory
Jun 26 16:04:21 gtw01 systemd-udevd[28353]: Process '/sbin/ip link set tap02364891-8d txqueuelen 10000' failed with exit code 1.
Jun 26 16:04:22 gtw01 dnsmasq[26351]: read /var/lib/neutron/dhcp/cbf10eb4-eb02-4de0-9c28-e351ff3e191e/addn_hosts - 6 addresses
Jun 26 16:04:22 gtw01 dnsmasq-dhcp[26351]: read /var/lib/neutron/dhcp/cbf10eb4-eb02-4de0-9c28-e351ff3e191e/host
Jun 26 16:04:22 gtw01 dnsmasq-dhcp[26351]: read /var/lib/neutron/dhcp/cbf10eb4-eb02-4de0-9c28-e351ff3e191e/opts
Jun 26 16:04:22 gtw01 kernel: [ 7935.583155] device tapac2b66ad-db entered promiscuous mode
Jun 26 16:04:22 gtw01 systemd-udevd[28414]: Could not generate persistent MAC address for tapac2b66ad-db: No such file or directory
Jun 26 16:04:23 gtw01 systemd-udevd[28414]: Process '/sbin/ip link set tapac2b66ad-db txqueuelen 10000' failed with exit code 1.
Jun 26 16:04:23 gtw01 dnsmasq[26351]: read /var/lib/neutron/dhcp/cbf10eb4-eb02-4de0-9c28-e351ff3e191e/addn_hosts - 6 addresses
Jun 26 16:04:23 gtw01 dnsmasq-dhcp[26351]: read /var/lib/neutron/dhcp/cbf10eb4-eb02-4de0-9c28-e351ff3e191e/host
Jun 26 16:04:23 gtw01 dnsmasq-dhcp[26351]: read /var/lib/neutron/dhcp/cbf10eb4-eb02-4de0-9c28-e351ff3e191e/opts
Jun 26 16:04:25 gtw01 dnsmasq[28582]: started, version 2.80 cachesize 150
Jun 26 16:04:25 gtw01 dnsmasq[28582]: DNS service limited to local subnets
Jun 26 16:04:25 gtw01 dnsmasq[28582]: compile time options: IPv6 GNU-getopt DBus i18n IDN DHCP DHCPv6 no-Lua TFTP conntrack ipset auth DNSSEC loop-detect inotify dumpfile
Jun 26 16:04:25 gtw01 dnsmasq[28582]: LOUD WARNING: listening on 19.80.0.2 may accept requests via interfaces other than tap02364891-8d
Jun 26 16:04:25 gtw01 dnsmasq[28582]: LOUD WARNING: use --bind-dynamic rather than --bind-interfaces to avoid DNS amplification attacks via these interface(s)
Jun 26 16:04:25 gtw01 dnsmasq[28582]: warning: no upstream servers configured
Jun 26 16:04:25 gtw01 dnsmasq-dhcp[28582]: DHCP, static leases only on 19.80.0.0, lease time 1h
Jun 26 16:04:25 gtw01 dnsmasq[28582]: read /var/lib/neutron/dhcp/b39342df-b275-44cb-8197-ebf2582e5a44/addn_hosts - 1 addresses
Jun 26 16:04:25 gtw01 dnsmasq-dhcp[28582]: read /var/lib/neutron/dhcp/b39342df-b275-44cb-8197-ebf2582e5a44/host
Jun 26 16:04:25 gtw01 dnsmasq-dhcp[28582]: read /var/lib/neutron/dhcp/b39342df-b275-44cb-8197-ebf2582e5a44/opts
Jun 26 16:04:25 gtw01 haproxy-metadata-proxy-b39342df-b275-44cb-8197-ebf2582e5a44[28590]: Proxy listener started.
Jun 26 16:04:26 gtw01 dnsmasq[28609]: started, version 2.80 cachesize 150
Jun 26 16:04:26 gtw01 dnsmasq[28609]: DNS service limited to local subnets
Jun 26 16:04:26 gtw01 dnsmasq[28609]: compile time options: IPv6 GNU-getopt DBus i18n IDN DHCP DHCPv6 no-Lua TFTP conntrack ipset auth DNSSEC loop-detect inotify dumpfile
Jun 26 16:04:26 gtw01 dnsmasq[28609]: LOUD WARNING: listening on 19.86.0.2 may accept requests via interfaces other than tapac2b66ad-db
Jun 26 16:04:26 gtw01 dnsmasq[28609]: LOUD WARNING: use --bind-dynamic rather than --bind-interfaces to avoid DNS amplification attacks via these interface(s)
Jun 26 16:04:26 gtw01 dnsmasq[28609]: warning: no upstream servers configured
Jun 26 16:04:26 gtw01 dnsmasq-dhcp[28609]: DHCP, static leases only on 19.86.0.0, lease time 1h
Jun 26 16:04:26 gtw01 dnsmasq[28609]: read /var/lib/neutron/dhcp/360aa26a-ef58-4c21-80fe-3691ac22af60/addn_hosts - 1 addresses
Jun 26 16:04:26 gtw01 dnsmasq-dhcp[28609]: read /var/lib/neutron/dhcp/360aa26a-ef58-4c21-80fe-3691ac22af60/host
Jun 26 16:04:26 gtw01 dnsmasq-dhcp[28609]: read /var/lib/neutron/dhcp/360aa26a-ef58-4c21-80fe-3691ac22af60/opts
Jun 26 16:04:26 gtw01 haproxy-metadata-proxy-360aa26a-ef58-4c21-80fe-3691ac22af60[28615]: Proxy listener started.
Jun 26 16:04:26 gtw01 dnsmasq[28582]: read /var/lib/neutron/dhcp/b39342df-b275-44cb-8197-ebf2582e5a44/addn_hosts - 2 addresses
Jun 26 16:04:26 gtw01 dnsmasq-dhcp[28582]: read /var/lib/neutron/dhcp/b39342df-b275-44cb-8197-ebf2582e5a44/host
Jun 26 16:04:26 gtw01 dnsmasq-dhcp[28582]: read /var/lib/neutron/dhcp/b39342df-b275-44cb-8197-ebf2582e5a44/opts
Jun 26 16:04:27 gtw01 dnsmasq[28609]: read /var/lib/neutron/dhcp/360aa26a-ef58-4c21-80fe-3691ac22af60/addn_hosts - 2 addresses
Jun 26 16:04:27 gtw01 dnsmasq-dhcp[28609]: read /var/lib/neutron/dhcp/360aa26a-ef58-4c21-80fe-3691ac22af60/host
Jun 26 16:04:27 gtw01 dnsmasq-dhcp[28609]: read /var/lib/neutron/dhcp/360aa26a-ef58-4c21-80fe-3691ac22af60/opts
Jun 26 16:04:27 gtw01 dnsmasq[28582]: read /var/lib/neutron/dhcp/b39342df-b275-44cb-8197-ebf2582e5a44/addn_hosts - 2 addresses
Jun 26 16:04:27 gtw01 dnsmasq-dhcp[28582]: read /var/lib/neutron/dhcp/b39342df-b275-44cb-8197-ebf2582e5a44/host
Jun 26 16:04:27 gtw01 dnsmasq-dhcp[28582]: read /var/lib/neutron/dhcp/b39342df-b275-44cb-8197-ebf2582e5a44/opts
Jun 26 16:04:28 gtw01 dnsmasq[28609]: read /var/lib/neutron/dhcp/360aa26a-ef58-4c21-80fe-3691ac22af60/addn_hosts - 2 addresses
Jun 26 16:04:28 gtw01 dnsmasq-dhcp[28609]: read /var/lib/neutron/dhcp/360aa26a-ef58-4c21-80fe-3691ac22af60/host
Jun 26 16:04:28 gtw01 dnsmasq-dhcp[28609]: read /var/lib/neutron/dhcp/360aa26a-ef58-4c21-80fe-3691ac22af60/opts
Jun 26 16:04:29 gtw01 dnsmasq[28582]: read /var/lib/neutron/dhcp/b39342df-b275-44cb-8197-ebf2582e5a44/addn_hosts - 2 addresses
Jun 26 16:04:29 gtw01 dnsmasq-dhcp[28582]: read /var/lib/neutron/dhcp/b39342df-b275-44cb-8197-ebf2582e5a44/host
Jun 26 16:04:29 gtw01 dnsmasq-dhcp[28582]: read /var/lib/neutron/dhcp/b39342df-b275-44cb-8197-ebf2582e5a44/opts
Jun 26 16:04:29 gtw01 dnsmasq[28609]: read /var/lib/neutron/dhcp/360aa26a-ef58-4c21-80fe-3691ac22af60/addn_hosts - 2 addresses
Jun 26 16:04:29 gtw01 dnsmasq-dhcp[28609]: read /var/lib/neutron/dhcp/360aa26a-ef58-4c21-80fe-3691ac22af60/host
Jun 26 16:04:29 gtw01 dnsmasq-dhcp[28609]: read /var/lib/neutron/dhcp/360aa26a-ef58-4c21-80fe-3691ac22af60/opts
Jun 26 16:04:30 gtw01 dnsmasq[28582]: read /var/lib/neutron/dhcp/b39342df-b275-44cb-8197-ebf2582e5a44/addn_hosts - 2 addresses
Jun 26 16:04:30 gtw01 dnsmasq-dhcp[28582]: read /var/lib/neutron/dhcp/b39342df-b275-44cb-8197-ebf2582e5a44/host
Jun 26 16:04:30 gtw01 dnsmasq-dhcp[28582]: read /var/lib/neutron/dhcp/b39342df-b275-44cb-8197-ebf2582e5a44/opts
Jun 26 16:04:30 gtw01 dnsmasq[28609]: read /var/lib/neutron/dhcp/360aa26a-ef58-4c21-80fe-3691ac22af60/addn_hosts - 2 addresses
Jun 26 16:04:30 gtw01 dnsmasq-dhcp[28609]: read /var/lib/neutron/dhcp/360aa26a-ef58-4c21-80fe-3691ac22af60/host
Jun 26 16:04:30 gtw01 dnsmasq-dhcp[28609]: read /var/lib/neutron/dhcp/360aa26a-ef58-4c21-80fe-3691ac22af60/opts
Jun 26 16:04:31 gtw01 dnsmasq[28582]: read /var/lib/neutron/dhcp/b39342df-b275-44cb-8197-ebf2582e5a44/addn_hosts - 2 addresses
Jun 26 16:04:31 gtw01 dnsmasq-dhcp[28582]: read /var/lib/neutron/dhcp/b39342df-b275-44cb-8197-ebf2582e5a44/host
Jun 26 16:04:31 gtw01 dnsmasq-dhcp[28582]: read /var/lib/neutron/dhcp/b39342df-b275-44cb-8197-ebf2582e5a44/opts
Jun 26 16:04:31 gtw01 dnsmasq[28609]: read /var/lib/neutron/dhcp/360aa26a-ef58-4c21-80fe-3691ac22af60/addn_hosts - 2 addresses
Jun 26 16:04:31 gtw01 dnsmasq-dhcp[28609]: read /var/lib/neutron/dhcp/360aa26a-ef58-4c21-80fe-3691ac22af60/host
Jun 26 16:04:31 gtw01 dnsmasq-dhcp[28609]: read /var/lib/neutron/dhcp/360aa26a-ef58-4c21-80fe-3691ac22af60/opts
Jun 26 16:04:31 gtw01 dnsmasq[28582]: read /var/lib/neutron/dhcp/b39342df-b275-44cb-8197-ebf2582e5a44/addn_hosts - 2 addresses
Jun 26 16:04:31 gtw01 dnsmasq-dhcp[28582]: read /var/lib/neutron/dhcp/b39342df-b275-44cb-8197-ebf2582e5a44/host
Jun 26 16:04:31 gtw01 dnsmasq-dhcp[28582]: read /var/lib/neutron/dhcp/b39342df-b275-44cb-8197-ebf2582e5a44/opts
Jun 26 16:04:32 gtw01 dnsmasq[28609]: read /var/lib/neutron/dhcp/360aa26a-ef58-4c21-80fe-3691ac22af60/addn_hosts - 2 addresses
Jun 26 16:04:32 gtw01 dnsmasq-dhcp[28609]: read /var/lib/neutron/dhcp/360aa26a-ef58-4c21-80fe-3691ac22af60/host
Jun 26 16:04:32 gtw01 dnsmasq-dhcp[28609]: read /var/lib/neutron/dhcp/360aa26a-ef58-4c21-80fe-3691ac22af60/opts
Jun 26 16:04:35 gtw01 dnsmasq-dhcp[26351]: DHCPDISCOVER(tapa0a67aa9-45) fa:16:3e:ad:8f:58
Jun 26 16:04:35 gtw01 dnsmasq-dhcp[26351]: DHCPOFFER(tapa0a67aa9-45) 192.168.120.7 fa:16:3e:ad:8f:58
Jun 26 16:04:35 gtw01 dnsmasq-dhcp[26351]: DHCPREQUEST(tapa0a67aa9-45) 192.168.120.7 fa:16:3e:ad:8f:58
Jun 26 16:04:35 gtw01 dnsmasq-dhcp[26351]: DHCPACK(tapa0a67aa9-45) 192.168.120.7 fa:16:3e:ad:8f:58 host-192-168-120-7
Jun 26 16:04:41 gtw01 dnsmasq[28582]: read /var/lib/neutron/dhcp/b39342df-b275-44cb-8197-ebf2582e5a44/addn_hosts - 1 addresses
Jun 26 16:04:41 gtw01 dnsmasq-dhcp[28582]: read /var/lib/neutron/dhcp/b39342df-b275-44cb-8197-ebf2582e5a44/host
Jun 26 16:04:41 gtw01 dnsmasq-dhcp[28582]: read /var/lib/neutron/dhcp/b39342df-b275-44cb-8197-ebf2582e5a44/opts
Jun 26 16:04:41 gtw01 dnsmasq-dhcp[26351]: DHCPRELEASE(tapa0a67aa9-45) 192.168.120.7 fa:16:3e:ad:8f:58
Jun 26 16:04:42 gtw01 dnsmasq[28609]: read /var/lib/neutron/dhcp/360aa26a-ef58-4c21-80fe-3691ac22af60/addn_hosts - 1 addresses
Jun 26 16:04:42 gtw01 dnsmasq-dhcp[28609]: read /var/lib/neutron/dhcp/360aa26a-ef58-4c21-80fe-3691ac22af60/host
Jun 26 16:04:42 gtw01 dnsmasq-dhcp[28609]: read /var/lib/neutron/dhcp/360aa26a-ef58-4c21-80fe-3691ac22af60/opts
Jun 26 16:04:45 gtw01 kernel: [ 7957.948603] device tapac2b66ad-db left promiscuous mode
Jun 26 16:04:49 gtw01 kernel: [ 7961.823249] device tap02364891-8d left promiscuous mode
Jun 26 16:04:53 gtw01 dnsmasq[27383]: read /var/lib/neutron/dhcp/0fc40f8c-b4ad-412b-af08-9b7f367cbabd/addn_hosts - 1 addresses
Jun 26 16:04:53 gtw01 dnsmasq-dhcp[27383]: read /var/lib/neutron/dhcp/0fc40f8c-b4ad-412b-af08-9b7f367cbabd/host
Jun 26 16:04:53 gtw01 dnsmasq-dhcp[27383]: read /var/lib/neutron/dhcp/0fc40f8c-b4ad-412b-af08-9b7f367cbabd/opts
Jun 26 16:04:55 gtw01 dnsmasq[17953]: read /var/lib/neutron/dhcp/08aefdb8-b1ee-403c-a711-680217fa0635/addn_hosts - 3 addresses
Jun 26 16:04:55 gtw01 dnsmasq-dhcp[17953]: read /var/lib/neutron/dhcp/08aefdb8-b1ee-403c-a711-680217fa0635/host
Jun 26 16:04:55 gtw01 dnsmasq-dhcp[17953]: read /var/lib/neutron/dhcp/08aefdb8-b1ee-403c-a711-680217fa0635/opts
Jun 26 16:04:56 gtw01 dnsmasq[17953]: read /var/lib/neutron/dhcp/08aefdb8-b1ee-403c-a711-680217fa0635/addn_hosts - 3 addresses
Jun 26 16:04:56 gtw01 dnsmasq-dhcp[17953]: read /var/lib/neutron/dhcp/08aefdb8-b1ee-403c-a711-680217fa0635/host
Jun 26 16:04:56 gtw01 dnsmasq-dhcp[17953]: read /var/lib/neutron/dhcp/08aefdb8-b1ee-403c-a711-680217fa0635/opts
Jun 26 16:04:57 gtw01 dnsmasq[17953]: read /var/lib/neutron/dhcp/08aefdb8-b1ee-403c-a711-680217fa0635/addn_hosts - 3 addresses
Jun 26 16:04:57 gtw01 dnsmasq-dhcp[17953]: read /var/lib/neutron/dhcp/08aefdb8-b1ee-403c-a711-680217fa0635/host
Jun 26 16:04:57 gtw01 dnsmasq-dhcp[17953]: read /var/lib/neutron/dhcp/08aefdb8-b1ee-403c-a711-680217fa0635/opts
Jun 26 16:04:59 gtw01 kernel: [ 7972.266631] device tap5530f1c1-55 left promiscuous mode
Jun 26 16:05:00 gtw01 dnsmasq[26351]: read /var/lib/neutron/dhcp/cbf10eb4-eb02-4de0-9c28-e351ff3e191e/addn_hosts - 5 addresses
Jun 26 16:05:00 gtw01 dnsmasq-dhcp[26351]: read /var/lib/neutron/dhcp/cbf10eb4-eb02-4de0-9c28-e351ff3e191e/host
Jun 26 16:05:00 gtw01 dnsmasq-dhcp[26351]: read /var/lib/neutron/dhcp/cbf10eb4-eb02-4de0-9c28-e351ff3e191e/opts
Jun 26 16:05:05 gtw01 dnsmasq[26351]: read /var/lib/neutron/dhcp/cbf10eb4-eb02-4de0-9c28-e351ff3e191e/addn_hosts - 6 addresses
Jun 26 16:05:05 gtw01 dnsmasq-dhcp[26351]: read /var/lib/neutron/dhcp/cbf10eb4-eb02-4de0-9c28-e351ff3e191e/host
Jun 26 16:05:05 gtw01 dnsmasq-dhcp[26351]: read /var/lib/neutron/dhcp/cbf10eb4-eb02-4de0-9c28-e351ff3e191e/opts
Jun 26 16:05:06 gtw01 dnsmasq[26351]: read /var/lib/neutron/dhcp/cbf10eb4-eb02-4de0-9c28-e351ff3e191e/addn_hosts - 6 addresses
Jun 26 16:05:06 gtw01 dnsmasq-dhcp[26351]: read /var/lib/neutron/dhcp/cbf10eb4-eb02-4de0-9c28-e351ff3e191e/host
Jun 26 16:05:06 gtw01 dnsmasq-dhcp[26351]: read /var/lib/neutron/dhcp/cbf10eb4-eb02-4de0-9c28-e351ff3e191e/opts
Jun 26 16:05:06 gtw01 dnsmasq[17953]: read /var/lib/neutron/dhcp/08aefdb8-b1ee-403c-a711-680217fa0635/addn_hosts - 2 addresses
Jun 26 16:05:06 gtw01 dnsmasq-dhcp[17953]: read /var/lib/neutron/dhcp/08aefdb8-b1ee-403c-a711-680217fa0635/host
Jun 26 16:05:06 gtw01 dnsmasq-dhcp[17953]: read /var/lib/neutron/dhcp/08aefdb8-b1ee-403c-a711-680217fa0635/opts
Jun 26 16:05:07 gtw01 dnsmasq[26351]: read /var/lib/neutron/dhcp/cbf10eb4-eb02-4de0-9c28-e351ff3e191e/addn_hosts - 6 addresses
Jun 26 16:05:07 gtw01 dnsmasq-dhcp[26351]: read /var/lib/neutron/dhcp/cbf10eb4-eb02-4de0-9c28-e351ff3e191e/host
Jun 26 16:05:07 gtw01 dnsmasq-dhcp[26351]: read /var/lib/neutron/dhcp/cbf10eb4-eb02-4de0-9c28-e351ff3e191e/opts
Jun 26 16:05:08 gtw01 systemd-udevd[29029]: Could not generate persistent MAC address for tapb9ac671a-a4: No such file or directory
Jun 26 16:05:08 gtw01 kernel: [ 7981.346456] device tapb9ac671a-a4 entered promiscuous mode
Jun 26 16:05:08 gtw01 systemd-udevd[29029]: Process '/sbin/ip link set tapb9ac671a-a4 txqueuelen 10000' failed with exit code 1.
Jun 26 16:05:08 gtw01 systemd-udevd[29103]: Process '/sbin/ip link set tapb9ac671a-a4 txqueuelen 10000' failed with exit code 1.
Jun 26 16:05:11 gtw01 dnsmasq[29164]: started, version 2.80 cachesize 150
Jun 26 16:05:11 gtw01 dnsmasq[29164]: DNS service limited to local subnets
Jun 26 16:05:11 gtw01 dnsmasq[29164]: compile time options: IPv6 GNU-getopt DBus i18n IDN DHCP DHCPv6 no-Lua TFTP conntrack ipset auth DNSSEC loop-detect inotify dumpfile
Jun 26 16:05:11 gtw01 dnsmasq[29164]: warning: no upstream servers configured
Jun 26 16:05:11 gtw01 dnsmasq-dhcp[29164]: DHCP, static leases only on 192.168.120.0, lease time 1h
Jun 26 16:05:11 gtw01 dnsmasq[29164]: read /var/lib/neutron/dhcp/d058549c-7372-4876-b3df-173ee220c644/addn_hosts - 1 addresses
Jun 26 16:05:11 gtw01 dnsmasq-dhcp[29164]: read /var/lib/neutron/dhcp/d058549c-7372-4876-b3df-173ee220c644/host
Jun 26 16:05:11 gtw01 dnsmasq-dhcp[29164]: read /var/lib/neutron/dhcp/d058549c-7372-4876-b3df-173ee220c644/opts
Jun 26 16:05:12 gtw01 haproxy-metadata-proxy-d058549c-7372-4876-b3df-173ee220c644[29168]: Proxy listener started.
Jun 26 16:05:12 gtw01 dnsmasq[29164]: read /var/lib/neutron/dhcp/d058549c-7372-4876-b3df-173ee220c644/addn_hosts - 2 addresses
Jun 26 16:05:12 gtw01 dnsmasq-dhcp[29164]: read /var/lib/neutron/dhcp/d058549c-7372-4876-b3df-173ee220c644/host
Jun 26 16:05:12 gtw01 dnsmasq-dhcp[29164]: read /var/lib/neutron/dhcp/d058549c-7372-4876-b3df-173ee220c644/opts
Jun 26 16:05:13 gtw01 dnsmasq[29164]: read /var/lib/neutron/dhcp/d058549c-7372-4876-b3df-173ee220c644/addn_hosts - 2 addresses
Jun 26 16:05:13 gtw01 dnsmasq-dhcp[29164]: read /var/lib/neutron/dhcp/d058549c-7372-4876-b3df-173ee220c644/host
Jun 26 16:05:13 gtw01 dnsmasq-dhcp[29164]: read /var/lib/neutron/dhcp/d058549c-7372-4876-b3df-173ee220c644/opts
Jun 26 16:05:14 gtw01 dnsmasq[29164]: read /var/lib/neutron/dhcp/d058549c-7372-4876-b3df-173ee220c644/addn_hosts - 2 addresses
Jun 26 16:05:14 gtw01 dnsmasq-dhcp[29164]: read /var/lib/neutron/dhcp/d058549c-7372-4876-b3df-173ee220c644/host
Jun 26 16:05:14 gtw01 dnsmasq-dhcp[29164]: read /var/lib/neutron/dhcp/d058549c-7372-4876-b3df-173ee220c644/opts
Jun 26 16:05:15 gtw01 kernel: [ 7987.920899] device tap7e92efa3-24 entered promiscuous mode
Jun 26 16:05:15 gtw01 systemd-udevd[29237]: Could not generate persistent MAC address for tap7e92efa3-24: No such file or directory
Jun 26 16:05:15 gtw01 systemd-udevd[29237]: Process '/sbin/ip link set tap7e92efa3-24 txqueuelen 10000' failed with exit code 1.
Jun 26 16:05:15 gtw01 systemd-udevd[29237]: Process '/sbin/ip link set tap7e92efa3-24 txqueuelen 10000' failed with exit code 1.
Jun 26 16:05:15 gtw01 dnsmasq[29164]: read /var/lib/neutron/dhcp/d058549c-7372-4876-b3df-173ee220c644/addn_hosts - 2 addresses
Jun 26 16:05:15 gtw01 dnsmasq-dhcp[29164]: read /var/lib/neutron/dhcp/d058549c-7372-4876-b3df-173ee220c644/host
Jun 26 16:05:15 gtw01 dnsmasq-dhcp[29164]: read /var/lib/neutron/dhcp/d058549c-7372-4876-b3df-173ee220c644/opts
Jun 26 16:05:16 gtw01 dnsmasq[29164]: read /var/lib/neutron/dhcp/d058549c-7372-4876-b3df-173ee220c644/addn_hosts - 2 addresses
Jun 26 16:05:16 gtw01 dnsmasq-dhcp[29164]: read /var/lib/neutron/dhcp/d058549c-7372-4876-b3df-173ee220c644/host
Jun 26 16:05:16 gtw01 dnsmasq-dhcp[29164]: read /var/lib/neutron/dhcp/d058549c-7372-4876-b3df-173ee220c644/opts
Jun 26 16:05:18 gtw01 dnsmasq[29405]: started, version 2.80 cachesize 150
Jun 26 16:05:18 gtw01 dnsmasq[29405]: DNS service limited to local subnets
Jun 26 16:05:18 gtw01 dnsmasq[29405]: compile time options: IPv6 GNU-getopt DBus i18n IDN DHCP DHCPv6 no-Lua TFTP conntrack ipset auth DNSSEC loop-detect inotify dumpfile
Jun 26 16:05:18 gtw01 dnsmasq[29405]: warning: no upstream servers configured
Jun 26 16:05:18 gtw01 dnsmasq-dhcp[29405]: DHCP, static leases only on 10.10.10.0, lease time 1h
Jun 26 16:05:18 gtw01 dnsmasq[29405]: read /var/lib/neutron/dhcp/a6ad4123-6435-493c-a1a0-10c7faa9514e/addn_hosts - 1 addresses
Jun 26 16:05:18 gtw01 dnsmasq-dhcp[29405]: read /var/lib/neutron/dhcp/a6ad4123-6435-493c-a1a0-10c7faa9514e/host
Jun 26 16:05:18 gtw01 dnsmasq-dhcp[29405]: read /var/lib/neutron/dhcp/a6ad4123-6435-493c-a1a0-10c7faa9514e/opts
