Jun 26 18:02:04 gtw01 dnsmasq[20154]: LOUD WARNING: use --bind-dynamic rather than --bind-interfaces to avoid DNS amplification attacks via these interface(s)
Jun 26 18:02:04 gtw01 dnsmasq[20154]: warning: no upstream servers configured
Jun 26 18:02:04 gtw01 dnsmasq-dhcp[20154]: DHCP, static leases only on 1.1.1.28, lease time 1h
Jun 26 18:02:04 gtw01 dnsmasq[20154]: read /var/lib/neutron/dhcp/99659e99-7ea5-4a94-8fa4-570399f30c09/addn_hosts - 1 addresses
Jun 26 18:02:04 gtw01 dnsmasq-dhcp[20154]: read /var/lib/neutron/dhcp/99659e99-7ea5-4a94-8fa4-570399f30c09/host
Jun 26 18:02:04 gtw01 dnsmasq-dhcp[20154]: read /var/lib/neutron/dhcp/99659e99-7ea5-4a94-8fa4-570399f30c09/opts
Jun 26 18:02:04 gtw01 haproxy-metadata-proxy-da0be167-98eb-4a39-992a-a6ed1752f02f[20157]: Proxy listener started.
Jun 26 18:02:04 gtw01 dnsmasq[19926]: read /var/lib/neutron/dhcp/bb90bede-1625-4cbf-953b-fec353030604/addn_hosts - 1 addresses
Jun 26 18:02:04 gtw01 dnsmasq-dhcp[19926]: read /var/lib/neutron/dhcp/bb90bede-1625-4cbf-953b-fec353030604/host
Jun 26 18:02:04 gtw01 dnsmasq-dhcp[19926]: read /var/lib/neutron/dhcp/bb90bede-1625-4cbf-953b-fec353030604/opts
Jun 26 18:02:04 gtw01 haproxy-metadata-proxy-99659e99-7ea5-4a94-8fa4-570399f30c09[20179]: Proxy listener started.
Jun 26 18:02:05 gtw01 dnsmasq[19961]: read /var/lib/neutron/dhcp/9cc84803-2d90-4e85-a9f5-66df5f865558/addn_hosts - 1 addresses
Jun 26 18:02:05 gtw01 dnsmasq-dhcp[19961]: read /var/lib/neutron/dhcp/9cc84803-2d90-4e85-a9f5-66df5f865558/host
Jun 26 18:02:05 gtw01 dnsmasq-dhcp[19961]: read /var/lib/neutron/dhcp/9cc84803-2d90-4e85-a9f5-66df5f865558/opts
Jun 26 18:02:05 gtw01 dnsmasq[19956]: read /var/lib/neutron/dhcp/e62354f8-7c8b-4923-b06c-97dd50b6a4b8/addn_hosts - 1 addresses
Jun 26 18:02:05 gtw01 dnsmasq-dhcp[19956]: read /var/lib/neutron/dhcp/e62354f8-7c8b-4923-b06c-97dd50b6a4b8/host
Jun 26 18:02:05 gtw01 dnsmasq-dhcp[19956]: read /var/lib/neutron/dhcp/e62354f8-7c8b-4923-b06c-97dd50b6a4b8/opts
Jun 26 18:02:05 gtw01 dnsmasq-dhcp[20125]: DHCPRELEASE(tap28781b20-0f) 1.1.1.22 fa:16:3e:98:02:cd
Jun 26 18:02:06 gtw01 dnsmasq[20019]: read /var/lib/neutron/dhcp/fd30aa00-e70c-4497-81d4-fe3520a2e87a/addn_hosts - 1 addresses
Jun 26 18:02:06 gtw01 dnsmasq-dhcp[20019]: read /var/lib/neutron/dhcp/fd30aa00-e70c-4497-81d4-fe3520a2e87a/host
Jun 26 18:02:06 gtw01 dnsmasq-dhcp[20019]: read /var/lib/neutron/dhcp/fd30aa00-e70c-4497-81d4-fe3520a2e87a/opts
Jun 26 18:02:06 gtw01 dnsmasq[20038]: read /var/lib/neutron/dhcp/ed000f85-dc88-4966-af12-fe31ef6da84a/addn_hosts - 1 addresses
Jun 26 18:02:06 gtw01 dnsmasq-dhcp[20038]: read /var/lib/neutron/dhcp/ed000f85-dc88-4966-af12-fe31ef6da84a/host
Jun 26 18:02:06 gtw01 dnsmasq-dhcp[20038]: read /var/lib/neutron/dhcp/ed000f85-dc88-4966-af12-fe31ef6da84a/opts
Jun 26 18:02:07 gtw01 kernel: [14999.918281] device tap26ceedbd-bf left promiscuous mode
Jun 26 18:02:07 gtw01 dnsmasq[20125]: read /var/lib/neutron/dhcp/da0be167-98eb-4a39-992a-a6ed1752f02f/addn_hosts - 0 addresses
Jun 26 18:02:07 gtw01 dnsmasq-dhcp[20125]: read /var/lib/neutron/dhcp/da0be167-98eb-4a39-992a-a6ed1752f02f/host
Jun 26 18:02:07 gtw01 dnsmasq-dhcp[20125]: read /var/lib/neutron/dhcp/da0be167-98eb-4a39-992a-a6ed1752f02f/opts
Jun 26 18:02:07 gtw01 dnsmasq[19926]: read /var/lib/neutron/dhcp/bb90bede-1625-4cbf-953b-fec353030604/addn_hosts - 1 addresses
Jun 26 18:02:07 gtw01 dnsmasq-dhcp[19926]: read /var/lib/neutron/dhcp/bb90bede-1625-4cbf-953b-fec353030604/host
Jun 26 18:02:07 gtw01 dnsmasq-dhcp[19926]: read /var/lib/neutron/dhcp/bb90bede-1625-4cbf-953b-fec353030604/opts
Jun 26 18:02:07 gtw01 dnsmasq[19956]: read /var/lib/neutron/dhcp/e62354f8-7c8b-4923-b06c-97dd50b6a4b8/addn_hosts - 1 addresses
Jun 26 18:02:07 gtw01 dnsmasq-dhcp[19956]: read /var/lib/neutron/dhcp/e62354f8-7c8b-4923-b06c-97dd50b6a4b8/host
Jun 26 18:02:07 gtw01 dnsmasq-dhcp[19956]: read /var/lib/neutron/dhcp/e62354f8-7c8b-4923-b06c-97dd50b6a4b8/opts
Jun 26 18:02:08 gtw01 dnsmasq[19961]: read /var/lib/neutron/dhcp/9cc84803-2d90-4e85-a9f5-66df5f865558/addn_hosts - 1 addresses
Jun 26 18:02:08 gtw01 dnsmasq-dhcp[19961]: read /var/lib/neutron/dhcp/9cc84803-2d90-4e85-a9f5-66df5f865558/host
Jun 26 18:02:08 gtw01 dnsmasq-dhcp[19961]: read /var/lib/neutron/dhcp/9cc84803-2d90-4e85-a9f5-66df5f865558/opts
Jun 26 18:02:08 gtw01 kernel: [15001.120141] device tap26535ee0-53 left promiscuous mode
Jun 26 18:02:09 gtw01 kernel: [15002.357380] device tap30eb4820-90 left promiscuous mode
Jun 26 18:02:09 gtw01 kernel: [15002.372334] device tapf552c24b-3c left promiscuous mode
Jun 26 18:02:09 gtw01 kernel: [15002.698829] device tap28781b20-0f left promiscuous mode
Jun 26 18:02:10 gtw01 kernel: [15002.816486] device tap46979964-7c left promiscuous mode
Jun 26 18:02:10 gtw01 kernel: [15002.918878] device tap13f6b304-3c left promiscuous mode
Jun 26 18:02:10 gtw01 kernel: [15002.951424] device tapeab7efa5-c9 left promiscuous mode
Jun 26 18:06:17 gtw01 kernel: [15250.204879] device tap2bbd84e3-dd entered promiscuous mode
Jun 26 18:06:17 gtw01 systemd-udevd[20399]: Could not generate persistent MAC address for tap2bbd84e3-dd: No such file or directory
Jun 26 18:06:17 gtw01 systemd-udevd[20399]: Process '/sbin/ip link set tap2bbd84e3-dd txqueuelen 10000' failed with exit code 1.
Jun 26 18:06:17 gtw01 systemd-udevd[20473]: Process '/sbin/ip link set tap2bbd84e3-dd txqueuelen 10000' failed with exit code 1.
Jun 26 18:06:18 gtw01 kernel: [15251.544901] device tap60595e73-ea entered promiscuous mode
Jun 26 18:06:18 gtw01 systemd-udevd[20518]: Could not generate persistent MAC address for tap60595e73-ea: No such file or directory
Jun 26 18:06:18 gtw01 systemd-udevd[20518]: Process '/sbin/ip link set tap60595e73-ea txqueuelen 10000' failed with exit code 1.
Jun 26 18:06:18 gtw01 systemd-udevd[20518]: Process '/sbin/ip link set tap60595e73-ea txqueuelen 10000' failed with exit code 1.
Jun 26 18:06:21 gtw01 kernel: [15253.909331] device tapb1e80ac7-44 entered promiscuous mode
Jun 26 18:06:21 gtw01 systemd-udevd[20681]: Process '/sbin/ip link set tapb1e80ac7-44 txqueuelen 10000' failed with exit code 1.
Jun 26 18:06:21 gtw01 systemd-udevd[20681]: Process '/sbin/ip link set tapb1e80ac7-44 txqueuelen 10000' failed with exit code 1.
Jun 26 18:06:21 gtw01 dnsmasq[20775]: started, version 2.80 cachesize 150
Jun 26 18:06:21 gtw01 dnsmasq[20775]: DNS service limited to local subnets
Jun 26 18:06:21 gtw01 dnsmasq[20775]: compile time options: IPv6 GNU-getopt DBus i18n IDN DHCP DHCPv6 no-Lua TFTP conntrack ipset auth DNSSEC loop-detect inotify dumpfile
Jun 26 18:06:21 gtw01 dnsmasq[20775]: warning: no upstream servers configured
Jun 26 18:06:21 gtw01 dnsmasq-dhcp[20775]: DHCP, static leases only on 10.2.72.0, lease time 1h
Jun 26 18:06:21 gtw01 dnsmasq[20775]: read /var/lib/neutron/dhcp/2ca866a2-17b9-45a2-bb6a-162225216561/addn_hosts - 1 addresses
Jun 26 18:06:21 gtw01 dnsmasq-dhcp[20775]: read /var/lib/neutron/dhcp/2ca866a2-17b9-45a2-bb6a-162225216561/host
Jun 26 18:06:21 gtw01 dnsmasq-dhcp[20775]: read /var/lib/neutron/dhcp/2ca866a2-17b9-45a2-bb6a-162225216561/opts
Jun 26 18:06:21 gtw01 haproxy-metadata-proxy-2ca866a2-17b9-45a2-bb6a-162225216561[20787]: Proxy listener started.
Jun 26 18:06:22 gtw01 dnsmasq[20775]: read /var/lib/neutron/dhcp/2ca866a2-17b9-45a2-bb6a-162225216561/addn_hosts - 4 addresses
Jun 26 18:06:22 gtw01 dnsmasq-dhcp[20775]: read /var/lib/neutron/dhcp/2ca866a2-17b9-45a2-bb6a-162225216561/host
Jun 26 18:06:22 gtw01 dnsmasq-dhcp[20775]: read /var/lib/neutron/dhcp/2ca866a2-17b9-45a2-bb6a-162225216561/opts
Jun 26 18:06:23 gtw01 dnsmasq[20824]: started, version 2.80 cachesize 150
Jun 26 18:06:23 gtw01 dnsmasq[20824]: DNS service limited to local subnets
Jun 26 18:06:23 gtw01 dnsmasq[20824]: compile time options: IPv6 GNU-getopt DBus i18n IDN DHCP DHCPv6 no-Lua TFTP conntrack ipset auth DNSSEC loop-detect inotify dumpfile
Jun 26 18:06:23 gtw01 dnsmasq[20824]: warning: no upstream servers configured
Jun 26 18:06:23 gtw01 dnsmasq-dhcp[20824]: DHCP, static leases only on 10.2.73.0, lease time 1h
Jun 26 18:06:23 gtw01 dnsmasq[20824]: read /var/lib/neutron/dhcp/dcf66e24-3dc8-4dea-80ad-f5672f5f1c54/addn_hosts - 1 addresses
Jun 26 18:06:23 gtw01 dnsmasq-dhcp[20824]: read /var/lib/neutron/dhcp/dcf66e24-3dc8-4dea-80ad-f5672f5f1c54/host
Jun 26 18:06:23 gtw01 dnsmasq-dhcp[20824]: read /var/lib/neutron/dhcp/dcf66e24-3dc8-4dea-80ad-f5672f5f1c54/opts
Jun 26 18:06:23 gtw01 haproxy-metadata-proxy-dcf66e24-3dc8-4dea-80ad-f5672f5f1c54[20836]: Proxy listener started.
Jun 26 18:06:24 gtw01 dnsmasq[20775]: read /var/lib/neutron/dhcp/2ca866a2-17b9-45a2-bb6a-162225216561/addn_hosts - 4 addresses
Jun 26 18:06:24 gtw01 dnsmasq-dhcp[20775]: read /var/lib/neutron/dhcp/2ca866a2-17b9-45a2-bb6a-162225216561/host
Jun 26 18:06:24 gtw01 dnsmasq-dhcp[20775]: read /var/lib/neutron/dhcp/2ca866a2-17b9-45a2-bb6a-162225216561/opts
Jun 26 18:06:24 gtw01 dnsmasq[20824]: read /var/lib/neutron/dhcp/dcf66e24-3dc8-4dea-80ad-f5672f5f1c54/addn_hosts - 5 addresses
Jun 26 18:06:24 gtw01 dnsmasq-dhcp[20824]: read /var/lib/neutron/dhcp/dcf66e24-3dc8-4dea-80ad-f5672f5f1c54/host
Jun 26 18:06:24 gtw01 dnsmasq-dhcp[20824]: read /var/lib/neutron/dhcp/dcf66e24-3dc8-4dea-80ad-f5672f5f1c54/opts
Jun 26 18:06:25 gtw01 dnsmasq[20775]: read /var/lib/neutron/dhcp/2ca866a2-17b9-45a2-bb6a-162225216561/addn_hosts - 4 addresses
Jun 26 18:06:25 gtw01 dnsmasq-dhcp[20775]: read /var/lib/neutron/dhcp/2ca866a2-17b9-45a2-bb6a-162225216561/host
Jun 26 18:06:25 gtw01 dnsmasq-dhcp[20775]: read /var/lib/neutron/dhcp/2ca866a2-17b9-45a2-bb6a-162225216561/opts
Jun 26 18:06:25 gtw01 dnsmasq[20921]: started, version 2.80 cachesize 150
Jun 26 18:06:25 gtw01 dnsmasq[20921]: DNS service limited to local subnets
Jun 26 18:06:25 gtw01 dnsmasq[20921]: compile time options: IPv6 GNU-getopt DBus i18n IDN DHCP DHCPv6 no-Lua TFTP conntrack ipset auth DNSSEC loop-detect inotify dumpfile
Jun 26 18:06:25 gtw01 dnsmasq[20921]: warning: no upstream servers configured
Jun 26 18:06:25 gtw01 dnsmasq-dhcp[20921]: DHCP, static leases only on 10.2.74.0, lease time 1h
Jun 26 18:06:25 gtw01 dnsmasq[20921]: read /var/lib/neutron/dhcp/52098e19-4536-4f3e-854e-e7dce9ba590f/addn_hosts - 1 addresses
Jun 26 18:06:25 gtw01 dnsmasq-dhcp[20921]: read /var/lib/neutron/dhcp/52098e19-4536-4f3e-854e-e7dce9ba590f/host
Jun 26 18:06:25 gtw01 dnsmasq-dhcp[20921]: read /var/lib/neutron/dhcp/52098e19-4536-4f3e-854e-e7dce9ba590f/opts
Jun 26 18:06:25 gtw01 dnsmasq[20824]: read /var/lib/neutron/dhcp/dcf66e24-3dc8-4dea-80ad-f5672f5f1c54/addn_hosts - 5 addresses
Jun 26 18:06:25 gtw01 dnsmasq-dhcp[20824]: read /var/lib/neutron/dhcp/dcf66e24-3dc8-4dea-80ad-f5672f5f1c54/host
Jun 26 18:06:25 gtw01 dnsmasq-dhcp[20824]: read /var/lib/neutron/dhcp/dcf66e24-3dc8-4dea-80ad-f5672f5f1c54/opts
Jun 26 18:06:26 gtw01 haproxy-metadata-proxy-52098e19-4536-4f3e-854e-e7dce9ba590f[20933]: Proxy listener started.
Jun 26 18:06:26 gtw01 dnsmasq[20775]: read /var/lib/neutron/dhcp/2ca866a2-17b9-45a2-bb6a-162225216561/addn_hosts - 4 addresses
Jun 26 18:06:26 gtw01 dnsmasq-dhcp[20775]: read /var/lib/neutron/dhcp/2ca866a2-17b9-45a2-bb6a-162225216561/host
Jun 26 18:06:26 gtw01 dnsmasq-dhcp[20775]: read /var/lib/neutron/dhcp/2ca866a2-17b9-45a2-bb6a-162225216561/opts
Jun 26 18:06:27 gtw01 dnsmasq[20921]: read /var/lib/neutron/dhcp/52098e19-4536-4f3e-854e-e7dce9ba590f/addn_hosts - 5 addresses
Jun 26 18:06:27 gtw01 dnsmasq-dhcp[20921]: read /var/lib/neutron/dhcp/52098e19-4536-4f3e-854e-e7dce9ba590f/host
Jun 26 18:06:27 gtw01 dnsmasq-dhcp[20921]: read /var/lib/neutron/dhcp/52098e19-4536-4f3e-854e-e7dce9ba590f/opts
Jun 26 18:06:27 gtw01 dnsmasq[20824]: read /var/lib/neutron/dhcp/dcf66e24-3dc8-4dea-80ad-f5672f5f1c54/addn_hosts - 5 addresses
Jun 26 18:06:27 gtw01 dnsmasq-dhcp[20824]: read /var/lib/neutron/dhcp/dcf66e24-3dc8-4dea-80ad-f5672f5f1c54/host
Jun 26 18:06:27 gtw01 dnsmasq-dhcp[20824]: read /var/lib/neutron/dhcp/dcf66e24-3dc8-4dea-80ad-f5672f5f1c54/opts
Jun 26 18:06:28 gtw01 dnsmasq[20775]: read /var/lib/neutron/dhcp/2ca866a2-17b9-45a2-bb6a-162225216561/addn_hosts - 4 addresses
Jun 26 18:06:28 gtw01 dnsmasq-dhcp[20775]: read /var/lib/neutron/dhcp/2ca866a2-17b9-45a2-bb6a-162225216561/host
Jun 26 18:06:28 gtw01 dnsmasq-dhcp[20775]: read /var/lib/neutron/dhcp/2ca866a2-17b9-45a2-bb6a-162225216561/opts
Jun 26 18:06:28 gtw01 dnsmasq[20921]: read /var/lib/neutron/dhcp/52098e19-4536-4f3e-854e-e7dce9ba590f/addn_hosts - 5 addresses
Jun 26 18:06:28 gtw01 dnsmasq-dhcp[20921]: read /var/lib/neutron/dhcp/52098e19-4536-4f3e-854e-e7dce9ba590f/host
Jun 26 18:06:28 gtw01 dnsmasq-dhcp[20921]: read /var/lib/neutron/dhcp/52098e19-4536-4f3e-854e-e7dce9ba590f/opts
Jun 26 18:06:28 gtw01 dnsmasq[20824]: read /var/lib/neutron/dhcp/dcf66e24-3dc8-4dea-80ad-f5672f5f1c54/addn_hosts - 5 addresses
Jun 26 18:06:28 gtw01 dnsmasq-dhcp[20824]: read /var/lib/neutron/dhcp/dcf66e24-3dc8-4dea-80ad-f5672f5f1c54/host
Jun 26 18:06:28 gtw01 dnsmasq-dhcp[20824]: read /var/lib/neutron/dhcp/dcf66e24-3dc8-4dea-80ad-f5672f5f1c54/opts
Jun 26 18:06:29 gtw01 dnsmasq[20775]: read /var/lib/neutron/dhcp/2ca866a2-17b9-45a2-bb6a-162225216561/addn_hosts - 5 addresses
Jun 26 18:06:29 gtw01 dnsmasq-dhcp[20775]: read /var/lib/neutron/dhcp/2ca866a2-17b9-45a2-bb6a-162225216561/host
Jun 26 18:06:29 gtw01 dnsmasq-dhcp[20775]: read /var/lib/neutron/dhcp/2ca866a2-17b9-45a2-bb6a-162225216561/opts
Jun 26 18:06:29 gtw01 dnsmasq[20824]: read /var/lib/neutron/dhcp/dcf66e24-3dc8-4dea-80ad-f5672f5f1c54/addn_hosts - 5 addresses
Jun 26 18:06:29 gtw01 dnsmasq-dhcp[20824]: read /var/lib/neutron/dhcp/dcf66e24-3dc8-4dea-80ad-f5672f5f1c54/host
Jun 26 18:06:29 gtw01 dnsmasq-dhcp[20824]: read /var/lib/neutron/dhcp/dcf66e24-3dc8-4dea-80ad-f5672f5f1c54/opts
Jun 26 18:06:29 gtw01 dnsmasq[20921]: read /var/lib/neutron/dhcp/52098e19-4536-4f3e-854e-e7dce9ba590f/addn_hosts - 5 addresses
Jun 26 18:06:29 gtw01 dnsmasq-dhcp[20921]: read /var/lib/neutron/dhcp/52098e19-4536-4f3e-854e-e7dce9ba590f/host
Jun 26 18:06:29 gtw01 dnsmasq-dhcp[20921]: read /var/lib/neutron/dhcp/52098e19-4536-4f3e-854e-e7dce9ba590f/opts
Jun 26 18:06:31 gtw01 dnsmasq[20775]: read /var/lib/neutron/dhcp/2ca866a2-17b9-45a2-bb6a-162225216561/addn_hosts - 6 addresses
Jun 26 18:06:31 gtw01 dnsmasq-dhcp[20775]: read /var/lib/neutron/dhcp/2ca866a2-17b9-45a2-bb6a-162225216561/host
Jun 26 18:06:31 gtw01 dnsmasq-dhcp[20775]: read /var/lib/neutron/dhcp/2ca866a2-17b9-45a2-bb6a-162225216561/opts
Jun 26 18:06:31 gtw01 dnsmasq[20824]: read /var/lib/neutron/dhcp/dcf66e24-3dc8-4dea-80ad-f5672f5f1c54/addn_hosts - 5 addresses
Jun 26 18:06:31 gtw01 dnsmasq-dhcp[20824]: read /var/lib/neutron/dhcp/dcf66e24-3dc8-4dea-80ad-f5672f5f1c54/host
Jun 26 18:06:31 gtw01 dnsmasq-dhcp[20824]: read /var/lib/neutron/dhcp/dcf66e24-3dc8-4dea-80ad-f5672f5f1c54/opts
Jun 26 18:06:31 gtw01 dnsmasq[20921]: read /var/lib/neutron/dhcp/52098e19-4536-4f3e-854e-e7dce9ba590f/addn_hosts - 5 addresses
Jun 26 18:06:31 gtw01 dnsmasq-dhcp[20921]: read /var/lib/neutron/dhcp/52098e19-4536-4f3e-854e-e7dce9ba590f/host
Jun 26 18:06:31 gtw01 dnsmasq-dhcp[20921]: read /var/lib/neutron/dhcp/52098e19-4536-4f3e-854e-e7dce9ba590f/opts
Jun 26 18:06:32 gtw01 dnsmasq[20775]: read /var/lib/neutron/dhcp/2ca866a2-17b9-45a2-bb6a-162225216561/addn_hosts - 7 addresses
Jun 26 18:06:32 gtw01 dnsmasq-dhcp[20775]: read /var/lib/neutron/dhcp/2ca866a2-17b9-45a2-bb6a-162225216561/host
Jun 26 18:06:32 gtw01 dnsmasq-dhcp[20775]: read /var/lib/neutron/dhcp/2ca866a2-17b9-45a2-bb6a-162225216561/opts
Jun 26 18:06:32 gtw01 dnsmasq[20824]: read /var/lib/neutron/dhcp/dcf66e24-3dc8-4dea-80ad-f5672f5f1c54/addn_hosts - 5 addresses
Jun 26 18:06:32 gtw01 dnsmasq-dhcp[20824]: read /var/lib/neutron/dhcp/dcf66e24-3dc8-4dea-80ad-f5672f5f1c54/host
Jun 26 18:06:32 gtw01 dnsmasq-dhcp[20824]: read /var/lib/neutron/dhcp/dcf66e24-3dc8-4dea-80ad-f5672f5f1c54/opts
Jun 26 18:06:32 gtw01 dnsmasq[20921]: read /var/lib/neutron/dhcp/52098e19-4536-4f3e-854e-e7dce9ba590f/addn_hosts - 5 addresses
Jun 26 18:06:32 gtw01 dnsmasq-dhcp[20921]: read /var/lib/neutron/dhcp/52098e19-4536-4f3e-854e-e7dce9ba590f/host
Jun 26 18:06:32 gtw01 dnsmasq-dhcp[20921]: read /var/lib/neutron/dhcp/52098e19-4536-4f3e-854e-e7dce9ba590f/opts
Jun 26 18:06:33 gtw01 dnsmasq[20921]: read /var/lib/neutron/dhcp/52098e19-4536-4f3e-854e-e7dce9ba590f/addn_hosts - 5 addresses
Jun 26 18:06:33 gtw01 dnsmasq-dhcp[20921]: read /var/lib/neutron/dhcp/52098e19-4536-4f3e-854e-e7dce9ba590f/host
Jun 26 18:06:33 gtw01 dnsmasq-dhcp[20921]: read /var/lib/neutron/dhcp/52098e19-4536-4f3e-854e-e7dce9ba590f/opts
Jun 26 18:06:33 gtw01 dnsmasq[20775]: read /var/lib/neutron/dhcp/2ca866a2-17b9-45a2-bb6a-162225216561/addn_hosts - 8 addresses
Jun 26 18:06:33 gtw01 dnsmasq-dhcp[20775]: read /var/lib/neutron/dhcp/2ca866a2-17b9-45a2-bb6a-162225216561/host
Jun 26 18:06:33 gtw01 dnsmasq-dhcp[20775]: read /var/lib/neutron/dhcp/2ca866a2-17b9-45a2-bb6a-162225216561/opts
Jun 26 18:06:34 gtw01 dnsmasq[20921]: read /var/lib/neutron/dhcp/52098e19-4536-4f3e-854e-e7dce9ba590f/addn_hosts - 6 addresses
Jun 26 18:06:34 gtw01 dnsmasq-dhcp[20921]: read /var/lib/neutron/dhcp/52098e19-4536-4f3e-854e-e7dce9ba590f/host
Jun 26 18:06:34 gtw01 dnsmasq-dhcp[20921]: read /var/lib/neutron/dhcp/52098e19-4536-4f3e-854e-e7dce9ba590f/opts
Jun 26 18:06:34 gtw01 dnsmasq[20775]: read /var/lib/neutron/dhcp/2ca866a2-17b9-45a2-bb6a-162225216561/addn_hosts - 9 addresses
Jun 26 18:06:34 gtw01 dnsmasq-dhcp[20775]: read /var/lib/neutron/dhcp/2ca866a2-17b9-45a2-bb6a-162225216561/host
Jun 26 18:06:34 gtw01 dnsmasq-dhcp[20775]: read /var/lib/neutron/dhcp/2ca866a2-17b9-45a2-bb6a-162225216561/opts
Jun 26 18:06:35 gtw01 dnsmasq[20921]: read /var/lib/neutron/dhcp/52098e19-4536-4f3e-854e-e7dce9ba590f/addn_hosts - 7 addresses
Jun 26 18:06:35 gtw01 dnsmasq-dhcp[20921]: read /var/lib/neutron/dhcp/52098e19-4536-4f3e-854e-e7dce9ba590f/host
Jun 26 18:06:35 gtw01 dnsmasq-dhcp[20921]: read /var/lib/neutron/dhcp/52098e19-4536-4f3e-854e-e7dce9ba590f/opts
Jun 26 18:06:35 gtw01 dnsmasq[20775]: read /var/lib/neutron/dhcp/2ca866a2-17b9-45a2-bb6a-162225216561/addn_hosts - 10 addresses
Jun 26 18:06:35 gtw01 dnsmasq-dhcp[20775]: read /var/lib/neutron/dhcp/2ca866a2-17b9-45a2-bb6a-162225216561/host
Jun 26 18:06:35 gtw01 dnsmasq-dhcp[20775]: read /var/lib/neutron/dhcp/2ca866a2-17b9-45a2-bb6a-162225216561/opts
Jun 26 18:06:36 gtw01 dnsmasq[20921]: read /var/lib/neutron/dhcp/52098e19-4536-4f3e-854e-e7dce9ba590f/addn_hosts - 7 addresses
Jun 26 18:06:36 gtw01 dnsmasq-dhcp[20921]: read /var/lib/neutron/dhcp/52098e19-4536-4f3e-854e-e7dce9ba590f/host
Jun 26 18:06:36 gtw01 dnsmasq-dhcp[20921]: read /var/lib/neutron/dhcp/52098e19-4536-4f3e-854e-e7dce9ba590f/opts
Jun 26 18:06:36 gtw01 dnsmasq[20775]: read /var/lib/neutron/dhcp/2ca866a2-17b9-45a2-bb6a-162225216561/addn_hosts - 11 addresses
Jun 26 18:06:36 gtw01 dnsmasq-dhcp[20775]: read /var/lib/neutron/dhcp/2ca866a2-17b9-45a2-bb6a-162225216561/host
Jun 26 18:06:36 gtw01 dnsmasq-dhcp[20775]: read /var/lib/neutron/dhcp/2ca866a2-17b9-45a2-bb6a-162225216561/opts
Jun 26 18:06:37 gtw01 dnsmasq[20775]: read /var/lib/neutron/dhcp/2ca866a2-17b9-45a2-bb6a-162225216561/addn_hosts - 11 addresses
Jun 26 18:06:37 gtw01 dnsmasq-dhcp[20775]: read /var/lib/neutron/dhcp/2ca866a2-17b9-45a2-bb6a-162225216561/host
Jun 26 18:06:37 gtw01 dnsmasq-dhcp[20775]: read /var/lib/neutron/dhcp/2ca866a2-17b9-45a2-bb6a-162225216561/opts
Jun 26 18:06:41 gtw01 dnsmasq[20775]: read /var/lib/neutron/dhcp/2ca866a2-17b9-45a2-bb6a-162225216561/addn_hosts - 10 addresses
Jun 26 18:06:41 gtw01 dnsmasq-dhcp[20775]: read /var/lib/neutron/dhcp/2ca866a2-17b9-45a2-bb6a-162225216561/host
Jun 26 18:06:41 gtw01 dnsmasq-dhcp[20775]: read /var/lib/neutron/dhcp/2ca866a2-17b9-45a2-bb6a-162225216561/opts
Jun 26 18:06:43 gtw01 dnsmasq[20775]: read /var/lib/neutron/dhcp/2ca866a2-17b9-45a2-bb6a-162225216561/addn_hosts - 9 addresses
Jun 26 18:06:43 gtw01 dnsmasq-dhcp[20775]: read /var/lib/neutron/dhcp/2ca866a2-17b9-45a2-bb6a-162225216561/host
Jun 26 18:06:43 gtw01 dnsmasq-dhcp[20775]: read /var/lib/neutron/dhcp/2ca866a2-17b9-45a2-bb6a-162225216561/opts
Jun 26 18:06:44 gtw01 dnsmasq[20775]: read /var/lib/neutron/dhcp/2ca866a2-17b9-45a2-bb6a-162225216561/addn_hosts - 8 addresses
Jun 26 18:06:44 gtw01 dnsmasq-dhcp[20775]: read /var/lib/neutron/dhcp/2ca866a2-17b9-45a2-bb6a-162225216561/host
Jun 26 18:06:44 gtw01 dnsmasq-dhcp[20775]: read /var/lib/neutron/dhcp/2ca866a2-17b9-45a2-bb6a-162225216561/opts
Jun 26 18:06:44 gtw01 dnsmasq[20824]: read /var/lib/neutron/dhcp/dcf66e24-3dc8-4dea-80ad-f5672f5f1c54/addn_hosts - 4 addresses
Jun 26 18:06:44 gtw01 dnsmasq-dhcp[20824]: read /var/lib/neutron/dhcp/dcf66e24-3dc8-4dea-80ad-f5672f5f1c54/host
Jun 26 18:06:44 gtw01 dnsmasq-dhcp[20824]: read /var/lib/neutron/dhcp/dcf66e24-3dc8-4dea-80ad-f5672f5f1c54/opts
Jun 26 18:06:45 gtw01 dnsmasq[20775]: read /var/lib/neutron/dhcp/2ca866a2-17b9-45a2-bb6a-162225216561/addn_hosts - 7 addresses
Jun 26 18:06:45 gtw01 dnsmasq-dhcp[20775]: read /var/lib/neutron/dhcp/2ca866a2-17b9-45a2-bb6a-162225216561/host
Jun 26 18:06:45 gtw01 dnsmasq-dhcp[20775]: read /var/lib/neutron/dhcp/2ca866a2-17b9-45a2-bb6a-162225216561/opts
Jun 26 18:06:45 gtw01 dnsmasq[20921]: read /var/lib/neutron/dhcp/52098e19-4536-4f3e-854e-e7dce9ba590f/addn_hosts - 6 addresses
Jun 26 18:06:45 gtw01 dnsmasq-dhcp[20921]: read /var/lib/neutron/dhcp/52098e19-4536-4f3e-854e-e7dce9ba590f/host
Jun 26 18:06:45 gtw01 dnsmasq-dhcp[20921]: read /var/lib/neutron/dhcp/52098e19-4536-4f3e-854e-e7dce9ba590f/opts
Jun 26 18:06:46 gtw01 dnsmasq[20824]: read /var/lib/neutron/dhcp/dcf66e24-3dc8-4dea-80ad-f5672f5f1c54/addn_hosts - 3 addresses
Jun 26 18:06:46 gtw01 dnsmasq-dhcp[20824]: read /var/lib/neutron/dhcp/dcf66e24-3dc8-4dea-80ad-f5672f5f1c54/host
Jun 26 18:06:46 gtw01 dnsmasq-dhcp[20824]: read /var/lib/neutron/dhcp/dcf66e24-3dc8-4dea-80ad-f5672f5f1c54/opts
Jun 26 18:06:46 gtw01 dnsmasq[20775]: read /var/lib/neutron/dhcp/2ca866a2-17b9-45a2-bb6a-162225216561/addn_hosts - 6 addresses
Jun 26 18:06:46 gtw01 dnsmasq-dhcp[20775]: read /var/lib/neutron/dhcp/2ca866a2-17b9-45a2-bb6a-162225216561/host
Jun 26 18:06:46 gtw01 dnsmasq-dhcp[20775]: read /var/lib/neutron/dhcp/2ca866a2-17b9-45a2-bb6a-162225216561/opts
Jun 26 18:06:47 gtw01 dnsmasq[20921]: read /var/lib/neutron/dhcp/52098e19-4536-4f3e-854e-e7dce9ba590f/addn_hosts - 5 addresses
Jun 26 18:06:47 gtw01 dnsmasq-dhcp[20921]: read /var/lib/neutron/dhcp/52098e19-4536-4f3e-854e-e7dce9ba590f/host
Jun 26 18:06:47 gtw01 dnsmasq-dhcp[20921]: read /var/lib/neutron/dhcp/52098e19-4536-4f3e-854e-e7dce9ba590f/opts
Jun 26 18:06:47 gtw01 dnsmasq[20824]: read /var/lib/neutron/dhcp/dcf66e24-3dc8-4dea-80ad-f5672f5f1c54/addn_hosts - 2 addresses
Jun 26 18:06:47 gtw01 dnsmasq-dhcp[20824]: read /var/lib/neutron/dhcp/dcf66e24-3dc8-4dea-80ad-f5672f5f1c54/host
Jun 26 18:06:47 gtw01 dnsmasq-dhcp[20824]: read /var/lib/neutron/dhcp/dcf66e24-3dc8-4dea-80ad-f5672f5f1c54/opts
Jun 26 18:06:47 gtw01 dnsmasq[20775]: read /var/lib/neutron/dhcp/2ca866a2-17b9-45a2-bb6a-162225216561/addn_hosts - 5 addresses
Jun 26 18:06:47 gtw01 dnsmasq-dhcp[20775]: read /var/lib/neutron/dhcp/2ca866a2-17b9-45a2-bb6a-162225216561/host
Jun 26 18:06:47 gtw01 dnsmasq-dhcp[20775]: read /var/lib/neutron/dhcp/2ca866a2-17b9-45a2-bb6a-162225216561/opts
Jun 26 18:06:48 gtw01 dnsmasq[20921]: read /var/lib/neutron/dhcp/52098e19-4536-4f3e-854e-e7dce9ba590f/addn_hosts - 4 addresses
Jun 26 18:06:48 gtw01 dnsmasq-dhcp[20921]: read /var/lib/neutron/dhcp/52098e19-4536-4f3e-854e-e7dce9ba590f/host
Jun 26 18:06:48 gtw01 dnsmasq-dhcp[20921]: read /var/lib/neutron/dhcp/52098e19-4536-4f3e-854e-e7dce9ba590f/opts
Jun 26 18:06:48 gtw01 dnsmasq[20824]: read /var/lib/neutron/dhcp/dcf66e24-3dc8-4dea-80ad-f5672f5f1c54/addn_hosts - 1 addresses
Jun 26 18:06:48 gtw01 dnsmasq-dhcp[20824]: read /var/lib/neutron/dhcp/dcf66e24-3dc8-4dea-80ad-f5672f5f1c54/host
Jun 26 18:06:48 gtw01 dnsmasq-dhcp[20824]: read /var/lib/neutron/dhcp/dcf66e24-3dc8-4dea-80ad-f5672f5f1c54/opts
Jun 26 18:06:49 gtw01 dnsmasq[20775]: read /var/lib/neutron/dhcp/2ca866a2-17b9-45a2-bb6a-162225216561/addn_hosts - 4 addresses
Jun 26 18:06:49 gtw01 dnsmasq-dhcp[20775]: read /var/lib/neutron/dhcp/2ca866a2-17b9-45a2-bb6a-162225216561/host
Jun 26 18:06:49 gtw01 dnsmasq-dhcp[20775]: read /var/lib/neutron/dhcp/2ca866a2-17b9-45a2-bb6a-162225216561/opts
Jun 26 18:06:49 gtw01 dnsmasq[20921]: read /var/lib/neutron/dhcp/52098e19-4536-4f3e-854e-e7dce9ba590f/addn_hosts - 3 addresses
Jun 26 18:06:49 gtw01 dnsmasq-dhcp[20921]: read /var/lib/neutron/dhcp/52098e19-4536-4f3e-854e-e7dce9ba590f/host
Jun 26 18:06:49 gtw01 dnsmasq-dhcp[20921]: read /var/lib/neutron/dhcp/52098e19-4536-4f3e-854e-e7dce9ba590f/opts
Jun 26 18:06:50 gtw01 dnsmasq[20775]: read /var/lib/neutron/dhcp/2ca866a2-17b9-45a2-bb6a-162225216561/addn_hosts - 3 addresses
Jun 26 18:06:50 gtw01 dnsmasq-dhcp[20775]: read /var/lib/neutron/dhcp/2ca866a2-17b9-45a2-bb6a-162225216561/host
Jun 26 18:06:50 gtw01 dnsmasq-dhcp[20775]: read /var/lib/neutron/dhcp/2ca866a2-17b9-45a2-bb6a-162225216561/opts
Jun 26 18:06:50 gtw01 dnsmasq[20921]: read /var/lib/neutron/dhcp/52098e19-4536-4f3e-854e-e7dce9ba590f/addn_hosts - 2 addresses
Jun 26 18:06:50 gtw01 dnsmasq-dhcp[20921]: read /var/lib/neutron/dhcp/52098e19-4536-4f3e-854e-e7dce9ba590f/host
Jun 26 18:06:50 gtw01 dnsmasq-dhcp[20921]: read /var/lib/neutron/dhcp/52098e19-4536-4f3e-854e-e7dce9ba590f/opts
Jun 26 18:06:51 gtw01 dnsmasq[20775]: read /var/lib/neutron/dhcp/2ca866a2-17b9-45a2-bb6a-162225216561/addn_hosts - 2 addresses
Jun 26 18:06:51 gtw01 dnsmasq-dhcp[20775]: read /var/lib/neutron/dhcp/2ca866a2-17b9-45a2-bb6a-162225216561/host
Jun 26 18:06:51 gtw01 dnsmasq-dhcp[20775]: read /var/lib/neutron/dhcp/2ca866a2-17b9-45a2-bb6a-162225216561/opts
Jun 26 18:06:51 gtw01 dnsmasq[20921]: read /var/lib/neutron/dhcp/52098e19-4536-4f3e-854e-e7dce9ba590f/addn_hosts - 1 addresses
Jun 26 18:06:51 gtw01 dnsmasq-dhcp[20921]: read /var/lib/neutron/dhcp/52098e19-4536-4f3e-854e-e7dce9ba590f/host
Jun 26 18:06:51 gtw01 dnsmasq-dhcp[20921]: read /var/lib/neutron/dhcp/52098e19-4536-4f3e-854e-e7dce9ba590f/opts
Jun 26 18:06:52 gtw01 dnsmasq[20775]: read /var/lib/neutron/dhcp/2ca866a2-17b9-45a2-bb6a-162225216561/addn_hosts - 1 addresses
Jun 26 18:06:52 gtw01 dnsmasq-dhcp[20775]: read /var/lib/neutron/dhcp/2ca866a2-17b9-45a2-bb6a-162225216561/host
Jun 26 18:06:52 gtw01 dnsmasq-dhcp[20775]: read /var/lib/neutron/dhcp/2ca866a2-17b9-45a2-bb6a-162225216561/opts
Jun 26 18:06:57 gtw01 dnsmasq[20775]: read /var/lib/neutron/dhcp/2ca866a2-17b9-45a2-bb6a-162225216561/addn_hosts - 1 addresses
Jun 26 18:06:57 gtw01 dnsmasq-dhcp[20775]: read /var/lib/neutron/dhcp/2ca866a2-17b9-45a2-bb6a-162225216561/host
Jun 26 18:06:57 gtw01 dnsmasq-dhcp[20775]: read /var/lib/neutron/dhcp/2ca866a2-17b9-45a2-bb6a-162225216561/opts
Jun 26 18:06:58 gtw01 kernel: [15291.545856] device tap2bbd84e3-dd left promiscuous mode
Jun 26 18:07:01 gtw01 dnsmasq[20824]: read /var/lib/neutron/dhcp/dcf66e24-3dc8-4dea-80ad-f5672f5f1c54/addn_hosts - 1 addresses
Jun 26 18:07:01 gtw01 dnsmasq-dhcp[20824]: read /var/lib/neutron/dhcp/dcf66e24-3dc8-4dea-80ad-f5672f5f1c54/host
Jun 26 18:07:01 gtw01 dnsmasq-dhcp[20824]: read /var/lib/neutron/dhcp/dcf66e24-3dc8-4dea-80ad-f5672f5f1c54/opts
Jun 26 18:07:02 gtw01 kernel: [15294.949874] device tap60595e73-ea left promiscuous mode
Jun 26 18:07:04 gtw01 dnsmasq[20921]: read /var/lib/neutron/dhcp/52098e19-4536-4f3e-854e-e7dce9ba590f/addn_hosts - 1 addresses
Jun 26 18:07:04 gtw01 dnsmasq-dhcp[20921]: read /var/lib/neutron/dhcp/52098e19-4536-4f3e-854e-e7dce9ba590f/host
Jun 26 18:07:04 gtw01 dnsmasq-dhcp[20921]: read /var/lib/neutron/dhcp/52098e19-4536-4f3e-854e-e7dce9ba590f/opts
Jun 26 18:07:05 gtw01 kernel: [15298.387214] device tapb1e80ac7-44 left promiscuous mode
Jun 26 18:07:24 gtw01 kernel: [15317.198499] device tapc3d3c60a-50 entered promiscuous mode
Jun 26 18:07:24 gtw01 systemd-udevd[21743]: Could not generate persistent MAC address for tapc3d3c60a-50: No such file or directory
Jun 26 18:07:24 gtw01 systemd-udevd[21743]: Process '/sbin/ip link set tapc3d3c60a-50 txqueuelen 10000' failed with exit code 1.
Jun 26 18:07:24 gtw01 systemd-udevd[21743]: Process '/sbin/ip link set tapc3d3c60a-50 txqueuelen 10000' failed with exit code 1.
Jun 26 18:07:26 gtw01 kernel: [15318.834475] device tap122977c0-99 entered promiscuous mode
Jun 26 18:07:26 gtw01 systemd-udevd[21878]: Could not generate persistent MAC address for tap122977c0-99: No such file or directory
Jun 26 18:07:26 gtw01 systemd-udevd[21878]: Process '/sbin/ip link set tap122977c0-99 txqueuelen 10000' failed with exit code 1.
Jun 26 18:07:26 gtw01 systemd-udevd[21878]: Process '/sbin/ip link set tap122977c0-99 txqueuelen 10000' failed with exit code 1.
Jun 26 18:07:26 gtw01 kernel: [15319.332073] device tap96dc6b74-be entered promiscuous mode
Jun 26 18:07:26 gtw01 systemd-udevd[21982]: Process '/sbin/ip link set tap96dc6b74-be txqueuelen 10000' failed with exit code 1.
Jun 26 18:07:26 gtw01 systemd-udevd[21982]: Process '/sbin/ip link set tap96dc6b74-be txqueuelen 10000' failed with exit code 1.
Jun 26 18:07:27 gtw01 kernel: [15320.417975] device tap9d3ff5b4-6f entered promiscuous mode
Jun 26 18:07:27 gtw01 systemd-udevd[22101]: Could not generate persistent MAC address for tap9d3ff5b4-6f: No such file or directory
Jun 26 18:07:27 gtw01 systemd-udevd[22101]: Process '/sbin/ip link set tap9d3ff5b4-6f txqueuelen 10000' failed with exit code 1.
Jun 26 18:07:27 gtw01 systemd-udevd[22101]: Process '/sbin/ip link set tap9d3ff5b4-6f txqueuelen 10000' failed with exit code 1.
Jun 26 18:07:30 gtw01 dnsmasq[22280]: started, version 2.80 cachesize 150
Jun 26 18:07:30 gtw01 dnsmasq[22280]: DNS service limited to local subnets
Jun 26 18:07:30 gtw01 dnsmasq[22280]: compile time options: IPv6 GNU-getopt DBus i18n IDN DHCP DHCPv6 no-Lua TFTP conntrack ipset auth DNSSEC loop-detect inotify dumpfile
Jun 26 18:07:30 gtw01 dnsmasq[22280]: warning: no upstream servers configured
Jun 26 18:07:30 gtw01 dnsmasq-dhcp[22280]: DHCP, static leases only on 10.2.75.0, lease time 1h
Jun 26 18:07:30 gtw01 dnsmasq[22280]: read /var/lib/neutron/dhcp/70e61645-6bdc-4fbb-95dc-6a9fd93c4218/addn_hosts - 1 addresses
Jun 26 18:07:30 gtw01 dnsmasq-dhcp[22280]: read /var/lib/neutron/dhcp/70e61645-6bdc-4fbb-95dc-6a9fd93c4218/host
Jun 26 18:07:30 gtw01 dnsmasq-dhcp[22280]: read /var/lib/neutron/dhcp/70e61645-6bdc-4fbb-95dc-6a9fd93c4218/opts
Jun 26 18:07:30 gtw01 haproxy-metadata-proxy-70e61645-6bdc-4fbb-95dc-6a9fd93c4218[22298]: Proxy listener started.
Jun 26 18:07:31 gtw01 dnsmasq[22334]: started, version 2.80 cachesize 150
Jun 26 18:07:31 gtw01 dnsmasq[22334]: DNS service limited to local subnets
Jun 26 18:07:31 gtw01 dnsmasq[22334]: compile time options: IPv6 GNU-getopt DBus i18n IDN DHCP DHCPv6 no-Lua TFTP conntrack ipset auth DNSSEC loop-detect inotify dumpfile
Jun 26 18:07:31 gtw01 dnsmasq[22334]: warning: no upstream servers configured
Jun 26 18:07:31 gtw01 dnsmasq-dhcp[22334]: DHCP, static leases only on 10.2.77.0, lease time 1h
Jun 26 18:07:31 gtw01 dnsmasq[22334]: read /var/lib/neutron/dhcp/f71c6adb-2ee3-4369-a46e-cce4f3be2501/addn_hosts - 1 addresses
Jun 26 18:07:31 gtw01 dnsmasq-dhcp[22334]: read /var/lib/neutron/dhcp/f71c6adb-2ee3-4369-a46e-cce4f3be2501/host
Jun 26 18:07:31 gtw01 dnsmasq-dhcp[22334]: read /var/lib/neutron/dhcp/f71c6adb-2ee3-4369-a46e-cce4f3be2501/opts
Jun 26 18:07:32 gtw01 dnsmasq[22345]: started, version 2.80 cachesize 150
Jun 26 18:07:32 gtw01 dnsmasq[22345]: DNS service limited to local subnets
Jun 26 18:07:32 gtw01 dnsmasq[22345]: compile time options: IPv6 GNU-getopt DBus i18n IDN DHCP DHCPv6 no-Lua TFTP conntrack ipset auth DNSSEC loop-detect inotify dumpfile
Jun 26 18:07:32 gtw01 dnsmasq[22345]: warning: no upstream servers configured
Jun 26 18:07:32 gtw01 dnsmasq-dhcp[22345]: DHCP, static leases only on 10.2.78.0, lease time 1h
Jun 26 18:07:32 gtw01 dnsmasq[22345]: read /var/lib/neutron/dhcp/5402d940-ed74-44fe-bce8-f8d118878fd4/addn_hosts - 1 addresses
Jun 26 18:07:32 gtw01 dnsmasq-dhcp[22345]: read /var/lib/neutron/dhcp/5402d940-ed74-44fe-bce8-f8d118878fd4/host
Jun 26 18:07:32 gtw01 dnsmasq-dhcp[22345]: read /var/lib/neutron/dhcp/5402d940-ed74-44fe-bce8-f8d118878fd4/opts
Jun 26 18:07:32 gtw01 haproxy-metadata-proxy-f71c6adb-2ee3-4369-a46e-cce4f3be2501[22349]: Proxy listener started.
Jun 26 18:07:32 gtw01 haproxy-metadata-proxy-5402d940-ed74-44fe-bce8-f8d118878fd4[22353]: Proxy listener started.
Jun 26 18:07:32 gtw01 dnsmasq[22368]: started, version 2.80 cachesize 150
Jun 26 18:07:32 gtw01 dnsmasq[22368]: DNS service limited to local subnets
Jun 26 18:07:32 gtw01 dnsmasq[22368]: compile time options: IPv6 GNU-getopt DBus i18n IDN DHCP DHCPv6 no-Lua TFTP conntrack ipset auth DNSSEC loop-detect inotify dumpfile
Jun 26 18:07:32 gtw01 dnsmasq[22368]: warning: no upstream servers configured
Jun 26 18:07:32 gtw01 dnsmasq-dhcp[22368]: DHCP, static leases only on 10.2.76.0, lease time 1h
Jun 26 18:07:32 gtw01 dnsmasq-dhcp[22368]: DHCP, static leases only on 10.2.80.0, lease time 1h
Jun 26 18:07:32 gtw01 dnsmasq[22368]: read /var/lib/neutron/dhcp/320f24f4-d729-4695-baec-6f47e53c4836/addn_hosts - 2 addresses
Jun 26 18:07:32 gtw01 dnsmasq-dhcp[22368]: read /var/lib/neutron/dhcp/320f24f4-d729-4695-baec-6f47e53c4836/host
Jun 26 18:07:32 gtw01 dnsmasq-dhcp[22368]: read /var/lib/neutron/dhcp/320f24f4-d729-4695-baec-6f47e53c4836/opts
Jun 26 18:07:33 gtw01 haproxy-metadata-proxy-320f24f4-d729-4695-baec-6f47e53c4836[22372]: Proxy listener started.
Jun 26 18:07:34 gtw01 dnsmasq[22368]: read /var/lib/neutron/dhcp/320f24f4-d729-4695-baec-6f47e53c4836/addn_hosts - 4 addresses
Jun 26 18:07:34 gtw01 dnsmasq-dhcp[22368]: read /var/lib/neutron/dhcp/320f24f4-d729-4695-baec-6f47e53c4836/host
Jun 26 18:07:34 gtw01 dnsmasq-dhcp[22368]: read /var/lib/neutron/dhcp/320f24f4-d729-4695-baec-6f47e53c4836/opts
Jun 26 18:07:34 gtw01 kernel: [15327.670829] device tap63547015-c3 entered promiscuous mode
Jun 26 18:07:35 gtw01 systemd-udevd[22421]: Process '/sbin/ip link set tap63547015-c3 txqueuelen 10000' failed with exit code 1.
Jun 26 18:07:35 gtw01 systemd-udevd[22500]: Process '/sbin/ip link set tap63547015-c3 txqueuelen 10000' failed with exit code 1.
Jun 26 18:07:36 gtw01 kernel: [15329.406639] device tap63559cc9-f2 entered promiscuous mode
Jun 26 18:07:36 gtw01 systemd-udevd[22572]: Process '/sbin/ip link set tap63559cc9-f2 txqueuelen 10000' failed with exit code 1.
Jun 26 18:07:36 gtw01 systemd-udevd[22572]: Process '/sbin/ip link set tap63559cc9-f2 txqueuelen 10000' failed with exit code 1.
Jun 26 18:07:37 gtw01 dnsmasq[22368]: read /var/lib/neutron/dhcp/320f24f4-d729-4695-baec-6f47e53c4836/addn_hosts - 4 addresses
Jun 26 18:07:37 gtw01 dnsmasq-dhcp[22368]: read /var/lib/neutron/dhcp/320f24f4-d729-4695-baec-6f47e53c4836/host
Jun 26 18:07:37 gtw01 dnsmasq-dhcp[22368]: read /var/lib/neutron/dhcp/320f24f4-d729-4695-baec-6f47e53c4836/opts
Jun 26 18:07:40 gtw01 dnsmasq[22368]: read /var/lib/neutron/dhcp/320f24f4-d729-4695-baec-6f47e53c4836/addn_hosts - 4 addresses
Jun 26 18:07:40 gtw01 dnsmasq-dhcp[22368]: read /var/lib/neutron/dhcp/320f24f4-d729-4695-baec-6f47e53c4836/host
Jun 26 18:07:40 gtw01 dnsmasq-dhcp[22368]: read /var/lib/neutron/dhcp/320f24f4-d729-4695-baec-6f47e53c4836/opts
Jun 26 18:07:40 gtw01 dnsmasq[22815]: started, version 2.80 cachesize 150
Jun 26 18:07:40 gtw01 dnsmasq[22815]: DNS service limited to local subnets
Jun 26 18:07:40 gtw01 dnsmasq[22815]: compile time options: IPv6 GNU-getopt DBus i18n IDN DHCP DHCPv6 no-Lua TFTP conntrack ipset auth DNSSEC loop-detect inotify dumpfile
Jun 26 18:07:40 gtw01 dnsmasq[22815]: warning: no upstream servers configured
Jun 26 18:07:40 gtw01 dnsmasq-dhcp[22815]: DHCP, static leases only on 10.2.75.0, lease time 1h
Jun 26 18:07:40 gtw01 dnsmasq-dhcp[22815]: DHCP, static leases only on 10.2.79.0, lease time 1h
Jun 26 18:07:40 gtw01 dnsmasq[22815]: read /var/lib/neutron/dhcp/70e61645-6bdc-4fbb-95dc-6a9fd93c4218/addn_hosts - 4 addresses
Jun 26 18:07:40 gtw01 dnsmasq-dhcp[22815]: read /var/lib/neutron/dhcp/70e61645-6bdc-4fbb-95dc-6a9fd93c4218/host
Jun 26 18:07:40 gtw01 dnsmasq-dhcp[22815]: read /var/lib/neutron/dhcp/70e61645-6bdc-4fbb-95dc-6a9fd93c4218/opts
Jun 26 18:07:42 gtw01 dnsmasq[22862]: started, version 2.80 cachesize 150
Jun 26 18:07:42 gtw01 dnsmasq[22862]: DNS service limited to local subnets
Jun 26 18:07:42 gtw01 dnsmasq[22862]: compile time options: IPv6 GNU-getopt DBus i18n IDN DHCP DHCPv6 no-Lua TFTP conntrack ipset auth DNSSEC loop-detect inotify dumpfile
Jun 26 18:07:42 gtw01 dnsmasq[22862]: warning: no upstream servers configured
Jun 26 18:07:42 gtw01 dnsmasq-dhcp[22862]: DHCP, static leases only on 10.2.82.0, lease time 1h
Jun 26 18:07:42 gtw01 dnsmasq-dhcp[22862]: DHCP, static leases only on 10.2.77.0, lease time 1h
Jun 26 18:07:42 gtw01 dnsmasq[22862]: read /var/lib/neutron/dhcp/f71c6adb-2ee3-4369-a46e-cce4f3be2501/addn_hosts - 3 addresses
Jun 26 18:07:42 gtw01 dnsmasq-dhcp[22862]: read /var/lib/neutron/dhcp/f71c6adb-2ee3-4369-a46e-cce4f3be2501/host
Jun 26 18:07:42 gtw01 dnsmasq-dhcp[22862]: read /var/lib/neutron/dhcp/f71c6adb-2ee3-4369-a46e-cce4f3be2501/opts
Jun 26 18:07:42 gtw01 dnsmasq[22815]: read /var/lib/neutron/dhcp/70e61645-6bdc-4fbb-95dc-6a9fd93c4218/addn_hosts - 4 addresses
Jun 26 18:07:42 gtw01 dnsmasq-dhcp[22815]: read /var/lib/neutron/dhcp/70e61645-6bdc-4fbb-95dc-6a9fd93c4218/host
Jun 26 18:07:42 gtw01 dnsmasq-dhcp[22815]: read /var/lib/neutron/dhcp/70e61645-6bdc-4fbb-95dc-6a9fd93c4218/opts
Jun 26 18:07:42 gtw01 dnsmasq[22368]: read /var/lib/neutron/dhcp/320f24f4-d729-4695-baec-6f47e53c4836/addn_hosts - 4 addresses
Jun 26 18:07:42 gtw01 dnsmasq-dhcp[22368]: read /var/lib/neutron/dhcp/320f24f4-d729-4695-baec-6f47e53c4836/host
Jun 26 18:07:42 gtw01 dnsmasq-dhcp[22368]: read /var/lib/neutron/dhcp/320f24f4-d729-4695-baec-6f47e53c4836/opts
Jun 26 18:07:43 gtw01 dnsmasq[22897]: started, version 2.80 cachesize 150
Jun 26 18:07:43 gtw01 dnsmasq[22897]: DNS service limited to local subnets
Jun 26 18:07:43 gtw01 dnsmasq[22897]: compile time options: IPv6 GNU-getopt DBus i18n IDN DHCP DHCPv6 no-Lua TFTP conntrack ipset auth DNSSEC loop-detect inotify dumpfile
Jun 26 18:07:43 gtw01 dnsmasq[22897]: warning: no upstream servers configured
Jun 26 18:07:43 gtw01 dnsmasq-dhcp[22897]: DHCP, static leases only on 10.2.78.0, lease time 1h
Jun 26 18:07:43 gtw01 dnsmasq-dhcp[22897]: DHCP, static leases only on 10.2.81.0, lease time 1h
Jun 26 18:07:43 gtw01 dnsmasq[22897]: read /var/lib/neutron/dhcp/5402d940-ed74-44fe-bce8-f8d118878fd4/addn_hosts - 3 addresses
Jun 26 18:07:43 gtw01 dnsmasq-dhcp[22897]: read /var/lib/neutron/dhcp/5402d940-ed74-44fe-bce8-f8d118878fd4/host
Jun 26 18:07:43 gtw01 dnsmasq-dhcp[22897]: read /var/lib/neutron/dhcp/5402d940-ed74-44fe-bce8-f8d118878fd4/opts
Jun 26 18:07:43 gtw01 dnsmasq[22901]: started, version 2.80 cachesize 150
Jun 26 18:07:43 gtw01 dnsmasq[22901]: DNS service limited to local subnets
Jun 26 18:07:43 gtw01 dnsmasq[22901]: compile time options: IPv6 GNU-getopt DBus i18n IDN DHCP DHCPv6 no-Lua TFTP conntrack ipset auth DNSSEC loop-detect inotify dumpfile
Jun 26 18:07:43 gtw01 dnsmasq[22901]: warning: no upstream servers configured
Jun 26 18:07:43 gtw01 dnsmasq-dhcp[22901]: DHCP, static leases only on 10.2.84.0, lease time 1h
Jun 26 18:07:43 gtw01 dnsmasq[22901]: read /var/lib/neutron/dhcp/2dcc08c2-25ad-41fb-a7ea-92bb363341dd/addn_hosts - 1 addresses
Jun 26 18:07:43 gtw01 dnsmasq-dhcp[22901]: read /var/lib/neutron/dhcp/2dcc08c2-25ad-41fb-a7ea-92bb363341dd/host
Jun 26 18:07:43 gtw01 dnsmasq-dhcp[22901]: read /var/lib/neutron/dhcp/2dcc08c2-25ad-41fb-a7ea-92bb363341dd/opts
Jun 26 18:07:43 gtw01 haproxy-metadata-proxy-2dcc08c2-25ad-41fb-a7ea-92bb363341dd[22919]: Proxy listener started.
Jun 26 18:07:43 gtw01 dnsmasq[22862]: read /var/lib/neutron/dhcp/f71c6adb-2ee3-4369-a46e-cce4f3be2501/addn_hosts - 4 addresses
Jun 26 18:07:43 gtw01 dnsmasq-dhcp[22862]: read /var/lib/neutron/dhcp/f71c6adb-2ee3-4369-a46e-cce4f3be2501/host
Jun 26 18:07:43 gtw01 dnsmasq-dhcp[22862]: read /var/lib/neutron/dhcp/f71c6adb-2ee3-4369-a46e-cce4f3be2501/opts
Jun 26 18:07:45 gtw01 dnsmasq[22897]: read /var/lib/neutron/dhcp/5402d940-ed74-44fe-bce8-f8d118878fd4/addn_hosts - 4 addresses
Jun 26 18:07:45 gtw01 dnsmasq-dhcp[22897]: read /var/lib/neutron/dhcp/5402d940-ed74-44fe-bce8-f8d118878fd4/host
Jun 26 18:07:45 gtw01 dnsmasq-dhcp[22897]: read /var/lib/neutron/dhcp/5402d940-ed74-44fe-bce8-f8d118878fd4/opts
Jun 26 18:07:45 gtw01 dnsmasq[22975]: started, version 2.80 cachesize 150
Jun 26 18:07:45 gtw01 dnsmasq[22975]: DNS service limited to local subnets
Jun 26 18:07:45 gtw01 dnsmasq[22975]: compile time options: IPv6 GNU-getopt DBus i18n IDN DHCP DHCPv6 no-Lua TFTP conntrack ipset auth DNSSEC loop-detect inotify dumpfile
Jun 26 18:07:45 gtw01 dnsmasq[22975]: warning: no upstream servers configured
Jun 26 18:07:45 gtw01 dnsmasq-dhcp[22975]: DHCP, static leases only on 10.2.83.0, lease time 1h
Jun 26 18:07:45 gtw01 dnsmasq[22975]: read /var/lib/neutron/dhcp/b6108e31-406a-4c69-ae8c-94db4fe5c3de/addn_hosts - 1 addresses
Jun 26 18:07:45 gtw01 dnsmasq-dhcp[22975]: read /var/lib/neutron/dhcp/b6108e31-406a-4c69-ae8c-94db4fe5c3de/host
Jun 26 18:07:45 gtw01 dnsmasq-dhcp[22975]: read /var/lib/neutron/dhcp/b6108e31-406a-4c69-ae8c-94db4fe5c3de/opts
Jun 26 18:07:45 gtw01 dnsmasq[22815]: read /var/lib/neutron/dhcp/70e61645-6bdc-4fbb-95dc-6a9fd93c4218/addn_hosts - 4 addresses
Jun 26 18:07:45 gtw01 dnsmasq-dhcp[22815]: read /var/lib/neutron/dhcp/70e61645-6bdc-4fbb-95dc-6a9fd93c4218/host
Jun 26 18:07:45 gtw01 dnsmasq-dhcp[22815]: read /var/lib/neutron/dhcp/70e61645-6bdc-4fbb-95dc-6a9fd93c4218/opts
Jun 26 18:07:45 gtw01 dnsmasq[22368]: read /var/lib/neutron/dhcp/320f24f4-d729-4695-baec-6f47e53c4836/addn_hosts - 4 addresses
Jun 26 18:07:45 gtw01 dnsmasq-dhcp[22368]: read /var/lib/neutron/dhcp/320f24f4-d729-4695-baec-6f47e53c4836/host
Jun 26 18:07:45 gtw01 dnsmasq-dhcp[22368]: read /var/lib/neutron/dhcp/320f24f4-d729-4695-baec-6f47e53c4836/opts
Jun 26 18:07:46 gtw01 haproxy-metadata-proxy-b6108e31-406a-4c69-ae8c-94db4fe5c3de[23005]: Proxy listener started.
Jun 26 18:07:47 gtw01 dnsmasq[22862]: read /var/lib/neutron/dhcp/f71c6adb-2ee3-4369-a46e-cce4f3be2501/addn_hosts - 4 addresses
Jun 26 18:07:47 gtw01 dnsmasq-dhcp[22862]: read /var/lib/neutron/dhcp/f71c6adb-2ee3-4369-a46e-cce4f3be2501/host
Jun 26 18:07:47 gtw01 dnsmasq-dhcp[22862]: read /var/lib/neutron/dhcp/f71c6adb-2ee3-4369-a46e-cce4f3be2501/opts
Jun 26 18:07:47 gtw01 kernel: [15340.423011] device tapf6255fa6-af entered promiscuous mode
Jun 26 18:07:48 gtw01 systemd-udevd[23136]: Process '/sbin/ip link set tapf6255fa6-af txqueuelen 10000' failed with exit code 1.
Jun 26 18:07:48 gtw01 kernel: [15341.282794] device tapb50d5fdb-e8 entered promiscuous mode
Jun 26 18:07:48 gtw01 systemd-udevd[23167]: Could not generate persistent MAC address for tapb50d5fdb-e8: No such file or directory
Jun 26 18:07:48 gtw01 dnsmasq[22897]: read /var/lib/neutron/dhcp/5402d940-ed74-44fe-bce8-f8d118878fd4/addn_hosts - 4 addresses
Jun 26 18:07:48 gtw01 dnsmasq-dhcp[22897]: read /var/lib/neutron/dhcp/5402d940-ed74-44fe-bce8-f8d118878fd4/host
Jun 26 18:07:48 gtw01 dnsmasq-dhcp[22897]: read /var/lib/neutron/dhcp/5402d940-ed74-44fe-bce8-f8d118878fd4/opts
Jun 26 18:07:48 gtw01 dnsmasq[22815]: read /var/lib/neutron/dhcp/70e61645-6bdc-4fbb-95dc-6a9fd93c4218/addn_hosts - 4 addresses
Jun 26 18:07:48 gtw01 dnsmasq-dhcp[22815]: read /var/lib/neutron/dhcp/70e61645-6bdc-4fbb-95dc-6a9fd93c4218/host
Jun 26 18:07:48 gtw01 dnsmasq-dhcp[22815]: read /var/lib/neutron/dhcp/70e61645-6bdc-4fbb-95dc-6a9fd93c4218/opts
Jun 26 18:07:49 gtw01 systemd-udevd[23256]: Process '/sbin/ip link set tapb50d5fdb-e8 txqueuelen 10000' failed with exit code 1.
Jun 26 18:07:49 gtw01 dnsmasq[22368]: read /var/lib/neutron/dhcp/320f24f4-d729-4695-baec-6f47e53c4836/addn_hosts - 4 addresses
Jun 26 18:07:49 gtw01 dnsmasq-dhcp[22368]: read /var/lib/neutron/dhcp/320f24f4-d729-4695-baec-6f47e53c4836/host
Jun 26 18:07:49 gtw01 dnsmasq-dhcp[22368]: read /var/lib/neutron/dhcp/320f24f4-d729-4695-baec-6f47e53c4836/opts
Jun 26 18:07:51 gtw01 dnsmasq[22862]: read /var/lib/neutron/dhcp/f71c6adb-2ee3-4369-a46e-cce4f3be2501/addn_hosts - 4 addresses
Jun 26 18:07:51 gtw01 dnsmasq-dhcp[22862]: read /var/lib/neutron/dhcp/f71c6adb-2ee3-4369-a46e-cce4f3be2501/host
Jun 26 18:07:51 gtw01 dnsmasq-dhcp[22862]: read /var/lib/neutron/dhcp/f71c6adb-2ee3-4369-a46e-cce4f3be2501/opts
Jun 26 18:07:52 gtw01 dnsmasq[22897]: read /var/lib/neutron/dhcp/5402d940-ed74-44fe-bce8-f8d118878fd4/addn_hosts - 4 addresses
Jun 26 18:07:52 gtw01 dnsmasq-dhcp[22897]: read /var/lib/neutron/dhcp/5402d940-ed74-44fe-bce8-f8d118878fd4/host
Jun 26 18:07:52 gtw01 dnsmasq-dhcp[22897]: read /var/lib/neutron/dhcp/5402d940-ed74-44fe-bce8-f8d118878fd4/opts
Jun 26 18:07:52 gtw01 dnsmasq[22815]: read /var/lib/neutron/dhcp/70e61645-6bdc-4fbb-95dc-6a9fd93c4218/addn_hosts - 4 addresses
Jun 26 18:07:52 gtw01 dnsmasq-dhcp[22815]: read /var/lib/neutron/dhcp/70e61645-6bdc-4fbb-95dc-6a9fd93c4218/host
Jun 26 18:07:52 gtw01 dnsmasq-dhcp[22815]: read /var/lib/neutron/dhcp/70e61645-6bdc-4fbb-95dc-6a9fd93c4218/opts
Jun 26 18:07:52 gtw01 dnsmasq[22368]: read /var/lib/neutron/dhcp/320f24f4-d729-4695-baec-6f47e53c4836/addn_hosts - 4 addresses
Jun 26 18:07:52 gtw01 dnsmasq-dhcp[22368]: read /var/lib/neutron/dhcp/320f24f4-d729-4695-baec-6f47e53c4836/host
Jun 26 18:07:52 gtw01 dnsmasq-dhcp[22368]: read /var/lib/neutron/dhcp/320f24f4-d729-4695-baec-6f47e53c4836/opts
Jun 26 18:07:54 gtw01 dnsmasq[23470]: started, version 2.80 cachesize 150
Jun 26 18:07:54 gtw01 dnsmasq[23470]: DNS service limited to local subnets
Jun 26 18:07:54 gtw01 dnsmasq[23470]: compile time options: IPv6 GNU-getopt DBus i18n IDN DHCP DHCPv6 no-Lua TFTP conntrack ipset auth DNSSEC loop-detect inotify dumpfile
Jun 26 18:07:54 gtw01 dnsmasq[23470]: warning: no upstream servers configured
Jun 26 18:07:54 gtw01 dnsmasq-dhcp[23470]: DHCP, static leases only on 10.2.85.0, lease time 1h
Jun 26 18:07:54 gtw01 dnsmasq-dhcp[23470]: DHCP, static leases only on 10.2.84.0, lease time 1h
Jun 26 18:07:54 gtw01 dnsmasq[23470]: read /var/lib/neutron/dhcp/2dcc08c2-25ad-41fb-a7ea-92bb363341dd/addn_hosts - 4 addresses
Jun 26 18:07:54 gtw01 dnsmasq-dhcp[23470]: read /var/lib/neutron/dhcp/2dcc08c2-25ad-41fb-a7ea-92bb363341dd/host
Jun 26 18:07:54 gtw01 dnsmasq-dhcp[23470]: read /var/lib/neutron/dhcp/2dcc08c2-25ad-41fb-a7ea-92bb363341dd/opts
Jun 26 18:07:54 gtw01 dnsmasq[22862]: read /var/lib/neutron/dhcp/f71c6adb-2ee3-4369-a46e-cce4f3be2501/addn_hosts - 4 addresses
Jun 26 18:07:54 gtw01 dnsmasq-dhcp[22862]: read /var/lib/neutron/dhcp/f71c6adb-2ee3-4369-a46e-cce4f3be2501/host
Jun 26 18:07:54 gtw01 dnsmasq-dhcp[22862]: read /var/lib/neutron/dhcp/f71c6adb-2ee3-4369-a46e-cce4f3be2501/opts
Jun 26 18:07:55 gtw01 dnsmasq[22897]: read /var/lib/neutron/dhcp/5402d940-ed74-44fe-bce8-f8d118878fd4/addn_hosts - 4 addresses
Jun 26 18:07:55 gtw01 dnsmasq-dhcp[22897]: read /var/lib/neutron/dhcp/5402d940-ed74-44fe-bce8-f8d118878fd4/host
Jun 26 18:07:55 gtw01 dnsmasq-dhcp[22897]: read /var/lib/neutron/dhcp/5402d940-ed74-44fe-bce8-f8d118878fd4/opts
Jun 26 18:07:56 gtw01 dnsmasq[22815]: read /var/lib/neutron/dhcp/70e61645-6bdc-4fbb-95dc-6a9fd93c4218/addn_hosts - 4 addresses
Jun 26 18:07:56 gtw01 dnsmasq-dhcp[22815]: read /var/lib/neutron/dhcp/70e61645-6bdc-4fbb-95dc-6a9fd93c4218/host
Jun 26 18:07:56 gtw01 dnsmasq-dhcp[22815]: read /var/lib/neutron/dhcp/70e61645-6bdc-4fbb-95dc-6a9fd93c4218/opts
Jun 26 18:07:56 gtw01 dnsmasq[22368]: read /var/lib/neutron/dhcp/320f24f4-d729-4695-baec-6f47e53c4836/addn_hosts - 4 addresses
Jun 26 18:07:56 gtw01 dnsmasq-dhcp[22368]: read /var/lib/neutron/dhcp/320f24f4-d729-4695-baec-6f47e53c4836/host
Jun 26 18:07:56 gtw01 dnsmasq-dhcp[22368]: read /var/lib/neutron/dhcp/320f24f4-d729-4695-baec-6f47e53c4836/opts
Jun 26 18:07:56 gtw01 dnsmasq[23547]: started, version 2.80 cachesize 150
Jun 26 18:07:56 gtw01 dnsmasq[23547]: DNS service limited to local subnets
Jun 26 18:07:56 gtw01 dnsmasq[23547]: compile time options: IPv6 GNU-getopt DBus i18n IDN DHCP DHCPv6 no-Lua TFTP conntrack ipset auth DNSSEC loop-detect inotify dumpfile
Jun 26 18:07:56 gtw01 dnsmasq[23547]: warning: no upstream servers configured
Jun 26 18:07:56 gtw01 dnsmasq-dhcp[23547]: DHCP, static leases only on 10.2.86.0, lease time 1h
Jun 26 18:07:56 gtw01 dnsmasq-dhcp[23547]: DHCP, static leases only on 10.2.83.0, lease time 1h
Jun 26 18:07:56 gtw01 dnsmasq[23547]: read /var/lib/neutron/dhcp/b6108e31-406a-4c69-ae8c-94db4fe5c3de/addn_hosts - 4 addresses
Jun 26 18:07:56 gtw01 dnsmasq-dhcp[23547]: read /var/lib/neutron/dhcp/b6108e31-406a-4c69-ae8c-94db4fe5c3de/host
Jun 26 18:07:56 gtw01 dnsmasq-dhcp[23547]: read /var/lib/neutron/dhcp/b6108e31-406a-4c69-ae8c-94db4fe5c3de/opts
Jun 26 18:07:56 gtw01 dnsmasq[23470]: read /var/lib/neutron/dhcp/2dcc08c2-25ad-41fb-a7ea-92bb363341dd/addn_hosts - 4 addresses
Jun 26 18:07:56 gtw01 dnsmasq-dhcp[23470]: read /var/lib/neutron/dhcp/2dcc08c2-25ad-41fb-a7ea-92bb363341dd/host
Jun 26 18:07:56 gtw01 dnsmasq-dhcp[23470]: read /var/lib/neutron/dhcp/2dcc08c2-25ad-41fb-a7ea-92bb363341dd/opts
Jun 26 18:07:58 gtw01 dnsmasq[22862]: read /var/lib/neutron/dhcp/f71c6adb-2ee3-4369-a46e-cce4f3be2501/addn_hosts - 4 addresses
Jun 26 18:07:58 gtw01 dnsmasq-dhcp[22862]: read /var/lib/neutron/dhcp/f71c6adb-2ee3-4369-a46e-cce4f3be2501/host
Jun 26 18:07:58 gtw01 dnsmasq-dhcp[22862]: read /var/lib/neutron/dhcp/f71c6adb-2ee3-4369-a46e-cce4f3be2501/opts
Jun 26 18:07:58 gtw01 dnsmasq[23547]: read /var/lib/neutron/dhcp/b6108e31-406a-4c69-ae8c-94db4fe5c3de/addn_hosts - 4 addresses
Jun 26 18:07:58 gtw01 dnsmasq-dhcp[23547]: read /var/lib/neutron/dhcp/b6108e31-406a-4c69-ae8c-94db4fe5c3de/host
Jun 26 18:07:58 gtw01 dnsmasq-dhcp[23547]: read /var/lib/neutron/dhcp/b6108e31-406a-4c69-ae8c-94db4fe5c3de/opts
Jun 26 18:07:58 gtw01 dnsmasq[23631]: started, version 2.80 cachesize 150
Jun 26 18:07:58 gtw01 dnsmasq[23631]: DNS service limited to local subnets
Jun 26 18:07:58 gtw01 dnsmasq[23631]: compile time options: IPv6 GNU-getopt DBus i18n IDN DHCP DHCPv6 no-Lua TFTP conntrack ipset auth DNSSEC loop-detect inotify dumpfile
