Jun 26 14:57:12 gtw01 dnsmasq-dhcp[30922]: read /var/lib/neutron/dhcp/e29b017f-0aab-40e4-9350-41a2a0a24839/host
Jun 26 14:57:12 gtw01 dnsmasq-dhcp[30922]: read /var/lib/neutron/dhcp/e29b017f-0aab-40e4-9350-41a2a0a24839/opts
Jun 26 14:57:12 gtw01 dnsmasq[31158]: read /var/lib/neutron/dhcp/662c8190-ea74-418f-8131-b0f33406ca52/addn_hosts - 5 addresses
Jun 26 14:57:12 gtw01 dnsmasq-dhcp[31158]: read /var/lib/neutron/dhcp/662c8190-ea74-418f-8131-b0f33406ca52/host
Jun 26 14:57:12 gtw01 dnsmasq-dhcp[31158]: read /var/lib/neutron/dhcp/662c8190-ea74-418f-8131-b0f33406ca52/opts
Jun 26 14:57:13 gtw01 dnsmasq[30922]: read /var/lib/neutron/dhcp/e29b017f-0aab-40e4-9350-41a2a0a24839/addn_hosts - 1 addresses
Jun 26 14:57:13 gtw01 dnsmasq-dhcp[30922]: read /var/lib/neutron/dhcp/e29b017f-0aab-40e4-9350-41a2a0a24839/host
Jun 26 14:57:13 gtw01 dnsmasq-dhcp[30922]: read /var/lib/neutron/dhcp/e29b017f-0aab-40e4-9350-41a2a0a24839/opts
Jun 26 14:57:13 gtw01 dnsmasq[31158]: read /var/lib/neutron/dhcp/662c8190-ea74-418f-8131-b0f33406ca52/addn_hosts - 6 addresses
Jun 26 14:57:13 gtw01 dnsmasq-dhcp[31158]: read /var/lib/neutron/dhcp/662c8190-ea74-418f-8131-b0f33406ca52/host
Jun 26 14:57:13 gtw01 dnsmasq-dhcp[31158]: read /var/lib/neutron/dhcp/662c8190-ea74-418f-8131-b0f33406ca52/opts
Jun 26 14:57:14 gtw01 dnsmasq[31158]: read /var/lib/neutron/dhcp/662c8190-ea74-418f-8131-b0f33406ca52/addn_hosts - 7 addresses
Jun 26 14:57:14 gtw01 dnsmasq-dhcp[31158]: read /var/lib/neutron/dhcp/662c8190-ea74-418f-8131-b0f33406ca52/host
Jun 26 14:57:14 gtw01 dnsmasq-dhcp[31158]: read /var/lib/neutron/dhcp/662c8190-ea74-418f-8131-b0f33406ca52/opts
Jun 26 14:57:15 gtw01 dnsmasq[31158]: read /var/lib/neutron/dhcp/662c8190-ea74-418f-8131-b0f33406ca52/addn_hosts - 7 addresses
Jun 26 14:57:15 gtw01 dnsmasq-dhcp[31158]: read /var/lib/neutron/dhcp/662c8190-ea74-418f-8131-b0f33406ca52/host
Jun 26 14:57:15 gtw01 dnsmasq-dhcp[31158]: read /var/lib/neutron/dhcp/662c8190-ea74-418f-8131-b0f33406ca52/opts
Jun 26 14:57:16 gtw01 dnsmasq[31158]: read /var/lib/neutron/dhcp/662c8190-ea74-418f-8131-b0f33406ca52/addn_hosts - 7 addresses
Jun 26 14:57:16 gtw01 dnsmasq-dhcp[31158]: read /var/lib/neutron/dhcp/662c8190-ea74-418f-8131-b0f33406ca52/host
Jun 26 14:57:16 gtw01 dnsmasq-dhcp[31158]: read /var/lib/neutron/dhcp/662c8190-ea74-418f-8131-b0f33406ca52/opts
Jun 26 14:57:17 gtw01 dnsmasq[31158]: read /var/lib/neutron/dhcp/662c8190-ea74-418f-8131-b0f33406ca52/addn_hosts - 7 addresses
Jun 26 14:57:17 gtw01 dnsmasq-dhcp[31158]: read /var/lib/neutron/dhcp/662c8190-ea74-418f-8131-b0f33406ca52/host
Jun 26 14:57:17 gtw01 dnsmasq-dhcp[31158]: read /var/lib/neutron/dhcp/662c8190-ea74-418f-8131-b0f33406ca52/opts
Jun 26 14:57:18 gtw01 kernel: [ 3911.123795] device tap29161809-d9 entered promiscuous mode
Jun 26 14:57:18 gtw01 systemd-udevd[31479]: Could not generate persistent MAC address for tap29161809-d9: No such file or directory
Jun 26 14:57:18 gtw01 dnsmasq[31158]: read /var/lib/neutron/dhcp/662c8190-ea74-418f-8131-b0f33406ca52/addn_hosts - 7 addresses
Jun 26 14:57:18 gtw01 dnsmasq-dhcp[31158]: read /var/lib/neutron/dhcp/662c8190-ea74-418f-8131-b0f33406ca52/host
Jun 26 14:57:18 gtw01 dnsmasq-dhcp[31158]: read /var/lib/neutron/dhcp/662c8190-ea74-418f-8131-b0f33406ca52/opts
Jun 26 14:57:18 gtw01 systemd-udevd[31479]: Process '/sbin/ip link set tap29161809-d9 txqueuelen 10000' failed with exit code 1.
Jun 26 14:57:18 gtw01 systemd-udevd[31479]: Process '/sbin/ip link set tap29161809-d9 txqueuelen 10000' failed with exit code 1.
Jun 26 14:57:19 gtw01 kernel: [ 3912.210439] device tap669e0785-4f left promiscuous mode
Jun 26 14:57:21 gtw01 dnsmasq[31627]: started, version 2.80 cachesize 150
Jun 26 14:57:21 gtw01 dnsmasq[31627]: DNS service limited to local subnets
Jun 26 14:57:21 gtw01 dnsmasq[31627]: compile time options: IPv6 GNU-getopt DBus i18n IDN DHCP DHCPv6 no-Lua TFTP conntrack ipset auth DNSSEC loop-detect inotify dumpfile
Jun 26 14:57:21 gtw01 dnsmasq[31627]: warning: no upstream servers configured
Jun 26 14:57:21 gtw01 dnsmasq-dhcp[31627]: DHCPv6, static leases only on 2003:0:0:1::, lease time 1h
Jun 26 14:57:21 gtw01 dnsmasq[31627]: read /var/lib/neutron/dhcp/cf56d8f2-d6ad-43fb-b7f5-6256a28726b9/addn_hosts - 1 addresses
Jun 26 14:57:21 gtw01 dnsmasq-dhcp[31627]: read /var/lib/neutron/dhcp/cf56d8f2-d6ad-43fb-b7f5-6256a28726b9/host
Jun 26 14:57:21 gtw01 dnsmasq-dhcp[31627]: read /var/lib/neutron/dhcp/cf56d8f2-d6ad-43fb-b7f5-6256a28726b9/opts
Jun 26 14:57:22 gtw01 dnsmasq[31627]: read /var/lib/neutron/dhcp/cf56d8f2-d6ad-43fb-b7f5-6256a28726b9/addn_hosts - 2 addresses
Jun 26 14:57:22 gtw01 dnsmasq-dhcp[31627]: read /var/lib/neutron/dhcp/cf56d8f2-d6ad-43fb-b7f5-6256a28726b9/host
Jun 26 14:57:22 gtw01 dnsmasq-dhcp[31627]: read /var/lib/neutron/dhcp/cf56d8f2-d6ad-43fb-b7f5-6256a28726b9/opts
Jun 26 14:57:23 gtw01 dnsmasq[31627]: read /var/lib/neutron/dhcp/cf56d8f2-d6ad-43fb-b7f5-6256a28726b9/addn_hosts - 2 addresses
Jun 26 14:57:23 gtw01 dnsmasq-dhcp[31627]: read /var/lib/neutron/dhcp/cf56d8f2-d6ad-43fb-b7f5-6256a28726b9/host
Jun 26 14:57:23 gtw01 dnsmasq-dhcp[31627]: read /var/lib/neutron/dhcp/cf56d8f2-d6ad-43fb-b7f5-6256a28726b9/opts
Jun 26 14:57:24 gtw01 dnsmasq[31627]: read /var/lib/neutron/dhcp/cf56d8f2-d6ad-43fb-b7f5-6256a28726b9/addn_hosts - 2 addresses
Jun 26 14:57:24 gtw01 dnsmasq-dhcp[31627]: read /var/lib/neutron/dhcp/cf56d8f2-d6ad-43fb-b7f5-6256a28726b9/host
Jun 26 14:57:24 gtw01 dnsmasq-dhcp[31627]: read /var/lib/neutron/dhcp/cf56d8f2-d6ad-43fb-b7f5-6256a28726b9/opts
Jun 26 14:57:25 gtw01 dnsmasq[31627]: read /var/lib/neutron/dhcp/cf56d8f2-d6ad-43fb-b7f5-6256a28726b9/addn_hosts - 2 addresses
Jun 26 14:57:25 gtw01 dnsmasq-dhcp[31627]: read /var/lib/neutron/dhcp/cf56d8f2-d6ad-43fb-b7f5-6256a28726b9/host
Jun 26 14:57:25 gtw01 dnsmasq-dhcp[31627]: read /var/lib/neutron/dhcp/cf56d8f2-d6ad-43fb-b7f5-6256a28726b9/opts
Jun 26 14:57:26 gtw01 dnsmasq[31627]: read /var/lib/neutron/dhcp/cf56d8f2-d6ad-43fb-b7f5-6256a28726b9/addn_hosts - 2 addresses
Jun 26 14:57:26 gtw01 dnsmasq-dhcp[31627]: read /var/lib/neutron/dhcp/cf56d8f2-d6ad-43fb-b7f5-6256a28726b9/host
Jun 26 14:57:26 gtw01 dnsmasq-dhcp[31627]: read /var/lib/neutron/dhcp/cf56d8f2-d6ad-43fb-b7f5-6256a28726b9/opts
Jun 26 14:57:29 gtw01 kernel: [ 3921.781053] device tapa673bb54-31 entered promiscuous mode
Jun 26 14:57:29 gtw01 systemd-udevd[31728]: Could not generate persistent MAC address for tapa673bb54-31: No such file or directory
Jun 26 14:57:29 gtw01 systemd-udevd[31728]: Process '/sbin/ip link set tapa673bb54-31 txqueuelen 10000' failed with exit code 1.
Jun 26 14:57:29 gtw01 systemd-udevd[31728]: Process '/sbin/ip link set tapa673bb54-31 txqueuelen 10000' failed with exit code 1.
Jun 26 14:57:31 gtw01 kernel: [ 3924.004118] device tap5f07a541-c1 entered promiscuous mode
Jun 26 14:57:31 gtw01 systemd-udevd[31865]: Could not generate persistent MAC address for tap5f07a541-c1: No such file or directory
Jun 26 14:57:31 gtw01 systemd-udevd[31865]: Process '/sbin/ip link set tap5f07a541-c1 txqueuelen 10000' failed with exit code 1.
Jun 26 14:57:32 gtw01 kernel: [ 3925.136667] device tap1f6cc5bf-6f entered promiscuous mode
Jun 26 14:57:32 gtw01 systemd-udevd[31986]: Could not generate persistent MAC address for tap1f6cc5bf-6f: No such file or directory
Jun 26 14:57:32 gtw01 systemd-udevd[32057]: Process '/sbin/ip link set tap1f6cc5bf-6f txqueuelen 10000' failed with exit code 1.
Jun 26 14:57:33 gtw01 dnsmasq[32081]: started, version 2.80 cachesize 150
Jun 26 14:57:33 gtw01 dnsmasq[32081]: DNS service limited to local subnets
Jun 26 14:57:33 gtw01 dnsmasq[32081]: compile time options: IPv6 GNU-getopt DBus i18n IDN DHCP DHCPv6 no-Lua TFTP conntrack ipset auth DNSSEC loop-detect inotify dumpfile
Jun 26 14:57:33 gtw01 dnsmasq[32081]: warning: no upstream servers configured
Jun 26 14:57:33 gtw01 dnsmasq-dhcp[32081]: DHCP, static leases only on 192.168.120.0, lease time 1h
Jun 26 14:57:33 gtw01 dnsmasq[32081]: read /var/lib/neutron/dhcp/b79dc761-c406-4dbd-8865-28b68fcb388c/addn_hosts - 1 addresses
Jun 26 14:57:33 gtw01 dnsmasq-dhcp[32081]: read /var/lib/neutron/dhcp/b79dc761-c406-4dbd-8865-28b68fcb388c/host
Jun 26 14:57:33 gtw01 dnsmasq-dhcp[32081]: read /var/lib/neutron/dhcp/b79dc761-c406-4dbd-8865-28b68fcb388c/opts
Jun 26 14:57:33 gtw01 haproxy-metadata-proxy-b79dc761-c406-4dbd-8865-28b68fcb388c[32091]: Proxy listener started.
Jun 26 14:57:34 gtw01 dnsmasq[32081]: read /var/lib/neutron/dhcp/b79dc761-c406-4dbd-8865-28b68fcb388c/addn_hosts - 2 addresses
Jun 26 14:57:34 gtw01 dnsmasq-dhcp[32081]: read /var/lib/neutron/dhcp/b79dc761-c406-4dbd-8865-28b68fcb388c/host
Jun 26 14:57:34 gtw01 dnsmasq-dhcp[32081]: read /var/lib/neutron/dhcp/b79dc761-c406-4dbd-8865-28b68fcb388c/opts
Jun 26 14:57:35 gtw01 dnsmasq[32081]: read /var/lib/neutron/dhcp/b79dc761-c406-4dbd-8865-28b68fcb388c/addn_hosts - 2 addresses
Jun 26 14:57:35 gtw01 dnsmasq-dhcp[32081]: read /var/lib/neutron/dhcp/b79dc761-c406-4dbd-8865-28b68fcb388c/host
Jun 26 14:57:35 gtw01 dnsmasq-dhcp[32081]: read /var/lib/neutron/dhcp/b79dc761-c406-4dbd-8865-28b68fcb388c/opts
Jun 26 14:57:35 gtw01 dnsmasq[32192]: started, version 2.80 cachesize 150
Jun 26 14:57:35 gtw01 dnsmasq[32192]: DNS service limited to local subnets
Jun 26 14:57:35 gtw01 dnsmasq[32192]: compile time options: IPv6 GNU-getopt DBus i18n IDN DHCP DHCPv6 no-Lua TFTP conntrack ipset auth DNSSEC loop-detect inotify dumpfile
Jun 26 14:57:35 gtw01 dnsmasq[32192]: warning: no upstream servers configured
Jun 26 14:57:35 gtw01 dnsmasq-dhcp[32192]: DHCP, static leases only on 192.168.120.0, lease time 1h
Jun 26 14:57:35 gtw01 dnsmasq[32192]: read /var/lib/neutron/dhcp/99712117-14ee-4716-a0a2-a1064d6183d1/addn_hosts - 1 addresses
Jun 26 14:57:35 gtw01 dnsmasq-dhcp[32192]: read /var/lib/neutron/dhcp/99712117-14ee-4716-a0a2-a1064d6183d1/host
Jun 26 14:57:35 gtw01 dnsmasq-dhcp[32192]: read /var/lib/neutron/dhcp/99712117-14ee-4716-a0a2-a1064d6183d1/opts
Jun 26 14:57:36 gtw01 haproxy-metadata-proxy-99712117-14ee-4716-a0a2-a1064d6183d1[32207]: Proxy listener started.
Jun 26 14:57:36 gtw01 kernel: [ 3929.472624] device tap1debfe45-f7 entered promiscuous mode
Jun 26 14:57:37 gtw01 systemd-udevd[32233]: Process '/sbin/ip link set tap1debfe45-f7 txqueuelen 10000' failed with exit code 1.
Jun 26 14:57:37 gtw01 systemd-udevd[32233]: Process '/sbin/ip link set tap1debfe45-f7 txqueuelen 10000' failed with exit code 1.
Jun 26 14:57:37 gtw01 dnsmasq[32322]: started, version 2.80 cachesize 150
Jun 26 14:57:37 gtw01 dnsmasq[32322]: DNS service limited to local subnets
Jun 26 14:57:37 gtw01 dnsmasq[32322]: compile time options: IPv6 GNU-getopt DBus i18n IDN DHCP DHCPv6 no-Lua TFTP conntrack ipset auth DNSSEC loop-detect inotify dumpfile
Jun 26 14:57:37 gtw01 dnsmasq[32322]: warning: no upstream servers configured
Jun 26 14:57:37 gtw01 dnsmasq-dhcp[32322]: DHCP, static leases only on 192.168.120.16, lease time 1h
Jun 26 14:57:37 gtw01 dnsmasq[32322]: read /var/lib/neutron/dhcp/92884b41-8c6f-413d-8b13-cdf0b464fa82/addn_hosts - 1 addresses
Jun 26 14:57:37 gtw01 dnsmasq-dhcp[32322]: read /var/lib/neutron/dhcp/92884b41-8c6f-413d-8b13-cdf0b464fa82/host
Jun 26 14:57:37 gtw01 dnsmasq-dhcp[32322]: read /var/lib/neutron/dhcp/92884b41-8c6f-413d-8b13-cdf0b464fa82/opts
Jun 26 14:57:37 gtw01 haproxy-metadata-proxy-92884b41-8c6f-413d-8b13-cdf0b464fa82[32337]: Proxy listener started.
Jun 26 14:57:37 gtw01 dnsmasq[32192]: read /var/lib/neutron/dhcp/99712117-14ee-4716-a0a2-a1064d6183d1/addn_hosts - 3 addresses
Jun 26 14:57:37 gtw01 dnsmasq-dhcp[32192]: read /var/lib/neutron/dhcp/99712117-14ee-4716-a0a2-a1064d6183d1/host
Jun 26 14:57:37 gtw01 dnsmasq-dhcp[32192]: read /var/lib/neutron/dhcp/99712117-14ee-4716-a0a2-a1064d6183d1/opts
Jun 26 14:57:37 gtw01 dnsmasq[32081]: read /var/lib/neutron/dhcp/b79dc761-c406-4dbd-8865-28b68fcb388c/addn_hosts - 2 addresses
Jun 26 14:57:37 gtw01 dnsmasq-dhcp[32081]: read /var/lib/neutron/dhcp/b79dc761-c406-4dbd-8865-28b68fcb388c/host
Jun 26 14:57:37 gtw01 dnsmasq-dhcp[32081]: read /var/lib/neutron/dhcp/b79dc761-c406-4dbd-8865-28b68fcb388c/opts
Jun 26 14:57:38 gtw01 dnsmasq[32322]: read /var/lib/neutron/dhcp/92884b41-8c6f-413d-8b13-cdf0b464fa82/addn_hosts - 2 addresses
Jun 26 14:57:38 gtw01 dnsmasq-dhcp[32322]: read /var/lib/neutron/dhcp/92884b41-8c6f-413d-8b13-cdf0b464fa82/host
Jun 26 14:57:38 gtw01 dnsmasq-dhcp[32322]: read /var/lib/neutron/dhcp/92884b41-8c6f-413d-8b13-cdf0b464fa82/opts
Jun 26 14:57:39 gtw01 dnsmasq[32192]: read /var/lib/neutron/dhcp/99712117-14ee-4716-a0a2-a1064d6183d1/addn_hosts - 3 addresses
Jun 26 14:57:39 gtw01 dnsmasq-dhcp[32192]: read /var/lib/neutron/dhcp/99712117-14ee-4716-a0a2-a1064d6183d1/host
Jun 26 14:57:39 gtw01 dnsmasq-dhcp[32192]: read /var/lib/neutron/dhcp/99712117-14ee-4716-a0a2-a1064d6183d1/opts
Jun 26 14:57:39 gtw01 dnsmasq[32081]: read /var/lib/neutron/dhcp/b79dc761-c406-4dbd-8865-28b68fcb388c/addn_hosts - 2 addresses
Jun 26 14:57:39 gtw01 dnsmasq-dhcp[32081]: read /var/lib/neutron/dhcp/b79dc761-c406-4dbd-8865-28b68fcb388c/host
Jun 26 14:57:39 gtw01 dnsmasq-dhcp[32081]: read /var/lib/neutron/dhcp/b79dc761-c406-4dbd-8865-28b68fcb388c/opts
Jun 26 14:57:40 gtw01 dnsmasq[32322]: read /var/lib/neutron/dhcp/92884b41-8c6f-413d-8b13-cdf0b464fa82/addn_hosts - 2 addresses
Jun 26 14:57:40 gtw01 dnsmasq-dhcp[32322]: read /var/lib/neutron/dhcp/92884b41-8c6f-413d-8b13-cdf0b464fa82/host
Jun 26 14:57:40 gtw01 dnsmasq-dhcp[32322]: read /var/lib/neutron/dhcp/92884b41-8c6f-413d-8b13-cdf0b464fa82/opts
Jun 26 14:57:40 gtw01 dnsmasq[32192]: read /var/lib/neutron/dhcp/99712117-14ee-4716-a0a2-a1064d6183d1/addn_hosts - 3 addresses
Jun 26 14:57:40 gtw01 dnsmasq-dhcp[32192]: read /var/lib/neutron/dhcp/99712117-14ee-4716-a0a2-a1064d6183d1/host
Jun 26 14:57:40 gtw01 dnsmasq-dhcp[32192]: read /var/lib/neutron/dhcp/99712117-14ee-4716-a0a2-a1064d6183d1/opts
Jun 26 14:57:41 gtw01 systemd-udevd[32497]: Could not generate persistent MAC address for tap7adb440f-24: No such file or directory
Jun 26 14:57:41 gtw01 kernel: [ 3934.232003] device tap7adb440f-24 entered promiscuous mode
Jun 26 14:57:41 gtw01 systemd-udevd[32497]: Process '/sbin/ip link set tap7adb440f-24 txqueuelen 10000' failed with exit code 1.
Jun 26 14:57:41 gtw01 systemd-udevd[32497]: Process '/sbin/ip link set tap7adb440f-24 txqueuelen 10000' failed with exit code 1.
Jun 26 14:57:42 gtw01 dnsmasq[32322]: read /var/lib/neutron/dhcp/92884b41-8c6f-413d-8b13-cdf0b464fa82/addn_hosts - 2 addresses
Jun 26 14:57:42 gtw01 dnsmasq-dhcp[32322]: read /var/lib/neutron/dhcp/92884b41-8c6f-413d-8b13-cdf0b464fa82/host
Jun 26 14:57:42 gtw01 dnsmasq-dhcp[32322]: read /var/lib/neutron/dhcp/92884b41-8c6f-413d-8b13-cdf0b464fa82/opts
Jun 26 14:57:42 gtw01 dnsmasq[32192]: read /var/lib/neutron/dhcp/99712117-14ee-4716-a0a2-a1064d6183d1/addn_hosts - 3 addresses
Jun 26 14:57:42 gtw01 dnsmasq-dhcp[32192]: read /var/lib/neutron/dhcp/99712117-14ee-4716-a0a2-a1064d6183d1/host
Jun 26 14:57:42 gtw01 dnsmasq-dhcp[32192]: read /var/lib/neutron/dhcp/99712117-14ee-4716-a0a2-a1064d6183d1/opts
Jun 26 14:57:43 gtw01 dnsmasq[32636]: started, version 2.80 cachesize 150
Jun 26 14:57:43 gtw01 dnsmasq[32636]: DNS service limited to local subnets
Jun 26 14:57:43 gtw01 dnsmasq[32636]: compile time options: IPv6 GNU-getopt DBus i18n IDN DHCP DHCPv6 no-Lua TFTP conntrack ipset auth DNSSEC loop-detect inotify dumpfile
Jun 26 14:57:43 gtw01 dnsmasq[32636]: warning: no upstream servers configured
Jun 26 14:57:43 gtw01 dnsmasq-dhcp[32636]: DHCP, static leases only on 192.168.120.0, lease time 1h
Jun 26 14:57:43 gtw01 dnsmasq[32636]: read /var/lib/neutron/dhcp/9b487277-a325-4a22-8196-6eccf0a45993/addn_hosts - 1 addresses
Jun 26 14:57:43 gtw01 dnsmasq-dhcp[32636]: read /var/lib/neutron/dhcp/9b487277-a325-4a22-8196-6eccf0a45993/host
Jun 26 14:57:43 gtw01 dnsmasq-dhcp[32636]: read /var/lib/neutron/dhcp/9b487277-a325-4a22-8196-6eccf0a45993/opts
Jun 26 14:57:43 gtw01 haproxy-metadata-proxy-9b487277-a325-4a22-8196-6eccf0a45993[32658]: Proxy listener started.
Jun 26 14:57:43 gtw01 dnsmasq[32322]: read /var/lib/neutron/dhcp/92884b41-8c6f-413d-8b13-cdf0b464fa82/addn_hosts - 2 addresses
Jun 26 14:57:43 gtw01 dnsmasq-dhcp[32322]: read /var/lib/neutron/dhcp/92884b41-8c6f-413d-8b13-cdf0b464fa82/host
Jun 26 14:57:43 gtw01 dnsmasq-dhcp[32322]: read /var/lib/neutron/dhcp/92884b41-8c6f-413d-8b13-cdf0b464fa82/opts
Jun 26 14:57:44 gtw01 dnsmasq[32192]: read /var/lib/neutron/dhcp/99712117-14ee-4716-a0a2-a1064d6183d1/addn_hosts - 3 addresses
Jun 26 14:57:44 gtw01 dnsmasq-dhcp[32192]: read /var/lib/neutron/dhcp/99712117-14ee-4716-a0a2-a1064d6183d1/host
Jun 26 14:57:44 gtw01 dnsmasq-dhcp[32192]: read /var/lib/neutron/dhcp/99712117-14ee-4716-a0a2-a1064d6183d1/opts
Jun 26 14:57:45 gtw01 kernel: [ 3938.137598] device tap1debfe45-f7 left promiscuous mode
Jun 26 14:57:45 gtw01 kernel: [ 3938.325547] device tap76b74716-77 entered promiscuous mode
Jun 26 14:57:45 gtw01 systemd-udevd[32725]: Could not generate persistent MAC address for tap76b74716-77: No such file or directory
Jun 26 14:57:45 gtw01 systemd-udevd[326]: Process '/sbin/ip link set tap76b74716-77 txqueuelen 10000' failed with exit code 1.
Jun 26 14:57:46 gtw01 kernel: [ 3939.330343] device tap0594f864-85 entered promiscuous mode
Jun 26 14:57:46 gtw01 systemd-udevd[374]: Could not generate persistent MAC address for tap0594f864-85: No such file or directory
Jun 26 14:57:46 gtw01 systemd-udevd[374]: Process '/sbin/ip link set tap0594f864-85 txqueuelen 10000' failed with exit code 1.
Jun 26 14:57:46 gtw01 dnsmasq[32192]: read /var/lib/neutron/dhcp/99712117-14ee-4716-a0a2-a1064d6183d1/addn_hosts - 3 addresses
Jun 26 14:57:46 gtw01 dnsmasq-dhcp[32192]: read /var/lib/neutron/dhcp/99712117-14ee-4716-a0a2-a1064d6183d1/host
Jun 26 14:57:46 gtw01 dnsmasq-dhcp[32192]: read /var/lib/neutron/dhcp/99712117-14ee-4716-a0a2-a1064d6183d1/opts
Jun 26 14:57:48 gtw01 dnsmasq[522]: started, version 2.80 cachesize 150
Jun 26 14:57:48 gtw01 dnsmasq[522]: DNS service limited to local subnets
Jun 26 14:57:48 gtw01 dnsmasq[522]: compile time options: IPv6 GNU-getopt DBus i18n IDN DHCP DHCPv6 no-Lua TFTP conntrack ipset auth DNSSEC loop-detect inotify dumpfile
Jun 26 14:57:48 gtw01 dnsmasq[522]: warning: no upstream servers configured
Jun 26 14:57:48 gtw01 dnsmasq-dhcp[522]: DHCP, static leases only on 192.168.120.32, lease time 1h
Jun 26 14:57:48 gtw01 dnsmasq[522]: read /var/lib/neutron/dhcp/6c19df7a-6633-43bb-86bb-33e2deb23a33/addn_hosts - 1 addresses
Jun 26 14:57:48 gtw01 dnsmasq-dhcp[522]: read /var/lib/neutron/dhcp/6c19df7a-6633-43bb-86bb-33e2deb23a33/host
Jun 26 14:57:48 gtw01 dnsmasq-dhcp[522]: read /var/lib/neutron/dhcp/6c19df7a-6633-43bb-86bb-33e2deb23a33/opts
Jun 26 14:57:48 gtw01 haproxy-metadata-proxy-6c19df7a-6633-43bb-86bb-33e2deb23a33[548]: Proxy listener started.
Jun 26 14:57:49 gtw01 dnsmasq[32192]: read /var/lib/neutron/dhcp/99712117-14ee-4716-a0a2-a1064d6183d1/addn_hosts - 3 addresses
Jun 26 14:57:49 gtw01 dnsmasq-dhcp[32192]: read /var/lib/neutron/dhcp/99712117-14ee-4716-a0a2-a1064d6183d1/host
Jun 26 14:57:49 gtw01 dnsmasq-dhcp[32192]: read /var/lib/neutron/dhcp/99712117-14ee-4716-a0a2-a1064d6183d1/opts
Jun 26 14:57:49 gtw01 kernel: [ 3942.224806] device tap5e8e2386-c9 entered promiscuous mode
Jun 26 14:57:49 gtw01 systemd-udevd[587]: Could not generate persistent MAC address for tap5e8e2386-c9: No such file or directory
Jun 26 14:57:50 gtw01 dnsmasq[522]: read /var/lib/neutron/dhcp/6c19df7a-6633-43bb-86bb-33e2deb23a33/addn_hosts - 2 addresses
Jun 26 14:57:50 gtw01 dnsmasq-dhcp[522]: read /var/lib/neutron/dhcp/6c19df7a-6633-43bb-86bb-33e2deb23a33/host
Jun 26 14:57:50 gtw01 dnsmasq-dhcp[522]: read /var/lib/neutron/dhcp/6c19df7a-6633-43bb-86bb-33e2deb23a33/opts
Jun 26 14:57:50 gtw01 systemd-udevd[693]: Process '/sbin/ip link set tap5e8e2386-c9 txqueuelen 10000' failed with exit code 1.
Jun 26 14:57:51 gtw01 kernel: [ 3943.799071] device tap525095f2-61 entered promiscuous mode
Jun 26 14:57:51 gtw01 dnsmasq[32192]: read /var/lib/neutron/dhcp/99712117-14ee-4716-a0a2-a1064d6183d1/addn_hosts - 3 addresses
Jun 26 14:57:51 gtw01 dnsmasq-dhcp[32192]: read /var/lib/neutron/dhcp/99712117-14ee-4716-a0a2-a1064d6183d1/host
Jun 26 14:57:51 gtw01 dnsmasq-dhcp[32192]: read /var/lib/neutron/dhcp/99712117-14ee-4716-a0a2-a1064d6183d1/opts
Jun 26 14:57:51 gtw01 systemd-udevd[724]: Process '/sbin/ip link set tap525095f2-61 txqueuelen 10000' failed with exit code 1.
Jun 26 14:57:51 gtw01 systemd-udevd[802]: Process '/sbin/ip link set tap525095f2-61 txqueuelen 10000' failed with exit code 1.
Jun 26 14:57:52 gtw01 dnsmasq[522]: read /var/lib/neutron/dhcp/6c19df7a-6633-43bb-86bb-33e2deb23a33/addn_hosts - 2 addresses
Jun 26 14:57:52 gtw01 dnsmasq-dhcp[522]: read /var/lib/neutron/dhcp/6c19df7a-6633-43bb-86bb-33e2deb23a33/host
Jun 26 14:57:52 gtw01 dnsmasq-dhcp[522]: read /var/lib/neutron/dhcp/6c19df7a-6633-43bb-86bb-33e2deb23a33/opts
Jun 26 14:57:52 gtw01 dnsmasq[869]: started, version 2.80 cachesize 150
Jun 26 14:57:52 gtw01 dnsmasq[869]: DNS service limited to local subnets
Jun 26 14:57:52 gtw01 dnsmasq[869]: compile time options: IPv6 GNU-getopt DBus i18n IDN DHCP DHCPv6 no-Lua TFTP conntrack ipset auth DNSSEC loop-detect inotify dumpfile
Jun 26 14:57:52 gtw01 dnsmasq[869]: warning: no upstream servers configured
Jun 26 14:57:52 gtw01 dnsmasq-dhcp[869]: DHCP, static leases only on 192.168.120.48, lease time 1h
Jun 26 14:57:52 gtw01 dnsmasq[869]: read /var/lib/neutron/dhcp/3b54389d-0fc6-457b-a552-8eeb0c9e2b29/addn_hosts - 1 addresses
Jun 26 14:57:52 gtw01 dnsmasq-dhcp[869]: read /var/lib/neutron/dhcp/3b54389d-0fc6-457b-a552-8eeb0c9e2b29/host
Jun 26 14:57:52 gtw01 dnsmasq-dhcp[869]: read /var/lib/neutron/dhcp/3b54389d-0fc6-457b-a552-8eeb0c9e2b29/opts
Jun 26 14:57:53 gtw01 haproxy-metadata-proxy-3b54389d-0fc6-457b-a552-8eeb0c9e2b29[896]: Proxy listener started.
Jun 26 14:57:54 gtw01 dnsmasq[32192]: read /var/lib/neutron/dhcp/99712117-14ee-4716-a0a2-a1064d6183d1/addn_hosts - 3 addresses
Jun 26 14:57:54 gtw01 dnsmasq-dhcp[32192]: read /var/lib/neutron/dhcp/99712117-14ee-4716-a0a2-a1064d6183d1/host
Jun 26 14:57:54 gtw01 dnsmasq-dhcp[32192]: read /var/lib/neutron/dhcp/99712117-14ee-4716-a0a2-a1064d6183d1/opts
Jun 26 14:57:55 gtw01 kernel: [ 3947.724919] device tap3e4a1276-99 entered promiscuous mode
Jun 26 14:57:55 gtw01 dnsmasq[968]: started, version 2.80 cachesize 150
Jun 26 14:57:55 gtw01 dnsmasq[968]: DNS service limited to local subnets
Jun 26 14:57:55 gtw01 dnsmasq[968]: compile time options: IPv6 GNU-getopt DBus i18n IDN DHCP DHCPv6 no-Lua TFTP conntrack ipset auth DNSSEC loop-detect inotify dumpfile
Jun 26 14:57:55 gtw01 dnsmasq[968]: warning: no upstream servers configured
Jun 26 14:57:55 gtw01 dnsmasq-dhcp[968]: DHCP, static leases only on 192.168.120.64, lease time 1h
Jun 26 14:57:55 gtw01 dnsmasq[968]: read /var/lib/neutron/dhcp/803b292e-105e-47e4-b47d-51eca17149e0/addn_hosts - 1 addresses
Jun 26 14:57:55 gtw01 dnsmasq-dhcp[968]: read /var/lib/neutron/dhcp/803b292e-105e-47e4-b47d-51eca17149e0/host
Jun 26 14:57:55 gtw01 dnsmasq-dhcp[968]: read /var/lib/neutron/dhcp/803b292e-105e-47e4-b47d-51eca17149e0/opts
Jun 26 14:57:55 gtw01 dnsmasq[869]: read /var/lib/neutron/dhcp/3b54389d-0fc6-457b-a552-8eeb0c9e2b29/addn_hosts - 2 addresses
Jun 26 14:57:55 gtw01 dnsmasq-dhcp[869]: read /var/lib/neutron/dhcp/3b54389d-0fc6-457b-a552-8eeb0c9e2b29/host
Jun 26 14:57:55 gtw01 dnsmasq-dhcp[869]: read /var/lib/neutron/dhcp/3b54389d-0fc6-457b-a552-8eeb0c9e2b29/opts
Jun 26 14:57:55 gtw01 dnsmasq[522]: read /var/lib/neutron/dhcp/6c19df7a-6633-43bb-86bb-33e2deb23a33/addn_hosts - 2 addresses
Jun 26 14:57:55 gtw01 dnsmasq-dhcp[522]: read /var/lib/neutron/dhcp/6c19df7a-6633-43bb-86bb-33e2deb23a33/host
Jun 26 14:57:55 gtw01 dnsmasq-dhcp[522]: read /var/lib/neutron/dhcp/6c19df7a-6633-43bb-86bb-33e2deb23a33/opts
Jun 26 14:57:55 gtw01 systemd-udevd[1053]: Process '/sbin/ip link set tap3e4a1276-99 txqueuelen 10000' failed with exit code 1.
Jun 26 14:57:56 gtw01 haproxy-metadata-proxy-803b292e-105e-47e4-b47d-51eca17149e0[1075]: Proxy listener started.
Jun 26 14:57:56 gtw01 dnsmasq[32081]: read /var/lib/neutron/dhcp/b79dc761-c406-4dbd-8865-28b68fcb388c/addn_hosts - 1 addresses
Jun 26 14:57:56 gtw01 dnsmasq-dhcp[32081]: read /var/lib/neutron/dhcp/b79dc761-c406-4dbd-8865-28b68fcb388c/host
Jun 26 14:57:56 gtw01 dnsmasq-dhcp[32081]: read /var/lib/neutron/dhcp/b79dc761-c406-4dbd-8865-28b68fcb388c/opts
Jun 26 14:57:57 gtw01 dnsmasq[32192]: read /var/lib/neutron/dhcp/99712117-14ee-4716-a0a2-a1064d6183d1/addn_hosts - 2 addresses
Jun 26 14:57:57 gtw01 dnsmasq-dhcp[32192]: read /var/lib/neutron/dhcp/99712117-14ee-4716-a0a2-a1064d6183d1/host
Jun 26 14:57:57 gtw01 dnsmasq-dhcp[32192]: read /var/lib/neutron/dhcp/99712117-14ee-4716-a0a2-a1064d6183d1/opts
Jun 26 14:57:58 gtw01 dnsmasq[869]: read /var/lib/neutron/dhcp/3b54389d-0fc6-457b-a552-8eeb0c9e2b29/addn_hosts - 2 addresses
Jun 26 14:57:58 gtw01 dnsmasq-dhcp[869]: read /var/lib/neutron/dhcp/3b54389d-0fc6-457b-a552-8eeb0c9e2b29/host
Jun 26 14:57:58 gtw01 dnsmasq-dhcp[869]: read /var/lib/neutron/dhcp/3b54389d-0fc6-457b-a552-8eeb0c9e2b29/opts
Jun 26 14:57:58 gtw01 dnsmasq[522]: read /var/lib/neutron/dhcp/6c19df7a-6633-43bb-86bb-33e2deb23a33/addn_hosts - 2 addresses
Jun 26 14:57:58 gtw01 dnsmasq-dhcp[522]: read /var/lib/neutron/dhcp/6c19df7a-6633-43bb-86bb-33e2deb23a33/host
Jun 26 14:57:58 gtw01 dnsmasq-dhcp[522]: read /var/lib/neutron/dhcp/6c19df7a-6633-43bb-86bb-33e2deb23a33/opts
Jun 26 14:57:58 gtw01 dnsmasq[968]: read /var/lib/neutron/dhcp/803b292e-105e-47e4-b47d-51eca17149e0/addn_hosts - 2 addresses
Jun 26 14:57:58 gtw01 dnsmasq-dhcp[968]: read /var/lib/neutron/dhcp/803b292e-105e-47e4-b47d-51eca17149e0/host
Jun 26 14:57:58 gtw01 dnsmasq-dhcp[968]: read /var/lib/neutron/dhcp/803b292e-105e-47e4-b47d-51eca17149e0/opts
Jun 26 14:57:59 gtw01 dnsmasq[1214]: started, version 2.80 cachesize 150
Jun 26 14:57:59 gtw01 dnsmasq[1214]: DNS service limited to local subnets
Jun 26 14:57:59 gtw01 dnsmasq[1214]: compile time options: IPv6 GNU-getopt DBus i18n IDN DHCP DHCPv6 no-Lua TFTP conntrack ipset auth DNSSEC loop-detect inotify dumpfile
Jun 26 14:57:59 gtw01 dnsmasq[1214]: warning: no upstream servers configured
Jun 26 14:57:59 gtw01 dnsmasq-dhcp[1214]: DHCP, static leases only on 192.168.120.80, lease time 1h
Jun 26 14:57:59 gtw01 dnsmasq[1214]: read /var/lib/neutron/dhcp/904e7c22-5251-46a9-8ab5-59b269e9072b/addn_hosts - 1 addresses
Jun 26 14:57:59 gtw01 dnsmasq-dhcp[1214]: read /var/lib/neutron/dhcp/904e7c22-5251-46a9-8ab5-59b269e9072b/host
Jun 26 14:57:59 gtw01 dnsmasq-dhcp[1214]: read /var/lib/neutron/dhcp/904e7c22-5251-46a9-8ab5-59b269e9072b/opts
Jun 26 14:58:00 gtw01 dnsmasq[32322]: read /var/lib/neutron/dhcp/92884b41-8c6f-413d-8b13-cdf0b464fa82/addn_hosts - 1 addresses
Jun 26 14:58:00 gtw01 dnsmasq-dhcp[32322]: read /var/lib/neutron/dhcp/92884b41-8c6f-413d-8b13-cdf0b464fa82/host
Jun 26 14:58:00 gtw01 dnsmasq-dhcp[32322]: read /var/lib/neutron/dhcp/92884b41-8c6f-413d-8b13-cdf0b464fa82/opts
Jun 26 14:58:00 gtw01 dnsmasq[32192]: read /var/lib/neutron/dhcp/99712117-14ee-4716-a0a2-a1064d6183d1/addn_hosts - 1 addresses
Jun 26 14:58:00 gtw01 dnsmasq-dhcp[32192]: read /var/lib/neutron/dhcp/99712117-14ee-4716-a0a2-a1064d6183d1/host
Jun 26 14:58:00 gtw01 dnsmasq-dhcp[32192]: read /var/lib/neutron/dhcp/99712117-14ee-4716-a0a2-a1064d6183d1/opts
Jun 26 14:58:00 gtw01 haproxy-metadata-proxy-904e7c22-5251-46a9-8ab5-59b269e9072b[1245]: Proxy listener started.
Jun 26 14:58:00 gtw01 dnsmasq[1262]: started, version 2.80 cachesize 150
Jun 26 14:58:00 gtw01 dnsmasq[1262]: DNS service limited to local subnets
Jun 26 14:58:00 gtw01 dnsmasq[1262]: compile time options: IPv6 GNU-getopt DBus i18n IDN DHCP DHCPv6 no-Lua TFTP conntrack ipset auth DNSSEC loop-detect inotify dumpfile
Jun 26 14:58:00 gtw01 dnsmasq[1262]: warning: no upstream servers configured
Jun 26 14:58:00 gtw01 dnsmasq-dhcp[1262]: DHCP, static leases only on 192.168.120.16, lease time 1h
Jun 26 14:58:00 gtw01 dnsmasq[1262]: read /var/lib/neutron/dhcp/312ff7ce-4133-49fb-bc94-c7babb71cddc/addn_hosts - 1 addresses
Jun 26 14:58:00 gtw01 dnsmasq-dhcp[1262]: read /var/lib/neutron/dhcp/312ff7ce-4133-49fb-bc94-c7babb71cddc/host
Jun 26 14:58:00 gtw01 dnsmasq-dhcp[1262]: read /var/lib/neutron/dhcp/312ff7ce-4133-49fb-bc94-c7babb71cddc/opts
Jun 26 14:58:01 gtw01 dnsmasq[869]: read /var/lib/neutron/dhcp/3b54389d-0fc6-457b-a552-8eeb0c9e2b29/addn_hosts - 2 addresses
Jun 26 14:58:01 gtw01 dnsmasq-dhcp[869]: read /var/lib/neutron/dhcp/3b54389d-0fc6-457b-a552-8eeb0c9e2b29/host
Jun 26 14:58:01 gtw01 dnsmasq-dhcp[869]: read /var/lib/neutron/dhcp/3b54389d-0fc6-457b-a552-8eeb0c9e2b29/opts
Jun 26 14:58:01 gtw01 haproxy-metadata-proxy-312ff7ce-4133-49fb-bc94-c7babb71cddc[1287]: Proxy listener started.
Jun 26 14:58:02 gtw01 dnsmasq[522]: read /var/lib/neutron/dhcp/6c19df7a-6633-43bb-86bb-33e2deb23a33/addn_hosts - 1 addresses
Jun 26 14:58:02 gtw01 dnsmasq-dhcp[522]: read /var/lib/neutron/dhcp/6c19df7a-6633-43bb-86bb-33e2deb23a33/host
Jun 26 14:58:02 gtw01 dnsmasq-dhcp[522]: read /var/lib/neutron/dhcp/6c19df7a-6633-43bb-86bb-33e2deb23a33/opts
Jun 26 14:58:02 gtw01 dnsmasq[1214]: read /var/lib/neutron/dhcp/904e7c22-5251-46a9-8ab5-59b269e9072b/addn_hosts - 2 addresses
Jun 26 14:58:02 gtw01 dnsmasq-dhcp[1214]: read /var/lib/neutron/dhcp/904e7c22-5251-46a9-8ab5-59b269e9072b/host
Jun 26 14:58:02 gtw01 dnsmasq-dhcp[1214]: read /var/lib/neutron/dhcp/904e7c22-5251-46a9-8ab5-59b269e9072b/opts
Jun 26 14:58:02 gtw01 dnsmasq[968]: read /var/lib/neutron/dhcp/803b292e-105e-47e4-b47d-51eca17149e0/addn_hosts - 2 addresses
Jun 26 14:58:02 gtw01 dnsmasq-dhcp[968]: read /var/lib/neutron/dhcp/803b292e-105e-47e4-b47d-51eca17149e0/host
Jun 26 14:58:02 gtw01 dnsmasq-dhcp[968]: read /var/lib/neutron/dhcp/803b292e-105e-47e4-b47d-51eca17149e0/opts
Jun 26 14:58:03 gtw01 dnsmasq[1262]: read /var/lib/neutron/dhcp/312ff7ce-4133-49fb-bc94-c7babb71cddc/addn_hosts - 2 addresses
Jun 26 14:58:03 gtw01 dnsmasq-dhcp[1262]: read /var/lib/neutron/dhcp/312ff7ce-4133-49fb-bc94-c7babb71cddc/host
Jun 26 14:58:03 gtw01 dnsmasq-dhcp[1262]: read /var/lib/neutron/dhcp/312ff7ce-4133-49fb-bc94-c7babb71cddc/opts
Jun 26 14:58:03 gtw01 dnsmasq[869]: read /var/lib/neutron/dhcp/3b54389d-0fc6-457b-a552-8eeb0c9e2b29/addn_hosts - 2 addresses
Jun 26 14:58:03 gtw01 dnsmasq-dhcp[869]: read /var/lib/neutron/dhcp/3b54389d-0fc6-457b-a552-8eeb0c9e2b29/host
Jun 26 14:58:03 gtw01 dnsmasq-dhcp[869]: read /var/lib/neutron/dhcp/3b54389d-0fc6-457b-a552-8eeb0c9e2b29/opts
Jun 26 14:58:04 gtw01 dnsmasq[1403]: started, version 2.80 cachesize 150
Jun 26 14:58:04 gtw01 dnsmasq[1403]: DNS service limited to local subnets
Jun 26 14:58:04 gtw01 dnsmasq[1403]: compile time options: IPv6 GNU-getopt DBus i18n IDN DHCP DHCPv6 no-Lua TFTP conntrack ipset auth DNSSEC loop-detect inotify dumpfile
Jun 26 14:58:04 gtw01 dnsmasq[1403]: warning: no upstream servers configured
Jun 26 14:58:04 gtw01 dnsmasq-dhcp[1403]: DHCP, static leases only on 192.168.120.96, lease time 1h
Jun 26 14:58:04 gtw01 dnsmasq[1403]: read /var/lib/neutron/dhcp/f7fee92e-d976-4e8b-86a9-2f3a141fad45/addn_hosts - 1 addresses
Jun 26 14:58:04 gtw01 dnsmasq-dhcp[1403]: read /var/lib/neutron/dhcp/f7fee92e-d976-4e8b-86a9-2f3a141fad45/host
Jun 26 14:58:04 gtw01 dnsmasq-dhcp[1403]: read /var/lib/neutron/dhcp/f7fee92e-d976-4e8b-86a9-2f3a141fad45/opts
Jun 26 14:58:04 gtw01 dnsmasq[1214]: read /var/lib/neutron/dhcp/904e7c22-5251-46a9-8ab5-59b269e9072b/addn_hosts - 2 addresses
Jun 26 14:58:04 gtw01 dnsmasq-dhcp[1214]: read /var/lib/neutron/dhcp/904e7c22-5251-46a9-8ab5-59b269e9072b/host
Jun 26 14:58:04 gtw01 dnsmasq-dhcp[1214]: read /var/lib/neutron/dhcp/904e7c22-5251-46a9-8ab5-59b269e9072b/opts
Jun 26 14:58:04 gtw01 haproxy-metadata-proxy-f7fee92e-d976-4e8b-86a9-2f3a141fad45[1420]: Proxy listener started.
Jun 26 14:58:04 gtw01 dnsmasq[968]: read /var/lib/neutron/dhcp/803b292e-105e-47e4-b47d-51eca17149e0/addn_hosts - 2 addresses
Jun 26 14:58:04 gtw01 dnsmasq-dhcp[968]: read /var/lib/neutron/dhcp/803b292e-105e-47e4-b47d-51eca17149e0/host
Jun 26 14:58:04 gtw01 dnsmasq-dhcp[968]: read /var/lib/neutron/dhcp/803b292e-105e-47e4-b47d-51eca17149e0/opts
Jun 26 14:58:05 gtw01 dnsmasq[1262]: read /var/lib/neutron/dhcp/312ff7ce-4133-49fb-bc94-c7babb71cddc/addn_hosts - 2 addresses
Jun 26 14:58:05 gtw01 dnsmasq-dhcp[1262]: read /var/lib/neutron/dhcp/312ff7ce-4133-49fb-bc94-c7babb71cddc/host
Jun 26 14:58:05 gtw01 dnsmasq-dhcp[1262]: read /var/lib/neutron/dhcp/312ff7ce-4133-49fb-bc94-c7babb71cddc/opts
Jun 26 14:58:05 gtw01 dnsmasq[869]: read /var/lib/neutron/dhcp/3b54389d-0fc6-457b-a552-8eeb0c9e2b29/addn_hosts - 1 addresses
Jun 26 14:58:05 gtw01 dnsmasq-dhcp[869]: read /var/lib/neutron/dhcp/3b54389d-0fc6-457b-a552-8eeb0c9e2b29/host
Jun 26 14:58:05 gtw01 dnsmasq-dhcp[869]: read /var/lib/neutron/dhcp/3b54389d-0fc6-457b-a552-8eeb0c9e2b29/opts
Jun 26 14:58:06 gtw01 dnsmasq[1214]: read /var/lib/neutron/dhcp/904e7c22-5251-46a9-8ab5-59b269e9072b/addn_hosts - 2 addresses
Jun 26 14:58:06 gtw01 dnsmasq-dhcp[1214]: read /var/lib/neutron/dhcp/904e7c22-5251-46a9-8ab5-59b269e9072b/host
Jun 26 14:58:06 gtw01 dnsmasq-dhcp[1214]: read /var/lib/neutron/dhcp/904e7c22-5251-46a9-8ab5-59b269e9072b/opts
Jun 26 14:58:06 gtw01 dnsmasq[968]: read /var/lib/neutron/dhcp/803b292e-105e-47e4-b47d-51eca17149e0/addn_hosts - 2 addresses
Jun 26 14:58:06 gtw01 dnsmasq-dhcp[968]: read /var/lib/neutron/dhcp/803b292e-105e-47e4-b47d-51eca17149e0/host
Jun 26 14:58:06 gtw01 dnsmasq-dhcp[968]: read /var/lib/neutron/dhcp/803b292e-105e-47e4-b47d-51eca17149e0/opts
Jun 26 14:58:06 gtw01 dnsmasq[1262]: read /var/lib/neutron/dhcp/312ff7ce-4133-49fb-bc94-c7babb71cddc/addn_hosts - 2 addresses
Jun 26 14:58:06 gtw01 dnsmasq-dhcp[1262]: read /var/lib/neutron/dhcp/312ff7ce-4133-49fb-bc94-c7babb71cddc/host
Jun 26 14:58:06 gtw01 dnsmasq-dhcp[1262]: read /var/lib/neutron/dhcp/312ff7ce-4133-49fb-bc94-c7babb71cddc/opts
Jun 26 14:58:07 gtw01 dnsmasq[1403]: read /var/lib/neutron/dhcp/f7fee92e-d976-4e8b-86a9-2f3a141fad45/addn_hosts - 1 addresses
Jun 26 14:58:07 gtw01 dnsmasq-dhcp[1403]: read /var/lib/neutron/dhcp/f7fee92e-d976-4e8b-86a9-2f3a141fad45/host
Jun 26 14:58:07 gtw01 dnsmasq-dhcp[1403]: read /var/lib/neutron/dhcp/f7fee92e-d976-4e8b-86a9-2f3a141fad45/opts
Jun 26 14:58:08 gtw01 dnsmasq[1214]: read /var/lib/neutron/dhcp/904e7c22-5251-46a9-8ab5-59b269e9072b/addn_hosts - 2 addresses
Jun 26 14:58:08 gtw01 dnsmasq-dhcp[1214]: read /var/lib/neutron/dhcp/904e7c22-5251-46a9-8ab5-59b269e9072b/host
Jun 26 14:58:08 gtw01 dnsmasq-dhcp[1214]: read /var/lib/neutron/dhcp/904e7c22-5251-46a9-8ab5-59b269e9072b/opts
Jun 26 14:58:08 gtw01 dnsmasq[968]: read /var/lib/neutron/dhcp/803b292e-105e-47e4-b47d-51eca17149e0/addn_hosts - 1 addresses
Jun 26 14:58:08 gtw01 dnsmasq-dhcp[968]: read /var/lib/neutron/dhcp/803b292e-105e-47e4-b47d-51eca17149e0/host
Jun 26 14:58:08 gtw01 dnsmasq-dhcp[968]: read /var/lib/neutron/dhcp/803b292e-105e-47e4-b47d-51eca17149e0/opts
Jun 26 14:58:08 gtw01 dnsmasq[1403]: read /var/lib/neutron/dhcp/f7fee92e-d976-4e8b-86a9-2f3a141fad45/addn_hosts - 1 addresses
Jun 26 14:58:08 gtw01 dnsmasq-dhcp[1403]: read /var/lib/neutron/dhcp/f7fee92e-d976-4e8b-86a9-2f3a141fad45/host
Jun 26 14:58:08 gtw01 dnsmasq-dhcp[1403]: read /var/lib/neutron/dhcp/f7fee92e-d976-4e8b-86a9-2f3a141fad45/opts
Jun 26 14:58:08 gtw01 dnsmasq[1262]: read /var/lib/neutron/dhcp/312ff7ce-4133-49fb-bc94-c7babb71cddc/addn_hosts - 2 addresses
Jun 26 14:58:08 gtw01 dnsmasq-dhcp[1262]: read /var/lib/neutron/dhcp/312ff7ce-4133-49fb-bc94-c7babb71cddc/host
Jun 26 14:58:08 gtw01 dnsmasq-dhcp[1262]: read /var/lib/neutron/dhcp/312ff7ce-4133-49fb-bc94-c7babb71cddc/opts
Jun 26 14:58:09 gtw01 dnsmasq[1214]: read /var/lib/neutron/dhcp/904e7c22-5251-46a9-8ab5-59b269e9072b/addn_hosts - 2 addresses
Jun 26 14:58:09 gtw01 dnsmasq-dhcp[1214]: read /var/lib/neutron/dhcp/904e7c22-5251-46a9-8ab5-59b269e9072b/host
Jun 26 14:58:09 gtw01 dnsmasq-dhcp[1214]: read /var/lib/neutron/dhcp/904e7c22-5251-46a9-8ab5-59b269e9072b/opts
Jun 26 14:58:10 gtw01 dnsmasq[1403]: read /var/lib/neutron/dhcp/f7fee92e-d976-4e8b-86a9-2f3a141fad45/addn_hosts - 2 addresses
Jun 26 14:58:10 gtw01 dnsmasq-dhcp[1403]: read /var/lib/neutron/dhcp/f7fee92e-d976-4e8b-86a9-2f3a141fad45/host
Jun 26 14:58:10 gtw01 dnsmasq-dhcp[1403]: read /var/lib/neutron/dhcp/f7fee92e-d976-4e8b-86a9-2f3a141fad45/opts
Jun 26 14:58:10 gtw01 dnsmasq[1262]: read /var/lib/neutron/dhcp/312ff7ce-4133-49fb-bc94-c7babb71cddc/addn_hosts - 2 addresses
Jun 26 14:58:10 gtw01 dnsmasq-dhcp[1262]: read /var/lib/neutron/dhcp/312ff7ce-4133-49fb-bc94-c7babb71cddc/host
Jun 26 14:58:10 gtw01 dnsmasq-dhcp[1262]: read /var/lib/neutron/dhcp/312ff7ce-4133-49fb-bc94-c7babb71cddc/opts
Jun 26 14:58:11 gtw01 kernel: [ 3963.929830] device tap1f6cc5bf-6f left promiscuous mode
Jun 26 14:58:11 gtw01 dnsmasq[1214]: read /var/lib/neutron/dhcp/904e7c22-5251-46a9-8ab5-59b269e9072b/addn_hosts - 2 addresses
Jun 26 14:58:11 gtw01 dnsmasq-dhcp[1214]: read /var/lib/neutron/dhcp/904e7c22-5251-46a9-8ab5-59b269e9072b/host
Jun 26 14:58:11 gtw01 dnsmasq-dhcp[1214]: read /var/lib/neutron/dhcp/904e7c22-5251-46a9-8ab5-59b269e9072b/opts
Jun 26 14:58:11 gtw01 dnsmasq[1403]: read /var/lib/neutron/dhcp/f7fee92e-d976-4e8b-86a9-2f3a141fad45/addn_hosts - 2 addresses
Jun 26 14:58:11 gtw01 dnsmasq-dhcp[1403]: read /var/lib/neutron/dhcp/f7fee92e-d976-4e8b-86a9-2f3a141fad45/host
Jun 26 14:58:11 gtw01 dnsmasq-dhcp[1403]: read /var/lib/neutron/dhcp/f7fee92e-d976-4e8b-86a9-2f3a141fad45/opts
Jun 26 14:58:12 gtw01 dnsmasq[1214]: read /var/lib/neutron/dhcp/904e7c22-5251-46a9-8ab5-59b269e9072b/addn_hosts - 2 addresses
Jun 26 14:58:12 gtw01 dnsmasq-dhcp[1214]: read /var/lib/neutron/dhcp/904e7c22-5251-46a9-8ab5-59b269e9072b/host
Jun 26 14:58:12 gtw01 dnsmasq-dhcp[1214]: read /var/lib/neutron/dhcp/904e7c22-5251-46a9-8ab5-59b269e9072b/opts
Jun 26 14:58:12 gtw01 dnsmasq[1403]: read /var/lib/neutron/dhcp/f7fee92e-d976-4e8b-86a9-2f3a141fad45/addn_hosts - 2 addresses
Jun 26 14:58:12 gtw01 dnsmasq-dhcp[1403]: read /var/lib/neutron/dhcp/f7fee92e-d976-4e8b-86a9-2f3a141fad45/host
Jun 26 14:58:12 gtw01 dnsmasq-dhcp[1403]: read /var/lib/neutron/dhcp/f7fee92e-d976-4e8b-86a9-2f3a141fad45/opts
Jun 26 14:58:13 gtw01 dnsmasq[1214]: read /var/lib/neutron/dhcp/904e7c22-5251-46a9-8ab5-59b269e9072b/addn_hosts - 1 addresses
Jun 26 14:58:13 gtw01 dnsmasq-dhcp[1214]: read /var/lib/neutron/dhcp/904e7c22-5251-46a9-8ab5-59b269e9072b/host
Jun 26 14:58:13 gtw01 dnsmasq-dhcp[1214]: read /var/lib/neutron/dhcp/904e7c22-5251-46a9-8ab5-59b269e9072b/opts
Jun 26 14:58:13 gtw01 dnsmasq[1403]: read /var/lib/neutron/dhcp/f7fee92e-d976-4e8b-86a9-2f3a141fad45/addn_hosts - 2 addresses
Jun 26 14:58:13 gtw01 dnsmasq-dhcp[1403]: read /var/lib/neutron/dhcp/f7fee92e-d976-4e8b-86a9-2f3a141fad45/host
Jun 26 14:58:13 gtw01 dnsmasq-dhcp[1403]: read /var/lib/neutron/dhcp/f7fee92e-d976-4e8b-86a9-2f3a141fad45/opts
Jun 26 14:58:14 gtw01 dnsmasq[1403]: read /var/lib/neutron/dhcp/f7fee92e-d976-4e8b-86a9-2f3a141fad45/addn_hosts - 2 addresses
Jun 26 14:58:14 gtw01 dnsmasq-dhcp[1403]: read /var/lib/neutron/dhcp/f7fee92e-d976-4e8b-86a9-2f3a141fad45/host
Jun 26 14:58:14 gtw01 dnsmasq-dhcp[1403]: read /var/lib/neutron/dhcp/f7fee92e-d976-4e8b-86a9-2f3a141fad45/opts
Jun 26 14:58:15 gtw01 dnsmasq[1403]: read /var/lib/neutron/dhcp/f7fee92e-d976-4e8b-86a9-2f3a141fad45/addn_hosts - 1 addresses
Jun 26 14:58:15 gtw01 dnsmasq-dhcp[1403]: read /var/lib/neutron/dhcp/f7fee92e-d976-4e8b-86a9-2f3a141fad45/host
Jun 26 14:58:15 gtw01 dnsmasq-dhcp[1403]: read /var/lib/neutron/dhcp/f7fee92e-d976-4e8b-86a9-2f3a141fad45/opts
Jun 26 14:58:17 gtw01 kernel: [ 3970.405839] device tapa673bb54-31 left promiscuous mode
Jun 26 14:58:17 gtw01 kernel: [ 3970.464854] device tap7adb440f-24 left promiscuous mode
Jun 26 14:58:19 gtw01 kernel: [ 3972.115384] device tap76b74716-77 left promiscuous mode
Jun 26 14:58:21 gtw01 kernel: [ 3973.766063] device tap130ecb66-11 entered promiscuous mode
Jun 26 14:58:21 gtw01 systemd-udevd[1829]: Process '/sbin/ip link set tap130ecb66-11 txqueuelen 10000' failed with exit code 1.
Jun 26 14:58:21 gtw01 systemd-udevd[1909]: Process '/sbin/ip link set tap130ecb66-11 txqueuelen 10000' failed with exit code 1.
Jun 26 14:58:21 gtw01 kernel: [ 3974.205477] device tap0594f864-85 left promiscuous mode
Jun 26 14:58:22 gtw01 dnsmasq[31627]: read /var/lib/neutron/dhcp/cf56d8f2-d6ad-43fb-b7f5-6256a28726b9/addn_hosts - 1 addresses
Jun 26 14:58:22 gtw01 dnsmasq-dhcp[31627]: read /var/lib/neutron/dhcp/cf56d8f2-d6ad-43fb-b7f5-6256a28726b9/host
Jun 26 14:58:22 gtw01 dnsmasq-dhcp[31627]: read /var/lib/neutron/dhcp/cf56d8f2-d6ad-43fb-b7f5-6256a28726b9/opts
Jun 26 14:58:22 gtw01 kernel: [ 3975.560376] device tap5e8e2386-c9 left promiscuous mode
Jun 26 14:58:24 gtw01 kernel: [ 3977.141400] device tap3e4a1276-99 left promiscuous mode
Jun 26 14:58:24 gtw01 dnsmasq[2006]: started, version 2.80 cachesize 150
Jun 26 14:58:24 gtw01 dnsmasq[2006]: DNS service limited to local subnets
Jun 26 14:58:24 gtw01 dnsmasq[2006]: compile time options: IPv6 GNU-getopt DBus i18n IDN DHCP DHCPv6 no-Lua TFTP conntrack ipset auth DNSSEC loop-detect inotify dumpfile
Jun 26 14:58:24 gtw01 dnsmasq[2006]: warning: no upstream servers configured
Jun 26 14:58:24 gtw01 dnsmasq-dhcp[2006]: DHCP, static leases only on 192.168.120.0, lease time 1h
Jun 26 14:58:24 gtw01 dnsmasq[2006]: read /var/lib/neutron/dhcp/2bb4b13f-2e96-4dec-8b4d-07baa8c4895f/addn_hosts - 1 addresses
Jun 26 14:58:24 gtw01 dnsmasq-dhcp[2006]: read /var/lib/neutron/dhcp/2bb4b13f-2e96-4dec-8b4d-07baa8c4895f/host
Jun 26 14:58:24 gtw01 dnsmasq-dhcp[2006]: read /var/lib/neutron/dhcp/2bb4b13f-2e96-4dec-8b4d-07baa8c4895f/opts
Jun 26 14:58:24 gtw01 haproxy-metadata-proxy-2bb4b13f-2e96-4dec-8b4d-07baa8c4895f[2010]: Proxy listener started.
Jun 26 14:58:25 gtw01 dnsmasq[2006]: read /var/lib/neutron/dhcp/2bb4b13f-2e96-4dec-8b4d-07baa8c4895f/addn_hosts - 3 addresses
Jun 26 14:58:25 gtw01 dnsmasq-dhcp[2006]: read /var/lib/neutron/dhcp/2bb4b13f-2e96-4dec-8b4d-07baa8c4895f/host
Jun 26 14:58:25 gtw01 dnsmasq-dhcp[2006]: read /var/lib/neutron/dhcp/2bb4b13f-2e96-4dec-8b4d-07baa8c4895f/opts
Jun 26 14:58:26 gtw01 dnsmasq[2006]: read /var/lib/neutron/dhcp/2bb4b13f-2e96-4dec-8b4d-07baa8c4895f/addn_hosts - 3 addresses
Jun 26 14:58:26 gtw01 dnsmasq-dhcp[2006]: read /var/lib/neutron/dhcp/2bb4b13f-2e96-4dec-8b4d-07baa8c4895f/host
Jun 26 14:58:26 gtw01 dnsmasq-dhcp[2006]: read /var/lib/neutron/dhcp/2bb4b13f-2e96-4dec-8b4d-07baa8c4895f/opts
Jun 26 14:58:27 gtw01 dnsmasq[2006]: read /var/lib/neutron/dhcp/2bb4b13f-2e96-4dec-8b4d-07baa8c4895f/addn_hosts - 3 addresses
Jun 26 14:58:27 gtw01 dnsmasq-dhcp[2006]: read /var/lib/neutron/dhcp/2bb4b13f-2e96-4dec-8b4d-07baa8c4895f/host
Jun 26 14:58:27 gtw01 dnsmasq-dhcp[2006]: read /var/lib/neutron/dhcp/2bb4b13f-2e96-4dec-8b4d-07baa8c4895f/opts
Jun 26 14:58:28 gtw01 dnsmasq[2006]: read /var/lib/neutron/dhcp/2bb4b13f-2e96-4dec-8b4d-07baa8c4895f/addn_hosts - 3 addresses
Jun 26 14:58:28 gtw01 dnsmasq-dhcp[2006]: read /var/lib/neutron/dhcp/2bb4b13f-2e96-4dec-8b4d-07baa8c4895f/host
Jun 26 14:58:28 gtw01 dnsmasq-dhcp[2006]: read /var/lib/neutron/dhcp/2bb4b13f-2e96-4dec-8b4d-07baa8c4895f/opts
Jun 26 14:58:29 gtw01 dnsmasq[2006]: read /var/lib/neutron/dhcp/2bb4b13f-2e96-4dec-8b4d-07baa8c4895f/addn_hosts - 3 addresses
Jun 26 14:58:29 gtw01 dnsmasq-dhcp[2006]: read /var/lib/neutron/dhcp/2bb4b13f-2e96-4dec-8b4d-07baa8c4895f/host
Jun 26 14:58:29 gtw01 dnsmasq-dhcp[2006]: read /var/lib/neutron/dhcp/2bb4b13f-2e96-4dec-8b4d-07baa8c4895f/opts
Jun 26 14:58:29 gtw01 kernel: [ 3982.442578] device tapd8c9bcb3-6f entered promiscuous mode
Jun 26 14:58:29 gtw01 systemd-udevd[2110]: Could not generate persistent MAC address for tapd8c9bcb3-6f: No such file or directory
Jun 26 14:58:29 gtw01 systemd-udevd[2110]: Process '/sbin/ip link set tapd8c9bcb3-6f txqueuelen 10000' failed with exit code 1.
Jun 26 14:58:30 gtw01 systemd-udevd[2187]: Process '/sbin/ip link set tapd8c9bcb3-6f txqueuelen 10000' failed with exit code 1.
Jun 26 14:58:30 gtw01 dnsmasq[2006]: read /var/lib/neutron/dhcp/2bb4b13f-2e96-4dec-8b4d-07baa8c4895f/addn_hosts - 3 addresses
Jun 26 14:58:30 gtw01 dnsmasq-dhcp[2006]: read /var/lib/neutron/dhcp/2bb4b13f-2e96-4dec-8b4d-07baa8c4895f/host
Jun 26 14:58:30 gtw01 dnsmasq-dhcp[2006]: read /var/lib/neutron/dhcp/2bb4b13f-2e96-4dec-8b4d-07baa8c4895f/opts
Jun 26 14:58:33 gtw01 dnsmasq[2266]: started, version 2.80 cachesize 150
Jun 26 14:58:33 gtw01 dnsmasq[2266]: DNS service limited to local subnets
Jun 26 14:58:33 gtw01 dnsmasq[2266]: compile time options: IPv6 GNU-getopt DBus i18n IDN DHCP DHCPv6 no-Lua TFTP conntrack ipset auth DNSSEC loop-detect inotify dumpfile
Jun 26 14:58:33 gtw01 dnsmasq[2266]: warning: no upstream servers configured
Jun 26 14:58:33 gtw01 dnsmasq-dhcp[2266]: DHCPv6, static leases only on 2003:0:0:2::, lease time 1h
Jun 26 14:58:33 gtw01 dnsmasq[2266]: read /var/lib/neutron/dhcp/72112562-d2a9-4543-bc42-b2d66d99e1ad/addn_hosts - 1 addresses
Jun 26 14:58:33 gtw01 dnsmasq-dhcp[2266]: read /var/lib/neutron/dhcp/72112562-d2a9-4543-bc42-b2d66d99e1ad/host
Jun 26 14:58:33 gtw01 dnsmasq-dhcp[2266]: read /var/lib/neutron/dhcp/72112562-d2a9-4543-bc42-b2d66d99e1ad/opts
Jun 26 14:58:33 gtw01 dnsmasq[2006]: read /var/lib/neutron/dhcp/2bb4b13f-2e96-4dec-8b4d-07baa8c4895f/addn_hosts - 2 addresses
Jun 26 14:58:33 gtw01 dnsmasq-dhcp[2006]: read /var/lib/neutron/dhcp/2bb4b13f-2e96-4dec-8b4d-07baa8c4895f/host
Jun 26 14:58:33 gtw01 dnsmasq-dhcp[2006]: read /var/lib/neutron/dhcp/2bb4b13f-2e96-4dec-8b4d-07baa8c4895f/opts
Jun 26 14:58:33 gtw01 dnsmasq[2266]: read /var/lib/neutron/dhcp/72112562-d2a9-4543-bc42-b2d66d99e1ad/addn_hosts - 2 addresses
Jun 26 14:58:33 gtw01 dnsmasq-dhcp[2266]: read /var/lib/neutron/dhcp/72112562-d2a9-4543-bc42-b2d66d99e1ad/host
Jun 26 14:58:33 gtw01 dnsmasq-dhcp[2266]: read /var/lib/neutron/dhcp/72112562-d2a9-4543-bc42-b2d66d99e1ad/opts
Jun 26 14:58:34 gtw01 dnsmasq[2266]: read /var/lib/neutron/dhcp/72112562-d2a9-4543-bc42-b2d66d99e1ad/addn_hosts - 2 addresses
Jun 26 14:58:34 gtw01 dnsmasq-dhcp[2266]: read /var/lib/neutron/dhcp/72112562-d2a9-4543-bc42-b2d66d99e1ad/host
Jun 26 14:58:34 gtw01 dnsmasq-dhcp[2266]: read /var/lib/neutron/dhcp/72112562-d2a9-4543-bc42-b2d66d99e1ad/opts
Jun 26 14:58:35 gtw01 dnsmasq[2006]: read /var/lib/neutron/dhcp/2bb4b13f-2e96-4dec-8b4d-07baa8c4895f/addn_hosts - 1 addresses
Jun 26 14:58:35 gtw01 dnsmasq-dhcp[2006]: read /var/lib/neutron/dhcp/2bb4b13f-2e96-4dec-8b4d-07baa8c4895f/host
Jun 26 14:58:35 gtw01 dnsmasq-dhcp[2006]: read /var/lib/neutron/dhcp/2bb4b13f-2e96-4dec-8b4d-07baa8c4895f/opts
Jun 26 14:58:35 gtw01 dnsmasq[2266]: read /var/lib/neutron/dhcp/72112562-d2a9-4543-bc42-b2d66d99e1ad/addn_hosts - 2 addresses
Jun 26 14:58:35 gtw01 dnsmasq-dhcp[2266]: read /var/lib/neutron/dhcp/72112562-d2a9-4543-bc42-b2d66d99e1ad/host
Jun 26 14:58:35 gtw01 dnsmasq-dhcp[2266]: read /var/lib/neutron/dhcp/72112562-d2a9-4543-bc42-b2d66d99e1ad/opts
Jun 26 14:58:36 gtw01 dnsmasq[2266]: read /var/lib/neutron/dhcp/72112562-d2a9-4543-bc42-b2d66d99e1ad/addn_hosts - 2 addresses
Jun 26 14:58:36 gtw01 dnsmasq-dhcp[2266]: read /var/lib/neutron/dhcp/72112562-d2a9-4543-bc42-b2d66d99e1ad/host
Jun 26 14:58:36 gtw01 dnsmasq-dhcp[2266]: read /var/lib/neutron/dhcp/72112562-d2a9-4543-bc42-b2d66d99e1ad/opts
Jun 26 14:58:37 gtw01 dnsmasq[2266]: read /var/lib/neutron/dhcp/72112562-d2a9-4543-bc42-b2d66d99e1ad/addn_hosts - 2 addresses
Jun 26 14:58:37 gtw01 dnsmasq-dhcp[2266]: read /var/lib/neutron/dhcp/72112562-d2a9-4543-bc42-b2d66d99e1ad/host
Jun 26 14:58:37 gtw01 dnsmasq-dhcp[2266]: read /var/lib/neutron/dhcp/72112562-d2a9-4543-bc42-b2d66d99e1ad/opts
Jun 26 14:58:38 gtw01 dnsmasq[2266]: read /var/lib/neutron/dhcp/72112562-d2a9-4543-bc42-b2d66d99e1ad/addn_hosts - 1 addresses
Jun 26 14:58:38 gtw01 dnsmasq-dhcp[2266]: read /var/lib/neutron/dhcp/72112562-d2a9-4543-bc42-b2d66d99e1ad/host
Jun 26 14:58:38 gtw01 dnsmasq-dhcp[2266]: read /var/lib/neutron/dhcp/72112562-d2a9-4543-bc42-b2d66d99e1ad/opts
Jun 26 14:58:41 gtw01 kernel: [ 3994.473718] device tap130ecb66-11 left promiscuous mode
Jun 26 14:58:43 gtw01 kernel: [ 3995.938163] device tapa8851b27-0c entered promiscuous mode
Jun 26 14:58:43 gtw01 systemd-udevd[2422]: Process '/sbin/ip link set tapa8851b27-0c txqueuelen 10000' failed with exit code 1.
Jun 26 14:58:43 gtw01 systemd-udevd[2422]: Process '/sbin/ip link set tapa8851b27-0c txqueuelen 10000' failed with exit code 1.
Jun 26 14:58:46 gtw01 dnsmasq[2561]: started, version 2.80 cachesize 150
Jun 26 14:58:46 gtw01 dnsmasq[2561]: DNS service limited to local subnets
Jun 26 14:58:46 gtw01 dnsmasq[2561]: compile time options: IPv6 GNU-getopt DBus i18n IDN DHCP DHCPv6 no-Lua TFTP conntrack ipset auth DNSSEC loop-detect inotify dumpfile
Jun 26 14:58:46 gtw01 dnsmasq[2561]: warning: no upstream servers configured
Jun 26 14:58:46 gtw01 dnsmasq-dhcp[2561]: DHCP, static leases only on 192.168.120.0, lease time 1h
Jun 26 14:58:46 gtw01 dnsmasq[2561]: read /var/lib/neutron/dhcp/c8c26bf3-fc7a-4aa9-a3f7-f6f421c48c57/addn_hosts - 1 addresses
Jun 26 14:58:46 gtw01 dnsmasq-dhcp[2561]: read /var/lib/neutron/dhcp/c8c26bf3-fc7a-4aa9-a3f7-f6f421c48c57/host
Jun 26 14:58:46 gtw01 dnsmasq-dhcp[2561]: read /var/lib/neutron/dhcp/c8c26bf3-fc7a-4aa9-a3f7-f6f421c48c57/opts
Jun 26 14:58:46 gtw01 haproxy-metadata-proxy-c8c26bf3-fc7a-4aa9-a3f7-f6f421c48c57[2565]: Proxy listener started.
Jun 26 14:58:47 gtw01 dnsmasq[2561]: read /var/lib/neutron/dhcp/c8c26bf3-fc7a-4aa9-a3f7-f6f421c48c57/addn_hosts - 1 addresses
Jun 26 14:58:47 gtw01 dnsmasq-dhcp[2561]: read /var/lib/neutron/dhcp/c8c26bf3-fc7a-4aa9-a3f7-f6f421c48c57/host
Jun 26 14:58:47 gtw01 dnsmasq-dhcp[2561]: read /var/lib/neutron/dhcp/c8c26bf3-fc7a-4aa9-a3f7-f6f421c48c57/opts
Jun 26 14:58:48 gtw01 dnsmasq[2561]: read /var/lib/neutron/dhcp/c8c26bf3-fc7a-4aa9-a3f7-f6f421c48c57/addn_hosts - 1 addresses
Jun 26 14:58:48 gtw01 dnsmasq-dhcp[2561]: read /var/lib/neutron/dhcp/c8c26bf3-fc7a-4aa9-a3f7-f6f421c48c57/host
Jun 26 14:58:48 gtw01 dnsmasq-dhcp[2561]: read /var/lib/neutron/dhcp/c8c26bf3-fc7a-4aa9-a3f7-f6f421c48c57/opts
Jun 26 14:58:49 gtw01 kernel: [ 4001.979363] device tapa8851b27-0c left promiscuous mode
