Jun 26 17:33:04 gtw01 systemd-udevd[3129]: Process '/sbin/ip link set tap5c1d9ebe-ed txqueuelen 10000' failed with exit code 1.
Jun 26 17:33:04 gtw01 systemd-udevd[3202]: Process '/sbin/ip link set tap5c1d9ebe-ed txqueuelen 10000' failed with exit code 1.
Jun 26 17:33:05 gtw01 dnsmasq[3231]: started, version 2.80 cachesize 150
Jun 26 17:33:05 gtw01 dnsmasq[3231]: DNS service limited to local subnets
Jun 26 17:33:05 gtw01 dnsmasq[3231]: compile time options: IPv6 GNU-getopt DBus i18n IDN DHCP DHCPv6 no-Lua TFTP conntrack ipset auth DNSSEC loop-detect inotify dumpfile
Jun 26 17:33:05 gtw01 dnsmasq[3231]: LOUD WARNING: listening on 11.11.11.2 may accept requests via interfaces other than tap98c6a226-bf
Jun 26 17:33:05 gtw01 dnsmasq[3231]: LOUD WARNING: use --bind-dynamic rather than --bind-interfaces to avoid DNS amplification attacks via these interface(s)
Jun 26 17:33:05 gtw01 dnsmasq[3231]: warning: no upstream servers configured
Jun 26 17:33:05 gtw01 dnsmasq-dhcp[3231]: DHCP, static leases only on 11.11.11.0, lease time 1h
Jun 26 17:33:05 gtw01 dnsmasq[3231]: read /var/lib/neutron/dhcp/d9bb6691-c140-4e79-a394-de038ab765f2/addn_hosts - 1 addresses
Jun 26 17:33:05 gtw01 dnsmasq-dhcp[3231]: read /var/lib/neutron/dhcp/d9bb6691-c140-4e79-a394-de038ab765f2/host
Jun 26 17:33:05 gtw01 dnsmasq-dhcp[3231]: read /var/lib/neutron/dhcp/d9bb6691-c140-4e79-a394-de038ab765f2/opts
Jun 26 17:33:05 gtw01 haproxy-metadata-proxy-d9bb6691-c140-4e79-a394-de038ab765f2[3237]: Proxy listener started.
Jun 26 17:33:07 gtw01 dnsmasq[3231]: read /var/lib/neutron/dhcp/d9bb6691-c140-4e79-a394-de038ab765f2/addn_hosts - 3 addresses
Jun 26 17:33:07 gtw01 dnsmasq-dhcp[3231]: read /var/lib/neutron/dhcp/d9bb6691-c140-4e79-a394-de038ab765f2/host
Jun 26 17:33:07 gtw01 dnsmasq-dhcp[3231]: read /var/lib/neutron/dhcp/d9bb6691-c140-4e79-a394-de038ab765f2/opts
Jun 26 17:33:07 gtw01 kernel: [13260.444317] device tapb56858b0-47 entered promiscuous mode
Jun 26 17:33:07 gtw01 systemd-udevd[3305]: Process '/sbin/ip link set tapb56858b0-47 txqueuelen 10000' failed with exit code 1.
Jun 26 17:33:07 gtw01 systemd-udevd[3305]: Process '/sbin/ip link set tapb56858b0-47 txqueuelen 10000' failed with exit code 1.
Jun 26 17:33:08 gtw01 dnsmasq[3417]: started, version 2.80 cachesize 150
Jun 26 17:33:08 gtw01 dnsmasq[3417]: DNS service limited to local subnets
Jun 26 17:33:08 gtw01 dnsmasq[3417]: compile time options: IPv6 GNU-getopt DBus i18n IDN DHCP DHCPv6 no-Lua TFTP conntrack ipset auth DNSSEC loop-detect inotify dumpfile
Jun 26 17:33:08 gtw01 dnsmasq[3417]: LOUD WARNING: listening on 11.11.11.2 may accept requests via interfaces other than tap5c1d9ebe-ed
Jun 26 17:33:08 gtw01 dnsmasq[3417]: LOUD WARNING: use --bind-dynamic rather than --bind-interfaces to avoid DNS amplification attacks via these interface(s)
Jun 26 17:33:08 gtw01 dnsmasq[3417]: warning: no upstream servers configured
Jun 26 17:33:08 gtw01 dnsmasq-dhcp[3417]: DHCP, static leases only on 11.11.11.0, lease time 1h
Jun 26 17:33:08 gtw01 dnsmasq[3417]: read /var/lib/neutron/dhcp/80963dbe-f700-4cfb-8474-ac4f28103650/addn_hosts - 1 addresses
Jun 26 17:33:08 gtw01 dnsmasq-dhcp[3417]: read /var/lib/neutron/dhcp/80963dbe-f700-4cfb-8474-ac4f28103650/host
Jun 26 17:33:08 gtw01 dnsmasq-dhcp[3417]: read /var/lib/neutron/dhcp/80963dbe-f700-4cfb-8474-ac4f28103650/opts
Jun 26 17:33:08 gtw01 dnsmasq[3231]: read /var/lib/neutron/dhcp/d9bb6691-c140-4e79-a394-de038ab765f2/addn_hosts - 3 addresses
Jun 26 17:33:08 gtw01 dnsmasq-dhcp[3231]: read /var/lib/neutron/dhcp/d9bb6691-c140-4e79-a394-de038ab765f2/host
Jun 26 17:33:08 gtw01 dnsmasq-dhcp[3231]: read /var/lib/neutron/dhcp/d9bb6691-c140-4e79-a394-de038ab765f2/opts
Jun 26 17:33:08 gtw01 haproxy-metadata-proxy-80963dbe-f700-4cfb-8474-ac4f28103650[3429]: Proxy listener started.
Jun 26 17:33:09 gtw01 dnsmasq[3417]: read /var/lib/neutron/dhcp/80963dbe-f700-4cfb-8474-ac4f28103650/addn_hosts - 3 addresses
Jun 26 17:33:09 gtw01 dnsmasq-dhcp[3417]: read /var/lib/neutron/dhcp/80963dbe-f700-4cfb-8474-ac4f28103650/host
Jun 26 17:33:09 gtw01 dnsmasq-dhcp[3417]: read /var/lib/neutron/dhcp/80963dbe-f700-4cfb-8474-ac4f28103650/opts
Jun 26 17:33:10 gtw01 dnsmasq[3231]: read /var/lib/neutron/dhcp/d9bb6691-c140-4e79-a394-de038ab765f2/addn_hosts - 3 addresses
Jun 26 17:33:10 gtw01 dnsmasq-dhcp[3231]: read /var/lib/neutron/dhcp/d9bb6691-c140-4e79-a394-de038ab765f2/host
Jun 26 17:33:10 gtw01 dnsmasq-dhcp[3231]: read /var/lib/neutron/dhcp/d9bb6691-c140-4e79-a394-de038ab765f2/opts
Jun 26 17:33:10 gtw01 kernel: [13263.140513] device tapff063175-29 entered promiscuous mode
Jun 26 17:33:10 gtw01 systemd-udevd[3489]: Could not generate persistent MAC address for tapff063175-29: No such file or directory
Jun 26 17:33:10 gtw01 systemd-udevd[3489]: Process '/sbin/ip link set tapff063175-29 txqueuelen 10000' failed with exit code 1.
Jun 26 17:33:10 gtw01 systemd-udevd[3489]: Process '/sbin/ip link set tapff063175-29 txqueuelen 10000' failed with exit code 1.
Jun 26 17:33:11 gtw01 dnsmasq[3417]: read /var/lib/neutron/dhcp/80963dbe-f700-4cfb-8474-ac4f28103650/addn_hosts - 3 addresses
Jun 26 17:33:11 gtw01 dnsmasq-dhcp[3417]: read /var/lib/neutron/dhcp/80963dbe-f700-4cfb-8474-ac4f28103650/host
Jun 26 17:33:11 gtw01 dnsmasq-dhcp[3417]: read /var/lib/neutron/dhcp/80963dbe-f700-4cfb-8474-ac4f28103650/opts
Jun 26 17:33:12 gtw01 dnsmasq[3231]: read /var/lib/neutron/dhcp/d9bb6691-c140-4e79-a394-de038ab765f2/addn_hosts - 3 addresses
Jun 26 17:33:12 gtw01 dnsmasq-dhcp[3231]: read /var/lib/neutron/dhcp/d9bb6691-c140-4e79-a394-de038ab765f2/host
Jun 26 17:33:12 gtw01 dnsmasq-dhcp[3231]: read /var/lib/neutron/dhcp/d9bb6691-c140-4e79-a394-de038ab765f2/opts
Jun 26 17:33:13 gtw01 dnsmasq[3674]: started, version 2.80 cachesize 150
Jun 26 17:33:13 gtw01 dnsmasq[3674]: DNS service limited to local subnets
Jun 26 17:33:13 gtw01 dnsmasq[3674]: compile time options: IPv6 GNU-getopt DBus i18n IDN DHCP DHCPv6 no-Lua TFTP conntrack ipset auth DNSSEC loop-detect inotify dumpfile
Jun 26 17:33:13 gtw01 dnsmasq[3674]: LOUD WARNING: listening on 11.11.11.2 may accept requests via interfaces other than tapb56858b0-47
Jun 26 17:33:13 gtw01 dnsmasq[3674]: LOUD WARNING: use --bind-dynamic rather than --bind-interfaces to avoid DNS amplification attacks via these interface(s)
Jun 26 17:33:13 gtw01 dnsmasq[3674]: warning: no upstream servers configured
Jun 26 17:33:13 gtw01 dnsmasq-dhcp[3674]: DHCP, static leases only on 11.11.11.0, lease time 1h
Jun 26 17:33:13 gtw01 dnsmasq[3674]: read /var/lib/neutron/dhcp/549afc61-946d-464b-868d-8856f6f6d547/addn_hosts - 1 addresses
Jun 26 17:33:13 gtw01 dnsmasq-dhcp[3674]: read /var/lib/neutron/dhcp/549afc61-946d-464b-868d-8856f6f6d547/host
Jun 26 17:33:13 gtw01 dnsmasq-dhcp[3674]: read /var/lib/neutron/dhcp/549afc61-946d-464b-868d-8856f6f6d547/opts
Jun 26 17:33:13 gtw01 dnsmasq[3417]: read /var/lib/neutron/dhcp/80963dbe-f700-4cfb-8474-ac4f28103650/addn_hosts - 3 addresses
Jun 26 17:33:13 gtw01 dnsmasq-dhcp[3417]: read /var/lib/neutron/dhcp/80963dbe-f700-4cfb-8474-ac4f28103650/host
Jun 26 17:33:13 gtw01 dnsmasq-dhcp[3417]: read /var/lib/neutron/dhcp/80963dbe-f700-4cfb-8474-ac4f28103650/opts
Jun 26 17:33:13 gtw01 haproxy-metadata-proxy-549afc61-946d-464b-868d-8856f6f6d547[3691]: Proxy listener started.
Jun 26 17:33:13 gtw01 dnsmasq[3231]: read /var/lib/neutron/dhcp/d9bb6691-c140-4e79-a394-de038ab765f2/addn_hosts - 3 addresses
Jun 26 17:33:13 gtw01 dnsmasq-dhcp[3231]: read /var/lib/neutron/dhcp/d9bb6691-c140-4e79-a394-de038ab765f2/host
Jun 26 17:33:13 gtw01 dnsmasq-dhcp[3231]: read /var/lib/neutron/dhcp/d9bb6691-c140-4e79-a394-de038ab765f2/opts
Jun 26 17:33:15 gtw01 dnsmasq[3417]: read /var/lib/neutron/dhcp/80963dbe-f700-4cfb-8474-ac4f28103650/addn_hosts - 3 addresses
Jun 26 17:33:15 gtw01 dnsmasq-dhcp[3417]: read /var/lib/neutron/dhcp/80963dbe-f700-4cfb-8474-ac4f28103650/host
Jun 26 17:33:15 gtw01 dnsmasq-dhcp[3417]: read /var/lib/neutron/dhcp/80963dbe-f700-4cfb-8474-ac4f28103650/opts
Jun 26 17:33:15 gtw01 dnsmasq[3674]: read /var/lib/neutron/dhcp/549afc61-946d-464b-868d-8856f6f6d547/addn_hosts - 2 addresses
Jun 26 17:33:15 gtw01 dnsmasq-dhcp[3674]: read /var/lib/neutron/dhcp/549afc61-946d-464b-868d-8856f6f6d547/host
Jun 26 17:33:15 gtw01 dnsmasq-dhcp[3674]: read /var/lib/neutron/dhcp/549afc61-946d-464b-868d-8856f6f6d547/opts
Jun 26 17:33:15 gtw01 dnsmasq[3231]: read /var/lib/neutron/dhcp/d9bb6691-c140-4e79-a394-de038ab765f2/addn_hosts - 3 addresses
Jun 26 17:33:15 gtw01 dnsmasq-dhcp[3231]: read /var/lib/neutron/dhcp/d9bb6691-c140-4e79-a394-de038ab765f2/host
Jun 26 17:33:15 gtw01 dnsmasq-dhcp[3231]: read /var/lib/neutron/dhcp/d9bb6691-c140-4e79-a394-de038ab765f2/opts
Jun 26 17:33:16 gtw01 dnsmasq[3784]: started, version 2.80 cachesize 150
Jun 26 17:33:16 gtw01 dnsmasq[3784]: DNS service limited to local subnets
Jun 26 17:33:16 gtw01 dnsmasq[3784]: compile time options: IPv6 GNU-getopt DBus i18n IDN DHCP DHCPv6 no-Lua TFTP conntrack ipset auth DNSSEC loop-detect inotify dumpfile
Jun 26 17:33:16 gtw01 dnsmasq[3784]: LOUD WARNING: listening on 11.11.11.2 may accept requests via interfaces other than tapff063175-29
Jun 26 17:33:16 gtw01 dnsmasq[3784]: LOUD WARNING: use --bind-dynamic rather than --bind-interfaces to avoid DNS amplification attacks via these interface(s)
Jun 26 17:33:16 gtw01 dnsmasq[3784]: warning: no upstream servers configured
Jun 26 17:33:16 gtw01 dnsmasq-dhcp[3784]: DHCP, static leases only on 11.11.11.0, lease time 1h
Jun 26 17:33:16 gtw01 dnsmasq[3784]: read /var/lib/neutron/dhcp/0c8fa0aa-595a-4d8b-92d1-9295c913c4ba/addn_hosts - 1 addresses
Jun 26 17:33:16 gtw01 dnsmasq-dhcp[3784]: read /var/lib/neutron/dhcp/0c8fa0aa-595a-4d8b-92d1-9295c913c4ba/host
Jun 26 17:33:16 gtw01 dnsmasq-dhcp[3784]: read /var/lib/neutron/dhcp/0c8fa0aa-595a-4d8b-92d1-9295c913c4ba/opts
Jun 26 17:33:16 gtw01 haproxy-metadata-proxy-0c8fa0aa-595a-4d8b-92d1-9295c913c4ba[3801]: Proxy listener started.
Jun 26 17:33:16 gtw01 dnsmasq[3674]: read /var/lib/neutron/dhcp/549afc61-946d-464b-868d-8856f6f6d547/addn_hosts - 2 addresses
Jun 26 17:33:16 gtw01 dnsmasq-dhcp[3674]: read /var/lib/neutron/dhcp/549afc61-946d-464b-868d-8856f6f6d547/host
Jun 26 17:33:16 gtw01 dnsmasq-dhcp[3674]: read /var/lib/neutron/dhcp/549afc61-946d-464b-868d-8856f6f6d547/opts
Jun 26 17:33:16 gtw01 dnsmasq[3417]: read /var/lib/neutron/dhcp/80963dbe-f700-4cfb-8474-ac4f28103650/addn_hosts - 3 addresses
Jun 26 17:33:16 gtw01 dnsmasq-dhcp[3417]: read /var/lib/neutron/dhcp/80963dbe-f700-4cfb-8474-ac4f28103650/host
Jun 26 17:33:16 gtw01 dnsmasq-dhcp[3417]: read /var/lib/neutron/dhcp/80963dbe-f700-4cfb-8474-ac4f28103650/opts
Jun 26 17:33:17 gtw01 dnsmasq[3231]: read /var/lib/neutron/dhcp/d9bb6691-c140-4e79-a394-de038ab765f2/addn_hosts - 3 addresses
Jun 26 17:33:17 gtw01 dnsmasq-dhcp[3231]: read /var/lib/neutron/dhcp/d9bb6691-c140-4e79-a394-de038ab765f2/host
Jun 26 17:33:17 gtw01 dnsmasq-dhcp[3231]: read /var/lib/neutron/dhcp/d9bb6691-c140-4e79-a394-de038ab765f2/opts
Jun 26 17:33:18 gtw01 dnsmasq[3784]: read /var/lib/neutron/dhcp/0c8fa0aa-595a-4d8b-92d1-9295c913c4ba/addn_hosts - 2 addresses
Jun 26 17:33:18 gtw01 dnsmasq-dhcp[3784]: read /var/lib/neutron/dhcp/0c8fa0aa-595a-4d8b-92d1-9295c913c4ba/host
Jun 26 17:33:18 gtw01 dnsmasq-dhcp[3784]: read /var/lib/neutron/dhcp/0c8fa0aa-595a-4d8b-92d1-9295c913c4ba/opts
Jun 26 17:33:18 gtw01 dnsmasq[3417]: read /var/lib/neutron/dhcp/80963dbe-f700-4cfb-8474-ac4f28103650/addn_hosts - 3 addresses
Jun 26 17:33:18 gtw01 dnsmasq-dhcp[3417]: read /var/lib/neutron/dhcp/80963dbe-f700-4cfb-8474-ac4f28103650/host
Jun 26 17:33:18 gtw01 dnsmasq-dhcp[3417]: read /var/lib/neutron/dhcp/80963dbe-f700-4cfb-8474-ac4f28103650/opts
Jun 26 17:33:18 gtw01 dnsmasq[3674]: read /var/lib/neutron/dhcp/549afc61-946d-464b-868d-8856f6f6d547/addn_hosts - 2 addresses
Jun 26 17:33:18 gtw01 dnsmasq-dhcp[3674]: read /var/lib/neutron/dhcp/549afc61-946d-464b-868d-8856f6f6d547/host
Jun 26 17:33:18 gtw01 dnsmasq-dhcp[3674]: read /var/lib/neutron/dhcp/549afc61-946d-464b-868d-8856f6f6d547/opts
Jun 26 17:33:19 gtw01 dnsmasq[3231]: read /var/lib/neutron/dhcp/d9bb6691-c140-4e79-a394-de038ab765f2/addn_hosts - 3 addresses
Jun 26 17:33:19 gtw01 dnsmasq-dhcp[3231]: read /var/lib/neutron/dhcp/d9bb6691-c140-4e79-a394-de038ab765f2/host
Jun 26 17:33:19 gtw01 dnsmasq-dhcp[3231]: read /var/lib/neutron/dhcp/d9bb6691-c140-4e79-a394-de038ab765f2/opts
Jun 26 17:33:19 gtw01 dnsmasq[3784]: read /var/lib/neutron/dhcp/0c8fa0aa-595a-4d8b-92d1-9295c913c4ba/addn_hosts - 2 addresses
Jun 26 17:33:19 gtw01 dnsmasq-dhcp[3784]: read /var/lib/neutron/dhcp/0c8fa0aa-595a-4d8b-92d1-9295c913c4ba/host
Jun 26 17:33:19 gtw01 dnsmasq-dhcp[3784]: read /var/lib/neutron/dhcp/0c8fa0aa-595a-4d8b-92d1-9295c913c4ba/opts
Jun 26 17:33:20 gtw01 dnsmasq[3417]: read /var/lib/neutron/dhcp/80963dbe-f700-4cfb-8474-ac4f28103650/addn_hosts - 3 addresses
Jun 26 17:33:20 gtw01 dnsmasq-dhcp[3417]: read /var/lib/neutron/dhcp/80963dbe-f700-4cfb-8474-ac4f28103650/host
Jun 26 17:33:20 gtw01 dnsmasq-dhcp[3417]: read /var/lib/neutron/dhcp/80963dbe-f700-4cfb-8474-ac4f28103650/opts
Jun 26 17:33:20 gtw01 dnsmasq[3674]: read /var/lib/neutron/dhcp/549afc61-946d-464b-868d-8856f6f6d547/addn_hosts - 3 addresses
Jun 26 17:33:20 gtw01 dnsmasq-dhcp[3674]: read /var/lib/neutron/dhcp/549afc61-946d-464b-868d-8856f6f6d547/host
Jun 26 17:33:20 gtw01 dnsmasq-dhcp[3674]: read /var/lib/neutron/dhcp/549afc61-946d-464b-868d-8856f6f6d547/opts
Jun 26 17:33:21 gtw01 dnsmasq[3784]: read /var/lib/neutron/dhcp/0c8fa0aa-595a-4d8b-92d1-9295c913c4ba/addn_hosts - 2 addresses
Jun 26 17:33:21 gtw01 dnsmasq-dhcp[3784]: read /var/lib/neutron/dhcp/0c8fa0aa-595a-4d8b-92d1-9295c913c4ba/host
Jun 26 17:33:21 gtw01 dnsmasq-dhcp[3784]: read /var/lib/neutron/dhcp/0c8fa0aa-595a-4d8b-92d1-9295c913c4ba/opts
Jun 26 17:33:21 gtw01 dnsmasq[3417]: read /var/lib/neutron/dhcp/80963dbe-f700-4cfb-8474-ac4f28103650/addn_hosts - 3 addresses
Jun 26 17:33:21 gtw01 dnsmasq-dhcp[3417]: read /var/lib/neutron/dhcp/80963dbe-f700-4cfb-8474-ac4f28103650/host
Jun 26 17:33:21 gtw01 dnsmasq-dhcp[3417]: read /var/lib/neutron/dhcp/80963dbe-f700-4cfb-8474-ac4f28103650/opts
Jun 26 17:33:22 gtw01 dnsmasq[3674]: read /var/lib/neutron/dhcp/549afc61-946d-464b-868d-8856f6f6d547/addn_hosts - 3 addresses
Jun 26 17:33:22 gtw01 dnsmasq-dhcp[3674]: read /var/lib/neutron/dhcp/549afc61-946d-464b-868d-8856f6f6d547/host
Jun 26 17:33:22 gtw01 dnsmasq-dhcp[3674]: read /var/lib/neutron/dhcp/549afc61-946d-464b-868d-8856f6f6d547/opts
Jun 26 17:33:22 gtw01 dnsmasq[3784]: read /var/lib/neutron/dhcp/0c8fa0aa-595a-4d8b-92d1-9295c913c4ba/addn_hosts - 3 addresses
Jun 26 17:33:22 gtw01 dnsmasq-dhcp[3784]: read /var/lib/neutron/dhcp/0c8fa0aa-595a-4d8b-92d1-9295c913c4ba/host
Jun 26 17:33:22 gtw01 dnsmasq-dhcp[3784]: read /var/lib/neutron/dhcp/0c8fa0aa-595a-4d8b-92d1-9295c913c4ba/opts
Jun 26 17:33:23 gtw01 dnsmasq[3674]: read /var/lib/neutron/dhcp/549afc61-946d-464b-868d-8856f6f6d547/addn_hosts - 3 addresses
Jun 26 17:33:23 gtw01 dnsmasq-dhcp[3674]: read /var/lib/neutron/dhcp/549afc61-946d-464b-868d-8856f6f6d547/host
Jun 26 17:33:23 gtw01 dnsmasq-dhcp[3674]: read /var/lib/neutron/dhcp/549afc61-946d-464b-868d-8856f6f6d547/opts
Jun 26 17:33:23 gtw01 dnsmasq[3784]: read /var/lib/neutron/dhcp/0c8fa0aa-595a-4d8b-92d1-9295c913c4ba/addn_hosts - 3 addresses
Jun 26 17:33:23 gtw01 dnsmasq-dhcp[3784]: read /var/lib/neutron/dhcp/0c8fa0aa-595a-4d8b-92d1-9295c913c4ba/host
Jun 26 17:33:23 gtw01 dnsmasq-dhcp[3784]: read /var/lib/neutron/dhcp/0c8fa0aa-595a-4d8b-92d1-9295c913c4ba/opts
Jun 26 17:33:24 gtw01 dnsmasq[3674]: read /var/lib/neutron/dhcp/549afc61-946d-464b-868d-8856f6f6d547/addn_hosts - 3 addresses
Jun 26 17:33:24 gtw01 dnsmasq-dhcp[3674]: read /var/lib/neutron/dhcp/549afc61-946d-464b-868d-8856f6f6d547/host
Jun 26 17:33:24 gtw01 dnsmasq-dhcp[3674]: read /var/lib/neutron/dhcp/549afc61-946d-464b-868d-8856f6f6d547/opts
Jun 26 17:33:24 gtw01 dnsmasq[3784]: read /var/lib/neutron/dhcp/0c8fa0aa-595a-4d8b-92d1-9295c913c4ba/addn_hosts - 3 addresses
Jun 26 17:33:24 gtw01 dnsmasq-dhcp[3784]: read /var/lib/neutron/dhcp/0c8fa0aa-595a-4d8b-92d1-9295c913c4ba/host
Jun 26 17:33:24 gtw01 dnsmasq-dhcp[3784]: read /var/lib/neutron/dhcp/0c8fa0aa-595a-4d8b-92d1-9295c913c4ba/opts
Jun 26 17:33:25 gtw01 dnsmasq[3417]: read /var/lib/neutron/dhcp/80963dbe-f700-4cfb-8474-ac4f28103650/addn_hosts - 2 addresses
Jun 26 17:33:25 gtw01 dnsmasq-dhcp[3417]: read /var/lib/neutron/dhcp/80963dbe-f700-4cfb-8474-ac4f28103650/host
Jun 26 17:33:25 gtw01 dnsmasq-dhcp[3417]: read /var/lib/neutron/dhcp/80963dbe-f700-4cfb-8474-ac4f28103650/opts
Jun 26 17:33:25 gtw01 dnsmasq[3674]: read /var/lib/neutron/dhcp/549afc61-946d-464b-868d-8856f6f6d547/addn_hosts - 3 addresses
Jun 26 17:33:25 gtw01 dnsmasq-dhcp[3674]: read /var/lib/neutron/dhcp/549afc61-946d-464b-868d-8856f6f6d547/host
Jun 26 17:33:25 gtw01 dnsmasq-dhcp[3674]: read /var/lib/neutron/dhcp/549afc61-946d-464b-868d-8856f6f6d547/opts
Jun 26 17:33:26 gtw01 dnsmasq[3784]: read /var/lib/neutron/dhcp/0c8fa0aa-595a-4d8b-92d1-9295c913c4ba/addn_hosts - 3 addresses
Jun 26 17:33:26 gtw01 dnsmasq-dhcp[3784]: read /var/lib/neutron/dhcp/0c8fa0aa-595a-4d8b-92d1-9295c913c4ba/host
Jun 26 17:33:26 gtw01 dnsmasq-dhcp[3784]: read /var/lib/neutron/dhcp/0c8fa0aa-595a-4d8b-92d1-9295c913c4ba/opts
Jun 26 17:33:27 gtw01 dnsmasq[3784]: read /var/lib/neutron/dhcp/0c8fa0aa-595a-4d8b-92d1-9295c913c4ba/addn_hosts - 3 addresses
Jun 26 17:33:27 gtw01 dnsmasq-dhcp[3784]: read /var/lib/neutron/dhcp/0c8fa0aa-595a-4d8b-92d1-9295c913c4ba/host
Jun 26 17:33:27 gtw01 dnsmasq-dhcp[3784]: read /var/lib/neutron/dhcp/0c8fa0aa-595a-4d8b-92d1-9295c913c4ba/opts
Jun 26 17:33:27 gtw01 dnsmasq[3417]: read /var/lib/neutron/dhcp/80963dbe-f700-4cfb-8474-ac4f28103650/addn_hosts - 2 addresses
Jun 26 17:33:27 gtw01 dnsmasq-dhcp[3417]: read /var/lib/neutron/dhcp/80963dbe-f700-4cfb-8474-ac4f28103650/host
Jun 26 17:33:27 gtw01 dnsmasq-dhcp[3417]: read /var/lib/neutron/dhcp/80963dbe-f700-4cfb-8474-ac4f28103650/opts
Jun 26 17:33:27 gtw01 dnsmasq[3674]: read /var/lib/neutron/dhcp/549afc61-946d-464b-868d-8856f6f6d547/addn_hosts - 3 addresses
Jun 26 17:33:27 gtw01 dnsmasq-dhcp[3674]: read /var/lib/neutron/dhcp/549afc61-946d-464b-868d-8856f6f6d547/host
Jun 26 17:33:27 gtw01 dnsmasq-dhcp[3674]: read /var/lib/neutron/dhcp/549afc61-946d-464b-868d-8856f6f6d547/opts
Jun 26 17:33:29 gtw01 dnsmasq[3674]: read /var/lib/neutron/dhcp/549afc61-946d-464b-868d-8856f6f6d547/addn_hosts - 2 addresses
Jun 26 17:33:29 gtw01 dnsmasq-dhcp[3674]: read /var/lib/neutron/dhcp/549afc61-946d-464b-868d-8856f6f6d547/host
Jun 26 17:33:29 gtw01 dnsmasq-dhcp[3674]: read /var/lib/neutron/dhcp/549afc61-946d-464b-868d-8856f6f6d547/opts
Jun 26 17:33:29 gtw01 dnsmasq[3417]: read /var/lib/neutron/dhcp/80963dbe-f700-4cfb-8474-ac4f28103650/addn_hosts - 1 addresses
Jun 26 17:33:29 gtw01 dnsmasq-dhcp[3417]: read /var/lib/neutron/dhcp/80963dbe-f700-4cfb-8474-ac4f28103650/host
Jun 26 17:33:29 gtw01 dnsmasq-dhcp[3417]: read /var/lib/neutron/dhcp/80963dbe-f700-4cfb-8474-ac4f28103650/opts
Jun 26 17:33:30 gtw01 dnsmasq[3231]: read /var/lib/neutron/dhcp/d9bb6691-c140-4e79-a394-de038ab765f2/addn_hosts - 3 addresses
Jun 26 17:33:30 gtw01 dnsmasq-dhcp[3231]: read /var/lib/neutron/dhcp/d9bb6691-c140-4e79-a394-de038ab765f2/host
Jun 26 17:33:30 gtw01 dnsmasq-dhcp[3231]: read /var/lib/neutron/dhcp/d9bb6691-c140-4e79-a394-de038ab765f2/opts
Jun 26 17:33:31 gtw01 dnsmasq[3231]: read /var/lib/neutron/dhcp/d9bb6691-c140-4e79-a394-de038ab765f2/addn_hosts - 2 addresses
Jun 26 17:33:31 gtw01 dnsmasq-dhcp[3231]: read /var/lib/neutron/dhcp/d9bb6691-c140-4e79-a394-de038ab765f2/host
Jun 26 17:33:31 gtw01 dnsmasq-dhcp[3231]: read /var/lib/neutron/dhcp/d9bb6691-c140-4e79-a394-de038ab765f2/opts
Jun 26 17:33:32 gtw01 dnsmasq[3674]: read /var/lib/neutron/dhcp/549afc61-946d-464b-868d-8856f6f6d547/addn_hosts - 1 addresses
Jun 26 17:33:32 gtw01 dnsmasq-dhcp[3674]: read /var/lib/neutron/dhcp/549afc61-946d-464b-868d-8856f6f6d547/host
Jun 26 17:33:32 gtw01 dnsmasq-dhcp[3674]: read /var/lib/neutron/dhcp/549afc61-946d-464b-868d-8856f6f6d547/opts
Jun 26 17:33:33 gtw01 kernel: [13286.193700] device tap5c1d9ebe-ed left promiscuous mode
Jun 26 17:33:33 gtw01 dnsmasq[3231]: read /var/lib/neutron/dhcp/d9bb6691-c140-4e79-a394-de038ab765f2/addn_hosts - 1 addresses
Jun 26 17:33:33 gtw01 dnsmasq-dhcp[3231]: read /var/lib/neutron/dhcp/d9bb6691-c140-4e79-a394-de038ab765f2/host
Jun 26 17:33:33 gtw01 dnsmasq-dhcp[3231]: read /var/lib/neutron/dhcp/d9bb6691-c140-4e79-a394-de038ab765f2/opts
Jun 26 17:33:34 gtw01 dnsmasq[3784]: read /var/lib/neutron/dhcp/0c8fa0aa-595a-4d8b-92d1-9295c913c4ba/addn_hosts - 2 addresses
Jun 26 17:33:34 gtw01 dnsmasq-dhcp[3784]: read /var/lib/neutron/dhcp/0c8fa0aa-595a-4d8b-92d1-9295c913c4ba/host
Jun 26 17:33:34 gtw01 dnsmasq-dhcp[3784]: read /var/lib/neutron/dhcp/0c8fa0aa-595a-4d8b-92d1-9295c913c4ba/opts
Jun 26 17:33:35 gtw01 dnsmasq[3784]: read /var/lib/neutron/dhcp/0c8fa0aa-595a-4d8b-92d1-9295c913c4ba/addn_hosts - 2 addresses
Jun 26 17:33:35 gtw01 dnsmasq-dhcp[3784]: read /var/lib/neutron/dhcp/0c8fa0aa-595a-4d8b-92d1-9295c913c4ba/host
Jun 26 17:33:35 gtw01 dnsmasq-dhcp[3784]: read /var/lib/neutron/dhcp/0c8fa0aa-595a-4d8b-92d1-9295c913c4ba/opts
Jun 26 17:33:37 gtw01 kernel: [13290.449598] device tapb56858b0-47 left promiscuous mode
Jun 26 17:33:38 gtw01 dnsmasq[3784]: read /var/lib/neutron/dhcp/0c8fa0aa-595a-4d8b-92d1-9295c913c4ba/addn_hosts - 1 addresses
Jun 26 17:33:38 gtw01 dnsmasq-dhcp[3784]: read /var/lib/neutron/dhcp/0c8fa0aa-595a-4d8b-92d1-9295c913c4ba/host
Jun 26 17:33:38 gtw01 dnsmasq-dhcp[3784]: read /var/lib/neutron/dhcp/0c8fa0aa-595a-4d8b-92d1-9295c913c4ba/opts
Jun 26 17:33:40 gtw01 kernel: [13292.873083] device tap98c6a226-bf left promiscuous mode
Jun 26 17:33:42 gtw01 kernel: [13294.848691] device tapff063175-29 left promiscuous mode
Jun 26 17:33:46 gtw01 kernel: [13299.000482] device tapd0b5951c-69 entered promiscuous mode
Jun 26 17:33:46 gtw01 systemd-udevd[4375]: Could not generate persistent MAC address for tapd0b5951c-69: No such file or directory
Jun 26 17:33:46 gtw01 systemd-udevd[4375]: Process '/sbin/ip link set tapd0b5951c-69 txqueuelen 10000' failed with exit code 1.
Jun 26 17:33:46 gtw01 systemd-udevd[4375]: Process '/sbin/ip link set tapd0b5951c-69 txqueuelen 10000' failed with exit code 1.
Jun 26 17:33:49 gtw01 dnsmasq[4510]: started, version 2.80 cachesize 150
Jun 26 17:33:49 gtw01 dnsmasq[4510]: DNS service limited to local subnets
Jun 26 17:33:49 gtw01 dnsmasq[4510]: compile time options: IPv6 GNU-getopt DBus i18n IDN DHCP DHCPv6 no-Lua TFTP conntrack ipset auth DNSSEC loop-detect inotify dumpfile
Jun 26 17:33:49 gtw01 dnsmasq[4510]: LOUD WARNING: listening on 11.11.11.2 may accept requests via interfaces other than tapd0b5951c-69
Jun 26 17:33:49 gtw01 dnsmasq[4510]: LOUD WARNING: use --bind-dynamic rather than --bind-interfaces to avoid DNS amplification attacks via these interface(s)
Jun 26 17:33:49 gtw01 dnsmasq[4510]: warning: no upstream servers configured
Jun 26 17:33:49 gtw01 dnsmasq-dhcp[4510]: DHCP, static leases only on 11.11.11.0, lease time 1h
Jun 26 17:33:49 gtw01 dnsmasq[4510]: read /var/lib/neutron/dhcp/e418adf7-1099-4176-a855-2052152074c8/addn_hosts - 1 addresses
Jun 26 17:33:49 gtw01 dnsmasq-dhcp[4510]: read /var/lib/neutron/dhcp/e418adf7-1099-4176-a855-2052152074c8/host
Jun 26 17:33:49 gtw01 dnsmasq-dhcp[4510]: read /var/lib/neutron/dhcp/e418adf7-1099-4176-a855-2052152074c8/opts
Jun 26 17:33:49 gtw01 haproxy-metadata-proxy-e418adf7-1099-4176-a855-2052152074c8[4514]: Proxy listener started.
Jun 26 17:33:50 gtw01 dnsmasq[4510]: read /var/lib/neutron/dhcp/e418adf7-1099-4176-a855-2052152074c8/addn_hosts - 3 addresses
Jun 26 17:33:50 gtw01 dnsmasq-dhcp[4510]: read /var/lib/neutron/dhcp/e418adf7-1099-4176-a855-2052152074c8/host
Jun 26 17:33:50 gtw01 dnsmasq-dhcp[4510]: read /var/lib/neutron/dhcp/e418adf7-1099-4176-a855-2052152074c8/opts
Jun 26 17:33:51 gtw01 kernel: [13303.880110] device tapcd2e3b66-a3 entered promiscuous mode
Jun 26 17:33:51 gtw01 systemd-udevd[4548]: Process '/sbin/ip link set tapcd2e3b66-a3 txqueuelen 10000' failed with exit code 1.
Jun 26 17:33:51 gtw01 systemd-udevd[4548]: Process '/sbin/ip link set tapcd2e3b66-a3 txqueuelen 10000' failed with exit code 1.
Jun 26 17:33:51 gtw01 dnsmasq[4510]: read /var/lib/neutron/dhcp/e418adf7-1099-4176-a855-2052152074c8/addn_hosts - 3 addresses
Jun 26 17:33:51 gtw01 dnsmasq-dhcp[4510]: read /var/lib/neutron/dhcp/e418adf7-1099-4176-a855-2052152074c8/host
Jun 26 17:33:51 gtw01 dnsmasq-dhcp[4510]: read /var/lib/neutron/dhcp/e418adf7-1099-4176-a855-2052152074c8/opts
Jun 26 17:33:53 gtw01 dnsmasq[4510]: read /var/lib/neutron/dhcp/e418adf7-1099-4176-a855-2052152074c8/addn_hosts - 3 addresses
Jun 26 17:33:53 gtw01 dnsmasq-dhcp[4510]: read /var/lib/neutron/dhcp/e418adf7-1099-4176-a855-2052152074c8/host
Jun 26 17:33:53 gtw01 dnsmasq-dhcp[4510]: read /var/lib/neutron/dhcp/e418adf7-1099-4176-a855-2052152074c8/opts
Jun 26 17:33:54 gtw01 dnsmasq[4510]: read /var/lib/neutron/dhcp/e418adf7-1099-4176-a855-2052152074c8/addn_hosts - 3 addresses
Jun 26 17:33:54 gtw01 dnsmasq-dhcp[4510]: read /var/lib/neutron/dhcp/e418adf7-1099-4176-a855-2052152074c8/host
Jun 26 17:33:54 gtw01 dnsmasq-dhcp[4510]: read /var/lib/neutron/dhcp/e418adf7-1099-4176-a855-2052152074c8/opts
Jun 26 17:33:54 gtw01 dnsmasq[4744]: started, version 2.80 cachesize 150
Jun 26 17:33:54 gtw01 dnsmasq[4744]: DNS service limited to local subnets
Jun 26 17:33:54 gtw01 dnsmasq[4744]: compile time options: IPv6 GNU-getopt DBus i18n IDN DHCP DHCPv6 no-Lua TFTP conntrack ipset auth DNSSEC loop-detect inotify dumpfile
Jun 26 17:33:54 gtw01 dnsmasq[4744]: LOUD WARNING: listening on 11.11.11.2 may accept requests via interfaces other than tapcd2e3b66-a3
Jun 26 17:33:54 gtw01 dnsmasq[4744]: LOUD WARNING: use --bind-dynamic rather than --bind-interfaces to avoid DNS amplification attacks via these interface(s)
Jun 26 17:33:54 gtw01 dnsmasq[4744]: warning: no upstream servers configured
Jun 26 17:33:54 gtw01 dnsmasq-dhcp[4744]: DHCP, static leases only on 11.11.11.0, lease time 1h
Jun 26 17:33:54 gtw01 dnsmasq[4744]: read /var/lib/neutron/dhcp/70867aae-6987-4e33-99e4-96faf3641d09/addn_hosts - 1 addresses
Jun 26 17:33:54 gtw01 dnsmasq-dhcp[4744]: read /var/lib/neutron/dhcp/70867aae-6987-4e33-99e4-96faf3641d09/host
Jun 26 17:33:54 gtw01 dnsmasq-dhcp[4744]: read /var/lib/neutron/dhcp/70867aae-6987-4e33-99e4-96faf3641d09/opts
Jun 26 17:33:55 gtw01 haproxy-metadata-proxy-70867aae-6987-4e33-99e4-96faf3641d09[4750]: Proxy listener started.
Jun 26 17:33:55 gtw01 dnsmasq[4510]: read /var/lib/neutron/dhcp/e418adf7-1099-4176-a855-2052152074c8/addn_hosts - 3 addresses
Jun 26 17:33:55 gtw01 dnsmasq-dhcp[4510]: read /var/lib/neutron/dhcp/e418adf7-1099-4176-a855-2052152074c8/host
Jun 26 17:33:55 gtw01 dnsmasq-dhcp[4510]: read /var/lib/neutron/dhcp/e418adf7-1099-4176-a855-2052152074c8/opts
Jun 26 17:33:55 gtw01 dnsmasq[4744]: read /var/lib/neutron/dhcp/70867aae-6987-4e33-99e4-96faf3641d09/addn_hosts - 3 addresses
Jun 26 17:33:56 gtw01 dnsmasq-dhcp[4744]: read /var/lib/neutron/dhcp/70867aae-6987-4e33-99e4-96faf3641d09/host
Jun 26 17:33:56 gtw01 dnsmasq-dhcp[4744]: read /var/lib/neutron/dhcp/70867aae-6987-4e33-99e4-96faf3641d09/opts
Jun 26 17:33:56 gtw01 dnsmasq[4510]: read /var/lib/neutron/dhcp/e418adf7-1099-4176-a855-2052152074c8/addn_hosts - 3 addresses
Jun 26 17:33:56 gtw01 dnsmasq-dhcp[4510]: read /var/lib/neutron/dhcp/e418adf7-1099-4176-a855-2052152074c8/host
Jun 26 17:33:56 gtw01 dnsmasq-dhcp[4510]: read /var/lib/neutron/dhcp/e418adf7-1099-4176-a855-2052152074c8/opts
Jun 26 17:33:57 gtw01 dnsmasq[4744]: read /var/lib/neutron/dhcp/70867aae-6987-4e33-99e4-96faf3641d09/addn_hosts - 3 addresses
Jun 26 17:33:57 gtw01 dnsmasq-dhcp[4744]: read /var/lib/neutron/dhcp/70867aae-6987-4e33-99e4-96faf3641d09/host
Jun 26 17:33:57 gtw01 dnsmasq-dhcp[4744]: read /var/lib/neutron/dhcp/70867aae-6987-4e33-99e4-96faf3641d09/opts
Jun 26 17:33:57 gtw01 dnsmasq[4510]: read /var/lib/neutron/dhcp/e418adf7-1099-4176-a855-2052152074c8/addn_hosts - 3 addresses
Jun 26 17:33:57 gtw01 dnsmasq-dhcp[4510]: read /var/lib/neutron/dhcp/e418adf7-1099-4176-a855-2052152074c8/host
Jun 26 17:33:57 gtw01 dnsmasq-dhcp[4510]: read /var/lib/neutron/dhcp/e418adf7-1099-4176-a855-2052152074c8/opts
Jun 26 17:33:58 gtw01 dnsmasq[4744]: read /var/lib/neutron/dhcp/70867aae-6987-4e33-99e4-96faf3641d09/addn_hosts - 3 addresses
Jun 26 17:33:58 gtw01 dnsmasq-dhcp[4744]: read /var/lib/neutron/dhcp/70867aae-6987-4e33-99e4-96faf3641d09/host
Jun 26 17:33:58 gtw01 dnsmasq-dhcp[4744]: read /var/lib/neutron/dhcp/70867aae-6987-4e33-99e4-96faf3641d09/opts
Jun 26 17:33:58 gtw01 dnsmasq[4510]: read /var/lib/neutron/dhcp/e418adf7-1099-4176-a855-2052152074c8/addn_hosts - 3 addresses
Jun 26 17:33:58 gtw01 dnsmasq-dhcp[4510]: read /var/lib/neutron/dhcp/e418adf7-1099-4176-a855-2052152074c8/host
Jun 26 17:33:58 gtw01 dnsmasq-dhcp[4510]: read /var/lib/neutron/dhcp/e418adf7-1099-4176-a855-2052152074c8/opts
Jun 26 17:33:58 gtw01 dnsmasq[4744]: read /var/lib/neutron/dhcp/70867aae-6987-4e33-99e4-96faf3641d09/addn_hosts - 3 addresses
Jun 26 17:33:58 gtw01 dnsmasq-dhcp[4744]: read /var/lib/neutron/dhcp/70867aae-6987-4e33-99e4-96faf3641d09/host
Jun 26 17:33:58 gtw01 dnsmasq-dhcp[4744]: read /var/lib/neutron/dhcp/70867aae-6987-4e33-99e4-96faf3641d09/opts
Jun 26 17:33:59 gtw01 dnsmasq[4510]: read /var/lib/neutron/dhcp/e418adf7-1099-4176-a855-2052152074c8/addn_hosts - 2 addresses
Jun 26 17:33:59 gtw01 dnsmasq-dhcp[4510]: read /var/lib/neutron/dhcp/e418adf7-1099-4176-a855-2052152074c8/host
Jun 26 17:33:59 gtw01 dnsmasq-dhcp[4510]: read /var/lib/neutron/dhcp/e418adf7-1099-4176-a855-2052152074c8/opts
Jun 26 17:33:59 gtw01 dnsmasq[4744]: read /var/lib/neutron/dhcp/70867aae-6987-4e33-99e4-96faf3641d09/addn_hosts - 3 addresses
Jun 26 17:33:59 gtw01 dnsmasq-dhcp[4744]: read /var/lib/neutron/dhcp/70867aae-6987-4e33-99e4-96faf3641d09/host
Jun 26 17:33:59 gtw01 dnsmasq-dhcp[4744]: read /var/lib/neutron/dhcp/70867aae-6987-4e33-99e4-96faf3641d09/opts
Jun 26 17:34:00 gtw01 dnsmasq[4744]: read /var/lib/neutron/dhcp/70867aae-6987-4e33-99e4-96faf3641d09/addn_hosts - 3 addresses
Jun 26 17:34:00 gtw01 dnsmasq-dhcp[4744]: read /var/lib/neutron/dhcp/70867aae-6987-4e33-99e4-96faf3641d09/host
Jun 26 17:34:00 gtw01 dnsmasq-dhcp[4744]: read /var/lib/neutron/dhcp/70867aae-6987-4e33-99e4-96faf3641d09/opts
Jun 26 17:34:00 gtw01 dnsmasq[4510]: read /var/lib/neutron/dhcp/e418adf7-1099-4176-a855-2052152074c8/addn_hosts - 2 addresses
Jun 26 17:34:00 gtw01 dnsmasq-dhcp[4510]: read /var/lib/neutron/dhcp/e418adf7-1099-4176-a855-2052152074c8/host
Jun 26 17:34:00 gtw01 dnsmasq-dhcp[4510]: read /var/lib/neutron/dhcp/e418adf7-1099-4176-a855-2052152074c8/opts
Jun 26 17:34:01 gtw01 dnsmasq[4744]: read /var/lib/neutron/dhcp/70867aae-6987-4e33-99e4-96faf3641d09/addn_hosts - 3 addresses
Jun 26 17:34:01 gtw01 dnsmasq-dhcp[4744]: read /var/lib/neutron/dhcp/70867aae-6987-4e33-99e4-96faf3641d09/host
Jun 26 17:34:01 gtw01 dnsmasq-dhcp[4744]: read /var/lib/neutron/dhcp/70867aae-6987-4e33-99e4-96faf3641d09/opts
Jun 26 17:34:02 gtw01 dnsmasq[4744]: read /var/lib/neutron/dhcp/70867aae-6987-4e33-99e4-96faf3641d09/addn_hosts - 3 addresses
Jun 26 17:34:02 gtw01 dnsmasq-dhcp[4744]: read /var/lib/neutron/dhcp/70867aae-6987-4e33-99e4-96faf3641d09/host
Jun 26 17:34:02 gtw01 dnsmasq-dhcp[4744]: read /var/lib/neutron/dhcp/70867aae-6987-4e33-99e4-96faf3641d09/opts
Jun 26 17:34:03 gtw01 dnsmasq[4510]: read /var/lib/neutron/dhcp/e418adf7-1099-4176-a855-2052152074c8/addn_hosts - 1 addresses
Jun 26 17:34:03 gtw01 dnsmasq-dhcp[4510]: read /var/lib/neutron/dhcp/e418adf7-1099-4176-a855-2052152074c8/host
Jun 26 17:34:03 gtw01 dnsmasq-dhcp[4510]: read /var/lib/neutron/dhcp/e418adf7-1099-4176-a855-2052152074c8/opts
Jun 26 17:34:03 gtw01 dnsmasq[4744]: read /var/lib/neutron/dhcp/70867aae-6987-4e33-99e4-96faf3641d09/addn_hosts - 2 addresses
Jun 26 17:34:03 gtw01 dnsmasq-dhcp[4744]: read /var/lib/neutron/dhcp/70867aae-6987-4e33-99e4-96faf3641d09/host
Jun 26 17:34:03 gtw01 dnsmasq-dhcp[4744]: read /var/lib/neutron/dhcp/70867aae-6987-4e33-99e4-96faf3641d09/opts
Jun 26 17:34:04 gtw01 dnsmasq[4744]: read /var/lib/neutron/dhcp/70867aae-6987-4e33-99e4-96faf3641d09/addn_hosts - 2 addresses
Jun 26 17:34:04 gtw01 dnsmasq-dhcp[4744]: read /var/lib/neutron/dhcp/70867aae-6987-4e33-99e4-96faf3641d09/host
Jun 26 17:34:04 gtw01 dnsmasq-dhcp[4744]: read /var/lib/neutron/dhcp/70867aae-6987-4e33-99e4-96faf3641d09/opts
Jun 26 17:34:05 gtw01 kernel: [13318.098229] device tapd0b5951c-69 left promiscuous mode
Jun 26 17:34:06 gtw01 dnsmasq[4744]: read /var/lib/neutron/dhcp/70867aae-6987-4e33-99e4-96faf3641d09/addn_hosts - 1 addresses
Jun 26 17:34:06 gtw01 dnsmasq-dhcp[4744]: read /var/lib/neutron/dhcp/70867aae-6987-4e33-99e4-96faf3641d09/host
Jun 26 17:34:06 gtw01 dnsmasq-dhcp[4744]: read /var/lib/neutron/dhcp/70867aae-6987-4e33-99e4-96faf3641d09/opts
Jun 26 17:34:08 gtw01 kernel: [13321.498942] device tapcd2e3b66-a3 left promiscuous mode
Jun 26 17:34:46 gtw01 dnsmasq[30319]: read /var/lib/neutron/dhcp/a9f0eb09-132c-40bd-851a-4a3a70fb346d/addn_hosts - 3 addresses
Jun 26 17:34:46 gtw01 dnsmasq-dhcp[30319]: read /var/lib/neutron/dhcp/a9f0eb09-132c-40bd-851a-4a3a70fb346d/host
Jun 26 17:34:46 gtw01 dnsmasq-dhcp[30319]: read /var/lib/neutron/dhcp/a9f0eb09-132c-40bd-851a-4a3a70fb346d/opts
Jun 26 17:34:47 gtw01 dnsmasq[30319]: read /var/lib/neutron/dhcp/a9f0eb09-132c-40bd-851a-4a3a70fb346d/addn_hosts - 4 addresses
Jun 26 17:34:47 gtw01 dnsmasq-dhcp[30319]: read /var/lib/neutron/dhcp/a9f0eb09-132c-40bd-851a-4a3a70fb346d/host
Jun 26 17:34:47 gtw01 dnsmasq-dhcp[30319]: read /var/lib/neutron/dhcp/a9f0eb09-132c-40bd-851a-4a3a70fb346d/opts
Jun 26 17:34:48 gtw01 dnsmasq[30319]: read /var/lib/neutron/dhcp/a9f0eb09-132c-40bd-851a-4a3a70fb346d/addn_hosts - 5 addresses
Jun 26 17:34:48 gtw01 dnsmasq-dhcp[30319]: read /var/lib/neutron/dhcp/a9f0eb09-132c-40bd-851a-4a3a70fb346d/host
Jun 26 17:34:48 gtw01 dnsmasq-dhcp[30319]: read /var/lib/neutron/dhcp/a9f0eb09-132c-40bd-851a-4a3a70fb346d/opts
Jun 26 17:34:49 gtw01 dnsmasq[30319]: read /var/lib/neutron/dhcp/a9f0eb09-132c-40bd-851a-4a3a70fb346d/addn_hosts - 6 addresses
Jun 26 17:34:49 gtw01 dnsmasq-dhcp[30319]: read /var/lib/neutron/dhcp/a9f0eb09-132c-40bd-851a-4a3a70fb346d/host
Jun 26 17:34:49 gtw01 dnsmasq-dhcp[30319]: read /var/lib/neutron/dhcp/a9f0eb09-132c-40bd-851a-4a3a70fb346d/opts
Jun 26 17:34:50 gtw01 dnsmasq[30319]: read /var/lib/neutron/dhcp/a9f0eb09-132c-40bd-851a-4a3a70fb346d/addn_hosts - 6 addresses
Jun 26 17:34:50 gtw01 dnsmasq-dhcp[30319]: read /var/lib/neutron/dhcp/a9f0eb09-132c-40bd-851a-4a3a70fb346d/host
Jun 26 17:34:50 gtw01 dnsmasq-dhcp[30319]: read /var/lib/neutron/dhcp/a9f0eb09-132c-40bd-851a-4a3a70fb346d/opts
Jun 26 17:34:51 gtw01 dnsmasq[30319]: read /var/lib/neutron/dhcp/a9f0eb09-132c-40bd-851a-4a3a70fb346d/addn_hosts - 6 addresses
Jun 26 17:34:51 gtw01 dnsmasq-dhcp[30319]: read /var/lib/neutron/dhcp/a9f0eb09-132c-40bd-851a-4a3a70fb346d/host
Jun 26 17:34:51 gtw01 dnsmasq-dhcp[30319]: read /var/lib/neutron/dhcp/a9f0eb09-132c-40bd-851a-4a3a70fb346d/opts
Jun 26 17:34:52 gtw01 dnsmasq[30319]: read /var/lib/neutron/dhcp/a9f0eb09-132c-40bd-851a-4a3a70fb346d/addn_hosts - 6 addresses
Jun 26 17:34:52 gtw01 dnsmasq-dhcp[30319]: read /var/lib/neutron/dhcp/a9f0eb09-132c-40bd-851a-4a3a70fb346d/host
Jun 26 17:34:52 gtw01 dnsmasq-dhcp[30319]: read /var/lib/neutron/dhcp/a9f0eb09-132c-40bd-851a-4a3a70fb346d/opts
Jun 26 17:34:53 gtw01 dnsmasq[30319]: read /var/lib/neutron/dhcp/a9f0eb09-132c-40bd-851a-4a3a70fb346d/addn_hosts - 6 addresses
Jun 26 17:34:53 gtw01 dnsmasq-dhcp[30319]: read /var/lib/neutron/dhcp/a9f0eb09-132c-40bd-851a-4a3a70fb346d/host
Jun 26 17:34:53 gtw01 dnsmasq-dhcp[30319]: read /var/lib/neutron/dhcp/a9f0eb09-132c-40bd-851a-4a3a70fb346d/opts
Jun 26 17:34:54 gtw01 dnsmasq[30319]: read /var/lib/neutron/dhcp/a9f0eb09-132c-40bd-851a-4a3a70fb346d/addn_hosts - 6 addresses
Jun 26 17:34:54 gtw01 dnsmasq-dhcp[30319]: read /var/lib/neutron/dhcp/a9f0eb09-132c-40bd-851a-4a3a70fb346d/host
Jun 26 17:34:54 gtw01 dnsmasq-dhcp[30319]: read /var/lib/neutron/dhcp/a9f0eb09-132c-40bd-851a-4a3a70fb346d/opts
Jun 26 17:34:55 gtw01 dnsmasq[30319]: read /var/lib/neutron/dhcp/a9f0eb09-132c-40bd-851a-4a3a70fb346d/addn_hosts - 6 addresses
Jun 26 17:34:55 gtw01 dnsmasq-dhcp[30319]: read /var/lib/neutron/dhcp/a9f0eb09-132c-40bd-851a-4a3a70fb346d/host
Jun 26 17:34:55 gtw01 dnsmasq-dhcp[30319]: read /var/lib/neutron/dhcp/a9f0eb09-132c-40bd-851a-4a3a70fb346d/opts
Jun 26 17:34:56 gtw01 dnsmasq[30319]: read /var/lib/neutron/dhcp/a9f0eb09-132c-40bd-851a-4a3a70fb346d/addn_hosts - 6 addresses
Jun 26 17:34:56 gtw01 dnsmasq-dhcp[30319]: read /var/lib/neutron/dhcp/a9f0eb09-132c-40bd-851a-4a3a70fb346d/host
Jun 26 17:34:56 gtw01 dnsmasq-dhcp[30319]: read /var/lib/neutron/dhcp/a9f0eb09-132c-40bd-851a-4a3a70fb346d/opts
Jun 26 17:34:57 gtw01 dnsmasq[30319]: read /var/lib/neutron/dhcp/a9f0eb09-132c-40bd-851a-4a3a70fb346d/addn_hosts - 6 addresses
Jun 26 17:34:57 gtw01 dnsmasq-dhcp[30319]: read /var/lib/neutron/dhcp/a9f0eb09-132c-40bd-851a-4a3a70fb346d/host
Jun 26 17:34:57 gtw01 dnsmasq-dhcp[30319]: read /var/lib/neutron/dhcp/a9f0eb09-132c-40bd-851a-4a3a70fb346d/opts
Jun 26 17:35:07 gtw01 dnsmasq-dhcp[30319]: DHCPDISCOVER(tap5714cb85-3e) fa:16:3e:08:37:e1
Jun 26 17:35:07 gtw01 dnsmasq-dhcp[30319]: DHCPOFFER(tap5714cb85-3e) 192.168.120.5 fa:16:3e:08:37:e1
Jun 26 17:35:07 gtw01 dnsmasq-dhcp[30319]: DHCPREQUEST(tap5714cb85-3e) 192.168.120.5 fa:16:3e:08:37:e1
Jun 26 17:35:07 gtw01 dnsmasq-dhcp[30319]: DHCPACK(tap5714cb85-3e) 192.168.120.5 fa:16:3e:08:37:e1 host-192-168-120-5
Jun 26 17:35:09 gtw01 dnsmasq-dhcp[30319]: DHCPDISCOVER(tap5714cb85-3e) fa:16:3e:22:de:79
Jun 26 17:35:09 gtw01 dnsmasq-dhcp[30319]: DHCPOFFER(tap5714cb85-3e) 192.168.120.3 fa:16:3e:22:de:79
Jun 26 17:35:09 gtw01 dnsmasq-dhcp[30319]: DHCPREQUEST(tap5714cb85-3e) 192.168.120.3 fa:16:3e:22:de:79
Jun 26 17:35:09 gtw01 dnsmasq-dhcp[30319]: DHCPACK(tap5714cb85-3e) 192.168.120.3 fa:16:3e:22:de:79 host-192-168-120-3
Jun 26 17:35:10 gtw01 dnsmasq-dhcp[30319]: DHCPDISCOVER(tap5714cb85-3e) fa:16:3e:23:89:dd
Jun 26 17:35:10 gtw01 dnsmasq-dhcp[30319]: DHCPOFFER(tap5714cb85-3e) 192.168.120.11 fa:16:3e:23:89:dd
Jun 26 17:35:10 gtw01 dnsmasq-dhcp[30319]: DHCPREQUEST(tap5714cb85-3e) 192.168.120.11 fa:16:3e:23:89:dd
Jun 26 17:35:10 gtw01 dnsmasq-dhcp[30319]: DHCPACK(tap5714cb85-3e) 192.168.120.11 fa:16:3e:23:89:dd host-192-168-120-11
Jun 26 17:35:11 gtw01 dnsmasq-dhcp[30319]: DHCPDISCOVER(tap5714cb85-3e) fa:16:3e:b8:b9:72
Jun 26 17:35:11 gtw01 dnsmasq-dhcp[30319]: DHCPOFFER(tap5714cb85-3e) 192.168.120.7 fa:16:3e:b8:b9:72
Jun 26 17:35:11 gtw01 dnsmasq-dhcp[30319]: DHCPREQUEST(tap5714cb85-3e) 192.168.120.7 fa:16:3e:b8:b9:72
Jun 26 17:35:11 gtw01 dnsmasq-dhcp[30319]: DHCPACK(tap5714cb85-3e) 192.168.120.7 fa:16:3e:b8:b9:72 host-192-168-120-7
Jun 26 17:35:12 gtw01 dnsmasq-dhcp[30319]: DHCPRELEASE(tap5714cb85-3e) 192.168.120.5 fa:16:3e:08:37:e1
Jun 26 17:35:12 gtw01 dnsmasq-dhcp[30319]: DHCPRELEASE(tap5714cb85-3e) 192.168.120.5 fa:16:3e:08:37:e1 unknown lease
Jun 26 17:35:13 gtw01 dnsmasq[30319]: read /var/lib/neutron/dhcp/a9f0eb09-132c-40bd-851a-4a3a70fb346d/addn_hosts - 5 addresses
Jun 26 17:35:13 gtw01 dnsmasq-dhcp[30319]: read /var/lib/neutron/dhcp/a9f0eb09-132c-40bd-851a-4a3a70fb346d/host
Jun 26 17:35:13 gtw01 dnsmasq-dhcp[30319]: read /var/lib/neutron/dhcp/a9f0eb09-132c-40bd-851a-4a3a70fb346d/opts
Jun 26 17:35:14 gtw01 dnsmasq-dhcp[30319]: DHCPRELEASE(tap5714cb85-3e) 192.168.120.3 fa:16:3e:22:de:79
Jun 26 17:35:14 gtw01 dnsmasq-dhcp[30319]: DHCPRELEASE(tap5714cb85-3e) 192.168.120.3 fa:16:3e:22:de:79 unknown lease
Jun 26 17:35:15 gtw01 dnsmasq[30319]: read /var/lib/neutron/dhcp/a9f0eb09-132c-40bd-851a-4a3a70fb346d/addn_hosts - 4 addresses
Jun 26 17:35:15 gtw01 dnsmasq-dhcp[30319]: read /var/lib/neutron/dhcp/a9f0eb09-132c-40bd-851a-4a3a70fb346d/host
Jun 26 17:35:15 gtw01 dnsmasq-dhcp[30319]: read /var/lib/neutron/dhcp/a9f0eb09-132c-40bd-851a-4a3a70fb346d/opts
Jun 26 17:35:15 gtw01 dnsmasq-dhcp[30319]: DHCPRELEASE(tap5714cb85-3e) 192.168.120.11 fa:16:3e:23:89:dd
Jun 26 17:35:16 gtw01 dnsmasq-dhcp[30319]: DHCPRELEASE(tap5714cb85-3e) 192.168.120.11 fa:16:3e:23:89:dd unknown lease
Jun 26 17:35:16 gtw01 dnsmasq[30319]: read /var/lib/neutron/dhcp/a9f0eb09-132c-40bd-851a-4a3a70fb346d/addn_hosts - 3 addresses
Jun 26 17:35:16 gtw01 dnsmasq-dhcp[30319]: read /var/lib/neutron/dhcp/a9f0eb09-132c-40bd-851a-4a3a70fb346d/host
Jun 26 17:35:16 gtw01 dnsmasq-dhcp[30319]: read /var/lib/neutron/dhcp/a9f0eb09-132c-40bd-851a-4a3a70fb346d/opts
Jun 26 17:35:17 gtw01 dnsmasq-dhcp[30319]: DHCPRELEASE(tap5714cb85-3e) 192.168.120.7 fa:16:3e:b8:b9:72
Jun 26 17:35:17 gtw01 dnsmasq-dhcp[30319]: DHCPRELEASE(tap5714cb85-3e) 192.168.120.7 fa:16:3e:b8:b9:72 unknown lease
Jun 26 17:35:18 gtw01 dnsmasq[30319]: read /var/lib/neutron/dhcp/a9f0eb09-132c-40bd-851a-4a3a70fb346d/addn_hosts - 2 addresses
Jun 26 17:35:18 gtw01 dnsmasq-dhcp[30319]: read /var/lib/neutron/dhcp/a9f0eb09-132c-40bd-851a-4a3a70fb346d/host
Jun 26 17:35:18 gtw01 dnsmasq-dhcp[30319]: read /var/lib/neutron/dhcp/a9f0eb09-132c-40bd-851a-4a3a70fb346d/opts
Jun 26 17:35:23 gtw01 dnsmasq[30319]: read /var/lib/neutron/dhcp/a9f0eb09-132c-40bd-851a-4a3a70fb346d/addn_hosts - 3 addresses
Jun 26 17:35:23 gtw01 dnsmasq-dhcp[30319]: read /var/lib/neutron/dhcp/a9f0eb09-132c-40bd-851a-4a3a70fb346d/host
Jun 26 17:35:23 gtw01 dnsmasq-dhcp[30319]: read /var/lib/neutron/dhcp/a9f0eb09-132c-40bd-851a-4a3a70fb346d/opts
Jun 26 17:35:24 gtw01 dnsmasq[30319]: read /var/lib/neutron/dhcp/a9f0eb09-132c-40bd-851a-4a3a70fb346d/addn_hosts - 4 addresses
Jun 26 17:35:24 gtw01 dnsmasq-dhcp[30319]: read /var/lib/neutron/dhcp/a9f0eb09-132c-40bd-851a-4a3a70fb346d/host
Jun 26 17:35:24 gtw01 dnsmasq-dhcp[30319]: read /var/lib/neutron/dhcp/a9f0eb09-132c-40bd-851a-4a3a70fb346d/opts
Jun 26 17:35:25 gtw01 dnsmasq[30319]: read /var/lib/neutron/dhcp/a9f0eb09-132c-40bd-851a-4a3a70fb346d/addn_hosts - 4 addresses
Jun 26 17:35:25 gtw01 dnsmasq-dhcp[30319]: read /var/lib/neutron/dhcp/a9f0eb09-132c-40bd-851a-4a3a70fb346d/host
Jun 26 17:35:25 gtw01 dnsmasq-dhcp[30319]: read /var/lib/neutron/dhcp/a9f0eb09-132c-40bd-851a-4a3a70fb346d/opts
Jun 26 17:35:26 gtw01 dnsmasq[30319]: read /var/lib/neutron/dhcp/a9f0eb09-132c-40bd-851a-4a3a70fb346d/addn_hosts - 5 addresses
Jun 26 17:35:26 gtw01 dnsmasq-dhcp[30319]: read /var/lib/neutron/dhcp/a9f0eb09-132c-40bd-851a-4a3a70fb346d/host
Jun 26 17:35:26 gtw01 dnsmasq-dhcp[30319]: read /var/lib/neutron/dhcp/a9f0eb09-132c-40bd-851a-4a3a70fb346d/opts
Jun 26 17:35:27 gtw01 dnsmasq[30319]: read /var/lib/neutron/dhcp/a9f0eb09-132c-40bd-851a-4a3a70fb346d/addn_hosts - 5 addresses
Jun 26 17:35:27 gtw01 dnsmasq-dhcp[30319]: read /var/lib/neutron/dhcp/a9f0eb09-132c-40bd-851a-4a3a70fb346d/host
Jun 26 17:35:27 gtw01 dnsmasq-dhcp[30319]: read /var/lib/neutron/dhcp/a9f0eb09-132c-40bd-851a-4a3a70fb346d/opts
Jun 26 17:35:28 gtw01 dnsmasq[30319]: read /var/lib/neutron/dhcp/a9f0eb09-132c-40bd-851a-4a3a70fb346d/addn_hosts - 5 addresses
Jun 26 17:35:28 gtw01 dnsmasq-dhcp[30319]: read /var/lib/neutron/dhcp/a9f0eb09-132c-40bd-851a-4a3a70fb346d/host
Jun 26 17:35:28 gtw01 dnsmasq-dhcp[30319]: read /var/lib/neutron/dhcp/a9f0eb09-132c-40bd-851a-4a3a70fb346d/opts
Jun 26 17:35:29 gtw01 dnsmasq[30319]: read /var/lib/neutron/dhcp/a9f0eb09-132c-40bd-851a-4a3a70fb346d/addn_hosts - 6 addresses
Jun 26 17:35:29 gtw01 dnsmasq-dhcp[30319]: read /var/lib/neutron/dhcp/a9f0eb09-132c-40bd-851a-4a3a70fb346d/host
Jun 26 17:35:29 gtw01 dnsmasq-dhcp[30319]: read /var/lib/neutron/dhcp/a9f0eb09-132c-40bd-851a-4a3a70fb346d/opts
Jun 26 17:35:30 gtw01 dnsmasq[30319]: read /var/lib/neutron/dhcp/a9f0eb09-132c-40bd-851a-4a3a70fb346d/addn_hosts - 6 addresses
Jun 26 17:35:30 gtw01 dnsmasq-dhcp[30319]: read /var/lib/neutron/dhcp/a9f0eb09-132c-40bd-851a-4a3a70fb346d/host
Jun 26 17:35:30 gtw01 dnsmasq-dhcp[30319]: read /var/lib/neutron/dhcp/a9f0eb09-132c-40bd-851a-4a3a70fb346d/opts
Jun 26 17:35:31 gtw01 dnsmasq[30319]: read /var/lib/neutron/dhcp/a9f0eb09-132c-40bd-851a-4a3a70fb346d/addn_hosts - 6 addresses
Jun 26 17:35:31 gtw01 dnsmasq-dhcp[30319]: read /var/lib/neutron/dhcp/a9f0eb09-132c-40bd-851a-4a3a70fb346d/host
Jun 26 17:35:31 gtw01 dnsmasq-dhcp[30319]: read /var/lib/neutron/dhcp/a9f0eb09-132c-40bd-851a-4a3a70fb346d/opts
Jun 26 17:35:32 gtw01 dnsmasq[30319]: read /var/lib/neutron/dhcp/a9f0eb09-132c-40bd-851a-4a3a70fb346d/addn_hosts - 6 addresses
Jun 26 17:35:32 gtw01 dnsmasq-dhcp[30319]: read /var/lib/neutron/dhcp/a9f0eb09-132c-40bd-851a-4a3a70fb346d/host
Jun 26 17:35:32 gtw01 dnsmasq-dhcp[30319]: read /var/lib/neutron/dhcp/a9f0eb09-132c-40bd-851a-4a3a70fb346d/opts
Jun 26 17:35:33 gtw01 dnsmasq[30319]: read /var/lib/neutron/dhcp/a9f0eb09-132c-40bd-851a-4a3a70fb346d/addn_hosts - 6 addresses
Jun 26 17:35:33 gtw01 dnsmasq-dhcp[30319]: read /var/lib/neutron/dhcp/a9f0eb09-132c-40bd-851a-4a3a70fb346d/host
Jun 26 17:35:33 gtw01 dnsmasq-dhcp[30319]: read /var/lib/neutron/dhcp/a9f0eb09-132c-40bd-851a-4a3a70fb346d/opts
Jun 26 17:35:34 gtw01 dnsmasq[30319]: read /var/lib/neutron/dhcp/a9f0eb09-132c-40bd-851a-4a3a70fb346d/addn_hosts - 6 addresses
Jun 26 17:35:34 gtw01 dnsmasq-dhcp[30319]: read /var/lib/neutron/dhcp/a9f0eb09-132c-40bd-851a-4a3a70fb346d/host
Jun 26 17:35:34 gtw01 dnsmasq-dhcp[30319]: read /var/lib/neutron/dhcp/a9f0eb09-132c-40bd-851a-4a3a70fb346d/opts
Jun 26 17:35:40 gtw01 dnsmasq-dhcp[30319]: DHCPDISCOVER(tap5714cb85-3e) fa:16:3e:a1:b4:6b
Jun 26 17:35:40 gtw01 dnsmasq-dhcp[30319]: DHCPOFFER(tap5714cb85-3e) 192.168.120.7 fa:16:3e:a1:b4:6b
Jun 26 17:35:40 gtw01 dnsmasq-dhcp[30319]: DHCPREQUEST(tap5714cb85-3e) 192.168.120.7 fa:16:3e:a1:b4:6b
Jun 26 17:35:40 gtw01 dnsmasq-dhcp[30319]: DHCPACK(tap5714cb85-3e) 192.168.120.7 fa:16:3e:a1:b4:6b host-192-168-120-7
Jun 26 17:35:44 gtw01 dnsmasq-dhcp[30319]: DHCPDISCOVER(tap5714cb85-3e) fa:16:3e:7c:e2:b3
Jun 26 17:35:44 gtw01 dnsmasq-dhcp[30319]: DHCPOFFER(tap5714cb85-3e) 192.168.120.4 fa:16:3e:7c:e2:b3
Jun 26 17:35:44 gtw01 dnsmasq-dhcp[30319]: DHCPREQUEST(tap5714cb85-3e) 192.168.120.4 fa:16:3e:7c:e2:b3
Jun 26 17:35:44 gtw01 dnsmasq-dhcp[30319]: DHCPACK(tap5714cb85-3e) 192.168.120.4 fa:16:3e:7c:e2:b3 host-192-168-120-4
Jun 26 17:35:45 gtw01 dnsmasq-dhcp[30319]: DHCPDISCOVER(tap5714cb85-3e) fa:16:3e:f4:77:68
Jun 26 17:35:45 gtw01 dnsmasq-dhcp[30319]: DHCPOFFER(tap5714cb85-3e) 192.168.120.23 fa:16:3e:f4:77:68
Jun 26 17:35:45 gtw01 dnsmasq-dhcp[30319]: DHCPREQUEST(tap5714cb85-3e) 192.168.120.23 fa:16:3e:f4:77:68
Jun 26 17:35:45 gtw01 dnsmasq-dhcp[30319]: DHCPACK(tap5714cb85-3e) 192.168.120.23 fa:16:3e:f4:77:68 host-192-168-120-23
Jun 26 17:35:46 gtw01 dnsmasq-dhcp[30319]: DHCPRELEASE(tap5714cb85-3e) 192.168.120.7 fa:16:3e:a1:b4:6b
Jun 26 17:35:46 gtw01 dnsmasq-dhcp[30319]: DHCPRELEASE(tap5714cb85-3e) 192.168.120.7 fa:16:3e:a1:b4:6b unknown lease
Jun 26 17:35:47 gtw01 dnsmasq-dhcp[30319]: DHCPDISCOVER(tap5714cb85-3e) fa:16:3e:26:39:e9
Jun 26 17:35:47 gtw01 dnsmasq-dhcp[30319]: DHCPOFFER(tap5714cb85-3e) 192.168.120.17 fa:16:3e:26:39:e9
Jun 26 17:35:47 gtw01 dnsmasq-dhcp[30319]: DHCPREQUEST(tap5714cb85-3e) 192.168.120.17 fa:16:3e:26:39:e9
Jun 26 17:35:47 gtw01 dnsmasq-dhcp[30319]: DHCPACK(tap5714cb85-3e) 192.168.120.17 fa:16:3e:26:39:e9 host-192-168-120-17
Jun 26 17:35:47 gtw01 dnsmasq[30319]: read /var/lib/neutron/dhcp/a9f0eb09-132c-40bd-851a-4a3a70fb346d/addn_hosts - 5 addresses
Jun 26 17:35:47 gtw01 dnsmasq-dhcp[30319]: read /var/lib/neutron/dhcp/a9f0eb09-132c-40bd-851a-4a3a70fb346d/host
Jun 26 17:35:47 gtw01 dnsmasq-dhcp[30319]: read /var/lib/neutron/dhcp/a9f0eb09-132c-40bd-851a-4a3a70fb346d/opts
Jun 26 17:35:49 gtw01 dnsmasq-dhcp[30319]: DHCPRELEASE(tap5714cb85-3e) 192.168.120.23 fa:16:3e:f4:77:68
Jun 26 17:35:49 gtw01 dnsmasq-dhcp[30319]: DHCPRELEASE(tap5714cb85-3e) 192.168.120.23 fa:16:3e:f4:77:68 unknown lease
Jun 26 17:35:50 gtw01 dnsmasq[30319]: read /var/lib/neutron/dhcp/a9f0eb09-132c-40bd-851a-4a3a70fb346d/addn_hosts - 4 addresses
Jun 26 17:35:50 gtw01 dnsmasq-dhcp[30319]: read /var/lib/neutron/dhcp/a9f0eb09-132c-40bd-851a-4a3a70fb346d/host
Jun 26 17:35:50 gtw01 dnsmasq-dhcp[30319]: read /var/lib/neutron/dhcp/a9f0eb09-132c-40bd-851a-4a3a70fb346d/opts
Jun 26 17:35:51 gtw01 dnsmasq-dhcp[30319]: DHCPRELEASE(tap5714cb85-3e) 192.168.120.4 fa:16:3e:7c:e2:b3
Jun 26 17:35:51 gtw01 dnsmasq-dhcp[30319]: DHCPRELEASE(tap5714cb85-3e) 192.168.120.4 fa:16:3e:7c:e2:b3 unknown lease
Jun 26 17:35:52 gtw01 dnsmasq[30319]: read /var/lib/neutron/dhcp/a9f0eb09-132c-40bd-851a-4a3a70fb346d/addn_hosts - 3 addresses
Jun 26 17:35:52 gtw01 dnsmasq-dhcp[30319]: read /var/lib/neutron/dhcp/a9f0eb09-132c-40bd-851a-4a3a70fb346d/host
Jun 26 17:35:52 gtw01 dnsmasq-dhcp[30319]: read /var/lib/neutron/dhcp/a9f0eb09-132c-40bd-851a-4a3a70fb346d/opts
Jun 26 17:35:53 gtw01 dnsmasq-dhcp[30319]: DHCPRELEASE(tap5714cb85-3e) 192.168.120.17 fa:16:3e:26:39:e9
Jun 26 17:35:53 gtw01 dnsmasq-dhcp[30319]: DHCPRELEASE(tap5714cb85-3e) 192.168.120.17 fa:16:3e:26:39:e9 unknown lease
Jun 26 17:35:54 gtw01 dnsmasq[30319]: read /var/lib/neutron/dhcp/a9f0eb09-132c-40bd-851a-4a3a70fb346d/addn_hosts - 2 addresses
Jun 26 17:35:54 gtw01 dnsmasq-dhcp[30319]: read /var/lib/neutron/dhcp/a9f0eb09-132c-40bd-851a-4a3a70fb346d/host
Jun 26 17:35:54 gtw01 dnsmasq-dhcp[30319]: read /var/lib/neutron/dhcp/a9f0eb09-132c-40bd-851a-4a3a70fb346d/opts
Jun 26 17:35:59 gtw01 dnsmasq[30319]: read /var/lib/neutron/dhcp/a9f0eb09-132c-40bd-851a-4a3a70fb346d/addn_hosts - 3 addresses
Jun 26 17:35:59 gtw01 dnsmasq-dhcp[30319]: read /var/lib/neutron/dhcp/a9f0eb09-132c-40bd-851a-4a3a70fb346d/host
Jun 26 17:35:59 gtw01 dnsmasq-dhcp[30319]: read /var/lib/neutron/dhcp/a9f0eb09-132c-40bd-851a-4a3a70fb346d/opts
Jun 26 17:36:00 gtw01 dnsmasq[30319]: read /var/lib/neutron/dhcp/a9f0eb09-132c-40bd-851a-4a3a70fb346d/addn_hosts - 4 addresses
Jun 26 17:36:00 gtw01 dnsmasq-dhcp[30319]: read /var/lib/neutron/dhcp/a9f0eb09-132c-40bd-851a-4a3a70fb346d/host
Jun 26 17:36:00 gtw01 dnsmasq-dhcp[30319]: read /var/lib/neutron/dhcp/a9f0eb09-132c-40bd-851a-4a3a70fb346d/opts
