Jun 26 16:44:28 gtw01 dnsmasq-dhcp[21491]: read /var/lib/neutron/dhcp/89e4d8fe-18d0-4ba4-a1a5-95545a6f9022/opts
Jun 26 16:44:29 gtw01 dnsmasq[21491]: read /var/lib/neutron/dhcp/89e4d8fe-18d0-4ba4-a1a5-95545a6f9022/addn_hosts - 4 addresses
Jun 26 16:44:29 gtw01 dnsmasq-dhcp[21491]: read /var/lib/neutron/dhcp/89e4d8fe-18d0-4ba4-a1a5-95545a6f9022/host
Jun 26 16:44:29 gtw01 dnsmasq-dhcp[21491]: read /var/lib/neutron/dhcp/89e4d8fe-18d0-4ba4-a1a5-95545a6f9022/opts
Jun 26 16:44:29 gtw01 dnsmasq-dhcp[21491]: DHCPDISCOVER(tap7fffd261-7a) fa:16:3e:63:29:b2
Jun 26 16:44:29 gtw01 dnsmasq-dhcp[21491]: DHCPOFFER(tap7fffd261-7a) 192.168.120.6 fa:16:3e:63:29:b2
Jun 26 16:44:30 gtw01 dnsmasq-dhcp[21491]: DHCPREQUEST(tap7fffd261-7a) 192.168.120.6 fa:16:3e:63:29:b2
Jun 26 16:44:30 gtw01 dnsmasq-dhcp[21491]: DHCPACK(tap7fffd261-7a) 192.168.120.6 fa:16:3e:63:29:b2 host-192-168-120-6
Jun 26 16:44:49 gtw01 dnsmasq[21491]: read /var/lib/neutron/dhcp/89e4d8fe-18d0-4ba4-a1a5-95545a6f9022/addn_hosts - 3 addresses
Jun 26 16:44:49 gtw01 dnsmasq-dhcp[21491]: read /var/lib/neutron/dhcp/89e4d8fe-18d0-4ba4-a1a5-95545a6f9022/host
Jun 26 16:44:49 gtw01 dnsmasq-dhcp[21491]: read /var/lib/neutron/dhcp/89e4d8fe-18d0-4ba4-a1a5-95545a6f9022/opts
Jun 26 16:44:56 gtw01 dnsmasq-dhcp[21491]: DHCPRELEASE(tap7fffd261-7a) 192.168.120.6 fa:16:3e:63:29:b2
Jun 26 16:44:56 gtw01 dnsmasq-dhcp[21491]: DHCPRELEASE(tap7fffd261-7a) 192.168.120.6 fa:16:3e:63:29:b2 unknown lease
Jun 26 16:44:57 gtw01 dnsmasq[21491]: read /var/lib/neutron/dhcp/89e4d8fe-18d0-4ba4-a1a5-95545a6f9022/addn_hosts - 2 addresses
Jun 26 16:44:57 gtw01 dnsmasq-dhcp[21491]: read /var/lib/neutron/dhcp/89e4d8fe-18d0-4ba4-a1a5-95545a6f9022/host
Jun 26 16:44:57 gtw01 dnsmasq-dhcp[21491]: read /var/lib/neutron/dhcp/89e4d8fe-18d0-4ba4-a1a5-95545a6f9022/opts
Jun 26 16:45:01 gtw01 dnsmasq[21734]: read /var/lib/neutron/dhcp/049bd3f5-5135-4b3a-b90b-98d13a7aa63c/addn_hosts - 1 addresses
Jun 26 16:45:01 gtw01 dnsmasq-dhcp[21734]: read /var/lib/neutron/dhcp/049bd3f5-5135-4b3a-b90b-98d13a7aa63c/host
Jun 26 16:45:01 gtw01 dnsmasq-dhcp[21734]: read /var/lib/neutron/dhcp/049bd3f5-5135-4b3a-b90b-98d13a7aa63c/opts
Jun 26 16:45:06 gtw01 kernel: [10378.823254] device tap1145c917-1d left promiscuous mode
Jun 26 16:45:10 gtw01 dnsmasq[21491]: read /var/lib/neutron/dhcp/89e4d8fe-18d0-4ba4-a1a5-95545a6f9022/addn_hosts - 1 addresses
Jun 26 16:45:10 gtw01 dnsmasq-dhcp[21491]: read /var/lib/neutron/dhcp/89e4d8fe-18d0-4ba4-a1a5-95545a6f9022/host
Jun 26 16:45:10 gtw01 dnsmasq-dhcp[21491]: read /var/lib/neutron/dhcp/89e4d8fe-18d0-4ba4-a1a5-95545a6f9022/opts
Jun 26 16:45:14 gtw01 kernel: [10387.109578] device tap7fffd261-7a left promiscuous mode
Jun 26 16:45:32 gtw01 dnsmasq[17733]: read /var/lib/neutron/dhcp/2fae4512-b6cf-4e3c-bdae-ccaba64205a7/addn_hosts - 1 addresses
Jun 26 16:45:32 gtw01 dnsmasq-dhcp[17733]: read /var/lib/neutron/dhcp/2fae4512-b6cf-4e3c-bdae-ccaba64205a7/host
Jun 26 16:45:32 gtw01 dnsmasq-dhcp[17733]: read /var/lib/neutron/dhcp/2fae4512-b6cf-4e3c-bdae-ccaba64205a7/opts
Jun 26 16:45:36 gtw01 kernel: [10409.713586] device tap77d2edf0-e5 left promiscuous mode
Jun 26 16:45:46 gtw01 kernel: [10419.351672] device tap71189ac5-06 entered promiscuous mode
Jun 26 16:45:46 gtw01 systemd-udevd[22054]: Process '/sbin/ip link set tap71189ac5-06 txqueuelen 10000' failed with exit code 1.
Jun 26 16:45:46 gtw01 systemd-udevd[22131]: Process '/sbin/ip link set tap71189ac5-06 txqueuelen 10000' failed with exit code 1.
Jun 26 16:45:49 gtw01 dnsmasq[22190]: started, version 2.80 cachesize 150
Jun 26 16:45:49 gtw01 dnsmasq[22190]: DNS service limited to local subnets
Jun 26 16:45:49 gtw01 dnsmasq[22190]: compile time options: IPv6 GNU-getopt DBus i18n IDN DHCP DHCPv6 no-Lua TFTP conntrack ipset auth DNSSEC loop-detect inotify dumpfile
Jun 26 16:45:49 gtw01 dnsmasq[22190]: warning: no upstream servers configured
Jun 26 16:45:49 gtw01 dnsmasq-dhcp[22190]: DHCP, static leases only on 192.168.120.0, lease time 1h
Jun 26 16:45:49 gtw01 dnsmasq[22190]: read /var/lib/neutron/dhcp/df2094a8-cfd9-4a29-9114-a1af6c94a38f/addn_hosts - 1 addresses
Jun 26 16:45:49 gtw01 dnsmasq-dhcp[22190]: read /var/lib/neutron/dhcp/df2094a8-cfd9-4a29-9114-a1af6c94a38f/host
Jun 26 16:45:49 gtw01 dnsmasq-dhcp[22190]: read /var/lib/neutron/dhcp/df2094a8-cfd9-4a29-9114-a1af6c94a38f/opts
Jun 26 16:45:50 gtw01 haproxy-metadata-proxy-df2094a8-cfd9-4a29-9114-a1af6c94a38f[22194]: Proxy listener started.
Jun 26 16:45:51 gtw01 dnsmasq[22190]: read /var/lib/neutron/dhcp/df2094a8-cfd9-4a29-9114-a1af6c94a38f/addn_hosts - 2 addresses
Jun 26 16:45:51 gtw01 dnsmasq-dhcp[22190]: read /var/lib/neutron/dhcp/df2094a8-cfd9-4a29-9114-a1af6c94a38f/host
Jun 26 16:45:51 gtw01 dnsmasq-dhcp[22190]: read /var/lib/neutron/dhcp/df2094a8-cfd9-4a29-9114-a1af6c94a38f/opts
Jun 26 16:45:52 gtw01 dnsmasq[22190]: read /var/lib/neutron/dhcp/df2094a8-cfd9-4a29-9114-a1af6c94a38f/addn_hosts - 2 addresses
Jun 26 16:45:52 gtw01 dnsmasq-dhcp[22190]: read /var/lib/neutron/dhcp/df2094a8-cfd9-4a29-9114-a1af6c94a38f/host
Jun 26 16:45:52 gtw01 dnsmasq-dhcp[22190]: read /var/lib/neutron/dhcp/df2094a8-cfd9-4a29-9114-a1af6c94a38f/opts
Jun 26 16:45:53 gtw01 dnsmasq[22190]: read /var/lib/neutron/dhcp/df2094a8-cfd9-4a29-9114-a1af6c94a38f/addn_hosts - 2 addresses
Jun 26 16:45:53 gtw01 dnsmasq-dhcp[22190]: read /var/lib/neutron/dhcp/df2094a8-cfd9-4a29-9114-a1af6c94a38f/host
Jun 26 16:45:53 gtw01 dnsmasq-dhcp[22190]: read /var/lib/neutron/dhcp/df2094a8-cfd9-4a29-9114-a1af6c94a38f/opts
Jun 26 16:45:53 gtw01 dnsmasq[22190]: read /var/lib/neutron/dhcp/df2094a8-cfd9-4a29-9114-a1af6c94a38f/addn_hosts - 2 addresses
Jun 26 16:45:53 gtw01 dnsmasq-dhcp[22190]: read /var/lib/neutron/dhcp/df2094a8-cfd9-4a29-9114-a1af6c94a38f/host
Jun 26 16:45:53 gtw01 dnsmasq-dhcp[22190]: read /var/lib/neutron/dhcp/df2094a8-cfd9-4a29-9114-a1af6c94a38f/opts
Jun 26 16:45:54 gtw01 dnsmasq[22190]: read /var/lib/neutron/dhcp/df2094a8-cfd9-4a29-9114-a1af6c94a38f/addn_hosts - 2 addresses
Jun 26 16:45:54 gtw01 dnsmasq-dhcp[22190]: read /var/lib/neutron/dhcp/df2094a8-cfd9-4a29-9114-a1af6c94a38f/host
Jun 26 16:45:54 gtw01 dnsmasq-dhcp[22190]: read /var/lib/neutron/dhcp/df2094a8-cfd9-4a29-9114-a1af6c94a38f/opts
Jun 26 16:46:50 gtw01 kernel: [10482.948913] device tapa71263ee-de entered promiscuous mode
Jun 26 16:46:50 gtw01 systemd-udevd[22298]: Could not generate persistent MAC address for tapa71263ee-de: No such file or directory
Jun 26 16:46:50 gtw01 systemd-udevd[22298]: Process '/sbin/ip link set tapa71263ee-de txqueuelen 10000' failed with exit code 1.
Jun 26 16:46:50 gtw01 systemd-udevd[22298]: Process '/sbin/ip link set tapa71263ee-de txqueuelen 10000' failed with exit code 1.
Jun 26 16:46:53 gtw01 dnsmasq[22432]: started, version 2.80 cachesize 150
Jun 26 16:46:53 gtw01 dnsmasq[22432]: DNS service limited to local subnets
Jun 26 16:46:53 gtw01 dnsmasq[22432]: compile time options: IPv6 GNU-getopt DBus i18n IDN DHCP DHCPv6 no-Lua TFTP conntrack ipset auth DNSSEC loop-detect inotify dumpfile
Jun 26 16:46:53 gtw01 dnsmasq[22432]: warning: no upstream servers configured
Jun 26 16:46:53 gtw01 dnsmasq-dhcp[22432]: DHCP, static leases only on 192.168.120.0, lease time 1h
Jun 26 16:46:53 gtw01 dnsmasq[22432]: read /var/lib/neutron/dhcp/bc59398c-ddf2-4173-9f65-b9c20e034cae/addn_hosts - 1 addresses
Jun 26 16:46:53 gtw01 dnsmasq-dhcp[22432]: read /var/lib/neutron/dhcp/bc59398c-ddf2-4173-9f65-b9c20e034cae/host
Jun 26 16:46:53 gtw01 dnsmasq-dhcp[22432]: read /var/lib/neutron/dhcp/bc59398c-ddf2-4173-9f65-b9c20e034cae/opts
Jun 26 16:46:53 gtw01 haproxy-metadata-proxy-bc59398c-ddf2-4173-9f65-b9c20e034cae[22436]: Proxy listener started.
Jun 26 16:46:54 gtw01 dnsmasq[22432]: read /var/lib/neutron/dhcp/bc59398c-ddf2-4173-9f65-b9c20e034cae/addn_hosts - 2 addresses
Jun 26 16:46:54 gtw01 dnsmasq-dhcp[22432]: read /var/lib/neutron/dhcp/bc59398c-ddf2-4173-9f65-b9c20e034cae/host
Jun 26 16:46:54 gtw01 dnsmasq-dhcp[22432]: read /var/lib/neutron/dhcp/bc59398c-ddf2-4173-9f65-b9c20e034cae/opts
Jun 26 16:46:55 gtw01 dnsmasq[22432]: read /var/lib/neutron/dhcp/bc59398c-ddf2-4173-9f65-b9c20e034cae/addn_hosts - 2 addresses
Jun 26 16:46:55 gtw01 dnsmasq-dhcp[22432]: read /var/lib/neutron/dhcp/bc59398c-ddf2-4173-9f65-b9c20e034cae/host
Jun 26 16:46:55 gtw01 dnsmasq-dhcp[22432]: read /var/lib/neutron/dhcp/bc59398c-ddf2-4173-9f65-b9c20e034cae/opts
Jun 26 16:46:56 gtw01 systemd-udevd[22508]: Could not generate persistent MAC address for tapc45476b5-d8: No such file or directory
Jun 26 16:46:56 gtw01 kernel: [10489.201396] device tapc45476b5-d8 entered promiscuous mode
Jun 26 16:46:56 gtw01 dnsmasq[22432]: read /var/lib/neutron/dhcp/bc59398c-ddf2-4173-9f65-b9c20e034cae/addn_hosts - 2 addresses
Jun 26 16:46:56 gtw01 dnsmasq-dhcp[22432]: read /var/lib/neutron/dhcp/bc59398c-ddf2-4173-9f65-b9c20e034cae/host
Jun 26 16:46:56 gtw01 dnsmasq-dhcp[22432]: read /var/lib/neutron/dhcp/bc59398c-ddf2-4173-9f65-b9c20e034cae/opts
Jun 26 16:46:56 gtw01 systemd-udevd[22508]: Process '/sbin/ip link set tapc45476b5-d8 txqueuelen 10000' failed with exit code 1.
Jun 26 16:46:56 gtw01 systemd-udevd[22508]: Process '/sbin/ip link set tapc45476b5-d8 txqueuelen 10000' failed with exit code 1.
Jun 26 16:46:57 gtw01 systemd-udevd[22617]: Could not generate persistent MAC address for tap66e1f725-99: No such file or directory
Jun 26 16:46:57 gtw01 kernel: [10489.910286] device tap66e1f725-99 entered promiscuous mode
Jun 26 16:46:57 gtw01 systemd-udevd[22617]: Process '/sbin/ip link set tap66e1f725-99 txqueuelen 10000' failed with exit code 1.
Jun 26 16:46:57 gtw01 systemd-udevd[22692]: Process '/sbin/ip link set tap66e1f725-99 txqueuelen 10000' failed with exit code 1.
Jun 26 16:46:57 gtw01 dnsmasq[22432]: read /var/lib/neutron/dhcp/bc59398c-ddf2-4173-9f65-b9c20e034cae/addn_hosts - 2 addresses
Jun 26 16:46:57 gtw01 dnsmasq-dhcp[22432]: read /var/lib/neutron/dhcp/bc59398c-ddf2-4173-9f65-b9c20e034cae/host
Jun 26 16:46:57 gtw01 dnsmasq-dhcp[22432]: read /var/lib/neutron/dhcp/bc59398c-ddf2-4173-9f65-b9c20e034cae/opts
Jun 26 16:47:00 gtw01 dnsmasq[22432]: read /var/lib/neutron/dhcp/bc59398c-ddf2-4173-9f65-b9c20e034cae/addn_hosts - 3 addresses
Jun 26 16:47:00 gtw01 dnsmasq-dhcp[22432]: read /var/lib/neutron/dhcp/bc59398c-ddf2-4173-9f65-b9c20e034cae/host
Jun 26 16:47:00 gtw01 dnsmasq-dhcp[22432]: read /var/lib/neutron/dhcp/bc59398c-ddf2-4173-9f65-b9c20e034cae/opts
Jun 26 16:47:00 gtw01 dnsmasq[22822]: started, version 2.80 cachesize 150
Jun 26 16:47:00 gtw01 dnsmasq[22822]: DNS service limited to local subnets
Jun 26 16:47:00 gtw01 dnsmasq[22822]: compile time options: IPv6 GNU-getopt DBus i18n IDN DHCP DHCPv6 no-Lua TFTP conntrack ipset auth DNSSEC loop-detect inotify dumpfile
Jun 26 16:47:00 gtw01 dnsmasq[22822]: warning: no upstream servers configured
Jun 26 16:47:00 gtw01 dnsmasq-dhcp[22822]: DHCP, static leases only on 192.168.120.0, lease time 1h
Jun 26 16:47:00 gtw01 dnsmasq[22822]: read /var/lib/neutron/dhcp/03f3537f-9514-4f9a-9ca7-82ff39c44733/addn_hosts - 1 addresses
Jun 26 16:47:00 gtw01 dnsmasq-dhcp[22822]: read /var/lib/neutron/dhcp/03f3537f-9514-4f9a-9ca7-82ff39c44733/host
Jun 26 16:47:00 gtw01 dnsmasq-dhcp[22822]: read /var/lib/neutron/dhcp/03f3537f-9514-4f9a-9ca7-82ff39c44733/opts
Jun 26 16:47:00 gtw01 kernel: [10493.561813] device tapb0a854eb-25 entered promiscuous mode
Jun 26 16:47:00 gtw01 haproxy-metadata-proxy-03f3537f-9514-4f9a-9ca7-82ff39c44733[22837]: Proxy listener started.
Jun 26 16:47:01 gtw01 systemd-udevd[22834]: Process '/sbin/ip link set tapb0a854eb-25 txqueuelen 10000' failed with exit code 1.
Jun 26 16:47:01 gtw01 systemd-udevd[22834]: Process '/sbin/ip link set tapb0a854eb-25 txqueuelen 10000' failed with exit code 1.
Jun 26 16:47:01 gtw01 dnsmasq[22822]: read /var/lib/neutron/dhcp/03f3537f-9514-4f9a-9ca7-82ff39c44733/addn_hosts - 1 addresses
Jun 26 16:47:01 gtw01 dnsmasq-dhcp[22822]: read /var/lib/neutron/dhcp/03f3537f-9514-4f9a-9ca7-82ff39c44733/host
Jun 26 16:47:01 gtw01 dnsmasq-dhcp[22822]: read /var/lib/neutron/dhcp/03f3537f-9514-4f9a-9ca7-82ff39c44733/opts
Jun 26 16:47:01 gtw01 dnsmasq[22957]: started, version 2.80 cachesize 150
Jun 26 16:47:01 gtw01 dnsmasq[22957]: DNS service limited to local subnets
Jun 26 16:47:01 gtw01 dnsmasq[22957]: compile time options: IPv6 GNU-getopt DBus i18n IDN DHCP DHCPv6 no-Lua TFTP conntrack ipset auth DNSSEC loop-detect inotify dumpfile
Jun 26 16:47:01 gtw01 dnsmasq[22957]: warning: no upstream servers configured
Jun 26 16:47:01 gtw01 dnsmasq-dhcp[22957]: DHCP, static leases only on 192.168.120.0, lease time 1h
Jun 26 16:47:01 gtw01 dnsmasq[22957]: read /var/lib/neutron/dhcp/d15dd9d9-f4e0-4df5-aa0d-ccee5bd5efb9/addn_hosts - 1 addresses
Jun 26 16:47:01 gtw01 dnsmasq-dhcp[22957]: read /var/lib/neutron/dhcp/d15dd9d9-f4e0-4df5-aa0d-ccee5bd5efb9/host
Jun 26 16:47:01 gtw01 dnsmasq-dhcp[22957]: read /var/lib/neutron/dhcp/d15dd9d9-f4e0-4df5-aa0d-ccee5bd5efb9/opts
Jun 26 16:47:02 gtw01 haproxy-metadata-proxy-d15dd9d9-f4e0-4df5-aa0d-ccee5bd5efb9[22964]: Proxy listener started.
Jun 26 16:47:02 gtw01 dnsmasq[22822]: read /var/lib/neutron/dhcp/03f3537f-9514-4f9a-9ca7-82ff39c44733/addn_hosts - 1 addresses
Jun 26 16:47:02 gtw01 dnsmasq-dhcp[22822]: read /var/lib/neutron/dhcp/03f3537f-9514-4f9a-9ca7-82ff39c44733/host
Jun 26 16:47:02 gtw01 dnsmasq-dhcp[22822]: read /var/lib/neutron/dhcp/03f3537f-9514-4f9a-9ca7-82ff39c44733/opts
Jun 26 16:47:03 gtw01 dnsmasq[22957]: read /var/lib/neutron/dhcp/d15dd9d9-f4e0-4df5-aa0d-ccee5bd5efb9/addn_hosts - 1 addresses
Jun 26 16:47:03 gtw01 dnsmasq-dhcp[22957]: read /var/lib/neutron/dhcp/d15dd9d9-f4e0-4df5-aa0d-ccee5bd5efb9/host
Jun 26 16:47:03 gtw01 dnsmasq-dhcp[22957]: read /var/lib/neutron/dhcp/d15dd9d9-f4e0-4df5-aa0d-ccee5bd5efb9/opts
Jun 26 16:47:04 gtw01 dnsmasq[22822]: read /var/lib/neutron/dhcp/03f3537f-9514-4f9a-9ca7-82ff39c44733/addn_hosts - 1 addresses
Jun 26 16:47:04 gtw01 dnsmasq-dhcp[22822]: read /var/lib/neutron/dhcp/03f3537f-9514-4f9a-9ca7-82ff39c44733/host
Jun 26 16:47:04 gtw01 dnsmasq-dhcp[22822]: read /var/lib/neutron/dhcp/03f3537f-9514-4f9a-9ca7-82ff39c44733/opts
Jun 26 16:47:04 gtw01 dnsmasq[22957]: read /var/lib/neutron/dhcp/d15dd9d9-f4e0-4df5-aa0d-ccee5bd5efb9/addn_hosts - 1 addresses
Jun 26 16:47:04 gtw01 dnsmasq-dhcp[22957]: read /var/lib/neutron/dhcp/d15dd9d9-f4e0-4df5-aa0d-ccee5bd5efb9/host
Jun 26 16:47:04 gtw01 dnsmasq-dhcp[22957]: read /var/lib/neutron/dhcp/d15dd9d9-f4e0-4df5-aa0d-ccee5bd5efb9/opts
Jun 26 16:47:04 gtw01 kernel: [10497.521494] device tap6ac6d69f-3b entered promiscuous mode
Jun 26 16:47:04 gtw01 systemd-udevd[23077]: Could not generate persistent MAC address for tap6ac6d69f-3b: No such file or directory
Jun 26 16:47:04 gtw01 systemd-udevd[23077]: Process '/sbin/ip link set tap6ac6d69f-3b txqueuelen 10000' failed with exit code 1.
Jun 26 16:47:05 gtw01 systemd-udevd[23153]: Process '/sbin/ip link set tap6ac6d69f-3b txqueuelen 10000' failed with exit code 1.
Jun 26 16:47:05 gtw01 dnsmasq[23198]: started, version 2.80 cachesize 150
Jun 26 16:47:05 gtw01 dnsmasq[23198]: DNS service limited to local subnets
Jun 26 16:47:05 gtw01 dnsmasq[23198]: compile time options: IPv6 GNU-getopt DBus i18n IDN DHCP DHCPv6 no-Lua TFTP conntrack ipset auth DNSSEC loop-detect inotify dumpfile
Jun 26 16:47:05 gtw01 dnsmasq[23198]: warning: no upstream servers configured
Jun 26 16:47:05 gtw01 dnsmasq-dhcp[23198]: DHCP, static leases only on 192.168.120.0, lease time 1h
Jun 26 16:47:05 gtw01 dnsmasq[23198]: read /var/lib/neutron/dhcp/b23afd5e-6e51-4a9f-92f6-f1c82c1d6868/addn_hosts - 1 addresses
Jun 26 16:47:05 gtw01 dnsmasq-dhcp[23198]: read /var/lib/neutron/dhcp/b23afd5e-6e51-4a9f-92f6-f1c82c1d6868/host
Jun 26 16:47:05 gtw01 dnsmasq-dhcp[23198]: read /var/lib/neutron/dhcp/b23afd5e-6e51-4a9f-92f6-f1c82c1d6868/opts
Jun 26 16:47:06 gtw01 dnsmasq[22957]: read /var/lib/neutron/dhcp/d15dd9d9-f4e0-4df5-aa0d-ccee5bd5efb9/addn_hosts - 1 addresses
Jun 26 16:47:06 gtw01 dnsmasq-dhcp[22957]: read /var/lib/neutron/dhcp/d15dd9d9-f4e0-4df5-aa0d-ccee5bd5efb9/host
Jun 26 16:47:06 gtw01 dnsmasq-dhcp[22957]: read /var/lib/neutron/dhcp/d15dd9d9-f4e0-4df5-aa0d-ccee5bd5efb9/opts
Jun 26 16:47:06 gtw01 dnsmasq[22822]: read /var/lib/neutron/dhcp/03f3537f-9514-4f9a-9ca7-82ff39c44733/addn_hosts - 2 addresses
Jun 26 16:47:06 gtw01 dnsmasq-dhcp[22822]: read /var/lib/neutron/dhcp/03f3537f-9514-4f9a-9ca7-82ff39c44733/host
Jun 26 16:47:06 gtw01 dnsmasq-dhcp[22822]: read /var/lib/neutron/dhcp/03f3537f-9514-4f9a-9ca7-82ff39c44733/opts
Jun 26 16:47:06 gtw01 haproxy-metadata-proxy-b23afd5e-6e51-4a9f-92f6-f1c82c1d6868[23213]: Proxy listener started.
Jun 26 16:47:07 gtw01 dnsmasq[22822]: read /var/lib/neutron/dhcp/03f3537f-9514-4f9a-9ca7-82ff39c44733/addn_hosts - 2 addresses
Jun 26 16:47:07 gtw01 dnsmasq-dhcp[22822]: read /var/lib/neutron/dhcp/03f3537f-9514-4f9a-9ca7-82ff39c44733/host
Jun 26 16:47:07 gtw01 dnsmasq-dhcp[22822]: read /var/lib/neutron/dhcp/03f3537f-9514-4f9a-9ca7-82ff39c44733/opts
Jun 26 16:47:07 gtw01 dnsmasq[23198]: read /var/lib/neutron/dhcp/b23afd5e-6e51-4a9f-92f6-f1c82c1d6868/addn_hosts - 1 addresses
Jun 26 16:47:07 gtw01 dnsmasq-dhcp[23198]: read /var/lib/neutron/dhcp/b23afd5e-6e51-4a9f-92f6-f1c82c1d6868/host
Jun 26 16:47:07 gtw01 dnsmasq-dhcp[23198]: read /var/lib/neutron/dhcp/b23afd5e-6e51-4a9f-92f6-f1c82c1d6868/opts
Jun 26 16:47:08 gtw01 dnsmasq[22432]: read /var/lib/neutron/dhcp/bc59398c-ddf2-4173-9f65-b9c20e034cae/addn_hosts - 4 addresses
Jun 26 16:47:08 gtw01 dnsmasq-dhcp[22432]: read /var/lib/neutron/dhcp/bc59398c-ddf2-4173-9f65-b9c20e034cae/host
Jun 26 16:47:08 gtw01 dnsmasq-dhcp[22432]: read /var/lib/neutron/dhcp/bc59398c-ddf2-4173-9f65-b9c20e034cae/opts
Jun 26 16:47:08 gtw01 dnsmasq[23320]: started, version 2.80 cachesize 150
Jun 26 16:47:08 gtw01 dnsmasq[23320]: DNS service limited to local subnets
Jun 26 16:47:08 gtw01 dnsmasq[23320]: compile time options: IPv6 GNU-getopt DBus i18n IDN DHCP DHCPv6 no-Lua TFTP conntrack ipset auth DNSSEC loop-detect inotify dumpfile
Jun 26 16:47:08 gtw01 dnsmasq[23320]: warning: no upstream servers configured
Jun 26 16:47:08 gtw01 dnsmasq-dhcp[23320]: DHCP, static leases only on 192.168.120.0, lease time 1h
Jun 26 16:47:08 gtw01 dnsmasq[23320]: read /var/lib/neutron/dhcp/a02ee8c1-705b-4a8f-b281-382751a1d168/addn_hosts - 1 addresses
Jun 26 16:47:09 gtw01 dnsmasq-dhcp[23320]: read /var/lib/neutron/dhcp/a02ee8c1-705b-4a8f-b281-382751a1d168/host
Jun 26 16:47:09 gtw01 dnsmasq-dhcp[23320]: read /var/lib/neutron/dhcp/a02ee8c1-705b-4a8f-b281-382751a1d168/opts
Jun 26 16:47:09 gtw01 dnsmasq[23198]: read /var/lib/neutron/dhcp/b23afd5e-6e51-4a9f-92f6-f1c82c1d6868/addn_hosts - 1 addresses
Jun 26 16:47:09 gtw01 dnsmasq-dhcp[23198]: read /var/lib/neutron/dhcp/b23afd5e-6e51-4a9f-92f6-f1c82c1d6868/host
Jun 26 16:47:09 gtw01 dnsmasq-dhcp[23198]: read /var/lib/neutron/dhcp/b23afd5e-6e51-4a9f-92f6-f1c82c1d6868/opts
Jun 26 16:47:09 gtw01 haproxy-metadata-proxy-a02ee8c1-705b-4a8f-b281-382751a1d168[23331]: Proxy listener started.
Jun 26 16:47:10 gtw01 dnsmasq[23198]: read /var/lib/neutron/dhcp/b23afd5e-6e51-4a9f-92f6-f1c82c1d6868/addn_hosts - 1 addresses
Jun 26 16:47:10 gtw01 dnsmasq-dhcp[23198]: read /var/lib/neutron/dhcp/b23afd5e-6e51-4a9f-92f6-f1c82c1d6868/host
Jun 26 16:47:10 gtw01 dnsmasq-dhcp[23198]: read /var/lib/neutron/dhcp/b23afd5e-6e51-4a9f-92f6-f1c82c1d6868/opts
Jun 26 16:47:10 gtw01 dnsmasq[23320]: read /var/lib/neutron/dhcp/a02ee8c1-705b-4a8f-b281-382751a1d168/addn_hosts - 2 addresses
Jun 26 16:47:10 gtw01 dnsmasq-dhcp[23320]: read /var/lib/neutron/dhcp/a02ee8c1-705b-4a8f-b281-382751a1d168/host
Jun 26 16:47:10 gtw01 dnsmasq-dhcp[23320]: read /var/lib/neutron/dhcp/a02ee8c1-705b-4a8f-b281-382751a1d168/opts
Jun 26 16:47:11 gtw01 dnsmasq[23320]: read /var/lib/neutron/dhcp/a02ee8c1-705b-4a8f-b281-382751a1d168/addn_hosts - 2 addresses
Jun 26 16:47:11 gtw01 dnsmasq-dhcp[23320]: read /var/lib/neutron/dhcp/a02ee8c1-705b-4a8f-b281-382751a1d168/host
Jun 26 16:47:11 gtw01 dnsmasq-dhcp[23320]: read /var/lib/neutron/dhcp/a02ee8c1-705b-4a8f-b281-382751a1d168/opts
Jun 26 16:47:12 gtw01 dnsmasq[23320]: read /var/lib/neutron/dhcp/a02ee8c1-705b-4a8f-b281-382751a1d168/addn_hosts - 2 addresses
Jun 26 16:47:12 gtw01 dnsmasq-dhcp[23320]: read /var/lib/neutron/dhcp/a02ee8c1-705b-4a8f-b281-382751a1d168/host
Jun 26 16:47:12 gtw01 dnsmasq-dhcp[23320]: read /var/lib/neutron/dhcp/a02ee8c1-705b-4a8f-b281-382751a1d168/opts
Jun 26 16:47:12 gtw01 dnsmasq[22822]: read /var/lib/neutron/dhcp/03f3537f-9514-4f9a-9ca7-82ff39c44733/addn_hosts - 1 addresses
Jun 26 16:47:12 gtw01 dnsmasq-dhcp[22822]: read /var/lib/neutron/dhcp/03f3537f-9514-4f9a-9ca7-82ff39c44733/host
Jun 26 16:47:12 gtw01 dnsmasq-dhcp[22822]: read /var/lib/neutron/dhcp/03f3537f-9514-4f9a-9ca7-82ff39c44733/opts
Jun 26 16:47:13 gtw01 dnsmasq[23320]: read /var/lib/neutron/dhcp/a02ee8c1-705b-4a8f-b281-382751a1d168/addn_hosts - 2 addresses
Jun 26 16:47:13 gtw01 dnsmasq-dhcp[23320]: read /var/lib/neutron/dhcp/a02ee8c1-705b-4a8f-b281-382751a1d168/host
Jun 26 16:47:13 gtw01 dnsmasq-dhcp[23320]: read /var/lib/neutron/dhcp/a02ee8c1-705b-4a8f-b281-382751a1d168/opts
Jun 26 16:47:13 gtw01 dnsmasq[23320]: read /var/lib/neutron/dhcp/a02ee8c1-705b-4a8f-b281-382751a1d168/addn_hosts - 2 addresses
Jun 26 16:47:13 gtw01 dnsmasq-dhcp[23320]: read /var/lib/neutron/dhcp/a02ee8c1-705b-4a8f-b281-382751a1d168/host
Jun 26 16:47:13 gtw01 dnsmasq-dhcp[23320]: read /var/lib/neutron/dhcp/a02ee8c1-705b-4a8f-b281-382751a1d168/opts
Jun 26 16:47:15 gtw01 dnsmasq[23320]: read /var/lib/neutron/dhcp/a02ee8c1-705b-4a8f-b281-382751a1d168/addn_hosts - 1 addresses
Jun 26 16:47:15 gtw01 dnsmasq-dhcp[23320]: read /var/lib/neutron/dhcp/a02ee8c1-705b-4a8f-b281-382751a1d168/host
Jun 26 16:47:15 gtw01 dnsmasq-dhcp[23320]: read /var/lib/neutron/dhcp/a02ee8c1-705b-4a8f-b281-382751a1d168/opts
Jun 26 16:47:16 gtw01 dnsmasq[23525]: started, version 2.80 cachesize 150
Jun 26 16:47:16 gtw01 dnsmasq[23525]: DNS service limited to local subnets
Jun 26 16:47:16 gtw01 dnsmasq[23525]: compile time options: IPv6 GNU-getopt DBus i18n IDN DHCP DHCPv6 no-Lua TFTP conntrack ipset auth DNSSEC loop-detect inotify dumpfile
Jun 26 16:47:16 gtw01 dnsmasq[23525]: warning: no upstream servers configured
Jun 26 16:47:16 gtw01 dnsmasq-dhcp[23525]: DHCP, static leases only on 192.168.120.0, lease time 1h
Jun 26 16:47:16 gtw01 dnsmasq-dhcp[23525]: DHCP, static leases only on 192.168.120.16, lease time 1h
Jun 26 16:47:16 gtw01 dnsmasq[23525]: read /var/lib/neutron/dhcp/b23afd5e-6e51-4a9f-92f6-f1c82c1d6868/addn_hosts - 2 addresses
Jun 26 16:47:16 gtw01 dnsmasq-dhcp[23525]: read /var/lib/neutron/dhcp/b23afd5e-6e51-4a9f-92f6-f1c82c1d6868/host
Jun 26 16:47:16 gtw01 dnsmasq-dhcp[23525]: read /var/lib/neutron/dhcp/b23afd5e-6e51-4a9f-92f6-f1c82c1d6868/opts
Jun 26 16:47:16 gtw01 dnsmasq[23525]: read /var/lib/neutron/dhcp/b23afd5e-6e51-4a9f-92f6-f1c82c1d6868/addn_hosts - 2 addresses
Jun 26 16:47:16 gtw01 dnsmasq-dhcp[23525]: read /var/lib/neutron/dhcp/b23afd5e-6e51-4a9f-92f6-f1c82c1d6868/host
Jun 26 16:47:16 gtw01 dnsmasq-dhcp[23525]: read /var/lib/neutron/dhcp/b23afd5e-6e51-4a9f-92f6-f1c82c1d6868/opts
Jun 26 16:47:17 gtw01 dnsmasq[22822]: read /var/lib/neutron/dhcp/03f3537f-9514-4f9a-9ca7-82ff39c44733/addn_hosts - 2 addresses
Jun 26 16:47:17 gtw01 dnsmasq-dhcp[22822]: read /var/lib/neutron/dhcp/03f3537f-9514-4f9a-9ca7-82ff39c44733/host
Jun 26 16:47:17 gtw01 dnsmasq-dhcp[22822]: read /var/lib/neutron/dhcp/03f3537f-9514-4f9a-9ca7-82ff39c44733/opts
Jun 26 16:47:18 gtw01 dnsmasq[22432]: read /var/lib/neutron/dhcp/bc59398c-ddf2-4173-9f65-b9c20e034cae/addn_hosts - 5 addresses
Jun 26 16:47:18 gtw01 dnsmasq-dhcp[22432]: read /var/lib/neutron/dhcp/bc59398c-ddf2-4173-9f65-b9c20e034cae/host
Jun 26 16:47:18 gtw01 dnsmasq-dhcp[22432]: read /var/lib/neutron/dhcp/bc59398c-ddf2-4173-9f65-b9c20e034cae/opts
Jun 26 16:47:18 gtw01 dnsmasq[22822]: read /var/lib/neutron/dhcp/03f3537f-9514-4f9a-9ca7-82ff39c44733/addn_hosts - 2 addresses
Jun 26 16:47:18 gtw01 dnsmasq-dhcp[22822]: read /var/lib/neutron/dhcp/03f3537f-9514-4f9a-9ca7-82ff39c44733/host
Jun 26 16:47:18 gtw01 dnsmasq-dhcp[22822]: read /var/lib/neutron/dhcp/03f3537f-9514-4f9a-9ca7-82ff39c44733/opts
Jun 26 16:47:19 gtw01 dnsmasq[22432]: read /var/lib/neutron/dhcp/bc59398c-ddf2-4173-9f65-b9c20e034cae/addn_hosts - 5 addresses
Jun 26 16:47:19 gtw01 dnsmasq-dhcp[22432]: read /var/lib/neutron/dhcp/bc59398c-ddf2-4173-9f65-b9c20e034cae/host
Jun 26 16:47:19 gtw01 dnsmasq-dhcp[22432]: read /var/lib/neutron/dhcp/bc59398c-ddf2-4173-9f65-b9c20e034cae/opts
Jun 26 16:47:22 gtw01 dnsmasq[23665]: started, version 2.80 cachesize 150
Jun 26 16:47:22 gtw01 dnsmasq[23665]: DNS service limited to local subnets
Jun 26 16:47:22 gtw01 dnsmasq[23665]: compile time options: IPv6 GNU-getopt DBus i18n IDN DHCP DHCPv6 no-Lua TFTP conntrack ipset auth DNSSEC loop-detect inotify dumpfile
Jun 26 16:47:22 gtw01 dnsmasq[23665]: warning: no upstream servers configured
Jun 26 16:47:22 gtw01 dnsmasq-dhcp[23665]: DHCP, static leases only on 192.168.120.0, lease time 1h
Jun 26 16:47:22 gtw01 dnsmasq-dhcp[23665]: DHCP, static leases only on 192.168.120.16, lease time 1h
Jun 26 16:47:22 gtw01 dnsmasq-dhcp[23665]: DHCP, static leases only on 192.168.120.32, lease time 1h
Jun 26 16:47:22 gtw01 dnsmasq[23665]: read /var/lib/neutron/dhcp/b23afd5e-6e51-4a9f-92f6-f1c82c1d6868/addn_hosts - 3 addresses
Jun 26 16:47:22 gtw01 dnsmasq-dhcp[23665]: read /var/lib/neutron/dhcp/b23afd5e-6e51-4a9f-92f6-f1c82c1d6868/host
Jun 26 16:47:22 gtw01 dnsmasq-dhcp[23665]: read /var/lib/neutron/dhcp/b23afd5e-6e51-4a9f-92f6-f1c82c1d6868/opts
Jun 26 16:47:22 gtw01 dnsmasq[22822]: read /var/lib/neutron/dhcp/03f3537f-9514-4f9a-9ca7-82ff39c44733/addn_hosts - 1 addresses
Jun 26 16:47:22 gtw01 dnsmasq-dhcp[22822]: read /var/lib/neutron/dhcp/03f3537f-9514-4f9a-9ca7-82ff39c44733/host
Jun 26 16:47:22 gtw01 dnsmasq-dhcp[22822]: read /var/lib/neutron/dhcp/03f3537f-9514-4f9a-9ca7-82ff39c44733/opts
Jun 26 16:47:22 gtw01 dnsmasq[23665]: read /var/lib/neutron/dhcp/b23afd5e-6e51-4a9f-92f6-f1c82c1d6868/addn_hosts - 3 addresses
Jun 26 16:47:22 gtw01 dnsmasq-dhcp[23665]: read /var/lib/neutron/dhcp/b23afd5e-6e51-4a9f-92f6-f1c82c1d6868/host
Jun 26 16:47:22 gtw01 dnsmasq-dhcp[23665]: read /var/lib/neutron/dhcp/b23afd5e-6e51-4a9f-92f6-f1c82c1d6868/opts
Jun 26 16:47:24 gtw01 dnsmasq[22822]: read /var/lib/neutron/dhcp/03f3537f-9514-4f9a-9ca7-82ff39c44733/addn_hosts - 2 addresses
Jun 26 16:47:24 gtw01 dnsmasq-dhcp[22822]: read /var/lib/neutron/dhcp/03f3537f-9514-4f9a-9ca7-82ff39c44733/host
Jun 26 16:47:24 gtw01 dnsmasq-dhcp[22822]: read /var/lib/neutron/dhcp/03f3537f-9514-4f9a-9ca7-82ff39c44733/opts
Jun 26 16:47:25 gtw01 dnsmasq[22822]: read /var/lib/neutron/dhcp/03f3537f-9514-4f9a-9ca7-82ff39c44733/addn_hosts - 2 addresses
Jun 26 16:47:25 gtw01 dnsmasq-dhcp[22822]: read /var/lib/neutron/dhcp/03f3537f-9514-4f9a-9ca7-82ff39c44733/host
Jun 26 16:47:25 gtw01 dnsmasq-dhcp[22822]: read /var/lib/neutron/dhcp/03f3537f-9514-4f9a-9ca7-82ff39c44733/opts
Jun 26 16:47:26 gtw01 dnsmasq[23781]: started, version 2.80 cachesize 150
Jun 26 16:47:26 gtw01 dnsmasq[23781]: DNS service limited to local subnets
Jun 26 16:47:26 gtw01 dnsmasq[23781]: compile time options: IPv6 GNU-getopt DBus i18n IDN DHCP DHCPv6 no-Lua TFTP conntrack ipset auth DNSSEC loop-detect inotify dumpfile
Jun 26 16:47:26 gtw01 dnsmasq[23781]: warning: no upstream servers configured
Jun 26 16:47:26 gtw01 dnsmasq-dhcp[23781]: DHCP, static leases only on 192.168.120.0, lease time 1h
Jun 26 16:47:26 gtw01 dnsmasq-dhcp[23781]: DHCP, static leases only on 192.168.120.16, lease time 1h
Jun 26 16:47:26 gtw01 dnsmasq[23781]: read /var/lib/neutron/dhcp/b23afd5e-6e51-4a9f-92f6-f1c82c1d6868/addn_hosts - 2 addresses
Jun 26 16:47:26 gtw01 dnsmasq-dhcp[23781]: read /var/lib/neutron/dhcp/b23afd5e-6e51-4a9f-92f6-f1c82c1d6868/host
Jun 26 16:47:26 gtw01 dnsmasq-dhcp[23781]: read /var/lib/neutron/dhcp/b23afd5e-6e51-4a9f-92f6-f1c82c1d6868/opts
Jun 26 16:47:28 gtw01 dnsmasq[23827]: started, version 2.80 cachesize 150
Jun 26 16:47:28 gtw01 dnsmasq[23827]: DNS service limited to local subnets
Jun 26 16:47:28 gtw01 dnsmasq[23827]: compile time options: IPv6 GNU-getopt DBus i18n IDN DHCP DHCPv6 no-Lua TFTP conntrack ipset auth DNSSEC loop-detect inotify dumpfile
Jun 26 16:47:28 gtw01 dnsmasq[23827]: warning: no upstream servers configured
Jun 26 16:47:28 gtw01 dnsmasq-dhcp[23827]: DHCP, static leases only on 192.168.120.0, lease time 1h
Jun 26 16:47:28 gtw01 dnsmasq-dhcp[23827]: DHCP, static leases only on 192.168.120.16, lease time 1h
Jun 26 16:47:28 gtw01 dnsmasq[23827]: read /var/lib/neutron/dhcp/b23afd5e-6e51-4a9f-92f6-f1c82c1d6868/addn_hosts - 2 addresses
Jun 26 16:47:28 gtw01 dnsmasq-dhcp[23827]: read /var/lib/neutron/dhcp/b23afd5e-6e51-4a9f-92f6-f1c82c1d6868/host
Jun 26 16:47:28 gtw01 dnsmasq-dhcp[23827]: read /var/lib/neutron/dhcp/b23afd5e-6e51-4a9f-92f6-f1c82c1d6868/opts
Jun 26 16:47:29 gtw01 dnsmasq[22432]: read /var/lib/neutron/dhcp/bc59398c-ddf2-4173-9f65-b9c20e034cae/addn_hosts - 6 addresses
Jun 26 16:47:29 gtw01 dnsmasq-dhcp[22432]: read /var/lib/neutron/dhcp/bc59398c-ddf2-4173-9f65-b9c20e034cae/host
Jun 26 16:47:29 gtw01 dnsmasq-dhcp[22432]: read /var/lib/neutron/dhcp/bc59398c-ddf2-4173-9f65-b9c20e034cae/opts
Jun 26 16:47:30 gtw01 dnsmasq[22822]: read /var/lib/neutron/dhcp/03f3537f-9514-4f9a-9ca7-82ff39c44733/addn_hosts - 1 addresses
Jun 26 16:47:30 gtw01 dnsmasq-dhcp[22822]: read /var/lib/neutron/dhcp/03f3537f-9514-4f9a-9ca7-82ff39c44733/host
Jun 26 16:47:30 gtw01 dnsmasq-dhcp[22822]: read /var/lib/neutron/dhcp/03f3537f-9514-4f9a-9ca7-82ff39c44733/opts
Jun 26 16:47:34 gtw01 dnsmasq[22432]: read /var/lib/neutron/dhcp/bc59398c-ddf2-4173-9f65-b9c20e034cae/addn_hosts - 7 addresses
Jun 26 16:47:34 gtw01 dnsmasq-dhcp[22432]: read /var/lib/neutron/dhcp/bc59398c-ddf2-4173-9f65-b9c20e034cae/host
Jun 26 16:47:34 gtw01 dnsmasq-dhcp[22432]: read /var/lib/neutron/dhcp/bc59398c-ddf2-4173-9f65-b9c20e034cae/opts
Jun 26 16:47:35 gtw01 dnsmasq[22822]: read /var/lib/neutron/dhcp/03f3537f-9514-4f9a-9ca7-82ff39c44733/addn_hosts - 2 addresses
Jun 26 16:47:35 gtw01 dnsmasq-dhcp[22822]: read /var/lib/neutron/dhcp/03f3537f-9514-4f9a-9ca7-82ff39c44733/host
Jun 26 16:47:35 gtw01 dnsmasq-dhcp[22822]: read /var/lib/neutron/dhcp/03f3537f-9514-4f9a-9ca7-82ff39c44733/opts
Jun 26 16:47:36 gtw01 dnsmasq[22822]: read /var/lib/neutron/dhcp/03f3537f-9514-4f9a-9ca7-82ff39c44733/addn_hosts - 2 addresses
Jun 26 16:47:36 gtw01 dnsmasq-dhcp[22822]: read /var/lib/neutron/dhcp/03f3537f-9514-4f9a-9ca7-82ff39c44733/host
Jun 26 16:47:36 gtw01 dnsmasq-dhcp[22822]: read /var/lib/neutron/dhcp/03f3537f-9514-4f9a-9ca7-82ff39c44733/opts
Jun 26 16:47:37 gtw01 dnsmasq[22957]: read /var/lib/neutron/dhcp/d15dd9d9-f4e0-4df5-aa0d-ccee5bd5efb9/addn_hosts - 2 addresses
Jun 26 16:47:37 gtw01 dnsmasq-dhcp[22957]: read /var/lib/neutron/dhcp/d15dd9d9-f4e0-4df5-aa0d-ccee5bd5efb9/host
Jun 26 16:47:37 gtw01 dnsmasq-dhcp[22957]: read /var/lib/neutron/dhcp/d15dd9d9-f4e0-4df5-aa0d-ccee5bd5efb9/opts
Jun 26 16:47:39 gtw01 dnsmasq[22432]: read /var/lib/neutron/dhcp/bc59398c-ddf2-4173-9f65-b9c20e034cae/addn_hosts - 9 addresses
Jun 26 16:47:39 gtw01 dnsmasq-dhcp[22432]: read /var/lib/neutron/dhcp/bc59398c-ddf2-4173-9f65-b9c20e034cae/host
Jun 26 16:47:39 gtw01 dnsmasq-dhcp[22432]: read /var/lib/neutron/dhcp/bc59398c-ddf2-4173-9f65-b9c20e034cae/opts
Jun 26 16:47:40 gtw01 dnsmasq[23827]: read /var/lib/neutron/dhcp/b23afd5e-6e51-4a9f-92f6-f1c82c1d6868/addn_hosts - 2 addresses
Jun 26 16:47:40 gtw01 dnsmasq-dhcp[23827]: read /var/lib/neutron/dhcp/b23afd5e-6e51-4a9f-92f6-f1c82c1d6868/host
Jun 26 16:47:40 gtw01 dnsmasq-dhcp[23827]: read /var/lib/neutron/dhcp/b23afd5e-6e51-4a9f-92f6-f1c82c1d6868/opts
Jun 26 16:47:41 gtw01 dnsmasq[22822]: read /var/lib/neutron/dhcp/03f3537f-9514-4f9a-9ca7-82ff39c44733/addn_hosts - 1 addresses
Jun 26 16:47:41 gtw01 dnsmasq-dhcp[22822]: read /var/lib/neutron/dhcp/03f3537f-9514-4f9a-9ca7-82ff39c44733/host
Jun 26 16:47:41 gtw01 dnsmasq-dhcp[22822]: read /var/lib/neutron/dhcp/03f3537f-9514-4f9a-9ca7-82ff39c44733/opts
Jun 26 16:47:42 gtw01 dnsmasq[22957]: read /var/lib/neutron/dhcp/d15dd9d9-f4e0-4df5-aa0d-ccee5bd5efb9/addn_hosts - 1 addresses
Jun 26 16:47:42 gtw01 dnsmasq-dhcp[22957]: read /var/lib/neutron/dhcp/d15dd9d9-f4e0-4df5-aa0d-ccee5bd5efb9/host
Jun 26 16:47:42 gtw01 dnsmasq-dhcp[22957]: read /var/lib/neutron/dhcp/d15dd9d9-f4e0-4df5-aa0d-ccee5bd5efb9/opts
Jun 26 16:47:43 gtw01 dnsmasq[22822]: read /var/lib/neutron/dhcp/03f3537f-9514-4f9a-9ca7-82ff39c44733/addn_hosts - 2 addresses
Jun 26 16:47:43 gtw01 dnsmasq-dhcp[22822]: read /var/lib/neutron/dhcp/03f3537f-9514-4f9a-9ca7-82ff39c44733/host
Jun 26 16:47:43 gtw01 dnsmasq-dhcp[22822]: read /var/lib/neutron/dhcp/03f3537f-9514-4f9a-9ca7-82ff39c44733/opts
Jun 26 16:47:44 gtw01 dnsmasq[22432]: read /var/lib/neutron/dhcp/bc59398c-ddf2-4173-9f65-b9c20e034cae/addn_hosts - 10 addresses
Jun 26 16:47:44 gtw01 dnsmasq-dhcp[22432]: read /var/lib/neutron/dhcp/bc59398c-ddf2-4173-9f65-b9c20e034cae/host
Jun 26 16:47:44 gtw01 dnsmasq-dhcp[22432]: read /var/lib/neutron/dhcp/bc59398c-ddf2-4173-9f65-b9c20e034cae/opts
Jun 26 16:47:44 gtw01 dnsmasq[22822]: read /var/lib/neutron/dhcp/03f3537f-9514-4f9a-9ca7-82ff39c44733/addn_hosts - 2 addresses
Jun 26 16:47:44 gtw01 dnsmasq-dhcp[22822]: read /var/lib/neutron/dhcp/03f3537f-9514-4f9a-9ca7-82ff39c44733/host
Jun 26 16:47:44 gtw01 dnsmasq-dhcp[22822]: read /var/lib/neutron/dhcp/03f3537f-9514-4f9a-9ca7-82ff39c44733/opts
Jun 26 16:47:46 gtw01 dnsmasq[22957]: read /var/lib/neutron/dhcp/d15dd9d9-f4e0-4df5-aa0d-ccee5bd5efb9/addn_hosts - 2 addresses
Jun 26 16:47:46 gtw01 dnsmasq-dhcp[22957]: read /var/lib/neutron/dhcp/d15dd9d9-f4e0-4df5-aa0d-ccee5bd5efb9/host
Jun 26 16:47:46 gtw01 dnsmasq-dhcp[22957]: read /var/lib/neutron/dhcp/d15dd9d9-f4e0-4df5-aa0d-ccee5bd5efb9/opts
Jun 26 16:47:47 gtw01 dnsmasq[22432]: read /var/lib/neutron/dhcp/bc59398c-ddf2-4173-9f65-b9c20e034cae/addn_hosts - 11 addresses
Jun 26 16:47:47 gtw01 dnsmasq-dhcp[22432]: read /var/lib/neutron/dhcp/bc59398c-ddf2-4173-9f65-b9c20e034cae/host
Jun 26 16:47:47 gtw01 dnsmasq-dhcp[22432]: read /var/lib/neutron/dhcp/bc59398c-ddf2-4173-9f65-b9c20e034cae/opts
Jun 26 16:47:48 gtw01 dnsmasq[24119]: started, version 2.80 cachesize 150
Jun 26 16:47:48 gtw01 dnsmasq[24119]: DNS service limited to local subnets
Jun 26 16:47:48 gtw01 dnsmasq[24119]: compile time options: IPv6 GNU-getopt DBus i18n IDN DHCP DHCPv6 no-Lua TFTP conntrack ipset auth DNSSEC loop-detect inotify dumpfile
Jun 26 16:47:48 gtw01 dnsmasq[24119]: warning: no upstream servers configured
Jun 26 16:47:48 gtw01 dnsmasq-dhcp[24119]: DHCP, static leases only on 192.168.120.0, lease time 1h
Jun 26 16:47:48 gtw01 dnsmasq[24119]: read /var/lib/neutron/dhcp/b23afd5e-6e51-4a9f-92f6-f1c82c1d6868/addn_hosts - 1 addresses
Jun 26 16:47:48 gtw01 dnsmasq-dhcp[24119]: read /var/lib/neutron/dhcp/b23afd5e-6e51-4a9f-92f6-f1c82c1d6868/host
Jun 26 16:47:48 gtw01 dnsmasq-dhcp[24119]: read /var/lib/neutron/dhcp/b23afd5e-6e51-4a9f-92f6-f1c82c1d6868/opts
Jun 26 16:47:48 gtw01 kernel: [10541.412479] device tapb0a854eb-25 left promiscuous mode
Jun 26 16:47:49 gtw01 dnsmasq[22822]: read /var/lib/neutron/dhcp/03f3537f-9514-4f9a-9ca7-82ff39c44733/addn_hosts - 1 addresses
Jun 26 16:47:49 gtw01 dnsmasq-dhcp[22822]: read /var/lib/neutron/dhcp/03f3537f-9514-4f9a-9ca7-82ff39c44733/host
Jun 26 16:47:49 gtw01 dnsmasq-dhcp[22822]: read /var/lib/neutron/dhcp/03f3537f-9514-4f9a-9ca7-82ff39c44733/opts
Jun 26 16:47:49 gtw01 dnsmasq[22957]: read /var/lib/neutron/dhcp/d15dd9d9-f4e0-4df5-aa0d-ccee5bd5efb9/addn_hosts - 1 addresses
Jun 26 16:47:49 gtw01 dnsmasq-dhcp[22957]: read /var/lib/neutron/dhcp/d15dd9d9-f4e0-4df5-aa0d-ccee5bd5efb9/host
Jun 26 16:47:49 gtw01 dnsmasq-dhcp[22957]: read /var/lib/neutron/dhcp/d15dd9d9-f4e0-4df5-aa0d-ccee5bd5efb9/opts
Jun 26 16:47:50 gtw01 dnsmasq[22432]: read /var/lib/neutron/dhcp/bc59398c-ddf2-4173-9f65-b9c20e034cae/addn_hosts - 12 addresses
Jun 26 16:47:50 gtw01 dnsmasq-dhcp[22432]: read /var/lib/neutron/dhcp/bc59398c-ddf2-4173-9f65-b9c20e034cae/host
Jun 26 16:47:50 gtw01 dnsmasq-dhcp[22432]: read /var/lib/neutron/dhcp/bc59398c-ddf2-4173-9f65-b9c20e034cae/opts
Jun 26 16:47:52 gtw01 kernel: [10544.863989] device tapc45476b5-d8 left promiscuous mode
Jun 26 16:47:52 gtw01 dnsmasq[22432]: read /var/lib/neutron/dhcp/bc59398c-ddf2-4173-9f65-b9c20e034cae/addn_hosts - 11 addresses
Jun 26 16:47:52 gtw01 dnsmasq-dhcp[22432]: read /var/lib/neutron/dhcp/bc59398c-ddf2-4173-9f65-b9c20e034cae/host
Jun 26 16:47:52 gtw01 dnsmasq-dhcp[22432]: read /var/lib/neutron/dhcp/bc59398c-ddf2-4173-9f65-b9c20e034cae/opts
Jun 26 16:47:56 gtw01 dnsmasq[22432]: read /var/lib/neutron/dhcp/bc59398c-ddf2-4173-9f65-b9c20e034cae/addn_hosts - 12 addresses
Jun 26 16:47:56 gtw01 dnsmasq-dhcp[22432]: read /var/lib/neutron/dhcp/bc59398c-ddf2-4173-9f65-b9c20e034cae/host
Jun 26 16:47:56 gtw01 dnsmasq-dhcp[22432]: read /var/lib/neutron/dhcp/bc59398c-ddf2-4173-9f65-b9c20e034cae/opts
Jun 26 16:47:56 gtw01 kernel: [10549.619456] device tap38696a04-3e entered promiscuous mode
Jun 26 16:47:56 gtw01 systemd-udevd[24250]: Could not generate persistent MAC address for tap38696a04-3e: No such file or directory
Jun 26 16:47:56 gtw01 dnsmasq[22432]: read /var/lib/neutron/dhcp/bc59398c-ddf2-4173-9f65-b9c20e034cae/addn_hosts - 12 addresses
Jun 26 16:47:56 gtw01 dnsmasq-dhcp[22432]: read /var/lib/neutron/dhcp/bc59398c-ddf2-4173-9f65-b9c20e034cae/host
Jun 26 16:47:56 gtw01 dnsmasq-dhcp[22432]: read /var/lib/neutron/dhcp/bc59398c-ddf2-4173-9f65-b9c20e034cae/opts
Jun 26 16:47:57 gtw01 systemd-udevd[24250]: Process '/sbin/ip link set tap38696a04-3e txqueuelen 10000' failed with exit code 1.
Jun 26 16:47:57 gtw01 systemd-udevd[24250]: Process '/sbin/ip link set tap38696a04-3e txqueuelen 10000' failed with exit code 1.
Jun 26 16:47:58 gtw01 dnsmasq[22432]: read /var/lib/neutron/dhcp/bc59398c-ddf2-4173-9f65-b9c20e034cae/addn_hosts - 13 addresses
Jun 26 16:47:58 gtw01 dnsmasq-dhcp[22432]: read /var/lib/neutron/dhcp/bc59398c-ddf2-4173-9f65-b9c20e034cae/host
Jun 26 16:47:58 gtw01 dnsmasq-dhcp[22432]: read /var/lib/neutron/dhcp/bc59398c-ddf2-4173-9f65-b9c20e034cae/opts
Jun 26 16:47:59 gtw01 dnsmasq[24409]: started, version 2.80 cachesize 150
Jun 26 16:47:59 gtw01 dnsmasq[24409]: DNS service limited to local subnets
Jun 26 16:47:59 gtw01 dnsmasq[24409]: compile time options: IPv6 GNU-getopt DBus i18n IDN DHCP DHCPv6 no-Lua TFTP conntrack ipset auth DNSSEC loop-detect inotify dumpfile
Jun 26 16:47:59 gtw01 dnsmasq[24409]: warning: no upstream servers configured
Jun 26 16:47:59 gtw01 dnsmasq-dhcp[24409]: DHCP, static leases only on 192.168.120.0, lease time 1h
Jun 26 16:47:59 gtw01 dnsmasq[24409]: read /var/lib/neutron/dhcp/c6522fe5-5ba8-435e-8a94-b6ac48bc9014/addn_hosts - 1 addresses
Jun 26 16:47:59 gtw01 dnsmasq-dhcp[24409]: read /var/lib/neutron/dhcp/c6522fe5-5ba8-435e-8a94-b6ac48bc9014/host
Jun 26 16:47:59 gtw01 dnsmasq-dhcp[24409]: read /var/lib/neutron/dhcp/c6522fe5-5ba8-435e-8a94-b6ac48bc9014/opts
Jun 26 16:48:00 gtw01 haproxy-metadata-proxy-c6522fe5-5ba8-435e-8a94-b6ac48bc9014[24413]: Proxy listener started.
Jun 26 16:48:00 gtw01 dnsmasq[24409]: read /var/lib/neutron/dhcp/c6522fe5-5ba8-435e-8a94-b6ac48bc9014/addn_hosts - 1 addresses
Jun 26 16:48:00 gtw01 dnsmasq-dhcp[24409]: read /var/lib/neutron/dhcp/c6522fe5-5ba8-435e-8a94-b6ac48bc9014/host
Jun 26 16:48:00 gtw01 dnsmasq-dhcp[24409]: read /var/lib/neutron/dhcp/c6522fe5-5ba8-435e-8a94-b6ac48bc9014/opts
Jun 26 16:48:01 gtw01 dnsmasq[24409]: read /var/lib/neutron/dhcp/c6522fe5-5ba8-435e-8a94-b6ac48bc9014/addn_hosts - 1 addresses
Jun 26 16:48:01 gtw01 dnsmasq-dhcp[24409]: read /var/lib/neutron/dhcp/c6522fe5-5ba8-435e-8a94-b6ac48bc9014/host
Jun 26 16:48:01 gtw01 dnsmasq-dhcp[24409]: read /var/lib/neutron/dhcp/c6522fe5-5ba8-435e-8a94-b6ac48bc9014/opts
Jun 26 16:48:02 gtw01 dnsmasq[24409]: read /var/lib/neutron/dhcp/c6522fe5-5ba8-435e-8a94-b6ac48bc9014/addn_hosts - 2 addresses
Jun 26 16:48:02 gtw01 dnsmasq-dhcp[24409]: read /var/lib/neutron/dhcp/c6522fe5-5ba8-435e-8a94-b6ac48bc9014/host
Jun 26 16:48:02 gtw01 dnsmasq-dhcp[24409]: read /var/lib/neutron/dhcp/c6522fe5-5ba8-435e-8a94-b6ac48bc9014/opts
Jun 26 16:48:03 gtw01 dnsmasq[24409]: read /var/lib/neutron/dhcp/c6522fe5-5ba8-435e-8a94-b6ac48bc9014/addn_hosts - 2 addresses
Jun 26 16:48:03 gtw01 dnsmasq-dhcp[24409]: read /var/lib/neutron/dhcp/c6522fe5-5ba8-435e-8a94-b6ac48bc9014/host
Jun 26 16:48:03 gtw01 dnsmasq-dhcp[24409]: read /var/lib/neutron/dhcp/c6522fe5-5ba8-435e-8a94-b6ac48bc9014/opts
Jun 26 16:48:03 gtw01 dnsmasq[22432]: read /var/lib/neutron/dhcp/bc59398c-ddf2-4173-9f65-b9c20e034cae/addn_hosts - 13 addresses
Jun 26 16:48:03 gtw01 dnsmasq-dhcp[22432]: read /var/lib/neutron/dhcp/bc59398c-ddf2-4173-9f65-b9c20e034cae/host
Jun 26 16:48:03 gtw01 dnsmasq-dhcp[22432]: read /var/lib/neutron/dhcp/bc59398c-ddf2-4173-9f65-b9c20e034cae/opts
Jun 26 16:48:04 gtw01 dnsmasq[24409]: read /var/lib/neutron/dhcp/c6522fe5-5ba8-435e-8a94-b6ac48bc9014/addn_hosts - 2 addresses
Jun 26 16:48:04 gtw01 dnsmasq-dhcp[24409]: read /var/lib/neutron/dhcp/c6522fe5-5ba8-435e-8a94-b6ac48bc9014/host
Jun 26 16:48:04 gtw01 dnsmasq-dhcp[24409]: read /var/lib/neutron/dhcp/c6522fe5-5ba8-435e-8a94-b6ac48bc9014/opts
Jun 26 16:48:04 gtw01 dnsmasq[22432]: read /var/lib/neutron/dhcp/bc59398c-ddf2-4173-9f65-b9c20e034cae/addn_hosts - 13 addresses
Jun 26 16:48:04 gtw01 dnsmasq-dhcp[22432]: read /var/lib/neutron/dhcp/bc59398c-ddf2-4173-9f65-b9c20e034cae/host
Jun 26 16:48:04 gtw01 dnsmasq-dhcp[22432]: read /var/lib/neutron/dhcp/bc59398c-ddf2-4173-9f65-b9c20e034cae/opts
Jun 26 16:48:05 gtw01 dnsmasq[24409]: read /var/lib/neutron/dhcp/c6522fe5-5ba8-435e-8a94-b6ac48bc9014/addn_hosts - 1 addresses
Jun 26 16:48:05 gtw01 dnsmasq-dhcp[24409]: read /var/lib/neutron/dhcp/c6522fe5-5ba8-435e-8a94-b6ac48bc9014/host
Jun 26 16:48:05 gtw01 dnsmasq-dhcp[24409]: read /var/lib/neutron/dhcp/c6522fe5-5ba8-435e-8a94-b6ac48bc9014/opts
Jun 26 16:48:06 gtw01 dnsmasq[22432]: read /var/lib/neutron/dhcp/bc59398c-ddf2-4173-9f65-b9c20e034cae/addn_hosts - 14 addresses
Jun 26 16:48:06 gtw01 dnsmasq-dhcp[22432]: read /var/lib/neutron/dhcp/bc59398c-ddf2-4173-9f65-b9c20e034cae/host
Jun 26 16:48:06 gtw01 dnsmasq-dhcp[22432]: read /var/lib/neutron/dhcp/bc59398c-ddf2-4173-9f65-b9c20e034cae/opts
Jun 26 16:48:07 gtw01 dnsmasq[22432]: read /var/lib/neutron/dhcp/bc59398c-ddf2-4173-9f65-b9c20e034cae/addn_hosts - 14 addresses
Jun 26 16:48:07 gtw01 dnsmasq-dhcp[22432]: read /var/lib/neutron/dhcp/bc59398c-ddf2-4173-9f65-b9c20e034cae/host
Jun 26 16:48:07 gtw01 dnsmasq-dhcp[22432]: read /var/lib/neutron/dhcp/bc59398c-ddf2-4173-9f65-b9c20e034cae/opts
Jun 26 16:48:08 gtw01 dnsmasq[22432]: read /var/lib/neutron/dhcp/bc59398c-ddf2-4173-9f65-b9c20e034cae/addn_hosts - 15 addresses
Jun 26 16:48:08 gtw01 dnsmasq-dhcp[22432]: read /var/lib/neutron/dhcp/bc59398c-ddf2-4173-9f65-b9c20e034cae/host
Jun 26 16:48:08 gtw01 dnsmasq-dhcp[22432]: read /var/lib/neutron/dhcp/bc59398c-ddf2-4173-9f65-b9c20e034cae/opts
Jun 26 16:48:09 gtw01 dnsmasq[22432]: read /var/lib/neutron/dhcp/bc59398c-ddf2-4173-9f65-b9c20e034cae/addn_hosts - 15 addresses
Jun 26 16:48:09 gtw01 dnsmasq-dhcp[22432]: read /var/lib/neutron/dhcp/bc59398c-ddf2-4173-9f65-b9c20e034cae/host
Jun 26 16:48:09 gtw01 dnsmasq-dhcp[22432]: read /var/lib/neutron/dhcp/bc59398c-ddf2-4173-9f65-b9c20e034cae/opts
Jun 26 16:48:10 gtw01 dnsmasq[22432]: read /var/lib/neutron/dhcp/bc59398c-ddf2-4173-9f65-b9c20e034cae/addn_hosts - 15 addresses
Jun 26 16:48:10 gtw01 dnsmasq-dhcp[22432]: read /var/lib/neutron/dhcp/bc59398c-ddf2-4173-9f65-b9c20e034cae/host
Jun 26 16:48:10 gtw01 dnsmasq-dhcp[22432]: read /var/lib/neutron/dhcp/bc59398c-ddf2-4173-9f65-b9c20e034cae/opts
Jun 26 16:48:11 gtw01 dnsmasq[22957]: read /var/lib/neutron/dhcp/d15dd9d9-f4e0-4df5-aa0d-ccee5bd5efb9/addn_hosts - 2 addresses
Jun 26 16:48:11 gtw01 dnsmasq-dhcp[22957]: read /var/lib/neutron/dhcp/d15dd9d9-f4e0-4df5-aa0d-ccee5bd5efb9/host
Jun 26 16:48:11 gtw01 dnsmasq-dhcp[22957]: read /var/lib/neutron/dhcp/d15dd9d9-f4e0-4df5-aa0d-ccee5bd5efb9/opts
Jun 26 16:48:11 gtw01 dnsmasq[22432]: read /var/lib/neutron/dhcp/bc59398c-ddf2-4173-9f65-b9c20e034cae/addn_hosts - 15 addresses
Jun 26 16:48:11 gtw01 dnsmasq-dhcp[22432]: read /var/lib/neutron/dhcp/bc59398c-ddf2-4173-9f65-b9c20e034cae/host
Jun 26 16:48:11 gtw01 dnsmasq-dhcp[22432]: read /var/lib/neutron/dhcp/bc59398c-ddf2-4173-9f65-b9c20e034cae/opts
Jun 26 16:48:12 gtw01 dnsmasq[22432]: read /var/lib/neutron/dhcp/bc59398c-ddf2-4173-9f65-b9c20e034cae/addn_hosts - 16 addresses
Jun 26 16:48:12 gtw01 dnsmasq-dhcp[22432]: read /var/lib/neutron/dhcp/bc59398c-ddf2-4173-9f65-b9c20e034cae/host
Jun 26 16:48:12 gtw01 dnsmasq-dhcp[22432]: read /var/lib/neutron/dhcp/bc59398c-ddf2-4173-9f65-b9c20e034cae/opts
Jun 26 16:48:13 gtw01 dnsmasq[22957]: read /var/lib/neutron/dhcp/d15dd9d9-f4e0-4df5-aa0d-ccee5bd5efb9/addn_hosts - 1 addresses
Jun 26 16:48:13 gtw01 dnsmasq-dhcp[22957]: read /var/lib/neutron/dhcp/d15dd9d9-f4e0-4df5-aa0d-ccee5bd5efb9/host
Jun 26 16:48:13 gtw01 dnsmasq-dhcp[22957]: read /var/lib/neutron/dhcp/d15dd9d9-f4e0-4df5-aa0d-ccee5bd5efb9/opts
Jun 26 16:48:13 gtw01 dnsmasq[22432]: read /var/lib/neutron/dhcp/bc59398c-ddf2-4173-9f65-b9c20e034cae/addn_hosts - 16 addresses
Jun 26 16:48:13 gtw01 dnsmasq-dhcp[22432]: read /var/lib/neutron/dhcp/bc59398c-ddf2-4173-9f65-b9c20e034cae/host
Jun 26 16:48:13 gtw01 dnsmasq-dhcp[22432]: read /var/lib/neutron/dhcp/bc59398c-ddf2-4173-9f65-b9c20e034cae/opts
Jun 26 16:48:15 gtw01 dnsmasq[22432]: read /var/lib/neutron/dhcp/bc59398c-ddf2-4173-9f65-b9c20e034cae/addn_hosts - 16 addresses
Jun 26 16:48:15 gtw01 dnsmasq-dhcp[22432]: read /var/lib/neutron/dhcp/bc59398c-ddf2-4173-9f65-b9c20e034cae/host
Jun 26 16:48:15 gtw01 dnsmasq-dhcp[22432]: read /var/lib/neutron/dhcp/bc59398c-ddf2-4173-9f65-b9c20e034cae/opts
Jun 26 16:48:15 gtw01 dnsmasq[22957]: read /var/lib/neutron/dhcp/d15dd9d9-f4e0-4df5-aa0d-ccee5bd5efb9/addn_hosts - 2 addresses
Jun 26 16:48:15 gtw01 dnsmasq-dhcp[22957]: read /var/lib/neutron/dhcp/d15dd9d9-f4e0-4df5-aa0d-ccee5bd5efb9/host
Jun 26 16:48:15 gtw01 dnsmasq-dhcp[22957]: read /var/lib/neutron/dhcp/d15dd9d9-f4e0-4df5-aa0d-ccee5bd5efb9/opts
Jun 26 16:48:16 gtw01 dnsmasq[22432]: read /var/lib/neutron/dhcp/bc59398c-ddf2-4173-9f65-b9c20e034cae/addn_hosts - 16 addresses
Jun 26 16:48:16 gtw01 dnsmasq-dhcp[22432]: read /var/lib/neutron/dhcp/bc59398c-ddf2-4173-9f65-b9c20e034cae/host
Jun 26 16:48:16 gtw01 dnsmasq-dhcp[22432]: read /var/lib/neutron/dhcp/bc59398c-ddf2-4173-9f65-b9c20e034cae/opts
Jun 26 16:48:17 gtw01 dnsmasq[22432]: read /var/lib/neutron/dhcp/bc59398c-ddf2-4173-9f65-b9c20e034cae/addn_hosts - 17 addresses
Jun 26 16:48:17 gtw01 dnsmasq-dhcp[22432]: read /var/lib/neutron/dhcp/bc59398c-ddf2-4173-9f65-b9c20e034cae/host
Jun 26 16:48:17 gtw01 dnsmasq-dhcp[22432]: read /var/lib/neutron/dhcp/bc59398c-ddf2-4173-9f65-b9c20e034cae/opts
Jun 26 16:48:18 gtw01 dnsmasq[22957]: read /var/lib/neutron/dhcp/d15dd9d9-f4e0-4df5-aa0d-ccee5bd5efb9/addn_hosts - 1 addresses
Jun 26 16:48:18 gtw01 dnsmasq-dhcp[22957]: read /var/lib/neutron/dhcp/d15dd9d9-f4e0-4df5-aa0d-ccee5bd5efb9/host
Jun 26 16:48:18 gtw01 dnsmasq-dhcp[22957]: read /var/lib/neutron/dhcp/d15dd9d9-f4e0-4df5-aa0d-ccee5bd5efb9/opts
Jun 26 16:48:18 gtw01 dnsmasq[22432]: read /var/lib/neutron/dhcp/bc59398c-ddf2-4173-9f65-b9c20e034cae/addn_hosts - 17 addresses
Jun 26 16:48:18 gtw01 dnsmasq-dhcp[22432]: read /var/lib/neutron/dhcp/bc59398c-ddf2-4173-9f65-b9c20e034cae/host
Jun 26 16:48:18 gtw01 dnsmasq-dhcp[22432]: read /var/lib/neutron/dhcp/bc59398c-ddf2-4173-9f65-b9c20e034cae/opts
Jun 26 16:48:20 gtw01 dnsmasq[22432]: read /var/lib/neutron/dhcp/bc59398c-ddf2-4173-9f65-b9c20e034cae/addn_hosts - 17 addresses
Jun 26 16:48:20 gtw01 dnsmasq-dhcp[22432]: read /var/lib/neutron/dhcp/bc59398c-ddf2-4173-9f65-b9c20e034cae/host
Jun 26 16:48:20 gtw01 dnsmasq-dhcp[22432]: read /var/lib/neutron/dhcp/bc59398c-ddf2-4173-9f65-b9c20e034cae/opts
Jun 26 16:48:21 gtw01 dnsmasq[22432]: read /var/lib/neutron/dhcp/bc59398c-ddf2-4173-9f65-b9c20e034cae/addn_hosts - 17 addresses
Jun 26 16:48:21 gtw01 dnsmasq-dhcp[22432]: read /var/lib/neutron/dhcp/bc59398c-ddf2-4173-9f65-b9c20e034cae/host
Jun 26 16:48:21 gtw01 dnsmasq-dhcp[22432]: read /var/lib/neutron/dhcp/bc59398c-ddf2-4173-9f65-b9c20e034cae/opts
Jun 26 16:48:22 gtw01 dnsmasq[22957]: read /var/lib/neutron/dhcp/d15dd9d9-f4e0-4df5-aa0d-ccee5bd5efb9/addn_hosts - 2 addresses
Jun 26 16:48:22 gtw01 dnsmasq-dhcp[22957]: read /var/lib/neutron/dhcp/d15dd9d9-f4e0-4df5-aa0d-ccee5bd5efb9/host
Jun 26 16:48:22 gtw01 dnsmasq-dhcp[22957]: read /var/lib/neutron/dhcp/d15dd9d9-f4e0-4df5-aa0d-ccee5bd5efb9/opts
Jun 26 16:48:24 gtw01 dnsmasq[22432]: read /var/lib/neutron/dhcp/bc59398c-ddf2-4173-9f65-b9c20e034cae/addn_hosts - 16 addresses
Jun 26 16:48:24 gtw01 dnsmasq-dhcp[22432]: read /var/lib/neutron/dhcp/bc59398c-ddf2-4173-9f65-b9c20e034cae/host
Jun 26 16:48:24 gtw01 dnsmasq-dhcp[22432]: read /var/lib/neutron/dhcp/bc59398c-ddf2-4173-9f65-b9c20e034cae/opts
Jun 26 16:48:24 gtw01 dnsmasq[22957]: read /var/lib/neutron/dhcp/d15dd9d9-f4e0-4df5-aa0d-ccee5bd5efb9/addn_hosts - 1 addresses
Jun 26 16:48:24 gtw01 dnsmasq-dhcp[22957]: read /var/lib/neutron/dhcp/d15dd9d9-f4e0-4df5-aa0d-ccee5bd5efb9/host
Jun 26 16:48:24 gtw01 dnsmasq-dhcp[22957]: read /var/lib/neutron/dhcp/d15dd9d9-f4e0-4df5-aa0d-ccee5bd5efb9/opts
Jun 26 16:48:25 gtw01 dnsmasq[22432]: read /var/lib/neutron/dhcp/bc59398c-ddf2-4173-9f65-b9c20e034cae/addn_hosts - 15 addresses
Jun 26 16:48:25 gtw01 dnsmasq-dhcp[22432]: read /var/lib/neutron/dhcp/bc59398c-ddf2-4173-9f65-b9c20e034cae/host
Jun 26 16:48:25 gtw01 dnsmasq-dhcp[22432]: read /var/lib/neutron/dhcp/bc59398c-ddf2-4173-9f65-b9c20e034cae/opts
Jun 26 16:48:26 gtw01 dnsmasq[22432]: read /var/lib/neutron/dhcp/bc59398c-ddf2-4173-9f65-b9c20e034cae/addn_hosts - 14 addresses
Jun 26 16:48:26 gtw01 dnsmasq-dhcp[22432]: read /var/lib/neutron/dhcp/bc59398c-ddf2-4173-9f65-b9c20e034cae/host
Jun 26 16:48:26 gtw01 dnsmasq-dhcp[22432]: read /var/lib/neutron/dhcp/bc59398c-ddf2-4173-9f65-b9c20e034cae/opts
Jun 26 16:48:26 gtw01 kernel: [10579.677302] device tap38696a04-3e left promiscuous mode
