Jun 26 16:53:59 gtw01 dnsmasq[27449]: read /var/lib/neutron/dhcp/316aa00a-b00d-4464-bb27-0f85b269b33c/addn_hosts - 2 addresses
Jun 26 16:53:59 gtw01 dnsmasq-dhcp[27449]: read /var/lib/neutron/dhcp/316aa00a-b00d-4464-bb27-0f85b269b33c/host
Jun 26 16:53:59 gtw01 dnsmasq-dhcp[27449]: read /var/lib/neutron/dhcp/316aa00a-b00d-4464-bb27-0f85b269b33c/opts
Jun 26 16:54:00 gtw01 haproxy-metadata-proxy-91dafaf2-85e0-4f64-88f8-83a498cf6512[29128]: Proxy listener started.
Jun 26 16:54:01 gtw01 dnsmasq[27471]: read /var/lib/neutron/dhcp/31585707-bcac-4a3c-87fe-9964af6c47b2/addn_hosts - 2 addresses
Jun 26 16:54:01 gtw01 dnsmasq-dhcp[27471]: read /var/lib/neutron/dhcp/31585707-bcac-4a3c-87fe-9964af6c47b2/host
Jun 26 16:54:01 gtw01 dnsmasq-dhcp[27471]: read /var/lib/neutron/dhcp/31585707-bcac-4a3c-87fe-9964af6c47b2/opts
Jun 26 16:54:02 gtw01 dnsmasq[29098]: read /var/lib/neutron/dhcp/91dafaf2-85e0-4f64-88f8-83a498cf6512/addn_hosts - 2 addresses
Jun 26 16:54:02 gtw01 dnsmasq-dhcp[29098]: read /var/lib/neutron/dhcp/91dafaf2-85e0-4f64-88f8-83a498cf6512/host
Jun 26 16:54:02 gtw01 dnsmasq-dhcp[29098]: read /var/lib/neutron/dhcp/91dafaf2-85e0-4f64-88f8-83a498cf6512/opts
Jun 26 16:54:03 gtw01 dnsmasq[28354]: read /var/lib/neutron/dhcp/3f1a435e-fe22-4b8b-a732-111c6f59ad64/addn_hosts - 2 addresses
Jun 26 16:54:03 gtw01 dnsmasq-dhcp[28354]: read /var/lib/neutron/dhcp/3f1a435e-fe22-4b8b-a732-111c6f59ad64/host
Jun 26 16:54:03 gtw01 dnsmasq-dhcp[28354]: read /var/lib/neutron/dhcp/3f1a435e-fe22-4b8b-a732-111c6f59ad64/opts
Jun 26 16:54:03 gtw01 dnsmasq[28156]: read /var/lib/neutron/dhcp/a45c6df3-d33e-41da-9c2b-aca3f4875731/addn_hosts - 2 addresses
Jun 26 16:54:03 gtw01 dnsmasq-dhcp[28156]: read /var/lib/neutron/dhcp/a45c6df3-d33e-41da-9c2b-aca3f4875731/host
Jun 26 16:54:03 gtw01 dnsmasq-dhcp[28156]: read /var/lib/neutron/dhcp/a45c6df3-d33e-41da-9c2b-aca3f4875731/opts
Jun 26 16:54:03 gtw01 dnsmasq[29257]: started, version 2.80 cachesize 150
Jun 26 16:54:03 gtw01 dnsmasq[29257]: DNS service limited to local subnets
Jun 26 16:54:03 gtw01 dnsmasq[29257]: compile time options: IPv6 GNU-getopt DBus i18n IDN DHCP DHCPv6 no-Lua TFTP conntrack ipset auth DNSSEC loop-detect inotify dumpfile
Jun 26 16:54:03 gtw01 dnsmasq[29257]: warning: no upstream servers configured
Jun 26 16:54:03 gtw01 dnsmasq-dhcp[29257]: DHCP, static leases only on 192.168.120.0, lease time 1h
Jun 26 16:54:03 gtw01 dnsmasq[29257]: read /var/lib/neutron/dhcp/4263d783-2388-42aa-8781-485fbe516886/addn_hosts - 2 addresses
Jun 26 16:54:03 gtw01 dnsmasq-dhcp[29257]: read /var/lib/neutron/dhcp/4263d783-2388-42aa-8781-485fbe516886/host
Jun 26 16:54:03 gtw01 dnsmasq-dhcp[29257]: read /var/lib/neutron/dhcp/4263d783-2388-42aa-8781-485fbe516886/opts
Jun 26 16:54:04 gtw01 dnsmasq[29272]: started, version 2.80 cachesize 150
Jun 26 16:54:04 gtw01 dnsmasq[29272]: DNS service limited to local subnets
Jun 26 16:54:04 gtw01 dnsmasq[29272]: compile time options: IPv6 GNU-getopt DBus i18n IDN DHCP DHCPv6 no-Lua TFTP conntrack ipset auth DNSSEC loop-detect inotify dumpfile
Jun 26 16:54:04 gtw01 dnsmasq[29272]: warning: no upstream servers configured
Jun 26 16:54:04 gtw01 dnsmasq-dhcp[29272]: DHCP, static leases only on 192.168.120.0, lease time 1h
Jun 26 16:54:04 gtw01 dnsmasq[29272]: read /var/lib/neutron/dhcp/75aad968-8f59-4097-86a0-08c9e8fd9a2b/addn_hosts - 2 addresses
Jun 26 16:54:04 gtw01 dnsmasq-dhcp[29272]: read /var/lib/neutron/dhcp/75aad968-8f59-4097-86a0-08c9e8fd9a2b/host
Jun 26 16:54:04 gtw01 dnsmasq-dhcp[29272]: read /var/lib/neutron/dhcp/75aad968-8f59-4097-86a0-08c9e8fd9a2b/opts
Jun 26 16:54:04 gtw01 haproxy-metadata-proxy-4263d783-2388-42aa-8781-485fbe516886[29288]: Proxy listener started.
Jun 26 16:54:05 gtw01 haproxy-metadata-proxy-75aad968-8f59-4097-86a0-08c9e8fd9a2b[29296]: Proxy listener started.
Jun 26 16:54:05 gtw01 kernel: [10918.673704] device tap36da693c-87 left promiscuous mode
Jun 26 16:54:06 gtw01 dnsmasq[28156]: read /var/lib/neutron/dhcp/a45c6df3-d33e-41da-9c2b-aca3f4875731/addn_hosts - 2 addresses
Jun 26 16:54:06 gtw01 dnsmasq-dhcp[28156]: read /var/lib/neutron/dhcp/a45c6df3-d33e-41da-9c2b-aca3f4875731/host
Jun 26 16:54:06 gtw01 dnsmasq-dhcp[28156]: read /var/lib/neutron/dhcp/a45c6df3-d33e-41da-9c2b-aca3f4875731/opts
Jun 26 16:54:06 gtw01 kernel: [10919.597498] device tap6130f544-10 left promiscuous mode
Jun 26 16:54:07 gtw01 kernel: [10919.869554] device tap77cb259a-bf left promiscuous mode
Jun 26 16:54:07 gtw01 dnsmasq[29257]: read /var/lib/neutron/dhcp/4263d783-2388-42aa-8781-485fbe516886/addn_hosts - 2 addresses
Jun 26 16:54:07 gtw01 dnsmasq-dhcp[29257]: read /var/lib/neutron/dhcp/4263d783-2388-42aa-8781-485fbe516886/host
Jun 26 16:54:07 gtw01 dnsmasq-dhcp[29257]: read /var/lib/neutron/dhcp/4263d783-2388-42aa-8781-485fbe516886/opts
Jun 26 16:54:07 gtw01 dnsmasq[29272]: read /var/lib/neutron/dhcp/75aad968-8f59-4097-86a0-08c9e8fd9a2b/addn_hosts - 2 addresses
Jun 26 16:54:07 gtw01 dnsmasq-dhcp[29272]: read /var/lib/neutron/dhcp/75aad968-8f59-4097-86a0-08c9e8fd9a2b/host
Jun 26 16:54:07 gtw01 dnsmasq-dhcp[29272]: read /var/lib/neutron/dhcp/75aad968-8f59-4097-86a0-08c9e8fd9a2b/opts
Jun 26 16:54:07 gtw01 dnsmasq[29098]: read /var/lib/neutron/dhcp/91dafaf2-85e0-4f64-88f8-83a498cf6512/addn_hosts - 2 addresses
Jun 26 16:54:07 gtw01 dnsmasq-dhcp[29098]: read /var/lib/neutron/dhcp/91dafaf2-85e0-4f64-88f8-83a498cf6512/host
Jun 26 16:54:07 gtw01 dnsmasq-dhcp[29098]: read /var/lib/neutron/dhcp/91dafaf2-85e0-4f64-88f8-83a498cf6512/opts
Jun 26 16:54:08 gtw01 dnsmasq[29398]: started, version 2.80 cachesize 150
Jun 26 16:54:08 gtw01 dnsmasq[29398]: DNS service limited to local subnets
Jun 26 16:54:08 gtw01 dnsmasq[29398]: compile time options: IPv6 GNU-getopt DBus i18n IDN DHCP DHCPv6 no-Lua TFTP conntrack ipset auth DNSSEC loop-detect inotify dumpfile
Jun 26 16:54:08 gtw01 dnsmasq[29398]: warning: no upstream servers configured
Jun 26 16:54:08 gtw01 dnsmasq-dhcp[29398]: DHCP, static leases only on 192.168.120.0, lease time 1h
Jun 26 16:54:08 gtw01 dnsmasq[29398]: read /var/lib/neutron/dhcp/a334f0f2-be03-46f6-b536-a353ecde56ce/addn_hosts - 2 addresses
Jun 26 16:54:08 gtw01 dnsmasq-dhcp[29398]: read /var/lib/neutron/dhcp/a334f0f2-be03-46f6-b536-a353ecde56ce/host
Jun 26 16:54:08 gtw01 dnsmasq-dhcp[29398]: read /var/lib/neutron/dhcp/a334f0f2-be03-46f6-b536-a353ecde56ce/opts
Jun 26 16:54:08 gtw01 salt-minion[6412]: [INFO    ] Running scheduled job: __mine_interval
Jun 26 16:54:08 gtw01 dnsmasq[29425]: started, version 2.80 cachesize 150
Jun 26 16:54:08 gtw01 dnsmasq[29425]: DNS service limited to local subnets
Jun 26 16:54:08 gtw01 dnsmasq[29425]: compile time options: IPv6 GNU-getopt DBus i18n IDN DHCP DHCPv6 no-Lua TFTP conntrack ipset auth DNSSEC loop-detect inotify dumpfile
Jun 26 16:54:08 gtw01 dnsmasq[29425]: warning: no upstream servers configured
Jun 26 16:54:08 gtw01 dnsmasq-dhcp[29425]: DHCP, static leases only on 192.168.120.0, lease time 1h
Jun 26 16:54:08 gtw01 dnsmasq[29425]: read /var/lib/neutron/dhcp/74028e17-7069-4bf3-9e3f-664c37f5f365/addn_hosts - 2 addresses
Jun 26 16:54:08 gtw01 dnsmasq-dhcp[29425]: read /var/lib/neutron/dhcp/74028e17-7069-4bf3-9e3f-664c37f5f365/host
Jun 26 16:54:08 gtw01 dnsmasq-dhcp[29425]: read /var/lib/neutron/dhcp/74028e17-7069-4bf3-9e3f-664c37f5f365/opts
Jun 26 16:54:08 gtw01 dnsmasq[28354]: read /var/lib/neutron/dhcp/3f1a435e-fe22-4b8b-a732-111c6f59ad64/addn_hosts - 2 addresses
Jun 26 16:54:08 gtw01 dnsmasq-dhcp[28354]: read /var/lib/neutron/dhcp/3f1a435e-fe22-4b8b-a732-111c6f59ad64/host
Jun 26 16:54:08 gtw01 dnsmasq-dhcp[28354]: read /var/lib/neutron/dhcp/3f1a435e-fe22-4b8b-a732-111c6f59ad64/opts
Jun 26 16:54:09 gtw01 haproxy-metadata-proxy-a334f0f2-be03-46f6-b536-a353ecde56ce[29436]: Proxy listener started.
Jun 26 16:54:09 gtw01 kernel: [10922.148577] device tap130c6be7-61 left promiscuous mode
Jun 26 16:54:09 gtw01 haproxy-metadata-proxy-74028e17-7069-4bf3-9e3f-664c37f5f365[29451]: Proxy listener started.
Jun 26 16:54:10 gtw01 dnsmasq[28156]: read /var/lib/neutron/dhcp/a45c6df3-d33e-41da-9c2b-aca3f4875731/addn_hosts - 2 addresses
Jun 26 16:54:10 gtw01 dnsmasq-dhcp[28156]: read /var/lib/neutron/dhcp/a45c6df3-d33e-41da-9c2b-aca3f4875731/host
Jun 26 16:54:10 gtw01 dnsmasq-dhcp[28156]: read /var/lib/neutron/dhcp/a45c6df3-d33e-41da-9c2b-aca3f4875731/opts
Jun 26 16:54:10 gtw01 dnsmasq[28327]: read /var/lib/neutron/dhcp/5068c9cf-2a01-43b0-8234-67f3000ae759/addn_hosts - 2 addresses
Jun 26 16:54:10 gtw01 dnsmasq-dhcp[28327]: read /var/lib/neutron/dhcp/5068c9cf-2a01-43b0-8234-67f3000ae759/host
Jun 26 16:54:10 gtw01 dnsmasq-dhcp[28327]: read /var/lib/neutron/dhcp/5068c9cf-2a01-43b0-8234-67f3000ae759/opts
Jun 26 16:54:11 gtw01 dnsmasq-dhcp[29425]: DHCPRELEASE(tap0440cf3c-94) 192.168.120.1 fa:16:3e:d1:3c:0a
Jun 26 16:54:11 gtw01 kernel: [10923.855513] device tap977dfe9c-4d left promiscuous mode
Jun 26 16:54:11 gtw01 dnsmasq[29257]: read /var/lib/neutron/dhcp/4263d783-2388-42aa-8781-485fbe516886/addn_hosts - 2 addresses
Jun 26 16:54:11 gtw01 dnsmasq-dhcp[29257]: read /var/lib/neutron/dhcp/4263d783-2388-42aa-8781-485fbe516886/host
Jun 26 16:54:11 gtw01 dnsmasq-dhcp[29257]: read /var/lib/neutron/dhcp/4263d783-2388-42aa-8781-485fbe516886/opts
Jun 26 16:54:11 gtw01 dnsmasq[26032]: read /var/lib/neutron/dhcp/4d892e5f-8743-4044-af31-49669c8a9490/addn_hosts - 3 addresses
Jun 26 16:54:11 gtw01 dnsmasq-dhcp[26032]: read /var/lib/neutron/dhcp/4d892e5f-8743-4044-af31-49669c8a9490/host
Jun 26 16:54:11 gtw01 dnsmasq-dhcp[26032]: read /var/lib/neutron/dhcp/4d892e5f-8743-4044-af31-49669c8a9490/opts
Jun 26 16:54:11 gtw01 dnsmasq[29098]: read /var/lib/neutron/dhcp/91dafaf2-85e0-4f64-88f8-83a498cf6512/addn_hosts - 2 addresses
Jun 26 16:54:11 gtw01 dnsmasq-dhcp[29098]: read /var/lib/neutron/dhcp/91dafaf2-85e0-4f64-88f8-83a498cf6512/host
Jun 26 16:54:11 gtw01 dnsmasq-dhcp[29098]: read /var/lib/neutron/dhcp/91dafaf2-85e0-4f64-88f8-83a498cf6512/opts
Jun 26 16:54:12 gtw01 kernel: [10925.581401] device tapd79f9723-db left promiscuous mode
Jun 26 16:54:13 gtw01 dnsmasq[29425]: read /var/lib/neutron/dhcp/74028e17-7069-4bf3-9e3f-664c37f5f365/addn_hosts - 1 addresses
Jun 26 16:54:13 gtw01 dnsmasq-dhcp[29425]: read /var/lib/neutron/dhcp/74028e17-7069-4bf3-9e3f-664c37f5f365/host
Jun 26 16:54:13 gtw01 dnsmasq-dhcp[29425]: read /var/lib/neutron/dhcp/74028e17-7069-4bf3-9e3f-664c37f5f365/opts
Jun 26 16:54:13 gtw01 dnsmasq[29272]: read /var/lib/neutron/dhcp/75aad968-8f59-4097-86a0-08c9e8fd9a2b/addn_hosts - 2 addresses
Jun 26 16:54:13 gtw01 dnsmasq-dhcp[29272]: read /var/lib/neutron/dhcp/75aad968-8f59-4097-86a0-08c9e8fd9a2b/host
Jun 26 16:54:13 gtw01 dnsmasq-dhcp[29272]: read /var/lib/neutron/dhcp/75aad968-8f59-4097-86a0-08c9e8fd9a2b/opts
Jun 26 16:54:13 gtw01 dnsmasq[28327]: read /var/lib/neutron/dhcp/5068c9cf-2a01-43b0-8234-67f3000ae759/addn_hosts - 2 addresses
Jun 26 16:54:13 gtw01 dnsmasq-dhcp[28327]: read /var/lib/neutron/dhcp/5068c9cf-2a01-43b0-8234-67f3000ae759/host
Jun 26 16:54:13 gtw01 dnsmasq-dhcp[28327]: read /var/lib/neutron/dhcp/5068c9cf-2a01-43b0-8234-67f3000ae759/opts
Jun 26 16:54:13 gtw01 dnsmasq[27339]: read /var/lib/neutron/dhcp/c117a8b9-d936-4ea3-a7b2-e9a183d593a7/addn_hosts - 3 addresses
Jun 26 16:54:13 gtw01 dnsmasq-dhcp[27339]: read /var/lib/neutron/dhcp/c117a8b9-d936-4ea3-a7b2-e9a183d593a7/host
Jun 26 16:54:13 gtw01 dnsmasq-dhcp[27339]: read /var/lib/neutron/dhcp/c117a8b9-d936-4ea3-a7b2-e9a183d593a7/opts
Jun 26 16:54:14 gtw01 dnsmasq[29257]: read /var/lib/neutron/dhcp/4263d783-2388-42aa-8781-485fbe516886/addn_hosts - 2 addresses
Jun 26 16:54:14 gtw01 dnsmasq-dhcp[29257]: read /var/lib/neutron/dhcp/4263d783-2388-42aa-8781-485fbe516886/host
Jun 26 16:54:14 gtw01 dnsmasq-dhcp[29257]: read /var/lib/neutron/dhcp/4263d783-2388-42aa-8781-485fbe516886/opts
Jun 26 16:54:14 gtw01 dnsmasq[27368]: read /var/lib/neutron/dhcp/65c9da03-4f49-44bf-abad-fed1f2d329cf/addn_hosts - 3 addresses
Jun 26 16:54:14 gtw01 dnsmasq-dhcp[27368]: read /var/lib/neutron/dhcp/65c9da03-4f49-44bf-abad-fed1f2d329cf/host
Jun 26 16:54:14 gtw01 dnsmasq-dhcp[27368]: read /var/lib/neutron/dhcp/65c9da03-4f49-44bf-abad-fed1f2d329cf/opts
Jun 26 16:54:15 gtw01 dnsmasq[29098]: read /var/lib/neutron/dhcp/91dafaf2-85e0-4f64-88f8-83a498cf6512/addn_hosts - 2 addresses
Jun 26 16:54:15 gtw01 dnsmasq-dhcp[29098]: read /var/lib/neutron/dhcp/91dafaf2-85e0-4f64-88f8-83a498cf6512/host
Jun 26 16:54:15 gtw01 dnsmasq-dhcp[29098]: read /var/lib/neutron/dhcp/91dafaf2-85e0-4f64-88f8-83a498cf6512/opts
Jun 26 16:54:15 gtw01 dnsmasq[28156]: read /var/lib/neutron/dhcp/a45c6df3-d33e-41da-9c2b-aca3f4875731/addn_hosts - 2 addresses
Jun 26 16:54:15 gtw01 dnsmasq-dhcp[28156]: read /var/lib/neutron/dhcp/a45c6df3-d33e-41da-9c2b-aca3f4875731/host
Jun 26 16:54:15 gtw01 dnsmasq-dhcp[28156]: read /var/lib/neutron/dhcp/a45c6df3-d33e-41da-9c2b-aca3f4875731/opts
Jun 26 16:54:16 gtw01 dnsmasq[29425]: read /var/lib/neutron/dhcp/74028e17-7069-4bf3-9e3f-664c37f5f365/addn_hosts - 2 addresses
Jun 26 16:54:16 gtw01 dnsmasq-dhcp[29425]: read /var/lib/neutron/dhcp/74028e17-7069-4bf3-9e3f-664c37f5f365/host
Jun 26 16:54:16 gtw01 dnsmasq-dhcp[29425]: read /var/lib/neutron/dhcp/74028e17-7069-4bf3-9e3f-664c37f5f365/opts
Jun 26 16:54:16 gtw01 dnsmasq[28327]: read /var/lib/neutron/dhcp/5068c9cf-2a01-43b0-8234-67f3000ae759/addn_hosts - 2 addresses
Jun 26 16:54:16 gtw01 dnsmasq-dhcp[28327]: read /var/lib/neutron/dhcp/5068c9cf-2a01-43b0-8234-67f3000ae759/host
Jun 26 16:54:16 gtw01 dnsmasq-dhcp[28327]: read /var/lib/neutron/dhcp/5068c9cf-2a01-43b0-8234-67f3000ae759/opts
Jun 26 16:54:17 gtw01 dnsmasq[29272]: read /var/lib/neutron/dhcp/75aad968-8f59-4097-86a0-08c9e8fd9a2b/addn_hosts - 2 addresses
Jun 26 16:54:17 gtw01 dnsmasq-dhcp[29272]: read /var/lib/neutron/dhcp/75aad968-8f59-4097-86a0-08c9e8fd9a2b/host
Jun 26 16:54:17 gtw01 dnsmasq-dhcp[29272]: read /var/lib/neutron/dhcp/75aad968-8f59-4097-86a0-08c9e8fd9a2b/opts
Jun 26 16:54:17 gtw01 dnsmasq[29257]: read /var/lib/neutron/dhcp/4263d783-2388-42aa-8781-485fbe516886/addn_hosts - 2 addresses
Jun 26 16:54:17 gtw01 dnsmasq-dhcp[29257]: read /var/lib/neutron/dhcp/4263d783-2388-42aa-8781-485fbe516886/host
Jun 26 16:54:17 gtw01 dnsmasq-dhcp[29257]: read /var/lib/neutron/dhcp/4263d783-2388-42aa-8781-485fbe516886/opts
Jun 26 16:54:17 gtw01 dnsmasq[27339]: read /var/lib/neutron/dhcp/c117a8b9-d936-4ea3-a7b2-e9a183d593a7/addn_hosts - 3 addresses
Jun 26 16:54:17 gtw01 dnsmasq-dhcp[27339]: read /var/lib/neutron/dhcp/c117a8b9-d936-4ea3-a7b2-e9a183d593a7/host
Jun 26 16:54:17 gtw01 dnsmasq-dhcp[27339]: read /var/lib/neutron/dhcp/c117a8b9-d936-4ea3-a7b2-e9a183d593a7/opts
Jun 26 16:54:17 gtw01 dnsmasq[26032]: read /var/lib/neutron/dhcp/4d892e5f-8743-4044-af31-49669c8a9490/addn_hosts - 3 addresses
Jun 26 16:54:17 gtw01 dnsmasq-dhcp[26032]: read /var/lib/neutron/dhcp/4d892e5f-8743-4044-af31-49669c8a9490/host
Jun 26 16:54:17 gtw01 dnsmasq-dhcp[26032]: read /var/lib/neutron/dhcp/4d892e5f-8743-4044-af31-49669c8a9490/opts
Jun 26 16:54:18 gtw01 dnsmasq[29098]: read /var/lib/neutron/dhcp/91dafaf2-85e0-4f64-88f8-83a498cf6512/addn_hosts - 2 addresses
Jun 26 16:54:18 gtw01 dnsmasq-dhcp[29098]: read /var/lib/neutron/dhcp/91dafaf2-85e0-4f64-88f8-83a498cf6512/host
Jun 26 16:54:18 gtw01 dnsmasq-dhcp[29098]: read /var/lib/neutron/dhcp/91dafaf2-85e0-4f64-88f8-83a498cf6512/opts
Jun 26 16:54:19 gtw01 dnsmasq[27368]: read /var/lib/neutron/dhcp/65c9da03-4f49-44bf-abad-fed1f2d329cf/addn_hosts - 3 addresses
Jun 26 16:54:19 gtw01 dnsmasq-dhcp[27368]: read /var/lib/neutron/dhcp/65c9da03-4f49-44bf-abad-fed1f2d329cf/host
Jun 26 16:54:19 gtw01 dnsmasq-dhcp[27368]: read /var/lib/neutron/dhcp/65c9da03-4f49-44bf-abad-fed1f2d329cf/opts
Jun 26 16:54:20 gtw01 dnsmasq[29425]: read /var/lib/neutron/dhcp/74028e17-7069-4bf3-9e3f-664c37f5f365/addn_hosts - 2 addresses
Jun 26 16:54:20 gtw01 dnsmasq-dhcp[29425]: read /var/lib/neutron/dhcp/74028e17-7069-4bf3-9e3f-664c37f5f365/host
Jun 26 16:54:20 gtw01 dnsmasq-dhcp[29425]: read /var/lib/neutron/dhcp/74028e17-7069-4bf3-9e3f-664c37f5f365/opts
Jun 26 16:54:20 gtw01 dnsmasq[29272]: read /var/lib/neutron/dhcp/75aad968-8f59-4097-86a0-08c9e8fd9a2b/addn_hosts - 2 addresses
Jun 26 16:54:20 gtw01 dnsmasq-dhcp[29272]: read /var/lib/neutron/dhcp/75aad968-8f59-4097-86a0-08c9e8fd9a2b/host
Jun 26 16:54:20 gtw01 dnsmasq-dhcp[29272]: read /var/lib/neutron/dhcp/75aad968-8f59-4097-86a0-08c9e8fd9a2b/opts
Jun 26 16:54:20 gtw01 dnsmasq[28327]: read /var/lib/neutron/dhcp/5068c9cf-2a01-43b0-8234-67f3000ae759/addn_hosts - 2 addresses
Jun 26 16:54:20 gtw01 dnsmasq-dhcp[28327]: read /var/lib/neutron/dhcp/5068c9cf-2a01-43b0-8234-67f3000ae759/host
Jun 26 16:54:20 gtw01 dnsmasq-dhcp[28327]: read /var/lib/neutron/dhcp/5068c9cf-2a01-43b0-8234-67f3000ae759/opts
Jun 26 16:54:21 gtw01 dnsmasq[27339]: read /var/lib/neutron/dhcp/c117a8b9-d936-4ea3-a7b2-e9a183d593a7/addn_hosts - 3 addresses
Jun 26 16:54:21 gtw01 dnsmasq-dhcp[27339]: read /var/lib/neutron/dhcp/c117a8b9-d936-4ea3-a7b2-e9a183d593a7/host
Jun 26 16:54:21 gtw01 dnsmasq-dhcp[27339]: read /var/lib/neutron/dhcp/c117a8b9-d936-4ea3-a7b2-e9a183d593a7/opts
Jun 26 16:54:21 gtw01 dnsmasq[26032]: read /var/lib/neutron/dhcp/4d892e5f-8743-4044-af31-49669c8a9490/addn_hosts - 3 addresses
Jun 26 16:54:21 gtw01 dnsmasq-dhcp[26032]: read /var/lib/neutron/dhcp/4d892e5f-8743-4044-af31-49669c8a9490/host
Jun 26 16:54:21 gtw01 dnsmasq-dhcp[26032]: read /var/lib/neutron/dhcp/4d892e5f-8743-4044-af31-49669c8a9490/opts
Jun 26 16:54:21 gtw01 dnsmasq[29257]: read /var/lib/neutron/dhcp/4263d783-2388-42aa-8781-485fbe516886/addn_hosts - 2 addresses
Jun 26 16:54:21 gtw01 dnsmasq-dhcp[29257]: read /var/lib/neutron/dhcp/4263d783-2388-42aa-8781-485fbe516886/host
Jun 26 16:54:21 gtw01 dnsmasq-dhcp[29257]: read /var/lib/neutron/dhcp/4263d783-2388-42aa-8781-485fbe516886/opts
Jun 26 16:54:22 gtw01 dnsmasq[27368]: read /var/lib/neutron/dhcp/65c9da03-4f49-44bf-abad-fed1f2d329cf/addn_hosts - 3 addresses
Jun 26 16:54:22 gtw01 dnsmasq-dhcp[27368]: read /var/lib/neutron/dhcp/65c9da03-4f49-44bf-abad-fed1f2d329cf/host
Jun 26 16:54:22 gtw01 dnsmasq-dhcp[27368]: read /var/lib/neutron/dhcp/65c9da03-4f49-44bf-abad-fed1f2d329cf/opts
Jun 26 16:54:23 gtw01 kernel: [10935.799946] device tapfeef0d3d-1d left promiscuous mode
Jun 26 16:54:23 gtw01 kernel: [10936.288686] device tap0440cf3c-94 left promiscuous mode
Jun 26 16:54:23 gtw01 kernel: [10936.437330] device tapc6c1a59a-67 left promiscuous mode
Jun 26 16:54:23 gtw01 dnsmasq[29272]: read /var/lib/neutron/dhcp/75aad968-8f59-4097-86a0-08c9e8fd9a2b/addn_hosts - 2 addresses
Jun 26 16:54:23 gtw01 dnsmasq-dhcp[29272]: read /var/lib/neutron/dhcp/75aad968-8f59-4097-86a0-08c9e8fd9a2b/host
Jun 26 16:54:23 gtw01 dnsmasq-dhcp[29272]: read /var/lib/neutron/dhcp/75aad968-8f59-4097-86a0-08c9e8fd9a2b/opts
Jun 26 16:54:24 gtw01 kernel: [10937.544962] device tap3a379907-4c left promiscuous mode
Jun 26 16:54:24 gtw01 dnsmasq[27339]: read /var/lib/neutron/dhcp/c117a8b9-d936-4ea3-a7b2-e9a183d593a7/addn_hosts - 2 addresses
Jun 26 16:54:24 gtw01 dnsmasq-dhcp[27339]: read /var/lib/neutron/dhcp/c117a8b9-d936-4ea3-a7b2-e9a183d593a7/host
Jun 26 16:54:24 gtw01 dnsmasq-dhcp[27339]: read /var/lib/neutron/dhcp/c117a8b9-d936-4ea3-a7b2-e9a183d593a7/opts
Jun 26 16:54:27 gtw01 dnsmasq[26032]: read /var/lib/neutron/dhcp/4d892e5f-8743-4044-af31-49669c8a9490/addn_hosts - 2 addresses
Jun 26 16:54:27 gtw01 dnsmasq-dhcp[26032]: read /var/lib/neutron/dhcp/4d892e5f-8743-4044-af31-49669c8a9490/host
Jun 26 16:54:27 gtw01 dnsmasq-dhcp[26032]: read /var/lib/neutron/dhcp/4d892e5f-8743-4044-af31-49669c8a9490/opts
Jun 26 16:54:27 gtw01 dnsmasq-dhcp[27368]: DHCPDISCOVER(tap190182ac-e5) fa:16:3e:5d:90:45
Jun 26 16:54:27 gtw01 dnsmasq-dhcp[27368]: DHCPOFFER(tap190182ac-e5) 192.168.120.5 fa:16:3e:5d:90:45
Jun 26 16:54:27 gtw01 dnsmasq-dhcp[27368]: DHCPREQUEST(tap190182ac-e5) 192.168.120.5 fa:16:3e:5d:90:45
Jun 26 16:54:27 gtw01 dnsmasq-dhcp[27368]: DHCPACK(tap190182ac-e5) 192.168.120.5 fa:16:3e:5d:90:45 host-192-168-120-5
Jun 26 16:54:28 gtw01 dnsmasq[28327]: read /var/lib/neutron/dhcp/5068c9cf-2a01-43b0-8234-67f3000ae759/addn_hosts - 1 addresses
Jun 26 16:54:28 gtw01 dnsmasq-dhcp[28327]: read /var/lib/neutron/dhcp/5068c9cf-2a01-43b0-8234-67f3000ae759/host
Jun 26 16:54:28 gtw01 dnsmasq-dhcp[28327]: read /var/lib/neutron/dhcp/5068c9cf-2a01-43b0-8234-67f3000ae759/opts
Jun 26 16:54:34 gtw01 kernel: [10947.096743] device tapef30d235-43 left promiscuous mode
Jun 26 16:54:37 gtw01 dnsmasq-dhcp[27368]: DHCPRELEASE(tap190182ac-e5) 192.168.120.5 fa:16:3e:5d:90:45
Jun 26 16:54:37 gtw01 dnsmasq-dhcp[27368]: DHCPRELEASE(tap190182ac-e5) 192.168.120.5 fa:16:3e:5d:90:45 unknown lease
Jun 26 16:54:38 gtw01 dnsmasq[27339]: read /var/lib/neutron/dhcp/c117a8b9-d936-4ea3-a7b2-e9a183d593a7/addn_hosts - 1 addresses
Jun 26 16:54:38 gtw01 dnsmasq-dhcp[27339]: read /var/lib/neutron/dhcp/c117a8b9-d936-4ea3-a7b2-e9a183d593a7/host
Jun 26 16:54:38 gtw01 dnsmasq-dhcp[27339]: read /var/lib/neutron/dhcp/c117a8b9-d936-4ea3-a7b2-e9a183d593a7/opts
Jun 26 16:54:38 gtw01 dnsmasq[27368]: read /var/lib/neutron/dhcp/65c9da03-4f49-44bf-abad-fed1f2d329cf/addn_hosts - 2 addresses
Jun 26 16:54:38 gtw01 dnsmasq-dhcp[27368]: read /var/lib/neutron/dhcp/65c9da03-4f49-44bf-abad-fed1f2d329cf/host
Jun 26 16:54:38 gtw01 dnsmasq-dhcp[27368]: read /var/lib/neutron/dhcp/65c9da03-4f49-44bf-abad-fed1f2d329cf/opts
Jun 26 16:54:40 gtw01 dnsmasq[28156]: read /var/lib/neutron/dhcp/a45c6df3-d33e-41da-9c2b-aca3f4875731/addn_hosts - 1 addresses
Jun 26 16:54:40 gtw01 dnsmasq-dhcp[28156]: read /var/lib/neutron/dhcp/a45c6df3-d33e-41da-9c2b-aca3f4875731/host
Jun 26 16:54:40 gtw01 dnsmasq-dhcp[28156]: read /var/lib/neutron/dhcp/a45c6df3-d33e-41da-9c2b-aca3f4875731/opts
Jun 26 16:54:42 gtw01 kernel: [10954.887526] device tapa9dc97dd-7f left promiscuous mode
Jun 26 16:54:44 gtw01 kernel: [10957.161013] device tapd5c8a760-03 left promiscuous mode
Jun 26 16:54:47 gtw01 dnsmasq[27368]: read /var/lib/neutron/dhcp/65c9da03-4f49-44bf-abad-fed1f2d329cf/addn_hosts - 1 addresses
Jun 26 16:54:47 gtw01 dnsmasq-dhcp[27368]: read /var/lib/neutron/dhcp/65c9da03-4f49-44bf-abad-fed1f2d329cf/host
Jun 26 16:54:47 gtw01 dnsmasq-dhcp[27368]: read /var/lib/neutron/dhcp/65c9da03-4f49-44bf-abad-fed1f2d329cf/opts
Jun 26 16:54:52 gtw01 kernel: [10965.219293] device tap190182ac-e5 left promiscuous mode
Jun 26 16:55:07 gtw01 dnsmasq[26032]: read /var/lib/neutron/dhcp/4d892e5f-8743-4044-af31-49669c8a9490/addn_hosts - 1 addresses
Jun 26 16:55:07 gtw01 dnsmasq-dhcp[26032]: read /var/lib/neutron/dhcp/4d892e5f-8743-4044-af31-49669c8a9490/host
Jun 26 16:55:07 gtw01 dnsmasq-dhcp[26032]: read /var/lib/neutron/dhcp/4d892e5f-8743-4044-af31-49669c8a9490/opts
Jun 26 16:55:11 gtw01 kernel: [10984.620018] device tapb7ebd603-ef left promiscuous mode
Jun 26 16:55:27 gtw01 systemd-udevd[30178]: Could not generate persistent MAC address for tap5714cb85-3e: No such file or directory
Jun 26 16:55:27 gtw01 kernel: [11000.241922] device tap5714cb85-3e entered promiscuous mode
Jun 26 16:55:27 gtw01 systemd-udevd[30178]: Process '/sbin/ip link set tap5714cb85-3e txqueuelen 10000' failed with exit code 1.
Jun 26 16:55:27 gtw01 systemd-udevd[30256]: Process '/sbin/ip link set tap5714cb85-3e txqueuelen 10000' failed with exit code 1.
Jun 26 16:55:30 gtw01 dnsmasq[30319]: started, version 2.80 cachesize 150
Jun 26 16:55:30 gtw01 dnsmasq[30319]: DNS service limited to local subnets
Jun 26 16:55:30 gtw01 dnsmasq[30319]: compile time options: IPv6 GNU-getopt DBus i18n IDN DHCP DHCPv6 no-Lua TFTP conntrack ipset auth DNSSEC loop-detect inotify dumpfile
Jun 26 16:55:30 gtw01 dnsmasq[30319]: warning: no upstream servers configured
Jun 26 16:55:30 gtw01 dnsmasq-dhcp[30319]: DHCP, static leases only on 192.168.120.0, lease time 1h
Jun 26 16:55:30 gtw01 dnsmasq[30319]: read /var/lib/neutron/dhcp/a9f0eb09-132c-40bd-851a-4a3a70fb346d/addn_hosts - 1 addresses
Jun 26 16:55:30 gtw01 dnsmasq-dhcp[30319]: read /var/lib/neutron/dhcp/a9f0eb09-132c-40bd-851a-4a3a70fb346d/host
Jun 26 16:55:30 gtw01 dnsmasq-dhcp[30319]: read /var/lib/neutron/dhcp/a9f0eb09-132c-40bd-851a-4a3a70fb346d/opts
Jun 26 16:55:30 gtw01 haproxy-metadata-proxy-a9f0eb09-132c-40bd-851a-4a3a70fb346d[30323]: Proxy listener started.
Jun 26 16:55:31 gtw01 dnsmasq[30319]: read /var/lib/neutron/dhcp/a9f0eb09-132c-40bd-851a-4a3a70fb346d/addn_hosts - 2 addresses
Jun 26 16:55:31 gtw01 dnsmasq-dhcp[30319]: read /var/lib/neutron/dhcp/a9f0eb09-132c-40bd-851a-4a3a70fb346d/host
Jun 26 16:55:31 gtw01 dnsmasq-dhcp[30319]: read /var/lib/neutron/dhcp/a9f0eb09-132c-40bd-851a-4a3a70fb346d/opts
Jun 26 16:55:32 gtw01 dnsmasq[30319]: read /var/lib/neutron/dhcp/a9f0eb09-132c-40bd-851a-4a3a70fb346d/addn_hosts - 2 addresses
Jun 26 16:55:32 gtw01 dnsmasq-dhcp[30319]: read /var/lib/neutron/dhcp/a9f0eb09-132c-40bd-851a-4a3a70fb346d/host
Jun 26 16:55:32 gtw01 dnsmasq-dhcp[30319]: read /var/lib/neutron/dhcp/a9f0eb09-132c-40bd-851a-4a3a70fb346d/opts
Jun 26 16:55:33 gtw01 dnsmasq[30319]: read /var/lib/neutron/dhcp/a9f0eb09-132c-40bd-851a-4a3a70fb346d/addn_hosts - 2 addresses
Jun 26 16:55:33 gtw01 dnsmasq-dhcp[30319]: read /var/lib/neutron/dhcp/a9f0eb09-132c-40bd-851a-4a3a70fb346d/host
Jun 26 16:55:33 gtw01 dnsmasq-dhcp[30319]: read /var/lib/neutron/dhcp/a9f0eb09-132c-40bd-851a-4a3a70fb346d/opts
Jun 26 16:55:34 gtw01 dnsmasq[30319]: read /var/lib/neutron/dhcp/a9f0eb09-132c-40bd-851a-4a3a70fb346d/addn_hosts - 2 addresses
Jun 26 16:55:34 gtw01 dnsmasq-dhcp[30319]: read /var/lib/neutron/dhcp/a9f0eb09-132c-40bd-851a-4a3a70fb346d/host
Jun 26 16:55:34 gtw01 dnsmasq-dhcp[30319]: read /var/lib/neutron/dhcp/a9f0eb09-132c-40bd-851a-4a3a70fb346d/opts
Jun 26 16:55:35 gtw01 dnsmasq[30319]: read /var/lib/neutron/dhcp/a9f0eb09-132c-40bd-851a-4a3a70fb346d/addn_hosts - 2 addresses
Jun 26 16:55:35 gtw01 dnsmasq-dhcp[30319]: read /var/lib/neutron/dhcp/a9f0eb09-132c-40bd-851a-4a3a70fb346d/host
Jun 26 16:55:35 gtw01 dnsmasq-dhcp[30319]: read /var/lib/neutron/dhcp/a9f0eb09-132c-40bd-851a-4a3a70fb346d/opts
Jun 26 16:59:07 gtw01 dnsmasq[30319]: read /var/lib/neutron/dhcp/a9f0eb09-132c-40bd-851a-4a3a70fb346d/addn_hosts - 3 addresses
Jun 26 16:59:07 gtw01 dnsmasq-dhcp[30319]: read /var/lib/neutron/dhcp/a9f0eb09-132c-40bd-851a-4a3a70fb346d/host
Jun 26 16:59:07 gtw01 dnsmasq-dhcp[30319]: read /var/lib/neutron/dhcp/a9f0eb09-132c-40bd-851a-4a3a70fb346d/opts
Jun 26 16:59:09 gtw01 dnsmasq[30319]: read /var/lib/neutron/dhcp/a9f0eb09-132c-40bd-851a-4a3a70fb346d/addn_hosts - 4 addresses
Jun 26 16:59:09 gtw01 dnsmasq-dhcp[30319]: read /var/lib/neutron/dhcp/a9f0eb09-132c-40bd-851a-4a3a70fb346d/host
Jun 26 16:59:09 gtw01 dnsmasq-dhcp[30319]: read /var/lib/neutron/dhcp/a9f0eb09-132c-40bd-851a-4a3a70fb346d/opts
Jun 26 16:59:09 gtw01 dnsmasq[30319]: read /var/lib/neutron/dhcp/a9f0eb09-132c-40bd-851a-4a3a70fb346d/addn_hosts - 5 addresses
Jun 26 16:59:09 gtw01 dnsmasq-dhcp[30319]: read /var/lib/neutron/dhcp/a9f0eb09-132c-40bd-851a-4a3a70fb346d/host
Jun 26 16:59:09 gtw01 dnsmasq-dhcp[30319]: read /var/lib/neutron/dhcp/a9f0eb09-132c-40bd-851a-4a3a70fb346d/opts
Jun 26 16:59:10 gtw01 dnsmasq[30319]: read /var/lib/neutron/dhcp/a9f0eb09-132c-40bd-851a-4a3a70fb346d/addn_hosts - 6 addresses
Jun 26 16:59:10 gtw01 dnsmasq-dhcp[30319]: read /var/lib/neutron/dhcp/a9f0eb09-132c-40bd-851a-4a3a70fb346d/host
Jun 26 16:59:10 gtw01 dnsmasq-dhcp[30319]: read /var/lib/neutron/dhcp/a9f0eb09-132c-40bd-851a-4a3a70fb346d/opts
Jun 26 16:59:11 gtw01 dnsmasq[30319]: read /var/lib/neutron/dhcp/a9f0eb09-132c-40bd-851a-4a3a70fb346d/addn_hosts - 7 addresses
Jun 26 16:59:11 gtw01 dnsmasq-dhcp[30319]: read /var/lib/neutron/dhcp/a9f0eb09-132c-40bd-851a-4a3a70fb346d/host
Jun 26 16:59:11 gtw01 dnsmasq-dhcp[30319]: read /var/lib/neutron/dhcp/a9f0eb09-132c-40bd-851a-4a3a70fb346d/opts
Jun 26 16:59:12 gtw01 dnsmasq[30319]: read /var/lib/neutron/dhcp/a9f0eb09-132c-40bd-851a-4a3a70fb346d/addn_hosts - 8 addresses
Jun 26 16:59:12 gtw01 dnsmasq-dhcp[30319]: read /var/lib/neutron/dhcp/a9f0eb09-132c-40bd-851a-4a3a70fb346d/host
Jun 26 16:59:12 gtw01 dnsmasq-dhcp[30319]: read /var/lib/neutron/dhcp/a9f0eb09-132c-40bd-851a-4a3a70fb346d/opts
Jun 26 16:59:13 gtw01 dnsmasq[30319]: read /var/lib/neutron/dhcp/a9f0eb09-132c-40bd-851a-4a3a70fb346d/addn_hosts - 8 addresses
Jun 26 16:59:13 gtw01 dnsmasq-dhcp[30319]: read /var/lib/neutron/dhcp/a9f0eb09-132c-40bd-851a-4a3a70fb346d/host
Jun 26 16:59:13 gtw01 dnsmasq-dhcp[30319]: read /var/lib/neutron/dhcp/a9f0eb09-132c-40bd-851a-4a3a70fb346d/opts
Jun 26 16:59:14 gtw01 dnsmasq[30319]: read /var/lib/neutron/dhcp/a9f0eb09-132c-40bd-851a-4a3a70fb346d/addn_hosts - 9 addresses
Jun 26 16:59:14 gtw01 dnsmasq-dhcp[30319]: read /var/lib/neutron/dhcp/a9f0eb09-132c-40bd-851a-4a3a70fb346d/host
Jun 26 16:59:14 gtw01 dnsmasq-dhcp[30319]: read /var/lib/neutron/dhcp/a9f0eb09-132c-40bd-851a-4a3a70fb346d/opts
Jun 26 16:59:15 gtw01 dnsmasq[30319]: read /var/lib/neutron/dhcp/a9f0eb09-132c-40bd-851a-4a3a70fb346d/addn_hosts - 9 addresses
Jun 26 16:59:15 gtw01 dnsmasq-dhcp[30319]: read /var/lib/neutron/dhcp/a9f0eb09-132c-40bd-851a-4a3a70fb346d/host
Jun 26 16:59:15 gtw01 dnsmasq-dhcp[30319]: read /var/lib/neutron/dhcp/a9f0eb09-132c-40bd-851a-4a3a70fb346d/opts
Jun 26 16:59:16 gtw01 dnsmasq[30319]: read /var/lib/neutron/dhcp/a9f0eb09-132c-40bd-851a-4a3a70fb346d/addn_hosts - 10 addresses
Jun 26 16:59:16 gtw01 dnsmasq-dhcp[30319]: read /var/lib/neutron/dhcp/a9f0eb09-132c-40bd-851a-4a3a70fb346d/host
Jun 26 16:59:16 gtw01 dnsmasq-dhcp[30319]: read /var/lib/neutron/dhcp/a9f0eb09-132c-40bd-851a-4a3a70fb346d/opts
Jun 26 16:59:17 gtw01 dnsmasq[30319]: read /var/lib/neutron/dhcp/a9f0eb09-132c-40bd-851a-4a3a70fb346d/addn_hosts - 10 addresses
Jun 26 16:59:17 gtw01 dnsmasq-dhcp[30319]: read /var/lib/neutron/dhcp/a9f0eb09-132c-40bd-851a-4a3a70fb346d/host
Jun 26 16:59:17 gtw01 dnsmasq-dhcp[30319]: read /var/lib/neutron/dhcp/a9f0eb09-132c-40bd-851a-4a3a70fb346d/opts
Jun 26 16:59:18 gtw01 dnsmasq[30319]: read /var/lib/neutron/dhcp/a9f0eb09-132c-40bd-851a-4a3a70fb346d/addn_hosts - 10 addresses
Jun 26 16:59:18 gtw01 dnsmasq-dhcp[30319]: read /var/lib/neutron/dhcp/a9f0eb09-132c-40bd-851a-4a3a70fb346d/host
Jun 26 16:59:18 gtw01 dnsmasq-dhcp[30319]: read /var/lib/neutron/dhcp/a9f0eb09-132c-40bd-851a-4a3a70fb346d/opts
Jun 26 16:59:19 gtw01 dnsmasq[30319]: read /var/lib/neutron/dhcp/a9f0eb09-132c-40bd-851a-4a3a70fb346d/addn_hosts - 10 addresses
Jun 26 16:59:19 gtw01 dnsmasq-dhcp[30319]: read /var/lib/neutron/dhcp/a9f0eb09-132c-40bd-851a-4a3a70fb346d/host
Jun 26 16:59:19 gtw01 dnsmasq-dhcp[30319]: read /var/lib/neutron/dhcp/a9f0eb09-132c-40bd-851a-4a3a70fb346d/opts
Jun 26 16:59:20 gtw01 dnsmasq[30319]: read /var/lib/neutron/dhcp/a9f0eb09-132c-40bd-851a-4a3a70fb346d/addn_hosts - 10 addresses
Jun 26 16:59:20 gtw01 dnsmasq-dhcp[30319]: read /var/lib/neutron/dhcp/a9f0eb09-132c-40bd-851a-4a3a70fb346d/host
Jun 26 16:59:20 gtw01 dnsmasq-dhcp[30319]: read /var/lib/neutron/dhcp/a9f0eb09-132c-40bd-851a-4a3a70fb346d/opts
Jun 26 16:59:21 gtw01 dnsmasq[30319]: read /var/lib/neutron/dhcp/a9f0eb09-132c-40bd-851a-4a3a70fb346d/addn_hosts - 10 addresses
Jun 26 16:59:21 gtw01 dnsmasq-dhcp[30319]: read /var/lib/neutron/dhcp/a9f0eb09-132c-40bd-851a-4a3a70fb346d/host
Jun 26 16:59:21 gtw01 dnsmasq-dhcp[30319]: read /var/lib/neutron/dhcp/a9f0eb09-132c-40bd-851a-4a3a70fb346d/opts
Jun 26 16:59:22 gtw01 dnsmasq[30319]: read /var/lib/neutron/dhcp/a9f0eb09-132c-40bd-851a-4a3a70fb346d/addn_hosts - 10 addresses
Jun 26 16:59:22 gtw01 dnsmasq-dhcp[30319]: read /var/lib/neutron/dhcp/a9f0eb09-132c-40bd-851a-4a3a70fb346d/host
Jun 26 16:59:22 gtw01 dnsmasq-dhcp[30319]: read /var/lib/neutron/dhcp/a9f0eb09-132c-40bd-851a-4a3a70fb346d/opts
Jun 26 16:59:23 gtw01 dnsmasq[30319]: read /var/lib/neutron/dhcp/a9f0eb09-132c-40bd-851a-4a3a70fb346d/addn_hosts - 10 addresses
Jun 26 16:59:23 gtw01 dnsmasq-dhcp[30319]: read /var/lib/neutron/dhcp/a9f0eb09-132c-40bd-851a-4a3a70fb346d/host
Jun 26 16:59:23 gtw01 dnsmasq-dhcp[30319]: read /var/lib/neutron/dhcp/a9f0eb09-132c-40bd-851a-4a3a70fb346d/opts
Jun 26 16:59:24 gtw01 dnsmasq[30319]: read /var/lib/neutron/dhcp/a9f0eb09-132c-40bd-851a-4a3a70fb346d/addn_hosts - 10 addresses
Jun 26 16:59:24 gtw01 dnsmasq-dhcp[30319]: read /var/lib/neutron/dhcp/a9f0eb09-132c-40bd-851a-4a3a70fb346d/host
Jun 26 16:59:24 gtw01 dnsmasq-dhcp[30319]: read /var/lib/neutron/dhcp/a9f0eb09-132c-40bd-851a-4a3a70fb346d/opts
Jun 26 16:59:24 gtw01 dnsmasq[30319]: read /var/lib/neutron/dhcp/a9f0eb09-132c-40bd-851a-4a3a70fb346d/addn_hosts - 10 addresses
Jun 26 16:59:24 gtw01 dnsmasq-dhcp[30319]: read /var/lib/neutron/dhcp/a9f0eb09-132c-40bd-851a-4a3a70fb346d/host
Jun 26 16:59:24 gtw01 dnsmasq-dhcp[30319]: read /var/lib/neutron/dhcp/a9f0eb09-132c-40bd-851a-4a3a70fb346d/opts
Jun 26 16:59:25 gtw01 dnsmasq[30319]: read /var/lib/neutron/dhcp/a9f0eb09-132c-40bd-851a-4a3a70fb346d/addn_hosts - 10 addresses
Jun 26 16:59:25 gtw01 dnsmasq-dhcp[30319]: read /var/lib/neutron/dhcp/a9f0eb09-132c-40bd-851a-4a3a70fb346d/host
Jun 26 16:59:25 gtw01 dnsmasq-dhcp[30319]: read /var/lib/neutron/dhcp/a9f0eb09-132c-40bd-851a-4a3a70fb346d/opts
Jun 26 16:59:26 gtw01 dnsmasq[30319]: read /var/lib/neutron/dhcp/a9f0eb09-132c-40bd-851a-4a3a70fb346d/addn_hosts - 10 addresses
Jun 26 16:59:26 gtw01 dnsmasq-dhcp[30319]: read /var/lib/neutron/dhcp/a9f0eb09-132c-40bd-851a-4a3a70fb346d/host
Jun 26 16:59:26 gtw01 dnsmasq-dhcp[30319]: read /var/lib/neutron/dhcp/a9f0eb09-132c-40bd-851a-4a3a70fb346d/opts
Jun 26 16:59:27 gtw01 dnsmasq[30319]: read /var/lib/neutron/dhcp/a9f0eb09-132c-40bd-851a-4a3a70fb346d/addn_hosts - 10 addresses
Jun 26 16:59:27 gtw01 dnsmasq-dhcp[30319]: read /var/lib/neutron/dhcp/a9f0eb09-132c-40bd-851a-4a3a70fb346d/host
Jun 26 16:59:27 gtw01 dnsmasq-dhcp[30319]: read /var/lib/neutron/dhcp/a9f0eb09-132c-40bd-851a-4a3a70fb346d/opts
Jun 26 16:59:27 gtw01 dnsmasq-dhcp[30319]: DHCPDISCOVER(tap5714cb85-3e) fa:16:3e:84:3a:76
Jun 26 16:59:27 gtw01 dnsmasq-dhcp[30319]: DHCPOFFER(tap5714cb85-3e) 192.168.120.15 fa:16:3e:84:3a:76
Jun 26 16:59:27 gtw01 dnsmasq-dhcp[30319]: DHCPREQUEST(tap5714cb85-3e) 192.168.120.15 fa:16:3e:84:3a:76
Jun 26 16:59:27 gtw01 dnsmasq-dhcp[30319]: DHCPACK(tap5714cb85-3e) 192.168.120.15 fa:16:3e:84:3a:76 host-192-168-120-15
Jun 26 16:59:28 gtw01 dnsmasq-dhcp[30319]: DHCPDISCOVER(tap5714cb85-3e) fa:16:3e:a7:12:80
Jun 26 16:59:28 gtw01 dnsmasq-dhcp[30319]: DHCPOFFER(tap5714cb85-3e) 192.168.120.3 fa:16:3e:a7:12:80
Jun 26 16:59:28 gtw01 dnsmasq-dhcp[30319]: DHCPREQUEST(tap5714cb85-3e) 192.168.120.3 fa:16:3e:a7:12:80
Jun 26 16:59:28 gtw01 dnsmasq-dhcp[30319]: DHCPACK(tap5714cb85-3e) 192.168.120.3 fa:16:3e:a7:12:80 host-192-168-120-3
Jun 26 16:59:28 gtw01 dnsmasq[30319]: read /var/lib/neutron/dhcp/a9f0eb09-132c-40bd-851a-4a3a70fb346d/addn_hosts - 11 addresses
Jun 26 16:59:28 gtw01 dnsmasq-dhcp[30319]: read /var/lib/neutron/dhcp/a9f0eb09-132c-40bd-851a-4a3a70fb346d/host
Jun 26 16:59:28 gtw01 dnsmasq-dhcp[30319]: read /var/lib/neutron/dhcp/a9f0eb09-132c-40bd-851a-4a3a70fb346d/opts
Jun 26 16:59:29 gtw01 dnsmasq[30319]: read /var/lib/neutron/dhcp/a9f0eb09-132c-40bd-851a-4a3a70fb346d/addn_hosts - 11 addresses
Jun 26 16:59:29 gtw01 dnsmasq-dhcp[30319]: read /var/lib/neutron/dhcp/a9f0eb09-132c-40bd-851a-4a3a70fb346d/host
Jun 26 16:59:29 gtw01 dnsmasq-dhcp[30319]: read /var/lib/neutron/dhcp/a9f0eb09-132c-40bd-851a-4a3a70fb346d/opts
Jun 26 16:59:30 gtw01 dnsmasq[30319]: read /var/lib/neutron/dhcp/a9f0eb09-132c-40bd-851a-4a3a70fb346d/addn_hosts - 12 addresses
Jun 26 16:59:30 gtw01 dnsmasq-dhcp[30319]: read /var/lib/neutron/dhcp/a9f0eb09-132c-40bd-851a-4a3a70fb346d/host
Jun 26 16:59:30 gtw01 dnsmasq-dhcp[30319]: read /var/lib/neutron/dhcp/a9f0eb09-132c-40bd-851a-4a3a70fb346d/opts
Jun 26 16:59:31 gtw01 dnsmasq[30319]: read /var/lib/neutron/dhcp/a9f0eb09-132c-40bd-851a-4a3a70fb346d/addn_hosts - 12 addresses
Jun 26 16:59:31 gtw01 dnsmasq-dhcp[30319]: read /var/lib/neutron/dhcp/a9f0eb09-132c-40bd-851a-4a3a70fb346d/host
Jun 26 16:59:31 gtw01 dnsmasq-dhcp[30319]: read /var/lib/neutron/dhcp/a9f0eb09-132c-40bd-851a-4a3a70fb346d/opts
Jun 26 16:59:32 gtw01 dnsmasq-dhcp[30319]: DHCPDISCOVER(tap5714cb85-3e) fa:16:3e:70:8a:d7
Jun 26 16:59:32 gtw01 dnsmasq-dhcp[30319]: DHCPOFFER(tap5714cb85-3e) 192.168.120.8 fa:16:3e:70:8a:d7
Jun 26 16:59:32 gtw01 dnsmasq-dhcp[30319]: DHCPREQUEST(tap5714cb85-3e) 192.168.120.8 fa:16:3e:70:8a:d7
Jun 26 16:59:32 gtw01 dnsmasq-dhcp[30319]: DHCPACK(tap5714cb85-3e) 192.168.120.8 fa:16:3e:70:8a:d7 host-192-168-120-8
Jun 26 16:59:32 gtw01 dnsmasq[30319]: read /var/lib/neutron/dhcp/a9f0eb09-132c-40bd-851a-4a3a70fb346d/addn_hosts - 12 addresses
Jun 26 16:59:32 gtw01 dnsmasq-dhcp[30319]: read /var/lib/neutron/dhcp/a9f0eb09-132c-40bd-851a-4a3a70fb346d/host
Jun 26 16:59:32 gtw01 dnsmasq-dhcp[30319]: read /var/lib/neutron/dhcp/a9f0eb09-132c-40bd-851a-4a3a70fb346d/opts
Jun 26 16:59:33 gtw01 dnsmasq[30319]: read /var/lib/neutron/dhcp/a9f0eb09-132c-40bd-851a-4a3a70fb346d/addn_hosts - 12 addresses
Jun 26 16:59:33 gtw01 dnsmasq-dhcp[30319]: read /var/lib/neutron/dhcp/a9f0eb09-132c-40bd-851a-4a3a70fb346d/host
Jun 26 16:59:33 gtw01 dnsmasq-dhcp[30319]: read /var/lib/neutron/dhcp/a9f0eb09-132c-40bd-851a-4a3a70fb346d/opts
Jun 26 16:59:34 gtw01 dnsmasq[30319]: read /var/lib/neutron/dhcp/a9f0eb09-132c-40bd-851a-4a3a70fb346d/addn_hosts - 13 addresses
Jun 26 16:59:34 gtw01 dnsmasq-dhcp[30319]: read /var/lib/neutron/dhcp/a9f0eb09-132c-40bd-851a-4a3a70fb346d/host
Jun 26 16:59:34 gtw01 dnsmasq-dhcp[30319]: read /var/lib/neutron/dhcp/a9f0eb09-132c-40bd-851a-4a3a70fb346d/opts
Jun 26 16:59:35 gtw01 dnsmasq[30319]: read /var/lib/neutron/dhcp/a9f0eb09-132c-40bd-851a-4a3a70fb346d/addn_hosts - 14 addresses
Jun 26 16:59:35 gtw01 dnsmasq-dhcp[30319]: read /var/lib/neutron/dhcp/a9f0eb09-132c-40bd-851a-4a3a70fb346d/host
Jun 26 16:59:35 gtw01 dnsmasq-dhcp[30319]: read /var/lib/neutron/dhcp/a9f0eb09-132c-40bd-851a-4a3a70fb346d/opts
Jun 26 16:59:36 gtw01 dnsmasq[30319]: read /var/lib/neutron/dhcp/a9f0eb09-132c-40bd-851a-4a3a70fb346d/addn_hosts - 14 addresses
Jun 26 16:59:36 gtw01 dnsmasq-dhcp[30319]: read /var/lib/neutron/dhcp/a9f0eb09-132c-40bd-851a-4a3a70fb346d/host
Jun 26 16:59:36 gtw01 dnsmasq-dhcp[30319]: read /var/lib/neutron/dhcp/a9f0eb09-132c-40bd-851a-4a3a70fb346d/opts
Jun 26 16:59:37 gtw01 dnsmasq[30319]: read /var/lib/neutron/dhcp/a9f0eb09-132c-40bd-851a-4a3a70fb346d/addn_hosts - 14 addresses
Jun 26 16:59:37 gtw01 dnsmasq-dhcp[30319]: read /var/lib/neutron/dhcp/a9f0eb09-132c-40bd-851a-4a3a70fb346d/host
Jun 26 16:59:37 gtw01 dnsmasq-dhcp[30319]: read /var/lib/neutron/dhcp/a9f0eb09-132c-40bd-851a-4a3a70fb346d/opts
Jun 26 16:59:38 gtw01 dnsmasq[30319]: read /var/lib/neutron/dhcp/a9f0eb09-132c-40bd-851a-4a3a70fb346d/addn_hosts - 15 addresses
Jun 26 16:59:38 gtw01 dnsmasq-dhcp[30319]: read /var/lib/neutron/dhcp/a9f0eb09-132c-40bd-851a-4a3a70fb346d/host
Jun 26 16:59:38 gtw01 dnsmasq-dhcp[30319]: read /var/lib/neutron/dhcp/a9f0eb09-132c-40bd-851a-4a3a70fb346d/opts
Jun 26 16:59:38 gtw01 dnsmasq-dhcp[30319]: DHCPDISCOVER(tap5714cb85-3e) fa:16:3e:50:1f:3c
Jun 26 16:59:38 gtw01 dnsmasq-dhcp[30319]: DHCPOFFER(tap5714cb85-3e) 192.168.120.9 fa:16:3e:50:1f:3c
Jun 26 16:59:38 gtw01 dnsmasq-dhcp[30319]: DHCPREQUEST(tap5714cb85-3e) 192.168.120.9 fa:16:3e:50:1f:3c
Jun 26 16:59:38 gtw01 dnsmasq-dhcp[30319]: DHCPACK(tap5714cb85-3e) 192.168.120.9 fa:16:3e:50:1f:3c host-192-168-120-9
Jun 26 16:59:38 gtw01 dnsmasq-dhcp[30319]: DHCPDISCOVER(tap5714cb85-3e) fa:16:3e:8b:c2:5d
Jun 26 16:59:38 gtw01 dnsmasq-dhcp[30319]: DHCPOFFER(tap5714cb85-3e) 192.168.120.5 fa:16:3e:8b:c2:5d
Jun 26 16:59:38 gtw01 dnsmasq-dhcp[30319]: DHCPREQUEST(tap5714cb85-3e) 192.168.120.5 fa:16:3e:8b:c2:5d
Jun 26 16:59:38 gtw01 dnsmasq-dhcp[30319]: DHCPACK(tap5714cb85-3e) 192.168.120.5 fa:16:3e:8b:c2:5d host-192-168-120-5
Jun 26 16:59:39 gtw01 dnsmasq[30319]: read /var/lib/neutron/dhcp/a9f0eb09-132c-40bd-851a-4a3a70fb346d/addn_hosts - 16 addresses
Jun 26 16:59:39 gtw01 dnsmasq-dhcp[30319]: read /var/lib/neutron/dhcp/a9f0eb09-132c-40bd-851a-4a3a70fb346d/host
Jun 26 16:59:39 gtw01 dnsmasq-dhcp[30319]: read /var/lib/neutron/dhcp/a9f0eb09-132c-40bd-851a-4a3a70fb346d/opts
Jun 26 16:59:40 gtw01 dnsmasq[30319]: read /var/lib/neutron/dhcp/a9f0eb09-132c-40bd-851a-4a3a70fb346d/addn_hosts - 17 addresses
Jun 26 16:59:40 gtw01 dnsmasq-dhcp[30319]: read /var/lib/neutron/dhcp/a9f0eb09-132c-40bd-851a-4a3a70fb346d/host
Jun 26 16:59:40 gtw01 dnsmasq-dhcp[30319]: read /var/lib/neutron/dhcp/a9f0eb09-132c-40bd-851a-4a3a70fb346d/opts
Jun 26 16:59:40 gtw01 dnsmasq-dhcp[30319]: DHCPDISCOVER(tap5714cb85-3e) fa:16:3e:ff:40:37
Jun 26 16:59:40 gtw01 dnsmasq-dhcp[30319]: DHCPOFFER(tap5714cb85-3e) 192.168.120.4 fa:16:3e:ff:40:37
Jun 26 16:59:40 gtw01 dnsmasq-dhcp[30319]: DHCPREQUEST(tap5714cb85-3e) 192.168.120.4 fa:16:3e:ff:40:37
Jun 26 16:59:40 gtw01 dnsmasq-dhcp[30319]: DHCPACK(tap5714cb85-3e) 192.168.120.4 fa:16:3e:ff:40:37 host-192-168-120-4
Jun 26 16:59:41 gtw01 dnsmasq[30319]: read /var/lib/neutron/dhcp/a9f0eb09-132c-40bd-851a-4a3a70fb346d/addn_hosts - 18 addresses
Jun 26 16:59:41 gtw01 dnsmasq-dhcp[30319]: read /var/lib/neutron/dhcp/a9f0eb09-132c-40bd-851a-4a3a70fb346d/host
Jun 26 16:59:41 gtw01 dnsmasq-dhcp[30319]: read /var/lib/neutron/dhcp/a9f0eb09-132c-40bd-851a-4a3a70fb346d/opts
Jun 26 16:59:42 gtw01 dnsmasq[30319]: read /var/lib/neutron/dhcp/a9f0eb09-132c-40bd-851a-4a3a70fb346d/addn_hosts - 18 addresses
Jun 26 16:59:42 gtw01 dnsmasq-dhcp[30319]: read /var/lib/neutron/dhcp/a9f0eb09-132c-40bd-851a-4a3a70fb346d/host
Jun 26 16:59:42 gtw01 dnsmasq-dhcp[30319]: read /var/lib/neutron/dhcp/a9f0eb09-132c-40bd-851a-4a3a70fb346d/opts
Jun 26 16:59:43 gtw01 dnsmasq[30319]: read /var/lib/neutron/dhcp/a9f0eb09-132c-40bd-851a-4a3a70fb346d/addn_hosts - 18 addresses
Jun 26 16:59:43 gtw01 dnsmasq-dhcp[30319]: read /var/lib/neutron/dhcp/a9f0eb09-132c-40bd-851a-4a3a70fb346d/host
Jun 26 16:59:43 gtw01 dnsmasq-dhcp[30319]: read /var/lib/neutron/dhcp/a9f0eb09-132c-40bd-851a-4a3a70fb346d/opts
Jun 26 16:59:44 gtw01 dnsmasq-dhcp[30319]: DHCPDISCOVER(tap5714cb85-3e) fa:16:3e:6f:f9:cf
Jun 26 16:59:44 gtw01 dnsmasq-dhcp[30319]: DHCPOFFER(tap5714cb85-3e) 192.168.120.6 fa:16:3e:6f:f9:cf
Jun 26 16:59:44 gtw01 dnsmasq[30319]: read /var/lib/neutron/dhcp/a9f0eb09-132c-40bd-851a-4a3a70fb346d/addn_hosts - 18 addresses
Jun 26 16:59:44 gtw01 dnsmasq-dhcp[30319]: read /var/lib/neutron/dhcp/a9f0eb09-132c-40bd-851a-4a3a70fb346d/host
Jun 26 16:59:44 gtw01 dnsmasq-dhcp[30319]: read /var/lib/neutron/dhcp/a9f0eb09-132c-40bd-851a-4a3a70fb346d/opts
Jun 26 16:59:44 gtw01 dnsmasq-dhcp[30319]: DHCPREQUEST(tap5714cb85-3e) 192.168.120.6 fa:16:3e:6f:f9:cf
Jun 26 16:59:44 gtw01 dnsmasq-dhcp[30319]: DHCPACK(tap5714cb85-3e) 192.168.120.6 fa:16:3e:6f:f9:cf host-192-168-120-6
Jun 26 16:59:44 gtw01 dnsmasq-dhcp[30319]: DHCPDISCOVER(tap5714cb85-3e) fa:16:3e:9b:a6:f7
Jun 26 16:59:44 gtw01 dnsmasq-dhcp[30319]: DHCPOFFER(tap5714cb85-3e) 192.168.120.10 fa:16:3e:9b:a6:f7
Jun 26 16:59:44 gtw01 dnsmasq-dhcp[30319]: DHCPREQUEST(tap5714cb85-3e) 192.168.120.10 fa:16:3e:9b:a6:f7
Jun 26 16:59:44 gtw01 dnsmasq-dhcp[30319]: DHCPACK(tap5714cb85-3e) 192.168.120.10 fa:16:3e:9b:a6:f7 host-192-168-120-10
Jun 26 16:59:45 gtw01 dnsmasq[30319]: read /var/lib/neutron/dhcp/a9f0eb09-132c-40bd-851a-4a3a70fb346d/addn_hosts - 18 addresses
Jun 26 16:59:45 gtw01 dnsmasq-dhcp[30319]: read /var/lib/neutron/dhcp/a9f0eb09-132c-40bd-851a-4a3a70fb346d/host
Jun 26 16:59:45 gtw01 dnsmasq-dhcp[30319]: read /var/lib/neutron/dhcp/a9f0eb09-132c-40bd-851a-4a3a70fb346d/opts
Jun 26 16:59:46 gtw01 dnsmasq[30319]: read /var/lib/neutron/dhcp/a9f0eb09-132c-40bd-851a-4a3a70fb346d/addn_hosts - 18 addresses
Jun 26 16:59:46 gtw01 dnsmasq-dhcp[30319]: read /var/lib/neutron/dhcp/a9f0eb09-132c-40bd-851a-4a3a70fb346d/host
Jun 26 16:59:46 gtw01 dnsmasq-dhcp[30319]: read /var/lib/neutron/dhcp/a9f0eb09-132c-40bd-851a-4a3a70fb346d/opts
Jun 26 16:59:46 gtw01 dnsmasq[30319]: read /var/lib/neutron/dhcp/a9f0eb09-132c-40bd-851a-4a3a70fb346d/addn_hosts - 18 addresses
Jun 26 16:59:46 gtw01 dnsmasq-dhcp[30319]: read /var/lib/neutron/dhcp/a9f0eb09-132c-40bd-851a-4a3a70fb346d/host
Jun 26 16:59:46 gtw01 dnsmasq-dhcp[30319]: read /var/lib/neutron/dhcp/a9f0eb09-132c-40bd-851a-4a3a70fb346d/opts
Jun 26 16:59:47 gtw01 dnsmasq[30319]: read /var/lib/neutron/dhcp/a9f0eb09-132c-40bd-851a-4a3a70fb346d/addn_hosts - 18 addresses
Jun 26 16:59:47 gtw01 dnsmasq-dhcp[30319]: read /var/lib/neutron/dhcp/a9f0eb09-132c-40bd-851a-4a3a70fb346d/host
Jun 26 16:59:47 gtw01 dnsmasq-dhcp[30319]: read /var/lib/neutron/dhcp/a9f0eb09-132c-40bd-851a-4a3a70fb346d/opts
Jun 26 16:59:48 gtw01 dnsmasq[30319]: read /var/lib/neutron/dhcp/a9f0eb09-132c-40bd-851a-4a3a70fb346d/addn_hosts - 18 addresses
Jun 26 16:59:48 gtw01 dnsmasq-dhcp[30319]: read /var/lib/neutron/dhcp/a9f0eb09-132c-40bd-851a-4a3a70fb346d/host
Jun 26 16:59:48 gtw01 dnsmasq-dhcp[30319]: read /var/lib/neutron/dhcp/a9f0eb09-132c-40bd-851a-4a3a70fb346d/opts
Jun 26 16:59:49 gtw01 dnsmasq[30319]: read /var/lib/neutron/dhcp/a9f0eb09-132c-40bd-851a-4a3a70fb346d/addn_hosts - 18 addresses
Jun 26 16:59:49 gtw01 dnsmasq-dhcp[30319]: read /var/lib/neutron/dhcp/a9f0eb09-132c-40bd-851a-4a3a70fb346d/host
Jun 26 16:59:49 gtw01 dnsmasq-dhcp[30319]: read /var/lib/neutron/dhcp/a9f0eb09-132c-40bd-851a-4a3a70fb346d/opts
Jun 26 16:59:50 gtw01 dnsmasq[30319]: read /var/lib/neutron/dhcp/a9f0eb09-132c-40bd-851a-4a3a70fb346d/addn_hosts - 18 addresses
Jun 26 16:59:50 gtw01 dnsmasq-dhcp[30319]: read /var/lib/neutron/dhcp/a9f0eb09-132c-40bd-851a-4a3a70fb346d/host
Jun 26 16:59:50 gtw01 dnsmasq-dhcp[30319]: read /var/lib/neutron/dhcp/a9f0eb09-132c-40bd-851a-4a3a70fb346d/opts
Jun 26 16:59:51 gtw01 dnsmasq[30319]: read /var/lib/neutron/dhcp/a9f0eb09-132c-40bd-851a-4a3a70fb346d/addn_hosts - 18 addresses
Jun 26 16:59:51 gtw01 dnsmasq-dhcp[30319]: read /var/lib/neutron/dhcp/a9f0eb09-132c-40bd-851a-4a3a70fb346d/host
Jun 26 16:59:51 gtw01 dnsmasq-dhcp[30319]: read /var/lib/neutron/dhcp/a9f0eb09-132c-40bd-851a-4a3a70fb346d/opts
Jun 26 16:59:52 gtw01 dnsmasq[30319]: read /var/lib/neutron/dhcp/a9f0eb09-132c-40bd-851a-4a3a70fb346d/addn_hosts - 18 addresses
Jun 26 16:59:52 gtw01 dnsmasq-dhcp[30319]: read /var/lib/neutron/dhcp/a9f0eb09-132c-40bd-851a-4a3a70fb346d/host
Jun 26 16:59:52 gtw01 dnsmasq-dhcp[30319]: read /var/lib/neutron/dhcp/a9f0eb09-132c-40bd-851a-4a3a70fb346d/opts
Jun 26 16:59:55 gtw01 dnsmasq[30319]: read /var/lib/neutron/dhcp/a9f0eb09-132c-40bd-851a-4a3a70fb346d/addn_hosts - 19 addresses
Jun 26 16:59:55 gtw01 dnsmasq-dhcp[30319]: read /var/lib/neutron/dhcp/a9f0eb09-132c-40bd-851a-4a3a70fb346d/host
Jun 26 16:59:55 gtw01 dnsmasq-dhcp[30319]: read /var/lib/neutron/dhcp/a9f0eb09-132c-40bd-851a-4a3a70fb346d/opts
Jun 26 16:59:56 gtw01 dnsmasq[30319]: read /var/lib/neutron/dhcp/a9f0eb09-132c-40bd-851a-4a3a70fb346d/addn_hosts - 19 addresses
Jun 26 16:59:56 gtw01 dnsmasq-dhcp[30319]: read /var/lib/neutron/dhcp/a9f0eb09-132c-40bd-851a-4a3a70fb346d/host
Jun 26 16:59:56 gtw01 dnsmasq-dhcp[30319]: read /var/lib/neutron/dhcp/a9f0eb09-132c-40bd-851a-4a3a70fb346d/opts
Jun 26 16:59:57 gtw01 dnsmasq-dhcp[30319]: DHCPDISCOVER(tap5714cb85-3e) fa:16:3e:19:cc:7a
Jun 26 16:59:57 gtw01 dnsmasq-dhcp[30319]: DHCPOFFER(tap5714cb85-3e) 192.168.120.12 fa:16:3e:19:cc:7a
Jun 26 16:59:57 gtw01 dnsmasq-dhcp[30319]: DHCPREQUEST(tap5714cb85-3e) 192.168.120.12 fa:16:3e:19:cc:7a
Jun 26 16:59:57 gtw01 dnsmasq-dhcp[30319]: DHCPACK(tap5714cb85-3e) 192.168.120.12 fa:16:3e:19:cc:7a host-192-168-120-12
Jun 26 16:59:57 gtw01 dnsmasq[30319]: read /var/lib/neutron/dhcp/a9f0eb09-132c-40bd-851a-4a3a70fb346d/addn_hosts - 19 addresses
Jun 26 16:59:57 gtw01 dnsmasq-dhcp[30319]: read /var/lib/neutron/dhcp/a9f0eb09-132c-40bd-851a-4a3a70fb346d/host
Jun 26 16:59:57 gtw01 dnsmasq-dhcp[30319]: read /var/lib/neutron/dhcp/a9f0eb09-132c-40bd-851a-4a3a70fb346d/opts
Jun 26 17:00:01 gtw01 dnsmasq[30319]: read /var/lib/neutron/dhcp/a9f0eb09-132c-40bd-851a-4a3a70fb346d/addn_hosts - 20 addresses
Jun 26 17:00:01 gtw01 dnsmasq-dhcp[30319]: read /var/lib/neutron/dhcp/a9f0eb09-132c-40bd-851a-4a3a70fb346d/host
Jun 26 17:00:01 gtw01 dnsmasq-dhcp[30319]: read /var/lib/neutron/dhcp/a9f0eb09-132c-40bd-851a-4a3a70fb346d/opts
Jun 26 17:00:01 gtw01 dnsmasq[30319]: read /var/lib/neutron/dhcp/a9f0eb09-132c-40bd-851a-4a3a70fb346d/addn_hosts - 21 addresses
Jun 26 17:00:01 gtw01 dnsmasq-dhcp[30319]: read /var/lib/neutron/dhcp/a9f0eb09-132c-40bd-851a-4a3a70fb346d/host
Jun 26 17:00:01 gtw01 dnsmasq-dhcp[30319]: read /var/lib/neutron/dhcp/a9f0eb09-132c-40bd-851a-4a3a70fb346d/opts
Jun 26 17:00:11 gtw01 dnsmasq-dhcp[30319]: DHCPDISCOVER(tap5714cb85-3e) fa:16:3e:19:3b:ff
Jun 26 17:00:11 gtw01 dnsmasq-dhcp[30319]: DHCPOFFER(tap5714cb85-3e) 192.168.120.11 fa:16:3e:19:3b:ff
Jun 26 17:00:11 gtw01 dnsmasq-dhcp[30319]: DHCPREQUEST(tap5714cb85-3e) 192.168.120.11 fa:16:3e:19:3b:ff
Jun 26 17:00:11 gtw01 dnsmasq-dhcp[30319]: DHCPACK(tap5714cb85-3e) 192.168.120.11 fa:16:3e:19:3b:ff host-192-168-120-11
Jun 26 17:00:11 gtw01 dnsmasq[30319]: read /var/lib/neutron/dhcp/a9f0eb09-132c-40bd-851a-4a3a70fb346d/addn_hosts - 21 addresses
Jun 26 17:00:11 gtw01 dnsmasq-dhcp[30319]: read /var/lib/neutron/dhcp/a9f0eb09-132c-40bd-851a-4a3a70fb346d/host
Jun 26 17:00:11 gtw01 dnsmasq-dhcp[30319]: read /var/lib/neutron/dhcp/a9f0eb09-132c-40bd-851a-4a3a70fb346d/opts
Jun 26 17:00:11 gtw01 dnsmasq-dhcp[30319]: DHCPDISCOVER(tap5714cb85-3e) fa:16:3e:aa:12:57
Jun 26 17:00:11 gtw01 dnsmasq-dhcp[30319]: DHCPOFFER(tap5714cb85-3e) 192.168.120.19 fa:16:3e:aa:12:57
Jun 26 17:00:11 gtw01 dnsmasq-dhcp[30319]: DHCPREQUEST(tap5714cb85-3e) 192.168.120.19 fa:16:3e:aa:12:57
Jun 26 17:00:11 gtw01 dnsmasq-dhcp[30319]: DHCPACK(tap5714cb85-3e) 192.168.120.19 fa:16:3e:aa:12:57 host-192-168-120-19
Jun 26 17:00:12 gtw01 dnsmasq[30319]: read /var/lib/neutron/dhcp/a9f0eb09-132c-40bd-851a-4a3a70fb346d/addn_hosts - 21 addresses
Jun 26 17:00:12 gtw01 dnsmasq-dhcp[30319]: read /var/lib/neutron/dhcp/a9f0eb09-132c-40bd-851a-4a3a70fb346d/host
Jun 26 17:00:12 gtw01 dnsmasq-dhcp[30319]: read /var/lib/neutron/dhcp/a9f0eb09-132c-40bd-851a-4a3a70fb346d/opts
Jun 26 17:00:13 gtw01 dnsmasq[30319]: read /var/lib/neutron/dhcp/a9f0eb09-132c-40bd-851a-4a3a70fb346d/addn_hosts - 21 addresses
Jun 26 17:00:13 gtw01 dnsmasq-dhcp[30319]: read /var/lib/neutron/dhcp/a9f0eb09-132c-40bd-851a-4a3a70fb346d/host
