Jun 26 15:36:44 gtw01 dnsmasq-dhcp[13539]: read /var/lib/neutron/dhcp/d765e915-7e35-4ce5-8375-1c25751a4bfe/opts
Jun 26 15:36:45 gtw01 dnsmasq[13539]: read /var/lib/neutron/dhcp/d765e915-7e35-4ce5-8375-1c25751a4bfe/addn_hosts - 2 addresses
Jun 26 15:36:45 gtw01 dnsmasq-dhcp[13539]: read /var/lib/neutron/dhcp/d765e915-7e35-4ce5-8375-1c25751a4bfe/host
Jun 26 15:36:45 gtw01 dnsmasq-dhcp[13539]: read /var/lib/neutron/dhcp/d765e915-7e35-4ce5-8375-1c25751a4bfe/opts
Jun 26 15:36:46 gtw01 kernel: [ 6278.745630] device tap16578210-cd entered promiscuous mode
Jun 26 15:36:46 gtw01 systemd-udevd[13610]: Could not generate persistent MAC address for tap16578210-cd: No such file or directory
Jun 26 15:36:46 gtw01 systemd-udevd[13610]: Process '/sbin/ip link set tap16578210-cd txqueuelen 10000' failed with exit code 1.
Jun 26 15:36:46 gtw01 systemd-udevd[13610]: Process '/sbin/ip link set tap16578210-cd txqueuelen 10000' failed with exit code 1.
Jun 26 15:36:46 gtw01 dnsmasq[13539]: read /var/lib/neutron/dhcp/d765e915-7e35-4ce5-8375-1c25751a4bfe/addn_hosts - 2 addresses
Jun 26 15:36:46 gtw01 dnsmasq-dhcp[13539]: read /var/lib/neutron/dhcp/d765e915-7e35-4ce5-8375-1c25751a4bfe/host
Jun 26 15:36:46 gtw01 dnsmasq-dhcp[13539]: read /var/lib/neutron/dhcp/d765e915-7e35-4ce5-8375-1c25751a4bfe/opts
Jun 26 15:36:47 gtw01 dnsmasq[13539]: read /var/lib/neutron/dhcp/d765e915-7e35-4ce5-8375-1c25751a4bfe/addn_hosts - 2 addresses
Jun 26 15:36:47 gtw01 dnsmasq-dhcp[13539]: read /var/lib/neutron/dhcp/d765e915-7e35-4ce5-8375-1c25751a4bfe/host
Jun 26 15:36:47 gtw01 dnsmasq-dhcp[13539]: read /var/lib/neutron/dhcp/d765e915-7e35-4ce5-8375-1c25751a4bfe/opts
Jun 26 15:36:49 gtw01 dnsmasq[13781]: started, version 2.80 cachesize 150
Jun 26 15:36:49 gtw01 dnsmasq[13781]: DNS service limited to local subnets
Jun 26 15:36:49 gtw01 dnsmasq[13781]: compile time options: IPv6 GNU-getopt DBus i18n IDN DHCP DHCPv6 no-Lua TFTP conntrack ipset auth DNSSEC loop-detect inotify dumpfile
Jun 26 15:36:49 gtw01 dnsmasq[13781]: warning: no upstream servers configured
Jun 26 15:36:49 gtw01 dnsmasq-dhcp[13781]: DHCP, static leases only on 192.168.120.0, lease time 1h
Jun 26 15:36:49 gtw01 dnsmasq[13781]: read /var/lib/neutron/dhcp/81b20fe1-d10e-478a-8214-20c855dfa8b9/addn_hosts - 1 addresses
Jun 26 15:36:49 gtw01 dnsmasq-dhcp[13781]: read /var/lib/neutron/dhcp/81b20fe1-d10e-478a-8214-20c855dfa8b9/host
Jun 26 15:36:49 gtw01 dnsmasq-dhcp[13781]: read /var/lib/neutron/dhcp/81b20fe1-d10e-478a-8214-20c855dfa8b9/opts
Jun 26 15:36:49 gtw01 haproxy-metadata-proxy-81b20fe1-d10e-478a-8214-20c855dfa8b9[13785]: Proxy listener started.
Jun 26 15:36:50 gtw01 dnsmasq[13781]: read /var/lib/neutron/dhcp/81b20fe1-d10e-478a-8214-20c855dfa8b9/addn_hosts - 2 addresses
Jun 26 15:36:50 gtw01 dnsmasq-dhcp[13781]: read /var/lib/neutron/dhcp/81b20fe1-d10e-478a-8214-20c855dfa8b9/host
Jun 26 15:36:50 gtw01 dnsmasq-dhcp[13781]: read /var/lib/neutron/dhcp/81b20fe1-d10e-478a-8214-20c855dfa8b9/opts
Jun 26 15:36:51 gtw01 dnsmasq[13781]: read /var/lib/neutron/dhcp/81b20fe1-d10e-478a-8214-20c855dfa8b9/addn_hosts - 2 addresses
Jun 26 15:36:51 gtw01 dnsmasq-dhcp[13781]: read /var/lib/neutron/dhcp/81b20fe1-d10e-478a-8214-20c855dfa8b9/host
Jun 26 15:36:51 gtw01 dnsmasq-dhcp[13781]: read /var/lib/neutron/dhcp/81b20fe1-d10e-478a-8214-20c855dfa8b9/opts
Jun 26 15:36:52 gtw01 dnsmasq[13781]: read /var/lib/neutron/dhcp/81b20fe1-d10e-478a-8214-20c855dfa8b9/addn_hosts - 2 addresses
Jun 26 15:36:52 gtw01 dnsmasq-dhcp[13781]: read /var/lib/neutron/dhcp/81b20fe1-d10e-478a-8214-20c855dfa8b9/host
Jun 26 15:36:52 gtw01 dnsmasq-dhcp[13781]: read /var/lib/neutron/dhcp/81b20fe1-d10e-478a-8214-20c855dfa8b9/opts
Jun 26 15:36:53 gtw01 dnsmasq[13539]: read /var/lib/neutron/dhcp/d765e915-7e35-4ce5-8375-1c25751a4bfe/addn_hosts - 3 addresses
Jun 26 15:36:53 gtw01 dnsmasq-dhcp[13539]: read /var/lib/neutron/dhcp/d765e915-7e35-4ce5-8375-1c25751a4bfe/host
Jun 26 15:36:53 gtw01 dnsmasq-dhcp[13539]: read /var/lib/neutron/dhcp/d765e915-7e35-4ce5-8375-1c25751a4bfe/opts
Jun 26 15:36:53 gtw01 dnsmasq[13781]: read /var/lib/neutron/dhcp/81b20fe1-d10e-478a-8214-20c855dfa8b9/addn_hosts - 2 addresses
Jun 26 15:36:53 gtw01 dnsmasq-dhcp[13781]: read /var/lib/neutron/dhcp/81b20fe1-d10e-478a-8214-20c855dfa8b9/host
Jun 26 15:36:53 gtw01 dnsmasq-dhcp[13781]: read /var/lib/neutron/dhcp/81b20fe1-d10e-478a-8214-20c855dfa8b9/opts
Jun 26 15:36:54 gtw01 dnsmasq[13539]: read /var/lib/neutron/dhcp/d765e915-7e35-4ce5-8375-1c25751a4bfe/addn_hosts - 3 addresses
Jun 26 15:36:54 gtw01 dnsmasq-dhcp[13539]: read /var/lib/neutron/dhcp/d765e915-7e35-4ce5-8375-1c25751a4bfe/host
Jun 26 15:36:54 gtw01 dnsmasq-dhcp[13539]: read /var/lib/neutron/dhcp/d765e915-7e35-4ce5-8375-1c25751a4bfe/opts
Jun 26 15:36:54 gtw01 dnsmasq[13781]: read /var/lib/neutron/dhcp/81b20fe1-d10e-478a-8214-20c855dfa8b9/addn_hosts - 2 addresses
Jun 26 15:36:54 gtw01 dnsmasq-dhcp[13781]: read /var/lib/neutron/dhcp/81b20fe1-d10e-478a-8214-20c855dfa8b9/host
Jun 26 15:36:54 gtw01 dnsmasq-dhcp[13781]: read /var/lib/neutron/dhcp/81b20fe1-d10e-478a-8214-20c855dfa8b9/opts
Jun 26 15:36:55 gtw01 dnsmasq[13539]: read /var/lib/neutron/dhcp/d765e915-7e35-4ce5-8375-1c25751a4bfe/addn_hosts - 3 addresses
Jun 26 15:36:55 gtw01 dnsmasq-dhcp[13539]: read /var/lib/neutron/dhcp/d765e915-7e35-4ce5-8375-1c25751a4bfe/host
Jun 26 15:36:55 gtw01 dnsmasq-dhcp[13539]: read /var/lib/neutron/dhcp/d765e915-7e35-4ce5-8375-1c25751a4bfe/opts
Jun 26 15:36:55 gtw01 kernel: [ 6288.207264] device tap16578210-cd left promiscuous mode
Jun 26 15:36:59 gtw01 dnsmasq-dhcp[12732]: DHCPDISCOVER(tap860c8cde-87) fa:16:3e:7b:65:9a
Jun 26 15:36:59 gtw01 dnsmasq-dhcp[12732]: DHCPOFFER(tap860c8cde-87) 192.168.120.8 fa:16:3e:7b:65:9a
Jun 26 15:36:59 gtw01 dnsmasq-dhcp[12732]: DHCPREQUEST(tap860c8cde-87) 192.168.120.8 fa:16:3e:7b:65:9a
Jun 26 15:36:59 gtw01 dnsmasq-dhcp[12732]: DHCPACK(tap860c8cde-87) 192.168.120.8 fa:16:3e:7b:65:9a host-192-168-120-8
Jun 26 15:37:04 gtw01 kernel: [ 6297.469656] device tap92bbd38e-20 entered promiscuous mode
Jun 26 15:37:04 gtw01 systemd-udevd[13945]: Process '/sbin/ip link set tap92bbd38e-20 txqueuelen 10000' failed with exit code 1.
Jun 26 15:37:05 gtw01 systemd-udevd[14020]: Process '/sbin/ip link set tap92bbd38e-20 txqueuelen 10000' failed with exit code 1.
Jun 26 15:37:07 gtw01 dnsmasq-dhcp[13539]: DHCPDISCOVER(tapbef3e90a-2c) fa:16:3e:fb:e7:16
Jun 26 15:37:07 gtw01 dnsmasq-dhcp[13539]: DHCPOFFER(tapbef3e90a-2c) 192.168.120.6 fa:16:3e:fb:e7:16
Jun 26 15:37:07 gtw01 dnsmasq-dhcp[13539]: DHCPREQUEST(tapbef3e90a-2c) 192.168.120.6 fa:16:3e:fb:e7:16
Jun 26 15:37:07 gtw01 dnsmasq-dhcp[13539]: DHCPACK(tapbef3e90a-2c) 192.168.120.6 fa:16:3e:fb:e7:16 host-192-168-120-6
Jun 26 15:37:08 gtw01 dnsmasq[14087]: started, version 2.80 cachesize 150
Jun 26 15:37:08 gtw01 dnsmasq[14087]: DNS service limited to local subnets
Jun 26 15:37:08 gtw01 dnsmasq[14087]: compile time options: IPv6 GNU-getopt DBus i18n IDN DHCP DHCPv6 no-Lua TFTP conntrack ipset auth DNSSEC loop-detect inotify dumpfile
Jun 26 15:37:08 gtw01 dnsmasq[14087]: warning: no upstream servers configured
Jun 26 15:37:08 gtw01 dnsmasq-dhcp[14087]: DHCP, static leases only on 192.168.120.0, lease time 1h
Jun 26 15:37:08 gtw01 dnsmasq[14087]: read /var/lib/neutron/dhcp/13abd183-4efd-47c3-9d16-ba8e94eafdc3/addn_hosts - 1 addresses
Jun 26 15:37:08 gtw01 dnsmasq-dhcp[14087]: read /var/lib/neutron/dhcp/13abd183-4efd-47c3-9d16-ba8e94eafdc3/host
Jun 26 15:37:08 gtw01 dnsmasq-dhcp[14087]: read /var/lib/neutron/dhcp/13abd183-4efd-47c3-9d16-ba8e94eafdc3/opts
Jun 26 15:37:08 gtw01 haproxy-metadata-proxy-13abd183-4efd-47c3-9d16-ba8e94eafdc3[14095]: Proxy listener started.
Jun 26 15:37:08 gtw01 kernel: [ 6301.315953] device tapcd67ec23-cf entered promiscuous mode
Jun 26 15:37:08 gtw01 systemd-udevd[14106]: Could not generate persistent MAC address for tapcd67ec23-cf: No such file or directory
Jun 26 15:37:08 gtw01 systemd-udevd[14106]: Process '/sbin/ip link set tapcd67ec23-cf txqueuelen 10000' failed with exit code 1.
Jun 26 15:37:08 gtw01 systemd-udevd[14106]: Process '/sbin/ip link set tapcd67ec23-cf txqueuelen 10000' failed with exit code 1.
Jun 26 15:37:09 gtw01 dnsmasq[14087]: read /var/lib/neutron/dhcp/13abd183-4efd-47c3-9d16-ba8e94eafdc3/addn_hosts - 2 addresses
Jun 26 15:37:09 gtw01 dnsmasq-dhcp[14087]: read /var/lib/neutron/dhcp/13abd183-4efd-47c3-9d16-ba8e94eafdc3/host
Jun 26 15:37:09 gtw01 dnsmasq-dhcp[14087]: read /var/lib/neutron/dhcp/13abd183-4efd-47c3-9d16-ba8e94eafdc3/opts
Jun 26 15:37:10 gtw01 dnsmasq[14087]: read /var/lib/neutron/dhcp/13abd183-4efd-47c3-9d16-ba8e94eafdc3/addn_hosts - 2 addresses
Jun 26 15:37:10 gtw01 dnsmasq-dhcp[14087]: read /var/lib/neutron/dhcp/13abd183-4efd-47c3-9d16-ba8e94eafdc3/host
Jun 26 15:37:10 gtw01 dnsmasq-dhcp[14087]: read /var/lib/neutron/dhcp/13abd183-4efd-47c3-9d16-ba8e94eafdc3/opts
Jun 26 15:37:11 gtw01 dnsmasq[14087]: read /var/lib/neutron/dhcp/13abd183-4efd-47c3-9d16-ba8e94eafdc3/addn_hosts - 2 addresses
Jun 26 15:37:11 gtw01 dnsmasq-dhcp[14087]: read /var/lib/neutron/dhcp/13abd183-4efd-47c3-9d16-ba8e94eafdc3/host
Jun 26 15:37:11 gtw01 dnsmasq-dhcp[14087]: read /var/lib/neutron/dhcp/13abd183-4efd-47c3-9d16-ba8e94eafdc3/opts
Jun 26 15:37:12 gtw01 dnsmasq[14300]: started, version 2.80 cachesize 150
Jun 26 15:37:12 gtw01 dnsmasq[14300]: DNS service limited to local subnets
Jun 26 15:37:12 gtw01 dnsmasq[14300]: compile time options: IPv6 GNU-getopt DBus i18n IDN DHCP DHCPv6 no-Lua TFTP conntrack ipset auth DNSSEC loop-detect inotify dumpfile
Jun 26 15:37:12 gtw01 dnsmasq[14300]: warning: no upstream servers configured
Jun 26 15:37:12 gtw01 dnsmasq-dhcp[14300]: DHCP, static leases only on 192.168.121.0, lease time 1h
Jun 26 15:37:12 gtw01 dnsmasq[14300]: read /var/lib/neutron/dhcp/e5071697-97c6-4854-b856-a9323dcdba75/addn_hosts - 1 addresses
Jun 26 15:37:12 gtw01 dnsmasq-dhcp[14300]: read /var/lib/neutron/dhcp/e5071697-97c6-4854-b856-a9323dcdba75/host
Jun 26 15:37:12 gtw01 dnsmasq-dhcp[14300]: read /var/lib/neutron/dhcp/e5071697-97c6-4854-b856-a9323dcdba75/opts
Jun 26 15:37:12 gtw01 dnsmasq[14087]: read /var/lib/neutron/dhcp/13abd183-4efd-47c3-9d16-ba8e94eafdc3/addn_hosts - 2 addresses
Jun 26 15:37:12 gtw01 dnsmasq-dhcp[14087]: read /var/lib/neutron/dhcp/13abd183-4efd-47c3-9d16-ba8e94eafdc3/host
Jun 26 15:37:12 gtw01 dnsmasq-dhcp[14087]: read /var/lib/neutron/dhcp/13abd183-4efd-47c3-9d16-ba8e94eafdc3/opts
Jun 26 15:37:12 gtw01 haproxy-metadata-proxy-e5071697-97c6-4854-b856-a9323dcdba75[14313]: Proxy listener started.
Jun 26 15:37:13 gtw01 kernel: [ 6305.641102] device tapd9e42617-8c entered promiscuous mode
Jun 26 15:37:13 gtw01 systemd-udevd[14331]: Could not generate persistent MAC address for tapd9e42617-8c: No such file or directory
Jun 26 15:37:13 gtw01 systemd-udevd[14331]: Process '/sbin/ip link set tapd9e42617-8c txqueuelen 10000' failed with exit code 1.
Jun 26 15:37:13 gtw01 systemd-udevd[14331]: Process '/sbin/ip link set tapd9e42617-8c txqueuelen 10000' failed with exit code 1.
Jun 26 15:37:13 gtw01 dnsmasq-dhcp[13539]: DHCPRELEASE(tapbef3e90a-2c) 192.168.120.6 fa:16:3e:fb:e7:16
Jun 26 15:37:13 gtw01 dnsmasq-dhcp[13539]: DHCPRELEASE(tapbef3e90a-2c) 192.168.120.6 fa:16:3e:fb:e7:16 unknown lease
Jun 26 15:37:13 gtw01 dnsmasq[14300]: read /var/lib/neutron/dhcp/e5071697-97c6-4854-b856-a9323dcdba75/addn_hosts - 2 addresses
Jun 26 15:37:13 gtw01 dnsmasq-dhcp[14300]: read /var/lib/neutron/dhcp/e5071697-97c6-4854-b856-a9323dcdba75/host
Jun 26 15:37:13 gtw01 dnsmasq-dhcp[14300]: read /var/lib/neutron/dhcp/e5071697-97c6-4854-b856-a9323dcdba75/opts
Jun 26 15:37:14 gtw01 dnsmasq[14087]: read /var/lib/neutron/dhcp/13abd183-4efd-47c3-9d16-ba8e94eafdc3/addn_hosts - 2 addresses
Jun 26 15:37:14 gtw01 dnsmasq-dhcp[14087]: read /var/lib/neutron/dhcp/13abd183-4efd-47c3-9d16-ba8e94eafdc3/host
Jun 26 15:37:14 gtw01 dnsmasq-dhcp[14087]: read /var/lib/neutron/dhcp/13abd183-4efd-47c3-9d16-ba8e94eafdc3/opts
Jun 26 15:37:14 gtw01 dnsmasq[13539]: read /var/lib/neutron/dhcp/d765e915-7e35-4ce5-8375-1c25751a4bfe/addn_hosts - 2 addresses
Jun 26 15:37:14 gtw01 dnsmasq-dhcp[13539]: read /var/lib/neutron/dhcp/d765e915-7e35-4ce5-8375-1c25751a4bfe/host
Jun 26 15:37:14 gtw01 dnsmasq-dhcp[13539]: read /var/lib/neutron/dhcp/d765e915-7e35-4ce5-8375-1c25751a4bfe/opts
Jun 26 15:37:15 gtw01 dnsmasq[14300]: read /var/lib/neutron/dhcp/e5071697-97c6-4854-b856-a9323dcdba75/addn_hosts - 2 addresses
Jun 26 15:37:15 gtw01 dnsmasq-dhcp[14300]: read /var/lib/neutron/dhcp/e5071697-97c6-4854-b856-a9323dcdba75/host
Jun 26 15:37:15 gtw01 dnsmasq-dhcp[14300]: read /var/lib/neutron/dhcp/e5071697-97c6-4854-b856-a9323dcdba75/opts
Jun 26 15:37:16 gtw01 dnsmasq[14300]: read /var/lib/neutron/dhcp/e5071697-97c6-4854-b856-a9323dcdba75/addn_hosts - 2 addresses
Jun 26 15:37:16 gtw01 dnsmasq-dhcp[14300]: read /var/lib/neutron/dhcp/e5071697-97c6-4854-b856-a9323dcdba75/host
Jun 26 15:37:16 gtw01 dnsmasq-dhcp[14300]: read /var/lib/neutron/dhcp/e5071697-97c6-4854-b856-a9323dcdba75/opts
Jun 26 15:37:17 gtw01 dnsmasq[13539]: read /var/lib/neutron/dhcp/d765e915-7e35-4ce5-8375-1c25751a4bfe/addn_hosts - 1 addresses
Jun 26 15:37:17 gtw01 dnsmasq-dhcp[13539]: read /var/lib/neutron/dhcp/d765e915-7e35-4ce5-8375-1c25751a4bfe/host
Jun 26 15:37:17 gtw01 dnsmasq-dhcp[13539]: read /var/lib/neutron/dhcp/d765e915-7e35-4ce5-8375-1c25751a4bfe/opts
Jun 26 15:37:17 gtw01 dnsmasq[14592]: started, version 2.80 cachesize 150
Jun 26 15:37:17 gtw01 dnsmasq[14592]: DNS service limited to local subnets
Jun 26 15:37:17 gtw01 dnsmasq[14592]: compile time options: IPv6 GNU-getopt DBus i18n IDN DHCP DHCPv6 no-Lua TFTP conntrack ipset auth DNSSEC loop-detect inotify dumpfile
Jun 26 15:37:17 gtw01 dnsmasq[14592]: warning: no upstream servers configured
Jun 26 15:37:17 gtw01 dnsmasq-dhcp[14592]: DHCP, static leases only on 192.168.122.0, lease time 1h
Jun 26 15:37:17 gtw01 dnsmasq[14592]: read /var/lib/neutron/dhcp/36f77ad6-37ae-4ff4-942d-cbbfc313d907/addn_hosts - 1 addresses
Jun 26 15:37:17 gtw01 dnsmasq-dhcp[14592]: read /var/lib/neutron/dhcp/36f77ad6-37ae-4ff4-942d-cbbfc313d907/host
Jun 26 15:37:17 gtw01 dnsmasq-dhcp[14592]: read /var/lib/neutron/dhcp/36f77ad6-37ae-4ff4-942d-cbbfc313d907/opts
Jun 26 15:37:17 gtw01 dnsmasq[14300]: read /var/lib/neutron/dhcp/e5071697-97c6-4854-b856-a9323dcdba75/addn_hosts - 2 addresses
Jun 26 15:37:17 gtw01 dnsmasq-dhcp[14300]: read /var/lib/neutron/dhcp/e5071697-97c6-4854-b856-a9323dcdba75/host
Jun 26 15:37:17 gtw01 dnsmasq-dhcp[14300]: read /var/lib/neutron/dhcp/e5071697-97c6-4854-b856-a9323dcdba75/opts
Jun 26 15:37:17 gtw01 kernel: [ 6310.596502] device tap4ee0e852-00 entered promiscuous mode
Jun 26 15:37:18 gtw01 haproxy-metadata-proxy-36f77ad6-37ae-4ff4-942d-cbbfc313d907[14620]: Proxy listener started.
Jun 26 15:37:18 gtw01 systemd-udevd[14610]: Process '/sbin/ip link set tap4ee0e852-00 txqueuelen 10000' failed with exit code 1.
Jun 26 15:37:18 gtw01 systemd-udevd[14691]: Process '/sbin/ip link set tap4ee0e852-00 txqueuelen 10000' failed with exit code 1.
Jun 26 15:37:19 gtw01 dnsmasq[14592]: read /var/lib/neutron/dhcp/36f77ad6-37ae-4ff4-942d-cbbfc313d907/addn_hosts - 2 addresses
Jun 26 15:37:19 gtw01 dnsmasq-dhcp[14592]: read /var/lib/neutron/dhcp/36f77ad6-37ae-4ff4-942d-cbbfc313d907/host
Jun 26 15:37:19 gtw01 dnsmasq-dhcp[14592]: read /var/lib/neutron/dhcp/36f77ad6-37ae-4ff4-942d-cbbfc313d907/opts
Jun 26 15:37:19 gtw01 dnsmasq[14300]: read /var/lib/neutron/dhcp/e5071697-97c6-4854-b856-a9323dcdba75/addn_hosts - 2 addresses
Jun 26 15:37:19 gtw01 dnsmasq-dhcp[14300]: read /var/lib/neutron/dhcp/e5071697-97c6-4854-b856-a9323dcdba75/host
Jun 26 15:37:19 gtw01 dnsmasq-dhcp[14300]: read /var/lib/neutron/dhcp/e5071697-97c6-4854-b856-a9323dcdba75/opts
Jun 26 15:37:20 gtw01 dnsmasq-dhcp[12732]: DHCPDISCOVER(tap860c8cde-87) fa:16:3e:7b:65:9a
Jun 26 15:37:20 gtw01 dnsmasq-dhcp[12732]: DHCPOFFER(tap860c8cde-87) 192.168.120.8 fa:16:3e:7b:65:9a
Jun 26 15:37:20 gtw01 dnsmasq-dhcp[12732]: DHCPREQUEST(tap860c8cde-87) 192.168.120.8 fa:16:3e:7b:65:9a
Jun 26 15:37:20 gtw01 dnsmasq-dhcp[12732]: DHCPACK(tap860c8cde-87) 192.168.120.8 fa:16:3e:7b:65:9a host-192-168-120-8
Jun 26 15:37:20 gtw01 dnsmasq[14592]: read /var/lib/neutron/dhcp/36f77ad6-37ae-4ff4-942d-cbbfc313d907/addn_hosts - 2 addresses
Jun 26 15:37:20 gtw01 dnsmasq-dhcp[14592]: read /var/lib/neutron/dhcp/36f77ad6-37ae-4ff4-942d-cbbfc313d907/host
Jun 26 15:37:20 gtw01 dnsmasq-dhcp[14592]: read /var/lib/neutron/dhcp/36f77ad6-37ae-4ff4-942d-cbbfc313d907/opts
Jun 26 15:37:21 gtw01 dnsmasq[14592]: read /var/lib/neutron/dhcp/36f77ad6-37ae-4ff4-942d-cbbfc313d907/addn_hosts - 2 addresses
Jun 26 15:37:21 gtw01 dnsmasq-dhcp[14592]: read /var/lib/neutron/dhcp/36f77ad6-37ae-4ff4-942d-cbbfc313d907/host
Jun 26 15:37:21 gtw01 dnsmasq-dhcp[14592]: read /var/lib/neutron/dhcp/36f77ad6-37ae-4ff4-942d-cbbfc313d907/opts
Jun 26 15:37:21 gtw01 kernel: [ 6314.488816] device tapbef3e90a-2c left promiscuous mode
Jun 26 15:37:22 gtw01 dnsmasq[14835]: started, version 2.80 cachesize 150
Jun 26 15:37:22 gtw01 dnsmasq[14835]: DNS service limited to local subnets
Jun 26 15:37:22 gtw01 dnsmasq[14835]: compile time options: IPv6 GNU-getopt DBus i18n IDN DHCP DHCPv6 no-Lua TFTP conntrack ipset auth DNSSEC loop-detect inotify dumpfile
Jun 26 15:37:22 gtw01 dnsmasq[14835]: warning: no upstream servers configured
Jun 26 15:37:22 gtw01 dnsmasq-dhcp[14835]: DHCP, static leases only on 192.168.123.0, lease time 1h
Jun 26 15:37:22 gtw01 dnsmasq[14835]: read /var/lib/neutron/dhcp/8f416579-226c-4cf7-bcad-79015aee148d/addn_hosts - 1 addresses
Jun 26 15:37:22 gtw01 dnsmasq-dhcp[14835]: read /var/lib/neutron/dhcp/8f416579-226c-4cf7-bcad-79015aee148d/host
Jun 26 15:37:22 gtw01 dnsmasq-dhcp[14835]: read /var/lib/neutron/dhcp/8f416579-226c-4cf7-bcad-79015aee148d/opts
Jun 26 15:37:22 gtw01 haproxy-metadata-proxy-8f416579-226c-4cf7-bcad-79015aee148d[14842]: Proxy listener started.
Jun 26 15:37:22 gtw01 dnsmasq[14592]: read /var/lib/neutron/dhcp/36f77ad6-37ae-4ff4-942d-cbbfc313d907/addn_hosts - 2 addresses
Jun 26 15:37:22 gtw01 dnsmasq-dhcp[14592]: read /var/lib/neutron/dhcp/36f77ad6-37ae-4ff4-942d-cbbfc313d907/host
Jun 26 15:37:22 gtw01 dnsmasq-dhcp[14592]: read /var/lib/neutron/dhcp/36f77ad6-37ae-4ff4-942d-cbbfc313d907/opts
Jun 26 15:37:23 gtw01 dnsmasq[14835]: read /var/lib/neutron/dhcp/8f416579-226c-4cf7-bcad-79015aee148d/addn_hosts - 1 addresses
Jun 26 15:37:23 gtw01 dnsmasq-dhcp[14835]: read /var/lib/neutron/dhcp/8f416579-226c-4cf7-bcad-79015aee148d/host
Jun 26 15:37:23 gtw01 dnsmasq-dhcp[14835]: read /var/lib/neutron/dhcp/8f416579-226c-4cf7-bcad-79015aee148d/opts
Jun 26 15:37:23 gtw01 dnsmasq[14592]: read /var/lib/neutron/dhcp/36f77ad6-37ae-4ff4-942d-cbbfc313d907/addn_hosts - 2 addresses
Jun 26 15:37:23 gtw01 dnsmasq-dhcp[14592]: read /var/lib/neutron/dhcp/36f77ad6-37ae-4ff4-942d-cbbfc313d907/host
Jun 26 15:37:23 gtw01 dnsmasq-dhcp[14592]: read /var/lib/neutron/dhcp/36f77ad6-37ae-4ff4-942d-cbbfc313d907/opts
Jun 26 15:37:24 gtw01 dnsmasq[14835]: read /var/lib/neutron/dhcp/8f416579-226c-4cf7-bcad-79015aee148d/addn_hosts - 1 addresses
Jun 26 15:37:24 gtw01 dnsmasq-dhcp[14835]: read /var/lib/neutron/dhcp/8f416579-226c-4cf7-bcad-79015aee148d/host
Jun 26 15:37:24 gtw01 dnsmasq-dhcp[14835]: read /var/lib/neutron/dhcp/8f416579-226c-4cf7-bcad-79015aee148d/opts
Jun 26 15:37:25 gtw01 kernel: [ 6317.972959] device tap4ee0e852-00 left promiscuous mode
Jun 26 15:37:28 gtw01 dnsmasq-dhcp[12732]: DHCPRELEASE(tap860c8cde-87) 192.168.120.8 fa:16:3e:7b:65:9a
Jun 26 15:37:28 gtw01 dnsmasq[14592]: read /var/lib/neutron/dhcp/36f77ad6-37ae-4ff4-942d-cbbfc313d907/addn_hosts - 1 addresses
Jun 26 15:37:28 gtw01 dnsmasq-dhcp[14592]: read /var/lib/neutron/dhcp/36f77ad6-37ae-4ff4-942d-cbbfc313d907/host
Jun 26 15:37:28 gtw01 dnsmasq-dhcp[14592]: read /var/lib/neutron/dhcp/36f77ad6-37ae-4ff4-942d-cbbfc313d907/opts
Jun 26 15:37:29 gtw01 kernel: [ 6322.417018] device tapc84daca5-25 entered promiscuous mode
Jun 26 15:37:29 gtw01 systemd-udevd[14949]: Could not generate persistent MAC address for tapc84daca5-25: No such file or directory
Jun 26 15:37:29 gtw01 systemd-udevd[14949]: Process '/sbin/ip link set tapc84daca5-25 txqueuelen 10000' failed with exit code 1.
Jun 26 15:37:29 gtw01 systemd-udevd[14949]: Process '/sbin/ip link set tapc84daca5-25 txqueuelen 10000' failed with exit code 1.
Jun 26 15:37:31 gtw01 kernel: [ 6324.289142] device tapd9e42617-8c left promiscuous mode
Jun 26 15:37:33 gtw01 dnsmasq[15092]: started, version 2.80 cachesize 150
Jun 26 15:37:33 gtw01 dnsmasq[15092]: DNS service limited to local subnets
Jun 26 15:37:33 gtw01 dnsmasq[15092]: compile time options: IPv6 GNU-getopt DBus i18n IDN DHCP DHCPv6 no-Lua TFTP conntrack ipset auth DNSSEC loop-detect inotify dumpfile
Jun 26 15:37:33 gtw01 dnsmasq[15092]: warning: no upstream servers configured
Jun 26 15:37:33 gtw01 dnsmasq-dhcp[15092]: DHCP, static leases only on 192.168.120.0, lease time 1h
Jun 26 15:37:33 gtw01 dnsmasq[15092]: read /var/lib/neutron/dhcp/5d95ef15-3196-4f03-b194-2f5deeff3b4a/addn_hosts - 1 addresses
Jun 26 15:37:33 gtw01 dnsmasq-dhcp[15092]: read /var/lib/neutron/dhcp/5d95ef15-3196-4f03-b194-2f5deeff3b4a/host
Jun 26 15:37:33 gtw01 dnsmasq-dhcp[15092]: read /var/lib/neutron/dhcp/5d95ef15-3196-4f03-b194-2f5deeff3b4a/opts
Jun 26 15:37:33 gtw01 haproxy-metadata-proxy-5d95ef15-3196-4f03-b194-2f5deeff3b4a[15096]: Proxy listener started.
Jun 26 15:37:34 gtw01 dnsmasq[15092]: read /var/lib/neutron/dhcp/5d95ef15-3196-4f03-b194-2f5deeff3b4a/addn_hosts - 2 addresses
Jun 26 15:37:34 gtw01 dnsmasq-dhcp[15092]: read /var/lib/neutron/dhcp/5d95ef15-3196-4f03-b194-2f5deeff3b4a/host
Jun 26 15:37:34 gtw01 dnsmasq-dhcp[15092]: read /var/lib/neutron/dhcp/5d95ef15-3196-4f03-b194-2f5deeff3b4a/opts
Jun 26 15:37:35 gtw01 dnsmasq[15092]: read /var/lib/neutron/dhcp/5d95ef15-3196-4f03-b194-2f5deeff3b4a/addn_hosts - 2 addresses
Jun 26 15:37:35 gtw01 dnsmasq-dhcp[15092]: read /var/lib/neutron/dhcp/5d95ef15-3196-4f03-b194-2f5deeff3b4a/host
Jun 26 15:37:35 gtw01 dnsmasq-dhcp[15092]: read /var/lib/neutron/dhcp/5d95ef15-3196-4f03-b194-2f5deeff3b4a/opts
Jun 26 15:37:36 gtw01 dnsmasq[15092]: read /var/lib/neutron/dhcp/5d95ef15-3196-4f03-b194-2f5deeff3b4a/addn_hosts - 2 addresses
Jun 26 15:37:36 gtw01 dnsmasq-dhcp[15092]: read /var/lib/neutron/dhcp/5d95ef15-3196-4f03-b194-2f5deeff3b4a/host
Jun 26 15:37:36 gtw01 dnsmasq-dhcp[15092]: read /var/lib/neutron/dhcp/5d95ef15-3196-4f03-b194-2f5deeff3b4a/opts
Jun 26 15:37:36 gtw01 dnsmasq[14300]: read /var/lib/neutron/dhcp/e5071697-97c6-4854-b856-a9323dcdba75/addn_hosts - 1 addresses
Jun 26 15:37:36 gtw01 dnsmasq-dhcp[14300]: read /var/lib/neutron/dhcp/e5071697-97c6-4854-b856-a9323dcdba75/host
Jun 26 15:37:36 gtw01 dnsmasq-dhcp[14300]: read /var/lib/neutron/dhcp/e5071697-97c6-4854-b856-a9323dcdba75/opts
Jun 26 15:37:37 gtw01 dnsmasq[15092]: read /var/lib/neutron/dhcp/5d95ef15-3196-4f03-b194-2f5deeff3b4a/addn_hosts - 3 addresses
Jun 26 15:37:37 gtw01 dnsmasq-dhcp[15092]: read /var/lib/neutron/dhcp/5d95ef15-3196-4f03-b194-2f5deeff3b4a/host
Jun 26 15:37:37 gtw01 dnsmasq-dhcp[15092]: read /var/lib/neutron/dhcp/5d95ef15-3196-4f03-b194-2f5deeff3b4a/opts
Jun 26 15:37:37 gtw01 dnsmasq[15092]: read /var/lib/neutron/dhcp/5d95ef15-3196-4f03-b194-2f5deeff3b4a/addn_hosts - 4 addresses
Jun 26 15:37:37 gtw01 dnsmasq-dhcp[15092]: read /var/lib/neutron/dhcp/5d95ef15-3196-4f03-b194-2f5deeff3b4a/host
Jun 26 15:37:37 gtw01 dnsmasq-dhcp[15092]: read /var/lib/neutron/dhcp/5d95ef15-3196-4f03-b194-2f5deeff3b4a/opts
Jun 26 15:37:38 gtw01 dnsmasq[15092]: read /var/lib/neutron/dhcp/5d95ef15-3196-4f03-b194-2f5deeff3b4a/addn_hosts - 4 addresses
Jun 26 15:37:38 gtw01 dnsmasq-dhcp[15092]: read /var/lib/neutron/dhcp/5d95ef15-3196-4f03-b194-2f5deeff3b4a/host
Jun 26 15:37:38 gtw01 dnsmasq-dhcp[15092]: read /var/lib/neutron/dhcp/5d95ef15-3196-4f03-b194-2f5deeff3b4a/opts
Jun 26 15:37:39 gtw01 dnsmasq[15092]: read /var/lib/neutron/dhcp/5d95ef15-3196-4f03-b194-2f5deeff3b4a/addn_hosts - 4 addresses
Jun 26 15:37:39 gtw01 dnsmasq-dhcp[15092]: read /var/lib/neutron/dhcp/5d95ef15-3196-4f03-b194-2f5deeff3b4a/host
Jun 26 15:37:39 gtw01 dnsmasq-dhcp[15092]: read /var/lib/neutron/dhcp/5d95ef15-3196-4f03-b194-2f5deeff3b4a/opts
Jun 26 15:37:40 gtw01 kernel: [ 6333.052444] device tapcd67ec23-cf left promiscuous mode
Jun 26 15:37:40 gtw01 dnsmasq[15092]: read /var/lib/neutron/dhcp/5d95ef15-3196-4f03-b194-2f5deeff3b4a/addn_hosts - 4 addresses
Jun 26 15:37:40 gtw01 dnsmasq-dhcp[15092]: read /var/lib/neutron/dhcp/5d95ef15-3196-4f03-b194-2f5deeff3b4a/host
Jun 26 15:37:40 gtw01 dnsmasq-dhcp[15092]: read /var/lib/neutron/dhcp/5d95ef15-3196-4f03-b194-2f5deeff3b4a/opts
Jun 26 15:37:41 gtw01 dnsmasq[15092]: read /var/lib/neutron/dhcp/5d95ef15-3196-4f03-b194-2f5deeff3b4a/addn_hosts - 4 addresses
Jun 26 15:37:41 gtw01 dnsmasq-dhcp[15092]: read /var/lib/neutron/dhcp/5d95ef15-3196-4f03-b194-2f5deeff3b4a/host
Jun 26 15:37:41 gtw01 dnsmasq-dhcp[15092]: read /var/lib/neutron/dhcp/5d95ef15-3196-4f03-b194-2f5deeff3b4a/opts
Jun 26 15:37:42 gtw01 dnsmasq[15092]: read /var/lib/neutron/dhcp/5d95ef15-3196-4f03-b194-2f5deeff3b4a/addn_hosts - 4 addresses
Jun 26 15:37:42 gtw01 dnsmasq-dhcp[15092]: read /var/lib/neutron/dhcp/5d95ef15-3196-4f03-b194-2f5deeff3b4a/host
Jun 26 15:37:42 gtw01 dnsmasq-dhcp[15092]: read /var/lib/neutron/dhcp/5d95ef15-3196-4f03-b194-2f5deeff3b4a/opts
Jun 26 15:37:43 gtw01 dnsmasq[15092]: read /var/lib/neutron/dhcp/5d95ef15-3196-4f03-b194-2f5deeff3b4a/addn_hosts - 4 addresses
Jun 26 15:37:43 gtw01 dnsmasq-dhcp[15092]: read /var/lib/neutron/dhcp/5d95ef15-3196-4f03-b194-2f5deeff3b4a/host
Jun 26 15:37:43 gtw01 dnsmasq-dhcp[15092]: read /var/lib/neutron/dhcp/5d95ef15-3196-4f03-b194-2f5deeff3b4a/opts
Jun 26 15:37:44 gtw01 dnsmasq[15092]: read /var/lib/neutron/dhcp/5d95ef15-3196-4f03-b194-2f5deeff3b4a/addn_hosts - 4 addresses
Jun 26 15:37:44 gtw01 dnsmasq-dhcp[15092]: read /var/lib/neutron/dhcp/5d95ef15-3196-4f03-b194-2f5deeff3b4a/host
Jun 26 15:37:44 gtw01 dnsmasq-dhcp[15092]: read /var/lib/neutron/dhcp/5d95ef15-3196-4f03-b194-2f5deeff3b4a/opts
Jun 26 15:37:44 gtw01 dnsmasq[14087]: read /var/lib/neutron/dhcp/13abd183-4efd-47c3-9d16-ba8e94eafdc3/addn_hosts - 1 addresses
Jun 26 15:37:44 gtw01 dnsmasq-dhcp[14087]: read /var/lib/neutron/dhcp/13abd183-4efd-47c3-9d16-ba8e94eafdc3/host
Jun 26 15:37:44 gtw01 dnsmasq-dhcp[14087]: read /var/lib/neutron/dhcp/13abd183-4efd-47c3-9d16-ba8e94eafdc3/opts
Jun 26 15:37:45 gtw01 dnsmasq-dhcp[12732]: DHCPDISCOVER(tap860c8cde-87) fa:16:3e:7b:65:9a
Jun 26 15:37:45 gtw01 dnsmasq-dhcp[12732]: DHCPOFFER(tap860c8cde-87) 192.168.120.8 fa:16:3e:7b:65:9a
Jun 26 15:37:45 gtw01 dnsmasq-dhcp[12732]: DHCPREQUEST(tap860c8cde-87) 192.168.120.8 fa:16:3e:7b:65:9a
Jun 26 15:37:45 gtw01 dnsmasq-dhcp[12732]: DHCPACK(tap860c8cde-87) 192.168.120.8 fa:16:3e:7b:65:9a host-192-168-120-8
Jun 26 15:37:46 gtw01 kernel: [ 6339.314164] device tap92bbd38e-20 left promiscuous mode
Jun 26 15:37:48 gtw01 dnsmasq[15092]: read /var/lib/neutron/dhcp/5d95ef15-3196-4f03-b194-2f5deeff3b4a/addn_hosts - 3 addresses
Jun 26 15:37:48 gtw01 dnsmasq-dhcp[15092]: read /var/lib/neutron/dhcp/5d95ef15-3196-4f03-b194-2f5deeff3b4a/host
Jun 26 15:37:48 gtw01 dnsmasq-dhcp[15092]: read /var/lib/neutron/dhcp/5d95ef15-3196-4f03-b194-2f5deeff3b4a/opts
Jun 26 15:37:56 gtw01 dnsmasq-dhcp[15092]: DHCPDISCOVER(tapc84daca5-25) fa:16:3e:7c:d2:42
Jun 26 15:37:56 gtw01 dnsmasq-dhcp[15092]: DHCPOFFER(tapc84daca5-25) 192.168.120.10 fa:16:3e:7c:d2:42
Jun 26 15:37:56 gtw01 dnsmasq-dhcp[15092]: DHCPREQUEST(tapc84daca5-25) 192.168.120.10 fa:16:3e:7c:d2:42
Jun 26 15:37:56 gtw01 dnsmasq-dhcp[15092]: DHCPACK(tapc84daca5-25) 192.168.120.10 fa:16:3e:7c:d2:42 host-192-168-120-10
Jun 26 15:37:58 gtw01 dnsmasq-dhcp[12732]: DHCPRELEASE(tap860c8cde-87) 192.168.120.8 fa:16:3e:7b:65:9a
Jun 26 15:38:03 gtw01 dnsmasq[15092]: read /var/lib/neutron/dhcp/5d95ef15-3196-4f03-b194-2f5deeff3b4a/addn_hosts - 2 addresses
Jun 26 15:38:03 gtw01 dnsmasq-dhcp[15092]: read /var/lib/neutron/dhcp/5d95ef15-3196-4f03-b194-2f5deeff3b4a/host
Jun 26 15:38:03 gtw01 dnsmasq-dhcp[15092]: read /var/lib/neutron/dhcp/5d95ef15-3196-4f03-b194-2f5deeff3b4a/opts
Jun 26 15:38:07 gtw01 dnsmasq-dhcp[15092]: DHCPRELEASE(tapc84daca5-25) 192.168.120.10 fa:16:3e:7c:d2:42
Jun 26 15:38:07 gtw01 dnsmasq-dhcp[15092]: DHCPRELEASE(tapc84daca5-25) 192.168.120.10 fa:16:3e:7c:d2:42 unknown lease
Jun 26 15:38:08 gtw01 dnsmasq[15092]: read /var/lib/neutron/dhcp/5d95ef15-3196-4f03-b194-2f5deeff3b4a/addn_hosts - 1 addresses
Jun 26 15:38:08 gtw01 dnsmasq-dhcp[15092]: read /var/lib/neutron/dhcp/5d95ef15-3196-4f03-b194-2f5deeff3b4a/host
Jun 26 15:38:08 gtw01 dnsmasq-dhcp[15092]: read /var/lib/neutron/dhcp/5d95ef15-3196-4f03-b194-2f5deeff3b4a/opts
Jun 26 15:38:09 gtw01 kernel: [ 6362.138664] device tapc84daca5-25 left promiscuous mode
Jun 26 15:38:16 gtw01 dnsmasq-dhcp[12732]: DHCPDISCOVER(tap860c8cde-87) fa:16:3e:7b:65:9a
Jun 26 15:38:16 gtw01 dnsmasq-dhcp[12732]: DHCPOFFER(tap860c8cde-87) 192.168.120.8 fa:16:3e:7b:65:9a
Jun 26 15:38:16 gtw01 dnsmasq-dhcp[12732]: DHCPREQUEST(tap860c8cde-87) 192.168.120.8 fa:16:3e:7b:65:9a
Jun 26 15:38:16 gtw01 dnsmasq-dhcp[12732]: DHCPACK(tap860c8cde-87) 192.168.120.8 fa:16:3e:7b:65:9a host-192-168-120-8
Jun 26 15:38:17 gtw01 dnsmasq-dhcp[12732]: DHCPRELEASE(tap860c8cde-87) 192.168.120.8 fa:16:3e:7b:65:9a
Jun 26 15:38:18 gtw01 dnsmasq[11094]: read /var/lib/neutron/dhcp/69c00914-d5cc-4db8-a7af-e0c31dba45fb/addn_hosts - 3 addresses
Jun 26 15:38:18 gtw01 dnsmasq-dhcp[11094]: read /var/lib/neutron/dhcp/69c00914-d5cc-4db8-a7af-e0c31dba45fb/host
Jun 26 15:38:18 gtw01 dnsmasq-dhcp[11094]: read /var/lib/neutron/dhcp/69c00914-d5cc-4db8-a7af-e0c31dba45fb/opts
Jun 26 15:38:18 gtw01 dnsmasq[11094]: read /var/lib/neutron/dhcp/69c00914-d5cc-4db8-a7af-e0c31dba45fb/addn_hosts - 3 addresses
Jun 26 15:38:18 gtw01 dnsmasq-dhcp[11094]: read /var/lib/neutron/dhcp/69c00914-d5cc-4db8-a7af-e0c31dba45fb/host
Jun 26 15:38:18 gtw01 dnsmasq-dhcp[11094]: read /var/lib/neutron/dhcp/69c00914-d5cc-4db8-a7af-e0c31dba45fb/opts
Jun 26 15:38:19 gtw01 dnsmasq[11094]: read /var/lib/neutron/dhcp/69c00914-d5cc-4db8-a7af-e0c31dba45fb/addn_hosts - 3 addresses
Jun 26 15:38:19 gtw01 dnsmasq-dhcp[11094]: read /var/lib/neutron/dhcp/69c00914-d5cc-4db8-a7af-e0c31dba45fb/host
Jun 26 15:38:19 gtw01 dnsmasq-dhcp[11094]: read /var/lib/neutron/dhcp/69c00914-d5cc-4db8-a7af-e0c31dba45fb/opts
Jun 26 15:38:28 gtw01 dnsmasq[12732]: read /var/lib/neutron/dhcp/5461db9a-d8e2-4e07-af39-37d3fa89a72a/addn_hosts - 2 addresses
Jun 26 15:38:28 gtw01 dnsmasq-dhcp[12732]: read /var/lib/neutron/dhcp/5461db9a-d8e2-4e07-af39-37d3fa89a72a/host
Jun 26 15:38:28 gtw01 dnsmasq-dhcp[12732]: read /var/lib/neutron/dhcp/5461db9a-d8e2-4e07-af39-37d3fa89a72a/opts
Jun 26 15:38:32 gtw01 dnsmasq[12732]: read /var/lib/neutron/dhcp/5461db9a-d8e2-4e07-af39-37d3fa89a72a/addn_hosts - 1 addresses
Jun 26 15:38:32 gtw01 dnsmasq-dhcp[12732]: read /var/lib/neutron/dhcp/5461db9a-d8e2-4e07-af39-37d3fa89a72a/host
Jun 26 15:38:32 gtw01 dnsmasq-dhcp[12732]: read /var/lib/neutron/dhcp/5461db9a-d8e2-4e07-af39-37d3fa89a72a/opts
Jun 26 15:38:32 gtw01 dnsmasq-dhcp[11094]: DHCPDISCOVER(tapde5705f8-f3) fa:16:3e:c4:5a:aa
Jun 26 15:38:32 gtw01 dnsmasq-dhcp[11094]: DHCPOFFER(tapde5705f8-f3) 192.168.120.13 fa:16:3e:c4:5a:aa
Jun 26 15:38:32 gtw01 dnsmasq-dhcp[11094]: DHCPREQUEST(tapde5705f8-f3) 192.168.120.13 fa:16:3e:c4:5a:aa
Jun 26 15:38:32 gtw01 dnsmasq-dhcp[11094]: DHCPACK(tapde5705f8-f3) 192.168.120.13 fa:16:3e:c4:5a:aa host-192-168-120-13
Jun 26 15:38:36 gtw01 kernel: [ 6389.578753] device tap860c8cde-87 left promiscuous mode
Jun 26 15:38:42 gtw01 dnsmasq-dhcp[11094]: DHCPRELEASE(tapde5705f8-f3) 192.168.120.13 fa:16:3e:c4:5a:aa
Jun 26 15:38:42 gtw01 dnsmasq-dhcp[11094]: DHCPRELEASE(tapde5705f8-f3) 192.168.120.13 fa:16:3e:c4:5a:aa unknown lease
Jun 26 15:38:43 gtw01 dnsmasq[11094]: read /var/lib/neutron/dhcp/69c00914-d5cc-4db8-a7af-e0c31dba45fb/addn_hosts - 2 addresses
Jun 26 15:38:43 gtw01 dnsmasq-dhcp[11094]: read /var/lib/neutron/dhcp/69c00914-d5cc-4db8-a7af-e0c31dba45fb/host
Jun 26 15:38:43 gtw01 dnsmasq-dhcp[11094]: read /var/lib/neutron/dhcp/69c00914-d5cc-4db8-a7af-e0c31dba45fb/opts
Jun 26 15:38:48 gtw01 dnsmasq[11094]: read /var/lib/neutron/dhcp/69c00914-d5cc-4db8-a7af-e0c31dba45fb/addn_hosts - 3 addresses
Jun 26 15:38:48 gtw01 dnsmasq-dhcp[11094]: read /var/lib/neutron/dhcp/69c00914-d5cc-4db8-a7af-e0c31dba45fb/host
Jun 26 15:38:48 gtw01 dnsmasq-dhcp[11094]: read /var/lib/neutron/dhcp/69c00914-d5cc-4db8-a7af-e0c31dba45fb/opts
Jun 26 15:38:49 gtw01 dnsmasq[11094]: read /var/lib/neutron/dhcp/69c00914-d5cc-4db8-a7af-e0c31dba45fb/addn_hosts - 3 addresses
Jun 26 15:38:49 gtw01 dnsmasq-dhcp[11094]: read /var/lib/neutron/dhcp/69c00914-d5cc-4db8-a7af-e0c31dba45fb/host
Jun 26 15:38:49 gtw01 dnsmasq-dhcp[11094]: read /var/lib/neutron/dhcp/69c00914-d5cc-4db8-a7af-e0c31dba45fb/opts
Jun 26 15:38:50 gtw01 dnsmasq[11094]: read /var/lib/neutron/dhcp/69c00914-d5cc-4db8-a7af-e0c31dba45fb/addn_hosts - 3 addresses
Jun 26 15:38:50 gtw01 dnsmasq-dhcp[11094]: read /var/lib/neutron/dhcp/69c00914-d5cc-4db8-a7af-e0c31dba45fb/host
Jun 26 15:38:50 gtw01 dnsmasq-dhcp[11094]: read /var/lib/neutron/dhcp/69c00914-d5cc-4db8-a7af-e0c31dba45fb/opts
Jun 26 15:38:55 gtw01 kernel: [ 6407.765129] device tapffcf6be9-15 entered promiscuous mode
Jun 26 15:38:55 gtw01 systemd-udevd[15590]: Could not generate persistent MAC address for tapffcf6be9-15: No such file or directory
Jun 26 15:38:55 gtw01 systemd-udevd[15590]: Process '/sbin/ip link set tapffcf6be9-15 txqueuelen 10000' failed with exit code 1.
Jun 26 15:38:55 gtw01 systemd-udevd[15590]: Process '/sbin/ip link set tapffcf6be9-15 txqueuelen 10000' failed with exit code 1.
Jun 26 15:38:55 gtw01 dnsmasq[11094]: read /var/lib/neutron/dhcp/69c00914-d5cc-4db8-a7af-e0c31dba45fb/addn_hosts - 2 addresses
Jun 26 15:38:55 gtw01 dnsmasq-dhcp[11094]: read /var/lib/neutron/dhcp/69c00914-d5cc-4db8-a7af-e0c31dba45fb/host
Jun 26 15:38:55 gtw01 dnsmasq-dhcp[11094]: read /var/lib/neutron/dhcp/69c00914-d5cc-4db8-a7af-e0c31dba45fb/opts
Jun 26 15:38:58 gtw01 dnsmasq[15739]: started, version 2.80 cachesize 150
Jun 26 15:38:58 gtw01 dnsmasq[15739]: DNS service limited to local subnets
Jun 26 15:38:58 gtw01 dnsmasq[15739]: compile time options: IPv6 GNU-getopt DBus i18n IDN DHCP DHCPv6 no-Lua TFTP conntrack ipset auth DNSSEC loop-detect inotify dumpfile
Jun 26 15:38:58 gtw01 dnsmasq[15739]: warning: no upstream servers configured
Jun 26 15:38:58 gtw01 dnsmasq-dhcp[15739]: DHCP, static leases only on 192.168.120.0, lease time 1h
Jun 26 15:38:58 gtw01 dnsmasq[15739]: read /var/lib/neutron/dhcp/8d17eaa7-b33d-4e55-8fef-d06fe25a5c3f/addn_hosts - 1 addresses
Jun 26 15:38:58 gtw01 dnsmasq-dhcp[15739]: read /var/lib/neutron/dhcp/8d17eaa7-b33d-4e55-8fef-d06fe25a5c3f/host
Jun 26 15:38:58 gtw01 dnsmasq-dhcp[15739]: read /var/lib/neutron/dhcp/8d17eaa7-b33d-4e55-8fef-d06fe25a5c3f/opts
Jun 26 15:38:58 gtw01 haproxy-metadata-proxy-8d17eaa7-b33d-4e55-8fef-d06fe25a5c3f[15743]: Proxy listener started.
Jun 26 15:38:59 gtw01 dnsmasq[15739]: read /var/lib/neutron/dhcp/8d17eaa7-b33d-4e55-8fef-d06fe25a5c3f/addn_hosts - 2 addresses
Jun 26 15:38:59 gtw01 dnsmasq-dhcp[15739]: read /var/lib/neutron/dhcp/8d17eaa7-b33d-4e55-8fef-d06fe25a5c3f/host
Jun 26 15:38:59 gtw01 dnsmasq-dhcp[15739]: read /var/lib/neutron/dhcp/8d17eaa7-b33d-4e55-8fef-d06fe25a5c3f/opts
Jun 26 15:39:00 gtw01 dnsmasq[15739]: read /var/lib/neutron/dhcp/8d17eaa7-b33d-4e55-8fef-d06fe25a5c3f/addn_hosts - 2 addresses
Jun 26 15:39:00 gtw01 dnsmasq-dhcp[15739]: read /var/lib/neutron/dhcp/8d17eaa7-b33d-4e55-8fef-d06fe25a5c3f/host
Jun 26 15:39:00 gtw01 dnsmasq-dhcp[15739]: read /var/lib/neutron/dhcp/8d17eaa7-b33d-4e55-8fef-d06fe25a5c3f/opts
Jun 26 15:39:00 gtw01 dnsmasq[11094]: read /var/lib/neutron/dhcp/69c00914-d5cc-4db8-a7af-e0c31dba45fb/addn_hosts - 3 addresses
Jun 26 15:39:00 gtw01 dnsmasq-dhcp[11094]: read /var/lib/neutron/dhcp/69c00914-d5cc-4db8-a7af-e0c31dba45fb/host
Jun 26 15:39:00 gtw01 dnsmasq-dhcp[11094]: read /var/lib/neutron/dhcp/69c00914-d5cc-4db8-a7af-e0c31dba45fb/opts
Jun 26 15:39:01 gtw01 dnsmasq[15739]: read /var/lib/neutron/dhcp/8d17eaa7-b33d-4e55-8fef-d06fe25a5c3f/addn_hosts - 2 addresses
Jun 26 15:39:01 gtw01 dnsmasq-dhcp[15739]: read /var/lib/neutron/dhcp/8d17eaa7-b33d-4e55-8fef-d06fe25a5c3f/host
Jun 26 15:39:01 gtw01 dnsmasq-dhcp[15739]: read /var/lib/neutron/dhcp/8d17eaa7-b33d-4e55-8fef-d06fe25a5c3f/opts
Jun 26 15:39:01 gtw01 dnsmasq[11094]: read /var/lib/neutron/dhcp/69c00914-d5cc-4db8-a7af-e0c31dba45fb/addn_hosts - 3 addresses
Jun 26 15:39:01 gtw01 dnsmasq-dhcp[11094]: read /var/lib/neutron/dhcp/69c00914-d5cc-4db8-a7af-e0c31dba45fb/host
Jun 26 15:39:01 gtw01 dnsmasq-dhcp[11094]: read /var/lib/neutron/dhcp/69c00914-d5cc-4db8-a7af-e0c31dba45fb/opts
Jun 26 15:39:02 gtw01 dnsmasq[15739]: read /var/lib/neutron/dhcp/8d17eaa7-b33d-4e55-8fef-d06fe25a5c3f/addn_hosts - 2 addresses
Jun 26 15:39:02 gtw01 dnsmasq-dhcp[15739]: read /var/lib/neutron/dhcp/8d17eaa7-b33d-4e55-8fef-d06fe25a5c3f/host
Jun 26 15:39:02 gtw01 dnsmasq-dhcp[15739]: read /var/lib/neutron/dhcp/8d17eaa7-b33d-4e55-8fef-d06fe25a5c3f/opts
Jun 26 15:39:02 gtw01 dnsmasq[11094]: read /var/lib/neutron/dhcp/69c00914-d5cc-4db8-a7af-e0c31dba45fb/addn_hosts - 3 addresses
Jun 26 15:39:02 gtw01 dnsmasq-dhcp[11094]: read /var/lib/neutron/dhcp/69c00914-d5cc-4db8-a7af-e0c31dba45fb/host
Jun 26 15:39:02 gtw01 dnsmasq-dhcp[11094]: read /var/lib/neutron/dhcp/69c00914-d5cc-4db8-a7af-e0c31dba45fb/opts
Jun 26 15:39:03 gtw01 dnsmasq[15739]: read /var/lib/neutron/dhcp/8d17eaa7-b33d-4e55-8fef-d06fe25a5c3f/addn_hosts - 2 addresses
Jun 26 15:39:03 gtw01 dnsmasq-dhcp[15739]: read /var/lib/neutron/dhcp/8d17eaa7-b33d-4e55-8fef-d06fe25a5c3f/host
Jun 26 15:39:03 gtw01 dnsmasq-dhcp[15739]: read /var/lib/neutron/dhcp/8d17eaa7-b33d-4e55-8fef-d06fe25a5c3f/opts
Jun 26 15:39:04 gtw01 dnsmasq[15739]: read /var/lib/neutron/dhcp/8d17eaa7-b33d-4e55-8fef-d06fe25a5c3f/addn_hosts - 3 addresses
Jun 26 15:39:04 gtw01 dnsmasq-dhcp[15739]: read /var/lib/neutron/dhcp/8d17eaa7-b33d-4e55-8fef-d06fe25a5c3f/host
Jun 26 15:39:04 gtw01 dnsmasq-dhcp[15739]: read /var/lib/neutron/dhcp/8d17eaa7-b33d-4e55-8fef-d06fe25a5c3f/opts
Jun 26 15:39:05 gtw01 dnsmasq[15739]: read /var/lib/neutron/dhcp/8d17eaa7-b33d-4e55-8fef-d06fe25a5c3f/addn_hosts - 3 addresses
Jun 26 15:39:05 gtw01 dnsmasq-dhcp[15739]: read /var/lib/neutron/dhcp/8d17eaa7-b33d-4e55-8fef-d06fe25a5c3f/host
Jun 26 15:39:05 gtw01 dnsmasq-dhcp[15739]: read /var/lib/neutron/dhcp/8d17eaa7-b33d-4e55-8fef-d06fe25a5c3f/opts
Jun 26 15:39:06 gtw01 dnsmasq[15739]: read /var/lib/neutron/dhcp/8d17eaa7-b33d-4e55-8fef-d06fe25a5c3f/addn_hosts - 3 addresses
Jun 26 15:39:06 gtw01 dnsmasq-dhcp[15739]: read /var/lib/neutron/dhcp/8d17eaa7-b33d-4e55-8fef-d06fe25a5c3f/host
Jun 26 15:39:06 gtw01 dnsmasq-dhcp[15739]: read /var/lib/neutron/dhcp/8d17eaa7-b33d-4e55-8fef-d06fe25a5c3f/opts
Jun 26 15:39:10 gtw01 dnsmasq[11094]: read /var/lib/neutron/dhcp/69c00914-d5cc-4db8-a7af-e0c31dba45fb/addn_hosts - 4 addresses
Jun 26 15:39:10 gtw01 dnsmasq-dhcp[11094]: read /var/lib/neutron/dhcp/69c00914-d5cc-4db8-a7af-e0c31dba45fb/host
Jun 26 15:39:10 gtw01 dnsmasq-dhcp[11094]: read /var/lib/neutron/dhcp/69c00914-d5cc-4db8-a7af-e0c31dba45fb/opts
Jun 26 15:39:11 gtw01 dnsmasq[11094]: read /var/lib/neutron/dhcp/69c00914-d5cc-4db8-a7af-e0c31dba45fb/addn_hosts - 4 addresses
Jun 26 15:39:11 gtw01 dnsmasq-dhcp[11094]: read /var/lib/neutron/dhcp/69c00914-d5cc-4db8-a7af-e0c31dba45fb/host
Jun 26 15:39:11 gtw01 dnsmasq-dhcp[11094]: read /var/lib/neutron/dhcp/69c00914-d5cc-4db8-a7af-e0c31dba45fb/opts
Jun 26 15:39:12 gtw01 dnsmasq[11094]: read /var/lib/neutron/dhcp/69c00914-d5cc-4db8-a7af-e0c31dba45fb/addn_hosts - 4 addresses
Jun 26 15:39:12 gtw01 dnsmasq-dhcp[11094]: read /var/lib/neutron/dhcp/69c00914-d5cc-4db8-a7af-e0c31dba45fb/host
Jun 26 15:39:12 gtw01 dnsmasq-dhcp[11094]: read /var/lib/neutron/dhcp/69c00914-d5cc-4db8-a7af-e0c31dba45fb/opts
Jun 26 15:39:15 gtw01 dnsmasq-dhcp[11094]: DHCPDISCOVER(tapde5705f8-f3) fa:16:3e:92:63:ac
Jun 26 15:39:15 gtw01 dnsmasq-dhcp[11094]: DHCPOFFER(tapde5705f8-f3) 192.168.120.9 fa:16:3e:92:63:ac
Jun 26 15:39:15 gtw01 dnsmasq-dhcp[11094]: DHCPREQUEST(tapde5705f8-f3) 192.168.120.9 fa:16:3e:92:63:ac
Jun 26 15:39:15 gtw01 dnsmasq-dhcp[11094]: DHCPACK(tapde5705f8-f3) 192.168.120.9 fa:16:3e:92:63:ac host-192-168-120-9
Jun 26 15:39:17 gtw01 dnsmasq[11094]: read /var/lib/neutron/dhcp/69c00914-d5cc-4db8-a7af-e0c31dba45fb/addn_hosts - 3 addresses
Jun 26 15:39:17 gtw01 dnsmasq-dhcp[11094]: read /var/lib/neutron/dhcp/69c00914-d5cc-4db8-a7af-e0c31dba45fb/host
Jun 26 15:39:17 gtw01 dnsmasq-dhcp[11094]: read /var/lib/neutron/dhcp/69c00914-d5cc-4db8-a7af-e0c31dba45fb/opts
Jun 26 15:39:19 gtw01 dnsmasq-dhcp[15739]: DHCPDISCOVER(tapffcf6be9-15) fa:16:3e:12:97:f8
Jun 26 15:39:19 gtw01 dnsmasq-dhcp[15739]: DHCPOFFER(tapffcf6be9-15) 192.168.120.6 fa:16:3e:12:97:f8
Jun 26 15:39:19 gtw01 dnsmasq-dhcp[15739]: DHCPREQUEST(tapffcf6be9-15) 192.168.120.6 fa:16:3e:12:97:f8
Jun 26 15:39:19 gtw01 dnsmasq-dhcp[15739]: DHCPACK(tapffcf6be9-15) 192.168.120.6 fa:16:3e:12:97:f8 host-192-168-120-6
Jun 26 15:39:19 gtw01 dnsmasq-dhcp[11094]: DHCPRELEASE(tapde5705f8-f3) 192.168.120.9 fa:16:3e:92:63:ac
Jun 26 15:39:20 gtw01 dnsmasq-dhcp[11094]: DHCPRELEASE(tapde5705f8-f3) 192.168.120.9 fa:16:3e:92:63:ac unknown lease
Jun 26 15:39:20 gtw01 dnsmasq[11094]: read /var/lib/neutron/dhcp/69c00914-d5cc-4db8-a7af-e0c31dba45fb/addn_hosts - 2 addresses
Jun 26 15:39:20 gtw01 dnsmasq-dhcp[11094]: read /var/lib/neutron/dhcp/69c00914-d5cc-4db8-a7af-e0c31dba45fb/host
Jun 26 15:39:20 gtw01 dnsmasq-dhcp[11094]: read /var/lib/neutron/dhcp/69c00914-d5cc-4db8-a7af-e0c31dba45fb/opts
Jun 26 15:39:24 gtw01 dnsmasq[11094]: read /var/lib/neutron/dhcp/69c00914-d5cc-4db8-a7af-e0c31dba45fb/addn_hosts - 3 addresses
Jun 26 15:39:24 gtw01 dnsmasq-dhcp[11094]: read /var/lib/neutron/dhcp/69c00914-d5cc-4db8-a7af-e0c31dba45fb/host
Jun 26 15:39:24 gtw01 dnsmasq-dhcp[11094]: read /var/lib/neutron/dhcp/69c00914-d5cc-4db8-a7af-e0c31dba45fb/opts
Jun 26 15:39:25 gtw01 dnsmasq[11094]: read /var/lib/neutron/dhcp/69c00914-d5cc-4db8-a7af-e0c31dba45fb/addn_hosts - 3 addresses
Jun 26 15:39:25 gtw01 dnsmasq-dhcp[11094]: read /var/lib/neutron/dhcp/69c00914-d5cc-4db8-a7af-e0c31dba45fb/host
Jun 26 15:39:25 gtw01 dnsmasq-dhcp[11094]: read /var/lib/neutron/dhcp/69c00914-d5cc-4db8-a7af-e0c31dba45fb/opts
Jun 26 15:39:26 gtw01 dnsmasq[11094]: read /var/lib/neutron/dhcp/69c00914-d5cc-4db8-a7af-e0c31dba45fb/addn_hosts - 3 addresses
Jun 26 15:39:26 gtw01 dnsmasq-dhcp[11094]: read /var/lib/neutron/dhcp/69c00914-d5cc-4db8-a7af-e0c31dba45fb/host
Jun 26 15:39:26 gtw01 dnsmasq-dhcp[11094]: read /var/lib/neutron/dhcp/69c00914-d5cc-4db8-a7af-e0c31dba45fb/opts
Jun 26 15:39:32 gtw01 dnsmasq[11094]: read /var/lib/neutron/dhcp/69c00914-d5cc-4db8-a7af-e0c31dba45fb/addn_hosts - 2 addresses
Jun 26 15:39:32 gtw01 dnsmasq-dhcp[11094]: read /var/lib/neutron/dhcp/69c00914-d5cc-4db8-a7af-e0c31dba45fb/host
Jun 26 15:39:32 gtw01 dnsmasq-dhcp[11094]: read /var/lib/neutron/dhcp/69c00914-d5cc-4db8-a7af-e0c31dba45fb/opts
Jun 26 15:39:38 gtw01 dnsmasq-dhcp[15739]: DHCPRELEASE(tapffcf6be9-15) 192.168.120.6 fa:16:3e:12:97:f8
Jun 26 15:39:41 gtw01 dnsmasq[11094]: read /var/lib/neutron/dhcp/69c00914-d5cc-4db8-a7af-e0c31dba45fb/addn_hosts - 3 addresses
Jun 26 15:39:41 gtw01 dnsmasq-dhcp[11094]: read /var/lib/neutron/dhcp/69c00914-d5cc-4db8-a7af-e0c31dba45fb/host
Jun 26 15:39:41 gtw01 dnsmasq-dhcp[11094]: read /var/lib/neutron/dhcp/69c00914-d5cc-4db8-a7af-e0c31dba45fb/opts
Jun 26 15:39:42 gtw01 dnsmasq[11094]: read /var/lib/neutron/dhcp/69c00914-d5cc-4db8-a7af-e0c31dba45fb/addn_hosts - 3 addresses
Jun 26 15:39:42 gtw01 dnsmasq-dhcp[11094]: read /var/lib/neutron/dhcp/69c00914-d5cc-4db8-a7af-e0c31dba45fb/host
Jun 26 15:39:42 gtw01 dnsmasq-dhcp[11094]: read /var/lib/neutron/dhcp/69c00914-d5cc-4db8-a7af-e0c31dba45fb/opts
Jun 26 15:39:43 gtw01 dnsmasq[11094]: read /var/lib/neutron/dhcp/69c00914-d5cc-4db8-a7af-e0c31dba45fb/addn_hosts - 3 addresses
Jun 26 15:39:43 gtw01 dnsmasq-dhcp[11094]: read /var/lib/neutron/dhcp/69c00914-d5cc-4db8-a7af-e0c31dba45fb/host
Jun 26 15:39:43 gtw01 dnsmasq-dhcp[11094]: read /var/lib/neutron/dhcp/69c00914-d5cc-4db8-a7af-e0c31dba45fb/opts
Jun 26 15:39:56 gtw01 dnsmasq-dhcp[11094]: DHCPDISCOVER(tapde5705f8-f3) fa:16:3e:39:9b:02
Jun 26 15:39:56 gtw01 dnsmasq-dhcp[11094]: DHCPOFFER(tapde5705f8-f3) 192.168.120.17 fa:16:3e:39:9b:02
Jun 26 15:39:56 gtw01 dnsmasq-dhcp[11094]: DHCPREQUEST(tapde5705f8-f3) 192.168.120.17 fa:16:3e:39:9b:02
Jun 26 15:39:56 gtw01 dnsmasq-dhcp[11094]: DHCPACK(tapde5705f8-f3) 192.168.120.17 fa:16:3e:39:9b:02 host-192-168-120-17
Jun 26 15:39:59 gtw01 dnsmasq-dhcp[15739]: DHCPDISCOVER(tapffcf6be9-15) fa:16:3e:12:97:f8
Jun 26 15:39:59 gtw01 dnsmasq-dhcp[15739]: DHCPOFFER(tapffcf6be9-15) 192.168.120.6 fa:16:3e:12:97:f8
Jun 26 15:39:59 gtw01 dnsmasq-dhcp[15739]: DHCPREQUEST(tapffcf6be9-15) 192.168.120.6 fa:16:3e:12:97:f8
Jun 26 15:39:59 gtw01 dnsmasq-dhcp[15739]: DHCPACK(tapffcf6be9-15) 192.168.120.6 fa:16:3e:12:97:f8 host-192-168-120-6
Jun 26 15:40:08 gtw01 dnsmasq-dhcp[11094]: DHCPRELEASE(tapde5705f8-f3) 192.168.120.17 fa:16:3e:39:9b:02
Jun 26 15:40:08 gtw01 dnsmasq-dhcp[15739]: DHCPRELEASE(tapffcf6be9-15) 192.168.120.6 fa:16:3e:12:97:f8
Jun 26 15:40:14 gtw01 dnsmasq[11094]: read /var/lib/neutron/dhcp/69c00914-d5cc-4db8-a7af-e0c31dba45fb/addn_hosts - 2 addresses
Jun 26 15:40:14 gtw01 dnsmasq-dhcp[11094]: read /var/lib/neutron/dhcp/69c00914-d5cc-4db8-a7af-e0c31dba45fb/host
Jun 26 15:40:14 gtw01 dnsmasq-dhcp[11094]: read /var/lib/neutron/dhcp/69c00914-d5cc-4db8-a7af-e0c31dba45fb/opts
Jun 26 15:40:25 gtw01 dnsmasq-dhcp[15739]: DHCPDISCOVER(tapffcf6be9-15) fa:16:3e:12:97:f8
Jun 26 15:40:25 gtw01 dnsmasq-dhcp[15739]: DHCPOFFER(tapffcf6be9-15) 192.168.120.6 fa:16:3e:12:97:f8
Jun 26 15:40:25 gtw01 dnsmasq-dhcp[15739]: DHCPREQUEST(tapffcf6be9-15) 192.168.120.6 fa:16:3e:12:97:f8
Jun 26 15:40:25 gtw01 dnsmasq-dhcp[15739]: DHCPACK(tapffcf6be9-15) 192.168.120.6 fa:16:3e:12:97:f8 host-192-168-120-6
Jun 26 15:40:31 gtw01 kernel: [ 6504.204069] device tap51cb7ff7-82 entered promiscuous mode
Jun 26 15:40:31 gtw01 systemd-udevd[16161]: Could not generate persistent MAC address for tap51cb7ff7-82: No such file or directory
Jun 26 15:40:31 gtw01 systemd-udevd[16161]: Process '/sbin/ip link set tap51cb7ff7-82 txqueuelen 10000' failed with exit code 1.
Jun 26 15:40:31 gtw01 systemd-udevd[16236]: Process '/sbin/ip link set tap51cb7ff7-82 txqueuelen 10000' failed with exit code 1.
Jun 26 15:40:34 gtw01 dnsmasq-dhcp[15739]: DHCPRELEASE(tapffcf6be9-15) 192.168.120.6 fa:16:3e:12:97:f8
Jun 26 15:40:34 gtw01 dnsmasq-dhcp[15739]: DHCPRELEASE(tapffcf6be9-15) 192.168.120.6 fa:16:3e:12:97:f8 unknown lease
Jun 26 15:40:34 gtw01 dnsmasq[16303]: started, version 2.80 cachesize 150
Jun 26 15:40:34 gtw01 dnsmasq[16303]: DNS service limited to local subnets
Jun 26 15:40:34 gtw01 dnsmasq[16303]: compile time options: IPv6 GNU-getopt DBus i18n IDN DHCP DHCPv6 no-Lua TFTP conntrack ipset auth DNSSEC loop-detect inotify dumpfile
Jun 26 15:40:34 gtw01 dnsmasq[16303]: warning: no upstream servers configured
Jun 26 15:40:34 gtw01 dnsmasq-dhcp[16303]: DHCP, static leases only on 192.168.120.240, lease time 1h
Jun 26 15:40:34 gtw01 dnsmasq[16303]: read /var/lib/neutron/dhcp/aeb8eda3-f18f-4bad-88b2-37e736abf45f/addn_hosts - 1 addresses
Jun 26 15:40:34 gtw01 dnsmasq-dhcp[16303]: read /var/lib/neutron/dhcp/aeb8eda3-f18f-4bad-88b2-37e736abf45f/host
Jun 26 15:40:34 gtw01 dnsmasq-dhcp[16303]: read /var/lib/neutron/dhcp/aeb8eda3-f18f-4bad-88b2-37e736abf45f/opts
Jun 26 15:40:35 gtw01 haproxy-metadata-proxy-aeb8eda3-f18f-4bad-88b2-37e736abf45f[16307]: Proxy listener started.
Jun 26 15:40:35 gtw01 dnsmasq[15739]: read /var/lib/neutron/dhcp/8d17eaa7-b33d-4e55-8fef-d06fe25a5c3f/addn_hosts - 2 addresses
Jun 26 15:40:35 gtw01 dnsmasq-dhcp[15739]: read /var/lib/neutron/dhcp/8d17eaa7-b33d-4e55-8fef-d06fe25a5c3f/host
Jun 26 15:40:35 gtw01 dnsmasq-dhcp[15739]: read /var/lib/neutron/dhcp/8d17eaa7-b33d-4e55-8fef-d06fe25a5c3f/opts
Jun 26 15:40:35 gtw01 dnsmasq[16303]: read /var/lib/neutron/dhcp/aeb8eda3-f18f-4bad-88b2-37e736abf45f/addn_hosts - 1 addresses
Jun 26 15:40:35 gtw01 dnsmasq-dhcp[16303]: read /var/lib/neutron/dhcp/aeb8eda3-f18f-4bad-88b2-37e736abf45f/host
Jun 26 15:40:35 gtw01 dnsmasq-dhcp[16303]: read /var/lib/neutron/dhcp/aeb8eda3-f18f-4bad-88b2-37e736abf45f/opts
Jun 26 15:40:36 gtw01 dnsmasq[16303]: read /var/lib/neutron/dhcp/aeb8eda3-f18f-4bad-88b2-37e736abf45f/addn_hosts - 1 addresses
Jun 26 15:40:36 gtw01 dnsmasq-dhcp[16303]: read /var/lib/neutron/dhcp/aeb8eda3-f18f-4bad-88b2-37e736abf45f/host
Jun 26 15:40:36 gtw01 dnsmasq-dhcp[16303]: read /var/lib/neutron/dhcp/aeb8eda3-f18f-4bad-88b2-37e736abf45f/opts
Jun 26 15:40:37 gtw01 dnsmasq[16303]: read /var/lib/neutron/dhcp/aeb8eda3-f18f-4bad-88b2-37e736abf45f/addn_hosts - 1 addresses
Jun 26 15:40:37 gtw01 dnsmasq-dhcp[16303]: read /var/lib/neutron/dhcp/aeb8eda3-f18f-4bad-88b2-37e736abf45f/host
Jun 26 15:40:37 gtw01 dnsmasq-dhcp[16303]: read /var/lib/neutron/dhcp/aeb8eda3-f18f-4bad-88b2-37e736abf45f/opts
Jun 26 15:40:44 gtw01 dnsmasq[15739]: read /var/lib/neutron/dhcp/8d17eaa7-b33d-4e55-8fef-d06fe25a5c3f/addn_hosts - 3 addresses
Jun 26 15:40:44 gtw01 dnsmasq-dhcp[15739]: read /var/lib/neutron/dhcp/8d17eaa7-b33d-4e55-8fef-d06fe25a5c3f/host
Jun 26 15:40:44 gtw01 dnsmasq-dhcp[15739]: read /var/lib/neutron/dhcp/8d17eaa7-b33d-4e55-8fef-d06fe25a5c3f/opts
Jun 26 15:40:45 gtw01 dnsmasq[15739]: read /var/lib/neutron/dhcp/8d17eaa7-b33d-4e55-8fef-d06fe25a5c3f/addn_hosts - 3 addresses
Jun 26 15:40:45 gtw01 dnsmasq-dhcp[15739]: read /var/lib/neutron/dhcp/8d17eaa7-b33d-4e55-8fef-d06fe25a5c3f/host
Jun 26 15:40:45 gtw01 dnsmasq-dhcp[15739]: read /var/lib/neutron/dhcp/8d17eaa7-b33d-4e55-8fef-d06fe25a5c3f/opts
Jun 26 15:40:46 gtw01 dnsmasq[15739]: read /var/lib/neutron/dhcp/8d17eaa7-b33d-4e55-8fef-d06fe25a5c3f/addn_hosts - 3 addresses
Jun 26 15:40:46 gtw01 dnsmasq-dhcp[15739]: read /var/lib/neutron/dhcp/8d17eaa7-b33d-4e55-8fef-d06fe25a5c3f/host
