Jun 26 17:12:31 gtw01 dnsmasq-dhcp[30319]: DHCPACK(tap5714cb85-3e) 192.168.120.21 fa:16:3e:90:35:54 host-192-168-120-21
Jun 26 17:12:32 gtw01 dnsmasq[30319]: read /var/lib/neutron/dhcp/a9f0eb09-132c-40bd-851a-4a3a70fb346d/addn_hosts - 5 addresses
Jun 26 17:12:32 gtw01 dnsmasq-dhcp[30319]: read /var/lib/neutron/dhcp/a9f0eb09-132c-40bd-851a-4a3a70fb346d/host
Jun 26 17:12:32 gtw01 dnsmasq-dhcp[30319]: read /var/lib/neutron/dhcp/a9f0eb09-132c-40bd-851a-4a3a70fb346d/opts
Jun 26 17:12:36 gtw01 dnsmasq[30319]: read /var/lib/neutron/dhcp/a9f0eb09-132c-40bd-851a-4a3a70fb346d/addn_hosts - 6 addresses
Jun 26 17:12:36 gtw01 dnsmasq-dhcp[30319]: read /var/lib/neutron/dhcp/a9f0eb09-132c-40bd-851a-4a3a70fb346d/host
Jun 26 17:12:36 gtw01 dnsmasq-dhcp[30319]: read /var/lib/neutron/dhcp/a9f0eb09-132c-40bd-851a-4a3a70fb346d/opts
Jun 26 17:12:37 gtw01 dnsmasq[30319]: read /var/lib/neutron/dhcp/a9f0eb09-132c-40bd-851a-4a3a70fb346d/addn_hosts - 6 addresses
Jun 26 17:12:37 gtw01 dnsmasq-dhcp[30319]: read /var/lib/neutron/dhcp/a9f0eb09-132c-40bd-851a-4a3a70fb346d/host
Jun 26 17:12:37 gtw01 dnsmasq-dhcp[30319]: read /var/lib/neutron/dhcp/a9f0eb09-132c-40bd-851a-4a3a70fb346d/opts
Jun 26 17:12:38 gtw01 dnsmasq[30319]: read /var/lib/neutron/dhcp/a9f0eb09-132c-40bd-851a-4a3a70fb346d/addn_hosts - 6 addresses
Jun 26 17:12:38 gtw01 dnsmasq-dhcp[30319]: read /var/lib/neutron/dhcp/a9f0eb09-132c-40bd-851a-4a3a70fb346d/host
Jun 26 17:12:38 gtw01 dnsmasq-dhcp[30319]: read /var/lib/neutron/dhcp/a9f0eb09-132c-40bd-851a-4a3a70fb346d/opts
Jun 26 17:12:42 gtw01 dnsmasq-dhcp[30319]: DHCPRELEASE(tap5714cb85-3e) 192.168.120.9 fa:16:3e:09:0d:40
Jun 26 17:12:42 gtw01 dnsmasq-dhcp[30319]: DHCPRELEASE(tap5714cb85-3e) 192.168.120.9 fa:16:3e:09:0d:40 unknown lease
Jun 26 17:12:43 gtw01 dnsmasq[30319]: read /var/lib/neutron/dhcp/a9f0eb09-132c-40bd-851a-4a3a70fb346d/addn_hosts - 5 addresses
Jun 26 17:12:43 gtw01 dnsmasq-dhcp[30319]: read /var/lib/neutron/dhcp/a9f0eb09-132c-40bd-851a-4a3a70fb346d/host
Jun 26 17:12:43 gtw01 dnsmasq-dhcp[30319]: read /var/lib/neutron/dhcp/a9f0eb09-132c-40bd-851a-4a3a70fb346d/opts
Jun 26 17:12:44 gtw01 dnsmasq-dhcp[30319]: DHCPRELEASE(tap5714cb85-3e) 192.168.120.12 fa:16:3e:19:7f:c6
Jun 26 17:12:44 gtw01 dnsmasq-dhcp[30319]: DHCPRELEASE(tap5714cb85-3e) 192.168.120.12 fa:16:3e:19:7f:c6 unknown lease
Jun 26 17:12:45 gtw01 dnsmasq[30319]: read /var/lib/neutron/dhcp/a9f0eb09-132c-40bd-851a-4a3a70fb346d/addn_hosts - 4 addresses
Jun 26 17:12:45 gtw01 dnsmasq-dhcp[30319]: read /var/lib/neutron/dhcp/a9f0eb09-132c-40bd-851a-4a3a70fb346d/host
Jun 26 17:12:45 gtw01 dnsmasq-dhcp[30319]: read /var/lib/neutron/dhcp/a9f0eb09-132c-40bd-851a-4a3a70fb346d/opts
Jun 26 17:12:45 gtw01 dnsmasq-dhcp[30319]: DHCPRELEASE(tap5714cb85-3e) 192.168.120.21 fa:16:3e:90:35:54
Jun 26 17:12:46 gtw01 dnsmasq-dhcp[30319]: DHCPRELEASE(tap5714cb85-3e) 192.168.120.21 fa:16:3e:90:35:54 unknown lease
Jun 26 17:12:47 gtw01 dnsmasq[30319]: read /var/lib/neutron/dhcp/a9f0eb09-132c-40bd-851a-4a3a70fb346d/addn_hosts - 3 addresses
Jun 26 17:12:47 gtw01 dnsmasq-dhcp[30319]: read /var/lib/neutron/dhcp/a9f0eb09-132c-40bd-851a-4a3a70fb346d/host
Jun 26 17:12:47 gtw01 dnsmasq-dhcp[30319]: read /var/lib/neutron/dhcp/a9f0eb09-132c-40bd-851a-4a3a70fb346d/opts
Jun 26 17:12:48 gtw01 dnsmasq[30319]: read /var/lib/neutron/dhcp/a9f0eb09-132c-40bd-851a-4a3a70fb346d/addn_hosts - 4 addresses
Jun 26 17:12:48 gtw01 dnsmasq-dhcp[30319]: read /var/lib/neutron/dhcp/a9f0eb09-132c-40bd-851a-4a3a70fb346d/host
Jun 26 17:12:48 gtw01 dnsmasq-dhcp[30319]: read /var/lib/neutron/dhcp/a9f0eb09-132c-40bd-851a-4a3a70fb346d/opts
Jun 26 17:12:49 gtw01 dnsmasq[30319]: read /var/lib/neutron/dhcp/a9f0eb09-132c-40bd-851a-4a3a70fb346d/addn_hosts - 4 addresses
Jun 26 17:12:49 gtw01 dnsmasq-dhcp[30319]: read /var/lib/neutron/dhcp/a9f0eb09-132c-40bd-851a-4a3a70fb346d/host
Jun 26 17:12:49 gtw01 dnsmasq-dhcp[30319]: read /var/lib/neutron/dhcp/a9f0eb09-132c-40bd-851a-4a3a70fb346d/opts
Jun 26 17:12:49 gtw01 dnsmasq[30319]: read /var/lib/neutron/dhcp/a9f0eb09-132c-40bd-851a-4a3a70fb346d/addn_hosts - 4 addresses
Jun 26 17:12:49 gtw01 dnsmasq-dhcp[30319]: read /var/lib/neutron/dhcp/a9f0eb09-132c-40bd-851a-4a3a70fb346d/host
Jun 26 17:12:49 gtw01 dnsmasq-dhcp[30319]: read /var/lib/neutron/dhcp/a9f0eb09-132c-40bd-851a-4a3a70fb346d/opts
Jun 26 17:12:50 gtw01 dnsmasq-dhcp[30319]: DHCPDISCOVER(tap5714cb85-3e) fa:16:3e:64:82:7d
Jun 26 17:12:50 gtw01 dnsmasq-dhcp[30319]: DHCPOFFER(tap5714cb85-3e) 192.168.120.6 fa:16:3e:64:82:7d
Jun 26 17:12:50 gtw01 dnsmasq-dhcp[30319]: DHCPREQUEST(tap5714cb85-3e) 192.168.120.6 fa:16:3e:64:82:7d
Jun 26 17:12:50 gtw01 dnsmasq-dhcp[30319]: DHCPACK(tap5714cb85-3e) 192.168.120.6 fa:16:3e:64:82:7d host-192-168-120-6
Jun 26 17:13:02 gtw01 dnsmasq-dhcp[30319]: DHCPDISCOVER(tap5714cb85-3e) fa:16:3e:fb:7b:e0
Jun 26 17:13:02 gtw01 dnsmasq-dhcp[30319]: DHCPOFFER(tap5714cb85-3e) 192.168.120.14 fa:16:3e:fb:7b:e0
Jun 26 17:13:02 gtw01 dnsmasq-dhcp[30319]: DHCPREQUEST(tap5714cb85-3e) 192.168.120.14 fa:16:3e:fb:7b:e0
Jun 26 17:13:02 gtw01 dnsmasq-dhcp[30319]: DHCPACK(tap5714cb85-3e) 192.168.120.14 fa:16:3e:fb:7b:e0 host-192-168-120-14
Jun 26 17:13:03 gtw01 dnsmasq-dhcp[30319]: DHCPRELEASE(tap5714cb85-3e) 192.168.120.6 fa:16:3e:64:82:7d
Jun 26 17:13:04 gtw01 dnsmasq-dhcp[30319]: DHCPRELEASE(tap5714cb85-3e) 192.168.120.6 fa:16:3e:64:82:7d unknown lease
Jun 26 17:13:04 gtw01 dnsmasq[30319]: read /var/lib/neutron/dhcp/a9f0eb09-132c-40bd-851a-4a3a70fb346d/addn_hosts - 3 addresses
Jun 26 17:13:04 gtw01 dnsmasq-dhcp[30319]: read /var/lib/neutron/dhcp/a9f0eb09-132c-40bd-851a-4a3a70fb346d/host
Jun 26 17:13:04 gtw01 dnsmasq-dhcp[30319]: read /var/lib/neutron/dhcp/a9f0eb09-132c-40bd-851a-4a3a70fb346d/opts
Jun 26 17:13:13 gtw01 dnsmasq-dhcp[30319]: DHCPRELEASE(tap5714cb85-3e) 192.168.120.14 fa:16:3e:fb:7b:e0
Jun 26 17:13:14 gtw01 dnsmasq-dhcp[30319]: DHCPRELEASE(tap5714cb85-3e) 192.168.120.14 fa:16:3e:fb:7b:e0 unknown lease
Jun 26 17:13:14 gtw01 dnsmasq[30319]: read /var/lib/neutron/dhcp/a9f0eb09-132c-40bd-851a-4a3a70fb346d/addn_hosts - 2 addresses
Jun 26 17:13:14 gtw01 dnsmasq-dhcp[30319]: read /var/lib/neutron/dhcp/a9f0eb09-132c-40bd-851a-4a3a70fb346d/host
Jun 26 17:13:14 gtw01 dnsmasq-dhcp[30319]: read /var/lib/neutron/dhcp/a9f0eb09-132c-40bd-851a-4a3a70fb346d/opts
Jun 26 17:13:53 gtw01 dnsmasq[30319]: read /var/lib/neutron/dhcp/a9f0eb09-132c-40bd-851a-4a3a70fb346d/addn_hosts - 3 addresses
Jun 26 17:13:53 gtw01 dnsmasq-dhcp[30319]: read /var/lib/neutron/dhcp/a9f0eb09-132c-40bd-851a-4a3a70fb346d/host
Jun 26 17:13:53 gtw01 dnsmasq-dhcp[30319]: read /var/lib/neutron/dhcp/a9f0eb09-132c-40bd-851a-4a3a70fb346d/opts
Jun 26 17:13:55 gtw01 dnsmasq[30319]: read /var/lib/neutron/dhcp/a9f0eb09-132c-40bd-851a-4a3a70fb346d/addn_hosts - 3 addresses
Jun 26 17:13:55 gtw01 dnsmasq-dhcp[30319]: read /var/lib/neutron/dhcp/a9f0eb09-132c-40bd-851a-4a3a70fb346d/host
Jun 26 17:13:55 gtw01 dnsmasq-dhcp[30319]: read /var/lib/neutron/dhcp/a9f0eb09-132c-40bd-851a-4a3a70fb346d/opts
Jun 26 17:13:55 gtw01 dnsmasq[30319]: read /var/lib/neutron/dhcp/a9f0eb09-132c-40bd-851a-4a3a70fb346d/addn_hosts - 4 addresses
Jun 26 17:13:55 gtw01 dnsmasq-dhcp[30319]: read /var/lib/neutron/dhcp/a9f0eb09-132c-40bd-851a-4a3a70fb346d/host
Jun 26 17:13:55 gtw01 dnsmasq-dhcp[30319]: read /var/lib/neutron/dhcp/a9f0eb09-132c-40bd-851a-4a3a70fb346d/opts
Jun 26 17:13:56 gtw01 dnsmasq[30319]: read /var/lib/neutron/dhcp/a9f0eb09-132c-40bd-851a-4a3a70fb346d/addn_hosts - 5 addresses
Jun 26 17:13:56 gtw01 dnsmasq-dhcp[30319]: read /var/lib/neutron/dhcp/a9f0eb09-132c-40bd-851a-4a3a70fb346d/host
Jun 26 17:13:56 gtw01 dnsmasq-dhcp[30319]: read /var/lib/neutron/dhcp/a9f0eb09-132c-40bd-851a-4a3a70fb346d/opts
Jun 26 17:13:57 gtw01 dnsmasq[30319]: read /var/lib/neutron/dhcp/a9f0eb09-132c-40bd-851a-4a3a70fb346d/addn_hosts - 6 addresses
Jun 26 17:13:57 gtw01 dnsmasq-dhcp[30319]: read /var/lib/neutron/dhcp/a9f0eb09-132c-40bd-851a-4a3a70fb346d/host
Jun 26 17:13:57 gtw01 dnsmasq-dhcp[30319]: read /var/lib/neutron/dhcp/a9f0eb09-132c-40bd-851a-4a3a70fb346d/opts
Jun 26 17:13:58 gtw01 dnsmasq[30319]: read /var/lib/neutron/dhcp/a9f0eb09-132c-40bd-851a-4a3a70fb346d/addn_hosts - 6 addresses
Jun 26 17:13:58 gtw01 dnsmasq-dhcp[30319]: read /var/lib/neutron/dhcp/a9f0eb09-132c-40bd-851a-4a3a70fb346d/host
Jun 26 17:13:58 gtw01 dnsmasq-dhcp[30319]: read /var/lib/neutron/dhcp/a9f0eb09-132c-40bd-851a-4a3a70fb346d/opts
Jun 26 17:13:59 gtw01 dnsmasq[30319]: read /var/lib/neutron/dhcp/a9f0eb09-132c-40bd-851a-4a3a70fb346d/addn_hosts - 6 addresses
Jun 26 17:13:59 gtw01 dnsmasq-dhcp[30319]: read /var/lib/neutron/dhcp/a9f0eb09-132c-40bd-851a-4a3a70fb346d/host
Jun 26 17:13:59 gtw01 dnsmasq-dhcp[30319]: read /var/lib/neutron/dhcp/a9f0eb09-132c-40bd-851a-4a3a70fb346d/opts
Jun 26 17:14:00 gtw01 dnsmasq[30319]: read /var/lib/neutron/dhcp/a9f0eb09-132c-40bd-851a-4a3a70fb346d/addn_hosts - 6 addresses
Jun 26 17:14:00 gtw01 dnsmasq-dhcp[30319]: read /var/lib/neutron/dhcp/a9f0eb09-132c-40bd-851a-4a3a70fb346d/host
Jun 26 17:14:00 gtw01 dnsmasq-dhcp[30319]: read /var/lib/neutron/dhcp/a9f0eb09-132c-40bd-851a-4a3a70fb346d/opts
Jun 26 17:14:01 gtw01 dnsmasq[30319]: read /var/lib/neutron/dhcp/a9f0eb09-132c-40bd-851a-4a3a70fb346d/addn_hosts - 6 addresses
Jun 26 17:14:01 gtw01 dnsmasq-dhcp[30319]: read /var/lib/neutron/dhcp/a9f0eb09-132c-40bd-851a-4a3a70fb346d/host
Jun 26 17:14:01 gtw01 dnsmasq-dhcp[30319]: read /var/lib/neutron/dhcp/a9f0eb09-132c-40bd-851a-4a3a70fb346d/opts
Jun 26 17:14:02 gtw01 dnsmasq[30319]: read /var/lib/neutron/dhcp/a9f0eb09-132c-40bd-851a-4a3a70fb346d/addn_hosts - 6 addresses
Jun 26 17:14:02 gtw01 dnsmasq-dhcp[30319]: read /var/lib/neutron/dhcp/a9f0eb09-132c-40bd-851a-4a3a70fb346d/host
Jun 26 17:14:02 gtw01 dnsmasq-dhcp[30319]: read /var/lib/neutron/dhcp/a9f0eb09-132c-40bd-851a-4a3a70fb346d/opts
Jun 26 17:14:03 gtw01 dnsmasq[30319]: read /var/lib/neutron/dhcp/a9f0eb09-132c-40bd-851a-4a3a70fb346d/addn_hosts - 6 addresses
Jun 26 17:14:03 gtw01 dnsmasq-dhcp[30319]: read /var/lib/neutron/dhcp/a9f0eb09-132c-40bd-851a-4a3a70fb346d/host
Jun 26 17:14:03 gtw01 dnsmasq-dhcp[30319]: read /var/lib/neutron/dhcp/a9f0eb09-132c-40bd-851a-4a3a70fb346d/opts
Jun 26 17:14:04 gtw01 dnsmasq[30319]: read /var/lib/neutron/dhcp/a9f0eb09-132c-40bd-851a-4a3a70fb346d/addn_hosts - 6 addresses
Jun 26 17:14:04 gtw01 dnsmasq-dhcp[30319]: read /var/lib/neutron/dhcp/a9f0eb09-132c-40bd-851a-4a3a70fb346d/host
Jun 26 17:14:04 gtw01 dnsmasq-dhcp[30319]: read /var/lib/neutron/dhcp/a9f0eb09-132c-40bd-851a-4a3a70fb346d/opts
Jun 26 17:14:12 gtw01 dnsmasq-dhcp[30319]: DHCPDISCOVER(tap5714cb85-3e) fa:16:3e:42:b0:eb
Jun 26 17:14:12 gtw01 dnsmasq-dhcp[30319]: DHCPOFFER(tap5714cb85-3e) 192.168.120.9 fa:16:3e:42:b0:eb
Jun 26 17:14:12 gtw01 dnsmasq-dhcp[30319]: DHCPREQUEST(tap5714cb85-3e) 192.168.120.9 fa:16:3e:42:b0:eb
Jun 26 17:14:12 gtw01 dnsmasq-dhcp[30319]: DHCPACK(tap5714cb85-3e) 192.168.120.9 fa:16:3e:42:b0:eb host-192-168-120-9
Jun 26 17:14:14 gtw01 dnsmasq-dhcp[30319]: DHCPDISCOVER(tap5714cb85-3e) fa:16:3e:87:01:12
Jun 26 17:14:14 gtw01 dnsmasq-dhcp[30319]: DHCPOFFER(tap5714cb85-3e) 192.168.120.8 fa:16:3e:87:01:12
Jun 26 17:14:14 gtw01 dnsmasq-dhcp[30319]: DHCPREQUEST(tap5714cb85-3e) 192.168.120.8 fa:16:3e:87:01:12
Jun 26 17:14:14 gtw01 dnsmasq-dhcp[30319]: DHCPACK(tap5714cb85-3e) 192.168.120.8 fa:16:3e:87:01:12 host-192-168-120-8
Jun 26 17:14:14 gtw01 dnsmasq-dhcp[30319]: DHCPDISCOVER(tap5714cb85-3e) fa:16:3e:e7:5e:10
Jun 26 17:14:14 gtw01 dnsmasq-dhcp[30319]: DHCPOFFER(tap5714cb85-3e) 192.168.120.6 fa:16:3e:e7:5e:10
Jun 26 17:14:14 gtw01 dnsmasq-dhcp[30319]: DHCPREQUEST(tap5714cb85-3e) 192.168.120.6 fa:16:3e:e7:5e:10
Jun 26 17:14:14 gtw01 dnsmasq-dhcp[30319]: DHCPACK(tap5714cb85-3e) 192.168.120.6 fa:16:3e:e7:5e:10 host-192-168-120-6
Jun 26 17:14:17 gtw01 dnsmasq-dhcp[30319]: DHCPDISCOVER(tap5714cb85-3e) fa:16:3e:c9:f9:c5
Jun 26 17:14:17 gtw01 dnsmasq-dhcp[30319]: DHCPOFFER(tap5714cb85-3e) 192.168.120.11 fa:16:3e:c9:f9:c5
Jun 26 17:14:17 gtw01 dnsmasq-dhcp[30319]: DHCPREQUEST(tap5714cb85-3e) 192.168.120.11 fa:16:3e:c9:f9:c5
Jun 26 17:14:17 gtw01 dnsmasq-dhcp[30319]: DHCPACK(tap5714cb85-3e) 192.168.120.11 fa:16:3e:c9:f9:c5 host-192-168-120-11
Jun 26 17:14:21 gtw01 dnsmasq-dhcp[30319]: DHCPRELEASE(tap5714cb85-3e) 192.168.120.6 fa:16:3e:e7:5e:10
Jun 26 17:14:21 gtw01 dnsmasq-dhcp[30319]: DHCPRELEASE(tap5714cb85-3e) 192.168.120.6 fa:16:3e:e7:5e:10 unknown lease
Jun 26 17:14:22 gtw01 dnsmasq[30319]: read /var/lib/neutron/dhcp/a9f0eb09-132c-40bd-851a-4a3a70fb346d/addn_hosts - 5 addresses
Jun 26 17:14:22 gtw01 dnsmasq-dhcp[30319]: read /var/lib/neutron/dhcp/a9f0eb09-132c-40bd-851a-4a3a70fb346d/host
Jun 26 17:14:22 gtw01 dnsmasq-dhcp[30319]: read /var/lib/neutron/dhcp/a9f0eb09-132c-40bd-851a-4a3a70fb346d/opts
Jun 26 17:14:25 gtw01 dnsmasq-dhcp[30319]: DHCPRELEASE(tap5714cb85-3e) 192.168.120.9 fa:16:3e:42:b0:eb
Jun 26 17:14:25 gtw01 dnsmasq-dhcp[30319]: DHCPRELEASE(tap5714cb85-3e) 192.168.120.9 fa:16:3e:42:b0:eb unknown lease
Jun 26 17:14:26 gtw01 dnsmasq[30319]: read /var/lib/neutron/dhcp/a9f0eb09-132c-40bd-851a-4a3a70fb346d/addn_hosts - 4 addresses
Jun 26 17:14:26 gtw01 dnsmasq-dhcp[30319]: read /var/lib/neutron/dhcp/a9f0eb09-132c-40bd-851a-4a3a70fb346d/host
Jun 26 17:14:26 gtw01 dnsmasq-dhcp[30319]: read /var/lib/neutron/dhcp/a9f0eb09-132c-40bd-851a-4a3a70fb346d/opts
Jun 26 17:14:27 gtw01 dnsmasq-dhcp[30319]: DHCPRELEASE(tap5714cb85-3e) 192.168.120.8 fa:16:3e:87:01:12
Jun 26 17:14:27 gtw01 dnsmasq-dhcp[30319]: DHCPRELEASE(tap5714cb85-3e) 192.168.120.8 fa:16:3e:87:01:12 unknown lease
Jun 26 17:14:28 gtw01 dnsmasq[30319]: read /var/lib/neutron/dhcp/a9f0eb09-132c-40bd-851a-4a3a70fb346d/addn_hosts - 3 addresses
Jun 26 17:14:28 gtw01 dnsmasq-dhcp[30319]: read /var/lib/neutron/dhcp/a9f0eb09-132c-40bd-851a-4a3a70fb346d/host
Jun 26 17:14:28 gtw01 dnsmasq-dhcp[30319]: read /var/lib/neutron/dhcp/a9f0eb09-132c-40bd-851a-4a3a70fb346d/opts
Jun 26 17:14:29 gtw01 dnsmasq-dhcp[30319]: DHCPRELEASE(tap5714cb85-3e) 192.168.120.11 fa:16:3e:c9:f9:c5
Jun 26 17:14:29 gtw01 dnsmasq-dhcp[30319]: DHCPRELEASE(tap5714cb85-3e) 192.168.120.11 fa:16:3e:c9:f9:c5 unknown lease
Jun 26 17:14:30 gtw01 dnsmasq[30319]: read /var/lib/neutron/dhcp/a9f0eb09-132c-40bd-851a-4a3a70fb346d/addn_hosts - 2 addresses
Jun 26 17:14:30 gtw01 dnsmasq-dhcp[30319]: read /var/lib/neutron/dhcp/a9f0eb09-132c-40bd-851a-4a3a70fb346d/host
Jun 26 17:14:30 gtw01 dnsmasq-dhcp[30319]: read /var/lib/neutron/dhcp/a9f0eb09-132c-40bd-851a-4a3a70fb346d/opts
Jun 26 17:14:32 gtw01 dnsmasq[30319]: read /var/lib/neutron/dhcp/a9f0eb09-132c-40bd-851a-4a3a70fb346d/addn_hosts - 3 addresses
Jun 26 17:14:32 gtw01 dnsmasq-dhcp[30319]: read /var/lib/neutron/dhcp/a9f0eb09-132c-40bd-851a-4a3a70fb346d/host
Jun 26 17:14:32 gtw01 dnsmasq-dhcp[30319]: read /var/lib/neutron/dhcp/a9f0eb09-132c-40bd-851a-4a3a70fb346d/opts
Jun 26 17:14:33 gtw01 dnsmasq[30319]: read /var/lib/neutron/dhcp/a9f0eb09-132c-40bd-851a-4a3a70fb346d/addn_hosts - 3 addresses
Jun 26 17:14:33 gtw01 dnsmasq-dhcp[30319]: read /var/lib/neutron/dhcp/a9f0eb09-132c-40bd-851a-4a3a70fb346d/host
Jun 26 17:14:33 gtw01 dnsmasq-dhcp[30319]: read /var/lib/neutron/dhcp/a9f0eb09-132c-40bd-851a-4a3a70fb346d/opts
Jun 26 17:14:34 gtw01 dnsmasq[30319]: read /var/lib/neutron/dhcp/a9f0eb09-132c-40bd-851a-4a3a70fb346d/addn_hosts - 3 addresses
Jun 26 17:14:34 gtw01 dnsmasq-dhcp[30319]: read /var/lib/neutron/dhcp/a9f0eb09-132c-40bd-851a-4a3a70fb346d/host
Jun 26 17:14:34 gtw01 dnsmasq-dhcp[30319]: read /var/lib/neutron/dhcp/a9f0eb09-132c-40bd-851a-4a3a70fb346d/opts
Jun 26 17:14:38 gtw01 dnsmasq[30319]: read /var/lib/neutron/dhcp/a9f0eb09-132c-40bd-851a-4a3a70fb346d/addn_hosts - 4 addresses
Jun 26 17:14:38 gtw01 dnsmasq-dhcp[30319]: read /var/lib/neutron/dhcp/a9f0eb09-132c-40bd-851a-4a3a70fb346d/host
Jun 26 17:14:38 gtw01 dnsmasq-dhcp[30319]: read /var/lib/neutron/dhcp/a9f0eb09-132c-40bd-851a-4a3a70fb346d/opts
Jun 26 17:14:39 gtw01 dnsmasq[30319]: read /var/lib/neutron/dhcp/a9f0eb09-132c-40bd-851a-4a3a70fb346d/addn_hosts - 5 addresses
Jun 26 17:14:39 gtw01 dnsmasq-dhcp[30319]: read /var/lib/neutron/dhcp/a9f0eb09-132c-40bd-851a-4a3a70fb346d/host
Jun 26 17:14:39 gtw01 dnsmasq-dhcp[30319]: read /var/lib/neutron/dhcp/a9f0eb09-132c-40bd-851a-4a3a70fb346d/opts
Jun 26 17:14:40 gtw01 dnsmasq[30319]: read /var/lib/neutron/dhcp/a9f0eb09-132c-40bd-851a-4a3a70fb346d/addn_hosts - 6 addresses
Jun 26 17:14:40 gtw01 dnsmasq-dhcp[30319]: read /var/lib/neutron/dhcp/a9f0eb09-132c-40bd-851a-4a3a70fb346d/host
Jun 26 17:14:40 gtw01 dnsmasq-dhcp[30319]: read /var/lib/neutron/dhcp/a9f0eb09-132c-40bd-851a-4a3a70fb346d/opts
Jun 26 17:14:41 gtw01 dnsmasq[30319]: read /var/lib/neutron/dhcp/a9f0eb09-132c-40bd-851a-4a3a70fb346d/addn_hosts - 6 addresses
Jun 26 17:14:41 gtw01 dnsmasq-dhcp[30319]: read /var/lib/neutron/dhcp/a9f0eb09-132c-40bd-851a-4a3a70fb346d/host
Jun 26 17:14:41 gtw01 dnsmasq-dhcp[30319]: read /var/lib/neutron/dhcp/a9f0eb09-132c-40bd-851a-4a3a70fb346d/opts
Jun 26 17:14:42 gtw01 dnsmasq[30319]: read /var/lib/neutron/dhcp/a9f0eb09-132c-40bd-851a-4a3a70fb346d/addn_hosts - 6 addresses
Jun 26 17:14:42 gtw01 dnsmasq-dhcp[30319]: read /var/lib/neutron/dhcp/a9f0eb09-132c-40bd-851a-4a3a70fb346d/host
Jun 26 17:14:42 gtw01 dnsmasq-dhcp[30319]: read /var/lib/neutron/dhcp/a9f0eb09-132c-40bd-851a-4a3a70fb346d/opts
Jun 26 17:14:43 gtw01 dnsmasq[30319]: read /var/lib/neutron/dhcp/a9f0eb09-132c-40bd-851a-4a3a70fb346d/addn_hosts - 6 addresses
Jun 26 17:14:43 gtw01 dnsmasq-dhcp[30319]: read /var/lib/neutron/dhcp/a9f0eb09-132c-40bd-851a-4a3a70fb346d/host
Jun 26 17:14:43 gtw01 dnsmasq-dhcp[30319]: read /var/lib/neutron/dhcp/a9f0eb09-132c-40bd-851a-4a3a70fb346d/opts
Jun 26 17:14:44 gtw01 dnsmasq[30319]: read /var/lib/neutron/dhcp/a9f0eb09-132c-40bd-851a-4a3a70fb346d/addn_hosts - 6 addresses
Jun 26 17:14:44 gtw01 dnsmasq-dhcp[30319]: read /var/lib/neutron/dhcp/a9f0eb09-132c-40bd-851a-4a3a70fb346d/host
Jun 26 17:14:44 gtw01 dnsmasq-dhcp[30319]: read /var/lib/neutron/dhcp/a9f0eb09-132c-40bd-851a-4a3a70fb346d/opts
Jun 26 17:14:45 gtw01 dnsmasq[30319]: read /var/lib/neutron/dhcp/a9f0eb09-132c-40bd-851a-4a3a70fb346d/addn_hosts - 6 addresses
Jun 26 17:14:45 gtw01 dnsmasq-dhcp[30319]: read /var/lib/neutron/dhcp/a9f0eb09-132c-40bd-851a-4a3a70fb346d/host
Jun 26 17:14:45 gtw01 dnsmasq-dhcp[30319]: read /var/lib/neutron/dhcp/a9f0eb09-132c-40bd-851a-4a3a70fb346d/opts
Jun 26 17:14:46 gtw01 dnsmasq[30319]: read /var/lib/neutron/dhcp/a9f0eb09-132c-40bd-851a-4a3a70fb346d/addn_hosts - 6 addresses
Jun 26 17:14:46 gtw01 dnsmasq-dhcp[30319]: read /var/lib/neutron/dhcp/a9f0eb09-132c-40bd-851a-4a3a70fb346d/host
Jun 26 17:14:46 gtw01 dnsmasq-dhcp[30319]: read /var/lib/neutron/dhcp/a9f0eb09-132c-40bd-851a-4a3a70fb346d/opts
Jun 26 17:14:48 gtw01 dnsmasq-dhcp[30319]: DHCPDISCOVER(tap5714cb85-3e) fa:16:3e:87:26:5f
Jun 26 17:14:48 gtw01 dnsmasq-dhcp[30319]: DHCPOFFER(tap5714cb85-3e) 192.168.120.4 fa:16:3e:87:26:5f
Jun 26 17:14:48 gtw01 dnsmasq-dhcp[30319]: DHCPREQUEST(tap5714cb85-3e) 192.168.120.4 fa:16:3e:87:26:5f
Jun 26 17:14:48 gtw01 dnsmasq-dhcp[30319]: DHCPACK(tap5714cb85-3e) 192.168.120.4 fa:16:3e:87:26:5f host-192-168-120-4
Jun 26 17:14:54 gtw01 dnsmasq-dhcp[30319]: DHCPDISCOVER(tap5714cb85-3e) fa:16:3e:67:91:f8
Jun 26 17:14:54 gtw01 dnsmasq-dhcp[30319]: DHCPOFFER(tap5714cb85-3e) 192.168.120.11 fa:16:3e:67:91:f8
Jun 26 17:14:54 gtw01 dnsmasq-dhcp[30319]: DHCPREQUEST(tap5714cb85-3e) 192.168.120.11 fa:16:3e:67:91:f8
Jun 26 17:14:54 gtw01 dnsmasq-dhcp[30319]: DHCPACK(tap5714cb85-3e) 192.168.120.11 fa:16:3e:67:91:f8 host-192-168-120-11
Jun 26 17:14:54 gtw01 dnsmasq-dhcp[30319]: DHCPRELEASE(tap5714cb85-3e) 192.168.120.4 fa:16:3e:87:26:5f
Jun 26 17:14:55 gtw01 dnsmasq-dhcp[30319]: DHCPRELEASE(tap5714cb85-3e) 192.168.120.4 fa:16:3e:87:26:5f unknown lease
Jun 26 17:14:55 gtw01 dnsmasq-dhcp[30319]: DHCPDISCOVER(tap5714cb85-3e) fa:16:3e:e6:9d:8f
Jun 26 17:14:55 gtw01 dnsmasq-dhcp[30319]: DHCPOFFER(tap5714cb85-3e) 192.168.120.6 fa:16:3e:e6:9d:8f
Jun 26 17:14:55 gtw01 dnsmasq-dhcp[30319]: DHCPREQUEST(tap5714cb85-3e) 192.168.120.6 fa:16:3e:e6:9d:8f
Jun 26 17:14:55 gtw01 dnsmasq-dhcp[30319]: DHCPACK(tap5714cb85-3e) 192.168.120.6 fa:16:3e:e6:9d:8f host-192-168-120-6
Jun 26 17:14:55 gtw01 dnsmasq[30319]: read /var/lib/neutron/dhcp/a9f0eb09-132c-40bd-851a-4a3a70fb346d/addn_hosts - 5 addresses
Jun 26 17:14:55 gtw01 dnsmasq-dhcp[30319]: read /var/lib/neutron/dhcp/a9f0eb09-132c-40bd-851a-4a3a70fb346d/host
Jun 26 17:14:55 gtw01 dnsmasq-dhcp[30319]: read /var/lib/neutron/dhcp/a9f0eb09-132c-40bd-851a-4a3a70fb346d/opts
Jun 26 17:14:58 gtw01 dnsmasq-dhcp[30319]: DHCPDISCOVER(tap5714cb85-3e) fa:16:3e:3c:40:2c
Jun 26 17:14:58 gtw01 dnsmasq-dhcp[30319]: DHCPOFFER(tap5714cb85-3e) 192.168.120.14 fa:16:3e:3c:40:2c
Jun 26 17:14:58 gtw01 dnsmasq-dhcp[30319]: DHCPREQUEST(tap5714cb85-3e) 192.168.120.14 fa:16:3e:3c:40:2c
Jun 26 17:14:58 gtw01 dnsmasq-dhcp[30319]: DHCPACK(tap5714cb85-3e) 192.168.120.14 fa:16:3e:3c:40:2c host-192-168-120-14
Jun 26 17:15:03 gtw01 dnsmasq-dhcp[30319]: DHCPRELEASE(tap5714cb85-3e) 192.168.120.6 fa:16:3e:e6:9d:8f
Jun 26 17:15:04 gtw01 dnsmasq-dhcp[30319]: DHCPRELEASE(tap5714cb85-3e) 192.168.120.6 fa:16:3e:e6:9d:8f unknown lease
Jun 26 17:15:04 gtw01 dnsmasq[30319]: read /var/lib/neutron/dhcp/a9f0eb09-132c-40bd-851a-4a3a70fb346d/addn_hosts - 4 addresses
Jun 26 17:15:04 gtw01 dnsmasq-dhcp[30319]: read /var/lib/neutron/dhcp/a9f0eb09-132c-40bd-851a-4a3a70fb346d/host
Jun 26 17:15:04 gtw01 dnsmasq-dhcp[30319]: read /var/lib/neutron/dhcp/a9f0eb09-132c-40bd-851a-4a3a70fb346d/opts
Jun 26 17:15:05 gtw01 dnsmasq-dhcp[30319]: DHCPRELEASE(tap5714cb85-3e) 192.168.120.11 fa:16:3e:67:91:f8
Jun 26 17:15:05 gtw01 dnsmasq-dhcp[30319]: DHCPRELEASE(tap5714cb85-3e) 192.168.120.11 fa:16:3e:67:91:f8 unknown lease
Jun 26 17:15:06 gtw01 dnsmasq[30319]: read /var/lib/neutron/dhcp/a9f0eb09-132c-40bd-851a-4a3a70fb346d/addn_hosts - 3 addresses
Jun 26 17:15:06 gtw01 dnsmasq-dhcp[30319]: read /var/lib/neutron/dhcp/a9f0eb09-132c-40bd-851a-4a3a70fb346d/host
Jun 26 17:15:06 gtw01 dnsmasq-dhcp[30319]: read /var/lib/neutron/dhcp/a9f0eb09-132c-40bd-851a-4a3a70fb346d/opts
Jun 26 17:15:07 gtw01 dnsmasq[30319]: read /var/lib/neutron/dhcp/a9f0eb09-132c-40bd-851a-4a3a70fb346d/addn_hosts - 4 addresses
Jun 26 17:15:07 gtw01 dnsmasq-dhcp[30319]: read /var/lib/neutron/dhcp/a9f0eb09-132c-40bd-851a-4a3a70fb346d/host
Jun 26 17:15:07 gtw01 dnsmasq-dhcp[30319]: read /var/lib/neutron/dhcp/a9f0eb09-132c-40bd-851a-4a3a70fb346d/opts
Jun 26 17:15:08 gtw01 dnsmasq[30319]: read /var/lib/neutron/dhcp/a9f0eb09-132c-40bd-851a-4a3a70fb346d/addn_hosts - 4 addresses
Jun 26 17:15:08 gtw01 dnsmasq-dhcp[30319]: read /var/lib/neutron/dhcp/a9f0eb09-132c-40bd-851a-4a3a70fb346d/host
Jun 26 17:15:08 gtw01 dnsmasq-dhcp[30319]: read /var/lib/neutron/dhcp/a9f0eb09-132c-40bd-851a-4a3a70fb346d/opts
Jun 26 17:15:09 gtw01 dnsmasq[30319]: read /var/lib/neutron/dhcp/a9f0eb09-132c-40bd-851a-4a3a70fb346d/addn_hosts - 4 addresses
Jun 26 17:15:09 gtw01 dnsmasq-dhcp[30319]: read /var/lib/neutron/dhcp/a9f0eb09-132c-40bd-851a-4a3a70fb346d/host
Jun 26 17:15:09 gtw01 dnsmasq-dhcp[30319]: read /var/lib/neutron/dhcp/a9f0eb09-132c-40bd-851a-4a3a70fb346d/opts
Jun 26 17:15:10 gtw01 dnsmasq-dhcp[30319]: DHCPRELEASE(tap5714cb85-3e) 192.168.120.14 fa:16:3e:3c:40:2c
Jun 26 17:15:10 gtw01 dnsmasq-dhcp[30319]: DHCPRELEASE(tap5714cb85-3e) 192.168.120.14 fa:16:3e:3c:40:2c unknown lease
Jun 26 17:15:11 gtw01 dnsmasq[30319]: read /var/lib/neutron/dhcp/a9f0eb09-132c-40bd-851a-4a3a70fb346d/addn_hosts - 3 addresses
Jun 26 17:15:11 gtw01 dnsmasq-dhcp[30319]: read /var/lib/neutron/dhcp/a9f0eb09-132c-40bd-851a-4a3a70fb346d/host
Jun 26 17:15:11 gtw01 dnsmasq-dhcp[30319]: read /var/lib/neutron/dhcp/a9f0eb09-132c-40bd-851a-4a3a70fb346d/opts
Jun 26 17:15:14 gtw01 dnsmasq[30319]: read /var/lib/neutron/dhcp/a9f0eb09-132c-40bd-851a-4a3a70fb346d/addn_hosts - 4 addresses
Jun 26 17:15:14 gtw01 dnsmasq-dhcp[30319]: read /var/lib/neutron/dhcp/a9f0eb09-132c-40bd-851a-4a3a70fb346d/host
Jun 26 17:15:14 gtw01 dnsmasq-dhcp[30319]: read /var/lib/neutron/dhcp/a9f0eb09-132c-40bd-851a-4a3a70fb346d/opts
Jun 26 17:15:15 gtw01 dnsmasq[30319]: read /var/lib/neutron/dhcp/a9f0eb09-132c-40bd-851a-4a3a70fb346d/addn_hosts - 4 addresses
Jun 26 17:15:15 gtw01 dnsmasq-dhcp[30319]: read /var/lib/neutron/dhcp/a9f0eb09-132c-40bd-851a-4a3a70fb346d/host
Jun 26 17:15:15 gtw01 dnsmasq-dhcp[30319]: read /var/lib/neutron/dhcp/a9f0eb09-132c-40bd-851a-4a3a70fb346d/opts
Jun 26 17:15:16 gtw01 dnsmasq[30319]: read /var/lib/neutron/dhcp/a9f0eb09-132c-40bd-851a-4a3a70fb346d/addn_hosts - 4 addresses
Jun 26 17:15:16 gtw01 dnsmasq-dhcp[30319]: read /var/lib/neutron/dhcp/a9f0eb09-132c-40bd-851a-4a3a70fb346d/host
Jun 26 17:15:16 gtw01 dnsmasq-dhcp[30319]: read /var/lib/neutron/dhcp/a9f0eb09-132c-40bd-851a-4a3a70fb346d/opts
Jun 26 17:15:22 gtw01 dnsmasq-dhcp[30319]: DHCPDISCOVER(tap5714cb85-3e) fa:16:3e:70:cf:45
Jun 26 17:15:22 gtw01 dnsmasq-dhcp[30319]: DHCPOFFER(tap5714cb85-3e) 192.168.120.20 fa:16:3e:70:cf:45
Jun 26 17:15:22 gtw01 dnsmasq-dhcp[30319]: DHCPREQUEST(tap5714cb85-3e) 192.168.120.20 fa:16:3e:70:cf:45
Jun 26 17:15:22 gtw01 dnsmasq-dhcp[30319]: DHCPACK(tap5714cb85-3e) 192.168.120.20 fa:16:3e:70:cf:45 host-192-168-120-20
Jun 26 17:15:28 gtw01 dnsmasq-dhcp[30319]: DHCPDISCOVER(tap5714cb85-3e) fa:16:3e:1f:cc:18
Jun 26 17:15:28 gtw01 dnsmasq-dhcp[30319]: DHCPOFFER(tap5714cb85-3e) 192.168.120.5 fa:16:3e:1f:cc:18
Jun 26 17:15:28 gtw01 dnsmasq-dhcp[30319]: DHCPREQUEST(tap5714cb85-3e) 192.168.120.5 fa:16:3e:1f:cc:18
Jun 26 17:15:28 gtw01 dnsmasq-dhcp[30319]: DHCPACK(tap5714cb85-3e) 192.168.120.5 fa:16:3e:1f:cc:18 host-192-168-120-5
Jun 26 17:15:29 gtw01 dnsmasq-dhcp[30319]: DHCPRELEASE(tap5714cb85-3e) 192.168.120.20 fa:16:3e:70:cf:45
Jun 26 17:15:29 gtw01 dnsmasq-dhcp[30319]: DHCPRELEASE(tap5714cb85-3e) 192.168.120.20 fa:16:3e:70:cf:45 unknown lease
Jun 26 17:15:30 gtw01 dnsmasq[30319]: read /var/lib/neutron/dhcp/a9f0eb09-132c-40bd-851a-4a3a70fb346d/addn_hosts - 3 addresses
Jun 26 17:15:30 gtw01 dnsmasq-dhcp[30319]: read /var/lib/neutron/dhcp/a9f0eb09-132c-40bd-851a-4a3a70fb346d/host
Jun 26 17:15:30 gtw01 dnsmasq-dhcp[30319]: read /var/lib/neutron/dhcp/a9f0eb09-132c-40bd-851a-4a3a70fb346d/opts
Jun 26 17:15:36 gtw01 dnsmasq-dhcp[30319]: DHCPRELEASE(tap5714cb85-3e) 192.168.120.5 fa:16:3e:1f:cc:18
Jun 26 17:15:36 gtw01 dnsmasq-dhcp[30319]: DHCPRELEASE(tap5714cb85-3e) 192.168.120.5 fa:16:3e:1f:cc:18 unknown lease
Jun 26 17:15:37 gtw01 dnsmasq[30319]: read /var/lib/neutron/dhcp/a9f0eb09-132c-40bd-851a-4a3a70fb346d/addn_hosts - 2 addresses
Jun 26 17:15:37 gtw01 dnsmasq-dhcp[30319]: read /var/lib/neutron/dhcp/a9f0eb09-132c-40bd-851a-4a3a70fb346d/host
Jun 26 17:15:37 gtw01 dnsmasq-dhcp[30319]: read /var/lib/neutron/dhcp/a9f0eb09-132c-40bd-851a-4a3a70fb346d/opts
Jun 26 17:17:02 gtw01 CRON[1555]: (root) CMD (   cd / && run-parts --report /etc/cron.hourly)
Jun 26 17:32:19 gtw01 kernel: [13211.846915] device tap8091dbaa-ae entered promiscuous mode
Jun 26 17:32:19 gtw01 kernel: [13211.922219] device tap39dce2fb-8f entered promiscuous mode
Jun 26 17:32:19 gtw01 systemd-udevd[1601]: Could not generate persistent MAC address for tap39dce2fb-8f: No such file or directory
Jun 26 17:32:19 gtw01 systemd-udevd[1598]: Could not generate persistent MAC address for tap8091dbaa-ae: No such file or directory
Jun 26 17:32:19 gtw01 systemd-udevd[1601]: Process '/sbin/ip link set tap39dce2fb-8f txqueuelen 10000' failed with exit code 1.
Jun 26 17:32:19 gtw01 systemd-udevd[1598]: Process '/sbin/ip link set tap8091dbaa-ae txqueuelen 10000' failed with exit code 1.
Jun 26 17:32:19 gtw01 systemd-udevd[1601]: Process '/sbin/ip link set tap39dce2fb-8f txqueuelen 10000' failed with exit code 1.
Jun 26 17:32:19 gtw01 systemd-udevd[1598]: Process '/sbin/ip link set tap8091dbaa-ae txqueuelen 10000' failed with exit code 1.
Jun 26 17:32:22 gtw01 kernel: [13214.778234] device tap8a0b4989-e2 entered promiscuous mode
Jun 26 17:32:22 gtw01 systemd-udevd[1846]: Could not generate persistent MAC address for tap8a0b4989-e2: No such file or directory
Jun 26 17:32:22 gtw01 systemd-udevd[1846]: Process '/sbin/ip link set tap8a0b4989-e2 txqueuelen 10000' failed with exit code 1.
Jun 26 17:32:22 gtw01 systemd-udevd[1846]: Process '/sbin/ip link set tap8a0b4989-e2 txqueuelen 10000' failed with exit code 1.
Jun 26 17:32:22 gtw01 kernel: [13215.708410] device tapbff2e8d6-03 entered promiscuous mode
Jun 26 17:32:23 gtw01 systemd-udevd[1964]: Could not generate persistent MAC address for tapbff2e8d6-03: No such file or directory
Jun 26 17:32:23 gtw01 systemd-udevd[1964]: Process '/sbin/ip link set tapbff2e8d6-03 txqueuelen 10000' failed with exit code 1.
Jun 26 17:32:24 gtw01 dnsmasq[2094]: started, version 2.80 cachesize 150
Jun 26 17:32:24 gtw01 dnsmasq[2094]: DNS service limited to local subnets
Jun 26 17:32:24 gtw01 dnsmasq[2094]: compile time options: IPv6 GNU-getopt DBus i18n IDN DHCP DHCPv6 no-Lua TFTP conntrack ipset auth DNSSEC loop-detect inotify dumpfile
Jun 26 17:32:24 gtw01 dnsmasq[2094]: LOUD WARNING: listening on 11.11.11.2 may accept requests via interfaces other than tap8091dbaa-ae
Jun 26 17:32:24 gtw01 dnsmasq[2094]: LOUD WARNING: use --bind-dynamic rather than --bind-interfaces to avoid DNS amplification attacks via these interface(s)
Jun 26 17:32:24 gtw01 dnsmasq[2094]: warning: no upstream servers configured
Jun 26 17:32:24 gtw01 dnsmasq-dhcp[2094]: DHCP, static leases only on 11.11.11.0, lease time 1h
Jun 26 17:32:24 gtw01 dnsmasq[2094]: read /var/lib/neutron/dhcp/a6cbe954-994e-47dd-b81c-d91a0b1dd941/addn_hosts - 1 addresses
Jun 26 17:32:24 gtw01 dnsmasq-dhcp[2094]: read /var/lib/neutron/dhcp/a6cbe954-994e-47dd-b81c-d91a0b1dd941/host
Jun 26 17:32:24 gtw01 dnsmasq-dhcp[2094]: read /var/lib/neutron/dhcp/a6cbe954-994e-47dd-b81c-d91a0b1dd941/opts
Jun 26 17:32:25 gtw01 dnsmasq[2111]: started, version 2.80 cachesize 150
Jun 26 17:32:25 gtw01 dnsmasq[2111]: DNS service limited to local subnets
Jun 26 17:32:25 gtw01 dnsmasq[2111]: compile time options: IPv6 GNU-getopt DBus i18n IDN DHCP DHCPv6 no-Lua TFTP conntrack ipset auth DNSSEC loop-detect inotify dumpfile
Jun 26 17:32:25 gtw01 dnsmasq[2111]: LOUD WARNING: listening on 11.11.11.2 may accept requests via interfaces other than tap39dce2fb-8f
Jun 26 17:32:25 gtw01 dnsmasq[2111]: LOUD WARNING: use --bind-dynamic rather than --bind-interfaces to avoid DNS amplification attacks via these interface(s)
Jun 26 17:32:25 gtw01 dnsmasq[2111]: warning: no upstream servers configured
Jun 26 17:32:25 gtw01 dnsmasq-dhcp[2111]: DHCP, static leases only on 11.11.11.0, lease time 1h
Jun 26 17:32:25 gtw01 dnsmasq[2111]: read /var/lib/neutron/dhcp/5f2b734c-7d87-4642-bc49-ff0096e84496/addn_hosts - 1 addresses
Jun 26 17:32:25 gtw01 dnsmasq-dhcp[2111]: read /var/lib/neutron/dhcp/5f2b734c-7d87-4642-bc49-ff0096e84496/host
Jun 26 17:32:25 gtw01 dnsmasq-dhcp[2111]: read /var/lib/neutron/dhcp/5f2b734c-7d87-4642-bc49-ff0096e84496/opts
Jun 26 17:32:25 gtw01 haproxy-metadata-proxy-a6cbe954-994e-47dd-b81c-d91a0b1dd941[2114]: Proxy listener started.
Jun 26 17:32:25 gtw01 haproxy-metadata-proxy-5f2b734c-7d87-4642-bc49-ff0096e84496[2126]: Proxy listener started.
Jun 26 17:32:27 gtw01 dnsmasq[2111]: read /var/lib/neutron/dhcp/5f2b734c-7d87-4642-bc49-ff0096e84496/addn_hosts - 3 addresses
Jun 26 17:32:27 gtw01 dnsmasq-dhcp[2111]: read /var/lib/neutron/dhcp/5f2b734c-7d87-4642-bc49-ff0096e84496/host
Jun 26 17:32:27 gtw01 dnsmasq-dhcp[2111]: read /var/lib/neutron/dhcp/5f2b734c-7d87-4642-bc49-ff0096e84496/opts
Jun 26 17:32:27 gtw01 dnsmasq[2094]: read /var/lib/neutron/dhcp/a6cbe954-994e-47dd-b81c-d91a0b1dd941/addn_hosts - 3 addresses
Jun 26 17:32:27 gtw01 dnsmasq-dhcp[2094]: read /var/lib/neutron/dhcp/a6cbe954-994e-47dd-b81c-d91a0b1dd941/host
Jun 26 17:32:27 gtw01 dnsmasq-dhcp[2094]: read /var/lib/neutron/dhcp/a6cbe954-994e-47dd-b81c-d91a0b1dd941/opts
Jun 26 17:32:28 gtw01 dnsmasq[2208]: started, version 2.80 cachesize 150
Jun 26 17:32:28 gtw01 dnsmasq[2208]: DNS service limited to local subnets
Jun 26 17:32:28 gtw01 dnsmasq[2208]: compile time options: IPv6 GNU-getopt DBus i18n IDN DHCP DHCPv6 no-Lua TFTP conntrack ipset auth DNSSEC loop-detect inotify dumpfile
Jun 26 17:32:28 gtw01 dnsmasq[2208]: LOUD WARNING: listening on 11.11.11.2 may accept requests via interfaces other than tap8a0b4989-e2
Jun 26 17:32:28 gtw01 dnsmasq[2208]: LOUD WARNING: use --bind-dynamic rather than --bind-interfaces to avoid DNS amplification attacks via these interface(s)
Jun 26 17:32:28 gtw01 dnsmasq[2208]: warning: no upstream servers configured
Jun 26 17:32:28 gtw01 dnsmasq-dhcp[2208]: DHCP, static leases only on 11.11.11.0, lease time 1h
Jun 26 17:32:28 gtw01 dnsmasq[2208]: read /var/lib/neutron/dhcp/bf3d4797-0220-4daf-8b8a-0e8259f06d44/addn_hosts - 1 addresses
Jun 26 17:32:28 gtw01 dnsmasq-dhcp[2208]: read /var/lib/neutron/dhcp/bf3d4797-0220-4daf-8b8a-0e8259f06d44/host
Jun 26 17:32:28 gtw01 dnsmasq-dhcp[2208]: read /var/lib/neutron/dhcp/bf3d4797-0220-4daf-8b8a-0e8259f06d44/opts
Jun 26 17:32:28 gtw01 haproxy-metadata-proxy-bf3d4797-0220-4daf-8b8a-0e8259f06d44[2221]: Proxy listener started.
Jun 26 17:32:28 gtw01 dnsmasq[2233]: started, version 2.80 cachesize 150
Jun 26 17:32:28 gtw01 dnsmasq[2233]: DNS service limited to local subnets
Jun 26 17:32:28 gtw01 dnsmasq[2233]: compile time options: IPv6 GNU-getopt DBus i18n IDN DHCP DHCPv6 no-Lua TFTP conntrack ipset auth DNSSEC loop-detect inotify dumpfile
Jun 26 17:32:28 gtw01 dnsmasq[2233]: LOUD WARNING: listening on 11.11.11.2 may accept requests via interfaces other than tapbff2e8d6-03
Jun 26 17:32:28 gtw01 dnsmasq[2233]: LOUD WARNING: use --bind-dynamic rather than --bind-interfaces to avoid DNS amplification attacks via these interface(s)
Jun 26 17:32:28 gtw01 dnsmasq[2233]: warning: no upstream servers configured
Jun 26 17:32:28 gtw01 dnsmasq-dhcp[2233]: DHCP, static leases only on 11.11.11.0, lease time 1h
Jun 26 17:32:28 gtw01 dnsmasq[2233]: read /var/lib/neutron/dhcp/a284163e-b7bb-47f2-b377-eac8b97df6e0/addn_hosts - 1 addresses
Jun 26 17:32:28 gtw01 dnsmasq-dhcp[2233]: read /var/lib/neutron/dhcp/a284163e-b7bb-47f2-b377-eac8b97df6e0/host
Jun 26 17:32:28 gtw01 dnsmasq-dhcp[2233]: read /var/lib/neutron/dhcp/a284163e-b7bb-47f2-b377-eac8b97df6e0/opts
Jun 26 17:32:28 gtw01 dnsmasq[2111]: read /var/lib/neutron/dhcp/5f2b734c-7d87-4642-bc49-ff0096e84496/addn_hosts - 3 addresses
Jun 26 17:32:28 gtw01 dnsmasq-dhcp[2111]: read /var/lib/neutron/dhcp/5f2b734c-7d87-4642-bc49-ff0096e84496/host
Jun 26 17:32:28 gtw01 dnsmasq-dhcp[2111]: read /var/lib/neutron/dhcp/5f2b734c-7d87-4642-bc49-ff0096e84496/opts
Jun 26 17:32:29 gtw01 haproxy-metadata-proxy-a284163e-b7bb-47f2-b377-eac8b97df6e0[2244]: Proxy listener started.
Jun 26 17:32:29 gtw01 dnsmasq[2094]: read /var/lib/neutron/dhcp/a6cbe954-994e-47dd-b81c-d91a0b1dd941/addn_hosts - 3 addresses
Jun 26 17:32:29 gtw01 dnsmasq-dhcp[2094]: read /var/lib/neutron/dhcp/a6cbe954-994e-47dd-b81c-d91a0b1dd941/host
Jun 26 17:32:29 gtw01 dnsmasq-dhcp[2094]: read /var/lib/neutron/dhcp/a6cbe954-994e-47dd-b81c-d91a0b1dd941/opts
Jun 26 17:32:29 gtw01 dnsmasq[2208]: read /var/lib/neutron/dhcp/bf3d4797-0220-4daf-8b8a-0e8259f06d44/addn_hosts - 3 addresses
Jun 26 17:32:29 gtw01 dnsmasq-dhcp[2208]: read /var/lib/neutron/dhcp/bf3d4797-0220-4daf-8b8a-0e8259f06d44/host
Jun 26 17:32:29 gtw01 dnsmasq-dhcp[2208]: read /var/lib/neutron/dhcp/bf3d4797-0220-4daf-8b8a-0e8259f06d44/opts
Jun 26 17:32:30 gtw01 dnsmasq[2233]: read /var/lib/neutron/dhcp/a284163e-b7bb-47f2-b377-eac8b97df6e0/addn_hosts - 3 addresses
Jun 26 17:32:30 gtw01 dnsmasq-dhcp[2233]: read /var/lib/neutron/dhcp/a284163e-b7bb-47f2-b377-eac8b97df6e0/host
Jun 26 17:32:30 gtw01 dnsmasq-dhcp[2233]: read /var/lib/neutron/dhcp/a284163e-b7bb-47f2-b377-eac8b97df6e0/opts
Jun 26 17:32:30 gtw01 dnsmasq[2111]: read /var/lib/neutron/dhcp/5f2b734c-7d87-4642-bc49-ff0096e84496/addn_hosts - 3 addresses
Jun 26 17:32:30 gtw01 dnsmasq-dhcp[2111]: read /var/lib/neutron/dhcp/5f2b734c-7d87-4642-bc49-ff0096e84496/host
Jun 26 17:32:30 gtw01 dnsmasq-dhcp[2111]: read /var/lib/neutron/dhcp/5f2b734c-7d87-4642-bc49-ff0096e84496/opts
Jun 26 17:32:30 gtw01 dnsmasq[2094]: read /var/lib/neutron/dhcp/a6cbe954-994e-47dd-b81c-d91a0b1dd941/addn_hosts - 3 addresses
Jun 26 17:32:30 gtw01 dnsmasq-dhcp[2094]: read /var/lib/neutron/dhcp/a6cbe954-994e-47dd-b81c-d91a0b1dd941/host
Jun 26 17:32:30 gtw01 dnsmasq-dhcp[2094]: read /var/lib/neutron/dhcp/a6cbe954-994e-47dd-b81c-d91a0b1dd941/opts
Jun 26 17:32:31 gtw01 dnsmasq[2208]: read /var/lib/neutron/dhcp/bf3d4797-0220-4daf-8b8a-0e8259f06d44/addn_hosts - 3 addresses
Jun 26 17:32:31 gtw01 dnsmasq-dhcp[2208]: read /var/lib/neutron/dhcp/bf3d4797-0220-4daf-8b8a-0e8259f06d44/host
Jun 26 17:32:31 gtw01 dnsmasq-dhcp[2208]: read /var/lib/neutron/dhcp/bf3d4797-0220-4daf-8b8a-0e8259f06d44/opts
Jun 26 17:32:31 gtw01 dnsmasq[2233]: read /var/lib/neutron/dhcp/a284163e-b7bb-47f2-b377-eac8b97df6e0/addn_hosts - 3 addresses
Jun 26 17:32:31 gtw01 dnsmasq-dhcp[2233]: read /var/lib/neutron/dhcp/a284163e-b7bb-47f2-b377-eac8b97df6e0/host
Jun 26 17:32:31 gtw01 dnsmasq-dhcp[2233]: read /var/lib/neutron/dhcp/a284163e-b7bb-47f2-b377-eac8b97df6e0/opts
Jun 26 17:32:32 gtw01 dnsmasq[2111]: read /var/lib/neutron/dhcp/5f2b734c-7d87-4642-bc49-ff0096e84496/addn_hosts - 3 addresses
Jun 26 17:32:32 gtw01 dnsmasq-dhcp[2111]: read /var/lib/neutron/dhcp/5f2b734c-7d87-4642-bc49-ff0096e84496/host
Jun 26 17:32:32 gtw01 dnsmasq-dhcp[2111]: read /var/lib/neutron/dhcp/5f2b734c-7d87-4642-bc49-ff0096e84496/opts
Jun 26 17:32:32 gtw01 dnsmasq[2094]: read /var/lib/neutron/dhcp/a6cbe954-994e-47dd-b81c-d91a0b1dd941/addn_hosts - 3 addresses
Jun 26 17:32:32 gtw01 dnsmasq-dhcp[2094]: read /var/lib/neutron/dhcp/a6cbe954-994e-47dd-b81c-d91a0b1dd941/host
Jun 26 17:32:32 gtw01 dnsmasq-dhcp[2094]: read /var/lib/neutron/dhcp/a6cbe954-994e-47dd-b81c-d91a0b1dd941/opts
Jun 26 17:32:33 gtw01 dnsmasq[2208]: read /var/lib/neutron/dhcp/bf3d4797-0220-4daf-8b8a-0e8259f06d44/addn_hosts - 3 addresses
Jun 26 17:32:33 gtw01 dnsmasq-dhcp[2208]: read /var/lib/neutron/dhcp/bf3d4797-0220-4daf-8b8a-0e8259f06d44/host
Jun 26 17:32:33 gtw01 dnsmasq-dhcp[2208]: read /var/lib/neutron/dhcp/bf3d4797-0220-4daf-8b8a-0e8259f06d44/opts
Jun 26 17:32:34 gtw01 dnsmasq[2233]: read /var/lib/neutron/dhcp/a284163e-b7bb-47f2-b377-eac8b97df6e0/addn_hosts - 3 addresses
Jun 26 17:32:34 gtw01 dnsmasq-dhcp[2233]: read /var/lib/neutron/dhcp/a284163e-b7bb-47f2-b377-eac8b97df6e0/host
Jun 26 17:32:34 gtw01 dnsmasq-dhcp[2233]: read /var/lib/neutron/dhcp/a284163e-b7bb-47f2-b377-eac8b97df6e0/opts
Jun 26 17:32:34 gtw01 dnsmasq[2111]: read /var/lib/neutron/dhcp/5f2b734c-7d87-4642-bc49-ff0096e84496/addn_hosts - 3 addresses
Jun 26 17:32:34 gtw01 dnsmasq-dhcp[2111]: read /var/lib/neutron/dhcp/5f2b734c-7d87-4642-bc49-ff0096e84496/host
Jun 26 17:32:34 gtw01 dnsmasq-dhcp[2111]: read /var/lib/neutron/dhcp/5f2b734c-7d87-4642-bc49-ff0096e84496/opts
Jun 26 17:32:34 gtw01 dnsmasq[2094]: read /var/lib/neutron/dhcp/a6cbe954-994e-47dd-b81c-d91a0b1dd941/addn_hosts - 3 addresses
Jun 26 17:32:34 gtw01 dnsmasq-dhcp[2094]: read /var/lib/neutron/dhcp/a6cbe954-994e-47dd-b81c-d91a0b1dd941/host
Jun 26 17:32:34 gtw01 dnsmasq-dhcp[2094]: read /var/lib/neutron/dhcp/a6cbe954-994e-47dd-b81c-d91a0b1dd941/opts
Jun 26 17:32:35 gtw01 dnsmasq[2208]: read /var/lib/neutron/dhcp/bf3d4797-0220-4daf-8b8a-0e8259f06d44/addn_hosts - 3 addresses
Jun 26 17:32:35 gtw01 dnsmasq-dhcp[2208]: read /var/lib/neutron/dhcp/bf3d4797-0220-4daf-8b8a-0e8259f06d44/host
Jun 26 17:32:35 gtw01 dnsmasq-dhcp[2208]: read /var/lib/neutron/dhcp/bf3d4797-0220-4daf-8b8a-0e8259f06d44/opts
Jun 26 17:32:36 gtw01 dnsmasq[2233]: read /var/lib/neutron/dhcp/a284163e-b7bb-47f2-b377-eac8b97df6e0/addn_hosts - 3 addresses
Jun 26 17:32:36 gtw01 dnsmasq-dhcp[2233]: read /var/lib/neutron/dhcp/a284163e-b7bb-47f2-b377-eac8b97df6e0/host
Jun 26 17:32:36 gtw01 dnsmasq-dhcp[2233]: read /var/lib/neutron/dhcp/a284163e-b7bb-47f2-b377-eac8b97df6e0/opts
Jun 26 17:32:36 gtw01 dnsmasq[2111]: read /var/lib/neutron/dhcp/5f2b734c-7d87-4642-bc49-ff0096e84496/addn_hosts - 3 addresses
Jun 26 17:32:36 gtw01 dnsmasq-dhcp[2111]: read /var/lib/neutron/dhcp/5f2b734c-7d87-4642-bc49-ff0096e84496/host
Jun 26 17:32:36 gtw01 dnsmasq-dhcp[2111]: read /var/lib/neutron/dhcp/5f2b734c-7d87-4642-bc49-ff0096e84496/opts
Jun 26 17:32:36 gtw01 dnsmasq[2094]: read /var/lib/neutron/dhcp/a6cbe954-994e-47dd-b81c-d91a0b1dd941/addn_hosts - 3 addresses
Jun 26 17:32:36 gtw01 dnsmasq-dhcp[2094]: read /var/lib/neutron/dhcp/a6cbe954-994e-47dd-b81c-d91a0b1dd941/host
Jun 26 17:32:36 gtw01 dnsmasq-dhcp[2094]: read /var/lib/neutron/dhcp/a6cbe954-994e-47dd-b81c-d91a0b1dd941/opts
Jun 26 17:32:37 gtw01 dnsmasq[2208]: read /var/lib/neutron/dhcp/bf3d4797-0220-4daf-8b8a-0e8259f06d44/addn_hosts - 3 addresses
Jun 26 17:32:37 gtw01 dnsmasq-dhcp[2208]: read /var/lib/neutron/dhcp/bf3d4797-0220-4daf-8b8a-0e8259f06d44/host
Jun 26 17:32:37 gtw01 dnsmasq-dhcp[2208]: read /var/lib/neutron/dhcp/bf3d4797-0220-4daf-8b8a-0e8259f06d44/opts
Jun 26 17:32:37 gtw01 dnsmasq[2233]: read /var/lib/neutron/dhcp/a284163e-b7bb-47f2-b377-eac8b97df6e0/addn_hosts - 3 addresses
Jun 26 17:32:37 gtw01 dnsmasq-dhcp[2233]: read /var/lib/neutron/dhcp/a284163e-b7bb-47f2-b377-eac8b97df6e0/host
Jun 26 17:32:37 gtw01 dnsmasq-dhcp[2233]: read /var/lib/neutron/dhcp/a284163e-b7bb-47f2-b377-eac8b97df6e0/opts
Jun 26 17:32:38 gtw01 dnsmasq[2111]: read /var/lib/neutron/dhcp/5f2b734c-7d87-4642-bc49-ff0096e84496/addn_hosts - 3 addresses
Jun 26 17:32:38 gtw01 dnsmasq-dhcp[2111]: read /var/lib/neutron/dhcp/5f2b734c-7d87-4642-bc49-ff0096e84496/host
Jun 26 17:32:38 gtw01 dnsmasq-dhcp[2111]: read /var/lib/neutron/dhcp/5f2b734c-7d87-4642-bc49-ff0096e84496/opts
Jun 26 17:32:38 gtw01 dnsmasq[2094]: read /var/lib/neutron/dhcp/a6cbe954-994e-47dd-b81c-d91a0b1dd941/addn_hosts - 3 addresses
Jun 26 17:32:38 gtw01 dnsmasq-dhcp[2094]: read /var/lib/neutron/dhcp/a6cbe954-994e-47dd-b81c-d91a0b1dd941/host
Jun 26 17:32:38 gtw01 dnsmasq-dhcp[2094]: read /var/lib/neutron/dhcp/a6cbe954-994e-47dd-b81c-d91a0b1dd941/opts
Jun 26 17:32:39 gtw01 dnsmasq[2208]: read /var/lib/neutron/dhcp/bf3d4797-0220-4daf-8b8a-0e8259f06d44/addn_hosts - 3 addresses
Jun 26 17:32:39 gtw01 dnsmasq-dhcp[2208]: read /var/lib/neutron/dhcp/bf3d4797-0220-4daf-8b8a-0e8259f06d44/host
Jun 26 17:32:39 gtw01 dnsmasq-dhcp[2208]: read /var/lib/neutron/dhcp/bf3d4797-0220-4daf-8b8a-0e8259f06d44/opts
Jun 26 17:32:39 gtw01 dnsmasq[2233]: read /var/lib/neutron/dhcp/a284163e-b7bb-47f2-b377-eac8b97df6e0/addn_hosts - 3 addresses
Jun 26 17:32:39 gtw01 dnsmasq-dhcp[2233]: read /var/lib/neutron/dhcp/a284163e-b7bb-47f2-b377-eac8b97df6e0/host
Jun 26 17:32:39 gtw01 dnsmasq-dhcp[2233]: read /var/lib/neutron/dhcp/a284163e-b7bb-47f2-b377-eac8b97df6e0/opts
Jun 26 17:32:39 gtw01 dnsmasq[2111]: read /var/lib/neutron/dhcp/5f2b734c-7d87-4642-bc49-ff0096e84496/addn_hosts - 3 addresses
Jun 26 17:32:39 gtw01 dnsmasq-dhcp[2111]: read /var/lib/neutron/dhcp/5f2b734c-7d87-4642-bc49-ff0096e84496/host
Jun 26 17:32:39 gtw01 dnsmasq-dhcp[2111]: read /var/lib/neutron/dhcp/5f2b734c-7d87-4642-bc49-ff0096e84496/opts
Jun 26 17:32:40 gtw01 dnsmasq[2094]: read /var/lib/neutron/dhcp/a6cbe954-994e-47dd-b81c-d91a0b1dd941/addn_hosts - 3 addresses
Jun 26 17:32:40 gtw01 dnsmasq-dhcp[2094]: read /var/lib/neutron/dhcp/a6cbe954-994e-47dd-b81c-d91a0b1dd941/host
Jun 26 17:32:40 gtw01 dnsmasq-dhcp[2094]: read /var/lib/neutron/dhcp/a6cbe954-994e-47dd-b81c-d91a0b1dd941/opts
Jun 26 17:32:41 gtw01 dnsmasq[2208]: read /var/lib/neutron/dhcp/bf3d4797-0220-4daf-8b8a-0e8259f06d44/addn_hosts - 3 addresses
Jun 26 17:32:41 gtw01 dnsmasq-dhcp[2208]: read /var/lib/neutron/dhcp/bf3d4797-0220-4daf-8b8a-0e8259f06d44/host
Jun 26 17:32:41 gtw01 dnsmasq-dhcp[2208]: read /var/lib/neutron/dhcp/bf3d4797-0220-4daf-8b8a-0e8259f06d44/opts
Jun 26 17:32:41 gtw01 dnsmasq[2233]: read /var/lib/neutron/dhcp/a284163e-b7bb-47f2-b377-eac8b97df6e0/addn_hosts - 3 addresses
Jun 26 17:32:41 gtw01 dnsmasq-dhcp[2233]: read /var/lib/neutron/dhcp/a284163e-b7bb-47f2-b377-eac8b97df6e0/host
Jun 26 17:32:41 gtw01 dnsmasq-dhcp[2233]: read /var/lib/neutron/dhcp/a284163e-b7bb-47f2-b377-eac8b97df6e0/opts
Jun 26 17:32:41 gtw01 dnsmasq[2111]: read /var/lib/neutron/dhcp/5f2b734c-7d87-4642-bc49-ff0096e84496/addn_hosts - 2 addresses
Jun 26 17:32:41 gtw01 dnsmasq-dhcp[2111]: read /var/lib/neutron/dhcp/5f2b734c-7d87-4642-bc49-ff0096e84496/host
Jun 26 17:32:41 gtw01 dnsmasq-dhcp[2111]: read /var/lib/neutron/dhcp/5f2b734c-7d87-4642-bc49-ff0096e84496/opts
Jun 26 17:32:42 gtw01 dnsmasq[2094]: read /var/lib/neutron/dhcp/a6cbe954-994e-47dd-b81c-d91a0b1dd941/addn_hosts - 2 addresses
Jun 26 17:32:42 gtw01 dnsmasq-dhcp[2094]: read /var/lib/neutron/dhcp/a6cbe954-994e-47dd-b81c-d91a0b1dd941/host
Jun 26 17:32:42 gtw01 dnsmasq-dhcp[2094]: read /var/lib/neutron/dhcp/a6cbe954-994e-47dd-b81c-d91a0b1dd941/opts
Jun 26 17:32:42 gtw01 dnsmasq[2208]: read /var/lib/neutron/dhcp/bf3d4797-0220-4daf-8b8a-0e8259f06d44/addn_hosts - 3 addresses
Jun 26 17:32:42 gtw01 dnsmasq-dhcp[2208]: read /var/lib/neutron/dhcp/bf3d4797-0220-4daf-8b8a-0e8259f06d44/host
Jun 26 17:32:42 gtw01 dnsmasq-dhcp[2208]: read /var/lib/neutron/dhcp/bf3d4797-0220-4daf-8b8a-0e8259f06d44/opts
Jun 26 17:32:43 gtw01 dnsmasq[2233]: read /var/lib/neutron/dhcp/a284163e-b7bb-47f2-b377-eac8b97df6e0/addn_hosts - 3 addresses
Jun 26 17:32:43 gtw01 dnsmasq-dhcp[2233]: read /var/lib/neutron/dhcp/a284163e-b7bb-47f2-b377-eac8b97df6e0/host
Jun 26 17:32:43 gtw01 dnsmasq-dhcp[2233]: read /var/lib/neutron/dhcp/a284163e-b7bb-47f2-b377-eac8b97df6e0/opts
Jun 26 17:32:44 gtw01 dnsmasq[2094]: read /var/lib/neutron/dhcp/a6cbe954-994e-47dd-b81c-d91a0b1dd941/addn_hosts - 2 addresses
Jun 26 17:32:44 gtw01 dnsmasq-dhcp[2094]: read /var/lib/neutron/dhcp/a6cbe954-994e-47dd-b81c-d91a0b1dd941/host
Jun 26 17:32:44 gtw01 dnsmasq-dhcp[2094]: read /var/lib/neutron/dhcp/a6cbe954-994e-47dd-b81c-d91a0b1dd941/opts
Jun 26 17:32:44 gtw01 dnsmasq[2208]: read /var/lib/neutron/dhcp/bf3d4797-0220-4daf-8b8a-0e8259f06d44/addn_hosts - 3 addresses
Jun 26 17:32:44 gtw01 dnsmasq-dhcp[2208]: read /var/lib/neutron/dhcp/bf3d4797-0220-4daf-8b8a-0e8259f06d44/host
Jun 26 17:32:44 gtw01 dnsmasq-dhcp[2208]: read /var/lib/neutron/dhcp/bf3d4797-0220-4daf-8b8a-0e8259f06d44/opts
Jun 26 17:32:44 gtw01 dnsmasq[2233]: read /var/lib/neutron/dhcp/a284163e-b7bb-47f2-b377-eac8b97df6e0/addn_hosts - 3 addresses
Jun 26 17:32:44 gtw01 dnsmasq-dhcp[2233]: read /var/lib/neutron/dhcp/a284163e-b7bb-47f2-b377-eac8b97df6e0/host
Jun 26 17:32:44 gtw01 dnsmasq-dhcp[2233]: read /var/lib/neutron/dhcp/a284163e-b7bb-47f2-b377-eac8b97df6e0/opts
Jun 26 17:32:44 gtw01 dnsmasq[2111]: read /var/lib/neutron/dhcp/5f2b734c-7d87-4642-bc49-ff0096e84496/addn_hosts - 2 addresses
Jun 26 17:32:44 gtw01 dnsmasq-dhcp[2111]: read /var/lib/neutron/dhcp/5f2b734c-7d87-4642-bc49-ff0096e84496/host
Jun 26 17:32:44 gtw01 dnsmasq-dhcp[2111]: read /var/lib/neutron/dhcp/5f2b734c-7d87-4642-bc49-ff0096e84496/opts
Jun 26 17:32:45 gtw01 dnsmasq[2208]: read /var/lib/neutron/dhcp/bf3d4797-0220-4daf-8b8a-0e8259f06d44/addn_hosts - 2 addresses
Jun 26 17:32:45 gtw01 dnsmasq-dhcp[2208]: read /var/lib/neutron/dhcp/bf3d4797-0220-4daf-8b8a-0e8259f06d44/host
Jun 26 17:32:45 gtw01 dnsmasq-dhcp[2208]: read /var/lib/neutron/dhcp/bf3d4797-0220-4daf-8b8a-0e8259f06d44/opts
Jun 26 17:32:46 gtw01 dnsmasq[2233]: read /var/lib/neutron/dhcp/a284163e-b7bb-47f2-b377-eac8b97df6e0/addn_hosts - 2 addresses
Jun 26 17:32:46 gtw01 dnsmasq-dhcp[2233]: read /var/lib/neutron/dhcp/a284163e-b7bb-47f2-b377-eac8b97df6e0/host
Jun 26 17:32:46 gtw01 dnsmasq-dhcp[2233]: read /var/lib/neutron/dhcp/a284163e-b7bb-47f2-b377-eac8b97df6e0/opts
Jun 26 17:32:47 gtw01 dnsmasq[2208]: read /var/lib/neutron/dhcp/bf3d4797-0220-4daf-8b8a-0e8259f06d44/addn_hosts - 1 addresses
Jun 26 17:32:47 gtw01 dnsmasq-dhcp[2208]: read /var/lib/neutron/dhcp/bf3d4797-0220-4daf-8b8a-0e8259f06d44/host
Jun 26 17:32:47 gtw01 dnsmasq-dhcp[2208]: read /var/lib/neutron/dhcp/bf3d4797-0220-4daf-8b8a-0e8259f06d44/opts
Jun 26 17:32:47 gtw01 dnsmasq[2233]: read /var/lib/neutron/dhcp/a284163e-b7bb-47f2-b377-eac8b97df6e0/addn_hosts - 1 addresses
Jun 26 17:32:47 gtw01 dnsmasq-dhcp[2233]: read /var/lib/neutron/dhcp/a284163e-b7bb-47f2-b377-eac8b97df6e0/host
Jun 26 17:32:47 gtw01 dnsmasq-dhcp[2233]: read /var/lib/neutron/dhcp/a284163e-b7bb-47f2-b377-eac8b97df6e0/opts
Jun 26 17:32:47 gtw01 dnsmasq[2094]: read /var/lib/neutron/dhcp/a6cbe954-994e-47dd-b81c-d91a0b1dd941/addn_hosts - 1 addresses
Jun 26 17:32:47 gtw01 dnsmasq-dhcp[2094]: read /var/lib/neutron/dhcp/a6cbe954-994e-47dd-b81c-d91a0b1dd941/host
Jun 26 17:32:47 gtw01 dnsmasq-dhcp[2094]: read /var/lib/neutron/dhcp/a6cbe954-994e-47dd-b81c-d91a0b1dd941/opts
Jun 26 17:32:48 gtw01 dnsmasq[2111]: read /var/lib/neutron/dhcp/5f2b734c-7d87-4642-bc49-ff0096e84496/addn_hosts - 1 addresses
Jun 26 17:32:48 gtw01 dnsmasq-dhcp[2111]: read /var/lib/neutron/dhcp/5f2b734c-7d87-4642-bc49-ff0096e84496/host
Jun 26 17:32:48 gtw01 dnsmasq-dhcp[2111]: read /var/lib/neutron/dhcp/5f2b734c-7d87-4642-bc49-ff0096e84496/opts
Jun 26 17:32:50 gtw01 kernel: [13242.777522] device tap8a0b4989-e2 left promiscuous mode
Jun 26 17:32:50 gtw01 kernel: [13242.959421] device tap8091dbaa-ae left promiscuous mode
Jun 26 17:32:50 gtw01 kernel: [13243.073569] device tap39dce2fb-8f left promiscuous mode
Jun 26 17:32:52 gtw01 kernel: [13245.158136] device tapbff2e8d6-03 left promiscuous mode
Jun 26 17:33:01 gtw01 kernel: [13254.353414] device tap98c6a226-bf entered promiscuous mode
Jun 26 17:33:01 gtw01 systemd-udevd[2985]: Could not generate persistent MAC address for tap98c6a226-bf: No such file or directory
Jun 26 17:33:01 gtw01 systemd-udevd[2985]: Process '/sbin/ip link set tap98c6a226-bf txqueuelen 10000' failed with exit code 1.
Jun 26 17:33:01 gtw01 systemd-udevd[3058]: Process '/sbin/ip link set tap98c6a226-bf txqueuelen 10000' failed with exit code 1.
Jun 26 17:33:04 gtw01 kernel: [13257.155346] device tap5c1d9ebe-ed entered promiscuous mode
Jun 26 17:33:04 gtw01 systemd-udevd[3129]: Could not generate persistent MAC address for tap5c1d9ebe-ed: No such file or directory
