Jun 26 16:14:59 gtw01 dnsmasq[7410]: read /var/lib/neutron/dhcp/e8db8f72-e013-4b48-a92b-8989d1177857/addn_hosts - 6 addresses
Jun 26 16:14:59 gtw01 dnsmasq-dhcp[7410]: read /var/lib/neutron/dhcp/e8db8f72-e013-4b48-a92b-8989d1177857/host
Jun 26 16:14:59 gtw01 dnsmasq-dhcp[7410]: read /var/lib/neutron/dhcp/e8db8f72-e013-4b48-a92b-8989d1177857/opts
Jun 26 16:14:59 gtw01 dnsmasq[7646]: read /var/lib/neutron/dhcp/f025c13b-fe4a-42ad-980a-f3e38e2314a2/addn_hosts - 1 addresses
Jun 26 16:14:59 gtw01 dnsmasq-dhcp[7646]: read /var/lib/neutron/dhcp/f025c13b-fe4a-42ad-980a-f3e38e2314a2/host
Jun 26 16:14:59 gtw01 dnsmasq-dhcp[7646]: read /var/lib/neutron/dhcp/f025c13b-fe4a-42ad-980a-f3e38e2314a2/opts
Jun 26 16:15:00 gtw01 dnsmasq[17953]: read /var/lib/neutron/dhcp/08aefdb8-b1ee-403c-a711-680217fa0635/addn_hosts - 4 addresses
Jun 26 16:15:00 gtw01 dnsmasq-dhcp[17953]: read /var/lib/neutron/dhcp/08aefdb8-b1ee-403c-a711-680217fa0635/host
Jun 26 16:15:00 gtw01 dnsmasq-dhcp[17953]: read /var/lib/neutron/dhcp/08aefdb8-b1ee-403c-a711-680217fa0635/opts
Jun 26 16:15:00 gtw01 dnsmasq[7410]: read /var/lib/neutron/dhcp/e8db8f72-e013-4b48-a92b-8989d1177857/addn_hosts - 7 addresses
Jun 26 16:15:00 gtw01 dnsmasq-dhcp[7410]: read /var/lib/neutron/dhcp/e8db8f72-e013-4b48-a92b-8989d1177857/host
Jun 26 16:15:00 gtw01 dnsmasq-dhcp[7410]: read /var/lib/neutron/dhcp/e8db8f72-e013-4b48-a92b-8989d1177857/opts
Jun 26 16:15:01 gtw01 kernel: [ 8574.116199] device tap2a3855c7-e2 left promiscuous mode
Jun 26 16:15:01 gtw01 dnsmasq[17953]: read /var/lib/neutron/dhcp/08aefdb8-b1ee-403c-a711-680217fa0635/addn_hosts - 4 addresses
Jun 26 16:15:01 gtw01 dnsmasq-dhcp[17953]: read /var/lib/neutron/dhcp/08aefdb8-b1ee-403c-a711-680217fa0635/host
Jun 26 16:15:01 gtw01 dnsmasq-dhcp[17953]: read /var/lib/neutron/dhcp/08aefdb8-b1ee-403c-a711-680217fa0635/opts
Jun 26 16:15:02 gtw01 dnsmasq[7410]: read /var/lib/neutron/dhcp/e8db8f72-e013-4b48-a92b-8989d1177857/addn_hosts - 7 addresses
Jun 26 16:15:02 gtw01 dnsmasq-dhcp[7410]: read /var/lib/neutron/dhcp/e8db8f72-e013-4b48-a92b-8989d1177857/host
Jun 26 16:15:02 gtw01 dnsmasq-dhcp[7410]: read /var/lib/neutron/dhcp/e8db8f72-e013-4b48-a92b-8989d1177857/opts
Jun 26 16:15:03 gtw01 dnsmasq[7410]: read /var/lib/neutron/dhcp/e8db8f72-e013-4b48-a92b-8989d1177857/addn_hosts - 7 addresses
Jun 26 16:15:03 gtw01 dnsmasq-dhcp[7410]: read /var/lib/neutron/dhcp/e8db8f72-e013-4b48-a92b-8989d1177857/host
Jun 26 16:15:03 gtw01 dnsmasq-dhcp[7410]: read /var/lib/neutron/dhcp/e8db8f72-e013-4b48-a92b-8989d1177857/opts
Jun 26 16:15:03 gtw01 dnsmasq[7410]: read /var/lib/neutron/dhcp/e8db8f72-e013-4b48-a92b-8989d1177857/addn_hosts - 7 addresses
Jun 26 16:15:03 gtw01 dnsmasq-dhcp[7410]: read /var/lib/neutron/dhcp/e8db8f72-e013-4b48-a92b-8989d1177857/host
Jun 26 16:15:03 gtw01 dnsmasq-dhcp[7410]: read /var/lib/neutron/dhcp/e8db8f72-e013-4b48-a92b-8989d1177857/opts
Jun 26 16:15:04 gtw01 dnsmasq[7410]: read /var/lib/neutron/dhcp/e8db8f72-e013-4b48-a92b-8989d1177857/addn_hosts - 7 addresses
Jun 26 16:15:04 gtw01 dnsmasq-dhcp[7410]: read /var/lib/neutron/dhcp/e8db8f72-e013-4b48-a92b-8989d1177857/host
Jun 26 16:15:04 gtw01 dnsmasq-dhcp[7410]: read /var/lib/neutron/dhcp/e8db8f72-e013-4b48-a92b-8989d1177857/opts
Jun 26 16:15:05 gtw01 dnsmasq[7410]: read /var/lib/neutron/dhcp/e8db8f72-e013-4b48-a92b-8989d1177857/addn_hosts - 6 addresses
Jun 26 16:15:05 gtw01 dnsmasq-dhcp[7410]: read /var/lib/neutron/dhcp/e8db8f72-e013-4b48-a92b-8989d1177857/host
Jun 26 16:15:05 gtw01 dnsmasq-dhcp[7410]: read /var/lib/neutron/dhcp/e8db8f72-e013-4b48-a92b-8989d1177857/opts
Jun 26 16:15:06 gtw01 kernel: [ 8579.223618] device tap8bebfd24-6c left promiscuous mode
Jun 26 16:15:10 gtw01 kernel: [ 8583.348501] device tap1c6318b2-a4 entered promiscuous mode
Jun 26 16:15:10 gtw01 systemd-udevd[7890]: Could not generate persistent MAC address for tap1c6318b2-a4: No such file or directory
Jun 26 16:15:10 gtw01 systemd-udevd[7890]: Process '/sbin/ip link set tap1c6318b2-a4 txqueuelen 10000' failed with exit code 1.
Jun 26 16:15:10 gtw01 systemd-udevd[7968]: Process '/sbin/ip link set tap1c6318b2-a4 txqueuelen 10000' failed with exit code 1.
Jun 26 16:15:12 gtw01 dnsmasq-dhcp[17953]: DHCPDISCOVER(tap4b728202-3b) fa:16:3e:63:f1:11
Jun 26 16:15:12 gtw01 dnsmasq-dhcp[17953]: DHCPOFFER(tap4b728202-3b) 192.168.120.18 fa:16:3e:63:f1:11
Jun 26 16:15:12 gtw01 dnsmasq-dhcp[17953]: DHCPREQUEST(tap4b728202-3b) 192.168.120.18 fa:16:3e:63:f1:11
Jun 26 16:15:12 gtw01 dnsmasq-dhcp[17953]: DHCPACK(tap4b728202-3b) 192.168.120.18 fa:16:3e:63:f1:11 host-192-168-120-18
Jun 26 16:15:13 gtw01 dnsmasq[8028]: started, version 2.80 cachesize 150
Jun 26 16:15:13 gtw01 dnsmasq[8028]: DNS service limited to local subnets
Jun 26 16:15:13 gtw01 dnsmasq[8028]: compile time options: IPv6 GNU-getopt DBus i18n IDN DHCP DHCPv6 no-Lua TFTP conntrack ipset auth DNSSEC loop-detect inotify dumpfile
Jun 26 16:15:13 gtw01 dnsmasq[8028]: warning: no upstream servers configured
Jun 26 16:15:13 gtw01 dnsmasq-dhcp[8028]: DHCPv6, static leases only on 2003::, lease time 1h
Jun 26 16:15:13 gtw01 dnsmasq[8028]: read /var/lib/neutron/dhcp/1557cb6a-aace-4827-be5a-2ea9bacfd5d2/addn_hosts - 1 addresses
Jun 26 16:15:13 gtw01 dnsmasq-dhcp[8028]: read /var/lib/neutron/dhcp/1557cb6a-aace-4827-be5a-2ea9bacfd5d2/host
Jun 26 16:15:13 gtw01 dnsmasq-dhcp[8028]: read /var/lib/neutron/dhcp/1557cb6a-aace-4827-be5a-2ea9bacfd5d2/opts
Jun 26 16:15:15 gtw01 dnsmasq[8028]: read /var/lib/neutron/dhcp/1557cb6a-aace-4827-be5a-2ea9bacfd5d2/addn_hosts - 1 addresses
Jun 26 16:15:15 gtw01 dnsmasq-dhcp[8028]: read /var/lib/neutron/dhcp/1557cb6a-aace-4827-be5a-2ea9bacfd5d2/host
Jun 26 16:15:15 gtw01 dnsmasq-dhcp[8028]: read /var/lib/neutron/dhcp/1557cb6a-aace-4827-be5a-2ea9bacfd5d2/opts
Jun 26 16:15:15 gtw01 kernel: [ 8588.515932] device tap1fc9f637-d8 entered promiscuous mode
Jun 26 16:15:15 gtw01 systemd-udevd[8069]: Could not generate persistent MAC address for tap1fc9f637-d8: No such file or directory
Jun 26 16:15:15 gtw01 systemd-udevd[8069]: Process '/sbin/ip link set tap1fc9f637-d8 txqueuelen 10000' failed with exit code 1.
Jun 26 16:15:15 gtw01 systemd-udevd[8142]: Process '/sbin/ip link set tap1fc9f637-d8 txqueuelen 10000' failed with exit code 1.
Jun 26 16:15:16 gtw01 dnsmasq[8028]: read /var/lib/neutron/dhcp/1557cb6a-aace-4827-be5a-2ea9bacfd5d2/addn_hosts - 1 addresses
Jun 26 16:15:16 gtw01 dnsmasq-dhcp[8028]: read /var/lib/neutron/dhcp/1557cb6a-aace-4827-be5a-2ea9bacfd5d2/host
Jun 26 16:15:16 gtw01 dnsmasq-dhcp[8028]: read /var/lib/neutron/dhcp/1557cb6a-aace-4827-be5a-2ea9bacfd5d2/opts
Jun 26 16:15:17 gtw01 dnsmasq[8028]: read /var/lib/neutron/dhcp/1557cb6a-aace-4827-be5a-2ea9bacfd5d2/addn_hosts - 2 addresses
Jun 26 16:15:17 gtw01 dnsmasq-dhcp[8028]: read /var/lib/neutron/dhcp/1557cb6a-aace-4827-be5a-2ea9bacfd5d2/host
Jun 26 16:15:17 gtw01 dnsmasq-dhcp[8028]: read /var/lib/neutron/dhcp/1557cb6a-aace-4827-be5a-2ea9bacfd5d2/opts
Jun 26 16:15:18 gtw01 kernel: [ 8590.736048] device tap1c6318b2-a4 left promiscuous mode
Jun 26 16:15:19 gtw01 dnsmasq[8237]: started, version 2.80 cachesize 150
Jun 26 16:15:19 gtw01 dnsmasq[8237]: DNS service limited to local subnets
Jun 26 16:15:19 gtw01 dnsmasq[8237]: compile time options: IPv6 GNU-getopt DBus i18n IDN DHCP DHCPv6 no-Lua TFTP conntrack ipset auth DNSSEC loop-detect inotify dumpfile
Jun 26 16:15:19 gtw01 dnsmasq[8237]: warning: no upstream servers configured
Jun 26 16:15:19 gtw01 dnsmasq-dhcp[8237]: DHCP, static leases only on 192.168.120.0, lease time 1h
Jun 26 16:15:19 gtw01 dnsmasq[8237]: read /var/lib/neutron/dhcp/3854739d-8538-4d2b-aea1-a2ae0cc592a0/addn_hosts - 1 addresses
Jun 26 16:15:19 gtw01 dnsmasq-dhcp[8237]: read /var/lib/neutron/dhcp/3854739d-8538-4d2b-aea1-a2ae0cc592a0/host
Jun 26 16:15:19 gtw01 dnsmasq-dhcp[8237]: read /var/lib/neutron/dhcp/3854739d-8538-4d2b-aea1-a2ae0cc592a0/opts
Jun 26 16:15:19 gtw01 haproxy-metadata-proxy-3854739d-8538-4d2b-aea1-a2ae0cc592a0[8241]: Proxy listener started.
Jun 26 16:15:20 gtw01 dnsmasq[8237]: read /var/lib/neutron/dhcp/3854739d-8538-4d2b-aea1-a2ae0cc592a0/addn_hosts - 3 addresses
Jun 26 16:15:20 gtw01 dnsmasq-dhcp[8237]: read /var/lib/neutron/dhcp/3854739d-8538-4d2b-aea1-a2ae0cc592a0/host
Jun 26 16:15:20 gtw01 dnsmasq-dhcp[8237]: read /var/lib/neutron/dhcp/3854739d-8538-4d2b-aea1-a2ae0cc592a0/opts
Jun 26 16:15:21 gtw01 dnsmasq[8237]: read /var/lib/neutron/dhcp/3854739d-8538-4d2b-aea1-a2ae0cc592a0/addn_hosts - 3 addresses
Jun 26 16:15:21 gtw01 dnsmasq-dhcp[8237]: read /var/lib/neutron/dhcp/3854739d-8538-4d2b-aea1-a2ae0cc592a0/host
Jun 26 16:15:21 gtw01 dnsmasq-dhcp[8237]: read /var/lib/neutron/dhcp/3854739d-8538-4d2b-aea1-a2ae0cc592a0/opts
Jun 26 16:15:21 gtw01 dnsmasq-dhcp[17953]: DHCPRELEASE(tap4b728202-3b) 192.168.120.18 fa:16:3e:63:f1:11
Jun 26 16:15:21 gtw01 dnsmasq-dhcp[17953]: DHCPRELEASE(tap4b728202-3b) 192.168.120.18 fa:16:3e:63:f1:11 unknown lease
Jun 26 16:15:22 gtw01 dnsmasq[8237]: read /var/lib/neutron/dhcp/3854739d-8538-4d2b-aea1-a2ae0cc592a0/addn_hosts - 3 addresses
Jun 26 16:15:22 gtw01 dnsmasq-dhcp[8237]: read /var/lib/neutron/dhcp/3854739d-8538-4d2b-aea1-a2ae0cc592a0/host
Jun 26 16:15:22 gtw01 dnsmasq-dhcp[8237]: read /var/lib/neutron/dhcp/3854739d-8538-4d2b-aea1-a2ae0cc592a0/opts
Jun 26 16:15:22 gtw01 dnsmasq[17953]: read /var/lib/neutron/dhcp/08aefdb8-b1ee-403c-a711-680217fa0635/addn_hosts - 3 addresses
Jun 26 16:15:22 gtw01 dnsmasq-dhcp[17953]: read /var/lib/neutron/dhcp/08aefdb8-b1ee-403c-a711-680217fa0635/host
Jun 26 16:15:22 gtw01 dnsmasq-dhcp[17953]: read /var/lib/neutron/dhcp/08aefdb8-b1ee-403c-a711-680217fa0635/opts
Jun 26 16:15:22 gtw01 kernel: [ 8595.612475] device tapb34dfea8-ba entered promiscuous mode
Jun 26 16:15:22 gtw01 systemd-udevd[8334]: Could not generate persistent MAC address for tapb34dfea8-ba: No such file or directory
Jun 26 16:15:23 gtw01 systemd-udevd[8334]: Process '/sbin/ip link set tapb34dfea8-ba txqueuelen 10000' failed with exit code 1.
Jun 26 16:15:23 gtw01 dnsmasq[8237]: read /var/lib/neutron/dhcp/3854739d-8538-4d2b-aea1-a2ae0cc592a0/addn_hosts - 4 addresses
Jun 26 16:15:23 gtw01 dnsmasq-dhcp[8237]: read /var/lib/neutron/dhcp/3854739d-8538-4d2b-aea1-a2ae0cc592a0/host
Jun 26 16:15:23 gtw01 dnsmasq-dhcp[8237]: read /var/lib/neutron/dhcp/3854739d-8538-4d2b-aea1-a2ae0cc592a0/opts
Jun 26 16:15:24 gtw01 dnsmasq[8237]: read /var/lib/neutron/dhcp/3854739d-8538-4d2b-aea1-a2ae0cc592a0/addn_hosts - 4 addresses
Jun 26 16:15:24 gtw01 dnsmasq-dhcp[8237]: read /var/lib/neutron/dhcp/3854739d-8538-4d2b-aea1-a2ae0cc592a0/host
Jun 26 16:15:24 gtw01 dnsmasq-dhcp[8237]: read /var/lib/neutron/dhcp/3854739d-8538-4d2b-aea1-a2ae0cc592a0/opts
Jun 26 16:15:25 gtw01 dnsmasq[8237]: read /var/lib/neutron/dhcp/3854739d-8538-4d2b-aea1-a2ae0cc592a0/addn_hosts - 5 addresses
Jun 26 16:15:25 gtw01 dnsmasq-dhcp[8237]: read /var/lib/neutron/dhcp/3854739d-8538-4d2b-aea1-a2ae0cc592a0/host
Jun 26 16:15:25 gtw01 dnsmasq-dhcp[8237]: read /var/lib/neutron/dhcp/3854739d-8538-4d2b-aea1-a2ae0cc592a0/opts
Jun 26 16:15:26 gtw01 dnsmasq[8520]: started, version 2.80 cachesize 150
Jun 26 16:15:26 gtw01 dnsmasq[8520]: DNS service limited to local subnets
Jun 26 16:15:26 gtw01 dnsmasq[8520]: compile time options: IPv6 GNU-getopt DBus i18n IDN DHCP DHCPv6 no-Lua TFTP conntrack ipset auth DNSSEC loop-detect inotify dumpfile
Jun 26 16:15:26 gtw01 dnsmasq[8520]: warning: no upstream servers configured
Jun 26 16:15:26 gtw01 dnsmasq-dhcp[8520]: DHCPv6, static leases only on 2003::, lease time 1h
Jun 26 16:15:26 gtw01 dnsmasq[8520]: read /var/lib/neutron/dhcp/48493f69-184e-4c14-83be-4b22f0a413b2/addn_hosts - 1 addresses
Jun 26 16:15:26 gtw01 dnsmasq-dhcp[8520]: read /var/lib/neutron/dhcp/48493f69-184e-4c14-83be-4b22f0a413b2/host
Jun 26 16:15:26 gtw01 dnsmasq-dhcp[8520]: read /var/lib/neutron/dhcp/48493f69-184e-4c14-83be-4b22f0a413b2/opts
Jun 26 16:15:26 gtw01 dnsmasq[8237]: read /var/lib/neutron/dhcp/3854739d-8538-4d2b-aea1-a2ae0cc592a0/addn_hosts - 6 addresses
Jun 26 16:15:26 gtw01 dnsmasq-dhcp[8237]: read /var/lib/neutron/dhcp/3854739d-8538-4d2b-aea1-a2ae0cc592a0/host
Jun 26 16:15:26 gtw01 dnsmasq-dhcp[8237]: read /var/lib/neutron/dhcp/3854739d-8538-4d2b-aea1-a2ae0cc592a0/opts
Jun 26 16:15:27 gtw01 dnsmasq[8520]: read /var/lib/neutron/dhcp/48493f69-184e-4c14-83be-4b22f0a413b2/addn_hosts - 2 addresses
Jun 26 16:15:27 gtw01 dnsmasq-dhcp[8520]: read /var/lib/neutron/dhcp/48493f69-184e-4c14-83be-4b22f0a413b2/host
Jun 26 16:15:27 gtw01 dnsmasq-dhcp[8520]: read /var/lib/neutron/dhcp/48493f69-184e-4c14-83be-4b22f0a413b2/opts
Jun 26 16:15:27 gtw01 dnsmasq[8237]: read /var/lib/neutron/dhcp/3854739d-8538-4d2b-aea1-a2ae0cc592a0/addn_hosts - 6 addresses
Jun 26 16:15:27 gtw01 dnsmasq-dhcp[8237]: read /var/lib/neutron/dhcp/3854739d-8538-4d2b-aea1-a2ae0cc592a0/host
Jun 26 16:15:27 gtw01 dnsmasq-dhcp[8237]: read /var/lib/neutron/dhcp/3854739d-8538-4d2b-aea1-a2ae0cc592a0/opts
Jun 26 16:15:27 gtw01 kernel: [ 8600.534793] device tap28762392-c8 entered promiscuous mode
Jun 26 16:15:27 gtw01 systemd-udevd[8580]: Could not generate persistent MAC address for tap28762392-c8: No such file or directory
Jun 26 16:15:27 gtw01 systemd-udevd[8580]: Process '/sbin/ip link set tap28762392-c8 txqueuelen 10000' failed with exit code 1.
Jun 26 16:15:27 gtw01 systemd-udevd[8580]: Process '/sbin/ip link set tap28762392-c8 txqueuelen 10000' failed with exit code 1.
Jun 26 16:15:28 gtw01 dnsmasq[8520]: read /var/lib/neutron/dhcp/48493f69-184e-4c14-83be-4b22f0a413b2/addn_hosts - 2 addresses
Jun 26 16:15:28 gtw01 dnsmasq-dhcp[8520]: read /var/lib/neutron/dhcp/48493f69-184e-4c14-83be-4b22f0a413b2/host
Jun 26 16:15:28 gtw01 dnsmasq-dhcp[8520]: read /var/lib/neutron/dhcp/48493f69-184e-4c14-83be-4b22f0a413b2/opts
Jun 26 16:15:29 gtw01 dnsmasq[8237]: read /var/lib/neutron/dhcp/3854739d-8538-4d2b-aea1-a2ae0cc592a0/addn_hosts - 7 addresses
Jun 26 16:15:29 gtw01 dnsmasq-dhcp[8237]: read /var/lib/neutron/dhcp/3854739d-8538-4d2b-aea1-a2ae0cc592a0/host
Jun 26 16:15:29 gtw01 dnsmasq-dhcp[8237]: read /var/lib/neutron/dhcp/3854739d-8538-4d2b-aea1-a2ae0cc592a0/opts
Jun 26 16:15:29 gtw01 dnsmasq[8520]: read /var/lib/neutron/dhcp/48493f69-184e-4c14-83be-4b22f0a413b2/addn_hosts - 2 addresses
Jun 26 16:15:29 gtw01 dnsmasq-dhcp[8520]: read /var/lib/neutron/dhcp/48493f69-184e-4c14-83be-4b22f0a413b2/host
Jun 26 16:15:29 gtw01 dnsmasq-dhcp[8520]: read /var/lib/neutron/dhcp/48493f69-184e-4c14-83be-4b22f0a413b2/opts
Jun 26 16:15:30 gtw01 dnsmasq[8237]: read /var/lib/neutron/dhcp/3854739d-8538-4d2b-aea1-a2ae0cc592a0/addn_hosts - 7 addresses
Jun 26 16:15:30 gtw01 dnsmasq-dhcp[8237]: read /var/lib/neutron/dhcp/3854739d-8538-4d2b-aea1-a2ae0cc592a0/host
Jun 26 16:15:30 gtw01 dnsmasq-dhcp[8237]: read /var/lib/neutron/dhcp/3854739d-8538-4d2b-aea1-a2ae0cc592a0/opts
Jun 26 16:15:30 gtw01 dnsmasq[8520]: read /var/lib/neutron/dhcp/48493f69-184e-4c14-83be-4b22f0a413b2/addn_hosts - 2 addresses
Jun 26 16:15:30 gtw01 dnsmasq-dhcp[8520]: read /var/lib/neutron/dhcp/48493f69-184e-4c14-83be-4b22f0a413b2/host
Jun 26 16:15:30 gtw01 dnsmasq-dhcp[8520]: read /var/lib/neutron/dhcp/48493f69-184e-4c14-83be-4b22f0a413b2/opts
Jun 26 16:15:31 gtw01 dnsmasq[8237]: read /var/lib/neutron/dhcp/3854739d-8538-4d2b-aea1-a2ae0cc592a0/addn_hosts - 7 addresses
Jun 26 16:15:31 gtw01 dnsmasq-dhcp[8237]: read /var/lib/neutron/dhcp/3854739d-8538-4d2b-aea1-a2ae0cc592a0/host
Jun 26 16:15:31 gtw01 dnsmasq-dhcp[8237]: read /var/lib/neutron/dhcp/3854739d-8538-4d2b-aea1-a2ae0cc592a0/opts
Jun 26 16:15:32 gtw01 kernel: [ 8605.047396] device tapc62180f3-65 entered promiscuous mode
Jun 26 16:15:32 gtw01 systemd-udevd[8838]: Could not generate persistent MAC address for tapc62180f3-65: No such file or directory
Jun 26 16:15:32 gtw01 systemd-udevd[8838]: Process '/sbin/ip link set tapc62180f3-65 txqueuelen 10000' failed with exit code 1.
Jun 26 16:15:32 gtw01 systemd-udevd[8838]: Process '/sbin/ip link set tapc62180f3-65 txqueuelen 10000' failed with exit code 1.
Jun 26 16:15:32 gtw01 dnsmasq[8520]: read /var/lib/neutron/dhcp/48493f69-184e-4c14-83be-4b22f0a413b2/addn_hosts - 2 addresses
Jun 26 16:15:32 gtw01 dnsmasq-dhcp[8520]: read /var/lib/neutron/dhcp/48493f69-184e-4c14-83be-4b22f0a413b2/host
Jun 26 16:15:32 gtw01 dnsmasq-dhcp[8520]: read /var/lib/neutron/dhcp/48493f69-184e-4c14-83be-4b22f0a413b2/opts
Jun 26 16:15:32 gtw01 dnsmasq[8929]: started, version 2.80 cachesize 150
Jun 26 16:15:32 gtw01 dnsmasq[8929]: DNS service limited to local subnets
Jun 26 16:15:32 gtw01 dnsmasq[8929]: compile time options: IPv6 GNU-getopt DBus i18n IDN DHCP DHCPv6 no-Lua TFTP conntrack ipset auth DNSSEC loop-detect inotify dumpfile
Jun 26 16:15:32 gtw01 dnsmasq[8929]: warning: no upstream servers configured
Jun 26 16:15:32 gtw01 dnsmasq-dhcp[8929]: DHCPv6, static leases only on 2003:0:1::, lease time 1h
Jun 26 16:15:32 gtw01 dnsmasq[8929]: read /var/lib/neutron/dhcp/5508ea61-252e-4ac8-8563-7b5241603b88/addn_hosts - 1 addresses
Jun 26 16:15:32 gtw01 dnsmasq-dhcp[8929]: read /var/lib/neutron/dhcp/5508ea61-252e-4ac8-8563-7b5241603b88/host
Jun 26 16:15:32 gtw01 dnsmasq-dhcp[8929]: read /var/lib/neutron/dhcp/5508ea61-252e-4ac8-8563-7b5241603b88/opts
Jun 26 16:15:33 gtw01 dnsmasq[8929]: read /var/lib/neutron/dhcp/5508ea61-252e-4ac8-8563-7b5241603b88/addn_hosts - 2 addresses
Jun 26 16:15:33 gtw01 dnsmasq-dhcp[8929]: read /var/lib/neutron/dhcp/5508ea61-252e-4ac8-8563-7b5241603b88/host
Jun 26 16:15:33 gtw01 dnsmasq-dhcp[8929]: read /var/lib/neutron/dhcp/5508ea61-252e-4ac8-8563-7b5241603b88/opts
Jun 26 16:15:33 gtw01 kernel: [ 8606.409367] device tap1fc9f637-d8 left promiscuous mode
Jun 26 16:15:34 gtw01 dnsmasq[8929]: read /var/lib/neutron/dhcp/5508ea61-252e-4ac8-8563-7b5241603b88/addn_hosts - 2 addresses
Jun 26 16:15:34 gtw01 dnsmasq-dhcp[8929]: read /var/lib/neutron/dhcp/5508ea61-252e-4ac8-8563-7b5241603b88/host
Jun 26 16:15:34 gtw01 dnsmasq-dhcp[8929]: read /var/lib/neutron/dhcp/5508ea61-252e-4ac8-8563-7b5241603b88/opts
Jun 26 16:15:35 gtw01 dnsmasq[8929]: read /var/lib/neutron/dhcp/5508ea61-252e-4ac8-8563-7b5241603b88/addn_hosts - 2 addresses
Jun 26 16:15:35 gtw01 dnsmasq-dhcp[8929]: read /var/lib/neutron/dhcp/5508ea61-252e-4ac8-8563-7b5241603b88/host
Jun 26 16:15:35 gtw01 dnsmasq-dhcp[8929]: read /var/lib/neutron/dhcp/5508ea61-252e-4ac8-8563-7b5241603b88/opts
Jun 26 16:15:36 gtw01 systemd-udevd[9056]: Could not generate persistent MAC address for tap8802a657-cd: No such file or directory
Jun 26 16:15:36 gtw01 kernel: [ 8608.725818] device tap8802a657-cd entered promiscuous mode
Jun 26 16:15:36 gtw01 systemd-udevd[9056]: Process '/sbin/ip link set tap8802a657-cd txqueuelen 10000' failed with exit code 1.
Jun 26 16:15:36 gtw01 systemd-udevd[9056]: Process '/sbin/ip link set tap8802a657-cd txqueuelen 10000' failed with exit code 1.
Jun 26 16:15:36 gtw01 dnsmasq[9155]: started, version 2.80 cachesize 150
Jun 26 16:15:36 gtw01 dnsmasq[9155]: DNS service limited to local subnets
Jun 26 16:15:36 gtw01 dnsmasq[9155]: compile time options: IPv6 GNU-getopt DBus i18n IDN DHCP DHCPv6 no-Lua TFTP conntrack ipset auth DNSSEC loop-detect inotify dumpfile
Jun 26 16:15:36 gtw01 dnsmasq[9155]: warning: no upstream servers configured
Jun 26 16:15:36 gtw01 dnsmasq-dhcp[9155]: DHCPv6, static leases only on 2003:0:2::, lease time 1h
Jun 26 16:15:36 gtw01 dnsmasq[9155]: read /var/lib/neutron/dhcp/d279ddbb-3c90-4b9f-881e-621e087859fd/addn_hosts - 1 addresses
Jun 26 16:15:36 gtw01 dnsmasq-dhcp[9155]: read /var/lib/neutron/dhcp/d279ddbb-3c90-4b9f-881e-621e087859fd/host
Jun 26 16:15:36 gtw01 dnsmasq-dhcp[9155]: read /var/lib/neutron/dhcp/d279ddbb-3c90-4b9f-881e-621e087859fd/opts
Jun 26 16:15:37 gtw01 dnsmasq[8929]: read /var/lib/neutron/dhcp/5508ea61-252e-4ac8-8563-7b5241603b88/addn_hosts - 2 addresses
Jun 26 16:15:37 gtw01 dnsmasq-dhcp[8929]: read /var/lib/neutron/dhcp/5508ea61-252e-4ac8-8563-7b5241603b88/host
Jun 26 16:15:37 gtw01 dnsmasq-dhcp[8929]: read /var/lib/neutron/dhcp/5508ea61-252e-4ac8-8563-7b5241603b88/opts
Jun 26 16:15:37 gtw01 dnsmasq[9155]: read /var/lib/neutron/dhcp/d279ddbb-3c90-4b9f-881e-621e087859fd/addn_hosts - 2 addresses
Jun 26 16:15:37 gtw01 dnsmasq-dhcp[9155]: read /var/lib/neutron/dhcp/d279ddbb-3c90-4b9f-881e-621e087859fd/host
Jun 26 16:15:37 gtw01 dnsmasq-dhcp[9155]: read /var/lib/neutron/dhcp/d279ddbb-3c90-4b9f-881e-621e087859fd/opts
Jun 26 16:15:38 gtw01 dnsmasq[8929]: read /var/lib/neutron/dhcp/5508ea61-252e-4ac8-8563-7b5241603b88/addn_hosts - 2 addresses
Jun 26 16:15:38 gtw01 dnsmasq-dhcp[8929]: read /var/lib/neutron/dhcp/5508ea61-252e-4ac8-8563-7b5241603b88/host
Jun 26 16:15:38 gtw01 dnsmasq-dhcp[8929]: read /var/lib/neutron/dhcp/5508ea61-252e-4ac8-8563-7b5241603b88/opts
Jun 26 16:15:38 gtw01 dnsmasq[9155]: read /var/lib/neutron/dhcp/d279ddbb-3c90-4b9f-881e-621e087859fd/addn_hosts - 2 addresses
Jun 26 16:15:38 gtw01 dnsmasq-dhcp[9155]: read /var/lib/neutron/dhcp/d279ddbb-3c90-4b9f-881e-621e087859fd/host
Jun 26 16:15:38 gtw01 dnsmasq-dhcp[9155]: read /var/lib/neutron/dhcp/d279ddbb-3c90-4b9f-881e-621e087859fd/opts
Jun 26 16:15:39 gtw01 dnsmasq[9155]: read /var/lib/neutron/dhcp/d279ddbb-3c90-4b9f-881e-621e087859fd/addn_hosts - 2 addresses
Jun 26 16:15:39 gtw01 dnsmasq-dhcp[9155]: read /var/lib/neutron/dhcp/d279ddbb-3c90-4b9f-881e-621e087859fd/host
Jun 26 16:15:39 gtw01 dnsmasq-dhcp[9155]: read /var/lib/neutron/dhcp/d279ddbb-3c90-4b9f-881e-621e087859fd/opts
Jun 26 16:15:39 gtw01 dnsmasq[9278]: started, version 2.80 cachesize 150
Jun 26 16:15:39 gtw01 dnsmasq[9278]: DNS service limited to local subnets
Jun 26 16:15:39 gtw01 dnsmasq[9278]: compile time options: IPv6 GNU-getopt DBus i18n IDN DHCP DHCPv6 no-Lua TFTP conntrack ipset auth DNSSEC loop-detect inotify dumpfile
Jun 26 16:15:39 gtw01 dnsmasq[9278]: warning: no upstream servers configured
Jun 26 16:15:39 gtw01 dnsmasq-dhcp[9278]: DHCPv6, static leases only on 2003:0:3::, lease time 1h
Jun 26 16:15:39 gtw01 dnsmasq[9278]: read /var/lib/neutron/dhcp/188169e8-9231-4f8e-a5bb-b154f9ccb2b1/addn_hosts - 1 addresses
Jun 26 16:15:39 gtw01 dnsmasq-dhcp[9278]: read /var/lib/neutron/dhcp/188169e8-9231-4f8e-a5bb-b154f9ccb2b1/host
Jun 26 16:15:39 gtw01 dnsmasq-dhcp[9278]: read /var/lib/neutron/dhcp/188169e8-9231-4f8e-a5bb-b154f9ccb2b1/opts
Jun 26 16:15:40 gtw01 dnsmasq[9278]: read /var/lib/neutron/dhcp/188169e8-9231-4f8e-a5bb-b154f9ccb2b1/addn_hosts - 2 addresses
Jun 26 16:15:40 gtw01 dnsmasq-dhcp[9278]: read /var/lib/neutron/dhcp/188169e8-9231-4f8e-a5bb-b154f9ccb2b1/host
Jun 26 16:15:40 gtw01 dnsmasq-dhcp[9278]: read /var/lib/neutron/dhcp/188169e8-9231-4f8e-a5bb-b154f9ccb2b1/opts
Jun 26 16:15:40 gtw01 dnsmasq[9155]: read /var/lib/neutron/dhcp/d279ddbb-3c90-4b9f-881e-621e087859fd/addn_hosts - 2 addresses
Jun 26 16:15:40 gtw01 dnsmasq-dhcp[9155]: read /var/lib/neutron/dhcp/d279ddbb-3c90-4b9f-881e-621e087859fd/host
Jun 26 16:15:40 gtw01 dnsmasq-dhcp[9155]: read /var/lib/neutron/dhcp/d279ddbb-3c90-4b9f-881e-621e087859fd/opts
Jun 26 16:15:41 gtw01 dnsmasq[9278]: read /var/lib/neutron/dhcp/188169e8-9231-4f8e-a5bb-b154f9ccb2b1/addn_hosts - 2 addresses
Jun 26 16:15:41 gtw01 dnsmasq-dhcp[9278]: read /var/lib/neutron/dhcp/188169e8-9231-4f8e-a5bb-b154f9ccb2b1/host
Jun 26 16:15:41 gtw01 dnsmasq-dhcp[9278]: read /var/lib/neutron/dhcp/188169e8-9231-4f8e-a5bb-b154f9ccb2b1/opts
Jun 26 16:15:41 gtw01 dnsmasq[9155]: read /var/lib/neutron/dhcp/d279ddbb-3c90-4b9f-881e-621e087859fd/addn_hosts - 2 addresses
Jun 26 16:15:41 gtw01 dnsmasq-dhcp[9155]: read /var/lib/neutron/dhcp/d279ddbb-3c90-4b9f-881e-621e087859fd/host
Jun 26 16:15:41 gtw01 dnsmasq-dhcp[9155]: read /var/lib/neutron/dhcp/d279ddbb-3c90-4b9f-881e-621e087859fd/opts
Jun 26 16:15:42 gtw01 dnsmasq[9278]: read /var/lib/neutron/dhcp/188169e8-9231-4f8e-a5bb-b154f9ccb2b1/addn_hosts - 2 addresses
Jun 26 16:15:42 gtw01 dnsmasq-dhcp[9278]: read /var/lib/neutron/dhcp/188169e8-9231-4f8e-a5bb-b154f9ccb2b1/host
Jun 26 16:15:42 gtw01 dnsmasq-dhcp[9278]: read /var/lib/neutron/dhcp/188169e8-9231-4f8e-a5bb-b154f9ccb2b1/opts
Jun 26 16:15:43 gtw01 dnsmasq[9278]: read /var/lib/neutron/dhcp/188169e8-9231-4f8e-a5bb-b154f9ccb2b1/addn_hosts - 2 addresses
Jun 26 16:15:43 gtw01 dnsmasq-dhcp[9278]: read /var/lib/neutron/dhcp/188169e8-9231-4f8e-a5bb-b154f9ccb2b1/host
Jun 26 16:15:43 gtw01 dnsmasq-dhcp[9278]: read /var/lib/neutron/dhcp/188169e8-9231-4f8e-a5bb-b154f9ccb2b1/opts
Jun 26 16:15:44 gtw01 dnsmasq[9278]: read /var/lib/neutron/dhcp/188169e8-9231-4f8e-a5bb-b154f9ccb2b1/addn_hosts - 2 addresses
Jun 26 16:15:44 gtw01 dnsmasq-dhcp[9278]: read /var/lib/neutron/dhcp/188169e8-9231-4f8e-a5bb-b154f9ccb2b1/host
Jun 26 16:15:44 gtw01 dnsmasq-dhcp[9278]: read /var/lib/neutron/dhcp/188169e8-9231-4f8e-a5bb-b154f9ccb2b1/opts
Jun 26 16:15:45 gtw01 kernel: [ 8617.983773] device tap8802a657-cd left promiscuous mode
Jun 26 16:15:48 gtw01 systemd-udevd[9422]: Could not generate persistent MAC address for tap0131a7fc-ca: No such file or directory
Jun 26 16:15:48 gtw01 kernel: [ 8620.873965] device tap0131a7fc-ca entered promiscuous mode
Jun 26 16:15:48 gtw01 systemd-udevd[9422]: Process '/sbin/ip link set tap0131a7fc-ca txqueuelen 10000' failed with exit code 1.
Jun 26 16:15:48 gtw01 systemd-udevd[9496]: Process '/sbin/ip link set tap0131a7fc-ca txqueuelen 10000' failed with exit code 1.
Jun 26 16:15:51 gtw01 dnsmasq[9556]: started, version 2.80 cachesize 150
Jun 26 16:15:51 gtw01 dnsmasq[9556]: DNS service limited to local subnets
Jun 26 16:15:51 gtw01 dnsmasq[9556]: compile time options: IPv6 GNU-getopt DBus i18n IDN DHCP DHCPv6 no-Lua TFTP conntrack ipset auth DNSSEC loop-detect inotify dumpfile
Jun 26 16:15:51 gtw01 dnsmasq[9556]: warning: no upstream servers configured
Jun 26 16:15:51 gtw01 dnsmasq-dhcp[9556]: DHCP, static leases only on 192.168.120.0, lease time 1h
Jun 26 16:15:51 gtw01 dnsmasq[9556]: read /var/lib/neutron/dhcp/bd746182-7ab3-4aa7-b945-b59a35a4de15/addn_hosts - 1 addresses
Jun 26 16:15:51 gtw01 dnsmasq-dhcp[9556]: read /var/lib/neutron/dhcp/bd746182-7ab3-4aa7-b945-b59a35a4de15/host
Jun 26 16:15:51 gtw01 dnsmasq-dhcp[9556]: read /var/lib/neutron/dhcp/bd746182-7ab3-4aa7-b945-b59a35a4de15/opts
Jun 26 16:15:51 gtw01 haproxy-metadata-proxy-bd746182-7ab3-4aa7-b945-b59a35a4de15[9560]: Proxy listener started.
Jun 26 16:15:52 gtw01 dnsmasq[9155]: read /var/lib/neutron/dhcp/d279ddbb-3c90-4b9f-881e-621e087859fd/addn_hosts - 1 addresses
Jun 26 16:15:52 gtw01 dnsmasq-dhcp[9155]: read /var/lib/neutron/dhcp/d279ddbb-3c90-4b9f-881e-621e087859fd/host
Jun 26 16:15:52 gtw01 dnsmasq-dhcp[9155]: read /var/lib/neutron/dhcp/d279ddbb-3c90-4b9f-881e-621e087859fd/opts
Jun 26 16:15:53 gtw01 kernel: [ 8625.702550] device tapc62180f3-65 left promiscuous mode
Jun 26 16:15:54 gtw01 dnsmasq[9628]: started, version 2.80 cachesize 150
Jun 26 16:15:54 gtw01 dnsmasq[9628]: DNS service limited to local subnets
Jun 26 16:15:54 gtw01 dnsmasq[9628]: compile time options: IPv6 GNU-getopt DBus i18n IDN DHCP DHCPv6 no-Lua TFTP conntrack ipset auth DNSSEC loop-detect inotify dumpfile
Jun 26 16:15:54 gtw01 dnsmasq[9628]: warning: no upstream servers configured
Jun 26 16:15:54 gtw01 dnsmasq-dhcp[9628]: DHCP, static leases only on 192.168.120.0, lease time 1h
Jun 26 16:15:54 gtw01 dnsmasq[9628]: read /var/lib/neutron/dhcp/bd746182-7ab3-4aa7-b945-b59a35a4de15/addn_hosts - 1 addresses
Jun 26 16:15:54 gtw01 dnsmasq-dhcp[9628]: read /var/lib/neutron/dhcp/bd746182-7ab3-4aa7-b945-b59a35a4de15/host
Jun 26 16:15:54 gtw01 dnsmasq-dhcp[9628]: read /var/lib/neutron/dhcp/bd746182-7ab3-4aa7-b945-b59a35a4de15/opts
Jun 26 16:15:54 gtw01 kernel: [ 8627.364670] device tap0131a7fc-ca left promiscuous mode
Jun 26 16:15:55 gtw01 dnsmasq[8929]: read /var/lib/neutron/dhcp/5508ea61-252e-4ac8-8563-7b5241603b88/addn_hosts - 1 addresses
Jun 26 16:15:55 gtw01 dnsmasq-dhcp[8929]: read /var/lib/neutron/dhcp/5508ea61-252e-4ac8-8563-7b5241603b88/host
Jun 26 16:15:55 gtw01 dnsmasq-dhcp[8929]: read /var/lib/neutron/dhcp/5508ea61-252e-4ac8-8563-7b5241603b88/opts
Jun 26 16:15:57 gtw01 kernel: [ 8630.203948] device tap28762392-c8 left promiscuous mode
Jun 26 16:16:00 gtw01 dnsmasq[17953]: read /var/lib/neutron/dhcp/08aefdb8-b1ee-403c-a711-680217fa0635/addn_hosts - 2 addresses
Jun 26 16:16:00 gtw01 dnsmasq-dhcp[17953]: read /var/lib/neutron/dhcp/08aefdb8-b1ee-403c-a711-680217fa0635/host
Jun 26 16:16:00 gtw01 dnsmasq-dhcp[17953]: read /var/lib/neutron/dhcp/08aefdb8-b1ee-403c-a711-680217fa0635/opts
Jun 26 16:16:02 gtw01 dnsmasq[8520]: read /var/lib/neutron/dhcp/48493f69-184e-4c14-83be-4b22f0a413b2/addn_hosts - 1 addresses
Jun 26 16:16:02 gtw01 dnsmasq-dhcp[8520]: read /var/lib/neutron/dhcp/48493f69-184e-4c14-83be-4b22f0a413b2/host
Jun 26 16:16:02 gtw01 dnsmasq-dhcp[8520]: read /var/lib/neutron/dhcp/48493f69-184e-4c14-83be-4b22f0a413b2/opts
Jun 26 16:16:04 gtw01 kernel: [ 8636.840985] device tapc67e237c-ef entered promiscuous mode
Jun 26 16:16:04 gtw01 systemd-udevd[9712]: Could not generate persistent MAC address for tapc67e237c-ef: No such file or directory
Jun 26 16:16:04 gtw01 systemd-udevd[9712]: Process '/sbin/ip link set tapc67e237c-ef txqueuelen 10000' failed with exit code 1.
Jun 26 16:16:04 gtw01 systemd-udevd[9784]: Process '/sbin/ip link set tapc67e237c-ef txqueuelen 10000' failed with exit code 1.
Jun 26 16:16:05 gtw01 kernel: [ 8638.082612] device tapb34dfea8-ba left promiscuous mode
Jun 26 16:16:07 gtw01 dnsmasq[9850]: started, version 2.80 cachesize 150
Jun 26 16:16:07 gtw01 dnsmasq[9850]: DNS service limited to local subnets
Jun 26 16:16:07 gtw01 dnsmasq[9850]: compile time options: IPv6 GNU-getopt DBus i18n IDN DHCP DHCPv6 no-Lua TFTP conntrack ipset auth DNSSEC loop-detect inotify dumpfile
Jun 26 16:16:07 gtw01 dnsmasq[9850]: warning: no upstream servers configured
Jun 26 16:16:07 gtw01 dnsmasq-dhcp[9850]: DHCP, static leases only on 192.168.120.0, lease time 1h
Jun 26 16:16:07 gtw01 dnsmasq[9850]: read /var/lib/neutron/dhcp/e6d7e0d0-87cb-42ed-b61a-dcde52e67ade/addn_hosts - 1 addresses
Jun 26 16:16:07 gtw01 dnsmasq-dhcp[9850]: read /var/lib/neutron/dhcp/e6d7e0d0-87cb-42ed-b61a-dcde52e67ade/host
Jun 26 16:16:07 gtw01 dnsmasq-dhcp[9850]: read /var/lib/neutron/dhcp/e6d7e0d0-87cb-42ed-b61a-dcde52e67ade/opts
Jun 26 16:16:07 gtw01 haproxy-metadata-proxy-e6d7e0d0-87cb-42ed-b61a-dcde52e67ade[9854]: Proxy listener started.
Jun 26 16:16:08 gtw01 dnsmasq[9850]: read /var/lib/neutron/dhcp/e6d7e0d0-87cb-42ed-b61a-dcde52e67ade/addn_hosts - 3 addresses
Jun 26 16:16:08 gtw01 dnsmasq-dhcp[9850]: read /var/lib/neutron/dhcp/e6d7e0d0-87cb-42ed-b61a-dcde52e67ade/host
Jun 26 16:16:08 gtw01 dnsmasq-dhcp[9850]: read /var/lib/neutron/dhcp/e6d7e0d0-87cb-42ed-b61a-dcde52e67ade/opts
Jun 26 16:16:09 gtw01 dnsmasq[9850]: read /var/lib/neutron/dhcp/e6d7e0d0-87cb-42ed-b61a-dcde52e67ade/addn_hosts - 3 addresses
Jun 26 16:16:09 gtw01 dnsmasq-dhcp[9850]: read /var/lib/neutron/dhcp/e6d7e0d0-87cb-42ed-b61a-dcde52e67ade/host
Jun 26 16:16:09 gtw01 dnsmasq-dhcp[9850]: read /var/lib/neutron/dhcp/e6d7e0d0-87cb-42ed-b61a-dcde52e67ade/opts
Jun 26 16:16:10 gtw01 dnsmasq[17953]: read /var/lib/neutron/dhcp/08aefdb8-b1ee-403c-a711-680217fa0635/addn_hosts - 3 addresses
Jun 26 16:16:10 gtw01 dnsmasq-dhcp[17953]: read /var/lib/neutron/dhcp/08aefdb8-b1ee-403c-a711-680217fa0635/host
Jun 26 16:16:10 gtw01 dnsmasq-dhcp[17953]: read /var/lib/neutron/dhcp/08aefdb8-b1ee-403c-a711-680217fa0635/opts
Jun 26 16:16:10 gtw01 dnsmasq[9850]: read /var/lib/neutron/dhcp/e6d7e0d0-87cb-42ed-b61a-dcde52e67ade/addn_hosts - 3 addresses
Jun 26 16:16:10 gtw01 dnsmasq-dhcp[9850]: read /var/lib/neutron/dhcp/e6d7e0d0-87cb-42ed-b61a-dcde52e67ade/host
Jun 26 16:16:10 gtw01 dnsmasq-dhcp[9850]: read /var/lib/neutron/dhcp/e6d7e0d0-87cb-42ed-b61a-dcde52e67ade/opts
Jun 26 16:16:11 gtw01 dnsmasq[17953]: read /var/lib/neutron/dhcp/08aefdb8-b1ee-403c-a711-680217fa0635/addn_hosts - 3 addresses
Jun 26 16:16:11 gtw01 dnsmasq-dhcp[17953]: read /var/lib/neutron/dhcp/08aefdb8-b1ee-403c-a711-680217fa0635/host
Jun 26 16:16:11 gtw01 dnsmasq-dhcp[17953]: read /var/lib/neutron/dhcp/08aefdb8-b1ee-403c-a711-680217fa0635/opts
Jun 26 16:16:11 gtw01 dnsmasq[9850]: read /var/lib/neutron/dhcp/e6d7e0d0-87cb-42ed-b61a-dcde52e67ade/addn_hosts - 3 addresses
Jun 26 16:16:11 gtw01 dnsmasq-dhcp[9850]: read /var/lib/neutron/dhcp/e6d7e0d0-87cb-42ed-b61a-dcde52e67ade/host
Jun 26 16:16:11 gtw01 dnsmasq-dhcp[9850]: read /var/lib/neutron/dhcp/e6d7e0d0-87cb-42ed-b61a-dcde52e67ade/opts
Jun 26 16:16:12 gtw01 dnsmasq[17953]: read /var/lib/neutron/dhcp/08aefdb8-b1ee-403c-a711-680217fa0635/addn_hosts - 3 addresses
Jun 26 16:16:12 gtw01 dnsmasq-dhcp[17953]: read /var/lib/neutron/dhcp/08aefdb8-b1ee-403c-a711-680217fa0635/host
Jun 26 16:16:12 gtw01 dnsmasq-dhcp[17953]: read /var/lib/neutron/dhcp/08aefdb8-b1ee-403c-a711-680217fa0635/opts
Jun 26 16:16:12 gtw01 dnsmasq[9850]: read /var/lib/neutron/dhcp/e6d7e0d0-87cb-42ed-b61a-dcde52e67ade/addn_hosts - 3 addresses
Jun 26 16:16:12 gtw01 dnsmasq-dhcp[9850]: read /var/lib/neutron/dhcp/e6d7e0d0-87cb-42ed-b61a-dcde52e67ade/host
Jun 26 16:16:12 gtw01 dnsmasq-dhcp[9850]: read /var/lib/neutron/dhcp/e6d7e0d0-87cb-42ed-b61a-dcde52e67ade/opts
Jun 26 16:16:13 gtw01 dnsmasq[9850]: read /var/lib/neutron/dhcp/e6d7e0d0-87cb-42ed-b61a-dcde52e67ade/addn_hosts - 3 addresses
Jun 26 16:16:13 gtw01 dnsmasq-dhcp[9850]: read /var/lib/neutron/dhcp/e6d7e0d0-87cb-42ed-b61a-dcde52e67ade/host
Jun 26 16:16:13 gtw01 dnsmasq-dhcp[9850]: read /var/lib/neutron/dhcp/e6d7e0d0-87cb-42ed-b61a-dcde52e67ade/opts
Jun 26 16:16:14 gtw01 dnsmasq[9850]: read /var/lib/neutron/dhcp/e6d7e0d0-87cb-42ed-b61a-dcde52e67ade/addn_hosts - 2 addresses
Jun 26 16:16:14 gtw01 dnsmasq-dhcp[9850]: read /var/lib/neutron/dhcp/e6d7e0d0-87cb-42ed-b61a-dcde52e67ade/host
Jun 26 16:16:14 gtw01 dnsmasq-dhcp[9850]: read /var/lib/neutron/dhcp/e6d7e0d0-87cb-42ed-b61a-dcde52e67ade/opts
Jun 26 16:16:15 gtw01 dnsmasq[9850]: read /var/lib/neutron/dhcp/e6d7e0d0-87cb-42ed-b61a-dcde52e67ade/addn_hosts - 1 addresses
Jun 26 16:16:15 gtw01 dnsmasq-dhcp[9850]: read /var/lib/neutron/dhcp/e6d7e0d0-87cb-42ed-b61a-dcde52e67ade/host
Jun 26 16:16:15 gtw01 dnsmasq-dhcp[9850]: read /var/lib/neutron/dhcp/e6d7e0d0-87cb-42ed-b61a-dcde52e67ade/opts
Jun 26 16:16:18 gtw01 kernel: [ 8651.112876] device tapc67e237c-ef left promiscuous mode
Jun 26 16:16:25 gtw01 dnsmasq-dhcp[17953]: DHCPDISCOVER(tap4b728202-3b) fa:16:3e:75:b7:f9
Jun 26 16:16:25 gtw01 dnsmasq-dhcp[17953]: DHCPOFFER(tap4b728202-3b) 192.168.120.5 fa:16:3e:75:b7:f9
Jun 26 16:16:25 gtw01 dnsmasq-dhcp[17953]: DHCPREQUEST(tap4b728202-3b) 192.168.120.5 fa:16:3e:75:b7:f9
Jun 26 16:16:25 gtw01 dnsmasq-dhcp[17953]: DHCPACK(tap4b728202-3b) 192.168.120.5 fa:16:3e:75:b7:f9 host-192-168-120-5
Jun 26 16:16:34 gtw01 kernel: [ 8667.216037] device tap27a6d841-12 entered promiscuous mode
Jun 26 16:16:34 gtw01 systemd-udevd[10072]: Process '/sbin/ip link set tap27a6d841-12 txqueuelen 10000' failed with exit code 1.
Jun 26 16:16:34 gtw01 systemd-udevd[10151]: Process '/sbin/ip link set tap27a6d841-12 txqueuelen 10000' failed with exit code 1.
Jun 26 16:16:35 gtw01 kernel: [ 8667.733344] device tapbd48c87d-0f entered promiscuous mode
Jun 26 16:16:35 gtw01 systemd-udevd[10174]: Could not generate persistent MAC address for tapbd48c87d-0f: No such file or directory
Jun 26 16:16:35 gtw01 systemd-udevd[10174]: Process '/sbin/ip link set tapbd48c87d-0f txqueuelen 10000' failed with exit code 1.
Jun 26 16:16:35 gtw01 systemd-udevd[10247]: Process '/sbin/ip link set tapbd48c87d-0f txqueuelen 10000' failed with exit code 1.
Jun 26 16:16:37 gtw01 dnsmasq[10346]: started, version 2.80 cachesize 150
Jun 26 16:16:37 gtw01 dnsmasq[10346]: DNS service limited to local subnets
Jun 26 16:16:37 gtw01 dnsmasq[10346]: compile time options: IPv6 GNU-getopt DBus i18n IDN DHCP DHCPv6 no-Lua TFTP conntrack ipset auth DNSSEC loop-detect inotify dumpfile
Jun 26 16:16:37 gtw01 dnsmasq[10346]: warning: no upstream servers configured
Jun 26 16:16:37 gtw01 dnsmasq-dhcp[10346]: DHCP, static leases only on 192.168.120.0, lease time 1h
Jun 26 16:16:37 gtw01 dnsmasq[10346]: read /var/lib/neutron/dhcp/80d90d01-491e-46ba-818e-b3867d0e3c56/addn_hosts - 1 addresses
Jun 26 16:16:37 gtw01 dnsmasq-dhcp[10346]: read /var/lib/neutron/dhcp/80d90d01-491e-46ba-818e-b3867d0e3c56/host
Jun 26 16:16:37 gtw01 dnsmasq-dhcp[10346]: read /var/lib/neutron/dhcp/80d90d01-491e-46ba-818e-b3867d0e3c56/opts
Jun 26 16:16:38 gtw01 haproxy-metadata-proxy-80d90d01-491e-46ba-818e-b3867d0e3c56[10353]: Proxy listener started.
Jun 26 16:16:38 gtw01 dnsmasq[10359]: started, version 2.80 cachesize 150
Jun 26 16:16:38 gtw01 dnsmasq[10359]: DNS service limited to local subnets
Jun 26 16:16:38 gtw01 dnsmasq[10359]: compile time options: IPv6 GNU-getopt DBus i18n IDN DHCP DHCPv6 no-Lua TFTP conntrack ipset auth DNSSEC loop-detect inotify dumpfile
Jun 26 16:16:38 gtw01 dnsmasq[10359]: warning: no upstream servers configured
Jun 26 16:16:38 gtw01 dnsmasq-dhcp[10359]: DHCP, static leases only on 192.168.120.16, lease time 1h
Jun 26 16:16:38 gtw01 dnsmasq[10359]: read /var/lib/neutron/dhcp/a14279c3-0e09-4367-af8d-a55f10dc19af/addn_hosts - 1 addresses
Jun 26 16:16:38 gtw01 dnsmasq-dhcp[10359]: read /var/lib/neutron/dhcp/a14279c3-0e09-4367-af8d-a55f10dc19af/host
Jun 26 16:16:38 gtw01 dnsmasq-dhcp[10359]: read /var/lib/neutron/dhcp/a14279c3-0e09-4367-af8d-a55f10dc19af/opts
Jun 26 16:16:38 gtw01 haproxy-metadata-proxy-a14279c3-0e09-4367-af8d-a55f10dc19af[10365]: Proxy listener started.
Jun 26 16:16:38 gtw01 kernel: [ 8671.506454] device tap27a6d841-12 left promiscuous mode
Jun 26 16:16:39 gtw01 kernel: [ 8671.863759] device tapbd48c87d-0f left promiscuous mode
Jun 26 16:16:49 gtw01 kernel: [ 8682.565829] device tap8d75b88f-6d entered promiscuous mode
Jun 26 16:16:49 gtw01 systemd-udevd[10403]: Could not generate persistent MAC address for tap8d75b88f-6d: No such file or directory
Jun 26 16:16:49 gtw01 systemd-udevd[10403]: Process '/sbin/ip link set tap8d75b88f-6d txqueuelen 10000' failed with exit code 1.
Jun 26 16:16:49 gtw01 systemd-udevd[10477]: Process '/sbin/ip link set tap8d75b88f-6d txqueuelen 10000' failed with exit code 1.
Jun 26 16:16:51 gtw01 kernel: [ 8684.566172] device tapcae67fcb-69 entered promiscuous mode
Jun 26 16:16:52 gtw01 systemd-udevd[10537]: Process '/sbin/ip link set tapcae67fcb-69 txqueuelen 10000' failed with exit code 1.
Jun 26 16:16:52 gtw01 systemd-udevd[10537]: Process '/sbin/ip link set tapcae67fcb-69 txqueuelen 10000' failed with exit code 1.
Jun 26 16:16:53 gtw01 dnsmasq[10674]: started, version 2.80 cachesize 150
Jun 26 16:16:53 gtw01 dnsmasq[10674]: DNS service limited to local subnets
Jun 26 16:16:53 gtw01 dnsmasq[10674]: compile time options: IPv6 GNU-getopt DBus i18n IDN DHCP DHCPv6 no-Lua TFTP conntrack ipset auth DNSSEC loop-detect inotify dumpfile
Jun 26 16:16:53 gtw01 dnsmasq[10674]: warning: no upstream servers configured
Jun 26 16:16:53 gtw01 dnsmasq-dhcp[10674]: DHCPv6, static leases only on 2003::, lease time 1h
Jun 26 16:16:53 gtw01 dnsmasq[10674]: read /var/lib/neutron/dhcp/ebfd1ef0-99f3-47f9-a85e-3dc05f982b26/addn_hosts - 1 addresses
Jun 26 16:16:53 gtw01 dnsmasq-dhcp[10674]: read /var/lib/neutron/dhcp/ebfd1ef0-99f3-47f9-a85e-3dc05f982b26/host
Jun 26 16:16:53 gtw01 dnsmasq-dhcp[10674]: read /var/lib/neutron/dhcp/ebfd1ef0-99f3-47f9-a85e-3dc05f982b26/opts
Jun 26 16:16:53 gtw01 kernel: [ 8686.308829] device tapd2fa33be-fa entered promiscuous mode
Jun 26 16:16:53 gtw01 systemd-udevd[10686]: Could not generate persistent MAC address for tapd2fa33be-fa: No such file or directory
Jun 26 16:16:53 gtw01 systemd-udevd[10686]: Process '/sbin/ip link set tapd2fa33be-fa txqueuelen 10000' failed with exit code 1.
Jun 26 16:16:53 gtw01 systemd-udevd[10686]: Process '/sbin/ip link set tapd2fa33be-fa txqueuelen 10000' failed with exit code 1.
Jun 26 16:16:54 gtw01 dnsmasq[10674]: read /var/lib/neutron/dhcp/ebfd1ef0-99f3-47f9-a85e-3dc05f982b26/addn_hosts - 1 addresses
Jun 26 16:16:54 gtw01 dnsmasq-dhcp[10674]: read /var/lib/neutron/dhcp/ebfd1ef0-99f3-47f9-a85e-3dc05f982b26/host
Jun 26 16:16:54 gtw01 dnsmasq-dhcp[10674]: read /var/lib/neutron/dhcp/ebfd1ef0-99f3-47f9-a85e-3dc05f982b26/opts
Jun 26 16:16:55 gtw01 dnsmasq[10674]: read /var/lib/neutron/dhcp/ebfd1ef0-99f3-47f9-a85e-3dc05f982b26/addn_hosts - 1 addresses
Jun 26 16:16:55 gtw01 dnsmasq-dhcp[10674]: read /var/lib/neutron/dhcp/ebfd1ef0-99f3-47f9-a85e-3dc05f982b26/host
Jun 26 16:16:55 gtw01 dnsmasq-dhcp[10674]: read /var/lib/neutron/dhcp/ebfd1ef0-99f3-47f9-a85e-3dc05f982b26/opts
Jun 26 16:16:55 gtw01 dnsmasq[10846]: started, version 2.80 cachesize 150
Jun 26 16:16:55 gtw01 dnsmasq[10846]: DNS service limited to local subnets
Jun 26 16:16:55 gtw01 dnsmasq[10846]: compile time options: IPv6 GNU-getopt DBus i18n IDN DHCP DHCPv6 no-Lua TFTP conntrack ipset auth DNSSEC loop-detect inotify dumpfile
Jun 26 16:16:55 gtw01 dnsmasq[10846]: warning: no upstream servers configured
Jun 26 16:16:55 gtw01 dnsmasq-dhcp[10846]: DHCPv6, static leases only on 2003::, lease time 1h
Jun 26 16:16:55 gtw01 dnsmasq[10846]: read /var/lib/neutron/dhcp/ebe42a02-cb10-482c-a080-955d02b717bb/addn_hosts - 1 addresses
Jun 26 16:16:55 gtw01 dnsmasq-dhcp[10846]: read /var/lib/neutron/dhcp/ebe42a02-cb10-482c-a080-955d02b717bb/host
Jun 26 16:16:55 gtw01 dnsmasq-dhcp[10846]: read /var/lib/neutron/dhcp/ebe42a02-cb10-482c-a080-955d02b717bb/opts
Jun 26 16:16:56 gtw01 dnsmasq[10846]: read /var/lib/neutron/dhcp/ebe42a02-cb10-482c-a080-955d02b717bb/addn_hosts - 2 addresses
Jun 26 16:16:56 gtw01 dnsmasq-dhcp[10846]: read /var/lib/neutron/dhcp/ebe42a02-cb10-482c-a080-955d02b717bb/host
Jun 26 16:16:56 gtw01 dnsmasq-dhcp[10846]: read /var/lib/neutron/dhcp/ebe42a02-cb10-482c-a080-955d02b717bb/opts
Jun 26 16:16:56 gtw01 dnsmasq[10674]: read /var/lib/neutron/dhcp/ebfd1ef0-99f3-47f9-a85e-3dc05f982b26/addn_hosts - 1 addresses
Jun 26 16:16:56 gtw01 dnsmasq-dhcp[10674]: read /var/lib/neutron/dhcp/ebfd1ef0-99f3-47f9-a85e-3dc05f982b26/host
Jun 26 16:16:56 gtw01 dnsmasq-dhcp[10674]: read /var/lib/neutron/dhcp/ebfd1ef0-99f3-47f9-a85e-3dc05f982b26/opts
Jun 26 16:16:57 gtw01 dnsmasq[10921]: started, version 2.80 cachesize 150
Jun 26 16:16:57 gtw01 dnsmasq[10921]: DNS service limited to local subnets
Jun 26 16:16:57 gtw01 dnsmasq[10921]: compile time options: IPv6 GNU-getopt DBus i18n IDN DHCP DHCPv6 no-Lua TFTP conntrack ipset auth DNSSEC loop-detect inotify dumpfile
Jun 26 16:16:57 gtw01 dnsmasq[10921]: warning: no upstream servers configured
Jun 26 16:16:57 gtw01 dnsmasq-dhcp[10921]: DHCPv6, static leases only on 2003::, lease time 1h
Jun 26 16:16:57 gtw01 dnsmasq[10921]: read /var/lib/neutron/dhcp/3893e416-0e01-40ae-8e0c-bf64136800f0/addn_hosts - 1 addresses
Jun 26 16:16:57 gtw01 dnsmasq-dhcp[10921]: read /var/lib/neutron/dhcp/3893e416-0e01-40ae-8e0c-bf64136800f0/host
Jun 26 16:16:57 gtw01 dnsmasq-dhcp[10921]: read /var/lib/neutron/dhcp/3893e416-0e01-40ae-8e0c-bf64136800f0/opts
Jun 26 16:16:57 gtw01 dnsmasq[10846]: read /var/lib/neutron/dhcp/ebe42a02-cb10-482c-a080-955d02b717bb/addn_hosts - 2 addresses
Jun 26 16:16:57 gtw01 dnsmasq-dhcp[10846]: read /var/lib/neutron/dhcp/ebe42a02-cb10-482c-a080-955d02b717bb/host
Jun 26 16:16:57 gtw01 dnsmasq-dhcp[10846]: read /var/lib/neutron/dhcp/ebe42a02-cb10-482c-a080-955d02b717bb/opts
Jun 26 16:16:58 gtw01 dnsmasq[10921]: read /var/lib/neutron/dhcp/3893e416-0e01-40ae-8e0c-bf64136800f0/addn_hosts - 1 addresses
Jun 26 16:16:58 gtw01 dnsmasq-dhcp[10921]: read /var/lib/neutron/dhcp/3893e416-0e01-40ae-8e0c-bf64136800f0/host
Jun 26 16:16:58 gtw01 dnsmasq-dhcp[10921]: read /var/lib/neutron/dhcp/3893e416-0e01-40ae-8e0c-bf64136800f0/opts
Jun 26 16:16:58 gtw01 dnsmasq[10846]: read /var/lib/neutron/dhcp/ebe42a02-cb10-482c-a080-955d02b717bb/addn_hosts - 2 addresses
Jun 26 16:16:58 gtw01 dnsmasq-dhcp[10846]: read /var/lib/neutron/dhcp/ebe42a02-cb10-482c-a080-955d02b717bb/host
Jun 26 16:16:58 gtw01 dnsmasq-dhcp[10846]: read /var/lib/neutron/dhcp/ebe42a02-cb10-482c-a080-955d02b717bb/opts
Jun 26 16:16:59 gtw01 dnsmasq[10921]: read /var/lib/neutron/dhcp/3893e416-0e01-40ae-8e0c-bf64136800f0/addn_hosts - 1 addresses
Jun 26 16:16:59 gtw01 dnsmasq-dhcp[10921]: read /var/lib/neutron/dhcp/3893e416-0e01-40ae-8e0c-bf64136800f0/host
Jun 26 16:16:59 gtw01 dnsmasq-dhcp[10921]: read /var/lib/neutron/dhcp/3893e416-0e01-40ae-8e0c-bf64136800f0/opts
Jun 26 16:16:59 gtw01 dnsmasq[10846]: read /var/lib/neutron/dhcp/ebe42a02-cb10-482c-a080-955d02b717bb/addn_hosts - 2 addresses
Jun 26 16:16:59 gtw01 dnsmasq-dhcp[10846]: read /var/lib/neutron/dhcp/ebe42a02-cb10-482c-a080-955d02b717bb/host
Jun 26 16:16:59 gtw01 dnsmasq-dhcp[10846]: read /var/lib/neutron/dhcp/ebe42a02-cb10-482c-a080-955d02b717bb/opts
Jun 26 16:17:00 gtw01 dnsmasq[10921]: read /var/lib/neutron/dhcp/3893e416-0e01-40ae-8e0c-bf64136800f0/addn_hosts - 1 addresses
Jun 26 16:17:00 gtw01 dnsmasq-dhcp[10921]: read /var/lib/neutron/dhcp/3893e416-0e01-40ae-8e0c-bf64136800f0/host
Jun 26 16:17:00 gtw01 dnsmasq-dhcp[10921]: read /var/lib/neutron/dhcp/3893e416-0e01-40ae-8e0c-bf64136800f0/opts
Jun 26 16:17:00 gtw01 dnsmasq[10846]: read /var/lib/neutron/dhcp/ebe42a02-cb10-482c-a080-955d02b717bb/addn_hosts - 2 addresses
Jun 26 16:17:00 gtw01 dnsmasq-dhcp[10846]: read /var/lib/neutron/dhcp/ebe42a02-cb10-482c-a080-955d02b717bb/host
Jun 26 16:17:00 gtw01 dnsmasq-dhcp[10846]: read /var/lib/neutron/dhcp/ebe42a02-cb10-482c-a080-955d02b717bb/opts
Jun 26 16:17:01 gtw01 kernel: [ 8694.442755] device tapb3d2a1f5-48 entered promiscuous mode
Jun 26 16:17:01 gtw01 systemd-udevd[11056]: Could not generate persistent MAC address for tapb3d2a1f5-48: No such file or directory
Jun 26 16:17:01 gtw01 dnsmasq[10846]: read /var/lib/neutron/dhcp/ebe42a02-cb10-482c-a080-955d02b717bb/addn_hosts - 1 addresses
Jun 26 16:17:01 gtw01 dnsmasq-dhcp[10846]: read /var/lib/neutron/dhcp/ebe42a02-cb10-482c-a080-955d02b717bb/host
Jun 26 16:17:01 gtw01 dnsmasq-dhcp[10846]: read /var/lib/neutron/dhcp/ebe42a02-cb10-482c-a080-955d02b717bb/opts
Jun 26 16:17:01 gtw01 systemd-udevd[11056]: Process '/sbin/ip link set tapb3d2a1f5-48 txqueuelen 10000' failed with exit code 1.
Jun 26 16:17:01 gtw01 systemd-udevd[11056]: Process '/sbin/ip link set tapb3d2a1f5-48 txqueuelen 10000' failed with exit code 1.
Jun 26 16:17:01 gtw01 CRON[11144]: (root) CMD (   cd / && run-parts --report /etc/cron.hourly)
Jun 26 16:17:02 gtw01 dnsmasq[10674]: read /var/lib/neutron/dhcp/ebfd1ef0-99f3-47f9-a85e-3dc05f982b26/addn_hosts - 2 addresses
Jun 26 16:17:02 gtw01 dnsmasq-dhcp[10674]: read /var/lib/neutron/dhcp/ebfd1ef0-99f3-47f9-a85e-3dc05f982b26/host
Jun 26 16:17:02 gtw01 dnsmasq-dhcp[10674]: read /var/lib/neutron/dhcp/ebfd1ef0-99f3-47f9-a85e-3dc05f982b26/opts
Jun 26 16:17:03 gtw01 dnsmasq[10674]: read /var/lib/neutron/dhcp/ebfd1ef0-99f3-47f9-a85e-3dc05f982b26/addn_hosts - 2 addresses
Jun 26 16:17:03 gtw01 dnsmasq-dhcp[10674]: read /var/lib/neutron/dhcp/ebfd1ef0-99f3-47f9-a85e-3dc05f982b26/host
Jun 26 16:17:03 gtw01 dnsmasq-dhcp[10674]: read /var/lib/neutron/dhcp/ebfd1ef0-99f3-47f9-a85e-3dc05f982b26/opts
Jun 26 16:17:05 gtw01 dnsmasq[11234]: started, version 2.80 cachesize 150
Jun 26 16:17:05 gtw01 dnsmasq[11234]: DNS service limited to local subnets
Jun 26 16:17:05 gtw01 dnsmasq[11234]: compile time options: IPv6 GNU-getopt DBus i18n IDN DHCP DHCPv6 no-Lua TFTP conntrack ipset auth DNSSEC loop-detect inotify dumpfile
Jun 26 16:17:05 gtw01 dnsmasq[11234]: warning: no upstream servers configured
Jun 26 16:17:05 gtw01 dnsmasq-dhcp[11234]: DHCPv6, static leases only on 2003:0:1::, lease time 1h
Jun 26 16:17:05 gtw01 dnsmasq[11234]: read /var/lib/neutron/dhcp/d1d180bc-43bb-454a-8bc4-d46c46d72872/addn_hosts - 1 addresses
Jun 26 16:17:05 gtw01 dnsmasq-dhcp[11234]: read /var/lib/neutron/dhcp/d1d180bc-43bb-454a-8bc4-d46c46d72872/host
Jun 26 16:17:05 gtw01 dnsmasq-dhcp[11234]: read /var/lib/neutron/dhcp/d1d180bc-43bb-454a-8bc4-d46c46d72872/opts
Jun 26 16:17:05 gtw01 dnsmasq[11234]: read /var/lib/neutron/dhcp/d1d180bc-43bb-454a-8bc4-d46c46d72872/addn_hosts - 1 addresses
Jun 26 16:17:05 gtw01 dnsmasq-dhcp[11234]: read /var/lib/neutron/dhcp/d1d180bc-43bb-454a-8bc4-d46c46d72872/host
Jun 26 16:17:05 gtw01 dnsmasq-dhcp[11234]: read /var/lib/neutron/dhcp/d1d180bc-43bb-454a-8bc4-d46c46d72872/opts
Jun 26 16:17:06 gtw01 dnsmasq[11234]: read /var/lib/neutron/dhcp/d1d180bc-43bb-454a-8bc4-d46c46d72872/addn_hosts - 1 addresses
Jun 26 16:17:06 gtw01 dnsmasq-dhcp[11234]: read /var/lib/neutron/dhcp/d1d180bc-43bb-454a-8bc4-d46c46d72872/host
Jun 26 16:17:06 gtw01 dnsmasq-dhcp[11234]: read /var/lib/neutron/dhcp/d1d180bc-43bb-454a-8bc4-d46c46d72872/opts
Jun 26 16:17:06 gtw01 dnsmasq[10674]: read /var/lib/neutron/dhcp/ebfd1ef0-99f3-47f9-a85e-3dc05f982b26/addn_hosts - 1 addresses
Jun 26 16:17:06 gtw01 dnsmasq-dhcp[10674]: read /var/lib/neutron/dhcp/ebfd1ef0-99f3-47f9-a85e-3dc05f982b26/host
Jun 26 16:17:06 gtw01 dnsmasq-dhcp[10674]: read /var/lib/neutron/dhcp/ebfd1ef0-99f3-47f9-a85e-3dc05f982b26/opts
Jun 26 16:17:07 gtw01 dnsmasq[11234]: read /var/lib/neutron/dhcp/d1d180bc-43bb-454a-8bc4-d46c46d72872/addn_hosts - 1 addresses
Jun 26 16:17:07 gtw01 dnsmasq-dhcp[11234]: read /var/lib/neutron/dhcp/d1d180bc-43bb-454a-8bc4-d46c46d72872/host
Jun 26 16:17:07 gtw01 dnsmasq-dhcp[11234]: read /var/lib/neutron/dhcp/d1d180bc-43bb-454a-8bc4-d46c46d72872/opts
Jun 26 16:17:09 gtw01 kernel: [ 8702.276482] device tapb3d2a1f5-48 left promiscuous mode
Jun 26 16:17:12 gtw01 dnsmasq-dhcp[17953]: DHCPRELEASE(tap4b728202-3b) 192.168.120.5 fa:16:3e:75:b7:f9
Jun 26 16:17:13 gtw01 kernel: [ 8705.768722] device tapd2fa33be-fa left promiscuous mode
Jun 26 16:17:13 gtw01 dnsmasq-dhcp[17953]: DHCPRELEASE(tap4b728202-3b) 192.168.120.5 fa:16:3e:75:b7:f9 unknown lease
Jun 26 16:17:13 gtw01 dnsmasq[17953]: read /var/lib/neutron/dhcp/08aefdb8-b1ee-403c-a711-680217fa0635/addn_hosts - 2 addresses
Jun 26 16:17:13 gtw01 dnsmasq-dhcp[17953]: read /var/lib/neutron/dhcp/08aefdb8-b1ee-403c-a711-680217fa0635/host
Jun 26 16:17:13 gtw01 dnsmasq-dhcp[17953]: read /var/lib/neutron/dhcp/08aefdb8-b1ee-403c-a711-680217fa0635/opts
Jun 26 16:17:15 gtw01 kernel: [ 8707.765874] device tapcae67fcb-69 left promiscuous mode
Jun 26 16:17:18 gtw01 kernel: [ 8711.344796] device tap8d75b88f-6d left promiscuous mode
Jun 26 16:17:25 gtw01 kernel: [ 8717.858649] device tapae0289f9-c9 entered promiscuous mode
