Jun 26 18:00:24 gtw01 kernel: [14897.291064] device tapc8e76b5e-8b entered promiscuous mode
Jun 26 18:00:24 gtw01 systemd-udevd[16299]: Could not generate persistent MAC address for tapc8e76b5e-8b: No such file or directory
Jun 26 18:00:24 gtw01 systemd-udevd[16299]: Process '/sbin/ip link set tapc8e76b5e-8b txqueuelen 10000' failed with exit code 1.
Jun 26 18:00:24 gtw01 systemd-udevd[16373]: Process '/sbin/ip link set tapc8e76b5e-8b txqueuelen 10000' failed with exit code 1.
Jun 26 18:00:24 gtw01 kernel: [14897.764174] device tapa280e3db-dd entered promiscuous mode
Jun 26 18:00:24 gtw01 systemd-udevd[16396]: Could not generate persistent MAC address for tapa280e3db-dd: No such file or directory
Jun 26 18:00:25 gtw01 systemd-udevd[16396]: Process '/sbin/ip link set tapa280e3db-dd txqueuelen 10000' failed with exit code 1.
Jun 26 18:00:25 gtw01 systemd-udevd[16396]: Process '/sbin/ip link set tapa280e3db-dd txqueuelen 10000' failed with exit code 1.
Jun 26 18:00:26 gtw01 kernel: [14899.571002] device tap4a51b9e8-69 entered promiscuous mode
Jun 26 18:00:26 gtw01 systemd-udevd[16546]: Could not generate persistent MAC address for tap4a51b9e8-69: No such file or directory
Jun 26 18:00:26 gtw01 systemd-udevd[16546]: Process '/sbin/ip link set tap4a51b9e8-69 txqueuelen 10000' failed with exit code 1.
Jun 26 18:00:26 gtw01 systemd-udevd[16546]: Process '/sbin/ip link set tap4a51b9e8-69 txqueuelen 10000' failed with exit code 1.
Jun 26 18:00:27 gtw01 kernel: [14899.937239] device tap2594798e-98 entered promiscuous mode
Jun 26 18:00:27 gtw01 systemd-udevd[16643]: Could not generate persistent MAC address for tap2594798e-98: No such file or directory
Jun 26 18:00:27 gtw01 systemd-udevd[16717]: Process '/sbin/ip link set tap2594798e-98 txqueuelen 10000' failed with exit code 1.
Jun 26 18:00:29 gtw01 dnsmasq[16826]: started, version 2.80 cachesize 150
Jun 26 18:00:29 gtw01 dnsmasq[16826]: DNS service limited to local subnets
Jun 26 18:00:29 gtw01 dnsmasq[16826]: compile time options: IPv6 GNU-getopt DBus i18n IDN DHCP DHCPv6 no-Lua TFTP conntrack ipset auth DNSSEC loop-detect inotify dumpfile
Jun 26 18:00:29 gtw01 dnsmasq[16826]: LOUD WARNING: listening on 1.1.0.214 may accept requests via interfaces other than tapc8e76b5e-8b
Jun 26 18:00:29 gtw01 dnsmasq[16826]: LOUD WARNING: use --bind-dynamic rather than --bind-interfaces to avoid DNS amplification attacks via these interface(s)
Jun 26 18:00:29 gtw01 dnsmasq[16826]: warning: no upstream servers configured
Jun 26 18:00:29 gtw01 dnsmasq-dhcp[16826]: DHCP, static leases only on 1.1.0.212, lease time 1h
Jun 26 18:00:29 gtw01 dnsmasq[16826]: read /var/lib/neutron/dhcp/63294906-5e7f-4383-b231-2be700f53f39/addn_hosts - 1 addresses
Jun 26 18:00:29 gtw01 dnsmasq-dhcp[16826]: read /var/lib/neutron/dhcp/63294906-5e7f-4383-b231-2be700f53f39/host
Jun 26 18:00:29 gtw01 dnsmasq-dhcp[16826]: read /var/lib/neutron/dhcp/63294906-5e7f-4383-b231-2be700f53f39/opts
Jun 26 18:00:30 gtw01 dnsmasq[16840]: started, version 2.80 cachesize 150
Jun 26 18:00:30 gtw01 dnsmasq[16840]: DNS service limited to local subnets
Jun 26 18:00:30 gtw01 dnsmasq[16840]: compile time options: IPv6 GNU-getopt DBus i18n IDN DHCP DHCPv6 no-Lua TFTP conntrack ipset auth DNSSEC loop-detect inotify dumpfile
Jun 26 18:00:30 gtw01 dnsmasq[16840]: LOUD WARNING: listening on 1.1.0.210 may accept requests via interfaces other than tapa280e3db-dd
Jun 26 18:00:30 gtw01 dnsmasq[16840]: LOUD WARNING: use --bind-dynamic rather than --bind-interfaces to avoid DNS amplification attacks via these interface(s)
Jun 26 18:00:30 gtw01 dnsmasq[16840]: warning: no upstream servers configured
Jun 26 18:00:30 gtw01 dnsmasq-dhcp[16840]: DHCP, static leases only on 1.1.0.208, lease time 1h
Jun 26 18:00:30 gtw01 dnsmasq[16840]: read /var/lib/neutron/dhcp/4d5779c1-94b0-44e1-9140-608241370676/addn_hosts - 1 addresses
Jun 26 18:00:30 gtw01 dnsmasq-dhcp[16840]: read /var/lib/neutron/dhcp/4d5779c1-94b0-44e1-9140-608241370676/host
Jun 26 18:00:30 gtw01 dnsmasq-dhcp[16840]: read /var/lib/neutron/dhcp/4d5779c1-94b0-44e1-9140-608241370676/opts
Jun 26 18:00:30 gtw01 haproxy-metadata-proxy-63294906-5e7f-4383-b231-2be700f53f39[16846]: Proxy listener started.
Jun 26 18:00:30 gtw01 haproxy-metadata-proxy-4d5779c1-94b0-44e1-9140-608241370676[16867]: Proxy listener started.
Jun 26 18:00:31 gtw01 kernel: [14904.514845] device tapf3423979-db entered promiscuous mode
Jun 26 18:00:31 gtw01 systemd-udevd[16901]: Process '/sbin/ip link set tapf3423979-db txqueuelen 10000' failed with exit code 1.
Jun 26 18:00:31 gtw01 systemd-udevd[16901]: Process '/sbin/ip link set tapf3423979-db txqueuelen 10000' failed with exit code 1.
Jun 26 18:00:32 gtw01 dnsmasq[16826]: read /var/lib/neutron/dhcp/63294906-5e7f-4383-b231-2be700f53f39/addn_hosts - 2 addresses
Jun 26 18:00:32 gtw01 dnsmasq-dhcp[16826]: read /var/lib/neutron/dhcp/63294906-5e7f-4383-b231-2be700f53f39/host
Jun 26 18:00:32 gtw01 dnsmasq-dhcp[16826]: read /var/lib/neutron/dhcp/63294906-5e7f-4383-b231-2be700f53f39/opts
Jun 26 18:00:32 gtw01 dnsmasq[16840]: read /var/lib/neutron/dhcp/4d5779c1-94b0-44e1-9140-608241370676/addn_hosts - 2 addresses
Jun 26 18:00:32 gtw01 dnsmasq-dhcp[16840]: read /var/lib/neutron/dhcp/4d5779c1-94b0-44e1-9140-608241370676/host
Jun 26 18:00:32 gtw01 dnsmasq-dhcp[16840]: read /var/lib/neutron/dhcp/4d5779c1-94b0-44e1-9140-608241370676/opts
Jun 26 18:00:33 gtw01 kernel: [14906.090765] device tapa01bffb6-d0 entered promiscuous mode
Jun 26 18:00:33 gtw01 systemd-udevd[17116]: Process '/sbin/ip link set tapa01bffb6-d0 txqueuelen 10000' failed with exit code 1.
Jun 26 18:00:34 gtw01 dnsmasq[17149]: started, version 2.80 cachesize 150
Jun 26 18:00:34 gtw01 dnsmasq[17149]: DNS service limited to local subnets
Jun 26 18:00:34 gtw01 dnsmasq[17149]: compile time options: IPv6 GNU-getopt DBus i18n IDN DHCP DHCPv6 no-Lua TFTP conntrack ipset auth DNSSEC loop-detect inotify dumpfile
Jun 26 18:00:34 gtw01 dnsmasq[17149]: LOUD WARNING: listening on 1.1.0.222 may accept requests via interfaces other than tap4a51b9e8-69
Jun 26 18:00:34 gtw01 dnsmasq[17149]: LOUD WARNING: use --bind-dynamic rather than --bind-interfaces to avoid DNS amplification attacks via these interface(s)
Jun 26 18:00:34 gtw01 dnsmasq[17149]: warning: no upstream servers configured
Jun 26 18:00:34 gtw01 dnsmasq-dhcp[17149]: DHCP, static leases only on 1.1.0.220, lease time 1h
Jun 26 18:00:34 gtw01 dnsmasq[17149]: read /var/lib/neutron/dhcp/d5d4c937-e4c8-400b-b154-f0da530e703a/addn_hosts - 1 addresses
Jun 26 18:00:34 gtw01 dnsmasq-dhcp[17149]: read /var/lib/neutron/dhcp/d5d4c937-e4c8-400b-b154-f0da530e703a/host
Jun 26 18:00:34 gtw01 dnsmasq-dhcp[17149]: read /var/lib/neutron/dhcp/d5d4c937-e4c8-400b-b154-f0da530e703a/opts
Jun 26 18:00:35 gtw01 dnsmasq[17179]: started, version 2.80 cachesize 150
Jun 26 18:00:35 gtw01 dnsmasq[17179]: DNS service limited to local subnets
Jun 26 18:00:35 gtw01 dnsmasq[17179]: compile time options: IPv6 GNU-getopt DBus i18n IDN DHCP DHCPv6 no-Lua TFTP conntrack ipset auth DNSSEC loop-detect inotify dumpfile
Jun 26 18:00:35 gtw01 dnsmasq[17179]: LOUD WARNING: listening on 1.1.0.218 may accept requests via interfaces other than tap2594798e-98
Jun 26 18:00:35 gtw01 dnsmasq[17179]: LOUD WARNING: use --bind-dynamic rather than --bind-interfaces to avoid DNS amplification attacks via these interface(s)
Jun 26 18:00:35 gtw01 dnsmasq[17179]: warning: no upstream servers configured
Jun 26 18:00:35 gtw01 dnsmasq-dhcp[17179]: DHCP, static leases only on 1.1.0.216, lease time 1h
Jun 26 18:00:35 gtw01 dnsmasq[17179]: read /var/lib/neutron/dhcp/c68d7b25-178f-464a-b854-729eabefcee8/addn_hosts - 1 addresses
Jun 26 18:00:35 gtw01 dnsmasq-dhcp[17179]: read /var/lib/neutron/dhcp/c68d7b25-178f-464a-b854-729eabefcee8/host
Jun 26 18:00:35 gtw01 dnsmasq-dhcp[17179]: read /var/lib/neutron/dhcp/c68d7b25-178f-464a-b854-729eabefcee8/opts
Jun 26 18:00:35 gtw01 haproxy-metadata-proxy-d5d4c937-e4c8-400b-b154-f0da530e703a[17186]: Proxy listener started.
Jun 26 18:00:35 gtw01 dnsmasq[16826]: read /var/lib/neutron/dhcp/63294906-5e7f-4383-b231-2be700f53f39/addn_hosts - 2 addresses
Jun 26 18:00:35 gtw01 dnsmasq-dhcp[16826]: read /var/lib/neutron/dhcp/63294906-5e7f-4383-b231-2be700f53f39/host
Jun 26 18:00:35 gtw01 dnsmasq-dhcp[16826]: read /var/lib/neutron/dhcp/63294906-5e7f-4383-b231-2be700f53f39/opts
Jun 26 18:00:35 gtw01 haproxy-metadata-proxy-c68d7b25-178f-464a-b854-729eabefcee8[17214]: Proxy listener started.
Jun 26 18:00:36 gtw01 dnsmasq[16840]: read /var/lib/neutron/dhcp/4d5779c1-94b0-44e1-9140-608241370676/addn_hosts - 2 addresses
Jun 26 18:00:36 gtw01 dnsmasq-dhcp[16840]: read /var/lib/neutron/dhcp/4d5779c1-94b0-44e1-9140-608241370676/host
Jun 26 18:00:36 gtw01 dnsmasq-dhcp[16840]: read /var/lib/neutron/dhcp/4d5779c1-94b0-44e1-9140-608241370676/opts
Jun 26 18:00:36 gtw01 kernel: [14909.602912] device tap59e39598-73 entered promiscuous mode
Jun 26 18:00:36 gtw01 systemd-udevd[17248]: Could not generate persistent MAC address for tap59e39598-73: No such file or directory
Jun 26 18:00:37 gtw01 dnsmasq[17149]: read /var/lib/neutron/dhcp/d5d4c937-e4c8-400b-b154-f0da530e703a/addn_hosts - 2 addresses
Jun 26 18:00:37 gtw01 dnsmasq-dhcp[17149]: read /var/lib/neutron/dhcp/d5d4c937-e4c8-400b-b154-f0da530e703a/host
Jun 26 18:00:37 gtw01 dnsmasq-dhcp[17149]: read /var/lib/neutron/dhcp/d5d4c937-e4c8-400b-b154-f0da530e703a/opts
Jun 26 18:00:37 gtw01 systemd-udevd[17330]: Process '/sbin/ip link set tap59e39598-73 txqueuelen 10000' failed with exit code 1.
Jun 26 18:00:37 gtw01 dnsmasq[17179]: read /var/lib/neutron/dhcp/c68d7b25-178f-464a-b854-729eabefcee8/addn_hosts - 2 addresses
Jun 26 18:00:37 gtw01 dnsmasq-dhcp[17179]: read /var/lib/neutron/dhcp/c68d7b25-178f-464a-b854-729eabefcee8/host
Jun 26 18:00:37 gtw01 dnsmasq-dhcp[17179]: read /var/lib/neutron/dhcp/c68d7b25-178f-464a-b854-729eabefcee8/opts
Jun 26 18:00:38 gtw01 kernel: [14911.062476] device tap185af937-e8 entered promiscuous mode
Jun 26 18:00:38 gtw01 systemd-udevd[17379]: Could not generate persistent MAC address for tap185af937-e8: No such file or directory
Jun 26 18:00:38 gtw01 systemd-udevd[17467]: Process '/sbin/ip link set tap185af937-e8 txqueuelen 10000' failed with exit code 1.
Jun 26 18:00:39 gtw01 dnsmasq[16826]: read /var/lib/neutron/dhcp/63294906-5e7f-4383-b231-2be700f53f39/addn_hosts - 2 addresses
Jun 26 18:00:39 gtw01 dnsmasq-dhcp[16826]: read /var/lib/neutron/dhcp/63294906-5e7f-4383-b231-2be700f53f39/host
Jun 26 18:00:39 gtw01 dnsmasq-dhcp[16826]: read /var/lib/neutron/dhcp/63294906-5e7f-4383-b231-2be700f53f39/opts
Jun 26 18:00:40 gtw01 dnsmasq[16840]: read /var/lib/neutron/dhcp/4d5779c1-94b0-44e1-9140-608241370676/addn_hosts - 2 addresses
Jun 26 18:00:40 gtw01 dnsmasq-dhcp[16840]: read /var/lib/neutron/dhcp/4d5779c1-94b0-44e1-9140-608241370676/host
Jun 26 18:00:40 gtw01 dnsmasq-dhcp[16840]: read /var/lib/neutron/dhcp/4d5779c1-94b0-44e1-9140-608241370676/opts
Jun 26 18:00:40 gtw01 dnsmasq[17149]: read /var/lib/neutron/dhcp/d5d4c937-e4c8-400b-b154-f0da530e703a/addn_hosts - 2 addresses
Jun 26 18:00:40 gtw01 dnsmasq-dhcp[17149]: read /var/lib/neutron/dhcp/d5d4c937-e4c8-400b-b154-f0da530e703a/host
Jun 26 18:00:40 gtw01 dnsmasq-dhcp[17149]: read /var/lib/neutron/dhcp/d5d4c937-e4c8-400b-b154-f0da530e703a/opts
Jun 26 18:00:41 gtw01 dnsmasq[17179]: read /var/lib/neutron/dhcp/c68d7b25-178f-464a-b854-729eabefcee8/addn_hosts - 2 addresses
Jun 26 18:00:41 gtw01 dnsmasq-dhcp[17179]: read /var/lib/neutron/dhcp/c68d7b25-178f-464a-b854-729eabefcee8/host
Jun 26 18:00:41 gtw01 dnsmasq-dhcp[17179]: read /var/lib/neutron/dhcp/c68d7b25-178f-464a-b854-729eabefcee8/opts
Jun 26 18:00:42 gtw01 dnsmasq[16826]: read /var/lib/neutron/dhcp/63294906-5e7f-4383-b231-2be700f53f39/addn_hosts - 2 addresses
Jun 26 18:00:42 gtw01 dnsmasq-dhcp[16826]: read /var/lib/neutron/dhcp/63294906-5e7f-4383-b231-2be700f53f39/host
Jun 26 18:00:42 gtw01 dnsmasq-dhcp[16826]: read /var/lib/neutron/dhcp/63294906-5e7f-4383-b231-2be700f53f39/opts
Jun 26 18:00:42 gtw01 dnsmasq[17618]: started, version 2.80 cachesize 150
Jun 26 18:00:42 gtw01 dnsmasq[17618]: DNS service limited to local subnets
Jun 26 18:00:42 gtw01 dnsmasq[17618]: compile time options: IPv6 GNU-getopt DBus i18n IDN DHCP DHCPv6 no-Lua TFTP conntrack ipset auth DNSSEC loop-detect inotify dumpfile
Jun 26 18:00:42 gtw01 dnsmasq[17618]: LOUD WARNING: listening on 1.1.0.226 may accept requests via interfaces other than tapf3423979-db
Jun 26 18:00:42 gtw01 dnsmasq[17618]: LOUD WARNING: use --bind-dynamic rather than --bind-interfaces to avoid DNS amplification attacks via these interface(s)
Jun 26 18:00:42 gtw01 dnsmasq[17618]: warning: no upstream servers configured
Jun 26 18:00:42 gtw01 dnsmasq-dhcp[17618]: DHCP, static leases only on 1.1.0.224, lease time 1h
Jun 26 18:00:42 gtw01 dnsmasq[17618]: read /var/lib/neutron/dhcp/0140d686-be22-4723-b8b4-0502a5af001d/addn_hosts - 1 addresses
Jun 26 18:00:42 gtw01 dnsmasq-dhcp[17618]: read /var/lib/neutron/dhcp/0140d686-be22-4723-b8b4-0502a5af001d/host
Jun 26 18:00:42 gtw01 dnsmasq-dhcp[17618]: read /var/lib/neutron/dhcp/0140d686-be22-4723-b8b4-0502a5af001d/opts
Jun 26 18:00:43 gtw01 haproxy-metadata-proxy-0140d686-be22-4723-b8b4-0502a5af001d[17651]: Proxy listener started.
Jun 26 18:00:43 gtw01 dnsmasq[16840]: read /var/lib/neutron/dhcp/4d5779c1-94b0-44e1-9140-608241370676/addn_hosts - 2 addresses
Jun 26 18:00:43 gtw01 dnsmasq-dhcp[16840]: read /var/lib/neutron/dhcp/4d5779c1-94b0-44e1-9140-608241370676/host
Jun 26 18:00:43 gtw01 dnsmasq-dhcp[16840]: read /var/lib/neutron/dhcp/4d5779c1-94b0-44e1-9140-608241370676/opts
Jun 26 18:00:44 gtw01 dnsmasq[17149]: read /var/lib/neutron/dhcp/d5d4c937-e4c8-400b-b154-f0da530e703a/addn_hosts - 2 addresses
Jun 26 18:00:44 gtw01 dnsmasq-dhcp[17149]: read /var/lib/neutron/dhcp/d5d4c937-e4c8-400b-b154-f0da530e703a/host
Jun 26 18:00:44 gtw01 dnsmasq-dhcp[17149]: read /var/lib/neutron/dhcp/d5d4c937-e4c8-400b-b154-f0da530e703a/opts
Jun 26 18:00:45 gtw01 dnsmasq[17179]: read /var/lib/neutron/dhcp/c68d7b25-178f-464a-b854-729eabefcee8/addn_hosts - 2 addresses
Jun 26 18:00:45 gtw01 dnsmasq-dhcp[17179]: read /var/lib/neutron/dhcp/c68d7b25-178f-464a-b854-729eabefcee8/host
Jun 26 18:00:45 gtw01 dnsmasq-dhcp[17179]: read /var/lib/neutron/dhcp/c68d7b25-178f-464a-b854-729eabefcee8/opts
Jun 26 18:00:45 gtw01 dnsmasq[17719]: started, version 2.80 cachesize 150
Jun 26 18:00:45 gtw01 dnsmasq[17719]: DNS service limited to local subnets
Jun 26 18:00:45 gtw01 dnsmasq[17719]: compile time options: IPv6 GNU-getopt DBus i18n IDN DHCP DHCPv6 no-Lua TFTP conntrack ipset auth DNSSEC loop-detect inotify dumpfile
Jun 26 18:00:45 gtw01 dnsmasq[17719]: LOUD WARNING: listening on 1.1.0.230 may accept requests via interfaces other than tapa01bffb6-d0
Jun 26 18:00:45 gtw01 dnsmasq[17719]: LOUD WARNING: use --bind-dynamic rather than --bind-interfaces to avoid DNS amplification attacks via these interface(s)
Jun 26 18:00:45 gtw01 dnsmasq[17719]: warning: no upstream servers configured
Jun 26 18:00:45 gtw01 dnsmasq-dhcp[17719]: DHCP, static leases only on 1.1.0.228, lease time 1h
Jun 26 18:00:45 gtw01 dnsmasq[17719]: read /var/lib/neutron/dhcp/d06862de-33ae-49a3-b440-5c2420920f5a/addn_hosts - 1 addresses
Jun 26 18:00:45 gtw01 dnsmasq-dhcp[17719]: read /var/lib/neutron/dhcp/d06862de-33ae-49a3-b440-5c2420920f5a/host
Jun 26 18:00:45 gtw01 dnsmasq-dhcp[17719]: read /var/lib/neutron/dhcp/d06862de-33ae-49a3-b440-5c2420920f5a/opts
Jun 26 18:00:45 gtw01 dnsmasq[16826]: read /var/lib/neutron/dhcp/63294906-5e7f-4383-b231-2be700f53f39/addn_hosts - 2 addresses
Jun 26 18:00:45 gtw01 dnsmasq-dhcp[16826]: read /var/lib/neutron/dhcp/63294906-5e7f-4383-b231-2be700f53f39/host
Jun 26 18:00:45 gtw01 dnsmasq-dhcp[16826]: read /var/lib/neutron/dhcp/63294906-5e7f-4383-b231-2be700f53f39/opts
Jun 26 18:00:45 gtw01 dnsmasq[17618]: read /var/lib/neutron/dhcp/0140d686-be22-4723-b8b4-0502a5af001d/addn_hosts - 2 addresses
Jun 26 18:00:45 gtw01 dnsmasq-dhcp[17618]: read /var/lib/neutron/dhcp/0140d686-be22-4723-b8b4-0502a5af001d/host
Jun 26 18:00:45 gtw01 dnsmasq-dhcp[17618]: read /var/lib/neutron/dhcp/0140d686-be22-4723-b8b4-0502a5af001d/opts
Jun 26 18:00:46 gtw01 haproxy-metadata-proxy-d06862de-33ae-49a3-b440-5c2420920f5a[17747]: Proxy listener started.
Jun 26 18:00:47 gtw01 dnsmasq[16840]: read /var/lib/neutron/dhcp/4d5779c1-94b0-44e1-9140-608241370676/addn_hosts - 2 addresses
Jun 26 18:00:47 gtw01 dnsmasq-dhcp[16840]: read /var/lib/neutron/dhcp/4d5779c1-94b0-44e1-9140-608241370676/host
Jun 26 18:00:47 gtw01 dnsmasq-dhcp[16840]: read /var/lib/neutron/dhcp/4d5779c1-94b0-44e1-9140-608241370676/opts
Jun 26 18:00:48 gtw01 dnsmasq[17149]: read /var/lib/neutron/dhcp/d5d4c937-e4c8-400b-b154-f0da530e703a/addn_hosts - 2 addresses
Jun 26 18:00:48 gtw01 dnsmasq-dhcp[17149]: read /var/lib/neutron/dhcp/d5d4c937-e4c8-400b-b154-f0da530e703a/host
Jun 26 18:00:48 gtw01 dnsmasq-dhcp[17149]: read /var/lib/neutron/dhcp/d5d4c937-e4c8-400b-b154-f0da530e703a/opts
Jun 26 18:00:48 gtw01 dnsmasq[17719]: read /var/lib/neutron/dhcp/d06862de-33ae-49a3-b440-5c2420920f5a/addn_hosts - 2 addresses
Jun 26 18:00:48 gtw01 dnsmasq-dhcp[17719]: read /var/lib/neutron/dhcp/d06862de-33ae-49a3-b440-5c2420920f5a/host
Jun 26 18:00:48 gtw01 dnsmasq-dhcp[17719]: read /var/lib/neutron/dhcp/d06862de-33ae-49a3-b440-5c2420920f5a/opts
Jun 26 18:00:48 gtw01 dnsmasq[17179]: read /var/lib/neutron/dhcp/c68d7b25-178f-464a-b854-729eabefcee8/addn_hosts - 2 addresses
Jun 26 18:00:48 gtw01 dnsmasq-dhcp[17179]: read /var/lib/neutron/dhcp/c68d7b25-178f-464a-b854-729eabefcee8/host
Jun 26 18:00:48 gtw01 dnsmasq-dhcp[17179]: read /var/lib/neutron/dhcp/c68d7b25-178f-464a-b854-729eabefcee8/opts
Jun 26 18:00:49 gtw01 dnsmasq[17843]: started, version 2.80 cachesize 150
Jun 26 18:00:49 gtw01 dnsmasq[17843]: DNS service limited to local subnets
Jun 26 18:00:49 gtw01 dnsmasq[17843]: compile time options: IPv6 GNU-getopt DBus i18n IDN DHCP DHCPv6 no-Lua TFTP conntrack ipset auth DNSSEC loop-detect inotify dumpfile
Jun 26 18:00:49 gtw01 dnsmasq[17843]: LOUD WARNING: listening on 1.1.0.234 may accept requests via interfaces other than tap59e39598-73
Jun 26 18:00:49 gtw01 dnsmasq[17843]: LOUD WARNING: use --bind-dynamic rather than --bind-interfaces to avoid DNS amplification attacks via these interface(s)
Jun 26 18:00:49 gtw01 dnsmasq[17843]: warning: no upstream servers configured
Jun 26 18:00:49 gtw01 dnsmasq-dhcp[17843]: DHCP, static leases only on 1.1.0.232, lease time 1h
Jun 26 18:00:49 gtw01 dnsmasq[17843]: read /var/lib/neutron/dhcp/ac89568e-76ba-4535-9092-8bfd81b2bb0b/addn_hosts - 1 addresses
Jun 26 18:00:49 gtw01 dnsmasq-dhcp[17843]: read /var/lib/neutron/dhcp/ac89568e-76ba-4535-9092-8bfd81b2bb0b/host
Jun 26 18:00:49 gtw01 dnsmasq-dhcp[17843]: read /var/lib/neutron/dhcp/ac89568e-76ba-4535-9092-8bfd81b2bb0b/opts
Jun 26 18:00:49 gtw01 dnsmasq[17847]: started, version 2.80 cachesize 150
Jun 26 18:00:49 gtw01 dnsmasq[17847]: DNS service limited to local subnets
Jun 26 18:00:49 gtw01 dnsmasq[17847]: compile time options: IPv6 GNU-getopt DBus i18n IDN DHCP DHCPv6 no-Lua TFTP conntrack ipset auth DNSSEC loop-detect inotify dumpfile
Jun 26 18:00:49 gtw01 dnsmasq[17847]: LOUD WARNING: listening on 1.1.0.238 may accept requests via interfaces other than tap185af937-e8
Jun 26 18:00:49 gtw01 dnsmasq[17847]: LOUD WARNING: use --bind-dynamic rather than --bind-interfaces to avoid DNS amplification attacks via these interface(s)
Jun 26 18:00:49 gtw01 dnsmasq[17847]: warning: no upstream servers configured
Jun 26 18:00:49 gtw01 dnsmasq-dhcp[17847]: DHCP, static leases only on 1.1.0.236, lease time 1h
Jun 26 18:00:49 gtw01 dnsmasq[17847]: read /var/lib/neutron/dhcp/f63bf5fc-ce0c-442a-9b8e-e82297c97adb/addn_hosts - 1 addresses
Jun 26 18:00:49 gtw01 dnsmasq-dhcp[17847]: read /var/lib/neutron/dhcp/f63bf5fc-ce0c-442a-9b8e-e82297c97adb/host
Jun 26 18:00:49 gtw01 dnsmasq-dhcp[17847]: read /var/lib/neutron/dhcp/f63bf5fc-ce0c-442a-9b8e-e82297c97adb/opts
Jun 26 18:00:49 gtw01 dnsmasq[17618]: read /var/lib/neutron/dhcp/0140d686-be22-4723-b8b4-0502a5af001d/addn_hosts - 2 addresses
Jun 26 18:00:49 gtw01 dnsmasq-dhcp[17618]: read /var/lib/neutron/dhcp/0140d686-be22-4723-b8b4-0502a5af001d/host
Jun 26 18:00:49 gtw01 dnsmasq-dhcp[17618]: read /var/lib/neutron/dhcp/0140d686-be22-4723-b8b4-0502a5af001d/opts
Jun 26 18:00:49 gtw01 haproxy-metadata-proxy-ac89568e-76ba-4535-9092-8bfd81b2bb0b[17867]: Proxy listener started.
Jun 26 18:00:49 gtw01 haproxy-metadata-proxy-f63bf5fc-ce0c-442a-9b8e-e82297c97adb[17874]: Proxy listener started.
Jun 26 18:00:51 gtw01 dnsmasq[17149]: read /var/lib/neutron/dhcp/d5d4c937-e4c8-400b-b154-f0da530e703a/addn_hosts - 2 addresses
Jun 26 18:00:51 gtw01 dnsmasq-dhcp[17149]: read /var/lib/neutron/dhcp/d5d4c937-e4c8-400b-b154-f0da530e703a/host
Jun 26 18:00:51 gtw01 dnsmasq-dhcp[17149]: read /var/lib/neutron/dhcp/d5d4c937-e4c8-400b-b154-f0da530e703a/opts
Jun 26 18:00:51 gtw01 dnsmasq[17179]: read /var/lib/neutron/dhcp/c68d7b25-178f-464a-b854-729eabefcee8/addn_hosts - 2 addresses
Jun 26 18:00:51 gtw01 dnsmasq-dhcp[17179]: read /var/lib/neutron/dhcp/c68d7b25-178f-464a-b854-729eabefcee8/host
Jun 26 18:00:51 gtw01 dnsmasq-dhcp[17179]: read /var/lib/neutron/dhcp/c68d7b25-178f-464a-b854-729eabefcee8/opts
Jun 26 18:00:51 gtw01 dnsmasq[17719]: read /var/lib/neutron/dhcp/d06862de-33ae-49a3-b440-5c2420920f5a/addn_hosts - 2 addresses
Jun 26 18:00:51 gtw01 dnsmasq-dhcp[17719]: read /var/lib/neutron/dhcp/d06862de-33ae-49a3-b440-5c2420920f5a/host
Jun 26 18:00:51 gtw01 dnsmasq-dhcp[17719]: read /var/lib/neutron/dhcp/d06862de-33ae-49a3-b440-5c2420920f5a/opts
Jun 26 18:00:51 gtw01 dnsmasq[17843]: read /var/lib/neutron/dhcp/ac89568e-76ba-4535-9092-8bfd81b2bb0b/addn_hosts - 2 addresses
Jun 26 18:00:51 gtw01 dnsmasq-dhcp[17843]: read /var/lib/neutron/dhcp/ac89568e-76ba-4535-9092-8bfd81b2bb0b/host
Jun 26 18:00:51 gtw01 dnsmasq-dhcp[17843]: read /var/lib/neutron/dhcp/ac89568e-76ba-4535-9092-8bfd81b2bb0b/opts
Jun 26 18:00:52 gtw01 dnsmasq[17847]: read /var/lib/neutron/dhcp/f63bf5fc-ce0c-442a-9b8e-e82297c97adb/addn_hosts - 2 addresses
Jun 26 18:00:52 gtw01 dnsmasq-dhcp[17847]: read /var/lib/neutron/dhcp/f63bf5fc-ce0c-442a-9b8e-e82297c97adb/host
Jun 26 18:00:52 gtw01 dnsmasq-dhcp[17847]: read /var/lib/neutron/dhcp/f63bf5fc-ce0c-442a-9b8e-e82297c97adb/opts
Jun 26 18:00:52 gtw01 kernel: [14925.583056] device tapbef976a7-a3 entered promiscuous mode
Jun 26 18:00:53 gtw01 systemd-udevd[18054]: Process '/sbin/ip link set tapbef976a7-a3 txqueuelen 10000' failed with exit code 1.
Jun 26 18:00:53 gtw01 dnsmasq[17618]: read /var/lib/neutron/dhcp/0140d686-be22-4723-b8b4-0502a5af001d/addn_hosts - 2 addresses
Jun 26 18:00:53 gtw01 dnsmasq-dhcp[17618]: read /var/lib/neutron/dhcp/0140d686-be22-4723-b8b4-0502a5af001d/host
Jun 26 18:00:53 gtw01 dnsmasq-dhcp[17618]: read /var/lib/neutron/dhcp/0140d686-be22-4723-b8b4-0502a5af001d/opts
Jun 26 18:00:54 gtw01 kernel: [14926.928300] device tap3a1211df-f6 entered promiscuous mode
Jun 26 18:00:54 gtw01 systemd-udevd[18107]: Could not generate persistent MAC address for tap3a1211df-f6: No such file or directory
Jun 26 18:00:54 gtw01 systemd-udevd[18107]: Process '/sbin/ip link set tap3a1211df-f6 txqueuelen 10000' failed with exit code 1.
Jun 26 18:00:54 gtw01 dnsmasq[17719]: read /var/lib/neutron/dhcp/d06862de-33ae-49a3-b440-5c2420920f5a/addn_hosts - 2 addresses
Jun 26 18:00:54 gtw01 dnsmasq-dhcp[17719]: read /var/lib/neutron/dhcp/d06862de-33ae-49a3-b440-5c2420920f5a/host
Jun 26 18:00:54 gtw01 dnsmasq-dhcp[17719]: read /var/lib/neutron/dhcp/d06862de-33ae-49a3-b440-5c2420920f5a/opts
Jun 26 18:00:55 gtw01 dnsmasq[17843]: read /var/lib/neutron/dhcp/ac89568e-76ba-4535-9092-8bfd81b2bb0b/addn_hosts - 2 addresses
Jun 26 18:00:55 gtw01 dnsmasq-dhcp[17843]: read /var/lib/neutron/dhcp/ac89568e-76ba-4535-9092-8bfd81b2bb0b/host
Jun 26 18:00:55 gtw01 dnsmasq-dhcp[17843]: read /var/lib/neutron/dhcp/ac89568e-76ba-4535-9092-8bfd81b2bb0b/opts
Jun 26 18:00:55 gtw01 dnsmasq[17847]: read /var/lib/neutron/dhcp/f63bf5fc-ce0c-442a-9b8e-e82297c97adb/addn_hosts - 2 addresses
Jun 26 18:00:55 gtw01 dnsmasq-dhcp[17847]: read /var/lib/neutron/dhcp/f63bf5fc-ce0c-442a-9b8e-e82297c97adb/host
Jun 26 18:00:55 gtw01 dnsmasq-dhcp[17847]: read /var/lib/neutron/dhcp/f63bf5fc-ce0c-442a-9b8e-e82297c97adb/opts
Jun 26 18:00:56 gtw01 dnsmasq[17149]: read /var/lib/neutron/dhcp/d5d4c937-e4c8-400b-b154-f0da530e703a/addn_hosts - 1 addresses
Jun 26 18:00:56 gtw01 dnsmasq-dhcp[17149]: read /var/lib/neutron/dhcp/d5d4c937-e4c8-400b-b154-f0da530e703a/host
Jun 26 18:00:56 gtw01 dnsmasq-dhcp[17149]: read /var/lib/neutron/dhcp/d5d4c937-e4c8-400b-b154-f0da530e703a/opts
Jun 26 18:00:56 gtw01 dnsmasq[17618]: read /var/lib/neutron/dhcp/0140d686-be22-4723-b8b4-0502a5af001d/addn_hosts - 2 addresses
Jun 26 18:00:56 gtw01 dnsmasq-dhcp[17618]: read /var/lib/neutron/dhcp/0140d686-be22-4723-b8b4-0502a5af001d/host
Jun 26 18:00:56 gtw01 dnsmasq-dhcp[17618]: read /var/lib/neutron/dhcp/0140d686-be22-4723-b8b4-0502a5af001d/opts
Jun 26 18:00:56 gtw01 dnsmasq[16826]: read /var/lib/neutron/dhcp/63294906-5e7f-4383-b231-2be700f53f39/addn_hosts - 1 addresses
Jun 26 18:00:56 gtw01 dnsmasq-dhcp[16826]: read /var/lib/neutron/dhcp/63294906-5e7f-4383-b231-2be700f53f39/host
Jun 26 18:00:56 gtw01 dnsmasq-dhcp[16826]: read /var/lib/neutron/dhcp/63294906-5e7f-4383-b231-2be700f53f39/opts
Jun 26 18:00:58 gtw01 dnsmasq[17847]: read /var/lib/neutron/dhcp/f63bf5fc-ce0c-442a-9b8e-e82297c97adb/addn_hosts - 2 addresses
Jun 26 18:00:58 gtw01 dnsmasq-dhcp[17847]: read /var/lib/neutron/dhcp/f63bf5fc-ce0c-442a-9b8e-e82297c97adb/host
Jun 26 18:00:58 gtw01 dnsmasq-dhcp[17847]: read /var/lib/neutron/dhcp/f63bf5fc-ce0c-442a-9b8e-e82297c97adb/opts
Jun 26 18:00:58 gtw01 dnsmasq[17719]: read /var/lib/neutron/dhcp/d06862de-33ae-49a3-b440-5c2420920f5a/addn_hosts - 2 addresses
Jun 26 18:00:58 gtw01 dnsmasq-dhcp[17719]: read /var/lib/neutron/dhcp/d06862de-33ae-49a3-b440-5c2420920f5a/host
Jun 26 18:00:58 gtw01 dnsmasq-dhcp[17719]: read /var/lib/neutron/dhcp/d06862de-33ae-49a3-b440-5c2420920f5a/opts
Jun 26 18:00:58 gtw01 dnsmasq[17843]: read /var/lib/neutron/dhcp/ac89568e-76ba-4535-9092-8bfd81b2bb0b/addn_hosts - 2 addresses
Jun 26 18:00:58 gtw01 dnsmasq-dhcp[17843]: read /var/lib/neutron/dhcp/ac89568e-76ba-4535-9092-8bfd81b2bb0b/host
Jun 26 18:00:58 gtw01 dnsmasq-dhcp[17843]: read /var/lib/neutron/dhcp/ac89568e-76ba-4535-9092-8bfd81b2bb0b/opts
Jun 26 18:00:59 gtw01 dnsmasq[16840]: read /var/lib/neutron/dhcp/4d5779c1-94b0-44e1-9140-608241370676/addn_hosts - 1 addresses
Jun 26 18:00:59 gtw01 dnsmasq-dhcp[16840]: read /var/lib/neutron/dhcp/4d5779c1-94b0-44e1-9140-608241370676/host
Jun 26 18:00:59 gtw01 dnsmasq-dhcp[16840]: read /var/lib/neutron/dhcp/4d5779c1-94b0-44e1-9140-608241370676/opts
Jun 26 18:00:59 gtw01 dnsmasq[17179]: read /var/lib/neutron/dhcp/c68d7b25-178f-464a-b854-729eabefcee8/addn_hosts - 1 addresses
Jun 26 18:00:59 gtw01 dnsmasq-dhcp[17179]: read /var/lib/neutron/dhcp/c68d7b25-178f-464a-b854-729eabefcee8/host
Jun 26 18:00:59 gtw01 dnsmasq-dhcp[17179]: read /var/lib/neutron/dhcp/c68d7b25-178f-464a-b854-729eabefcee8/opts
Jun 26 18:00:59 gtw01 dnsmasq[17618]: read /var/lib/neutron/dhcp/0140d686-be22-4723-b8b4-0502a5af001d/addn_hosts - 2 addresses
Jun 26 18:00:59 gtw01 dnsmasq-dhcp[17618]: read /var/lib/neutron/dhcp/0140d686-be22-4723-b8b4-0502a5af001d/host
Jun 26 18:00:59 gtw01 dnsmasq-dhcp[17618]: read /var/lib/neutron/dhcp/0140d686-be22-4723-b8b4-0502a5af001d/opts
Jun 26 18:01:01 gtw01 dnsmasq[17719]: read /var/lib/neutron/dhcp/d06862de-33ae-49a3-b440-5c2420920f5a/addn_hosts - 2 addresses
Jun 26 18:01:01 gtw01 dnsmasq-dhcp[17719]: read /var/lib/neutron/dhcp/d06862de-33ae-49a3-b440-5c2420920f5a/host
Jun 26 18:01:01 gtw01 dnsmasq-dhcp[17719]: read /var/lib/neutron/dhcp/d06862de-33ae-49a3-b440-5c2420920f5a/opts
Jun 26 18:01:01 gtw01 dnsmasq[17843]: read /var/lib/neutron/dhcp/ac89568e-76ba-4535-9092-8bfd81b2bb0b/addn_hosts - 2 addresses
Jun 26 18:01:01 gtw01 dnsmasq-dhcp[17843]: read /var/lib/neutron/dhcp/ac89568e-76ba-4535-9092-8bfd81b2bb0b/host
Jun 26 18:01:01 gtw01 dnsmasq-dhcp[17843]: read /var/lib/neutron/dhcp/ac89568e-76ba-4535-9092-8bfd81b2bb0b/opts
Jun 26 18:01:02 gtw01 dnsmasq[17847]: read /var/lib/neutron/dhcp/f63bf5fc-ce0c-442a-9b8e-e82297c97adb/addn_hosts - 2 addresses
Jun 26 18:01:02 gtw01 dnsmasq-dhcp[17847]: read /var/lib/neutron/dhcp/f63bf5fc-ce0c-442a-9b8e-e82297c97adb/host
Jun 26 18:01:02 gtw01 dnsmasq-dhcp[17847]: read /var/lib/neutron/dhcp/f63bf5fc-ce0c-442a-9b8e-e82297c97adb/opts
Jun 26 18:01:02 gtw01 dnsmasq[18511]: started, version 2.80 cachesize 150
Jun 26 18:01:02 gtw01 dnsmasq[18511]: DNS service limited to local subnets
Jun 26 18:01:02 gtw01 dnsmasq[18511]: compile time options: IPv6 GNU-getopt DBus i18n IDN DHCP DHCPv6 no-Lua TFTP conntrack ipset auth DNSSEC loop-detect inotify dumpfile
Jun 26 18:01:02 gtw01 dnsmasq[18511]: LOUD WARNING: listening on 1.1.0.242 may accept requests via interfaces other than tapbef976a7-a3
Jun 26 18:01:02 gtw01 dnsmasq[18511]: LOUD WARNING: use --bind-dynamic rather than --bind-interfaces to avoid DNS amplification attacks via these interface(s)
Jun 26 18:01:02 gtw01 dnsmasq[18511]: warning: no upstream servers configured
Jun 26 18:01:02 gtw01 dnsmasq-dhcp[18511]: DHCP, static leases only on 1.1.0.240, lease time 1h
Jun 26 18:01:02 gtw01 dnsmasq[18511]: read /var/lib/neutron/dhcp/d2d0f099-78fb-4679-b167-5146ddab2ff1/addn_hosts - 2 addresses
Jun 26 18:01:02 gtw01 dnsmasq-dhcp[18511]: read /var/lib/neutron/dhcp/d2d0f099-78fb-4679-b167-5146ddab2ff1/host
Jun 26 18:01:02 gtw01 dnsmasq-dhcp[18511]: read /var/lib/neutron/dhcp/d2d0f099-78fb-4679-b167-5146ddab2ff1/opts
Jun 26 18:01:02 gtw01 dnsmasq[17618]: read /var/lib/neutron/dhcp/0140d686-be22-4723-b8b4-0502a5af001d/addn_hosts - 1 addresses
Jun 26 18:01:02 gtw01 dnsmasq-dhcp[17618]: read /var/lib/neutron/dhcp/0140d686-be22-4723-b8b4-0502a5af001d/host
Jun 26 18:01:02 gtw01 dnsmasq-dhcp[17618]: read /var/lib/neutron/dhcp/0140d686-be22-4723-b8b4-0502a5af001d/opts
Jun 26 18:01:03 gtw01 haproxy-metadata-proxy-d2d0f099-78fb-4679-b167-5146ddab2ff1[18537]: Proxy listener started.
Jun 26 18:01:04 gtw01 dnsmasq[18551]: started, version 2.80 cachesize 150
Jun 26 18:01:04 gtw01 dnsmasq[18551]: DNS service limited to local subnets
Jun 26 18:01:04 gtw01 dnsmasq[18551]: compile time options: IPv6 GNU-getopt DBus i18n IDN DHCP DHCPv6 no-Lua TFTP conntrack ipset auth DNSSEC loop-detect inotify dumpfile
Jun 26 18:01:04 gtw01 dnsmasq[18551]: LOUD WARNING: listening on 1.1.0.246 may accept requests via interfaces other than tap3a1211df-f6
Jun 26 18:01:04 gtw01 dnsmasq[18551]: LOUD WARNING: use --bind-dynamic rather than --bind-interfaces to avoid DNS amplification attacks via these interface(s)
Jun 26 18:01:04 gtw01 dnsmasq[18551]: warning: no upstream servers configured
Jun 26 18:01:04 gtw01 dnsmasq-dhcp[18551]: DHCP, static leases only on 1.1.0.244, lease time 1h
Jun 26 18:01:04 gtw01 dnsmasq[18551]: read /var/lib/neutron/dhcp/9e87b071-b367-49e3-968a-3d3a7ae3a122/addn_hosts - 2 addresses
Jun 26 18:01:04 gtw01 dnsmasq-dhcp[18551]: read /var/lib/neutron/dhcp/9e87b071-b367-49e3-968a-3d3a7ae3a122/host
Jun 26 18:01:04 gtw01 dnsmasq-dhcp[18551]: read /var/lib/neutron/dhcp/9e87b071-b367-49e3-968a-3d3a7ae3a122/opts
Jun 26 18:01:04 gtw01 dnsmasq[17719]: read /var/lib/neutron/dhcp/d06862de-33ae-49a3-b440-5c2420920f5a/addn_hosts - 1 addresses
Jun 26 18:01:04 gtw01 dnsmasq-dhcp[17719]: read /var/lib/neutron/dhcp/d06862de-33ae-49a3-b440-5c2420920f5a/host
Jun 26 18:01:04 gtw01 dnsmasq-dhcp[17719]: read /var/lib/neutron/dhcp/d06862de-33ae-49a3-b440-5c2420920f5a/opts
Jun 26 18:01:04 gtw01 dnsmasq[17847]: read /var/lib/neutron/dhcp/f63bf5fc-ce0c-442a-9b8e-e82297c97adb/addn_hosts - 2 addresses
Jun 26 18:01:04 gtw01 dnsmasq-dhcp[17847]: read /var/lib/neutron/dhcp/f63bf5fc-ce0c-442a-9b8e-e82297c97adb/host
Jun 26 18:01:04 gtw01 dnsmasq-dhcp[17847]: read /var/lib/neutron/dhcp/f63bf5fc-ce0c-442a-9b8e-e82297c97adb/opts
Jun 26 18:01:04 gtw01 haproxy-metadata-proxy-9e87b071-b367-49e3-968a-3d3a7ae3a122[18574]: Proxy listener started.
Jun 26 18:01:04 gtw01 dnsmasq[17843]: read /var/lib/neutron/dhcp/ac89568e-76ba-4535-9092-8bfd81b2bb0b/addn_hosts - 2 addresses
Jun 26 18:01:04 gtw01 dnsmasq-dhcp[17843]: read /var/lib/neutron/dhcp/ac89568e-76ba-4535-9092-8bfd81b2bb0b/host
Jun 26 18:01:04 gtw01 dnsmasq-dhcp[17843]: read /var/lib/neutron/dhcp/ac89568e-76ba-4535-9092-8bfd81b2bb0b/opts
Jun 26 18:01:05 gtw01 kernel: [14938.151227] device tapbef976a7-a3 left promiscuous mode
Jun 26 18:01:05 gtw01 dnsmasq-dhcp[18551]: DHCPRELEASE(tap3a1211df-f6) 1.1.0.245 fa:16:3e:4e:2f:ff
Jun 26 18:01:06 gtw01 kernel: [14939.248319] device tapa01bffb6-d0 left promiscuous mode
Jun 26 18:01:06 gtw01 dnsmasq[17843]: read /var/lib/neutron/dhcp/ac89568e-76ba-4535-9092-8bfd81b2bb0b/addn_hosts - 1 addresses
Jun 26 18:01:06 gtw01 dnsmasq-dhcp[17843]: read /var/lib/neutron/dhcp/ac89568e-76ba-4535-9092-8bfd81b2bb0b/host
Jun 26 18:01:06 gtw01 dnsmasq-dhcp[17843]: read /var/lib/neutron/dhcp/ac89568e-76ba-4535-9092-8bfd81b2bb0b/opts
Jun 26 18:01:06 gtw01 dnsmasq[17847]: read /var/lib/neutron/dhcp/f63bf5fc-ce0c-442a-9b8e-e82297c97adb/addn_hosts - 1 addresses
Jun 26 18:01:06 gtw01 dnsmasq-dhcp[17847]: read /var/lib/neutron/dhcp/f63bf5fc-ce0c-442a-9b8e-e82297c97adb/host
Jun 26 18:01:06 gtw01 dnsmasq-dhcp[17847]: read /var/lib/neutron/dhcp/f63bf5fc-ce0c-442a-9b8e-e82297c97adb/opts
Jun 26 18:01:06 gtw01 dnsmasq[18551]: read /var/lib/neutron/dhcp/9e87b071-b367-49e3-968a-3d3a7ae3a122/addn_hosts - 1 addresses
Jun 26 18:01:06 gtw01 dnsmasq-dhcp[18551]: read /var/lib/neutron/dhcp/9e87b071-b367-49e3-968a-3d3a7ae3a122/host
Jun 26 18:01:06 gtw01 dnsmasq-dhcp[18551]: read /var/lib/neutron/dhcp/9e87b071-b367-49e3-968a-3d3a7ae3a122/opts
Jun 26 18:01:07 gtw01 kernel: [14939.989304] device tap2594798e-98 left promiscuous mode
Jun 26 18:01:07 gtw01 kernel: [14940.658464] device tap4a51b9e8-69 left promiscuous mode
Jun 26 18:01:08 gtw01 dnsmasq[18551]: read /var/lib/neutron/dhcp/9e87b071-b367-49e3-968a-3d3a7ae3a122/addn_hosts - 2 addresses
Jun 26 18:01:08 gtw01 dnsmasq-dhcp[18551]: read /var/lib/neutron/dhcp/9e87b071-b367-49e3-968a-3d3a7ae3a122/host
Jun 26 18:01:08 gtw01 dnsmasq-dhcp[18551]: read /var/lib/neutron/dhcp/9e87b071-b367-49e3-968a-3d3a7ae3a122/opts
Jun 26 18:01:08 gtw01 kernel: [14941.374983] device tap59e39598-73 left promiscuous mode
Jun 26 18:01:09 gtw01 kernel: [14941.803229] device tap185af937-e8 left promiscuous mode
Jun 26 18:01:09 gtw01 kernel: [14941.872209] device tapa280e3db-dd left promiscuous mode
Jun 26 18:01:09 gtw01 dnsmasq[18551]: read /var/lib/neutron/dhcp/9e87b071-b367-49e3-968a-3d3a7ae3a122/addn_hosts - 2 addresses
Jun 26 18:01:09 gtw01 dnsmasq-dhcp[18551]: read /var/lib/neutron/dhcp/9e87b071-b367-49e3-968a-3d3a7ae3a122/host
Jun 26 18:01:09 gtw01 dnsmasq-dhcp[18551]: read /var/lib/neutron/dhcp/9e87b071-b367-49e3-968a-3d3a7ae3a122/opts
Jun 26 18:01:09 gtw01 kernel: [14942.443513] device tapc8e76b5e-8b left promiscuous mode
Jun 26 18:01:09 gtw01 kernel: [14942.776879] device tapf3423979-db left promiscuous mode
Jun 26 18:01:10 gtw01 kernel: [14943.704039] device tap3a1211df-f6 left promiscuous mode
Jun 26 18:01:45 gtw01 kernel: [14978.053814] device tap26535ee0-53 entered promiscuous mode
Jun 26 18:01:45 gtw01 systemd-udevd[18781]: Could not generate persistent MAC address for tap26535ee0-53: No such file or directory
Jun 26 18:01:45 gtw01 systemd-udevd[18781]: Process '/sbin/ip link set tap26535ee0-53 txqueuelen 10000' failed with exit code 1.
Jun 26 18:01:45 gtw01 systemd-udevd[18855]: Process '/sbin/ip link set tap26535ee0-53 txqueuelen 10000' failed with exit code 1.
Jun 26 18:01:47 gtw01 systemd-udevd[18939]: Could not generate persistent MAC address for tap46979964-7c: No such file or directory
Jun 26 18:01:47 gtw01 kernel: [14980.298678] device tap46979964-7c entered promiscuous mode
Jun 26 18:01:47 gtw01 systemd-udevd[19015]: Process '/sbin/ip link set tap46979964-7c txqueuelen 10000' failed with exit code 1.
Jun 26 18:01:47 gtw01 kernel: [14980.664051] device tap13f6b304-3c entered promiscuous mode
Jun 26 18:01:47 gtw01 systemd-udevd[19032]: Could not generate persistent MAC address for tap13f6b304-3c: No such file or directory
Jun 26 18:01:48 gtw01 systemd-udevd[19113]: Process '/sbin/ip link set tap13f6b304-3c txqueuelen 10000' failed with exit code 1.
Jun 26 18:01:48 gtw01 kernel: [14981.284138] device tapeab7efa5-c9 entered promiscuous mode
Jun 26 18:01:48 gtw01 systemd-udevd[19141]: Could not generate persistent MAC address for tapeab7efa5-c9: No such file or directory
Jun 26 18:01:48 gtw01 systemd-udevd[19223]: Process '/sbin/ip link set tapeab7efa5-c9 txqueuelen 10000' failed with exit code 1.
Jun 26 18:01:49 gtw01 kernel: [14982.400109] device tapf552c24b-3c entered promiscuous mode
Jun 26 18:01:49 gtw01 systemd-udevd[19268]: Could not generate persistent MAC address for tapf552c24b-3c: No such file or directory
Jun 26 18:01:50 gtw01 systemd-udevd[19352]: Process '/sbin/ip link set tapf552c24b-3c txqueuelen 10000' failed with exit code 1.
Jun 26 18:01:50 gtw01 kernel: [14983.644202] device tap30eb4820-90 entered promiscuous mode
Jun 26 18:01:50 gtw01 systemd-udevd[19392]: Could not generate persistent MAC address for tap30eb4820-90: No such file or directory
Jun 26 18:01:51 gtw01 systemd-udevd[19466]: Process '/sbin/ip link set tap30eb4820-90 txqueuelen 10000' failed with exit code 1.
Jun 26 18:01:52 gtw01 kernel: [14984.888068] device tap28781b20-0f entered promiscuous mode
Jun 26 18:01:52 gtw01 systemd-udevd[19521]: Could not generate persistent MAC address for tap28781b20-0f: No such file or directory
Jun 26 18:01:52 gtw01 systemd-udevd[19604]: Process '/sbin/ip link set tap28781b20-0f txqueuelen 10000' failed with exit code 1.
Jun 26 18:01:52 gtw01 kernel: [14985.419617] device tap26ceedbd-bf entered promiscuous mode
Jun 26 18:01:52 gtw01 systemd-udevd[19617]: Could not generate persistent MAC address for tap26ceedbd-bf: No such file or directory
Jun 26 18:01:52 gtw01 dnsmasq[19696]: started, version 2.80 cachesize 150
Jun 26 18:01:52 gtw01 dnsmasq[19696]: DNS service limited to local subnets
Jun 26 18:01:52 gtw01 dnsmasq[19696]: compile time options: IPv6 GNU-getopt DBus i18n IDN DHCP DHCPv6 no-Lua TFTP conntrack ipset auth DNSSEC loop-detect inotify dumpfile
Jun 26 18:01:52 gtw01 dnsmasq[19696]: LOUD WARNING: listening on 1.1.0.254 may accept requests via interfaces other than tap26535ee0-53
Jun 26 18:01:52 gtw01 dnsmasq[19696]: LOUD WARNING: use --bind-dynamic rather than --bind-interfaces to avoid DNS amplification attacks via these interface(s)
Jun 26 18:01:52 gtw01 dnsmasq[19696]: warning: no upstream servers configured
Jun 26 18:01:52 gtw01 dnsmasq-dhcp[19696]: DHCP, static leases only on 1.1.0.252, lease time 1h
Jun 26 18:01:52 gtw01 dnsmasq[19696]: read /var/lib/neutron/dhcp/a05cb15f-ebd4-4246-8385-97b42298ecb6/addn_hosts - 1 addresses
Jun 26 18:01:52 gtw01 dnsmasq-dhcp[19696]: read /var/lib/neutron/dhcp/a05cb15f-ebd4-4246-8385-97b42298ecb6/host
Jun 26 18:01:52 gtw01 dnsmasq-dhcp[19696]: read /var/lib/neutron/dhcp/a05cb15f-ebd4-4246-8385-97b42298ecb6/opts
Jun 26 18:01:53 gtw01 systemd-udevd[19715]: Process '/sbin/ip link set tap26ceedbd-bf txqueuelen 10000' failed with exit code 1.
Jun 26 18:01:53 gtw01 haproxy-metadata-proxy-a05cb15f-ebd4-4246-8385-97b42298ecb6[19737]: Proxy listener started.
Jun 26 18:01:55 gtw01 dnsmasq[19696]: read /var/lib/neutron/dhcp/a05cb15f-ebd4-4246-8385-97b42298ecb6/addn_hosts - 1 addresses
Jun 26 18:01:55 gtw01 dnsmasq-dhcp[19696]: read /var/lib/neutron/dhcp/a05cb15f-ebd4-4246-8385-97b42298ecb6/host
Jun 26 18:01:55 gtw01 dnsmasq-dhcp[19696]: read /var/lib/neutron/dhcp/a05cb15f-ebd4-4246-8385-97b42298ecb6/opts
Jun 26 18:01:58 gtw01 dnsmasq[19926]: started, version 2.80 cachesize 150
Jun 26 18:01:58 gtw01 dnsmasq[19926]: DNS service limited to local subnets
Jun 26 18:01:58 gtw01 dnsmasq[19926]: compile time options: IPv6 GNU-getopt DBus i18n IDN DHCP DHCPv6 no-Lua TFTP conntrack ipset auth DNSSEC loop-detect inotify dumpfile
Jun 26 18:01:58 gtw01 dnsmasq[19926]: LOUD WARNING: listening on 1.1.0.250 may accept requests via interfaces other than tap46979964-7c
Jun 26 18:01:58 gtw01 dnsmasq[19926]: LOUD WARNING: use --bind-dynamic rather than --bind-interfaces to avoid DNS amplification attacks via these interface(s)
Jun 26 18:01:58 gtw01 dnsmasq[19926]: warning: no upstream servers configured
Jun 26 18:01:58 gtw01 dnsmasq-dhcp[19926]: DHCP, static leases only on 1.1.0.248, lease time 1h
Jun 26 18:01:58 gtw01 dnsmasq[19926]: read /var/lib/neutron/dhcp/bb90bede-1625-4cbf-953b-fec353030604/addn_hosts - 1 addresses
Jun 26 18:01:58 gtw01 dnsmasq-dhcp[19926]: read /var/lib/neutron/dhcp/bb90bede-1625-4cbf-953b-fec353030604/host
Jun 26 18:01:58 gtw01 dnsmasq-dhcp[19926]: read /var/lib/neutron/dhcp/bb90bede-1625-4cbf-953b-fec353030604/opts
Jun 26 18:01:59 gtw01 dnsmasq[19956]: started, version 2.80 cachesize 150
Jun 26 18:01:59 gtw01 dnsmasq[19956]: DNS service limited to local subnets
Jun 26 18:01:59 gtw01 dnsmasq[19956]: compile time options: IPv6 GNU-getopt DBus i18n IDN DHCP DHCPv6 no-Lua TFTP conntrack ipset auth DNSSEC loop-detect inotify dumpfile
Jun 26 18:01:59 gtw01 dnsmasq[19956]: LOUD WARNING: listening on 1.1.1.10 may accept requests via interfaces other than tap13f6b304-3c
Jun 26 18:01:59 gtw01 dnsmasq[19956]: LOUD WARNING: use --bind-dynamic rather than --bind-interfaces to avoid DNS amplification attacks via these interface(s)
Jun 26 18:01:59 gtw01 dnsmasq[19956]: warning: no upstream servers configured
Jun 26 18:01:59 gtw01 dnsmasq-dhcp[19956]: DHCP, static leases only on 1.1.1.8, lease time 1h
Jun 26 18:01:59 gtw01 dnsmasq[19956]: read /var/lib/neutron/dhcp/e62354f8-7c8b-4923-b06c-97dd50b6a4b8/addn_hosts - 1 addresses
Jun 26 18:01:59 gtw01 dnsmasq-dhcp[19956]: read /var/lib/neutron/dhcp/e62354f8-7c8b-4923-b06c-97dd50b6a4b8/host
Jun 26 18:01:59 gtw01 dnsmasq-dhcp[19956]: read /var/lib/neutron/dhcp/e62354f8-7c8b-4923-b06c-97dd50b6a4b8/opts
Jun 26 18:01:59 gtw01 haproxy-metadata-proxy-bb90bede-1625-4cbf-953b-fec353030604[19958]: Proxy listener started.
Jun 26 18:01:59 gtw01 dnsmasq[19961]: started, version 2.80 cachesize 150
Jun 26 18:01:59 gtw01 dnsmasq[19961]: DNS service limited to local subnets
Jun 26 18:01:59 gtw01 dnsmasq[19961]: compile time options: IPv6 GNU-getopt DBus i18n IDN DHCP DHCPv6 no-Lua TFTP conntrack ipset auth DNSSEC loop-detect inotify dumpfile
Jun 26 18:01:59 gtw01 dnsmasq[19961]: LOUD WARNING: listening on 1.1.1.2 may accept requests via interfaces other than tapeab7efa5-c9
Jun 26 18:01:59 gtw01 dnsmasq[19961]: LOUD WARNING: use --bind-dynamic rather than --bind-interfaces to avoid DNS amplification attacks via these interface(s)
Jun 26 18:01:59 gtw01 dnsmasq[19961]: warning: no upstream servers configured
Jun 26 18:01:59 gtw01 dnsmasq-dhcp[19961]: DHCP, static leases only on 1.1.1.0, lease time 1h
Jun 26 18:01:59 gtw01 dnsmasq[19961]: read /var/lib/neutron/dhcp/9cc84803-2d90-4e85-a9f5-66df5f865558/addn_hosts - 1 addresses
Jun 26 18:01:59 gtw01 dnsmasq-dhcp[19961]: read /var/lib/neutron/dhcp/9cc84803-2d90-4e85-a9f5-66df5f865558/host
Jun 26 18:01:59 gtw01 dnsmasq-dhcp[19961]: read /var/lib/neutron/dhcp/9cc84803-2d90-4e85-a9f5-66df5f865558/opts
Jun 26 18:01:59 gtw01 dnsmasq[19696]: read /var/lib/neutron/dhcp/a05cb15f-ebd4-4246-8385-97b42298ecb6/addn_hosts - 1 addresses
Jun 26 18:01:59 gtw01 dnsmasq-dhcp[19696]: read /var/lib/neutron/dhcp/a05cb15f-ebd4-4246-8385-97b42298ecb6/host
Jun 26 18:01:59 gtw01 dnsmasq-dhcp[19696]: read /var/lib/neutron/dhcp/a05cb15f-ebd4-4246-8385-97b42298ecb6/opts
Jun 26 18:01:59 gtw01 haproxy-metadata-proxy-9cc84803-2d90-4e85-a9f5-66df5f865558[19984]: Proxy listener started.
Jun 26 18:01:59 gtw01 haproxy-metadata-proxy-e62354f8-7c8b-4923-b06c-97dd50b6a4b8[19989]: Proxy listener started.
Jun 26 18:02:00 gtw01 dnsmasq[20019]: started, version 2.80 cachesize 150
Jun 26 18:02:00 gtw01 dnsmasq[20019]: DNS service limited to local subnets
Jun 26 18:02:00 gtw01 dnsmasq[20019]: compile time options: IPv6 GNU-getopt DBus i18n IDN DHCP DHCPv6 no-Lua TFTP conntrack ipset auth DNSSEC loop-detect inotify dumpfile
Jun 26 18:02:00 gtw01 dnsmasq[20019]: LOUD WARNING: listening on 1.1.1.6 may accept requests via interfaces other than tapf552c24b-3c
Jun 26 18:02:00 gtw01 dnsmasq[20019]: LOUD WARNING: use --bind-dynamic rather than --bind-interfaces to avoid DNS amplification attacks via these interface(s)
Jun 26 18:02:00 gtw01 dnsmasq[20019]: warning: no upstream servers configured
Jun 26 18:02:00 gtw01 dnsmasq-dhcp[20019]: DHCP, static leases only on 1.1.1.4, lease time 1h
Jun 26 18:02:00 gtw01 dnsmasq[20019]: read /var/lib/neutron/dhcp/fd30aa00-e70c-4497-81d4-fe3520a2e87a/addn_hosts - 1 addresses
Jun 26 18:02:00 gtw01 dnsmasq-dhcp[20019]: read /var/lib/neutron/dhcp/fd30aa00-e70c-4497-81d4-fe3520a2e87a/host
Jun 26 18:02:00 gtw01 dnsmasq-dhcp[20019]: read /var/lib/neutron/dhcp/fd30aa00-e70c-4497-81d4-fe3520a2e87a/opts
Jun 26 18:02:01 gtw01 dnsmasq[20038]: started, version 2.80 cachesize 150
Jun 26 18:02:01 gtw01 dnsmasq[20038]: DNS service limited to local subnets
Jun 26 18:02:01 gtw01 dnsmasq[20038]: compile time options: IPv6 GNU-getopt DBus i18n IDN DHCP DHCPv6 no-Lua TFTP conntrack ipset auth DNSSEC loop-detect inotify dumpfile
Jun 26 18:02:01 gtw01 dnsmasq[20038]: LOUD WARNING: listening on 1.1.1.14 may accept requests via interfaces other than tap30eb4820-90
Jun 26 18:02:01 gtw01 dnsmasq[20038]: LOUD WARNING: use --bind-dynamic rather than --bind-interfaces to avoid DNS amplification attacks via these interface(s)
Jun 26 18:02:01 gtw01 dnsmasq[20038]: warning: no upstream servers configured
Jun 26 18:02:01 gtw01 dnsmasq-dhcp[20038]: DHCP, static leases only on 1.1.1.12, lease time 1h
Jun 26 18:02:01 gtw01 dnsmasq[20038]: read /var/lib/neutron/dhcp/ed000f85-dc88-4966-af12-fe31ef6da84a/addn_hosts - 1 addresses
Jun 26 18:02:01 gtw01 dnsmasq-dhcp[20038]: read /var/lib/neutron/dhcp/ed000f85-dc88-4966-af12-fe31ef6da84a/host
Jun 26 18:02:01 gtw01 dnsmasq-dhcp[20038]: read /var/lib/neutron/dhcp/ed000f85-dc88-4966-af12-fe31ef6da84a/opts
Jun 26 18:02:01 gtw01 dnsmasq[19926]: read /var/lib/neutron/dhcp/bb90bede-1625-4cbf-953b-fec353030604/addn_hosts - 1 addresses
Jun 26 18:02:01 gtw01 dnsmasq-dhcp[19926]: read /var/lib/neutron/dhcp/bb90bede-1625-4cbf-953b-fec353030604/host
Jun 26 18:02:01 gtw01 dnsmasq-dhcp[19926]: read /var/lib/neutron/dhcp/bb90bede-1625-4cbf-953b-fec353030604/opts
Jun 26 18:02:01 gtw01 haproxy-metadata-proxy-fd30aa00-e70c-4497-81d4-fe3520a2e87a[20050]: Proxy listener started.
Jun 26 18:02:01 gtw01 dnsmasq[19961]: read /var/lib/neutron/dhcp/9cc84803-2d90-4e85-a9f5-66df5f865558/addn_hosts - 1 addresses
Jun 26 18:02:01 gtw01 dnsmasq-dhcp[19961]: read /var/lib/neutron/dhcp/9cc84803-2d90-4e85-a9f5-66df5f865558/host
Jun 26 18:02:01 gtw01 dnsmasq-dhcp[19961]: read /var/lib/neutron/dhcp/9cc84803-2d90-4e85-a9f5-66df5f865558/opts
Jun 26 18:02:01 gtw01 haproxy-metadata-proxy-ed000f85-dc88-4966-af12-fe31ef6da84a[20063]: Proxy listener started.
Jun 26 18:02:02 gtw01 dnsmasq[19956]: read /var/lib/neutron/dhcp/e62354f8-7c8b-4923-b06c-97dd50b6a4b8/addn_hosts - 1 addresses
Jun 26 18:02:02 gtw01 dnsmasq-dhcp[19956]: read /var/lib/neutron/dhcp/e62354f8-7c8b-4923-b06c-97dd50b6a4b8/host
Jun 26 18:02:02 gtw01 dnsmasq-dhcp[19956]: read /var/lib/neutron/dhcp/e62354f8-7c8b-4923-b06c-97dd50b6a4b8/opts
Jun 26 18:02:02 gtw01 dnsmasq[19696]: read /var/lib/neutron/dhcp/a05cb15f-ebd4-4246-8385-97b42298ecb6/addn_hosts - 1 addresses
Jun 26 18:02:02 gtw01 dnsmasq-dhcp[19696]: read /var/lib/neutron/dhcp/a05cb15f-ebd4-4246-8385-97b42298ecb6/host
Jun 26 18:02:02 gtw01 dnsmasq-dhcp[19696]: read /var/lib/neutron/dhcp/a05cb15f-ebd4-4246-8385-97b42298ecb6/opts
Jun 26 18:02:03 gtw01 dnsmasq[20125]: started, version 2.80 cachesize 150
Jun 26 18:02:03 gtw01 dnsmasq[20125]: DNS service limited to local subnets
Jun 26 18:02:03 gtw01 dnsmasq[20125]: compile time options: IPv6 GNU-getopt DBus i18n IDN DHCP DHCPv6 no-Lua TFTP conntrack ipset auth DNSSEC loop-detect inotify dumpfile
Jun 26 18:02:03 gtw01 dnsmasq[20125]: LOUD WARNING: listening on 1.1.1.22 may accept requests via interfaces other than tap28781b20-0f
Jun 26 18:02:03 gtw01 dnsmasq[20125]: LOUD WARNING: use --bind-dynamic rather than --bind-interfaces to avoid DNS amplification attacks via these interface(s)
Jun 26 18:02:03 gtw01 dnsmasq[20125]: warning: no upstream servers configured
Jun 26 18:02:03 gtw01 dnsmasq-dhcp[20125]: DHCP, static leases only on 1.1.1.20, lease time 1h
Jun 26 18:02:03 gtw01 dnsmasq[20125]: read /var/lib/neutron/dhcp/da0be167-98eb-4a39-992a-a6ed1752f02f/addn_hosts - 1 addresses
Jun 26 18:02:03 gtw01 dnsmasq-dhcp[20125]: read /var/lib/neutron/dhcp/da0be167-98eb-4a39-992a-a6ed1752f02f/host
Jun 26 18:02:03 gtw01 dnsmasq-dhcp[20125]: read /var/lib/neutron/dhcp/da0be167-98eb-4a39-992a-a6ed1752f02f/opts
Jun 26 18:02:03 gtw01 dnsmasq[20019]: read /var/lib/neutron/dhcp/fd30aa00-e70c-4497-81d4-fe3520a2e87a/addn_hosts - 1 addresses
Jun 26 18:02:03 gtw01 dnsmasq-dhcp[20019]: read /var/lib/neutron/dhcp/fd30aa00-e70c-4497-81d4-fe3520a2e87a/host
Jun 26 18:02:03 gtw01 dnsmasq-dhcp[20019]: read /var/lib/neutron/dhcp/fd30aa00-e70c-4497-81d4-fe3520a2e87a/opts
Jun 26 18:02:03 gtw01 dnsmasq[20038]: read /var/lib/neutron/dhcp/ed000f85-dc88-4966-af12-fe31ef6da84a/addn_hosts - 1 addresses
Jun 26 18:02:03 gtw01 dnsmasq-dhcp[20038]: read /var/lib/neutron/dhcp/ed000f85-dc88-4966-af12-fe31ef6da84a/host
Jun 26 18:02:03 gtw01 dnsmasq-dhcp[20038]: read /var/lib/neutron/dhcp/ed000f85-dc88-4966-af12-fe31ef6da84a/opts
Jun 26 18:02:04 gtw01 dnsmasq[20154]: started, version 2.80 cachesize 150
Jun 26 18:02:04 gtw01 dnsmasq[20154]: DNS service limited to local subnets
Jun 26 18:02:04 gtw01 dnsmasq[20154]: compile time options: IPv6 GNU-getopt DBus i18n IDN DHCP DHCPv6 no-Lua TFTP conntrack ipset auth DNSSEC loop-detect inotify dumpfile
Jun 26 18:02:04 gtw01 dnsmasq[20154]: LOUD WARNING: listening on 1.1.1.30 may accept requests via interfaces other than tap26ceedbd-bf
