Jun 26 15:53:19 gtw01 dnsmasq-dhcp[17953]: read /var/lib/neutron/dhcp/08aefdb8-b1ee-403c-a711-680217fa0635/host
Jun 26 15:53:19 gtw01 dnsmasq-dhcp[17953]: read /var/lib/neutron/dhcp/08aefdb8-b1ee-403c-a711-680217fa0635/opts
Jun 26 15:53:20 gtw01 dnsmasq-dhcp[17953]: DHCPRELEASE(tap4b728202-3b) 192.168.120.12 fa:16:3e:61:68:88
Jun 26 15:53:20 gtw01 dnsmasq-dhcp[17953]: DHCPRELEASE(tap4b728202-3b) 192.168.120.12 fa:16:3e:61:68:88 unknown lease
Jun 26 15:53:21 gtw01 dnsmasq[17953]: read /var/lib/neutron/dhcp/08aefdb8-b1ee-403c-a711-680217fa0635/addn_hosts - 3 addresses
Jun 26 15:53:21 gtw01 dnsmasq-dhcp[17953]: read /var/lib/neutron/dhcp/08aefdb8-b1ee-403c-a711-680217fa0635/host
Jun 26 15:53:21 gtw01 dnsmasq-dhcp[17953]: read /var/lib/neutron/dhcp/08aefdb8-b1ee-403c-a711-680217fa0635/opts
Jun 26 15:53:22 gtw01 dnsmasq-dhcp[17953]: DHCPRELEASE(tap4b728202-3b) 192.168.120.18 fa:16:3e:5e:83:a6
Jun 26 15:53:23 gtw01 dnsmasq-dhcp[17953]: DHCPRELEASE(tap4b728202-3b) 192.168.120.18 fa:16:3e:5e:83:a6 unknown lease
Jun 26 15:53:23 gtw01 dnsmasq[17953]: read /var/lib/neutron/dhcp/08aefdb8-b1ee-403c-a711-680217fa0635/addn_hosts - 2 addresses
Jun 26 15:53:23 gtw01 dnsmasq-dhcp[17953]: read /var/lib/neutron/dhcp/08aefdb8-b1ee-403c-a711-680217fa0635/host
Jun 26 15:53:23 gtw01 dnsmasq-dhcp[17953]: read /var/lib/neutron/dhcp/08aefdb8-b1ee-403c-a711-680217fa0635/opts
Jun 26 15:53:28 gtw01 dnsmasq[17953]: read /var/lib/neutron/dhcp/08aefdb8-b1ee-403c-a711-680217fa0635/addn_hosts - 3 addresses
Jun 26 15:53:28 gtw01 dnsmasq-dhcp[17953]: read /var/lib/neutron/dhcp/08aefdb8-b1ee-403c-a711-680217fa0635/host
Jun 26 15:53:28 gtw01 dnsmasq-dhcp[17953]: read /var/lib/neutron/dhcp/08aefdb8-b1ee-403c-a711-680217fa0635/opts
Jun 26 15:53:29 gtw01 dnsmasq[17953]: read /var/lib/neutron/dhcp/08aefdb8-b1ee-403c-a711-680217fa0635/addn_hosts - 4 addresses
Jun 26 15:53:29 gtw01 dnsmasq-dhcp[17953]: read /var/lib/neutron/dhcp/08aefdb8-b1ee-403c-a711-680217fa0635/host
Jun 26 15:53:29 gtw01 dnsmasq-dhcp[17953]: read /var/lib/neutron/dhcp/08aefdb8-b1ee-403c-a711-680217fa0635/opts
Jun 26 15:53:30 gtw01 dnsmasq[17953]: read /var/lib/neutron/dhcp/08aefdb8-b1ee-403c-a711-680217fa0635/addn_hosts - 5 addresses
Jun 26 15:53:30 gtw01 dnsmasq-dhcp[17953]: read /var/lib/neutron/dhcp/08aefdb8-b1ee-403c-a711-680217fa0635/host
Jun 26 15:53:30 gtw01 dnsmasq-dhcp[17953]: read /var/lib/neutron/dhcp/08aefdb8-b1ee-403c-a711-680217fa0635/opts
Jun 26 15:53:31 gtw01 dnsmasq[17953]: read /var/lib/neutron/dhcp/08aefdb8-b1ee-403c-a711-680217fa0635/addn_hosts - 5 addresses
Jun 26 15:53:31 gtw01 dnsmasq-dhcp[17953]: read /var/lib/neutron/dhcp/08aefdb8-b1ee-403c-a711-680217fa0635/host
Jun 26 15:53:31 gtw01 dnsmasq-dhcp[17953]: read /var/lib/neutron/dhcp/08aefdb8-b1ee-403c-a711-680217fa0635/opts
Jun 26 15:53:32 gtw01 dnsmasq[17953]: read /var/lib/neutron/dhcp/08aefdb8-b1ee-403c-a711-680217fa0635/addn_hosts - 5 addresses
Jun 26 15:53:32 gtw01 dnsmasq-dhcp[17953]: read /var/lib/neutron/dhcp/08aefdb8-b1ee-403c-a711-680217fa0635/host
Jun 26 15:53:32 gtw01 dnsmasq-dhcp[17953]: read /var/lib/neutron/dhcp/08aefdb8-b1ee-403c-a711-680217fa0635/opts
Jun 26 15:53:33 gtw01 dnsmasq[17953]: read /var/lib/neutron/dhcp/08aefdb8-b1ee-403c-a711-680217fa0635/addn_hosts - 5 addresses
Jun 26 15:53:33 gtw01 dnsmasq-dhcp[17953]: read /var/lib/neutron/dhcp/08aefdb8-b1ee-403c-a711-680217fa0635/host
Jun 26 15:53:33 gtw01 dnsmasq-dhcp[17953]: read /var/lib/neutron/dhcp/08aefdb8-b1ee-403c-a711-680217fa0635/opts
Jun 26 15:53:35 gtw01 dnsmasq[17953]: read /var/lib/neutron/dhcp/08aefdb8-b1ee-403c-a711-680217fa0635/addn_hosts - 5 addresses
Jun 26 15:53:35 gtw01 dnsmasq-dhcp[17953]: read /var/lib/neutron/dhcp/08aefdb8-b1ee-403c-a711-680217fa0635/host
Jun 26 15:53:35 gtw01 dnsmasq-dhcp[17953]: read /var/lib/neutron/dhcp/08aefdb8-b1ee-403c-a711-680217fa0635/opts
Jun 26 15:53:35 gtw01 kernel: [ 7288.509684] device tap617f2a50-8d entered promiscuous mode
Jun 26 15:53:36 gtw01 systemd-udevd[21874]: Process '/sbin/ip link set tap617f2a50-8d txqueuelen 10000' failed with exit code 1.
Jun 26 15:53:36 gtw01 systemd-udevd[21956]: Process '/sbin/ip link set tap617f2a50-8d txqueuelen 10000' failed with exit code 1.
Jun 26 15:53:37 gtw01 dnsmasq[17953]: read /var/lib/neutron/dhcp/08aefdb8-b1ee-403c-a711-680217fa0635/addn_hosts - 5 addresses
Jun 26 15:53:37 gtw01 dnsmasq-dhcp[17953]: read /var/lib/neutron/dhcp/08aefdb8-b1ee-403c-a711-680217fa0635/host
Jun 26 15:53:37 gtw01 dnsmasq-dhcp[17953]: read /var/lib/neutron/dhcp/08aefdb8-b1ee-403c-a711-680217fa0635/opts
Jun 26 15:53:38 gtw01 dnsmasq[17953]: read /var/lib/neutron/dhcp/08aefdb8-b1ee-403c-a711-680217fa0635/addn_hosts - 5 addresses
Jun 26 15:53:38 gtw01 dnsmasq-dhcp[17953]: read /var/lib/neutron/dhcp/08aefdb8-b1ee-403c-a711-680217fa0635/host
Jun 26 15:53:38 gtw01 dnsmasq-dhcp[17953]: read /var/lib/neutron/dhcp/08aefdb8-b1ee-403c-a711-680217fa0635/opts
Jun 26 15:53:40 gtw01 dnsmasq[17953]: read /var/lib/neutron/dhcp/08aefdb8-b1ee-403c-a711-680217fa0635/addn_hosts - 4 addresses
Jun 26 15:53:40 gtw01 dnsmasq-dhcp[17953]: read /var/lib/neutron/dhcp/08aefdb8-b1ee-403c-a711-680217fa0635/host
Jun 26 15:53:40 gtw01 dnsmasq-dhcp[17953]: read /var/lib/neutron/dhcp/08aefdb8-b1ee-403c-a711-680217fa0635/opts
Jun 26 15:53:41 gtw01 dnsmasq[22061]: started, version 2.80 cachesize 150
Jun 26 15:53:41 gtw01 dnsmasq[22061]: DNS service limited to local subnets
Jun 26 15:53:41 gtw01 dnsmasq[22061]: compile time options: IPv6 GNU-getopt DBus i18n IDN DHCP DHCPv6 no-Lua TFTP conntrack ipset auth DNSSEC loop-detect inotify dumpfile
Jun 26 15:53:41 gtw01 dnsmasq[22061]: warning: no upstream servers configured
Jun 26 15:53:41 gtw01 dnsmasq-dhcp[22061]: DHCP, static leases only on 192.168.120.0, lease time 1h
Jun 26 15:53:41 gtw01 dnsmasq[22061]: read /var/lib/neutron/dhcp/98374151-7ee7-4e6b-a7fa-8f180f98c7a9/addn_hosts - 1 addresses
Jun 26 15:53:41 gtw01 dnsmasq-dhcp[22061]: read /var/lib/neutron/dhcp/98374151-7ee7-4e6b-a7fa-8f180f98c7a9/host
Jun 26 15:53:41 gtw01 dnsmasq-dhcp[22061]: read /var/lib/neutron/dhcp/98374151-7ee7-4e6b-a7fa-8f180f98c7a9/opts
Jun 26 15:53:41 gtw01 haproxy-metadata-proxy-98374151-7ee7-4e6b-a7fa-8f180f98c7a9[22065]: Proxy listener started.
Jun 26 15:53:42 gtw01 dnsmasq[22061]: read /var/lib/neutron/dhcp/98374151-7ee7-4e6b-a7fa-8f180f98c7a9/addn_hosts - 1 addresses
Jun 26 15:53:42 gtw01 dnsmasq-dhcp[22061]: read /var/lib/neutron/dhcp/98374151-7ee7-4e6b-a7fa-8f180f98c7a9/host
Jun 26 15:53:42 gtw01 dnsmasq-dhcp[22061]: read /var/lib/neutron/dhcp/98374151-7ee7-4e6b-a7fa-8f180f98c7a9/opts
Jun 26 15:53:43 gtw01 dnsmasq[22061]: read /var/lib/neutron/dhcp/98374151-7ee7-4e6b-a7fa-8f180f98c7a9/addn_hosts - 1 addresses
Jun 26 15:53:43 gtw01 dnsmasq-dhcp[22061]: read /var/lib/neutron/dhcp/98374151-7ee7-4e6b-a7fa-8f180f98c7a9/host
Jun 26 15:53:43 gtw01 dnsmasq-dhcp[22061]: read /var/lib/neutron/dhcp/98374151-7ee7-4e6b-a7fa-8f180f98c7a9/opts
Jun 26 15:53:44 gtw01 dnsmasq[17953]: read /var/lib/neutron/dhcp/08aefdb8-b1ee-403c-a711-680217fa0635/addn_hosts - 5 addresses
Jun 26 15:53:44 gtw01 dnsmasq-dhcp[17953]: read /var/lib/neutron/dhcp/08aefdb8-b1ee-403c-a711-680217fa0635/host
Jun 26 15:53:44 gtw01 dnsmasq-dhcp[17953]: read /var/lib/neutron/dhcp/08aefdb8-b1ee-403c-a711-680217fa0635/opts
Jun 26 15:53:44 gtw01 dnsmasq[22061]: read /var/lib/neutron/dhcp/98374151-7ee7-4e6b-a7fa-8f180f98c7a9/addn_hosts - 2 addresses
Jun 26 15:53:44 gtw01 dnsmasq-dhcp[22061]: read /var/lib/neutron/dhcp/98374151-7ee7-4e6b-a7fa-8f180f98c7a9/host
Jun 26 15:53:44 gtw01 dnsmasq-dhcp[22061]: read /var/lib/neutron/dhcp/98374151-7ee7-4e6b-a7fa-8f180f98c7a9/opts
Jun 26 15:53:45 gtw01 dnsmasq[17953]: read /var/lib/neutron/dhcp/08aefdb8-b1ee-403c-a711-680217fa0635/addn_hosts - 5 addresses
Jun 26 15:53:45 gtw01 dnsmasq-dhcp[17953]: read /var/lib/neutron/dhcp/08aefdb8-b1ee-403c-a711-680217fa0635/host
Jun 26 15:53:45 gtw01 dnsmasq-dhcp[17953]: read /var/lib/neutron/dhcp/08aefdb8-b1ee-403c-a711-680217fa0635/opts
Jun 26 15:53:45 gtw01 dnsmasq[22061]: read /var/lib/neutron/dhcp/98374151-7ee7-4e6b-a7fa-8f180f98c7a9/addn_hosts - 2 addresses
Jun 26 15:53:45 gtw01 dnsmasq-dhcp[22061]: read /var/lib/neutron/dhcp/98374151-7ee7-4e6b-a7fa-8f180f98c7a9/host
Jun 26 15:53:45 gtw01 dnsmasq-dhcp[22061]: read /var/lib/neutron/dhcp/98374151-7ee7-4e6b-a7fa-8f180f98c7a9/opts
Jun 26 15:53:46 gtw01 dnsmasq[17953]: read /var/lib/neutron/dhcp/08aefdb8-b1ee-403c-a711-680217fa0635/addn_hosts - 5 addresses
Jun 26 15:53:46 gtw01 dnsmasq-dhcp[17953]: read /var/lib/neutron/dhcp/08aefdb8-b1ee-403c-a711-680217fa0635/host
Jun 26 15:53:46 gtw01 dnsmasq-dhcp[17953]: read /var/lib/neutron/dhcp/08aefdb8-b1ee-403c-a711-680217fa0635/opts
Jun 26 15:53:46 gtw01 kernel: [ 7299.455125] device tap617f2a50-8d left promiscuous mode
Jun 26 15:53:47 gtw01 dnsmasq-dhcp[17953]: DHCPDISCOVER(tap4b728202-3b) fa:16:3e:bd:f2:d5
Jun 26 15:53:47 gtw01 dnsmasq-dhcp[17953]: DHCPOFFER(tap4b728202-3b) 192.168.120.4 fa:16:3e:bd:f2:d5
Jun 26 15:53:47 gtw01 dnsmasq-dhcp[17953]: DHCPREQUEST(tap4b728202-3b) 192.168.120.4 fa:16:3e:bd:f2:d5
Jun 26 15:53:47 gtw01 dnsmasq-dhcp[17953]: DHCPACK(tap4b728202-3b) 192.168.120.4 fa:16:3e:bd:f2:d5 host-192-168-120-4
Jun 26 15:53:48 gtw01 dnsmasq[17953]: read /var/lib/neutron/dhcp/08aefdb8-b1ee-403c-a711-680217fa0635/addn_hosts - 6 addresses
Jun 26 15:53:48 gtw01 dnsmasq-dhcp[17953]: read /var/lib/neutron/dhcp/08aefdb8-b1ee-403c-a711-680217fa0635/host
Jun 26 15:53:48 gtw01 dnsmasq-dhcp[17953]: read /var/lib/neutron/dhcp/08aefdb8-b1ee-403c-a711-680217fa0635/opts
Jun 26 15:53:49 gtw01 dnsmasq-dhcp[17953]: DHCPDISCOVER(tap4b728202-3b) fa:16:3e:7d:9d:be
Jun 26 15:53:49 gtw01 dnsmasq-dhcp[17953]: DHCPOFFER(tap4b728202-3b) 192.168.120.8 fa:16:3e:7d:9d:be
Jun 26 15:53:49 gtw01 dnsmasq-dhcp[17953]: DHCPREQUEST(tap4b728202-3b) 192.168.120.8 fa:16:3e:7d:9d:be
Jun 26 15:53:49 gtw01 dnsmasq-dhcp[17953]: DHCPACK(tap4b728202-3b) 192.168.120.8 fa:16:3e:7d:9d:be host-192-168-120-8
Jun 26 15:53:49 gtw01 dnsmasq[17953]: read /var/lib/neutron/dhcp/08aefdb8-b1ee-403c-a711-680217fa0635/addn_hosts - 6 addresses
Jun 26 15:53:49 gtw01 dnsmasq-dhcp[17953]: read /var/lib/neutron/dhcp/08aefdb8-b1ee-403c-a711-680217fa0635/host
Jun 26 15:53:49 gtw01 dnsmasq-dhcp[17953]: read /var/lib/neutron/dhcp/08aefdb8-b1ee-403c-a711-680217fa0635/opts
Jun 26 15:53:50 gtw01 dnsmasq[17953]: read /var/lib/neutron/dhcp/08aefdb8-b1ee-403c-a711-680217fa0635/addn_hosts - 6 addresses
Jun 26 15:53:50 gtw01 dnsmasq-dhcp[17953]: read /var/lib/neutron/dhcp/08aefdb8-b1ee-403c-a711-680217fa0635/host
Jun 26 15:53:50 gtw01 dnsmasq-dhcp[17953]: read /var/lib/neutron/dhcp/08aefdb8-b1ee-403c-a711-680217fa0635/opts
Jun 26 15:53:59 gtw01 dnsmasq-dhcp[17953]: DHCPDISCOVER(tap4b728202-3b) fa:16:3e:a1:a5:5b
Jun 26 15:53:59 gtw01 dnsmasq-dhcp[17953]: DHCPOFFER(tap4b728202-3b) 192.168.120.19 fa:16:3e:a1:a5:5b
Jun 26 15:53:59 gtw01 dnsmasq-dhcp[17953]: DHCPREQUEST(tap4b728202-3b) 192.168.120.19 fa:16:3e:a1:a5:5b
Jun 26 15:53:59 gtw01 dnsmasq-dhcp[17953]: DHCPACK(tap4b728202-3b) 192.168.120.19 fa:16:3e:a1:a5:5b host-192-168-120-19
Jun 26 15:54:01 gtw01 dnsmasq-dhcp[17953]: DHCPRELEASE(tap4b728202-3b) 192.168.120.19 fa:16:3e:a1:a5:5b
Jun 26 15:54:01 gtw01 dnsmasq-dhcp[17953]: DHCPRELEASE(tap4b728202-3b) 192.168.120.19 fa:16:3e:a1:a5:5b unknown lease
Jun 26 15:54:02 gtw01 dnsmasq[17953]: read /var/lib/neutron/dhcp/08aefdb8-b1ee-403c-a711-680217fa0635/addn_hosts - 5 addresses
Jun 26 15:54:02 gtw01 dnsmasq-dhcp[17953]: read /var/lib/neutron/dhcp/08aefdb8-b1ee-403c-a711-680217fa0635/host
Jun 26 15:54:02 gtw01 dnsmasq-dhcp[17953]: read /var/lib/neutron/dhcp/08aefdb8-b1ee-403c-a711-680217fa0635/opts
Jun 26 15:54:03 gtw01 dnsmasq-dhcp[17953]: DHCPRELEASE(tap4b728202-3b) 192.168.120.8 fa:16:3e:7d:9d:be
Jun 26 15:54:03 gtw01 dnsmasq-dhcp[17953]: DHCPRELEASE(tap4b728202-3b) 192.168.120.8 fa:16:3e:7d:9d:be unknown lease
Jun 26 15:54:04 gtw01 dnsmasq[17953]: read /var/lib/neutron/dhcp/08aefdb8-b1ee-403c-a711-680217fa0635/addn_hosts - 4 addresses
Jun 26 15:54:04 gtw01 dnsmasq-dhcp[17953]: read /var/lib/neutron/dhcp/08aefdb8-b1ee-403c-a711-680217fa0635/host
Jun 26 15:54:04 gtw01 dnsmasq-dhcp[17953]: read /var/lib/neutron/dhcp/08aefdb8-b1ee-403c-a711-680217fa0635/opts
Jun 26 15:54:05 gtw01 dnsmasq[17953]: read /var/lib/neutron/dhcp/08aefdb8-b1ee-403c-a711-680217fa0635/addn_hosts - 3 addresses
Jun 26 15:54:05 gtw01 dnsmasq-dhcp[17953]: read /var/lib/neutron/dhcp/08aefdb8-b1ee-403c-a711-680217fa0635/host
Jun 26 15:54:05 gtw01 dnsmasq-dhcp[17953]: read /var/lib/neutron/dhcp/08aefdb8-b1ee-403c-a711-680217fa0635/opts
Jun 26 15:54:06 gtw01 dnsmasq-dhcp[17953]: DHCPRELEASE(tap4b728202-3b) 192.168.120.4 fa:16:3e:bd:f2:d5
Jun 26 15:54:06 gtw01 dnsmasq-dhcp[17953]: DHCPRELEASE(tap4b728202-3b) 192.168.120.4 fa:16:3e:bd:f2:d5 unknown lease
Jun 26 15:54:06 gtw01 dnsmasq[17953]: read /var/lib/neutron/dhcp/08aefdb8-b1ee-403c-a711-680217fa0635/addn_hosts - 2 addresses
Jun 26 15:54:06 gtw01 dnsmasq-dhcp[17953]: read /var/lib/neutron/dhcp/08aefdb8-b1ee-403c-a711-680217fa0635/host
Jun 26 15:54:06 gtw01 dnsmasq-dhcp[17953]: read /var/lib/neutron/dhcp/08aefdb8-b1ee-403c-a711-680217fa0635/opts
Jun 26 15:54:08 gtw01 salt-minion[6412]: [INFO    ] Running scheduled job: __mine_interval
Jun 26 15:54:11 gtw01 dnsmasq[17953]: read /var/lib/neutron/dhcp/08aefdb8-b1ee-403c-a711-680217fa0635/addn_hosts - 3 addresses
Jun 26 15:54:11 gtw01 dnsmasq-dhcp[17953]: read /var/lib/neutron/dhcp/08aefdb8-b1ee-403c-a711-680217fa0635/host
Jun 26 15:54:11 gtw01 dnsmasq-dhcp[17953]: read /var/lib/neutron/dhcp/08aefdb8-b1ee-403c-a711-680217fa0635/opts
Jun 26 15:54:12 gtw01 dnsmasq[17953]: read /var/lib/neutron/dhcp/08aefdb8-b1ee-403c-a711-680217fa0635/addn_hosts - 3 addresses
Jun 26 15:54:12 gtw01 dnsmasq-dhcp[17953]: read /var/lib/neutron/dhcp/08aefdb8-b1ee-403c-a711-680217fa0635/host
Jun 26 15:54:12 gtw01 dnsmasq-dhcp[17953]: read /var/lib/neutron/dhcp/08aefdb8-b1ee-403c-a711-680217fa0635/opts
Jun 26 15:54:12 gtw01 dnsmasq[17953]: read /var/lib/neutron/dhcp/08aefdb8-b1ee-403c-a711-680217fa0635/addn_hosts - 3 addresses
Jun 26 15:54:12 gtw01 dnsmasq-dhcp[17953]: read /var/lib/neutron/dhcp/08aefdb8-b1ee-403c-a711-680217fa0635/host
Jun 26 15:54:12 gtw01 dnsmasq-dhcp[17953]: read /var/lib/neutron/dhcp/08aefdb8-b1ee-403c-a711-680217fa0635/opts
Jun 26 15:54:22 gtw01 dnsmasq[17953]: read /var/lib/neutron/dhcp/08aefdb8-b1ee-403c-a711-680217fa0635/addn_hosts - 2 addresses
Jun 26 15:54:22 gtw01 dnsmasq-dhcp[17953]: read /var/lib/neutron/dhcp/08aefdb8-b1ee-403c-a711-680217fa0635/host
Jun 26 15:54:22 gtw01 dnsmasq-dhcp[17953]: read /var/lib/neutron/dhcp/08aefdb8-b1ee-403c-a711-680217fa0635/opts
Jun 26 15:54:24 gtw01 kernel: [ 7336.801316] device tap2e6cb054-11 entered promiscuous mode
Jun 26 15:54:24 gtw01 systemd-udevd[22419]: Could not generate persistent MAC address for tap2e6cb054-11: No such file or directory
Jun 26 15:54:24 gtw01 systemd-udevd[22419]: Process '/sbin/ip link set tap2e6cb054-11 txqueuelen 10000' failed with exit code 1.
Jun 26 15:54:24 gtw01 systemd-udevd[22419]: Process '/sbin/ip link set tap2e6cb054-11 txqueuelen 10000' failed with exit code 1.
Jun 26 15:54:27 gtw01 dnsmasq[22555]: started, version 2.80 cachesize 150
Jun 26 15:54:27 gtw01 dnsmasq[22555]: DNS service limited to local subnets
Jun 26 15:54:27 gtw01 dnsmasq[22555]: compile time options: IPv6 GNU-getopt DBus i18n IDN DHCP DHCPv6 no-Lua TFTP conntrack ipset auth DNSSEC loop-detect inotify dumpfile
Jun 26 15:54:27 gtw01 dnsmasq[22555]: warning: no upstream servers configured
Jun 26 15:54:27 gtw01 dnsmasq-dhcp[22555]: DHCP, static leases only on 192.168.120.0, lease time 1h
Jun 26 15:54:27 gtw01 dnsmasq[22555]: read /var/lib/neutron/dhcp/4445a759-ce1c-4866-823a-cbc1934f869e/addn_hosts - 1 addresses
Jun 26 15:54:27 gtw01 dnsmasq-dhcp[22555]: read /var/lib/neutron/dhcp/4445a759-ce1c-4866-823a-cbc1934f869e/host
Jun 26 15:54:27 gtw01 dnsmasq-dhcp[22555]: read /var/lib/neutron/dhcp/4445a759-ce1c-4866-823a-cbc1934f869e/opts
Jun 26 15:54:27 gtw01 haproxy-metadata-proxy-4445a759-ce1c-4866-823a-cbc1934f869e[22559]: Proxy listener started.
Jun 26 15:54:28 gtw01 dnsmasq[22555]: read /var/lib/neutron/dhcp/4445a759-ce1c-4866-823a-cbc1934f869e/addn_hosts - 2 addresses
Jun 26 15:54:28 gtw01 dnsmasq-dhcp[22555]: read /var/lib/neutron/dhcp/4445a759-ce1c-4866-823a-cbc1934f869e/host
Jun 26 15:54:28 gtw01 dnsmasq-dhcp[22555]: read /var/lib/neutron/dhcp/4445a759-ce1c-4866-823a-cbc1934f869e/opts
Jun 26 15:54:28 gtw01 dnsmasq[17953]: read /var/lib/neutron/dhcp/08aefdb8-b1ee-403c-a711-680217fa0635/addn_hosts - 3 addresses
Jun 26 15:54:28 gtw01 dnsmasq-dhcp[17953]: read /var/lib/neutron/dhcp/08aefdb8-b1ee-403c-a711-680217fa0635/host
Jun 26 15:54:28 gtw01 dnsmasq-dhcp[17953]: read /var/lib/neutron/dhcp/08aefdb8-b1ee-403c-a711-680217fa0635/opts
Jun 26 15:54:29 gtw01 dnsmasq[22555]: read /var/lib/neutron/dhcp/4445a759-ce1c-4866-823a-cbc1934f869e/addn_hosts - 2 addresses
Jun 26 15:54:29 gtw01 dnsmasq-dhcp[22555]: read /var/lib/neutron/dhcp/4445a759-ce1c-4866-823a-cbc1934f869e/host
Jun 26 15:54:29 gtw01 dnsmasq-dhcp[22555]: read /var/lib/neutron/dhcp/4445a759-ce1c-4866-823a-cbc1934f869e/opts
Jun 26 15:54:29 gtw01 dnsmasq[17953]: read /var/lib/neutron/dhcp/08aefdb8-b1ee-403c-a711-680217fa0635/addn_hosts - 4 addresses
Jun 26 15:54:29 gtw01 dnsmasq-dhcp[17953]: read /var/lib/neutron/dhcp/08aefdb8-b1ee-403c-a711-680217fa0635/host
Jun 26 15:54:29 gtw01 dnsmasq-dhcp[17953]: read /var/lib/neutron/dhcp/08aefdb8-b1ee-403c-a711-680217fa0635/opts
Jun 26 15:54:30 gtw01 dnsmasq[22555]: read /var/lib/neutron/dhcp/4445a759-ce1c-4866-823a-cbc1934f869e/addn_hosts - 2 addresses
Jun 26 15:54:30 gtw01 dnsmasq-dhcp[22555]: read /var/lib/neutron/dhcp/4445a759-ce1c-4866-823a-cbc1934f869e/host
Jun 26 15:54:30 gtw01 dnsmasq-dhcp[22555]: read /var/lib/neutron/dhcp/4445a759-ce1c-4866-823a-cbc1934f869e/opts
Jun 26 15:54:30 gtw01 dnsmasq[17953]: read /var/lib/neutron/dhcp/08aefdb8-b1ee-403c-a711-680217fa0635/addn_hosts - 4 addresses
Jun 26 15:54:30 gtw01 dnsmasq-dhcp[17953]: read /var/lib/neutron/dhcp/08aefdb8-b1ee-403c-a711-680217fa0635/host
Jun 26 15:54:30 gtw01 dnsmasq-dhcp[17953]: read /var/lib/neutron/dhcp/08aefdb8-b1ee-403c-a711-680217fa0635/opts
Jun 26 15:54:31 gtw01 dnsmasq[22555]: read /var/lib/neutron/dhcp/4445a759-ce1c-4866-823a-cbc1934f869e/addn_hosts - 2 addresses
Jun 26 15:54:31 gtw01 dnsmasq-dhcp[22555]: read /var/lib/neutron/dhcp/4445a759-ce1c-4866-823a-cbc1934f869e/host
Jun 26 15:54:31 gtw01 dnsmasq-dhcp[22555]: read /var/lib/neutron/dhcp/4445a759-ce1c-4866-823a-cbc1934f869e/opts
Jun 26 15:54:31 gtw01 dnsmasq[17953]: read /var/lib/neutron/dhcp/08aefdb8-b1ee-403c-a711-680217fa0635/addn_hosts - 4 addresses
Jun 26 15:54:31 gtw01 dnsmasq-dhcp[17953]: read /var/lib/neutron/dhcp/08aefdb8-b1ee-403c-a711-680217fa0635/host
Jun 26 15:54:31 gtw01 dnsmasq-dhcp[17953]: read /var/lib/neutron/dhcp/08aefdb8-b1ee-403c-a711-680217fa0635/opts
Jun 26 15:54:32 gtw01 dnsmasq[22555]: read /var/lib/neutron/dhcp/4445a759-ce1c-4866-823a-cbc1934f869e/addn_hosts - 2 addresses
Jun 26 15:54:32 gtw01 dnsmasq-dhcp[22555]: read /var/lib/neutron/dhcp/4445a759-ce1c-4866-823a-cbc1934f869e/host
Jun 26 15:54:32 gtw01 dnsmasq-dhcp[22555]: read /var/lib/neutron/dhcp/4445a759-ce1c-4866-823a-cbc1934f869e/opts
Jun 26 15:54:33 gtw01 dnsmasq[17953]: read /var/lib/neutron/dhcp/08aefdb8-b1ee-403c-a711-680217fa0635/addn_hosts - 4 addresses
Jun 26 15:54:33 gtw01 dnsmasq-dhcp[17953]: read /var/lib/neutron/dhcp/08aefdb8-b1ee-403c-a711-680217fa0635/host
Jun 26 15:54:33 gtw01 dnsmasq-dhcp[17953]: read /var/lib/neutron/dhcp/08aefdb8-b1ee-403c-a711-680217fa0635/opts
Jun 26 15:54:34 gtw01 dnsmasq[17953]: read /var/lib/neutron/dhcp/08aefdb8-b1ee-403c-a711-680217fa0635/addn_hosts - 4 addresses
Jun 26 15:54:34 gtw01 dnsmasq-dhcp[17953]: read /var/lib/neutron/dhcp/08aefdb8-b1ee-403c-a711-680217fa0635/host
Jun 26 15:54:34 gtw01 dnsmasq-dhcp[17953]: read /var/lib/neutron/dhcp/08aefdb8-b1ee-403c-a711-680217fa0635/opts
Jun 26 15:54:37 gtw01 dnsmasq[17953]: read /var/lib/neutron/dhcp/08aefdb8-b1ee-403c-a711-680217fa0635/addn_hosts - 3 addresses
Jun 26 15:54:37 gtw01 dnsmasq-dhcp[17953]: read /var/lib/neutron/dhcp/08aefdb8-b1ee-403c-a711-680217fa0635/host
Jun 26 15:54:37 gtw01 dnsmasq-dhcp[17953]: read /var/lib/neutron/dhcp/08aefdb8-b1ee-403c-a711-680217fa0635/opts
Jun 26 15:54:39 gtw01 dnsmasq[17953]: read /var/lib/neutron/dhcp/08aefdb8-b1ee-403c-a711-680217fa0635/addn_hosts - 2 addresses
Jun 26 15:54:39 gtw01 dnsmasq-dhcp[17953]: read /var/lib/neutron/dhcp/08aefdb8-b1ee-403c-a711-680217fa0635/host
Jun 26 15:54:39 gtw01 dnsmasq-dhcp[17953]: read /var/lib/neutron/dhcp/08aefdb8-b1ee-403c-a711-680217fa0635/opts
Jun 26 15:54:43 gtw01 dnsmasq[22555]: read /var/lib/neutron/dhcp/4445a759-ce1c-4866-823a-cbc1934f869e/addn_hosts - 3 addresses
Jun 26 15:54:43 gtw01 dnsmasq-dhcp[22555]: read /var/lib/neutron/dhcp/4445a759-ce1c-4866-823a-cbc1934f869e/host
Jun 26 15:54:43 gtw01 dnsmasq-dhcp[22555]: read /var/lib/neutron/dhcp/4445a759-ce1c-4866-823a-cbc1934f869e/opts
Jun 26 15:54:44 gtw01 dnsmasq[22555]: read /var/lib/neutron/dhcp/4445a759-ce1c-4866-823a-cbc1934f869e/addn_hosts - 3 addresses
Jun 26 15:54:44 gtw01 dnsmasq-dhcp[22555]: read /var/lib/neutron/dhcp/4445a759-ce1c-4866-823a-cbc1934f869e/host
Jun 26 15:54:44 gtw01 dnsmasq-dhcp[22555]: read /var/lib/neutron/dhcp/4445a759-ce1c-4866-823a-cbc1934f869e/opts
Jun 26 15:54:45 gtw01 dnsmasq[22555]: read /var/lib/neutron/dhcp/4445a759-ce1c-4866-823a-cbc1934f869e/addn_hosts - 3 addresses
Jun 26 15:54:45 gtw01 dnsmasq-dhcp[22555]: read /var/lib/neutron/dhcp/4445a759-ce1c-4866-823a-cbc1934f869e/host
Jun 26 15:54:45 gtw01 dnsmasq-dhcp[22555]: read /var/lib/neutron/dhcp/4445a759-ce1c-4866-823a-cbc1934f869e/opts
Jun 26 15:54:53 gtw01 kernel: [ 7366.118238] device tapf828473c-c7 entered promiscuous mode
Jun 26 15:54:53 gtw01 systemd-udevd[22837]: Could not generate persistent MAC address for tapf828473c-c7: No such file or directory
Jun 26 15:54:53 gtw01 systemd-udevd[22837]: Process '/sbin/ip link set tapf828473c-c7 txqueuelen 10000' failed with exit code 1.
Jun 26 15:54:53 gtw01 systemd-udevd[22913]: Process '/sbin/ip link set tapf828473c-c7 txqueuelen 10000' failed with exit code 1.
Jun 26 15:54:56 gtw01 kernel: [ 7369.228103] device tap41ac841b-82 entered promiscuous mode
Jun 26 15:54:56 gtw01 systemd-udevd[22985]: Could not generate persistent MAC address for tap41ac841b-82: No such file or directory
Jun 26 15:54:56 gtw01 systemd-udevd[22985]: Process '/sbin/ip link set tap41ac841b-82 txqueuelen 10000' failed with exit code 1.
Jun 26 15:54:56 gtw01 systemd-udevd[23060]: Process '/sbin/ip link set tap41ac841b-82 txqueuelen 10000' failed with exit code 1.
Jun 26 15:54:57 gtw01 dnsmasq[23086]: started, version 2.80 cachesize 150
Jun 26 15:54:57 gtw01 dnsmasq[23086]: DNS service limited to local subnets
Jun 26 15:54:57 gtw01 dnsmasq[23086]: compile time options: IPv6 GNU-getopt DBus i18n IDN DHCP DHCPv6 no-Lua TFTP conntrack ipset auth DNSSEC loop-detect inotify dumpfile
Jun 26 15:54:57 gtw01 dnsmasq[23086]: warning: no upstream servers configured
Jun 26 15:54:57 gtw01 dnsmasq-dhcp[23086]: DHCP, static leases only on 192.168.120.0, lease time 1h
Jun 26 15:54:57 gtw01 dnsmasq[23086]: read /var/lib/neutron/dhcp/c7ccaa80-08b6-4ec7-8b6f-c576a7734878/addn_hosts - 1 addresses
Jun 26 15:54:57 gtw01 dnsmasq-dhcp[23086]: read /var/lib/neutron/dhcp/c7ccaa80-08b6-4ec7-8b6f-c576a7734878/host
Jun 26 15:54:57 gtw01 dnsmasq-dhcp[23086]: read /var/lib/neutron/dhcp/c7ccaa80-08b6-4ec7-8b6f-c576a7734878/opts
Jun 26 15:54:57 gtw01 haproxy-metadata-proxy-c7ccaa80-08b6-4ec7-8b6f-c576a7734878[23091]: Proxy listener started.
Jun 26 15:54:58 gtw01 dnsmasq[23086]: read /var/lib/neutron/dhcp/c7ccaa80-08b6-4ec7-8b6f-c576a7734878/addn_hosts - 2 addresses
Jun 26 15:54:58 gtw01 dnsmasq-dhcp[23086]: read /var/lib/neutron/dhcp/c7ccaa80-08b6-4ec7-8b6f-c576a7734878/host
Jun 26 15:54:58 gtw01 dnsmasq-dhcp[23086]: read /var/lib/neutron/dhcp/c7ccaa80-08b6-4ec7-8b6f-c576a7734878/opts
Jun 26 15:54:59 gtw01 dnsmasq[23086]: read /var/lib/neutron/dhcp/c7ccaa80-08b6-4ec7-8b6f-c576a7734878/addn_hosts - 2 addresses
Jun 26 15:54:59 gtw01 dnsmasq-dhcp[23086]: read /var/lib/neutron/dhcp/c7ccaa80-08b6-4ec7-8b6f-c576a7734878/host
Jun 26 15:54:59 gtw01 dnsmasq-dhcp[23086]: read /var/lib/neutron/dhcp/c7ccaa80-08b6-4ec7-8b6f-c576a7734878/opts
Jun 26 15:55:00 gtw01 dnsmasq[23171]: started, version 2.80 cachesize 150
Jun 26 15:55:00 gtw01 dnsmasq[23171]: DNS service limited to local subnets
Jun 26 15:55:00 gtw01 dnsmasq[23171]: compile time options: IPv6 GNU-getopt DBus i18n IDN DHCP DHCPv6 no-Lua TFTP conntrack ipset auth DNSSEC loop-detect inotify dumpfile
Jun 26 15:55:00 gtw01 dnsmasq[23171]: warning: no upstream servers configured
Jun 26 15:55:00 gtw01 dnsmasq-dhcp[23171]: DHCP, static leases only on 192.168.120.0, lease time 1h
Jun 26 15:55:00 gtw01 dnsmasq[23171]: read /var/lib/neutron/dhcp/bd139dd6-c6fd-4476-ab95-6ed28eaa42fc/addn_hosts - 1 addresses
Jun 26 15:55:00 gtw01 dnsmasq-dhcp[23171]: read /var/lib/neutron/dhcp/bd139dd6-c6fd-4476-ab95-6ed28eaa42fc/host
Jun 26 15:55:00 gtw01 dnsmasq-dhcp[23171]: read /var/lib/neutron/dhcp/bd139dd6-c6fd-4476-ab95-6ed28eaa42fc/opts
Jun 26 15:55:00 gtw01 haproxy-metadata-proxy-bd139dd6-c6fd-4476-ab95-6ed28eaa42fc[23178]: Proxy listener started.
Jun 26 15:55:00 gtw01 dnsmasq[23086]: read /var/lib/neutron/dhcp/c7ccaa80-08b6-4ec7-8b6f-c576a7734878/addn_hosts - 2 addresses
Jun 26 15:55:00 gtw01 dnsmasq-dhcp[23086]: read /var/lib/neutron/dhcp/c7ccaa80-08b6-4ec7-8b6f-c576a7734878/host
Jun 26 15:55:00 gtw01 dnsmasq-dhcp[23086]: read /var/lib/neutron/dhcp/c7ccaa80-08b6-4ec7-8b6f-c576a7734878/opts
Jun 26 15:55:01 gtw01 dnsmasq-dhcp[22555]: DHCPDISCOVER(tap2e6cb054-11) fa:16:3e:60:dd:8b
Jun 26 15:55:01 gtw01 dnsmasq-dhcp[22555]: DHCPOFFER(tap2e6cb054-11) 192.168.120.9 fa:16:3e:60:dd:8b
Jun 26 15:55:01 gtw01 dnsmasq-dhcp[22555]: DHCPREQUEST(tap2e6cb054-11) 192.168.120.9 fa:16:3e:60:dd:8b
Jun 26 15:55:01 gtw01 dnsmasq-dhcp[22555]: DHCPACK(tap2e6cb054-11) 192.168.120.9 fa:16:3e:60:dd:8b host-192-168-120-9
Jun 26 15:55:01 gtw01 dnsmasq[23171]: read /var/lib/neutron/dhcp/bd139dd6-c6fd-4476-ab95-6ed28eaa42fc/addn_hosts - 2 addresses
Jun 26 15:55:01 gtw01 dnsmasq-dhcp[23171]: read /var/lib/neutron/dhcp/bd139dd6-c6fd-4476-ab95-6ed28eaa42fc/host
Jun 26 15:55:01 gtw01 dnsmasq-dhcp[23171]: read /var/lib/neutron/dhcp/bd139dd6-c6fd-4476-ab95-6ed28eaa42fc/opts
Jun 26 15:55:01 gtw01 dnsmasq[23086]: read /var/lib/neutron/dhcp/c7ccaa80-08b6-4ec7-8b6f-c576a7734878/addn_hosts - 2 addresses
Jun 26 15:55:01 gtw01 dnsmasq-dhcp[23086]: read /var/lib/neutron/dhcp/c7ccaa80-08b6-4ec7-8b6f-c576a7734878/host
Jun 26 15:55:01 gtw01 dnsmasq-dhcp[23086]: read /var/lib/neutron/dhcp/c7ccaa80-08b6-4ec7-8b6f-c576a7734878/opts
Jun 26 15:55:02 gtw01 dnsmasq[23171]: read /var/lib/neutron/dhcp/bd139dd6-c6fd-4476-ab95-6ed28eaa42fc/addn_hosts - 2 addresses
Jun 26 15:55:02 gtw01 dnsmasq-dhcp[23171]: read /var/lib/neutron/dhcp/bd139dd6-c6fd-4476-ab95-6ed28eaa42fc/host
Jun 26 15:55:02 gtw01 dnsmasq-dhcp[23171]: read /var/lib/neutron/dhcp/bd139dd6-c6fd-4476-ab95-6ed28eaa42fc/opts
Jun 26 15:55:02 gtw01 dnsmasq[23086]: read /var/lib/neutron/dhcp/c7ccaa80-08b6-4ec7-8b6f-c576a7734878/addn_hosts - 2 addresses
Jun 26 15:55:02 gtw01 dnsmasq-dhcp[23086]: read /var/lib/neutron/dhcp/c7ccaa80-08b6-4ec7-8b6f-c576a7734878/host
Jun 26 15:55:02 gtw01 dnsmasq-dhcp[23086]: read /var/lib/neutron/dhcp/c7ccaa80-08b6-4ec7-8b6f-c576a7734878/opts
Jun 26 15:55:03 gtw01 dnsmasq[23171]: read /var/lib/neutron/dhcp/bd139dd6-c6fd-4476-ab95-6ed28eaa42fc/addn_hosts - 2 addresses
Jun 26 15:55:03 gtw01 dnsmasq-dhcp[23171]: read /var/lib/neutron/dhcp/bd139dd6-c6fd-4476-ab95-6ed28eaa42fc/host
Jun 26 15:55:03 gtw01 dnsmasq-dhcp[23171]: read /var/lib/neutron/dhcp/bd139dd6-c6fd-4476-ab95-6ed28eaa42fc/opts
Jun 26 15:55:04 gtw01 dnsmasq[23171]: read /var/lib/neutron/dhcp/bd139dd6-c6fd-4476-ab95-6ed28eaa42fc/addn_hosts - 2 addresses
Jun 26 15:55:04 gtw01 dnsmasq-dhcp[23171]: read /var/lib/neutron/dhcp/bd139dd6-c6fd-4476-ab95-6ed28eaa42fc/host
Jun 26 15:55:04 gtw01 dnsmasq-dhcp[23171]: read /var/lib/neutron/dhcp/bd139dd6-c6fd-4476-ab95-6ed28eaa42fc/opts
Jun 26 15:55:05 gtw01 dnsmasq[23171]: read /var/lib/neutron/dhcp/bd139dd6-c6fd-4476-ab95-6ed28eaa42fc/addn_hosts - 2 addresses
Jun 26 15:55:05 gtw01 dnsmasq-dhcp[23171]: read /var/lib/neutron/dhcp/bd139dd6-c6fd-4476-ab95-6ed28eaa42fc/host
Jun 26 15:55:05 gtw01 dnsmasq-dhcp[23171]: read /var/lib/neutron/dhcp/bd139dd6-c6fd-4476-ab95-6ed28eaa42fc/opts
Jun 26 15:55:07 gtw01 dnsmasq[23086]: read /var/lib/neutron/dhcp/c7ccaa80-08b6-4ec7-8b6f-c576a7734878/addn_hosts - 3 addresses
Jun 26 15:55:07 gtw01 dnsmasq-dhcp[23086]: read /var/lib/neutron/dhcp/c7ccaa80-08b6-4ec7-8b6f-c576a7734878/host
Jun 26 15:55:07 gtw01 dnsmasq-dhcp[23086]: read /var/lib/neutron/dhcp/c7ccaa80-08b6-4ec7-8b6f-c576a7734878/opts
Jun 26 15:55:08 gtw01 dnsmasq-dhcp[22555]: DHCPRELEASE(tap2e6cb054-11) 192.168.120.9 fa:16:3e:60:dd:8b
Jun 26 15:55:08 gtw01 dnsmasq-dhcp[22555]: DHCPRELEASE(tap2e6cb054-11) 192.168.120.9 fa:16:3e:60:dd:8b unknown lease
Jun 26 15:55:09 gtw01 dnsmasq[22555]: read /var/lib/neutron/dhcp/4445a759-ce1c-4866-823a-cbc1934f869e/addn_hosts - 2 addresses
Jun 26 15:55:09 gtw01 dnsmasq-dhcp[22555]: read /var/lib/neutron/dhcp/4445a759-ce1c-4866-823a-cbc1934f869e/host
Jun 26 15:55:09 gtw01 dnsmasq-dhcp[22555]: read /var/lib/neutron/dhcp/4445a759-ce1c-4866-823a-cbc1934f869e/opts
Jun 26 15:55:09 gtw01 dnsmasq[23086]: read /var/lib/neutron/dhcp/c7ccaa80-08b6-4ec7-8b6f-c576a7734878/addn_hosts - 3 addresses
Jun 26 15:55:09 gtw01 dnsmasq-dhcp[23086]: read /var/lib/neutron/dhcp/c7ccaa80-08b6-4ec7-8b6f-c576a7734878/host
Jun 26 15:55:09 gtw01 dnsmasq-dhcp[23086]: read /var/lib/neutron/dhcp/c7ccaa80-08b6-4ec7-8b6f-c576a7734878/opts
Jun 26 15:55:11 gtw01 dnsmasq[23086]: read /var/lib/neutron/dhcp/c7ccaa80-08b6-4ec7-8b6f-c576a7734878/addn_hosts - 3 addresses
Jun 26 15:55:11 gtw01 dnsmasq-dhcp[23086]: read /var/lib/neutron/dhcp/c7ccaa80-08b6-4ec7-8b6f-c576a7734878/host
Jun 26 15:55:11 gtw01 dnsmasq-dhcp[23086]: read /var/lib/neutron/dhcp/c7ccaa80-08b6-4ec7-8b6f-c576a7734878/opts
Jun 26 15:55:14 gtw01 dnsmasq[22555]: read /var/lib/neutron/dhcp/4445a759-ce1c-4866-823a-cbc1934f869e/addn_hosts - 1 addresses
Jun 26 15:55:14 gtw01 dnsmasq-dhcp[22555]: read /var/lib/neutron/dhcp/4445a759-ce1c-4866-823a-cbc1934f869e/host
Jun 26 15:55:14 gtw01 dnsmasq-dhcp[22555]: read /var/lib/neutron/dhcp/4445a759-ce1c-4866-823a-cbc1934f869e/opts
Jun 26 15:55:20 gtw01 dnsmasq[23171]: read /var/lib/neutron/dhcp/bd139dd6-c6fd-4476-ab95-6ed28eaa42fc/addn_hosts - 1 addresses
Jun 26 15:55:20 gtw01 dnsmasq-dhcp[23171]: read /var/lib/neutron/dhcp/bd139dd6-c6fd-4476-ab95-6ed28eaa42fc/host
Jun 26 15:55:20 gtw01 dnsmasq-dhcp[23171]: read /var/lib/neutron/dhcp/bd139dd6-c6fd-4476-ab95-6ed28eaa42fc/opts
Jun 26 15:55:20 gtw01 kernel: [ 7392.870577] device tap2e6cb054-11 left promiscuous mode
Jun 26 15:55:24 gtw01 kernel: [ 7397.044596] device tap41ac841b-82 left promiscuous mode
Jun 26 15:55:27 gtw01 dnsmasq-dhcp[23086]: DHCPDISCOVER(tapf828473c-c7) fa:16:3e:f8:a6:ec
Jun 26 15:55:27 gtw01 dnsmasq-dhcp[23086]: DHCPOFFER(tapf828473c-c7) 192.168.120.6 fa:16:3e:f8:a6:ec
Jun 26 15:55:27 gtw01 dnsmasq-dhcp[23086]: DHCPREQUEST(tapf828473c-c7) 192.168.120.6 fa:16:3e:f8:a6:ec
Jun 26 15:55:27 gtw01 dnsmasq-dhcp[23086]: DHCPACK(tapf828473c-c7) 192.168.120.6 fa:16:3e:f8:a6:ec host-192-168-120-6
Jun 26 15:55:29 gtw01 kernel: [ 7402.235325] device tape0cca85b-73 entered promiscuous mode
Jun 26 15:55:29 gtw01 systemd-udevd[23446]: Could not generate persistent MAC address for tape0cca85b-73: No such file or directory
Jun 26 15:55:29 gtw01 systemd-udevd[23446]: Process '/sbin/ip link set tape0cca85b-73 txqueuelen 10000' failed with exit code 1.
Jun 26 15:55:29 gtw01 systemd-udevd[23521]: Process '/sbin/ip link set tape0cca85b-73 txqueuelen 10000' failed with exit code 1.
Jun 26 15:55:33 gtw01 dnsmasq[23585]: started, version 2.80 cachesize 150
Jun 26 15:55:33 gtw01 dnsmasq[23585]: DNS service limited to local subnets
Jun 26 15:55:33 gtw01 dnsmasq[23585]: compile time options: IPv6 GNU-getopt DBus i18n IDN DHCP DHCPv6 no-Lua TFTP conntrack ipset auth DNSSEC loop-detect inotify dumpfile
Jun 26 15:55:33 gtw01 dnsmasq[23585]: warning: no upstream servers configured
Jun 26 15:55:33 gtw01 dnsmasq-dhcp[23585]: DHCP, static leases only on 192.168.120.0, lease time 1h
Jun 26 15:55:33 gtw01 dnsmasq[23585]: read /var/lib/neutron/dhcp/166892cd-20e6-414b-b979-591e66d34f9b/addn_hosts - 1 addresses
Jun 26 15:55:33 gtw01 dnsmasq-dhcp[23585]: read /var/lib/neutron/dhcp/166892cd-20e6-414b-b979-591e66d34f9b/host
Jun 26 15:55:33 gtw01 dnsmasq-dhcp[23585]: read /var/lib/neutron/dhcp/166892cd-20e6-414b-b979-591e66d34f9b/opts
Jun 26 15:55:33 gtw01 haproxy-metadata-proxy-166892cd-20e6-414b-b979-591e66d34f9b[23594]: Proxy listener started.
Jun 26 15:55:33 gtw01 kernel: [ 7406.542669] device tap22de59f3-b1 entered promiscuous mode
Jun 26 15:55:33 gtw01 systemd-udevd[23608]: Could not generate persistent MAC address for tap22de59f3-b1: No such file or directory
Jun 26 15:55:34 gtw01 systemd-udevd[23608]: Process '/sbin/ip link set tap22de59f3-b1 txqueuelen 10000' failed with exit code 1.
Jun 26 15:55:34 gtw01 systemd-udevd[23687]: Process '/sbin/ip link set tap22de59f3-b1 txqueuelen 10000' failed with exit code 1.
Jun 26 15:55:34 gtw01 dnsmasq[23585]: read /var/lib/neutron/dhcp/166892cd-20e6-414b-b979-591e66d34f9b/addn_hosts - 2 addresses
Jun 26 15:55:34 gtw01 dnsmasq-dhcp[23585]: read /var/lib/neutron/dhcp/166892cd-20e6-414b-b979-591e66d34f9b/host
Jun 26 15:55:34 gtw01 dnsmasq-dhcp[23585]: read /var/lib/neutron/dhcp/166892cd-20e6-414b-b979-591e66d34f9b/opts
Jun 26 15:55:35 gtw01 dnsmasq[23585]: read /var/lib/neutron/dhcp/166892cd-20e6-414b-b979-591e66d34f9b/addn_hosts - 2 addresses
Jun 26 15:55:35 gtw01 dnsmasq-dhcp[23585]: read /var/lib/neutron/dhcp/166892cd-20e6-414b-b979-591e66d34f9b/host
Jun 26 15:55:35 gtw01 dnsmasq-dhcp[23585]: read /var/lib/neutron/dhcp/166892cd-20e6-414b-b979-591e66d34f9b/opts
Jun 26 15:55:36 gtw01 dnsmasq[23585]: read /var/lib/neutron/dhcp/166892cd-20e6-414b-b979-591e66d34f9b/addn_hosts - 2 addresses
Jun 26 15:55:36 gtw01 dnsmasq-dhcp[23585]: read /var/lib/neutron/dhcp/166892cd-20e6-414b-b979-591e66d34f9b/host
Jun 26 15:55:36 gtw01 dnsmasq-dhcp[23585]: read /var/lib/neutron/dhcp/166892cd-20e6-414b-b979-591e66d34f9b/opts
Jun 26 15:55:37 gtw01 dnsmasq[23585]: read /var/lib/neutron/dhcp/166892cd-20e6-414b-b979-591e66d34f9b/addn_hosts - 2 addresses
Jun 26 15:55:37 gtw01 dnsmasq-dhcp[23585]: read /var/lib/neutron/dhcp/166892cd-20e6-414b-b979-591e66d34f9b/host
Jun 26 15:55:37 gtw01 dnsmasq-dhcp[23585]: read /var/lib/neutron/dhcp/166892cd-20e6-414b-b979-591e66d34f9b/opts
Jun 26 15:55:37 gtw01 dnsmasq[23802]: started, version 2.80 cachesize 150
Jun 26 15:55:37 gtw01 dnsmasq[23802]: DNS service limited to local subnets
Jun 26 15:55:37 gtw01 dnsmasq[23802]: compile time options: IPv6 GNU-getopt DBus i18n IDN DHCP DHCPv6 no-Lua TFTP conntrack ipset auth DNSSEC loop-detect inotify dumpfile
Jun 26 15:55:37 gtw01 dnsmasq[23802]: warning: no upstream servers configured
Jun 26 15:55:37 gtw01 dnsmasq-dhcp[23802]: DHCP, static leases only on 192.168.120.0, lease time 1h
Jun 26 15:55:37 gtw01 dnsmasq[23802]: read /var/lib/neutron/dhcp/76943225-9566-4d0f-afc3-9de56808bc9c/addn_hosts - 1 addresses
Jun 26 15:55:37 gtw01 dnsmasq-dhcp[23802]: read /var/lib/neutron/dhcp/76943225-9566-4d0f-afc3-9de56808bc9c/host
Jun 26 15:55:37 gtw01 dnsmasq-dhcp[23802]: read /var/lib/neutron/dhcp/76943225-9566-4d0f-afc3-9de56808bc9c/opts
Jun 26 15:55:37 gtw01 haproxy-metadata-proxy-76943225-9566-4d0f-afc3-9de56808bc9c[23810]: Proxy listener started.
Jun 26 15:55:38 gtw01 dnsmasq[23585]: read /var/lib/neutron/dhcp/166892cd-20e6-414b-b979-591e66d34f9b/addn_hosts - 2 addresses
Jun 26 15:55:38 gtw01 dnsmasq-dhcp[23585]: read /var/lib/neutron/dhcp/166892cd-20e6-414b-b979-591e66d34f9b/host
Jun 26 15:55:38 gtw01 dnsmasq-dhcp[23585]: read /var/lib/neutron/dhcp/166892cd-20e6-414b-b979-591e66d34f9b/opts
Jun 26 15:55:38 gtw01 dnsmasq[23802]: read /var/lib/neutron/dhcp/76943225-9566-4d0f-afc3-9de56808bc9c/addn_hosts - 2 addresses
Jun 26 15:55:38 gtw01 dnsmasq-dhcp[23802]: read /var/lib/neutron/dhcp/76943225-9566-4d0f-afc3-9de56808bc9c/host
Jun 26 15:55:38 gtw01 dnsmasq-dhcp[23802]: read /var/lib/neutron/dhcp/76943225-9566-4d0f-afc3-9de56808bc9c/opts
Jun 26 15:55:39 gtw01 dnsmasq[23086]: read /var/lib/neutron/dhcp/c7ccaa80-08b6-4ec7-8b6f-c576a7734878/addn_hosts - 4 addresses
Jun 26 15:55:39 gtw01 dnsmasq-dhcp[23086]: read /var/lib/neutron/dhcp/c7ccaa80-08b6-4ec7-8b6f-c576a7734878/host
Jun 26 15:55:39 gtw01 dnsmasq-dhcp[23086]: read /var/lib/neutron/dhcp/c7ccaa80-08b6-4ec7-8b6f-c576a7734878/opts
Jun 26 15:55:39 gtw01 dnsmasq[23802]: read /var/lib/neutron/dhcp/76943225-9566-4d0f-afc3-9de56808bc9c/addn_hosts - 2 addresses
Jun 26 15:55:39 gtw01 dnsmasq-dhcp[23802]: read /var/lib/neutron/dhcp/76943225-9566-4d0f-afc3-9de56808bc9c/host
Jun 26 15:55:39 gtw01 dnsmasq-dhcp[23802]: read /var/lib/neutron/dhcp/76943225-9566-4d0f-afc3-9de56808bc9c/opts
Jun 26 15:55:40 gtw01 dnsmasq[23086]: read /var/lib/neutron/dhcp/c7ccaa80-08b6-4ec7-8b6f-c576a7734878/addn_hosts - 4 addresses
Jun 26 15:55:40 gtw01 dnsmasq-dhcp[23086]: read /var/lib/neutron/dhcp/c7ccaa80-08b6-4ec7-8b6f-c576a7734878/host
Jun 26 15:55:40 gtw01 dnsmasq-dhcp[23086]: read /var/lib/neutron/dhcp/c7ccaa80-08b6-4ec7-8b6f-c576a7734878/opts
Jun 26 15:55:40 gtw01 dnsmasq[23802]: read /var/lib/neutron/dhcp/76943225-9566-4d0f-afc3-9de56808bc9c/addn_hosts - 2 addresses
Jun 26 15:55:40 gtw01 dnsmasq-dhcp[23802]: read /var/lib/neutron/dhcp/76943225-9566-4d0f-afc3-9de56808bc9c/host
Jun 26 15:55:40 gtw01 dnsmasq-dhcp[23802]: read /var/lib/neutron/dhcp/76943225-9566-4d0f-afc3-9de56808bc9c/opts
Jun 26 15:55:41 gtw01 dnsmasq[23802]: read /var/lib/neutron/dhcp/76943225-9566-4d0f-afc3-9de56808bc9c/addn_hosts - 2 addresses
Jun 26 15:55:41 gtw01 dnsmasq-dhcp[23802]: read /var/lib/neutron/dhcp/76943225-9566-4d0f-afc3-9de56808bc9c/host
Jun 26 15:55:41 gtw01 dnsmasq-dhcp[23802]: read /var/lib/neutron/dhcp/76943225-9566-4d0f-afc3-9de56808bc9c/opts
Jun 26 15:55:41 gtw01 dnsmasq[23585]: read /var/lib/neutron/dhcp/166892cd-20e6-414b-b979-591e66d34f9b/addn_hosts - 3 addresses
Jun 26 15:55:41 gtw01 dnsmasq-dhcp[23585]: read /var/lib/neutron/dhcp/166892cd-20e6-414b-b979-591e66d34f9b/host
Jun 26 15:55:41 gtw01 dnsmasq-dhcp[23585]: read /var/lib/neutron/dhcp/166892cd-20e6-414b-b979-591e66d34f9b/opts
Jun 26 15:55:41 gtw01 dnsmasq[23086]: read /var/lib/neutron/dhcp/c7ccaa80-08b6-4ec7-8b6f-c576a7734878/addn_hosts - 4 addresses
Jun 26 15:55:41 gtw01 dnsmasq-dhcp[23086]: read /var/lib/neutron/dhcp/c7ccaa80-08b6-4ec7-8b6f-c576a7734878/host
Jun 26 15:55:41 gtw01 dnsmasq-dhcp[23086]: read /var/lib/neutron/dhcp/c7ccaa80-08b6-4ec7-8b6f-c576a7734878/opts
Jun 26 15:55:43 gtw01 dnsmasq[23802]: read /var/lib/neutron/dhcp/76943225-9566-4d0f-afc3-9de56808bc9c/addn_hosts - 3 addresses
Jun 26 15:55:43 gtw01 dnsmasq-dhcp[23802]: read /var/lib/neutron/dhcp/76943225-9566-4d0f-afc3-9de56808bc9c/host
Jun 26 15:55:43 gtw01 dnsmasq-dhcp[23802]: read /var/lib/neutron/dhcp/76943225-9566-4d0f-afc3-9de56808bc9c/opts
Jun 26 15:55:43 gtw01 dnsmasq[23585]: read /var/lib/neutron/dhcp/166892cd-20e6-414b-b979-591e66d34f9b/addn_hosts - 3 addresses
Jun 26 15:55:43 gtw01 dnsmasq-dhcp[23585]: read /var/lib/neutron/dhcp/166892cd-20e6-414b-b979-591e66d34f9b/host
Jun 26 15:55:43 gtw01 dnsmasq-dhcp[23585]: read /var/lib/neutron/dhcp/166892cd-20e6-414b-b979-591e66d34f9b/opts
Jun 26 15:55:43 gtw01 dnsmasq[23802]: read /var/lib/neutron/dhcp/76943225-9566-4d0f-afc3-9de56808bc9c/addn_hosts - 3 addresses
Jun 26 15:55:43 gtw01 dnsmasq-dhcp[23802]: read /var/lib/neutron/dhcp/76943225-9566-4d0f-afc3-9de56808bc9c/host
Jun 26 15:55:43 gtw01 dnsmasq-dhcp[23802]: read /var/lib/neutron/dhcp/76943225-9566-4d0f-afc3-9de56808bc9c/opts
Jun 26 15:55:44 gtw01 dnsmasq[23585]: read /var/lib/neutron/dhcp/166892cd-20e6-414b-b979-591e66d34f9b/addn_hosts - 3 addresses
Jun 26 15:55:44 gtw01 dnsmasq-dhcp[23585]: read /var/lib/neutron/dhcp/166892cd-20e6-414b-b979-591e66d34f9b/host
Jun 26 15:55:44 gtw01 dnsmasq-dhcp[23585]: read /var/lib/neutron/dhcp/166892cd-20e6-414b-b979-591e66d34f9b/opts
Jun 26 15:55:45 gtw01 dnsmasq[23802]: read /var/lib/neutron/dhcp/76943225-9566-4d0f-afc3-9de56808bc9c/addn_hosts - 3 addresses
Jun 26 15:55:45 gtw01 dnsmasq-dhcp[23802]: read /var/lib/neutron/dhcp/76943225-9566-4d0f-afc3-9de56808bc9c/host
Jun 26 15:55:45 gtw01 dnsmasq-dhcp[23802]: read /var/lib/neutron/dhcp/76943225-9566-4d0f-afc3-9de56808bc9c/opts
Jun 26 15:55:45 gtw01 dnsmasq[23802]: read /var/lib/neutron/dhcp/76943225-9566-4d0f-afc3-9de56808bc9c/addn_hosts - 3 addresses
Jun 26 15:55:45 gtw01 dnsmasq-dhcp[23802]: read /var/lib/neutron/dhcp/76943225-9566-4d0f-afc3-9de56808bc9c/host
Jun 26 15:55:45 gtw01 dnsmasq-dhcp[23802]: read /var/lib/neutron/dhcp/76943225-9566-4d0f-afc3-9de56808bc9c/opts
Jun 26 15:55:47 gtw01 dnsmasq[23086]: read /var/lib/neutron/dhcp/c7ccaa80-08b6-4ec7-8b6f-c576a7734878/addn_hosts - 3 addresses
Jun 26 15:55:47 gtw01 dnsmasq-dhcp[23086]: read /var/lib/neutron/dhcp/c7ccaa80-08b6-4ec7-8b6f-c576a7734878/host
Jun 26 15:55:47 gtw01 dnsmasq-dhcp[23086]: read /var/lib/neutron/dhcp/c7ccaa80-08b6-4ec7-8b6f-c576a7734878/opts
Jun 26 15:55:50 gtw01 dnsmasq-dhcp[23086]: DHCPRELEASE(tapf828473c-c7) 192.168.120.6 fa:16:3e:f8:a6:ec
Jun 26 15:55:50 gtw01 dnsmasq-dhcp[23086]: DHCPRELEASE(tapf828473c-c7) 192.168.120.6 fa:16:3e:f8:a6:ec unknown lease
Jun 26 15:55:50 gtw01 kernel: [ 7423.657903] device tap71413419-da entered promiscuous mode
Jun 26 15:55:50 gtw01 systemd-udevd[24098]: Could not generate persistent MAC address for tap71413419-da: No such file or directory
Jun 26 15:55:51 gtw01 systemd-udevd[24098]: Process '/sbin/ip link set tap71413419-da txqueuelen 10000' failed with exit code 1.
Jun 26 15:55:51 gtw01 systemd-udevd[24174]: Process '/sbin/ip link set tap71413419-da txqueuelen 10000' failed with exit code 1.
Jun 26 15:55:51 gtw01 dnsmasq[23086]: read /var/lib/neutron/dhcp/c7ccaa80-08b6-4ec7-8b6f-c576a7734878/addn_hosts - 2 addresses
Jun 26 15:55:51 gtw01 dnsmasq-dhcp[23086]: read /var/lib/neutron/dhcp/c7ccaa80-08b6-4ec7-8b6f-c576a7734878/host
Jun 26 15:55:51 gtw01 dnsmasq-dhcp[23086]: read /var/lib/neutron/dhcp/c7ccaa80-08b6-4ec7-8b6f-c576a7734878/opts
Jun 26 15:55:54 gtw01 dnsmasq[24248]: started, version 2.80 cachesize 150
Jun 26 15:55:54 gtw01 dnsmasq[24248]: DNS service limited to local subnets
Jun 26 15:55:54 gtw01 dnsmasq[24248]: compile time options: IPv6 GNU-getopt DBus i18n IDN DHCP DHCPv6 no-Lua TFTP conntrack ipset auth DNSSEC loop-detect inotify dumpfile
Jun 26 15:55:54 gtw01 dnsmasq[24248]: warning: no upstream servers configured
Jun 26 15:55:54 gtw01 dnsmasq-dhcp[24248]: DHCP, static leases only on 192.168.120.0, lease time 1h
Jun 26 15:55:54 gtw01 dnsmasq[24248]: read /var/lib/neutron/dhcp/3ffbfae1-79c1-4e6c-82cd-d0f919e46b17/addn_hosts - 1 addresses
Jun 26 15:55:54 gtw01 dnsmasq-dhcp[24248]: read /var/lib/neutron/dhcp/3ffbfae1-79c1-4e6c-82cd-d0f919e46b17/host
Jun 26 15:55:54 gtw01 dnsmasq-dhcp[24248]: read /var/lib/neutron/dhcp/3ffbfae1-79c1-4e6c-82cd-d0f919e46b17/opts
Jun 26 15:55:54 gtw01 haproxy-metadata-proxy-3ffbfae1-79c1-4e6c-82cd-d0f919e46b17[24252]: Proxy listener started.
Jun 26 15:55:55 gtw01 dnsmasq[24248]: read /var/lib/neutron/dhcp/3ffbfae1-79c1-4e6c-82cd-d0f919e46b17/addn_hosts - 2 addresses
Jun 26 15:55:55 gtw01 dnsmasq-dhcp[24248]: read /var/lib/neutron/dhcp/3ffbfae1-79c1-4e6c-82cd-d0f919e46b17/host
Jun 26 15:55:55 gtw01 dnsmasq-dhcp[24248]: read /var/lib/neutron/dhcp/3ffbfae1-79c1-4e6c-82cd-d0f919e46b17/opts
Jun 26 15:55:56 gtw01 dnsmasq-dhcp[23802]: DHCPDISCOVER(tap22de59f3-b1) fa:16:3e:56:04:43
Jun 26 15:55:56 gtw01 dnsmasq-dhcp[23802]: DHCPOFFER(tap22de59f3-b1) 192.168.120.6 fa:16:3e:56:04:43
Jun 26 15:55:56 gtw01 dnsmasq-dhcp[23802]: DHCPREQUEST(tap22de59f3-b1) 192.168.120.6 fa:16:3e:56:04:43
Jun 26 15:55:56 gtw01 dnsmasq-dhcp[23802]: DHCPACK(tap22de59f3-b1) 192.168.120.6 fa:16:3e:56:04:43 host-192-168-120-6
Jun 26 15:55:56 gtw01 dnsmasq[24248]: read /var/lib/neutron/dhcp/3ffbfae1-79c1-4e6c-82cd-d0f919e46b17/addn_hosts - 2 addresses
Jun 26 15:55:56 gtw01 dnsmasq-dhcp[24248]: read /var/lib/neutron/dhcp/3ffbfae1-79c1-4e6c-82cd-d0f919e46b17/host
Jun 26 15:55:56 gtw01 dnsmasq-dhcp[24248]: read /var/lib/neutron/dhcp/3ffbfae1-79c1-4e6c-82cd-d0f919e46b17/opts
Jun 26 15:55:57 gtw01 dnsmasq[24248]: read /var/lib/neutron/dhcp/3ffbfae1-79c1-4e6c-82cd-d0f919e46b17/addn_hosts - 2 addresses
Jun 26 15:55:57 gtw01 dnsmasq-dhcp[24248]: read /var/lib/neutron/dhcp/3ffbfae1-79c1-4e6c-82cd-d0f919e46b17/host
Jun 26 15:55:57 gtw01 dnsmasq-dhcp[24248]: read /var/lib/neutron/dhcp/3ffbfae1-79c1-4e6c-82cd-d0f919e46b17/opts
Jun 26 15:55:58 gtw01 dnsmasq[24248]: read /var/lib/neutron/dhcp/3ffbfae1-79c1-4e6c-82cd-d0f919e46b17/addn_hosts - 2 addresses
Jun 26 15:55:58 gtw01 dnsmasq-dhcp[24248]: read /var/lib/neutron/dhcp/3ffbfae1-79c1-4e6c-82cd-d0f919e46b17/host
Jun 26 15:55:58 gtw01 dnsmasq-dhcp[24248]: read /var/lib/neutron/dhcp/3ffbfae1-79c1-4e6c-82cd-d0f919e46b17/opts
Jun 26 15:55:59 gtw01 dnsmasq-dhcp[23585]: DHCPDISCOVER(tape0cca85b-73) fa:16:3e:54:3a:9c
Jun 26 15:55:59 gtw01 dnsmasq-dhcp[23585]: DHCPOFFER(tape0cca85b-73) 192.168.120.3 fa:16:3e:54:3a:9c
Jun 26 15:55:59 gtw01 dnsmasq-dhcp[23585]: DHCPREQUEST(tape0cca85b-73) 192.168.120.3 fa:16:3e:54:3a:9c
Jun 26 15:55:59 gtw01 dnsmasq-dhcp[23585]: DHCPACK(tape0cca85b-73) 192.168.120.3 fa:16:3e:54:3a:9c host-192-168-120-3
Jun 26 15:55:59 gtw01 dnsmasq[24248]: read /var/lib/neutron/dhcp/3ffbfae1-79c1-4e6c-82cd-d0f919e46b17/addn_hosts - 2 addresses
Jun 26 15:55:59 gtw01 dnsmasq-dhcp[24248]: read /var/lib/neutron/dhcp/3ffbfae1-79c1-4e6c-82cd-d0f919e46b17/host
Jun 26 15:55:59 gtw01 dnsmasq-dhcp[24248]: read /var/lib/neutron/dhcp/3ffbfae1-79c1-4e6c-82cd-d0f919e46b17/opts
Jun 26 15:56:00 gtw01 dnsmasq[23086]: read /var/lib/neutron/dhcp/c7ccaa80-08b6-4ec7-8b6f-c576a7734878/addn_hosts - 3 addresses
Jun 26 15:56:00 gtw01 dnsmasq-dhcp[23086]: read /var/lib/neutron/dhcp/c7ccaa80-08b6-4ec7-8b6f-c576a7734878/host
Jun 26 15:56:00 gtw01 dnsmasq-dhcp[23086]: read /var/lib/neutron/dhcp/c7ccaa80-08b6-4ec7-8b6f-c576a7734878/opts
Jun 26 15:56:01 gtw01 dnsmasq[23086]: read /var/lib/neutron/dhcp/c7ccaa80-08b6-4ec7-8b6f-c576a7734878/addn_hosts - 3 addresses
Jun 26 15:56:01 gtw01 dnsmasq-dhcp[23086]: read /var/lib/neutron/dhcp/c7ccaa80-08b6-4ec7-8b6f-c576a7734878/host
Jun 26 15:56:01 gtw01 dnsmasq-dhcp[23086]: read /var/lib/neutron/dhcp/c7ccaa80-08b6-4ec7-8b6f-c576a7734878/opts
Jun 26 15:56:02 gtw01 dnsmasq[24248]: read /var/lib/neutron/dhcp/3ffbfae1-79c1-4e6c-82cd-d0f919e46b17/addn_hosts - 3 addresses
Jun 26 15:56:02 gtw01 dnsmasq-dhcp[24248]: read /var/lib/neutron/dhcp/3ffbfae1-79c1-4e6c-82cd-d0f919e46b17/host
Jun 26 15:56:02 gtw01 dnsmasq-dhcp[24248]: read /var/lib/neutron/dhcp/3ffbfae1-79c1-4e6c-82cd-d0f919e46b17/opts
Jun 26 15:56:02 gtw01 dnsmasq[23086]: read /var/lib/neutron/dhcp/c7ccaa80-08b6-4ec7-8b6f-c576a7734878/addn_hosts - 3 addresses
Jun 26 15:56:02 gtw01 dnsmasq-dhcp[23086]: read /var/lib/neutron/dhcp/c7ccaa80-08b6-4ec7-8b6f-c576a7734878/host
Jun 26 15:56:02 gtw01 dnsmasq-dhcp[23086]: read /var/lib/neutron/dhcp/c7ccaa80-08b6-4ec7-8b6f-c576a7734878/opts
Jun 26 15:56:04 gtw01 dnsmasq-dhcp[23585]: DHCPRELEASE(tape0cca85b-73) 192.168.120.3 fa:16:3e:54:3a:9c
Jun 26 15:56:04 gtw01 dnsmasq-dhcp[23585]: DHCPRELEASE(tape0cca85b-73) 192.168.120.3 fa:16:3e:54:3a:9c unknown lease
Jun 26 15:56:04 gtw01 dnsmasq[24248]: read /var/lib/neutron/dhcp/3ffbfae1-79c1-4e6c-82cd-d0f919e46b17/addn_hosts - 3 addresses
Jun 26 15:56:04 gtw01 dnsmasq-dhcp[24248]: read /var/lib/neutron/dhcp/3ffbfae1-79c1-4e6c-82cd-d0f919e46b17/host
Jun 26 15:56:04 gtw01 dnsmasq-dhcp[24248]: read /var/lib/neutron/dhcp/3ffbfae1-79c1-4e6c-82cd-d0f919e46b17/opts
Jun 26 15:56:05 gtw01 dnsmasq[23585]: read /var/lib/neutron/dhcp/166892cd-20e6-414b-b979-591e66d34f9b/addn_hosts - 2 addresses
Jun 26 15:56:05 gtw01 dnsmasq-dhcp[23585]: read /var/lib/neutron/dhcp/166892cd-20e6-414b-b979-591e66d34f9b/host
Jun 26 15:56:05 gtw01 dnsmasq-dhcp[23585]: read /var/lib/neutron/dhcp/166892cd-20e6-414b-b979-591e66d34f9b/opts
Jun 26 15:56:05 gtw01 dnsmasq[24248]: read /var/lib/neutron/dhcp/3ffbfae1-79c1-4e6c-82cd-d0f919e46b17/addn_hosts - 3 addresses
Jun 26 15:56:05 gtw01 dnsmasq-dhcp[24248]: read /var/lib/neutron/dhcp/3ffbfae1-79c1-4e6c-82cd-d0f919e46b17/host
Jun 26 15:56:05 gtw01 dnsmasq-dhcp[24248]: read /var/lib/neutron/dhcp/3ffbfae1-79c1-4e6c-82cd-d0f919e46b17/opts
Jun 26 15:56:07 gtw01 dnsmasq-dhcp[23802]: DHCPRELEASE(tap22de59f3-b1) 192.168.120.6 fa:16:3e:56:04:43
Jun 26 15:56:08 gtw01 dnsmasq[23585]: read /var/lib/neutron/dhcp/166892cd-20e6-414b-b979-591e66d34f9b/addn_hosts - 1 addresses
Jun 26 15:56:08 gtw01 dnsmasq-dhcp[23585]: read /var/lib/neutron/dhcp/166892cd-20e6-414b-b979-591e66d34f9b/host
Jun 26 15:56:08 gtw01 dnsmasq-dhcp[23585]: read /var/lib/neutron/dhcp/166892cd-20e6-414b-b979-591e66d34f9b/opts
Jun 26 15:56:08 gtw01 dnsmasq-dhcp[23802]: DHCPRELEASE(tap22de59f3-b1) 192.168.120.6 fa:16:3e:56:04:43 unknown lease
Jun 26 15:56:08 gtw01 dnsmasq[23802]: read /var/lib/neutron/dhcp/76943225-9566-4d0f-afc3-9de56808bc9c/addn_hosts - 2 addresses
Jun 26 15:56:08 gtw01 dnsmasq-dhcp[23802]: read /var/lib/neutron/dhcp/76943225-9566-4d0f-afc3-9de56808bc9c/host
Jun 26 15:56:08 gtw01 dnsmasq-dhcp[23802]: read /var/lib/neutron/dhcp/76943225-9566-4d0f-afc3-9de56808bc9c/opts
Jun 26 15:56:11 gtw01 dnsmasq[23802]: read /var/lib/neutron/dhcp/76943225-9566-4d0f-afc3-9de56808bc9c/addn_hosts - 1 addresses
Jun 26 15:56:11 gtw01 dnsmasq-dhcp[23802]: read /var/lib/neutron/dhcp/76943225-9566-4d0f-afc3-9de56808bc9c/host
Jun 26 15:56:11 gtw01 dnsmasq-dhcp[23802]: read /var/lib/neutron/dhcp/76943225-9566-4d0f-afc3-9de56808bc9c/opts
Jun 26 15:56:12 gtw01 kernel: [ 7445.370872] device tape0cca85b-73 left promiscuous mode
