Jun 26 16:48:27 gtw01 dnsmasq[22432]: read /var/lib/neutron/dhcp/bc59398c-ddf2-4173-9f65-b9c20e034cae/addn_hosts - 13 addresses
Jun 26 16:48:27 gtw01 dnsmasq-dhcp[22432]: read /var/lib/neutron/dhcp/bc59398c-ddf2-4173-9f65-b9c20e034cae/host
Jun 26 16:48:27 gtw01 dnsmasq-dhcp[22432]: read /var/lib/neutron/dhcp/bc59398c-ddf2-4173-9f65-b9c20e034cae/opts
Jun 26 16:48:28 gtw01 dnsmasq[22432]: read /var/lib/neutron/dhcp/bc59398c-ddf2-4173-9f65-b9c20e034cae/addn_hosts - 12 addresses
Jun 26 16:48:28 gtw01 dnsmasq-dhcp[22432]: read /var/lib/neutron/dhcp/bc59398c-ddf2-4173-9f65-b9c20e034cae/host
Jun 26 16:48:28 gtw01 dnsmasq-dhcp[22432]: read /var/lib/neutron/dhcp/bc59398c-ddf2-4173-9f65-b9c20e034cae/opts
Jun 26 16:48:30 gtw01 dnsmasq[22432]: read /var/lib/neutron/dhcp/bc59398c-ddf2-4173-9f65-b9c20e034cae/addn_hosts - 11 addresses
Jun 26 16:48:30 gtw01 dnsmasq-dhcp[22432]: read /var/lib/neutron/dhcp/bc59398c-ddf2-4173-9f65-b9c20e034cae/host
Jun 26 16:48:30 gtw01 dnsmasq-dhcp[22432]: read /var/lib/neutron/dhcp/bc59398c-ddf2-4173-9f65-b9c20e034cae/opts
Jun 26 16:48:31 gtw01 dnsmasq[22432]: read /var/lib/neutron/dhcp/bc59398c-ddf2-4173-9f65-b9c20e034cae/addn_hosts - 10 addresses
Jun 26 16:48:31 gtw01 dnsmasq-dhcp[22432]: read /var/lib/neutron/dhcp/bc59398c-ddf2-4173-9f65-b9c20e034cae/host
Jun 26 16:48:31 gtw01 dnsmasq-dhcp[22432]: read /var/lib/neutron/dhcp/bc59398c-ddf2-4173-9f65-b9c20e034cae/opts
Jun 26 16:48:32 gtw01 dnsmasq[22432]: read /var/lib/neutron/dhcp/bc59398c-ddf2-4173-9f65-b9c20e034cae/addn_hosts - 9 addresses
Jun 26 16:48:32 gtw01 dnsmasq-dhcp[22432]: read /var/lib/neutron/dhcp/bc59398c-ddf2-4173-9f65-b9c20e034cae/host
Jun 26 16:48:32 gtw01 dnsmasq-dhcp[22432]: read /var/lib/neutron/dhcp/bc59398c-ddf2-4173-9f65-b9c20e034cae/opts
Jun 26 16:48:32 gtw01 kernel: [10585.248682] device tap6ac6d69f-3b left promiscuous mode
Jun 26 16:48:33 gtw01 dnsmasq[22432]: read /var/lib/neutron/dhcp/bc59398c-ddf2-4173-9f65-b9c20e034cae/addn_hosts - 7 addresses
Jun 26 16:48:33 gtw01 dnsmasq-dhcp[22432]: read /var/lib/neutron/dhcp/bc59398c-ddf2-4173-9f65-b9c20e034cae/host
Jun 26 16:48:33 gtw01 dnsmasq-dhcp[22432]: read /var/lib/neutron/dhcp/bc59398c-ddf2-4173-9f65-b9c20e034cae/opts
Jun 26 16:48:34 gtw01 dnsmasq[22432]: read /var/lib/neutron/dhcp/bc59398c-ddf2-4173-9f65-b9c20e034cae/addn_hosts - 6 addresses
Jun 26 16:48:34 gtw01 dnsmasq-dhcp[22432]: read /var/lib/neutron/dhcp/bc59398c-ddf2-4173-9f65-b9c20e034cae/host
Jun 26 16:48:34 gtw01 dnsmasq-dhcp[22432]: read /var/lib/neutron/dhcp/bc59398c-ddf2-4173-9f65-b9c20e034cae/opts
Jun 26 16:48:35 gtw01 dnsmasq[22432]: read /var/lib/neutron/dhcp/bc59398c-ddf2-4173-9f65-b9c20e034cae/addn_hosts - 5 addresses
Jun 26 16:48:35 gtw01 dnsmasq-dhcp[22432]: read /var/lib/neutron/dhcp/bc59398c-ddf2-4173-9f65-b9c20e034cae/host
Jun 26 16:48:35 gtw01 dnsmasq-dhcp[22432]: read /var/lib/neutron/dhcp/bc59398c-ddf2-4173-9f65-b9c20e034cae/opts
Jun 26 16:48:36 gtw01 dnsmasq[22432]: read /var/lib/neutron/dhcp/bc59398c-ddf2-4173-9f65-b9c20e034cae/addn_hosts - 4 addresses
Jun 26 16:48:36 gtw01 dnsmasq-dhcp[22432]: read /var/lib/neutron/dhcp/bc59398c-ddf2-4173-9f65-b9c20e034cae/host
Jun 26 16:48:36 gtw01 dnsmasq-dhcp[22432]: read /var/lib/neutron/dhcp/bc59398c-ddf2-4173-9f65-b9c20e034cae/opts
Jun 26 16:48:36 gtw01 kernel: [10589.271068] device tap66e1f725-99 left promiscuous mode
Jun 26 16:48:36 gtw01 dnsmasq[22432]: read /var/lib/neutron/dhcp/bc59398c-ddf2-4173-9f65-b9c20e034cae/addn_hosts - 3 addresses
Jun 26 16:48:36 gtw01 dnsmasq-dhcp[22432]: read /var/lib/neutron/dhcp/bc59398c-ddf2-4173-9f65-b9c20e034cae/host
Jun 26 16:48:36 gtw01 dnsmasq-dhcp[22432]: read /var/lib/neutron/dhcp/bc59398c-ddf2-4173-9f65-b9c20e034cae/opts
Jun 26 16:48:37 gtw01 dnsmasq[22432]: read /var/lib/neutron/dhcp/bc59398c-ddf2-4173-9f65-b9c20e034cae/addn_hosts - 2 addresses
Jun 26 16:48:37 gtw01 dnsmasq-dhcp[22432]: read /var/lib/neutron/dhcp/bc59398c-ddf2-4173-9f65-b9c20e034cae/host
Jun 26 16:48:37 gtw01 dnsmasq-dhcp[22432]: read /var/lib/neutron/dhcp/bc59398c-ddf2-4173-9f65-b9c20e034cae/opts
Jun 26 16:48:38 gtw01 dnsmasq[22432]: read /var/lib/neutron/dhcp/bc59398c-ddf2-4173-9f65-b9c20e034cae/addn_hosts - 1 addresses
Jun 26 16:48:38 gtw01 dnsmasq-dhcp[22432]: read /var/lib/neutron/dhcp/bc59398c-ddf2-4173-9f65-b9c20e034cae/host
Jun 26 16:48:38 gtw01 dnsmasq-dhcp[22432]: read /var/lib/neutron/dhcp/bc59398c-ddf2-4173-9f65-b9c20e034cae/opts
Jun 26 16:48:40 gtw01 kernel: [10593.008216] device tapa71263ee-de left promiscuous mode
Jun 26 16:48:55 gtw01 dnsmasq[22190]: read /var/lib/neutron/dhcp/df2094a8-cfd9-4a29-9114-a1af6c94a38f/addn_hosts - 1 addresses
Jun 26 16:48:55 gtw01 dnsmasq-dhcp[22190]: read /var/lib/neutron/dhcp/df2094a8-cfd9-4a29-9114-a1af6c94a38f/host
Jun 26 16:48:55 gtw01 dnsmasq-dhcp[22190]: read /var/lib/neutron/dhcp/df2094a8-cfd9-4a29-9114-a1af6c94a38f/opts
Jun 26 16:49:00 gtw01 kernel: [10612.897089] device tap71189ac5-06 left promiscuous mode
Jun 26 16:49:10 gtw01 kernel: [10623.442032] device tap623c18f0-d7 entered promiscuous mode
Jun 26 16:49:10 gtw01 systemd-udevd[25186]: Could not generate persistent MAC address for tap623c18f0-d7: No such file or directory
Jun 26 16:49:10 gtw01 systemd-udevd[25186]: Process '/sbin/ip link set tap623c18f0-d7 txqueuelen 10000' failed with exit code 1.
Jun 26 16:49:10 gtw01 systemd-udevd[25186]: Process '/sbin/ip link set tap623c18f0-d7 txqueuelen 10000' failed with exit code 1.
Jun 26 16:49:14 gtw01 dnsmasq[25320]: started, version 2.80 cachesize 150
Jun 26 16:49:14 gtw01 dnsmasq[25320]: DNS service limited to local subnets
Jun 26 16:49:14 gtw01 dnsmasq[25320]: compile time options: IPv6 GNU-getopt DBus i18n IDN DHCP DHCPv6 no-Lua TFTP conntrack ipset auth DNSSEC loop-detect inotify dumpfile
Jun 26 16:49:14 gtw01 dnsmasq[25320]: warning: no upstream servers configured
Jun 26 16:49:14 gtw01 dnsmasq-dhcp[25320]: DHCP, static leases only on 192.168.120.0, lease time 1h
Jun 26 16:49:14 gtw01 dnsmasq[25320]: read /var/lib/neutron/dhcp/db95ae01-781e-4d62-9d7a-71244bd2466f/addn_hosts - 1 addresses
Jun 26 16:49:14 gtw01 dnsmasq-dhcp[25320]: read /var/lib/neutron/dhcp/db95ae01-781e-4d62-9d7a-71244bd2466f/host
Jun 26 16:49:14 gtw01 dnsmasq-dhcp[25320]: read /var/lib/neutron/dhcp/db95ae01-781e-4d62-9d7a-71244bd2466f/opts
Jun 26 16:49:14 gtw01 haproxy-metadata-proxy-db95ae01-781e-4d62-9d7a-71244bd2466f[25324]: Proxy listener started.
Jun 26 16:49:15 gtw01 dnsmasq[25320]: read /var/lib/neutron/dhcp/db95ae01-781e-4d62-9d7a-71244bd2466f/addn_hosts - 2 addresses
Jun 26 16:49:15 gtw01 dnsmasq-dhcp[25320]: read /var/lib/neutron/dhcp/db95ae01-781e-4d62-9d7a-71244bd2466f/host
Jun 26 16:49:15 gtw01 dnsmasq-dhcp[25320]: read /var/lib/neutron/dhcp/db95ae01-781e-4d62-9d7a-71244bd2466f/opts
Jun 26 16:49:15 gtw01 dnsmasq[25320]: read /var/lib/neutron/dhcp/db95ae01-781e-4d62-9d7a-71244bd2466f/addn_hosts - 2 addresses
Jun 26 16:49:15 gtw01 dnsmasq-dhcp[25320]: read /var/lib/neutron/dhcp/db95ae01-781e-4d62-9d7a-71244bd2466f/host
Jun 26 16:49:15 gtw01 dnsmasq-dhcp[25320]: read /var/lib/neutron/dhcp/db95ae01-781e-4d62-9d7a-71244bd2466f/opts
Jun 26 16:49:16 gtw01 dnsmasq[25320]: read /var/lib/neutron/dhcp/db95ae01-781e-4d62-9d7a-71244bd2466f/addn_hosts - 2 addresses
Jun 26 16:49:16 gtw01 dnsmasq-dhcp[25320]: read /var/lib/neutron/dhcp/db95ae01-781e-4d62-9d7a-71244bd2466f/host
Jun 26 16:49:16 gtw01 dnsmasq-dhcp[25320]: read /var/lib/neutron/dhcp/db95ae01-781e-4d62-9d7a-71244bd2466f/opts
Jun 26 16:49:17 gtw01 dnsmasq[25320]: read /var/lib/neutron/dhcp/db95ae01-781e-4d62-9d7a-71244bd2466f/addn_hosts - 2 addresses
Jun 26 16:49:17 gtw01 dnsmasq-dhcp[25320]: read /var/lib/neutron/dhcp/db95ae01-781e-4d62-9d7a-71244bd2466f/host
Jun 26 16:49:17 gtw01 dnsmasq-dhcp[25320]: read /var/lib/neutron/dhcp/db95ae01-781e-4d62-9d7a-71244bd2466f/opts
Jun 26 16:49:18 gtw01 dnsmasq[25320]: read /var/lib/neutron/dhcp/db95ae01-781e-4d62-9d7a-71244bd2466f/addn_hosts - 2 addresses
Jun 26 16:49:18 gtw01 dnsmasq-dhcp[25320]: read /var/lib/neutron/dhcp/db95ae01-781e-4d62-9d7a-71244bd2466f/host
Jun 26 16:49:18 gtw01 dnsmasq-dhcp[25320]: read /var/lib/neutron/dhcp/db95ae01-781e-4d62-9d7a-71244bd2466f/opts
Jun 26 16:50:01 gtw01 kernel: [10674.076958] device tap405364f3-ef entered promiscuous mode
Jun 26 16:50:01 gtw01 systemd-udevd[25427]: Could not generate persistent MAC address for tap405364f3-ef: No such file or directory
Jun 26 16:50:01 gtw01 systemd-udevd[25427]: Process '/sbin/ip link set tap405364f3-ef txqueuelen 10000' failed with exit code 1.
Jun 26 16:50:01 gtw01 systemd-udevd[25501]: Process '/sbin/ip link set tap405364f3-ef txqueuelen 10000' failed with exit code 1.
Jun 26 16:50:04 gtw01 dnsmasq[25562]: started, version 2.80 cachesize 150
Jun 26 16:50:04 gtw01 dnsmasq[25562]: DNS service limited to local subnets
Jun 26 16:50:04 gtw01 dnsmasq[25562]: compile time options: IPv6 GNU-getopt DBus i18n IDN DHCP DHCPv6 no-Lua TFTP conntrack ipset auth DNSSEC loop-detect inotify dumpfile
Jun 26 16:50:04 gtw01 dnsmasq[25562]: warning: no upstream servers configured
Jun 26 16:50:04 gtw01 dnsmasq-dhcp[25562]: DHCP, static leases only on 192.168.120.0, lease time 1h
Jun 26 16:50:04 gtw01 dnsmasq[25562]: read /var/lib/neutron/dhcp/0a7c12c6-1c6d-4b0a-8bb3-8c13dc5fe174/addn_hosts - 1 addresses
Jun 26 16:50:04 gtw01 dnsmasq-dhcp[25562]: read /var/lib/neutron/dhcp/0a7c12c6-1c6d-4b0a-8bb3-8c13dc5fe174/host
Jun 26 16:50:04 gtw01 dnsmasq-dhcp[25562]: read /var/lib/neutron/dhcp/0a7c12c6-1c6d-4b0a-8bb3-8c13dc5fe174/opts
Jun 26 16:50:04 gtw01 haproxy-metadata-proxy-0a7c12c6-1c6d-4b0a-8bb3-8c13dc5fe174[25566]: Proxy listener started.
Jun 26 16:50:05 gtw01 dnsmasq[25562]: read /var/lib/neutron/dhcp/0a7c12c6-1c6d-4b0a-8bb3-8c13dc5fe174/addn_hosts - 2 addresses
Jun 26 16:50:05 gtw01 dnsmasq-dhcp[25562]: read /var/lib/neutron/dhcp/0a7c12c6-1c6d-4b0a-8bb3-8c13dc5fe174/host
Jun 26 16:50:05 gtw01 dnsmasq-dhcp[25562]: read /var/lib/neutron/dhcp/0a7c12c6-1c6d-4b0a-8bb3-8c13dc5fe174/opts
Jun 26 16:50:06 gtw01 dnsmasq[25562]: read /var/lib/neutron/dhcp/0a7c12c6-1c6d-4b0a-8bb3-8c13dc5fe174/addn_hosts - 2 addresses
Jun 26 16:50:06 gtw01 dnsmasq-dhcp[25562]: read /var/lib/neutron/dhcp/0a7c12c6-1c6d-4b0a-8bb3-8c13dc5fe174/host
Jun 26 16:50:06 gtw01 dnsmasq-dhcp[25562]: read /var/lib/neutron/dhcp/0a7c12c6-1c6d-4b0a-8bb3-8c13dc5fe174/opts
Jun 26 16:50:07 gtw01 dnsmasq[25562]: read /var/lib/neutron/dhcp/0a7c12c6-1c6d-4b0a-8bb3-8c13dc5fe174/addn_hosts - 2 addresses
Jun 26 16:50:07 gtw01 dnsmasq-dhcp[25562]: read /var/lib/neutron/dhcp/0a7c12c6-1c6d-4b0a-8bb3-8c13dc5fe174/host
Jun 26 16:50:07 gtw01 dnsmasq-dhcp[25562]: read /var/lib/neutron/dhcp/0a7c12c6-1c6d-4b0a-8bb3-8c13dc5fe174/opts
Jun 26 16:50:08 gtw01 dnsmasq[25562]: read /var/lib/neutron/dhcp/0a7c12c6-1c6d-4b0a-8bb3-8c13dc5fe174/addn_hosts - 2 addresses
Jun 26 16:50:08 gtw01 dnsmasq-dhcp[25562]: read /var/lib/neutron/dhcp/0a7c12c6-1c6d-4b0a-8bb3-8c13dc5fe174/host
Jun 26 16:50:08 gtw01 dnsmasq-dhcp[25562]: read /var/lib/neutron/dhcp/0a7c12c6-1c6d-4b0a-8bb3-8c13dc5fe174/opts
Jun 26 16:50:09 gtw01 dnsmasq[25562]: read /var/lib/neutron/dhcp/0a7c12c6-1c6d-4b0a-8bb3-8c13dc5fe174/addn_hosts - 3 addresses
Jun 26 16:50:09 gtw01 dnsmasq-dhcp[25562]: read /var/lib/neutron/dhcp/0a7c12c6-1c6d-4b0a-8bb3-8c13dc5fe174/host
Jun 26 16:50:09 gtw01 dnsmasq-dhcp[25562]: read /var/lib/neutron/dhcp/0a7c12c6-1c6d-4b0a-8bb3-8c13dc5fe174/opts
Jun 26 16:50:10 gtw01 dnsmasq[25562]: read /var/lib/neutron/dhcp/0a7c12c6-1c6d-4b0a-8bb3-8c13dc5fe174/addn_hosts - 3 addresses
Jun 26 16:50:10 gtw01 dnsmasq-dhcp[25562]: read /var/lib/neutron/dhcp/0a7c12c6-1c6d-4b0a-8bb3-8c13dc5fe174/host
Jun 26 16:50:10 gtw01 dnsmasq-dhcp[25562]: read /var/lib/neutron/dhcp/0a7c12c6-1c6d-4b0a-8bb3-8c13dc5fe174/opts
Jun 26 16:50:17 gtw01 dnsmasq[25562]: read /var/lib/neutron/dhcp/0a7c12c6-1c6d-4b0a-8bb3-8c13dc5fe174/addn_hosts - 4 addresses
Jun 26 16:50:17 gtw01 dnsmasq-dhcp[25562]: read /var/lib/neutron/dhcp/0a7c12c6-1c6d-4b0a-8bb3-8c13dc5fe174/host
Jun 26 16:50:17 gtw01 dnsmasq-dhcp[25562]: read /var/lib/neutron/dhcp/0a7c12c6-1c6d-4b0a-8bb3-8c13dc5fe174/opts
Jun 26 16:50:19 gtw01 dnsmasq[25562]: read /var/lib/neutron/dhcp/0a7c12c6-1c6d-4b0a-8bb3-8c13dc5fe174/addn_hosts - 4 addresses
Jun 26 16:50:19 gtw01 dnsmasq-dhcp[25562]: read /var/lib/neutron/dhcp/0a7c12c6-1c6d-4b0a-8bb3-8c13dc5fe174/host
Jun 26 16:50:19 gtw01 dnsmasq-dhcp[25562]: read /var/lib/neutron/dhcp/0a7c12c6-1c6d-4b0a-8bb3-8c13dc5fe174/opts
Jun 26 16:50:20 gtw01 dnsmasq[25562]: read /var/lib/neutron/dhcp/0a7c12c6-1c6d-4b0a-8bb3-8c13dc5fe174/addn_hosts - 4 addresses
Jun 26 16:50:20 gtw01 dnsmasq-dhcp[25562]: read /var/lib/neutron/dhcp/0a7c12c6-1c6d-4b0a-8bb3-8c13dc5fe174/host
Jun 26 16:50:20 gtw01 dnsmasq-dhcp[25562]: read /var/lib/neutron/dhcp/0a7c12c6-1c6d-4b0a-8bb3-8c13dc5fe174/opts
Jun 26 16:50:28 gtw01 dnsmasq[25562]: read /var/lib/neutron/dhcp/0a7c12c6-1c6d-4b0a-8bb3-8c13dc5fe174/addn_hosts - 4 addresses
Jun 26 16:50:28 gtw01 dnsmasq-dhcp[25562]: read /var/lib/neutron/dhcp/0a7c12c6-1c6d-4b0a-8bb3-8c13dc5fe174/host
Jun 26 16:50:28 gtw01 dnsmasq-dhcp[25562]: read /var/lib/neutron/dhcp/0a7c12c6-1c6d-4b0a-8bb3-8c13dc5fe174/opts
Jun 26 16:50:29 gtw01 dnsmasq[25562]: read /var/lib/neutron/dhcp/0a7c12c6-1c6d-4b0a-8bb3-8c13dc5fe174/addn_hosts - 4 addresses
Jun 26 16:50:29 gtw01 dnsmasq-dhcp[25562]: read /var/lib/neutron/dhcp/0a7c12c6-1c6d-4b0a-8bb3-8c13dc5fe174/host
Jun 26 16:50:29 gtw01 dnsmasq-dhcp[25562]: read /var/lib/neutron/dhcp/0a7c12c6-1c6d-4b0a-8bb3-8c13dc5fe174/opts
Jun 26 16:50:34 gtw01 dnsmasq-dhcp[25562]: DHCPDISCOVER(tap405364f3-ef) fa:16:3e:c1:1b:16
Jun 26 16:50:34 gtw01 dnsmasq-dhcp[25562]: DHCPOFFER(tap405364f3-ef) 192.168.120.3 fa:16:3e:c1:1b:16
Jun 26 16:50:34 gtw01 dnsmasq-dhcp[25562]: DHCPREQUEST(tap405364f3-ef) 192.168.120.3 fa:16:3e:c1:1b:16
Jun 26 16:50:34 gtw01 dnsmasq-dhcp[25562]: DHCPACK(tap405364f3-ef) 192.168.120.3 fa:16:3e:c1:1b:16 host-192-168-120-3
Jun 26 16:50:42 gtw01 dnsmasq-dhcp[25562]: DHCPDISCOVER(tap405364f3-ef) fa:16:3e:92:57:9d
Jun 26 16:50:42 gtw01 dnsmasq-dhcp[25562]: DHCPOFFER(tap405364f3-ef) 192.168.120.4 fa:16:3e:92:57:9d
Jun 26 16:50:42 gtw01 dnsmasq-dhcp[25562]: DHCPREQUEST(tap405364f3-ef) 192.168.120.4 fa:16:3e:92:57:9d
Jun 26 16:50:42 gtw01 dnsmasq-dhcp[25562]: DHCPACK(tap405364f3-ef) 192.168.120.4 fa:16:3e:92:57:9d host-192-168-120-4
Jun 26 16:50:58 gtw01 dnsmasq[25562]: read /var/lib/neutron/dhcp/0a7c12c6-1c6d-4b0a-8bb3-8c13dc5fe174/addn_hosts - 4 addresses
Jun 26 16:50:58 gtw01 dnsmasq-dhcp[25562]: read /var/lib/neutron/dhcp/0a7c12c6-1c6d-4b0a-8bb3-8c13dc5fe174/host
Jun 26 16:50:58 gtw01 dnsmasq-dhcp[25562]: read /var/lib/neutron/dhcp/0a7c12c6-1c6d-4b0a-8bb3-8c13dc5fe174/opts
Jun 26 16:51:02 gtw01 dnsmasq[25562]: read /var/lib/neutron/dhcp/0a7c12c6-1c6d-4b0a-8bb3-8c13dc5fe174/addn_hosts - 4 addresses
Jun 26 16:51:02 gtw01 dnsmasq-dhcp[25562]: read /var/lib/neutron/dhcp/0a7c12c6-1c6d-4b0a-8bb3-8c13dc5fe174/host
Jun 26 16:51:02 gtw01 dnsmasq-dhcp[25562]: read /var/lib/neutron/dhcp/0a7c12c6-1c6d-4b0a-8bb3-8c13dc5fe174/opts
Jun 26 16:51:10 gtw01 dnsmasq[25562]: read /var/lib/neutron/dhcp/0a7c12c6-1c6d-4b0a-8bb3-8c13dc5fe174/addn_hosts - 3 addresses
Jun 26 16:51:10 gtw01 dnsmasq-dhcp[25562]: read /var/lib/neutron/dhcp/0a7c12c6-1c6d-4b0a-8bb3-8c13dc5fe174/host
Jun 26 16:51:10 gtw01 dnsmasq-dhcp[25562]: read /var/lib/neutron/dhcp/0a7c12c6-1c6d-4b0a-8bb3-8c13dc5fe174/opts
Jun 26 16:51:14 gtw01 dnsmasq-dhcp[25562]: DHCPRELEASE(tap405364f3-ef) 192.168.120.3 fa:16:3e:c1:1b:16
Jun 26 16:51:14 gtw01 dnsmasq-dhcp[25562]: DHCPRELEASE(tap405364f3-ef) 192.168.120.3 fa:16:3e:c1:1b:16 unknown lease
Jun 26 16:51:15 gtw01 dnsmasq[25562]: read /var/lib/neutron/dhcp/0a7c12c6-1c6d-4b0a-8bb3-8c13dc5fe174/addn_hosts - 2 addresses
Jun 26 16:51:15 gtw01 dnsmasq-dhcp[25562]: read /var/lib/neutron/dhcp/0a7c12c6-1c6d-4b0a-8bb3-8c13dc5fe174/host
Jun 26 16:51:15 gtw01 dnsmasq-dhcp[25562]: read /var/lib/neutron/dhcp/0a7c12c6-1c6d-4b0a-8bb3-8c13dc5fe174/opts
Jun 26 16:51:16 gtw01 dnsmasq-dhcp[25562]: DHCPRELEASE(tap405364f3-ef) 192.168.120.4 fa:16:3e:92:57:9d
Jun 26 16:51:16 gtw01 dnsmasq-dhcp[25562]: DHCPRELEASE(tap405364f3-ef) 192.168.120.4 fa:16:3e:92:57:9d unknown lease
Jun 26 16:51:17 gtw01 dnsmasq[25562]: read /var/lib/neutron/dhcp/0a7c12c6-1c6d-4b0a-8bb3-8c13dc5fe174/addn_hosts - 1 addresses
Jun 26 16:51:17 gtw01 dnsmasq-dhcp[25562]: read /var/lib/neutron/dhcp/0a7c12c6-1c6d-4b0a-8bb3-8c13dc5fe174/host
Jun 26 16:51:17 gtw01 dnsmasq-dhcp[25562]: read /var/lib/neutron/dhcp/0a7c12c6-1c6d-4b0a-8bb3-8c13dc5fe174/opts
Jun 26 16:51:20 gtw01 kernel: [10752.991897] device tap405364f3-ef left promiscuous mode
Jun 26 16:51:52 gtw01 dnsmasq[25320]: read /var/lib/neutron/dhcp/db95ae01-781e-4d62-9d7a-71244bd2466f/addn_hosts - 1 addresses
Jun 26 16:51:52 gtw01 dnsmasq-dhcp[25320]: read /var/lib/neutron/dhcp/db95ae01-781e-4d62-9d7a-71244bd2466f/host
Jun 26 16:51:52 gtw01 dnsmasq-dhcp[25320]: read /var/lib/neutron/dhcp/db95ae01-781e-4d62-9d7a-71244bd2466f/opts
Jun 26 16:51:57 gtw01 kernel: [10790.159579] device tap623c18f0-d7 left promiscuous mode
Jun 26 16:52:16 gtw01 kernel: [10809.624391] device tapb7ebd603-ef entered promiscuous mode
Jun 26 16:52:16 gtw01 systemd-udevd[25898]: Could not generate persistent MAC address for tapb7ebd603-ef: No such file or directory
Jun 26 16:52:16 gtw01 systemd-udevd[25898]: Process '/sbin/ip link set tapb7ebd603-ef txqueuelen 10000' failed with exit code 1.
Jun 26 16:52:17 gtw01 systemd-udevd[25972]: Process '/sbin/ip link set tapb7ebd603-ef txqueuelen 10000' failed with exit code 1.
Jun 26 16:52:20 gtw01 dnsmasq[26032]: started, version 2.80 cachesize 150
Jun 26 16:52:20 gtw01 dnsmasq[26032]: DNS service limited to local subnets
Jun 26 16:52:20 gtw01 dnsmasq[26032]: compile time options: IPv6 GNU-getopt DBus i18n IDN DHCP DHCPv6 no-Lua TFTP conntrack ipset auth DNSSEC loop-detect inotify dumpfile
Jun 26 16:52:20 gtw01 dnsmasq[26032]: warning: no upstream servers configured
Jun 26 16:52:20 gtw01 dnsmasq-dhcp[26032]: DHCP, static leases only on 192.168.120.0, lease time 1h
Jun 26 16:52:20 gtw01 dnsmasq[26032]: read /var/lib/neutron/dhcp/4d892e5f-8743-4044-af31-49669c8a9490/addn_hosts - 1 addresses
Jun 26 16:52:20 gtw01 dnsmasq-dhcp[26032]: read /var/lib/neutron/dhcp/4d892e5f-8743-4044-af31-49669c8a9490/host
Jun 26 16:52:20 gtw01 dnsmasq-dhcp[26032]: read /var/lib/neutron/dhcp/4d892e5f-8743-4044-af31-49669c8a9490/opts
Jun 26 16:52:20 gtw01 haproxy-metadata-proxy-4d892e5f-8743-4044-af31-49669c8a9490[26036]: Proxy listener started.
Jun 26 16:52:21 gtw01 dnsmasq[26032]: read /var/lib/neutron/dhcp/4d892e5f-8743-4044-af31-49669c8a9490/addn_hosts - 2 addresses
Jun 26 16:52:21 gtw01 dnsmasq-dhcp[26032]: read /var/lib/neutron/dhcp/4d892e5f-8743-4044-af31-49669c8a9490/host
Jun 26 16:52:21 gtw01 dnsmasq-dhcp[26032]: read /var/lib/neutron/dhcp/4d892e5f-8743-4044-af31-49669c8a9490/opts
Jun 26 16:52:22 gtw01 dnsmasq[26032]: read /var/lib/neutron/dhcp/4d892e5f-8743-4044-af31-49669c8a9490/addn_hosts - 2 addresses
Jun 26 16:52:22 gtw01 dnsmasq-dhcp[26032]: read /var/lib/neutron/dhcp/4d892e5f-8743-4044-af31-49669c8a9490/host
Jun 26 16:52:22 gtw01 dnsmasq-dhcp[26032]: read /var/lib/neutron/dhcp/4d892e5f-8743-4044-af31-49669c8a9490/opts
Jun 26 16:52:22 gtw01 dnsmasq[26032]: read /var/lib/neutron/dhcp/4d892e5f-8743-4044-af31-49669c8a9490/addn_hosts - 2 addresses
Jun 26 16:52:22 gtw01 dnsmasq-dhcp[26032]: read /var/lib/neutron/dhcp/4d892e5f-8743-4044-af31-49669c8a9490/host
Jun 26 16:52:22 gtw01 dnsmasq-dhcp[26032]: read /var/lib/neutron/dhcp/4d892e5f-8743-4044-af31-49669c8a9490/opts
Jun 26 16:52:23 gtw01 dnsmasq[26032]: read /var/lib/neutron/dhcp/4d892e5f-8743-4044-af31-49669c8a9490/addn_hosts - 2 addresses
Jun 26 16:52:23 gtw01 dnsmasq-dhcp[26032]: read /var/lib/neutron/dhcp/4d892e5f-8743-4044-af31-49669c8a9490/host
Jun 26 16:52:23 gtw01 dnsmasq-dhcp[26032]: read /var/lib/neutron/dhcp/4d892e5f-8743-4044-af31-49669c8a9490/opts
Jun 26 16:52:24 gtw01 dnsmasq[26032]: read /var/lib/neutron/dhcp/4d892e5f-8743-4044-af31-49669c8a9490/addn_hosts - 2 addresses
Jun 26 16:52:24 gtw01 dnsmasq-dhcp[26032]: read /var/lib/neutron/dhcp/4d892e5f-8743-4044-af31-49669c8a9490/host
Jun 26 16:52:24 gtw01 dnsmasq-dhcp[26032]: read /var/lib/neutron/dhcp/4d892e5f-8743-4044-af31-49669c8a9490/opts
Jun 26 16:53:08 gtw01 kernel: [10861.322120] device tap1add6e5b-64 entered promiscuous mode
Jun 26 16:53:08 gtw01 systemd-udevd[26142]: Process '/sbin/ip link set tap1add6e5b-64 txqueuelen 10000' failed with exit code 1.
Jun 26 16:53:08 gtw01 systemd-udevd[26142]: Process '/sbin/ip link set tap1add6e5b-64 txqueuelen 10000' failed with exit code 1.
Jun 26 16:53:09 gtw01 systemd-udevd[26252]: Could not generate persistent MAC address for tap130c6be7-61: No such file or directory
Jun 26 16:53:09 gtw01 kernel: [10862.280732] device tap130c6be7-61 entered promiscuous mode
Jun 26 16:53:09 gtw01 systemd-udevd[26252]: Process '/sbin/ip link set tap130c6be7-61 txqueuelen 10000' failed with exit code 1.
Jun 26 16:53:09 gtw01 systemd-udevd[26327]: Process '/sbin/ip link set tap130c6be7-61 txqueuelen 10000' failed with exit code 1.
Jun 26 16:53:12 gtw01 kernel: [10865.246678] device tapa9dc97dd-7f entered promiscuous mode
Jun 26 16:53:12 gtw01 kernel: [10865.416768] device tap190182ac-e5 entered promiscuous mode
Jun 26 16:53:12 gtw01 systemd-udevd[26445]: Could not generate persistent MAC address for tap190182ac-e5: No such file or directory
Jun 26 16:53:13 gtw01 systemd-udevd[26438]: Process '/sbin/ip link set tapa9dc97dd-7f txqueuelen 10000' failed with exit code 1.
Jun 26 16:53:13 gtw01 systemd-udevd[26594]: Process '/sbin/ip link set tapa9dc97dd-7f txqueuelen 10000' failed with exit code 1.
Jun 26 16:53:13 gtw01 systemd-udevd[26607]: Process '/sbin/ip link set tap190182ac-e5 txqueuelen 10000' failed with exit code 1.
Jun 26 16:53:14 gtw01 dnsmasq[26651]: started, version 2.80 cachesize 150
Jun 26 16:53:14 gtw01 dnsmasq[26651]: DNS service limited to local subnets
Jun 26 16:53:14 gtw01 dnsmasq[26651]: compile time options: IPv6 GNU-getopt DBus i18n IDN DHCP DHCPv6 no-Lua TFTP conntrack ipset auth DNSSEC loop-detect inotify dumpfile
Jun 26 16:53:14 gtw01 dnsmasq[26651]: warning: no upstream servers configured
Jun 26 16:53:14 gtw01 dnsmasq-dhcp[26651]: DHCP, static leases only on 192.168.120.0, lease time 1h
Jun 26 16:53:14 gtw01 dnsmasq[26651]: read /var/lib/neutron/dhcp/c09c7782-1f2f-4110-bc4e-c98d3b5718e1/addn_hosts - 1 addresses
Jun 26 16:53:14 gtw01 dnsmasq-dhcp[26651]: read /var/lib/neutron/dhcp/c09c7782-1f2f-4110-bc4e-c98d3b5718e1/host
Jun 26 16:53:14 gtw01 dnsmasq-dhcp[26651]: read /var/lib/neutron/dhcp/c09c7782-1f2f-4110-bc4e-c98d3b5718e1/opts
Jun 26 16:53:17 gtw01 haproxy-metadata-proxy-c09c7782-1f2f-4110-bc4e-c98d3b5718e1[26685]: Proxy listener started.
Jun 26 16:53:18 gtw01 kernel: [10871.292430] device tap6130f544-10 entered promiscuous mode
Jun 26 16:53:18 gtw01 systemd-udevd[26722]: Could not generate persistent MAC address for tap6130f544-10: No such file or directory
Jun 26 16:53:19 gtw01 systemd-udevd[26722]: Process '/sbin/ip link set tap6130f544-10 txqueuelen 10000' failed with exit code 1.
Jun 26 16:53:19 gtw01 systemd-udevd[26803]: Process '/sbin/ip link set tap6130f544-10 txqueuelen 10000' failed with exit code 1.
Jun 26 16:53:19 gtw01 dnsmasq[26651]: read /var/lib/neutron/dhcp/c09c7782-1f2f-4110-bc4e-c98d3b5718e1/addn_hosts - 2 addresses
Jun 26 16:53:19 gtw01 dnsmasq-dhcp[26651]: read /var/lib/neutron/dhcp/c09c7782-1f2f-4110-bc4e-c98d3b5718e1/host
Jun 26 16:53:19 gtw01 dnsmasq-dhcp[26651]: read /var/lib/neutron/dhcp/c09c7782-1f2f-4110-bc4e-c98d3b5718e1/opts
Jun 26 16:53:20 gtw01 systemd-udevd[26848]: Could not generate persistent MAC address for tap622ecf6f-01: No such file or directory
Jun 26 16:53:20 gtw01 kernel: [10872.912873] device tap622ecf6f-01 entered promiscuous mode
Jun 26 16:53:20 gtw01 kernel: [10872.975568] device tap36da693c-87 entered promiscuous mode
Jun 26 16:53:20 gtw01 systemd-udevd[26878]: Could not generate persistent MAC address for tap36da693c-87: No such file or directory
Jun 26 16:53:20 gtw01 kernel: [10873.201862] device tap77cb259a-bf entered promiscuous mode
Jun 26 16:53:20 gtw01 systemd-udevd[26935]: Could not generate persistent MAC address for tap77cb259a-bf: No such file or directory
Jun 26 16:53:20 gtw01 dnsmasq[27011]: started, version 2.80 cachesize 150
Jun 26 16:53:20 gtw01 dnsmasq[27011]: DNS service limited to local subnets
Jun 26 16:53:20 gtw01 dnsmasq[27011]: compile time options: IPv6 GNU-getopt DBus i18n IDN DHCP DHCPv6 no-Lua TFTP conntrack ipset auth DNSSEC loop-detect inotify dumpfile
Jun 26 16:53:20 gtw01 dnsmasq[27011]: warning: no upstream servers configured
Jun 26 16:53:20 gtw01 dnsmasq-dhcp[27011]: DHCP, static leases only on 192.168.120.0, lease time 1h
Jun 26 16:53:20 gtw01 dnsmasq[27011]: read /var/lib/neutron/dhcp/4770c4c9-4365-46bf-bfc1-96c160f9cc31/addn_hosts - 1 addresses
Jun 26 16:53:20 gtw01 dnsmasq-dhcp[27011]: read /var/lib/neutron/dhcp/4770c4c9-4365-46bf-bfc1-96c160f9cc31/host
Jun 26 16:53:20 gtw01 dnsmasq-dhcp[27011]: read /var/lib/neutron/dhcp/4770c4c9-4365-46bf-bfc1-96c160f9cc31/opts
Jun 26 16:53:21 gtw01 systemd-udevd[27068]: Process '/sbin/ip link set tap622ecf6f-01 txqueuelen 10000' failed with exit code 1.
Jun 26 16:53:21 gtw01 systemd-udevd[27079]: Process '/sbin/ip link set tap36da693c-87 txqueuelen 10000' failed with exit code 1.
Jun 26 16:53:21 gtw01 haproxy-metadata-proxy-4770c4c9-4365-46bf-bfc1-96c160f9cc31[27101]: Proxy listener started.
Jun 26 16:53:21 gtw01 systemd-udevd[27102]: Process '/sbin/ip link set tap77cb259a-bf txqueuelen 10000' failed with exit code 1.
Jun 26 16:53:23 gtw01 dnsmasq[26651]: read /var/lib/neutron/dhcp/c09c7782-1f2f-4110-bc4e-c98d3b5718e1/addn_hosts - 2 addresses
Jun 26 16:53:23 gtw01 dnsmasq-dhcp[26651]: read /var/lib/neutron/dhcp/c09c7782-1f2f-4110-bc4e-c98d3b5718e1/host
Jun 26 16:53:23 gtw01 dnsmasq-dhcp[26651]: read /var/lib/neutron/dhcp/c09c7782-1f2f-4110-bc4e-c98d3b5718e1/opts
Jun 26 16:53:24 gtw01 dnsmasq[27011]: read /var/lib/neutron/dhcp/4770c4c9-4365-46bf-bfc1-96c160f9cc31/addn_hosts - 2 addresses
Jun 26 16:53:24 gtw01 dnsmasq-dhcp[27011]: read /var/lib/neutron/dhcp/4770c4c9-4365-46bf-bfc1-96c160f9cc31/host
Jun 26 16:53:24 gtw01 dnsmasq-dhcp[27011]: read /var/lib/neutron/dhcp/4770c4c9-4365-46bf-bfc1-96c160f9cc31/opts
Jun 26 16:53:27 gtw01 dnsmasq[27339]: started, version 2.80 cachesize 150
Jun 26 16:53:27 gtw01 dnsmasq[27339]: DNS service limited to local subnets
Jun 26 16:53:27 gtw01 dnsmasq[27339]: compile time options: IPv6 GNU-getopt DBus i18n IDN DHCP DHCPv6 no-Lua TFTP conntrack ipset auth DNSSEC loop-detect inotify dumpfile
Jun 26 16:53:27 gtw01 dnsmasq[27339]: warning: no upstream servers configured
Jun 26 16:53:27 gtw01 dnsmasq-dhcp[27339]: DHCP, static leases only on 192.168.120.0, lease time 1h
Jun 26 16:53:27 gtw01 dnsmasq[27339]: read /var/lib/neutron/dhcp/c117a8b9-d936-4ea3-a7b2-e9a183d593a7/addn_hosts - 1 addresses
Jun 26 16:53:27 gtw01 dnsmasq-dhcp[27339]: read /var/lib/neutron/dhcp/c117a8b9-d936-4ea3-a7b2-e9a183d593a7/host
Jun 26 16:53:27 gtw01 dnsmasq-dhcp[27339]: read /var/lib/neutron/dhcp/c117a8b9-d936-4ea3-a7b2-e9a183d593a7/opts
Jun 26 16:53:27 gtw01 dnsmasq[26651]: read /var/lib/neutron/dhcp/c09c7782-1f2f-4110-bc4e-c98d3b5718e1/addn_hosts - 2 addresses
Jun 26 16:53:27 gtw01 dnsmasq-dhcp[26651]: read /var/lib/neutron/dhcp/c09c7782-1f2f-4110-bc4e-c98d3b5718e1/host
Jun 26 16:53:27 gtw01 dnsmasq-dhcp[26651]: read /var/lib/neutron/dhcp/c09c7782-1f2f-4110-bc4e-c98d3b5718e1/opts
Jun 26 16:53:27 gtw01 dnsmasq[27011]: read /var/lib/neutron/dhcp/4770c4c9-4365-46bf-bfc1-96c160f9cc31/addn_hosts - 2 addresses
Jun 26 16:53:27 gtw01 dnsmasq-dhcp[27011]: read /var/lib/neutron/dhcp/4770c4c9-4365-46bf-bfc1-96c160f9cc31/host
Jun 26 16:53:27 gtw01 dnsmasq-dhcp[27011]: read /var/lib/neutron/dhcp/4770c4c9-4365-46bf-bfc1-96c160f9cc31/opts
Jun 26 16:53:27 gtw01 dnsmasq[27368]: started, version 2.80 cachesize 150
Jun 26 16:53:27 gtw01 dnsmasq[27368]: DNS service limited to local subnets
Jun 26 16:53:27 gtw01 dnsmasq[27368]: compile time options: IPv6 GNU-getopt DBus i18n IDN DHCP DHCPv6 no-Lua TFTP conntrack ipset auth DNSSEC loop-detect inotify dumpfile
Jun 26 16:53:27 gtw01 dnsmasq[27368]: warning: no upstream servers configured
Jun 26 16:53:27 gtw01 dnsmasq-dhcp[27368]: DHCP, static leases only on 192.168.120.0, lease time 1h
Jun 26 16:53:27 gtw01 dnsmasq[27368]: read /var/lib/neutron/dhcp/65c9da03-4f49-44bf-abad-fed1f2d329cf/addn_hosts - 1 addresses
Jun 26 16:53:27 gtw01 dnsmasq-dhcp[27368]: read /var/lib/neutron/dhcp/65c9da03-4f49-44bf-abad-fed1f2d329cf/host
Jun 26 16:53:27 gtw01 dnsmasq-dhcp[27368]: read /var/lib/neutron/dhcp/65c9da03-4f49-44bf-abad-fed1f2d329cf/opts
Jun 26 16:53:28 gtw01 haproxy-metadata-proxy-c117a8b9-d936-4ea3-a7b2-e9a183d593a7[27371]: Proxy listener started.
Jun 26 16:53:28 gtw01 haproxy-metadata-proxy-65c9da03-4f49-44bf-abad-fed1f2d329cf[27399]: Proxy listener started.
Jun 26 16:53:30 gtw01 dnsmasq[27449]: started, version 2.80 cachesize 150
Jun 26 16:53:30 gtw01 dnsmasq[27449]: DNS service limited to local subnets
Jun 26 16:53:30 gtw01 dnsmasq[27449]: compile time options: IPv6 GNU-getopt DBus i18n IDN DHCP DHCPv6 no-Lua TFTP conntrack ipset auth DNSSEC loop-detect inotify dumpfile
Jun 26 16:53:30 gtw01 dnsmasq[27449]: warning: no upstream servers configured
Jun 26 16:53:30 gtw01 dnsmasq-dhcp[27449]: DHCP, static leases only on 192.168.120.0, lease time 1h
Jun 26 16:53:30 gtw01 dnsmasq[27449]: read /var/lib/neutron/dhcp/316aa00a-b00d-4464-bb27-0f85b269b33c/addn_hosts - 1 addresses
Jun 26 16:53:30 gtw01 dnsmasq-dhcp[27449]: read /var/lib/neutron/dhcp/316aa00a-b00d-4464-bb27-0f85b269b33c/host
Jun 26 16:53:30 gtw01 dnsmasq-dhcp[27449]: read /var/lib/neutron/dhcp/316aa00a-b00d-4464-bb27-0f85b269b33c/opts
Jun 26 16:53:30 gtw01 dnsmasq[27339]: read /var/lib/neutron/dhcp/c117a8b9-d936-4ea3-a7b2-e9a183d593a7/addn_hosts - 2 addresses
Jun 26 16:53:30 gtw01 dnsmasq-dhcp[27339]: read /var/lib/neutron/dhcp/c117a8b9-d936-4ea3-a7b2-e9a183d593a7/host
Jun 26 16:53:30 gtw01 dnsmasq-dhcp[27339]: read /var/lib/neutron/dhcp/c117a8b9-d936-4ea3-a7b2-e9a183d593a7/opts
Jun 26 16:53:30 gtw01 dnsmasq[27368]: read /var/lib/neutron/dhcp/65c9da03-4f49-44bf-abad-fed1f2d329cf/addn_hosts - 2 addresses
Jun 26 16:53:30 gtw01 dnsmasq-dhcp[27368]: read /var/lib/neutron/dhcp/65c9da03-4f49-44bf-abad-fed1f2d329cf/host
Jun 26 16:53:30 gtw01 dnsmasq-dhcp[27368]: read /var/lib/neutron/dhcp/65c9da03-4f49-44bf-abad-fed1f2d329cf/opts
Jun 26 16:53:30 gtw01 dnsmasq[27471]: started, version 2.80 cachesize 150
Jun 26 16:53:30 gtw01 dnsmasq[27471]: DNS service limited to local subnets
Jun 26 16:53:30 gtw01 dnsmasq[27471]: compile time options: IPv6 GNU-getopt DBus i18n IDN DHCP DHCPv6 no-Lua TFTP conntrack ipset auth DNSSEC loop-detect inotify dumpfile
Jun 26 16:53:30 gtw01 dnsmasq[27471]: warning: no upstream servers configured
Jun 26 16:53:30 gtw01 dnsmasq-dhcp[27471]: DHCP, static leases only on 192.168.120.0, lease time 1h
Jun 26 16:53:30 gtw01 dnsmasq[27471]: read /var/lib/neutron/dhcp/31585707-bcac-4a3c-87fe-9964af6c47b2/addn_hosts - 1 addresses
Jun 26 16:53:30 gtw01 dnsmasq-dhcp[27471]: read /var/lib/neutron/dhcp/31585707-bcac-4a3c-87fe-9964af6c47b2/host
Jun 26 16:53:30 gtw01 dnsmasq-dhcp[27471]: read /var/lib/neutron/dhcp/31585707-bcac-4a3c-87fe-9964af6c47b2/opts
Jun 26 16:53:30 gtw01 dnsmasq[27479]: started, version 2.80 cachesize 150
Jun 26 16:53:30 gtw01 dnsmasq[27479]: DNS service limited to local subnets
Jun 26 16:53:30 gtw01 dnsmasq[27479]: compile time options: IPv6 GNU-getopt DBus i18n IDN DHCP DHCPv6 no-Lua TFTP conntrack ipset auth DNSSEC loop-detect inotify dumpfile
Jun 26 16:53:30 gtw01 dnsmasq[27479]: warning: no upstream servers configured
Jun 26 16:53:30 gtw01 dnsmasq-dhcp[27479]: DHCP, static leases only on 192.168.120.0, lease time 1h
Jun 26 16:53:30 gtw01 dnsmasq[27479]: read /var/lib/neutron/dhcp/1f2bd820-e42e-488c-8a89-ab819851f083/addn_hosts - 1 addresses
Jun 26 16:53:30 gtw01 dnsmasq-dhcp[27479]: read /var/lib/neutron/dhcp/1f2bd820-e42e-488c-8a89-ab819851f083/host
Jun 26 16:53:30 gtw01 dnsmasq-dhcp[27479]: read /var/lib/neutron/dhcp/1f2bd820-e42e-488c-8a89-ab819851f083/opts
Jun 26 16:53:31 gtw01 haproxy-metadata-proxy-316aa00a-b00d-4464-bb27-0f85b269b33c[27480]: Proxy listener started.
Jun 26 16:53:31 gtw01 dnsmasq[27011]: read /var/lib/neutron/dhcp/4770c4c9-4365-46bf-bfc1-96c160f9cc31/addn_hosts - 2 addresses
Jun 26 16:53:31 gtw01 dnsmasq-dhcp[27011]: read /var/lib/neutron/dhcp/4770c4c9-4365-46bf-bfc1-96c160f9cc31/host
Jun 26 16:53:31 gtw01 dnsmasq-dhcp[27011]: read /var/lib/neutron/dhcp/4770c4c9-4365-46bf-bfc1-96c160f9cc31/opts
Jun 26 16:53:31 gtw01 haproxy-metadata-proxy-31585707-bcac-4a3c-87fe-9964af6c47b2[27500]: Proxy listener started.
Jun 26 16:53:31 gtw01 haproxy-metadata-proxy-1f2bd820-e42e-488c-8a89-ab819851f083[27505]: Proxy listener started.
Jun 26 16:53:32 gtw01 dnsmasq[27530]: started, version 2.80 cachesize 150
Jun 26 16:53:32 gtw01 dnsmasq[27530]: DNS service limited to local subnets
Jun 26 16:53:32 gtw01 dnsmasq[27530]: compile time options: IPv6 GNU-getopt DBus i18n IDN DHCP DHCPv6 no-Lua TFTP conntrack ipset auth DNSSEC loop-detect inotify dumpfile
Jun 26 16:53:32 gtw01 dnsmasq[27530]: warning: no upstream servers configured
Jun 26 16:53:32 gtw01 dnsmasq-dhcp[27530]: DHCP, static leases only on 192.168.120.0, lease time 1h
Jun 26 16:53:32 gtw01 dnsmasq[27530]: read /var/lib/neutron/dhcp/b2af285d-309f-4f7e-8e78-df0b1a3161b7/addn_hosts - 1 addresses
Jun 26 16:53:32 gtw01 dnsmasq-dhcp[27530]: read /var/lib/neutron/dhcp/b2af285d-309f-4f7e-8e78-df0b1a3161b7/host
Jun 26 16:53:32 gtw01 dnsmasq-dhcp[27530]: read /var/lib/neutron/dhcp/b2af285d-309f-4f7e-8e78-df0b1a3161b7/opts
Jun 26 16:53:32 gtw01 dnsmasq[27449]: read /var/lib/neutron/dhcp/316aa00a-b00d-4464-bb27-0f85b269b33c/addn_hosts - 2 addresses
Jun 26 16:53:32 gtw01 dnsmasq-dhcp[27449]: read /var/lib/neutron/dhcp/316aa00a-b00d-4464-bb27-0f85b269b33c/host
Jun 26 16:53:32 gtw01 dnsmasq-dhcp[27449]: read /var/lib/neutron/dhcp/316aa00a-b00d-4464-bb27-0f85b269b33c/opts
Jun 26 16:53:33 gtw01 haproxy-metadata-proxy-b2af285d-309f-4f7e-8e78-df0b1a3161b7[27561]: Proxy listener started.
Jun 26 16:53:33 gtw01 dnsmasq[27368]: read /var/lib/neutron/dhcp/65c9da03-4f49-44bf-abad-fed1f2d329cf/addn_hosts - 2 addresses
Jun 26 16:53:33 gtw01 dnsmasq-dhcp[27368]: read /var/lib/neutron/dhcp/65c9da03-4f49-44bf-abad-fed1f2d329cf/host
Jun 26 16:53:33 gtw01 dnsmasq-dhcp[27368]: read /var/lib/neutron/dhcp/65c9da03-4f49-44bf-abad-fed1f2d329cf/opts
Jun 26 16:53:33 gtw01 dnsmasq[27339]: read /var/lib/neutron/dhcp/c117a8b9-d936-4ea3-a7b2-e9a183d593a7/addn_hosts - 2 addresses
Jun 26 16:53:33 gtw01 dnsmasq-dhcp[27339]: read /var/lib/neutron/dhcp/c117a8b9-d936-4ea3-a7b2-e9a183d593a7/host
Jun 26 16:53:33 gtw01 dnsmasq-dhcp[27339]: read /var/lib/neutron/dhcp/c117a8b9-d936-4ea3-a7b2-e9a183d593a7/opts
Jun 26 16:53:33 gtw01 dnsmasq[27471]: read /var/lib/neutron/dhcp/31585707-bcac-4a3c-87fe-9964af6c47b2/addn_hosts - 2 addresses
Jun 26 16:53:33 gtw01 dnsmasq-dhcp[27471]: read /var/lib/neutron/dhcp/31585707-bcac-4a3c-87fe-9964af6c47b2/host
Jun 26 16:53:33 gtw01 dnsmasq-dhcp[27471]: read /var/lib/neutron/dhcp/31585707-bcac-4a3c-87fe-9964af6c47b2/opts
Jun 26 16:53:33 gtw01 dnsmasq[27479]: read /var/lib/neutron/dhcp/1f2bd820-e42e-488c-8a89-ab819851f083/addn_hosts - 2 addresses
Jun 26 16:53:33 gtw01 dnsmasq-dhcp[27479]: read /var/lib/neutron/dhcp/1f2bd820-e42e-488c-8a89-ab819851f083/host
Jun 26 16:53:33 gtw01 dnsmasq-dhcp[27479]: read /var/lib/neutron/dhcp/1f2bd820-e42e-488c-8a89-ab819851f083/opts
Jun 26 16:53:35 gtw01 kernel: [10887.852212] device tapd5c8a760-03 entered promiscuous mode
Jun 26 16:53:35 gtw01 systemd-udevd[27637]: Could not generate persistent MAC address for tapd5c8a760-03: No such file or directory
Jun 26 16:53:35 gtw01 dnsmasq[27449]: read /var/lib/neutron/dhcp/316aa00a-b00d-4464-bb27-0f85b269b33c/addn_hosts - 2 addresses
Jun 26 16:53:35 gtw01 dnsmasq-dhcp[27449]: read /var/lib/neutron/dhcp/316aa00a-b00d-4464-bb27-0f85b269b33c/host
Jun 26 16:53:35 gtw01 dnsmasq-dhcp[27449]: read /var/lib/neutron/dhcp/316aa00a-b00d-4464-bb27-0f85b269b33c/opts
Jun 26 16:53:35 gtw01 systemd-udevd[27714]: Process '/sbin/ip link set tapd5c8a760-03 txqueuelen 10000' failed with exit code 1.
Jun 26 16:53:36 gtw01 dnsmasq[27368]: read /var/lib/neutron/dhcp/65c9da03-4f49-44bf-abad-fed1f2d329cf/addn_hosts - 2 addresses
Jun 26 16:53:36 gtw01 dnsmasq-dhcp[27368]: read /var/lib/neutron/dhcp/65c9da03-4f49-44bf-abad-fed1f2d329cf/host
Jun 26 16:53:36 gtw01 dnsmasq-dhcp[27368]: read /var/lib/neutron/dhcp/65c9da03-4f49-44bf-abad-fed1f2d329cf/opts
Jun 26 16:53:36 gtw01 dnsmasq[27339]: read /var/lib/neutron/dhcp/c117a8b9-d936-4ea3-a7b2-e9a183d593a7/addn_hosts - 2 addresses
Jun 26 16:53:36 gtw01 dnsmasq-dhcp[27339]: read /var/lib/neutron/dhcp/c117a8b9-d936-4ea3-a7b2-e9a183d593a7/host
Jun 26 16:53:36 gtw01 dnsmasq-dhcp[27339]: read /var/lib/neutron/dhcp/c117a8b9-d936-4ea3-a7b2-e9a183d593a7/opts
Jun 26 16:53:36 gtw01 dnsmasq[27479]: read /var/lib/neutron/dhcp/1f2bd820-e42e-488c-8a89-ab819851f083/addn_hosts - 2 addresses
Jun 26 16:53:36 gtw01 dnsmasq-dhcp[27479]: read /var/lib/neutron/dhcp/1f2bd820-e42e-488c-8a89-ab819851f083/host
Jun 26 16:53:36 gtw01 dnsmasq-dhcp[27479]: read /var/lib/neutron/dhcp/1f2bd820-e42e-488c-8a89-ab819851f083/opts
Jun 26 16:53:37 gtw01 dnsmasq[27471]: read /var/lib/neutron/dhcp/31585707-bcac-4a3c-87fe-9964af6c47b2/addn_hosts - 2 addresses
Jun 26 16:53:37 gtw01 dnsmasq-dhcp[27471]: read /var/lib/neutron/dhcp/31585707-bcac-4a3c-87fe-9964af6c47b2/host
Jun 26 16:53:37 gtw01 dnsmasq-dhcp[27471]: read /var/lib/neutron/dhcp/31585707-bcac-4a3c-87fe-9964af6c47b2/opts
Jun 26 16:53:38 gtw01 dnsmasq[27449]: read /var/lib/neutron/dhcp/316aa00a-b00d-4464-bb27-0f85b269b33c/addn_hosts - 2 addresses
Jun 26 16:53:38 gtw01 dnsmasq-dhcp[27449]: read /var/lib/neutron/dhcp/316aa00a-b00d-4464-bb27-0f85b269b33c/host
Jun 26 16:53:38 gtw01 dnsmasq-dhcp[27449]: read /var/lib/neutron/dhcp/316aa00a-b00d-4464-bb27-0f85b269b33c/opts
Jun 26 16:53:39 gtw01 kernel: [10891.745654] device tapd79f9723-db entered promiscuous mode
Jun 26 16:53:39 gtw01 systemd-udevd[27850]: Process '/sbin/ip link set tapd79f9723-db txqueuelen 10000' failed with exit code 1.
Jun 26 16:53:39 gtw01 systemd-udevd[27850]: Process '/sbin/ip link set tapd79f9723-db txqueuelen 10000' failed with exit code 1.
Jun 26 16:53:39 gtw01 kernel: [10892.401264] device tapef30d235-43 entered promiscuous mode
Jun 26 16:53:39 gtw01 systemd-udevd[27958]: Process '/sbin/ip link set tapef30d235-43 txqueuelen 10000' failed with exit code 1.
Jun 26 16:53:39 gtw01 systemd-udevd[27958]: Process '/sbin/ip link set tapef30d235-43 txqueuelen 10000' failed with exit code 1.
Jun 26 16:53:40 gtw01 dnsmasq[27471]: read /var/lib/neutron/dhcp/31585707-bcac-4a3c-87fe-9964af6c47b2/addn_hosts - 2 addresses
Jun 26 16:53:40 gtw01 dnsmasq-dhcp[27471]: read /var/lib/neutron/dhcp/31585707-bcac-4a3c-87fe-9964af6c47b2/host
Jun 26 16:53:40 gtw01 dnsmasq-dhcp[27471]: read /var/lib/neutron/dhcp/31585707-bcac-4a3c-87fe-9964af6c47b2/opts
Jun 26 16:53:42 gtw01 dnsmasq[28156]: started, version 2.80 cachesize 150
Jun 26 16:53:42 gtw01 dnsmasq[28156]: DNS service limited to local subnets
Jun 26 16:53:42 gtw01 dnsmasq[28156]: compile time options: IPv6 GNU-getopt DBus i18n IDN DHCP DHCPv6 no-Lua TFTP conntrack ipset auth DNSSEC loop-detect inotify dumpfile
Jun 26 16:53:42 gtw01 dnsmasq[28156]: warning: no upstream servers configured
Jun 26 16:53:42 gtw01 dnsmasq-dhcp[28156]: DHCP, static leases only on 192.168.120.0, lease time 1h
Jun 26 16:53:42 gtw01 dnsmasq[28156]: read /var/lib/neutron/dhcp/a45c6df3-d33e-41da-9c2b-aca3f4875731/addn_hosts - 1 addresses
Jun 26 16:53:42 gtw01 dnsmasq-dhcp[28156]: read /var/lib/neutron/dhcp/a45c6df3-d33e-41da-9c2b-aca3f4875731/host
Jun 26 16:53:42 gtw01 dnsmasq-dhcp[28156]: read /var/lib/neutron/dhcp/a45c6df3-d33e-41da-9c2b-aca3f4875731/opts
Jun 26 16:53:43 gtw01 kernel: [10895.849957] device tapfeef0d3d-1d entered promiscuous mode
Jun 26 16:53:43 gtw01 haproxy-metadata-proxy-a45c6df3-d33e-41da-9c2b-aca3f4875731[28172]: Proxy listener started.
Jun 26 16:53:43 gtw01 systemd-udevd[28174]: Process '/sbin/ip link set tapfeef0d3d-1d txqueuelen 10000' failed with exit code 1.
Jun 26 16:53:43 gtw01 systemd-udevd[28254]: Process '/sbin/ip link set tapfeef0d3d-1d txqueuelen 10000' failed with exit code 1.
Jun 26 16:53:45 gtw01 dnsmasq[28327]: started, version 2.80 cachesize 150
Jun 26 16:53:45 gtw01 dnsmasq[28327]: DNS service limited to local subnets
Jun 26 16:53:45 gtw01 dnsmasq[28327]: compile time options: IPv6 GNU-getopt DBus i18n IDN DHCP DHCPv6 no-Lua TFTP conntrack ipset auth DNSSEC loop-detect inotify dumpfile
Jun 26 16:53:45 gtw01 dnsmasq[28327]: warning: no upstream servers configured
Jun 26 16:53:45 gtw01 dnsmasq-dhcp[28327]: DHCP, static leases only on 192.168.120.0, lease time 1h
Jun 26 16:53:45 gtw01 dnsmasq[28327]: read /var/lib/neutron/dhcp/5068c9cf-2a01-43b0-8234-67f3000ae759/addn_hosts - 1 addresses
Jun 26 16:53:45 gtw01 dnsmasq-dhcp[28327]: read /var/lib/neutron/dhcp/5068c9cf-2a01-43b0-8234-67f3000ae759/host
Jun 26 16:53:45 gtw01 dnsmasq-dhcp[28327]: read /var/lib/neutron/dhcp/5068c9cf-2a01-43b0-8234-67f3000ae759/opts
Jun 26 16:53:45 gtw01 kernel: [10898.161668] device tapc6c1a59a-67 entered promiscuous mode
Jun 26 16:53:45 gtw01 systemd-udevd[28331]: Could not generate persistent MAC address for tapc6c1a59a-67: No such file or directory
Jun 26 16:53:45 gtw01 dnsmasq[28354]: started, version 2.80 cachesize 150
Jun 26 16:53:45 gtw01 dnsmasq[28354]: DNS service limited to local subnets
Jun 26 16:53:45 gtw01 dnsmasq[28354]: compile time options: IPv6 GNU-getopt DBus i18n IDN DHCP DHCPv6 no-Lua TFTP conntrack ipset auth DNSSEC loop-detect inotify dumpfile
Jun 26 16:53:45 gtw01 dnsmasq[28354]: warning: no upstream servers configured
Jun 26 16:53:45 gtw01 dnsmasq-dhcp[28354]: DHCP, static leases only on 192.168.120.0, lease time 1h
Jun 26 16:53:45 gtw01 dnsmasq[28354]: read /var/lib/neutron/dhcp/3f1a435e-fe22-4b8b-a732-111c6f59ad64/addn_hosts - 2 addresses
Jun 26 16:53:45 gtw01 dnsmasq-dhcp[28354]: read /var/lib/neutron/dhcp/3f1a435e-fe22-4b8b-a732-111c6f59ad64/host
Jun 26 16:53:45 gtw01 dnsmasq-dhcp[28354]: read /var/lib/neutron/dhcp/3f1a435e-fe22-4b8b-a732-111c6f59ad64/opts
Jun 26 16:53:46 gtw01 dnsmasq[27530]: read /var/lib/neutron/dhcp/b2af285d-309f-4f7e-8e78-df0b1a3161b7/addn_hosts - 2 addresses
Jun 26 16:53:46 gtw01 dnsmasq-dhcp[27530]: read /var/lib/neutron/dhcp/b2af285d-309f-4f7e-8e78-df0b1a3161b7/host
Jun 26 16:53:46 gtw01 dnsmasq-dhcp[27530]: read /var/lib/neutron/dhcp/b2af285d-309f-4f7e-8e78-df0b1a3161b7/opts
Jun 26 16:53:46 gtw01 haproxy-metadata-proxy-5068c9cf-2a01-43b0-8234-67f3000ae759[28418]: Proxy listener started.
Jun 26 16:53:46 gtw01 systemd-udevd[28427]: Process '/sbin/ip link set tapc6c1a59a-67 txqueuelen 10000' failed with exit code 1.
Jun 26 16:53:46 gtw01 haproxy-metadata-proxy-3f1a435e-fe22-4b8b-a732-111c6f59ad64[28439]: Proxy listener started.
Jun 26 16:53:48 gtw01 dnsmasq[28156]: read /var/lib/neutron/dhcp/a45c6df3-d33e-41da-9c2b-aca3f4875731/addn_hosts - 2 addresses
Jun 26 16:53:48 gtw01 dnsmasq-dhcp[28156]: read /var/lib/neutron/dhcp/a45c6df3-d33e-41da-9c2b-aca3f4875731/host
Jun 26 16:53:48 gtw01 dnsmasq-dhcp[28156]: read /var/lib/neutron/dhcp/a45c6df3-d33e-41da-9c2b-aca3f4875731/opts
Jun 26 16:53:49 gtw01 kernel: [10902.052063] device tap3a379907-4c entered promiscuous mode
Jun 26 16:53:49 gtw01 systemd-udevd[28538]: Could not generate persistent MAC address for tap3a379907-4c: No such file or directory
Jun 26 16:53:49 gtw01 dnsmasq[28327]: read /var/lib/neutron/dhcp/5068c9cf-2a01-43b0-8234-67f3000ae759/addn_hosts - 2 addresses
Jun 26 16:53:49 gtw01 dnsmasq-dhcp[28327]: read /var/lib/neutron/dhcp/5068c9cf-2a01-43b0-8234-67f3000ae759/host
Jun 26 16:53:49 gtw01 dnsmasq-dhcp[28327]: read /var/lib/neutron/dhcp/5068c9cf-2a01-43b0-8234-67f3000ae759/opts
Jun 26 16:53:49 gtw01 dnsmasq[28354]: read /var/lib/neutron/dhcp/3f1a435e-fe22-4b8b-a732-111c6f59ad64/addn_hosts - 2 addresses
Jun 26 16:53:49 gtw01 dnsmasq-dhcp[28354]: read /var/lib/neutron/dhcp/3f1a435e-fe22-4b8b-a732-111c6f59ad64/host
Jun 26 16:53:49 gtw01 dnsmasq-dhcp[28354]: read /var/lib/neutron/dhcp/3f1a435e-fe22-4b8b-a732-111c6f59ad64/opts
Jun 26 16:53:50 gtw01 kernel: [10902.941472] device tap977dfe9c-4d entered promiscuous mode
Jun 26 16:53:50 gtw01 systemd-udevd[28629]: Process '/sbin/ip link set tap3a379907-4c txqueuelen 10000' failed with exit code 1.
Jun 26 16:53:50 gtw01 systemd-udevd[28631]: Could not generate persistent MAC address for tap977dfe9c-4d: No such file or directory
Jun 26 16:53:50 gtw01 kernel: [10903.241366] device tap0440cf3c-94 entered promiscuous mode
Jun 26 16:53:50 gtw01 systemd-udevd[28717]: Could not generate persistent MAC address for tap0440cf3c-94: No such file or directory
Jun 26 16:53:51 gtw01 dnsmasq[27368]: read /var/lib/neutron/dhcp/65c9da03-4f49-44bf-abad-fed1f2d329cf/addn_hosts - 2 addresses
Jun 26 16:53:51 gtw01 dnsmasq-dhcp[27368]: read /var/lib/neutron/dhcp/65c9da03-4f49-44bf-abad-fed1f2d329cf/host
Jun 26 16:53:51 gtw01 dnsmasq-dhcp[27368]: read /var/lib/neutron/dhcp/65c9da03-4f49-44bf-abad-fed1f2d329cf/opts
Jun 26 16:53:52 gtw01 dnsmasq[27530]: read /var/lib/neutron/dhcp/b2af285d-309f-4f7e-8e78-df0b1a3161b7/addn_hosts - 2 addresses
Jun 26 16:53:52 gtw01 dnsmasq-dhcp[27530]: read /var/lib/neutron/dhcp/b2af285d-309f-4f7e-8e78-df0b1a3161b7/host
Jun 26 16:53:52 gtw01 dnsmasq-dhcp[27530]: read /var/lib/neutron/dhcp/b2af285d-309f-4f7e-8e78-df0b1a3161b7/opts
Jun 26 16:53:52 gtw01 dnsmasq[26651]: read /var/lib/neutron/dhcp/c09c7782-1f2f-4110-bc4e-c98d3b5718e1/addn_hosts - 2 addresses
Jun 26 16:53:52 gtw01 dnsmasq-dhcp[26651]: read /var/lib/neutron/dhcp/c09c7782-1f2f-4110-bc4e-c98d3b5718e1/host
Jun 26 16:53:52 gtw01 dnsmasq-dhcp[26651]: read /var/lib/neutron/dhcp/c09c7782-1f2f-4110-bc4e-c98d3b5718e1/opts
Jun 26 16:53:53 gtw01 dnsmasq[27368]: read /var/lib/neutron/dhcp/65c9da03-4f49-44bf-abad-fed1f2d329cf/addn_hosts - 2 addresses
Jun 26 16:53:53 gtw01 dnsmasq-dhcp[27368]: read /var/lib/neutron/dhcp/65c9da03-4f49-44bf-abad-fed1f2d329cf/host
Jun 26 16:53:53 gtw01 dnsmasq-dhcp[27368]: read /var/lib/neutron/dhcp/65c9da03-4f49-44bf-abad-fed1f2d329cf/opts
Jun 26 16:53:53 gtw01 dnsmasq[27011]: read /var/lib/neutron/dhcp/4770c4c9-4365-46bf-bfc1-96c160f9cc31/addn_hosts - 2 addresses
Jun 26 16:53:53 gtw01 dnsmasq-dhcp[27011]: read /var/lib/neutron/dhcp/4770c4c9-4365-46bf-bfc1-96c160f9cc31/host
Jun 26 16:53:53 gtw01 dnsmasq-dhcp[27011]: read /var/lib/neutron/dhcp/4770c4c9-4365-46bf-bfc1-96c160f9cc31/opts
Jun 26 16:53:54 gtw01 dnsmasq[27339]: read /var/lib/neutron/dhcp/c117a8b9-d936-4ea3-a7b2-e9a183d593a7/addn_hosts - 2 addresses
Jun 26 16:53:54 gtw01 dnsmasq-dhcp[27339]: read /var/lib/neutron/dhcp/c117a8b9-d936-4ea3-a7b2-e9a183d593a7/host
Jun 26 16:53:54 gtw01 dnsmasq-dhcp[27339]: read /var/lib/neutron/dhcp/c117a8b9-d936-4ea3-a7b2-e9a183d593a7/opts
Jun 26 16:53:54 gtw01 dnsmasq[27449]: read /var/lib/neutron/dhcp/316aa00a-b00d-4464-bb27-0f85b269b33c/addn_hosts - 2 addresses
Jun 26 16:53:54 gtw01 dnsmasq-dhcp[27449]: read /var/lib/neutron/dhcp/316aa00a-b00d-4464-bb27-0f85b269b33c/host
Jun 26 16:53:54 gtw01 dnsmasq-dhcp[27449]: read /var/lib/neutron/dhcp/316aa00a-b00d-4464-bb27-0f85b269b33c/opts
Jun 26 16:53:55 gtw01 dnsmasq[27339]: read /var/lib/neutron/dhcp/c117a8b9-d936-4ea3-a7b2-e9a183d593a7/addn_hosts - 2 addresses
Jun 26 16:53:55 gtw01 dnsmasq-dhcp[27339]: read /var/lib/neutron/dhcp/c117a8b9-d936-4ea3-a7b2-e9a183d593a7/host
Jun 26 16:53:55 gtw01 dnsmasq-dhcp[27339]: read /var/lib/neutron/dhcp/c117a8b9-d936-4ea3-a7b2-e9a183d593a7/opts
Jun 26 16:53:56 gtw01 dnsmasq[27530]: read /var/lib/neutron/dhcp/b2af285d-309f-4f7e-8e78-df0b1a3161b7/addn_hosts - 2 addresses
Jun 26 16:53:56 gtw01 dnsmasq-dhcp[27530]: read /var/lib/neutron/dhcp/b2af285d-309f-4f7e-8e78-df0b1a3161b7/host
Jun 26 16:53:56 gtw01 dnsmasq-dhcp[27530]: read /var/lib/neutron/dhcp/b2af285d-309f-4f7e-8e78-df0b1a3161b7/opts
Jun 26 16:53:57 gtw01 systemd-udevd[28984]: Process '/sbin/ip link set tap977dfe9c-4d txqueuelen 10000' failed with exit code 1.
Jun 26 16:53:57 gtw01 kernel: [10910.244052] device tap1add6e5b-64 left promiscuous mode
Jun 26 16:53:57 gtw01 kernel: [10910.261831] device tap622ecf6f-01 left promiscuous mode
Jun 26 16:53:57 gtw01 dnsmasq[27011]: read /var/lib/neutron/dhcp/4770c4c9-4365-46bf-bfc1-96c160f9cc31/addn_hosts - 2 addresses
Jun 26 16:53:57 gtw01 dnsmasq-dhcp[27011]: read /var/lib/neutron/dhcp/4770c4c9-4365-46bf-bfc1-96c160f9cc31/host
Jun 26 16:53:57 gtw01 dnsmasq-dhcp[27011]: read /var/lib/neutron/dhcp/4770c4c9-4365-46bf-bfc1-96c160f9cc31/opts
Jun 26 16:53:57 gtw01 systemd-udevd[29014]: Process '/sbin/ip link set tap0440cf3c-94 txqueuelen 10000' failed with exit code 1.
Jun 26 16:53:59 gtw01 dnsmasq[29098]: started, version 2.80 cachesize 150
Jun 26 16:53:59 gtw01 dnsmasq[29098]: DNS service limited to local subnets
Jun 26 16:53:59 gtw01 dnsmasq[29098]: compile time options: IPv6 GNU-getopt DBus i18n IDN DHCP DHCPv6 no-Lua TFTP conntrack ipset auth DNSSEC loop-detect inotify dumpfile
Jun 26 16:53:59 gtw01 dnsmasq[29098]: warning: no upstream servers configured
Jun 26 16:53:59 gtw01 dnsmasq-dhcp[29098]: DHCP, static leases only on 192.168.120.0, lease time 1h
Jun 26 16:53:59 gtw01 dnsmasq[29098]: read /var/lib/neutron/dhcp/91dafaf2-85e0-4f64-88f8-83a498cf6512/addn_hosts - 2 addresses
Jun 26 16:53:59 gtw01 dnsmasq-dhcp[29098]: read /var/lib/neutron/dhcp/91dafaf2-85e0-4f64-88f8-83a498cf6512/host
Jun 26 16:53:59 gtw01 dnsmasq-dhcp[29098]: read /var/lib/neutron/dhcp/91dafaf2-85e0-4f64-88f8-83a498cf6512/opts
Jun 26 16:53:59 gtw01 dnsmasq[27530]: read /var/lib/neutron/dhcp/b2af285d-309f-4f7e-8e78-df0b1a3161b7/addn_hosts - 2 addresses
Jun 26 16:53:59 gtw01 dnsmasq-dhcp[27530]: read /var/lib/neutron/dhcp/b2af285d-309f-4f7e-8e78-df0b1a3161b7/host
Jun 26 16:53:59 gtw01 dnsmasq-dhcp[27530]: read /var/lib/neutron/dhcp/b2af285d-309f-4f7e-8e78-df0b1a3161b7/opts
