Jun 26 17:53:14 gtw01 dnsmasq[9158]: read /var/lib/neutron/dhcp/b0471629-871e-4996-8fc2-5a409053d78c/addn_hosts - 2 addresses
Jun 26 17:53:14 gtw01 dnsmasq-dhcp[9158]: read /var/lib/neutron/dhcp/b0471629-871e-4996-8fc2-5a409053d78c/host
Jun 26 17:53:14 gtw01 dnsmasq-dhcp[9158]: read /var/lib/neutron/dhcp/b0471629-871e-4996-8fc2-5a409053d78c/opts
Jun 26 17:53:14 gtw01 dnsmasq[7500]: read /var/lib/neutron/dhcp/9196585d-594d-444a-8f34-3de696aea027/addn_hosts - 1 addresses
Jun 26 17:53:14 gtw01 dnsmasq-dhcp[7500]: read /var/lib/neutron/dhcp/9196585d-594d-444a-8f34-3de696aea027/host
Jun 26 17:53:14 gtw01 dnsmasq-dhcp[7500]: read /var/lib/neutron/dhcp/9196585d-594d-444a-8f34-3de696aea027/opts
Jun 26 17:53:15 gtw01 dnsmasq[8554]: read /var/lib/neutron/dhcp/cec45ca9-cb58-4660-8969-6dc3a87cd49e/addn_hosts - 2 addresses
Jun 26 17:53:15 gtw01 dnsmasq-dhcp[8554]: read /var/lib/neutron/dhcp/cec45ca9-cb58-4660-8969-6dc3a87cd49e/host
Jun 26 17:53:15 gtw01 dnsmasq-dhcp[8554]: read /var/lib/neutron/dhcp/cec45ca9-cb58-4660-8969-6dc3a87cd49e/opts
Jun 26 17:53:15 gtw01 haproxy-metadata-proxy-b0471629-871e-4996-8fc2-5a409053d78c[9179]: Proxy listener started.
Jun 26 17:53:16 gtw01 dnsmasq[8614]: read /var/lib/neutron/dhcp/0ed7a62e-5585-493c-9681-f21fa4c91ff3/addn_hosts - 2 addresses
Jun 26 17:53:16 gtw01 dnsmasq-dhcp[8614]: read /var/lib/neutron/dhcp/0ed7a62e-5585-493c-9681-f21fa4c91ff3/host
Jun 26 17:53:16 gtw01 dnsmasq-dhcp[8614]: read /var/lib/neutron/dhcp/0ed7a62e-5585-493c-9681-f21fa4c91ff3/opts
Jun 26 17:53:16 gtw01 dnsmasq-dhcp[9158]: DHCPRELEASE(tapd31b45f3-9a) 1.1.0.45 fa:16:3e:3a:af:d3
Jun 26 17:53:16 gtw01 dnsmasq[7853]: read /var/lib/neutron/dhcp/e9835002-4b0c-49ef-88f9-cb3b0a5afd43/addn_hosts - 1 addresses
Jun 26 17:53:16 gtw01 dnsmasq-dhcp[7853]: read /var/lib/neutron/dhcp/e9835002-4b0c-49ef-88f9-cb3b0a5afd43/host
Jun 26 17:53:16 gtw01 dnsmasq-dhcp[7853]: read /var/lib/neutron/dhcp/e9835002-4b0c-49ef-88f9-cb3b0a5afd43/opts
Jun 26 17:53:16 gtw01 dnsmasq[9228]: started, version 2.80 cachesize 150
Jun 26 17:53:16 gtw01 dnsmasq[9228]: DNS service limited to local subnets
Jun 26 17:53:16 gtw01 dnsmasq[9228]: compile time options: IPv6 GNU-getopt DBus i18n IDN DHCP DHCPv6 no-Lua TFTP conntrack ipset auth DNSSEC loop-detect inotify dumpfile
Jun 26 17:53:16 gtw01 dnsmasq[9228]: LOUD WARNING: listening on 1.1.0.50 may accept requests via interfaces other than tap03e596ea-db
Jun 26 17:53:16 gtw01 dnsmasq[9228]: LOUD WARNING: use --bind-dynamic rather than --bind-interfaces to avoid DNS amplification attacks via these interface(s)
Jun 26 17:53:16 gtw01 dnsmasq[9228]: warning: no upstream servers configured
Jun 26 17:53:16 gtw01 dnsmasq-dhcp[9228]: DHCP, static leases only on 1.1.0.48, lease time 1h
Jun 26 17:53:16 gtw01 dnsmasq[9228]: read /var/lib/neutron/dhcp/419f1762-492b-4744-86be-141efd8b2953/addn_hosts - 2 addresses
Jun 26 17:53:16 gtw01 dnsmasq-dhcp[9228]: read /var/lib/neutron/dhcp/419f1762-492b-4744-86be-141efd8b2953/host
Jun 26 17:53:16 gtw01 dnsmasq-dhcp[9228]: read /var/lib/neutron/dhcp/419f1762-492b-4744-86be-141efd8b2953/opts
Jun 26 17:53:16 gtw01 dnsmasq[8366]: read /var/lib/neutron/dhcp/dc8915e2-1d39-4f32-9fbd-90560e571681/addn_hosts - 1 addresses
Jun 26 17:53:16 gtw01 dnsmasq-dhcp[8366]: read /var/lib/neutron/dhcp/dc8915e2-1d39-4f32-9fbd-90560e571681/host
Jun 26 17:53:16 gtw01 dnsmasq-dhcp[8366]: read /var/lib/neutron/dhcp/dc8915e2-1d39-4f32-9fbd-90560e571681/opts
Jun 26 17:53:16 gtw01 dnsmasq[8374]: read /var/lib/neutron/dhcp/07010388-bba4-4cd2-a233-a8a83e198083/addn_hosts - 1 addresses
Jun 26 17:53:16 gtw01 dnsmasq-dhcp[8374]: read /var/lib/neutron/dhcp/07010388-bba4-4cd2-a233-a8a83e198083/host
Jun 26 17:53:16 gtw01 dnsmasq-dhcp[8374]: read /var/lib/neutron/dhcp/07010388-bba4-4cd2-a233-a8a83e198083/opts
Jun 26 17:53:17 gtw01 haproxy-metadata-proxy-419f1762-492b-4744-86be-141efd8b2953[9254]: Proxy listener started.
Jun 26 17:53:18 gtw01 dnsmasq[9158]: read /var/lib/neutron/dhcp/b0471629-871e-4996-8fc2-5a409053d78c/addn_hosts - 1 addresses
Jun 26 17:53:18 gtw01 dnsmasq-dhcp[9158]: read /var/lib/neutron/dhcp/b0471629-871e-4996-8fc2-5a409053d78c/host
Jun 26 17:53:18 gtw01 dnsmasq-dhcp[9158]: read /var/lib/neutron/dhcp/b0471629-871e-4996-8fc2-5a409053d78c/opts
Jun 26 17:53:18 gtw01 dnsmasq[8554]: read /var/lib/neutron/dhcp/cec45ca9-cb58-4660-8969-6dc3a87cd49e/addn_hosts - 2 addresses
Jun 26 17:53:18 gtw01 dnsmasq-dhcp[8554]: read /var/lib/neutron/dhcp/cec45ca9-cb58-4660-8969-6dc3a87cd49e/host
Jun 26 17:53:18 gtw01 dnsmasq-dhcp[8554]: read /var/lib/neutron/dhcp/cec45ca9-cb58-4660-8969-6dc3a87cd49e/opts
Jun 26 17:53:18 gtw01 dnsmasq-dhcp[9228]: DHCPRELEASE(tap03e596ea-db) 1.1.0.49 fa:16:3e:bb:8a:c8
Jun 26 17:53:18 gtw01 dnsmasq[8614]: read /var/lib/neutron/dhcp/0ed7a62e-5585-493c-9681-f21fa4c91ff3/addn_hosts - 2 addresses
Jun 26 17:53:18 gtw01 dnsmasq-dhcp[8614]: read /var/lib/neutron/dhcp/0ed7a62e-5585-493c-9681-f21fa4c91ff3/host
Jun 26 17:53:18 gtw01 dnsmasq-dhcp[8614]: read /var/lib/neutron/dhcp/0ed7a62e-5585-493c-9681-f21fa4c91ff3/opts
Jun 26 17:53:19 gtw01 dnsmasq[9228]: read /var/lib/neutron/dhcp/419f1762-492b-4744-86be-141efd8b2953/addn_hosts - 1 addresses
Jun 26 17:53:19 gtw01 dnsmasq-dhcp[9228]: read /var/lib/neutron/dhcp/419f1762-492b-4744-86be-141efd8b2953/host
Jun 26 17:53:19 gtw01 dnsmasq-dhcp[9228]: read /var/lib/neutron/dhcp/419f1762-492b-4744-86be-141efd8b2953/opts
Jun 26 17:53:20 gtw01 dnsmasq[9158]: read /var/lib/neutron/dhcp/b0471629-871e-4996-8fc2-5a409053d78c/addn_hosts - 2 addresses
Jun 26 17:53:20 gtw01 dnsmasq-dhcp[9158]: read /var/lib/neutron/dhcp/b0471629-871e-4996-8fc2-5a409053d78c/host
Jun 26 17:53:20 gtw01 dnsmasq-dhcp[9158]: read /var/lib/neutron/dhcp/b0471629-871e-4996-8fc2-5a409053d78c/opts
Jun 26 17:53:20 gtw01 dnsmasq[8554]: read /var/lib/neutron/dhcp/cec45ca9-cb58-4660-8969-6dc3a87cd49e/addn_hosts - 1 addresses
Jun 26 17:53:20 gtw01 dnsmasq-dhcp[8554]: read /var/lib/neutron/dhcp/cec45ca9-cb58-4660-8969-6dc3a87cd49e/host
Jun 26 17:53:20 gtw01 dnsmasq-dhcp[8554]: read /var/lib/neutron/dhcp/cec45ca9-cb58-4660-8969-6dc3a87cd49e/opts
Jun 26 17:53:20 gtw01 dnsmasq[8614]: read /var/lib/neutron/dhcp/0ed7a62e-5585-493c-9681-f21fa4c91ff3/addn_hosts - 1 addresses
Jun 26 17:53:20 gtw01 dnsmasq-dhcp[8614]: read /var/lib/neutron/dhcp/0ed7a62e-5585-493c-9681-f21fa4c91ff3/host
Jun 26 17:53:20 gtw01 dnsmasq-dhcp[8614]: read /var/lib/neutron/dhcp/0ed7a62e-5585-493c-9681-f21fa4c91ff3/opts
Jun 26 17:53:21 gtw01 dnsmasq[9228]: read /var/lib/neutron/dhcp/419f1762-492b-4744-86be-141efd8b2953/addn_hosts - 2 addresses
Jun 26 17:53:21 gtw01 dnsmasq-dhcp[9228]: read /var/lib/neutron/dhcp/419f1762-492b-4744-86be-141efd8b2953/host
Jun 26 17:53:21 gtw01 dnsmasq-dhcp[9228]: read /var/lib/neutron/dhcp/419f1762-492b-4744-86be-141efd8b2953/opts
Jun 26 17:53:21 gtw01 dnsmasq[9158]: read /var/lib/neutron/dhcp/b0471629-871e-4996-8fc2-5a409053d78c/addn_hosts - 2 addresses
Jun 26 17:53:21 gtw01 dnsmasq-dhcp[9158]: read /var/lib/neutron/dhcp/b0471629-871e-4996-8fc2-5a409053d78c/host
Jun 26 17:53:21 gtw01 dnsmasq-dhcp[9158]: read /var/lib/neutron/dhcp/b0471629-871e-4996-8fc2-5a409053d78c/opts
Jun 26 17:53:22 gtw01 kernel: [14475.755101] device tapc03f9a2c-62 left promiscuous mode
Jun 26 17:53:23 gtw01 kernel: [14476.265613] device tape924fb02-15 left promiscuous mode
Jun 26 17:53:23 gtw01 kernel: [14476.287662] device tapa50726c6-c6 left promiscuous mode
Jun 26 17:53:23 gtw01 kernel: [14476.308156] device tapa5a3089e-17 left promiscuous mode
Jun 26 17:53:23 gtw01 dnsmasq[9228]: read /var/lib/neutron/dhcp/419f1762-492b-4744-86be-141efd8b2953/addn_hosts - 2 addresses
Jun 26 17:53:23 gtw01 dnsmasq-dhcp[9228]: read /var/lib/neutron/dhcp/419f1762-492b-4744-86be-141efd8b2953/host
Jun 26 17:53:23 gtw01 dnsmasq-dhcp[9228]: read /var/lib/neutron/dhcp/419f1762-492b-4744-86be-141efd8b2953/opts
Jun 26 17:53:23 gtw01 kernel: [14476.621793] device tapf4457309-6f left promiscuous mode
Jun 26 17:53:23 gtw01 dnsmasq[9158]: read /var/lib/neutron/dhcp/b0471629-871e-4996-8fc2-5a409053d78c/addn_hosts - 2 addresses
Jun 26 17:53:23 gtw01 dnsmasq-dhcp[9158]: read /var/lib/neutron/dhcp/b0471629-871e-4996-8fc2-5a409053d78c/host
Jun 26 17:53:23 gtw01 dnsmasq-dhcp[9158]: read /var/lib/neutron/dhcp/b0471629-871e-4996-8fc2-5a409053d78c/opts
Jun 26 17:53:24 gtw01 kernel: [14476.971243] device tap7532d34e-52 left promiscuous mode
Jun 26 17:53:25 gtw01 kernel: [14477.831502] device tap3e44fb0a-9a left promiscuous mode
Jun 26 17:53:25 gtw01 kernel: [14477.886467] device tapdd054165-ff left promiscuous mode
Jun 26 17:53:25 gtw01 kernel: [14478.266858] device tap03e596ea-db left promiscuous mode
Jun 26 17:53:25 gtw01 kernel: [14478.348699] device tapd31b45f3-9a left promiscuous mode
Jun 26 17:54:00 gtw01 kernel: [14513.420153] device tap240954ed-cb entered promiscuous mode
Jun 26 17:54:00 gtw01 systemd-udevd[9554]: Process '/sbin/ip link set tap240954ed-cb txqueuelen 10000' failed with exit code 1.
Jun 26 17:54:00 gtw01 systemd-udevd[9554]: Process '/sbin/ip link set tap240954ed-cb txqueuelen 10000' failed with exit code 1.
Jun 26 17:54:02 gtw01 kernel: [14515.543576] device tap2b2201fb-cc entered promiscuous mode
Jun 26 17:54:02 gtw01 systemd-udevd[9687]: Could not generate persistent MAC address for tap2b2201fb-cc: No such file or directory
Jun 26 17:54:03 gtw01 systemd-udevd[9768]: Process '/sbin/ip link set tap2b2201fb-cc txqueuelen 10000' failed with exit code 1.
Jun 26 17:54:04 gtw01 kernel: [14517.015222] device tap75885976-34 entered promiscuous mode
Jun 26 17:54:04 gtw01 systemd-udevd[9826]: Could not generate persistent MAC address for tap75885976-34: No such file or directory
Jun 26 17:54:04 gtw01 systemd-udevd[9826]: Process '/sbin/ip link set tap75885976-34 txqueuelen 10000' failed with exit code 1.
Jun 26 17:54:04 gtw01 kernel: [14517.639626] device tapa0ad0d58-b4 entered promiscuous mode
Jun 26 17:54:05 gtw01 systemd-udevd[9925]: Process '/sbin/ip link set tapa0ad0d58-b4 txqueuelen 10000' failed with exit code 1.
Jun 26 17:54:05 gtw01 systemd-udevd[9925]: Process '/sbin/ip link set tapa0ad0d58-b4 txqueuelen 10000' failed with exit code 1.
Jun 26 17:54:05 gtw01 kernel: [14518.299816] device tap62d7e889-26 entered promiscuous mode
Jun 26 17:54:05 gtw01 systemd-udevd[10033]: Could not generate persistent MAC address for tap62d7e889-26: No such file or directory
Jun 26 17:54:05 gtw01 systemd-udevd[10101]: Process '/sbin/ip link set tap62d7e889-26 txqueuelen 10000' failed with exit code 1.
Jun 26 17:54:06 gtw01 dnsmasq[10160]: started, version 2.80 cachesize 150
Jun 26 17:54:06 gtw01 dnsmasq[10160]: DNS service limited to local subnets
Jun 26 17:54:06 gtw01 dnsmasq[10160]: compile time options: IPv6 GNU-getopt DBus i18n IDN DHCP DHCPv6 no-Lua TFTP conntrack ipset auth DNSSEC loop-detect inotify dumpfile
Jun 26 17:54:06 gtw01 dnsmasq[10160]: LOUD WARNING: listening on 1.17.0.2 may accept requests via interfaces other than tap240954ed-cb
Jun 26 17:54:06 gtw01 dnsmasq[10160]: LOUD WARNING: use --bind-dynamic rather than --bind-interfaces to avoid DNS amplification attacks via these interface(s)
Jun 26 17:54:06 gtw01 dnsmasq[10160]: warning: no upstream servers configured
Jun 26 17:54:06 gtw01 dnsmasq-dhcp[10160]: DHCP, static leases only on 1.17.0.0, lease time 1h
Jun 26 17:54:06 gtw01 dnsmasq[10160]: read /var/lib/neutron/dhcp/ecbd40a7-d5cb-49fb-817b-fc33ff378608/addn_hosts - 1 addresses
Jun 26 17:54:06 gtw01 dnsmasq-dhcp[10160]: read /var/lib/neutron/dhcp/ecbd40a7-d5cb-49fb-817b-fc33ff378608/host
Jun 26 17:54:06 gtw01 dnsmasq-dhcp[10160]: read /var/lib/neutron/dhcp/ecbd40a7-d5cb-49fb-817b-fc33ff378608/opts
Jun 26 17:54:07 gtw01 haproxy-metadata-proxy-ecbd40a7-d5cb-49fb-817b-fc33ff378608[10192]: Proxy listener started.
Jun 26 17:54:08 gtw01 salt-minion[6412]: [INFO    ] Running scheduled job: __mine_interval
Jun 26 17:54:08 gtw01 kernel: [14521.607595] device tap43a329e2-73 entered promiscuous mode
Jun 26 17:54:08 gtw01 kernel: [14521.748432] device tap85825ac9-fa entered promiscuous mode
Jun 26 17:54:09 gtw01 systemd-udevd[10304]: Could not generate persistent MAC address for tap85825ac9-fa: No such file or directory
Jun 26 17:54:09 gtw01 systemd-udevd[10245]: Process '/sbin/ip link set tap43a329e2-73 txqueuelen 10000' failed with exit code 1.
Jun 26 17:54:09 gtw01 systemd-udevd[10410]: Process '/sbin/ip link set tap85825ac9-fa txqueuelen 10000' failed with exit code 1.
Jun 26 17:54:09 gtw01 kernel: [14522.573887] device tap240954ed-cb left promiscuous mode
Jun 26 17:54:10 gtw01 kernel: [14523.447622] device tap69ba9fe6-40 entered promiscuous mode
Jun 26 17:54:10 gtw01 systemd-udevd[10475]: Could not generate persistent MAC address for tap69ba9fe6-40: No such file or directory
Jun 26 17:54:11 gtw01 systemd-udevd[10555]: Process '/sbin/ip link set tap69ba9fe6-40 txqueuelen 10000' failed with exit code 1.
Jun 26 17:54:12 gtw01 dnsmasq[10634]: started, version 2.80 cachesize 150
Jun 26 17:54:12 gtw01 dnsmasq[10634]: DNS service limited to local subnets
Jun 26 17:54:12 gtw01 dnsmasq[10634]: compile time options: IPv6 GNU-getopt DBus i18n IDN DHCP DHCPv6 no-Lua TFTP conntrack ipset auth DNSSEC loop-detect inotify dumpfile
Jun 26 17:54:12 gtw01 dnsmasq[10634]: LOUD WARNING: listening on 1.19.0.2 may accept requests via interfaces other than tap2b2201fb-cc
Jun 26 17:54:12 gtw01 dnsmasq[10634]: LOUD WARNING: use --bind-dynamic rather than --bind-interfaces to avoid DNS amplification attacks via these interface(s)
Jun 26 17:54:12 gtw01 dnsmasq[10634]: warning: no upstream servers configured
Jun 26 17:54:12 gtw01 dnsmasq-dhcp[10634]: DHCP, static leases only on 1.19.0.0, lease time 1h
Jun 26 17:54:12 gtw01 dnsmasq[10634]: read /var/lib/neutron/dhcp/bc56efa2-0ffa-44ef-bfa8-9c1bf3b4be1a/addn_hosts - 1 addresses
Jun 26 17:54:12 gtw01 dnsmasq-dhcp[10634]: read /var/lib/neutron/dhcp/bc56efa2-0ffa-44ef-bfa8-9c1bf3b4be1a/host
Jun 26 17:54:12 gtw01 dnsmasq-dhcp[10634]: read /var/lib/neutron/dhcp/bc56efa2-0ffa-44ef-bfa8-9c1bf3b4be1a/opts
Jun 26 17:54:13 gtw01 haproxy-metadata-proxy-bc56efa2-0ffa-44ef-bfa8-9c1bf3b4be1a[10664]: Proxy listener started.
Jun 26 17:54:14 gtw01 dnsmasq[10692]: started, version 2.80 cachesize 150
Jun 26 17:54:14 gtw01 dnsmasq[10692]: DNS service limited to local subnets
Jun 26 17:54:14 gtw01 dnsmasq[10692]: compile time options: IPv6 GNU-getopt DBus i18n IDN DHCP DHCPv6 no-Lua TFTP conntrack ipset auth DNSSEC loop-detect inotify dumpfile
Jun 26 17:54:14 gtw01 dnsmasq[10692]: LOUD WARNING: listening on 1.18.0.2 may accept requests via interfaces other than tap75885976-34
Jun 26 17:54:14 gtw01 dnsmasq[10692]: LOUD WARNING: use --bind-dynamic rather than --bind-interfaces to avoid DNS amplification attacks via these interface(s)
Jun 26 17:54:14 gtw01 dnsmasq[10692]: warning: no upstream servers configured
Jun 26 17:54:14 gtw01 dnsmasq-dhcp[10692]: DHCP, static leases only on 1.18.0.0, lease time 1h
Jun 26 17:54:14 gtw01 dnsmasq[10692]: read /var/lib/neutron/dhcp/6e4d6770-b254-420a-b268-e533f2c7f10f/addn_hosts - 1 addresses
Jun 26 17:54:14 gtw01 dnsmasq-dhcp[10692]: read /var/lib/neutron/dhcp/6e4d6770-b254-420a-b268-e533f2c7f10f/host
Jun 26 17:54:14 gtw01 dnsmasq-dhcp[10692]: read /var/lib/neutron/dhcp/6e4d6770-b254-420a-b268-e533f2c7f10f/opts
Jun 26 17:54:14 gtw01 dnsmasq[10702]: started, version 2.80 cachesize 150
Jun 26 17:54:14 gtw01 dnsmasq[10702]: DNS service limited to local subnets
Jun 26 17:54:14 gtw01 dnsmasq[10702]: compile time options: IPv6 GNU-getopt DBus i18n IDN DHCP DHCPv6 no-Lua TFTP conntrack ipset auth DNSSEC loop-detect inotify dumpfile
Jun 26 17:54:14 gtw01 dnsmasq[10702]: LOUD WARNING: listening on 1.20.0.2 may accept requests via interfaces other than tapa0ad0d58-b4
Jun 26 17:54:14 gtw01 dnsmasq[10702]: LOUD WARNING: use --bind-dynamic rather than --bind-interfaces to avoid DNS amplification attacks via these interface(s)
Jun 26 17:54:14 gtw01 dnsmasq[10702]: warning: no upstream servers configured
Jun 26 17:54:14 gtw01 dnsmasq-dhcp[10702]: DHCP, static leases only on 1.20.0.0, lease time 1h
Jun 26 17:54:14 gtw01 dnsmasq[10702]: read /var/lib/neutron/dhcp/892df52d-48b3-470c-971d-949b48cccdea/addn_hosts - 1 addresses
Jun 26 17:54:14 gtw01 dnsmasq-dhcp[10702]: read /var/lib/neutron/dhcp/892df52d-48b3-470c-971d-949b48cccdea/host
Jun 26 17:54:14 gtw01 dnsmasq-dhcp[10702]: read /var/lib/neutron/dhcp/892df52d-48b3-470c-971d-949b48cccdea/opts
Jun 26 17:54:14 gtw01 haproxy-metadata-proxy-6e4d6770-b254-420a-b268-e533f2c7f10f[10719]: Proxy listener started.
Jun 26 17:54:15 gtw01 haproxy-metadata-proxy-892df52d-48b3-470c-971d-949b48cccdea[10729]: Proxy listener started.
Jun 26 17:54:15 gtw01 kernel: [14528.099248] device tap2b2201fb-cc left promiscuous mode
Jun 26 17:54:15 gtw01 dnsmasq[10743]: started, version 2.80 cachesize 150
Jun 26 17:54:15 gtw01 dnsmasq[10743]: DNS service limited to local subnets
Jun 26 17:54:15 gtw01 dnsmasq[10743]: compile time options: IPv6 GNU-getopt DBus i18n IDN DHCP DHCPv6 no-Lua TFTP conntrack ipset auth DNSSEC loop-detect inotify dumpfile
Jun 26 17:54:15 gtw01 dnsmasq[10743]: LOUD WARNING: listening on 1.21.0.2 may accept requests via interfaces other than tap62d7e889-26
Jun 26 17:54:15 gtw01 dnsmasq[10743]: LOUD WARNING: use --bind-dynamic rather than --bind-interfaces to avoid DNS amplification attacks via these interface(s)
Jun 26 17:54:15 gtw01 dnsmasq[10743]: warning: no upstream servers configured
Jun 26 17:54:15 gtw01 dnsmasq-dhcp[10743]: DHCP, static leases only on 1.21.0.0, lease time 1h
Jun 26 17:54:15 gtw01 dnsmasq[10743]: read /var/lib/neutron/dhcp/889cc381-aae4-4a29-acec-0ed92b1bade0/addn_hosts - 1 addresses
Jun 26 17:54:15 gtw01 dnsmasq-dhcp[10743]: read /var/lib/neutron/dhcp/889cc381-aae4-4a29-acec-0ed92b1bade0/host
Jun 26 17:54:15 gtw01 dnsmasq-dhcp[10743]: read /var/lib/neutron/dhcp/889cc381-aae4-4a29-acec-0ed92b1bade0/opts
Jun 26 17:54:16 gtw01 haproxy-metadata-proxy-889cc381-aae4-4a29-acec-0ed92b1bade0[10765]: Proxy listener started.
Jun 26 17:54:16 gtw01 kernel: [14529.380325] device tap75885976-34 left promiscuous mode
Jun 26 17:54:16 gtw01 kernel: [14529.675669] device tapa0ad0d58-b4 left promiscuous mode
Jun 26 17:54:17 gtw01 kernel: [14530.220612] device tap62d7e889-26 left promiscuous mode
Jun 26 17:54:17 gtw01 dnsmasq[10829]: started, version 2.80 cachesize 150
Jun 26 17:54:17 gtw01 dnsmasq[10829]: DNS service limited to local subnets
Jun 26 17:54:17 gtw01 dnsmasq[10829]: compile time options: IPv6 GNU-getopt DBus i18n IDN DHCP DHCPv6 no-Lua TFTP conntrack ipset auth DNSSEC loop-detect inotify dumpfile
Jun 26 17:54:17 gtw01 dnsmasq[10829]: LOUD WARNING: listening on 1.23.0.2 may accept requests via interfaces other than tap85825ac9-fa
Jun 26 17:54:17 gtw01 dnsmasq[10829]: LOUD WARNING: use --bind-dynamic rather than --bind-interfaces to avoid DNS amplification attacks via these interface(s)
Jun 26 17:54:17 gtw01 dnsmasq[10829]: warning: no upstream servers configured
Jun 26 17:54:17 gtw01 dnsmasq-dhcp[10829]: DHCP, static leases only on 1.23.0.0, lease time 1h
Jun 26 17:54:17 gtw01 dnsmasq[10829]: read /var/lib/neutron/dhcp/707e0d48-6ebd-4910-aea2-947dfa4ce431/addn_hosts - 1 addresses
Jun 26 17:54:17 gtw01 dnsmasq-dhcp[10829]: read /var/lib/neutron/dhcp/707e0d48-6ebd-4910-aea2-947dfa4ce431/host
Jun 26 17:54:17 gtw01 dnsmasq-dhcp[10829]: read /var/lib/neutron/dhcp/707e0d48-6ebd-4910-aea2-947dfa4ce431/opts
Jun 26 17:54:17 gtw01 dnsmasq[10834]: started, version 2.80 cachesize 150
Jun 26 17:54:17 gtw01 dnsmasq[10834]: DNS service limited to local subnets
Jun 26 17:54:17 gtw01 dnsmasq[10834]: compile time options: IPv6 GNU-getopt DBus i18n IDN DHCP DHCPv6 no-Lua TFTP conntrack ipset auth DNSSEC loop-detect inotify dumpfile
Jun 26 17:54:17 gtw01 dnsmasq[10834]: LOUD WARNING: listening on 1.22.0.2 may accept requests via interfaces other than tap43a329e2-73
Jun 26 17:54:17 gtw01 dnsmasq[10834]: LOUD WARNING: use --bind-dynamic rather than --bind-interfaces to avoid DNS amplification attacks via these interface(s)
Jun 26 17:54:17 gtw01 dnsmasq[10834]: warning: no upstream servers configured
Jun 26 17:54:17 gtw01 dnsmasq-dhcp[10834]: DHCP, static leases only on 1.22.0.0, lease time 1h
Jun 26 17:54:17 gtw01 dnsmasq[10834]: read /var/lib/neutron/dhcp/69f19197-bd2d-4383-b15a-a3d301a38864/addn_hosts - 1 addresses
Jun 26 17:54:17 gtw01 dnsmasq-dhcp[10834]: read /var/lib/neutron/dhcp/69f19197-bd2d-4383-b15a-a3d301a38864/host
Jun 26 17:54:17 gtw01 dnsmasq-dhcp[10834]: read /var/lib/neutron/dhcp/69f19197-bd2d-4383-b15a-a3d301a38864/opts
Jun 26 17:54:18 gtw01 dnsmasq[10842]: started, version 2.80 cachesize 150
Jun 26 17:54:18 gtw01 dnsmasq[10842]: DNS service limited to local subnets
Jun 26 17:54:18 gtw01 dnsmasq[10842]: compile time options: IPv6 GNU-getopt DBus i18n IDN DHCP DHCPv6 no-Lua TFTP conntrack ipset auth DNSSEC loop-detect inotify dumpfile
Jun 26 17:54:18 gtw01 dnsmasq[10842]: LOUD WARNING: listening on 1.24.0.2 may accept requests via interfaces other than tap69ba9fe6-40
Jun 26 17:54:18 gtw01 dnsmasq[10842]: LOUD WARNING: use --bind-dynamic rather than --bind-interfaces to avoid DNS amplification attacks via these interface(s)
Jun 26 17:54:18 gtw01 dnsmasq[10842]: warning: no upstream servers configured
Jun 26 17:54:18 gtw01 dnsmasq-dhcp[10842]: DHCP, static leases only on 1.24.0.0, lease time 1h
Jun 26 17:54:18 gtw01 dnsmasq[10842]: read /var/lib/neutron/dhcp/c61457a0-297c-4f03-94c9-6af5f2980424/addn_hosts - 1 addresses
Jun 26 17:54:18 gtw01 dnsmasq-dhcp[10842]: read /var/lib/neutron/dhcp/c61457a0-297c-4f03-94c9-6af5f2980424/host
Jun 26 17:54:18 gtw01 dnsmasq-dhcp[10842]: read /var/lib/neutron/dhcp/c61457a0-297c-4f03-94c9-6af5f2980424/opts
Jun 26 17:54:18 gtw01 haproxy-metadata-proxy-69f19197-bd2d-4383-b15a-a3d301a38864[10843]: Proxy listener started.
Jun 26 17:54:18 gtw01 haproxy-metadata-proxy-707e0d48-6ebd-4910-aea2-947dfa4ce431[10846]: Proxy listener started.
Jun 26 17:54:18 gtw01 haproxy-metadata-proxy-c61457a0-297c-4f03-94c9-6af5f2980424[10850]: Proxy listener started.
Jun 26 17:54:19 gtw01 kernel: [14531.889933] device tap85825ac9-fa left promiscuous mode
Jun 26 17:54:19 gtw01 kernel: [14531.970180] device tap43a329e2-73 left promiscuous mode
Jun 26 17:54:19 gtw01 kernel: [14532.119301] device tap69ba9fe6-40 left promiscuous mode
Jun 26 17:55:34 gtw01 kernel: [14607.210497] device tap8cd09e9a-ac entered promiscuous mode
Jun 26 17:55:34 gtw01 systemd-udevd[10900]: Could not generate persistent MAC address for tap8cd09e9a-ac: No such file or directory
Jun 26 17:55:34 gtw01 systemd-udevd[10900]: Process '/sbin/ip link set tap8cd09e9a-ac txqueuelen 10000' failed with exit code 1.
Jun 26 17:55:34 gtw01 systemd-udevd[10900]: Process '/sbin/ip link set tap8cd09e9a-ac txqueuelen 10000' failed with exit code 1.
Jun 26 17:55:35 gtw01 kernel: [14608.573551] device tap0b8c0024-f7 entered promiscuous mode
Jun 26 17:55:35 gtw01 systemd-udevd[11018]: Could not generate persistent MAC address for tap0b8c0024-f7: No such file or directory
Jun 26 17:55:35 gtw01 systemd-udevd[11086]: Process '/sbin/ip link set tap0b8c0024-f7 txqueuelen 10000' failed with exit code 1.
Jun 26 17:55:37 gtw01 kernel: [14609.929212] device tap62c0c48c-8f entered promiscuous mode
Jun 26 17:55:37 gtw01 systemd-udevd[11152]: Could not generate persistent MAC address for tap62c0c48c-8f: No such file or directory
Jun 26 17:55:37 gtw01 systemd-udevd[11152]: Process '/sbin/ip link set tap62c0c48c-8f txqueuelen 10000' failed with exit code 1.
Jun 26 17:55:38 gtw01 dnsmasq[11279]: started, version 2.80 cachesize 150
Jun 26 17:55:38 gtw01 dnsmasq[11279]: DNS service limited to local subnets
Jun 26 17:55:38 gtw01 dnsmasq[11279]: compile time options: IPv6 GNU-getopt DBus i18n IDN DHCP DHCPv6 no-Lua TFTP conntrack ipset auth DNSSEC loop-detect inotify dumpfile
Jun 26 17:55:38 gtw01 dnsmasq[11279]: warning: no upstream servers configured
Jun 26 17:55:38 gtw01 dnsmasq-dhcp[11279]: DHCP, static leases only on 10.2.23.0, lease time 1h
Jun 26 17:55:38 gtw01 dnsmasq[11279]: read /var/lib/neutron/dhcp/4150e3d4-5677-43fc-868f-e5ad4e6f9653/addn_hosts - 1 addresses
Jun 26 17:55:38 gtw01 dnsmasq-dhcp[11279]: read /var/lib/neutron/dhcp/4150e3d4-5677-43fc-868f-e5ad4e6f9653/host
Jun 26 17:55:38 gtw01 dnsmasq-dhcp[11279]: read /var/lib/neutron/dhcp/4150e3d4-5677-43fc-868f-e5ad4e6f9653/opts
Jun 26 17:55:38 gtw01 haproxy-metadata-proxy-4150e3d4-5677-43fc-868f-e5ad4e6f9653[11290]: Proxy listener started.
Jun 26 17:55:39 gtw01 dnsmasq[11279]: read /var/lib/neutron/dhcp/4150e3d4-5677-43fc-868f-e5ad4e6f9653/addn_hosts - 1 addresses
Jun 26 17:55:39 gtw01 dnsmasq-dhcp[11279]: read /var/lib/neutron/dhcp/4150e3d4-5677-43fc-868f-e5ad4e6f9653/host
Jun 26 17:55:39 gtw01 dnsmasq-dhcp[11279]: read /var/lib/neutron/dhcp/4150e3d4-5677-43fc-868f-e5ad4e6f9653/opts
Jun 26 17:55:40 gtw01 dnsmasq[11348]: started, version 2.80 cachesize 150
Jun 26 17:55:40 gtw01 dnsmasq[11348]: DNS service limited to local subnets
Jun 26 17:55:40 gtw01 dnsmasq[11348]: compile time options: IPv6 GNU-getopt DBus i18n IDN DHCP DHCPv6 no-Lua TFTP conntrack ipset auth DNSSEC loop-detect inotify dumpfile
Jun 26 17:55:40 gtw01 dnsmasq[11348]: warning: no upstream servers configured
Jun 26 17:55:40 gtw01 dnsmasq-dhcp[11348]: DHCP, static leases only on 10.2.24.0, lease time 1h
Jun 26 17:55:40 gtw01 dnsmasq[11348]: read /var/lib/neutron/dhcp/b96358d2-4f2b-4c3a-bae9-84b661966d9a/addn_hosts - 1 addresses
Jun 26 17:55:40 gtw01 dnsmasq-dhcp[11348]: read /var/lib/neutron/dhcp/b96358d2-4f2b-4c3a-bae9-84b661966d9a/host
Jun 26 17:55:40 gtw01 dnsmasq-dhcp[11348]: read /var/lib/neutron/dhcp/b96358d2-4f2b-4c3a-bae9-84b661966d9a/opts
Jun 26 17:55:40 gtw01 haproxy-metadata-proxy-b96358d2-4f2b-4c3a-bae9-84b661966d9a[11361]: Proxy listener started.
Jun 26 17:55:41 gtw01 dnsmasq[11279]: read /var/lib/neutron/dhcp/4150e3d4-5677-43fc-868f-e5ad4e6f9653/addn_hosts - 1 addresses
Jun 26 17:55:41 gtw01 dnsmasq-dhcp[11279]: read /var/lib/neutron/dhcp/4150e3d4-5677-43fc-868f-e5ad4e6f9653/host
Jun 26 17:55:41 gtw01 dnsmasq-dhcp[11279]: read /var/lib/neutron/dhcp/4150e3d4-5677-43fc-868f-e5ad4e6f9653/opts
Jun 26 17:55:41 gtw01 dnsmasq[11392]: started, version 2.80 cachesize 150
Jun 26 17:55:41 gtw01 dnsmasq[11392]: DNS service limited to local subnets
Jun 26 17:55:41 gtw01 dnsmasq[11392]: compile time options: IPv6 GNU-getopt DBus i18n IDN DHCP DHCPv6 no-Lua TFTP conntrack ipset auth DNSSEC loop-detect inotify dumpfile
Jun 26 17:55:41 gtw01 dnsmasq[11392]: warning: no upstream servers configured
Jun 26 17:55:41 gtw01 dnsmasq-dhcp[11392]: DHCP, static leases only on 10.2.25.0, lease time 1h
Jun 26 17:55:41 gtw01 dnsmasq[11392]: read /var/lib/neutron/dhcp/acb47e5a-c130-4c9b-8e10-1da3ab704900/addn_hosts - 1 addresses
Jun 26 17:55:41 gtw01 dnsmasq-dhcp[11392]: read /var/lib/neutron/dhcp/acb47e5a-c130-4c9b-8e10-1da3ab704900/host
Jun 26 17:55:41 gtw01 dnsmasq-dhcp[11392]: read /var/lib/neutron/dhcp/acb47e5a-c130-4c9b-8e10-1da3ab704900/opts
Jun 26 17:55:41 gtw01 dnsmasq[11348]: read /var/lib/neutron/dhcp/b96358d2-4f2b-4c3a-bae9-84b661966d9a/addn_hosts - 2 addresses
Jun 26 17:55:41 gtw01 dnsmasq-dhcp[11348]: read /var/lib/neutron/dhcp/b96358d2-4f2b-4c3a-bae9-84b661966d9a/host
Jun 26 17:55:41 gtw01 dnsmasq-dhcp[11348]: read /var/lib/neutron/dhcp/b96358d2-4f2b-4c3a-bae9-84b661966d9a/opts
Jun 26 17:55:42 gtw01 haproxy-metadata-proxy-acb47e5a-c130-4c9b-8e10-1da3ab704900[11404]: Proxy listener started.
Jun 26 17:55:42 gtw01 dnsmasq[11279]: read /var/lib/neutron/dhcp/4150e3d4-5677-43fc-868f-e5ad4e6f9653/addn_hosts - 2 addresses
Jun 26 17:55:42 gtw01 dnsmasq-dhcp[11279]: read /var/lib/neutron/dhcp/4150e3d4-5677-43fc-868f-e5ad4e6f9653/host
Jun 26 17:55:42 gtw01 dnsmasq-dhcp[11279]: read /var/lib/neutron/dhcp/4150e3d4-5677-43fc-868f-e5ad4e6f9653/opts
Jun 26 17:55:43 gtw01 dnsmasq[11392]: read /var/lib/neutron/dhcp/acb47e5a-c130-4c9b-8e10-1da3ab704900/addn_hosts - 1 addresses
Jun 26 17:55:43 gtw01 dnsmasq-dhcp[11392]: read /var/lib/neutron/dhcp/acb47e5a-c130-4c9b-8e10-1da3ab704900/host
Jun 26 17:55:43 gtw01 dnsmasq-dhcp[11392]: read /var/lib/neutron/dhcp/acb47e5a-c130-4c9b-8e10-1da3ab704900/opts
Jun 26 17:55:43 gtw01 dnsmasq[11348]: read /var/lib/neutron/dhcp/b96358d2-4f2b-4c3a-bae9-84b661966d9a/addn_hosts - 2 addresses
Jun 26 17:55:43 gtw01 dnsmasq-dhcp[11348]: read /var/lib/neutron/dhcp/b96358d2-4f2b-4c3a-bae9-84b661966d9a/host
Jun 26 17:55:43 gtw01 dnsmasq-dhcp[11348]: read /var/lib/neutron/dhcp/b96358d2-4f2b-4c3a-bae9-84b661966d9a/opts
Jun 26 17:55:43 gtw01 dnsmasq[11279]: read /var/lib/neutron/dhcp/4150e3d4-5677-43fc-868f-e5ad4e6f9653/addn_hosts - 3 addresses
Jun 26 17:55:43 gtw01 dnsmasq-dhcp[11279]: read /var/lib/neutron/dhcp/4150e3d4-5677-43fc-868f-e5ad4e6f9653/host
Jun 26 17:55:43 gtw01 dnsmasq-dhcp[11279]: read /var/lib/neutron/dhcp/4150e3d4-5677-43fc-868f-e5ad4e6f9653/opts
Jun 26 17:55:44 gtw01 dnsmasq[11392]: read /var/lib/neutron/dhcp/acb47e5a-c130-4c9b-8e10-1da3ab704900/addn_hosts - 1 addresses
Jun 26 17:55:44 gtw01 dnsmasq-dhcp[11392]: read /var/lib/neutron/dhcp/acb47e5a-c130-4c9b-8e10-1da3ab704900/host
Jun 26 17:55:44 gtw01 dnsmasq-dhcp[11392]: read /var/lib/neutron/dhcp/acb47e5a-c130-4c9b-8e10-1da3ab704900/opts
Jun 26 17:55:44 gtw01 dnsmasq[11348]: read /var/lib/neutron/dhcp/b96358d2-4f2b-4c3a-bae9-84b661966d9a/addn_hosts - 3 addresses
Jun 26 17:55:44 gtw01 dnsmasq-dhcp[11348]: read /var/lib/neutron/dhcp/b96358d2-4f2b-4c3a-bae9-84b661966d9a/host
Jun 26 17:55:44 gtw01 dnsmasq-dhcp[11348]: read /var/lib/neutron/dhcp/b96358d2-4f2b-4c3a-bae9-84b661966d9a/opts
Jun 26 17:55:44 gtw01 dnsmasq[11279]: read /var/lib/neutron/dhcp/4150e3d4-5677-43fc-868f-e5ad4e6f9653/addn_hosts - 4 addresses
Jun 26 17:55:44 gtw01 dnsmasq-dhcp[11279]: read /var/lib/neutron/dhcp/4150e3d4-5677-43fc-868f-e5ad4e6f9653/host
Jun 26 17:55:44 gtw01 dnsmasq-dhcp[11279]: read /var/lib/neutron/dhcp/4150e3d4-5677-43fc-868f-e5ad4e6f9653/opts
Jun 26 17:55:45 gtw01 dnsmasq[11392]: read /var/lib/neutron/dhcp/acb47e5a-c130-4c9b-8e10-1da3ab704900/addn_hosts - 2 addresses
Jun 26 17:55:45 gtw01 dnsmasq-dhcp[11392]: read /var/lib/neutron/dhcp/acb47e5a-c130-4c9b-8e10-1da3ab704900/host
Jun 26 17:55:45 gtw01 dnsmasq-dhcp[11392]: read /var/lib/neutron/dhcp/acb47e5a-c130-4c9b-8e10-1da3ab704900/opts
Jun 26 17:55:45 gtw01 dnsmasq[11348]: read /var/lib/neutron/dhcp/b96358d2-4f2b-4c3a-bae9-84b661966d9a/addn_hosts - 4 addresses
Jun 26 17:55:45 gtw01 dnsmasq-dhcp[11348]: read /var/lib/neutron/dhcp/b96358d2-4f2b-4c3a-bae9-84b661966d9a/host
Jun 26 17:55:45 gtw01 dnsmasq-dhcp[11348]: read /var/lib/neutron/dhcp/b96358d2-4f2b-4c3a-bae9-84b661966d9a/opts
Jun 26 17:55:46 gtw01 dnsmasq[11279]: read /var/lib/neutron/dhcp/4150e3d4-5677-43fc-868f-e5ad4e6f9653/addn_hosts - 4 addresses
Jun 26 17:55:46 gtw01 dnsmasq-dhcp[11279]: read /var/lib/neutron/dhcp/4150e3d4-5677-43fc-868f-e5ad4e6f9653/host
Jun 26 17:55:46 gtw01 dnsmasq-dhcp[11279]: read /var/lib/neutron/dhcp/4150e3d4-5677-43fc-868f-e5ad4e6f9653/opts
Jun 26 17:55:47 gtw01 dnsmasq[11348]: read /var/lib/neutron/dhcp/b96358d2-4f2b-4c3a-bae9-84b661966d9a/addn_hosts - 4 addresses
Jun 26 17:55:47 gtw01 dnsmasq-dhcp[11348]: read /var/lib/neutron/dhcp/b96358d2-4f2b-4c3a-bae9-84b661966d9a/host
Jun 26 17:55:47 gtw01 dnsmasq-dhcp[11348]: read /var/lib/neutron/dhcp/b96358d2-4f2b-4c3a-bae9-84b661966d9a/opts
Jun 26 17:55:47 gtw01 dnsmasq[11392]: read /var/lib/neutron/dhcp/acb47e5a-c130-4c9b-8e10-1da3ab704900/addn_hosts - 3 addresses
Jun 26 17:55:47 gtw01 dnsmasq-dhcp[11392]: read /var/lib/neutron/dhcp/acb47e5a-c130-4c9b-8e10-1da3ab704900/host
Jun 26 17:55:47 gtw01 dnsmasq-dhcp[11392]: read /var/lib/neutron/dhcp/acb47e5a-c130-4c9b-8e10-1da3ab704900/opts
Jun 26 17:55:47 gtw01 dnsmasq[11279]: read /var/lib/neutron/dhcp/4150e3d4-5677-43fc-868f-e5ad4e6f9653/addn_hosts - 3 addresses
Jun 26 17:55:47 gtw01 dnsmasq-dhcp[11279]: read /var/lib/neutron/dhcp/4150e3d4-5677-43fc-868f-e5ad4e6f9653/host
Jun 26 17:55:47 gtw01 dnsmasq-dhcp[11279]: read /var/lib/neutron/dhcp/4150e3d4-5677-43fc-868f-e5ad4e6f9653/opts
Jun 26 17:55:48 gtw01 dnsmasq[11348]: read /var/lib/neutron/dhcp/b96358d2-4f2b-4c3a-bae9-84b661966d9a/addn_hosts - 5 addresses
Jun 26 17:55:48 gtw01 dnsmasq-dhcp[11348]: read /var/lib/neutron/dhcp/b96358d2-4f2b-4c3a-bae9-84b661966d9a/host
Jun 26 17:55:48 gtw01 dnsmasq-dhcp[11348]: read /var/lib/neutron/dhcp/b96358d2-4f2b-4c3a-bae9-84b661966d9a/opts
Jun 26 17:55:48 gtw01 dnsmasq[11392]: read /var/lib/neutron/dhcp/acb47e5a-c130-4c9b-8e10-1da3ab704900/addn_hosts - 4 addresses
Jun 26 17:55:48 gtw01 dnsmasq-dhcp[11392]: read /var/lib/neutron/dhcp/acb47e5a-c130-4c9b-8e10-1da3ab704900/host
Jun 26 17:55:48 gtw01 dnsmasq-dhcp[11392]: read /var/lib/neutron/dhcp/acb47e5a-c130-4c9b-8e10-1da3ab704900/opts
Jun 26 17:55:48 gtw01 dnsmasq[11279]: read /var/lib/neutron/dhcp/4150e3d4-5677-43fc-868f-e5ad4e6f9653/addn_hosts - 2 addresses
Jun 26 17:55:48 gtw01 dnsmasq-dhcp[11279]: read /var/lib/neutron/dhcp/4150e3d4-5677-43fc-868f-e5ad4e6f9653/host
Jun 26 17:55:48 gtw01 dnsmasq-dhcp[11279]: read /var/lib/neutron/dhcp/4150e3d4-5677-43fc-868f-e5ad4e6f9653/opts
Jun 26 17:55:49 gtw01 dnsmasq[11348]: read /var/lib/neutron/dhcp/b96358d2-4f2b-4c3a-bae9-84b661966d9a/addn_hosts - 5 addresses
Jun 26 17:55:49 gtw01 dnsmasq-dhcp[11348]: read /var/lib/neutron/dhcp/b96358d2-4f2b-4c3a-bae9-84b661966d9a/host
Jun 26 17:55:49 gtw01 dnsmasq-dhcp[11348]: read /var/lib/neutron/dhcp/b96358d2-4f2b-4c3a-bae9-84b661966d9a/opts
Jun 26 17:55:49 gtw01 dnsmasq[11392]: read /var/lib/neutron/dhcp/acb47e5a-c130-4c9b-8e10-1da3ab704900/addn_hosts - 4 addresses
Jun 26 17:55:49 gtw01 dnsmasq-dhcp[11392]: read /var/lib/neutron/dhcp/acb47e5a-c130-4c9b-8e10-1da3ab704900/host
Jun 26 17:55:49 gtw01 dnsmasq-dhcp[11392]: read /var/lib/neutron/dhcp/acb47e5a-c130-4c9b-8e10-1da3ab704900/opts
Jun 26 17:55:50 gtw01 dnsmasq[11279]: read /var/lib/neutron/dhcp/4150e3d4-5677-43fc-868f-e5ad4e6f9653/addn_hosts - 1 addresses
Jun 26 17:55:50 gtw01 dnsmasq-dhcp[11279]: read /var/lib/neutron/dhcp/4150e3d4-5677-43fc-868f-e5ad4e6f9653/host
Jun 26 17:55:50 gtw01 dnsmasq-dhcp[11279]: read /var/lib/neutron/dhcp/4150e3d4-5677-43fc-868f-e5ad4e6f9653/opts
Jun 26 17:55:51 gtw01 dnsmasq[11392]: read /var/lib/neutron/dhcp/acb47e5a-c130-4c9b-8e10-1da3ab704900/addn_hosts - 3 addresses
Jun 26 17:55:51 gtw01 dnsmasq-dhcp[11392]: read /var/lib/neutron/dhcp/acb47e5a-c130-4c9b-8e10-1da3ab704900/host
Jun 26 17:55:51 gtw01 dnsmasq-dhcp[11392]: read /var/lib/neutron/dhcp/acb47e5a-c130-4c9b-8e10-1da3ab704900/opts
Jun 26 17:55:51 gtw01 dnsmasq[11348]: read /var/lib/neutron/dhcp/b96358d2-4f2b-4c3a-bae9-84b661966d9a/addn_hosts - 4 addresses
Jun 26 17:55:51 gtw01 dnsmasq-dhcp[11348]: read /var/lib/neutron/dhcp/b96358d2-4f2b-4c3a-bae9-84b661966d9a/host
Jun 26 17:55:51 gtw01 dnsmasq-dhcp[11348]: read /var/lib/neutron/dhcp/b96358d2-4f2b-4c3a-bae9-84b661966d9a/opts
Jun 26 17:55:52 gtw01 dnsmasq[11392]: read /var/lib/neutron/dhcp/acb47e5a-c130-4c9b-8e10-1da3ab704900/addn_hosts - 2 addresses
Jun 26 17:55:52 gtw01 dnsmasq-dhcp[11392]: read /var/lib/neutron/dhcp/acb47e5a-c130-4c9b-8e10-1da3ab704900/host
Jun 26 17:55:52 gtw01 dnsmasq-dhcp[11392]: read /var/lib/neutron/dhcp/acb47e5a-c130-4c9b-8e10-1da3ab704900/opts
Jun 26 17:55:52 gtw01 dnsmasq[11348]: read /var/lib/neutron/dhcp/b96358d2-4f2b-4c3a-bae9-84b661966d9a/addn_hosts - 3 addresses
Jun 26 17:55:52 gtw01 dnsmasq-dhcp[11348]: read /var/lib/neutron/dhcp/b96358d2-4f2b-4c3a-bae9-84b661966d9a/host
Jun 26 17:55:52 gtw01 dnsmasq-dhcp[11348]: read /var/lib/neutron/dhcp/b96358d2-4f2b-4c3a-bae9-84b661966d9a/opts
Jun 26 17:55:53 gtw01 dnsmasq[11392]: read /var/lib/neutron/dhcp/acb47e5a-c130-4c9b-8e10-1da3ab704900/addn_hosts - 1 addresses
Jun 26 17:55:53 gtw01 dnsmasq-dhcp[11392]: read /var/lib/neutron/dhcp/acb47e5a-c130-4c9b-8e10-1da3ab704900/host
Jun 26 17:55:53 gtw01 dnsmasq-dhcp[11392]: read /var/lib/neutron/dhcp/acb47e5a-c130-4c9b-8e10-1da3ab704900/opts
Jun 26 17:55:53 gtw01 dnsmasq[11348]: read /var/lib/neutron/dhcp/b96358d2-4f2b-4c3a-bae9-84b661966d9a/addn_hosts - 2 addresses
Jun 26 17:55:53 gtw01 dnsmasq-dhcp[11348]: read /var/lib/neutron/dhcp/b96358d2-4f2b-4c3a-bae9-84b661966d9a/host
Jun 26 17:55:53 gtw01 dnsmasq-dhcp[11348]: read /var/lib/neutron/dhcp/b96358d2-4f2b-4c3a-bae9-84b661966d9a/opts
Jun 26 17:55:54 gtw01 dnsmasq[11348]: read /var/lib/neutron/dhcp/b96358d2-4f2b-4c3a-bae9-84b661966d9a/addn_hosts - 1 addresses
Jun 26 17:55:54 gtw01 dnsmasq-dhcp[11348]: read /var/lib/neutron/dhcp/b96358d2-4f2b-4c3a-bae9-84b661966d9a/host
Jun 26 17:55:54 gtw01 dnsmasq-dhcp[11348]: read /var/lib/neutron/dhcp/b96358d2-4f2b-4c3a-bae9-84b661966d9a/opts
Jun 26 17:56:06 gtw01 dnsmasq[11279]: read /var/lib/neutron/dhcp/4150e3d4-5677-43fc-868f-e5ad4e6f9653/addn_hosts - 1 addresses
Jun 26 17:56:06 gtw01 dnsmasq-dhcp[11279]: read /var/lib/neutron/dhcp/4150e3d4-5677-43fc-868f-e5ad4e6f9653/host
Jun 26 17:56:06 gtw01 dnsmasq-dhcp[11279]: read /var/lib/neutron/dhcp/4150e3d4-5677-43fc-868f-e5ad4e6f9653/opts
Jun 26 17:56:07 gtw01 kernel: [14640.363927] device tap8cd09e9a-ac left promiscuous mode
Jun 26 17:56:09 gtw01 dnsmasq[11348]: read /var/lib/neutron/dhcp/b96358d2-4f2b-4c3a-bae9-84b661966d9a/addn_hosts - 1 addresses
Jun 26 17:56:09 gtw01 dnsmasq-dhcp[11348]: read /var/lib/neutron/dhcp/b96358d2-4f2b-4c3a-bae9-84b661966d9a/host
Jun 26 17:56:09 gtw01 dnsmasq-dhcp[11348]: read /var/lib/neutron/dhcp/b96358d2-4f2b-4c3a-bae9-84b661966d9a/opts
Jun 26 17:56:10 gtw01 kernel: [14643.645387] device tap0b8c0024-f7 left promiscuous mode
Jun 26 17:56:13 gtw01 dnsmasq[11392]: read /var/lib/neutron/dhcp/acb47e5a-c130-4c9b-8e10-1da3ab704900/addn_hosts - 1 addresses
Jun 26 17:56:13 gtw01 dnsmasq-dhcp[11392]: read /var/lib/neutron/dhcp/acb47e5a-c130-4c9b-8e10-1da3ab704900/host
Jun 26 17:56:13 gtw01 dnsmasq-dhcp[11392]: read /var/lib/neutron/dhcp/acb47e5a-c130-4c9b-8e10-1da3ab704900/opts
Jun 26 17:56:14 gtw01 kernel: [14647.117309] device tap62c0c48c-8f left promiscuous mode
Jun 26 17:56:32 gtw01 kernel: [14664.909247] device tap7adf6d3a-3f entered promiscuous mode
Jun 26 17:56:32 gtw01 systemd-udevd[11920]: Could not generate persistent MAC address for tap7adf6d3a-3f: No such file or directory
Jun 26 17:56:32 gtw01 systemd-udevd[11920]: Process '/sbin/ip link set tap7adf6d3a-3f txqueuelen 10000' failed with exit code 1.
Jun 26 17:56:32 gtw01 systemd-udevd[11998]: Process '/sbin/ip link set tap7adf6d3a-3f txqueuelen 10000' failed with exit code 1.
Jun 26 17:56:34 gtw01 kernel: [14667.517030] device tapc2c3b232-94 entered promiscuous mode
Jun 26 17:56:34 gtw01 systemd-udevd[12074]: Process '/sbin/ip link set tapc2c3b232-94 txqueuelen 10000' failed with exit code 1.
Jun 26 17:56:34 gtw01 systemd-udevd[12074]: Process '/sbin/ip link set tapc2c3b232-94 txqueuelen 10000' failed with exit code 1.
Jun 26 17:56:35 gtw01 kernel: [14668.034391] device tapcfd91430-08 entered promiscuous mode
Jun 26 17:56:35 gtw01 systemd-udevd[12177]: Could not generate persistent MAC address for tapcfd91430-08: No such file or directory
Jun 26 17:56:35 gtw01 systemd-udevd[12247]: Process '/sbin/ip link set tapcfd91430-08 txqueuelen 10000' failed with exit code 1.
Jun 26 17:56:36 gtw01 systemd-udevd[12302]: Could not generate persistent MAC address for tapbcc65aed-bf: No such file or directory
Jun 26 17:56:36 gtw01 kernel: [14669.309231] device tapbcc65aed-bf entered promiscuous mode
Jun 26 17:56:36 gtw01 systemd-udevd[12371]: Process '/sbin/ip link set tapbcc65aed-bf txqueuelen 10000' failed with exit code 1.
Jun 26 17:56:36 gtw01 dnsmasq[12386]: started, version 2.80 cachesize 150
Jun 26 17:56:36 gtw01 dnsmasq[12386]: DNS service limited to local subnets
Jun 26 17:56:36 gtw01 dnsmasq[12386]: compile time options: IPv6 GNU-getopt DBus i18n IDN DHCP DHCPv6 no-Lua TFTP conntrack ipset auth DNSSEC loop-detect inotify dumpfile
Jun 26 17:56:36 gtw01 dnsmasq[12386]: LOUD WARNING: listening on 1.1.0.110 may accept requests via interfaces other than tap7adf6d3a-3f
Jun 26 17:56:36 gtw01 dnsmasq[12386]: LOUD WARNING: use --bind-dynamic rather than --bind-interfaces to avoid DNS amplification attacks via these interface(s)
Jun 26 17:56:36 gtw01 dnsmasq[12386]: warning: no upstream servers configured
Jun 26 17:56:36 gtw01 dnsmasq-dhcp[12386]: DHCP, static leases only on 1.1.0.108, lease time 1h
Jun 26 17:56:36 gtw01 dnsmasq[12386]: read /var/lib/neutron/dhcp/b218d643-92e4-4b47-8119-e86068b99ed1/addn_hosts - 1 addresses
Jun 26 17:56:36 gtw01 dnsmasq-dhcp[12386]: read /var/lib/neutron/dhcp/b218d643-92e4-4b47-8119-e86068b99ed1/host
Jun 26 17:56:36 gtw01 dnsmasq-dhcp[12386]: read /var/lib/neutron/dhcp/b218d643-92e4-4b47-8119-e86068b99ed1/opts
Jun 26 17:56:37 gtw01 haproxy-metadata-proxy-b218d643-92e4-4b47-8119-e86068b99ed1[12399]: Proxy listener started.
Jun 26 17:56:38 gtw01 dnsmasq[12386]: read /var/lib/neutron/dhcp/b218d643-92e4-4b47-8119-e86068b99ed1/addn_hosts - 1 addresses
Jun 26 17:56:38 gtw01 dnsmasq-dhcp[12386]: read /var/lib/neutron/dhcp/b218d643-92e4-4b47-8119-e86068b99ed1/host
Jun 26 17:56:38 gtw01 dnsmasq-dhcp[12386]: read /var/lib/neutron/dhcp/b218d643-92e4-4b47-8119-e86068b99ed1/opts
Jun 26 17:56:40 gtw01 dnsmasq[12386]: read /var/lib/neutron/dhcp/b218d643-92e4-4b47-8119-e86068b99ed1/addn_hosts - 1 addresses
Jun 26 17:56:40 gtw01 dnsmasq-dhcp[12386]: read /var/lib/neutron/dhcp/b218d643-92e4-4b47-8119-e86068b99ed1/host
Jun 26 17:56:40 gtw01 dnsmasq-dhcp[12386]: read /var/lib/neutron/dhcp/b218d643-92e4-4b47-8119-e86068b99ed1/opts
Jun 26 17:56:40 gtw01 dnsmasq[12537]: started, version 2.80 cachesize 150
Jun 26 17:56:40 gtw01 dnsmasq[12537]: DNS service limited to local subnets
Jun 26 17:56:40 gtw01 dnsmasq[12537]: compile time options: IPv6 GNU-getopt DBus i18n IDN DHCP DHCPv6 no-Lua TFTP conntrack ipset auth DNSSEC loop-detect inotify dumpfile
Jun 26 17:56:40 gtw01 dnsmasq[12537]: LOUD WARNING: listening on 1.1.0.114 may accept requests via interfaces other than tapc2c3b232-94
Jun 26 17:56:40 gtw01 dnsmasq[12537]: LOUD WARNING: use --bind-dynamic rather than --bind-interfaces to avoid DNS amplification attacks via these interface(s)
Jun 26 17:56:40 gtw01 dnsmasq[12537]: warning: no upstream servers configured
Jun 26 17:56:40 gtw01 dnsmasq-dhcp[12537]: DHCP, static leases only on 1.1.0.112, lease time 1h
Jun 26 17:56:40 gtw01 dnsmasq[12537]: read /var/lib/neutron/dhcp/17ee60d5-b1e5-4d64-adfa-61761ed8fa81/addn_hosts - 1 addresses
Jun 26 17:56:40 gtw01 dnsmasq-dhcp[12537]: read /var/lib/neutron/dhcp/17ee60d5-b1e5-4d64-adfa-61761ed8fa81/host
Jun 26 17:56:40 gtw01 dnsmasq-dhcp[12537]: read /var/lib/neutron/dhcp/17ee60d5-b1e5-4d64-adfa-61761ed8fa81/opts
Jun 26 17:56:41 gtw01 haproxy-metadata-proxy-17ee60d5-b1e5-4d64-adfa-61761ed8fa81[12558]: Proxy listener started.
Jun 26 17:56:41 gtw01 kernel: [14674.058553] device tap87ab5483-81 entered promiscuous mode
Jun 26 17:56:41 gtw01 systemd-udevd[12568]: Process '/sbin/ip link set tap87ab5483-81 txqueuelen 10000' failed with exit code 1.
Jun 26 17:56:41 gtw01 dnsmasq[12639]: started, version 2.80 cachesize 150
Jun 26 17:56:41 gtw01 dnsmasq[12639]: DNS service limited to local subnets
Jun 26 17:56:41 gtw01 dnsmasq[12639]: compile time options: IPv6 GNU-getopt DBus i18n IDN DHCP DHCPv6 no-Lua TFTP conntrack ipset auth DNSSEC loop-detect inotify dumpfile
Jun 26 17:56:41 gtw01 dnsmasq[12639]: LOUD WARNING: listening on 1.1.0.106 may accept requests via interfaces other than tapcfd91430-08
Jun 26 17:56:41 gtw01 dnsmasq[12639]: LOUD WARNING: use --bind-dynamic rather than --bind-interfaces to avoid DNS amplification attacks via these interface(s)
Jun 26 17:56:41 gtw01 dnsmasq[12639]: warning: no upstream servers configured
Jun 26 17:56:41 gtw01 dnsmasq-dhcp[12639]: DHCP, static leases only on 1.1.0.104, lease time 1h
Jun 26 17:56:41 gtw01 dnsmasq[12639]: read /var/lib/neutron/dhcp/80d56ac1-5216-4aec-a858-91e3d4740d63/addn_hosts - 1 addresses
Jun 26 17:56:41 gtw01 dnsmasq-dhcp[12639]: read /var/lib/neutron/dhcp/80d56ac1-5216-4aec-a858-91e3d4740d63/host
Jun 26 17:56:41 gtw01 dnsmasq-dhcp[12639]: read /var/lib/neutron/dhcp/80d56ac1-5216-4aec-a858-91e3d4740d63/opts
Jun 26 17:56:41 gtw01 systemd-udevd[12568]: Process '/sbin/ip link set tap87ab5483-81 txqueuelen 10000' failed with exit code 1.
Jun 26 17:56:42 gtw01 haproxy-metadata-proxy-80d56ac1-5216-4aec-a858-91e3d4740d63[12674]: Proxy listener started.
Jun 26 17:56:42 gtw01 dnsmasq[12386]: read /var/lib/neutron/dhcp/b218d643-92e4-4b47-8119-e86068b99ed1/addn_hosts - 2 addresses
Jun 26 17:56:42 gtw01 dnsmasq-dhcp[12386]: read /var/lib/neutron/dhcp/b218d643-92e4-4b47-8119-e86068b99ed1/host
Jun 26 17:56:42 gtw01 dnsmasq-dhcp[12386]: read /var/lib/neutron/dhcp/b218d643-92e4-4b47-8119-e86068b99ed1/opts
Jun 26 17:56:42 gtw01 dnsmasq[12537]: read /var/lib/neutron/dhcp/17ee60d5-b1e5-4d64-adfa-61761ed8fa81/addn_hosts - 2 addresses
Jun 26 17:56:42 gtw01 dnsmasq-dhcp[12537]: read /var/lib/neutron/dhcp/17ee60d5-b1e5-4d64-adfa-61761ed8fa81/host
Jun 26 17:56:42 gtw01 dnsmasq-dhcp[12537]: read /var/lib/neutron/dhcp/17ee60d5-b1e5-4d64-adfa-61761ed8fa81/opts
Jun 26 17:56:43 gtw01 dnsmasq[12727]: started, version 2.80 cachesize 150
Jun 26 17:56:43 gtw01 dnsmasq[12727]: DNS service limited to local subnets
Jun 26 17:56:43 gtw01 dnsmasq[12727]: compile time options: IPv6 GNU-getopt DBus i18n IDN DHCP DHCPv6 no-Lua TFTP conntrack ipset auth DNSSEC loop-detect inotify dumpfile
Jun 26 17:56:43 gtw01 dnsmasq[12727]: LOUD WARNING: listening on 1.1.0.118 may accept requests via interfaces other than tapbcc65aed-bf
Jun 26 17:56:43 gtw01 dnsmasq[12727]: LOUD WARNING: use --bind-dynamic rather than --bind-interfaces to avoid DNS amplification attacks via these interface(s)
Jun 26 17:56:43 gtw01 dnsmasq[12727]: warning: no upstream servers configured
Jun 26 17:56:43 gtw01 dnsmasq-dhcp[12727]: DHCP, static leases only on 1.1.0.116, lease time 1h
Jun 26 17:56:43 gtw01 dnsmasq[12727]: read /var/lib/neutron/dhcp/fa6c6070-38e0-4b26-adf5-8d02a2da92d1/addn_hosts - 1 addresses
Jun 26 17:56:43 gtw01 dnsmasq-dhcp[12727]: read /var/lib/neutron/dhcp/fa6c6070-38e0-4b26-adf5-8d02a2da92d1/host
Jun 26 17:56:43 gtw01 dnsmasq-dhcp[12727]: read /var/lib/neutron/dhcp/fa6c6070-38e0-4b26-adf5-8d02a2da92d1/opts
Jun 26 17:56:43 gtw01 dnsmasq[12639]: read /var/lib/neutron/dhcp/80d56ac1-5216-4aec-a858-91e3d4740d63/addn_hosts - 2 addresses
Jun 26 17:56:43 gtw01 dnsmasq-dhcp[12639]: read /var/lib/neutron/dhcp/80d56ac1-5216-4aec-a858-91e3d4740d63/host
Jun 26 17:56:43 gtw01 dnsmasq-dhcp[12639]: read /var/lib/neutron/dhcp/80d56ac1-5216-4aec-a858-91e3d4740d63/opts
Jun 26 17:56:44 gtw01 haproxy-metadata-proxy-fa6c6070-38e0-4b26-adf5-8d02a2da92d1[12744]: Proxy listener started.
Jun 26 17:56:44 gtw01 dnsmasq[12386]: read /var/lib/neutron/dhcp/b218d643-92e4-4b47-8119-e86068b99ed1/addn_hosts - 2 addresses
Jun 26 17:56:44 gtw01 dnsmasq-dhcp[12386]: read /var/lib/neutron/dhcp/b218d643-92e4-4b47-8119-e86068b99ed1/host
Jun 26 17:56:44 gtw01 dnsmasq-dhcp[12386]: read /var/lib/neutron/dhcp/b218d643-92e4-4b47-8119-e86068b99ed1/opts
Jun 26 17:56:44 gtw01 dnsmasq[12537]: read /var/lib/neutron/dhcp/17ee60d5-b1e5-4d64-adfa-61761ed8fa81/addn_hosts - 2 addresses
Jun 26 17:56:44 gtw01 dnsmasq-dhcp[12537]: read /var/lib/neutron/dhcp/17ee60d5-b1e5-4d64-adfa-61761ed8fa81/host
Jun 26 17:56:44 gtw01 dnsmasq-dhcp[12537]: read /var/lib/neutron/dhcp/17ee60d5-b1e5-4d64-adfa-61761ed8fa81/opts
Jun 26 17:56:45 gtw01 dnsmasq[12727]: read /var/lib/neutron/dhcp/fa6c6070-38e0-4b26-adf5-8d02a2da92d1/addn_hosts - 2 addresses
Jun 26 17:56:45 gtw01 dnsmasq-dhcp[12727]: read /var/lib/neutron/dhcp/fa6c6070-38e0-4b26-adf5-8d02a2da92d1/host
Jun 26 17:56:45 gtw01 dnsmasq-dhcp[12727]: read /var/lib/neutron/dhcp/fa6c6070-38e0-4b26-adf5-8d02a2da92d1/opts
Jun 26 17:56:45 gtw01 dnsmasq[12639]: read /var/lib/neutron/dhcp/80d56ac1-5216-4aec-a858-91e3d4740d63/addn_hosts - 2 addresses
Jun 26 17:56:45 gtw01 dnsmasq-dhcp[12639]: read /var/lib/neutron/dhcp/80d56ac1-5216-4aec-a858-91e3d4740d63/host
Jun 26 17:56:45 gtw01 dnsmasq-dhcp[12639]: read /var/lib/neutron/dhcp/80d56ac1-5216-4aec-a858-91e3d4740d63/opts
Jun 26 17:56:46 gtw01 dnsmasq[12386]: read /var/lib/neutron/dhcp/b218d643-92e4-4b47-8119-e86068b99ed1/addn_hosts - 2 addresses
Jun 26 17:56:46 gtw01 dnsmasq-dhcp[12386]: read /var/lib/neutron/dhcp/b218d643-92e4-4b47-8119-e86068b99ed1/host
Jun 26 17:56:46 gtw01 dnsmasq-dhcp[12386]: read /var/lib/neutron/dhcp/b218d643-92e4-4b47-8119-e86068b99ed1/opts
Jun 26 17:56:47 gtw01 dnsmasq[12537]: read /var/lib/neutron/dhcp/17ee60d5-b1e5-4d64-adfa-61761ed8fa81/addn_hosts - 2 addresses
Jun 26 17:56:47 gtw01 dnsmasq-dhcp[12537]: read /var/lib/neutron/dhcp/17ee60d5-b1e5-4d64-adfa-61761ed8fa81/host
Jun 26 17:56:47 gtw01 dnsmasq-dhcp[12537]: read /var/lib/neutron/dhcp/17ee60d5-b1e5-4d64-adfa-61761ed8fa81/opts
Jun 26 17:56:47 gtw01 dnsmasq[12727]: read /var/lib/neutron/dhcp/fa6c6070-38e0-4b26-adf5-8d02a2da92d1/addn_hosts - 2 addresses
Jun 26 17:56:47 gtw01 dnsmasq-dhcp[12727]: read /var/lib/neutron/dhcp/fa6c6070-38e0-4b26-adf5-8d02a2da92d1/host
Jun 26 17:56:47 gtw01 dnsmasq-dhcp[12727]: read /var/lib/neutron/dhcp/fa6c6070-38e0-4b26-adf5-8d02a2da92d1/opts
Jun 26 17:56:48 gtw01 dnsmasq[12386]: read /var/lib/neutron/dhcp/b218d643-92e4-4b47-8119-e86068b99ed1/addn_hosts - 1 addresses
Jun 26 17:56:48 gtw01 dnsmasq-dhcp[12386]: read /var/lib/neutron/dhcp/b218d643-92e4-4b47-8119-e86068b99ed1/host
Jun 26 17:56:48 gtw01 dnsmasq-dhcp[12386]: read /var/lib/neutron/dhcp/b218d643-92e4-4b47-8119-e86068b99ed1/opts
Jun 26 17:56:48 gtw01 dnsmasq[12639]: read /var/lib/neutron/dhcp/80d56ac1-5216-4aec-a858-91e3d4740d63/addn_hosts - 2 addresses
Jun 26 17:56:48 gtw01 dnsmasq-dhcp[12639]: read /var/lib/neutron/dhcp/80d56ac1-5216-4aec-a858-91e3d4740d63/host
Jun 26 17:56:48 gtw01 dnsmasq-dhcp[12639]: read /var/lib/neutron/dhcp/80d56ac1-5216-4aec-a858-91e3d4740d63/opts
Jun 26 17:56:49 gtw01 dnsmasq[12926]: started, version 2.80 cachesize 150
Jun 26 17:56:49 gtw01 dnsmasq[12926]: DNS service limited to local subnets
Jun 26 17:56:49 gtw01 dnsmasq[12926]: compile time options: IPv6 GNU-getopt DBus i18n IDN DHCP DHCPv6 no-Lua TFTP conntrack ipset auth DNSSEC loop-detect inotify dumpfile
