Jun 26 17:56:49 gtw01 dnsmasq[12926]: LOUD WARNING: listening on 1.1.0.122 may accept requests via interfaces other than tap87ab5483-81
Jun 26 17:56:49 gtw01 dnsmasq[12926]: LOUD WARNING: use --bind-dynamic rather than --bind-interfaces to avoid DNS amplification attacks via these interface(s)
Jun 26 17:56:49 gtw01 dnsmasq[12926]: warning: no upstream servers configured
Jun 26 17:56:49 gtw01 dnsmasq-dhcp[12926]: DHCP, static leases only on 1.1.0.120, lease time 1h
Jun 26 17:56:49 gtw01 dnsmasq[12926]: read /var/lib/neutron/dhcp/6dd7aed6-a976-4e75-8456-12dbac315215/addn_hosts - 1 addresses
Jun 26 17:56:49 gtw01 dnsmasq-dhcp[12926]: read /var/lib/neutron/dhcp/6dd7aed6-a976-4e75-8456-12dbac315215/host
Jun 26 17:56:49 gtw01 dnsmasq-dhcp[12926]: read /var/lib/neutron/dhcp/6dd7aed6-a976-4e75-8456-12dbac315215/opts
Jun 26 17:56:49 gtw01 haproxy-metadata-proxy-6dd7aed6-a976-4e75-8456-12dbac315215[12947]: Proxy listener started.
Jun 26 17:56:49 gtw01 dnsmasq[12537]: read /var/lib/neutron/dhcp/17ee60d5-b1e5-4d64-adfa-61761ed8fa81/addn_hosts - 2 addresses
Jun 26 17:56:49 gtw01 dnsmasq-dhcp[12537]: read /var/lib/neutron/dhcp/17ee60d5-b1e5-4d64-adfa-61761ed8fa81/host
Jun 26 17:56:49 gtw01 dnsmasq-dhcp[12537]: read /var/lib/neutron/dhcp/17ee60d5-b1e5-4d64-adfa-61761ed8fa81/opts
Jun 26 17:56:49 gtw01 dnsmasq[12727]: read /var/lib/neutron/dhcp/fa6c6070-38e0-4b26-adf5-8d02a2da92d1/addn_hosts - 2 addresses
Jun 26 17:56:49 gtw01 dnsmasq-dhcp[12727]: read /var/lib/neutron/dhcp/fa6c6070-38e0-4b26-adf5-8d02a2da92d1/host
Jun 26 17:56:49 gtw01 dnsmasq-dhcp[12727]: read /var/lib/neutron/dhcp/fa6c6070-38e0-4b26-adf5-8d02a2da92d1/opts
Jun 26 17:56:50 gtw01 kernel: [14683.022717] device tapd1ed6478-9e entered promiscuous mode
Jun 26 17:56:50 gtw01 systemd-udevd[12972]: Could not generate persistent MAC address for tapd1ed6478-9e: No such file or directory
Jun 26 17:56:50 gtw01 systemd-udevd[13045]: Process '/sbin/ip link set tapd1ed6478-9e txqueuelen 10000' failed with exit code 1.
Jun 26 17:56:51 gtw01 dnsmasq[12639]: read /var/lib/neutron/dhcp/80d56ac1-5216-4aec-a858-91e3d4740d63/addn_hosts - 2 addresses
Jun 26 17:56:51 gtw01 dnsmasq-dhcp[12639]: read /var/lib/neutron/dhcp/80d56ac1-5216-4aec-a858-91e3d4740d63/host
Jun 26 17:56:51 gtw01 dnsmasq-dhcp[12639]: read /var/lib/neutron/dhcp/80d56ac1-5216-4aec-a858-91e3d4740d63/opts
Jun 26 17:56:51 gtw01 dnsmasq[12926]: read /var/lib/neutron/dhcp/6dd7aed6-a976-4e75-8456-12dbac315215/addn_hosts - 1 addresses
Jun 26 17:56:51 gtw01 dnsmasq-dhcp[12926]: read /var/lib/neutron/dhcp/6dd7aed6-a976-4e75-8456-12dbac315215/host
Jun 26 17:56:51 gtw01 dnsmasq-dhcp[12926]: read /var/lib/neutron/dhcp/6dd7aed6-a976-4e75-8456-12dbac315215/opts
Jun 26 17:56:51 gtw01 dnsmasq[12537]: read /var/lib/neutron/dhcp/17ee60d5-b1e5-4d64-adfa-61761ed8fa81/addn_hosts - 2 addresses
Jun 26 17:56:51 gtw01 dnsmasq-dhcp[12537]: read /var/lib/neutron/dhcp/17ee60d5-b1e5-4d64-adfa-61761ed8fa81/host
Jun 26 17:56:51 gtw01 dnsmasq-dhcp[12537]: read /var/lib/neutron/dhcp/17ee60d5-b1e5-4d64-adfa-61761ed8fa81/opts
Jun 26 17:56:52 gtw01 dnsmasq[12727]: read /var/lib/neutron/dhcp/fa6c6070-38e0-4b26-adf5-8d02a2da92d1/addn_hosts - 2 addresses
Jun 26 17:56:52 gtw01 dnsmasq-dhcp[12727]: read /var/lib/neutron/dhcp/fa6c6070-38e0-4b26-adf5-8d02a2da92d1/host
Jun 26 17:56:52 gtw01 dnsmasq-dhcp[12727]: read /var/lib/neutron/dhcp/fa6c6070-38e0-4b26-adf5-8d02a2da92d1/opts
Jun 26 17:56:53 gtw01 dnsmasq[12639]: read /var/lib/neutron/dhcp/80d56ac1-5216-4aec-a858-91e3d4740d63/addn_hosts - 2 addresses
Jun 26 17:56:53 gtw01 dnsmasq-dhcp[12639]: read /var/lib/neutron/dhcp/80d56ac1-5216-4aec-a858-91e3d4740d63/host
Jun 26 17:56:53 gtw01 dnsmasq-dhcp[12639]: read /var/lib/neutron/dhcp/80d56ac1-5216-4aec-a858-91e3d4740d63/opts
Jun 26 17:56:53 gtw01 dnsmasq[12926]: read /var/lib/neutron/dhcp/6dd7aed6-a976-4e75-8456-12dbac315215/addn_hosts - 1 addresses
Jun 26 17:56:53 gtw01 dnsmasq-dhcp[12926]: read /var/lib/neutron/dhcp/6dd7aed6-a976-4e75-8456-12dbac315215/host
Jun 26 17:56:53 gtw01 dnsmasq-dhcp[12926]: read /var/lib/neutron/dhcp/6dd7aed6-a976-4e75-8456-12dbac315215/opts
Jun 26 17:56:54 gtw01 dnsmasq[12537]: read /var/lib/neutron/dhcp/17ee60d5-b1e5-4d64-adfa-61761ed8fa81/addn_hosts - 1 addresses
Jun 26 17:56:54 gtw01 dnsmasq-dhcp[12537]: read /var/lib/neutron/dhcp/17ee60d5-b1e5-4d64-adfa-61761ed8fa81/host
Jun 26 17:56:54 gtw01 dnsmasq-dhcp[12537]: read /var/lib/neutron/dhcp/17ee60d5-b1e5-4d64-adfa-61761ed8fa81/opts
Jun 26 17:56:54 gtw01 dnsmasq[12727]: read /var/lib/neutron/dhcp/fa6c6070-38e0-4b26-adf5-8d02a2da92d1/addn_hosts - 2 addresses
Jun 26 17:56:54 gtw01 dnsmasq-dhcp[12727]: read /var/lib/neutron/dhcp/fa6c6070-38e0-4b26-adf5-8d02a2da92d1/host
Jun 26 17:56:54 gtw01 dnsmasq-dhcp[12727]: read /var/lib/neutron/dhcp/fa6c6070-38e0-4b26-adf5-8d02a2da92d1/opts
Jun 26 17:56:55 gtw01 systemd-udevd[13246]: Could not generate persistent MAC address for tap3524c76f-03: No such file or directory
Jun 26 17:56:55 gtw01 kernel: [14688.486110] device tap3524c76f-03 entered promiscuous mode
Jun 26 17:56:55 gtw01 systemd-udevd[13246]: Process '/sbin/ip link set tap3524c76f-03 txqueuelen 10000' failed with exit code 1.
Jun 26 17:56:56 gtw01 dnsmasq[12639]: read /var/lib/neutron/dhcp/80d56ac1-5216-4aec-a858-91e3d4740d63/addn_hosts - 1 addresses
Jun 26 17:56:56 gtw01 dnsmasq-dhcp[12639]: read /var/lib/neutron/dhcp/80d56ac1-5216-4aec-a858-91e3d4740d63/host
Jun 26 17:56:56 gtw01 dnsmasq-dhcp[12639]: read /var/lib/neutron/dhcp/80d56ac1-5216-4aec-a858-91e3d4740d63/opts
Jun 26 17:56:57 gtw01 dnsmasq[12926]: read /var/lib/neutron/dhcp/6dd7aed6-a976-4e75-8456-12dbac315215/addn_hosts - 2 addresses
Jun 26 17:56:57 gtw01 dnsmasq-dhcp[12926]: read /var/lib/neutron/dhcp/6dd7aed6-a976-4e75-8456-12dbac315215/host
Jun 26 17:56:57 gtw01 dnsmasq-dhcp[12926]: read /var/lib/neutron/dhcp/6dd7aed6-a976-4e75-8456-12dbac315215/opts
Jun 26 17:56:58 gtw01 dnsmasq[12727]: read /var/lib/neutron/dhcp/fa6c6070-38e0-4b26-adf5-8d02a2da92d1/addn_hosts - 1 addresses
Jun 26 17:56:58 gtw01 dnsmasq-dhcp[12727]: read /var/lib/neutron/dhcp/fa6c6070-38e0-4b26-adf5-8d02a2da92d1/host
Jun 26 17:56:58 gtw01 dnsmasq-dhcp[12727]: read /var/lib/neutron/dhcp/fa6c6070-38e0-4b26-adf5-8d02a2da92d1/opts
Jun 26 17:56:58 gtw01 kernel: [14691.398900] device tap6deaed46-54 entered promiscuous mode
Jun 26 17:56:58 gtw01 systemd-udevd[13435]: Could not generate persistent MAC address for tap6deaed46-54: No such file or directory
Jun 26 17:56:58 gtw01 dnsmasq[13507]: started, version 2.80 cachesize 150
Jun 26 17:56:58 gtw01 dnsmasq[13507]: DNS service limited to local subnets
Jun 26 17:56:58 gtw01 dnsmasq[13507]: compile time options: IPv6 GNU-getopt DBus i18n IDN DHCP DHCPv6 no-Lua TFTP conntrack ipset auth DNSSEC loop-detect inotify dumpfile
Jun 26 17:56:58 gtw01 dnsmasq[13507]: LOUD WARNING: listening on 1.1.0.126 may accept requests via interfaces other than tapd1ed6478-9e
Jun 26 17:56:58 gtw01 dnsmasq[13507]: LOUD WARNING: use --bind-dynamic rather than --bind-interfaces to avoid DNS amplification attacks via these interface(s)
Jun 26 17:56:58 gtw01 dnsmasq[13507]: warning: no upstream servers configured
Jun 26 17:56:58 gtw01 dnsmasq-dhcp[13507]: DHCP, static leases only on 1.1.0.124, lease time 1h
Jun 26 17:56:58 gtw01 kernel: [14691.614779] device tapc7bd40ca-0e entered promiscuous mode
Jun 26 17:56:58 gtw01 dnsmasq[13507]: read /var/lib/neutron/dhcp/1e13f3fb-ea3c-4280-8667-8616247d5859/addn_hosts - 1 addresses
Jun 26 17:56:58 gtw01 dnsmasq-dhcp[13507]: read /var/lib/neutron/dhcp/1e13f3fb-ea3c-4280-8667-8616247d5859/host
Jun 26 17:56:58 gtw01 dnsmasq-dhcp[13507]: read /var/lib/neutron/dhcp/1e13f3fb-ea3c-4280-8667-8616247d5859/opts
Jun 26 17:56:58 gtw01 systemd-udevd[13510]: Could not generate persistent MAC address for tapc7bd40ca-0e: No such file or directory
Jun 26 17:56:58 gtw01 systemd-udevd[13553]: Process '/sbin/ip link set tap6deaed46-54 txqueuelen 10000' failed with exit code 1.
Jun 26 17:56:59 gtw01 systemd-udevd[13597]: Process '/sbin/ip link set tapc7bd40ca-0e txqueuelen 10000' failed with exit code 1.
Jun 26 17:56:59 gtw01 haproxy-metadata-proxy-1e13f3fb-ea3c-4280-8667-8616247d5859[13618]: Proxy listener started.
Jun 26 17:56:59 gtw01 dnsmasq[12926]: read /var/lib/neutron/dhcp/6dd7aed6-a976-4e75-8456-12dbac315215/addn_hosts - 2 addresses
Jun 26 17:56:59 gtw01 dnsmasq-dhcp[12926]: read /var/lib/neutron/dhcp/6dd7aed6-a976-4e75-8456-12dbac315215/host
Jun 26 17:56:59 gtw01 dnsmasq-dhcp[12926]: read /var/lib/neutron/dhcp/6dd7aed6-a976-4e75-8456-12dbac315215/opts
Jun 26 17:57:00 gtw01 kernel: [14693.610797] device tapdc2d2090-69 entered promiscuous mode
Jun 26 17:57:00 gtw01 systemd-udevd[13682]: Could not generate persistent MAC address for tapdc2d2090-69: No such file or directory
Jun 26 17:57:00 gtw01 systemd-udevd[13682]: Process '/sbin/ip link set tapdc2d2090-69 txqueuelen 10000' failed with exit code 1.
Jun 26 17:57:00 gtw01 systemd-udevd[13682]: Process '/sbin/ip link set tapdc2d2090-69 txqueuelen 10000' failed with exit code 1.
Jun 26 17:57:01 gtw01 dnsmasq[13507]: read /var/lib/neutron/dhcp/1e13f3fb-ea3c-4280-8667-8616247d5859/addn_hosts - 1 addresses
Jun 26 17:57:01 gtw01 dnsmasq-dhcp[13507]: read /var/lib/neutron/dhcp/1e13f3fb-ea3c-4280-8667-8616247d5859/host
Jun 26 17:57:01 gtw01 dnsmasq-dhcp[13507]: read /var/lib/neutron/dhcp/1e13f3fb-ea3c-4280-8667-8616247d5859/opts
Jun 26 17:57:02 gtw01 dnsmasq[12926]: read /var/lib/neutron/dhcp/6dd7aed6-a976-4e75-8456-12dbac315215/addn_hosts - 2 addresses
Jun 26 17:57:02 gtw01 dnsmasq-dhcp[12926]: read /var/lib/neutron/dhcp/6dd7aed6-a976-4e75-8456-12dbac315215/host
Jun 26 17:57:02 gtw01 dnsmasq-dhcp[12926]: read /var/lib/neutron/dhcp/6dd7aed6-a976-4e75-8456-12dbac315215/opts
Jun 26 17:57:03 gtw01 dnsmasq[13507]: read /var/lib/neutron/dhcp/1e13f3fb-ea3c-4280-8667-8616247d5859/addn_hosts - 1 addresses
Jun 26 17:57:03 gtw01 dnsmasq-dhcp[13507]: read /var/lib/neutron/dhcp/1e13f3fb-ea3c-4280-8667-8616247d5859/host
Jun 26 17:57:03 gtw01 dnsmasq-dhcp[13507]: read /var/lib/neutron/dhcp/1e13f3fb-ea3c-4280-8667-8616247d5859/opts
Jun 26 17:57:04 gtw01 dnsmasq[13894]: started, version 2.80 cachesize 150
Jun 26 17:57:04 gtw01 dnsmasq[13894]: DNS service limited to local subnets
Jun 26 17:57:04 gtw01 dnsmasq[13894]: compile time options: IPv6 GNU-getopt DBus i18n IDN DHCP DHCPv6 no-Lua TFTP conntrack ipset auth DNSSEC loop-detect inotify dumpfile
Jun 26 17:57:04 gtw01 dnsmasq[13894]: LOUD WARNING: listening on 1.1.0.130 may accept requests via interfaces other than tap3524c76f-03
Jun 26 17:57:04 gtw01 dnsmasq[13894]: LOUD WARNING: use --bind-dynamic rather than --bind-interfaces to avoid DNS amplification attacks via these interface(s)
Jun 26 17:57:04 gtw01 dnsmasq[13894]: warning: no upstream servers configured
Jun 26 17:57:04 gtw01 dnsmasq-dhcp[13894]: DHCP, static leases only on 1.1.0.128, lease time 1h
Jun 26 17:57:04 gtw01 dnsmasq[13894]: read /var/lib/neutron/dhcp/79af843f-43e2-45e7-b040-5ee2082cea24/addn_hosts - 1 addresses
Jun 26 17:57:04 gtw01 dnsmasq-dhcp[13894]: read /var/lib/neutron/dhcp/79af843f-43e2-45e7-b040-5ee2082cea24/host
Jun 26 17:57:04 gtw01 dnsmasq-dhcp[13894]: read /var/lib/neutron/dhcp/79af843f-43e2-45e7-b040-5ee2082cea24/opts
Jun 26 17:57:04 gtw01 haproxy-metadata-proxy-79af843f-43e2-45e7-b040-5ee2082cea24[13915]: Proxy listener started.
Jun 26 17:57:05 gtw01 dnsmasq[12926]: read /var/lib/neutron/dhcp/6dd7aed6-a976-4e75-8456-12dbac315215/addn_hosts - 1 addresses
Jun 26 17:57:05 gtw01 dnsmasq-dhcp[12926]: read /var/lib/neutron/dhcp/6dd7aed6-a976-4e75-8456-12dbac315215/host
Jun 26 17:57:05 gtw01 dnsmasq-dhcp[12926]: read /var/lib/neutron/dhcp/6dd7aed6-a976-4e75-8456-12dbac315215/opts
Jun 26 17:57:05 gtw01 dnsmasq[13507]: read /var/lib/neutron/dhcp/1e13f3fb-ea3c-4280-8667-8616247d5859/addn_hosts - 2 addresses
Jun 26 17:57:05 gtw01 dnsmasq-dhcp[13507]: read /var/lib/neutron/dhcp/1e13f3fb-ea3c-4280-8667-8616247d5859/host
Jun 26 17:57:05 gtw01 dnsmasq-dhcp[13507]: read /var/lib/neutron/dhcp/1e13f3fb-ea3c-4280-8667-8616247d5859/opts
Jun 26 17:57:06 gtw01 dnsmasq[13894]: read /var/lib/neutron/dhcp/79af843f-43e2-45e7-b040-5ee2082cea24/addn_hosts - 1 addresses
Jun 26 17:57:06 gtw01 dnsmasq-dhcp[13894]: read /var/lib/neutron/dhcp/79af843f-43e2-45e7-b040-5ee2082cea24/host
Jun 26 17:57:06 gtw01 dnsmasq-dhcp[13894]: read /var/lib/neutron/dhcp/79af843f-43e2-45e7-b040-5ee2082cea24/opts
Jun 26 17:57:07 gtw01 dnsmasq[14007]: started, version 2.80 cachesize 150
Jun 26 17:57:07 gtw01 dnsmasq[14007]: DNS service limited to local subnets
Jun 26 17:57:07 gtw01 dnsmasq[14007]: compile time options: IPv6 GNU-getopt DBus i18n IDN DHCP DHCPv6 no-Lua TFTP conntrack ipset auth DNSSEC loop-detect inotify dumpfile
Jun 26 17:57:07 gtw01 dnsmasq[14007]: LOUD WARNING: listening on 1.1.0.138 may accept requests via interfaces other than tap6deaed46-54
Jun 26 17:57:07 gtw01 dnsmasq[14007]: LOUD WARNING: use --bind-dynamic rather than --bind-interfaces to avoid DNS amplification attacks via these interface(s)
Jun 26 17:57:07 gtw01 dnsmasq[14007]: warning: no upstream servers configured
Jun 26 17:57:07 gtw01 dnsmasq-dhcp[14007]: DHCP, static leases only on 1.1.0.136, lease time 1h
Jun 26 17:57:07 gtw01 dnsmasq[14007]: read /var/lib/neutron/dhcp/d1f55c01-3194-493f-bb26-b252a7bb6892/addn_hosts - 1 addresses
Jun 26 17:57:07 gtw01 dnsmasq-dhcp[14007]: read /var/lib/neutron/dhcp/d1f55c01-3194-493f-bb26-b252a7bb6892/host
Jun 26 17:57:07 gtw01 dnsmasq-dhcp[14007]: read /var/lib/neutron/dhcp/d1f55c01-3194-493f-bb26-b252a7bb6892/opts
Jun 26 17:57:07 gtw01 dnsmasq[14017]: started, version 2.80 cachesize 150
Jun 26 17:57:07 gtw01 dnsmasq[14017]: DNS service limited to local subnets
Jun 26 17:57:07 gtw01 dnsmasq[14017]: compile time options: IPv6 GNU-getopt DBus i18n IDN DHCP DHCPv6 no-Lua TFTP conntrack ipset auth DNSSEC loop-detect inotify dumpfile
Jun 26 17:57:07 gtw01 dnsmasq[14017]: LOUD WARNING: listening on 1.1.0.134 may accept requests via interfaces other than tapc7bd40ca-0e
Jun 26 17:57:07 gtw01 dnsmasq[14017]: LOUD WARNING: use --bind-dynamic rather than --bind-interfaces to avoid DNS amplification attacks via these interface(s)
Jun 26 17:57:07 gtw01 dnsmasq[14017]: warning: no upstream servers configured
Jun 26 17:57:07 gtw01 dnsmasq-dhcp[14017]: DHCP, static leases only on 1.1.0.132, lease time 1h
Jun 26 17:57:07 gtw01 dnsmasq[14017]: read /var/lib/neutron/dhcp/21fb031d-8e91-4a96-8870-8f762e8311f4/addn_hosts - 1 addresses
Jun 26 17:57:07 gtw01 dnsmasq-dhcp[14017]: read /var/lib/neutron/dhcp/21fb031d-8e91-4a96-8870-8f762e8311f4/host
Jun 26 17:57:07 gtw01 dnsmasq-dhcp[14017]: read /var/lib/neutron/dhcp/21fb031d-8e91-4a96-8870-8f762e8311f4/opts
Jun 26 17:57:07 gtw01 haproxy-metadata-proxy-d1f55c01-3194-493f-bb26-b252a7bb6892[14023]: Proxy listener started.
Jun 26 17:57:07 gtw01 haproxy-metadata-proxy-21fb031d-8e91-4a96-8870-8f762e8311f4[14035]: Proxy listener started.
Jun 26 17:57:08 gtw01 dnsmasq[13507]: read /var/lib/neutron/dhcp/1e13f3fb-ea3c-4280-8667-8616247d5859/addn_hosts - 2 addresses
Jun 26 17:57:08 gtw01 dnsmasq-dhcp[13507]: read /var/lib/neutron/dhcp/1e13f3fb-ea3c-4280-8667-8616247d5859/host
Jun 26 17:57:08 gtw01 dnsmasq-dhcp[13507]: read /var/lib/neutron/dhcp/1e13f3fb-ea3c-4280-8667-8616247d5859/opts
Jun 26 17:57:08 gtw01 dnsmasq[14048]: started, version 2.80 cachesize 150
Jun 26 17:57:08 gtw01 dnsmasq[14048]: DNS service limited to local subnets
Jun 26 17:57:08 gtw01 dnsmasq[14048]: compile time options: IPv6 GNU-getopt DBus i18n IDN DHCP DHCPv6 no-Lua TFTP conntrack ipset auth DNSSEC loop-detect inotify dumpfile
Jun 26 17:57:08 gtw01 dnsmasq[14048]: LOUD WARNING: listening on 1.1.0.142 may accept requests via interfaces other than tapdc2d2090-69
Jun 26 17:57:08 gtw01 dnsmasq[14048]: LOUD WARNING: use --bind-dynamic rather than --bind-interfaces to avoid DNS amplification attacks via these interface(s)
Jun 26 17:57:08 gtw01 dnsmasq[14048]: warning: no upstream servers configured
Jun 26 17:57:08 gtw01 dnsmasq-dhcp[14048]: DHCP, static leases only on 1.1.0.140, lease time 1h
Jun 26 17:57:08 gtw01 dnsmasq[14048]: read /var/lib/neutron/dhcp/439a5517-314b-4e70-9580-2096677a9ce5/addn_hosts - 1 addresses
Jun 26 17:57:08 gtw01 dnsmasq-dhcp[14048]: read /var/lib/neutron/dhcp/439a5517-314b-4e70-9580-2096677a9ce5/host
Jun 26 17:57:08 gtw01 dnsmasq-dhcp[14048]: read /var/lib/neutron/dhcp/439a5517-314b-4e70-9580-2096677a9ce5/opts
Jun 26 17:57:08 gtw01 haproxy-metadata-proxy-439a5517-314b-4e70-9580-2096677a9ce5[14063]: Proxy listener started.
Jun 26 17:57:08 gtw01 dnsmasq[13894]: read /var/lib/neutron/dhcp/79af843f-43e2-45e7-b040-5ee2082cea24/addn_hosts - 1 addresses
Jun 26 17:57:08 gtw01 dnsmasq-dhcp[13894]: read /var/lib/neutron/dhcp/79af843f-43e2-45e7-b040-5ee2082cea24/host
Jun 26 17:57:08 gtw01 dnsmasq-dhcp[13894]: read /var/lib/neutron/dhcp/79af843f-43e2-45e7-b040-5ee2082cea24/opts
Jun 26 17:57:08 gtw01 dnsmasq[14007]: read /var/lib/neutron/dhcp/d1f55c01-3194-493f-bb26-b252a7bb6892/addn_hosts - 1 addresses
Jun 26 17:57:08 gtw01 dnsmasq-dhcp[14007]: read /var/lib/neutron/dhcp/d1f55c01-3194-493f-bb26-b252a7bb6892/host
Jun 26 17:57:08 gtw01 dnsmasq-dhcp[14007]: read /var/lib/neutron/dhcp/d1f55c01-3194-493f-bb26-b252a7bb6892/opts
Jun 26 17:57:09 gtw01 dnsmasq[14017]: read /var/lib/neutron/dhcp/21fb031d-8e91-4a96-8870-8f762e8311f4/addn_hosts - 1 addresses
Jun 26 17:57:09 gtw01 dnsmasq-dhcp[14017]: read /var/lib/neutron/dhcp/21fb031d-8e91-4a96-8870-8f762e8311f4/host
Jun 26 17:57:09 gtw01 dnsmasq-dhcp[14017]: read /var/lib/neutron/dhcp/21fb031d-8e91-4a96-8870-8f762e8311f4/opts
Jun 26 17:57:09 gtw01 dnsmasq[14048]: read /var/lib/neutron/dhcp/439a5517-314b-4e70-9580-2096677a9ce5/addn_hosts - 1 addresses
Jun 26 17:57:09 gtw01 dnsmasq-dhcp[14048]: read /var/lib/neutron/dhcp/439a5517-314b-4e70-9580-2096677a9ce5/host
Jun 26 17:57:09 gtw01 dnsmasq-dhcp[14048]: read /var/lib/neutron/dhcp/439a5517-314b-4e70-9580-2096677a9ce5/opts
Jun 26 17:57:10 gtw01 dnsmasq[13894]: read /var/lib/neutron/dhcp/79af843f-43e2-45e7-b040-5ee2082cea24/addn_hosts - 2 addresses
Jun 26 17:57:10 gtw01 dnsmasq-dhcp[13894]: read /var/lib/neutron/dhcp/79af843f-43e2-45e7-b040-5ee2082cea24/host
Jun 26 17:57:10 gtw01 dnsmasq-dhcp[13894]: read /var/lib/neutron/dhcp/79af843f-43e2-45e7-b040-5ee2082cea24/opts
Jun 26 17:57:10 gtw01 dnsmasq[13507]: read /var/lib/neutron/dhcp/1e13f3fb-ea3c-4280-8667-8616247d5859/addn_hosts - 2 addresses
Jun 26 17:57:10 gtw01 dnsmasq-dhcp[13507]: read /var/lib/neutron/dhcp/1e13f3fb-ea3c-4280-8667-8616247d5859/host
Jun 26 17:57:10 gtw01 dnsmasq-dhcp[13507]: read /var/lib/neutron/dhcp/1e13f3fb-ea3c-4280-8667-8616247d5859/opts
Jun 26 17:57:10 gtw01 dnsmasq[14007]: read /var/lib/neutron/dhcp/d1f55c01-3194-493f-bb26-b252a7bb6892/addn_hosts - 1 addresses
Jun 26 17:57:10 gtw01 dnsmasq-dhcp[14007]: read /var/lib/neutron/dhcp/d1f55c01-3194-493f-bb26-b252a7bb6892/host
Jun 26 17:57:10 gtw01 dnsmasq-dhcp[14007]: read /var/lib/neutron/dhcp/d1f55c01-3194-493f-bb26-b252a7bb6892/opts
Jun 26 17:57:11 gtw01 dnsmasq[14017]: read /var/lib/neutron/dhcp/21fb031d-8e91-4a96-8870-8f762e8311f4/addn_hosts - 1 addresses
Jun 26 17:57:11 gtw01 dnsmasq-dhcp[14017]: read /var/lib/neutron/dhcp/21fb031d-8e91-4a96-8870-8f762e8311f4/host
Jun 26 17:57:11 gtw01 dnsmasq-dhcp[14017]: read /var/lib/neutron/dhcp/21fb031d-8e91-4a96-8870-8f762e8311f4/opts
Jun 26 17:57:12 gtw01 dnsmasq[14048]: read /var/lib/neutron/dhcp/439a5517-314b-4e70-9580-2096677a9ce5/addn_hosts - 2 addresses
Jun 26 17:57:12 gtw01 dnsmasq-dhcp[14048]: read /var/lib/neutron/dhcp/439a5517-314b-4e70-9580-2096677a9ce5/host
Jun 26 17:57:12 gtw01 dnsmasq-dhcp[14048]: read /var/lib/neutron/dhcp/439a5517-314b-4e70-9580-2096677a9ce5/opts
Jun 26 17:57:12 gtw01 dnsmasq[13894]: read /var/lib/neutron/dhcp/79af843f-43e2-45e7-b040-5ee2082cea24/addn_hosts - 2 addresses
Jun 26 17:57:12 gtw01 dnsmasq-dhcp[13894]: read /var/lib/neutron/dhcp/79af843f-43e2-45e7-b040-5ee2082cea24/host
Jun 26 17:57:12 gtw01 dnsmasq-dhcp[13894]: read /var/lib/neutron/dhcp/79af843f-43e2-45e7-b040-5ee2082cea24/opts
Jun 26 17:57:13 gtw01 dnsmasq[14007]: read /var/lib/neutron/dhcp/d1f55c01-3194-493f-bb26-b252a7bb6892/addn_hosts - 2 addresses
Jun 26 17:57:13 gtw01 dnsmasq-dhcp[14007]: read /var/lib/neutron/dhcp/d1f55c01-3194-493f-bb26-b252a7bb6892/host
Jun 26 17:57:13 gtw01 dnsmasq-dhcp[14007]: read /var/lib/neutron/dhcp/d1f55c01-3194-493f-bb26-b252a7bb6892/opts
Jun 26 17:57:13 gtw01 dnsmasq[13507]: read /var/lib/neutron/dhcp/1e13f3fb-ea3c-4280-8667-8616247d5859/addn_hosts - 1 addresses
Jun 26 17:57:13 gtw01 dnsmasq-dhcp[13507]: read /var/lib/neutron/dhcp/1e13f3fb-ea3c-4280-8667-8616247d5859/host
Jun 26 17:57:13 gtw01 dnsmasq-dhcp[13507]: read /var/lib/neutron/dhcp/1e13f3fb-ea3c-4280-8667-8616247d5859/opts
Jun 26 17:57:13 gtw01 dnsmasq[14017]: read /var/lib/neutron/dhcp/21fb031d-8e91-4a96-8870-8f762e8311f4/addn_hosts - 2 addresses
Jun 26 17:57:13 gtw01 dnsmasq-dhcp[14017]: read /var/lib/neutron/dhcp/21fb031d-8e91-4a96-8870-8f762e8311f4/host
Jun 26 17:57:13 gtw01 dnsmasq-dhcp[14017]: read /var/lib/neutron/dhcp/21fb031d-8e91-4a96-8870-8f762e8311f4/opts
Jun 26 17:57:14 gtw01 dnsmasq[14048]: read /var/lib/neutron/dhcp/439a5517-314b-4e70-9580-2096677a9ce5/addn_hosts - 2 addresses
Jun 26 17:57:14 gtw01 dnsmasq-dhcp[14048]: read /var/lib/neutron/dhcp/439a5517-314b-4e70-9580-2096677a9ce5/host
Jun 26 17:57:14 gtw01 dnsmasq-dhcp[14048]: read /var/lib/neutron/dhcp/439a5517-314b-4e70-9580-2096677a9ce5/opts
Jun 26 17:57:14 gtw01 dnsmasq[13894]: read /var/lib/neutron/dhcp/79af843f-43e2-45e7-b040-5ee2082cea24/addn_hosts - 2 addresses
Jun 26 17:57:14 gtw01 dnsmasq-dhcp[13894]: read /var/lib/neutron/dhcp/79af843f-43e2-45e7-b040-5ee2082cea24/host
Jun 26 17:57:14 gtw01 dnsmasq-dhcp[13894]: read /var/lib/neutron/dhcp/79af843f-43e2-45e7-b040-5ee2082cea24/opts
Jun 26 17:57:15 gtw01 dnsmasq[14007]: read /var/lib/neutron/dhcp/d1f55c01-3194-493f-bb26-b252a7bb6892/addn_hosts - 2 addresses
Jun 26 17:57:15 gtw01 dnsmasq-dhcp[14007]: read /var/lib/neutron/dhcp/d1f55c01-3194-493f-bb26-b252a7bb6892/host
Jun 26 17:57:15 gtw01 dnsmasq-dhcp[14007]: read /var/lib/neutron/dhcp/d1f55c01-3194-493f-bb26-b252a7bb6892/opts
Jun 26 17:57:15 gtw01 dnsmasq[14017]: read /var/lib/neutron/dhcp/21fb031d-8e91-4a96-8870-8f762e8311f4/addn_hosts - 2 addresses
Jun 26 17:57:15 gtw01 dnsmasq-dhcp[14017]: read /var/lib/neutron/dhcp/21fb031d-8e91-4a96-8870-8f762e8311f4/host
Jun 26 17:57:15 gtw01 dnsmasq-dhcp[14017]: read /var/lib/neutron/dhcp/21fb031d-8e91-4a96-8870-8f762e8311f4/opts
Jun 26 17:57:16 gtw01 dnsmasq[14048]: read /var/lib/neutron/dhcp/439a5517-314b-4e70-9580-2096677a9ce5/addn_hosts - 2 addresses
Jun 26 17:57:16 gtw01 dnsmasq-dhcp[14048]: read /var/lib/neutron/dhcp/439a5517-314b-4e70-9580-2096677a9ce5/host
Jun 26 17:57:16 gtw01 dnsmasq-dhcp[14048]: read /var/lib/neutron/dhcp/439a5517-314b-4e70-9580-2096677a9ce5/opts
Jun 26 17:57:16 gtw01 dnsmasq[13894]: read /var/lib/neutron/dhcp/79af843f-43e2-45e7-b040-5ee2082cea24/addn_hosts - 1 addresses
Jun 26 17:57:16 gtw01 dnsmasq-dhcp[13894]: read /var/lib/neutron/dhcp/79af843f-43e2-45e7-b040-5ee2082cea24/host
Jun 26 17:57:16 gtw01 dnsmasq-dhcp[13894]: read /var/lib/neutron/dhcp/79af843f-43e2-45e7-b040-5ee2082cea24/opts
Jun 26 17:57:17 gtw01 dnsmasq[14007]: read /var/lib/neutron/dhcp/d1f55c01-3194-493f-bb26-b252a7bb6892/addn_hosts - 2 addresses
Jun 26 17:57:17 gtw01 dnsmasq-dhcp[14007]: read /var/lib/neutron/dhcp/d1f55c01-3194-493f-bb26-b252a7bb6892/host
Jun 26 17:57:17 gtw01 dnsmasq-dhcp[14007]: read /var/lib/neutron/dhcp/d1f55c01-3194-493f-bb26-b252a7bb6892/opts
Jun 26 17:57:17 gtw01 dnsmasq[14048]: read /var/lib/neutron/dhcp/439a5517-314b-4e70-9580-2096677a9ce5/addn_hosts - 2 addresses
Jun 26 17:57:17 gtw01 dnsmasq-dhcp[14048]: read /var/lib/neutron/dhcp/439a5517-314b-4e70-9580-2096677a9ce5/host
Jun 26 17:57:17 gtw01 dnsmasq-dhcp[14048]: read /var/lib/neutron/dhcp/439a5517-314b-4e70-9580-2096677a9ce5/opts
Jun 26 17:57:17 gtw01 kernel: [14710.571204] device tapc7bd40ca-0e left promiscuous mode
Jun 26 17:57:18 gtw01 kernel: [14711.175480] device tapcfd91430-08 left promiscuous mode
Jun 26 17:57:18 gtw01 dnsmasq[14007]: read /var/lib/neutron/dhcp/d1f55c01-3194-493f-bb26-b252a7bb6892/addn_hosts - 1 addresses
Jun 26 17:57:18 gtw01 dnsmasq-dhcp[14007]: read /var/lib/neutron/dhcp/d1f55c01-3194-493f-bb26-b252a7bb6892/host
Jun 26 17:57:18 gtw01 dnsmasq-dhcp[14007]: read /var/lib/neutron/dhcp/d1f55c01-3194-493f-bb26-b252a7bb6892/opts
Jun 26 17:57:19 gtw01 kernel: [14711.884048] device tap3524c76f-03 left promiscuous mode
Jun 26 17:57:19 gtw01 kernel: [14712.236995] device tapc2c3b232-94 left promiscuous mode
Jun 26 17:57:19 gtw01 kernel: [14712.714375] device tapdc2d2090-69 left promiscuous mode
Jun 26 17:57:20 gtw01 kernel: [14712.946955] device tap7adf6d3a-3f left promiscuous mode
Jun 26 17:57:20 gtw01 kernel: [14713.114967] device tap87ab5483-81 left promiscuous mode
Jun 26 17:57:20 gtw01 kernel: [14713.176401] device tapbcc65aed-bf left promiscuous mode
Jun 26 17:57:20 gtw01 kernel: [14713.234957] device tapd1ed6478-9e left promiscuous mode
Jun 26 17:57:20 gtw01 kernel: [14713.363143] device tap6deaed46-54 left promiscuous mode
Jun 26 17:57:48 gtw01 kernel: [14741.513741] device tap21b15599-9c entered promiscuous mode
Jun 26 17:57:48 gtw01 systemd-udevd[14511]: Could not generate persistent MAC address for tap21b15599-9c: No such file or directory
Jun 26 17:57:48 gtw01 systemd-udevd[14511]: Process '/sbin/ip link set tap21b15599-9c txqueuelen 10000' failed with exit code 1.
Jun 26 17:57:48 gtw01 systemd-udevd[14511]: Process '/sbin/ip link set tap21b15599-9c txqueuelen 10000' failed with exit code 1.
Jun 26 17:57:50 gtw01 kernel: [14742.860640] device tape163412d-95 entered promiscuous mode
Jun 26 17:57:50 gtw01 systemd-udevd[14630]: Could not generate persistent MAC address for tape163412d-95: No such file or directory
Jun 26 17:57:50 gtw01 systemd-udevd[14630]: Process '/sbin/ip link set tape163412d-95 txqueuelen 10000' failed with exit code 1.
Jun 26 17:57:50 gtw01 systemd-udevd[14705]: Process '/sbin/ip link set tape163412d-95 txqueuelen 10000' failed with exit code 1.
Jun 26 17:57:51 gtw01 kernel: [14744.661118] device tap5917cc19-2e entered promiscuous mode
Jun 26 17:57:51 gtw01 systemd-udevd[14780]: Process '/sbin/ip link set tap5917cc19-2e txqueuelen 10000' failed with exit code 1.
Jun 26 17:57:52 gtw01 systemd-udevd[14857]: Process '/sbin/ip link set tap5917cc19-2e txqueuelen 10000' failed with exit code 1.
Jun 26 17:57:52 gtw01 dnsmasq[14899]: started, version 2.80 cachesize 150
Jun 26 17:57:52 gtw01 dnsmasq[14899]: DNS service limited to local subnets
Jun 26 17:57:52 gtw01 dnsmasq[14899]: compile time options: IPv6 GNU-getopt DBus i18n IDN DHCP DHCPv6 no-Lua TFTP conntrack ipset auth DNSSEC loop-detect inotify dumpfile
Jun 26 17:57:52 gtw01 dnsmasq[14899]: warning: no upstream servers configured
Jun 26 17:57:52 gtw01 dnsmasq-dhcp[14899]: DHCP, static leases only on 10.2.36.0, lease time 1h
Jun 26 17:57:52 gtw01 dnsmasq[14899]: read /var/lib/neutron/dhcp/413e3020-cdb2-413f-ba21-2da157179886/addn_hosts - 1 addresses
Jun 26 17:57:52 gtw01 dnsmasq-dhcp[14899]: read /var/lib/neutron/dhcp/413e3020-cdb2-413f-ba21-2da157179886/host
Jun 26 17:57:52 gtw01 dnsmasq-dhcp[14899]: read /var/lib/neutron/dhcp/413e3020-cdb2-413f-ba21-2da157179886/opts
Jun 26 17:57:53 gtw01 haproxy-metadata-proxy-413e3020-cdb2-413f-ba21-2da157179886[14907]: Proxy listener started.
Jun 26 17:57:54 gtw01 dnsmasq[14899]: read /var/lib/neutron/dhcp/413e3020-cdb2-413f-ba21-2da157179886/addn_hosts - 1 addresses
Jun 26 17:57:54 gtw01 dnsmasq-dhcp[14899]: read /var/lib/neutron/dhcp/413e3020-cdb2-413f-ba21-2da157179886/host
Jun 26 17:57:54 gtw01 dnsmasq-dhcp[14899]: read /var/lib/neutron/dhcp/413e3020-cdb2-413f-ba21-2da157179886/opts
Jun 26 17:57:54 gtw01 dnsmasq[14960]: started, version 2.80 cachesize 150
Jun 26 17:57:54 gtw01 dnsmasq[14960]: DNS service limited to local subnets
Jun 26 17:57:54 gtw01 dnsmasq[14960]: compile time options: IPv6 GNU-getopt DBus i18n IDN DHCP DHCPv6 no-Lua TFTP conntrack ipset auth DNSSEC loop-detect inotify dumpfile
Jun 26 17:57:54 gtw01 dnsmasq[14960]: warning: no upstream servers configured
Jun 26 17:57:54 gtw01 dnsmasq-dhcp[14960]: DHCP, static leases only on 10.2.37.0, lease time 1h
Jun 26 17:57:54 gtw01 dnsmasq[14960]: read /var/lib/neutron/dhcp/bcbaa883-f230-4559-a42e-d3d6e9ed1c56/addn_hosts - 1 addresses
Jun 26 17:57:54 gtw01 dnsmasq-dhcp[14960]: read /var/lib/neutron/dhcp/bcbaa883-f230-4559-a42e-d3d6e9ed1c56/host
Jun 26 17:57:54 gtw01 dnsmasq-dhcp[14960]: read /var/lib/neutron/dhcp/bcbaa883-f230-4559-a42e-d3d6e9ed1c56/opts
Jun 26 17:57:54 gtw01 haproxy-metadata-proxy-bcbaa883-f230-4559-a42e-d3d6e9ed1c56[14970]: Proxy listener started.
Jun 26 17:57:55 gtw01 dnsmasq[14960]: read /var/lib/neutron/dhcp/bcbaa883-f230-4559-a42e-d3d6e9ed1c56/addn_hosts - 1 addresses
Jun 26 17:57:55 gtw01 dnsmasq-dhcp[14960]: read /var/lib/neutron/dhcp/bcbaa883-f230-4559-a42e-d3d6e9ed1c56/host
Jun 26 17:57:55 gtw01 dnsmasq-dhcp[14960]: read /var/lib/neutron/dhcp/bcbaa883-f230-4559-a42e-d3d6e9ed1c56/opts
Jun 26 17:57:56 gtw01 dnsmasq[15010]: started, version 2.80 cachesize 150
Jun 26 17:57:56 gtw01 dnsmasq[15010]: DNS service limited to local subnets
Jun 26 17:57:56 gtw01 dnsmasq[15010]: compile time options: IPv6 GNU-getopt DBus i18n IDN DHCP DHCPv6 no-Lua TFTP conntrack ipset auth DNSSEC loop-detect inotify dumpfile
Jun 26 17:57:56 gtw01 dnsmasq[15010]: warning: no upstream servers configured
Jun 26 17:57:56 gtw01 dnsmasq-dhcp[15010]: DHCP, static leases only on 10.2.38.0, lease time 1h
Jun 26 17:57:56 gtw01 dnsmasq[15010]: read /var/lib/neutron/dhcp/69f4f2c6-8033-48cb-ac97-f89805397dac/addn_hosts - 1 addresses
Jun 26 17:57:56 gtw01 dnsmasq-dhcp[15010]: read /var/lib/neutron/dhcp/69f4f2c6-8033-48cb-ac97-f89805397dac/host
Jun 26 17:57:56 gtw01 dnsmasq-dhcp[15010]: read /var/lib/neutron/dhcp/69f4f2c6-8033-48cb-ac97-f89805397dac/opts
Jun 26 17:57:56 gtw01 haproxy-metadata-proxy-69f4f2c6-8033-48cb-ac97-f89805397dac[15017]: Proxy listener started.
Jun 26 17:57:58 gtw01 kernel: [14751.620453] device tape163412d-95 left promiscuous mode
Jun 26 17:57:58 gtw01 kernel: [14751.668949] device tap5917cc19-2e left promiscuous mode
Jun 26 17:57:59 gtw01 dnsmasq[15077]: started, version 2.80 cachesize 150
Jun 26 17:57:59 gtw01 dnsmasq[15077]: DNS service limited to local subnets
Jun 26 17:57:59 gtw01 dnsmasq[15077]: compile time options: IPv6 GNU-getopt DBus i18n IDN DHCP DHCPv6 no-Lua TFTP conntrack ipset auth DNSSEC loop-detect inotify dumpfile
Jun 26 17:57:59 gtw01 dnsmasq[15077]: LOUD WARNING: listening on 1.1.0.182 may accept requests via interfaces other than tap21b15599-9c
Jun 26 17:57:59 gtw01 dnsmasq[15077]: LOUD WARNING: use --bind-dynamic rather than --bind-interfaces to avoid DNS amplification attacks via these interface(s)
Jun 26 17:57:59 gtw01 dnsmasq[15077]: warning: no upstream servers configured
Jun 26 17:57:59 gtw01 dnsmasq-dhcp[15077]: DHCP, static leases only on 1.1.0.180, lease time 1h
Jun 26 17:57:59 gtw01 dnsmasq-dhcp[15077]: DHCP, static leases only on 10.2.36.0, lease time 1h
Jun 26 17:57:59 gtw01 dnsmasq[15077]: read /var/lib/neutron/dhcp/413e3020-cdb2-413f-ba21-2da157179886/addn_hosts - 2 addresses
Jun 26 17:57:59 gtw01 dnsmasq-dhcp[15077]: read /var/lib/neutron/dhcp/413e3020-cdb2-413f-ba21-2da157179886/host
Jun 26 17:57:59 gtw01 dnsmasq-dhcp[15077]: read /var/lib/neutron/dhcp/413e3020-cdb2-413f-ba21-2da157179886/opts
Jun 26 17:58:02 gtw01 dnsmasq[15125]: started, version 2.80 cachesize 150
Jun 26 17:58:02 gtw01 dnsmasq[15125]: DNS service limited to local subnets
Jun 26 17:58:02 gtw01 dnsmasq[15125]: compile time options: IPv6 GNU-getopt DBus i18n IDN DHCP DHCPv6 no-Lua TFTP conntrack ipset auth DNSSEC loop-detect inotify dumpfile
Jun 26 17:58:02 gtw01 dnsmasq[15125]: warning: no upstream servers configured
Jun 26 17:58:02 gtw01 dnsmasq-dhcp[15125]: DHCP, static leases only on 10.2.36.0, lease time 1h
Jun 26 17:58:02 gtw01 dnsmasq[15125]: read /var/lib/neutron/dhcp/413e3020-cdb2-413f-ba21-2da157179886/addn_hosts - 1 addresses
Jun 26 17:58:02 gtw01 dnsmasq-dhcp[15125]: read /var/lib/neutron/dhcp/413e3020-cdb2-413f-ba21-2da157179886/host
Jun 26 17:58:02 gtw01 dnsmasq-dhcp[15125]: read /var/lib/neutron/dhcp/413e3020-cdb2-413f-ba21-2da157179886/opts
Jun 26 17:58:02 gtw01 dnsmasq[15125]: read /var/lib/neutron/dhcp/413e3020-cdb2-413f-ba21-2da157179886/addn_hosts - 1 addresses
Jun 26 17:58:02 gtw01 dnsmasq-dhcp[15125]: read /var/lib/neutron/dhcp/413e3020-cdb2-413f-ba21-2da157179886/host
Jun 26 17:58:02 gtw01 dnsmasq-dhcp[15125]: read /var/lib/neutron/dhcp/413e3020-cdb2-413f-ba21-2da157179886/opts
Jun 26 17:58:03 gtw01 dnsmasq[15125]: read /var/lib/neutron/dhcp/413e3020-cdb2-413f-ba21-2da157179886/addn_hosts - 1 addresses
Jun 26 17:58:03 gtw01 dnsmasq-dhcp[15125]: read /var/lib/neutron/dhcp/413e3020-cdb2-413f-ba21-2da157179886/host
Jun 26 17:58:03 gtw01 dnsmasq-dhcp[15125]: read /var/lib/neutron/dhcp/413e3020-cdb2-413f-ba21-2da157179886/opts
Jun 26 17:58:10 gtw01 dnsmasq[15203]: started, version 2.80 cachesize 150
Jun 26 17:58:10 gtw01 dnsmasq[15203]: DNS service limited to local subnets
Jun 26 17:58:10 gtw01 dnsmasq[15203]: compile time options: IPv6 GNU-getopt DBus i18n IDN DHCP DHCPv6 no-Lua TFTP conntrack ipset auth DNSSEC loop-detect inotify dumpfile
Jun 26 17:58:10 gtw01 dnsmasq[15203]: warning: no upstream servers configured
Jun 26 17:58:10 gtw01 dnsmasq-dhcp[15203]: DHCP, static leases only on 10.2.36.0, lease time 1h
Jun 26 17:58:10 gtw01 dnsmasq[15203]: read /var/lib/neutron/dhcp/413e3020-cdb2-413f-ba21-2da157179886/addn_hosts - 1 addresses
Jun 26 17:58:10 gtw01 dnsmasq-dhcp[15203]: read /var/lib/neutron/dhcp/413e3020-cdb2-413f-ba21-2da157179886/host
Jun 26 17:58:10 gtw01 dnsmasq-dhcp[15203]: read /var/lib/neutron/dhcp/413e3020-cdb2-413f-ba21-2da157179886/opts
Jun 26 17:58:22 gtw01 dnsmasq[15203]: read /var/lib/neutron/dhcp/413e3020-cdb2-413f-ba21-2da157179886/addn_hosts - 1 addresses
Jun 26 17:58:22 gtw01 dnsmasq-dhcp[15203]: read /var/lib/neutron/dhcp/413e3020-cdb2-413f-ba21-2da157179886/host
Jun 26 17:58:22 gtw01 dnsmasq-dhcp[15203]: read /var/lib/neutron/dhcp/413e3020-cdb2-413f-ba21-2da157179886/opts
Jun 26 17:58:23 gtw01 kernel: [14776.034430] device tap21b15599-9c left promiscuous mode
Jun 26 17:59:25 gtw01 kernel: [14837.934984] device tap0fcdd479-1d entered promiscuous mode
Jun 26 17:59:25 gtw01 systemd-udevd[15259]: Could not generate persistent MAC address for tap0fcdd479-1d: No such file or directory
Jun 26 17:59:25 gtw01 systemd-udevd[15259]: Process '/sbin/ip link set tap0fcdd479-1d txqueuelen 10000' failed with exit code 1.
Jun 26 17:59:25 gtw01 systemd-udevd[15339]: Process '/sbin/ip link set tap0fcdd479-1d txqueuelen 10000' failed with exit code 1.
Jun 26 17:59:26 gtw01 kernel: [14839.461531] device tapa2e372bc-fc entered promiscuous mode
Jun 26 17:59:26 gtw01 systemd-udevd[15384]: Could not generate persistent MAC address for tapa2e372bc-fc: No such file or directory
Jun 26 17:59:26 gtw01 systemd-udevd[15384]: Process '/sbin/ip link set tapa2e372bc-fc txqueuelen 10000' failed with exit code 1.
Jun 26 17:59:28 gtw01 kernel: [14840.994752] device tap48aa3fed-6c entered promiscuous mode
Jun 26 17:59:28 gtw01 systemd-udevd[15522]: Could not generate persistent MAC address for tap48aa3fed-6c: No such file or directory
Jun 26 17:59:28 gtw01 systemd-udevd[15522]: Process '/sbin/ip link set tap48aa3fed-6c txqueuelen 10000' failed with exit code 1.
Jun 26 17:59:28 gtw01 systemd-udevd[15522]: Process '/sbin/ip link set tap48aa3fed-6c txqueuelen 10000' failed with exit code 1.
Jun 26 17:59:29 gtw01 dnsmasq[15645]: started, version 2.80 cachesize 150
Jun 26 17:59:29 gtw01 dnsmasq[15645]: DNS service limited to local subnets
Jun 26 17:59:29 gtw01 dnsmasq[15645]: compile time options: IPv6 GNU-getopt DBus i18n IDN DHCP DHCPv6 no-Lua TFTP conntrack ipset auth DNSSEC loop-detect inotify dumpfile
Jun 26 17:59:29 gtw01 dnsmasq[15645]: warning: no upstream servers configured
Jun 26 17:59:29 gtw01 dnsmasq-dhcp[15645]: DHCP, static leases only on 10.2.49.0, lease time 1h
Jun 26 17:59:29 gtw01 dnsmasq[15645]: read /var/lib/neutron/dhcp/5f6bbcf1-8107-45b7-a253-a42263d8267a/addn_hosts - 1 addresses
Jun 26 17:59:29 gtw01 dnsmasq-dhcp[15645]: read /var/lib/neutron/dhcp/5f6bbcf1-8107-45b7-a253-a42263d8267a/host
Jun 26 17:59:29 gtw01 dnsmasq-dhcp[15645]: read /var/lib/neutron/dhcp/5f6bbcf1-8107-45b7-a253-a42263d8267a/opts
Jun 26 17:59:29 gtw01 haproxy-metadata-proxy-5f6bbcf1-8107-45b7-a253-a42263d8267a[15655]: Proxy listener started.
Jun 26 17:59:30 gtw01 dnsmasq[15645]: read /var/lib/neutron/dhcp/5f6bbcf1-8107-45b7-a253-a42263d8267a/addn_hosts - 3 addresses
Jun 26 17:59:30 gtw01 dnsmasq-dhcp[15645]: read /var/lib/neutron/dhcp/5f6bbcf1-8107-45b7-a253-a42263d8267a/host
Jun 26 17:59:30 gtw01 dnsmasq-dhcp[15645]: read /var/lib/neutron/dhcp/5f6bbcf1-8107-45b7-a253-a42263d8267a/opts
Jun 26 17:59:31 gtw01 dnsmasq[15713]: started, version 2.80 cachesize 150
Jun 26 17:59:31 gtw01 dnsmasq[15713]: DNS service limited to local subnets
Jun 26 17:59:31 gtw01 dnsmasq[15713]: compile time options: IPv6 GNU-getopt DBus i18n IDN DHCP DHCPv6 no-Lua TFTP conntrack ipset auth DNSSEC loop-detect inotify dumpfile
Jun 26 17:59:31 gtw01 dnsmasq[15713]: warning: no upstream servers configured
Jun 26 17:59:31 gtw01 dnsmasq-dhcp[15713]: DHCP, static leases only on 10.2.50.0, lease time 1h
Jun 26 17:59:31 gtw01 dnsmasq[15713]: read /var/lib/neutron/dhcp/b10fc875-f671-4cd2-9192-eb3b2fbd0f00/addn_hosts - 1 addresses
Jun 26 17:59:31 gtw01 dnsmasq-dhcp[15713]: read /var/lib/neutron/dhcp/b10fc875-f671-4cd2-9192-eb3b2fbd0f00/host
Jun 26 17:59:31 gtw01 dnsmasq-dhcp[15713]: read /var/lib/neutron/dhcp/b10fc875-f671-4cd2-9192-eb3b2fbd0f00/opts
Jun 26 17:59:31 gtw01 haproxy-metadata-proxy-b10fc875-f671-4cd2-9192-eb3b2fbd0f00[15724]: Proxy listener started.
Jun 26 17:59:31 gtw01 dnsmasq[15645]: read /var/lib/neutron/dhcp/5f6bbcf1-8107-45b7-a253-a42263d8267a/addn_hosts - 3 addresses
Jun 26 17:59:31 gtw01 dnsmasq-dhcp[15645]: read /var/lib/neutron/dhcp/5f6bbcf1-8107-45b7-a253-a42263d8267a/host
Jun 26 17:59:31 gtw01 dnsmasq-dhcp[15645]: read /var/lib/neutron/dhcp/5f6bbcf1-8107-45b7-a253-a42263d8267a/opts
Jun 26 17:59:32 gtw01 dnsmasq[15713]: read /var/lib/neutron/dhcp/b10fc875-f671-4cd2-9192-eb3b2fbd0f00/addn_hosts - 3 addresses
Jun 26 17:59:32 gtw01 dnsmasq-dhcp[15713]: read /var/lib/neutron/dhcp/b10fc875-f671-4cd2-9192-eb3b2fbd0f00/host
Jun 26 17:59:32 gtw01 dnsmasq-dhcp[15713]: read /var/lib/neutron/dhcp/b10fc875-f671-4cd2-9192-eb3b2fbd0f00/opts
Jun 26 17:59:32 gtw01 dnsmasq[15761]: started, version 2.80 cachesize 150
Jun 26 17:59:32 gtw01 dnsmasq[15761]: DNS service limited to local subnets
Jun 26 17:59:32 gtw01 dnsmasq[15761]: compile time options: IPv6 GNU-getopt DBus i18n IDN DHCP DHCPv6 no-Lua TFTP conntrack ipset auth DNSSEC loop-detect inotify dumpfile
Jun 26 17:59:32 gtw01 dnsmasq[15761]: warning: no upstream servers configured
Jun 26 17:59:32 gtw01 dnsmasq-dhcp[15761]: DHCP, static leases only on 10.2.51.0, lease time 1h
Jun 26 17:59:32 gtw01 dnsmasq[15761]: read /var/lib/neutron/dhcp/9f97a61e-4d89-42de-bd0b-3dc83e5c9bb6/addn_hosts - 1 addresses
Jun 26 17:59:32 gtw01 dnsmasq-dhcp[15761]: read /var/lib/neutron/dhcp/9f97a61e-4d89-42de-bd0b-3dc83e5c9bb6/host
Jun 26 17:59:32 gtw01 dnsmasq-dhcp[15761]: read /var/lib/neutron/dhcp/9f97a61e-4d89-42de-bd0b-3dc83e5c9bb6/opts
Jun 26 17:59:32 gtw01 haproxy-metadata-proxy-9f97a61e-4d89-42de-bd0b-3dc83e5c9bb6[15772]: Proxy listener started.
Jun 26 17:59:33 gtw01 dnsmasq[15645]: read /var/lib/neutron/dhcp/5f6bbcf1-8107-45b7-a253-a42263d8267a/addn_hosts - 3 addresses
Jun 26 17:59:33 gtw01 dnsmasq-dhcp[15645]: read /var/lib/neutron/dhcp/5f6bbcf1-8107-45b7-a253-a42263d8267a/host
Jun 26 17:59:33 gtw01 dnsmasq-dhcp[15645]: read /var/lib/neutron/dhcp/5f6bbcf1-8107-45b7-a253-a42263d8267a/opts
Jun 26 17:59:33 gtw01 dnsmasq[15761]: read /var/lib/neutron/dhcp/9f97a61e-4d89-42de-bd0b-3dc83e5c9bb6/addn_hosts - 3 addresses
Jun 26 17:59:33 gtw01 dnsmasq-dhcp[15761]: read /var/lib/neutron/dhcp/9f97a61e-4d89-42de-bd0b-3dc83e5c9bb6/host
Jun 26 17:59:33 gtw01 dnsmasq-dhcp[15761]: read /var/lib/neutron/dhcp/9f97a61e-4d89-42de-bd0b-3dc83e5c9bb6/opts
Jun 26 17:59:33 gtw01 dnsmasq[15713]: read /var/lib/neutron/dhcp/b10fc875-f671-4cd2-9192-eb3b2fbd0f00/addn_hosts - 3 addresses
Jun 26 17:59:33 gtw01 dnsmasq-dhcp[15713]: read /var/lib/neutron/dhcp/b10fc875-f671-4cd2-9192-eb3b2fbd0f00/host
Jun 26 17:59:33 gtw01 dnsmasq-dhcp[15713]: read /var/lib/neutron/dhcp/b10fc875-f671-4cd2-9192-eb3b2fbd0f00/opts
Jun 26 17:59:34 gtw01 dnsmasq[15645]: read /var/lib/neutron/dhcp/5f6bbcf1-8107-45b7-a253-a42263d8267a/addn_hosts - 3 addresses
Jun 26 17:59:34 gtw01 dnsmasq-dhcp[15645]: read /var/lib/neutron/dhcp/5f6bbcf1-8107-45b7-a253-a42263d8267a/host
Jun 26 17:59:34 gtw01 dnsmasq-dhcp[15645]: read /var/lib/neutron/dhcp/5f6bbcf1-8107-45b7-a253-a42263d8267a/opts
Jun 26 17:59:34 gtw01 dnsmasq[15761]: read /var/lib/neutron/dhcp/9f97a61e-4d89-42de-bd0b-3dc83e5c9bb6/addn_hosts - 3 addresses
Jun 26 17:59:34 gtw01 dnsmasq-dhcp[15761]: read /var/lib/neutron/dhcp/9f97a61e-4d89-42de-bd0b-3dc83e5c9bb6/host
Jun 26 17:59:34 gtw01 dnsmasq-dhcp[15761]: read /var/lib/neutron/dhcp/9f97a61e-4d89-42de-bd0b-3dc83e5c9bb6/opts
Jun 26 17:59:35 gtw01 dnsmasq[15713]: read /var/lib/neutron/dhcp/b10fc875-f671-4cd2-9192-eb3b2fbd0f00/addn_hosts - 3 addresses
Jun 26 17:59:35 gtw01 dnsmasq-dhcp[15713]: read /var/lib/neutron/dhcp/b10fc875-f671-4cd2-9192-eb3b2fbd0f00/host
Jun 26 17:59:35 gtw01 dnsmasq-dhcp[15713]: read /var/lib/neutron/dhcp/b10fc875-f671-4cd2-9192-eb3b2fbd0f00/opts
Jun 26 17:59:36 gtw01 dnsmasq[15645]: read /var/lib/neutron/dhcp/5f6bbcf1-8107-45b7-a253-a42263d8267a/addn_hosts - 4 addresses
Jun 26 17:59:36 gtw01 dnsmasq-dhcp[15645]: read /var/lib/neutron/dhcp/5f6bbcf1-8107-45b7-a253-a42263d8267a/host
Jun 26 17:59:36 gtw01 dnsmasq-dhcp[15645]: read /var/lib/neutron/dhcp/5f6bbcf1-8107-45b7-a253-a42263d8267a/opts
Jun 26 17:59:36 gtw01 dnsmasq[15761]: read /var/lib/neutron/dhcp/9f97a61e-4d89-42de-bd0b-3dc83e5c9bb6/addn_hosts - 3 addresses
Jun 26 17:59:36 gtw01 dnsmasq-dhcp[15761]: read /var/lib/neutron/dhcp/9f97a61e-4d89-42de-bd0b-3dc83e5c9bb6/host
Jun 26 17:59:36 gtw01 dnsmasq-dhcp[15761]: read /var/lib/neutron/dhcp/9f97a61e-4d89-42de-bd0b-3dc83e5c9bb6/opts
Jun 26 17:59:36 gtw01 dnsmasq[15713]: read /var/lib/neutron/dhcp/b10fc875-f671-4cd2-9192-eb3b2fbd0f00/addn_hosts - 3 addresses
Jun 26 17:59:36 gtw01 dnsmasq-dhcp[15713]: read /var/lib/neutron/dhcp/b10fc875-f671-4cd2-9192-eb3b2fbd0f00/host
Jun 26 17:59:36 gtw01 dnsmasq-dhcp[15713]: read /var/lib/neutron/dhcp/b10fc875-f671-4cd2-9192-eb3b2fbd0f00/opts
Jun 26 17:59:37 gtw01 dnsmasq[15761]: read /var/lib/neutron/dhcp/9f97a61e-4d89-42de-bd0b-3dc83e5c9bb6/addn_hosts - 3 addresses
Jun 26 17:59:37 gtw01 dnsmasq-dhcp[15761]: read /var/lib/neutron/dhcp/9f97a61e-4d89-42de-bd0b-3dc83e5c9bb6/host
Jun 26 17:59:37 gtw01 dnsmasq-dhcp[15761]: read /var/lib/neutron/dhcp/9f97a61e-4d89-42de-bd0b-3dc83e5c9bb6/opts
Jun 26 17:59:37 gtw01 dnsmasq[15645]: read /var/lib/neutron/dhcp/5f6bbcf1-8107-45b7-a253-a42263d8267a/addn_hosts - 5 addresses
Jun 26 17:59:37 gtw01 dnsmasq-dhcp[15645]: read /var/lib/neutron/dhcp/5f6bbcf1-8107-45b7-a253-a42263d8267a/host
Jun 26 17:59:37 gtw01 dnsmasq-dhcp[15645]: read /var/lib/neutron/dhcp/5f6bbcf1-8107-45b7-a253-a42263d8267a/opts
Jun 26 17:59:37 gtw01 dnsmasq[15713]: read /var/lib/neutron/dhcp/b10fc875-f671-4cd2-9192-eb3b2fbd0f00/addn_hosts - 3 addresses
Jun 26 17:59:37 gtw01 dnsmasq-dhcp[15713]: read /var/lib/neutron/dhcp/b10fc875-f671-4cd2-9192-eb3b2fbd0f00/host
Jun 26 17:59:37 gtw01 dnsmasq-dhcp[15713]: read /var/lib/neutron/dhcp/b10fc875-f671-4cd2-9192-eb3b2fbd0f00/opts
Jun 26 17:59:38 gtw01 dnsmasq[15761]: read /var/lib/neutron/dhcp/9f97a61e-4d89-42de-bd0b-3dc83e5c9bb6/addn_hosts - 3 addresses
Jun 26 17:59:38 gtw01 dnsmasq-dhcp[15761]: read /var/lib/neutron/dhcp/9f97a61e-4d89-42de-bd0b-3dc83e5c9bb6/host
Jun 26 17:59:38 gtw01 dnsmasq-dhcp[15761]: read /var/lib/neutron/dhcp/9f97a61e-4d89-42de-bd0b-3dc83e5c9bb6/opts
Jun 26 17:59:38 gtw01 dnsmasq[15645]: read /var/lib/neutron/dhcp/5f6bbcf1-8107-45b7-a253-a42263d8267a/addn_hosts - 6 addresses
Jun 26 17:59:38 gtw01 dnsmasq-dhcp[15645]: read /var/lib/neutron/dhcp/5f6bbcf1-8107-45b7-a253-a42263d8267a/host
Jun 26 17:59:38 gtw01 dnsmasq-dhcp[15645]: read /var/lib/neutron/dhcp/5f6bbcf1-8107-45b7-a253-a42263d8267a/opts
Jun 26 17:59:39 gtw01 dnsmasq[15645]: read /var/lib/neutron/dhcp/5f6bbcf1-8107-45b7-a253-a42263d8267a/addn_hosts - 7 addresses
Jun 26 17:59:39 gtw01 dnsmasq-dhcp[15645]: read /var/lib/neutron/dhcp/5f6bbcf1-8107-45b7-a253-a42263d8267a/host
Jun 26 17:59:39 gtw01 dnsmasq-dhcp[15645]: read /var/lib/neutron/dhcp/5f6bbcf1-8107-45b7-a253-a42263d8267a/opts
Jun 26 17:59:40 gtw01 dnsmasq[15645]: read /var/lib/neutron/dhcp/5f6bbcf1-8107-45b7-a253-a42263d8267a/addn_hosts - 7 addresses
Jun 26 17:59:40 gtw01 dnsmasq-dhcp[15645]: read /var/lib/neutron/dhcp/5f6bbcf1-8107-45b7-a253-a42263d8267a/host
Jun 26 17:59:40 gtw01 dnsmasq-dhcp[15645]: read /var/lib/neutron/dhcp/5f6bbcf1-8107-45b7-a253-a42263d8267a/opts
Jun 26 17:59:45 gtw01 dnsmasq[15645]: read /var/lib/neutron/dhcp/5f6bbcf1-8107-45b7-a253-a42263d8267a/addn_hosts - 6 addresses
Jun 26 17:59:45 gtw01 dnsmasq-dhcp[15645]: read /var/lib/neutron/dhcp/5f6bbcf1-8107-45b7-a253-a42263d8267a/host
Jun 26 17:59:45 gtw01 dnsmasq-dhcp[15645]: read /var/lib/neutron/dhcp/5f6bbcf1-8107-45b7-a253-a42263d8267a/opts
Jun 26 17:59:46 gtw01 dnsmasq[15645]: read /var/lib/neutron/dhcp/5f6bbcf1-8107-45b7-a253-a42263d8267a/addn_hosts - 5 addresses
Jun 26 17:59:46 gtw01 dnsmasq-dhcp[15645]: read /var/lib/neutron/dhcp/5f6bbcf1-8107-45b7-a253-a42263d8267a/host
Jun 26 17:59:46 gtw01 dnsmasq-dhcp[15645]: read /var/lib/neutron/dhcp/5f6bbcf1-8107-45b7-a253-a42263d8267a/opts
Jun 26 17:59:46 gtw01 dnsmasq[15713]: read /var/lib/neutron/dhcp/b10fc875-f671-4cd2-9192-eb3b2fbd0f00/addn_hosts - 2 addresses
Jun 26 17:59:46 gtw01 dnsmasq-dhcp[15713]: read /var/lib/neutron/dhcp/b10fc875-f671-4cd2-9192-eb3b2fbd0f00/host
Jun 26 17:59:46 gtw01 dnsmasq-dhcp[15713]: read /var/lib/neutron/dhcp/b10fc875-f671-4cd2-9192-eb3b2fbd0f00/opts
Jun 26 17:59:47 gtw01 dnsmasq[15761]: read /var/lib/neutron/dhcp/9f97a61e-4d89-42de-bd0b-3dc83e5c9bb6/addn_hosts - 2 addresses
Jun 26 17:59:47 gtw01 dnsmasq-dhcp[15761]: read /var/lib/neutron/dhcp/9f97a61e-4d89-42de-bd0b-3dc83e5c9bb6/host
Jun 26 17:59:47 gtw01 dnsmasq-dhcp[15761]: read /var/lib/neutron/dhcp/9f97a61e-4d89-42de-bd0b-3dc83e5c9bb6/opts
Jun 26 17:59:47 gtw01 dnsmasq[15645]: read /var/lib/neutron/dhcp/5f6bbcf1-8107-45b7-a253-a42263d8267a/addn_hosts - 4 addresses
Jun 26 17:59:47 gtw01 dnsmasq-dhcp[15645]: read /var/lib/neutron/dhcp/5f6bbcf1-8107-45b7-a253-a42263d8267a/host
Jun 26 17:59:47 gtw01 dnsmasq-dhcp[15645]: read /var/lib/neutron/dhcp/5f6bbcf1-8107-45b7-a253-a42263d8267a/opts
Jun 26 17:59:48 gtw01 dnsmasq[15645]: read /var/lib/neutron/dhcp/5f6bbcf1-8107-45b7-a253-a42263d8267a/addn_hosts - 3 addresses
Jun 26 17:59:48 gtw01 dnsmasq-dhcp[15645]: read /var/lib/neutron/dhcp/5f6bbcf1-8107-45b7-a253-a42263d8267a/host
Jun 26 17:59:48 gtw01 dnsmasq-dhcp[15645]: read /var/lib/neutron/dhcp/5f6bbcf1-8107-45b7-a253-a42263d8267a/opts
Jun 26 17:59:48 gtw01 dnsmasq[15713]: read /var/lib/neutron/dhcp/b10fc875-f671-4cd2-9192-eb3b2fbd0f00/addn_hosts - 1 addresses
Jun 26 17:59:48 gtw01 dnsmasq-dhcp[15713]: read /var/lib/neutron/dhcp/b10fc875-f671-4cd2-9192-eb3b2fbd0f00/host
Jun 26 17:59:48 gtw01 dnsmasq-dhcp[15713]: read /var/lib/neutron/dhcp/b10fc875-f671-4cd2-9192-eb3b2fbd0f00/opts
Jun 26 17:59:48 gtw01 dnsmasq[15761]: read /var/lib/neutron/dhcp/9f97a61e-4d89-42de-bd0b-3dc83e5c9bb6/addn_hosts - 1 addresses
Jun 26 17:59:48 gtw01 dnsmasq-dhcp[15761]: read /var/lib/neutron/dhcp/9f97a61e-4d89-42de-bd0b-3dc83e5c9bb6/host
Jun 26 17:59:48 gtw01 dnsmasq-dhcp[15761]: read /var/lib/neutron/dhcp/9f97a61e-4d89-42de-bd0b-3dc83e5c9bb6/opts
Jun 26 17:59:49 gtw01 dnsmasq[15645]: read /var/lib/neutron/dhcp/5f6bbcf1-8107-45b7-a253-a42263d8267a/addn_hosts - 2 addresses
Jun 26 17:59:49 gtw01 dnsmasq-dhcp[15645]: read /var/lib/neutron/dhcp/5f6bbcf1-8107-45b7-a253-a42263d8267a/host
Jun 26 17:59:49 gtw01 dnsmasq-dhcp[15645]: read /var/lib/neutron/dhcp/5f6bbcf1-8107-45b7-a253-a42263d8267a/opts
Jun 26 17:59:50 gtw01 dnsmasq[15645]: read /var/lib/neutron/dhcp/5f6bbcf1-8107-45b7-a253-a42263d8267a/addn_hosts - 1 addresses
Jun 26 17:59:50 gtw01 dnsmasq-dhcp[15645]: read /var/lib/neutron/dhcp/5f6bbcf1-8107-45b7-a253-a42263d8267a/host
Jun 26 17:59:50 gtw01 dnsmasq-dhcp[15645]: read /var/lib/neutron/dhcp/5f6bbcf1-8107-45b7-a253-a42263d8267a/opts
Jun 26 17:59:58 gtw01 dnsmasq[15713]: read /var/lib/neutron/dhcp/b10fc875-f671-4cd2-9192-eb3b2fbd0f00/addn_hosts - 1 addresses
Jun 26 17:59:58 gtw01 dnsmasq-dhcp[15713]: read /var/lib/neutron/dhcp/b10fc875-f671-4cd2-9192-eb3b2fbd0f00/host
Jun 26 17:59:58 gtw01 dnsmasq-dhcp[15713]: read /var/lib/neutron/dhcp/b10fc875-f671-4cd2-9192-eb3b2fbd0f00/opts
Jun 26 17:59:59 gtw01 kernel: [14872.794531] device tapa2e372bc-fc left promiscuous mode
Jun 26 18:00:02 gtw01 dnsmasq[15761]: read /var/lib/neutron/dhcp/9f97a61e-4d89-42de-bd0b-3dc83e5c9bb6/addn_hosts - 1 addresses
Jun 26 18:00:02 gtw01 dnsmasq-dhcp[15761]: read /var/lib/neutron/dhcp/9f97a61e-4d89-42de-bd0b-3dc83e5c9bb6/host
Jun 26 18:00:02 gtw01 dnsmasq-dhcp[15761]: read /var/lib/neutron/dhcp/9f97a61e-4d89-42de-bd0b-3dc83e5c9bb6/opts
Jun 26 18:00:03 gtw01 kernel: [14876.203259] device tap48aa3fed-6c left promiscuous mode
Jun 26 18:00:05 gtw01 dnsmasq[15645]: read /var/lib/neutron/dhcp/5f6bbcf1-8107-45b7-a253-a42263d8267a/addn_hosts - 1 addresses
Jun 26 18:00:05 gtw01 dnsmasq-dhcp[15645]: read /var/lib/neutron/dhcp/5f6bbcf1-8107-45b7-a253-a42263d8267a/host
Jun 26 18:00:05 gtw01 dnsmasq-dhcp[15645]: read /var/lib/neutron/dhcp/5f6bbcf1-8107-45b7-a253-a42263d8267a/opts
Jun 26 18:00:06 gtw01 kernel: [14879.444409] device tap0fcdd479-1d left promiscuous mode
