Jun 26 16:05:18 gtw01 haproxy-metadata-proxy-a6ad4123-6435-493c-a1a0-10c7faa9514e[29409]: Proxy listener started.
Jun 26 16:05:19 gtw01 dnsmasq[29405]: read /var/lib/neutron/dhcp/a6ad4123-6435-493c-a1a0-10c7faa9514e/addn_hosts - 1 addresses
Jun 26 16:05:19 gtw01 dnsmasq-dhcp[29405]: read /var/lib/neutron/dhcp/a6ad4123-6435-493c-a1a0-10c7faa9514e/host
Jun 26 16:05:19 gtw01 dnsmasq-dhcp[29405]: read /var/lib/neutron/dhcp/a6ad4123-6435-493c-a1a0-10c7faa9514e/opts
Jun 26 16:05:20 gtw01 dnsmasq[29405]: read /var/lib/neutron/dhcp/a6ad4123-6435-493c-a1a0-10c7faa9514e/addn_hosts - 1 addresses
Jun 26 16:05:20 gtw01 dnsmasq-dhcp[29405]: read /var/lib/neutron/dhcp/a6ad4123-6435-493c-a1a0-10c7faa9514e/host
Jun 26 16:05:20 gtw01 dnsmasq-dhcp[29405]: read /var/lib/neutron/dhcp/a6ad4123-6435-493c-a1a0-10c7faa9514e/opts
Jun 26 16:05:20 gtw01 dnsmasq-dhcp[26351]: DHCPDISCOVER(tapa0a67aa9-45) fa:16:3e:aa:ae:f1
Jun 26 16:05:20 gtw01 dnsmasq-dhcp[26351]: DHCPOFFER(tapa0a67aa9-45) 192.168.120.6 fa:16:3e:aa:ae:f1
Jun 26 16:05:20 gtw01 dnsmasq-dhcp[26351]: DHCPREQUEST(tapa0a67aa9-45) 192.168.120.6 fa:16:3e:aa:ae:f1
Jun 26 16:05:20 gtw01 dnsmasq-dhcp[26351]: DHCPACK(tapa0a67aa9-45) 192.168.120.6 fa:16:3e:aa:ae:f1 host-192-168-120-6
Jun 26 16:05:21 gtw01 dnsmasq[29405]: read /var/lib/neutron/dhcp/a6ad4123-6435-493c-a1a0-10c7faa9514e/addn_hosts - 1 addresses
Jun 26 16:05:21 gtw01 dnsmasq-dhcp[29405]: read /var/lib/neutron/dhcp/a6ad4123-6435-493c-a1a0-10c7faa9514e/host
Jun 26 16:05:21 gtw01 dnsmasq-dhcp[29405]: read /var/lib/neutron/dhcp/a6ad4123-6435-493c-a1a0-10c7faa9514e/opts
Jun 26 16:05:24 gtw01 dnsmasq[29164]: read /var/lib/neutron/dhcp/d058549c-7372-4876-b3df-173ee220c644/addn_hosts - 3 addresses
Jun 26 16:05:24 gtw01 dnsmasq-dhcp[29164]: read /var/lib/neutron/dhcp/d058549c-7372-4876-b3df-173ee220c644/host
Jun 26 16:05:24 gtw01 dnsmasq-dhcp[29164]: read /var/lib/neutron/dhcp/d058549c-7372-4876-b3df-173ee220c644/opts
Jun 26 16:05:25 gtw01 dnsmasq[29164]: read /var/lib/neutron/dhcp/d058549c-7372-4876-b3df-173ee220c644/addn_hosts - 3 addresses
Jun 26 16:05:25 gtw01 dnsmasq-dhcp[29164]: read /var/lib/neutron/dhcp/d058549c-7372-4876-b3df-173ee220c644/host
Jun 26 16:05:25 gtw01 dnsmasq-dhcp[29164]: read /var/lib/neutron/dhcp/d058549c-7372-4876-b3df-173ee220c644/opts
Jun 26 16:05:25 gtw01 dnsmasq-dhcp[26351]: DHCPRELEASE(tapa0a67aa9-45) 192.168.120.6 fa:16:3e:aa:ae:f1
Jun 26 16:05:26 gtw01 dnsmasq[29164]: read /var/lib/neutron/dhcp/d058549c-7372-4876-b3df-173ee220c644/addn_hosts - 3 addresses
Jun 26 16:05:26 gtw01 dnsmasq-dhcp[29164]: read /var/lib/neutron/dhcp/d058549c-7372-4876-b3df-173ee220c644/host
Jun 26 16:05:26 gtw01 dnsmasq-dhcp[29164]: read /var/lib/neutron/dhcp/d058549c-7372-4876-b3df-173ee220c644/opts
Jun 26 16:05:31 gtw01 dnsmasq[26351]: read /var/lib/neutron/dhcp/cbf10eb4-eb02-4de0-9c28-e351ff3e191e/addn_hosts - 6 addresses
Jun 26 16:05:31 gtw01 dnsmasq-dhcp[26351]: read /var/lib/neutron/dhcp/cbf10eb4-eb02-4de0-9c28-e351ff3e191e/host
Jun 26 16:05:31 gtw01 dnsmasq-dhcp[26351]: read /var/lib/neutron/dhcp/cbf10eb4-eb02-4de0-9c28-e351ff3e191e/opts
Jun 26 16:05:32 gtw01 dnsmasq[26351]: read /var/lib/neutron/dhcp/cbf10eb4-eb02-4de0-9c28-e351ff3e191e/addn_hosts - 6 addresses
Jun 26 16:05:32 gtw01 dnsmasq-dhcp[26351]: read /var/lib/neutron/dhcp/cbf10eb4-eb02-4de0-9c28-e351ff3e191e/host
Jun 26 16:05:32 gtw01 dnsmasq-dhcp[26351]: read /var/lib/neutron/dhcp/cbf10eb4-eb02-4de0-9c28-e351ff3e191e/opts
Jun 26 16:05:32 gtw01 dnsmasq[29405]: read /var/lib/neutron/dhcp/a6ad4123-6435-493c-a1a0-10c7faa9514e/addn_hosts - 2 addresses
Jun 26 16:05:32 gtw01 dnsmasq-dhcp[29405]: read /var/lib/neutron/dhcp/a6ad4123-6435-493c-a1a0-10c7faa9514e/host
Jun 26 16:05:32 gtw01 dnsmasq-dhcp[29405]: read /var/lib/neutron/dhcp/a6ad4123-6435-493c-a1a0-10c7faa9514e/opts
Jun 26 16:05:33 gtw01 dnsmasq[29405]: read /var/lib/neutron/dhcp/a6ad4123-6435-493c-a1a0-10c7faa9514e/addn_hosts - 2 addresses
Jun 26 16:05:33 gtw01 dnsmasq-dhcp[29405]: read /var/lib/neutron/dhcp/a6ad4123-6435-493c-a1a0-10c7faa9514e/host
Jun 26 16:05:33 gtw01 dnsmasq-dhcp[29405]: read /var/lib/neutron/dhcp/a6ad4123-6435-493c-a1a0-10c7faa9514e/opts
Jun 26 16:05:34 gtw01 dnsmasq[29405]: read /var/lib/neutron/dhcp/a6ad4123-6435-493c-a1a0-10c7faa9514e/addn_hosts - 2 addresses
Jun 26 16:05:34 gtw01 dnsmasq-dhcp[29405]: read /var/lib/neutron/dhcp/a6ad4123-6435-493c-a1a0-10c7faa9514e/host
Jun 26 16:05:34 gtw01 dnsmasq-dhcp[29405]: read /var/lib/neutron/dhcp/a6ad4123-6435-493c-a1a0-10c7faa9514e/opts
Jun 26 16:05:39 gtw01 dnsmasq-dhcp[29164]: DHCPDISCOVER(tapb9ac671a-a4) fa:16:3e:63:21:23
Jun 26 16:05:39 gtw01 dnsmasq-dhcp[29164]: DHCPOFFER(tapb9ac671a-a4) 192.168.120.6 fa:16:3e:63:21:23
Jun 26 16:05:39 gtw01 dnsmasq-dhcp[29164]: DHCPREQUEST(tapb9ac671a-a4) 192.168.120.6 fa:16:3e:63:21:23
Jun 26 16:05:39 gtw01 dnsmasq-dhcp[29164]: DHCPACK(tapb9ac671a-a4) 192.168.120.6 fa:16:3e:63:21:23 host-192-168-120-6
Jun 26 16:05:44 gtw01 haproxy-metadata-proxy-d058549c-7372-4876-b3df-173ee220c644[29169]: 192.168.120.6:52174 [26/Jun/2019:16:05:42.935] listener listener/metadata 0/0/11/1495/1506 200 2285 - - ---- 1/1/0/1/0 0/0 "GET /openstack/latest/meta_data.json HTTP/1.1"
Jun 26 16:05:46 gtw01 dnsmasq[26351]: read /var/lib/neutron/dhcp/cbf10eb4-eb02-4de0-9c28-e351ff3e191e/addn_hosts - 6 addresses
Jun 26 16:05:46 gtw01 dnsmasq-dhcp[26351]: read /var/lib/neutron/dhcp/cbf10eb4-eb02-4de0-9c28-e351ff3e191e/host
Jun 26 16:05:46 gtw01 dnsmasq-dhcp[26351]: read /var/lib/neutron/dhcp/cbf10eb4-eb02-4de0-9c28-e351ff3e191e/opts
Jun 26 16:05:47 gtw01 dnsmasq[26351]: read /var/lib/neutron/dhcp/cbf10eb4-eb02-4de0-9c28-e351ff3e191e/addn_hosts - 6 addresses
Jun 26 16:05:47 gtw01 dnsmasq-dhcp[26351]: read /var/lib/neutron/dhcp/cbf10eb4-eb02-4de0-9c28-e351ff3e191e/host
Jun 26 16:05:47 gtw01 dnsmasq-dhcp[26351]: read /var/lib/neutron/dhcp/cbf10eb4-eb02-4de0-9c28-e351ff3e191e/opts
Jun 26 16:05:49 gtw01 dnsmasq[29405]: read /var/lib/neutron/dhcp/a6ad4123-6435-493c-a1a0-10c7faa9514e/addn_hosts - 1 addresses
Jun 26 16:05:49 gtw01 dnsmasq-dhcp[29405]: read /var/lib/neutron/dhcp/a6ad4123-6435-493c-a1a0-10c7faa9514e/host
Jun 26 16:05:49 gtw01 dnsmasq-dhcp[29405]: read /var/lib/neutron/dhcp/a6ad4123-6435-493c-a1a0-10c7faa9514e/opts
Jun 26 16:05:51 gtw01 dnsmasq-dhcp[29164]: DHCPRELEASE(tapb9ac671a-a4) 192.168.120.6 fa:16:3e:63:21:23
Jun 26 16:05:51 gtw01 dnsmasq-dhcp[29164]: DHCPRELEASE(tapb9ac671a-a4) 192.168.120.6 fa:16:3e:63:21:23 unknown lease
Jun 26 16:05:52 gtw01 dnsmasq[29164]: read /var/lib/neutron/dhcp/d058549c-7372-4876-b3df-173ee220c644/addn_hosts - 2 addresses
Jun 26 16:05:52 gtw01 dnsmasq-dhcp[29164]: read /var/lib/neutron/dhcp/d058549c-7372-4876-b3df-173ee220c644/host
Jun 26 16:05:52 gtw01 dnsmasq-dhcp[29164]: read /var/lib/neutron/dhcp/d058549c-7372-4876-b3df-173ee220c644/opts
Jun 26 16:05:55 gtw01 kernel: [ 8028.582848] device tap7e92efa3-24 left promiscuous mode
Jun 26 16:05:58 gtw01 dnsmasq[26351]: read /var/lib/neutron/dhcp/cbf10eb4-eb02-4de0-9c28-e351ff3e191e/addn_hosts - 5 addresses
Jun 26 16:05:58 gtw01 dnsmasq-dhcp[26351]: read /var/lib/neutron/dhcp/cbf10eb4-eb02-4de0-9c28-e351ff3e191e/host
Jun 26 16:05:58 gtw01 dnsmasq-dhcp[26351]: read /var/lib/neutron/dhcp/cbf10eb4-eb02-4de0-9c28-e351ff3e191e/opts
Jun 26 16:06:01 gtw01 dnsmasq[29164]: read /var/lib/neutron/dhcp/d058549c-7372-4876-b3df-173ee220c644/addn_hosts - 1 addresses
Jun 26 16:06:01 gtw01 dnsmasq-dhcp[29164]: read /var/lib/neutron/dhcp/d058549c-7372-4876-b3df-173ee220c644/host
Jun 26 16:06:01 gtw01 dnsmasq-dhcp[29164]: read /var/lib/neutron/dhcp/d058549c-7372-4876-b3df-173ee220c644/opts
Jun 26 16:06:05 gtw01 dnsmasq[26351]: read /var/lib/neutron/dhcp/cbf10eb4-eb02-4de0-9c28-e351ff3e191e/addn_hosts - 6 addresses
Jun 26 16:06:05 gtw01 dnsmasq-dhcp[26351]: read /var/lib/neutron/dhcp/cbf10eb4-eb02-4de0-9c28-e351ff3e191e/host
Jun 26 16:06:05 gtw01 dnsmasq-dhcp[26351]: read /var/lib/neutron/dhcp/cbf10eb4-eb02-4de0-9c28-e351ff3e191e/opts
Jun 26 16:06:06 gtw01 dnsmasq[26351]: read /var/lib/neutron/dhcp/cbf10eb4-eb02-4de0-9c28-e351ff3e191e/addn_hosts - 6 addresses
Jun 26 16:06:06 gtw01 dnsmasq-dhcp[26351]: read /var/lib/neutron/dhcp/cbf10eb4-eb02-4de0-9c28-e351ff3e191e/host
Jun 26 16:06:06 gtw01 dnsmasq-dhcp[26351]: read /var/lib/neutron/dhcp/cbf10eb4-eb02-4de0-9c28-e351ff3e191e/opts
Jun 26 16:06:06 gtw01 kernel: [ 8039.588459] device tapb9ac671a-a4 left promiscuous mode
Jun 26 16:06:07 gtw01 dnsmasq[26351]: read /var/lib/neutron/dhcp/cbf10eb4-eb02-4de0-9c28-e351ff3e191e/addn_hosts - 6 addresses
Jun 26 16:06:07 gtw01 dnsmasq-dhcp[26351]: read /var/lib/neutron/dhcp/cbf10eb4-eb02-4de0-9c28-e351ff3e191e/host
Jun 26 16:06:07 gtw01 dnsmasq-dhcp[26351]: read /var/lib/neutron/dhcp/cbf10eb4-eb02-4de0-9c28-e351ff3e191e/opts
Jun 26 16:06:17 gtw01 dnsmasq[17953]: read /var/lib/neutron/dhcp/08aefdb8-b1ee-403c-a711-680217fa0635/addn_hosts - 3 addresses
Jun 26 16:06:17 gtw01 dnsmasq-dhcp[17953]: read /var/lib/neutron/dhcp/08aefdb8-b1ee-403c-a711-680217fa0635/host
Jun 26 16:06:17 gtw01 dnsmasq-dhcp[17953]: read /var/lib/neutron/dhcp/08aefdb8-b1ee-403c-a711-680217fa0635/opts
Jun 26 16:06:18 gtw01 dnsmasq[17953]: read /var/lib/neutron/dhcp/08aefdb8-b1ee-403c-a711-680217fa0635/addn_hosts - 3 addresses
Jun 26 16:06:18 gtw01 dnsmasq-dhcp[17953]: read /var/lib/neutron/dhcp/08aefdb8-b1ee-403c-a711-680217fa0635/host
Jun 26 16:06:18 gtw01 dnsmasq-dhcp[17953]: read /var/lib/neutron/dhcp/08aefdb8-b1ee-403c-a711-680217fa0635/opts
Jun 26 16:06:19 gtw01 dnsmasq[17953]: read /var/lib/neutron/dhcp/08aefdb8-b1ee-403c-a711-680217fa0635/addn_hosts - 3 addresses
Jun 26 16:06:19 gtw01 dnsmasq-dhcp[17953]: read /var/lib/neutron/dhcp/08aefdb8-b1ee-403c-a711-680217fa0635/host
Jun 26 16:06:19 gtw01 dnsmasq-dhcp[17953]: read /var/lib/neutron/dhcp/08aefdb8-b1ee-403c-a711-680217fa0635/opts
Jun 26 16:06:19 gtw01 dnsmasq-dhcp[26351]: DHCPDISCOVER(tapa0a67aa9-45) fa:16:3e:f9:79:29
Jun 26 16:06:19 gtw01 dnsmasq-dhcp[26351]: DHCPOFFER(tapa0a67aa9-45) 192.168.120.4 fa:16:3e:f9:79:29
Jun 26 16:06:19 gtw01 dnsmasq-dhcp[26351]: DHCPREQUEST(tapa0a67aa9-45) 192.168.120.4 fa:16:3e:f9:79:29
Jun 26 16:06:19 gtw01 dnsmasq-dhcp[26351]: DHCPACK(tapa0a67aa9-45) 192.168.120.4 fa:16:3e:f9:79:29 host-192-168-120-4
Jun 26 16:06:21 gtw01 dnsmasq[26351]: read /var/lib/neutron/dhcp/cbf10eb4-eb02-4de0-9c28-e351ff3e191e/addn_hosts - 7 addresses
Jun 26 16:06:21 gtw01 dnsmasq-dhcp[26351]: read /var/lib/neutron/dhcp/cbf10eb4-eb02-4de0-9c28-e351ff3e191e/host
Jun 26 16:06:21 gtw01 dnsmasq-dhcp[26351]: read /var/lib/neutron/dhcp/cbf10eb4-eb02-4de0-9c28-e351ff3e191e/opts
Jun 26 16:06:22 gtw01 dnsmasq[26351]: read /var/lib/neutron/dhcp/cbf10eb4-eb02-4de0-9c28-e351ff3e191e/addn_hosts - 7 addresses
Jun 26 16:06:22 gtw01 dnsmasq-dhcp[26351]: read /var/lib/neutron/dhcp/cbf10eb4-eb02-4de0-9c28-e351ff3e191e/host
Jun 26 16:06:22 gtw01 dnsmasq-dhcp[26351]: read /var/lib/neutron/dhcp/cbf10eb4-eb02-4de0-9c28-e351ff3e191e/opts
Jun 26 16:06:23 gtw01 dnsmasq[26351]: read /var/lib/neutron/dhcp/cbf10eb4-eb02-4de0-9c28-e351ff3e191e/addn_hosts - 7 addresses
Jun 26 16:06:23 gtw01 dnsmasq-dhcp[26351]: read /var/lib/neutron/dhcp/cbf10eb4-eb02-4de0-9c28-e351ff3e191e/host
Jun 26 16:06:23 gtw01 dnsmasq-dhcp[26351]: read /var/lib/neutron/dhcp/cbf10eb4-eb02-4de0-9c28-e351ff3e191e/opts
Jun 26 16:06:24 gtw01 dnsmasq[17953]: read /var/lib/neutron/dhcp/08aefdb8-b1ee-403c-a711-680217fa0635/addn_hosts - 2 addresses
Jun 26 16:06:24 gtw01 dnsmasq-dhcp[17953]: read /var/lib/neutron/dhcp/08aefdb8-b1ee-403c-a711-680217fa0635/host
Jun 26 16:06:24 gtw01 dnsmasq-dhcp[17953]: read /var/lib/neutron/dhcp/08aefdb8-b1ee-403c-a711-680217fa0635/opts
Jun 26 16:06:34 gtw01 dnsmasq[17953]: read /var/lib/neutron/dhcp/08aefdb8-b1ee-403c-a711-680217fa0635/addn_hosts - 3 addresses
Jun 26 16:06:34 gtw01 dnsmasq-dhcp[17953]: read /var/lib/neutron/dhcp/08aefdb8-b1ee-403c-a711-680217fa0635/host
Jun 26 16:06:34 gtw01 dnsmasq-dhcp[17953]: read /var/lib/neutron/dhcp/08aefdb8-b1ee-403c-a711-680217fa0635/opts
Jun 26 16:06:35 gtw01 dnsmasq[17953]: read /var/lib/neutron/dhcp/08aefdb8-b1ee-403c-a711-680217fa0635/addn_hosts - 4 addresses
Jun 26 16:06:35 gtw01 dnsmasq-dhcp[17953]: read /var/lib/neutron/dhcp/08aefdb8-b1ee-403c-a711-680217fa0635/host
Jun 26 16:06:35 gtw01 dnsmasq-dhcp[17953]: read /var/lib/neutron/dhcp/08aefdb8-b1ee-403c-a711-680217fa0635/opts
Jun 26 16:06:36 gtw01 dnsmasq[17953]: read /var/lib/neutron/dhcp/08aefdb8-b1ee-403c-a711-680217fa0635/addn_hosts - 5 addresses
Jun 26 16:06:36 gtw01 dnsmasq-dhcp[17953]: read /var/lib/neutron/dhcp/08aefdb8-b1ee-403c-a711-680217fa0635/host
Jun 26 16:06:36 gtw01 dnsmasq-dhcp[17953]: read /var/lib/neutron/dhcp/08aefdb8-b1ee-403c-a711-680217fa0635/opts
Jun 26 16:06:37 gtw01 dnsmasq[17953]: read /var/lib/neutron/dhcp/08aefdb8-b1ee-403c-a711-680217fa0635/addn_hosts - 5 addresses
Jun 26 16:06:37 gtw01 dnsmasq-dhcp[17953]: read /var/lib/neutron/dhcp/08aefdb8-b1ee-403c-a711-680217fa0635/host
Jun 26 16:06:37 gtw01 dnsmasq-dhcp[17953]: read /var/lib/neutron/dhcp/08aefdb8-b1ee-403c-a711-680217fa0635/opts
Jun 26 16:06:37 gtw01 dnsmasq-dhcp[26351]: DHCPDISCOVER(tapa0a67aa9-45) fa:16:3e:9b:d0:71
Jun 26 16:06:37 gtw01 dnsmasq-dhcp[26351]: DHCPOFFER(tapa0a67aa9-45) 192.168.120.3 fa:16:3e:9b:d0:71
Jun 26 16:06:37 gtw01 dnsmasq-dhcp[26351]: DHCPREQUEST(tapa0a67aa9-45) 192.168.120.3 fa:16:3e:9b:d0:71
Jun 26 16:06:37 gtw01 dnsmasq-dhcp[26351]: DHCPACK(tapa0a67aa9-45) 192.168.120.3 fa:16:3e:9b:d0:71 host-192-168-120-3
Jun 26 16:06:38 gtw01 dnsmasq[17953]: read /var/lib/neutron/dhcp/08aefdb8-b1ee-403c-a711-680217fa0635/addn_hosts - 5 addresses
Jun 26 16:06:38 gtw01 dnsmasq-dhcp[17953]: read /var/lib/neutron/dhcp/08aefdb8-b1ee-403c-a711-680217fa0635/host
Jun 26 16:06:38 gtw01 dnsmasq-dhcp[17953]: read /var/lib/neutron/dhcp/08aefdb8-b1ee-403c-a711-680217fa0635/opts
Jun 26 16:06:39 gtw01 dnsmasq[17953]: read /var/lib/neutron/dhcp/08aefdb8-b1ee-403c-a711-680217fa0635/addn_hosts - 5 addresses
Jun 26 16:06:39 gtw01 dnsmasq-dhcp[17953]: read /var/lib/neutron/dhcp/08aefdb8-b1ee-403c-a711-680217fa0635/host
Jun 26 16:06:39 gtw01 dnsmasq-dhcp[17953]: read /var/lib/neutron/dhcp/08aefdb8-b1ee-403c-a711-680217fa0635/opts
Jun 26 16:06:40 gtw01 dnsmasq[17953]: read /var/lib/neutron/dhcp/08aefdb8-b1ee-403c-a711-680217fa0635/addn_hosts - 5 addresses
Jun 26 16:06:40 gtw01 dnsmasq-dhcp[17953]: read /var/lib/neutron/dhcp/08aefdb8-b1ee-403c-a711-680217fa0635/host
Jun 26 16:06:40 gtw01 dnsmasq-dhcp[17953]: read /var/lib/neutron/dhcp/08aefdb8-b1ee-403c-a711-680217fa0635/opts
Jun 26 16:06:40 gtw01 dnsmasq-dhcp[26351]: DHCPRELEASE(tapa0a67aa9-45) 192.168.120.3 fa:16:3e:9b:d0:71
Jun 26 16:06:41 gtw01 dnsmasq[17953]: read /var/lib/neutron/dhcp/08aefdb8-b1ee-403c-a711-680217fa0635/addn_hosts - 5 addresses
Jun 26 16:06:41 gtw01 dnsmasq-dhcp[17953]: read /var/lib/neutron/dhcp/08aefdb8-b1ee-403c-a711-680217fa0635/host
Jun 26 16:06:41 gtw01 dnsmasq-dhcp[17953]: read /var/lib/neutron/dhcp/08aefdb8-b1ee-403c-a711-680217fa0635/opts
Jun 26 16:06:42 gtw01 dnsmasq[17953]: read /var/lib/neutron/dhcp/08aefdb8-b1ee-403c-a711-680217fa0635/addn_hosts - 5 addresses
Jun 26 16:06:42 gtw01 dnsmasq-dhcp[17953]: read /var/lib/neutron/dhcp/08aefdb8-b1ee-403c-a711-680217fa0635/host
Jun 26 16:06:42 gtw01 dnsmasq-dhcp[17953]: read /var/lib/neutron/dhcp/08aefdb8-b1ee-403c-a711-680217fa0635/opts
Jun 26 16:06:48 gtw01 dnsmasq[17953]: read /var/lib/neutron/dhcp/08aefdb8-b1ee-403c-a711-680217fa0635/addn_hosts - 4 addresses
Jun 26 16:06:48 gtw01 dnsmasq-dhcp[17953]: read /var/lib/neutron/dhcp/08aefdb8-b1ee-403c-a711-680217fa0635/host
Jun 26 16:06:48 gtw01 dnsmasq-dhcp[17953]: read /var/lib/neutron/dhcp/08aefdb8-b1ee-403c-a711-680217fa0635/opts
Jun 26 16:06:53 gtw01 dnsmasq[17953]: read /var/lib/neutron/dhcp/08aefdb8-b1ee-403c-a711-680217fa0635/addn_hosts - 3 addresses
Jun 26 16:06:53 gtw01 dnsmasq-dhcp[17953]: read /var/lib/neutron/dhcp/08aefdb8-b1ee-403c-a711-680217fa0635/host
Jun 26 16:06:53 gtw01 dnsmasq-dhcp[17953]: read /var/lib/neutron/dhcp/08aefdb8-b1ee-403c-a711-680217fa0635/opts
Jun 26 16:06:54 gtw01 dnsmasq[17953]: read /var/lib/neutron/dhcp/08aefdb8-b1ee-403c-a711-680217fa0635/addn_hosts - 2 addresses
Jun 26 16:06:54 gtw01 dnsmasq-dhcp[17953]: read /var/lib/neutron/dhcp/08aefdb8-b1ee-403c-a711-680217fa0635/host
Jun 26 16:06:54 gtw01 dnsmasq-dhcp[17953]: read /var/lib/neutron/dhcp/08aefdb8-b1ee-403c-a711-680217fa0635/opts
Jun 26 16:07:02 gtw01 dnsmasq[26351]: read /var/lib/neutron/dhcp/cbf10eb4-eb02-4de0-9c28-e351ff3e191e/addn_hosts - 6 addresses
Jun 26 16:07:02 gtw01 dnsmasq-dhcp[26351]: read /var/lib/neutron/dhcp/cbf10eb4-eb02-4de0-9c28-e351ff3e191e/host
Jun 26 16:07:02 gtw01 dnsmasq-dhcp[26351]: read /var/lib/neutron/dhcp/cbf10eb4-eb02-4de0-9c28-e351ff3e191e/opts
Jun 26 16:07:05 gtw01 dnsmasq[17953]: read /var/lib/neutron/dhcp/08aefdb8-b1ee-403c-a711-680217fa0635/addn_hosts - 3 addresses
Jun 26 16:07:05 gtw01 dnsmasq-dhcp[17953]: read /var/lib/neutron/dhcp/08aefdb8-b1ee-403c-a711-680217fa0635/host
Jun 26 16:07:05 gtw01 dnsmasq-dhcp[17953]: read /var/lib/neutron/dhcp/08aefdb8-b1ee-403c-a711-680217fa0635/opts
Jun 26 16:07:05 gtw01 dnsmasq-dhcp[26351]: DHCPRELEASE(tapa0a67aa9-45) 192.168.120.4 fa:16:3e:f9:79:29
Jun 26 16:07:05 gtw01 dnsmasq[17953]: read /var/lib/neutron/dhcp/08aefdb8-b1ee-403c-a711-680217fa0635/addn_hosts - 4 addresses
Jun 26 16:07:05 gtw01 dnsmasq-dhcp[17953]: read /var/lib/neutron/dhcp/08aefdb8-b1ee-403c-a711-680217fa0635/host
Jun 26 16:07:05 gtw01 dnsmasq-dhcp[17953]: read /var/lib/neutron/dhcp/08aefdb8-b1ee-403c-a711-680217fa0635/opts
Jun 26 16:07:06 gtw01 dnsmasq[17953]: read /var/lib/neutron/dhcp/08aefdb8-b1ee-403c-a711-680217fa0635/addn_hosts - 4 addresses
Jun 26 16:07:06 gtw01 dnsmasq-dhcp[17953]: read /var/lib/neutron/dhcp/08aefdb8-b1ee-403c-a711-680217fa0635/host
Jun 26 16:07:06 gtw01 dnsmasq-dhcp[17953]: read /var/lib/neutron/dhcp/08aefdb8-b1ee-403c-a711-680217fa0635/opts
Jun 26 16:07:07 gtw01 dnsmasq[17953]: read /var/lib/neutron/dhcp/08aefdb8-b1ee-403c-a711-680217fa0635/addn_hosts - 4 addresses
Jun 26 16:07:07 gtw01 dnsmasq-dhcp[17953]: read /var/lib/neutron/dhcp/08aefdb8-b1ee-403c-a711-680217fa0635/host
Jun 26 16:07:07 gtw01 dnsmasq-dhcp[17953]: read /var/lib/neutron/dhcp/08aefdb8-b1ee-403c-a711-680217fa0635/opts
Jun 26 16:07:08 gtw01 dnsmasq[17953]: read /var/lib/neutron/dhcp/08aefdb8-b1ee-403c-a711-680217fa0635/addn_hosts - 4 addresses
Jun 26 16:07:08 gtw01 dnsmasq-dhcp[17953]: read /var/lib/neutron/dhcp/08aefdb8-b1ee-403c-a711-680217fa0635/host
Jun 26 16:07:08 gtw01 dnsmasq-dhcp[17953]: read /var/lib/neutron/dhcp/08aefdb8-b1ee-403c-a711-680217fa0635/opts
Jun 26 16:07:09 gtw01 dnsmasq[17953]: read /var/lib/neutron/dhcp/08aefdb8-b1ee-403c-a711-680217fa0635/addn_hosts - 4 addresses
Jun 26 16:07:09 gtw01 dnsmasq-dhcp[17953]: read /var/lib/neutron/dhcp/08aefdb8-b1ee-403c-a711-680217fa0635/host
Jun 26 16:07:09 gtw01 dnsmasq-dhcp[17953]: read /var/lib/neutron/dhcp/08aefdb8-b1ee-403c-a711-680217fa0635/opts
Jun 26 16:07:16 gtw01 dnsmasq[17953]: read /var/lib/neutron/dhcp/08aefdb8-b1ee-403c-a711-680217fa0635/addn_hosts - 3 addresses
Jun 26 16:07:16 gtw01 dnsmasq-dhcp[17953]: read /var/lib/neutron/dhcp/08aefdb8-b1ee-403c-a711-680217fa0635/host
Jun 26 16:07:16 gtw01 dnsmasq-dhcp[17953]: read /var/lib/neutron/dhcp/08aefdb8-b1ee-403c-a711-680217fa0635/opts
Jun 26 16:07:17 gtw01 dnsmasq[17953]: read /var/lib/neutron/dhcp/08aefdb8-b1ee-403c-a711-680217fa0635/addn_hosts - 4 addresses
Jun 26 16:07:17 gtw01 dnsmasq-dhcp[17953]: read /var/lib/neutron/dhcp/08aefdb8-b1ee-403c-a711-680217fa0635/host
Jun 26 16:07:17 gtw01 dnsmasq-dhcp[17953]: read /var/lib/neutron/dhcp/08aefdb8-b1ee-403c-a711-680217fa0635/opts
Jun 26 16:07:18 gtw01 dnsmasq[17953]: read /var/lib/neutron/dhcp/08aefdb8-b1ee-403c-a711-680217fa0635/addn_hosts - 4 addresses
Jun 26 16:07:18 gtw01 dnsmasq-dhcp[17953]: read /var/lib/neutron/dhcp/08aefdb8-b1ee-403c-a711-680217fa0635/host
Jun 26 16:07:18 gtw01 dnsmasq-dhcp[17953]: read /var/lib/neutron/dhcp/08aefdb8-b1ee-403c-a711-680217fa0635/opts
Jun 26 16:07:19 gtw01 dnsmasq[17953]: read /var/lib/neutron/dhcp/08aefdb8-b1ee-403c-a711-680217fa0635/addn_hosts - 4 addresses
Jun 26 16:07:19 gtw01 dnsmasq-dhcp[17953]: read /var/lib/neutron/dhcp/08aefdb8-b1ee-403c-a711-680217fa0635/host
Jun 26 16:07:19 gtw01 dnsmasq-dhcp[17953]: read /var/lib/neutron/dhcp/08aefdb8-b1ee-403c-a711-680217fa0635/opts
Jun 26 16:07:20 gtw01 dnsmasq[17953]: read /var/lib/neutron/dhcp/08aefdb8-b1ee-403c-a711-680217fa0635/addn_hosts - 3 addresses
Jun 26 16:07:20 gtw01 dnsmasq-dhcp[17953]: read /var/lib/neutron/dhcp/08aefdb8-b1ee-403c-a711-680217fa0635/host
Jun 26 16:07:20 gtw01 dnsmasq-dhcp[17953]: read /var/lib/neutron/dhcp/08aefdb8-b1ee-403c-a711-680217fa0635/opts
Jun 26 16:07:21 gtw01 dnsmasq[17953]: read /var/lib/neutron/dhcp/08aefdb8-b1ee-403c-a711-680217fa0635/addn_hosts - 4 addresses
Jun 26 16:07:21 gtw01 dnsmasq-dhcp[17953]: read /var/lib/neutron/dhcp/08aefdb8-b1ee-403c-a711-680217fa0635/host
Jun 26 16:07:21 gtw01 dnsmasq-dhcp[17953]: read /var/lib/neutron/dhcp/08aefdb8-b1ee-403c-a711-680217fa0635/opts
Jun 26 16:07:22 gtw01 dnsmasq[17953]: read /var/lib/neutron/dhcp/08aefdb8-b1ee-403c-a711-680217fa0635/addn_hosts - 5 addresses
Jun 26 16:07:22 gtw01 dnsmasq-dhcp[17953]: read /var/lib/neutron/dhcp/08aefdb8-b1ee-403c-a711-680217fa0635/host
Jun 26 16:07:22 gtw01 dnsmasq-dhcp[17953]: read /var/lib/neutron/dhcp/08aefdb8-b1ee-403c-a711-680217fa0635/opts
Jun 26 16:07:23 gtw01 dnsmasq[17953]: read /var/lib/neutron/dhcp/08aefdb8-b1ee-403c-a711-680217fa0635/addn_hosts - 5 addresses
Jun 26 16:07:23 gtw01 dnsmasq-dhcp[17953]: read /var/lib/neutron/dhcp/08aefdb8-b1ee-403c-a711-680217fa0635/host
Jun 26 16:07:23 gtw01 dnsmasq-dhcp[17953]: read /var/lib/neutron/dhcp/08aefdb8-b1ee-403c-a711-680217fa0635/opts
Jun 26 16:07:24 gtw01 dnsmasq[17953]: read /var/lib/neutron/dhcp/08aefdb8-b1ee-403c-a711-680217fa0635/addn_hosts - 5 addresses
Jun 26 16:07:24 gtw01 dnsmasq-dhcp[17953]: read /var/lib/neutron/dhcp/08aefdb8-b1ee-403c-a711-680217fa0635/host
Jun 26 16:07:24 gtw01 dnsmasq-dhcp[17953]: read /var/lib/neutron/dhcp/08aefdb8-b1ee-403c-a711-680217fa0635/opts
Jun 26 16:07:25 gtw01 dnsmasq[17953]: read /var/lib/neutron/dhcp/08aefdb8-b1ee-403c-a711-680217fa0635/addn_hosts - 5 addresses
Jun 26 16:07:25 gtw01 dnsmasq-dhcp[17953]: read /var/lib/neutron/dhcp/08aefdb8-b1ee-403c-a711-680217fa0635/host
Jun 26 16:07:25 gtw01 dnsmasq-dhcp[17953]: read /var/lib/neutron/dhcp/08aefdb8-b1ee-403c-a711-680217fa0635/opts
Jun 26 16:07:25 gtw01 dnsmasq[17953]: read /var/lib/neutron/dhcp/08aefdb8-b1ee-403c-a711-680217fa0635/addn_hosts - 5 addresses
Jun 26 16:07:25 gtw01 dnsmasq-dhcp[17953]: read /var/lib/neutron/dhcp/08aefdb8-b1ee-403c-a711-680217fa0635/host
Jun 26 16:07:25 gtw01 dnsmasq-dhcp[17953]: read /var/lib/neutron/dhcp/08aefdb8-b1ee-403c-a711-680217fa0635/opts
Jun 26 16:07:27 gtw01 dnsmasq[17953]: read /var/lib/neutron/dhcp/08aefdb8-b1ee-403c-a711-680217fa0635/addn_hosts - 4 addresses
Jun 26 16:07:28 gtw01 dnsmasq-dhcp[17953]: read /var/lib/neutron/dhcp/08aefdb8-b1ee-403c-a711-680217fa0635/host
Jun 26 16:07:28 gtw01 dnsmasq-dhcp[17953]: read /var/lib/neutron/dhcp/08aefdb8-b1ee-403c-a711-680217fa0635/opts
Jun 26 16:07:28 gtw01 dnsmasq[26351]: read /var/lib/neutron/dhcp/cbf10eb4-eb02-4de0-9c28-e351ff3e191e/addn_hosts - 5 addresses
Jun 26 16:07:28 gtw01 dnsmasq-dhcp[26351]: read /var/lib/neutron/dhcp/cbf10eb4-eb02-4de0-9c28-e351ff3e191e/host
Jun 26 16:07:28 gtw01 dnsmasq-dhcp[26351]: read /var/lib/neutron/dhcp/cbf10eb4-eb02-4de0-9c28-e351ff3e191e/opts
Jun 26 16:07:29 gtw01 kernel: [ 8122.606109] device tap8035ca20-25 entered promiscuous mode
Jun 26 16:07:30 gtw01 systemd-udevd[30406]: Process '/sbin/ip link set tap8035ca20-25 txqueuelen 10000' failed with exit code 1.
Jun 26 16:07:30 gtw01 systemd-udevd[30483]: Process '/sbin/ip link set tap8035ca20-25 txqueuelen 10000' failed with exit code 1.
Jun 26 16:07:33 gtw01 dnsmasq[17953]: read /var/lib/neutron/dhcp/08aefdb8-b1ee-403c-a711-680217fa0635/addn_hosts - 3 addresses
Jun 26 16:07:33 gtw01 dnsmasq-dhcp[17953]: read /var/lib/neutron/dhcp/08aefdb8-b1ee-403c-a711-680217fa0635/host
Jun 26 16:07:33 gtw01 dnsmasq-dhcp[17953]: read /var/lib/neutron/dhcp/08aefdb8-b1ee-403c-a711-680217fa0635/opts
Jun 26 16:07:33 gtw01 dnsmasq[30552]: started, version 2.80 cachesize 150
Jun 26 16:07:33 gtw01 dnsmasq[30552]: DNS service limited to local subnets
Jun 26 16:07:33 gtw01 dnsmasq[30552]: compile time options: IPv6 GNU-getopt DBus i18n IDN DHCP DHCPv6 no-Lua TFTP conntrack ipset auth DNSSEC loop-detect inotify dumpfile
Jun 26 16:07:33 gtw01 dnsmasq[30552]: warning: no upstream servers configured
Jun 26 16:07:33 gtw01 dnsmasq-dhcp[30552]: DHCP, static leases only on 192.168.120.0, lease time 1h
Jun 26 16:07:33 gtw01 dnsmasq[30552]: read /var/lib/neutron/dhcp/81c1c2ca-f42d-4517-8c66-472158d8acd3/addn_hosts - 1 addresses
Jun 26 16:07:33 gtw01 dnsmasq-dhcp[30552]: read /var/lib/neutron/dhcp/81c1c2ca-f42d-4517-8c66-472158d8acd3/host
Jun 26 16:07:33 gtw01 dnsmasq-dhcp[30552]: read /var/lib/neutron/dhcp/81c1c2ca-f42d-4517-8c66-472158d8acd3/opts
Jun 26 16:07:33 gtw01 dnsmasq-dhcp[26351]: DHCPRELEASE(tapa0a67aa9-45) 192.168.120.12 fa:16:3e:e1:51:1b
Jun 26 16:07:33 gtw01 haproxy-metadata-proxy-81c1c2ca-f42d-4517-8c66-472158d8acd3[30563]: Proxy listener started.
Jun 26 16:07:33 gtw01 dnsmasq-dhcp[26351]: DHCPRELEASE(tapa0a67aa9-45) 192.168.120.12 fa:16:3e:e1:51:1b unknown lease
Jun 26 16:07:34 gtw01 dnsmasq[17953]: read /var/lib/neutron/dhcp/08aefdb8-b1ee-403c-a711-680217fa0635/addn_hosts - 2 addresses
Jun 26 16:07:34 gtw01 dnsmasq-dhcp[17953]: read /var/lib/neutron/dhcp/08aefdb8-b1ee-403c-a711-680217fa0635/host
Jun 26 16:07:34 gtw01 dnsmasq-dhcp[17953]: read /var/lib/neutron/dhcp/08aefdb8-b1ee-403c-a711-680217fa0635/opts
Jun 26 16:07:34 gtw01 dnsmasq[30552]: read /var/lib/neutron/dhcp/81c1c2ca-f42d-4517-8c66-472158d8acd3/addn_hosts - 2 addresses
Jun 26 16:07:34 gtw01 dnsmasq-dhcp[30552]: read /var/lib/neutron/dhcp/81c1c2ca-f42d-4517-8c66-472158d8acd3/host
Jun 26 16:07:34 gtw01 dnsmasq-dhcp[30552]: read /var/lib/neutron/dhcp/81c1c2ca-f42d-4517-8c66-472158d8acd3/opts
Jun 26 16:07:34 gtw01 dnsmasq[26351]: read /var/lib/neutron/dhcp/cbf10eb4-eb02-4de0-9c28-e351ff3e191e/addn_hosts - 4 addresses
Jun 26 16:07:34 gtw01 dnsmasq-dhcp[26351]: read /var/lib/neutron/dhcp/cbf10eb4-eb02-4de0-9c28-e351ff3e191e/host
Jun 26 16:07:34 gtw01 dnsmasq-dhcp[26351]: read /var/lib/neutron/dhcp/cbf10eb4-eb02-4de0-9c28-e351ff3e191e/opts
Jun 26 16:07:35 gtw01 dnsmasq[30552]: read /var/lib/neutron/dhcp/81c1c2ca-f42d-4517-8c66-472158d8acd3/addn_hosts - 2 addresses
Jun 26 16:07:35 gtw01 dnsmasq-dhcp[30552]: read /var/lib/neutron/dhcp/81c1c2ca-f42d-4517-8c66-472158d8acd3/host
Jun 26 16:07:35 gtw01 dnsmasq-dhcp[30552]: read /var/lib/neutron/dhcp/81c1c2ca-f42d-4517-8c66-472158d8acd3/opts
Jun 26 16:07:36 gtw01 dnsmasq-dhcp[26351]: DHCPRELEASE(tapa0a67aa9-45) 192.168.120.8 fa:16:3e:5c:1d:29
Jun 26 16:07:36 gtw01 dnsmasq-dhcp[26351]: DHCPRELEASE(tapa0a67aa9-45) 192.168.120.8 fa:16:3e:5c:1d:29 unknown lease
Jun 26 16:07:36 gtw01 dnsmasq[30552]: read /var/lib/neutron/dhcp/81c1c2ca-f42d-4517-8c66-472158d8acd3/addn_hosts - 2 addresses
Jun 26 16:07:36 gtw01 dnsmasq-dhcp[30552]: read /var/lib/neutron/dhcp/81c1c2ca-f42d-4517-8c66-472158d8acd3/host
Jun 26 16:07:36 gtw01 dnsmasq-dhcp[30552]: read /var/lib/neutron/dhcp/81c1c2ca-f42d-4517-8c66-472158d8acd3/opts
Jun 26 16:07:37 gtw01 dnsmasq[26351]: read /var/lib/neutron/dhcp/cbf10eb4-eb02-4de0-9c28-e351ff3e191e/addn_hosts - 3 addresses
Jun 26 16:07:37 gtw01 dnsmasq-dhcp[26351]: read /var/lib/neutron/dhcp/cbf10eb4-eb02-4de0-9c28-e351ff3e191e/host
Jun 26 16:07:37 gtw01 dnsmasq-dhcp[26351]: read /var/lib/neutron/dhcp/cbf10eb4-eb02-4de0-9c28-e351ff3e191e/opts
Jun 26 16:07:37 gtw01 dnsmasq[30552]: read /var/lib/neutron/dhcp/81c1c2ca-f42d-4517-8c66-472158d8acd3/addn_hosts - 2 addresses
Jun 26 16:07:37 gtw01 dnsmasq-dhcp[30552]: read /var/lib/neutron/dhcp/81c1c2ca-f42d-4517-8c66-472158d8acd3/host
Jun 26 16:07:37 gtw01 dnsmasq-dhcp[30552]: read /var/lib/neutron/dhcp/81c1c2ca-f42d-4517-8c66-472158d8acd3/opts
Jun 26 16:07:38 gtw01 dnsmasq[30552]: read /var/lib/neutron/dhcp/81c1c2ca-f42d-4517-8c66-472158d8acd3/addn_hosts - 3 addresses
Jun 26 16:07:38 gtw01 dnsmasq-dhcp[30552]: read /var/lib/neutron/dhcp/81c1c2ca-f42d-4517-8c66-472158d8acd3/host
Jun 26 16:07:38 gtw01 dnsmasq-dhcp[30552]: read /var/lib/neutron/dhcp/81c1c2ca-f42d-4517-8c66-472158d8acd3/opts
Jun 26 16:07:39 gtw01 dnsmasq[30552]: read /var/lib/neutron/dhcp/81c1c2ca-f42d-4517-8c66-472158d8acd3/addn_hosts - 3 addresses
Jun 26 16:07:39 gtw01 dnsmasq-dhcp[30552]: read /var/lib/neutron/dhcp/81c1c2ca-f42d-4517-8c66-472158d8acd3/host
Jun 26 16:07:39 gtw01 dnsmasq-dhcp[30552]: read /var/lib/neutron/dhcp/81c1c2ca-f42d-4517-8c66-472158d8acd3/opts
Jun 26 16:07:40 gtw01 dnsmasq[26351]: read /var/lib/neutron/dhcp/cbf10eb4-eb02-4de0-9c28-e351ff3e191e/addn_hosts - 2 addresses
Jun 26 16:07:40 gtw01 dnsmasq-dhcp[26351]: read /var/lib/neutron/dhcp/cbf10eb4-eb02-4de0-9c28-e351ff3e191e/host
Jun 26 16:07:40 gtw01 dnsmasq-dhcp[26351]: read /var/lib/neutron/dhcp/cbf10eb4-eb02-4de0-9c28-e351ff3e191e/opts
Jun 26 16:07:40 gtw01 dnsmasq[30552]: read /var/lib/neutron/dhcp/81c1c2ca-f42d-4517-8c66-472158d8acd3/addn_hosts - 2 addresses
Jun 26 16:07:40 gtw01 dnsmasq-dhcp[30552]: read /var/lib/neutron/dhcp/81c1c2ca-f42d-4517-8c66-472158d8acd3/host
Jun 26 16:07:40 gtw01 dnsmasq-dhcp[30552]: read /var/lib/neutron/dhcp/81c1c2ca-f42d-4517-8c66-472158d8acd3/opts
Jun 26 16:07:41 gtw01 dnsmasq[30552]: read /var/lib/neutron/dhcp/81c1c2ca-f42d-4517-8c66-472158d8acd3/addn_hosts - 1 addresses
Jun 26 16:07:41 gtw01 dnsmasq-dhcp[30552]: read /var/lib/neutron/dhcp/81c1c2ca-f42d-4517-8c66-472158d8acd3/host
Jun 26 16:07:41 gtw01 dnsmasq-dhcp[30552]: read /var/lib/neutron/dhcp/81c1c2ca-f42d-4517-8c66-472158d8acd3/opts
Jun 26 16:07:45 gtw01 dnsmasq[26351]: read /var/lib/neutron/dhcp/cbf10eb4-eb02-4de0-9c28-e351ff3e191e/addn_hosts - 1 addresses
Jun 26 16:07:45 gtw01 dnsmasq-dhcp[26351]: read /var/lib/neutron/dhcp/cbf10eb4-eb02-4de0-9c28-e351ff3e191e/host
Jun 26 16:07:45 gtw01 dnsmasq-dhcp[26351]: read /var/lib/neutron/dhcp/cbf10eb4-eb02-4de0-9c28-e351ff3e191e/opts
Jun 26 16:07:47 gtw01 kernel: [ 8140.550254] device tap8035ca20-25 left promiscuous mode
Jun 26 16:07:52 gtw01 kernel: [ 8145.118252] device tapa0a67aa9-45 left promiscuous mode
Jun 26 16:08:04 gtw01 dnsmasq[17953]: read /var/lib/neutron/dhcp/08aefdb8-b1ee-403c-a711-680217fa0635/addn_hosts - 3 addresses
Jun 26 16:08:04 gtw01 dnsmasq-dhcp[17953]: read /var/lib/neutron/dhcp/08aefdb8-b1ee-403c-a711-680217fa0635/host
Jun 26 16:08:04 gtw01 dnsmasq-dhcp[17953]: read /var/lib/neutron/dhcp/08aefdb8-b1ee-403c-a711-680217fa0635/opts
Jun 26 16:08:06 gtw01 dnsmasq[17953]: read /var/lib/neutron/dhcp/08aefdb8-b1ee-403c-a711-680217fa0635/addn_hosts - 3 addresses
Jun 26 16:08:06 gtw01 dnsmasq-dhcp[17953]: read /var/lib/neutron/dhcp/08aefdb8-b1ee-403c-a711-680217fa0635/host
Jun 26 16:08:06 gtw01 dnsmasq-dhcp[17953]: read /var/lib/neutron/dhcp/08aefdb8-b1ee-403c-a711-680217fa0635/opts
Jun 26 16:08:07 gtw01 dnsmasq[17953]: read /var/lib/neutron/dhcp/08aefdb8-b1ee-403c-a711-680217fa0635/addn_hosts - 3 addresses
Jun 26 16:08:07 gtw01 dnsmasq-dhcp[17953]: read /var/lib/neutron/dhcp/08aefdb8-b1ee-403c-a711-680217fa0635/host
Jun 26 16:08:07 gtw01 dnsmasq-dhcp[17953]: read /var/lib/neutron/dhcp/08aefdb8-b1ee-403c-a711-680217fa0635/opts
Jun 26 16:08:11 gtw01 kernel: [ 8164.498375] device tapeaeffd3c-26 entered promiscuous mode
Jun 26 16:08:11 gtw01 systemd-udevd[30875]: Process '/sbin/ip link set tapeaeffd3c-26 txqueuelen 10000' failed with exit code 1.
Jun 26 16:08:12 gtw01 systemd-udevd[30952]: Process '/sbin/ip link set tapeaeffd3c-26 txqueuelen 10000' failed with exit code 1.
Jun 26 16:08:13 gtw01 kernel: [ 8166.102407] device tapbba7ef3d-16 entered promiscuous mode
Jun 26 16:08:13 gtw01 systemd-udevd[30998]: Could not generate persistent MAC address for tapbba7ef3d-16: No such file or directory
Jun 26 16:08:13 gtw01 systemd-udevd[30998]: Process '/sbin/ip link set tapbba7ef3d-16 txqueuelen 10000' failed with exit code 1.
Jun 26 16:08:13 gtw01 systemd-udevd[31074]: Process '/sbin/ip link set tapbba7ef3d-16 txqueuelen 10000' failed with exit code 1.
Jun 26 16:08:15 gtw01 dnsmasq[31137]: started, version 2.80 cachesize 150
Jun 26 16:08:15 gtw01 dnsmasq[31137]: DNS service limited to local subnets
Jun 26 16:08:15 gtw01 dnsmasq[31137]: compile time options: IPv6 GNU-getopt DBus i18n IDN DHCP DHCPv6 no-Lua TFTP conntrack ipset auth DNSSEC loop-detect inotify dumpfile
Jun 26 16:08:15 gtw01 dnsmasq[31137]: warning: no upstream servers configured
Jun 26 16:08:15 gtw01 dnsmasq-dhcp[31137]: DHCPv6, static leases only on 2003:0:0:ffff::, lease time 1h
Jun 26 16:08:15 gtw01 dnsmasq[31137]: read /var/lib/neutron/dhcp/5a4810de-19dc-4b82-962d-1c0346d4636d/addn_hosts - 1 addresses
Jun 26 16:08:15 gtw01 dnsmasq-dhcp[31137]: read /var/lib/neutron/dhcp/5a4810de-19dc-4b82-962d-1c0346d4636d/host
Jun 26 16:08:15 gtw01 dnsmasq-dhcp[31137]: read /var/lib/neutron/dhcp/5a4810de-19dc-4b82-962d-1c0346d4636d/opts
Jun 26 16:08:16 gtw01 dnsmasq[31137]: read /var/lib/neutron/dhcp/5a4810de-19dc-4b82-962d-1c0346d4636d/addn_hosts - 1 addresses
Jun 26 16:08:16 gtw01 dnsmasq-dhcp[31137]: read /var/lib/neutron/dhcp/5a4810de-19dc-4b82-962d-1c0346d4636d/host
Jun 26 16:08:16 gtw01 dnsmasq-dhcp[31137]: read /var/lib/neutron/dhcp/5a4810de-19dc-4b82-962d-1c0346d4636d/opts
Jun 26 16:08:16 gtw01 dnsmasq[31190]: started, version 2.80 cachesize 150
Jun 26 16:08:16 gtw01 dnsmasq[31190]: DNS service limited to local subnets
Jun 26 16:08:16 gtw01 dnsmasq[31190]: compile time options: IPv6 GNU-getopt DBus i18n IDN DHCP DHCPv6 no-Lua TFTP conntrack ipset auth DNSSEC loop-detect inotify dumpfile
Jun 26 16:08:16 gtw01 dnsmasq[31190]: warning: no upstream servers configured
Jun 26 16:08:16 gtw01 dnsmasq-dhcp[31190]: DHCPv6, static leases only on 2003::, lease time 1h
Jun 26 16:08:16 gtw01 dnsmasq[31190]: read /var/lib/neutron/dhcp/94ece480-5dcc-487a-846b-fd3a33bb5658/addn_hosts - 1 addresses
Jun 26 16:08:16 gtw01 dnsmasq-dhcp[31190]: read /var/lib/neutron/dhcp/94ece480-5dcc-487a-846b-fd3a33bb5658/host
Jun 26 16:08:16 gtw01 dnsmasq-dhcp[31190]: read /var/lib/neutron/dhcp/94ece480-5dcc-487a-846b-fd3a33bb5658/opts
Jun 26 16:08:17 gtw01 dnsmasq[31137]: read /var/lib/neutron/dhcp/5a4810de-19dc-4b82-962d-1c0346d4636d/addn_hosts - 1 addresses
Jun 26 16:08:17 gtw01 dnsmasq-dhcp[31137]: read /var/lib/neutron/dhcp/5a4810de-19dc-4b82-962d-1c0346d4636d/host
Jun 26 16:08:17 gtw01 dnsmasq-dhcp[31137]: read /var/lib/neutron/dhcp/5a4810de-19dc-4b82-962d-1c0346d4636d/opts
Jun 26 16:08:17 gtw01 kernel: [ 8169.951887] device tapbba7ef3d-16 left promiscuous mode
Jun 26 16:08:18 gtw01 dnsmasq[31137]: read /var/lib/neutron/dhcp/5a4810de-19dc-4b82-962d-1c0346d4636d/addn_hosts - 1 addresses
Jun 26 16:08:18 gtw01 dnsmasq-dhcp[31137]: read /var/lib/neutron/dhcp/5a4810de-19dc-4b82-962d-1c0346d4636d/host
Jun 26 16:08:18 gtw01 dnsmasq-dhcp[31137]: read /var/lib/neutron/dhcp/5a4810de-19dc-4b82-962d-1c0346d4636d/opts
Jun 26 16:08:18 gtw01 dnsmasq[17953]: read /var/lib/neutron/dhcp/08aefdb8-b1ee-403c-a711-680217fa0635/addn_hosts - 4 addresses
Jun 26 16:08:18 gtw01 dnsmasq-dhcp[17953]: read /var/lib/neutron/dhcp/08aefdb8-b1ee-403c-a711-680217fa0635/host
Jun 26 16:08:18 gtw01 dnsmasq-dhcp[17953]: read /var/lib/neutron/dhcp/08aefdb8-b1ee-403c-a711-680217fa0635/opts
Jun 26 16:08:19 gtw01 dnsmasq[17953]: read /var/lib/neutron/dhcp/08aefdb8-b1ee-403c-a711-680217fa0635/addn_hosts - 3 addresses
Jun 26 16:08:19 gtw01 dnsmasq-dhcp[17953]: read /var/lib/neutron/dhcp/08aefdb8-b1ee-403c-a711-680217fa0635/host
Jun 26 16:08:19 gtw01 dnsmasq-dhcp[17953]: read /var/lib/neutron/dhcp/08aefdb8-b1ee-403c-a711-680217fa0635/opts
Jun 26 16:08:20 gtw01 dnsmasq[17953]: read /var/lib/neutron/dhcp/08aefdb8-b1ee-403c-a711-680217fa0635/addn_hosts - 3 addresses
Jun 26 16:08:20 gtw01 dnsmasq-dhcp[17953]: read /var/lib/neutron/dhcp/08aefdb8-b1ee-403c-a711-680217fa0635/host
Jun 26 16:08:20 gtw01 dnsmasq-dhcp[17953]: read /var/lib/neutron/dhcp/08aefdb8-b1ee-403c-a711-680217fa0635/opts
Jun 26 16:08:21 gtw01 dnsmasq[17953]: read /var/lib/neutron/dhcp/08aefdb8-b1ee-403c-a711-680217fa0635/addn_hosts - 3 addresses
Jun 26 16:08:21 gtw01 dnsmasq-dhcp[17953]: read /var/lib/neutron/dhcp/08aefdb8-b1ee-403c-a711-680217fa0635/host
Jun 26 16:08:21 gtw01 dnsmasq-dhcp[17953]: read /var/lib/neutron/dhcp/08aefdb8-b1ee-403c-a711-680217fa0635/opts
Jun 26 16:08:24 gtw01 kernel: [ 8176.884175] device tap88eeecb4-a6 entered promiscuous mode
Jun 26 16:08:24 gtw01 systemd-udevd[31307]: Process '/sbin/ip link set tap88eeecb4-a6 txqueuelen 10000' failed with exit code 1.
Jun 26 16:08:24 gtw01 systemd-udevd[31307]: Process '/sbin/ip link set tap88eeecb4-a6 txqueuelen 10000' failed with exit code 1.
Jun 26 16:08:27 gtw01 dnsmasq[31442]: started, version 2.80 cachesize 150
Jun 26 16:08:27 gtw01 dnsmasq[31442]: DNS service limited to local subnets
Jun 26 16:08:27 gtw01 dnsmasq[31442]: compile time options: IPv6 GNU-getopt DBus i18n IDN DHCP DHCPv6 no-Lua TFTP conntrack ipset auth DNSSEC loop-detect inotify dumpfile
Jun 26 16:08:27 gtw01 dnsmasq[31442]: warning: no upstream servers configured
Jun 26 16:08:27 gtw01 dnsmasq-dhcp[31442]: DHCPv6, static leases only on 2003::, lease time 1h
Jun 26 16:08:27 gtw01 dnsmasq[31442]: read /var/lib/neutron/dhcp/7139573a-58fe-4422-85be-4a3e47f45046/addn_hosts - 1 addresses
Jun 26 16:08:27 gtw01 dnsmasq-dhcp[31442]: read /var/lib/neutron/dhcp/7139573a-58fe-4422-85be-4a3e47f45046/host
Jun 26 16:08:27 gtw01 dnsmasq-dhcp[31442]: read /var/lib/neutron/dhcp/7139573a-58fe-4422-85be-4a3e47f45046/opts
Jun 26 16:08:27 gtw01 dnsmasq[17953]: read /var/lib/neutron/dhcp/08aefdb8-b1ee-403c-a711-680217fa0635/addn_hosts - 2 addresses
Jun 26 16:08:27 gtw01 dnsmasq-dhcp[17953]: read /var/lib/neutron/dhcp/08aefdb8-b1ee-403c-a711-680217fa0635/host
Jun 26 16:08:27 gtw01 dnsmasq-dhcp[17953]: read /var/lib/neutron/dhcp/08aefdb8-b1ee-403c-a711-680217fa0635/opts
Jun 26 16:08:28 gtw01 dnsmasq[31442]: read /var/lib/neutron/dhcp/7139573a-58fe-4422-85be-4a3e47f45046/addn_hosts - 1 addresses
Jun 26 16:08:28 gtw01 dnsmasq-dhcp[31442]: read /var/lib/neutron/dhcp/7139573a-58fe-4422-85be-4a3e47f45046/host
Jun 26 16:08:28 gtw01 dnsmasq-dhcp[31442]: read /var/lib/neutron/dhcp/7139573a-58fe-4422-85be-4a3e47f45046/opts
Jun 26 16:08:29 gtw01 dnsmasq[31442]: read /var/lib/neutron/dhcp/7139573a-58fe-4422-85be-4a3e47f45046/addn_hosts - 1 addresses
Jun 26 16:08:29 gtw01 dnsmasq-dhcp[31442]: read /var/lib/neutron/dhcp/7139573a-58fe-4422-85be-4a3e47f45046/host
Jun 26 16:08:29 gtw01 dnsmasq-dhcp[31442]: read /var/lib/neutron/dhcp/7139573a-58fe-4422-85be-4a3e47f45046/opts
Jun 26 16:08:30 gtw01 dnsmasq[31442]: read /var/lib/neutron/dhcp/7139573a-58fe-4422-85be-4a3e47f45046/addn_hosts - 1 addresses
Jun 26 16:08:30 gtw01 dnsmasq-dhcp[31442]: read /var/lib/neutron/dhcp/7139573a-58fe-4422-85be-4a3e47f45046/host
Jun 26 16:08:30 gtw01 dnsmasq-dhcp[31442]: read /var/lib/neutron/dhcp/7139573a-58fe-4422-85be-4a3e47f45046/opts
Jun 26 16:08:32 gtw01 kernel: [ 8184.996807] device tap7e7502a7-84 entered promiscuous mode
Jun 26 16:08:32 gtw01 systemd-udevd[31527]: Process '/sbin/ip link set tap7e7502a7-84 txqueuelen 10000' failed with exit code 1.
Jun 26 16:08:32 gtw01 systemd-udevd[31604]: Process '/sbin/ip link set tap7e7502a7-84 txqueuelen 10000' failed with exit code 1.
Jun 26 16:08:33 gtw01 kernel: [ 8186.478771] device tap0f2ab862-f7 entered promiscuous mode
Jun 26 16:08:33 gtw01 systemd-udevd[31649]: Could not generate persistent MAC address for tap0f2ab862-f7: No such file or directory
Jun 26 16:08:33 gtw01 systemd-udevd[31649]: Process '/sbin/ip link set tap0f2ab862-f7 txqueuelen 10000' failed with exit code 1.
Jun 26 16:08:33 gtw01 systemd-udevd[31723]: Process '/sbin/ip link set tap0f2ab862-f7 txqueuelen 10000' failed with exit code 1.
Jun 26 16:08:35 gtw01 dnsmasq[31795]: started, version 2.80 cachesize 150
Jun 26 16:08:35 gtw01 dnsmasq[31795]: DNS service limited to local subnets
Jun 26 16:08:35 gtw01 dnsmasq[31795]: compile time options: IPv6 GNU-getopt DBus i18n IDN DHCP DHCPv6 no-Lua TFTP conntrack ipset auth DNSSEC loop-detect inotify dumpfile
Jun 26 16:08:35 gtw01 dnsmasq[31795]: warning: no upstream servers configured
Jun 26 16:08:35 gtw01 dnsmasq-dhcp[31795]: DHCPv6, static leases only on 2003::, lease time 1h
Jun 26 16:08:35 gtw01 dnsmasq[31795]: read /var/lib/neutron/dhcp/1c027640-c495-48e0-b0f9-7fd0ac775bc5/addn_hosts - 1 addresses
Jun 26 16:08:35 gtw01 dnsmasq-dhcp[31795]: read /var/lib/neutron/dhcp/1c027640-c495-48e0-b0f9-7fd0ac775bc5/host
Jun 26 16:08:35 gtw01 dnsmasq-dhcp[31795]: read /var/lib/neutron/dhcp/1c027640-c495-48e0-b0f9-7fd0ac775bc5/opts
Jun 26 16:08:36 gtw01 dnsmasq[31795]: read /var/lib/neutron/dhcp/1c027640-c495-48e0-b0f9-7fd0ac775bc5/addn_hosts - 1 addresses
Jun 26 16:08:36 gtw01 dnsmasq-dhcp[31795]: read /var/lib/neutron/dhcp/1c027640-c495-48e0-b0f9-7fd0ac775bc5/host
Jun 26 16:08:36 gtw01 dnsmasq-dhcp[31795]: read /var/lib/neutron/dhcp/1c027640-c495-48e0-b0f9-7fd0ac775bc5/opts
Jun 26 16:08:37 gtw01 dnsmasq[31836]: started, version 2.80 cachesize 150
Jun 26 16:08:37 gtw01 dnsmasq[31836]: DNS service limited to local subnets
Jun 26 16:08:37 gtw01 dnsmasq[31836]: compile time options: IPv6 GNU-getopt DBus i18n IDN DHCP DHCPv6 no-Lua TFTP conntrack ipset auth DNSSEC loop-detect inotify dumpfile
Jun 26 16:08:37 gtw01 dnsmasq[31836]: warning: no upstream servers configured
Jun 26 16:08:37 gtw01 dnsmasq-dhcp[31836]: DHCPv6, static leases only on 2003::, lease time 1h
Jun 26 16:08:37 gtw01 dnsmasq[31836]: read /var/lib/neutron/dhcp/25d355e9-9237-4483-9f72-183027d0291d/addn_hosts - 1 addresses
Jun 26 16:08:37 gtw01 dnsmasq-dhcp[31836]: read /var/lib/neutron/dhcp/25d355e9-9237-4483-9f72-183027d0291d/host
Jun 26 16:08:37 gtw01 dnsmasq-dhcp[31836]: read /var/lib/neutron/dhcp/25d355e9-9237-4483-9f72-183027d0291d/opts
Jun 26 16:08:37 gtw01 kernel: [ 8190.266651] device tap0f2ab862-f7 left promiscuous mode
Jun 26 16:08:37 gtw01 dnsmasq[31795]: read /var/lib/neutron/dhcp/1c027640-c495-48e0-b0f9-7fd0ac775bc5/addn_hosts - 1 addresses
Jun 26 16:08:37 gtw01 dnsmasq-dhcp[31795]: read /var/lib/neutron/dhcp/1c027640-c495-48e0-b0f9-7fd0ac775bc5/host
Jun 26 16:08:37 gtw01 dnsmasq-dhcp[31795]: read /var/lib/neutron/dhcp/1c027640-c495-48e0-b0f9-7fd0ac775bc5/opts
Jun 26 16:08:38 gtw01 dnsmasq[31795]: read /var/lib/neutron/dhcp/1c027640-c495-48e0-b0f9-7fd0ac775bc5/addn_hosts - 1 addresses
Jun 26 16:08:38 gtw01 dnsmasq-dhcp[31795]: read /var/lib/neutron/dhcp/1c027640-c495-48e0-b0f9-7fd0ac775bc5/host
Jun 26 16:08:38 gtw01 dnsmasq-dhcp[31795]: read /var/lib/neutron/dhcp/1c027640-c495-48e0-b0f9-7fd0ac775bc5/opts
Jun 26 16:08:41 gtw01 dnsmasq[17953]: read /var/lib/neutron/dhcp/08aefdb8-b1ee-403c-a711-680217fa0635/addn_hosts - 3 addresses
Jun 26 16:08:41 gtw01 dnsmasq-dhcp[17953]: read /var/lib/neutron/dhcp/08aefdb8-b1ee-403c-a711-680217fa0635/host
Jun 26 16:08:41 gtw01 dnsmasq-dhcp[17953]: read /var/lib/neutron/dhcp/08aefdb8-b1ee-403c-a711-680217fa0635/opts
Jun 26 16:08:43 gtw01 dnsmasq[17953]: read /var/lib/neutron/dhcp/08aefdb8-b1ee-403c-a711-680217fa0635/addn_hosts - 3 addresses
Jun 26 16:08:43 gtw01 dnsmasq-dhcp[17953]: read /var/lib/neutron/dhcp/08aefdb8-b1ee-403c-a711-680217fa0635/host
Jun 26 16:08:43 gtw01 dnsmasq-dhcp[17953]: read /var/lib/neutron/dhcp/08aefdb8-b1ee-403c-a711-680217fa0635/opts
Jun 26 16:08:44 gtw01 dnsmasq[17953]: read /var/lib/neutron/dhcp/08aefdb8-b1ee-403c-a711-680217fa0635/addn_hosts - 3 addresses
Jun 26 16:08:44 gtw01 dnsmasq-dhcp[17953]: read /var/lib/neutron/dhcp/08aefdb8-b1ee-403c-a711-680217fa0635/host
Jun 26 16:08:44 gtw01 dnsmasq-dhcp[17953]: read /var/lib/neutron/dhcp/08aefdb8-b1ee-403c-a711-680217fa0635/opts
Jun 26 16:08:50 gtw01 kernel: [ 8203.158619] device tapcbf14161-e3 entered promiscuous mode
Jun 26 16:08:50 gtw01 systemd-udevd[31942]: Could not generate persistent MAC address for tapcbf14161-e3: No such file or directory
Jun 26 16:08:50 gtw01 systemd-udevd[31942]: Process '/sbin/ip link set tapcbf14161-e3 txqueuelen 10000' failed with exit code 1.
Jun 26 16:08:50 gtw01 systemd-udevd[31942]: Process '/sbin/ip link set tapcbf14161-e3 txqueuelen 10000' failed with exit code 1.
Jun 26 16:08:52 gtw01 dnsmasq[17953]: read /var/lib/neutron/dhcp/08aefdb8-b1ee-403c-a711-680217fa0635/addn_hosts - 2 addresses
Jun 26 16:08:52 gtw01 dnsmasq-dhcp[17953]: read /var/lib/neutron/dhcp/08aefdb8-b1ee-403c-a711-680217fa0635/host
Jun 26 16:08:52 gtw01 dnsmasq-dhcp[17953]: read /var/lib/neutron/dhcp/08aefdb8-b1ee-403c-a711-680217fa0635/opts
Jun 26 16:08:53 gtw01 kernel: [ 8206.309532] device tap7583ff93-7d entered promiscuous mode
Jun 26 16:08:53 gtw01 systemd-udevd[32107]: Could not generate persistent MAC address for tap7583ff93-7d: No such file or directory
Jun 26 16:08:53 gtw01 dnsmasq[32180]: started, version 2.80 cachesize 150
Jun 26 16:08:53 gtw01 dnsmasq[32180]: DNS service limited to local subnets
Jun 26 16:08:53 gtw01 dnsmasq[32180]: compile time options: IPv6 GNU-getopt DBus i18n IDN DHCP DHCPv6 no-Lua TFTP conntrack ipset auth DNSSEC loop-detect inotify dumpfile
Jun 26 16:08:53 gtw01 dnsmasq[32180]: warning: no upstream servers configured
Jun 26 16:08:53 gtw01 dnsmasq-dhcp[32180]: DHCPv6, static leases only on 2003::, lease time 1h
Jun 26 16:08:54 gtw01 dnsmasq[32180]: read /var/lib/neutron/dhcp/f8233cb8-4f29-44a7-9701-1410b359a9df/addn_hosts - 1 addresses
Jun 26 16:08:54 gtw01 dnsmasq-dhcp[32180]: read /var/lib/neutron/dhcp/f8233cb8-4f29-44a7-9701-1410b359a9df/host
Jun 26 16:08:54 gtw01 dnsmasq-dhcp[32180]: read /var/lib/neutron/dhcp/f8233cb8-4f29-44a7-9701-1410b359a9df/opts
Jun 26 16:08:55 gtw01 systemd-udevd[32185]: Process '/sbin/ip link set tap7583ff93-7d txqueuelen 10000' failed with exit code 1.
Jun 26 16:08:58 gtw01 dnsmasq[32282]: started, version 2.80 cachesize 150
Jun 26 16:08:58 gtw01 dnsmasq[32282]: DNS service limited to local subnets
Jun 26 16:08:58 gtw01 dnsmasq[32282]: compile time options: IPv6 GNU-getopt DBus i18n IDN DHCP DHCPv6 no-Lua TFTP conntrack ipset auth DNSSEC loop-detect inotify dumpfile
Jun 26 16:08:58 gtw01 dnsmasq[32282]: warning: no upstream servers configured
Jun 26 16:08:58 gtw01 dnsmasq-dhcp[32282]: DHCP, static leases only on 192.168.120.0, lease time 1h
Jun 26 16:08:58 gtw01 dnsmasq-dhcp[32282]: DHCPv6, static leases only on 2003::, lease time 1h
Jun 26 16:08:58 gtw01 dnsmasq[32282]: read /var/lib/neutron/dhcp/f8233cb8-4f29-44a7-9701-1410b359a9df/addn_hosts - 2 addresses
Jun 26 16:08:58 gtw01 dnsmasq-dhcp[32282]: read /var/lib/neutron/dhcp/f8233cb8-4f29-44a7-9701-1410b359a9df/host
Jun 26 16:08:58 gtw01 dnsmasq-dhcp[32282]: read /var/lib/neutron/dhcp/f8233cb8-4f29-44a7-9701-1410b359a9df/opts
Jun 26 16:08:58 gtw01 haproxy-metadata-proxy-f8233cb8-4f29-44a7-9701-1410b359a9df[32289]: Proxy listener started.
Jun 26 16:08:58 gtw01 dnsmasq[32298]: started, version 2.80 cachesize 150
Jun 26 16:08:58 gtw01 dnsmasq[32298]: DNS service limited to local subnets
Jun 26 16:08:58 gtw01 dnsmasq[32298]: compile time options: IPv6 GNU-getopt DBus i18n IDN DHCP DHCPv6 no-Lua TFTP conntrack ipset auth DNSSEC loop-detect inotify dumpfile
Jun 26 16:08:58 gtw01 dnsmasq[32298]: warning: no upstream servers configured
Jun 26 16:08:58 gtw01 dnsmasq-dhcp[32298]: DHCPv6, static leases only on 2003::, lease time 1h
Jun 26 16:08:58 gtw01 dnsmasq[32298]: read /var/lib/neutron/dhcp/1d972e4c-2388-4b6f-a100-9dd5c0a175a3/addn_hosts - 1 addresses
Jun 26 16:08:58 gtw01 dnsmasq-dhcp[32298]: read /var/lib/neutron/dhcp/1d972e4c-2388-4b6f-a100-9dd5c0a175a3/host
Jun 26 16:08:58 gtw01 dnsmasq-dhcp[32298]: read /var/lib/neutron/dhcp/1d972e4c-2388-4b6f-a100-9dd5c0a175a3/opts
Jun 26 16:08:58 gtw01 kernel: [ 8211.563864] device tap7583ff93-7d left promiscuous mode
Jun 26 16:08:59 gtw01 dnsmasq[32282]: read /var/lib/neutron/dhcp/f8233cb8-4f29-44a7-9701-1410b359a9df/addn_hosts - 2 addresses
Jun 26 16:08:59 gtw01 dnsmasq-dhcp[32282]: read /var/lib/neutron/dhcp/f8233cb8-4f29-44a7-9701-1410b359a9df/host
Jun 26 16:08:59 gtw01 dnsmasq-dhcp[32282]: read /var/lib/neutron/dhcp/f8233cb8-4f29-44a7-9701-1410b359a9df/opts
Jun 26 16:09:00 gtw01 dnsmasq[32282]: read /var/lib/neutron/dhcp/f8233cb8-4f29-44a7-9701-1410b359a9df/addn_hosts - 2 addresses
Jun 26 16:09:00 gtw01 dnsmasq-dhcp[32282]: read /var/lib/neutron/dhcp/f8233cb8-4f29-44a7-9701-1410b359a9df/host
Jun 26 16:09:00 gtw01 dnsmasq-dhcp[32282]: read /var/lib/neutron/dhcp/f8233cb8-4f29-44a7-9701-1410b359a9df/opts
Jun 26 16:09:03 gtw01 dnsmasq[17953]: read /var/lib/neutron/dhcp/08aefdb8-b1ee-403c-a711-680217fa0635/addn_hosts - 3 addresses
Jun 26 16:09:03 gtw01 dnsmasq-dhcp[17953]: read /var/lib/neutron/dhcp/08aefdb8-b1ee-403c-a711-680217fa0635/host
Jun 26 16:09:03 gtw01 dnsmasq-dhcp[17953]: read /var/lib/neutron/dhcp/08aefdb8-b1ee-403c-a711-680217fa0635/opts
Jun 26 16:09:04 gtw01 dnsmasq[17953]: read /var/lib/neutron/dhcp/08aefdb8-b1ee-403c-a711-680217fa0635/addn_hosts - 3 addresses
Jun 26 16:09:04 gtw01 dnsmasq-dhcp[17953]: read /var/lib/neutron/dhcp/08aefdb8-b1ee-403c-a711-680217fa0635/host
Jun 26 16:09:04 gtw01 dnsmasq-dhcp[17953]: read /var/lib/neutron/dhcp/08aefdb8-b1ee-403c-a711-680217fa0635/opts
Jun 26 16:09:05 gtw01 dnsmasq[17953]: read /var/lib/neutron/dhcp/08aefdb8-b1ee-403c-a711-680217fa0635/addn_hosts - 4 addresses
Jun 26 16:09:05 gtw01 dnsmasq-dhcp[17953]: read /var/lib/neutron/dhcp/08aefdb8-b1ee-403c-a711-680217fa0635/host
Jun 26 16:09:05 gtw01 dnsmasq-dhcp[17953]: read /var/lib/neutron/dhcp/08aefdb8-b1ee-403c-a711-680217fa0635/opts
Jun 26 16:09:06 gtw01 dnsmasq[17953]: read /var/lib/neutron/dhcp/08aefdb8-b1ee-403c-a711-680217fa0635/addn_hosts - 4 addresses
Jun 26 16:09:06 gtw01 dnsmasq-dhcp[17953]: read /var/lib/neutron/dhcp/08aefdb8-b1ee-403c-a711-680217fa0635/host
Jun 26 16:09:06 gtw01 dnsmasq-dhcp[17953]: read /var/lib/neutron/dhcp/08aefdb8-b1ee-403c-a711-680217fa0635/opts
Jun 26 16:09:06 gtw01 kernel: [ 8219.441912] device tap2d836ba3-a4 entered promiscuous mode
