Jun 26 15:40:46 gtw01 dnsmasq-dhcp[15739]: read /var/lib/neutron/dhcp/8d17eaa7-b33d-4e55-8fef-d06fe25a5c3f/opts
Jun 26 15:40:59 gtw01 dnsmasq-dhcp[15739]: DHCPDISCOVER(tapffcf6be9-15) fa:16:3e:af:ff:1c
Jun 26 15:40:59 gtw01 dnsmasq-dhcp[15739]: DHCPOFFER(tapffcf6be9-15) 192.168.120.12 fa:16:3e:af:ff:1c
Jun 26 15:40:59 gtw01 dnsmasq-dhcp[15739]: DHCPREQUEST(tapffcf6be9-15) 192.168.120.12 fa:16:3e:af:ff:1c
Jun 26 15:40:59 gtw01 dnsmasq-dhcp[15739]: DHCPACK(tapffcf6be9-15) 192.168.120.12 fa:16:3e:af:ff:1c host-192-168-120-12
Jun 26 15:41:07 gtw01 kernel: [ 6539.700585] device tap25cd0114-8f entered promiscuous mode
Jun 26 15:41:07 gtw01 systemd-udevd[16442]: Could not generate persistent MAC address for tap25cd0114-8f: No such file or directory
Jun 26 15:41:07 gtw01 systemd-udevd[16442]: Process '/sbin/ip link set tap25cd0114-8f txqueuelen 10000' failed with exit code 1.
Jun 26 15:41:07 gtw01 systemd-udevd[16442]: Process '/sbin/ip link set tap25cd0114-8f txqueuelen 10000' failed with exit code 1.
Jun 26 15:41:10 gtw01 dnsmasq[16576]: started, version 2.80 cachesize 150
Jun 26 15:41:10 gtw01 dnsmasq[16576]: DNS service limited to local subnets
Jun 26 15:41:10 gtw01 dnsmasq[16576]: compile time options: IPv6 GNU-getopt DBus i18n IDN DHCP DHCPv6 no-Lua TFTP conntrack ipset auth DNSSEC loop-detect inotify dumpfile
Jun 26 15:41:10 gtw01 dnsmasq[16576]: warning: no upstream servers configured
Jun 26 15:41:10 gtw01 dnsmasq-dhcp[16576]: DHCP, static leases only on 192.168.120.0, lease time 1h
Jun 26 15:41:10 gtw01 dnsmasq[16576]: read /var/lib/neutron/dhcp/0ea9411f-797c-4adb-b88c-3c1445c3c356/addn_hosts - 1 addresses
Jun 26 15:41:10 gtw01 dnsmasq-dhcp[16576]: read /var/lib/neutron/dhcp/0ea9411f-797c-4adb-b88c-3c1445c3c356/host
Jun 26 15:41:10 gtw01 dnsmasq-dhcp[16576]: read /var/lib/neutron/dhcp/0ea9411f-797c-4adb-b88c-3c1445c3c356/opts
Jun 26 15:41:10 gtw01 haproxy-metadata-proxy-0ea9411f-797c-4adb-b88c-3c1445c3c356[16580]: Proxy listener started.
Jun 26 15:41:10 gtw01 kernel: [ 6543.466967] device tap25cd0114-8f left promiscuous mode
Jun 26 15:41:13 gtw01 dnsmasq-dhcp[15739]: DHCPRELEASE(tapffcf6be9-15) 192.168.120.12 fa:16:3e:af:ff:1c
Jun 26 15:41:13 gtw01 dnsmasq-dhcp[15739]: DHCPRELEASE(tapffcf6be9-15) 192.168.120.12 fa:16:3e:af:ff:1c unknown lease
Jun 26 15:41:14 gtw01 dnsmasq[15739]: read /var/lib/neutron/dhcp/8d17eaa7-b33d-4e55-8fef-d06fe25a5c3f/addn_hosts - 2 addresses
Jun 26 15:41:14 gtw01 dnsmasq-dhcp[15739]: read /var/lib/neutron/dhcp/8d17eaa7-b33d-4e55-8fef-d06fe25a5c3f/host
Jun 26 15:41:14 gtw01 dnsmasq-dhcp[15739]: read /var/lib/neutron/dhcp/8d17eaa7-b33d-4e55-8fef-d06fe25a5c3f/opts
Jun 26 15:41:16 gtw01 kernel: [ 6549.098048] device tap15af75f2-5b entered promiscuous mode
Jun 26 15:41:16 gtw01 systemd-udevd[16636]: Could not generate persistent MAC address for tap15af75f2-5b: No such file or directory
Jun 26 15:41:16 gtw01 systemd-udevd[16636]: Process '/sbin/ip link set tap15af75f2-5b txqueuelen 10000' failed with exit code 1.
Jun 26 15:41:16 gtw01 systemd-udevd[16636]: Process '/sbin/ip link set tap15af75f2-5b txqueuelen 10000' failed with exit code 1.
Jun 26 15:41:19 gtw01 dnsmasq[16770]: started, version 2.80 cachesize 150
Jun 26 15:41:19 gtw01 dnsmasq[16770]: DNS service limited to local subnets
Jun 26 15:41:19 gtw01 dnsmasq[16770]: compile time options: IPv6 GNU-getopt DBus i18n IDN DHCP DHCPv6 no-Lua TFTP conntrack ipset auth DNSSEC loop-detect inotify dumpfile
Jun 26 15:41:19 gtw01 dnsmasq[16770]: warning: no upstream servers configured
Jun 26 15:41:19 gtw01 dnsmasq-dhcp[16770]: DHCP, static leases only on 192.168.120.0, lease time 1h
Jun 26 15:41:19 gtw01 dnsmasq[16770]: read /var/lib/neutron/dhcp/0cd88aac-f9b8-4f25-98f3-7a881fd3cba1/addn_hosts - 1 addresses
Jun 26 15:41:19 gtw01 dnsmasq-dhcp[16770]: read /var/lib/neutron/dhcp/0cd88aac-f9b8-4f25-98f3-7a881fd3cba1/host
Jun 26 15:41:19 gtw01 dnsmasq-dhcp[16770]: read /var/lib/neutron/dhcp/0cd88aac-f9b8-4f25-98f3-7a881fd3cba1/opts
Jun 26 15:41:19 gtw01 haproxy-metadata-proxy-0cd88aac-f9b8-4f25-98f3-7a881fd3cba1[16774]: Proxy listener started.
Jun 26 15:41:20 gtw01 kernel: [ 6553.022480] device tap15af75f2-5b left promiscuous mode
Jun 26 15:41:21 gtw01 kernel: [ 6553.771235] device tap51cb7ff7-82 left promiscuous mode
Jun 26 15:41:22 gtw01 dnsmasq[15739]: read /var/lib/neutron/dhcp/8d17eaa7-b33d-4e55-8fef-d06fe25a5c3f/addn_hosts - 1 addresses
Jun 26 15:41:22 gtw01 dnsmasq-dhcp[15739]: read /var/lib/neutron/dhcp/8d17eaa7-b33d-4e55-8fef-d06fe25a5c3f/host
Jun 26 15:41:22 gtw01 dnsmasq-dhcp[15739]: read /var/lib/neutron/dhcp/8d17eaa7-b33d-4e55-8fef-d06fe25a5c3f/opts
Jun 26 15:41:26 gtw01 kernel: [ 6558.669652] device tapffcf6be9-15 left promiscuous mode
Jun 26 15:41:29 gtw01 kernel: [ 6562.382654] device tap76cc664f-a0 entered promiscuous mode
Jun 26 15:41:29 gtw01 systemd-udevd[16839]: Could not generate persistent MAC address for tap76cc664f-a0: No such file or directory
Jun 26 15:41:29 gtw01 systemd-udevd[16839]: Process '/sbin/ip link set tap76cc664f-a0 txqueuelen 10000' failed with exit code 1.
Jun 26 15:41:29 gtw01 systemd-udevd[16913]: Process '/sbin/ip link set tap76cc664f-a0 txqueuelen 10000' failed with exit code 1.
Jun 26 15:41:31 gtw01 kernel: [ 6564.395578] device tap3cb25db0-20 entered promiscuous mode
Jun 26 15:41:31 gtw01 systemd-udevd[16972]: Could not generate persistent MAC address for tap3cb25db0-20: No such file or directory
Jun 26 15:41:31 gtw01 systemd-udevd[16972]: Process '/sbin/ip link set tap3cb25db0-20 txqueuelen 10000' failed with exit code 1.
Jun 26 15:41:31 gtw01 systemd-udevd[17050]: Process '/sbin/ip link set tap3cb25db0-20 txqueuelen 10000' failed with exit code 1.
Jun 26 15:41:33 gtw01 kernel: [ 6565.826004] device tapf79b27c3-86 entered promiscuous mode
Jun 26 15:41:33 gtw01 systemd-udevd[17106]: Could not generate persistent MAC address for tapf79b27c3-86: No such file or directory
Jun 26 15:41:33 gtw01 systemd-udevd[17176]: Process '/sbin/ip link set tapf79b27c3-86 txqueuelen 10000' failed with exit code 1.
Jun 26 15:41:33 gtw01 dnsmasq[17192]: started, version 2.80 cachesize 150
Jun 26 15:41:33 gtw01 dnsmasq[17192]: DNS service limited to local subnets
Jun 26 15:41:33 gtw01 dnsmasq[17192]: compile time options: IPv6 GNU-getopt DBus i18n IDN DHCP DHCPv6 no-Lua TFTP conntrack ipset auth DNSSEC loop-detect inotify dumpfile
Jun 26 15:41:33 gtw01 dnsmasq[17192]: warning: no upstream servers configured
Jun 26 15:41:33 gtw01 dnsmasq-dhcp[17192]: DHCP, static leases only on 192.168.120.0, lease time 1h
Jun 26 15:41:33 gtw01 dnsmasq[17192]: read /var/lib/neutron/dhcp/7da10fbe-d907-4af8-a516-c6a2ab682057/addn_hosts - 1 addresses
Jun 26 15:41:33 gtw01 dnsmasq-dhcp[17192]: read /var/lib/neutron/dhcp/7da10fbe-d907-4af8-a516-c6a2ab682057/host
Jun 26 15:41:33 gtw01 dnsmasq-dhcp[17192]: read /var/lib/neutron/dhcp/7da10fbe-d907-4af8-a516-c6a2ab682057/opts
Jun 26 15:41:33 gtw01 haproxy-metadata-proxy-7da10fbe-d907-4af8-a516-c6a2ab682057[17201]: Proxy listener started.
Jun 26 15:41:34 gtw01 dnsmasq[17192]: read /var/lib/neutron/dhcp/7da10fbe-d907-4af8-a516-c6a2ab682057/addn_hosts - 1 addresses
Jun 26 15:41:34 gtw01 dnsmasq-dhcp[17192]: read /var/lib/neutron/dhcp/7da10fbe-d907-4af8-a516-c6a2ab682057/host
Jun 26 15:41:34 gtw01 dnsmasq-dhcp[17192]: read /var/lib/neutron/dhcp/7da10fbe-d907-4af8-a516-c6a2ab682057/opts
Jun 26 15:41:35 gtw01 dnsmasq[17192]: read /var/lib/neutron/dhcp/7da10fbe-d907-4af8-a516-c6a2ab682057/addn_hosts - 1 addresses
Jun 26 15:41:35 gtw01 dnsmasq-dhcp[17192]: read /var/lib/neutron/dhcp/7da10fbe-d907-4af8-a516-c6a2ab682057/host
Jun 26 15:41:35 gtw01 dnsmasq-dhcp[17192]: read /var/lib/neutron/dhcp/7da10fbe-d907-4af8-a516-c6a2ab682057/opts
Jun 26 15:41:36 gtw01 dnsmasq[17298]: started, version 2.80 cachesize 150
Jun 26 15:41:36 gtw01 dnsmasq[17298]: DNS service limited to local subnets
Jun 26 15:41:36 gtw01 dnsmasq[17298]: compile time options: IPv6 GNU-getopt DBus i18n IDN DHCP DHCPv6 no-Lua TFTP conntrack ipset auth DNSSEC loop-detect inotify dumpfile
Jun 26 15:41:36 gtw01 dnsmasq[17298]: warning: no upstream servers configured
Jun 26 15:41:36 gtw01 dnsmasq-dhcp[17298]: DHCP, static leases only on 192.168.120.0, lease time 1h
Jun 26 15:41:36 gtw01 dnsmasq[17298]: read /var/lib/neutron/dhcp/8a5d18ee-9ef2-4b5d-b4ea-a0287766700f/addn_hosts - 1 addresses
Jun 26 15:41:36 gtw01 dnsmasq-dhcp[17298]: read /var/lib/neutron/dhcp/8a5d18ee-9ef2-4b5d-b4ea-a0287766700f/host
Jun 26 15:41:36 gtw01 dnsmasq-dhcp[17298]: read /var/lib/neutron/dhcp/8a5d18ee-9ef2-4b5d-b4ea-a0287766700f/opts
Jun 26 15:41:36 gtw01 haproxy-metadata-proxy-8a5d18ee-9ef2-4b5d-b4ea-a0287766700f[17309]: Proxy listener started.
Jun 26 15:41:36 gtw01 dnsmasq[17192]: read /var/lib/neutron/dhcp/7da10fbe-d907-4af8-a516-c6a2ab682057/addn_hosts - 1 addresses
Jun 26 15:41:36 gtw01 dnsmasq-dhcp[17192]: read /var/lib/neutron/dhcp/7da10fbe-d907-4af8-a516-c6a2ab682057/host
Jun 26 15:41:36 gtw01 dnsmasq-dhcp[17192]: read /var/lib/neutron/dhcp/7da10fbe-d907-4af8-a516-c6a2ab682057/opts
Jun 26 15:41:37 gtw01 dnsmasq[17341]: started, version 2.80 cachesize 150
Jun 26 15:41:37 gtw01 dnsmasq[17341]: DNS service limited to local subnets
Jun 26 15:41:37 gtw01 dnsmasq[17341]: compile time options: IPv6 GNU-getopt DBus i18n IDN DHCP DHCPv6 no-Lua TFTP conntrack ipset auth DNSSEC loop-detect inotify dumpfile
Jun 26 15:41:37 gtw01 dnsmasq[17341]: warning: no upstream servers configured
Jun 26 15:41:37 gtw01 dnsmasq-dhcp[17341]: DHCP, static leases only on 192.168.120.0, lease time 1h
Jun 26 15:41:37 gtw01 dnsmasq[17341]: read /var/lib/neutron/dhcp/a5d5ea9f-4fbd-49fb-9beb-15288e4d1f28/addn_hosts - 1 addresses
Jun 26 15:41:37 gtw01 dnsmasq-dhcp[17341]: read /var/lib/neutron/dhcp/a5d5ea9f-4fbd-49fb-9beb-15288e4d1f28/host
Jun 26 15:41:37 gtw01 dnsmasq-dhcp[17341]: read /var/lib/neutron/dhcp/a5d5ea9f-4fbd-49fb-9beb-15288e4d1f28/opts
Jun 26 15:41:37 gtw01 dnsmasq[17298]: read /var/lib/neutron/dhcp/8a5d18ee-9ef2-4b5d-b4ea-a0287766700f/addn_hosts - 1 addresses
Jun 26 15:41:37 gtw01 dnsmasq-dhcp[17298]: read /var/lib/neutron/dhcp/8a5d18ee-9ef2-4b5d-b4ea-a0287766700f/host
Jun 26 15:41:37 gtw01 dnsmasq-dhcp[17298]: read /var/lib/neutron/dhcp/8a5d18ee-9ef2-4b5d-b4ea-a0287766700f/opts
Jun 26 15:41:37 gtw01 haproxy-metadata-proxy-a5d5ea9f-4fbd-49fb-9beb-15288e4d1f28[17351]: Proxy listener started.
Jun 26 15:41:38 gtw01 dnsmasq[17341]: read /var/lib/neutron/dhcp/a5d5ea9f-4fbd-49fb-9beb-15288e4d1f28/addn_hosts - 1 addresses
Jun 26 15:41:38 gtw01 dnsmasq-dhcp[17341]: read /var/lib/neutron/dhcp/a5d5ea9f-4fbd-49fb-9beb-15288e4d1f28/host
Jun 26 15:41:38 gtw01 dnsmasq-dhcp[17341]: read /var/lib/neutron/dhcp/a5d5ea9f-4fbd-49fb-9beb-15288e4d1f28/opts
Jun 26 15:41:38 gtw01 dnsmasq[17298]: read /var/lib/neutron/dhcp/8a5d18ee-9ef2-4b5d-b4ea-a0287766700f/addn_hosts - 1 addresses
Jun 26 15:41:38 gtw01 dnsmasq-dhcp[17298]: read /var/lib/neutron/dhcp/8a5d18ee-9ef2-4b5d-b4ea-a0287766700f/host
Jun 26 15:41:38 gtw01 dnsmasq-dhcp[17298]: read /var/lib/neutron/dhcp/8a5d18ee-9ef2-4b5d-b4ea-a0287766700f/opts
Jun 26 15:41:39 gtw01 dnsmasq[17341]: read /var/lib/neutron/dhcp/a5d5ea9f-4fbd-49fb-9beb-15288e4d1f28/addn_hosts - 1 addresses
Jun 26 15:41:39 gtw01 dnsmasq-dhcp[17341]: read /var/lib/neutron/dhcp/a5d5ea9f-4fbd-49fb-9beb-15288e4d1f28/host
Jun 26 15:41:39 gtw01 dnsmasq-dhcp[17341]: read /var/lib/neutron/dhcp/a5d5ea9f-4fbd-49fb-9beb-15288e4d1f28/opts
Jun 26 15:41:39 gtw01 dnsmasq[17298]: read /var/lib/neutron/dhcp/8a5d18ee-9ef2-4b5d-b4ea-a0287766700f/addn_hosts - 2 addresses
Jun 26 15:41:39 gtw01 dnsmasq-dhcp[17298]: read /var/lib/neutron/dhcp/8a5d18ee-9ef2-4b5d-b4ea-a0287766700f/host
Jun 26 15:41:39 gtw01 dnsmasq-dhcp[17298]: read /var/lib/neutron/dhcp/8a5d18ee-9ef2-4b5d-b4ea-a0287766700f/opts
Jun 26 15:41:40 gtw01 dnsmasq[17341]: read /var/lib/neutron/dhcp/a5d5ea9f-4fbd-49fb-9beb-15288e4d1f28/addn_hosts - 1 addresses
Jun 26 15:41:40 gtw01 dnsmasq-dhcp[17341]: read /var/lib/neutron/dhcp/a5d5ea9f-4fbd-49fb-9beb-15288e4d1f28/host
Jun 26 15:41:40 gtw01 dnsmasq-dhcp[17341]: read /var/lib/neutron/dhcp/a5d5ea9f-4fbd-49fb-9beb-15288e4d1f28/opts
Jun 26 15:41:40 gtw01 kernel: [ 6573.009460] device tap0af55ad3-06 entered promiscuous mode
Jun 26 15:41:40 gtw01 dnsmasq[17298]: read /var/lib/neutron/dhcp/8a5d18ee-9ef2-4b5d-b4ea-a0287766700f/addn_hosts - 2 addresses
Jun 26 15:41:40 gtw01 dnsmasq-dhcp[17298]: read /var/lib/neutron/dhcp/8a5d18ee-9ef2-4b5d-b4ea-a0287766700f/host
Jun 26 15:41:40 gtw01 dnsmasq-dhcp[17298]: read /var/lib/neutron/dhcp/8a5d18ee-9ef2-4b5d-b4ea-a0287766700f/opts
Jun 26 15:41:40 gtw01 systemd-udevd[17464]: Process '/sbin/ip link set tap0af55ad3-06 txqueuelen 10000' failed with exit code 1.
Jun 26 15:41:40 gtw01 systemd-udevd[17464]: Process '/sbin/ip link set tap0af55ad3-06 txqueuelen 10000' failed with exit code 1.
Jun 26 15:41:41 gtw01 dnsmasq[17192]: read /var/lib/neutron/dhcp/7da10fbe-d907-4af8-a516-c6a2ab682057/addn_hosts - 2 addresses
Jun 26 15:41:41 gtw01 dnsmasq-dhcp[17192]: read /var/lib/neutron/dhcp/7da10fbe-d907-4af8-a516-c6a2ab682057/host
Jun 26 15:41:41 gtw01 dnsmasq-dhcp[17192]: read /var/lib/neutron/dhcp/7da10fbe-d907-4af8-a516-c6a2ab682057/opts
Jun 26 15:41:41 gtw01 dnsmasq[17298]: read /var/lib/neutron/dhcp/8a5d18ee-9ef2-4b5d-b4ea-a0287766700f/addn_hosts - 2 addresses
Jun 26 15:41:41 gtw01 dnsmasq-dhcp[17298]: read /var/lib/neutron/dhcp/8a5d18ee-9ef2-4b5d-b4ea-a0287766700f/host
Jun 26 15:41:41 gtw01 dnsmasq-dhcp[17298]: read /var/lib/neutron/dhcp/8a5d18ee-9ef2-4b5d-b4ea-a0287766700f/opts
Jun 26 15:41:42 gtw01 dnsmasq[17192]: read /var/lib/neutron/dhcp/7da10fbe-d907-4af8-a516-c6a2ab682057/addn_hosts - 2 addresses
Jun 26 15:41:42 gtw01 dnsmasq-dhcp[17192]: read /var/lib/neutron/dhcp/7da10fbe-d907-4af8-a516-c6a2ab682057/host
Jun 26 15:41:42 gtw01 dnsmasq-dhcp[17192]: read /var/lib/neutron/dhcp/7da10fbe-d907-4af8-a516-c6a2ab682057/opts
Jun 26 15:41:42 gtw01 dnsmasq[17298]: read /var/lib/neutron/dhcp/8a5d18ee-9ef2-4b5d-b4ea-a0287766700f/addn_hosts - 1 addresses
Jun 26 15:41:42 gtw01 dnsmasq-dhcp[17298]: read /var/lib/neutron/dhcp/8a5d18ee-9ef2-4b5d-b4ea-a0287766700f/host
Jun 26 15:41:42 gtw01 dnsmasq-dhcp[17298]: read /var/lib/neutron/dhcp/8a5d18ee-9ef2-4b5d-b4ea-a0287766700f/opts
Jun 26 15:41:44 gtw01 dnsmasq[17685]: started, version 2.80 cachesize 150
Jun 26 15:41:44 gtw01 dnsmasq[17685]: DNS service limited to local subnets
Jun 26 15:41:44 gtw01 dnsmasq[17685]: compile time options: IPv6 GNU-getopt DBus i18n IDN DHCP DHCPv6 no-Lua TFTP conntrack ipset auth DNSSEC loop-detect inotify dumpfile
Jun 26 15:41:44 gtw01 dnsmasq[17685]: warning: no upstream servers configured
Jun 26 15:41:44 gtw01 dnsmasq-dhcp[17685]: DHCP, static leases only on 192.168.121.0, lease time 1h
Jun 26 15:41:44 gtw01 dnsmasq[17685]: read /var/lib/neutron/dhcp/70631f00-ed52-486f-a351-cab724b94360/addn_hosts - 1 addresses
Jun 26 15:41:44 gtw01 dnsmasq-dhcp[17685]: read /var/lib/neutron/dhcp/70631f00-ed52-486f-a351-cab724b94360/host
Jun 26 15:41:44 gtw01 dnsmasq-dhcp[17685]: read /var/lib/neutron/dhcp/70631f00-ed52-486f-a351-cab724b94360/opts
Jun 26 15:41:44 gtw01 dnsmasq[17192]: read /var/lib/neutron/dhcp/7da10fbe-d907-4af8-a516-c6a2ab682057/addn_hosts - 1 addresses
Jun 26 15:41:44 gtw01 dnsmasq-dhcp[17192]: read /var/lib/neutron/dhcp/7da10fbe-d907-4af8-a516-c6a2ab682057/host
Jun 26 15:41:44 gtw01 dnsmasq-dhcp[17192]: read /var/lib/neutron/dhcp/7da10fbe-d907-4af8-a516-c6a2ab682057/opts
Jun 26 15:41:44 gtw01 haproxy-metadata-proxy-70631f00-ed52-486f-a351-cab724b94360[17693]: Proxy listener started.
Jun 26 15:41:45 gtw01 dnsmasq[17685]: read /var/lib/neutron/dhcp/70631f00-ed52-486f-a351-cab724b94360/addn_hosts - 1 addresses
Jun 26 15:41:45 gtw01 dnsmasq-dhcp[17685]: read /var/lib/neutron/dhcp/70631f00-ed52-486f-a351-cab724b94360/host
Jun 26 15:41:45 gtw01 dnsmasq-dhcp[17685]: read /var/lib/neutron/dhcp/70631f00-ed52-486f-a351-cab724b94360/opts
Jun 26 15:41:46 gtw01 dnsmasq[17685]: read /var/lib/neutron/dhcp/70631f00-ed52-486f-a351-cab724b94360/addn_hosts - 1 addresses
Jun 26 15:41:46 gtw01 dnsmasq-dhcp[17685]: read /var/lib/neutron/dhcp/70631f00-ed52-486f-a351-cab724b94360/host
Jun 26 15:41:46 gtw01 dnsmasq-dhcp[17685]: read /var/lib/neutron/dhcp/70631f00-ed52-486f-a351-cab724b94360/opts
Jun 26 15:41:47 gtw01 kernel: [ 6580.207013] device tap0af55ad3-06 left promiscuous mode
Jun 26 15:41:50 gtw01 kernel: [ 6583.444760] device tapf79b27c3-86 left promiscuous mode
Jun 26 15:41:52 gtw01 kernel: [ 6585.160929] device tap3cb25db0-20 left promiscuous mode
Jun 26 15:41:56 gtw01 kernel: [ 6588.955858] device tap76cc664f-a0 left promiscuous mode
Jun 26 15:42:31 gtw01 dnsmasq[11094]: read /var/lib/neutron/dhcp/69c00914-d5cc-4db8-a7af-e0c31dba45fb/addn_hosts - 1 addresses
Jun 26 15:42:31 gtw01 dnsmasq-dhcp[11094]: read /var/lib/neutron/dhcp/69c00914-d5cc-4db8-a7af-e0c31dba45fb/host
Jun 26 15:42:31 gtw01 dnsmasq-dhcp[11094]: read /var/lib/neutron/dhcp/69c00914-d5cc-4db8-a7af-e0c31dba45fb/opts
Jun 26 15:42:35 gtw01 kernel: [ 6628.359607] device tapde5705f8-f3 left promiscuous mode
Jun 26 15:42:46 gtw01 kernel: [ 6638.724820] device tap4b728202-3b entered promiscuous mode
Jun 26 15:42:46 gtw01 systemd-udevd[17815]: Could not generate persistent MAC address for tap4b728202-3b: No such file or directory
Jun 26 15:42:46 gtw01 systemd-udevd[17815]: Process '/sbin/ip link set tap4b728202-3b txqueuelen 10000' failed with exit code 1.
Jun 26 15:42:46 gtw01 systemd-udevd[17815]: Process '/sbin/ip link set tap4b728202-3b txqueuelen 10000' failed with exit code 1.
Jun 26 15:42:49 gtw01 dnsmasq[17953]: started, version 2.80 cachesize 150
Jun 26 15:42:49 gtw01 dnsmasq[17953]: DNS service limited to local subnets
Jun 26 15:42:49 gtw01 dnsmasq[17953]: compile time options: IPv6 GNU-getopt DBus i18n IDN DHCP DHCPv6 no-Lua TFTP conntrack ipset auth DNSSEC loop-detect inotify dumpfile
Jun 26 15:42:49 gtw01 dnsmasq[17953]: warning: no upstream servers configured
Jun 26 15:42:49 gtw01 dnsmasq-dhcp[17953]: DHCP, static leases only on 192.168.120.0, lease time 1h
Jun 26 15:42:49 gtw01 dnsmasq[17953]: read /var/lib/neutron/dhcp/08aefdb8-b1ee-403c-a711-680217fa0635/addn_hosts - 1 addresses
Jun 26 15:42:49 gtw01 dnsmasq-dhcp[17953]: read /var/lib/neutron/dhcp/08aefdb8-b1ee-403c-a711-680217fa0635/host
Jun 26 15:42:49 gtw01 dnsmasq-dhcp[17953]: read /var/lib/neutron/dhcp/08aefdb8-b1ee-403c-a711-680217fa0635/opts
Jun 26 15:42:49 gtw01 haproxy-metadata-proxy-08aefdb8-b1ee-403c-a711-680217fa0635[17957]: Proxy listener started.
Jun 26 15:42:50 gtw01 dnsmasq[17953]: read /var/lib/neutron/dhcp/08aefdb8-b1ee-403c-a711-680217fa0635/addn_hosts - 2 addresses
Jun 26 15:42:50 gtw01 dnsmasq-dhcp[17953]: read /var/lib/neutron/dhcp/08aefdb8-b1ee-403c-a711-680217fa0635/host
Jun 26 15:42:50 gtw01 dnsmasq-dhcp[17953]: read /var/lib/neutron/dhcp/08aefdb8-b1ee-403c-a711-680217fa0635/opts
Jun 26 15:42:51 gtw01 dnsmasq[17953]: read /var/lib/neutron/dhcp/08aefdb8-b1ee-403c-a711-680217fa0635/addn_hosts - 2 addresses
Jun 26 15:42:51 gtw01 dnsmasq-dhcp[17953]: read /var/lib/neutron/dhcp/08aefdb8-b1ee-403c-a711-680217fa0635/host
Jun 26 15:42:51 gtw01 dnsmasq-dhcp[17953]: read /var/lib/neutron/dhcp/08aefdb8-b1ee-403c-a711-680217fa0635/opts
Jun 26 15:42:52 gtw01 dnsmasq[17953]: read /var/lib/neutron/dhcp/08aefdb8-b1ee-403c-a711-680217fa0635/addn_hosts - 2 addresses
Jun 26 15:42:52 gtw01 dnsmasq-dhcp[17953]: read /var/lib/neutron/dhcp/08aefdb8-b1ee-403c-a711-680217fa0635/host
Jun 26 15:42:52 gtw01 dnsmasq-dhcp[17953]: read /var/lib/neutron/dhcp/08aefdb8-b1ee-403c-a711-680217fa0635/opts
Jun 26 15:42:53 gtw01 dnsmasq[17953]: read /var/lib/neutron/dhcp/08aefdb8-b1ee-403c-a711-680217fa0635/addn_hosts - 2 addresses
Jun 26 15:42:53 gtw01 dnsmasq-dhcp[17953]: read /var/lib/neutron/dhcp/08aefdb8-b1ee-403c-a711-680217fa0635/host
Jun 26 15:42:53 gtw01 dnsmasq-dhcp[17953]: read /var/lib/neutron/dhcp/08aefdb8-b1ee-403c-a711-680217fa0635/opts
Jun 26 15:42:54 gtw01 dnsmasq[17953]: read /var/lib/neutron/dhcp/08aefdb8-b1ee-403c-a711-680217fa0635/addn_hosts - 2 addresses
Jun 26 15:42:54 gtw01 dnsmasq-dhcp[17953]: read /var/lib/neutron/dhcp/08aefdb8-b1ee-403c-a711-680217fa0635/host
Jun 26 15:42:54 gtw01 dnsmasq-dhcp[17953]: read /var/lib/neutron/dhcp/08aefdb8-b1ee-403c-a711-680217fa0635/opts
Jun 26 15:43:40 gtw01 kernel: [ 6693.636352] device tap6f275808-47 entered promiscuous mode
Jun 26 15:43:40 gtw01 systemd-udevd[18061]: Could not generate persistent MAC address for tap6f275808-47: No such file or directory
Jun 26 15:43:41 gtw01 systemd-udevd[18128]: Process '/sbin/ip link set tap6f275808-47 txqueuelen 10000' failed with exit code 1.
Jun 26 15:43:44 gtw01 dnsmasq[18193]: started, version 2.80 cachesize 150
Jun 26 15:43:44 gtw01 dnsmasq[18193]: DNS service limited to local subnets
Jun 26 15:43:44 gtw01 dnsmasq[18193]: compile time options: IPv6 GNU-getopt DBus i18n IDN DHCP DHCPv6 no-Lua TFTP conntrack ipset auth DNSSEC loop-detect inotify dumpfile
Jun 26 15:43:44 gtw01 dnsmasq[18193]: warning: no upstream servers configured
Jun 26 15:43:44 gtw01 dnsmasq-dhcp[18193]: DHCP, static leases only on 192.168.120.0, lease time 1h
Jun 26 15:43:44 gtw01 dnsmasq[18193]: read /var/lib/neutron/dhcp/809ed57a-aa76-4849-9804-fbca5a063b50/addn_hosts - 1 addresses
Jun 26 15:43:44 gtw01 dnsmasq-dhcp[18193]: read /var/lib/neutron/dhcp/809ed57a-aa76-4849-9804-fbca5a063b50/host
Jun 26 15:43:44 gtw01 dnsmasq-dhcp[18193]: read /var/lib/neutron/dhcp/809ed57a-aa76-4849-9804-fbca5a063b50/opts
Jun 26 15:43:44 gtw01 haproxy-metadata-proxy-809ed57a-aa76-4849-9804-fbca5a063b50[18197]: Proxy listener started.
Jun 26 15:43:45 gtw01 dnsmasq[18193]: read /var/lib/neutron/dhcp/809ed57a-aa76-4849-9804-fbca5a063b50/addn_hosts - 2 addresses
Jun 26 15:43:45 gtw01 dnsmasq-dhcp[18193]: read /var/lib/neutron/dhcp/809ed57a-aa76-4849-9804-fbca5a063b50/host
Jun 26 15:43:45 gtw01 dnsmasq-dhcp[18193]: read /var/lib/neutron/dhcp/809ed57a-aa76-4849-9804-fbca5a063b50/opts
Jun 26 15:43:46 gtw01 dnsmasq[18193]: read /var/lib/neutron/dhcp/809ed57a-aa76-4849-9804-fbca5a063b50/addn_hosts - 2 addresses
Jun 26 15:43:46 gtw01 dnsmasq-dhcp[18193]: read /var/lib/neutron/dhcp/809ed57a-aa76-4849-9804-fbca5a063b50/host
Jun 26 15:43:46 gtw01 dnsmasq-dhcp[18193]: read /var/lib/neutron/dhcp/809ed57a-aa76-4849-9804-fbca5a063b50/opts
Jun 26 15:43:46 gtw01 dnsmasq[18193]: read /var/lib/neutron/dhcp/809ed57a-aa76-4849-9804-fbca5a063b50/addn_hosts - 2 addresses
Jun 26 15:43:46 gtw01 dnsmasq-dhcp[18193]: read /var/lib/neutron/dhcp/809ed57a-aa76-4849-9804-fbca5a063b50/host
Jun 26 15:43:46 gtw01 dnsmasq-dhcp[18193]: read /var/lib/neutron/dhcp/809ed57a-aa76-4849-9804-fbca5a063b50/opts
Jun 26 15:43:47 gtw01 dnsmasq[17953]: read /var/lib/neutron/dhcp/08aefdb8-b1ee-403c-a711-680217fa0635/addn_hosts - 3 addresses
Jun 26 15:43:47 gtw01 dnsmasq-dhcp[17953]: read /var/lib/neutron/dhcp/08aefdb8-b1ee-403c-a711-680217fa0635/host
Jun 26 15:43:47 gtw01 dnsmasq-dhcp[17953]: read /var/lib/neutron/dhcp/08aefdb8-b1ee-403c-a711-680217fa0635/opts
Jun 26 15:43:48 gtw01 dnsmasq[18193]: read /var/lib/neutron/dhcp/809ed57a-aa76-4849-9804-fbca5a063b50/addn_hosts - 2 addresses
Jun 26 15:43:48 gtw01 dnsmasq-dhcp[18193]: read /var/lib/neutron/dhcp/809ed57a-aa76-4849-9804-fbca5a063b50/host
Jun 26 15:43:48 gtw01 dnsmasq-dhcp[18193]: read /var/lib/neutron/dhcp/809ed57a-aa76-4849-9804-fbca5a063b50/opts
Jun 26 15:43:48 gtw01 systemd-udevd[18299]: Could not generate persistent MAC address for tap76aa5269-80: No such file or directory
Jun 26 15:43:48 gtw01 kernel: [ 6701.122910] device tap76aa5269-80 entered promiscuous mode
Jun 26 15:43:48 gtw01 systemd-udevd[18299]: Process '/sbin/ip link set tap76aa5269-80 txqueuelen 10000' failed with exit code 1.
Jun 26 15:43:48 gtw01 systemd-udevd[18299]: Process '/sbin/ip link set tap76aa5269-80 txqueuelen 10000' failed with exit code 1.
Jun 26 15:43:48 gtw01 dnsmasq[17953]: read /var/lib/neutron/dhcp/08aefdb8-b1ee-403c-a711-680217fa0635/addn_hosts - 3 addresses
Jun 26 15:43:48 gtw01 dnsmasq-dhcp[17953]: read /var/lib/neutron/dhcp/08aefdb8-b1ee-403c-a711-680217fa0635/host
Jun 26 15:43:48 gtw01 dnsmasq-dhcp[17953]: read /var/lib/neutron/dhcp/08aefdb8-b1ee-403c-a711-680217fa0635/opts
Jun 26 15:43:49 gtw01 dnsmasq[18193]: read /var/lib/neutron/dhcp/809ed57a-aa76-4849-9804-fbca5a063b50/addn_hosts - 2 addresses
Jun 26 15:43:49 gtw01 dnsmasq-dhcp[18193]: read /var/lib/neutron/dhcp/809ed57a-aa76-4849-9804-fbca5a063b50/host
Jun 26 15:43:49 gtw01 dnsmasq-dhcp[18193]: read /var/lib/neutron/dhcp/809ed57a-aa76-4849-9804-fbca5a063b50/opts
Jun 26 15:43:49 gtw01 dnsmasq[17953]: read /var/lib/neutron/dhcp/08aefdb8-b1ee-403c-a711-680217fa0635/addn_hosts - 4 addresses
Jun 26 15:43:49 gtw01 dnsmasq-dhcp[17953]: read /var/lib/neutron/dhcp/08aefdb8-b1ee-403c-a711-680217fa0635/host
Jun 26 15:43:49 gtw01 dnsmasq-dhcp[17953]: read /var/lib/neutron/dhcp/08aefdb8-b1ee-403c-a711-680217fa0635/opts
Jun 26 15:43:50 gtw01 dnsmasq[17953]: read /var/lib/neutron/dhcp/08aefdb8-b1ee-403c-a711-680217fa0635/addn_hosts - 4 addresses
Jun 26 15:43:50 gtw01 dnsmasq-dhcp[17953]: read /var/lib/neutron/dhcp/08aefdb8-b1ee-403c-a711-680217fa0635/host
Jun 26 15:43:50 gtw01 dnsmasq-dhcp[17953]: read /var/lib/neutron/dhcp/08aefdb8-b1ee-403c-a711-680217fa0635/opts
Jun 26 15:43:51 gtw01 dnsmasq[17953]: read /var/lib/neutron/dhcp/08aefdb8-b1ee-403c-a711-680217fa0635/addn_hosts - 4 addresses
Jun 26 15:43:51 gtw01 dnsmasq-dhcp[17953]: read /var/lib/neutron/dhcp/08aefdb8-b1ee-403c-a711-680217fa0635/host
Jun 26 15:43:51 gtw01 dnsmasq-dhcp[17953]: read /var/lib/neutron/dhcp/08aefdb8-b1ee-403c-a711-680217fa0635/opts
Jun 26 15:43:52 gtw01 dnsmasq[18510]: started, version 2.80 cachesize 150
Jun 26 15:43:52 gtw01 dnsmasq[18510]: DNS service limited to local subnets
Jun 26 15:43:52 gtw01 dnsmasq[18510]: compile time options: IPv6 GNU-getopt DBus i18n IDN DHCP DHCPv6 no-Lua TFTP conntrack ipset auth DNSSEC loop-detect inotify dumpfile
Jun 26 15:43:52 gtw01 dnsmasq[18510]: warning: no upstream servers configured
Jun 26 15:43:52 gtw01 dnsmasq-dhcp[18510]: DHCP, static leases only on 192.168.120.0, lease time 1h
Jun 26 15:43:52 gtw01 dnsmasq[18510]: read /var/lib/neutron/dhcp/df29585e-6da4-4c06-858b-218bd8a6fe69/addn_hosts - 1 addresses
Jun 26 15:43:52 gtw01 dnsmasq-dhcp[18510]: read /var/lib/neutron/dhcp/df29585e-6da4-4c06-858b-218bd8a6fe69/host
Jun 26 15:43:52 gtw01 dnsmasq-dhcp[18510]: read /var/lib/neutron/dhcp/df29585e-6da4-4c06-858b-218bd8a6fe69/opts
Jun 26 15:43:52 gtw01 haproxy-metadata-proxy-df29585e-6da4-4c06-858b-218bd8a6fe69[18517]: Proxy listener started.
Jun 26 15:43:52 gtw01 dnsmasq[17953]: read /var/lib/neutron/dhcp/08aefdb8-b1ee-403c-a711-680217fa0635/addn_hosts - 4 addresses
Jun 26 15:43:52 gtw01 dnsmasq-dhcp[17953]: read /var/lib/neutron/dhcp/08aefdb8-b1ee-403c-a711-680217fa0635/host
Jun 26 15:43:52 gtw01 dnsmasq-dhcp[17953]: read /var/lib/neutron/dhcp/08aefdb8-b1ee-403c-a711-680217fa0635/opts
Jun 26 15:43:53 gtw01 dnsmasq[18510]: read /var/lib/neutron/dhcp/df29585e-6da4-4c06-858b-218bd8a6fe69/addn_hosts - 2 addresses
Jun 26 15:43:53 gtw01 dnsmasq-dhcp[18510]: read /var/lib/neutron/dhcp/df29585e-6da4-4c06-858b-218bd8a6fe69/host
Jun 26 15:43:53 gtw01 dnsmasq-dhcp[18510]: read /var/lib/neutron/dhcp/df29585e-6da4-4c06-858b-218bd8a6fe69/opts
Jun 26 15:43:54 gtw01 dnsmasq[18510]: read /var/lib/neutron/dhcp/df29585e-6da4-4c06-858b-218bd8a6fe69/addn_hosts - 2 addresses
Jun 26 15:43:54 gtw01 dnsmasq-dhcp[18510]: read /var/lib/neutron/dhcp/df29585e-6da4-4c06-858b-218bd8a6fe69/host
Jun 26 15:43:54 gtw01 dnsmasq-dhcp[18510]: read /var/lib/neutron/dhcp/df29585e-6da4-4c06-858b-218bd8a6fe69/opts
Jun 26 15:43:55 gtw01 dnsmasq[18510]: read /var/lib/neutron/dhcp/df29585e-6da4-4c06-858b-218bd8a6fe69/addn_hosts - 2 addresses
Jun 26 15:43:55 gtw01 dnsmasq-dhcp[18510]: read /var/lib/neutron/dhcp/df29585e-6da4-4c06-858b-218bd8a6fe69/host
Jun 26 15:43:55 gtw01 dnsmasq-dhcp[18510]: read /var/lib/neutron/dhcp/df29585e-6da4-4c06-858b-218bd8a6fe69/opts
Jun 26 15:43:55 gtw01 dnsmasq[18510]: read /var/lib/neutron/dhcp/df29585e-6da4-4c06-858b-218bd8a6fe69/addn_hosts - 2 addresses
Jun 26 15:43:55 gtw01 dnsmasq-dhcp[18510]: read /var/lib/neutron/dhcp/df29585e-6da4-4c06-858b-218bd8a6fe69/host
Jun 26 15:43:55 gtw01 dnsmasq-dhcp[18510]: read /var/lib/neutron/dhcp/df29585e-6da4-4c06-858b-218bd8a6fe69/opts
Jun 26 15:43:56 gtw01 dnsmasq[18510]: read /var/lib/neutron/dhcp/df29585e-6da4-4c06-858b-218bd8a6fe69/addn_hosts - 2 addresses
Jun 26 15:43:56 gtw01 dnsmasq-dhcp[18510]: read /var/lib/neutron/dhcp/df29585e-6da4-4c06-858b-218bd8a6fe69/host
Jun 26 15:43:56 gtw01 dnsmasq-dhcp[18510]: read /var/lib/neutron/dhcp/df29585e-6da4-4c06-858b-218bd8a6fe69/opts
Jun 26 15:43:57 gtw01 dnsmasq[17953]: read /var/lib/neutron/dhcp/08aefdb8-b1ee-403c-a711-680217fa0635/addn_hosts - 3 addresses
Jun 26 15:43:57 gtw01 dnsmasq-dhcp[17953]: read /var/lib/neutron/dhcp/08aefdb8-b1ee-403c-a711-680217fa0635/host
Jun 26 15:43:57 gtw01 dnsmasq-dhcp[17953]: read /var/lib/neutron/dhcp/08aefdb8-b1ee-403c-a711-680217fa0635/opts
Jun 26 15:43:59 gtw01 dnsmasq[17953]: read /var/lib/neutron/dhcp/08aefdb8-b1ee-403c-a711-680217fa0635/addn_hosts - 2 addresses
Jun 26 15:44:00 gtw01 dnsmasq-dhcp[17953]: read /var/lib/neutron/dhcp/08aefdb8-b1ee-403c-a711-680217fa0635/host
Jun 26 15:44:00 gtw01 dnsmasq-dhcp[17953]: read /var/lib/neutron/dhcp/08aefdb8-b1ee-403c-a711-680217fa0635/opts
Jun 26 15:44:00 gtw01 dnsmasq[18193]: read /var/lib/neutron/dhcp/809ed57a-aa76-4849-9804-fbca5a063b50/addn_hosts - 3 addresses
Jun 26 15:44:00 gtw01 dnsmasq-dhcp[18193]: read /var/lib/neutron/dhcp/809ed57a-aa76-4849-9804-fbca5a063b50/host
Jun 26 15:44:00 gtw01 dnsmasq-dhcp[18193]: read /var/lib/neutron/dhcp/809ed57a-aa76-4849-9804-fbca5a063b50/opts
Jun 26 15:44:01 gtw01 dnsmasq[18193]: read /var/lib/neutron/dhcp/809ed57a-aa76-4849-9804-fbca5a063b50/addn_hosts - 3 addresses
Jun 26 15:44:01 gtw01 dnsmasq-dhcp[18193]: read /var/lib/neutron/dhcp/809ed57a-aa76-4849-9804-fbca5a063b50/host
Jun 26 15:44:01 gtw01 dnsmasq-dhcp[18193]: read /var/lib/neutron/dhcp/809ed57a-aa76-4849-9804-fbca5a063b50/opts
Jun 26 15:44:02 gtw01 dnsmasq[18193]: read /var/lib/neutron/dhcp/809ed57a-aa76-4849-9804-fbca5a063b50/addn_hosts - 3 addresses
Jun 26 15:44:02 gtw01 dnsmasq-dhcp[18193]: read /var/lib/neutron/dhcp/809ed57a-aa76-4849-9804-fbca5a063b50/host
Jun 26 15:44:02 gtw01 dnsmasq-dhcp[18193]: read /var/lib/neutron/dhcp/809ed57a-aa76-4849-9804-fbca5a063b50/opts
Jun 26 15:44:02 gtw01 dnsmasq[17953]: read /var/lib/neutron/dhcp/08aefdb8-b1ee-403c-a711-680217fa0635/addn_hosts - 3 addresses
Jun 26 15:44:02 gtw01 dnsmasq-dhcp[17953]: read /var/lib/neutron/dhcp/08aefdb8-b1ee-403c-a711-680217fa0635/host
Jun 26 15:44:02 gtw01 dnsmasq-dhcp[17953]: read /var/lib/neutron/dhcp/08aefdb8-b1ee-403c-a711-680217fa0635/opts
Jun 26 15:44:03 gtw01 dnsmasq[17953]: read /var/lib/neutron/dhcp/08aefdb8-b1ee-403c-a711-680217fa0635/addn_hosts - 3 addresses
Jun 26 15:44:03 gtw01 dnsmasq-dhcp[17953]: read /var/lib/neutron/dhcp/08aefdb8-b1ee-403c-a711-680217fa0635/host
Jun 26 15:44:03 gtw01 dnsmasq-dhcp[17953]: read /var/lib/neutron/dhcp/08aefdb8-b1ee-403c-a711-680217fa0635/opts
Jun 26 15:44:04 gtw01 dnsmasq[17953]: read /var/lib/neutron/dhcp/08aefdb8-b1ee-403c-a711-680217fa0635/addn_hosts - 3 addresses
Jun 26 15:44:04 gtw01 dnsmasq-dhcp[17953]: read /var/lib/neutron/dhcp/08aefdb8-b1ee-403c-a711-680217fa0635/host
Jun 26 15:44:04 gtw01 dnsmasq-dhcp[17953]: read /var/lib/neutron/dhcp/08aefdb8-b1ee-403c-a711-680217fa0635/opts
Jun 26 15:44:11 gtw01 dnsmasq[17953]: read /var/lib/neutron/dhcp/08aefdb8-b1ee-403c-a711-680217fa0635/addn_hosts - 2 addresses
Jun 26 15:44:11 gtw01 dnsmasq-dhcp[17953]: read /var/lib/neutron/dhcp/08aefdb8-b1ee-403c-a711-680217fa0635/host
Jun 26 15:44:11 gtw01 dnsmasq-dhcp[17953]: read /var/lib/neutron/dhcp/08aefdb8-b1ee-403c-a711-680217fa0635/opts
Jun 26 15:44:19 gtw01 dnsmasq-dhcp[18193]: DHCPDISCOVER(tap6f275808-47) fa:16:3e:d7:62:cd
Jun 26 15:44:19 gtw01 dnsmasq-dhcp[18193]: DHCPOFFER(tap6f275808-47) 192.168.120.10 fa:16:3e:d7:62:cd
Jun 26 15:44:19 gtw01 dnsmasq-dhcp[18193]: DHCPREQUEST(tap6f275808-47) 192.168.120.10 fa:16:3e:d7:62:cd
Jun 26 15:44:19 gtw01 dnsmasq-dhcp[18193]: DHCPACK(tap6f275808-47) 192.168.120.10 fa:16:3e:d7:62:cd host-192-168-120-10
Jun 26 15:44:27 gtw01 dnsmasq-dhcp[18193]: DHCPRELEASE(tap6f275808-47) 192.168.120.10 fa:16:3e:d7:62:cd
Jun 26 15:44:27 gtw01 dnsmasq-dhcp[18193]: DHCPRELEASE(tap6f275808-47) 192.168.120.10 fa:16:3e:d7:62:cd unknown lease
Jun 26 15:44:28 gtw01 dnsmasq[18193]: read /var/lib/neutron/dhcp/809ed57a-aa76-4849-9804-fbca5a063b50/addn_hosts - 2 addresses
Jun 26 15:44:28 gtw01 dnsmasq-dhcp[18193]: read /var/lib/neutron/dhcp/809ed57a-aa76-4849-9804-fbca5a063b50/host
Jun 26 15:44:28 gtw01 dnsmasq-dhcp[18193]: read /var/lib/neutron/dhcp/809ed57a-aa76-4849-9804-fbca5a063b50/opts
Jun 26 15:44:28 gtw01 dnsmasq[17953]: read /var/lib/neutron/dhcp/08aefdb8-b1ee-403c-a711-680217fa0635/addn_hosts - 3 addresses
Jun 26 15:44:28 gtw01 dnsmasq-dhcp[17953]: read /var/lib/neutron/dhcp/08aefdb8-b1ee-403c-a711-680217fa0635/host
Jun 26 15:44:28 gtw01 dnsmasq-dhcp[17953]: read /var/lib/neutron/dhcp/08aefdb8-b1ee-403c-a711-680217fa0635/opts
Jun 26 15:44:29 gtw01 dnsmasq[17953]: read /var/lib/neutron/dhcp/08aefdb8-b1ee-403c-a711-680217fa0635/addn_hosts - 3 addresses
Jun 26 15:44:29 gtw01 dnsmasq-dhcp[17953]: read /var/lib/neutron/dhcp/08aefdb8-b1ee-403c-a711-680217fa0635/host
Jun 26 15:44:29 gtw01 dnsmasq-dhcp[17953]: read /var/lib/neutron/dhcp/08aefdb8-b1ee-403c-a711-680217fa0635/opts
Jun 26 15:44:30 gtw01 dnsmasq[18193]: read /var/lib/neutron/dhcp/809ed57a-aa76-4849-9804-fbca5a063b50/addn_hosts - 3 addresses
Jun 26 15:44:30 gtw01 dnsmasq-dhcp[18193]: read /var/lib/neutron/dhcp/809ed57a-aa76-4849-9804-fbca5a063b50/host
Jun 26 15:44:30 gtw01 dnsmasq-dhcp[18193]: read /var/lib/neutron/dhcp/809ed57a-aa76-4849-9804-fbca5a063b50/opts
Jun 26 15:44:30 gtw01 dnsmasq[17953]: read /var/lib/neutron/dhcp/08aefdb8-b1ee-403c-a711-680217fa0635/addn_hosts - 3 addresses
Jun 26 15:44:30 gtw01 dnsmasq-dhcp[17953]: read /var/lib/neutron/dhcp/08aefdb8-b1ee-403c-a711-680217fa0635/host
Jun 26 15:44:30 gtw01 dnsmasq-dhcp[17953]: read /var/lib/neutron/dhcp/08aefdb8-b1ee-403c-a711-680217fa0635/opts
Jun 26 15:44:31 gtw01 dnsmasq[18193]: read /var/lib/neutron/dhcp/809ed57a-aa76-4849-9804-fbca5a063b50/addn_hosts - 3 addresses
Jun 26 15:44:31 gtw01 dnsmasq-dhcp[18193]: read /var/lib/neutron/dhcp/809ed57a-aa76-4849-9804-fbca5a063b50/host
Jun 26 15:44:31 gtw01 dnsmasq-dhcp[18193]: read /var/lib/neutron/dhcp/809ed57a-aa76-4849-9804-fbca5a063b50/opts
Jun 26 15:44:32 gtw01 dnsmasq[18193]: read /var/lib/neutron/dhcp/809ed57a-aa76-4849-9804-fbca5a063b50/addn_hosts - 3 addresses
Jun 26 15:44:32 gtw01 dnsmasq-dhcp[18193]: read /var/lib/neutron/dhcp/809ed57a-aa76-4849-9804-fbca5a063b50/host
Jun 26 15:44:32 gtw01 dnsmasq-dhcp[18193]: read /var/lib/neutron/dhcp/809ed57a-aa76-4849-9804-fbca5a063b50/opts
Jun 26 15:44:39 gtw01 dnsmasq[17953]: read /var/lib/neutron/dhcp/08aefdb8-b1ee-403c-a711-680217fa0635/addn_hosts - 4 addresses
Jun 26 15:44:39 gtw01 dnsmasq-dhcp[17953]: read /var/lib/neutron/dhcp/08aefdb8-b1ee-403c-a711-680217fa0635/host
Jun 26 15:44:39 gtw01 dnsmasq-dhcp[17953]: read /var/lib/neutron/dhcp/08aefdb8-b1ee-403c-a711-680217fa0635/opts
Jun 26 15:44:41 gtw01 dnsmasq[17953]: read /var/lib/neutron/dhcp/08aefdb8-b1ee-403c-a711-680217fa0635/addn_hosts - 4 addresses
Jun 26 15:44:41 gtw01 dnsmasq-dhcp[17953]: read /var/lib/neutron/dhcp/08aefdb8-b1ee-403c-a711-680217fa0635/host
Jun 26 15:44:41 gtw01 dnsmasq-dhcp[17953]: read /var/lib/neutron/dhcp/08aefdb8-b1ee-403c-a711-680217fa0635/opts
Jun 26 15:44:42 gtw01 dnsmasq[17953]: read /var/lib/neutron/dhcp/08aefdb8-b1ee-403c-a711-680217fa0635/addn_hosts - 4 addresses
Jun 26 15:44:42 gtw01 dnsmasq-dhcp[17953]: read /var/lib/neutron/dhcp/08aefdb8-b1ee-403c-a711-680217fa0635/host
Jun 26 15:44:42 gtw01 dnsmasq-dhcp[17953]: read /var/lib/neutron/dhcp/08aefdb8-b1ee-403c-a711-680217fa0635/opts
Jun 26 15:44:52 gtw01 dnsmasq-dhcp[17953]: DHCPDISCOVER(tap4b728202-3b) fa:16:3e:d1:b2:7a
Jun 26 15:44:52 gtw01 dnsmasq-dhcp[17953]: DHCPOFFER(tap4b728202-3b) 192.168.120.26 fa:16:3e:d1:b2:7a
Jun 26 15:44:52 gtw01 dnsmasq-dhcp[17953]: DHCPREQUEST(tap4b728202-3b) 192.168.120.26 fa:16:3e:d1:b2:7a
Jun 26 15:44:52 gtw01 dnsmasq-dhcp[17953]: DHCPACK(tap4b728202-3b) 192.168.120.26 fa:16:3e:d1:b2:7a host-192-168-120-26
Jun 26 15:45:09 gtw01 dnsmasq-dhcp[18193]: DHCPDISCOVER(tap6f275808-47) fa:16:3e:83:c9:51
Jun 26 15:45:09 gtw01 dnsmasq-dhcp[18193]: DHCPOFFER(tap6f275808-47) 192.168.120.6 fa:16:3e:83:c9:51
Jun 26 15:45:09 gtw01 dnsmasq-dhcp[18193]: DHCPREQUEST(tap6f275808-47) 192.168.120.6 fa:16:3e:83:c9:51
Jun 26 15:45:09 gtw01 dnsmasq-dhcp[18193]: DHCPACK(tap6f275808-47) 192.168.120.6 fa:16:3e:83:c9:51 host-192-168-120-6
Jun 26 15:45:14 gtw01 dnsmasq[17953]: read /var/lib/neutron/dhcp/08aefdb8-b1ee-403c-a711-680217fa0635/addn_hosts - 3 addresses
Jun 26 15:45:14 gtw01 dnsmasq-dhcp[17953]: read /var/lib/neutron/dhcp/08aefdb8-b1ee-403c-a711-680217fa0635/host
Jun 26 15:45:14 gtw01 dnsmasq-dhcp[17953]: read /var/lib/neutron/dhcp/08aefdb8-b1ee-403c-a711-680217fa0635/opts
Jun 26 15:45:15 gtw01 dnsmasq-dhcp[18193]: DHCPRELEASE(tap6f275808-47) 192.168.120.6 fa:16:3e:83:c9:51
Jun 26 15:45:16 gtw01 dnsmasq-dhcp[18193]: DHCPRELEASE(tap6f275808-47) 192.168.120.6 fa:16:3e:83:c9:51 unknown lease
Jun 26 15:45:16 gtw01 dnsmasq[18193]: read /var/lib/neutron/dhcp/809ed57a-aa76-4849-9804-fbca5a063b50/addn_hosts - 2 addresses
Jun 26 15:45:16 gtw01 dnsmasq-dhcp[18193]: read /var/lib/neutron/dhcp/809ed57a-aa76-4849-9804-fbca5a063b50/host
Jun 26 15:45:16 gtw01 dnsmasq-dhcp[18193]: read /var/lib/neutron/dhcp/809ed57a-aa76-4849-9804-fbca5a063b50/opts
Jun 26 15:45:17 gtw01 dnsmasq-dhcp[17953]: DHCPRELEASE(tap4b728202-3b) 192.168.120.26 fa:16:3e:d1:b2:7a
Jun 26 15:45:17 gtw01 dnsmasq-dhcp[17953]: DHCPRELEASE(tap4b728202-3b) 192.168.120.26 fa:16:3e:d1:b2:7a unknown lease
Jun 26 15:45:18 gtw01 dnsmasq[17953]: read /var/lib/neutron/dhcp/08aefdb8-b1ee-403c-a711-680217fa0635/addn_hosts - 2 addresses
Jun 26 15:45:18 gtw01 dnsmasq-dhcp[17953]: read /var/lib/neutron/dhcp/08aefdb8-b1ee-403c-a711-680217fa0635/host
Jun 26 15:45:18 gtw01 dnsmasq-dhcp[17953]: read /var/lib/neutron/dhcp/08aefdb8-b1ee-403c-a711-680217fa0635/opts
Jun 26 15:45:20 gtw01 dnsmasq[18510]: read /var/lib/neutron/dhcp/df29585e-6da4-4c06-858b-218bd8a6fe69/addn_hosts - 1 addresses
Jun 26 15:45:20 gtw01 dnsmasq-dhcp[18510]: read /var/lib/neutron/dhcp/df29585e-6da4-4c06-858b-218bd8a6fe69/host
Jun 26 15:45:20 gtw01 dnsmasq-dhcp[18510]: read /var/lib/neutron/dhcp/df29585e-6da4-4c06-858b-218bd8a6fe69/opts
Jun 26 15:45:25 gtw01 kernel: [ 6797.776318] device tap76aa5269-80 left promiscuous mode
Jun 26 15:45:29 gtw01 dnsmasq[18193]: read /var/lib/neutron/dhcp/809ed57a-aa76-4849-9804-fbca5a063b50/addn_hosts - 1 addresses
Jun 26 15:45:29 gtw01 dnsmasq-dhcp[18193]: read /var/lib/neutron/dhcp/809ed57a-aa76-4849-9804-fbca5a063b50/host
Jun 26 15:45:29 gtw01 dnsmasq-dhcp[18193]: read /var/lib/neutron/dhcp/809ed57a-aa76-4849-9804-fbca5a063b50/opts
Jun 26 15:45:31 gtw01 dnsmasq[17953]: read /var/lib/neutron/dhcp/08aefdb8-b1ee-403c-a711-680217fa0635/addn_hosts - 3 addresses
Jun 26 15:45:31 gtw01 dnsmasq-dhcp[17953]: read /var/lib/neutron/dhcp/08aefdb8-b1ee-403c-a711-680217fa0635/host
Jun 26 15:45:31 gtw01 dnsmasq-dhcp[17953]: read /var/lib/neutron/dhcp/08aefdb8-b1ee-403c-a711-680217fa0635/opts
Jun 26 15:45:32 gtw01 dnsmasq[17953]: read /var/lib/neutron/dhcp/08aefdb8-b1ee-403c-a711-680217fa0635/addn_hosts - 3 addresses
Jun 26 15:45:32 gtw01 dnsmasq-dhcp[17953]: read /var/lib/neutron/dhcp/08aefdb8-b1ee-403c-a711-680217fa0635/host
Jun 26 15:45:32 gtw01 dnsmasq-dhcp[17953]: read /var/lib/neutron/dhcp/08aefdb8-b1ee-403c-a711-680217fa0635/opts
Jun 26 15:45:33 gtw01 kernel: [ 6806.489529] device tap6f275808-47 left promiscuous mode
Jun 26 15:45:33 gtw01 dnsmasq[17953]: read /var/lib/neutron/dhcp/08aefdb8-b1ee-403c-a711-680217fa0635/addn_hosts - 3 addresses
Jun 26 15:45:33 gtw01 dnsmasq-dhcp[17953]: read /var/lib/neutron/dhcp/08aefdb8-b1ee-403c-a711-680217fa0635/host
Jun 26 15:45:33 gtw01 dnsmasq-dhcp[17953]: read /var/lib/neutron/dhcp/08aefdb8-b1ee-403c-a711-680217fa0635/opts
Jun 26 15:45:48 gtw01 dnsmasq[17953]: read /var/lib/neutron/dhcp/08aefdb8-b1ee-403c-a711-680217fa0635/addn_hosts - 4 addresses
Jun 26 15:45:48 gtw01 dnsmasq-dhcp[17953]: read /var/lib/neutron/dhcp/08aefdb8-b1ee-403c-a711-680217fa0635/host
Jun 26 15:45:48 gtw01 dnsmasq-dhcp[17953]: read /var/lib/neutron/dhcp/08aefdb8-b1ee-403c-a711-680217fa0635/opts
Jun 26 15:45:50 gtw01 dnsmasq[17953]: read /var/lib/neutron/dhcp/08aefdb8-b1ee-403c-a711-680217fa0635/addn_hosts - 4 addresses
Jun 26 15:45:50 gtw01 dnsmasq-dhcp[17953]: read /var/lib/neutron/dhcp/08aefdb8-b1ee-403c-a711-680217fa0635/host
Jun 26 15:45:50 gtw01 dnsmasq-dhcp[17953]: read /var/lib/neutron/dhcp/08aefdb8-b1ee-403c-a711-680217fa0635/opts
Jun 26 15:45:50 gtw01 dnsmasq-dhcp[17953]: DHCPDISCOVER(tap4b728202-3b) fa:16:3e:b7:e4:51
Jun 26 15:45:50 gtw01 dnsmasq-dhcp[17953]: DHCPOFFER(tap4b728202-3b) 192.168.120.3 fa:16:3e:b7:e4:51
Jun 26 15:45:50 gtw01 dnsmasq-dhcp[17953]: DHCPREQUEST(tap4b728202-3b) 192.168.120.3 fa:16:3e:b7:e4:51
Jun 26 15:45:50 gtw01 dnsmasq-dhcp[17953]: DHCPACK(tap4b728202-3b) 192.168.120.3 fa:16:3e:b7:e4:51 host-192-168-120-3
Jun 26 15:45:51 gtw01 dnsmasq[17953]: read /var/lib/neutron/dhcp/08aefdb8-b1ee-403c-a711-680217fa0635/addn_hosts - 5 addresses
Jun 26 15:45:51 gtw01 dnsmasq-dhcp[17953]: read /var/lib/neutron/dhcp/08aefdb8-b1ee-403c-a711-680217fa0635/host
Jun 26 15:45:51 gtw01 dnsmasq-dhcp[17953]: read /var/lib/neutron/dhcp/08aefdb8-b1ee-403c-a711-680217fa0635/opts
Jun 26 15:45:52 gtw01 dnsmasq[17953]: read /var/lib/neutron/dhcp/08aefdb8-b1ee-403c-a711-680217fa0635/addn_hosts - 5 addresses
Jun 26 15:45:52 gtw01 dnsmasq-dhcp[17953]: read /var/lib/neutron/dhcp/08aefdb8-b1ee-403c-a711-680217fa0635/host
Jun 26 15:45:52 gtw01 dnsmasq-dhcp[17953]: read /var/lib/neutron/dhcp/08aefdb8-b1ee-403c-a711-680217fa0635/opts
Jun 26 15:45:55 gtw01 dnsmasq[17953]: read /var/lib/neutron/dhcp/08aefdb8-b1ee-403c-a711-680217fa0635/addn_hosts - 5 addresses
Jun 26 15:45:55 gtw01 dnsmasq-dhcp[17953]: read /var/lib/neutron/dhcp/08aefdb8-b1ee-403c-a711-680217fa0635/host
Jun 26 15:45:55 gtw01 dnsmasq-dhcp[17953]: read /var/lib/neutron/dhcp/08aefdb8-b1ee-403c-a711-680217fa0635/opts
Jun 26 15:46:02 gtw01 dnsmasq[17953]: read /var/lib/neutron/dhcp/08aefdb8-b1ee-403c-a711-680217fa0635/addn_hosts - 5 addresses
Jun 26 15:46:02 gtw01 dnsmasq-dhcp[17953]: read /var/lib/neutron/dhcp/08aefdb8-b1ee-403c-a711-680217fa0635/host
Jun 26 15:46:02 gtw01 dnsmasq-dhcp[17953]: read /var/lib/neutron/dhcp/08aefdb8-b1ee-403c-a711-680217fa0635/opts
Jun 26 15:46:23 gtw01 dnsmasq[17953]: read /var/lib/neutron/dhcp/08aefdb8-b1ee-403c-a711-680217fa0635/addn_hosts - 6 addresses
Jun 26 15:46:23 gtw01 dnsmasq-dhcp[17953]: read /var/lib/neutron/dhcp/08aefdb8-b1ee-403c-a711-680217fa0635/host
Jun 26 15:46:23 gtw01 dnsmasq-dhcp[17953]: read /var/lib/neutron/dhcp/08aefdb8-b1ee-403c-a711-680217fa0635/opts
Jun 26 15:46:24 gtw01 dnsmasq[17953]: read /var/lib/neutron/dhcp/08aefdb8-b1ee-403c-a711-680217fa0635/addn_hosts - 6 addresses
Jun 26 15:46:24 gtw01 dnsmasq-dhcp[17953]: read /var/lib/neutron/dhcp/08aefdb8-b1ee-403c-a711-680217fa0635/host
Jun 26 15:46:24 gtw01 dnsmasq-dhcp[17953]: read /var/lib/neutron/dhcp/08aefdb8-b1ee-403c-a711-680217fa0635/opts
Jun 26 15:46:25 gtw01 dnsmasq[17953]: read /var/lib/neutron/dhcp/08aefdb8-b1ee-403c-a711-680217fa0635/addn_hosts - 6 addresses
Jun 26 15:46:25 gtw01 dnsmasq-dhcp[17953]: read /var/lib/neutron/dhcp/08aefdb8-b1ee-403c-a711-680217fa0635/host
Jun 26 15:46:25 gtw01 dnsmasq-dhcp[17953]: read /var/lib/neutron/dhcp/08aefdb8-b1ee-403c-a711-680217fa0635/opts
Jun 26 15:46:27 gtw01 dnsmasq[17953]: read /var/lib/neutron/dhcp/08aefdb8-b1ee-403c-a711-680217fa0635/addn_hosts - 7 addresses
Jun 26 15:46:27 gtw01 dnsmasq-dhcp[17953]: read /var/lib/neutron/dhcp/08aefdb8-b1ee-403c-a711-680217fa0635/host
Jun 26 15:46:27 gtw01 dnsmasq-dhcp[17953]: read /var/lib/neutron/dhcp/08aefdb8-b1ee-403c-a711-680217fa0635/opts
Jun 26 15:46:28 gtw01 dnsmasq[17953]: read /var/lib/neutron/dhcp/08aefdb8-b1ee-403c-a711-680217fa0635/addn_hosts - 7 addresses
Jun 26 15:46:28 gtw01 dnsmasq-dhcp[17953]: read /var/lib/neutron/dhcp/08aefdb8-b1ee-403c-a711-680217fa0635/host
Jun 26 15:46:28 gtw01 dnsmasq-dhcp[17953]: read /var/lib/neutron/dhcp/08aefdb8-b1ee-403c-a711-680217fa0635/opts
Jun 26 15:46:29 gtw01 dnsmasq[17953]: read /var/lib/neutron/dhcp/08aefdb8-b1ee-403c-a711-680217fa0635/addn_hosts - 7 addresses
Jun 26 15:46:29 gtw01 dnsmasq-dhcp[17953]: read /var/lib/neutron/dhcp/08aefdb8-b1ee-403c-a711-680217fa0635/host
Jun 26 15:46:29 gtw01 dnsmasq-dhcp[17953]: read /var/lib/neutron/dhcp/08aefdb8-b1ee-403c-a711-680217fa0635/opts
Jun 26 15:46:37 gtw01 dnsmasq[17953]: read /var/lib/neutron/dhcp/08aefdb8-b1ee-403c-a711-680217fa0635/addn_hosts - 8 addresses
Jun 26 15:46:37 gtw01 dnsmasq-dhcp[17953]: read /var/lib/neutron/dhcp/08aefdb8-b1ee-403c-a711-680217fa0635/host
Jun 26 15:46:37 gtw01 dnsmasq-dhcp[17953]: read /var/lib/neutron/dhcp/08aefdb8-b1ee-403c-a711-680217fa0635/opts
Jun 26 15:46:38 gtw01 dnsmasq[17953]: read /var/lib/neutron/dhcp/08aefdb8-b1ee-403c-a711-680217fa0635/addn_hosts - 8 addresses
Jun 26 15:46:38 gtw01 dnsmasq-dhcp[17953]: read /var/lib/neutron/dhcp/08aefdb8-b1ee-403c-a711-680217fa0635/host
Jun 26 15:46:38 gtw01 dnsmasq-dhcp[17953]: read /var/lib/neutron/dhcp/08aefdb8-b1ee-403c-a711-680217fa0635/opts
Jun 26 15:46:42 gtw01 dnsmasq[17953]: read /var/lib/neutron/dhcp/08aefdb8-b1ee-403c-a711-680217fa0635/addn_hosts - 8 addresses
Jun 26 15:46:42 gtw01 dnsmasq-dhcp[17953]: read /var/lib/neutron/dhcp/08aefdb8-b1ee-403c-a711-680217fa0635/host
Jun 26 15:46:42 gtw01 dnsmasq-dhcp[17953]: read /var/lib/neutron/dhcp/08aefdb8-b1ee-403c-a711-680217fa0635/opts
Jun 26 15:46:44 gtw01 dnsmasq-dhcp[17953]: DHCPDISCOVER(tap4b728202-3b) fa:16:3e:39:18:b7
Jun 26 15:46:44 gtw01 dnsmasq-dhcp[17953]: DHCPOFFER(tap4b728202-3b) 192.168.120.5 fa:16:3e:39:18:b7
Jun 26 15:46:44 gtw01 dnsmasq-dhcp[17953]: DHCPREQUEST(tap4b728202-3b) 192.168.120.5 fa:16:3e:39:18:b7
Jun 26 15:46:44 gtw01 dnsmasq-dhcp[17953]: DHCPACK(tap4b728202-3b) 192.168.120.5 fa:16:3e:39:18:b7 host-192-168-120-5
Jun 26 15:46:59 gtw01 dnsmasq-dhcp[17953]: DHCPDISCOVER(tap4b728202-3b) fa:16:3e:52:c0:5f
Jun 26 15:46:59 gtw01 dnsmasq-dhcp[17953]: DHCPOFFER(tap4b728202-3b) 192.168.120.4 fa:16:3e:52:c0:5f
Jun 26 15:46:59 gtw01 dnsmasq-dhcp[17953]: DHCPREQUEST(tap4b728202-3b) 192.168.120.4 fa:16:3e:52:c0:5f
Jun 26 15:46:59 gtw01 dnsmasq-dhcp[17953]: DHCPACK(tap4b728202-3b) 192.168.120.4 fa:16:3e:52:c0:5f host-192-168-120-4
Jun 26 15:47:03 gtw01 dnsmasq-dhcp[17953]: DHCPDISCOVER(tap4b728202-3b) fa:16:3e:d7:26:38
Jun 26 15:47:03 gtw01 dnsmasq-dhcp[17953]: DHCPOFFER(tap4b728202-3b) 192.168.120.6 fa:16:3e:d7:26:38
Jun 26 15:47:04 gtw01 dnsmasq-dhcp[17953]: DHCPREQUEST(tap4b728202-3b) 192.168.120.6 fa:16:3e:d7:26:38
Jun 26 15:47:04 gtw01 dnsmasq-dhcp[17953]: DHCPACK(tap4b728202-3b) 192.168.120.6 fa:16:3e:d7:26:38 host-192-168-120-6
Jun 26 15:47:11 gtw01 dnsmasq[17953]: read /var/lib/neutron/dhcp/08aefdb8-b1ee-403c-a711-680217fa0635/addn_hosts - 9 addresses
Jun 26 15:47:11 gtw01 dnsmasq-dhcp[17953]: read /var/lib/neutron/dhcp/08aefdb8-b1ee-403c-a711-680217fa0635/host
Jun 26 15:47:11 gtw01 dnsmasq-dhcp[17953]: read /var/lib/neutron/dhcp/08aefdb8-b1ee-403c-a711-680217fa0635/opts
Jun 26 15:47:12 gtw01 dnsmasq[17953]: read /var/lib/neutron/dhcp/08aefdb8-b1ee-403c-a711-680217fa0635/addn_hosts - 9 addresses
Jun 26 15:47:12 gtw01 dnsmasq-dhcp[17953]: read /var/lib/neutron/dhcp/08aefdb8-b1ee-403c-a711-680217fa0635/host
Jun 26 15:47:12 gtw01 dnsmasq-dhcp[17953]: read /var/lib/neutron/dhcp/08aefdb8-b1ee-403c-a711-680217fa0635/opts
Jun 26 15:47:13 gtw01 dnsmasq[17953]: read /var/lib/neutron/dhcp/08aefdb8-b1ee-403c-a711-680217fa0635/addn_hosts - 9 addresses
Jun 26 15:47:13 gtw01 dnsmasq-dhcp[17953]: read /var/lib/neutron/dhcp/08aefdb8-b1ee-403c-a711-680217fa0635/host
Jun 26 15:47:13 gtw01 dnsmasq-dhcp[17953]: read /var/lib/neutron/dhcp/08aefdb8-b1ee-403c-a711-680217fa0635/opts
Jun 26 15:47:19 gtw01 dnsmasq-dhcp[17953]: DHCPDISCOVER(tap4b728202-3b) fa:16:3e:bb:fa:a3
Jun 26 15:47:19 gtw01 dnsmasq-dhcp[17953]: DHCPOFFER(tap4b728202-3b) 192.168.120.14 fa:16:3e:bb:fa:a3
Jun 26 15:47:19 gtw01 dnsmasq-dhcp[17953]: DHCPREQUEST(tap4b728202-3b) 192.168.120.14 fa:16:3e:bb:fa:a3
Jun 26 15:47:19 gtw01 dnsmasq-dhcp[17953]: DHCPACK(tap4b728202-3b) 192.168.120.14 fa:16:3e:bb:fa:a3 host-192-168-120-14
Jun 26 15:47:24 gtw01 dnsmasq-dhcp[17953]: DHCPRELEASE(tap4b728202-3b) 192.168.120.5 fa:16:3e:39:18:b7
Jun 26 15:47:24 gtw01 dnsmasq-dhcp[17953]: DHCPRELEASE(tap4b728202-3b) 192.168.120.5 fa:16:3e:39:18:b7 unknown lease
Jun 26 15:47:25 gtw01 dnsmasq[17953]: read /var/lib/neutron/dhcp/08aefdb8-b1ee-403c-a711-680217fa0635/addn_hosts - 8 addresses
Jun 26 15:47:25 gtw01 dnsmasq-dhcp[17953]: read /var/lib/neutron/dhcp/08aefdb8-b1ee-403c-a711-680217fa0635/host
Jun 26 15:47:25 gtw01 dnsmasq-dhcp[17953]: read /var/lib/neutron/dhcp/08aefdb8-b1ee-403c-a711-680217fa0635/opts
Jun 26 15:47:28 gtw01 dnsmasq[17953]: read /var/lib/neutron/dhcp/08aefdb8-b1ee-403c-a711-680217fa0635/addn_hosts - 7 addresses
Jun 26 15:47:28 gtw01 dnsmasq-dhcp[17953]: read /var/lib/neutron/dhcp/08aefdb8-b1ee-403c-a711-680217fa0635/host
Jun 26 15:47:28 gtw01 dnsmasq-dhcp[17953]: read /var/lib/neutron/dhcp/08aefdb8-b1ee-403c-a711-680217fa0635/opts
Jun 26 15:47:32 gtw01 dnsmasq-dhcp[17953]: DHCPRELEASE(tap4b728202-3b) 192.168.120.4 fa:16:3e:52:c0:5f
Jun 26 15:47:32 gtw01 dnsmasq-dhcp[17953]: DHCPRELEASE(tap4b728202-3b) 192.168.120.4 fa:16:3e:52:c0:5f unknown lease
Jun 26 15:47:33 gtw01 dnsmasq[17953]: read /var/lib/neutron/dhcp/08aefdb8-b1ee-403c-a711-680217fa0635/addn_hosts - 6 addresses
Jun 26 15:47:33 gtw01 dnsmasq-dhcp[17953]: read /var/lib/neutron/dhcp/08aefdb8-b1ee-403c-a711-680217fa0635/host
Jun 26 15:47:33 gtw01 dnsmasq-dhcp[17953]: read /var/lib/neutron/dhcp/08aefdb8-b1ee-403c-a711-680217fa0635/opts
