Jun 26 15:56:17 gtw01 dnsmasq-dhcp[23086]: DHCPDISCOVER(tapf828473c-c7) fa:16:3e:ed:f6:cc
Jun 26 15:56:17 gtw01 dnsmasq-dhcp[23086]: DHCPOFFER(tapf828473c-c7) 192.168.120.3 fa:16:3e:ed:f6:cc
Jun 26 15:56:17 gtw01 dnsmasq-dhcp[23086]: DHCPREQUEST(tapf828473c-c7) 192.168.120.3 fa:16:3e:ed:f6:cc
Jun 26 15:56:17 gtw01 dnsmasq-dhcp[23086]: DHCPACK(tapf828473c-c7) 192.168.120.3 fa:16:3e:ed:f6:cc host-192-168-120-3
Jun 26 15:56:18 gtw01 kernel: [ 7451.251284] device tap22de59f3-b1 left promiscuous mode
Jun 26 15:56:19 gtw01 dnsmasq-dhcp[24248]: DHCPDISCOVER(tap71413419-da) fa:16:3e:37:e3:de
Jun 26 15:56:19 gtw01 dnsmasq-dhcp[24248]: DHCPOFFER(tap71413419-da) 192.168.120.6 fa:16:3e:37:e3:de
Jun 26 15:56:19 gtw01 dnsmasq-dhcp[24248]: DHCPREQUEST(tap71413419-da) 192.168.120.6 fa:16:3e:37:e3:de
Jun 26 15:56:19 gtw01 dnsmasq-dhcp[24248]: DHCPACK(tap71413419-da) 192.168.120.6 fa:16:3e:37:e3:de host-192-168-120-6
Jun 26 15:56:22 gtw01 kernel: [ 7455.207816] device tap01981556-7d entered promiscuous mode
Jun 26 15:56:22 gtw01 systemd-udevd[24550]: Could not generate persistent MAC address for tap01981556-7d: No such file or directory
Jun 26 15:56:22 gtw01 systemd-udevd[24550]: Process '/sbin/ip link set tap01981556-7d txqueuelen 10000' failed with exit code 1.
Jun 26 15:56:22 gtw01 systemd-udevd[24624]: Process '/sbin/ip link set tap01981556-7d txqueuelen 10000' failed with exit code 1.
Jun 26 15:56:24 gtw01 dnsmasq[24248]: read /var/lib/neutron/dhcp/3ffbfae1-79c1-4e6c-82cd-d0f919e46b17/addn_hosts - 4 addresses
Jun 26 15:56:24 gtw01 dnsmasq-dhcp[24248]: read /var/lib/neutron/dhcp/3ffbfae1-79c1-4e6c-82cd-d0f919e46b17/host
Jun 26 15:56:24 gtw01 dnsmasq-dhcp[24248]: read /var/lib/neutron/dhcp/3ffbfae1-79c1-4e6c-82cd-d0f919e46b17/opts
Jun 26 15:56:25 gtw01 dnsmasq[24701]: started, version 2.80 cachesize 150
Jun 26 15:56:25 gtw01 dnsmasq[24701]: DNS service limited to local subnets
Jun 26 15:56:25 gtw01 dnsmasq[24701]: compile time options: IPv6 GNU-getopt DBus i18n IDN DHCP DHCPv6 no-Lua TFTP conntrack ipset auth DNSSEC loop-detect inotify dumpfile
Jun 26 15:56:25 gtw01 dnsmasq[24701]: warning: no upstream servers configured
Jun 26 15:56:25 gtw01 dnsmasq-dhcp[24701]: DHCP, static leases only on 192.168.120.0, lease time 1h
Jun 26 15:56:25 gtw01 dnsmasq[24701]: read /var/lib/neutron/dhcp/24824355-a05a-41ee-a47d-6e6895b3a197/addn_hosts - 1 addresses
Jun 26 15:56:25 gtw01 dnsmasq-dhcp[24701]: read /var/lib/neutron/dhcp/24824355-a05a-41ee-a47d-6e6895b3a197/host
Jun 26 15:56:25 gtw01 dnsmasq-dhcp[24701]: read /var/lib/neutron/dhcp/24824355-a05a-41ee-a47d-6e6895b3a197/opts
Jun 26 15:56:26 gtw01 haproxy-metadata-proxy-24824355-a05a-41ee-a47d-6e6895b3a197[24705]: Proxy listener started.
Jun 26 15:56:26 gtw01 dnsmasq[24701]: read /var/lib/neutron/dhcp/24824355-a05a-41ee-a47d-6e6895b3a197/addn_hosts - 2 addresses
Jun 26 15:56:26 gtw01 dnsmasq-dhcp[24701]: read /var/lib/neutron/dhcp/24824355-a05a-41ee-a47d-6e6895b3a197/host
Jun 26 15:56:26 gtw01 dnsmasq-dhcp[24701]: read /var/lib/neutron/dhcp/24824355-a05a-41ee-a47d-6e6895b3a197/opts
Jun 26 15:56:27 gtw01 dnsmasq[24701]: read /var/lib/neutron/dhcp/24824355-a05a-41ee-a47d-6e6895b3a197/addn_hosts - 2 addresses
Jun 26 15:56:27 gtw01 dnsmasq-dhcp[24701]: read /var/lib/neutron/dhcp/24824355-a05a-41ee-a47d-6e6895b3a197/host
Jun 26 15:56:27 gtw01 dnsmasq-dhcp[24701]: read /var/lib/neutron/dhcp/24824355-a05a-41ee-a47d-6e6895b3a197/opts
Jun 26 15:56:28 gtw01 dnsmasq[23086]: read /var/lib/neutron/dhcp/c7ccaa80-08b6-4ec7-8b6f-c576a7734878/addn_hosts - 4 addresses
Jun 26 15:56:28 gtw01 dnsmasq-dhcp[23086]: read /var/lib/neutron/dhcp/c7ccaa80-08b6-4ec7-8b6f-c576a7734878/host
Jun 26 15:56:28 gtw01 dnsmasq-dhcp[23086]: read /var/lib/neutron/dhcp/c7ccaa80-08b6-4ec7-8b6f-c576a7734878/opts
Jun 26 15:56:28 gtw01 dnsmasq[24701]: read /var/lib/neutron/dhcp/24824355-a05a-41ee-a47d-6e6895b3a197/addn_hosts - 2 addresses
Jun 26 15:56:28 gtw01 dnsmasq-dhcp[24701]: read /var/lib/neutron/dhcp/24824355-a05a-41ee-a47d-6e6895b3a197/host
Jun 26 15:56:28 gtw01 dnsmasq-dhcp[24701]: read /var/lib/neutron/dhcp/24824355-a05a-41ee-a47d-6e6895b3a197/opts
Jun 26 15:56:29 gtw01 dnsmasq[24248]: read /var/lib/neutron/dhcp/3ffbfae1-79c1-4e6c-82cd-d0f919e46b17/addn_hosts - 3 addresses
Jun 26 15:56:29 gtw01 dnsmasq-dhcp[24248]: read /var/lib/neutron/dhcp/3ffbfae1-79c1-4e6c-82cd-d0f919e46b17/host
Jun 26 15:56:29 gtw01 dnsmasq-dhcp[24248]: read /var/lib/neutron/dhcp/3ffbfae1-79c1-4e6c-82cd-d0f919e46b17/opts
Jun 26 15:56:29 gtw01 dnsmasq[23086]: read /var/lib/neutron/dhcp/c7ccaa80-08b6-4ec7-8b6f-c576a7734878/addn_hosts - 4 addresses
Jun 26 15:56:29 gtw01 dnsmasq-dhcp[23086]: read /var/lib/neutron/dhcp/c7ccaa80-08b6-4ec7-8b6f-c576a7734878/host
Jun 26 15:56:29 gtw01 dnsmasq-dhcp[23086]: read /var/lib/neutron/dhcp/c7ccaa80-08b6-4ec7-8b6f-c576a7734878/opts
Jun 26 15:56:30 gtw01 dnsmasq[24701]: read /var/lib/neutron/dhcp/24824355-a05a-41ee-a47d-6e6895b3a197/addn_hosts - 2 addresses
Jun 26 15:56:30 gtw01 dnsmasq-dhcp[24701]: read /var/lib/neutron/dhcp/24824355-a05a-41ee-a47d-6e6895b3a197/host
Jun 26 15:56:30 gtw01 dnsmasq-dhcp[24701]: read /var/lib/neutron/dhcp/24824355-a05a-41ee-a47d-6e6895b3a197/opts
Jun 26 15:56:30 gtw01 dnsmasq[23086]: read /var/lib/neutron/dhcp/c7ccaa80-08b6-4ec7-8b6f-c576a7734878/addn_hosts - 4 addresses
Jun 26 15:56:30 gtw01 dnsmasq-dhcp[23086]: read /var/lib/neutron/dhcp/c7ccaa80-08b6-4ec7-8b6f-c576a7734878/host
Jun 26 15:56:30 gtw01 dnsmasq-dhcp[23086]: read /var/lib/neutron/dhcp/c7ccaa80-08b6-4ec7-8b6f-c576a7734878/opts
Jun 26 15:56:31 gtw01 dnsmasq[24701]: read /var/lib/neutron/dhcp/24824355-a05a-41ee-a47d-6e6895b3a197/addn_hosts - 2 addresses
Jun 26 15:56:31 gtw01 dnsmasq-dhcp[24701]: read /var/lib/neutron/dhcp/24824355-a05a-41ee-a47d-6e6895b3a197/host
Jun 26 15:56:31 gtw01 dnsmasq-dhcp[24701]: read /var/lib/neutron/dhcp/24824355-a05a-41ee-a47d-6e6895b3a197/opts
Jun 26 15:56:32 gtw01 dnsmasq[24701]: read /var/lib/neutron/dhcp/24824355-a05a-41ee-a47d-6e6895b3a197/addn_hosts - 3 addresses
Jun 26 15:56:32 gtw01 dnsmasq-dhcp[24701]: read /var/lib/neutron/dhcp/24824355-a05a-41ee-a47d-6e6895b3a197/host
Jun 26 15:56:32 gtw01 dnsmasq-dhcp[24701]: read /var/lib/neutron/dhcp/24824355-a05a-41ee-a47d-6e6895b3a197/opts
Jun 26 15:56:33 gtw01 dnsmasq-dhcp[24248]: DHCPRELEASE(tap71413419-da) 192.168.120.6 fa:16:3e:37:e3:de
Jun 26 15:56:33 gtw01 dnsmasq-dhcp[24248]: DHCPRELEASE(tap71413419-da) 192.168.120.6 fa:16:3e:37:e3:de unknown lease
Jun 26 15:56:33 gtw01 dnsmasq[24701]: read /var/lib/neutron/dhcp/24824355-a05a-41ee-a47d-6e6895b3a197/addn_hosts - 3 addresses
Jun 26 15:56:33 gtw01 dnsmasq-dhcp[24701]: read /var/lib/neutron/dhcp/24824355-a05a-41ee-a47d-6e6895b3a197/host
Jun 26 15:56:33 gtw01 dnsmasq-dhcp[24701]: read /var/lib/neutron/dhcp/24824355-a05a-41ee-a47d-6e6895b3a197/opts
Jun 26 15:56:34 gtw01 dnsmasq[24248]: read /var/lib/neutron/dhcp/3ffbfae1-79c1-4e6c-82cd-d0f919e46b17/addn_hosts - 2 addresses
Jun 26 15:56:34 gtw01 dnsmasq-dhcp[24248]: read /var/lib/neutron/dhcp/3ffbfae1-79c1-4e6c-82cd-d0f919e46b17/host
Jun 26 15:56:34 gtw01 dnsmasq-dhcp[24248]: read /var/lib/neutron/dhcp/3ffbfae1-79c1-4e6c-82cd-d0f919e46b17/opts
Jun 26 15:56:34 gtw01 dnsmasq[24701]: read /var/lib/neutron/dhcp/24824355-a05a-41ee-a47d-6e6895b3a197/addn_hosts - 3 addresses
Jun 26 15:56:34 gtw01 dnsmasq-dhcp[24701]: read /var/lib/neutron/dhcp/24824355-a05a-41ee-a47d-6e6895b3a197/host
Jun 26 15:56:34 gtw01 dnsmasq-dhcp[24701]: read /var/lib/neutron/dhcp/24824355-a05a-41ee-a47d-6e6895b3a197/opts
Jun 26 15:56:35 gtw01 dnsmasq[23086]: read /var/lib/neutron/dhcp/c7ccaa80-08b6-4ec7-8b6f-c576a7734878/addn_hosts - 5 addresses
Jun 26 15:56:35 gtw01 dnsmasq-dhcp[23086]: read /var/lib/neutron/dhcp/c7ccaa80-08b6-4ec7-8b6f-c576a7734878/host
Jun 26 15:56:35 gtw01 dnsmasq-dhcp[23086]: read /var/lib/neutron/dhcp/c7ccaa80-08b6-4ec7-8b6f-c576a7734878/opts
Jun 26 15:56:36 gtw01 dnsmasq[23086]: read /var/lib/neutron/dhcp/c7ccaa80-08b6-4ec7-8b6f-c576a7734878/addn_hosts - 5 addresses
Jun 26 15:56:36 gtw01 dnsmasq-dhcp[23086]: read /var/lib/neutron/dhcp/c7ccaa80-08b6-4ec7-8b6f-c576a7734878/host
Jun 26 15:56:36 gtw01 dnsmasq-dhcp[23086]: read /var/lib/neutron/dhcp/c7ccaa80-08b6-4ec7-8b6f-c576a7734878/opts
Jun 26 15:56:37 gtw01 dnsmasq[23086]: read /var/lib/neutron/dhcp/c7ccaa80-08b6-4ec7-8b6f-c576a7734878/addn_hosts - 5 addresses
Jun 26 15:56:37 gtw01 dnsmasq-dhcp[23086]: read /var/lib/neutron/dhcp/c7ccaa80-08b6-4ec7-8b6f-c576a7734878/host
Jun 26 15:56:37 gtw01 dnsmasq-dhcp[23086]: read /var/lib/neutron/dhcp/c7ccaa80-08b6-4ec7-8b6f-c576a7734878/opts
Jun 26 15:56:38 gtw01 dnsmasq[24248]: read /var/lib/neutron/dhcp/3ffbfae1-79c1-4e6c-82cd-d0f919e46b17/addn_hosts - 1 addresses
Jun 26 15:56:38 gtw01 dnsmasq-dhcp[24248]: read /var/lib/neutron/dhcp/3ffbfae1-79c1-4e6c-82cd-d0f919e46b17/host
Jun 26 15:56:38 gtw01 dnsmasq-dhcp[24248]: read /var/lib/neutron/dhcp/3ffbfae1-79c1-4e6c-82cd-d0f919e46b17/opts
Jun 26 15:56:42 gtw01 dnsmasq[23086]: read /var/lib/neutron/dhcp/c7ccaa80-08b6-4ec7-8b6f-c576a7734878/addn_hosts - 4 addresses
Jun 26 15:56:42 gtw01 dnsmasq-dhcp[23086]: read /var/lib/neutron/dhcp/c7ccaa80-08b6-4ec7-8b6f-c576a7734878/host
Jun 26 15:56:42 gtw01 dnsmasq-dhcp[23086]: read /var/lib/neutron/dhcp/c7ccaa80-08b6-4ec7-8b6f-c576a7734878/opts
Jun 26 15:56:43 gtw01 dnsmasq[23086]: read /var/lib/neutron/dhcp/c7ccaa80-08b6-4ec7-8b6f-c576a7734878/addn_hosts - 3 addresses
Jun 26 15:56:43 gtw01 dnsmasq-dhcp[23086]: read /var/lib/neutron/dhcp/c7ccaa80-08b6-4ec7-8b6f-c576a7734878/host
Jun 26 15:56:43 gtw01 dnsmasq-dhcp[23086]: read /var/lib/neutron/dhcp/c7ccaa80-08b6-4ec7-8b6f-c576a7734878/opts
Jun 26 15:56:45 gtw01 kernel: [ 7478.127460] device tap71413419-da left promiscuous mode
Jun 26 15:56:47 gtw01 dnsmasq-dhcp[24701]: DHCPDISCOVER(tap01981556-7d) fa:16:3e:f3:5c:a4
Jun 26 15:56:47 gtw01 dnsmasq-dhcp[24701]: DHCPOFFER(tap01981556-7d) 192.168.120.4 fa:16:3e:f3:5c:a4
Jun 26 15:56:47 gtw01 dnsmasq-dhcp[24701]: DHCPREQUEST(tap01981556-7d) 192.168.120.4 fa:16:3e:f3:5c:a4
Jun 26 15:56:47 gtw01 dnsmasq-dhcp[24701]: DHCPACK(tap01981556-7d) 192.168.120.4 fa:16:3e:f3:5c:a4 host-192-168-120-4
Jun 26 15:56:50 gtw01 dnsmasq-dhcp[23086]: DHCPRELEASE(tapf828473c-c7) 192.168.120.3 fa:16:3e:ed:f6:cc
Jun 26 15:56:50 gtw01 dnsmasq-dhcp[23086]: DHCPRELEASE(tapf828473c-c7) 192.168.120.3 fa:16:3e:ed:f6:cc unknown lease
Jun 26 15:56:51 gtw01 dnsmasq[23086]: read /var/lib/neutron/dhcp/c7ccaa80-08b6-4ec7-8b6f-c576a7734878/addn_hosts - 2 addresses
Jun 26 15:56:51 gtw01 dnsmasq-dhcp[23086]: read /var/lib/neutron/dhcp/c7ccaa80-08b6-4ec7-8b6f-c576a7734878/host
Jun 26 15:56:51 gtw01 dnsmasq-dhcp[23086]: read /var/lib/neutron/dhcp/c7ccaa80-08b6-4ec7-8b6f-c576a7734878/opts
Jun 26 15:56:53 gtw01 dnsmasq[23086]: read /var/lib/neutron/dhcp/c7ccaa80-08b6-4ec7-8b6f-c576a7734878/addn_hosts - 3 addresses
Jun 26 15:56:53 gtw01 dnsmasq-dhcp[23086]: read /var/lib/neutron/dhcp/c7ccaa80-08b6-4ec7-8b6f-c576a7734878/host
Jun 26 15:56:53 gtw01 dnsmasq-dhcp[23086]: read /var/lib/neutron/dhcp/c7ccaa80-08b6-4ec7-8b6f-c576a7734878/opts
Jun 26 15:57:00 gtw01 dnsmasq[23086]: read /var/lib/neutron/dhcp/c7ccaa80-08b6-4ec7-8b6f-c576a7734878/addn_hosts - 4 addresses
Jun 26 15:57:00 gtw01 dnsmasq-dhcp[23086]: read /var/lib/neutron/dhcp/c7ccaa80-08b6-4ec7-8b6f-c576a7734878/host
Jun 26 15:57:00 gtw01 dnsmasq-dhcp[23086]: read /var/lib/neutron/dhcp/c7ccaa80-08b6-4ec7-8b6f-c576a7734878/opts
Jun 26 15:57:00 gtw01 dnsmasq-dhcp[24701]: DHCPRELEASE(tap01981556-7d) 192.168.120.4 fa:16:3e:f3:5c:a4
Jun 26 15:57:01 gtw01 dnsmasq[23086]: read /var/lib/neutron/dhcp/c7ccaa80-08b6-4ec7-8b6f-c576a7734878/addn_hosts - 4 addresses
Jun 26 15:57:01 gtw01 dnsmasq-dhcp[23086]: read /var/lib/neutron/dhcp/c7ccaa80-08b6-4ec7-8b6f-c576a7734878/host
Jun 26 15:57:01 gtw01 dnsmasq-dhcp[23086]: read /var/lib/neutron/dhcp/c7ccaa80-08b6-4ec7-8b6f-c576a7734878/opts
Jun 26 15:57:01 gtw01 dnsmasq[17953]: read /var/lib/neutron/dhcp/08aefdb8-b1ee-403c-a711-680217fa0635/addn_hosts - 3 addresses
Jun 26 15:57:01 gtw01 dnsmasq-dhcp[17953]: read /var/lib/neutron/dhcp/08aefdb8-b1ee-403c-a711-680217fa0635/host
Jun 26 15:57:01 gtw01 dnsmasq-dhcp[17953]: read /var/lib/neutron/dhcp/08aefdb8-b1ee-403c-a711-680217fa0635/opts
Jun 26 15:57:01 gtw01 dnsmasq-dhcp[24701]: DHCPRELEASE(tap01981556-7d) 192.168.120.4 fa:16:3e:f3:5c:a4 unknown lease
Jun 26 15:57:02 gtw01 dnsmasq[23086]: read /var/lib/neutron/dhcp/c7ccaa80-08b6-4ec7-8b6f-c576a7734878/addn_hosts - 4 addresses
Jun 26 15:57:02 gtw01 dnsmasq-dhcp[23086]: read /var/lib/neutron/dhcp/c7ccaa80-08b6-4ec7-8b6f-c576a7734878/host
Jun 26 15:57:02 gtw01 dnsmasq-dhcp[23086]: read /var/lib/neutron/dhcp/c7ccaa80-08b6-4ec7-8b6f-c576a7734878/opts
Jun 26 15:57:02 gtw01 dnsmasq[24701]: read /var/lib/neutron/dhcp/24824355-a05a-41ee-a47d-6e6895b3a197/addn_hosts - 2 addresses
Jun 26 15:57:02 gtw01 dnsmasq-dhcp[24701]: read /var/lib/neutron/dhcp/24824355-a05a-41ee-a47d-6e6895b3a197/host
Jun 26 15:57:02 gtw01 dnsmasq-dhcp[24701]: read /var/lib/neutron/dhcp/24824355-a05a-41ee-a47d-6e6895b3a197/opts
Jun 26 15:57:02 gtw01 dnsmasq[17953]: read /var/lib/neutron/dhcp/08aefdb8-b1ee-403c-a711-680217fa0635/addn_hosts - 3 addresses
Jun 26 15:57:02 gtw01 dnsmasq-dhcp[17953]: read /var/lib/neutron/dhcp/08aefdb8-b1ee-403c-a711-680217fa0635/host
Jun 26 15:57:02 gtw01 dnsmasq-dhcp[17953]: read /var/lib/neutron/dhcp/08aefdb8-b1ee-403c-a711-680217fa0635/opts
Jun 26 15:57:03 gtw01 dnsmasq[17953]: read /var/lib/neutron/dhcp/08aefdb8-b1ee-403c-a711-680217fa0635/addn_hosts - 3 addresses
Jun 26 15:57:03 gtw01 dnsmasq-dhcp[17953]: read /var/lib/neutron/dhcp/08aefdb8-b1ee-403c-a711-680217fa0635/host
Jun 26 15:57:03 gtw01 dnsmasq-dhcp[17953]: read /var/lib/neutron/dhcp/08aefdb8-b1ee-403c-a711-680217fa0635/opts
Jun 26 15:57:05 gtw01 dnsmasq[24701]: read /var/lib/neutron/dhcp/24824355-a05a-41ee-a47d-6e6895b3a197/addn_hosts - 1 addresses
Jun 26 15:57:05 gtw01 dnsmasq-dhcp[24701]: read /var/lib/neutron/dhcp/24824355-a05a-41ee-a47d-6e6895b3a197/host
Jun 26 15:57:05 gtw01 dnsmasq-dhcp[24701]: read /var/lib/neutron/dhcp/24824355-a05a-41ee-a47d-6e6895b3a197/opts
Jun 26 15:57:10 gtw01 kernel: [ 7502.754240] device tap01981556-7d left promiscuous mode
Jun 26 15:57:10 gtw01 dnsmasq[17953]: read /var/lib/neutron/dhcp/08aefdb8-b1ee-403c-a711-680217fa0635/addn_hosts - 2 addresses
Jun 26 15:57:10 gtw01 dnsmasq-dhcp[17953]: read /var/lib/neutron/dhcp/08aefdb8-b1ee-403c-a711-680217fa0635/host
Jun 26 15:57:10 gtw01 dnsmasq-dhcp[17953]: read /var/lib/neutron/dhcp/08aefdb8-b1ee-403c-a711-680217fa0635/opts
Jun 26 15:57:12 gtw01 dnsmasq[23086]: read /var/lib/neutron/dhcp/c7ccaa80-08b6-4ec7-8b6f-c576a7734878/addn_hosts - 5 addresses
Jun 26 15:57:12 gtw01 dnsmasq-dhcp[23086]: read /var/lib/neutron/dhcp/c7ccaa80-08b6-4ec7-8b6f-c576a7734878/host
Jun 26 15:57:12 gtw01 dnsmasq-dhcp[23086]: read /var/lib/neutron/dhcp/c7ccaa80-08b6-4ec7-8b6f-c576a7734878/opts
Jun 26 15:57:13 gtw01 dnsmasq[23086]: read /var/lib/neutron/dhcp/c7ccaa80-08b6-4ec7-8b6f-c576a7734878/addn_hosts - 5 addresses
Jun 26 15:57:13 gtw01 dnsmasq-dhcp[23086]: read /var/lib/neutron/dhcp/c7ccaa80-08b6-4ec7-8b6f-c576a7734878/host
Jun 26 15:57:13 gtw01 dnsmasq-dhcp[23086]: read /var/lib/neutron/dhcp/c7ccaa80-08b6-4ec7-8b6f-c576a7734878/opts
Jun 26 15:57:14 gtw01 dnsmasq[23086]: read /var/lib/neutron/dhcp/c7ccaa80-08b6-4ec7-8b6f-c576a7734878/addn_hosts - 5 addresses
Jun 26 15:57:14 gtw01 dnsmasq-dhcp[23086]: read /var/lib/neutron/dhcp/c7ccaa80-08b6-4ec7-8b6f-c576a7734878/host
Jun 26 15:57:14 gtw01 dnsmasq-dhcp[23086]: read /var/lib/neutron/dhcp/c7ccaa80-08b6-4ec7-8b6f-c576a7734878/opts
Jun 26 15:57:15 gtw01 dnsmasq-dhcp[23086]: DHCPDISCOVER(tapf828473c-c7) fa:16:3e:49:bc:c4
Jun 26 15:57:15 gtw01 dnsmasq-dhcp[23086]: DHCPOFFER(tapf828473c-c7) 192.168.120.3 fa:16:3e:49:bc:c4
Jun 26 15:57:15 gtw01 dnsmasq-dhcp[23086]: DHCPREQUEST(tapf828473c-c7) 192.168.120.3 fa:16:3e:49:bc:c4
Jun 26 15:57:15 gtw01 dnsmasq-dhcp[23086]: DHCPACK(tapf828473c-c7) 192.168.120.3 fa:16:3e:49:bc:c4 host-192-168-120-3
Jun 26 15:57:16 gtw01 dnsmasq[17953]: read /var/lib/neutron/dhcp/08aefdb8-b1ee-403c-a711-680217fa0635/addn_hosts - 3 addresses
Jun 26 15:57:16 gtw01 dnsmasq-dhcp[17953]: read /var/lib/neutron/dhcp/08aefdb8-b1ee-403c-a711-680217fa0635/host
Jun 26 15:57:16 gtw01 dnsmasq-dhcp[17953]: read /var/lib/neutron/dhcp/08aefdb8-b1ee-403c-a711-680217fa0635/opts
Jun 26 15:57:17 gtw01 dnsmasq[17953]: read /var/lib/neutron/dhcp/08aefdb8-b1ee-403c-a711-680217fa0635/addn_hosts - 3 addresses
Jun 26 15:57:17 gtw01 dnsmasq-dhcp[17953]: read /var/lib/neutron/dhcp/08aefdb8-b1ee-403c-a711-680217fa0635/host
Jun 26 15:57:17 gtw01 dnsmasq-dhcp[17953]: read /var/lib/neutron/dhcp/08aefdb8-b1ee-403c-a711-680217fa0635/opts
Jun 26 15:57:18 gtw01 dnsmasq[17953]: read /var/lib/neutron/dhcp/08aefdb8-b1ee-403c-a711-680217fa0635/addn_hosts - 3 addresses
Jun 26 15:57:18 gtw01 dnsmasq-dhcp[17953]: read /var/lib/neutron/dhcp/08aefdb8-b1ee-403c-a711-680217fa0635/host
Jun 26 15:57:18 gtw01 dnsmasq-dhcp[17953]: read /var/lib/neutron/dhcp/08aefdb8-b1ee-403c-a711-680217fa0635/opts
Jun 26 15:57:20 gtw01 dnsmasq[17953]: read /var/lib/neutron/dhcp/08aefdb8-b1ee-403c-a711-680217fa0635/addn_hosts - 4 addresses
Jun 26 15:57:20 gtw01 dnsmasq-dhcp[17953]: read /var/lib/neutron/dhcp/08aefdb8-b1ee-403c-a711-680217fa0635/host
Jun 26 15:57:20 gtw01 dnsmasq-dhcp[17953]: read /var/lib/neutron/dhcp/08aefdb8-b1ee-403c-a711-680217fa0635/opts
Jun 26 15:57:21 gtw01 dnsmasq[17953]: read /var/lib/neutron/dhcp/08aefdb8-b1ee-403c-a711-680217fa0635/addn_hosts - 4 addresses
Jun 26 15:57:21 gtw01 dnsmasq-dhcp[17953]: read /var/lib/neutron/dhcp/08aefdb8-b1ee-403c-a711-680217fa0635/host
Jun 26 15:57:21 gtw01 dnsmasq-dhcp[17953]: read /var/lib/neutron/dhcp/08aefdb8-b1ee-403c-a711-680217fa0635/opts
Jun 26 15:57:22 gtw01 dnsmasq[17953]: read /var/lib/neutron/dhcp/08aefdb8-b1ee-403c-a711-680217fa0635/addn_hosts - 4 addresses
Jun 26 15:57:22 gtw01 dnsmasq-dhcp[17953]: read /var/lib/neutron/dhcp/08aefdb8-b1ee-403c-a711-680217fa0635/host
Jun 26 15:57:22 gtw01 dnsmasq-dhcp[17953]: read /var/lib/neutron/dhcp/08aefdb8-b1ee-403c-a711-680217fa0635/opts
Jun 26 15:57:27 gtw01 dnsmasq-dhcp[23086]: DHCPDISCOVER(tapf828473c-c7) fa:16:3e:2a:ed:c5
Jun 26 15:57:27 gtw01 dnsmasq-dhcp[23086]: DHCPOFFER(tapf828473c-c7) 192.168.120.11 fa:16:3e:2a:ed:c5
Jun 26 15:57:27 gtw01 dnsmasq-dhcp[23086]: DHCPREQUEST(tapf828473c-c7) 192.168.120.11 fa:16:3e:2a:ed:c5
Jun 26 15:57:27 gtw01 dnsmasq-dhcp[23086]: DHCPACK(tapf828473c-c7) 192.168.120.11 fa:16:3e:2a:ed:c5 host-192-168-120-11
Jun 26 15:57:31 gtw01 dnsmasq[17953]: read /var/lib/neutron/dhcp/08aefdb8-b1ee-403c-a711-680217fa0635/addn_hosts - 3 addresses
Jun 26 15:57:31 gtw01 dnsmasq-dhcp[17953]: read /var/lib/neutron/dhcp/08aefdb8-b1ee-403c-a711-680217fa0635/host
Jun 26 15:57:31 gtw01 dnsmasq-dhcp[17953]: read /var/lib/neutron/dhcp/08aefdb8-b1ee-403c-a711-680217fa0635/opts
Jun 26 15:57:34 gtw01 dnsmasq[17953]: read /var/lib/neutron/dhcp/08aefdb8-b1ee-403c-a711-680217fa0635/addn_hosts - 2 addresses
Jun 26 15:57:34 gtw01 dnsmasq-dhcp[17953]: read /var/lib/neutron/dhcp/08aefdb8-b1ee-403c-a711-680217fa0635/host
Jun 26 15:57:34 gtw01 dnsmasq-dhcp[17953]: read /var/lib/neutron/dhcp/08aefdb8-b1ee-403c-a711-680217fa0635/opts
Jun 26 15:57:36 gtw01 dnsmasq[23086]: read /var/lib/neutron/dhcp/c7ccaa80-08b6-4ec7-8b6f-c576a7734878/addn_hosts - 5 addresses
Jun 26 15:57:36 gtw01 dnsmasq-dhcp[23086]: read /var/lib/neutron/dhcp/c7ccaa80-08b6-4ec7-8b6f-c576a7734878/host
Jun 26 15:57:36 gtw01 dnsmasq-dhcp[23086]: read /var/lib/neutron/dhcp/c7ccaa80-08b6-4ec7-8b6f-c576a7734878/opts
Jun 26 15:57:37 gtw01 dnsmasq[23086]: read /var/lib/neutron/dhcp/c7ccaa80-08b6-4ec7-8b6f-c576a7734878/addn_hosts - 5 addresses
Jun 26 15:57:37 gtw01 dnsmasq-dhcp[23086]: read /var/lib/neutron/dhcp/c7ccaa80-08b6-4ec7-8b6f-c576a7734878/host
Jun 26 15:57:37 gtw01 dnsmasq-dhcp[23086]: read /var/lib/neutron/dhcp/c7ccaa80-08b6-4ec7-8b6f-c576a7734878/opts
Jun 26 15:57:41 gtw01 dnsmasq[23086]: read /var/lib/neutron/dhcp/c7ccaa80-08b6-4ec7-8b6f-c576a7734878/addn_hosts - 5 addresses
Jun 26 15:57:41 gtw01 dnsmasq-dhcp[23086]: read /var/lib/neutron/dhcp/c7ccaa80-08b6-4ec7-8b6f-c576a7734878/host
Jun 26 15:57:41 gtw01 dnsmasq-dhcp[23086]: read /var/lib/neutron/dhcp/c7ccaa80-08b6-4ec7-8b6f-c576a7734878/opts
Jun 26 15:57:42 gtw01 dnsmasq[17953]: read /var/lib/neutron/dhcp/08aefdb8-b1ee-403c-a711-680217fa0635/addn_hosts - 3 addresses
Jun 26 15:57:42 gtw01 dnsmasq-dhcp[17953]: read /var/lib/neutron/dhcp/08aefdb8-b1ee-403c-a711-680217fa0635/host
Jun 26 15:57:42 gtw01 dnsmasq-dhcp[17953]: read /var/lib/neutron/dhcp/08aefdb8-b1ee-403c-a711-680217fa0635/opts
Jun 26 15:57:43 gtw01 dnsmasq[17953]: read /var/lib/neutron/dhcp/08aefdb8-b1ee-403c-a711-680217fa0635/addn_hosts - 3 addresses
Jun 26 15:57:43 gtw01 dnsmasq-dhcp[17953]: read /var/lib/neutron/dhcp/08aefdb8-b1ee-403c-a711-680217fa0635/host
Jun 26 15:57:43 gtw01 dnsmasq-dhcp[17953]: read /var/lib/neutron/dhcp/08aefdb8-b1ee-403c-a711-680217fa0635/opts
Jun 26 15:57:44 gtw01 dnsmasq[17953]: read /var/lib/neutron/dhcp/08aefdb8-b1ee-403c-a711-680217fa0635/addn_hosts - 4 addresses
Jun 26 15:57:44 gtw01 dnsmasq-dhcp[17953]: read /var/lib/neutron/dhcp/08aefdb8-b1ee-403c-a711-680217fa0635/host
Jun 26 15:57:44 gtw01 dnsmasq-dhcp[17953]: read /var/lib/neutron/dhcp/08aefdb8-b1ee-403c-a711-680217fa0635/opts
Jun 26 15:57:45 gtw01 dnsmasq[17953]: read /var/lib/neutron/dhcp/08aefdb8-b1ee-403c-a711-680217fa0635/addn_hosts - 4 addresses
Jun 26 15:57:45 gtw01 dnsmasq-dhcp[17953]: read /var/lib/neutron/dhcp/08aefdb8-b1ee-403c-a711-680217fa0635/host
Jun 26 15:57:45 gtw01 dnsmasq-dhcp[17953]: read /var/lib/neutron/dhcp/08aefdb8-b1ee-403c-a711-680217fa0635/opts
Jun 26 15:57:46 gtw01 dnsmasq[17953]: read /var/lib/neutron/dhcp/08aefdb8-b1ee-403c-a711-680217fa0635/addn_hosts - 4 addresses
Jun 26 15:57:46 gtw01 dnsmasq-dhcp[17953]: read /var/lib/neutron/dhcp/08aefdb8-b1ee-403c-a711-680217fa0635/host
Jun 26 15:57:46 gtw01 dnsmasq-dhcp[17953]: read /var/lib/neutron/dhcp/08aefdb8-b1ee-403c-a711-680217fa0635/opts
Jun 26 15:57:47 gtw01 dnsmasq[17953]: read /var/lib/neutron/dhcp/08aefdb8-b1ee-403c-a711-680217fa0635/addn_hosts - 4 addresses
Jun 26 15:57:47 gtw01 dnsmasq-dhcp[17953]: read /var/lib/neutron/dhcp/08aefdb8-b1ee-403c-a711-680217fa0635/host
Jun 26 15:57:47 gtw01 dnsmasq-dhcp[17953]: read /var/lib/neutron/dhcp/08aefdb8-b1ee-403c-a711-680217fa0635/opts
Jun 26 15:57:50 gtw01 dnsmasq[17953]: read /var/lib/neutron/dhcp/08aefdb8-b1ee-403c-a711-680217fa0635/addn_hosts - 3 addresses
Jun 26 15:57:50 gtw01 dnsmasq-dhcp[17953]: read /var/lib/neutron/dhcp/08aefdb8-b1ee-403c-a711-680217fa0635/host
Jun 26 15:57:50 gtw01 dnsmasq-dhcp[17953]: read /var/lib/neutron/dhcp/08aefdb8-b1ee-403c-a711-680217fa0635/opts
Jun 26 15:57:55 gtw01 dnsmasq[17953]: read /var/lib/neutron/dhcp/08aefdb8-b1ee-403c-a711-680217fa0635/addn_hosts - 2 addresses
Jun 26 15:57:55 gtw01 dnsmasq-dhcp[17953]: read /var/lib/neutron/dhcp/08aefdb8-b1ee-403c-a711-680217fa0635/host
Jun 26 15:57:55 gtw01 dnsmasq-dhcp[17953]: read /var/lib/neutron/dhcp/08aefdb8-b1ee-403c-a711-680217fa0635/opts
Jun 26 15:57:58 gtw01 kernel: [ 7550.997389] device tapb239c1ee-ec entered promiscuous mode
Jun 26 15:57:58 gtw01 systemd-udevd[25603]: Process '/sbin/ip link set tapb239c1ee-ec txqueuelen 10000' failed with exit code 1.
Jun 26 15:57:58 gtw01 systemd-udevd[25603]: Process '/sbin/ip link set tapb239c1ee-ec txqueuelen 10000' failed with exit code 1.
Jun 26 15:57:59 gtw01 dnsmasq[17953]: read /var/lib/neutron/dhcp/08aefdb8-b1ee-403c-a711-680217fa0635/addn_hosts - 3 addresses
Jun 26 15:57:59 gtw01 dnsmasq-dhcp[17953]: read /var/lib/neutron/dhcp/08aefdb8-b1ee-403c-a711-680217fa0635/host
Jun 26 15:57:59 gtw01 dnsmasq-dhcp[17953]: read /var/lib/neutron/dhcp/08aefdb8-b1ee-403c-a711-680217fa0635/opts
Jun 26 15:58:00 gtw01 dnsmasq[17953]: read /var/lib/neutron/dhcp/08aefdb8-b1ee-403c-a711-680217fa0635/addn_hosts - 3 addresses
Jun 26 15:58:00 gtw01 dnsmasq-dhcp[17953]: read /var/lib/neutron/dhcp/08aefdb8-b1ee-403c-a711-680217fa0635/host
Jun 26 15:58:00 gtw01 dnsmasq-dhcp[17953]: read /var/lib/neutron/dhcp/08aefdb8-b1ee-403c-a711-680217fa0635/opts
Jun 26 15:58:01 gtw01 dnsmasq[25778]: started, version 2.80 cachesize 150
Jun 26 15:58:01 gtw01 dnsmasq[25778]: DNS service limited to local subnets
Jun 26 15:58:01 gtw01 dnsmasq[25778]: compile time options: IPv6 GNU-getopt DBus i18n IDN DHCP DHCPv6 no-Lua TFTP conntrack ipset auth DNSSEC loop-detect inotify dumpfile
Jun 26 15:58:01 gtw01 dnsmasq[25778]: warning: no upstream servers configured
Jun 26 15:58:01 gtw01 dnsmasq-dhcp[25778]: DHCP, static leases only on 192.168.120.0, lease time 1h
Jun 26 15:58:01 gtw01 dnsmasq[25778]: read /var/lib/neutron/dhcp/6a65ad1d-c9fc-460c-8573-51a0dbd1edbc/addn_hosts - 1 addresses
Jun 26 15:58:01 gtw01 dnsmasq-dhcp[25778]: read /var/lib/neutron/dhcp/6a65ad1d-c9fc-460c-8573-51a0dbd1edbc/host
Jun 26 15:58:01 gtw01 dnsmasq-dhcp[25778]: read /var/lib/neutron/dhcp/6a65ad1d-c9fc-460c-8573-51a0dbd1edbc/opts
Jun 26 15:58:01 gtw01 dnsmasq[17953]: read /var/lib/neutron/dhcp/08aefdb8-b1ee-403c-a711-680217fa0635/addn_hosts - 3 addresses
Jun 26 15:58:01 gtw01 dnsmasq-dhcp[17953]: read /var/lib/neutron/dhcp/08aefdb8-b1ee-403c-a711-680217fa0635/host
Jun 26 15:58:01 gtw01 dnsmasq-dhcp[17953]: read /var/lib/neutron/dhcp/08aefdb8-b1ee-403c-a711-680217fa0635/opts
Jun 26 15:58:01 gtw01 haproxy-metadata-proxy-6a65ad1d-c9fc-460c-8573-51a0dbd1edbc[25786]: Proxy listener started.
Jun 26 15:58:02 gtw01 dnsmasq[25778]: read /var/lib/neutron/dhcp/6a65ad1d-c9fc-460c-8573-51a0dbd1edbc/addn_hosts - 2 addresses
Jun 26 15:58:02 gtw01 dnsmasq-dhcp[25778]: read /var/lib/neutron/dhcp/6a65ad1d-c9fc-460c-8573-51a0dbd1edbc/host
Jun 26 15:58:02 gtw01 dnsmasq-dhcp[25778]: read /var/lib/neutron/dhcp/6a65ad1d-c9fc-460c-8573-51a0dbd1edbc/opts
Jun 26 15:58:03 gtw01 dnsmasq[25778]: read /var/lib/neutron/dhcp/6a65ad1d-c9fc-460c-8573-51a0dbd1edbc/addn_hosts - 2 addresses
Jun 26 15:58:03 gtw01 dnsmasq-dhcp[25778]: read /var/lib/neutron/dhcp/6a65ad1d-c9fc-460c-8573-51a0dbd1edbc/host
Jun 26 15:58:03 gtw01 dnsmasq-dhcp[25778]: read /var/lib/neutron/dhcp/6a65ad1d-c9fc-460c-8573-51a0dbd1edbc/opts
Jun 26 15:58:04 gtw01 dnsmasq[25778]: read /var/lib/neutron/dhcp/6a65ad1d-c9fc-460c-8573-51a0dbd1edbc/addn_hosts - 2 addresses
Jun 26 15:58:04 gtw01 dnsmasq-dhcp[25778]: read /var/lib/neutron/dhcp/6a65ad1d-c9fc-460c-8573-51a0dbd1edbc/host
Jun 26 15:58:04 gtw01 dnsmasq-dhcp[25778]: read /var/lib/neutron/dhcp/6a65ad1d-c9fc-460c-8573-51a0dbd1edbc/opts
Jun 26 15:58:05 gtw01 dnsmasq[25778]: read /var/lib/neutron/dhcp/6a65ad1d-c9fc-460c-8573-51a0dbd1edbc/addn_hosts - 3 addresses
Jun 26 15:58:05 gtw01 dnsmasq-dhcp[25778]: read /var/lib/neutron/dhcp/6a65ad1d-c9fc-460c-8573-51a0dbd1edbc/host
Jun 26 15:58:05 gtw01 dnsmasq-dhcp[25778]: read /var/lib/neutron/dhcp/6a65ad1d-c9fc-460c-8573-51a0dbd1edbc/opts
Jun 26 15:58:06 gtw01 dnsmasq[25778]: read /var/lib/neutron/dhcp/6a65ad1d-c9fc-460c-8573-51a0dbd1edbc/addn_hosts - 3 addresses
Jun 26 15:58:06 gtw01 dnsmasq-dhcp[25778]: read /var/lib/neutron/dhcp/6a65ad1d-c9fc-460c-8573-51a0dbd1edbc/host
Jun 26 15:58:06 gtw01 dnsmasq-dhcp[25778]: read /var/lib/neutron/dhcp/6a65ad1d-c9fc-460c-8573-51a0dbd1edbc/opts
Jun 26 15:58:07 gtw01 dnsmasq[25778]: read /var/lib/neutron/dhcp/6a65ad1d-c9fc-460c-8573-51a0dbd1edbc/addn_hosts - 3 addresses
Jun 26 15:58:07 gtw01 dnsmasq-dhcp[25778]: read /var/lib/neutron/dhcp/6a65ad1d-c9fc-460c-8573-51a0dbd1edbc/host
Jun 26 15:58:07 gtw01 dnsmasq-dhcp[25778]: read /var/lib/neutron/dhcp/6a65ad1d-c9fc-460c-8573-51a0dbd1edbc/opts
Jun 26 15:58:08 gtw01 dnsmasq[25778]: read /var/lib/neutron/dhcp/6a65ad1d-c9fc-460c-8573-51a0dbd1edbc/addn_hosts - 4 addresses
Jun 26 15:58:08 gtw01 dnsmasq-dhcp[25778]: read /var/lib/neutron/dhcp/6a65ad1d-c9fc-460c-8573-51a0dbd1edbc/host
Jun 26 15:58:08 gtw01 dnsmasq-dhcp[25778]: read /var/lib/neutron/dhcp/6a65ad1d-c9fc-460c-8573-51a0dbd1edbc/opts
Jun 26 15:58:09 gtw01 dnsmasq[25778]: read /var/lib/neutron/dhcp/6a65ad1d-c9fc-460c-8573-51a0dbd1edbc/addn_hosts - 4 addresses
Jun 26 15:58:09 gtw01 dnsmasq-dhcp[25778]: read /var/lib/neutron/dhcp/6a65ad1d-c9fc-460c-8573-51a0dbd1edbc/host
Jun 26 15:58:09 gtw01 dnsmasq-dhcp[25778]: read /var/lib/neutron/dhcp/6a65ad1d-c9fc-460c-8573-51a0dbd1edbc/opts
Jun 26 15:58:10 gtw01 dnsmasq[25778]: read /var/lib/neutron/dhcp/6a65ad1d-c9fc-460c-8573-51a0dbd1edbc/addn_hosts - 4 addresses
Jun 26 15:58:10 gtw01 dnsmasq-dhcp[25778]: read /var/lib/neutron/dhcp/6a65ad1d-c9fc-460c-8573-51a0dbd1edbc/host
Jun 26 15:58:10 gtw01 dnsmasq-dhcp[25778]: read /var/lib/neutron/dhcp/6a65ad1d-c9fc-460c-8573-51a0dbd1edbc/opts
Jun 26 15:58:11 gtw01 dnsmasq[25778]: read /var/lib/neutron/dhcp/6a65ad1d-c9fc-460c-8573-51a0dbd1edbc/addn_hosts - 4 addresses
Jun 26 15:58:11 gtw01 dnsmasq-dhcp[25778]: read /var/lib/neutron/dhcp/6a65ad1d-c9fc-460c-8573-51a0dbd1edbc/host
Jun 26 15:58:11 gtw01 dnsmasq-dhcp[25778]: read /var/lib/neutron/dhcp/6a65ad1d-c9fc-460c-8573-51a0dbd1edbc/opts
Jun 26 15:58:12 gtw01 dnsmasq[25778]: read /var/lib/neutron/dhcp/6a65ad1d-c9fc-460c-8573-51a0dbd1edbc/addn_hosts - 4 addresses
Jun 26 15:58:12 gtw01 dnsmasq-dhcp[25778]: read /var/lib/neutron/dhcp/6a65ad1d-c9fc-460c-8573-51a0dbd1edbc/host
Jun 26 15:58:12 gtw01 dnsmasq-dhcp[25778]: read /var/lib/neutron/dhcp/6a65ad1d-c9fc-460c-8573-51a0dbd1edbc/opts
Jun 26 15:58:13 gtw01 dnsmasq[25778]: read /var/lib/neutron/dhcp/6a65ad1d-c9fc-460c-8573-51a0dbd1edbc/addn_hosts - 4 addresses
Jun 26 15:58:13 gtw01 dnsmasq-dhcp[25778]: read /var/lib/neutron/dhcp/6a65ad1d-c9fc-460c-8573-51a0dbd1edbc/host
Jun 26 15:58:13 gtw01 dnsmasq-dhcp[25778]: read /var/lib/neutron/dhcp/6a65ad1d-c9fc-460c-8573-51a0dbd1edbc/opts
Jun 26 15:58:16 gtw01 dnsmasq-dhcp[17953]: DHCPDISCOVER(tap4b728202-3b) fa:16:3e:c1:42:fc
Jun 26 15:58:16 gtw01 dnsmasq-dhcp[17953]: DHCPOFFER(tap4b728202-3b) 192.168.120.3 fa:16:3e:c1:42:fc
Jun 26 15:58:16 gtw01 dnsmasq-dhcp[17953]: DHCPREQUEST(tap4b728202-3b) 192.168.120.3 fa:16:3e:c1:42:fc
Jun 26 15:58:16 gtw01 dnsmasq-dhcp[17953]: DHCPACK(tap4b728202-3b) 192.168.120.3 fa:16:3e:c1:42:fc host-192-168-120-3
Jun 26 15:58:17 gtw01 dnsmasq-dhcp[25778]: DHCPDISCOVER(tapb239c1ee-ec) fa:16:3e:99:d6:a8
Jun 26 15:58:17 gtw01 dnsmasq-dhcp[25778]: DHCPOFFER(tapb239c1ee-ec) 192.168.120.5 fa:16:3e:99:d6:a8
Jun 26 15:58:17 gtw01 dnsmasq-dhcp[25778]: DHCPREQUEST(tapb239c1ee-ec) 192.168.120.5 fa:16:3e:99:d6:a8
Jun 26 15:58:17 gtw01 dnsmasq-dhcp[25778]: DHCPACK(tapb239c1ee-ec) 192.168.120.5 fa:16:3e:99:d6:a8 host-192-168-120-5
Jun 26 15:58:17 gtw01 dnsmasq-dhcp[17953]: DHCPRELEASE(tap4b728202-3b) 192.168.120.3 fa:16:3e:c1:42:fc
Jun 26 15:58:23 gtw01 dnsmasq-dhcp[25778]: DHCPDISCOVER(tapb239c1ee-ec) fa:16:3e:7a:bd:d3
Jun 26 15:58:23 gtw01 dnsmasq-dhcp[25778]: DHCPOFFER(tapb239c1ee-ec) 192.168.120.3 fa:16:3e:7a:bd:d3
Jun 26 15:58:23 gtw01 dnsmasq-dhcp[25778]: DHCPREQUEST(tapb239c1ee-ec) 192.168.120.3 fa:16:3e:7a:bd:d3
Jun 26 15:58:23 gtw01 dnsmasq-dhcp[25778]: DHCPACK(tapb239c1ee-ec) 192.168.120.3 fa:16:3e:7a:bd:d3 host-192-168-120-3
Jun 26 15:58:23 gtw01 dnsmasq[17953]: read /var/lib/neutron/dhcp/08aefdb8-b1ee-403c-a711-680217fa0635/addn_hosts - 2 addresses
Jun 26 15:58:23 gtw01 dnsmasq-dhcp[17953]: read /var/lib/neutron/dhcp/08aefdb8-b1ee-403c-a711-680217fa0635/host
Jun 26 15:58:23 gtw01 dnsmasq-dhcp[17953]: read /var/lib/neutron/dhcp/08aefdb8-b1ee-403c-a711-680217fa0635/opts
Jun 26 15:58:24 gtw01 dnsmasq-dhcp[25778]: DHCPDISCOVER(tapb239c1ee-ec) fa:16:3e:b0:95:46
Jun 26 15:58:24 gtw01 dnsmasq-dhcp[25778]: DHCPOFFER(tapb239c1ee-ec) 192.168.120.4 fa:16:3e:b0:95:46
Jun 26 15:58:24 gtw01 dnsmasq-dhcp[25778]: DHCPREQUEST(tapb239c1ee-ec) 192.168.120.4 fa:16:3e:b0:95:46
Jun 26 15:58:24 gtw01 dnsmasq-dhcp[25778]: DHCPACK(tapb239c1ee-ec) 192.168.120.4 fa:16:3e:b0:95:46 host-192-168-120-4
Jun 26 15:58:28 gtw01 dnsmasq[17953]: read /var/lib/neutron/dhcp/08aefdb8-b1ee-403c-a711-680217fa0635/addn_hosts - 3 addresses
Jun 26 15:58:28 gtw01 dnsmasq-dhcp[17953]: read /var/lib/neutron/dhcp/08aefdb8-b1ee-403c-a711-680217fa0635/host
Jun 26 15:58:28 gtw01 dnsmasq-dhcp[17953]: read /var/lib/neutron/dhcp/08aefdb8-b1ee-403c-a711-680217fa0635/opts
Jun 26 15:58:29 gtw01 dnsmasq[17953]: read /var/lib/neutron/dhcp/08aefdb8-b1ee-403c-a711-680217fa0635/addn_hosts - 3 addresses
Jun 26 15:58:29 gtw01 dnsmasq-dhcp[17953]: read /var/lib/neutron/dhcp/08aefdb8-b1ee-403c-a711-680217fa0635/host
Jun 26 15:58:29 gtw01 dnsmasq-dhcp[17953]: read /var/lib/neutron/dhcp/08aefdb8-b1ee-403c-a711-680217fa0635/opts
Jun 26 15:58:30 gtw01 dnsmasq[17953]: read /var/lib/neutron/dhcp/08aefdb8-b1ee-403c-a711-680217fa0635/addn_hosts - 3 addresses
Jun 26 15:58:30 gtw01 dnsmasq-dhcp[17953]: read /var/lib/neutron/dhcp/08aefdb8-b1ee-403c-a711-680217fa0635/host
Jun 26 15:58:30 gtw01 dnsmasq-dhcp[17953]: read /var/lib/neutron/dhcp/08aefdb8-b1ee-403c-a711-680217fa0635/opts
Jun 26 15:58:38 gtw01 dnsmasq[17953]: read /var/lib/neutron/dhcp/08aefdb8-b1ee-403c-a711-680217fa0635/addn_hosts - 2 addresses
Jun 26 15:58:38 gtw01 dnsmasq-dhcp[17953]: read /var/lib/neutron/dhcp/08aefdb8-b1ee-403c-a711-680217fa0635/host
Jun 26 15:58:38 gtw01 dnsmasq-dhcp[17953]: read /var/lib/neutron/dhcp/08aefdb8-b1ee-403c-a711-680217fa0635/opts
Jun 26 15:58:43 gtw01 dnsmasq[17953]: read /var/lib/neutron/dhcp/08aefdb8-b1ee-403c-a711-680217fa0635/addn_hosts - 3 addresses
Jun 26 15:58:43 gtw01 dnsmasq-dhcp[17953]: read /var/lib/neutron/dhcp/08aefdb8-b1ee-403c-a711-680217fa0635/host
Jun 26 15:58:43 gtw01 dnsmasq-dhcp[17953]: read /var/lib/neutron/dhcp/08aefdb8-b1ee-403c-a711-680217fa0635/opts
Jun 26 15:58:44 gtw01 dnsmasq[17953]: read /var/lib/neutron/dhcp/08aefdb8-b1ee-403c-a711-680217fa0635/addn_hosts - 3 addresses
Jun 26 15:58:44 gtw01 dnsmasq-dhcp[17953]: read /var/lib/neutron/dhcp/08aefdb8-b1ee-403c-a711-680217fa0635/host
Jun 26 15:58:44 gtw01 dnsmasq-dhcp[17953]: read /var/lib/neutron/dhcp/08aefdb8-b1ee-403c-a711-680217fa0635/opts
Jun 26 15:58:45 gtw01 dnsmasq[17953]: read /var/lib/neutron/dhcp/08aefdb8-b1ee-403c-a711-680217fa0635/addn_hosts - 3 addresses
Jun 26 15:58:45 gtw01 dnsmasq-dhcp[17953]: read /var/lib/neutron/dhcp/08aefdb8-b1ee-403c-a711-680217fa0635/host
Jun 26 15:58:45 gtw01 dnsmasq-dhcp[17953]: read /var/lib/neutron/dhcp/08aefdb8-b1ee-403c-a711-680217fa0635/opts
Jun 26 15:58:49 gtw01 dnsmasq-dhcp[25778]: DHCPRELEASE(tapb239c1ee-ec) 192.168.120.5 fa:16:3e:99:d6:a8
Jun 26 15:59:03 gtw01 dnsmasq-dhcp[25778]: DHCPRELEASE(tapb239c1ee-ec) 192.168.120.4 fa:16:3e:b0:95:46
Jun 26 15:59:03 gtw01 dnsmasq-dhcp[25778]: DHCPRELEASE(tapb239c1ee-ec) 192.168.120.4 fa:16:3e:b0:95:46 unknown lease
Jun 26 15:59:04 gtw01 dnsmasq[25778]: read /var/lib/neutron/dhcp/6a65ad1d-c9fc-460c-8573-51a0dbd1edbc/addn_hosts - 3 addresses
Jun 26 15:59:04 gtw01 dnsmasq-dhcp[25778]: read /var/lib/neutron/dhcp/6a65ad1d-c9fc-460c-8573-51a0dbd1edbc/host
Jun 26 15:59:04 gtw01 dnsmasq-dhcp[25778]: read /var/lib/neutron/dhcp/6a65ad1d-c9fc-460c-8573-51a0dbd1edbc/opts
Jun 26 15:59:06 gtw01 dnsmasq-dhcp[25778]: DHCPRELEASE(tapb239c1ee-ec) 192.168.120.3 fa:16:3e:7a:bd:d3
Jun 26 15:59:06 gtw01 dnsmasq-dhcp[25778]: DHCPRELEASE(tapb239c1ee-ec) 192.168.120.3 fa:16:3e:7a:bd:d3 unknown lease
Jun 26 15:59:06 gtw01 dnsmasq-dhcp[25778]: DHCPDISCOVER(tapb239c1ee-ec) fa:16:3e:99:d6:a8
Jun 26 15:59:06 gtw01 dnsmasq-dhcp[25778]: DHCPOFFER(tapb239c1ee-ec) 192.168.120.5 fa:16:3e:99:d6:a8
Jun 26 15:59:06 gtw01 dnsmasq-dhcp[25778]: DHCPREQUEST(tapb239c1ee-ec) 192.168.120.5 fa:16:3e:99:d6:a8
Jun 26 15:59:06 gtw01 dnsmasq-dhcp[25778]: DHCPACK(tapb239c1ee-ec) 192.168.120.5 fa:16:3e:99:d6:a8 host-192-168-120-5
Jun 26 15:59:07 gtw01 dnsmasq[25778]: read /var/lib/neutron/dhcp/6a65ad1d-c9fc-460c-8573-51a0dbd1edbc/addn_hosts - 2 addresses
Jun 26 15:59:07 gtw01 dnsmasq-dhcp[25778]: read /var/lib/neutron/dhcp/6a65ad1d-c9fc-460c-8573-51a0dbd1edbc/host
Jun 26 15:59:07 gtw01 dnsmasq-dhcp[25778]: read /var/lib/neutron/dhcp/6a65ad1d-c9fc-460c-8573-51a0dbd1edbc/opts
Jun 26 15:59:09 gtw01 dnsmasq-dhcp[25778]: DHCPRELEASE(tapb239c1ee-ec) 192.168.120.5 fa:16:3e:99:d6:a8
Jun 26 15:59:09 gtw01 dnsmasq-dhcp[25778]: DHCPRELEASE(tapb239c1ee-ec) 192.168.120.5 fa:16:3e:99:d6:a8 unknown lease
Jun 26 15:59:10 gtw01 dnsmasq[25778]: read /var/lib/neutron/dhcp/6a65ad1d-c9fc-460c-8573-51a0dbd1edbc/addn_hosts - 1 addresses
Jun 26 15:59:10 gtw01 dnsmasq-dhcp[25778]: read /var/lib/neutron/dhcp/6a65ad1d-c9fc-460c-8573-51a0dbd1edbc/host
Jun 26 15:59:10 gtw01 dnsmasq-dhcp[25778]: read /var/lib/neutron/dhcp/6a65ad1d-c9fc-460c-8573-51a0dbd1edbc/opts
Jun 26 15:59:10 gtw01 dnsmasq-dhcp[17953]: DHCPDISCOVER(tap4b728202-3b) fa:16:3e:41:6c:8a
Jun 26 15:59:10 gtw01 dnsmasq-dhcp[17953]: DHCPOFFER(tap4b728202-3b) 192.168.120.9 fa:16:3e:41:6c:8a
Jun 26 15:59:10 gtw01 dnsmasq-dhcp[17953]: DHCPREQUEST(tap4b728202-3b) 192.168.120.9 fa:16:3e:41:6c:8a
Jun 26 15:59:10 gtw01 dnsmasq-dhcp[17953]: DHCPACK(tap4b728202-3b) 192.168.120.9 fa:16:3e:41:6c:8a host-192-168-120-9
Jun 26 15:59:12 gtw01 kernel: [ 7624.869887] device tapb239c1ee-ec left promiscuous mode
Jun 26 15:59:20 gtw01 dnsmasq-dhcp[17953]: DHCPRELEASE(tap4b728202-3b) 192.168.120.9 fa:16:3e:41:6c:8a
Jun 26 15:59:20 gtw01 kernel: [ 7633.286199] device tapa0a67aa9-45 entered promiscuous mode
Jun 26 15:59:20 gtw01 systemd-udevd[26216]: Could not generate persistent MAC address for tapa0a67aa9-45: No such file or directory
Jun 26 15:59:20 gtw01 systemd-udevd[26216]: Process '/sbin/ip link set tapa0a67aa9-45 txqueuelen 10000' failed with exit code 1.
Jun 26 15:59:20 gtw01 systemd-udevd[26290]: Process '/sbin/ip link set tapa0a67aa9-45 txqueuelen 10000' failed with exit code 1.
Jun 26 15:59:23 gtw01 dnsmasq[26351]: started, version 2.80 cachesize 150
Jun 26 15:59:23 gtw01 dnsmasq[26351]: DNS service limited to local subnets
Jun 26 15:59:23 gtw01 dnsmasq[26351]: compile time options: IPv6 GNU-getopt DBus i18n IDN DHCP DHCPv6 no-Lua TFTP conntrack ipset auth DNSSEC loop-detect inotify dumpfile
Jun 26 15:59:23 gtw01 dnsmasq[26351]: warning: no upstream servers configured
Jun 26 15:59:23 gtw01 dnsmasq-dhcp[26351]: DHCP, static leases only on 192.168.120.0, lease time 1h
Jun 26 15:59:23 gtw01 dnsmasq[26351]: read /var/lib/neutron/dhcp/cbf10eb4-eb02-4de0-9c28-e351ff3e191e/addn_hosts - 1 addresses
Jun 26 15:59:23 gtw01 dnsmasq-dhcp[26351]: read /var/lib/neutron/dhcp/cbf10eb4-eb02-4de0-9c28-e351ff3e191e/host
Jun 26 15:59:23 gtw01 dnsmasq-dhcp[26351]: read /var/lib/neutron/dhcp/cbf10eb4-eb02-4de0-9c28-e351ff3e191e/opts
Jun 26 15:59:24 gtw01 haproxy-metadata-proxy-cbf10eb4-eb02-4de0-9c28-e351ff3e191e[26355]: Proxy listener started.
Jun 26 15:59:24 gtw01 dnsmasq[26351]: read /var/lib/neutron/dhcp/cbf10eb4-eb02-4de0-9c28-e351ff3e191e/addn_hosts - 2 addresses
Jun 26 15:59:24 gtw01 dnsmasq-dhcp[26351]: read /var/lib/neutron/dhcp/cbf10eb4-eb02-4de0-9c28-e351ff3e191e/host
Jun 26 15:59:24 gtw01 dnsmasq-dhcp[26351]: read /var/lib/neutron/dhcp/cbf10eb4-eb02-4de0-9c28-e351ff3e191e/opts
Jun 26 15:59:25 gtw01 dnsmasq[17953]: read /var/lib/neutron/dhcp/08aefdb8-b1ee-403c-a711-680217fa0635/addn_hosts - 3 addresses
Jun 26 15:59:25 gtw01 dnsmasq-dhcp[17953]: read /var/lib/neutron/dhcp/08aefdb8-b1ee-403c-a711-680217fa0635/host
Jun 26 15:59:25 gtw01 dnsmasq-dhcp[17953]: read /var/lib/neutron/dhcp/08aefdb8-b1ee-403c-a711-680217fa0635/opts
Jun 26 15:59:25 gtw01 dnsmasq[26351]: read /var/lib/neutron/dhcp/cbf10eb4-eb02-4de0-9c28-e351ff3e191e/addn_hosts - 2 addresses
Jun 26 15:59:25 gtw01 dnsmasq-dhcp[26351]: read /var/lib/neutron/dhcp/cbf10eb4-eb02-4de0-9c28-e351ff3e191e/host
Jun 26 15:59:25 gtw01 dnsmasq-dhcp[26351]: read /var/lib/neutron/dhcp/cbf10eb4-eb02-4de0-9c28-e351ff3e191e/opts
Jun 26 15:59:26 gtw01 dnsmasq[17953]: read /var/lib/neutron/dhcp/08aefdb8-b1ee-403c-a711-680217fa0635/addn_hosts - 3 addresses
Jun 26 15:59:26 gtw01 dnsmasq-dhcp[17953]: read /var/lib/neutron/dhcp/08aefdb8-b1ee-403c-a711-680217fa0635/host
Jun 26 15:59:26 gtw01 dnsmasq-dhcp[17953]: read /var/lib/neutron/dhcp/08aefdb8-b1ee-403c-a711-680217fa0635/opts
Jun 26 15:59:26 gtw01 dnsmasq[26351]: read /var/lib/neutron/dhcp/cbf10eb4-eb02-4de0-9c28-e351ff3e191e/addn_hosts - 2 addresses
Jun 26 15:59:26 gtw01 dnsmasq-dhcp[26351]: read /var/lib/neutron/dhcp/cbf10eb4-eb02-4de0-9c28-e351ff3e191e/host
Jun 26 15:59:26 gtw01 dnsmasq-dhcp[26351]: read /var/lib/neutron/dhcp/cbf10eb4-eb02-4de0-9c28-e351ff3e191e/opts
Jun 26 15:59:27 gtw01 dnsmasq[26351]: read /var/lib/neutron/dhcp/cbf10eb4-eb02-4de0-9c28-e351ff3e191e/addn_hosts - 2 addresses
Jun 26 15:59:27 gtw01 dnsmasq-dhcp[26351]: read /var/lib/neutron/dhcp/cbf10eb4-eb02-4de0-9c28-e351ff3e191e/host
Jun 26 15:59:27 gtw01 dnsmasq-dhcp[26351]: read /var/lib/neutron/dhcp/cbf10eb4-eb02-4de0-9c28-e351ff3e191e/opts
Jun 26 15:59:28 gtw01 dnsmasq[26351]: read /var/lib/neutron/dhcp/cbf10eb4-eb02-4de0-9c28-e351ff3e191e/addn_hosts - 2 addresses
Jun 26 15:59:28 gtw01 dnsmasq-dhcp[26351]: read /var/lib/neutron/dhcp/cbf10eb4-eb02-4de0-9c28-e351ff3e191e/host
Jun 26 15:59:28 gtw01 dnsmasq-dhcp[26351]: read /var/lib/neutron/dhcp/cbf10eb4-eb02-4de0-9c28-e351ff3e191e/opts
Jun 26 15:59:31 gtw01 dnsmasq[26351]: read /var/lib/neutron/dhcp/cbf10eb4-eb02-4de0-9c28-e351ff3e191e/addn_hosts - 3 addresses
Jun 26 15:59:31 gtw01 dnsmasq-dhcp[26351]: read /var/lib/neutron/dhcp/cbf10eb4-eb02-4de0-9c28-e351ff3e191e/host
Jun 26 15:59:31 gtw01 dnsmasq-dhcp[26351]: read /var/lib/neutron/dhcp/cbf10eb4-eb02-4de0-9c28-e351ff3e191e/opts
Jun 26 15:59:32 gtw01 dnsmasq[26351]: read /var/lib/neutron/dhcp/cbf10eb4-eb02-4de0-9c28-e351ff3e191e/addn_hosts - 3 addresses
Jun 26 15:59:32 gtw01 dnsmasq-dhcp[26351]: read /var/lib/neutron/dhcp/cbf10eb4-eb02-4de0-9c28-e351ff3e191e/host
Jun 26 15:59:32 gtw01 dnsmasq-dhcp[26351]: read /var/lib/neutron/dhcp/cbf10eb4-eb02-4de0-9c28-e351ff3e191e/opts
Jun 26 15:59:33 gtw01 dnsmasq[17953]: read /var/lib/neutron/dhcp/08aefdb8-b1ee-403c-a711-680217fa0635/addn_hosts - 2 addresses
Jun 26 15:59:33 gtw01 dnsmasq-dhcp[17953]: read /var/lib/neutron/dhcp/08aefdb8-b1ee-403c-a711-680217fa0635/host
Jun 26 15:59:33 gtw01 dnsmasq-dhcp[17953]: read /var/lib/neutron/dhcp/08aefdb8-b1ee-403c-a711-680217fa0635/opts
Jun 26 15:59:33 gtw01 dnsmasq[26351]: read /var/lib/neutron/dhcp/cbf10eb4-eb02-4de0-9c28-e351ff3e191e/addn_hosts - 3 addresses
Jun 26 15:59:33 gtw01 dnsmasq-dhcp[26351]: read /var/lib/neutron/dhcp/cbf10eb4-eb02-4de0-9c28-e351ff3e191e/host
Jun 26 15:59:33 gtw01 dnsmasq-dhcp[26351]: read /var/lib/neutron/dhcp/cbf10eb4-eb02-4de0-9c28-e351ff3e191e/opts
Jun 26 15:59:42 gtw01 dnsmasq[17953]: read /var/lib/neutron/dhcp/08aefdb8-b1ee-403c-a711-680217fa0635/addn_hosts - 3 addresses
Jun 26 15:59:42 gtw01 dnsmasq-dhcp[17953]: read /var/lib/neutron/dhcp/08aefdb8-b1ee-403c-a711-680217fa0635/host
Jun 26 15:59:42 gtw01 dnsmasq-dhcp[17953]: read /var/lib/neutron/dhcp/08aefdb8-b1ee-403c-a711-680217fa0635/opts
Jun 26 15:59:43 gtw01 dnsmasq[17953]: read /var/lib/neutron/dhcp/08aefdb8-b1ee-403c-a711-680217fa0635/addn_hosts - 3 addresses
Jun 26 15:59:43 gtw01 dnsmasq-dhcp[17953]: read /var/lib/neutron/dhcp/08aefdb8-b1ee-403c-a711-680217fa0635/host
Jun 26 15:59:43 gtw01 dnsmasq-dhcp[17953]: read /var/lib/neutron/dhcp/08aefdb8-b1ee-403c-a711-680217fa0635/opts
Jun 26 15:59:44 gtw01 dnsmasq[17953]: read /var/lib/neutron/dhcp/08aefdb8-b1ee-403c-a711-680217fa0635/addn_hosts - 3 addresses
Jun 26 15:59:44 gtw01 dnsmasq-dhcp[17953]: read /var/lib/neutron/dhcp/08aefdb8-b1ee-403c-a711-680217fa0635/host
Jun 26 15:59:44 gtw01 dnsmasq-dhcp[17953]: read /var/lib/neutron/dhcp/08aefdb8-b1ee-403c-a711-680217fa0635/opts
Jun 26 15:59:46 gtw01 dnsmasq[17953]: read /var/lib/neutron/dhcp/08aefdb8-b1ee-403c-a711-680217fa0635/addn_hosts - 4 addresses
Jun 26 15:59:46 gtw01 dnsmasq-dhcp[17953]: read /var/lib/neutron/dhcp/08aefdb8-b1ee-403c-a711-680217fa0635/host
Jun 26 15:59:46 gtw01 dnsmasq-dhcp[17953]: read /var/lib/neutron/dhcp/08aefdb8-b1ee-403c-a711-680217fa0635/opts
Jun 26 15:59:47 gtw01 dnsmasq[17953]: read /var/lib/neutron/dhcp/08aefdb8-b1ee-403c-a711-680217fa0635/addn_hosts - 4 addresses
Jun 26 15:59:47 gtw01 dnsmasq-dhcp[17953]: read /var/lib/neutron/dhcp/08aefdb8-b1ee-403c-a711-680217fa0635/host
Jun 26 15:59:47 gtw01 dnsmasq-dhcp[17953]: read /var/lib/neutron/dhcp/08aefdb8-b1ee-403c-a711-680217fa0635/opts
Jun 26 15:59:48 gtw01 dnsmasq[17953]: read /var/lib/neutron/dhcp/08aefdb8-b1ee-403c-a711-680217fa0635/addn_hosts - 4 addresses
Jun 26 15:59:48 gtw01 dnsmasq-dhcp[17953]: read /var/lib/neutron/dhcp/08aefdb8-b1ee-403c-a711-680217fa0635/host
Jun 26 15:59:48 gtw01 dnsmasq-dhcp[17953]: read /var/lib/neutron/dhcp/08aefdb8-b1ee-403c-a711-680217fa0635/opts
Jun 26 15:59:53 gtw01 dnsmasq[17953]: read /var/lib/neutron/dhcp/08aefdb8-b1ee-403c-a711-680217fa0635/addn_hosts - 3 addresses
Jun 26 15:59:53 gtw01 dnsmasq-dhcp[17953]: read /var/lib/neutron/dhcp/08aefdb8-b1ee-403c-a711-680217fa0635/host
Jun 26 15:59:53 gtw01 dnsmasq-dhcp[17953]: read /var/lib/neutron/dhcp/08aefdb8-b1ee-403c-a711-680217fa0635/opts
Jun 26 15:59:56 gtw01 dnsmasq-dhcp[26351]: DHCPDISCOVER(tapa0a67aa9-45) fa:16:3e:13:9e:49
Jun 26 15:59:56 gtw01 dnsmasq-dhcp[26351]: DHCPOFFER(tapa0a67aa9-45) 192.168.120.3 fa:16:3e:13:9e:49
Jun 26 15:59:56 gtw01 dnsmasq-dhcp[26351]: DHCPREQUEST(tapa0a67aa9-45) 192.168.120.3 fa:16:3e:13:9e:49
Jun 26 15:59:56 gtw01 dnsmasq-dhcp[26351]: DHCPACK(tapa0a67aa9-45) 192.168.120.3 fa:16:3e:13:9e:49 host-192-168-120-3
Jun 26 16:00:02 gtw01 dnsmasq-dhcp[17953]: DHCPDISCOVER(tap4b728202-3b) fa:16:3e:5f:65:e2
Jun 26 16:00:02 gtw01 dnsmasq-dhcp[17953]: DHCPOFFER(tap4b728202-3b) 192.168.120.4 fa:16:3e:5f:65:e2
Jun 26 16:00:02 gtw01 dnsmasq-dhcp[17953]: DHCPREQUEST(tap4b728202-3b) 192.168.120.4 fa:16:3e:5f:65:e2
Jun 26 16:00:02 gtw01 dnsmasq-dhcp[17953]: DHCPACK(tap4b728202-3b) 192.168.120.4 fa:16:3e:5f:65:e2 host-192-168-120-4
Jun 26 16:00:03 gtw01 dnsmasq[17953]: read /var/lib/neutron/dhcp/08aefdb8-b1ee-403c-a711-680217fa0635/addn_hosts - 4 addresses
Jun 26 16:00:03 gtw01 dnsmasq-dhcp[17953]: read /var/lib/neutron/dhcp/08aefdb8-b1ee-403c-a711-680217fa0635/host
Jun 26 16:00:03 gtw01 dnsmasq-dhcp[17953]: read /var/lib/neutron/dhcp/08aefdb8-b1ee-403c-a711-680217fa0635/opts
Jun 26 16:00:04 gtw01 dnsmasq[17953]: read /var/lib/neutron/dhcp/08aefdb8-b1ee-403c-a711-680217fa0635/addn_hosts - 4 addresses
Jun 26 16:00:04 gtw01 dnsmasq-dhcp[17953]: read /var/lib/neutron/dhcp/08aefdb8-b1ee-403c-a711-680217fa0635/host
Jun 26 16:00:04 gtw01 dnsmasq-dhcp[17953]: read /var/lib/neutron/dhcp/08aefdb8-b1ee-403c-a711-680217fa0635/opts
Jun 26 16:00:04 gtw01 dnsmasq-dhcp[17953]: DHCPRELEASE(tap4b728202-3b) 192.168.120.4 fa:16:3e:5f:65:e2
Jun 26 16:00:05 gtw01 dnsmasq[17953]: read /var/lib/neutron/dhcp/08aefdb8-b1ee-403c-a711-680217fa0635/addn_hosts - 4 addresses
Jun 26 16:00:05 gtw01 dnsmasq-dhcp[17953]: read /var/lib/neutron/dhcp/08aefdb8-b1ee-403c-a711-680217fa0635/host
Jun 26 16:00:05 gtw01 dnsmasq-dhcp[17953]: read /var/lib/neutron/dhcp/08aefdb8-b1ee-403c-a711-680217fa0635/opts
Jun 26 16:00:10 gtw01 dnsmasq[26351]: read /var/lib/neutron/dhcp/cbf10eb4-eb02-4de0-9c28-e351ff3e191e/addn_hosts - 4 addresses
Jun 26 16:00:10 gtw01 dnsmasq-dhcp[26351]: read /var/lib/neutron/dhcp/cbf10eb4-eb02-4de0-9c28-e351ff3e191e/host
Jun 26 16:00:10 gtw01 dnsmasq-dhcp[26351]: read /var/lib/neutron/dhcp/cbf10eb4-eb02-4de0-9c28-e351ff3e191e/opts
Jun 26 16:00:11 gtw01 dnsmasq[26351]: read /var/lib/neutron/dhcp/cbf10eb4-eb02-4de0-9c28-e351ff3e191e/addn_hosts - 4 addresses
Jun 26 16:00:11 gtw01 dnsmasq-dhcp[26351]: read /var/lib/neutron/dhcp/cbf10eb4-eb02-4de0-9c28-e351ff3e191e/host
Jun 26 16:00:11 gtw01 dnsmasq-dhcp[26351]: read /var/lib/neutron/dhcp/cbf10eb4-eb02-4de0-9c28-e351ff3e191e/opts
Jun 26 16:00:11 gtw01 dnsmasq-dhcp[26351]: DHCPDISCOVER(tapa0a67aa9-45) fa:16:3e:13:9e:49
Jun 26 16:00:11 gtw01 dnsmasq-dhcp[26351]: DHCPOFFER(tapa0a67aa9-45) 192.168.120.3 fa:16:3e:13:9e:49
Jun 26 16:00:11 gtw01 dnsmasq-dhcp[26351]: DHCPREQUEST(tapa0a67aa9-45) 192.168.120.3 fa:16:3e:13:9e:49
Jun 26 16:00:11 gtw01 dnsmasq-dhcp[26351]: DHCPACK(tapa0a67aa9-45) 192.168.120.3 fa:16:3e:13:9e:49 host-192-168-120-3
Jun 26 16:00:12 gtw01 dnsmasq[26351]: read /var/lib/neutron/dhcp/cbf10eb4-eb02-4de0-9c28-e351ff3e191e/addn_hosts - 4 addresses
Jun 26 16:00:12 gtw01 dnsmasq-dhcp[26351]: read /var/lib/neutron/dhcp/cbf10eb4-eb02-4de0-9c28-e351ff3e191e/host
Jun 26 16:00:12 gtw01 dnsmasq-dhcp[26351]: read /var/lib/neutron/dhcp/cbf10eb4-eb02-4de0-9c28-e351ff3e191e/opts
Jun 26 16:00:17 gtw01 dnsmasq-dhcp[17953]: DHCPDISCOVER(tap4b728202-3b) fa:16:3e:bd:1f:6e
Jun 26 16:00:17 gtw01 dnsmasq-dhcp[17953]: DHCPOFFER(tap4b728202-3b) 192.168.120.13 fa:16:3e:bd:1f:6e
Jun 26 16:00:17 gtw01 dnsmasq-dhcp[17953]: DHCPREQUEST(tap4b728202-3b) 192.168.120.13 fa:16:3e:bd:1f:6e
Jun 26 16:00:17 gtw01 dnsmasq-dhcp[17953]: DHCPACK(tap4b728202-3b) 192.168.120.13 fa:16:3e:bd:1f:6e host-192-168-120-13
Jun 26 16:00:19 gtw01 dnsmasq-dhcp[17953]: DHCPRELEASE(tap4b728202-3b) 192.168.120.13 fa:16:3e:bd:1f:6e
Jun 26 16:00:24 gtw01 dnsmasq-dhcp[26351]: DHCPDISCOVER(tapa0a67aa9-45) fa:16:3e:2f:85:27
Jun 26 16:00:24 gtw01 dnsmasq-dhcp[26351]: DHCPOFFER(tapa0a67aa9-45) 192.168.120.5 fa:16:3e:2f:85:27
Jun 26 16:00:24 gtw01 dnsmasq-dhcp[26351]: DHCPREQUEST(tapa0a67aa9-45) 192.168.120.5 fa:16:3e:2f:85:27
Jun 26 16:00:24 gtw01 dnsmasq-dhcp[26351]: DHCPACK(tapa0a67aa9-45) 192.168.120.5 fa:16:3e:2f:85:27 host-192-168-120-5
Jun 26 16:00:36 gtw01 dnsmasq-dhcp[26351]: DHCPRELEASE(tapa0a67aa9-45) 192.168.120.5 fa:16:3e:2f:85:27
Jun 26 16:00:44 gtw01 dnsmasq[26351]: read /var/lib/neutron/dhcp/cbf10eb4-eb02-4de0-9c28-e351ff3e191e/addn_hosts - 5 addresses
Jun 26 16:00:44 gtw01 dnsmasq-dhcp[26351]: read /var/lib/neutron/dhcp/cbf10eb4-eb02-4de0-9c28-e351ff3e191e/host
Jun 26 16:00:44 gtw01 dnsmasq-dhcp[26351]: read /var/lib/neutron/dhcp/cbf10eb4-eb02-4de0-9c28-e351ff3e191e/opts
Jun 26 16:00:45 gtw01 dnsmasq[26351]: read /var/lib/neutron/dhcp/cbf10eb4-eb02-4de0-9c28-e351ff3e191e/addn_hosts - 5 addresses
Jun 26 16:00:45 gtw01 dnsmasq-dhcp[26351]: read /var/lib/neutron/dhcp/cbf10eb4-eb02-4de0-9c28-e351ff3e191e/host
Jun 26 16:00:45 gtw01 dnsmasq-dhcp[26351]: read /var/lib/neutron/dhcp/cbf10eb4-eb02-4de0-9c28-e351ff3e191e/opts
