Jun 22 04:46:39 gtw01 dnsmasq-dhcp[30434]: read /var/lib/neutron/dhcp/45024c02-a269-402c-af03-5ba1be9cfcc9/host
Jun 22 04:46:39 gtw01 dnsmasq-dhcp[30434]: read /var/lib/neutron/dhcp/45024c02-a269-402c-af03-5ba1be9cfcc9/opts
Jun 22 04:46:40 gtw01 dnsmasq[30434]: read /var/lib/neutron/dhcp/45024c02-a269-402c-af03-5ba1be9cfcc9/addn_hosts - 3 addresses
Jun 22 04:46:40 gtw01 dnsmasq-dhcp[30434]: read /var/lib/neutron/dhcp/45024c02-a269-402c-af03-5ba1be9cfcc9/host
Jun 22 04:46:40 gtw01 dnsmasq-dhcp[30434]: read /var/lib/neutron/dhcp/45024c02-a269-402c-af03-5ba1be9cfcc9/opts
Jun 22 04:46:40 gtw01 systemd-udevd[30591]: Could not generate persistent MAC address for qr-4de7c3e8-54: No such file or directory
Jun 22 04:46:40 gtw01 kernel: [ 7789.448441] device qr-4de7c3e8-54 entered promiscuous mode
Jun 22 04:46:41 gtw01 dnsmasq[30434]: read /var/lib/neutron/dhcp/45024c02-a269-402c-af03-5ba1be9cfcc9/addn_hosts - 3 addresses
Jun 22 04:46:41 gtw01 dnsmasq-dhcp[30434]: read /var/lib/neutron/dhcp/45024c02-a269-402c-af03-5ba1be9cfcc9/host
Jun 22 04:46:41 gtw01 dnsmasq-dhcp[30434]: read /var/lib/neutron/dhcp/45024c02-a269-402c-af03-5ba1be9cfcc9/opts
Jun 22 04:46:42 gtw01 dnsmasq[30434]: read /var/lib/neutron/dhcp/45024c02-a269-402c-af03-5ba1be9cfcc9/addn_hosts - 3 addresses
Jun 22 04:46:42 gtw01 dnsmasq-dhcp[30434]: read /var/lib/neutron/dhcp/45024c02-a269-402c-af03-5ba1be9cfcc9/host
Jun 22 04:46:42 gtw01 dnsmasq-dhcp[30434]: read /var/lib/neutron/dhcp/45024c02-a269-402c-af03-5ba1be9cfcc9/opts
Jun 22 04:46:43 gtw01 dnsmasq[30434]: read /var/lib/neutron/dhcp/45024c02-a269-402c-af03-5ba1be9cfcc9/addn_hosts - 3 addresses
Jun 22 04:46:43 gtw01 dnsmasq-dhcp[30434]: read /var/lib/neutron/dhcp/45024c02-a269-402c-af03-5ba1be9cfcc9/host
Jun 22 04:46:43 gtw01 dnsmasq-dhcp[30434]: read /var/lib/neutron/dhcp/45024c02-a269-402c-af03-5ba1be9cfcc9/opts
Jun 22 04:46:44 gtw01 dnsmasq[30434]: read /var/lib/neutron/dhcp/45024c02-a269-402c-af03-5ba1be9cfcc9/addn_hosts - 3 addresses
Jun 22 04:46:44 gtw01 dnsmasq-dhcp[30434]: read /var/lib/neutron/dhcp/45024c02-a269-402c-af03-5ba1be9cfcc9/host
Jun 22 04:46:44 gtw01 dnsmasq-dhcp[30434]: read /var/lib/neutron/dhcp/45024c02-a269-402c-af03-5ba1be9cfcc9/opts
Jun 22 04:46:45 gtw01 dnsmasq[30434]: read /var/lib/neutron/dhcp/45024c02-a269-402c-af03-5ba1be9cfcc9/addn_hosts - 3 addresses
Jun 22 04:46:45 gtw01 dnsmasq-dhcp[30434]: read /var/lib/neutron/dhcp/45024c02-a269-402c-af03-5ba1be9cfcc9/host
Jun 22 04:46:45 gtw01 dnsmasq-dhcp[30434]: read /var/lib/neutron/dhcp/45024c02-a269-402c-af03-5ba1be9cfcc9/opts
Jun 22 04:46:52 gtw01 dnsmasq-dhcp[30434]: DHCPDISCOVER(tapba7f91ca-58) fa:16:3e:5c:7c:ff
Jun 22 04:46:52 gtw01 dnsmasq-dhcp[30434]: DHCPOFFER(tapba7f91ca-58) 192.168.120.9 fa:16:3e:5c:7c:ff
Jun 22 04:46:52 gtw01 dnsmasq-dhcp[30434]: DHCPREQUEST(tapba7f91ca-58) 192.168.120.9 fa:16:3e:5c:7c:ff
Jun 22 04:46:52 gtw01 dnsmasq-dhcp[30434]: DHCPACK(tapba7f91ca-58) 192.168.120.9 fa:16:3e:5c:7c:ff host-192-168-120-9
Jun 22 04:46:59 gtw01 dnsmasq[30434]: read /var/lib/neutron/dhcp/45024c02-a269-402c-af03-5ba1be9cfcc9/addn_hosts - 4 addresses
Jun 22 04:46:59 gtw01 dnsmasq-dhcp[30434]: read /var/lib/neutron/dhcp/45024c02-a269-402c-af03-5ba1be9cfcc9/host
Jun 22 04:46:59 gtw01 dnsmasq-dhcp[30434]: read /var/lib/neutron/dhcp/45024c02-a269-402c-af03-5ba1be9cfcc9/opts
Jun 22 04:47:00 gtw01 dnsmasq[30434]: read /var/lib/neutron/dhcp/45024c02-a269-402c-af03-5ba1be9cfcc9/addn_hosts - 4 addresses
Jun 22 04:47:00 gtw01 dnsmasq-dhcp[30434]: read /var/lib/neutron/dhcp/45024c02-a269-402c-af03-5ba1be9cfcc9/host
Jun 22 04:47:00 gtw01 dnsmasq-dhcp[30434]: read /var/lib/neutron/dhcp/45024c02-a269-402c-af03-5ba1be9cfcc9/opts
Jun 22 04:47:01 gtw01 dnsmasq[30434]: read /var/lib/neutron/dhcp/45024c02-a269-402c-af03-5ba1be9cfcc9/addn_hosts - 4 addresses
Jun 22 04:47:01 gtw01 dnsmasq-dhcp[30434]: read /var/lib/neutron/dhcp/45024c02-a269-402c-af03-5ba1be9cfcc9/host
Jun 22 04:47:01 gtw01 dnsmasq-dhcp[30434]: read /var/lib/neutron/dhcp/45024c02-a269-402c-af03-5ba1be9cfcc9/opts
Jun 22 04:47:12 gtw01 dnsmasq-dhcp[30434]: DHCPDISCOVER(tapba7f91ca-58) fa:16:3e:9c:0a:04
Jun 22 04:47:12 gtw01 dnsmasq-dhcp[30434]: DHCPOFFER(tapba7f91ca-58) 192.168.120.6 fa:16:3e:9c:0a:04
Jun 22 04:47:13 gtw01 dnsmasq-dhcp[30434]: DHCPREQUEST(tapba7f91ca-58) 192.168.120.6 fa:16:3e:9c:0a:04
Jun 22 04:47:13 gtw01 dnsmasq-dhcp[30434]: DHCPACK(tapba7f91ca-58) 192.168.120.6 fa:16:3e:9c:0a:04 host-192-168-120-6
Jun 22 04:47:14 gtw01 dnsmasq-dhcp[30434]: DHCPRELEASE(tapba7f91ca-58) 192.168.120.6 fa:16:3e:9c:0a:04
Jun 22 04:47:14 gtw01 dnsmasq-dhcp[30434]: DHCPRELEASE(tapba7f91ca-58) 192.168.120.6 fa:16:3e:9c:0a:04 unknown lease
Jun 22 04:47:15 gtw01 dnsmasq[30434]: read /var/lib/neutron/dhcp/45024c02-a269-402c-af03-5ba1be9cfcc9/addn_hosts - 3 addresses
Jun 22 04:47:15 gtw01 dnsmasq-dhcp[30434]: read /var/lib/neutron/dhcp/45024c02-a269-402c-af03-5ba1be9cfcc9/host
Jun 22 04:47:15 gtw01 dnsmasq-dhcp[30434]: read /var/lib/neutron/dhcp/45024c02-a269-402c-af03-5ba1be9cfcc9/opts
Jun 22 04:47:18 gtw01 dnsmasq-dhcp[30434]: DHCPRELEASE(tapba7f91ca-58) 192.168.120.9 fa:16:3e:5c:7c:ff
Jun 22 04:47:19 gtw01 dnsmasq-dhcp[30434]: DHCPRELEASE(tapba7f91ca-58) 192.168.120.9 fa:16:3e:5c:7c:ff unknown lease
Jun 22 04:47:19 gtw01 dnsmasq[30434]: read /var/lib/neutron/dhcp/45024c02-a269-402c-af03-5ba1be9cfcc9/addn_hosts - 2 addresses
Jun 22 04:47:19 gtw01 dnsmasq-dhcp[30434]: read /var/lib/neutron/dhcp/45024c02-a269-402c-af03-5ba1be9cfcc9/host
Jun 22 04:47:19 gtw01 dnsmasq-dhcp[30434]: read /var/lib/neutron/dhcp/45024c02-a269-402c-af03-5ba1be9cfcc9/opts
Jun 22 04:47:21 gtw01 dnsmasq[30434]: read /var/lib/neutron/dhcp/45024c02-a269-402c-af03-5ba1be9cfcc9/addn_hosts - 1 addresses
Jun 22 04:47:21 gtw01 dnsmasq-dhcp[30434]: read /var/lib/neutron/dhcp/45024c02-a269-402c-af03-5ba1be9cfcc9/host
Jun 22 04:47:21 gtw01 dnsmasq-dhcp[30434]: read /var/lib/neutron/dhcp/45024c02-a269-402c-af03-5ba1be9cfcc9/opts
Jun 22 04:47:22 gtw01 haproxy-metadata-proxy-45024c02-a269-402c-af03-5ba1be9cfcc9[31146]: Proxy listener started.
Jun 22 04:47:22 gtw01 kernel: [ 7831.757577] device qr-4de7c3e8-54 left promiscuous mode
Jun 22 04:47:23 gtw01 kernel: [ 7832.700239] device tapba7f91ca-58 left promiscuous mode
Jun 22 04:47:25 gtw01 kernel: [ 7834.546609] device qg-524a21e8-5d left promiscuous mode
Jun 22 04:47:33 gtw01 systemd-udevd[31294]: Could not generate persistent MAC address for tap6c2d986c-79: No such file or directory
Jun 22 04:47:33 gtw01 kernel: [ 7842.014859] device tap6c2d986c-79 entered promiscuous mode
Jun 22 04:47:33 gtw01 systemd-udevd[31339]: Process '/sbin/ip link set tap6c2d986c-79 txqueuelen 10000' failed with exit code 1.
Jun 22 04:47:36 gtw01 dnsmasq[31445]: started, version 2.80 cachesize 150
Jun 22 04:47:36 gtw01 dnsmasq[31445]: DNS service limited to local subnets
Jun 22 04:47:36 gtw01 dnsmasq[31445]: compile time options: IPv6 GNU-getopt DBus i18n IDN DHCP DHCPv6 no-Lua TFTP conntrack ipset auth DNSSEC loop-detect inotify dumpfile
Jun 22 04:47:36 gtw01 dnsmasq[31445]: warning: no upstream servers configured
Jun 22 04:47:36 gtw01 dnsmasq-dhcp[31445]: DHCP, static leases only on 192.168.120.0, lease time 1h
Jun 22 04:47:36 gtw01 dnsmasq[31445]: read /var/lib/neutron/dhcp/e5408455-9924-4b34-a0b9-93a23737c813/addn_hosts - 1 addresses
Jun 22 04:47:36 gtw01 dnsmasq-dhcp[31445]: read /var/lib/neutron/dhcp/e5408455-9924-4b34-a0b9-93a23737c813/host
Jun 22 04:47:36 gtw01 dnsmasq-dhcp[31445]: read /var/lib/neutron/dhcp/e5408455-9924-4b34-a0b9-93a23737c813/opts
Jun 22 04:47:36 gtw01 kernel: [ 7845.406157] device qg-8575176f-85 entered promiscuous mode
Jun 22 04:47:36 gtw01 systemd-udevd[31453]: Could not generate persistent MAC address for qg-8575176f-85: No such file or directory
Jun 22 04:47:36 gtw01 haproxy-metadata-proxy-e5408455-9924-4b34-a0b9-93a23737c813[31508]: Proxy listener started.
Jun 22 04:47:37 gtw01 dnsmasq[31445]: read /var/lib/neutron/dhcp/e5408455-9924-4b34-a0b9-93a23737c813/addn_hosts - 2 addresses
Jun 22 04:47:37 gtw01 dnsmasq-dhcp[31445]: read /var/lib/neutron/dhcp/e5408455-9924-4b34-a0b9-93a23737c813/host
Jun 22 04:47:37 gtw01 dnsmasq-dhcp[31445]: read /var/lib/neutron/dhcp/e5408455-9924-4b34-a0b9-93a23737c813/opts
Jun 22 04:47:38 gtw01 dnsmasq[31445]: read /var/lib/neutron/dhcp/e5408455-9924-4b34-a0b9-93a23737c813/addn_hosts - 2 addresses
Jun 22 04:47:38 gtw01 dnsmasq-dhcp[31445]: read /var/lib/neutron/dhcp/e5408455-9924-4b34-a0b9-93a23737c813/host
Jun 22 04:47:38 gtw01 dnsmasq-dhcp[31445]: read /var/lib/neutron/dhcp/e5408455-9924-4b34-a0b9-93a23737c813/opts
Jun 22 04:47:39 gtw01 dnsmasq[31445]: read /var/lib/neutron/dhcp/e5408455-9924-4b34-a0b9-93a23737c813/addn_hosts - 2 addresses
Jun 22 04:47:39 gtw01 dnsmasq-dhcp[31445]: read /var/lib/neutron/dhcp/e5408455-9924-4b34-a0b9-93a23737c813/host
Jun 22 04:47:39 gtw01 dnsmasq-dhcp[31445]: read /var/lib/neutron/dhcp/e5408455-9924-4b34-a0b9-93a23737c813/opts
Jun 22 04:47:40 gtw01 dnsmasq[31445]: read /var/lib/neutron/dhcp/e5408455-9924-4b34-a0b9-93a23737c813/addn_hosts - 2 addresses
Jun 22 04:47:40 gtw01 dnsmasq-dhcp[31445]: read /var/lib/neutron/dhcp/e5408455-9924-4b34-a0b9-93a23737c813/host
Jun 22 04:47:40 gtw01 dnsmasq-dhcp[31445]: read /var/lib/neutron/dhcp/e5408455-9924-4b34-a0b9-93a23737c813/opts
Jun 22 04:47:41 gtw01 dnsmasq[31445]: read /var/lib/neutron/dhcp/e5408455-9924-4b34-a0b9-93a23737c813/addn_hosts - 2 addresses
Jun 22 04:47:41 gtw01 dnsmasq-dhcp[31445]: read /var/lib/neutron/dhcp/e5408455-9924-4b34-a0b9-93a23737c813/host
Jun 22 04:47:41 gtw01 dnsmasq-dhcp[31445]: read /var/lib/neutron/dhcp/e5408455-9924-4b34-a0b9-93a23737c813/opts
Jun 22 04:47:42 gtw01 dnsmasq[31445]: read /var/lib/neutron/dhcp/e5408455-9924-4b34-a0b9-93a23737c813/addn_hosts - 3 addresses
Jun 22 04:47:42 gtw01 dnsmasq-dhcp[31445]: read /var/lib/neutron/dhcp/e5408455-9924-4b34-a0b9-93a23737c813/host
Jun 22 04:47:42 gtw01 dnsmasq-dhcp[31445]: read /var/lib/neutron/dhcp/e5408455-9924-4b34-a0b9-93a23737c813/opts
Jun 22 04:47:42 gtw01 haproxy-metadata-proxy-2c8683c3-0cd1-4252-9882-ee08dd9718e1[31746]: Proxy listener started.
Jun 22 04:47:43 gtw01 dnsmasq[31445]: read /var/lib/neutron/dhcp/e5408455-9924-4b34-a0b9-93a23737c813/addn_hosts - 3 addresses
Jun 22 04:47:43 gtw01 dnsmasq-dhcp[31445]: read /var/lib/neutron/dhcp/e5408455-9924-4b34-a0b9-93a23737c813/host
Jun 22 04:47:43 gtw01 dnsmasq-dhcp[31445]: read /var/lib/neutron/dhcp/e5408455-9924-4b34-a0b9-93a23737c813/opts
Jun 22 04:47:43 gtw01 dnsmasq[31445]: read /var/lib/neutron/dhcp/e5408455-9924-4b34-a0b9-93a23737c813/addn_hosts - 3 addresses
Jun 22 04:47:43 gtw01 dnsmasq-dhcp[31445]: read /var/lib/neutron/dhcp/e5408455-9924-4b34-a0b9-93a23737c813/host
Jun 22 04:47:43 gtw01 dnsmasq-dhcp[31445]: read /var/lib/neutron/dhcp/e5408455-9924-4b34-a0b9-93a23737c813/opts
Jun 22 04:47:44 gtw01 systemd-udevd[31795]: Could not generate persistent MAC address for qr-ca93fe70-73: No such file or directory
Jun 22 04:47:44 gtw01 kernel: [ 7853.463113] device qr-ca93fe70-73 entered promiscuous mode
Jun 22 04:47:44 gtw01 dnsmasq[31445]: read /var/lib/neutron/dhcp/e5408455-9924-4b34-a0b9-93a23737c813/addn_hosts - 3 addresses
Jun 22 04:47:44 gtw01 dnsmasq-dhcp[31445]: read /var/lib/neutron/dhcp/e5408455-9924-4b34-a0b9-93a23737c813/host
Jun 22 04:47:44 gtw01 dnsmasq-dhcp[31445]: read /var/lib/neutron/dhcp/e5408455-9924-4b34-a0b9-93a23737c813/opts
Jun 22 04:47:45 gtw01 dnsmasq[31445]: read /var/lib/neutron/dhcp/e5408455-9924-4b34-a0b9-93a23737c813/addn_hosts - 3 addresses
Jun 22 04:47:45 gtw01 dnsmasq-dhcp[31445]: read /var/lib/neutron/dhcp/e5408455-9924-4b34-a0b9-93a23737c813/host
Jun 22 04:47:45 gtw01 dnsmasq-dhcp[31445]: read /var/lib/neutron/dhcp/e5408455-9924-4b34-a0b9-93a23737c813/opts
Jun 22 04:47:54 gtw01 dnsmasq-dhcp[31445]: DHCPDISCOVER(tap6c2d986c-79) fa:16:3e:95:74:96
Jun 22 04:47:54 gtw01 dnsmasq-dhcp[31445]: DHCPOFFER(tap6c2d986c-79) 192.168.120.6 fa:16:3e:95:74:96
Jun 22 04:47:54 gtw01 dnsmasq-dhcp[31445]: DHCPREQUEST(tap6c2d986c-79) 192.168.120.6 fa:16:3e:95:74:96
Jun 22 04:47:54 gtw01 dnsmasq-dhcp[31445]: DHCPACK(tap6c2d986c-79) 192.168.120.6 fa:16:3e:95:74:96 host-192-168-120-6
Jun 22 04:47:58 gtw01 haproxy-metadata-proxy-2c8683c3-0cd1-4252-9882-ee08dd9718e1[31747]: 192.168.120.6:60450 [22/Jun/2019:04:47:57.602] listener listener/metadata 3/0/1/480/484 200 147 - - ---- 1/1/0/1/0 0/0 "GET /latest/meta-data/public-ipv4 HTTP/1.1"
Jun 22 04:47:58 gtw01 haproxy-metadata-proxy-2c8683c3-0cd1-4252-9882-ee08dd9718e1[31747]: 192.168.120.6:60452 [22/Jun/2019:04:47:58.161] listener listener/metadata 3/0/0/454/457 200 134 - - ---- 1/1/0/1/0 0/0 "POST /openstack/2013-10-17/password HTTP/1.1"
Jun 22 04:48:01 gtw01 dnsmasq-dhcp[31445]: DHCPRELEASE(tap6c2d986c-79) 192.168.120.6 fa:16:3e:95:74:96
Jun 22 04:48:01 gtw01 dnsmasq-dhcp[31445]: DHCPRELEASE(tap6c2d986c-79) 192.168.120.6 fa:16:3e:95:74:96 unknown lease
Jun 22 04:48:02 gtw01 dnsmasq[31445]: read /var/lib/neutron/dhcp/e5408455-9924-4b34-a0b9-93a23737c813/addn_hosts - 2 addresses
Jun 22 04:48:02 gtw01 dnsmasq-dhcp[31445]: read /var/lib/neutron/dhcp/e5408455-9924-4b34-a0b9-93a23737c813/host
Jun 22 04:48:02 gtw01 dnsmasq-dhcp[31445]: read /var/lib/neutron/dhcp/e5408455-9924-4b34-a0b9-93a23737c813/opts
Jun 22 04:48:05 gtw01 dnsmasq[31445]: read /var/lib/neutron/dhcp/e5408455-9924-4b34-a0b9-93a23737c813/addn_hosts - 1 addresses
Jun 22 04:48:05 gtw01 dnsmasq-dhcp[31445]: read /var/lib/neutron/dhcp/e5408455-9924-4b34-a0b9-93a23737c813/host
Jun 22 04:48:05 gtw01 dnsmasq-dhcp[31445]: read /var/lib/neutron/dhcp/e5408455-9924-4b34-a0b9-93a23737c813/opts
Jun 22 04:48:06 gtw01 haproxy-metadata-proxy-e5408455-9924-4b34-a0b9-93a23737c813[32198]: Proxy listener started.
Jun 22 04:48:07 gtw01 kernel: [ 7876.642441] device qr-ca93fe70-73 left promiscuous mode
Jun 22 04:48:10 gtw01 kernel: [ 7879.049548] device tap6c2d986c-79 left promiscuous mode
Jun 22 04:48:10 gtw01 kernel: [ 7879.449281] device qg-8575176f-85 left promiscuous mode
Jun 22 04:48:16 gtw01 systemd-udevd[32346]: Could not generate persistent MAC address for tap4f2bd1bb-8a: No such file or directory
Jun 22 04:48:16 gtw01 kernel: [ 7885.443766] device tap4f2bd1bb-8a entered promiscuous mode
Jun 22 04:48:16 gtw01 systemd-udevd[32391]: Process '/sbin/ip link set tap4f2bd1bb-8a txqueuelen 10000' failed with exit code 1.
Jun 22 04:48:19 gtw01 dnsmasq[32499]: started, version 2.80 cachesize 150
Jun 22 04:48:19 gtw01 dnsmasq[32499]: DNS service limited to local subnets
Jun 22 04:48:19 gtw01 dnsmasq[32499]: compile time options: IPv6 GNU-getopt DBus i18n IDN DHCP DHCPv6 no-Lua TFTP conntrack ipset auth DNSSEC loop-detect inotify dumpfile
Jun 22 04:48:19 gtw01 dnsmasq[32499]: warning: no upstream servers configured
Jun 22 04:48:19 gtw01 dnsmasq-dhcp[32499]: DHCP, static leases only on 192.168.120.0, lease time 1h
Jun 22 04:48:19 gtw01 dnsmasq[32499]: read /var/lib/neutron/dhcp/4ffc89fa-cd36-4e06-8625-d7147037e1bf/addn_hosts - 1 addresses
Jun 22 04:48:19 gtw01 dnsmasq-dhcp[32499]: read /var/lib/neutron/dhcp/4ffc89fa-cd36-4e06-8625-d7147037e1bf/host
Jun 22 04:48:19 gtw01 dnsmasq-dhcp[32499]: read /var/lib/neutron/dhcp/4ffc89fa-cd36-4e06-8625-d7147037e1bf/opts
Jun 22 04:48:19 gtw01 systemd-udevd[32502]: Could not generate persistent MAC address for qg-d405504f-76: No such file or directory
Jun 22 04:48:19 gtw01 kernel: [ 7888.606797] device qg-d405504f-76 entered promiscuous mode
Jun 22 04:48:19 gtw01 haproxy-metadata-proxy-4ffc89fa-cd36-4e06-8625-d7147037e1bf[32561]: Proxy listener started.
Jun 22 04:48:20 gtw01 dnsmasq[32499]: read /var/lib/neutron/dhcp/4ffc89fa-cd36-4e06-8625-d7147037e1bf/addn_hosts - 2 addresses
Jun 22 04:48:20 gtw01 dnsmasq-dhcp[32499]: read /var/lib/neutron/dhcp/4ffc89fa-cd36-4e06-8625-d7147037e1bf/host
Jun 22 04:48:20 gtw01 dnsmasq-dhcp[32499]: read /var/lib/neutron/dhcp/4ffc89fa-cd36-4e06-8625-d7147037e1bf/opts
Jun 22 04:48:21 gtw01 dnsmasq[32499]: read /var/lib/neutron/dhcp/4ffc89fa-cd36-4e06-8625-d7147037e1bf/addn_hosts - 2 addresses
Jun 22 04:48:21 gtw01 dnsmasq-dhcp[32499]: read /var/lib/neutron/dhcp/4ffc89fa-cd36-4e06-8625-d7147037e1bf/host
Jun 22 04:48:21 gtw01 dnsmasq-dhcp[32499]: read /var/lib/neutron/dhcp/4ffc89fa-cd36-4e06-8625-d7147037e1bf/opts
Jun 22 04:48:24 gtw01 dnsmasq[32499]: read /var/lib/neutron/dhcp/4ffc89fa-cd36-4e06-8625-d7147037e1bf/addn_hosts - 2 addresses
Jun 22 04:48:24 gtw01 dnsmasq-dhcp[32499]: read /var/lib/neutron/dhcp/4ffc89fa-cd36-4e06-8625-d7147037e1bf/host
Jun 22 04:48:24 gtw01 dnsmasq-dhcp[32499]: read /var/lib/neutron/dhcp/4ffc89fa-cd36-4e06-8625-d7147037e1bf/opts
Jun 22 04:48:24 gtw01 systemd-udevd[32726]: Could not generate persistent MAC address for tap224d453c-aa: No such file or directory
Jun 22 04:48:24 gtw01 kernel: [ 7893.508712] device tap224d453c-aa entered promiscuous mode
Jun 22 04:48:24 gtw01 systemd-udevd[32726]: Process '/sbin/ip link set tap224d453c-aa txqueuelen 10000' failed with exit code 1.
Jun 22 04:48:24 gtw01 systemd-udevd[32726]: Process '/sbin/ip link set tap224d453c-aa txqueuelen 10000' failed with exit code 1.
Jun 22 04:48:25 gtw01 dnsmasq[32499]: read /var/lib/neutron/dhcp/4ffc89fa-cd36-4e06-8625-d7147037e1bf/addn_hosts - 2 addresses
Jun 22 04:48:25 gtw01 dnsmasq-dhcp[32499]: read /var/lib/neutron/dhcp/4ffc89fa-cd36-4e06-8625-d7147037e1bf/host
Jun 22 04:48:25 gtw01 dnsmasq-dhcp[32499]: read /var/lib/neutron/dhcp/4ffc89fa-cd36-4e06-8625-d7147037e1bf/opts
Jun 22 04:48:26 gtw01 dnsmasq[32499]: read /var/lib/neutron/dhcp/4ffc89fa-cd36-4e06-8625-d7147037e1bf/addn_hosts - 2 addresses
Jun 22 04:48:26 gtw01 dnsmasq-dhcp[32499]: read /var/lib/neutron/dhcp/4ffc89fa-cd36-4e06-8625-d7147037e1bf/host
Jun 22 04:48:26 gtw01 dnsmasq-dhcp[32499]: read /var/lib/neutron/dhcp/4ffc89fa-cd36-4e06-8625-d7147037e1bf/opts
Jun 22 04:48:28 gtw01 kernel: [ 7897.850169] device qr-993e4c08-e9 entered promiscuous mode
Jun 22 04:48:28 gtw01 systemd-udevd[493]: Could not generate persistent MAC address for qr-993e4c08-e9: No such file or directory
Jun 22 04:48:29 gtw01 haproxy-metadata-proxy-acf105a0-5b7b-4092-88cf-5b61727a08fe[540]: Proxy listener started.
Jun 22 04:48:29 gtw01 dnsmasq[571]: started, version 2.80 cachesize 150
Jun 22 04:48:29 gtw01 dnsmasq[571]: DNS service limited to local subnets
Jun 22 04:48:29 gtw01 dnsmasq[571]: compile time options: IPv6 GNU-getopt DBus i18n IDN DHCP DHCPv6 no-Lua TFTP conntrack ipset auth DNSSEC loop-detect inotify dumpfile
Jun 22 04:48:29 gtw01 dnsmasq[571]: warning: no upstream servers configured
Jun 22 04:48:29 gtw01 dnsmasq-dhcp[571]: DHCP, static leases only on 192.168.120.0, lease time 1h
Jun 22 04:48:29 gtw01 dnsmasq[571]: read /var/lib/neutron/dhcp/b1a1bc52-660b-4214-88a4-256a7844c96e/addn_hosts - 1 addresses
Jun 22 04:48:29 gtw01 dnsmasq-dhcp[571]: read /var/lib/neutron/dhcp/b1a1bc52-660b-4214-88a4-256a7844c96e/host
Jun 22 04:48:29 gtw01 dnsmasq-dhcp[571]: read /var/lib/neutron/dhcp/b1a1bc52-660b-4214-88a4-256a7844c96e/opts
Jun 22 04:48:29 gtw01 haproxy-metadata-proxy-b1a1bc52-660b-4214-88a4-256a7844c96e[578]: Proxy listener started.
Jun 22 04:48:30 gtw01 systemd-udevd[596]: Could not generate persistent MAC address for qg-2fba0e01-04: No such file or directory
Jun 22 04:48:30 gtw01 kernel: [ 7898.967545] device qg-2fba0e01-04 entered promiscuous mode
Jun 22 04:48:30 gtw01 dnsmasq[571]: read /var/lib/neutron/dhcp/b1a1bc52-660b-4214-88a4-256a7844c96e/addn_hosts - 2 addresses
Jun 22 04:48:30 gtw01 dnsmasq-dhcp[571]: read /var/lib/neutron/dhcp/b1a1bc52-660b-4214-88a4-256a7844c96e/host
Jun 22 04:48:30 gtw01 dnsmasq-dhcp[571]: read /var/lib/neutron/dhcp/b1a1bc52-660b-4214-88a4-256a7844c96e/opts
Jun 22 04:48:30 gtw01 dnsmasq[32499]: read /var/lib/neutron/dhcp/4ffc89fa-cd36-4e06-8625-d7147037e1bf/addn_hosts - 3 addresses
Jun 22 04:48:30 gtw01 dnsmasq-dhcp[32499]: read /var/lib/neutron/dhcp/4ffc89fa-cd36-4e06-8625-d7147037e1bf/host
Jun 22 04:48:30 gtw01 dnsmasq-dhcp[32499]: read /var/lib/neutron/dhcp/4ffc89fa-cd36-4e06-8625-d7147037e1bf/opts
Jun 22 04:48:30 gtw01 kernel: [ 7899.765903] device qr-b1445247-4c entered promiscuous mode
Jun 22 04:48:30 gtw01 systemd-udevd[711]: Could not generate persistent MAC address for qr-b1445247-4c: No such file or directory
Jun 22 04:48:31 gtw01 dnsmasq[32499]: read /var/lib/neutron/dhcp/4ffc89fa-cd36-4e06-8625-d7147037e1bf/addn_hosts - 3 addresses
Jun 22 04:48:31 gtw01 dnsmasq-dhcp[32499]: read /var/lib/neutron/dhcp/4ffc89fa-cd36-4e06-8625-d7147037e1bf/host
Jun 22 04:48:31 gtw01 dnsmasq-dhcp[32499]: read /var/lib/neutron/dhcp/4ffc89fa-cd36-4e06-8625-d7147037e1bf/opts
Jun 22 04:48:31 gtw01 dnsmasq[571]: read /var/lib/neutron/dhcp/b1a1bc52-660b-4214-88a4-256a7844c96e/addn_hosts - 2 addresses
Jun 22 04:48:31 gtw01 dnsmasq-dhcp[571]: read /var/lib/neutron/dhcp/b1a1bc52-660b-4214-88a4-256a7844c96e/host
Jun 22 04:48:31 gtw01 dnsmasq-dhcp[571]: read /var/lib/neutron/dhcp/b1a1bc52-660b-4214-88a4-256a7844c96e/opts
Jun 22 04:48:32 gtw01 kernel: [ 7901.115676] IPv4: martian source 192.168.120.1 from 192.168.120.1, on dev qr-993e4c08-e9
Jun 22 04:48:32 gtw01 kernel: [ 7901.115680] ll header: 00000000: ff ff ff ff ff ff fa 16 3e 8c 5f 90 08 06        ........>._...
Jun 22 04:48:32 gtw01 kernel: [ 7901.115683] IPv4: martian source 192.168.120.1 from 192.168.120.1, on dev qg-2fba0e01-04
Jun 22 04:48:32 gtw01 kernel: [ 7901.115684] ll header: 00000000: ff ff ff ff ff ff fa 16 3e 8c 5f 90 08 06        ........>._...
Jun 22 04:48:34 gtw01 dnsmasq[32499]: read /var/lib/neutron/dhcp/4ffc89fa-cd36-4e06-8625-d7147037e1bf/addn_hosts - 3 addresses
Jun 22 04:48:34 gtw01 dnsmasq-dhcp[32499]: read /var/lib/neutron/dhcp/4ffc89fa-cd36-4e06-8625-d7147037e1bf/host
Jun 22 04:48:34 gtw01 dnsmasq-dhcp[32499]: read /var/lib/neutron/dhcp/4ffc89fa-cd36-4e06-8625-d7147037e1bf/opts
Jun 22 04:48:35 gtw01 kernel: [ 7904.740402] IPv4: martian source 192.168.120.1 from 192.168.120.1, on dev qg-2fba0e01-04
Jun 22 04:48:35 gtw01 kernel: [ 7904.740406] ll header: 00000000: ff ff ff ff ff ff fa 16 3e 7c d8 82 08 06        ........>|....
Jun 22 04:48:35 gtw01 kernel: [ 7904.740410] IPv4: martian source 192.168.120.1 from 192.168.120.1, on dev qr-b1445247-4c
Jun 22 04:48:35 gtw01 kernel: [ 7904.740411] ll header: 00000000: ff ff ff ff ff ff fa 16 3e 7c d8 82 08 06        ........>|....
Jun 22 04:48:36 gtw01 dnsmasq[571]: read /var/lib/neutron/dhcp/b1a1bc52-660b-4214-88a4-256a7844c96e/addn_hosts - 2 addresses
Jun 22 04:48:36 gtw01 dnsmasq-dhcp[571]: read /var/lib/neutron/dhcp/b1a1bc52-660b-4214-88a4-256a7844c96e/host
Jun 22 04:48:36 gtw01 dnsmasq-dhcp[571]: read /var/lib/neutron/dhcp/b1a1bc52-660b-4214-88a4-256a7844c96e/opts
Jun 22 04:48:36 gtw01 dnsmasq[32499]: read /var/lib/neutron/dhcp/4ffc89fa-cd36-4e06-8625-d7147037e1bf/addn_hosts - 3 addresses
Jun 22 04:48:36 gtw01 dnsmasq-dhcp[32499]: read /var/lib/neutron/dhcp/4ffc89fa-cd36-4e06-8625-d7147037e1bf/host
Jun 22 04:48:36 gtw01 dnsmasq-dhcp[32499]: read /var/lib/neutron/dhcp/4ffc89fa-cd36-4e06-8625-d7147037e1bf/opts
Jun 22 04:48:39 gtw01 dnsmasq[571]: read /var/lib/neutron/dhcp/b1a1bc52-660b-4214-88a4-256a7844c96e/addn_hosts - 2 addresses
Jun 22 04:48:39 gtw01 dnsmasq-dhcp[571]: read /var/lib/neutron/dhcp/b1a1bc52-660b-4214-88a4-256a7844c96e/host
Jun 22 04:48:39 gtw01 dnsmasq-dhcp[571]: read /var/lib/neutron/dhcp/b1a1bc52-660b-4214-88a4-256a7844c96e/opts
Jun 22 04:48:39 gtw01 dnsmasq[32499]: read /var/lib/neutron/dhcp/4ffc89fa-cd36-4e06-8625-d7147037e1bf/addn_hosts - 3 addresses
Jun 22 04:48:39 gtw01 dnsmasq-dhcp[32499]: read /var/lib/neutron/dhcp/4ffc89fa-cd36-4e06-8625-d7147037e1bf/host
Jun 22 04:48:39 gtw01 dnsmasq-dhcp[32499]: read /var/lib/neutron/dhcp/4ffc89fa-cd36-4e06-8625-d7147037e1bf/opts
Jun 22 04:48:40 gtw01 dnsmasq[571]: read /var/lib/neutron/dhcp/b1a1bc52-660b-4214-88a4-256a7844c96e/addn_hosts - 2 addresses
Jun 22 04:48:40 gtw01 dnsmasq-dhcp[571]: read /var/lib/neutron/dhcp/b1a1bc52-660b-4214-88a4-256a7844c96e/host
Jun 22 04:48:40 gtw01 dnsmasq-dhcp[571]: read /var/lib/neutron/dhcp/b1a1bc52-660b-4214-88a4-256a7844c96e/opts
Jun 22 04:48:40 gtw01 dnsmasq[32499]: read /var/lib/neutron/dhcp/4ffc89fa-cd36-4e06-8625-d7147037e1bf/addn_hosts - 4 addresses
Jun 22 04:48:40 gtw01 dnsmasq-dhcp[32499]: read /var/lib/neutron/dhcp/4ffc89fa-cd36-4e06-8625-d7147037e1bf/host
Jun 22 04:48:40 gtw01 dnsmasq-dhcp[32499]: read /var/lib/neutron/dhcp/4ffc89fa-cd36-4e06-8625-d7147037e1bf/opts
Jun 22 04:48:41 gtw01 dnsmasq[32499]: read /var/lib/neutron/dhcp/4ffc89fa-cd36-4e06-8625-d7147037e1bf/addn_hosts - 4 addresses
Jun 22 04:48:41 gtw01 dnsmasq-dhcp[32499]: read /var/lib/neutron/dhcp/4ffc89fa-cd36-4e06-8625-d7147037e1bf/host
Jun 22 04:48:41 gtw01 dnsmasq-dhcp[32499]: read /var/lib/neutron/dhcp/4ffc89fa-cd36-4e06-8625-d7147037e1bf/opts
Jun 22 04:48:42 gtw01 dnsmasq[32499]: read /var/lib/neutron/dhcp/4ffc89fa-cd36-4e06-8625-d7147037e1bf/addn_hosts - 4 addresses
Jun 22 04:48:42 gtw01 dnsmasq-dhcp[32499]: read /var/lib/neutron/dhcp/4ffc89fa-cd36-4e06-8625-d7147037e1bf/host
Jun 22 04:48:42 gtw01 dnsmasq-dhcp[32499]: read /var/lib/neutron/dhcp/4ffc89fa-cd36-4e06-8625-d7147037e1bf/opts
Jun 22 04:48:42 gtw01 haproxy-metadata-proxy-54ed6968-81d0-4cc2-86ff-ff74b474ebe1[1218]: Proxy listener started.
Jun 22 04:48:44 gtw01 dnsmasq[571]: read /var/lib/neutron/dhcp/b1a1bc52-660b-4214-88a4-256a7844c96e/addn_hosts - 2 addresses
Jun 22 04:48:44 gtw01 dnsmasq-dhcp[571]: read /var/lib/neutron/dhcp/b1a1bc52-660b-4214-88a4-256a7844c96e/host
Jun 22 04:48:44 gtw01 dnsmasq-dhcp[571]: read /var/lib/neutron/dhcp/b1a1bc52-660b-4214-88a4-256a7844c96e/opts
Jun 22 04:48:45 gtw01 dnsmasq[571]: read /var/lib/neutron/dhcp/b1a1bc52-660b-4214-88a4-256a7844c96e/addn_hosts - 2 addresses
Jun 22 04:48:45 gtw01 dnsmasq-dhcp[571]: read /var/lib/neutron/dhcp/b1a1bc52-660b-4214-88a4-256a7844c96e/host
Jun 22 04:48:45 gtw01 dnsmasq-dhcp[571]: read /var/lib/neutron/dhcp/b1a1bc52-660b-4214-88a4-256a7844c96e/opts
Jun 22 04:48:45 gtw01 dnsmasq-dhcp[32499]: DHCPDISCOVER(tap4f2bd1bb-8a) fa:16:3e:ea:90:b4
Jun 22 04:48:45 gtw01 dnsmasq-dhcp[32499]: DHCPOFFER(tap4f2bd1bb-8a) 192.168.120.3 fa:16:3e:ea:90:b4
Jun 22 04:48:45 gtw01 dnsmasq-dhcp[32499]: DHCPREQUEST(tap4f2bd1bb-8a) 192.168.120.3 fa:16:3e:ea:90:b4
Jun 22 04:48:45 gtw01 dnsmasq-dhcp[32499]: DHCPACK(tap4f2bd1bb-8a) 192.168.120.3 fa:16:3e:ea:90:b4 host-192-168-120-3
Jun 22 04:48:47 gtw01 dnsmasq[32499]: read /var/lib/neutron/dhcp/4ffc89fa-cd36-4e06-8625-d7147037e1bf/addn_hosts - 3 addresses
Jun 22 04:48:47 gtw01 dnsmasq-dhcp[32499]: read /var/lib/neutron/dhcp/4ffc89fa-cd36-4e06-8625-d7147037e1bf/host
Jun 22 04:48:47 gtw01 dnsmasq-dhcp[32499]: read /var/lib/neutron/dhcp/4ffc89fa-cd36-4e06-8625-d7147037e1bf/opts
Jun 22 04:48:49 gtw01 dnsmasq-dhcp[32499]: DHCPRELEASE(tap4f2bd1bb-8a) 192.168.120.3 fa:16:3e:ea:90:b4
Jun 22 04:48:49 gtw01 dnsmasq-dhcp[32499]: DHCPRELEASE(tap4f2bd1bb-8a) 192.168.120.3 fa:16:3e:ea:90:b4 unknown lease
Jun 22 04:48:50 gtw01 dnsmasq[32499]: read /var/lib/neutron/dhcp/4ffc89fa-cd36-4e06-8625-d7147037e1bf/addn_hosts - 2 addresses
Jun 22 04:48:50 gtw01 dnsmasq-dhcp[32499]: read /var/lib/neutron/dhcp/4ffc89fa-cd36-4e06-8625-d7147037e1bf/host
Jun 22 04:48:50 gtw01 dnsmasq-dhcp[32499]: read /var/lib/neutron/dhcp/4ffc89fa-cd36-4e06-8625-d7147037e1bf/opts
Jun 22 04:48:52 gtw01 dnsmasq[571]: read /var/lib/neutron/dhcp/b1a1bc52-660b-4214-88a4-256a7844c96e/addn_hosts - 1 addresses
Jun 22 04:48:52 gtw01 dnsmasq-dhcp[571]: read /var/lib/neutron/dhcp/b1a1bc52-660b-4214-88a4-256a7844c96e/host
Jun 22 04:48:52 gtw01 dnsmasq-dhcp[571]: read /var/lib/neutron/dhcp/b1a1bc52-660b-4214-88a4-256a7844c96e/opts
Jun 22 04:48:53 gtw01 haproxy-metadata-proxy-b1a1bc52-660b-4214-88a4-256a7844c96e[1468]: Proxy listener started.
Jun 22 04:48:54 gtw01 kernel: [ 7923.256358] device qr-993e4c08-e9 left promiscuous mode
Jun 22 04:48:57 gtw01 kernel: [ 7926.031209] device tap224d453c-aa left promiscuous mode
Jun 22 04:48:57 gtw01 kernel: [ 7926.188831] device qg-2fba0e01-04 left promiscuous mode
Jun 22 04:49:00 gtw01 dnsmasq[32499]: read /var/lib/neutron/dhcp/4ffc89fa-cd36-4e06-8625-d7147037e1bf/addn_hosts - 1 addresses
Jun 22 04:49:00 gtw01 dnsmasq-dhcp[32499]: read /var/lib/neutron/dhcp/4ffc89fa-cd36-4e06-8625-d7147037e1bf/host
Jun 22 04:49:00 gtw01 dnsmasq-dhcp[32499]: read /var/lib/neutron/dhcp/4ffc89fa-cd36-4e06-8625-d7147037e1bf/opts
Jun 22 04:49:00 gtw01 haproxy-metadata-proxy-4ffc89fa-cd36-4e06-8625-d7147037e1bf[1629]: Proxy listener started.
Jun 22 04:49:01 gtw01 kernel: [ 7930.675777] device qr-b1445247-4c left promiscuous mode
Jun 22 04:49:02 gtw01 kernel: [ 7931.495778] device qg-d405504f-76 left promiscuous mode
Jun 22 04:49:04 gtw01 kernel: [ 7933.366790] device tap4f2bd1bb-8a left promiscuous mode
Jun 22 04:49:11 gtw01 systemd-udevd[1786]: Could not generate persistent MAC address for tap04b3dd5f-b9: No such file or directory
Jun 22 04:49:11 gtw01 kernel: [ 7940.783666] device tap04b3dd5f-b9 entered promiscuous mode
Jun 22 04:49:11 gtw01 systemd-udevd[1786]: Process '/sbin/ip link set tap04b3dd5f-b9 txqueuelen 10000' failed with exit code 1.
Jun 22 04:49:11 gtw01 systemd-udevd[1836]: Process '/sbin/ip link set tap04b3dd5f-b9 txqueuelen 10000' failed with exit code 1.
Jun 22 04:49:14 gtw01 kernel: [ 7943.547935] device qg-6069ad21-1b entered promiscuous mode
Jun 22 04:49:14 gtw01 systemd-udevd[1937]: Could not generate persistent MAC address for qg-6069ad21-1b: No such file or directory
Jun 22 04:49:15 gtw01 dnsmasq[2003]: started, version 2.80 cachesize 150
Jun 22 04:49:15 gtw01 dnsmasq[2003]: DNS service limited to local subnets
Jun 22 04:49:15 gtw01 dnsmasq[2003]: compile time options: IPv6 GNU-getopt DBus i18n IDN DHCP DHCPv6 no-Lua TFTP conntrack ipset auth DNSSEC loop-detect inotify dumpfile
Jun 22 04:49:15 gtw01 dnsmasq[2003]: warning: no upstream servers configured
Jun 22 04:49:15 gtw01 dnsmasq-dhcp[2003]: DHCP, static leases only on 192.168.120.0, lease time 1h
Jun 22 04:49:15 gtw01 dnsmasq[2003]: read /var/lib/neutron/dhcp/4fbd0ac4-937d-4e75-999d-2ad32bdbe0de/addn_hosts - 1 addresses
Jun 22 04:49:15 gtw01 dnsmasq-dhcp[2003]: read /var/lib/neutron/dhcp/4fbd0ac4-937d-4e75-999d-2ad32bdbe0de/host
Jun 22 04:49:15 gtw01 dnsmasq-dhcp[2003]: read /var/lib/neutron/dhcp/4fbd0ac4-937d-4e75-999d-2ad32bdbe0de/opts
Jun 22 04:49:15 gtw01 haproxy-metadata-proxy-4fbd0ac4-937d-4e75-999d-2ad32bdbe0de[2012]: Proxy listener started.
Jun 22 04:49:15 gtw01 dnsmasq[2003]: read /var/lib/neutron/dhcp/4fbd0ac4-937d-4e75-999d-2ad32bdbe0de/addn_hosts - 2 addresses
Jun 22 04:49:15 gtw01 dnsmasq-dhcp[2003]: read /var/lib/neutron/dhcp/4fbd0ac4-937d-4e75-999d-2ad32bdbe0de/host
Jun 22 04:49:15 gtw01 dnsmasq-dhcp[2003]: read /var/lib/neutron/dhcp/4fbd0ac4-937d-4e75-999d-2ad32bdbe0de/opts
Jun 22 04:49:17 gtw01 dnsmasq[2003]: read /var/lib/neutron/dhcp/4fbd0ac4-937d-4e75-999d-2ad32bdbe0de/addn_hosts - 2 addresses
Jun 22 04:49:17 gtw01 dnsmasq-dhcp[2003]: read /var/lib/neutron/dhcp/4fbd0ac4-937d-4e75-999d-2ad32bdbe0de/host
Jun 22 04:49:17 gtw01 dnsmasq-dhcp[2003]: read /var/lib/neutron/dhcp/4fbd0ac4-937d-4e75-999d-2ad32bdbe0de/opts
Jun 22 04:49:18 gtw01 dnsmasq[2003]: read /var/lib/neutron/dhcp/4fbd0ac4-937d-4e75-999d-2ad32bdbe0de/addn_hosts - 2 addresses
Jun 22 04:49:18 gtw01 dnsmasq-dhcp[2003]: read /var/lib/neutron/dhcp/4fbd0ac4-937d-4e75-999d-2ad32bdbe0de/host
Jun 22 04:49:18 gtw01 dnsmasq-dhcp[2003]: read /var/lib/neutron/dhcp/4fbd0ac4-937d-4e75-999d-2ad32bdbe0de/opts
Jun 22 04:49:18 gtw01 kernel: [ 7947.117122] device tap5e6d9cab-b4 entered promiscuous mode
Jun 22 04:49:18 gtw01 systemd-udevd[2168]: Could not generate persistent MAC address for tap5e6d9cab-b4: No such file or directory
Jun 22 04:49:18 gtw01 systemd-udevd[2214]: Process '/sbin/ip link set tap5e6d9cab-b4 txqueuelen 10000' failed with exit code 1.
Jun 22 04:49:19 gtw01 dnsmasq[2003]: read /var/lib/neutron/dhcp/4fbd0ac4-937d-4e75-999d-2ad32bdbe0de/addn_hosts - 2 addresses
Jun 22 04:49:19 gtw01 dnsmasq-dhcp[2003]: read /var/lib/neutron/dhcp/4fbd0ac4-937d-4e75-999d-2ad32bdbe0de/host
Jun 22 04:49:19 gtw01 dnsmasq-dhcp[2003]: read /var/lib/neutron/dhcp/4fbd0ac4-937d-4e75-999d-2ad32bdbe0de/opts
Jun 22 04:49:19 gtw01 dnsmasq[2003]: read /var/lib/neutron/dhcp/4fbd0ac4-937d-4e75-999d-2ad32bdbe0de/addn_hosts - 2 addresses
Jun 22 04:49:19 gtw01 dnsmasq-dhcp[2003]: read /var/lib/neutron/dhcp/4fbd0ac4-937d-4e75-999d-2ad32bdbe0de/host
Jun 22 04:49:19 gtw01 dnsmasq-dhcp[2003]: read /var/lib/neutron/dhcp/4fbd0ac4-937d-4e75-999d-2ad32bdbe0de/opts
Jun 22 04:49:21 gtw01 haproxy-metadata-proxy-2e170ee6-db87-4d34-840f-f5f224a3951c[2409]: Proxy listener started.
Jun 22 04:49:21 gtw01 systemd-udevd[2418]: Could not generate persistent MAC address for qr-324e77a6-bb: No such file or directory
Jun 22 04:49:21 gtw01 kernel: [ 7950.151029] device qr-324e77a6-bb entered promiscuous mode
Jun 22 04:49:21 gtw01 dnsmasq[2494]: started, version 2.80 cachesize 150
Jun 22 04:49:21 gtw01 dnsmasq[2494]: DNS service limited to local subnets
Jun 22 04:49:21 gtw01 dnsmasq[2494]: compile time options: IPv6 GNU-getopt DBus i18n IDN DHCP DHCPv6 no-Lua TFTP conntrack ipset auth DNSSEC loop-detect inotify dumpfile
Jun 22 04:49:21 gtw01 dnsmasq[2494]: warning: no upstream servers configured
Jun 22 04:49:21 gtw01 dnsmasq-dhcp[2494]: DHCP, static leases only on 192.168.120.0, lease time 1h
Jun 22 04:49:21 gtw01 dnsmasq[2494]: read /var/lib/neutron/dhcp/f6c7ac2c-a3ce-4e97-8a71-d00104b10f57/addn_hosts - 1 addresses
Jun 22 04:49:21 gtw01 dnsmasq-dhcp[2494]: read /var/lib/neutron/dhcp/f6c7ac2c-a3ce-4e97-8a71-d00104b10f57/host
Jun 22 04:49:21 gtw01 dnsmasq-dhcp[2494]: read /var/lib/neutron/dhcp/f6c7ac2c-a3ce-4e97-8a71-d00104b10f57/opts
Jun 22 04:49:22 gtw01 haproxy-metadata-proxy-f6c7ac2c-a3ce-4e97-8a71-d00104b10f57[2501]: Proxy listener started.
Jun 22 04:49:22 gtw01 systemd-udevd[2522]: Could not generate persistent MAC address for qg-ccdd22aa-e8: No such file or directory
Jun 22 04:49:22 gtw01 kernel: [ 7951.311779] device qg-ccdd22aa-e8 entered promiscuous mode
Jun 22 04:49:22 gtw01 dnsmasq[2003]: read /var/lib/neutron/dhcp/4fbd0ac4-937d-4e75-999d-2ad32bdbe0de/addn_hosts - 2 addresses
Jun 22 04:49:22 gtw01 dnsmasq-dhcp[2003]: read /var/lib/neutron/dhcp/4fbd0ac4-937d-4e75-999d-2ad32bdbe0de/host
Jun 22 04:49:22 gtw01 dnsmasq-dhcp[2003]: read /var/lib/neutron/dhcp/4fbd0ac4-937d-4e75-999d-2ad32bdbe0de/opts
Jun 22 04:49:23 gtw01 dnsmasq[2494]: read /var/lib/neutron/dhcp/f6c7ac2c-a3ce-4e97-8a71-d00104b10f57/addn_hosts - 2 addresses
Jun 22 04:49:23 gtw01 dnsmasq-dhcp[2494]: read /var/lib/neutron/dhcp/f6c7ac2c-a3ce-4e97-8a71-d00104b10f57/host
Jun 22 04:49:23 gtw01 dnsmasq-dhcp[2494]: read /var/lib/neutron/dhcp/f6c7ac2c-a3ce-4e97-8a71-d00104b10f57/opts
Jun 22 04:49:23 gtw01 systemd-udevd[2625]: Could not generate persistent MAC address for qr-47ca1398-74: No such file or directory
Jun 22 04:49:23 gtw01 kernel: [ 7951.975856] device qr-47ca1398-74 entered promiscuous mode
Jun 22 04:49:23 gtw01 dnsmasq[2003]: read /var/lib/neutron/dhcp/4fbd0ac4-937d-4e75-999d-2ad32bdbe0de/addn_hosts - 2 addresses
Jun 22 04:49:23 gtw01 dnsmasq-dhcp[2003]: read /var/lib/neutron/dhcp/4fbd0ac4-937d-4e75-999d-2ad32bdbe0de/host
Jun 22 04:49:23 gtw01 dnsmasq-dhcp[2003]: read /var/lib/neutron/dhcp/4fbd0ac4-937d-4e75-999d-2ad32bdbe0de/opts
Jun 22 04:49:24 gtw01 dnsmasq[2494]: read /var/lib/neutron/dhcp/f6c7ac2c-a3ce-4e97-8a71-d00104b10f57/addn_hosts - 2 addresses
Jun 22 04:49:24 gtw01 dnsmasq-dhcp[2494]: read /var/lib/neutron/dhcp/f6c7ac2c-a3ce-4e97-8a71-d00104b10f57/host
Jun 22 04:49:24 gtw01 dnsmasq-dhcp[2494]: read /var/lib/neutron/dhcp/f6c7ac2c-a3ce-4e97-8a71-d00104b10f57/opts
Jun 22 04:49:24 gtw01 kernel: [ 7953.263656] IPv4: martian source 192.168.120.1 from 192.168.120.1, on dev qr-324e77a6-bb
Jun 22 04:49:24 gtw01 kernel: [ 7953.263660] ll header: 00000000: ff ff ff ff ff ff fa 16 3e 95 65 6f 08 06        ........>.eo..
Jun 22 04:49:25 gtw01 kernel: [ 7953.979314] IPv4: martian source 192.168.120.1 from 192.168.120.1, on dev qr-47ca1398-74
Jun 22 04:49:25 gtw01 kernel: [ 7953.979317] ll header: 00000000: ff ff ff ff ff ff fa 16 3e 17 25 33 08 06        ........>.%3..
Jun 22 04:49:25 gtw01 dnsmasq[2494]: read /var/lib/neutron/dhcp/f6c7ac2c-a3ce-4e97-8a71-d00104b10f57/addn_hosts - 2 addresses
Jun 22 04:49:25 gtw01 dnsmasq-dhcp[2494]: read /var/lib/neutron/dhcp/f6c7ac2c-a3ce-4e97-8a71-d00104b10f57/host
Jun 22 04:49:25 gtw01 dnsmasq-dhcp[2494]: read /var/lib/neutron/dhcp/f6c7ac2c-a3ce-4e97-8a71-d00104b10f57/opts
Jun 22 04:49:26 gtw01 dnsmasq[2494]: read /var/lib/neutron/dhcp/f6c7ac2c-a3ce-4e97-8a71-d00104b10f57/addn_hosts - 2 addresses
Jun 22 04:49:26 gtw01 dnsmasq-dhcp[2494]: read /var/lib/neutron/dhcp/f6c7ac2c-a3ce-4e97-8a71-d00104b10f57/host
Jun 22 04:49:26 gtw01 dnsmasq-dhcp[2494]: read /var/lib/neutron/dhcp/f6c7ac2c-a3ce-4e97-8a71-d00104b10f57/opts
Jun 22 04:49:27 gtw01 dnsmasq[2494]: read /var/lib/neutron/dhcp/f6c7ac2c-a3ce-4e97-8a71-d00104b10f57/addn_hosts - 2 addresses
Jun 22 04:49:27 gtw01 dnsmasq-dhcp[2494]: read /var/lib/neutron/dhcp/f6c7ac2c-a3ce-4e97-8a71-d00104b10f57/host
Jun 22 04:49:27 gtw01 dnsmasq-dhcp[2494]: read /var/lib/neutron/dhcp/f6c7ac2c-a3ce-4e97-8a71-d00104b10f57/opts
Jun 22 04:49:29 gtw01 haproxy-metadata-proxy-37e82355-5adf-4a0e-b162-a8782f3c5bdf[3060]: Proxy listener started.
Jun 22 04:49:30 gtw01 dnsmasq[2003]: read /var/lib/neutron/dhcp/4fbd0ac4-937d-4e75-999d-2ad32bdbe0de/addn_hosts - 3 addresses
Jun 22 04:49:30 gtw01 dnsmasq-dhcp[2003]: read /var/lib/neutron/dhcp/4fbd0ac4-937d-4e75-999d-2ad32bdbe0de/host
Jun 22 04:49:30 gtw01 dnsmasq-dhcp[2003]: read /var/lib/neutron/dhcp/4fbd0ac4-937d-4e75-999d-2ad32bdbe0de/opts
Jun 22 04:49:31 gtw01 dnsmasq[2003]: read /var/lib/neutron/dhcp/4fbd0ac4-937d-4e75-999d-2ad32bdbe0de/addn_hosts - 3 addresses
Jun 22 04:49:31 gtw01 dnsmasq-dhcp[2003]: read /var/lib/neutron/dhcp/4fbd0ac4-937d-4e75-999d-2ad32bdbe0de/host
Jun 22 04:49:31 gtw01 dnsmasq-dhcp[2003]: read /var/lib/neutron/dhcp/4fbd0ac4-937d-4e75-999d-2ad32bdbe0de/opts
Jun 22 04:49:31 gtw01 dnsmasq[2494]: read /var/lib/neutron/dhcp/f6c7ac2c-a3ce-4e97-8a71-d00104b10f57/addn_hosts - 2 addresses
Jun 22 04:49:31 gtw01 dnsmasq-dhcp[2494]: read /var/lib/neutron/dhcp/f6c7ac2c-a3ce-4e97-8a71-d00104b10f57/host
Jun 22 04:49:31 gtw01 dnsmasq-dhcp[2494]: read /var/lib/neutron/dhcp/f6c7ac2c-a3ce-4e97-8a71-d00104b10f57/opts
Jun 22 04:49:32 gtw01 dnsmasq[2003]: read /var/lib/neutron/dhcp/4fbd0ac4-937d-4e75-999d-2ad32bdbe0de/addn_hosts - 3 addresses
Jun 22 04:49:32 gtw01 dnsmasq-dhcp[2003]: read /var/lib/neutron/dhcp/4fbd0ac4-937d-4e75-999d-2ad32bdbe0de/host
Jun 22 04:49:32 gtw01 dnsmasq-dhcp[2003]: read /var/lib/neutron/dhcp/4fbd0ac4-937d-4e75-999d-2ad32bdbe0de/opts
Jun 22 04:49:32 gtw01 dnsmasq[2494]: read /var/lib/neutron/dhcp/f6c7ac2c-a3ce-4e97-8a71-d00104b10f57/addn_hosts - 2 addresses
Jun 22 04:49:32 gtw01 dnsmasq-dhcp[2494]: read /var/lib/neutron/dhcp/f6c7ac2c-a3ce-4e97-8a71-d00104b10f57/host
Jun 22 04:49:32 gtw01 dnsmasq-dhcp[2494]: read /var/lib/neutron/dhcp/f6c7ac2c-a3ce-4e97-8a71-d00104b10f57/opts
Jun 22 04:49:42 gtw01 dnsmasq[2003]: read /var/lib/neutron/dhcp/4fbd0ac4-937d-4e75-999d-2ad32bdbe0de/addn_hosts - 4 addresses
Jun 22 04:49:42 gtw01 dnsmasq-dhcp[2003]: read /var/lib/neutron/dhcp/4fbd0ac4-937d-4e75-999d-2ad32bdbe0de/host
Jun 22 04:49:42 gtw01 dnsmasq-dhcp[2003]: read /var/lib/neutron/dhcp/4fbd0ac4-937d-4e75-999d-2ad32bdbe0de/opts
Jun 22 04:49:43 gtw01 dnsmasq[2003]: read /var/lib/neutron/dhcp/4fbd0ac4-937d-4e75-999d-2ad32bdbe0de/addn_hosts - 4 addresses
Jun 22 04:49:43 gtw01 dnsmasq-dhcp[2003]: read /var/lib/neutron/dhcp/4fbd0ac4-937d-4e75-999d-2ad32bdbe0de/host
Jun 22 04:49:43 gtw01 dnsmasq-dhcp[2003]: read /var/lib/neutron/dhcp/4fbd0ac4-937d-4e75-999d-2ad32bdbe0de/opts
Jun 22 04:49:44 gtw01 dnsmasq[2003]: read /var/lib/neutron/dhcp/4fbd0ac4-937d-4e75-999d-2ad32bdbe0de/addn_hosts - 4 addresses
Jun 22 04:49:44 gtw01 dnsmasq-dhcp[2003]: read /var/lib/neutron/dhcp/4fbd0ac4-937d-4e75-999d-2ad32bdbe0de/host
Jun 22 04:49:44 gtw01 dnsmasq-dhcp[2003]: read /var/lib/neutron/dhcp/4fbd0ac4-937d-4e75-999d-2ad32bdbe0de/opts
Jun 22 04:49:46 gtw01 dnsmasq-dhcp[2003]: DHCPDISCOVER(tap04b3dd5f-b9) fa:16:3e:f3:2a:0e
Jun 22 04:49:46 gtw01 dnsmasq-dhcp[2003]: DHCPOFFER(tap04b3dd5f-b9) 192.168.120.4 fa:16:3e:f3:2a:0e
Jun 22 04:49:46 gtw01 dnsmasq-dhcp[2003]: DHCPREQUEST(tap04b3dd5f-b9) 192.168.120.4 fa:16:3e:f3:2a:0e
Jun 22 04:49:46 gtw01 dnsmasq-dhcp[2003]: DHCPACK(tap04b3dd5f-b9) 192.168.120.4 fa:16:3e:f3:2a:0e host-192-168-120-4
Jun 22 04:50:02 gtw01 dnsmasq[2003]: read /var/lib/neutron/dhcp/4fbd0ac4-937d-4e75-999d-2ad32bdbe0de/addn_hosts - 3 addresses
Jun 22 04:50:02 gtw01 dnsmasq-dhcp[2003]: read /var/lib/neutron/dhcp/4fbd0ac4-937d-4e75-999d-2ad32bdbe0de/host
Jun 22 04:50:02 gtw01 dnsmasq-dhcp[2003]: read /var/lib/neutron/dhcp/4fbd0ac4-937d-4e75-999d-2ad32bdbe0de/opts
Jun 22 04:50:07 gtw01 dnsmasq-dhcp[2003]: DHCPRELEASE(tap04b3dd5f-b9) 192.168.120.4 fa:16:3e:f3:2a:0e
Jun 22 04:50:08 gtw01 dnsmasq-dhcp[2003]: DHCPRELEASE(tap04b3dd5f-b9) 192.168.120.4 fa:16:3e:f3:2a:0e unknown lease
Jun 22 04:50:08 gtw01 dnsmasq[2003]: read /var/lib/neutron/dhcp/4fbd0ac4-937d-4e75-999d-2ad32bdbe0de/addn_hosts - 2 addresses
Jun 22 04:50:08 gtw01 dnsmasq-dhcp[2003]: read /var/lib/neutron/dhcp/4fbd0ac4-937d-4e75-999d-2ad32bdbe0de/host
Jun 22 04:50:08 gtw01 dnsmasq-dhcp[2003]: read /var/lib/neutron/dhcp/4fbd0ac4-937d-4e75-999d-2ad32bdbe0de/opts
Jun 22 04:50:13 gtw01 dnsmasq[2494]: read /var/lib/neutron/dhcp/f6c7ac2c-a3ce-4e97-8a71-d00104b10f57/addn_hosts - 1 addresses
Jun 22 04:50:13 gtw01 dnsmasq-dhcp[2494]: read /var/lib/neutron/dhcp/f6c7ac2c-a3ce-4e97-8a71-d00104b10f57/host
Jun 22 04:50:13 gtw01 dnsmasq-dhcp[2494]: read /var/lib/neutron/dhcp/f6c7ac2c-a3ce-4e97-8a71-d00104b10f57/opts
Jun 22 04:50:13 gtw01 haproxy-metadata-proxy-f6c7ac2c-a3ce-4e97-8a71-d00104b10f57[3393]: Proxy listener started.
Jun 22 04:50:14 gtw01 kernel: [ 8003.717896] device qr-324e77a6-bb left promiscuous mode
Jun 22 04:50:17 gtw01 kernel: [ 8006.337583] device tap5e6d9cab-b4 left promiscuous mode
Jun 22 04:50:17 gtw01 kernel: [ 8006.547811] device qg-ccdd22aa-e8 left promiscuous mode
Jun 22 04:50:19 gtw01 dnsmasq[2003]: read /var/lib/neutron/dhcp/4fbd0ac4-937d-4e75-999d-2ad32bdbe0de/addn_hosts - 1 addresses
Jun 22 04:50:19 gtw01 dnsmasq-dhcp[2003]: read /var/lib/neutron/dhcp/4fbd0ac4-937d-4e75-999d-2ad32bdbe0de/host
Jun 22 04:50:19 gtw01 dnsmasq-dhcp[2003]: read /var/lib/neutron/dhcp/4fbd0ac4-937d-4e75-999d-2ad32bdbe0de/opts
Jun 22 04:50:20 gtw01 haproxy-metadata-proxy-4fbd0ac4-937d-4e75-999d-2ad32bdbe0de[3541]: Proxy listener started.
Jun 22 04:50:21 gtw01 kernel: [ 8010.257572] device qr-47ca1398-74 left promiscuous mode
Jun 22 04:50:22 gtw01 kernel: [ 8010.980667] device qg-6069ad21-1b left promiscuous mode
Jun 22 04:50:23 gtw01 kernel: [ 8012.709721] device tap04b3dd5f-b9 left promiscuous mode
Jun 22 04:50:37 gtw01 dnsmasq[23938]: read /var/lib/neutron/dhcp/e6e0556b-7c15-478e-96ce-a8032fb6e850/addn_hosts - 1 addresses
Jun 22 04:50:37 gtw01 dnsmasq-dhcp[23938]: read /var/lib/neutron/dhcp/e6e0556b-7c15-478e-96ce-a8032fb6e850/host
Jun 22 04:50:37 gtw01 dnsmasq-dhcp[23938]: read /var/lib/neutron/dhcp/e6e0556b-7c15-478e-96ce-a8032fb6e850/opts
Jun 22 04:50:38 gtw01 haproxy-metadata-proxy-e6e0556b-7c15-478e-96ce-a8032fb6e850[3680]: Proxy listener started.
Jun 22 04:50:39 gtw01 kernel: [ 8028.657630] device qr-e9edec32-73 left promiscuous mode
Jun 22 04:50:42 gtw01 kernel: [ 8031.287977] device tap8ddeccbf-e6 left promiscuous mode
Jun 22 04:50:42 gtw01 kernel: [ 8031.488392] device qg-cbb32c66-0f left promiscuous mode
Jun 22 04:50:50 gtw01 kernel: [ 8039.737676] device tap228dda40-d9 entered promiscuous mode
Jun 22 04:50:50 gtw01 systemd-udevd[3841]: Could not generate persistent MAC address for tap228dda40-d9: No such file or directory
Jun 22 04:50:50 gtw01 systemd-udevd[3887]: Process '/sbin/ip link set tap228dda40-d9 txqueuelen 10000' failed with exit code 1.
Jun 22 04:50:54 gtw01 kernel: [ 8042.882355] device qg-39740466-5a entered promiscuous mode
Jun 22 04:50:54 gtw01 systemd-udevd[3995]: Could not generate persistent MAC address for qg-39740466-5a: No such file or directory
Jun 22 04:50:54 gtw01 dnsmasq[4049]: started, version 2.80 cachesize 150
Jun 22 04:50:54 gtw01 dnsmasq[4049]: DNS service limited to local subnets
Jun 22 04:50:54 gtw01 dnsmasq[4049]: compile time options: IPv6 GNU-getopt DBus i18n IDN DHCP DHCPv6 no-Lua TFTP conntrack ipset auth DNSSEC loop-detect inotify dumpfile
Jun 22 04:50:54 gtw01 dnsmasq[4049]: warning: no upstream servers configured
Jun 22 04:50:54 gtw01 dnsmasq-dhcp[4049]: DHCP, static leases only on 192.168.120.0, lease time 1h
Jun 22 04:50:54 gtw01 dnsmasq[4049]: read /var/lib/neutron/dhcp/ca9f007d-d13d-447c-9579-68074441f72d/addn_hosts - 1 addresses
Jun 22 04:50:54 gtw01 dnsmasq-dhcp[4049]: read /var/lib/neutron/dhcp/ca9f007d-d13d-447c-9579-68074441f72d/host
Jun 22 04:50:54 gtw01 dnsmasq-dhcp[4049]: read /var/lib/neutron/dhcp/ca9f007d-d13d-447c-9579-68074441f72d/opts
Jun 22 04:50:54 gtw01 haproxy-metadata-proxy-ca9f007d-d13d-447c-9579-68074441f72d[4058]: Proxy listener started.
Jun 22 04:50:54 gtw01 dnsmasq[4049]: read /var/lib/neutron/dhcp/ca9f007d-d13d-447c-9579-68074441f72d/addn_hosts - 2 addresses
Jun 22 04:50:54 gtw01 dnsmasq-dhcp[4049]: read /var/lib/neutron/dhcp/ca9f007d-d13d-447c-9579-68074441f72d/host
Jun 22 04:50:54 gtw01 dnsmasq-dhcp[4049]: read /var/lib/neutron/dhcp/ca9f007d-d13d-447c-9579-68074441f72d/opts
Jun 22 04:50:56 gtw01 dnsmasq[4049]: read /var/lib/neutron/dhcp/ca9f007d-d13d-447c-9579-68074441f72d/addn_hosts - 2 addresses
Jun 22 04:50:56 gtw01 dnsmasq-dhcp[4049]: read /var/lib/neutron/dhcp/ca9f007d-d13d-447c-9579-68074441f72d/host
Jun 22 04:50:56 gtw01 dnsmasq-dhcp[4049]: read /var/lib/neutron/dhcp/ca9f007d-d13d-447c-9579-68074441f72d/opts
Jun 22 04:50:57 gtw01 dnsmasq[4049]: read /var/lib/neutron/dhcp/ca9f007d-d13d-447c-9579-68074441f72d/addn_hosts - 2 addresses
Jun 22 04:50:57 gtw01 dnsmasq-dhcp[4049]: read /var/lib/neutron/dhcp/ca9f007d-d13d-447c-9579-68074441f72d/host
Jun 22 04:50:57 gtw01 dnsmasq-dhcp[4049]: read /var/lib/neutron/dhcp/ca9f007d-d13d-447c-9579-68074441f72d/opts
Jun 22 04:50:57 gtw01 dnsmasq[4049]: read /var/lib/neutron/dhcp/ca9f007d-d13d-447c-9579-68074441f72d/addn_hosts - 2 addresses
Jun 22 04:50:57 gtw01 dnsmasq-dhcp[4049]: read /var/lib/neutron/dhcp/ca9f007d-d13d-447c-9579-68074441f72d/host
Jun 22 04:50:57 gtw01 dnsmasq-dhcp[4049]: read /var/lib/neutron/dhcp/ca9f007d-d13d-447c-9579-68074441f72d/opts
Jun 22 04:50:58 gtw01 dnsmasq[4049]: read /var/lib/neutron/dhcp/ca9f007d-d13d-447c-9579-68074441f72d/addn_hosts - 2 addresses
Jun 22 04:50:58 gtw01 dnsmasq-dhcp[4049]: read /var/lib/neutron/dhcp/ca9f007d-d13d-447c-9579-68074441f72d/host
Jun 22 04:50:58 gtw01 dnsmasq-dhcp[4049]: read /var/lib/neutron/dhcp/ca9f007d-d13d-447c-9579-68074441f72d/opts
Jun 22 04:51:00 gtw01 haproxy-metadata-proxy-538b6e11-e85e-4171-a4e5-ca16a372bc25[4270]: Proxy listener started.
Jun 22 04:51:01 gtw01 dnsmasq[4049]: read /var/lib/neutron/dhcp/ca9f007d-d13d-447c-9579-68074441f72d/addn_hosts - 2 addresses
Jun 22 04:51:01 gtw01 dnsmasq-dhcp[4049]: read /var/lib/neutron/dhcp/ca9f007d-d13d-447c-9579-68074441f72d/host
Jun 22 04:51:01 gtw01 dnsmasq-dhcp[4049]: read /var/lib/neutron/dhcp/ca9f007d-d13d-447c-9579-68074441f72d/opts
Jun 22 04:51:01 gtw01 systemd-udevd[4298]: Could not generate persistent MAC address for qr-4418f419-b6: No such file or directory
Jun 22 04:51:01 gtw01 kernel: [ 8050.706937] device qr-4418f419-b6 entered promiscuous mode
Jun 22 04:51:02 gtw01 dnsmasq[4049]: read /var/lib/neutron/dhcp/ca9f007d-d13d-447c-9579-68074441f72d/addn_hosts - 2 addresses
Jun 22 04:51:02 gtw01 dnsmasq-dhcp[4049]: read /var/lib/neutron/dhcp/ca9f007d-d13d-447c-9579-68074441f72d/host
Jun 22 04:51:02 gtw01 dnsmasq-dhcp[4049]: read /var/lib/neutron/dhcp/ca9f007d-d13d-447c-9579-68074441f72d/opts
Jun 22 04:51:59 gtw01 systemd-udevd[4571]: Could not generate persistent MAC address for tapf4067259-c3: No such file or directory
Jun 22 04:51:59 gtw01 kernel: [ 8107.883831] device tapf4067259-c3 entered promiscuous mode
Jun 22 04:51:59 gtw01 systemd-udevd[4583]: Could not generate persistent MAC address for tap58b7abf9-ac: No such file or directory
Jun 22 04:51:59 gtw01 kernel: [ 8107.899668] device tap58b7abf9-ac entered promiscuous mode
Jun 22 04:51:59 gtw01 systemd-udevd[4638]: Process '/sbin/ip link set tapf4067259-c3 txqueuelen 10000' failed with exit code 1.
Jun 22 04:51:59 gtw01 systemd-udevd[4672]: Process '/sbin/ip link set tap58b7abf9-ac txqueuelen 10000' failed with exit code 1.
Jun 22 04:52:00 gtw01 systemd-udevd[4754]: Could not generate persistent MAC address for tapfecf201f-70: No such file or directory
Jun 22 04:52:00 gtw01 kernel: [ 8109.623554] device tapfecf201f-70 entered promiscuous mode
Jun 22 04:52:00 gtw01 systemd-udevd[4754]: Process '/sbin/ip link set tapfecf201f-70 txqueuelen 10000' failed with exit code 1.
Jun 22 04:52:00 gtw01 systemd-udevd[4754]: Process '/sbin/ip link set tapfecf201f-70 txqueuelen 10000' failed with exit code 1.
Jun 22 04:52:02 gtw01 kernel: [ 8110.976910] device tap143a6516-01 entered promiscuous mode
Jun 22 04:52:02 gtw01 systemd-udevd[4914]: Could not generate persistent MAC address for tap143a6516-01: No such file or directory
Jun 22 04:52:02 gtw01 systemd-udevd[4962]: Process '/sbin/ip link set tap143a6516-01 txqueuelen 10000' failed with exit code 1.
Jun 22 04:52:02 gtw01 dnsmasq[4988]: started, version 2.80 cachesize 150
Jun 22 04:52:02 gtw01 dnsmasq[4988]: DNS service limited to local subnets
Jun 22 04:52:02 gtw01 dnsmasq[4988]: compile time options: IPv6 GNU-getopt DBus i18n IDN DHCP DHCPv6 no-Lua TFTP conntrack ipset auth DNSSEC loop-detect inotify dumpfile
Jun 22 04:52:02 gtw01 dnsmasq[4988]: warning: no upstream servers configured
Jun 22 04:52:02 gtw01 dnsmasq-dhcp[4988]: DHCP, static leases only on 192.168.120.0, lease time 1h
Jun 22 04:52:02 gtw01 dnsmasq[4988]: read /var/lib/neutron/dhcp/c2c16e6e-0ef0-4d52-9d99-d71723eee153/addn_hosts - 1 addresses
Jun 22 04:52:02 gtw01 dnsmasq-dhcp[4988]: read /var/lib/neutron/dhcp/c2c16e6e-0ef0-4d52-9d99-d71723eee153/host
