Jun 22 03:24:36 gtw01 dnsmasq-dhcp[10437]: read /var/lib/neutron/dhcp/4d87977c-a49a-4bf3-b919-1aa5b4c6545f/opts
Jun 22 03:24:36 gtw01 dnsmasq[10168]: read /var/lib/neutron/dhcp/fb010602-bd4c-4df5-91f0-91dc050a0945/addn_hosts - 2 addresses
Jun 22 03:24:36 gtw01 dnsmasq-dhcp[10168]: read /var/lib/neutron/dhcp/fb010602-bd4c-4df5-91f0-91dc050a0945/host
Jun 22 03:24:36 gtw01 dnsmasq-dhcp[10168]: read /var/lib/neutron/dhcp/fb010602-bd4c-4df5-91f0-91dc050a0945/opts
Jun 22 03:24:37 gtw01 dnsmasq[10613]: read /var/lib/neutron/dhcp/b0925884-887f-403c-86fc-5a27214ffae4/addn_hosts - 2 addresses
Jun 22 03:24:37 gtw01 dnsmasq-dhcp[10613]: read /var/lib/neutron/dhcp/b0925884-887f-403c-86fc-5a27214ffae4/host
Jun 22 03:24:37 gtw01 dnsmasq-dhcp[10613]: read /var/lib/neutron/dhcp/b0925884-887f-403c-86fc-5a27214ffae4/opts
Jun 22 03:24:37 gtw01 dnsmasq[8218]: read /var/lib/neutron/dhcp/d0eb51b4-3633-4c99-9c01-2407af1eb417/addn_hosts - 1 addresses
Jun 22 03:24:37 gtw01 dnsmasq-dhcp[8218]: read /var/lib/neutron/dhcp/d0eb51b4-3633-4c99-9c01-2407af1eb417/host
Jun 22 03:24:37 gtw01 dnsmasq-dhcp[8218]: read /var/lib/neutron/dhcp/d0eb51b4-3633-4c99-9c01-2407af1eb417/opts
Jun 22 03:24:37 gtw01 dnsmasq[10437]: read /var/lib/neutron/dhcp/4d87977c-a49a-4bf3-b919-1aa5b4c6545f/addn_hosts - 3 addresses
Jun 22 03:24:37 gtw01 dnsmasq-dhcp[10437]: read /var/lib/neutron/dhcp/4d87977c-a49a-4bf3-b919-1aa5b4c6545f/host
Jun 22 03:24:37 gtw01 dnsmasq-dhcp[10437]: read /var/lib/neutron/dhcp/4d87977c-a49a-4bf3-b919-1aa5b4c6545f/opts
Jun 22 03:24:37 gtw01 dnsmasq[10168]: read /var/lib/neutron/dhcp/fb010602-bd4c-4df5-91f0-91dc050a0945/addn_hosts - 2 addresses
Jun 22 03:24:37 gtw01 dnsmasq-dhcp[10168]: read /var/lib/neutron/dhcp/fb010602-bd4c-4df5-91f0-91dc050a0945/host
Jun 22 03:24:37 gtw01 dnsmasq-dhcp[10168]: read /var/lib/neutron/dhcp/fb010602-bd4c-4df5-91f0-91dc050a0945/opts
Jun 22 03:24:38 gtw01 dnsmasq[10613]: read /var/lib/neutron/dhcp/b0925884-887f-403c-86fc-5a27214ffae4/addn_hosts - 2 addresses
Jun 22 03:24:38 gtw01 dnsmasq-dhcp[10613]: read /var/lib/neutron/dhcp/b0925884-887f-403c-86fc-5a27214ffae4/host
Jun 22 03:24:38 gtw01 dnsmasq-dhcp[10613]: read /var/lib/neutron/dhcp/b0925884-887f-403c-86fc-5a27214ffae4/opts
Jun 22 03:24:38 gtw01 dnsmasq[10437]: read /var/lib/neutron/dhcp/4d87977c-a49a-4bf3-b919-1aa5b4c6545f/addn_hosts - 3 addresses
Jun 22 03:24:38 gtw01 dnsmasq-dhcp[10437]: read /var/lib/neutron/dhcp/4d87977c-a49a-4bf3-b919-1aa5b4c6545f/host
Jun 22 03:24:38 gtw01 dnsmasq-dhcp[10437]: read /var/lib/neutron/dhcp/4d87977c-a49a-4bf3-b919-1aa5b4c6545f/opts
Jun 22 03:24:38 gtw01 dnsmasq[10168]: read /var/lib/neutron/dhcp/fb010602-bd4c-4df5-91f0-91dc050a0945/addn_hosts - 2 addresses
Jun 22 03:24:38 gtw01 dnsmasq-dhcp[10168]: read /var/lib/neutron/dhcp/fb010602-bd4c-4df5-91f0-91dc050a0945/host
Jun 22 03:24:38 gtw01 dnsmasq-dhcp[10168]: read /var/lib/neutron/dhcp/fb010602-bd4c-4df5-91f0-91dc050a0945/opts
Jun 22 03:24:38 gtw01 dnsmasq[8886]: read /var/lib/neutron/dhcp/1fb72e65-df48-4a2a-97ba-a148149ad38a/addn_hosts - 1 addresses
Jun 22 03:24:38 gtw01 dnsmasq-dhcp[8886]: read /var/lib/neutron/dhcp/1fb72e65-df48-4a2a-97ba-a148149ad38a/host
Jun 22 03:24:38 gtw01 dnsmasq-dhcp[8886]: read /var/lib/neutron/dhcp/1fb72e65-df48-4a2a-97ba-a148149ad38a/opts
Jun 22 03:24:39 gtw01 dnsmasq[10613]: read /var/lib/neutron/dhcp/b0925884-887f-403c-86fc-5a27214ffae4/addn_hosts - 2 addresses
Jun 22 03:24:39 gtw01 dnsmasq-dhcp[10613]: read /var/lib/neutron/dhcp/b0925884-887f-403c-86fc-5a27214ffae4/host
Jun 22 03:24:39 gtw01 dnsmasq-dhcp[10613]: read /var/lib/neutron/dhcp/b0925884-887f-403c-86fc-5a27214ffae4/opts
Jun 22 03:24:39 gtw01 dnsmasq[9466]: read /var/lib/neutron/dhcp/50e8d324-0ed2-4502-97cd-5b6ddeaaa933/addn_hosts - 1 addresses
Jun 22 03:24:39 gtw01 dnsmasq-dhcp[9466]: read /var/lib/neutron/dhcp/50e8d324-0ed2-4502-97cd-5b6ddeaaa933/host
Jun 22 03:24:39 gtw01 dnsmasq-dhcp[9466]: read /var/lib/neutron/dhcp/50e8d324-0ed2-4502-97cd-5b6ddeaaa933/opts
Jun 22 03:24:39 gtw01 dnsmasq[10437]: read /var/lib/neutron/dhcp/4d87977c-a49a-4bf3-b919-1aa5b4c6545f/addn_hosts - 3 addresses
Jun 22 03:24:39 gtw01 dnsmasq-dhcp[10437]: read /var/lib/neutron/dhcp/4d87977c-a49a-4bf3-b919-1aa5b4c6545f/host
Jun 22 03:24:39 gtw01 dnsmasq-dhcp[10437]: read /var/lib/neutron/dhcp/4d87977c-a49a-4bf3-b919-1aa5b4c6545f/opts
Jun 22 03:24:40 gtw01 dnsmasq[10613]: read /var/lib/neutron/dhcp/b0925884-887f-403c-86fc-5a27214ffae4/addn_hosts - 2 addresses
Jun 22 03:24:40 gtw01 dnsmasq-dhcp[10613]: read /var/lib/neutron/dhcp/b0925884-887f-403c-86fc-5a27214ffae4/host
Jun 22 03:24:40 gtw01 dnsmasq-dhcp[10613]: read /var/lib/neutron/dhcp/b0925884-887f-403c-86fc-5a27214ffae4/opts
Jun 22 03:24:40 gtw01 dnsmasq[10084]: read /var/lib/neutron/dhcp/ed85e12b-22df-4c34-8686-0e1663076608/addn_hosts - 1 addresses
Jun 22 03:24:40 gtw01 dnsmasq-dhcp[10084]: read /var/lib/neutron/dhcp/ed85e12b-22df-4c34-8686-0e1663076608/host
Jun 22 03:24:40 gtw01 dnsmasq-dhcp[10084]: read /var/lib/neutron/dhcp/ed85e12b-22df-4c34-8686-0e1663076608/opts
Jun 22 03:24:40 gtw01 dnsmasq[10437]: read /var/lib/neutron/dhcp/4d87977c-a49a-4bf3-b919-1aa5b4c6545f/addn_hosts - 3 addresses
Jun 22 03:24:40 gtw01 dnsmasq-dhcp[10437]: read /var/lib/neutron/dhcp/4d87977c-a49a-4bf3-b919-1aa5b4c6545f/host
Jun 22 03:24:40 gtw01 dnsmasq-dhcp[10437]: read /var/lib/neutron/dhcp/4d87977c-a49a-4bf3-b919-1aa5b4c6545f/opts
Jun 22 03:24:41 gtw01 dnsmasq[10613]: read /var/lib/neutron/dhcp/b0925884-887f-403c-86fc-5a27214ffae4/addn_hosts - 2 addresses
Jun 22 03:24:41 gtw01 dnsmasq-dhcp[10613]: read /var/lib/neutron/dhcp/b0925884-887f-403c-86fc-5a27214ffae4/host
Jun 22 03:24:41 gtw01 dnsmasq-dhcp[10613]: read /var/lib/neutron/dhcp/b0925884-887f-403c-86fc-5a27214ffae4/opts
Jun 22 03:24:41 gtw01 dnsmasq[10437]: read /var/lib/neutron/dhcp/4d87977c-a49a-4bf3-b919-1aa5b4c6545f/addn_hosts - 3 addresses
Jun 22 03:24:41 gtw01 dnsmasq-dhcp[10437]: read /var/lib/neutron/dhcp/4d87977c-a49a-4bf3-b919-1aa5b4c6545f/host
Jun 22 03:24:41 gtw01 dnsmasq-dhcp[10437]: read /var/lib/neutron/dhcp/4d87977c-a49a-4bf3-b919-1aa5b4c6545f/opts
Jun 22 03:24:42 gtw01 dnsmasq[10613]: read /var/lib/neutron/dhcp/b0925884-887f-403c-86fc-5a27214ffae4/addn_hosts - 2 addresses
Jun 22 03:24:42 gtw01 dnsmasq-dhcp[10613]: read /var/lib/neutron/dhcp/b0925884-887f-403c-86fc-5a27214ffae4/host
Jun 22 03:24:42 gtw01 dnsmasq-dhcp[10613]: read /var/lib/neutron/dhcp/b0925884-887f-403c-86fc-5a27214ffae4/opts
Jun 22 03:24:42 gtw01 dnsmasq[10168]: read /var/lib/neutron/dhcp/fb010602-bd4c-4df5-91f0-91dc050a0945/addn_hosts - 1 addresses
Jun 22 03:24:42 gtw01 dnsmasq-dhcp[10168]: read /var/lib/neutron/dhcp/fb010602-bd4c-4df5-91f0-91dc050a0945/host
Jun 22 03:24:42 gtw01 dnsmasq-dhcp[10168]: read /var/lib/neutron/dhcp/fb010602-bd4c-4df5-91f0-91dc050a0945/opts
Jun 22 03:24:42 gtw01 systemd-udevd[10988]: Could not generate persistent MAC address for tap7cc33e87-80: No such file or directory
Jun 22 03:24:42 gtw01 kernel: [ 2871.171981] device tap7cc33e87-80 entered promiscuous mode
Jun 22 03:24:42 gtw01 systemd-udevd[11039]: Process '/sbin/ip link set tap7cc33e87-80 txqueuelen 10000' failed with exit code 1.
Jun 22 03:24:42 gtw01 dnsmasq[10437]: read /var/lib/neutron/dhcp/4d87977c-a49a-4bf3-b919-1aa5b4c6545f/addn_hosts - 3 addresses
Jun 22 03:24:42 gtw01 dnsmasq-dhcp[10437]: read /var/lib/neutron/dhcp/4d87977c-a49a-4bf3-b919-1aa5b4c6545f/host
Jun 22 03:24:42 gtw01 dnsmasq-dhcp[10437]: read /var/lib/neutron/dhcp/4d87977c-a49a-4bf3-b919-1aa5b4c6545f/opts
Jun 22 03:24:43 gtw01 dnsmasq[10613]: read /var/lib/neutron/dhcp/b0925884-887f-403c-86fc-5a27214ffae4/addn_hosts - 2 addresses
Jun 22 03:24:43 gtw01 dnsmasq-dhcp[10613]: read /var/lib/neutron/dhcp/b0925884-887f-403c-86fc-5a27214ffae4/host
Jun 22 03:24:43 gtw01 dnsmasq-dhcp[10613]: read /var/lib/neutron/dhcp/b0925884-887f-403c-86fc-5a27214ffae4/opts
Jun 22 03:24:43 gtw01 dnsmasq[10437]: read /var/lib/neutron/dhcp/4d87977c-a49a-4bf3-b919-1aa5b4c6545f/addn_hosts - 2 addresses
Jun 22 03:24:43 gtw01 dnsmasq-dhcp[10437]: read /var/lib/neutron/dhcp/4d87977c-a49a-4bf3-b919-1aa5b4c6545f/host
Jun 22 03:24:43 gtw01 dnsmasq-dhcp[10437]: read /var/lib/neutron/dhcp/4d87977c-a49a-4bf3-b919-1aa5b4c6545f/opts
Jun 22 03:24:44 gtw01 dnsmasq[10613]: read /var/lib/neutron/dhcp/b0925884-887f-403c-86fc-5a27214ffae4/addn_hosts - 1 addresses
Jun 22 03:24:44 gtw01 dnsmasq-dhcp[10613]: read /var/lib/neutron/dhcp/b0925884-887f-403c-86fc-5a27214ffae4/host
Jun 22 03:24:44 gtw01 dnsmasq-dhcp[10613]: read /var/lib/neutron/dhcp/b0925884-887f-403c-86fc-5a27214ffae4/opts
Jun 22 03:24:44 gtw01 dnsmasq[10437]: read /var/lib/neutron/dhcp/4d87977c-a49a-4bf3-b919-1aa5b4c6545f/addn_hosts - 1 addresses
Jun 22 03:24:44 gtw01 dnsmasq-dhcp[10437]: read /var/lib/neutron/dhcp/4d87977c-a49a-4bf3-b919-1aa5b4c6545f/host
Jun 22 03:24:44 gtw01 dnsmasq-dhcp[10437]: read /var/lib/neutron/dhcp/4d87977c-a49a-4bf3-b919-1aa5b4c6545f/opts
Jun 22 03:24:44 gtw01 kernel: [ 2873.714193] device tap567cd5ea-89 left promiscuous mode
Jun 22 03:24:45 gtw01 dnsmasq[11238]: started, version 2.80 cachesize 150
Jun 22 03:24:45 gtw01 dnsmasq[11238]: DNS service limited to local subnets
Jun 22 03:24:45 gtw01 dnsmasq[11238]: compile time options: IPv6 GNU-getopt DBus i18n IDN DHCP DHCPv6 no-Lua TFTP conntrack ipset auth DNSSEC loop-detect inotify dumpfile
Jun 22 03:24:45 gtw01 dnsmasq[11238]: warning: no upstream servers configured
Jun 22 03:24:45 gtw01 dnsmasq-dhcp[11238]: DHCP, static leases only on 192.168.120.16, lease time 1h
Jun 22 03:24:45 gtw01 dnsmasq[11238]: read /var/lib/neutron/dhcp/a128118d-8848-433b-a79d-c9eff69aa16b/addn_hosts - 1 addresses
Jun 22 03:24:45 gtw01 dnsmasq-dhcp[11238]: read /var/lib/neutron/dhcp/a128118d-8848-433b-a79d-c9eff69aa16b/host
Jun 22 03:24:45 gtw01 dnsmasq-dhcp[11238]: read /var/lib/neutron/dhcp/a128118d-8848-433b-a79d-c9eff69aa16b/opts
Jun 22 03:24:46 gtw01 haproxy-metadata-proxy-a128118d-8848-433b-a79d-c9eff69aa16b[11244]: Proxy listener started.
Jun 22 03:24:46 gtw01 dnsmasq[11238]: read /var/lib/neutron/dhcp/a128118d-8848-433b-a79d-c9eff69aa16b/addn_hosts - 2 addresses
Jun 22 03:24:46 gtw01 dnsmasq-dhcp[11238]: read /var/lib/neutron/dhcp/a128118d-8848-433b-a79d-c9eff69aa16b/host
Jun 22 03:24:46 gtw01 dnsmasq-dhcp[11238]: read /var/lib/neutron/dhcp/a128118d-8848-433b-a79d-c9eff69aa16b/opts
Jun 22 03:24:47 gtw01 kernel: [ 2876.087199] device tap24505d6e-b3 left promiscuous mode
Jun 22 03:24:48 gtw01 systemd-udevd[11338]: Could not generate persistent MAC address for qr-ec1ce911-94: No such file or directory
Jun 22 03:24:48 gtw01 kernel: [ 2876.912286] device qr-ec1ce911-94 entered promiscuous mode
Jun 22 03:24:48 gtw01 dnsmasq[11238]: read /var/lib/neutron/dhcp/a128118d-8848-433b-a79d-c9eff69aa16b/addn_hosts - 2 addresses
Jun 22 03:24:48 gtw01 dnsmasq-dhcp[11238]: read /var/lib/neutron/dhcp/a128118d-8848-433b-a79d-c9eff69aa16b/host
Jun 22 03:24:48 gtw01 dnsmasq-dhcp[11238]: read /var/lib/neutron/dhcp/a128118d-8848-433b-a79d-c9eff69aa16b/opts
Jun 22 03:24:48 gtw01 kernel: [ 2877.805693] device tap361cbb11-6b left promiscuous mode
Jun 22 03:24:49 gtw01 dnsmasq[11238]: read /var/lib/neutron/dhcp/a128118d-8848-433b-a79d-c9eff69aa16b/addn_hosts - 2 addresses
Jun 22 03:24:49 gtw01 dnsmasq-dhcp[11238]: read /var/lib/neutron/dhcp/a128118d-8848-433b-a79d-c9eff69aa16b/host
Jun 22 03:24:49 gtw01 dnsmasq-dhcp[11238]: read /var/lib/neutron/dhcp/a128118d-8848-433b-a79d-c9eff69aa16b/opts
Jun 22 03:24:49 gtw01 dnsmasq[11238]: read /var/lib/neutron/dhcp/a128118d-8848-433b-a79d-c9eff69aa16b/addn_hosts - 2 addresses
Jun 22 03:24:49 gtw01 dnsmasq-dhcp[11238]: read /var/lib/neutron/dhcp/a128118d-8848-433b-a79d-c9eff69aa16b/host
Jun 22 03:24:49 gtw01 dnsmasq-dhcp[11238]: read /var/lib/neutron/dhcp/a128118d-8848-433b-a79d-c9eff69aa16b/opts
Jun 22 03:24:50 gtw01 systemd-udevd[11561]: Could not generate persistent MAC address for tap3ab752e1-b8: No such file or directory
Jun 22 03:24:50 gtw01 kernel: [ 2879.803985] device tap3ab752e1-b8 entered promiscuous mode
Jun 22 03:24:50 gtw01 systemd-udevd[11561]: Process '/sbin/ip link set tap3ab752e1-b8 txqueuelen 10000' failed with exit code 1.
Jun 22 03:24:50 gtw01 dnsmasq[11238]: read /var/lib/neutron/dhcp/a128118d-8848-433b-a79d-c9eff69aa16b/addn_hosts - 2 addresses
Jun 22 03:24:50 gtw01 dnsmasq-dhcp[11238]: read /var/lib/neutron/dhcp/a128118d-8848-433b-a79d-c9eff69aa16b/host
Jun 22 03:24:50 gtw01 dnsmasq-dhcp[11238]: read /var/lib/neutron/dhcp/a128118d-8848-433b-a79d-c9eff69aa16b/opts
Jun 22 03:24:51 gtw01 systemd-udevd[11561]: Process '/sbin/ip link set tap3ab752e1-b8 txqueuelen 10000' failed with exit code 1.
Jun 22 03:24:51 gtw01 kernel: [ 2879.968492] device tap2c21fecf-5c left promiscuous mode
Jun 22 03:24:51 gtw01 dnsmasq[11238]: read /var/lib/neutron/dhcp/a128118d-8848-433b-a79d-c9eff69aa16b/addn_hosts - 2 addresses
Jun 22 03:24:51 gtw01 dnsmasq-dhcp[11238]: read /var/lib/neutron/dhcp/a128118d-8848-433b-a79d-c9eff69aa16b/host
Jun 22 03:24:51 gtw01 dnsmasq-dhcp[11238]: read /var/lib/neutron/dhcp/a128118d-8848-433b-a79d-c9eff69aa16b/opts
Jun 22 03:24:52 gtw01 haproxy-metadata-proxy-c4e1ea80-0b6e-47d9-a395-557a29fcaea3[11743]: Proxy listener started.
Jun 22 03:24:53 gtw01 dnsmasq[11238]: read /var/lib/neutron/dhcp/a128118d-8848-433b-a79d-c9eff69aa16b/addn_hosts - 2 addresses
Jun 22 03:24:53 gtw01 dnsmasq-dhcp[11238]: read /var/lib/neutron/dhcp/a128118d-8848-433b-a79d-c9eff69aa16b/host
Jun 22 03:24:53 gtw01 dnsmasq-dhcp[11238]: read /var/lib/neutron/dhcp/a128118d-8848-433b-a79d-c9eff69aa16b/opts
Jun 22 03:24:53 gtw01 kernel: [ 2882.884766] device tap605027b9-db left promiscuous mode
Jun 22 03:24:54 gtw01 systemd-udevd[11845]: Could not generate persistent MAC address for qr-ad075314-7c: No such file or directory
Jun 22 03:24:54 gtw01 kernel: [ 2883.251925] device qr-ad075314-7c entered promiscuous mode
Jun 22 03:24:54 gtw01 dnsmasq[11916]: started, version 2.80 cachesize 150
Jun 22 03:24:54 gtw01 dnsmasq[11916]: DNS service limited to local subnets
Jun 22 03:24:54 gtw01 dnsmasq[11916]: compile time options: IPv6 GNU-getopt DBus i18n IDN DHCP DHCPv6 no-Lua TFTP conntrack ipset auth DNSSEC loop-detect inotify dumpfile
Jun 22 03:24:54 gtw01 dnsmasq[11916]: warning: no upstream servers configured
Jun 22 03:24:54 gtw01 dnsmasq-dhcp[11916]: DHCPv6, static leases only on 2003:0:0:1::, lease time 1h
Jun 22 03:24:54 gtw01 dnsmasq[11916]: read /var/lib/neutron/dhcp/b9292388-aa80-4821-be8a-9f5513c1b834/addn_hosts - 1 addresses
Jun 22 03:24:54 gtw01 dnsmasq-dhcp[11916]: read /var/lib/neutron/dhcp/b9292388-aa80-4821-be8a-9f5513c1b834/host
Jun 22 03:24:54 gtw01 dnsmasq-dhcp[11916]: read /var/lib/neutron/dhcp/b9292388-aa80-4821-be8a-9f5513c1b834/opts
Jun 22 03:24:55 gtw01 dnsmasq[11916]: read /var/lib/neutron/dhcp/b9292388-aa80-4821-be8a-9f5513c1b834/addn_hosts - 2 addresses
Jun 22 03:24:55 gtw01 dnsmasq-dhcp[11916]: read /var/lib/neutron/dhcp/b9292388-aa80-4821-be8a-9f5513c1b834/host
Jun 22 03:24:55 gtw01 dnsmasq-dhcp[11916]: read /var/lib/neutron/dhcp/b9292388-aa80-4821-be8a-9f5513c1b834/opts
Jun 22 03:24:55 gtw01 kernel: [ 2884.282422] device tap0fc8e907-2a left promiscuous mode
Jun 22 03:24:55 gtw01 dnsmasq[11238]: read /var/lib/neutron/dhcp/a128118d-8848-433b-a79d-c9eff69aa16b/addn_hosts - 1 addresses
Jun 22 03:24:55 gtw01 dnsmasq-dhcp[11238]: read /var/lib/neutron/dhcp/a128118d-8848-433b-a79d-c9eff69aa16b/host
Jun 22 03:24:55 gtw01 dnsmasq-dhcp[11238]: read /var/lib/neutron/dhcp/a128118d-8848-433b-a79d-c9eff69aa16b/opts
Jun 22 03:24:55 gtw01 radvd[11983]: version 2.11 started
Jun 22 03:24:56 gtw01 haproxy-metadata-proxy-a128118d-8848-433b-a79d-c9eff69aa16b[12048]: Proxy listener started.
Jun 22 03:24:56 gtw01 dnsmasq[11916]: read /var/lib/neutron/dhcp/b9292388-aa80-4821-be8a-9f5513c1b834/addn_hosts - 2 addresses
Jun 22 03:24:56 gtw01 dnsmasq-dhcp[11916]: read /var/lib/neutron/dhcp/b9292388-aa80-4821-be8a-9f5513c1b834/host
Jun 22 03:24:56 gtw01 dnsmasq-dhcp[11916]: read /var/lib/neutron/dhcp/b9292388-aa80-4821-be8a-9f5513c1b834/opts
Jun 22 03:24:56 gtw01 kernel: [ 2885.640397] device qr-ec1ce911-94 left promiscuous mode
Jun 22 03:24:57 gtw01 systemd-udevd[12106]: Could not generate persistent MAC address for tap95764b31-e9: No such file or directory
Jun 22 03:24:57 gtw01 kernel: [ 2886.082767] device tap95764b31-e9 entered promiscuous mode
Jun 22 03:24:57 gtw01 systemd-udevd[12106]: Process '/sbin/ip link set tap95764b31-e9 txqueuelen 10000' failed with exit code 1.
Jun 22 03:24:57 gtw01 systemd-udevd[12106]: Process '/sbin/ip link set tap95764b31-e9 txqueuelen 10000' failed with exit code 1.
Jun 22 03:24:57 gtw01 kernel: [ 2886.332347] device tapb7d1c5cc-1b left promiscuous mode
Jun 22 03:24:57 gtw01 dnsmasq[11916]: read /var/lib/neutron/dhcp/b9292388-aa80-4821-be8a-9f5513c1b834/addn_hosts - 2 addresses
Jun 22 03:24:57 gtw01 dnsmasq-dhcp[11916]: read /var/lib/neutron/dhcp/b9292388-aa80-4821-be8a-9f5513c1b834/host
Jun 22 03:24:57 gtw01 dnsmasq-dhcp[11916]: read /var/lib/neutron/dhcp/b9292388-aa80-4821-be8a-9f5513c1b834/opts
Jun 22 03:24:58 gtw01 dnsmasq[11916]: read /var/lib/neutron/dhcp/b9292388-aa80-4821-be8a-9f5513c1b834/addn_hosts - 2 addresses
Jun 22 03:24:58 gtw01 dnsmasq-dhcp[11916]: read /var/lib/neutron/dhcp/b9292388-aa80-4821-be8a-9f5513c1b834/host
Jun 22 03:24:58 gtw01 dnsmasq-dhcp[11916]: read /var/lib/neutron/dhcp/b9292388-aa80-4821-be8a-9f5513c1b834/opts
Jun 22 03:24:59 gtw01 systemd-udevd[12352]: Could not generate persistent MAC address for tap29243521-bc: No such file or directory
Jun 22 03:24:59 gtw01 kernel: [ 2888.751493] device tap29243521-bc entered promiscuous mode
Jun 22 03:24:59 gtw01 dnsmasq[11916]: read /var/lib/neutron/dhcp/b9292388-aa80-4821-be8a-9f5513c1b834/addn_hosts - 2 addresses
Jun 22 03:24:59 gtw01 dnsmasq-dhcp[11916]: read /var/lib/neutron/dhcp/b9292388-aa80-4821-be8a-9f5513c1b834/host
Jun 22 03:24:59 gtw01 dnsmasq-dhcp[11916]: read /var/lib/neutron/dhcp/b9292388-aa80-4821-be8a-9f5513c1b834/opts
Jun 22 03:24:59 gtw01 systemd-udevd[12352]: Process '/sbin/ip link set tap29243521-bc txqueuelen 10000' failed with exit code 1.
Jun 22 03:25:00 gtw01 systemd-udevd[12352]: Process '/sbin/ip link set tap29243521-bc txqueuelen 10000' failed with exit code 1.
Jun 22 03:25:00 gtw01 haproxy-metadata-proxy-06168404-e4a8-4616-ba2d-cc0d70e923e5[12431]: Proxy listener started.
Jun 22 03:25:00 gtw01 dnsmasq[12479]: started, version 2.80 cachesize 150
Jun 22 03:25:00 gtw01 dnsmasq[12479]: DNS service limited to local subnets
Jun 22 03:25:00 gtw01 dnsmasq[12479]: compile time options: IPv6 GNU-getopt DBus i18n IDN DHCP DHCPv6 no-Lua TFTP conntrack ipset auth DNSSEC loop-detect inotify dumpfile
Jun 22 03:25:00 gtw01 dnsmasq[12479]: warning: no upstream servers configured
Jun 22 03:25:00 gtw01 dnsmasq-dhcp[12479]: DHCP, static leases only on 192.168.120.0, lease time 1h
Jun 22 03:25:00 gtw01 dnsmasq[12479]: read /var/lib/neutron/dhcp/b9ff5596-105b-491d-a555-32bea66e504e/addn_hosts - 1 addresses
Jun 22 03:25:00 gtw01 dnsmasq-dhcp[12479]: read /var/lib/neutron/dhcp/b9ff5596-105b-491d-a555-32bea66e504e/host
Jun 22 03:25:00 gtw01 dnsmasq-dhcp[12479]: read /var/lib/neutron/dhcp/b9ff5596-105b-491d-a555-32bea66e504e/opts
Jun 22 03:25:01 gtw01 dnsmasq[11916]: read /var/lib/neutron/dhcp/b9292388-aa80-4821-be8a-9f5513c1b834/addn_hosts - 2 addresses
Jun 22 03:25:01 gtw01 dnsmasq-dhcp[11916]: read /var/lib/neutron/dhcp/b9292388-aa80-4821-be8a-9f5513c1b834/host
Jun 22 03:25:01 gtw01 dnsmasq-dhcp[11916]: read /var/lib/neutron/dhcp/b9292388-aa80-4821-be8a-9f5513c1b834/opts
Jun 22 03:25:01 gtw01 haproxy-metadata-proxy-b9ff5596-105b-491d-a555-32bea66e504e[12489]: Proxy listener started.
Jun 22 03:25:02 gtw01 dnsmasq[11916]: read /var/lib/neutron/dhcp/b9292388-aa80-4821-be8a-9f5513c1b834/addn_hosts - 2 addresses
Jun 22 03:25:02 gtw01 dnsmasq-dhcp[11916]: read /var/lib/neutron/dhcp/b9292388-aa80-4821-be8a-9f5513c1b834/host
Jun 22 03:25:02 gtw01 dnsmasq-dhcp[11916]: read /var/lib/neutron/dhcp/b9292388-aa80-4821-be8a-9f5513c1b834/opts
Jun 22 03:25:03 gtw01 dnsmasq[11916]: read /var/lib/neutron/dhcp/b9292388-aa80-4821-be8a-9f5513c1b834/addn_hosts - 1 addresses
Jun 22 03:25:03 gtw01 dnsmasq-dhcp[11916]: read /var/lib/neutron/dhcp/b9292388-aa80-4821-be8a-9f5513c1b834/host
Jun 22 03:25:03 gtw01 dnsmasq-dhcp[11916]: read /var/lib/neutron/dhcp/b9292388-aa80-4821-be8a-9f5513c1b834/opts
Jun 22 03:25:03 gtw01 dnsmasq[12479]: read /var/lib/neutron/dhcp/b9ff5596-105b-491d-a555-32bea66e504e/addn_hosts - 3 addresses
Jun 22 03:25:03 gtw01 dnsmasq-dhcp[12479]: read /var/lib/neutron/dhcp/b9ff5596-105b-491d-a555-32bea66e504e/host
Jun 22 03:25:03 gtw01 dnsmasq-dhcp[12479]: read /var/lib/neutron/dhcp/b9ff5596-105b-491d-a555-32bea66e504e/opts
Jun 22 03:25:03 gtw01 dnsmasq[12647]: started, version 2.80 cachesize 150
Jun 22 03:25:03 gtw01 dnsmasq[12647]: DNS service limited to local subnets
Jun 22 03:25:03 gtw01 dnsmasq[12647]: compile time options: IPv6 GNU-getopt DBus i18n IDN DHCP DHCPv6 no-Lua TFTP conntrack ipset auth DNSSEC loop-detect inotify dumpfile
Jun 22 03:25:03 gtw01 dnsmasq[12647]: warning: no upstream servers configured
Jun 22 03:25:03 gtw01 dnsmasq-dhcp[12647]: DHCP, static leases only on 192.168.120.32, lease time 1h
Jun 22 03:25:03 gtw01 dnsmasq[12647]: read /var/lib/neutron/dhcp/9ac7854d-8a22-4d63-bcce-146da0b1b2a2/addn_hosts - 1 addresses
Jun 22 03:25:03 gtw01 dnsmasq-dhcp[12647]: read /var/lib/neutron/dhcp/9ac7854d-8a22-4d63-bcce-146da0b1b2a2/host
Jun 22 03:25:03 gtw01 dnsmasq-dhcp[12647]: read /var/lib/neutron/dhcp/9ac7854d-8a22-4d63-bcce-146da0b1b2a2/opts
Jun 22 03:25:03 gtw01 haproxy-metadata-proxy-9ac7854d-8a22-4d63-bcce-146da0b1b2a2[12654]: Proxy listener started.
Jun 22 03:25:04 gtw01 kernel: [ 2893.020898] device qr-ad075314-7c left promiscuous mode
Jun 22 03:25:04 gtw01 radvd[11986]: Exiting, privsep_read_loop had readn return 0 bytes
Jun 22 03:25:04 gtw01 radvd[11986]: Exiting, privsep_read_loop is complete.
Jun 22 03:25:04 gtw01 dnsmasq[12479]: read /var/lib/neutron/dhcp/b9ff5596-105b-491d-a555-32bea66e504e/addn_hosts - 3 addresses
Jun 22 03:25:04 gtw01 dnsmasq-dhcp[12479]: read /var/lib/neutron/dhcp/b9ff5596-105b-491d-a555-32bea66e504e/host
Jun 22 03:25:04 gtw01 dnsmasq-dhcp[12479]: read /var/lib/neutron/dhcp/b9ff5596-105b-491d-a555-32bea66e504e/opts
Jun 22 03:25:04 gtw01 dnsmasq[12647]: read /var/lib/neutron/dhcp/9ac7854d-8a22-4d63-bcce-146da0b1b2a2/addn_hosts - 2 addresses
Jun 22 03:25:04 gtw01 dnsmasq-dhcp[12647]: read /var/lib/neutron/dhcp/9ac7854d-8a22-4d63-bcce-146da0b1b2a2/host
Jun 22 03:25:04 gtw01 dnsmasq-dhcp[12647]: read /var/lib/neutron/dhcp/9ac7854d-8a22-4d63-bcce-146da0b1b2a2/opts
Jun 22 03:25:05 gtw01 dnsmasq[12479]: read /var/lib/neutron/dhcp/b9ff5596-105b-491d-a555-32bea66e504e/addn_hosts - 3 addresses
Jun 22 03:25:05 gtw01 dnsmasq-dhcp[12479]: read /var/lib/neutron/dhcp/b9ff5596-105b-491d-a555-32bea66e504e/host
Jun 22 03:25:05 gtw01 dnsmasq-dhcp[12479]: read /var/lib/neutron/dhcp/b9ff5596-105b-491d-a555-32bea66e504e/opts
Jun 22 03:25:05 gtw01 dnsmasq[12647]: read /var/lib/neutron/dhcp/9ac7854d-8a22-4d63-bcce-146da0b1b2a2/addn_hosts - 2 addresses
Jun 22 03:25:05 gtw01 dnsmasq-dhcp[12647]: read /var/lib/neutron/dhcp/9ac7854d-8a22-4d63-bcce-146da0b1b2a2/host
Jun 22 03:25:05 gtw01 dnsmasq-dhcp[12647]: read /var/lib/neutron/dhcp/9ac7854d-8a22-4d63-bcce-146da0b1b2a2/opts
Jun 22 03:25:06 gtw01 systemd-udevd[12808]: Could not generate persistent MAC address for qr-08a33ad4-22: No such file or directory
Jun 22 03:25:06 gtw01 kernel: [ 2895.106939] device qr-08a33ad4-22 entered promiscuous mode
Jun 22 03:25:06 gtw01 dnsmasq[12479]: read /var/lib/neutron/dhcp/b9ff5596-105b-491d-a555-32bea66e504e/addn_hosts - 3 addresses
Jun 22 03:25:06 gtw01 dnsmasq-dhcp[12479]: read /var/lib/neutron/dhcp/b9ff5596-105b-491d-a555-32bea66e504e/host
Jun 22 03:25:06 gtw01 dnsmasq-dhcp[12479]: read /var/lib/neutron/dhcp/b9ff5596-105b-491d-a555-32bea66e504e/opts
Jun 22 03:25:06 gtw01 dnsmasq[12647]: read /var/lib/neutron/dhcp/9ac7854d-8a22-4d63-bcce-146da0b1b2a2/addn_hosts - 2 addresses
Jun 22 03:25:06 gtw01 dnsmasq-dhcp[12647]: read /var/lib/neutron/dhcp/9ac7854d-8a22-4d63-bcce-146da0b1b2a2/host
Jun 22 03:25:06 gtw01 dnsmasq-dhcp[12647]: read /var/lib/neutron/dhcp/9ac7854d-8a22-4d63-bcce-146da0b1b2a2/opts
Jun 22 03:25:07 gtw01 dnsmasq[12479]: read /var/lib/neutron/dhcp/b9ff5596-105b-491d-a555-32bea66e504e/addn_hosts - 3 addresses
Jun 22 03:25:07 gtw01 dnsmasq-dhcp[12479]: read /var/lib/neutron/dhcp/b9ff5596-105b-491d-a555-32bea66e504e/host
Jun 22 03:25:07 gtw01 dnsmasq-dhcp[12479]: read /var/lib/neutron/dhcp/b9ff5596-105b-491d-a555-32bea66e504e/opts
Jun 22 03:25:08 gtw01 dnsmasq[12647]: read /var/lib/neutron/dhcp/9ac7854d-8a22-4d63-bcce-146da0b1b2a2/addn_hosts - 2 addresses
Jun 22 03:25:08 gtw01 dnsmasq-dhcp[12647]: read /var/lib/neutron/dhcp/9ac7854d-8a22-4d63-bcce-146da0b1b2a2/host
Jun 22 03:25:08 gtw01 dnsmasq-dhcp[12647]: read /var/lib/neutron/dhcp/9ac7854d-8a22-4d63-bcce-146da0b1b2a2/opts
Jun 22 03:25:08 gtw01 systemd-udevd[13027]: Could not generate persistent MAC address for tap87daad56-84: No such file or directory
Jun 22 03:25:08 gtw01 kernel: [ 2897.492661] device tap87daad56-84 entered promiscuous mode
Jun 22 03:25:08 gtw01 systemd-udevd[13027]: Process '/sbin/ip link set tap87daad56-84 txqueuelen 10000' failed with exit code 1.
Jun 22 03:25:08 gtw01 dnsmasq[12479]: read /var/lib/neutron/dhcp/b9ff5596-105b-491d-a555-32bea66e504e/addn_hosts - 3 addresses
Jun 22 03:25:08 gtw01 dnsmasq-dhcp[12479]: read /var/lib/neutron/dhcp/b9ff5596-105b-491d-a555-32bea66e504e/host
Jun 22 03:25:08 gtw01 dnsmasq-dhcp[12479]: read /var/lib/neutron/dhcp/b9ff5596-105b-491d-a555-32bea66e504e/opts
Jun 22 03:25:08 gtw01 systemd-udevd[13082]: Process '/sbin/ip link set tap87daad56-84 txqueuelen 10000' failed with exit code 1.
Jun 22 03:25:09 gtw01 dnsmasq[12647]: read /var/lib/neutron/dhcp/9ac7854d-8a22-4d63-bcce-146da0b1b2a2/addn_hosts - 2 addresses
Jun 22 03:25:09 gtw01 dnsmasq-dhcp[12647]: read /var/lib/neutron/dhcp/9ac7854d-8a22-4d63-bcce-146da0b1b2a2/host
Jun 22 03:25:09 gtw01 dnsmasq-dhcp[12647]: read /var/lib/neutron/dhcp/9ac7854d-8a22-4d63-bcce-146da0b1b2a2/opts
Jun 22 03:25:09 gtw01 dnsmasq[12479]: read /var/lib/neutron/dhcp/b9ff5596-105b-491d-a555-32bea66e504e/addn_hosts - 2 addresses
Jun 22 03:25:09 gtw01 dnsmasq-dhcp[12479]: read /var/lib/neutron/dhcp/b9ff5596-105b-491d-a555-32bea66e504e/host
Jun 22 03:25:09 gtw01 dnsmasq-dhcp[12479]: read /var/lib/neutron/dhcp/b9ff5596-105b-491d-a555-32bea66e504e/opts
Jun 22 03:25:09 gtw01 dnsmasq[12647]: read /var/lib/neutron/dhcp/9ac7854d-8a22-4d63-bcce-146da0b1b2a2/addn_hosts - 2 addresses
Jun 22 03:25:10 gtw01 dnsmasq-dhcp[12647]: read /var/lib/neutron/dhcp/9ac7854d-8a22-4d63-bcce-146da0b1b2a2/host
Jun 22 03:25:10 gtw01 dnsmasq-dhcp[12647]: read /var/lib/neutron/dhcp/9ac7854d-8a22-4d63-bcce-146da0b1b2a2/opts
Jun 22 03:25:11 gtw01 dnsmasq[12647]: read /var/lib/neutron/dhcp/9ac7854d-8a22-4d63-bcce-146da0b1b2a2/addn_hosts - 2 addresses
Jun 22 03:25:11 gtw01 dnsmasq-dhcp[12647]: read /var/lib/neutron/dhcp/9ac7854d-8a22-4d63-bcce-146da0b1b2a2/host
Jun 22 03:25:11 gtw01 dnsmasq-dhcp[12647]: read /var/lib/neutron/dhcp/9ac7854d-8a22-4d63-bcce-146da0b1b2a2/opts
Jun 22 03:25:11 gtw01 haproxy-metadata-proxy-248737a1-2913-4180-a268-72bcdcb7b07c[13263]: Proxy listener started.
Jun 22 03:25:12 gtw01 kernel: [ 2900.927940] device qr-08a33ad4-22 left promiscuous mode
Jun 22 03:25:12 gtw01 dnsmasq[12647]: read /var/lib/neutron/dhcp/9ac7854d-8a22-4d63-bcce-146da0b1b2a2/addn_hosts - 1 addresses
Jun 22 03:25:12 gtw01 dnsmasq-dhcp[12647]: read /var/lib/neutron/dhcp/9ac7854d-8a22-4d63-bcce-146da0b1b2a2/host
Jun 22 03:25:12 gtw01 dnsmasq-dhcp[12647]: read /var/lib/neutron/dhcp/9ac7854d-8a22-4d63-bcce-146da0b1b2a2/opts
Jun 22 03:25:12 gtw01 dnsmasq[12479]: read /var/lib/neutron/dhcp/b9ff5596-105b-491d-a555-32bea66e504e/addn_hosts - 1 addresses
Jun 22 03:25:12 gtw01 dnsmasq-dhcp[12479]: read /var/lib/neutron/dhcp/b9ff5596-105b-491d-a555-32bea66e504e/host
Jun 22 03:25:12 gtw01 dnsmasq-dhcp[12479]: read /var/lib/neutron/dhcp/b9ff5596-105b-491d-a555-32bea66e504e/opts
Jun 22 03:25:12 gtw01 dnsmasq[13352]: started, version 2.80 cachesize 150
Jun 22 03:25:12 gtw01 dnsmasq[13352]: DNS service limited to local subnets
Jun 22 03:25:12 gtw01 dnsmasq[13352]: compile time options: IPv6 GNU-getopt DBus i18n IDN DHCP DHCPv6 no-Lua TFTP conntrack ipset auth DNSSEC loop-detect inotify dumpfile
Jun 22 03:25:12 gtw01 dnsmasq[13352]: warning: no upstream servers configured
Jun 22 03:25:12 gtw01 dnsmasq-dhcp[13352]: DHCPv6, static leases only on 2003:0:0:2::, lease time 1h
Jun 22 03:25:12 gtw01 dnsmasq[13352]: read /var/lib/neutron/dhcp/d430b54a-bb43-482b-8c7c-65703c9ffaaf/addn_hosts - 1 addresses
Jun 22 03:25:12 gtw01 dnsmasq-dhcp[13352]: read /var/lib/neutron/dhcp/d430b54a-bb43-482b-8c7c-65703c9ffaaf/host
Jun 22 03:25:12 gtw01 dnsmasq-dhcp[13352]: read /var/lib/neutron/dhcp/d430b54a-bb43-482b-8c7c-65703c9ffaaf/opts
Jun 22 03:25:13 gtw01 haproxy-metadata-proxy-9ac7854d-8a22-4d63-bcce-146da0b1b2a2[13378]: Proxy listener started.
Jun 22 03:25:13 gtw01 haproxy-metadata-proxy-b9ff5596-105b-491d-a555-32bea66e504e[13379]: Proxy listener started.
Jun 22 03:25:13 gtw01 dnsmasq[13352]: read /var/lib/neutron/dhcp/d430b54a-bb43-482b-8c7c-65703c9ffaaf/addn_hosts - 2 addresses
Jun 22 03:25:13 gtw01 dnsmasq-dhcp[13352]: read /var/lib/neutron/dhcp/d430b54a-bb43-482b-8c7c-65703c9ffaaf/host
Jun 22 03:25:13 gtw01 dnsmasq-dhcp[13352]: read /var/lib/neutron/dhcp/d430b54a-bb43-482b-8c7c-65703c9ffaaf/opts
Jun 22 03:25:13 gtw01 systemd-udevd[13421]: Could not generate persistent MAC address for qr-35e94b37-e1: No such file or directory
Jun 22 03:25:13 gtw01 kernel: [ 2902.667813] device qr-35e94b37-e1 entered promiscuous mode
Jun 22 03:25:14 gtw01 kernel: [ 2903.115819] device tap1690020b-e2 entered promiscuous mode
Jun 22 03:25:14 gtw01 systemd-udevd[13500]: Could not generate persistent MAC address for tap1690020b-e2: No such file or directory
Jun 22 03:25:14 gtw01 systemd-udevd[13500]: Process '/sbin/ip link set tap1690020b-e2 txqueuelen 10000' failed with exit code 1.
Jun 22 03:25:14 gtw01 systemd-udevd[13558]: Process '/sbin/ip link set tap1690020b-e2 txqueuelen 10000' failed with exit code 1.
Jun 22 03:25:14 gtw01 dnsmasq[13352]: read /var/lib/neutron/dhcp/d430b54a-bb43-482b-8c7c-65703c9ffaaf/addn_hosts - 2 addresses
Jun 22 03:25:14 gtw01 dnsmasq-dhcp[13352]: read /var/lib/neutron/dhcp/d430b54a-bb43-482b-8c7c-65703c9ffaaf/host
Jun 22 03:25:14 gtw01 dnsmasq-dhcp[13352]: read /var/lib/neutron/dhcp/d430b54a-bb43-482b-8c7c-65703c9ffaaf/opts
Jun 22 03:25:14 gtw01 radvd[13601]: version 2.11 started
Jun 22 03:25:15 gtw01 dnsmasq[13352]: read /var/lib/neutron/dhcp/d430b54a-bb43-482b-8c7c-65703c9ffaaf/addn_hosts - 2 addresses
Jun 22 03:25:15 gtw01 dnsmasq-dhcp[13352]: read /var/lib/neutron/dhcp/d430b54a-bb43-482b-8c7c-65703c9ffaaf/host
Jun 22 03:25:15 gtw01 dnsmasq-dhcp[13352]: read /var/lib/neutron/dhcp/d430b54a-bb43-482b-8c7c-65703c9ffaaf/opts
Jun 22 03:25:16 gtw01 dnsmasq[13352]: read /var/lib/neutron/dhcp/d430b54a-bb43-482b-8c7c-65703c9ffaaf/addn_hosts - 2 addresses
Jun 22 03:25:16 gtw01 dnsmasq-dhcp[13352]: read /var/lib/neutron/dhcp/d430b54a-bb43-482b-8c7c-65703c9ffaaf/host
Jun 22 03:25:16 gtw01 dnsmasq-dhcp[13352]: read /var/lib/neutron/dhcp/d430b54a-bb43-482b-8c7c-65703c9ffaaf/opts
Jun 22 03:25:17 gtw01 dnsmasq[13352]: read /var/lib/neutron/dhcp/d430b54a-bb43-482b-8c7c-65703c9ffaaf/addn_hosts - 2 addresses
Jun 22 03:25:17 gtw01 dnsmasq-dhcp[13352]: read /var/lib/neutron/dhcp/d430b54a-bb43-482b-8c7c-65703c9ffaaf/host
Jun 22 03:25:17 gtw01 dnsmasq-dhcp[13352]: read /var/lib/neutron/dhcp/d430b54a-bb43-482b-8c7c-65703c9ffaaf/opts
Jun 22 03:25:17 gtw01 dnsmasq[13760]: started, version 2.80 cachesize 150
Jun 22 03:25:17 gtw01 dnsmasq[13760]: DNS service limited to local subnets
Jun 22 03:25:17 gtw01 dnsmasq[13760]: compile time options: IPv6 GNU-getopt DBus i18n IDN DHCP DHCPv6 no-Lua TFTP conntrack ipset auth DNSSEC loop-detect inotify dumpfile
Jun 22 03:25:17 gtw01 dnsmasq[13760]: warning: no upstream servers configured
Jun 22 03:25:17 gtw01 dnsmasq-dhcp[13760]: DHCP, static leases only on 192.168.120.0, lease time 1h
Jun 22 03:25:17 gtw01 dnsmasq[13760]: read /var/lib/neutron/dhcp/75f16105-1395-4f30-ba21-d951b9d78697/addn_hosts - 1 addresses
Jun 22 03:25:17 gtw01 dnsmasq-dhcp[13760]: read /var/lib/neutron/dhcp/75f16105-1395-4f30-ba21-d951b9d78697/host
Jun 22 03:25:17 gtw01 dnsmasq-dhcp[13760]: read /var/lib/neutron/dhcp/75f16105-1395-4f30-ba21-d951b9d78697/opts
Jun 22 03:25:18 gtw01 haproxy-metadata-proxy-75f16105-1395-4f30-ba21-d951b9d78697[13771]: Proxy listener started.
Jun 22 03:25:18 gtw01 dnsmasq[13352]: read /var/lib/neutron/dhcp/d430b54a-bb43-482b-8c7c-65703c9ffaaf/addn_hosts - 2 addresses
Jun 22 03:25:18 gtw01 dnsmasq-dhcp[13352]: read /var/lib/neutron/dhcp/d430b54a-bb43-482b-8c7c-65703c9ffaaf/host
Jun 22 03:25:18 gtw01 dnsmasq-dhcp[13352]: read /var/lib/neutron/dhcp/d430b54a-bb43-482b-8c7c-65703c9ffaaf/opts
Jun 22 03:25:18 gtw01 dnsmasq[13760]: read /var/lib/neutron/dhcp/75f16105-1395-4f30-ba21-d951b9d78697/addn_hosts - 1 addresses
Jun 22 03:25:18 gtw01 dnsmasq-dhcp[13760]: read /var/lib/neutron/dhcp/75f16105-1395-4f30-ba21-d951b9d78697/host
Jun 22 03:25:18 gtw01 dnsmasq-dhcp[13760]: read /var/lib/neutron/dhcp/75f16105-1395-4f30-ba21-d951b9d78697/opts
Jun 22 03:25:19 gtw01 haproxy-metadata-proxy-a1fe7bda-c81f-4a5c-a632-83e0b9f346f4[13839]: Proxy listener started.
Jun 22 03:25:19 gtw01 kernel: [ 2908.256383] device tap95764b31-e9 left promiscuous mode
Jun 22 03:25:19 gtw01 kernel: [ 2908.403701] device qr-35e94b37-e1 left promiscuous mode
Jun 22 03:25:19 gtw01 dnsmasq[13352]: read /var/lib/neutron/dhcp/d430b54a-bb43-482b-8c7c-65703c9ffaaf/addn_hosts - 2 addresses
Jun 22 03:25:19 gtw01 dnsmasq-dhcp[13352]: read /var/lib/neutron/dhcp/d430b54a-bb43-482b-8c7c-65703c9ffaaf/host
Jun 22 03:25:19 gtw01 dnsmasq-dhcp[13352]: read /var/lib/neutron/dhcp/d430b54a-bb43-482b-8c7c-65703c9ffaaf/opts
Jun 22 03:25:19 gtw01 radvd[13603]: Exiting, privsep_read_loop had readn return 0 bytes
Jun 22 03:25:19 gtw01 radvd[13603]: Exiting, privsep_read_loop is complete.
Jun 22 03:25:19 gtw01 dnsmasq[13760]: read /var/lib/neutron/dhcp/75f16105-1395-4f30-ba21-d951b9d78697/addn_hosts - 1 addresses
Jun 22 03:25:19 gtw01 dnsmasq-dhcp[13760]: read /var/lib/neutron/dhcp/75f16105-1395-4f30-ba21-d951b9d78697/host
Jun 22 03:25:19 gtw01 dnsmasq-dhcp[13760]: read /var/lib/neutron/dhcp/75f16105-1395-4f30-ba21-d951b9d78697/opts
Jun 22 03:25:20 gtw01 dnsmasq[13352]: read /var/lib/neutron/dhcp/d430b54a-bb43-482b-8c7c-65703c9ffaaf/addn_hosts - 1 addresses
Jun 22 03:25:20 gtw01 dnsmasq-dhcp[13352]: read /var/lib/neutron/dhcp/d430b54a-bb43-482b-8c7c-65703c9ffaaf/host
Jun 22 03:25:20 gtw01 dnsmasq-dhcp[13352]: read /var/lib/neutron/dhcp/d430b54a-bb43-482b-8c7c-65703c9ffaaf/opts
Jun 22 03:25:20 gtw01 kernel: [ 2909.792800] device tap1690020b-e2 left promiscuous mode
Jun 22 03:25:38 gtw01 systemd-udevd[14038]: Could not generate persistent MAC address for tape28be469-d7: No such file or directory
Jun 22 03:25:38 gtw01 kernel: [ 2927.661833] device tape28be469-d7 entered promiscuous mode
Jun 22 03:25:38 gtw01 systemd-udevd[14038]: Process '/sbin/ip link set tape28be469-d7 txqueuelen 10000' failed with exit code 1.
Jun 22 03:25:38 gtw01 systemd-udevd[14038]: Process '/sbin/ip link set tape28be469-d7 txqueuelen 10000' failed with exit code 1.
Jun 22 03:25:41 gtw01 dnsmasq[14166]: started, version 2.80 cachesize 150
Jun 22 03:25:41 gtw01 dnsmasq[14166]: DNS service limited to local subnets
Jun 22 03:25:41 gtw01 dnsmasq[14166]: compile time options: IPv6 GNU-getopt DBus i18n IDN DHCP DHCPv6 no-Lua TFTP conntrack ipset auth DNSSEC loop-detect inotify dumpfile
Jun 22 03:25:41 gtw01 dnsmasq[14166]: warning: no upstream servers configured
Jun 22 03:25:41 gtw01 dnsmasq-dhcp[14166]: DHCP, static leases only on 192.168.120.16, lease time 1h
Jun 22 03:25:41 gtw01 dnsmasq[14166]: read /var/lib/neutron/dhcp/d1375ca1-d8bd-4fa8-812f-35d1bc6771fc/addn_hosts - 1 addresses
Jun 22 03:25:41 gtw01 dnsmasq-dhcp[14166]: read /var/lib/neutron/dhcp/d1375ca1-d8bd-4fa8-812f-35d1bc6771fc/host
Jun 22 03:25:41 gtw01 dnsmasq-dhcp[14166]: read /var/lib/neutron/dhcp/d1375ca1-d8bd-4fa8-812f-35d1bc6771fc/opts
Jun 22 03:25:42 gtw01 haproxy-metadata-proxy-d1375ca1-d8bd-4fa8-812f-35d1bc6771fc[14170]: Proxy listener started.
Jun 22 03:25:42 gtw01 dnsmasq[14166]: read /var/lib/neutron/dhcp/d1375ca1-d8bd-4fa8-812f-35d1bc6771fc/addn_hosts - 2 addresses
Jun 22 03:25:42 gtw01 dnsmasq-dhcp[14166]: read /var/lib/neutron/dhcp/d1375ca1-d8bd-4fa8-812f-35d1bc6771fc/host
Jun 22 03:25:42 gtw01 dnsmasq-dhcp[14166]: read /var/lib/neutron/dhcp/d1375ca1-d8bd-4fa8-812f-35d1bc6771fc/opts
Jun 22 03:25:43 gtw01 kernel: [ 2932.412484] device tap5d59c1ad-62 left promiscuous mode
Jun 22 03:25:43 gtw01 dnsmasq[14166]: read /var/lib/neutron/dhcp/d1375ca1-d8bd-4fa8-812f-35d1bc6771fc/addn_hosts - 2 addresses
Jun 22 03:25:43 gtw01 dnsmasq-dhcp[14166]: read /var/lib/neutron/dhcp/d1375ca1-d8bd-4fa8-812f-35d1bc6771fc/host
Jun 22 03:25:43 gtw01 dnsmasq-dhcp[14166]: read /var/lib/neutron/dhcp/d1375ca1-d8bd-4fa8-812f-35d1bc6771fc/opts
Jun 22 03:25:44 gtw01 kernel: [ 2932.898618] device tapb1bbe52b-de left promiscuous mode
Jun 22 03:25:44 gtw01 dnsmasq[14166]: read /var/lib/neutron/dhcp/d1375ca1-d8bd-4fa8-812f-35d1bc6771fc/addn_hosts - 2 addresses
Jun 22 03:25:44 gtw01 dnsmasq-dhcp[14166]: read /var/lib/neutron/dhcp/d1375ca1-d8bd-4fa8-812f-35d1bc6771fc/host
Jun 22 03:25:44 gtw01 dnsmasq-dhcp[14166]: read /var/lib/neutron/dhcp/d1375ca1-d8bd-4fa8-812f-35d1bc6771fc/opts
Jun 22 03:25:45 gtw01 kernel: [ 2934.207268] device tap3ab752e1-b8 left promiscuous mode
Jun 22 03:25:45 gtw01 kernel: [ 2934.452107] device tap7cc33e87-80 left promiscuous mode
Jun 22 03:25:45 gtw01 dnsmasq[14166]: read /var/lib/neutron/dhcp/d1375ca1-d8bd-4fa8-812f-35d1bc6771fc/addn_hosts - 2 addresses
Jun 22 03:25:45 gtw01 dnsmasq-dhcp[14166]: read /var/lib/neutron/dhcp/d1375ca1-d8bd-4fa8-812f-35d1bc6771fc/host
Jun 22 03:25:45 gtw01 dnsmasq-dhcp[14166]: read /var/lib/neutron/dhcp/d1375ca1-d8bd-4fa8-812f-35d1bc6771fc/opts
Jun 22 03:25:46 gtw01 dnsmasq[14166]: read /var/lib/neutron/dhcp/d1375ca1-d8bd-4fa8-812f-35d1bc6771fc/addn_hosts - 2 addresses
Jun 22 03:25:46 gtw01 dnsmasq-dhcp[14166]: read /var/lib/neutron/dhcp/d1375ca1-d8bd-4fa8-812f-35d1bc6771fc/host
Jun 22 03:25:46 gtw01 dnsmasq-dhcp[14166]: read /var/lib/neutron/dhcp/d1375ca1-d8bd-4fa8-812f-35d1bc6771fc/opts
Jun 22 03:25:47 gtw01 kernel: [ 2936.091775] device tap87daad56-84 left promiscuous mode
Jun 22 03:25:47 gtw01 dnsmasq[14166]: read /var/lib/neutron/dhcp/d1375ca1-d8bd-4fa8-812f-35d1bc6771fc/addn_hosts - 1 addresses
Jun 22 03:25:47 gtw01 dnsmasq-dhcp[14166]: read /var/lib/neutron/dhcp/d1375ca1-d8bd-4fa8-812f-35d1bc6771fc/host
Jun 22 03:25:47 gtw01 dnsmasq-dhcp[14166]: read /var/lib/neutron/dhcp/d1375ca1-d8bd-4fa8-812f-35d1bc6771fc/opts
Jun 22 03:25:48 gtw01 haproxy-metadata-proxy-d1375ca1-d8bd-4fa8-812f-35d1bc6771fc[14369]: Proxy listener started.
Jun 22 03:25:48 gtw01 kernel: [ 2937.162507] device tap29243521-bc left promiscuous mode
Jun 22 03:25:50 gtw01 kernel: [ 2939.381469] device tape28be469-d7 left promiscuous mode
Jun 22 03:26:03 gtw01 systemd-udevd[14476]: Could not generate persistent MAC address for tapfcfaea6f-1e: No such file or directory
Jun 22 03:26:03 gtw01 kernel: [ 2952.478754] device tapfcfaea6f-1e entered promiscuous mode
Jun 22 03:26:03 gtw01 systemd-udevd[14476]: Process '/sbin/ip link set tapfcfaea6f-1e txqueuelen 10000' failed with exit code 1.
Jun 22 03:26:03 gtw01 systemd-udevd[14527]: Process '/sbin/ip link set tapfcfaea6f-1e txqueuelen 10000' failed with exit code 1.
Jun 22 03:26:06 gtw01 dnsmasq[14612]: started, version 2.80 cachesize 150
Jun 22 03:26:06 gtw01 dnsmasq[14612]: DNS service limited to local subnets
Jun 22 03:26:06 gtw01 dnsmasq[14612]: compile time options: IPv6 GNU-getopt DBus i18n IDN DHCP DHCPv6 no-Lua TFTP conntrack ipset auth DNSSEC loop-detect inotify dumpfile
Jun 22 03:26:06 gtw01 dnsmasq[14612]: warning: no upstream servers configured
Jun 22 03:26:06 gtw01 dnsmasq-dhcp[14612]: DHCP, static leases only on 192.168.120.32, lease time 1h
Jun 22 03:26:06 gtw01 dnsmasq[14612]: read /var/lib/neutron/dhcp/b9b30bc5-b890-4cf0-976d-0041e3494113/addn_hosts - 1 addresses
Jun 22 03:26:06 gtw01 dnsmasq-dhcp[14612]: read /var/lib/neutron/dhcp/b9b30bc5-b890-4cf0-976d-0041e3494113/host
Jun 22 03:26:06 gtw01 dnsmasq-dhcp[14612]: read /var/lib/neutron/dhcp/b9b30bc5-b890-4cf0-976d-0041e3494113/opts
Jun 22 03:26:07 gtw01 haproxy-metadata-proxy-b9b30bc5-b890-4cf0-976d-0041e3494113[14616]: Proxy listener started.
Jun 22 03:26:07 gtw01 dnsmasq[14612]: read /var/lib/neutron/dhcp/b9b30bc5-b890-4cf0-976d-0041e3494113/addn_hosts - 2 addresses
Jun 22 03:26:07 gtw01 dnsmasq-dhcp[14612]: read /var/lib/neutron/dhcp/b9b30bc5-b890-4cf0-976d-0041e3494113/host
Jun 22 03:26:07 gtw01 dnsmasq-dhcp[14612]: read /var/lib/neutron/dhcp/b9b30bc5-b890-4cf0-976d-0041e3494113/opts
Jun 22 03:26:08 gtw01 dnsmasq[14612]: read /var/lib/neutron/dhcp/b9b30bc5-b890-4cf0-976d-0041e3494113/addn_hosts - 2 addresses
Jun 22 03:26:08 gtw01 dnsmasq-dhcp[14612]: read /var/lib/neutron/dhcp/b9b30bc5-b890-4cf0-976d-0041e3494113/host
Jun 22 03:26:08 gtw01 dnsmasq-dhcp[14612]: read /var/lib/neutron/dhcp/b9b30bc5-b890-4cf0-976d-0041e3494113/opts
Jun 22 03:26:09 gtw01 dnsmasq[14612]: read /var/lib/neutron/dhcp/b9b30bc5-b890-4cf0-976d-0041e3494113/addn_hosts - 2 addresses
Jun 22 03:26:09 gtw01 dnsmasq-dhcp[14612]: read /var/lib/neutron/dhcp/b9b30bc5-b890-4cf0-976d-0041e3494113/host
Jun 22 03:26:09 gtw01 dnsmasq-dhcp[14612]: read /var/lib/neutron/dhcp/b9b30bc5-b890-4cf0-976d-0041e3494113/opts
Jun 22 03:26:10 gtw01 dnsmasq[14612]: read /var/lib/neutron/dhcp/b9b30bc5-b890-4cf0-976d-0041e3494113/addn_hosts - 2 addresses
Jun 22 03:26:10 gtw01 dnsmasq-dhcp[14612]: read /var/lib/neutron/dhcp/b9b30bc5-b890-4cf0-976d-0041e3494113/host
Jun 22 03:26:10 gtw01 dnsmasq-dhcp[14612]: read /var/lib/neutron/dhcp/b9b30bc5-b890-4cf0-976d-0041e3494113/opts
Jun 22 03:26:11 gtw01 dnsmasq[14612]: read /var/lib/neutron/dhcp/b9b30bc5-b890-4cf0-976d-0041e3494113/addn_hosts - 2 addresses
Jun 22 03:26:11 gtw01 dnsmasq-dhcp[14612]: read /var/lib/neutron/dhcp/b9b30bc5-b890-4cf0-976d-0041e3494113/host
Jun 22 03:26:11 gtw01 dnsmasq-dhcp[14612]: read /var/lib/neutron/dhcp/b9b30bc5-b890-4cf0-976d-0041e3494113/opts
Jun 22 03:26:12 gtw01 dnsmasq[14612]: read /var/lib/neutron/dhcp/b9b30bc5-b890-4cf0-976d-0041e3494113/addn_hosts - 1 addresses
Jun 22 03:26:12 gtw01 dnsmasq-dhcp[14612]: read /var/lib/neutron/dhcp/b9b30bc5-b890-4cf0-976d-0041e3494113/host
Jun 22 03:26:12 gtw01 dnsmasq-dhcp[14612]: read /var/lib/neutron/dhcp/b9b30bc5-b890-4cf0-976d-0041e3494113/opts
Jun 22 03:26:13 gtw01 haproxy-metadata-proxy-b9b30bc5-b890-4cf0-976d-0041e3494113[14745]: Proxy listener started.
Jun 22 03:26:13 gtw01 kernel: [ 2962.493601] device tapfcfaea6f-1e left promiscuous mode
Jun 22 03:26:18 gtw01 systemd-udevd[14793]: Could not generate persistent MAC address for tape66e771d-25: No such file or directory
Jun 22 03:26:18 gtw01 kernel: [ 2967.283644] device tape66e771d-25 entered promiscuous mode
Jun 22 03:26:18 gtw01 systemd-udevd[14838]: Process '/sbin/ip link set tape66e771d-25 txqueuelen 10000' failed with exit code 1.
Jun 22 03:26:21 gtw01 dnsmasq[14926]: started, version 2.80 cachesize 150
Jun 22 03:26:21 gtw01 dnsmasq[14926]: DNS service limited to local subnets
Jun 22 03:26:21 gtw01 dnsmasq[14926]: compile time options: IPv6 GNU-getopt DBus i18n IDN DHCP DHCPv6 no-Lua TFTP conntrack ipset auth DNSSEC loop-detect inotify dumpfile
Jun 22 03:26:21 gtw01 dnsmasq[14926]: warning: no upstream servers configured
Jun 22 03:26:21 gtw01 dnsmasq-dhcp[14926]: DHCP, static leases only on 192.168.120.48, lease time 1h
Jun 22 03:26:21 gtw01 dnsmasq[14926]: read /var/lib/neutron/dhcp/9f0b76c4-d9e4-4486-bd50-e8c8967af1cd/addn_hosts - 1 addresses
Jun 22 03:26:21 gtw01 dnsmasq-dhcp[14926]: read /var/lib/neutron/dhcp/9f0b76c4-d9e4-4486-bd50-e8c8967af1cd/host
Jun 22 03:26:21 gtw01 dnsmasq-dhcp[14926]: read /var/lib/neutron/dhcp/9f0b76c4-d9e4-4486-bd50-e8c8967af1cd/opts
Jun 22 03:26:21 gtw01 haproxy-metadata-proxy-9f0b76c4-d9e4-4486-bd50-e8c8967af1cd[14931]: Proxy listener started.
Jun 22 03:26:22 gtw01 kernel: [ 2971.144313] device tape66e771d-25 left promiscuous mode
Jun 22 03:26:23 gtw01 systemd-udevd[14994]: Could not generate persistent MAC address for tape469720a-d1: No such file or directory
Jun 22 03:26:23 gtw01 kernel: [ 2972.335757] device tape469720a-d1 entered promiscuous mode
Jun 22 03:26:23 gtw01 systemd-udevd[14994]: Process '/sbin/ip link set tape469720a-d1 txqueuelen 10000' failed with exit code 1.
Jun 22 03:26:23 gtw01 systemd-udevd[15054]: Process '/sbin/ip link set tape469720a-d1 txqueuelen 10000' failed with exit code 1.
Jun 22 03:26:23 gtw01 kernel: [ 2972.775796] device tap91bad65b-2e entered promiscuous mode
Jun 22 03:26:23 gtw01 systemd-udevd[15078]: Could not generate persistent MAC address for tap91bad65b-2e: No such file or directory
Jun 22 03:26:23 gtw01 systemd-udevd[15078]: Process '/sbin/ip link set tap91bad65b-2e txqueuelen 10000' failed with exit code 1.
Jun 22 03:26:23 gtw01 systemd-udevd[15078]: Process '/sbin/ip link set tap91bad65b-2e txqueuelen 10000' failed with exit code 1.
Jun 22 03:26:26 gtw01 dnsmasq[15258]: started, version 2.80 cachesize 150
Jun 22 03:26:26 gtw01 dnsmasq[15258]: DNS service limited to local subnets
Jun 22 03:26:26 gtw01 dnsmasq[15258]: compile time options: IPv6 GNU-getopt DBus i18n IDN DHCP DHCPv6 no-Lua TFTP conntrack ipset auth DNSSEC loop-detect inotify dumpfile
Jun 22 03:26:26 gtw01 dnsmasq[15258]: warning: no upstream servers configured
Jun 22 03:26:26 gtw01 dnsmasq-dhcp[15258]: DHCP, static leases only on 192.168.120.0, lease time 1h
Jun 22 03:26:26 gtw01 dnsmasq[15258]: read /var/lib/neutron/dhcp/4fa470a8-9cbe-4e79-be64-ab445bb07b26/addn_hosts - 1 addresses
Jun 22 03:26:26 gtw01 dnsmasq-dhcp[15258]: read /var/lib/neutron/dhcp/4fa470a8-9cbe-4e79-be64-ab445bb07b26/host
Jun 22 03:26:26 gtw01 dnsmasq-dhcp[15258]: read /var/lib/neutron/dhcp/4fa470a8-9cbe-4e79-be64-ab445bb07b26/opts
Jun 22 03:26:26 gtw01 haproxy-metadata-proxy-4fa470a8-9cbe-4e79-be64-ab445bb07b26[15268]: Proxy listener started.
Jun 22 03:26:27 gtw01 dnsmasq[15282]: started, version 2.80 cachesize 150
Jun 22 03:26:27 gtw01 dnsmasq[15282]: DNS service limited to local subnets
Jun 22 03:26:27 gtw01 dnsmasq[15282]: compile time options: IPv6 GNU-getopt DBus i18n IDN DHCP DHCPv6 no-Lua TFTP conntrack ipset auth DNSSEC loop-detect inotify dumpfile
Jun 22 03:26:27 gtw01 dnsmasq[15282]: warning: no upstream servers configured
Jun 22 03:26:27 gtw01 dnsmasq-dhcp[15282]: DHCP, static leases only on 192.168.120.64, lease time 1h
Jun 22 03:26:27 gtw01 dnsmasq[15282]: read /var/lib/neutron/dhcp/d1bc7d03-37bd-4ef8-8f84-c9a4427b9a7e/addn_hosts - 1 addresses
Jun 22 03:26:27 gtw01 dnsmasq-dhcp[15282]: read /var/lib/neutron/dhcp/d1bc7d03-37bd-4ef8-8f84-c9a4427b9a7e/host
Jun 22 03:26:27 gtw01 dnsmasq-dhcp[15282]: read /var/lib/neutron/dhcp/d1bc7d03-37bd-4ef8-8f84-c9a4427b9a7e/opts
Jun 22 03:26:27 gtw01 haproxy-metadata-proxy-d1bc7d03-37bd-4ef8-8f84-c9a4427b9a7e[15289]: Proxy listener started.
Jun 22 03:26:27 gtw01 kernel: [ 2976.737467] device tap91bad65b-2e left promiscuous mode
Jun 22 03:26:29 gtw01 systemd-udevd[15359]: Could not generate persistent MAC address for tap7b299b80-1c: No such file or directory
Jun 22 03:26:29 gtw01 kernel: [ 2978.173649] device tap7b299b80-1c entered promiscuous mode
Jun 22 03:26:29 gtw01 systemd-udevd[15413]: Process '/sbin/ip link set tap7b299b80-1c txqueuelen 10000' failed with exit code 1.
Jun 22 03:26:30 gtw01 dnsmasq[15478]: started, version 2.80 cachesize 150
Jun 22 03:26:30 gtw01 dnsmasq[15478]: DNS service limited to local subnets
Jun 22 03:26:30 gtw01 dnsmasq[15478]: compile time options: IPv6 GNU-getopt DBus i18n IDN DHCP DHCPv6 no-Lua TFTP conntrack ipset auth DNSSEC loop-detect inotify dumpfile
Jun 22 03:26:30 gtw01 dnsmasq[15478]: warning: no upstream servers configured
Jun 22 03:26:30 gtw01 dnsmasq-dhcp[15478]: DHCP, static leases only on 192.168.120.48, lease time 1h
Jun 22 03:26:30 gtw01 dnsmasq-dhcp[15478]: DHCP, static leases only on 192.168.120.16, lease time 1h
Jun 22 03:26:30 gtw01 dnsmasq-dhcp[15478]: DHCP, static leases only on 192.168.120.32, lease time 1h
Jun 22 03:26:30 gtw01 dnsmasq-dhcp[15478]: DHCP, static leases only on 192.168.120.64, lease time 1h
Jun 22 03:26:30 gtw01 dnsmasq-dhcp[15478]: DHCP, static leases only on 192.168.120.0, lease time 1h
Jun 22 03:26:30 gtw01 dnsmasq[15478]: read /var/lib/neutron/dhcp/4fa470a8-9cbe-4e79-be64-ab445bb07b26/addn_hosts - 5 addresses
Jun 22 03:26:30 gtw01 dnsmasq-dhcp[15478]: read /var/lib/neutron/dhcp/4fa470a8-9cbe-4e79-be64-ab445bb07b26/host
Jun 22 03:26:30 gtw01 dnsmasq-dhcp[15478]: read /var/lib/neutron/dhcp/4fa470a8-9cbe-4e79-be64-ab445bb07b26/opts
Jun 22 03:26:31 gtw01 dnsmasq[15478]: read /var/lib/neutron/dhcp/4fa470a8-9cbe-4e79-be64-ab445bb07b26/addn_hosts - 5 addresses
Jun 22 03:26:31 gtw01 dnsmasq-dhcp[15478]: read /var/lib/neutron/dhcp/4fa470a8-9cbe-4e79-be64-ab445bb07b26/host
Jun 22 03:26:31 gtw01 dnsmasq-dhcp[15478]: read /var/lib/neutron/dhcp/4fa470a8-9cbe-4e79-be64-ab445bb07b26/opts
Jun 22 03:26:32 gtw01 dnsmasq[15563]: started, version 2.80 cachesize 150
Jun 22 03:26:32 gtw01 dnsmasq[15563]: DNS service limited to local subnets
Jun 22 03:26:32 gtw01 dnsmasq[15563]: compile time options: IPv6 GNU-getopt DBus i18n IDN DHCP DHCPv6 no-Lua TFTP conntrack ipset auth DNSSEC loop-detect inotify dumpfile
Jun 22 03:26:32 gtw01 dnsmasq[15563]: warning: no upstream servers configured
Jun 22 03:26:32 gtw01 dnsmasq-dhcp[15563]: DHCP, static leases only on 192.168.120.80, lease time 1h
Jun 22 03:26:32 gtw01 dnsmasq[15563]: read /var/lib/neutron/dhcp/38ca340b-652f-4d77-8d6f-19c9b07d9c41/addn_hosts - 1 addresses
