Jun 22 04:53:24 gtw01 neutron-keepalived-state-change: 2019-06-22 04:53:24.202 7738 CRITICAL neutron [-] Unhandled error: AssertionError: do not call blocking functions from the mainloop#0122019-06-22 04:53:24.202 7738 ERROR neutron Traceback (most recent call last):#0122019-06-22 04:53:24.202 7738 ERROR neutron   File "/usr/bin/neutron-keepalived-state-change", line 10, in <module>#0122019-06-22 04:53:24.202 7738 ERROR neutron     sys.exit(main())#0122019-06-22 04:53:24.202 7738 ERROR neutron   File "/usr/lib/python2.7/dist-packages/neutron/cmd/keepalived_state_change.py", line 19, in main#0122019-06-22 04:53:24.202 7738 ERROR neutron     keepalived_state_change.main()#0122019-06-22 04:53:24.202 7738 ERROR neutron   File "/usr/lib/python2.7/dist-packages/neutron/agent/l3/keepalived_state_change.py", line 176, in main#0122019-06-22 04:53:24.202 7738 ERROR neutron     cfg.CONF.monitor_cidr).start()#0122019-06-22 04:53:24.202 7738 ERROR neutron   File "/usr/lib/python2.7/dist-packages/neutron/agent/linux/daemon.py", line 248, in start#0122019-06-22 04:53:24.202 7738 ERROR neutron     self.run()#0122019-06-22 04:53:24.202 7738 ERROR neutron   File "/usr/lib/python2.7/dist-packages/neutron/agent/l3/keepalived_state_change.py", line 71, in run#0122019-06-22 04:53:24.202 7738 ERROR neutron     for iterable in self.monitor:#0122019-06-22 04:53:24.202 7738 ERROR neutron   File "/usr/lib/python2.7/dist-packages/neutron/agent/linux/async_process.py", line 284, in _iter_queue#0122019-06-22 04:53:24.202 7738 ERROR neutron     yield queue.get(block=block)#0122019-06-22 04:53:24.202 7738 ERROR neutron   File "/usr/lib/python2.7/dist-packages/eventlet/queue.py", line 313, in get#0122019-06-22 04:53:24.202 7738 ERROR neutron     return waiter.wait()#0122019-06-22 04:53:24.202 7738 ERROR neutron   File "/usr/lib/python2.7/dist-packages/eventlet/queue.py", line 141, in wait#0122019-06-22 04:53:24.202 7738 ERROR neutron     return get_hub().switch()#0122019-06-22 04:53:24.202 7738 ERROR neutron   File "/usr/lib/python2.7/dist-packages/eventlet/hubs/hub.py", line 294, in switch#0122019-06-22 04:53:24.202 7738 ERROR neutron     return self.greenlet.switch()#0122019-06-22 04:53:24.202 7738 ERROR neutron   File "/usr/lib/python2.7/dist-packages/eventlet/hubs/hub.py", line 346, in run#0122019-06-22 04:53:24.202 7738 ERROR neutron     self.wait(sleep_time)#0122019-06-22 04:53:24.202 7738 ERROR neutron   File "/usr/lib/python2.7/dist-packages/eventlet/hubs/poll.py", line 85, in wait#0122019-06-22 04:53:24.202 7738 ERROR neutron     presult = self.do_poll(seconds)#0122019-06-22 04:53:24.202 7738 ERROR neutron   File "/usr/lib/python2.7/dist-packages/eventlet/hubs/epolls.py", line 62, in do_poll#0122019-06-22 04:53:24.202 7738 ERROR neutron     return self.poll.poll(seconds)#0122019-06-22 04:53:24.202 7738 ERROR neutron   File "/usr/lib/python2.7/dist-packages/neutron/agent/l3/keepalived_state_change.py", line 152, in handle_sigterm#0122019-06-22 04:53:24.202 7738 ERROR neutron     self._kill_monitor()#0122019-06-22 04:53:24.202 7738 ERROR neutron   File "/usr/lib/python2.7/dist-packages/neutron/agent/l3/keepalived_state_change.py", line 149, in _kill_monitor#0122019-06-22 04:53:24.202 7738 ERROR neutron     run_as_root=True)#0122019-06-22 04:53:24.202 7738 ERROR neutron   File "/usr/lib/python2.7/dist-packages/neutron/agent/linux/utils.py", line 219, in kill_process#0122019-06-22 04:53:24.202 7738 ERROR neutron     execute(['kill', '-%d' % signal, pid], run_as_root=run_as_root)#0122019-06-22 04:53:24.202 7738 ERROR neutron   File "/usr/lib/python2.7/dist-packages/neutron/agent/linux/utils.py", line 126, in execute#0122019-06-22 04:53:24.202 7738 ERROR neutron     _stdout, _stderr = obj.communicate(_process_input)#0122019-06-22 04:53:24.202 7738 ERROR neutron   File "/usr/lib/python2.7/subprocess.py", line 800, in communicate#0122019-06-22 04:53:24.202 7738 ERROR neutron     return self._communicate(input)#0122019-06-22 04:53:24.202 7738 ERROR neutron   File "/usr/lib/python2.7/subprocess.py", line 1419, in _communicate#0122019-06-22 04:53:24.202 7738 ERROR neutron     stdout, stderr = self._communicate_with_select(input)#0122019-06-22 04:53:24.202 7738 ERROR neutron   File "/usr/lib/python2.7/subprocess.py", line 1520, in _communicate_with_select#0122019-06-22 04:53:24.202 7738 ERROR neutron     rlist, wlist, xlist = select.select(read_set, write_set, [])#0122019-06-22 04:53:24.202 7738 ERROR neutron   File "/usr/lib/python2.7/dist-packages/eventlet/green/select.py", line 40, in select#0122019-06-22 04:53:24.202 7738 ERROR neutron     assert hub.greenlet is not current, 'do not call blocking functions from the mainloop'#0122019-06-22 04:53:24.202 7738 ERROR neutron AssertionError: do not call blocking functions from the mainloop#0122019-06-22 04:53:24.202 7738 ERROR neutron
Jun 22 04:53:24 gtw01 dnsmasq[5099]: read /var/lib/neutron/dhcp/bf592758-6f39-416d-bb37-a2556a00bdef/addn_hosts - 16 addresses
Jun 22 04:53:24 gtw01 dnsmasq-dhcp[5099]: read /var/lib/neutron/dhcp/bf592758-6f39-416d-bb37-a2556a00bdef/host
Jun 22 04:53:24 gtw01 dnsmasq-dhcp[5099]: read /var/lib/neutron/dhcp/bf592758-6f39-416d-bb37-a2556a00bdef/opts
Jun 22 04:53:25 gtw01 kernel: [ 8194.076878] device ha-de370009-5b left promiscuous mode
Jun 22 04:53:25 gtw01 dnsmasq[5099]: read /var/lib/neutron/dhcp/bf592758-6f39-416d-bb37-a2556a00bdef/addn_hosts - 17 addresses
Jun 22 04:53:25 gtw01 dnsmasq-dhcp[5099]: read /var/lib/neutron/dhcp/bf592758-6f39-416d-bb37-a2556a00bdef/host
Jun 22 04:53:25 gtw01 dnsmasq-dhcp[5099]: read /var/lib/neutron/dhcp/bf592758-6f39-416d-bb37-a2556a00bdef/opts
Jun 22 04:53:27 gtw01 dnsmasq[5099]: read /var/lib/neutron/dhcp/bf592758-6f39-416d-bb37-a2556a00bdef/addn_hosts - 17 addresses
Jun 22 04:53:27 gtw01 dnsmasq-dhcp[5099]: read /var/lib/neutron/dhcp/bf592758-6f39-416d-bb37-a2556a00bdef/host
Jun 22 04:53:27 gtw01 dnsmasq-dhcp[5099]: read /var/lib/neutron/dhcp/bf592758-6f39-416d-bb37-a2556a00bdef/opts
Jun 22 04:53:29 gtw01 dnsmasq[5099]: read /var/lib/neutron/dhcp/bf592758-6f39-416d-bb37-a2556a00bdef/addn_hosts - 17 addresses
Jun 22 04:53:29 gtw01 dnsmasq-dhcp[5099]: read /var/lib/neutron/dhcp/bf592758-6f39-416d-bb37-a2556a00bdef/host
Jun 22 04:53:29 gtw01 dnsmasq-dhcp[5099]: read /var/lib/neutron/dhcp/bf592758-6f39-416d-bb37-a2556a00bdef/opts
Jun 22 04:53:31 gtw01 dnsmasq[5099]: read /var/lib/neutron/dhcp/bf592758-6f39-416d-bb37-a2556a00bdef/addn_hosts - 17 addresses
Jun 22 04:53:31 gtw01 dnsmasq-dhcp[5099]: read /var/lib/neutron/dhcp/bf592758-6f39-416d-bb37-a2556a00bdef/host
Jun 22 04:53:31 gtw01 dnsmasq-dhcp[5099]: read /var/lib/neutron/dhcp/bf592758-6f39-416d-bb37-a2556a00bdef/opts
Jun 22 04:53:32 gtw01 dnsmasq[4988]: read /var/lib/neutron/dhcp/c2c16e6e-0ef0-4d52-9d99-d71723eee153/addn_hosts - 2 addresses
Jun 22 04:53:32 gtw01 dnsmasq-dhcp[4988]: read /var/lib/neutron/dhcp/c2c16e6e-0ef0-4d52-9d99-d71723eee153/host
Jun 22 04:53:32 gtw01 dnsmasq-dhcp[4988]: read /var/lib/neutron/dhcp/c2c16e6e-0ef0-4d52-9d99-d71723eee153/opts
Jun 22 04:53:32 gtw01 dnsmasq[5099]: read /var/lib/neutron/dhcp/bf592758-6f39-416d-bb37-a2556a00bdef/addn_hosts - 16 addresses
Jun 22 04:53:32 gtw01 dnsmasq-dhcp[5099]: read /var/lib/neutron/dhcp/bf592758-6f39-416d-bb37-a2556a00bdef/host
Jun 22 04:53:32 gtw01 dnsmasq-dhcp[5099]: read /var/lib/neutron/dhcp/bf592758-6f39-416d-bb37-a2556a00bdef/opts
Jun 22 04:53:33 gtw01 dnsmasq[5099]: read /var/lib/neutron/dhcp/bf592758-6f39-416d-bb37-a2556a00bdef/addn_hosts - 15 addresses
Jun 22 04:53:33 gtw01 dnsmasq-dhcp[5099]: read /var/lib/neutron/dhcp/bf592758-6f39-416d-bb37-a2556a00bdef/host
Jun 22 04:53:33 gtw01 dnsmasq-dhcp[5099]: read /var/lib/neutron/dhcp/bf592758-6f39-416d-bb37-a2556a00bdef/opts
Jun 22 04:53:34 gtw01 dnsmasq[4988]: read /var/lib/neutron/dhcp/c2c16e6e-0ef0-4d52-9d99-d71723eee153/addn_hosts - 1 addresses
Jun 22 04:53:34 gtw01 dnsmasq-dhcp[4988]: read /var/lib/neutron/dhcp/c2c16e6e-0ef0-4d52-9d99-d71723eee153/host
Jun 22 04:53:34 gtw01 dnsmasq-dhcp[4988]: read /var/lib/neutron/dhcp/c2c16e6e-0ef0-4d52-9d99-d71723eee153/opts
Jun 22 04:53:34 gtw01 dnsmasq[5099]: read /var/lib/neutron/dhcp/bf592758-6f39-416d-bb37-a2556a00bdef/addn_hosts - 14 addresses
Jun 22 04:53:34 gtw01 dnsmasq-dhcp[5099]: read /var/lib/neutron/dhcp/bf592758-6f39-416d-bb37-a2556a00bdef/host
Jun 22 04:53:34 gtw01 dnsmasq-dhcp[5099]: read /var/lib/neutron/dhcp/bf592758-6f39-416d-bb37-a2556a00bdef/opts
Jun 22 04:53:35 gtw01 dnsmasq[5099]: read /var/lib/neutron/dhcp/bf592758-6f39-416d-bb37-a2556a00bdef/addn_hosts - 13 addresses
Jun 22 04:53:35 gtw01 dnsmasq-dhcp[5099]: read /var/lib/neutron/dhcp/bf592758-6f39-416d-bb37-a2556a00bdef/host
Jun 22 04:53:35 gtw01 dnsmasq-dhcp[5099]: read /var/lib/neutron/dhcp/bf592758-6f39-416d-bb37-a2556a00bdef/opts
Jun 22 04:53:36 gtw01 dnsmasq[5099]: read /var/lib/neutron/dhcp/bf592758-6f39-416d-bb37-a2556a00bdef/addn_hosts - 12 addresses
Jun 22 04:53:36 gtw01 dnsmasq-dhcp[5099]: read /var/lib/neutron/dhcp/bf592758-6f39-416d-bb37-a2556a00bdef/host
Jun 22 04:53:36 gtw01 dnsmasq-dhcp[5099]: read /var/lib/neutron/dhcp/bf592758-6f39-416d-bb37-a2556a00bdef/opts
Jun 22 04:53:37 gtw01 dnsmasq[5099]: read /var/lib/neutron/dhcp/bf592758-6f39-416d-bb37-a2556a00bdef/addn_hosts - 11 addresses
Jun 22 04:53:37 gtw01 dnsmasq-dhcp[5099]: read /var/lib/neutron/dhcp/bf592758-6f39-416d-bb37-a2556a00bdef/host
Jun 22 04:53:37 gtw01 dnsmasq-dhcp[5099]: read /var/lib/neutron/dhcp/bf592758-6f39-416d-bb37-a2556a00bdef/opts
Jun 22 04:53:37 gtw01 dnsmasq[4988]: read /var/lib/neutron/dhcp/c2c16e6e-0ef0-4d52-9d99-d71723eee153/addn_hosts - 2 addresses
Jun 22 04:53:37 gtw01 dnsmasq-dhcp[4988]: read /var/lib/neutron/dhcp/c2c16e6e-0ef0-4d52-9d99-d71723eee153/host
Jun 22 04:53:37 gtw01 dnsmasq-dhcp[4988]: read /var/lib/neutron/dhcp/c2c16e6e-0ef0-4d52-9d99-d71723eee153/opts
Jun 22 04:53:38 gtw01 dnsmasq[5099]: read /var/lib/neutron/dhcp/bf592758-6f39-416d-bb37-a2556a00bdef/addn_hosts - 10 addresses
Jun 22 04:53:38 gtw01 dnsmasq-dhcp[5099]: read /var/lib/neutron/dhcp/bf592758-6f39-416d-bb37-a2556a00bdef/host
Jun 22 04:53:38 gtw01 dnsmasq-dhcp[5099]: read /var/lib/neutron/dhcp/bf592758-6f39-416d-bb37-a2556a00bdef/opts
Jun 22 04:53:39 gtw01 dnsmasq[5099]: read /var/lib/neutron/dhcp/bf592758-6f39-416d-bb37-a2556a00bdef/addn_hosts - 9 addresses
Jun 22 04:53:39 gtw01 dnsmasq-dhcp[5099]: read /var/lib/neutron/dhcp/bf592758-6f39-416d-bb37-a2556a00bdef/host
Jun 22 04:53:39 gtw01 dnsmasq-dhcp[5099]: read /var/lib/neutron/dhcp/bf592758-6f39-416d-bb37-a2556a00bdef/opts
Jun 22 04:53:40 gtw01 dnsmasq[4988]: read /var/lib/neutron/dhcp/c2c16e6e-0ef0-4d52-9d99-d71723eee153/addn_hosts - 1 addresses
Jun 22 04:53:40 gtw01 dnsmasq-dhcp[4988]: read /var/lib/neutron/dhcp/c2c16e6e-0ef0-4d52-9d99-d71723eee153/host
Jun 22 04:53:40 gtw01 dnsmasq-dhcp[4988]: read /var/lib/neutron/dhcp/c2c16e6e-0ef0-4d52-9d99-d71723eee153/opts
Jun 22 04:53:40 gtw01 dnsmasq[5099]: read /var/lib/neutron/dhcp/bf592758-6f39-416d-bb37-a2556a00bdef/addn_hosts - 7 addresses
Jun 22 04:53:40 gtw01 dnsmasq-dhcp[5099]: read /var/lib/neutron/dhcp/bf592758-6f39-416d-bb37-a2556a00bdef/host
Jun 22 04:53:40 gtw01 dnsmasq-dhcp[5099]: read /var/lib/neutron/dhcp/bf592758-6f39-416d-bb37-a2556a00bdef/opts
Jun 22 04:53:41 gtw01 dnsmasq[5099]: read /var/lib/neutron/dhcp/bf592758-6f39-416d-bb37-a2556a00bdef/addn_hosts - 6 addresses
Jun 22 04:53:41 gtw01 dnsmasq-dhcp[5099]: read /var/lib/neutron/dhcp/bf592758-6f39-416d-bb37-a2556a00bdef/host
Jun 22 04:53:41 gtw01 dnsmasq-dhcp[5099]: read /var/lib/neutron/dhcp/bf592758-6f39-416d-bb37-a2556a00bdef/opts
Jun 22 04:53:42 gtw01 dnsmasq[5099]: read /var/lib/neutron/dhcp/bf592758-6f39-416d-bb37-a2556a00bdef/addn_hosts - 5 addresses
Jun 22 04:53:42 gtw01 dnsmasq-dhcp[5099]: read /var/lib/neutron/dhcp/bf592758-6f39-416d-bb37-a2556a00bdef/host
Jun 22 04:53:42 gtw01 dnsmasq-dhcp[5099]: read /var/lib/neutron/dhcp/bf592758-6f39-416d-bb37-a2556a00bdef/opts
Jun 22 04:53:42 gtw01 dnsmasq[5099]: read /var/lib/neutron/dhcp/bf592758-6f39-416d-bb37-a2556a00bdef/addn_hosts - 4 addresses
Jun 22 04:53:42 gtw01 dnsmasq-dhcp[5099]: read /var/lib/neutron/dhcp/bf592758-6f39-416d-bb37-a2556a00bdef/host
Jun 22 04:53:42 gtw01 dnsmasq-dhcp[5099]: read /var/lib/neutron/dhcp/bf592758-6f39-416d-bb37-a2556a00bdef/opts
Jun 22 04:53:43 gtw01 dnsmasq[5099]: read /var/lib/neutron/dhcp/bf592758-6f39-416d-bb37-a2556a00bdef/addn_hosts - 3 addresses
Jun 22 04:53:43 gtw01 dnsmasq-dhcp[5099]: read /var/lib/neutron/dhcp/bf592758-6f39-416d-bb37-a2556a00bdef/host
Jun 22 04:53:43 gtw01 dnsmasq-dhcp[5099]: read /var/lib/neutron/dhcp/bf592758-6f39-416d-bb37-a2556a00bdef/opts
Jun 22 04:53:44 gtw01 dnsmasq[5099]: read /var/lib/neutron/dhcp/bf592758-6f39-416d-bb37-a2556a00bdef/addn_hosts - 2 addresses
Jun 22 04:53:44 gtw01 dnsmasq-dhcp[5099]: read /var/lib/neutron/dhcp/bf592758-6f39-416d-bb37-a2556a00bdef/host
Jun 22 04:53:44 gtw01 dnsmasq-dhcp[5099]: read /var/lib/neutron/dhcp/bf592758-6f39-416d-bb37-a2556a00bdef/opts
Jun 22 04:53:44 gtw01 dnsmasq[4988]: read /var/lib/neutron/dhcp/c2c16e6e-0ef0-4d52-9d99-d71723eee153/addn_hosts - 2 addresses
Jun 22 04:53:44 gtw01 dnsmasq-dhcp[4988]: read /var/lib/neutron/dhcp/c2c16e6e-0ef0-4d52-9d99-d71723eee153/host
Jun 22 04:53:44 gtw01 dnsmasq-dhcp[4988]: read /var/lib/neutron/dhcp/c2c16e6e-0ef0-4d52-9d99-d71723eee153/opts
Jun 22 04:53:45 gtw01 kernel: [ 8214.752839] device tapfecf201f-70 left promiscuous mode
Jun 22 04:53:46 gtw01 dnsmasq[4988]: read /var/lib/neutron/dhcp/c2c16e6e-0ef0-4d52-9d99-d71723eee153/addn_hosts - 1 addresses
Jun 22 04:53:46 gtw01 dnsmasq-dhcp[4988]: read /var/lib/neutron/dhcp/c2c16e6e-0ef0-4d52-9d99-d71723eee153/host
Jun 22 04:53:46 gtw01 dnsmasq-dhcp[4988]: read /var/lib/neutron/dhcp/c2c16e6e-0ef0-4d52-9d99-d71723eee153/opts
Jun 22 04:53:50 gtw01 kernel: [ 8219.181320] device tapccfb6be7-50 left promiscuous mode
Jun 22 04:53:53 gtw01 kernel: [ 8222.710256] device tapbe09ba84-0c left promiscuous mode
Jun 22 04:53:57 gtw01 kernel: [ 8226.752067] device tapf4067259-c3 left promiscuous mode
Jun 22 04:54:10 gtw01 dnsmasq[4049]: read /var/lib/neutron/dhcp/ca9f007d-d13d-447c-9579-68074441f72d/addn_hosts - 1 addresses
Jun 22 04:54:10 gtw01 dnsmasq-dhcp[4049]: read /var/lib/neutron/dhcp/ca9f007d-d13d-447c-9579-68074441f72d/host
Jun 22 04:54:10 gtw01 dnsmasq-dhcp[4049]: read /var/lib/neutron/dhcp/ca9f007d-d13d-447c-9579-68074441f72d/opts
Jun 22 04:54:10 gtw01 haproxy-metadata-proxy-ca9f007d-d13d-447c-9579-68074441f72d[8499]: Proxy listener started.
Jun 22 04:54:11 gtw01 kernel: [ 8240.397985] device qr-4418f419-b6 left promiscuous mode
Jun 22 04:54:14 gtw01 kernel: [ 8243.167505] device qg-39740466-5a left promiscuous mode
Jun 22 04:54:14 gtw01 kernel: [ 8243.379986] device tap228dda40-d9 left promiscuous mode
Jun 22 04:54:22 gtw01 systemd-udevd[8646]: Could not generate persistent MAC address for tap96e7ec35-5d: No such file or directory
Jun 22 04:54:22 gtw01 kernel: [ 8251.771078] device tap96e7ec35-5d entered promiscuous mode
Jun 22 04:54:22 gtw01 systemd-udevd[8646]: Process '/sbin/ip link set tap96e7ec35-5d txqueuelen 10000' failed with exit code 1.
Jun 22 04:54:22 gtw01 systemd-udevd[8646]: Process '/sbin/ip link set tap96e7ec35-5d txqueuelen 10000' failed with exit code 1.
Jun 22 04:54:25 gtw01 kernel: [ 8254.693600] device qg-21e60014-0e entered promiscuous mode
Jun 22 04:54:25 gtw01 systemd-udevd[8798]: Could not generate persistent MAC address for qg-21e60014-0e: No such file or directory
Jun 22 04:54:26 gtw01 dnsmasq[8862]: started, version 2.80 cachesize 150
Jun 22 04:54:26 gtw01 dnsmasq[8862]: DNS service limited to local subnets
Jun 22 04:54:26 gtw01 dnsmasq[8862]: compile time options: IPv6 GNU-getopt DBus i18n IDN DHCP DHCPv6 no-Lua TFTP conntrack ipset auth DNSSEC loop-detect inotify dumpfile
Jun 22 04:54:26 gtw01 dnsmasq[8862]: warning: no upstream servers configured
Jun 22 04:54:26 gtw01 dnsmasq-dhcp[8862]: DHCP, static leases only on 192.168.120.0, lease time 1h
Jun 22 04:54:26 gtw01 dnsmasq[8862]: read /var/lib/neutron/dhcp/8b964276-80ab-4a4f-9b15-f8d6640af3b7/addn_hosts - 1 addresses
Jun 22 04:54:26 gtw01 dnsmasq-dhcp[8862]: read /var/lib/neutron/dhcp/8b964276-80ab-4a4f-9b15-f8d6640af3b7/host
Jun 22 04:54:26 gtw01 dnsmasq-dhcp[8862]: read /var/lib/neutron/dhcp/8b964276-80ab-4a4f-9b15-f8d6640af3b7/opts
Jun 22 04:54:26 gtw01 haproxy-metadata-proxy-8b964276-80ab-4a4f-9b15-f8d6640af3b7[8872]: Proxy listener started.
Jun 22 04:54:27 gtw01 dnsmasq[8862]: read /var/lib/neutron/dhcp/8b964276-80ab-4a4f-9b15-f8d6640af3b7/addn_hosts - 2 addresses
Jun 22 04:54:27 gtw01 dnsmasq-dhcp[8862]: read /var/lib/neutron/dhcp/8b964276-80ab-4a4f-9b15-f8d6640af3b7/host
Jun 22 04:54:27 gtw01 dnsmasq-dhcp[8862]: read /var/lib/neutron/dhcp/8b964276-80ab-4a4f-9b15-f8d6640af3b7/opts
Jun 22 04:54:28 gtw01 dnsmasq[8862]: read /var/lib/neutron/dhcp/8b964276-80ab-4a4f-9b15-f8d6640af3b7/addn_hosts - 2 addresses
Jun 22 04:54:28 gtw01 dnsmasq-dhcp[8862]: read /var/lib/neutron/dhcp/8b964276-80ab-4a4f-9b15-f8d6640af3b7/host
Jun 22 04:54:28 gtw01 dnsmasq-dhcp[8862]: read /var/lib/neutron/dhcp/8b964276-80ab-4a4f-9b15-f8d6640af3b7/opts
Jun 22 04:54:29 gtw01 dnsmasq[8862]: read /var/lib/neutron/dhcp/8b964276-80ab-4a4f-9b15-f8d6640af3b7/addn_hosts - 2 addresses
Jun 22 04:54:29 gtw01 dnsmasq-dhcp[8862]: read /var/lib/neutron/dhcp/8b964276-80ab-4a4f-9b15-f8d6640af3b7/host
Jun 22 04:54:29 gtw01 dnsmasq-dhcp[8862]: read /var/lib/neutron/dhcp/8b964276-80ab-4a4f-9b15-f8d6640af3b7/opts
Jun 22 04:54:30 gtw01 dnsmasq[8862]: read /var/lib/neutron/dhcp/8b964276-80ab-4a4f-9b15-f8d6640af3b7/addn_hosts - 2 addresses
Jun 22 04:54:30 gtw01 dnsmasq-dhcp[8862]: read /var/lib/neutron/dhcp/8b964276-80ab-4a4f-9b15-f8d6640af3b7/host
Jun 22 04:54:30 gtw01 dnsmasq-dhcp[8862]: read /var/lib/neutron/dhcp/8b964276-80ab-4a4f-9b15-f8d6640af3b7/opts
Jun 22 04:54:31 gtw01 dnsmasq[8862]: read /var/lib/neutron/dhcp/8b964276-80ab-4a4f-9b15-f8d6640af3b7/addn_hosts - 2 addresses
Jun 22 04:54:31 gtw01 dnsmasq-dhcp[8862]: read /var/lib/neutron/dhcp/8b964276-80ab-4a4f-9b15-f8d6640af3b7/host
Jun 22 04:54:31 gtw01 dnsmasq-dhcp[8862]: read /var/lib/neutron/dhcp/8b964276-80ab-4a4f-9b15-f8d6640af3b7/opts
Jun 22 04:54:32 gtw01 haproxy-metadata-proxy-53187466-4d0d-4e90-9691-b79162cb5288[9085]: Proxy listener started.
Jun 22 04:54:33 gtw01 dnsmasq[8862]: read /var/lib/neutron/dhcp/8b964276-80ab-4a4f-9b15-f8d6640af3b7/addn_hosts - 2 addresses
Jun 22 04:54:33 gtw01 dnsmasq-dhcp[8862]: read /var/lib/neutron/dhcp/8b964276-80ab-4a4f-9b15-f8d6640af3b7/host
Jun 22 04:54:33 gtw01 dnsmasq-dhcp[8862]: read /var/lib/neutron/dhcp/8b964276-80ab-4a4f-9b15-f8d6640af3b7/opts
Jun 22 04:54:33 gtw01 systemd-udevd[9116]: Could not generate persistent MAC address for qr-0967bb37-7b: No such file or directory
Jun 22 04:54:33 gtw01 kernel: [ 8262.728847] device qr-0967bb37-7b entered promiscuous mode
Jun 22 04:54:34 gtw01 dnsmasq[8862]: read /var/lib/neutron/dhcp/8b964276-80ab-4a4f-9b15-f8d6640af3b7/addn_hosts - 2 addresses
Jun 22 04:54:34 gtw01 dnsmasq-dhcp[8862]: read /var/lib/neutron/dhcp/8b964276-80ab-4a4f-9b15-f8d6640af3b7/host
Jun 22 04:54:34 gtw01 dnsmasq-dhcp[8862]: read /var/lib/neutron/dhcp/8b964276-80ab-4a4f-9b15-f8d6640af3b7/opts
Jun 22 04:55:08 gtw01 systemd-udevd[9366]: Could not generate persistent MAC address for tapb78f607c-a0: No such file or directory
Jun 22 04:55:08 gtw01 kernel: [ 8297.867946] device tapb78f607c-a0 entered promiscuous mode
Jun 22 04:55:09 gtw01 systemd-udevd[9366]: Process '/sbin/ip link set tapb78f607c-a0 txqueuelen 10000' failed with exit code 1.
Jun 22 04:55:09 gtw01 systemd-udevd[9366]: Process '/sbin/ip link set tapb78f607c-a0 txqueuelen 10000' failed with exit code 1.
Jun 22 04:55:12 gtw01 dnsmasq[9528]: started, version 2.80 cachesize 150
Jun 22 04:55:12 gtw01 dnsmasq[9528]: DNS service limited to local subnets
Jun 22 04:55:12 gtw01 dnsmasq[9528]: compile time options: IPv6 GNU-getopt DBus i18n IDN DHCP DHCPv6 no-Lua TFTP conntrack ipset auth DNSSEC loop-detect inotify dumpfile
Jun 22 04:55:12 gtw01 dnsmasq[9528]: warning: no upstream servers configured
Jun 22 04:55:12 gtw01 dnsmasq-dhcp[9528]: DHCP, static leases only on 192.168.120.0, lease time 1h
Jun 22 04:55:12 gtw01 dnsmasq[9528]: read /var/lib/neutron/dhcp/a0ee027a-acc4-47d3-90cd-dcc52b7ec008/addn_hosts - 1 addresses
Jun 22 04:55:12 gtw01 dnsmasq-dhcp[9528]: read /var/lib/neutron/dhcp/a0ee027a-acc4-47d3-90cd-dcc52b7ec008/host
Jun 22 04:55:12 gtw01 dnsmasq-dhcp[9528]: read /var/lib/neutron/dhcp/a0ee027a-acc4-47d3-90cd-dcc52b7ec008/opts
Jun 22 04:55:12 gtw01 kernel: [ 8301.269248] device qg-5bf3c4ff-b0 entered promiscuous mode
Jun 22 04:55:12 gtw01 systemd-udevd[9537]: Could not generate persistent MAC address for qg-5bf3c4ff-b0: No such file or directory
Jun 22 04:55:12 gtw01 haproxy-metadata-proxy-a0ee027a-acc4-47d3-90cd-dcc52b7ec008[9555]: Proxy listener started.
Jun 22 04:55:13 gtw01 dnsmasq[9528]: read /var/lib/neutron/dhcp/a0ee027a-acc4-47d3-90cd-dcc52b7ec008/addn_hosts - 2 addresses
Jun 22 04:55:13 gtw01 dnsmasq-dhcp[9528]: read /var/lib/neutron/dhcp/a0ee027a-acc4-47d3-90cd-dcc52b7ec008/host
Jun 22 04:55:13 gtw01 dnsmasq-dhcp[9528]: read /var/lib/neutron/dhcp/a0ee027a-acc4-47d3-90cd-dcc52b7ec008/opts
Jun 22 04:55:14 gtw01 dnsmasq[9528]: read /var/lib/neutron/dhcp/a0ee027a-acc4-47d3-90cd-dcc52b7ec008/addn_hosts - 2 addresses
Jun 22 04:55:14 gtw01 dnsmasq-dhcp[9528]: read /var/lib/neutron/dhcp/a0ee027a-acc4-47d3-90cd-dcc52b7ec008/host
Jun 22 04:55:14 gtw01 dnsmasq-dhcp[9528]: read /var/lib/neutron/dhcp/a0ee027a-acc4-47d3-90cd-dcc52b7ec008/opts
Jun 22 04:55:15 gtw01 dnsmasq[9528]: read /var/lib/neutron/dhcp/a0ee027a-acc4-47d3-90cd-dcc52b7ec008/addn_hosts - 2 addresses
Jun 22 04:55:15 gtw01 dnsmasq-dhcp[9528]: read /var/lib/neutron/dhcp/a0ee027a-acc4-47d3-90cd-dcc52b7ec008/host
Jun 22 04:55:15 gtw01 dnsmasq-dhcp[9528]: read /var/lib/neutron/dhcp/a0ee027a-acc4-47d3-90cd-dcc52b7ec008/opts
Jun 22 04:55:16 gtw01 dnsmasq[9528]: read /var/lib/neutron/dhcp/a0ee027a-acc4-47d3-90cd-dcc52b7ec008/addn_hosts - 2 addresses
Jun 22 04:55:16 gtw01 dnsmasq-dhcp[9528]: read /var/lib/neutron/dhcp/a0ee027a-acc4-47d3-90cd-dcc52b7ec008/host
Jun 22 04:55:16 gtw01 dnsmasq-dhcp[9528]: read /var/lib/neutron/dhcp/a0ee027a-acc4-47d3-90cd-dcc52b7ec008/opts
Jun 22 04:55:17 gtw01 dnsmasq[9528]: read /var/lib/neutron/dhcp/a0ee027a-acc4-47d3-90cd-dcc52b7ec008/addn_hosts - 3 addresses
Jun 22 04:55:17 gtw01 dnsmasq-dhcp[9528]: read /var/lib/neutron/dhcp/a0ee027a-acc4-47d3-90cd-dcc52b7ec008/host
Jun 22 04:55:17 gtw01 dnsmasq-dhcp[9528]: read /var/lib/neutron/dhcp/a0ee027a-acc4-47d3-90cd-dcc52b7ec008/opts
Jun 22 04:55:18 gtw01 dnsmasq[9528]: read /var/lib/neutron/dhcp/a0ee027a-acc4-47d3-90cd-dcc52b7ec008/addn_hosts - 3 addresses
Jun 22 04:55:18 gtw01 dnsmasq-dhcp[9528]: read /var/lib/neutron/dhcp/a0ee027a-acc4-47d3-90cd-dcc52b7ec008/host
Jun 22 04:55:18 gtw01 dnsmasq-dhcp[9528]: read /var/lib/neutron/dhcp/a0ee027a-acc4-47d3-90cd-dcc52b7ec008/opts
Jun 22 04:55:18 gtw01 haproxy-metadata-proxy-b02c8de6-cb2c-4319-9cb4-b938d8c80c20[9838]: Proxy listener started.
Jun 22 04:55:20 gtw01 dnsmasq[9528]: read /var/lib/neutron/dhcp/a0ee027a-acc4-47d3-90cd-dcc52b7ec008/addn_hosts - 3 addresses
Jun 22 04:55:20 gtw01 dnsmasq-dhcp[9528]: read /var/lib/neutron/dhcp/a0ee027a-acc4-47d3-90cd-dcc52b7ec008/host
Jun 22 04:55:20 gtw01 dnsmasq-dhcp[9528]: read /var/lib/neutron/dhcp/a0ee027a-acc4-47d3-90cd-dcc52b7ec008/opts
Jun 22 04:55:21 gtw01 dnsmasq[9528]: read /var/lib/neutron/dhcp/a0ee027a-acc4-47d3-90cd-dcc52b7ec008/addn_hosts - 3 addresses
Jun 22 04:55:21 gtw01 dnsmasq-dhcp[9528]: read /var/lib/neutron/dhcp/a0ee027a-acc4-47d3-90cd-dcc52b7ec008/host
Jun 22 04:55:21 gtw01 dnsmasq-dhcp[9528]: read /var/lib/neutron/dhcp/a0ee027a-acc4-47d3-90cd-dcc52b7ec008/opts
Jun 22 04:55:21 gtw01 systemd-udevd[9899]: Could not generate persistent MAC address for qr-2c48c191-ae: No such file or directory
Jun 22 04:55:21 gtw01 kernel: [ 8310.835691] device qr-2c48c191-ae entered promiscuous mode
Jun 22 04:55:25 gtw01 dnsmasq[9528]: read /var/lib/neutron/dhcp/a0ee027a-acc4-47d3-90cd-dcc52b7ec008/addn_hosts - 4 addresses
Jun 22 04:55:25 gtw01 dnsmasq-dhcp[9528]: read /var/lib/neutron/dhcp/a0ee027a-acc4-47d3-90cd-dcc52b7ec008/host
Jun 22 04:55:25 gtw01 dnsmasq-dhcp[9528]: read /var/lib/neutron/dhcp/a0ee027a-acc4-47d3-90cd-dcc52b7ec008/opts
Jun 22 04:55:28 gtw01 dnsmasq[9528]: read /var/lib/neutron/dhcp/a0ee027a-acc4-47d3-90cd-dcc52b7ec008/addn_hosts - 4 addresses
Jun 22 04:55:28 gtw01 dnsmasq-dhcp[9528]: read /var/lib/neutron/dhcp/a0ee027a-acc4-47d3-90cd-dcc52b7ec008/host
Jun 22 04:55:28 gtw01 dnsmasq-dhcp[9528]: read /var/lib/neutron/dhcp/a0ee027a-acc4-47d3-90cd-dcc52b7ec008/opts
Jun 22 04:55:29 gtw01 dnsmasq[9528]: read /var/lib/neutron/dhcp/a0ee027a-acc4-47d3-90cd-dcc52b7ec008/addn_hosts - 4 addresses
Jun 22 04:55:29 gtw01 dnsmasq-dhcp[9528]: read /var/lib/neutron/dhcp/a0ee027a-acc4-47d3-90cd-dcc52b7ec008/host
Jun 22 04:55:29 gtw01 dnsmasq-dhcp[9528]: read /var/lib/neutron/dhcp/a0ee027a-acc4-47d3-90cd-dcc52b7ec008/opts
Jun 22 04:55:35 gtw01 dnsmasq[9528]: read /var/lib/neutron/dhcp/a0ee027a-acc4-47d3-90cd-dcc52b7ec008/addn_hosts - 4 addresses
Jun 22 04:55:35 gtw01 dnsmasq-dhcp[9528]: read /var/lib/neutron/dhcp/a0ee027a-acc4-47d3-90cd-dcc52b7ec008/host
Jun 22 04:55:35 gtw01 dnsmasq-dhcp[9528]: read /var/lib/neutron/dhcp/a0ee027a-acc4-47d3-90cd-dcc52b7ec008/opts
Jun 22 04:55:35 gtw01 dnsmasq[9528]: read /var/lib/neutron/dhcp/a0ee027a-acc4-47d3-90cd-dcc52b7ec008/addn_hosts - 4 addresses
Jun 22 04:55:35 gtw01 dnsmasq-dhcp[9528]: read /var/lib/neutron/dhcp/a0ee027a-acc4-47d3-90cd-dcc52b7ec008/host
Jun 22 04:55:35 gtw01 dnsmasq-dhcp[9528]: read /var/lib/neutron/dhcp/a0ee027a-acc4-47d3-90cd-dcc52b7ec008/opts
Jun 22 04:55:43 gtw01 dnsmasq-dhcp[9528]: DHCPDISCOVER(tapb78f607c-a0) fa:16:3e:ce:94:2e
Jun 22 04:55:43 gtw01 dnsmasq-dhcp[9528]: DHCPOFFER(tapb78f607c-a0) 192.168.120.5 fa:16:3e:ce:94:2e
Jun 22 04:55:43 gtw01 dnsmasq-dhcp[9528]: DHCPREQUEST(tapb78f607c-a0) 192.168.120.5 fa:16:3e:ce:94:2e
Jun 22 04:55:43 gtw01 dnsmasq-dhcp[9528]: DHCPACK(tapb78f607c-a0) 192.168.120.5 fa:16:3e:ce:94:2e host-192-168-120-5
Jun 22 04:55:51 gtw01 dnsmasq-dhcp[9528]: DHCPDISCOVER(tapb78f607c-a0) fa:16:3e:79:5f:82
Jun 22 04:55:51 gtw01 dnsmasq-dhcp[9528]: DHCPOFFER(tapb78f607c-a0) 192.168.120.8 fa:16:3e:79:5f:82
Jun 22 04:55:51 gtw01 dnsmasq-dhcp[9528]: DHCPREQUEST(tapb78f607c-a0) 192.168.120.8 fa:16:3e:79:5f:82
Jun 22 04:55:51 gtw01 dnsmasq-dhcp[9528]: DHCPACK(tapb78f607c-a0) 192.168.120.8 fa:16:3e:79:5f:82 host-192-168-120-8
Jun 22 04:56:20 gtw01 dnsmasq[9528]: read /var/lib/neutron/dhcp/a0ee027a-acc4-47d3-90cd-dcc52b7ec008/addn_hosts - 4 addresses
Jun 22 04:56:20 gtw01 dnsmasq-dhcp[9528]: read /var/lib/neutron/dhcp/a0ee027a-acc4-47d3-90cd-dcc52b7ec008/host
Jun 22 04:56:20 gtw01 dnsmasq-dhcp[9528]: read /var/lib/neutron/dhcp/a0ee027a-acc4-47d3-90cd-dcc52b7ec008/opts
Jun 22 04:56:23 gtw01 dnsmasq[9528]: read /var/lib/neutron/dhcp/a0ee027a-acc4-47d3-90cd-dcc52b7ec008/addn_hosts - 4 addresses
Jun 22 04:56:23 gtw01 dnsmasq-dhcp[9528]: read /var/lib/neutron/dhcp/a0ee027a-acc4-47d3-90cd-dcc52b7ec008/host
Jun 22 04:56:23 gtw01 dnsmasq-dhcp[9528]: read /var/lib/neutron/dhcp/a0ee027a-acc4-47d3-90cd-dcc52b7ec008/opts
Jun 22 04:56:32 gtw01 dnsmasq[9528]: read /var/lib/neutron/dhcp/a0ee027a-acc4-47d3-90cd-dcc52b7ec008/addn_hosts - 3 addresses
Jun 22 04:56:32 gtw01 dnsmasq-dhcp[9528]: read /var/lib/neutron/dhcp/a0ee027a-acc4-47d3-90cd-dcc52b7ec008/host
Jun 22 04:56:32 gtw01 dnsmasq-dhcp[9528]: read /var/lib/neutron/dhcp/a0ee027a-acc4-47d3-90cd-dcc52b7ec008/opts
Jun 22 04:56:32 gtw01 haproxy-metadata-proxy-a0ee027a-acc4-47d3-90cd-dcc52b7ec008[10633]: Proxy listener started.
Jun 22 04:56:34 gtw01 kernel: [ 8383.565467] device qr-2c48c191-ae left promiscuous mode
Jun 22 04:56:35 gtw01 kernel: [ 8384.371165] device qg-5bf3c4ff-b0 left promiscuous mode
Jun 22 04:56:35 gtw01 dnsmasq-dhcp[9528]: DHCPRELEASE(tapb78f607c-a0) 192.168.120.5 fa:16:3e:ce:94:2e
Jun 22 04:56:36 gtw01 dnsmasq-dhcp[9528]: DHCPRELEASE(tapb78f607c-a0) 192.168.120.5 fa:16:3e:ce:94:2e unknown lease
Jun 22 04:56:37 gtw01 dnsmasq[9528]: read /var/lib/neutron/dhcp/a0ee027a-acc4-47d3-90cd-dcc52b7ec008/addn_hosts - 2 addresses
Jun 22 04:56:37 gtw01 dnsmasq-dhcp[9528]: read /var/lib/neutron/dhcp/a0ee027a-acc4-47d3-90cd-dcc52b7ec008/host
Jun 22 04:56:37 gtw01 dnsmasq-dhcp[9528]: read /var/lib/neutron/dhcp/a0ee027a-acc4-47d3-90cd-dcc52b7ec008/opts
Jun 22 04:56:37 gtw01 dnsmasq-dhcp[9528]: DHCPRELEASE(tapb78f607c-a0) 192.168.120.8 fa:16:3e:79:5f:82
Jun 22 04:56:37 gtw01 dnsmasq-dhcp[9528]: DHCPRELEASE(tapb78f607c-a0) 192.168.120.8 fa:16:3e:79:5f:82 unknown lease
Jun 22 04:56:38 gtw01 dnsmasq[9528]: read /var/lib/neutron/dhcp/a0ee027a-acc4-47d3-90cd-dcc52b7ec008/addn_hosts - 1 addresses
Jun 22 04:56:38 gtw01 dnsmasq-dhcp[9528]: read /var/lib/neutron/dhcp/a0ee027a-acc4-47d3-90cd-dcc52b7ec008/host
Jun 22 04:56:38 gtw01 dnsmasq-dhcp[9528]: read /var/lib/neutron/dhcp/a0ee027a-acc4-47d3-90cd-dcc52b7ec008/opts
Jun 22 04:56:40 gtw01 kernel: [ 8389.714343] device tapb78f607c-a0 left promiscuous mode
Jun 22 04:56:57 gtw01 dnsmasq[8862]: read /var/lib/neutron/dhcp/8b964276-80ab-4a4f-9b15-f8d6640af3b7/addn_hosts - 1 addresses
Jun 22 04:56:57 gtw01 dnsmasq-dhcp[8862]: read /var/lib/neutron/dhcp/8b964276-80ab-4a4f-9b15-f8d6640af3b7/host
Jun 22 04:56:57 gtw01 dnsmasq-dhcp[8862]: read /var/lib/neutron/dhcp/8b964276-80ab-4a4f-9b15-f8d6640af3b7/opts
Jun 22 04:56:58 gtw01 haproxy-metadata-proxy-8b964276-80ab-4a4f-9b15-f8d6640af3b7[10875]: Proxy listener started.
Jun 22 04:56:58 gtw01 kernel: [ 8407.605247] device qr-0967bb37-7b left promiscuous mode
Jun 22 04:57:01 gtw01 kernel: [ 8410.309171] device tap96e7ec35-5d left promiscuous mode
Jun 22 04:57:01 gtw01 kernel: [ 8410.368768] device qg-21e60014-0e left promiscuous mode
Jun 22 04:57:16 gtw01 kernel: [ 8425.759302] device tapcfa24613-04 entered promiscuous mode
Jun 22 04:57:16 gtw01 systemd-udevd[11032]: Could not generate persistent MAC address for tapcfa24613-04: No such file or directory
Jun 22 04:57:16 gtw01 systemd-udevd[11032]: Process '/sbin/ip link set tapcfa24613-04 txqueuelen 10000' failed with exit code 1.
Jun 22 04:57:16 gtw01 systemd-udevd[11084]: Process '/sbin/ip link set tapcfa24613-04 txqueuelen 10000' failed with exit code 1.
Jun 22 04:57:19 gtw01 systemd-udevd[11184]: Could not generate persistent MAC address for qg-7bd6f861-d1: No such file or directory
Jun 22 04:57:19 gtw01 kernel: [ 8428.710315] device qg-7bd6f861-d1 entered promiscuous mode
Jun 22 04:57:20 gtw01 dnsmasq[11249]: started, version 2.80 cachesize 150
Jun 22 04:57:20 gtw01 dnsmasq[11249]: DNS service limited to local subnets
Jun 22 04:57:20 gtw01 dnsmasq[11249]: compile time options: IPv6 GNU-getopt DBus i18n IDN DHCP DHCPv6 no-Lua TFTP conntrack ipset auth DNSSEC loop-detect inotify dumpfile
Jun 22 04:57:20 gtw01 dnsmasq[11249]: warning: no upstream servers configured
Jun 22 04:57:20 gtw01 dnsmasq-dhcp[11249]: DHCP, static leases only on 192.168.120.0, lease time 1h
Jun 22 04:57:20 gtw01 dnsmasq[11249]: read /var/lib/neutron/dhcp/74ff03b3-8e77-4b36-a030-d71b4026360c/addn_hosts - 1 addresses
Jun 22 04:57:20 gtw01 dnsmasq-dhcp[11249]: read /var/lib/neutron/dhcp/74ff03b3-8e77-4b36-a030-d71b4026360c/host
Jun 22 04:57:20 gtw01 dnsmasq-dhcp[11249]: read /var/lib/neutron/dhcp/74ff03b3-8e77-4b36-a030-d71b4026360c/opts
Jun 22 04:57:20 gtw01 haproxy-metadata-proxy-74ff03b3-8e77-4b36-a030-d71b4026360c[11258]: Proxy listener started.
Jun 22 04:57:21 gtw01 dnsmasq[11249]: read /var/lib/neutron/dhcp/74ff03b3-8e77-4b36-a030-d71b4026360c/addn_hosts - 2 addresses
Jun 22 04:57:21 gtw01 dnsmasq-dhcp[11249]: read /var/lib/neutron/dhcp/74ff03b3-8e77-4b36-a030-d71b4026360c/host
Jun 22 04:57:21 gtw01 dnsmasq-dhcp[11249]: read /var/lib/neutron/dhcp/74ff03b3-8e77-4b36-a030-d71b4026360c/opts
Jun 22 04:57:22 gtw01 dnsmasq[11249]: read /var/lib/neutron/dhcp/74ff03b3-8e77-4b36-a030-d71b4026360c/addn_hosts - 2 addresses
Jun 22 04:57:22 gtw01 dnsmasq-dhcp[11249]: read /var/lib/neutron/dhcp/74ff03b3-8e77-4b36-a030-d71b4026360c/host
Jun 22 04:57:22 gtw01 dnsmasq-dhcp[11249]: read /var/lib/neutron/dhcp/74ff03b3-8e77-4b36-a030-d71b4026360c/opts
Jun 22 04:57:23 gtw01 dnsmasq[11249]: read /var/lib/neutron/dhcp/74ff03b3-8e77-4b36-a030-d71b4026360c/addn_hosts - 2 addresses
Jun 22 04:57:23 gtw01 dnsmasq-dhcp[11249]: read /var/lib/neutron/dhcp/74ff03b3-8e77-4b36-a030-d71b4026360c/host
Jun 22 04:57:23 gtw01 dnsmasq-dhcp[11249]: read /var/lib/neutron/dhcp/74ff03b3-8e77-4b36-a030-d71b4026360c/opts
Jun 22 04:57:23 gtw01 dnsmasq[11249]: read /var/lib/neutron/dhcp/74ff03b3-8e77-4b36-a030-d71b4026360c/addn_hosts - 2 addresses
Jun 22 04:57:23 gtw01 dnsmasq-dhcp[11249]: read /var/lib/neutron/dhcp/74ff03b3-8e77-4b36-a030-d71b4026360c/host
Jun 22 04:57:23 gtw01 dnsmasq-dhcp[11249]: read /var/lib/neutron/dhcp/74ff03b3-8e77-4b36-a030-d71b4026360c/opts
Jun 22 04:57:24 gtw01 dnsmasq[11249]: read /var/lib/neutron/dhcp/74ff03b3-8e77-4b36-a030-d71b4026360c/addn_hosts - 2 addresses
Jun 22 04:57:24 gtw01 dnsmasq-dhcp[11249]: read /var/lib/neutron/dhcp/74ff03b3-8e77-4b36-a030-d71b4026360c/host
Jun 22 04:57:24 gtw01 dnsmasq-dhcp[11249]: read /var/lib/neutron/dhcp/74ff03b3-8e77-4b36-a030-d71b4026360c/opts
Jun 22 04:57:25 gtw01 haproxy-metadata-proxy-001d1c86-eabb-46bb-802d-2178d56313a5[11473]: Proxy listener started.
Jun 22 04:57:27 gtw01 dnsmasq[11249]: read /var/lib/neutron/dhcp/74ff03b3-8e77-4b36-a030-d71b4026360c/addn_hosts - 2 addresses
Jun 22 04:57:27 gtw01 dnsmasq-dhcp[11249]: read /var/lib/neutron/dhcp/74ff03b3-8e77-4b36-a030-d71b4026360c/host
Jun 22 04:57:27 gtw01 dnsmasq-dhcp[11249]: read /var/lib/neutron/dhcp/74ff03b3-8e77-4b36-a030-d71b4026360c/opts
Jun 22 04:57:27 gtw01 kernel: [ 8436.496878] device qr-3451f7b0-fd entered promiscuous mode
Jun 22 04:57:27 gtw01 systemd-udevd[11503]: Could not generate persistent MAC address for qr-3451f7b0-fd: No such file or directory
Jun 22 04:57:28 gtw01 dnsmasq[11249]: read /var/lib/neutron/dhcp/74ff03b3-8e77-4b36-a030-d71b4026360c/addn_hosts - 2 addresses
Jun 22 04:57:28 gtw01 dnsmasq-dhcp[11249]: read /var/lib/neutron/dhcp/74ff03b3-8e77-4b36-a030-d71b4026360c/host
Jun 22 04:57:28 gtw01 dnsmasq-dhcp[11249]: read /var/lib/neutron/dhcp/74ff03b3-8e77-4b36-a030-d71b4026360c/opts
Jun 22 04:58:03 gtw01 kernel: [ 8471.934186] device tape4e1dbc4-84 entered promiscuous mode
Jun 22 04:58:03 gtw01 systemd-udevd[11761]: Could not generate persistent MAC address for tape4e1dbc4-84: No such file or directory
Jun 22 04:58:03 gtw01 systemd-udevd[11761]: Process '/sbin/ip link set tape4e1dbc4-84 txqueuelen 10000' failed with exit code 1.
Jun 22 04:58:03 gtw01 systemd-udevd[11812]: Process '/sbin/ip link set tape4e1dbc4-84 txqueuelen 10000' failed with exit code 1.
Jun 22 04:58:03 gtw01 systemd-udevd[11840]: Could not generate persistent MAC address for tap876338d9-c1: No such file or directory
Jun 22 04:58:03 gtw01 kernel: [ 8472.422304] device tap876338d9-c1 entered promiscuous mode
Jun 22 04:58:03 gtw01 systemd-udevd[11886]: Process '/sbin/ip link set tap876338d9-c1 txqueuelen 10000' failed with exit code 1.
Jun 22 04:58:06 gtw01 kernel: [ 8474.918637] device tap0ca3118a-22 entered promiscuous mode
Jun 22 04:58:06 gtw01 systemd-udevd[12016]: Process '/sbin/ip link set tap0ca3118a-22 txqueuelen 10000' failed with exit code 1.
Jun 22 04:58:06 gtw01 systemd-udevd[12016]: Process '/sbin/ip link set tap0ca3118a-22 txqueuelen 10000' failed with exit code 1.
Jun 22 04:58:06 gtw01 dnsmasq[12101]: started, version 2.80 cachesize 150
Jun 22 04:58:06 gtw01 dnsmasq[12101]: DNS service limited to local subnets
Jun 22 04:58:06 gtw01 dnsmasq[12101]: compile time options: IPv6 GNU-getopt DBus i18n IDN DHCP DHCPv6 no-Lua TFTP conntrack ipset auth DNSSEC loop-detect inotify dumpfile
Jun 22 04:58:06 gtw01 dnsmasq[12101]: warning: no upstream servers configured
Jun 22 04:58:06 gtw01 dnsmasq-dhcp[12101]: DHCP, static leases only on 192.168.120.0, lease time 1h
Jun 22 04:58:06 gtw01 dnsmasq[12101]: read /var/lib/neutron/dhcp/04785423-2ae0-4adf-abd4-c49e21f750f3/addn_hosts - 1 addresses
Jun 22 04:58:06 gtw01 dnsmasq-dhcp[12101]: read /var/lib/neutron/dhcp/04785423-2ae0-4adf-abd4-c49e21f750f3/host
Jun 22 04:58:06 gtw01 dnsmasq-dhcp[12101]: read /var/lib/neutron/dhcp/04785423-2ae0-4adf-abd4-c49e21f750f3/opts
Jun 22 04:58:06 gtw01 haproxy-metadata-proxy-04785423-2ae0-4adf-abd4-c49e21f750f3[12115]: Proxy listener started.
Jun 22 04:58:06 gtw01 kernel: [ 8475.615021] device tap8228f77b-d7 entered promiscuous mode
Jun 22 04:58:06 gtw01 systemd-udevd[12130]: Process '/sbin/ip link set tap8228f77b-d7 txqueuelen 10000' failed with exit code 1.
Jun 22 04:58:06 gtw01 systemd-udevd[12130]: Process '/sbin/ip link set tap8228f77b-d7 txqueuelen 10000' failed with exit code 1.
Jun 22 04:58:06 gtw01 dnsmasq[12203]: started, version 2.80 cachesize 150
Jun 22 04:58:06 gtw01 dnsmasq[12203]: DNS service limited to local subnets
Jun 22 04:58:06 gtw01 dnsmasq[12203]: compile time options: IPv6 GNU-getopt DBus i18n IDN DHCP DHCPv6 no-Lua TFTP conntrack ipset auth DNSSEC loop-detect inotify dumpfile
Jun 22 04:58:06 gtw01 dnsmasq[12203]: warning: no upstream servers configured
Jun 22 04:58:06 gtw01 dnsmasq-dhcp[12203]: DHCP, static leases only on 192.168.120.0, lease time 1h
Jun 22 04:58:06 gtw01 dnsmasq[12203]: read /var/lib/neutron/dhcp/dfdbb228-ccbe-4969-b408-7a524aa551fb/addn_hosts - 1 addresses
Jun 22 04:58:06 gtw01 dnsmasq-dhcp[12203]: read /var/lib/neutron/dhcp/dfdbb228-ccbe-4969-b408-7a524aa551fb/host
Jun 22 04:58:06 gtw01 dnsmasq-dhcp[12203]: read /var/lib/neutron/dhcp/dfdbb228-ccbe-4969-b408-7a524aa551fb/opts
Jun 22 04:58:07 gtw01 haproxy-metadata-proxy-dfdbb228-ccbe-4969-b408-7a524aa551fb[12223]: Proxy listener started.
Jun 22 04:58:07 gtw01 dnsmasq[12101]: read /var/lib/neutron/dhcp/04785423-2ae0-4adf-abd4-c49e21f750f3/addn_hosts - 1 addresses
Jun 22 04:58:07 gtw01 dnsmasq-dhcp[12101]: read /var/lib/neutron/dhcp/04785423-2ae0-4adf-abd4-c49e21f750f3/host
Jun 22 04:58:07 gtw01 dnsmasq-dhcp[12101]: read /var/lib/neutron/dhcp/04785423-2ae0-4adf-abd4-c49e21f750f3/opts
Jun 22 04:58:08 gtw01 dnsmasq[12101]: read /var/lib/neutron/dhcp/04785423-2ae0-4adf-abd4-c49e21f750f3/addn_hosts - 1 addresses
Jun 22 04:58:08 gtw01 dnsmasq-dhcp[12101]: read /var/lib/neutron/dhcp/04785423-2ae0-4adf-abd4-c49e21f750f3/host
Jun 22 04:58:08 gtw01 dnsmasq-dhcp[12101]: read /var/lib/neutron/dhcp/04785423-2ae0-4adf-abd4-c49e21f750f3/opts
Jun 22 04:58:08 gtw01 dnsmasq[12203]: read /var/lib/neutron/dhcp/dfdbb228-ccbe-4969-b408-7a524aa551fb/addn_hosts - 1 addresses
Jun 22 04:58:08 gtw01 dnsmasq-dhcp[12203]: read /var/lib/neutron/dhcp/dfdbb228-ccbe-4969-b408-7a524aa551fb/host
Jun 22 04:58:08 gtw01 dnsmasq-dhcp[12203]: read /var/lib/neutron/dhcp/dfdbb228-ccbe-4969-b408-7a524aa551fb/opts
Jun 22 04:58:09 gtw01 kernel: [ 8477.918912] device tap2be4de3f-74 entered promiscuous mode
Jun 22 04:58:09 gtw01 systemd-udevd[12408]: Process '/sbin/ip link set tap2be4de3f-74 txqueuelen 10000' failed with exit code 1.
Jun 22 04:58:09 gtw01 dnsmasq[12101]: read /var/lib/neutron/dhcp/04785423-2ae0-4adf-abd4-c49e21f750f3/addn_hosts - 1 addresses
Jun 22 04:58:09 gtw01 dnsmasq-dhcp[12101]: read /var/lib/neutron/dhcp/04785423-2ae0-4adf-abd4-c49e21f750f3/host
Jun 22 04:58:09 gtw01 dnsmasq-dhcp[12101]: read /var/lib/neutron/dhcp/04785423-2ae0-4adf-abd4-c49e21f750f3/opts
Jun 22 04:58:09 gtw01 dnsmasq[12466]: started, version 2.80 cachesize 150
Jun 22 04:58:09 gtw01 dnsmasq[12466]: DNS service limited to local subnets
Jun 22 04:58:09 gtw01 dnsmasq[12466]: compile time options: IPv6 GNU-getopt DBus i18n IDN DHCP DHCPv6 no-Lua TFTP conntrack ipset auth DNSSEC loop-detect inotify dumpfile
Jun 22 04:58:09 gtw01 dnsmasq[12466]: warning: no upstream servers configured
Jun 22 04:58:09 gtw01 dnsmasq-dhcp[12466]: DHCP, static leases only on 192.168.120.0, lease time 1h
Jun 22 04:58:09 gtw01 dnsmasq[12466]: read /var/lib/neutron/dhcp/46df652c-f51b-4aff-ba90-a71ffd733a54/addn_hosts - 1 addresses
Jun 22 04:58:09 gtw01 dnsmasq-dhcp[12466]: read /var/lib/neutron/dhcp/46df652c-f51b-4aff-ba90-a71ffd733a54/host
Jun 22 04:58:09 gtw01 dnsmasq-dhcp[12466]: read /var/lib/neutron/dhcp/46df652c-f51b-4aff-ba90-a71ffd733a54/opts
Jun 22 04:58:09 gtw01 dnsmasq[12203]: read /var/lib/neutron/dhcp/dfdbb228-ccbe-4969-b408-7a524aa551fb/addn_hosts - 1 addresses
Jun 22 04:58:09 gtw01 dnsmasq-dhcp[12203]: read /var/lib/neutron/dhcp/dfdbb228-ccbe-4969-b408-7a524aa551fb/host
Jun 22 04:58:09 gtw01 dnsmasq-dhcp[12203]: read /var/lib/neutron/dhcp/dfdbb228-ccbe-4969-b408-7a524aa551fb/opts
Jun 22 04:58:09 gtw01 haproxy-metadata-proxy-46df652c-f51b-4aff-ba90-a71ffd733a54[12479]: Proxy listener started.
Jun 22 04:58:10 gtw01 dnsmasq[12514]: started, version 2.80 cachesize 150
Jun 22 04:58:10 gtw01 dnsmasq[12514]: DNS service limited to local subnets
Jun 22 04:58:10 gtw01 dnsmasq[12514]: compile time options: IPv6 GNU-getopt DBus i18n IDN DHCP DHCPv6 no-Lua TFTP conntrack ipset auth DNSSEC loop-detect inotify dumpfile
Jun 22 04:58:10 gtw01 dnsmasq[12514]: warning: no upstream servers configured
Jun 22 04:58:10 gtw01 dnsmasq-dhcp[12514]: DHCP, static leases only on 192.168.120.0, lease time 1h
Jun 22 04:58:10 gtw01 dnsmasq[12514]: read /var/lib/neutron/dhcp/0eff4f94-394b-4ee8-953c-8b18b2de6239/addn_hosts - 1 addresses
Jun 22 04:58:10 gtw01 dnsmasq-dhcp[12514]: read /var/lib/neutron/dhcp/0eff4f94-394b-4ee8-953c-8b18b2de6239/host
Jun 22 04:58:10 gtw01 dnsmasq-dhcp[12514]: read /var/lib/neutron/dhcp/0eff4f94-394b-4ee8-953c-8b18b2de6239/opts
Jun 22 04:58:10 gtw01 haproxy-metadata-proxy-0eff4f94-394b-4ee8-953c-8b18b2de6239[12528]: Proxy listener started.
Jun 22 04:58:10 gtw01 dnsmasq[12203]: read /var/lib/neutron/dhcp/dfdbb228-ccbe-4969-b408-7a524aa551fb/addn_hosts - 1 addresses
Jun 22 04:58:10 gtw01 dnsmasq-dhcp[12203]: read /var/lib/neutron/dhcp/dfdbb228-ccbe-4969-b408-7a524aa551fb/host
Jun 22 04:58:10 gtw01 dnsmasq-dhcp[12203]: read /var/lib/neutron/dhcp/dfdbb228-ccbe-4969-b408-7a524aa551fb/opts
Jun 22 04:58:11 gtw01 systemd-udevd[12566]: Could not generate persistent MAC address for tapbeb02201-c4: No such file or directory
Jun 22 04:58:11 gtw01 kernel: [ 8480.027760] device tapbeb02201-c4 entered promiscuous mode
Jun 22 04:58:11 gtw01 dnsmasq[12466]: read /var/lib/neutron/dhcp/46df652c-f51b-4aff-ba90-a71ffd733a54/addn_hosts - 1 addresses
Jun 22 04:58:11 gtw01 dnsmasq-dhcp[12466]: read /var/lib/neutron/dhcp/46df652c-f51b-4aff-ba90-a71ffd733a54/host
Jun 22 04:58:11 gtw01 dnsmasq-dhcp[12466]: read /var/lib/neutron/dhcp/46df652c-f51b-4aff-ba90-a71ffd733a54/opts
Jun 22 04:58:12 gtw01 systemd-udevd[12666]: Process '/sbin/ip link set tapbeb02201-c4 txqueuelen 10000' failed with exit code 1.
Jun 22 04:58:12 gtw01 systemd-udevd[12724]: Could not generate persistent MAC address for qr-d46eebf5-3c: No such file or directory
Jun 22 04:58:12 gtw01 kernel: [ 8481.539215] device qr-d46eebf5-3c entered promiscuous mode
Jun 22 04:58:12 gtw01 dnsmasq[12514]: read /var/lib/neutron/dhcp/0eff4f94-394b-4ee8-953c-8b18b2de6239/addn_hosts - 2 addresses
Jun 22 04:58:12 gtw01 dnsmasq-dhcp[12514]: read /var/lib/neutron/dhcp/0eff4f94-394b-4ee8-953c-8b18b2de6239/host
Jun 22 04:58:12 gtw01 dnsmasq-dhcp[12514]: read /var/lib/neutron/dhcp/0eff4f94-394b-4ee8-953c-8b18b2de6239/opts
Jun 22 04:58:13 gtw01 dnsmasq[12807]: started, version 2.80 cachesize 150
Jun 22 04:58:13 gtw01 dnsmasq[12807]: DNS service limited to local subnets
Jun 22 04:58:13 gtw01 dnsmasq[12807]: compile time options: IPv6 GNU-getopt DBus i18n IDN DHCP DHCPv6 no-Lua TFTP conntrack ipset auth DNSSEC loop-detect inotify dumpfile
Jun 22 04:58:13 gtw01 dnsmasq[12807]: warning: no upstream servers configured
Jun 22 04:58:13 gtw01 dnsmasq-dhcp[12807]: DHCP, static leases only on 192.168.120.0, lease time 1h
Jun 22 04:58:13 gtw01 dnsmasq[12807]: read /var/lib/neutron/dhcp/0cc792ca-f818-44ab-a508-11548bc0b1d6/addn_hosts - 1 addresses
Jun 22 04:58:13 gtw01 dnsmasq-dhcp[12807]: read /var/lib/neutron/dhcp/0cc792ca-f818-44ab-a508-11548bc0b1d6/host
Jun 22 04:58:13 gtw01 dnsmasq-dhcp[12807]: read /var/lib/neutron/dhcp/0cc792ca-f818-44ab-a508-11548bc0b1d6/opts
Jun 22 04:58:13 gtw01 dnsmasq[12466]: read /var/lib/neutron/dhcp/46df652c-f51b-4aff-ba90-a71ffd733a54/addn_hosts - 1 addresses
Jun 22 04:58:13 gtw01 dnsmasq-dhcp[12466]: read /var/lib/neutron/dhcp/46df652c-f51b-4aff-ba90-a71ffd733a54/host
Jun 22 04:58:13 gtw01 dnsmasq-dhcp[12466]: read /var/lib/neutron/dhcp/46df652c-f51b-4aff-ba90-a71ffd733a54/opts
Jun 22 04:58:13 gtw01 haproxy-metadata-proxy-0cc792ca-f818-44ab-a508-11548bc0b1d6[12840]: Proxy listener started.
Jun 22 04:58:13 gtw01 dnsmasq[12101]: read /var/lib/neutron/dhcp/04785423-2ae0-4adf-abd4-c49e21f750f3/addn_hosts - 2 addresses
Jun 22 04:58:13 gtw01 dnsmasq-dhcp[12101]: read /var/lib/neutron/dhcp/04785423-2ae0-4adf-abd4-c49e21f750f3/host
Jun 22 04:58:13 gtw01 dnsmasq-dhcp[12101]: read /var/lib/neutron/dhcp/04785423-2ae0-4adf-abd4-c49e21f750f3/opts
Jun 22 04:58:13 gtw01 systemd-udevd[12895]: Could not generate persistent MAC address for qg-7cdcedc8-90: No such file or directory
Jun 22 04:58:13 gtw01 kernel: [ 8482.791174] device qg-7cdcedc8-90 entered promiscuous mode
Jun 22 04:58:13 gtw01 kernel: [ 8482.800448] device tap3622f57b-80 entered promiscuous mode
Jun 22 04:58:13 gtw01 systemd-udevd[12905]: Could not generate persistent MAC address for tap3622f57b-80: No such file or directory
Jun 22 04:58:14 gtw01 systemd-udevd[13003]: Process '/sbin/ip link set tap3622f57b-80 txqueuelen 10000' failed with exit code 1.
Jun 22 04:58:14 gtw01 systemd-udevd[13090]: Could not generate persistent MAC address for tap6665a424-aa: No such file or directory
Jun 22 04:58:14 gtw01 kernel: [ 8483.735495] device tap6665a424-aa entered promiscuous mode
Jun 22 04:58:14 gtw01 dnsmasq[12466]: read /var/lib/neutron/dhcp/46df652c-f51b-4aff-ba90-a71ffd733a54/addn_hosts - 2 addresses
Jun 22 04:58:14 gtw01 dnsmasq-dhcp[12466]: read /var/lib/neutron/dhcp/46df652c-f51b-4aff-ba90-a71ffd733a54/host
Jun 22 04:58:14 gtw01 dnsmasq-dhcp[12466]: read /var/lib/neutron/dhcp/46df652c-f51b-4aff-ba90-a71ffd733a54/opts
Jun 22 04:58:15 gtw01 systemd-udevd[13170]: Process '/sbin/ip link set tap6665a424-aa txqueuelen 10000' failed with exit code 1.
Jun 22 04:58:15 gtw01 dnsmasq[12807]: read /var/lib/neutron/dhcp/0cc792ca-f818-44ab-a508-11548bc0b1d6/addn_hosts - 2 addresses
Jun 22 04:58:15 gtw01 dnsmasq-dhcp[12807]: read /var/lib/neutron/dhcp/0cc792ca-f818-44ab-a508-11548bc0b1d6/host
Jun 22 04:58:15 gtw01 dnsmasq-dhcp[12807]: read /var/lib/neutron/dhcp/0cc792ca-f818-44ab-a508-11548bc0b1d6/opts
Jun 22 04:58:15 gtw01 dnsmasq[12514]: read /var/lib/neutron/dhcp/0eff4f94-394b-4ee8-953c-8b18b2de6239/addn_hosts - 2 addresses
Jun 22 04:58:15 gtw01 dnsmasq-dhcp[12514]: read /var/lib/neutron/dhcp/0eff4f94-394b-4ee8-953c-8b18b2de6239/host
Jun 22 04:58:15 gtw01 dnsmasq-dhcp[12514]: read /var/lib/neutron/dhcp/0eff4f94-394b-4ee8-953c-8b18b2de6239/opts
Jun 22 04:58:15 gtw01 kernel: [ 8484.643990] device qg-b8acbd01-5d entered promiscuous mode
Jun 22 04:58:15 gtw01 systemd-udevd[13225]: Could not generate persistent MAC address for qg-b8acbd01-5d: No such file or directory
Jun 22 04:58:16 gtw01 kernel: [ 8485.782475] IPv4: martian source 192.168.120.1 from 192.168.120.1, on dev qg-7cdcedc8-90
Jun 22 04:58:16 gtw01 kernel: [ 8485.782477] ll header: 00000000: ff ff ff ff ff ff fa 16 3e 03 c4 25 08 06        ........>..%..
Jun 22 04:58:17 gtw01 systemd-udevd[13404]: Could not generate persistent MAC address for qr-0e81d99e-97: No such file or directory
Jun 22 04:58:17 gtw01 kernel: [ 8486.163178] device qr-0e81d99e-97 entered promiscuous mode
Jun 22 04:58:17 gtw01 dnsmasq[12514]: read /var/lib/neutron/dhcp/0eff4f94-394b-4ee8-953c-8b18b2de6239/addn_hosts - 2 addresses
Jun 22 04:58:17 gtw01 dnsmasq-dhcp[12514]: read /var/lib/neutron/dhcp/0eff4f94-394b-4ee8-953c-8b18b2de6239/host
Jun 22 04:58:17 gtw01 dnsmasq-dhcp[12514]: read /var/lib/neutron/dhcp/0eff4f94-394b-4ee8-953c-8b18b2de6239/opts
Jun 22 04:58:17 gtw01 dnsmasq[12466]: read /var/lib/neutron/dhcp/46df652c-f51b-4aff-ba90-a71ffd733a54/addn_hosts - 2 addresses
Jun 22 04:58:17 gtw01 dnsmasq-dhcp[12466]: read /var/lib/neutron/dhcp/46df652c-f51b-4aff-ba90-a71ffd733a54/host
Jun 22 04:58:17 gtw01 dnsmasq-dhcp[12466]: read /var/lib/neutron/dhcp/46df652c-f51b-4aff-ba90-a71ffd733a54/opts
Jun 22 04:58:18 gtw01 dnsmasq[12101]: read /var/lib/neutron/dhcp/04785423-2ae0-4adf-abd4-c49e21f750f3/addn_hosts - 2 addresses
Jun 22 04:58:18 gtw01 dnsmasq-dhcp[12101]: read /var/lib/neutron/dhcp/04785423-2ae0-4adf-abd4-c49e21f750f3/host
Jun 22 04:58:18 gtw01 dnsmasq-dhcp[12101]: read /var/lib/neutron/dhcp/04785423-2ae0-4adf-abd4-c49e21f750f3/opts
Jun 22 04:58:18 gtw01 dnsmasq[12807]: read /var/lib/neutron/dhcp/0cc792ca-f818-44ab-a508-11548bc0b1d6/addn_hosts - 2 addresses
Jun 22 04:58:18 gtw01 dnsmasq-dhcp[12807]: read /var/lib/neutron/dhcp/0cc792ca-f818-44ab-a508-11548bc0b1d6/host
Jun 22 04:58:18 gtw01 dnsmasq-dhcp[12807]: read /var/lib/neutron/dhcp/0cc792ca-f818-44ab-a508-11548bc0b1d6/opts
Jun 22 04:58:18 gtw01 dnsmasq[12203]: read /var/lib/neutron/dhcp/dfdbb228-ccbe-4969-b408-7a524aa551fb/addn_hosts - 2 addresses
Jun 22 04:58:18 gtw01 dnsmasq-dhcp[12203]: read /var/lib/neutron/dhcp/dfdbb228-ccbe-4969-b408-7a524aa551fb/host
Jun 22 04:58:18 gtw01 dnsmasq-dhcp[12203]: read /var/lib/neutron/dhcp/dfdbb228-ccbe-4969-b408-7a524aa551fb/opts
Jun 22 04:58:19 gtw01 dnsmasq[13620]: started, version 2.80 cachesize 150
Jun 22 04:58:19 gtw01 dnsmasq[13620]: DNS service limited to local subnets
Jun 22 04:58:19 gtw01 dnsmasq[13620]: compile time options: IPv6 GNU-getopt DBus i18n IDN DHCP DHCPv6 no-Lua TFTP conntrack ipset auth DNSSEC loop-detect inotify dumpfile
Jun 22 04:58:19 gtw01 dnsmasq[13620]: warning: no upstream servers configured
Jun 22 04:58:19 gtw01 dnsmasq-dhcp[13620]: DHCP, static leases only on 192.168.120.0, lease time 1h
Jun 22 04:58:19 gtw01 dnsmasq[13620]: read /var/lib/neutron/dhcp/e5bf2d7f-f9cc-45f7-be62-282161eccbce/addn_hosts - 1 addresses
