Jun 22 03:16:26 gtw01 dnsmasq[27675]: compile time options: IPv6 GNU-getopt DBus i18n IDN DHCP DHCPv6 no-Lua TFTP conntrack ipset auth DNSSEC loop-detect inotify dumpfile
Jun 22 03:16:26 gtw01 dnsmasq[27675]: warning: no upstream servers configured
Jun 22 03:16:26 gtw01 dnsmasq-dhcp[27675]: DHCPv6, static leases only on 2003::, lease time 1h
Jun 22 03:16:26 gtw01 dnsmasq[27675]: read /var/lib/neutron/dhcp/d2f99a26-1f54-4a6e-904e-943fa291f384/addn_hosts - 1 addresses
Jun 22 03:16:26 gtw01 dnsmasq-dhcp[27675]: read /var/lib/neutron/dhcp/d2f99a26-1f54-4a6e-904e-943fa291f384/host
Jun 22 03:16:26 gtw01 dnsmasq-dhcp[27675]: read /var/lib/neutron/dhcp/d2f99a26-1f54-4a6e-904e-943fa291f384/opts
Jun 22 03:16:27 gtw01 kernel: [ 2376.303810] device tap813cb1f5-63 left promiscuous mode
Jun 22 03:16:29 gtw01 dnsmasq[20958]: read /var/lib/neutron/dhcp/649944d3-eeba-4b0e-841a-a718ffeea50a/addn_hosts - 3 addresses
Jun 22 03:16:29 gtw01 dnsmasq-dhcp[20958]: read /var/lib/neutron/dhcp/649944d3-eeba-4b0e-841a-a718ffeea50a/host
Jun 22 03:16:29 gtw01 dnsmasq-dhcp[20958]: read /var/lib/neutron/dhcp/649944d3-eeba-4b0e-841a-a718ffeea50a/opts
Jun 22 03:16:29 gtw01 dnsmasq[20958]: read /var/lib/neutron/dhcp/649944d3-eeba-4b0e-841a-a718ffeea50a/addn_hosts - 3 addresses
Jun 22 03:16:29 gtw01 dnsmasq-dhcp[20958]: read /var/lib/neutron/dhcp/649944d3-eeba-4b0e-841a-a718ffeea50a/host
Jun 22 03:16:29 gtw01 dnsmasq-dhcp[20958]: read /var/lib/neutron/dhcp/649944d3-eeba-4b0e-841a-a718ffeea50a/opts
Jun 22 03:16:30 gtw01 dnsmasq[20958]: read /var/lib/neutron/dhcp/649944d3-eeba-4b0e-841a-a718ffeea50a/addn_hosts - 3 addresses
Jun 22 03:16:30 gtw01 dnsmasq-dhcp[20958]: read /var/lib/neutron/dhcp/649944d3-eeba-4b0e-841a-a718ffeea50a/host
Jun 22 03:16:30 gtw01 dnsmasq-dhcp[20958]: read /var/lib/neutron/dhcp/649944d3-eeba-4b0e-841a-a718ffeea50a/opts
Jun 22 03:16:30 gtw01 kernel: [ 2379.819801] device tap556d2864-2a entered promiscuous mode
Jun 22 03:16:30 gtw01 systemd-udevd[27774]: Could not generate persistent MAC address for tap556d2864-2a: No such file or directory
Jun 22 03:16:30 gtw01 systemd-udevd[27774]: Process '/sbin/ip link set tap556d2864-2a txqueuelen 10000' failed with exit code 1.
Jun 22 03:16:31 gtw01 systemd-udevd[27774]: Process '/sbin/ip link set tap556d2864-2a txqueuelen 10000' failed with exit code 1.
Jun 22 03:16:34 gtw01 dnsmasq[27916]: started, version 2.80 cachesize 150
Jun 22 03:16:34 gtw01 dnsmasq[27916]: DNS service limited to local subnets
Jun 22 03:16:34 gtw01 dnsmasq[27916]: compile time options: IPv6 GNU-getopt DBus i18n IDN DHCP DHCPv6 no-Lua TFTP conntrack ipset auth DNSSEC loop-detect inotify dumpfile
Jun 22 03:16:34 gtw01 dnsmasq[27916]: warning: no upstream servers configured
Jun 22 03:16:34 gtw01 dnsmasq-dhcp[27916]: DHCPv6, static leases only on 2003::, lease time 1h
Jun 22 03:16:34 gtw01 dnsmasq[27916]: read /var/lib/neutron/dhcp/755ce4b9-2565-45c8-a425-ab7e94568d7d/addn_hosts - 1 addresses
Jun 22 03:16:34 gtw01 dnsmasq-dhcp[27916]: read /var/lib/neutron/dhcp/755ce4b9-2565-45c8-a425-ab7e94568d7d/host
Jun 22 03:16:34 gtw01 dnsmasq-dhcp[27916]: read /var/lib/neutron/dhcp/755ce4b9-2565-45c8-a425-ab7e94568d7d/opts
Jun 22 03:16:34 gtw01 kernel: [ 2383.420477] device tap556d2864-2a left promiscuous mode
Jun 22 03:16:38 gtw01 dnsmasq[20958]: read /var/lib/neutron/dhcp/649944d3-eeba-4b0e-841a-a718ffeea50a/addn_hosts - 2 addresses
Jun 22 03:16:38 gtw01 dnsmasq-dhcp[20958]: read /var/lib/neutron/dhcp/649944d3-eeba-4b0e-841a-a718ffeea50a/host
Jun 22 03:16:38 gtw01 dnsmasq-dhcp[20958]: read /var/lib/neutron/dhcp/649944d3-eeba-4b0e-841a-a718ffeea50a/opts
Jun 22 03:16:44 gtw01 systemd-udevd[28002]: Could not generate persistent MAC address for tap3d92463a-03: No such file or directory
Jun 22 03:16:44 gtw01 kernel: [ 2393.118218] device tap3d92463a-03 entered promiscuous mode
Jun 22 03:16:44 gtw01 systemd-udevd[28047]: Process '/sbin/ip link set tap3d92463a-03 txqueuelen 10000' failed with exit code 1.
Jun 22 03:16:47 gtw01 dnsmasq[28140]: started, version 2.80 cachesize 150
Jun 22 03:16:47 gtw01 dnsmasq[28140]: DNS service limited to local subnets
Jun 22 03:16:47 gtw01 dnsmasq[28140]: compile time options: IPv6 GNU-getopt DBus i18n IDN DHCP DHCPv6 no-Lua TFTP conntrack ipset auth DNSSEC loop-detect inotify dumpfile
Jun 22 03:16:47 gtw01 dnsmasq[28140]: warning: no upstream servers configured
Jun 22 03:16:47 gtw01 dnsmasq-dhcp[28140]: DHCP, static leases only on 192.168.120.16, lease time 1h
Jun 22 03:16:47 gtw01 dnsmasq[28140]: read /var/lib/neutron/dhcp/f76b9ad4-0ebd-4e51-a636-18486f751861/addn_hosts - 1 addresses
Jun 22 03:16:47 gtw01 dnsmasq-dhcp[28140]: read /var/lib/neutron/dhcp/f76b9ad4-0ebd-4e51-a636-18486f751861/host
Jun 22 03:16:47 gtw01 dnsmasq-dhcp[28140]: read /var/lib/neutron/dhcp/f76b9ad4-0ebd-4e51-a636-18486f751861/opts
Jun 22 03:16:47 gtw01 haproxy-metadata-proxy-f76b9ad4-0ebd-4e51-a636-18486f751861[28144]: Proxy listener started.
Jun 22 03:16:48 gtw01 kernel: [ 2397.058629] device tap3d92463a-03 left promiscuous mode
Jun 22 03:16:50 gtw01 systemd-udevd[28199]: Could not generate persistent MAC address for tapdb642e5a-cc: No such file or directory
Jun 22 03:16:50 gtw01 kernel: [ 2399.228092] device tapdb642e5a-cc entered promiscuous mode
Jun 22 03:16:50 gtw01 systemd-udevd[28199]: Process '/sbin/ip link set tapdb642e5a-cc txqueuelen 10000' failed with exit code 1.
Jun 22 03:16:50 gtw01 systemd-udevd[28199]: Process '/sbin/ip link set tapdb642e5a-cc txqueuelen 10000' failed with exit code 1.
Jun 22 03:16:50 gtw01 systemd-udevd[28282]: Could not generate persistent MAC address for tap56bb9dad-c2: No such file or directory
Jun 22 03:16:50 gtw01 kernel: [ 2399.604948] device tap56bb9dad-c2 entered promiscuous mode
Jun 22 03:16:50 gtw01 systemd-udevd[28330]: Process '/sbin/ip link set tap56bb9dad-c2 txqueuelen 10000' failed with exit code 1.
Jun 22 03:16:53 gtw01 dnsmasq[28458]: started, version 2.80 cachesize 150
Jun 22 03:16:53 gtw01 dnsmasq[28458]: DNS service limited to local subnets
Jun 22 03:16:53 gtw01 dnsmasq[28458]: compile time options: IPv6 GNU-getopt DBus i18n IDN DHCP DHCPv6 no-Lua TFTP conntrack ipset auth DNSSEC loop-detect inotify dumpfile
Jun 22 03:16:53 gtw01 dnsmasq[28458]: warning: no upstream servers configured
Jun 22 03:16:53 gtw01 dnsmasq-dhcp[28458]: DHCPv6, static leases only on 2003:0:1::, lease time 1h
Jun 22 03:16:53 gtw01 dnsmasq[28458]: read /var/lib/neutron/dhcp/8e7ef456-08bb-4810-be00-5a1d67007a42/addn_hosts - 1 addresses
Jun 22 03:16:53 gtw01 dnsmasq-dhcp[28458]: read /var/lib/neutron/dhcp/8e7ef456-08bb-4810-be00-5a1d67007a42/host
Jun 22 03:16:53 gtw01 dnsmasq-dhcp[28458]: read /var/lib/neutron/dhcp/8e7ef456-08bb-4810-be00-5a1d67007a42/opts
Jun 22 03:16:54 gtw01 dnsmasq[28468]: started, version 2.80 cachesize 150
Jun 22 03:16:54 gtw01 dnsmasq[28468]: DNS service limited to local subnets
Jun 22 03:16:54 gtw01 dnsmasq[28468]: compile time options: IPv6 GNU-getopt DBus i18n IDN DHCP DHCPv6 no-Lua TFTP conntrack ipset auth DNSSEC loop-detect inotify dumpfile
Jun 22 03:16:54 gtw01 dnsmasq[28468]: warning: no upstream servers configured
Jun 22 03:16:54 gtw01 dnsmasq-dhcp[28468]: DHCPv6, static leases only on 2003::, lease time 1h
Jun 22 03:16:54 gtw01 dnsmasq[28468]: read /var/lib/neutron/dhcp/28cf9911-524e-48fd-84f5-3c1af1884306/addn_hosts - 2 addresses
Jun 22 03:16:54 gtw01 dnsmasq-dhcp[28468]: read /var/lib/neutron/dhcp/28cf9911-524e-48fd-84f5-3c1af1884306/host
Jun 22 03:16:54 gtw01 dnsmasq-dhcp[28468]: read /var/lib/neutron/dhcp/28cf9911-524e-48fd-84f5-3c1af1884306/opts
Jun 22 03:16:54 gtw01 dnsmasq[28458]: read /var/lib/neutron/dhcp/8e7ef456-08bb-4810-be00-5a1d67007a42/addn_hosts - 2 addresses
Jun 22 03:16:54 gtw01 dnsmasq-dhcp[28458]: read /var/lib/neutron/dhcp/8e7ef456-08bb-4810-be00-5a1d67007a42/host
Jun 22 03:16:54 gtw01 dnsmasq-dhcp[28458]: read /var/lib/neutron/dhcp/8e7ef456-08bb-4810-be00-5a1d67007a42/opts
Jun 22 03:16:54 gtw01 dnsmasq[28468]: read /var/lib/neutron/dhcp/28cf9911-524e-48fd-84f5-3c1af1884306/addn_hosts - 2 addresses
Jun 22 03:16:54 gtw01 dnsmasq-dhcp[28468]: read /var/lib/neutron/dhcp/28cf9911-524e-48fd-84f5-3c1af1884306/host
Jun 22 03:16:54 gtw01 dnsmasq-dhcp[28468]: read /var/lib/neutron/dhcp/28cf9911-524e-48fd-84f5-3c1af1884306/opts
Jun 22 03:16:55 gtw01 dnsmasq[28458]: read /var/lib/neutron/dhcp/8e7ef456-08bb-4810-be00-5a1d67007a42/addn_hosts - 2 addresses
Jun 22 03:16:55 gtw01 dnsmasq-dhcp[28458]: read /var/lib/neutron/dhcp/8e7ef456-08bb-4810-be00-5a1d67007a42/host
Jun 22 03:16:55 gtw01 dnsmasq-dhcp[28458]: read /var/lib/neutron/dhcp/8e7ef456-08bb-4810-be00-5a1d67007a42/opts
Jun 22 03:16:55 gtw01 dnsmasq[28468]: read /var/lib/neutron/dhcp/28cf9911-524e-48fd-84f5-3c1af1884306/addn_hosts - 2 addresses
Jun 22 03:16:55 gtw01 dnsmasq-dhcp[28468]: read /var/lib/neutron/dhcp/28cf9911-524e-48fd-84f5-3c1af1884306/host
Jun 22 03:16:55 gtw01 dnsmasq-dhcp[28468]: read /var/lib/neutron/dhcp/28cf9911-524e-48fd-84f5-3c1af1884306/opts
Jun 22 03:16:56 gtw01 dnsmasq[28458]: read /var/lib/neutron/dhcp/8e7ef456-08bb-4810-be00-5a1d67007a42/addn_hosts - 2 addresses
Jun 22 03:16:56 gtw01 dnsmasq-dhcp[28458]: read /var/lib/neutron/dhcp/8e7ef456-08bb-4810-be00-5a1d67007a42/host
Jun 22 03:16:56 gtw01 dnsmasq-dhcp[28458]: read /var/lib/neutron/dhcp/8e7ef456-08bb-4810-be00-5a1d67007a42/opts
Jun 22 03:16:56 gtw01 dnsmasq[28468]: read /var/lib/neutron/dhcp/28cf9911-524e-48fd-84f5-3c1af1884306/addn_hosts - 2 addresses
Jun 22 03:16:56 gtw01 dnsmasq-dhcp[28468]: read /var/lib/neutron/dhcp/28cf9911-524e-48fd-84f5-3c1af1884306/host
Jun 22 03:16:56 gtw01 dnsmasq-dhcp[28468]: read /var/lib/neutron/dhcp/28cf9911-524e-48fd-84f5-3c1af1884306/opts
Jun 22 03:16:57 gtw01 dnsmasq[28458]: read /var/lib/neutron/dhcp/8e7ef456-08bb-4810-be00-5a1d67007a42/addn_hosts - 2 addresses
Jun 22 03:16:57 gtw01 dnsmasq-dhcp[28458]: read /var/lib/neutron/dhcp/8e7ef456-08bb-4810-be00-5a1d67007a42/host
Jun 22 03:16:57 gtw01 dnsmasq-dhcp[28458]: read /var/lib/neutron/dhcp/8e7ef456-08bb-4810-be00-5a1d67007a42/opts
Jun 22 03:16:57 gtw01 dnsmasq[28468]: read /var/lib/neutron/dhcp/28cf9911-524e-48fd-84f5-3c1af1884306/addn_hosts - 2 addresses
Jun 22 03:16:57 gtw01 dnsmasq-dhcp[28468]: read /var/lib/neutron/dhcp/28cf9911-524e-48fd-84f5-3c1af1884306/host
Jun 22 03:16:57 gtw01 dnsmasq-dhcp[28468]: read /var/lib/neutron/dhcp/28cf9911-524e-48fd-84f5-3c1af1884306/opts
Jun 22 03:16:58 gtw01 dnsmasq[28458]: read /var/lib/neutron/dhcp/8e7ef456-08bb-4810-be00-5a1d67007a42/addn_hosts - 2 addresses
Jun 22 03:16:58 gtw01 dnsmasq-dhcp[28458]: read /var/lib/neutron/dhcp/8e7ef456-08bb-4810-be00-5a1d67007a42/host
Jun 22 03:16:58 gtw01 dnsmasq-dhcp[28458]: read /var/lib/neutron/dhcp/8e7ef456-08bb-4810-be00-5a1d67007a42/opts
Jun 22 03:16:58 gtw01 dnsmasq[28468]: read /var/lib/neutron/dhcp/28cf9911-524e-48fd-84f5-3c1af1884306/addn_hosts - 2 addresses
Jun 22 03:16:58 gtw01 dnsmasq-dhcp[28468]: read /var/lib/neutron/dhcp/28cf9911-524e-48fd-84f5-3c1af1884306/host
Jun 22 03:16:58 gtw01 dnsmasq-dhcp[28468]: read /var/lib/neutron/dhcp/28cf9911-524e-48fd-84f5-3c1af1884306/opts
Jun 22 03:16:59 gtw01 dnsmasq[28458]: read /var/lib/neutron/dhcp/8e7ef456-08bb-4810-be00-5a1d67007a42/addn_hosts - 1 addresses
Jun 22 03:16:59 gtw01 dnsmasq-dhcp[28458]: read /var/lib/neutron/dhcp/8e7ef456-08bb-4810-be00-5a1d67007a42/host
Jun 22 03:16:59 gtw01 dnsmasq-dhcp[28458]: read /var/lib/neutron/dhcp/8e7ef456-08bb-4810-be00-5a1d67007a42/opts
Jun 22 03:16:59 gtw01 kernel: [ 2408.366603] device tap57797834-0d entered promiscuous mode
Jun 22 03:16:59 gtw01 systemd-udevd[28706]: Could not generate persistent MAC address for tap57797834-0d: No such file or directory
Jun 22 03:16:59 gtw01 systemd-udevd[28752]: Process '/sbin/ip link set tap57797834-0d txqueuelen 10000' failed with exit code 1.
Jun 22 03:16:59 gtw01 dnsmasq[28468]: read /var/lib/neutron/dhcp/28cf9911-524e-48fd-84f5-3c1af1884306/addn_hosts - 1 addresses
Jun 22 03:16:59 gtw01 dnsmasq-dhcp[28468]: read /var/lib/neutron/dhcp/28cf9911-524e-48fd-84f5-3c1af1884306/host
Jun 22 03:16:59 gtw01 dnsmasq-dhcp[28468]: read /var/lib/neutron/dhcp/28cf9911-524e-48fd-84f5-3c1af1884306/opts
Jun 22 03:17:00 gtw01 systemd-udevd[28816]: Could not generate persistent MAC address for tapd907c67e-86: No such file or directory
Jun 22 03:17:00 gtw01 kernel: [ 2409.366763] device tapd907c67e-86 entered promiscuous mode
Jun 22 03:17:00 gtw01 systemd-udevd[28816]: Process '/sbin/ip link set tapd907c67e-86 txqueuelen 10000' failed with exit code 1.
Jun 22 03:17:00 gtw01 systemd-udevd[28873]: Process '/sbin/ip link set tapd907c67e-86 txqueuelen 10000' failed with exit code 1.
Jun 22 03:17:01 gtw01 CRON[28928]: (root) CMD (   cd / && run-parts --report /etc/cron.hourly)
Jun 22 03:17:02 gtw01 kernel: [ 2411.734777] device tapdb642e5a-cc left promiscuous mode
Jun 22 03:17:03 gtw01 dnsmasq[29003]: started, version 2.80 cachesize 150
Jun 22 03:17:03 gtw01 dnsmasq[29003]: DNS service limited to local subnets
Jun 22 03:17:03 gtw01 dnsmasq[29003]: compile time options: IPv6 GNU-getopt DBus i18n IDN DHCP DHCPv6 no-Lua TFTP conntrack ipset auth DNSSEC loop-detect inotify dumpfile
Jun 22 03:17:03 gtw01 dnsmasq[29003]: warning: no upstream servers configured
Jun 22 03:17:03 gtw01 dnsmasq-dhcp[29003]: DHCP, static leases only on 192.168.120.0, lease time 1h
Jun 22 03:17:03 gtw01 dnsmasq[29003]: read /var/lib/neutron/dhcp/68529ebf-82c3-4bdb-86d6-fdc0e3115257/addn_hosts - 1 addresses
Jun 22 03:17:03 gtw01 dnsmasq-dhcp[29003]: read /var/lib/neutron/dhcp/68529ebf-82c3-4bdb-86d6-fdc0e3115257/host
Jun 22 03:17:03 gtw01 dnsmasq-dhcp[29003]: read /var/lib/neutron/dhcp/68529ebf-82c3-4bdb-86d6-fdc0e3115257/opts
Jun 22 03:17:03 gtw01 haproxy-metadata-proxy-68529ebf-82c3-4bdb-86d6-fdc0e3115257[29015]: Proxy listener started.
Jun 22 03:17:03 gtw01 dnsmasq[29030]: started, version 2.80 cachesize 150
Jun 22 03:17:03 gtw01 dnsmasq[29030]: DNS service limited to local subnets
Jun 22 03:17:03 gtw01 dnsmasq[29030]: compile time options: IPv6 GNU-getopt DBus i18n IDN DHCP DHCPv6 no-Lua TFTP conntrack ipset auth DNSSEC loop-detect inotify dumpfile
Jun 22 03:17:03 gtw01 dnsmasq[29030]: warning: no upstream servers configured
Jun 22 03:17:03 gtw01 dnsmasq-dhcp[29030]: DHCP, static leases only on 192.168.121.0, lease time 1h
Jun 22 03:17:03 gtw01 dnsmasq[29030]: read /var/lib/neutron/dhcp/cd92e040-858b-4e74-bbe7-be6ff152350b/addn_hosts - 1 addresses
Jun 22 03:17:03 gtw01 dnsmasq-dhcp[29030]: read /var/lib/neutron/dhcp/cd92e040-858b-4e74-bbe7-be6ff152350b/host
Jun 22 03:17:03 gtw01 dnsmasq-dhcp[29030]: read /var/lib/neutron/dhcp/cd92e040-858b-4e74-bbe7-be6ff152350b/opts
Jun 22 03:17:04 gtw01 haproxy-metadata-proxy-cd92e040-858b-4e74-bbe7-be6ff152350b[29038]: Proxy listener started.
Jun 22 03:17:04 gtw01 dnsmasq[29003]: read /var/lib/neutron/dhcp/68529ebf-82c3-4bdb-86d6-fdc0e3115257/addn_hosts - 2 addresses
Jun 22 03:17:04 gtw01 dnsmasq-dhcp[29003]: read /var/lib/neutron/dhcp/68529ebf-82c3-4bdb-86d6-fdc0e3115257/host
Jun 22 03:17:04 gtw01 dnsmasq-dhcp[29003]: read /var/lib/neutron/dhcp/68529ebf-82c3-4bdb-86d6-fdc0e3115257/opts
Jun 22 03:17:04 gtw01 kernel: [ 2413.550748] device tap56bb9dad-c2 left promiscuous mode
Jun 22 03:17:04 gtw01 dnsmasq[29030]: read /var/lib/neutron/dhcp/cd92e040-858b-4e74-bbe7-be6ff152350b/addn_hosts - 2 addresses
Jun 22 03:17:04 gtw01 dnsmasq-dhcp[29030]: read /var/lib/neutron/dhcp/cd92e040-858b-4e74-bbe7-be6ff152350b/host
Jun 22 03:17:04 gtw01 dnsmasq-dhcp[29030]: read /var/lib/neutron/dhcp/cd92e040-858b-4e74-bbe7-be6ff152350b/opts
Jun 22 03:17:05 gtw01 dnsmasq[29003]: read /var/lib/neutron/dhcp/68529ebf-82c3-4bdb-86d6-fdc0e3115257/addn_hosts - 2 addresses
Jun 22 03:17:05 gtw01 dnsmasq-dhcp[29003]: read /var/lib/neutron/dhcp/68529ebf-82c3-4bdb-86d6-fdc0e3115257/host
Jun 22 03:17:05 gtw01 dnsmasq-dhcp[29003]: read /var/lib/neutron/dhcp/68529ebf-82c3-4bdb-86d6-fdc0e3115257/opts
Jun 22 03:17:06 gtw01 dnsmasq[29030]: read /var/lib/neutron/dhcp/cd92e040-858b-4e74-bbe7-be6ff152350b/addn_hosts - 2 addresses
Jun 22 03:17:06 gtw01 dnsmasq-dhcp[29030]: read /var/lib/neutron/dhcp/cd92e040-858b-4e74-bbe7-be6ff152350b/host
Jun 22 03:17:06 gtw01 dnsmasq-dhcp[29030]: read /var/lib/neutron/dhcp/cd92e040-858b-4e74-bbe7-be6ff152350b/opts
Jun 22 03:17:06 gtw01 dnsmasq[29003]: read /var/lib/neutron/dhcp/68529ebf-82c3-4bdb-86d6-fdc0e3115257/addn_hosts - 2 addresses
Jun 22 03:17:06 gtw01 dnsmasq-dhcp[29003]: read /var/lib/neutron/dhcp/68529ebf-82c3-4bdb-86d6-fdc0e3115257/host
Jun 22 03:17:06 gtw01 dnsmasq-dhcp[29003]: read /var/lib/neutron/dhcp/68529ebf-82c3-4bdb-86d6-fdc0e3115257/opts
Jun 22 03:17:06 gtw01 dnsmasq[29030]: read /var/lib/neutron/dhcp/cd92e040-858b-4e74-bbe7-be6ff152350b/addn_hosts - 2 addresses
Jun 22 03:17:06 gtw01 dnsmasq-dhcp[29030]: read /var/lib/neutron/dhcp/cd92e040-858b-4e74-bbe7-be6ff152350b/host
Jun 22 03:17:06 gtw01 dnsmasq-dhcp[29030]: read /var/lib/neutron/dhcp/cd92e040-858b-4e74-bbe7-be6ff152350b/opts
Jun 22 03:17:07 gtw01 dnsmasq[29003]: read /var/lib/neutron/dhcp/68529ebf-82c3-4bdb-86d6-fdc0e3115257/addn_hosts - 2 addresses
Jun 22 03:17:07 gtw01 dnsmasq-dhcp[29003]: read /var/lib/neutron/dhcp/68529ebf-82c3-4bdb-86d6-fdc0e3115257/host
Jun 22 03:17:07 gtw01 dnsmasq-dhcp[29003]: read /var/lib/neutron/dhcp/68529ebf-82c3-4bdb-86d6-fdc0e3115257/opts
Jun 22 03:17:07 gtw01 dnsmasq[29030]: read /var/lib/neutron/dhcp/cd92e040-858b-4e74-bbe7-be6ff152350b/addn_hosts - 2 addresses
Jun 22 03:17:07 gtw01 dnsmasq-dhcp[29030]: read /var/lib/neutron/dhcp/cd92e040-858b-4e74-bbe7-be6ff152350b/host
Jun 22 03:17:07 gtw01 dnsmasq-dhcp[29030]: read /var/lib/neutron/dhcp/cd92e040-858b-4e74-bbe7-be6ff152350b/opts
Jun 22 03:17:08 gtw01 dnsmasq[29003]: read /var/lib/neutron/dhcp/68529ebf-82c3-4bdb-86d6-fdc0e3115257/addn_hosts - 2 addresses
Jun 22 03:17:08 gtw01 dnsmasq-dhcp[29003]: read /var/lib/neutron/dhcp/68529ebf-82c3-4bdb-86d6-fdc0e3115257/host
Jun 22 03:17:08 gtw01 dnsmasq-dhcp[29003]: read /var/lib/neutron/dhcp/68529ebf-82c3-4bdb-86d6-fdc0e3115257/opts
Jun 22 03:17:08 gtw01 dnsmasq[29030]: read /var/lib/neutron/dhcp/cd92e040-858b-4e74-bbe7-be6ff152350b/addn_hosts - 2 addresses
Jun 22 03:17:08 gtw01 dnsmasq-dhcp[29030]: read /var/lib/neutron/dhcp/cd92e040-858b-4e74-bbe7-be6ff152350b/host
Jun 22 03:17:08 gtw01 dnsmasq-dhcp[29030]: read /var/lib/neutron/dhcp/cd92e040-858b-4e74-bbe7-be6ff152350b/opts
Jun 22 03:17:09 gtw01 dnsmasq[29030]: read /var/lib/neutron/dhcp/cd92e040-858b-4e74-bbe7-be6ff152350b/addn_hosts - 1 addresses
Jun 22 03:17:09 gtw01 dnsmasq-dhcp[29030]: read /var/lib/neutron/dhcp/cd92e040-858b-4e74-bbe7-be6ff152350b/host
Jun 22 03:17:09 gtw01 dnsmasq-dhcp[29030]: read /var/lib/neutron/dhcp/cd92e040-858b-4e74-bbe7-be6ff152350b/opts
Jun 22 03:17:09 gtw01 systemd-udevd[29305]: Could not generate persistent MAC address for tapdedb9572-53: No such file or directory
Jun 22 03:17:09 gtw01 kernel: [ 2418.744452] device tapdedb9572-53 entered promiscuous mode
Jun 22 03:17:09 gtw01 systemd-udevd[29305]: Process '/sbin/ip link set tapdedb9572-53 txqueuelen 10000' failed with exit code 1.
Jun 22 03:17:09 gtw01 systemd-udevd[29363]: Process '/sbin/ip link set tapdedb9572-53 txqueuelen 10000' failed with exit code 1.
Jun 22 03:17:10 gtw01 systemd-udevd[29401]: Could not generate persistent MAC address for tapbc4da487-49: No such file or directory
Jun 22 03:17:10 gtw01 kernel: [ 2419.250490] device tapbc4da487-49 entered promiscuous mode
Jun 22 03:17:10 gtw01 systemd-udevd[29401]: Process '/sbin/ip link set tapbc4da487-49 txqueuelen 10000' failed with exit code 1.
Jun 22 03:17:10 gtw01 systemd-udevd[29457]: Process '/sbin/ip link set tapbc4da487-49 txqueuelen 10000' failed with exit code 1.
Jun 22 03:17:10 gtw01 haproxy-metadata-proxy-cd92e040-858b-4e74-bbe7-be6ff152350b[29464]: Proxy listener started.
Jun 22 03:17:11 gtw01 dnsmasq[29003]: read /var/lib/neutron/dhcp/68529ebf-82c3-4bdb-86d6-fdc0e3115257/addn_hosts - 1 addresses
Jun 22 03:17:11 gtw01 dnsmasq-dhcp[29003]: read /var/lib/neutron/dhcp/68529ebf-82c3-4bdb-86d6-fdc0e3115257/host
Jun 22 03:17:11 gtw01 dnsmasq-dhcp[29003]: read /var/lib/neutron/dhcp/68529ebf-82c3-4bdb-86d6-fdc0e3115257/opts
Jun 22 03:17:11 gtw01 haproxy-metadata-proxy-68529ebf-82c3-4bdb-86d6-fdc0e3115257[29533]: Proxy listener started.
Jun 22 03:17:13 gtw01 dnsmasq[29626]: started, version 2.80 cachesize 150
Jun 22 03:17:13 gtw01 dnsmasq[29626]: DNS service limited to local subnets
Jun 22 03:17:13 gtw01 dnsmasq[29626]: compile time options: IPv6 GNU-getopt DBus i18n IDN DHCP DHCPv6 no-Lua TFTP conntrack ipset auth DNSSEC loop-detect inotify dumpfile
Jun 22 03:17:13 gtw01 dnsmasq[29626]: warning: no upstream servers configured
Jun 22 03:17:13 gtw01 dnsmasq-dhcp[29626]: DHCP, static leases only on 192.168.120.0, lease time 1h
Jun 22 03:17:13 gtw01 dnsmasq[29626]: read /var/lib/neutron/dhcp/d10004ac-e4d9-4adf-b62e-8ff948d151dd/addn_hosts - 1 addresses
Jun 22 03:17:13 gtw01 dnsmasq-dhcp[29626]: read /var/lib/neutron/dhcp/d10004ac-e4d9-4adf-b62e-8ff948d151dd/host
Jun 22 03:17:13 gtw01 dnsmasq-dhcp[29626]: read /var/lib/neutron/dhcp/d10004ac-e4d9-4adf-b62e-8ff948d151dd/opts
Jun 22 03:17:13 gtw01 dnsmasq[29637]: started, version 2.80 cachesize 150
Jun 22 03:17:13 gtw01 dnsmasq[29637]: DNS service limited to local subnets
Jun 22 03:17:13 gtw01 dnsmasq[29637]: compile time options: IPv6 GNU-getopt DBus i18n IDN DHCP DHCPv6 no-Lua TFTP conntrack ipset auth DNSSEC loop-detect inotify dumpfile
Jun 22 03:17:13 gtw01 dnsmasq[29637]: warning: no upstream servers configured
Jun 22 03:17:13 gtw01 dnsmasq-dhcp[29637]: DHCPv6, static leases only on 2003::, lease time 1h
Jun 22 03:17:13 gtw01 dnsmasq[29637]: read /var/lib/neutron/dhcp/ae7fa879-9965-48d9-b20f-005138d7d0f9/addn_hosts - 1 addresses
Jun 22 03:17:13 gtw01 dnsmasq-dhcp[29637]: read /var/lib/neutron/dhcp/ae7fa879-9965-48d9-b20f-005138d7d0f9/host
Jun 22 03:17:13 gtw01 dnsmasq-dhcp[29637]: read /var/lib/neutron/dhcp/ae7fa879-9965-48d9-b20f-005138d7d0f9/opts
Jun 22 03:17:13 gtw01 haproxy-metadata-proxy-d10004ac-e4d9-4adf-b62e-8ff948d151dd[29635]: Proxy listener started.
Jun 22 03:17:14 gtw01 kernel: [ 2423.077215] device tapdedb9572-53 left promiscuous mode
Jun 22 03:17:14 gtw01 dnsmasq[29637]: read /var/lib/neutron/dhcp/ae7fa879-9965-48d9-b20f-005138d7d0f9/addn_hosts - 1 addresses
Jun 22 03:17:14 gtw01 dnsmasq-dhcp[29637]: read /var/lib/neutron/dhcp/ae7fa879-9965-48d9-b20f-005138d7d0f9/host
Jun 22 03:17:14 gtw01 dnsmasq-dhcp[29637]: read /var/lib/neutron/dhcp/ae7fa879-9965-48d9-b20f-005138d7d0f9/opts
Jun 22 03:17:15 gtw01 kernel: [ 2423.911644] device tapd907c67e-86 left promiscuous mode
Jun 22 03:17:15 gtw01 dnsmasq[29637]: read /var/lib/neutron/dhcp/ae7fa879-9965-48d9-b20f-005138d7d0f9/addn_hosts - 1 addresses
Jun 22 03:17:15 gtw01 dnsmasq-dhcp[29637]: read /var/lib/neutron/dhcp/ae7fa879-9965-48d9-b20f-005138d7d0f9/host
Jun 22 03:17:15 gtw01 dnsmasq-dhcp[29637]: read /var/lib/neutron/dhcp/ae7fa879-9965-48d9-b20f-005138d7d0f9/opts
Jun 22 03:17:16 gtw01 dnsmasq[29637]: read /var/lib/neutron/dhcp/ae7fa879-9965-48d9-b20f-005138d7d0f9/addn_hosts - 2 addresses
Jun 22 03:17:16 gtw01 dnsmasq-dhcp[29637]: read /var/lib/neutron/dhcp/ae7fa879-9965-48d9-b20f-005138d7d0f9/host
Jun 22 03:17:16 gtw01 dnsmasq-dhcp[29637]: read /var/lib/neutron/dhcp/ae7fa879-9965-48d9-b20f-005138d7d0f9/opts
Jun 22 03:17:16 gtw01 kernel: [ 2425.683314] device tap57797834-0d left promiscuous mode
Jun 22 03:17:17 gtw01 kernel: [ 2426.121144] device tape409e89e-63 entered promiscuous mode
Jun 22 03:17:17 gtw01 systemd-udevd[29786]: Could not generate persistent MAC address for tape409e89e-63: No such file or directory
Jun 22 03:17:17 gtw01 systemd-udevd[29833]: Process '/sbin/ip link set tape409e89e-63 txqueuelen 10000' failed with exit code 1.
Jun 22 03:17:17 gtw01 dnsmasq[29637]: read /var/lib/neutron/dhcp/ae7fa879-9965-48d9-b20f-005138d7d0f9/addn_hosts - 2 addresses
Jun 22 03:17:17 gtw01 dnsmasq-dhcp[29637]: read /var/lib/neutron/dhcp/ae7fa879-9965-48d9-b20f-005138d7d0f9/host
Jun 22 03:17:17 gtw01 dnsmasq-dhcp[29637]: read /var/lib/neutron/dhcp/ae7fa879-9965-48d9-b20f-005138d7d0f9/opts
Jun 22 03:17:18 gtw01 dnsmasq[29637]: read /var/lib/neutron/dhcp/ae7fa879-9965-48d9-b20f-005138d7d0f9/addn_hosts - 2 addresses
Jun 22 03:17:18 gtw01 dnsmasq-dhcp[29637]: read /var/lib/neutron/dhcp/ae7fa879-9965-48d9-b20f-005138d7d0f9/host
Jun 22 03:17:18 gtw01 dnsmasq-dhcp[29637]: read /var/lib/neutron/dhcp/ae7fa879-9965-48d9-b20f-005138d7d0f9/opts
Jun 22 03:17:19 gtw01 kernel: [ 2428.090837] device tapbc4da487-49 left promiscuous mode
Jun 22 03:17:20 gtw01 dnsmasq[29983]: started, version 2.80 cachesize 150
Jun 22 03:17:20 gtw01 dnsmasq[29983]: DNS service limited to local subnets
Jun 22 03:17:20 gtw01 dnsmasq[29983]: compile time options: IPv6 GNU-getopt DBus i18n IDN DHCP DHCPv6 no-Lua TFTP conntrack ipset auth DNSSEC loop-detect inotify dumpfile
Jun 22 03:17:20 gtw01 dnsmasq[29983]: warning: no upstream servers configured
Jun 22 03:17:20 gtw01 dnsmasq-dhcp[29983]: DHCP, static leases only on 192.168.120.0, lease time 1h
Jun 22 03:17:20 gtw01 dnsmasq[29983]: read /var/lib/neutron/dhcp/0137f50a-3a4e-4023-a12b-72e8f8de229e/addn_hosts - 1 addresses
Jun 22 03:17:20 gtw01 dnsmasq-dhcp[29983]: read /var/lib/neutron/dhcp/0137f50a-3a4e-4023-a12b-72e8f8de229e/host
Jun 22 03:17:20 gtw01 dnsmasq-dhcp[29983]: read /var/lib/neutron/dhcp/0137f50a-3a4e-4023-a12b-72e8f8de229e/opts
Jun 22 03:17:20 gtw01 haproxy-metadata-proxy-0137f50a-3a4e-4023-a12b-72e8f8de229e[29989]: Proxy listener started.
Jun 22 03:17:21 gtw01 kernel: [ 2430.063116] device tape409e89e-63 left promiscuous mode
Jun 22 03:17:23 gtw01 kernel: [ 2432.212714] device tap8a169a03-29 entered promiscuous mode
Jun 22 03:17:23 gtw01 systemd-udevd[30083]: Could not generate persistent MAC address for tap8a169a03-29: No such file or directory
Jun 22 03:17:23 gtw01 kernel: [ 2432.233106] device tapbc9bb88f-6e entered promiscuous mode
Jun 22 03:17:23 gtw01 systemd-udevd[30096]: Could not generate persistent MAC address for tapbc9bb88f-6e: No such file or directory
Jun 22 03:17:23 gtw01 systemd-udevd[30083]: Process '/sbin/ip link set tap8a169a03-29 txqueuelen 10000' failed with exit code 1.
Jun 22 03:17:23 gtw01 systemd-udevd[30083]: Process '/sbin/ip link set tap8a169a03-29 txqueuelen 10000' failed with exit code 1.
Jun 22 03:17:23 gtw01 systemd-udevd[30193]: Process '/sbin/ip link set tapbc9bb88f-6e txqueuelen 10000' failed with exit code 1.
Jun 22 03:17:26 gtw01 dnsmasq[30321]: started, version 2.80 cachesize 150
Jun 22 03:17:26 gtw01 dnsmasq[30321]: DNS service limited to local subnets
Jun 22 03:17:26 gtw01 dnsmasq[30321]: compile time options: IPv6 GNU-getopt DBus i18n IDN DHCP DHCPv6 no-Lua TFTP conntrack ipset auth DNSSEC loop-detect inotify dumpfile
Jun 22 03:17:26 gtw01 dnsmasq[30321]: warning: no upstream servers configured
Jun 22 03:17:26 gtw01 dnsmasq-dhcp[30321]: DHCPv6, static leases only on 2003::, lease time 1h
Jun 22 03:17:26 gtw01 dnsmasq[30321]: read /var/lib/neutron/dhcp/d0bffe49-697b-4bea-9bbf-400b01a498ef/addn_hosts - 1 addresses
Jun 22 03:17:26 gtw01 dnsmasq-dhcp[30321]: read /var/lib/neutron/dhcp/d0bffe49-697b-4bea-9bbf-400b01a498ef/host
Jun 22 03:17:26 gtw01 dnsmasq-dhcp[30321]: read /var/lib/neutron/dhcp/d0bffe49-697b-4bea-9bbf-400b01a498ef/opts
Jun 22 03:17:26 gtw01 dnsmasq[30327]: started, version 2.80 cachesize 150
Jun 22 03:17:26 gtw01 dnsmasq[30327]: DNS service limited to local subnets
Jun 22 03:17:26 gtw01 dnsmasq[30327]: compile time options: IPv6 GNU-getopt DBus i18n IDN DHCP DHCPv6 no-Lua TFTP conntrack ipset auth DNSSEC loop-detect inotify dumpfile
Jun 22 03:17:26 gtw01 dnsmasq[30327]: warning: no upstream servers configured
Jun 22 03:17:26 gtw01 dnsmasq-dhcp[30327]: DHCP, static leases only on 192.168.120.0, lease time 1h
Jun 22 03:17:26 gtw01 dnsmasq[30327]: read /var/lib/neutron/dhcp/3b473369-248d-4ec6-9dc8-81c174156dcc/addn_hosts - 1 addresses
Jun 22 03:17:26 gtw01 dnsmasq-dhcp[30327]: read /var/lib/neutron/dhcp/3b473369-248d-4ec6-9dc8-81c174156dcc/host
Jun 22 03:17:26 gtw01 dnsmasq-dhcp[30327]: read /var/lib/neutron/dhcp/3b473369-248d-4ec6-9dc8-81c174156dcc/opts
Jun 22 03:17:26 gtw01 haproxy-metadata-proxy-3b473369-248d-4ec6-9dc8-81c174156dcc[30335]: Proxy listener started.
Jun 22 03:17:27 gtw01 dnsmasq[30321]: read /var/lib/neutron/dhcp/d0bffe49-697b-4bea-9bbf-400b01a498ef/addn_hosts - 1 addresses
Jun 22 03:17:27 gtw01 dnsmasq-dhcp[30321]: read /var/lib/neutron/dhcp/d0bffe49-697b-4bea-9bbf-400b01a498ef/host
Jun 22 03:17:27 gtw01 dnsmasq-dhcp[30321]: read /var/lib/neutron/dhcp/d0bffe49-697b-4bea-9bbf-400b01a498ef/opts
Jun 22 03:17:27 gtw01 dnsmasq[30327]: read /var/lib/neutron/dhcp/3b473369-248d-4ec6-9dc8-81c174156dcc/addn_hosts - 1 addresses
Jun 22 03:17:27 gtw01 dnsmasq-dhcp[30327]: read /var/lib/neutron/dhcp/3b473369-248d-4ec6-9dc8-81c174156dcc/host
Jun 22 03:17:27 gtw01 dnsmasq-dhcp[30327]: read /var/lib/neutron/dhcp/3b473369-248d-4ec6-9dc8-81c174156dcc/opts
Jun 22 03:17:28 gtw01 dnsmasq[30321]: read /var/lib/neutron/dhcp/d0bffe49-697b-4bea-9bbf-400b01a498ef/addn_hosts - 1 addresses
Jun 22 03:17:28 gtw01 dnsmasq-dhcp[30321]: read /var/lib/neutron/dhcp/d0bffe49-697b-4bea-9bbf-400b01a498ef/host
Jun 22 03:17:28 gtw01 dnsmasq-dhcp[30321]: read /var/lib/neutron/dhcp/d0bffe49-697b-4bea-9bbf-400b01a498ef/opts
Jun 22 03:17:28 gtw01 dnsmasq[30327]: read /var/lib/neutron/dhcp/3b473369-248d-4ec6-9dc8-81c174156dcc/addn_hosts - 1 addresses
Jun 22 03:17:28 gtw01 dnsmasq-dhcp[30327]: read /var/lib/neutron/dhcp/3b473369-248d-4ec6-9dc8-81c174156dcc/host
Jun 22 03:17:28 gtw01 dnsmasq-dhcp[30327]: read /var/lib/neutron/dhcp/3b473369-248d-4ec6-9dc8-81c174156dcc/opts
Jun 22 03:17:29 gtw01 dnsmasq[30327]: read /var/lib/neutron/dhcp/3b473369-248d-4ec6-9dc8-81c174156dcc/addn_hosts - 2 addresses
Jun 22 03:17:29 gtw01 dnsmasq-dhcp[30327]: read /var/lib/neutron/dhcp/3b473369-248d-4ec6-9dc8-81c174156dcc/host
Jun 22 03:17:29 gtw01 dnsmasq-dhcp[30327]: read /var/lib/neutron/dhcp/3b473369-248d-4ec6-9dc8-81c174156dcc/opts
Jun 22 03:17:29 gtw01 kernel: [ 2438.424226] device tap8a169a03-29 left promiscuous mode
Jun 22 03:17:30 gtw01 dnsmasq[30327]: read /var/lib/neutron/dhcp/3b473369-248d-4ec6-9dc8-81c174156dcc/addn_hosts - 2 addresses
Jun 22 03:17:30 gtw01 dnsmasq-dhcp[30327]: read /var/lib/neutron/dhcp/3b473369-248d-4ec6-9dc8-81c174156dcc/host
Jun 22 03:17:30 gtw01 dnsmasq-dhcp[30327]: read /var/lib/neutron/dhcp/3b473369-248d-4ec6-9dc8-81c174156dcc/opts
Jun 22 03:17:31 gtw01 kernel: [ 2440.291321] device tapbc9bb88f-6e left promiscuous mode
Jun 22 03:17:35 gtw01 kernel: [ 2444.393652] device tap088b9c0f-e9 entered promiscuous mode
Jun 22 03:17:35 gtw01 systemd-udevd[30518]: Could not generate persistent MAC address for tap088b9c0f-e9: No such file or directory
Jun 22 03:17:35 gtw01 systemd-udevd[30518]: Process '/sbin/ip link set tap088b9c0f-e9 txqueuelen 10000' failed with exit code 1.
Jun 22 03:17:35 gtw01 systemd-udevd[30568]: Process '/sbin/ip link set tap088b9c0f-e9 txqueuelen 10000' failed with exit code 1.
Jun 22 03:17:38 gtw01 dnsmasq[30654]: started, version 2.80 cachesize 150
Jun 22 03:17:38 gtw01 dnsmasq[30654]: DNS service limited to local subnets
Jun 22 03:17:38 gtw01 dnsmasq[30654]: compile time options: IPv6 GNU-getopt DBus i18n IDN DHCP DHCPv6 no-Lua TFTP conntrack ipset auth DNSSEC loop-detect inotify dumpfile
Jun 22 03:17:38 gtw01 dnsmasq[30654]: warning: no upstream servers configured
Jun 22 03:17:38 gtw01 dnsmasq-dhcp[30654]: DHCP, static leases only on 192.168.120.0, lease time 1h
Jun 22 03:17:38 gtw01 dnsmasq[30654]: read /var/lib/neutron/dhcp/b0e06ed9-2945-4e77-a3d9-81031ce466f3/addn_hosts - 1 addresses
Jun 22 03:17:38 gtw01 dnsmasq-dhcp[30654]: read /var/lib/neutron/dhcp/b0e06ed9-2945-4e77-a3d9-81031ce466f3/host
Jun 22 03:17:38 gtw01 dnsmasq-dhcp[30654]: read /var/lib/neutron/dhcp/b0e06ed9-2945-4e77-a3d9-81031ce466f3/opts
Jun 22 03:17:38 gtw01 haproxy-metadata-proxy-b0e06ed9-2945-4e77-a3d9-81031ce466f3[30663]: Proxy listener started.
Jun 22 03:17:39 gtw01 dnsmasq[30654]: read /var/lib/neutron/dhcp/b0e06ed9-2945-4e77-a3d9-81031ce466f3/addn_hosts - 1 addresses
Jun 22 03:17:39 gtw01 dnsmasq-dhcp[30654]: read /var/lib/neutron/dhcp/b0e06ed9-2945-4e77-a3d9-81031ce466f3/host
Jun 22 03:17:39 gtw01 dnsmasq-dhcp[30654]: read /var/lib/neutron/dhcp/b0e06ed9-2945-4e77-a3d9-81031ce466f3/opts
Jun 22 03:17:40 gtw01 dnsmasq[30654]: read /var/lib/neutron/dhcp/b0e06ed9-2945-4e77-a3d9-81031ce466f3/addn_hosts - 1 addresses
Jun 22 03:17:40 gtw01 dnsmasq-dhcp[30654]: read /var/lib/neutron/dhcp/b0e06ed9-2945-4e77-a3d9-81031ce466f3/host
Jun 22 03:17:40 gtw01 dnsmasq-dhcp[30654]: read /var/lib/neutron/dhcp/b0e06ed9-2945-4e77-a3d9-81031ce466f3/opts
Jun 22 03:17:41 gtw01 dnsmasq[30654]: read /var/lib/neutron/dhcp/b0e06ed9-2945-4e77-a3d9-81031ce466f3/addn_hosts - 2 addresses
Jun 22 03:17:41 gtw01 dnsmasq-dhcp[30654]: read /var/lib/neutron/dhcp/b0e06ed9-2945-4e77-a3d9-81031ce466f3/host
Jun 22 03:17:41 gtw01 dnsmasq-dhcp[30654]: read /var/lib/neutron/dhcp/b0e06ed9-2945-4e77-a3d9-81031ce466f3/opts
Jun 22 03:17:42 gtw01 kernel: [ 2451.197358] device tap088b9c0f-e9 left promiscuous mode
Jun 22 03:18:14 gtw01 dnsmasq[20958]: read /var/lib/neutron/dhcp/649944d3-eeba-4b0e-841a-a718ffeea50a/addn_hosts - 1 addresses
Jun 22 03:18:14 gtw01 dnsmasq-dhcp[20958]: read /var/lib/neutron/dhcp/649944d3-eeba-4b0e-841a-a718ffeea50a/host
Jun 22 03:18:14 gtw01 dnsmasq-dhcp[20958]: read /var/lib/neutron/dhcp/649944d3-eeba-4b0e-841a-a718ffeea50a/opts
Jun 22 03:18:15 gtw01 haproxy-metadata-proxy-649944d3-eeba-4b0e-841a-a718ffeea50a[30790]: Proxy listener started.
Jun 22 03:18:16 gtw01 kernel: [ 2485.131399] device qr-8a8313b3-38 left promiscuous mode
Jun 22 03:18:16 gtw01 kernel: [ 2485.867539] device qg-78e7af88-a7 left promiscuous mode
Jun 22 03:18:18 gtw01 kernel: [ 2487.772568] device tapc7f04110-a3 left promiscuous mode
Jun 22 03:18:32 gtw01 kernel: [ 2501.432620] device tap694769a6-65 entered promiscuous mode
Jun 22 03:18:32 gtw01 systemd-udevd[30934]: Could not generate persistent MAC address for tap694769a6-65: No such file or directory
Jun 22 03:18:32 gtw01 systemd-udevd[30934]: Process '/sbin/ip link set tap694769a6-65 txqueuelen 10000' failed with exit code 1.
Jun 22 03:18:32 gtw01 systemd-udevd[30934]: Process '/sbin/ip link set tap694769a6-65 txqueuelen 10000' failed with exit code 1.
Jun 22 03:18:35 gtw01 kernel: [ 2504.372894] device qg-d28d2569-bb entered promiscuous mode
Jun 22 03:18:35 gtw01 systemd-udevd[31087]: Could not generate persistent MAC address for qg-d28d2569-bb: No such file or directory
Jun 22 03:18:35 gtw01 dnsmasq[31151]: started, version 2.80 cachesize 150
Jun 22 03:18:35 gtw01 dnsmasq[31151]: DNS service limited to local subnets
Jun 22 03:18:35 gtw01 dnsmasq[31151]: compile time options: IPv6 GNU-getopt DBus i18n IDN DHCP DHCPv6 no-Lua TFTP conntrack ipset auth DNSSEC loop-detect inotify dumpfile
Jun 22 03:18:35 gtw01 dnsmasq[31151]: warning: no upstream servers configured
Jun 22 03:18:35 gtw01 dnsmasq-dhcp[31151]: DHCP, static leases only on 192.168.120.0, lease time 1h
Jun 22 03:18:35 gtw01 dnsmasq[31151]: read /var/lib/neutron/dhcp/02a086e7-fe88-45e3-845b-bfeba93fd252/addn_hosts - 1 addresses
Jun 22 03:18:35 gtw01 dnsmasq-dhcp[31151]: read /var/lib/neutron/dhcp/02a086e7-fe88-45e3-845b-bfeba93fd252/host
Jun 22 03:18:35 gtw01 dnsmasq-dhcp[31151]: read /var/lib/neutron/dhcp/02a086e7-fe88-45e3-845b-bfeba93fd252/opts
Jun 22 03:18:36 gtw01 haproxy-metadata-proxy-02a086e7-fe88-45e3-845b-bfeba93fd252[31160]: Proxy listener started.
Jun 22 03:18:36 gtw01 dnsmasq[31151]: read /var/lib/neutron/dhcp/02a086e7-fe88-45e3-845b-bfeba93fd252/addn_hosts - 2 addresses
Jun 22 03:18:36 gtw01 dnsmasq-dhcp[31151]: read /var/lib/neutron/dhcp/02a086e7-fe88-45e3-845b-bfeba93fd252/host
Jun 22 03:18:36 gtw01 dnsmasq-dhcp[31151]: read /var/lib/neutron/dhcp/02a086e7-fe88-45e3-845b-bfeba93fd252/opts
Jun 22 03:18:37 gtw01 dnsmasq[31151]: read /var/lib/neutron/dhcp/02a086e7-fe88-45e3-845b-bfeba93fd252/addn_hosts - 2 addresses
Jun 22 03:18:37 gtw01 dnsmasq-dhcp[31151]: read /var/lib/neutron/dhcp/02a086e7-fe88-45e3-845b-bfeba93fd252/host
Jun 22 03:18:37 gtw01 dnsmasq-dhcp[31151]: read /var/lib/neutron/dhcp/02a086e7-fe88-45e3-845b-bfeba93fd252/opts
Jun 22 03:18:38 gtw01 dnsmasq[31151]: read /var/lib/neutron/dhcp/02a086e7-fe88-45e3-845b-bfeba93fd252/addn_hosts - 2 addresses
Jun 22 03:18:38 gtw01 dnsmasq-dhcp[31151]: read /var/lib/neutron/dhcp/02a086e7-fe88-45e3-845b-bfeba93fd252/host
Jun 22 03:18:38 gtw01 dnsmasq-dhcp[31151]: read /var/lib/neutron/dhcp/02a086e7-fe88-45e3-845b-bfeba93fd252/opts
Jun 22 03:18:39 gtw01 dnsmasq[31151]: read /var/lib/neutron/dhcp/02a086e7-fe88-45e3-845b-bfeba93fd252/addn_hosts - 2 addresses
Jun 22 03:18:39 gtw01 dnsmasq-dhcp[31151]: read /var/lib/neutron/dhcp/02a086e7-fe88-45e3-845b-bfeba93fd252/host
Jun 22 03:18:39 gtw01 dnsmasq-dhcp[31151]: read /var/lib/neutron/dhcp/02a086e7-fe88-45e3-845b-bfeba93fd252/opts
Jun 22 03:18:40 gtw01 dnsmasq[31151]: read /var/lib/neutron/dhcp/02a086e7-fe88-45e3-845b-bfeba93fd252/addn_hosts - 2 addresses
Jun 22 03:18:40 gtw01 dnsmasq-dhcp[31151]: read /var/lib/neutron/dhcp/02a086e7-fe88-45e3-845b-bfeba93fd252/host
Jun 22 03:18:40 gtw01 dnsmasq-dhcp[31151]: read /var/lib/neutron/dhcp/02a086e7-fe88-45e3-845b-bfeba93fd252/opts
Jun 22 03:18:41 gtw01 haproxy-metadata-proxy-4b80a769-3fc4-4503-9631-2d2b564ecfed[31374]: Proxy listener started.
Jun 22 03:18:43 gtw01 dnsmasq[31151]: read /var/lib/neutron/dhcp/02a086e7-fe88-45e3-845b-bfeba93fd252/addn_hosts - 2 addresses
Jun 22 03:18:43 gtw01 dnsmasq-dhcp[31151]: read /var/lib/neutron/dhcp/02a086e7-fe88-45e3-845b-bfeba93fd252/host
Jun 22 03:18:43 gtw01 dnsmasq-dhcp[31151]: read /var/lib/neutron/dhcp/02a086e7-fe88-45e3-845b-bfeba93fd252/opts
Jun 22 03:18:43 gtw01 kernel: [ 2512.346654] device qr-6384a5e3-38 entered promiscuous mode
Jun 22 03:18:43 gtw01 systemd-udevd[31404]: Could not generate persistent MAC address for qr-6384a5e3-38: No such file or directory
Jun 22 03:18:43 gtw01 dnsmasq[31151]: read /var/lib/neutron/dhcp/02a086e7-fe88-45e3-845b-bfeba93fd252/addn_hosts - 2 addresses
Jun 22 03:18:43 gtw01 dnsmasq-dhcp[31151]: read /var/lib/neutron/dhcp/02a086e7-fe88-45e3-845b-bfeba93fd252/host
Jun 22 03:18:43 gtw01 dnsmasq-dhcp[31151]: read /var/lib/neutron/dhcp/02a086e7-fe88-45e3-845b-bfeba93fd252/opts
Jun 22 03:19:23 gtw01 kernel: [ 2552.206206] device tapfecb26d3-07 entered promiscuous mode
Jun 22 03:19:23 gtw01 systemd-udevd[31655]: Could not generate persistent MAC address for tapfecb26d3-07: No such file or directory
Jun 22 03:19:23 gtw01 systemd-udevd[31655]: Process '/sbin/ip link set tapfecb26d3-07 txqueuelen 10000' failed with exit code 1.
Jun 22 03:19:23 gtw01 systemd-udevd[31707]: Process '/sbin/ip link set tapfecb26d3-07 txqueuelen 10000' failed with exit code 1.
Jun 22 03:19:26 gtw01 kernel: [ 2554.939122] device tap091fc65a-5a entered promiscuous mode
Jun 22 03:19:26 gtw01 systemd-udevd[31795]: Could not generate persistent MAC address for tap091fc65a-5a: No such file or directory
Jun 22 03:19:26 gtw01 systemd-udevd[31841]: Process '/sbin/ip link set tap091fc65a-5a txqueuelen 10000' failed with exit code 1.
Jun 22 03:19:26 gtw01 dnsmasq[31874]: started, version 2.80 cachesize 150
Jun 22 03:19:26 gtw01 dnsmasq[31874]: DNS service limited to local subnets
Jun 22 03:19:26 gtw01 dnsmasq[31874]: compile time options: IPv6 GNU-getopt DBus i18n IDN DHCP DHCPv6 no-Lua TFTP conntrack ipset auth DNSSEC loop-detect inotify dumpfile
Jun 22 03:19:26 gtw01 dnsmasq[31874]: warning: no upstream servers configured
Jun 22 03:19:26 gtw01 dnsmasq-dhcp[31874]: DHCP, static leases only on 192.168.120.0, lease time 1h
Jun 22 03:19:26 gtw01 dnsmasq[31874]: read /var/lib/neutron/dhcp/fa1119cb-6691-4913-be54-7a2b38fbcae1/addn_hosts - 1 addresses
Jun 22 03:19:26 gtw01 dnsmasq-dhcp[31874]: read /var/lib/neutron/dhcp/fa1119cb-6691-4913-be54-7a2b38fbcae1/host
Jun 22 03:19:26 gtw01 dnsmasq-dhcp[31874]: read /var/lib/neutron/dhcp/fa1119cb-6691-4913-be54-7a2b38fbcae1/opts
Jun 22 03:19:26 gtw01 haproxy-metadata-proxy-fa1119cb-6691-4913-be54-7a2b38fbcae1[31881]: Proxy listener started.
Jun 22 03:19:27 gtw01 dnsmasq[31874]: read /var/lib/neutron/dhcp/fa1119cb-6691-4913-be54-7a2b38fbcae1/addn_hosts - 2 addresses
Jun 22 03:19:27 gtw01 dnsmasq-dhcp[31874]: read /var/lib/neutron/dhcp/fa1119cb-6691-4913-be54-7a2b38fbcae1/host
Jun 22 03:19:27 gtw01 dnsmasq-dhcp[31874]: read /var/lib/neutron/dhcp/fa1119cb-6691-4913-be54-7a2b38fbcae1/opts
Jun 22 03:19:28 gtw01 systemd-udevd[31953]: Could not generate persistent MAC address for tapbfe4ae87-3b: No such file or directory
Jun 22 03:19:28 gtw01 kernel: [ 2557.047195] device tapbfe4ae87-3b entered promiscuous mode
Jun 22 03:19:28 gtw01 systemd-udevd[31999]: Process '/sbin/ip link set tapbfe4ae87-3b txqueuelen 10000' failed with exit code 1.
Jun 22 03:19:28 gtw01 dnsmasq[31874]: read /var/lib/neutron/dhcp/fa1119cb-6691-4913-be54-7a2b38fbcae1/addn_hosts - 2 addresses
Jun 22 03:19:28 gtw01 dnsmasq-dhcp[31874]: read /var/lib/neutron/dhcp/fa1119cb-6691-4913-be54-7a2b38fbcae1/host
Jun 22 03:19:28 gtw01 dnsmasq-dhcp[31874]: read /var/lib/neutron/dhcp/fa1119cb-6691-4913-be54-7a2b38fbcae1/opts
Jun 22 03:19:29 gtw01 dnsmasq[32092]: started, version 2.80 cachesize 150
Jun 22 03:19:29 gtw01 dnsmasq[32092]: DNS service limited to local subnets
Jun 22 03:19:29 gtw01 dnsmasq[32092]: compile time options: IPv6 GNU-getopt DBus i18n IDN DHCP DHCPv6 no-Lua TFTP conntrack ipset auth DNSSEC loop-detect inotify dumpfile
Jun 22 03:19:29 gtw01 dnsmasq[32092]: warning: no upstream servers configured
Jun 22 03:19:29 gtw01 dnsmasq-dhcp[32092]: DHCP, static leases only on 192.168.120.0, lease time 1h
Jun 22 03:19:29 gtw01 dnsmasq[32092]: read /var/lib/neutron/dhcp/54e33a5d-902f-44f8-acab-746970952d01/addn_hosts - 1 addresses
Jun 22 03:19:29 gtw01 dnsmasq-dhcp[32092]: read /var/lib/neutron/dhcp/54e33a5d-902f-44f8-acab-746970952d01/host
Jun 22 03:19:29 gtw01 dnsmasq-dhcp[32092]: read /var/lib/neutron/dhcp/54e33a5d-902f-44f8-acab-746970952d01/opts
Jun 22 03:19:29 gtw01 dnsmasq[31874]: read /var/lib/neutron/dhcp/fa1119cb-6691-4913-be54-7a2b38fbcae1/addn_hosts - 2 addresses
Jun 22 03:19:29 gtw01 dnsmasq-dhcp[31874]: read /var/lib/neutron/dhcp/fa1119cb-6691-4913-be54-7a2b38fbcae1/host
Jun 22 03:19:29 gtw01 dnsmasq-dhcp[31874]: read /var/lib/neutron/dhcp/fa1119cb-6691-4913-be54-7a2b38fbcae1/opts
Jun 22 03:19:29 gtw01 haproxy-metadata-proxy-54e33a5d-902f-44f8-acab-746970952d01[32108]: Proxy listener started.
Jun 22 03:19:30 gtw01 kernel: [ 2559.349863] device tap091fc65a-5a left promiscuous mode
Jun 22 03:19:30 gtw01 dnsmasq[31874]: read /var/lib/neutron/dhcp/fa1119cb-6691-4913-be54-7a2b38fbcae1/addn_hosts - 2 addresses
Jun 22 03:19:30 gtw01 dnsmasq-dhcp[31874]: read /var/lib/neutron/dhcp/fa1119cb-6691-4913-be54-7a2b38fbcae1/host
Jun 22 03:19:30 gtw01 dnsmasq-dhcp[31874]: read /var/lib/neutron/dhcp/fa1119cb-6691-4913-be54-7a2b38fbcae1/opts
Jun 22 03:19:31 gtw01 dnsmasq[32203]: started, version 2.80 cachesize 150
Jun 22 03:19:31 gtw01 dnsmasq[32203]: DNS service limited to local subnets
Jun 22 03:19:31 gtw01 dnsmasq[32203]: compile time options: IPv6 GNU-getopt DBus i18n IDN DHCP DHCPv6 no-Lua TFTP conntrack ipset auth DNSSEC loop-detect inotify dumpfile
Jun 22 03:19:31 gtw01 dnsmasq[32203]: warning: no upstream servers configured
Jun 22 03:19:31 gtw01 dnsmasq-dhcp[32203]: DHCP, static leases only on 192.168.120.0, lease time 1h
Jun 22 03:19:31 gtw01 dnsmasq[32203]: read /var/lib/neutron/dhcp/f8ec21e4-fc01-4ee5-a5b2-f7392485e5ac/addn_hosts - 1 addresses
Jun 22 03:19:31 gtw01 dnsmasq-dhcp[32203]: read /var/lib/neutron/dhcp/f8ec21e4-fc01-4ee5-a5b2-f7392485e5ac/host
Jun 22 03:19:31 gtw01 dnsmasq-dhcp[32203]: read /var/lib/neutron/dhcp/f8ec21e4-fc01-4ee5-a5b2-f7392485e5ac/opts
Jun 22 03:19:31 gtw01 dnsmasq[31874]: read /var/lib/neutron/dhcp/fa1119cb-6691-4913-be54-7a2b38fbcae1/addn_hosts - 3 addresses
Jun 22 03:19:31 gtw01 dnsmasq-dhcp[31874]: read /var/lib/neutron/dhcp/fa1119cb-6691-4913-be54-7a2b38fbcae1/host
Jun 22 03:19:31 gtw01 dnsmasq-dhcp[31874]: read /var/lib/neutron/dhcp/fa1119cb-6691-4913-be54-7a2b38fbcae1/opts
Jun 22 03:19:31 gtw01 haproxy-metadata-proxy-f8ec21e4-fc01-4ee5-a5b2-f7392485e5ac[32212]: Proxy listener started.
Jun 22 03:19:32 gtw01 dnsmasq[32203]: read /var/lib/neutron/dhcp/f8ec21e4-fc01-4ee5-a5b2-f7392485e5ac/addn_hosts - 1 addresses
Jun 22 03:19:32 gtw01 dnsmasq-dhcp[32203]: read /var/lib/neutron/dhcp/f8ec21e4-fc01-4ee5-a5b2-f7392485e5ac/host
Jun 22 03:19:32 gtw01 dnsmasq-dhcp[32203]: read /var/lib/neutron/dhcp/f8ec21e4-fc01-4ee5-a5b2-f7392485e5ac/opts
Jun 22 03:19:32 gtw01 dnsmasq[31874]: read /var/lib/neutron/dhcp/fa1119cb-6691-4913-be54-7a2b38fbcae1/addn_hosts - 3 addresses
Jun 22 03:19:32 gtw01 dnsmasq-dhcp[31874]: read /var/lib/neutron/dhcp/fa1119cb-6691-4913-be54-7a2b38fbcae1/host
Jun 22 03:19:32 gtw01 dnsmasq-dhcp[31874]: read /var/lib/neutron/dhcp/fa1119cb-6691-4913-be54-7a2b38fbcae1/opts
Jun 22 03:19:33 gtw01 dnsmasq[32203]: read /var/lib/neutron/dhcp/f8ec21e4-fc01-4ee5-a5b2-f7392485e5ac/addn_hosts - 2 addresses
Jun 22 03:19:33 gtw01 dnsmasq-dhcp[32203]: read /var/lib/neutron/dhcp/f8ec21e4-fc01-4ee5-a5b2-f7392485e5ac/host
Jun 22 03:19:33 gtw01 dnsmasq-dhcp[32203]: read /var/lib/neutron/dhcp/f8ec21e4-fc01-4ee5-a5b2-f7392485e5ac/opts
Jun 22 03:19:33 gtw01 dnsmasq[31874]: read /var/lib/neutron/dhcp/fa1119cb-6691-4913-be54-7a2b38fbcae1/addn_hosts - 4 addresses
Jun 22 03:19:33 gtw01 dnsmasq-dhcp[31874]: read /var/lib/neutron/dhcp/fa1119cb-6691-4913-be54-7a2b38fbcae1/host
Jun 22 03:19:33 gtw01 dnsmasq-dhcp[31874]: read /var/lib/neutron/dhcp/fa1119cb-6691-4913-be54-7a2b38fbcae1/opts
Jun 22 03:19:34 gtw01 dnsmasq[32203]: read /var/lib/neutron/dhcp/f8ec21e4-fc01-4ee5-a5b2-f7392485e5ac/addn_hosts - 2 addresses
Jun 22 03:19:34 gtw01 dnsmasq-dhcp[32203]: read /var/lib/neutron/dhcp/f8ec21e4-fc01-4ee5-a5b2-f7392485e5ac/host
Jun 22 03:19:34 gtw01 dnsmasq-dhcp[32203]: read /var/lib/neutron/dhcp/f8ec21e4-fc01-4ee5-a5b2-f7392485e5ac/opts
Jun 22 03:19:34 gtw01 dnsmasq[31874]: read /var/lib/neutron/dhcp/fa1119cb-6691-4913-be54-7a2b38fbcae1/addn_hosts - 3 addresses
Jun 22 03:19:34 gtw01 dnsmasq-dhcp[31874]: read /var/lib/neutron/dhcp/fa1119cb-6691-4913-be54-7a2b38fbcae1/host
Jun 22 03:19:34 gtw01 dnsmasq-dhcp[31874]: read /var/lib/neutron/dhcp/fa1119cb-6691-4913-be54-7a2b38fbcae1/opts
Jun 22 03:19:35 gtw01 dnsmasq[32203]: read /var/lib/neutron/dhcp/f8ec21e4-fc01-4ee5-a5b2-f7392485e5ac/addn_hosts - 2 addresses
Jun 22 03:19:35 gtw01 dnsmasq-dhcp[32203]: read /var/lib/neutron/dhcp/f8ec21e4-fc01-4ee5-a5b2-f7392485e5ac/host
Jun 22 03:19:35 gtw01 dnsmasq-dhcp[32203]: read /var/lib/neutron/dhcp/f8ec21e4-fc01-4ee5-a5b2-f7392485e5ac/opts
Jun 22 03:19:36 gtw01 dnsmasq[32203]: read /var/lib/neutron/dhcp/f8ec21e4-fc01-4ee5-a5b2-f7392485e5ac/addn_hosts - 1 addresses
Jun 22 03:19:36 gtw01 dnsmasq-dhcp[32203]: read /var/lib/neutron/dhcp/f8ec21e4-fc01-4ee5-a5b2-f7392485e5ac/host
Jun 22 03:19:36 gtw01 dnsmasq-dhcp[32203]: read /var/lib/neutron/dhcp/f8ec21e4-fc01-4ee5-a5b2-f7392485e5ac/opts
Jun 22 03:19:37 gtw01 kernel: [ 2566.203731] device tapbfe4ae87-3b left promiscuous mode
Jun 22 03:19:43 gtw01 dnsmasq[31874]: read /var/lib/neutron/dhcp/fa1119cb-6691-4913-be54-7a2b38fbcae1/addn_hosts - 2 addresses
Jun 22 03:19:43 gtw01 dnsmasq-dhcp[31874]: read /var/lib/neutron/dhcp/fa1119cb-6691-4913-be54-7a2b38fbcae1/host
Jun 22 03:19:43 gtw01 dnsmasq-dhcp[31874]: read /var/lib/neutron/dhcp/fa1119cb-6691-4913-be54-7a2b38fbcae1/opts
Jun 22 03:19:44 gtw01 haproxy-metadata-proxy-fa1119cb-6691-4913-be54-7a2b38fbcae1[32433]: Proxy listener started.
Jun 22 03:19:46 gtw01 dnsmasq[31874]: read /var/lib/neutron/dhcp/fa1119cb-6691-4913-be54-7a2b38fbcae1/addn_hosts - 1 addresses
Jun 22 03:19:46 gtw01 dnsmasq-dhcp[31874]: read /var/lib/neutron/dhcp/fa1119cb-6691-4913-be54-7a2b38fbcae1/host
Jun 22 03:19:46 gtw01 dnsmasq-dhcp[31874]: read /var/lib/neutron/dhcp/fa1119cb-6691-4913-be54-7a2b38fbcae1/opts
Jun 22 03:19:48 gtw01 kernel: [ 2577.391127] device tapfecb26d3-07 left promiscuous mode
Jun 22 03:19:54 gtw01 systemd-udevd[32539]: Could not generate persistent MAC address for qg-e1f6e993-d9: No such file or directory
Jun 22 03:19:54 gtw01 kernel: [ 2583.060311] device qg-e1f6e993-d9 entered promiscuous mode
Jun 22 03:19:59 gtw01 haproxy-metadata-proxy-1162f5ea-9bbd-476e-a579-2171bfaf69da[32730]: Proxy listener started.
Jun 22 03:20:00 gtw01 kernel: [ 2589.786346] device qg-e1f6e993-d9 left promiscuous mode
Jun 22 03:20:01 gtw01 systemd-udevd[310]: Could not generate persistent MAC address for tap5c52d4ad-d8: No such file or directory
Jun 22 03:20:01 gtw01 kernel: [ 2590.219945] device tap5c52d4ad-d8 entered promiscuous mode
Jun 22 03:20:01 gtw01 systemd-udevd[361]: Process '/sbin/ip link set tap5c52d4ad-d8 txqueuelen 10000' failed with exit code 1.
Jun 22 03:20:04 gtw01 dnsmasq[465]: started, version 2.80 cachesize 150
Jun 22 03:20:04 gtw01 dnsmasq[465]: DNS service limited to local subnets
Jun 22 03:20:04 gtw01 dnsmasq[465]: compile time options: IPv6 GNU-getopt DBus i18n IDN DHCP DHCPv6 no-Lua TFTP conntrack ipset auth DNSSEC loop-detect inotify dumpfile
Jun 22 03:20:04 gtw01 dnsmasq[465]: warning: no upstream servers configured
Jun 22 03:20:04 gtw01 dnsmasq-dhcp[465]: DHCP, static leases only on 192.168.120.0, lease time 1h
Jun 22 03:20:04 gtw01 dnsmasq[465]: read /var/lib/neutron/dhcp/ad30ff01-3e13-4027-881d-924b57121bba/addn_hosts - 1 addresses
Jun 22 03:20:04 gtw01 dnsmasq-dhcp[465]: read /var/lib/neutron/dhcp/ad30ff01-3e13-4027-881d-924b57121bba/host
Jun 22 03:20:04 gtw01 dnsmasq-dhcp[465]: read /var/lib/neutron/dhcp/ad30ff01-3e13-4027-881d-924b57121bba/opts
Jun 22 03:20:04 gtw01 haproxy-metadata-proxy-ad30ff01-3e13-4027-881d-924b57121bba[469]: Proxy listener started.
Jun 22 03:20:05 gtw01 kernel: [ 2594.178090] device tap5c52d4ad-d8 left promiscuous mode
Jun 22 03:20:18 gtw01 haproxy-metadata-proxy-0c3c83b1-3547-4b1f-b8b1-59306e6935c4[616]: Proxy listener started.
Jun 22 03:20:22 gtw01 systemd-udevd[656]: Could not generate persistent MAC address for tapca93b629-c7: No such file or directory
