Jun 22 04:59:08 gtw01 dnsmasq-dhcp[13620]: read /var/lib/neutron/dhcp/e5bf2d7f-f9cc-45f7-be62-282161eccbce/opts
Jun 22 04:59:10 gtw01 dnsmasq[13799]: read /var/lib/neutron/dhcp/9aca894d-8e9e-4c94-8204-eafcf1047e1e/addn_hosts - 3 addresses
Jun 22 04:59:10 gtw01 dnsmasq-dhcp[13799]: read /var/lib/neutron/dhcp/9aca894d-8e9e-4c94-8204-eafcf1047e1e/host
Jun 22 04:59:10 gtw01 dnsmasq-dhcp[13799]: read /var/lib/neutron/dhcp/9aca894d-8e9e-4c94-8204-eafcf1047e1e/opts
Jun 22 04:59:10 gtw01 dnsmasq[13761]: read /var/lib/neutron/dhcp/672a3ad1-2ed2-45a4-9630-122f50cb7af0/addn_hosts - 2 addresses
Jun 22 04:59:10 gtw01 dnsmasq-dhcp[13761]: read /var/lib/neutron/dhcp/672a3ad1-2ed2-45a4-9630-122f50cb7af0/host
Jun 22 04:59:10 gtw01 dnsmasq-dhcp[13761]: read /var/lib/neutron/dhcp/672a3ad1-2ed2-45a4-9630-122f50cb7af0/opts
Jun 22 04:59:10 gtw01 kernel: [ 8539.150734] device qg-417231f1-c4 entered promiscuous mode
Jun 22 04:59:10 gtw01 systemd-udevd[18871]: Could not generate persistent MAC address for qg-417231f1-c4: No such file or directory
Jun 22 04:59:10 gtw01 dnsmasq[17841]: read /var/lib/neutron/dhcp/12f14053-37e7-4b39-a60a-faa42e4943ed/addn_hosts - 2 addresses
Jun 22 04:59:10 gtw01 dnsmasq-dhcp[17841]: read /var/lib/neutron/dhcp/12f14053-37e7-4b39-a60a-faa42e4943ed/host
Jun 22 04:59:10 gtw01 dnsmasq-dhcp[17841]: read /var/lib/neutron/dhcp/12f14053-37e7-4b39-a60a-faa42e4943ed/opts
Jun 22 04:59:10 gtw01 dnsmasq[15668]: read /var/lib/neutron/dhcp/00bbcee2-4689-4d67-b699-d22ffd3a74f1/addn_hosts - 2 addresses
Jun 22 04:59:10 gtw01 dnsmasq-dhcp[15668]: read /var/lib/neutron/dhcp/00bbcee2-4689-4d67-b699-d22ffd3a74f1/host
Jun 22 04:59:10 gtw01 dnsmasq-dhcp[15668]: read /var/lib/neutron/dhcp/00bbcee2-4689-4d67-b699-d22ffd3a74f1/opts
Jun 22 04:59:11 gtw01 dnsmasq[17420]: read /var/lib/neutron/dhcp/61168aca-a3bc-406d-9cba-fef17c07a4b9/addn_hosts - 2 addresses
Jun 22 04:59:11 gtw01 dnsmasq-dhcp[17420]: read /var/lib/neutron/dhcp/61168aca-a3bc-406d-9cba-fef17c07a4b9/host
Jun 22 04:59:11 gtw01 dnsmasq-dhcp[17420]: read /var/lib/neutron/dhcp/61168aca-a3bc-406d-9cba-fef17c07a4b9/opts
Jun 22 04:59:11 gtw01 kernel: [ 8540.154248] net_ratelimit: 28 callbacks suppressed
Jun 22 04:59:11 gtw01 kernel: [ 8540.154250] IPv4: martian source 192.168.120.1 from 192.168.120.1, on dev qg-b8acbd01-5d
Jun 22 04:59:11 gtw01 kernel: [ 8540.154253] ll header: 00000000: ff ff ff ff ff ff fa 16 3e 5c 95 50 08 06        ........>\.P..
Jun 22 04:59:11 gtw01 kernel: [ 8540.154257] IPv4: martian source 192.168.120.1 from 192.168.120.1, on dev qr-0e81d99e-97
Jun 22 04:59:11 gtw01 kernel: [ 8540.154258] ll header: 00000000: ff ff ff ff ff ff fa 16 3e 5c 95 50 08 06        ........>\.P..
Jun 22 04:59:11 gtw01 kernel: [ 8540.154259] IPv4: martian source 192.168.120.1 from 192.168.120.1, on dev qg-56dff126-dc
Jun 22 04:59:11 gtw01 kernel: [ 8540.154260] ll header: 00000000: ff ff ff ff ff ff fa 16 3e 5c 95 50 08 06        ........>\.P..
Jun 22 04:59:11 gtw01 kernel: [ 8540.154263] IPv4: martian source 192.168.120.1 from 192.168.120.1, on dev qg-f62acb81-46
Jun 22 04:59:11 gtw01 kernel: [ 8540.154264] ll header: 00000000: ff ff ff ff ff ff fa 16 3e 5c 95 50 08 06        ........>\.P..
Jun 22 04:59:11 gtw01 kernel: [ 8540.154267] IPv4: martian source 192.168.120.1 from 192.168.120.1, on dev qg-517a4730-41
Jun 22 04:59:11 gtw01 kernel: [ 8540.154268] ll header: 00000000: ff ff ff ff ff ff fa 16 3e 5c 95 50 08 06        ........>\.P..
Jun 22 04:59:11 gtw01 kernel: [ 8540.154271] IPv4: martian source 192.168.120.1 from 192.168.120.1, on dev qg-787e4c70-e9
Jun 22 04:59:11 gtw01 kernel: [ 8540.154272] ll header: 00000000: ff ff ff ff ff ff fa 16 3e 5c 95 50 08 06        ........>\.P..
Jun 22 04:59:11 gtw01 kernel: [ 8540.154274] IPv4: martian source 192.168.120.1 from 192.168.120.1, on dev qr-271f64af-86
Jun 22 04:59:11 gtw01 kernel: [ 8540.154275] ll header: 00000000: ff ff ff ff ff ff fa 16 3e 5c 95 50 08 06        ........>\.P..
Jun 22 04:59:11 gtw01 kernel: [ 8540.154276] IPv4: martian source 192.168.120.1 from 192.168.120.1, on dev qr-1456b68d-72
Jun 22 04:59:11 gtw01 kernel: [ 8540.154277] ll header: 00000000: ff ff ff ff ff ff fa 16 3e 5c 95 50 08 06        ........>\.P..
Jun 22 04:59:11 gtw01 kernel: [ 8540.154278] IPv4: martian source 192.168.120.1 from 192.168.120.1, on dev qr-e5a3bcc8-aa
Jun 22 04:59:11 gtw01 kernel: [ 8540.154279] ll header: 00000000: ff ff ff ff ff ff fa 16 3e 5c 95 50 08 06        ........>\.P..
Jun 22 04:59:11 gtw01 dnsmasq[17149]: read /var/lib/neutron/dhcp/75e6677d-fc65-4338-ac18-74946ee8f564/addn_hosts - 2 addresses
Jun 22 04:59:11 gtw01 dnsmasq-dhcp[17149]: read /var/lib/neutron/dhcp/75e6677d-fc65-4338-ac18-74946ee8f564/host
Jun 22 04:59:11 gtw01 dnsmasq-dhcp[17149]: read /var/lib/neutron/dhcp/75e6677d-fc65-4338-ac18-74946ee8f564/opts
Jun 22 04:59:12 gtw01 kernel: [ 8541.222763] device qr-21ecacfe-fb entered promiscuous mode
Jun 22 04:59:12 gtw01 systemd-udevd[19087]: Could not generate persistent MAC address for qr-21ecacfe-fb: No such file or directory
Jun 22 04:59:12 gtw01 dnsmasq[12203]: read /var/lib/neutron/dhcp/dfdbb228-ccbe-4969-b408-7a524aa551fb/addn_hosts - 2 addresses
Jun 22 04:59:12 gtw01 dnsmasq-dhcp[12203]: read /var/lib/neutron/dhcp/dfdbb228-ccbe-4969-b408-7a524aa551fb/host
Jun 22 04:59:12 gtw01 dnsmasq-dhcp[12203]: read /var/lib/neutron/dhcp/dfdbb228-ccbe-4969-b408-7a524aa551fb/opts
Jun 22 04:59:12 gtw01 dnsmasq[13620]: read /var/lib/neutron/dhcp/e5bf2d7f-f9cc-45f7-be62-282161eccbce/addn_hosts - 2 addresses
Jun 22 04:59:12 gtw01 dnsmasq-dhcp[13620]: read /var/lib/neutron/dhcp/e5bf2d7f-f9cc-45f7-be62-282161eccbce/host
Jun 22 04:59:12 gtw01 dnsmasq-dhcp[13620]: read /var/lib/neutron/dhcp/e5bf2d7f-f9cc-45f7-be62-282161eccbce/opts
Jun 22 04:59:13 gtw01 kernel: [ 8542.638670] device tape4e1dbc4-84 left promiscuous mode
Jun 22 04:59:14 gtw01 dnsmasq[13799]: read /var/lib/neutron/dhcp/9aca894d-8e9e-4c94-8204-eafcf1047e1e/addn_hosts - 3 addresses
Jun 22 04:59:14 gtw01 dnsmasq-dhcp[13799]: read /var/lib/neutron/dhcp/9aca894d-8e9e-4c94-8204-eafcf1047e1e/host
Jun 22 04:59:14 gtw01 dnsmasq-dhcp[13799]: read /var/lib/neutron/dhcp/9aca894d-8e9e-4c94-8204-eafcf1047e1e/opts
Jun 22 04:59:14 gtw01 kernel: [ 8543.331219] device tap3622f57b-80 left promiscuous mode
Jun 22 04:59:14 gtw01 dnsmasq[17841]: read /var/lib/neutron/dhcp/12f14053-37e7-4b39-a60a-faa42e4943ed/addn_hosts - 2 addresses
Jun 22 04:59:14 gtw01 dnsmasq-dhcp[17841]: read /var/lib/neutron/dhcp/12f14053-37e7-4b39-a60a-faa42e4943ed/host
Jun 22 04:59:14 gtw01 dnsmasq-dhcp[17841]: read /var/lib/neutron/dhcp/12f14053-37e7-4b39-a60a-faa42e4943ed/opts
Jun 22 04:59:14 gtw01 dnsmasq[17420]: read /var/lib/neutron/dhcp/61168aca-a3bc-406d-9cba-fef17c07a4b9/addn_hosts - 2 addresses
Jun 22 04:59:14 gtw01 dnsmasq-dhcp[17420]: read /var/lib/neutron/dhcp/61168aca-a3bc-406d-9cba-fef17c07a4b9/host
Jun 22 04:59:14 gtw01 dnsmasq-dhcp[17420]: read /var/lib/neutron/dhcp/61168aca-a3bc-406d-9cba-fef17c07a4b9/opts
Jun 22 04:59:15 gtw01 kernel: [ 8544.034620] device qr-6e22d627-c1 entered promiscuous mode
Jun 22 04:59:15 gtw01 systemd-udevd[19372]: Could not generate persistent MAC address for qr-6e22d627-c1: No such file or directory
Jun 22 04:59:15 gtw01 dnsmasq[15668]: read /var/lib/neutron/dhcp/00bbcee2-4689-4d67-b699-d22ffd3a74f1/addn_hosts - 2 addresses
Jun 22 04:59:15 gtw01 dnsmasq-dhcp[15668]: read /var/lib/neutron/dhcp/00bbcee2-4689-4d67-b699-d22ffd3a74f1/host
Jun 22 04:59:15 gtw01 dnsmasq-dhcp[15668]: read /var/lib/neutron/dhcp/00bbcee2-4689-4d67-b699-d22ffd3a74f1/opts
Jun 22 04:59:15 gtw01 kernel: [ 8544.356634] device tap876338d9-c1 left promiscuous mode
Jun 22 04:59:15 gtw01 dnsmasq[12514]: read /var/lib/neutron/dhcp/0eff4f94-394b-4ee8-953c-8b18b2de6239/addn_hosts - 3 addresses
Jun 22 04:59:15 gtw01 dnsmasq-dhcp[12514]: read /var/lib/neutron/dhcp/0eff4f94-394b-4ee8-953c-8b18b2de6239/host
Jun 22 04:59:15 gtw01 dnsmasq-dhcp[12514]: read /var/lib/neutron/dhcp/0eff4f94-394b-4ee8-953c-8b18b2de6239/opts
Jun 22 04:59:15 gtw01 kernel: [ 8544.815229] device tapbeb02201-c4 left promiscuous mode
Jun 22 04:59:16 gtw01 dnsmasq[15767]: read /var/lib/neutron/dhcp/73aabe27-a1f4-4668-992e-607a1a2c4848/addn_hosts - 2 addresses
Jun 22 04:59:16 gtw01 dnsmasq-dhcp[15767]: read /var/lib/neutron/dhcp/73aabe27-a1f4-4668-992e-607a1a2c4848/host
Jun 22 04:59:16 gtw01 dnsmasq-dhcp[15767]: read /var/lib/neutron/dhcp/73aabe27-a1f4-4668-992e-607a1a2c4848/opts
Jun 22 04:59:17 gtw01 dnsmasq[16128]: read /var/lib/neutron/dhcp/cf46baa3-ec53-427c-89aa-edceadc67064/addn_hosts - 2 addresses
Jun 22 04:59:17 gtw01 dnsmasq-dhcp[16128]: read /var/lib/neutron/dhcp/cf46baa3-ec53-427c-89aa-edceadc67064/host
Jun 22 04:59:17 gtw01 dnsmasq-dhcp[16128]: read /var/lib/neutron/dhcp/cf46baa3-ec53-427c-89aa-edceadc67064/opts
Jun 22 04:59:17 gtw01 dnsmasq-dhcp[12514]: DHCPDISCOVER(tap8228f77b-d7) fa:16:3e:fd:c8:bd
Jun 22 04:59:17 gtw01 dnsmasq-dhcp[12514]: DHCPOFFER(tap8228f77b-d7) 192.168.120.13 fa:16:3e:fd:c8:bd
Jun 22 04:59:17 gtw01 dnsmasq-dhcp[12514]: DHCPREQUEST(tap8228f77b-d7) 192.168.120.13 fa:16:3e:fd:c8:bd
Jun 22 04:59:17 gtw01 dnsmasq-dhcp[12514]: DHCPACK(tap8228f77b-d7) 192.168.120.13 fa:16:3e:fd:c8:bd host-192-168-120-13
Jun 22 04:59:17 gtw01 dnsmasq[13799]: read /var/lib/neutron/dhcp/9aca894d-8e9e-4c94-8204-eafcf1047e1e/addn_hosts - 3 addresses
Jun 22 04:59:17 gtw01 dnsmasq-dhcp[13799]: read /var/lib/neutron/dhcp/9aca894d-8e9e-4c94-8204-eafcf1047e1e/host
Jun 22 04:59:17 gtw01 dnsmasq-dhcp[13799]: read /var/lib/neutron/dhcp/9aca894d-8e9e-4c94-8204-eafcf1047e1e/opts
Jun 22 04:59:17 gtw01 dnsmasq[17841]: read /var/lib/neutron/dhcp/12f14053-37e7-4b39-a60a-faa42e4943ed/addn_hosts - 2 addresses
Jun 22 04:59:17 gtw01 dnsmasq-dhcp[17841]: read /var/lib/neutron/dhcp/12f14053-37e7-4b39-a60a-faa42e4943ed/host
Jun 22 04:59:17 gtw01 dnsmasq-dhcp[17841]: read /var/lib/neutron/dhcp/12f14053-37e7-4b39-a60a-faa42e4943ed/opts
Jun 22 04:59:18 gtw01 dnsmasq[11249]: read /var/lib/neutron/dhcp/74ff03b3-8e77-4b36-a030-d71b4026360c/addn_hosts - 2 addresses
Jun 22 04:59:18 gtw01 dnsmasq-dhcp[11249]: read /var/lib/neutron/dhcp/74ff03b3-8e77-4b36-a030-d71b4026360c/host
Jun 22 04:59:18 gtw01 dnsmasq-dhcp[11249]: read /var/lib/neutron/dhcp/74ff03b3-8e77-4b36-a030-d71b4026360c/opts
Jun 22 04:59:18 gtw01 kernel: [ 8547.214438] IPv4: martian source 192.168.120.1 from 192.168.120.1, on dev qg-b8acbd01-5d
Jun 22 04:59:18 gtw01 kernel: [ 8547.214441] ll header: 00000000: ff ff ff ff ff ff fa 16 3e 07 4d 18 08 06        ........>.M...
Jun 22 04:59:18 gtw01 kernel: [ 8547.214456] IPv4: martian source 192.168.120.1 from 192.168.120.1, on dev qr-0e81d99e-97
Jun 22 04:59:18 gtw01 kernel: [ 8547.214457] ll header: 00000000: ff ff ff ff ff ff fa 16 3e 07 4d 18 08 06        ........>.M...
Jun 22 04:59:18 gtw01 kernel: [ 8547.214459] IPv4: martian source 192.168.120.1 from 192.168.120.1, on dev qg-56dff126-dc
Jun 22 04:59:18 gtw01 kernel: [ 8547.214459] ll header: 00000000: ff ff ff ff ff ff fa 16 3e 07 4d 18 08 06        ........>.M...
Jun 22 04:59:18 gtw01 kernel: [ 8547.214467] IPv4: martian source 192.168.120.1 from 192.168.120.1, on dev qg-f62acb81-46
Jun 22 04:59:18 gtw01 kernel: [ 8547.214468] ll header: 00000000: ff ff ff ff ff ff fa 16 3e 07 4d 18 08 06        ........>.M...
Jun 22 04:59:18 gtw01 kernel: [ 8547.214471] IPv4: martian source 192.168.120.1 from 192.168.120.1, on dev qg-517a4730-41
Jun 22 04:59:18 gtw01 kernel: [ 8547.214472] ll header: 00000000: ff ff ff ff ff ff fa 16 3e 07 4d 18 08 06        ........>.M...
Jun 22 04:59:18 gtw01 kernel: [ 8547.214476] IPv4: martian source 192.168.120.1 from 192.168.120.1, on dev qg-787e4c70-e9
Jun 22 04:59:18 gtw01 kernel: [ 8547.214477] ll header: 00000000: ff ff ff ff ff ff fa 16 3e 07 4d 18 08 06        ........>.M...
Jun 22 04:59:18 gtw01 kernel: [ 8547.214478] IPv4: martian source 192.168.120.1 from 192.168.120.1, on dev qr-271f64af-86
Jun 22 04:59:18 gtw01 kernel: [ 8547.214479] ll header: 00000000: ff ff ff ff ff ff fa 16 3e 07 4d 18 08 06        ........>.M...
Jun 22 04:59:18 gtw01 kernel: [ 8547.214481] IPv4: martian source 192.168.120.1 from 192.168.120.1, on dev qr-1456b68d-72
Jun 22 04:59:18 gtw01 kernel: [ 8547.214482] ll header: 00000000: ff ff ff ff ff ff fa 16 3e 07 4d 18 08 06        ........>.M...
Jun 22 04:59:18 gtw01 kernel: [ 8547.214483] IPv4: martian source 192.168.120.1 from 192.168.120.1, on dev qr-e5a3bcc8-aa
Jun 22 04:59:18 gtw01 kernel: [ 8547.214484] ll header: 00000000: ff ff ff ff ff ff fa 16 3e 07 4d 18 08 06        ........>.M...
Jun 22 04:59:18 gtw01 kernel: [ 8547.214485] IPv4: martian source 192.168.120.1 from 192.168.120.1, on dev qr-f56f9ec4-6d
Jun 22 04:59:18 gtw01 kernel: [ 8547.214486] ll header: 00000000: ff ff ff ff ff ff fa 16 3e 07 4d 18 08 06        ........>.M...
Jun 22 04:59:18 gtw01 dnsmasq[17420]: read /var/lib/neutron/dhcp/61168aca-a3bc-406d-9cba-fef17c07a4b9/addn_hosts - 1 addresses
Jun 22 04:59:18 gtw01 dnsmasq-dhcp[17420]: read /var/lib/neutron/dhcp/61168aca-a3bc-406d-9cba-fef17c07a4b9/host
Jun 22 04:59:18 gtw01 dnsmasq-dhcp[17420]: read /var/lib/neutron/dhcp/61168aca-a3bc-406d-9cba-fef17c07a4b9/opts
Jun 22 04:59:18 gtw01 dnsmasq[12514]: read /var/lib/neutron/dhcp/0eff4f94-394b-4ee8-953c-8b18b2de6239/addn_hosts - 3 addresses
Jun 22 04:59:18 gtw01 dnsmasq-dhcp[12514]: read /var/lib/neutron/dhcp/0eff4f94-394b-4ee8-953c-8b18b2de6239/host
Jun 22 04:59:18 gtw01 dnsmasq-dhcp[12514]: read /var/lib/neutron/dhcp/0eff4f94-394b-4ee8-953c-8b18b2de6239/opts
Jun 22 04:59:19 gtw01 dnsmasq[16931]: read /var/lib/neutron/dhcp/1b0299d3-87eb-447e-a38f-171934a5a7b0/addn_hosts - 1 addresses
Jun 22 04:59:19 gtw01 dnsmasq-dhcp[16931]: read /var/lib/neutron/dhcp/1b0299d3-87eb-447e-a38f-171934a5a7b0/host
Jun 22 04:59:19 gtw01 dnsmasq-dhcp[16931]: read /var/lib/neutron/dhcp/1b0299d3-87eb-447e-a38f-171934a5a7b0/opts
Jun 22 04:59:19 gtw01 systemd-udevd[19809]: Could not generate persistent MAC address for qg-597c4494-58: No such file or directory
Jun 22 04:59:19 gtw01 kernel: [ 8548.782723] device qg-597c4494-58 entered promiscuous mode
Jun 22 04:59:20 gtw01 dnsmasq[15767]: read /var/lib/neutron/dhcp/73aabe27-a1f4-4668-992e-607a1a2c4848/addn_hosts - 2 addresses
Jun 22 04:59:20 gtw01 dnsmasq-dhcp[15767]: read /var/lib/neutron/dhcp/73aabe27-a1f4-4668-992e-607a1a2c4848/host
Jun 22 04:59:20 gtw01 dnsmasq-dhcp[15767]: read /var/lib/neutron/dhcp/73aabe27-a1f4-4668-992e-607a1a2c4848/opts
Jun 22 04:59:21 gtw01 dnsmasq[16128]: read /var/lib/neutron/dhcp/cf46baa3-ec53-427c-89aa-edceadc67064/addn_hosts - 2 addresses
Jun 22 04:59:21 gtw01 dnsmasq-dhcp[16128]: read /var/lib/neutron/dhcp/cf46baa3-ec53-427c-89aa-edceadc67064/host
Jun 22 04:59:21 gtw01 dnsmasq-dhcp[16128]: read /var/lib/neutron/dhcp/cf46baa3-ec53-427c-89aa-edceadc67064/opts
Jun 22 04:59:21 gtw01 haproxy-metadata-proxy-61168aca-a3bc-406d-9cba-fef17c07a4b9[19952]: Proxy listener started.
Jun 22 04:59:21 gtw01 dnsmasq[16250]: read /var/lib/neutron/dhcp/465b5a28-2618-42eb-acf9-2a6c727b92cc/addn_hosts - 2 addresses
Jun 22 04:59:21 gtw01 dnsmasq-dhcp[16250]: read /var/lib/neutron/dhcp/465b5a28-2618-42eb-acf9-2a6c727b92cc/host
Jun 22 04:59:21 gtw01 dnsmasq-dhcp[16250]: read /var/lib/neutron/dhcp/465b5a28-2618-42eb-acf9-2a6c727b92cc/opts
Jun 22 04:59:21 gtw01 dnsmasq[13799]: read /var/lib/neutron/dhcp/9aca894d-8e9e-4c94-8204-eafcf1047e1e/addn_hosts - 3 addresses
Jun 22 04:59:21 gtw01 dnsmasq-dhcp[13799]: read /var/lib/neutron/dhcp/9aca894d-8e9e-4c94-8204-eafcf1047e1e/host
Jun 22 04:59:21 gtw01 dnsmasq-dhcp[13799]: read /var/lib/neutron/dhcp/9aca894d-8e9e-4c94-8204-eafcf1047e1e/opts
Jun 22 04:59:21 gtw01 systemd-udevd[20003]: Could not generate persistent MAC address for qg-bf7231a9-4e: No such file or directory
Jun 22 04:59:21 gtw01 kernel: [ 8550.526969] device qg-bf7231a9-4e entered promiscuous mode
Jun 22 04:59:22 gtw01 dnsmasq[17841]: read /var/lib/neutron/dhcp/12f14053-37e7-4b39-a60a-faa42e4943ed/addn_hosts - 1 addresses
Jun 22 04:59:22 gtw01 dnsmasq-dhcp[17841]: read /var/lib/neutron/dhcp/12f14053-37e7-4b39-a60a-faa42e4943ed/host
Jun 22 04:59:22 gtw01 dnsmasq-dhcp[17841]: read /var/lib/neutron/dhcp/12f14053-37e7-4b39-a60a-faa42e4943ed/opts
Jun 22 04:59:22 gtw01 haproxy-metadata-proxy-1b0299d3-87eb-447e-a38f-171934a5a7b0[20131]: Proxy listener started.
Jun 22 04:59:22 gtw01 dnsmasq[17149]: read /var/lib/neutron/dhcp/75e6677d-fc65-4338-ac18-74946ee8f564/addn_hosts - 1 addresses
Jun 22 04:59:22 gtw01 dnsmasq-dhcp[17149]: read /var/lib/neutron/dhcp/75e6677d-fc65-4338-ac18-74946ee8f564/host
Jun 22 04:59:22 gtw01 dnsmasq-dhcp[17149]: read /var/lib/neutron/dhcp/75e6677d-fc65-4338-ac18-74946ee8f564/opts
Jun 22 04:59:23 gtw01 kernel: [ 8552.307201] device tap8295fad8-da left promiscuous mode
Jun 22 04:59:23 gtw01 kernel: [ 8552.410524] device tap9b04a4ca-8b left promiscuous mode
Jun 22 04:59:23 gtw01 dnsmasq[16250]: read /var/lib/neutron/dhcp/465b5a28-2618-42eb-acf9-2a6c727b92cc/addn_hosts - 2 addresses
Jun 22 04:59:23 gtw01 dnsmasq-dhcp[16250]: read /var/lib/neutron/dhcp/465b5a28-2618-42eb-acf9-2a6c727b92cc/host
Jun 22 04:59:23 gtw01 dnsmasq-dhcp[16250]: read /var/lib/neutron/dhcp/465b5a28-2618-42eb-acf9-2a6c727b92cc/opts
Jun 22 04:59:24 gtw01 dnsmasq[13799]: read /var/lib/neutron/dhcp/9aca894d-8e9e-4c94-8204-eafcf1047e1e/addn_hosts - 2 addresses
Jun 22 04:59:24 gtw01 dnsmasq-dhcp[13799]: read /var/lib/neutron/dhcp/9aca894d-8e9e-4c94-8204-eafcf1047e1e/host
Jun 22 04:59:24 gtw01 dnsmasq-dhcp[13799]: read /var/lib/neutron/dhcp/9aca894d-8e9e-4c94-8204-eafcf1047e1e/opts
Jun 22 04:59:24 gtw01 haproxy-metadata-proxy-12f14053-37e7-4b39-a60a-faa42e4943ed[20288]: Proxy listener started.
Jun 22 04:59:24 gtw01 haproxy-metadata-proxy-75e6677d-fc65-4338-ac18-74946ee8f564[20297]: Proxy listener started.
Jun 22 04:59:25 gtw01 kernel: [ 8554.198227] net_ratelimit: 25 callbacks suppressed
Jun 22 04:59:25 gtw01 kernel: [ 8554.198229] IPv4: martian source 192.168.120.1 from 192.168.120.1, on dev qg-b8acbd01-5d
Jun 22 04:59:25 gtw01 kernel: [ 8554.198231] ll header: 00000000: ff ff ff ff ff ff fa 16 3e 23 2a fb 08 06        ........>#*...
Jun 22 04:59:25 gtw01 kernel: [ 8554.198235] IPv4: martian source 192.168.120.1 from 192.168.120.1, on dev qr-0e81d99e-97
Jun 22 04:59:25 gtw01 kernel: [ 8554.198236] ll header: 00000000: ff ff ff ff ff ff fa 16 3e 23 2a fb 08 06        ........>#*...
Jun 22 04:59:25 gtw01 kernel: [ 8554.198238] IPv4: martian source 192.168.120.1 from 192.168.120.1, on dev qg-56dff126-dc
Jun 22 04:59:25 gtw01 kernel: [ 8554.198239] ll header: 00000000: ff ff ff ff ff ff fa 16 3e 23 2a fb 08 06        ........>#*...
Jun 22 04:59:25 gtw01 kernel: [ 8554.198242] IPv4: martian source 192.168.120.1 from 192.168.120.1, on dev qg-f62acb81-46
Jun 22 04:59:25 gtw01 kernel: [ 8554.198243] ll header: 00000000: ff ff ff ff ff ff fa 16 3e 23 2a fb 08 06        ........>#*...
Jun 22 04:59:25 gtw01 kernel: [ 8554.198246] IPv4: martian source 192.168.120.1 from 192.168.120.1, on dev qg-517a4730-41
Jun 22 04:59:25 gtw01 kernel: [ 8554.198246] ll header: 00000000: ff ff ff ff ff ff fa 16 3e 23 2a fb 08 06        ........>#*...
Jun 22 04:59:25 gtw01 kernel: [ 8554.198251] IPv4: martian source 192.168.120.1 from 192.168.120.1, on dev qg-787e4c70-e9
Jun 22 04:59:25 gtw01 kernel: [ 8554.198252] ll header: 00000000: ff ff ff ff ff ff fa 16 3e 23 2a fb 08 06        ........>#*...
Jun 22 04:59:25 gtw01 kernel: [ 8554.198254] IPv4: martian source 192.168.120.1 from 192.168.120.1, on dev qr-271f64af-86
Jun 22 04:59:25 gtw01 kernel: [ 8554.198254] ll header: 00000000: ff ff ff ff ff ff fa 16 3e 23 2a fb 08 06        ........>#*...
Jun 22 04:59:25 gtw01 kernel: [ 8554.198256] IPv4: martian source 192.168.120.1 from 192.168.120.1, on dev qr-1456b68d-72
Jun 22 04:59:25 gtw01 kernel: [ 8554.198257] ll header: 00000000: ff ff ff ff ff ff fa 16 3e 23 2a fb 08 06        ........>#*...
Jun 22 04:59:25 gtw01 kernel: [ 8554.198258] IPv4: martian source 192.168.120.1 from 192.168.120.1, on dev qr-e5a3bcc8-aa
Jun 22 04:59:25 gtw01 kernel: [ 8554.198259] ll header: 00000000: ff ff ff ff ff ff fa 16 3e 23 2a fb 08 06        ........>#*...
Jun 22 04:59:25 gtw01 kernel: [ 8554.198260] IPv4: martian source 192.168.120.1 from 192.168.120.1, on dev qr-f56f9ec4-6d
Jun 22 04:59:25 gtw01 kernel: [ 8554.198261] ll header: 00000000: ff ff ff ff ff ff fa 16 3e 23 2a fb 08 06        ........>#*...
Jun 22 04:59:25 gtw01 kernel: [ 8554.258281] device tap326cdbf7-78 left promiscuous mode
Jun 22 04:59:25 gtw01 systemd-udevd[20393]: Could not generate persistent MAC address for qr-55c8dbbd-28: No such file or directory
Jun 22 04:59:25 gtw01 kernel: [ 8554.502755] device qr-55c8dbbd-28 entered promiscuous mode
Jun 22 04:59:25 gtw01 kernel: [ 8554.645918] device qr-271f64af-86 left promiscuous mode
Jun 22 04:59:26 gtw01 dnsmasq[16250]: read /var/lib/neutron/dhcp/465b5a28-2618-42eb-acf9-2a6c727b92cc/addn_hosts - 1 addresses
Jun 22 04:59:26 gtw01 dnsmasq-dhcp[16250]: read /var/lib/neutron/dhcp/465b5a28-2618-42eb-acf9-2a6c727b92cc/host
Jun 22 04:59:26 gtw01 dnsmasq-dhcp[16250]: read /var/lib/neutron/dhcp/465b5a28-2618-42eb-acf9-2a6c727b92cc/opts
Jun 22 04:59:26 gtw01 haproxy-metadata-proxy-465b5a28-2618-42eb-acf9-2a6c727b92cc[20546]: Proxy listener started.
Jun 22 04:59:27 gtw01 kernel: [ 8556.271182] device tap42859fbf-dd left promiscuous mode
Jun 22 04:59:27 gtw01 systemd-udevd[20627]: Could not generate persistent MAC address for qg-82771072-62: No such file or directory
Jun 22 04:59:27 gtw01 kernel: [ 8556.674593] device qg-82771072-62 entered promiscuous mode
Jun 22 04:59:28 gtw01 kernel: [ 8556.927922] device qg-b8acbd01-5d left promiscuous mode
Jun 22 04:59:28 gtw01 dnsmasq[13799]: read /var/lib/neutron/dhcp/9aca894d-8e9e-4c94-8204-eafcf1047e1e/addn_hosts - 1 addresses
Jun 22 04:59:28 gtw01 dnsmasq-dhcp[13799]: read /var/lib/neutron/dhcp/9aca894d-8e9e-4c94-8204-eafcf1047e1e/host
Jun 22 04:59:28 gtw01 dnsmasq-dhcp[13799]: read /var/lib/neutron/dhcp/9aca894d-8e9e-4c94-8204-eafcf1047e1e/opts
Jun 22 04:59:28 gtw01 kernel: [ 8557.726956] device tap17a53b40-7d left promiscuous mode
Jun 22 04:59:29 gtw01 systemd-udevd[20790]: Could not generate persistent MAC address for qg-adf1acda-9a: No such file or directory
Jun 22 04:59:29 gtw01 kernel: [ 8557.962569] device qg-adf1acda-9a entered promiscuous mode
Jun 22 04:59:29 gtw01 haproxy-metadata-proxy-9aca894d-8e9e-4c94-8204-eafcf1047e1e[20810]: Proxy listener started.
Jun 22 04:59:29 gtw01 kernel: [ 8558.362562] device qg-f55a66b2-ac entered promiscuous mode
Jun 22 04:59:29 gtw01 systemd-udevd[20869]: Could not generate persistent MAC address for qg-f55a66b2-ac: No such file or directory
Jun 22 04:59:29 gtw01 systemd-udevd[20949]: Could not generate persistent MAC address for qg-e4ee9725-e6: No such file or directory
Jun 22 04:59:29 gtw01 kernel: [ 8558.770522] device qg-e4ee9725-e6 entered promiscuous mode
Jun 22 04:59:30 gtw01 kernel: [ 8559.811098] device qr-0e81d99e-97 left promiscuous mode
Jun 22 04:59:31 gtw01 haproxy-metadata-proxy-e62acc28-3e10-47b6-9f71-3f549828eddc[21123]: Proxy listener started.
Jun 22 04:59:31 gtw01 kernel: [ 8560.649550] device tapb80210af-91 left promiscuous mode
Jun 22 04:59:32 gtw01 kernel: [ 8560.966140] net_ratelimit: 51 callbacks suppressed
Jun 22 04:59:32 gtw01 kernel: [ 8560.966143] IPv4: martian source 10.16.0.127 from 10.16.0.127, on dev qr-1456b68d-72
Jun 22 04:59:32 gtw01 kernel: [ 8560.966146] ll header: 00000000: ff ff ff ff ff ff fa 16 3e 31 13 68 08 06        ........>1.h..
Jun 22 04:59:32 gtw01 kernel: [ 8560.966147] IPv4: martian source 10.16.0.127 from 10.16.0.127, on dev qr-e5a3bcc8-aa
Jun 22 04:59:32 gtw01 kernel: [ 8560.966148] ll header: 00000000: ff ff ff ff ff ff fa 16 3e 31 13 68 08 06        ........>1.h..
Jun 22 04:59:32 gtw01 kernel: [ 8560.966150] IPv4: martian source 10.16.0.127 from 10.16.0.127, on dev qr-f56f9ec4-6d
Jun 22 04:59:32 gtw01 kernel: [ 8560.966151] ll header: 00000000: ff ff ff ff ff ff fa 16 3e 31 13 68 08 06        ........>1.h..
Jun 22 04:59:32 gtw01 kernel: [ 8560.966154] IPv4: martian source 10.16.0.127 from 10.16.0.127, on dev qr-1c9c8169-7c
Jun 22 04:59:32 gtw01 kernel: [ 8560.966155] ll header: 00000000: ff ff ff ff ff ff fa 16 3e 31 13 68 08 06        ........>1.h..
Jun 22 04:59:32 gtw01 kernel: [ 8560.966156] IPv4: martian source 10.16.0.127 from 10.16.0.127, on dev qr-21ecacfe-fb
Jun 22 04:59:32 gtw01 kernel: [ 8560.966157] ll header: 00000000: ff ff ff ff ff ff fa 16 3e 31 13 68 08 06        ........>1.h..
Jun 22 04:59:32 gtw01 kernel: [ 8560.966160] IPv4: martian source 10.16.0.127 from 10.16.0.127, on dev qr-6e22d627-c1
Jun 22 04:59:32 gtw01 kernel: [ 8560.966161] ll header: 00000000: ff ff ff ff ff ff fa 16 3e 31 13 68 08 06        ........>1.h..
Jun 22 04:59:32 gtw01 kernel: [ 8560.966164] IPv4: martian source 10.16.0.127 from 10.16.0.127, on dev qr-55c8dbbd-28
Jun 22 04:59:32 gtw01 kernel: [ 8560.966165] ll header: 00000000: ff ff ff ff ff ff fa 16 3e 31 13 68 08 06        ........>1.h..
Jun 22 04:59:32 gtw01 kernel: [ 8561.534191] IPv4: martian source 10.16.0.114 from 10.16.0.114, on dev qr-1456b68d-72
Jun 22 04:59:32 gtw01 kernel: [ 8561.534195] ll header: 00000000: ff ff ff ff ff ff fa 16 3e a8 20 5f 08 06        ........>. _..
Jun 22 04:59:32 gtw01 kernel: [ 8561.534197] IPv4: martian source 10.16.0.114 from 10.16.0.114, on dev qr-e5a3bcc8-aa
Jun 22 04:59:32 gtw01 kernel: [ 8561.534197] ll header: 00000000: ff ff ff ff ff ff fa 16 3e a8 20 5f 08 06        ........>. _..
Jun 22 04:59:32 gtw01 kernel: [ 8561.534199] IPv4: martian source 10.16.0.114 from 10.16.0.114, on dev qr-f56f9ec4-6d
Jun 22 04:59:32 gtw01 kernel: [ 8561.534200] ll header: 00000000: ff ff ff ff ff ff fa 16 3e a8 20 5f 08 06        ........>. _..
Jun 22 04:59:33 gtw01 kernel: [ 8562.234137] device qg-56dff126-dc left promiscuous mode
Jun 22 04:59:33 gtw01 kernel: [ 8562.249656] device tap6665a424-aa left promiscuous mode
Jun 22 04:59:34 gtw01 kernel: [ 8563.270320] device qg-d62692fb-c3 left promiscuous mode
Jun 22 04:59:34 gtw01 kernel: [ 8563.303343] device tap58323507-a1 left promiscuous mode
Jun 22 04:59:36 gtw01 kernel: [ 8565.473064] device qr-1456b68d-72 left promiscuous mode
Jun 22 04:59:36 gtw01 kernel: [ 8565.856278] device qr-f56f9ec4-6d left promiscuous mode
Jun 22 04:59:37 gtw01 haproxy-metadata-proxy-4ce07368-5961-499a-82ee-8abcef21a067[21609]: Proxy listener started.
Jun 22 04:59:37 gtw01 kernel: [ 8566.006281] net_ratelimit: 72 callbacks suppressed
Jun 22 04:59:37 gtw01 kernel: [ 8566.006284] IPv4: martian source 10.16.0.138 from 10.16.0.138, on dev qr-e5a3bcc8-aa
Jun 22 04:59:37 gtw01 kernel: [ 8566.006287] ll header: 00000000: ff ff ff ff ff ff fa 16 3e 35 53 67 08 06        ........>5Sg..
Jun 22 04:59:37 gtw01 kernel: [ 8566.006288] IPv4: martian source 10.16.0.138 from 10.16.0.138, on dev qr-1c9c8169-7c
Jun 22 04:59:37 gtw01 kernel: [ 8566.006289] ll header: 00000000: ff ff ff ff ff ff fa 16 3e 35 53 67 08 06        ........>5Sg..
Jun 22 04:59:37 gtw01 kernel: [ 8566.006292] IPv4: martian source 10.16.0.138 from 10.16.0.138, on dev qr-21ecacfe-fb
Jun 22 04:59:37 gtw01 kernel: [ 8566.006293] ll header: 00000000: ff ff ff ff ff ff fa 16 3e 35 53 67 08 06        ........>5Sg..
Jun 22 04:59:37 gtw01 kernel: [ 8566.006295] IPv4: martian source 10.16.0.138 from 10.16.0.138, on dev qr-6e22d627-c1
Jun 22 04:59:37 gtw01 kernel: [ 8566.006296] ll header: 00000000: ff ff ff ff ff ff fa 16 3e 35 53 67 08 06        ........>5Sg..
Jun 22 04:59:37 gtw01 kernel: [ 8566.006300] IPv4: martian source 10.16.0.138 from 10.16.0.138, on dev qr-55c8dbbd-28
Jun 22 04:59:37 gtw01 kernel: [ 8566.006301] ll header: 00000000: ff ff ff ff ff ff fa 16 3e 35 53 67 08 06        ........>5Sg..
Jun 22 04:59:37 gtw01 kernel: [ 8566.234441] device qr-e5a3bcc8-aa left promiscuous mode
Jun 22 04:59:37 gtw01 kernel: [ 8566.850880] device qg-517a4730-41 left promiscuous mode
Jun 22 04:59:38 gtw01 kernel: [ 8566.952258] device qg-787e4c70-e9 left promiscuous mode
Jun 22 04:59:38 gtw01 haproxy-metadata-proxy-20bdbd05-12ea-4b01-8560-875b3cea69e1[21721]: Proxy listener started.
Jun 22 04:59:38 gtw01 kernel: [ 8567.538545] device qg-f62acb81-46 left promiscuous mode
Jun 22 04:59:38 gtw01 kernel: [ 8567.754330] device qr-21ecacfe-fb left promiscuous mode
Jun 22 04:59:38 gtw01 kernel: [ 8567.806467] IPv4: martian source 10.16.0.121 from 10.16.0.121, on dev qr-1c9c8169-7c
Jun 22 04:59:38 gtw01 kernel: [ 8567.806471] ll header: 00000000: ff ff ff ff ff ff fa 16 3e cb 80 37 08 06        ........>..7..
Jun 22 04:59:38 gtw01 kernel: [ 8567.806474] IPv4: martian source 10.16.0.121 from 10.16.0.121, on dev qr-6e22d627-c1
Jun 22 04:59:38 gtw01 kernel: [ 8567.806475] ll header: 00000000: ff ff ff ff ff ff fa 16 3e cb 80 37 08 06        ........>..7..
Jun 22 04:59:38 gtw01 kernel: [ 8567.806480] IPv4: martian source 10.16.0.121 from 10.16.0.121, on dev qr-55c8dbbd-28
Jun 22 04:59:38 gtw01 kernel: [ 8567.806481] ll header: 00000000: ff ff ff ff ff ff fa 16 3e cb 80 37 08 06        ........>..7..
Jun 22 04:59:38 gtw01 kernel: [ 8567.807143] IPv4: martian source 10.16.0.118 from 10.16.0.118, on dev qr-1c9c8169-7c
Jun 22 04:59:38 gtw01 kernel: [ 8567.807144] ll header: 00000000: ff ff ff ff ff ff fa 16 3e ec 29 15 08 06        ........>.)...
Jun 22 04:59:38 gtw01 kernel: [ 8567.807146] IPv4: martian source 10.16.0.118 from 10.16.0.118, on dev qr-6e22d627-c1
Jun 22 04:59:38 gtw01 kernel: [ 8567.807147] ll header: 00000000: ff ff ff ff ff ff fa 16 3e ec 29 15 08 06        ........>.)...
Jun 22 04:59:39 gtw01 kernel: [ 8568.350930] device qr-6e22d627-c1 left promiscuous mode
Jun 22 04:59:39 gtw01 haproxy-metadata-proxy-ac42f767-785c-41f7-91d1-d47cf60c148e[21815]: Proxy listener started.
Jun 22 04:59:40 gtw01 kernel: [ 8569.402807] device qr-1c9c8169-7c left promiscuous mode
Jun 22 04:59:40 gtw01 kernel: [ 8569.480825] device qg-597c4494-58 left promiscuous mode
Jun 22 04:59:40 gtw01 kernel: [ 8569.773670] device qg-bf7231a9-4e left promiscuous mode
Jun 22 04:59:41 gtw01 kernel: [ 8570.223247] device qg-82771072-62 left promiscuous mode
Jun 22 04:59:41 gtw01 kernel: [ 8570.687328] device qg-9bdc2a07-a0 left promiscuous mode
Jun 22 04:59:42 gtw01 haproxy-metadata-proxy-5f01afb5-accd-4f23-aa10-62c186cb63b8[22032]: Proxy listener started.
Jun 22 04:59:42 gtw01 kernel: [ 8571.086209] net_ratelimit: 8 callbacks suppressed
Jun 22 04:59:42 gtw01 kernel: [ 8571.086211] IPv4: martian source 10.16.0.137 from 10.16.0.137, on dev qr-55c8dbbd-28
Jun 22 04:59:42 gtw01 kernel: [ 8571.086214] ll header: 00000000: ff ff ff ff ff ff fa 16 3e c5 73 71 08 06        ........>.sq..
Jun 22 04:59:42 gtw01 haproxy-metadata-proxy-797d25dd-bb71-4373-9c5c-4a75b3bcea6a[22090]: Proxy listener started.
Jun 22 04:59:42 gtw01 kernel: [ 8571.606429] device qr-55c8dbbd-28 left promiscuous mode
Jun 22 04:59:42 gtw01 haproxy-metadata-proxy-22eb3247-dbf5-4b39-bf2d-8b862ec14b59[22100]: Proxy listener started.
Jun 22 04:59:43 gtw01 kernel: [ 8572.419044] device qg-e4ee9725-e6 left promiscuous mode
Jun 22 04:59:43 gtw01 kernel: [ 8572.645916] device qg-adf1acda-9a left promiscuous mode
Jun 22 04:59:43 gtw01 kernel: [ 8572.732754] device qg-f55a66b2-ac left promiscuous mode
Jun 22 04:59:47 gtw01 dnsmasq-dhcp[12514]: DHCPRELEASE(tap8228f77b-d7) 192.168.120.13 fa:16:3e:fd:c8:bd
Jun 22 04:59:48 gtw01 dnsmasq-dhcp[12514]: DHCPRELEASE(tap8228f77b-d7) 192.168.120.13 fa:16:3e:fd:c8:bd unknown lease
Jun 22 04:59:48 gtw01 dnsmasq[12514]: read /var/lib/neutron/dhcp/0eff4f94-394b-4ee8-953c-8b18b2de6239/addn_hosts - 2 addresses
Jun 22 04:59:48 gtw01 dnsmasq-dhcp[12514]: read /var/lib/neutron/dhcp/0eff4f94-394b-4ee8-953c-8b18b2de6239/host
Jun 22 04:59:48 gtw01 dnsmasq-dhcp[12514]: read /var/lib/neutron/dhcp/0eff4f94-394b-4ee8-953c-8b18b2de6239/opts
Jun 22 04:59:51 gtw01 dnsmasq[15668]: read /var/lib/neutron/dhcp/00bbcee2-4689-4d67-b699-d22ffd3a74f1/addn_hosts - 1 addresses
Jun 22 04:59:51 gtw01 dnsmasq-dhcp[15668]: read /var/lib/neutron/dhcp/00bbcee2-4689-4d67-b699-d22ffd3a74f1/host
Jun 22 04:59:51 gtw01 dnsmasq-dhcp[15668]: read /var/lib/neutron/dhcp/00bbcee2-4689-4d67-b699-d22ffd3a74f1/opts
Jun 22 04:59:51 gtw01 haproxy-metadata-proxy-00bbcee2-4689-4d67-b699-d22ffd3a74f1[22337]: Proxy listener started.
Jun 22 04:59:52 gtw01 kernel: [ 8581.327421] device qr-70ed9127-07 left promiscuous mode
Jun 22 04:59:54 gtw01 kernel: [ 8583.564318] device tapd63f1a27-04 left promiscuous mode
Jun 22 04:59:57 gtw01 kernel: [ 8586.304169] device qg-417231f1-c4 left promiscuous mode
Jun 22 04:59:57 gtw01 dnsmasq[12514]: read /var/lib/neutron/dhcp/0eff4f94-394b-4ee8-953c-8b18b2de6239/addn_hosts - 1 addresses
Jun 22 04:59:57 gtw01 dnsmasq-dhcp[12514]: read /var/lib/neutron/dhcp/0eff4f94-394b-4ee8-953c-8b18b2de6239/host
Jun 22 04:59:57 gtw01 dnsmasq-dhcp[12514]: read /var/lib/neutron/dhcp/0eff4f94-394b-4ee8-953c-8b18b2de6239/opts
Jun 22 04:59:58 gtw01 haproxy-metadata-proxy-0eff4f94-394b-4ee8-953c-8b18b2de6239[22553]: Proxy listener started.
Jun 22 04:59:59 gtw01 kernel: [ 8588.329945] device qr-d46eebf5-3c left promiscuous mode
Jun 22 05:00:00 gtw01 kernel: [ 8589.149952] device qg-7cdcedc8-90 left promiscuous mode
Jun 22 05:00:01 gtw01 kernel: [ 8590.541532] device tap8228f77b-d7 left promiscuous mode
Jun 22 05:00:14 gtw01 dnsmasq[11249]: read /var/lib/neutron/dhcp/74ff03b3-8e77-4b36-a030-d71b4026360c/addn_hosts - 1 addresses
Jun 22 05:00:14 gtw01 dnsmasq-dhcp[11249]: read /var/lib/neutron/dhcp/74ff03b3-8e77-4b36-a030-d71b4026360c/host
Jun 22 05:00:14 gtw01 dnsmasq-dhcp[11249]: read /var/lib/neutron/dhcp/74ff03b3-8e77-4b36-a030-d71b4026360c/opts
Jun 22 05:00:14 gtw01 haproxy-metadata-proxy-74ff03b3-8e77-4b36-a030-d71b4026360c[22706]: Proxy listener started.
Jun 22 05:00:15 gtw01 kernel: [ 8604.518836] device qr-3451f7b0-fd left promiscuous mode
Jun 22 05:00:18 gtw01 kernel: [ 8607.175787] device tapcfa24613-04 left promiscuous mode
Jun 22 05:00:18 gtw01 kernel: [ 8607.322575] device qg-7bd6f861-d1 left promiscuous mode
Jun 22 05:00:30 gtw01 systemd-udevd[22872]: Could not generate persistent MAC address for tapc35d218e-2c: No such file or directory
Jun 22 05:00:30 gtw01 kernel: [ 8619.526197] device tapc35d218e-2c entered promiscuous mode
Jun 22 05:00:30 gtw01 systemd-udevd[22872]: Process '/sbin/ip link set tapc35d218e-2c txqueuelen 10000' failed with exit code 1.
Jun 22 05:00:30 gtw01 systemd-udevd[22922]: Process '/sbin/ip link set tapc35d218e-2c txqueuelen 10000' failed with exit code 1.
Jun 22 05:00:33 gtw01 systemd-udevd[23024]: Could not generate persistent MAC address for qr-c5cc9d25-15: No such file or directory
Jun 22 05:00:33 gtw01 kernel: [ 8622.634229] device qr-c5cc9d25-15 entered promiscuous mode
Jun 22 05:00:33 gtw01 dnsmasq[23082]: started, version 2.80 cachesize 150
Jun 22 05:00:33 gtw01 dnsmasq[23082]: DNS service limited to local subnets
Jun 22 05:00:33 gtw01 dnsmasq[23082]: compile time options: IPv6 GNU-getopt DBus i18n IDN DHCP DHCPv6 no-Lua TFTP conntrack ipset auth DNSSEC loop-detect inotify dumpfile
Jun 22 05:00:33 gtw01 dnsmasq[23082]: warning: no upstream servers configured
Jun 22 05:00:33 gtw01 dnsmasq-dhcp[23082]: DHCP, static leases only on 192.168.120.0, lease time 1h
Jun 22 05:00:33 gtw01 dnsmasq[23082]: read /var/lib/neutron/dhcp/60d67a18-776b-42e6-bc12-ce3b013cc644/addn_hosts - 1 addresses
Jun 22 05:00:33 gtw01 dnsmasq-dhcp[23082]: read /var/lib/neutron/dhcp/60d67a18-776b-42e6-bc12-ce3b013cc644/host
Jun 22 05:00:33 gtw01 dnsmasq-dhcp[23082]: read /var/lib/neutron/dhcp/60d67a18-776b-42e6-bc12-ce3b013cc644/opts
Jun 22 05:00:34 gtw01 haproxy-metadata-proxy-60d67a18-776b-42e6-bc12-ce3b013cc644[23089]: Proxy listener started.
Jun 22 05:00:34 gtw01 dnsmasq[23082]: read /var/lib/neutron/dhcp/60d67a18-776b-42e6-bc12-ce3b013cc644/addn_hosts - 2 addresses
Jun 22 05:00:34 gtw01 dnsmasq-dhcp[23082]: read /var/lib/neutron/dhcp/60d67a18-776b-42e6-bc12-ce3b013cc644/host
Jun 22 05:00:34 gtw01 dnsmasq-dhcp[23082]: read /var/lib/neutron/dhcp/60d67a18-776b-42e6-bc12-ce3b013cc644/opts
Jun 22 05:00:34 gtw01 kernel: [ 8623.789169] device qg-8c2aabd5-90 entered promiscuous mode
Jun 22 05:00:34 gtw01 systemd-udevd[23124]: Could not generate persistent MAC address for qg-8c2aabd5-90: No such file or directory
Jun 22 05:00:35 gtw01 dnsmasq[23082]: read /var/lib/neutron/dhcp/60d67a18-776b-42e6-bc12-ce3b013cc644/addn_hosts - 2 addresses
Jun 22 05:00:35 gtw01 dnsmasq-dhcp[23082]: read /var/lib/neutron/dhcp/60d67a18-776b-42e6-bc12-ce3b013cc644/host
Jun 22 05:00:35 gtw01 dnsmasq-dhcp[23082]: read /var/lib/neutron/dhcp/60d67a18-776b-42e6-bc12-ce3b013cc644/opts
Jun 22 05:00:36 gtw01 dnsmasq[23082]: read /var/lib/neutron/dhcp/60d67a18-776b-42e6-bc12-ce3b013cc644/addn_hosts - 2 addresses
Jun 22 05:00:36 gtw01 dnsmasq-dhcp[23082]: read /var/lib/neutron/dhcp/60d67a18-776b-42e6-bc12-ce3b013cc644/host
Jun 22 05:00:36 gtw01 dnsmasq-dhcp[23082]: read /var/lib/neutron/dhcp/60d67a18-776b-42e6-bc12-ce3b013cc644/opts
Jun 22 05:00:37 gtw01 dnsmasq[23082]: read /var/lib/neutron/dhcp/60d67a18-776b-42e6-bc12-ce3b013cc644/addn_hosts - 2 addresses
Jun 22 05:00:37 gtw01 dnsmasq-dhcp[23082]: read /var/lib/neutron/dhcp/60d67a18-776b-42e6-bc12-ce3b013cc644/host
Jun 22 05:00:37 gtw01 dnsmasq-dhcp[23082]: read /var/lib/neutron/dhcp/60d67a18-776b-42e6-bc12-ce3b013cc644/opts
Jun 22 05:00:38 gtw01 dnsmasq[23082]: read /var/lib/neutron/dhcp/60d67a18-776b-42e6-bc12-ce3b013cc644/addn_hosts - 2 addresses
Jun 22 05:00:38 gtw01 dnsmasq-dhcp[23082]: read /var/lib/neutron/dhcp/60d67a18-776b-42e6-bc12-ce3b013cc644/host
Jun 22 05:00:38 gtw01 dnsmasq-dhcp[23082]: read /var/lib/neutron/dhcp/60d67a18-776b-42e6-bc12-ce3b013cc644/opts
Jun 22 05:00:41 gtw01 haproxy-metadata-proxy-a2501ba5-a033-407e-a3fb-7c0540cbc880[23407]: Proxy listener started.
Jun 22 05:00:42 gtw01 dnsmasq[23082]: read /var/lib/neutron/dhcp/60d67a18-776b-42e6-bc12-ce3b013cc644/addn_hosts - 2 addresses
Jun 22 05:00:42 gtw01 dnsmasq-dhcp[23082]: read /var/lib/neutron/dhcp/60d67a18-776b-42e6-bc12-ce3b013cc644/host
Jun 22 05:00:42 gtw01 dnsmasq-dhcp[23082]: read /var/lib/neutron/dhcp/60d67a18-776b-42e6-bc12-ce3b013cc644/opts
Jun 22 05:00:43 gtw01 dnsmasq[23082]: read /var/lib/neutron/dhcp/60d67a18-776b-42e6-bc12-ce3b013cc644/addn_hosts - 2 addresses
Jun 22 05:00:43 gtw01 dnsmasq-dhcp[23082]: read /var/lib/neutron/dhcp/60d67a18-776b-42e6-bc12-ce3b013cc644/host
Jun 22 05:00:43 gtw01 dnsmasq-dhcp[23082]: read /var/lib/neutron/dhcp/60d67a18-776b-42e6-bc12-ce3b013cc644/opts
Jun 22 05:03:48 gtw01 dnsmasq[23082]: read /var/lib/neutron/dhcp/60d67a18-776b-42e6-bc12-ce3b013cc644/addn_hosts - 3 addresses
Jun 22 05:03:48 gtw01 dnsmasq-dhcp[23082]: read /var/lib/neutron/dhcp/60d67a18-776b-42e6-bc12-ce3b013cc644/host
Jun 22 05:03:48 gtw01 dnsmasq-dhcp[23082]: read /var/lib/neutron/dhcp/60d67a18-776b-42e6-bc12-ce3b013cc644/opts
Jun 22 05:03:49 gtw01 dnsmasq[23082]: read /var/lib/neutron/dhcp/60d67a18-776b-42e6-bc12-ce3b013cc644/addn_hosts - 4 addresses
Jun 22 05:03:49 gtw01 dnsmasq-dhcp[23082]: read /var/lib/neutron/dhcp/60d67a18-776b-42e6-bc12-ce3b013cc644/host
Jun 22 05:03:49 gtw01 dnsmasq-dhcp[23082]: read /var/lib/neutron/dhcp/60d67a18-776b-42e6-bc12-ce3b013cc644/opts
Jun 22 05:03:50 gtw01 dnsmasq[23082]: read /var/lib/neutron/dhcp/60d67a18-776b-42e6-bc12-ce3b013cc644/addn_hosts - 4 addresses
Jun 22 05:03:50 gtw01 dnsmasq-dhcp[23082]: read /var/lib/neutron/dhcp/60d67a18-776b-42e6-bc12-ce3b013cc644/host
Jun 22 05:03:50 gtw01 dnsmasq-dhcp[23082]: read /var/lib/neutron/dhcp/60d67a18-776b-42e6-bc12-ce3b013cc644/opts
Jun 22 05:03:51 gtw01 dnsmasq[23082]: read /var/lib/neutron/dhcp/60d67a18-776b-42e6-bc12-ce3b013cc644/addn_hosts - 5 addresses
Jun 22 05:03:51 gtw01 dnsmasq-dhcp[23082]: read /var/lib/neutron/dhcp/60d67a18-776b-42e6-bc12-ce3b013cc644/host
Jun 22 05:03:51 gtw01 dnsmasq-dhcp[23082]: read /var/lib/neutron/dhcp/60d67a18-776b-42e6-bc12-ce3b013cc644/opts
Jun 22 05:03:52 gtw01 dnsmasq[23082]: read /var/lib/neutron/dhcp/60d67a18-776b-42e6-bc12-ce3b013cc644/addn_hosts - 6 addresses
Jun 22 05:03:52 gtw01 dnsmasq-dhcp[23082]: read /var/lib/neutron/dhcp/60d67a18-776b-42e6-bc12-ce3b013cc644/host
Jun 22 05:03:52 gtw01 dnsmasq-dhcp[23082]: read /var/lib/neutron/dhcp/60d67a18-776b-42e6-bc12-ce3b013cc644/opts
Jun 22 05:03:53 gtw01 dnsmasq[23082]: read /var/lib/neutron/dhcp/60d67a18-776b-42e6-bc12-ce3b013cc644/addn_hosts - 7 addresses
Jun 22 05:03:53 gtw01 dnsmasq-dhcp[23082]: read /var/lib/neutron/dhcp/60d67a18-776b-42e6-bc12-ce3b013cc644/host
Jun 22 05:03:53 gtw01 dnsmasq-dhcp[23082]: read /var/lib/neutron/dhcp/60d67a18-776b-42e6-bc12-ce3b013cc644/opts
Jun 22 05:03:54 gtw01 dnsmasq[23082]: read /var/lib/neutron/dhcp/60d67a18-776b-42e6-bc12-ce3b013cc644/addn_hosts - 7 addresses
Jun 22 05:03:54 gtw01 dnsmasq-dhcp[23082]: read /var/lib/neutron/dhcp/60d67a18-776b-42e6-bc12-ce3b013cc644/host
Jun 22 05:03:54 gtw01 dnsmasq-dhcp[23082]: read /var/lib/neutron/dhcp/60d67a18-776b-42e6-bc12-ce3b013cc644/opts
Jun 22 05:03:55 gtw01 dnsmasq[23082]: read /var/lib/neutron/dhcp/60d67a18-776b-42e6-bc12-ce3b013cc644/addn_hosts - 8 addresses
Jun 22 05:03:55 gtw01 dnsmasq-dhcp[23082]: read /var/lib/neutron/dhcp/60d67a18-776b-42e6-bc12-ce3b013cc644/host
Jun 22 05:03:55 gtw01 dnsmasq-dhcp[23082]: read /var/lib/neutron/dhcp/60d67a18-776b-42e6-bc12-ce3b013cc644/opts
Jun 22 05:03:56 gtw01 dnsmasq[23082]: read /var/lib/neutron/dhcp/60d67a18-776b-42e6-bc12-ce3b013cc644/addn_hosts - 8 addresses
Jun 22 05:03:56 gtw01 dnsmasq-dhcp[23082]: read /var/lib/neutron/dhcp/60d67a18-776b-42e6-bc12-ce3b013cc644/host
Jun 22 05:03:56 gtw01 dnsmasq-dhcp[23082]: read /var/lib/neutron/dhcp/60d67a18-776b-42e6-bc12-ce3b013cc644/opts
Jun 22 05:03:57 gtw01 dnsmasq[23082]: read /var/lib/neutron/dhcp/60d67a18-776b-42e6-bc12-ce3b013cc644/addn_hosts - 9 addresses
Jun 22 05:03:57 gtw01 dnsmasq-dhcp[23082]: read /var/lib/neutron/dhcp/60d67a18-776b-42e6-bc12-ce3b013cc644/host
Jun 22 05:03:57 gtw01 dnsmasq-dhcp[23082]: read /var/lib/neutron/dhcp/60d67a18-776b-42e6-bc12-ce3b013cc644/opts
Jun 22 05:03:58 gtw01 dnsmasq[23082]: read /var/lib/neutron/dhcp/60d67a18-776b-42e6-bc12-ce3b013cc644/addn_hosts - 10 addresses
Jun 22 05:03:58 gtw01 dnsmasq-dhcp[23082]: read /var/lib/neutron/dhcp/60d67a18-776b-42e6-bc12-ce3b013cc644/host
Jun 22 05:03:58 gtw01 dnsmasq-dhcp[23082]: read /var/lib/neutron/dhcp/60d67a18-776b-42e6-bc12-ce3b013cc644/opts
Jun 22 05:03:58 gtw01 dnsmasq[23082]: read /var/lib/neutron/dhcp/60d67a18-776b-42e6-bc12-ce3b013cc644/addn_hosts - 10 addresses
Jun 22 05:03:58 gtw01 dnsmasq-dhcp[23082]: read /var/lib/neutron/dhcp/60d67a18-776b-42e6-bc12-ce3b013cc644/host
Jun 22 05:03:58 gtw01 dnsmasq-dhcp[23082]: read /var/lib/neutron/dhcp/60d67a18-776b-42e6-bc12-ce3b013cc644/opts
Jun 22 05:03:59 gtw01 dnsmasq[23082]: read /var/lib/neutron/dhcp/60d67a18-776b-42e6-bc12-ce3b013cc644/addn_hosts - 10 addresses
Jun 22 05:03:59 gtw01 dnsmasq-dhcp[23082]: read /var/lib/neutron/dhcp/60d67a18-776b-42e6-bc12-ce3b013cc644/host
Jun 22 05:03:59 gtw01 dnsmasq-dhcp[23082]: read /var/lib/neutron/dhcp/60d67a18-776b-42e6-bc12-ce3b013cc644/opts
Jun 22 05:04:00 gtw01 dnsmasq[23082]: read /var/lib/neutron/dhcp/60d67a18-776b-42e6-bc12-ce3b013cc644/addn_hosts - 10 addresses
Jun 22 05:04:00 gtw01 dnsmasq-dhcp[23082]: read /var/lib/neutron/dhcp/60d67a18-776b-42e6-bc12-ce3b013cc644/host
Jun 22 05:04:00 gtw01 dnsmasq-dhcp[23082]: read /var/lib/neutron/dhcp/60d67a18-776b-42e6-bc12-ce3b013cc644/opts
Jun 22 05:04:01 gtw01 dnsmasq[23082]: read /var/lib/neutron/dhcp/60d67a18-776b-42e6-bc12-ce3b013cc644/addn_hosts - 10 addresses
Jun 22 05:04:01 gtw01 dnsmasq-dhcp[23082]: read /var/lib/neutron/dhcp/60d67a18-776b-42e6-bc12-ce3b013cc644/host
Jun 22 05:04:01 gtw01 dnsmasq-dhcp[23082]: read /var/lib/neutron/dhcp/60d67a18-776b-42e6-bc12-ce3b013cc644/opts
Jun 22 05:04:02 gtw01 dnsmasq[23082]: read /var/lib/neutron/dhcp/60d67a18-776b-42e6-bc12-ce3b013cc644/addn_hosts - 10 addresses
Jun 22 05:04:02 gtw01 dnsmasq-dhcp[23082]: read /var/lib/neutron/dhcp/60d67a18-776b-42e6-bc12-ce3b013cc644/host
Jun 22 05:04:02 gtw01 dnsmasq-dhcp[23082]: read /var/lib/neutron/dhcp/60d67a18-776b-42e6-bc12-ce3b013cc644/opts
Jun 22 05:04:03 gtw01 dnsmasq[23082]: read /var/lib/neutron/dhcp/60d67a18-776b-42e6-bc12-ce3b013cc644/addn_hosts - 10 addresses
Jun 22 05:04:03 gtw01 dnsmasq-dhcp[23082]: read /var/lib/neutron/dhcp/60d67a18-776b-42e6-bc12-ce3b013cc644/host
Jun 22 05:04:03 gtw01 dnsmasq-dhcp[23082]: read /var/lib/neutron/dhcp/60d67a18-776b-42e6-bc12-ce3b013cc644/opts
Jun 22 05:04:04 gtw01 dnsmasq[23082]: read /var/lib/neutron/dhcp/60d67a18-776b-42e6-bc12-ce3b013cc644/addn_hosts - 10 addresses
Jun 22 05:04:04 gtw01 dnsmasq-dhcp[23082]: read /var/lib/neutron/dhcp/60d67a18-776b-42e6-bc12-ce3b013cc644/host
Jun 22 05:04:04 gtw01 dnsmasq-dhcp[23082]: read /var/lib/neutron/dhcp/60d67a18-776b-42e6-bc12-ce3b013cc644/opts
Jun 22 05:04:05 gtw01 dnsmasq[23082]: read /var/lib/neutron/dhcp/60d67a18-776b-42e6-bc12-ce3b013cc644/addn_hosts - 10 addresses
Jun 22 05:04:05 gtw01 dnsmasq-dhcp[23082]: read /var/lib/neutron/dhcp/60d67a18-776b-42e6-bc12-ce3b013cc644/host
Jun 22 05:04:05 gtw01 dnsmasq-dhcp[23082]: read /var/lib/neutron/dhcp/60d67a18-776b-42e6-bc12-ce3b013cc644/opts
Jun 22 05:04:06 gtw01 dnsmasq[23082]: read /var/lib/neutron/dhcp/60d67a18-776b-42e6-bc12-ce3b013cc644/addn_hosts - 10 addresses
Jun 22 05:04:06 gtw01 dnsmasq-dhcp[23082]: read /var/lib/neutron/dhcp/60d67a18-776b-42e6-bc12-ce3b013cc644/host
Jun 22 05:04:06 gtw01 dnsmasq-dhcp[23082]: read /var/lib/neutron/dhcp/60d67a18-776b-42e6-bc12-ce3b013cc644/opts
Jun 22 05:04:07 gtw01 dnsmasq-dhcp[23082]: DHCPDISCOVER(tapc35d218e-2c) fa:16:3e:d3:27:28
Jun 22 05:04:07 gtw01 dnsmasq-dhcp[23082]: DHCPOFFER(tapc35d218e-2c) 192.168.120.17 fa:16:3e:d3:27:28
Jun 22 05:04:07 gtw01 dnsmasq-dhcp[23082]: DHCPREQUEST(tapc35d218e-2c) 192.168.120.17 fa:16:3e:d3:27:28
Jun 22 05:04:07 gtw01 dnsmasq-dhcp[23082]: DHCPACK(tapc35d218e-2c) 192.168.120.17 fa:16:3e:d3:27:28 host-192-168-120-17
Jun 22 05:04:07 gtw01 dnsmasq-dhcp[23082]: DHCPDISCOVER(tapc35d218e-2c) fa:16:3e:7b:7b:ee
Jun 22 05:04:07 gtw01 dnsmasq-dhcp[23082]: DHCPOFFER(tapc35d218e-2c) 192.168.120.9 fa:16:3e:7b:7b:ee
Jun 22 05:04:07 gtw01 dnsmasq-dhcp[23082]: DHCPREQUEST(tapc35d218e-2c) 192.168.120.9 fa:16:3e:7b:7b:ee
Jun 22 05:04:07 gtw01 dnsmasq-dhcp[23082]: DHCPACK(tapc35d218e-2c) 192.168.120.9 fa:16:3e:7b:7b:ee host-192-168-120-9
Jun 22 05:04:07 gtw01 dnsmasq[23082]: read /var/lib/neutron/dhcp/60d67a18-776b-42e6-bc12-ce3b013cc644/addn_hosts - 10 addresses
Jun 22 05:04:07 gtw01 dnsmasq-dhcp[23082]: read /var/lib/neutron/dhcp/60d67a18-776b-42e6-bc12-ce3b013cc644/host
Jun 22 05:04:07 gtw01 dnsmasq-dhcp[23082]: read /var/lib/neutron/dhcp/60d67a18-776b-42e6-bc12-ce3b013cc644/opts
Jun 22 05:04:08 gtw01 dnsmasq[23082]: read /var/lib/neutron/dhcp/60d67a18-776b-42e6-bc12-ce3b013cc644/addn_hosts - 10 addresses
Jun 22 05:04:08 gtw01 dnsmasq-dhcp[23082]: read /var/lib/neutron/dhcp/60d67a18-776b-42e6-bc12-ce3b013cc644/host
Jun 22 05:04:08 gtw01 dnsmasq-dhcp[23082]: read /var/lib/neutron/dhcp/60d67a18-776b-42e6-bc12-ce3b013cc644/opts
Jun 22 05:04:09 gtw01 dnsmasq[23082]: read /var/lib/neutron/dhcp/60d67a18-776b-42e6-bc12-ce3b013cc644/addn_hosts - 10 addresses
Jun 22 05:04:09 gtw01 dnsmasq-dhcp[23082]: read /var/lib/neutron/dhcp/60d67a18-776b-42e6-bc12-ce3b013cc644/host
Jun 22 05:04:09 gtw01 dnsmasq-dhcp[23082]: read /var/lib/neutron/dhcp/60d67a18-776b-42e6-bc12-ce3b013cc644/opts
Jun 22 05:04:10 gtw01 dnsmasq[23082]: read /var/lib/neutron/dhcp/60d67a18-776b-42e6-bc12-ce3b013cc644/addn_hosts - 10 addresses
Jun 22 05:04:10 gtw01 dnsmasq-dhcp[23082]: read /var/lib/neutron/dhcp/60d67a18-776b-42e6-bc12-ce3b013cc644/host
Jun 22 05:04:10 gtw01 dnsmasq-dhcp[23082]: read /var/lib/neutron/dhcp/60d67a18-776b-42e6-bc12-ce3b013cc644/opts
Jun 22 05:04:11 gtw01 dnsmasq-dhcp[23082]: DHCPDISCOVER(tapc35d218e-2c) fa:16:3e:ea:0e:55
Jun 22 05:04:11 gtw01 dnsmasq-dhcp[23082]: DHCPOFFER(tapc35d218e-2c) 192.168.120.11 fa:16:3e:ea:0e:55
Jun 22 05:04:11 gtw01 dnsmasq-dhcp[23082]: DHCPREQUEST(tapc35d218e-2c) 192.168.120.11 fa:16:3e:ea:0e:55
Jun 22 05:04:11 gtw01 dnsmasq-dhcp[23082]: DHCPACK(tapc35d218e-2c) 192.168.120.11 fa:16:3e:ea:0e:55 host-192-168-120-11
Jun 22 05:04:12 gtw01 dnsmasq[23082]: read /var/lib/neutron/dhcp/60d67a18-776b-42e6-bc12-ce3b013cc644/addn_hosts - 11 addresses
Jun 22 05:04:12 gtw01 dnsmasq-dhcp[23082]: read /var/lib/neutron/dhcp/60d67a18-776b-42e6-bc12-ce3b013cc644/host
Jun 22 05:04:12 gtw01 dnsmasq-dhcp[23082]: read /var/lib/neutron/dhcp/60d67a18-776b-42e6-bc12-ce3b013cc644/opts
Jun 22 05:04:13 gtw01 dnsmasq-dhcp[23082]: DHCPDISCOVER(tapc35d218e-2c) fa:16:3e:11:07:f3
Jun 22 05:04:13 gtw01 dnsmasq-dhcp[23082]: DHCPOFFER(tapc35d218e-2c) 192.168.120.3 fa:16:3e:11:07:f3
Jun 22 05:04:13 gtw01 dnsmasq-dhcp[23082]: DHCPREQUEST(tapc35d218e-2c) 192.168.120.3 fa:16:3e:11:07:f3
Jun 22 05:04:13 gtw01 dnsmasq-dhcp[23082]: DHCPACK(tapc35d218e-2c) 192.168.120.3 fa:16:3e:11:07:f3 host-192-168-120-3
Jun 22 05:04:13 gtw01 dnsmasq-dhcp[23082]: DHCPDISCOVER(tapc35d218e-2c) fa:16:3e:b5:65:c9
Jun 22 05:04:13 gtw01 dnsmasq-dhcp[23082]: DHCPOFFER(tapc35d218e-2c) 192.168.120.13 fa:16:3e:b5:65:c9
Jun 22 05:04:13 gtw01 dnsmasq-dhcp[23082]: DHCPREQUEST(tapc35d218e-2c) 192.168.120.13 fa:16:3e:b5:65:c9
Jun 22 05:04:13 gtw01 dnsmasq-dhcp[23082]: DHCPACK(tapc35d218e-2c) 192.168.120.13 fa:16:3e:b5:65:c9 host-192-168-120-13
Jun 22 05:04:15 gtw01 dnsmasq[23082]: read /var/lib/neutron/dhcp/60d67a18-776b-42e6-bc12-ce3b013cc644/addn_hosts - 11 addresses
Jun 22 05:04:15 gtw01 dnsmasq-dhcp[23082]: read /var/lib/neutron/dhcp/60d67a18-776b-42e6-bc12-ce3b013cc644/host
Jun 22 05:04:15 gtw01 dnsmasq-dhcp[23082]: read /var/lib/neutron/dhcp/60d67a18-776b-42e6-bc12-ce3b013cc644/opts
Jun 22 05:04:15 gtw01 dnsmasq-dhcp[23082]: DHCPDISCOVER(tapc35d218e-2c) fa:16:3e:b4:1f:9b
Jun 22 05:04:15 gtw01 dnsmasq-dhcp[23082]: DHCPOFFER(tapc35d218e-2c) 192.168.120.29 fa:16:3e:b4:1f:9b
Jun 22 05:04:15 gtw01 dnsmasq-dhcp[23082]: DHCPREQUEST(tapc35d218e-2c) 192.168.120.29 fa:16:3e:b4:1f:9b
Jun 22 05:04:15 gtw01 dnsmasq-dhcp[23082]: DHCPACK(tapc35d218e-2c) 192.168.120.29 fa:16:3e:b4:1f:9b host-192-168-120-29
