Jun 22 03:50:38 gtw01 dnsmasq-dhcp[25803]: read /var/lib/neutron/dhcp/64780689-ae3a-4228-bed1-4260e906f90e/host
Jun 22 03:50:38 gtw01 dnsmasq-dhcp[25803]: read /var/lib/neutron/dhcp/64780689-ae3a-4228-bed1-4260e906f90e/opts
Jun 22 03:50:39 gtw01 dnsmasq[25803]: read /var/lib/neutron/dhcp/64780689-ae3a-4228-bed1-4260e906f90e/addn_hosts - 1 addresses
Jun 22 03:50:39 gtw01 dnsmasq-dhcp[25803]: read /var/lib/neutron/dhcp/64780689-ae3a-4228-bed1-4260e906f90e/host
Jun 22 03:50:39 gtw01 dnsmasq-dhcp[25803]: read /var/lib/neutron/dhcp/64780689-ae3a-4228-bed1-4260e906f90e/opts
Jun 22 03:50:39 gtw01 systemd-udevd[26083]: Could not generate persistent MAC address for qg-34aaa063-cf: No such file or directory
Jun 22 03:50:39 gtw01 kernel: [ 4428.379014] device qg-34aaa063-cf entered promiscuous mode
Jun 22 03:50:40 gtw01 dnsmasq[25803]: read /var/lib/neutron/dhcp/64780689-ae3a-4228-bed1-4260e906f90e/addn_hosts - 2 addresses
Jun 22 03:50:40 gtw01 dnsmasq-dhcp[25803]: read /var/lib/neutron/dhcp/64780689-ae3a-4228-bed1-4260e906f90e/host
Jun 22 03:50:40 gtw01 dnsmasq-dhcp[25803]: read /var/lib/neutron/dhcp/64780689-ae3a-4228-bed1-4260e906f90e/opts
Jun 22 03:50:41 gtw01 dnsmasq[26265]: started, version 2.80 cachesize 150
Jun 22 03:50:41 gtw01 dnsmasq[26265]: DNS service limited to local subnets
Jun 22 03:50:41 gtw01 dnsmasq[26265]: compile time options: IPv6 GNU-getopt DBus i18n IDN DHCP DHCPv6 no-Lua TFTP conntrack ipset auth DNSSEC loop-detect inotify dumpfile
Jun 22 03:50:41 gtw01 dnsmasq[26265]: warning: no upstream servers configured
Jun 22 03:50:41 gtw01 dnsmasq-dhcp[26265]: DHCP, static leases only on 192.168.120.0, lease time 1h
Jun 22 03:50:41 gtw01 dnsmasq[26265]: read /var/lib/neutron/dhcp/af1cfdd3-04bb-48d2-a92f-16656519737a/addn_hosts - 1 addresses
Jun 22 03:50:41 gtw01 dnsmasq-dhcp[26265]: read /var/lib/neutron/dhcp/af1cfdd3-04bb-48d2-a92f-16656519737a/host
Jun 22 03:50:41 gtw01 dnsmasq-dhcp[26265]: read /var/lib/neutron/dhcp/af1cfdd3-04bb-48d2-a92f-16656519737a/opts
Jun 22 03:50:41 gtw01 dnsmasq-dhcp[24775]: DHCPRELEASE(tap7f66e9eb-0e) 192.168.120.3 fa:16:3e:10:42:62
Jun 22 03:50:41 gtw01 haproxy-metadata-proxy-af1cfdd3-04bb-48d2-a92f-16656519737a[26292]: Proxy listener started.
Jun 22 03:50:42 gtw01 dnsmasq[26297]: started, version 2.80 cachesize 150
Jun 22 03:50:42 gtw01 dnsmasq[26297]: DNS service limited to local subnets
Jun 22 03:50:42 gtw01 dnsmasq[26297]: compile time options: IPv6 GNU-getopt DBus i18n IDN DHCP DHCPv6 no-Lua TFTP conntrack ipset auth DNSSEC loop-detect inotify dumpfile
Jun 22 03:50:42 gtw01 dnsmasq[26297]: warning: no upstream servers configured
Jun 22 03:50:42 gtw01 dnsmasq-dhcp[26297]: DHCP, static leases only on 192.168.121.0, lease time 1h
Jun 22 03:50:42 gtw01 dnsmasq[26297]: read /var/lib/neutron/dhcp/5e185274-12cb-4320-9ac9-a3891fcf673f/addn_hosts - 1 addresses
Jun 22 03:50:42 gtw01 dnsmasq-dhcp[26297]: read /var/lib/neutron/dhcp/5e185274-12cb-4320-9ac9-a3891fcf673f/host
Jun 22 03:50:42 gtw01 dnsmasq-dhcp[26297]: read /var/lib/neutron/dhcp/5e185274-12cb-4320-9ac9-a3891fcf673f/opts
Jun 22 03:50:42 gtw01 dnsmasq-dhcp[24775]: DHCPRELEASE(tap7f66e9eb-0e) 192.168.120.3 fa:16:3e:10:42:62 unknown lease
Jun 22 03:50:43 gtw01 haproxy-metadata-proxy-5e185274-12cb-4320-9ac9-a3891fcf673f[26337]: Proxy listener started.
Jun 22 03:50:43 gtw01 dnsmasq[26265]: read /var/lib/neutron/dhcp/af1cfdd3-04bb-48d2-a92f-16656519737a/addn_hosts - 2 addresses
Jun 22 03:50:43 gtw01 dnsmasq-dhcp[26265]: read /var/lib/neutron/dhcp/af1cfdd3-04bb-48d2-a92f-16656519737a/host
Jun 22 03:50:43 gtw01 dnsmasq-dhcp[26265]: read /var/lib/neutron/dhcp/af1cfdd3-04bb-48d2-a92f-16656519737a/opts
Jun 22 03:50:43 gtw01 dnsmasq[25803]: read /var/lib/neutron/dhcp/64780689-ae3a-4228-bed1-4260e906f90e/addn_hosts - 2 addresses
Jun 22 03:50:43 gtw01 dnsmasq-dhcp[25803]: read /var/lib/neutron/dhcp/64780689-ae3a-4228-bed1-4260e906f90e/host
Jun 22 03:50:43 gtw01 dnsmasq-dhcp[25803]: read /var/lib/neutron/dhcp/64780689-ae3a-4228-bed1-4260e906f90e/opts
Jun 22 03:50:46 gtw01 dnsmasq[24775]: read /var/lib/neutron/dhcp/7bbc34df-b9bc-4244-8290-8b0615e461fd/addn_hosts - 2 addresses
Jun 22 03:50:46 gtw01 dnsmasq-dhcp[24775]: read /var/lib/neutron/dhcp/7bbc34df-b9bc-4244-8290-8b0615e461fd/host
Jun 22 03:50:46 gtw01 dnsmasq-dhcp[24775]: read /var/lib/neutron/dhcp/7bbc34df-b9bc-4244-8290-8b0615e461fd/opts
Jun 22 03:50:47 gtw01 dnsmasq[26297]: read /var/lib/neutron/dhcp/5e185274-12cb-4320-9ac9-a3891fcf673f/addn_hosts - 2 addresses
Jun 22 03:50:47 gtw01 dnsmasq-dhcp[26297]: read /var/lib/neutron/dhcp/5e185274-12cb-4320-9ac9-a3891fcf673f/host
Jun 22 03:50:47 gtw01 dnsmasq-dhcp[26297]: read /var/lib/neutron/dhcp/5e185274-12cb-4320-9ac9-a3891fcf673f/opts
Jun 22 03:50:47 gtw01 systemd-udevd[26474]: Could not generate persistent MAC address for tapa5b30046-c9: No such file or directory
Jun 22 03:50:47 gtw01 kernel: [ 4436.416393] device tapa5b30046-c9 entered promiscuous mode
Jun 22 03:50:47 gtw01 systemd-udevd[26474]: Process '/sbin/ip link set tapa5b30046-c9 txqueuelen 10000' failed with exit code 1.
Jun 22 03:50:47 gtw01 systemd-udevd[26474]: Process '/sbin/ip link set tapa5b30046-c9 txqueuelen 10000' failed with exit code 1.
Jun 22 03:50:48 gtw01 dnsmasq[25803]: read /var/lib/neutron/dhcp/64780689-ae3a-4228-bed1-4260e906f90e/addn_hosts - 2 addresses
Jun 22 03:50:48 gtw01 dnsmasq-dhcp[25803]: read /var/lib/neutron/dhcp/64780689-ae3a-4228-bed1-4260e906f90e/host
Jun 22 03:50:48 gtw01 dnsmasq-dhcp[25803]: read /var/lib/neutron/dhcp/64780689-ae3a-4228-bed1-4260e906f90e/opts
Jun 22 03:50:48 gtw01 dnsmasq[24775]: read /var/lib/neutron/dhcp/7bbc34df-b9bc-4244-8290-8b0615e461fd/addn_hosts - 1 addresses
Jun 22 03:50:48 gtw01 dnsmasq-dhcp[24775]: read /var/lib/neutron/dhcp/7bbc34df-b9bc-4244-8290-8b0615e461fd/host
Jun 22 03:50:48 gtw01 dnsmasq-dhcp[24775]: read /var/lib/neutron/dhcp/7bbc34df-b9bc-4244-8290-8b0615e461fd/opts
Jun 22 03:50:48 gtw01 dnsmasq[26265]: read /var/lib/neutron/dhcp/af1cfdd3-04bb-48d2-a92f-16656519737a/addn_hosts - 2 addresses
Jun 22 03:50:48 gtw01 dnsmasq-dhcp[26265]: read /var/lib/neutron/dhcp/af1cfdd3-04bb-48d2-a92f-16656519737a/host
Jun 22 03:50:48 gtw01 dnsmasq-dhcp[26265]: read /var/lib/neutron/dhcp/af1cfdd3-04bb-48d2-a92f-16656519737a/opts
Jun 22 03:50:49 gtw01 dnsmasq[26297]: read /var/lib/neutron/dhcp/5e185274-12cb-4320-9ac9-a3891fcf673f/addn_hosts - 2 addresses
Jun 22 03:50:49 gtw01 dnsmasq-dhcp[26297]: read /var/lib/neutron/dhcp/5e185274-12cb-4320-9ac9-a3891fcf673f/host
Jun 22 03:50:49 gtw01 dnsmasq-dhcp[26297]: read /var/lib/neutron/dhcp/5e185274-12cb-4320-9ac9-a3891fcf673f/opts
Jun 22 03:50:49 gtw01 haproxy-metadata-proxy-7bbc34df-b9bc-4244-8290-8b0615e461fd[26707]: Proxy listener started.
Jun 22 03:50:50 gtw01 dnsmasq[25803]: read /var/lib/neutron/dhcp/64780689-ae3a-4228-bed1-4260e906f90e/addn_hosts - 3 addresses
Jun 22 03:50:50 gtw01 dnsmasq-dhcp[25803]: read /var/lib/neutron/dhcp/64780689-ae3a-4228-bed1-4260e906f90e/host
Jun 22 03:50:50 gtw01 dnsmasq-dhcp[25803]: read /var/lib/neutron/dhcp/64780689-ae3a-4228-bed1-4260e906f90e/opts
Jun 22 03:50:50 gtw01 kernel: [ 4438.914969] device qr-dbf6241f-1f left promiscuous mode
Jun 22 03:50:50 gtw01 dnsmasq[26265]: read /var/lib/neutron/dhcp/af1cfdd3-04bb-48d2-a92f-16656519737a/addn_hosts - 2 addresses
Jun 22 03:50:50 gtw01 dnsmasq-dhcp[26265]: read /var/lib/neutron/dhcp/af1cfdd3-04bb-48d2-a92f-16656519737a/host
Jun 22 03:50:50 gtw01 dnsmasq-dhcp[26265]: read /var/lib/neutron/dhcp/af1cfdd3-04bb-48d2-a92f-16656519737a/opts
Jun 22 03:50:50 gtw01 kernel: [ 4439.878366] device qg-206d5e49-2a left promiscuous mode
Jun 22 03:50:51 gtw01 dnsmasq[26297]: read /var/lib/neutron/dhcp/5e185274-12cb-4320-9ac9-a3891fcf673f/addn_hosts - 2 addresses
Jun 22 03:50:51 gtw01 dnsmasq-dhcp[26297]: read /var/lib/neutron/dhcp/5e185274-12cb-4320-9ac9-a3891fcf673f/host
Jun 22 03:50:51 gtw01 dnsmasq-dhcp[26297]: read /var/lib/neutron/dhcp/5e185274-12cb-4320-9ac9-a3891fcf673f/opts
Jun 22 03:50:51 gtw01 haproxy-metadata-proxy-61e83fe4-dc03-475d-a97b-ee99052ba890[26820]: Proxy listener started.
Jun 22 03:50:51 gtw01 dnsmasq[25803]: read /var/lib/neutron/dhcp/64780689-ae3a-4228-bed1-4260e906f90e/addn_hosts - 3 addresses
Jun 22 03:50:51 gtw01 dnsmasq-dhcp[25803]: read /var/lib/neutron/dhcp/64780689-ae3a-4228-bed1-4260e906f90e/host
Jun 22 03:50:51 gtw01 dnsmasq-dhcp[25803]: read /var/lib/neutron/dhcp/64780689-ae3a-4228-bed1-4260e906f90e/opts
Jun 22 03:50:52 gtw01 dnsmasq[26265]: read /var/lib/neutron/dhcp/af1cfdd3-04bb-48d2-a92f-16656519737a/addn_hosts - 2 addresses
Jun 22 03:50:52 gtw01 dnsmasq-dhcp[26265]: read /var/lib/neutron/dhcp/af1cfdd3-04bb-48d2-a92f-16656519737a/host
Jun 22 03:50:52 gtw01 dnsmasq-dhcp[26265]: read /var/lib/neutron/dhcp/af1cfdd3-04bb-48d2-a92f-16656519737a/opts
Jun 22 03:50:52 gtw01 kernel: [ 4441.349752] device tap93460458-3b left promiscuous mode
Jun 22 03:50:52 gtw01 dnsmasq[26928]: started, version 2.80 cachesize 150
Jun 22 03:50:52 gtw01 dnsmasq[26928]: DNS service limited to local subnets
Jun 22 03:50:52 gtw01 dnsmasq[26928]: compile time options: IPv6 GNU-getopt DBus i18n IDN DHCP DHCPv6 no-Lua TFTP conntrack ipset auth DNSSEC loop-detect inotify dumpfile
Jun 22 03:50:52 gtw01 dnsmasq[26928]: warning: no upstream servers configured
Jun 22 03:50:52 gtw01 dnsmasq-dhcp[26928]: DHCP, static leases only on 192.168.120.0, lease time 1h
Jun 22 03:50:52 gtw01 dnsmasq[26928]: read /var/lib/neutron/dhcp/99bcbacf-c742-4ed7-b351-d5dddf57976f/addn_hosts - 1 addresses
Jun 22 03:50:52 gtw01 dnsmasq-dhcp[26928]: read /var/lib/neutron/dhcp/99bcbacf-c742-4ed7-b351-d5dddf57976f/host
Jun 22 03:50:52 gtw01 dnsmasq-dhcp[26928]: read /var/lib/neutron/dhcp/99bcbacf-c742-4ed7-b351-d5dddf57976f/opts
Jun 22 03:50:52 gtw01 dnsmasq[25803]: read /var/lib/neutron/dhcp/64780689-ae3a-4228-bed1-4260e906f90e/addn_hosts - 3 addresses
Jun 22 03:50:52 gtw01 dnsmasq-dhcp[25803]: read /var/lib/neutron/dhcp/64780689-ae3a-4228-bed1-4260e906f90e/host
Jun 22 03:50:52 gtw01 dnsmasq-dhcp[25803]: read /var/lib/neutron/dhcp/64780689-ae3a-4228-bed1-4260e906f90e/opts
Jun 22 03:50:53 gtw01 haproxy-metadata-proxy-99bcbacf-c742-4ed7-b351-d5dddf57976f[26945]: Proxy listener started.
Jun 22 03:50:53 gtw01 kernel: [ 4442.476474] device tap98dff197-91 left promiscuous mode
Jun 22 03:50:54 gtw01 kernel: [ 4442.901926] device tapa5b30046-c9 left promiscuous mode
Jun 22 03:50:54 gtw01 kernel: [ 4443.257994] device tap7f66e9eb-0e left promiscuous mode
Jun 22 03:50:55 gtw01 dnsmasq[25803]: read /var/lib/neutron/dhcp/64780689-ae3a-4228-bed1-4260e906f90e/addn_hosts - 3 addresses
Jun 22 03:50:55 gtw01 dnsmasq-dhcp[25803]: read /var/lib/neutron/dhcp/64780689-ae3a-4228-bed1-4260e906f90e/host
Jun 22 03:50:55 gtw01 dnsmasq-dhcp[25803]: read /var/lib/neutron/dhcp/64780689-ae3a-4228-bed1-4260e906f90e/opts
Jun 22 03:50:56 gtw01 kernel: [ 4445.312469] device qr-2b7cc83d-95 entered promiscuous mode
Jun 22 03:50:56 gtw01 systemd-udevd[27053]: Could not generate persistent MAC address for qr-2b7cc83d-95: No such file or directory
Jun 22 03:50:56 gtw01 dnsmasq[25803]: read /var/lib/neutron/dhcp/64780689-ae3a-4228-bed1-4260e906f90e/addn_hosts - 3 addresses
Jun 22 03:50:56 gtw01 dnsmasq-dhcp[25803]: read /var/lib/neutron/dhcp/64780689-ae3a-4228-bed1-4260e906f90e/host
Jun 22 03:50:56 gtw01 dnsmasq-dhcp[25803]: read /var/lib/neutron/dhcp/64780689-ae3a-4228-bed1-4260e906f90e/opts
Jun 22 03:51:00 gtw01 systemd-udevd[27281]: Could not generate persistent MAC address for tap9040253d-1f: No such file or directory
Jun 22 03:51:00 gtw01 kernel: [ 4449.691810] device tap9040253d-1f entered promiscuous mode
Jun 22 03:51:00 gtw01 systemd-udevd[27327]: Process '/sbin/ip link set tap9040253d-1f txqueuelen 10000' failed with exit code 1.
Jun 22 03:51:02 gtw01 kernel: [ 4451.002871] device tapa8e4a211-80 entered promiscuous mode
Jun 22 03:51:02 gtw01 systemd-udevd[27385]: Could not generate persistent MAC address for tapa8e4a211-80: No such file or directory
Jun 22 03:51:02 gtw01 systemd-udevd[27385]: Process '/sbin/ip link set tapa8e4a211-80 txqueuelen 10000' failed with exit code 1.
Jun 22 03:51:02 gtw01 systemd-udevd[27437]: Process '/sbin/ip link set tapa8e4a211-80 txqueuelen 10000' failed with exit code 1.
Jun 22 03:51:04 gtw01 dnsmasq[27570]: started, version 2.80 cachesize 150
Jun 22 03:51:04 gtw01 dnsmasq[27570]: DNS service limited to local subnets
Jun 22 03:51:04 gtw01 dnsmasq[27570]: compile time options: IPv6 GNU-getopt DBus i18n IDN DHCP DHCPv6 no-Lua TFTP conntrack ipset auth DNSSEC loop-detect inotify dumpfile
Jun 22 03:51:04 gtw01 dnsmasq[27570]: warning: no upstream servers configured
Jun 22 03:51:04 gtw01 dnsmasq-dhcp[27570]: DHCP, static leases only on 192.168.120.0, lease time 1h
Jun 22 03:51:04 gtw01 dnsmasq[27570]: read /var/lib/neutron/dhcp/46ba7d81-74c2-4284-8a10-426f87fead43/addn_hosts - 1 addresses
Jun 22 03:51:04 gtw01 dnsmasq-dhcp[27570]: read /var/lib/neutron/dhcp/46ba7d81-74c2-4284-8a10-426f87fead43/host
Jun 22 03:51:04 gtw01 dnsmasq-dhcp[27570]: read /var/lib/neutron/dhcp/46ba7d81-74c2-4284-8a10-426f87fead43/opts
Jun 22 03:51:04 gtw01 dnsmasq-dhcp[25803]: DHCPDISCOVER(tap91292c01-be) fa:16:3e:11:a2:4e
Jun 22 03:51:04 gtw01 dnsmasq-dhcp[25803]: DHCPOFFER(tap91292c01-be) 192.168.120.6 fa:16:3e:11:a2:4e
Jun 22 03:51:04 gtw01 dnsmasq-dhcp[25803]: DHCPREQUEST(tap91292c01-be) 192.168.120.6 fa:16:3e:11:a2:4e
Jun 22 03:51:04 gtw01 dnsmasq-dhcp[25803]: DHCPACK(tap91292c01-be) 192.168.120.6 fa:16:3e:11:a2:4e host-192-168-120-6
Jun 22 03:51:04 gtw01 haproxy-metadata-proxy-46ba7d81-74c2-4284-8a10-426f87fead43[27585]: Proxy listener started.
Jun 22 03:51:05 gtw01 dnsmasq[27570]: read /var/lib/neutron/dhcp/46ba7d81-74c2-4284-8a10-426f87fead43/addn_hosts - 2 addresses
Jun 22 03:51:05 gtw01 dnsmasq-dhcp[27570]: read /var/lib/neutron/dhcp/46ba7d81-74c2-4284-8a10-426f87fead43/host
Jun 22 03:51:05 gtw01 dnsmasq-dhcp[27570]: read /var/lib/neutron/dhcp/46ba7d81-74c2-4284-8a10-426f87fead43/opts
Jun 22 03:51:05 gtw01 dnsmasq[27649]: started, version 2.80 cachesize 150
Jun 22 03:51:05 gtw01 dnsmasq[27649]: DNS service limited to local subnets
Jun 22 03:51:05 gtw01 dnsmasq[27649]: compile time options: IPv6 GNU-getopt DBus i18n IDN DHCP DHCPv6 no-Lua TFTP conntrack ipset auth DNSSEC loop-detect inotify dumpfile
Jun 22 03:51:05 gtw01 dnsmasq[27649]: warning: no upstream servers configured
Jun 22 03:51:05 gtw01 dnsmasq-dhcp[27649]: DHCP, static leases only on 192.168.120.0, lease time 1h
Jun 22 03:51:05 gtw01 dnsmasq[27649]: read /var/lib/neutron/dhcp/bcfe518d-2897-4020-ba4e-94c5b7342831/addn_hosts - 1 addresses
Jun 22 03:51:05 gtw01 dnsmasq-dhcp[27649]: read /var/lib/neutron/dhcp/bcfe518d-2897-4020-ba4e-94c5b7342831/host
Jun 22 03:51:05 gtw01 dnsmasq-dhcp[27649]: read /var/lib/neutron/dhcp/bcfe518d-2897-4020-ba4e-94c5b7342831/opts
Jun 22 03:51:05 gtw01 haproxy-metadata-proxy-bcfe518d-2897-4020-ba4e-94c5b7342831[27660]: Proxy listener started.
Jun 22 03:51:06 gtw01 dnsmasq[27570]: read /var/lib/neutron/dhcp/46ba7d81-74c2-4284-8a10-426f87fead43/addn_hosts - 2 addresses
Jun 22 03:51:06 gtw01 dnsmasq-dhcp[27570]: read /var/lib/neutron/dhcp/46ba7d81-74c2-4284-8a10-426f87fead43/host
Jun 22 03:51:06 gtw01 dnsmasq-dhcp[27570]: read /var/lib/neutron/dhcp/46ba7d81-74c2-4284-8a10-426f87fead43/opts
Jun 22 03:51:06 gtw01 systemd-udevd[27682]: Could not generate persistent MAC address for qg-44546634-0b: No such file or directory
Jun 22 03:51:06 gtw01 kernel: [ 4455.184454] device qg-44546634-0b entered promiscuous mode
Jun 22 03:51:06 gtw01 dnsmasq[27649]: read /var/lib/neutron/dhcp/bcfe518d-2897-4020-ba4e-94c5b7342831/addn_hosts - 2 addresses
Jun 22 03:51:06 gtw01 dnsmasq-dhcp[27649]: read /var/lib/neutron/dhcp/bcfe518d-2897-4020-ba4e-94c5b7342831/host
Jun 22 03:51:06 gtw01 dnsmasq-dhcp[27649]: read /var/lib/neutron/dhcp/bcfe518d-2897-4020-ba4e-94c5b7342831/opts
Jun 22 03:51:07 gtw01 dnsmasq[27570]: read /var/lib/neutron/dhcp/46ba7d81-74c2-4284-8a10-426f87fead43/addn_hosts - 2 addresses
Jun 22 03:51:07 gtw01 dnsmasq-dhcp[27570]: read /var/lib/neutron/dhcp/46ba7d81-74c2-4284-8a10-426f87fead43/host
Jun 22 03:51:07 gtw01 dnsmasq-dhcp[27570]: read /var/lib/neutron/dhcp/46ba7d81-74c2-4284-8a10-426f87fead43/opts
Jun 22 03:51:08 gtw01 dnsmasq[27649]: read /var/lib/neutron/dhcp/bcfe518d-2897-4020-ba4e-94c5b7342831/addn_hosts - 2 addresses
Jun 22 03:51:08 gtw01 dnsmasq-dhcp[27649]: read /var/lib/neutron/dhcp/bcfe518d-2897-4020-ba4e-94c5b7342831/host
Jun 22 03:51:08 gtw01 dnsmasq-dhcp[27649]: read /var/lib/neutron/dhcp/bcfe518d-2897-4020-ba4e-94c5b7342831/opts
Jun 22 03:51:08 gtw01 dnsmasq[27570]: read /var/lib/neutron/dhcp/46ba7d81-74c2-4284-8a10-426f87fead43/addn_hosts - 2 addresses
Jun 22 03:51:08 gtw01 dnsmasq-dhcp[27570]: read /var/lib/neutron/dhcp/46ba7d81-74c2-4284-8a10-426f87fead43/host
Jun 22 03:51:08 gtw01 dnsmasq-dhcp[27570]: read /var/lib/neutron/dhcp/46ba7d81-74c2-4284-8a10-426f87fead43/opts
Jun 22 03:51:09 gtw01 dnsmasq[27649]: read /var/lib/neutron/dhcp/bcfe518d-2897-4020-ba4e-94c5b7342831/addn_hosts - 2 addresses
Jun 22 03:51:09 gtw01 dnsmasq-dhcp[27649]: read /var/lib/neutron/dhcp/bcfe518d-2897-4020-ba4e-94c5b7342831/host
Jun 22 03:51:09 gtw01 dnsmasq-dhcp[27649]: read /var/lib/neutron/dhcp/bcfe518d-2897-4020-ba4e-94c5b7342831/opts
Jun 22 03:51:09 gtw01 dnsmasq[27570]: read /var/lib/neutron/dhcp/46ba7d81-74c2-4284-8a10-426f87fead43/addn_hosts - 2 addresses
Jun 22 03:51:09 gtw01 dnsmasq-dhcp[27570]: read /var/lib/neutron/dhcp/46ba7d81-74c2-4284-8a10-426f87fead43/host
Jun 22 03:51:09 gtw01 dnsmasq-dhcp[27570]: read /var/lib/neutron/dhcp/46ba7d81-74c2-4284-8a10-426f87fead43/opts
Jun 22 03:51:10 gtw01 dnsmasq[27649]: read /var/lib/neutron/dhcp/bcfe518d-2897-4020-ba4e-94c5b7342831/addn_hosts - 2 addresses
Jun 22 03:51:10 gtw01 dnsmasq-dhcp[27649]: read /var/lib/neutron/dhcp/bcfe518d-2897-4020-ba4e-94c5b7342831/host
Jun 22 03:51:10 gtw01 dnsmasq-dhcp[27649]: read /var/lib/neutron/dhcp/bcfe518d-2897-4020-ba4e-94c5b7342831/opts
Jun 22 03:51:10 gtw01 kernel: [ 4459.540078] device tap9040253d-1f left promiscuous mode
Jun 22 03:51:10 gtw01 dnsmasq[27649]: read /var/lib/neutron/dhcp/bcfe518d-2897-4020-ba4e-94c5b7342831/addn_hosts - 2 addresses
Jun 22 03:51:10 gtw01 dnsmasq-dhcp[27649]: read /var/lib/neutron/dhcp/bcfe518d-2897-4020-ba4e-94c5b7342831/host
Jun 22 03:51:10 gtw01 dnsmasq-dhcp[27649]: read /var/lib/neutron/dhcp/bcfe518d-2897-4020-ba4e-94c5b7342831/opts
Jun 22 03:51:11 gtw01 dnsmasq-dhcp[25803]: DHCPRELEASE(tap91292c01-be) 192.168.120.6 fa:16:3e:11:a2:4e
Jun 22 03:51:12 gtw01 haproxy-metadata-proxy-01e316c0-44ad-4d77-8ce2-129f2c137717[28060]: Proxy listener started.
Jun 22 03:51:13 gtw01 dnsmasq[27649]: read /var/lib/neutron/dhcp/bcfe518d-2897-4020-ba4e-94c5b7342831/addn_hosts - 3 addresses
Jun 22 03:51:13 gtw01 dnsmasq-dhcp[27649]: read /var/lib/neutron/dhcp/bcfe518d-2897-4020-ba4e-94c5b7342831/host
Jun 22 03:51:13 gtw01 dnsmasq-dhcp[27649]: read /var/lib/neutron/dhcp/bcfe518d-2897-4020-ba4e-94c5b7342831/opts
Jun 22 03:51:14 gtw01 dnsmasq[27649]: read /var/lib/neutron/dhcp/bcfe518d-2897-4020-ba4e-94c5b7342831/addn_hosts - 3 addresses
Jun 22 03:51:14 gtw01 dnsmasq-dhcp[27649]: read /var/lib/neutron/dhcp/bcfe518d-2897-4020-ba4e-94c5b7342831/host
Jun 22 03:51:14 gtw01 dnsmasq-dhcp[27649]: read /var/lib/neutron/dhcp/bcfe518d-2897-4020-ba4e-94c5b7342831/opts
Jun 22 03:51:14 gtw01 systemd-udevd[28123]: Could not generate persistent MAC address for tapf97577fd-6f: No such file or directory
Jun 22 03:51:14 gtw01 kernel: [ 4463.849557] device tapf97577fd-6f entered promiscuous mode
Jun 22 03:51:15 gtw01 systemd-udevd[28123]: Process '/sbin/ip link set tapf97577fd-6f txqueuelen 10000' failed with exit code 1.
Jun 22 03:51:15 gtw01 systemd-udevd[28123]: Process '/sbin/ip link set tapf97577fd-6f txqueuelen 10000' failed with exit code 1.
Jun 22 03:51:15 gtw01 dnsmasq[27649]: read /var/lib/neutron/dhcp/bcfe518d-2897-4020-ba4e-94c5b7342831/addn_hosts - 3 addresses
Jun 22 03:51:15 gtw01 dnsmasq-dhcp[27649]: read /var/lib/neutron/dhcp/bcfe518d-2897-4020-ba4e-94c5b7342831/host
Jun 22 03:51:15 gtw01 dnsmasq-dhcp[27649]: read /var/lib/neutron/dhcp/bcfe518d-2897-4020-ba4e-94c5b7342831/opts
Jun 22 03:51:15 gtw01 kernel: [ 4464.621540] device qr-33d4beea-08 entered promiscuous mode
Jun 22 03:51:15 gtw01 systemd-udevd[28222]: Could not generate persistent MAC address for qr-33d4beea-08: No such file or directory
Jun 22 03:51:16 gtw01 dnsmasq[27649]: read /var/lib/neutron/dhcp/bcfe518d-2897-4020-ba4e-94c5b7342831/addn_hosts - 3 addresses
Jun 22 03:51:16 gtw01 dnsmasq-dhcp[27649]: read /var/lib/neutron/dhcp/bcfe518d-2897-4020-ba4e-94c5b7342831/host
Jun 22 03:51:16 gtw01 dnsmasq-dhcp[27649]: read /var/lib/neutron/dhcp/bcfe518d-2897-4020-ba4e-94c5b7342831/opts
Jun 22 03:51:17 gtw01 dnsmasq[27649]: read /var/lib/neutron/dhcp/bcfe518d-2897-4020-ba4e-94c5b7342831/addn_hosts - 3 addresses
Jun 22 03:51:17 gtw01 dnsmasq-dhcp[27649]: read /var/lib/neutron/dhcp/bcfe518d-2897-4020-ba4e-94c5b7342831/host
Jun 22 03:51:17 gtw01 dnsmasq-dhcp[27649]: read /var/lib/neutron/dhcp/bcfe518d-2897-4020-ba4e-94c5b7342831/opts
Jun 22 03:51:18 gtw01 dnsmasq[28427]: started, version 2.80 cachesize 150
Jun 22 03:51:18 gtw01 dnsmasq[28427]: DNS service limited to local subnets
Jun 22 03:51:18 gtw01 dnsmasq[28427]: compile time options: IPv6 GNU-getopt DBus i18n IDN DHCP DHCPv6 no-Lua TFTP conntrack ipset auth DNSSEC loop-detect inotify dumpfile
Jun 22 03:51:18 gtw01 dnsmasq[28427]: warning: no upstream servers configured
Jun 22 03:51:18 gtw01 dnsmasq-dhcp[28427]: DHCP, static leases only on 192.168.120.0, lease time 1h
Jun 22 03:51:18 gtw01 dnsmasq[28427]: read /var/lib/neutron/dhcp/e94d7dd3-e76d-4f1a-ab73-c10afd4b69cf/addn_hosts - 1 addresses
Jun 22 03:51:18 gtw01 dnsmasq-dhcp[28427]: read /var/lib/neutron/dhcp/e94d7dd3-e76d-4f1a-ab73-c10afd4b69cf/host
Jun 22 03:51:18 gtw01 dnsmasq-dhcp[28427]: read /var/lib/neutron/dhcp/e94d7dd3-e76d-4f1a-ab73-c10afd4b69cf/opts
Jun 22 03:51:18 gtw01 haproxy-metadata-proxy-e94d7dd3-e76d-4f1a-ab73-c10afd4b69cf[28435]: Proxy listener started.
Jun 22 03:51:19 gtw01 dnsmasq[28427]: read /var/lib/neutron/dhcp/e94d7dd3-e76d-4f1a-ab73-c10afd4b69cf/addn_hosts - 2 addresses
Jun 22 03:51:19 gtw01 dnsmasq-dhcp[28427]: read /var/lib/neutron/dhcp/e94d7dd3-e76d-4f1a-ab73-c10afd4b69cf/host
Jun 22 03:51:19 gtw01 dnsmasq-dhcp[28427]: read /var/lib/neutron/dhcp/e94d7dd3-e76d-4f1a-ab73-c10afd4b69cf/opts
Jun 22 03:51:20 gtw01 dnsmasq[28427]: read /var/lib/neutron/dhcp/e94d7dd3-e76d-4f1a-ab73-c10afd4b69cf/addn_hosts - 2 addresses
Jun 22 03:51:20 gtw01 dnsmasq-dhcp[28427]: read /var/lib/neutron/dhcp/e94d7dd3-e76d-4f1a-ab73-c10afd4b69cf/host
Jun 22 03:51:20 gtw01 dnsmasq-dhcp[28427]: read /var/lib/neutron/dhcp/e94d7dd3-e76d-4f1a-ab73-c10afd4b69cf/opts
Jun 22 03:51:21 gtw01 dnsmasq[28427]: read /var/lib/neutron/dhcp/e94d7dd3-e76d-4f1a-ab73-c10afd4b69cf/addn_hosts - 2 addresses
Jun 22 03:51:21 gtw01 dnsmasq-dhcp[28427]: read /var/lib/neutron/dhcp/e94d7dd3-e76d-4f1a-ab73-c10afd4b69cf/host
Jun 22 03:51:21 gtw01 dnsmasq-dhcp[28427]: read /var/lib/neutron/dhcp/e94d7dd3-e76d-4f1a-ab73-c10afd4b69cf/opts
Jun 22 03:51:22 gtw01 dnsmasq[28427]: read /var/lib/neutron/dhcp/e94d7dd3-e76d-4f1a-ab73-c10afd4b69cf/addn_hosts - 2 addresses
Jun 22 03:51:22 gtw01 dnsmasq-dhcp[28427]: read /var/lib/neutron/dhcp/e94d7dd3-e76d-4f1a-ab73-c10afd4b69cf/host
Jun 22 03:51:22 gtw01 dnsmasq-dhcp[28427]: read /var/lib/neutron/dhcp/e94d7dd3-e76d-4f1a-ab73-c10afd4b69cf/opts
Jun 22 03:51:23 gtw01 dnsmasq[28427]: read /var/lib/neutron/dhcp/e94d7dd3-e76d-4f1a-ab73-c10afd4b69cf/addn_hosts - 2 addresses
Jun 22 03:51:23 gtw01 dnsmasq-dhcp[28427]: read /var/lib/neutron/dhcp/e94d7dd3-e76d-4f1a-ab73-c10afd4b69cf/host
Jun 22 03:51:23 gtw01 dnsmasq-dhcp[28427]: read /var/lib/neutron/dhcp/e94d7dd3-e76d-4f1a-ab73-c10afd4b69cf/opts
Jun 22 03:51:24 gtw01 dnsmasq[28427]: read /var/lib/neutron/dhcp/e94d7dd3-e76d-4f1a-ab73-c10afd4b69cf/addn_hosts - 1 addresses
Jun 22 03:51:24 gtw01 dnsmasq-dhcp[28427]: read /var/lib/neutron/dhcp/e94d7dd3-e76d-4f1a-ab73-c10afd4b69cf/host
Jun 22 03:51:24 gtw01 dnsmasq-dhcp[28427]: read /var/lib/neutron/dhcp/e94d7dd3-e76d-4f1a-ab73-c10afd4b69cf/opts
Jun 22 03:51:25 gtw01 haproxy-metadata-proxy-e94d7dd3-e76d-4f1a-ab73-c10afd4b69cf[28673]: Proxy listener started.
Jun 22 03:51:25 gtw01 kernel: [ 4474.715038] device tapf97577fd-6f left promiscuous mode
Jun 22 03:51:33 gtw01 dnsmasq-dhcp[27649]: DHCPDISCOVER(tapa8e4a211-80) fa:16:3e:6c:60:25
Jun 22 03:51:33 gtw01 dnsmasq-dhcp[27649]: DHCPOFFER(tapa8e4a211-80) 192.168.120.3 fa:16:3e:6c:60:25
Jun 22 03:51:33 gtw01 dnsmasq-dhcp[27649]: DHCPREQUEST(tapa8e4a211-80) 192.168.120.3 fa:16:3e:6c:60:25
Jun 22 03:51:33 gtw01 dnsmasq-dhcp[27649]: DHCPACK(tapa8e4a211-80) 192.168.120.3 fa:16:3e:6c:60:25 host-192-168-120-3
Jun 22 03:51:33 gtw01 dnsmasq-dhcp[25803]: DHCPDISCOVER(tap91292c01-be) fa:16:3e:11:a2:4e
Jun 22 03:51:33 gtw01 dnsmasq-dhcp[25803]: DHCPOFFER(tap91292c01-be) 192.168.120.6 fa:16:3e:11:a2:4e
Jun 22 03:51:33 gtw01 dnsmasq-dhcp[25803]: DHCPREQUEST(tap91292c01-be) 192.168.120.6 fa:16:3e:11:a2:4e
Jun 22 03:51:33 gtw01 dnsmasq-dhcp[25803]: DHCPACK(tap91292c01-be) 192.168.120.6 fa:16:3e:11:a2:4e host-192-168-120-6
Jun 22 03:51:42 gtw01 dnsmasq-dhcp[27649]: DHCPRELEASE(tapa8e4a211-80) 192.168.120.3 fa:16:3e:6c:60:25
Jun 22 03:51:42 gtw01 dnsmasq-dhcp[27649]: DHCPRELEASE(tapa8e4a211-80) 192.168.120.3 fa:16:3e:6c:60:25 unknown lease
Jun 22 03:51:42 gtw01 systemd-udevd[28771]: Could not generate persistent MAC address for tap88e2dd6d-29: No such file or directory
Jun 22 03:51:42 gtw01 kernel: [ 4491.508159] device tap88e2dd6d-29 entered promiscuous mode
Jun 22 03:51:42 gtw01 systemd-udevd[28771]: Process '/sbin/ip link set tap88e2dd6d-29 txqueuelen 10000' failed with exit code 1.
Jun 22 03:51:43 gtw01 dnsmasq[27649]: read /var/lib/neutron/dhcp/bcfe518d-2897-4020-ba4e-94c5b7342831/addn_hosts - 2 addresses
Jun 22 03:51:43 gtw01 dnsmasq-dhcp[27649]: read /var/lib/neutron/dhcp/bcfe518d-2897-4020-ba4e-94c5b7342831/host
Jun 22 03:51:43 gtw01 dnsmasq-dhcp[27649]: read /var/lib/neutron/dhcp/bcfe518d-2897-4020-ba4e-94c5b7342831/opts
Jun 22 03:51:46 gtw01 dnsmasq[28976]: started, version 2.80 cachesize 150
Jun 22 03:51:46 gtw01 dnsmasq[28976]: DNS service limited to local subnets
Jun 22 03:51:46 gtw01 dnsmasq[28976]: compile time options: IPv6 GNU-getopt DBus i18n IDN DHCP DHCPv6 no-Lua TFTP conntrack ipset auth DNSSEC loop-detect inotify dumpfile
Jun 22 03:51:46 gtw01 dnsmasq[28976]: warning: no upstream servers configured
Jun 22 03:51:46 gtw01 dnsmasq-dhcp[28976]: DHCP, static leases only on 192.168.120.0, lease time 1h
Jun 22 03:51:46 gtw01 dnsmasq[28976]: read /var/lib/neutron/dhcp/2eccda5f-d576-46db-a17b-18844c12b80c/addn_hosts - 1 addresses
Jun 22 03:51:46 gtw01 dnsmasq-dhcp[28976]: read /var/lib/neutron/dhcp/2eccda5f-d576-46db-a17b-18844c12b80c/host
Jun 22 03:51:46 gtw01 dnsmasq-dhcp[28976]: read /var/lib/neutron/dhcp/2eccda5f-d576-46db-a17b-18844c12b80c/opts
Jun 22 03:51:46 gtw01 dnsmasq[27649]: read /var/lib/neutron/dhcp/bcfe518d-2897-4020-ba4e-94c5b7342831/addn_hosts - 1 addresses
Jun 22 03:51:46 gtw01 dnsmasq-dhcp[27649]: read /var/lib/neutron/dhcp/bcfe518d-2897-4020-ba4e-94c5b7342831/host
Jun 22 03:51:46 gtw01 dnsmasq-dhcp[27649]: read /var/lib/neutron/dhcp/bcfe518d-2897-4020-ba4e-94c5b7342831/opts
Jun 22 03:51:46 gtw01 haproxy-metadata-proxy-2eccda5f-d576-46db-a17b-18844c12b80c[28984]: Proxy listener started.
Jun 22 03:51:46 gtw01 haproxy-metadata-proxy-bcfe518d-2897-4020-ba4e-94c5b7342831[28996]: Proxy listener started.
Jun 22 03:51:47 gtw01 dnsmasq[28976]: read /var/lib/neutron/dhcp/2eccda5f-d576-46db-a17b-18844c12b80c/addn_hosts - 2 addresses
Jun 22 03:51:47 gtw01 dnsmasq-dhcp[28976]: read /var/lib/neutron/dhcp/2eccda5f-d576-46db-a17b-18844c12b80c/host
Jun 22 03:51:47 gtw01 dnsmasq-dhcp[28976]: read /var/lib/neutron/dhcp/2eccda5f-d576-46db-a17b-18844c12b80c/opts
Jun 22 03:51:47 gtw01 kernel: [ 4496.776042] device qr-33d4beea-08 left promiscuous mode
Jun 22 03:51:47 gtw01 systemd-udevd[29057]: Could not generate persistent MAC address for tapddce36d6-ee: No such file or directory
Jun 22 03:51:47 gtw01 kernel: [ 4496.808214] device tapddce36d6-ee entered promiscuous mode
Jun 22 03:51:48 gtw01 systemd-udevd[29057]: Process '/sbin/ip link set tapddce36d6-ee txqueuelen 10000' failed with exit code 1.
Jun 22 03:51:48 gtw01 systemd-udevd[29057]: Process '/sbin/ip link set tapddce36d6-ee txqueuelen 10000' failed with exit code 1.
Jun 22 03:51:48 gtw01 dnsmasq[28976]: read /var/lib/neutron/dhcp/2eccda5f-d576-46db-a17b-18844c12b80c/addn_hosts - 2 addresses
Jun 22 03:51:48 gtw01 dnsmasq-dhcp[28976]: read /var/lib/neutron/dhcp/2eccda5f-d576-46db-a17b-18844c12b80c/host
Jun 22 03:51:48 gtw01 dnsmasq-dhcp[28976]: read /var/lib/neutron/dhcp/2eccda5f-d576-46db-a17b-18844c12b80c/opts
Jun 22 03:51:48 gtw01 kernel: [ 4497.721136] device qg-44546634-0b left promiscuous mode
Jun 22 03:51:49 gtw01 systemd-udevd[29204]: Could not generate persistent MAC address for qr-dc9d87b7-91: No such file or directory
Jun 22 03:51:49 gtw01 kernel: [ 4498.171241] device qr-dc9d87b7-91 entered promiscuous mode
Jun 22 03:51:49 gtw01 dnsmasq[28976]: read /var/lib/neutron/dhcp/2eccda5f-d576-46db-a17b-18844c12b80c/addn_hosts - 2 addresses
Jun 22 03:51:49 gtw01 dnsmasq-dhcp[28976]: read /var/lib/neutron/dhcp/2eccda5f-d576-46db-a17b-18844c12b80c/host
Jun 22 03:51:49 gtw01 dnsmasq-dhcp[28976]: read /var/lib/neutron/dhcp/2eccda5f-d576-46db-a17b-18844c12b80c/opts
Jun 22 03:51:50 gtw01 dnsmasq[28976]: read /var/lib/neutron/dhcp/2eccda5f-d576-46db-a17b-18844c12b80c/addn_hosts - 2 addresses
Jun 22 03:51:50 gtw01 dnsmasq-dhcp[28976]: read /var/lib/neutron/dhcp/2eccda5f-d576-46db-a17b-18844c12b80c/host
Jun 22 03:51:50 gtw01 dnsmasq-dhcp[28976]: read /var/lib/neutron/dhcp/2eccda5f-d576-46db-a17b-18844c12b80c/opts
Jun 22 03:51:51 gtw01 kernel: [ 4500.156901] device tapa8e4a211-80 left promiscuous mode
Jun 22 03:51:52 gtw01 dnsmasq[28976]: read /var/lib/neutron/dhcp/2eccda5f-d576-46db-a17b-18844c12b80c/addn_hosts - 2 addresses
Jun 22 03:51:52 gtw01 dnsmasq-dhcp[28976]: read /var/lib/neutron/dhcp/2eccda5f-d576-46db-a17b-18844c12b80c/host
Jun 22 03:51:52 gtw01 dnsmasq-dhcp[28976]: read /var/lib/neutron/dhcp/2eccda5f-d576-46db-a17b-18844c12b80c/opts
Jun 22 03:51:52 gtw01 dnsmasq[29480]: started, version 2.80 cachesize 150
Jun 22 03:51:52 gtw01 dnsmasq[29480]: DNS service limited to local subnets
Jun 22 03:51:52 gtw01 dnsmasq[29480]: compile time options: IPv6 GNU-getopt DBus i18n IDN DHCP DHCPv6 no-Lua TFTP conntrack ipset auth DNSSEC loop-detect inotify dumpfile
Jun 22 03:51:52 gtw01 dnsmasq[29480]: warning: no upstream servers configured
Jun 22 03:51:52 gtw01 dnsmasq-dhcp[29480]: DHCP, static leases only on 192.168.121.0, lease time 1h
Jun 22 03:51:52 gtw01 dnsmasq[29480]: read /var/lib/neutron/dhcp/5ae7948a-5244-4d7c-9fa2-7b0467ca9902/addn_hosts - 1 addresses
Jun 22 03:51:52 gtw01 dnsmasq-dhcp[29480]: read /var/lib/neutron/dhcp/5ae7948a-5244-4d7c-9fa2-7b0467ca9902/host
Jun 22 03:51:52 gtw01 dnsmasq-dhcp[29480]: read /var/lib/neutron/dhcp/5ae7948a-5244-4d7c-9fa2-7b0467ca9902/opts
Jun 22 03:51:52 gtw01 haproxy-metadata-proxy-5ae7948a-5244-4d7c-9fa2-7b0467ca9902[29496]: Proxy listener started.
Jun 22 03:51:52 gtw01 systemd-udevd[29514]: Could not generate persistent MAC address for tapce29d8e8-ec: No such file or directory
Jun 22 03:51:52 gtw01 kernel: [ 4501.727179] device tapce29d8e8-ec entered promiscuous mode
Jun 22 03:51:52 gtw01 systemd-udevd[29561]: Process '/sbin/ip link set tapce29d8e8-ec txqueuelen 10000' failed with exit code 1.
Jun 22 03:51:53 gtw01 dnsmasq-dhcp[25803]: DHCPDISCOVER(tap91292c01-be) fa:16:3e:11:a2:4e
Jun 22 03:51:53 gtw01 dnsmasq-dhcp[25803]: DHCPOFFER(tap91292c01-be) 192.168.120.6 fa:16:3e:11:a2:4e
Jun 22 03:51:53 gtw01 dnsmasq-dhcp[25803]: DHCPREQUEST(tap91292c01-be) 192.168.120.6 fa:16:3e:11:a2:4e
Jun 22 03:51:53 gtw01 dnsmasq-dhcp[25803]: DHCPACK(tap91292c01-be) 192.168.120.6 fa:16:3e:11:a2:4e host-192-168-120-6
Jun 22 03:51:53 gtw01 dnsmasq[28976]: read /var/lib/neutron/dhcp/2eccda5f-d576-46db-a17b-18844c12b80c/addn_hosts - 2 addresses
Jun 22 03:51:53 gtw01 dnsmasq-dhcp[28976]: read /var/lib/neutron/dhcp/2eccda5f-d576-46db-a17b-18844c12b80c/host
Jun 22 03:51:53 gtw01 dnsmasq-dhcp[28976]: read /var/lib/neutron/dhcp/2eccda5f-d576-46db-a17b-18844c12b80c/opts
Jun 22 03:51:53 gtw01 dnsmasq[29480]: read /var/lib/neutron/dhcp/5ae7948a-5244-4d7c-9fa2-7b0467ca9902/addn_hosts - 2 addresses
Jun 22 03:51:53 gtw01 dnsmasq-dhcp[29480]: read /var/lib/neutron/dhcp/5ae7948a-5244-4d7c-9fa2-7b0467ca9902/host
Jun 22 03:51:53 gtw01 dnsmasq-dhcp[29480]: read /var/lib/neutron/dhcp/5ae7948a-5244-4d7c-9fa2-7b0467ca9902/opts
Jun 22 03:51:54 gtw01 dnsmasq[28976]: read /var/lib/neutron/dhcp/2eccda5f-d576-46db-a17b-18844c12b80c/addn_hosts - 2 addresses
Jun 22 03:51:54 gtw01 dnsmasq-dhcp[28976]: read /var/lib/neutron/dhcp/2eccda5f-d576-46db-a17b-18844c12b80c/host
Jun 22 03:51:54 gtw01 dnsmasq-dhcp[28976]: read /var/lib/neutron/dhcp/2eccda5f-d576-46db-a17b-18844c12b80c/opts
Jun 22 03:51:54 gtw01 haproxy-metadata-proxy-c3ae203c-3f35-40eb-93d9-a0bd9ba80d07[29699]: Proxy listener started.
Jun 22 03:51:54 gtw01 dnsmasq[29480]: read /var/lib/neutron/dhcp/5ae7948a-5244-4d7c-9fa2-7b0467ca9902/addn_hosts - 2 addresses
Jun 22 03:51:54 gtw01 dnsmasq-dhcp[29480]: read /var/lib/neutron/dhcp/5ae7948a-5244-4d7c-9fa2-7b0467ca9902/host
Jun 22 03:51:54 gtw01 dnsmasq-dhcp[29480]: read /var/lib/neutron/dhcp/5ae7948a-5244-4d7c-9fa2-7b0467ca9902/opts
Jun 22 03:51:55 gtw01 dnsmasq[29480]: read /var/lib/neutron/dhcp/5ae7948a-5244-4d7c-9fa2-7b0467ca9902/addn_hosts - 2 addresses
Jun 22 03:51:55 gtw01 dnsmasq-dhcp[29480]: read /var/lib/neutron/dhcp/5ae7948a-5244-4d7c-9fa2-7b0467ca9902/host
Jun 22 03:51:55 gtw01 dnsmasq-dhcp[29480]: read /var/lib/neutron/dhcp/5ae7948a-5244-4d7c-9fa2-7b0467ca9902/opts
Jun 22 03:51:56 gtw01 dnsmasq[29798]: started, version 2.80 cachesize 150
Jun 22 03:51:56 gtw01 dnsmasq[29798]: DNS service limited to local subnets
Jun 22 03:51:56 gtw01 dnsmasq[29798]: compile time options: IPv6 GNU-getopt DBus i18n IDN DHCP DHCPv6 no-Lua TFTP conntrack ipset auth DNSSEC loop-detect inotify dumpfile
Jun 22 03:51:56 gtw01 dnsmasq[29798]: warning: no upstream servers configured
Jun 22 03:51:56 gtw01 dnsmasq-dhcp[29798]: DHCP, static leases only on 192.168.122.0, lease time 1h
Jun 22 03:51:56 gtw01 dnsmasq[29798]: read /var/lib/neutron/dhcp/51363818-ef78-4ee1-aaf3-7a737e1a0748/addn_hosts - 1 addresses
Jun 22 03:51:56 gtw01 dnsmasq-dhcp[29798]: read /var/lib/neutron/dhcp/51363818-ef78-4ee1-aaf3-7a737e1a0748/host
Jun 22 03:51:56 gtw01 dnsmasq-dhcp[29798]: read /var/lib/neutron/dhcp/51363818-ef78-4ee1-aaf3-7a737e1a0748/opts
Jun 22 03:51:56 gtw01 dnsmasq[29480]: read /var/lib/neutron/dhcp/5ae7948a-5244-4d7c-9fa2-7b0467ca9902/addn_hosts - 2 addresses
Jun 22 03:51:56 gtw01 dnsmasq-dhcp[29480]: read /var/lib/neutron/dhcp/5ae7948a-5244-4d7c-9fa2-7b0467ca9902/host
Jun 22 03:51:56 gtw01 dnsmasq-dhcp[29480]: read /var/lib/neutron/dhcp/5ae7948a-5244-4d7c-9fa2-7b0467ca9902/opts
Jun 22 03:51:56 gtw01 haproxy-metadata-proxy-51363818-ef78-4ee1-aaf3-7a737e1a0748[29806]: Proxy listener started.
Jun 22 03:51:57 gtw01 dnsmasq[29480]: read /var/lib/neutron/dhcp/5ae7948a-5244-4d7c-9fa2-7b0467ca9902/addn_hosts - 2 addresses
Jun 22 03:51:57 gtw01 dnsmasq-dhcp[29480]: read /var/lib/neutron/dhcp/5ae7948a-5244-4d7c-9fa2-7b0467ca9902/host
Jun 22 03:51:57 gtw01 dnsmasq-dhcp[29480]: read /var/lib/neutron/dhcp/5ae7948a-5244-4d7c-9fa2-7b0467ca9902/opts
Jun 22 03:51:57 gtw01 dnsmasq[29798]: read /var/lib/neutron/dhcp/51363818-ef78-4ee1-aaf3-7a737e1a0748/addn_hosts - 2 addresses
Jun 22 03:51:57 gtw01 dnsmasq-dhcp[29798]: read /var/lib/neutron/dhcp/51363818-ef78-4ee1-aaf3-7a737e1a0748/host
Jun 22 03:51:57 gtw01 dnsmasq-dhcp[29798]: read /var/lib/neutron/dhcp/51363818-ef78-4ee1-aaf3-7a737e1a0748/opts
Jun 22 03:51:58 gtw01 dnsmasq[29798]: read /var/lib/neutron/dhcp/51363818-ef78-4ee1-aaf3-7a737e1a0748/addn_hosts - 2 addresses
Jun 22 03:51:58 gtw01 dnsmasq-dhcp[29798]: read /var/lib/neutron/dhcp/51363818-ef78-4ee1-aaf3-7a737e1a0748/host
Jun 22 03:51:58 gtw01 dnsmasq-dhcp[29798]: read /var/lib/neutron/dhcp/51363818-ef78-4ee1-aaf3-7a737e1a0748/opts
Jun 22 03:51:59 gtw01 dnsmasq[29480]: read /var/lib/neutron/dhcp/5ae7948a-5244-4d7c-9fa2-7b0467ca9902/addn_hosts - 2 addresses
Jun 22 03:51:59 gtw01 dnsmasq-dhcp[29480]: read /var/lib/neutron/dhcp/5ae7948a-5244-4d7c-9fa2-7b0467ca9902/host
Jun 22 03:51:59 gtw01 dnsmasq-dhcp[29480]: read /var/lib/neutron/dhcp/5ae7948a-5244-4d7c-9fa2-7b0467ca9902/opts
Jun 22 03:51:59 gtw01 kernel: [ 4508.377385] device tapff7df5da-a6 entered promiscuous mode
Jun 22 03:51:59 gtw01 systemd-udevd[29910]: Could not generate persistent MAC address for tapff7df5da-a6: No such file or directory
Jun 22 03:51:59 gtw01 systemd-udevd[29910]: Process '/sbin/ip link set tapff7df5da-a6 txqueuelen 10000' failed with exit code 1.
Jun 22 03:51:59 gtw01 systemd-udevd[29964]: Process '/sbin/ip link set tapff7df5da-a6 txqueuelen 10000' failed with exit code 1.
Jun 22 03:51:59 gtw01 kernel: [ 4508.773344] device qr-6e419c2f-82 entered promiscuous mode
Jun 22 03:51:59 gtw01 systemd-udevd[29991]: Could not generate persistent MAC address for qr-6e419c2f-82: No such file or directory
Jun 22 03:51:59 gtw01 dnsmasq[29798]: read /var/lib/neutron/dhcp/51363818-ef78-4ee1-aaf3-7a737e1a0748/addn_hosts - 2 addresses
Jun 22 03:51:59 gtw01 dnsmasq-dhcp[29798]: read /var/lib/neutron/dhcp/51363818-ef78-4ee1-aaf3-7a737e1a0748/host
Jun 22 03:51:59 gtw01 dnsmasq-dhcp[29798]: read /var/lib/neutron/dhcp/51363818-ef78-4ee1-aaf3-7a737e1a0748/opts
Jun 22 03:52:00 gtw01 dnsmasq[29480]: read /var/lib/neutron/dhcp/5ae7948a-5244-4d7c-9fa2-7b0467ca9902/addn_hosts - 2 addresses
Jun 22 03:52:00 gtw01 dnsmasq-dhcp[29480]: read /var/lib/neutron/dhcp/5ae7948a-5244-4d7c-9fa2-7b0467ca9902/host
Jun 22 03:52:00 gtw01 dnsmasq-dhcp[29480]: read /var/lib/neutron/dhcp/5ae7948a-5244-4d7c-9fa2-7b0467ca9902/opts
Jun 22 03:52:00 gtw01 kernel: [ 4509.744200] device qr-9f4c6f11-82 entered promiscuous mode
Jun 22 03:52:00 gtw01 systemd-udevd[30118]: Could not generate persistent MAC address for qr-9f4c6f11-82: No such file or directory
Jun 22 03:52:01 gtw01 kernel: [ 4509.947861] IPv4: martian source 192.168.123.1 from 192.168.123.1, on dev qr-9f4c6f11-82
Jun 22 03:52:01 gtw01 kernel: [ 4509.947865] ll header: 00000000: ff ff ff ff ff ff fa 16 3e e3 e2 4b 08 06        ........>..K..
Jun 22 03:52:01 gtw01 systemd-udevd[30193]: Could not generate persistent MAC address for tapf6255ebf-b4: No such file or directory
Jun 22 03:52:01 gtw01 kernel: [ 4510.020189] device tapf6255ebf-b4 entered promiscuous mode
Jun 22 03:52:01 gtw01 systemd-udevd[30193]: Process '/sbin/ip link set tapf6255ebf-b4 txqueuelen 10000' failed with exit code 1.
Jun 22 03:52:01 gtw01 systemd-udevd[30248]: Process '/sbin/ip link set tapf6255ebf-b4 txqueuelen 10000' failed with exit code 1.
Jun 22 03:52:01 gtw01 dnsmasq[29798]: read /var/lib/neutron/dhcp/51363818-ef78-4ee1-aaf3-7a737e1a0748/addn_hosts - 2 addresses
Jun 22 03:52:01 gtw01 dnsmasq-dhcp[29798]: read /var/lib/neutron/dhcp/51363818-ef78-4ee1-aaf3-7a737e1a0748/host
Jun 22 03:52:01 gtw01 dnsmasq-dhcp[29798]: read /var/lib/neutron/dhcp/51363818-ef78-4ee1-aaf3-7a737e1a0748/opts
Jun 22 03:52:01 gtw01 systemd-udevd[30306]: Could not generate persistent MAC address for qr-e8ad3cc3-9c: No such file or directory
Jun 22 03:52:01 gtw01 kernel: [ 4510.799547] device qr-e8ad3cc3-9c entered promiscuous mode
Jun 22 03:52:02 gtw01 kernel: [ 4510.976815] IPv4: martian source 192.168.122.1 from 192.168.122.1, on dev qr-6e419c2f-82
Jun 22 03:52:02 gtw01 kernel: [ 4510.976818] ll header: 00000000: ff ff ff ff ff ff fa 16 3e 95 8c 5c 08 06        ........>..\..
Jun 22 03:52:02 gtw01 kernel: [ 4510.976824] IPv4: martian source 192.168.122.1 from 192.168.122.1, on dev qr-e8ad3cc3-9c
Jun 22 03:52:02 gtw01 kernel: [ 4510.976825] ll header: 00000000: ff ff ff ff ff ff fa 16 3e 95 8c 5c 08 06        ........>..\..
Jun 22 03:52:02 gtw01 dnsmasq[29798]: read /var/lib/neutron/dhcp/51363818-ef78-4ee1-aaf3-7a737e1a0748/addn_hosts - 2 addresses
Jun 22 03:52:02 gtw01 dnsmasq-dhcp[29798]: read /var/lib/neutron/dhcp/51363818-ef78-4ee1-aaf3-7a737e1a0748/host
Jun 22 03:52:02 gtw01 dnsmasq-dhcp[29798]: read /var/lib/neutron/dhcp/51363818-ef78-4ee1-aaf3-7a737e1a0748/opts
Jun 22 03:52:02 gtw01 dnsmasq-dhcp[25803]: DHCPRELEASE(tap91292c01-be) 192.168.120.6 fa:16:3e:11:a2:4e
Jun 22 03:52:03 gtw01 kernel: [ 4512.024329] IPv4: martian source 192.168.121.1 from 192.168.121.1, on dev qr-6e419c2f-82
Jun 22 03:52:03 gtw01 kernel: [ 4512.024333] ll header: 00000000: ff ff ff ff ff ff fa 16 3e 9a d9 cc 08 06        ........>.....
Jun 22 03:52:03 gtw01 dnsmasq[29798]: read /var/lib/neutron/dhcp/51363818-ef78-4ee1-aaf3-7a737e1a0748/addn_hosts - 2 addresses
Jun 22 03:52:03 gtw01 dnsmasq-dhcp[29798]: read /var/lib/neutron/dhcp/51363818-ef78-4ee1-aaf3-7a737e1a0748/host
Jun 22 03:52:03 gtw01 dnsmasq-dhcp[29798]: read /var/lib/neutron/dhcp/51363818-ef78-4ee1-aaf3-7a737e1a0748/opts
Jun 22 03:52:03 gtw01 dnsmasq[30486]: started, version 2.80 cachesize 150
Jun 22 03:52:03 gtw01 dnsmasq[30486]: DNS service limited to local subnets
Jun 22 03:52:03 gtw01 dnsmasq[30486]: compile time options: IPv6 GNU-getopt DBus i18n IDN DHCP DHCPv6 no-Lua TFTP conntrack ipset auth DNSSEC loop-detect inotify dumpfile
Jun 22 03:52:03 gtw01 dnsmasq[30486]: warning: no upstream servers configured
Jun 22 03:52:03 gtw01 dnsmasq-dhcp[30486]: DHCP, static leases only on 192.168.123.0, lease time 1h
Jun 22 03:52:03 gtw01 dnsmasq[30486]: read /var/lib/neutron/dhcp/9d821c73-b8c0-466c-aa96-211f5067cb1f/addn_hosts - 1 addresses
Jun 22 03:52:03 gtw01 dnsmasq-dhcp[30486]: read /var/lib/neutron/dhcp/9d821c73-b8c0-466c-aa96-211f5067cb1f/host
Jun 22 03:52:03 gtw01 dnsmasq-dhcp[30486]: read /var/lib/neutron/dhcp/9d821c73-b8c0-466c-aa96-211f5067cb1f/opts
Jun 22 03:52:03 gtw01 haproxy-metadata-proxy-9d821c73-b8c0-466c-aa96-211f5067cb1f[30504]: Proxy listener started.
Jun 22 03:52:04 gtw01 dnsmasq[30486]: read /var/lib/neutron/dhcp/9d821c73-b8c0-466c-aa96-211f5067cb1f/addn_hosts - 2 addresses
Jun 22 03:52:04 gtw01 dnsmasq-dhcp[30486]: read /var/lib/neutron/dhcp/9d821c73-b8c0-466c-aa96-211f5067cb1f/host
Jun 22 03:52:04 gtw01 dnsmasq-dhcp[30486]: read /var/lib/neutron/dhcp/9d821c73-b8c0-466c-aa96-211f5067cb1f/opts
Jun 22 03:52:04 gtw01 dnsmasq[29798]: read /var/lib/neutron/dhcp/51363818-ef78-4ee1-aaf3-7a737e1a0748/addn_hosts - 2 addresses
Jun 22 03:52:04 gtw01 dnsmasq-dhcp[29798]: read /var/lib/neutron/dhcp/51363818-ef78-4ee1-aaf3-7a737e1a0748/host
Jun 22 03:52:04 gtw01 dnsmasq-dhcp[29798]: read /var/lib/neutron/dhcp/51363818-ef78-4ee1-aaf3-7a737e1a0748/opts
Jun 22 03:52:05 gtw01 dnsmasq[30589]: started, version 2.80 cachesize 150
Jun 22 03:52:05 gtw01 dnsmasq[30589]: DNS service limited to local subnets
Jun 22 03:52:05 gtw01 dnsmasq[30589]: compile time options: IPv6 GNU-getopt DBus i18n IDN DHCP DHCPv6 no-Lua TFTP conntrack ipset auth DNSSEC loop-detect inotify dumpfile
Jun 22 03:52:05 gtw01 dnsmasq[30589]: warning: no upstream servers configured
Jun 22 03:52:05 gtw01 dnsmasq-dhcp[30589]: DHCP, static leases only on 192.168.120.0, lease time 1h
Jun 22 03:52:05 gtw01 dnsmasq[30589]: read /var/lib/neutron/dhcp/559c3f1f-1e67-409d-b466-3baebff6b952/addn_hosts - 1 addresses
Jun 22 03:52:05 gtw01 dnsmasq-dhcp[30589]: read /var/lib/neutron/dhcp/559c3f1f-1e67-409d-b466-3baebff6b952/host
Jun 22 03:52:05 gtw01 dnsmasq-dhcp[30589]: read /var/lib/neutron/dhcp/559c3f1f-1e67-409d-b466-3baebff6b952/opts
Jun 22 03:52:05 gtw01 haproxy-metadata-proxy-559c3f1f-1e67-409d-b466-3baebff6b952[30597]: Proxy listener started.
Jun 22 03:52:06 gtw01 dnsmasq[30486]: read /var/lib/neutron/dhcp/9d821c73-b8c0-466c-aa96-211f5067cb1f/addn_hosts - 2 addresses
Jun 22 03:52:06 gtw01 dnsmasq-dhcp[30486]: read /var/lib/neutron/dhcp/9d821c73-b8c0-466c-aa96-211f5067cb1f/host
Jun 22 03:52:06 gtw01 dnsmasq-dhcp[30486]: read /var/lib/neutron/dhcp/9d821c73-b8c0-466c-aa96-211f5067cb1f/opts
Jun 22 03:52:06 gtw01 dnsmasq[30589]: read /var/lib/neutron/dhcp/559c3f1f-1e67-409d-b466-3baebff6b952/addn_hosts - 2 addresses
Jun 22 03:52:06 gtw01 dnsmasq-dhcp[30589]: read /var/lib/neutron/dhcp/559c3f1f-1e67-409d-b466-3baebff6b952/host
Jun 22 03:52:06 gtw01 dnsmasq-dhcp[30589]: read /var/lib/neutron/dhcp/559c3f1f-1e67-409d-b466-3baebff6b952/opts
Jun 22 03:52:07 gtw01 dnsmasq[30486]: read /var/lib/neutron/dhcp/9d821c73-b8c0-466c-aa96-211f5067cb1f/addn_hosts - 2 addresses
Jun 22 03:52:07 gtw01 dnsmasq-dhcp[30486]: read /var/lib/neutron/dhcp/9d821c73-b8c0-466c-aa96-211f5067cb1f/host
Jun 22 03:52:07 gtw01 dnsmasq-dhcp[30486]: read /var/lib/neutron/dhcp/9d821c73-b8c0-466c-aa96-211f5067cb1f/opts
Jun 22 03:52:07 gtw01 dnsmasq[30589]: read /var/lib/neutron/dhcp/559c3f1f-1e67-409d-b466-3baebff6b952/addn_hosts - 2 addresses
Jun 22 03:52:07 gtw01 dnsmasq-dhcp[30589]: read /var/lib/neutron/dhcp/559c3f1f-1e67-409d-b466-3baebff6b952/host
Jun 22 03:52:07 gtw01 dnsmasq-dhcp[30589]: read /var/lib/neutron/dhcp/559c3f1f-1e67-409d-b466-3baebff6b952/opts
Jun 22 03:52:07 gtw01 dnsmasq[30486]: read /var/lib/neutron/dhcp/9d821c73-b8c0-466c-aa96-211f5067cb1f/addn_hosts - 2 addresses
Jun 22 03:52:07 gtw01 dnsmasq-dhcp[30486]: read /var/lib/neutron/dhcp/9d821c73-b8c0-466c-aa96-211f5067cb1f/host
Jun 22 03:52:07 gtw01 dnsmasq-dhcp[30486]: read /var/lib/neutron/dhcp/9d821c73-b8c0-466c-aa96-211f5067cb1f/opts
Jun 22 03:52:08 gtw01 dnsmasq[30589]: read /var/lib/neutron/dhcp/559c3f1f-1e67-409d-b466-3baebff6b952/addn_hosts - 2 addresses
Jun 22 03:52:08 gtw01 dnsmasq-dhcp[30589]: read /var/lib/neutron/dhcp/559c3f1f-1e67-409d-b466-3baebff6b952/host
Jun 22 03:52:08 gtw01 dnsmasq-dhcp[30589]: read /var/lib/neutron/dhcp/559c3f1f-1e67-409d-b466-3baebff6b952/opts
Jun 22 03:52:08 gtw01 dnsmasq[30486]: read /var/lib/neutron/dhcp/9d821c73-b8c0-466c-aa96-211f5067cb1f/addn_hosts - 2 addresses
Jun 22 03:52:08 gtw01 dnsmasq-dhcp[30486]: read /var/lib/neutron/dhcp/9d821c73-b8c0-466c-aa96-211f5067cb1f/host
Jun 22 03:52:08 gtw01 dnsmasq-dhcp[30486]: read /var/lib/neutron/dhcp/9d821c73-b8c0-466c-aa96-211f5067cb1f/opts
Jun 22 03:52:09 gtw01 dnsmasq[30589]: read /var/lib/neutron/dhcp/559c3f1f-1e67-409d-b466-3baebff6b952/addn_hosts - 3 addresses
Jun 22 03:52:09 gtw01 dnsmasq-dhcp[30589]: read /var/lib/neutron/dhcp/559c3f1f-1e67-409d-b466-3baebff6b952/host
Jun 22 03:52:09 gtw01 dnsmasq-dhcp[30589]: read /var/lib/neutron/dhcp/559c3f1f-1e67-409d-b466-3baebff6b952/opts
Jun 22 03:52:09 gtw01 dnsmasq[30486]: read /var/lib/neutron/dhcp/9d821c73-b8c0-466c-aa96-211f5067cb1f/addn_hosts - 2 addresses
Jun 22 03:52:09 gtw01 dnsmasq-dhcp[30486]: read /var/lib/neutron/dhcp/9d821c73-b8c0-466c-aa96-211f5067cb1f/host
Jun 22 03:52:09 gtw01 dnsmasq-dhcp[30486]: read /var/lib/neutron/dhcp/9d821c73-b8c0-466c-aa96-211f5067cb1f/opts
Jun 22 03:52:10 gtw01 dnsmasq[30589]: read /var/lib/neutron/dhcp/559c3f1f-1e67-409d-b466-3baebff6b952/addn_hosts - 4 addresses
Jun 22 03:52:10 gtw01 dnsmasq-dhcp[30589]: read /var/lib/neutron/dhcp/559c3f1f-1e67-409d-b466-3baebff6b952/host
Jun 22 03:52:10 gtw01 dnsmasq-dhcp[30589]: read /var/lib/neutron/dhcp/559c3f1f-1e67-409d-b466-3baebff6b952/opts
Jun 22 03:52:10 gtw01 kernel: [ 4519.544071] device qr-6e419c2f-82 left promiscuous mode
Jun 22 03:52:10 gtw01 dnsmasq[30486]: read /var/lib/neutron/dhcp/9d821c73-b8c0-466c-aa96-211f5067cb1f/addn_hosts - 2 addresses
Jun 22 03:52:10 gtw01 dnsmasq-dhcp[30486]: read /var/lib/neutron/dhcp/9d821c73-b8c0-466c-aa96-211f5067cb1f/host
Jun 22 03:52:10 gtw01 dnsmasq-dhcp[30486]: read /var/lib/neutron/dhcp/9d821c73-b8c0-466c-aa96-211f5067cb1f/opts
Jun 22 03:52:11 gtw01 dnsmasq[30589]: read /var/lib/neutron/dhcp/559c3f1f-1e67-409d-b466-3baebff6b952/addn_hosts - 4 addresses
Jun 22 03:52:11 gtw01 dnsmasq-dhcp[30589]: read /var/lib/neutron/dhcp/559c3f1f-1e67-409d-b466-3baebff6b952/host
Jun 22 03:52:11 gtw01 dnsmasq-dhcp[30589]: read /var/lib/neutron/dhcp/559c3f1f-1e67-409d-b466-3baebff6b952/opts
Jun 22 03:52:11 gtw01 dnsmasq[30486]: read /var/lib/neutron/dhcp/9d821c73-b8c0-466c-aa96-211f5067cb1f/addn_hosts - 1 addresses
Jun 22 03:52:11 gtw01 dnsmasq-dhcp[30486]: read /var/lib/neutron/dhcp/9d821c73-b8c0-466c-aa96-211f5067cb1f/host
Jun 22 03:52:11 gtw01 dnsmasq-dhcp[30486]: read /var/lib/neutron/dhcp/9d821c73-b8c0-466c-aa96-211f5067cb1f/opts
Jun 22 03:52:12 gtw01 dnsmasq[30589]: read /var/lib/neutron/dhcp/559c3f1f-1e67-409d-b466-3baebff6b952/addn_hosts - 4 addresses
Jun 22 03:52:12 gtw01 dnsmasq-dhcp[30589]: read /var/lib/neutron/dhcp/559c3f1f-1e67-409d-b466-3baebff6b952/host
Jun 22 03:52:12 gtw01 dnsmasq-dhcp[30589]: read /var/lib/neutron/dhcp/559c3f1f-1e67-409d-b466-3baebff6b952/opts
Jun 22 03:52:12 gtw01 haproxy-metadata-proxy-9d821c73-b8c0-466c-aa96-211f5067cb1f[30948]: Proxy listener started.
Jun 22 03:52:13 gtw01 dnsmasq[30589]: read /var/lib/neutron/dhcp/559c3f1f-1e67-409d-b466-3baebff6b952/addn_hosts - 4 addresses
Jun 22 03:52:13 gtw01 dnsmasq-dhcp[30589]: read /var/lib/neutron/dhcp/559c3f1f-1e67-409d-b466-3baebff6b952/host
Jun 22 03:52:13 gtw01 dnsmasq-dhcp[30589]: read /var/lib/neutron/dhcp/559c3f1f-1e67-409d-b466-3baebff6b952/opts
Jun 22 03:52:13 gtw01 kernel: [ 4522.628136] device tapff7df5da-a6 left promiscuous mode
Jun 22 03:52:14 gtw01 dnsmasq[30589]: read /var/lib/neutron/dhcp/559c3f1f-1e67-409d-b466-3baebff6b952/addn_hosts - 4 addresses
Jun 22 03:52:14 gtw01 dnsmasq-dhcp[30589]: read /var/lib/neutron/dhcp/559c3f1f-1e67-409d-b466-3baebff6b952/host
Jun 22 03:52:14 gtw01 dnsmasq-dhcp[30589]: read /var/lib/neutron/dhcp/559c3f1f-1e67-409d-b466-3baebff6b952/opts
Jun 22 03:52:15 gtw01 dnsmasq[29798]: read /var/lib/neutron/dhcp/51363818-ef78-4ee1-aaf3-7a737e1a0748/addn_hosts - 1 addresses
Jun 22 03:52:15 gtw01 dnsmasq-dhcp[29798]: read /var/lib/neutron/dhcp/51363818-ef78-4ee1-aaf3-7a737e1a0748/host
Jun 22 03:52:15 gtw01 dnsmasq-dhcp[29798]: read /var/lib/neutron/dhcp/51363818-ef78-4ee1-aaf3-7a737e1a0748/opts
