Jun 22 04:10:38 gtw01 dnsmasq-dhcp[23038]: read /var/lib/neutron/dhcp/1b646300-60a1-4f7b-8413-3002021a73ad/host
Jun 22 04:10:38 gtw01 dnsmasq-dhcp[23038]: read /var/lib/neutron/dhcp/1b646300-60a1-4f7b-8413-3002021a73ad/opts
Jun 22 04:10:38 gtw01 dnsmasq[23068]: read /var/lib/neutron/dhcp/e6746b9c-fb88-42d0-a71b-f3697f8bc657/addn_hosts - 2 addresses
Jun 22 04:10:38 gtw01 dnsmasq-dhcp[23068]: read /var/lib/neutron/dhcp/e6746b9c-fb88-42d0-a71b-f3697f8bc657/host
Jun 22 04:10:38 gtw01 dnsmasq-dhcp[23068]: read /var/lib/neutron/dhcp/e6746b9c-fb88-42d0-a71b-f3697f8bc657/opts
Jun 22 04:10:38 gtw01 dnsmasq[23235]: started, version 2.80 cachesize 150
Jun 22 04:10:38 gtw01 dnsmasq[23235]: DNS service limited to local subnets
Jun 22 04:10:38 gtw01 dnsmasq[23235]: compile time options: IPv6 GNU-getopt DBus i18n IDN DHCP DHCPv6 no-Lua TFTP conntrack ipset auth DNSSEC loop-detect inotify dumpfile
Jun 22 04:10:38 gtw01 dnsmasq[23235]: LOUD WARNING: listening on 19.86.0.2 may accept requests via interfaces other than tapdceaad40-97
Jun 22 04:10:38 gtw01 dnsmasq[23235]: LOUD WARNING: use --bind-dynamic rather than --bind-interfaces to avoid DNS amplification attacks via these interface(s)
Jun 22 04:10:38 gtw01 dnsmasq[23235]: warning: no upstream servers configured
Jun 22 04:10:38 gtw01 dnsmasq-dhcp[23235]: DHCP, static leases only on 19.86.0.0, lease time 1h
Jun 22 04:10:38 gtw01 dnsmasq[23235]: read /var/lib/neutron/dhcp/e35b3460-0cac-4ce4-8692-11bca19ceef3/addn_hosts - 1 addresses
Jun 22 04:10:38 gtw01 dnsmasq-dhcp[23235]: read /var/lib/neutron/dhcp/e35b3460-0cac-4ce4-8692-11bca19ceef3/host
Jun 22 04:10:38 gtw01 dnsmasq-dhcp[23235]: read /var/lib/neutron/dhcp/e35b3460-0cac-4ce4-8692-11bca19ceef3/opts
Jun 22 04:10:39 gtw01 haproxy-metadata-proxy-e35b3460-0cac-4ce4-8692-11bca19ceef3[23264]: Proxy listener started.
Jun 22 04:10:39 gtw01 dnsmasq[22166]: read /var/lib/neutron/dhcp/3407dc67-139a-4e63-b470-0c45626ba242/addn_hosts - 2 addresses
Jun 22 04:10:39 gtw01 dnsmasq-dhcp[22166]: read /var/lib/neutron/dhcp/3407dc67-139a-4e63-b470-0c45626ba242/host
Jun 22 04:10:39 gtw01 dnsmasq-dhcp[22166]: read /var/lib/neutron/dhcp/3407dc67-139a-4e63-b470-0c45626ba242/opts
Jun 22 04:10:39 gtw01 kernel: [ 5628.820092] IPv4: martian source 192.168.120.1 from 192.168.120.1, on dev qr-d2adc7c7-3c
Jun 22 04:10:39 gtw01 kernel: [ 5628.820096] ll header: 00000000: ff ff ff ff ff ff fa 16 3e 2a a2 f7 08 06        ........>*....
Jun 22 04:10:40 gtw01 dnsmasq[23235]: read /var/lib/neutron/dhcp/e35b3460-0cac-4ce4-8692-11bca19ceef3/addn_hosts - 2 addresses
Jun 22 04:10:40 gtw01 dnsmasq-dhcp[23235]: read /var/lib/neutron/dhcp/e35b3460-0cac-4ce4-8692-11bca19ceef3/host
Jun 22 04:10:40 gtw01 dnsmasq-dhcp[23235]: read /var/lib/neutron/dhcp/e35b3460-0cac-4ce4-8692-11bca19ceef3/opts
Jun 22 04:10:40 gtw01 dnsmasq[23068]: read /var/lib/neutron/dhcp/e6746b9c-fb88-42d0-a71b-f3697f8bc657/addn_hosts - 2 addresses
Jun 22 04:10:40 gtw01 dnsmasq-dhcp[23068]: read /var/lib/neutron/dhcp/e6746b9c-fb88-42d0-a71b-f3697f8bc657/host
Jun 22 04:10:40 gtw01 dnsmasq-dhcp[23068]: read /var/lib/neutron/dhcp/e6746b9c-fb88-42d0-a71b-f3697f8bc657/opts
Jun 22 04:10:40 gtw01 dnsmasq[23038]: read /var/lib/neutron/dhcp/1b646300-60a1-4f7b-8413-3002021a73ad/addn_hosts - 2 addresses
Jun 22 04:10:40 gtw01 dnsmasq-dhcp[23038]: read /var/lib/neutron/dhcp/1b646300-60a1-4f7b-8413-3002021a73ad/host
Jun 22 04:10:40 gtw01 dnsmasq-dhcp[23038]: read /var/lib/neutron/dhcp/1b646300-60a1-4f7b-8413-3002021a73ad/opts
Jun 22 04:10:41 gtw01 dnsmasq[23235]: read /var/lib/neutron/dhcp/e35b3460-0cac-4ce4-8692-11bca19ceef3/addn_hosts - 2 addresses
Jun 22 04:10:41 gtw01 dnsmasq-dhcp[23235]: read /var/lib/neutron/dhcp/e35b3460-0cac-4ce4-8692-11bca19ceef3/host
Jun 22 04:10:41 gtw01 dnsmasq-dhcp[23235]: read /var/lib/neutron/dhcp/e35b3460-0cac-4ce4-8692-11bca19ceef3/opts
Jun 22 04:10:41 gtw01 dnsmasq[23068]: read /var/lib/neutron/dhcp/e6746b9c-fb88-42d0-a71b-f3697f8bc657/addn_hosts - 2 addresses
Jun 22 04:10:41 gtw01 dnsmasq-dhcp[23068]: read /var/lib/neutron/dhcp/e6746b9c-fb88-42d0-a71b-f3697f8bc657/host
Jun 22 04:10:41 gtw01 dnsmasq-dhcp[23068]: read /var/lib/neutron/dhcp/e6746b9c-fb88-42d0-a71b-f3697f8bc657/opts
Jun 22 04:10:41 gtw01 dnsmasq[23038]: read /var/lib/neutron/dhcp/1b646300-60a1-4f7b-8413-3002021a73ad/addn_hosts - 2 addresses
Jun 22 04:10:41 gtw01 dnsmasq-dhcp[23038]: read /var/lib/neutron/dhcp/1b646300-60a1-4f7b-8413-3002021a73ad/host
Jun 22 04:10:41 gtw01 dnsmasq-dhcp[23038]: read /var/lib/neutron/dhcp/1b646300-60a1-4f7b-8413-3002021a73ad/opts
Jun 22 04:10:44 gtw01 dnsmasq[23038]: read /var/lib/neutron/dhcp/1b646300-60a1-4f7b-8413-3002021a73ad/addn_hosts - 2 addresses
Jun 22 04:10:44 gtw01 dnsmasq-dhcp[23038]: read /var/lib/neutron/dhcp/1b646300-60a1-4f7b-8413-3002021a73ad/host
Jun 22 04:10:44 gtw01 dnsmasq-dhcp[23038]: read /var/lib/neutron/dhcp/1b646300-60a1-4f7b-8413-3002021a73ad/opts
Jun 22 04:10:45 gtw01 dnsmasq[23235]: read /var/lib/neutron/dhcp/e35b3460-0cac-4ce4-8692-11bca19ceef3/addn_hosts - 2 addresses
Jun 22 04:10:45 gtw01 dnsmasq-dhcp[23235]: read /var/lib/neutron/dhcp/e35b3460-0cac-4ce4-8692-11bca19ceef3/host
Jun 22 04:10:45 gtw01 dnsmasq-dhcp[23235]: read /var/lib/neutron/dhcp/e35b3460-0cac-4ce4-8692-11bca19ceef3/opts
Jun 22 04:10:45 gtw01 dnsmasq[23068]: read /var/lib/neutron/dhcp/e6746b9c-fb88-42d0-a71b-f3697f8bc657/addn_hosts - 3 addresses
Jun 22 04:10:45 gtw01 dnsmasq-dhcp[23068]: read /var/lib/neutron/dhcp/e6746b9c-fb88-42d0-a71b-f3697f8bc657/host
Jun 22 04:10:45 gtw01 dnsmasq-dhcp[23068]: read /var/lib/neutron/dhcp/e6746b9c-fb88-42d0-a71b-f3697f8bc657/opts
Jun 22 04:10:46 gtw01 dnsmasq[3184]: read /var/lib/neutron/dhcp/9cd27ec0-9bf6-48d3-bf8d-a954a0528f50/addn_hosts - 3 addresses
Jun 22 04:10:46 gtw01 dnsmasq-dhcp[3184]: read /var/lib/neutron/dhcp/9cd27ec0-9bf6-48d3-bf8d-a954a0528f50/host
Jun 22 04:10:46 gtw01 dnsmasq-dhcp[3184]: read /var/lib/neutron/dhcp/9cd27ec0-9bf6-48d3-bf8d-a954a0528f50/opts
Jun 22 04:10:46 gtw01 dnsmasq[23038]: read /var/lib/neutron/dhcp/1b646300-60a1-4f7b-8413-3002021a73ad/addn_hosts - 3 addresses
Jun 22 04:10:46 gtw01 dnsmasq-dhcp[23038]: read /var/lib/neutron/dhcp/1b646300-60a1-4f7b-8413-3002021a73ad/host
Jun 22 04:10:46 gtw01 dnsmasq-dhcp[23038]: read /var/lib/neutron/dhcp/1b646300-60a1-4f7b-8413-3002021a73ad/opts
Jun 22 04:10:47 gtw01 dnsmasq[23235]: read /var/lib/neutron/dhcp/e35b3460-0cac-4ce4-8692-11bca19ceef3/addn_hosts - 2 addresses
Jun 22 04:10:47 gtw01 dnsmasq-dhcp[23235]: read /var/lib/neutron/dhcp/e35b3460-0cac-4ce4-8692-11bca19ceef3/host
Jun 22 04:10:47 gtw01 dnsmasq-dhcp[23235]: read /var/lib/neutron/dhcp/e35b3460-0cac-4ce4-8692-11bca19ceef3/opts
Jun 22 04:10:47 gtw01 dnsmasq[23068]: read /var/lib/neutron/dhcp/e6746b9c-fb88-42d0-a71b-f3697f8bc657/addn_hosts - 3 addresses
Jun 22 04:10:47 gtw01 dnsmasq-dhcp[23068]: read /var/lib/neutron/dhcp/e6746b9c-fb88-42d0-a71b-f3697f8bc657/host
Jun 22 04:10:47 gtw01 dnsmasq-dhcp[23068]: read /var/lib/neutron/dhcp/e6746b9c-fb88-42d0-a71b-f3697f8bc657/opts
Jun 22 04:10:47 gtw01 dnsmasq[3184]: read /var/lib/neutron/dhcp/9cd27ec0-9bf6-48d3-bf8d-a954a0528f50/addn_hosts - 2 addresses
Jun 22 04:10:47 gtw01 dnsmasq-dhcp[3184]: read /var/lib/neutron/dhcp/9cd27ec0-9bf6-48d3-bf8d-a954a0528f50/host
Jun 22 04:10:47 gtw01 dnsmasq-dhcp[3184]: read /var/lib/neutron/dhcp/9cd27ec0-9bf6-48d3-bf8d-a954a0528f50/opts
Jun 22 04:10:47 gtw01 dnsmasq[23038]: read /var/lib/neutron/dhcp/1b646300-60a1-4f7b-8413-3002021a73ad/addn_hosts - 3 addresses
Jun 22 04:10:47 gtw01 dnsmasq-dhcp[23038]: read /var/lib/neutron/dhcp/1b646300-60a1-4f7b-8413-3002021a73ad/host
Jun 22 04:10:47 gtw01 dnsmasq-dhcp[23038]: read /var/lib/neutron/dhcp/1b646300-60a1-4f7b-8413-3002021a73ad/opts
Jun 22 04:10:48 gtw01 dnsmasq[23235]: read /var/lib/neutron/dhcp/e35b3460-0cac-4ce4-8692-11bca19ceef3/addn_hosts - 2 addresses
Jun 22 04:10:48 gtw01 dnsmasq-dhcp[23235]: read /var/lib/neutron/dhcp/e35b3460-0cac-4ce4-8692-11bca19ceef3/host
Jun 22 04:10:48 gtw01 dnsmasq-dhcp[23235]: read /var/lib/neutron/dhcp/e35b3460-0cac-4ce4-8692-11bca19ceef3/opts
Jun 22 04:10:48 gtw01 haproxy-metadata-proxy-41261600-f86b-4624-b81f-89c46d2d18be[23737]: Proxy listener started.
Jun 22 04:10:48 gtw01 dnsmasq[23068]: read /var/lib/neutron/dhcp/e6746b9c-fb88-42d0-a71b-f3697f8bc657/addn_hosts - 3 addresses
Jun 22 04:10:48 gtw01 dnsmasq-dhcp[23068]: read /var/lib/neutron/dhcp/e6746b9c-fb88-42d0-a71b-f3697f8bc657/host
Jun 22 04:10:48 gtw01 dnsmasq-dhcp[23068]: read /var/lib/neutron/dhcp/e6746b9c-fb88-42d0-a71b-f3697f8bc657/opts
Jun 22 04:10:48 gtw01 dnsmasq[3184]: read /var/lib/neutron/dhcp/9cd27ec0-9bf6-48d3-bf8d-a954a0528f50/addn_hosts - 3 addresses
Jun 22 04:10:48 gtw01 dnsmasq-dhcp[3184]: read /var/lib/neutron/dhcp/9cd27ec0-9bf6-48d3-bf8d-a954a0528f50/host
Jun 22 04:10:48 gtw01 dnsmasq-dhcp[3184]: read /var/lib/neutron/dhcp/9cd27ec0-9bf6-48d3-bf8d-a954a0528f50/opts
Jun 22 04:10:49 gtw01 dnsmasq[23038]: read /var/lib/neutron/dhcp/1b646300-60a1-4f7b-8413-3002021a73ad/addn_hosts - 3 addresses
Jun 22 04:10:49 gtw01 dnsmasq-dhcp[23038]: read /var/lib/neutron/dhcp/1b646300-60a1-4f7b-8413-3002021a73ad/host
Jun 22 04:10:49 gtw01 dnsmasq-dhcp[23038]: read /var/lib/neutron/dhcp/1b646300-60a1-4f7b-8413-3002021a73ad/opts
Jun 22 04:10:49 gtw01 dnsmasq[23235]: read /var/lib/neutron/dhcp/e35b3460-0cac-4ce4-8692-11bca19ceef3/addn_hosts - 2 addresses
Jun 22 04:10:49 gtw01 dnsmasq-dhcp[23235]: read /var/lib/neutron/dhcp/e35b3460-0cac-4ce4-8692-11bca19ceef3/host
Jun 22 04:10:49 gtw01 dnsmasq-dhcp[23235]: read /var/lib/neutron/dhcp/e35b3460-0cac-4ce4-8692-11bca19ceef3/opts
Jun 22 04:10:49 gtw01 dnsmasq[23068]: read /var/lib/neutron/dhcp/e6746b9c-fb88-42d0-a71b-f3697f8bc657/addn_hosts - 3 addresses
Jun 22 04:10:49 gtw01 dnsmasq-dhcp[23068]: read /var/lib/neutron/dhcp/e6746b9c-fb88-42d0-a71b-f3697f8bc657/host
Jun 22 04:10:49 gtw01 dnsmasq-dhcp[23068]: read /var/lib/neutron/dhcp/e6746b9c-fb88-42d0-a71b-f3697f8bc657/opts
Jun 22 04:10:49 gtw01 dnsmasq[3184]: read /var/lib/neutron/dhcp/9cd27ec0-9bf6-48d3-bf8d-a954a0528f50/addn_hosts - 3 addresses
Jun 22 04:10:49 gtw01 dnsmasq-dhcp[3184]: read /var/lib/neutron/dhcp/9cd27ec0-9bf6-48d3-bf8d-a954a0528f50/host
Jun 22 04:10:49 gtw01 dnsmasq-dhcp[3184]: read /var/lib/neutron/dhcp/9cd27ec0-9bf6-48d3-bf8d-a954a0528f50/opts
Jun 22 04:10:50 gtw01 dnsmasq[23038]: read /var/lib/neutron/dhcp/1b646300-60a1-4f7b-8413-3002021a73ad/addn_hosts - 3 addresses
Jun 22 04:10:50 gtw01 dnsmasq-dhcp[23038]: read /var/lib/neutron/dhcp/1b646300-60a1-4f7b-8413-3002021a73ad/host
Jun 22 04:10:50 gtw01 dnsmasq-dhcp[23038]: read /var/lib/neutron/dhcp/1b646300-60a1-4f7b-8413-3002021a73ad/opts
Jun 22 04:10:50 gtw01 dnsmasq[23068]: read /var/lib/neutron/dhcp/e6746b9c-fb88-42d0-a71b-f3697f8bc657/addn_hosts - 3 addresses
Jun 22 04:10:50 gtw01 dnsmasq-dhcp[23068]: read /var/lib/neutron/dhcp/e6746b9c-fb88-42d0-a71b-f3697f8bc657/host
Jun 22 04:10:50 gtw01 dnsmasq-dhcp[23068]: read /var/lib/neutron/dhcp/e6746b9c-fb88-42d0-a71b-f3697f8bc657/opts
Jun 22 04:10:50 gtw01 dnsmasq[3184]: read /var/lib/neutron/dhcp/9cd27ec0-9bf6-48d3-bf8d-a954a0528f50/addn_hosts - 3 addresses
Jun 22 04:10:50 gtw01 dnsmasq-dhcp[3184]: read /var/lib/neutron/dhcp/9cd27ec0-9bf6-48d3-bf8d-a954a0528f50/host
Jun 22 04:10:50 gtw01 dnsmasq-dhcp[3184]: read /var/lib/neutron/dhcp/9cd27ec0-9bf6-48d3-bf8d-a954a0528f50/opts
Jun 22 04:10:51 gtw01 dnsmasq[23038]: read /var/lib/neutron/dhcp/1b646300-60a1-4f7b-8413-3002021a73ad/addn_hosts - 3 addresses
Jun 22 04:10:51 gtw01 dnsmasq-dhcp[23038]: read /var/lib/neutron/dhcp/1b646300-60a1-4f7b-8413-3002021a73ad/host
Jun 22 04:10:51 gtw01 dnsmasq-dhcp[23038]: read /var/lib/neutron/dhcp/1b646300-60a1-4f7b-8413-3002021a73ad/opts
Jun 22 04:10:51 gtw01 dnsmasq[23068]: read /var/lib/neutron/dhcp/e6746b9c-fb88-42d0-a71b-f3697f8bc657/addn_hosts - 3 addresses
Jun 22 04:10:51 gtw01 dnsmasq-dhcp[23068]: read /var/lib/neutron/dhcp/e6746b9c-fb88-42d0-a71b-f3697f8bc657/host
Jun 22 04:10:51 gtw01 dnsmasq-dhcp[23068]: read /var/lib/neutron/dhcp/e6746b9c-fb88-42d0-a71b-f3697f8bc657/opts
Jun 22 04:10:52 gtw01 dnsmasq[23038]: read /var/lib/neutron/dhcp/1b646300-60a1-4f7b-8413-3002021a73ad/addn_hosts - 3 addresses
Jun 22 04:10:52 gtw01 dnsmasq-dhcp[23038]: read /var/lib/neutron/dhcp/1b646300-60a1-4f7b-8413-3002021a73ad/host
Jun 22 04:10:52 gtw01 dnsmasq-dhcp[23038]: read /var/lib/neutron/dhcp/1b646300-60a1-4f7b-8413-3002021a73ad/opts
Jun 22 04:10:55 gtw01 dnsmasq[3184]: read /var/lib/neutron/dhcp/9cd27ec0-9bf6-48d3-bf8d-a954a0528f50/addn_hosts - 4 addresses
Jun 22 04:10:55 gtw01 dnsmasq-dhcp[3184]: read /var/lib/neutron/dhcp/9cd27ec0-9bf6-48d3-bf8d-a954a0528f50/host
Jun 22 04:10:55 gtw01 dnsmasq-dhcp[3184]: read /var/lib/neutron/dhcp/9cd27ec0-9bf6-48d3-bf8d-a954a0528f50/opts
Jun 22 04:10:55 gtw01 dnsmasq[23235]: read /var/lib/neutron/dhcp/e35b3460-0cac-4ce4-8692-11bca19ceef3/addn_hosts - 1 addresses
Jun 22 04:10:55 gtw01 dnsmasq-dhcp[23235]: read /var/lib/neutron/dhcp/e35b3460-0cac-4ce4-8692-11bca19ceef3/host
Jun 22 04:10:55 gtw01 dnsmasq-dhcp[23235]: read /var/lib/neutron/dhcp/e35b3460-0cac-4ce4-8692-11bca19ceef3/opts
Jun 22 04:10:56 gtw01 dnsmasq[3184]: read /var/lib/neutron/dhcp/9cd27ec0-9bf6-48d3-bf8d-a954a0528f50/addn_hosts - 4 addresses
Jun 22 04:10:56 gtw01 dnsmasq-dhcp[3184]: read /var/lib/neutron/dhcp/9cd27ec0-9bf6-48d3-bf8d-a954a0528f50/host
Jun 22 04:10:56 gtw01 dnsmasq-dhcp[3184]: read /var/lib/neutron/dhcp/9cd27ec0-9bf6-48d3-bf8d-a954a0528f50/opts
Jun 22 04:10:56 gtw01 dnsmasq[23068]: read /var/lib/neutron/dhcp/e6746b9c-fb88-42d0-a71b-f3697f8bc657/addn_hosts - 2 addresses
Jun 22 04:10:56 gtw01 dnsmasq-dhcp[23068]: read /var/lib/neutron/dhcp/e6746b9c-fb88-42d0-a71b-f3697f8bc657/host
Jun 22 04:10:56 gtw01 dnsmasq-dhcp[23068]: read /var/lib/neutron/dhcp/e6746b9c-fb88-42d0-a71b-f3697f8bc657/opts
Jun 22 04:10:57 gtw01 dnsmasq[3184]: read /var/lib/neutron/dhcp/9cd27ec0-9bf6-48d3-bf8d-a954a0528f50/addn_hosts - 4 addresses
Jun 22 04:10:57 gtw01 dnsmasq-dhcp[3184]: read /var/lib/neutron/dhcp/9cd27ec0-9bf6-48d3-bf8d-a954a0528f50/host
Jun 22 04:10:57 gtw01 dnsmasq-dhcp[3184]: read /var/lib/neutron/dhcp/9cd27ec0-9bf6-48d3-bf8d-a954a0528f50/opts
Jun 22 04:10:58 gtw01 dnsmasq[23068]: read /var/lib/neutron/dhcp/e6746b9c-fb88-42d0-a71b-f3697f8bc657/addn_hosts - 1 addresses
Jun 22 04:10:58 gtw01 dnsmasq-dhcp[23068]: read /var/lib/neutron/dhcp/e6746b9c-fb88-42d0-a71b-f3697f8bc657/host
Jun 22 04:10:58 gtw01 dnsmasq-dhcp[23068]: read /var/lib/neutron/dhcp/e6746b9c-fb88-42d0-a71b-f3697f8bc657/opts
Jun 22 04:11:01 gtw01 kernel: [ 5650.493150] device tapdceaad40-97 left promiscuous mode
Jun 22 04:11:04 gtw01 dnsmasq-dhcp[3184]: DHCPDISCOVER(tap3dd2b34d-81) fa:16:3e:e0:d6:04
Jun 22 04:11:04 gtw01 dnsmasq-dhcp[3184]: DHCPOFFER(tap3dd2b34d-81) 192.168.120.25 fa:16:3e:e0:d6:04
Jun 22 04:11:04 gtw01 dnsmasq-dhcp[3184]: DHCPREQUEST(tap3dd2b34d-81) 192.168.120.25 fa:16:3e:e0:d6:04
Jun 22 04:11:04 gtw01 dnsmasq-dhcp[3184]: DHCPACK(tap3dd2b34d-81) 192.168.120.25 fa:16:3e:e0:d6:04 host-192-168-120-25
Jun 22 04:11:04 gtw01 kernel: [ 5653.801152] device tap3fa42a4e-e2 left promiscuous mode
Jun 22 04:11:07 gtw01 dnsmasq-dhcp[23038]: DHCPDISCOVER(tapf1c7db02-34) fa:16:3e:47:05:63
Jun 22 04:11:07 gtw01 dnsmasq-dhcp[23038]: DHCPOFFER(tapf1c7db02-34) 192.168.120.4 fa:16:3e:47:05:63
Jun 22 04:11:07 gtw01 dnsmasq-dhcp[23038]: DHCPREQUEST(tapf1c7db02-34) 192.168.120.4 fa:16:3e:47:05:63
Jun 22 04:11:07 gtw01 dnsmasq-dhcp[23038]: DHCPACK(tapf1c7db02-34) 192.168.120.4 fa:16:3e:47:05:63 host-192-168-120-4
Jun 22 04:11:08 gtw01 dnsmasq-dhcp[3184]: DHCPDISCOVER(tap3dd2b34d-81) fa:16:3e:9f:3e:d9
Jun 22 04:11:08 gtw01 dnsmasq-dhcp[3184]: DHCPOFFER(tap3dd2b34d-81) 192.168.120.11 fa:16:3e:9f:3e:d9
Jun 22 04:11:08 gtw01 dnsmasq-dhcp[3184]: DHCPREQUEST(tap3dd2b34d-81) 192.168.120.11 fa:16:3e:9f:3e:d9
Jun 22 04:11:08 gtw01 dnsmasq-dhcp[3184]: DHCPACK(tap3dd2b34d-81) 192.168.120.11 fa:16:3e:9f:3e:d9 host-192-168-120-11
Jun 22 04:11:09 gtw01 systemd-udevd[24323]: Could not generate persistent MAC address for tap8e07343c-b4: No such file or directory
Jun 22 04:11:09 gtw01 kernel: [ 5658.293189] device tap8e07343c-b4 entered promiscuous mode
Jun 22 04:11:09 gtw01 systemd-udevd[24323]: Process '/sbin/ip link set tap8e07343c-b4 txqueuelen 10000' failed with exit code 1.
Jun 22 04:11:09 gtw01 systemd-udevd[24323]: Process '/sbin/ip link set tap8e07343c-b4 txqueuelen 10000' failed with exit code 1.
Jun 22 04:11:10 gtw01 dnsmasq-dhcp[3184]: DHCPRELEASE(tap3dd2b34d-81) 192.168.120.25 fa:16:3e:e0:d6:04
Jun 22 04:11:11 gtw01 systemd-udevd[24437]: Could not generate persistent MAC address for tap4ee9b838-d7: No such file or directory
Jun 22 04:11:11 gtw01 kernel: [ 5660.027719] device tap4ee9b838-d7 entered promiscuous mode
Jun 22 04:11:11 gtw01 systemd-udevd[24486]: Process '/sbin/ip link set tap4ee9b838-d7 txqueuelen 10000' failed with exit code 1.
Jun 22 04:11:11 gtw01 dnsmasq-dhcp[3184]: DHCPRELEASE(tap3dd2b34d-81) 192.168.120.11 fa:16:3e:9f:3e:d9
Jun 22 04:11:12 gtw01 dnsmasq[24564]: started, version 2.80 cachesize 150
Jun 22 04:11:12 gtw01 dnsmasq[24564]: DNS service limited to local subnets
Jun 22 04:11:12 gtw01 dnsmasq[24564]: compile time options: IPv6 GNU-getopt DBus i18n IDN DHCP DHCPv6 no-Lua TFTP conntrack ipset auth DNSSEC loop-detect inotify dumpfile
Jun 22 04:11:12 gtw01 dnsmasq[24564]: LOUD WARNING: listening on 19.80.0.2 may accept requests via interfaces other than tap8e07343c-b4
Jun 22 04:11:12 gtw01 dnsmasq[24564]: LOUD WARNING: use --bind-dynamic rather than --bind-interfaces to avoid DNS amplification attacks via these interface(s)
Jun 22 04:11:12 gtw01 dnsmasq[24564]: warning: no upstream servers configured
Jun 22 04:11:12 gtw01 dnsmasq-dhcp[24564]: DHCP, static leases only on 19.80.0.0, lease time 1h
Jun 22 04:11:12 gtw01 dnsmasq[24564]: read /var/lib/neutron/dhcp/d7f61437-ece1-4996-b146-92624775cd51/addn_hosts - 1 addresses
Jun 22 04:11:12 gtw01 dnsmasq-dhcp[24564]: read /var/lib/neutron/dhcp/d7f61437-ece1-4996-b146-92624775cd51/host
Jun 22 04:11:12 gtw01 dnsmasq-dhcp[24564]: read /var/lib/neutron/dhcp/d7f61437-ece1-4996-b146-92624775cd51/opts
Jun 22 04:11:13 gtw01 haproxy-metadata-proxy-d7f61437-ece1-4996-b146-92624775cd51[24573]: Proxy listener started.
Jun 22 04:11:14 gtw01 dnsmasq[24564]: read /var/lib/neutron/dhcp/d7f61437-ece1-4996-b146-92624775cd51/addn_hosts - 2 addresses
Jun 22 04:11:14 gtw01 dnsmasq-dhcp[24564]: read /var/lib/neutron/dhcp/d7f61437-ece1-4996-b146-92624775cd51/host
Jun 22 04:11:14 gtw01 dnsmasq-dhcp[24564]: read /var/lib/neutron/dhcp/d7f61437-ece1-4996-b146-92624775cd51/opts
Jun 22 04:11:14 gtw01 dnsmasq[24630]: started, version 2.80 cachesize 150
Jun 22 04:11:14 gtw01 dnsmasq[24630]: DNS service limited to local subnets
Jun 22 04:11:14 gtw01 dnsmasq[24630]: compile time options: IPv6 GNU-getopt DBus i18n IDN DHCP DHCPv6 no-Lua TFTP conntrack ipset auth DNSSEC loop-detect inotify dumpfile
Jun 22 04:11:14 gtw01 dnsmasq[24630]: LOUD WARNING: listening on 19.86.0.2 may accept requests via interfaces other than tap4ee9b838-d7
Jun 22 04:11:14 gtw01 dnsmasq[24630]: LOUD WARNING: use --bind-dynamic rather than --bind-interfaces to avoid DNS amplification attacks via these interface(s)
Jun 22 04:11:14 gtw01 dnsmasq[24630]: warning: no upstream servers configured
Jun 22 04:11:14 gtw01 dnsmasq-dhcp[24630]: DHCP, static leases only on 19.86.0.0, lease time 1h
Jun 22 04:11:14 gtw01 dnsmasq[24630]: read /var/lib/neutron/dhcp/79d67364-a6f3-4ecf-ba1e-ce439ec431fb/addn_hosts - 1 addresses
Jun 22 04:11:14 gtw01 dnsmasq-dhcp[24630]: read /var/lib/neutron/dhcp/79d67364-a6f3-4ecf-ba1e-ce439ec431fb/host
Jun 22 04:11:14 gtw01 dnsmasq-dhcp[24630]: read /var/lib/neutron/dhcp/79d67364-a6f3-4ecf-ba1e-ce439ec431fb/opts
Jun 22 04:11:14 gtw01 haproxy-metadata-proxy-79d67364-a6f3-4ecf-ba1e-ce439ec431fb[24638]: Proxy listener started.
Jun 22 04:11:15 gtw01 dnsmasq[24564]: read /var/lib/neutron/dhcp/d7f61437-ece1-4996-b146-92624775cd51/addn_hosts - 2 addresses
Jun 22 04:11:15 gtw01 dnsmasq-dhcp[24564]: read /var/lib/neutron/dhcp/d7f61437-ece1-4996-b146-92624775cd51/host
Jun 22 04:11:15 gtw01 dnsmasq-dhcp[24564]: read /var/lib/neutron/dhcp/d7f61437-ece1-4996-b146-92624775cd51/opts
Jun 22 04:11:15 gtw01 dnsmasq[24630]: read /var/lib/neutron/dhcp/79d67364-a6f3-4ecf-ba1e-ce439ec431fb/addn_hosts - 2 addresses
Jun 22 04:11:15 gtw01 dnsmasq-dhcp[24630]: read /var/lib/neutron/dhcp/79d67364-a6f3-4ecf-ba1e-ce439ec431fb/host
Jun 22 04:11:15 gtw01 dnsmasq-dhcp[24630]: read /var/lib/neutron/dhcp/79d67364-a6f3-4ecf-ba1e-ce439ec431fb/opts
Jun 22 04:11:16 gtw01 dnsmasq[24564]: read /var/lib/neutron/dhcp/d7f61437-ece1-4996-b146-92624775cd51/addn_hosts - 2 addresses
Jun 22 04:11:16 gtw01 dnsmasq-dhcp[24564]: read /var/lib/neutron/dhcp/d7f61437-ece1-4996-b146-92624775cd51/host
Jun 22 04:11:16 gtw01 dnsmasq-dhcp[24564]: read /var/lib/neutron/dhcp/d7f61437-ece1-4996-b146-92624775cd51/opts
Jun 22 04:11:16 gtw01 dnsmasq[24630]: read /var/lib/neutron/dhcp/79d67364-a6f3-4ecf-ba1e-ce439ec431fb/addn_hosts - 2 addresses
Jun 22 04:11:16 gtw01 dnsmasq-dhcp[24630]: read /var/lib/neutron/dhcp/79d67364-a6f3-4ecf-ba1e-ce439ec431fb/host
Jun 22 04:11:16 gtw01 dnsmasq-dhcp[24630]: read /var/lib/neutron/dhcp/79d67364-a6f3-4ecf-ba1e-ce439ec431fb/opts
Jun 22 04:11:17 gtw01 dnsmasq[24564]: read /var/lib/neutron/dhcp/d7f61437-ece1-4996-b146-92624775cd51/addn_hosts - 2 addresses
Jun 22 04:11:17 gtw01 dnsmasq-dhcp[24564]: read /var/lib/neutron/dhcp/d7f61437-ece1-4996-b146-92624775cd51/host
Jun 22 04:11:17 gtw01 dnsmasq-dhcp[24564]: read /var/lib/neutron/dhcp/d7f61437-ece1-4996-b146-92624775cd51/opts
Jun 22 04:11:17 gtw01 dnsmasq[24630]: read /var/lib/neutron/dhcp/79d67364-a6f3-4ecf-ba1e-ce439ec431fb/addn_hosts - 2 addresses
Jun 22 04:11:17 gtw01 dnsmasq-dhcp[24630]: read /var/lib/neutron/dhcp/79d67364-a6f3-4ecf-ba1e-ce439ec431fb/host
Jun 22 04:11:17 gtw01 dnsmasq-dhcp[24630]: read /var/lib/neutron/dhcp/79d67364-a6f3-4ecf-ba1e-ce439ec431fb/opts
Jun 22 04:11:18 gtw01 dnsmasq[24564]: read /var/lib/neutron/dhcp/d7f61437-ece1-4996-b146-92624775cd51/addn_hosts - 2 addresses
Jun 22 04:11:18 gtw01 dnsmasq-dhcp[24564]: read /var/lib/neutron/dhcp/d7f61437-ece1-4996-b146-92624775cd51/host
Jun 22 04:11:18 gtw01 dnsmasq-dhcp[24564]: read /var/lib/neutron/dhcp/d7f61437-ece1-4996-b146-92624775cd51/opts
Jun 22 04:11:18 gtw01 dnsmasq[24630]: read /var/lib/neutron/dhcp/79d67364-a6f3-4ecf-ba1e-ce439ec431fb/addn_hosts - 2 addresses
Jun 22 04:11:18 gtw01 dnsmasq-dhcp[24630]: read /var/lib/neutron/dhcp/79d67364-a6f3-4ecf-ba1e-ce439ec431fb/host
Jun 22 04:11:18 gtw01 dnsmasq-dhcp[24630]: read /var/lib/neutron/dhcp/79d67364-a6f3-4ecf-ba1e-ce439ec431fb/opts
Jun 22 04:11:19 gtw01 dnsmasq[24564]: read /var/lib/neutron/dhcp/d7f61437-ece1-4996-b146-92624775cd51/addn_hosts - 2 addresses
Jun 22 04:11:19 gtw01 dnsmasq-dhcp[24564]: read /var/lib/neutron/dhcp/d7f61437-ece1-4996-b146-92624775cd51/host
Jun 22 04:11:19 gtw01 dnsmasq-dhcp[24564]: read /var/lib/neutron/dhcp/d7f61437-ece1-4996-b146-92624775cd51/opts
Jun 22 04:11:19 gtw01 dnsmasq[24630]: read /var/lib/neutron/dhcp/79d67364-a6f3-4ecf-ba1e-ce439ec431fb/addn_hosts - 2 addresses
Jun 22 04:11:19 gtw01 dnsmasq-dhcp[24630]: read /var/lib/neutron/dhcp/79d67364-a6f3-4ecf-ba1e-ce439ec431fb/host
Jun 22 04:11:19 gtw01 dnsmasq-dhcp[24630]: read /var/lib/neutron/dhcp/79d67364-a6f3-4ecf-ba1e-ce439ec431fb/opts
Jun 22 04:11:20 gtw01 dnsmasq[24630]: read /var/lib/neutron/dhcp/79d67364-a6f3-4ecf-ba1e-ce439ec431fb/addn_hosts - 2 addresses
Jun 22 04:11:20 gtw01 dnsmasq-dhcp[24630]: read /var/lib/neutron/dhcp/79d67364-a6f3-4ecf-ba1e-ce439ec431fb/host
Jun 22 04:11:20 gtw01 dnsmasq-dhcp[24630]: read /var/lib/neutron/dhcp/79d67364-a6f3-4ecf-ba1e-ce439ec431fb/opts
Jun 22 04:11:22 gtw01 dnsmasq[3184]: read /var/lib/neutron/dhcp/9cd27ec0-9bf6-48d3-bf8d-a954a0528f50/addn_hosts - 3 addresses
Jun 22 04:11:22 gtw01 dnsmasq-dhcp[3184]: read /var/lib/neutron/dhcp/9cd27ec0-9bf6-48d3-bf8d-a954a0528f50/host
Jun 22 04:11:22 gtw01 dnsmasq-dhcp[3184]: read /var/lib/neutron/dhcp/9cd27ec0-9bf6-48d3-bf8d-a954a0528f50/opts
Jun 22 04:11:23 gtw01 dnsmasq[3184]: read /var/lib/neutron/dhcp/9cd27ec0-9bf6-48d3-bf8d-a954a0528f50/addn_hosts - 2 addresses
Jun 22 04:11:23 gtw01 dnsmasq-dhcp[3184]: read /var/lib/neutron/dhcp/9cd27ec0-9bf6-48d3-bf8d-a954a0528f50/host
Jun 22 04:11:23 gtw01 dnsmasq-dhcp[3184]: read /var/lib/neutron/dhcp/9cd27ec0-9bf6-48d3-bf8d-a954a0528f50/opts
Jun 22 04:11:24 gtw01 dnsmasq[3184]: read /var/lib/neutron/dhcp/9cd27ec0-9bf6-48d3-bf8d-a954a0528f50/addn_hosts - 3 addresses
Jun 22 04:11:24 gtw01 dnsmasq-dhcp[3184]: read /var/lib/neutron/dhcp/9cd27ec0-9bf6-48d3-bf8d-a954a0528f50/host
Jun 22 04:11:24 gtw01 dnsmasq-dhcp[3184]: read /var/lib/neutron/dhcp/9cd27ec0-9bf6-48d3-bf8d-a954a0528f50/opts
Jun 22 04:11:25 gtw01 dnsmasq[3184]: read /var/lib/neutron/dhcp/9cd27ec0-9bf6-48d3-bf8d-a954a0528f50/addn_hosts - 3 addresses
Jun 22 04:11:25 gtw01 dnsmasq-dhcp[3184]: read /var/lib/neutron/dhcp/9cd27ec0-9bf6-48d3-bf8d-a954a0528f50/host
Jun 22 04:11:25 gtw01 dnsmasq-dhcp[3184]: read /var/lib/neutron/dhcp/9cd27ec0-9bf6-48d3-bf8d-a954a0528f50/opts
Jun 22 04:11:26 gtw01 dnsmasq[3184]: read /var/lib/neutron/dhcp/9cd27ec0-9bf6-48d3-bf8d-a954a0528f50/addn_hosts - 3 addresses
Jun 22 04:11:26 gtw01 dnsmasq-dhcp[3184]: read /var/lib/neutron/dhcp/9cd27ec0-9bf6-48d3-bf8d-a954a0528f50/host
Jun 22 04:11:26 gtw01 dnsmasq-dhcp[3184]: read /var/lib/neutron/dhcp/9cd27ec0-9bf6-48d3-bf8d-a954a0528f50/opts
Jun 22 04:11:28 gtw01 dnsmasq[24564]: read /var/lib/neutron/dhcp/d7f61437-ece1-4996-b146-92624775cd51/addn_hosts - 1 addresses
Jun 22 04:11:28 gtw01 dnsmasq-dhcp[24564]: read /var/lib/neutron/dhcp/d7f61437-ece1-4996-b146-92624775cd51/host
Jun 22 04:11:28 gtw01 dnsmasq-dhcp[24564]: read /var/lib/neutron/dhcp/d7f61437-ece1-4996-b146-92624775cd51/opts
Jun 22 04:11:29 gtw01 dnsmasq[24630]: read /var/lib/neutron/dhcp/79d67364-a6f3-4ecf-ba1e-ce439ec431fb/addn_hosts - 1 addresses
Jun 22 04:11:29 gtw01 dnsmasq-dhcp[24630]: read /var/lib/neutron/dhcp/79d67364-a6f3-4ecf-ba1e-ce439ec431fb/host
Jun 22 04:11:29 gtw01 dnsmasq-dhcp[24630]: read /var/lib/neutron/dhcp/79d67364-a6f3-4ecf-ba1e-ce439ec431fb/opts
Jun 22 04:11:30 gtw01 dnsmasq[23038]: read /var/lib/neutron/dhcp/1b646300-60a1-4f7b-8413-3002021a73ad/addn_hosts - 4 addresses
Jun 22 04:11:30 gtw01 dnsmasq-dhcp[23038]: read /var/lib/neutron/dhcp/1b646300-60a1-4f7b-8413-3002021a73ad/host
Jun 22 04:11:30 gtw01 dnsmasq-dhcp[23038]: read /var/lib/neutron/dhcp/1b646300-60a1-4f7b-8413-3002021a73ad/opts
Jun 22 04:11:31 gtw01 dnsmasq-dhcp[23038]: DHCPDISCOVER(tapf1c7db02-34) fa:16:3e:47:05:63
Jun 22 04:11:31 gtw01 dnsmasq-dhcp[23038]: DHCPOFFER(tapf1c7db02-34) 192.168.120.4 fa:16:3e:47:05:63
Jun 22 04:11:31 gtw01 dnsmasq-dhcp[23038]: DHCPREQUEST(tapf1c7db02-34) 192.168.120.4 fa:16:3e:47:05:63
Jun 22 04:11:31 gtw01 dnsmasq-dhcp[23038]: DHCPACK(tapf1c7db02-34) 192.168.120.4 fa:16:3e:47:05:63 host-192-168-120-4
Jun 22 04:11:31 gtw01 kernel: [ 5680.501013] device tap4ee9b838-d7 left promiscuous mode
Jun 22 04:11:31 gtw01 dnsmasq[23038]: read /var/lib/neutron/dhcp/1b646300-60a1-4f7b-8413-3002021a73ad/addn_hosts - 4 addresses
Jun 22 04:11:31 gtw01 dnsmasq-dhcp[23038]: read /var/lib/neutron/dhcp/1b646300-60a1-4f7b-8413-3002021a73ad/host
Jun 22 04:11:31 gtw01 dnsmasq-dhcp[23038]: read /var/lib/neutron/dhcp/1b646300-60a1-4f7b-8413-3002021a73ad/opts
Jun 22 04:11:32 gtw01 dnsmasq[23038]: read /var/lib/neutron/dhcp/1b646300-60a1-4f7b-8413-3002021a73ad/addn_hosts - 4 addresses
Jun 22 04:11:32 gtw01 dnsmasq-dhcp[23038]: read /var/lib/neutron/dhcp/1b646300-60a1-4f7b-8413-3002021a73ad/host
Jun 22 04:11:32 gtw01 dnsmasq-dhcp[23038]: read /var/lib/neutron/dhcp/1b646300-60a1-4f7b-8413-3002021a73ad/opts
Jun 22 04:11:35 gtw01 kernel: [ 5684.474134] device tap8e07343c-b4 left promiscuous mode
Jun 22 04:11:37 gtw01 dnsmasq-dhcp[3184]: DHCPDISCOVER(tap3dd2b34d-81) fa:16:3e:b0:90:36
Jun 22 04:11:37 gtw01 dnsmasq-dhcp[3184]: DHCPOFFER(tap3dd2b34d-81) 192.168.120.17 fa:16:3e:b0:90:36
Jun 22 04:11:37 gtw01 dnsmasq-dhcp[3184]: DHCPREQUEST(tap3dd2b34d-81) 192.168.120.17 fa:16:3e:b0:90:36
Jun 22 04:11:37 gtw01 dnsmasq-dhcp[3184]: DHCPACK(tap3dd2b34d-81) 192.168.120.17 fa:16:3e:b0:90:36 host-192-168-120-17
Jun 22 04:11:39 gtw01 dnsmasq[22166]: read /var/lib/neutron/dhcp/3407dc67-139a-4e63-b470-0c45626ba242/addn_hosts - 1 addresses
Jun 22 04:11:39 gtw01 dnsmasq-dhcp[22166]: read /var/lib/neutron/dhcp/3407dc67-139a-4e63-b470-0c45626ba242/host
Jun 22 04:11:39 gtw01 dnsmasq-dhcp[22166]: read /var/lib/neutron/dhcp/3407dc67-139a-4e63-b470-0c45626ba242/opts
Jun 22 04:11:39 gtw01 haproxy-metadata-proxy-3407dc67-139a-4e63-b470-0c45626ba242[25092]: Proxy listener started.
Jun 22 04:11:40 gtw01 kernel: [ 5689.624038] device qr-d2adc7c7-3c left promiscuous mode
Jun 22 04:11:41 gtw01 kernel: [ 5690.393256] device qg-3a63ed7f-ce left promiscuous mode
Jun 22 04:11:43 gtw01 kernel: [ 5692.410781] device tap3d22b928-51 left promiscuous mode
Jun 22 04:11:43 gtw01 dnsmasq-dhcp[3184]: DHCPRELEASE(tap3dd2b34d-81) 192.168.120.17 fa:16:3e:b0:90:36
Jun 22 04:11:44 gtw01 dnsmasq-dhcp[23038]: DHCPDISCOVER(tapf1c7db02-34) fa:16:3e:58:64:d4
Jun 22 04:11:44 gtw01 dnsmasq-dhcp[23038]: DHCPOFFER(tapf1c7db02-34) 192.168.120.3 fa:16:3e:58:64:d4
Jun 22 04:11:44 gtw01 dnsmasq-dhcp[23038]: DHCPREQUEST(tapf1c7db02-34) 192.168.120.3 fa:16:3e:58:64:d4
Jun 22 04:11:44 gtw01 dnsmasq-dhcp[23038]: DHCPACK(tapf1c7db02-34) 192.168.120.3 fa:16:3e:58:64:d4 host-192-168-120-3
Jun 22 04:11:47 gtw01 dnsmasq-dhcp[23038]: DHCPRELEASE(tapf1c7db02-34) 192.168.120.3 fa:16:3e:58:64:d4
Jun 22 04:11:49 gtw01 dnsmasq[3184]: read /var/lib/neutron/dhcp/9cd27ec0-9bf6-48d3-bf8d-a954a0528f50/addn_hosts - 3 addresses
Jun 22 04:11:49 gtw01 dnsmasq-dhcp[3184]: read /var/lib/neutron/dhcp/9cd27ec0-9bf6-48d3-bf8d-a954a0528f50/host
Jun 22 04:11:49 gtw01 dnsmasq-dhcp[3184]: read /var/lib/neutron/dhcp/9cd27ec0-9bf6-48d3-bf8d-a954a0528f50/opts
Jun 22 04:11:50 gtw01 dnsmasq[3184]: read /var/lib/neutron/dhcp/9cd27ec0-9bf6-48d3-bf8d-a954a0528f50/addn_hosts - 3 addresses
Jun 22 04:11:50 gtw01 dnsmasq-dhcp[3184]: read /var/lib/neutron/dhcp/9cd27ec0-9bf6-48d3-bf8d-a954a0528f50/host
Jun 22 04:11:50 gtw01 dnsmasq-dhcp[3184]: read /var/lib/neutron/dhcp/9cd27ec0-9bf6-48d3-bf8d-a954a0528f50/opts
Jun 22 04:11:50 gtw01 systemd-udevd[25266]: Could not generate persistent MAC address for tap62fbf94b-56: No such file or directory
Jun 22 04:11:50 gtw01 kernel: [ 5699.715302] device tap62fbf94b-56 entered promiscuous mode
Jun 22 04:11:50 gtw01 systemd-udevd[25266]: Process '/sbin/ip link set tap62fbf94b-56 txqueuelen 10000' failed with exit code 1.
Jun 22 04:11:50 gtw01 systemd-udevd[25266]: Process '/sbin/ip link set tap62fbf94b-56 txqueuelen 10000' failed with exit code 1.
Jun 22 04:11:54 gtw01 dnsmasq[25399]: started, version 2.80 cachesize 150
Jun 22 04:11:54 gtw01 dnsmasq[25399]: DNS service limited to local subnets
Jun 22 04:11:54 gtw01 dnsmasq[25399]: compile time options: IPv6 GNU-getopt DBus i18n IDN DHCP DHCPv6 no-Lua TFTP conntrack ipset auth DNSSEC loop-detect inotify dumpfile
Jun 22 04:11:54 gtw01 dnsmasq[25399]: warning: no upstream servers configured
Jun 22 04:11:54 gtw01 dnsmasq-dhcp[25399]: DHCP, static leases only on 192.168.120.0, lease time 1h
Jun 22 04:11:54 gtw01 dnsmasq[25399]: read /var/lib/neutron/dhcp/0654baeb-7ef5-409f-9bf6-ae9ec951ba51/addn_hosts - 1 addresses
Jun 22 04:11:54 gtw01 dnsmasq-dhcp[25399]: read /var/lib/neutron/dhcp/0654baeb-7ef5-409f-9bf6-ae9ec951ba51/host
Jun 22 04:11:54 gtw01 dnsmasq-dhcp[25399]: read /var/lib/neutron/dhcp/0654baeb-7ef5-409f-9bf6-ae9ec951ba51/opts
Jun 22 04:11:54 gtw01 haproxy-metadata-proxy-0654baeb-7ef5-409f-9bf6-ae9ec951ba51[25408]: Proxy listener started.
Jun 22 04:11:54 gtw01 dnsmasq[25399]: read /var/lib/neutron/dhcp/0654baeb-7ef5-409f-9bf6-ae9ec951ba51/addn_hosts - 2 addresses
Jun 22 04:11:54 gtw01 dnsmasq-dhcp[25399]: read /var/lib/neutron/dhcp/0654baeb-7ef5-409f-9bf6-ae9ec951ba51/host
Jun 22 04:11:54 gtw01 dnsmasq-dhcp[25399]: read /var/lib/neutron/dhcp/0654baeb-7ef5-409f-9bf6-ae9ec951ba51/opts
Jun 22 04:11:55 gtw01 kernel: [ 5704.086840] device qr-f8d63f33-67 entered promiscuous mode
Jun 22 04:11:55 gtw01 systemd-udevd[25439]: Could not generate persistent MAC address for qr-f8d63f33-67: No such file or directory
Jun 22 04:11:56 gtw01 dnsmasq[25399]: read /var/lib/neutron/dhcp/0654baeb-7ef5-409f-9bf6-ae9ec951ba51/addn_hosts - 2 addresses
Jun 22 04:11:56 gtw01 dnsmasq-dhcp[25399]: read /var/lib/neutron/dhcp/0654baeb-7ef5-409f-9bf6-ae9ec951ba51/host
Jun 22 04:11:56 gtw01 dnsmasq-dhcp[25399]: read /var/lib/neutron/dhcp/0654baeb-7ef5-409f-9bf6-ae9ec951ba51/opts
Jun 22 04:11:56 gtw01 kernel: [ 5705.327230] device qg-b1376b9e-2a entered promiscuous mode
Jun 22 04:11:56 gtw01 systemd-udevd[25555]: Could not generate persistent MAC address for qg-b1376b9e-2a: No such file or directory
Jun 22 04:11:57 gtw01 dnsmasq[25399]: read /var/lib/neutron/dhcp/0654baeb-7ef5-409f-9bf6-ae9ec951ba51/addn_hosts - 2 addresses
Jun 22 04:11:57 gtw01 dnsmasq-dhcp[25399]: read /var/lib/neutron/dhcp/0654baeb-7ef5-409f-9bf6-ae9ec951ba51/host
Jun 22 04:11:57 gtw01 dnsmasq-dhcp[25399]: read /var/lib/neutron/dhcp/0654baeb-7ef5-409f-9bf6-ae9ec951ba51/opts
Jun 22 04:11:57 gtw01 dnsmasq[23038]: read /var/lib/neutron/dhcp/1b646300-60a1-4f7b-8413-3002021a73ad/addn_hosts - 5 addresses
Jun 22 04:11:57 gtw01 dnsmasq-dhcp[23038]: read /var/lib/neutron/dhcp/1b646300-60a1-4f7b-8413-3002021a73ad/host
Jun 22 04:11:57 gtw01 dnsmasq-dhcp[23038]: read /var/lib/neutron/dhcp/1b646300-60a1-4f7b-8413-3002021a73ad/opts
Jun 22 04:11:58 gtw01 dnsmasq[25399]: read /var/lib/neutron/dhcp/0654baeb-7ef5-409f-9bf6-ae9ec951ba51/addn_hosts - 2 addresses
Jun 22 04:11:58 gtw01 dnsmasq-dhcp[25399]: read /var/lib/neutron/dhcp/0654baeb-7ef5-409f-9bf6-ae9ec951ba51/host
Jun 22 04:11:58 gtw01 dnsmasq-dhcp[25399]: read /var/lib/neutron/dhcp/0654baeb-7ef5-409f-9bf6-ae9ec951ba51/opts
Jun 22 04:11:58 gtw01 dnsmasq[23038]: read /var/lib/neutron/dhcp/1b646300-60a1-4f7b-8413-3002021a73ad/addn_hosts - 5 addresses
Jun 22 04:11:58 gtw01 dnsmasq-dhcp[23038]: read /var/lib/neutron/dhcp/1b646300-60a1-4f7b-8413-3002021a73ad/host
Jun 22 04:11:58 gtw01 dnsmasq-dhcp[23038]: read /var/lib/neutron/dhcp/1b646300-60a1-4f7b-8413-3002021a73ad/opts
Jun 22 04:11:59 gtw01 dnsmasq[25399]: read /var/lib/neutron/dhcp/0654baeb-7ef5-409f-9bf6-ae9ec951ba51/addn_hosts - 2 addresses
Jun 22 04:11:59 gtw01 dnsmasq-dhcp[25399]: read /var/lib/neutron/dhcp/0654baeb-7ef5-409f-9bf6-ae9ec951ba51/host
Jun 22 04:11:59 gtw01 dnsmasq-dhcp[25399]: read /var/lib/neutron/dhcp/0654baeb-7ef5-409f-9bf6-ae9ec951ba51/opts
Jun 22 04:12:00 gtw01 dnsmasq[23038]: read /var/lib/neutron/dhcp/1b646300-60a1-4f7b-8413-3002021a73ad/addn_hosts - 5 addresses
Jun 22 04:12:00 gtw01 dnsmasq-dhcp[23038]: read /var/lib/neutron/dhcp/1b646300-60a1-4f7b-8413-3002021a73ad/host
Jun 22 04:12:00 gtw01 dnsmasq-dhcp[23038]: read /var/lib/neutron/dhcp/1b646300-60a1-4f7b-8413-3002021a73ad/opts
Jun 22 04:12:00 gtw01 kernel: [ 5708.957790] device tap8919321e-af entered promiscuous mode
Jun 22 04:12:00 gtw01 systemd-udevd[25826]: Could not generate persistent MAC address for tap8919321e-af: No such file or directory
Jun 22 04:12:00 gtw01 systemd-udevd[25872]: Process '/sbin/ip link set tap8919321e-af txqueuelen 10000' failed with exit code 1.
Jun 22 04:12:03 gtw01 dnsmasq[3184]: read /var/lib/neutron/dhcp/9cd27ec0-9bf6-48d3-bf8d-a954a0528f50/addn_hosts - 2 addresses
Jun 22 04:12:03 gtw01 dnsmasq-dhcp[3184]: read /var/lib/neutron/dhcp/9cd27ec0-9bf6-48d3-bf8d-a954a0528f50/host
Jun 22 04:12:03 gtw01 dnsmasq-dhcp[3184]: read /var/lib/neutron/dhcp/9cd27ec0-9bf6-48d3-bf8d-a954a0528f50/opts
Jun 22 04:12:03 gtw01 haproxy-metadata-proxy-35609dc0-b5c3-403c-b523-b8ac02baacf2[26013]: Proxy listener started.
Jun 22 04:12:03 gtw01 dnsmasq[26030]: started, version 2.80 cachesize 150
Jun 22 04:12:03 gtw01 dnsmasq[26030]: DNS service limited to local subnets
Jun 22 04:12:03 gtw01 dnsmasq[26030]: compile time options: IPv6 GNU-getopt DBus i18n IDN DHCP DHCPv6 no-Lua TFTP conntrack ipset auth DNSSEC loop-detect inotify dumpfile
Jun 22 04:12:03 gtw01 dnsmasq[26030]: warning: no upstream servers configured
Jun 22 04:12:03 gtw01 dnsmasq-dhcp[26030]: DHCP, static leases only on 10.10.10.0, lease time 1h
Jun 22 04:12:03 gtw01 dnsmasq[26030]: read /var/lib/neutron/dhcp/fdf56e17-08cf-47f5-92ee-c07a0899d4bc/addn_hosts - 1 addresses
Jun 22 04:12:03 gtw01 dnsmasq-dhcp[26030]: read /var/lib/neutron/dhcp/fdf56e17-08cf-47f5-92ee-c07a0899d4bc/host
Jun 22 04:12:03 gtw01 dnsmasq-dhcp[26030]: read /var/lib/neutron/dhcp/fdf56e17-08cf-47f5-92ee-c07a0899d4bc/opts
Jun 22 04:12:03 gtw01 haproxy-metadata-proxy-fdf56e17-08cf-47f5-92ee-c07a0899d4bc[26039]: Proxy listener started.
Jun 22 04:12:04 gtw01 dnsmasq[26030]: read /var/lib/neutron/dhcp/fdf56e17-08cf-47f5-92ee-c07a0899d4bc/addn_hosts - 1 addresses
Jun 22 04:12:04 gtw01 dnsmasq-dhcp[26030]: read /var/lib/neutron/dhcp/fdf56e17-08cf-47f5-92ee-c07a0899d4bc/host
Jun 22 04:12:04 gtw01 dnsmasq-dhcp[26030]: read /var/lib/neutron/dhcp/fdf56e17-08cf-47f5-92ee-c07a0899d4bc/opts
Jun 22 04:12:05 gtw01 dnsmasq[25399]: read /var/lib/neutron/dhcp/0654baeb-7ef5-409f-9bf6-ae9ec951ba51/addn_hosts - 2 addresses
Jun 22 04:12:05 gtw01 dnsmasq-dhcp[25399]: read /var/lib/neutron/dhcp/0654baeb-7ef5-409f-9bf6-ae9ec951ba51/host
Jun 22 04:12:05 gtw01 dnsmasq-dhcp[25399]: read /var/lib/neutron/dhcp/0654baeb-7ef5-409f-9bf6-ae9ec951ba51/opts
Jun 22 04:12:05 gtw01 dnsmasq[26030]: read /var/lib/neutron/dhcp/fdf56e17-08cf-47f5-92ee-c07a0899d4bc/addn_hosts - 1 addresses
Jun 22 04:12:05 gtw01 dnsmasq-dhcp[26030]: read /var/lib/neutron/dhcp/fdf56e17-08cf-47f5-92ee-c07a0899d4bc/host
Jun 22 04:12:05 gtw01 dnsmasq-dhcp[26030]: read /var/lib/neutron/dhcp/fdf56e17-08cf-47f5-92ee-c07a0899d4bc/opts
Jun 22 04:12:06 gtw01 dnsmasq[25399]: read /var/lib/neutron/dhcp/0654baeb-7ef5-409f-9bf6-ae9ec951ba51/addn_hosts - 2 addresses
Jun 22 04:12:06 gtw01 dnsmasq-dhcp[25399]: read /var/lib/neutron/dhcp/0654baeb-7ef5-409f-9bf6-ae9ec951ba51/host
Jun 22 04:12:06 gtw01 dnsmasq-dhcp[25399]: read /var/lib/neutron/dhcp/0654baeb-7ef5-409f-9bf6-ae9ec951ba51/opts
Jun 22 04:12:06 gtw01 dnsmasq[3184]: read /var/lib/neutron/dhcp/9cd27ec0-9bf6-48d3-bf8d-a954a0528f50/addn_hosts - 3 addresses
Jun 22 04:12:06 gtw01 dnsmasq-dhcp[3184]: read /var/lib/neutron/dhcp/9cd27ec0-9bf6-48d3-bf8d-a954a0528f50/host
Jun 22 04:12:06 gtw01 dnsmasq-dhcp[3184]: read /var/lib/neutron/dhcp/9cd27ec0-9bf6-48d3-bf8d-a954a0528f50/opts
Jun 22 04:12:06 gtw01 dnsmasq[26030]: read /var/lib/neutron/dhcp/fdf56e17-08cf-47f5-92ee-c07a0899d4bc/addn_hosts - 1 addresses
Jun 22 04:12:06 gtw01 dnsmasq-dhcp[26030]: read /var/lib/neutron/dhcp/fdf56e17-08cf-47f5-92ee-c07a0899d4bc/host
Jun 22 04:12:06 gtw01 dnsmasq-dhcp[26030]: read /var/lib/neutron/dhcp/fdf56e17-08cf-47f5-92ee-c07a0899d4bc/opts
Jun 22 04:12:08 gtw01 dnsmasq[3184]: read /var/lib/neutron/dhcp/9cd27ec0-9bf6-48d3-bf8d-a954a0528f50/addn_hosts - 3 addresses
Jun 22 04:12:08 gtw01 dnsmasq-dhcp[3184]: read /var/lib/neutron/dhcp/9cd27ec0-9bf6-48d3-bf8d-a954a0528f50/host
Jun 22 04:12:08 gtw01 dnsmasq-dhcp[3184]: read /var/lib/neutron/dhcp/9cd27ec0-9bf6-48d3-bf8d-a954a0528f50/opts
Jun 22 04:12:08 gtw01 dnsmasq-dhcp[23038]: DHCPRELEASE(tapf1c7db02-34) 192.168.120.4 fa:16:3e:47:05:63
Jun 22 04:12:09 gtw01 dnsmasq[25399]: read /var/lib/neutron/dhcp/0654baeb-7ef5-409f-9bf6-ae9ec951ba51/addn_hosts - 3 addresses
Jun 22 04:12:09 gtw01 dnsmasq-dhcp[25399]: read /var/lib/neutron/dhcp/0654baeb-7ef5-409f-9bf6-ae9ec951ba51/host
Jun 22 04:12:09 gtw01 dnsmasq-dhcp[25399]: read /var/lib/neutron/dhcp/0654baeb-7ef5-409f-9bf6-ae9ec951ba51/opts
Jun 22 04:12:09 gtw01 dnsmasq[3184]: read /var/lib/neutron/dhcp/9cd27ec0-9bf6-48d3-bf8d-a954a0528f50/addn_hosts - 3 addresses
Jun 22 04:12:09 gtw01 dnsmasq-dhcp[3184]: read /var/lib/neutron/dhcp/9cd27ec0-9bf6-48d3-bf8d-a954a0528f50/host
Jun 22 04:12:09 gtw01 dnsmasq-dhcp[3184]: read /var/lib/neutron/dhcp/9cd27ec0-9bf6-48d3-bf8d-a954a0528f50/opts
Jun 22 04:12:10 gtw01 dnsmasq[25399]: read /var/lib/neutron/dhcp/0654baeb-7ef5-409f-9bf6-ae9ec951ba51/addn_hosts - 3 addresses
Jun 22 04:12:10 gtw01 dnsmasq-dhcp[25399]: read /var/lib/neutron/dhcp/0654baeb-7ef5-409f-9bf6-ae9ec951ba51/host
Jun 22 04:12:10 gtw01 dnsmasq-dhcp[25399]: read /var/lib/neutron/dhcp/0654baeb-7ef5-409f-9bf6-ae9ec951ba51/opts
Jun 22 04:12:10 gtw01 dnsmasq[25399]: read /var/lib/neutron/dhcp/0654baeb-7ef5-409f-9bf6-ae9ec951ba51/addn_hosts - 3 addresses
Jun 22 04:12:10 gtw01 dnsmasq-dhcp[25399]: read /var/lib/neutron/dhcp/0654baeb-7ef5-409f-9bf6-ae9ec951ba51/host
Jun 22 04:12:10 gtw01 dnsmasq-dhcp[25399]: read /var/lib/neutron/dhcp/0654baeb-7ef5-409f-9bf6-ae9ec951ba51/opts
Jun 22 04:12:11 gtw01 dnsmasq-dhcp[23038]: DHCPDISCOVER(tapf1c7db02-34) fa:16:3e:c4:47:35
Jun 22 04:12:11 gtw01 dnsmasq-dhcp[23038]: DHCPOFFER(tapf1c7db02-34) 192.168.120.7 fa:16:3e:c4:47:35
Jun 22 04:12:11 gtw01 dnsmasq-dhcp[23038]: DHCPREQUEST(tapf1c7db02-34) 192.168.120.7 fa:16:3e:c4:47:35
Jun 22 04:12:11 gtw01 dnsmasq-dhcp[23038]: DHCPACK(tapf1c7db02-34) 192.168.120.7 fa:16:3e:c4:47:35 host-192-168-120-7
Jun 22 04:12:19 gtw01 dnsmasq[26030]: read /var/lib/neutron/dhcp/fdf56e17-08cf-47f5-92ee-c07a0899d4bc/addn_hosts - 2 addresses
Jun 22 04:12:19 gtw01 dnsmasq-dhcp[26030]: read /var/lib/neutron/dhcp/fdf56e17-08cf-47f5-92ee-c07a0899d4bc/host
Jun 22 04:12:19 gtw01 dnsmasq-dhcp[26030]: read /var/lib/neutron/dhcp/fdf56e17-08cf-47f5-92ee-c07a0899d4bc/opts
Jun 22 04:12:20 gtw01 dnsmasq[26030]: read /var/lib/neutron/dhcp/fdf56e17-08cf-47f5-92ee-c07a0899d4bc/addn_hosts - 2 addresses
Jun 22 04:12:20 gtw01 dnsmasq-dhcp[26030]: read /var/lib/neutron/dhcp/fdf56e17-08cf-47f5-92ee-c07a0899d4bc/host
Jun 22 04:12:20 gtw01 dnsmasq-dhcp[26030]: read /var/lib/neutron/dhcp/fdf56e17-08cf-47f5-92ee-c07a0899d4bc/opts
Jun 22 04:12:21 gtw01 dnsmasq[26030]: read /var/lib/neutron/dhcp/fdf56e17-08cf-47f5-92ee-c07a0899d4bc/addn_hosts - 2 addresses
Jun 22 04:12:21 gtw01 dnsmasq-dhcp[26030]: read /var/lib/neutron/dhcp/fdf56e17-08cf-47f5-92ee-c07a0899d4bc/host
Jun 22 04:12:21 gtw01 dnsmasq-dhcp[26030]: read /var/lib/neutron/dhcp/fdf56e17-08cf-47f5-92ee-c07a0899d4bc/opts
Jun 22 04:12:23 gtw01 dnsmasq-dhcp[3184]: DHCPDISCOVER(tap3dd2b34d-81) fa:16:3e:91:f2:c2
Jun 22 04:12:23 gtw01 dnsmasq-dhcp[3184]: DHCPOFFER(tap3dd2b34d-81) 192.168.120.7 fa:16:3e:91:f2:c2
Jun 22 04:12:23 gtw01 dnsmasq-dhcp[3184]: DHCPREQUEST(tap3dd2b34d-81) 192.168.120.7 fa:16:3e:91:f2:c2
Jun 22 04:12:23 gtw01 dnsmasq-dhcp[3184]: DHCPACK(tap3dd2b34d-81) 192.168.120.7 fa:16:3e:91:f2:c2 host-192-168-120-7
Jun 22 04:12:25 gtw01 dnsmasq-dhcp[25399]: DHCPDISCOVER(tap62fbf94b-56) fa:16:3e:33:ad:06
Jun 22 04:12:25 gtw01 dnsmasq-dhcp[25399]: DHCPOFFER(tap62fbf94b-56) 192.168.120.10 fa:16:3e:33:ad:06
Jun 22 04:12:25 gtw01 dnsmasq-dhcp[25399]: DHCPREQUEST(tap62fbf94b-56) 192.168.120.10 fa:16:3e:33:ad:06
Jun 22 04:12:25 gtw01 dnsmasq-dhcp[25399]: DHCPACK(tap62fbf94b-56) 192.168.120.10 fa:16:3e:33:ad:06 host-192-168-120-10
Jun 22 04:12:27 gtw01 dnsmasq-dhcp[3184]: DHCPRELEASE(tap3dd2b34d-81) 192.168.120.7 fa:16:3e:91:f2:c2
Jun 22 04:12:29 gtw01 dnsmasq-dhcp[23038]: DHCPDISCOVER(tapf1c7db02-34) fa:16:3e:47:05:63
Jun 22 04:12:29 gtw01 dnsmasq-dhcp[23038]: DHCPOFFER(tapf1c7db02-34) 192.168.120.4 fa:16:3e:47:05:63
Jun 22 04:12:29 gtw01 dnsmasq-dhcp[23038]: DHCPREQUEST(tapf1c7db02-34) 192.168.120.4 fa:16:3e:47:05:63
Jun 22 04:12:29 gtw01 dnsmasq-dhcp[23038]: DHCPACK(tapf1c7db02-34) 192.168.120.4 fa:16:3e:47:05:63 host-192-168-120-4
Jun 22 04:12:31 gtw01 haproxy-metadata-proxy-35609dc0-b5c3-403c-b523-b8ac02baacf2[26015]: 192.168.120.10:36870 [22/Jun/2019:04:12:29.333] listener listener/metadata 4/0/3/2001/2008 200 2285 - - ---- 1/1/0/1/0 0/0 "GET /openstack/latest/meta_data.json HTTP/1.1"
Jun 22 04:12:33 gtw01 dnsmasq[3184]: read /var/lib/neutron/dhcp/9cd27ec0-9bf6-48d3-bf8d-a954a0528f50/addn_hosts - 3 addresses
Jun 22 04:12:33 gtw01 dnsmasq-dhcp[3184]: read /var/lib/neutron/dhcp/9cd27ec0-9bf6-48d3-bf8d-a954a0528f50/host
Jun 22 04:12:33 gtw01 dnsmasq-dhcp[3184]: read /var/lib/neutron/dhcp/9cd27ec0-9bf6-48d3-bf8d-a954a0528f50/opts
Jun 22 04:12:34 gtw01 dnsmasq[3184]: read /var/lib/neutron/dhcp/9cd27ec0-9bf6-48d3-bf8d-a954a0528f50/addn_hosts - 3 addresses
Jun 22 04:12:34 gtw01 dnsmasq-dhcp[3184]: read /var/lib/neutron/dhcp/9cd27ec0-9bf6-48d3-bf8d-a954a0528f50/host
Jun 22 04:12:34 gtw01 dnsmasq-dhcp[3184]: read /var/lib/neutron/dhcp/9cd27ec0-9bf6-48d3-bf8d-a954a0528f50/opts
Jun 22 04:12:37 gtw01 dnsmasq[26030]: read /var/lib/neutron/dhcp/fdf56e17-08cf-47f5-92ee-c07a0899d4bc/addn_hosts - 1 addresses
Jun 22 04:12:37 gtw01 dnsmasq-dhcp[26030]: read /var/lib/neutron/dhcp/fdf56e17-08cf-47f5-92ee-c07a0899d4bc/host
Jun 22 04:12:37 gtw01 dnsmasq-dhcp[26030]: read /var/lib/neutron/dhcp/fdf56e17-08cf-47f5-92ee-c07a0899d4bc/opts
Jun 22 04:12:40 gtw01 dnsmasq-dhcp[25399]: DHCPRELEASE(tap62fbf94b-56) 192.168.120.10 fa:16:3e:33:ad:06
Jun 22 04:12:41 gtw01 dnsmasq-dhcp[25399]: DHCPRELEASE(tap62fbf94b-56) 192.168.120.10 fa:16:3e:33:ad:06 unknown lease
Jun 22 04:12:41 gtw01 dnsmasq[25399]: read /var/lib/neutron/dhcp/0654baeb-7ef5-409f-9bf6-ae9ec951ba51/addn_hosts - 2 addresses
Jun 22 04:12:41 gtw01 dnsmasq-dhcp[25399]: read /var/lib/neutron/dhcp/0654baeb-7ef5-409f-9bf6-ae9ec951ba51/host
Jun 22 04:12:41 gtw01 dnsmasq-dhcp[25399]: read /var/lib/neutron/dhcp/0654baeb-7ef5-409f-9bf6-ae9ec951ba51/opts
Jun 22 04:12:44 gtw01 dnsmasq[3184]: read /var/lib/neutron/dhcp/9cd27ec0-9bf6-48d3-bf8d-a954a0528f50/addn_hosts - 2 addresses
Jun 22 04:12:44 gtw01 dnsmasq-dhcp[3184]: read /var/lib/neutron/dhcp/9cd27ec0-9bf6-48d3-bf8d-a954a0528f50/host
Jun 22 04:12:44 gtw01 dnsmasq-dhcp[3184]: read /var/lib/neutron/dhcp/9cd27ec0-9bf6-48d3-bf8d-a954a0528f50/opts
Jun 22 04:12:45 gtw01 kernel: [ 5754.161530] device tap8919321e-af left promiscuous mode
Jun 22 04:12:46 gtw01 dnsmasq-dhcp[23038]: DHCPDISCOVER(tapf1c7db02-34) fa:16:3e:47:05:63
Jun 22 04:12:46 gtw01 dnsmasq-dhcp[23038]: DHCPOFFER(tapf1c7db02-34) 192.168.120.4 fa:16:3e:47:05:63
Jun 22 04:12:46 gtw01 dnsmasq-dhcp[23038]: DHCPREQUEST(tapf1c7db02-34) 192.168.120.4 fa:16:3e:47:05:63
Jun 22 04:12:46 gtw01 dnsmasq-dhcp[23038]: DHCPACK(tapf1c7db02-34) 192.168.120.4 fa:16:3e:47:05:63 host-192-168-120-4
Jun 22 04:12:47 gtw01 dnsmasq[3184]: read /var/lib/neutron/dhcp/9cd27ec0-9bf6-48d3-bf8d-a954a0528f50/addn_hosts - 3 addresses
Jun 22 04:12:47 gtw01 dnsmasq-dhcp[3184]: read /var/lib/neutron/dhcp/9cd27ec0-9bf6-48d3-bf8d-a954a0528f50/host
Jun 22 04:12:47 gtw01 dnsmasq-dhcp[3184]: read /var/lib/neutron/dhcp/9cd27ec0-9bf6-48d3-bf8d-a954a0528f50/opts
Jun 22 04:12:48 gtw01 dnsmasq[3184]: read /var/lib/neutron/dhcp/9cd27ec0-9bf6-48d3-bf8d-a954a0528f50/addn_hosts - 3 addresses
Jun 22 04:12:48 gtw01 dnsmasq-dhcp[3184]: read /var/lib/neutron/dhcp/9cd27ec0-9bf6-48d3-bf8d-a954a0528f50/host
Jun 22 04:12:48 gtw01 dnsmasq-dhcp[3184]: read /var/lib/neutron/dhcp/9cd27ec0-9bf6-48d3-bf8d-a954a0528f50/opts
Jun 22 04:12:49 gtw01 dnsmasq[3184]: read /var/lib/neutron/dhcp/9cd27ec0-9bf6-48d3-bf8d-a954a0528f50/addn_hosts - 3 addresses
Jun 22 04:12:49 gtw01 dnsmasq-dhcp[3184]: read /var/lib/neutron/dhcp/9cd27ec0-9bf6-48d3-bf8d-a954a0528f50/host
Jun 22 04:12:49 gtw01 dnsmasq-dhcp[3184]: read /var/lib/neutron/dhcp/9cd27ec0-9bf6-48d3-bf8d-a954a0528f50/opts
Jun 22 04:12:50 gtw01 dnsmasq[25399]: read /var/lib/neutron/dhcp/0654baeb-7ef5-409f-9bf6-ae9ec951ba51/addn_hosts - 1 addresses
Jun 22 04:12:50 gtw01 dnsmasq-dhcp[25399]: read /var/lib/neutron/dhcp/0654baeb-7ef5-409f-9bf6-ae9ec951ba51/host
Jun 22 04:12:50 gtw01 dnsmasq-dhcp[25399]: read /var/lib/neutron/dhcp/0654baeb-7ef5-409f-9bf6-ae9ec951ba51/opts
Jun 22 04:12:51 gtw01 haproxy-metadata-proxy-0654baeb-7ef5-409f-9bf6-ae9ec951ba51[26700]: Proxy listener started.
Jun 22 04:12:52 gtw01 kernel: [ 5761.249704] device qr-f8d63f33-67 left promiscuous mode
Jun 22 04:12:55 gtw01 dnsmasq-dhcp[23038]: DHCPRELEASE(tapf1c7db02-34) 192.168.120.4 fa:16:3e:47:05:63
Jun 22 04:12:55 gtw01 kernel: [ 5764.253648] device qg-b1376b9e-2a left promiscuous mode
Jun 22 04:12:55 gtw01 kernel: [ 5764.603995] device tap62fbf94b-56 left promiscuous mode
Jun 22 04:12:58 gtw01 dnsmasq[3184]: read /var/lib/neutron/dhcp/9cd27ec0-9bf6-48d3-bf8d-a954a0528f50/addn_hosts - 2 addresses
Jun 22 04:12:58 gtw01 dnsmasq-dhcp[3184]: read /var/lib/neutron/dhcp/9cd27ec0-9bf6-48d3-bf8d-a954a0528f50/host
Jun 22 04:12:58 gtw01 dnsmasq-dhcp[3184]: read /var/lib/neutron/dhcp/9cd27ec0-9bf6-48d3-bf8d-a954a0528f50/opts
Jun 22 04:13:05 gtw01 dnsmasq[3184]: read /var/lib/neutron/dhcp/9cd27ec0-9bf6-48d3-bf8d-a954a0528f50/addn_hosts - 3 addresses
Jun 22 04:13:05 gtw01 dnsmasq-dhcp[3184]: read /var/lib/neutron/dhcp/9cd27ec0-9bf6-48d3-bf8d-a954a0528f50/host
Jun 22 04:13:05 gtw01 dnsmasq-dhcp[3184]: read /var/lib/neutron/dhcp/9cd27ec0-9bf6-48d3-bf8d-a954a0528f50/opts
Jun 22 04:13:06 gtw01 dnsmasq[3184]: read /var/lib/neutron/dhcp/9cd27ec0-9bf6-48d3-bf8d-a954a0528f50/addn_hosts - 3 addresses
Jun 22 04:13:06 gtw01 dnsmasq-dhcp[3184]: read /var/lib/neutron/dhcp/9cd27ec0-9bf6-48d3-bf8d-a954a0528f50/host
Jun 22 04:13:06 gtw01 dnsmasq-dhcp[3184]: read /var/lib/neutron/dhcp/9cd27ec0-9bf6-48d3-bf8d-a954a0528f50/opts
Jun 22 04:13:07 gtw01 dnsmasq[3184]: read /var/lib/neutron/dhcp/9cd27ec0-9bf6-48d3-bf8d-a954a0528f50/addn_hosts - 3 addresses
Jun 22 04:13:07 gtw01 dnsmasq-dhcp[3184]: read /var/lib/neutron/dhcp/9cd27ec0-9bf6-48d3-bf8d-a954a0528f50/host
Jun 22 04:13:07 gtw01 dnsmasq-dhcp[3184]: read /var/lib/neutron/dhcp/9cd27ec0-9bf6-48d3-bf8d-a954a0528f50/opts
Jun 22 04:13:12 gtw01 dnsmasq-dhcp[23038]: DHCPDISCOVER(tapf1c7db02-34) fa:16:3e:47:05:63
Jun 22 04:13:12 gtw01 dnsmasq-dhcp[23038]: DHCPOFFER(tapf1c7db02-34) 192.168.120.4 fa:16:3e:47:05:63
Jun 22 04:13:12 gtw01 dnsmasq-dhcp[23038]: DHCPREQUEST(tapf1c7db02-34) 192.168.120.4 fa:16:3e:47:05:63
Jun 22 04:13:12 gtw01 dnsmasq-dhcp[23038]: DHCPACK(tapf1c7db02-34) 192.168.120.4 fa:16:3e:47:05:63 host-192-168-120-4
Jun 22 04:13:12 gtw01 dnsmasq[3184]: read /var/lib/neutron/dhcp/9cd27ec0-9bf6-48d3-bf8d-a954a0528f50/addn_hosts - 2 addresses
