Jun 22 03:57:50 gtw01 kernel: [ 4859.401570] device tap65494e0d-c9 entered promiscuous mode
Jun 22 03:57:50 gtw01 systemd-udevd[3707]: Could not generate persistent MAC address for tap65494e0d-c9: No such file or directory
Jun 22 03:57:50 gtw01 systemd-udevd[3753]: Process '/sbin/ip link set tap65494e0d-c9 txqueuelen 10000' failed with exit code 1.
Jun 22 03:57:53 gtw01 dnsmasq[3859]: started, version 2.80 cachesize 150
Jun 22 03:57:53 gtw01 dnsmasq[3859]: DNS service limited to local subnets
Jun 22 03:57:53 gtw01 dnsmasq[3859]: compile time options: IPv6 GNU-getopt DBus i18n IDN DHCP DHCPv6 no-Lua TFTP conntrack ipset auth DNSSEC loop-detect inotify dumpfile
Jun 22 03:57:53 gtw01 dnsmasq[3859]: warning: no upstream servers configured
Jun 22 03:57:53 gtw01 dnsmasq-dhcp[3859]: DHCP, static leases only on 192.168.120.0, lease time 1h
Jun 22 03:57:53 gtw01 dnsmasq[3859]: read /var/lib/neutron/dhcp/f913930f-d5b2-4906-a72f-9877a81c6fd5/addn_hosts - 1 addresses
Jun 22 03:57:53 gtw01 dnsmasq-dhcp[3859]: read /var/lib/neutron/dhcp/f913930f-d5b2-4906-a72f-9877a81c6fd5/host
Jun 22 03:57:53 gtw01 dnsmasq-dhcp[3859]: read /var/lib/neutron/dhcp/f913930f-d5b2-4906-a72f-9877a81c6fd5/opts
Jun 22 03:57:53 gtw01 systemd-udevd[3867]: Could not generate persistent MAC address for qg-39138d45-58: No such file or directory
Jun 22 03:57:53 gtw01 kernel: [ 4862.681266] device qg-39138d45-58 entered promiscuous mode
Jun 22 03:57:53 gtw01 haproxy-metadata-proxy-f913930f-d5b2-4906-a72f-9877a81c6fd5[3922]: Proxy listener started.
Jun 22 03:57:54 gtw01 dnsmasq[3859]: read /var/lib/neutron/dhcp/f913930f-d5b2-4906-a72f-9877a81c6fd5/addn_hosts - 2 addresses
Jun 22 03:57:54 gtw01 dnsmasq-dhcp[3859]: read /var/lib/neutron/dhcp/f913930f-d5b2-4906-a72f-9877a81c6fd5/host
Jun 22 03:57:54 gtw01 dnsmasq-dhcp[3859]: read /var/lib/neutron/dhcp/f913930f-d5b2-4906-a72f-9877a81c6fd5/opts
Jun 22 03:57:54 gtw01 dnsmasq[3184]: read /var/lib/neutron/dhcp/9cd27ec0-9bf6-48d3-bf8d-a954a0528f50/addn_hosts - 3 addresses
Jun 22 03:57:54 gtw01 dnsmasq-dhcp[3184]: read /var/lib/neutron/dhcp/9cd27ec0-9bf6-48d3-bf8d-a954a0528f50/host
Jun 22 03:57:54 gtw01 dnsmasq-dhcp[3184]: read /var/lib/neutron/dhcp/9cd27ec0-9bf6-48d3-bf8d-a954a0528f50/opts
Jun 22 03:57:55 gtw01 dnsmasq[3184]: read /var/lib/neutron/dhcp/9cd27ec0-9bf6-48d3-bf8d-a954a0528f50/addn_hosts - 3 addresses
Jun 22 03:57:55 gtw01 dnsmasq-dhcp[3184]: read /var/lib/neutron/dhcp/9cd27ec0-9bf6-48d3-bf8d-a954a0528f50/host
Jun 22 03:57:55 gtw01 dnsmasq-dhcp[3184]: read /var/lib/neutron/dhcp/9cd27ec0-9bf6-48d3-bf8d-a954a0528f50/opts
Jun 22 03:57:55 gtw01 dnsmasq[3859]: read /var/lib/neutron/dhcp/f913930f-d5b2-4906-a72f-9877a81c6fd5/addn_hosts - 2 addresses
Jun 22 03:57:55 gtw01 dnsmasq-dhcp[3859]: read /var/lib/neutron/dhcp/f913930f-d5b2-4906-a72f-9877a81c6fd5/host
Jun 22 03:57:55 gtw01 dnsmasq-dhcp[3859]: read /var/lib/neutron/dhcp/f913930f-d5b2-4906-a72f-9877a81c6fd5/opts
Jun 22 03:57:56 gtw01 dnsmasq[3184]: read /var/lib/neutron/dhcp/9cd27ec0-9bf6-48d3-bf8d-a954a0528f50/addn_hosts - 3 addresses
Jun 22 03:57:56 gtw01 dnsmasq-dhcp[3184]: read /var/lib/neutron/dhcp/9cd27ec0-9bf6-48d3-bf8d-a954a0528f50/host
Jun 22 03:57:56 gtw01 dnsmasq-dhcp[3184]: read /var/lib/neutron/dhcp/9cd27ec0-9bf6-48d3-bf8d-a954a0528f50/opts
Jun 22 03:57:56 gtw01 dnsmasq[3859]: read /var/lib/neutron/dhcp/f913930f-d5b2-4906-a72f-9877a81c6fd5/addn_hosts - 2 addresses
Jun 22 03:57:56 gtw01 dnsmasq-dhcp[3859]: read /var/lib/neutron/dhcp/f913930f-d5b2-4906-a72f-9877a81c6fd5/host
Jun 22 03:57:56 gtw01 dnsmasq-dhcp[3859]: read /var/lib/neutron/dhcp/f913930f-d5b2-4906-a72f-9877a81c6fd5/opts
Jun 22 03:57:57 gtw01 dnsmasq[3859]: read /var/lib/neutron/dhcp/f913930f-d5b2-4906-a72f-9877a81c6fd5/addn_hosts - 2 addresses
Jun 22 03:57:57 gtw01 dnsmasq-dhcp[3859]: read /var/lib/neutron/dhcp/f913930f-d5b2-4906-a72f-9877a81c6fd5/host
Jun 22 03:57:57 gtw01 dnsmasq-dhcp[3859]: read /var/lib/neutron/dhcp/f913930f-d5b2-4906-a72f-9877a81c6fd5/opts
Jun 22 03:57:58 gtw01 dnsmasq[3859]: read /var/lib/neutron/dhcp/f913930f-d5b2-4906-a72f-9877a81c6fd5/addn_hosts - 2 addresses
Jun 22 03:57:58 gtw01 dnsmasq-dhcp[3859]: read /var/lib/neutron/dhcp/f913930f-d5b2-4906-a72f-9877a81c6fd5/host
Jun 22 03:57:58 gtw01 dnsmasq-dhcp[3859]: read /var/lib/neutron/dhcp/f913930f-d5b2-4906-a72f-9877a81c6fd5/opts
Jun 22 03:57:58 gtw01 systemd-udevd[4175]: Could not generate persistent MAC address for tapf4e5202d-0c: No such file or directory
Jun 22 03:57:58 gtw01 kernel: [ 4867.806460] device tapf4e5202d-0c entered promiscuous mode
Jun 22 03:57:59 gtw01 systemd-udevd[4175]: Process '/sbin/ip link set tapf4e5202d-0c txqueuelen 10000' failed with exit code 1.
Jun 22 03:57:59 gtw01 systemd-udevd[4175]: Process '/sbin/ip link set tapf4e5202d-0c txqueuelen 10000' failed with exit code 1.
Jun 22 03:57:59 gtw01 dnsmasq[3184]: read /var/lib/neutron/dhcp/9cd27ec0-9bf6-48d3-bf8d-a954a0528f50/addn_hosts - 4 addresses
Jun 22 03:57:59 gtw01 dnsmasq-dhcp[3184]: read /var/lib/neutron/dhcp/9cd27ec0-9bf6-48d3-bf8d-a954a0528f50/host
Jun 22 03:57:59 gtw01 dnsmasq-dhcp[3184]: read /var/lib/neutron/dhcp/9cd27ec0-9bf6-48d3-bf8d-a954a0528f50/opts
Jun 22 03:58:00 gtw01 dnsmasq[3184]: read /var/lib/neutron/dhcp/9cd27ec0-9bf6-48d3-bf8d-a954a0528f50/addn_hosts - 4 addresses
Jun 22 03:58:00 gtw01 dnsmasq-dhcp[3184]: read /var/lib/neutron/dhcp/9cd27ec0-9bf6-48d3-bf8d-a954a0528f50/host
Jun 22 03:58:00 gtw01 dnsmasq-dhcp[3184]: read /var/lib/neutron/dhcp/9cd27ec0-9bf6-48d3-bf8d-a954a0528f50/opts
Jun 22 03:58:00 gtw01 haproxy-metadata-proxy-aaf03c5d-b47d-456f-a418-3dc53b982fec[4309]: Proxy listener started.
Jun 22 03:58:01 gtw01 dnsmasq[3184]: read /var/lib/neutron/dhcp/9cd27ec0-9bf6-48d3-bf8d-a954a0528f50/addn_hosts - 4 addresses
Jun 22 03:58:01 gtw01 dnsmasq-dhcp[3184]: read /var/lib/neutron/dhcp/9cd27ec0-9bf6-48d3-bf8d-a954a0528f50/host
Jun 22 03:58:01 gtw01 dnsmasq-dhcp[3184]: read /var/lib/neutron/dhcp/9cd27ec0-9bf6-48d3-bf8d-a954a0528f50/opts
Jun 22 03:58:02 gtw01 dnsmasq[4411]: started, version 2.80 cachesize 150
Jun 22 03:58:02 gtw01 dnsmasq[4411]: DNS service limited to local subnets
Jun 22 03:58:02 gtw01 dnsmasq[4411]: compile time options: IPv6 GNU-getopt DBus i18n IDN DHCP DHCPv6 no-Lua TFTP conntrack ipset auth DNSSEC loop-detect inotify dumpfile
Jun 22 03:58:02 gtw01 dnsmasq[4411]: warning: no upstream servers configured
Jun 22 03:58:02 gtw01 dnsmasq-dhcp[4411]: DHCP, static leases only on 192.168.120.0, lease time 1h
Jun 22 03:58:02 gtw01 dnsmasq[4411]: read /var/lib/neutron/dhcp/3500177f-5a6e-4317-b4f6-3057e2f73406/addn_hosts - 1 addresses
Jun 22 03:58:02 gtw01 dnsmasq-dhcp[4411]: read /var/lib/neutron/dhcp/3500177f-5a6e-4317-b4f6-3057e2f73406/host
Jun 22 03:58:02 gtw01 dnsmasq-dhcp[4411]: read /var/lib/neutron/dhcp/3500177f-5a6e-4317-b4f6-3057e2f73406/opts
Jun 22 03:58:02 gtw01 haproxy-metadata-proxy-3500177f-5a6e-4317-b4f6-3057e2f73406[4418]: Proxy listener started.
Jun 22 03:58:02 gtw01 systemd-udevd[4429]: Could not generate persistent MAC address for qg-bd7563e8-0c: No such file or directory
Jun 22 03:58:02 gtw01 kernel: [ 4871.838127] device qg-bd7563e8-0c entered promiscuous mode
Jun 22 03:58:04 gtw01 dnsmasq[3859]: read /var/lib/neutron/dhcp/f913930f-d5b2-4906-a72f-9877a81c6fd5/addn_hosts - 2 addresses
Jun 22 03:58:04 gtw01 dnsmasq-dhcp[3859]: read /var/lib/neutron/dhcp/f913930f-d5b2-4906-a72f-9877a81c6fd5/host
Jun 22 03:58:04 gtw01 dnsmasq-dhcp[3859]: read /var/lib/neutron/dhcp/f913930f-d5b2-4906-a72f-9877a81c6fd5/opts
Jun 22 03:58:05 gtw01 dnsmasq[4411]: read /var/lib/neutron/dhcp/3500177f-5a6e-4317-b4f6-3057e2f73406/addn_hosts - 2 addresses
Jun 22 03:58:05 gtw01 dnsmasq-dhcp[4411]: read /var/lib/neutron/dhcp/3500177f-5a6e-4317-b4f6-3057e2f73406/host
Jun 22 03:58:05 gtw01 dnsmasq-dhcp[4411]: read /var/lib/neutron/dhcp/3500177f-5a6e-4317-b4f6-3057e2f73406/opts
Jun 22 03:58:05 gtw01 dnsmasq[3859]: read /var/lib/neutron/dhcp/f913930f-d5b2-4906-a72f-9877a81c6fd5/addn_hosts - 2 addresses
Jun 22 03:58:05 gtw01 dnsmasq-dhcp[3859]: read /var/lib/neutron/dhcp/f913930f-d5b2-4906-a72f-9877a81c6fd5/host
Jun 22 03:58:05 gtw01 dnsmasq-dhcp[3859]: read /var/lib/neutron/dhcp/f913930f-d5b2-4906-a72f-9877a81c6fd5/opts
Jun 22 03:58:05 gtw01 kernel: [ 4874.664032] device qr-9cbe2086-e3 entered promiscuous mode
Jun 22 03:58:05 gtw01 systemd-udevd[4594]: Could not generate persistent MAC address for qr-9cbe2086-e3: No such file or directory
Jun 22 03:58:06 gtw01 dnsmasq[4411]: read /var/lib/neutron/dhcp/3500177f-5a6e-4317-b4f6-3057e2f73406/addn_hosts - 2 addresses
Jun 22 03:58:06 gtw01 dnsmasq-dhcp[4411]: read /var/lib/neutron/dhcp/3500177f-5a6e-4317-b4f6-3057e2f73406/host
Jun 22 03:58:06 gtw01 dnsmasq-dhcp[4411]: read /var/lib/neutron/dhcp/3500177f-5a6e-4317-b4f6-3057e2f73406/opts
Jun 22 03:58:07 gtw01 dnsmasq[4411]: read /var/lib/neutron/dhcp/3500177f-5a6e-4317-b4f6-3057e2f73406/addn_hosts - 2 addresses
Jun 22 03:58:07 gtw01 dnsmasq-dhcp[4411]: read /var/lib/neutron/dhcp/3500177f-5a6e-4317-b4f6-3057e2f73406/host
Jun 22 03:58:07 gtw01 dnsmasq-dhcp[4411]: read /var/lib/neutron/dhcp/3500177f-5a6e-4317-b4f6-3057e2f73406/opts
Jun 22 03:58:08 gtw01 dnsmasq[4411]: read /var/lib/neutron/dhcp/3500177f-5a6e-4317-b4f6-3057e2f73406/addn_hosts - 2 addresses
Jun 22 03:58:08 gtw01 dnsmasq-dhcp[4411]: read /var/lib/neutron/dhcp/3500177f-5a6e-4317-b4f6-3057e2f73406/host
Jun 22 03:58:08 gtw01 dnsmasq-dhcp[4411]: read /var/lib/neutron/dhcp/3500177f-5a6e-4317-b4f6-3057e2f73406/opts
Jun 22 03:58:09 gtw01 dnsmasq[4411]: read /var/lib/neutron/dhcp/3500177f-5a6e-4317-b4f6-3057e2f73406/addn_hosts - 2 addresses
Jun 22 03:58:09 gtw01 dnsmasq-dhcp[4411]: read /var/lib/neutron/dhcp/3500177f-5a6e-4317-b4f6-3057e2f73406/host
Jun 22 03:58:09 gtw01 dnsmasq-dhcp[4411]: read /var/lib/neutron/dhcp/3500177f-5a6e-4317-b4f6-3057e2f73406/opts
Jun 22 03:58:09 gtw01 haproxy-metadata-proxy-81f796a5-f3a5-438c-b67b-7510575eee89[4885]: Proxy listener started.
Jun 22 03:58:13 gtw01 dnsmasq-dhcp[3184]: DHCPDISCOVER(tap3dd2b34d-81) fa:16:3e:4d:18:82
Jun 22 03:58:13 gtw01 dnsmasq-dhcp[3184]: DHCPOFFER(tap3dd2b34d-81) 192.168.120.4 fa:16:3e:4d:18:82
Jun 22 03:58:13 gtw01 dnsmasq-dhcp[3184]: DHCPREQUEST(tap3dd2b34d-81) 192.168.120.4 fa:16:3e:4d:18:82
Jun 22 03:58:13 gtw01 dnsmasq-dhcp[3184]: DHCPACK(tap3dd2b34d-81) 192.168.120.4 fa:16:3e:4d:18:82 host-192-168-120-4
Jun 22 03:58:13 gtw01 dnsmasq[4411]: read /var/lib/neutron/dhcp/3500177f-5a6e-4317-b4f6-3057e2f73406/addn_hosts - 2 addresses
Jun 22 03:58:13 gtw01 dnsmasq-dhcp[4411]: read /var/lib/neutron/dhcp/3500177f-5a6e-4317-b4f6-3057e2f73406/host
Jun 22 03:58:13 gtw01 dnsmasq-dhcp[4411]: read /var/lib/neutron/dhcp/3500177f-5a6e-4317-b4f6-3057e2f73406/opts
Jun 22 03:58:14 gtw01 systemd-udevd[4971]: Could not generate persistent MAC address for qr-d1ba7473-e4: No such file or directory
Jun 22 03:58:14 gtw01 kernel: [ 4883.205003] device qr-d1ba7473-e4 entered promiscuous mode
Jun 22 03:58:14 gtw01 dnsmasq[4411]: read /var/lib/neutron/dhcp/3500177f-5a6e-4317-b4f6-3057e2f73406/addn_hosts - 2 addresses
Jun 22 03:58:14 gtw01 dnsmasq-dhcp[4411]: read /var/lib/neutron/dhcp/3500177f-5a6e-4317-b4f6-3057e2f73406/host
Jun 22 03:58:14 gtw01 dnsmasq-dhcp[4411]: read /var/lib/neutron/dhcp/3500177f-5a6e-4317-b4f6-3057e2f73406/opts
Jun 22 03:58:15 gtw01 dnsmasq[3184]: read /var/lib/neutron/dhcp/9cd27ec0-9bf6-48d3-bf8d-a954a0528f50/addn_hosts - 3 addresses
Jun 22 03:58:15 gtw01 dnsmasq-dhcp[3184]: read /var/lib/neutron/dhcp/9cd27ec0-9bf6-48d3-bf8d-a954a0528f50/host
Jun 22 03:58:15 gtw01 dnsmasq-dhcp[3184]: read /var/lib/neutron/dhcp/9cd27ec0-9bf6-48d3-bf8d-a954a0528f50/opts
Jun 22 03:58:16 gtw01 dnsmasq-dhcp[3184]: DHCPRELEASE(tap3dd2b34d-81) 192.168.120.4 fa:16:3e:4d:18:82
Jun 22 03:58:17 gtw01 dnsmasq-dhcp[3184]: DHCPRELEASE(tap3dd2b34d-81) 192.168.120.4 fa:16:3e:4d:18:82 unknown lease
Jun 22 03:58:17 gtw01 dnsmasq[3184]: read /var/lib/neutron/dhcp/9cd27ec0-9bf6-48d3-bf8d-a954a0528f50/addn_hosts - 2 addresses
Jun 22 03:58:17 gtw01 dnsmasq-dhcp[3184]: read /var/lib/neutron/dhcp/9cd27ec0-9bf6-48d3-bf8d-a954a0528f50/host
Jun 22 03:58:17 gtw01 dnsmasq-dhcp[3184]: read /var/lib/neutron/dhcp/9cd27ec0-9bf6-48d3-bf8d-a954a0528f50/opts
Jun 22 03:58:20 gtw01 dnsmasq[3859]: read /var/lib/neutron/dhcp/f913930f-d5b2-4906-a72f-9877a81c6fd5/addn_hosts - 3 addresses
Jun 22 03:58:20 gtw01 dnsmasq-dhcp[3859]: read /var/lib/neutron/dhcp/f913930f-d5b2-4906-a72f-9877a81c6fd5/host
Jun 22 03:58:20 gtw01 dnsmasq-dhcp[3859]: read /var/lib/neutron/dhcp/f913930f-d5b2-4906-a72f-9877a81c6fd5/opts
Jun 22 03:58:21 gtw01 dnsmasq[3184]: read /var/lib/neutron/dhcp/9cd27ec0-9bf6-48d3-bf8d-a954a0528f50/addn_hosts - 3 addresses
Jun 22 03:58:21 gtw01 dnsmasq-dhcp[3184]: read /var/lib/neutron/dhcp/9cd27ec0-9bf6-48d3-bf8d-a954a0528f50/host
Jun 22 03:58:21 gtw01 dnsmasq-dhcp[3184]: read /var/lib/neutron/dhcp/9cd27ec0-9bf6-48d3-bf8d-a954a0528f50/opts
Jun 22 03:58:21 gtw01 dnsmasq[3859]: read /var/lib/neutron/dhcp/f913930f-d5b2-4906-a72f-9877a81c6fd5/addn_hosts - 3 addresses
Jun 22 03:58:21 gtw01 dnsmasq-dhcp[3859]: read /var/lib/neutron/dhcp/f913930f-d5b2-4906-a72f-9877a81c6fd5/host
Jun 22 03:58:21 gtw01 dnsmasq-dhcp[3859]: read /var/lib/neutron/dhcp/f913930f-d5b2-4906-a72f-9877a81c6fd5/opts
Jun 22 03:58:22 gtw01 dnsmasq[3859]: read /var/lib/neutron/dhcp/f913930f-d5b2-4906-a72f-9877a81c6fd5/addn_hosts - 3 addresses
Jun 22 03:58:22 gtw01 dnsmasq-dhcp[3859]: read /var/lib/neutron/dhcp/f913930f-d5b2-4906-a72f-9877a81c6fd5/host
Jun 22 03:58:22 gtw01 dnsmasq-dhcp[3859]: read /var/lib/neutron/dhcp/f913930f-d5b2-4906-a72f-9877a81c6fd5/opts
Jun 22 03:58:22 gtw01 dnsmasq[3184]: read /var/lib/neutron/dhcp/9cd27ec0-9bf6-48d3-bf8d-a954a0528f50/addn_hosts - 3 addresses
Jun 22 03:58:22 gtw01 dnsmasq-dhcp[3184]: read /var/lib/neutron/dhcp/9cd27ec0-9bf6-48d3-bf8d-a954a0528f50/host
Jun 22 03:58:22 gtw01 dnsmasq-dhcp[3184]: read /var/lib/neutron/dhcp/9cd27ec0-9bf6-48d3-bf8d-a954a0528f50/opts
Jun 22 03:58:23 gtw01 dnsmasq[3184]: read /var/lib/neutron/dhcp/9cd27ec0-9bf6-48d3-bf8d-a954a0528f50/addn_hosts - 3 addresses
Jun 22 03:58:23 gtw01 dnsmasq-dhcp[3184]: read /var/lib/neutron/dhcp/9cd27ec0-9bf6-48d3-bf8d-a954a0528f50/host
Jun 22 03:58:23 gtw01 dnsmasq-dhcp[3184]: read /var/lib/neutron/dhcp/9cd27ec0-9bf6-48d3-bf8d-a954a0528f50/opts
Jun 22 03:58:31 gtw01 dnsmasq[3184]: read /var/lib/neutron/dhcp/9cd27ec0-9bf6-48d3-bf8d-a954a0528f50/addn_hosts - 2 addresses
Jun 22 03:58:31 gtw01 dnsmasq-dhcp[3184]: read /var/lib/neutron/dhcp/9cd27ec0-9bf6-48d3-bf8d-a954a0528f50/host
Jun 22 03:58:31 gtw01 dnsmasq-dhcp[3184]: read /var/lib/neutron/dhcp/9cd27ec0-9bf6-48d3-bf8d-a954a0528f50/opts
Jun 22 03:58:35 gtw01 dnsmasq-dhcp[3859]: DHCPDISCOVER(tap65494e0d-c9) fa:16:3e:27:27:c2
Jun 22 03:58:35 gtw01 dnsmasq-dhcp[3859]: DHCPOFFER(tap65494e0d-c9) 192.168.120.5 fa:16:3e:27:27:c2
Jun 22 03:58:35 gtw01 dnsmasq-dhcp[3859]: DHCPREQUEST(tap65494e0d-c9) 192.168.120.5 fa:16:3e:27:27:c2
Jun 22 03:58:35 gtw01 dnsmasq-dhcp[3859]: DHCPACK(tap65494e0d-c9) 192.168.120.5 fa:16:3e:27:27:c2 host-192-168-120-5
Jun 22 03:58:38 gtw01 dnsmasq[3184]: read /var/lib/neutron/dhcp/9cd27ec0-9bf6-48d3-bf8d-a954a0528f50/addn_hosts - 3 addresses
Jun 22 03:58:38 gtw01 dnsmasq-dhcp[3184]: read /var/lib/neutron/dhcp/9cd27ec0-9bf6-48d3-bf8d-a954a0528f50/host
Jun 22 03:58:38 gtw01 dnsmasq-dhcp[3184]: read /var/lib/neutron/dhcp/9cd27ec0-9bf6-48d3-bf8d-a954a0528f50/opts
Jun 22 03:58:39 gtw01 dnsmasq[3184]: read /var/lib/neutron/dhcp/9cd27ec0-9bf6-48d3-bf8d-a954a0528f50/addn_hosts - 3 addresses
Jun 22 03:58:39 gtw01 dnsmasq-dhcp[3184]: read /var/lib/neutron/dhcp/9cd27ec0-9bf6-48d3-bf8d-a954a0528f50/host
Jun 22 03:58:39 gtw01 dnsmasq-dhcp[3184]: read /var/lib/neutron/dhcp/9cd27ec0-9bf6-48d3-bf8d-a954a0528f50/opts
Jun 22 03:58:40 gtw01 dnsmasq-dhcp[3859]: DHCPRELEASE(tap65494e0d-c9) 192.168.120.5 fa:16:3e:27:27:c2
Jun 22 03:58:40 gtw01 dnsmasq[3184]: read /var/lib/neutron/dhcp/9cd27ec0-9bf6-48d3-bf8d-a954a0528f50/addn_hosts - 3 addresses
Jun 22 03:58:40 gtw01 dnsmasq-dhcp[3184]: read /var/lib/neutron/dhcp/9cd27ec0-9bf6-48d3-bf8d-a954a0528f50/host
Jun 22 03:58:40 gtw01 dnsmasq-dhcp[3184]: read /var/lib/neutron/dhcp/9cd27ec0-9bf6-48d3-bf8d-a954a0528f50/opts
Jun 22 03:58:41 gtw01 dnsmasq-dhcp[3859]: DHCPRELEASE(tap65494e0d-c9) 192.168.120.5 fa:16:3e:27:27:c2 unknown lease
Jun 22 03:58:41 gtw01 dnsmasq[3859]: read /var/lib/neutron/dhcp/f913930f-d5b2-4906-a72f-9877a81c6fd5/addn_hosts - 2 addresses
Jun 22 03:58:41 gtw01 dnsmasq-dhcp[3859]: read /var/lib/neutron/dhcp/f913930f-d5b2-4906-a72f-9877a81c6fd5/host
Jun 22 03:58:41 gtw01 dnsmasq-dhcp[3859]: read /var/lib/neutron/dhcp/f913930f-d5b2-4906-a72f-9877a81c6fd5/opts
Jun 22 03:58:43 gtw01 dnsmasq[3859]: read /var/lib/neutron/dhcp/f913930f-d5b2-4906-a72f-9877a81c6fd5/addn_hosts - 3 addresses
Jun 22 03:58:43 gtw01 dnsmasq-dhcp[3859]: read /var/lib/neutron/dhcp/f913930f-d5b2-4906-a72f-9877a81c6fd5/host
Jun 22 03:58:43 gtw01 dnsmasq-dhcp[3859]: read /var/lib/neutron/dhcp/f913930f-d5b2-4906-a72f-9877a81c6fd5/opts
Jun 22 03:58:44 gtw01 dnsmasq[3859]: read /var/lib/neutron/dhcp/f913930f-d5b2-4906-a72f-9877a81c6fd5/addn_hosts - 3 addresses
Jun 22 03:58:44 gtw01 dnsmasq-dhcp[3859]: read /var/lib/neutron/dhcp/f913930f-d5b2-4906-a72f-9877a81c6fd5/host
Jun 22 03:58:44 gtw01 dnsmasq-dhcp[3859]: read /var/lib/neutron/dhcp/f913930f-d5b2-4906-a72f-9877a81c6fd5/opts
Jun 22 03:58:45 gtw01 dnsmasq[3859]: read /var/lib/neutron/dhcp/f913930f-d5b2-4906-a72f-9877a81c6fd5/addn_hosts - 3 addresses
Jun 22 03:58:45 gtw01 dnsmasq-dhcp[3859]: read /var/lib/neutron/dhcp/f913930f-d5b2-4906-a72f-9877a81c6fd5/host
Jun 22 03:58:45 gtw01 dnsmasq-dhcp[3859]: read /var/lib/neutron/dhcp/f913930f-d5b2-4906-a72f-9877a81c6fd5/opts
Jun 22 03:58:51 gtw01 dnsmasq[3184]: read /var/lib/neutron/dhcp/9cd27ec0-9bf6-48d3-bf8d-a954a0528f50/addn_hosts - 4 addresses
Jun 22 03:58:51 gtw01 dnsmasq-dhcp[3184]: read /var/lib/neutron/dhcp/9cd27ec0-9bf6-48d3-bf8d-a954a0528f50/host
Jun 22 03:58:51 gtw01 dnsmasq-dhcp[3184]: read /var/lib/neutron/dhcp/9cd27ec0-9bf6-48d3-bf8d-a954a0528f50/opts
Jun 22 03:58:52 gtw01 dnsmasq[3184]: read /var/lib/neutron/dhcp/9cd27ec0-9bf6-48d3-bf8d-a954a0528f50/addn_hosts - 4 addresses
Jun 22 03:58:52 gtw01 dnsmasq-dhcp[3184]: read /var/lib/neutron/dhcp/9cd27ec0-9bf6-48d3-bf8d-a954a0528f50/host
Jun 22 03:58:52 gtw01 dnsmasq-dhcp[3184]: read /var/lib/neutron/dhcp/9cd27ec0-9bf6-48d3-bf8d-a954a0528f50/opts
Jun 22 03:58:53 gtw01 dnsmasq[3184]: read /var/lib/neutron/dhcp/9cd27ec0-9bf6-48d3-bf8d-a954a0528f50/addn_hosts - 4 addresses
Jun 22 03:58:53 gtw01 dnsmasq-dhcp[3184]: read /var/lib/neutron/dhcp/9cd27ec0-9bf6-48d3-bf8d-a954a0528f50/host
Jun 22 03:58:53 gtw01 dnsmasq-dhcp[3184]: read /var/lib/neutron/dhcp/9cd27ec0-9bf6-48d3-bf8d-a954a0528f50/opts
Jun 22 03:58:56 gtw01 dnsmasq-dhcp[3184]: DHCPDISCOVER(tap3dd2b34d-81) fa:16:3e:65:03:3d
Jun 22 03:58:56 gtw01 dnsmasq-dhcp[3184]: DHCPOFFER(tap3dd2b34d-81) 192.168.120.26 fa:16:3e:65:03:3d
Jun 22 03:58:56 gtw01 dnsmasq-dhcp[3184]: DHCPREQUEST(tap3dd2b34d-81) 192.168.120.26 fa:16:3e:65:03:3d
Jun 22 03:58:56 gtw01 dnsmasq-dhcp[3184]: DHCPACK(tap3dd2b34d-81) 192.168.120.26 fa:16:3e:65:03:3d host-192-168-120-26
Jun 22 03:59:01 gtw01 dnsmasq[3184]: read /var/lib/neutron/dhcp/9cd27ec0-9bf6-48d3-bf8d-a954a0528f50/addn_hosts - 3 addresses
Jun 22 03:59:01 gtw01 dnsmasq-dhcp[3184]: read /var/lib/neutron/dhcp/9cd27ec0-9bf6-48d3-bf8d-a954a0528f50/host
Jun 22 03:59:01 gtw01 dnsmasq-dhcp[3184]: read /var/lib/neutron/dhcp/9cd27ec0-9bf6-48d3-bf8d-a954a0528f50/opts
Jun 22 03:59:04 gtw01 dnsmasq-dhcp[3859]: DHCPDISCOVER(tap65494e0d-c9) fa:16:3e:ec:62:72
Jun 22 03:59:04 gtw01 dnsmasq-dhcp[3859]: DHCPOFFER(tap65494e0d-c9) 192.168.120.5 fa:16:3e:ec:62:72
Jun 22 03:59:04 gtw01 dnsmasq-dhcp[3859]: DHCPREQUEST(tap65494e0d-c9) 192.168.120.5 fa:16:3e:ec:62:72
Jun 22 03:59:04 gtw01 dnsmasq-dhcp[3859]: DHCPACK(tap65494e0d-c9) 192.168.120.5 fa:16:3e:ec:62:72 host-192-168-120-5
Jun 22 03:59:05 gtw01 dnsmasq-dhcp[3184]: DHCPRELEASE(tap3dd2b34d-81) 192.168.120.26 fa:16:3e:65:03:3d
Jun 22 03:59:06 gtw01 dnsmasq-dhcp[3184]: DHCPRELEASE(tap3dd2b34d-81) 192.168.120.26 fa:16:3e:65:03:3d unknown lease
Jun 22 03:59:06 gtw01 dnsmasq[3184]: read /var/lib/neutron/dhcp/9cd27ec0-9bf6-48d3-bf8d-a954a0528f50/addn_hosts - 2 addresses
Jun 22 03:59:06 gtw01 dnsmasq-dhcp[3184]: read /var/lib/neutron/dhcp/9cd27ec0-9bf6-48d3-bf8d-a954a0528f50/host
Jun 22 03:59:06 gtw01 dnsmasq-dhcp[3184]: read /var/lib/neutron/dhcp/9cd27ec0-9bf6-48d3-bf8d-a954a0528f50/opts
Jun 22 03:59:08 gtw01 dnsmasq-dhcp[3859]: DHCPRELEASE(tap65494e0d-c9) 192.168.120.5 fa:16:3e:ec:62:72
Jun 22 03:59:09 gtw01 dnsmasq-dhcp[3859]: DHCPRELEASE(tap65494e0d-c9) 192.168.120.5 fa:16:3e:ec:62:72 unknown lease
Jun 22 03:59:09 gtw01 dnsmasq[3859]: read /var/lib/neutron/dhcp/f913930f-d5b2-4906-a72f-9877a81c6fd5/addn_hosts - 2 addresses
Jun 22 03:59:09 gtw01 dnsmasq-dhcp[3859]: read /var/lib/neutron/dhcp/f913930f-d5b2-4906-a72f-9877a81c6fd5/host
Jun 22 03:59:09 gtw01 dnsmasq-dhcp[3859]: read /var/lib/neutron/dhcp/f913930f-d5b2-4906-a72f-9877a81c6fd5/opts
Jun 22 03:59:18 gtw01 dnsmasq[4411]: read /var/lib/neutron/dhcp/3500177f-5a6e-4317-b4f6-3057e2f73406/addn_hosts - 1 addresses
Jun 22 03:59:18 gtw01 dnsmasq-dhcp[4411]: read /var/lib/neutron/dhcp/3500177f-5a6e-4317-b4f6-3057e2f73406/host
Jun 22 03:59:18 gtw01 dnsmasq-dhcp[4411]: read /var/lib/neutron/dhcp/3500177f-5a6e-4317-b4f6-3057e2f73406/opts
Jun 22 03:59:19 gtw01 haproxy-metadata-proxy-3500177f-5a6e-4317-b4f6-3057e2f73406[5881]: Proxy listener started.
Jun 22 03:59:21 gtw01 kernel: [ 4949.995867] device qr-d1ba7473-e4 left promiscuous mode
Jun 22 03:59:21 gtw01 kernel: [ 4950.749374] device qg-bd7563e8-0c left promiscuous mode
Jun 22 03:59:25 gtw01 kernel: [ 4954.150566] device tapf4e5202d-0c left promiscuous mode
Jun 22 03:59:27 gtw01 dnsmasq[3184]: read /var/lib/neutron/dhcp/9cd27ec0-9bf6-48d3-bf8d-a954a0528f50/addn_hosts - 3 addresses
Jun 22 03:59:27 gtw01 dnsmasq-dhcp[3184]: read /var/lib/neutron/dhcp/9cd27ec0-9bf6-48d3-bf8d-a954a0528f50/host
Jun 22 03:59:27 gtw01 dnsmasq-dhcp[3184]: read /var/lib/neutron/dhcp/9cd27ec0-9bf6-48d3-bf8d-a954a0528f50/opts
Jun 22 03:59:28 gtw01 dnsmasq[3184]: read /var/lib/neutron/dhcp/9cd27ec0-9bf6-48d3-bf8d-a954a0528f50/addn_hosts - 3 addresses
Jun 22 03:59:28 gtw01 dnsmasq-dhcp[3184]: read /var/lib/neutron/dhcp/9cd27ec0-9bf6-48d3-bf8d-a954a0528f50/host
Jun 22 03:59:28 gtw01 dnsmasq-dhcp[3184]: read /var/lib/neutron/dhcp/9cd27ec0-9bf6-48d3-bf8d-a954a0528f50/opts
Jun 22 03:59:29 gtw01 dnsmasq[3859]: read /var/lib/neutron/dhcp/f913930f-d5b2-4906-a72f-9877a81c6fd5/addn_hosts - 1 addresses
Jun 22 03:59:29 gtw01 dnsmasq-dhcp[3859]: read /var/lib/neutron/dhcp/f913930f-d5b2-4906-a72f-9877a81c6fd5/host
Jun 22 03:59:29 gtw01 dnsmasq-dhcp[3859]: read /var/lib/neutron/dhcp/f913930f-d5b2-4906-a72f-9877a81c6fd5/opts
Jun 22 03:59:29 gtw01 dnsmasq[3184]: read /var/lib/neutron/dhcp/9cd27ec0-9bf6-48d3-bf8d-a954a0528f50/addn_hosts - 3 addresses
Jun 22 03:59:29 gtw01 dnsmasq-dhcp[3184]: read /var/lib/neutron/dhcp/9cd27ec0-9bf6-48d3-bf8d-a954a0528f50/host
Jun 22 03:59:29 gtw01 dnsmasq-dhcp[3184]: read /var/lib/neutron/dhcp/9cd27ec0-9bf6-48d3-bf8d-a954a0528f50/opts
Jun 22 03:59:30 gtw01 haproxy-metadata-proxy-f913930f-d5b2-4906-a72f-9877a81c6fd5[6100]: Proxy listener started.
Jun 22 03:59:31 gtw01 kernel: [ 4960.785432] device qr-9cbe2086-e3 left promiscuous mode
Jun 22 03:59:32 gtw01 kernel: [ 4961.588917] device qg-39138d45-58 left promiscuous mode
Jun 22 03:59:34 gtw01 kernel: [ 4963.850453] device tap65494e0d-c9 left promiscuous mode
Jun 22 03:59:40 gtw01 dnsmasq[3184]: read /var/lib/neutron/dhcp/9cd27ec0-9bf6-48d3-bf8d-a954a0528f50/addn_hosts - 4 addresses
Jun 22 03:59:40 gtw01 dnsmasq-dhcp[3184]: read /var/lib/neutron/dhcp/9cd27ec0-9bf6-48d3-bf8d-a954a0528f50/host
Jun 22 03:59:40 gtw01 dnsmasq-dhcp[3184]: read /var/lib/neutron/dhcp/9cd27ec0-9bf6-48d3-bf8d-a954a0528f50/opts
Jun 22 03:59:41 gtw01 dnsmasq[3184]: read /var/lib/neutron/dhcp/9cd27ec0-9bf6-48d3-bf8d-a954a0528f50/addn_hosts - 5 addresses
Jun 22 03:59:41 gtw01 dnsmasq-dhcp[3184]: read /var/lib/neutron/dhcp/9cd27ec0-9bf6-48d3-bf8d-a954a0528f50/host
Jun 22 03:59:41 gtw01 dnsmasq-dhcp[3184]: read /var/lib/neutron/dhcp/9cd27ec0-9bf6-48d3-bf8d-a954a0528f50/opts
Jun 22 03:59:42 gtw01 dnsmasq[3184]: read /var/lib/neutron/dhcp/9cd27ec0-9bf6-48d3-bf8d-a954a0528f50/addn_hosts - 5 addresses
Jun 22 03:59:42 gtw01 dnsmasq-dhcp[3184]: read /var/lib/neutron/dhcp/9cd27ec0-9bf6-48d3-bf8d-a954a0528f50/host
Jun 22 03:59:42 gtw01 dnsmasq-dhcp[3184]: read /var/lib/neutron/dhcp/9cd27ec0-9bf6-48d3-bf8d-a954a0528f50/opts
Jun 22 03:59:43 gtw01 dnsmasq[3184]: read /var/lib/neutron/dhcp/9cd27ec0-9bf6-48d3-bf8d-a954a0528f50/addn_hosts - 5 addresses
Jun 22 03:59:43 gtw01 dnsmasq-dhcp[3184]: read /var/lib/neutron/dhcp/9cd27ec0-9bf6-48d3-bf8d-a954a0528f50/host
Jun 22 03:59:43 gtw01 dnsmasq-dhcp[3184]: read /var/lib/neutron/dhcp/9cd27ec0-9bf6-48d3-bf8d-a954a0528f50/opts
Jun 22 03:59:44 gtw01 dnsmasq[3184]: read /var/lib/neutron/dhcp/9cd27ec0-9bf6-48d3-bf8d-a954a0528f50/addn_hosts - 5 addresses
Jun 22 03:59:44 gtw01 dnsmasq-dhcp[3184]: read /var/lib/neutron/dhcp/9cd27ec0-9bf6-48d3-bf8d-a954a0528f50/host
Jun 22 03:59:44 gtw01 dnsmasq-dhcp[3184]: read /var/lib/neutron/dhcp/9cd27ec0-9bf6-48d3-bf8d-a954a0528f50/opts
Jun 22 03:59:46 gtw01 dnsmasq[3184]: read /var/lib/neutron/dhcp/9cd27ec0-9bf6-48d3-bf8d-a954a0528f50/addn_hosts - 5 addresses
Jun 22 03:59:46 gtw01 dnsmasq-dhcp[3184]: read /var/lib/neutron/dhcp/9cd27ec0-9bf6-48d3-bf8d-a954a0528f50/host
Jun 22 03:59:46 gtw01 dnsmasq-dhcp[3184]: read /var/lib/neutron/dhcp/9cd27ec0-9bf6-48d3-bf8d-a954a0528f50/opts
Jun 22 03:59:52 gtw01 dnsmasq-dhcp[3184]: DHCPDISCOVER(tap3dd2b34d-81) fa:16:3e:94:49:87
Jun 22 03:59:52 gtw01 dnsmasq-dhcp[3184]: DHCPOFFER(tap3dd2b34d-81) 192.168.120.4 fa:16:3e:94:49:87
Jun 22 03:59:52 gtw01 dnsmasq-dhcp[3184]: DHCPREQUEST(tap3dd2b34d-81) 192.168.120.4 fa:16:3e:94:49:87
Jun 22 03:59:52 gtw01 dnsmasq-dhcp[3184]: DHCPACK(tap3dd2b34d-81) 192.168.120.4 fa:16:3e:94:49:87 host-192-168-120-4
Jun 22 04:00:18 gtw01 dnsmasq-dhcp[3184]: DHCPDISCOVER(tap3dd2b34d-81) fa:16:3e:f3:9e:5e
Jun 22 04:00:18 gtw01 dnsmasq-dhcp[3184]: DHCPOFFER(tap3dd2b34d-81) 192.168.120.20 fa:16:3e:f3:9e:5e
Jun 22 04:00:18 gtw01 dnsmasq-dhcp[3184]: DHCPREQUEST(tap3dd2b34d-81) 192.168.120.20 fa:16:3e:f3:9e:5e
Jun 22 04:00:18 gtw01 dnsmasq-dhcp[3184]: DHCPACK(tap3dd2b34d-81) 192.168.120.20 fa:16:3e:f3:9e:5e host-192-168-120-20
Jun 22 04:00:26 gtw01 dnsmasq[3184]: read /var/lib/neutron/dhcp/9cd27ec0-9bf6-48d3-bf8d-a954a0528f50/addn_hosts - 6 addresses
Jun 22 04:00:26 gtw01 dnsmasq-dhcp[3184]: read /var/lib/neutron/dhcp/9cd27ec0-9bf6-48d3-bf8d-a954a0528f50/host
Jun 22 04:00:26 gtw01 dnsmasq-dhcp[3184]: read /var/lib/neutron/dhcp/9cd27ec0-9bf6-48d3-bf8d-a954a0528f50/opts
Jun 22 04:00:27 gtw01 dnsmasq[3184]: read /var/lib/neutron/dhcp/9cd27ec0-9bf6-48d3-bf8d-a954a0528f50/addn_hosts - 6 addresses
Jun 22 04:00:27 gtw01 dnsmasq-dhcp[3184]: read /var/lib/neutron/dhcp/9cd27ec0-9bf6-48d3-bf8d-a954a0528f50/host
Jun 22 04:00:27 gtw01 dnsmasq-dhcp[3184]: read /var/lib/neutron/dhcp/9cd27ec0-9bf6-48d3-bf8d-a954a0528f50/opts
Jun 22 04:00:28 gtw01 dnsmasq[3184]: read /var/lib/neutron/dhcp/9cd27ec0-9bf6-48d3-bf8d-a954a0528f50/addn_hosts - 6 addresses
Jun 22 04:00:28 gtw01 dnsmasq-dhcp[3184]: read /var/lib/neutron/dhcp/9cd27ec0-9bf6-48d3-bf8d-a954a0528f50/host
Jun 22 04:00:28 gtw01 dnsmasq-dhcp[3184]: read /var/lib/neutron/dhcp/9cd27ec0-9bf6-48d3-bf8d-a954a0528f50/opts
Jun 22 04:00:30 gtw01 dnsmasq[3184]: read /var/lib/neutron/dhcp/9cd27ec0-9bf6-48d3-bf8d-a954a0528f50/addn_hosts - 7 addresses
Jun 22 04:00:30 gtw01 dnsmasq-dhcp[3184]: read /var/lib/neutron/dhcp/9cd27ec0-9bf6-48d3-bf8d-a954a0528f50/host
Jun 22 04:00:30 gtw01 dnsmasq-dhcp[3184]: read /var/lib/neutron/dhcp/9cd27ec0-9bf6-48d3-bf8d-a954a0528f50/opts
Jun 22 04:00:31 gtw01 dnsmasq[3184]: read /var/lib/neutron/dhcp/9cd27ec0-9bf6-48d3-bf8d-a954a0528f50/addn_hosts - 7 addresses
Jun 22 04:00:31 gtw01 dnsmasq-dhcp[3184]: read /var/lib/neutron/dhcp/9cd27ec0-9bf6-48d3-bf8d-a954a0528f50/host
Jun 22 04:00:31 gtw01 dnsmasq-dhcp[3184]: read /var/lib/neutron/dhcp/9cd27ec0-9bf6-48d3-bf8d-a954a0528f50/opts
Jun 22 04:00:31 gtw01 dnsmasq-dhcp[3184]: DHCPDISCOVER(tap3dd2b34d-81) fa:16:3e:04:04:cb
Jun 22 04:00:31 gtw01 dnsmasq-dhcp[3184]: DHCPOFFER(tap3dd2b34d-81) 192.168.120.7 fa:16:3e:04:04:cb
Jun 22 04:00:31 gtw01 dnsmasq-dhcp[3184]: DHCPREQUEST(tap3dd2b34d-81) 192.168.120.7 fa:16:3e:04:04:cb
Jun 22 04:00:31 gtw01 dnsmasq-dhcp[3184]: DHCPACK(tap3dd2b34d-81) 192.168.120.7 fa:16:3e:04:04:cb host-192-168-120-7
Jun 22 04:00:32 gtw01 dnsmasq[3184]: read /var/lib/neutron/dhcp/9cd27ec0-9bf6-48d3-bf8d-a954a0528f50/addn_hosts - 7 addresses
Jun 22 04:00:32 gtw01 dnsmasq-dhcp[3184]: read /var/lib/neutron/dhcp/9cd27ec0-9bf6-48d3-bf8d-a954a0528f50/host
Jun 22 04:00:32 gtw01 dnsmasq-dhcp[3184]: read /var/lib/neutron/dhcp/9cd27ec0-9bf6-48d3-bf8d-a954a0528f50/opts
Jun 22 04:00:40 gtw01 dnsmasq[3184]: read /var/lib/neutron/dhcp/9cd27ec0-9bf6-48d3-bf8d-a954a0528f50/addn_hosts - 8 addresses
Jun 22 04:00:40 gtw01 dnsmasq-dhcp[3184]: read /var/lib/neutron/dhcp/9cd27ec0-9bf6-48d3-bf8d-a954a0528f50/host
Jun 22 04:00:40 gtw01 dnsmasq-dhcp[3184]: read /var/lib/neutron/dhcp/9cd27ec0-9bf6-48d3-bf8d-a954a0528f50/opts
Jun 22 04:00:41 gtw01 dnsmasq[3184]: read /var/lib/neutron/dhcp/9cd27ec0-9bf6-48d3-bf8d-a954a0528f50/addn_hosts - 8 addresses
Jun 22 04:00:41 gtw01 dnsmasq-dhcp[3184]: read /var/lib/neutron/dhcp/9cd27ec0-9bf6-48d3-bf8d-a954a0528f50/host
Jun 22 04:00:41 gtw01 dnsmasq-dhcp[3184]: read /var/lib/neutron/dhcp/9cd27ec0-9bf6-48d3-bf8d-a954a0528f50/opts
Jun 22 04:00:42 gtw01 dnsmasq-dhcp[3184]: DHCPDISCOVER(tap3dd2b34d-81) fa:16:3e:6f:7d:a1
Jun 22 04:00:42 gtw01 dnsmasq-dhcp[3184]: DHCPOFFER(tap3dd2b34d-81) 192.168.120.14 fa:16:3e:6f:7d:a1
Jun 22 04:00:42 gtw01 dnsmasq-dhcp[3184]: DHCPREQUEST(tap3dd2b34d-81) 192.168.120.14 fa:16:3e:6f:7d:a1
Jun 22 04:00:42 gtw01 dnsmasq-dhcp[3184]: DHCPACK(tap3dd2b34d-81) 192.168.120.14 fa:16:3e:6f:7d:a1 host-192-168-120-14
Jun 22 04:00:42 gtw01 dnsmasq[3184]: read /var/lib/neutron/dhcp/9cd27ec0-9bf6-48d3-bf8d-a954a0528f50/addn_hosts - 8 addresses
Jun 22 04:00:42 gtw01 dnsmasq-dhcp[3184]: read /var/lib/neutron/dhcp/9cd27ec0-9bf6-48d3-bf8d-a954a0528f50/host
Jun 22 04:00:42 gtw01 dnsmasq-dhcp[3184]: read /var/lib/neutron/dhcp/9cd27ec0-9bf6-48d3-bf8d-a954a0528f50/opts
Jun 22 04:00:57 gtw01 dnsmasq[3184]: read /var/lib/neutron/dhcp/9cd27ec0-9bf6-48d3-bf8d-a954a0528f50/addn_hosts - 9 addresses
Jun 22 04:00:57 gtw01 dnsmasq-dhcp[3184]: read /var/lib/neutron/dhcp/9cd27ec0-9bf6-48d3-bf8d-a954a0528f50/host
Jun 22 04:00:57 gtw01 dnsmasq-dhcp[3184]: read /var/lib/neutron/dhcp/9cd27ec0-9bf6-48d3-bf8d-a954a0528f50/opts
Jun 22 04:00:58 gtw01 dnsmasq[3184]: read /var/lib/neutron/dhcp/9cd27ec0-9bf6-48d3-bf8d-a954a0528f50/addn_hosts - 9 addresses
Jun 22 04:00:58 gtw01 dnsmasq-dhcp[3184]: read /var/lib/neutron/dhcp/9cd27ec0-9bf6-48d3-bf8d-a954a0528f50/host
Jun 22 04:00:58 gtw01 dnsmasq-dhcp[3184]: read /var/lib/neutron/dhcp/9cd27ec0-9bf6-48d3-bf8d-a954a0528f50/opts
Jun 22 04:00:59 gtw01 dnsmasq[3184]: read /var/lib/neutron/dhcp/9cd27ec0-9bf6-48d3-bf8d-a954a0528f50/addn_hosts - 9 addresses
Jun 22 04:00:59 gtw01 dnsmasq-dhcp[3184]: read /var/lib/neutron/dhcp/9cd27ec0-9bf6-48d3-bf8d-a954a0528f50/host
Jun 22 04:00:59 gtw01 dnsmasq-dhcp[3184]: read /var/lib/neutron/dhcp/9cd27ec0-9bf6-48d3-bf8d-a954a0528f50/opts
Jun 22 04:01:07 gtw01 dnsmasq[3184]: read /var/lib/neutron/dhcp/9cd27ec0-9bf6-48d3-bf8d-a954a0528f50/addn_hosts - 8 addresses
Jun 22 04:01:07 gtw01 dnsmasq-dhcp[3184]: read /var/lib/neutron/dhcp/9cd27ec0-9bf6-48d3-bf8d-a954a0528f50/host
Jun 22 04:01:07 gtw01 dnsmasq-dhcp[3184]: read /var/lib/neutron/dhcp/9cd27ec0-9bf6-48d3-bf8d-a954a0528f50/opts
Jun 22 04:01:08 gtw01 dnsmasq-dhcp[3184]: DHCPRELEASE(tap3dd2b34d-81) 192.168.120.14 fa:16:3e:6f:7d:a1
Jun 22 04:01:08 gtw01 dnsmasq-dhcp[3184]: DHCPRELEASE(tap3dd2b34d-81) 192.168.120.14 fa:16:3e:6f:7d:a1 unknown lease
Jun 22 04:01:09 gtw01 dnsmasq[3184]: read /var/lib/neutron/dhcp/9cd27ec0-9bf6-48d3-bf8d-a954a0528f50/addn_hosts - 7 addresses
Jun 22 04:01:09 gtw01 dnsmasq-dhcp[3184]: read /var/lib/neutron/dhcp/9cd27ec0-9bf6-48d3-bf8d-a954a0528f50/host
Jun 22 04:01:09 gtw01 dnsmasq-dhcp[3184]: read /var/lib/neutron/dhcp/9cd27ec0-9bf6-48d3-bf8d-a954a0528f50/opts
Jun 22 04:01:10 gtw01 dnsmasq[3184]: read /var/lib/neutron/dhcp/9cd27ec0-9bf6-48d3-bf8d-a954a0528f50/addn_hosts - 8 addresses
Jun 22 04:01:10 gtw01 dnsmasq-dhcp[3184]: read /var/lib/neutron/dhcp/9cd27ec0-9bf6-48d3-bf8d-a954a0528f50/host
Jun 22 04:01:10 gtw01 dnsmasq-dhcp[3184]: read /var/lib/neutron/dhcp/9cd27ec0-9bf6-48d3-bf8d-a954a0528f50/opts
Jun 22 04:01:11 gtw01 dnsmasq[3184]: read /var/lib/neutron/dhcp/9cd27ec0-9bf6-48d3-bf8d-a954a0528f50/addn_hosts - 8 addresses
Jun 22 04:01:11 gtw01 dnsmasq-dhcp[3184]: read /var/lib/neutron/dhcp/9cd27ec0-9bf6-48d3-bf8d-a954a0528f50/host
Jun 22 04:01:11 gtw01 dnsmasq-dhcp[3184]: read /var/lib/neutron/dhcp/9cd27ec0-9bf6-48d3-bf8d-a954a0528f50/opts
Jun 22 04:01:11 gtw01 dnsmasq-dhcp[3184]: DHCPDISCOVER(tap3dd2b34d-81) fa:16:3e:e7:61:63
Jun 22 04:01:11 gtw01 dnsmasq-dhcp[3184]: DHCPOFFER(tap3dd2b34d-81) 192.168.120.11 fa:16:3e:e7:61:63
Jun 22 04:01:11 gtw01 dnsmasq-dhcp[3184]: DHCPREQUEST(tap3dd2b34d-81) 192.168.120.11 fa:16:3e:e7:61:63
Jun 22 04:01:11 gtw01 dnsmasq-dhcp[3184]: DHCPACK(tap3dd2b34d-81) 192.168.120.11 fa:16:3e:e7:61:63 host-192-168-120-11
Jun 22 04:01:12 gtw01 dnsmasq[3184]: read /var/lib/neutron/dhcp/9cd27ec0-9bf6-48d3-bf8d-a954a0528f50/addn_hosts - 8 addresses
Jun 22 04:01:12 gtw01 dnsmasq-dhcp[3184]: read /var/lib/neutron/dhcp/9cd27ec0-9bf6-48d3-bf8d-a954a0528f50/host
Jun 22 04:01:12 gtw01 dnsmasq-dhcp[3184]: read /var/lib/neutron/dhcp/9cd27ec0-9bf6-48d3-bf8d-a954a0528f50/opts
Jun 22 04:01:12 gtw01 dnsmasq-dhcp[3184]: DHCPRELEASE(tap3dd2b34d-81) 192.168.120.7 fa:16:3e:04:04:cb
Jun 22 04:01:13 gtw01 dnsmasq-dhcp[3184]: DHCPRELEASE(tap3dd2b34d-81) 192.168.120.7 fa:16:3e:04:04:cb unknown lease
Jun 22 04:01:13 gtw01 dnsmasq[3184]: read /var/lib/neutron/dhcp/9cd27ec0-9bf6-48d3-bf8d-a954a0528f50/addn_hosts - 7 addresses
Jun 22 04:01:13 gtw01 dnsmasq-dhcp[3184]: read /var/lib/neutron/dhcp/9cd27ec0-9bf6-48d3-bf8d-a954a0528f50/host
Jun 22 04:01:13 gtw01 dnsmasq-dhcp[3184]: read /var/lib/neutron/dhcp/9cd27ec0-9bf6-48d3-bf8d-a954a0528f50/opts
Jun 22 04:01:14 gtw01 dnsmasq-dhcp[3184]: DHCPRELEASE(tap3dd2b34d-81) 192.168.120.20 fa:16:3e:f3:9e:5e
Jun 22 04:01:14 gtw01 dnsmasq-dhcp[3184]: DHCPRELEASE(tap3dd2b34d-81) 192.168.120.20 fa:16:3e:f3:9e:5e unknown lease
Jun 22 04:01:15 gtw01 dnsmasq-dhcp[3184]: DHCPDISCOVER(tap3dd2b34d-81) fa:16:3e:94:2d:56
Jun 22 04:01:15 gtw01 dnsmasq-dhcp[3184]: DHCPOFFER(tap3dd2b34d-81) 192.168.120.3 fa:16:3e:94:2d:56
Jun 22 04:01:15 gtw01 dnsmasq-dhcp[3184]: DHCPREQUEST(tap3dd2b34d-81) 192.168.120.3 fa:16:3e:94:2d:56
Jun 22 04:01:15 gtw01 dnsmasq-dhcp[3184]: DHCPACK(tap3dd2b34d-81) 192.168.120.3 fa:16:3e:94:2d:56 host-192-168-120-3
Jun 22 04:01:15 gtw01 dnsmasq[3184]: read /var/lib/neutron/dhcp/9cd27ec0-9bf6-48d3-bf8d-a954a0528f50/addn_hosts - 6 addresses
Jun 22 04:01:15 gtw01 dnsmasq-dhcp[3184]: read /var/lib/neutron/dhcp/9cd27ec0-9bf6-48d3-bf8d-a954a0528f50/host
Jun 22 04:01:15 gtw01 dnsmasq-dhcp[3184]: read /var/lib/neutron/dhcp/9cd27ec0-9bf6-48d3-bf8d-a954a0528f50/opts
Jun 22 04:01:16 gtw01 dnsmasq-dhcp[3184]: DHCPRELEASE(tap3dd2b34d-81) 192.168.120.4 fa:16:3e:94:49:87
Jun 22 04:01:16 gtw01 dnsmasq-dhcp[3184]: DHCPRELEASE(tap3dd2b34d-81) 192.168.120.4 fa:16:3e:94:49:87 unknown lease
Jun 22 04:01:17 gtw01 dnsmasq[3184]: read /var/lib/neutron/dhcp/9cd27ec0-9bf6-48d3-bf8d-a954a0528f50/addn_hosts - 5 addresses
Jun 22 04:01:17 gtw01 dnsmasq-dhcp[3184]: read /var/lib/neutron/dhcp/9cd27ec0-9bf6-48d3-bf8d-a954a0528f50/host
Jun 22 04:01:17 gtw01 dnsmasq-dhcp[3184]: read /var/lib/neutron/dhcp/9cd27ec0-9bf6-48d3-bf8d-a954a0528f50/opts
Jun 22 04:01:19 gtw01 dnsmasq[3184]: read /var/lib/neutron/dhcp/9cd27ec0-9bf6-48d3-bf8d-a954a0528f50/addn_hosts - 4 addresses
Jun 22 04:01:19 gtw01 dnsmasq-dhcp[3184]: read /var/lib/neutron/dhcp/9cd27ec0-9bf6-48d3-bf8d-a954a0528f50/host
Jun 22 04:01:19 gtw01 dnsmasq-dhcp[3184]: read /var/lib/neutron/dhcp/9cd27ec0-9bf6-48d3-bf8d-a954a0528f50/opts
Jun 22 04:01:20 gtw01 dnsmasq-dhcp[3184]: DHCPRELEASE(tap3dd2b34d-81) 192.168.120.3 fa:16:3e:94:2d:56
Jun 22 04:01:20 gtw01 dnsmasq-dhcp[3184]: DHCPRELEASE(tap3dd2b34d-81) 192.168.120.11 fa:16:3e:e7:61:63
Jun 22 04:01:20 gtw01 dnsmasq-dhcp[3184]: DHCPRELEASE(tap3dd2b34d-81) 192.168.120.11 fa:16:3e:e7:61:63 unknown lease
Jun 22 04:01:21 gtw01 dnsmasq[3184]: read /var/lib/neutron/dhcp/9cd27ec0-9bf6-48d3-bf8d-a954a0528f50/addn_hosts - 3 addresses
Jun 22 04:01:21 gtw01 dnsmasq-dhcp[3184]: read /var/lib/neutron/dhcp/9cd27ec0-9bf6-48d3-bf8d-a954a0528f50/host
Jun 22 04:01:21 gtw01 dnsmasq-dhcp[3184]: read /var/lib/neutron/dhcp/9cd27ec0-9bf6-48d3-bf8d-a954a0528f50/opts
Jun 22 04:01:25 gtw01 dnsmasq[3184]: read /var/lib/neutron/dhcp/9cd27ec0-9bf6-48d3-bf8d-a954a0528f50/addn_hosts - 3 addresses
Jun 22 04:01:25 gtw01 dnsmasq-dhcp[3184]: read /var/lib/neutron/dhcp/9cd27ec0-9bf6-48d3-bf8d-a954a0528f50/host
Jun 22 04:01:25 gtw01 dnsmasq-dhcp[3184]: read /var/lib/neutron/dhcp/9cd27ec0-9bf6-48d3-bf8d-a954a0528f50/opts
Jun 22 04:01:26 gtw01 dnsmasq[3184]: read /var/lib/neutron/dhcp/9cd27ec0-9bf6-48d3-bf8d-a954a0528f50/addn_hosts - 3 addresses
Jun 22 04:01:26 gtw01 dnsmasq-dhcp[3184]: read /var/lib/neutron/dhcp/9cd27ec0-9bf6-48d3-bf8d-a954a0528f50/host
Jun 22 04:01:26 gtw01 dnsmasq-dhcp[3184]: read /var/lib/neutron/dhcp/9cd27ec0-9bf6-48d3-bf8d-a954a0528f50/opts
Jun 22 04:01:30 gtw01 kernel: [ 5079.310187] device tapf9a028b0-d7 entered promiscuous mode
Jun 22 04:01:30 gtw01 systemd-udevd[6827]: Could not generate persistent MAC address for tapf9a028b0-d7: No such file or directory
Jun 22 04:01:30 gtw01 systemd-udevd[6872]: Process '/sbin/ip link set tapf9a028b0-d7 txqueuelen 10000' failed with exit code 1.
Jun 22 04:01:33 gtw01 systemd-udevd[6980]: Could not generate persistent MAC address for qg-cbc1dd4b-e4: No such file or directory
Jun 22 04:01:33 gtw01 kernel: [ 5082.330546] device qg-cbc1dd4b-e4 entered promiscuous mode
Jun 22 04:01:33 gtw01 dnsmasq[7044]: started, version 2.80 cachesize 150
Jun 22 04:01:33 gtw01 dnsmasq[7044]: DNS service limited to local subnets
Jun 22 04:01:33 gtw01 dnsmasq[7044]: compile time options: IPv6 GNU-getopt DBus i18n IDN DHCP DHCPv6 no-Lua TFTP conntrack ipset auth DNSSEC loop-detect inotify dumpfile
Jun 22 04:01:33 gtw01 dnsmasq[7044]: warning: no upstream servers configured
Jun 22 04:01:33 gtw01 dnsmasq-dhcp[7044]: DHCP, static leases only on 192.168.120.0, lease time 1h
Jun 22 04:01:33 gtw01 dnsmasq[7044]: read /var/lib/neutron/dhcp/b1973ea7-2dc0-4c1d-911f-5b9795d27b59/addn_hosts - 1 addresses
Jun 22 04:01:33 gtw01 dnsmasq-dhcp[7044]: read /var/lib/neutron/dhcp/b1973ea7-2dc0-4c1d-911f-5b9795d27b59/host
Jun 22 04:01:33 gtw01 dnsmasq-dhcp[7044]: read /var/lib/neutron/dhcp/b1973ea7-2dc0-4c1d-911f-5b9795d27b59/opts
Jun 22 04:01:33 gtw01 haproxy-metadata-proxy-b1973ea7-2dc0-4c1d-911f-5b9795d27b59[7057]: Proxy listener started.
Jun 22 04:01:34 gtw01 dnsmasq[7044]: read /var/lib/neutron/dhcp/b1973ea7-2dc0-4c1d-911f-5b9795d27b59/addn_hosts - 2 addresses
Jun 22 04:01:34 gtw01 dnsmasq-dhcp[7044]: read /var/lib/neutron/dhcp/b1973ea7-2dc0-4c1d-911f-5b9795d27b59/host
Jun 22 04:01:34 gtw01 dnsmasq-dhcp[7044]: read /var/lib/neutron/dhcp/b1973ea7-2dc0-4c1d-911f-5b9795d27b59/opts
Jun 22 04:01:35 gtw01 dnsmasq[7044]: read /var/lib/neutron/dhcp/b1973ea7-2dc0-4c1d-911f-5b9795d27b59/addn_hosts - 2 addresses
Jun 22 04:01:35 gtw01 dnsmasq-dhcp[7044]: read /var/lib/neutron/dhcp/b1973ea7-2dc0-4c1d-911f-5b9795d27b59/host
Jun 22 04:01:35 gtw01 dnsmasq-dhcp[7044]: read /var/lib/neutron/dhcp/b1973ea7-2dc0-4c1d-911f-5b9795d27b59/opts
Jun 22 04:01:36 gtw01 dnsmasq[3184]: read /var/lib/neutron/dhcp/9cd27ec0-9bf6-48d3-bf8d-a954a0528f50/addn_hosts - 4 addresses
Jun 22 04:01:36 gtw01 dnsmasq-dhcp[3184]: read /var/lib/neutron/dhcp/9cd27ec0-9bf6-48d3-bf8d-a954a0528f50/host
Jun 22 04:01:36 gtw01 dnsmasq-dhcp[3184]: read /var/lib/neutron/dhcp/9cd27ec0-9bf6-48d3-bf8d-a954a0528f50/opts
Jun 22 04:01:36 gtw01 dnsmasq[7044]: read /var/lib/neutron/dhcp/b1973ea7-2dc0-4c1d-911f-5b9795d27b59/addn_hosts - 2 addresses
Jun 22 04:01:36 gtw01 dnsmasq-dhcp[7044]: read /var/lib/neutron/dhcp/b1973ea7-2dc0-4c1d-911f-5b9795d27b59/host
Jun 22 04:01:36 gtw01 dnsmasq-dhcp[7044]: read /var/lib/neutron/dhcp/b1973ea7-2dc0-4c1d-911f-5b9795d27b59/opts
Jun 22 04:01:37 gtw01 dnsmasq[3184]: read /var/lib/neutron/dhcp/9cd27ec0-9bf6-48d3-bf8d-a954a0528f50/addn_hosts - 4 addresses
Jun 22 04:01:37 gtw01 dnsmasq-dhcp[3184]: read /var/lib/neutron/dhcp/9cd27ec0-9bf6-48d3-bf8d-a954a0528f50/host
Jun 22 04:01:37 gtw01 dnsmasq-dhcp[3184]: read /var/lib/neutron/dhcp/9cd27ec0-9bf6-48d3-bf8d-a954a0528f50/opts
Jun 22 04:01:37 gtw01 dnsmasq[7044]: read /var/lib/neutron/dhcp/b1973ea7-2dc0-4c1d-911f-5b9795d27b59/addn_hosts - 2 addresses
Jun 22 04:01:37 gtw01 dnsmasq-dhcp[7044]: read /var/lib/neutron/dhcp/b1973ea7-2dc0-4c1d-911f-5b9795d27b59/host
Jun 22 04:01:37 gtw01 dnsmasq-dhcp[7044]: read /var/lib/neutron/dhcp/b1973ea7-2dc0-4c1d-911f-5b9795d27b59/opts
Jun 22 04:01:37 gtw01 dnsmasq-dhcp[3184]: DHCPDISCOVER(tap3dd2b34d-81) fa:16:3e:94:2d:56
Jun 22 04:01:37 gtw01 dnsmasq-dhcp[3184]: DHCPOFFER(tap3dd2b34d-81) 192.168.120.3 fa:16:3e:94:2d:56
Jun 22 04:01:37 gtw01 dnsmasq-dhcp[3184]: DHCPREQUEST(tap3dd2b34d-81) 192.168.120.3 fa:16:3e:94:2d:56
Jun 22 04:01:37 gtw01 dnsmasq-dhcp[3184]: DHCPACK(tap3dd2b34d-81) 192.168.120.3 fa:16:3e:94:2d:56 host-192-168-120-3
Jun 22 04:01:38 gtw01 dnsmasq[3184]: read /var/lib/neutron/dhcp/9cd27ec0-9bf6-48d3-bf8d-a954a0528f50/addn_hosts - 4 addresses
Jun 22 04:01:38 gtw01 dnsmasq-dhcp[3184]: read /var/lib/neutron/dhcp/9cd27ec0-9bf6-48d3-bf8d-a954a0528f50/host
Jun 22 04:01:38 gtw01 dnsmasq-dhcp[3184]: read /var/lib/neutron/dhcp/9cd27ec0-9bf6-48d3-bf8d-a954a0528f50/opts
Jun 22 04:01:38 gtw01 dnsmasq[7044]: read /var/lib/neutron/dhcp/b1973ea7-2dc0-4c1d-911f-5b9795d27b59/addn_hosts - 2 addresses
Jun 22 04:01:38 gtw01 dnsmasq-dhcp[7044]: read /var/lib/neutron/dhcp/b1973ea7-2dc0-4c1d-911f-5b9795d27b59/host
Jun 22 04:01:38 gtw01 dnsmasq-dhcp[7044]: read /var/lib/neutron/dhcp/b1973ea7-2dc0-4c1d-911f-5b9795d27b59/opts
Jun 22 04:01:39 gtw01 dnsmasq[7044]: read /var/lib/neutron/dhcp/b1973ea7-2dc0-4c1d-911f-5b9795d27b59/addn_hosts - 3 addresses
Jun 22 04:01:39 gtw01 dnsmasq-dhcp[7044]: read /var/lib/neutron/dhcp/b1973ea7-2dc0-4c1d-911f-5b9795d27b59/host
Jun 22 04:01:39 gtw01 dnsmasq-dhcp[7044]: read /var/lib/neutron/dhcp/b1973ea7-2dc0-4c1d-911f-5b9795d27b59/opts
Jun 22 04:01:39 gtw01 haproxy-metadata-proxy-923b697d-d94b-4b9b-ab5a-444da45cf31e[7319]: Proxy listener started.
Jun 22 04:01:40 gtw01 dnsmasq[7044]: read /var/lib/neutron/dhcp/b1973ea7-2dc0-4c1d-911f-5b9795d27b59/addn_hosts - 3 addresses
Jun 22 04:01:40 gtw01 dnsmasq-dhcp[7044]: read /var/lib/neutron/dhcp/b1973ea7-2dc0-4c1d-911f-5b9795d27b59/host
Jun 22 04:01:40 gtw01 dnsmasq-dhcp[7044]: read /var/lib/neutron/dhcp/b1973ea7-2dc0-4c1d-911f-5b9795d27b59/opts
Jun 22 04:01:41 gtw01 dnsmasq[7044]: read /var/lib/neutron/dhcp/b1973ea7-2dc0-4c1d-911f-5b9795d27b59/addn_hosts - 3 addresses
Jun 22 04:01:41 gtw01 dnsmasq-dhcp[7044]: read /var/lib/neutron/dhcp/b1973ea7-2dc0-4c1d-911f-5b9795d27b59/host
Jun 22 04:01:41 gtw01 dnsmasq-dhcp[7044]: read /var/lib/neutron/dhcp/b1973ea7-2dc0-4c1d-911f-5b9795d27b59/opts
Jun 22 04:01:42 gtw01 dnsmasq[7044]: read /var/lib/neutron/dhcp/b1973ea7-2dc0-4c1d-911f-5b9795d27b59/addn_hosts - 3 addresses
Jun 22 04:01:42 gtw01 dnsmasq-dhcp[7044]: read /var/lib/neutron/dhcp/b1973ea7-2dc0-4c1d-911f-5b9795d27b59/host
Jun 22 04:01:42 gtw01 dnsmasq-dhcp[7044]: read /var/lib/neutron/dhcp/b1973ea7-2dc0-4c1d-911f-5b9795d27b59/opts
Jun 22 04:01:42 gtw01 systemd-udevd[7376]: Could not generate persistent MAC address for qr-c99f4d14-33: No such file or directory
Jun 22 04:01:42 gtw01 kernel: [ 5091.219687] device qr-c99f4d14-33 entered promiscuous mode
Jun 22 04:01:43 gtw01 dnsmasq[7044]: read /var/lib/neutron/dhcp/b1973ea7-2dc0-4c1d-911f-5b9795d27b59/addn_hosts - 3 addresses
Jun 22 04:01:43 gtw01 dnsmasq-dhcp[7044]: read /var/lib/neutron/dhcp/b1973ea7-2dc0-4c1d-911f-5b9795d27b59/host
Jun 22 04:01:43 gtw01 dnsmasq-dhcp[7044]: read /var/lib/neutron/dhcp/b1973ea7-2dc0-4c1d-911f-5b9795d27b59/opts
Jun 22 04:01:50 gtw01 dnsmasq[7044]: read /var/lib/neutron/dhcp/b1973ea7-2dc0-4c1d-911f-5b9795d27b59/addn_hosts - 4 addresses
Jun 22 04:01:50 gtw01 dnsmasq-dhcp[7044]: read /var/lib/neutron/dhcp/b1973ea7-2dc0-4c1d-911f-5b9795d27b59/host
Jun 22 04:01:50 gtw01 dnsmasq-dhcp[7044]: read /var/lib/neutron/dhcp/b1973ea7-2dc0-4c1d-911f-5b9795d27b59/opts
Jun 22 04:01:50 gtw01 dnsmasq-dhcp[3184]: DHCPDISCOVER(tap3dd2b34d-81) fa:16:3e:78:72:c8
Jun 22 04:01:50 gtw01 dnsmasq-dhcp[3184]: DHCPOFFER(tap3dd2b34d-81) 192.168.120.13 fa:16:3e:78:72:c8
Jun 22 04:01:50 gtw01 dnsmasq-dhcp[3184]: DHCPREQUEST(tap3dd2b34d-81) 192.168.120.13 fa:16:3e:78:72:c8
Jun 22 04:01:50 gtw01 dnsmasq-dhcp[3184]: DHCPACK(tap3dd2b34d-81) 192.168.120.13 fa:16:3e:78:72:c8 host-192-168-120-13
Jun 22 04:01:51 gtw01 dnsmasq[7044]: read /var/lib/neutron/dhcp/b1973ea7-2dc0-4c1d-911f-5b9795d27b59/addn_hosts - 4 addresses
Jun 22 04:01:51 gtw01 dnsmasq-dhcp[7044]: read /var/lib/neutron/dhcp/b1973ea7-2dc0-4c1d-911f-5b9795d27b59/host
Jun 22 04:01:51 gtw01 dnsmasq-dhcp[7044]: read /var/lib/neutron/dhcp/b1973ea7-2dc0-4c1d-911f-5b9795d27b59/opts
Jun 22 04:01:52 gtw01 dnsmasq[7044]: read /var/lib/neutron/dhcp/b1973ea7-2dc0-4c1d-911f-5b9795d27b59/addn_hosts - 4 addresses
Jun 22 04:01:52 gtw01 dnsmasq-dhcp[7044]: read /var/lib/neutron/dhcp/b1973ea7-2dc0-4c1d-911f-5b9795d27b59/host
Jun 22 04:01:52 gtw01 dnsmasq-dhcp[7044]: read /var/lib/neutron/dhcp/b1973ea7-2dc0-4c1d-911f-5b9795d27b59/opts
Jun 22 04:01:53 gtw01 dnsmasq-dhcp[7044]: DHCPDISCOVER(tapf9a028b0-d7) fa:16:3e:7b:5e:52
Jun 22 04:01:53 gtw01 dnsmasq-dhcp[7044]: DHCPOFFER(tapf9a028b0-d7) 192.168.120.7 fa:16:3e:7b:5e:52
Jun 22 04:01:53 gtw01 dnsmasq-dhcp[7044]: DHCPREQUEST(tapf9a028b0-d7) 192.168.120.7 fa:16:3e:7b:5e:52
Jun 22 04:01:53 gtw01 dnsmasq-dhcp[7044]: DHCPACK(tapf9a028b0-d7) 192.168.120.7 fa:16:3e:7b:5e:52 host-192-168-120-7
Jun 22 04:01:55 gtw01 dnsmasq-dhcp[3184]: DHCPRELEASE(tap3dd2b34d-81) 192.168.120.13 fa:16:3e:78:72:c8
Jun 22 04:01:57 gtw01 dnsmasq[3184]: read /var/lib/neutron/dhcp/9cd27ec0-9bf6-48d3-bf8d-a954a0528f50/addn_hosts - 5 addresses
Jun 22 04:01:57 gtw01 dnsmasq-dhcp[3184]: read /var/lib/neutron/dhcp/9cd27ec0-9bf6-48d3-bf8d-a954a0528f50/host
Jun 22 04:01:57 gtw01 dnsmasq-dhcp[3184]: read /var/lib/neutron/dhcp/9cd27ec0-9bf6-48d3-bf8d-a954a0528f50/opts
Jun 22 04:01:59 gtw01 dnsmasq[3184]: read /var/lib/neutron/dhcp/9cd27ec0-9bf6-48d3-bf8d-a954a0528f50/addn_hosts - 5 addresses
Jun 22 04:01:59 gtw01 dnsmasq-dhcp[3184]: read /var/lib/neutron/dhcp/9cd27ec0-9bf6-48d3-bf8d-a954a0528f50/host
Jun 22 04:01:59 gtw01 dnsmasq-dhcp[3184]: read /var/lib/neutron/dhcp/9cd27ec0-9bf6-48d3-bf8d-a954a0528f50/opts
Jun 22 04:02:00 gtw01 dnsmasq[3184]: read /var/lib/neutron/dhcp/9cd27ec0-9bf6-48d3-bf8d-a954a0528f50/addn_hosts - 5 addresses
Jun 22 04:02:00 gtw01 dnsmasq-dhcp[3184]: read /var/lib/neutron/dhcp/9cd27ec0-9bf6-48d3-bf8d-a954a0528f50/host
Jun 22 04:02:00 gtw01 dnsmasq-dhcp[3184]: read /var/lib/neutron/dhcp/9cd27ec0-9bf6-48d3-bf8d-a954a0528f50/opts
Jun 22 04:02:01 gtw01 dnsmasq[3184]: read /var/lib/neutron/dhcp/9cd27ec0-9bf6-48d3-bf8d-a954a0528f50/addn_hosts - 5 addresses
Jun 22 04:02:01 gtw01 dnsmasq-dhcp[3184]: read /var/lib/neutron/dhcp/9cd27ec0-9bf6-48d3-bf8d-a954a0528f50/host
Jun 22 04:02:01 gtw01 dnsmasq-dhcp[3184]: read /var/lib/neutron/dhcp/9cd27ec0-9bf6-48d3-bf8d-a954a0528f50/opts
Jun 22 04:02:03 gtw01 dnsmasq[3184]: read /var/lib/neutron/dhcp/9cd27ec0-9bf6-48d3-bf8d-a954a0528f50/addn_hosts - 5 addresses
Jun 22 04:02:03 gtw01 dnsmasq-dhcp[3184]: read /var/lib/neutron/dhcp/9cd27ec0-9bf6-48d3-bf8d-a954a0528f50/host
Jun 22 04:02:03 gtw01 dnsmasq-dhcp[3184]: read /var/lib/neutron/dhcp/9cd27ec0-9bf6-48d3-bf8d-a954a0528f50/opts
Jun 22 04:02:07 gtw01 dnsmasq-dhcp[7044]: DHCPDISCOVER(tapf9a028b0-d7) fa:16:3e:ba:9a:09
Jun 22 04:02:07 gtw01 dnsmasq-dhcp[7044]: DHCPOFFER(tapf9a028b0-d7) 192.168.120.6 fa:16:3e:ba:9a:09
Jun 22 04:02:07 gtw01 dnsmasq-dhcp[7044]: DHCPREQUEST(tapf9a028b0-d7) 192.168.120.6 fa:16:3e:ba:9a:09
Jun 22 04:02:07 gtw01 dnsmasq-dhcp[7044]: DHCPACK(tapf9a028b0-d7) 192.168.120.6 fa:16:3e:ba:9a:09 host-192-168-120-6
Jun 22 04:02:11 gtw01 dnsmasq[3184]: read /var/lib/neutron/dhcp/9cd27ec0-9bf6-48d3-bf8d-a954a0528f50/addn_hosts - 4 addresses
Jun 22 04:02:11 gtw01 dnsmasq-dhcp[3184]: read /var/lib/neutron/dhcp/9cd27ec0-9bf6-48d3-bf8d-a954a0528f50/host
Jun 22 04:02:11 gtw01 dnsmasq-dhcp[3184]: read /var/lib/neutron/dhcp/9cd27ec0-9bf6-48d3-bf8d-a954a0528f50/opts
Jun 22 04:02:15 gtw01 dnsmasq[3184]: read /var/lib/neutron/dhcp/9cd27ec0-9bf6-48d3-bf8d-a954a0528f50/addn_hosts - 5 addresses
Jun 22 04:02:15 gtw01 dnsmasq-dhcp[3184]: read /var/lib/neutron/dhcp/9cd27ec0-9bf6-48d3-bf8d-a954a0528f50/host
Jun 22 04:02:15 gtw01 dnsmasq-dhcp[3184]: read /var/lib/neutron/dhcp/9cd27ec0-9bf6-48d3-bf8d-a954a0528f50/opts
Jun 22 04:02:16 gtw01 dnsmasq[3184]: read /var/lib/neutron/dhcp/9cd27ec0-9bf6-48d3-bf8d-a954a0528f50/addn_hosts - 5 addresses
Jun 22 04:02:16 gtw01 dnsmasq-dhcp[3184]: read /var/lib/neutron/dhcp/9cd27ec0-9bf6-48d3-bf8d-a954a0528f50/host
Jun 22 04:02:16 gtw01 dnsmasq-dhcp[3184]: read /var/lib/neutron/dhcp/9cd27ec0-9bf6-48d3-bf8d-a954a0528f50/opts
Jun 22 04:02:17 gtw01 dnsmasq[3184]: read /var/lib/neutron/dhcp/9cd27ec0-9bf6-48d3-bf8d-a954a0528f50/addn_hosts - 5 addresses
Jun 22 04:02:17 gtw01 dnsmasq-dhcp[3184]: read /var/lib/neutron/dhcp/9cd27ec0-9bf6-48d3-bf8d-a954a0528f50/host
Jun 22 04:02:17 gtw01 dnsmasq-dhcp[3184]: read /var/lib/neutron/dhcp/9cd27ec0-9bf6-48d3-bf8d-a954a0528f50/opts
