Jun 22 04:58:19 gtw01 dnsmasq-dhcp[13620]: read /var/lib/neutron/dhcp/e5bf2d7f-f9cc-45f7-be62-282161eccbce/host
Jun 22 04:58:19 gtw01 dnsmasq-dhcp[13620]: read /var/lib/neutron/dhcp/e5bf2d7f-f9cc-45f7-be62-282161eccbce/opts
Jun 22 04:58:19 gtw01 haproxy-metadata-proxy-e5bf2d7f-f9cc-45f7-be62-282161eccbce[13662]: Proxy listener started.
Jun 22 04:58:19 gtw01 dnsmasq[12514]: read /var/lib/neutron/dhcp/0eff4f94-394b-4ee8-953c-8b18b2de6239/addn_hosts - 2 addresses
Jun 22 04:58:19 gtw01 dnsmasq-dhcp[12514]: read /var/lib/neutron/dhcp/0eff4f94-394b-4ee8-953c-8b18b2de6239/host
Jun 22 04:58:19 gtw01 dnsmasq-dhcp[12514]: read /var/lib/neutron/dhcp/0eff4f94-394b-4ee8-953c-8b18b2de6239/opts
Jun 22 04:58:19 gtw01 dnsmasq[12466]: read /var/lib/neutron/dhcp/46df652c-f51b-4aff-ba90-a71ffd733a54/addn_hosts - 2 addresses
Jun 22 04:58:19 gtw01 dnsmasq-dhcp[12466]: read /var/lib/neutron/dhcp/46df652c-f51b-4aff-ba90-a71ffd733a54/host
Jun 22 04:58:19 gtw01 dnsmasq-dhcp[12466]: read /var/lib/neutron/dhcp/46df652c-f51b-4aff-ba90-a71ffd733a54/opts
Jun 22 04:58:20 gtw01 dnsmasq[12807]: read /var/lib/neutron/dhcp/0cc792ca-f818-44ab-a508-11548bc0b1d6/addn_hosts - 2 addresses
Jun 22 04:58:20 gtw01 dnsmasq-dhcp[12807]: read /var/lib/neutron/dhcp/0cc792ca-f818-44ab-a508-11548bc0b1d6/host
Jun 22 04:58:20 gtw01 dnsmasq-dhcp[12807]: read /var/lib/neutron/dhcp/0cc792ca-f818-44ab-a508-11548bc0b1d6/opts
Jun 22 04:58:20 gtw01 dnsmasq[13620]: read /var/lib/neutron/dhcp/e5bf2d7f-f9cc-45f7-be62-282161eccbce/addn_hosts - 1 addresses
Jun 22 04:58:20 gtw01 dnsmasq-dhcp[13620]: read /var/lib/neutron/dhcp/e5bf2d7f-f9cc-45f7-be62-282161eccbce/host
Jun 22 04:58:20 gtw01 dnsmasq-dhcp[13620]: read /var/lib/neutron/dhcp/e5bf2d7f-f9cc-45f7-be62-282161eccbce/opts
Jun 22 04:58:20 gtw01 dnsmasq[12514]: read /var/lib/neutron/dhcp/0eff4f94-394b-4ee8-953c-8b18b2de6239/addn_hosts - 2 addresses
Jun 22 04:58:20 gtw01 dnsmasq-dhcp[12514]: read /var/lib/neutron/dhcp/0eff4f94-394b-4ee8-953c-8b18b2de6239/host
Jun 22 04:58:20 gtw01 dnsmasq-dhcp[12514]: read /var/lib/neutron/dhcp/0eff4f94-394b-4ee8-953c-8b18b2de6239/opts
Jun 22 04:58:20 gtw01 dnsmasq[13761]: started, version 2.80 cachesize 150
Jun 22 04:58:20 gtw01 dnsmasq[13761]: DNS service limited to local subnets
Jun 22 04:58:20 gtw01 dnsmasq[13761]: compile time options: IPv6 GNU-getopt DBus i18n IDN DHCP DHCPv6 no-Lua TFTP conntrack ipset auth DNSSEC loop-detect inotify dumpfile
Jun 22 04:58:20 gtw01 dnsmasq[13761]: warning: no upstream servers configured
Jun 22 04:58:20 gtw01 dnsmasq-dhcp[13761]: DHCP, static leases only on 192.168.120.0, lease time 1h
Jun 22 04:58:20 gtw01 dnsmasq[13761]: read /var/lib/neutron/dhcp/672a3ad1-2ed2-45a4-9630-122f50cb7af0/addn_hosts - 1 addresses
Jun 22 04:58:20 gtw01 dnsmasq-dhcp[13761]: read /var/lib/neutron/dhcp/672a3ad1-2ed2-45a4-9630-122f50cb7af0/host
Jun 22 04:58:20 gtw01 dnsmasq-dhcp[13761]: read /var/lib/neutron/dhcp/672a3ad1-2ed2-45a4-9630-122f50cb7af0/opts
Jun 22 04:58:21 gtw01 dnsmasq[12807]: read /var/lib/neutron/dhcp/0cc792ca-f818-44ab-a508-11548bc0b1d6/addn_hosts - 2 addresses
Jun 22 04:58:21 gtw01 dnsmasq-dhcp[12807]: read /var/lib/neutron/dhcp/0cc792ca-f818-44ab-a508-11548bc0b1d6/host
Jun 22 04:58:21 gtw01 dnsmasq-dhcp[12807]: read /var/lib/neutron/dhcp/0cc792ca-f818-44ab-a508-11548bc0b1d6/opts
Jun 22 04:58:21 gtw01 haproxy-metadata-proxy-672a3ad1-2ed2-45a4-9630-122f50cb7af0[13783]: Proxy listener started.
Jun 22 04:58:21 gtw01 dnsmasq[13799]: started, version 2.80 cachesize 150
Jun 22 04:58:21 gtw01 dnsmasq[13799]: DNS service limited to local subnets
Jun 22 04:58:21 gtw01 dnsmasq[13799]: compile time options: IPv6 GNU-getopt DBus i18n IDN DHCP DHCPv6 no-Lua TFTP conntrack ipset auth DNSSEC loop-detect inotify dumpfile
Jun 22 04:58:21 gtw01 dnsmasq[13799]: warning: no upstream servers configured
Jun 22 04:58:21 gtw01 dnsmasq-dhcp[13799]: DHCP, static leases only on 192.168.120.0, lease time 1h
Jun 22 04:58:21 gtw01 dnsmasq[13799]: read /var/lib/neutron/dhcp/9aca894d-8e9e-4c94-8204-eafcf1047e1e/addn_hosts - 1 addresses
Jun 22 04:58:21 gtw01 dnsmasq-dhcp[13799]: read /var/lib/neutron/dhcp/9aca894d-8e9e-4c94-8204-eafcf1047e1e/host
Jun 22 04:58:21 gtw01 dnsmasq-dhcp[13799]: read /var/lib/neutron/dhcp/9aca894d-8e9e-4c94-8204-eafcf1047e1e/opts
Jun 22 04:58:21 gtw01 haproxy-metadata-proxy-9aca894d-8e9e-4c94-8204-eafcf1047e1e[13818]: Proxy listener started.
Jun 22 04:58:21 gtw01 kernel: [ 8490.798496] IPv4: martian source 192.168.120.1 from 192.168.120.1, on dev qr-0e81d99e-97
Jun 22 04:58:21 gtw01 kernel: [ 8490.798500] ll header: 00000000: ff ff ff ff ff ff fa 16 3e 03 c4 25 08 06        ........>..%..
Jun 22 04:58:21 gtw01 dnsmasq[13620]: read /var/lib/neutron/dhcp/e5bf2d7f-f9cc-45f7-be62-282161eccbce/addn_hosts - 1 addresses
Jun 22 04:58:21 gtw01 dnsmasq-dhcp[13620]: read /var/lib/neutron/dhcp/e5bf2d7f-f9cc-45f7-be62-282161eccbce/host
Jun 22 04:58:21 gtw01 dnsmasq-dhcp[13620]: read /var/lib/neutron/dhcp/e5bf2d7f-f9cc-45f7-be62-282161eccbce/opts
Jun 22 04:58:22 gtw01 kernel: [ 8491.046581] IPv4: martian source 192.168.120.1 from 192.168.120.1, on dev qr-d46eebf5-3c
Jun 22 04:58:22 gtw01 kernel: [ 8491.046584] ll header: 00000000: ff ff ff ff ff ff fa 16 3e 48 92 2f 08 06        ........>H./..
Jun 22 04:58:22 gtw01 systemd-udevd[13873]: Could not generate persistent MAC address for qg-56dff126-dc: No such file or directory
Jun 22 04:58:22 gtw01 kernel: [ 8491.178110] device qg-56dff126-dc entered promiscuous mode
Jun 22 04:58:22 gtw01 dnsmasq[12807]: read /var/lib/neutron/dhcp/0cc792ca-f818-44ab-a508-11548bc0b1d6/addn_hosts - 2 addresses
Jun 22 04:58:22 gtw01 dnsmasq-dhcp[12807]: read /var/lib/neutron/dhcp/0cc792ca-f818-44ab-a508-11548bc0b1d6/host
Jun 22 04:58:22 gtw01 dnsmasq-dhcp[12807]: read /var/lib/neutron/dhcp/0cc792ca-f818-44ab-a508-11548bc0b1d6/opts
Jun 22 04:58:22 gtw01 dnsmasq[13761]: read /var/lib/neutron/dhcp/672a3ad1-2ed2-45a4-9630-122f50cb7af0/addn_hosts - 1 addresses
Jun 22 04:58:22 gtw01 dnsmasq-dhcp[13761]: read /var/lib/neutron/dhcp/672a3ad1-2ed2-45a4-9630-122f50cb7af0/host
Jun 22 04:58:22 gtw01 dnsmasq-dhcp[13761]: read /var/lib/neutron/dhcp/672a3ad1-2ed2-45a4-9630-122f50cb7af0/opts
Jun 22 04:58:22 gtw01 kernel: [ 8491.858799] device qr-b0e12b96-bc entered promiscuous mode
Jun 22 04:58:22 gtw01 systemd-udevd[13990]: Could not generate persistent MAC address for qr-b0e12b96-bc: No such file or directory
Jun 22 04:58:23 gtw01 dnsmasq[12203]: read /var/lib/neutron/dhcp/dfdbb228-ccbe-4969-b408-7a524aa551fb/addn_hosts - 2 addresses
Jun 22 04:58:23 gtw01 dnsmasq-dhcp[12203]: read /var/lib/neutron/dhcp/dfdbb228-ccbe-4969-b408-7a524aa551fb/host
Jun 22 04:58:23 gtw01 dnsmasq-dhcp[12203]: read /var/lib/neutron/dhcp/dfdbb228-ccbe-4969-b408-7a524aa551fb/opts
Jun 22 04:58:23 gtw01 dnsmasq[13799]: read /var/lib/neutron/dhcp/9aca894d-8e9e-4c94-8204-eafcf1047e1e/addn_hosts - 1 addresses
Jun 22 04:58:23 gtw01 dnsmasq-dhcp[13799]: read /var/lib/neutron/dhcp/9aca894d-8e9e-4c94-8204-eafcf1047e1e/host
Jun 22 04:58:23 gtw01 dnsmasq-dhcp[13799]: read /var/lib/neutron/dhcp/9aca894d-8e9e-4c94-8204-eafcf1047e1e/opts
Jun 22 04:58:24 gtw01 dnsmasq[11249]: read /var/lib/neutron/dhcp/74ff03b3-8e77-4b36-a030-d71b4026360c/addn_hosts - 3 addresses
Jun 22 04:58:24 gtw01 dnsmasq-dhcp[11249]: read /var/lib/neutron/dhcp/74ff03b3-8e77-4b36-a030-d71b4026360c/host
Jun 22 04:58:24 gtw01 dnsmasq-dhcp[11249]: read /var/lib/neutron/dhcp/74ff03b3-8e77-4b36-a030-d71b4026360c/opts
Jun 22 04:58:24 gtw01 dnsmasq[13620]: read /var/lib/neutron/dhcp/e5bf2d7f-f9cc-45f7-be62-282161eccbce/addn_hosts - 2 addresses
Jun 22 04:58:24 gtw01 dnsmasq-dhcp[13620]: read /var/lib/neutron/dhcp/e5bf2d7f-f9cc-45f7-be62-282161eccbce/host
Jun 22 04:58:24 gtw01 dnsmasq-dhcp[13620]: read /var/lib/neutron/dhcp/e5bf2d7f-f9cc-45f7-be62-282161eccbce/opts
Jun 22 04:58:25 gtw01 dnsmasq[13761]: read /var/lib/neutron/dhcp/672a3ad1-2ed2-45a4-9630-122f50cb7af0/addn_hosts - 1 addresses
Jun 22 04:58:25 gtw01 dnsmasq-dhcp[13761]: read /var/lib/neutron/dhcp/672a3ad1-2ed2-45a4-9630-122f50cb7af0/host
Jun 22 04:58:25 gtw01 dnsmasq-dhcp[13761]: read /var/lib/neutron/dhcp/672a3ad1-2ed2-45a4-9630-122f50cb7af0/opts
Jun 22 04:58:25 gtw01 kernel: [ 8494.686392] IPv4: martian source 192.168.120.1 from 192.168.120.1, on dev qr-d46eebf5-3c
Jun 22 04:58:25 gtw01 kernel: [ 8494.686396] ll header: 00000000: ff ff ff ff ff ff fa 16 3e 48 92 2f 08 06        ........>H./..
Jun 22 04:58:25 gtw01 kernel: [ 8494.686400] IPv4: martian source 192.168.120.1 from 192.168.120.1, on dev qr-b0e12b96-bc
Jun 22 04:58:25 gtw01 kernel: [ 8494.686401] ll header: 00000000: ff ff ff ff ff ff fa 16 3e 48 92 2f 08 06        ........>H./..
Jun 22 04:58:26 gtw01 dnsmasq[13799]: read /var/lib/neutron/dhcp/9aca894d-8e9e-4c94-8204-eafcf1047e1e/addn_hosts - 1 addresses
Jun 22 04:58:26 gtw01 dnsmasq-dhcp[13799]: read /var/lib/neutron/dhcp/9aca894d-8e9e-4c94-8204-eafcf1047e1e/host
Jun 22 04:58:26 gtw01 dnsmasq-dhcp[13799]: read /var/lib/neutron/dhcp/9aca894d-8e9e-4c94-8204-eafcf1047e1e/opts
Jun 22 04:58:26 gtw01 dnsmasq[11249]: read /var/lib/neutron/dhcp/74ff03b3-8e77-4b36-a030-d71b4026360c/addn_hosts - 3 addresses
Jun 22 04:58:26 gtw01 dnsmasq-dhcp[11249]: read /var/lib/neutron/dhcp/74ff03b3-8e77-4b36-a030-d71b4026360c/host
Jun 22 04:58:26 gtw01 dnsmasq-dhcp[11249]: read /var/lib/neutron/dhcp/74ff03b3-8e77-4b36-a030-d71b4026360c/opts
Jun 22 04:58:26 gtw01 systemd-udevd[14365]: Could not generate persistent MAC address for qg-f62acb81-46: No such file or directory
Jun 22 04:58:26 gtw01 kernel: [ 8495.626796] device qg-f62acb81-46 entered promiscuous mode
Jun 22 04:58:26 gtw01 kernel: [ 8495.643346] device tapd63f1a27-04 entered promiscuous mode
Jun 22 04:58:26 gtw01 systemd-udevd[14374]: Could not generate persistent MAC address for tapd63f1a27-04: No such file or directory
Jun 22 04:58:26 gtw01 kernel: [ 8495.810589] IPv4: martian source 192.168.120.1 from 192.168.120.1, on dev qr-d46eebf5-3c
Jun 22 04:58:26 gtw01 kernel: [ 8495.810592] ll header: 00000000: ff ff ff ff ff ff fa 16 3e cb 5e eb 08 06        ........>.^...
Jun 22 04:58:26 gtw01 kernel: [ 8495.810596] IPv4: martian source 192.168.120.1 from 192.168.120.1, on dev qr-0e81d99e-97
Jun 22 04:58:26 gtw01 kernel: [ 8495.810597] ll header: 00000000: ff ff ff ff ff ff fa 16 3e cb 5e eb 08 06        ........>.^...
Jun 22 04:58:26 gtw01 systemd-udevd[14466]: Process '/sbin/ip link set tapd63f1a27-04 txqueuelen 10000' failed with exit code 1.
Jun 22 04:58:27 gtw01 kernel: [ 8495.898271] device qg-517a4730-41 entered promiscuous mode
Jun 22 04:58:27 gtw01 systemd-udevd[14486]: Could not generate persistent MAC address for qg-517a4730-41: No such file or directory
Jun 22 04:58:27 gtw01 kernel: [ 8496.278809] device qg-d62692fb-c3 entered promiscuous mode
Jun 22 04:58:27 gtw01 systemd-udevd[14564]: Could not generate persistent MAC address for qg-d62692fb-c3: No such file or directory
Jun 22 04:58:27 gtw01 systemd-udevd[14581]: Could not generate persistent MAC address for qg-787e4c70-e9: No such file or directory
Jun 22 04:58:27 gtw01 kernel: [ 8496.310880] device qg-787e4c70-e9 entered promiscuous mode
Jun 22 04:58:27 gtw01 dnsmasq[13620]: read /var/lib/neutron/dhcp/e5bf2d7f-f9cc-45f7-be62-282161eccbce/addn_hosts - 2 addresses
Jun 22 04:58:27 gtw01 dnsmasq-dhcp[13620]: read /var/lib/neutron/dhcp/e5bf2d7f-f9cc-45f7-be62-282161eccbce/host
Jun 22 04:58:27 gtw01 dnsmasq-dhcp[13620]: read /var/lib/neutron/dhcp/e5bf2d7f-f9cc-45f7-be62-282161eccbce/opts
Jun 22 04:58:27 gtw01 dnsmasq[13761]: read /var/lib/neutron/dhcp/672a3ad1-2ed2-45a4-9630-122f50cb7af0/addn_hosts - 2 addresses
Jun 22 04:58:27 gtw01 dnsmasq-dhcp[13761]: read /var/lib/neutron/dhcp/672a3ad1-2ed2-45a4-9630-122f50cb7af0/host
Jun 22 04:58:27 gtw01 dnsmasq-dhcp[13761]: read /var/lib/neutron/dhcp/672a3ad1-2ed2-45a4-9630-122f50cb7af0/opts
Jun 22 04:58:29 gtw01 dnsmasq[13799]: read /var/lib/neutron/dhcp/9aca894d-8e9e-4c94-8204-eafcf1047e1e/addn_hosts - 2 addresses
Jun 22 04:58:29 gtw01 dnsmasq-dhcp[13799]: read /var/lib/neutron/dhcp/9aca894d-8e9e-4c94-8204-eafcf1047e1e/host
Jun 22 04:58:29 gtw01 dnsmasq-dhcp[13799]: read /var/lib/neutron/dhcp/9aca894d-8e9e-4c94-8204-eafcf1047e1e/opts
Jun 22 04:58:29 gtw01 kernel: [ 8497.918616] device tap8295fad8-da entered promiscuous mode
Jun 22 04:58:29 gtw01 systemd-udevd[14818]: Could not generate persistent MAC address for tap8295fad8-da: No such file or directory
Jun 22 04:58:29 gtw01 systemd-udevd[14881]: Process '/sbin/ip link set tap8295fad8-da txqueuelen 10000' failed with exit code 1.
Jun 22 04:58:29 gtw01 dnsmasq[11249]: read /var/lib/neutron/dhcp/74ff03b3-8e77-4b36-a030-d71b4026360c/addn_hosts - 3 addresses
Jun 22 04:58:29 gtw01 dnsmasq-dhcp[11249]: read /var/lib/neutron/dhcp/74ff03b3-8e77-4b36-a030-d71b4026360c/host
Jun 22 04:58:29 gtw01 dnsmasq-dhcp[11249]: read /var/lib/neutron/dhcp/74ff03b3-8e77-4b36-a030-d71b4026360c/opts
Jun 22 04:58:29 gtw01 kernel: [ 8498.362184] IPv4: martian source 192.168.120.1 from 192.168.120.1, on dev qr-d46eebf5-3c
Jun 22 04:58:29 gtw01 kernel: [ 8498.362187] ll header: 00000000: ff ff ff ff ff ff fa 16 3e 48 92 2f 08 06        ........>H./..
Jun 22 04:58:29 gtw01 kernel: [ 8498.362191] IPv4: martian source 192.168.120.1 from 192.168.120.1, on dev qr-b0e12b96-bc
Jun 22 04:58:29 gtw01 kernel: [ 8498.362192] ll header: 00000000: ff ff ff ff ff ff fa 16 3e 48 92 2f 08 06        ........>H./..
Jun 22 04:58:29 gtw01 kernel: [ 8498.362199] IPv4: martian source 192.168.120.1 from 192.168.120.1, on dev qg-d62692fb-c3
Jun 22 04:58:29 gtw01 kernel: [ 8498.362199] ll header: 00000000: ff ff ff ff ff ff fa 16 3e 48 92 2f 08 06        ........>H./..
Jun 22 04:58:30 gtw01 dnsmasq[13620]: read /var/lib/neutron/dhcp/e5bf2d7f-f9cc-45f7-be62-282161eccbce/addn_hosts - 2 addresses
Jun 22 04:58:30 gtw01 dnsmasq-dhcp[13620]: read /var/lib/neutron/dhcp/e5bf2d7f-f9cc-45f7-be62-282161eccbce/host
Jun 22 04:58:30 gtw01 dnsmasq-dhcp[13620]: read /var/lib/neutron/dhcp/e5bf2d7f-f9cc-45f7-be62-282161eccbce/opts
Jun 22 04:58:30 gtw01 kernel: [ 8499.382392] IPv4: martian source 192.168.120.1 from 192.168.120.1, on dev qr-d46eebf5-3c
Jun 22 04:58:30 gtw01 kernel: [ 8499.382395] ll header: 00000000: ff ff ff ff ff ff fa 16 3e cb 5e eb 08 06        ........>.^...
Jun 22 04:58:30 gtw01 kernel: [ 8499.382399] IPv4: martian source 192.168.120.1 from 192.168.120.1, on dev qr-0e81d99e-97
Jun 22 04:58:30 gtw01 kernel: [ 8499.382400] ll header: 00000000: ff ff ff ff ff ff fa 16 3e cb 5e eb 08 06        ........>.^...
Jun 22 04:58:30 gtw01 kernel: [ 8499.446744] device qg-9bdc2a07-a0 entered promiscuous mode
Jun 22 04:58:30 gtw01 systemd-udevd[15010]: Could not generate persistent MAC address for qg-9bdc2a07-a0: No such file or directory
Jun 22 04:58:32 gtw01 haproxy-metadata-proxy-8899c228-5c3c-43ad-a771-81c9c40fb489[15089]: Proxy listener started.
Jun 22 04:58:34 gtw01 dnsmasq[13761]: read /var/lib/neutron/dhcp/672a3ad1-2ed2-45a4-9630-122f50cb7af0/addn_hosts - 2 addresses
Jun 22 04:58:34 gtw01 dnsmasq-dhcp[13761]: read /var/lib/neutron/dhcp/672a3ad1-2ed2-45a4-9630-122f50cb7af0/host
Jun 22 04:58:34 gtw01 dnsmasq-dhcp[13761]: read /var/lib/neutron/dhcp/672a3ad1-2ed2-45a4-9630-122f50cb7af0/opts
Jun 22 04:58:34 gtw01 dnsmasq[13799]: read /var/lib/neutron/dhcp/9aca894d-8e9e-4c94-8204-eafcf1047e1e/addn_hosts - 2 addresses
Jun 22 04:58:34 gtw01 dnsmasq-dhcp[13799]: read /var/lib/neutron/dhcp/9aca894d-8e9e-4c94-8204-eafcf1047e1e/host
Jun 22 04:58:34 gtw01 dnsmasq-dhcp[13799]: read /var/lib/neutron/dhcp/9aca894d-8e9e-4c94-8204-eafcf1047e1e/opts
Jun 22 04:58:35 gtw01 systemd-udevd[15277]: Could not generate persistent MAC address for tap9b04a4ca-8b: No such file or directory
Jun 22 04:58:35 gtw01 kernel: [ 8504.542860] device tap9b04a4ca-8b entered promiscuous mode
Jun 22 04:58:35 gtw01 systemd-udevd[15277]: Process '/sbin/ip link set tap9b04a4ca-8b txqueuelen 10000' failed with exit code 1.
Jun 22 04:58:35 gtw01 systemd-udevd[15277]: Process '/sbin/ip link set tap9b04a4ca-8b txqueuelen 10000' failed with exit code 1.
Jun 22 04:58:36 gtw01 systemd-udevd[15396]: Could not generate persistent MAC address for tap58323507-a1: No such file or directory
Jun 22 04:58:36 gtw01 kernel: [ 8505.182889] device tap58323507-a1 entered promiscuous mode
Jun 22 04:58:36 gtw01 systemd-udevd[15396]: Process '/sbin/ip link set tap58323507-a1 txqueuelen 10000' failed with exit code 1.
Jun 22 04:58:36 gtw01 systemd-udevd[15456]: Process '/sbin/ip link set tap58323507-a1 txqueuelen 10000' failed with exit code 1.
Jun 22 04:58:36 gtw01 dnsmasq[13761]: read /var/lib/neutron/dhcp/672a3ad1-2ed2-45a4-9630-122f50cb7af0/addn_hosts - 2 addresses
Jun 22 04:58:36 gtw01 dnsmasq-dhcp[13761]: read /var/lib/neutron/dhcp/672a3ad1-2ed2-45a4-9630-122f50cb7af0/host
Jun 22 04:58:36 gtw01 dnsmasq-dhcp[13761]: read /var/lib/neutron/dhcp/672a3ad1-2ed2-45a4-9630-122f50cb7af0/opts
Jun 22 04:58:37 gtw01 kernel: [ 8505.886582] IPv4: martian source 192.168.120.1 from 192.168.120.1, on dev qr-d46eebf5-3c
Jun 22 04:58:37 gtw01 kernel: [ 8505.886585] ll header: 00000000: ff ff ff ff ff ff fa 16 3e cb 5e eb 08 06        ........>.^...
Jun 22 04:58:37 gtw01 kernel: [ 8505.886589] IPv4: martian source 192.168.120.1 from 192.168.120.1, on dev qr-0e81d99e-97
Jun 22 04:58:37 gtw01 kernel: [ 8505.886590] ll header: 00000000: ff ff ff ff ff ff fa 16 3e cb 5e eb 08 06        ........>.^...
Jun 22 04:58:37 gtw01 dnsmasq[13799]: read /var/lib/neutron/dhcp/9aca894d-8e9e-4c94-8204-eafcf1047e1e/addn_hosts - 2 addresses
Jun 22 04:58:37 gtw01 dnsmasq-dhcp[13799]: read /var/lib/neutron/dhcp/9aca894d-8e9e-4c94-8204-eafcf1047e1e/host
Jun 22 04:58:37 gtw01 dnsmasq-dhcp[13799]: read /var/lib/neutron/dhcp/9aca894d-8e9e-4c94-8204-eafcf1047e1e/opts
Jun 22 04:58:37 gtw01 haproxy-metadata-proxy-966f8c81-5d59-420d-bef7-652e2062798d[15560]: Proxy listener started.
Jun 22 04:58:38 gtw01 dnsmasq[15668]: started, version 2.80 cachesize 150
Jun 22 04:58:38 gtw01 dnsmasq[15668]: DNS service limited to local subnets
Jun 22 04:58:38 gtw01 dnsmasq[15668]: compile time options: IPv6 GNU-getopt DBus i18n IDN DHCP DHCPv6 no-Lua TFTP conntrack ipset auth DNSSEC loop-detect inotify dumpfile
Jun 22 04:58:38 gtw01 dnsmasq[15668]: warning: no upstream servers configured
Jun 22 04:58:38 gtw01 dnsmasq-dhcp[15668]: DHCP, static leases only on 192.168.120.0, lease time 1h
Jun 22 04:58:38 gtw01 dnsmasq[15668]: read /var/lib/neutron/dhcp/00bbcee2-4689-4d67-b699-d22ffd3a74f1/addn_hosts - 1 addresses
Jun 22 04:58:38 gtw01 dnsmasq-dhcp[15668]: read /var/lib/neutron/dhcp/00bbcee2-4689-4d67-b699-d22ffd3a74f1/host
Jun 22 04:58:38 gtw01 dnsmasq-dhcp[15668]: read /var/lib/neutron/dhcp/00bbcee2-4689-4d67-b699-d22ffd3a74f1/opts
Jun 22 04:58:39 gtw01 haproxy-metadata-proxy-00bbcee2-4689-4d67-b699-d22ffd3a74f1[15706]: Proxy listener started.
Jun 22 04:58:39 gtw01 dnsmasq[15767]: started, version 2.80 cachesize 150
Jun 22 04:58:39 gtw01 dnsmasq[15767]: DNS service limited to local subnets
Jun 22 04:58:39 gtw01 dnsmasq[15767]: compile time options: IPv6 GNU-getopt DBus i18n IDN DHCP DHCPv6 no-Lua TFTP conntrack ipset auth DNSSEC loop-detect inotify dumpfile
Jun 22 04:58:39 gtw01 dnsmasq[15767]: warning: no upstream servers configured
Jun 22 04:58:39 gtw01 dnsmasq-dhcp[15767]: DHCP, static leases only on 192.168.120.0, lease time 1h
Jun 22 04:58:39 gtw01 dnsmasq[15767]: read /var/lib/neutron/dhcp/73aabe27-a1f4-4668-992e-607a1a2c4848/addn_hosts - 1 addresses
Jun 22 04:58:39 gtw01 dnsmasq-dhcp[15767]: read /var/lib/neutron/dhcp/73aabe27-a1f4-4668-992e-607a1a2c4848/host
Jun 22 04:58:39 gtw01 dnsmasq-dhcp[15767]: read /var/lib/neutron/dhcp/73aabe27-a1f4-4668-992e-607a1a2c4848/opts
Jun 22 04:58:40 gtw01 kernel: [ 8508.994927] device tap42859fbf-dd entered promiscuous mode
Jun 22 04:58:40 gtw01 systemd-udevd[15782]: Could not generate persistent MAC address for tap42859fbf-dd: No such file or directory
Jun 22 04:58:40 gtw01 systemd-udevd[15782]: Process '/sbin/ip link set tap42859fbf-dd txqueuelen 10000' failed with exit code 1.
Jun 22 04:58:40 gtw01 haproxy-metadata-proxy-73aabe27-a1f4-4668-992e-607a1a2c4848[15857]: Proxy listener started.
Jun 22 04:58:41 gtw01 dnsmasq[15668]: read /var/lib/neutron/dhcp/00bbcee2-4689-4d67-b699-d22ffd3a74f1/addn_hosts - 2 addresses
Jun 22 04:58:41 gtw01 dnsmasq-dhcp[15668]: read /var/lib/neutron/dhcp/00bbcee2-4689-4d67-b699-d22ffd3a74f1/host
Jun 22 04:58:41 gtw01 dnsmasq-dhcp[15668]: read /var/lib/neutron/dhcp/00bbcee2-4689-4d67-b699-d22ffd3a74f1/opts
Jun 22 04:58:42 gtw01 kernel: [ 8511.522803] device tap17a53b40-7d entered promiscuous mode
Jun 22 04:58:42 gtw01 systemd-udevd[16053]: Could not generate persistent MAC address for tap17a53b40-7d: No such file or directory
Jun 22 04:58:42 gtw01 systemd-udevd[16053]: Process '/sbin/ip link set tap17a53b40-7d txqueuelen 10000' failed with exit code 1.
Jun 22 04:58:42 gtw01 dnsmasq[16128]: started, version 2.80 cachesize 150
Jun 22 04:58:42 gtw01 dnsmasq[16128]: DNS service limited to local subnets
Jun 22 04:58:42 gtw01 dnsmasq[16128]: compile time options: IPv6 GNU-getopt DBus i18n IDN DHCP DHCPv6 no-Lua TFTP conntrack ipset auth DNSSEC loop-detect inotify dumpfile
Jun 22 04:58:42 gtw01 dnsmasq[16128]: warning: no upstream servers configured
Jun 22 04:58:42 gtw01 dnsmasq-dhcp[16128]: DHCP, static leases only on 192.168.120.0, lease time 1h
Jun 22 04:58:42 gtw01 dnsmasq[16128]: read /var/lib/neutron/dhcp/cf46baa3-ec53-427c-89aa-edceadc67064/addn_hosts - 1 addresses
Jun 22 04:58:42 gtw01 dnsmasq-dhcp[16128]: read /var/lib/neutron/dhcp/cf46baa3-ec53-427c-89aa-edceadc67064/host
Jun 22 04:58:42 gtw01 dnsmasq-dhcp[16128]: read /var/lib/neutron/dhcp/cf46baa3-ec53-427c-89aa-edceadc67064/opts
Jun 22 04:58:42 gtw01 systemd-udevd[16120]: Process '/sbin/ip link set tap17a53b40-7d txqueuelen 10000' failed with exit code 1.
Jun 22 04:58:43 gtw01 haproxy-metadata-proxy-cf46baa3-ec53-427c-89aa-edceadc67064[16184]: Proxy listener started.
Jun 22 04:58:43 gtw01 dnsmasq[15767]: read /var/lib/neutron/dhcp/73aabe27-a1f4-4668-992e-607a1a2c4848/addn_hosts - 2 addresses
Jun 22 04:58:43 gtw01 dnsmasq-dhcp[15767]: read /var/lib/neutron/dhcp/73aabe27-a1f4-4668-992e-607a1a2c4848/host
Jun 22 04:58:43 gtw01 dnsmasq-dhcp[15767]: read /var/lib/neutron/dhcp/73aabe27-a1f4-4668-992e-607a1a2c4848/opts
Jun 22 04:58:44 gtw01 dnsmasq[16250]: started, version 2.80 cachesize 150
Jun 22 04:58:44 gtw01 dnsmasq[16250]: DNS service limited to local subnets
Jun 22 04:58:44 gtw01 dnsmasq[16250]: compile time options: IPv6 GNU-getopt DBus i18n IDN DHCP DHCPv6 no-Lua TFTP conntrack ipset auth DNSSEC loop-detect inotify dumpfile
Jun 22 04:58:44 gtw01 dnsmasq[16250]: warning: no upstream servers configured
Jun 22 04:58:44 gtw01 dnsmasq-dhcp[16250]: DHCP, static leases only on 192.168.120.0, lease time 1h
Jun 22 04:58:44 gtw01 dnsmasq[16250]: read /var/lib/neutron/dhcp/465b5a28-2618-42eb-acf9-2a6c727b92cc/addn_hosts - 1 addresses
Jun 22 04:58:44 gtw01 dnsmasq-dhcp[16250]: read /var/lib/neutron/dhcp/465b5a28-2618-42eb-acf9-2a6c727b92cc/host
Jun 22 04:58:44 gtw01 dnsmasq-dhcp[16250]: read /var/lib/neutron/dhcp/465b5a28-2618-42eb-acf9-2a6c727b92cc/opts
Jun 22 04:58:44 gtw01 haproxy-metadata-proxy-465b5a28-2618-42eb-acf9-2a6c727b92cc[16292]: Proxy listener started.
Jun 22 04:58:44 gtw01 haproxy-metadata-proxy-0fd69a44-7b56-4902-b304-a6604c434486[16298]: Proxy listener started.
Jun 22 04:58:45 gtw01 dnsmasq[15668]: read /var/lib/neutron/dhcp/00bbcee2-4689-4d67-b699-d22ffd3a74f1/addn_hosts - 2 addresses
Jun 22 04:58:45 gtw01 dnsmasq-dhcp[15668]: read /var/lib/neutron/dhcp/00bbcee2-4689-4d67-b699-d22ffd3a74f1/host
Jun 22 04:58:45 gtw01 dnsmasq-dhcp[15668]: read /var/lib/neutron/dhcp/00bbcee2-4689-4d67-b699-d22ffd3a74f1/opts
Jun 22 04:58:45 gtw01 kernel: [ 8514.591454] device qr-271f64af-86 entered promiscuous mode
Jun 22 04:58:45 gtw01 systemd-udevd[16369]: Could not generate persistent MAC address for qr-271f64af-86: No such file or directory
Jun 22 04:58:46 gtw01 dnsmasq[16128]: read /var/lib/neutron/dhcp/cf46baa3-ec53-427c-89aa-edceadc67064/addn_hosts - 2 addresses
Jun 22 04:58:46 gtw01 dnsmasq-dhcp[16128]: read /var/lib/neutron/dhcp/cf46baa3-ec53-427c-89aa-edceadc67064/host
Jun 22 04:58:46 gtw01 dnsmasq-dhcp[16128]: read /var/lib/neutron/dhcp/cf46baa3-ec53-427c-89aa-edceadc67064/opts
Jun 22 04:58:46 gtw01 systemd-udevd[16501]: Could not generate persistent MAC address for tap326cdbf7-78: No such file or directory
Jun 22 04:58:46 gtw01 kernel: [ 8515.558781] device tap326cdbf7-78 entered promiscuous mode
Jun 22 04:58:46 gtw01 systemd-udevd[16501]: Process '/sbin/ip link set tap326cdbf7-78 txqueuelen 10000' failed with exit code 1.
Jun 22 04:58:46 gtw01 systemd-udevd[16558]: Process '/sbin/ip link set tap326cdbf7-78 txqueuelen 10000' failed with exit code 1.
Jun 22 04:58:46 gtw01 dnsmasq[15767]: read /var/lib/neutron/dhcp/73aabe27-a1f4-4668-992e-607a1a2c4848/addn_hosts - 2 addresses
Jun 22 04:58:46 gtw01 dnsmasq-dhcp[15767]: read /var/lib/neutron/dhcp/73aabe27-a1f4-4668-992e-607a1a2c4848/host
Jun 22 04:58:46 gtw01 dnsmasq-dhcp[15767]: read /var/lib/neutron/dhcp/73aabe27-a1f4-4668-992e-607a1a2c4848/opts
Jun 22 04:58:48 gtw01 systemd-udevd[16695]: Could not generate persistent MAC address for tapb80210af-91: No such file or directory
Jun 22 04:58:48 gtw01 kernel: [ 8517.106753] device tapb80210af-91 entered promiscuous mode
Jun 22 04:58:48 gtw01 dnsmasq[16250]: read /var/lib/neutron/dhcp/465b5a28-2618-42eb-acf9-2a6c727b92cc/addn_hosts - 2 addresses
Jun 22 04:58:48 gtw01 dnsmasq-dhcp[16250]: read /var/lib/neutron/dhcp/465b5a28-2618-42eb-acf9-2a6c727b92cc/host
Jun 22 04:58:48 gtw01 dnsmasq-dhcp[16250]: read /var/lib/neutron/dhcp/465b5a28-2618-42eb-acf9-2a6c727b92cc/opts
Jun 22 04:58:48 gtw01 systemd-udevd[16776]: Process '/sbin/ip link set tapb80210af-91 txqueuelen 10000' failed with exit code 1.
Jun 22 04:58:49 gtw01 dnsmasq[15668]: read /var/lib/neutron/dhcp/00bbcee2-4689-4d67-b699-d22ffd3a74f1/addn_hosts - 2 addresses
Jun 22 04:58:49 gtw01 dnsmasq-dhcp[15668]: read /var/lib/neutron/dhcp/00bbcee2-4689-4d67-b699-d22ffd3a74f1/host
Jun 22 04:58:49 gtw01 dnsmasq-dhcp[15668]: read /var/lib/neutron/dhcp/00bbcee2-4689-4d67-b699-d22ffd3a74f1/opts
Jun 22 04:58:49 gtw01 haproxy-metadata-proxy-152447a5-3446-4ed1-a4f4-2e9cdac55620[16851]: Proxy listener started.
Jun 22 04:58:49 gtw01 haproxy-metadata-proxy-0ef07e64-c228-432b-9467-4e88f92a53d7[16866]: Proxy listener started.
Jun 22 04:58:50 gtw01 dnsmasq[16931]: started, version 2.80 cachesize 150
Jun 22 04:58:50 gtw01 dnsmasq[16931]: DNS service limited to local subnets
Jun 22 04:58:50 gtw01 dnsmasq[16931]: compile time options: IPv6 GNU-getopt DBus i18n IDN DHCP DHCPv6 no-Lua TFTP conntrack ipset auth DNSSEC loop-detect inotify dumpfile
Jun 22 04:58:50 gtw01 dnsmasq[16931]: warning: no upstream servers configured
Jun 22 04:58:50 gtw01 dnsmasq-dhcp[16931]: DHCP, static leases only on 192.168.120.0, lease time 1h
Jun 22 04:58:50 gtw01 dnsmasq[16931]: read /var/lib/neutron/dhcp/1b0299d3-87eb-447e-a38f-171934a5a7b0/addn_hosts - 1 addresses
Jun 22 04:58:50 gtw01 dnsmasq-dhcp[16931]: read /var/lib/neutron/dhcp/1b0299d3-87eb-447e-a38f-171934a5a7b0/host
Jun 22 04:58:50 gtw01 dnsmasq-dhcp[16931]: read /var/lib/neutron/dhcp/1b0299d3-87eb-447e-a38f-171934a5a7b0/opts
Jun 22 04:58:50 gtw01 dnsmasq[15767]: read /var/lib/neutron/dhcp/73aabe27-a1f4-4668-992e-607a1a2c4848/addn_hosts - 2 addresses
Jun 22 04:58:50 gtw01 dnsmasq-dhcp[15767]: read /var/lib/neutron/dhcp/73aabe27-a1f4-4668-992e-607a1a2c4848/host
Jun 22 04:58:50 gtw01 dnsmasq-dhcp[15767]: read /var/lib/neutron/dhcp/73aabe27-a1f4-4668-992e-607a1a2c4848/opts
Jun 22 04:58:50 gtw01 dnsmasq[16128]: read /var/lib/neutron/dhcp/cf46baa3-ec53-427c-89aa-edceadc67064/addn_hosts - 2 addresses
Jun 22 04:58:50 gtw01 dnsmasq-dhcp[16128]: read /var/lib/neutron/dhcp/cf46baa3-ec53-427c-89aa-edceadc67064/host
Jun 22 04:58:50 gtw01 dnsmasq-dhcp[16128]: read /var/lib/neutron/dhcp/cf46baa3-ec53-427c-89aa-edceadc67064/opts
Jun 22 04:58:51 gtw01 haproxy-metadata-proxy-7a3b0786-7a09-424c-b8e2-6c76a1b482c1[16992]: Proxy listener started.
Jun 22 04:58:51 gtw01 haproxy-metadata-proxy-1b0299d3-87eb-447e-a38f-171934a5a7b0[17008]: Proxy listener started.
Jun 22 04:58:51 gtw01 haproxy-metadata-proxy-c6bb336a-7b52-4d8e-afaf-81f80152153f[17030]: Proxy listener started.
Jun 22 04:58:52 gtw01 dnsmasq[15668]: read /var/lib/neutron/dhcp/00bbcee2-4689-4d67-b699-d22ffd3a74f1/addn_hosts - 2 addresses
Jun 22 04:58:52 gtw01 dnsmasq-dhcp[15668]: read /var/lib/neutron/dhcp/00bbcee2-4689-4d67-b699-d22ffd3a74f1/host
Jun 22 04:58:52 gtw01 dnsmasq-dhcp[15668]: read /var/lib/neutron/dhcp/00bbcee2-4689-4d67-b699-d22ffd3a74f1/opts
Jun 22 04:58:52 gtw01 dnsmasq[16250]: read /var/lib/neutron/dhcp/465b5a28-2618-42eb-acf9-2a6c727b92cc/addn_hosts - 2 addresses
Jun 22 04:58:52 gtw01 dnsmasq-dhcp[16250]: read /var/lib/neutron/dhcp/465b5a28-2618-42eb-acf9-2a6c727b92cc/host
Jun 22 04:58:52 gtw01 dnsmasq-dhcp[16250]: read /var/lib/neutron/dhcp/465b5a28-2618-42eb-acf9-2a6c727b92cc/opts
Jun 22 04:58:52 gtw01 haproxy-metadata-proxy-0c592b9c-1d8d-47e4-80b6-6ec973ed9dc0[17130]: Proxy listener started.
Jun 22 04:58:52 gtw01 dnsmasq[17149]: started, version 2.80 cachesize 150
Jun 22 04:58:52 gtw01 dnsmasq[17149]: DNS service limited to local subnets
Jun 22 04:58:52 gtw01 dnsmasq[17149]: compile time options: IPv6 GNU-getopt DBus i18n IDN DHCP DHCPv6 no-Lua TFTP conntrack ipset auth DNSSEC loop-detect inotify dumpfile
Jun 22 04:58:52 gtw01 dnsmasq[17149]: warning: no upstream servers configured
Jun 22 04:58:52 gtw01 dnsmasq-dhcp[17149]: DHCP, static leases only on 192.168.120.0, lease time 1h
Jun 22 04:58:52 gtw01 dnsmasq[17149]: read /var/lib/neutron/dhcp/75e6677d-fc65-4338-ac18-74946ee8f564/addn_hosts - 1 addresses
Jun 22 04:58:52 gtw01 dnsmasq-dhcp[17149]: read /var/lib/neutron/dhcp/75e6677d-fc65-4338-ac18-74946ee8f564/host
Jun 22 04:58:52 gtw01 dnsmasq-dhcp[17149]: read /var/lib/neutron/dhcp/75e6677d-fc65-4338-ac18-74946ee8f564/opts
Jun 22 04:58:53 gtw01 dnsmasq[15767]: read /var/lib/neutron/dhcp/73aabe27-a1f4-4668-992e-607a1a2c4848/addn_hosts - 2 addresses
Jun 22 04:58:53 gtw01 dnsmasq-dhcp[15767]: read /var/lib/neutron/dhcp/73aabe27-a1f4-4668-992e-607a1a2c4848/host
Jun 22 04:58:53 gtw01 dnsmasq-dhcp[15767]: read /var/lib/neutron/dhcp/73aabe27-a1f4-4668-992e-607a1a2c4848/opts
Jun 22 04:58:53 gtw01 dnsmasq[16128]: read /var/lib/neutron/dhcp/cf46baa3-ec53-427c-89aa-edceadc67064/addn_hosts - 2 addresses
Jun 22 04:58:53 gtw01 dnsmasq-dhcp[16128]: read /var/lib/neutron/dhcp/cf46baa3-ec53-427c-89aa-edceadc67064/host
Jun 22 04:58:53 gtw01 dnsmasq-dhcp[16128]: read /var/lib/neutron/dhcp/cf46baa3-ec53-427c-89aa-edceadc67064/opts
Jun 22 04:58:53 gtw01 haproxy-metadata-proxy-75e6677d-fc65-4338-ac18-74946ee8f564[17204]: Proxy listener started.
Jun 22 04:58:53 gtw01 dnsmasq[16931]: read /var/lib/neutron/dhcp/1b0299d3-87eb-447e-a38f-171934a5a7b0/addn_hosts - 2 addresses
Jun 22 04:58:53 gtw01 dnsmasq-dhcp[16931]: read /var/lib/neutron/dhcp/1b0299d3-87eb-447e-a38f-171934a5a7b0/host
Jun 22 04:58:53 gtw01 dnsmasq-dhcp[16931]: read /var/lib/neutron/dhcp/1b0299d3-87eb-447e-a38f-171934a5a7b0/opts
Jun 22 04:58:54 gtw01 dnsmasq[15668]: read /var/lib/neutron/dhcp/00bbcee2-4689-4d67-b699-d22ffd3a74f1/addn_hosts - 2 addresses
Jun 22 04:58:54 gtw01 dnsmasq-dhcp[15668]: read /var/lib/neutron/dhcp/00bbcee2-4689-4d67-b699-d22ffd3a74f1/host
Jun 22 04:58:54 gtw01 dnsmasq-dhcp[15668]: read /var/lib/neutron/dhcp/00bbcee2-4689-4d67-b699-d22ffd3a74f1/opts
Jun 22 04:58:54 gtw01 dnsmasq[16250]: read /var/lib/neutron/dhcp/465b5a28-2618-42eb-acf9-2a6c727b92cc/addn_hosts - 2 addresses
Jun 22 04:58:54 gtw01 dnsmasq-dhcp[16250]: read /var/lib/neutron/dhcp/465b5a28-2618-42eb-acf9-2a6c727b92cc/host
Jun 22 04:58:54 gtw01 dnsmasq-dhcp[16250]: read /var/lib/neutron/dhcp/465b5a28-2618-42eb-acf9-2a6c727b92cc/opts
Jun 22 04:58:55 gtw01 dnsmasq[15767]: read /var/lib/neutron/dhcp/73aabe27-a1f4-4668-992e-607a1a2c4848/addn_hosts - 2 addresses
Jun 22 04:58:55 gtw01 dnsmasq-dhcp[15767]: read /var/lib/neutron/dhcp/73aabe27-a1f4-4668-992e-607a1a2c4848/host
Jun 22 04:58:55 gtw01 dnsmasq-dhcp[15767]: read /var/lib/neutron/dhcp/73aabe27-a1f4-4668-992e-607a1a2c4848/opts
Jun 22 04:58:55 gtw01 dnsmasq[16128]: read /var/lib/neutron/dhcp/cf46baa3-ec53-427c-89aa-edceadc67064/addn_hosts - 2 addresses
Jun 22 04:58:55 gtw01 dnsmasq-dhcp[16128]: read /var/lib/neutron/dhcp/cf46baa3-ec53-427c-89aa-edceadc67064/host
Jun 22 04:58:55 gtw01 dnsmasq-dhcp[16128]: read /var/lib/neutron/dhcp/cf46baa3-ec53-427c-89aa-edceadc67064/opts
Jun 22 04:58:56 gtw01 kernel: [ 8524.921939] device qr-b0e12b96-bc left promiscuous mode
Jun 22 04:58:56 gtw01 dnsmasq[17420]: started, version 2.80 cachesize 150
Jun 22 04:58:56 gtw01 dnsmasq[17420]: DNS service limited to local subnets
Jun 22 04:58:56 gtw01 dnsmasq[17420]: compile time options: IPv6 GNU-getopt DBus i18n IDN DHCP DHCPv6 no-Lua TFTP conntrack ipset auth DNSSEC loop-detect inotify dumpfile
Jun 22 04:58:56 gtw01 dnsmasq[17420]: warning: no upstream servers configured
Jun 22 04:58:56 gtw01 dnsmasq-dhcp[17420]: DHCP, static leases only on 192.168.120.0, lease time 1h
Jun 22 04:58:56 gtw01 dnsmasq[17420]: read /var/lib/neutron/dhcp/61168aca-a3bc-406d-9cba-fef17c07a4b9/addn_hosts - 1 addresses
Jun 22 04:58:56 gtw01 dnsmasq-dhcp[17420]: read /var/lib/neutron/dhcp/61168aca-a3bc-406d-9cba-fef17c07a4b9/host
Jun 22 04:58:56 gtw01 dnsmasq-dhcp[17420]: read /var/lib/neutron/dhcp/61168aca-a3bc-406d-9cba-fef17c07a4b9/opts
Jun 22 04:58:56 gtw01 systemd-udevd[17433]: Could not generate persistent MAC address for qr-1456b68d-72: No such file or directory
Jun 22 04:58:56 gtw01 kernel: [ 8525.126738] device qr-1456b68d-72 entered promiscuous mode
Jun 22 04:58:56 gtw01 dnsmasq[16931]: read /var/lib/neutron/dhcp/1b0299d3-87eb-447e-a38f-171934a5a7b0/addn_hosts - 2 addresses
Jun 22 04:58:56 gtw01 dnsmasq-dhcp[16931]: read /var/lib/neutron/dhcp/1b0299d3-87eb-447e-a38f-171934a5a7b0/host
Jun 22 04:58:56 gtw01 dnsmasq-dhcp[16931]: read /var/lib/neutron/dhcp/1b0299d3-87eb-447e-a38f-171934a5a7b0/opts
Jun 22 04:58:56 gtw01 dnsmasq[17149]: read /var/lib/neutron/dhcp/75e6677d-fc65-4338-ac18-74946ee8f564/addn_hosts - 2 addresses
Jun 22 04:58:56 gtw01 dnsmasq-dhcp[17149]: read /var/lib/neutron/dhcp/75e6677d-fc65-4338-ac18-74946ee8f564/host
Jun 22 04:58:56 gtw01 dnsmasq-dhcp[17149]: read /var/lib/neutron/dhcp/75e6677d-fc65-4338-ac18-74946ee8f564/opts
Jun 22 04:58:56 gtw01 haproxy-metadata-proxy-61168aca-a3bc-406d-9cba-fef17c07a4b9[17532]: Proxy listener started.
Jun 22 04:58:57 gtw01 kernel: [ 8525.994842] device qr-e5a3bcc8-aa entered promiscuous mode
Jun 22 04:58:57 gtw01 systemd-udevd[17560]: Could not generate persistent MAC address for qr-e5a3bcc8-aa: No such file or directory
Jun 22 04:58:57 gtw01 dnsmasq[12514]: read /var/lib/neutron/dhcp/0eff4f94-394b-4ee8-953c-8b18b2de6239/addn_hosts - 2 addresses
Jun 22 04:58:57 gtw01 dnsmasq-dhcp[12514]: read /var/lib/neutron/dhcp/0eff4f94-394b-4ee8-953c-8b18b2de6239/host
Jun 22 04:58:57 gtw01 dnsmasq-dhcp[12514]: read /var/lib/neutron/dhcp/0eff4f94-394b-4ee8-953c-8b18b2de6239/opts
Jun 22 04:58:57 gtw01 systemd-udevd[17661]: Could not generate persistent MAC address for qr-f56f9ec4-6d: No such file or directory
Jun 22 04:58:57 gtw01 kernel: [ 8526.587779] device qr-f56f9ec4-6d entered promiscuous mode
Jun 22 04:58:57 gtw01 dnsmasq[16250]: read /var/lib/neutron/dhcp/465b5a28-2618-42eb-acf9-2a6c727b92cc/addn_hosts - 2 addresses
Jun 22 04:58:57 gtw01 dnsmasq-dhcp[16250]: read /var/lib/neutron/dhcp/465b5a28-2618-42eb-acf9-2a6c727b92cc/host
Jun 22 04:58:57 gtw01 dnsmasq-dhcp[16250]: read /var/lib/neutron/dhcp/465b5a28-2618-42eb-acf9-2a6c727b92cc/opts
Jun 22 04:58:58 gtw01 systemd-udevd[17746]: Could not generate persistent MAC address for qr-1c9c8169-7c: No such file or directory
Jun 22 04:58:58 gtw01 kernel: [ 8527.002759] device qr-1c9c8169-7c entered promiscuous mode
Jun 22 04:58:58 gtw01 dnsmasq[17841]: started, version 2.80 cachesize 150
Jun 22 04:58:58 gtw01 dnsmasq[17841]: DNS service limited to local subnets
Jun 22 04:58:58 gtw01 dnsmasq[17841]: compile time options: IPv6 GNU-getopt DBus i18n IDN DHCP DHCPv6 no-Lua TFTP conntrack ipset auth DNSSEC loop-detect inotify dumpfile
Jun 22 04:58:58 gtw01 dnsmasq[17841]: warning: no upstream servers configured
Jun 22 04:58:58 gtw01 dnsmasq-dhcp[17841]: DHCP, static leases only on 192.168.120.0, lease time 1h
Jun 22 04:58:58 gtw01 dnsmasq[17841]: read /var/lib/neutron/dhcp/12f14053-37e7-4b39-a60a-faa42e4943ed/addn_hosts - 1 addresses
Jun 22 04:58:58 gtw01 dnsmasq-dhcp[17841]: read /var/lib/neutron/dhcp/12f14053-37e7-4b39-a60a-faa42e4943ed/host
Jun 22 04:58:58 gtw01 dnsmasq-dhcp[17841]: read /var/lib/neutron/dhcp/12f14053-37e7-4b39-a60a-faa42e4943ed/opts
Jun 22 04:58:59 gtw01 dnsmasq[17420]: read /var/lib/neutron/dhcp/61168aca-a3bc-406d-9cba-fef17c07a4b9/addn_hosts - 2 addresses
Jun 22 04:58:59 gtw01 dnsmasq-dhcp[17420]: read /var/lib/neutron/dhcp/61168aca-a3bc-406d-9cba-fef17c07a4b9/host
Jun 22 04:58:59 gtw01 dnsmasq-dhcp[17420]: read /var/lib/neutron/dhcp/61168aca-a3bc-406d-9cba-fef17c07a4b9/opts
Jun 22 04:58:59 gtw01 dnsmasq[16128]: read /var/lib/neutron/dhcp/cf46baa3-ec53-427c-89aa-edceadc67064/addn_hosts - 2 addresses
Jun 22 04:58:59 gtw01 dnsmasq-dhcp[16128]: read /var/lib/neutron/dhcp/cf46baa3-ec53-427c-89aa-edceadc67064/host
Jun 22 04:58:59 gtw01 dnsmasq-dhcp[16128]: read /var/lib/neutron/dhcp/cf46baa3-ec53-427c-89aa-edceadc67064/opts
Jun 22 04:58:59 gtw01 haproxy-metadata-proxy-12f14053-37e7-4b39-a60a-faa42e4943ed[17925]: Proxy listener started.
Jun 22 04:58:59 gtw01 kernel: [ 8528.726393] IPv4: martian source 192.168.120.1 from 192.168.120.1, on dev qg-b8acbd01-5d
Jun 22 04:58:59 gtw01 kernel: [ 8528.726397] ll header: 00000000: ff ff ff ff ff ff fa 16 3e d7 e8 4e 08 06        ........>..N..
Jun 22 04:58:59 gtw01 kernel: [ 8528.726401] IPv4: martian source 192.168.120.1 from 192.168.120.1, on dev qr-0e81d99e-97
Jun 22 04:58:59 gtw01 kernel: [ 8528.726402] ll header: 00000000: ff ff ff ff ff ff fa 16 3e d7 e8 4e 08 06        ........>..N..
Jun 22 04:58:59 gtw01 kernel: [ 8528.726403] IPv4: martian source 192.168.120.1 from 192.168.120.1, on dev qr-271f64af-86
Jun 22 04:58:59 gtw01 kernel: [ 8528.726404] ll header: 00000000: ff ff ff ff ff ff fa 16 3e d7 e8 4e 08 06        ........>..N..
Jun 22 04:58:59 gtw01 kernel: [ 8528.726406] IPv4: martian source 192.168.120.1 from 192.168.120.1, on dev qr-e5a3bcc8-aa
Jun 22 04:58:59 gtw01 kernel: [ 8528.726407] ll header: 00000000: ff ff ff ff ff ff fa 16 3e d7 e8 4e 08 06        ........>..N..
Jun 22 04:58:59 gtw01 kernel: [ 8528.726410] IPv4: martian source 192.168.120.1 from 192.168.120.1, on dev qr-f56f9ec4-6d
Jun 22 04:58:59 gtw01 kernel: [ 8528.726411] ll header: 00000000: ff ff ff ff ff ff fa 16 3e d7 e8 4e 08 06        ........>..N..
Jun 22 04:58:59 gtw01 kernel: [ 8528.726414] IPv4: martian source 192.168.120.1 from 192.168.120.1, on dev qr-1c9c8169-7c
Jun 22 04:58:59 gtw01 kernel: [ 8528.726415] ll header: 00000000: ff ff ff ff ff ff fa 16 3e d7 e8 4e 08 06        ........>..N..
Jun 22 04:58:59 gtw01 dnsmasq[12466]: read /var/lib/neutron/dhcp/46df652c-f51b-4aff-ba90-a71ffd733a54/addn_hosts - 2 addresses
Jun 22 04:58:59 gtw01 dnsmasq-dhcp[12466]: read /var/lib/neutron/dhcp/46df652c-f51b-4aff-ba90-a71ffd733a54/host
Jun 22 04:58:59 gtw01 dnsmasq-dhcp[12466]: read /var/lib/neutron/dhcp/46df652c-f51b-4aff-ba90-a71ffd733a54/opts
Jun 22 04:59:00 gtw01 dnsmasq[16931]: read /var/lib/neutron/dhcp/1b0299d3-87eb-447e-a38f-171934a5a7b0/addn_hosts - 2 addresses
Jun 22 04:59:00 gtw01 dnsmasq-dhcp[16931]: read /var/lib/neutron/dhcp/1b0299d3-87eb-447e-a38f-171934a5a7b0/host
Jun 22 04:59:00 gtw01 dnsmasq-dhcp[16931]: read /var/lib/neutron/dhcp/1b0299d3-87eb-447e-a38f-171934a5a7b0/opts
Jun 22 04:59:00 gtw01 dnsmasq[17149]: read /var/lib/neutron/dhcp/75e6677d-fc65-4338-ac18-74946ee8f564/addn_hosts - 2 addresses
Jun 22 04:59:00 gtw01 dnsmasq-dhcp[17149]: read /var/lib/neutron/dhcp/75e6677d-fc65-4338-ac18-74946ee8f564/host
Jun 22 04:59:00 gtw01 dnsmasq-dhcp[17149]: read /var/lib/neutron/dhcp/75e6677d-fc65-4338-ac18-74946ee8f564/opts
Jun 22 04:59:01 gtw01 dnsmasq[12514]: read /var/lib/neutron/dhcp/0eff4f94-394b-4ee8-953c-8b18b2de6239/addn_hosts - 2 addresses
Jun 22 04:59:01 gtw01 dnsmasq-dhcp[12514]: read /var/lib/neutron/dhcp/0eff4f94-394b-4ee8-953c-8b18b2de6239/host
Jun 22 04:59:01 gtw01 dnsmasq-dhcp[12514]: read /var/lib/neutron/dhcp/0eff4f94-394b-4ee8-953c-8b18b2de6239/opts
Jun 22 04:59:02 gtw01 kernel: [ 8530.882335] IPv4: martian source 192.168.120.1 from 192.168.120.1, on dev qg-b8acbd01-5d
Jun 22 04:59:02 gtw01 kernel: [ 8530.882338] ll header: 00000000: ff ff ff ff ff ff fa 16 3e f4 a3 cf 08 06        ........>.....
Jun 22 04:59:02 gtw01 kernel: [ 8530.882342] IPv4: martian source 192.168.120.1 from 192.168.120.1, on dev qr-0e81d99e-97
Jun 22 04:59:02 gtw01 kernel: [ 8530.882343] ll header: 00000000: ff ff ff ff ff ff fa 16 3e f4 a3 cf 08 06        ........>.....
Jun 22 04:59:02 gtw01 kernel: [ 8530.882344] IPv4: martian source 192.168.120.1 from 192.168.120.1, on dev qr-271f64af-86
Jun 22 04:59:02 gtw01 kernel: [ 8530.882345] ll header: 00000000: ff ff ff ff ff ff fa 16 3e f4 a3 cf 08 06        ........>.....
Jun 22 04:59:02 gtw01 kernel: [ 8530.882348] IPv4: martian source 192.168.120.1 from 192.168.120.1, on dev qr-1456b68d-72
Jun 22 04:59:02 gtw01 kernel: [ 8530.882349] ll header: 00000000: ff ff ff ff ff ff fa 16 3e f4 a3 cf 08 06        ........>.....
Jun 22 04:59:02 gtw01 dnsmasq[16250]: read /var/lib/neutron/dhcp/465b5a28-2618-42eb-acf9-2a6c727b92cc/addn_hosts - 2 addresses
Jun 22 04:59:02 gtw01 dnsmasq-dhcp[16250]: read /var/lib/neutron/dhcp/465b5a28-2618-42eb-acf9-2a6c727b92cc/host
Jun 22 04:59:02 gtw01 dnsmasq-dhcp[16250]: read /var/lib/neutron/dhcp/465b5a28-2618-42eb-acf9-2a6c727b92cc/opts
Jun 22 04:59:02 gtw01 dnsmasq[17841]: read /var/lib/neutron/dhcp/12f14053-37e7-4b39-a60a-faa42e4943ed/addn_hosts - 2 addresses
Jun 22 04:59:02 gtw01 dnsmasq-dhcp[17841]: read /var/lib/neutron/dhcp/12f14053-37e7-4b39-a60a-faa42e4943ed/host
Jun 22 04:59:02 gtw01 dnsmasq-dhcp[17841]: read /var/lib/neutron/dhcp/12f14053-37e7-4b39-a60a-faa42e4943ed/opts
Jun 22 04:59:03 gtw01 dnsmasq[13799]: read /var/lib/neutron/dhcp/9aca894d-8e9e-4c94-8204-eafcf1047e1e/addn_hosts - 3 addresses
Jun 22 04:59:03 gtw01 dnsmasq-dhcp[13799]: read /var/lib/neutron/dhcp/9aca894d-8e9e-4c94-8204-eafcf1047e1e/host
Jun 22 04:59:03 gtw01 dnsmasq-dhcp[13799]: read /var/lib/neutron/dhcp/9aca894d-8e9e-4c94-8204-eafcf1047e1e/opts
Jun 22 04:59:03 gtw01 dnsmasq[17420]: read /var/lib/neutron/dhcp/61168aca-a3bc-406d-9cba-fef17c07a4b9/addn_hosts - 2 addresses
Jun 22 04:59:03 gtw01 dnsmasq-dhcp[17420]: read /var/lib/neutron/dhcp/61168aca-a3bc-406d-9cba-fef17c07a4b9/host
Jun 22 04:59:03 gtw01 dnsmasq-dhcp[17420]: read /var/lib/neutron/dhcp/61168aca-a3bc-406d-9cba-fef17c07a4b9/opts
Jun 22 04:59:03 gtw01 dnsmasq[16931]: read /var/lib/neutron/dhcp/1b0299d3-87eb-447e-a38f-171934a5a7b0/addn_hosts - 2 addresses
Jun 22 04:59:03 gtw01 dnsmasq-dhcp[16931]: read /var/lib/neutron/dhcp/1b0299d3-87eb-447e-a38f-171934a5a7b0/host
Jun 22 04:59:03 gtw01 dnsmasq-dhcp[16931]: read /var/lib/neutron/dhcp/1b0299d3-87eb-447e-a38f-171934a5a7b0/opts
Jun 22 04:59:03 gtw01 dnsmasq[12466]: read /var/lib/neutron/dhcp/46df652c-f51b-4aff-ba90-a71ffd733a54/addn_hosts - 2 addresses
Jun 22 04:59:03 gtw01 dnsmasq-dhcp[12466]: read /var/lib/neutron/dhcp/46df652c-f51b-4aff-ba90-a71ffd733a54/host
Jun 22 04:59:03 gtw01 dnsmasq-dhcp[12466]: read /var/lib/neutron/dhcp/46df652c-f51b-4aff-ba90-a71ffd733a54/opts
Jun 22 04:59:03 gtw01 dnsmasq[17149]: read /var/lib/neutron/dhcp/75e6677d-fc65-4338-ac18-74946ee8f564/addn_hosts - 2 addresses
Jun 22 04:59:03 gtw01 dnsmasq-dhcp[17149]: read /var/lib/neutron/dhcp/75e6677d-fc65-4338-ac18-74946ee8f564/host
Jun 22 04:59:03 gtw01 dnsmasq-dhcp[17149]: read /var/lib/neutron/dhcp/75e6677d-fc65-4338-ac18-74946ee8f564/opts
Jun 22 04:59:04 gtw01 kernel: [ 8533.514673] device qr-70ed9127-07 entered promiscuous mode
Jun 22 04:59:04 gtw01 systemd-udevd[18357]: Could not generate persistent MAC address for qr-70ed9127-07: No such file or directory
Jun 22 04:59:04 gtw01 dnsmasq[12514]: read /var/lib/neutron/dhcp/0eff4f94-394b-4ee8-953c-8b18b2de6239/addn_hosts - 3 addresses
Jun 22 04:59:04 gtw01 dnsmasq-dhcp[12514]: read /var/lib/neutron/dhcp/0eff4f94-394b-4ee8-953c-8b18b2de6239/host
Jun 22 04:59:04 gtw01 dnsmasq-dhcp[12514]: read /var/lib/neutron/dhcp/0eff4f94-394b-4ee8-953c-8b18b2de6239/opts
Jun 22 04:59:05 gtw01 dnsmasq[12807]: read /var/lib/neutron/dhcp/0cc792ca-f818-44ab-a508-11548bc0b1d6/addn_hosts - 2 addresses
Jun 22 04:59:05 gtw01 dnsmasq-dhcp[12807]: read /var/lib/neutron/dhcp/0cc792ca-f818-44ab-a508-11548bc0b1d6/host
Jun 22 04:59:05 gtw01 dnsmasq-dhcp[12807]: read /var/lib/neutron/dhcp/0cc792ca-f818-44ab-a508-11548bc0b1d6/opts
Jun 22 04:59:05 gtw01 kernel: [ 8534.814180] net_ratelimit: 11 callbacks suppressed
Jun 22 04:59:05 gtw01 kernel: [ 8534.814182] IPv4: martian source 192.168.120.1 from 192.168.120.1, on dev qg-b8acbd01-5d
Jun 22 04:59:05 gtw01 kernel: [ 8534.814185] ll header: 00000000: ff ff ff ff ff ff fa 16 3e f4 a3 cf 08 06        ........>.....
Jun 22 04:59:05 gtw01 kernel: [ 8534.814188] IPv4: martian source 192.168.120.1 from 192.168.120.1, on dev qr-0e81d99e-97
Jun 22 04:59:05 gtw01 kernel: [ 8534.814188] ll header: 00000000: ff ff ff ff ff ff fa 16 3e f4 a3 cf 08 06        ........>.....
Jun 22 04:59:05 gtw01 kernel: [ 8534.814190] IPv4: martian source 192.168.120.1 from 192.168.120.1, on dev qg-56dff126-dc
Jun 22 04:59:05 gtw01 kernel: [ 8534.814191] ll header: 00000000: ff ff ff ff ff ff fa 16 3e f4 a3 cf 08 06        ........>.....
Jun 22 04:59:05 gtw01 kernel: [ 8534.814192] IPv4: martian source 192.168.120.1 from 192.168.120.1, on dev qr-271f64af-86
Jun 22 04:59:05 gtw01 kernel: [ 8534.814193] ll header: 00000000: ff ff ff ff ff ff fa 16 3e f4 a3 cf 08 06        ........>.....
Jun 22 04:59:05 gtw01 kernel: [ 8534.814196] IPv4: martian source 192.168.120.1 from 192.168.120.1, on dev qr-1456b68d-72
Jun 22 04:59:05 gtw01 kernel: [ 8534.814197] ll header: 00000000: ff ff ff ff ff ff fa 16 3e f4 a3 cf 08 06        ........>.....
Jun 22 04:59:05 gtw01 kernel: [ 8534.814199] IPv4: martian source 192.168.120.1 from 192.168.120.1, on dev qr-f56f9ec4-6d
Jun 22 04:59:05 gtw01 kernel: [ 8534.814200] ll header: 00000000: ff ff ff ff ff ff fa 16 3e f4 a3 cf 08 06        ........>.....
Jun 22 04:59:06 gtw01 kernel: [ 8535.210233] IPv4: martian source 192.168.120.1 from 192.168.120.1, on dev qg-b8acbd01-5d
Jun 22 04:59:06 gtw01 kernel: [ 8535.210237] ll header: 00000000: ff ff ff ff ff ff fa 16 3e 5c 95 50 08 06        ........>\.P..
Jun 22 04:59:06 gtw01 kernel: [ 8535.210240] IPv4: martian source 192.168.120.1 from 192.168.120.1, on dev qr-0e81d99e-97
Jun 22 04:59:06 gtw01 kernel: [ 8535.210241] ll header: 00000000: ff ff ff ff ff ff fa 16 3e 5c 95 50 08 06        ........>\.P..
Jun 22 04:59:06 gtw01 kernel: [ 8535.210243] IPv4: martian source 192.168.120.1 from 192.168.120.1, on dev qg-56dff126-dc
Jun 22 04:59:06 gtw01 kernel: [ 8535.210244] ll header: 00000000: ff ff ff ff ff ff fa 16 3e 5c 95 50 08 06        ........>\.P..
Jun 22 04:59:06 gtw01 kernel: [ 8535.210245] IPv4: martian source 192.168.120.1 from 192.168.120.1, on dev qr-271f64af-86
Jun 22 04:59:06 gtw01 kernel: [ 8535.210246] ll header: 00000000: ff ff ff ff ff ff fa 16 3e 5c 95 50 08 06        ........>\.P..
Jun 22 04:59:06 gtw01 dnsmasq[17841]: read /var/lib/neutron/dhcp/12f14053-37e7-4b39-a60a-faa42e4943ed/addn_hosts - 2 addresses
Jun 22 04:59:06 gtw01 dnsmasq-dhcp[17841]: read /var/lib/neutron/dhcp/12f14053-37e7-4b39-a60a-faa42e4943ed/host
Jun 22 04:59:06 gtw01 dnsmasq-dhcp[17841]: read /var/lib/neutron/dhcp/12f14053-37e7-4b39-a60a-faa42e4943ed/opts
Jun 22 04:59:06 gtw01 dnsmasq[17420]: read /var/lib/neutron/dhcp/61168aca-a3bc-406d-9cba-fef17c07a4b9/addn_hosts - 2 addresses
Jun 22 04:59:06 gtw01 dnsmasq-dhcp[17420]: read /var/lib/neutron/dhcp/61168aca-a3bc-406d-9cba-fef17c07a4b9/host
Jun 22 04:59:06 gtw01 dnsmasq-dhcp[17420]: read /var/lib/neutron/dhcp/61168aca-a3bc-406d-9cba-fef17c07a4b9/opts
Jun 22 04:59:06 gtw01 kernel: [ 8535.638770] device tap0ca3118a-22 left promiscuous mode
Jun 22 04:59:06 gtw01 dnsmasq[13761]: read /var/lib/neutron/dhcp/672a3ad1-2ed2-45a4-9630-122f50cb7af0/addn_hosts - 2 addresses
Jun 22 04:59:06 gtw01 dnsmasq-dhcp[13761]: read /var/lib/neutron/dhcp/672a3ad1-2ed2-45a4-9630-122f50cb7af0/host
Jun 22 04:59:06 gtw01 dnsmasq-dhcp[13761]: read /var/lib/neutron/dhcp/672a3ad1-2ed2-45a4-9630-122f50cb7af0/opts
Jun 22 04:59:07 gtw01 dnsmasq[16931]: read /var/lib/neutron/dhcp/1b0299d3-87eb-447e-a38f-171934a5a7b0/addn_hosts - 2 addresses
Jun 22 04:59:07 gtw01 dnsmasq-dhcp[16931]: read /var/lib/neutron/dhcp/1b0299d3-87eb-447e-a38f-171934a5a7b0/host
Jun 22 04:59:07 gtw01 dnsmasq-dhcp[16931]: read /var/lib/neutron/dhcp/1b0299d3-87eb-447e-a38f-171934a5a7b0/opts
Jun 22 04:59:07 gtw01 dnsmasq[17149]: read /var/lib/neutron/dhcp/75e6677d-fc65-4338-ac18-74946ee8f564/addn_hosts - 2 addresses
Jun 22 04:59:07 gtw01 dnsmasq-dhcp[17149]: read /var/lib/neutron/dhcp/75e6677d-fc65-4338-ac18-74946ee8f564/host
Jun 22 04:59:07 gtw01 dnsmasq-dhcp[17149]: read /var/lib/neutron/dhcp/75e6677d-fc65-4338-ac18-74946ee8f564/opts
Jun 22 04:59:08 gtw01 kernel: [ 8537.138044] device tap2be4de3f-74 left promiscuous mode
Jun 22 04:59:08 gtw01 dnsmasq[12203]: read /var/lib/neutron/dhcp/dfdbb228-ccbe-4969-b408-7a524aa551fb/addn_hosts - 2 addresses
Jun 22 04:59:08 gtw01 dnsmasq-dhcp[12203]: read /var/lib/neutron/dhcp/dfdbb228-ccbe-4969-b408-7a524aa551fb/host
Jun 22 04:59:08 gtw01 dnsmasq-dhcp[12203]: read /var/lib/neutron/dhcp/dfdbb228-ccbe-4969-b408-7a524aa551fb/opts
Jun 22 04:59:08 gtw01 dnsmasq[13620]: read /var/lib/neutron/dhcp/e5bf2d7f-f9cc-45f7-be62-282161eccbce/addn_hosts - 2 addresses
Jun 22 04:59:08 gtw01 dnsmasq-dhcp[13620]: read /var/lib/neutron/dhcp/e5bf2d7f-f9cc-45f7-be62-282161eccbce/host
