Jun 22 05:52:03 gtw01 dnsmasq-dhcp[5511]: read /var/lib/neutron/dhcp/c854a5f7-ae0f-4ea4-8bd3-3676657b276c/host
Jun 22 05:52:03 gtw01 dnsmasq-dhcp[5511]: read /var/lib/neutron/dhcp/c854a5f7-ae0f-4ea4-8bd3-3676657b276c/opts
Jun 22 05:52:04 gtw01 dnsmasq[5396]: read /var/lib/neutron/dhcp/98ff6b9f-66c1-443d-a922-c2159be5ef10/addn_hosts - 2 addresses
Jun 22 05:52:04 gtw01 dnsmasq-dhcp[5396]: read /var/lib/neutron/dhcp/98ff6b9f-66c1-443d-a922-c2159be5ef10/host
Jun 22 05:52:04 gtw01 dnsmasq-dhcp[5396]: read /var/lib/neutron/dhcp/98ff6b9f-66c1-443d-a922-c2159be5ef10/opts
Jun 22 05:52:04 gtw01 dnsmasq[5470]: read /var/lib/neutron/dhcp/7bdd7aa5-b195-46d1-a37e-cc3cdb697a5e/addn_hosts - 3 addresses
Jun 22 05:52:04 gtw01 dnsmasq-dhcp[5470]: read /var/lib/neutron/dhcp/7bdd7aa5-b195-46d1-a37e-cc3cdb697a5e/host
Jun 22 05:52:04 gtw01 dnsmasq-dhcp[5470]: read /var/lib/neutron/dhcp/7bdd7aa5-b195-46d1-a37e-cc3cdb697a5e/opts
Jun 22 05:52:04 gtw01 dnsmasq[5511]: read /var/lib/neutron/dhcp/c854a5f7-ae0f-4ea4-8bd3-3676657b276c/addn_hosts - 1 addresses
Jun 22 05:52:04 gtw01 dnsmasq-dhcp[5511]: read /var/lib/neutron/dhcp/c854a5f7-ae0f-4ea4-8bd3-3676657b276c/host
Jun 22 05:52:04 gtw01 dnsmasq-dhcp[5511]: read /var/lib/neutron/dhcp/c854a5f7-ae0f-4ea4-8bd3-3676657b276c/opts
Jun 22 05:52:05 gtw01 dnsmasq[5396]: read /var/lib/neutron/dhcp/98ff6b9f-66c1-443d-a922-c2159be5ef10/addn_hosts - 1 addresses
Jun 22 05:52:05 gtw01 dnsmasq-dhcp[5396]: read /var/lib/neutron/dhcp/98ff6b9f-66c1-443d-a922-c2159be5ef10/host
Jun 22 05:52:05 gtw01 dnsmasq-dhcp[5396]: read /var/lib/neutron/dhcp/98ff6b9f-66c1-443d-a922-c2159be5ef10/opts
Jun 22 05:52:05 gtw01 dnsmasq[5470]: read /var/lib/neutron/dhcp/7bdd7aa5-b195-46d1-a37e-cc3cdb697a5e/addn_hosts - 2 addresses
Jun 22 05:52:05 gtw01 dnsmasq-dhcp[5470]: read /var/lib/neutron/dhcp/7bdd7aa5-b195-46d1-a37e-cc3cdb697a5e/host
Jun 22 05:52:05 gtw01 dnsmasq-dhcp[5470]: read /var/lib/neutron/dhcp/7bdd7aa5-b195-46d1-a37e-cc3cdb697a5e/opts
Jun 22 05:52:06 gtw01 dnsmasq[5470]: read /var/lib/neutron/dhcp/7bdd7aa5-b195-46d1-a37e-cc3cdb697a5e/addn_hosts - 1 addresses
Jun 22 05:52:06 gtw01 dnsmasq-dhcp[5470]: read /var/lib/neutron/dhcp/7bdd7aa5-b195-46d1-a37e-cc3cdb697a5e/host
Jun 22 05:52:06 gtw01 dnsmasq-dhcp[5470]: read /var/lib/neutron/dhcp/7bdd7aa5-b195-46d1-a37e-cc3cdb697a5e/opts
Jun 22 05:52:16 gtw01 dnsmasq[5470]: read /var/lib/neutron/dhcp/7bdd7aa5-b195-46d1-a37e-cc3cdb697a5e/addn_hosts - 1 addresses
Jun 22 05:52:16 gtw01 dnsmasq-dhcp[5470]: read /var/lib/neutron/dhcp/7bdd7aa5-b195-46d1-a37e-cc3cdb697a5e/host
Jun 22 05:52:16 gtw01 dnsmasq-dhcp[5470]: read /var/lib/neutron/dhcp/7bdd7aa5-b195-46d1-a37e-cc3cdb697a5e/opts
Jun 22 05:52:16 gtw01 kernel: [11725.828222] device tap928c9987-92 left promiscuous mode
Jun 22 05:52:19 gtw01 kernel: [11727.970281] device tap81d0c048-0b left promiscuous mode
Jun 22 05:52:22 gtw01 dnsmasq[5511]: read /var/lib/neutron/dhcp/c854a5f7-ae0f-4ea4-8bd3-3676657b276c/addn_hosts - 1 addresses
Jun 22 05:52:22 gtw01 dnsmasq-dhcp[5511]: read /var/lib/neutron/dhcp/c854a5f7-ae0f-4ea4-8bd3-3676657b276c/host
Jun 22 05:52:22 gtw01 dnsmasq-dhcp[5511]: read /var/lib/neutron/dhcp/c854a5f7-ae0f-4ea4-8bd3-3676657b276c/opts
Jun 22 05:52:23 gtw01 kernel: [11732.132527] device tap1d99abb8-7c left promiscuous mode
Jun 22 05:52:41 gtw01 systemd-udevd[6313]: Could not generate persistent MAC address for tap4888e1f3-aa: No such file or directory
Jun 22 05:52:41 gtw01 kernel: [11749.939723] device tap4888e1f3-aa entered promiscuous mode
Jun 22 05:52:41 gtw01 systemd-udevd[6313]: Process '/sbin/ip link set tap4888e1f3-aa txqueuelen 10000' failed with exit code 1.
Jun 22 05:52:41 gtw01 systemd-udevd[6313]: Process '/sbin/ip link set tap4888e1f3-aa txqueuelen 10000' failed with exit code 1.
Jun 22 05:52:41 gtw01 systemd-udevd[6394]: Could not generate persistent MAC address for tap48770eff-18: No such file or directory
Jun 22 05:52:41 gtw01 kernel: [11750.439893] device tap48770eff-18 entered promiscuous mode
Jun 22 05:52:41 gtw01 systemd-udevd[6441]: Process '/sbin/ip link set tap48770eff-18 txqueuelen 10000' failed with exit code 1.
Jun 22 05:52:42 gtw01 systemd-udevd[6492]: Could not generate persistent MAC address for tap1f70fd34-48: No such file or directory
Jun 22 05:52:42 gtw01 kernel: [11751.217113] device tap1f70fd34-48 entered promiscuous mode
Jun 22 05:52:42 gtw01 systemd-udevd[6540]: Process '/sbin/ip link set tap1f70fd34-48 txqueuelen 10000' failed with exit code 1.
Jun 22 05:52:42 gtw01 systemd-udevd[6592]: Could not generate persistent MAC address for tapb344b679-ff: No such file or directory
Jun 22 05:52:42 gtw01 kernel: [11751.796186] device tapb344b679-ff entered promiscuous mode
Jun 22 05:52:43 gtw01 systemd-udevd[6645]: Process '/sbin/ip link set tapb344b679-ff txqueuelen 10000' failed with exit code 1.
Jun 22 05:52:45 gtw01 dnsmasq[6782]: started, version 2.80 cachesize 150
Jun 22 05:52:45 gtw01 dnsmasq[6782]: DNS service limited to local subnets
Jun 22 05:52:45 gtw01 dnsmasq[6782]: compile time options: IPv6 GNU-getopt DBus i18n IDN DHCP DHCPv6 no-Lua TFTP conntrack ipset auth DNSSEC loop-detect inotify dumpfile
Jun 22 05:52:45 gtw01 dnsmasq[6782]: LOUD WARNING: listening on 1.1.0.14 may accept requests via interfaces other than tap4888e1f3-aa
Jun 22 05:52:45 gtw01 dnsmasq[6782]: LOUD WARNING: use --bind-dynamic rather than --bind-interfaces to avoid DNS amplification attacks via these interface(s)
Jun 22 05:52:45 gtw01 dnsmasq[6782]: warning: no upstream servers configured
Jun 22 05:52:45 gtw01 dnsmasq-dhcp[6782]: DHCP, static leases only on 1.1.0.12, lease time 1h
Jun 22 05:52:45 gtw01 dnsmasq[6782]: read /var/lib/neutron/dhcp/56bdf972-fcf6-4867-b11a-cceaa7f877fe/addn_hosts - 1 addresses
Jun 22 05:52:45 gtw01 dnsmasq-dhcp[6782]: read /var/lib/neutron/dhcp/56bdf972-fcf6-4867-b11a-cceaa7f877fe/host
Jun 22 05:52:45 gtw01 dnsmasq-dhcp[6782]: read /var/lib/neutron/dhcp/56bdf972-fcf6-4867-b11a-cceaa7f877fe/opts
Jun 22 05:52:45 gtw01 haproxy-metadata-proxy-56bdf972-fcf6-4867-b11a-cceaa7f877fe[6800]: Proxy listener started.
Jun 22 05:52:45 gtw01 dnsmasq[6809]: started, version 2.80 cachesize 150
Jun 22 05:52:45 gtw01 dnsmasq[6809]: DNS service limited to local subnets
Jun 22 05:52:45 gtw01 dnsmasq[6809]: compile time options: IPv6 GNU-getopt DBus i18n IDN DHCP DHCPv6 no-Lua TFTP conntrack ipset auth DNSSEC loop-detect inotify dumpfile
Jun 22 05:52:45 gtw01 dnsmasq[6809]: LOUD WARNING: listening on 1.1.0.18 may accept requests via interfaces other than tap48770eff-18
Jun 22 05:52:45 gtw01 dnsmasq[6809]: LOUD WARNING: use --bind-dynamic rather than --bind-interfaces to avoid DNS amplification attacks via these interface(s)
Jun 22 05:52:45 gtw01 dnsmasq[6809]: warning: no upstream servers configured
Jun 22 05:52:45 gtw01 dnsmasq-dhcp[6809]: DHCP, static leases only on 1.1.0.16, lease time 1h
Jun 22 05:52:45 gtw01 dnsmasq[6809]: read /var/lib/neutron/dhcp/0520c4d5-2578-42a6-ad9c-55cb8d5a6008/addn_hosts - 1 addresses
Jun 22 05:52:45 gtw01 dnsmasq-dhcp[6809]: read /var/lib/neutron/dhcp/0520c4d5-2578-42a6-ad9c-55cb8d5a6008/host
Jun 22 05:52:45 gtw01 dnsmasq-dhcp[6809]: read /var/lib/neutron/dhcp/0520c4d5-2578-42a6-ad9c-55cb8d5a6008/opts
Jun 22 05:52:45 gtw01 haproxy-metadata-proxy-0520c4d5-2578-42a6-ad9c-55cb8d5a6008[6820]: Proxy listener started.
Jun 22 05:52:46 gtw01 dnsmasq[6782]: read /var/lib/neutron/dhcp/56bdf972-fcf6-4867-b11a-cceaa7f877fe/addn_hosts - 2 addresses
Jun 22 05:52:46 gtw01 dnsmasq-dhcp[6782]: read /var/lib/neutron/dhcp/56bdf972-fcf6-4867-b11a-cceaa7f877fe/host
Jun 22 05:52:46 gtw01 dnsmasq-dhcp[6782]: read /var/lib/neutron/dhcp/56bdf972-fcf6-4867-b11a-cceaa7f877fe/opts
Jun 22 05:52:46 gtw01 dnsmasq[6852]: started, version 2.80 cachesize 150
Jun 22 05:52:46 gtw01 dnsmasq[6852]: DNS service limited to local subnets
Jun 22 05:52:46 gtw01 dnsmasq[6852]: compile time options: IPv6 GNU-getopt DBus i18n IDN DHCP DHCPv6 no-Lua TFTP conntrack ipset auth DNSSEC loop-detect inotify dumpfile
Jun 22 05:52:46 gtw01 dnsmasq[6852]: LOUD WARNING: listening on 1.1.0.22 may accept requests via interfaces other than tap1f70fd34-48
Jun 22 05:52:46 gtw01 dnsmasq[6852]: LOUD WARNING: use --bind-dynamic rather than --bind-interfaces to avoid DNS amplification attacks via these interface(s)
Jun 22 05:52:46 gtw01 dnsmasq[6852]: warning: no upstream servers configured
Jun 22 05:52:46 gtw01 dnsmasq-dhcp[6852]: DHCP, static leases only on 1.1.0.20, lease time 1h
Jun 22 05:52:46 gtw01 dnsmasq[6852]: read /var/lib/neutron/dhcp/4973988b-658a-4af1-ba0a-2ee90fb31af3/addn_hosts - 1 addresses
Jun 22 05:52:46 gtw01 dnsmasq-dhcp[6852]: read /var/lib/neutron/dhcp/4973988b-658a-4af1-ba0a-2ee90fb31af3/host
Jun 22 05:52:46 gtw01 dnsmasq-dhcp[6852]: read /var/lib/neutron/dhcp/4973988b-658a-4af1-ba0a-2ee90fb31af3/opts
Jun 22 05:52:46 gtw01 haproxy-metadata-proxy-4973988b-658a-4af1-ba0a-2ee90fb31af3[6866]: Proxy listener started.
Jun 22 05:52:46 gtw01 dnsmasq[6809]: read /var/lib/neutron/dhcp/0520c4d5-2578-42a6-ad9c-55cb8d5a6008/addn_hosts - 2 addresses
Jun 22 05:52:46 gtw01 dnsmasq-dhcp[6809]: read /var/lib/neutron/dhcp/0520c4d5-2578-42a6-ad9c-55cb8d5a6008/host
Jun 22 05:52:46 gtw01 dnsmasq-dhcp[6809]: read /var/lib/neutron/dhcp/0520c4d5-2578-42a6-ad9c-55cb8d5a6008/opts
Jun 22 05:52:46 gtw01 dnsmasq[6895]: started, version 2.80 cachesize 150
Jun 22 05:52:46 gtw01 dnsmasq[6895]: DNS service limited to local subnets
Jun 22 05:52:46 gtw01 dnsmasq[6895]: compile time options: IPv6 GNU-getopt DBus i18n IDN DHCP DHCPv6 no-Lua TFTP conntrack ipset auth DNSSEC loop-detect inotify dumpfile
Jun 22 05:52:46 gtw01 dnsmasq[6895]: LOUD WARNING: listening on 1.1.0.26 may accept requests via interfaces other than tapb344b679-ff
Jun 22 05:52:46 gtw01 dnsmasq[6895]: LOUD WARNING: use --bind-dynamic rather than --bind-interfaces to avoid DNS amplification attacks via these interface(s)
Jun 22 05:52:46 gtw01 dnsmasq[6895]: warning: no upstream servers configured
Jun 22 05:52:46 gtw01 dnsmasq-dhcp[6895]: DHCP, static leases only on 1.1.0.24, lease time 1h
Jun 22 05:52:46 gtw01 dnsmasq[6895]: read /var/lib/neutron/dhcp/2e2bdaad-15b4-42a4-b81d-22dfc0ea3dfd/addn_hosts - 1 addresses
Jun 22 05:52:46 gtw01 dnsmasq-dhcp[6895]: read /var/lib/neutron/dhcp/2e2bdaad-15b4-42a4-b81d-22dfc0ea3dfd/host
Jun 22 05:52:46 gtw01 dnsmasq-dhcp[6895]: read /var/lib/neutron/dhcp/2e2bdaad-15b4-42a4-b81d-22dfc0ea3dfd/opts
Jun 22 05:52:47 gtw01 haproxy-metadata-proxy-2e2bdaad-15b4-42a4-b81d-22dfc0ea3dfd[6906]: Proxy listener started.
Jun 22 05:52:47 gtw01 dnsmasq[6782]: read /var/lib/neutron/dhcp/56bdf972-fcf6-4867-b11a-cceaa7f877fe/addn_hosts - 2 addresses
Jun 22 05:52:47 gtw01 dnsmasq-dhcp[6782]: read /var/lib/neutron/dhcp/56bdf972-fcf6-4867-b11a-cceaa7f877fe/host
Jun 22 05:52:47 gtw01 dnsmasq-dhcp[6782]: read /var/lib/neutron/dhcp/56bdf972-fcf6-4867-b11a-cceaa7f877fe/opts
Jun 22 05:52:47 gtw01 dnsmasq[6809]: read /var/lib/neutron/dhcp/0520c4d5-2578-42a6-ad9c-55cb8d5a6008/addn_hosts - 2 addresses
Jun 22 05:52:47 gtw01 dnsmasq-dhcp[6809]: read /var/lib/neutron/dhcp/0520c4d5-2578-42a6-ad9c-55cb8d5a6008/host
Jun 22 05:52:47 gtw01 dnsmasq-dhcp[6809]: read /var/lib/neutron/dhcp/0520c4d5-2578-42a6-ad9c-55cb8d5a6008/opts
Jun 22 05:52:47 gtw01 dnsmasq[6852]: read /var/lib/neutron/dhcp/4973988b-658a-4af1-ba0a-2ee90fb31af3/addn_hosts - 2 addresses
Jun 22 05:52:47 gtw01 dnsmasq-dhcp[6852]: read /var/lib/neutron/dhcp/4973988b-658a-4af1-ba0a-2ee90fb31af3/host
Jun 22 05:52:47 gtw01 dnsmasq-dhcp[6852]: read /var/lib/neutron/dhcp/4973988b-658a-4af1-ba0a-2ee90fb31af3/opts
Jun 22 05:52:48 gtw01 dnsmasq[6782]: read /var/lib/neutron/dhcp/56bdf972-fcf6-4867-b11a-cceaa7f877fe/addn_hosts - 2 addresses
Jun 22 05:52:48 gtw01 dnsmasq-dhcp[6782]: read /var/lib/neutron/dhcp/56bdf972-fcf6-4867-b11a-cceaa7f877fe/host
Jun 22 05:52:48 gtw01 dnsmasq-dhcp[6782]: read /var/lib/neutron/dhcp/56bdf972-fcf6-4867-b11a-cceaa7f877fe/opts
Jun 22 05:52:48 gtw01 dnsmasq[6895]: read /var/lib/neutron/dhcp/2e2bdaad-15b4-42a4-b81d-22dfc0ea3dfd/addn_hosts - 2 addresses
Jun 22 05:52:48 gtw01 dnsmasq-dhcp[6895]: read /var/lib/neutron/dhcp/2e2bdaad-15b4-42a4-b81d-22dfc0ea3dfd/host
Jun 22 05:52:48 gtw01 dnsmasq-dhcp[6895]: read /var/lib/neutron/dhcp/2e2bdaad-15b4-42a4-b81d-22dfc0ea3dfd/opts
Jun 22 05:52:48 gtw01 dnsmasq[6809]: read /var/lib/neutron/dhcp/0520c4d5-2578-42a6-ad9c-55cb8d5a6008/addn_hosts - 2 addresses
Jun 22 05:52:48 gtw01 dnsmasq-dhcp[6809]: read /var/lib/neutron/dhcp/0520c4d5-2578-42a6-ad9c-55cb8d5a6008/host
Jun 22 05:52:48 gtw01 dnsmasq-dhcp[6809]: read /var/lib/neutron/dhcp/0520c4d5-2578-42a6-ad9c-55cb8d5a6008/opts
Jun 22 05:52:49 gtw01 kernel: [11757.928895] device tapba36ece5-d6 entered promiscuous mode
Jun 22 05:52:49 gtw01 systemd-udevd[7034]: Could not generate persistent MAC address for tapba36ece5-d6: No such file or directory
Jun 22 05:52:49 gtw01 systemd-udevd[7034]: Process '/sbin/ip link set tapba36ece5-d6 txqueuelen 10000' failed with exit code 1.
Jun 22 05:52:49 gtw01 systemd-udevd[7034]: Process '/sbin/ip link set tapba36ece5-d6 txqueuelen 10000' failed with exit code 1.
Jun 22 05:52:49 gtw01 dnsmasq[6852]: read /var/lib/neutron/dhcp/4973988b-658a-4af1-ba0a-2ee90fb31af3/addn_hosts - 2 addresses
Jun 22 05:52:49 gtw01 dnsmasq-dhcp[6852]: read /var/lib/neutron/dhcp/4973988b-658a-4af1-ba0a-2ee90fb31af3/host
Jun 22 05:52:49 gtw01 dnsmasq-dhcp[6852]: read /var/lib/neutron/dhcp/4973988b-658a-4af1-ba0a-2ee90fb31af3/opts
Jun 22 05:52:49 gtw01 dnsmasq[6782]: read /var/lib/neutron/dhcp/56bdf972-fcf6-4867-b11a-cceaa7f877fe/addn_hosts - 2 addresses
Jun 22 05:52:49 gtw01 dnsmasq-dhcp[6782]: read /var/lib/neutron/dhcp/56bdf972-fcf6-4867-b11a-cceaa7f877fe/host
Jun 22 05:52:49 gtw01 dnsmasq-dhcp[6782]: read /var/lib/neutron/dhcp/56bdf972-fcf6-4867-b11a-cceaa7f877fe/opts
Jun 22 05:52:50 gtw01 kernel: [11758.967833] device tap526f4831-3e entered promiscuous mode
Jun 22 05:52:50 gtw01 systemd-udevd[7168]: Could not generate persistent MAC address for tap526f4831-3e: No such file or directory
Jun 22 05:52:50 gtw01 systemd-udevd[7168]: Process '/sbin/ip link set tap526f4831-3e txqueuelen 10000' failed with exit code 1.
Jun 22 05:52:50 gtw01 dnsmasq[6809]: read /var/lib/neutron/dhcp/0520c4d5-2578-42a6-ad9c-55cb8d5a6008/addn_hosts - 2 addresses
Jun 22 05:52:50 gtw01 dnsmasq-dhcp[6809]: read /var/lib/neutron/dhcp/0520c4d5-2578-42a6-ad9c-55cb8d5a6008/host
Jun 22 05:52:50 gtw01 dnsmasq-dhcp[6809]: read /var/lib/neutron/dhcp/0520c4d5-2578-42a6-ad9c-55cb8d5a6008/opts
Jun 22 05:52:50 gtw01 dnsmasq[6895]: read /var/lib/neutron/dhcp/2e2bdaad-15b4-42a4-b81d-22dfc0ea3dfd/addn_hosts - 2 addresses
Jun 22 05:52:50 gtw01 dnsmasq-dhcp[6895]: read /var/lib/neutron/dhcp/2e2bdaad-15b4-42a4-b81d-22dfc0ea3dfd/host
Jun 22 05:52:50 gtw01 dnsmasq-dhcp[6895]: read /var/lib/neutron/dhcp/2e2bdaad-15b4-42a4-b81d-22dfc0ea3dfd/opts
Jun 22 05:52:50 gtw01 dnsmasq[6852]: read /var/lib/neutron/dhcp/4973988b-658a-4af1-ba0a-2ee90fb31af3/addn_hosts - 2 addresses
Jun 22 05:52:50 gtw01 dnsmasq-dhcp[6852]: read /var/lib/neutron/dhcp/4973988b-658a-4af1-ba0a-2ee90fb31af3/host
Jun 22 05:52:50 gtw01 dnsmasq-dhcp[6852]: read /var/lib/neutron/dhcp/4973988b-658a-4af1-ba0a-2ee90fb31af3/opts
Jun 22 05:52:51 gtw01 dnsmasq[6782]: read /var/lib/neutron/dhcp/56bdf972-fcf6-4867-b11a-cceaa7f877fe/addn_hosts - 2 addresses
Jun 22 05:52:51 gtw01 dnsmasq-dhcp[6782]: read /var/lib/neutron/dhcp/56bdf972-fcf6-4867-b11a-cceaa7f877fe/host
Jun 22 05:52:51 gtw01 dnsmasq-dhcp[6782]: read /var/lib/neutron/dhcp/56bdf972-fcf6-4867-b11a-cceaa7f877fe/opts
Jun 22 05:52:51 gtw01 dnsmasq[6809]: read /var/lib/neutron/dhcp/0520c4d5-2578-42a6-ad9c-55cb8d5a6008/addn_hosts - 2 addresses
Jun 22 05:52:51 gtw01 dnsmasq-dhcp[6809]: read /var/lib/neutron/dhcp/0520c4d5-2578-42a6-ad9c-55cb8d5a6008/host
Jun 22 05:52:51 gtw01 dnsmasq-dhcp[6809]: read /var/lib/neutron/dhcp/0520c4d5-2578-42a6-ad9c-55cb8d5a6008/opts
Jun 22 05:52:52 gtw01 dnsmasq[6895]: read /var/lib/neutron/dhcp/2e2bdaad-15b4-42a4-b81d-22dfc0ea3dfd/addn_hosts - 2 addresses
Jun 22 05:52:52 gtw01 dnsmasq-dhcp[6895]: read /var/lib/neutron/dhcp/2e2bdaad-15b4-42a4-b81d-22dfc0ea3dfd/host
Jun 22 05:52:52 gtw01 dnsmasq-dhcp[6895]: read /var/lib/neutron/dhcp/2e2bdaad-15b4-42a4-b81d-22dfc0ea3dfd/opts
Jun 22 05:52:52 gtw01 dnsmasq[6852]: read /var/lib/neutron/dhcp/4973988b-658a-4af1-ba0a-2ee90fb31af3/addn_hosts - 2 addresses
Jun 22 05:52:52 gtw01 dnsmasq-dhcp[6852]: read /var/lib/neutron/dhcp/4973988b-658a-4af1-ba0a-2ee90fb31af3/host
Jun 22 05:52:52 gtw01 dnsmasq-dhcp[6852]: read /var/lib/neutron/dhcp/4973988b-658a-4af1-ba0a-2ee90fb31af3/opts
Jun 22 05:52:52 gtw01 dnsmasq[6782]: read /var/lib/neutron/dhcp/56bdf972-fcf6-4867-b11a-cceaa7f877fe/addn_hosts - 2 addresses
Jun 22 05:52:52 gtw01 dnsmasq-dhcp[6782]: read /var/lib/neutron/dhcp/56bdf972-fcf6-4867-b11a-cceaa7f877fe/host
Jun 22 05:52:52 gtw01 dnsmasq-dhcp[6782]: read /var/lib/neutron/dhcp/56bdf972-fcf6-4867-b11a-cceaa7f877fe/opts
Jun 22 05:52:53 gtw01 dnsmasq[6809]: read /var/lib/neutron/dhcp/0520c4d5-2578-42a6-ad9c-55cb8d5a6008/addn_hosts - 2 addresses
Jun 22 05:52:53 gtw01 dnsmasq-dhcp[6809]: read /var/lib/neutron/dhcp/0520c4d5-2578-42a6-ad9c-55cb8d5a6008/host
Jun 22 05:52:53 gtw01 dnsmasq-dhcp[6809]: read /var/lib/neutron/dhcp/0520c4d5-2578-42a6-ad9c-55cb8d5a6008/opts
Jun 22 05:52:53 gtw01 dnsmasq[6895]: read /var/lib/neutron/dhcp/2e2bdaad-15b4-42a4-b81d-22dfc0ea3dfd/addn_hosts - 2 addresses
Jun 22 05:52:53 gtw01 dnsmasq-dhcp[6895]: read /var/lib/neutron/dhcp/2e2bdaad-15b4-42a4-b81d-22dfc0ea3dfd/host
Jun 22 05:52:53 gtw01 dnsmasq-dhcp[6895]: read /var/lib/neutron/dhcp/2e2bdaad-15b4-42a4-b81d-22dfc0ea3dfd/opts
Jun 22 05:52:53 gtw01 dnsmasq[6852]: read /var/lib/neutron/dhcp/4973988b-658a-4af1-ba0a-2ee90fb31af3/addn_hosts - 2 addresses
Jun 22 05:52:53 gtw01 dnsmasq-dhcp[6852]: read /var/lib/neutron/dhcp/4973988b-658a-4af1-ba0a-2ee90fb31af3/host
Jun 22 05:52:53 gtw01 dnsmasq-dhcp[6852]: read /var/lib/neutron/dhcp/4973988b-658a-4af1-ba0a-2ee90fb31af3/opts
Jun 22 05:52:54 gtw01 dnsmasq[7509]: started, version 2.80 cachesize 150
Jun 22 05:52:54 gtw01 dnsmasq[7509]: DNS service limited to local subnets
Jun 22 05:52:54 gtw01 dnsmasq[7509]: compile time options: IPv6 GNU-getopt DBus i18n IDN DHCP DHCPv6 no-Lua TFTP conntrack ipset auth DNSSEC loop-detect inotify dumpfile
Jun 22 05:52:54 gtw01 dnsmasq[7509]: LOUD WARNING: listening on 1.1.0.30 may accept requests via interfaces other than tapba36ece5-d6
Jun 22 05:52:54 gtw01 dnsmasq[7509]: LOUD WARNING: use --bind-dynamic rather than --bind-interfaces to avoid DNS amplification attacks via these interface(s)
Jun 22 05:52:54 gtw01 dnsmasq[7509]: warning: no upstream servers configured
Jun 22 05:52:54 gtw01 dnsmasq-dhcp[7509]: DHCP, static leases only on 1.1.0.28, lease time 1h
Jun 22 05:52:54 gtw01 dnsmasq[7509]: read /var/lib/neutron/dhcp/b2e12082-90a8-4137-8352-fdd54165d1a3/addn_hosts - 1 addresses
Jun 22 05:52:54 gtw01 dnsmasq-dhcp[7509]: read /var/lib/neutron/dhcp/b2e12082-90a8-4137-8352-fdd54165d1a3/host
Jun 22 05:52:54 gtw01 dnsmasq-dhcp[7509]: read /var/lib/neutron/dhcp/b2e12082-90a8-4137-8352-fdd54165d1a3/opts
Jun 22 05:52:54 gtw01 dnsmasq[6782]: read /var/lib/neutron/dhcp/56bdf972-fcf6-4867-b11a-cceaa7f877fe/addn_hosts - 2 addresses
Jun 22 05:52:54 gtw01 dnsmasq-dhcp[6782]: read /var/lib/neutron/dhcp/56bdf972-fcf6-4867-b11a-cceaa7f877fe/host
Jun 22 05:52:54 gtw01 dnsmasq-dhcp[6782]: read /var/lib/neutron/dhcp/56bdf972-fcf6-4867-b11a-cceaa7f877fe/opts
Jun 22 05:52:54 gtw01 haproxy-metadata-proxy-b2e12082-90a8-4137-8352-fdd54165d1a3[7532]: Proxy listener started.
Jun 22 05:52:54 gtw01 dnsmasq[6809]: read /var/lib/neutron/dhcp/0520c4d5-2578-42a6-ad9c-55cb8d5a6008/addn_hosts - 2 addresses
Jun 22 05:52:54 gtw01 dnsmasq-dhcp[6809]: read /var/lib/neutron/dhcp/0520c4d5-2578-42a6-ad9c-55cb8d5a6008/host
Jun 22 05:52:54 gtw01 dnsmasq-dhcp[6809]: read /var/lib/neutron/dhcp/0520c4d5-2578-42a6-ad9c-55cb8d5a6008/opts
Jun 22 05:52:54 gtw01 dnsmasq[6852]: read /var/lib/neutron/dhcp/4973988b-658a-4af1-ba0a-2ee90fb31af3/addn_hosts - 2 addresses
Jun 22 05:52:54 gtw01 dnsmasq-dhcp[6852]: read /var/lib/neutron/dhcp/4973988b-658a-4af1-ba0a-2ee90fb31af3/host
Jun 22 05:52:54 gtw01 dnsmasq-dhcp[6852]: read /var/lib/neutron/dhcp/4973988b-658a-4af1-ba0a-2ee90fb31af3/opts
Jun 22 05:52:54 gtw01 dnsmasq[6895]: read /var/lib/neutron/dhcp/2e2bdaad-15b4-42a4-b81d-22dfc0ea3dfd/addn_hosts - 2 addresses
Jun 22 05:52:54 gtw01 dnsmasq-dhcp[6895]: read /var/lib/neutron/dhcp/2e2bdaad-15b4-42a4-b81d-22dfc0ea3dfd/host
Jun 22 05:52:54 gtw01 dnsmasq-dhcp[6895]: read /var/lib/neutron/dhcp/2e2bdaad-15b4-42a4-b81d-22dfc0ea3dfd/opts
Jun 22 05:52:55 gtw01 dnsmasq[7585]: started, version 2.80 cachesize 150
Jun 22 05:52:55 gtw01 dnsmasq[7585]: DNS service limited to local subnets
Jun 22 05:52:55 gtw01 dnsmasq[7585]: compile time options: IPv6 GNU-getopt DBus i18n IDN DHCP DHCPv6 no-Lua TFTP conntrack ipset auth DNSSEC loop-detect inotify dumpfile
Jun 22 05:52:55 gtw01 dnsmasq[7585]: LOUD WARNING: listening on 1.1.0.34 may accept requests via interfaces other than tap526f4831-3e
Jun 22 05:52:55 gtw01 dnsmasq[7585]: LOUD WARNING: use --bind-dynamic rather than --bind-interfaces to avoid DNS amplification attacks via these interface(s)
Jun 22 05:52:55 gtw01 dnsmasq[7585]: warning: no upstream servers configured
Jun 22 05:52:55 gtw01 dnsmasq-dhcp[7585]: DHCP, static leases only on 1.1.0.32, lease time 1h
Jun 22 05:52:55 gtw01 dnsmasq[7585]: read /var/lib/neutron/dhcp/a0f023df-a210-4156-97f7-731c143d407c/addn_hosts - 1 addresses
Jun 22 05:52:55 gtw01 dnsmasq-dhcp[7585]: read /var/lib/neutron/dhcp/a0f023df-a210-4156-97f7-731c143d407c/host
Jun 22 05:52:55 gtw01 dnsmasq-dhcp[7585]: read /var/lib/neutron/dhcp/a0f023df-a210-4156-97f7-731c143d407c/opts
Jun 22 05:52:55 gtw01 haproxy-metadata-proxy-a0f023df-a210-4156-97f7-731c143d407c[7601]: Proxy listener started.
Jun 22 05:52:55 gtw01 dnsmasq[7509]: read /var/lib/neutron/dhcp/b2e12082-90a8-4137-8352-fdd54165d1a3/addn_hosts - 2 addresses
Jun 22 05:52:55 gtw01 dnsmasq-dhcp[7509]: read /var/lib/neutron/dhcp/b2e12082-90a8-4137-8352-fdd54165d1a3/host
Jun 22 05:52:55 gtw01 dnsmasq-dhcp[7509]: read /var/lib/neutron/dhcp/b2e12082-90a8-4137-8352-fdd54165d1a3/opts
Jun 22 05:52:55 gtw01 kernel: [11764.428785] device tapfc5022e5-79 entered promiscuous mode
Jun 22 05:52:55 gtw01 systemd-udevd[7626]: Could not generate persistent MAC address for tapfc5022e5-79: No such file or directory
Jun 22 05:52:55 gtw01 systemd-udevd[7684]: Process '/sbin/ip link set tapfc5022e5-79 txqueuelen 10000' failed with exit code 1.
Jun 22 05:52:56 gtw01 dnsmasq[6895]: read /var/lib/neutron/dhcp/2e2bdaad-15b4-42a4-b81d-22dfc0ea3dfd/addn_hosts - 2 addresses
Jun 22 05:52:56 gtw01 dnsmasq-dhcp[6895]: read /var/lib/neutron/dhcp/2e2bdaad-15b4-42a4-b81d-22dfc0ea3dfd/host
Jun 22 05:52:56 gtw01 dnsmasq-dhcp[6895]: read /var/lib/neutron/dhcp/2e2bdaad-15b4-42a4-b81d-22dfc0ea3dfd/opts
Jun 22 05:52:56 gtw01 dnsmasq[6852]: read /var/lib/neutron/dhcp/4973988b-658a-4af1-ba0a-2ee90fb31af3/addn_hosts - 2 addresses
Jun 22 05:52:56 gtw01 dnsmasq-dhcp[6852]: read /var/lib/neutron/dhcp/4973988b-658a-4af1-ba0a-2ee90fb31af3/host
Jun 22 05:52:56 gtw01 dnsmasq-dhcp[6852]: read /var/lib/neutron/dhcp/4973988b-658a-4af1-ba0a-2ee90fb31af3/opts
Jun 22 05:52:56 gtw01 dnsmasq[7585]: read /var/lib/neutron/dhcp/a0f023df-a210-4156-97f7-731c143d407c/addn_hosts - 2 addresses
Jun 22 05:52:56 gtw01 dnsmasq-dhcp[7585]: read /var/lib/neutron/dhcp/a0f023df-a210-4156-97f7-731c143d407c/host
Jun 22 05:52:56 gtw01 dnsmasq-dhcp[7585]: read /var/lib/neutron/dhcp/a0f023df-a210-4156-97f7-731c143d407c/opts
Jun 22 05:52:56 gtw01 kernel: [11765.458778] device tap37bab051-8c entered promiscuous mode
Jun 22 05:52:56 gtw01 systemd-udevd[7760]: Could not generate persistent MAC address for tap37bab051-8c: No such file or directory
Jun 22 05:52:56 gtw01 systemd-udevd[7760]: Process '/sbin/ip link set tap37bab051-8c txqueuelen 10000' failed with exit code 1.
Jun 22 05:52:56 gtw01 systemd-udevd[7760]: Process '/sbin/ip link set tap37bab051-8c txqueuelen 10000' failed with exit code 1.
Jun 22 05:52:57 gtw01 dnsmasq[7509]: read /var/lib/neutron/dhcp/b2e12082-90a8-4137-8352-fdd54165d1a3/addn_hosts - 2 addresses
Jun 22 05:52:57 gtw01 dnsmasq-dhcp[7509]: read /var/lib/neutron/dhcp/b2e12082-90a8-4137-8352-fdd54165d1a3/host
Jun 22 05:52:57 gtw01 dnsmasq-dhcp[7509]: read /var/lib/neutron/dhcp/b2e12082-90a8-4137-8352-fdd54165d1a3/opts
Jun 22 05:52:57 gtw01 dnsmasq[6895]: read /var/lib/neutron/dhcp/2e2bdaad-15b4-42a4-b81d-22dfc0ea3dfd/addn_hosts - 2 addresses
Jun 22 05:52:57 gtw01 dnsmasq-dhcp[6895]: read /var/lib/neutron/dhcp/2e2bdaad-15b4-42a4-b81d-22dfc0ea3dfd/host
Jun 22 05:52:57 gtw01 dnsmasq-dhcp[6895]: read /var/lib/neutron/dhcp/2e2bdaad-15b4-42a4-b81d-22dfc0ea3dfd/opts
Jun 22 05:52:58 gtw01 dnsmasq[7585]: read /var/lib/neutron/dhcp/a0f023df-a210-4156-97f7-731c143d407c/addn_hosts - 2 addresses
Jun 22 05:52:58 gtw01 dnsmasq-dhcp[7585]: read /var/lib/neutron/dhcp/a0f023df-a210-4156-97f7-731c143d407c/host
Jun 22 05:52:58 gtw01 dnsmasq-dhcp[7585]: read /var/lib/neutron/dhcp/a0f023df-a210-4156-97f7-731c143d407c/opts
Jun 22 05:52:58 gtw01 dnsmasq[7509]: read /var/lib/neutron/dhcp/b2e12082-90a8-4137-8352-fdd54165d1a3/addn_hosts - 2 addresses
Jun 22 05:52:58 gtw01 dnsmasq-dhcp[7509]: read /var/lib/neutron/dhcp/b2e12082-90a8-4137-8352-fdd54165d1a3/host
Jun 22 05:52:58 gtw01 dnsmasq-dhcp[7509]: read /var/lib/neutron/dhcp/b2e12082-90a8-4137-8352-fdd54165d1a3/opts
Jun 22 05:52:59 gtw01 dnsmasq[7585]: read /var/lib/neutron/dhcp/a0f023df-a210-4156-97f7-731c143d407c/addn_hosts - 2 addresses
Jun 22 05:52:59 gtw01 dnsmasq-dhcp[7585]: read /var/lib/neutron/dhcp/a0f023df-a210-4156-97f7-731c143d407c/host
Jun 22 05:52:59 gtw01 dnsmasq-dhcp[7585]: read /var/lib/neutron/dhcp/a0f023df-a210-4156-97f7-731c143d407c/opts
Jun 22 05:52:59 gtw01 dnsmasq[7509]: read /var/lib/neutron/dhcp/b2e12082-90a8-4137-8352-fdd54165d1a3/addn_hosts - 2 addresses
Jun 22 05:52:59 gtw01 dnsmasq-dhcp[7509]: read /var/lib/neutron/dhcp/b2e12082-90a8-4137-8352-fdd54165d1a3/host
Jun 22 05:52:59 gtw01 dnsmasq-dhcp[7509]: read /var/lib/neutron/dhcp/b2e12082-90a8-4137-8352-fdd54165d1a3/opts
Jun 22 05:53:00 gtw01 dnsmasq[8051]: started, version 2.80 cachesize 150
Jun 22 05:53:00 gtw01 dnsmasq[8051]: DNS service limited to local subnets
Jun 22 05:53:00 gtw01 dnsmasq[8051]: compile time options: IPv6 GNU-getopt DBus i18n IDN DHCP DHCPv6 no-Lua TFTP conntrack ipset auth DNSSEC loop-detect inotify dumpfile
Jun 22 05:53:00 gtw01 dnsmasq[8051]: LOUD WARNING: listening on 1.1.0.42 may accept requests via interfaces other than tapfc5022e5-79
Jun 22 05:53:00 gtw01 dnsmasq[8051]: LOUD WARNING: use --bind-dynamic rather than --bind-interfaces to avoid DNS amplification attacks via these interface(s)
Jun 22 05:53:00 gtw01 dnsmasq[8051]: warning: no upstream servers configured
Jun 22 05:53:00 gtw01 dnsmasq-dhcp[8051]: DHCP, static leases only on 1.1.0.40, lease time 1h
Jun 22 05:53:00 gtw01 dnsmasq[8051]: read /var/lib/neutron/dhcp/82adc5c9-2966-4add-a64d-3d7a6ddc3886/addn_hosts - 1 addresses
Jun 22 05:53:00 gtw01 dnsmasq-dhcp[8051]: read /var/lib/neutron/dhcp/82adc5c9-2966-4add-a64d-3d7a6ddc3886/host
Jun 22 05:53:00 gtw01 dnsmasq-dhcp[8051]: read /var/lib/neutron/dhcp/82adc5c9-2966-4add-a64d-3d7a6ddc3886/opts
Jun 22 05:53:00 gtw01 dnsmasq[7585]: read /var/lib/neutron/dhcp/a0f023df-a210-4156-97f7-731c143d407c/addn_hosts - 2 addresses
Jun 22 05:53:00 gtw01 dnsmasq-dhcp[7585]: read /var/lib/neutron/dhcp/a0f023df-a210-4156-97f7-731c143d407c/host
Jun 22 05:53:00 gtw01 dnsmasq-dhcp[7585]: read /var/lib/neutron/dhcp/a0f023df-a210-4156-97f7-731c143d407c/opts
Jun 22 05:53:00 gtw01 haproxy-metadata-proxy-82adc5c9-2966-4add-a64d-3d7a6ddc3886[8072]: Proxy listener started.
Jun 22 05:53:00 gtw01 dnsmasq[7509]: read /var/lib/neutron/dhcp/b2e12082-90a8-4137-8352-fdd54165d1a3/addn_hosts - 2 addresses
Jun 22 05:53:00 gtw01 dnsmasq-dhcp[7509]: read /var/lib/neutron/dhcp/b2e12082-90a8-4137-8352-fdd54165d1a3/host
Jun 22 05:53:00 gtw01 dnsmasq-dhcp[7509]: read /var/lib/neutron/dhcp/b2e12082-90a8-4137-8352-fdd54165d1a3/opts
Jun 22 05:53:00 gtw01 kernel: [11769.782750] device tapfc352303-38 entered promiscuous mode
Jun 22 05:53:00 gtw01 systemd-udevd[8123]: Could not generate persistent MAC address for tapfc352303-38: No such file or directory
Jun 22 05:53:01 gtw01 dnsmasq[8187]: started, version 2.80 cachesize 150
Jun 22 05:53:01 gtw01 dnsmasq[8187]: DNS service limited to local subnets
Jun 22 05:53:01 gtw01 dnsmasq[8187]: compile time options: IPv6 GNU-getopt DBus i18n IDN DHCP DHCPv6 no-Lua TFTP conntrack ipset auth DNSSEC loop-detect inotify dumpfile
Jun 22 05:53:01 gtw01 dnsmasq[8187]: LOUD WARNING: listening on 1.1.0.38 may accept requests via interfaces other than tap37bab051-8c
Jun 22 05:53:01 gtw01 dnsmasq[8187]: LOUD WARNING: use --bind-dynamic rather than --bind-interfaces to avoid DNS amplification attacks via these interface(s)
Jun 22 05:53:01 gtw01 dnsmasq[8187]: warning: no upstream servers configured
Jun 22 05:53:01 gtw01 dnsmasq-dhcp[8187]: DHCP, static leases only on 1.1.0.36, lease time 1h
Jun 22 05:53:01 gtw01 dnsmasq[8187]: read /var/lib/neutron/dhcp/7eb63a88-2ca6-4c7a-bd87-d32292563270/addn_hosts - 1 addresses
Jun 22 05:53:01 gtw01 dnsmasq-dhcp[8187]: read /var/lib/neutron/dhcp/7eb63a88-2ca6-4c7a-bd87-d32292563270/host
Jun 22 05:53:01 gtw01 dnsmasq-dhcp[8187]: read /var/lib/neutron/dhcp/7eb63a88-2ca6-4c7a-bd87-d32292563270/opts
Jun 22 05:53:01 gtw01 systemd-udevd[8182]: Process '/sbin/ip link set tapfc352303-38 txqueuelen 10000' failed with exit code 1.
Jun 22 05:53:01 gtw01 dnsmasq[7585]: read /var/lib/neutron/dhcp/a0f023df-a210-4156-97f7-731c143d407c/addn_hosts - 2 addresses
Jun 22 05:53:01 gtw01 dnsmasq-dhcp[7585]: read /var/lib/neutron/dhcp/a0f023df-a210-4156-97f7-731c143d407c/host
Jun 22 05:53:01 gtw01 dnsmasq-dhcp[7585]: read /var/lib/neutron/dhcp/a0f023df-a210-4156-97f7-731c143d407c/opts
Jun 22 05:53:01 gtw01 dnsmasq[8051]: read /var/lib/neutron/dhcp/82adc5c9-2966-4add-a64d-3d7a6ddc3886/addn_hosts - 2 addresses
Jun 22 05:53:01 gtw01 dnsmasq-dhcp[8051]: read /var/lib/neutron/dhcp/82adc5c9-2966-4add-a64d-3d7a6ddc3886/host
Jun 22 05:53:01 gtw01 dnsmasq-dhcp[8051]: read /var/lib/neutron/dhcp/82adc5c9-2966-4add-a64d-3d7a6ddc3886/opts
Jun 22 05:53:01 gtw01 haproxy-metadata-proxy-7eb63a88-2ca6-4c7a-bd87-d32292563270[8219]: Proxy listener started.
Jun 22 05:53:01 gtw01 kernel: [11770.680592] device tap7f8ef8ae-91 entered promiscuous mode
Jun 22 05:53:01 gtw01 systemd-udevd[8246]: Could not generate persistent MAC address for tap7f8ef8ae-91: No such file or directory
Jun 22 05:53:01 gtw01 systemd-udevd[8246]: Process '/sbin/ip link set tap7f8ef8ae-91 txqueuelen 10000' failed with exit code 1.
Jun 22 05:53:01 gtw01 dnsmasq[7509]: read /var/lib/neutron/dhcp/b2e12082-90a8-4137-8352-fdd54165d1a3/addn_hosts - 2 addresses
Jun 22 05:53:01 gtw01 dnsmasq-dhcp[7509]: read /var/lib/neutron/dhcp/b2e12082-90a8-4137-8352-fdd54165d1a3/host
Jun 22 05:53:01 gtw01 dnsmasq-dhcp[7509]: read /var/lib/neutron/dhcp/b2e12082-90a8-4137-8352-fdd54165d1a3/opts
Jun 22 05:53:01 gtw01 systemd-udevd[8304]: Process '/sbin/ip link set tap7f8ef8ae-91 txqueuelen 10000' failed with exit code 1.
Jun 22 05:53:02 gtw01 dnsmasq[7585]: read /var/lib/neutron/dhcp/a0f023df-a210-4156-97f7-731c143d407c/addn_hosts - 2 addresses
Jun 22 05:53:02 gtw01 dnsmasq-dhcp[7585]: read /var/lib/neutron/dhcp/a0f023df-a210-4156-97f7-731c143d407c/host
Jun 22 05:53:02 gtw01 dnsmasq-dhcp[7585]: read /var/lib/neutron/dhcp/a0f023df-a210-4156-97f7-731c143d407c/opts
Jun 22 05:53:02 gtw01 dnsmasq[8187]: read /var/lib/neutron/dhcp/7eb63a88-2ca6-4c7a-bd87-d32292563270/addn_hosts - 2 addresses
Jun 22 05:53:02 gtw01 dnsmasq-dhcp[8187]: read /var/lib/neutron/dhcp/7eb63a88-2ca6-4c7a-bd87-d32292563270/host
Jun 22 05:53:02 gtw01 dnsmasq-dhcp[8187]: read /var/lib/neutron/dhcp/7eb63a88-2ca6-4c7a-bd87-d32292563270/opts
Jun 22 05:53:03 gtw01 dnsmasq[8051]: read /var/lib/neutron/dhcp/82adc5c9-2966-4add-a64d-3d7a6ddc3886/addn_hosts - 2 addresses
Jun 22 05:53:03 gtw01 dnsmasq-dhcp[8051]: read /var/lib/neutron/dhcp/82adc5c9-2966-4add-a64d-3d7a6ddc3886/host
Jun 22 05:53:03 gtw01 dnsmasq-dhcp[8051]: read /var/lib/neutron/dhcp/82adc5c9-2966-4add-a64d-3d7a6ddc3886/opts
Jun 22 05:53:03 gtw01 dnsmasq[7509]: read /var/lib/neutron/dhcp/b2e12082-90a8-4137-8352-fdd54165d1a3/addn_hosts - 2 addresses
Jun 22 05:53:03 gtw01 dnsmasq-dhcp[7509]: read /var/lib/neutron/dhcp/b2e12082-90a8-4137-8352-fdd54165d1a3/host
Jun 22 05:53:03 gtw01 dnsmasq-dhcp[7509]: read /var/lib/neutron/dhcp/b2e12082-90a8-4137-8352-fdd54165d1a3/opts
Jun 22 05:53:04 gtw01 dnsmasq[7585]: read /var/lib/neutron/dhcp/a0f023df-a210-4156-97f7-731c143d407c/addn_hosts - 2 addresses
Jun 22 05:53:04 gtw01 dnsmasq-dhcp[7585]: read /var/lib/neutron/dhcp/a0f023df-a210-4156-97f7-731c143d407c/host
Jun 22 05:53:04 gtw01 dnsmasq-dhcp[7585]: read /var/lib/neutron/dhcp/a0f023df-a210-4156-97f7-731c143d407c/opts
Jun 22 05:53:05 gtw01 dnsmasq[8187]: read /var/lib/neutron/dhcp/7eb63a88-2ca6-4c7a-bd87-d32292563270/addn_hosts - 2 addresses
Jun 22 05:53:05 gtw01 dnsmasq-dhcp[8187]: read /var/lib/neutron/dhcp/7eb63a88-2ca6-4c7a-bd87-d32292563270/host
Jun 22 05:53:05 gtw01 dnsmasq-dhcp[8187]: read /var/lib/neutron/dhcp/7eb63a88-2ca6-4c7a-bd87-d32292563270/opts
Jun 22 05:53:05 gtw01 dnsmasq[8051]: read /var/lib/neutron/dhcp/82adc5c9-2966-4add-a64d-3d7a6ddc3886/addn_hosts - 2 addresses
Jun 22 05:53:05 gtw01 dnsmasq-dhcp[8051]: read /var/lib/neutron/dhcp/82adc5c9-2966-4add-a64d-3d7a6ddc3886/host
Jun 22 05:53:05 gtw01 dnsmasq-dhcp[8051]: read /var/lib/neutron/dhcp/82adc5c9-2966-4add-a64d-3d7a6ddc3886/opts
Jun 22 05:53:06 gtw01 dnsmasq[8569]: started, version 2.80 cachesize 150
Jun 22 05:53:06 gtw01 dnsmasq[8569]: DNS service limited to local subnets
Jun 22 05:53:06 gtw01 dnsmasq[8569]: compile time options: IPv6 GNU-getopt DBus i18n IDN DHCP DHCPv6 no-Lua TFTP conntrack ipset auth DNSSEC loop-detect inotify dumpfile
Jun 22 05:53:06 gtw01 dnsmasq[8569]: LOUD WARNING: listening on 1.1.0.46 may accept requests via interfaces other than tapfc352303-38
Jun 22 05:53:06 gtw01 dnsmasq[8569]: LOUD WARNING: use --bind-dynamic rather than --bind-interfaces to avoid DNS amplification attacks via these interface(s)
Jun 22 05:53:06 gtw01 dnsmasq[8569]: warning: no upstream servers configured
Jun 22 05:53:06 gtw01 dnsmasq-dhcp[8569]: DHCP, static leases only on 1.1.0.44, lease time 1h
Jun 22 05:53:06 gtw01 dnsmasq[8569]: read /var/lib/neutron/dhcp/87b57888-0375-4a07-b9c8-71b16af13cf4/addn_hosts - 1 addresses
Jun 22 05:53:06 gtw01 dnsmasq-dhcp[8569]: read /var/lib/neutron/dhcp/87b57888-0375-4a07-b9c8-71b16af13cf4/host
Jun 22 05:53:06 gtw01 dnsmasq-dhcp[8569]: read /var/lib/neutron/dhcp/87b57888-0375-4a07-b9c8-71b16af13cf4/opts
Jun 22 05:53:06 gtw01 dnsmasq[8187]: read /var/lib/neutron/dhcp/7eb63a88-2ca6-4c7a-bd87-d32292563270/addn_hosts - 2 addresses
Jun 22 05:53:06 gtw01 dnsmasq-dhcp[8187]: read /var/lib/neutron/dhcp/7eb63a88-2ca6-4c7a-bd87-d32292563270/host
Jun 22 05:53:06 gtw01 dnsmasq-dhcp[8187]: read /var/lib/neutron/dhcp/7eb63a88-2ca6-4c7a-bd87-d32292563270/opts
Jun 22 05:53:06 gtw01 dnsmasq[8051]: read /var/lib/neutron/dhcp/82adc5c9-2966-4add-a64d-3d7a6ddc3886/addn_hosts - 2 addresses
Jun 22 05:53:06 gtw01 dnsmasq-dhcp[8051]: read /var/lib/neutron/dhcp/82adc5c9-2966-4add-a64d-3d7a6ddc3886/host
Jun 22 05:53:06 gtw01 dnsmasq-dhcp[8051]: read /var/lib/neutron/dhcp/82adc5c9-2966-4add-a64d-3d7a6ddc3886/opts
Jun 22 05:53:06 gtw01 haproxy-metadata-proxy-87b57888-0375-4a07-b9c8-71b16af13cf4[8586]: Proxy listener started.
Jun 22 05:53:06 gtw01 dnsmasq[8599]: started, version 2.80 cachesize 150
Jun 22 05:53:06 gtw01 dnsmasq[8599]: DNS service limited to local subnets
Jun 22 05:53:06 gtw01 dnsmasq[8599]: compile time options: IPv6 GNU-getopt DBus i18n IDN DHCP DHCPv6 no-Lua TFTP conntrack ipset auth DNSSEC loop-detect inotify dumpfile
Jun 22 05:53:06 gtw01 dnsmasq[8599]: LOUD WARNING: listening on 1.1.0.50 may accept requests via interfaces other than tap7f8ef8ae-91
Jun 22 05:53:06 gtw01 dnsmasq[8599]: LOUD WARNING: use --bind-dynamic rather than --bind-interfaces to avoid DNS amplification attacks via these interface(s)
Jun 22 05:53:06 gtw01 dnsmasq[8599]: warning: no upstream servers configured
Jun 22 05:53:06 gtw01 dnsmasq-dhcp[8599]: DHCP, static leases only on 1.1.0.48, lease time 1h
Jun 22 05:53:06 gtw01 dnsmasq[8599]: read /var/lib/neutron/dhcp/8a8760e0-b0ed-4a77-8e7b-1c5483158c24/addn_hosts - 1 addresses
Jun 22 05:53:06 gtw01 dnsmasq-dhcp[8599]: read /var/lib/neutron/dhcp/8a8760e0-b0ed-4a77-8e7b-1c5483158c24/host
Jun 22 05:53:06 gtw01 dnsmasq-dhcp[8599]: read /var/lib/neutron/dhcp/8a8760e0-b0ed-4a77-8e7b-1c5483158c24/opts
Jun 22 05:53:06 gtw01 haproxy-metadata-proxy-8a8760e0-b0ed-4a77-8e7b-1c5483158c24[8612]: Proxy listener started.
Jun 22 05:53:07 gtw01 dnsmasq[8569]: read /var/lib/neutron/dhcp/87b57888-0375-4a07-b9c8-71b16af13cf4/addn_hosts - 2 addresses
Jun 22 05:53:07 gtw01 dnsmasq-dhcp[8569]: read /var/lib/neutron/dhcp/87b57888-0375-4a07-b9c8-71b16af13cf4/host
Jun 22 05:53:07 gtw01 dnsmasq-dhcp[8569]: read /var/lib/neutron/dhcp/87b57888-0375-4a07-b9c8-71b16af13cf4/opts
Jun 22 05:53:07 gtw01 dnsmasq[8187]: read /var/lib/neutron/dhcp/7eb63a88-2ca6-4c7a-bd87-d32292563270/addn_hosts - 2 addresses
Jun 22 05:53:07 gtw01 dnsmasq-dhcp[8187]: read /var/lib/neutron/dhcp/7eb63a88-2ca6-4c7a-bd87-d32292563270/host
Jun 22 05:53:07 gtw01 dnsmasq-dhcp[8187]: read /var/lib/neutron/dhcp/7eb63a88-2ca6-4c7a-bd87-d32292563270/opts
Jun 22 05:53:07 gtw01 dnsmasq[8051]: read /var/lib/neutron/dhcp/82adc5c9-2966-4add-a64d-3d7a6ddc3886/addn_hosts - 2 addresses
Jun 22 05:53:07 gtw01 dnsmasq-dhcp[8051]: read /var/lib/neutron/dhcp/82adc5c9-2966-4add-a64d-3d7a6ddc3886/host
Jun 22 05:53:07 gtw01 dnsmasq-dhcp[8051]: read /var/lib/neutron/dhcp/82adc5c9-2966-4add-a64d-3d7a6ddc3886/opts
Jun 22 05:53:07 gtw01 dnsmasq[8599]: read /var/lib/neutron/dhcp/8a8760e0-b0ed-4a77-8e7b-1c5483158c24/addn_hosts - 2 addresses
Jun 22 05:53:07 gtw01 dnsmasq-dhcp[8599]: read /var/lib/neutron/dhcp/8a8760e0-b0ed-4a77-8e7b-1c5483158c24/host
Jun 22 05:53:07 gtw01 dnsmasq-dhcp[8599]: read /var/lib/neutron/dhcp/8a8760e0-b0ed-4a77-8e7b-1c5483158c24/opts
Jun 22 05:53:08 gtw01 dnsmasq[8187]: read /var/lib/neutron/dhcp/7eb63a88-2ca6-4c7a-bd87-d32292563270/addn_hosts - 2 addresses
Jun 22 05:53:08 gtw01 dnsmasq-dhcp[8187]: read /var/lib/neutron/dhcp/7eb63a88-2ca6-4c7a-bd87-d32292563270/host
Jun 22 05:53:08 gtw01 dnsmasq-dhcp[8187]: read /var/lib/neutron/dhcp/7eb63a88-2ca6-4c7a-bd87-d32292563270/opts
Jun 22 05:53:08 gtw01 dnsmasq[8051]: read /var/lib/neutron/dhcp/82adc5c9-2966-4add-a64d-3d7a6ddc3886/addn_hosts - 2 addresses
Jun 22 05:53:08 gtw01 dnsmasq-dhcp[8051]: read /var/lib/neutron/dhcp/82adc5c9-2966-4add-a64d-3d7a6ddc3886/host
Jun 22 05:53:08 gtw01 dnsmasq-dhcp[8051]: read /var/lib/neutron/dhcp/82adc5c9-2966-4add-a64d-3d7a6ddc3886/opts
Jun 22 05:53:08 gtw01 dnsmasq[8569]: read /var/lib/neutron/dhcp/87b57888-0375-4a07-b9c8-71b16af13cf4/addn_hosts - 2 addresses
Jun 22 05:53:08 gtw01 dnsmasq-dhcp[8569]: read /var/lib/neutron/dhcp/87b57888-0375-4a07-b9c8-71b16af13cf4/host
Jun 22 05:53:08 gtw01 dnsmasq-dhcp[8569]: read /var/lib/neutron/dhcp/87b57888-0375-4a07-b9c8-71b16af13cf4/opts
Jun 22 05:53:08 gtw01 dnsmasq[8599]: read /var/lib/neutron/dhcp/8a8760e0-b0ed-4a77-8e7b-1c5483158c24/addn_hosts - 2 addresses
Jun 22 05:53:08 gtw01 dnsmasq-dhcp[8599]: read /var/lib/neutron/dhcp/8a8760e0-b0ed-4a77-8e7b-1c5483158c24/host
Jun 22 05:53:08 gtw01 dnsmasq-dhcp[8599]: read /var/lib/neutron/dhcp/8a8760e0-b0ed-4a77-8e7b-1c5483158c24/opts
Jun 22 05:53:09 gtw01 dnsmasq[8187]: read /var/lib/neutron/dhcp/7eb63a88-2ca6-4c7a-bd87-d32292563270/addn_hosts - 2 addresses
Jun 22 05:53:09 gtw01 dnsmasq-dhcp[8187]: read /var/lib/neutron/dhcp/7eb63a88-2ca6-4c7a-bd87-d32292563270/host
Jun 22 05:53:09 gtw01 dnsmasq-dhcp[8187]: read /var/lib/neutron/dhcp/7eb63a88-2ca6-4c7a-bd87-d32292563270/opts
Jun 22 05:53:09 gtw01 dnsmasq[8051]: read /var/lib/neutron/dhcp/82adc5c9-2966-4add-a64d-3d7a6ddc3886/addn_hosts - 2 addresses
Jun 22 05:53:09 gtw01 dnsmasq-dhcp[8051]: read /var/lib/neutron/dhcp/82adc5c9-2966-4add-a64d-3d7a6ddc3886/host
Jun 22 05:53:09 gtw01 dnsmasq-dhcp[8051]: read /var/lib/neutron/dhcp/82adc5c9-2966-4add-a64d-3d7a6ddc3886/opts
Jun 22 05:53:09 gtw01 dnsmasq[8569]: read /var/lib/neutron/dhcp/87b57888-0375-4a07-b9c8-71b16af13cf4/addn_hosts - 2 addresses
Jun 22 05:53:09 gtw01 dnsmasq-dhcp[8569]: read /var/lib/neutron/dhcp/87b57888-0375-4a07-b9c8-71b16af13cf4/host
Jun 22 05:53:09 gtw01 dnsmasq-dhcp[8569]: read /var/lib/neutron/dhcp/87b57888-0375-4a07-b9c8-71b16af13cf4/opts
Jun 22 05:53:09 gtw01 dnsmasq[8599]: read /var/lib/neutron/dhcp/8a8760e0-b0ed-4a77-8e7b-1c5483158c24/addn_hosts - 2 addresses
Jun 22 05:53:09 gtw01 dnsmasq-dhcp[8599]: read /var/lib/neutron/dhcp/8a8760e0-b0ed-4a77-8e7b-1c5483158c24/host
Jun 22 05:53:09 gtw01 dnsmasq-dhcp[8599]: read /var/lib/neutron/dhcp/8a8760e0-b0ed-4a77-8e7b-1c5483158c24/opts
Jun 22 05:53:10 gtw01 dnsmasq[8187]: read /var/lib/neutron/dhcp/7eb63a88-2ca6-4c7a-bd87-d32292563270/addn_hosts - 2 addresses
Jun 22 05:53:10 gtw01 dnsmasq-dhcp[8187]: read /var/lib/neutron/dhcp/7eb63a88-2ca6-4c7a-bd87-d32292563270/host
Jun 22 05:53:10 gtw01 dnsmasq-dhcp[8187]: read /var/lib/neutron/dhcp/7eb63a88-2ca6-4c7a-bd87-d32292563270/opts
Jun 22 05:53:10 gtw01 dnsmasq[8569]: read /var/lib/neutron/dhcp/87b57888-0375-4a07-b9c8-71b16af13cf4/addn_hosts - 2 addresses
Jun 22 05:53:10 gtw01 dnsmasq-dhcp[8569]: read /var/lib/neutron/dhcp/87b57888-0375-4a07-b9c8-71b16af13cf4/host
Jun 22 05:53:10 gtw01 dnsmasq-dhcp[8569]: read /var/lib/neutron/dhcp/87b57888-0375-4a07-b9c8-71b16af13cf4/opts
Jun 22 05:53:10 gtw01 dnsmasq[8599]: read /var/lib/neutron/dhcp/8a8760e0-b0ed-4a77-8e7b-1c5483158c24/addn_hosts - 2 addresses
Jun 22 05:53:10 gtw01 dnsmasq-dhcp[8599]: read /var/lib/neutron/dhcp/8a8760e0-b0ed-4a77-8e7b-1c5483158c24/host
Jun 22 05:53:10 gtw01 dnsmasq-dhcp[8599]: read /var/lib/neutron/dhcp/8a8760e0-b0ed-4a77-8e7b-1c5483158c24/opts
Jun 22 05:53:11 gtw01 dnsmasq[8569]: read /var/lib/neutron/dhcp/87b57888-0375-4a07-b9c8-71b16af13cf4/addn_hosts - 2 addresses
Jun 22 05:53:11 gtw01 dnsmasq-dhcp[8569]: read /var/lib/neutron/dhcp/87b57888-0375-4a07-b9c8-71b16af13cf4/host
Jun 22 05:53:11 gtw01 dnsmasq-dhcp[8569]: read /var/lib/neutron/dhcp/87b57888-0375-4a07-b9c8-71b16af13cf4/opts
Jun 22 05:53:11 gtw01 dnsmasq[8599]: read /var/lib/neutron/dhcp/8a8760e0-b0ed-4a77-8e7b-1c5483158c24/addn_hosts - 2 addresses
Jun 22 05:53:11 gtw01 dnsmasq-dhcp[8599]: read /var/lib/neutron/dhcp/8a8760e0-b0ed-4a77-8e7b-1c5483158c24/host
Jun 22 05:53:11 gtw01 dnsmasq-dhcp[8599]: read /var/lib/neutron/dhcp/8a8760e0-b0ed-4a77-8e7b-1c5483158c24/opts
Jun 22 05:53:12 gtw01 dnsmasq[8569]: read /var/lib/neutron/dhcp/87b57888-0375-4a07-b9c8-71b16af13cf4/addn_hosts - 2 addresses
Jun 22 05:53:12 gtw01 dnsmasq-dhcp[8569]: read /var/lib/neutron/dhcp/87b57888-0375-4a07-b9c8-71b16af13cf4/host
Jun 22 05:53:12 gtw01 dnsmasq-dhcp[8569]: read /var/lib/neutron/dhcp/87b57888-0375-4a07-b9c8-71b16af13cf4/opts
Jun 22 05:53:12 gtw01 dnsmasq[8599]: read /var/lib/neutron/dhcp/8a8760e0-b0ed-4a77-8e7b-1c5483158c24/addn_hosts - 2 addresses
Jun 22 05:53:12 gtw01 dnsmasq-dhcp[8599]: read /var/lib/neutron/dhcp/8a8760e0-b0ed-4a77-8e7b-1c5483158c24/host
Jun 22 05:53:12 gtw01 dnsmasq-dhcp[8599]: read /var/lib/neutron/dhcp/8a8760e0-b0ed-4a77-8e7b-1c5483158c24/opts
Jun 22 05:53:13 gtw01 dnsmasq[8569]: read /var/lib/neutron/dhcp/87b57888-0375-4a07-b9c8-71b16af13cf4/addn_hosts - 2 addresses
Jun 22 05:53:13 gtw01 dnsmasq-dhcp[8569]: read /var/lib/neutron/dhcp/87b57888-0375-4a07-b9c8-71b16af13cf4/host
Jun 22 05:53:13 gtw01 dnsmasq-dhcp[8569]: read /var/lib/neutron/dhcp/87b57888-0375-4a07-b9c8-71b16af13cf4/opts
Jun 22 05:53:13 gtw01 dnsmasq[8599]: read /var/lib/neutron/dhcp/8a8760e0-b0ed-4a77-8e7b-1c5483158c24/addn_hosts - 2 addresses
Jun 22 05:53:13 gtw01 dnsmasq-dhcp[8599]: read /var/lib/neutron/dhcp/8a8760e0-b0ed-4a77-8e7b-1c5483158c24/host
Jun 22 05:53:13 gtw01 dnsmasq-dhcp[8599]: read /var/lib/neutron/dhcp/8a8760e0-b0ed-4a77-8e7b-1c5483158c24/opts
Jun 22 05:53:14 gtw01 dnsmasq[6782]: read /var/lib/neutron/dhcp/56bdf972-fcf6-4867-b11a-cceaa7f877fe/addn_hosts - 1 addresses
Jun 22 05:53:14 gtw01 dnsmasq-dhcp[6782]: read /var/lib/neutron/dhcp/56bdf972-fcf6-4867-b11a-cceaa7f877fe/host
Jun 22 05:53:14 gtw01 dnsmasq-dhcp[6782]: read /var/lib/neutron/dhcp/56bdf972-fcf6-4867-b11a-cceaa7f877fe/opts
Jun 22 05:53:14 gtw01 dnsmasq[6895]: read /var/lib/neutron/dhcp/2e2bdaad-15b4-42a4-b81d-22dfc0ea3dfd/addn_hosts - 1 addresses
Jun 22 05:53:14 gtw01 dnsmasq-dhcp[6895]: read /var/lib/neutron/dhcp/2e2bdaad-15b4-42a4-b81d-22dfc0ea3dfd/host
Jun 22 05:53:14 gtw01 dnsmasq-dhcp[6895]: read /var/lib/neutron/dhcp/2e2bdaad-15b4-42a4-b81d-22dfc0ea3dfd/opts
Jun 22 05:53:15 gtw01 haproxy-metadata-proxy-56bdf972-fcf6-4867-b11a-cceaa7f877fe[8996]: Proxy listener started.
Jun 22 05:53:15 gtw01 haproxy-metadata-proxy-2e2bdaad-15b4-42a4-b81d-22dfc0ea3dfd[8999]: Proxy listener started.
Jun 22 05:53:15 gtw01 dnsmasq[8187]: read /var/lib/neutron/dhcp/7eb63a88-2ca6-4c7a-bd87-d32292563270/addn_hosts - 1 addresses
Jun 22 05:53:15 gtw01 dnsmasq-dhcp[8187]: read /var/lib/neutron/dhcp/7eb63a88-2ca6-4c7a-bd87-d32292563270/host
Jun 22 05:53:15 gtw01 dnsmasq-dhcp[8187]: read /var/lib/neutron/dhcp/7eb63a88-2ca6-4c7a-bd87-d32292563270/opts
Jun 22 05:53:15 gtw01 dnsmasq[6809]: read /var/lib/neutron/dhcp/0520c4d5-2578-42a6-ad9c-55cb8d5a6008/addn_hosts - 1 addresses
Jun 22 05:53:15 gtw01 dnsmasq-dhcp[6809]: read /var/lib/neutron/dhcp/0520c4d5-2578-42a6-ad9c-55cb8d5a6008/host
Jun 22 05:53:15 gtw01 dnsmasq-dhcp[6809]: read /var/lib/neutron/dhcp/0520c4d5-2578-42a6-ad9c-55cb8d5a6008/opts
Jun 22 05:53:16 gtw01 haproxy-metadata-proxy-7eb63a88-2ca6-4c7a-bd87-d32292563270[9043]: Proxy listener started.
Jun 22 05:53:16 gtw01 haproxy-metadata-proxy-0520c4d5-2578-42a6-ad9c-55cb8d5a6008[9047]: Proxy listener started.
Jun 22 05:53:19 gtw01 dnsmasq[7585]: read /var/lib/neutron/dhcp/a0f023df-a210-4156-97f7-731c143d407c/addn_hosts - 1 addresses
Jun 22 05:53:19 gtw01 dnsmasq-dhcp[7585]: read /var/lib/neutron/dhcp/a0f023df-a210-4156-97f7-731c143d407c/host
Jun 22 05:53:19 gtw01 dnsmasq-dhcp[7585]: read /var/lib/neutron/dhcp/a0f023df-a210-4156-97f7-731c143d407c/opts
Jun 22 05:53:20 gtw01 haproxy-metadata-proxy-a0f023df-a210-4156-97f7-731c143d407c[9070]: Proxy listener started.
Jun 22 05:53:22 gtw01 dnsmasq[8599]: read /var/lib/neutron/dhcp/8a8760e0-b0ed-4a77-8e7b-1c5483158c24/addn_hosts - 1 addresses
Jun 22 05:53:22 gtw01 dnsmasq-dhcp[8599]: read /var/lib/neutron/dhcp/8a8760e0-b0ed-4a77-8e7b-1c5483158c24/host
Jun 22 05:53:22 gtw01 dnsmasq-dhcp[8599]: read /var/lib/neutron/dhcp/8a8760e0-b0ed-4a77-8e7b-1c5483158c24/opts
Jun 22 05:53:22 gtw01 dnsmasq[8051]: read /var/lib/neutron/dhcp/82adc5c9-2966-4add-a64d-3d7a6ddc3886/addn_hosts - 1 addresses
Jun 22 05:53:22 gtw01 dnsmasq-dhcp[8051]: read /var/lib/neutron/dhcp/82adc5c9-2966-4add-a64d-3d7a6ddc3886/host
Jun 22 05:53:22 gtw01 dnsmasq-dhcp[8051]: read /var/lib/neutron/dhcp/82adc5c9-2966-4add-a64d-3d7a6ddc3886/opts
Jun 22 05:53:22 gtw01 haproxy-metadata-proxy-8a8760e0-b0ed-4a77-8e7b-1c5483158c24[9118]: Proxy listener started.
Jun 22 05:53:23 gtw01 haproxy-metadata-proxy-82adc5c9-2966-4add-a64d-3d7a6ddc3886[9137]: Proxy listener started.
Jun 22 05:53:23 gtw01 dnsmasq[7509]: read /var/lib/neutron/dhcp/b2e12082-90a8-4137-8352-fdd54165d1a3/addn_hosts - 1 addresses
Jun 22 05:53:23 gtw01 dnsmasq-dhcp[7509]: read /var/lib/neutron/dhcp/b2e12082-90a8-4137-8352-fdd54165d1a3/host
Jun 22 05:53:23 gtw01 dnsmasq-dhcp[7509]: read /var/lib/neutron/dhcp/b2e12082-90a8-4137-8352-fdd54165d1a3/opts
Jun 22 05:53:23 gtw01 dnsmasq[6852]: read /var/lib/neutron/dhcp/4973988b-658a-4af1-ba0a-2ee90fb31af3/addn_hosts - 1 addresses
Jun 22 05:53:23 gtw01 dnsmasq-dhcp[6852]: read /var/lib/neutron/dhcp/4973988b-658a-4af1-ba0a-2ee90fb31af3/host
Jun 22 05:53:23 gtw01 dnsmasq-dhcp[6852]: read /var/lib/neutron/dhcp/4973988b-658a-4af1-ba0a-2ee90fb31af3/opts
Jun 22 05:53:23 gtw01 dnsmasq[8569]: read /var/lib/neutron/dhcp/87b57888-0375-4a07-b9c8-71b16af13cf4/addn_hosts - 1 addresses
Jun 22 05:53:23 gtw01 dnsmasq-dhcp[8569]: read /var/lib/neutron/dhcp/87b57888-0375-4a07-b9c8-71b16af13cf4/host
Jun 22 05:53:23 gtw01 dnsmasq-dhcp[8569]: read /var/lib/neutron/dhcp/87b57888-0375-4a07-b9c8-71b16af13cf4/opts
Jun 22 05:53:24 gtw01 haproxy-metadata-proxy-b2e12082-90a8-4137-8352-fdd54165d1a3[9176]: Proxy listener started.
Jun 22 05:53:24 gtw01 haproxy-metadata-proxy-4973988b-658a-4af1-ba0a-2ee90fb31af3[9185]: Proxy listener started.
Jun 22 05:53:24 gtw01 haproxy-metadata-proxy-87b57888-0375-4a07-b9c8-71b16af13cf4[9197]: Proxy listener started.
Jun 22 05:53:33 gtw01 kernel: [11802.372648] device tap48770eff-18 left promiscuous mode
Jun 22 05:53:34 gtw01 kernel: [11803.378374] device tapfc5022e5-79 left promiscuous mode
Jun 22 05:53:34 gtw01 kernel: [11803.606753] device tap526f4831-3e left promiscuous mode
Jun 22 05:53:34 gtw01 kernel: [11803.747987] device tapba36ece5-d6 left promiscuous mode
Jun 22 05:53:36 gtw01 kernel: [11805.582695] device tap7f8ef8ae-91 left promiscuous mode
Jun 22 05:53:36 gtw01 kernel: [11805.607656] device tap4888e1f3-aa left promiscuous mode
Jun 22 05:53:36 gtw01 kernel: [11805.656267] device tapfc352303-38 left promiscuous mode
Jun 22 05:53:37 gtw01 kernel: [11806.796845] device tap37bab051-8c left promiscuous mode
Jun 22 05:53:38 gtw01 kernel: [11807.016706] device tap1f70fd34-48 left promiscuous mode
Jun 22 05:53:38 gtw01 kernel: [11807.183453] device tapb344b679-ff left promiscuous mode
Jun 22 05:54:11 gtw01 kernel: [11840.805372] device tap6efdbc5e-55 entered promiscuous mode
Jun 22 05:54:11 gtw01 systemd-udevd[9394]: Could not generate persistent MAC address for tap6efdbc5e-55: No such file or directory
Jun 22 05:54:11 gtw01 systemd-udevd[9394]: Process '/sbin/ip link set tap6efdbc5e-55 txqueuelen 10000' failed with exit code 1.
