Jun 22 04:20:38 gtw01 dnsmasq-dhcp[4093]: read /var/lib/neutron/dhcp/41ac913f-1807-4416-bb54-7f2ed4e8f736/host
Jun 22 04:20:38 gtw01 dnsmasq-dhcp[4093]: read /var/lib/neutron/dhcp/41ac913f-1807-4416-bb54-7f2ed4e8f736/opts
Jun 22 04:20:38 gtw01 kernel: [ 6227.480788] device tapa2f776dd-9f entered promiscuous mode
Jun 22 04:20:38 gtw01 systemd-udevd[4109]: Could not generate persistent MAC address for tapa2f776dd-9f: No such file or directory
Jun 22 04:20:38 gtw01 systemd-udevd[4159]: Process '/sbin/ip link set tapa2f776dd-9f txqueuelen 10000' failed with exit code 1.
Jun 22 04:20:39 gtw01 dnsmasq[4093]: read /var/lib/neutron/dhcp/41ac913f-1807-4416-bb54-7f2ed4e8f736/addn_hosts - 0 addresses
Jun 22 04:20:39 gtw01 dnsmasq-dhcp[4093]: read /var/lib/neutron/dhcp/41ac913f-1807-4416-bb54-7f2ed4e8f736/host
Jun 22 04:20:39 gtw01 dnsmasq-dhcp[4093]: read /var/lib/neutron/dhcp/41ac913f-1807-4416-bb54-7f2ed4e8f736/opts
Jun 22 04:20:39 gtw01 dnsmasq[4232]: started, version 2.80 cachesize 150
Jun 22 04:20:39 gtw01 dnsmasq[4232]: DNS service limited to local subnets
Jun 22 04:20:39 gtw01 dnsmasq[4232]: compile time options: IPv6 GNU-getopt DBus i18n IDN DHCP DHCPv6 no-Lua TFTP conntrack ipset auth DNSSEC loop-detect inotify dumpfile
Jun 22 04:20:39 gtw01 dnsmasq[4232]: warning: no upstream servers configured
Jun 22 04:20:39 gtw01 dnsmasq-dhcp[4232]: DHCP, static leases only on 192.168.120.0, lease time 1h
Jun 22 04:20:39 gtw01 dnsmasq[4232]: read /var/lib/neutron/dhcp/ee63b009-083e-45ab-b440-76b175a8cf6d/addn_hosts - 1 addresses
Jun 22 04:20:39 gtw01 dnsmasq-dhcp[4232]: read /var/lib/neutron/dhcp/ee63b009-083e-45ab-b440-76b175a8cf6d/host
Jun 22 04:20:39 gtw01 dnsmasq-dhcp[4232]: read /var/lib/neutron/dhcp/ee63b009-083e-45ab-b440-76b175a8cf6d/opts
Jun 22 04:20:40 gtw01 haproxy-metadata-proxy-ee63b009-083e-45ab-b440-76b175a8cf6d[4243]: Proxy listener started.
Jun 22 04:20:40 gtw01 dnsmasq[4093]: read /var/lib/neutron/dhcp/41ac913f-1807-4416-bb54-7f2ed4e8f736/addn_hosts - 0 addresses
Jun 22 04:20:40 gtw01 dnsmasq-dhcp[4093]: read /var/lib/neutron/dhcp/41ac913f-1807-4416-bb54-7f2ed4e8f736/host
Jun 22 04:20:40 gtw01 dnsmasq-dhcp[4093]: read /var/lib/neutron/dhcp/41ac913f-1807-4416-bb54-7f2ed4e8f736/opts
Jun 22 04:20:40 gtw01 dnsmasq[4232]: read /var/lib/neutron/dhcp/ee63b009-083e-45ab-b440-76b175a8cf6d/addn_hosts - 1 addresses
Jun 22 04:20:40 gtw01 dnsmasq-dhcp[4232]: read /var/lib/neutron/dhcp/ee63b009-083e-45ab-b440-76b175a8cf6d/host
Jun 22 04:20:40 gtw01 dnsmasq-dhcp[4232]: read /var/lib/neutron/dhcp/ee63b009-083e-45ab-b440-76b175a8cf6d/opts
Jun 22 04:20:41 gtw01 dnsmasq[4093]: read /var/lib/neutron/dhcp/41ac913f-1807-4416-bb54-7f2ed4e8f736/addn_hosts - 1 addresses
Jun 22 04:20:41 gtw01 dnsmasq-dhcp[4093]: read /var/lib/neutron/dhcp/41ac913f-1807-4416-bb54-7f2ed4e8f736/host
Jun 22 04:20:41 gtw01 dnsmasq-dhcp[4093]: read /var/lib/neutron/dhcp/41ac913f-1807-4416-bb54-7f2ed4e8f736/opts
Jun 22 04:20:41 gtw01 dnsmasq[4232]: read /var/lib/neutron/dhcp/ee63b009-083e-45ab-b440-76b175a8cf6d/addn_hosts - 1 addresses
Jun 22 04:20:41 gtw01 dnsmasq-dhcp[4232]: read /var/lib/neutron/dhcp/ee63b009-083e-45ab-b440-76b175a8cf6d/host
Jun 22 04:20:41 gtw01 dnsmasq-dhcp[4232]: read /var/lib/neutron/dhcp/ee63b009-083e-45ab-b440-76b175a8cf6d/opts
Jun 22 04:20:42 gtw01 dnsmasq[4366]: started, version 2.80 cachesize 150
Jun 22 04:20:42 gtw01 dnsmasq[4366]: DNS service limited to local subnets
Jun 22 04:20:42 gtw01 dnsmasq[4366]: compile time options: IPv6 GNU-getopt DBus i18n IDN DHCP DHCPv6 no-Lua TFTP conntrack ipset auth DNSSEC loop-detect inotify dumpfile
Jun 22 04:20:42 gtw01 dnsmasq[4366]: warning: no upstream servers configured
Jun 22 04:20:42 gtw01 dnsmasq-dhcp[4366]: DHCPv6, static leases only on 2003::, lease time 1h
Jun 22 04:20:42 gtw01 dnsmasq[4366]: read /var/lib/neutron/dhcp/b251bf7f-f384-4246-a246-cbfa969c9d34/addn_hosts - 1 addresses
Jun 22 04:20:42 gtw01 dnsmasq-dhcp[4366]: read /var/lib/neutron/dhcp/b251bf7f-f384-4246-a246-cbfa969c9d34/host
Jun 22 04:20:42 gtw01 dnsmasq-dhcp[4366]: read /var/lib/neutron/dhcp/b251bf7f-f384-4246-a246-cbfa969c9d34/opts
Jun 22 04:20:42 gtw01 dnsmasq[4232]: read /var/lib/neutron/dhcp/ee63b009-083e-45ab-b440-76b175a8cf6d/addn_hosts - 2 addresses
Jun 22 04:20:42 gtw01 dnsmasq-dhcp[4232]: read /var/lib/neutron/dhcp/ee63b009-083e-45ab-b440-76b175a8cf6d/host
Jun 22 04:20:42 gtw01 dnsmasq-dhcp[4232]: read /var/lib/neutron/dhcp/ee63b009-083e-45ab-b440-76b175a8cf6d/opts
Jun 22 04:20:43 gtw01 dnsmasq[4366]: read /var/lib/neutron/dhcp/b251bf7f-f384-4246-a246-cbfa969c9d34/addn_hosts - 2 addresses
Jun 22 04:20:43 gtw01 dnsmasq-dhcp[4366]: read /var/lib/neutron/dhcp/b251bf7f-f384-4246-a246-cbfa969c9d34/host
Jun 22 04:20:43 gtw01 dnsmasq-dhcp[4366]: read /var/lib/neutron/dhcp/b251bf7f-f384-4246-a246-cbfa969c9d34/opts
Jun 22 04:20:43 gtw01 dnsmasq[4232]: read /var/lib/neutron/dhcp/ee63b009-083e-45ab-b440-76b175a8cf6d/addn_hosts - 2 addresses
Jun 22 04:20:43 gtw01 dnsmasq-dhcp[4232]: read /var/lib/neutron/dhcp/ee63b009-083e-45ab-b440-76b175a8cf6d/host
Jun 22 04:20:43 gtw01 dnsmasq-dhcp[4232]: read /var/lib/neutron/dhcp/ee63b009-083e-45ab-b440-76b175a8cf6d/opts
Jun 22 04:20:44 gtw01 dnsmasq[4366]: read /var/lib/neutron/dhcp/b251bf7f-f384-4246-a246-cbfa969c9d34/addn_hosts - 2 addresses
Jun 22 04:20:44 gtw01 dnsmasq-dhcp[4366]: read /var/lib/neutron/dhcp/b251bf7f-f384-4246-a246-cbfa969c9d34/host
Jun 22 04:20:44 gtw01 dnsmasq-dhcp[4366]: read /var/lib/neutron/dhcp/b251bf7f-f384-4246-a246-cbfa969c9d34/opts
Jun 22 04:20:45 gtw01 kernel: [ 6233.994276] device tap6f1e0f42-df left promiscuous mode
Jun 22 04:20:45 gtw01 dnsmasq[4366]: read /var/lib/neutron/dhcp/b251bf7f-f384-4246-a246-cbfa969c9d34/addn_hosts - 2 addresses
Jun 22 04:20:45 gtw01 dnsmasq-dhcp[4366]: read /var/lib/neutron/dhcp/b251bf7f-f384-4246-a246-cbfa969c9d34/host
Jun 22 04:20:45 gtw01 dnsmasq-dhcp[4366]: read /var/lib/neutron/dhcp/b251bf7f-f384-4246-a246-cbfa969c9d34/opts
Jun 22 04:20:46 gtw01 dnsmasq[4522]: started, version 2.80 cachesize 150
Jun 22 04:20:46 gtw01 dnsmasq[4522]: DNS service limited to local subnets
Jun 22 04:20:46 gtw01 dnsmasq[4522]: compile time options: IPv6 GNU-getopt DBus i18n IDN DHCP DHCPv6 no-Lua TFTP conntrack ipset auth DNSSEC loop-detect inotify dumpfile
Jun 22 04:20:46 gtw01 dnsmasq[4522]: warning: no upstream servers configured
Jun 22 04:20:46 gtw01 dnsmasq-dhcp[4522]: DHCPv6, static leases only on 2003:0:0:2::, lease time 1h
Jun 22 04:20:46 gtw01 dnsmasq-dhcp[4522]: DHCPv6, static leases only on 2003::, lease time 1h
Jun 22 04:20:46 gtw01 dnsmasq-dhcp[4522]: DHCPv6, static leases only on 2003:0:0:1::, lease time 1h
Jun 22 04:20:46 gtw01 dnsmasq[4522]: read /var/lib/neutron/dhcp/41ac913f-1807-4416-bb54-7f2ed4e8f736/addn_hosts - 4 addresses
Jun 22 04:20:46 gtw01 dnsmasq-dhcp[4522]: read /var/lib/neutron/dhcp/41ac913f-1807-4416-bb54-7f2ed4e8f736/host
Jun 22 04:20:46 gtw01 dnsmasq-dhcp[4522]: read /var/lib/neutron/dhcp/41ac913f-1807-4416-bb54-7f2ed4e8f736/opts
Jun 22 04:20:46 gtw01 dnsmasq[4366]: read /var/lib/neutron/dhcp/b251bf7f-f384-4246-a246-cbfa969c9d34/addn_hosts - 3 addresses
Jun 22 04:20:46 gtw01 dnsmasq-dhcp[4366]: read /var/lib/neutron/dhcp/b251bf7f-f384-4246-a246-cbfa969c9d34/host
Jun 22 04:20:46 gtw01 dnsmasq-dhcp[4366]: read /var/lib/neutron/dhcp/b251bf7f-f384-4246-a246-cbfa969c9d34/opts
Jun 22 04:20:47 gtw01 dnsmasq[4366]: read /var/lib/neutron/dhcp/b251bf7f-f384-4246-a246-cbfa969c9d34/addn_hosts - 4 addresses
Jun 22 04:20:47 gtw01 dnsmasq-dhcp[4366]: read /var/lib/neutron/dhcp/b251bf7f-f384-4246-a246-cbfa969c9d34/host
Jun 22 04:20:47 gtw01 dnsmasq-dhcp[4366]: read /var/lib/neutron/dhcp/b251bf7f-f384-4246-a246-cbfa969c9d34/opts
Jun 22 04:20:48 gtw01 dnsmasq[4366]: read /var/lib/neutron/dhcp/b251bf7f-f384-4246-a246-cbfa969c9d34/addn_hosts - 5 addresses
Jun 22 04:20:48 gtw01 dnsmasq-dhcp[4366]: read /var/lib/neutron/dhcp/b251bf7f-f384-4246-a246-cbfa969c9d34/host
Jun 22 04:20:48 gtw01 dnsmasq-dhcp[4366]: read /var/lib/neutron/dhcp/b251bf7f-f384-4246-a246-cbfa969c9d34/opts
Jun 22 04:20:48 gtw01 dnsmasq[4650]: started, version 2.80 cachesize 150
Jun 22 04:20:48 gtw01 dnsmasq[4650]: DNS service limited to local subnets
Jun 22 04:20:48 gtw01 dnsmasq[4650]: compile time options: IPv6 GNU-getopt DBus i18n IDN DHCP DHCPv6 no-Lua TFTP conntrack ipset auth DNSSEC loop-detect inotify dumpfile
Jun 22 04:20:48 gtw01 dnsmasq[4650]: warning: no upstream servers configured
Jun 22 04:20:48 gtw01 dnsmasq-dhcp[4650]: DHCPv6, static leases only on 2003:0:0:2::, lease time 1h
Jun 22 04:20:48 gtw01 dnsmasq-dhcp[4650]: DHCPv6, static leases only on 2003:0:0:1::, lease time 1h
Jun 22 04:20:48 gtw01 dnsmasq[4650]: read /var/lib/neutron/dhcp/41ac913f-1807-4416-bb54-7f2ed4e8f736/addn_hosts - 2 addresses
Jun 22 04:20:48 gtw01 dnsmasq-dhcp[4650]: read /var/lib/neutron/dhcp/41ac913f-1807-4416-bb54-7f2ed4e8f736/host
Jun 22 04:20:48 gtw01 dnsmasq-dhcp[4650]: read /var/lib/neutron/dhcp/41ac913f-1807-4416-bb54-7f2ed4e8f736/opts
Jun 22 04:20:49 gtw01 systemd-udevd[4670]: Could not generate persistent MAC address for tapc94f29fa-90: No such file or directory
Jun 22 04:20:49 gtw01 kernel: [ 6237.947283] device tapc94f29fa-90 entered promiscuous mode
Jun 22 04:20:49 gtw01 systemd-udevd[4722]: Process '/sbin/ip link set tapc94f29fa-90 txqueuelen 10000' failed with exit code 1.
Jun 22 04:20:49 gtw01 dnsmasq[4366]: read /var/lib/neutron/dhcp/b251bf7f-f384-4246-a246-cbfa969c9d34/addn_hosts - 6 addresses
Jun 22 04:20:49 gtw01 dnsmasq-dhcp[4366]: read /var/lib/neutron/dhcp/b251bf7f-f384-4246-a246-cbfa969c9d34/host
Jun 22 04:20:49 gtw01 dnsmasq-dhcp[4366]: read /var/lib/neutron/dhcp/b251bf7f-f384-4246-a246-cbfa969c9d34/opts
Jun 22 04:20:50 gtw01 dnsmasq[4366]: read /var/lib/neutron/dhcp/b251bf7f-f384-4246-a246-cbfa969c9d34/addn_hosts - 7 addresses
Jun 22 04:20:50 gtw01 dnsmasq-dhcp[4366]: read /var/lib/neutron/dhcp/b251bf7f-f384-4246-a246-cbfa969c9d34/host
Jun 22 04:20:50 gtw01 dnsmasq-dhcp[4366]: read /var/lib/neutron/dhcp/b251bf7f-f384-4246-a246-cbfa969c9d34/opts
Jun 22 04:20:51 gtw01 dnsmasq[4366]: read /var/lib/neutron/dhcp/b251bf7f-f384-4246-a246-cbfa969c9d34/addn_hosts - 7 addresses
Jun 22 04:20:51 gtw01 dnsmasq-dhcp[4366]: read /var/lib/neutron/dhcp/b251bf7f-f384-4246-a246-cbfa969c9d34/host
Jun 22 04:20:51 gtw01 dnsmasq-dhcp[4366]: read /var/lib/neutron/dhcp/b251bf7f-f384-4246-a246-cbfa969c9d34/opts
Jun 22 04:20:51 gtw01 dnsmasq[4872]: started, version 2.80 cachesize 150
Jun 22 04:20:51 gtw01 dnsmasq[4872]: DNS service limited to local subnets
Jun 22 04:20:51 gtw01 dnsmasq[4872]: compile time options: IPv6 GNU-getopt DBus i18n IDN DHCP DHCPv6 no-Lua TFTP conntrack ipset auth DNSSEC loop-detect inotify dumpfile
Jun 22 04:20:51 gtw01 dnsmasq[4872]: warning: no upstream servers configured
Jun 22 04:20:51 gtw01 dnsmasq-dhcp[4872]: DHCPv6, static leases only on 2003:0:0:1::, lease time 1h
Jun 22 04:20:51 gtw01 dnsmasq[4872]: read /var/lib/neutron/dhcp/41ac913f-1807-4416-bb54-7f2ed4e8f736/addn_hosts - 1 addresses
Jun 22 04:20:51 gtw01 dnsmasq-dhcp[4872]: read /var/lib/neutron/dhcp/41ac913f-1807-4416-bb54-7f2ed4e8f736/host
Jun 22 04:20:51 gtw01 dnsmasq-dhcp[4872]: read /var/lib/neutron/dhcp/41ac913f-1807-4416-bb54-7f2ed4e8f736/opts
Jun 22 04:20:52 gtw01 kernel: [ 6241.086623] device tapdf2de030-95 left promiscuous mode
Jun 22 04:20:52 gtw01 dnsmasq[4366]: read /var/lib/neutron/dhcp/b251bf7f-f384-4246-a246-cbfa969c9d34/addn_hosts - 7 addresses
Jun 22 04:20:52 gtw01 dnsmasq-dhcp[4366]: read /var/lib/neutron/dhcp/b251bf7f-f384-4246-a246-cbfa969c9d34/host
Jun 22 04:20:52 gtw01 dnsmasq-dhcp[4366]: read /var/lib/neutron/dhcp/b251bf7f-f384-4246-a246-cbfa969c9d34/opts
Jun 22 04:20:53 gtw01 dnsmasq[4953]: started, version 2.80 cachesize 150
Jun 22 04:20:53 gtw01 dnsmasq[4953]: DNS service limited to local subnets
Jun 22 04:20:53 gtw01 dnsmasq[4953]: compile time options: IPv6 GNU-getopt DBus i18n IDN DHCP DHCPv6 no-Lua TFTP conntrack ipset auth DNSSEC loop-detect inotify dumpfile
Jun 22 04:20:53 gtw01 dnsmasq[4953]: warning: no upstream servers configured
Jun 22 04:20:53 gtw01 dnsmasq-dhcp[4953]: DHCP, static leases only on 192.168.120.0, lease time 1h
Jun 22 04:20:53 gtw01 dnsmasq[4953]: read /var/lib/neutron/dhcp/2325e5d1-1707-4895-8132-5f723a02b9ed/addn_hosts - 1 addresses
Jun 22 04:20:53 gtw01 dnsmasq-dhcp[4953]: read /var/lib/neutron/dhcp/2325e5d1-1707-4895-8132-5f723a02b9ed/host
Jun 22 04:20:53 gtw01 dnsmasq-dhcp[4953]: read /var/lib/neutron/dhcp/2325e5d1-1707-4895-8132-5f723a02b9ed/opts
Jun 22 04:20:53 gtw01 haproxy-metadata-proxy-2325e5d1-1707-4895-8132-5f723a02b9ed[4967]: Proxy listener started.
Jun 22 04:20:53 gtw01 kernel: [ 6242.412619] device tapa2f776dd-9f left promiscuous mode
Jun 22 04:20:53 gtw01 kernel: [ 6242.875952] device qr-9194e28d-1e entered promiscuous mode
Jun 22 04:20:53 gtw01 systemd-udevd[5015]: Could not generate persistent MAC address for qr-9194e28d-1e: No such file or directory
Jun 22 04:20:54 gtw01 dnsmasq[4953]: read /var/lib/neutron/dhcp/2325e5d1-1707-4895-8132-5f723a02b9ed/addn_hosts - 2 addresses
Jun 22 04:20:54 gtw01 dnsmasq-dhcp[4953]: read /var/lib/neutron/dhcp/2325e5d1-1707-4895-8132-5f723a02b9ed/host
Jun 22 04:20:54 gtw01 dnsmasq-dhcp[4953]: read /var/lib/neutron/dhcp/2325e5d1-1707-4895-8132-5f723a02b9ed/opts
Jun 22 04:20:54 gtw01 systemd-udevd[5089]: Could not generate persistent MAC address for tapafe7b03c-c4: No such file or directory
Jun 22 04:20:54 gtw01 kernel: [ 6243.186942] device tapafe7b03c-c4 entered promiscuous mode
Jun 22 04:20:54 gtw01 systemd-udevd[5089]: Process '/sbin/ip link set tapafe7b03c-c4 txqueuelen 10000' failed with exit code 1.
Jun 22 04:20:54 gtw01 systemd-udevd[5142]: Process '/sbin/ip link set tapafe7b03c-c4 txqueuelen 10000' failed with exit code 1.
Jun 22 04:20:55 gtw01 dnsmasq[4953]: read /var/lib/neutron/dhcp/2325e5d1-1707-4895-8132-5f723a02b9ed/addn_hosts - 2 addresses
Jun 22 04:20:55 gtw01 dnsmasq-dhcp[4953]: read /var/lib/neutron/dhcp/2325e5d1-1707-4895-8132-5f723a02b9ed/host
Jun 22 04:20:55 gtw01 dnsmasq-dhcp[4953]: read /var/lib/neutron/dhcp/2325e5d1-1707-4895-8132-5f723a02b9ed/opts
Jun 22 04:20:56 gtw01 dnsmasq[4953]: read /var/lib/neutron/dhcp/2325e5d1-1707-4895-8132-5f723a02b9ed/addn_hosts - 2 addresses
Jun 22 04:20:56 gtw01 dnsmasq-dhcp[4953]: read /var/lib/neutron/dhcp/2325e5d1-1707-4895-8132-5f723a02b9ed/host
Jun 22 04:20:56 gtw01 dnsmasq-dhcp[4953]: read /var/lib/neutron/dhcp/2325e5d1-1707-4895-8132-5f723a02b9ed/opts
Jun 22 04:20:57 gtw01 dnsmasq[4953]: read /var/lib/neutron/dhcp/2325e5d1-1707-4895-8132-5f723a02b9ed/addn_hosts - 2 addresses
Jun 22 04:20:57 gtw01 dnsmasq-dhcp[4953]: read /var/lib/neutron/dhcp/2325e5d1-1707-4895-8132-5f723a02b9ed/host
Jun 22 04:20:57 gtw01 dnsmasq-dhcp[4953]: read /var/lib/neutron/dhcp/2325e5d1-1707-4895-8132-5f723a02b9ed/opts
Jun 22 04:20:58 gtw01 dnsmasq[5371]: started, version 2.80 cachesize 150
Jun 22 04:20:58 gtw01 dnsmasq[5371]: DNS service limited to local subnets
Jun 22 04:20:58 gtw01 dnsmasq[5371]: compile time options: IPv6 GNU-getopt DBus i18n IDN DHCP DHCPv6 no-Lua TFTP conntrack ipset auth DNSSEC loop-detect inotify dumpfile
Jun 22 04:20:58 gtw01 dnsmasq[5371]: warning: no upstream servers configured
Jun 22 04:20:58 gtw01 dnsmasq-dhcp[5371]: DHCP, static leases only on 192.168.121.0, lease time 1h
Jun 22 04:20:58 gtw01 dnsmasq[5371]: read /var/lib/neutron/dhcp/204fb82e-6f6e-4f9f-88a7-4b5ffe177bff/addn_hosts - 1 addresses
Jun 22 04:20:58 gtw01 dnsmasq-dhcp[5371]: read /var/lib/neutron/dhcp/204fb82e-6f6e-4f9f-88a7-4b5ffe177bff/host
Jun 22 04:20:58 gtw01 dnsmasq-dhcp[5371]: read /var/lib/neutron/dhcp/204fb82e-6f6e-4f9f-88a7-4b5ffe177bff/opts
Jun 22 04:20:58 gtw01 haproxy-metadata-proxy-204fb82e-6f6e-4f9f-88a7-4b5ffe177bff[5383]: Proxy listener started.
Jun 22 04:20:58 gtw01 dnsmasq[4953]: read /var/lib/neutron/dhcp/2325e5d1-1707-4895-8132-5f723a02b9ed/addn_hosts - 2 addresses
Jun 22 04:20:58 gtw01 dnsmasq-dhcp[4953]: read /var/lib/neutron/dhcp/2325e5d1-1707-4895-8132-5f723a02b9ed/host
Jun 22 04:20:58 gtw01 dnsmasq-dhcp[4953]: read /var/lib/neutron/dhcp/2325e5d1-1707-4895-8132-5f723a02b9ed/opts
Jun 22 04:20:59 gtw01 haproxy-metadata-proxy-40e0d4df-41ef-4daf-b866-85fbe6209de4[5432]: Proxy listener started.
Jun 22 04:20:59 gtw01 dnsmasq[5371]: read /var/lib/neutron/dhcp/204fb82e-6f6e-4f9f-88a7-4b5ffe177bff/addn_hosts - 2 addresses
Jun 22 04:20:59 gtw01 dnsmasq-dhcp[5371]: read /var/lib/neutron/dhcp/204fb82e-6f6e-4f9f-88a7-4b5ffe177bff/host
Jun 22 04:20:59 gtw01 dnsmasq-dhcp[5371]: read /var/lib/neutron/dhcp/204fb82e-6f6e-4f9f-88a7-4b5ffe177bff/opts
Jun 22 04:20:59 gtw01 dnsmasq[4953]: read /var/lib/neutron/dhcp/2325e5d1-1707-4895-8132-5f723a02b9ed/addn_hosts - 2 addresses
Jun 22 04:20:59 gtw01 dnsmasq-dhcp[4953]: read /var/lib/neutron/dhcp/2325e5d1-1707-4895-8132-5f723a02b9ed/host
Jun 22 04:20:59 gtw01 dnsmasq-dhcp[4953]: read /var/lib/neutron/dhcp/2325e5d1-1707-4895-8132-5f723a02b9ed/opts
Jun 22 04:20:59 gtw01 systemd-udevd[5457]: Could not generate persistent MAC address for tapafc554f6-87: No such file or directory
Jun 22 04:20:59 gtw01 kernel: [ 6248.564879] device tapafc554f6-87 entered promiscuous mode
Jun 22 04:20:59 gtw01 systemd-udevd[5505]: Process '/sbin/ip link set tapafc554f6-87 txqueuelen 10000' failed with exit code 1.
Jun 22 04:21:00 gtw01 dnsmasq[5371]: read /var/lib/neutron/dhcp/204fb82e-6f6e-4f9f-88a7-4b5ffe177bff/addn_hosts - 2 addresses
Jun 22 04:21:00 gtw01 dnsmasq-dhcp[5371]: read /var/lib/neutron/dhcp/204fb82e-6f6e-4f9f-88a7-4b5ffe177bff/host
Jun 22 04:21:00 gtw01 dnsmasq-dhcp[5371]: read /var/lib/neutron/dhcp/204fb82e-6f6e-4f9f-88a7-4b5ffe177bff/opts
Jun 22 04:21:00 gtw01 dnsmasq[4953]: read /var/lib/neutron/dhcp/2325e5d1-1707-4895-8132-5f723a02b9ed/addn_hosts - 2 addresses
Jun 22 04:21:00 gtw01 dnsmasq-dhcp[4953]: read /var/lib/neutron/dhcp/2325e5d1-1707-4895-8132-5f723a02b9ed/host
Jun 22 04:21:00 gtw01 dnsmasq-dhcp[4953]: read /var/lib/neutron/dhcp/2325e5d1-1707-4895-8132-5f723a02b9ed/opts
Jun 22 04:21:01 gtw01 kernel: [ 6250.563774] device tapcaaec12b-67 entered promiscuous mode
Jun 22 04:21:01 gtw01 systemd-udevd[5643]: Could not generate persistent MAC address for tapcaaec12b-67: No such file or directory
Jun 22 04:21:01 gtw01 systemd-udevd[5643]: Process '/sbin/ip link set tapcaaec12b-67 txqueuelen 10000' failed with exit code 1.
Jun 22 04:21:01 gtw01 dnsmasq[5371]: read /var/lib/neutron/dhcp/204fb82e-6f6e-4f9f-88a7-4b5ffe177bff/addn_hosts - 2 addresses
Jun 22 04:21:01 gtw01 dnsmasq-dhcp[5371]: read /var/lib/neutron/dhcp/204fb82e-6f6e-4f9f-88a7-4b5ffe177bff/host
Jun 22 04:21:01 gtw01 dnsmasq-dhcp[5371]: read /var/lib/neutron/dhcp/204fb82e-6f6e-4f9f-88a7-4b5ffe177bff/opts
Jun 22 04:21:01 gtw01 systemd-udevd[5643]: Process '/sbin/ip link set tapcaaec12b-67 txqueuelen 10000' failed with exit code 1.
Jun 22 04:21:02 gtw01 dnsmasq[5371]: read /var/lib/neutron/dhcp/204fb82e-6f6e-4f9f-88a7-4b5ffe177bff/addn_hosts - 2 addresses
Jun 22 04:21:02 gtw01 dnsmasq-dhcp[5371]: read /var/lib/neutron/dhcp/204fb82e-6f6e-4f9f-88a7-4b5ffe177bff/host
Jun 22 04:21:02 gtw01 dnsmasq-dhcp[5371]: read /var/lib/neutron/dhcp/204fb82e-6f6e-4f9f-88a7-4b5ffe177bff/opts
Jun 22 04:21:02 gtw01 systemd-udevd[5786]: Could not generate persistent MAC address for qr-3cc23b6e-46: No such file or directory
Jun 22 04:21:02 gtw01 kernel: [ 6251.751017] device qr-3cc23b6e-46 entered promiscuous mode
Jun 22 04:21:03 gtw01 dnsmasq[5882]: started, version 2.80 cachesize 150
Jun 22 04:21:03 gtw01 dnsmasq[5882]: DNS service limited to local subnets
Jun 22 04:21:03 gtw01 dnsmasq[5882]: compile time options: IPv6 GNU-getopt DBus i18n IDN DHCP DHCPv6 no-Lua TFTP conntrack ipset auth DNSSEC loop-detect inotify dumpfile
Jun 22 04:21:03 gtw01 dnsmasq[5882]: warning: no upstream servers configured
Jun 22 04:21:03 gtw01 dnsmasq-dhcp[5882]: DHCP, static leases only on 192.168.122.0, lease time 1h
Jun 22 04:21:03 gtw01 dnsmasq[5882]: read /var/lib/neutron/dhcp/1c868445-7d9f-476a-a366-0f8c997d2c11/addn_hosts - 1 addresses
Jun 22 04:21:03 gtw01 dnsmasq-dhcp[5882]: read /var/lib/neutron/dhcp/1c868445-7d9f-476a-a366-0f8c997d2c11/host
Jun 22 04:21:03 gtw01 dnsmasq-dhcp[5882]: read /var/lib/neutron/dhcp/1c868445-7d9f-476a-a366-0f8c997d2c11/opts
Jun 22 04:21:03 gtw01 systemd-udevd[5903]: Could not generate persistent MAC address for qr-92c69912-f1: No such file or directory
Jun 22 04:21:03 gtw01 kernel: [ 6252.802758] device qr-92c69912-f1 entered promiscuous mode
Jun 22 04:21:04 gtw01 haproxy-metadata-proxy-1c868445-7d9f-476a-a366-0f8c997d2c11[5917]: Proxy listener started.
Jun 22 04:21:04 gtw01 dnsmasq[5371]: read /var/lib/neutron/dhcp/204fb82e-6f6e-4f9f-88a7-4b5ffe177bff/addn_hosts - 2 addresses
Jun 22 04:21:04 gtw01 dnsmasq-dhcp[5371]: read /var/lib/neutron/dhcp/204fb82e-6f6e-4f9f-88a7-4b5ffe177bff/host
Jun 22 04:21:04 gtw01 dnsmasq-dhcp[5371]: read /var/lib/neutron/dhcp/204fb82e-6f6e-4f9f-88a7-4b5ffe177bff/opts
Jun 22 04:21:04 gtw01 kernel: [ 6253.030437] IPv4: martian source 192.168.121.1 from 192.168.121.1, on dev qr-92c69912-f1
Jun 22 04:21:04 gtw01 kernel: [ 6253.030441] ll header: 00000000: ff ff ff ff ff ff fa 16 3e e5 fc f4 08 06        ........>.....
Jun 22 04:21:05 gtw01 dnsmasq[5882]: read /var/lib/neutron/dhcp/1c868445-7d9f-476a-a366-0f8c997d2c11/addn_hosts - 2 addresses
Jun 22 04:21:05 gtw01 dnsmasq-dhcp[5882]: read /var/lib/neutron/dhcp/1c868445-7d9f-476a-a366-0f8c997d2c11/host
Jun 22 04:21:05 gtw01 dnsmasq-dhcp[5882]: read /var/lib/neutron/dhcp/1c868445-7d9f-476a-a366-0f8c997d2c11/opts
Jun 22 04:21:05 gtw01 dnsmasq[5371]: read /var/lib/neutron/dhcp/204fb82e-6f6e-4f9f-88a7-4b5ffe177bff/addn_hosts - 2 addresses
Jun 22 04:21:05 gtw01 dnsmasq-dhcp[5371]: read /var/lib/neutron/dhcp/204fb82e-6f6e-4f9f-88a7-4b5ffe177bff/host
Jun 22 04:21:05 gtw01 dnsmasq-dhcp[5371]: read /var/lib/neutron/dhcp/204fb82e-6f6e-4f9f-88a7-4b5ffe177bff/opts
Jun 22 04:21:05 gtw01 systemd-udevd[6093]: Could not generate persistent MAC address for tapc50a7076-bc: No such file or directory
Jun 22 04:21:05 gtw01 kernel: [ 6254.571101] device tapc50a7076-bc entered promiscuous mode
Jun 22 04:21:05 gtw01 systemd-udevd[6093]: Process '/sbin/ip link set tapc50a7076-bc txqueuelen 10000' failed with exit code 1.
Jun 22 04:21:05 gtw01 systemd-udevd[6153]: Process '/sbin/ip link set tapc50a7076-bc txqueuelen 10000' failed with exit code 1.
Jun 22 04:21:06 gtw01 dnsmasq[6225]: started, version 2.80 cachesize 150
Jun 22 04:21:06 gtw01 dnsmasq[6225]: DNS service limited to local subnets
Jun 22 04:21:06 gtw01 dnsmasq[6225]: compile time options: IPv6 GNU-getopt DBus i18n IDN DHCP DHCPv6 no-Lua TFTP conntrack ipset auth DNSSEC loop-detect inotify dumpfile
Jun 22 04:21:06 gtw01 dnsmasq[6225]: warning: no upstream servers configured
Jun 22 04:21:06 gtw01 dnsmasq-dhcp[6225]: DHCP, static leases only on 192.168.120.0, lease time 1h
Jun 22 04:21:06 gtw01 dnsmasq[6225]: read /var/lib/neutron/dhcp/44949589-a603-447f-9f97-aed6ae62ec28/addn_hosts - 1 addresses
Jun 22 04:21:06 gtw01 dnsmasq-dhcp[6225]: read /var/lib/neutron/dhcp/44949589-a603-447f-9f97-aed6ae62ec28/host
Jun 22 04:21:06 gtw01 dnsmasq-dhcp[6225]: read /var/lib/neutron/dhcp/44949589-a603-447f-9f97-aed6ae62ec28/opts
Jun 22 04:21:06 gtw01 dnsmasq[5882]: read /var/lib/neutron/dhcp/1c868445-7d9f-476a-a366-0f8c997d2c11/addn_hosts - 2 addresses
Jun 22 04:21:06 gtw01 dnsmasq-dhcp[5882]: read /var/lib/neutron/dhcp/1c868445-7d9f-476a-a366-0f8c997d2c11/host
Jun 22 04:21:06 gtw01 dnsmasq-dhcp[5882]: read /var/lib/neutron/dhcp/1c868445-7d9f-476a-a366-0f8c997d2c11/opts
Jun 22 04:21:07 gtw01 haproxy-metadata-proxy-44949589-a603-447f-9f97-aed6ae62ec28[6259]: Proxy listener started.
Jun 22 04:21:07 gtw01 dnsmasq[5371]: read /var/lib/neutron/dhcp/204fb82e-6f6e-4f9f-88a7-4b5ffe177bff/addn_hosts - 2 addresses
Jun 22 04:21:07 gtw01 dnsmasq-dhcp[5371]: read /var/lib/neutron/dhcp/204fb82e-6f6e-4f9f-88a7-4b5ffe177bff/host
Jun 22 04:21:07 gtw01 dnsmasq-dhcp[5371]: read /var/lib/neutron/dhcp/204fb82e-6f6e-4f9f-88a7-4b5ffe177bff/opts
Jun 22 04:21:08 gtw01 dnsmasq[6225]: read /var/lib/neutron/dhcp/44949589-a603-447f-9f97-aed6ae62ec28/addn_hosts - 3 addresses
Jun 22 04:21:08 gtw01 dnsmasq-dhcp[6225]: read /var/lib/neutron/dhcp/44949589-a603-447f-9f97-aed6ae62ec28/host
Jun 22 04:21:08 gtw01 dnsmasq-dhcp[6225]: read /var/lib/neutron/dhcp/44949589-a603-447f-9f97-aed6ae62ec28/opts
Jun 22 04:21:08 gtw01 systemd-udevd[6334]: Could not generate persistent MAC address for tapc2d0e765-3b: No such file or directory
Jun 22 04:21:08 gtw01 kernel: [ 6257.027365] device tapc2d0e765-3b entered promiscuous mode
Jun 22 04:21:08 gtw01 systemd-udevd[6388]: Process '/sbin/ip link set tapc2d0e765-3b txqueuelen 10000' failed with exit code 1.
Jun 22 04:21:08 gtw01 dnsmasq[5882]: read /var/lib/neutron/dhcp/1c868445-7d9f-476a-a366-0f8c997d2c11/addn_hosts - 2 addresses
Jun 22 04:21:08 gtw01 dnsmasq-dhcp[5882]: read /var/lib/neutron/dhcp/1c868445-7d9f-476a-a366-0f8c997d2c11/host
Jun 22 04:21:08 gtw01 dnsmasq-dhcp[5882]: read /var/lib/neutron/dhcp/1c868445-7d9f-476a-a366-0f8c997d2c11/opts
Jun 22 04:21:09 gtw01 dnsmasq[6225]: read /var/lib/neutron/dhcp/44949589-a603-447f-9f97-aed6ae62ec28/addn_hosts - 3 addresses
Jun 22 04:21:09 gtw01 dnsmasq-dhcp[6225]: read /var/lib/neutron/dhcp/44949589-a603-447f-9f97-aed6ae62ec28/host
Jun 22 04:21:09 gtw01 dnsmasq-dhcp[6225]: read /var/lib/neutron/dhcp/44949589-a603-447f-9f97-aed6ae62ec28/opts
Jun 22 04:21:09 gtw01 dnsmasq[5882]: read /var/lib/neutron/dhcp/1c868445-7d9f-476a-a366-0f8c997d2c11/addn_hosts - 2 addresses
Jun 22 04:21:09 gtw01 dnsmasq-dhcp[5882]: read /var/lib/neutron/dhcp/1c868445-7d9f-476a-a366-0f8c997d2c11/host
Jun 22 04:21:09 gtw01 dnsmasq-dhcp[5882]: read /var/lib/neutron/dhcp/1c868445-7d9f-476a-a366-0f8c997d2c11/opts
Jun 22 04:21:10 gtw01 systemd-udevd[6517]: Could not generate persistent MAC address for qr-2c696831-65: No such file or directory
Jun 22 04:21:10 gtw01 kernel: [ 6258.883682] device qr-2c696831-65 entered promiscuous mode
Jun 22 04:21:10 gtw01 dnsmasq[6614]: started, version 2.80 cachesize 150
Jun 22 04:21:10 gtw01 dnsmasq[6614]: DNS service limited to local subnets
Jun 22 04:21:10 gtw01 dnsmasq[6614]: compile time options: IPv6 GNU-getopt DBus i18n IDN DHCP DHCPv6 no-Lua TFTP conntrack ipset auth DNSSEC loop-detect inotify dumpfile
Jun 22 04:21:10 gtw01 dnsmasq[6614]: warning: no upstream servers configured
Jun 22 04:21:10 gtw01 dnsmasq-dhcp[6614]: DHCP, static leases only on 192.168.123.0, lease time 1h
Jun 22 04:21:10 gtw01 dnsmasq[6614]: read /var/lib/neutron/dhcp/5fe72e9d-3b82-49ec-b165-ca6edc98f1e8/addn_hosts - 1 addresses
Jun 22 04:21:10 gtw01 dnsmasq-dhcp[6614]: read /var/lib/neutron/dhcp/5fe72e9d-3b82-49ec-b165-ca6edc98f1e8/host
Jun 22 04:21:10 gtw01 dnsmasq-dhcp[6614]: read /var/lib/neutron/dhcp/5fe72e9d-3b82-49ec-b165-ca6edc98f1e8/opts
Jun 22 04:21:10 gtw01 dnsmasq[6225]: read /var/lib/neutron/dhcp/44949589-a603-447f-9f97-aed6ae62ec28/addn_hosts - 3 addresses
Jun 22 04:21:10 gtw01 dnsmasq-dhcp[6225]: read /var/lib/neutron/dhcp/44949589-a603-447f-9f97-aed6ae62ec28/host
Jun 22 04:21:10 gtw01 dnsmasq-dhcp[6225]: read /var/lib/neutron/dhcp/44949589-a603-447f-9f97-aed6ae62ec28/opts
Jun 22 04:21:10 gtw01 dnsmasq[5882]: read /var/lib/neutron/dhcp/1c868445-7d9f-476a-a366-0f8c997d2c11/addn_hosts - 2 addresses
Jun 22 04:21:10 gtw01 dnsmasq-dhcp[5882]: read /var/lib/neutron/dhcp/1c868445-7d9f-476a-a366-0f8c997d2c11/host
Jun 22 04:21:10 gtw01 dnsmasq-dhcp[5882]: read /var/lib/neutron/dhcp/1c868445-7d9f-476a-a366-0f8c997d2c11/opts
Jun 22 04:21:11 gtw01 haproxy-metadata-proxy-5fe72e9d-3b82-49ec-b165-ca6edc98f1e8[6649]: Proxy listener started.
Jun 22 04:21:12 gtw01 dnsmasq[6614]: read /var/lib/neutron/dhcp/5fe72e9d-3b82-49ec-b165-ca6edc98f1e8/addn_hosts - 1 addresses
Jun 22 04:21:12 gtw01 dnsmasq-dhcp[6614]: read /var/lib/neutron/dhcp/5fe72e9d-3b82-49ec-b165-ca6edc98f1e8/host
Jun 22 04:21:12 gtw01 dnsmasq-dhcp[6614]: read /var/lib/neutron/dhcp/5fe72e9d-3b82-49ec-b165-ca6edc98f1e8/opts
Jun 22 04:21:12 gtw01 dnsmasq[6225]: read /var/lib/neutron/dhcp/44949589-a603-447f-9f97-aed6ae62ec28/addn_hosts - 4 addresses
Jun 22 04:21:12 gtw01 dnsmasq-dhcp[6225]: read /var/lib/neutron/dhcp/44949589-a603-447f-9f97-aed6ae62ec28/host
Jun 22 04:21:12 gtw01 dnsmasq-dhcp[6225]: read /var/lib/neutron/dhcp/44949589-a603-447f-9f97-aed6ae62ec28/opts
Jun 22 04:21:12 gtw01 dnsmasq[5882]: read /var/lib/neutron/dhcp/1c868445-7d9f-476a-a366-0f8c997d2c11/addn_hosts - 2 addresses
Jun 22 04:21:12 gtw01 dnsmasq-dhcp[5882]: read /var/lib/neutron/dhcp/1c868445-7d9f-476a-a366-0f8c997d2c11/host
Jun 22 04:21:12 gtw01 dnsmasq-dhcp[5882]: read /var/lib/neutron/dhcp/1c868445-7d9f-476a-a366-0f8c997d2c11/opts
Jun 22 04:21:13 gtw01 dnsmasq[6815]: started, version 2.80 cachesize 150
Jun 22 04:21:13 gtw01 dnsmasq[6815]: DNS service limited to local subnets
Jun 22 04:21:13 gtw01 dnsmasq[6815]: compile time options: IPv6 GNU-getopt DBus i18n IDN DHCP DHCPv6 no-Lua TFTP conntrack ipset auth DNSSEC loop-detect inotify dumpfile
Jun 22 04:21:13 gtw01 dnsmasq[6815]: warning: no upstream servers configured
Jun 22 04:21:13 gtw01 dnsmasq-dhcp[6815]: DHCP, static leases only on 192.168.120.0, lease time 1h
Jun 22 04:21:13 gtw01 dnsmasq[6815]: read /var/lib/neutron/dhcp/2761b3cc-5ee8-4271-80c6-ee0de7772b77/addn_hosts - 1 addresses
Jun 22 04:21:13 gtw01 dnsmasq-dhcp[6815]: read /var/lib/neutron/dhcp/2761b3cc-5ee8-4271-80c6-ee0de7772b77/host
Jun 22 04:21:13 gtw01 dnsmasq-dhcp[6815]: read /var/lib/neutron/dhcp/2761b3cc-5ee8-4271-80c6-ee0de7772b77/opts
Jun 22 04:21:13 gtw01 dnsmasq[6614]: read /var/lib/neutron/dhcp/5fe72e9d-3b82-49ec-b165-ca6edc98f1e8/addn_hosts - 1 addresses
Jun 22 04:21:13 gtw01 dnsmasq-dhcp[6614]: read /var/lib/neutron/dhcp/5fe72e9d-3b82-49ec-b165-ca6edc98f1e8/host
Jun 22 04:21:13 gtw01 dnsmasq-dhcp[6614]: read /var/lib/neutron/dhcp/5fe72e9d-3b82-49ec-b165-ca6edc98f1e8/opts
Jun 22 04:21:13 gtw01 haproxy-metadata-proxy-2761b3cc-5ee8-4271-80c6-ee0de7772b77[6832]: Proxy listener started.
Jun 22 04:21:13 gtw01 dnsmasq[5882]: read /var/lib/neutron/dhcp/1c868445-7d9f-476a-a366-0f8c997d2c11/addn_hosts - 2 addresses
Jun 22 04:21:13 gtw01 dnsmasq-dhcp[5882]: read /var/lib/neutron/dhcp/1c868445-7d9f-476a-a366-0f8c997d2c11/host
Jun 22 04:21:13 gtw01 dnsmasq-dhcp[5882]: read /var/lib/neutron/dhcp/1c868445-7d9f-476a-a366-0f8c997d2c11/opts
Jun 22 04:21:13 gtw01 dnsmasq[6225]: read /var/lib/neutron/dhcp/44949589-a603-447f-9f97-aed6ae62ec28/addn_hosts - 5 addresses
Jun 22 04:21:13 gtw01 dnsmasq-dhcp[6225]: read /var/lib/neutron/dhcp/44949589-a603-447f-9f97-aed6ae62ec28/host
Jun 22 04:21:13 gtw01 dnsmasq-dhcp[6225]: read /var/lib/neutron/dhcp/44949589-a603-447f-9f97-aed6ae62ec28/opts
Jun 22 04:21:14 gtw01 kernel: [ 6263.225991] device tapc2d0e765-3b left promiscuous mode
Jun 22 04:21:14 gtw01 kernel: [ 6263.371064] device qr-2c696831-65 left promiscuous mode
Jun 22 04:21:14 gtw01 dnsmasq[6614]: read /var/lib/neutron/dhcp/5fe72e9d-3b82-49ec-b165-ca6edc98f1e8/addn_hosts - 2 addresses
Jun 22 04:21:14 gtw01 dnsmasq-dhcp[6614]: read /var/lib/neutron/dhcp/5fe72e9d-3b82-49ec-b165-ca6edc98f1e8/host
Jun 22 04:21:14 gtw01 dnsmasq-dhcp[6614]: read /var/lib/neutron/dhcp/5fe72e9d-3b82-49ec-b165-ca6edc98f1e8/opts
Jun 22 04:21:15 gtw01 dnsmasq[6225]: read /var/lib/neutron/dhcp/44949589-a603-447f-9f97-aed6ae62ec28/addn_hosts - 5 addresses
Jun 22 04:21:15 gtw01 dnsmasq-dhcp[6225]: read /var/lib/neutron/dhcp/44949589-a603-447f-9f97-aed6ae62ec28/host
Jun 22 04:21:15 gtw01 dnsmasq-dhcp[6225]: read /var/lib/neutron/dhcp/44949589-a603-447f-9f97-aed6ae62ec28/opts
Jun 22 04:21:15 gtw01 systemd-udevd[6953]: Could not generate persistent MAC address for tap17493b9c-66: No such file or directory
Jun 22 04:21:15 gtw01 kernel: [ 6264.116542] device tap17493b9c-66 entered promiscuous mode
Jun 22 04:21:15 gtw01 systemd-udevd[6953]: Process '/sbin/ip link set tap17493b9c-66 txqueuelen 10000' failed with exit code 1.
Jun 22 04:21:15 gtw01 systemd-udevd[6953]: Process '/sbin/ip link set tap17493b9c-66 txqueuelen 10000' failed with exit code 1.
Jun 22 04:21:16 gtw01 kernel: [ 6265.073553] device tapc50a7076-bc left promiscuous mode
Jun 22 04:21:16 gtw01 dnsmasq[6225]: read /var/lib/neutron/dhcp/44949589-a603-447f-9f97-aed6ae62ec28/addn_hosts - 6 addresses
Jun 22 04:21:16 gtw01 dnsmasq-dhcp[6225]: read /var/lib/neutron/dhcp/44949589-a603-447f-9f97-aed6ae62ec28/host
Jun 22 04:21:16 gtw01 dnsmasq-dhcp[6225]: read /var/lib/neutron/dhcp/44949589-a603-447f-9f97-aed6ae62ec28/opts
Jun 22 04:21:17 gtw01 kernel: [ 6266.488102] device tapcaaec12b-67 left promiscuous mode
Jun 22 04:21:18 gtw01 dnsmasq[5882]: read /var/lib/neutron/dhcp/1c868445-7d9f-476a-a366-0f8c997d2c11/addn_hosts - 1 addresses
Jun 22 04:21:18 gtw01 dnsmasq-dhcp[5882]: read /var/lib/neutron/dhcp/1c868445-7d9f-476a-a366-0f8c997d2c11/host
Jun 22 04:21:18 gtw01 dnsmasq-dhcp[5882]: read /var/lib/neutron/dhcp/1c868445-7d9f-476a-a366-0f8c997d2c11/opts
Jun 22 04:21:18 gtw01 dnsmasq[7215]: started, version 2.80 cachesize 150
Jun 22 04:21:18 gtw01 dnsmasq[7215]: DNS service limited to local subnets
Jun 22 04:21:18 gtw01 dnsmasq[7215]: compile time options: IPv6 GNU-getopt DBus i18n IDN DHCP DHCPv6 no-Lua TFTP conntrack ipset auth DNSSEC loop-detect inotify dumpfile
Jun 22 04:21:18 gtw01 dnsmasq[7215]: warning: no upstream servers configured
Jun 22 04:21:18 gtw01 dnsmasq-dhcp[7215]: DHCP, static leases only on 192.168.120.0, lease time 1h
Jun 22 04:21:18 gtw01 dnsmasq[7215]: read /var/lib/neutron/dhcp/1785377f-fa5c-40e1-9a5e-4554f62b3f36/addn_hosts - 1 addresses
Jun 22 04:21:18 gtw01 dnsmasq-dhcp[7215]: read /var/lib/neutron/dhcp/1785377f-fa5c-40e1-9a5e-4554f62b3f36/host
Jun 22 04:21:18 gtw01 dnsmasq-dhcp[7215]: read /var/lib/neutron/dhcp/1785377f-fa5c-40e1-9a5e-4554f62b3f36/opts
Jun 22 04:21:19 gtw01 haproxy-metadata-proxy-1785377f-fa5c-40e1-9a5e-4554f62b3f36[7225]: Proxy listener started.
Jun 22 04:21:19 gtw01 haproxy-metadata-proxy-1c868445-7d9f-476a-a366-0f8c997d2c11[7228]: Proxy listener started.
Jun 22 04:21:19 gtw01 kernel: [ 6268.522009] device tap17493b9c-66 left promiscuous mode
Jun 22 04:21:20 gtw01 kernel: [ 6269.316812] device qr-92c69912-f1 left promiscuous mode
Jun 22 04:21:21 gtw01 kernel: [ 6270.684749] device tapafc554f6-87 left promiscuous mode
Jun 22 04:21:24 gtw01 dnsmasq[5371]: read /var/lib/neutron/dhcp/204fb82e-6f6e-4f9f-88a7-4b5ffe177bff/addn_hosts - 1 addresses
Jun 22 04:21:24 gtw01 dnsmasq-dhcp[5371]: read /var/lib/neutron/dhcp/204fb82e-6f6e-4f9f-88a7-4b5ffe177bff/host
Jun 22 04:21:24 gtw01 dnsmasq-dhcp[5371]: read /var/lib/neutron/dhcp/204fb82e-6f6e-4f9f-88a7-4b5ffe177bff/opts
Jun 22 04:21:25 gtw01 haproxy-metadata-proxy-204fb82e-6f6e-4f9f-88a7-4b5ffe177bff[7369]: Proxy listener started.
Jun 22 04:21:26 gtw01 kernel: [ 6275.185032] device qr-3cc23b6e-46 left promiscuous mode
Jun 22 04:21:27 gtw01 systemd-udevd[7427]: Could not generate persistent MAC address for tapb3f37f38-f9: No such file or directory
Jun 22 04:21:27 gtw01 kernel: [ 6276.091161] device tapb3f37f38-f9 entered promiscuous mode
Jun 22 04:21:27 gtw01 systemd-udevd[7427]: Process '/sbin/ip link set tapb3f37f38-f9 txqueuelen 10000' failed with exit code 1.
Jun 22 04:21:27 gtw01 systemd-udevd[7480]: Process '/sbin/ip link set tapb3f37f38-f9 txqueuelen 10000' failed with exit code 1.
Jun 22 04:21:27 gtw01 kernel: [ 6276.349450] device tapafe7b03c-c4 left promiscuous mode
Jun 22 04:21:30 gtw01 systemd-udevd[7622]: Could not generate persistent MAC address for tap121be627-65: No such file or directory
Jun 22 04:21:30 gtw01 kernel: [ 6279.329624] device tap121be627-65 entered promiscuous mode
Jun 22 04:21:30 gtw01 systemd-udevd[7669]: Process '/sbin/ip link set tap121be627-65 txqueuelen 10000' failed with exit code 1.
Jun 22 04:21:30 gtw01 dnsmasq[7686]: started, version 2.80 cachesize 150
Jun 22 04:21:30 gtw01 dnsmasq[7686]: DNS service limited to local subnets
Jun 22 04:21:30 gtw01 dnsmasq[7686]: compile time options: IPv6 GNU-getopt DBus i18n IDN DHCP DHCPv6 no-Lua TFTP conntrack ipset auth DNSSEC loop-detect inotify dumpfile
Jun 22 04:21:30 gtw01 dnsmasq[7686]: warning: no upstream servers configured
Jun 22 04:21:30 gtw01 dnsmasq-dhcp[7686]: DHCP, static leases only on 192.168.120.0, lease time 1h
Jun 22 04:21:30 gtw01 dnsmasq[7686]: read /var/lib/neutron/dhcp/e2cdec52-6361-4795-a004-cbea1932eb44/addn_hosts - 1 addresses
Jun 22 04:21:30 gtw01 dnsmasq-dhcp[7686]: read /var/lib/neutron/dhcp/e2cdec52-6361-4795-a004-cbea1932eb44/host
Jun 22 04:21:30 gtw01 dnsmasq-dhcp[7686]: read /var/lib/neutron/dhcp/e2cdec52-6361-4795-a004-cbea1932eb44/opts
Jun 22 04:21:30 gtw01 haproxy-metadata-proxy-e2cdec52-6361-4795-a004-cbea1932eb44[7693]: Proxy listener started.
Jun 22 04:21:31 gtw01 dnsmasq[4953]: read /var/lib/neutron/dhcp/2325e5d1-1707-4895-8132-5f723a02b9ed/addn_hosts - 1 addresses
Jun 22 04:21:31 gtw01 dnsmasq-dhcp[4953]: read /var/lib/neutron/dhcp/2325e5d1-1707-4895-8132-5f723a02b9ed/host
Jun 22 04:21:31 gtw01 dnsmasq-dhcp[4953]: read /var/lib/neutron/dhcp/2325e5d1-1707-4895-8132-5f723a02b9ed/opts
Jun 22 04:21:32 gtw01 haproxy-metadata-proxy-2325e5d1-1707-4895-8132-5f723a02b9ed[7755]: Proxy listener started.
Jun 22 04:21:33 gtw01 dnsmasq[7810]: started, version 2.80 cachesize 150
Jun 22 04:21:33 gtw01 dnsmasq[7810]: DNS service limited to local subnets
Jun 22 04:21:33 gtw01 dnsmasq[7810]: compile time options: IPv6 GNU-getopt DBus i18n IDN DHCP DHCPv6 no-Lua TFTP conntrack ipset auth DNSSEC loop-detect inotify dumpfile
Jun 22 04:21:33 gtw01 dnsmasq[7810]: warning: no upstream servers configured
Jun 22 04:21:33 gtw01 dnsmasq-dhcp[7810]: DHCP, static leases only on 192.168.120.0, lease time 1h
Jun 22 04:21:33 gtw01 dnsmasq[7810]: read /var/lib/neutron/dhcp/026543f0-68d7-44a4-94a5-d8dcb330a27a/addn_hosts - 1 addresses
Jun 22 04:21:33 gtw01 dnsmasq-dhcp[7810]: read /var/lib/neutron/dhcp/026543f0-68d7-44a4-94a5-d8dcb330a27a/host
Jun 22 04:21:33 gtw01 dnsmasq-dhcp[7810]: read /var/lib/neutron/dhcp/026543f0-68d7-44a4-94a5-d8dcb330a27a/opts
Jun 22 04:21:34 gtw01 haproxy-metadata-proxy-026543f0-68d7-44a4-94a5-d8dcb330a27a[7820]: Proxy listener started.
Jun 22 04:21:34 gtw01 kernel: [ 6283.489104] device qr-9194e28d-1e left promiscuous mode
Jun 22 04:21:34 gtw01 dnsmasq[7810]: read /var/lib/neutron/dhcp/026543f0-68d7-44a4-94a5-d8dcb330a27a/addn_hosts - 2 addresses
Jun 22 04:21:34 gtw01 dnsmasq-dhcp[7810]: read /var/lib/neutron/dhcp/026543f0-68d7-44a4-94a5-d8dcb330a27a/host
Jun 22 04:21:34 gtw01 dnsmasq-dhcp[7810]: read /var/lib/neutron/dhcp/026543f0-68d7-44a4-94a5-d8dcb330a27a/opts
Jun 22 04:21:35 gtw01 dnsmasq[7887]: started, version 2.80 cachesize 150
Jun 22 04:21:35 gtw01 dnsmasq[7887]: DNS service limited to local subnets
Jun 22 04:21:35 gtw01 dnsmasq[7887]: compile time options: IPv6 GNU-getopt DBus i18n IDN DHCP DHCPv6 no-Lua TFTP conntrack ipset auth DNSSEC loop-detect inotify dumpfile
Jun 22 04:21:35 gtw01 dnsmasq[7887]: warning: no upstream servers configured
Jun 22 04:21:35 gtw01 dnsmasq-dhcp[7887]: DHCP, static leases only on 192.168.120.16, lease time 1h
Jun 22 04:21:35 gtw01 dnsmasq-dhcp[7887]: DHCP, static leases only on 192.168.120.0, lease time 1h
Jun 22 04:21:35 gtw01 dnsmasq[7887]: read /var/lib/neutron/dhcp/e2cdec52-6361-4795-a004-cbea1932eb44/addn_hosts - 4 addresses
Jun 22 04:21:35 gtw01 dnsmasq-dhcp[7887]: read /var/lib/neutron/dhcp/e2cdec52-6361-4795-a004-cbea1932eb44/host
Jun 22 04:21:35 gtw01 dnsmasq-dhcp[7887]: read /var/lib/neutron/dhcp/e2cdec52-6361-4795-a004-cbea1932eb44/opts
Jun 22 04:21:35 gtw01 kernel: [ 6284.702603] device tapc94f29fa-90 left promiscuous mode
Jun 22 04:21:35 gtw01 dnsmasq-dhcp[7887]: DHCPRELEASE(tapb3f37f38-f9) 192.168.120.3 fa:16:3e:5f:84:47
Jun 22 04:21:36 gtw01 dnsmasq[7810]: read /var/lib/neutron/dhcp/026543f0-68d7-44a4-94a5-d8dcb330a27a/addn_hosts - 2 addresses
Jun 22 04:21:36 gtw01 dnsmasq-dhcp[7810]: read /var/lib/neutron/dhcp/026543f0-68d7-44a4-94a5-d8dcb330a27a/host
Jun 22 04:21:36 gtw01 dnsmasq-dhcp[7810]: read /var/lib/neutron/dhcp/026543f0-68d7-44a4-94a5-d8dcb330a27a/opts
Jun 22 04:21:36 gtw01 dnsmasq-dhcp[7887]: DHCPRELEASE(tapb3f37f38-f9) 192.168.120.19 fa:16:3e:79:62:a5 unknown lease
Jun 22 04:21:36 gtw01 dnsmasq-dhcp[7887]: DHCPRELEASE(tapb3f37f38-f9) 192.168.120.18 fa:16:3e:5f:84:47
Jun 22 04:21:36 gtw01 dnsmasq[7810]: read /var/lib/neutron/dhcp/026543f0-68d7-44a4-94a5-d8dcb330a27a/addn_hosts - 2 addresses
Jun 22 04:21:36 gtw01 dnsmasq-dhcp[7810]: read /var/lib/neutron/dhcp/026543f0-68d7-44a4-94a5-d8dcb330a27a/host
Jun 22 04:21:36 gtw01 dnsmasq-dhcp[7810]: read /var/lib/neutron/dhcp/026543f0-68d7-44a4-94a5-d8dcb330a27a/opts
Jun 22 04:21:37 gtw01 dnsmasq-dhcp[7887]: DHCPRELEASE(tapb3f37f38-f9) 192.168.120.19 fa:16:3e:79:62:a5 unknown lease
Jun 22 04:21:37 gtw01 dnsmasq-dhcp[7887]: DHCPRELEASE(tapb3f37f38-f9) 192.168.120.19 fa:16:3e:79:62:a5 unknown lease
Jun 22 04:21:38 gtw01 kernel: [ 6287.036794] device tap121be627-65 left promiscuous mode
Jun 22 04:21:38 gtw01 dnsmasq[7887]: read /var/lib/neutron/dhcp/e2cdec52-6361-4795-a004-cbea1932eb44/addn_hosts - 1 addresses
Jun 22 04:21:38 gtw01 dnsmasq-dhcp[7887]: read /var/lib/neutron/dhcp/e2cdec52-6361-4795-a004-cbea1932eb44/host
Jun 22 04:21:38 gtw01 dnsmasq-dhcp[7887]: read /var/lib/neutron/dhcp/e2cdec52-6361-4795-a004-cbea1932eb44/opts
Jun 22 04:21:39 gtw01 kernel: [ 6288.432935] device tapb3f37f38-f9 left promiscuous mode
Jun 22 04:21:44 gtw01 kernel: [ 6293.516655] device tap300caf2e-d3 entered promiscuous mode
Jun 22 04:21:44 gtw01 systemd-udevd[8211]: Could not generate persistent MAC address for tap300caf2e-d3: No such file or directory
Jun 22 04:21:44 gtw01 systemd-udevd[8259]: Process '/sbin/ip link set tap300caf2e-d3 txqueuelen 10000' failed with exit code 1.
Jun 22 04:21:45 gtw01 haproxy-metadata-proxy-41f199a3-fe75-405f-846d-c9a7d59470ed[8289]: Proxy listener started.
Jun 22 04:21:46 gtw01 systemd-udevd[8369]: Could not generate persistent MAC address for tap11608f9f-4a: No such file or directory
Jun 22 04:21:46 gtw01 kernel: [ 6295.530842] device tap11608f9f-4a entered promiscuous mode
Jun 22 04:21:46 gtw01 systemd-udevd[8417]: Process '/sbin/ip link set tap11608f9f-4a txqueuelen 10000' failed with exit code 1.
Jun 22 04:21:47 gtw01 dnsmasq[8483]: started, version 2.80 cachesize 150
Jun 22 04:21:47 gtw01 dnsmasq[8483]: DNS service limited to local subnets
Jun 22 04:21:47 gtw01 dnsmasq[8483]: compile time options: IPv6 GNU-getopt DBus i18n IDN DHCP DHCPv6 no-Lua TFTP conntrack ipset auth DNSSEC loop-detect inotify dumpfile
Jun 22 04:21:47 gtw01 dnsmasq[8483]: warning: no upstream servers configured
Jun 22 04:21:47 gtw01 dnsmasq-dhcp[8483]: DHCP, static leases only on 192.168.120.0, lease time 1h
Jun 22 04:21:47 gtw01 dnsmasq[8483]: read /var/lib/neutron/dhcp/24b2b7fc-ec6a-47d6-be32-ea121e76c5f8/addn_hosts - 1 addresses
Jun 22 04:21:47 gtw01 dnsmasq-dhcp[8483]: read /var/lib/neutron/dhcp/24b2b7fc-ec6a-47d6-be32-ea121e76c5f8/host
Jun 22 04:21:47 gtw01 dnsmasq-dhcp[8483]: read /var/lib/neutron/dhcp/24b2b7fc-ec6a-47d6-be32-ea121e76c5f8/opts
Jun 22 04:21:48 gtw01 haproxy-metadata-proxy-24b2b7fc-ec6a-47d6-be32-ea121e76c5f8[8493]: Proxy listener started.
Jun 22 04:21:49 gtw01 kernel: [ 6297.913328] device tap300caf2e-d3 left promiscuous mode
Jun 22 04:21:50 gtw01 dnsmasq[8571]: started, version 2.80 cachesize 150
Jun 22 04:21:50 gtw01 dnsmasq[8571]: DNS service limited to local subnets
Jun 22 04:21:50 gtw01 dnsmasq[8571]: compile time options: IPv6 GNU-getopt DBus i18n IDN DHCP DHCPv6 no-Lua TFTP conntrack ipset auth DNSSEC loop-detect inotify dumpfile
Jun 22 04:21:50 gtw01 dnsmasq[8571]: warning: no upstream servers configured
Jun 22 04:21:50 gtw01 dnsmasq-dhcp[8571]: DHCP, static leases only on 192.168.120.0, lease time 1h
Jun 22 04:21:50 gtw01 dnsmasq[8571]: read /var/lib/neutron/dhcp/5ff9bd98-e33f-4499-9984-c2de4d6ef03e/addn_hosts - 1 addresses
Jun 22 04:21:50 gtw01 dnsmasq-dhcp[8571]: read /var/lib/neutron/dhcp/5ff9bd98-e33f-4499-9984-c2de4d6ef03e/host
Jun 22 04:21:50 gtw01 dnsmasq-dhcp[8571]: read /var/lib/neutron/dhcp/5ff9bd98-e33f-4499-9984-c2de4d6ef03e/opts
Jun 22 04:21:50 gtw01 haproxy-metadata-proxy-5ff9bd98-e33f-4499-9984-c2de4d6ef03e[8577]: Proxy listener started.
Jun 22 04:21:51 gtw01 dnsmasq[8571]: read /var/lib/neutron/dhcp/5ff9bd98-e33f-4499-9984-c2de4d6ef03e/addn_hosts - 3 addresses
Jun 22 04:21:51 gtw01 dnsmasq-dhcp[8571]: read /var/lib/neutron/dhcp/5ff9bd98-e33f-4499-9984-c2de4d6ef03e/host
Jun 22 04:21:51 gtw01 dnsmasq-dhcp[8571]: read /var/lib/neutron/dhcp/5ff9bd98-e33f-4499-9984-c2de4d6ef03e/opts
Jun 22 04:21:52 gtw01 dnsmasq[8571]: read /var/lib/neutron/dhcp/5ff9bd98-e33f-4499-9984-c2de4d6ef03e/addn_hosts - 3 addresses
Jun 22 04:21:52 gtw01 dnsmasq-dhcp[8571]: read /var/lib/neutron/dhcp/5ff9bd98-e33f-4499-9984-c2de4d6ef03e/host
Jun 22 04:21:52 gtw01 dnsmasq-dhcp[8571]: read /var/lib/neutron/dhcp/5ff9bd98-e33f-4499-9984-c2de4d6ef03e/opts
Jun 22 04:21:52 gtw01 systemd-udevd[8640]: Could not generate persistent MAC address for tapa54871a0-15: No such file or directory
Jun 22 04:21:52 gtw01 kernel: [ 6301.494736] device tapa54871a0-15 entered promiscuous mode
Jun 22 04:21:52 gtw01 systemd-udevd[8687]: Process '/sbin/ip link set tapa54871a0-15 txqueuelen 10000' failed with exit code 1.
Jun 22 04:21:53 gtw01 dnsmasq[8571]: read /var/lib/neutron/dhcp/5ff9bd98-e33f-4499-9984-c2de4d6ef03e/addn_hosts - 3 addresses
Jun 22 04:21:53 gtw01 dnsmasq-dhcp[8571]: read /var/lib/neutron/dhcp/5ff9bd98-e33f-4499-9984-c2de4d6ef03e/host
Jun 22 04:21:53 gtw01 dnsmasq-dhcp[8571]: read /var/lib/neutron/dhcp/5ff9bd98-e33f-4499-9984-c2de4d6ef03e/opts
Jun 22 04:21:54 gtw01 dnsmasq[8571]: read /var/lib/neutron/dhcp/5ff9bd98-e33f-4499-9984-c2de4d6ef03e/addn_hosts - 3 addresses
Jun 22 04:21:54 gtw01 dnsmasq-dhcp[8571]: read /var/lib/neutron/dhcp/5ff9bd98-e33f-4499-9984-c2de4d6ef03e/host
Jun 22 04:21:54 gtw01 dnsmasq-dhcp[8571]: read /var/lib/neutron/dhcp/5ff9bd98-e33f-4499-9984-c2de4d6ef03e/opts
Jun 22 04:21:55 gtw01 dnsmasq[8571]: read /var/lib/neutron/dhcp/5ff9bd98-e33f-4499-9984-c2de4d6ef03e/addn_hosts - 3 addresses
Jun 22 04:21:55 gtw01 dnsmasq-dhcp[8571]: read /var/lib/neutron/dhcp/5ff9bd98-e33f-4499-9984-c2de4d6ef03e/host
Jun 22 04:21:55 gtw01 dnsmasq-dhcp[8571]: read /var/lib/neutron/dhcp/5ff9bd98-e33f-4499-9984-c2de4d6ef03e/opts
Jun 22 04:21:56 gtw01 dnsmasq[8571]: read /var/lib/neutron/dhcp/5ff9bd98-e33f-4499-9984-c2de4d6ef03e/addn_hosts - 3 addresses
Jun 22 04:21:56 gtw01 dnsmasq-dhcp[8571]: read /var/lib/neutron/dhcp/5ff9bd98-e33f-4499-9984-c2de4d6ef03e/host
Jun 22 04:21:56 gtw01 dnsmasq-dhcp[8571]: read /var/lib/neutron/dhcp/5ff9bd98-e33f-4499-9984-c2de4d6ef03e/opts
Jun 22 04:21:56 gtw01 dnsmasq[8841]: started, version 2.80 cachesize 150
Jun 22 04:21:56 gtw01 dnsmasq[8841]: DNS service limited to local subnets
Jun 22 04:21:56 gtw01 dnsmasq[8841]: compile time options: IPv6 GNU-getopt DBus i18n IDN DHCP DHCPv6 no-Lua TFTP conntrack ipset auth DNSSEC loop-detect inotify dumpfile
Jun 22 04:21:56 gtw01 dnsmasq[8841]: warning: no upstream servers configured
Jun 22 04:21:56 gtw01 dnsmasq-dhcp[8841]: DHCP, static leases only on 192.168.120.0, lease time 1h
Jun 22 04:21:56 gtw01 dnsmasq[8841]: read /var/lib/neutron/dhcp/9c56a17c-f255-41c1-8607-f09971cf25d6/addn_hosts - 1 addresses
Jun 22 04:21:56 gtw01 dnsmasq-dhcp[8841]: read /var/lib/neutron/dhcp/9c56a17c-f255-41c1-8607-f09971cf25d6/host
Jun 22 04:21:56 gtw01 dnsmasq-dhcp[8841]: read /var/lib/neutron/dhcp/9c56a17c-f255-41c1-8607-f09971cf25d6/opts
Jun 22 04:21:56 gtw01 haproxy-metadata-proxy-9c56a17c-f255-41c1-8607-f09971cf25d6[8849]: Proxy listener started.
Jun 22 04:21:57 gtw01 kernel: [ 6305.965527] device tapa54871a0-15 left promiscuous mode
Jun 22 04:21:57 gtw01 dnsmasq[8571]: read /var/lib/neutron/dhcp/5ff9bd98-e33f-4499-9984-c2de4d6ef03e/addn_hosts - 2 addresses
Jun 22 04:21:57 gtw01 dnsmasq-dhcp[8571]: read /var/lib/neutron/dhcp/5ff9bd98-e33f-4499-9984-c2de4d6ef03e/host
Jun 22 04:21:57 gtw01 dnsmasq-dhcp[8571]: read /var/lib/neutron/dhcp/5ff9bd98-e33f-4499-9984-c2de4d6ef03e/opts
Jun 22 04:21:58 gtw01 dnsmasq[8571]: read /var/lib/neutron/dhcp/5ff9bd98-e33f-4499-9984-c2de4d6ef03e/addn_hosts - 1 addresses
Jun 22 04:21:58 gtw01 dnsmasq-dhcp[8571]: read /var/lib/neutron/dhcp/5ff9bd98-e33f-4499-9984-c2de4d6ef03e/host
Jun 22 04:21:58 gtw01 dnsmasq-dhcp[8571]: read /var/lib/neutron/dhcp/5ff9bd98-e33f-4499-9984-c2de4d6ef03e/opts
Jun 22 04:21:58 gtw01 haproxy-metadata-proxy-5ff9bd98-e33f-4499-9984-c2de4d6ef03e[8923]: Proxy listener started.
Jun 22 04:22:00 gtw01 kernel: [ 6309.216872] device tap11608f9f-4a left promiscuous mode
Jun 22 04:22:01 gtw01 systemd-udevd[8974]: Could not generate persistent MAC address for tapa052bf2d-e7: No such file or directory
Jun 22 04:22:01 gtw01 kernel: [ 6310.496336] device tapa052bf2d-e7 entered promiscuous mode
Jun 22 04:22:01 gtw01 systemd-udevd[8974]: Process '/sbin/ip link set tapa052bf2d-e7 txqueuelen 10000' failed with exit code 1.
Jun 22 04:22:01 gtw01 systemd-udevd[8974]: Process '/sbin/ip link set tapa052bf2d-e7 txqueuelen 10000' failed with exit code 1.
Jun 22 04:22:04 gtw01 dnsmasq[9115]: started, version 2.80 cachesize 150
Jun 22 04:22:04 gtw01 dnsmasq[9115]: DNS service limited to local subnets
Jun 22 04:22:04 gtw01 dnsmasq[9115]: compile time options: IPv6 GNU-getopt DBus i18n IDN DHCP DHCPv6 no-Lua TFTP conntrack ipset auth DNSSEC loop-detect inotify dumpfile
Jun 22 04:22:04 gtw01 dnsmasq[9115]: warning: no upstream servers configured
Jun 22 04:22:04 gtw01 dnsmasq-dhcp[9115]: DHCP, static leases only on 192.168.120.0, lease time 1h
Jun 22 04:22:04 gtw01 dnsmasq[9115]: read /var/lib/neutron/dhcp/ab4fcaa3-a5e9-4854-8fb8-667dc01765b2/addn_hosts - 1 addresses
Jun 22 04:22:04 gtw01 dnsmasq-dhcp[9115]: read /var/lib/neutron/dhcp/ab4fcaa3-a5e9-4854-8fb8-667dc01765b2/host
Jun 22 04:22:04 gtw01 dnsmasq-dhcp[9115]: read /var/lib/neutron/dhcp/ab4fcaa3-a5e9-4854-8fb8-667dc01765b2/opts
Jun 22 04:22:05 gtw01 haproxy-metadata-proxy-ab4fcaa3-a5e9-4854-8fb8-667dc01765b2[9119]: Proxy listener started.
Jun 22 04:22:05 gtw01 dnsmasq[9115]: read /var/lib/neutron/dhcp/ab4fcaa3-a5e9-4854-8fb8-667dc01765b2/addn_hosts - 1 addresses
