Jun 22 03:52:15 gtw01 dnsmasq[30589]: read /var/lib/neutron/dhcp/559c3f1f-1e67-409d-b466-3baebff6b952/addn_hosts - 4 addresses
Jun 22 03:52:15 gtw01 dnsmasq-dhcp[30589]: read /var/lib/neutron/dhcp/559c3f1f-1e67-409d-b466-3baebff6b952/host
Jun 22 03:52:15 gtw01 dnsmasq-dhcp[30589]: read /var/lib/neutron/dhcp/559c3f1f-1e67-409d-b466-3baebff6b952/opts
Jun 22 03:52:16 gtw01 haproxy-metadata-proxy-51363818-ef78-4ee1-aaf3-7a737e1a0748[31082]: Proxy listener started.
Jun 22 03:52:16 gtw01 dnsmasq[30589]: read /var/lib/neutron/dhcp/559c3f1f-1e67-409d-b466-3baebff6b952/addn_hosts - 4 addresses
Jun 22 03:52:16 gtw01 dnsmasq-dhcp[30589]: read /var/lib/neutron/dhcp/559c3f1f-1e67-409d-b466-3baebff6b952/host
Jun 22 03:52:16 gtw01 dnsmasq-dhcp[30589]: read /var/lib/neutron/dhcp/559c3f1f-1e67-409d-b466-3baebff6b952/opts
Jun 22 03:52:17 gtw01 kernel: [ 4526.189207] device qr-9f4c6f11-82 left promiscuous mode
Jun 22 03:52:17 gtw01 dnsmasq[30589]: read /var/lib/neutron/dhcp/559c3f1f-1e67-409d-b466-3baebff6b952/addn_hosts - 4 addresses
Jun 22 03:52:17 gtw01 dnsmasq-dhcp[30589]: read /var/lib/neutron/dhcp/559c3f1f-1e67-409d-b466-3baebff6b952/host
Jun 22 03:52:17 gtw01 dnsmasq-dhcp[30589]: read /var/lib/neutron/dhcp/559c3f1f-1e67-409d-b466-3baebff6b952/opts
Jun 22 03:52:18 gtw01 kernel: [ 4527.356224] device tapce29d8e8-ec left promiscuous mode
Jun 22 03:52:19 gtw01 dnsmasq[30589]: read /var/lib/neutron/dhcp/559c3f1f-1e67-409d-b466-3baebff6b952/addn_hosts - 3 addresses
Jun 22 03:52:19 gtw01 dnsmasq-dhcp[30589]: read /var/lib/neutron/dhcp/559c3f1f-1e67-409d-b466-3baebff6b952/host
Jun 22 03:52:19 gtw01 dnsmasq-dhcp[30589]: read /var/lib/neutron/dhcp/559c3f1f-1e67-409d-b466-3baebff6b952/opts
Jun 22 03:52:20 gtw01 dnsmasq-dhcp[25803]: DHCPDISCOVER(tap91292c01-be) fa:16:3e:11:a2:4e
Jun 22 03:52:20 gtw01 dnsmasq-dhcp[25803]: DHCPOFFER(tap91292c01-be) 192.168.120.6 fa:16:3e:11:a2:4e
Jun 22 03:52:20 gtw01 dnsmasq-dhcp[25803]: DHCPREQUEST(tap91292c01-be) 192.168.120.6 fa:16:3e:11:a2:4e
Jun 22 03:52:20 gtw01 dnsmasq-dhcp[25803]: DHCPACK(tap91292c01-be) 192.168.120.6 fa:16:3e:11:a2:4e host-192-168-120-6
Jun 22 03:52:21 gtw01 dnsmasq[29480]: read /var/lib/neutron/dhcp/5ae7948a-5244-4d7c-9fa2-7b0467ca9902/addn_hosts - 1 addresses
Jun 22 03:52:21 gtw01 dnsmasq-dhcp[29480]: read /var/lib/neutron/dhcp/5ae7948a-5244-4d7c-9fa2-7b0467ca9902/host
Jun 22 03:52:21 gtw01 dnsmasq-dhcp[29480]: read /var/lib/neutron/dhcp/5ae7948a-5244-4d7c-9fa2-7b0467ca9902/opts
Jun 22 03:52:21 gtw01 dnsmasq[30589]: read /var/lib/neutron/dhcp/559c3f1f-1e67-409d-b466-3baebff6b952/addn_hosts - 2 addresses
Jun 22 03:52:21 gtw01 dnsmasq-dhcp[30589]: read /var/lib/neutron/dhcp/559c3f1f-1e67-409d-b466-3baebff6b952/host
Jun 22 03:52:21 gtw01 dnsmasq-dhcp[30589]: read /var/lib/neutron/dhcp/559c3f1f-1e67-409d-b466-3baebff6b952/opts
Jun 22 03:52:22 gtw01 haproxy-metadata-proxy-5ae7948a-5244-4d7c-9fa2-7b0467ca9902[31261]: Proxy listener started.
Jun 22 03:52:23 gtw01 kernel: [ 4532.338913] device qr-e8ad3cc3-9c left promiscuous mode
Jun 22 03:52:29 gtw01 kernel: [ 4538.467926] device tapddce36d6-ee left promiscuous mode
Jun 22 03:52:32 gtw01 dnsmasq[28976]: read /var/lib/neutron/dhcp/2eccda5f-d576-46db-a17b-18844c12b80c/addn_hosts - 1 addresses
Jun 22 03:52:32 gtw01 dnsmasq-dhcp[28976]: read /var/lib/neutron/dhcp/2eccda5f-d576-46db-a17b-18844c12b80c/host
Jun 22 03:52:32 gtw01 dnsmasq-dhcp[28976]: read /var/lib/neutron/dhcp/2eccda5f-d576-46db-a17b-18844c12b80c/opts
Jun 22 03:52:33 gtw01 haproxy-metadata-proxy-2eccda5f-d576-46db-a17b-18844c12b80c[31380]: Proxy listener started.
Jun 22 03:52:34 gtw01 kernel: [ 4543.396266] device qr-dc9d87b7-91 left promiscuous mode
Jun 22 03:52:35 gtw01 dnsmasq-dhcp[25803]: DHCPRELEASE(tap91292c01-be) 192.168.120.6 fa:16:3e:11:a2:4e
Jun 22 03:52:36 gtw01 kernel: [ 4545.126488] device tap88e2dd6d-29 left promiscuous mode
Jun 22 03:52:37 gtw01 dnsmasq[30589]: read /var/lib/neutron/dhcp/559c3f1f-1e67-409d-b466-3baebff6b952/addn_hosts - 1 addresses
Jun 22 03:52:37 gtw01 dnsmasq-dhcp[30589]: read /var/lib/neutron/dhcp/559c3f1f-1e67-409d-b466-3baebff6b952/host
Jun 22 03:52:37 gtw01 dnsmasq-dhcp[30589]: read /var/lib/neutron/dhcp/559c3f1f-1e67-409d-b466-3baebff6b952/opts
Jun 22 03:52:40 gtw01 kernel: [ 4549.566441] device tapf6255ebf-b4 left promiscuous mode
Jun 22 03:52:45 gtw01 haproxy-metadata-proxy-f65af216-803c-4fbd-bc60-9e84e79673ac[31610]: Proxy listener started.
Jun 22 03:52:48 gtw01 dnsmasq[23668]: read /var/lib/neutron/dhcp/0c33eb02-9712-4a4f-b13f-3c1479e5c4df/addn_hosts - 3 addresses
Jun 22 03:52:48 gtw01 dnsmasq-dhcp[23668]: read /var/lib/neutron/dhcp/0c33eb02-9712-4a4f-b13f-3c1479e5c4df/host
Jun 22 03:52:48 gtw01 dnsmasq-dhcp[23668]: read /var/lib/neutron/dhcp/0c33eb02-9712-4a4f-b13f-3c1479e5c4df/opts
Jun 22 03:52:49 gtw01 dnsmasq[23668]: read /var/lib/neutron/dhcp/0c33eb02-9712-4a4f-b13f-3c1479e5c4df/addn_hosts - 3 addresses
Jun 22 03:52:49 gtw01 dnsmasq-dhcp[23668]: read /var/lib/neutron/dhcp/0c33eb02-9712-4a4f-b13f-3c1479e5c4df/host
Jun 22 03:52:49 gtw01 dnsmasq-dhcp[23668]: read /var/lib/neutron/dhcp/0c33eb02-9712-4a4f-b13f-3c1479e5c4df/opts
Jun 22 03:52:50 gtw01 dnsmasq[23668]: read /var/lib/neutron/dhcp/0c33eb02-9712-4a4f-b13f-3c1479e5c4df/addn_hosts - 3 addresses
Jun 22 03:52:50 gtw01 dnsmasq-dhcp[23668]: read /var/lib/neutron/dhcp/0c33eb02-9712-4a4f-b13f-3c1479e5c4df/host
Jun 22 03:52:50 gtw01 dnsmasq-dhcp[23668]: read /var/lib/neutron/dhcp/0c33eb02-9712-4a4f-b13f-3c1479e5c4df/opts
Jun 22 03:52:51 gtw01 dnsmasq-dhcp[25803]: DHCPDISCOVER(tap91292c01-be) fa:16:3e:11:a2:4e
Jun 22 03:52:51 gtw01 dnsmasq-dhcp[25803]: DHCPOFFER(tap91292c01-be) 192.168.120.6 fa:16:3e:11:a2:4e
Jun 22 03:52:51 gtw01 dnsmasq-dhcp[25803]: DHCPREQUEST(tap91292c01-be) 192.168.120.6 fa:16:3e:11:a2:4e
Jun 22 03:52:51 gtw01 dnsmasq-dhcp[25803]: DHCPACK(tap91292c01-be) 192.168.120.6 fa:16:3e:11:a2:4e host-192-168-120-6
Jun 22 03:53:01 gtw01 dnsmasq-dhcp[23668]: DHCPDISCOVER(tap170d2953-31) fa:16:3e:3d:4d:74
Jun 22 03:53:01 gtw01 dnsmasq-dhcp[23668]: DHCPOFFER(tap170d2953-31) 192.168.120.4 fa:16:3e:3d:4d:74
Jun 22 03:53:01 gtw01 dnsmasq-dhcp[23668]: DHCPREQUEST(tap170d2953-31) 192.168.120.4 fa:16:3e:3d:4d:74
Jun 22 03:53:01 gtw01 dnsmasq-dhcp[23668]: DHCPACK(tap170d2953-31) 192.168.120.4 fa:16:3e:3d:4d:74 host-192-168-120-4
Jun 22 03:53:03 gtw01 dnsmasq-dhcp[25803]: DHCPRELEASE(tap91292c01-be) 192.168.120.6 fa:16:3e:11:a2:4e
Jun 22 03:53:13 gtw01 dnsmasq[25803]: read /var/lib/neutron/dhcp/64780689-ae3a-4228-bed1-4260e906f90e/addn_hosts - 2 addresses
Jun 22 03:53:13 gtw01 dnsmasq-dhcp[25803]: read /var/lib/neutron/dhcp/64780689-ae3a-4228-bed1-4260e906f90e/host
Jun 22 03:53:13 gtw01 dnsmasq-dhcp[25803]: read /var/lib/neutron/dhcp/64780689-ae3a-4228-bed1-4260e906f90e/opts
Jun 22 03:53:14 gtw01 dnsmasq-dhcp[23668]: DHCPRELEASE(tap170d2953-31) 192.168.120.4 fa:16:3e:3d:4d:74
Jun 22 03:53:14 gtw01 dnsmasq-dhcp[23668]: DHCPRELEASE(tap170d2953-31) 192.168.120.4 fa:16:3e:3d:4d:74 unknown lease
Jun 22 03:53:15 gtw01 dnsmasq[23668]: read /var/lib/neutron/dhcp/0c33eb02-9712-4a4f-b13f-3c1479e5c4df/addn_hosts - 2 addresses
Jun 22 03:53:15 gtw01 dnsmasq-dhcp[23668]: read /var/lib/neutron/dhcp/0c33eb02-9712-4a4f-b13f-3c1479e5c4df/host
Jun 22 03:53:15 gtw01 dnsmasq-dhcp[23668]: read /var/lib/neutron/dhcp/0c33eb02-9712-4a4f-b13f-3c1479e5c4df/opts
Jun 22 03:53:17 gtw01 dnsmasq[25803]: read /var/lib/neutron/dhcp/64780689-ae3a-4228-bed1-4260e906f90e/addn_hosts - 1 addresses
Jun 22 03:53:17 gtw01 dnsmasq-dhcp[25803]: read /var/lib/neutron/dhcp/64780689-ae3a-4228-bed1-4260e906f90e/host
Jun 22 03:53:17 gtw01 dnsmasq-dhcp[25803]: read /var/lib/neutron/dhcp/64780689-ae3a-4228-bed1-4260e906f90e/opts
Jun 22 03:53:18 gtw01 haproxy-metadata-proxy-64780689-ae3a-4228-bed1-4260e906f90e[31793]: Proxy listener started.
Jun 22 03:53:19 gtw01 kernel: [ 4587.973012] device qr-2b7cc83d-95 left promiscuous mode
Jun 22 03:53:19 gtw01 kernel: [ 4588.701479] device qg-34aaa063-cf left promiscuous mode
Jun 22 03:53:21 gtw01 kernel: [ 4590.551201] device tap91292c01-be left promiscuous mode
Jun 22 03:53:26 gtw01 kernel: [ 4595.109505] device tap0bbe1d74-4f entered promiscuous mode
Jun 22 03:53:26 gtw01 systemd-udevd[31933]: Could not generate persistent MAC address for tap0bbe1d74-4f: No such file or directory
Jun 22 03:53:26 gtw01 systemd-udevd[31978]: Process '/sbin/ip link set tap0bbe1d74-4f txqueuelen 10000' failed with exit code 1.
Jun 22 03:53:29 gtw01 kernel: [ 4598.034101] device qr-01f83401-e2 entered promiscuous mode
Jun 22 03:53:29 gtw01 systemd-udevd[32078]: Could not generate persistent MAC address for qr-01f83401-e2: No such file or directory
Jun 22 03:53:29 gtw01 dnsmasq[32146]: started, version 2.80 cachesize 150
Jun 22 03:53:29 gtw01 dnsmasq[32146]: DNS service limited to local subnets
Jun 22 03:53:29 gtw01 dnsmasq[32146]: compile time options: IPv6 GNU-getopt DBus i18n IDN DHCP DHCPv6 no-Lua TFTP conntrack ipset auth DNSSEC loop-detect inotify dumpfile
Jun 22 03:53:29 gtw01 dnsmasq[32146]: warning: no upstream servers configured
Jun 22 03:53:29 gtw01 dnsmasq-dhcp[32146]: DHCP, static leases only on 192.168.120.0, lease time 1h
Jun 22 03:53:29 gtw01 dnsmasq[32146]: read /var/lib/neutron/dhcp/47ddda5b-4e43-4ba5-8a1c-e6b3a6bcfaf3/addn_hosts - 1 addresses
Jun 22 03:53:29 gtw01 dnsmasq-dhcp[32146]: read /var/lib/neutron/dhcp/47ddda5b-4e43-4ba5-8a1c-e6b3a6bcfaf3/host
Jun 22 03:53:29 gtw01 dnsmasq-dhcp[32146]: read /var/lib/neutron/dhcp/47ddda5b-4e43-4ba5-8a1c-e6b3a6bcfaf3/opts
Jun 22 03:53:29 gtw01 haproxy-metadata-proxy-47ddda5b-4e43-4ba5-8a1c-e6b3a6bcfaf3[32153]: Proxy listener started.
Jun 22 03:53:30 gtw01 kernel: [ 4599.115270] device qg-c4b58bd4-de entered promiscuous mode
Jun 22 03:53:30 gtw01 systemd-udevd[32176]: Could not generate persistent MAC address for qg-c4b58bd4-de: No such file or directory
Jun 22 03:53:30 gtw01 dnsmasq[32146]: read /var/lib/neutron/dhcp/47ddda5b-4e43-4ba5-8a1c-e6b3a6bcfaf3/addn_hosts - 2 addresses
Jun 22 03:53:30 gtw01 dnsmasq-dhcp[32146]: read /var/lib/neutron/dhcp/47ddda5b-4e43-4ba5-8a1c-e6b3a6bcfaf3/host
Jun 22 03:53:30 gtw01 dnsmasq-dhcp[32146]: read /var/lib/neutron/dhcp/47ddda5b-4e43-4ba5-8a1c-e6b3a6bcfaf3/opts
Jun 22 03:53:31 gtw01 dnsmasq[32146]: read /var/lib/neutron/dhcp/47ddda5b-4e43-4ba5-8a1c-e6b3a6bcfaf3/addn_hosts - 2 addresses
Jun 22 03:53:31 gtw01 dnsmasq-dhcp[32146]: read /var/lib/neutron/dhcp/47ddda5b-4e43-4ba5-8a1c-e6b3a6bcfaf3/host
Jun 22 03:53:31 gtw01 dnsmasq-dhcp[32146]: read /var/lib/neutron/dhcp/47ddda5b-4e43-4ba5-8a1c-e6b3a6bcfaf3/opts
Jun 22 03:53:31 gtw01 dnsmasq[23668]: read /var/lib/neutron/dhcp/0c33eb02-9712-4a4f-b13f-3c1479e5c4df/addn_hosts - 3 addresses
Jun 22 03:53:31 gtw01 dnsmasq-dhcp[23668]: read /var/lib/neutron/dhcp/0c33eb02-9712-4a4f-b13f-3c1479e5c4df/host
Jun 22 03:53:31 gtw01 dnsmasq-dhcp[23668]: read /var/lib/neutron/dhcp/0c33eb02-9712-4a4f-b13f-3c1479e5c4df/opts
Jun 22 03:53:32 gtw01 dnsmasq[32146]: read /var/lib/neutron/dhcp/47ddda5b-4e43-4ba5-8a1c-e6b3a6bcfaf3/addn_hosts - 2 addresses
Jun 22 03:53:32 gtw01 dnsmasq-dhcp[32146]: read /var/lib/neutron/dhcp/47ddda5b-4e43-4ba5-8a1c-e6b3a6bcfaf3/host
Jun 22 03:53:32 gtw01 dnsmasq-dhcp[32146]: read /var/lib/neutron/dhcp/47ddda5b-4e43-4ba5-8a1c-e6b3a6bcfaf3/opts
Jun 22 03:53:33 gtw01 dnsmasq[23668]: read /var/lib/neutron/dhcp/0c33eb02-9712-4a4f-b13f-3c1479e5c4df/addn_hosts - 3 addresses
Jun 22 03:53:33 gtw01 dnsmasq-dhcp[23668]: read /var/lib/neutron/dhcp/0c33eb02-9712-4a4f-b13f-3c1479e5c4df/host
Jun 22 03:53:33 gtw01 dnsmasq-dhcp[23668]: read /var/lib/neutron/dhcp/0c33eb02-9712-4a4f-b13f-3c1479e5c4df/opts
Jun 22 03:53:33 gtw01 dnsmasq[32146]: read /var/lib/neutron/dhcp/47ddda5b-4e43-4ba5-8a1c-e6b3a6bcfaf3/addn_hosts - 2 addresses
Jun 22 03:53:33 gtw01 dnsmasq-dhcp[32146]: read /var/lib/neutron/dhcp/47ddda5b-4e43-4ba5-8a1c-e6b3a6bcfaf3/host
Jun 22 03:53:33 gtw01 dnsmasq-dhcp[32146]: read /var/lib/neutron/dhcp/47ddda5b-4e43-4ba5-8a1c-e6b3a6bcfaf3/opts
Jun 22 03:53:34 gtw01 dnsmasq[23668]: read /var/lib/neutron/dhcp/0c33eb02-9712-4a4f-b13f-3c1479e5c4df/addn_hosts - 3 addresses
Jun 22 03:53:34 gtw01 dnsmasq-dhcp[23668]: read /var/lib/neutron/dhcp/0c33eb02-9712-4a4f-b13f-3c1479e5c4df/host
Jun 22 03:53:34 gtw01 dnsmasq-dhcp[23668]: read /var/lib/neutron/dhcp/0c33eb02-9712-4a4f-b13f-3c1479e5c4df/opts
Jun 22 03:53:34 gtw01 dnsmasq[32146]: read /var/lib/neutron/dhcp/47ddda5b-4e43-4ba5-8a1c-e6b3a6bcfaf3/addn_hosts - 2 addresses
Jun 22 03:53:34 gtw01 dnsmasq-dhcp[32146]: read /var/lib/neutron/dhcp/47ddda5b-4e43-4ba5-8a1c-e6b3a6bcfaf3/host
Jun 22 03:53:34 gtw01 dnsmasq-dhcp[32146]: read /var/lib/neutron/dhcp/47ddda5b-4e43-4ba5-8a1c-e6b3a6bcfaf3/opts
Jun 22 03:53:36 gtw01 dnsmasq[32146]: read /var/lib/neutron/dhcp/47ddda5b-4e43-4ba5-8a1c-e6b3a6bcfaf3/addn_hosts - 3 addresses
Jun 22 03:53:36 gtw01 dnsmasq-dhcp[32146]: read /var/lib/neutron/dhcp/47ddda5b-4e43-4ba5-8a1c-e6b3a6bcfaf3/host
Jun 22 03:53:36 gtw01 dnsmasq-dhcp[32146]: read /var/lib/neutron/dhcp/47ddda5b-4e43-4ba5-8a1c-e6b3a6bcfaf3/opts
Jun 22 03:53:36 gtw01 haproxy-metadata-proxy-a3175de0-d488-4e57-bc74-046533bec46f[32529]: Proxy listener started.
Jun 22 03:53:37 gtw01 dnsmasq[32146]: read /var/lib/neutron/dhcp/47ddda5b-4e43-4ba5-8a1c-e6b3a6bcfaf3/addn_hosts - 3 addresses
Jun 22 03:53:37 gtw01 dnsmasq-dhcp[32146]: read /var/lib/neutron/dhcp/47ddda5b-4e43-4ba5-8a1c-e6b3a6bcfaf3/host
Jun 22 03:53:37 gtw01 dnsmasq-dhcp[32146]: read /var/lib/neutron/dhcp/47ddda5b-4e43-4ba5-8a1c-e6b3a6bcfaf3/opts
Jun 22 03:53:38 gtw01 dnsmasq[32146]: read /var/lib/neutron/dhcp/47ddda5b-4e43-4ba5-8a1c-e6b3a6bcfaf3/addn_hosts - 3 addresses
Jun 22 03:53:38 gtw01 dnsmasq-dhcp[32146]: read /var/lib/neutron/dhcp/47ddda5b-4e43-4ba5-8a1c-e6b3a6bcfaf3/host
Jun 22 03:53:38 gtw01 dnsmasq-dhcp[32146]: read /var/lib/neutron/dhcp/47ddda5b-4e43-4ba5-8a1c-e6b3a6bcfaf3/opts
Jun 22 03:53:39 gtw01 dnsmasq[32146]: read /var/lib/neutron/dhcp/47ddda5b-4e43-4ba5-8a1c-e6b3a6bcfaf3/addn_hosts - 3 addresses
Jun 22 03:53:39 gtw01 dnsmasq-dhcp[32146]: read /var/lib/neutron/dhcp/47ddda5b-4e43-4ba5-8a1c-e6b3a6bcfaf3/host
Jun 22 03:53:39 gtw01 dnsmasq-dhcp[32146]: read /var/lib/neutron/dhcp/47ddda5b-4e43-4ba5-8a1c-e6b3a6bcfaf3/opts
Jun 22 03:53:39 gtw01 dnsmasq[23668]: read /var/lib/neutron/dhcp/0c33eb02-9712-4a4f-b13f-3c1479e5c4df/addn_hosts - 2 addresses
Jun 22 03:53:39 gtw01 dnsmasq-dhcp[23668]: read /var/lib/neutron/dhcp/0c33eb02-9712-4a4f-b13f-3c1479e5c4df/host
Jun 22 03:53:39 gtw01 dnsmasq-dhcp[23668]: read /var/lib/neutron/dhcp/0c33eb02-9712-4a4f-b13f-3c1479e5c4df/opts
Jun 22 03:53:40 gtw01 dnsmasq[32146]: read /var/lib/neutron/dhcp/47ddda5b-4e43-4ba5-8a1c-e6b3a6bcfaf3/addn_hosts - 3 addresses
Jun 22 03:53:40 gtw01 dnsmasq-dhcp[32146]: read /var/lib/neutron/dhcp/47ddda5b-4e43-4ba5-8a1c-e6b3a6bcfaf3/host
Jun 22 03:53:40 gtw01 dnsmasq-dhcp[32146]: read /var/lib/neutron/dhcp/47ddda5b-4e43-4ba5-8a1c-e6b3a6bcfaf3/opts
Jun 22 03:53:44 gtw01 dnsmasq[23668]: read /var/lib/neutron/dhcp/0c33eb02-9712-4a4f-b13f-3c1479e5c4df/addn_hosts - 3 addresses
Jun 22 03:53:44 gtw01 dnsmasq-dhcp[23668]: read /var/lib/neutron/dhcp/0c33eb02-9712-4a4f-b13f-3c1479e5c4df/host
Jun 22 03:53:44 gtw01 dnsmasq-dhcp[23668]: read /var/lib/neutron/dhcp/0c33eb02-9712-4a4f-b13f-3c1479e5c4df/opts
Jun 22 03:53:45 gtw01 dnsmasq[23668]: read /var/lib/neutron/dhcp/0c33eb02-9712-4a4f-b13f-3c1479e5c4df/addn_hosts - 3 addresses
Jun 22 03:53:45 gtw01 dnsmasq-dhcp[23668]: read /var/lib/neutron/dhcp/0c33eb02-9712-4a4f-b13f-3c1479e5c4df/host
Jun 22 03:53:45 gtw01 dnsmasq-dhcp[23668]: read /var/lib/neutron/dhcp/0c33eb02-9712-4a4f-b13f-3c1479e5c4df/opts
Jun 22 03:53:46 gtw01 dnsmasq[23668]: read /var/lib/neutron/dhcp/0c33eb02-9712-4a4f-b13f-3c1479e5c4df/addn_hosts - 3 addresses
Jun 22 03:53:46 gtw01 dnsmasq-dhcp[23668]: read /var/lib/neutron/dhcp/0c33eb02-9712-4a4f-b13f-3c1479e5c4df/host
Jun 22 03:53:46 gtw01 dnsmasq-dhcp[23668]: read /var/lib/neutron/dhcp/0c33eb02-9712-4a4f-b13f-3c1479e5c4df/opts
Jun 22 03:53:50 gtw01 dnsmasq-dhcp[32146]: DHCPDISCOVER(tap0bbe1d74-4f) fa:16:3e:ab:37:be
Jun 22 03:53:50 gtw01 dnsmasq-dhcp[32146]: DHCPOFFER(tap0bbe1d74-4f) 192.168.120.6 fa:16:3e:ab:37:be
Jun 22 03:53:50 gtw01 dnsmasq-dhcp[32146]: DHCPREQUEST(tap0bbe1d74-4f) 192.168.120.6 fa:16:3e:ab:37:be
Jun 22 03:53:50 gtw01 dnsmasq-dhcp[32146]: DHCPACK(tap0bbe1d74-4f) 192.168.120.6 fa:16:3e:ab:37:be host-192-168-120-6
Jun 22 03:53:52 gtw01 dnsmasq[23668]: read /var/lib/neutron/dhcp/0c33eb02-9712-4a4f-b13f-3c1479e5c4df/addn_hosts - 4 addresses
Jun 22 03:53:52 gtw01 dnsmasq-dhcp[23668]: read /var/lib/neutron/dhcp/0c33eb02-9712-4a4f-b13f-3c1479e5c4df/host
Jun 22 03:53:52 gtw01 dnsmasq-dhcp[23668]: read /var/lib/neutron/dhcp/0c33eb02-9712-4a4f-b13f-3c1479e5c4df/opts
Jun 22 03:53:53 gtw01 dnsmasq[23668]: read /var/lib/neutron/dhcp/0c33eb02-9712-4a4f-b13f-3c1479e5c4df/addn_hosts - 4 addresses
Jun 22 03:53:53 gtw01 dnsmasq-dhcp[23668]: read /var/lib/neutron/dhcp/0c33eb02-9712-4a4f-b13f-3c1479e5c4df/host
Jun 22 03:53:53 gtw01 dnsmasq-dhcp[23668]: read /var/lib/neutron/dhcp/0c33eb02-9712-4a4f-b13f-3c1479e5c4df/opts
Jun 22 03:53:54 gtw01 dnsmasq[23668]: read /var/lib/neutron/dhcp/0c33eb02-9712-4a4f-b13f-3c1479e5c4df/addn_hosts - 4 addresses
Jun 22 03:53:54 gtw01 dnsmasq-dhcp[23668]: read /var/lib/neutron/dhcp/0c33eb02-9712-4a4f-b13f-3c1479e5c4df/host
Jun 22 03:53:54 gtw01 dnsmasq-dhcp[23668]: read /var/lib/neutron/dhcp/0c33eb02-9712-4a4f-b13f-3c1479e5c4df/opts
Jun 22 03:53:58 gtw01 dnsmasq-dhcp[23668]: DHCPDISCOVER(tap170d2953-31) fa:16:3e:f5:30:e3
Jun 22 03:53:58 gtw01 dnsmasq-dhcp[23668]: DHCPOFFER(tap170d2953-31) 192.168.120.8 fa:16:3e:f5:30:e3
Jun 22 03:53:58 gtw01 dnsmasq-dhcp[23668]: DHCPREQUEST(tap170d2953-31) 192.168.120.8 fa:16:3e:f5:30:e3
Jun 22 03:53:58 gtw01 dnsmasq-dhcp[23668]: DHCPACK(tap170d2953-31) 192.168.120.8 fa:16:3e:f5:30:e3 host-192-168-120-8
Jun 22 03:54:00 gtw01 dnsmasq[23668]: read /var/lib/neutron/dhcp/0c33eb02-9712-4a4f-b13f-3c1479e5c4df/addn_hosts - 3 addresses
Jun 22 03:54:00 gtw01 dnsmasq-dhcp[23668]: read /var/lib/neutron/dhcp/0c33eb02-9712-4a4f-b13f-3c1479e5c4df/host
Jun 22 03:54:00 gtw01 dnsmasq-dhcp[23668]: read /var/lib/neutron/dhcp/0c33eb02-9712-4a4f-b13f-3c1479e5c4df/opts
Jun 22 03:54:02 gtw01 dnsmasq-dhcp[32146]: DHCPRELEASE(tap0bbe1d74-4f) 192.168.120.6 fa:16:3e:ab:37:be
Jun 22 03:54:03 gtw01 dnsmasq-dhcp[23668]: DHCPRELEASE(tap170d2953-31) 192.168.120.8 fa:16:3e:f5:30:e3
Jun 22 03:54:04 gtw01 dnsmasq-dhcp[23668]: DHCPRELEASE(tap170d2953-31) 192.168.120.8 fa:16:3e:f5:30:e3 unknown lease
Jun 22 03:54:04 gtw01 dnsmasq[23668]: read /var/lib/neutron/dhcp/0c33eb02-9712-4a4f-b13f-3c1479e5c4df/addn_hosts - 2 addresses
Jun 22 03:54:04 gtw01 dnsmasq-dhcp[23668]: read /var/lib/neutron/dhcp/0c33eb02-9712-4a4f-b13f-3c1479e5c4df/host
Jun 22 03:54:04 gtw01 dnsmasq-dhcp[23668]: read /var/lib/neutron/dhcp/0c33eb02-9712-4a4f-b13f-3c1479e5c4df/opts
Jun 22 03:54:09 gtw01 dnsmasq[23668]: read /var/lib/neutron/dhcp/0c33eb02-9712-4a4f-b13f-3c1479e5c4df/addn_hosts - 3 addresses
Jun 22 03:54:09 gtw01 dnsmasq-dhcp[23668]: read /var/lib/neutron/dhcp/0c33eb02-9712-4a4f-b13f-3c1479e5c4df/host
Jun 22 03:54:09 gtw01 dnsmasq-dhcp[23668]: read /var/lib/neutron/dhcp/0c33eb02-9712-4a4f-b13f-3c1479e5c4df/opts
Jun 22 03:54:10 gtw01 dnsmasq[23668]: read /var/lib/neutron/dhcp/0c33eb02-9712-4a4f-b13f-3c1479e5c4df/addn_hosts - 3 addresses
Jun 22 03:54:10 gtw01 dnsmasq-dhcp[23668]: read /var/lib/neutron/dhcp/0c33eb02-9712-4a4f-b13f-3c1479e5c4df/host
Jun 22 03:54:10 gtw01 dnsmasq-dhcp[23668]: read /var/lib/neutron/dhcp/0c33eb02-9712-4a4f-b13f-3c1479e5c4df/opts
Jun 22 03:54:11 gtw01 dnsmasq[23668]: read /var/lib/neutron/dhcp/0c33eb02-9712-4a4f-b13f-3c1479e5c4df/addn_hosts - 3 addresses
Jun 22 03:54:11 gtw01 dnsmasq-dhcp[23668]: read /var/lib/neutron/dhcp/0c33eb02-9712-4a4f-b13f-3c1479e5c4df/host
Jun 22 03:54:11 gtw01 dnsmasq-dhcp[23668]: read /var/lib/neutron/dhcp/0c33eb02-9712-4a4f-b13f-3c1479e5c4df/opts
Jun 22 03:54:16 gtw01 dnsmasq[23668]: read /var/lib/neutron/dhcp/0c33eb02-9712-4a4f-b13f-3c1479e5c4df/addn_hosts - 2 addresses
Jun 22 03:54:16 gtw01 dnsmasq-dhcp[23668]: read /var/lib/neutron/dhcp/0c33eb02-9712-4a4f-b13f-3c1479e5c4df/host
Jun 22 03:54:16 gtw01 dnsmasq-dhcp[23668]: read /var/lib/neutron/dhcp/0c33eb02-9712-4a4f-b13f-3c1479e5c4df/opts
Jun 22 03:54:20 gtw01 dnsmasq[23668]: read /var/lib/neutron/dhcp/0c33eb02-9712-4a4f-b13f-3c1479e5c4df/addn_hosts - 3 addresses
Jun 22 03:54:20 gtw01 dnsmasq-dhcp[23668]: read /var/lib/neutron/dhcp/0c33eb02-9712-4a4f-b13f-3c1479e5c4df/host
Jun 22 03:54:20 gtw01 dnsmasq-dhcp[23668]: read /var/lib/neutron/dhcp/0c33eb02-9712-4a4f-b13f-3c1479e5c4df/opts
Jun 22 03:54:21 gtw01 dnsmasq[23668]: read /var/lib/neutron/dhcp/0c33eb02-9712-4a4f-b13f-3c1479e5c4df/addn_hosts - 3 addresses
Jun 22 03:54:21 gtw01 dnsmasq-dhcp[23668]: read /var/lib/neutron/dhcp/0c33eb02-9712-4a4f-b13f-3c1479e5c4df/host
Jun 22 03:54:21 gtw01 dnsmasq-dhcp[23668]: read /var/lib/neutron/dhcp/0c33eb02-9712-4a4f-b13f-3c1479e5c4df/opts
Jun 22 03:54:22 gtw01 dnsmasq[23668]: read /var/lib/neutron/dhcp/0c33eb02-9712-4a4f-b13f-3c1479e5c4df/addn_hosts - 3 addresses
Jun 22 03:54:22 gtw01 dnsmasq-dhcp[23668]: read /var/lib/neutron/dhcp/0c33eb02-9712-4a4f-b13f-3c1479e5c4df/host
Jun 22 03:54:22 gtw01 dnsmasq-dhcp[23668]: read /var/lib/neutron/dhcp/0c33eb02-9712-4a4f-b13f-3c1479e5c4df/opts
Jun 22 03:54:23 gtw01 dnsmasq-dhcp[32146]: DHCPDISCOVER(tap0bbe1d74-4f) fa:16:3e:ab:37:be
Jun 22 03:54:23 gtw01 dnsmasq-dhcp[32146]: DHCPOFFER(tap0bbe1d74-4f) 192.168.120.6 fa:16:3e:ab:37:be
Jun 22 03:54:23 gtw01 dnsmasq-dhcp[32146]: DHCPREQUEST(tap0bbe1d74-4f) 192.168.120.6 fa:16:3e:ab:37:be
Jun 22 03:54:23 gtw01 dnsmasq-dhcp[32146]: DHCPACK(tap0bbe1d74-4f) 192.168.120.6 fa:16:3e:ab:37:be host-192-168-120-6
Jun 22 03:54:32 gtw01 dnsmasq-dhcp[32146]: DHCPRELEASE(tap0bbe1d74-4f) 192.168.120.6 fa:16:3e:ab:37:be
Jun 22 03:54:34 gtw01 dnsmasq-dhcp[23668]: DHCPDISCOVER(tap170d2953-31) fa:16:3e:57:2c:3f
Jun 22 03:54:34 gtw01 dnsmasq-dhcp[23668]: DHCPOFFER(tap170d2953-31) 192.168.120.9 fa:16:3e:57:2c:3f
Jun 22 03:54:34 gtw01 dnsmasq-dhcp[23668]: DHCPREQUEST(tap170d2953-31) 192.168.120.9 fa:16:3e:57:2c:3f
Jun 22 03:54:34 gtw01 dnsmasq-dhcp[23668]: DHCPACK(tap170d2953-31) 192.168.120.9 fa:16:3e:57:2c:3f host-192-168-120-9
Jun 22 03:54:46 gtw01 dnsmasq-dhcp[23668]: DHCPRELEASE(tap170d2953-31) 192.168.120.9 fa:16:3e:57:2c:3f
Jun 22 03:54:50 gtw01 dnsmasq-dhcp[32146]: DHCPDISCOVER(tap0bbe1d74-4f) fa:16:3e:ab:37:be
Jun 22 03:54:50 gtw01 dnsmasq-dhcp[32146]: DHCPOFFER(tap0bbe1d74-4f) 192.168.120.6 fa:16:3e:ab:37:be
Jun 22 03:54:50 gtw01 dnsmasq-dhcp[32146]: DHCPREQUEST(tap0bbe1d74-4f) 192.168.120.6 fa:16:3e:ab:37:be
Jun 22 03:54:50 gtw01 dnsmasq-dhcp[32146]: DHCPACK(tap0bbe1d74-4f) 192.168.120.6 fa:16:3e:ab:37:be host-192-168-120-6
Jun 22 03:54:52 gtw01 dnsmasq[23668]: read /var/lib/neutron/dhcp/0c33eb02-9712-4a4f-b13f-3c1479e5c4df/addn_hosts - 2 addresses
Jun 22 03:54:52 gtw01 dnsmasq-dhcp[23668]: read /var/lib/neutron/dhcp/0c33eb02-9712-4a4f-b13f-3c1479e5c4df/host
Jun 22 03:54:52 gtw01 dnsmasq-dhcp[23668]: read /var/lib/neutron/dhcp/0c33eb02-9712-4a4f-b13f-3c1479e5c4df/opts
Jun 22 03:54:57 gtw01 dnsmasq-dhcp[32146]: DHCPRELEASE(tap0bbe1d74-4f) 192.168.120.6 fa:16:3e:ab:37:be
Jun 22 03:54:58 gtw01 dnsmasq-dhcp[32146]: DHCPRELEASE(tap0bbe1d74-4f) 192.168.120.6 fa:16:3e:ab:37:be unknown lease
Jun 22 03:54:58 gtw01 dnsmasq[32146]: read /var/lib/neutron/dhcp/47ddda5b-4e43-4ba5-8a1c-e6b3a6bcfaf3/addn_hosts - 2 addresses
Jun 22 03:54:58 gtw01 dnsmasq-dhcp[32146]: read /var/lib/neutron/dhcp/47ddda5b-4e43-4ba5-8a1c-e6b3a6bcfaf3/host
Jun 22 03:54:58 gtw01 dnsmasq-dhcp[32146]: read /var/lib/neutron/dhcp/47ddda5b-4e43-4ba5-8a1c-e6b3a6bcfaf3/opts
Jun 22 03:55:05 gtw01 dnsmasq[32146]: read /var/lib/neutron/dhcp/47ddda5b-4e43-4ba5-8a1c-e6b3a6bcfaf3/addn_hosts - 3 addresses
Jun 22 03:55:05 gtw01 dnsmasq-dhcp[32146]: read /var/lib/neutron/dhcp/47ddda5b-4e43-4ba5-8a1c-e6b3a6bcfaf3/host
Jun 22 03:55:05 gtw01 dnsmasq-dhcp[32146]: read /var/lib/neutron/dhcp/47ddda5b-4e43-4ba5-8a1c-e6b3a6bcfaf3/opts
Jun 22 03:55:06 gtw01 dnsmasq[32146]: read /var/lib/neutron/dhcp/47ddda5b-4e43-4ba5-8a1c-e6b3a6bcfaf3/addn_hosts - 3 addresses
Jun 22 03:55:06 gtw01 dnsmasq-dhcp[32146]: read /var/lib/neutron/dhcp/47ddda5b-4e43-4ba5-8a1c-e6b3a6bcfaf3/host
Jun 22 03:55:06 gtw01 dnsmasq-dhcp[32146]: read /var/lib/neutron/dhcp/47ddda5b-4e43-4ba5-8a1c-e6b3a6bcfaf3/opts
Jun 22 03:55:07 gtw01 systemd-udevd[781]: Could not generate persistent MAC address for tap7e6bdaad-3c: No such file or directory
Jun 22 03:55:07 gtw01 kernel: [ 4696.541129] device tap7e6bdaad-3c entered promiscuous mode
Jun 22 03:55:07 gtw01 dnsmasq[32146]: read /var/lib/neutron/dhcp/47ddda5b-4e43-4ba5-8a1c-e6b3a6bcfaf3/addn_hosts - 3 addresses
Jun 22 03:55:07 gtw01 dnsmasq-dhcp[32146]: read /var/lib/neutron/dhcp/47ddda5b-4e43-4ba5-8a1c-e6b3a6bcfaf3/host
Jun 22 03:55:07 gtw01 dnsmasq-dhcp[32146]: read /var/lib/neutron/dhcp/47ddda5b-4e43-4ba5-8a1c-e6b3a6bcfaf3/opts
Jun 22 03:55:07 gtw01 systemd-udevd[781]: Process '/sbin/ip link set tap7e6bdaad-3c txqueuelen 10000' failed with exit code 1.
Jun 22 03:55:07 gtw01 systemd-udevd[781]: Process '/sbin/ip link set tap7e6bdaad-3c txqueuelen 10000' failed with exit code 1.
Jun 22 03:55:10 gtw01 dnsmasq[926]: started, version 2.80 cachesize 150
Jun 22 03:55:10 gtw01 dnsmasq[926]: DNS service limited to local subnets
Jun 22 03:55:10 gtw01 dnsmasq[926]: compile time options: IPv6 GNU-getopt DBus i18n IDN DHCP DHCPv6 no-Lua TFTP conntrack ipset auth DNSSEC loop-detect inotify dumpfile
Jun 22 03:55:10 gtw01 dnsmasq[926]: warning: no upstream servers configured
Jun 22 03:55:10 gtw01 dnsmasq-dhcp[926]: DHCP, static leases only on 192.168.120.240, lease time 1h
Jun 22 03:55:10 gtw01 dnsmasq[926]: read /var/lib/neutron/dhcp/65889ede-bfa8-4058-b949-14cba6b2f5c3/addn_hosts - 1 addresses
Jun 22 03:55:10 gtw01 dnsmasq-dhcp[926]: read /var/lib/neutron/dhcp/65889ede-bfa8-4058-b949-14cba6b2f5c3/host
Jun 22 03:55:10 gtw01 dnsmasq-dhcp[926]: read /var/lib/neutron/dhcp/65889ede-bfa8-4058-b949-14cba6b2f5c3/opts
Jun 22 03:55:11 gtw01 haproxy-metadata-proxy-65889ede-bfa8-4058-b949-14cba6b2f5c3[930]: Proxy listener started.
Jun 22 03:55:11 gtw01 dnsmasq[926]: read /var/lib/neutron/dhcp/65889ede-bfa8-4058-b949-14cba6b2f5c3/addn_hosts - 1 addresses
Jun 22 03:55:11 gtw01 dnsmasq-dhcp[926]: read /var/lib/neutron/dhcp/65889ede-bfa8-4058-b949-14cba6b2f5c3/host
Jun 22 03:55:11 gtw01 dnsmasq-dhcp[926]: read /var/lib/neutron/dhcp/65889ede-bfa8-4058-b949-14cba6b2f5c3/opts
Jun 22 03:55:12 gtw01 dnsmasq[926]: read /var/lib/neutron/dhcp/65889ede-bfa8-4058-b949-14cba6b2f5c3/addn_hosts - 1 addresses
Jun 22 03:55:12 gtw01 dnsmasq-dhcp[926]: read /var/lib/neutron/dhcp/65889ede-bfa8-4058-b949-14cba6b2f5c3/host
Jun 22 03:55:12 gtw01 dnsmasq-dhcp[926]: read /var/lib/neutron/dhcp/65889ede-bfa8-4058-b949-14cba6b2f5c3/opts
Jun 22 03:55:13 gtw01 dnsmasq[926]: read /var/lib/neutron/dhcp/65889ede-bfa8-4058-b949-14cba6b2f5c3/addn_hosts - 1 addresses
Jun 22 03:55:13 gtw01 dnsmasq-dhcp[926]: read /var/lib/neutron/dhcp/65889ede-bfa8-4058-b949-14cba6b2f5c3/host
Jun 22 03:55:13 gtw01 dnsmasq-dhcp[926]: read /var/lib/neutron/dhcp/65889ede-bfa8-4058-b949-14cba6b2f5c3/opts
Jun 22 03:55:21 gtw01 dnsmasq-dhcp[32146]: DHCPDISCOVER(tap0bbe1d74-4f) fa:16:3e:25:59:f0
Jun 22 03:55:21 gtw01 dnsmasq-dhcp[32146]: DHCPOFFER(tap0bbe1d74-4f) 192.168.120.6 fa:16:3e:25:59:f0
Jun 22 03:55:21 gtw01 dnsmasq-dhcp[32146]: DHCPREQUEST(tap0bbe1d74-4f) 192.168.120.6 fa:16:3e:25:59:f0
Jun 22 03:55:21 gtw01 dnsmasq-dhcp[32146]: DHCPACK(tap0bbe1d74-4f) 192.168.120.6 fa:16:3e:25:59:f0 host-192-168-120-6
Jun 22 03:55:33 gtw01 dnsmasq-dhcp[32146]: DHCPRELEASE(tap0bbe1d74-4f) 192.168.120.6 fa:16:3e:25:59:f0
Jun 22 03:55:34 gtw01 dnsmasq-dhcp[32146]: DHCPRELEASE(tap0bbe1d74-4f) 192.168.120.6 fa:16:3e:25:59:f0 unknown lease
Jun 22 03:55:35 gtw01 dnsmasq[32146]: read /var/lib/neutron/dhcp/47ddda5b-4e43-4ba5-8a1c-e6b3a6bcfaf3/addn_hosts - 2 addresses
Jun 22 03:55:35 gtw01 dnsmasq-dhcp[32146]: read /var/lib/neutron/dhcp/47ddda5b-4e43-4ba5-8a1c-e6b3a6bcfaf3/host
Jun 22 03:55:35 gtw01 dnsmasq-dhcp[32146]: read /var/lib/neutron/dhcp/47ddda5b-4e43-4ba5-8a1c-e6b3a6bcfaf3/opts
Jun 22 03:55:38 gtw01 kernel: [ 4727.755698] device tap7db5eeb9-5c entered promiscuous mode
Jun 22 03:55:38 gtw01 systemd-udevd[1191]: Could not generate persistent MAC address for tap7db5eeb9-5c: No such file or directory
Jun 22 03:55:38 gtw01 systemd-udevd[1237]: Process '/sbin/ip link set tap7db5eeb9-5c txqueuelen 10000' failed with exit code 1.
Jun 22 03:55:41 gtw01 dnsmasq[32146]: read /var/lib/neutron/dhcp/47ddda5b-4e43-4ba5-8a1c-e6b3a6bcfaf3/addn_hosts - 1 addresses
Jun 22 03:55:41 gtw01 dnsmasq-dhcp[32146]: read /var/lib/neutron/dhcp/47ddda5b-4e43-4ba5-8a1c-e6b3a6bcfaf3/host
Jun 22 03:55:41 gtw01 dnsmasq-dhcp[32146]: read /var/lib/neutron/dhcp/47ddda5b-4e43-4ba5-8a1c-e6b3a6bcfaf3/opts
Jun 22 03:55:42 gtw01 dnsmasq[1344]: started, version 2.80 cachesize 150
Jun 22 03:55:42 gtw01 dnsmasq[1344]: DNS service limited to local subnets
Jun 22 03:55:42 gtw01 dnsmasq[1344]: compile time options: IPv6 GNU-getopt DBus i18n IDN DHCP DHCPv6 no-Lua TFTP conntrack ipset auth DNSSEC loop-detect inotify dumpfile
Jun 22 03:55:42 gtw01 dnsmasq[1344]: warning: no upstream servers configured
Jun 22 03:55:42 gtw01 dnsmasq-dhcp[1344]: DHCP, static leases only on 192.168.120.0, lease time 1h
Jun 22 03:55:42 gtw01 dnsmasq[1344]: read /var/lib/neutron/dhcp/f9ff130c-3fe0-4eaf-923f-f85205abe244/addn_hosts - 1 addresses
Jun 22 03:55:42 gtw01 dnsmasq-dhcp[1344]: read /var/lib/neutron/dhcp/f9ff130c-3fe0-4eaf-923f-f85205abe244/host
Jun 22 03:55:42 gtw01 dnsmasq-dhcp[1344]: read /var/lib/neutron/dhcp/f9ff130c-3fe0-4eaf-923f-f85205abe244/opts
Jun 22 03:55:42 gtw01 haproxy-metadata-proxy-47ddda5b-4e43-4ba5-8a1c-e6b3a6bcfaf3[1345]: Proxy listener started.
Jun 22 03:55:42 gtw01 haproxy-metadata-proxy-f9ff130c-3fe0-4eaf-923f-f85205abe244[1350]: Proxy listener started.
Jun 22 03:55:42 gtw01 kernel: [ 4731.583198] device tap7db5eeb9-5c left promiscuous mode
Jun 22 03:55:43 gtw01 kernel: [ 4731.975253] device qr-01f83401-e2 left promiscuous mode
Jun 22 03:55:43 gtw01 kernel: [ 4732.713148] device qg-c4b58bd4-de left promiscuous mode
Jun 22 03:55:46 gtw01 kernel: [ 4734.886314] device tap0bbe1d74-4f left promiscuous mode
Jun 22 03:55:48 gtw01 systemd-udevd[1508]: Could not generate persistent MAC address for tap46636f47-86: No such file or directory
Jun 22 03:55:48 gtw01 kernel: [ 4737.648140] device tap46636f47-86 entered promiscuous mode
Jun 22 03:55:48 gtw01 systemd-udevd[1508]: Process '/sbin/ip link set tap46636f47-86 txqueuelen 10000' failed with exit code 1.
Jun 22 03:55:48 gtw01 systemd-udevd[1508]: Process '/sbin/ip link set tap46636f47-86 txqueuelen 10000' failed with exit code 1.
Jun 22 03:55:51 gtw01 dnsmasq[1644]: started, version 2.80 cachesize 150
Jun 22 03:55:51 gtw01 dnsmasq[1644]: DNS service limited to local subnets
Jun 22 03:55:51 gtw01 dnsmasq[1644]: compile time options: IPv6 GNU-getopt DBus i18n IDN DHCP DHCPv6 no-Lua TFTP conntrack ipset auth DNSSEC loop-detect inotify dumpfile
Jun 22 03:55:51 gtw01 dnsmasq[1644]: warning: no upstream servers configured
Jun 22 03:55:51 gtw01 dnsmasq-dhcp[1644]: DHCP, static leases only on 192.168.120.0, lease time 1h
Jun 22 03:55:51 gtw01 dnsmasq[1644]: read /var/lib/neutron/dhcp/0fdf2eb7-9ddc-4b08-acb4-e0d04e2bbfa0/addn_hosts - 1 addresses
Jun 22 03:55:51 gtw01 dnsmasq-dhcp[1644]: read /var/lib/neutron/dhcp/0fdf2eb7-9ddc-4b08-acb4-e0d04e2bbfa0/host
Jun 22 03:55:51 gtw01 dnsmasq-dhcp[1644]: read /var/lib/neutron/dhcp/0fdf2eb7-9ddc-4b08-acb4-e0d04e2bbfa0/opts
Jun 22 03:55:52 gtw01 haproxy-metadata-proxy-0fdf2eb7-9ddc-4b08-acb4-e0d04e2bbfa0[1648]: Proxy listener started.
Jun 22 03:55:52 gtw01 kernel: [ 4741.433302] device tap46636f47-86 left promiscuous mode
Jun 22 03:55:53 gtw01 kernel: [ 4741.924748] device tap7e6bdaad-3c left promiscuous mode
Jun 22 03:56:00 gtw01 systemd-udevd[1712]: Could not generate persistent MAC address for tap53fc176e-3d: No such file or directory
Jun 22 03:56:00 gtw01 kernel: [ 4749.581577] device tap53fc176e-3d entered promiscuous mode
Jun 22 03:56:00 gtw01 systemd-udevd[1712]: Process '/sbin/ip link set tap53fc176e-3d txqueuelen 10000' failed with exit code 1.
Jun 22 03:56:00 gtw01 systemd-udevd[1763]: Process '/sbin/ip link set tap53fc176e-3d txqueuelen 10000' failed with exit code 1.
Jun 22 03:56:01 gtw01 systemd-udevd[1809]: Could not generate persistent MAC address for tapf6f305fa-a1: No such file or directory
Jun 22 03:56:01 gtw01 kernel: [ 4750.861061] device tapf6f305fa-a1 entered promiscuous mode
Jun 22 03:56:02 gtw01 systemd-udevd[1809]: Process '/sbin/ip link set tapf6f305fa-a1 txqueuelen 10000' failed with exit code 1.
Jun 22 03:56:02 gtw01 systemd-udevd[1809]: Process '/sbin/ip link set tapf6f305fa-a1 txqueuelen 10000' failed with exit code 1.
Jun 22 03:56:03 gtw01 kernel: [ 4751.976346] device tapa2625f04-4d entered promiscuous mode
Jun 22 03:56:03 gtw01 systemd-udevd[1937]: Could not generate persistent MAC address for tapa2625f04-4d: No such file or directory
Jun 22 03:56:03 gtw01 systemd-udevd[1937]: Process '/sbin/ip link set tapa2625f04-4d txqueuelen 10000' failed with exit code 1.
Jun 22 03:56:03 gtw01 systemd-udevd[1937]: Process '/sbin/ip link set tapa2625f04-4d txqueuelen 10000' failed with exit code 1.
Jun 22 03:56:04 gtw01 dnsmasq[2040]: started, version 2.80 cachesize 150
Jun 22 03:56:04 gtw01 dnsmasq[2040]: DNS service limited to local subnets
Jun 22 03:56:04 gtw01 dnsmasq[2040]: compile time options: IPv6 GNU-getopt DBus i18n IDN DHCP DHCPv6 no-Lua TFTP conntrack ipset auth DNSSEC loop-detect inotify dumpfile
Jun 22 03:56:04 gtw01 dnsmasq[2040]: warning: no upstream servers configured
Jun 22 03:56:04 gtw01 dnsmasq-dhcp[2040]: DHCP, static leases only on 192.168.120.0, lease time 1h
Jun 22 03:56:04 gtw01 dnsmasq[2040]: read /var/lib/neutron/dhcp/f4bd7ec9-d6cd-4cf0-bbdb-2909906fd58f/addn_hosts - 1 addresses
Jun 22 03:56:04 gtw01 dnsmasq-dhcp[2040]: read /var/lib/neutron/dhcp/f4bd7ec9-d6cd-4cf0-bbdb-2909906fd58f/host
Jun 22 03:56:04 gtw01 dnsmasq-dhcp[2040]: read /var/lib/neutron/dhcp/f4bd7ec9-d6cd-4cf0-bbdb-2909906fd58f/opts
Jun 22 03:56:04 gtw01 haproxy-metadata-proxy-f4bd7ec9-d6cd-4cf0-bbdb-2909906fd58f[2050]: Proxy listener started.
Jun 22 03:56:04 gtw01 dnsmasq[2040]: read /var/lib/neutron/dhcp/f4bd7ec9-d6cd-4cf0-bbdb-2909906fd58f/addn_hosts - 1 addresses
Jun 22 03:56:04 gtw01 dnsmasq-dhcp[2040]: read /var/lib/neutron/dhcp/f4bd7ec9-d6cd-4cf0-bbdb-2909906fd58f/host
Jun 22 03:56:04 gtw01 dnsmasq-dhcp[2040]: read /var/lib/neutron/dhcp/f4bd7ec9-d6cd-4cf0-bbdb-2909906fd58f/opts
Jun 22 03:56:05 gtw01 dnsmasq[2132]: started, version 2.80 cachesize 150
Jun 22 03:56:05 gtw01 dnsmasq[2132]: DNS service limited to local subnets
Jun 22 03:56:05 gtw01 dnsmasq[2132]: compile time options: IPv6 GNU-getopt DBus i18n IDN DHCP DHCPv6 no-Lua TFTP conntrack ipset auth DNSSEC loop-detect inotify dumpfile
Jun 22 03:56:05 gtw01 dnsmasq[2132]: warning: no upstream servers configured
Jun 22 03:56:05 gtw01 dnsmasq-dhcp[2132]: DHCP, static leases only on 192.168.120.0, lease time 1h
Jun 22 03:56:05 gtw01 dnsmasq[2132]: read /var/lib/neutron/dhcp/3915a079-41bc-43ec-a493-4f339e9d9a94/addn_hosts - 1 addresses
Jun 22 03:56:05 gtw01 dnsmasq-dhcp[2132]: read /var/lib/neutron/dhcp/3915a079-41bc-43ec-a493-4f339e9d9a94/host
Jun 22 03:56:05 gtw01 dnsmasq-dhcp[2132]: read /var/lib/neutron/dhcp/3915a079-41bc-43ec-a493-4f339e9d9a94/opts
Jun 22 03:56:05 gtw01 haproxy-metadata-proxy-3915a079-41bc-43ec-a493-4f339e9d9a94[2142]: Proxy listener started.
Jun 22 03:56:05 gtw01 dnsmasq[2040]: read /var/lib/neutron/dhcp/f4bd7ec9-d6cd-4cf0-bbdb-2909906fd58f/addn_hosts - 1 addresses
Jun 22 03:56:05 gtw01 dnsmasq-dhcp[2040]: read /var/lib/neutron/dhcp/f4bd7ec9-d6cd-4cf0-bbdb-2909906fd58f/host
Jun 22 03:56:05 gtw01 dnsmasq-dhcp[2040]: read /var/lib/neutron/dhcp/f4bd7ec9-d6cd-4cf0-bbdb-2909906fd58f/opts
Jun 22 03:56:06 gtw01 dnsmasq[2132]: read /var/lib/neutron/dhcp/3915a079-41bc-43ec-a493-4f339e9d9a94/addn_hosts - 1 addresses
Jun 22 03:56:06 gtw01 dnsmasq-dhcp[2132]: read /var/lib/neutron/dhcp/3915a079-41bc-43ec-a493-4f339e9d9a94/host
Jun 22 03:56:06 gtw01 dnsmasq-dhcp[2132]: read /var/lib/neutron/dhcp/3915a079-41bc-43ec-a493-4f339e9d9a94/opts
Jun 22 03:56:06 gtw01 dnsmasq[2207]: started, version 2.80 cachesize 150
Jun 22 03:56:06 gtw01 dnsmasq[2207]: DNS service limited to local subnets
Jun 22 03:56:06 gtw01 dnsmasq[2207]: compile time options: IPv6 GNU-getopt DBus i18n IDN DHCP DHCPv6 no-Lua TFTP conntrack ipset auth DNSSEC loop-detect inotify dumpfile
Jun 22 03:56:06 gtw01 dnsmasq[2207]: warning: no upstream servers configured
Jun 22 03:56:06 gtw01 dnsmasq-dhcp[2207]: DHCP, static leases only on 192.168.120.0, lease time 1h
Jun 22 03:56:06 gtw01 dnsmasq[2207]: read /var/lib/neutron/dhcp/6d802cea-3179-4b27-8c86-3d2c143ab360/addn_hosts - 1 addresses
Jun 22 03:56:06 gtw01 dnsmasq-dhcp[2207]: read /var/lib/neutron/dhcp/6d802cea-3179-4b27-8c86-3d2c143ab360/host
Jun 22 03:56:06 gtw01 dnsmasq-dhcp[2207]: read /var/lib/neutron/dhcp/6d802cea-3179-4b27-8c86-3d2c143ab360/opts
Jun 22 03:56:06 gtw01 dnsmasq[2040]: read /var/lib/neutron/dhcp/f4bd7ec9-d6cd-4cf0-bbdb-2909906fd58f/addn_hosts - 1 addresses
Jun 22 03:56:06 gtw01 dnsmasq-dhcp[2040]: read /var/lib/neutron/dhcp/f4bd7ec9-d6cd-4cf0-bbdb-2909906fd58f/host
Jun 22 03:56:06 gtw01 dnsmasq-dhcp[2040]: read /var/lib/neutron/dhcp/f4bd7ec9-d6cd-4cf0-bbdb-2909906fd58f/opts
Jun 22 03:56:07 gtw01 haproxy-metadata-proxy-6d802cea-3179-4b27-8c86-3d2c143ab360[2222]: Proxy listener started.
Jun 22 03:56:07 gtw01 dnsmasq[2132]: read /var/lib/neutron/dhcp/3915a079-41bc-43ec-a493-4f339e9d9a94/addn_hosts - 1 addresses
Jun 22 03:56:07 gtw01 dnsmasq-dhcp[2132]: read /var/lib/neutron/dhcp/3915a079-41bc-43ec-a493-4f339e9d9a94/host
Jun 22 03:56:07 gtw01 dnsmasq-dhcp[2132]: read /var/lib/neutron/dhcp/3915a079-41bc-43ec-a493-4f339e9d9a94/opts
Jun 22 03:56:07 gtw01 dnsmasq[2207]: read /var/lib/neutron/dhcp/6d802cea-3179-4b27-8c86-3d2c143ab360/addn_hosts - 1 addresses
Jun 22 03:56:07 gtw01 dnsmasq-dhcp[2207]: read /var/lib/neutron/dhcp/6d802cea-3179-4b27-8c86-3d2c143ab360/host
Jun 22 03:56:07 gtw01 dnsmasq-dhcp[2207]: read /var/lib/neutron/dhcp/6d802cea-3179-4b27-8c86-3d2c143ab360/opts
Jun 22 03:56:08 gtw01 dnsmasq[2132]: read /var/lib/neutron/dhcp/3915a079-41bc-43ec-a493-4f339e9d9a94/addn_hosts - 2 addresses
Jun 22 03:56:08 gtw01 dnsmasq-dhcp[2132]: read /var/lib/neutron/dhcp/3915a079-41bc-43ec-a493-4f339e9d9a94/host
Jun 22 03:56:08 gtw01 dnsmasq-dhcp[2132]: read /var/lib/neutron/dhcp/3915a079-41bc-43ec-a493-4f339e9d9a94/opts
Jun 22 03:56:08 gtw01 dnsmasq[2207]: read /var/lib/neutron/dhcp/6d802cea-3179-4b27-8c86-3d2c143ab360/addn_hosts - 1 addresses
Jun 22 03:56:08 gtw01 dnsmasq-dhcp[2207]: read /var/lib/neutron/dhcp/6d802cea-3179-4b27-8c86-3d2c143ab360/host
Jun 22 03:56:08 gtw01 dnsmasq-dhcp[2207]: read /var/lib/neutron/dhcp/6d802cea-3179-4b27-8c86-3d2c143ab360/opts
Jun 22 03:56:09 gtw01 dnsmasq[2132]: read /var/lib/neutron/dhcp/3915a079-41bc-43ec-a493-4f339e9d9a94/addn_hosts - 2 addresses
Jun 22 03:56:09 gtw01 dnsmasq-dhcp[2132]: read /var/lib/neutron/dhcp/3915a079-41bc-43ec-a493-4f339e9d9a94/host
Jun 22 03:56:09 gtw01 dnsmasq-dhcp[2132]: read /var/lib/neutron/dhcp/3915a079-41bc-43ec-a493-4f339e9d9a94/opts
Jun 22 03:56:09 gtw01 dnsmasq[2207]: read /var/lib/neutron/dhcp/6d802cea-3179-4b27-8c86-3d2c143ab360/addn_hosts - 1 addresses
Jun 22 03:56:09 gtw01 dnsmasq-dhcp[2207]: read /var/lib/neutron/dhcp/6d802cea-3179-4b27-8c86-3d2c143ab360/host
Jun 22 03:56:09 gtw01 dnsmasq-dhcp[2207]: read /var/lib/neutron/dhcp/6d802cea-3179-4b27-8c86-3d2c143ab360/opts
Jun 22 03:56:10 gtw01 dnsmasq[2132]: read /var/lib/neutron/dhcp/3915a079-41bc-43ec-a493-4f339e9d9a94/addn_hosts - 2 addresses
Jun 22 03:56:10 gtw01 dnsmasq-dhcp[2132]: read /var/lib/neutron/dhcp/3915a079-41bc-43ec-a493-4f339e9d9a94/host
Jun 22 03:56:10 gtw01 dnsmasq-dhcp[2132]: read /var/lib/neutron/dhcp/3915a079-41bc-43ec-a493-4f339e9d9a94/opts
Jun 22 03:56:10 gtw01 systemd-udevd[2388]: Could not generate persistent MAC address for tap04f07bd1-12: No such file or directory
Jun 22 03:56:10 gtw01 kernel: [ 4759.672451] device tap04f07bd1-12 entered promiscuous mode
Jun 22 03:56:10 gtw01 systemd-udevd[2436]: Process '/sbin/ip link set tap04f07bd1-12 txqueuelen 10000' failed with exit code 1.
Jun 22 03:56:11 gtw01 dnsmasq[2132]: read /var/lib/neutron/dhcp/3915a079-41bc-43ec-a493-4f339e9d9a94/addn_hosts - 1 addresses
Jun 22 03:56:11 gtw01 dnsmasq-dhcp[2132]: read /var/lib/neutron/dhcp/3915a079-41bc-43ec-a493-4f339e9d9a94/host
Jun 22 03:56:11 gtw01 dnsmasq-dhcp[2132]: read /var/lib/neutron/dhcp/3915a079-41bc-43ec-a493-4f339e9d9a94/opts
Jun 22 03:56:11 gtw01 dnsmasq[2040]: read /var/lib/neutron/dhcp/f4bd7ec9-d6cd-4cf0-bbdb-2909906fd58f/addn_hosts - 2 addresses
Jun 22 03:56:11 gtw01 dnsmasq-dhcp[2040]: read /var/lib/neutron/dhcp/f4bd7ec9-d6cd-4cf0-bbdb-2909906fd58f/host
Jun 22 03:56:11 gtw01 dnsmasq-dhcp[2040]: read /var/lib/neutron/dhcp/f4bd7ec9-d6cd-4cf0-bbdb-2909906fd58f/opts
Jun 22 03:56:12 gtw01 haproxy-metadata-proxy-3915a079-41bc-43ec-a493-4f339e9d9a94[2495]: Proxy listener started.
Jun 22 03:56:12 gtw01 dnsmasq[2040]: read /var/lib/neutron/dhcp/f4bd7ec9-d6cd-4cf0-bbdb-2909906fd58f/addn_hosts - 2 addresses
Jun 22 03:56:12 gtw01 dnsmasq-dhcp[2040]: read /var/lib/neutron/dhcp/f4bd7ec9-d6cd-4cf0-bbdb-2909906fd58f/host
Jun 22 03:56:12 gtw01 dnsmasq-dhcp[2040]: read /var/lib/neutron/dhcp/f4bd7ec9-d6cd-4cf0-bbdb-2909906fd58f/opts
Jun 22 03:56:14 gtw01 dnsmasq[2574]: started, version 2.80 cachesize 150
Jun 22 03:56:14 gtw01 dnsmasq[2574]: DNS service limited to local subnets
Jun 22 03:56:14 gtw01 dnsmasq[2574]: compile time options: IPv6 GNU-getopt DBus i18n IDN DHCP DHCPv6 no-Lua TFTP conntrack ipset auth DNSSEC loop-detect inotify dumpfile
Jun 22 03:56:14 gtw01 dnsmasq[2574]: warning: no upstream servers configured
Jun 22 03:56:14 gtw01 dnsmasq-dhcp[2574]: DHCP, static leases only on 192.168.121.0, lease time 1h
Jun 22 03:56:14 gtw01 dnsmasq[2574]: read /var/lib/neutron/dhcp/eab912ba-88ba-4d95-b83e-71af0e6af018/addn_hosts - 1 addresses
Jun 22 03:56:14 gtw01 dnsmasq-dhcp[2574]: read /var/lib/neutron/dhcp/eab912ba-88ba-4d95-b83e-71af0e6af018/host
Jun 22 03:56:14 gtw01 dnsmasq-dhcp[2574]: read /var/lib/neutron/dhcp/eab912ba-88ba-4d95-b83e-71af0e6af018/opts
Jun 22 03:56:14 gtw01 haproxy-metadata-proxy-eab912ba-88ba-4d95-b83e-71af0e6af018[2578]: Proxy listener started.
Jun 22 03:56:14 gtw01 dnsmasq[2574]: read /var/lib/neutron/dhcp/eab912ba-88ba-4d95-b83e-71af0e6af018/addn_hosts - 1 addresses
Jun 22 03:56:14 gtw01 dnsmasq-dhcp[2574]: read /var/lib/neutron/dhcp/eab912ba-88ba-4d95-b83e-71af0e6af018/host
Jun 22 03:56:14 gtw01 dnsmasq-dhcp[2574]: read /var/lib/neutron/dhcp/eab912ba-88ba-4d95-b83e-71af0e6af018/opts
Jun 22 03:56:15 gtw01 dnsmasq[2040]: read /var/lib/neutron/dhcp/f4bd7ec9-d6cd-4cf0-bbdb-2909906fd58f/addn_hosts - 1 addresses
Jun 22 03:56:15 gtw01 dnsmasq-dhcp[2040]: read /var/lib/neutron/dhcp/f4bd7ec9-d6cd-4cf0-bbdb-2909906fd58f/host
Jun 22 03:56:15 gtw01 dnsmasq-dhcp[2040]: read /var/lib/neutron/dhcp/f4bd7ec9-d6cd-4cf0-bbdb-2909906fd58f/opts
Jun 22 03:56:15 gtw01 dnsmasq[2574]: read /var/lib/neutron/dhcp/eab912ba-88ba-4d95-b83e-71af0e6af018/addn_hosts - 1 addresses
Jun 22 03:56:15 gtw01 dnsmasq-dhcp[2574]: read /var/lib/neutron/dhcp/eab912ba-88ba-4d95-b83e-71af0e6af018/host
Jun 22 03:56:15 gtw01 dnsmasq-dhcp[2574]: read /var/lib/neutron/dhcp/eab912ba-88ba-4d95-b83e-71af0e6af018/opts
Jun 22 03:56:15 gtw01 haproxy-metadata-proxy-f4bd7ec9-d6cd-4cf0-bbdb-2909906fd58f[2624]: Proxy listener started.
Jun 22 03:56:16 gtw01 dnsmasq[2574]: read /var/lib/neutron/dhcp/eab912ba-88ba-4d95-b83e-71af0e6af018/addn_hosts - 1 addresses
Jun 22 03:56:16 gtw01 dnsmasq-dhcp[2574]: read /var/lib/neutron/dhcp/eab912ba-88ba-4d95-b83e-71af0e6af018/host
Jun 22 03:56:16 gtw01 dnsmasq-dhcp[2574]: read /var/lib/neutron/dhcp/eab912ba-88ba-4d95-b83e-71af0e6af018/opts
Jun 22 03:56:17 gtw01 kernel: [ 4766.847991] device tap04f07bd1-12 left promiscuous mode
Jun 22 03:56:21 gtw01 kernel: [ 4770.164559] device tapa2625f04-4d left promiscuous mode
Jun 22 03:56:22 gtw01 kernel: [ 4771.569121] device tapf6f305fa-a1 left promiscuous mode
Jun 22 03:56:26 gtw01 kernel: [ 4774.921660] device tap53fc176e-3d left promiscuous mode
Jun 22 03:56:48 gtw01 dnsmasq[23668]: read /var/lib/neutron/dhcp/0c33eb02-9712-4a4f-b13f-3c1479e5c4df/addn_hosts - 1 addresses
Jun 22 03:56:48 gtw01 dnsmasq-dhcp[23668]: read /var/lib/neutron/dhcp/0c33eb02-9712-4a4f-b13f-3c1479e5c4df/host
Jun 22 03:56:48 gtw01 dnsmasq-dhcp[23668]: read /var/lib/neutron/dhcp/0c33eb02-9712-4a4f-b13f-3c1479e5c4df/opts
Jun 22 03:56:48 gtw01 haproxy-metadata-proxy-0c33eb02-9712-4a4f-b13f-3c1479e5c4df[2819]: Proxy listener started.
Jun 22 03:56:49 gtw01 kernel: [ 4798.836258] device qr-0d65c1d6-d4 left promiscuous mode
Jun 22 03:56:52 gtw01 kernel: [ 4801.285769] device tap170d2953-31 left promiscuous mode
Jun 22 03:56:52 gtw01 kernel: [ 4801.557115] device qg-50d8c656-03 left promiscuous mode
Jun 22 03:57:00 gtw01 kernel: [ 4809.803652] device tap3dd2b34d-81 entered promiscuous mode
Jun 22 03:57:00 gtw01 systemd-udevd[2972]: Could not generate persistent MAC address for tap3dd2b34d-81: No such file or directory
Jun 22 03:57:00 gtw01 systemd-udevd[2972]: Process '/sbin/ip link set tap3dd2b34d-81 txqueuelen 10000' failed with exit code 1.
Jun 22 03:57:01 gtw01 systemd-udevd[2972]: Process '/sbin/ip link set tap3dd2b34d-81 txqueuelen 10000' failed with exit code 1.
Jun 22 03:57:03 gtw01 systemd-udevd[3121]: Could not generate persistent MAC address for qr-473d8e08-08: No such file or directory
Jun 22 03:57:03 gtw01 kernel: [ 4812.615678] device qr-473d8e08-08 entered promiscuous mode
Jun 22 03:57:04 gtw01 dnsmasq[3184]: started, version 2.80 cachesize 150
Jun 22 03:57:04 gtw01 dnsmasq[3184]: DNS service limited to local subnets
Jun 22 03:57:04 gtw01 dnsmasq[3184]: compile time options: IPv6 GNU-getopt DBus i18n IDN DHCP DHCPv6 no-Lua TFTP conntrack ipset auth DNSSEC loop-detect inotify dumpfile
Jun 22 03:57:04 gtw01 dnsmasq[3184]: warning: no upstream servers configured
Jun 22 03:57:04 gtw01 dnsmasq-dhcp[3184]: DHCP, static leases only on 192.168.120.0, lease time 1h
Jun 22 03:57:04 gtw01 dnsmasq[3184]: read /var/lib/neutron/dhcp/9cd27ec0-9bf6-48d3-bf8d-a954a0528f50/addn_hosts - 1 addresses
Jun 22 03:57:04 gtw01 dnsmasq-dhcp[3184]: read /var/lib/neutron/dhcp/9cd27ec0-9bf6-48d3-bf8d-a954a0528f50/host
Jun 22 03:57:04 gtw01 dnsmasq-dhcp[3184]: read /var/lib/neutron/dhcp/9cd27ec0-9bf6-48d3-bf8d-a954a0528f50/opts
Jun 22 03:57:04 gtw01 haproxy-metadata-proxy-9cd27ec0-9bf6-48d3-bf8d-a954a0528f50[3193]: Proxy listener started.
Jun 22 03:57:04 gtw01 dnsmasq[3184]: read /var/lib/neutron/dhcp/9cd27ec0-9bf6-48d3-bf8d-a954a0528f50/addn_hosts - 2 addresses
Jun 22 03:57:04 gtw01 dnsmasq-dhcp[3184]: read /var/lib/neutron/dhcp/9cd27ec0-9bf6-48d3-bf8d-a954a0528f50/host
Jun 22 03:57:04 gtw01 dnsmasq-dhcp[3184]: read /var/lib/neutron/dhcp/9cd27ec0-9bf6-48d3-bf8d-a954a0528f50/opts
Jun 22 03:57:04 gtw01 systemd-udevd[3234]: Could not generate persistent MAC address for qg-a4f67180-4b: No such file or directory
Jun 22 03:57:04 gtw01 kernel: [ 4813.865890] device qg-a4f67180-4b entered promiscuous mode
Jun 22 03:57:06 gtw01 dnsmasq[3184]: read /var/lib/neutron/dhcp/9cd27ec0-9bf6-48d3-bf8d-a954a0528f50/addn_hosts - 2 addresses
Jun 22 03:57:06 gtw01 dnsmasq-dhcp[3184]: read /var/lib/neutron/dhcp/9cd27ec0-9bf6-48d3-bf8d-a954a0528f50/host
Jun 22 03:57:06 gtw01 dnsmasq-dhcp[3184]: read /var/lib/neutron/dhcp/9cd27ec0-9bf6-48d3-bf8d-a954a0528f50/opts
Jun 22 03:57:07 gtw01 dnsmasq[3184]: read /var/lib/neutron/dhcp/9cd27ec0-9bf6-48d3-bf8d-a954a0528f50/addn_hosts - 2 addresses
Jun 22 03:57:07 gtw01 dnsmasq-dhcp[3184]: read /var/lib/neutron/dhcp/9cd27ec0-9bf6-48d3-bf8d-a954a0528f50/host
Jun 22 03:57:07 gtw01 dnsmasq-dhcp[3184]: read /var/lib/neutron/dhcp/9cd27ec0-9bf6-48d3-bf8d-a954a0528f50/opts
Jun 22 03:57:07 gtw01 kernel: [ 4816.367109] IPv4: martian source 192.168.120.1 from 192.168.120.1, on dev qg-a4f67180-4b
Jun 22 03:57:07 gtw01 kernel: [ 4816.367112] ll header: 00000000: ff ff ff ff ff ff fa 16 3e 2d 8f d8 08 06        ........>-....
Jun 22 03:57:07 gtw01 kernel: [ 4816.394786] IPv4: martian source 10.16.0.131 from 10.16.0.131, on dev qr-473d8e08-08
Jun 22 03:57:07 gtw01 kernel: [ 4816.395123] ll header: 00000000: ff ff ff ff ff ff fa 16 3e da 08 ef 08 06        ........>.....
Jun 22 03:57:07 gtw01 dnsmasq[3184]: read /var/lib/neutron/dhcp/9cd27ec0-9bf6-48d3-bf8d-a954a0528f50/addn_hosts - 2 addresses
Jun 22 03:57:07 gtw01 dnsmasq-dhcp[3184]: read /var/lib/neutron/dhcp/9cd27ec0-9bf6-48d3-bf8d-a954a0528f50/host
Jun 22 03:57:07 gtw01 dnsmasq-dhcp[3184]: read /var/lib/neutron/dhcp/9cd27ec0-9bf6-48d3-bf8d-a954a0528f50/opts
Jun 22 03:57:08 gtw01 dnsmasq[3184]: read /var/lib/neutron/dhcp/9cd27ec0-9bf6-48d3-bf8d-a954a0528f50/addn_hosts - 2 addresses
Jun 22 03:57:08 gtw01 dnsmasq-dhcp[3184]: read /var/lib/neutron/dhcp/9cd27ec0-9bf6-48d3-bf8d-a954a0528f50/host
Jun 22 03:57:08 gtw01 dnsmasq-dhcp[3184]: read /var/lib/neutron/dhcp/9cd27ec0-9bf6-48d3-bf8d-a954a0528f50/opts
Jun 22 03:57:11 gtw01 haproxy-metadata-proxy-350c5b46-7ff1-487e-82dd-289e71d12829[3526]: Proxy listener started.
Jun 22 03:57:12 gtw01 dnsmasq[3184]: read /var/lib/neutron/dhcp/9cd27ec0-9bf6-48d3-bf8d-a954a0528f50/addn_hosts - 2 addresses
Jun 22 03:57:12 gtw01 dnsmasq-dhcp[3184]: read /var/lib/neutron/dhcp/9cd27ec0-9bf6-48d3-bf8d-a954a0528f50/host
Jun 22 03:57:12 gtw01 dnsmasq-dhcp[3184]: read /var/lib/neutron/dhcp/9cd27ec0-9bf6-48d3-bf8d-a954a0528f50/opts
Jun 22 03:57:13 gtw01 dnsmasq[3184]: read /var/lib/neutron/dhcp/9cd27ec0-9bf6-48d3-bf8d-a954a0528f50/addn_hosts - 2 addresses
Jun 22 03:57:13 gtw01 dnsmasq-dhcp[3184]: read /var/lib/neutron/dhcp/9cd27ec0-9bf6-48d3-bf8d-a954a0528f50/host
Jun 22 03:57:13 gtw01 dnsmasq-dhcp[3184]: read /var/lib/neutron/dhcp/9cd27ec0-9bf6-48d3-bf8d-a954a0528f50/opts
