Jun 22 04:05:45 gtw01 dnsmasq[12116]: read /var/lib/neutron/dhcp/f3f97aaa-bd4b-4221-8f15-c783ef545e33/addn_hosts - 1 addresses
Jun 22 04:05:45 gtw01 dnsmasq-dhcp[12116]: read /var/lib/neutron/dhcp/f3f97aaa-bd4b-4221-8f15-c783ef545e33/host
Jun 22 04:05:45 gtw01 dnsmasq-dhcp[12116]: read /var/lib/neutron/dhcp/f3f97aaa-bd4b-4221-8f15-c783ef545e33/opts
Jun 22 04:05:45 gtw01 kernel: [ 5334.661818] device qg-956e5d3d-6f entered promiscuous mode
Jun 22 04:05:45 gtw01 systemd-udevd[12121]: Could not generate persistent MAC address for qg-956e5d3d-6f: No such file or directory
Jun 22 04:05:46 gtw01 haproxy-metadata-proxy-f3f97aaa-bd4b-4221-8f15-c783ef545e33[12179]: Proxy listener started.
Jun 22 04:05:46 gtw01 dnsmasq[12116]: read /var/lib/neutron/dhcp/f3f97aaa-bd4b-4221-8f15-c783ef545e33/addn_hosts - 2 addresses
Jun 22 04:05:46 gtw01 dnsmasq-dhcp[12116]: read /var/lib/neutron/dhcp/f3f97aaa-bd4b-4221-8f15-c783ef545e33/host
Jun 22 04:05:46 gtw01 dnsmasq-dhcp[12116]: read /var/lib/neutron/dhcp/f3f97aaa-bd4b-4221-8f15-c783ef545e33/opts
Jun 22 04:05:47 gtw01 dnsmasq[12116]: read /var/lib/neutron/dhcp/f3f97aaa-bd4b-4221-8f15-c783ef545e33/addn_hosts - 2 addresses
Jun 22 04:05:47 gtw01 dnsmasq-dhcp[12116]: read /var/lib/neutron/dhcp/f3f97aaa-bd4b-4221-8f15-c783ef545e33/host
Jun 22 04:05:47 gtw01 dnsmasq-dhcp[12116]: read /var/lib/neutron/dhcp/f3f97aaa-bd4b-4221-8f15-c783ef545e33/opts
Jun 22 04:05:48 gtw01 dnsmasq[3184]: read /var/lib/neutron/dhcp/9cd27ec0-9bf6-48d3-bf8d-a954a0528f50/addn_hosts - 2 addresses
Jun 22 04:05:48 gtw01 dnsmasq-dhcp[3184]: read /var/lib/neutron/dhcp/9cd27ec0-9bf6-48d3-bf8d-a954a0528f50/host
Jun 22 04:05:48 gtw01 dnsmasq-dhcp[3184]: read /var/lib/neutron/dhcp/9cd27ec0-9bf6-48d3-bf8d-a954a0528f50/opts
Jun 22 04:05:48 gtw01 dnsmasq[12116]: read /var/lib/neutron/dhcp/f3f97aaa-bd4b-4221-8f15-c783ef545e33/addn_hosts - 2 addresses
Jun 22 04:05:48 gtw01 dnsmasq-dhcp[12116]: read /var/lib/neutron/dhcp/f3f97aaa-bd4b-4221-8f15-c783ef545e33/host
Jun 22 04:05:48 gtw01 dnsmasq-dhcp[12116]: read /var/lib/neutron/dhcp/f3f97aaa-bd4b-4221-8f15-c783ef545e33/opts
Jun 22 04:05:49 gtw01 dnsmasq[12116]: read /var/lib/neutron/dhcp/f3f97aaa-bd4b-4221-8f15-c783ef545e33/addn_hosts - 2 addresses
Jun 22 04:05:49 gtw01 dnsmasq-dhcp[12116]: read /var/lib/neutron/dhcp/f3f97aaa-bd4b-4221-8f15-c783ef545e33/host
Jun 22 04:05:49 gtw01 dnsmasq-dhcp[12116]: read /var/lib/neutron/dhcp/f3f97aaa-bd4b-4221-8f15-c783ef545e33/opts
Jun 22 04:05:50 gtw01 dnsmasq[12116]: read /var/lib/neutron/dhcp/f3f97aaa-bd4b-4221-8f15-c783ef545e33/addn_hosts - 2 addresses
Jun 22 04:05:50 gtw01 dnsmasq-dhcp[12116]: read /var/lib/neutron/dhcp/f3f97aaa-bd4b-4221-8f15-c783ef545e33/host
Jun 22 04:05:50 gtw01 dnsmasq-dhcp[12116]: read /var/lib/neutron/dhcp/f3f97aaa-bd4b-4221-8f15-c783ef545e33/opts
Jun 22 04:05:52 gtw01 haproxy-metadata-proxy-ff2bce8c-93d6-4cc4-b7bb-bcc1d75062fd[12435]: Proxy listener started.
Jun 22 04:05:52 gtw01 systemd-udevd[12458]: Could not generate persistent MAC address for tapd3a19b37-e6: No such file or directory
Jun 22 04:05:52 gtw01 kernel: [ 5341.686773] device tapd3a19b37-e6 entered promiscuous mode
Jun 22 04:05:52 gtw01 systemd-udevd[12503]: Process '/sbin/ip link set tapd3a19b37-e6 txqueuelen 10000' failed with exit code 1.
Jun 22 04:05:53 gtw01 dnsmasq[12116]: read /var/lib/neutron/dhcp/f3f97aaa-bd4b-4221-8f15-c783ef545e33/addn_hosts - 2 addresses
Jun 22 04:05:53 gtw01 dnsmasq-dhcp[12116]: read /var/lib/neutron/dhcp/f3f97aaa-bd4b-4221-8f15-c783ef545e33/host
Jun 22 04:05:53 gtw01 dnsmasq-dhcp[12116]: read /var/lib/neutron/dhcp/f3f97aaa-bd4b-4221-8f15-c783ef545e33/opts
Jun 22 04:05:54 gtw01 kernel: [ 5343.793716] device qr-ccdf0b63-fe entered promiscuous mode
Jun 22 04:05:54 gtw01 systemd-udevd[12595]: Could not generate persistent MAC address for qr-ccdf0b63-fe: No such file or directory
Jun 22 04:05:54 gtw01 dnsmasq[12116]: read /var/lib/neutron/dhcp/f3f97aaa-bd4b-4221-8f15-c783ef545e33/addn_hosts - 2 addresses
Jun 22 04:05:54 gtw01 dnsmasq-dhcp[12116]: read /var/lib/neutron/dhcp/f3f97aaa-bd4b-4221-8f15-c783ef545e33/host
Jun 22 04:05:54 gtw01 dnsmasq-dhcp[12116]: read /var/lib/neutron/dhcp/f3f97aaa-bd4b-4221-8f15-c783ef545e33/opts
Jun 22 04:05:56 gtw01 dnsmasq[12751]: started, version 2.80 cachesize 150
Jun 22 04:05:56 gtw01 dnsmasq[12751]: DNS service limited to local subnets
Jun 22 04:05:56 gtw01 dnsmasq[12751]: compile time options: IPv6 GNU-getopt DBus i18n IDN DHCP DHCPv6 no-Lua TFTP conntrack ipset auth DNSSEC loop-detect inotify dumpfile
Jun 22 04:05:56 gtw01 dnsmasq[12751]: warning: no upstream servers configured
Jun 22 04:05:56 gtw01 dnsmasq-dhcp[12751]: DHCP, static leases only on 192.168.120.0, lease time 1h
Jun 22 04:05:56 gtw01 dnsmasq[12751]: read /var/lib/neutron/dhcp/5772e592-9a1c-475d-a803-158312347812/addn_hosts - 1 addresses
Jun 22 04:05:56 gtw01 dnsmasq-dhcp[12751]: read /var/lib/neutron/dhcp/5772e592-9a1c-475d-a803-158312347812/host
Jun 22 04:05:56 gtw01 dnsmasq-dhcp[12751]: read /var/lib/neutron/dhcp/5772e592-9a1c-475d-a803-158312347812/opts
Jun 22 04:05:56 gtw01 haproxy-metadata-proxy-5772e592-9a1c-475d-a803-158312347812[12763]: Proxy listener started.
Jun 22 04:05:56 gtw01 systemd-udevd[12780]: Could not generate persistent MAC address for qr-24e130ce-33: No such file or directory
Jun 22 04:05:56 gtw01 kernel: [ 5345.829949] device qr-24e130ce-33 entered promiscuous mode
Jun 22 04:05:57 gtw01 dnsmasq[12751]: read /var/lib/neutron/dhcp/5772e592-9a1c-475d-a803-158312347812/addn_hosts - 2 addresses
Jun 22 04:05:57 gtw01 dnsmasq-dhcp[12751]: read /var/lib/neutron/dhcp/5772e592-9a1c-475d-a803-158312347812/host
Jun 22 04:05:57 gtw01 dnsmasq-dhcp[12751]: read /var/lib/neutron/dhcp/5772e592-9a1c-475d-a803-158312347812/opts
Jun 22 04:05:58 gtw01 kernel: [ 5347.171699] device qg-850731c0-1a entered promiscuous mode
Jun 22 04:05:58 gtw01 systemd-udevd[12924]: Could not generate persistent MAC address for qg-850731c0-1a: No such file or directory
Jun 22 04:05:58 gtw01 dnsmasq[12751]: read /var/lib/neutron/dhcp/5772e592-9a1c-475d-a803-158312347812/addn_hosts - 2 addresses
Jun 22 04:05:58 gtw01 dnsmasq-dhcp[12751]: read /var/lib/neutron/dhcp/5772e592-9a1c-475d-a803-158312347812/host
Jun 22 04:05:58 gtw01 dnsmasq-dhcp[12751]: read /var/lib/neutron/dhcp/5772e592-9a1c-475d-a803-158312347812/opts
Jun 22 04:05:59 gtw01 dnsmasq[12751]: read /var/lib/neutron/dhcp/5772e592-9a1c-475d-a803-158312347812/addn_hosts - 2 addresses
Jun 22 04:05:59 gtw01 dnsmasq-dhcp[12751]: read /var/lib/neutron/dhcp/5772e592-9a1c-475d-a803-158312347812/host
Jun 22 04:05:59 gtw01 dnsmasq-dhcp[12751]: read /var/lib/neutron/dhcp/5772e592-9a1c-475d-a803-158312347812/opts
Jun 22 04:06:00 gtw01 dnsmasq[3184]: read /var/lib/neutron/dhcp/9cd27ec0-9bf6-48d3-bf8d-a954a0528f50/addn_hosts - 3 addresses
Jun 22 04:06:00 gtw01 dnsmasq-dhcp[3184]: read /var/lib/neutron/dhcp/9cd27ec0-9bf6-48d3-bf8d-a954a0528f50/host
Jun 22 04:06:00 gtw01 dnsmasq-dhcp[3184]: read /var/lib/neutron/dhcp/9cd27ec0-9bf6-48d3-bf8d-a954a0528f50/opts
Jun 22 04:06:00 gtw01 dnsmasq[12751]: read /var/lib/neutron/dhcp/5772e592-9a1c-475d-a803-158312347812/addn_hosts - 2 addresses
Jun 22 04:06:00 gtw01 dnsmasq-dhcp[12751]: read /var/lib/neutron/dhcp/5772e592-9a1c-475d-a803-158312347812/host
Jun 22 04:06:00 gtw01 dnsmasq-dhcp[12751]: read /var/lib/neutron/dhcp/5772e592-9a1c-475d-a803-158312347812/opts
Jun 22 04:06:01 gtw01 dnsmasq[3184]: read /var/lib/neutron/dhcp/9cd27ec0-9bf6-48d3-bf8d-a954a0528f50/addn_hosts - 3 addresses
Jun 22 04:06:01 gtw01 dnsmasq-dhcp[3184]: read /var/lib/neutron/dhcp/9cd27ec0-9bf6-48d3-bf8d-a954a0528f50/host
Jun 22 04:06:01 gtw01 dnsmasq-dhcp[3184]: read /var/lib/neutron/dhcp/9cd27ec0-9bf6-48d3-bf8d-a954a0528f50/opts
Jun 22 04:06:01 gtw01 dnsmasq[12751]: read /var/lib/neutron/dhcp/5772e592-9a1c-475d-a803-158312347812/addn_hosts - 2 addresses
Jun 22 04:06:01 gtw01 dnsmasq-dhcp[12751]: read /var/lib/neutron/dhcp/5772e592-9a1c-475d-a803-158312347812/host
Jun 22 04:06:01 gtw01 dnsmasq-dhcp[12751]: read /var/lib/neutron/dhcp/5772e592-9a1c-475d-a803-158312347812/opts
Jun 22 04:06:02 gtw01 dnsmasq[3184]: read /var/lib/neutron/dhcp/9cd27ec0-9bf6-48d3-bf8d-a954a0528f50/addn_hosts - 3 addresses
Jun 22 04:06:02 gtw01 dnsmasq-dhcp[3184]: read /var/lib/neutron/dhcp/9cd27ec0-9bf6-48d3-bf8d-a954a0528f50/host
Jun 22 04:06:02 gtw01 dnsmasq-dhcp[3184]: read /var/lib/neutron/dhcp/9cd27ec0-9bf6-48d3-bf8d-a954a0528f50/opts
Jun 22 04:06:04 gtw01 dnsmasq[12116]: read /var/lib/neutron/dhcp/f3f97aaa-bd4b-4221-8f15-c783ef545e33/addn_hosts - 3 addresses
Jun 22 04:06:04 gtw01 dnsmasq-dhcp[12116]: read /var/lib/neutron/dhcp/f3f97aaa-bd4b-4221-8f15-c783ef545e33/host
Jun 22 04:06:04 gtw01 dnsmasq-dhcp[12116]: read /var/lib/neutron/dhcp/f3f97aaa-bd4b-4221-8f15-c783ef545e33/opts
Jun 22 04:06:05 gtw01 haproxy-metadata-proxy-f5db9153-ce8b-446f-82a6-e870fffd1bba[13329]: Proxy listener started.
Jun 22 04:06:05 gtw01 dnsmasq[12116]: read /var/lib/neutron/dhcp/f3f97aaa-bd4b-4221-8f15-c783ef545e33/addn_hosts - 3 addresses
Jun 22 04:06:05 gtw01 dnsmasq-dhcp[12116]: read /var/lib/neutron/dhcp/f3f97aaa-bd4b-4221-8f15-c783ef545e33/host
Jun 22 04:06:05 gtw01 dnsmasq-dhcp[12116]: read /var/lib/neutron/dhcp/f3f97aaa-bd4b-4221-8f15-c783ef545e33/opts
Jun 22 04:06:06 gtw01 dnsmasq[12116]: read /var/lib/neutron/dhcp/f3f97aaa-bd4b-4221-8f15-c783ef545e33/addn_hosts - 3 addresses
Jun 22 04:06:06 gtw01 dnsmasq-dhcp[12116]: read /var/lib/neutron/dhcp/f3f97aaa-bd4b-4221-8f15-c783ef545e33/host
Jun 22 04:06:06 gtw01 dnsmasq-dhcp[12116]: read /var/lib/neutron/dhcp/f3f97aaa-bd4b-4221-8f15-c783ef545e33/opts
Jun 22 04:06:07 gtw01 dnsmasq[12751]: read /var/lib/neutron/dhcp/5772e592-9a1c-475d-a803-158312347812/addn_hosts - 2 addresses
Jun 22 04:06:07 gtw01 dnsmasq-dhcp[12751]: read /var/lib/neutron/dhcp/5772e592-9a1c-475d-a803-158312347812/host
Jun 22 04:06:07 gtw01 dnsmasq-dhcp[12751]: read /var/lib/neutron/dhcp/5772e592-9a1c-475d-a803-158312347812/opts
Jun 22 04:06:08 gtw01 dnsmasq[12751]: read /var/lib/neutron/dhcp/5772e592-9a1c-475d-a803-158312347812/addn_hosts - 2 addresses
Jun 22 04:06:08 gtw01 dnsmasq-dhcp[12751]: read /var/lib/neutron/dhcp/5772e592-9a1c-475d-a803-158312347812/host
Jun 22 04:06:08 gtw01 dnsmasq-dhcp[12751]: read /var/lib/neutron/dhcp/5772e592-9a1c-475d-a803-158312347812/opts
Jun 22 04:06:08 gtw01 dnsmasq[3184]: read /var/lib/neutron/dhcp/9cd27ec0-9bf6-48d3-bf8d-a954a0528f50/addn_hosts - 2 addresses
Jun 22 04:06:08 gtw01 dnsmasq-dhcp[3184]: read /var/lib/neutron/dhcp/9cd27ec0-9bf6-48d3-bf8d-a954a0528f50/host
Jun 22 04:06:08 gtw01 dnsmasq-dhcp[3184]: read /var/lib/neutron/dhcp/9cd27ec0-9bf6-48d3-bf8d-a954a0528f50/opts
Jun 22 04:06:11 gtw01 dnsmasq[12751]: read /var/lib/neutron/dhcp/5772e592-9a1c-475d-a803-158312347812/addn_hosts - 1 addresses
Jun 22 04:06:11 gtw01 dnsmasq-dhcp[12751]: read /var/lib/neutron/dhcp/5772e592-9a1c-475d-a803-158312347812/host
Jun 22 04:06:11 gtw01 dnsmasq-dhcp[12751]: read /var/lib/neutron/dhcp/5772e592-9a1c-475d-a803-158312347812/opts
Jun 22 04:06:12 gtw01 haproxy-metadata-proxy-5772e592-9a1c-475d-a803-158312347812[13546]: Proxy listener started.
Jun 22 04:06:13 gtw01 kernel: [ 5362.263213] device tap3884ade2-b5 entered promiscuous mode
Jun 22 04:06:13 gtw01 systemd-udevd[13580]: Could not generate persistent MAC address for tap3884ade2-b5: No such file or directory
Jun 22 04:06:13 gtw01 systemd-udevd[13580]: Process '/sbin/ip link set tap3884ade2-b5 txqueuelen 10000' failed with exit code 1.
Jun 22 04:06:13 gtw01 systemd-udevd[13631]: Process '/sbin/ip link set tap3884ade2-b5 txqueuelen 10000' failed with exit code 1.
Jun 22 04:06:14 gtw01 kernel: [ 5363.262468] device qr-24e130ce-33 left promiscuous mode
Jun 22 04:06:15 gtw01 kernel: [ 5364.075490] device qg-850731c0-1a left promiscuous mode
Jun 22 04:06:16 gtw01 dnsmasq[13807]: started, version 2.80 cachesize 150
Jun 22 04:06:16 gtw01 dnsmasq[13807]: DNS service limited to local subnets
Jun 22 04:06:16 gtw01 dnsmasq[13807]: compile time options: IPv6 GNU-getopt DBus i18n IDN DHCP DHCPv6 no-Lua TFTP conntrack ipset auth DNSSEC loop-detect inotify dumpfile
Jun 22 04:06:16 gtw01 dnsmasq[13807]: warning: no upstream servers configured
Jun 22 04:06:16 gtw01 dnsmasq-dhcp[13807]: DHCP, static leases only on 192.168.120.0, lease time 1h
Jun 22 04:06:16 gtw01 dnsmasq[13807]: read /var/lib/neutron/dhcp/581abee7-c460-4e9d-b930-2b19fca601cb/addn_hosts - 1 addresses
Jun 22 04:06:16 gtw01 dnsmasq-dhcp[13807]: read /var/lib/neutron/dhcp/581abee7-c460-4e9d-b930-2b19fca601cb/host
Jun 22 04:06:16 gtw01 dnsmasq-dhcp[13807]: read /var/lib/neutron/dhcp/581abee7-c460-4e9d-b930-2b19fca601cb/opts
Jun 22 04:06:17 gtw01 haproxy-metadata-proxy-581abee7-c460-4e9d-b930-2b19fca601cb[13826]: Proxy listener started.
Jun 22 04:06:17 gtw01 dnsmasq[13807]: read /var/lib/neutron/dhcp/581abee7-c460-4e9d-b930-2b19fca601cb/addn_hosts - 2 addresses
Jun 22 04:06:17 gtw01 dnsmasq-dhcp[13807]: read /var/lib/neutron/dhcp/581abee7-c460-4e9d-b930-2b19fca601cb/host
Jun 22 04:06:17 gtw01 dnsmasq-dhcp[13807]: read /var/lib/neutron/dhcp/581abee7-c460-4e9d-b930-2b19fca601cb/opts
Jun 22 04:06:17 gtw01 systemd-udevd[13888]: Could not generate persistent MAC address for qg-6577c8bd-cd: No such file or directory
Jun 22 04:06:17 gtw01 kernel: [ 5366.797468] device qg-6577c8bd-cd entered promiscuous mode
Jun 22 04:06:18 gtw01 kernel: [ 5367.786015] device tapd3a19b37-e6 left promiscuous mode
Jun 22 04:06:19 gtw01 dnsmasq[13807]: read /var/lib/neutron/dhcp/581abee7-c460-4e9d-b930-2b19fca601cb/addn_hosts - 2 addresses
Jun 22 04:06:19 gtw01 dnsmasq-dhcp[13807]: read /var/lib/neutron/dhcp/581abee7-c460-4e9d-b930-2b19fca601cb/host
Jun 22 04:06:19 gtw01 dnsmasq-dhcp[13807]: read /var/lib/neutron/dhcp/581abee7-c460-4e9d-b930-2b19fca601cb/opts
Jun 22 04:06:19 gtw01 dnsmasq[3184]: read /var/lib/neutron/dhcp/9cd27ec0-9bf6-48d3-bf8d-a954a0528f50/addn_hosts - 3 addresses
Jun 22 04:06:19 gtw01 dnsmasq-dhcp[3184]: read /var/lib/neutron/dhcp/9cd27ec0-9bf6-48d3-bf8d-a954a0528f50/host
Jun 22 04:06:19 gtw01 dnsmasq-dhcp[3184]: read /var/lib/neutron/dhcp/9cd27ec0-9bf6-48d3-bf8d-a954a0528f50/opts
Jun 22 04:06:20 gtw01 dnsmasq[13807]: read /var/lib/neutron/dhcp/581abee7-c460-4e9d-b930-2b19fca601cb/addn_hosts - 2 addresses
Jun 22 04:06:20 gtw01 dnsmasq-dhcp[13807]: read /var/lib/neutron/dhcp/581abee7-c460-4e9d-b930-2b19fca601cb/host
Jun 22 04:06:20 gtw01 dnsmasq-dhcp[13807]: read /var/lib/neutron/dhcp/581abee7-c460-4e9d-b930-2b19fca601cb/opts
Jun 22 04:06:20 gtw01 dnsmasq[3184]: read /var/lib/neutron/dhcp/9cd27ec0-9bf6-48d3-bf8d-a954a0528f50/addn_hosts - 3 addresses
Jun 22 04:06:20 gtw01 dnsmasq-dhcp[3184]: read /var/lib/neutron/dhcp/9cd27ec0-9bf6-48d3-bf8d-a954a0528f50/host
Jun 22 04:06:20 gtw01 dnsmasq-dhcp[3184]: read /var/lib/neutron/dhcp/9cd27ec0-9bf6-48d3-bf8d-a954a0528f50/opts
Jun 22 04:06:21 gtw01 dnsmasq-dhcp[12116]: DHCPDISCOVER(tap17812154-07) fa:16:3e:94:16:02
Jun 22 04:06:21 gtw01 dnsmasq-dhcp[12116]: DHCPOFFER(tap17812154-07) 192.168.120.10 fa:16:3e:94:16:02
Jun 22 04:06:21 gtw01 dnsmasq-dhcp[12116]: DHCPREQUEST(tap17812154-07) 192.168.120.10 fa:16:3e:94:16:02
Jun 22 04:06:21 gtw01 dnsmasq-dhcp[12116]: DHCPACK(tap17812154-07) 192.168.120.10 fa:16:3e:94:16:02 host-192-168-120-10
Jun 22 04:06:21 gtw01 dnsmasq[13807]: read /var/lib/neutron/dhcp/581abee7-c460-4e9d-b930-2b19fca601cb/addn_hosts - 2 addresses
Jun 22 04:06:21 gtw01 dnsmasq-dhcp[13807]: read /var/lib/neutron/dhcp/581abee7-c460-4e9d-b930-2b19fca601cb/host
Jun 22 04:06:21 gtw01 dnsmasq-dhcp[13807]: read /var/lib/neutron/dhcp/581abee7-c460-4e9d-b930-2b19fca601cb/opts
Jun 22 04:06:21 gtw01 dnsmasq[3184]: read /var/lib/neutron/dhcp/9cd27ec0-9bf6-48d3-bf8d-a954a0528f50/addn_hosts - 3 addresses
Jun 22 04:06:21 gtw01 dnsmasq-dhcp[3184]: read /var/lib/neutron/dhcp/9cd27ec0-9bf6-48d3-bf8d-a954a0528f50/host
Jun 22 04:06:21 gtw01 dnsmasq-dhcp[3184]: read /var/lib/neutron/dhcp/9cd27ec0-9bf6-48d3-bf8d-a954a0528f50/opts
Jun 22 04:06:22 gtw01 dnsmasq[13807]: read /var/lib/neutron/dhcp/581abee7-c460-4e9d-b930-2b19fca601cb/addn_hosts - 2 addresses
Jun 22 04:06:22 gtw01 dnsmasq-dhcp[13807]: read /var/lib/neutron/dhcp/581abee7-c460-4e9d-b930-2b19fca601cb/host
Jun 22 04:06:22 gtw01 dnsmasq-dhcp[13807]: read /var/lib/neutron/dhcp/581abee7-c460-4e9d-b930-2b19fca601cb/opts
Jun 22 04:06:24 gtw01 haproxy-metadata-proxy-ca2b2daa-35b7-4226-bb24-4766e4a5ade7[14266]: Proxy listener started.
Jun 22 04:06:26 gtw01 dnsmasq[13807]: read /var/lib/neutron/dhcp/581abee7-c460-4e9d-b930-2b19fca601cb/addn_hosts - 2 addresses
Jun 22 04:06:26 gtw01 dnsmasq-dhcp[13807]: read /var/lib/neutron/dhcp/581abee7-c460-4e9d-b930-2b19fca601cb/host
Jun 22 04:06:26 gtw01 dnsmasq-dhcp[13807]: read /var/lib/neutron/dhcp/581abee7-c460-4e9d-b930-2b19fca601cb/opts
Jun 22 04:06:27 gtw01 systemd-udevd[14309]: Could not generate persistent MAC address for qr-1c63b8c7-47: No such file or directory
Jun 22 04:06:27 gtw01 kernel: [ 5376.074024] device qr-1c63b8c7-47 entered promiscuous mode
Jun 22 04:06:27 gtw01 systemd-udevd[14375]: Could not generate persistent MAC address for tapff27c000-98: No such file or directory
Jun 22 04:06:27 gtw01 kernel: [ 5376.309555] device tapff27c000-98 entered promiscuous mode
Jun 22 04:06:27 gtw01 systemd-udevd[14375]: Process '/sbin/ip link set tapff27c000-98 txqueuelen 10000' failed with exit code 1.
Jun 22 04:06:27 gtw01 systemd-udevd[14430]: Process '/sbin/ip link set tapff27c000-98 txqueuelen 10000' failed with exit code 1.
Jun 22 04:06:27 gtw01 dnsmasq[13807]: read /var/lib/neutron/dhcp/581abee7-c460-4e9d-b930-2b19fca601cb/addn_hosts - 3 addresses
Jun 22 04:06:27 gtw01 dnsmasq-dhcp[13807]: read /var/lib/neutron/dhcp/581abee7-c460-4e9d-b930-2b19fca601cb/host
Jun 22 04:06:27 gtw01 dnsmasq-dhcp[13807]: read /var/lib/neutron/dhcp/581abee7-c460-4e9d-b930-2b19fca601cb/opts
Jun 22 04:06:27 gtw01 dnsmasq-dhcp[12116]: DHCPRELEASE(tap17812154-07) 192.168.120.10 fa:16:3e:94:16:02
Jun 22 04:06:28 gtw01 dnsmasq-dhcp[12116]: DHCPRELEASE(tap17812154-07) 192.168.120.10 fa:16:3e:94:16:02 unknown lease
Jun 22 04:06:28 gtw01 dnsmasq[13807]: read /var/lib/neutron/dhcp/581abee7-c460-4e9d-b930-2b19fca601cb/addn_hosts - 3 addresses
Jun 22 04:06:28 gtw01 dnsmasq-dhcp[13807]: read /var/lib/neutron/dhcp/581abee7-c460-4e9d-b930-2b19fca601cb/host
Jun 22 04:06:28 gtw01 dnsmasq-dhcp[13807]: read /var/lib/neutron/dhcp/581abee7-c460-4e9d-b930-2b19fca601cb/opts
Jun 22 04:06:29 gtw01 dnsmasq[12116]: read /var/lib/neutron/dhcp/f3f97aaa-bd4b-4221-8f15-c783ef545e33/addn_hosts - 2 addresses
Jun 22 04:06:29 gtw01 dnsmasq-dhcp[12116]: read /var/lib/neutron/dhcp/f3f97aaa-bd4b-4221-8f15-c783ef545e33/host
Jun 22 04:06:29 gtw01 dnsmasq-dhcp[12116]: read /var/lib/neutron/dhcp/f3f97aaa-bd4b-4221-8f15-c783ef545e33/opts
Jun 22 04:06:30 gtw01 dnsmasq[13807]: read /var/lib/neutron/dhcp/581abee7-c460-4e9d-b930-2b19fca601cb/addn_hosts - 3 addresses
Jun 22 04:06:30 gtw01 dnsmasq-dhcp[13807]: read /var/lib/neutron/dhcp/581abee7-c460-4e9d-b930-2b19fca601cb/host
Jun 22 04:06:30 gtw01 dnsmasq-dhcp[13807]: read /var/lib/neutron/dhcp/581abee7-c460-4e9d-b930-2b19fca601cb/opts
Jun 22 04:06:31 gtw01 systemd-udevd[14701]: Could not generate persistent MAC address for qg-c0eecc56-46: No such file or directory
Jun 22 04:06:31 gtw01 kernel: [ 5379.958435] device qg-c0eecc56-46 entered promiscuous mode
Jun 22 04:06:31 gtw01 dnsmasq[13807]: read /var/lib/neutron/dhcp/581abee7-c460-4e9d-b930-2b19fca601cb/addn_hosts - 3 addresses
Jun 22 04:06:31 gtw01 dnsmasq-dhcp[13807]: read /var/lib/neutron/dhcp/581abee7-c460-4e9d-b930-2b19fca601cb/host
Jun 22 04:06:31 gtw01 dnsmasq-dhcp[13807]: read /var/lib/neutron/dhcp/581abee7-c460-4e9d-b930-2b19fca601cb/opts
Jun 22 04:06:31 gtw01 dnsmasq[14792]: started, version 2.80 cachesize 150
Jun 22 04:06:31 gtw01 dnsmasq[14792]: DNS service limited to local subnets
Jun 22 04:06:31 gtw01 dnsmasq[14792]: compile time options: IPv6 GNU-getopt DBus i18n IDN DHCP DHCPv6 no-Lua TFTP conntrack ipset auth DNSSEC loop-detect inotify dumpfile
Jun 22 04:06:31 gtw01 dnsmasq[14792]: warning: no upstream servers configured
Jun 22 04:06:31 gtw01 dnsmasq-dhcp[14792]: DHCP, static leases only on 192.168.120.0, lease time 1h
Jun 22 04:06:31 gtw01 dnsmasq[14792]: read /var/lib/neutron/dhcp/346bdd58-177e-47ee-b845-e49b20353128/addn_hosts - 1 addresses
Jun 22 04:06:31 gtw01 dnsmasq-dhcp[14792]: read /var/lib/neutron/dhcp/346bdd58-177e-47ee-b845-e49b20353128/host
Jun 22 04:06:31 gtw01 dnsmasq-dhcp[14792]: read /var/lib/neutron/dhcp/346bdd58-177e-47ee-b845-e49b20353128/opts
Jun 22 04:06:31 gtw01 haproxy-metadata-proxy-346bdd58-177e-47ee-b845-e49b20353128[14812]: Proxy listener started.
Jun 22 04:06:32 gtw01 dnsmasq[14792]: read /var/lib/neutron/dhcp/346bdd58-177e-47ee-b845-e49b20353128/addn_hosts - 2 addresses
Jun 22 04:06:32 gtw01 dnsmasq-dhcp[14792]: read /var/lib/neutron/dhcp/346bdd58-177e-47ee-b845-e49b20353128/host
Jun 22 04:06:32 gtw01 dnsmasq-dhcp[14792]: read /var/lib/neutron/dhcp/346bdd58-177e-47ee-b845-e49b20353128/opts
Jun 22 04:06:33 gtw01 dnsmasq[12116]: read /var/lib/neutron/dhcp/f3f97aaa-bd4b-4221-8f15-c783ef545e33/addn_hosts - 1 addresses
Jun 22 04:06:33 gtw01 dnsmasq-dhcp[12116]: read /var/lib/neutron/dhcp/f3f97aaa-bd4b-4221-8f15-c783ef545e33/host
Jun 22 04:06:33 gtw01 dnsmasq-dhcp[12116]: read /var/lib/neutron/dhcp/f3f97aaa-bd4b-4221-8f15-c783ef545e33/opts
Jun 22 04:06:33 gtw01 dnsmasq[3184]: read /var/lib/neutron/dhcp/9cd27ec0-9bf6-48d3-bf8d-a954a0528f50/addn_hosts - 2 addresses
Jun 22 04:06:33 gtw01 dnsmasq-dhcp[3184]: read /var/lib/neutron/dhcp/9cd27ec0-9bf6-48d3-bf8d-a954a0528f50/host
Jun 22 04:06:33 gtw01 dnsmasq-dhcp[3184]: read /var/lib/neutron/dhcp/9cd27ec0-9bf6-48d3-bf8d-a954a0528f50/opts
Jun 22 04:06:33 gtw01 dnsmasq[14792]: read /var/lib/neutron/dhcp/346bdd58-177e-47ee-b845-e49b20353128/addn_hosts - 2 addresses
Jun 22 04:06:33 gtw01 dnsmasq-dhcp[14792]: read /var/lib/neutron/dhcp/346bdd58-177e-47ee-b845-e49b20353128/host
Jun 22 04:06:33 gtw01 dnsmasq-dhcp[14792]: read /var/lib/neutron/dhcp/346bdd58-177e-47ee-b845-e49b20353128/opts
Jun 22 04:06:34 gtw01 haproxy-metadata-proxy-f3f97aaa-bd4b-4221-8f15-c783ef545e33[14991]: Proxy listener started.
Jun 22 04:06:34 gtw01 dnsmasq[14792]: read /var/lib/neutron/dhcp/346bdd58-177e-47ee-b845-e49b20353128/addn_hosts - 2 addresses
Jun 22 04:06:34 gtw01 dnsmasq-dhcp[14792]: read /var/lib/neutron/dhcp/346bdd58-177e-47ee-b845-e49b20353128/host
Jun 22 04:06:34 gtw01 dnsmasq-dhcp[14792]: read /var/lib/neutron/dhcp/346bdd58-177e-47ee-b845-e49b20353128/opts
Jun 22 04:06:35 gtw01 kernel: [ 5384.493643] device qr-ccdf0b63-fe left promiscuous mode
Jun 22 04:06:35 gtw01 dnsmasq[14792]: read /var/lib/neutron/dhcp/346bdd58-177e-47ee-b845-e49b20353128/addn_hosts - 2 addresses
Jun 22 04:06:35 gtw01 dnsmasq-dhcp[14792]: read /var/lib/neutron/dhcp/346bdd58-177e-47ee-b845-e49b20353128/host
Jun 22 04:06:35 gtw01 dnsmasq-dhcp[14792]: read /var/lib/neutron/dhcp/346bdd58-177e-47ee-b845-e49b20353128/opts
Jun 22 04:06:36 gtw01 kernel: [ 5385.305306] device qg-956e5d3d-6f left promiscuous mode
Jun 22 04:06:36 gtw01 dnsmasq[14792]: read /var/lib/neutron/dhcp/346bdd58-177e-47ee-b845-e49b20353128/addn_hosts - 3 addresses
Jun 22 04:06:36 gtw01 dnsmasq-dhcp[14792]: read /var/lib/neutron/dhcp/346bdd58-177e-47ee-b845-e49b20353128/host
Jun 22 04:06:36 gtw01 dnsmasq-dhcp[14792]: read /var/lib/neutron/dhcp/346bdd58-177e-47ee-b845-e49b20353128/opts
Jun 22 04:06:37 gtw01 dnsmasq[14792]: read /var/lib/neutron/dhcp/346bdd58-177e-47ee-b845-e49b20353128/addn_hosts - 3 addresses
Jun 22 04:06:37 gtw01 dnsmasq-dhcp[14792]: read /var/lib/neutron/dhcp/346bdd58-177e-47ee-b845-e49b20353128/host
Jun 22 04:06:37 gtw01 dnsmasq-dhcp[14792]: read /var/lib/neutron/dhcp/346bdd58-177e-47ee-b845-e49b20353128/opts
Jun 22 04:06:38 gtw01 dnsmasq[14792]: read /var/lib/neutron/dhcp/346bdd58-177e-47ee-b845-e49b20353128/addn_hosts - 3 addresses
Jun 22 04:06:38 gtw01 dnsmasq-dhcp[14792]: read /var/lib/neutron/dhcp/346bdd58-177e-47ee-b845-e49b20353128/host
Jun 22 04:06:38 gtw01 dnsmasq-dhcp[14792]: read /var/lib/neutron/dhcp/346bdd58-177e-47ee-b845-e49b20353128/opts
Jun 22 04:06:39 gtw01 haproxy-metadata-proxy-fc36bc8f-2470-47b0-96c2-c8fec1e137cc[15280]: Proxy listener started.
Jun 22 04:06:39 gtw01 dnsmasq[14792]: read /var/lib/neutron/dhcp/346bdd58-177e-47ee-b845-e49b20353128/addn_hosts - 3 addresses
Jun 22 04:06:39 gtw01 dnsmasq-dhcp[14792]: read /var/lib/neutron/dhcp/346bdd58-177e-47ee-b845-e49b20353128/host
Jun 22 04:06:39 gtw01 dnsmasq-dhcp[14792]: read /var/lib/neutron/dhcp/346bdd58-177e-47ee-b845-e49b20353128/opts
Jun 22 04:06:40 gtw01 dnsmasq[14792]: read /var/lib/neutron/dhcp/346bdd58-177e-47ee-b845-e49b20353128/addn_hosts - 3 addresses
Jun 22 04:06:40 gtw01 dnsmasq-dhcp[14792]: read /var/lib/neutron/dhcp/346bdd58-177e-47ee-b845-e49b20353128/host
Jun 22 04:06:40 gtw01 dnsmasq-dhcp[14792]: read /var/lib/neutron/dhcp/346bdd58-177e-47ee-b845-e49b20353128/opts
Jun 22 04:06:40 gtw01 kernel: [ 5389.647313] device tap17812154-07 left promiscuous mode
Jun 22 04:06:41 gtw01 kernel: [ 5390.082193] device qr-0de58ecc-26 entered promiscuous mode
Jun 22 04:06:41 gtw01 systemd-udevd[15374]: Could not generate persistent MAC address for qr-0de58ecc-26: No such file or directory
Jun 22 04:06:41 gtw01 dnsmasq[14792]: read /var/lib/neutron/dhcp/346bdd58-177e-47ee-b845-e49b20353128/addn_hosts - 3 addresses
Jun 22 04:06:41 gtw01 dnsmasq-dhcp[14792]: read /var/lib/neutron/dhcp/346bdd58-177e-47ee-b845-e49b20353128/host
Jun 22 04:06:41 gtw01 dnsmasq-dhcp[14792]: read /var/lib/neutron/dhcp/346bdd58-177e-47ee-b845-e49b20353128/opts
Jun 22 04:06:42 gtw01 dnsmasq[3184]: read /var/lib/neutron/dhcp/9cd27ec0-9bf6-48d3-bf8d-a954a0528f50/addn_hosts - 3 addresses
Jun 22 04:06:42 gtw01 dnsmasq-dhcp[3184]: read /var/lib/neutron/dhcp/9cd27ec0-9bf6-48d3-bf8d-a954a0528f50/host
Jun 22 04:06:42 gtw01 dnsmasq-dhcp[3184]: read /var/lib/neutron/dhcp/9cd27ec0-9bf6-48d3-bf8d-a954a0528f50/opts
Jun 22 04:06:42 gtw01 dnsmasq-dhcp[13807]: DHCPDISCOVER(tap3884ade2-b5) fa:16:3e:a0:7c:96
Jun 22 04:06:42 gtw01 dnsmasq-dhcp[13807]: DHCPOFFER(tap3884ade2-b5) 192.168.120.13 fa:16:3e:a0:7c:96
Jun 22 04:06:42 gtw01 dnsmasq-dhcp[13807]: DHCPREQUEST(tap3884ade2-b5) 192.168.120.13 fa:16:3e:a0:7c:96
Jun 22 04:06:42 gtw01 dnsmasq-dhcp[13807]: DHCPACK(tap3884ade2-b5) 192.168.120.13 fa:16:3e:a0:7c:96 host-192-168-120-13
Jun 22 04:06:43 gtw01 dnsmasq[3184]: read /var/lib/neutron/dhcp/9cd27ec0-9bf6-48d3-bf8d-a954a0528f50/addn_hosts - 3 addresses
Jun 22 04:06:43 gtw01 dnsmasq-dhcp[3184]: read /var/lib/neutron/dhcp/9cd27ec0-9bf6-48d3-bf8d-a954a0528f50/host
Jun 22 04:06:43 gtw01 dnsmasq-dhcp[3184]: read /var/lib/neutron/dhcp/9cd27ec0-9bf6-48d3-bf8d-a954a0528f50/opts
Jun 22 04:06:44 gtw01 dnsmasq[3184]: read /var/lib/neutron/dhcp/9cd27ec0-9bf6-48d3-bf8d-a954a0528f50/addn_hosts - 3 addresses
Jun 22 04:06:44 gtw01 dnsmasq-dhcp[3184]: read /var/lib/neutron/dhcp/9cd27ec0-9bf6-48d3-bf8d-a954a0528f50/host
Jun 22 04:06:44 gtw01 dnsmasq-dhcp[3184]: read /var/lib/neutron/dhcp/9cd27ec0-9bf6-48d3-bf8d-a954a0528f50/opts
Jun 22 04:06:47 gtw01 dnsmasq[13807]: read /var/lib/neutron/dhcp/581abee7-c460-4e9d-b930-2b19fca601cb/addn_hosts - 4 addresses
Jun 22 04:06:47 gtw01 dnsmasq-dhcp[13807]: read /var/lib/neutron/dhcp/581abee7-c460-4e9d-b930-2b19fca601cb/host
Jun 22 04:06:47 gtw01 dnsmasq-dhcp[13807]: read /var/lib/neutron/dhcp/581abee7-c460-4e9d-b930-2b19fca601cb/opts
Jun 22 04:06:48 gtw01 systemd-udevd[15705]: Could not generate persistent MAC address for tap3b0a8d9a-4b: No such file or directory
Jun 22 04:06:48 gtw01 kernel: [ 5397.093712] device tap3b0a8d9a-4b entered promiscuous mode
Jun 22 04:06:48 gtw01 systemd-udevd[15705]: Process '/sbin/ip link set tap3b0a8d9a-4b txqueuelen 10000' failed with exit code 1.
Jun 22 04:06:48 gtw01 systemd-udevd[15705]: Process '/sbin/ip link set tap3b0a8d9a-4b txqueuelen 10000' failed with exit code 1.
Jun 22 04:06:51 gtw01 dnsmasq-dhcp[14792]: DHCPDISCOVER(tapff27c000-98) fa:16:3e:23:69:e8
Jun 22 04:06:51 gtw01 dnsmasq-dhcp[14792]: DHCPOFFER(tapff27c000-98) 192.168.120.3 fa:16:3e:23:69:e8
Jun 22 04:06:51 gtw01 dnsmasq-dhcp[14792]: DHCPREQUEST(tapff27c000-98) 192.168.120.3 fa:16:3e:23:69:e8
Jun 22 04:06:51 gtw01 dnsmasq-dhcp[14792]: DHCPACK(tapff27c000-98) 192.168.120.3 fa:16:3e:23:69:e8 host-192-168-120-3
Jun 22 04:06:51 gtw01 dnsmasq[15868]: started, version 2.80 cachesize 150
Jun 22 04:06:51 gtw01 dnsmasq[15868]: DNS service limited to local subnets
Jun 22 04:06:51 gtw01 dnsmasq[15868]: compile time options: IPv6 GNU-getopt DBus i18n IDN DHCP DHCPv6 no-Lua TFTP conntrack ipset auth DNSSEC loop-detect inotify dumpfile
Jun 22 04:06:51 gtw01 dnsmasq[15868]: warning: no upstream servers configured
Jun 22 04:06:51 gtw01 dnsmasq-dhcp[15868]: DHCP, static leases only on 192.168.120.0, lease time 1h
Jun 22 04:06:51 gtw01 dnsmasq[15868]: read /var/lib/neutron/dhcp/f332f7b4-05ef-4479-8d85-83d988c9daa1/addn_hosts - 1 addresses
Jun 22 04:06:51 gtw01 dnsmasq-dhcp[15868]: read /var/lib/neutron/dhcp/f332f7b4-05ef-4479-8d85-83d988c9daa1/host
Jun 22 04:06:51 gtw01 dnsmasq-dhcp[15868]: read /var/lib/neutron/dhcp/f332f7b4-05ef-4479-8d85-83d988c9daa1/opts
Jun 22 04:06:51 gtw01 haproxy-metadata-proxy-f332f7b4-05ef-4479-8d85-83d988c9daa1[15875]: Proxy listener started.
Jun 22 04:06:51 gtw01 kernel: [ 5400.651180] device qg-7b1469c2-83 entered promiscuous mode
Jun 22 04:06:51 gtw01 systemd-udevd[15882]: Could not generate persistent MAC address for qg-7b1469c2-83: No such file or directory
Jun 22 04:06:52 gtw01 dnsmasq[15868]: read /var/lib/neutron/dhcp/f332f7b4-05ef-4479-8d85-83d988c9daa1/addn_hosts - 2 addresses
Jun 22 04:06:52 gtw01 dnsmasq-dhcp[15868]: read /var/lib/neutron/dhcp/f332f7b4-05ef-4479-8d85-83d988c9daa1/host
Jun 22 04:06:52 gtw01 dnsmasq-dhcp[15868]: read /var/lib/neutron/dhcp/f332f7b4-05ef-4479-8d85-83d988c9daa1/opts
Jun 22 04:06:53 gtw01 dnsmasq[13807]: read /var/lib/neutron/dhcp/581abee7-c460-4e9d-b930-2b19fca601cb/addn_hosts - 3 addresses
Jun 22 04:06:53 gtw01 dnsmasq-dhcp[13807]: read /var/lib/neutron/dhcp/581abee7-c460-4e9d-b930-2b19fca601cb/host
Jun 22 04:06:53 gtw01 dnsmasq-dhcp[13807]: read /var/lib/neutron/dhcp/581abee7-c460-4e9d-b930-2b19fca601cb/opts
Jun 22 04:06:53 gtw01 dnsmasq[15868]: read /var/lib/neutron/dhcp/f332f7b4-05ef-4479-8d85-83d988c9daa1/addn_hosts - 2 addresses
Jun 22 04:06:53 gtw01 dnsmasq-dhcp[15868]: read /var/lib/neutron/dhcp/f332f7b4-05ef-4479-8d85-83d988c9daa1/host
Jun 22 04:06:53 gtw01 dnsmasq-dhcp[15868]: read /var/lib/neutron/dhcp/f332f7b4-05ef-4479-8d85-83d988c9daa1/opts
Jun 22 04:06:55 gtw01 dnsmasq[3184]: read /var/lib/neutron/dhcp/9cd27ec0-9bf6-48d3-bf8d-a954a0528f50/addn_hosts - 2 addresses
Jun 22 04:06:55 gtw01 dnsmasq-dhcp[3184]: read /var/lib/neutron/dhcp/9cd27ec0-9bf6-48d3-bf8d-a954a0528f50/host
Jun 22 04:06:55 gtw01 dnsmasq-dhcp[3184]: read /var/lib/neutron/dhcp/9cd27ec0-9bf6-48d3-bf8d-a954a0528f50/opts
Jun 22 04:06:55 gtw01 dnsmasq[15868]: read /var/lib/neutron/dhcp/f332f7b4-05ef-4479-8d85-83d988c9daa1/addn_hosts - 2 addresses
Jun 22 04:06:55 gtw01 dnsmasq-dhcp[15868]: read /var/lib/neutron/dhcp/f332f7b4-05ef-4479-8d85-83d988c9daa1/host
Jun 22 04:06:55 gtw01 dnsmasq-dhcp[15868]: read /var/lib/neutron/dhcp/f332f7b4-05ef-4479-8d85-83d988c9daa1/opts
Jun 22 04:06:56 gtw01 dnsmasq[15868]: read /var/lib/neutron/dhcp/f332f7b4-05ef-4479-8d85-83d988c9daa1/addn_hosts - 2 addresses
Jun 22 04:06:56 gtw01 dnsmasq-dhcp[15868]: read /var/lib/neutron/dhcp/f332f7b4-05ef-4479-8d85-83d988c9daa1/host
Jun 22 04:06:56 gtw01 dnsmasq-dhcp[15868]: read /var/lib/neutron/dhcp/f332f7b4-05ef-4479-8d85-83d988c9daa1/opts
Jun 22 04:06:56 gtw01 dnsmasq[15868]: read /var/lib/neutron/dhcp/f332f7b4-05ef-4479-8d85-83d988c9daa1/addn_hosts - 2 addresses
Jun 22 04:06:56 gtw01 dnsmasq-dhcp[15868]: read /var/lib/neutron/dhcp/f332f7b4-05ef-4479-8d85-83d988c9daa1/host
Jun 22 04:06:56 gtw01 dnsmasq-dhcp[15868]: read /var/lib/neutron/dhcp/f332f7b4-05ef-4479-8d85-83d988c9daa1/opts
Jun 22 04:06:57 gtw01 dnsmasq-dhcp[13807]: DHCPRELEASE(tap3884ade2-b5) 192.168.120.13 fa:16:3e:a0:7c:96
Jun 22 04:06:57 gtw01 dnsmasq-dhcp[13807]: DHCPRELEASE(tap3884ade2-b5) 192.168.120.13 fa:16:3e:a0:7c:96 unknown lease
Jun 22 04:06:58 gtw01 haproxy-metadata-proxy-f85dd45f-ba52-4744-9d6c-04fa0ab9963a[16259]: Proxy listener started.
Jun 22 04:06:58 gtw01 dnsmasq[13807]: read /var/lib/neutron/dhcp/581abee7-c460-4e9d-b930-2b19fca601cb/addn_hosts - 2 addresses
Jun 22 04:06:58 gtw01 dnsmasq-dhcp[13807]: read /var/lib/neutron/dhcp/581abee7-c460-4e9d-b930-2b19fca601cb/host
Jun 22 04:06:58 gtw01 dnsmasq-dhcp[13807]: read /var/lib/neutron/dhcp/581abee7-c460-4e9d-b930-2b19fca601cb/opts
Jun 22 04:07:00 gtw01 dnsmasq[15868]: read /var/lib/neutron/dhcp/f332f7b4-05ef-4479-8d85-83d988c9daa1/addn_hosts - 2 addresses
Jun 22 04:07:00 gtw01 dnsmasq-dhcp[15868]: read /var/lib/neutron/dhcp/f332f7b4-05ef-4479-8d85-83d988c9daa1/host
Jun 22 04:07:00 gtw01 dnsmasq-dhcp[15868]: read /var/lib/neutron/dhcp/f332f7b4-05ef-4479-8d85-83d988c9daa1/opts
Jun 22 04:07:00 gtw01 systemd-udevd[16366]: Could not generate persistent MAC address for qr-1a2cce6f-41: No such file or directory
Jun 22 04:07:00 gtw01 kernel: [ 5409.829187] device qr-1a2cce6f-41 entered promiscuous mode
Jun 22 04:07:01 gtw01 dnsmasq[15868]: read /var/lib/neutron/dhcp/f332f7b4-05ef-4479-8d85-83d988c9daa1/addn_hosts - 2 addresses
Jun 22 04:07:01 gtw01 dnsmasq-dhcp[15868]: read /var/lib/neutron/dhcp/f332f7b4-05ef-4479-8d85-83d988c9daa1/host
Jun 22 04:07:01 gtw01 dnsmasq-dhcp[15868]: read /var/lib/neutron/dhcp/f332f7b4-05ef-4479-8d85-83d988c9daa1/opts
Jun 22 04:07:01 gtw01 dnsmasq[3184]: read /var/lib/neutron/dhcp/9cd27ec0-9bf6-48d3-bf8d-a954a0528f50/addn_hosts - 3 addresses
Jun 22 04:07:01 gtw01 dnsmasq-dhcp[3184]: read /var/lib/neutron/dhcp/9cd27ec0-9bf6-48d3-bf8d-a954a0528f50/host
Jun 22 04:07:01 gtw01 dnsmasq-dhcp[3184]: read /var/lib/neutron/dhcp/9cd27ec0-9bf6-48d3-bf8d-a954a0528f50/opts
Jun 22 04:07:02 gtw01 dnsmasq[15868]: read /var/lib/neutron/dhcp/f332f7b4-05ef-4479-8d85-83d988c9daa1/addn_hosts - 3 addresses
Jun 22 04:07:02 gtw01 dnsmasq-dhcp[15868]: read /var/lib/neutron/dhcp/f332f7b4-05ef-4479-8d85-83d988c9daa1/host
Jun 22 04:07:02 gtw01 dnsmasq-dhcp[15868]: read /var/lib/neutron/dhcp/f332f7b4-05ef-4479-8d85-83d988c9daa1/opts
Jun 22 04:07:02 gtw01 dnsmasq[3184]: read /var/lib/neutron/dhcp/9cd27ec0-9bf6-48d3-bf8d-a954a0528f50/addn_hosts - 3 addresses
Jun 22 04:07:02 gtw01 dnsmasq-dhcp[3184]: read /var/lib/neutron/dhcp/9cd27ec0-9bf6-48d3-bf8d-a954a0528f50/host
Jun 22 04:07:02 gtw01 dnsmasq-dhcp[3184]: read /var/lib/neutron/dhcp/9cd27ec0-9bf6-48d3-bf8d-a954a0528f50/opts
Jun 22 04:07:03 gtw01 dnsmasq[13807]: read /var/lib/neutron/dhcp/581abee7-c460-4e9d-b930-2b19fca601cb/addn_hosts - 1 addresses
Jun 22 04:07:03 gtw01 dnsmasq-dhcp[13807]: read /var/lib/neutron/dhcp/581abee7-c460-4e9d-b930-2b19fca601cb/host
Jun 22 04:07:03 gtw01 dnsmasq-dhcp[13807]: read /var/lib/neutron/dhcp/581abee7-c460-4e9d-b930-2b19fca601cb/opts
Jun 22 04:07:03 gtw01 dnsmasq[3184]: read /var/lib/neutron/dhcp/9cd27ec0-9bf6-48d3-bf8d-a954a0528f50/addn_hosts - 3 addresses
Jun 22 04:07:03 gtw01 dnsmasq-dhcp[3184]: read /var/lib/neutron/dhcp/9cd27ec0-9bf6-48d3-bf8d-a954a0528f50/host
Jun 22 04:07:03 gtw01 dnsmasq-dhcp[3184]: read /var/lib/neutron/dhcp/9cd27ec0-9bf6-48d3-bf8d-a954a0528f50/opts
Jun 22 04:07:04 gtw01 dnsmasq[15868]: read /var/lib/neutron/dhcp/f332f7b4-05ef-4479-8d85-83d988c9daa1/addn_hosts - 3 addresses
Jun 22 04:07:04 gtw01 dnsmasq-dhcp[15868]: read /var/lib/neutron/dhcp/f332f7b4-05ef-4479-8d85-83d988c9daa1/host
Jun 22 04:07:04 gtw01 dnsmasq-dhcp[15868]: read /var/lib/neutron/dhcp/f332f7b4-05ef-4479-8d85-83d988c9daa1/opts
Jun 22 04:07:04 gtw01 haproxy-metadata-proxy-581abee7-c460-4e9d-b930-2b19fca601cb[16643]: Proxy listener started.
Jun 22 04:07:05 gtw01 dnsmasq[15868]: read /var/lib/neutron/dhcp/f332f7b4-05ef-4479-8d85-83d988c9daa1/addn_hosts - 3 addresses
Jun 22 04:07:05 gtw01 dnsmasq-dhcp[15868]: read /var/lib/neutron/dhcp/f332f7b4-05ef-4479-8d85-83d988c9daa1/host
Jun 22 04:07:05 gtw01 dnsmasq-dhcp[15868]: read /var/lib/neutron/dhcp/f332f7b4-05ef-4479-8d85-83d988c9daa1/opts
Jun 22 04:07:05 gtw01 kernel: [ 5414.371867] device qr-1c63b8c7-47 left promiscuous mode
Jun 22 04:07:06 gtw01 kernel: [ 5415.171839] device qg-6577c8bd-cd left promiscuous mode
Jun 22 04:07:08 gtw01 dnsmasq-dhcp[14792]: DHCPRELEASE(tapff27c000-98) 192.168.120.3 fa:16:3e:23:69:e8
Jun 22 04:07:08 gtw01 dnsmasq-dhcp[14792]: DHCPRELEASE(tapff27c000-98) 192.168.120.3 fa:16:3e:23:69:e8 unknown lease
Jun 22 04:07:09 gtw01 kernel: [ 5418.503766] device tap3884ade2-b5 left promiscuous mode
Jun 22 04:07:09 gtw01 dnsmasq[14792]: read /var/lib/neutron/dhcp/346bdd58-177e-47ee-b845-e49b20353128/addn_hosts - 2 addresses
Jun 22 04:07:09 gtw01 dnsmasq-dhcp[14792]: read /var/lib/neutron/dhcp/346bdd58-177e-47ee-b845-e49b20353128/host
Jun 22 04:07:09 gtw01 dnsmasq-dhcp[14792]: read /var/lib/neutron/dhcp/346bdd58-177e-47ee-b845-e49b20353128/opts
Jun 22 04:07:11 gtw01 dnsmasq[3184]: read /var/lib/neutron/dhcp/9cd27ec0-9bf6-48d3-bf8d-a954a0528f50/addn_hosts - 2 addresses
Jun 22 04:07:11 gtw01 dnsmasq-dhcp[3184]: read /var/lib/neutron/dhcp/9cd27ec0-9bf6-48d3-bf8d-a954a0528f50/host
Jun 22 04:07:11 gtw01 dnsmasq-dhcp[3184]: read /var/lib/neutron/dhcp/9cd27ec0-9bf6-48d3-bf8d-a954a0528f50/opts
Jun 22 04:07:12 gtw01 dnsmasq[14792]: read /var/lib/neutron/dhcp/346bdd58-177e-47ee-b845-e49b20353128/addn_hosts - 1 addresses
Jun 22 04:07:12 gtw01 dnsmasq-dhcp[14792]: read /var/lib/neutron/dhcp/346bdd58-177e-47ee-b845-e49b20353128/host
Jun 22 04:07:12 gtw01 dnsmasq-dhcp[14792]: read /var/lib/neutron/dhcp/346bdd58-177e-47ee-b845-e49b20353128/opts
Jun 22 04:07:12 gtw01 haproxy-metadata-proxy-346bdd58-177e-47ee-b845-e49b20353128[16973]: Proxy listener started.
Jun 22 04:07:14 gtw01 kernel: [ 5422.940455] device qr-0de58ecc-26 left promiscuous mode
Jun 22 04:07:14 gtw01 kernel: [ 5423.785701] device qg-c0eecc56-46 left promiscuous mode
Jun 22 04:07:17 gtw01 kernel: [ 5426.412286] device tapff27c000-98 left promiscuous mode
Jun 22 04:07:19 gtw01 dnsmasq-dhcp[15868]: DHCPDISCOVER(tap3b0a8d9a-4b) fa:16:3e:83:5f:ab
Jun 22 04:07:19 gtw01 dnsmasq-dhcp[15868]: DHCPOFFER(tap3b0a8d9a-4b) 192.168.120.3 fa:16:3e:83:5f:ab
Jun 22 04:07:19 gtw01 dnsmasq-dhcp[15868]: DHCPREQUEST(tap3b0a8d9a-4b) 192.168.120.3 fa:16:3e:83:5f:ab
Jun 22 04:07:19 gtw01 dnsmasq-dhcp[15868]: DHCPACK(tap3b0a8d9a-4b) 192.168.120.3 fa:16:3e:83:5f:ab host-192-168-120-3
Jun 22 04:07:23 gtw01 dnsmasq-dhcp[15868]: DHCPRELEASE(tap3b0a8d9a-4b) 192.168.120.3 fa:16:3e:83:5f:ab
Jun 22 04:07:23 gtw01 dnsmasq-dhcp[15868]: DHCPRELEASE(tap3b0a8d9a-4b) 192.168.120.3 fa:16:3e:83:5f:ab unknown lease
Jun 22 04:07:23 gtw01 dnsmasq[15868]: read /var/lib/neutron/dhcp/f332f7b4-05ef-4479-8d85-83d988c9daa1/addn_hosts - 2 addresses
Jun 22 04:07:23 gtw01 dnsmasq-dhcp[15868]: read /var/lib/neutron/dhcp/f332f7b4-05ef-4479-8d85-83d988c9daa1/host
Jun 22 04:07:23 gtw01 dnsmasq-dhcp[15868]: read /var/lib/neutron/dhcp/f332f7b4-05ef-4479-8d85-83d988c9daa1/opts
Jun 22 04:07:26 gtw01 kernel: [ 5435.158863] device tape841a4d0-f2 entered promiscuous mode
Jun 22 04:07:26 gtw01 systemd-udevd[17265]: Could not generate persistent MAC address for tape841a4d0-f2: No such file or directory
Jun 22 04:07:26 gtw01 systemd-udevd[17265]: Process '/sbin/ip link set tape841a4d0-f2 txqueuelen 10000' failed with exit code 1.
Jun 22 04:07:26 gtw01 systemd-udevd[17316]: Process '/sbin/ip link set tape841a4d0-f2 txqueuelen 10000' failed with exit code 1.
Jun 22 04:07:27 gtw01 dnsmasq[3184]: read /var/lib/neutron/dhcp/9cd27ec0-9bf6-48d3-bf8d-a954a0528f50/addn_hosts - 3 addresses
Jun 22 04:07:27 gtw01 dnsmasq-dhcp[3184]: read /var/lib/neutron/dhcp/9cd27ec0-9bf6-48d3-bf8d-a954a0528f50/host
Jun 22 04:07:27 gtw01 dnsmasq-dhcp[3184]: read /var/lib/neutron/dhcp/9cd27ec0-9bf6-48d3-bf8d-a954a0528f50/opts
Jun 22 04:07:27 gtw01 dnsmasq[15868]: read /var/lib/neutron/dhcp/f332f7b4-05ef-4479-8d85-83d988c9daa1/addn_hosts - 1 addresses
Jun 22 04:07:27 gtw01 dnsmasq-dhcp[15868]: read /var/lib/neutron/dhcp/f332f7b4-05ef-4479-8d85-83d988c9daa1/host
Jun 22 04:07:27 gtw01 dnsmasq-dhcp[15868]: read /var/lib/neutron/dhcp/f332f7b4-05ef-4479-8d85-83d988c9daa1/opts
Jun 22 04:07:28 gtw01 haproxy-metadata-proxy-f332f7b4-05ef-4479-8d85-83d988c9daa1[17427]: Proxy listener started.
Jun 22 04:07:28 gtw01 dnsmasq[3184]: read /var/lib/neutron/dhcp/9cd27ec0-9bf6-48d3-bf8d-a954a0528f50/addn_hosts - 3 addresses
Jun 22 04:07:28 gtw01 dnsmasq-dhcp[3184]: read /var/lib/neutron/dhcp/9cd27ec0-9bf6-48d3-bf8d-a954a0528f50/host
Jun 22 04:07:28 gtw01 dnsmasq-dhcp[3184]: read /var/lib/neutron/dhcp/9cd27ec0-9bf6-48d3-bf8d-a954a0528f50/opts
Jun 22 04:07:29 gtw01 dnsmasq[17482]: started, version 2.80 cachesize 150
Jun 22 04:07:29 gtw01 dnsmasq[17482]: DNS service limited to local subnets
Jun 22 04:07:29 gtw01 dnsmasq[17482]: compile time options: IPv6 GNU-getopt DBus i18n IDN DHCP DHCPv6 no-Lua TFTP conntrack ipset auth DNSSEC loop-detect inotify dumpfile
Jun 22 04:07:29 gtw01 dnsmasq[17482]: warning: no upstream servers configured
Jun 22 04:07:29 gtw01 dnsmasq-dhcp[17482]: DHCP, static leases only on 192.168.120.0, lease time 1h
Jun 22 04:07:29 gtw01 dnsmasq[17482]: read /var/lib/neutron/dhcp/4991e5fb-cd21-4ac4-93b3-f16578e597a1/addn_hosts - 1 addresses
Jun 22 04:07:29 gtw01 dnsmasq-dhcp[17482]: read /var/lib/neutron/dhcp/4991e5fb-cd21-4ac4-93b3-f16578e597a1/host
Jun 22 04:07:29 gtw01 dnsmasq-dhcp[17482]: read /var/lib/neutron/dhcp/4991e5fb-cd21-4ac4-93b3-f16578e597a1/opts
Jun 22 04:07:29 gtw01 dnsmasq[3184]: read /var/lib/neutron/dhcp/9cd27ec0-9bf6-48d3-bf8d-a954a0528f50/addn_hosts - 3 addresses
Jun 22 04:07:29 gtw01 dnsmasq-dhcp[3184]: read /var/lib/neutron/dhcp/9cd27ec0-9bf6-48d3-bf8d-a954a0528f50/host
Jun 22 04:07:29 gtw01 dnsmasq-dhcp[3184]: read /var/lib/neutron/dhcp/9cd27ec0-9bf6-48d3-bf8d-a954a0528f50/opts
Jun 22 04:07:29 gtw01 haproxy-metadata-proxy-4991e5fb-cd21-4ac4-93b3-f16578e597a1[17494]: Proxy listener started.
Jun 22 04:07:30 gtw01 dnsmasq[17482]: read /var/lib/neutron/dhcp/4991e5fb-cd21-4ac4-93b3-f16578e597a1/addn_hosts - 2 addresses
Jun 22 04:07:30 gtw01 dnsmasq-dhcp[17482]: read /var/lib/neutron/dhcp/4991e5fb-cd21-4ac4-93b3-f16578e597a1/host
Jun 22 04:07:30 gtw01 dnsmasq-dhcp[17482]: read /var/lib/neutron/dhcp/4991e5fb-cd21-4ac4-93b3-f16578e597a1/opts
Jun 22 04:07:30 gtw01 systemd-udevd[17543]: Could not generate persistent MAC address for qg-4d422b41-1b: No such file or directory
Jun 22 04:07:30 gtw01 kernel: [ 5439.741933] device qg-4d422b41-1b entered promiscuous mode
Jun 22 04:07:30 gtw01 kernel: [ 5439.872965] device qr-1a2cce6f-41 left promiscuous mode
Jun 22 04:07:31 gtw01 dnsmasq[17482]: read /var/lib/neutron/dhcp/4991e5fb-cd21-4ac4-93b3-f16578e597a1/addn_hosts - 2 addresses
Jun 22 04:07:31 gtw01 dnsmasq-dhcp[17482]: read /var/lib/neutron/dhcp/4991e5fb-cd21-4ac4-93b3-f16578e597a1/host
Jun 22 04:07:31 gtw01 dnsmasq-dhcp[17482]: read /var/lib/neutron/dhcp/4991e5fb-cd21-4ac4-93b3-f16578e597a1/opts
Jun 22 04:07:31 gtw01 kernel: [ 5440.727605] device qg-7b1469c2-83 left promiscuous mode
Jun 22 04:07:32 gtw01 dnsmasq[17482]: read /var/lib/neutron/dhcp/4991e5fb-cd21-4ac4-93b3-f16578e597a1/addn_hosts - 2 addresses
Jun 22 04:07:32 gtw01 dnsmasq-dhcp[17482]: read /var/lib/neutron/dhcp/4991e5fb-cd21-4ac4-93b3-f16578e597a1/host
Jun 22 04:07:32 gtw01 dnsmasq-dhcp[17482]: read /var/lib/neutron/dhcp/4991e5fb-cd21-4ac4-93b3-f16578e597a1/opts
Jun 22 04:07:33 gtw01 dnsmasq[17482]: read /var/lib/neutron/dhcp/4991e5fb-cd21-4ac4-93b3-f16578e597a1/addn_hosts - 2 addresses
Jun 22 04:07:33 gtw01 dnsmasq-dhcp[17482]: read /var/lib/neutron/dhcp/4991e5fb-cd21-4ac4-93b3-f16578e597a1/host
Jun 22 04:07:33 gtw01 dnsmasq-dhcp[17482]: read /var/lib/neutron/dhcp/4991e5fb-cd21-4ac4-93b3-f16578e597a1/opts
Jun 22 04:07:34 gtw01 dnsmasq[17482]: read /var/lib/neutron/dhcp/4991e5fb-cd21-4ac4-93b3-f16578e597a1/addn_hosts - 2 addresses
Jun 22 04:07:34 gtw01 dnsmasq-dhcp[17482]: read /var/lib/neutron/dhcp/4991e5fb-cd21-4ac4-93b3-f16578e597a1/host
Jun 22 04:07:34 gtw01 dnsmasq-dhcp[17482]: read /var/lib/neutron/dhcp/4991e5fb-cd21-4ac4-93b3-f16578e597a1/opts
Jun 22 04:07:35 gtw01 kernel: [ 5443.921366] device tap3b0a8d9a-4b left promiscuous mode
Jun 22 04:07:35 gtw01 kernel: [ 5444.355216] device qg-856434fd-ab entered promiscuous mode
Jun 22 04:07:35 gtw01 systemd-udevd[17879]: Could not generate persistent MAC address for qg-856434fd-ab: No such file or directory
Jun 22 04:07:35 gtw01 dnsmasq[3184]: read /var/lib/neutron/dhcp/9cd27ec0-9bf6-48d3-bf8d-a954a0528f50/addn_hosts - 2 addresses
Jun 22 04:07:35 gtw01 dnsmasq-dhcp[3184]: read /var/lib/neutron/dhcp/9cd27ec0-9bf6-48d3-bf8d-a954a0528f50/host
Jun 22 04:07:35 gtw01 dnsmasq-dhcp[3184]: read /var/lib/neutron/dhcp/9cd27ec0-9bf6-48d3-bf8d-a954a0528f50/opts
Jun 22 04:07:37 gtw01 haproxy-metadata-proxy-befd6b45-ac46-4c3e-a32b-acf9c573da3e[18032]: Proxy listener started.
Jun 22 04:07:38 gtw01 dnsmasq[17482]: read /var/lib/neutron/dhcp/4991e5fb-cd21-4ac4-93b3-f16578e597a1/addn_hosts - 3 addresses
Jun 22 04:07:38 gtw01 dnsmasq-dhcp[17482]: read /var/lib/neutron/dhcp/4991e5fb-cd21-4ac4-93b3-f16578e597a1/host
Jun 22 04:07:38 gtw01 dnsmasq-dhcp[17482]: read /var/lib/neutron/dhcp/4991e5fb-cd21-4ac4-93b3-f16578e597a1/opts
Jun 22 04:07:39 gtw01 dnsmasq[17482]: read /var/lib/neutron/dhcp/4991e5fb-cd21-4ac4-93b3-f16578e597a1/addn_hosts - 3 addresses
Jun 22 04:07:39 gtw01 dnsmasq-dhcp[17482]: read /var/lib/neutron/dhcp/4991e5fb-cd21-4ac4-93b3-f16578e597a1/host
Jun 22 04:07:39 gtw01 dnsmasq-dhcp[17482]: read /var/lib/neutron/dhcp/4991e5fb-cd21-4ac4-93b3-f16578e597a1/opts
Jun 22 04:07:40 gtw01 systemd-udevd[18148]: Could not generate persistent MAC address for qr-919ed143-13: No such file or directory
Jun 22 04:07:40 gtw01 kernel: [ 5449.109975] device qr-919ed143-13 entered promiscuous mode
Jun 22 04:07:40 gtw01 dnsmasq[17482]: read /var/lib/neutron/dhcp/4991e5fb-cd21-4ac4-93b3-f16578e597a1/addn_hosts - 3 addresses
Jun 22 04:07:40 gtw01 dnsmasq-dhcp[17482]: read /var/lib/neutron/dhcp/4991e5fb-cd21-4ac4-93b3-f16578e597a1/host
Jun 22 04:07:40 gtw01 dnsmasq-dhcp[17482]: read /var/lib/neutron/dhcp/4991e5fb-cd21-4ac4-93b3-f16578e597a1/opts
Jun 22 04:07:41 gtw01 dnsmasq[17482]: read /var/lib/neutron/dhcp/4991e5fb-cd21-4ac4-93b3-f16578e597a1/addn_hosts - 3 addresses
Jun 22 04:07:41 gtw01 dnsmasq-dhcp[17482]: read /var/lib/neutron/dhcp/4991e5fb-cd21-4ac4-93b3-f16578e597a1/host
Jun 22 04:07:41 gtw01 dnsmasq-dhcp[17482]: read /var/lib/neutron/dhcp/4991e5fb-cd21-4ac4-93b3-f16578e597a1/opts
Jun 22 04:07:41 gtw01 haproxy-metadata-proxy-c8b8b053-7bf6-4b93-ba88-da9b710a061d[18315]: Proxy listener started.
Jun 22 04:07:42 gtw01 dnsmasq[17482]: read /var/lib/neutron/dhcp/4991e5fb-cd21-4ac4-93b3-f16578e597a1/addn_hosts - 3 addresses
Jun 22 04:07:42 gtw01 dnsmasq-dhcp[17482]: read /var/lib/neutron/dhcp/4991e5fb-cd21-4ac4-93b3-f16578e597a1/host
Jun 22 04:07:42 gtw01 dnsmasq-dhcp[17482]: read /var/lib/neutron/dhcp/4991e5fb-cd21-4ac4-93b3-f16578e597a1/opts
Jun 22 04:07:44 gtw01 dnsmasq[3184]: read /var/lib/neutron/dhcp/9cd27ec0-9bf6-48d3-bf8d-a954a0528f50/addn_hosts - 3 addresses
Jun 22 04:07:44 gtw01 dnsmasq-dhcp[3184]: read /var/lib/neutron/dhcp/9cd27ec0-9bf6-48d3-bf8d-a954a0528f50/host
Jun 22 04:07:44 gtw01 dnsmasq-dhcp[3184]: read /var/lib/neutron/dhcp/9cd27ec0-9bf6-48d3-bf8d-a954a0528f50/opts
Jun 22 04:07:44 gtw01 kernel: [ 5453.616428] device qr-fbf35503-56 entered promiscuous mode
Jun 22 04:07:44 gtw01 systemd-udevd[18452]: Could not generate persistent MAC address for qr-fbf35503-56: No such file or directory
Jun 22 04:07:44 gtw01 systemd-udevd[18509]: Could not generate persistent MAC address for tap349c1423-a0: No such file or directory
Jun 22 04:07:44 gtw01 kernel: [ 5453.714087] device tap349c1423-a0 entered promiscuous mode
Jun 22 04:07:44 gtw01 systemd-udevd[18509]: Process '/sbin/ip link set tap349c1423-a0 txqueuelen 10000' failed with exit code 1.
Jun 22 04:07:44 gtw01 systemd-udevd[18565]: Process '/sbin/ip link set tap349c1423-a0 txqueuelen 10000' failed with exit code 1.
Jun 22 04:07:45 gtw01 dnsmasq[3184]: read /var/lib/neutron/dhcp/9cd27ec0-9bf6-48d3-bf8d-a954a0528f50/addn_hosts - 3 addresses
Jun 22 04:07:45 gtw01 dnsmasq-dhcp[3184]: read /var/lib/neutron/dhcp/9cd27ec0-9bf6-48d3-bf8d-a954a0528f50/host
Jun 22 04:07:45 gtw01 dnsmasq-dhcp[3184]: read /var/lib/neutron/dhcp/9cd27ec0-9bf6-48d3-bf8d-a954a0528f50/opts
Jun 22 04:07:46 gtw01 dnsmasq[3184]: read /var/lib/neutron/dhcp/9cd27ec0-9bf6-48d3-bf8d-a954a0528f50/addn_hosts - 3 addresses
Jun 22 04:07:46 gtw01 dnsmasq-dhcp[3184]: read /var/lib/neutron/dhcp/9cd27ec0-9bf6-48d3-bf8d-a954a0528f50/host
Jun 22 04:07:46 gtw01 dnsmasq-dhcp[3184]: read /var/lib/neutron/dhcp/9cd27ec0-9bf6-48d3-bf8d-a954a0528f50/opts
Jun 22 04:07:48 gtw01 systemd-udevd[18783]: Could not generate persistent MAC address for qr-667ee6ec-f0: No such file or directory
Jun 22 04:07:48 gtw01 kernel: [ 5456.968797] device qr-667ee6ec-f0 entered promiscuous mode
Jun 22 04:07:48 gtw01 dnsmasq[18867]: started, version 2.80 cachesize 150
Jun 22 04:07:48 gtw01 dnsmasq[18867]: DNS service limited to local subnets
Jun 22 04:07:48 gtw01 dnsmasq[18867]: compile time options: IPv6 GNU-getopt DBus i18n IDN DHCP DHCPv6 no-Lua TFTP conntrack ipset auth DNSSEC loop-detect inotify dumpfile
Jun 22 04:07:48 gtw01 dnsmasq[18867]: warning: no upstream servers configured
Jun 22 04:07:48 gtw01 dnsmasq-dhcp[18867]: DHCP, static leases only on 192.168.120.0, lease time 1h
Jun 22 04:07:48 gtw01 dnsmasq[18867]: read /var/lib/neutron/dhcp/d88a9961-f778-45a4-ae36-def4223bf690/addn_hosts - 1 addresses
Jun 22 04:07:48 gtw01 dnsmasq-dhcp[18867]: read /var/lib/neutron/dhcp/d88a9961-f778-45a4-ae36-def4223bf690/host
Jun 22 04:07:48 gtw01 dnsmasq-dhcp[18867]: read /var/lib/neutron/dhcp/d88a9961-f778-45a4-ae36-def4223bf690/opts
Jun 22 04:07:48 gtw01 haproxy-metadata-proxy-d88a9961-f778-45a4-ae36-def4223bf690[18883]: Proxy listener started.
Jun 22 04:07:49 gtw01 systemd-udevd[18936]: Could not generate persistent MAC address for qg-372e694b-14: No such file or directory
