Jun 22 04:07:49 gtw01 kernel: [ 5458.385119] device qg-372e694b-14 entered promiscuous mode
Jun 22 04:07:49 gtw01 dnsmasq[18867]: read /var/lib/neutron/dhcp/d88a9961-f778-45a4-ae36-def4223bf690/addn_hosts - 2 addresses
Jun 22 04:07:49 gtw01 dnsmasq-dhcp[18867]: read /var/lib/neutron/dhcp/d88a9961-f778-45a4-ae36-def4223bf690/host
Jun 22 04:07:49 gtw01 dnsmasq-dhcp[18867]: read /var/lib/neutron/dhcp/d88a9961-f778-45a4-ae36-def4223bf690/opts
Jun 22 04:07:50 gtw01 dnsmasq[18867]: read /var/lib/neutron/dhcp/d88a9961-f778-45a4-ae36-def4223bf690/addn_hosts - 2 addresses
Jun 22 04:07:50 gtw01 dnsmasq-dhcp[18867]: read /var/lib/neutron/dhcp/d88a9961-f778-45a4-ae36-def4223bf690/host
Jun 22 04:07:50 gtw01 dnsmasq-dhcp[18867]: read /var/lib/neutron/dhcp/d88a9961-f778-45a4-ae36-def4223bf690/opts
Jun 22 04:07:51 gtw01 dnsmasq[18867]: read /var/lib/neutron/dhcp/d88a9961-f778-45a4-ae36-def4223bf690/addn_hosts - 2 addresses
Jun 22 04:07:51 gtw01 dnsmasq-dhcp[18867]: read /var/lib/neutron/dhcp/d88a9961-f778-45a4-ae36-def4223bf690/host
Jun 22 04:07:51 gtw01 dnsmasq-dhcp[18867]: read /var/lib/neutron/dhcp/d88a9961-f778-45a4-ae36-def4223bf690/opts
Jun 22 04:07:52 gtw01 kernel: [ 5461.172866] IPv4: martian source 192.168.120.1 from 192.168.120.1, on dev qg-372e694b-14
Jun 22 04:07:52 gtw01 kernel: [ 5461.172869] ll header: 00000000: ff ff ff ff ff ff fa 16 3e 9f 30 8e 08 06        ........>.0...
Jun 22 04:07:52 gtw01 dnsmasq[18867]: read /var/lib/neutron/dhcp/d88a9961-f778-45a4-ae36-def4223bf690/addn_hosts - 2 addresses
Jun 22 04:07:52 gtw01 dnsmasq-dhcp[18867]: read /var/lib/neutron/dhcp/d88a9961-f778-45a4-ae36-def4223bf690/host
Jun 22 04:07:52 gtw01 dnsmasq-dhcp[18867]: read /var/lib/neutron/dhcp/d88a9961-f778-45a4-ae36-def4223bf690/opts
Jun 22 04:07:53 gtw01 dnsmasq[18867]: read /var/lib/neutron/dhcp/d88a9961-f778-45a4-ae36-def4223bf690/addn_hosts - 2 addresses
Jun 22 04:07:53 gtw01 dnsmasq-dhcp[18867]: read /var/lib/neutron/dhcp/d88a9961-f778-45a4-ae36-def4223bf690/host
Jun 22 04:07:53 gtw01 dnsmasq-dhcp[18867]: read /var/lib/neutron/dhcp/d88a9961-f778-45a4-ae36-def4223bf690/opts
Jun 22 04:07:54 gtw01 dnsmasq-dhcp[17482]: DHCPDISCOVER(tape841a4d0-f2) fa:16:3e:0e:5c:a4
Jun 22 04:07:54 gtw01 dnsmasq-dhcp[17482]: DHCPOFFER(tape841a4d0-f2) 192.168.120.3 fa:16:3e:0e:5c:a4
Jun 22 04:07:54 gtw01 dnsmasq-dhcp[17482]: DHCPREQUEST(tape841a4d0-f2) 192.168.120.3 fa:16:3e:0e:5c:a4
Jun 22 04:07:54 gtw01 dnsmasq-dhcp[17482]: DHCPACK(tape841a4d0-f2) 192.168.120.3 fa:16:3e:0e:5c:a4 host-192-168-120-3
Jun 22 04:07:55 gtw01 dnsmasq[18867]: read /var/lib/neutron/dhcp/d88a9961-f778-45a4-ae36-def4223bf690/addn_hosts - 3 addresses
Jun 22 04:07:55 gtw01 dnsmasq-dhcp[18867]: read /var/lib/neutron/dhcp/d88a9961-f778-45a4-ae36-def4223bf690/host
Jun 22 04:07:55 gtw01 dnsmasq-dhcp[18867]: read /var/lib/neutron/dhcp/d88a9961-f778-45a4-ae36-def4223bf690/opts
Jun 22 04:07:56 gtw01 dnsmasq[18867]: read /var/lib/neutron/dhcp/d88a9961-f778-45a4-ae36-def4223bf690/addn_hosts - 3 addresses
Jun 22 04:07:56 gtw01 dnsmasq-dhcp[18867]: read /var/lib/neutron/dhcp/d88a9961-f778-45a4-ae36-def4223bf690/host
Jun 22 04:07:56 gtw01 dnsmasq-dhcp[18867]: read /var/lib/neutron/dhcp/d88a9961-f778-45a4-ae36-def4223bf690/opts
Jun 22 04:07:56 gtw01 haproxy-metadata-proxy-9113b3bb-9c62-409c-bf27-2683d263bb12[19358]: Proxy listener started.
Jun 22 04:07:57 gtw01 dnsmasq[18867]: read /var/lib/neutron/dhcp/d88a9961-f778-45a4-ae36-def4223bf690/addn_hosts - 3 addresses
Jun 22 04:07:57 gtw01 dnsmasq-dhcp[18867]: read /var/lib/neutron/dhcp/d88a9961-f778-45a4-ae36-def4223bf690/host
Jun 22 04:07:57 gtw01 dnsmasq-dhcp[18867]: read /var/lib/neutron/dhcp/d88a9961-f778-45a4-ae36-def4223bf690/opts
Jun 22 04:07:58 gtw01 dnsmasq[18867]: read /var/lib/neutron/dhcp/d88a9961-f778-45a4-ae36-def4223bf690/addn_hosts - 3 addresses
Jun 22 04:07:58 gtw01 dnsmasq-dhcp[18867]: read /var/lib/neutron/dhcp/d88a9961-f778-45a4-ae36-def4223bf690/host
Jun 22 04:07:58 gtw01 dnsmasq-dhcp[18867]: read /var/lib/neutron/dhcp/d88a9961-f778-45a4-ae36-def4223bf690/opts
Jun 22 04:07:59 gtw01 dnsmasq[18867]: read /var/lib/neutron/dhcp/d88a9961-f778-45a4-ae36-def4223bf690/addn_hosts - 3 addresses
Jun 22 04:07:59 gtw01 dnsmasq-dhcp[18867]: read /var/lib/neutron/dhcp/d88a9961-f778-45a4-ae36-def4223bf690/host
Jun 22 04:07:59 gtw01 dnsmasq-dhcp[18867]: read /var/lib/neutron/dhcp/d88a9961-f778-45a4-ae36-def4223bf690/opts
Jun 22 04:08:00 gtw01 dnsmasq[17482]: read /var/lib/neutron/dhcp/4991e5fb-cd21-4ac4-93b3-f16578e597a1/addn_hosts - 4 addresses
Jun 22 04:08:00 gtw01 dnsmasq-dhcp[17482]: read /var/lib/neutron/dhcp/4991e5fb-cd21-4ac4-93b3-f16578e597a1/host
Jun 22 04:08:00 gtw01 dnsmasq-dhcp[17482]: read /var/lib/neutron/dhcp/4991e5fb-cd21-4ac4-93b3-f16578e597a1/opts
Jun 22 04:08:01 gtw01 dnsmasq[17482]: read /var/lib/neutron/dhcp/4991e5fb-cd21-4ac4-93b3-f16578e597a1/addn_hosts - 4 addresses
Jun 22 04:08:01 gtw01 dnsmasq-dhcp[17482]: read /var/lib/neutron/dhcp/4991e5fb-cd21-4ac4-93b3-f16578e597a1/host
Jun 22 04:08:01 gtw01 dnsmasq-dhcp[17482]: read /var/lib/neutron/dhcp/4991e5fb-cd21-4ac4-93b3-f16578e597a1/opts
Jun 22 04:08:02 gtw01 dnsmasq[17482]: read /var/lib/neutron/dhcp/4991e5fb-cd21-4ac4-93b3-f16578e597a1/addn_hosts - 4 addresses
Jun 22 04:08:02 gtw01 dnsmasq-dhcp[17482]: read /var/lib/neutron/dhcp/4991e5fb-cd21-4ac4-93b3-f16578e597a1/host
Jun 22 04:08:02 gtw01 dnsmasq-dhcp[17482]: read /var/lib/neutron/dhcp/4991e5fb-cd21-4ac4-93b3-f16578e597a1/opts
Jun 22 04:08:04 gtw01 dnsmasq[3184]: read /var/lib/neutron/dhcp/9cd27ec0-9bf6-48d3-bf8d-a954a0528f50/addn_hosts - 2 addresses
Jun 22 04:08:04 gtw01 dnsmasq-dhcp[3184]: read /var/lib/neutron/dhcp/9cd27ec0-9bf6-48d3-bf8d-a954a0528f50/host
Jun 22 04:08:04 gtw01 dnsmasq-dhcp[3184]: read /var/lib/neutron/dhcp/9cd27ec0-9bf6-48d3-bf8d-a954a0528f50/opts
Jun 22 04:08:05 gtw01 dnsmasq[17482]: read /var/lib/neutron/dhcp/4991e5fb-cd21-4ac4-93b3-f16578e597a1/addn_hosts - 3 addresses
Jun 22 04:08:05 gtw01 dnsmasq-dhcp[17482]: read /var/lib/neutron/dhcp/4991e5fb-cd21-4ac4-93b3-f16578e597a1/host
Jun 22 04:08:05 gtw01 dnsmasq-dhcp[17482]: read /var/lib/neutron/dhcp/4991e5fb-cd21-4ac4-93b3-f16578e597a1/opts
Jun 22 04:08:08 gtw01 dnsmasq-dhcp[17482]: DHCPRELEASE(tape841a4d0-f2) 192.168.120.3 fa:16:3e:0e:5c:a4
Jun 22 04:08:08 gtw01 dnsmasq-dhcp[17482]: DHCPRELEASE(tape841a4d0-f2) 192.168.120.3 fa:16:3e:0e:5c:a4 unknown lease
Jun 22 04:08:09 gtw01 dnsmasq[17482]: read /var/lib/neutron/dhcp/4991e5fb-cd21-4ac4-93b3-f16578e597a1/addn_hosts - 2 addresses
Jun 22 04:08:09 gtw01 dnsmasq-dhcp[17482]: read /var/lib/neutron/dhcp/4991e5fb-cd21-4ac4-93b3-f16578e597a1/host
Jun 22 04:08:09 gtw01 dnsmasq-dhcp[17482]: read /var/lib/neutron/dhcp/4991e5fb-cd21-4ac4-93b3-f16578e597a1/opts
Jun 22 04:08:10 gtw01 dnsmasq-dhcp[18867]: DHCPDISCOVER(tap349c1423-a0) fa:16:3e:32:fd:e5
Jun 22 04:08:10 gtw01 dnsmasq-dhcp[18867]: DHCPOFFER(tap349c1423-a0) 192.168.120.3 fa:16:3e:32:fd:e5
Jun 22 04:08:10 gtw01 dnsmasq-dhcp[18867]: DHCPREQUEST(tap349c1423-a0) 192.168.120.3 fa:16:3e:32:fd:e5
Jun 22 04:08:10 gtw01 dnsmasq-dhcp[18867]: DHCPACK(tap349c1423-a0) 192.168.120.3 fa:16:3e:32:fd:e5 host-192-168-120-3
Jun 22 04:08:12 gtw01 dnsmasq[3184]: read /var/lib/neutron/dhcp/9cd27ec0-9bf6-48d3-bf8d-a954a0528f50/addn_hosts - 3 addresses
Jun 22 04:08:12 gtw01 dnsmasq-dhcp[3184]: read /var/lib/neutron/dhcp/9cd27ec0-9bf6-48d3-bf8d-a954a0528f50/host
Jun 22 04:08:12 gtw01 dnsmasq-dhcp[3184]: read /var/lib/neutron/dhcp/9cd27ec0-9bf6-48d3-bf8d-a954a0528f50/opts
Jun 22 04:08:13 gtw01 dnsmasq[3184]: read /var/lib/neutron/dhcp/9cd27ec0-9bf6-48d3-bf8d-a954a0528f50/addn_hosts - 3 addresses
Jun 22 04:08:13 gtw01 dnsmasq-dhcp[3184]: read /var/lib/neutron/dhcp/9cd27ec0-9bf6-48d3-bf8d-a954a0528f50/host
Jun 22 04:08:13 gtw01 dnsmasq-dhcp[3184]: read /var/lib/neutron/dhcp/9cd27ec0-9bf6-48d3-bf8d-a954a0528f50/opts
Jun 22 04:08:14 gtw01 dnsmasq[3184]: read /var/lib/neutron/dhcp/9cd27ec0-9bf6-48d3-bf8d-a954a0528f50/addn_hosts - 3 addresses
Jun 22 04:08:14 gtw01 dnsmasq-dhcp[3184]: read /var/lib/neutron/dhcp/9cd27ec0-9bf6-48d3-bf8d-a954a0528f50/host
Jun 22 04:08:14 gtw01 dnsmasq-dhcp[3184]: read /var/lib/neutron/dhcp/9cd27ec0-9bf6-48d3-bf8d-a954a0528f50/opts
Jun 22 04:08:15 gtw01 dnsmasq-dhcp[18867]: DHCPRELEASE(tap349c1423-a0) 192.168.120.3 fa:16:3e:32:fd:e5
Jun 22 04:08:15 gtw01 dnsmasq-dhcp[18867]: DHCPRELEASE(tap349c1423-a0) 192.168.120.3 fa:16:3e:32:fd:e5 unknown lease
Jun 22 04:08:16 gtw01 dnsmasq[18867]: read /var/lib/neutron/dhcp/d88a9961-f778-45a4-ae36-def4223bf690/addn_hosts - 2 addresses
Jun 22 04:08:16 gtw01 dnsmasq-dhcp[18867]: read /var/lib/neutron/dhcp/d88a9961-f778-45a4-ae36-def4223bf690/host
Jun 22 04:08:16 gtw01 dnsmasq-dhcp[18867]: read /var/lib/neutron/dhcp/d88a9961-f778-45a4-ae36-def4223bf690/opts
Jun 22 04:08:16 gtw01 dnsmasq[17482]: read /var/lib/neutron/dhcp/4991e5fb-cd21-4ac4-93b3-f16578e597a1/addn_hosts - 3 addresses
Jun 22 04:08:16 gtw01 dnsmasq-dhcp[17482]: read /var/lib/neutron/dhcp/4991e5fb-cd21-4ac4-93b3-f16578e597a1/host
Jun 22 04:08:16 gtw01 dnsmasq-dhcp[17482]: read /var/lib/neutron/dhcp/4991e5fb-cd21-4ac4-93b3-f16578e597a1/opts
Jun 22 04:08:17 gtw01 dnsmasq[17482]: read /var/lib/neutron/dhcp/4991e5fb-cd21-4ac4-93b3-f16578e597a1/addn_hosts - 3 addresses
Jun 22 04:08:17 gtw01 dnsmasq-dhcp[17482]: read /var/lib/neutron/dhcp/4991e5fb-cd21-4ac4-93b3-f16578e597a1/host
Jun 22 04:08:17 gtw01 dnsmasq-dhcp[17482]: read /var/lib/neutron/dhcp/4991e5fb-cd21-4ac4-93b3-f16578e597a1/opts
Jun 22 04:08:18 gtw01 dnsmasq[17482]: read /var/lib/neutron/dhcp/4991e5fb-cd21-4ac4-93b3-f16578e597a1/addn_hosts - 3 addresses
Jun 22 04:08:18 gtw01 dnsmasq-dhcp[17482]: read /var/lib/neutron/dhcp/4991e5fb-cd21-4ac4-93b3-f16578e597a1/host
Jun 22 04:08:18 gtw01 dnsmasq-dhcp[17482]: read /var/lib/neutron/dhcp/4991e5fb-cd21-4ac4-93b3-f16578e597a1/opts
Jun 22 04:08:19 gtw01 dnsmasq[18867]: read /var/lib/neutron/dhcp/d88a9961-f778-45a4-ae36-def4223bf690/addn_hosts - 1 addresses
Jun 22 04:08:19 gtw01 dnsmasq-dhcp[18867]: read /var/lib/neutron/dhcp/d88a9961-f778-45a4-ae36-def4223bf690/host
Jun 22 04:08:19 gtw01 dnsmasq-dhcp[18867]: read /var/lib/neutron/dhcp/d88a9961-f778-45a4-ae36-def4223bf690/opts
Jun 22 04:08:20 gtw01 haproxy-metadata-proxy-d88a9961-f778-45a4-ae36-def4223bf690[19963]: Proxy listener started.
Jun 22 04:08:21 gtw01 kernel: [ 5490.812300] device qr-667ee6ec-f0 left promiscuous mode
Jun 22 04:08:22 gtw01 dnsmasq[3184]: read /var/lib/neutron/dhcp/9cd27ec0-9bf6-48d3-bf8d-a954a0528f50/addn_hosts - 2 addresses
Jun 22 04:08:22 gtw01 dnsmasq-dhcp[3184]: read /var/lib/neutron/dhcp/9cd27ec0-9bf6-48d3-bf8d-a954a0528f50/host
Jun 22 04:08:22 gtw01 dnsmasq-dhcp[3184]: read /var/lib/neutron/dhcp/9cd27ec0-9bf6-48d3-bf8d-a954a0528f50/opts
Jun 22 04:08:22 gtw01 kernel: [ 5491.604859] device qg-372e694b-14 left promiscuous mode
Jun 22 04:08:24 gtw01 kernel: [ 5493.533140] device tap349c1423-a0 left promiscuous mode
Jun 22 04:08:27 gtw01 dnsmasq[3184]: read /var/lib/neutron/dhcp/9cd27ec0-9bf6-48d3-bf8d-a954a0528f50/addn_hosts - 3 addresses
Jun 22 04:08:27 gtw01 dnsmasq-dhcp[3184]: read /var/lib/neutron/dhcp/9cd27ec0-9bf6-48d3-bf8d-a954a0528f50/host
Jun 22 04:08:27 gtw01 dnsmasq-dhcp[3184]: read /var/lib/neutron/dhcp/9cd27ec0-9bf6-48d3-bf8d-a954a0528f50/opts
Jun 22 04:08:28 gtw01 dnsmasq[3184]: read /var/lib/neutron/dhcp/9cd27ec0-9bf6-48d3-bf8d-a954a0528f50/addn_hosts - 3 addresses
Jun 22 04:08:28 gtw01 dnsmasq-dhcp[3184]: read /var/lib/neutron/dhcp/9cd27ec0-9bf6-48d3-bf8d-a954a0528f50/host
Jun 22 04:08:28 gtw01 dnsmasq-dhcp[3184]: read /var/lib/neutron/dhcp/9cd27ec0-9bf6-48d3-bf8d-a954a0528f50/opts
Jun 22 04:08:29 gtw01 dnsmasq[3184]: read /var/lib/neutron/dhcp/9cd27ec0-9bf6-48d3-bf8d-a954a0528f50/addn_hosts - 3 addresses
Jun 22 04:08:29 gtw01 dnsmasq-dhcp[3184]: read /var/lib/neutron/dhcp/9cd27ec0-9bf6-48d3-bf8d-a954a0528f50/host
Jun 22 04:08:29 gtw01 dnsmasq-dhcp[3184]: read /var/lib/neutron/dhcp/9cd27ec0-9bf6-48d3-bf8d-a954a0528f50/opts
Jun 22 04:08:31 gtw01 dnsmasq-dhcp[17482]: DHCPDISCOVER(tape841a4d0-f2) fa:16:3e:4c:27:6b
Jun 22 04:08:31 gtw01 dnsmasq-dhcp[17482]: DHCPOFFER(tape841a4d0-f2) 192.168.120.6 fa:16:3e:4c:27:6b
Jun 22 04:08:31 gtw01 dnsmasq-dhcp[17482]: DHCPREQUEST(tape841a4d0-f2) 192.168.120.6 fa:16:3e:4c:27:6b
Jun 22 04:08:31 gtw01 dnsmasq-dhcp[17482]: DHCPACK(tape841a4d0-f2) 192.168.120.6 fa:16:3e:4c:27:6b host-192-168-120-6
Jun 22 04:08:34 gtw01 dnsmasq[3184]: read /var/lib/neutron/dhcp/9cd27ec0-9bf6-48d3-bf8d-a954a0528f50/addn_hosts - 4 addresses
Jun 22 04:08:34 gtw01 dnsmasq-dhcp[3184]: read /var/lib/neutron/dhcp/9cd27ec0-9bf6-48d3-bf8d-a954a0528f50/host
Jun 22 04:08:34 gtw01 dnsmasq-dhcp[3184]: read /var/lib/neutron/dhcp/9cd27ec0-9bf6-48d3-bf8d-a954a0528f50/opts
Jun 22 04:08:35 gtw01 dnsmasq[3184]: read /var/lib/neutron/dhcp/9cd27ec0-9bf6-48d3-bf8d-a954a0528f50/addn_hosts - 4 addresses
Jun 22 04:08:35 gtw01 dnsmasq-dhcp[3184]: read /var/lib/neutron/dhcp/9cd27ec0-9bf6-48d3-bf8d-a954a0528f50/host
Jun 22 04:08:35 gtw01 dnsmasq-dhcp[3184]: read /var/lib/neutron/dhcp/9cd27ec0-9bf6-48d3-bf8d-a954a0528f50/opts
Jun 22 04:08:36 gtw01 dnsmasq[3184]: read /var/lib/neutron/dhcp/9cd27ec0-9bf6-48d3-bf8d-a954a0528f50/addn_hosts - 4 addresses
Jun 22 04:08:36 gtw01 dnsmasq-dhcp[3184]: read /var/lib/neutron/dhcp/9cd27ec0-9bf6-48d3-bf8d-a954a0528f50/host
Jun 22 04:08:36 gtw01 dnsmasq-dhcp[3184]: read /var/lib/neutron/dhcp/9cd27ec0-9bf6-48d3-bf8d-a954a0528f50/opts
Jun 22 04:08:37 gtw01 dnsmasq[17482]: read /var/lib/neutron/dhcp/4991e5fb-cd21-4ac4-93b3-f16578e597a1/addn_hosts - 4 addresses
Jun 22 04:08:37 gtw01 dnsmasq-dhcp[17482]: read /var/lib/neutron/dhcp/4991e5fb-cd21-4ac4-93b3-f16578e597a1/host
Jun 22 04:08:37 gtw01 dnsmasq-dhcp[17482]: read /var/lib/neutron/dhcp/4991e5fb-cd21-4ac4-93b3-f16578e597a1/opts
Jun 22 04:08:38 gtw01 dnsmasq[17482]: read /var/lib/neutron/dhcp/4991e5fb-cd21-4ac4-93b3-f16578e597a1/addn_hosts - 4 addresses
Jun 22 04:08:38 gtw01 dnsmasq-dhcp[17482]: read /var/lib/neutron/dhcp/4991e5fb-cd21-4ac4-93b3-f16578e597a1/host
Jun 22 04:08:38 gtw01 dnsmasq-dhcp[17482]: read /var/lib/neutron/dhcp/4991e5fb-cd21-4ac4-93b3-f16578e597a1/opts
Jun 22 04:08:39 gtw01 dnsmasq[17482]: read /var/lib/neutron/dhcp/4991e5fb-cd21-4ac4-93b3-f16578e597a1/addn_hosts - 4 addresses
Jun 22 04:08:39 gtw01 dnsmasq-dhcp[17482]: read /var/lib/neutron/dhcp/4991e5fb-cd21-4ac4-93b3-f16578e597a1/host
Jun 22 04:08:39 gtw01 dnsmasq-dhcp[17482]: read /var/lib/neutron/dhcp/4991e5fb-cd21-4ac4-93b3-f16578e597a1/opts
Jun 22 04:08:41 gtw01 dnsmasq-dhcp[3184]: DHCPDISCOVER(tap3dd2b34d-81) fa:16:3e:9c:f7:f0
Jun 22 04:08:41 gtw01 dnsmasq-dhcp[3184]: DHCPOFFER(tap3dd2b34d-81) 192.168.120.3 fa:16:3e:9c:f7:f0
Jun 22 04:08:41 gtw01 dnsmasq-dhcp[3184]: DHCPREQUEST(tap3dd2b34d-81) 192.168.120.3 fa:16:3e:9c:f7:f0
Jun 22 04:08:41 gtw01 dnsmasq-dhcp[3184]: DHCPACK(tap3dd2b34d-81) 192.168.120.3 fa:16:3e:9c:f7:f0 host-192-168-120-3
Jun 22 04:08:42 gtw01 dnsmasq-dhcp[3184]: DHCPRELEASE(tap3dd2b34d-81) 192.168.120.3 fa:16:3e:9c:f7:f0
Jun 22 04:08:43 gtw01 dnsmasq[17482]: read /var/lib/neutron/dhcp/4991e5fb-cd21-4ac4-93b3-f16578e597a1/addn_hosts - 5 addresses
Jun 22 04:08:43 gtw01 dnsmasq-dhcp[17482]: read /var/lib/neutron/dhcp/4991e5fb-cd21-4ac4-93b3-f16578e597a1/host
Jun 22 04:08:43 gtw01 dnsmasq-dhcp[17482]: read /var/lib/neutron/dhcp/4991e5fb-cd21-4ac4-93b3-f16578e597a1/opts
Jun 22 04:08:44 gtw01 dnsmasq[17482]: read /var/lib/neutron/dhcp/4991e5fb-cd21-4ac4-93b3-f16578e597a1/addn_hosts - 5 addresses
Jun 22 04:08:44 gtw01 dnsmasq-dhcp[17482]: read /var/lib/neutron/dhcp/4991e5fb-cd21-4ac4-93b3-f16578e597a1/host
Jun 22 04:08:44 gtw01 dnsmasq-dhcp[17482]: read /var/lib/neutron/dhcp/4991e5fb-cd21-4ac4-93b3-f16578e597a1/opts
Jun 22 04:08:45 gtw01 dnsmasq[17482]: read /var/lib/neutron/dhcp/4991e5fb-cd21-4ac4-93b3-f16578e597a1/addn_hosts - 5 addresses
Jun 22 04:08:45 gtw01 dnsmasq-dhcp[17482]: read /var/lib/neutron/dhcp/4991e5fb-cd21-4ac4-93b3-f16578e597a1/host
Jun 22 04:08:45 gtw01 dnsmasq-dhcp[17482]: read /var/lib/neutron/dhcp/4991e5fb-cd21-4ac4-93b3-f16578e597a1/opts
Jun 22 04:08:47 gtw01 dnsmasq[3184]: read /var/lib/neutron/dhcp/9cd27ec0-9bf6-48d3-bf8d-a954a0528f50/addn_hosts - 3 addresses
Jun 22 04:08:47 gtw01 dnsmasq-dhcp[3184]: read /var/lib/neutron/dhcp/9cd27ec0-9bf6-48d3-bf8d-a954a0528f50/host
Jun 22 04:08:47 gtw01 dnsmasq-dhcp[3184]: read /var/lib/neutron/dhcp/9cd27ec0-9bf6-48d3-bf8d-a954a0528f50/opts
Jun 22 04:08:48 gtw01 dnsmasq[3184]: read /var/lib/neutron/dhcp/9cd27ec0-9bf6-48d3-bf8d-a954a0528f50/addn_hosts - 2 addresses
Jun 22 04:08:48 gtw01 dnsmasq-dhcp[3184]: read /var/lib/neutron/dhcp/9cd27ec0-9bf6-48d3-bf8d-a954a0528f50/host
Jun 22 04:08:48 gtw01 dnsmasq-dhcp[3184]: read /var/lib/neutron/dhcp/9cd27ec0-9bf6-48d3-bf8d-a954a0528f50/opts
Jun 22 04:08:51 gtw01 dnsmasq[17482]: read /var/lib/neutron/dhcp/4991e5fb-cd21-4ac4-93b3-f16578e597a1/addn_hosts - 4 addresses
Jun 22 04:08:51 gtw01 dnsmasq-dhcp[17482]: read /var/lib/neutron/dhcp/4991e5fb-cd21-4ac4-93b3-f16578e597a1/host
Jun 22 04:08:51 gtw01 dnsmasq-dhcp[17482]: read /var/lib/neutron/dhcp/4991e5fb-cd21-4ac4-93b3-f16578e597a1/opts
Jun 22 04:08:52 gtw01 dnsmasq[17482]: read /var/lib/neutron/dhcp/4991e5fb-cd21-4ac4-93b3-f16578e597a1/addn_hosts - 3 addresses
Jun 22 04:08:52 gtw01 dnsmasq-dhcp[17482]: read /var/lib/neutron/dhcp/4991e5fb-cd21-4ac4-93b3-f16578e597a1/host
Jun 22 04:08:52 gtw01 dnsmasq-dhcp[17482]: read /var/lib/neutron/dhcp/4991e5fb-cd21-4ac4-93b3-f16578e597a1/opts
Jun 22 04:08:54 gtw01 dnsmasq[3184]: read /var/lib/neutron/dhcp/9cd27ec0-9bf6-48d3-bf8d-a954a0528f50/addn_hosts - 3 addresses
Jun 22 04:08:54 gtw01 dnsmasq-dhcp[3184]: read /var/lib/neutron/dhcp/9cd27ec0-9bf6-48d3-bf8d-a954a0528f50/host
Jun 22 04:08:54 gtw01 dnsmasq-dhcp[3184]: read /var/lib/neutron/dhcp/9cd27ec0-9bf6-48d3-bf8d-a954a0528f50/opts
Jun 22 04:08:55 gtw01 dnsmasq[3184]: read /var/lib/neutron/dhcp/9cd27ec0-9bf6-48d3-bf8d-a954a0528f50/addn_hosts - 3 addresses
Jun 22 04:08:55 gtw01 dnsmasq-dhcp[3184]: read /var/lib/neutron/dhcp/9cd27ec0-9bf6-48d3-bf8d-a954a0528f50/host
Jun 22 04:08:55 gtw01 dnsmasq-dhcp[3184]: read /var/lib/neutron/dhcp/9cd27ec0-9bf6-48d3-bf8d-a954a0528f50/opts
Jun 22 04:08:56 gtw01 dnsmasq[3184]: read /var/lib/neutron/dhcp/9cd27ec0-9bf6-48d3-bf8d-a954a0528f50/addn_hosts - 3 addresses
Jun 22 04:08:56 gtw01 dnsmasq-dhcp[3184]: read /var/lib/neutron/dhcp/9cd27ec0-9bf6-48d3-bf8d-a954a0528f50/host
Jun 22 04:08:56 gtw01 dnsmasq-dhcp[3184]: read /var/lib/neutron/dhcp/9cd27ec0-9bf6-48d3-bf8d-a954a0528f50/opts
Jun 22 04:08:56 gtw01 dnsmasq[3184]: read /var/lib/neutron/dhcp/9cd27ec0-9bf6-48d3-bf8d-a954a0528f50/addn_hosts - 4 addresses
Jun 22 04:08:56 gtw01 dnsmasq-dhcp[3184]: read /var/lib/neutron/dhcp/9cd27ec0-9bf6-48d3-bf8d-a954a0528f50/host
Jun 22 04:08:56 gtw01 dnsmasq-dhcp[3184]: read /var/lib/neutron/dhcp/9cd27ec0-9bf6-48d3-bf8d-a954a0528f50/opts
Jun 22 04:08:58 gtw01 dnsmasq[3184]: read /var/lib/neutron/dhcp/9cd27ec0-9bf6-48d3-bf8d-a954a0528f50/addn_hosts - 4 addresses
Jun 22 04:08:58 gtw01 dnsmasq-dhcp[3184]: read /var/lib/neutron/dhcp/9cd27ec0-9bf6-48d3-bf8d-a954a0528f50/host
Jun 22 04:08:58 gtw01 dnsmasq-dhcp[3184]: read /var/lib/neutron/dhcp/9cd27ec0-9bf6-48d3-bf8d-a954a0528f50/opts
Jun 22 04:08:58 gtw01 dnsmasq[3184]: read /var/lib/neutron/dhcp/9cd27ec0-9bf6-48d3-bf8d-a954a0528f50/addn_hosts - 4 addresses
Jun 22 04:08:58 gtw01 dnsmasq-dhcp[3184]: read /var/lib/neutron/dhcp/9cd27ec0-9bf6-48d3-bf8d-a954a0528f50/host
Jun 22 04:08:58 gtw01 dnsmasq-dhcp[3184]: read /var/lib/neutron/dhcp/9cd27ec0-9bf6-48d3-bf8d-a954a0528f50/opts
Jun 22 04:08:58 gtw01 dnsmasq-dhcp[17482]: DHCPRELEASE(tape841a4d0-f2) 192.168.120.6 fa:16:3e:4c:27:6b
Jun 22 04:08:59 gtw01 dnsmasq-dhcp[17482]: DHCPRELEASE(tape841a4d0-f2) 192.168.120.6 fa:16:3e:4c:27:6b unknown lease
Jun 22 04:08:59 gtw01 dnsmasq[17482]: read /var/lib/neutron/dhcp/4991e5fb-cd21-4ac4-93b3-f16578e597a1/addn_hosts - 2 addresses
Jun 22 04:08:59 gtw01 dnsmasq-dhcp[17482]: read /var/lib/neutron/dhcp/4991e5fb-cd21-4ac4-93b3-f16578e597a1/host
Jun 22 04:08:59 gtw01 dnsmasq-dhcp[17482]: read /var/lib/neutron/dhcp/4991e5fb-cd21-4ac4-93b3-f16578e597a1/opts
Jun 22 04:09:03 gtw01 dnsmasq[17482]: read /var/lib/neutron/dhcp/4991e5fb-cd21-4ac4-93b3-f16578e597a1/addn_hosts - 3 addresses
Jun 22 04:09:03 gtw01 dnsmasq-dhcp[17482]: read /var/lib/neutron/dhcp/4991e5fb-cd21-4ac4-93b3-f16578e597a1/host
Jun 22 04:09:03 gtw01 dnsmasq-dhcp[17482]: read /var/lib/neutron/dhcp/4991e5fb-cd21-4ac4-93b3-f16578e597a1/opts
Jun 22 04:09:04 gtw01 dnsmasq[3184]: read /var/lib/neutron/dhcp/9cd27ec0-9bf6-48d3-bf8d-a954a0528f50/addn_hosts - 3 addresses
Jun 22 04:09:04 gtw01 dnsmasq-dhcp[3184]: read /var/lib/neutron/dhcp/9cd27ec0-9bf6-48d3-bf8d-a954a0528f50/host
Jun 22 04:09:04 gtw01 dnsmasq-dhcp[3184]: read /var/lib/neutron/dhcp/9cd27ec0-9bf6-48d3-bf8d-a954a0528f50/opts
Jun 22 04:09:05 gtw01 dnsmasq[3184]: read /var/lib/neutron/dhcp/9cd27ec0-9bf6-48d3-bf8d-a954a0528f50/addn_hosts - 2 addresses
Jun 22 04:09:05 gtw01 dnsmasq-dhcp[3184]: read /var/lib/neutron/dhcp/9cd27ec0-9bf6-48d3-bf8d-a954a0528f50/host
Jun 22 04:09:05 gtw01 dnsmasq-dhcp[3184]: read /var/lib/neutron/dhcp/9cd27ec0-9bf6-48d3-bf8d-a954a0528f50/opts
Jun 22 04:09:09 gtw01 dnsmasq[3184]: read /var/lib/neutron/dhcp/9cd27ec0-9bf6-48d3-bf8d-a954a0528f50/addn_hosts - 3 addresses
Jun 22 04:09:09 gtw01 dnsmasq-dhcp[3184]: read /var/lib/neutron/dhcp/9cd27ec0-9bf6-48d3-bf8d-a954a0528f50/host
Jun 22 04:09:09 gtw01 dnsmasq-dhcp[3184]: read /var/lib/neutron/dhcp/9cd27ec0-9bf6-48d3-bf8d-a954a0528f50/opts
Jun 22 04:09:10 gtw01 dnsmasq[17482]: read /var/lib/neutron/dhcp/4991e5fb-cd21-4ac4-93b3-f16578e597a1/addn_hosts - 4 addresses
Jun 22 04:09:10 gtw01 dnsmasq-dhcp[17482]: read /var/lib/neutron/dhcp/4991e5fb-cd21-4ac4-93b3-f16578e597a1/host
Jun 22 04:09:10 gtw01 dnsmasq-dhcp[17482]: read /var/lib/neutron/dhcp/4991e5fb-cd21-4ac4-93b3-f16578e597a1/opts
Jun 22 04:09:10 gtw01 dnsmasq[3184]: read /var/lib/neutron/dhcp/9cd27ec0-9bf6-48d3-bf8d-a954a0528f50/addn_hosts - 3 addresses
Jun 22 04:09:10 gtw01 dnsmasq-dhcp[3184]: read /var/lib/neutron/dhcp/9cd27ec0-9bf6-48d3-bf8d-a954a0528f50/host
Jun 22 04:09:10 gtw01 dnsmasq-dhcp[3184]: read /var/lib/neutron/dhcp/9cd27ec0-9bf6-48d3-bf8d-a954a0528f50/opts
Jun 22 04:09:11 gtw01 dnsmasq[17482]: read /var/lib/neutron/dhcp/4991e5fb-cd21-4ac4-93b3-f16578e597a1/addn_hosts - 4 addresses
Jun 22 04:09:11 gtw01 dnsmasq-dhcp[17482]: read /var/lib/neutron/dhcp/4991e5fb-cd21-4ac4-93b3-f16578e597a1/host
Jun 22 04:09:11 gtw01 dnsmasq-dhcp[17482]: read /var/lib/neutron/dhcp/4991e5fb-cd21-4ac4-93b3-f16578e597a1/opts
Jun 22 04:09:11 gtw01 dnsmasq[3184]: read /var/lib/neutron/dhcp/9cd27ec0-9bf6-48d3-bf8d-a954a0528f50/addn_hosts - 3 addresses
Jun 22 04:09:11 gtw01 dnsmasq-dhcp[3184]: read /var/lib/neutron/dhcp/9cd27ec0-9bf6-48d3-bf8d-a954a0528f50/host
Jun 22 04:09:11 gtw01 dnsmasq-dhcp[3184]: read /var/lib/neutron/dhcp/9cd27ec0-9bf6-48d3-bf8d-a954a0528f50/opts
Jun 22 04:09:11 gtw01 systemd-udevd[20776]: Could not generate persistent MAC address for tapce209660-fe: No such file or directory
Jun 22 04:09:11 gtw01 kernel: [ 5540.663722] device tapce209660-fe entered promiscuous mode
Jun 22 04:09:11 gtw01 systemd-udevd[20824]: Process '/sbin/ip link set tapce209660-fe txqueuelen 10000' failed with exit code 1.
Jun 22 04:09:12 gtw01 dnsmasq[17482]: read /var/lib/neutron/dhcp/4991e5fb-cd21-4ac4-93b3-f16578e597a1/addn_hosts - 4 addresses
Jun 22 04:09:12 gtw01 dnsmasq-dhcp[17482]: read /var/lib/neutron/dhcp/4991e5fb-cd21-4ac4-93b3-f16578e597a1/host
Jun 22 04:09:12 gtw01 dnsmasq-dhcp[17482]: read /var/lib/neutron/dhcp/4991e5fb-cd21-4ac4-93b3-f16578e597a1/opts
Jun 22 04:09:15 gtw01 dnsmasq[20922]: started, version 2.80 cachesize 150
Jun 22 04:09:15 gtw01 dnsmasq[20922]: DNS service limited to local subnets
Jun 22 04:09:15 gtw01 dnsmasq[20922]: compile time options: IPv6 GNU-getopt DBus i18n IDN DHCP DHCPv6 no-Lua TFTP conntrack ipset auth DNSSEC loop-detect inotify dumpfile
Jun 22 04:09:15 gtw01 dnsmasq[20922]: warning: no upstream servers configured
Jun 22 04:09:15 gtw01 dnsmasq-dhcp[20922]: DHCP, static leases only on 192.168.120.0, lease time 1h
Jun 22 04:09:15 gtw01 dnsmasq[20922]: read /var/lib/neutron/dhcp/4a491e1f-74ec-462a-befa-1bdd7e732782/addn_hosts - 1 addresses
Jun 22 04:09:15 gtw01 dnsmasq-dhcp[20922]: read /var/lib/neutron/dhcp/4a491e1f-74ec-462a-befa-1bdd7e732782/host
Jun 22 04:09:15 gtw01 dnsmasq-dhcp[20922]: read /var/lib/neutron/dhcp/4a491e1f-74ec-462a-befa-1bdd7e732782/opts
Jun 22 04:09:15 gtw01 haproxy-metadata-proxy-4a491e1f-74ec-462a-befa-1bdd7e732782[20926]: Proxy listener started.
Jun 22 04:09:16 gtw01 dnsmasq[20922]: read /var/lib/neutron/dhcp/4a491e1f-74ec-462a-befa-1bdd7e732782/addn_hosts - 2 addresses
Jun 22 04:09:16 gtw01 dnsmasq-dhcp[20922]: read /var/lib/neutron/dhcp/4a491e1f-74ec-462a-befa-1bdd7e732782/host
Jun 22 04:09:16 gtw01 dnsmasq-dhcp[20922]: read /var/lib/neutron/dhcp/4a491e1f-74ec-462a-befa-1bdd7e732782/opts
Jun 22 04:09:17 gtw01 dnsmasq[20922]: read /var/lib/neutron/dhcp/4a491e1f-74ec-462a-befa-1bdd7e732782/addn_hosts - 2 addresses
Jun 22 04:09:17 gtw01 dnsmasq-dhcp[20922]: read /var/lib/neutron/dhcp/4a491e1f-74ec-462a-befa-1bdd7e732782/host
Jun 22 04:09:17 gtw01 dnsmasq-dhcp[20922]: read /var/lib/neutron/dhcp/4a491e1f-74ec-462a-befa-1bdd7e732782/opts
Jun 22 04:09:17 gtw01 dnsmasq[20922]: read /var/lib/neutron/dhcp/4a491e1f-74ec-462a-befa-1bdd7e732782/addn_hosts - 2 addresses
Jun 22 04:09:17 gtw01 dnsmasq-dhcp[20922]: read /var/lib/neutron/dhcp/4a491e1f-74ec-462a-befa-1bdd7e732782/host
Jun 22 04:09:17 gtw01 dnsmasq-dhcp[20922]: read /var/lib/neutron/dhcp/4a491e1f-74ec-462a-befa-1bdd7e732782/opts
Jun 22 04:09:18 gtw01 dnsmasq[20922]: read /var/lib/neutron/dhcp/4a491e1f-74ec-462a-befa-1bdd7e732782/addn_hosts - 3 addresses
Jun 22 04:09:18 gtw01 dnsmasq-dhcp[20922]: read /var/lib/neutron/dhcp/4a491e1f-74ec-462a-befa-1bdd7e732782/host
Jun 22 04:09:18 gtw01 dnsmasq-dhcp[20922]: read /var/lib/neutron/dhcp/4a491e1f-74ec-462a-befa-1bdd7e732782/opts
Jun 22 04:09:19 gtw01 dnsmasq[20922]: read /var/lib/neutron/dhcp/4a491e1f-74ec-462a-befa-1bdd7e732782/addn_hosts - 4 addresses
Jun 22 04:09:19 gtw01 dnsmasq-dhcp[20922]: read /var/lib/neutron/dhcp/4a491e1f-74ec-462a-befa-1bdd7e732782/host
Jun 22 04:09:19 gtw01 dnsmasq-dhcp[20922]: read /var/lib/neutron/dhcp/4a491e1f-74ec-462a-befa-1bdd7e732782/opts
Jun 22 04:09:20 gtw01 dnsmasq[20922]: read /var/lib/neutron/dhcp/4a491e1f-74ec-462a-befa-1bdd7e732782/addn_hosts - 4 addresses
Jun 22 04:09:20 gtw01 dnsmasq-dhcp[20922]: read /var/lib/neutron/dhcp/4a491e1f-74ec-462a-befa-1bdd7e732782/host
Jun 22 04:09:20 gtw01 dnsmasq-dhcp[20922]: read /var/lib/neutron/dhcp/4a491e1f-74ec-462a-befa-1bdd7e732782/opts
Jun 22 04:09:21 gtw01 dnsmasq[20922]: read /var/lib/neutron/dhcp/4a491e1f-74ec-462a-befa-1bdd7e732782/addn_hosts - 4 addresses
Jun 22 04:09:21 gtw01 dnsmasq-dhcp[20922]: read /var/lib/neutron/dhcp/4a491e1f-74ec-462a-befa-1bdd7e732782/host
Jun 22 04:09:21 gtw01 dnsmasq-dhcp[20922]: read /var/lib/neutron/dhcp/4a491e1f-74ec-462a-befa-1bdd7e732782/opts
Jun 22 04:09:22 gtw01 dnsmasq[20922]: read /var/lib/neutron/dhcp/4a491e1f-74ec-462a-befa-1bdd7e732782/addn_hosts - 4 addresses
Jun 22 04:09:22 gtw01 dnsmasq-dhcp[20922]: read /var/lib/neutron/dhcp/4a491e1f-74ec-462a-befa-1bdd7e732782/host
Jun 22 04:09:22 gtw01 dnsmasq-dhcp[20922]: read /var/lib/neutron/dhcp/4a491e1f-74ec-462a-befa-1bdd7e732782/opts
Jun 22 04:09:23 gtw01 dnsmasq[20922]: read /var/lib/neutron/dhcp/4a491e1f-74ec-462a-befa-1bdd7e732782/addn_hosts - 4 addresses
Jun 22 04:09:23 gtw01 dnsmasq-dhcp[20922]: read /var/lib/neutron/dhcp/4a491e1f-74ec-462a-befa-1bdd7e732782/host
Jun 22 04:09:23 gtw01 dnsmasq-dhcp[20922]: read /var/lib/neutron/dhcp/4a491e1f-74ec-462a-befa-1bdd7e732782/opts
Jun 22 04:09:24 gtw01 dnsmasq[20922]: read /var/lib/neutron/dhcp/4a491e1f-74ec-462a-befa-1bdd7e732782/addn_hosts - 4 addresses
Jun 22 04:09:24 gtw01 dnsmasq-dhcp[20922]: read /var/lib/neutron/dhcp/4a491e1f-74ec-462a-befa-1bdd7e732782/host
Jun 22 04:09:24 gtw01 dnsmasq-dhcp[20922]: read /var/lib/neutron/dhcp/4a491e1f-74ec-462a-befa-1bdd7e732782/opts
Jun 22 04:09:25 gtw01 dnsmasq[17482]: read /var/lib/neutron/dhcp/4991e5fb-cd21-4ac4-93b3-f16578e597a1/addn_hosts - 5 addresses
Jun 22 04:09:25 gtw01 dnsmasq-dhcp[17482]: read /var/lib/neutron/dhcp/4991e5fb-cd21-4ac4-93b3-f16578e597a1/host
Jun 22 04:09:25 gtw01 dnsmasq-dhcp[17482]: read /var/lib/neutron/dhcp/4991e5fb-cd21-4ac4-93b3-f16578e597a1/opts
Jun 22 04:09:25 gtw01 dnsmasq[20922]: read /var/lib/neutron/dhcp/4a491e1f-74ec-462a-befa-1bdd7e732782/addn_hosts - 4 addresses
Jun 22 04:09:25 gtw01 dnsmasq-dhcp[20922]: read /var/lib/neutron/dhcp/4a491e1f-74ec-462a-befa-1bdd7e732782/host
Jun 22 04:09:25 gtw01 dnsmasq-dhcp[20922]: read /var/lib/neutron/dhcp/4a491e1f-74ec-462a-befa-1bdd7e732782/opts
Jun 22 04:09:26 gtw01 dnsmasq[17482]: read /var/lib/neutron/dhcp/4991e5fb-cd21-4ac4-93b3-f16578e597a1/addn_hosts - 5 addresses
Jun 22 04:09:26 gtw01 dnsmasq-dhcp[17482]: read /var/lib/neutron/dhcp/4991e5fb-cd21-4ac4-93b3-f16578e597a1/host
Jun 22 04:09:26 gtw01 dnsmasq-dhcp[17482]: read /var/lib/neutron/dhcp/4991e5fb-cd21-4ac4-93b3-f16578e597a1/opts
Jun 22 04:09:26 gtw01 dnsmasq-dhcp[3184]: DHCPDISCOVER(tap3dd2b34d-81) fa:16:3e:31:4d:ef
Jun 22 04:09:26 gtw01 dnsmasq-dhcp[3184]: DHCPOFFER(tap3dd2b34d-81) 192.168.120.15 fa:16:3e:31:4d:ef
Jun 22 04:09:26 gtw01 dnsmasq[20922]: read /var/lib/neutron/dhcp/4a491e1f-74ec-462a-befa-1bdd7e732782/addn_hosts - 4 addresses
Jun 22 04:09:26 gtw01 dnsmasq-dhcp[20922]: read /var/lib/neutron/dhcp/4a491e1f-74ec-462a-befa-1bdd7e732782/host
Jun 22 04:09:26 gtw01 dnsmasq-dhcp[20922]: read /var/lib/neutron/dhcp/4a491e1f-74ec-462a-befa-1bdd7e732782/opts
Jun 22 04:09:27 gtw01 dnsmasq[17482]: read /var/lib/neutron/dhcp/4991e5fb-cd21-4ac4-93b3-f16578e597a1/addn_hosts - 5 addresses
Jun 22 04:09:27 gtw01 dnsmasq-dhcp[17482]: read /var/lib/neutron/dhcp/4991e5fb-cd21-4ac4-93b3-f16578e597a1/host
Jun 22 04:09:27 gtw01 dnsmasq-dhcp[17482]: read /var/lib/neutron/dhcp/4991e5fb-cd21-4ac4-93b3-f16578e597a1/opts
Jun 22 04:09:27 gtw01 dnsmasq-dhcp[3184]: DHCPREQUEST(tap3dd2b34d-81) 192.168.120.15 fa:16:3e:31:4d:ef
Jun 22 04:09:27 gtw01 dnsmasq-dhcp[3184]: DHCPACK(tap3dd2b34d-81) 192.168.120.15 fa:16:3e:31:4d:ef host-192-168-120-15
Jun 22 04:09:28 gtw01 dnsmasq-dhcp[17482]: DHCPDISCOVER(tape841a4d0-f2) fa:16:3e:77:a9:8e
Jun 22 04:09:28 gtw01 dnsmasq-dhcp[17482]: DHCPOFFER(tape841a4d0-f2) 192.168.120.5 fa:16:3e:77:a9:8e
Jun 22 04:09:28 gtw01 dnsmasq-dhcp[17482]: DHCPREQUEST(tape841a4d0-f2) 192.168.120.5 fa:16:3e:77:a9:8e
Jun 22 04:09:28 gtw01 dnsmasq-dhcp[17482]: DHCPACK(tape841a4d0-f2) 192.168.120.5 fa:16:3e:77:a9:8e host-192-168-120-5
Jun 22 04:09:30 gtw01 dnsmasq-dhcp[3184]: DHCPRELEASE(tap3dd2b34d-81) 192.168.120.15 fa:16:3e:31:4d:ef
Jun 22 04:09:33 gtw01 dnsmasq-dhcp[20922]: DHCPDISCOVER(tapce209660-fe) fa:16:3e:da:87:a8
Jun 22 04:09:33 gtw01 dnsmasq-dhcp[20922]: DHCPOFFER(tapce209660-fe) 192.168.120.11 fa:16:3e:da:87:a8
Jun 22 04:09:33 gtw01 dnsmasq-dhcp[20922]: DHCPREQUEST(tapce209660-fe) 192.168.120.11 fa:16:3e:da:87:a8
Jun 22 04:09:33 gtw01 dnsmasq-dhcp[20922]: DHCPACK(tapce209660-fe) 192.168.120.11 fa:16:3e:da:87:a8 host-192-168-120-11
Jun 22 04:09:36 gtw01 dnsmasq-dhcp[20922]: DHCPDISCOVER(tapce209660-fe) fa:16:3e:93:57:6f
Jun 22 04:09:36 gtw01 dnsmasq-dhcp[20922]: DHCPOFFER(tapce209660-fe) 192.168.120.4 fa:16:3e:93:57:6f
Jun 22 04:09:36 gtw01 dnsmasq-dhcp[20922]: DHCPREQUEST(tapce209660-fe) 192.168.120.4 fa:16:3e:93:57:6f
Jun 22 04:09:36 gtw01 dnsmasq-dhcp[20922]: DHCPACK(tapce209660-fe) 192.168.120.4 fa:16:3e:93:57:6f host-192-168-120-4
Jun 22 04:09:37 gtw01 dnsmasq-dhcp[20922]: DHCPDISCOVER(tapce209660-fe) fa:16:3e:17:59:f4
Jun 22 04:09:37 gtw01 dnsmasq-dhcp[20922]: DHCPOFFER(tapce209660-fe) 192.168.120.12 fa:16:3e:17:59:f4
Jun 22 04:09:37 gtw01 dnsmasq-dhcp[20922]: DHCPREQUEST(tapce209660-fe) 192.168.120.12 fa:16:3e:17:59:f4
Jun 22 04:09:37 gtw01 dnsmasq-dhcp[20922]: DHCPACK(tapce209660-fe) 192.168.120.12 fa:16:3e:17:59:f4 host-192-168-120-12
Jun 22 04:09:39 gtw01 dnsmasq[17482]: read /var/lib/neutron/dhcp/4991e5fb-cd21-4ac4-93b3-f16578e597a1/addn_hosts - 5 addresses
Jun 22 04:09:39 gtw01 dnsmasq-dhcp[17482]: read /var/lib/neutron/dhcp/4991e5fb-cd21-4ac4-93b3-f16578e597a1/host
Jun 22 04:09:39 gtw01 dnsmasq-dhcp[17482]: read /var/lib/neutron/dhcp/4991e5fb-cd21-4ac4-93b3-f16578e597a1/opts
Jun 22 04:09:40 gtw01 dnsmasq[17482]: read /var/lib/neutron/dhcp/4991e5fb-cd21-4ac4-93b3-f16578e597a1/addn_hosts - 5 addresses
Jun 22 04:09:40 gtw01 dnsmasq-dhcp[17482]: read /var/lib/neutron/dhcp/4991e5fb-cd21-4ac4-93b3-f16578e597a1/host
Jun 22 04:09:40 gtw01 dnsmasq-dhcp[17482]: read /var/lib/neutron/dhcp/4991e5fb-cd21-4ac4-93b3-f16578e597a1/opts
Jun 22 04:09:44 gtw01 dnsmasq-dhcp[17482]: DHCPDISCOVER(tape841a4d0-f2) fa:16:3e:19:20:2e
Jun 22 04:09:44 gtw01 dnsmasq-dhcp[17482]: DHCPOFFER(tape841a4d0-f2) 192.168.120.3 fa:16:3e:19:20:2e
Jun 22 04:09:44 gtw01 dnsmasq-dhcp[17482]: DHCPREQUEST(tape841a4d0-f2) 192.168.120.3 fa:16:3e:19:20:2e
Jun 22 04:09:44 gtw01 dnsmasq-dhcp[17482]: DHCPACK(tape841a4d0-f2) 192.168.120.3 fa:16:3e:19:20:2e host-192-168-120-3
Jun 22 04:09:56 gtw01 dnsmasq[17482]: read /var/lib/neutron/dhcp/4991e5fb-cd21-4ac4-93b3-f16578e597a1/addn_hosts - 5 addresses
Jun 22 04:09:56 gtw01 dnsmasq-dhcp[17482]: read /var/lib/neutron/dhcp/4991e5fb-cd21-4ac4-93b3-f16578e597a1/host
Jun 22 04:09:56 gtw01 dnsmasq-dhcp[17482]: read /var/lib/neutron/dhcp/4991e5fb-cd21-4ac4-93b3-f16578e597a1/opts
Jun 22 04:09:57 gtw01 dnsmasq[17482]: read /var/lib/neutron/dhcp/4991e5fb-cd21-4ac4-93b3-f16578e597a1/addn_hosts - 5 addresses
Jun 22 04:09:57 gtw01 dnsmasq-dhcp[17482]: read /var/lib/neutron/dhcp/4991e5fb-cd21-4ac4-93b3-f16578e597a1/host
Jun 22 04:09:57 gtw01 dnsmasq-dhcp[17482]: read /var/lib/neutron/dhcp/4991e5fb-cd21-4ac4-93b3-f16578e597a1/opts
Jun 22 04:09:58 gtw01 dnsmasq[17482]: read /var/lib/neutron/dhcp/4991e5fb-cd21-4ac4-93b3-f16578e597a1/addn_hosts - 5 addresses
Jun 22 04:09:58 gtw01 dnsmasq-dhcp[17482]: read /var/lib/neutron/dhcp/4991e5fb-cd21-4ac4-93b3-f16578e597a1/host
Jun 22 04:09:58 gtw01 dnsmasq-dhcp[17482]: read /var/lib/neutron/dhcp/4991e5fb-cd21-4ac4-93b3-f16578e597a1/opts
Jun 22 04:09:59 gtw01 dnsmasq[3184]: read /var/lib/neutron/dhcp/9cd27ec0-9bf6-48d3-bf8d-a954a0528f50/addn_hosts - 2 addresses
Jun 22 04:09:59 gtw01 dnsmasq-dhcp[3184]: read /var/lib/neutron/dhcp/9cd27ec0-9bf6-48d3-bf8d-a954a0528f50/host
Jun 22 04:09:59 gtw01 dnsmasq-dhcp[3184]: read /var/lib/neutron/dhcp/9cd27ec0-9bf6-48d3-bf8d-a954a0528f50/opts
Jun 22 04:10:01 gtw01 dnsmasq-dhcp[20922]: DHCPRELEASE(tapce209660-fe) 192.168.120.11 fa:16:3e:da:87:a8
Jun 22 04:10:01 gtw01 dnsmasq[17482]: read /var/lib/neutron/dhcp/4991e5fb-cd21-4ac4-93b3-f16578e597a1/addn_hosts - 5 addresses
Jun 22 04:10:01 gtw01 dnsmasq-dhcp[17482]: read /var/lib/neutron/dhcp/4991e5fb-cd21-4ac4-93b3-f16578e597a1/host
Jun 22 04:10:01 gtw01 dnsmasq-dhcp[17482]: read /var/lib/neutron/dhcp/4991e5fb-cd21-4ac4-93b3-f16578e597a1/opts
Jun 22 04:10:04 gtw01 dnsmasq-dhcp[17482]: DHCPRELEASE(tape841a4d0-f2) 192.168.120.3 fa:16:3e:19:20:2e
Jun 22 04:10:04 gtw01 dnsmasq-dhcp[17482]: DHCPRELEASE(tape841a4d0-f2) 192.168.120.3 fa:16:3e:19:20:2e unknown lease
Jun 22 04:10:05 gtw01 dnsmasq[17482]: read /var/lib/neutron/dhcp/4991e5fb-cd21-4ac4-93b3-f16578e597a1/addn_hosts - 4 addresses
Jun 22 04:10:05 gtw01 dnsmasq-dhcp[17482]: read /var/lib/neutron/dhcp/4991e5fb-cd21-4ac4-93b3-f16578e597a1/host
Jun 22 04:10:05 gtw01 dnsmasq-dhcp[17482]: read /var/lib/neutron/dhcp/4991e5fb-cd21-4ac4-93b3-f16578e597a1/opts
Jun 22 04:10:06 gtw01 dnsmasq-dhcp[17482]: DHCPRELEASE(tape841a4d0-f2) 192.168.120.5 fa:16:3e:77:a9:8e
Jun 22 04:10:07 gtw01 dnsmasq-dhcp[17482]: DHCPRELEASE(tape841a4d0-f2) 192.168.120.5 fa:16:3e:77:a9:8e unknown lease
Jun 22 04:10:07 gtw01 dnsmasq[17482]: read /var/lib/neutron/dhcp/4991e5fb-cd21-4ac4-93b3-f16578e597a1/addn_hosts - 3 addresses
Jun 22 04:10:07 gtw01 dnsmasq-dhcp[17482]: read /var/lib/neutron/dhcp/4991e5fb-cd21-4ac4-93b3-f16578e597a1/host
Jun 22 04:10:07 gtw01 dnsmasq-dhcp[17482]: read /var/lib/neutron/dhcp/4991e5fb-cd21-4ac4-93b3-f16578e597a1/opts
Jun 22 04:10:09 gtw01 dnsmasq[17482]: read /var/lib/neutron/dhcp/4991e5fb-cd21-4ac4-93b3-f16578e597a1/addn_hosts - 2 addresses
Jun 22 04:10:09 gtw01 dnsmasq-dhcp[17482]: read /var/lib/neutron/dhcp/4991e5fb-cd21-4ac4-93b3-f16578e597a1/host
Jun 22 04:10:09 gtw01 dnsmasq-dhcp[17482]: read /var/lib/neutron/dhcp/4991e5fb-cd21-4ac4-93b3-f16578e597a1/opts
Jun 22 04:10:11 gtw01 dnsmasq[17482]: read /var/lib/neutron/dhcp/4991e5fb-cd21-4ac4-93b3-f16578e597a1/addn_hosts - 1 addresses
Jun 22 04:10:11 gtw01 dnsmasq-dhcp[17482]: read /var/lib/neutron/dhcp/4991e5fb-cd21-4ac4-93b3-f16578e597a1/host
Jun 22 04:10:11 gtw01 dnsmasq-dhcp[17482]: read /var/lib/neutron/dhcp/4991e5fb-cd21-4ac4-93b3-f16578e597a1/opts
Jun 22 04:10:11 gtw01 dnsmasq[3184]: read /var/lib/neutron/dhcp/9cd27ec0-9bf6-48d3-bf8d-a954a0528f50/addn_hosts - 3 addresses
Jun 22 04:10:11 gtw01 dnsmasq-dhcp[3184]: read /var/lib/neutron/dhcp/9cd27ec0-9bf6-48d3-bf8d-a954a0528f50/host
Jun 22 04:10:11 gtw01 dnsmasq-dhcp[3184]: read /var/lib/neutron/dhcp/9cd27ec0-9bf6-48d3-bf8d-a954a0528f50/opts
Jun 22 04:10:11 gtw01 haproxy-metadata-proxy-4991e5fb-cd21-4ac4-93b3-f16578e597a1[21578]: Proxy listener started.
Jun 22 04:10:12 gtw01 dnsmasq[3184]: read /var/lib/neutron/dhcp/9cd27ec0-9bf6-48d3-bf8d-a954a0528f50/addn_hosts - 3 addresses
Jun 22 04:10:12 gtw01 dnsmasq-dhcp[3184]: read /var/lib/neutron/dhcp/9cd27ec0-9bf6-48d3-bf8d-a954a0528f50/host
Jun 22 04:10:12 gtw01 dnsmasq-dhcp[3184]: read /var/lib/neutron/dhcp/9cd27ec0-9bf6-48d3-bf8d-a954a0528f50/opts
Jun 22 04:10:13 gtw01 kernel: [ 5601.977358] device qr-919ed143-13 left promiscuous mode
Jun 22 04:10:13 gtw01 dnsmasq[3184]: read /var/lib/neutron/dhcp/9cd27ec0-9bf6-48d3-bf8d-a954a0528f50/addn_hosts - 3 addresses
Jun 22 04:10:13 gtw01 dnsmasq-dhcp[3184]: read /var/lib/neutron/dhcp/9cd27ec0-9bf6-48d3-bf8d-a954a0528f50/host
Jun 22 04:10:13 gtw01 dnsmasq-dhcp[3184]: read /var/lib/neutron/dhcp/9cd27ec0-9bf6-48d3-bf8d-a954a0528f50/opts
Jun 22 04:10:13 gtw01 dnsmasq-dhcp[20922]: DHCPRELEASE(tapce209660-fe) 192.168.120.4 fa:16:3e:93:57:6f
Jun 22 04:10:13 gtw01 kernel: [ 5602.828531] device qg-4d422b41-1b left promiscuous mode
Jun 22 04:10:14 gtw01 dnsmasq-dhcp[20922]: DHCPRELEASE(tapce209660-fe) 192.168.120.4 fa:16:3e:93:57:6f unknown lease
Jun 22 04:10:14 gtw01 dnsmasq[20922]: read /var/lib/neutron/dhcp/4a491e1f-74ec-462a-befa-1bdd7e732782/addn_hosts - 3 addresses
Jun 22 04:10:14 gtw01 dnsmasq-dhcp[20922]: read /var/lib/neutron/dhcp/4a491e1f-74ec-462a-befa-1bdd7e732782/host
Jun 22 04:10:14 gtw01 dnsmasq-dhcp[20922]: read /var/lib/neutron/dhcp/4a491e1f-74ec-462a-befa-1bdd7e732782/opts
Jun 22 04:10:16 gtw01 kernel: [ 5605.387958] device tape841a4d0-f2 left promiscuous mode
Jun 22 04:10:16 gtw01 dnsmasq-dhcp[20922]: DHCPRELEASE(tapce209660-fe) 192.168.120.12 fa:16:3e:17:59:f4
Jun 22 04:10:16 gtw01 dnsmasq-dhcp[20922]: DHCPRELEASE(tapce209660-fe) 192.168.120.12 fa:16:3e:17:59:f4 unknown lease
Jun 22 04:10:17 gtw01 dnsmasq[20922]: read /var/lib/neutron/dhcp/4a491e1f-74ec-462a-befa-1bdd7e732782/addn_hosts - 2 addresses
Jun 22 04:10:17 gtw01 dnsmasq-dhcp[20922]: read /var/lib/neutron/dhcp/4a491e1f-74ec-462a-befa-1bdd7e732782/host
Jun 22 04:10:17 gtw01 dnsmasq-dhcp[20922]: read /var/lib/neutron/dhcp/4a491e1f-74ec-462a-befa-1bdd7e732782/opts
Jun 22 04:10:19 gtw01 dnsmasq[20922]: read /var/lib/neutron/dhcp/4a491e1f-74ec-462a-befa-1bdd7e732782/addn_hosts - 1 addresses
Jun 22 04:10:19 gtw01 dnsmasq-dhcp[20922]: read /var/lib/neutron/dhcp/4a491e1f-74ec-462a-befa-1bdd7e732782/host
Jun 22 04:10:19 gtw01 dnsmasq-dhcp[20922]: read /var/lib/neutron/dhcp/4a491e1f-74ec-462a-befa-1bdd7e732782/opts
Jun 22 04:10:21 gtw01 kernel: [ 5610.250701] device qr-fbf35503-56 left promiscuous mode
Jun 22 04:10:22 gtw01 kernel: [ 5610.989531] device tapce209660-fe left promiscuous mode
Jun 22 04:10:22 gtw01 kernel: [ 5611.033164] device qg-856434fd-ab left promiscuous mode
Jun 22 04:10:24 gtw01 kernel: [ 5613.246396] device tap3d22b928-51 entered promiscuous mode
Jun 22 04:10:24 gtw01 systemd-udevd[21941]: Could not generate persistent MAC address for tap3d22b928-51: No such file or directory
Jun 22 04:10:24 gtw01 systemd-udevd[21987]: Process '/sbin/ip link set tap3d22b928-51 txqueuelen 10000' failed with exit code 1.
Jun 22 04:10:27 gtw01 kernel: [ 5616.075970] device qr-d2adc7c7-3c entered promiscuous mode
Jun 22 04:10:27 gtw01 systemd-udevd[22092]: Could not generate persistent MAC address for qr-d2adc7c7-3c: No such file or directory
Jun 22 04:10:27 gtw01 dnsmasq-dhcp[3184]: DHCPDISCOVER(tap3dd2b34d-81) fa:16:3e:a7:ac:3a
Jun 22 04:10:27 gtw01 dnsmasq-dhcp[3184]: DHCPOFFER(tap3dd2b34d-81) 192.168.120.4 fa:16:3e:a7:ac:3a
Jun 22 04:10:27 gtw01 dnsmasq-dhcp[3184]: DHCPREQUEST(tap3dd2b34d-81) 192.168.120.4 fa:16:3e:a7:ac:3a
Jun 22 04:10:27 gtw01 dnsmasq-dhcp[3184]: DHCPACK(tap3dd2b34d-81) 192.168.120.4 fa:16:3e:a7:ac:3a host-192-168-120-4
Jun 22 04:10:27 gtw01 dnsmasq[22166]: started, version 2.80 cachesize 150
Jun 22 04:10:27 gtw01 dnsmasq[22166]: DNS service limited to local subnets
Jun 22 04:10:27 gtw01 dnsmasq[22166]: compile time options: IPv6 GNU-getopt DBus i18n IDN DHCP DHCPv6 no-Lua TFTP conntrack ipset auth DNSSEC loop-detect inotify dumpfile
Jun 22 04:10:27 gtw01 dnsmasq[22166]: warning: no upstream servers configured
Jun 22 04:10:27 gtw01 dnsmasq-dhcp[22166]: DHCP, static leases only on 192.168.120.0, lease time 1h
Jun 22 04:10:27 gtw01 dnsmasq[22166]: read /var/lib/neutron/dhcp/3407dc67-139a-4e63-b470-0c45626ba242/addn_hosts - 1 addresses
Jun 22 04:10:27 gtw01 dnsmasq-dhcp[22166]: read /var/lib/neutron/dhcp/3407dc67-139a-4e63-b470-0c45626ba242/host
Jun 22 04:10:27 gtw01 dnsmasq-dhcp[22166]: read /var/lib/neutron/dhcp/3407dc67-139a-4e63-b470-0c45626ba242/opts
Jun 22 04:10:27 gtw01 haproxy-metadata-proxy-3407dc67-139a-4e63-b470-0c45626ba242[22173]: Proxy listener started.
Jun 22 04:10:28 gtw01 systemd-udevd[22188]: Could not generate persistent MAC address for qg-3a63ed7f-ce: No such file or directory
Jun 22 04:10:28 gtw01 kernel: [ 5617.177087] device qg-3a63ed7f-ce entered promiscuous mode
Jun 22 04:10:28 gtw01 dnsmasq[22166]: read /var/lib/neutron/dhcp/3407dc67-139a-4e63-b470-0c45626ba242/addn_hosts - 2 addresses
Jun 22 04:10:28 gtw01 dnsmasq-dhcp[22166]: read /var/lib/neutron/dhcp/3407dc67-139a-4e63-b470-0c45626ba242/host
Jun 22 04:10:28 gtw01 dnsmasq-dhcp[22166]: read /var/lib/neutron/dhcp/3407dc67-139a-4e63-b470-0c45626ba242/opts
Jun 22 04:10:30 gtw01 dnsmasq[22166]: read /var/lib/neutron/dhcp/3407dc67-139a-4e63-b470-0c45626ba242/addn_hosts - 2 addresses
Jun 22 04:10:30 gtw01 dnsmasq-dhcp[22166]: read /var/lib/neutron/dhcp/3407dc67-139a-4e63-b470-0c45626ba242/host
Jun 22 04:10:30 gtw01 dnsmasq-dhcp[22166]: read /var/lib/neutron/dhcp/3407dc67-139a-4e63-b470-0c45626ba242/opts
Jun 22 04:10:30 gtw01 dnsmasq-dhcp[3184]: DHCPRELEASE(tap3dd2b34d-81) 192.168.120.4 fa:16:3e:a7:ac:3a
Jun 22 04:10:31 gtw01 dnsmasq[22166]: read /var/lib/neutron/dhcp/3407dc67-139a-4e63-b470-0c45626ba242/addn_hosts - 2 addresses
Jun 22 04:10:31 gtw01 dnsmasq-dhcp[22166]: read /var/lib/neutron/dhcp/3407dc67-139a-4e63-b470-0c45626ba242/host
Jun 22 04:10:31 gtw01 dnsmasq-dhcp[22166]: read /var/lib/neutron/dhcp/3407dc67-139a-4e63-b470-0c45626ba242/opts
Jun 22 04:10:31 gtw01 kernel: [ 5620.168555] device tapf1c7db02-34 entered promiscuous mode
Jun 22 04:10:31 gtw01 systemd-udevd[22413]: Could not generate persistent MAC address for tapf1c7db02-34: No such file or directory
Jun 22 04:10:31 gtw01 systemd-udevd[22413]: Process '/sbin/ip link set tapf1c7db02-34 txqueuelen 10000' failed with exit code 1.
Jun 22 04:10:31 gtw01 systemd-udevd[22413]: Process '/sbin/ip link set tapf1c7db02-34 txqueuelen 10000' failed with exit code 1.
Jun 22 04:10:31 gtw01 systemd-udevd[22489]: Could not generate persistent MAC address for tap3fa42a4e-e2: No such file or directory
Jun 22 04:10:31 gtw01 kernel: [ 5620.388805] device tap3fa42a4e-e2 entered promiscuous mode
Jun 22 04:10:31 gtw01 systemd-udevd[22489]: Process '/sbin/ip link set tap3fa42a4e-e2 txqueuelen 10000' failed with exit code 1.
Jun 22 04:10:31 gtw01 systemd-udevd[22543]: Process '/sbin/ip link set tap3fa42a4e-e2 txqueuelen 10000' failed with exit code 1.
Jun 22 04:10:32 gtw01 dnsmasq[22166]: read /var/lib/neutron/dhcp/3407dc67-139a-4e63-b470-0c45626ba242/addn_hosts - 2 addresses
Jun 22 04:10:32 gtw01 dnsmasq-dhcp[22166]: read /var/lib/neutron/dhcp/3407dc67-139a-4e63-b470-0c45626ba242/host
Jun 22 04:10:32 gtw01 dnsmasq-dhcp[22166]: read /var/lib/neutron/dhcp/3407dc67-139a-4e63-b470-0c45626ba242/opts
Jun 22 04:10:32 gtw01 dnsmasq[3184]: read /var/lib/neutron/dhcp/9cd27ec0-9bf6-48d3-bf8d-a954a0528f50/addn_hosts - 4 addresses
Jun 22 04:10:32 gtw01 dnsmasq-dhcp[3184]: read /var/lib/neutron/dhcp/9cd27ec0-9bf6-48d3-bf8d-a954a0528f50/host
Jun 22 04:10:32 gtw01 dnsmasq-dhcp[3184]: read /var/lib/neutron/dhcp/9cd27ec0-9bf6-48d3-bf8d-a954a0528f50/opts
Jun 22 04:10:33 gtw01 kernel: [ 5622.052920] device tapdceaad40-97 entered promiscuous mode
Jun 22 04:10:33 gtw01 systemd-udevd[22664]: Could not generate persistent MAC address for tapdceaad40-97: No such file or directory
Jun 22 04:10:33 gtw01 systemd-udevd[22664]: Process '/sbin/ip link set tapdceaad40-97 txqueuelen 10000' failed with exit code 1.
Jun 22 04:10:33 gtw01 systemd-udevd[22718]: Process '/sbin/ip link set tapdceaad40-97 txqueuelen 10000' failed with exit code 1.
Jun 22 04:10:33 gtw01 dnsmasq[22166]: read /var/lib/neutron/dhcp/3407dc67-139a-4e63-b470-0c45626ba242/addn_hosts - 2 addresses
Jun 22 04:10:33 gtw01 dnsmasq-dhcp[22166]: read /var/lib/neutron/dhcp/3407dc67-139a-4e63-b470-0c45626ba242/host
Jun 22 04:10:33 gtw01 dnsmasq-dhcp[22166]: read /var/lib/neutron/dhcp/3407dc67-139a-4e63-b470-0c45626ba242/opts
Jun 22 04:10:34 gtw01 dnsmasq[3184]: read /var/lib/neutron/dhcp/9cd27ec0-9bf6-48d3-bf8d-a954a0528f50/addn_hosts - 4 addresses
Jun 22 04:10:34 gtw01 dnsmasq-dhcp[3184]: read /var/lib/neutron/dhcp/9cd27ec0-9bf6-48d3-bf8d-a954a0528f50/host
Jun 22 04:10:34 gtw01 dnsmasq-dhcp[3184]: read /var/lib/neutron/dhcp/9cd27ec0-9bf6-48d3-bf8d-a954a0528f50/opts
Jun 22 04:10:35 gtw01 haproxy-metadata-proxy-e14e58ee-decf-4d06-83a3-bd1bd1d85071[22908]: Proxy listener started.
Jun 22 04:10:35 gtw01 systemd-udevd[22920]: Could not generate persistent MAC address for qr-674e9fc3-41: No such file or directory
Jun 22 04:10:35 gtw01 kernel: [ 5624.616639] device qr-674e9fc3-41 entered promiscuous mode
Jun 22 04:10:36 gtw01 dnsmasq[3184]: read /var/lib/neutron/dhcp/9cd27ec0-9bf6-48d3-bf8d-a954a0528f50/addn_hosts - 4 addresses
Jun 22 04:10:36 gtw01 dnsmasq-dhcp[3184]: read /var/lib/neutron/dhcp/9cd27ec0-9bf6-48d3-bf8d-a954a0528f50/host
Jun 22 04:10:36 gtw01 dnsmasq-dhcp[3184]: read /var/lib/neutron/dhcp/9cd27ec0-9bf6-48d3-bf8d-a954a0528f50/opts
Jun 22 04:10:36 gtw01 dnsmasq[23038]: started, version 2.80 cachesize 150
Jun 22 04:10:36 gtw01 dnsmasq[23038]: DNS service limited to local subnets
Jun 22 04:10:36 gtw01 dnsmasq[23038]: compile time options: IPv6 GNU-getopt DBus i18n IDN DHCP DHCPv6 no-Lua TFTP conntrack ipset auth DNSSEC loop-detect inotify dumpfile
Jun 22 04:10:36 gtw01 dnsmasq[23038]: warning: no upstream servers configured
Jun 22 04:10:36 gtw01 dnsmasq-dhcp[23038]: DHCP, static leases only on 192.168.120.0, lease time 1h
Jun 22 04:10:36 gtw01 dnsmasq[23038]: read /var/lib/neutron/dhcp/1b646300-60a1-4f7b-8413-3002021a73ad/addn_hosts - 1 addresses
Jun 22 04:10:36 gtw01 dnsmasq-dhcp[23038]: read /var/lib/neutron/dhcp/1b646300-60a1-4f7b-8413-3002021a73ad/host
Jun 22 04:10:36 gtw01 dnsmasq-dhcp[23038]: read /var/lib/neutron/dhcp/1b646300-60a1-4f7b-8413-3002021a73ad/opts
Jun 22 04:10:37 gtw01 dnsmasq[23068]: started, version 2.80 cachesize 150
Jun 22 04:10:37 gtw01 dnsmasq[23068]: DNS service limited to local subnets
Jun 22 04:10:37 gtw01 dnsmasq[23068]: compile time options: IPv6 GNU-getopt DBus i18n IDN DHCP DHCPv6 no-Lua TFTP conntrack ipset auth DNSSEC loop-detect inotify dumpfile
Jun 22 04:10:37 gtw01 dnsmasq[23068]: LOUD WARNING: listening on 19.80.0.2 may accept requests via interfaces other than tap3fa42a4e-e2
Jun 22 04:10:37 gtw01 dnsmasq[23068]: LOUD WARNING: use --bind-dynamic rather than --bind-interfaces to avoid DNS amplification attacks via these interface(s)
Jun 22 04:10:37 gtw01 dnsmasq[23068]: warning: no upstream servers configured
Jun 22 04:10:37 gtw01 dnsmasq-dhcp[23068]: DHCP, static leases only on 19.80.0.0, lease time 1h
Jun 22 04:10:37 gtw01 dnsmasq[23068]: read /var/lib/neutron/dhcp/e6746b9c-fb88-42d0-a71b-f3697f8bc657/addn_hosts - 1 addresses
Jun 22 04:10:37 gtw01 dnsmasq-dhcp[23068]: read /var/lib/neutron/dhcp/e6746b9c-fb88-42d0-a71b-f3697f8bc657/host
Jun 22 04:10:37 gtw01 dnsmasq-dhcp[23068]: read /var/lib/neutron/dhcp/e6746b9c-fb88-42d0-a71b-f3697f8bc657/opts
Jun 22 04:10:37 gtw01 haproxy-metadata-proxy-1b646300-60a1-4f7b-8413-3002021a73ad[23071]: Proxy listener started.
Jun 22 04:10:37 gtw01 kernel: [ 5626.086807] device qg-1cfb1258-39 entered promiscuous mode
Jun 22 04:10:37 gtw01 systemd-udevd[23083]: Could not generate persistent MAC address for qg-1cfb1258-39: No such file or directory
Jun 22 04:10:37 gtw01 kernel: [ 5626.104222] IPv4: martian source 192.168.120.1 from 192.168.120.1, on dev qr-d2adc7c7-3c
Jun 22 04:10:37 gtw01 kernel: [ 5626.104226] ll header: 00000000: ff ff ff ff ff ff fa 16 3e 2a a2 f7 08 06        ........>*....
Jun 22 04:10:37 gtw01 haproxy-metadata-proxy-e6746b9c-fb88-42d0-a71b-f3697f8bc657[23142]: Proxy listener started.
Jun 22 04:10:37 gtw01 dnsmasq[22166]: read /var/lib/neutron/dhcp/3407dc67-139a-4e63-b470-0c45626ba242/addn_hosts - 2 addresses
Jun 22 04:10:37 gtw01 dnsmasq-dhcp[22166]: read /var/lib/neutron/dhcp/3407dc67-139a-4e63-b470-0c45626ba242/host
Jun 22 04:10:37 gtw01 dnsmasq-dhcp[22166]: read /var/lib/neutron/dhcp/3407dc67-139a-4e63-b470-0c45626ba242/opts
Jun 22 04:10:38 gtw01 dnsmasq[23038]: read /var/lib/neutron/dhcp/1b646300-60a1-4f7b-8413-3002021a73ad/addn_hosts - 2 addresses
