Jun 22 05:33:36 gtw01 dnsmasq[28575]: warning: no upstream servers configured
Jun 22 05:33:36 gtw01 dnsmasq-dhcp[28575]: DHCP, static leases only on 11.11.11.0, lease time 1h
Jun 22 05:33:36 gtw01 dnsmasq[28575]: read /var/lib/neutron/dhcp/03b2de78-a1d8-4fa5-a0b7-5d2025f16f0e/addn_hosts - 1 addresses
Jun 22 05:33:36 gtw01 dnsmasq-dhcp[28575]: read /var/lib/neutron/dhcp/03b2de78-a1d8-4fa5-a0b7-5d2025f16f0e/host
Jun 22 05:33:36 gtw01 dnsmasq-dhcp[28575]: read /var/lib/neutron/dhcp/03b2de78-a1d8-4fa5-a0b7-5d2025f16f0e/opts
Jun 22 05:33:37 gtw01 haproxy-metadata-proxy-03b2de78-a1d8-4fa5-a0b7-5d2025f16f0e[28612]: Proxy listener started.
Jun 22 05:33:37 gtw01 dnsmasq[28187]: read /var/lib/neutron/dhcp/a4e19521-ba4e-4e1e-8649-5a989f62255c/addn_hosts - 2 addresses
Jun 22 05:33:37 gtw01 dnsmasq-dhcp[28187]: read /var/lib/neutron/dhcp/a4e19521-ba4e-4e1e-8649-5a989f62255c/host
Jun 22 05:33:37 gtw01 dnsmasq-dhcp[28187]: read /var/lib/neutron/dhcp/a4e19521-ba4e-4e1e-8649-5a989f62255c/opts
Jun 22 05:33:37 gtw01 dnsmasq[28522]: read /var/lib/neutron/dhcp/8e1726b3-4d06-43a1-bd72-1a4f2a9159fc/addn_hosts - 2 addresses
Jun 22 05:33:37 gtw01 dnsmasq-dhcp[28522]: read /var/lib/neutron/dhcp/8e1726b3-4d06-43a1-bd72-1a4f2a9159fc/host
Jun 22 05:33:37 gtw01 dnsmasq-dhcp[28522]: read /var/lib/neutron/dhcp/8e1726b3-4d06-43a1-bd72-1a4f2a9159fc/opts
Jun 22 05:33:37 gtw01 dnsmasq[28200]: read /var/lib/neutron/dhcp/c2356d68-8941-4000-8e6e-4faf8f2da99e/addn_hosts - 2 addresses
Jun 22 05:33:37 gtw01 dnsmasq-dhcp[28200]: read /var/lib/neutron/dhcp/c2356d68-8941-4000-8e6e-4faf8f2da99e/host
Jun 22 05:33:37 gtw01 dnsmasq-dhcp[28200]: read /var/lib/neutron/dhcp/c2356d68-8941-4000-8e6e-4faf8f2da99e/opts
Jun 22 05:33:38 gtw01 systemd-udevd[28713]: Could not generate persistent MAC address for qg-9dd83e3c-0d: No such file or directory
Jun 22 05:33:38 gtw01 kernel: [10607.385778] device qg-9dd83e3c-0d entered promiscuous mode
Jun 22 05:33:39 gtw01 dnsmasq[28187]: read /var/lib/neutron/dhcp/a4e19521-ba4e-4e1e-8649-5a989f62255c/addn_hosts - 2 addresses
Jun 22 05:33:39 gtw01 dnsmasq-dhcp[28187]: read /var/lib/neutron/dhcp/a4e19521-ba4e-4e1e-8649-5a989f62255c/host
Jun 22 05:33:39 gtw01 dnsmasq-dhcp[28187]: read /var/lib/neutron/dhcp/a4e19521-ba4e-4e1e-8649-5a989f62255c/opts
Jun 22 05:33:39 gtw01 dnsmasq[28575]: read /var/lib/neutron/dhcp/03b2de78-a1d8-4fa5-a0b7-5d2025f16f0e/addn_hosts - 2 addresses
Jun 22 05:33:39 gtw01 dnsmasq-dhcp[28575]: read /var/lib/neutron/dhcp/03b2de78-a1d8-4fa5-a0b7-5d2025f16f0e/host
Jun 22 05:33:39 gtw01 dnsmasq-dhcp[28575]: read /var/lib/neutron/dhcp/03b2de78-a1d8-4fa5-a0b7-5d2025f16f0e/opts
Jun 22 05:33:39 gtw01 dnsmasq[28200]: read /var/lib/neutron/dhcp/c2356d68-8941-4000-8e6e-4faf8f2da99e/addn_hosts - 2 addresses
Jun 22 05:33:39 gtw01 dnsmasq-dhcp[28200]: read /var/lib/neutron/dhcp/c2356d68-8941-4000-8e6e-4faf8f2da99e/host
Jun 22 05:33:39 gtw01 dnsmasq-dhcp[28200]: read /var/lib/neutron/dhcp/c2356d68-8941-4000-8e6e-4faf8f2da99e/opts
Jun 22 05:33:39 gtw01 dnsmasq[28522]: read /var/lib/neutron/dhcp/8e1726b3-4d06-43a1-bd72-1a4f2a9159fc/addn_hosts - 2 addresses
Jun 22 05:33:39 gtw01 dnsmasq-dhcp[28522]: read /var/lib/neutron/dhcp/8e1726b3-4d06-43a1-bd72-1a4f2a9159fc/host
Jun 22 05:33:39 gtw01 dnsmasq-dhcp[28522]: read /var/lib/neutron/dhcp/8e1726b3-4d06-43a1-bd72-1a4f2a9159fc/opts
Jun 22 05:33:41 gtw01 dnsmasq[28187]: read /var/lib/neutron/dhcp/a4e19521-ba4e-4e1e-8649-5a989f62255c/addn_hosts - 3 addresses
Jun 22 05:33:41 gtw01 dnsmasq-dhcp[28187]: read /var/lib/neutron/dhcp/a4e19521-ba4e-4e1e-8649-5a989f62255c/host
Jun 22 05:33:41 gtw01 dnsmasq-dhcp[28187]: read /var/lib/neutron/dhcp/a4e19521-ba4e-4e1e-8649-5a989f62255c/opts
Jun 22 05:33:41 gtw01 dnsmasq[28575]: read /var/lib/neutron/dhcp/03b2de78-a1d8-4fa5-a0b7-5d2025f16f0e/addn_hosts - 2 addresses
Jun 22 05:33:41 gtw01 dnsmasq-dhcp[28575]: read /var/lib/neutron/dhcp/03b2de78-a1d8-4fa5-a0b7-5d2025f16f0e/host
Jun 22 05:33:41 gtw01 dnsmasq-dhcp[28575]: read /var/lib/neutron/dhcp/03b2de78-a1d8-4fa5-a0b7-5d2025f16f0e/opts
Jun 22 05:33:41 gtw01 dnsmasq[28522]: read /var/lib/neutron/dhcp/8e1726b3-4d06-43a1-bd72-1a4f2a9159fc/addn_hosts - 2 addresses
Jun 22 05:33:41 gtw01 dnsmasq-dhcp[28522]: read /var/lib/neutron/dhcp/8e1726b3-4d06-43a1-bd72-1a4f2a9159fc/host
Jun 22 05:33:41 gtw01 dnsmasq-dhcp[28522]: read /var/lib/neutron/dhcp/8e1726b3-4d06-43a1-bd72-1a4f2a9159fc/opts
Jun 22 05:33:41 gtw01 dnsmasq[28200]: read /var/lib/neutron/dhcp/c2356d68-8941-4000-8e6e-4faf8f2da99e/addn_hosts - 3 addresses
Jun 22 05:33:41 gtw01 dnsmasq-dhcp[28200]: read /var/lib/neutron/dhcp/c2356d68-8941-4000-8e6e-4faf8f2da99e/host
Jun 22 05:33:41 gtw01 dnsmasq-dhcp[28200]: read /var/lib/neutron/dhcp/c2356d68-8941-4000-8e6e-4faf8f2da99e/opts
Jun 22 05:33:42 gtw01 systemd-udevd[29076]: Could not generate persistent MAC address for qg-24951edc-72: No such file or directory
Jun 22 05:33:42 gtw01 kernel: [10611.642689] device qg-24951edc-72 entered promiscuous mode
Jun 22 05:33:43 gtw01 dnsmasq[28575]: read /var/lib/neutron/dhcp/03b2de78-a1d8-4fa5-a0b7-5d2025f16f0e/addn_hosts - 2 addresses
Jun 22 05:33:43 gtw01 dnsmasq-dhcp[28575]: read /var/lib/neutron/dhcp/03b2de78-a1d8-4fa5-a0b7-5d2025f16f0e/host
Jun 22 05:33:43 gtw01 dnsmasq-dhcp[28575]: read /var/lib/neutron/dhcp/03b2de78-a1d8-4fa5-a0b7-5d2025f16f0e/opts
Jun 22 05:33:43 gtw01 dnsmasq[28522]: read /var/lib/neutron/dhcp/8e1726b3-4d06-43a1-bd72-1a4f2a9159fc/addn_hosts - 3 addresses
Jun 22 05:33:43 gtw01 dnsmasq-dhcp[28522]: read /var/lib/neutron/dhcp/8e1726b3-4d06-43a1-bd72-1a4f2a9159fc/host
Jun 22 05:33:43 gtw01 dnsmasq-dhcp[28522]: read /var/lib/neutron/dhcp/8e1726b3-4d06-43a1-bd72-1a4f2a9159fc/opts
Jun 22 05:33:43 gtw01 dnsmasq[28187]: read /var/lib/neutron/dhcp/a4e19521-ba4e-4e1e-8649-5a989f62255c/addn_hosts - 3 addresses
Jun 22 05:33:43 gtw01 dnsmasq-dhcp[28187]: read /var/lib/neutron/dhcp/a4e19521-ba4e-4e1e-8649-5a989f62255c/host
Jun 22 05:33:43 gtw01 dnsmasq-dhcp[28187]: read /var/lib/neutron/dhcp/a4e19521-ba4e-4e1e-8649-5a989f62255c/opts
Jun 22 05:33:44 gtw01 dnsmasq[28200]: read /var/lib/neutron/dhcp/c2356d68-8941-4000-8e6e-4faf8f2da99e/addn_hosts - 3 addresses
Jun 22 05:33:44 gtw01 dnsmasq-dhcp[28200]: read /var/lib/neutron/dhcp/c2356d68-8941-4000-8e6e-4faf8f2da99e/host
Jun 22 05:33:44 gtw01 dnsmasq-dhcp[28200]: read /var/lib/neutron/dhcp/c2356d68-8941-4000-8e6e-4faf8f2da99e/opts
Jun 22 05:33:45 gtw01 dnsmasq[28575]: read /var/lib/neutron/dhcp/03b2de78-a1d8-4fa5-a0b7-5d2025f16f0e/addn_hosts - 3 addresses
Jun 22 05:33:45 gtw01 dnsmasq-dhcp[28575]: read /var/lib/neutron/dhcp/03b2de78-a1d8-4fa5-a0b7-5d2025f16f0e/host
Jun 22 05:33:45 gtw01 dnsmasq-dhcp[28575]: read /var/lib/neutron/dhcp/03b2de78-a1d8-4fa5-a0b7-5d2025f16f0e/opts
Jun 22 05:33:45 gtw01 dnsmasq[28522]: read /var/lib/neutron/dhcp/8e1726b3-4d06-43a1-bd72-1a4f2a9159fc/addn_hosts - 3 addresses
Jun 22 05:33:45 gtw01 dnsmasq-dhcp[28522]: read /var/lib/neutron/dhcp/8e1726b3-4d06-43a1-bd72-1a4f2a9159fc/host
Jun 22 05:33:45 gtw01 dnsmasq-dhcp[28522]: read /var/lib/neutron/dhcp/8e1726b3-4d06-43a1-bd72-1a4f2a9159fc/opts
Jun 22 05:33:45 gtw01 dnsmasq[28187]: read /var/lib/neutron/dhcp/a4e19521-ba4e-4e1e-8649-5a989f62255c/addn_hosts - 3 addresses
Jun 22 05:33:45 gtw01 dnsmasq-dhcp[28187]: read /var/lib/neutron/dhcp/a4e19521-ba4e-4e1e-8649-5a989f62255c/host
Jun 22 05:33:45 gtw01 dnsmasq-dhcp[28187]: read /var/lib/neutron/dhcp/a4e19521-ba4e-4e1e-8649-5a989f62255c/opts
Jun 22 05:33:46 gtw01 dnsmasq[28200]: read /var/lib/neutron/dhcp/c2356d68-8941-4000-8e6e-4faf8f2da99e/addn_hosts - 3 addresses
Jun 22 05:33:46 gtw01 dnsmasq-dhcp[28200]: read /var/lib/neutron/dhcp/c2356d68-8941-4000-8e6e-4faf8f2da99e/host
Jun 22 05:33:46 gtw01 dnsmasq-dhcp[28200]: read /var/lib/neutron/dhcp/c2356d68-8941-4000-8e6e-4faf8f2da99e/opts
Jun 22 05:33:46 gtw01 haproxy-metadata-proxy-6e4685d1-983b-4f9d-af91-a28df93bfb07[29409]: Proxy listener started.
Jun 22 05:33:47 gtw01 haproxy-metadata-proxy-e6f17f68-5dcf-4c1c-9e3f-c1fa4b2b01e3[29458]: Proxy listener started.
Jun 22 05:33:47 gtw01 dnsmasq[28575]: read /var/lib/neutron/dhcp/03b2de78-a1d8-4fa5-a0b7-5d2025f16f0e/addn_hosts - 3 addresses
Jun 22 05:33:47 gtw01 dnsmasq-dhcp[28575]: read /var/lib/neutron/dhcp/03b2de78-a1d8-4fa5-a0b7-5d2025f16f0e/host
Jun 22 05:33:47 gtw01 dnsmasq-dhcp[28575]: read /var/lib/neutron/dhcp/03b2de78-a1d8-4fa5-a0b7-5d2025f16f0e/opts
Jun 22 05:33:47 gtw01 dnsmasq[28522]: read /var/lib/neutron/dhcp/8e1726b3-4d06-43a1-bd72-1a4f2a9159fc/addn_hosts - 3 addresses
Jun 22 05:33:47 gtw01 dnsmasq-dhcp[28522]: read /var/lib/neutron/dhcp/8e1726b3-4d06-43a1-bd72-1a4f2a9159fc/host
Jun 22 05:33:47 gtw01 dnsmasq-dhcp[28522]: read /var/lib/neutron/dhcp/8e1726b3-4d06-43a1-bd72-1a4f2a9159fc/opts
Jun 22 05:33:47 gtw01 dnsmasq[28187]: read /var/lib/neutron/dhcp/a4e19521-ba4e-4e1e-8649-5a989f62255c/addn_hosts - 3 addresses
Jun 22 05:33:47 gtw01 dnsmasq-dhcp[28187]: read /var/lib/neutron/dhcp/a4e19521-ba4e-4e1e-8649-5a989f62255c/host
Jun 22 05:33:47 gtw01 dnsmasq-dhcp[28187]: read /var/lib/neutron/dhcp/a4e19521-ba4e-4e1e-8649-5a989f62255c/opts
Jun 22 05:33:48 gtw01 dnsmasq[28200]: read /var/lib/neutron/dhcp/c2356d68-8941-4000-8e6e-4faf8f2da99e/addn_hosts - 3 addresses
Jun 22 05:33:48 gtw01 dnsmasq-dhcp[28200]: read /var/lib/neutron/dhcp/c2356d68-8941-4000-8e6e-4faf8f2da99e/host
Jun 22 05:33:48 gtw01 dnsmasq-dhcp[28200]: read /var/lib/neutron/dhcp/c2356d68-8941-4000-8e6e-4faf8f2da99e/opts
Jun 22 05:33:48 gtw01 dnsmasq[28522]: read /var/lib/neutron/dhcp/8e1726b3-4d06-43a1-bd72-1a4f2a9159fc/addn_hosts - 3 addresses
Jun 22 05:33:48 gtw01 dnsmasq-dhcp[28522]: read /var/lib/neutron/dhcp/8e1726b3-4d06-43a1-bd72-1a4f2a9159fc/host
Jun 22 05:33:48 gtw01 dnsmasq-dhcp[28522]: read /var/lib/neutron/dhcp/8e1726b3-4d06-43a1-bd72-1a4f2a9159fc/opts
Jun 22 05:33:48 gtw01 dnsmasq[28575]: read /var/lib/neutron/dhcp/03b2de78-a1d8-4fa5-a0b7-5d2025f16f0e/addn_hosts - 3 addresses
Jun 22 05:33:48 gtw01 dnsmasq-dhcp[28575]: read /var/lib/neutron/dhcp/03b2de78-a1d8-4fa5-a0b7-5d2025f16f0e/host
Jun 22 05:33:48 gtw01 dnsmasq-dhcp[28575]: read /var/lib/neutron/dhcp/03b2de78-a1d8-4fa5-a0b7-5d2025f16f0e/opts
Jun 22 05:33:49 gtw01 haproxy-metadata-proxy-67198968-c314-4464-bd76-abb6855c6648[29627]: Proxy listener started.
Jun 22 05:33:50 gtw01 dnsmasq[28187]: read /var/lib/neutron/dhcp/a4e19521-ba4e-4e1e-8649-5a989f62255c/addn_hosts - 3 addresses
Jun 22 05:33:50 gtw01 dnsmasq-dhcp[28187]: read /var/lib/neutron/dhcp/a4e19521-ba4e-4e1e-8649-5a989f62255c/host
Jun 22 05:33:50 gtw01 dnsmasq-dhcp[28187]: read /var/lib/neutron/dhcp/a4e19521-ba4e-4e1e-8649-5a989f62255c/opts
Jun 22 05:33:50 gtw01 dnsmasq[28200]: read /var/lib/neutron/dhcp/c2356d68-8941-4000-8e6e-4faf8f2da99e/addn_hosts - 3 addresses
Jun 22 05:33:50 gtw01 dnsmasq-dhcp[28200]: read /var/lib/neutron/dhcp/c2356d68-8941-4000-8e6e-4faf8f2da99e/host
Jun 22 05:33:50 gtw01 dnsmasq-dhcp[28200]: read /var/lib/neutron/dhcp/c2356d68-8941-4000-8e6e-4faf8f2da99e/opts
Jun 22 05:33:50 gtw01 dnsmasq[28522]: read /var/lib/neutron/dhcp/8e1726b3-4d06-43a1-bd72-1a4f2a9159fc/addn_hosts - 3 addresses
Jun 22 05:33:50 gtw01 dnsmasq-dhcp[28522]: read /var/lib/neutron/dhcp/8e1726b3-4d06-43a1-bd72-1a4f2a9159fc/host
Jun 22 05:33:50 gtw01 dnsmasq-dhcp[28522]: read /var/lib/neutron/dhcp/8e1726b3-4d06-43a1-bd72-1a4f2a9159fc/opts
Jun 22 05:33:50 gtw01 dnsmasq[28575]: read /var/lib/neutron/dhcp/03b2de78-a1d8-4fa5-a0b7-5d2025f16f0e/addn_hosts - 3 addresses
Jun 22 05:33:50 gtw01 dnsmasq-dhcp[28575]: read /var/lib/neutron/dhcp/03b2de78-a1d8-4fa5-a0b7-5d2025f16f0e/host
Jun 22 05:33:50 gtw01 dnsmasq-dhcp[28575]: read /var/lib/neutron/dhcp/03b2de78-a1d8-4fa5-a0b7-5d2025f16f0e/opts
Jun 22 05:33:51 gtw01 dnsmasq[28187]: read /var/lib/neutron/dhcp/a4e19521-ba4e-4e1e-8649-5a989f62255c/addn_hosts - 3 addresses
Jun 22 05:33:51 gtw01 dnsmasq-dhcp[28187]: read /var/lib/neutron/dhcp/a4e19521-ba4e-4e1e-8649-5a989f62255c/host
Jun 22 05:33:51 gtw01 dnsmasq-dhcp[28187]: read /var/lib/neutron/dhcp/a4e19521-ba4e-4e1e-8649-5a989f62255c/opts
Jun 22 05:33:51 gtw01 dnsmasq[28200]: read /var/lib/neutron/dhcp/c2356d68-8941-4000-8e6e-4faf8f2da99e/addn_hosts - 3 addresses
Jun 22 05:33:51 gtw01 dnsmasq-dhcp[28200]: read /var/lib/neutron/dhcp/c2356d68-8941-4000-8e6e-4faf8f2da99e/host
Jun 22 05:33:51 gtw01 dnsmasq-dhcp[28200]: read /var/lib/neutron/dhcp/c2356d68-8941-4000-8e6e-4faf8f2da99e/opts
Jun 22 05:33:51 gtw01 systemd-udevd[29725]: Could not generate persistent MAC address for qr-492d6a46-1d: No such file or directory
Jun 22 05:33:51 gtw01 kernel: [10620.190256] device qr-492d6a46-1d entered promiscuous mode
Jun 22 05:33:51 gtw01 dnsmasq[28575]: read /var/lib/neutron/dhcp/03b2de78-a1d8-4fa5-a0b7-5d2025f16f0e/addn_hosts - 3 addresses
Jun 22 05:33:51 gtw01 dnsmasq-dhcp[28575]: read /var/lib/neutron/dhcp/03b2de78-a1d8-4fa5-a0b7-5d2025f16f0e/host
Jun 22 05:33:51 gtw01 dnsmasq-dhcp[28575]: read /var/lib/neutron/dhcp/03b2de78-a1d8-4fa5-a0b7-5d2025f16f0e/opts
Jun 22 05:33:51 gtw01 kernel: [10620.462151] device qr-6e401a9f-47 entered promiscuous mode
Jun 22 05:33:51 gtw01 systemd-udevd[29799]: Could not generate persistent MAC address for qr-6e401a9f-47: No such file or directory
Jun 22 05:33:52 gtw01 kernel: [10621.762856] IPv4: martian source 11.11.11.1 from 11.11.11.1, on dev qr-6e401a9f-47
Jun 22 05:33:52 gtw01 kernel: [10621.762859] ll header: 00000000: ff ff ff ff ff ff fa 16 3e 9e 0f 63 08 06        ........>..c..
Jun 22 05:33:52 gtw01 haproxy-metadata-proxy-dfc1fe97-5747-49be-b606-642549eeb7ba[29943]: Proxy listener started.
Jun 22 05:33:53 gtw01 dnsmasq[28522]: read /var/lib/neutron/dhcp/8e1726b3-4d06-43a1-bd72-1a4f2a9159fc/addn_hosts - 3 addresses
Jun 22 05:33:53 gtw01 dnsmasq-dhcp[28522]: read /var/lib/neutron/dhcp/8e1726b3-4d06-43a1-bd72-1a4f2a9159fc/host
Jun 22 05:33:53 gtw01 dnsmasq-dhcp[28522]: read /var/lib/neutron/dhcp/8e1726b3-4d06-43a1-bd72-1a4f2a9159fc/opts
Jun 22 05:33:54 gtw01 dnsmasq[28522]: read /var/lib/neutron/dhcp/8e1726b3-4d06-43a1-bd72-1a4f2a9159fc/addn_hosts - 3 addresses
Jun 22 05:33:54 gtw01 dnsmasq-dhcp[28522]: read /var/lib/neutron/dhcp/8e1726b3-4d06-43a1-bd72-1a4f2a9159fc/host
Jun 22 05:33:54 gtw01 dnsmasq-dhcp[28522]: read /var/lib/neutron/dhcp/8e1726b3-4d06-43a1-bd72-1a4f2a9159fc/opts
Jun 22 05:33:54 gtw01 systemd-udevd[30048]: Could not generate persistent MAC address for qr-38a01845-35: No such file or directory
Jun 22 05:33:54 gtw01 kernel: [10623.484205] device qr-38a01845-35 entered promiscuous mode
Jun 22 05:33:55 gtw01 dnsmasq[28575]: read /var/lib/neutron/dhcp/03b2de78-a1d8-4fa5-a0b7-5d2025f16f0e/addn_hosts - 2 addresses
Jun 22 05:33:55 gtw01 dnsmasq-dhcp[28575]: read /var/lib/neutron/dhcp/03b2de78-a1d8-4fa5-a0b7-5d2025f16f0e/host
Jun 22 05:33:55 gtw01 dnsmasq-dhcp[28575]: read /var/lib/neutron/dhcp/03b2de78-a1d8-4fa5-a0b7-5d2025f16f0e/opts
Jun 22 05:33:55 gtw01 haproxy-metadata-proxy-03b2de78-a1d8-4fa5-a0b7-5d2025f16f0e[30180]: Proxy listener started.
Jun 22 05:33:57 gtw01 dnsmasq[28575]: read /var/lib/neutron/dhcp/03b2de78-a1d8-4fa5-a0b7-5d2025f16f0e/addn_hosts - 2 addresses
Jun 22 05:33:57 gtw01 dnsmasq-dhcp[28575]: read /var/lib/neutron/dhcp/03b2de78-a1d8-4fa5-a0b7-5d2025f16f0e/host
Jun 22 05:33:57 gtw01 dnsmasq-dhcp[28575]: read /var/lib/neutron/dhcp/03b2de78-a1d8-4fa5-a0b7-5d2025f16f0e/opts
Jun 22 05:33:57 gtw01 dnsmasq[28200]: read /var/lib/neutron/dhcp/c2356d68-8941-4000-8e6e-4faf8f2da99e/addn_hosts - 2 addresses
Jun 22 05:33:57 gtw01 dnsmasq-dhcp[28200]: read /var/lib/neutron/dhcp/c2356d68-8941-4000-8e6e-4faf8f2da99e/host
Jun 22 05:33:57 gtw01 dnsmasq-dhcp[28200]: read /var/lib/neutron/dhcp/c2356d68-8941-4000-8e6e-4faf8f2da99e/opts
Jun 22 05:33:58 gtw01 haproxy-metadata-proxy-c2356d68-8941-4000-8e6e-4faf8f2da99e[30390]: Proxy listener started.
Jun 22 05:33:59 gtw01 dnsmasq[28200]: read /var/lib/neutron/dhcp/c2356d68-8941-4000-8e6e-4faf8f2da99e/addn_hosts - 2 addresses
Jun 22 05:33:59 gtw01 dnsmasq-dhcp[28200]: read /var/lib/neutron/dhcp/c2356d68-8941-4000-8e6e-4faf8f2da99e/host
Jun 22 05:33:59 gtw01 dnsmasq-dhcp[28200]: read /var/lib/neutron/dhcp/c2356d68-8941-4000-8e6e-4faf8f2da99e/opts
Jun 22 05:34:00 gtw01 dnsmasq[28187]: read /var/lib/neutron/dhcp/a4e19521-ba4e-4e1e-8649-5a989f62255c/addn_hosts - 3 addresses
Jun 22 05:34:00 gtw01 dnsmasq-dhcp[28187]: read /var/lib/neutron/dhcp/a4e19521-ba4e-4e1e-8649-5a989f62255c/host
Jun 22 05:34:00 gtw01 dnsmasq-dhcp[28187]: read /var/lib/neutron/dhcp/a4e19521-ba4e-4e1e-8649-5a989f62255c/opts
Jun 22 05:34:00 gtw01 dnsmasq[28575]: read /var/lib/neutron/dhcp/03b2de78-a1d8-4fa5-a0b7-5d2025f16f0e/addn_hosts - 1 addresses
Jun 22 05:34:00 gtw01 dnsmasq-dhcp[28575]: read /var/lib/neutron/dhcp/03b2de78-a1d8-4fa5-a0b7-5d2025f16f0e/host
Jun 22 05:34:00 gtw01 dnsmasq-dhcp[28575]: read /var/lib/neutron/dhcp/03b2de78-a1d8-4fa5-a0b7-5d2025f16f0e/opts
Jun 22 05:34:00 gtw01 dnsmasq[28522]: read /var/lib/neutron/dhcp/8e1726b3-4d06-43a1-bd72-1a4f2a9159fc/addn_hosts - 3 addresses
Jun 22 05:34:00 gtw01 dnsmasq-dhcp[28522]: read /var/lib/neutron/dhcp/8e1726b3-4d06-43a1-bd72-1a4f2a9159fc/host
Jun 22 05:34:00 gtw01 dnsmasq-dhcp[28522]: read /var/lib/neutron/dhcp/8e1726b3-4d06-43a1-bd72-1a4f2a9159fc/opts
Jun 22 05:34:01 gtw01 dnsmasq[28187]: read /var/lib/neutron/dhcp/a4e19521-ba4e-4e1e-8649-5a989f62255c/addn_hosts - 2 addresses
Jun 22 05:34:01 gtw01 dnsmasq-dhcp[28187]: read /var/lib/neutron/dhcp/a4e19521-ba4e-4e1e-8649-5a989f62255c/host
Jun 22 05:34:01 gtw01 dnsmasq-dhcp[28187]: read /var/lib/neutron/dhcp/a4e19521-ba4e-4e1e-8649-5a989f62255c/opts
Jun 22 05:34:01 gtw01 kernel: [10630.644806] device qr-492d6a46-1d left promiscuous mode
Jun 22 05:34:01 gtw01 haproxy-metadata-proxy-a4e19521-ba4e-4e1e-8649-5a989f62255c[30642]: Proxy listener started.
Jun 22 05:34:02 gtw01 dnsmasq[28522]: read /var/lib/neutron/dhcp/8e1726b3-4d06-43a1-bd72-1a4f2a9159fc/addn_hosts - 2 addresses
Jun 22 05:34:02 gtw01 dnsmasq-dhcp[28522]: read /var/lib/neutron/dhcp/8e1726b3-4d06-43a1-bd72-1a4f2a9159fc/host
Jun 22 05:34:02 gtw01 dnsmasq-dhcp[28522]: read /var/lib/neutron/dhcp/8e1726b3-4d06-43a1-bd72-1a4f2a9159fc/opts
Jun 22 05:34:03 gtw01 kernel: [10632.295914] device qr-6e401a9f-47 left promiscuous mode
Jun 22 05:34:03 gtw01 haproxy-metadata-proxy-8e1726b3-4d06-43a1-bd72-1a4f2a9159fc[30772]: Proxy listener started.
Jun 22 05:34:04 gtw01 kernel: [10632.911793] device qg-24951edc-72 left promiscuous mode
Jun 22 05:34:04 gtw01 dnsmasq[28187]: read /var/lib/neutron/dhcp/a4e19521-ba4e-4e1e-8649-5a989f62255c/addn_hosts - 1 addresses
Jun 22 05:34:04 gtw01 dnsmasq-dhcp[28187]: read /var/lib/neutron/dhcp/a4e19521-ba4e-4e1e-8649-5a989f62255c/host
Jun 22 05:34:04 gtw01 dnsmasq-dhcp[28187]: read /var/lib/neutron/dhcp/a4e19521-ba4e-4e1e-8649-5a989f62255c/opts
Jun 22 05:34:04 gtw01 dnsmasq[28200]: read /var/lib/neutron/dhcp/c2356d68-8941-4000-8e6e-4faf8f2da99e/addn_hosts - 1 addresses
Jun 22 05:34:04 gtw01 dnsmasq-dhcp[28200]: read /var/lib/neutron/dhcp/c2356d68-8941-4000-8e6e-4faf8f2da99e/host
Jun 22 05:34:04 gtw01 dnsmasq-dhcp[28200]: read /var/lib/neutron/dhcp/c2356d68-8941-4000-8e6e-4faf8f2da99e/opts
Jun 22 05:34:05 gtw01 kernel: [10634.204442] device tap861ce12a-f2 left promiscuous mode
Jun 22 05:34:05 gtw01 dnsmasq[28522]: read /var/lib/neutron/dhcp/8e1726b3-4d06-43a1-bd72-1a4f2a9159fc/addn_hosts - 1 addresses
Jun 22 05:34:05 gtw01 dnsmasq-dhcp[28522]: read /var/lib/neutron/dhcp/8e1726b3-4d06-43a1-bd72-1a4f2a9159fc/host
Jun 22 05:34:05 gtw01 dnsmasq-dhcp[28522]: read /var/lib/neutron/dhcp/8e1726b3-4d06-43a1-bd72-1a4f2a9159fc/opts
Jun 22 05:34:06 gtw01 kernel: [10635.218377] device qg-897bc68a-91 left promiscuous mode
Jun 22 05:34:06 gtw01 kernel: [10635.633385] device qr-38a01845-35 left promiscuous mode
Jun 22 05:34:06 gtw01 kernel: [10635.697924] device tap3d9e6fc3-2c left promiscuous mode
Jun 22 05:34:07 gtw01 kernel: [10636.473025] device qg-9dd83e3c-0d left promiscuous mode
Jun 22 05:34:08 gtw01 kernel: [10637.304834] device tap372223e4-55 left promiscuous mode
Jun 22 05:34:08 gtw01 kernel: [10637.738266] device qg-146e46ff-2c left promiscuous mode
Jun 22 05:34:11 gtw01 kernel: [10639.984522] device tap08764d11-46 left promiscuous mode
Jun 22 05:34:18 gtw01 kernel: [10647.058077] device tapd1349c4e-5c entered promiscuous mode
Jun 22 05:34:18 gtw01 systemd-udevd[31183]: Could not generate persistent MAC address for tapd1349c4e-5c: No such file or directory
Jun 22 05:34:18 gtw01 systemd-udevd[31228]: Process '/sbin/ip link set tapd1349c4e-5c txqueuelen 10000' failed with exit code 1.
Jun 22 05:34:21 gtw01 dnsmasq[31313]: started, version 2.80 cachesize 150
Jun 22 05:34:21 gtw01 dnsmasq[31313]: DNS service limited to local subnets
Jun 22 05:34:21 gtw01 dnsmasq[31313]: compile time options: IPv6 GNU-getopt DBus i18n IDN DHCP DHCPv6 no-Lua TFTP conntrack ipset auth DNSSEC loop-detect inotify dumpfile
Jun 22 05:34:21 gtw01 dnsmasq[31313]: LOUD WARNING: listening on 11.11.11.2 may accept requests via interfaces other than tapd1349c4e-5c
Jun 22 05:34:21 gtw01 dnsmasq[31313]: LOUD WARNING: use --bind-dynamic rather than --bind-interfaces to avoid DNS amplification attacks via these interface(s)
Jun 22 05:34:21 gtw01 dnsmasq[31313]: warning: no upstream servers configured
Jun 22 05:34:21 gtw01 dnsmasq-dhcp[31313]: DHCP, static leases only on 11.11.11.0, lease time 1h
Jun 22 05:34:21 gtw01 dnsmasq[31313]: read /var/lib/neutron/dhcp/9b21e0ef-83be-464c-91f0-48ca877eb733/addn_hosts - 1 addresses
Jun 22 05:34:21 gtw01 dnsmasq-dhcp[31313]: read /var/lib/neutron/dhcp/9b21e0ef-83be-464c-91f0-48ca877eb733/host
Jun 22 05:34:21 gtw01 dnsmasq-dhcp[31313]: read /var/lib/neutron/dhcp/9b21e0ef-83be-464c-91f0-48ca877eb733/opts
Jun 22 05:34:21 gtw01 haproxy-metadata-proxy-9b21e0ef-83be-464c-91f0-48ca877eb733[31322]: Proxy listener started.
Jun 22 05:34:22 gtw01 kernel: [10651.555138] device tapec173025-5c entered promiscuous mode
Jun 22 05:34:22 gtw01 systemd-udevd[31367]: Could not generate persistent MAC address for tapec173025-5c: No such file or directory
Jun 22 05:34:22 gtw01 systemd-udevd[31367]: Process '/sbin/ip link set tapec173025-5c txqueuelen 10000' failed with exit code 1.
Jun 22 05:34:22 gtw01 systemd-udevd[31403]: Could not generate persistent MAC address for qg-630b0bf6-30: No such file or directory
Jun 22 05:34:22 gtw01 kernel: [10651.628581] device qg-630b0bf6-30 entered promiscuous mode
Jun 22 05:34:22 gtw01 dnsmasq[31313]: read /var/lib/neutron/dhcp/9b21e0ef-83be-464c-91f0-48ca877eb733/addn_hosts - 2 addresses
Jun 22 05:34:22 gtw01 dnsmasq-dhcp[31313]: read /var/lib/neutron/dhcp/9b21e0ef-83be-464c-91f0-48ca877eb733/host
Jun 22 05:34:22 gtw01 dnsmasq-dhcp[31313]: read /var/lib/neutron/dhcp/9b21e0ef-83be-464c-91f0-48ca877eb733/opts
Jun 22 05:34:22 gtw01 systemd-udevd[31446]: Process '/sbin/ip link set tapec173025-5c txqueuelen 10000' failed with exit code 1.
Jun 22 05:34:23 gtw01 dnsmasq[31313]: read /var/lib/neutron/dhcp/9b21e0ef-83be-464c-91f0-48ca877eb733/addn_hosts - 2 addresses
Jun 22 05:34:23 gtw01 dnsmasq-dhcp[31313]: read /var/lib/neutron/dhcp/9b21e0ef-83be-464c-91f0-48ca877eb733/host
Jun 22 05:34:23 gtw01 dnsmasq-dhcp[31313]: read /var/lib/neutron/dhcp/9b21e0ef-83be-464c-91f0-48ca877eb733/opts
Jun 22 05:34:24 gtw01 dnsmasq[31313]: read /var/lib/neutron/dhcp/9b21e0ef-83be-464c-91f0-48ca877eb733/addn_hosts - 2 addresses
Jun 22 05:34:24 gtw01 dnsmasq-dhcp[31313]: read /var/lib/neutron/dhcp/9b21e0ef-83be-464c-91f0-48ca877eb733/host
Jun 22 05:34:24 gtw01 dnsmasq-dhcp[31313]: read /var/lib/neutron/dhcp/9b21e0ef-83be-464c-91f0-48ca877eb733/opts
Jun 22 05:34:25 gtw01 dnsmasq[31313]: read /var/lib/neutron/dhcp/9b21e0ef-83be-464c-91f0-48ca877eb733/addn_hosts - 2 addresses
Jun 22 05:34:25 gtw01 dnsmasq-dhcp[31313]: read /var/lib/neutron/dhcp/9b21e0ef-83be-464c-91f0-48ca877eb733/host
Jun 22 05:34:25 gtw01 dnsmasq-dhcp[31313]: read /var/lib/neutron/dhcp/9b21e0ef-83be-464c-91f0-48ca877eb733/opts
Jun 22 05:34:26 gtw01 dnsmasq[31703]: started, version 2.80 cachesize 150
Jun 22 05:34:26 gtw01 dnsmasq[31703]: DNS service limited to local subnets
Jun 22 05:34:26 gtw01 dnsmasq[31703]: compile time options: IPv6 GNU-getopt DBus i18n IDN DHCP DHCPv6 no-Lua TFTP conntrack ipset auth DNSSEC loop-detect inotify dumpfile
Jun 22 05:34:26 gtw01 dnsmasq[31703]: LOUD WARNING: listening on 11.11.11.2 may accept requests via interfaces other than tapec173025-5c
Jun 22 05:34:26 gtw01 dnsmasq[31703]: LOUD WARNING: use --bind-dynamic rather than --bind-interfaces to avoid DNS amplification attacks via these interface(s)
Jun 22 05:34:26 gtw01 dnsmasq[31703]: warning: no upstream servers configured
Jun 22 05:34:26 gtw01 dnsmasq-dhcp[31703]: DHCP, static leases only on 11.11.11.0, lease time 1h
Jun 22 05:34:26 gtw01 dnsmasq[31703]: read /var/lib/neutron/dhcp/27c82bf8-dd0e-48ab-9be2-2a8d61a6877d/addn_hosts - 1 addresses
Jun 22 05:34:26 gtw01 dnsmasq-dhcp[31703]: read /var/lib/neutron/dhcp/27c82bf8-dd0e-48ab-9be2-2a8d61a6877d/host
Jun 22 05:34:26 gtw01 dnsmasq-dhcp[31703]: read /var/lib/neutron/dhcp/27c82bf8-dd0e-48ab-9be2-2a8d61a6877d/opts
Jun 22 05:34:26 gtw01 systemd-udevd[31712]: Could not generate persistent MAC address for qg-743f770f-40: No such file or directory
Jun 22 05:34:26 gtw01 kernel: [10655.465357] device qg-743f770f-40 entered promiscuous mode
Jun 22 05:34:26 gtw01 haproxy-metadata-proxy-27c82bf8-dd0e-48ab-9be2-2a8d61a6877d[31766]: Proxy listener started.
Jun 22 05:34:26 gtw01 dnsmasq[31313]: read /var/lib/neutron/dhcp/9b21e0ef-83be-464c-91f0-48ca877eb733/addn_hosts - 3 addresses
Jun 22 05:34:26 gtw01 dnsmasq-dhcp[31313]: read /var/lib/neutron/dhcp/9b21e0ef-83be-464c-91f0-48ca877eb733/host
Jun 22 05:34:26 gtw01 dnsmasq-dhcp[31313]: read /var/lib/neutron/dhcp/9b21e0ef-83be-464c-91f0-48ca877eb733/opts
Jun 22 05:34:27 gtw01 dnsmasq[31703]: read /var/lib/neutron/dhcp/27c82bf8-dd0e-48ab-9be2-2a8d61a6877d/addn_hosts - 3 addresses
Jun 22 05:34:27 gtw01 dnsmasq-dhcp[31703]: read /var/lib/neutron/dhcp/27c82bf8-dd0e-48ab-9be2-2a8d61a6877d/host
Jun 22 05:34:27 gtw01 dnsmasq-dhcp[31703]: read /var/lib/neutron/dhcp/27c82bf8-dd0e-48ab-9be2-2a8d61a6877d/opts
Jun 22 05:34:28 gtw01 dnsmasq[31313]: read /var/lib/neutron/dhcp/9b21e0ef-83be-464c-91f0-48ca877eb733/addn_hosts - 3 addresses
Jun 22 05:34:28 gtw01 dnsmasq-dhcp[31313]: read /var/lib/neutron/dhcp/9b21e0ef-83be-464c-91f0-48ca877eb733/host
Jun 22 05:34:28 gtw01 dnsmasq-dhcp[31313]: read /var/lib/neutron/dhcp/9b21e0ef-83be-464c-91f0-48ca877eb733/opts
Jun 22 05:34:28 gtw01 kernel: [10657.693342] device qg-10f900b5-2c entered promiscuous mode
Jun 22 05:34:28 gtw01 systemd-udevd[31924]: Could not generate persistent MAC address for qg-10f900b5-2c: No such file or directory
Jun 22 05:34:29 gtw01 dnsmasq[31703]: read /var/lib/neutron/dhcp/27c82bf8-dd0e-48ab-9be2-2a8d61a6877d/addn_hosts - 3 addresses
Jun 22 05:34:29 gtw01 dnsmasq-dhcp[31703]: read /var/lib/neutron/dhcp/27c82bf8-dd0e-48ab-9be2-2a8d61a6877d/host
Jun 22 05:34:29 gtw01 dnsmasq-dhcp[31703]: read /var/lib/neutron/dhcp/27c82bf8-dd0e-48ab-9be2-2a8d61a6877d/opts
Jun 22 05:34:29 gtw01 dnsmasq[31313]: read /var/lib/neutron/dhcp/9b21e0ef-83be-464c-91f0-48ca877eb733/addn_hosts - 3 addresses
Jun 22 05:34:29 gtw01 dnsmasq-dhcp[31313]: read /var/lib/neutron/dhcp/9b21e0ef-83be-464c-91f0-48ca877eb733/host
Jun 22 05:34:29 gtw01 dnsmasq-dhcp[31313]: read /var/lib/neutron/dhcp/9b21e0ef-83be-464c-91f0-48ca877eb733/opts
Jun 22 05:34:29 gtw01 systemd-udevd[32071]: Could not generate persistent MAC address for tap8797e1b6-38: No such file or directory
Jun 22 05:34:29 gtw01 kernel: [10658.853290] device tap8797e1b6-38 entered promiscuous mode
Jun 22 05:34:30 gtw01 systemd-udevd[32071]: Process '/sbin/ip link set tap8797e1b6-38 txqueuelen 10000' failed with exit code 1.
Jun 22 05:34:30 gtw01 haproxy-metadata-proxy-acc810fa-ad56-4dd8-be25-e8ce64504a31[32199]: Proxy listener started.
Jun 22 05:34:31 gtw01 systemd-udevd[32250]: Could not generate persistent MAC address for tap4daacda8-9e: No such file or directory
Jun 22 05:34:31 gtw01 kernel: [10660.437869] device tap4daacda8-9e entered promiscuous mode
Jun 22 05:34:31 gtw01 systemd-udevd[32250]: Process '/sbin/ip link set tap4daacda8-9e txqueuelen 10000' failed with exit code 1.
Jun 22 05:34:31 gtw01 dnsmasq[31313]: read /var/lib/neutron/dhcp/9b21e0ef-83be-464c-91f0-48ca877eb733/addn_hosts - 3 addresses
Jun 22 05:34:31 gtw01 dnsmasq-dhcp[31313]: read /var/lib/neutron/dhcp/9b21e0ef-83be-464c-91f0-48ca877eb733/host
Jun 22 05:34:31 gtw01 dnsmasq-dhcp[31313]: read /var/lib/neutron/dhcp/9b21e0ef-83be-464c-91f0-48ca877eb733/opts
Jun 22 05:34:31 gtw01 systemd-udevd[32250]: Process '/sbin/ip link set tap4daacda8-9e txqueuelen 10000' failed with exit code 1.
Jun 22 05:34:31 gtw01 dnsmasq[31703]: read /var/lib/neutron/dhcp/27c82bf8-dd0e-48ab-9be2-2a8d61a6877d/addn_hosts - 3 addresses
Jun 22 05:34:31 gtw01 dnsmasq-dhcp[31703]: read /var/lib/neutron/dhcp/27c82bf8-dd0e-48ab-9be2-2a8d61a6877d/host
Jun 22 05:34:31 gtw01 dnsmasq-dhcp[31703]: read /var/lib/neutron/dhcp/27c82bf8-dd0e-48ab-9be2-2a8d61a6877d/opts
Jun 22 05:34:33 gtw01 dnsmasq[31703]: read /var/lib/neutron/dhcp/27c82bf8-dd0e-48ab-9be2-2a8d61a6877d/addn_hosts - 3 addresses
Jun 22 05:34:33 gtw01 dnsmasq-dhcp[31703]: read /var/lib/neutron/dhcp/27c82bf8-dd0e-48ab-9be2-2a8d61a6877d/host
Jun 22 05:34:33 gtw01 dnsmasq-dhcp[31703]: read /var/lib/neutron/dhcp/27c82bf8-dd0e-48ab-9be2-2a8d61a6877d/opts
Jun 22 05:34:33 gtw01 systemd-udevd[32469]: Could not generate persistent MAC address for qg-d83ba724-5b: No such file or directory
Jun 22 05:34:33 gtw01 kernel: [10662.549525] device qg-d83ba724-5b entered promiscuous mode
Jun 22 05:34:34 gtw01 dnsmasq[31703]: read /var/lib/neutron/dhcp/27c82bf8-dd0e-48ab-9be2-2a8d61a6877d/addn_hosts - 3 addresses
Jun 22 05:34:34 gtw01 dnsmasq-dhcp[31703]: read /var/lib/neutron/dhcp/27c82bf8-dd0e-48ab-9be2-2a8d61a6877d/host
Jun 22 05:34:34 gtw01 dnsmasq-dhcp[31703]: read /var/lib/neutron/dhcp/27c82bf8-dd0e-48ab-9be2-2a8d61a6877d/opts
Jun 22 05:34:35 gtw01 systemd-udevd[32630]: Could not generate persistent MAC address for qr-c8fcd01b-e1: No such file or directory
Jun 22 05:34:35 gtw01 kernel: [10664.002662] device qr-c8fcd01b-e1 entered promiscuous mode
Jun 22 05:34:35 gtw01 dnsmasq[32717]: started, version 2.80 cachesize 150
Jun 22 05:34:35 gtw01 dnsmasq[32717]: DNS service limited to local subnets
Jun 22 05:34:35 gtw01 dnsmasq[32717]: compile time options: IPv6 GNU-getopt DBus i18n IDN DHCP DHCPv6 no-Lua TFTP conntrack ipset auth DNSSEC loop-detect inotify dumpfile
Jun 22 05:34:35 gtw01 dnsmasq[32717]: LOUD WARNING: listening on 11.11.11.2 may accept requests via interfaces other than tap8797e1b6-38
Jun 22 05:34:35 gtw01 dnsmasq[32717]: LOUD WARNING: use --bind-dynamic rather than --bind-interfaces to avoid DNS amplification attacks via these interface(s)
Jun 22 05:34:35 gtw01 dnsmasq[32717]: warning: no upstream servers configured
Jun 22 05:34:35 gtw01 dnsmasq-dhcp[32717]: DHCP, static leases only on 11.11.11.0, lease time 1h
Jun 22 05:34:35 gtw01 dnsmasq[32717]: read /var/lib/neutron/dhcp/3ec258c2-d94c-4ea2-b8fa-4f8a466e19b4/addn_hosts - 1 addresses
Jun 22 05:34:35 gtw01 dnsmasq-dhcp[32717]: read /var/lib/neutron/dhcp/3ec258c2-d94c-4ea2-b8fa-4f8a466e19b4/host
Jun 22 05:34:35 gtw01 dnsmasq-dhcp[32717]: read /var/lib/neutron/dhcp/3ec258c2-d94c-4ea2-b8fa-4f8a466e19b4/opts
Jun 22 05:34:35 gtw01 haproxy-metadata-proxy-3ec258c2-d94c-4ea2-b8fa-4f8a466e19b4[32742]: Proxy listener started.
Jun 22 05:34:36 gtw01 dnsmasq[31703]: read /var/lib/neutron/dhcp/27c82bf8-dd0e-48ab-9be2-2a8d61a6877d/addn_hosts - 3 addresses
Jun 22 05:34:36 gtw01 dnsmasq-dhcp[31703]: read /var/lib/neutron/dhcp/27c82bf8-dd0e-48ab-9be2-2a8d61a6877d/host
Jun 22 05:34:36 gtw01 dnsmasq-dhcp[31703]: read /var/lib/neutron/dhcp/27c82bf8-dd0e-48ab-9be2-2a8d61a6877d/opts
Jun 22 05:34:36 gtw01 haproxy-metadata-proxy-ca0f69c5-c745-4d9b-84d5-6430d129c648[345]: Proxy listener started.
Jun 22 05:34:37 gtw01 dnsmasq[374]: started, version 2.80 cachesize 150
Jun 22 05:34:37 gtw01 dnsmasq[374]: DNS service limited to local subnets
Jun 22 05:34:37 gtw01 dnsmasq[374]: compile time options: IPv6 GNU-getopt DBus i18n IDN DHCP DHCPv6 no-Lua TFTP conntrack ipset auth DNSSEC loop-detect inotify dumpfile
Jun 22 05:34:37 gtw01 dnsmasq[374]: LOUD WARNING: listening on 11.11.11.2 may accept requests via interfaces other than tap4daacda8-9e
Jun 22 05:34:37 gtw01 dnsmasq[374]: LOUD WARNING: use --bind-dynamic rather than --bind-interfaces to avoid DNS amplification attacks via these interface(s)
Jun 22 05:34:37 gtw01 dnsmasq[374]: warning: no upstream servers configured
Jun 22 05:34:37 gtw01 dnsmasq-dhcp[374]: DHCP, static leases only on 11.11.11.0, lease time 1h
Jun 22 05:34:37 gtw01 dnsmasq[374]: read /var/lib/neutron/dhcp/d8ae76a2-d292-4bf1-9692-c401e0d8dedd/addn_hosts - 1 addresses
Jun 22 05:34:37 gtw01 dnsmasq-dhcp[374]: read /var/lib/neutron/dhcp/d8ae76a2-d292-4bf1-9692-c401e0d8dedd/host
Jun 22 05:34:37 gtw01 dnsmasq-dhcp[374]: read /var/lib/neutron/dhcp/d8ae76a2-d292-4bf1-9692-c401e0d8dedd/opts
Jun 22 05:34:37 gtw01 dnsmasq[32717]: read /var/lib/neutron/dhcp/3ec258c2-d94c-4ea2-b8fa-4f8a466e19b4/addn_hosts - 3 addresses
Jun 22 05:34:37 gtw01 dnsmasq-dhcp[32717]: read /var/lib/neutron/dhcp/3ec258c2-d94c-4ea2-b8fa-4f8a466e19b4/host
Jun 22 05:34:37 gtw01 dnsmasq-dhcp[32717]: read /var/lib/neutron/dhcp/3ec258c2-d94c-4ea2-b8fa-4f8a466e19b4/opts
Jun 22 05:34:37 gtw01 haproxy-metadata-proxy-d8ae76a2-d292-4bf1-9692-c401e0d8dedd[414]: Proxy listener started.
Jun 22 05:34:38 gtw01 dnsmasq[31703]: read /var/lib/neutron/dhcp/27c82bf8-dd0e-48ab-9be2-2a8d61a6877d/addn_hosts - 3 addresses
Jun 22 05:34:38 gtw01 dnsmasq-dhcp[31703]: read /var/lib/neutron/dhcp/27c82bf8-dd0e-48ab-9be2-2a8d61a6877d/host
Jun 22 05:34:38 gtw01 dnsmasq-dhcp[31703]: read /var/lib/neutron/dhcp/27c82bf8-dd0e-48ab-9be2-2a8d61a6877d/opts
Jun 22 05:34:39 gtw01 dnsmasq[32717]: read /var/lib/neutron/dhcp/3ec258c2-d94c-4ea2-b8fa-4f8a466e19b4/addn_hosts - 3 addresses
Jun 22 05:34:39 gtw01 dnsmasq-dhcp[32717]: read /var/lib/neutron/dhcp/3ec258c2-d94c-4ea2-b8fa-4f8a466e19b4/host
Jun 22 05:34:39 gtw01 dnsmasq-dhcp[32717]: read /var/lib/neutron/dhcp/3ec258c2-d94c-4ea2-b8fa-4f8a466e19b4/opts
Jun 22 05:34:39 gtw01 dnsmasq[374]: read /var/lib/neutron/dhcp/d8ae76a2-d292-4bf1-9692-c401e0d8dedd/addn_hosts - 3 addresses
Jun 22 05:34:39 gtw01 dnsmasq-dhcp[374]: read /var/lib/neutron/dhcp/d8ae76a2-d292-4bf1-9692-c401e0d8dedd/host
Jun 22 05:34:39 gtw01 dnsmasq-dhcp[374]: read /var/lib/neutron/dhcp/d8ae76a2-d292-4bf1-9692-c401e0d8dedd/opts
Jun 22 05:34:39 gtw01 dnsmasq[31703]: read /var/lib/neutron/dhcp/27c82bf8-dd0e-48ab-9be2-2a8d61a6877d/addn_hosts - 3 addresses
Jun 22 05:34:39 gtw01 dnsmasq-dhcp[31703]: read /var/lib/neutron/dhcp/27c82bf8-dd0e-48ab-9be2-2a8d61a6877d/host
Jun 22 05:34:39 gtw01 dnsmasq-dhcp[31703]: read /var/lib/neutron/dhcp/27c82bf8-dd0e-48ab-9be2-2a8d61a6877d/opts
Jun 22 05:34:40 gtw01 dnsmasq[31313]: read /var/lib/neutron/dhcp/9b21e0ef-83be-464c-91f0-48ca877eb733/addn_hosts - 3 addresses
Jun 22 05:34:40 gtw01 dnsmasq-dhcp[31313]: read /var/lib/neutron/dhcp/9b21e0ef-83be-464c-91f0-48ca877eb733/host
Jun 22 05:34:40 gtw01 dnsmasq-dhcp[31313]: read /var/lib/neutron/dhcp/9b21e0ef-83be-464c-91f0-48ca877eb733/opts
Jun 22 05:34:40 gtw01 haproxy-metadata-proxy-696663b3-7fdb-409c-a2d4-5a4f26670b1f[615]: Proxy listener started.
Jun 22 05:34:40 gtw01 dnsmasq[32717]: read /var/lib/neutron/dhcp/3ec258c2-d94c-4ea2-b8fa-4f8a466e19b4/addn_hosts - 3 addresses
Jun 22 05:34:40 gtw01 dnsmasq-dhcp[32717]: read /var/lib/neutron/dhcp/3ec258c2-d94c-4ea2-b8fa-4f8a466e19b4/host
Jun 22 05:34:40 gtw01 dnsmasq-dhcp[32717]: read /var/lib/neutron/dhcp/3ec258c2-d94c-4ea2-b8fa-4f8a466e19b4/opts
Jun 22 05:34:41 gtw01 dnsmasq[31703]: read /var/lib/neutron/dhcp/27c82bf8-dd0e-48ab-9be2-2a8d61a6877d/addn_hosts - 3 addresses
Jun 22 05:34:41 gtw01 dnsmasq-dhcp[31703]: read /var/lib/neutron/dhcp/27c82bf8-dd0e-48ab-9be2-2a8d61a6877d/host
Jun 22 05:34:41 gtw01 dnsmasq-dhcp[31703]: read /var/lib/neutron/dhcp/27c82bf8-dd0e-48ab-9be2-2a8d61a6877d/opts
Jun 22 05:34:41 gtw01 dnsmasq[374]: read /var/lib/neutron/dhcp/d8ae76a2-d292-4bf1-9692-c401e0d8dedd/addn_hosts - 3 addresses
Jun 22 05:34:41 gtw01 dnsmasq-dhcp[374]: read /var/lib/neutron/dhcp/d8ae76a2-d292-4bf1-9692-c401e0d8dedd/host
Jun 22 05:34:41 gtw01 dnsmasq-dhcp[374]: read /var/lib/neutron/dhcp/d8ae76a2-d292-4bf1-9692-c401e0d8dedd/opts
Jun 22 05:34:41 gtw01 kernel: [10670.677736] device qr-bc3b1132-9d entered promiscuous mode
Jun 22 05:34:41 gtw01 systemd-udevd[706]: Could not generate persistent MAC address for qr-bc3b1132-9d: No such file or directory
Jun 22 05:34:42 gtw01 dnsmasq[32717]: read /var/lib/neutron/dhcp/3ec258c2-d94c-4ea2-b8fa-4f8a466e19b4/addn_hosts - 3 addresses
Jun 22 05:34:42 gtw01 dnsmasq-dhcp[32717]: read /var/lib/neutron/dhcp/3ec258c2-d94c-4ea2-b8fa-4f8a466e19b4/host
Jun 22 05:34:42 gtw01 dnsmasq-dhcp[32717]: read /var/lib/neutron/dhcp/3ec258c2-d94c-4ea2-b8fa-4f8a466e19b4/opts
Jun 22 05:34:42 gtw01 dnsmasq[31313]: read /var/lib/neutron/dhcp/9b21e0ef-83be-464c-91f0-48ca877eb733/addn_hosts - 3 addresses
Jun 22 05:34:42 gtw01 dnsmasq-dhcp[31313]: read /var/lib/neutron/dhcp/9b21e0ef-83be-464c-91f0-48ca877eb733/host
Jun 22 05:34:42 gtw01 dnsmasq-dhcp[31313]: read /var/lib/neutron/dhcp/9b21e0ef-83be-464c-91f0-48ca877eb733/opts
Jun 22 05:34:43 gtw01 dnsmasq[31703]: read /var/lib/neutron/dhcp/27c82bf8-dd0e-48ab-9be2-2a8d61a6877d/addn_hosts - 3 addresses
Jun 22 05:34:43 gtw01 dnsmasq-dhcp[31703]: read /var/lib/neutron/dhcp/27c82bf8-dd0e-48ab-9be2-2a8d61a6877d/host
Jun 22 05:34:43 gtw01 dnsmasq-dhcp[31703]: read /var/lib/neutron/dhcp/27c82bf8-dd0e-48ab-9be2-2a8d61a6877d/opts
Jun 22 05:34:43 gtw01 dnsmasq[374]: read /var/lib/neutron/dhcp/d8ae76a2-d292-4bf1-9692-c401e0d8dedd/addn_hosts - 3 addresses
Jun 22 05:34:43 gtw01 dnsmasq-dhcp[374]: read /var/lib/neutron/dhcp/d8ae76a2-d292-4bf1-9692-c401e0d8dedd/host
Jun 22 05:34:43 gtw01 dnsmasq-dhcp[374]: read /var/lib/neutron/dhcp/d8ae76a2-d292-4bf1-9692-c401e0d8dedd/opts
Jun 22 05:34:44 gtw01 dnsmasq[31313]: read /var/lib/neutron/dhcp/9b21e0ef-83be-464c-91f0-48ca877eb733/addn_hosts - 3 addresses
Jun 22 05:34:44 gtw01 dnsmasq-dhcp[31313]: read /var/lib/neutron/dhcp/9b21e0ef-83be-464c-91f0-48ca877eb733/host
Jun 22 05:34:44 gtw01 dnsmasq-dhcp[31313]: read /var/lib/neutron/dhcp/9b21e0ef-83be-464c-91f0-48ca877eb733/opts
Jun 22 05:34:44 gtw01 dnsmasq[32717]: read /var/lib/neutron/dhcp/3ec258c2-d94c-4ea2-b8fa-4f8a466e19b4/addn_hosts - 3 addresses
Jun 22 05:34:44 gtw01 dnsmasq-dhcp[32717]: read /var/lib/neutron/dhcp/3ec258c2-d94c-4ea2-b8fa-4f8a466e19b4/host
Jun 22 05:34:44 gtw01 dnsmasq-dhcp[32717]: read /var/lib/neutron/dhcp/3ec258c2-d94c-4ea2-b8fa-4f8a466e19b4/opts
Jun 22 05:34:44 gtw01 systemd-udevd[959]: Could not generate persistent MAC address for qr-6f2610a4-5c: No such file or directory
Jun 22 05:34:44 gtw01 kernel: [10673.601296] device qr-6f2610a4-5c entered promiscuous mode
Jun 22 05:34:45 gtw01 dnsmasq[374]: read /var/lib/neutron/dhcp/d8ae76a2-d292-4bf1-9692-c401e0d8dedd/addn_hosts - 3 addresses
Jun 22 05:34:45 gtw01 dnsmasq-dhcp[374]: read /var/lib/neutron/dhcp/d8ae76a2-d292-4bf1-9692-c401e0d8dedd/host
Jun 22 05:34:45 gtw01 dnsmasq-dhcp[374]: read /var/lib/neutron/dhcp/d8ae76a2-d292-4bf1-9692-c401e0d8dedd/opts
Jun 22 05:34:45 gtw01 dnsmasq[31313]: read /var/lib/neutron/dhcp/9b21e0ef-83be-464c-91f0-48ca877eb733/addn_hosts - 2 addresses
Jun 22 05:34:45 gtw01 dnsmasq-dhcp[31313]: read /var/lib/neutron/dhcp/9b21e0ef-83be-464c-91f0-48ca877eb733/host
Jun 22 05:34:45 gtw01 dnsmasq-dhcp[31313]: read /var/lib/neutron/dhcp/9b21e0ef-83be-464c-91f0-48ca877eb733/opts
Jun 22 05:34:45 gtw01 haproxy-metadata-proxy-84784fd6-34a7-467f-bba2-4fdcdbd941b2[1086]: Proxy listener started.
Jun 22 05:34:45 gtw01 dnsmasq[32717]: read /var/lib/neutron/dhcp/3ec258c2-d94c-4ea2-b8fa-4f8a466e19b4/addn_hosts - 3 addresses
Jun 22 05:34:45 gtw01 dnsmasq-dhcp[32717]: read /var/lib/neutron/dhcp/3ec258c2-d94c-4ea2-b8fa-4f8a466e19b4/host
Jun 22 05:34:45 gtw01 dnsmasq-dhcp[32717]: read /var/lib/neutron/dhcp/3ec258c2-d94c-4ea2-b8fa-4f8a466e19b4/opts
Jun 22 05:34:46 gtw01 dnsmasq[374]: read /var/lib/neutron/dhcp/d8ae76a2-d292-4bf1-9692-c401e0d8dedd/addn_hosts - 3 addresses
Jun 22 05:34:46 gtw01 dnsmasq-dhcp[374]: read /var/lib/neutron/dhcp/d8ae76a2-d292-4bf1-9692-c401e0d8dedd/host
Jun 22 05:34:46 gtw01 dnsmasq-dhcp[374]: read /var/lib/neutron/dhcp/d8ae76a2-d292-4bf1-9692-c401e0d8dedd/opts
Jun 22 05:34:47 gtw01 dnsmasq[32717]: read /var/lib/neutron/dhcp/3ec258c2-d94c-4ea2-b8fa-4f8a466e19b4/addn_hosts - 3 addresses
Jun 22 05:34:47 gtw01 dnsmasq-dhcp[32717]: read /var/lib/neutron/dhcp/3ec258c2-d94c-4ea2-b8fa-4f8a466e19b4/host
Jun 22 05:34:47 gtw01 dnsmasq-dhcp[32717]: read /var/lib/neutron/dhcp/3ec258c2-d94c-4ea2-b8fa-4f8a466e19b4/opts
Jun 22 05:34:48 gtw01 dnsmasq[31313]: read /var/lib/neutron/dhcp/9b21e0ef-83be-464c-91f0-48ca877eb733/addn_hosts - 1 addresses
Jun 22 05:34:48 gtw01 dnsmasq-dhcp[31313]: read /var/lib/neutron/dhcp/9b21e0ef-83be-464c-91f0-48ca877eb733/host
Jun 22 05:34:48 gtw01 dnsmasq-dhcp[31313]: read /var/lib/neutron/dhcp/9b21e0ef-83be-464c-91f0-48ca877eb733/opts
Jun 22 05:34:48 gtw01 dnsmasq[374]: read /var/lib/neutron/dhcp/d8ae76a2-d292-4bf1-9692-c401e0d8dedd/addn_hosts - 3 addresses
Jun 22 05:34:48 gtw01 dnsmasq-dhcp[374]: read /var/lib/neutron/dhcp/d8ae76a2-d292-4bf1-9692-c401e0d8dedd/host
Jun 22 05:34:48 gtw01 dnsmasq-dhcp[374]: read /var/lib/neutron/dhcp/d8ae76a2-d292-4bf1-9692-c401e0d8dedd/opts
Jun 22 05:34:48 gtw01 dnsmasq[31703]: read /var/lib/neutron/dhcp/27c82bf8-dd0e-48ab-9be2-2a8d61a6877d/addn_hosts - 3 addresses
Jun 22 05:34:48 gtw01 dnsmasq-dhcp[31703]: read /var/lib/neutron/dhcp/27c82bf8-dd0e-48ab-9be2-2a8d61a6877d/host
Jun 22 05:34:48 gtw01 dnsmasq-dhcp[31703]: read /var/lib/neutron/dhcp/27c82bf8-dd0e-48ab-9be2-2a8d61a6877d/opts
Jun 22 05:34:48 gtw01 dnsmasq[32717]: read /var/lib/neutron/dhcp/3ec258c2-d94c-4ea2-b8fa-4f8a466e19b4/addn_hosts - 3 addresses
Jun 22 05:34:48 gtw01 dnsmasq-dhcp[32717]: read /var/lib/neutron/dhcp/3ec258c2-d94c-4ea2-b8fa-4f8a466e19b4/host
Jun 22 05:34:48 gtw01 dnsmasq-dhcp[32717]: read /var/lib/neutron/dhcp/3ec258c2-d94c-4ea2-b8fa-4f8a466e19b4/opts
Jun 22 05:34:49 gtw01 haproxy-metadata-proxy-9b21e0ef-83be-464c-91f0-48ca877eb733[1383]: Proxy listener started.
Jun 22 05:34:50 gtw01 dnsmasq[374]: read /var/lib/neutron/dhcp/d8ae76a2-d292-4bf1-9692-c401e0d8dedd/addn_hosts - 3 addresses
Jun 22 05:34:50 gtw01 dnsmasq-dhcp[374]: read /var/lib/neutron/dhcp/d8ae76a2-d292-4bf1-9692-c401e0d8dedd/host
Jun 22 05:34:50 gtw01 dnsmasq-dhcp[374]: read /var/lib/neutron/dhcp/d8ae76a2-d292-4bf1-9692-c401e0d8dedd/opts
Jun 22 05:34:50 gtw01 systemd-udevd[1418]: Could not generate persistent MAC address for qr-85b57cbe-66: No such file or directory
Jun 22 05:34:50 gtw01 kernel: [10678.984406] device qr-85b57cbe-66 entered promiscuous mode
Jun 22 05:34:50 gtw01 dnsmasq[31703]: read /var/lib/neutron/dhcp/27c82bf8-dd0e-48ab-9be2-2a8d61a6877d/addn_hosts - 2 addresses
Jun 22 05:34:50 gtw01 dnsmasq-dhcp[31703]: read /var/lib/neutron/dhcp/27c82bf8-dd0e-48ab-9be2-2a8d61a6877d/host
Jun 22 05:34:50 gtw01 dnsmasq-dhcp[31703]: read /var/lib/neutron/dhcp/27c82bf8-dd0e-48ab-9be2-2a8d61a6877d/opts
Jun 22 05:34:50 gtw01 dnsmasq[32717]: read /var/lib/neutron/dhcp/3ec258c2-d94c-4ea2-b8fa-4f8a466e19b4/addn_hosts - 3 addresses
Jun 22 05:34:50 gtw01 dnsmasq-dhcp[32717]: read /var/lib/neutron/dhcp/3ec258c2-d94c-4ea2-b8fa-4f8a466e19b4/host
Jun 22 05:34:50 gtw01 dnsmasq-dhcp[32717]: read /var/lib/neutron/dhcp/3ec258c2-d94c-4ea2-b8fa-4f8a466e19b4/opts
Jun 22 05:34:51 gtw01 haproxy-metadata-proxy-27c82bf8-dd0e-48ab-9be2-2a8d61a6877d[1574]: Proxy listener started.
Jun 22 05:34:51 gtw01 dnsmasq[374]: read /var/lib/neutron/dhcp/d8ae76a2-d292-4bf1-9692-c401e0d8dedd/addn_hosts - 3 addresses
Jun 22 05:34:51 gtw01 dnsmasq-dhcp[374]: read /var/lib/neutron/dhcp/d8ae76a2-d292-4bf1-9692-c401e0d8dedd/host
Jun 22 05:34:51 gtw01 dnsmasq-dhcp[374]: read /var/lib/neutron/dhcp/d8ae76a2-d292-4bf1-9692-c401e0d8dedd/opts
Jun 22 05:34:52 gtw01 dnsmasq[32717]: read /var/lib/neutron/dhcp/3ec258c2-d94c-4ea2-b8fa-4f8a466e19b4/addn_hosts - 3 addresses
Jun 22 05:34:52 gtw01 dnsmasq-dhcp[32717]: read /var/lib/neutron/dhcp/3ec258c2-d94c-4ea2-b8fa-4f8a466e19b4/host
Jun 22 05:34:52 gtw01 dnsmasq-dhcp[32717]: read /var/lib/neutron/dhcp/3ec258c2-d94c-4ea2-b8fa-4f8a466e19b4/opts
Jun 22 05:34:52 gtw01 kernel: [10681.286492] IPv4: martian source 11.11.11.1 from 11.11.11.1, on dev qr-c8fcd01b-e1
Jun 22 05:34:52 gtw01 kernel: [10681.286496] ll header: 00000000: ff ff ff ff ff ff fa 16 3e 32 c8 e8 08 06        ........>2....
Jun 22 05:34:52 gtw01 kernel: [10681.286502] IPv4: martian source 11.11.11.1 from 11.11.11.1, on dev qr-bc3b1132-9d
Jun 22 05:34:52 gtw01 kernel: [10681.286503] ll header: 00000000: ff ff ff ff ff ff fa 16 3e 32 c8 e8 08 06        ........>2....
Jun 22 05:34:52 gtw01 kernel: [10681.286507] IPv4: martian source 11.11.11.1 from 11.11.11.1, on dev qr-6f2610a4-5c
Jun 22 05:34:52 gtw01 kernel: [10681.286508] ll header: 00000000: ff ff ff ff ff ff fa 16 3e 32 c8 e8 08 06        ........>2....
Jun 22 05:34:52 gtw01 dnsmasq[31703]: read /var/lib/neutron/dhcp/27c82bf8-dd0e-48ab-9be2-2a8d61a6877d/addn_hosts - 1 addresses
Jun 22 05:34:52 gtw01 dnsmasq-dhcp[31703]: read /var/lib/neutron/dhcp/27c82bf8-dd0e-48ab-9be2-2a8d61a6877d/host
Jun 22 05:34:52 gtw01 dnsmasq-dhcp[31703]: read /var/lib/neutron/dhcp/27c82bf8-dd0e-48ab-9be2-2a8d61a6877d/opts
Jun 22 05:34:53 gtw01 dnsmasq[374]: read /var/lib/neutron/dhcp/d8ae76a2-d292-4bf1-9692-c401e0d8dedd/addn_hosts - 3 addresses
Jun 22 05:34:53 gtw01 dnsmasq-dhcp[374]: read /var/lib/neutron/dhcp/d8ae76a2-d292-4bf1-9692-c401e0d8dedd/host
Jun 22 05:34:53 gtw01 dnsmasq-dhcp[374]: read /var/lib/neutron/dhcp/d8ae76a2-d292-4bf1-9692-c401e0d8dedd/opts
Jun 22 05:34:53 gtw01 kernel: [10682.264897] device qr-bc3b1132-9d left promiscuous mode
Jun 22 05:34:53 gtw01 dnsmasq[32717]: read /var/lib/neutron/dhcp/3ec258c2-d94c-4ea2-b8fa-4f8a466e19b4/addn_hosts - 3 addresses
Jun 22 05:34:53 gtw01 dnsmasq-dhcp[32717]: read /var/lib/neutron/dhcp/3ec258c2-d94c-4ea2-b8fa-4f8a466e19b4/host
Jun 22 05:34:53 gtw01 dnsmasq-dhcp[32717]: read /var/lib/neutron/dhcp/3ec258c2-d94c-4ea2-b8fa-4f8a466e19b4/opts
Jun 22 05:34:54 gtw01 kernel: [10683.102394] device qr-c8fcd01b-e1 left promiscuous mode
Jun 22 05:34:54 gtw01 dnsmasq[374]: read /var/lib/neutron/dhcp/d8ae76a2-d292-4bf1-9692-c401e0d8dedd/addn_hosts - 3 addresses
Jun 22 05:34:54 gtw01 dnsmasq-dhcp[374]: read /var/lib/neutron/dhcp/d8ae76a2-d292-4bf1-9692-c401e0d8dedd/host
Jun 22 05:34:54 gtw01 dnsmasq-dhcp[374]: read /var/lib/neutron/dhcp/d8ae76a2-d292-4bf1-9692-c401e0d8dedd/opts
Jun 22 05:34:54 gtw01 kernel: [10683.473080] device qg-743f770f-40 left promiscuous mode
Jun 22 05:34:55 gtw01 dnsmasq[32717]: read /var/lib/neutron/dhcp/3ec258c2-d94c-4ea2-b8fa-4f8a466e19b4/addn_hosts - 2 addresses
Jun 22 05:34:55 gtw01 dnsmasq-dhcp[32717]: read /var/lib/neutron/dhcp/3ec258c2-d94c-4ea2-b8fa-4f8a466e19b4/host
Jun 22 05:34:55 gtw01 dnsmasq-dhcp[32717]: read /var/lib/neutron/dhcp/3ec258c2-d94c-4ea2-b8fa-4f8a466e19b4/opts
Jun 22 05:34:55 gtw01 haproxy-metadata-proxy-3ec258c2-d94c-4ea2-b8fa-4f8a466e19b4[1890]: Proxy listener started.
Jun 22 05:34:56 gtw01 dnsmasq[374]: read /var/lib/neutron/dhcp/d8ae76a2-d292-4bf1-9692-c401e0d8dedd/addn_hosts - 3 addresses
Jun 22 05:34:56 gtw01 dnsmasq-dhcp[374]: read /var/lib/neutron/dhcp/d8ae76a2-d292-4bf1-9692-c401e0d8dedd/host
Jun 22 05:34:56 gtw01 dnsmasq-dhcp[374]: read /var/lib/neutron/dhcp/d8ae76a2-d292-4bf1-9692-c401e0d8dedd/opts
Jun 22 05:34:56 gtw01 kernel: [10685.388477] device tapec173025-5c left promiscuous mode
Jun 22 05:34:56 gtw01 dnsmasq[32717]: read /var/lib/neutron/dhcp/3ec258c2-d94c-4ea2-b8fa-4f8a466e19b4/addn_hosts - 1 addresses
Jun 22 05:34:56 gtw01 dnsmasq-dhcp[32717]: read /var/lib/neutron/dhcp/3ec258c2-d94c-4ea2-b8fa-4f8a466e19b4/host
Jun 22 05:34:56 gtw01 dnsmasq-dhcp[32717]: read /var/lib/neutron/dhcp/3ec258c2-d94c-4ea2-b8fa-4f8a466e19b4/opts
Jun 22 05:34:57 gtw01 kernel: [10686.188454] device tapd1349c4e-5c left promiscuous mode
Jun 22 05:34:58 gtw01 dnsmasq[374]: read /var/lib/neutron/dhcp/d8ae76a2-d292-4bf1-9692-c401e0d8dedd/addn_hosts - 2 addresses
Jun 22 05:34:58 gtw01 dnsmasq-dhcp[374]: read /var/lib/neutron/dhcp/d8ae76a2-d292-4bf1-9692-c401e0d8dedd/host
Jun 22 05:34:58 gtw01 dnsmasq-dhcp[374]: read /var/lib/neutron/dhcp/d8ae76a2-d292-4bf1-9692-c401e0d8dedd/opts
Jun 22 05:34:58 gtw01 haproxy-metadata-proxy-d8ae76a2-d292-4bf1-9692-c401e0d8dedd[2121]: Proxy listener started.
Jun 22 05:34:59 gtw01 kernel: [10687.871634] device qr-6f2610a4-5c left promiscuous mode
Jun 22 05:34:59 gtw01 kernel: [10688.012708] device qg-630b0bf6-30 left promiscuous mode
Jun 22 05:34:59 gtw01 kernel: [10688.729656] device qg-10f900b5-2c left promiscuous mode
Jun 22 05:35:00 gtw01 dnsmasq[374]: read /var/lib/neutron/dhcp/d8ae76a2-d292-4bf1-9692-c401e0d8dedd/addn_hosts - 1 addresses
Jun 22 05:35:00 gtw01 dnsmasq-dhcp[374]: read /var/lib/neutron/dhcp/d8ae76a2-d292-4bf1-9692-c401e0d8dedd/host
Jun 22 05:35:00 gtw01 dnsmasq-dhcp[374]: read /var/lib/neutron/dhcp/d8ae76a2-d292-4bf1-9692-c401e0d8dedd/opts
Jun 22 05:35:01 gtw01 kernel: [10690.589530] device qr-85b57cbe-66 left promiscuous mode
Jun 22 05:35:02 gtw01 kernel: [10691.016652] device tap8797e1b6-38 left promiscuous mode
Jun 22 05:35:04 gtw01 kernel: [10692.950650] device tap4daacda8-9e left promiscuous mode
Jun 22 05:35:04 gtw01 kernel: [10693.577280] device qg-d83ba724-5b left promiscuous mode
Jun 22 05:35:10 gtw01 systemd-udevd[2467]: Could not generate persistent MAC address for tap4be97326-ea: No such file or directory
Jun 22 05:35:10 gtw01 kernel: [10699.007976] device tap4be97326-ea entered promiscuous mode
Jun 22 05:35:10 gtw01 systemd-udevd[2467]: Process '/sbin/ip link set tap4be97326-ea txqueuelen 10000' failed with exit code 1.
Jun 22 05:35:10 gtw01 systemd-udevd[2518]: Process '/sbin/ip link set tap4be97326-ea txqueuelen 10000' failed with exit code 1.
Jun 22 05:35:11 gtw01 systemd-udevd[2584]: Could not generate persistent MAC address for tap8f6805c7-31: No such file or directory
