Jun 22 03:13:21 gtw01 kernel: [ 2190.751082] device tapc7f04110-a3 entered promiscuous mode
Jun 22 03:13:21 gtw01 systemd-udevd[20744]: Process '/sbin/ip link set tapc7f04110-a3 txqueuelen 10000' failed with exit code 1.
Jun 22 03:13:21 gtw01 systemd-udevd[20744]: Process '/sbin/ip link set tapc7f04110-a3 txqueuelen 10000' failed with exit code 1.
Jun 22 03:13:24 gtw01 systemd-udevd[20893]: Could not generate persistent MAC address for qr-8a8313b3-38: No such file or directory
Jun 22 03:13:24 gtw01 kernel: [ 2193.624578] device qr-8a8313b3-38 entered promiscuous mode
Jun 22 03:13:25 gtw01 dnsmasq[20958]: started, version 2.80 cachesize 150
Jun 22 03:13:25 gtw01 dnsmasq[20958]: DNS service limited to local subnets
Jun 22 03:13:25 gtw01 dnsmasq[20958]: compile time options: IPv6 GNU-getopt DBus i18n IDN DHCP DHCPv6 no-Lua TFTP conntrack ipset auth DNSSEC loop-detect inotify dumpfile
Jun 22 03:13:25 gtw01 dnsmasq[20958]: warning: no upstream servers configured
Jun 22 03:13:25 gtw01 dnsmasq-dhcp[20958]: DHCP, static leases only on 192.168.120.0, lease time 1h
Jun 22 03:13:25 gtw01 dnsmasq[20958]: read /var/lib/neutron/dhcp/649944d3-eeba-4b0e-841a-a718ffeea50a/addn_hosts - 1 addresses
Jun 22 03:13:25 gtw01 dnsmasq-dhcp[20958]: read /var/lib/neutron/dhcp/649944d3-eeba-4b0e-841a-a718ffeea50a/host
Jun 22 03:13:25 gtw01 dnsmasq-dhcp[20958]: read /var/lib/neutron/dhcp/649944d3-eeba-4b0e-841a-a718ffeea50a/opts
Jun 22 03:13:25 gtw01 haproxy-metadata-proxy-649944d3-eeba-4b0e-841a-a718ffeea50a[20966]: Proxy listener started.
Jun 22 03:13:25 gtw01 kernel: [ 2194.706820] device qg-78e7af88-a7 entered promiscuous mode
Jun 22 03:13:25 gtw01 systemd-udevd[20990]: Could not generate persistent MAC address for qg-78e7af88-a7: No such file or directory
Jun 22 03:13:25 gtw01 dnsmasq[20958]: read /var/lib/neutron/dhcp/649944d3-eeba-4b0e-841a-a718ffeea50a/addn_hosts - 2 addresses
Jun 22 03:13:25 gtw01 dnsmasq-dhcp[20958]: read /var/lib/neutron/dhcp/649944d3-eeba-4b0e-841a-a718ffeea50a/host
Jun 22 03:13:25 gtw01 dnsmasq-dhcp[20958]: read /var/lib/neutron/dhcp/649944d3-eeba-4b0e-841a-a718ffeea50a/opts
Jun 22 03:13:27 gtw01 dnsmasq[20958]: read /var/lib/neutron/dhcp/649944d3-eeba-4b0e-841a-a718ffeea50a/addn_hosts - 2 addresses
Jun 22 03:13:27 gtw01 dnsmasq-dhcp[20958]: read /var/lib/neutron/dhcp/649944d3-eeba-4b0e-841a-a718ffeea50a/host
Jun 22 03:13:27 gtw01 dnsmasq-dhcp[20958]: read /var/lib/neutron/dhcp/649944d3-eeba-4b0e-841a-a718ffeea50a/opts
Jun 22 03:13:27 gtw01 dnsmasq[20958]: read /var/lib/neutron/dhcp/649944d3-eeba-4b0e-841a-a718ffeea50a/addn_hosts - 2 addresses
Jun 22 03:13:27 gtw01 dnsmasq-dhcp[20958]: read /var/lib/neutron/dhcp/649944d3-eeba-4b0e-841a-a718ffeea50a/host
Jun 22 03:13:27 gtw01 dnsmasq-dhcp[20958]: read /var/lib/neutron/dhcp/649944d3-eeba-4b0e-841a-a718ffeea50a/opts
Jun 22 03:13:28 gtw01 dnsmasq[20958]: read /var/lib/neutron/dhcp/649944d3-eeba-4b0e-841a-a718ffeea50a/addn_hosts - 2 addresses
Jun 22 03:13:28 gtw01 dnsmasq-dhcp[20958]: read /var/lib/neutron/dhcp/649944d3-eeba-4b0e-841a-a718ffeea50a/host
Jun 22 03:13:28 gtw01 dnsmasq-dhcp[20958]: read /var/lib/neutron/dhcp/649944d3-eeba-4b0e-841a-a718ffeea50a/opts
Jun 22 03:13:29 gtw01 dnsmasq[20958]: read /var/lib/neutron/dhcp/649944d3-eeba-4b0e-841a-a718ffeea50a/addn_hosts - 2 addresses
Jun 22 03:13:29 gtw01 dnsmasq-dhcp[20958]: read /var/lib/neutron/dhcp/649944d3-eeba-4b0e-841a-a718ffeea50a/host
Jun 22 03:13:29 gtw01 dnsmasq-dhcp[20958]: read /var/lib/neutron/dhcp/649944d3-eeba-4b0e-841a-a718ffeea50a/opts
Jun 22 03:13:31 gtw01 haproxy-metadata-proxy-0e9d09fc-c03d-43d2-8e56-8cb6204c7c25[21279]: Proxy listener started.
Jun 22 03:13:33 gtw01 dnsmasq[20958]: read /var/lib/neutron/dhcp/649944d3-eeba-4b0e-841a-a718ffeea50a/addn_hosts - 2 addresses
Jun 22 03:13:33 gtw01 dnsmasq-dhcp[20958]: read /var/lib/neutron/dhcp/649944d3-eeba-4b0e-841a-a718ffeea50a/host
Jun 22 03:13:33 gtw01 dnsmasq-dhcp[20958]: read /var/lib/neutron/dhcp/649944d3-eeba-4b0e-841a-a718ffeea50a/opts
Jun 22 03:13:34 gtw01 dnsmasq[20958]: read /var/lib/neutron/dhcp/649944d3-eeba-4b0e-841a-a718ffeea50a/addn_hosts - 2 addresses
Jun 22 03:13:34 gtw01 dnsmasq-dhcp[20958]: read /var/lib/neutron/dhcp/649944d3-eeba-4b0e-841a-a718ffeea50a/host
Jun 22 03:13:34 gtw01 dnsmasq-dhcp[20958]: read /var/lib/neutron/dhcp/649944d3-eeba-4b0e-841a-a718ffeea50a/opts
Jun 22 03:14:08 gtw01 kernel: [ 2237.551844] device tap88956379-2d entered promiscuous mode
Jun 22 03:14:08 gtw01 systemd-udevd[21464]: Could not generate persistent MAC address for tap88956379-2d: No such file or directory
Jun 22 03:14:08 gtw01 systemd-udevd[21464]: Process '/sbin/ip link set tap88956379-2d txqueuelen 10000' failed with exit code 1.
Jun 22 03:14:08 gtw01 systemd-udevd[21464]: Process '/sbin/ip link set tap88956379-2d txqueuelen 10000' failed with exit code 1.
Jun 22 03:14:08 gtw01 kernel: [ 2237.733998] device tapbfba5f13-34 entered promiscuous mode
Jun 22 03:14:08 gtw01 systemd-udevd[21534]: Could not generate persistent MAC address for tapbfba5f13-34: No such file or directory
Jun 22 03:14:08 gtw01 systemd-udevd[21534]: Process '/sbin/ip link set tapbfba5f13-34 txqueuelen 10000' failed with exit code 2.
Jun 22 03:14:08 gtw01 systemd-udevd[21534]: Process '/sbin/ip link set tapbfba5f13-34 txqueuelen 10000' failed with exit code 1.
Jun 22 03:14:11 gtw01 systemd-udevd[21755]: Could not generate persistent MAC address for qg-c37a2523-88: No such file or directory
Jun 22 03:14:11 gtw01 kernel: [ 2240.742330] device qg-c37a2523-88 entered promiscuous mode
Jun 22 03:14:13 gtw01 dnsmasq[21820]: started, version 2.80 cachesize 150
Jun 22 03:14:13 gtw01 dnsmasq[21820]: DNS service limited to local subnets
Jun 22 03:14:13 gtw01 dnsmasq[21820]: compile time options: IPv6 GNU-getopt DBus i18n IDN DHCP DHCPv6 no-Lua TFTP conntrack ipset auth DNSSEC loop-detect inotify dumpfile
Jun 22 03:14:13 gtw01 dnsmasq[21820]: warning: no upstream servers configured
Jun 22 03:14:13 gtw01 dnsmasq-dhcp[21820]: DHCP, static leases only on 192.168.120.0, lease time 1h
Jun 22 03:14:13 gtw01 dnsmasq[21820]: read /var/lib/neutron/dhcp/f3a1bbab-a9b9-446d-b2fc-ba9a368a6c79/addn_hosts - 1 addresses
Jun 22 03:14:13 gtw01 dnsmasq-dhcp[21820]: read /var/lib/neutron/dhcp/f3a1bbab-a9b9-446d-b2fc-ba9a368a6c79/host
Jun 22 03:14:13 gtw01 dnsmasq-dhcp[21820]: read /var/lib/neutron/dhcp/f3a1bbab-a9b9-446d-b2fc-ba9a368a6c79/opts
Jun 22 03:14:14 gtw01 haproxy-metadata-proxy-f3a1bbab-a9b9-446d-b2fc-ba9a368a6c79[21825]: Proxy listener started.
Jun 22 03:14:15 gtw01 systemd-udevd[21860]: Could not generate persistent MAC address for qg-aac5e58d-24: No such file or directory
Jun 22 03:14:15 gtw01 kernel: [ 2244.608536] device qg-aac5e58d-24 entered promiscuous mode
Jun 22 03:14:15 gtw01 kernel: [ 2244.655633] device tap21c754b5-b2 entered promiscuous mode
Jun 22 03:14:15 gtw01 systemd-udevd[21888]: Could not generate persistent MAC address for tap21c754b5-b2: No such file or directory
Jun 22 03:14:15 gtw01 systemd-udevd[21888]: Process '/sbin/ip link set tap21c754b5-b2 txqueuelen 10000' failed with exit code 1.
Jun 22 03:14:16 gtw01 dnsmasq[21820]: read /var/lib/neutron/dhcp/f3a1bbab-a9b9-446d-b2fc-ba9a368a6c79/addn_hosts - 2 addresses
Jun 22 03:14:16 gtw01 dnsmasq-dhcp[21820]: read /var/lib/neutron/dhcp/f3a1bbab-a9b9-446d-b2fc-ba9a368a6c79/host
Jun 22 03:14:16 gtw01 dnsmasq-dhcp[21820]: read /var/lib/neutron/dhcp/f3a1bbab-a9b9-446d-b2fc-ba9a368a6c79/opts
Jun 22 03:14:16 gtw01 dnsmasq[22022]: started, version 2.80 cachesize 150
Jun 22 03:14:16 gtw01 dnsmasq[22022]: DNS service limited to local subnets
Jun 22 03:14:16 gtw01 dnsmasq[22022]: compile time options: IPv6 GNU-getopt DBus i18n IDN DHCP DHCPv6 no-Lua TFTP conntrack ipset auth DNSSEC loop-detect inotify dumpfile
Jun 22 03:14:16 gtw01 dnsmasq[22022]: warning: no upstream servers configured
Jun 22 03:14:16 gtw01 dnsmasq-dhcp[22022]: DHCP, static leases only on 192.168.120.0, lease time 1h
Jun 22 03:14:16 gtw01 dnsmasq[22022]: read /var/lib/neutron/dhcp/f12b35aa-d080-4925-8707-bb0e459b7a42/addn_hosts - 1 addresses
Jun 22 03:14:16 gtw01 dnsmasq-dhcp[22022]: read /var/lib/neutron/dhcp/f12b35aa-d080-4925-8707-bb0e459b7a42/host
Jun 22 03:14:16 gtw01 dnsmasq-dhcp[22022]: read /var/lib/neutron/dhcp/f12b35aa-d080-4925-8707-bb0e459b7a42/opts
Jun 22 03:14:16 gtw01 haproxy-metadata-proxy-f12b35aa-d080-4925-8707-bb0e459b7a42[22054]: Proxy listener started.
Jun 22 03:14:17 gtw01 systemd-udevd[22121]: Could not generate persistent MAC address for qg-c40540d6-1a: No such file or directory
Jun 22 03:14:17 gtw01 kernel: [ 2246.505326] device qg-c40540d6-1a entered promiscuous mode
Jun 22 03:14:17 gtw01 dnsmasq[22022]: read /var/lib/neutron/dhcp/f12b35aa-d080-4925-8707-bb0e459b7a42/addn_hosts - 2 addresses
Jun 22 03:14:17 gtw01 dnsmasq-dhcp[22022]: read /var/lib/neutron/dhcp/f12b35aa-d080-4925-8707-bb0e459b7a42/host
Jun 22 03:14:17 gtw01 dnsmasq-dhcp[22022]: read /var/lib/neutron/dhcp/f12b35aa-d080-4925-8707-bb0e459b7a42/opts
Jun 22 03:14:17 gtw01 dnsmasq[21820]: read /var/lib/neutron/dhcp/f3a1bbab-a9b9-446d-b2fc-ba9a368a6c79/addn_hosts - 2 addresses
Jun 22 03:14:18 gtw01 dnsmasq-dhcp[21820]: read /var/lib/neutron/dhcp/f3a1bbab-a9b9-446d-b2fc-ba9a368a6c79/host
Jun 22 03:14:18 gtw01 dnsmasq-dhcp[21820]: read /var/lib/neutron/dhcp/f3a1bbab-a9b9-446d-b2fc-ba9a368a6c79/opts
Jun 22 03:14:19 gtw01 dnsmasq[22022]: read /var/lib/neutron/dhcp/f12b35aa-d080-4925-8707-bb0e459b7a42/addn_hosts - 2 addresses
Jun 22 03:14:19 gtw01 dnsmasq-dhcp[22022]: read /var/lib/neutron/dhcp/f12b35aa-d080-4925-8707-bb0e459b7a42/host
Jun 22 03:14:19 gtw01 dnsmasq-dhcp[22022]: read /var/lib/neutron/dhcp/f12b35aa-d080-4925-8707-bb0e459b7a42/opts
Jun 22 03:14:19 gtw01 dnsmasq[21820]: read /var/lib/neutron/dhcp/f3a1bbab-a9b9-446d-b2fc-ba9a368a6c79/addn_hosts - 2 addresses
Jun 22 03:14:19 gtw01 dnsmasq-dhcp[21820]: read /var/lib/neutron/dhcp/f3a1bbab-a9b9-446d-b2fc-ba9a368a6c79/host
Jun 22 03:14:19 gtw01 dnsmasq-dhcp[21820]: read /var/lib/neutron/dhcp/f3a1bbab-a9b9-446d-b2fc-ba9a368a6c79/opts
Jun 22 03:14:20 gtw01 dnsmasq[22417]: started, version 2.80 cachesize 150
Jun 22 03:14:20 gtw01 dnsmasq[22417]: DNS service limited to local subnets
Jun 22 03:14:20 gtw01 dnsmasq[22417]: compile time options: IPv6 GNU-getopt DBus i18n IDN DHCP DHCPv6 no-Lua TFTP conntrack ipset auth DNSSEC loop-detect inotify dumpfile
Jun 22 03:14:20 gtw01 dnsmasq[22417]: warning: no upstream servers configured
Jun 22 03:14:20 gtw01 dnsmasq-dhcp[22417]: DHCP, static leases only on 192.168.120.0, lease time 1h
Jun 22 03:14:20 gtw01 dnsmasq[22417]: read /var/lib/neutron/dhcp/dddda8ee-4a6f-465d-a898-ace20f26593c/addn_hosts - 1 addresses
Jun 22 03:14:20 gtw01 dnsmasq-dhcp[22417]: read /var/lib/neutron/dhcp/dddda8ee-4a6f-465d-a898-ace20f26593c/host
Jun 22 03:14:20 gtw01 dnsmasq-dhcp[22417]: read /var/lib/neutron/dhcp/dddda8ee-4a6f-465d-a898-ace20f26593c/opts
Jun 22 03:14:20 gtw01 dnsmasq[21820]: read /var/lib/neutron/dhcp/f3a1bbab-a9b9-446d-b2fc-ba9a368a6c79/addn_hosts - 2 addresses
Jun 22 03:14:20 gtw01 dnsmasq-dhcp[21820]: read /var/lib/neutron/dhcp/f3a1bbab-a9b9-446d-b2fc-ba9a368a6c79/host
Jun 22 03:14:20 gtw01 dnsmasq-dhcp[21820]: read /var/lib/neutron/dhcp/f3a1bbab-a9b9-446d-b2fc-ba9a368a6c79/opts
Jun 22 03:14:20 gtw01 dnsmasq[22022]: read /var/lib/neutron/dhcp/f12b35aa-d080-4925-8707-bb0e459b7a42/addn_hosts - 2 addresses
Jun 22 03:14:20 gtw01 dnsmasq-dhcp[22022]: read /var/lib/neutron/dhcp/f12b35aa-d080-4925-8707-bb0e459b7a42/host
Jun 22 03:14:20 gtw01 dnsmasq-dhcp[22022]: read /var/lib/neutron/dhcp/f12b35aa-d080-4925-8707-bb0e459b7a42/opts
Jun 22 03:14:21 gtw01 haproxy-metadata-proxy-dddda8ee-4a6f-465d-a898-ace20f26593c[22437]: Proxy listener started.
Jun 22 03:14:22 gtw01 dnsmasq[21820]: read /var/lib/neutron/dhcp/f3a1bbab-a9b9-446d-b2fc-ba9a368a6c79/addn_hosts - 2 addresses
Jun 22 03:14:22 gtw01 dnsmasq-dhcp[21820]: read /var/lib/neutron/dhcp/f3a1bbab-a9b9-446d-b2fc-ba9a368a6c79/host
Jun 22 03:14:22 gtw01 dnsmasq-dhcp[21820]: read /var/lib/neutron/dhcp/f3a1bbab-a9b9-446d-b2fc-ba9a368a6c79/opts
Jun 22 03:14:22 gtw01 dnsmasq[22022]: read /var/lib/neutron/dhcp/f12b35aa-d080-4925-8707-bb0e459b7a42/addn_hosts - 2 addresses
Jun 22 03:14:22 gtw01 dnsmasq-dhcp[22022]: read /var/lib/neutron/dhcp/f12b35aa-d080-4925-8707-bb0e459b7a42/host
Jun 22 03:14:22 gtw01 dnsmasq-dhcp[22022]: read /var/lib/neutron/dhcp/f12b35aa-d080-4925-8707-bb0e459b7a42/opts
Jun 22 03:14:22 gtw01 dnsmasq[22417]: read /var/lib/neutron/dhcp/dddda8ee-4a6f-465d-a898-ace20f26593c/addn_hosts - 2 addresses
Jun 22 03:14:22 gtw01 dnsmasq-dhcp[22417]: read /var/lib/neutron/dhcp/dddda8ee-4a6f-465d-a898-ace20f26593c/host
Jun 22 03:14:22 gtw01 dnsmasq-dhcp[22417]: read /var/lib/neutron/dhcp/dddda8ee-4a6f-465d-a898-ace20f26593c/opts
Jun 22 03:14:23 gtw01 dnsmasq[22022]: read /var/lib/neutron/dhcp/f12b35aa-d080-4925-8707-bb0e459b7a42/addn_hosts - 2 addresses
Jun 22 03:14:23 gtw01 dnsmasq-dhcp[22022]: read /var/lib/neutron/dhcp/f12b35aa-d080-4925-8707-bb0e459b7a42/host
Jun 22 03:14:23 gtw01 dnsmasq-dhcp[22022]: read /var/lib/neutron/dhcp/f12b35aa-d080-4925-8707-bb0e459b7a42/opts
Jun 22 03:14:23 gtw01 dnsmasq[22417]: read /var/lib/neutron/dhcp/dddda8ee-4a6f-465d-a898-ace20f26593c/addn_hosts - 2 addresses
Jun 22 03:14:23 gtw01 dnsmasq-dhcp[22417]: read /var/lib/neutron/dhcp/dddda8ee-4a6f-465d-a898-ace20f26593c/host
Jun 22 03:14:23 gtw01 dnsmasq-dhcp[22417]: read /var/lib/neutron/dhcp/dddda8ee-4a6f-465d-a898-ace20f26593c/opts
Jun 22 03:14:24 gtw01 haproxy-metadata-proxy-bfe63446-71a4-4ee8-b3ff-03c16bfb6920[22664]: Proxy listener started.
Jun 22 03:14:24 gtw01 dnsmasq[22417]: read /var/lib/neutron/dhcp/dddda8ee-4a6f-465d-a898-ace20f26593c/addn_hosts - 2 addresses
Jun 22 03:14:24 gtw01 dnsmasq-dhcp[22417]: read /var/lib/neutron/dhcp/dddda8ee-4a6f-465d-a898-ace20f26593c/host
Jun 22 03:14:24 gtw01 dnsmasq-dhcp[22417]: read /var/lib/neutron/dhcp/dddda8ee-4a6f-465d-a898-ace20f26593c/opts
Jun 22 03:14:24 gtw01 haproxy-metadata-proxy-cf060c2c-fbaa-43c2-bba0-e828871343a1[22706]: Proxy listener started.
Jun 22 03:14:25 gtw01 dnsmasq[22417]: read /var/lib/neutron/dhcp/dddda8ee-4a6f-465d-a898-ace20f26593c/addn_hosts - 2 addresses
Jun 22 03:14:25 gtw01 dnsmasq-dhcp[22417]: read /var/lib/neutron/dhcp/dddda8ee-4a6f-465d-a898-ace20f26593c/host
Jun 22 03:14:25 gtw01 dnsmasq-dhcp[22417]: read /var/lib/neutron/dhcp/dddda8ee-4a6f-465d-a898-ace20f26593c/opts
Jun 22 03:14:25 gtw01 haproxy-metadata-proxy-05cbda18-0fc7-496b-9869-4dfd97335159[22758]: Proxy listener started.
Jun 22 03:14:26 gtw01 dnsmasq[22022]: read /var/lib/neutron/dhcp/f12b35aa-d080-4925-8707-bb0e459b7a42/addn_hosts - 3 addresses
Jun 22 03:14:26 gtw01 dnsmasq-dhcp[22022]: read /var/lib/neutron/dhcp/f12b35aa-d080-4925-8707-bb0e459b7a42/host
Jun 22 03:14:26 gtw01 dnsmasq-dhcp[22022]: read /var/lib/neutron/dhcp/f12b35aa-d080-4925-8707-bb0e459b7a42/opts
Jun 22 03:14:26 gtw01 dnsmasq[22417]: read /var/lib/neutron/dhcp/dddda8ee-4a6f-465d-a898-ace20f26593c/addn_hosts - 2 addresses
Jun 22 03:14:26 gtw01 dnsmasq-dhcp[22417]: read /var/lib/neutron/dhcp/dddda8ee-4a6f-465d-a898-ace20f26593c/host
Jun 22 03:14:26 gtw01 dnsmasq-dhcp[22417]: read /var/lib/neutron/dhcp/dddda8ee-4a6f-465d-a898-ace20f26593c/opts
Jun 22 03:14:27 gtw01 dnsmasq[22022]: read /var/lib/neutron/dhcp/f12b35aa-d080-4925-8707-bb0e459b7a42/addn_hosts - 3 addresses
Jun 22 03:14:27 gtw01 dnsmasq-dhcp[22022]: read /var/lib/neutron/dhcp/f12b35aa-d080-4925-8707-bb0e459b7a42/host
Jun 22 03:14:27 gtw01 dnsmasq-dhcp[22022]: read /var/lib/neutron/dhcp/f12b35aa-d080-4925-8707-bb0e459b7a42/opts
Jun 22 03:14:27 gtw01 dnsmasq[22417]: read /var/lib/neutron/dhcp/dddda8ee-4a6f-465d-a898-ace20f26593c/addn_hosts - 3 addresses
Jun 22 03:14:27 gtw01 dnsmasq-dhcp[22417]: read /var/lib/neutron/dhcp/dddda8ee-4a6f-465d-a898-ace20f26593c/host
Jun 22 03:14:27 gtw01 dnsmasq-dhcp[22417]: read /var/lib/neutron/dhcp/dddda8ee-4a6f-465d-a898-ace20f26593c/opts
Jun 22 03:14:27 gtw01 dnsmasq[21820]: read /var/lib/neutron/dhcp/f3a1bbab-a9b9-446d-b2fc-ba9a368a6c79/addn_hosts - 2 addresses
Jun 22 03:14:27 gtw01 dnsmasq-dhcp[21820]: read /var/lib/neutron/dhcp/f3a1bbab-a9b9-446d-b2fc-ba9a368a6c79/host
Jun 22 03:14:27 gtw01 dnsmasq-dhcp[21820]: read /var/lib/neutron/dhcp/f3a1bbab-a9b9-446d-b2fc-ba9a368a6c79/opts
Jun 22 03:14:28 gtw01 dnsmasq[22022]: read /var/lib/neutron/dhcp/f12b35aa-d080-4925-8707-bb0e459b7a42/addn_hosts - 3 addresses
Jun 22 03:14:28 gtw01 dnsmasq-dhcp[22022]: read /var/lib/neutron/dhcp/f12b35aa-d080-4925-8707-bb0e459b7a42/host
Jun 22 03:14:28 gtw01 dnsmasq-dhcp[22022]: read /var/lib/neutron/dhcp/f12b35aa-d080-4925-8707-bb0e459b7a42/opts
Jun 22 03:14:28 gtw01 dnsmasq[22417]: read /var/lib/neutron/dhcp/dddda8ee-4a6f-465d-a898-ace20f26593c/addn_hosts - 3 addresses
Jun 22 03:14:28 gtw01 dnsmasq-dhcp[22417]: read /var/lib/neutron/dhcp/dddda8ee-4a6f-465d-a898-ace20f26593c/host
Jun 22 03:14:28 gtw01 dnsmasq-dhcp[22417]: read /var/lib/neutron/dhcp/dddda8ee-4a6f-465d-a898-ace20f26593c/opts
Jun 22 03:14:28 gtw01 dnsmasq[21820]: read /var/lib/neutron/dhcp/f3a1bbab-a9b9-446d-b2fc-ba9a368a6c79/addn_hosts - 2 addresses
Jun 22 03:14:28 gtw01 dnsmasq-dhcp[21820]: read /var/lib/neutron/dhcp/f3a1bbab-a9b9-446d-b2fc-ba9a368a6c79/host
Jun 22 03:14:28 gtw01 dnsmasq-dhcp[21820]: read /var/lib/neutron/dhcp/f3a1bbab-a9b9-446d-b2fc-ba9a368a6c79/opts
Jun 22 03:14:29 gtw01 kernel: [ 2258.099077] device qr-3f64a6fd-ea entered promiscuous mode
Jun 22 03:14:29 gtw01 systemd-udevd[22902]: Could not generate persistent MAC address for qr-3f64a6fd-ea: No such file or directory
Jun 22 03:14:29 gtw01 kernel: [ 2258.234407] device qr-47d0e4c7-73 entered promiscuous mode
Jun 22 03:14:29 gtw01 systemd-udevd[22964]: Could not generate persistent MAC address for qr-47d0e4c7-73: No such file or directory
Jun 22 03:14:29 gtw01 dnsmasq[22022]: read /var/lib/neutron/dhcp/f12b35aa-d080-4925-8707-bb0e459b7a42/addn_hosts - 3 addresses
Jun 22 03:14:29 gtw01 dnsmasq-dhcp[22022]: read /var/lib/neutron/dhcp/f12b35aa-d080-4925-8707-bb0e459b7a42/host
Jun 22 03:14:29 gtw01 dnsmasq-dhcp[22022]: read /var/lib/neutron/dhcp/f12b35aa-d080-4925-8707-bb0e459b7a42/opts
Jun 22 03:14:29 gtw01 dnsmasq[22417]: read /var/lib/neutron/dhcp/dddda8ee-4a6f-465d-a898-ace20f26593c/addn_hosts - 3 addresses
Jun 22 03:14:29 gtw01 dnsmasq-dhcp[22417]: read /var/lib/neutron/dhcp/dddda8ee-4a6f-465d-a898-ace20f26593c/host
Jun 22 03:14:29 gtw01 dnsmasq-dhcp[22417]: read /var/lib/neutron/dhcp/dddda8ee-4a6f-465d-a898-ace20f26593c/opts
Jun 22 03:14:29 gtw01 systemd-udevd[23062]: Could not generate persistent MAC address for qr-89097b02-7c: No such file or directory
Jun 22 03:14:29 gtw01 kernel: [ 2258.758225] device qr-89097b02-7c entered promiscuous mode
Jun 22 03:14:30 gtw01 dnsmasq[22022]: read /var/lib/neutron/dhcp/f12b35aa-d080-4925-8707-bb0e459b7a42/addn_hosts - 3 addresses
Jun 22 03:14:30 gtw01 dnsmasq-dhcp[22022]: read /var/lib/neutron/dhcp/f12b35aa-d080-4925-8707-bb0e459b7a42/host
Jun 22 03:14:30 gtw01 dnsmasq-dhcp[22022]: read /var/lib/neutron/dhcp/f12b35aa-d080-4925-8707-bb0e459b7a42/opts
Jun 22 03:14:30 gtw01 dnsmasq[22417]: read /var/lib/neutron/dhcp/dddda8ee-4a6f-465d-a898-ace20f26593c/addn_hosts - 3 addresses
Jun 22 03:14:30 gtw01 dnsmasq-dhcp[22417]: read /var/lib/neutron/dhcp/dddda8ee-4a6f-465d-a898-ace20f26593c/host
Jun 22 03:14:30 gtw01 dnsmasq-dhcp[22417]: read /var/lib/neutron/dhcp/dddda8ee-4a6f-465d-a898-ace20f26593c/opts
Jun 22 03:14:31 gtw01 dnsmasq[21820]: read /var/lib/neutron/dhcp/f3a1bbab-a9b9-446d-b2fc-ba9a368a6c79/addn_hosts - 3 addresses
Jun 22 03:14:31 gtw01 dnsmasq-dhcp[21820]: read /var/lib/neutron/dhcp/f3a1bbab-a9b9-446d-b2fc-ba9a368a6c79/host
Jun 22 03:14:31 gtw01 dnsmasq-dhcp[21820]: read /var/lib/neutron/dhcp/f3a1bbab-a9b9-446d-b2fc-ba9a368a6c79/opts
Jun 22 03:14:32 gtw01 dnsmasq[22417]: read /var/lib/neutron/dhcp/dddda8ee-4a6f-465d-a898-ace20f26593c/addn_hosts - 3 addresses
Jun 22 03:14:32 gtw01 dnsmasq-dhcp[22417]: read /var/lib/neutron/dhcp/dddda8ee-4a6f-465d-a898-ace20f26593c/host
Jun 22 03:14:32 gtw01 dnsmasq-dhcp[22417]: read /var/lib/neutron/dhcp/dddda8ee-4a6f-465d-a898-ace20f26593c/opts
Jun 22 03:14:34 gtw01 dnsmasq[21820]: read /var/lib/neutron/dhcp/f3a1bbab-a9b9-446d-b2fc-ba9a368a6c79/addn_hosts - 3 addresses
Jun 22 03:14:34 gtw01 dnsmasq-dhcp[21820]: read /var/lib/neutron/dhcp/f3a1bbab-a9b9-446d-b2fc-ba9a368a6c79/host
Jun 22 03:14:34 gtw01 dnsmasq-dhcp[21820]: read /var/lib/neutron/dhcp/f3a1bbab-a9b9-446d-b2fc-ba9a368a6c79/opts
Jun 22 03:14:39 gtw01 kernel: [ 2268.149684] device tap89a3bb52-fc entered promiscuous mode
Jun 22 03:14:39 gtw01 systemd-udevd[23517]: Could not generate persistent MAC address for tap89a3bb52-fc: No such file or directory
Jun 22 03:14:39 gtw01 systemd-udevd[23517]: Process '/sbin/ip link set tap89a3bb52-fc txqueuelen 10000' failed with exit code 1.
Jun 22 03:14:39 gtw01 systemd-udevd[23581]: Process '/sbin/ip link set tap89a3bb52-fc txqueuelen 10000' failed with exit code 1.
Jun 22 03:14:39 gtw01 dnsmasq[21820]: read /var/lib/neutron/dhcp/f3a1bbab-a9b9-446d-b2fc-ba9a368a6c79/addn_hosts - 3 addresses
Jun 22 03:14:39 gtw01 dnsmasq-dhcp[21820]: read /var/lib/neutron/dhcp/f3a1bbab-a9b9-446d-b2fc-ba9a368a6c79/host
Jun 22 03:14:39 gtw01 dnsmasq-dhcp[21820]: read /var/lib/neutron/dhcp/f3a1bbab-a9b9-446d-b2fc-ba9a368a6c79/opts
Jun 22 03:14:41 gtw01 kernel: [ 2269.989667] device qr-27826ee7-2c entered promiscuous mode
Jun 22 03:14:41 gtw01 systemd-udevd[23712]: Could not generate persistent MAC address for qr-27826ee7-2c: No such file or directory
Jun 22 03:14:42 gtw01 systemd-udevd[23865]: Could not generate persistent MAC address for qg-850f2cef-55: No such file or directory
Jun 22 03:14:42 gtw01 kernel: [ 2271.405693] device qg-850f2cef-55 entered promiscuous mode
Jun 22 03:14:43 gtw01 dnsmasq[23956]: started, version 2.80 cachesize 150
Jun 22 03:14:43 gtw01 dnsmasq[23956]: DNS service limited to local subnets
Jun 22 03:14:43 gtw01 dnsmasq[23956]: compile time options: IPv6 GNU-getopt DBus i18n IDN DHCP DHCPv6 no-Lua TFTP conntrack ipset auth DNSSEC loop-detect inotify dumpfile
Jun 22 03:14:43 gtw01 dnsmasq[23956]: warning: no upstream servers configured
Jun 22 03:14:43 gtw01 dnsmasq-dhcp[23956]: DHCP, static leases only on 192.168.120.0, lease time 1h
Jun 22 03:14:43 gtw01 dnsmasq[23956]: read /var/lib/neutron/dhcp/c3b950d5-1edd-48e5-a4b8-8a17d16d0159/addn_hosts - 1 addresses
Jun 22 03:14:43 gtw01 dnsmasq-dhcp[23956]: read /var/lib/neutron/dhcp/c3b950d5-1edd-48e5-a4b8-8a17d16d0159/host
Jun 22 03:14:43 gtw01 dnsmasq-dhcp[23956]: read /var/lib/neutron/dhcp/c3b950d5-1edd-48e5-a4b8-8a17d16d0159/opts
Jun 22 03:14:43 gtw01 dnsmasq[22022]: read /var/lib/neutron/dhcp/f12b35aa-d080-4925-8707-bb0e459b7a42/addn_hosts - 2 addresses
Jun 22 03:14:43 gtw01 dnsmasq-dhcp[22022]: read /var/lib/neutron/dhcp/f12b35aa-d080-4925-8707-bb0e459b7a42/host
Jun 22 03:14:43 gtw01 dnsmasq-dhcp[22022]: read /var/lib/neutron/dhcp/f12b35aa-d080-4925-8707-bb0e459b7a42/opts
Jun 22 03:14:43 gtw01 haproxy-metadata-proxy-c3b950d5-1edd-48e5-a4b8-8a17d16d0159[23981]: Proxy listener started.
Jun 22 03:14:44 gtw01 dnsmasq[23956]: read /var/lib/neutron/dhcp/c3b950d5-1edd-48e5-a4b8-8a17d16d0159/addn_hosts - 2 addresses
Jun 22 03:14:44 gtw01 dnsmasq-dhcp[23956]: read /var/lib/neutron/dhcp/c3b950d5-1edd-48e5-a4b8-8a17d16d0159/host
Jun 22 03:14:44 gtw01 dnsmasq-dhcp[23956]: read /var/lib/neutron/dhcp/c3b950d5-1edd-48e5-a4b8-8a17d16d0159/opts
Jun 22 03:14:45 gtw01 dnsmasq[23956]: read /var/lib/neutron/dhcp/c3b950d5-1edd-48e5-a4b8-8a17d16d0159/addn_hosts - 2 addresses
Jun 22 03:14:45 gtw01 dnsmasq-dhcp[23956]: read /var/lib/neutron/dhcp/c3b950d5-1edd-48e5-a4b8-8a17d16d0159/host
Jun 22 03:14:45 gtw01 dnsmasq-dhcp[23956]: read /var/lib/neutron/dhcp/c3b950d5-1edd-48e5-a4b8-8a17d16d0159/opts
Jun 22 03:14:46 gtw01 dnsmasq[23956]: read /var/lib/neutron/dhcp/c3b950d5-1edd-48e5-a4b8-8a17d16d0159/addn_hosts - 2 addresses
Jun 22 03:14:46 gtw01 dnsmasq-dhcp[23956]: read /var/lib/neutron/dhcp/c3b950d5-1edd-48e5-a4b8-8a17d16d0159/host
Jun 22 03:14:46 gtw01 dnsmasq-dhcp[23956]: read /var/lib/neutron/dhcp/c3b950d5-1edd-48e5-a4b8-8a17d16d0159/opts
Jun 22 03:14:46 gtw01 dnsmasq[22022]: read /var/lib/neutron/dhcp/f12b35aa-d080-4925-8707-bb0e459b7a42/addn_hosts - 1 addresses
Jun 22 03:14:46 gtw01 dnsmasq-dhcp[22022]: read /var/lib/neutron/dhcp/f12b35aa-d080-4925-8707-bb0e459b7a42/host
Jun 22 03:14:46 gtw01 dnsmasq-dhcp[22022]: read /var/lib/neutron/dhcp/f12b35aa-d080-4925-8707-bb0e459b7a42/opts
Jun 22 03:14:47 gtw01 haproxy-metadata-proxy-f12b35aa-d080-4925-8707-bb0e459b7a42[24283]: Proxy listener started.
Jun 22 03:14:47 gtw01 dnsmasq[23956]: read /var/lib/neutron/dhcp/c3b950d5-1edd-48e5-a4b8-8a17d16d0159/addn_hosts - 2 addresses
Jun 22 03:14:47 gtw01 dnsmasq-dhcp[23956]: read /var/lib/neutron/dhcp/c3b950d5-1edd-48e5-a4b8-8a17d16d0159/host
Jun 22 03:14:47 gtw01 dnsmasq-dhcp[23956]: read /var/lib/neutron/dhcp/c3b950d5-1edd-48e5-a4b8-8a17d16d0159/opts
Jun 22 03:14:47 gtw01 kernel: [ 2276.817263] IPv4: martian source 192.168.120.1 from 192.168.120.1, on dev qr-47d0e4c7-73
Jun 22 03:14:47 gtw01 kernel: [ 2276.817266] ll header: 00000000: ff ff ff ff ff ff fa 16 3e 3d b7 06 08 06        ........>=....
Jun 22 03:14:48 gtw01 dnsmasq[23956]: read /var/lib/neutron/dhcp/c3b950d5-1edd-48e5-a4b8-8a17d16d0159/addn_hosts - 2 addresses
Jun 22 03:14:48 gtw01 dnsmasq-dhcp[23956]: read /var/lib/neutron/dhcp/c3b950d5-1edd-48e5-a4b8-8a17d16d0159/host
Jun 22 03:14:48 gtw01 dnsmasq-dhcp[23956]: read /var/lib/neutron/dhcp/c3b950d5-1edd-48e5-a4b8-8a17d16d0159/opts
Jun 22 03:14:49 gtw01 kernel: [ 2278.212132] device qr-47d0e4c7-73 left promiscuous mode
Jun 22 03:14:49 gtw01 dnsmasq[23956]: read /var/lib/neutron/dhcp/c3b950d5-1edd-48e5-a4b8-8a17d16d0159/addn_hosts - 3 addresses
Jun 22 03:14:49 gtw01 dnsmasq-dhcp[23956]: read /var/lib/neutron/dhcp/c3b950d5-1edd-48e5-a4b8-8a17d16d0159/host
Jun 22 03:14:49 gtw01 dnsmasq-dhcp[23956]: read /var/lib/neutron/dhcp/c3b950d5-1edd-48e5-a4b8-8a17d16d0159/opts
Jun 22 03:14:50 gtw01 dnsmasq[21820]: read /var/lib/neutron/dhcp/f3a1bbab-a9b9-446d-b2fc-ba9a368a6c79/addn_hosts - 2 addresses
Jun 22 03:14:50 gtw01 dnsmasq-dhcp[21820]: read /var/lib/neutron/dhcp/f3a1bbab-a9b9-446d-b2fc-ba9a368a6c79/host
Jun 22 03:14:50 gtw01 dnsmasq-dhcp[21820]: read /var/lib/neutron/dhcp/f3a1bbab-a9b9-446d-b2fc-ba9a368a6c79/opts
Jun 22 03:14:50 gtw01 kernel: [ 2279.333913] device qg-c37a2523-88 left promiscuous mode
Jun 22 03:14:50 gtw01 dnsmasq-dhcp[22417]: DHCPDISCOVER(tap21c754b5-b2) fa:16:3e:5a:98:ab
Jun 22 03:14:50 gtw01 dnsmasq-dhcp[22417]: DHCPOFFER(tap21c754b5-b2) 192.168.120.3 fa:16:3e:5a:98:ab
Jun 22 03:14:50 gtw01 dnsmasq-dhcp[22417]: DHCPREQUEST(tap21c754b5-b2) 192.168.120.3 fa:16:3e:5a:98:ab
Jun 22 03:14:50 gtw01 dnsmasq-dhcp[22417]: DHCPACK(tap21c754b5-b2) 192.168.120.3 fa:16:3e:5a:98:ab host-192-168-120-3
Jun 22 03:14:50 gtw01 haproxy-metadata-proxy-8c8601d6-0fda-408d-9a28-f202589714ce[24475]: Proxy listener started.
Jun 22 03:14:50 gtw01 dnsmasq[23956]: read /var/lib/neutron/dhcp/c3b950d5-1edd-48e5-a4b8-8a17d16d0159/addn_hosts - 3 addresses
Jun 22 03:14:50 gtw01 dnsmasq-dhcp[23956]: read /var/lib/neutron/dhcp/c3b950d5-1edd-48e5-a4b8-8a17d16d0159/host
Jun 22 03:14:50 gtw01 dnsmasq-dhcp[23956]: read /var/lib/neutron/dhcp/c3b950d5-1edd-48e5-a4b8-8a17d16d0159/opts
Jun 22 03:14:51 gtw01 dnsmasq[23956]: read /var/lib/neutron/dhcp/c3b950d5-1edd-48e5-a4b8-8a17d16d0159/addn_hosts - 3 addresses
Jun 22 03:14:51 gtw01 dnsmasq-dhcp[23956]: read /var/lib/neutron/dhcp/c3b950d5-1edd-48e5-a4b8-8a17d16d0159/host
Jun 22 03:14:51 gtw01 dnsmasq-dhcp[23956]: read /var/lib/neutron/dhcp/c3b950d5-1edd-48e5-a4b8-8a17d16d0159/opts
Jun 22 03:14:53 gtw01 kernel: [ 2282.360873] device tapbfba5f13-34 left promiscuous mode
Jun 22 03:14:55 gtw01 dnsmasq[23956]: read /var/lib/neutron/dhcp/c3b950d5-1edd-48e5-a4b8-8a17d16d0159/addn_hosts - 3 addresses
Jun 22 03:14:55 gtw01 dnsmasq-dhcp[23956]: read /var/lib/neutron/dhcp/c3b950d5-1edd-48e5-a4b8-8a17d16d0159/host
Jun 22 03:14:55 gtw01 dnsmasq-dhcp[23956]: read /var/lib/neutron/dhcp/c3b950d5-1edd-48e5-a4b8-8a17d16d0159/opts
Jun 22 03:14:56 gtw01 dnsmasq[23956]: read /var/lib/neutron/dhcp/c3b950d5-1edd-48e5-a4b8-8a17d16d0159/addn_hosts - 3 addresses
Jun 22 03:14:56 gtw01 dnsmasq-dhcp[23956]: read /var/lib/neutron/dhcp/c3b950d5-1edd-48e5-a4b8-8a17d16d0159/host
Jun 22 03:14:56 gtw01 dnsmasq-dhcp[23956]: read /var/lib/neutron/dhcp/c3b950d5-1edd-48e5-a4b8-8a17d16d0159/opts
Jun 22 03:14:57 gtw01 dnsmasq[22417]: read /var/lib/neutron/dhcp/dddda8ee-4a6f-465d-a898-ace20f26593c/addn_hosts - 4 addresses
Jun 22 03:14:57 gtw01 dnsmasq-dhcp[22417]: read /var/lib/neutron/dhcp/dddda8ee-4a6f-465d-a898-ace20f26593c/host
Jun 22 03:14:57 gtw01 dnsmasq-dhcp[22417]: read /var/lib/neutron/dhcp/dddda8ee-4a6f-465d-a898-ace20f26593c/opts
Jun 22 03:14:59 gtw01 dnsmasq[21820]: read /var/lib/neutron/dhcp/f3a1bbab-a9b9-446d-b2fc-ba9a368a6c79/addn_hosts - 1 addresses
Jun 22 03:14:59 gtw01 dnsmasq-dhcp[21820]: read /var/lib/neutron/dhcp/f3a1bbab-a9b9-446d-b2fc-ba9a368a6c79/host
Jun 22 03:14:59 gtw01 dnsmasq-dhcp[21820]: read /var/lib/neutron/dhcp/f3a1bbab-a9b9-446d-b2fc-ba9a368a6c79/opts
Jun 22 03:15:00 gtw01 haproxy-metadata-proxy-f3a1bbab-a9b9-446d-b2fc-ba9a368a6c79[24841]: Proxy listener started.
Jun 22 03:15:06 gtw01 kernel: [ 2295.479730] device qr-3f64a6fd-ea left promiscuous mode
Jun 22 03:15:08 gtw01 dnsmasq[22417]: read /var/lib/neutron/dhcp/dddda8ee-4a6f-465d-a898-ace20f26593c/addn_hosts - 3 addresses
Jun 22 03:15:08 gtw01 dnsmasq-dhcp[22417]: read /var/lib/neutron/dhcp/dddda8ee-4a6f-465d-a898-ace20f26593c/host
Jun 22 03:15:08 gtw01 dnsmasq-dhcp[22417]: read /var/lib/neutron/dhcp/dddda8ee-4a6f-465d-a898-ace20f26593c/opts
Jun 22 03:15:09 gtw01 dnsmasq-dhcp[23956]: DHCPDISCOVER(tap89a3bb52-fc) fa:16:3e:fc:49:19
Jun 22 03:15:09 gtw01 dnsmasq-dhcp[23956]: DHCPOFFER(tap89a3bb52-fc) 192.168.120.4 fa:16:3e:fc:49:19
Jun 22 03:15:09 gtw01 dnsmasq-dhcp[23956]: DHCPREQUEST(tap89a3bb52-fc) 192.168.120.4 fa:16:3e:fc:49:19
Jun 22 03:15:09 gtw01 dnsmasq-dhcp[23956]: DHCPACK(tap89a3bb52-fc) 192.168.120.4 fa:16:3e:fc:49:19 host-192-168-120-4
Jun 22 03:15:09 gtw01 kernel: [ 2298.510503] device qg-aac5e58d-24 left promiscuous mode
Jun 22 03:15:09 gtw01 kernel: [ 2298.689951] device tap05308366-ec entered promiscuous mode
Jun 22 03:15:09 gtw01 systemd-udevd[25041]: Could not generate persistent MAC address for tap05308366-ec: No such file or directory
Jun 22 03:15:09 gtw01 systemd-udevd[25041]: Process '/sbin/ip link set tap05308366-ec txqueuelen 10000' failed with exit code 1.
Jun 22 03:15:09 gtw01 systemd-udevd[25041]: Process '/sbin/ip link set tap05308366-ec txqueuelen 10000' failed with exit code 1.
Jun 22 03:15:11 gtw01 kernel: [ 2300.279140] device tap88956379-2d left promiscuous mode
Jun 22 03:15:13 gtw01 dnsmasq[25238]: started, version 2.80 cachesize 150
Jun 22 03:15:13 gtw01 dnsmasq[25238]: DNS service limited to local subnets
Jun 22 03:15:13 gtw01 dnsmasq[25238]: compile time options: IPv6 GNU-getopt DBus i18n IDN DHCP DHCPv6 no-Lua TFTP conntrack ipset auth DNSSEC loop-detect inotify dumpfile
Jun 22 03:15:13 gtw01 dnsmasq[25238]: warning: no upstream servers configured
Jun 22 03:15:13 gtw01 dnsmasq-dhcp[25238]: DHCP, static leases only on 192.168.120.0, lease time 1h
Jun 22 03:15:13 gtw01 dnsmasq[25238]: read /var/lib/neutron/dhcp/f8c4c503-37ef-46af-8914-721776c54f69/addn_hosts - 1 addresses
Jun 22 03:15:13 gtw01 dnsmasq-dhcp[25238]: read /var/lib/neutron/dhcp/f8c4c503-37ef-46af-8914-721776c54f69/host
Jun 22 03:15:13 gtw01 dnsmasq-dhcp[25238]: read /var/lib/neutron/dhcp/f8c4c503-37ef-46af-8914-721776c54f69/opts
Jun 22 03:15:13 gtw01 haproxy-metadata-proxy-f8c4c503-37ef-46af-8914-721776c54f69[25249]: Proxy listener started.
Jun 22 03:15:13 gtw01 systemd-udevd[25256]: Could not generate persistent MAC address for qg-ee56e525-9b: No such file or directory
Jun 22 03:15:13 gtw01 kernel: [ 2302.516558] device qg-ee56e525-9b entered promiscuous mode
Jun 22 03:15:14 gtw01 dnsmasq[25238]: read /var/lib/neutron/dhcp/f8c4c503-37ef-46af-8914-721776c54f69/addn_hosts - 2 addresses
Jun 22 03:15:14 gtw01 dnsmasq-dhcp[25238]: read /var/lib/neutron/dhcp/f8c4c503-37ef-46af-8914-721776c54f69/host
Jun 22 03:15:14 gtw01 dnsmasq-dhcp[25238]: read /var/lib/neutron/dhcp/f8c4c503-37ef-46af-8914-721776c54f69/opts
Jun 22 03:15:15 gtw01 dnsmasq-dhcp[22417]: DHCPRELEASE(tap21c754b5-b2) 192.168.120.3 fa:16:3e:5a:98:ab
Jun 22 03:15:15 gtw01 dnsmasq-dhcp[22417]: DHCPRELEASE(tap21c754b5-b2) 192.168.120.3 fa:16:3e:5a:98:ab unknown lease
Jun 22 03:15:15 gtw01 dnsmasq[25238]: read /var/lib/neutron/dhcp/f8c4c503-37ef-46af-8914-721776c54f69/addn_hosts - 2 addresses
Jun 22 03:15:15 gtw01 dnsmasq-dhcp[25238]: read /var/lib/neutron/dhcp/f8c4c503-37ef-46af-8914-721776c54f69/host
Jun 22 03:15:15 gtw01 dnsmasq-dhcp[25238]: read /var/lib/neutron/dhcp/f8c4c503-37ef-46af-8914-721776c54f69/opts
Jun 22 03:15:16 gtw01 dnsmasq[22417]: read /var/lib/neutron/dhcp/dddda8ee-4a6f-465d-a898-ace20f26593c/addn_hosts - 2 addresses
Jun 22 03:15:16 gtw01 dnsmasq-dhcp[22417]: read /var/lib/neutron/dhcp/dddda8ee-4a6f-465d-a898-ace20f26593c/host
Jun 22 03:15:16 gtw01 dnsmasq-dhcp[22417]: read /var/lib/neutron/dhcp/dddda8ee-4a6f-465d-a898-ace20f26593c/opts
Jun 22 03:15:16 gtw01 dnsmasq[25238]: read /var/lib/neutron/dhcp/f8c4c503-37ef-46af-8914-721776c54f69/addn_hosts - 2 addresses
Jun 22 03:15:16 gtw01 dnsmasq-dhcp[25238]: read /var/lib/neutron/dhcp/f8c4c503-37ef-46af-8914-721776c54f69/host
Jun 22 03:15:16 gtw01 dnsmasq-dhcp[25238]: read /var/lib/neutron/dhcp/f8c4c503-37ef-46af-8914-721776c54f69/opts
Jun 22 03:15:17 gtw01 dnsmasq[25238]: read /var/lib/neutron/dhcp/f8c4c503-37ef-46af-8914-721776c54f69/addn_hosts - 2 addresses
Jun 22 03:15:17 gtw01 dnsmasq-dhcp[25238]: read /var/lib/neutron/dhcp/f8c4c503-37ef-46af-8914-721776c54f69/host
Jun 22 03:15:17 gtw01 dnsmasq-dhcp[25238]: read /var/lib/neutron/dhcp/f8c4c503-37ef-46af-8914-721776c54f69/opts
Jun 22 03:15:18 gtw01 dnsmasq[25238]: read /var/lib/neutron/dhcp/f8c4c503-37ef-46af-8914-721776c54f69/addn_hosts - 2 addresses
Jun 22 03:15:18 gtw01 dnsmasq-dhcp[25238]: read /var/lib/neutron/dhcp/f8c4c503-37ef-46af-8914-721776c54f69/host
Jun 22 03:15:18 gtw01 dnsmasq-dhcp[25238]: read /var/lib/neutron/dhcp/f8c4c503-37ef-46af-8914-721776c54f69/opts
Jun 22 03:15:19 gtw01 dnsmasq[22417]: read /var/lib/neutron/dhcp/dddda8ee-4a6f-465d-a898-ace20f26593c/addn_hosts - 1 addresses
Jun 22 03:15:19 gtw01 dnsmasq-dhcp[22417]: read /var/lib/neutron/dhcp/dddda8ee-4a6f-465d-a898-ace20f26593c/host
Jun 22 03:15:19 gtw01 dnsmasq-dhcp[22417]: read /var/lib/neutron/dhcp/dddda8ee-4a6f-465d-a898-ace20f26593c/opts
Jun 22 03:15:20 gtw01 haproxy-metadata-proxy-de65aed6-507e-4692-b139-0349760a91b5[25632]: Proxy listener started.
Jun 22 03:15:20 gtw01 haproxy-metadata-proxy-dddda8ee-4a6f-465d-a898-ace20f26593c[25640]: Proxy listener started.
Jun 22 03:15:21 gtw01 dnsmasq[25238]: read /var/lib/neutron/dhcp/f8c4c503-37ef-46af-8914-721776c54f69/addn_hosts - 2 addresses
Jun 22 03:15:21 gtw01 dnsmasq-dhcp[25238]: read /var/lib/neutron/dhcp/f8c4c503-37ef-46af-8914-721776c54f69/host
Jun 22 03:15:21 gtw01 dnsmasq-dhcp[25238]: read /var/lib/neutron/dhcp/f8c4c503-37ef-46af-8914-721776c54f69/opts
Jun 22 03:15:22 gtw01 kernel: [ 2311.150338] device qr-89097b02-7c left promiscuous mode
Jun 22 03:15:22 gtw01 kernel: [ 2311.362273] device qr-5af7068c-f7 entered promiscuous mode
Jun 22 03:15:22 gtw01 systemd-udevd[25694]: Could not generate persistent MAC address for qr-5af7068c-f7: No such file or directory
Jun 22 03:15:22 gtw01 dnsmasq[25238]: read /var/lib/neutron/dhcp/f8c4c503-37ef-46af-8914-721776c54f69/addn_hosts - 2 addresses
Jun 22 03:15:22 gtw01 dnsmasq-dhcp[25238]: read /var/lib/neutron/dhcp/f8c4c503-37ef-46af-8914-721776c54f69/host
Jun 22 03:15:22 gtw01 dnsmasq-dhcp[25238]: read /var/lib/neutron/dhcp/f8c4c503-37ef-46af-8914-721776c54f69/opts
Jun 22 03:15:23 gtw01 dnsmasq[25238]: read /var/lib/neutron/dhcp/f8c4c503-37ef-46af-8914-721776c54f69/addn_hosts - 3 addresses
Jun 22 03:15:23 gtw01 dnsmasq-dhcp[25238]: read /var/lib/neutron/dhcp/f8c4c503-37ef-46af-8914-721776c54f69/host
Jun 22 03:15:23 gtw01 dnsmasq-dhcp[25238]: read /var/lib/neutron/dhcp/f8c4c503-37ef-46af-8914-721776c54f69/opts
Jun 22 03:15:24 gtw01 dnsmasq[25238]: read /var/lib/neutron/dhcp/f8c4c503-37ef-46af-8914-721776c54f69/addn_hosts - 3 addresses
Jun 22 03:15:24 gtw01 dnsmasq-dhcp[25238]: read /var/lib/neutron/dhcp/f8c4c503-37ef-46af-8914-721776c54f69/host
Jun 22 03:15:24 gtw01 dnsmasq-dhcp[25238]: read /var/lib/neutron/dhcp/f8c4c503-37ef-46af-8914-721776c54f69/opts
Jun 22 03:15:24 gtw01 kernel: [ 2313.876826] device tap21c754b5-b2 left promiscuous mode
Jun 22 03:15:25 gtw01 kernel: [ 2314.597017] device qg-c40540d6-1a left promiscuous mode
Jun 22 03:15:25 gtw01 dnsmasq[25238]: read /var/lib/neutron/dhcp/f8c4c503-37ef-46af-8914-721776c54f69/addn_hosts - 3 addresses
Jun 22 03:15:25 gtw01 dnsmasq-dhcp[25238]: read /var/lib/neutron/dhcp/f8c4c503-37ef-46af-8914-721776c54f69/host
Jun 22 03:15:25 gtw01 dnsmasq-dhcp[25238]: read /var/lib/neutron/dhcp/f8c4c503-37ef-46af-8914-721776c54f69/opts
Jun 22 03:15:26 gtw01 dnsmasq-dhcp[23956]: DHCPDISCOVER(tap89a3bb52-fc) fa:16:3e:fc:49:19
Jun 22 03:15:26 gtw01 dnsmasq-dhcp[23956]: DHCPOFFER(tap89a3bb52-fc) 192.168.120.4 fa:16:3e:fc:49:19
Jun 22 03:15:26 gtw01 dnsmasq-dhcp[23956]: DHCPREQUEST(tap89a3bb52-fc) 192.168.120.4 fa:16:3e:fc:49:19
Jun 22 03:15:26 gtw01 dnsmasq-dhcp[23956]: DHCPACK(tap89a3bb52-fc) 192.168.120.4 fa:16:3e:fc:49:19 host-192-168-120-4
Jun 22 03:15:33 gtw01 dnsmasq-dhcp[23956]: DHCPRELEASE(tap89a3bb52-fc) 192.168.120.4 fa:16:3e:fc:49:19
Jun 22 03:15:33 gtw01 dnsmasq-dhcp[23956]: DHCPRELEASE(tap89a3bb52-fc) 192.168.120.4 fa:16:3e:fc:49:19 unknown lease
Jun 22 03:15:33 gtw01 dnsmasq[25238]: read /var/lib/neutron/dhcp/f8c4c503-37ef-46af-8914-721776c54f69/addn_hosts - 2 addresses
Jun 22 03:15:33 gtw01 dnsmasq-dhcp[25238]: read /var/lib/neutron/dhcp/f8c4c503-37ef-46af-8914-721776c54f69/host
Jun 22 03:15:33 gtw01 dnsmasq-dhcp[25238]: read /var/lib/neutron/dhcp/f8c4c503-37ef-46af-8914-721776c54f69/opts
Jun 22 03:15:34 gtw01 dnsmasq[23956]: read /var/lib/neutron/dhcp/c3b950d5-1edd-48e5-a4b8-8a17d16d0159/addn_hosts - 2 addresses
Jun 22 03:15:34 gtw01 dnsmasq-dhcp[23956]: read /var/lib/neutron/dhcp/c3b950d5-1edd-48e5-a4b8-8a17d16d0159/host
Jun 22 03:15:34 gtw01 dnsmasq-dhcp[23956]: read /var/lib/neutron/dhcp/c3b950d5-1edd-48e5-a4b8-8a17d16d0159/opts
Jun 22 03:15:37 gtw01 dnsmasq[23956]: read /var/lib/neutron/dhcp/c3b950d5-1edd-48e5-a4b8-8a17d16d0159/addn_hosts - 1 addresses
Jun 22 03:15:37 gtw01 dnsmasq-dhcp[23956]: read /var/lib/neutron/dhcp/c3b950d5-1edd-48e5-a4b8-8a17d16d0159/host
Jun 22 03:15:37 gtw01 dnsmasq-dhcp[23956]: read /var/lib/neutron/dhcp/c3b950d5-1edd-48e5-a4b8-8a17d16d0159/opts
Jun 22 03:15:37 gtw01 dnsmasq[25238]: read /var/lib/neutron/dhcp/f8c4c503-37ef-46af-8914-721776c54f69/addn_hosts - 1 addresses
Jun 22 03:15:37 gtw01 dnsmasq-dhcp[25238]: read /var/lib/neutron/dhcp/f8c4c503-37ef-46af-8914-721776c54f69/host
Jun 22 03:15:37 gtw01 dnsmasq-dhcp[25238]: read /var/lib/neutron/dhcp/f8c4c503-37ef-46af-8914-721776c54f69/opts
Jun 22 03:15:37 gtw01 haproxy-metadata-proxy-c3b950d5-1edd-48e5-a4b8-8a17d16d0159[26299]: Proxy listener started.
Jun 22 03:15:37 gtw01 haproxy-metadata-proxy-f8c4c503-37ef-46af-8914-721776c54f69[26307]: Proxy listener started.
Jun 22 03:15:39 gtw01 kernel: [ 2328.075296] device qr-27826ee7-2c left promiscuous mode
Jun 22 03:15:39 gtw01 kernel: [ 2328.309786] device qr-5af7068c-f7 left promiscuous mode
Jun 22 03:15:42 gtw01 kernel: [ 2331.148622] device qg-850f2cef-55 left promiscuous mode
Jun 22 03:15:42 gtw01 kernel: [ 2331.238410] device qg-ee56e525-9b left promiscuous mode
Jun 22 03:15:43 gtw01 kernel: [ 2332.075588] device tap05308366-ec left promiscuous mode
Jun 22 03:15:43 gtw01 kernel: [ 2332.521482] device tap89a3bb52-fc left promiscuous mode
Jun 22 03:16:01 gtw01 kernel: [ 2350.573225] device tapc47a4304-13 entered promiscuous mode
Jun 22 03:16:01 gtw01 systemd-udevd[26528]: Could not generate persistent MAC address for tapc47a4304-13: No such file or directory
Jun 22 03:16:01 gtw01 systemd-udevd[26528]: Process '/sbin/ip link set tapc47a4304-13 txqueuelen 10000' failed with exit code 1.
Jun 22 03:16:01 gtw01 systemd-udevd[26579]: Process '/sbin/ip link set tapc47a4304-13 txqueuelen 10000' failed with exit code 1.
Jun 22 03:16:03 gtw01 systemd-udevd[26654]: Could not generate persistent MAC address for tap8e0026ec-42: No such file or directory
Jun 22 03:16:03 gtw01 kernel: [ 2352.269446] device tap8e0026ec-42 entered promiscuous mode
Jun 22 03:16:03 gtw01 systemd-udevd[26654]: Process '/sbin/ip link set tap8e0026ec-42 txqueuelen 10000' failed with exit code 1.
Jun 22 03:16:03 gtw01 systemd-udevd[26707]: Process '/sbin/ip link set tap8e0026ec-42 txqueuelen 10000' failed with exit code 1.
Jun 22 03:16:05 gtw01 dnsmasq[26786]: started, version 2.80 cachesize 150
Jun 22 03:16:05 gtw01 dnsmasq[26786]: DNS service limited to local subnets
Jun 22 03:16:05 gtw01 dnsmasq[26786]: compile time options: IPv6 GNU-getopt DBus i18n IDN DHCP DHCPv6 no-Lua TFTP conntrack ipset auth DNSSEC loop-detect inotify dumpfile
Jun 22 03:16:05 gtw01 dnsmasq[26786]: warning: no upstream servers configured
Jun 22 03:16:05 gtw01 dnsmasq-dhcp[26786]: DHCP, static leases only on 192.168.120.240, lease time 1h
Jun 22 03:16:05 gtw01 dnsmasq[26786]: read /var/lib/neutron/dhcp/bfad05b4-74a9-4719-b7e0-b1847c31361d/addn_hosts - 1 addresses
Jun 22 03:16:05 gtw01 dnsmasq-dhcp[26786]: read /var/lib/neutron/dhcp/bfad05b4-74a9-4719-b7e0-b1847c31361d/host
Jun 22 03:16:05 gtw01 dnsmasq-dhcp[26786]: read /var/lib/neutron/dhcp/bfad05b4-74a9-4719-b7e0-b1847c31361d/opts
Jun 22 03:16:05 gtw01 haproxy-metadata-proxy-bfad05b4-74a9-4719-b7e0-b1847c31361d[26797]: Proxy listener started.
Jun 22 03:16:05 gtw01 kernel: [ 2354.594866] device tap659f6bf3-2f entered promiscuous mode
Jun 22 03:16:05 gtw01 systemd-udevd[26822]: Could not generate persistent MAC address for tap659f6bf3-2f: No such file or directory
Jun 22 03:16:05 gtw01 systemd-udevd[26822]: Process '/sbin/ip link set tap659f6bf3-2f txqueuelen 10000' failed with exit code 1.
Jun 22 03:16:05 gtw01 systemd-udevd[26822]: Process '/sbin/ip link set tap659f6bf3-2f txqueuelen 10000' failed with exit code 1.
Jun 22 03:16:06 gtw01 dnsmasq[26786]: read /var/lib/neutron/dhcp/bfad05b4-74a9-4719-b7e0-b1847c31361d/addn_hosts - 1 addresses
Jun 22 03:16:06 gtw01 dnsmasq-dhcp[26786]: read /var/lib/neutron/dhcp/bfad05b4-74a9-4719-b7e0-b1847c31361d/host
Jun 22 03:16:06 gtw01 dnsmasq-dhcp[26786]: read /var/lib/neutron/dhcp/bfad05b4-74a9-4719-b7e0-b1847c31361d/opts
Jun 22 03:16:06 gtw01 dnsmasq[26954]: started, version 2.80 cachesize 150
Jun 22 03:16:06 gtw01 dnsmasq[26954]: DNS service limited to local subnets
Jun 22 03:16:06 gtw01 dnsmasq[26954]: compile time options: IPv6 GNU-getopt DBus i18n IDN DHCP DHCPv6 no-Lua TFTP conntrack ipset auth DNSSEC loop-detect inotify dumpfile
Jun 22 03:16:06 gtw01 dnsmasq[26954]: warning: no upstream servers configured
Jun 22 03:16:06 gtw01 dnsmasq-dhcp[26954]: DHCPv6, static leases only on 2003:0:0:ffff::, lease time 1h
Jun 22 03:16:06 gtw01 dnsmasq[26954]: read /var/lib/neutron/dhcp/be494b71-26b7-48b8-8e44-7920ec7a709b/addn_hosts - 1 addresses
Jun 22 03:16:06 gtw01 dnsmasq-dhcp[26954]: read /var/lib/neutron/dhcp/be494b71-26b7-48b8-8e44-7920ec7a709b/host
Jun 22 03:16:06 gtw01 dnsmasq-dhcp[26954]: read /var/lib/neutron/dhcp/be494b71-26b7-48b8-8e44-7920ec7a709b/opts
Jun 22 03:16:07 gtw01 dnsmasq[26786]: read /var/lib/neutron/dhcp/bfad05b4-74a9-4719-b7e0-b1847c31361d/addn_hosts - 1 addresses
Jun 22 03:16:07 gtw01 dnsmasq-dhcp[26786]: read /var/lib/neutron/dhcp/bfad05b4-74a9-4719-b7e0-b1847c31361d/host
Jun 22 03:16:07 gtw01 dnsmasq-dhcp[26786]: read /var/lib/neutron/dhcp/bfad05b4-74a9-4719-b7e0-b1847c31361d/opts
Jun 22 03:16:07 gtw01 dnsmasq[26954]: read /var/lib/neutron/dhcp/be494b71-26b7-48b8-8e44-7920ec7a709b/addn_hosts - 1 addresses
Jun 22 03:16:07 gtw01 dnsmasq-dhcp[26954]: read /var/lib/neutron/dhcp/be494b71-26b7-48b8-8e44-7920ec7a709b/host
Jun 22 03:16:07 gtw01 dnsmasq-dhcp[26954]: read /var/lib/neutron/dhcp/be494b71-26b7-48b8-8e44-7920ec7a709b/opts
Jun 22 03:16:08 gtw01 dnsmasq[26786]: read /var/lib/neutron/dhcp/bfad05b4-74a9-4719-b7e0-b1847c31361d/addn_hosts - 1 addresses
Jun 22 03:16:08 gtw01 dnsmasq-dhcp[26786]: read /var/lib/neutron/dhcp/bfad05b4-74a9-4719-b7e0-b1847c31361d/host
Jun 22 03:16:08 gtw01 dnsmasq-dhcp[26786]: read /var/lib/neutron/dhcp/bfad05b4-74a9-4719-b7e0-b1847c31361d/opts
Jun 22 03:16:08 gtw01 dnsmasq[26954]: read /var/lib/neutron/dhcp/be494b71-26b7-48b8-8e44-7920ec7a709b/addn_hosts - 1 addresses
Jun 22 03:16:08 gtw01 dnsmasq-dhcp[26954]: read /var/lib/neutron/dhcp/be494b71-26b7-48b8-8e44-7920ec7a709b/host
Jun 22 03:16:08 gtw01 dnsmasq-dhcp[26954]: read /var/lib/neutron/dhcp/be494b71-26b7-48b8-8e44-7920ec7a709b/opts
Jun 22 03:16:09 gtw01 dnsmasq[27088]: started, version 2.80 cachesize 150
Jun 22 03:16:09 gtw01 dnsmasq[27088]: DNS service limited to local subnets
Jun 22 03:16:09 gtw01 dnsmasq[27088]: compile time options: IPv6 GNU-getopt DBus i18n IDN DHCP DHCPv6 no-Lua TFTP conntrack ipset auth DNSSEC loop-detect inotify dumpfile
Jun 22 03:16:09 gtw01 dnsmasq[27088]: warning: no upstream servers configured
Jun 22 03:16:09 gtw01 dnsmasq-dhcp[27088]: DHCP, static leases only on 192.168.120.0, lease time 1h
Jun 22 03:16:09 gtw01 dnsmasq[27088]: read /var/lib/neutron/dhcp/b96b07d5-3166-4275-a08d-97dedbdb3527/addn_hosts - 1 addresses
Jun 22 03:16:09 gtw01 dnsmasq-dhcp[27088]: read /var/lib/neutron/dhcp/b96b07d5-3166-4275-a08d-97dedbdb3527/host
Jun 22 03:16:09 gtw01 dnsmasq-dhcp[27088]: read /var/lib/neutron/dhcp/b96b07d5-3166-4275-a08d-97dedbdb3527/opts
Jun 22 03:16:09 gtw01 haproxy-metadata-proxy-b96b07d5-3166-4275-a08d-97dedbdb3527[27095]: Proxy listener started.
Jun 22 03:16:09 gtw01 dnsmasq[26954]: read /var/lib/neutron/dhcp/be494b71-26b7-48b8-8e44-7920ec7a709b/addn_hosts - 1 addresses
Jun 22 03:16:09 gtw01 dnsmasq-dhcp[26954]: read /var/lib/neutron/dhcp/be494b71-26b7-48b8-8e44-7920ec7a709b/host
Jun 22 03:16:09 gtw01 dnsmasq-dhcp[26954]: read /var/lib/neutron/dhcp/be494b71-26b7-48b8-8e44-7920ec7a709b/opts
Jun 22 03:16:10 gtw01 kernel: [ 2358.987401] device tap659f6bf3-2f left promiscuous mode
Jun 22 03:16:11 gtw01 kernel: [ 2360.885006] device tapc47a4304-13 left promiscuous mode
Jun 22 03:16:12 gtw01 kernel: [ 2361.868071] device tap8e0026ec-42 left promiscuous mode
Jun 22 03:16:20 gtw01 kernel: [ 2369.329252] device tap027a3915-1d entered promiscuous mode
Jun 22 03:16:20 gtw01 systemd-udevd[27224]: Could not generate persistent MAC address for tap027a3915-1d: No such file or directory
Jun 22 03:16:20 gtw01 systemd-udevd[27224]: Process '/sbin/ip link set tap027a3915-1d txqueuelen 10000' failed with exit code 1.
Jun 22 03:16:20 gtw01 systemd-udevd[27224]: Process '/sbin/ip link set tap027a3915-1d txqueuelen 10000' failed with exit code 1.
Jun 22 03:16:20 gtw01 systemd-udevd[27301]: Could not generate persistent MAC address for tap5a2d62fb-11: No such file or directory
Jun 22 03:16:20 gtw01 kernel: [ 2369.737040] device tap5a2d62fb-11 entered promiscuous mode
Jun 22 03:16:20 gtw01 systemd-udevd[27301]: Process '/sbin/ip link set tap5a2d62fb-11 txqueuelen 10000' failed with exit code 1.
Jun 22 03:16:20 gtw01 systemd-udevd[27352]: Process '/sbin/ip link set tap5a2d62fb-11 txqueuelen 10000' failed with exit code 1.
Jun 22 03:16:23 gtw01 systemd-udevd[27479]: Could not generate persistent MAC address for tap813cb1f5-63: No such file or directory
Jun 22 03:16:23 gtw01 kernel: [ 2372.480444] device tap813cb1f5-63 entered promiscuous mode
Jun 22 03:16:23 gtw01 systemd-udevd[27479]: Process '/sbin/ip link set tap813cb1f5-63 txqueuelen 10000' failed with exit code 1.
Jun 22 03:16:23 gtw01 systemd-udevd[27531]: Process '/sbin/ip link set tap813cb1f5-63 txqueuelen 10000' failed with exit code 1.
Jun 22 03:16:23 gtw01 dnsmasq[27555]: started, version 2.80 cachesize 150
Jun 22 03:16:23 gtw01 dnsmasq[27555]: DNS service limited to local subnets
Jun 22 03:16:23 gtw01 dnsmasq[27555]: compile time options: IPv6 GNU-getopt DBus i18n IDN DHCP DHCPv6 no-Lua TFTP conntrack ipset auth DNSSEC loop-detect inotify dumpfile
Jun 22 03:16:23 gtw01 dnsmasq[27555]: warning: no upstream servers configured
Jun 22 03:16:23 gtw01 dnsmasq-dhcp[27555]: DHCPv6, static leases only on 2003::, lease time 1h
Jun 22 03:16:23 gtw01 dnsmasq[27555]: read /var/lib/neutron/dhcp/48048d86-a814-4265-934e-4df3635bcfbb/addn_hosts - 1 addresses
Jun 22 03:16:23 gtw01 dnsmasq-dhcp[27555]: read /var/lib/neutron/dhcp/48048d86-a814-4265-934e-4df3635bcfbb/host
Jun 22 03:16:23 gtw01 dnsmasq-dhcp[27555]: read /var/lib/neutron/dhcp/48048d86-a814-4265-934e-4df3635bcfbb/opts
Jun 22 03:16:24 gtw01 dnsmasq[27573]: started, version 2.80 cachesize 150
Jun 22 03:16:24 gtw01 dnsmasq[27573]: DNS service limited to local subnets
Jun 22 03:16:24 gtw01 dnsmasq[27573]: compile time options: IPv6 GNU-getopt DBus i18n IDN DHCP DHCPv6 no-Lua TFTP conntrack ipset auth DNSSEC loop-detect inotify dumpfile
Jun 22 03:16:24 gtw01 dnsmasq[27573]: warning: no upstream servers configured
Jun 22 03:16:24 gtw01 dnsmasq-dhcp[27573]: DHCPv6, static leases only on 2003:0:0:1::, lease time 1h
Jun 22 03:16:24 gtw01 dnsmasq[27573]: read /var/lib/neutron/dhcp/a1eac3ce-64cf-489e-811a-e05fe4660986/addn_hosts - 1 addresses
Jun 22 03:16:24 gtw01 dnsmasq-dhcp[27573]: read /var/lib/neutron/dhcp/a1eac3ce-64cf-489e-811a-e05fe4660986/host
Jun 22 03:16:24 gtw01 dnsmasq-dhcp[27573]: read /var/lib/neutron/dhcp/a1eac3ce-64cf-489e-811a-e05fe4660986/opts
Jun 22 03:16:24 gtw01 kernel: [ 2373.308751] device tap027a3915-1d left promiscuous mode
Jun 22 03:16:24 gtw01 kernel: [ 2373.541649] device tap5a2d62fb-11 left promiscuous mode
Jun 22 03:16:26 gtw01 dnsmasq[27675]: started, version 2.80 cachesize 150
Jun 22 03:16:26 gtw01 dnsmasq[27675]: DNS service limited to local subnets
