Jun 22 03:22:46 gtw01 haproxy-metadata-proxy-6ef5b63c-555e-475f-98e2-8f2a0e3820fe[5987]: Proxy listener started.
Jun 22 03:22:46 gtw01 kernel: [ 2755.562124] device tap56c30c81-59 left promiscuous mode
Jun 22 03:22:47 gtw01 dnsmasq[5853]: read /var/lib/neutron/dhcp/9e983016-0697-4d3c-8210-34b621f5dff2/addn_hosts - 1 addresses
Jun 22 03:22:47 gtw01 dnsmasq-dhcp[5853]: read /var/lib/neutron/dhcp/9e983016-0697-4d3c-8210-34b621f5dff2/host
Jun 22 03:22:47 gtw01 dnsmasq-dhcp[5853]: read /var/lib/neutron/dhcp/9e983016-0697-4d3c-8210-34b621f5dff2/opts
Jun 22 03:22:47 gtw01 kernel: [ 2756.492457] device tapb4561432-89 left promiscuous mode
Jun 22 03:22:48 gtw01 kernel: [ 2757.574204] device tap5a8650a6-7a left promiscuous mode
Jun 22 03:22:53 gtw01 dnsmasq[4709]: read /var/lib/neutron/dhcp/d775d540-ab1b-41ff-872d-1c12501e8503/addn_hosts - 2 addresses
Jun 22 03:22:53 gtw01 dnsmasq-dhcp[4709]: read /var/lib/neutron/dhcp/d775d540-ab1b-41ff-872d-1c12501e8503/host
Jun 22 03:22:53 gtw01 dnsmasq-dhcp[4709]: read /var/lib/neutron/dhcp/d775d540-ab1b-41ff-872d-1c12501e8503/opts
Jun 22 03:22:53 gtw01 haproxy-metadata-proxy-d775d540-ab1b-41ff-872d-1c12501e8503[6123]: Proxy listener started.
Jun 22 03:22:57 gtw01 dnsmasq[4250]: read /var/lib/neutron/dhcp/6ef5b63c-555e-475f-98e2-8f2a0e3820fe/addn_hosts - 1 addresses
Jun 22 03:22:57 gtw01 dnsmasq-dhcp[4250]: read /var/lib/neutron/dhcp/6ef5b63c-555e-475f-98e2-8f2a0e3820fe/host
Jun 22 03:22:57 gtw01 dnsmasq-dhcp[4250]: read /var/lib/neutron/dhcp/6ef5b63c-555e-475f-98e2-8f2a0e3820fe/opts
Jun 22 03:22:57 gtw01 dnsmasq[4709]: read /var/lib/neutron/dhcp/d775d540-ab1b-41ff-872d-1c12501e8503/addn_hosts - 1 addresses
Jun 22 03:22:57 gtw01 dnsmasq-dhcp[4709]: read /var/lib/neutron/dhcp/d775d540-ab1b-41ff-872d-1c12501e8503/host
Jun 22 03:22:57 gtw01 dnsmasq-dhcp[4709]: read /var/lib/neutron/dhcp/d775d540-ab1b-41ff-872d-1c12501e8503/opts
Jun 22 03:22:59 gtw01 kernel: [ 2768.817136] device tap5d9bf747-07 left promiscuous mode
Jun 22 03:23:01 gtw01 dnsmasq[4448]: read /var/lib/neutron/dhcp/873a634d-9105-4632-907c-430755979fd6/addn_hosts - 3 addresses
Jun 22 03:23:01 gtw01 dnsmasq-dhcp[4448]: read /var/lib/neutron/dhcp/873a634d-9105-4632-907c-430755979fd6/host
Jun 22 03:23:01 gtw01 dnsmasq-dhcp[4448]: read /var/lib/neutron/dhcp/873a634d-9105-4632-907c-430755979fd6/opts
Jun 22 03:23:01 gtw01 kernel: [ 2770.575944] device tap603f8533-66 left promiscuous mode
Jun 22 03:23:02 gtw01 haproxy-metadata-proxy-873a634d-9105-4632-907c-430755979fd6[6234]: Proxy listener started.
Jun 22 03:23:05 gtw01 dnsmasq[4448]: read /var/lib/neutron/dhcp/873a634d-9105-4632-907c-430755979fd6/addn_hosts - 2 addresses
Jun 22 03:23:05 gtw01 dnsmasq-dhcp[4448]: read /var/lib/neutron/dhcp/873a634d-9105-4632-907c-430755979fd6/host
Jun 22 03:23:05 gtw01 dnsmasq-dhcp[4448]: read /var/lib/neutron/dhcp/873a634d-9105-4632-907c-430755979fd6/opts
Jun 22 03:23:06 gtw01 dnsmasq[4448]: read /var/lib/neutron/dhcp/873a634d-9105-4632-907c-430755979fd6/addn_hosts - 1 addresses
Jun 22 03:23:06 gtw01 dnsmasq-dhcp[4448]: read /var/lib/neutron/dhcp/873a634d-9105-4632-907c-430755979fd6/host
Jun 22 03:23:06 gtw01 dnsmasq-dhcp[4448]: read /var/lib/neutron/dhcp/873a634d-9105-4632-907c-430755979fd6/opts
Jun 22 03:23:07 gtw01 kernel: [ 2776.808358] device tap66fa0a5c-ad left promiscuous mode
Jun 22 03:23:18 gtw01 kernel: [ 2787.732929] device tap993a4fa3-d6 entered promiscuous mode
Jun 22 03:23:18 gtw01 systemd-udevd[6354]: Could not generate persistent MAC address for tap993a4fa3-d6: No such file or directory
Jun 22 03:23:18 gtw01 systemd-udevd[6354]: Process '/sbin/ip link set tap993a4fa3-d6 txqueuelen 10000' failed with exit code 1.
Jun 22 03:23:18 gtw01 systemd-udevd[6406]: Process '/sbin/ip link set tap993a4fa3-d6 txqueuelen 10000' failed with exit code 1.
Jun 22 03:23:21 gtw01 dnsmasq[6483]: started, version 2.80 cachesize 150
Jun 22 03:23:21 gtw01 dnsmasq[6483]: DNS service limited to local subnets
Jun 22 03:23:21 gtw01 dnsmasq[6483]: compile time options: IPv6 GNU-getopt DBus i18n IDN DHCP DHCPv6 no-Lua TFTP conntrack ipset auth DNSSEC loop-detect inotify dumpfile
Jun 22 03:23:21 gtw01 dnsmasq[6483]: warning: no upstream servers configured
Jun 22 03:23:21 gtw01 dnsmasq-dhcp[6483]: DHCP, static leases only on 192.168.120.0, lease time 1h
Jun 22 03:23:21 gtw01 dnsmasq[6483]: read /var/lib/neutron/dhcp/c200033f-e339-4008-b480-06e404829c77/addn_hosts - 1 addresses
Jun 22 03:23:21 gtw01 dnsmasq-dhcp[6483]: read /var/lib/neutron/dhcp/c200033f-e339-4008-b480-06e404829c77/host
Jun 22 03:23:21 gtw01 dnsmasq-dhcp[6483]: read /var/lib/neutron/dhcp/c200033f-e339-4008-b480-06e404829c77/opts
Jun 22 03:23:22 gtw01 haproxy-metadata-proxy-c200033f-e339-4008-b480-06e404829c77[6487]: Proxy listener started.
Jun 22 03:23:23 gtw01 dnsmasq[6483]: read /var/lib/neutron/dhcp/c200033f-e339-4008-b480-06e404829c77/addn_hosts - 5 addresses
Jun 22 03:23:23 gtw01 dnsmasq-dhcp[6483]: read /var/lib/neutron/dhcp/c200033f-e339-4008-b480-06e404829c77/host
Jun 22 03:23:23 gtw01 dnsmasq-dhcp[6483]: read /var/lib/neutron/dhcp/c200033f-e339-4008-b480-06e404829c77/opts
Jun 22 03:23:24 gtw01 dnsmasq[6483]: read /var/lib/neutron/dhcp/c200033f-e339-4008-b480-06e404829c77/addn_hosts - 5 addresses
Jun 22 03:23:24 gtw01 dnsmasq-dhcp[6483]: read /var/lib/neutron/dhcp/c200033f-e339-4008-b480-06e404829c77/host
Jun 22 03:23:24 gtw01 dnsmasq-dhcp[6483]: read /var/lib/neutron/dhcp/c200033f-e339-4008-b480-06e404829c77/opts
Jun 22 03:23:25 gtw01 dnsmasq[6483]: read /var/lib/neutron/dhcp/c200033f-e339-4008-b480-06e404829c77/addn_hosts - 5 addresses
Jun 22 03:23:25 gtw01 dnsmasq-dhcp[6483]: read /var/lib/neutron/dhcp/c200033f-e339-4008-b480-06e404829c77/host
Jun 22 03:23:25 gtw01 dnsmasq-dhcp[6483]: read /var/lib/neutron/dhcp/c200033f-e339-4008-b480-06e404829c77/opts
Jun 22 03:23:25 gtw01 dnsmasq[6483]: read /var/lib/neutron/dhcp/c200033f-e339-4008-b480-06e404829c77/addn_hosts - 5 addresses
Jun 22 03:23:25 gtw01 dnsmasq-dhcp[6483]: read /var/lib/neutron/dhcp/c200033f-e339-4008-b480-06e404829c77/host
Jun 22 03:23:25 gtw01 dnsmasq-dhcp[6483]: read /var/lib/neutron/dhcp/c200033f-e339-4008-b480-06e404829c77/opts
Jun 22 03:23:26 gtw01 dnsmasq[6483]: read /var/lib/neutron/dhcp/c200033f-e339-4008-b480-06e404829c77/addn_hosts - 5 addresses
Jun 22 03:23:26 gtw01 dnsmasq-dhcp[6483]: read /var/lib/neutron/dhcp/c200033f-e339-4008-b480-06e404829c77/host
Jun 22 03:23:26 gtw01 dnsmasq-dhcp[6483]: read /var/lib/neutron/dhcp/c200033f-e339-4008-b480-06e404829c77/opts
Jun 22 03:23:27 gtw01 kernel: [ 2795.914586] device tapf06a57f6-61 entered promiscuous mode
Jun 22 03:23:27 gtw01 systemd-udevd[6602]: Could not generate persistent MAC address for tapf06a57f6-61: No such file or directory
Jun 22 03:23:27 gtw01 systemd-udevd[6602]: Process '/sbin/ip link set tapf06a57f6-61 txqueuelen 10000' failed with exit code 1.
Jun 22 03:23:27 gtw01 systemd-udevd[6602]: Process '/sbin/ip link set tapf06a57f6-61 txqueuelen 10000' failed with exit code 1.
Jun 22 03:23:27 gtw01 dnsmasq[6483]: read /var/lib/neutron/dhcp/c200033f-e339-4008-b480-06e404829c77/addn_hosts - 5 addresses
Jun 22 03:23:27 gtw01 dnsmasq-dhcp[6483]: read /var/lib/neutron/dhcp/c200033f-e339-4008-b480-06e404829c77/host
Jun 22 03:23:27 gtw01 dnsmasq-dhcp[6483]: read /var/lib/neutron/dhcp/c200033f-e339-4008-b480-06e404829c77/opts
Jun 22 03:23:28 gtw01 dnsmasq[6483]: read /var/lib/neutron/dhcp/c200033f-e339-4008-b480-06e404829c77/addn_hosts - 6 addresses
Jun 22 03:23:28 gtw01 dnsmasq-dhcp[6483]: read /var/lib/neutron/dhcp/c200033f-e339-4008-b480-06e404829c77/host
Jun 22 03:23:28 gtw01 dnsmasq-dhcp[6483]: read /var/lib/neutron/dhcp/c200033f-e339-4008-b480-06e404829c77/opts
Jun 22 03:23:29 gtw01 dnsmasq[6483]: read /var/lib/neutron/dhcp/c200033f-e339-4008-b480-06e404829c77/addn_hosts - 7 addresses
Jun 22 03:23:29 gtw01 dnsmasq-dhcp[6483]: read /var/lib/neutron/dhcp/c200033f-e339-4008-b480-06e404829c77/host
Jun 22 03:23:29 gtw01 dnsmasq-dhcp[6483]: read /var/lib/neutron/dhcp/c200033f-e339-4008-b480-06e404829c77/opts
Jun 22 03:23:30 gtw01 dnsmasq[6798]: started, version 2.80 cachesize 150
Jun 22 03:23:30 gtw01 dnsmasq[6798]: DNS service limited to local subnets
Jun 22 03:23:30 gtw01 dnsmasq[6798]: compile time options: IPv6 GNU-getopt DBus i18n IDN DHCP DHCPv6 no-Lua TFTP conntrack ipset auth DNSSEC loop-detect inotify dumpfile
Jun 22 03:23:30 gtw01 dnsmasq[6798]: warning: no upstream servers configured
Jun 22 03:23:30 gtw01 dnsmasq-dhcp[6798]: DHCP, static leases only on 192.168.120.0, lease time 1h
Jun 22 03:23:30 gtw01 dnsmasq[6798]: read /var/lib/neutron/dhcp/72f7140e-37b6-405a-9f9a-a5e0cece198d/addn_hosts - 1 addresses
Jun 22 03:23:30 gtw01 dnsmasq-dhcp[6798]: read /var/lib/neutron/dhcp/72f7140e-37b6-405a-9f9a-a5e0cece198d/host
Jun 22 03:23:30 gtw01 dnsmasq-dhcp[6798]: read /var/lib/neutron/dhcp/72f7140e-37b6-405a-9f9a-a5e0cece198d/opts
Jun 22 03:23:30 gtw01 dnsmasq[6483]: read /var/lib/neutron/dhcp/c200033f-e339-4008-b480-06e404829c77/addn_hosts - 7 addresses
Jun 22 03:23:30 gtw01 dnsmasq-dhcp[6483]: read /var/lib/neutron/dhcp/c200033f-e339-4008-b480-06e404829c77/host
Jun 22 03:23:30 gtw01 dnsmasq-dhcp[6483]: read /var/lib/neutron/dhcp/c200033f-e339-4008-b480-06e404829c77/opts
Jun 22 03:23:30 gtw01 haproxy-metadata-proxy-72f7140e-37b6-405a-9f9a-a5e0cece198d[6806]: Proxy listener started.
Jun 22 03:23:31 gtw01 dnsmasq[6483]: read /var/lib/neutron/dhcp/c200033f-e339-4008-b480-06e404829c77/addn_hosts - 7 addresses
Jun 22 03:23:31 gtw01 dnsmasq-dhcp[6483]: read /var/lib/neutron/dhcp/c200033f-e339-4008-b480-06e404829c77/host
Jun 22 03:23:31 gtw01 dnsmasq-dhcp[6483]: read /var/lib/neutron/dhcp/c200033f-e339-4008-b480-06e404829c77/opts
Jun 22 03:23:32 gtw01 dnsmasq[6483]: read /var/lib/neutron/dhcp/c200033f-e339-4008-b480-06e404829c77/addn_hosts - 7 addresses
Jun 22 03:23:32 gtw01 dnsmasq-dhcp[6483]: read /var/lib/neutron/dhcp/c200033f-e339-4008-b480-06e404829c77/host
Jun 22 03:23:32 gtw01 dnsmasq-dhcp[6483]: read /var/lib/neutron/dhcp/c200033f-e339-4008-b480-06e404829c77/opts
Jun 22 03:23:33 gtw01 dnsmasq[6483]: read /var/lib/neutron/dhcp/c200033f-e339-4008-b480-06e404829c77/addn_hosts - 7 addresses
Jun 22 03:23:33 gtw01 dnsmasq-dhcp[6483]: read /var/lib/neutron/dhcp/c200033f-e339-4008-b480-06e404829c77/host
Jun 22 03:23:33 gtw01 dnsmasq-dhcp[6483]: read /var/lib/neutron/dhcp/c200033f-e339-4008-b480-06e404829c77/opts
Jun 22 03:23:34 gtw01 dnsmasq[6483]: read /var/lib/neutron/dhcp/c200033f-e339-4008-b480-06e404829c77/addn_hosts - 6 addresses
Jun 22 03:23:34 gtw01 dnsmasq-dhcp[6483]: read /var/lib/neutron/dhcp/c200033f-e339-4008-b480-06e404829c77/host
Jun 22 03:23:34 gtw01 dnsmasq-dhcp[6483]: read /var/lib/neutron/dhcp/c200033f-e339-4008-b480-06e404829c77/opts
Jun 22 03:23:34 gtw01 dnsmasq[6483]: read /var/lib/neutron/dhcp/c200033f-e339-4008-b480-06e404829c77/addn_hosts - 5 addresses
Jun 22 03:23:34 gtw01 dnsmasq-dhcp[6483]: read /var/lib/neutron/dhcp/c200033f-e339-4008-b480-06e404829c77/host
Jun 22 03:23:34 gtw01 dnsmasq-dhcp[6483]: read /var/lib/neutron/dhcp/c200033f-e339-4008-b480-06e404829c77/opts
Jun 22 03:23:35 gtw01 dnsmasq[6483]: read /var/lib/neutron/dhcp/c200033f-e339-4008-b480-06e404829c77/addn_hosts - 4 addresses
Jun 22 03:23:35 gtw01 dnsmasq-dhcp[6483]: read /var/lib/neutron/dhcp/c200033f-e339-4008-b480-06e404829c77/host
Jun 22 03:23:35 gtw01 dnsmasq-dhcp[6483]: read /var/lib/neutron/dhcp/c200033f-e339-4008-b480-06e404829c77/opts
Jun 22 03:23:36 gtw01 dnsmasq[6483]: read /var/lib/neutron/dhcp/c200033f-e339-4008-b480-06e404829c77/addn_hosts - 3 addresses
Jun 22 03:23:36 gtw01 dnsmasq-dhcp[6483]: read /var/lib/neutron/dhcp/c200033f-e339-4008-b480-06e404829c77/host
Jun 22 03:23:36 gtw01 dnsmasq-dhcp[6483]: read /var/lib/neutron/dhcp/c200033f-e339-4008-b480-06e404829c77/opts
Jun 22 03:23:36 gtw01 dnsmasq[6994]: started, version 2.80 cachesize 150
Jun 22 03:23:36 gtw01 dnsmasq[6994]: DNS service limited to local subnets
Jun 22 03:23:36 gtw01 dnsmasq[6994]: compile time options: IPv6 GNU-getopt DBus i18n IDN DHCP DHCPv6 no-Lua TFTP conntrack ipset auth DNSSEC loop-detect inotify dumpfile
Jun 22 03:23:36 gtw01 dnsmasq[6994]: warning: no upstream servers configured
Jun 22 03:23:36 gtw01 dnsmasq-dhcp[6994]: DHCP, static leases only on 192.168.120.0, lease time 1h
Jun 22 03:23:36 gtw01 dnsmasq-dhcp[6994]: DHCP, static leases only on 192.168.120.16, lease time 1h
Jun 22 03:23:36 gtw01 dnsmasq[6994]: read /var/lib/neutron/dhcp/72f7140e-37b6-405a-9f9a-a5e0cece198d/addn_hosts - 5 addresses
Jun 22 03:23:36 gtw01 dnsmasq-dhcp[6994]: read /var/lib/neutron/dhcp/72f7140e-37b6-405a-9f9a-a5e0cece198d/host
Jun 22 03:23:36 gtw01 dnsmasq-dhcp[6994]: read /var/lib/neutron/dhcp/72f7140e-37b6-405a-9f9a-a5e0cece198d/opts
Jun 22 03:23:37 gtw01 dnsmasq[6483]: read /var/lib/neutron/dhcp/c200033f-e339-4008-b480-06e404829c77/addn_hosts - 2 addresses
Jun 22 03:23:37 gtw01 dnsmasq-dhcp[6483]: read /var/lib/neutron/dhcp/c200033f-e339-4008-b480-06e404829c77/host
Jun 22 03:23:37 gtw01 dnsmasq-dhcp[6483]: read /var/lib/neutron/dhcp/c200033f-e339-4008-b480-06e404829c77/opts
Jun 22 03:23:37 gtw01 dnsmasq[6994]: read /var/lib/neutron/dhcp/72f7140e-37b6-405a-9f9a-a5e0cece198d/addn_hosts - 7 addresses
Jun 22 03:23:37 gtw01 dnsmasq-dhcp[6994]: read /var/lib/neutron/dhcp/72f7140e-37b6-405a-9f9a-a5e0cece198d/host
Jun 22 03:23:37 gtw01 dnsmasq-dhcp[6994]: read /var/lib/neutron/dhcp/72f7140e-37b6-405a-9f9a-a5e0cece198d/opts
Jun 22 03:23:38 gtw01 dnsmasq-dhcp[6994]: DHCPRELEASE(tapf06a57f6-61) 192.168.120.6 fa:16:3e:ce:e9:ff unknown lease
Jun 22 03:23:38 gtw01 kernel: [ 2807.861773] device tap993a4fa3-d6 left promiscuous mode
Jun 22 03:23:39 gtw01 dnsmasq-dhcp[6994]: DHCPRELEASE(tapf06a57f6-61) 192.168.120.9 fa:16:3e:ce:e9:ff
Jun 22 03:23:39 gtw01 systemd-udevd[7089]: Could not generate persistent MAC address for tapcd26097c-b5: No such file or directory
Jun 22 03:23:39 gtw01 kernel: [ 2808.073018] device tapcd26097c-b5 entered promiscuous mode
Jun 22 03:23:39 gtw01 systemd-udevd[7134]: Process '/sbin/ip link set tapcd26097c-b5 txqueuelen 10000' failed with exit code 1.
Jun 22 03:23:39 gtw01 dnsmasq-dhcp[6994]: DHCPRELEASE(tapf06a57f6-61) 192.168.120.6 fa:16:3e:ce:e9:ff
Jun 22 03:23:40 gtw01 dnsmasq[6994]: read /var/lib/neutron/dhcp/72f7140e-37b6-405a-9f9a-a5e0cece198d/addn_hosts - 5 addresses
Jun 22 03:23:40 gtw01 dnsmasq-dhcp[6994]: read /var/lib/neutron/dhcp/72f7140e-37b6-405a-9f9a-a5e0cece198d/host
Jun 22 03:23:40 gtw01 dnsmasq-dhcp[6994]: read /var/lib/neutron/dhcp/72f7140e-37b6-405a-9f9a-a5e0cece198d/opts
Jun 22 03:23:41 gtw01 dnsmasq[6994]: read /var/lib/neutron/dhcp/72f7140e-37b6-405a-9f9a-a5e0cece198d/addn_hosts - 6 addresses
Jun 22 03:23:41 gtw01 dnsmasq-dhcp[6994]: read /var/lib/neutron/dhcp/72f7140e-37b6-405a-9f9a-a5e0cece198d/host
Jun 22 03:23:41 gtw01 dnsmasq-dhcp[6994]: read /var/lib/neutron/dhcp/72f7140e-37b6-405a-9f9a-a5e0cece198d/opts
Jun 22 03:23:42 gtw01 dnsmasq[6994]: read /var/lib/neutron/dhcp/72f7140e-37b6-405a-9f9a-a5e0cece198d/addn_hosts - 6 addresses
Jun 22 03:23:42 gtw01 dnsmasq-dhcp[6994]: read /var/lib/neutron/dhcp/72f7140e-37b6-405a-9f9a-a5e0cece198d/host
Jun 22 03:23:42 gtw01 dnsmasq-dhcp[6994]: read /var/lib/neutron/dhcp/72f7140e-37b6-405a-9f9a-a5e0cece198d/opts
Jun 22 03:23:42 gtw01 dnsmasq[7293]: started, version 2.80 cachesize 150
Jun 22 03:23:42 gtw01 dnsmasq[7293]: DNS service limited to local subnets
Jun 22 03:23:42 gtw01 dnsmasq[7293]: compile time options: IPv6 GNU-getopt DBus i18n IDN DHCP DHCPv6 no-Lua TFTP conntrack ipset auth DNSSEC loop-detect inotify dumpfile
Jun 22 03:23:42 gtw01 dnsmasq[7293]: warning: no upstream servers configured
Jun 22 03:23:42 gtw01 dnsmasq-dhcp[7293]: DHCPv6, static leases only on 2003::, lease time 1h
Jun 22 03:23:42 gtw01 dnsmasq[7293]: read /var/lib/neutron/dhcp/c7ee2fb5-58a2-4adc-8331-d652e1b33d8e/addn_hosts - 1 addresses
Jun 22 03:23:42 gtw01 dnsmasq-dhcp[7293]: read /var/lib/neutron/dhcp/c7ee2fb5-58a2-4adc-8331-d652e1b33d8e/host
Jun 22 03:23:42 gtw01 dnsmasq-dhcp[7293]: read /var/lib/neutron/dhcp/c7ee2fb5-58a2-4adc-8331-d652e1b33d8e/opts
Jun 22 03:23:43 gtw01 dnsmasq[6994]: read /var/lib/neutron/dhcp/72f7140e-37b6-405a-9f9a-a5e0cece198d/addn_hosts - 6 addresses
Jun 22 03:23:43 gtw01 dnsmasq-dhcp[6994]: read /var/lib/neutron/dhcp/72f7140e-37b6-405a-9f9a-a5e0cece198d/host
Jun 22 03:23:43 gtw01 dnsmasq-dhcp[6994]: read /var/lib/neutron/dhcp/72f7140e-37b6-405a-9f9a-a5e0cece198d/opts
Jun 22 03:23:43 gtw01 dnsmasq[7293]: read /var/lib/neutron/dhcp/c7ee2fb5-58a2-4adc-8331-d652e1b33d8e/addn_hosts - 5 addresses
Jun 22 03:23:43 gtw01 dnsmasq-dhcp[7293]: read /var/lib/neutron/dhcp/c7ee2fb5-58a2-4adc-8331-d652e1b33d8e/host
Jun 22 03:23:43 gtw01 dnsmasq-dhcp[7293]: read /var/lib/neutron/dhcp/c7ee2fb5-58a2-4adc-8331-d652e1b33d8e/opts
Jun 22 03:23:44 gtw01 dnsmasq[7293]: read /var/lib/neutron/dhcp/c7ee2fb5-58a2-4adc-8331-d652e1b33d8e/addn_hosts - 5 addresses
Jun 22 03:23:44 gtw01 dnsmasq-dhcp[7293]: read /var/lib/neutron/dhcp/c7ee2fb5-58a2-4adc-8331-d652e1b33d8e/host
Jun 22 03:23:44 gtw01 dnsmasq-dhcp[7293]: read /var/lib/neutron/dhcp/c7ee2fb5-58a2-4adc-8331-d652e1b33d8e/opts
Jun 22 03:23:45 gtw01 dnsmasq[7293]: read /var/lib/neutron/dhcp/c7ee2fb5-58a2-4adc-8331-d652e1b33d8e/addn_hosts - 5 addresses
Jun 22 03:23:45 gtw01 dnsmasq-dhcp[7293]: read /var/lib/neutron/dhcp/c7ee2fb5-58a2-4adc-8331-d652e1b33d8e/host
Jun 22 03:23:45 gtw01 dnsmasq-dhcp[7293]: read /var/lib/neutron/dhcp/c7ee2fb5-58a2-4adc-8331-d652e1b33d8e/opts
Jun 22 03:23:45 gtw01 dnsmasq[7420]: started, version 2.80 cachesize 150
Jun 22 03:23:45 gtw01 dnsmasq[7420]: DNS service limited to local subnets
Jun 22 03:23:45 gtw01 dnsmasq[7420]: compile time options: IPv6 GNU-getopt DBus i18n IDN DHCP DHCPv6 no-Lua TFTP conntrack ipset auth DNSSEC loop-detect inotify dumpfile
Jun 22 03:23:45 gtw01 dnsmasq[7420]: warning: no upstream servers configured
Jun 22 03:23:45 gtw01 dnsmasq-dhcp[7420]: DHCP, static leases only on 192.168.120.16, lease time 1h
Jun 22 03:23:45 gtw01 dnsmasq[7420]: read /var/lib/neutron/dhcp/72f7140e-37b6-405a-9f9a-a5e0cece198d/addn_hosts - 1 addresses
Jun 22 03:23:45 gtw01 dnsmasq-dhcp[7420]: read /var/lib/neutron/dhcp/72f7140e-37b6-405a-9f9a-a5e0cece198d/host
Jun 22 03:23:45 gtw01 dnsmasq-dhcp[7420]: read /var/lib/neutron/dhcp/72f7140e-37b6-405a-9f9a-a5e0cece198d/opts
Jun 22 03:23:46 gtw01 dnsmasq[7293]: read /var/lib/neutron/dhcp/c7ee2fb5-58a2-4adc-8331-d652e1b33d8e/addn_hosts - 5 addresses
Jun 22 03:23:46 gtw01 dnsmasq-dhcp[7293]: read /var/lib/neutron/dhcp/c7ee2fb5-58a2-4adc-8331-d652e1b33d8e/host
Jun 22 03:23:46 gtw01 dnsmasq-dhcp[7293]: read /var/lib/neutron/dhcp/c7ee2fb5-58a2-4adc-8331-d652e1b33d8e/opts
Jun 22 03:23:46 gtw01 kernel: [ 2815.473428] device tapf06a57f6-61 left promiscuous mode
Jun 22 03:23:47 gtw01 dnsmasq[7293]: read /var/lib/neutron/dhcp/c7ee2fb5-58a2-4adc-8331-d652e1b33d8e/addn_hosts - 5 addresses
Jun 22 03:23:47 gtw01 dnsmasq-dhcp[7293]: read /var/lib/neutron/dhcp/c7ee2fb5-58a2-4adc-8331-d652e1b33d8e/host
Jun 22 03:23:47 gtw01 dnsmasq-dhcp[7293]: read /var/lib/neutron/dhcp/c7ee2fb5-58a2-4adc-8331-d652e1b33d8e/opts
Jun 22 03:23:47 gtw01 dnsmasq[7293]: read /var/lib/neutron/dhcp/c7ee2fb5-58a2-4adc-8331-d652e1b33d8e/addn_hosts - 5 addresses
Jun 22 03:23:47 gtw01 dnsmasq-dhcp[7293]: read /var/lib/neutron/dhcp/c7ee2fb5-58a2-4adc-8331-d652e1b33d8e/host
Jun 22 03:23:47 gtw01 dnsmasq-dhcp[7293]: read /var/lib/neutron/dhcp/c7ee2fb5-58a2-4adc-8331-d652e1b33d8e/opts
Jun 22 03:23:48 gtw01 dnsmasq[7293]: read /var/lib/neutron/dhcp/c7ee2fb5-58a2-4adc-8331-d652e1b33d8e/addn_hosts - 6 addresses
Jun 22 03:23:48 gtw01 dnsmasq-dhcp[7293]: read /var/lib/neutron/dhcp/c7ee2fb5-58a2-4adc-8331-d652e1b33d8e/host
Jun 22 03:23:48 gtw01 dnsmasq-dhcp[7293]: read /var/lib/neutron/dhcp/c7ee2fb5-58a2-4adc-8331-d652e1b33d8e/opts
Jun 22 03:23:49 gtw01 dnsmasq[7293]: read /var/lib/neutron/dhcp/c7ee2fb5-58a2-4adc-8331-d652e1b33d8e/addn_hosts - 7 addresses
Jun 22 03:23:49 gtw01 dnsmasq-dhcp[7293]: read /var/lib/neutron/dhcp/c7ee2fb5-58a2-4adc-8331-d652e1b33d8e/host
Jun 22 03:23:49 gtw01 dnsmasq-dhcp[7293]: read /var/lib/neutron/dhcp/c7ee2fb5-58a2-4adc-8331-d652e1b33d8e/opts
Jun 22 03:23:50 gtw01 dnsmasq[7293]: read /var/lib/neutron/dhcp/c7ee2fb5-58a2-4adc-8331-d652e1b33d8e/addn_hosts - 7 addresses
Jun 22 03:23:50 gtw01 dnsmasq-dhcp[7293]: read /var/lib/neutron/dhcp/c7ee2fb5-58a2-4adc-8331-d652e1b33d8e/host
Jun 22 03:23:50 gtw01 dnsmasq-dhcp[7293]: read /var/lib/neutron/dhcp/c7ee2fb5-58a2-4adc-8331-d652e1b33d8e/opts
Jun 22 03:23:51 gtw01 dnsmasq[7293]: read /var/lib/neutron/dhcp/c7ee2fb5-58a2-4adc-8331-d652e1b33d8e/addn_hosts - 7 addresses
Jun 22 03:23:51 gtw01 dnsmasq-dhcp[7293]: read /var/lib/neutron/dhcp/c7ee2fb5-58a2-4adc-8331-d652e1b33d8e/host
Jun 22 03:23:51 gtw01 dnsmasq-dhcp[7293]: read /var/lib/neutron/dhcp/c7ee2fb5-58a2-4adc-8331-d652e1b33d8e/opts
Jun 22 03:23:52 gtw01 dnsmasq[7293]: read /var/lib/neutron/dhcp/c7ee2fb5-58a2-4adc-8331-d652e1b33d8e/addn_hosts - 7 addresses
Jun 22 03:23:52 gtw01 dnsmasq-dhcp[7293]: read /var/lib/neutron/dhcp/c7ee2fb5-58a2-4adc-8331-d652e1b33d8e/host
Jun 22 03:23:52 gtw01 dnsmasq-dhcp[7293]: read /var/lib/neutron/dhcp/c7ee2fb5-58a2-4adc-8331-d652e1b33d8e/opts
Jun 22 03:23:53 gtw01 kernel: [ 2822.158640] device tapcd26097c-b5 left promiscuous mode
Jun 22 03:24:01 gtw01 kernel: [ 2830.278659] device tap567cd5ea-89 entered promiscuous mode
Jun 22 03:24:01 gtw01 systemd-udevd[7662]: Could not generate persistent MAC address for tap567cd5ea-89: No such file or directory
Jun 22 03:24:01 gtw01 systemd-udevd[7662]: Process '/sbin/ip link set tap567cd5ea-89 txqueuelen 10000' failed with exit code 1.
Jun 22 03:24:01 gtw01 systemd-udevd[7714]: Process '/sbin/ip link set tap567cd5ea-89 txqueuelen 10000' failed with exit code 1.
Jun 22 03:24:04 gtw01 dnsmasq[7815]: started, version 2.80 cachesize 150
Jun 22 03:24:04 gtw01 dnsmasq[7815]: DNS service limited to local subnets
Jun 22 03:24:04 gtw01 dnsmasq[7815]: compile time options: IPv6 GNU-getopt DBus i18n IDN DHCP DHCPv6 no-Lua TFTP conntrack ipset auth DNSSEC loop-detect inotify dumpfile
Jun 22 03:24:04 gtw01 dnsmasq[7815]: warning: no upstream servers configured
Jun 22 03:24:04 gtw01 dnsmasq-dhcp[7815]: DHCP, static leases only on 192.168.120.0, lease time 1h
Jun 22 03:24:04 gtw01 dnsmasq[7815]: read /var/lib/neutron/dhcp/11e1633a-32f7-4e48-9003-29e1de15293a/addn_hosts - 1 addresses
Jun 22 03:24:04 gtw01 dnsmasq-dhcp[7815]: read /var/lib/neutron/dhcp/11e1633a-32f7-4e48-9003-29e1de15293a/host
Jun 22 03:24:04 gtw01 dnsmasq-dhcp[7815]: read /var/lib/neutron/dhcp/11e1633a-32f7-4e48-9003-29e1de15293a/opts
Jun 22 03:24:04 gtw01 kernel: [ 2833.649915] device qg-59c29f9f-f8 entered promiscuous mode
Jun 22 03:24:04 gtw01 systemd-udevd[7828]: Could not generate persistent MAC address for qg-59c29f9f-f8: No such file or directory
Jun 22 03:24:04 gtw01 haproxy-metadata-proxy-11e1633a-32f7-4e48-9003-29e1de15293a[7825]: Proxy listener started.
Jun 22 03:24:05 gtw01 kernel: [ 2834.413737] device tap24505d6e-b3 entered promiscuous mode
Jun 22 03:24:05 gtw01 systemd-udevd[7914]: Could not generate persistent MAC address for tap24505d6e-b3: No such file or directory
Jun 22 03:24:05 gtw01 systemd-udevd[7960]: Process '/sbin/ip link set tap24505d6e-b3 txqueuelen 10000' failed with exit code 1.
Jun 22 03:24:06 gtw01 dnsmasq[7815]: read /var/lib/neutron/dhcp/11e1633a-32f7-4e48-9003-29e1de15293a/addn_hosts - 2 addresses
Jun 22 03:24:06 gtw01 dnsmasq-dhcp[7815]: read /var/lib/neutron/dhcp/11e1633a-32f7-4e48-9003-29e1de15293a/host
Jun 22 03:24:06 gtw01 dnsmasq-dhcp[7815]: read /var/lib/neutron/dhcp/11e1633a-32f7-4e48-9003-29e1de15293a/opts
Jun 22 03:24:07 gtw01 dnsmasq[7815]: read /var/lib/neutron/dhcp/11e1633a-32f7-4e48-9003-29e1de15293a/addn_hosts - 2 addresses
Jun 22 03:24:07 gtw01 dnsmasq-dhcp[7815]: read /var/lib/neutron/dhcp/11e1633a-32f7-4e48-9003-29e1de15293a/host
Jun 22 03:24:07 gtw01 dnsmasq-dhcp[7815]: read /var/lib/neutron/dhcp/11e1633a-32f7-4e48-9003-29e1de15293a/opts
Jun 22 03:24:08 gtw01 dnsmasq[7815]: read /var/lib/neutron/dhcp/11e1633a-32f7-4e48-9003-29e1de15293a/addn_hosts - 2 addresses
Jun 22 03:24:08 gtw01 dnsmasq-dhcp[7815]: read /var/lib/neutron/dhcp/11e1633a-32f7-4e48-9003-29e1de15293a/host
Jun 22 03:24:08 gtw01 dnsmasq-dhcp[7815]: read /var/lib/neutron/dhcp/11e1633a-32f7-4e48-9003-29e1de15293a/opts
Jun 22 03:24:09 gtw01 dnsmasq[8218]: started, version 2.80 cachesize 150
Jun 22 03:24:09 gtw01 dnsmasq[8218]: DNS service limited to local subnets
Jun 22 03:24:09 gtw01 dnsmasq[8218]: compile time options: IPv6 GNU-getopt DBus i18n IDN DHCP DHCPv6 no-Lua TFTP conntrack ipset auth DNSSEC loop-detect inotify dumpfile
Jun 22 03:24:09 gtw01 dnsmasq[8218]: warning: no upstream servers configured
Jun 22 03:24:09 gtw01 dnsmasq-dhcp[8218]: DHCP, static leases only on 192.168.120.16, lease time 1h
Jun 22 03:24:09 gtw01 dnsmasq[8218]: read /var/lib/neutron/dhcp/d0eb51b4-3633-4c99-9c01-2407af1eb417/addn_hosts - 1 addresses
Jun 22 03:24:09 gtw01 dnsmasq-dhcp[8218]: read /var/lib/neutron/dhcp/d0eb51b4-3633-4c99-9c01-2407af1eb417/host
Jun 22 03:24:09 gtw01 dnsmasq-dhcp[8218]: read /var/lib/neutron/dhcp/d0eb51b4-3633-4c99-9c01-2407af1eb417/opts
Jun 22 03:24:09 gtw01 dnsmasq[7815]: read /var/lib/neutron/dhcp/11e1633a-32f7-4e48-9003-29e1de15293a/addn_hosts - 2 addresses
Jun 22 03:24:09 gtw01 dnsmasq-dhcp[7815]: read /var/lib/neutron/dhcp/11e1633a-32f7-4e48-9003-29e1de15293a/host
Jun 22 03:24:09 gtw01 dnsmasq-dhcp[7815]: read /var/lib/neutron/dhcp/11e1633a-32f7-4e48-9003-29e1de15293a/opts
Jun 22 03:24:09 gtw01 haproxy-metadata-proxy-d0eb51b4-3633-4c99-9c01-2407af1eb417[8232]: Proxy listener started.
Jun 22 03:24:10 gtw01 dnsmasq[8218]: read /var/lib/neutron/dhcp/d0eb51b4-3633-4c99-9c01-2407af1eb417/addn_hosts - 2 addresses
Jun 22 03:24:10 gtw01 dnsmasq-dhcp[8218]: read /var/lib/neutron/dhcp/d0eb51b4-3633-4c99-9c01-2407af1eb417/host
Jun 22 03:24:10 gtw01 dnsmasq-dhcp[8218]: read /var/lib/neutron/dhcp/d0eb51b4-3633-4c99-9c01-2407af1eb417/opts
Jun 22 03:24:11 gtw01 dnsmasq[8218]: read /var/lib/neutron/dhcp/d0eb51b4-3633-4c99-9c01-2407af1eb417/addn_hosts - 2 addresses
Jun 22 03:24:11 gtw01 dnsmasq-dhcp[8218]: read /var/lib/neutron/dhcp/d0eb51b4-3633-4c99-9c01-2407af1eb417/host
Jun 22 03:24:11 gtw01 dnsmasq-dhcp[8218]: read /var/lib/neutron/dhcp/d0eb51b4-3633-4c99-9c01-2407af1eb417/opts
Jun 22 03:24:11 gtw01 haproxy-metadata-proxy-24b54428-cc05-4cca-a6b4-16b9e14470f1[8350]: Proxy listener started.
Jun 22 03:24:11 gtw01 haproxy-metadata-proxy-d3f3ac0a-2872-498b-ab47-36c62c155e9d[8351]: Proxy listener started.
Jun 22 03:24:12 gtw01 dnsmasq[8218]: read /var/lib/neutron/dhcp/d0eb51b4-3633-4c99-9c01-2407af1eb417/addn_hosts - 3 addresses
Jun 22 03:24:12 gtw01 dnsmasq-dhcp[8218]: read /var/lib/neutron/dhcp/d0eb51b4-3633-4c99-9c01-2407af1eb417/host
Jun 22 03:24:12 gtw01 dnsmasq-dhcp[8218]: read /var/lib/neutron/dhcp/d0eb51b4-3633-4c99-9c01-2407af1eb417/opts
Jun 22 03:24:12 gtw01 kernel: [ 2841.687326] device qg-59c29f9f-f8 left promiscuous mode
Jun 22 03:24:13 gtw01 dnsmasq[8218]: read /var/lib/neutron/dhcp/d0eb51b4-3633-4c99-9c01-2407af1eb417/addn_hosts - 3 addresses
Jun 22 03:24:13 gtw01 dnsmasq-dhcp[8218]: read /var/lib/neutron/dhcp/d0eb51b4-3633-4c99-9c01-2407af1eb417/host
Jun 22 03:24:13 gtw01 dnsmasq-dhcp[8218]: read /var/lib/neutron/dhcp/d0eb51b4-3633-4c99-9c01-2407af1eb417/opts
Jun 22 03:24:14 gtw01 dnsmasq[8218]: read /var/lib/neutron/dhcp/d0eb51b4-3633-4c99-9c01-2407af1eb417/addn_hosts - 3 addresses
Jun 22 03:24:14 gtw01 dnsmasq-dhcp[8218]: read /var/lib/neutron/dhcp/d0eb51b4-3633-4c99-9c01-2407af1eb417/host
Jun 22 03:24:14 gtw01 dnsmasq-dhcp[8218]: read /var/lib/neutron/dhcp/d0eb51b4-3633-4c99-9c01-2407af1eb417/opts
Jun 22 03:24:14 gtw01 kernel: [ 2843.262187] device tap361cbb11-6b entered promiscuous mode
Jun 22 03:24:14 gtw01 systemd-udevd[8478]: Could not generate persistent MAC address for tap361cbb11-6b: No such file or directory
Jun 22 03:24:14 gtw01 systemd-udevd[8528]: Process '/sbin/ip link set tap361cbb11-6b txqueuelen 10000' failed with exit code 1.
Jun 22 03:24:15 gtw01 systemd-udevd[8573]: Could not generate persistent MAC address for tapb1bbe52b-de: No such file or directory
Jun 22 03:24:15 gtw01 kernel: [ 2843.915915] device tapb1bbe52b-de entered promiscuous mode
Jun 22 03:24:15 gtw01 systemd-udevd[8573]: Process '/sbin/ip link set tapb1bbe52b-de txqueuelen 10000' failed with exit code 1.
Jun 22 03:24:15 gtw01 systemd-udevd[8573]: Process '/sbin/ip link set tapb1bbe52b-de txqueuelen 10000' failed with exit code 1.
Jun 22 03:24:15 gtw01 dnsmasq[8218]: read /var/lib/neutron/dhcp/d0eb51b4-3633-4c99-9c01-2407af1eb417/addn_hosts - 2 addresses
Jun 22 03:24:15 gtw01 dnsmasq-dhcp[8218]: read /var/lib/neutron/dhcp/d0eb51b4-3633-4c99-9c01-2407af1eb417/host
Jun 22 03:24:15 gtw01 dnsmasq-dhcp[8218]: read /var/lib/neutron/dhcp/d0eb51b4-3633-4c99-9c01-2407af1eb417/opts
Jun 22 03:24:16 gtw01 systemd-udevd[8735]: Could not generate persistent MAC address for qg-9331d6f7-32: No such file or directory
Jun 22 03:24:16 gtw01 kernel: [ 2845.627536] device qg-9331d6f7-32 entered promiscuous mode
Jun 22 03:24:18 gtw01 dnsmasq[8886]: started, version 2.80 cachesize 150
Jun 22 03:24:18 gtw01 dnsmasq[8886]: DNS service limited to local subnets
Jun 22 03:24:18 gtw01 dnsmasq[8886]: compile time options: IPv6 GNU-getopt DBus i18n IDN DHCP DHCPv6 no-Lua TFTP conntrack ipset auth DNSSEC loop-detect inotify dumpfile
Jun 22 03:24:18 gtw01 dnsmasq[8886]: warning: no upstream servers configured
Jun 22 03:24:18 gtw01 dnsmasq-dhcp[8886]: DHCP, static leases only on 192.168.120.32, lease time 1h
Jun 22 03:24:18 gtw01 dnsmasq[8886]: read /var/lib/neutron/dhcp/1fb72e65-df48-4a2a-97ba-a148149ad38a/addn_hosts - 1 addresses
Jun 22 03:24:18 gtw01 dnsmasq-dhcp[8886]: read /var/lib/neutron/dhcp/1fb72e65-df48-4a2a-97ba-a148149ad38a/host
Jun 22 03:24:18 gtw01 dnsmasq-dhcp[8886]: read /var/lib/neutron/dhcp/1fb72e65-df48-4a2a-97ba-a148149ad38a/opts
Jun 22 03:24:18 gtw01 haproxy-metadata-proxy-1fb72e65-df48-4a2a-97ba-a148149ad38a[8906]: Proxy listener started.
Jun 22 03:24:18 gtw01 systemd-udevd[8937]: Could not generate persistent MAC address for tap2c21fecf-5c: No such file or directory
Jun 22 03:24:18 gtw01 kernel: [ 2847.612947] device tap2c21fecf-5c entered promiscuous mode
Jun 22 03:24:18 gtw01 dnsmasq[8969]: started, version 2.80 cachesize 150
Jun 22 03:24:18 gtw01 dnsmasq[8969]: DNS service limited to local subnets
Jun 22 03:24:18 gtw01 dnsmasq[8969]: compile time options: IPv6 GNU-getopt DBus i18n IDN DHCP DHCPv6 no-Lua TFTP conntrack ipset auth DNSSEC loop-detect inotify dumpfile
Jun 22 03:24:18 gtw01 dnsmasq[8969]: warning: no upstream servers configured
Jun 22 03:24:18 gtw01 dnsmasq-dhcp[8969]: DHCP, static leases only on 192.168.120.0, lease time 1h
Jun 22 03:24:18 gtw01 systemd-udevd[8937]: Process '/sbin/ip link set tap2c21fecf-5c txqueuelen 10000' failed with exit code 1.
Jun 22 03:24:18 gtw01 dnsmasq[8969]: read /var/lib/neutron/dhcp/0bdcccff-c3bc-489a-b932-4f1a6b095ba4/addn_hosts - 1 addresses
Jun 22 03:24:18 gtw01 dnsmasq-dhcp[8969]: read /var/lib/neutron/dhcp/0bdcccff-c3bc-489a-b932-4f1a6b095ba4/host
Jun 22 03:24:18 gtw01 dnsmasq-dhcp[8969]: read /var/lib/neutron/dhcp/0bdcccff-c3bc-489a-b932-4f1a6b095ba4/opts
Jun 22 03:24:18 gtw01 systemd-udevd[8995]: Process '/sbin/ip link set tap2c21fecf-5c txqueuelen 10000' failed with exit code 1.
Jun 22 03:24:19 gtw01 haproxy-metadata-proxy-0bdcccff-c3bc-489a-b932-4f1a6b095ba4[9030]: Proxy listener started.
Jun 22 03:24:19 gtw01 dnsmasq[8886]: read /var/lib/neutron/dhcp/1fb72e65-df48-4a2a-97ba-a148149ad38a/addn_hosts - 2 addresses
Jun 22 03:24:19 gtw01 dnsmasq-dhcp[8886]: read /var/lib/neutron/dhcp/1fb72e65-df48-4a2a-97ba-a148149ad38a/host
Jun 22 03:24:19 gtw01 dnsmasq-dhcp[8886]: read /var/lib/neutron/dhcp/1fb72e65-df48-4a2a-97ba-a148149ad38a/opts
Jun 22 03:24:20 gtw01 dnsmasq[8969]: read /var/lib/neutron/dhcp/0bdcccff-c3bc-489a-b932-4f1a6b095ba4/addn_hosts - 3 addresses
Jun 22 03:24:20 gtw01 dnsmasq-dhcp[8969]: read /var/lib/neutron/dhcp/0bdcccff-c3bc-489a-b932-4f1a6b095ba4/host
Jun 22 03:24:20 gtw01 dnsmasq-dhcp[8969]: read /var/lib/neutron/dhcp/0bdcccff-c3bc-489a-b932-4f1a6b095ba4/opts
Jun 22 03:24:20 gtw01 dnsmasq[8886]: read /var/lib/neutron/dhcp/1fb72e65-df48-4a2a-97ba-a148149ad38a/addn_hosts - 2 addresses
Jun 22 03:24:20 gtw01 dnsmasq-dhcp[8886]: read /var/lib/neutron/dhcp/1fb72e65-df48-4a2a-97ba-a148149ad38a/host
Jun 22 03:24:20 gtw01 dnsmasq-dhcp[8886]: read /var/lib/neutron/dhcp/1fb72e65-df48-4a2a-97ba-a148149ad38a/opts
Jun 22 03:24:21 gtw01 dnsmasq[8969]: read /var/lib/neutron/dhcp/0bdcccff-c3bc-489a-b932-4f1a6b095ba4/addn_hosts - 3 addresses
Jun 22 03:24:21 gtw01 dnsmasq-dhcp[8969]: read /var/lib/neutron/dhcp/0bdcccff-c3bc-489a-b932-4f1a6b095ba4/host
Jun 22 03:24:21 gtw01 dnsmasq-dhcp[8969]: read /var/lib/neutron/dhcp/0bdcccff-c3bc-489a-b932-4f1a6b095ba4/opts
Jun 22 03:24:21 gtw01 systemd-udevd[9250]: Could not generate persistent MAC address for tap4e8c0811-21: No such file or directory
Jun 22 03:24:21 gtw01 kernel: [ 2850.839966] device tap4e8c0811-21 entered promiscuous mode
Jun 22 03:24:22 gtw01 systemd-udevd[9304]: Process '/sbin/ip link set tap4e8c0811-21 txqueuelen 10000' failed with exit code 1.
Jun 22 03:24:22 gtw01 dnsmasq[8886]: read /var/lib/neutron/dhcp/1fb72e65-df48-4a2a-97ba-a148149ad38a/addn_hosts - 2 addresses
Jun 22 03:24:22 gtw01 dnsmasq-dhcp[8886]: read /var/lib/neutron/dhcp/1fb72e65-df48-4a2a-97ba-a148149ad38a/host
Jun 22 03:24:22 gtw01 dnsmasq-dhcp[8886]: read /var/lib/neutron/dhcp/1fb72e65-df48-4a2a-97ba-a148149ad38a/opts
Jun 22 03:24:23 gtw01 dnsmasq[8969]: read /var/lib/neutron/dhcp/0bdcccff-c3bc-489a-b932-4f1a6b095ba4/addn_hosts - 3 addresses
Jun 22 03:24:23 gtw01 dnsmasq-dhcp[8969]: read /var/lib/neutron/dhcp/0bdcccff-c3bc-489a-b932-4f1a6b095ba4/host
Jun 22 03:24:23 gtw01 dnsmasq-dhcp[8969]: read /var/lib/neutron/dhcp/0bdcccff-c3bc-489a-b932-4f1a6b095ba4/opts
Jun 22 03:24:23 gtw01 haproxy-metadata-proxy-708565cf-0fea-4d3b-b8c2-dd4338857685[9422]: Proxy listener started.
Jun 22 03:24:23 gtw01 dnsmasq[9466]: started, version 2.80 cachesize 150
Jun 22 03:24:23 gtw01 dnsmasq[9466]: DNS service limited to local subnets
Jun 22 03:24:23 gtw01 dnsmasq[9466]: compile time options: IPv6 GNU-getopt DBus i18n IDN DHCP DHCPv6 no-Lua TFTP conntrack ipset auth DNSSEC loop-detect inotify dumpfile
Jun 22 03:24:23 gtw01 dnsmasq[9466]: warning: no upstream servers configured
Jun 22 03:24:23 gtw01 dnsmasq-dhcp[9466]: DHCP, static leases only on 192.168.120.48, lease time 1h
Jun 22 03:24:23 gtw01 dnsmasq[9466]: read /var/lib/neutron/dhcp/50e8d324-0ed2-4502-97cd-5b6ddeaaa933/addn_hosts - 1 addresses
Jun 22 03:24:23 gtw01 dnsmasq-dhcp[9466]: read /var/lib/neutron/dhcp/50e8d324-0ed2-4502-97cd-5b6ddeaaa933/host
Jun 22 03:24:23 gtw01 dnsmasq-dhcp[9466]: read /var/lib/neutron/dhcp/50e8d324-0ed2-4502-97cd-5b6ddeaaa933/opts
Jun 22 03:24:24 gtw01 systemd-udevd[9474]: Could not generate persistent MAC address for tap605027b9-db: No such file or directory
Jun 22 03:24:24 gtw01 kernel: [ 2852.911999] device tap605027b9-db entered promiscuous mode
Jun 22 03:24:24 gtw01 systemd-udevd[9537]: Process '/sbin/ip link set tap605027b9-db txqueuelen 10000' failed with exit code 1.
Jun 22 03:24:24 gtw01 haproxy-metadata-proxy-50e8d324-0ed2-4502-97cd-5b6ddeaaa933[9536]: Proxy listener started.
Jun 22 03:24:24 gtw01 dnsmasq[8886]: read /var/lib/neutron/dhcp/1fb72e65-df48-4a2a-97ba-a148149ad38a/addn_hosts - 2 addresses
Jun 22 03:24:24 gtw01 dnsmasq-dhcp[8886]: read /var/lib/neutron/dhcp/1fb72e65-df48-4a2a-97ba-a148149ad38a/host
Jun 22 03:24:24 gtw01 dnsmasq-dhcp[8886]: read /var/lib/neutron/dhcp/1fb72e65-df48-4a2a-97ba-a148149ad38a/opts
Jun 22 03:24:24 gtw01 haproxy-metadata-proxy-3f65625f-3ea5-4e4b-9a16-f340800febfe[9569]: Proxy listener started.
Jun 22 03:24:24 gtw01 dnsmasq[8969]: read /var/lib/neutron/dhcp/0bdcccff-c3bc-489a-b932-4f1a6b095ba4/addn_hosts - 3 addresses
Jun 22 03:24:24 gtw01 dnsmasq-dhcp[8969]: read /var/lib/neutron/dhcp/0bdcccff-c3bc-489a-b932-4f1a6b095ba4/host
Jun 22 03:24:24 gtw01 dnsmasq-dhcp[8969]: read /var/lib/neutron/dhcp/0bdcccff-c3bc-489a-b932-4f1a6b095ba4/opts
Jun 22 03:24:25 gtw01 dnsmasq[9466]: read /var/lib/neutron/dhcp/50e8d324-0ed2-4502-97cd-5b6ddeaaa933/addn_hosts - 2 addresses
Jun 22 03:24:25 gtw01 dnsmasq-dhcp[9466]: read /var/lib/neutron/dhcp/50e8d324-0ed2-4502-97cd-5b6ddeaaa933/host
Jun 22 03:24:25 gtw01 dnsmasq-dhcp[9466]: read /var/lib/neutron/dhcp/50e8d324-0ed2-4502-97cd-5b6ddeaaa933/opts
Jun 22 03:24:25 gtw01 systemd-udevd[9682]: Could not generate persistent MAC address for tap0fc8e907-2a: No such file or directory
Jun 22 03:24:25 gtw01 kernel: [ 2854.751988] device tap0fc8e907-2a entered promiscuous mode
Jun 22 03:24:25 gtw01 kernel: [ 2854.756091] device qg-9331d6f7-32 left promiscuous mode
Jun 22 03:24:25 gtw01 systemd-udevd[9731]: Process '/sbin/ip link set tap0fc8e907-2a txqueuelen 10000' failed with exit code 1.
Jun 22 03:24:26 gtw01 dnsmasq[8969]: read /var/lib/neutron/dhcp/0bdcccff-c3bc-489a-b932-4f1a6b095ba4/addn_hosts - 3 addresses
Jun 22 03:24:26 gtw01 dnsmasq-dhcp[8969]: read /var/lib/neutron/dhcp/0bdcccff-c3bc-489a-b932-4f1a6b095ba4/host
Jun 22 03:24:26 gtw01 dnsmasq-dhcp[8969]: read /var/lib/neutron/dhcp/0bdcccff-c3bc-489a-b932-4f1a6b095ba4/opts
Jun 22 03:24:27 gtw01 dnsmasq[9466]: read /var/lib/neutron/dhcp/50e8d324-0ed2-4502-97cd-5b6ddeaaa933/addn_hosts - 2 addresses
Jun 22 03:24:27 gtw01 dnsmasq-dhcp[9466]: read /var/lib/neutron/dhcp/50e8d324-0ed2-4502-97cd-5b6ddeaaa933/host
Jun 22 03:24:27 gtw01 dnsmasq-dhcp[9466]: read /var/lib/neutron/dhcp/50e8d324-0ed2-4502-97cd-5b6ddeaaa933/opts
Jun 22 03:24:27 gtw01 dnsmasq[9895]: started, version 2.80 cachesize 150
Jun 22 03:24:27 gtw01 dnsmasq[9895]: DNS service limited to local subnets
Jun 22 03:24:27 gtw01 dnsmasq[9895]: compile time options: IPv6 GNU-getopt DBus i18n IDN DHCP DHCPv6 no-Lua TFTP conntrack ipset auth DNSSEC loop-detect inotify dumpfile
Jun 22 03:24:27 gtw01 dnsmasq[9895]: warning: no upstream servers configured
Jun 22 03:24:27 gtw01 dnsmasq-dhcp[9895]: DHCP, static leases only on 192.168.120.0, lease time 1h
Jun 22 03:24:27 gtw01 dnsmasq[9895]: read /var/lib/neutron/dhcp/6f0df93d-bb57-4fba-bfdf-ce282a49dd11/addn_hosts - 1 addresses
Jun 22 03:24:27 gtw01 dnsmasq-dhcp[9895]: read /var/lib/neutron/dhcp/6f0df93d-bb57-4fba-bfdf-ce282a49dd11/host
Jun 22 03:24:27 gtw01 dnsmasq-dhcp[9895]: read /var/lib/neutron/dhcp/6f0df93d-bb57-4fba-bfdf-ce282a49dd11/opts
Jun 22 03:24:27 gtw01 dnsmasq[8969]: read /var/lib/neutron/dhcp/0bdcccff-c3bc-489a-b932-4f1a6b095ba4/addn_hosts - 3 addresses
Jun 22 03:24:27 gtw01 dnsmasq-dhcp[8969]: read /var/lib/neutron/dhcp/0bdcccff-c3bc-489a-b932-4f1a6b095ba4/host
Jun 22 03:24:27 gtw01 dnsmasq-dhcp[8969]: read /var/lib/neutron/dhcp/0bdcccff-c3bc-489a-b932-4f1a6b095ba4/opts
Jun 22 03:24:28 gtw01 haproxy-metadata-proxy-6f0df93d-bb57-4fba-bfdf-ce282a49dd11[9928]: Proxy listener started.
Jun 22 03:24:28 gtw01 dnsmasq[9466]: read /var/lib/neutron/dhcp/50e8d324-0ed2-4502-97cd-5b6ddeaaa933/addn_hosts - 2 addresses
Jun 22 03:24:28 gtw01 dnsmasq-dhcp[9466]: read /var/lib/neutron/dhcp/50e8d324-0ed2-4502-97cd-5b6ddeaaa933/host
Jun 22 03:24:28 gtw01 dnsmasq-dhcp[9466]: read /var/lib/neutron/dhcp/50e8d324-0ed2-4502-97cd-5b6ddeaaa933/opts
Jun 22 03:24:28 gtw01 kernel: [ 2857.707969] device tap5d59c1ad-62 entered promiscuous mode
Jun 22 03:24:28 gtw01 systemd-udevd[9972]: Could not generate persistent MAC address for tap5d59c1ad-62: No such file or directory
Jun 22 03:24:29 gtw01 systemd-udevd[10039]: Process '/sbin/ip link set tap5d59c1ad-62 txqueuelen 10000' failed with exit code 1.
Jun 22 03:24:29 gtw01 kernel: [ 2858.080243] device tap4e8c0811-21 left promiscuous mode
Jun 22 03:24:29 gtw01 dnsmasq[8969]: read /var/lib/neutron/dhcp/0bdcccff-c3bc-489a-b932-4f1a6b095ba4/addn_hosts - 3 addresses
Jun 22 03:24:29 gtw01 dnsmasq-dhcp[8969]: read /var/lib/neutron/dhcp/0bdcccff-c3bc-489a-b932-4f1a6b095ba4/host
Jun 22 03:24:29 gtw01 dnsmasq-dhcp[8969]: read /var/lib/neutron/dhcp/0bdcccff-c3bc-489a-b932-4f1a6b095ba4/opts
Jun 22 03:24:29 gtw01 dnsmasq[10084]: started, version 2.80 cachesize 150
Jun 22 03:24:29 gtw01 dnsmasq[10084]: DNS service limited to local subnets
Jun 22 03:24:29 gtw01 dnsmasq[10084]: compile time options: IPv6 GNU-getopt DBus i18n IDN DHCP DHCPv6 no-Lua TFTP conntrack ipset auth DNSSEC loop-detect inotify dumpfile
Jun 22 03:24:29 gtw01 dnsmasq[10084]: warning: no upstream servers configured
Jun 22 03:24:29 gtw01 dnsmasq-dhcp[10084]: DHCP, static leases only on 192.168.120.64, lease time 1h
Jun 22 03:24:29 gtw01 dnsmasq[10084]: read /var/lib/neutron/dhcp/ed85e12b-22df-4c34-8686-0e1663076608/addn_hosts - 1 addresses
Jun 22 03:24:29 gtw01 dnsmasq-dhcp[10084]: read /var/lib/neutron/dhcp/ed85e12b-22df-4c34-8686-0e1663076608/host
Jun 22 03:24:29 gtw01 dnsmasq-dhcp[10084]: read /var/lib/neutron/dhcp/ed85e12b-22df-4c34-8686-0e1663076608/opts
Jun 22 03:24:29 gtw01 dnsmasq[9466]: read /var/lib/neutron/dhcp/50e8d324-0ed2-4502-97cd-5b6ddeaaa933/addn_hosts - 2 addresses
Jun 22 03:24:29 gtw01 dnsmasq-dhcp[9466]: read /var/lib/neutron/dhcp/50e8d324-0ed2-4502-97cd-5b6ddeaaa933/host
Jun 22 03:24:29 gtw01 dnsmasq-dhcp[9466]: read /var/lib/neutron/dhcp/50e8d324-0ed2-4502-97cd-5b6ddeaaa933/opts
Jun 22 03:24:29 gtw01 haproxy-metadata-proxy-ed85e12b-22df-4c34-8686-0e1663076608[10107]: Proxy listener started.
Jun 22 03:24:30 gtw01 dnsmasq[8969]: read /var/lib/neutron/dhcp/0bdcccff-c3bc-489a-b932-4f1a6b095ba4/addn_hosts - 3 addresses
Jun 22 03:24:30 gtw01 dnsmasq-dhcp[8969]: read /var/lib/neutron/dhcp/0bdcccff-c3bc-489a-b932-4f1a6b095ba4/host
Jun 22 03:24:30 gtw01 dnsmasq-dhcp[8969]: read /var/lib/neutron/dhcp/0bdcccff-c3bc-489a-b932-4f1a6b095ba4/opts
Jun 22 03:24:30 gtw01 dnsmasq[10168]: started, version 2.80 cachesize 150
Jun 22 03:24:30 gtw01 dnsmasq[10168]: DNS service limited to local subnets
Jun 22 03:24:30 gtw01 dnsmasq[10168]: compile time options: IPv6 GNU-getopt DBus i18n IDN DHCP DHCPv6 no-Lua TFTP conntrack ipset auth DNSSEC loop-detect inotify dumpfile
Jun 22 03:24:30 gtw01 dnsmasq[10168]: warning: no upstream servers configured
Jun 22 03:24:30 gtw01 dnsmasq-dhcp[10168]: DHCP, static leases only on 192.168.120.80, lease time 1h
Jun 22 03:24:30 gtw01 dnsmasq[10168]: read /var/lib/neutron/dhcp/fb010602-bd4c-4df5-91f0-91dc050a0945/addn_hosts - 1 addresses
Jun 22 03:24:30 gtw01 dnsmasq-dhcp[10168]: read /var/lib/neutron/dhcp/fb010602-bd4c-4df5-91f0-91dc050a0945/host
Jun 22 03:24:30 gtw01 dnsmasq-dhcp[10168]: read /var/lib/neutron/dhcp/fb010602-bd4c-4df5-91f0-91dc050a0945/opts
Jun 22 03:24:31 gtw01 haproxy-metadata-proxy-fb010602-bd4c-4df5-91f0-91dc050a0945[10182]: Proxy listener started.
Jun 22 03:24:31 gtw01 dnsmasq[8969]: read /var/lib/neutron/dhcp/0bdcccff-c3bc-489a-b932-4f1a6b095ba4/addn_hosts - 3 addresses
Jun 22 03:24:31 gtw01 dnsmasq-dhcp[8969]: read /var/lib/neutron/dhcp/0bdcccff-c3bc-489a-b932-4f1a6b095ba4/host
Jun 22 03:24:31 gtw01 dnsmasq-dhcp[8969]: read /var/lib/neutron/dhcp/0bdcccff-c3bc-489a-b932-4f1a6b095ba4/opts
Jun 22 03:24:31 gtw01 systemd-udevd[10250]: Could not generate persistent MAC address for tapb7d1c5cc-1b: No such file or directory
Jun 22 03:24:31 gtw01 kernel: [ 2860.672082] device tapb7d1c5cc-1b entered promiscuous mode
Jun 22 03:24:31 gtw01 dnsmasq[10084]: read /var/lib/neutron/dhcp/ed85e12b-22df-4c34-8686-0e1663076608/addn_hosts - 2 addresses
Jun 22 03:24:31 gtw01 dnsmasq-dhcp[10084]: read /var/lib/neutron/dhcp/ed85e12b-22df-4c34-8686-0e1663076608/host
Jun 22 03:24:31 gtw01 dnsmasq-dhcp[10084]: read /var/lib/neutron/dhcp/ed85e12b-22df-4c34-8686-0e1663076608/opts
Jun 22 03:24:31 gtw01 systemd-udevd[10298]: Process '/sbin/ip link set tapb7d1c5cc-1b txqueuelen 10000' failed with exit code 1.
Jun 22 03:24:31 gtw01 dnsmasq[10168]: read /var/lib/neutron/dhcp/fb010602-bd4c-4df5-91f0-91dc050a0945/addn_hosts - 2 addresses
Jun 22 03:24:31 gtw01 dnsmasq-dhcp[10168]: read /var/lib/neutron/dhcp/fb010602-bd4c-4df5-91f0-91dc050a0945/host
Jun 22 03:24:31 gtw01 dnsmasq-dhcp[10168]: read /var/lib/neutron/dhcp/fb010602-bd4c-4df5-91f0-91dc050a0945/opts
Jun 22 03:24:32 gtw01 dnsmasq[8969]: read /var/lib/neutron/dhcp/0bdcccff-c3bc-489a-b932-4f1a6b095ba4/addn_hosts - 2 addresses
Jun 22 03:24:32 gtw01 dnsmasq-dhcp[8969]: read /var/lib/neutron/dhcp/0bdcccff-c3bc-489a-b932-4f1a6b095ba4/host
Jun 22 03:24:32 gtw01 dnsmasq-dhcp[8969]: read /var/lib/neutron/dhcp/0bdcccff-c3bc-489a-b932-4f1a6b095ba4/opts
Jun 22 03:24:33 gtw01 dnsmasq[10084]: read /var/lib/neutron/dhcp/ed85e12b-22df-4c34-8686-0e1663076608/addn_hosts - 2 addresses
Jun 22 03:24:33 gtw01 dnsmasq-dhcp[10084]: read /var/lib/neutron/dhcp/ed85e12b-22df-4c34-8686-0e1663076608/host
Jun 22 03:24:33 gtw01 dnsmasq-dhcp[10084]: read /var/lib/neutron/dhcp/ed85e12b-22df-4c34-8686-0e1663076608/opts
Jun 22 03:24:33 gtw01 dnsmasq[10168]: read /var/lib/neutron/dhcp/fb010602-bd4c-4df5-91f0-91dc050a0945/addn_hosts - 2 addresses
Jun 22 03:24:33 gtw01 dnsmasq-dhcp[10168]: read /var/lib/neutron/dhcp/fb010602-bd4c-4df5-91f0-91dc050a0945/host
Jun 22 03:24:33 gtw01 dnsmasq-dhcp[10168]: read /var/lib/neutron/dhcp/fb010602-bd4c-4df5-91f0-91dc050a0945/opts
Jun 22 03:24:33 gtw01 dnsmasq[10437]: started, version 2.80 cachesize 150
Jun 22 03:24:33 gtw01 dnsmasq[10437]: DNS service limited to local subnets
Jun 22 03:24:33 gtw01 dnsmasq[10437]: compile time options: IPv6 GNU-getopt DBus i18n IDN DHCP DHCPv6 no-Lua TFTP conntrack ipset auth DNSSEC loop-detect inotify dumpfile
Jun 22 03:24:33 gtw01 dnsmasq[10437]: warning: no upstream servers configured
Jun 22 03:24:33 gtw01 dnsmasq-dhcp[10437]: DHCPv6, static leases only on 2003::, lease time 1h
Jun 22 03:24:33 gtw01 dnsmasq[10437]: read /var/lib/neutron/dhcp/4d87977c-a49a-4bf3-b919-1aa5b4c6545f/addn_hosts - 1 addresses
Jun 22 03:24:33 gtw01 dnsmasq-dhcp[10437]: read /var/lib/neutron/dhcp/4d87977c-a49a-4bf3-b919-1aa5b4c6545f/host
Jun 22 03:24:33 gtw01 dnsmasq-dhcp[10437]: read /var/lib/neutron/dhcp/4d87977c-a49a-4bf3-b919-1aa5b4c6545f/opts
Jun 22 03:24:34 gtw01 dnsmasq[8969]: read /var/lib/neutron/dhcp/0bdcccff-c3bc-489a-b932-4f1a6b095ba4/addn_hosts - 1 addresses
Jun 22 03:24:34 gtw01 dnsmasq-dhcp[8969]: read /var/lib/neutron/dhcp/0bdcccff-c3bc-489a-b932-4f1a6b095ba4/host
Jun 22 03:24:34 gtw01 dnsmasq-dhcp[8969]: read /var/lib/neutron/dhcp/0bdcccff-c3bc-489a-b932-4f1a6b095ba4/opts
Jun 22 03:24:34 gtw01 dnsmasq[10084]: read /var/lib/neutron/dhcp/ed85e12b-22df-4c34-8686-0e1663076608/addn_hosts - 2 addresses
Jun 22 03:24:34 gtw01 dnsmasq-dhcp[10084]: read /var/lib/neutron/dhcp/ed85e12b-22df-4c34-8686-0e1663076608/host
Jun 22 03:24:34 gtw01 dnsmasq-dhcp[10084]: read /var/lib/neutron/dhcp/ed85e12b-22df-4c34-8686-0e1663076608/opts
Jun 22 03:24:34 gtw01 dnsmasq[10168]: read /var/lib/neutron/dhcp/fb010602-bd4c-4df5-91f0-91dc050a0945/addn_hosts - 2 addresses
Jun 22 03:24:34 gtw01 dnsmasq-dhcp[10168]: read /var/lib/neutron/dhcp/fb010602-bd4c-4df5-91f0-91dc050a0945/host
Jun 22 03:24:34 gtw01 dnsmasq-dhcp[10168]: read /var/lib/neutron/dhcp/fb010602-bd4c-4df5-91f0-91dc050a0945/opts
Jun 22 03:24:34 gtw01 dnsmasq[10437]: read /var/lib/neutron/dhcp/4d87977c-a49a-4bf3-b919-1aa5b4c6545f/addn_hosts - 3 addresses
Jun 22 03:24:34 gtw01 dnsmasq-dhcp[10437]: read /var/lib/neutron/dhcp/4d87977c-a49a-4bf3-b919-1aa5b4c6545f/host
Jun 22 03:24:34 gtw01 dnsmasq-dhcp[10437]: read /var/lib/neutron/dhcp/4d87977c-a49a-4bf3-b919-1aa5b4c6545f/opts
Jun 22 03:24:35 gtw01 dnsmasq[10084]: read /var/lib/neutron/dhcp/ed85e12b-22df-4c34-8686-0e1663076608/addn_hosts - 2 addresses
Jun 22 03:24:35 gtw01 dnsmasq-dhcp[10084]: read /var/lib/neutron/dhcp/ed85e12b-22df-4c34-8686-0e1663076608/host
Jun 22 03:24:35 gtw01 dnsmasq-dhcp[10084]: read /var/lib/neutron/dhcp/ed85e12b-22df-4c34-8686-0e1663076608/opts
Jun 22 03:24:35 gtw01 dnsmasq[10168]: read /var/lib/neutron/dhcp/fb010602-bd4c-4df5-91f0-91dc050a0945/addn_hosts - 2 addresses
Jun 22 03:24:35 gtw01 dnsmasq-dhcp[10168]: read /var/lib/neutron/dhcp/fb010602-bd4c-4df5-91f0-91dc050a0945/host
Jun 22 03:24:35 gtw01 dnsmasq-dhcp[10168]: read /var/lib/neutron/dhcp/fb010602-bd4c-4df5-91f0-91dc050a0945/opts
Jun 22 03:24:35 gtw01 dnsmasq[7815]: read /var/lib/neutron/dhcp/11e1633a-32f7-4e48-9003-29e1de15293a/addn_hosts - 1 addresses
Jun 22 03:24:35 gtw01 dnsmasq-dhcp[7815]: read /var/lib/neutron/dhcp/11e1633a-32f7-4e48-9003-29e1de15293a/host
Jun 22 03:24:35 gtw01 dnsmasq-dhcp[7815]: read /var/lib/neutron/dhcp/11e1633a-32f7-4e48-9003-29e1de15293a/opts
Jun 22 03:24:35 gtw01 dnsmasq[10437]: read /var/lib/neutron/dhcp/4d87977c-a49a-4bf3-b919-1aa5b4c6545f/addn_hosts - 3 addresses
Jun 22 03:24:35 gtw01 dnsmasq-dhcp[10437]: read /var/lib/neutron/dhcp/4d87977c-a49a-4bf3-b919-1aa5b4c6545f/host
Jun 22 03:24:35 gtw01 dnsmasq-dhcp[10437]: read /var/lib/neutron/dhcp/4d87977c-a49a-4bf3-b919-1aa5b4c6545f/opts
Jun 22 03:24:36 gtw01 dnsmasq[10613]: started, version 2.80 cachesize 150
Jun 22 03:24:36 gtw01 dnsmasq[10613]: DNS service limited to local subnets
Jun 22 03:24:36 gtw01 dnsmasq[10613]: compile time options: IPv6 GNU-getopt DBus i18n IDN DHCP DHCPv6 no-Lua TFTP conntrack ipset auth DNSSEC loop-detect inotify dumpfile
Jun 22 03:24:36 gtw01 dnsmasq[10613]: warning: no upstream servers configured
Jun 22 03:24:36 gtw01 dnsmasq-dhcp[10613]: DHCP, static leases only on 192.168.120.96, lease time 1h
Jun 22 03:24:36 gtw01 dnsmasq[10613]: read /var/lib/neutron/dhcp/b0925884-887f-403c-86fc-5a27214ffae4/addn_hosts - 1 addresses
Jun 22 03:24:36 gtw01 dnsmasq-dhcp[10613]: read /var/lib/neutron/dhcp/b0925884-887f-403c-86fc-5a27214ffae4/host
Jun 22 03:24:36 gtw01 dnsmasq-dhcp[10613]: read /var/lib/neutron/dhcp/b0925884-887f-403c-86fc-5a27214ffae4/opts
Jun 22 03:24:36 gtw01 haproxy-metadata-proxy-b0925884-887f-403c-86fc-5a27214ffae4[10631]: Proxy listener started.
Jun 22 03:24:36 gtw01 dnsmasq[10437]: read /var/lib/neutron/dhcp/4d87977c-a49a-4bf3-b919-1aa5b4c6545f/addn_hosts - 3 addresses
Jun 22 03:24:36 gtw01 dnsmasq-dhcp[10437]: read /var/lib/neutron/dhcp/4d87977c-a49a-4bf3-b919-1aa5b4c6545f/host
