Jun 22 04:52:02 gtw01 dnsmasq-dhcp[4988]: read /var/lib/neutron/dhcp/c2c16e6e-0ef0-4d52-9d99-d71723eee153/opts
Jun 22 04:52:02 gtw01 dnsmasq[4993]: started, version 2.80 cachesize 150
Jun 22 04:52:02 gtw01 dnsmasq[4993]: DNS service limited to local subnets
Jun 22 04:52:02 gtw01 dnsmasq[4993]: compile time options: IPv6 GNU-getopt DBus i18n IDN DHCP DHCPv6 no-Lua TFTP conntrack ipset auth DNSSEC loop-detect inotify dumpfile
Jun 22 04:52:02 gtw01 dnsmasq[4993]: warning: no upstream servers configured
Jun 22 04:52:02 gtw01 dnsmasq-dhcp[4993]: DHCP, static leases only on 192.168.120.0, lease time 1h
Jun 22 04:52:02 gtw01 dnsmasq[4993]: read /var/lib/neutron/dhcp/eb5bfdd9-b3e0-4edb-beaa-194117dce2b9/addn_hosts - 1 addresses
Jun 22 04:52:02 gtw01 dnsmasq-dhcp[4993]: read /var/lib/neutron/dhcp/eb5bfdd9-b3e0-4edb-beaa-194117dce2b9/host
Jun 22 04:52:02 gtw01 dnsmasq-dhcp[4993]: read /var/lib/neutron/dhcp/eb5bfdd9-b3e0-4edb-beaa-194117dce2b9/opts
Jun 22 04:52:02 gtw01 haproxy-metadata-proxy-c2c16e6e-0ef0-4d52-9d99-d71723eee153[5002]: Proxy listener started.
Jun 22 04:52:02 gtw01 haproxy-metadata-proxy-eb5bfdd9-b3e0-4edb-beaa-194117dce2b9[5015]: Proxy listener started.
Jun 22 04:52:03 gtw01 dnsmasq[4988]: read /var/lib/neutron/dhcp/c2c16e6e-0ef0-4d52-9d99-d71723eee153/addn_hosts - 1 addresses
Jun 22 04:52:03 gtw01 dnsmasq-dhcp[4988]: read /var/lib/neutron/dhcp/c2c16e6e-0ef0-4d52-9d99-d71723eee153/host
Jun 22 04:52:03 gtw01 dnsmasq-dhcp[4988]: read /var/lib/neutron/dhcp/c2c16e6e-0ef0-4d52-9d99-d71723eee153/opts
Jun 22 04:52:03 gtw01 dnsmasq[4993]: read /var/lib/neutron/dhcp/eb5bfdd9-b3e0-4edb-beaa-194117dce2b9/addn_hosts - 1 addresses
Jun 22 04:52:03 gtw01 dnsmasq-dhcp[4993]: read /var/lib/neutron/dhcp/eb5bfdd9-b3e0-4edb-beaa-194117dce2b9/host
Jun 22 04:52:03 gtw01 dnsmasq-dhcp[4993]: read /var/lib/neutron/dhcp/eb5bfdd9-b3e0-4edb-beaa-194117dce2b9/opts
Jun 22 04:52:04 gtw01 dnsmasq[5099]: started, version 2.80 cachesize 150
Jun 22 04:52:04 gtw01 dnsmasq[5099]: DNS service limited to local subnets
Jun 22 04:52:04 gtw01 dnsmasq[5099]: compile time options: IPv6 GNU-getopt DBus i18n IDN DHCP DHCPv6 no-Lua TFTP conntrack ipset auth DNSSEC loop-detect inotify dumpfile
Jun 22 04:52:04 gtw01 dnsmasq[5099]: warning: no upstream servers configured
Jun 22 04:52:04 gtw01 dnsmasq-dhcp[5099]: DHCP, static leases only on 192.168.120.0, lease time 1h
Jun 22 04:52:04 gtw01 dnsmasq[5099]: read /var/lib/neutron/dhcp/bf592758-6f39-416d-bb37-a2556a00bdef/addn_hosts - 1 addresses
Jun 22 04:52:04 gtw01 dnsmasq-dhcp[5099]: read /var/lib/neutron/dhcp/bf592758-6f39-416d-bb37-a2556a00bdef/host
Jun 22 04:52:04 gtw01 dnsmasq-dhcp[5099]: read /var/lib/neutron/dhcp/bf592758-6f39-416d-bb37-a2556a00bdef/opts
Jun 22 04:52:04 gtw01 haproxy-metadata-proxy-bf592758-6f39-416d-bb37-a2556a00bdef[5113]: Proxy listener started.
Jun 22 04:52:04 gtw01 dnsmasq[4988]: read /var/lib/neutron/dhcp/c2c16e6e-0ef0-4d52-9d99-d71723eee153/addn_hosts - 1 addresses
Jun 22 04:52:04 gtw01 dnsmasq-dhcp[4988]: read /var/lib/neutron/dhcp/c2c16e6e-0ef0-4d52-9d99-d71723eee153/host
Jun 22 04:52:04 gtw01 dnsmasq-dhcp[4988]: read /var/lib/neutron/dhcp/c2c16e6e-0ef0-4d52-9d99-d71723eee153/opts
Jun 22 04:52:04 gtw01 dnsmasq[4993]: read /var/lib/neutron/dhcp/eb5bfdd9-b3e0-4edb-beaa-194117dce2b9/addn_hosts - 1 addresses
Jun 22 04:52:04 gtw01 dnsmasq-dhcp[4993]: read /var/lib/neutron/dhcp/eb5bfdd9-b3e0-4edb-beaa-194117dce2b9/host
Jun 22 04:52:04 gtw01 dnsmasq-dhcp[4993]: read /var/lib/neutron/dhcp/eb5bfdd9-b3e0-4edb-beaa-194117dce2b9/opts
Jun 22 04:52:05 gtw01 dnsmasq[5099]: read /var/lib/neutron/dhcp/bf592758-6f39-416d-bb37-a2556a00bdef/addn_hosts - 2 addresses
Jun 22 04:52:05 gtw01 dnsmasq-dhcp[5099]: read /var/lib/neutron/dhcp/bf592758-6f39-416d-bb37-a2556a00bdef/host
Jun 22 04:52:05 gtw01 dnsmasq-dhcp[5099]: read /var/lib/neutron/dhcp/bf592758-6f39-416d-bb37-a2556a00bdef/opts
Jun 22 04:52:05 gtw01 dnsmasq[4988]: read /var/lib/neutron/dhcp/c2c16e6e-0ef0-4d52-9d99-d71723eee153/addn_hosts - 1 addresses
Jun 22 04:52:05 gtw01 dnsmasq-dhcp[4988]: read /var/lib/neutron/dhcp/c2c16e6e-0ef0-4d52-9d99-d71723eee153/host
Jun 22 04:52:05 gtw01 dnsmasq-dhcp[4988]: read /var/lib/neutron/dhcp/c2c16e6e-0ef0-4d52-9d99-d71723eee153/opts
Jun 22 04:52:05 gtw01 dnsmasq[5211]: started, version 2.80 cachesize 150
Jun 22 04:52:05 gtw01 dnsmasq[5211]: DNS service limited to local subnets
Jun 22 04:52:05 gtw01 dnsmasq[5211]: compile time options: IPv6 GNU-getopt DBus i18n IDN DHCP DHCPv6 no-Lua TFTP conntrack ipset auth DNSSEC loop-detect inotify dumpfile
Jun 22 04:52:05 gtw01 dnsmasq[5211]: warning: no upstream servers configured
Jun 22 04:52:05 gtw01 dnsmasq-dhcp[5211]: DHCP, static leases only on 192.168.120.0, lease time 1h
Jun 22 04:52:05 gtw01 dnsmasq[5211]: read /var/lib/neutron/dhcp/65283952-ac61-4f63-bbf9-1ea87f5c1b40/addn_hosts - 1 addresses
Jun 22 04:52:05 gtw01 dnsmasq-dhcp[5211]: read /var/lib/neutron/dhcp/65283952-ac61-4f63-bbf9-1ea87f5c1b40/host
Jun 22 04:52:05 gtw01 dnsmasq-dhcp[5211]: read /var/lib/neutron/dhcp/65283952-ac61-4f63-bbf9-1ea87f5c1b40/opts
Jun 22 04:52:05 gtw01 dnsmasq[4993]: read /var/lib/neutron/dhcp/eb5bfdd9-b3e0-4edb-beaa-194117dce2b9/addn_hosts - 1 addresses
Jun 22 04:52:05 gtw01 dnsmasq-dhcp[4993]: read /var/lib/neutron/dhcp/eb5bfdd9-b3e0-4edb-beaa-194117dce2b9/host
Jun 22 04:52:05 gtw01 dnsmasq-dhcp[4993]: read /var/lib/neutron/dhcp/eb5bfdd9-b3e0-4edb-beaa-194117dce2b9/opts
Jun 22 04:52:05 gtw01 haproxy-metadata-proxy-65283952-ac61-4f63-bbf9-1ea87f5c1b40[5225]: Proxy listener started.
Jun 22 04:52:06 gtw01 dnsmasq[5099]: read /var/lib/neutron/dhcp/bf592758-6f39-416d-bb37-a2556a00bdef/addn_hosts - 2 addresses
Jun 22 04:52:06 gtw01 dnsmasq-dhcp[5099]: read /var/lib/neutron/dhcp/bf592758-6f39-416d-bb37-a2556a00bdef/host
Jun 22 04:52:06 gtw01 dnsmasq-dhcp[5099]: read /var/lib/neutron/dhcp/bf592758-6f39-416d-bb37-a2556a00bdef/opts
Jun 22 04:52:06 gtw01 dnsmasq[5211]: read /var/lib/neutron/dhcp/65283952-ac61-4f63-bbf9-1ea87f5c1b40/addn_hosts - 1 addresses
Jun 22 04:52:06 gtw01 dnsmasq-dhcp[5211]: read /var/lib/neutron/dhcp/65283952-ac61-4f63-bbf9-1ea87f5c1b40/host
Jun 22 04:52:06 gtw01 dnsmasq-dhcp[5211]: read /var/lib/neutron/dhcp/65283952-ac61-4f63-bbf9-1ea87f5c1b40/opts
Jun 22 04:52:06 gtw01 dnsmasq[5099]: read /var/lib/neutron/dhcp/bf592758-6f39-416d-bb37-a2556a00bdef/addn_hosts - 2 addresses
Jun 22 04:52:06 gtw01 dnsmasq-dhcp[5099]: read /var/lib/neutron/dhcp/bf592758-6f39-416d-bb37-a2556a00bdef/host
Jun 22 04:52:06 gtw01 dnsmasq-dhcp[5099]: read /var/lib/neutron/dhcp/bf592758-6f39-416d-bb37-a2556a00bdef/opts
Jun 22 04:52:07 gtw01 dnsmasq[5211]: read /var/lib/neutron/dhcp/65283952-ac61-4f63-bbf9-1ea87f5c1b40/addn_hosts - 1 addresses
Jun 22 04:52:07 gtw01 dnsmasq-dhcp[5211]: read /var/lib/neutron/dhcp/65283952-ac61-4f63-bbf9-1ea87f5c1b40/host
Jun 22 04:52:07 gtw01 dnsmasq-dhcp[5211]: read /var/lib/neutron/dhcp/65283952-ac61-4f63-bbf9-1ea87f5c1b40/opts
Jun 22 04:52:07 gtw01 dnsmasq[5099]: read /var/lib/neutron/dhcp/bf592758-6f39-416d-bb37-a2556a00bdef/addn_hosts - 2 addresses
Jun 22 04:52:07 gtw01 dnsmasq-dhcp[5099]: read /var/lib/neutron/dhcp/bf592758-6f39-416d-bb37-a2556a00bdef/host
Jun 22 04:52:07 gtw01 dnsmasq-dhcp[5099]: read /var/lib/neutron/dhcp/bf592758-6f39-416d-bb37-a2556a00bdef/opts
Jun 22 04:52:08 gtw01 dnsmasq[5211]: read /var/lib/neutron/dhcp/65283952-ac61-4f63-bbf9-1ea87f5c1b40/addn_hosts - 1 addresses
Jun 22 04:52:08 gtw01 dnsmasq-dhcp[5211]: read /var/lib/neutron/dhcp/65283952-ac61-4f63-bbf9-1ea87f5c1b40/host
Jun 22 04:52:08 gtw01 dnsmasq-dhcp[5211]: read /var/lib/neutron/dhcp/65283952-ac61-4f63-bbf9-1ea87f5c1b40/opts
Jun 22 04:52:08 gtw01 systemd-udevd[5351]: Could not generate persistent MAC address for tapbe09ba84-0c: No such file or directory
Jun 22 04:52:08 gtw01 kernel: [ 8117.455390] device tapbe09ba84-0c entered promiscuous mode
Jun 22 04:52:08 gtw01 systemd-udevd[5396]: Process '/sbin/ip link set tapbe09ba84-0c txqueuelen 10000' failed with exit code 1.
Jun 22 04:52:08 gtw01 dnsmasq[4993]: read /var/lib/neutron/dhcp/eb5bfdd9-b3e0-4edb-beaa-194117dce2b9/addn_hosts - 2 addresses
Jun 22 04:52:08 gtw01 dnsmasq-dhcp[4993]: read /var/lib/neutron/dhcp/eb5bfdd9-b3e0-4edb-beaa-194117dce2b9/host
Jun 22 04:52:08 gtw01 dnsmasq-dhcp[4993]: read /var/lib/neutron/dhcp/eb5bfdd9-b3e0-4edb-beaa-194117dce2b9/opts
Jun 22 04:52:09 gtw01 dnsmasq[4993]: read /var/lib/neutron/dhcp/eb5bfdd9-b3e0-4edb-beaa-194117dce2b9/addn_hosts - 2 addresses
Jun 22 04:52:09 gtw01 dnsmasq-dhcp[4993]: read /var/lib/neutron/dhcp/eb5bfdd9-b3e0-4edb-beaa-194117dce2b9/host
Jun 22 04:52:09 gtw01 dnsmasq-dhcp[4993]: read /var/lib/neutron/dhcp/eb5bfdd9-b3e0-4edb-beaa-194117dce2b9/opts
Jun 22 04:52:11 gtw01 dnsmasq[5512]: started, version 2.80 cachesize 150
Jun 22 04:52:11 gtw01 dnsmasq[5512]: DNS service limited to local subnets
Jun 22 04:52:11 gtw01 dnsmasq[5512]: compile time options: IPv6 GNU-getopt DBus i18n IDN DHCP DHCPv6 no-Lua TFTP conntrack ipset auth DNSSEC loop-detect inotify dumpfile
Jun 22 04:52:11 gtw01 dnsmasq[5512]: warning: no upstream servers configured
Jun 22 04:52:11 gtw01 dnsmasq-dhcp[5512]: DHCP, static leases only on 192.168.120.0, lease time 1h
Jun 22 04:52:11 gtw01 dnsmasq[5512]: read /var/lib/neutron/dhcp/c1c77e4a-1834-48cd-aa31-c090b07ac768/addn_hosts - 1 addresses
Jun 22 04:52:11 gtw01 dnsmasq-dhcp[5512]: read /var/lib/neutron/dhcp/c1c77e4a-1834-48cd-aa31-c090b07ac768/host
Jun 22 04:52:11 gtw01 dnsmasq-dhcp[5512]: read /var/lib/neutron/dhcp/c1c77e4a-1834-48cd-aa31-c090b07ac768/opts
Jun 22 04:52:11 gtw01 haproxy-metadata-proxy-c1c77e4a-1834-48cd-aa31-c090b07ac768[5516]: Proxy listener started.
Jun 22 04:52:12 gtw01 dnsmasq[5099]: read /var/lib/neutron/dhcp/bf592758-6f39-416d-bb37-a2556a00bdef/addn_hosts - 3 addresses
Jun 22 04:52:12 gtw01 dnsmasq-dhcp[5099]: read /var/lib/neutron/dhcp/bf592758-6f39-416d-bb37-a2556a00bdef/host
Jun 22 04:52:12 gtw01 dnsmasq-dhcp[5099]: read /var/lib/neutron/dhcp/bf592758-6f39-416d-bb37-a2556a00bdef/opts
Jun 22 04:52:12 gtw01 dnsmasq[5512]: read /var/lib/neutron/dhcp/c1c77e4a-1834-48cd-aa31-c090b07ac768/addn_hosts - 1 addresses
Jun 22 04:52:12 gtw01 dnsmasq-dhcp[5512]: read /var/lib/neutron/dhcp/c1c77e4a-1834-48cd-aa31-c090b07ac768/host
Jun 22 04:52:12 gtw01 dnsmasq-dhcp[5512]: read /var/lib/neutron/dhcp/c1c77e4a-1834-48cd-aa31-c090b07ac768/opts
Jun 22 04:52:13 gtw01 dnsmasq[5512]: read /var/lib/neutron/dhcp/c1c77e4a-1834-48cd-aa31-c090b07ac768/addn_hosts - 1 addresses
Jun 22 04:52:13 gtw01 dnsmasq-dhcp[5512]: read /var/lib/neutron/dhcp/c1c77e4a-1834-48cd-aa31-c090b07ac768/host
Jun 22 04:52:13 gtw01 dnsmasq-dhcp[5512]: read /var/lib/neutron/dhcp/c1c77e4a-1834-48cd-aa31-c090b07ac768/opts
Jun 22 04:52:14 gtw01 dnsmasq[5512]: read /var/lib/neutron/dhcp/c1c77e4a-1834-48cd-aa31-c090b07ac768/addn_hosts - 2 addresses
Jun 22 04:52:14 gtw01 dnsmasq-dhcp[5512]: read /var/lib/neutron/dhcp/c1c77e4a-1834-48cd-aa31-c090b07ac768/host
Jun 22 04:52:14 gtw01 dnsmasq-dhcp[5512]: read /var/lib/neutron/dhcp/c1c77e4a-1834-48cd-aa31-c090b07ac768/opts
Jun 22 04:52:15 gtw01 dnsmasq[5512]: read /var/lib/neutron/dhcp/c1c77e4a-1834-48cd-aa31-c090b07ac768/addn_hosts - 2 addresses
Jun 22 04:52:15 gtw01 dnsmasq-dhcp[5512]: read /var/lib/neutron/dhcp/c1c77e4a-1834-48cd-aa31-c090b07ac768/host
Jun 22 04:52:15 gtw01 dnsmasq-dhcp[5512]: read /var/lib/neutron/dhcp/c1c77e4a-1834-48cd-aa31-c090b07ac768/opts
Jun 22 04:52:16 gtw01 dnsmasq[4993]: read /var/lib/neutron/dhcp/eb5bfdd9-b3e0-4edb-beaa-194117dce2b9/addn_hosts - 1 addresses
Jun 22 04:52:16 gtw01 dnsmasq-dhcp[4993]: read /var/lib/neutron/dhcp/eb5bfdd9-b3e0-4edb-beaa-194117dce2b9/host
Jun 22 04:52:16 gtw01 dnsmasq-dhcp[4993]: read /var/lib/neutron/dhcp/eb5bfdd9-b3e0-4edb-beaa-194117dce2b9/opts
Jun 22 04:52:16 gtw01 dnsmasq[5512]: read /var/lib/neutron/dhcp/c1c77e4a-1834-48cd-aa31-c090b07ac768/addn_hosts - 2 addresses
Jun 22 04:52:16 gtw01 dnsmasq-dhcp[5512]: read /var/lib/neutron/dhcp/c1c77e4a-1834-48cd-aa31-c090b07ac768/host
Jun 22 04:52:16 gtw01 dnsmasq-dhcp[5512]: read /var/lib/neutron/dhcp/c1c77e4a-1834-48cd-aa31-c090b07ac768/opts
Jun 22 04:52:18 gtw01 dnsmasq[5710]: started, version 2.80 cachesize 150
Jun 22 04:52:18 gtw01 dnsmasq[5710]: DNS service limited to local subnets
Jun 22 04:52:18 gtw01 dnsmasq[5710]: compile time options: IPv6 GNU-getopt DBus i18n IDN DHCP DHCPv6 no-Lua TFTP conntrack ipset auth DNSSEC loop-detect inotify dumpfile
Jun 22 04:52:18 gtw01 dnsmasq[5710]: warning: no upstream servers configured
Jun 22 04:52:18 gtw01 dnsmasq-dhcp[5710]: DHCP, static leases only on 192.168.120.16, lease time 1h
Jun 22 04:52:18 gtw01 dnsmasq-dhcp[5710]: DHCP, static leases only on 192.168.120.0, lease time 1h
Jun 22 04:52:18 gtw01 dnsmasq[5710]: read /var/lib/neutron/dhcp/65283952-ac61-4f63-bbf9-1ea87f5c1b40/addn_hosts - 2 addresses
Jun 22 04:52:18 gtw01 dnsmasq-dhcp[5710]: read /var/lib/neutron/dhcp/65283952-ac61-4f63-bbf9-1ea87f5c1b40/host
Jun 22 04:52:18 gtw01 dnsmasq-dhcp[5710]: read /var/lib/neutron/dhcp/65283952-ac61-4f63-bbf9-1ea87f5c1b40/opts
Jun 22 04:52:18 gtw01 dnsmasq[5710]: read /var/lib/neutron/dhcp/65283952-ac61-4f63-bbf9-1ea87f5c1b40/addn_hosts - 2 addresses
Jun 22 04:52:18 gtw01 dnsmasq-dhcp[5710]: read /var/lib/neutron/dhcp/65283952-ac61-4f63-bbf9-1ea87f5c1b40/host
Jun 22 04:52:18 gtw01 dnsmasq-dhcp[5710]: read /var/lib/neutron/dhcp/65283952-ac61-4f63-bbf9-1ea87f5c1b40/opts
Jun 22 04:52:20 gtw01 dnsmasq[4993]: read /var/lib/neutron/dhcp/eb5bfdd9-b3e0-4edb-beaa-194117dce2b9/addn_hosts - 2 addresses
Jun 22 04:52:20 gtw01 dnsmasq-dhcp[4993]: read /var/lib/neutron/dhcp/eb5bfdd9-b3e0-4edb-beaa-194117dce2b9/host
Jun 22 04:52:20 gtw01 dnsmasq-dhcp[4993]: read /var/lib/neutron/dhcp/eb5bfdd9-b3e0-4edb-beaa-194117dce2b9/opts
Jun 22 04:52:22 gtw01 dnsmasq[5512]: read /var/lib/neutron/dhcp/c1c77e4a-1834-48cd-aa31-c090b07ac768/addn_hosts - 1 addresses
Jun 22 04:52:22 gtw01 dnsmasq-dhcp[5512]: read /var/lib/neutron/dhcp/c1c77e4a-1834-48cd-aa31-c090b07ac768/host
Jun 22 04:52:22 gtw01 dnsmasq-dhcp[5512]: read /var/lib/neutron/dhcp/c1c77e4a-1834-48cd-aa31-c090b07ac768/opts
Jun 22 04:52:22 gtw01 dnsmasq[5818]: started, version 2.80 cachesize 150
Jun 22 04:52:22 gtw01 dnsmasq[5818]: DNS service limited to local subnets
Jun 22 04:52:22 gtw01 dnsmasq[5818]: compile time options: IPv6 GNU-getopt DBus i18n IDN DHCP DHCPv6 no-Lua TFTP conntrack ipset auth DNSSEC loop-detect inotify dumpfile
Jun 22 04:52:22 gtw01 dnsmasq[5818]: warning: no upstream servers configured
Jun 22 04:52:22 gtw01 dnsmasq-dhcp[5818]: DHCP, static leases only on 192.168.120.32, lease time 1h
Jun 22 04:52:22 gtw01 dnsmasq-dhcp[5818]: DHCP, static leases only on 192.168.120.16, lease time 1h
Jun 22 04:52:22 gtw01 dnsmasq-dhcp[5818]: DHCP, static leases only on 192.168.120.0, lease time 1h
Jun 22 04:52:22 gtw01 dnsmasq[5818]: read /var/lib/neutron/dhcp/65283952-ac61-4f63-bbf9-1ea87f5c1b40/addn_hosts - 3 addresses
Jun 22 04:52:22 gtw01 dnsmasq-dhcp[5818]: read /var/lib/neutron/dhcp/65283952-ac61-4f63-bbf9-1ea87f5c1b40/host
Jun 22 04:52:22 gtw01 dnsmasq-dhcp[5818]: read /var/lib/neutron/dhcp/65283952-ac61-4f63-bbf9-1ea87f5c1b40/opts
Jun 22 04:52:23 gtw01 haproxy-metadata-proxy-c1c77e4a-1834-48cd-aa31-c090b07ac768[5838]: Proxy listener started.
Jun 22 04:52:23 gtw01 dnsmasq[5099]: read /var/lib/neutron/dhcp/bf592758-6f39-416d-bb37-a2556a00bdef/addn_hosts - 4 addresses
Jun 22 04:52:23 gtw01 dnsmasq-dhcp[5099]: read /var/lib/neutron/dhcp/bf592758-6f39-416d-bb37-a2556a00bdef/host
Jun 22 04:52:23 gtw01 dnsmasq-dhcp[5099]: read /var/lib/neutron/dhcp/bf592758-6f39-416d-bb37-a2556a00bdef/opts
Jun 22 04:52:23 gtw01 dnsmasq[5818]: read /var/lib/neutron/dhcp/65283952-ac61-4f63-bbf9-1ea87f5c1b40/addn_hosts - 3 addresses
Jun 22 04:52:23 gtw01 dnsmasq-dhcp[5818]: read /var/lib/neutron/dhcp/65283952-ac61-4f63-bbf9-1ea87f5c1b40/host
Jun 22 04:52:23 gtw01 dnsmasq-dhcp[5818]: read /var/lib/neutron/dhcp/65283952-ac61-4f63-bbf9-1ea87f5c1b40/opts
Jun 22 04:52:23 gtw01 dnsmasq[4993]: read /var/lib/neutron/dhcp/eb5bfdd9-b3e0-4edb-beaa-194117dce2b9/addn_hosts - 2 addresses
Jun 22 04:52:23 gtw01 dnsmasq-dhcp[4993]: read /var/lib/neutron/dhcp/eb5bfdd9-b3e0-4edb-beaa-194117dce2b9/host
Jun 22 04:52:23 gtw01 dnsmasq-dhcp[4993]: read /var/lib/neutron/dhcp/eb5bfdd9-b3e0-4edb-beaa-194117dce2b9/opts
Jun 22 04:52:27 gtw01 dnsmasq[4993]: read /var/lib/neutron/dhcp/eb5bfdd9-b3e0-4edb-beaa-194117dce2b9/addn_hosts - 1 addresses
Jun 22 04:52:27 gtw01 dnsmasq-dhcp[4993]: read /var/lib/neutron/dhcp/eb5bfdd9-b3e0-4edb-beaa-194117dce2b9/host
Jun 22 04:52:27 gtw01 dnsmasq-dhcp[4993]: read /var/lib/neutron/dhcp/eb5bfdd9-b3e0-4edb-beaa-194117dce2b9/opts
Jun 22 04:52:27 gtw01 dnsmasq[5944]: started, version 2.80 cachesize 150
Jun 22 04:52:27 gtw01 dnsmasq[5944]: DNS service limited to local subnets
Jun 22 04:52:27 gtw01 dnsmasq[5944]: compile time options: IPv6 GNU-getopt DBus i18n IDN DHCP DHCPv6 no-Lua TFTP conntrack ipset auth DNSSEC loop-detect inotify dumpfile
Jun 22 04:52:27 gtw01 dnsmasq[5944]: warning: no upstream servers configured
Jun 22 04:52:27 gtw01 dnsmasq-dhcp[5944]: DHCP, static leases only on 192.168.120.16, lease time 1h
Jun 22 04:52:27 gtw01 dnsmasq-dhcp[5944]: DHCP, static leases only on 192.168.120.0, lease time 1h
Jun 22 04:52:27 gtw01 dnsmasq[5944]: read /var/lib/neutron/dhcp/65283952-ac61-4f63-bbf9-1ea87f5c1b40/addn_hosts - 2 addresses
Jun 22 04:52:27 gtw01 dnsmasq-dhcp[5944]: read /var/lib/neutron/dhcp/65283952-ac61-4f63-bbf9-1ea87f5c1b40/host
Jun 22 04:52:27 gtw01 dnsmasq-dhcp[5944]: read /var/lib/neutron/dhcp/65283952-ac61-4f63-bbf9-1ea87f5c1b40/opts
Jun 22 04:52:29 gtw01 dnsmasq[4993]: read /var/lib/neutron/dhcp/eb5bfdd9-b3e0-4edb-beaa-194117dce2b9/addn_hosts - 2 addresses
Jun 22 04:52:29 gtw01 dnsmasq-dhcp[4993]: read /var/lib/neutron/dhcp/eb5bfdd9-b3e0-4edb-beaa-194117dce2b9/host
Jun 22 04:52:29 gtw01 dnsmasq-dhcp[4993]: read /var/lib/neutron/dhcp/eb5bfdd9-b3e0-4edb-beaa-194117dce2b9/opts
Jun 22 04:52:32 gtw01 dnsmasq[6022]: started, version 2.80 cachesize 150
Jun 22 04:52:32 gtw01 dnsmasq[6022]: DNS service limited to local subnets
Jun 22 04:52:32 gtw01 dnsmasq[6022]: compile time options: IPv6 GNU-getopt DBus i18n IDN DHCP DHCPv6 no-Lua TFTP conntrack ipset auth DNSSEC loop-detect inotify dumpfile
Jun 22 04:52:32 gtw01 dnsmasq[6022]: warning: no upstream servers configured
Jun 22 04:52:32 gtw01 dnsmasq-dhcp[6022]: DHCP, static leases only on 192.168.120.16, lease time 1h
Jun 22 04:52:32 gtw01 dnsmasq-dhcp[6022]: DHCP, static leases only on 192.168.120.0, lease time 1h
Jun 22 04:52:32 gtw01 dnsmasq[6022]: read /var/lib/neutron/dhcp/65283952-ac61-4f63-bbf9-1ea87f5c1b40/addn_hosts - 2 addresses
Jun 22 04:52:32 gtw01 dnsmasq-dhcp[6022]: read /var/lib/neutron/dhcp/65283952-ac61-4f63-bbf9-1ea87f5c1b40/host
Jun 22 04:52:32 gtw01 dnsmasq-dhcp[6022]: read /var/lib/neutron/dhcp/65283952-ac61-4f63-bbf9-1ea87f5c1b40/opts
Jun 22 04:52:32 gtw01 dnsmasq[4993]: read /var/lib/neutron/dhcp/eb5bfdd9-b3e0-4edb-beaa-194117dce2b9/addn_hosts - 2 addresses
Jun 22 04:52:32 gtw01 dnsmasq-dhcp[4993]: read /var/lib/neutron/dhcp/eb5bfdd9-b3e0-4edb-beaa-194117dce2b9/host
Jun 22 04:52:32 gtw01 dnsmasq-dhcp[4993]: read /var/lib/neutron/dhcp/eb5bfdd9-b3e0-4edb-beaa-194117dce2b9/opts
Jun 22 04:52:32 gtw01 dnsmasq[5099]: read /var/lib/neutron/dhcp/bf592758-6f39-416d-bb37-a2556a00bdef/addn_hosts - 5 addresses
Jun 22 04:52:32 gtw01 dnsmasq-dhcp[5099]: read /var/lib/neutron/dhcp/bf592758-6f39-416d-bb37-a2556a00bdef/host
Jun 22 04:52:32 gtw01 dnsmasq-dhcp[5099]: read /var/lib/neutron/dhcp/bf592758-6f39-416d-bb37-a2556a00bdef/opts
Jun 22 04:52:33 gtw01 dnsmasq[5099]: read /var/lib/neutron/dhcp/bf592758-6f39-416d-bb37-a2556a00bdef/addn_hosts - 5 addresses
Jun 22 04:52:33 gtw01 dnsmasq-dhcp[5099]: read /var/lib/neutron/dhcp/bf592758-6f39-416d-bb37-a2556a00bdef/host
Jun 22 04:52:33 gtw01 dnsmasq-dhcp[5099]: read /var/lib/neutron/dhcp/bf592758-6f39-416d-bb37-a2556a00bdef/opts
Jun 22 04:52:35 gtw01 systemd-udevd[6108]: Could not generate persistent MAC address for ha-7c9db6ce-a8: No such file or directory
Jun 22 04:52:35 gtw01 kernel: [ 8144.643763] device ha-7c9db6ce-a8 entered promiscuous mode
Jun 22 04:52:35 gtw01 dnsmasq[4993]: read /var/lib/neutron/dhcp/eb5bfdd9-b3e0-4edb-beaa-194117dce2b9/addn_hosts - 1 addresses
Jun 22 04:52:35 gtw01 dnsmasq-dhcp[4993]: read /var/lib/neutron/dhcp/eb5bfdd9-b3e0-4edb-beaa-194117dce2b9/host
Jun 22 04:52:35 gtw01 dnsmasq-dhcp[4993]: read /var/lib/neutron/dhcp/eb5bfdd9-b3e0-4edb-beaa-194117dce2b9/opts
Jun 22 04:52:43 gtw01 dnsmasq[4993]: read /var/lib/neutron/dhcp/eb5bfdd9-b3e0-4edb-beaa-194117dce2b9/addn_hosts - 2 addresses
Jun 22 04:52:43 gtw01 dnsmasq-dhcp[4993]: read /var/lib/neutron/dhcp/eb5bfdd9-b3e0-4edb-beaa-194117dce2b9/host
Jun 22 04:52:43 gtw01 dnsmasq-dhcp[4993]: read /var/lib/neutron/dhcp/eb5bfdd9-b3e0-4edb-beaa-194117dce2b9/opts
Jun 22 04:52:43 gtw01 dnsmasq[5099]: read /var/lib/neutron/dhcp/bf592758-6f39-416d-bb37-a2556a00bdef/addn_hosts - 6 addresses
Jun 22 04:52:43 gtw01 dnsmasq-dhcp[5099]: read /var/lib/neutron/dhcp/bf592758-6f39-416d-bb37-a2556a00bdef/host
Jun 22 04:52:43 gtw01 dnsmasq-dhcp[5099]: read /var/lib/neutron/dhcp/bf592758-6f39-416d-bb37-a2556a00bdef/opts
Jun 22 04:52:43 gtw01 neutron-keepalived-state-change: 2019-06-22 04:52:43.848 6185 INFO neutron.common.config [-] Logging enabled!
Jun 22 04:52:43 gtw01 neutron-keepalived-state-change: 2019-06-22 04:52:43.848 6185 INFO neutron.common.config [-] /usr/bin/neutron-keepalived-state-change version 13.0.3
Jun 22 04:52:43 gtw01 neutron-keepalived-state-change: 2019-06-22 04:52:43.849 6185 DEBUG neutron.common.config [-] command line: /usr/bin/neutron-keepalived-state-change --router_id=ab83a5e9-7979-43f3-8bb5-0541f1d1c2d0 --namespace=qrouter-ab83a5e9-7979-43f3-8bb5-0541f1d1c2d0 --conf_dir=/var/lib/neutron/ha_confs/ab83a5e9-7979-43f3-8bb5-0541f1d1c2d0 --monitor_interface=ha-7c9db6ce-a8 --monitor_cidr=169.254.0.158/24 --pid_file=/var/lib/neutron/external/pids/ab83a5e9-7979-43f3-8bb5-0541f1d1c2d0.monitor.pid --state_path=/var/lib/neutron --user=114 --group=118 setup_logging /usr/lib/python2.7/dist-packages/neutron/common/config.py:103
Jun 22 04:52:43 gtw01 neutron-keepalived-state-change: 2019-06-22 04:52:43.860 6262 DEBUG neutron.agent.linux.async_process [-] Launching async process [ip netns exec qrouter-ab83a5e9-7979-43f3-8bb5-0541f1d1c2d0 ip -o monitor address]. start /usr/lib/python2.7/dist-packages/neutron/agent/linux/async_process.py:112
Jun 22 04:52:43 gtw01 neutron-keepalived-state-change: 2019-06-22 04:52:43.861 6262 DEBUG neutron.agent.linux.utils [-] Running command: ['ip', 'netns', 'exec', 'qrouter-ab83a5e9-7979-43f3-8bb5-0541f1d1c2d0', 'ip', '-o', 'monitor', 'address'] create_process /usr/lib/python2.7/dist-packages/neutron/agent/linux/utils.py:87
Jun 22 04:52:43 gtw01 neutron-keepalived-state-change: 2019-06-22 04:52:43.916 6262 DEBUG neutron.agent.linux.utils [-] Found cmdline ['ip', 'netns', 'exec', 'qrouter-ab83a5e9-7979-43f3-8bb5-0541f1d1c2d0', 'ip', '-o', 'monitor', 'address'] for rocess with PID 6263. get_cmdline_from_pid /usr/lib/python2.7/dist-packages/neutron/agent/linux/utils.py:329
Jun 22 04:52:44 gtw01 neutron-keepalived-state-change: 2019-06-22 04:52:44.917 6262 DEBUG neutron.agent.linux.utils [-] Found cmdline ['ip', '-o', 'monitor', 'address'] for rocess with PID 6263. get_cmdline_from_pid /usr/lib/python2.7/dist-packages/neutron/agent/linux/utils.py:329
Jun 22 04:52:44 gtw01 neutron-keepalived-state-change: 2019-06-22 04:52:44.918 6262 INFO neutron.agent.linux.daemon [-] Process runs with uid/gid: 114/118
Jun 22 04:52:44 gtw01 neutron-keepalived-state-change: 2019-06-22 04:52:44.918 6262 DEBUG neutron.agent.linux.utils [-] Running command: ['sudo', '/usr/bin/neutron-rootwrap', '/etc/neutron/rootwrap.conf', 'ip', 'netns', 'exec', 'qrouter-ab83a5e9-7979-43f3-8bb5-0541f1d1c2d0', 'ip', 'addr', 'show', 'ha-7c9db6ce-a8'] create_process /usr/lib/python2.7/dist-packages/neutron/agent/linux/utils.py:87
Jun 22 04:52:46 gtw01 dnsmasq[4993]: read /var/lib/neutron/dhcp/eb5bfdd9-b3e0-4edb-beaa-194117dce2b9/addn_hosts - 2 addresses
Jun 22 04:52:46 gtw01 dnsmasq-dhcp[4993]: read /var/lib/neutron/dhcp/eb5bfdd9-b3e0-4edb-beaa-194117dce2b9/host
Jun 22 04:52:46 gtw01 dnsmasq-dhcp[4993]: read /var/lib/neutron/dhcp/eb5bfdd9-b3e0-4edb-beaa-194117dce2b9/opts
Jun 22 04:52:47 gtw01 neutron-keepalived-state-change: 2019-06-22 04:52:47.311 6262 DEBUG neutron.agent.l3.keepalived_state_change [-] Initial status of router ab83a5e9-7979-43f3-8bb5-0541f1d1c2d0 is backup handle_initial_state /usr/lib/python2.7/dist-packages/neutron/agent/l3/keepalived_state_change.py:106
Jun 22 04:52:47 gtw01 dnsmasq[6022]: read /var/lib/neutron/dhcp/65283952-ac61-4f63-bbf9-1ea87f5c1b40/addn_hosts - 2 addresses
Jun 22 04:52:47 gtw01 dnsmasq-dhcp[6022]: read /var/lib/neutron/dhcp/65283952-ac61-4f63-bbf9-1ea87f5c1b40/host
Jun 22 04:52:47 gtw01 dnsmasq-dhcp[6022]: read /var/lib/neutron/dhcp/65283952-ac61-4f63-bbf9-1ea87f5c1b40/opts
Jun 22 04:52:47 gtw01 dnsmasq[5099]: read /var/lib/neutron/dhcp/bf592758-6f39-416d-bb37-a2556a00bdef/addn_hosts - 7 addresses
Jun 22 04:52:47 gtw01 dnsmasq-dhcp[5099]: read /var/lib/neutron/dhcp/bf592758-6f39-416d-bb37-a2556a00bdef/host
Jun 22 04:52:47 gtw01 dnsmasq-dhcp[5099]: read /var/lib/neutron/dhcp/bf592758-6f39-416d-bb37-a2556a00bdef/opts
Jun 22 04:52:47 gtw01 dnsmasq[4988]: read /var/lib/neutron/dhcp/c2c16e6e-0ef0-4d52-9d99-d71723eee153/addn_hosts - 2 addresses
Jun 22 04:52:47 gtw01 dnsmasq-dhcp[4988]: read /var/lib/neutron/dhcp/c2c16e6e-0ef0-4d52-9d99-d71723eee153/host
Jun 22 04:52:47 gtw01 dnsmasq-dhcp[4988]: read /var/lib/neutron/dhcp/c2c16e6e-0ef0-4d52-9d99-d71723eee153/opts
Jun 22 04:52:48 gtw01 dnsmasq[4993]: read /var/lib/neutron/dhcp/eb5bfdd9-b3e0-4edb-beaa-194117dce2b9/addn_hosts - 3 addresses
Jun 22 04:52:48 gtw01 dnsmasq-dhcp[4993]: read /var/lib/neutron/dhcp/eb5bfdd9-b3e0-4edb-beaa-194117dce2b9/host
Jun 22 04:52:48 gtw01 dnsmasq-dhcp[4993]: read /var/lib/neutron/dhcp/eb5bfdd9-b3e0-4edb-beaa-194117dce2b9/opts
Jun 22 04:52:49 gtw01 dnsmasq[4993]: read /var/lib/neutron/dhcp/eb5bfdd9-b3e0-4edb-beaa-194117dce2b9/addn_hosts - 3 addresses
Jun 22 04:52:49 gtw01 dnsmasq-dhcp[4993]: read /var/lib/neutron/dhcp/eb5bfdd9-b3e0-4edb-beaa-194117dce2b9/host
Jun 22 04:52:49 gtw01 dnsmasq-dhcp[4993]: read /var/lib/neutron/dhcp/eb5bfdd9-b3e0-4edb-beaa-194117dce2b9/opts
Jun 22 04:52:49 gtw01 dnsmasq[4988]: read /var/lib/neutron/dhcp/c2c16e6e-0ef0-4d52-9d99-d71723eee153/addn_hosts - 2 addresses
Jun 22 04:52:49 gtw01 dnsmasq-dhcp[4988]: read /var/lib/neutron/dhcp/c2c16e6e-0ef0-4d52-9d99-d71723eee153/host
Jun 22 04:52:49 gtw01 dnsmasq-dhcp[4988]: read /var/lib/neutron/dhcp/c2c16e6e-0ef0-4d52-9d99-d71723eee153/opts
Jun 22 04:52:50 gtw01 dnsmasq[4993]: read /var/lib/neutron/dhcp/eb5bfdd9-b3e0-4edb-beaa-194117dce2b9/addn_hosts - 2 addresses
Jun 22 04:52:50 gtw01 dnsmasq-dhcp[4993]: read /var/lib/neutron/dhcp/eb5bfdd9-b3e0-4edb-beaa-194117dce2b9/host
Jun 22 04:52:50 gtw01 dnsmasq-dhcp[4993]: read /var/lib/neutron/dhcp/eb5bfdd9-b3e0-4edb-beaa-194117dce2b9/opts
Jun 22 04:52:50 gtw01 dnsmasq[4988]: read /var/lib/neutron/dhcp/c2c16e6e-0ef0-4d52-9d99-d71723eee153/addn_hosts - 2 addresses
Jun 22 04:52:50 gtw01 dnsmasq-dhcp[4988]: read /var/lib/neutron/dhcp/c2c16e6e-0ef0-4d52-9d99-d71723eee153/host
Jun 22 04:52:50 gtw01 dnsmasq-dhcp[4988]: read /var/lib/neutron/dhcp/c2c16e6e-0ef0-4d52-9d99-d71723eee153/opts
Jun 22 04:52:50 gtw01 neutron-keepalived-state-change: 2019-06-22 04:52:50.389 6262 DEBUG neutron.agent.linux.utils [-] Running command: ['sudo', '/usr/bin/neutron-rootwrap', '/etc/neutron/rootwrap.conf', 'kill', '-9', '6263'] create_process /usr/lib/python2.7/dist-packages/neutron/agent/linux/utils.py:87
Jun 22 04:52:50 gtw01 neutron-keepalived-state-change: 2019-06-22 04:52:50.423 6262 CRITICAL neutron [-] Unhandled error: AssertionError: do not call blocking functions from the mainloop#0122019-06-22 04:52:50.423 6262 ERROR neutron Traceback (most recent call last):#0122019-06-22 04:52:50.423 6262 ERROR neutron   File "/usr/bin/neutron-keepalived-state-change", line 10, in <module>#0122019-06-22 04:52:50.423 6262 ERROR neutron     sys.exit(main())#0122019-06-22 04:52:50.423 6262 ERROR neutron   File "/usr/lib/python2.7/dist-packages/neutron/cmd/keepalived_state_change.py", line 19, in main#0122019-06-22 04:52:50.423 6262 ERROR neutron     keepalived_state_change.main()#0122019-06-22 04:52:50.423 6262 ERROR neutron   File "/usr/lib/python2.7/dist-packages/neutron/agent/l3/keepalived_state_change.py", line 176, in main#0122019-06-22 04:52:50.423 6262 ERROR neutron     cfg.CONF.monitor_cidr).start()#0122019-06-22 04:52:50.423 6262 ERROR neutron   File "/usr/lib/python2.7/dist-packages/neutron/agent/linux/daemon.py", line 248, in start#0122019-06-22 04:52:50.423 6262 ERROR neutron     self.run()#0122019-06-22 04:52:50.423 6262 ERROR neutron   File "/usr/lib/python2.7/dist-packages/neutron/agent/l3/keepalived_state_change.py", line 71, in run#0122019-06-22 04:52:50.423 6262 ERROR neutron     for iterable in self.monitor:#0122019-06-22 04:52:50.423 6262 ERROR neutron   File "/usr/lib/python2.7/dist-packages/neutron/agent/linux/async_process.py", line 284, in _iter_queue#0122019-06-22 04:52:50.423 6262 ERROR neutron     yield queue.get(block=block)#0122019-06-22 04:52:50.423 6262 ERROR neutron   File "/usr/lib/python2.7/dist-packages/eventlet/queue.py", line 313, in get#0122019-06-22 04:52:50.423 6262 ERROR neutron     return waiter.wait()#0122019-06-22 04:52:50.423 6262 ERROR neutron   File "/usr/lib/python2.7/dist-packages/eventlet/queue.py", line 141, in wait#0122019-06-22 04:52:50.423 6262 ERROR neutron     return get_hub().switch()#0122019-06-22 04:52:50.423 6262 ERROR neutron   File "/usr/lib/python2.7/dist-packages/eventlet/hubs/hub.py", line 294, in switch#0122019-06-22 04:52:50.423 6262 ERROR neutron     return self.greenlet.switch()#0122019-06-22 04:52:50.423 6262 ERROR neutron   File "/usr/lib/python2.7/dist-packages/eventlet/hubs/hub.py", line 346, in run#0122019-06-22 04:52:50.423 6262 ERROR neutron     self.wait(sleep_time)#0122019-06-22 04:52:50.423 6262 ERROR neutron   File "/usr/lib/python2.7/dist-packages/eventlet/hubs/poll.py", line 85, in wait#0122019-06-22 04:52:50.423 6262 ERROR neutron     presult = self.do_poll(seconds)#0122019-06-22 04:52:50.423 6262 ERROR neutron   File "/usr/lib/python2.7/dist-packages/eventlet/hubs/epolls.py", line 62, in do_poll#0122019-06-22 04:52:50.423 6262 ERROR neutron     return self.poll.poll(seconds)#0122019-06-22 04:52:50.423 6262 ERROR neutron   File "/usr/lib/python2.7/dist-packages/neutron/agent/l3/keepalived_state_change.py", line 152, in handle_sigterm#0122019-06-22 04:52:50.423 6262 ERROR neutron     self._kill_monitor()#0122019-06-22 04:52:50.423 6262 ERROR neutron   File "/usr/lib/python2.7/dist-packages/neutron/agent/l3/keepalived_state_change.py", line 149, in _kill_monitor#0122019-06-22 04:52:50.423 6262 ERROR neutron     run_as_root=True)#0122019-06-22 04:52:50.423 6262 ERROR neutron   File "/usr/lib/python2.7/dist-packages/neutron/agent/linux/utils.py", line 219, in kill_process#0122019-06-22 04:52:50.423 6262 ERROR neutron     execute(['kill', '-%d' % signal, pid], run_as_root=run_as_root)#0122019-06-22 04:52:50.423 6262 ERROR neutron   File "/usr/lib/python2.7/dist-packages/neutron/agent/linux/utils.py", line 126, in execute#0122019-06-22 04:52:50.423 6262 ERROR neutron     _stdout, _stderr = obj.communicate(_process_input)#0122019-06-22 04:52:50.423 6262 ERROR neutron   File "/usr/lib/python2.7/subprocess.py", line 800, in communicate#0122019-06-22 04:52:50.423 6262 ERROR neutron     return self._communicate(input)#0122019-06-22 04:52:50.423 6262 ERROR neutron   File "/usr/lib/python2.7/subprocess.py", line 1419, in _communicate#0122019-06-22 04:52:50.423 6262 ERROR neutron     stdout, stderr = self._communicate_with_select(input)#0122019-06-22 04:52:50.423 6262 ERROR neutron   File "/usr/lib/python2.7/subprocess.py", line 1520, in _communicate_with_select#0122019-06-22 04:52:50.423 6262 ERROR neutron     rlist, wlist, xlist = select.select(read_set, write_set, [])#0122019-06-22 04:52:50.423 6262 ERROR neutron   File "/usr/lib/python2.7/dist-packages/eventlet/green/select.py", line 40, in select#0122019-06-22 04:52:50.423 6262 ERROR neutron     assert hub.greenlet is not current, 'do not call blocking functions from the mainloop'#0122019-06-22 04:52:50.423 6262 ERROR neutron AssertionError: do not call blocking functions from the mainloop#0122019-06-22 04:52:50.423 6262 ERROR neutron
Jun 22 04:52:51 gtw01 dnsmasq[6555]: started, version 2.80 cachesize 150
Jun 22 04:52:51 gtw01 dnsmasq[6555]: DNS service limited to local subnets
Jun 22 04:52:51 gtw01 dnsmasq[6555]: compile time options: IPv6 GNU-getopt DBus i18n IDN DHCP DHCPv6 no-Lua TFTP conntrack ipset auth DNSSEC loop-detect inotify dumpfile
Jun 22 04:52:51 gtw01 dnsmasq[6555]: warning: no upstream servers configured
Jun 22 04:52:51 gtw01 dnsmasq-dhcp[6555]: DHCP, static leases only on 192.168.120.0, lease time 1h
Jun 22 04:52:51 gtw01 dnsmasq[6555]: read /var/lib/neutron/dhcp/65283952-ac61-4f63-bbf9-1ea87f5c1b40/addn_hosts - 1 addresses
Jun 22 04:52:51 gtw01 dnsmasq-dhcp[6555]: read /var/lib/neutron/dhcp/65283952-ac61-4f63-bbf9-1ea87f5c1b40/host
Jun 22 04:52:51 gtw01 dnsmasq-dhcp[6555]: read /var/lib/neutron/dhcp/65283952-ac61-4f63-bbf9-1ea87f5c1b40/opts
Jun 22 04:52:51 gtw01 dnsmasq[4988]: read /var/lib/neutron/dhcp/c2c16e6e-0ef0-4d52-9d99-d71723eee153/addn_hosts - 1 addresses
Jun 22 04:52:51 gtw01 dnsmasq-dhcp[4988]: read /var/lib/neutron/dhcp/c2c16e6e-0ef0-4d52-9d99-d71723eee153/host
Jun 22 04:52:51 gtw01 dnsmasq-dhcp[4988]: read /var/lib/neutron/dhcp/c2c16e6e-0ef0-4d52-9d99-d71723eee153/opts
Jun 22 04:52:51 gtw01 kernel: [ 8160.327661] device ha-7c9db6ce-a8 left promiscuous mode
Jun 22 04:52:51 gtw01 dnsmasq[5099]: read /var/lib/neutron/dhcp/bf592758-6f39-416d-bb37-a2556a00bdef/addn_hosts - 9 addresses
Jun 22 04:52:51 gtw01 dnsmasq-dhcp[5099]: read /var/lib/neutron/dhcp/bf592758-6f39-416d-bb37-a2556a00bdef/host
Jun 22 04:52:51 gtw01 dnsmasq-dhcp[5099]: read /var/lib/neutron/dhcp/bf592758-6f39-416d-bb37-a2556a00bdef/opts
Jun 22 04:52:52 gtw01 kernel: [ 8161.081689] device tap143a6516-01 left promiscuous mode
Jun 22 04:52:54 gtw01 dnsmasq[4993]: read /var/lib/neutron/dhcp/eb5bfdd9-b3e0-4edb-beaa-194117dce2b9/addn_hosts - 1 addresses
Jun 22 04:52:54 gtw01 dnsmasq-dhcp[4993]: read /var/lib/neutron/dhcp/eb5bfdd9-b3e0-4edb-beaa-194117dce2b9/host
Jun 22 04:52:54 gtw01 dnsmasq-dhcp[4993]: read /var/lib/neutron/dhcp/eb5bfdd9-b3e0-4edb-beaa-194117dce2b9/opts
Jun 22 04:52:54 gtw01 dnsmasq[5099]: read /var/lib/neutron/dhcp/bf592758-6f39-416d-bb37-a2556a00bdef/addn_hosts - 10 addresses
Jun 22 04:52:54 gtw01 dnsmasq-dhcp[5099]: read /var/lib/neutron/dhcp/bf592758-6f39-416d-bb37-a2556a00bdef/host
Jun 22 04:52:54 gtw01 dnsmasq-dhcp[5099]: read /var/lib/neutron/dhcp/bf592758-6f39-416d-bb37-a2556a00bdef/opts
Jun 22 04:52:55 gtw01 haproxy-metadata-proxy-6d646d1f-4351-451f-ad5b-b78c8907eabe[6728]: Proxy listener started.
Jun 22 04:52:56 gtw01 dnsmasq[4988]: read /var/lib/neutron/dhcp/c2c16e6e-0ef0-4d52-9d99-d71723eee153/addn_hosts - 2 addresses
Jun 22 04:52:56 gtw01 dnsmasq-dhcp[4988]: read /var/lib/neutron/dhcp/c2c16e6e-0ef0-4d52-9d99-d71723eee153/host
Jun 22 04:52:56 gtw01 dnsmasq-dhcp[4988]: read /var/lib/neutron/dhcp/c2c16e6e-0ef0-4d52-9d99-d71723eee153/opts
Jun 22 04:52:56 gtw01 kernel: [ 8165.419908] device tap58b7abf9-ac left promiscuous mode
Jun 22 04:52:58 gtw01 dnsmasq[4988]: read /var/lib/neutron/dhcp/c2c16e6e-0ef0-4d52-9d99-d71723eee153/addn_hosts - 2 addresses
Jun 22 04:52:58 gtw01 dnsmasq-dhcp[4988]: read /var/lib/neutron/dhcp/c2c16e6e-0ef0-4d52-9d99-d71723eee153/host
Jun 22 04:52:58 gtw01 dnsmasq-dhcp[4988]: read /var/lib/neutron/dhcp/c2c16e6e-0ef0-4d52-9d99-d71723eee153/opts
Jun 22 04:52:58 gtw01 dnsmasq[5099]: read /var/lib/neutron/dhcp/bf592758-6f39-416d-bb37-a2556a00bdef/addn_hosts - 11 addresses
Jun 22 04:52:58 gtw01 dnsmasq-dhcp[5099]: read /var/lib/neutron/dhcp/bf592758-6f39-416d-bb37-a2556a00bdef/host
Jun 22 04:52:58 gtw01 dnsmasq-dhcp[5099]: read /var/lib/neutron/dhcp/bf592758-6f39-416d-bb37-a2556a00bdef/opts
Jun 22 04:52:59 gtw01 dnsmasq[4988]: read /var/lib/neutron/dhcp/c2c16e6e-0ef0-4d52-9d99-d71723eee153/addn_hosts - 2 addresses
Jun 22 04:52:59 gtw01 dnsmasq-dhcp[4988]: read /var/lib/neutron/dhcp/c2c16e6e-0ef0-4d52-9d99-d71723eee153/host
Jun 22 04:52:59 gtw01 dnsmasq-dhcp[4988]: read /var/lib/neutron/dhcp/c2c16e6e-0ef0-4d52-9d99-d71723eee153/opts
Jun 22 04:53:00 gtw01 dnsmasq[4988]: read /var/lib/neutron/dhcp/c2c16e6e-0ef0-4d52-9d99-d71723eee153/addn_hosts - 1 addresses
Jun 22 04:53:00 gtw01 dnsmasq-dhcp[4988]: read /var/lib/neutron/dhcp/c2c16e6e-0ef0-4d52-9d99-d71723eee153/host
Jun 22 04:53:00 gtw01 dnsmasq-dhcp[4988]: read /var/lib/neutron/dhcp/c2c16e6e-0ef0-4d52-9d99-d71723eee153/opts
Jun 22 04:53:00 gtw01 kernel: [ 8169.543015] device qg-3161bc45-b0 entered promiscuous mode
Jun 22 04:53:00 gtw01 systemd-udevd[6885]: Could not generate persistent MAC address for qg-3161bc45-b0: No such file or directory
Jun 22 04:53:01 gtw01 dnsmasq[5099]: read /var/lib/neutron/dhcp/bf592758-6f39-416d-bb37-a2556a00bdef/addn_hosts - 12 addresses
Jun 22 04:53:01 gtw01 dnsmasq-dhcp[5099]: read /var/lib/neutron/dhcp/bf592758-6f39-416d-bb37-a2556a00bdef/host
Jun 22 04:53:01 gtw01 dnsmasq-dhcp[5099]: read /var/lib/neutron/dhcp/bf592758-6f39-416d-bb37-a2556a00bdef/opts
Jun 22 04:53:02 gtw01 dnsmasq[5099]: read /var/lib/neutron/dhcp/bf592758-6f39-416d-bb37-a2556a00bdef/addn_hosts - 11 addresses
Jun 22 04:53:02 gtw01 dnsmasq-dhcp[5099]: read /var/lib/neutron/dhcp/bf592758-6f39-416d-bb37-a2556a00bdef/host
Jun 22 04:53:02 gtw01 dnsmasq-dhcp[5099]: read /var/lib/neutron/dhcp/bf592758-6f39-416d-bb37-a2556a00bdef/opts
Jun 22 04:53:05 gtw01 kernel: [ 8174.104894] device tapccfb6be7-50 entered promiscuous mode
Jun 22 04:53:05 gtw01 systemd-udevd[7106]: Could not generate persistent MAC address for tapccfb6be7-50: No such file or directory
Jun 22 04:53:05 gtw01 systemd-udevd[7152]: Process '/sbin/ip link set tapccfb6be7-50 txqueuelen 10000' failed with exit code 1.
Jun 22 04:53:05 gtw01 dnsmasq[5099]: read /var/lib/neutron/dhcp/bf592758-6f39-416d-bb37-a2556a00bdef/addn_hosts - 12 addresses
Jun 22 04:53:05 gtw01 dnsmasq-dhcp[5099]: read /var/lib/neutron/dhcp/bf592758-6f39-416d-bb37-a2556a00bdef/host
Jun 22 04:53:05 gtw01 dnsmasq-dhcp[5099]: read /var/lib/neutron/dhcp/bf592758-6f39-416d-bb37-a2556a00bdef/opts
Jun 22 04:53:06 gtw01 haproxy-metadata-proxy-da51aefd-3a6d-4cec-814d-4f632e3d5e4a[7222]: Proxy listener started.
Jun 22 04:53:06 gtw01 dnsmasq[5099]: read /var/lib/neutron/dhcp/bf592758-6f39-416d-bb37-a2556a00bdef/addn_hosts - 12 addresses
Jun 22 04:53:06 gtw01 dnsmasq-dhcp[5099]: read /var/lib/neutron/dhcp/bf592758-6f39-416d-bb37-a2556a00bdef/host
Jun 22 04:53:06 gtw01 dnsmasq-dhcp[5099]: read /var/lib/neutron/dhcp/bf592758-6f39-416d-bb37-a2556a00bdef/opts
Jun 22 04:53:07 gtw01 kernel: [ 8176.366683] device qg-3161bc45-b0 left promiscuous mode
Jun 22 04:53:08 gtw01 dnsmasq[5099]: read /var/lib/neutron/dhcp/bf592758-6f39-416d-bb37-a2556a00bdef/addn_hosts - 13 addresses
Jun 22 04:53:08 gtw01 dnsmasq-dhcp[5099]: read /var/lib/neutron/dhcp/bf592758-6f39-416d-bb37-a2556a00bdef/host
Jun 22 04:53:08 gtw01 dnsmasq-dhcp[5099]: read /var/lib/neutron/dhcp/bf592758-6f39-416d-bb37-a2556a00bdef/opts
Jun 22 04:53:08 gtw01 dnsmasq[7339]: started, version 2.80 cachesize 150
Jun 22 04:53:08 gtw01 dnsmasq[7339]: DNS service limited to local subnets
Jun 22 04:53:08 gtw01 dnsmasq[7339]: compile time options: IPv6 GNU-getopt DBus i18n IDN DHCP DHCPv6 no-Lua TFTP conntrack ipset auth DNSSEC loop-detect inotify dumpfile
Jun 22 04:53:08 gtw01 dnsmasq[7339]: warning: no upstream servers configured
Jun 22 04:53:08 gtw01 dnsmasq-dhcp[7339]: DHCP, static leases only on 192.168.120.0, lease time 1h
Jun 22 04:53:08 gtw01 dnsmasq[7339]: read /var/lib/neutron/dhcp/a73c0de8-3676-40a2-9659-aa9d689d37b2/addn_hosts - 1 addresses
Jun 22 04:53:08 gtw01 dnsmasq-dhcp[7339]: read /var/lib/neutron/dhcp/a73c0de8-3676-40a2-9659-aa9d689d37b2/host
Jun 22 04:53:08 gtw01 dnsmasq-dhcp[7339]: read /var/lib/neutron/dhcp/a73c0de8-3676-40a2-9659-aa9d689d37b2/opts
Jun 22 04:53:08 gtw01 haproxy-metadata-proxy-a73c0de8-3676-40a2-9659-aa9d689d37b2[7348]: Proxy listener started.
Jun 22 04:53:09 gtw01 dnsmasq[7339]: read /var/lib/neutron/dhcp/a73c0de8-3676-40a2-9659-aa9d689d37b2/addn_hosts - 1 addresses
Jun 22 04:53:09 gtw01 dnsmasq-dhcp[7339]: read /var/lib/neutron/dhcp/a73c0de8-3676-40a2-9659-aa9d689d37b2/host
Jun 22 04:53:09 gtw01 dnsmasq-dhcp[7339]: read /var/lib/neutron/dhcp/a73c0de8-3676-40a2-9659-aa9d689d37b2/opts
Jun 22 04:53:10 gtw01 dnsmasq[7339]: read /var/lib/neutron/dhcp/a73c0de8-3676-40a2-9659-aa9d689d37b2/addn_hosts - 1 addresses
Jun 22 04:53:10 gtw01 dnsmasq-dhcp[7339]: read /var/lib/neutron/dhcp/a73c0de8-3676-40a2-9659-aa9d689d37b2/host
Jun 22 04:53:10 gtw01 dnsmasq-dhcp[7339]: read /var/lib/neutron/dhcp/a73c0de8-3676-40a2-9659-aa9d689d37b2/opts
Jun 22 04:53:11 gtw01 dnsmasq[7339]: read /var/lib/neutron/dhcp/a73c0de8-3676-40a2-9659-aa9d689d37b2/addn_hosts - 2 addresses
Jun 22 04:53:11 gtw01 dnsmasq-dhcp[7339]: read /var/lib/neutron/dhcp/a73c0de8-3676-40a2-9659-aa9d689d37b2/host
Jun 22 04:53:11 gtw01 dnsmasq-dhcp[7339]: read /var/lib/neutron/dhcp/a73c0de8-3676-40a2-9659-aa9d689d37b2/opts
Jun 22 04:53:12 gtw01 dnsmasq[7339]: read /var/lib/neutron/dhcp/a73c0de8-3676-40a2-9659-aa9d689d37b2/addn_hosts - 2 addresses
Jun 22 04:53:12 gtw01 dnsmasq-dhcp[7339]: read /var/lib/neutron/dhcp/a73c0de8-3676-40a2-9659-aa9d689d37b2/host
Jun 22 04:53:12 gtw01 dnsmasq-dhcp[7339]: read /var/lib/neutron/dhcp/a73c0de8-3676-40a2-9659-aa9d689d37b2/opts
Jun 22 04:53:12 gtw01 dnsmasq[5099]: read /var/lib/neutron/dhcp/bf592758-6f39-416d-bb37-a2556a00bdef/addn_hosts - 13 addresses
Jun 22 04:53:12 gtw01 dnsmasq-dhcp[5099]: read /var/lib/neutron/dhcp/bf592758-6f39-416d-bb37-a2556a00bdef/host
Jun 22 04:53:12 gtw01 dnsmasq-dhcp[5099]: read /var/lib/neutron/dhcp/bf592758-6f39-416d-bb37-a2556a00bdef/opts
Jun 22 04:53:13 gtw01 dnsmasq[7339]: read /var/lib/neutron/dhcp/a73c0de8-3676-40a2-9659-aa9d689d37b2/addn_hosts - 2 addresses
Jun 22 04:53:13 gtw01 dnsmasq-dhcp[7339]: read /var/lib/neutron/dhcp/a73c0de8-3676-40a2-9659-aa9d689d37b2/host
Jun 22 04:53:13 gtw01 dnsmasq-dhcp[7339]: read /var/lib/neutron/dhcp/a73c0de8-3676-40a2-9659-aa9d689d37b2/opts
Jun 22 04:53:13 gtw01 dnsmasq[5099]: read /var/lib/neutron/dhcp/bf592758-6f39-416d-bb37-a2556a00bdef/addn_hosts - 13 addresses
Jun 22 04:53:13 gtw01 dnsmasq-dhcp[5099]: read /var/lib/neutron/dhcp/bf592758-6f39-416d-bb37-a2556a00bdef/host
Jun 22 04:53:13 gtw01 dnsmasq-dhcp[5099]: read /var/lib/neutron/dhcp/bf592758-6f39-416d-bb37-a2556a00bdef/opts
Jun 22 04:53:14 gtw01 dnsmasq[7339]: read /var/lib/neutron/dhcp/a73c0de8-3676-40a2-9659-aa9d689d37b2/addn_hosts - 1 addresses
Jun 22 04:53:14 gtw01 dnsmasq-dhcp[7339]: read /var/lib/neutron/dhcp/a73c0de8-3676-40a2-9659-aa9d689d37b2/host
Jun 22 04:53:14 gtw01 dnsmasq-dhcp[7339]: read /var/lib/neutron/dhcp/a73c0de8-3676-40a2-9659-aa9d689d37b2/opts
Jun 22 04:53:15 gtw01 dnsmasq[5099]: read /var/lib/neutron/dhcp/bf592758-6f39-416d-bb37-a2556a00bdef/addn_hosts - 14 addresses
Jun 22 04:53:15 gtw01 dnsmasq-dhcp[5099]: read /var/lib/neutron/dhcp/bf592758-6f39-416d-bb37-a2556a00bdef/host
Jun 22 04:53:15 gtw01 dnsmasq-dhcp[5099]: read /var/lib/neutron/dhcp/bf592758-6f39-416d-bb37-a2556a00bdef/opts
Jun 22 04:53:15 gtw01 haproxy-metadata-proxy-a73c0de8-3676-40a2-9659-aa9d689d37b2[7529]: Proxy listener started.
Jun 22 04:53:16 gtw01 dnsmasq[5099]: read /var/lib/neutron/dhcp/bf592758-6f39-416d-bb37-a2556a00bdef/addn_hosts - 14 addresses
Jun 22 04:53:16 gtw01 dnsmasq-dhcp[5099]: read /var/lib/neutron/dhcp/bf592758-6f39-416d-bb37-a2556a00bdef/host
Jun 22 04:53:16 gtw01 dnsmasq-dhcp[5099]: read /var/lib/neutron/dhcp/bf592758-6f39-416d-bb37-a2556a00bdef/opts
Jun 22 04:53:17 gtw01 dnsmasq[5099]: read /var/lib/neutron/dhcp/bf592758-6f39-416d-bb37-a2556a00bdef/addn_hosts - 15 addresses
Jun 22 04:53:17 gtw01 dnsmasq-dhcp[5099]: read /var/lib/neutron/dhcp/bf592758-6f39-416d-bb37-a2556a00bdef/host
Jun 22 04:53:17 gtw01 dnsmasq-dhcp[5099]: read /var/lib/neutron/dhcp/bf592758-6f39-416d-bb37-a2556a00bdef/opts
Jun 22 04:53:17 gtw01 kernel: [ 8186.628963] device ha-de370009-5b entered promiscuous mode
Jun 22 04:53:17 gtw01 systemd-udevd[7593]: Could not generate persistent MAC address for ha-de370009-5b: No such file or directory
Jun 22 04:53:18 gtw01 dnsmasq[5099]: read /var/lib/neutron/dhcp/bf592758-6f39-416d-bb37-a2556a00bdef/addn_hosts - 15 addresses
Jun 22 04:53:18 gtw01 dnsmasq-dhcp[5099]: read /var/lib/neutron/dhcp/bf592758-6f39-416d-bb37-a2556a00bdef/host
Jun 22 04:53:18 gtw01 dnsmasq-dhcp[5099]: read /var/lib/neutron/dhcp/bf592758-6f39-416d-bb37-a2556a00bdef/opts
Jun 22 04:53:19 gtw01 dnsmasq[5099]: read /var/lib/neutron/dhcp/bf592758-6f39-416d-bb37-a2556a00bdef/addn_hosts - 15 addresses
Jun 22 04:53:19 gtw01 dnsmasq-dhcp[5099]: read /var/lib/neutron/dhcp/bf592758-6f39-416d-bb37-a2556a00bdef/host
Jun 22 04:53:19 gtw01 dnsmasq-dhcp[5099]: read /var/lib/neutron/dhcp/bf592758-6f39-416d-bb37-a2556a00bdef/opts
Jun 22 04:53:20 gtw01 dnsmasq[5099]: read /var/lib/neutron/dhcp/bf592758-6f39-416d-bb37-a2556a00bdef/addn_hosts - 15 addresses
Jun 22 04:53:20 gtw01 dnsmasq-dhcp[5099]: read /var/lib/neutron/dhcp/bf592758-6f39-416d-bb37-a2556a00bdef/host
Jun 22 04:53:20 gtw01 dnsmasq-dhcp[5099]: read /var/lib/neutron/dhcp/bf592758-6f39-416d-bb37-a2556a00bdef/opts
Jun 22 04:53:20 gtw01 neutron-keepalived-state-change: 2019-06-22 04:53:20.581 7672 INFO neutron.common.config [-] Logging enabled!
Jun 22 04:53:20 gtw01 neutron-keepalived-state-change: 2019-06-22 04:53:20.582 7672 INFO neutron.common.config [-] /usr/bin/neutron-keepalived-state-change version 13.0.3
Jun 22 04:53:20 gtw01 neutron-keepalived-state-change: 2019-06-22 04:53:20.582 7672 DEBUG neutron.common.config [-] command line: /usr/bin/neutron-keepalived-state-change --router_id=a2f59df6-ac3b-4b92-b553-8dbff1a33970 --namespace=qrouter-a2f59df6-ac3b-4b92-b553-8dbff1a33970 --conf_dir=/var/lib/neutron/ha_confs/a2f59df6-ac3b-4b92-b553-8dbff1a33970 --monitor_interface=ha-de370009-5b --monitor_cidr=169.254.0.112/24 --pid_file=/var/lib/neutron/external/pids/a2f59df6-ac3b-4b92-b553-8dbff1a33970.monitor.pid --state_path=/var/lib/neutron --user=114 --group=118 setup_logging /usr/lib/python2.7/dist-packages/neutron/common/config.py:103
Jun 22 04:53:20 gtw01 neutron-keepalived-state-change: 2019-06-22 04:53:20.611 7738 DEBUG neutron.agent.linux.async_process [-] Launching async process [ip netns exec qrouter-a2f59df6-ac3b-4b92-b553-8dbff1a33970 ip -o monitor address]. start /usr/lib/python2.7/dist-packages/neutron/agent/linux/async_process.py:112
Jun 22 04:53:20 gtw01 neutron-keepalived-state-change: 2019-06-22 04:53:20.612 7738 DEBUG neutron.agent.linux.utils [-] Running command: ['ip', 'netns', 'exec', 'qrouter-a2f59df6-ac3b-4b92-b553-8dbff1a33970', 'ip', '-o', 'monitor', 'address'] create_process /usr/lib/python2.7/dist-packages/neutron/agent/linux/utils.py:87
Jun 22 04:53:20 gtw01 neutron-keepalived-state-change: 2019-06-22 04:53:20.647 7738 DEBUG neutron.agent.linux.utils [-] Found cmdline ['ip', 'netns', 'exec', 'qrouter-a2f59df6-ac3b-4b92-b553-8dbff1a33970', 'ip', '-o', 'monitor', 'address'] for rocess with PID 7740. get_cmdline_from_pid /usr/lib/python2.7/dist-packages/neutron/agent/linux/utils.py:329
Jun 22 04:53:21 gtw01 dnsmasq[5099]: read /var/lib/neutron/dhcp/bf592758-6f39-416d-bb37-a2556a00bdef/addn_hosts - 16 addresses
Jun 22 04:53:21 gtw01 dnsmasq-dhcp[5099]: read /var/lib/neutron/dhcp/bf592758-6f39-416d-bb37-a2556a00bdef/host
Jun 22 04:53:21 gtw01 dnsmasq-dhcp[5099]: read /var/lib/neutron/dhcp/bf592758-6f39-416d-bb37-a2556a00bdef/opts
Jun 22 04:53:21 gtw01 neutron-keepalived-state-change: 2019-06-22 04:53:21.648 7738 DEBUG neutron.agent.linux.utils [-] Found cmdline ['ip', '-o', 'monitor', 'address'] for rocess with PID 7740. get_cmdline_from_pid /usr/lib/python2.7/dist-packages/neutron/agent/linux/utils.py:329
Jun 22 04:53:21 gtw01 neutron-keepalived-state-change: 2019-06-22 04:53:21.649 7738 INFO neutron.agent.linux.daemon [-] Process runs with uid/gid: 114/118
Jun 22 04:53:21 gtw01 neutron-keepalived-state-change: 2019-06-22 04:53:21.650 7738 DEBUG neutron.agent.linux.utils [-] Running command: ['sudo', '/usr/bin/neutron-rootwrap', '/etc/neutron/rootwrap.conf', 'ip', 'netns', 'exec', 'qrouter-a2f59df6-ac3b-4b92-b553-8dbff1a33970', 'ip', 'addr', 'show', 'ha-de370009-5b'] create_process /usr/lib/python2.7/dist-packages/neutron/agent/linux/utils.py:87
Jun 22 04:53:21 gtw01 neutron-keepalived-state-change: 2019-06-22 04:53:21.903 7738 DEBUG neutron.agent.l3.keepalived_state_change [-] Initial status of router a2f59df6-ac3b-4b92-b553-8dbff1a33970 is backup handle_initial_state /usr/lib/python2.7/dist-packages/neutron/agent/l3/keepalived_state_change.py:106
Jun 22 04:53:22 gtw01 dnsmasq[5099]: read /var/lib/neutron/dhcp/bf592758-6f39-416d-bb37-a2556a00bdef/addn_hosts - 16 addresses
Jun 22 04:53:22 gtw01 dnsmasq-dhcp[5099]: read /var/lib/neutron/dhcp/bf592758-6f39-416d-bb37-a2556a00bdef/host
Jun 22 04:53:22 gtw01 dnsmasq-dhcp[5099]: read /var/lib/neutron/dhcp/bf592758-6f39-416d-bb37-a2556a00bdef/opts
Jun 22 04:53:23 gtw01 dnsmasq[5099]: read /var/lib/neutron/dhcp/bf592758-6f39-416d-bb37-a2556a00bdef/addn_hosts - 16 addresses
Jun 22 04:53:23 gtw01 dnsmasq-dhcp[5099]: read /var/lib/neutron/dhcp/bf592758-6f39-416d-bb37-a2556a00bdef/host
Jun 22 04:53:23 gtw01 dnsmasq-dhcp[5099]: read /var/lib/neutron/dhcp/bf592758-6f39-416d-bb37-a2556a00bdef/opts
Jun 22 04:53:24 gtw01 neutron-keepalived-state-change: 2019-06-22 04:53:24.173 7738 DEBUG neutron.agent.linux.utils [-] Running command: ['sudo', '/usr/bin/neutron-rootwrap', '/etc/neutron/rootwrap.conf', 'kill', '-9', '7740'] create_process /usr/lib/python2.7/dist-packages/neutron/agent/linux/utils.py:87
