Jun 22 04:22:05 gtw01 dnsmasq-dhcp[9115]: read /var/lib/neutron/dhcp/ab4fcaa3-a5e9-4854-8fb8-667dc01765b2/host
Jun 22 04:22:05 gtw01 dnsmasq-dhcp[9115]: read /var/lib/neutron/dhcp/ab4fcaa3-a5e9-4854-8fb8-667dc01765b2/opts
Jun 22 04:22:06 gtw01 dnsmasq[9115]: read /var/lib/neutron/dhcp/ab4fcaa3-a5e9-4854-8fb8-667dc01765b2/addn_hosts - 1 addresses
Jun 22 04:22:06 gtw01 dnsmasq-dhcp[9115]: read /var/lib/neutron/dhcp/ab4fcaa3-a5e9-4854-8fb8-667dc01765b2/host
Jun 22 04:22:06 gtw01 dnsmasq-dhcp[9115]: read /var/lib/neutron/dhcp/ab4fcaa3-a5e9-4854-8fb8-667dc01765b2/opts
Jun 22 04:22:07 gtw01 dnsmasq[9115]: read /var/lib/neutron/dhcp/ab4fcaa3-a5e9-4854-8fb8-667dc01765b2/addn_hosts - 2 addresses
Jun 22 04:22:07 gtw01 dnsmasq-dhcp[9115]: read /var/lib/neutron/dhcp/ab4fcaa3-a5e9-4854-8fb8-667dc01765b2/host
Jun 22 04:22:07 gtw01 dnsmasq-dhcp[9115]: read /var/lib/neutron/dhcp/ab4fcaa3-a5e9-4854-8fb8-667dc01765b2/opts
Jun 22 04:22:08 gtw01 dnsmasq[9115]: read /var/lib/neutron/dhcp/ab4fcaa3-a5e9-4854-8fb8-667dc01765b2/addn_hosts - 2 addresses
Jun 22 04:22:08 gtw01 dnsmasq-dhcp[9115]: read /var/lib/neutron/dhcp/ab4fcaa3-a5e9-4854-8fb8-667dc01765b2/host
Jun 22 04:22:08 gtw01 dnsmasq-dhcp[9115]: read /var/lib/neutron/dhcp/ab4fcaa3-a5e9-4854-8fb8-667dc01765b2/opts
Jun 22 04:22:09 gtw01 dnsmasq[9115]: read /var/lib/neutron/dhcp/ab4fcaa3-a5e9-4854-8fb8-667dc01765b2/addn_hosts - 2 addresses
Jun 22 04:22:09 gtw01 dnsmasq-dhcp[9115]: read /var/lib/neutron/dhcp/ab4fcaa3-a5e9-4854-8fb8-667dc01765b2/host
Jun 22 04:22:09 gtw01 dnsmasq-dhcp[9115]: read /var/lib/neutron/dhcp/ab4fcaa3-a5e9-4854-8fb8-667dc01765b2/opts
Jun 22 04:22:11 gtw01 kernel: [ 6319.901287] device tapa052bf2d-e7 left promiscuous mode
Jun 22 04:22:15 gtw01 systemd-udevd[9287]: Could not generate persistent MAC address for tap048b8534-14: No such file or directory
Jun 22 04:22:15 gtw01 kernel: [ 6323.975676] device tap048b8534-14 entered promiscuous mode
Jun 22 04:22:15 gtw01 systemd-udevd[9287]: Process '/sbin/ip link set tap048b8534-14 txqueuelen 10000' failed with exit code 1.
Jun 22 04:22:16 gtw01 systemd-udevd[9395]: Could not generate persistent MAC address for tap6a361ac9-43: No such file or directory
Jun 22 04:22:16 gtw01 kernel: [ 6325.174765] device tap6a361ac9-43 entered promiscuous mode
Jun 22 04:22:16 gtw01 systemd-udevd[9444]: Process '/sbin/ip link set tap6a361ac9-43 txqueuelen 10000' failed with exit code 1.
Jun 22 04:22:17 gtw01 systemd-udevd[9487]: Could not generate persistent MAC address for tap1a8d04b8-7f: No such file or directory
Jun 22 04:22:17 gtw01 kernel: [ 6325.914055] device tap1a8d04b8-7f entered promiscuous mode
Jun 22 04:22:17 gtw01 systemd-udevd[9533]: Process '/sbin/ip link set tap1a8d04b8-7f txqueuelen 10000' failed with exit code 1.
Jun 22 04:22:18 gtw01 dnsmasq[9637]: started, version 2.80 cachesize 150
Jun 22 04:22:18 gtw01 dnsmasq[9637]: DNS service limited to local subnets
Jun 22 04:22:18 gtw01 dnsmasq[9637]: compile time options: IPv6 GNU-getopt DBus i18n IDN DHCP DHCPv6 no-Lua TFTP conntrack ipset auth DNSSEC loop-detect inotify dumpfile
Jun 22 04:22:18 gtw01 dnsmasq[9637]: warning: no upstream servers configured
Jun 22 04:22:18 gtw01 dnsmasq-dhcp[9637]: DHCP, static leases only on 192.168.120.0, lease time 1h
Jun 22 04:22:18 gtw01 dnsmasq[9637]: read /var/lib/neutron/dhcp/1d044f13-324d-4da5-9c13-05e8719cc9cc/addn_hosts - 1 addresses
Jun 22 04:22:18 gtw01 dnsmasq-dhcp[9637]: read /var/lib/neutron/dhcp/1d044f13-324d-4da5-9c13-05e8719cc9cc/host
Jun 22 04:22:18 gtw01 dnsmasq-dhcp[9637]: read /var/lib/neutron/dhcp/1d044f13-324d-4da5-9c13-05e8719cc9cc/opts
Jun 22 04:22:19 gtw01 haproxy-metadata-proxy-1d044f13-324d-4da5-9c13-05e8719cc9cc[9651]: Proxy listener started.
Jun 22 04:22:19 gtw01 dnsmasq[9691]: started, version 2.80 cachesize 150
Jun 22 04:22:19 gtw01 dnsmasq[9691]: DNS service limited to local subnets
Jun 22 04:22:19 gtw01 dnsmasq[9691]: compile time options: IPv6 GNU-getopt DBus i18n IDN DHCP DHCPv6 no-Lua TFTP conntrack ipset auth DNSSEC loop-detect inotify dumpfile
Jun 22 04:22:19 gtw01 dnsmasq[9691]: warning: no upstream servers configured
Jun 22 04:22:19 gtw01 dnsmasq-dhcp[9691]: DHCP, static leases only on 192.168.120.0, lease time 1h
Jun 22 04:22:19 gtw01 dnsmasq[9691]: read /var/lib/neutron/dhcp/5301bbf5-7479-4f2b-b8bc-084dabcd482f/addn_hosts - 1 addresses
Jun 22 04:22:19 gtw01 dnsmasq-dhcp[9691]: read /var/lib/neutron/dhcp/5301bbf5-7479-4f2b-b8bc-084dabcd482f/host
Jun 22 04:22:19 gtw01 dnsmasq-dhcp[9691]: read /var/lib/neutron/dhcp/5301bbf5-7479-4f2b-b8bc-084dabcd482f/opts
Jun 22 04:22:20 gtw01 haproxy-metadata-proxy-5301bbf5-7479-4f2b-b8bc-084dabcd482f[9704]: Proxy listener started.
Jun 22 04:22:20 gtw01 kernel: [ 6329.210956] device tap048b8534-14 left promiscuous mode
Jun 22 04:22:20 gtw01 dnsmasq[9734]: started, version 2.80 cachesize 150
Jun 22 04:22:20 gtw01 dnsmasq[9734]: DNS service limited to local subnets
Jun 22 04:22:20 gtw01 dnsmasq[9734]: compile time options: IPv6 GNU-getopt DBus i18n IDN DHCP DHCPv6 no-Lua TFTP conntrack ipset auth DNSSEC loop-detect inotify dumpfile
Jun 22 04:22:20 gtw01 dnsmasq[9734]: warning: no upstream servers configured
Jun 22 04:22:20 gtw01 dnsmasq-dhcp[9734]: DHCP, static leases only on 192.168.120.16, lease time 1h
Jun 22 04:22:20 gtw01 dnsmasq[9734]: read /var/lib/neutron/dhcp/91cb86c2-5b18-4be7-86a9-45d3eead5892/addn_hosts - 1 addresses
Jun 22 04:22:20 gtw01 dnsmasq-dhcp[9734]: read /var/lib/neutron/dhcp/91cb86c2-5b18-4be7-86a9-45d3eead5892/host
Jun 22 04:22:20 gtw01 dnsmasq-dhcp[9734]: read /var/lib/neutron/dhcp/91cb86c2-5b18-4be7-86a9-45d3eead5892/opts
Jun 22 04:22:20 gtw01 kernel: [ 6329.730367] device tap6a361ac9-43 left promiscuous mode
Jun 22 04:22:20 gtw01 haproxy-metadata-proxy-91cb86c2-5b18-4be7-86a9-45d3eead5892[9742]: Proxy listener started.
Jun 22 04:22:21 gtw01 kernel: [ 6330.260010] device tap1a8d04b8-7f left promiscuous mode
Jun 22 04:22:22 gtw01 systemd-udevd[9780]: Could not generate persistent MAC address for tap048b8534-14: No such file or directory
Jun 22 04:22:22 gtw01 kernel: [ 6331.146448] device tap048b8534-14 entered promiscuous mode
Jun 22 04:22:22 gtw01 systemd-udevd[9780]: Process '/sbin/ip link set tap048b8534-14 txqueuelen 10000' failed with exit code 1.
Jun 22 04:22:22 gtw01 systemd-udevd[9780]: Process '/sbin/ip link set tap048b8534-14 txqueuelen 10000' failed with exit code 1.
Jun 22 04:22:24 gtw01 dnsmasq[9902]: started, version 2.80 cachesize 150
Jun 22 04:22:24 gtw01 dnsmasq[9902]: DNS service limited to local subnets
Jun 22 04:22:24 gtw01 dnsmasq[9902]: compile time options: IPv6 GNU-getopt DBus i18n IDN DHCP DHCPv6 no-Lua TFTP conntrack ipset auth DNSSEC loop-detect inotify dumpfile
Jun 22 04:22:24 gtw01 dnsmasq[9902]: warning: no upstream servers configured
Jun 22 04:22:24 gtw01 dnsmasq-dhcp[9902]: DHCP, static leases only on 192.168.120.16, lease time 1h
Jun 22 04:22:24 gtw01 dnsmasq[9902]: read /var/lib/neutron/dhcp/1d044f13-324d-4da5-9c13-05e8719cc9cc/addn_hosts - 1 addresses
Jun 22 04:22:24 gtw01 dnsmasq-dhcp[9902]: read /var/lib/neutron/dhcp/1d044f13-324d-4da5-9c13-05e8719cc9cc/host
Jun 22 04:22:24 gtw01 dnsmasq-dhcp[9902]: read /var/lib/neutron/dhcp/1d044f13-324d-4da5-9c13-05e8719cc9cc/opts
Jun 22 04:22:28 gtw01 dnsmasq[9970]: started, version 2.80 cachesize 150
Jun 22 04:22:28 gtw01 dnsmasq[9970]: DNS service limited to local subnets
Jun 22 04:22:28 gtw01 dnsmasq[9970]: compile time options: IPv6 GNU-getopt DBus i18n IDN DHCP DHCPv6 no-Lua TFTP conntrack ipset auth DNSSEC loop-detect inotify dumpfile
Jun 22 04:22:28 gtw01 dnsmasq[9970]: warning: no upstream servers configured
Jun 22 04:22:28 gtw01 dnsmasq-dhcp[9970]: DHCP, static leases only on 192.168.120.32, lease time 1h
Jun 22 04:22:28 gtw01 dnsmasq-dhcp[9970]: DHCP, static leases only on 192.168.120.0, lease time 1h
Jun 22 04:22:28 gtw01 dnsmasq-dhcp[9970]: DHCP, static leases only on 192.168.120.16, lease time 1h
Jun 22 04:22:28 gtw01 dnsmasq[9970]: read /var/lib/neutron/dhcp/1d044f13-324d-4da5-9c13-05e8719cc9cc/addn_hosts - 4 addresses
Jun 22 04:22:28 gtw01 dnsmasq-dhcp[9970]: read /var/lib/neutron/dhcp/1d044f13-324d-4da5-9c13-05e8719cc9cc/host
Jun 22 04:22:28 gtw01 dnsmasq-dhcp[9970]: read /var/lib/neutron/dhcp/1d044f13-324d-4da5-9c13-05e8719cc9cc/opts
Jun 22 04:22:28 gtw01 dnsmasq-dhcp[9970]: DHCPRELEASE(tap048b8534-14) 192.168.120.4 fa:16:3e:82:fb:07
Jun 22 04:22:29 gtw01 dnsmasq[9970]: read /var/lib/neutron/dhcp/1d044f13-324d-4da5-9c13-05e8719cc9cc/addn_hosts - 3 addresses
Jun 22 04:22:29 gtw01 dnsmasq-dhcp[9970]: read /var/lib/neutron/dhcp/1d044f13-324d-4da5-9c13-05e8719cc9cc/host
Jun 22 04:22:29 gtw01 dnsmasq-dhcp[9970]: read /var/lib/neutron/dhcp/1d044f13-324d-4da5-9c13-05e8719cc9cc/opts
Jun 22 04:22:31 gtw01 kernel: [ 6340.413149] device tap35b99287-9d entered promiscuous mode
Jun 22 04:22:31 gtw01 systemd-udevd[10058]: Could not generate persistent MAC address for tap35b99287-9d: No such file or directory
Jun 22 04:22:31 gtw01 systemd-udevd[10058]: Process '/sbin/ip link set tap35b99287-9d txqueuelen 10000' failed with exit code 1.
Jun 22 04:22:31 gtw01 systemd-udevd[10112]: Process '/sbin/ip link set tap35b99287-9d txqueuelen 10000' failed with exit code 1.
Jun 22 04:22:32 gtw01 dnsmasq[10155]: started, version 2.80 cachesize 150
Jun 22 04:22:32 gtw01 dnsmasq[10155]: DNS service limited to local subnets
Jun 22 04:22:32 gtw01 dnsmasq[10155]: compile time options: IPv6 GNU-getopt DBus i18n IDN DHCP DHCPv6 no-Lua TFTP conntrack ipset auth DNSSEC loop-detect inotify dumpfile
Jun 22 04:22:32 gtw01 dnsmasq[10155]: warning: no upstream servers configured
Jun 22 04:22:32 gtw01 dnsmasq-dhcp[10155]: DHCP, static leases only on 192.168.120.32, lease time 1h
Jun 22 04:22:32 gtw01 dnsmasq-dhcp[10155]: DHCP, static leases only on 192.168.120.16, lease time 1h
Jun 22 04:22:32 gtw01 dnsmasq[10155]: read /var/lib/neutron/dhcp/1d044f13-324d-4da5-9c13-05e8719cc9cc/addn_hosts - 2 addresses
Jun 22 04:22:32 gtw01 dnsmasq-dhcp[10155]: read /var/lib/neutron/dhcp/1d044f13-324d-4da5-9c13-05e8719cc9cc/host
Jun 22 04:22:32 gtw01 dnsmasq-dhcp[10155]: read /var/lib/neutron/dhcp/1d044f13-324d-4da5-9c13-05e8719cc9cc/opts
Jun 22 04:22:33 gtw01 kernel: [ 6342.297822] device tap048b8534-14 left promiscuous mode
Jun 22 04:22:33 gtw01 systemd-udevd[10194]: Could not generate persistent MAC address for tap0bfb0789-24: No such file or directory
Jun 22 04:22:33 gtw01 kernel: [ 6342.334700] device tap0bfb0789-24 entered promiscuous mode
Jun 22 04:22:33 gtw01 systemd-udevd[10194]: Process '/sbin/ip link set tap0bfb0789-24 txqueuelen 10000' failed with exit code 1.
Jun 22 04:22:33 gtw01 systemd-udevd[10194]: Process '/sbin/ip link set tap0bfb0789-24 txqueuelen 10000' failed with exit code 1.
Jun 22 04:22:34 gtw01 kernel: [ 6343.747309] device tape4b15757-fa entered promiscuous mode
Jun 22 04:22:34 gtw01 systemd-udevd[10338]: Could not generate persistent MAC address for tape4b15757-fa: No such file or directory
Jun 22 04:22:34 gtw01 systemd-udevd[10338]: Process '/sbin/ip link set tape4b15757-fa txqueuelen 10000' failed with exit code 1.
Jun 22 04:22:34 gtw01 systemd-udevd[10395]: Process '/sbin/ip link set tape4b15757-fa txqueuelen 10000' failed with exit code 1.
Jun 22 04:22:35 gtw01 dnsmasq[10421]: started, version 2.80 cachesize 150
Jun 22 04:22:35 gtw01 dnsmasq[10421]: DNS service limited to local subnets
Jun 22 04:22:35 gtw01 dnsmasq[10421]: compile time options: IPv6 GNU-getopt DBus i18n IDN DHCP DHCPv6 no-Lua TFTP conntrack ipset auth DNSSEC loop-detect inotify dumpfile
Jun 22 04:22:35 gtw01 dnsmasq[10421]: warning: no upstream servers configured
Jun 22 04:22:35 gtw01 dnsmasq-dhcp[10421]: DHCPv6, static leases only on 2003::, lease time 1h
Jun 22 04:22:35 gtw01 dnsmasq[10421]: read /var/lib/neutron/dhcp/1073aa77-a377-446d-a93e-20e4a0340f45/addn_hosts - 1 addresses
Jun 22 04:22:35 gtw01 dnsmasq-dhcp[10421]: read /var/lib/neutron/dhcp/1073aa77-a377-446d-a93e-20e4a0340f45/host
Jun 22 04:22:35 gtw01 dnsmasq-dhcp[10421]: read /var/lib/neutron/dhcp/1073aa77-a377-446d-a93e-20e4a0340f45/opts
Jun 22 04:22:36 gtw01 dnsmasq[10421]: read /var/lib/neutron/dhcp/1073aa77-a377-446d-a93e-20e4a0340f45/addn_hosts - 1 addresses
Jun 22 04:22:36 gtw01 dnsmasq-dhcp[10421]: read /var/lib/neutron/dhcp/1073aa77-a377-446d-a93e-20e4a0340f45/host
Jun 22 04:22:36 gtw01 dnsmasq-dhcp[10421]: read /var/lib/neutron/dhcp/1073aa77-a377-446d-a93e-20e4a0340f45/opts
Jun 22 04:22:37 gtw01 dnsmasq[10421]: read /var/lib/neutron/dhcp/1073aa77-a377-446d-a93e-20e4a0340f45/addn_hosts - 1 addresses
Jun 22 04:22:37 gtw01 dnsmasq-dhcp[10421]: read /var/lib/neutron/dhcp/1073aa77-a377-446d-a93e-20e4a0340f45/host
Jun 22 04:22:37 gtw01 dnsmasq-dhcp[10421]: read /var/lib/neutron/dhcp/1073aa77-a377-446d-a93e-20e4a0340f45/opts
Jun 22 04:22:37 gtw01 dnsmasq[10536]: started, version 2.80 cachesize 150
Jun 22 04:22:37 gtw01 dnsmasq[10536]: DNS service limited to local subnets
Jun 22 04:22:37 gtw01 dnsmasq[10536]: compile time options: IPv6 GNU-getopt DBus i18n IDN DHCP DHCPv6 no-Lua TFTP conntrack ipset auth DNSSEC loop-detect inotify dumpfile
Jun 22 04:22:37 gtw01 dnsmasq[10536]: warning: no upstream servers configured
Jun 22 04:22:37 gtw01 dnsmasq-dhcp[10536]: DHCPv6, static leases only on 2003::, lease time 1h
Jun 22 04:22:37 gtw01 dnsmasq[10536]: read /var/lib/neutron/dhcp/a03dff24-d01a-4340-9ba0-c868015c94ba/addn_hosts - 1 addresses
Jun 22 04:22:37 gtw01 dnsmasq-dhcp[10536]: read /var/lib/neutron/dhcp/a03dff24-d01a-4340-9ba0-c868015c94ba/host
Jun 22 04:22:37 gtw01 dnsmasq-dhcp[10536]: read /var/lib/neutron/dhcp/a03dff24-d01a-4340-9ba0-c868015c94ba/opts
Jun 22 04:22:38 gtw01 dnsmasq[10421]: read /var/lib/neutron/dhcp/1073aa77-a377-446d-a93e-20e4a0340f45/addn_hosts - 1 addresses
Jun 22 04:22:38 gtw01 dnsmasq-dhcp[10421]: read /var/lib/neutron/dhcp/1073aa77-a377-446d-a93e-20e4a0340f45/host
Jun 22 04:22:38 gtw01 dnsmasq-dhcp[10421]: read /var/lib/neutron/dhcp/1073aa77-a377-446d-a93e-20e4a0340f45/opts
Jun 22 04:22:38 gtw01 dnsmasq[10536]: read /var/lib/neutron/dhcp/a03dff24-d01a-4340-9ba0-c868015c94ba/addn_hosts - 2 addresses
Jun 22 04:22:38 gtw01 dnsmasq-dhcp[10536]: read /var/lib/neutron/dhcp/a03dff24-d01a-4340-9ba0-c868015c94ba/host
Jun 22 04:22:38 gtw01 dnsmasq-dhcp[10536]: read /var/lib/neutron/dhcp/a03dff24-d01a-4340-9ba0-c868015c94ba/opts
Jun 22 04:22:38 gtw01 dnsmasq[10597]: started, version 2.80 cachesize 150
Jun 22 04:22:38 gtw01 dnsmasq[10597]: DNS service limited to local subnets
Jun 22 04:22:38 gtw01 dnsmasq[10597]: compile time options: IPv6 GNU-getopt DBus i18n IDN DHCP DHCPv6 no-Lua TFTP conntrack ipset auth DNSSEC loop-detect inotify dumpfile
Jun 22 04:22:38 gtw01 dnsmasq[10597]: warning: no upstream servers configured
Jun 22 04:22:38 gtw01 dnsmasq-dhcp[10597]: DHCPv6, static leases only on 2003::, lease time 1h
Jun 22 04:22:38 gtw01 dnsmasq[10597]: read /var/lib/neutron/dhcp/d95c0229-76c3-4776-b1d4-e6c1c302e708/addn_hosts - 1 addresses
Jun 22 04:22:38 gtw01 dnsmasq-dhcp[10597]: read /var/lib/neutron/dhcp/d95c0229-76c3-4776-b1d4-e6c1c302e708/host
Jun 22 04:22:38 gtw01 dnsmasq-dhcp[10597]: read /var/lib/neutron/dhcp/d95c0229-76c3-4776-b1d4-e6c1c302e708/opts
Jun 22 04:22:39 gtw01 dnsmasq[10597]: read /var/lib/neutron/dhcp/d95c0229-76c3-4776-b1d4-e6c1c302e708/addn_hosts - 1 addresses
Jun 22 04:22:39 gtw01 dnsmasq-dhcp[10597]: read /var/lib/neutron/dhcp/d95c0229-76c3-4776-b1d4-e6c1c302e708/host
Jun 22 04:22:39 gtw01 dnsmasq-dhcp[10597]: read /var/lib/neutron/dhcp/d95c0229-76c3-4776-b1d4-e6c1c302e708/opts
Jun 22 04:22:39 gtw01 dnsmasq[10536]: read /var/lib/neutron/dhcp/a03dff24-d01a-4340-9ba0-c868015c94ba/addn_hosts - 2 addresses
Jun 22 04:22:39 gtw01 dnsmasq-dhcp[10536]: read /var/lib/neutron/dhcp/a03dff24-d01a-4340-9ba0-c868015c94ba/host
Jun 22 04:22:39 gtw01 dnsmasq-dhcp[10536]: read /var/lib/neutron/dhcp/a03dff24-d01a-4340-9ba0-c868015c94ba/opts
Jun 22 04:22:40 gtw01 dnsmasq[10597]: read /var/lib/neutron/dhcp/d95c0229-76c3-4776-b1d4-e6c1c302e708/addn_hosts - 1 addresses
Jun 22 04:22:40 gtw01 dnsmasq-dhcp[10597]: read /var/lib/neutron/dhcp/d95c0229-76c3-4776-b1d4-e6c1c302e708/host
Jun 22 04:22:40 gtw01 dnsmasq-dhcp[10597]: read /var/lib/neutron/dhcp/d95c0229-76c3-4776-b1d4-e6c1c302e708/opts
Jun 22 04:22:40 gtw01 dnsmasq[10536]: read /var/lib/neutron/dhcp/a03dff24-d01a-4340-9ba0-c868015c94ba/addn_hosts - 2 addresses
Jun 22 04:22:40 gtw01 dnsmasq-dhcp[10536]: read /var/lib/neutron/dhcp/a03dff24-d01a-4340-9ba0-c868015c94ba/host
Jun 22 04:22:40 gtw01 dnsmasq-dhcp[10536]: read /var/lib/neutron/dhcp/a03dff24-d01a-4340-9ba0-c868015c94ba/opts
Jun 22 04:22:41 gtw01 dnsmasq[10597]: read /var/lib/neutron/dhcp/d95c0229-76c3-4776-b1d4-e6c1c302e708/addn_hosts - 1 addresses
Jun 22 04:22:41 gtw01 dnsmasq-dhcp[10597]: read /var/lib/neutron/dhcp/d95c0229-76c3-4776-b1d4-e6c1c302e708/host
Jun 22 04:22:41 gtw01 dnsmasq-dhcp[10597]: read /var/lib/neutron/dhcp/d95c0229-76c3-4776-b1d4-e6c1c302e708/opts
Jun 22 04:22:41 gtw01 dnsmasq[10536]: read /var/lib/neutron/dhcp/a03dff24-d01a-4340-9ba0-c868015c94ba/addn_hosts - 2 addresses
Jun 22 04:22:41 gtw01 dnsmasq-dhcp[10536]: read /var/lib/neutron/dhcp/a03dff24-d01a-4340-9ba0-c868015c94ba/host
Jun 22 04:22:41 gtw01 dnsmasq-dhcp[10536]: read /var/lib/neutron/dhcp/a03dff24-d01a-4340-9ba0-c868015c94ba/opts
Jun 22 04:22:42 gtw01 dnsmasq[10536]: read /var/lib/neutron/dhcp/a03dff24-d01a-4340-9ba0-c868015c94ba/addn_hosts - 2 addresses
Jun 22 04:22:42 gtw01 dnsmasq-dhcp[10536]: read /var/lib/neutron/dhcp/a03dff24-d01a-4340-9ba0-c868015c94ba/host
Jun 22 04:22:42 gtw01 dnsmasq-dhcp[10536]: read /var/lib/neutron/dhcp/a03dff24-d01a-4340-9ba0-c868015c94ba/opts
Jun 22 04:22:42 gtw01 dnsmasq[10536]: read /var/lib/neutron/dhcp/a03dff24-d01a-4340-9ba0-c868015c94ba/addn_hosts - 1 addresses
Jun 22 04:22:42 gtw01 dnsmasq-dhcp[10536]: read /var/lib/neutron/dhcp/a03dff24-d01a-4340-9ba0-c868015c94ba/host
Jun 22 04:22:43 gtw01 dnsmasq-dhcp[10536]: read /var/lib/neutron/dhcp/a03dff24-d01a-4340-9ba0-c868015c94ba/opts
Jun 22 04:22:44 gtw01 systemd-udevd[10782]: Could not generate persistent MAC address for tap2ea54baf-33: No such file or directory
Jun 22 04:22:44 gtw01 kernel: [ 6353.347642] device tap2ea54baf-33 entered promiscuous mode
Jun 22 04:22:44 gtw01 systemd-udevd[10828]: Process '/sbin/ip link set tap2ea54baf-33 txqueuelen 10000' failed with exit code 1.
Jun 22 04:22:44 gtw01 systemd-udevd[10852]: Could not generate persistent MAC address for tap97a37e19-b8: No such file or directory
Jun 22 04:22:44 gtw01 kernel: [ 6353.616253] device tap97a37e19-b8 entered promiscuous mode
Jun 22 04:22:44 gtw01 systemd-udevd[10852]: Process '/sbin/ip link set tap97a37e19-b8 txqueuelen 10000' failed with exit code 1.
Jun 22 04:22:44 gtw01 systemd-udevd[10852]: Process '/sbin/ip link set tap97a37e19-b8 txqueuelen 10000' failed with exit code 1.
Jun 22 04:22:45 gtw01 dnsmasq[10421]: read /var/lib/neutron/dhcp/1073aa77-a377-446d-a93e-20e4a0340f45/addn_hosts - 2 addresses
Jun 22 04:22:45 gtw01 dnsmasq-dhcp[10421]: read /var/lib/neutron/dhcp/1073aa77-a377-446d-a93e-20e4a0340f45/host
Jun 22 04:22:45 gtw01 dnsmasq-dhcp[10421]: read /var/lib/neutron/dhcp/1073aa77-a377-446d-a93e-20e4a0340f45/opts
Jun 22 04:22:46 gtw01 dnsmasq[10421]: read /var/lib/neutron/dhcp/1073aa77-a377-446d-a93e-20e4a0340f45/addn_hosts - 2 addresses
Jun 22 04:22:46 gtw01 dnsmasq-dhcp[10421]: read /var/lib/neutron/dhcp/1073aa77-a377-446d-a93e-20e4a0340f45/host
Jun 22 04:22:46 gtw01 dnsmasq-dhcp[10421]: read /var/lib/neutron/dhcp/1073aa77-a377-446d-a93e-20e4a0340f45/opts
Jun 22 04:22:46 gtw01 systemd-udevd[11010]: Could not generate persistent MAC address for tapbc810877-c9: No such file or directory
Jun 22 04:22:46 gtw01 kernel: [ 6355.263228] device tapbc810877-c9 entered promiscuous mode
Jun 22 04:22:46 gtw01 systemd-udevd[11010]: Process '/sbin/ip link set tapbc810877-c9 txqueuelen 10000' failed with exit code 1.
Jun 22 04:22:46 gtw01 systemd-udevd[11064]: Process '/sbin/ip link set tapbc810877-c9 txqueuelen 10000' failed with exit code 1.
Jun 22 04:22:48 gtw01 dnsmasq[11176]: started, version 2.80 cachesize 150
Jun 22 04:22:48 gtw01 dnsmasq[11176]: DNS service limited to local subnets
Jun 22 04:22:48 gtw01 dnsmasq[11176]: compile time options: IPv6 GNU-getopt DBus i18n IDN DHCP DHCPv6 no-Lua TFTP conntrack ipset auth DNSSEC loop-detect inotify dumpfile
Jun 22 04:22:48 gtw01 dnsmasq[11176]: warning: no upstream servers configured
Jun 22 04:22:48 gtw01 dnsmasq-dhcp[11176]: DHCPv6, static leases only on 2003::, lease time 1h
Jun 22 04:22:48 gtw01 dnsmasq[11176]: read /var/lib/neutron/dhcp/6c0fa894-8e82-41b0-812d-b593b5793dbb/addn_hosts - 1 addresses
Jun 22 04:22:48 gtw01 dnsmasq-dhcp[11176]: read /var/lib/neutron/dhcp/6c0fa894-8e82-41b0-812d-b593b5793dbb/host
Jun 22 04:22:48 gtw01 dnsmasq-dhcp[11176]: read /var/lib/neutron/dhcp/6c0fa894-8e82-41b0-812d-b593b5793dbb/opts
Jun 22 04:22:48 gtw01 dnsmasq[11183]: started, version 2.80 cachesize 150
Jun 22 04:22:48 gtw01 dnsmasq[11183]: DNS service limited to local subnets
Jun 22 04:22:48 gtw01 dnsmasq[11183]: compile time options: IPv6 GNU-getopt DBus i18n IDN DHCP DHCPv6 no-Lua TFTP conntrack ipset auth DNSSEC loop-detect inotify dumpfile
Jun 22 04:22:48 gtw01 dnsmasq[11183]: warning: no upstream servers configured
Jun 22 04:22:48 gtw01 dnsmasq-dhcp[11183]: DHCPv6, static leases only on 2003:0:1::, lease time 1h
Jun 22 04:22:48 gtw01 dnsmasq[11183]: read /var/lib/neutron/dhcp/e797e8b3-cf15-480b-86e8-e155709c3f9e/addn_hosts - 1 addresses
Jun 22 04:22:48 gtw01 dnsmasq-dhcp[11183]: read /var/lib/neutron/dhcp/e797e8b3-cf15-480b-86e8-e155709c3f9e/host
Jun 22 04:22:48 gtw01 dnsmasq-dhcp[11183]: read /var/lib/neutron/dhcp/e797e8b3-cf15-480b-86e8-e155709c3f9e/opts
Jun 22 04:22:49 gtw01 dnsmasq[10421]: read /var/lib/neutron/dhcp/1073aa77-a377-446d-a93e-20e4a0340f45/addn_hosts - 1 addresses
Jun 22 04:22:49 gtw01 dnsmasq-dhcp[10421]: read /var/lib/neutron/dhcp/1073aa77-a377-446d-a93e-20e4a0340f45/host
Jun 22 04:22:49 gtw01 dnsmasq-dhcp[10421]: read /var/lib/neutron/dhcp/1073aa77-a377-446d-a93e-20e4a0340f45/opts
Jun 22 04:22:49 gtw01 dnsmasq[11176]: read /var/lib/neutron/dhcp/6c0fa894-8e82-41b0-812d-b593b5793dbb/addn_hosts - 2 addresses
Jun 22 04:22:49 gtw01 dnsmasq-dhcp[11176]: read /var/lib/neutron/dhcp/6c0fa894-8e82-41b0-812d-b593b5793dbb/host
Jun 22 04:22:49 gtw01 dnsmasq-dhcp[11176]: read /var/lib/neutron/dhcp/6c0fa894-8e82-41b0-812d-b593b5793dbb/opts
Jun 22 04:22:49 gtw01 dnsmasq[11183]: read /var/lib/neutron/dhcp/e797e8b3-cf15-480b-86e8-e155709c3f9e/addn_hosts - 1 addresses
Jun 22 04:22:49 gtw01 dnsmasq-dhcp[11183]: read /var/lib/neutron/dhcp/e797e8b3-cf15-480b-86e8-e155709c3f9e/host
Jun 22 04:22:49 gtw01 dnsmasq-dhcp[11183]: read /var/lib/neutron/dhcp/e797e8b3-cf15-480b-86e8-e155709c3f9e/opts
Jun 22 04:22:50 gtw01 dnsmasq[11285]: started, version 2.80 cachesize 150
Jun 22 04:22:50 gtw01 dnsmasq[11285]: DNS service limited to local subnets
Jun 22 04:22:50 gtw01 dnsmasq[11285]: compile time options: IPv6 GNU-getopt DBus i18n IDN DHCP DHCPv6 no-Lua TFTP conntrack ipset auth DNSSEC loop-detect inotify dumpfile
Jun 22 04:22:50 gtw01 dnsmasq[11285]: warning: no upstream servers configured
Jun 22 04:22:50 gtw01 dnsmasq-dhcp[11285]: DHCPv6, static leases only on 2003:0:1::, lease time 1h
Jun 22 04:22:50 gtw01 dnsmasq[11285]: read /var/lib/neutron/dhcp/f8e116fe-31e1-428a-a918-187f6f00f6d1/addn_hosts - 1 addresses
Jun 22 04:22:50 gtw01 dnsmasq-dhcp[11285]: read /var/lib/neutron/dhcp/f8e116fe-31e1-428a-a918-187f6f00f6d1/host
Jun 22 04:22:50 gtw01 dnsmasq-dhcp[11285]: read /var/lib/neutron/dhcp/f8e116fe-31e1-428a-a918-187f6f00f6d1/opts
Jun 22 04:22:50 gtw01 dnsmasq[11176]: read /var/lib/neutron/dhcp/6c0fa894-8e82-41b0-812d-b593b5793dbb/addn_hosts - 2 addresses
Jun 22 04:22:50 gtw01 dnsmasq-dhcp[11176]: read /var/lib/neutron/dhcp/6c0fa894-8e82-41b0-812d-b593b5793dbb/host
Jun 22 04:22:50 gtw01 dnsmasq-dhcp[11176]: read /var/lib/neutron/dhcp/6c0fa894-8e82-41b0-812d-b593b5793dbb/opts
Jun 22 04:22:50 gtw01 dnsmasq[11183]: read /var/lib/neutron/dhcp/e797e8b3-cf15-480b-86e8-e155709c3f9e/addn_hosts - 1 addresses
Jun 22 04:22:50 gtw01 dnsmasq-dhcp[11183]: read /var/lib/neutron/dhcp/e797e8b3-cf15-480b-86e8-e155709c3f9e/host
Jun 22 04:22:50 gtw01 dnsmasq-dhcp[11183]: read /var/lib/neutron/dhcp/e797e8b3-cf15-480b-86e8-e155709c3f9e/opts
Jun 22 04:22:51 gtw01 dnsmasq[11285]: read /var/lib/neutron/dhcp/f8e116fe-31e1-428a-a918-187f6f00f6d1/addn_hosts - 2 addresses
Jun 22 04:22:51 gtw01 dnsmasq-dhcp[11285]: read /var/lib/neutron/dhcp/f8e116fe-31e1-428a-a918-187f6f00f6d1/host
Jun 22 04:22:51 gtw01 dnsmasq-dhcp[11285]: read /var/lib/neutron/dhcp/f8e116fe-31e1-428a-a918-187f6f00f6d1/opts
Jun 22 04:22:51 gtw01 dnsmasq[11176]: read /var/lib/neutron/dhcp/6c0fa894-8e82-41b0-812d-b593b5793dbb/addn_hosts - 2 addresses
Jun 22 04:22:51 gtw01 dnsmasq-dhcp[11176]: read /var/lib/neutron/dhcp/6c0fa894-8e82-41b0-812d-b593b5793dbb/host
Jun 22 04:22:51 gtw01 dnsmasq-dhcp[11176]: read /var/lib/neutron/dhcp/6c0fa894-8e82-41b0-812d-b593b5793dbb/opts
Jun 22 04:22:51 gtw01 dnsmasq[11183]: read /var/lib/neutron/dhcp/e797e8b3-cf15-480b-86e8-e155709c3f9e/addn_hosts - 1 addresses
Jun 22 04:22:51 gtw01 dnsmasq-dhcp[11183]: read /var/lib/neutron/dhcp/e797e8b3-cf15-480b-86e8-e155709c3f9e/host
Jun 22 04:22:51 gtw01 dnsmasq-dhcp[11183]: read /var/lib/neutron/dhcp/e797e8b3-cf15-480b-86e8-e155709c3f9e/opts
Jun 22 04:22:52 gtw01 dnsmasq[11285]: read /var/lib/neutron/dhcp/f8e116fe-31e1-428a-a918-187f6f00f6d1/addn_hosts - 2 addresses
Jun 22 04:22:52 gtw01 dnsmasq-dhcp[11285]: read /var/lib/neutron/dhcp/f8e116fe-31e1-428a-a918-187f6f00f6d1/host
Jun 22 04:22:52 gtw01 dnsmasq-dhcp[11285]: read /var/lib/neutron/dhcp/f8e116fe-31e1-428a-a918-187f6f00f6d1/opts
Jun 22 04:22:52 gtw01 dnsmasq[11176]: read /var/lib/neutron/dhcp/6c0fa894-8e82-41b0-812d-b593b5793dbb/addn_hosts - 2 addresses
Jun 22 04:22:52 gtw01 dnsmasq-dhcp[11176]: read /var/lib/neutron/dhcp/6c0fa894-8e82-41b0-812d-b593b5793dbb/host
Jun 22 04:22:52 gtw01 dnsmasq-dhcp[11176]: read /var/lib/neutron/dhcp/6c0fa894-8e82-41b0-812d-b593b5793dbb/opts
Jun 22 04:22:52 gtw01 kernel: [ 6361.354856] device tap97a37e19-b8 left promiscuous mode
Jun 22 04:22:53 gtw01 dnsmasq[11285]: read /var/lib/neutron/dhcp/f8e116fe-31e1-428a-a918-187f6f00f6d1/addn_hosts - 2 addresses
Jun 22 04:22:53 gtw01 dnsmasq-dhcp[11285]: read /var/lib/neutron/dhcp/f8e116fe-31e1-428a-a918-187f6f00f6d1/host
Jun 22 04:22:53 gtw01 dnsmasq-dhcp[11285]: read /var/lib/neutron/dhcp/f8e116fe-31e1-428a-a918-187f6f00f6d1/opts
Jun 22 04:22:53 gtw01 dnsmasq[11176]: read /var/lib/neutron/dhcp/6c0fa894-8e82-41b0-812d-b593b5793dbb/addn_hosts - 2 addresses
Jun 22 04:22:53 gtw01 dnsmasq-dhcp[11176]: read /var/lib/neutron/dhcp/6c0fa894-8e82-41b0-812d-b593b5793dbb/host
Jun 22 04:22:53 gtw01 dnsmasq-dhcp[11176]: read /var/lib/neutron/dhcp/6c0fa894-8e82-41b0-812d-b593b5793dbb/opts
Jun 22 04:22:53 gtw01 dnsmasq[11285]: read /var/lib/neutron/dhcp/f8e116fe-31e1-428a-a918-187f6f00f6d1/addn_hosts - 2 addresses
Jun 22 04:22:53 gtw01 dnsmasq-dhcp[11285]: read /var/lib/neutron/dhcp/f8e116fe-31e1-428a-a918-187f6f00f6d1/host
Jun 22 04:22:53 gtw01 dnsmasq-dhcp[11285]: read /var/lib/neutron/dhcp/f8e116fe-31e1-428a-a918-187f6f00f6d1/opts
Jun 22 04:22:54 gtw01 dnsmasq[11285]: read /var/lib/neutron/dhcp/f8e116fe-31e1-428a-a918-187f6f00f6d1/addn_hosts - 2 addresses
Jun 22 04:22:54 gtw01 dnsmasq-dhcp[11285]: read /var/lib/neutron/dhcp/f8e116fe-31e1-428a-a918-187f6f00f6d1/host
Jun 22 04:22:54 gtw01 dnsmasq-dhcp[11285]: read /var/lib/neutron/dhcp/f8e116fe-31e1-428a-a918-187f6f00f6d1/opts
Jun 22 04:22:55 gtw01 dnsmasq[11285]: read /var/lib/neutron/dhcp/f8e116fe-31e1-428a-a918-187f6f00f6d1/addn_hosts - 1 addresses
Jun 22 04:22:55 gtw01 dnsmasq-dhcp[11285]: read /var/lib/neutron/dhcp/f8e116fe-31e1-428a-a918-187f6f00f6d1/host
Jun 22 04:22:55 gtw01 dnsmasq-dhcp[11285]: read /var/lib/neutron/dhcp/f8e116fe-31e1-428a-a918-187f6f00f6d1/opts
Jun 22 04:22:56 gtw01 kernel: [ 6364.974486] device tape4b15757-fa left promiscuous mode
Jun 22 04:22:58 gtw01 kernel: [ 6366.879605] device tap0bfb0789-24 left promiscuous mode
Jun 22 04:22:58 gtw01 dnsmasq[11176]: read /var/lib/neutron/dhcp/6c0fa894-8e82-41b0-812d-b593b5793dbb/addn_hosts - 1 addresses
Jun 22 04:22:58 gtw01 dnsmasq-dhcp[11176]: read /var/lib/neutron/dhcp/6c0fa894-8e82-41b0-812d-b593b5793dbb/host
Jun 22 04:22:58 gtw01 dnsmasq-dhcp[11176]: read /var/lib/neutron/dhcp/6c0fa894-8e82-41b0-812d-b593b5793dbb/opts
Jun 22 04:23:01 gtw01 kernel: [ 6370.470129] device tapbc810877-c9 left promiscuous mode
Jun 22 04:23:01 gtw01 kernel: [ 6370.548237] device tap35b99287-9d left promiscuous mode
Jun 22 04:23:03 gtw01 kernel: [ 6372.576224] device tap2ea54baf-33 left promiscuous mode
Jun 22 04:23:08 gtw01 kernel: [ 6377.695883] device tap9bac8da5-f4 entered promiscuous mode
Jun 22 04:23:08 gtw01 systemd-udevd[11673]: Could not generate persistent MAC address for tap9bac8da5-f4: No such file or directory
Jun 22 04:23:08 gtw01 systemd-udevd[11673]: Process '/sbin/ip link set tap9bac8da5-f4 txqueuelen 10000' failed with exit code 1.
Jun 22 04:23:08 gtw01 systemd-udevd[11673]: Process '/sbin/ip link set tap9bac8da5-f4 txqueuelen 10000' failed with exit code 1.
Jun 22 04:23:12 gtw01 dnsmasq[11811]: started, version 2.80 cachesize 150
Jun 22 04:23:12 gtw01 dnsmasq[11811]: DNS service limited to local subnets
Jun 22 04:23:12 gtw01 dnsmasq[11811]: compile time options: IPv6 GNU-getopt DBus i18n IDN DHCP DHCPv6 no-Lua TFTP conntrack ipset auth DNSSEC loop-detect inotify dumpfile
Jun 22 04:23:12 gtw01 dnsmasq[11811]: warning: no upstream servers configured
Jun 22 04:23:12 gtw01 dnsmasq-dhcp[11811]: DHCPv6, static leases only on 2003::, lease time 1h
Jun 22 04:23:12 gtw01 dnsmasq[11811]: read /var/lib/neutron/dhcp/2000ca24-b65d-4da9-8f38-7cbe4a1bf37c/addn_hosts - 1 addresses
Jun 22 04:23:12 gtw01 dnsmasq-dhcp[11811]: read /var/lib/neutron/dhcp/2000ca24-b65d-4da9-8f38-7cbe4a1bf37c/host
Jun 22 04:23:12 gtw01 dnsmasq-dhcp[11811]: read /var/lib/neutron/dhcp/2000ca24-b65d-4da9-8f38-7cbe4a1bf37c/opts
Jun 22 04:23:12 gtw01 systemd-udevd[11825]: Could not generate persistent MAC address for tap1b86aae0-22: No such file or directory
Jun 22 04:23:12 gtw01 kernel: [ 6381.438593] device tap1b86aae0-22 entered promiscuous mode
Jun 22 04:23:12 gtw01 systemd-udevd[11869]: Process '/sbin/ip link set tap1b86aae0-22 txqueuelen 10000' failed with exit code 1.
Jun 22 04:23:12 gtw01 dnsmasq[11811]: read /var/lib/neutron/dhcp/2000ca24-b65d-4da9-8f38-7cbe4a1bf37c/addn_hosts - 2 addresses
Jun 22 04:23:12 gtw01 dnsmasq-dhcp[11811]: read /var/lib/neutron/dhcp/2000ca24-b65d-4da9-8f38-7cbe4a1bf37c/host
Jun 22 04:23:12 gtw01 dnsmasq-dhcp[11811]: read /var/lib/neutron/dhcp/2000ca24-b65d-4da9-8f38-7cbe4a1bf37c/opts
Jun 22 04:23:13 gtw01 dnsmasq[11811]: read /var/lib/neutron/dhcp/2000ca24-b65d-4da9-8f38-7cbe4a1bf37c/addn_hosts - 2 addresses
Jun 22 04:23:13 gtw01 dnsmasq-dhcp[11811]: read /var/lib/neutron/dhcp/2000ca24-b65d-4da9-8f38-7cbe4a1bf37c/host
Jun 22 04:23:13 gtw01 dnsmasq-dhcp[11811]: read /var/lib/neutron/dhcp/2000ca24-b65d-4da9-8f38-7cbe4a1bf37c/opts
Jun 22 04:23:14 gtw01 systemd-udevd[11987]: Could not generate persistent MAC address for tapa0c72e00-ef: No such file or directory
Jun 22 04:23:14 gtw01 kernel: [ 6383.474944] device tapa0c72e00-ef entered promiscuous mode
Jun 22 04:23:14 gtw01 systemd-udevd[11987]: Process '/sbin/ip link set tapa0c72e00-ef txqueuelen 10000' failed with exit code 1.
Jun 22 04:23:14 gtw01 systemd-udevd[11987]: Process '/sbin/ip link set tapa0c72e00-ef txqueuelen 10000' failed with exit code 1.
Jun 22 04:23:15 gtw01 dnsmasq[11811]: read /var/lib/neutron/dhcp/2000ca24-b65d-4da9-8f38-7cbe4a1bf37c/addn_hosts - 2 addresses
Jun 22 04:23:15 gtw01 dnsmasq-dhcp[11811]: read /var/lib/neutron/dhcp/2000ca24-b65d-4da9-8f38-7cbe4a1bf37c/host
Jun 22 04:23:15 gtw01 dnsmasq-dhcp[11811]: read /var/lib/neutron/dhcp/2000ca24-b65d-4da9-8f38-7cbe4a1bf37c/opts
Jun 22 04:23:15 gtw01 systemd-udevd[12117]: Could not generate persistent MAC address for tapf682dd43-5c: No such file or directory
Jun 22 04:23:15 gtw01 kernel: [ 6384.522810] device tapf682dd43-5c entered promiscuous mode
Jun 22 04:23:15 gtw01 systemd-udevd[12117]: Process '/sbin/ip link set tapf682dd43-5c txqueuelen 10000' failed with exit code 1.
Jun 22 04:23:15 gtw01 systemd-udevd[12178]: Process '/sbin/ip link set tapf682dd43-5c txqueuelen 10000' failed with exit code 1.
Jun 22 04:23:16 gtw01 dnsmasq[11811]: read /var/lib/neutron/dhcp/2000ca24-b65d-4da9-8f38-7cbe4a1bf37c/addn_hosts - 2 addresses
Jun 22 04:23:16 gtw01 dnsmasq-dhcp[11811]: read /var/lib/neutron/dhcp/2000ca24-b65d-4da9-8f38-7cbe4a1bf37c/host
Jun 22 04:23:16 gtw01 dnsmasq-dhcp[11811]: read /var/lib/neutron/dhcp/2000ca24-b65d-4da9-8f38-7cbe4a1bf37c/opts
Jun 22 04:23:16 gtw01 dnsmasq[12233]: started, version 2.80 cachesize 150
Jun 22 04:23:16 gtw01 dnsmasq[12233]: DNS service limited to local subnets
Jun 22 04:23:16 gtw01 dnsmasq[12233]: compile time options: IPv6 GNU-getopt DBus i18n IDN DHCP DHCPv6 no-Lua TFTP conntrack ipset auth DNSSEC loop-detect inotify dumpfile
Jun 22 04:23:16 gtw01 dnsmasq[12233]: warning: no upstream servers configured
Jun 22 04:23:16 gtw01 dnsmasq-dhcp[12233]: DHCP, static leases only on 192.168.120.0, lease time 1h
Jun 22 04:23:16 gtw01 dnsmasq[12233]: read /var/lib/neutron/dhcp/3213206c-7fec-4e53-a565-0178ef81a242/addn_hosts - 1 addresses
Jun 22 04:23:16 gtw01 dnsmasq-dhcp[12233]: read /var/lib/neutron/dhcp/3213206c-7fec-4e53-a565-0178ef81a242/host
Jun 22 04:23:16 gtw01 dnsmasq-dhcp[12233]: read /var/lib/neutron/dhcp/3213206c-7fec-4e53-a565-0178ef81a242/opts
Jun 22 04:23:16 gtw01 haproxy-metadata-proxy-3213206c-7fec-4e53-a565-0178ef81a242[12243]: Proxy listener started.
Jun 22 04:23:17 gtw01 dnsmasq[11811]: read /var/lib/neutron/dhcp/2000ca24-b65d-4da9-8f38-7cbe4a1bf37c/addn_hosts - 2 addresses
Jun 22 04:23:17 gtw01 dnsmasq-dhcp[11811]: read /var/lib/neutron/dhcp/2000ca24-b65d-4da9-8f38-7cbe4a1bf37c/host
Jun 22 04:23:17 gtw01 dnsmasq-dhcp[11811]: read /var/lib/neutron/dhcp/2000ca24-b65d-4da9-8f38-7cbe4a1bf37c/opts
Jun 22 04:23:17 gtw01 dnsmasq[12233]: read /var/lib/neutron/dhcp/3213206c-7fec-4e53-a565-0178ef81a242/addn_hosts - 1 addresses
Jun 22 04:23:17 gtw01 dnsmasq-dhcp[12233]: read /var/lib/neutron/dhcp/3213206c-7fec-4e53-a565-0178ef81a242/host
Jun 22 04:23:17 gtw01 dnsmasq-dhcp[12233]: read /var/lib/neutron/dhcp/3213206c-7fec-4e53-a565-0178ef81a242/opts
Jun 22 04:23:18 gtw01 kernel: [ 6387.101002] device tap9bac8da5-f4 left promiscuous mode
Jun 22 04:23:18 gtw01 dnsmasq[12375]: started, version 2.80 cachesize 150
Jun 22 04:23:18 gtw01 dnsmasq[12375]: DNS service limited to local subnets
Jun 22 04:23:18 gtw01 dnsmasq[12375]: compile time options: IPv6 GNU-getopt DBus i18n IDN DHCP DHCPv6 no-Lua TFTP conntrack ipset auth DNSSEC loop-detect inotify dumpfile
Jun 22 04:23:18 gtw01 dnsmasq[12375]: warning: no upstream servers configured
Jun 22 04:23:18 gtw01 dnsmasq-dhcp[12375]: DHCP, static leases only on 192.168.120.0, lease time 1h
Jun 22 04:23:18 gtw01 dnsmasq[12375]: read /var/lib/neutron/dhcp/1636cc64-7b8d-4a49-bf6e-7c51a3446db5/addn_hosts - 1 addresses
Jun 22 04:23:18 gtw01 dnsmasq-dhcp[12375]: read /var/lib/neutron/dhcp/1636cc64-7b8d-4a49-bf6e-7c51a3446db5/host
Jun 22 04:23:18 gtw01 dnsmasq-dhcp[12375]: read /var/lib/neutron/dhcp/1636cc64-7b8d-4a49-bf6e-7c51a3446db5/opts
Jun 22 04:23:18 gtw01 dnsmasq[12233]: read /var/lib/neutron/dhcp/3213206c-7fec-4e53-a565-0178ef81a242/addn_hosts - 1 addresses
Jun 22 04:23:18 gtw01 dnsmasq-dhcp[12233]: read /var/lib/neutron/dhcp/3213206c-7fec-4e53-a565-0178ef81a242/host
Jun 22 04:23:18 gtw01 dnsmasq-dhcp[12233]: read /var/lib/neutron/dhcp/3213206c-7fec-4e53-a565-0178ef81a242/opts
Jun 22 04:23:18 gtw01 haproxy-metadata-proxy-1636cc64-7b8d-4a49-bf6e-7c51a3446db5[12390]: Proxy listener started.
Jun 22 04:23:19 gtw01 dnsmasq[12375]: read /var/lib/neutron/dhcp/1636cc64-7b8d-4a49-bf6e-7c51a3446db5/addn_hosts - 1 addresses
Jun 22 04:23:19 gtw01 dnsmasq-dhcp[12375]: read /var/lib/neutron/dhcp/1636cc64-7b8d-4a49-bf6e-7c51a3446db5/host
Jun 22 04:23:19 gtw01 dnsmasq-dhcp[12375]: read /var/lib/neutron/dhcp/1636cc64-7b8d-4a49-bf6e-7c51a3446db5/opts
Jun 22 04:23:19 gtw01 dnsmasq[12233]: read /var/lib/neutron/dhcp/3213206c-7fec-4e53-a565-0178ef81a242/addn_hosts - 1 addresses
Jun 22 04:23:19 gtw01 dnsmasq-dhcp[12233]: read /var/lib/neutron/dhcp/3213206c-7fec-4e53-a565-0178ef81a242/host
Jun 22 04:23:19 gtw01 dnsmasq-dhcp[12233]: read /var/lib/neutron/dhcp/3213206c-7fec-4e53-a565-0178ef81a242/opts
Jun 22 04:23:19 gtw01 dnsmasq[12444]: started, version 2.80 cachesize 150
Jun 22 04:23:19 gtw01 dnsmasq[12444]: DNS service limited to local subnets
Jun 22 04:23:19 gtw01 dnsmasq[12444]: compile time options: IPv6 GNU-getopt DBus i18n IDN DHCP DHCPv6 no-Lua TFTP conntrack ipset auth DNSSEC loop-detect inotify dumpfile
Jun 22 04:23:19 gtw01 dnsmasq[12444]: warning: no upstream servers configured
Jun 22 04:23:19 gtw01 dnsmasq-dhcp[12444]: DHCP, static leases only on 192.168.120.0, lease time 1h
Jun 22 04:23:19 gtw01 dnsmasq[12444]: read /var/lib/neutron/dhcp/dcc5f4c9-1ec1-4922-8b53-263ff3baeb69/addn_hosts - 1 addresses
Jun 22 04:23:19 gtw01 dnsmasq-dhcp[12444]: read /var/lib/neutron/dhcp/dcc5f4c9-1ec1-4922-8b53-263ff3baeb69/host
Jun 22 04:23:19 gtw01 dnsmasq-dhcp[12444]: read /var/lib/neutron/dhcp/dcc5f4c9-1ec1-4922-8b53-263ff3baeb69/opts
Jun 22 04:23:19 gtw01 haproxy-metadata-proxy-dcc5f4c9-1ec1-4922-8b53-263ff3baeb69[12459]: Proxy listener started.
Jun 22 04:23:20 gtw01 dnsmasq[12375]: read /var/lib/neutron/dhcp/1636cc64-7b8d-4a49-bf6e-7c51a3446db5/addn_hosts - 1 addresses
Jun 22 04:23:20 gtw01 dnsmasq-dhcp[12375]: read /var/lib/neutron/dhcp/1636cc64-7b8d-4a49-bf6e-7c51a3446db5/host
Jun 22 04:23:20 gtw01 dnsmasq-dhcp[12375]: read /var/lib/neutron/dhcp/1636cc64-7b8d-4a49-bf6e-7c51a3446db5/opts
Jun 22 04:23:20 gtw01 dnsmasq[12444]: read /var/lib/neutron/dhcp/dcc5f4c9-1ec1-4922-8b53-263ff3baeb69/addn_hosts - 1 addresses
Jun 22 04:23:20 gtw01 dnsmasq-dhcp[12444]: read /var/lib/neutron/dhcp/dcc5f4c9-1ec1-4922-8b53-263ff3baeb69/host
Jun 22 04:23:20 gtw01 dnsmasq-dhcp[12444]: read /var/lib/neutron/dhcp/dcc5f4c9-1ec1-4922-8b53-263ff3baeb69/opts
Jun 22 04:23:21 gtw01 dnsmasq[12375]: read /var/lib/neutron/dhcp/1636cc64-7b8d-4a49-bf6e-7c51a3446db5/addn_hosts - 2 addresses
Jun 22 04:23:21 gtw01 dnsmasq-dhcp[12375]: read /var/lib/neutron/dhcp/1636cc64-7b8d-4a49-bf6e-7c51a3446db5/host
Jun 22 04:23:21 gtw01 dnsmasq-dhcp[12375]: read /var/lib/neutron/dhcp/1636cc64-7b8d-4a49-bf6e-7c51a3446db5/opts
Jun 22 04:23:21 gtw01 dnsmasq[12444]: read /var/lib/neutron/dhcp/dcc5f4c9-1ec1-4922-8b53-263ff3baeb69/addn_hosts - 1 addresses
Jun 22 04:23:21 gtw01 dnsmasq-dhcp[12444]: read /var/lib/neutron/dhcp/dcc5f4c9-1ec1-4922-8b53-263ff3baeb69/host
Jun 22 04:23:21 gtw01 dnsmasq-dhcp[12444]: read /var/lib/neutron/dhcp/dcc5f4c9-1ec1-4922-8b53-263ff3baeb69/opts
Jun 22 04:23:22 gtw01 dnsmasq[12375]: read /var/lib/neutron/dhcp/1636cc64-7b8d-4a49-bf6e-7c51a3446db5/addn_hosts - 2 addresses
Jun 22 04:23:22 gtw01 dnsmasq-dhcp[12375]: read /var/lib/neutron/dhcp/1636cc64-7b8d-4a49-bf6e-7c51a3446db5/host
Jun 22 04:23:22 gtw01 dnsmasq-dhcp[12375]: read /var/lib/neutron/dhcp/1636cc64-7b8d-4a49-bf6e-7c51a3446db5/opts
Jun 22 04:23:22 gtw01 systemd-udevd[12598]: Could not generate persistent MAC address for tapdbd99185-b8: No such file or directory
Jun 22 04:23:22 gtw01 kernel: [ 6391.716301] device tapdbd99185-b8 entered promiscuous mode
Jun 22 04:23:22 gtw01 systemd-udevd[12649]: Process '/sbin/ip link set tapdbd99185-b8 txqueuelen 10000' failed with exit code 1.
Jun 22 04:23:23 gtw01 dnsmasq[12444]: read /var/lib/neutron/dhcp/dcc5f4c9-1ec1-4922-8b53-263ff3baeb69/addn_hosts - 1 addresses
Jun 22 04:23:23 gtw01 dnsmasq-dhcp[12444]: read /var/lib/neutron/dhcp/dcc5f4c9-1ec1-4922-8b53-263ff3baeb69/host
Jun 22 04:23:23 gtw01 dnsmasq-dhcp[12444]: read /var/lib/neutron/dhcp/dcc5f4c9-1ec1-4922-8b53-263ff3baeb69/opts
Jun 22 04:23:23 gtw01 dnsmasq[12375]: read /var/lib/neutron/dhcp/1636cc64-7b8d-4a49-bf6e-7c51a3446db5/addn_hosts - 2 addresses
Jun 22 04:23:23 gtw01 dnsmasq-dhcp[12375]: read /var/lib/neutron/dhcp/1636cc64-7b8d-4a49-bf6e-7c51a3446db5/host
Jun 22 04:23:23 gtw01 dnsmasq-dhcp[12375]: read /var/lib/neutron/dhcp/1636cc64-7b8d-4a49-bf6e-7c51a3446db5/opts
Jun 22 04:23:24 gtw01 kernel: [ 6393.468188] device tapa2ffd53b-b0 entered promiscuous mode
Jun 22 04:23:24 gtw01 systemd-udevd[12749]: Could not generate persistent MAC address for tapa2ffd53b-b0: No such file or directory
Jun 22 04:23:24 gtw01 dnsmasq[12375]: read /var/lib/neutron/dhcp/1636cc64-7b8d-4a49-bf6e-7c51a3446db5/addn_hosts - 1 addresses
Jun 22 04:23:24 gtw01 dnsmasq-dhcp[12375]: read /var/lib/neutron/dhcp/1636cc64-7b8d-4a49-bf6e-7c51a3446db5/host
Jun 22 04:23:24 gtw01 dnsmasq-dhcp[12375]: read /var/lib/neutron/dhcp/1636cc64-7b8d-4a49-bf6e-7c51a3446db5/opts
Jun 22 04:23:24 gtw01 systemd-udevd[12800]: Process '/sbin/ip link set tapa2ffd53b-b0 txqueuelen 10000' failed with exit code 1.
Jun 22 04:23:25 gtw01 dnsmasq[12233]: read /var/lib/neutron/dhcp/3213206c-7fec-4e53-a565-0178ef81a242/addn_hosts - 2 addresses
Jun 22 04:23:25 gtw01 dnsmasq-dhcp[12233]: read /var/lib/neutron/dhcp/3213206c-7fec-4e53-a565-0178ef81a242/host
Jun 22 04:23:25 gtw01 dnsmasq-dhcp[12233]: read /var/lib/neutron/dhcp/3213206c-7fec-4e53-a565-0178ef81a242/opts
Jun 22 04:23:25 gtw01 haproxy-metadata-proxy-1636cc64-7b8d-4a49-bf6e-7c51a3446db5[12858]: Proxy listener started.
Jun 22 04:23:26 gtw01 dnsmasq[12233]: read /var/lib/neutron/dhcp/3213206c-7fec-4e53-a565-0178ef81a242/addn_hosts - 2 addresses
Jun 22 04:23:26 gtw01 dnsmasq-dhcp[12233]: read /var/lib/neutron/dhcp/3213206c-7fec-4e53-a565-0178ef81a242/host
Jun 22 04:23:26 gtw01 dnsmasq-dhcp[12233]: read /var/lib/neutron/dhcp/3213206c-7fec-4e53-a565-0178ef81a242/opts
Jun 22 04:23:26 gtw01 dnsmasq[12930]: started, version 2.80 cachesize 150
Jun 22 04:23:26 gtw01 dnsmasq[12930]: DNS service limited to local subnets
Jun 22 04:23:26 gtw01 dnsmasq[12930]: compile time options: IPv6 GNU-getopt DBus i18n IDN DHCP DHCPv6 no-Lua TFTP conntrack ipset auth DNSSEC loop-detect inotify dumpfile
Jun 22 04:23:26 gtw01 dnsmasq[12930]: warning: no upstream servers configured
Jun 22 04:23:26 gtw01 dnsmasq-dhcp[12930]: DHCPv6, static leases only on 2003::, lease time 1h
Jun 22 04:23:26 gtw01 dnsmasq[12930]: read /var/lib/neutron/dhcp/e53b2113-162b-4a71-aa43-e96fefdd2bc7/addn_hosts - 1 addresses
Jun 22 04:23:26 gtw01 dnsmasq-dhcp[12930]: read /var/lib/neutron/dhcp/e53b2113-162b-4a71-aa43-e96fefdd2bc7/host
Jun 22 04:23:26 gtw01 dnsmasq-dhcp[12930]: read /var/lib/neutron/dhcp/e53b2113-162b-4a71-aa43-e96fefdd2bc7/opts
Jun 22 04:23:27 gtw01 dnsmasq[12930]: read /var/lib/neutron/dhcp/e53b2113-162b-4a71-aa43-e96fefdd2bc7/addn_hosts - 1 addresses
Jun 22 04:23:27 gtw01 dnsmasq-dhcp[12930]: read /var/lib/neutron/dhcp/e53b2113-162b-4a71-aa43-e96fefdd2bc7/host
Jun 22 04:23:27 gtw01 dnsmasq-dhcp[12930]: read /var/lib/neutron/dhcp/e53b2113-162b-4a71-aa43-e96fefdd2bc7/opts
Jun 22 04:23:28 gtw01 dnsmasq[13002]: started, version 2.80 cachesize 150
Jun 22 04:23:28 gtw01 dnsmasq[13002]: DNS service limited to local subnets
Jun 22 04:23:28 gtw01 dnsmasq[13002]: compile time options: IPv6 GNU-getopt DBus i18n IDN DHCP DHCPv6 no-Lua TFTP conntrack ipset auth DNSSEC loop-detect inotify dumpfile
Jun 22 04:23:28 gtw01 dnsmasq[13002]: warning: no upstream servers configured
Jun 22 04:23:28 gtw01 dnsmasq-dhcp[13002]: DHCP, static leases only on 192.168.121.0, lease time 1h
Jun 22 04:23:28 gtw01 dnsmasq[13002]: read /var/lib/neutron/dhcp/6808f3c4-83c3-40d1-84c8-de243f6f929b/addn_hosts - 1 addresses
Jun 22 04:23:28 gtw01 dnsmasq-dhcp[13002]: read /var/lib/neutron/dhcp/6808f3c4-83c3-40d1-84c8-de243f6f929b/host
Jun 22 04:23:28 gtw01 dnsmasq-dhcp[13002]: read /var/lib/neutron/dhcp/6808f3c4-83c3-40d1-84c8-de243f6f929b/opts
Jun 22 04:23:28 gtw01 dnsmasq[12930]: read /var/lib/neutron/dhcp/e53b2113-162b-4a71-aa43-e96fefdd2bc7/addn_hosts - 1 addresses
Jun 22 04:23:28 gtw01 dnsmasq-dhcp[12930]: read /var/lib/neutron/dhcp/e53b2113-162b-4a71-aa43-e96fefdd2bc7/host
Jun 22 04:23:28 gtw01 dnsmasq-dhcp[12930]: read /var/lib/neutron/dhcp/e53b2113-162b-4a71-aa43-e96fefdd2bc7/opts
Jun 22 04:23:28 gtw01 haproxy-metadata-proxy-6808f3c4-83c3-40d1-84c8-de243f6f929b[13011]: Proxy listener started.
Jun 22 04:23:28 gtw01 dnsmasq[12233]: read /var/lib/neutron/dhcp/3213206c-7fec-4e53-a565-0178ef81a242/addn_hosts - 1 addresses
Jun 22 04:23:28 gtw01 dnsmasq-dhcp[12233]: read /var/lib/neutron/dhcp/3213206c-7fec-4e53-a565-0178ef81a242/host
Jun 22 04:23:28 gtw01 dnsmasq-dhcp[12233]: read /var/lib/neutron/dhcp/3213206c-7fec-4e53-a565-0178ef81a242/opts
Jun 22 04:23:29 gtw01 dnsmasq[13002]: read /var/lib/neutron/dhcp/6808f3c4-83c3-40d1-84c8-de243f6f929b/addn_hosts - 1 addresses
Jun 22 04:23:29 gtw01 dnsmasq-dhcp[13002]: read /var/lib/neutron/dhcp/6808f3c4-83c3-40d1-84c8-de243f6f929b/host
Jun 22 04:23:29 gtw01 dnsmasq-dhcp[13002]: read /var/lib/neutron/dhcp/6808f3c4-83c3-40d1-84c8-de243f6f929b/opts
Jun 22 04:23:29 gtw01 kernel: [ 6398.370922] device tapdbd99185-b8 left promiscuous mode
Jun 22 04:23:29 gtw01 haproxy-metadata-proxy-3213206c-7fec-4e53-a565-0178ef81a242[13057]: Proxy listener started.
Jun 22 04:23:30 gtw01 dnsmasq[13002]: read /var/lib/neutron/dhcp/6808f3c4-83c3-40d1-84c8-de243f6f929b/addn_hosts - 1 addresses
Jun 22 04:23:30 gtw01 dnsmasq-dhcp[13002]: read /var/lib/neutron/dhcp/6808f3c4-83c3-40d1-84c8-de243f6f929b/host
Jun 22 04:23:30 gtw01 dnsmasq-dhcp[13002]: read /var/lib/neutron/dhcp/6808f3c4-83c3-40d1-84c8-de243f6f929b/opts
Jun 22 04:23:31 gtw01 dnsmasq[13002]: read /var/lib/neutron/dhcp/6808f3c4-83c3-40d1-84c8-de243f6f929b/addn_hosts - 1 addresses
Jun 22 04:23:31 gtw01 dnsmasq-dhcp[13002]: read /var/lib/neutron/dhcp/6808f3c4-83c3-40d1-84c8-de243f6f929b/host
Jun 22 04:23:31 gtw01 dnsmasq-dhcp[13002]: read /var/lib/neutron/dhcp/6808f3c4-83c3-40d1-84c8-de243f6f929b/opts
Jun 22 04:23:32 gtw01 kernel: [ 6401.359800] device tapa2ffd53b-b0 left promiscuous mode
Jun 22 04:23:34 gtw01 kernel: [ 6403.753987] device tapf682dd43-5c left promiscuous mode
Jun 22 04:23:36 gtw01 kernel: [ 6405.334055] device tapa0c72e00-ef left promiscuous mode
Jun 22 04:23:39 gtw01 systemd-udevd[13252]: Could not generate persistent MAC address for tap95f9b028-d8: No such file or directory
Jun 22 04:23:39 gtw01 kernel: [ 6408.378762] device tap95f9b028-d8 entered promiscuous mode
Jun 22 04:23:39 gtw01 systemd-udevd[13297]: Process '/sbin/ip link set tap95f9b028-d8 txqueuelen 10000' failed with exit code 1.
Jun 22 04:23:40 gtw01 kernel: [ 6409.220798] device tap1b86aae0-22 left promiscuous mode
Jun 22 04:23:42 gtw01 dnsmasq[13409]: started, version 2.80 cachesize 150
Jun 22 04:23:42 gtw01 dnsmasq[13409]: DNS service limited to local subnets
Jun 22 04:23:42 gtw01 dnsmasq[13409]: compile time options: IPv6 GNU-getopt DBus i18n IDN DHCP DHCPv6 no-Lua TFTP conntrack ipset auth DNSSEC loop-detect inotify dumpfile
Jun 22 04:23:42 gtw01 dnsmasq[13409]: warning: no upstream servers configured
Jun 22 04:23:42 gtw01 dnsmasq-dhcp[13409]: DHCPv6, static leases only on 2003::, lease time 1h
Jun 22 04:23:42 gtw01 dnsmasq[13409]: read /var/lib/neutron/dhcp/5d5f32dd-22a6-4a5d-8512-0042a1380807/addn_hosts - 1 addresses
Jun 22 04:23:42 gtw01 dnsmasq-dhcp[13409]: read /var/lib/neutron/dhcp/5d5f32dd-22a6-4a5d-8512-0042a1380807/host
Jun 22 04:23:42 gtw01 dnsmasq-dhcp[13409]: read /var/lib/neutron/dhcp/5d5f32dd-22a6-4a5d-8512-0042a1380807/opts
Jun 22 04:23:43 gtw01 dnsmasq[13409]: read /var/lib/neutron/dhcp/5d5f32dd-22a6-4a5d-8512-0042a1380807/addn_hosts - 1 addresses
Jun 22 04:23:43 gtw01 dnsmasq-dhcp[13409]: read /var/lib/neutron/dhcp/5d5f32dd-22a6-4a5d-8512-0042a1380807/host
Jun 22 04:23:43 gtw01 dnsmasq-dhcp[13409]: read /var/lib/neutron/dhcp/5d5f32dd-22a6-4a5d-8512-0042a1380807/opts
Jun 22 04:23:44 gtw01 dnsmasq[13409]: read /var/lib/neutron/dhcp/5d5f32dd-22a6-4a5d-8512-0042a1380807/addn_hosts - 1 addresses
Jun 22 04:23:44 gtw01 dnsmasq-dhcp[13409]: read /var/lib/neutron/dhcp/5d5f32dd-22a6-4a5d-8512-0042a1380807/host
Jun 22 04:23:44 gtw01 dnsmasq-dhcp[13409]: read /var/lib/neutron/dhcp/5d5f32dd-22a6-4a5d-8512-0042a1380807/opts
Jun 22 04:23:45 gtw01 dnsmasq[13409]: read /var/lib/neutron/dhcp/5d5f32dd-22a6-4a5d-8512-0042a1380807/addn_hosts - 2 addresses
Jun 22 04:23:45 gtw01 dnsmasq-dhcp[13409]: read /var/lib/neutron/dhcp/5d5f32dd-22a6-4a5d-8512-0042a1380807/host
Jun 22 04:23:45 gtw01 dnsmasq-dhcp[13409]: read /var/lib/neutron/dhcp/5d5f32dd-22a6-4a5d-8512-0042a1380807/opts
Jun 22 04:23:46 gtw01 dnsmasq[13409]: read /var/lib/neutron/dhcp/5d5f32dd-22a6-4a5d-8512-0042a1380807/addn_hosts - 2 addresses
Jun 22 04:23:46 gtw01 dnsmasq-dhcp[13409]: read /var/lib/neutron/dhcp/5d5f32dd-22a6-4a5d-8512-0042a1380807/host
Jun 22 04:23:46 gtw01 dnsmasq-dhcp[13409]: read /var/lib/neutron/dhcp/5d5f32dd-22a6-4a5d-8512-0042a1380807/opts
Jun 22 04:23:47 gtw01 dnsmasq[13409]: read /var/lib/neutron/dhcp/5d5f32dd-22a6-4a5d-8512-0042a1380807/addn_hosts - 2 addresses
Jun 22 04:23:47 gtw01 dnsmasq-dhcp[13409]: read /var/lib/neutron/dhcp/5d5f32dd-22a6-4a5d-8512-0042a1380807/host
Jun 22 04:23:47 gtw01 dnsmasq-dhcp[13409]: read /var/lib/neutron/dhcp/5d5f32dd-22a6-4a5d-8512-0042a1380807/opts
Jun 22 04:23:48 gtw01 kernel: [ 6416.972319] device tap95f9b028-d8 left promiscuous mode
Jun 22 04:23:52 gtw01 systemd-udevd[13556]: Could not generate persistent MAC address for tapbd835414-47: No such file or directory
Jun 22 04:23:52 gtw01 kernel: [ 6421.223278] device tapbd835414-47 entered promiscuous mode
Jun 22 04:23:52 gtw01 systemd-udevd[13556]: Process '/sbin/ip link set tapbd835414-47 txqueuelen 10000' failed with exit code 1.
Jun 22 04:23:52 gtw01 systemd-udevd[13610]: Process '/sbin/ip link set tapbd835414-47 txqueuelen 10000' failed with exit code 1.
Jun 22 04:23:55 gtw01 dnsmasq[13688]: started, version 2.80 cachesize 150
Jun 22 04:23:55 gtw01 dnsmasq[13688]: DNS service limited to local subnets
