Jun 22 05:35:11 gtw01 kernel: [10700.655316] device tap8f6805c7-31 entered promiscuous mode
Jun 22 05:35:11 gtw01 systemd-udevd[2638]: Process '/sbin/ip link set tap8f6805c7-31 txqueuelen 10000' failed with exit code 1.
Jun 22 05:35:13 gtw01 kernel: [10702.263350] device qg-95735d3d-2e entered promiscuous mode
Jun 22 05:35:13 gtw01 systemd-udevd[2753]: Could not generate persistent MAC address for qg-95735d3d-2e: No such file or directory
Jun 22 05:35:13 gtw01 dnsmasq[2827]: started, version 2.80 cachesize 150
Jun 22 05:35:13 gtw01 dnsmasq[2827]: DNS service limited to local subnets
Jun 22 05:35:13 gtw01 dnsmasq[2827]: compile time options: IPv6 GNU-getopt DBus i18n IDN DHCP DHCPv6 no-Lua TFTP conntrack ipset auth DNSSEC loop-detect inotify dumpfile
Jun 22 05:35:13 gtw01 dnsmasq[2827]: LOUD WARNING: listening on 11.11.11.2 may accept requests via interfaces other than tap4be97326-ea
Jun 22 05:35:13 gtw01 dnsmasq[2827]: LOUD WARNING: use --bind-dynamic rather than --bind-interfaces to avoid DNS amplification attacks via these interface(s)
Jun 22 05:35:13 gtw01 dnsmasq[2827]: warning: no upstream servers configured
Jun 22 05:35:13 gtw01 dnsmasq-dhcp[2827]: DHCP, static leases only on 11.11.11.0, lease time 1h
Jun 22 05:35:13 gtw01 dnsmasq[2827]: read /var/lib/neutron/dhcp/507826c4-843c-457a-8309-b8bf30f58e9a/addn_hosts - 1 addresses
Jun 22 05:35:13 gtw01 dnsmasq-dhcp[2827]: read /var/lib/neutron/dhcp/507826c4-843c-457a-8309-b8bf30f58e9a/host
Jun 22 05:35:13 gtw01 dnsmasq-dhcp[2827]: read /var/lib/neutron/dhcp/507826c4-843c-457a-8309-b8bf30f58e9a/opts
Jun 22 05:35:13 gtw01 systemd-udevd[2835]: Could not generate persistent MAC address for qg-d7de8367-90: No such file or directory
Jun 22 05:35:13 gtw01 kernel: [10702.697212] device qg-d7de8367-90 entered promiscuous mode
Jun 22 05:35:14 gtw01 haproxy-metadata-proxy-507826c4-843c-457a-8309-b8bf30f58e9a[2899]: Proxy listener started.
Jun 22 05:35:14 gtw01 dnsmasq[2827]: read /var/lib/neutron/dhcp/507826c4-843c-457a-8309-b8bf30f58e9a/addn_hosts - 3 addresses
Jun 22 05:35:14 gtw01 dnsmasq-dhcp[2827]: read /var/lib/neutron/dhcp/507826c4-843c-457a-8309-b8bf30f58e9a/host
Jun 22 05:35:14 gtw01 dnsmasq-dhcp[2827]: read /var/lib/neutron/dhcp/507826c4-843c-457a-8309-b8bf30f58e9a/opts
Jun 22 05:35:15 gtw01 dnsmasq[3011]: started, version 2.80 cachesize 150
Jun 22 05:35:15 gtw01 dnsmasq[3011]: DNS service limited to local subnets
Jun 22 05:35:15 gtw01 dnsmasq[3011]: compile time options: IPv6 GNU-getopt DBus i18n IDN DHCP DHCPv6 no-Lua TFTP conntrack ipset auth DNSSEC loop-detect inotify dumpfile
Jun 22 05:35:15 gtw01 dnsmasq[3011]: LOUD WARNING: listening on 11.11.11.2 may accept requests via interfaces other than tap8f6805c7-31
Jun 22 05:35:15 gtw01 dnsmasq[3011]: LOUD WARNING: use --bind-dynamic rather than --bind-interfaces to avoid DNS amplification attacks via these interface(s)
Jun 22 05:35:15 gtw01 dnsmasq[3011]: warning: no upstream servers configured
Jun 22 05:35:15 gtw01 dnsmasq-dhcp[3011]: DHCP, static leases only on 11.11.11.0, lease time 1h
Jun 22 05:35:15 gtw01 dnsmasq[3011]: read /var/lib/neutron/dhcp/8e33c3b7-5133-4103-beb5-f0ac4b5cdf33/addn_hosts - 1 addresses
Jun 22 05:35:15 gtw01 dnsmasq-dhcp[3011]: read /var/lib/neutron/dhcp/8e33c3b7-5133-4103-beb5-f0ac4b5cdf33/host
Jun 22 05:35:15 gtw01 dnsmasq-dhcp[3011]: read /var/lib/neutron/dhcp/8e33c3b7-5133-4103-beb5-f0ac4b5cdf33/opts
Jun 22 05:35:15 gtw01 haproxy-metadata-proxy-8e33c3b7-5133-4103-beb5-f0ac4b5cdf33[3027]: Proxy listener started.
Jun 22 05:35:16 gtw01 dnsmasq[2827]: read /var/lib/neutron/dhcp/507826c4-843c-457a-8309-b8bf30f58e9a/addn_hosts - 3 addresses
Jun 22 05:35:16 gtw01 dnsmasq-dhcp[2827]: read /var/lib/neutron/dhcp/507826c4-843c-457a-8309-b8bf30f58e9a/host
Jun 22 05:35:16 gtw01 dnsmasq-dhcp[2827]: read /var/lib/neutron/dhcp/507826c4-843c-457a-8309-b8bf30f58e9a/opts
Jun 22 05:35:17 gtw01 dnsmasq[3011]: read /var/lib/neutron/dhcp/8e33c3b7-5133-4103-beb5-f0ac4b5cdf33/addn_hosts - 3 addresses
Jun 22 05:35:17 gtw01 dnsmasq-dhcp[3011]: read /var/lib/neutron/dhcp/8e33c3b7-5133-4103-beb5-f0ac4b5cdf33/host
Jun 22 05:35:17 gtw01 dnsmasq-dhcp[3011]: read /var/lib/neutron/dhcp/8e33c3b7-5133-4103-beb5-f0ac4b5cdf33/opts
Jun 22 05:35:17 gtw01 dnsmasq[2827]: read /var/lib/neutron/dhcp/507826c4-843c-457a-8309-b8bf30f58e9a/addn_hosts - 3 addresses
Jun 22 05:35:17 gtw01 dnsmasq-dhcp[2827]: read /var/lib/neutron/dhcp/507826c4-843c-457a-8309-b8bf30f58e9a/host
Jun 22 05:35:17 gtw01 dnsmasq-dhcp[2827]: read /var/lib/neutron/dhcp/507826c4-843c-457a-8309-b8bf30f58e9a/opts
Jun 22 05:35:18 gtw01 dnsmasq[2827]: read /var/lib/neutron/dhcp/507826c4-843c-457a-8309-b8bf30f58e9a/addn_hosts - 3 addresses
Jun 22 05:35:18 gtw01 dnsmasq-dhcp[2827]: read /var/lib/neutron/dhcp/507826c4-843c-457a-8309-b8bf30f58e9a/host
Jun 22 05:35:18 gtw01 dnsmasq-dhcp[2827]: read /var/lib/neutron/dhcp/507826c4-843c-457a-8309-b8bf30f58e9a/opts
Jun 22 05:35:18 gtw01 dnsmasq[3011]: read /var/lib/neutron/dhcp/8e33c3b7-5133-4103-beb5-f0ac4b5cdf33/addn_hosts - 3 addresses
Jun 22 05:35:18 gtw01 dnsmasq-dhcp[3011]: read /var/lib/neutron/dhcp/8e33c3b7-5133-4103-beb5-f0ac4b5cdf33/host
Jun 22 05:35:18 gtw01 dnsmasq-dhcp[3011]: read /var/lib/neutron/dhcp/8e33c3b7-5133-4103-beb5-f0ac4b5cdf33/opts
Jun 22 05:35:19 gtw01 dnsmasq[2827]: read /var/lib/neutron/dhcp/507826c4-843c-457a-8309-b8bf30f58e9a/addn_hosts - 3 addresses
Jun 22 05:35:19 gtw01 dnsmasq-dhcp[2827]: read /var/lib/neutron/dhcp/507826c4-843c-457a-8309-b8bf30f58e9a/host
Jun 22 05:35:19 gtw01 dnsmasq-dhcp[2827]: read /var/lib/neutron/dhcp/507826c4-843c-457a-8309-b8bf30f58e9a/opts
Jun 22 05:35:19 gtw01 dnsmasq[3011]: read /var/lib/neutron/dhcp/8e33c3b7-5133-4103-beb5-f0ac4b5cdf33/addn_hosts - 3 addresses
Jun 22 05:35:19 gtw01 dnsmasq-dhcp[3011]: read /var/lib/neutron/dhcp/8e33c3b7-5133-4103-beb5-f0ac4b5cdf33/host
Jun 22 05:35:19 gtw01 dnsmasq-dhcp[3011]: read /var/lib/neutron/dhcp/8e33c3b7-5133-4103-beb5-f0ac4b5cdf33/opts
Jun 22 05:35:20 gtw01 dnsmasq[2827]: read /var/lib/neutron/dhcp/507826c4-843c-457a-8309-b8bf30f58e9a/addn_hosts - 3 addresses
Jun 22 05:35:20 gtw01 dnsmasq-dhcp[2827]: read /var/lib/neutron/dhcp/507826c4-843c-457a-8309-b8bf30f58e9a/host
Jun 22 05:35:20 gtw01 dnsmasq-dhcp[2827]: read /var/lib/neutron/dhcp/507826c4-843c-457a-8309-b8bf30f58e9a/opts
Jun 22 05:35:20 gtw01 dnsmasq[3011]: read /var/lib/neutron/dhcp/8e33c3b7-5133-4103-beb5-f0ac4b5cdf33/addn_hosts - 3 addresses
Jun 22 05:35:20 gtw01 dnsmasq-dhcp[3011]: read /var/lib/neutron/dhcp/8e33c3b7-5133-4103-beb5-f0ac4b5cdf33/host
Jun 22 05:35:20 gtw01 dnsmasq-dhcp[3011]: read /var/lib/neutron/dhcp/8e33c3b7-5133-4103-beb5-f0ac4b5cdf33/opts
Jun 22 05:35:20 gtw01 haproxy-metadata-proxy-85db54df-4ffa-454a-92da-5237c31d88ac[3317]: Proxy listener started.
Jun 22 05:35:21 gtw01 haproxy-metadata-proxy-92f97a42-b587-455f-9fb8-703b2aa455bd[3343]: Proxy listener started.
Jun 22 05:35:21 gtw01 dnsmasq[2827]: read /var/lib/neutron/dhcp/507826c4-843c-457a-8309-b8bf30f58e9a/addn_hosts - 3 addresses
Jun 22 05:35:21 gtw01 dnsmasq-dhcp[2827]: read /var/lib/neutron/dhcp/507826c4-843c-457a-8309-b8bf30f58e9a/host
Jun 22 05:35:21 gtw01 dnsmasq-dhcp[2827]: read /var/lib/neutron/dhcp/507826c4-843c-457a-8309-b8bf30f58e9a/opts
Jun 22 05:35:21 gtw01 dnsmasq[3011]: read /var/lib/neutron/dhcp/8e33c3b7-5133-4103-beb5-f0ac4b5cdf33/addn_hosts - 3 addresses
Jun 22 05:35:21 gtw01 dnsmasq-dhcp[3011]: read /var/lib/neutron/dhcp/8e33c3b7-5133-4103-beb5-f0ac4b5cdf33/host
Jun 22 05:35:21 gtw01 dnsmasq-dhcp[3011]: read /var/lib/neutron/dhcp/8e33c3b7-5133-4103-beb5-f0ac4b5cdf33/opts
Jun 22 05:35:22 gtw01 dnsmasq[3011]: read /var/lib/neutron/dhcp/8e33c3b7-5133-4103-beb5-f0ac4b5cdf33/addn_hosts - 3 addresses
Jun 22 05:35:22 gtw01 dnsmasq-dhcp[3011]: read /var/lib/neutron/dhcp/8e33c3b7-5133-4103-beb5-f0ac4b5cdf33/host
Jun 22 05:35:22 gtw01 dnsmasq-dhcp[3011]: read /var/lib/neutron/dhcp/8e33c3b7-5133-4103-beb5-f0ac4b5cdf33/opts
Jun 22 05:35:22 gtw01 dnsmasq[2827]: read /var/lib/neutron/dhcp/507826c4-843c-457a-8309-b8bf30f58e9a/addn_hosts - 3 addresses
Jun 22 05:35:22 gtw01 dnsmasq-dhcp[2827]: read /var/lib/neutron/dhcp/507826c4-843c-457a-8309-b8bf30f58e9a/host
Jun 22 05:35:22 gtw01 dnsmasq-dhcp[2827]: read /var/lib/neutron/dhcp/507826c4-843c-457a-8309-b8bf30f58e9a/opts
Jun 22 05:35:23 gtw01 systemd-udevd[3426]: Could not generate persistent MAC address for qr-aa09ee82-c2: No such file or directory
Jun 22 05:35:23 gtw01 kernel: [10711.993291] device qr-aa09ee82-c2 entered promiscuous mode
Jun 22 05:35:23 gtw01 dnsmasq[2827]: read /var/lib/neutron/dhcp/507826c4-843c-457a-8309-b8bf30f58e9a/addn_hosts - 3 addresses
Jun 22 05:35:23 gtw01 dnsmasq-dhcp[2827]: read /var/lib/neutron/dhcp/507826c4-843c-457a-8309-b8bf30f58e9a/host
Jun 22 05:35:23 gtw01 dnsmasq-dhcp[2827]: read /var/lib/neutron/dhcp/507826c4-843c-457a-8309-b8bf30f58e9a/opts
Jun 22 05:35:23 gtw01 dnsmasq[3011]: read /var/lib/neutron/dhcp/8e33c3b7-5133-4103-beb5-f0ac4b5cdf33/addn_hosts - 3 addresses
Jun 22 05:35:23 gtw01 dnsmasq-dhcp[3011]: read /var/lib/neutron/dhcp/8e33c3b7-5133-4103-beb5-f0ac4b5cdf33/host
Jun 22 05:35:23 gtw01 dnsmasq-dhcp[3011]: read /var/lib/neutron/dhcp/8e33c3b7-5133-4103-beb5-f0ac4b5cdf33/opts
Jun 22 05:35:23 gtw01 systemd-udevd[3520]: Could not generate persistent MAC address for qr-c243e5e8-ab: No such file or directory
Jun 22 05:35:23 gtw01 kernel: [10712.796395] device qr-c243e5e8-ab entered promiscuous mode
Jun 22 05:35:24 gtw01 kernel: [10713.213562] IPv4: martian source 11.11.11.1 from 11.11.11.1, on dev qr-c243e5e8-ab
Jun 22 05:35:24 gtw01 kernel: [10713.213568] ll header: 00000000: ff ff ff ff ff ff fa 16 3e e2 cc ad 08 06        ........>.....
Jun 22 05:35:24 gtw01 dnsmasq[2827]: read /var/lib/neutron/dhcp/507826c4-843c-457a-8309-b8bf30f58e9a/addn_hosts - 3 addresses
Jun 22 05:35:24 gtw01 dnsmasq-dhcp[2827]: read /var/lib/neutron/dhcp/507826c4-843c-457a-8309-b8bf30f58e9a/host
Jun 22 05:35:24 gtw01 dnsmasq-dhcp[2827]: read /var/lib/neutron/dhcp/507826c4-843c-457a-8309-b8bf30f58e9a/opts
Jun 22 05:35:24 gtw01 dnsmasq[3011]: read /var/lib/neutron/dhcp/8e33c3b7-5133-4103-beb5-f0ac4b5cdf33/addn_hosts - 3 addresses
Jun 22 05:35:24 gtw01 dnsmasq-dhcp[3011]: read /var/lib/neutron/dhcp/8e33c3b7-5133-4103-beb5-f0ac4b5cdf33/host
Jun 22 05:35:24 gtw01 dnsmasq-dhcp[3011]: read /var/lib/neutron/dhcp/8e33c3b7-5133-4103-beb5-f0ac4b5cdf33/opts
Jun 22 05:35:25 gtw01 dnsmasq[3011]: read /var/lib/neutron/dhcp/8e33c3b7-5133-4103-beb5-f0ac4b5cdf33/addn_hosts - 3 addresses
Jun 22 05:35:25 gtw01 dnsmasq-dhcp[3011]: read /var/lib/neutron/dhcp/8e33c3b7-5133-4103-beb5-f0ac4b5cdf33/host
Jun 22 05:35:25 gtw01 dnsmasq-dhcp[3011]: read /var/lib/neutron/dhcp/8e33c3b7-5133-4103-beb5-f0ac4b5cdf33/opts
Jun 22 05:35:26 gtw01 dnsmasq[3011]: read /var/lib/neutron/dhcp/8e33c3b7-5133-4103-beb5-f0ac4b5cdf33/addn_hosts - 3 addresses
Jun 22 05:35:26 gtw01 dnsmasq-dhcp[3011]: read /var/lib/neutron/dhcp/8e33c3b7-5133-4103-beb5-f0ac4b5cdf33/host
Jun 22 05:35:26 gtw01 dnsmasq-dhcp[3011]: read /var/lib/neutron/dhcp/8e33c3b7-5133-4103-beb5-f0ac4b5cdf33/opts
Jun 22 05:35:27 gtw01 dnsmasq[2827]: read /var/lib/neutron/dhcp/507826c4-843c-457a-8309-b8bf30f58e9a/addn_hosts - 3 addresses
Jun 22 05:35:27 gtw01 dnsmasq-dhcp[2827]: read /var/lib/neutron/dhcp/507826c4-843c-457a-8309-b8bf30f58e9a/host
Jun 22 05:35:27 gtw01 dnsmasq-dhcp[2827]: read /var/lib/neutron/dhcp/507826c4-843c-457a-8309-b8bf30f58e9a/opts
Jun 22 05:35:27 gtw01 dnsmasq[3011]: read /var/lib/neutron/dhcp/8e33c3b7-5133-4103-beb5-f0ac4b5cdf33/addn_hosts - 3 addresses
Jun 22 05:35:27 gtw01 dnsmasq-dhcp[3011]: read /var/lib/neutron/dhcp/8e33c3b7-5133-4103-beb5-f0ac4b5cdf33/host
Jun 22 05:35:27 gtw01 dnsmasq-dhcp[3011]: read /var/lib/neutron/dhcp/8e33c3b7-5133-4103-beb5-f0ac4b5cdf33/opts
Jun 22 05:35:28 gtw01 dnsmasq[2827]: read /var/lib/neutron/dhcp/507826c4-843c-457a-8309-b8bf30f58e9a/addn_hosts - 2 addresses
Jun 22 05:35:28 gtw01 dnsmasq-dhcp[2827]: read /var/lib/neutron/dhcp/507826c4-843c-457a-8309-b8bf30f58e9a/host
Jun 22 05:35:28 gtw01 dnsmasq-dhcp[2827]: read /var/lib/neutron/dhcp/507826c4-843c-457a-8309-b8bf30f58e9a/opts
Jun 22 05:35:29 gtw01 dnsmasq[3011]: read /var/lib/neutron/dhcp/8e33c3b7-5133-4103-beb5-f0ac4b5cdf33/addn_hosts - 2 addresses
Jun 22 05:35:29 gtw01 dnsmasq-dhcp[3011]: read /var/lib/neutron/dhcp/8e33c3b7-5133-4103-beb5-f0ac4b5cdf33/host
Jun 22 05:35:29 gtw01 dnsmasq-dhcp[3011]: read /var/lib/neutron/dhcp/8e33c3b7-5133-4103-beb5-f0ac4b5cdf33/opts
Jun 22 05:35:29 gtw01 haproxy-metadata-proxy-507826c4-843c-457a-8309-b8bf30f58e9a[3934]: Proxy listener started.
Jun 22 05:35:29 gtw01 haproxy-metadata-proxy-8e33c3b7-5133-4103-beb5-f0ac4b5cdf33[3965]: Proxy listener started.
Jun 22 05:35:30 gtw01 dnsmasq[2827]: read /var/lib/neutron/dhcp/507826c4-843c-457a-8309-b8bf30f58e9a/addn_hosts - 1 addresses
Jun 22 05:35:30 gtw01 dnsmasq-dhcp[2827]: read /var/lib/neutron/dhcp/507826c4-843c-457a-8309-b8bf30f58e9a/host
Jun 22 05:35:30 gtw01 dnsmasq-dhcp[2827]: read /var/lib/neutron/dhcp/507826c4-843c-457a-8309-b8bf30f58e9a/opts
Jun 22 05:35:30 gtw01 kernel: [10719.141140] device qr-aa09ee82-c2 left promiscuous mode
Jun 22 05:35:30 gtw01 dnsmasq[3011]: read /var/lib/neutron/dhcp/8e33c3b7-5133-4103-beb5-f0ac4b5cdf33/addn_hosts - 1 addresses
Jun 22 05:35:30 gtw01 dnsmasq-dhcp[3011]: read /var/lib/neutron/dhcp/8e33c3b7-5133-4103-beb5-f0ac4b5cdf33/host
Jun 22 05:35:30 gtw01 dnsmasq-dhcp[3011]: read /var/lib/neutron/dhcp/8e33c3b7-5133-4103-beb5-f0ac4b5cdf33/opts
Jun 22 05:35:31 gtw01 kernel: [10719.944282] device qr-c243e5e8-ab left promiscuous mode
Jun 22 05:35:31 gtw01 kernel: [10720.083039] device qg-95735d3d-2e left promiscuous mode
Jun 22 05:35:31 gtw01 kernel: [10720.604471] device tap8f6805c7-31 left promiscuous mode
Jun 22 05:35:32 gtw01 kernel: [10720.886152] device qg-d7de8367-90 left promiscuous mode
Jun 22 05:35:32 gtw01 kernel: [10721.156160] device tap4be97326-ea left promiscuous mode
Jun 22 05:36:04 gtw01 dnsmasq[23082]: read /var/lib/neutron/dhcp/60d67a18-776b-42e6-bc12-ce3b013cc644/addn_hosts - 3 addresses
Jun 22 05:36:04 gtw01 dnsmasq-dhcp[23082]: read /var/lib/neutron/dhcp/60d67a18-776b-42e6-bc12-ce3b013cc644/host
Jun 22 05:36:04 gtw01 dnsmasq-dhcp[23082]: read /var/lib/neutron/dhcp/60d67a18-776b-42e6-bc12-ce3b013cc644/opts
Jun 22 05:36:06 gtw01 dnsmasq[23082]: read /var/lib/neutron/dhcp/60d67a18-776b-42e6-bc12-ce3b013cc644/addn_hosts - 4 addresses
Jun 22 05:36:06 gtw01 dnsmasq-dhcp[23082]: read /var/lib/neutron/dhcp/60d67a18-776b-42e6-bc12-ce3b013cc644/host
Jun 22 05:36:06 gtw01 dnsmasq-dhcp[23082]: read /var/lib/neutron/dhcp/60d67a18-776b-42e6-bc12-ce3b013cc644/opts
Jun 22 05:36:07 gtw01 dnsmasq[23082]: read /var/lib/neutron/dhcp/60d67a18-776b-42e6-bc12-ce3b013cc644/addn_hosts - 5 addresses
Jun 22 05:36:07 gtw01 dnsmasq-dhcp[23082]: read /var/lib/neutron/dhcp/60d67a18-776b-42e6-bc12-ce3b013cc644/host
Jun 22 05:36:07 gtw01 dnsmasq-dhcp[23082]: read /var/lib/neutron/dhcp/60d67a18-776b-42e6-bc12-ce3b013cc644/opts
Jun 22 05:36:08 gtw01 dnsmasq[23082]: read /var/lib/neutron/dhcp/60d67a18-776b-42e6-bc12-ce3b013cc644/addn_hosts - 6 addresses
Jun 22 05:36:08 gtw01 dnsmasq-dhcp[23082]: read /var/lib/neutron/dhcp/60d67a18-776b-42e6-bc12-ce3b013cc644/host
Jun 22 05:36:08 gtw01 dnsmasq-dhcp[23082]: read /var/lib/neutron/dhcp/60d67a18-776b-42e6-bc12-ce3b013cc644/opts
Jun 22 05:36:09 gtw01 dnsmasq[23082]: read /var/lib/neutron/dhcp/60d67a18-776b-42e6-bc12-ce3b013cc644/addn_hosts - 6 addresses
Jun 22 05:36:09 gtw01 dnsmasq-dhcp[23082]: read /var/lib/neutron/dhcp/60d67a18-776b-42e6-bc12-ce3b013cc644/host
Jun 22 05:36:09 gtw01 dnsmasq-dhcp[23082]: read /var/lib/neutron/dhcp/60d67a18-776b-42e6-bc12-ce3b013cc644/opts
Jun 22 05:36:10 gtw01 dnsmasq[23082]: read /var/lib/neutron/dhcp/60d67a18-776b-42e6-bc12-ce3b013cc644/addn_hosts - 6 addresses
Jun 22 05:36:10 gtw01 dnsmasq-dhcp[23082]: read /var/lib/neutron/dhcp/60d67a18-776b-42e6-bc12-ce3b013cc644/host
Jun 22 05:36:10 gtw01 dnsmasq-dhcp[23082]: read /var/lib/neutron/dhcp/60d67a18-776b-42e6-bc12-ce3b013cc644/opts
Jun 22 05:36:11 gtw01 dnsmasq[23082]: read /var/lib/neutron/dhcp/60d67a18-776b-42e6-bc12-ce3b013cc644/addn_hosts - 6 addresses
Jun 22 05:36:11 gtw01 dnsmasq-dhcp[23082]: read /var/lib/neutron/dhcp/60d67a18-776b-42e6-bc12-ce3b013cc644/host
Jun 22 05:36:11 gtw01 dnsmasq-dhcp[23082]: read /var/lib/neutron/dhcp/60d67a18-776b-42e6-bc12-ce3b013cc644/opts
Jun 22 05:36:11 gtw01 dnsmasq[23082]: read /var/lib/neutron/dhcp/60d67a18-776b-42e6-bc12-ce3b013cc644/addn_hosts - 6 addresses
Jun 22 05:36:11 gtw01 dnsmasq-dhcp[23082]: read /var/lib/neutron/dhcp/60d67a18-776b-42e6-bc12-ce3b013cc644/host
Jun 22 05:36:11 gtw01 dnsmasq-dhcp[23082]: read /var/lib/neutron/dhcp/60d67a18-776b-42e6-bc12-ce3b013cc644/opts
Jun 22 05:36:12 gtw01 dnsmasq[23082]: read /var/lib/neutron/dhcp/60d67a18-776b-42e6-bc12-ce3b013cc644/addn_hosts - 6 addresses
Jun 22 05:36:12 gtw01 dnsmasq-dhcp[23082]: read /var/lib/neutron/dhcp/60d67a18-776b-42e6-bc12-ce3b013cc644/host
Jun 22 05:36:12 gtw01 dnsmasq-dhcp[23082]: read /var/lib/neutron/dhcp/60d67a18-776b-42e6-bc12-ce3b013cc644/opts
Jun 22 05:36:13 gtw01 dnsmasq[23082]: read /var/lib/neutron/dhcp/60d67a18-776b-42e6-bc12-ce3b013cc644/addn_hosts - 6 addresses
Jun 22 05:36:13 gtw01 dnsmasq-dhcp[23082]: read /var/lib/neutron/dhcp/60d67a18-776b-42e6-bc12-ce3b013cc644/host
Jun 22 05:36:13 gtw01 dnsmasq-dhcp[23082]: read /var/lib/neutron/dhcp/60d67a18-776b-42e6-bc12-ce3b013cc644/opts
Jun 22 05:36:14 gtw01 dnsmasq[23082]: read /var/lib/neutron/dhcp/60d67a18-776b-42e6-bc12-ce3b013cc644/addn_hosts - 6 addresses
Jun 22 05:36:14 gtw01 dnsmasq-dhcp[23082]: read /var/lib/neutron/dhcp/60d67a18-776b-42e6-bc12-ce3b013cc644/host
Jun 22 05:36:14 gtw01 dnsmasq-dhcp[23082]: read /var/lib/neutron/dhcp/60d67a18-776b-42e6-bc12-ce3b013cc644/opts
Jun 22 05:36:15 gtw01 dnsmasq[23082]: read /var/lib/neutron/dhcp/60d67a18-776b-42e6-bc12-ce3b013cc644/addn_hosts - 6 addresses
Jun 22 05:36:15 gtw01 dnsmasq-dhcp[23082]: read /var/lib/neutron/dhcp/60d67a18-776b-42e6-bc12-ce3b013cc644/host
Jun 22 05:36:15 gtw01 dnsmasq-dhcp[23082]: read /var/lib/neutron/dhcp/60d67a18-776b-42e6-bc12-ce3b013cc644/opts
Jun 22 05:36:22 gtw01 dnsmasq-dhcp[23082]: DHCPDISCOVER(tapc35d218e-2c) fa:16:3e:a5:5e:0d
Jun 22 05:36:22 gtw01 dnsmasq-dhcp[23082]: DHCPOFFER(tapc35d218e-2c) 192.168.120.17 fa:16:3e:a5:5e:0d
Jun 22 05:36:22 gtw01 dnsmasq-dhcp[23082]: DHCPREQUEST(tapc35d218e-2c) 192.168.120.17 fa:16:3e:a5:5e:0d
Jun 22 05:36:22 gtw01 dnsmasq-dhcp[23082]: DHCPACK(tapc35d218e-2c) 192.168.120.17 fa:16:3e:a5:5e:0d host-192-168-120-17
Jun 22 05:36:23 gtw01 dnsmasq-dhcp[23082]: DHCPDISCOVER(tapc35d218e-2c) fa:16:3e:ec:0e:a1
Jun 22 05:36:23 gtw01 dnsmasq-dhcp[23082]: DHCPOFFER(tapc35d218e-2c) 192.168.120.6 fa:16:3e:ec:0e:a1
Jun 22 05:36:23 gtw01 dnsmasq-dhcp[23082]: DHCPREQUEST(tapc35d218e-2c) 192.168.120.6 fa:16:3e:ec:0e:a1
Jun 22 05:36:23 gtw01 dnsmasq-dhcp[23082]: DHCPACK(tapc35d218e-2c) 192.168.120.6 fa:16:3e:ec:0e:a1 host-192-168-120-6
Jun 22 05:36:25 gtw01 dnsmasq-dhcp[23082]: DHCPDISCOVER(tapc35d218e-2c) fa:16:3e:53:dc:51
Jun 22 05:36:25 gtw01 dnsmasq-dhcp[23082]: DHCPOFFER(tapc35d218e-2c) 192.168.120.23 fa:16:3e:53:dc:51
Jun 22 05:36:25 gtw01 dnsmasq-dhcp[23082]: DHCPREQUEST(tapc35d218e-2c) 192.168.120.23 fa:16:3e:53:dc:51
Jun 22 05:36:25 gtw01 dnsmasq-dhcp[23082]: DHCPACK(tapc35d218e-2c) 192.168.120.23 fa:16:3e:53:dc:51 host-192-168-120-23
Jun 22 05:36:25 gtw01 dnsmasq-dhcp[23082]: DHCPDISCOVER(tapc35d218e-2c) fa:16:3e:82:b9:6f
Jun 22 05:36:25 gtw01 dnsmasq-dhcp[23082]: DHCPOFFER(tapc35d218e-2c) 192.168.120.19 fa:16:3e:82:b9:6f
Jun 22 05:36:25 gtw01 dnsmasq-dhcp[23082]: DHCPREQUEST(tapc35d218e-2c) 192.168.120.19 fa:16:3e:82:b9:6f
Jun 22 05:36:25 gtw01 dnsmasq-dhcp[23082]: DHCPACK(tapc35d218e-2c) 192.168.120.19 fa:16:3e:82:b9:6f host-192-168-120-19
Jun 22 05:36:27 gtw01 dnsmasq-dhcp[23082]: DHCPRELEASE(tapc35d218e-2c) 192.168.120.17 fa:16:3e:a5:5e:0d
Jun 22 05:36:28 gtw01 dnsmasq-dhcp[23082]: DHCPRELEASE(tapc35d218e-2c) 192.168.120.17 fa:16:3e:a5:5e:0d unknown lease
Jun 22 05:36:28 gtw01 dnsmasq[23082]: read /var/lib/neutron/dhcp/60d67a18-776b-42e6-bc12-ce3b013cc644/addn_hosts - 5 addresses
Jun 22 05:36:28 gtw01 dnsmasq-dhcp[23082]: read /var/lib/neutron/dhcp/60d67a18-776b-42e6-bc12-ce3b013cc644/host
Jun 22 05:36:28 gtw01 dnsmasq-dhcp[23082]: read /var/lib/neutron/dhcp/60d67a18-776b-42e6-bc12-ce3b013cc644/opts
Jun 22 05:36:30 gtw01 dnsmasq-dhcp[23082]: DHCPRELEASE(tapc35d218e-2c) 192.168.120.6 fa:16:3e:ec:0e:a1
Jun 22 05:36:30 gtw01 dnsmasq-dhcp[23082]: DHCPRELEASE(tapc35d218e-2c) 192.168.120.6 fa:16:3e:ec:0e:a1 unknown lease
Jun 22 05:36:31 gtw01 dnsmasq[23082]: read /var/lib/neutron/dhcp/60d67a18-776b-42e6-bc12-ce3b013cc644/addn_hosts - 4 addresses
Jun 22 05:36:31 gtw01 dnsmasq-dhcp[23082]: read /var/lib/neutron/dhcp/60d67a18-776b-42e6-bc12-ce3b013cc644/host
Jun 22 05:36:31 gtw01 dnsmasq-dhcp[23082]: read /var/lib/neutron/dhcp/60d67a18-776b-42e6-bc12-ce3b013cc644/opts
Jun 22 05:36:32 gtw01 dnsmasq-dhcp[23082]: DHCPRELEASE(tapc35d218e-2c) 192.168.120.19 fa:16:3e:82:b9:6f
Jun 22 05:36:32 gtw01 dnsmasq-dhcp[23082]: DHCPRELEASE(tapc35d218e-2c) 192.168.120.19 fa:16:3e:82:b9:6f unknown lease
Jun 22 05:36:33 gtw01 dnsmasq[23082]: read /var/lib/neutron/dhcp/60d67a18-776b-42e6-bc12-ce3b013cc644/addn_hosts - 3 addresses
Jun 22 05:36:33 gtw01 dnsmasq-dhcp[23082]: read /var/lib/neutron/dhcp/60d67a18-776b-42e6-bc12-ce3b013cc644/host
Jun 22 05:36:33 gtw01 dnsmasq-dhcp[23082]: read /var/lib/neutron/dhcp/60d67a18-776b-42e6-bc12-ce3b013cc644/opts
Jun 22 05:36:33 gtw01 dnsmasq-dhcp[23082]: DHCPRELEASE(tapc35d218e-2c) 192.168.120.23 fa:16:3e:53:dc:51
Jun 22 05:36:33 gtw01 dnsmasq-dhcp[23082]: DHCPRELEASE(tapc35d218e-2c) 192.168.120.23 fa:16:3e:53:dc:51 unknown lease
Jun 22 05:36:34 gtw01 dnsmasq[23082]: read /var/lib/neutron/dhcp/60d67a18-776b-42e6-bc12-ce3b013cc644/addn_hosts - 2 addresses
Jun 22 05:36:34 gtw01 dnsmasq-dhcp[23082]: read /var/lib/neutron/dhcp/60d67a18-776b-42e6-bc12-ce3b013cc644/host
Jun 22 05:36:34 gtw01 dnsmasq-dhcp[23082]: read /var/lib/neutron/dhcp/60d67a18-776b-42e6-bc12-ce3b013cc644/opts
Jun 22 05:36:38 gtw01 dnsmasq[23082]: read /var/lib/neutron/dhcp/60d67a18-776b-42e6-bc12-ce3b013cc644/addn_hosts - 3 addresses
Jun 22 05:36:38 gtw01 dnsmasq-dhcp[23082]: read /var/lib/neutron/dhcp/60d67a18-776b-42e6-bc12-ce3b013cc644/host
Jun 22 05:36:38 gtw01 dnsmasq-dhcp[23082]: read /var/lib/neutron/dhcp/60d67a18-776b-42e6-bc12-ce3b013cc644/opts
Jun 22 05:36:39 gtw01 dnsmasq[23082]: read /var/lib/neutron/dhcp/60d67a18-776b-42e6-bc12-ce3b013cc644/addn_hosts - 3 addresses
Jun 22 05:36:39 gtw01 dnsmasq-dhcp[23082]: read /var/lib/neutron/dhcp/60d67a18-776b-42e6-bc12-ce3b013cc644/host
Jun 22 05:36:39 gtw01 dnsmasq-dhcp[23082]: read /var/lib/neutron/dhcp/60d67a18-776b-42e6-bc12-ce3b013cc644/opts
Jun 22 05:36:40 gtw01 dnsmasq[23082]: read /var/lib/neutron/dhcp/60d67a18-776b-42e6-bc12-ce3b013cc644/addn_hosts - 3 addresses
Jun 22 05:36:40 gtw01 dnsmasq-dhcp[23082]: read /var/lib/neutron/dhcp/60d67a18-776b-42e6-bc12-ce3b013cc644/host
Jun 22 05:36:40 gtw01 dnsmasq-dhcp[23082]: read /var/lib/neutron/dhcp/60d67a18-776b-42e6-bc12-ce3b013cc644/opts
Jun 22 05:36:44 gtw01 dnsmasq[23082]: read /var/lib/neutron/dhcp/60d67a18-776b-42e6-bc12-ce3b013cc644/addn_hosts - 4 addresses
Jun 22 05:36:44 gtw01 dnsmasq-dhcp[23082]: read /var/lib/neutron/dhcp/60d67a18-776b-42e6-bc12-ce3b013cc644/host
Jun 22 05:36:44 gtw01 dnsmasq-dhcp[23082]: read /var/lib/neutron/dhcp/60d67a18-776b-42e6-bc12-ce3b013cc644/opts
Jun 22 05:36:45 gtw01 dnsmasq[23082]: read /var/lib/neutron/dhcp/60d67a18-776b-42e6-bc12-ce3b013cc644/addn_hosts - 5 addresses
Jun 22 05:36:45 gtw01 dnsmasq-dhcp[23082]: read /var/lib/neutron/dhcp/60d67a18-776b-42e6-bc12-ce3b013cc644/host
Jun 22 05:36:45 gtw01 dnsmasq-dhcp[23082]: read /var/lib/neutron/dhcp/60d67a18-776b-42e6-bc12-ce3b013cc644/opts
Jun 22 05:36:46 gtw01 dnsmasq[23082]: read /var/lib/neutron/dhcp/60d67a18-776b-42e6-bc12-ce3b013cc644/addn_hosts - 6 addresses
Jun 22 05:36:46 gtw01 dnsmasq-dhcp[23082]: read /var/lib/neutron/dhcp/60d67a18-776b-42e6-bc12-ce3b013cc644/host
Jun 22 05:36:46 gtw01 dnsmasq-dhcp[23082]: read /var/lib/neutron/dhcp/60d67a18-776b-42e6-bc12-ce3b013cc644/opts
Jun 22 05:36:47 gtw01 dnsmasq[23082]: read /var/lib/neutron/dhcp/60d67a18-776b-42e6-bc12-ce3b013cc644/addn_hosts - 6 addresses
Jun 22 05:36:47 gtw01 dnsmasq-dhcp[23082]: read /var/lib/neutron/dhcp/60d67a18-776b-42e6-bc12-ce3b013cc644/host
Jun 22 05:36:47 gtw01 dnsmasq-dhcp[23082]: read /var/lib/neutron/dhcp/60d67a18-776b-42e6-bc12-ce3b013cc644/opts
Jun 22 05:36:48 gtw01 dnsmasq[23082]: read /var/lib/neutron/dhcp/60d67a18-776b-42e6-bc12-ce3b013cc644/addn_hosts - 6 addresses
Jun 22 05:36:48 gtw01 dnsmasq-dhcp[23082]: read /var/lib/neutron/dhcp/60d67a18-776b-42e6-bc12-ce3b013cc644/host
Jun 22 05:36:48 gtw01 dnsmasq-dhcp[23082]: read /var/lib/neutron/dhcp/60d67a18-776b-42e6-bc12-ce3b013cc644/opts
Jun 22 05:36:49 gtw01 dnsmasq[23082]: read /var/lib/neutron/dhcp/60d67a18-776b-42e6-bc12-ce3b013cc644/addn_hosts - 6 addresses
Jun 22 05:36:49 gtw01 dnsmasq-dhcp[23082]: read /var/lib/neutron/dhcp/60d67a18-776b-42e6-bc12-ce3b013cc644/host
Jun 22 05:36:49 gtw01 dnsmasq-dhcp[23082]: read /var/lib/neutron/dhcp/60d67a18-776b-42e6-bc12-ce3b013cc644/opts
Jun 22 05:36:50 gtw01 dnsmasq[23082]: read /var/lib/neutron/dhcp/60d67a18-776b-42e6-bc12-ce3b013cc644/addn_hosts - 6 addresses
Jun 22 05:36:50 gtw01 dnsmasq-dhcp[23082]: read /var/lib/neutron/dhcp/60d67a18-776b-42e6-bc12-ce3b013cc644/host
Jun 22 05:36:50 gtw01 dnsmasq-dhcp[23082]: read /var/lib/neutron/dhcp/60d67a18-776b-42e6-bc12-ce3b013cc644/opts
Jun 22 05:36:51 gtw01 dnsmasq[23082]: read /var/lib/neutron/dhcp/60d67a18-776b-42e6-bc12-ce3b013cc644/addn_hosts - 6 addresses
Jun 22 05:36:51 gtw01 dnsmasq-dhcp[23082]: read /var/lib/neutron/dhcp/60d67a18-776b-42e6-bc12-ce3b013cc644/host
Jun 22 05:36:51 gtw01 dnsmasq-dhcp[23082]: read /var/lib/neutron/dhcp/60d67a18-776b-42e6-bc12-ce3b013cc644/opts
Jun 22 05:36:52 gtw01 dnsmasq[23082]: read /var/lib/neutron/dhcp/60d67a18-776b-42e6-bc12-ce3b013cc644/addn_hosts - 6 addresses
Jun 22 05:36:52 gtw01 dnsmasq-dhcp[23082]: read /var/lib/neutron/dhcp/60d67a18-776b-42e6-bc12-ce3b013cc644/host
Jun 22 05:36:52 gtw01 dnsmasq-dhcp[23082]: read /var/lib/neutron/dhcp/60d67a18-776b-42e6-bc12-ce3b013cc644/opts
Jun 22 05:36:57 gtw01 dnsmasq-dhcp[23082]: DHCPDISCOVER(tapc35d218e-2c) fa:16:3e:96:0e:72
Jun 22 05:36:57 gtw01 dnsmasq-dhcp[23082]: DHCPOFFER(tapc35d218e-2c) 192.168.120.11 fa:16:3e:96:0e:72
Jun 22 05:36:57 gtw01 dnsmasq-dhcp[23082]: DHCPREQUEST(tapc35d218e-2c) 192.168.120.11 fa:16:3e:96:0e:72
Jun 22 05:36:57 gtw01 dnsmasq-dhcp[23082]: DHCPACK(tapc35d218e-2c) 192.168.120.11 fa:16:3e:96:0e:72 host-192-168-120-11
Jun 22 05:37:01 gtw01 dnsmasq-dhcp[23082]: DHCPDISCOVER(tapc35d218e-2c) fa:16:3e:f0:2d:d8
Jun 22 05:37:01 gtw01 dnsmasq-dhcp[23082]: DHCPOFFER(tapc35d218e-2c) 192.168.120.8 fa:16:3e:f0:2d:d8
Jun 22 05:37:01 gtw01 dnsmasq-dhcp[23082]: DHCPREQUEST(tapc35d218e-2c) 192.168.120.8 fa:16:3e:f0:2d:d8
Jun 22 05:37:01 gtw01 dnsmasq-dhcp[23082]: DHCPACK(tapc35d218e-2c) 192.168.120.8 fa:16:3e:f0:2d:d8 host-192-168-120-8
Jun 22 05:37:01 gtw01 dnsmasq-dhcp[23082]: DHCPRELEASE(tapc35d218e-2c) 192.168.120.11 fa:16:3e:96:0e:72
Jun 22 05:37:01 gtw01 dnsmasq-dhcp[23082]: DHCPRELEASE(tapc35d218e-2c) 192.168.120.11 fa:16:3e:96:0e:72 unknown lease
Jun 22 05:37:02 gtw01 dnsmasq[23082]: read /var/lib/neutron/dhcp/60d67a18-776b-42e6-bc12-ce3b013cc644/addn_hosts - 5 addresses
Jun 22 05:37:02 gtw01 dnsmasq-dhcp[23082]: read /var/lib/neutron/dhcp/60d67a18-776b-42e6-bc12-ce3b013cc644/host
Jun 22 05:37:02 gtw01 dnsmasq-dhcp[23082]: read /var/lib/neutron/dhcp/60d67a18-776b-42e6-bc12-ce3b013cc644/opts
Jun 22 05:37:03 gtw01 dnsmasq-dhcp[23082]: DHCPDISCOVER(tapc35d218e-2c) fa:16:3e:61:b1:c9
Jun 22 05:37:03 gtw01 dnsmasq-dhcp[23082]: DHCPOFFER(tapc35d218e-2c) 192.168.120.4 fa:16:3e:61:b1:c9
Jun 22 05:37:03 gtw01 dnsmasq-dhcp[23082]: DHCPREQUEST(tapc35d218e-2c) 192.168.120.4 fa:16:3e:61:b1:c9
Jun 22 05:37:03 gtw01 dnsmasq-dhcp[23082]: DHCPACK(tapc35d218e-2c) 192.168.120.4 fa:16:3e:61:b1:c9 host-192-168-120-4
Jun 22 05:37:03 gtw01 dnsmasq-dhcp[23082]: DHCPDISCOVER(tapc35d218e-2c) fa:16:3e:f2:2d:6c
Jun 22 05:37:03 gtw01 dnsmasq-dhcp[23082]: DHCPOFFER(tapc35d218e-2c) 192.168.120.5 fa:16:3e:f2:2d:6c
Jun 22 05:37:03 gtw01 dnsmasq-dhcp[23082]: DHCPREQUEST(tapc35d218e-2c) 192.168.120.5 fa:16:3e:f2:2d:6c
Jun 22 05:37:03 gtw01 dnsmasq-dhcp[23082]: DHCPACK(tapc35d218e-2c) 192.168.120.5 fa:16:3e:f2:2d:6c host-192-168-120-5
Jun 22 05:37:06 gtw01 dnsmasq-dhcp[23082]: DHCPRELEASE(tapc35d218e-2c) 192.168.120.8 fa:16:3e:f0:2d:d8
Jun 22 05:37:06 gtw01 dnsmasq-dhcp[23082]: DHCPRELEASE(tapc35d218e-2c) 192.168.120.8 fa:16:3e:f0:2d:d8 unknown lease
Jun 22 05:37:07 gtw01 dnsmasq[23082]: read /var/lib/neutron/dhcp/60d67a18-776b-42e6-bc12-ce3b013cc644/addn_hosts - 4 addresses
Jun 22 05:37:07 gtw01 dnsmasq-dhcp[23082]: read /var/lib/neutron/dhcp/60d67a18-776b-42e6-bc12-ce3b013cc644/host
Jun 22 05:37:07 gtw01 dnsmasq-dhcp[23082]: read /var/lib/neutron/dhcp/60d67a18-776b-42e6-bc12-ce3b013cc644/opts
Jun 22 05:37:08 gtw01 dnsmasq-dhcp[23082]: DHCPRELEASE(tapc35d218e-2c) 192.168.120.5 fa:16:3e:f2:2d:6c
Jun 22 05:37:08 gtw01 dnsmasq-dhcp[23082]: DHCPRELEASE(tapc35d218e-2c) 192.168.120.5 fa:16:3e:f2:2d:6c unknown lease
Jun 22 05:37:09 gtw01 dnsmasq[23082]: read /var/lib/neutron/dhcp/60d67a18-776b-42e6-bc12-ce3b013cc644/addn_hosts - 3 addresses
Jun 22 05:37:09 gtw01 dnsmasq-dhcp[23082]: read /var/lib/neutron/dhcp/60d67a18-776b-42e6-bc12-ce3b013cc644/host
Jun 22 05:37:09 gtw01 dnsmasq-dhcp[23082]: read /var/lib/neutron/dhcp/60d67a18-776b-42e6-bc12-ce3b013cc644/opts
Jun 22 05:37:10 gtw01 dnsmasq-dhcp[23082]: DHCPRELEASE(tapc35d218e-2c) 192.168.120.4 fa:16:3e:61:b1:c9
Jun 22 05:37:10 gtw01 dnsmasq-dhcp[23082]: DHCPRELEASE(tapc35d218e-2c) 192.168.120.4 fa:16:3e:61:b1:c9 unknown lease
Jun 22 05:37:11 gtw01 dnsmasq[23082]: read /var/lib/neutron/dhcp/60d67a18-776b-42e6-bc12-ce3b013cc644/addn_hosts - 2 addresses
Jun 22 05:37:11 gtw01 dnsmasq-dhcp[23082]: read /var/lib/neutron/dhcp/60d67a18-776b-42e6-bc12-ce3b013cc644/host
Jun 22 05:37:11 gtw01 dnsmasq-dhcp[23082]: read /var/lib/neutron/dhcp/60d67a18-776b-42e6-bc12-ce3b013cc644/opts
Jun 22 05:37:13 gtw01 dnsmasq[23082]: read /var/lib/neutron/dhcp/60d67a18-776b-42e6-bc12-ce3b013cc644/addn_hosts - 3 addresses
Jun 22 05:37:13 gtw01 dnsmasq-dhcp[23082]: read /var/lib/neutron/dhcp/60d67a18-776b-42e6-bc12-ce3b013cc644/host
Jun 22 05:37:13 gtw01 dnsmasq-dhcp[23082]: read /var/lib/neutron/dhcp/60d67a18-776b-42e6-bc12-ce3b013cc644/opts
Jun 22 05:37:14 gtw01 dnsmasq[23082]: read /var/lib/neutron/dhcp/60d67a18-776b-42e6-bc12-ce3b013cc644/addn_hosts - 3 addresses
Jun 22 05:37:14 gtw01 dnsmasq-dhcp[23082]: read /var/lib/neutron/dhcp/60d67a18-776b-42e6-bc12-ce3b013cc644/host
Jun 22 05:37:14 gtw01 dnsmasq-dhcp[23082]: read /var/lib/neutron/dhcp/60d67a18-776b-42e6-bc12-ce3b013cc644/opts
Jun 22 05:37:15 gtw01 dnsmasq[23082]: read /var/lib/neutron/dhcp/60d67a18-776b-42e6-bc12-ce3b013cc644/addn_hosts - 3 addresses
Jun 22 05:37:15 gtw01 dnsmasq-dhcp[23082]: read /var/lib/neutron/dhcp/60d67a18-776b-42e6-bc12-ce3b013cc644/host
Jun 22 05:37:15 gtw01 dnsmasq-dhcp[23082]: read /var/lib/neutron/dhcp/60d67a18-776b-42e6-bc12-ce3b013cc644/opts
Jun 22 05:37:17 gtw01 dnsmasq[23082]: read /var/lib/neutron/dhcp/60d67a18-776b-42e6-bc12-ce3b013cc644/addn_hosts - 4 addresses
Jun 22 05:37:17 gtw01 dnsmasq-dhcp[23082]: read /var/lib/neutron/dhcp/60d67a18-776b-42e6-bc12-ce3b013cc644/host
Jun 22 05:37:17 gtw01 dnsmasq-dhcp[23082]: read /var/lib/neutron/dhcp/60d67a18-776b-42e6-bc12-ce3b013cc644/opts
Jun 22 05:37:19 gtw01 dnsmasq[23082]: read /var/lib/neutron/dhcp/60d67a18-776b-42e6-bc12-ce3b013cc644/addn_hosts - 4 addresses
Jun 22 05:37:19 gtw01 dnsmasq-dhcp[23082]: read /var/lib/neutron/dhcp/60d67a18-776b-42e6-bc12-ce3b013cc644/host
Jun 22 05:37:19 gtw01 dnsmasq-dhcp[23082]: read /var/lib/neutron/dhcp/60d67a18-776b-42e6-bc12-ce3b013cc644/opts
Jun 22 05:37:20 gtw01 dnsmasq[23082]: read /var/lib/neutron/dhcp/60d67a18-776b-42e6-bc12-ce3b013cc644/addn_hosts - 4 addresses
Jun 22 05:37:20 gtw01 dnsmasq-dhcp[23082]: read /var/lib/neutron/dhcp/60d67a18-776b-42e6-bc12-ce3b013cc644/host
Jun 22 05:37:20 gtw01 dnsmasq-dhcp[23082]: read /var/lib/neutron/dhcp/60d67a18-776b-42e6-bc12-ce3b013cc644/opts
Jun 22 05:37:27 gtw01 dnsmasq-dhcp[23082]: DHCPDISCOVER(tapc35d218e-2c) fa:16:3e:a3:f9:40
Jun 22 05:37:27 gtw01 dnsmasq-dhcp[23082]: DHCPOFFER(tapc35d218e-2c) 192.168.120.7 fa:16:3e:a3:f9:40
Jun 22 05:37:27 gtw01 dnsmasq-dhcp[23082]: DHCPREQUEST(tapc35d218e-2c) 192.168.120.7 fa:16:3e:a3:f9:40
Jun 22 05:37:27 gtw01 dnsmasq-dhcp[23082]: DHCPACK(tapc35d218e-2c) 192.168.120.7 fa:16:3e:a3:f9:40 host-192-168-120-7
Jun 22 05:37:31 gtw01 dnsmasq-dhcp[23082]: DHCPRELEASE(tapc35d218e-2c) 192.168.120.7 fa:16:3e:a3:f9:40
Jun 22 05:37:31 gtw01 dnsmasq-dhcp[23082]: DHCPRELEASE(tapc35d218e-2c) 192.168.120.7 fa:16:3e:a3:f9:40 unknown lease
Jun 22 05:37:32 gtw01 dnsmasq[23082]: read /var/lib/neutron/dhcp/60d67a18-776b-42e6-bc12-ce3b013cc644/addn_hosts - 3 addresses
Jun 22 05:37:32 gtw01 dnsmasq-dhcp[23082]: read /var/lib/neutron/dhcp/60d67a18-776b-42e6-bc12-ce3b013cc644/host
Jun 22 05:37:32 gtw01 dnsmasq-dhcp[23082]: read /var/lib/neutron/dhcp/60d67a18-776b-42e6-bc12-ce3b013cc644/opts
Jun 22 05:37:33 gtw01 dnsmasq-dhcp[23082]: DHCPDISCOVER(tapc35d218e-2c) fa:16:3e:fb:19:eb
Jun 22 05:37:33 gtw01 dnsmasq-dhcp[23082]: DHCPOFFER(tapc35d218e-2c) 192.168.120.5 fa:16:3e:fb:19:eb
Jun 22 05:37:33 gtw01 dnsmasq-dhcp[23082]: DHCPREQUEST(tapc35d218e-2c) 192.168.120.5 fa:16:3e:fb:19:eb
Jun 22 05:37:33 gtw01 dnsmasq-dhcp[23082]: DHCPACK(tapc35d218e-2c) 192.168.120.5 fa:16:3e:fb:19:eb host-192-168-120-5
Jun 22 05:37:38 gtw01 dnsmasq-dhcp[23082]: DHCPRELEASE(tapc35d218e-2c) 192.168.120.5 fa:16:3e:fb:19:eb
Jun 22 05:37:38 gtw01 dnsmasq-dhcp[23082]: DHCPRELEASE(tapc35d218e-2c) 192.168.120.5 fa:16:3e:fb:19:eb unknown lease
Jun 22 05:37:39 gtw01 dnsmasq[23082]: read /var/lib/neutron/dhcp/60d67a18-776b-42e6-bc12-ce3b013cc644/addn_hosts - 2 addresses
Jun 22 05:37:39 gtw01 dnsmasq-dhcp[23082]: read /var/lib/neutron/dhcp/60d67a18-776b-42e6-bc12-ce3b013cc644/host
Jun 22 05:37:39 gtw01 dnsmasq-dhcp[23082]: read /var/lib/neutron/dhcp/60d67a18-776b-42e6-bc12-ce3b013cc644/opts
Jun 22 05:38:37 gtw01 salt-minion[5677]: [INFO    ] Running scheduled job: __mine_interval
Jun 22 05:51:40 gtw01 systemd-udevd[5057]: Could not generate persistent MAC address for tap81d0c048-0b: No such file or directory
Jun 22 05:51:40 gtw01 kernel: [11689.219043] device tap81d0c048-0b entered promiscuous mode
Jun 22 05:51:40 gtw01 systemd-udevd[5057]: Process '/sbin/ip link set tap81d0c048-0b txqueuelen 10000' failed with exit code 1.
Jun 22 05:51:40 gtw01 systemd-udevd[5107]: Process '/sbin/ip link set tap81d0c048-0b txqueuelen 10000' failed with exit code 1.
Jun 22 05:51:41 gtw01 kernel: [11690.270969] device tap928c9987-92 entered promiscuous mode
Jun 22 05:51:41 gtw01 systemd-udevd[5149]: Could not generate persistent MAC address for tap928c9987-92: No such file or directory
Jun 22 05:51:41 gtw01 systemd-udevd[5149]: Process '/sbin/ip link set tap928c9987-92 txqueuelen 10000' failed with exit code 1.
Jun 22 05:51:41 gtw01 systemd-udevd[5149]: Process '/sbin/ip link set tap928c9987-92 txqueuelen 10000' failed with exit code 1.
Jun 22 05:51:42 gtw01 kernel: [11691.368228] device tap1d99abb8-7c entered promiscuous mode
Jun 22 05:51:42 gtw01 systemd-udevd[5262]: Could not generate persistent MAC address for tap1d99abb8-7c: No such file or directory
Jun 22 05:51:42 gtw01 systemd-udevd[5262]: Process '/sbin/ip link set tap1d99abb8-7c txqueuelen 10000' failed with exit code 1.
Jun 22 05:51:42 gtw01 systemd-udevd[5262]: Process '/sbin/ip link set tap1d99abb8-7c txqueuelen 10000' failed with exit code 1.
Jun 22 05:51:43 gtw01 dnsmasq[5396]: started, version 2.80 cachesize 150
Jun 22 05:51:43 gtw01 dnsmasq[5396]: DNS service limited to local subnets
Jun 22 05:51:43 gtw01 dnsmasq[5396]: compile time options: IPv6 GNU-getopt DBus i18n IDN DHCP DHCPv6 no-Lua TFTP conntrack ipset auth DNSSEC loop-detect inotify dumpfile
Jun 22 05:51:43 gtw01 dnsmasq[5396]: warning: no upstream servers configured
Jun 22 05:51:43 gtw01 dnsmasq-dhcp[5396]: DHCP, static leases only on 10.2.0.0, lease time 1h
Jun 22 05:51:43 gtw01 dnsmasq[5396]: read /var/lib/neutron/dhcp/98ff6b9f-66c1-443d-a922-c2159be5ef10/addn_hosts - 1 addresses
Jun 22 05:51:43 gtw01 dnsmasq-dhcp[5396]: read /var/lib/neutron/dhcp/98ff6b9f-66c1-443d-a922-c2159be5ef10/host
Jun 22 05:51:43 gtw01 dnsmasq-dhcp[5396]: read /var/lib/neutron/dhcp/98ff6b9f-66c1-443d-a922-c2159be5ef10/opts
Jun 22 05:51:44 gtw01 haproxy-metadata-proxy-98ff6b9f-66c1-443d-a922-c2159be5ef10[5405]: Proxy listener started.
Jun 22 05:51:44 gtw01 dnsmasq[5396]: read /var/lib/neutron/dhcp/98ff6b9f-66c1-443d-a922-c2159be5ef10/addn_hosts - 1 addresses
Jun 22 05:51:44 gtw01 dnsmasq-dhcp[5396]: read /var/lib/neutron/dhcp/98ff6b9f-66c1-443d-a922-c2159be5ef10/host
Jun 22 05:51:44 gtw01 dnsmasq-dhcp[5396]: read /var/lib/neutron/dhcp/98ff6b9f-66c1-443d-a922-c2159be5ef10/opts
Jun 22 05:51:45 gtw01 dnsmasq[5470]: started, version 2.80 cachesize 150
Jun 22 05:51:45 gtw01 dnsmasq[5470]: DNS service limited to local subnets
Jun 22 05:51:45 gtw01 dnsmasq[5470]: compile time options: IPv6 GNU-getopt DBus i18n IDN DHCP DHCPv6 no-Lua TFTP conntrack ipset auth DNSSEC loop-detect inotify dumpfile
Jun 22 05:51:45 gtw01 dnsmasq[5470]: warning: no upstream servers configured
Jun 22 05:51:45 gtw01 dnsmasq-dhcp[5470]: DHCP, static leases only on 10.2.1.0, lease time 1h
Jun 22 05:51:45 gtw01 dnsmasq[5470]: read /var/lib/neutron/dhcp/7bdd7aa5-b195-46d1-a37e-cc3cdb697a5e/addn_hosts - 1 addresses
Jun 22 05:51:45 gtw01 dnsmasq-dhcp[5470]: read /var/lib/neutron/dhcp/7bdd7aa5-b195-46d1-a37e-cc3cdb697a5e/host
Jun 22 05:51:45 gtw01 dnsmasq-dhcp[5470]: read /var/lib/neutron/dhcp/7bdd7aa5-b195-46d1-a37e-cc3cdb697a5e/opts
Jun 22 05:51:45 gtw01 haproxy-metadata-proxy-7bdd7aa5-b195-46d1-a37e-cc3cdb697a5e[5482]: Proxy listener started.
Jun 22 05:51:45 gtw01 dnsmasq[5396]: read /var/lib/neutron/dhcp/98ff6b9f-66c1-443d-a922-c2159be5ef10/addn_hosts - 1 addresses
Jun 22 05:51:45 gtw01 dnsmasq-dhcp[5396]: read /var/lib/neutron/dhcp/98ff6b9f-66c1-443d-a922-c2159be5ef10/host
Jun 22 05:51:45 gtw01 dnsmasq-dhcp[5396]: read /var/lib/neutron/dhcp/98ff6b9f-66c1-443d-a922-c2159be5ef10/opts
Jun 22 05:51:46 gtw01 dnsmasq[5511]: started, version 2.80 cachesize 150
Jun 22 05:51:46 gtw01 dnsmasq[5511]: DNS service limited to local subnets
Jun 22 05:51:46 gtw01 dnsmasq[5511]: compile time options: IPv6 GNU-getopt DBus i18n IDN DHCP DHCPv6 no-Lua TFTP conntrack ipset auth DNSSEC loop-detect inotify dumpfile
Jun 22 05:51:46 gtw01 dnsmasq[5511]: warning: no upstream servers configured
Jun 22 05:51:46 gtw01 dnsmasq-dhcp[5511]: DHCP, static leases only on 10.2.2.0, lease time 1h
Jun 22 05:51:46 gtw01 dnsmasq[5511]: read /var/lib/neutron/dhcp/c854a5f7-ae0f-4ea4-8bd3-3676657b276c/addn_hosts - 1 addresses
Jun 22 05:51:46 gtw01 dnsmasq-dhcp[5511]: read /var/lib/neutron/dhcp/c854a5f7-ae0f-4ea4-8bd3-3676657b276c/host
Jun 22 05:51:46 gtw01 dnsmasq-dhcp[5511]: read /var/lib/neutron/dhcp/c854a5f7-ae0f-4ea4-8bd3-3676657b276c/opts
Jun 22 05:51:46 gtw01 haproxy-metadata-proxy-c854a5f7-ae0f-4ea4-8bd3-3676657b276c[5521]: Proxy listener started.
Jun 22 05:51:46 gtw01 dnsmasq[5470]: read /var/lib/neutron/dhcp/7bdd7aa5-b195-46d1-a37e-cc3cdb697a5e/addn_hosts - 6 addresses
Jun 22 05:51:46 gtw01 dnsmasq-dhcp[5470]: read /var/lib/neutron/dhcp/7bdd7aa5-b195-46d1-a37e-cc3cdb697a5e/host
Jun 22 05:51:46 gtw01 dnsmasq-dhcp[5470]: read /var/lib/neutron/dhcp/7bdd7aa5-b195-46d1-a37e-cc3cdb697a5e/opts
Jun 22 05:51:46 gtw01 dnsmasq[5396]: read /var/lib/neutron/dhcp/98ff6b9f-66c1-443d-a922-c2159be5ef10/addn_hosts - 1 addresses
Jun 22 05:51:46 gtw01 dnsmasq-dhcp[5396]: read /var/lib/neutron/dhcp/98ff6b9f-66c1-443d-a922-c2159be5ef10/host
Jun 22 05:51:46 gtw01 dnsmasq-dhcp[5396]: read /var/lib/neutron/dhcp/98ff6b9f-66c1-443d-a922-c2159be5ef10/opts
Jun 22 05:51:47 gtw01 dnsmasq[5511]: read /var/lib/neutron/dhcp/c854a5f7-ae0f-4ea4-8bd3-3676657b276c/addn_hosts - 2 addresses
Jun 22 05:51:47 gtw01 dnsmasq-dhcp[5511]: read /var/lib/neutron/dhcp/c854a5f7-ae0f-4ea4-8bd3-3676657b276c/host
Jun 22 05:51:47 gtw01 dnsmasq-dhcp[5511]: read /var/lib/neutron/dhcp/c854a5f7-ae0f-4ea4-8bd3-3676657b276c/opts
Jun 22 05:51:47 gtw01 dnsmasq[5470]: read /var/lib/neutron/dhcp/7bdd7aa5-b195-46d1-a37e-cc3cdb697a5e/addn_hosts - 6 addresses
Jun 22 05:51:47 gtw01 dnsmasq-dhcp[5470]: read /var/lib/neutron/dhcp/7bdd7aa5-b195-46d1-a37e-cc3cdb697a5e/host
Jun 22 05:51:47 gtw01 dnsmasq-dhcp[5470]: read /var/lib/neutron/dhcp/7bdd7aa5-b195-46d1-a37e-cc3cdb697a5e/opts
Jun 22 05:51:47 gtw01 dnsmasq[5396]: read /var/lib/neutron/dhcp/98ff6b9f-66c1-443d-a922-c2159be5ef10/addn_hosts - 2 addresses
Jun 22 05:51:47 gtw01 dnsmasq-dhcp[5396]: read /var/lib/neutron/dhcp/98ff6b9f-66c1-443d-a922-c2159be5ef10/host
Jun 22 05:51:47 gtw01 dnsmasq-dhcp[5396]: read /var/lib/neutron/dhcp/98ff6b9f-66c1-443d-a922-c2159be5ef10/opts
Jun 22 05:51:48 gtw01 dnsmasq[5511]: read /var/lib/neutron/dhcp/c854a5f7-ae0f-4ea4-8bd3-3676657b276c/addn_hosts - 2 addresses
Jun 22 05:51:48 gtw01 dnsmasq-dhcp[5511]: read /var/lib/neutron/dhcp/c854a5f7-ae0f-4ea4-8bd3-3676657b276c/host
Jun 22 05:51:48 gtw01 dnsmasq-dhcp[5511]: read /var/lib/neutron/dhcp/c854a5f7-ae0f-4ea4-8bd3-3676657b276c/opts
Jun 22 05:51:48 gtw01 dnsmasq[5470]: read /var/lib/neutron/dhcp/7bdd7aa5-b195-46d1-a37e-cc3cdb697a5e/addn_hosts - 6 addresses
Jun 22 05:51:48 gtw01 dnsmasq-dhcp[5470]: read /var/lib/neutron/dhcp/7bdd7aa5-b195-46d1-a37e-cc3cdb697a5e/host
Jun 22 05:51:48 gtw01 dnsmasq-dhcp[5470]: read /var/lib/neutron/dhcp/7bdd7aa5-b195-46d1-a37e-cc3cdb697a5e/opts
Jun 22 05:51:48 gtw01 dnsmasq[5396]: read /var/lib/neutron/dhcp/98ff6b9f-66c1-443d-a922-c2159be5ef10/addn_hosts - 3 addresses
Jun 22 05:51:48 gtw01 dnsmasq-dhcp[5396]: read /var/lib/neutron/dhcp/98ff6b9f-66c1-443d-a922-c2159be5ef10/host
Jun 22 05:51:48 gtw01 dnsmasq-dhcp[5396]: read /var/lib/neutron/dhcp/98ff6b9f-66c1-443d-a922-c2159be5ef10/opts
Jun 22 05:51:49 gtw01 dnsmasq[5511]: read /var/lib/neutron/dhcp/c854a5f7-ae0f-4ea4-8bd3-3676657b276c/addn_hosts - 2 addresses
Jun 22 05:51:49 gtw01 dnsmasq-dhcp[5511]: read /var/lib/neutron/dhcp/c854a5f7-ae0f-4ea4-8bd3-3676657b276c/host
Jun 22 05:51:49 gtw01 dnsmasq-dhcp[5511]: read /var/lib/neutron/dhcp/c854a5f7-ae0f-4ea4-8bd3-3676657b276c/opts
Jun 22 05:51:49 gtw01 dnsmasq[5470]: read /var/lib/neutron/dhcp/7bdd7aa5-b195-46d1-a37e-cc3cdb697a5e/addn_hosts - 6 addresses
Jun 22 05:51:49 gtw01 dnsmasq-dhcp[5470]: read /var/lib/neutron/dhcp/7bdd7aa5-b195-46d1-a37e-cc3cdb697a5e/host
Jun 22 05:51:49 gtw01 dnsmasq-dhcp[5470]: read /var/lib/neutron/dhcp/7bdd7aa5-b195-46d1-a37e-cc3cdb697a5e/opts
Jun 22 05:51:49 gtw01 dnsmasq[5396]: read /var/lib/neutron/dhcp/98ff6b9f-66c1-443d-a922-c2159be5ef10/addn_hosts - 4 addresses
Jun 22 05:51:49 gtw01 dnsmasq-dhcp[5396]: read /var/lib/neutron/dhcp/98ff6b9f-66c1-443d-a922-c2159be5ef10/host
Jun 22 05:51:49 gtw01 dnsmasq-dhcp[5396]: read /var/lib/neutron/dhcp/98ff6b9f-66c1-443d-a922-c2159be5ef10/opts
Jun 22 05:51:50 gtw01 dnsmasq[5511]: read /var/lib/neutron/dhcp/c854a5f7-ae0f-4ea4-8bd3-3676657b276c/addn_hosts - 3 addresses
Jun 22 05:51:50 gtw01 dnsmasq-dhcp[5511]: read /var/lib/neutron/dhcp/c854a5f7-ae0f-4ea4-8bd3-3676657b276c/host
Jun 22 05:51:50 gtw01 dnsmasq-dhcp[5511]: read /var/lib/neutron/dhcp/c854a5f7-ae0f-4ea4-8bd3-3676657b276c/opts
Jun 22 05:51:50 gtw01 dnsmasq[5470]: read /var/lib/neutron/dhcp/7bdd7aa5-b195-46d1-a37e-cc3cdb697a5e/addn_hosts - 6 addresses
Jun 22 05:51:50 gtw01 dnsmasq-dhcp[5470]: read /var/lib/neutron/dhcp/7bdd7aa5-b195-46d1-a37e-cc3cdb697a5e/host
Jun 22 05:51:50 gtw01 dnsmasq-dhcp[5470]: read /var/lib/neutron/dhcp/7bdd7aa5-b195-46d1-a37e-cc3cdb697a5e/opts
Jun 22 05:51:50 gtw01 dnsmasq[5396]: read /var/lib/neutron/dhcp/98ff6b9f-66c1-443d-a922-c2159be5ef10/addn_hosts - 4 addresses
Jun 22 05:51:50 gtw01 dnsmasq-dhcp[5396]: read /var/lib/neutron/dhcp/98ff6b9f-66c1-443d-a922-c2159be5ef10/host
Jun 22 05:51:50 gtw01 dnsmasq-dhcp[5396]: read /var/lib/neutron/dhcp/98ff6b9f-66c1-443d-a922-c2159be5ef10/opts
Jun 22 05:51:51 gtw01 dnsmasq[5511]: read /var/lib/neutron/dhcp/c854a5f7-ae0f-4ea4-8bd3-3676657b276c/addn_hosts - 3 addresses
Jun 22 05:51:51 gtw01 dnsmasq-dhcp[5511]: read /var/lib/neutron/dhcp/c854a5f7-ae0f-4ea4-8bd3-3676657b276c/host
Jun 22 05:51:51 gtw01 dnsmasq-dhcp[5511]: read /var/lib/neutron/dhcp/c854a5f7-ae0f-4ea4-8bd3-3676657b276c/opts
Jun 22 05:51:51 gtw01 dnsmasq[5470]: read /var/lib/neutron/dhcp/7bdd7aa5-b195-46d1-a37e-cc3cdb697a5e/addn_hosts - 6 addresses
Jun 22 05:51:51 gtw01 dnsmasq-dhcp[5470]: read /var/lib/neutron/dhcp/7bdd7aa5-b195-46d1-a37e-cc3cdb697a5e/host
Jun 22 05:51:51 gtw01 dnsmasq-dhcp[5470]: read /var/lib/neutron/dhcp/7bdd7aa5-b195-46d1-a37e-cc3cdb697a5e/opts
Jun 22 05:51:51 gtw01 dnsmasq[5396]: read /var/lib/neutron/dhcp/98ff6b9f-66c1-443d-a922-c2159be5ef10/addn_hosts - 4 addresses
Jun 22 05:51:51 gtw01 dnsmasq-dhcp[5396]: read /var/lib/neutron/dhcp/98ff6b9f-66c1-443d-a922-c2159be5ef10/host
Jun 22 05:51:51 gtw01 dnsmasq-dhcp[5396]: read /var/lib/neutron/dhcp/98ff6b9f-66c1-443d-a922-c2159be5ef10/opts
Jun 22 05:51:51 gtw01 dnsmasq[5511]: read /var/lib/neutron/dhcp/c854a5f7-ae0f-4ea4-8bd3-3676657b276c/addn_hosts - 3 addresses
Jun 22 05:51:51 gtw01 dnsmasq-dhcp[5511]: read /var/lib/neutron/dhcp/c854a5f7-ae0f-4ea4-8bd3-3676657b276c/host
Jun 22 05:51:51 gtw01 dnsmasq-dhcp[5511]: read /var/lib/neutron/dhcp/c854a5f7-ae0f-4ea4-8bd3-3676657b276c/opts
Jun 22 05:51:52 gtw01 dnsmasq[5470]: read /var/lib/neutron/dhcp/7bdd7aa5-b195-46d1-a37e-cc3cdb697a5e/addn_hosts - 6 addresses
Jun 22 05:51:52 gtw01 dnsmasq-dhcp[5470]: read /var/lib/neutron/dhcp/7bdd7aa5-b195-46d1-a37e-cc3cdb697a5e/host
Jun 22 05:51:52 gtw01 dnsmasq-dhcp[5470]: read /var/lib/neutron/dhcp/7bdd7aa5-b195-46d1-a37e-cc3cdb697a5e/opts
Jun 22 05:51:52 gtw01 dnsmasq[5396]: read /var/lib/neutron/dhcp/98ff6b9f-66c1-443d-a922-c2159be5ef10/addn_hosts - 4 addresses
Jun 22 05:51:52 gtw01 dnsmasq-dhcp[5396]: read /var/lib/neutron/dhcp/98ff6b9f-66c1-443d-a922-c2159be5ef10/host
Jun 22 05:51:52 gtw01 dnsmasq-dhcp[5396]: read /var/lib/neutron/dhcp/98ff6b9f-66c1-443d-a922-c2159be5ef10/opts
Jun 22 05:51:52 gtw01 dnsmasq[5511]: read /var/lib/neutron/dhcp/c854a5f7-ae0f-4ea4-8bd3-3676657b276c/addn_hosts - 3 addresses
Jun 22 05:51:52 gtw01 dnsmasq-dhcp[5511]: read /var/lib/neutron/dhcp/c854a5f7-ae0f-4ea4-8bd3-3676657b276c/host
Jun 22 05:51:52 gtw01 dnsmasq-dhcp[5511]: read /var/lib/neutron/dhcp/c854a5f7-ae0f-4ea4-8bd3-3676657b276c/opts
Jun 22 05:51:53 gtw01 dnsmasq[5470]: read /var/lib/neutron/dhcp/7bdd7aa5-b195-46d1-a37e-cc3cdb697a5e/addn_hosts - 6 addresses
Jun 22 05:51:53 gtw01 dnsmasq-dhcp[5470]: read /var/lib/neutron/dhcp/7bdd7aa5-b195-46d1-a37e-cc3cdb697a5e/host
Jun 22 05:51:53 gtw01 dnsmasq-dhcp[5470]: read /var/lib/neutron/dhcp/7bdd7aa5-b195-46d1-a37e-cc3cdb697a5e/opts
Jun 22 05:51:53 gtw01 dnsmasq[5470]: read /var/lib/neutron/dhcp/7bdd7aa5-b195-46d1-a37e-cc3cdb697a5e/addn_hosts - 6 addresses
Jun 22 05:51:53 gtw01 dnsmasq-dhcp[5470]: read /var/lib/neutron/dhcp/7bdd7aa5-b195-46d1-a37e-cc3cdb697a5e/host
Jun 22 05:51:53 gtw01 dnsmasq-dhcp[5470]: read /var/lib/neutron/dhcp/7bdd7aa5-b195-46d1-a37e-cc3cdb697a5e/opts
Jun 22 05:51:54 gtw01 dnsmasq[5470]: read /var/lib/neutron/dhcp/7bdd7aa5-b195-46d1-a37e-cc3cdb697a5e/addn_hosts - 6 addresses
Jun 22 05:51:54 gtw01 dnsmasq-dhcp[5470]: read /var/lib/neutron/dhcp/7bdd7aa5-b195-46d1-a37e-cc3cdb697a5e/host
Jun 22 05:51:54 gtw01 dnsmasq-dhcp[5470]: read /var/lib/neutron/dhcp/7bdd7aa5-b195-46d1-a37e-cc3cdb697a5e/opts
Jun 22 05:51:55 gtw01 dnsmasq[5470]: read /var/lib/neutron/dhcp/7bdd7aa5-b195-46d1-a37e-cc3cdb697a5e/addn_hosts - 6 addresses
Jun 22 05:51:55 gtw01 dnsmasq-dhcp[5470]: read /var/lib/neutron/dhcp/7bdd7aa5-b195-46d1-a37e-cc3cdb697a5e/host
Jun 22 05:51:55 gtw01 dnsmasq-dhcp[5470]: read /var/lib/neutron/dhcp/7bdd7aa5-b195-46d1-a37e-cc3cdb697a5e/opts
Jun 22 05:51:56 gtw01 dnsmasq[5470]: read /var/lib/neutron/dhcp/7bdd7aa5-b195-46d1-a37e-cc3cdb697a5e/addn_hosts - 6 addresses
Jun 22 05:51:56 gtw01 dnsmasq-dhcp[5470]: read /var/lib/neutron/dhcp/7bdd7aa5-b195-46d1-a37e-cc3cdb697a5e/host
Jun 22 05:51:56 gtw01 dnsmasq-dhcp[5470]: read /var/lib/neutron/dhcp/7bdd7aa5-b195-46d1-a37e-cc3cdb697a5e/opts
Jun 22 05:51:57 gtw01 dnsmasq[5470]: read /var/lib/neutron/dhcp/7bdd7aa5-b195-46d1-a37e-cc3cdb697a5e/addn_hosts - 6 addresses
Jun 22 05:51:57 gtw01 dnsmasq-dhcp[5470]: read /var/lib/neutron/dhcp/7bdd7aa5-b195-46d1-a37e-cc3cdb697a5e/host
Jun 22 05:51:57 gtw01 dnsmasq-dhcp[5470]: read /var/lib/neutron/dhcp/7bdd7aa5-b195-46d1-a37e-cc3cdb697a5e/opts
Jun 22 05:52:02 gtw01 dnsmasq[5470]: read /var/lib/neutron/dhcp/7bdd7aa5-b195-46d1-a37e-cc3cdb697a5e/addn_hosts - 5 addresses
Jun 22 05:52:02 gtw01 dnsmasq-dhcp[5470]: read /var/lib/neutron/dhcp/7bdd7aa5-b195-46d1-a37e-cc3cdb697a5e/host
Jun 22 05:52:02 gtw01 dnsmasq-dhcp[5470]: read /var/lib/neutron/dhcp/7bdd7aa5-b195-46d1-a37e-cc3cdb697a5e/opts
Jun 22 05:52:03 gtw01 dnsmasq[5396]: read /var/lib/neutron/dhcp/98ff6b9f-66c1-443d-a922-c2159be5ef10/addn_hosts - 3 addresses
Jun 22 05:52:03 gtw01 dnsmasq-dhcp[5396]: read /var/lib/neutron/dhcp/98ff6b9f-66c1-443d-a922-c2159be5ef10/host
Jun 22 05:52:03 gtw01 dnsmasq-dhcp[5396]: read /var/lib/neutron/dhcp/98ff6b9f-66c1-443d-a922-c2159be5ef10/opts
Jun 22 05:52:03 gtw01 dnsmasq[5470]: read /var/lib/neutron/dhcp/7bdd7aa5-b195-46d1-a37e-cc3cdb697a5e/addn_hosts - 4 addresses
Jun 22 05:52:03 gtw01 dnsmasq-dhcp[5470]: read /var/lib/neutron/dhcp/7bdd7aa5-b195-46d1-a37e-cc3cdb697a5e/host
Jun 22 05:52:03 gtw01 dnsmasq-dhcp[5470]: read /var/lib/neutron/dhcp/7bdd7aa5-b195-46d1-a37e-cc3cdb697a5e/opts
Jun 22 05:52:03 gtw01 dnsmasq[5511]: read /var/lib/neutron/dhcp/c854a5f7-ae0f-4ea4-8bd3-3676657b276c/addn_hosts - 2 addresses
